116.230.110.33 - - [08/Oct/2023:10:30:27 +0800] "GET /xingrg/all/function/internal_message.html?_=1696732084631&CODE_STATE=getMsg HTTP/1.1" 200 27
124.78.155.92 - - [08/Oct/2023:10:30:29 +0800] "GET /xingrg/all/function/internal_message.html?_=1696732230007&CODE_STATE=getMsg HTTP/1.1" 200 27
120.253.135.82 - - [08/Oct/2023:10:30:30 +0800] "POST /xingrg/kc/pszx/mdps_order_operate.html HTTP/1.1" 200 12
114.83.221.181 - - [08/Oct/2023:10:30:32 +0800] "GET /xingrg/kc/buy/cgsh_order_add.html HTTP/1.1" 200 71734
114.83.221.181 - - [08/Oct/2023:10:30:32 +0800] "POST /xingrg/kc/buy/cgsh_order_operate.html HTTP/1.1" 200 8245
114.83.221.181 - - [08/Oct/2023:10:30:32 +0800] "GET /xingrg/javascript/easyui/themes/default/validatebox.css HTTP/1.1" 404 1104
180.152.241.196 - - [08/Oct/2023:10:30:32 +0800] "GET /xingrg/kc/base/wldb_order_operate.html?command=get_materiel&rest_code=00102&base_code=0010476&code=00101019071 HTTP/1.1" 200 471
114.83.221.181 - - [08/Oct/2023:10:30:33 +0800] "GET /xingrg/all/function/internal_message.html?_=1696732234931&CODE_STATE=getMsg HTTP/1.1" 200 27
114.83.221.181 - - [08/Oct/2023:10:30:33 +0800] "GET /xingrg/check_reg.html?_=1696732235199 HTTP/1.1" 200 22
180.165.48.189 - - [08/Oct/2023:10:30:37 +0800] "GET /xingrg/all/function/internal_message.html?_=1696732237476&CODE_STATE=getMsg HTTP/1.1" 200 27
180.152.241.196 - - [08/Oct/2023:10:30:37 +0800] "GET /xingrg/kc/base/wldb_order_operate.html?command=get_materiel&rest_code=00102&base_code=0010476&code=00101019222 HTTP/1.1" 200 451
120.253.135.82 - - [08/Oct/2023:10:30:37 +0800] "GET /xingrg/kc/pszx/mdps_order_info.html?code=312023100700183 HTTP/1.1" 200 19638
120.253.135.82 - - [08/Oct/2023:10:30:38 +0800] "GET /xingrg/javascript/easyui/themes/default/validatebox.css HTTP/1.1" 404 1104
120.253.135.82 - - [08/Oct/2023:10:30:38 +0800] "POST /xingrg/kc/pszx/mdps_order_operate.html HTTP/1.1" 200 4524
124.78.69.58 - - [08/Oct/2023:10:30:39 +0800] "GET /xingrg/all/function/internal_message.html?_=1696731658115&CODE_STATE=getMsg HTTP/1.1" 200 27
120.253.135.82 - - [08/Oct/2023:10:30:41 +0800] "POST /xingrg/kc/pszx/mdps_list_operate.html HTTP/1.1" 200 2061
180.152.241.196 - - [08/Oct/2023:10:30:42 +0800] "GET /xingrg/kc/base/wldb_order_operate.html?command=get_materiel&rest_code=00102&base_code=0010476&code=00101019637 HTTP/1.1" 200 448
222.70.180.200 - - [08/Oct/2023:10:30:43 +0800] "GET /xingrg/all/function/internal_message.html?_=1696732241052&CODE_STATE=getMsg HTTP/1.1" 200 27
120.253.135.82 - - [08/Oct/2023:10:30:45 +0800] "POST /xingrg/kc/pszx/mdps_list_operate.html HTTP/1.1" 200 200
114.83.221.181 - - [08/Oct/2023:10:30:45 +0800] "GET /xingrg/kc/buy/cgsh_order_operate.html?command=get_materiel&rest_code=00154&code=00101006201&supplier_code=00100176&order_time=2023-10-08 HTTP/1.1" 200 405
101.228.187.155 - - [08/Oct/2023:10:30:46 +0800] "GET /xingrg/all/function/internal_message.html?_=1696732245615&CODE_STATE=getMsg HTTP/1.1" 200 27
120.253.135.82 - - [08/Oct/2023:10:30:46 +0800] "POST /xingrg/kc/pszx/mdps_list_operate.html HTTP/1.1" 200 218
120.253.135.82 - - [08/Oct/2023:10:30:48 +0800] "GET /xingrg/kc/pszx/mdps_order_info.html?code=312023100800202 HTTP/1.1" 200 23978
120.253.135.82 - - [08/Oct/2023:10:30:49 +0800] "GET /xingrg/javascript/easyui/themes/default/validatebox.css HTTP/1.1" 404 1104
120.253.135.82 - - [08/Oct/2023:10:30:49 +0800] "POST /xingrg/kc/pszx/mdps_order_operate.html HTTP/1.1" 200 2314
114.95.241.104 - - [08/Oct/2023:10:30:49 +0800] "GET /xingrg/all/function/internal_message.html?_=1696732249016&CODE_STATE=getMsg HTTP/1.1" 200 27
120.253.135.82 - - [08/Oct/2023:10:30:53 +0800] "POST /xingrg/kc/pszx/mdps_order_operate.html HTTP/1.1" 200 37
180.152.241.196 - - [08/Oct/2023:10:30:56 +0800] "POST /xingrg/kc/base/wldb_order_operate.html HTTP/1.1" 200 37
180.152.241.196 - - [08/Oct/2023:10:30:57 +0800] "GET /xingrg/kc/base/wldb_order_info.html?code=422023100800644 HTTP/1.1" 200 30467
180.152.241.196 - - [08/Oct/2023:10:30:57 +0800] "GET /xingrg/javascript/easyui/themes/default/validatebox.css HTTP/1.1" 404 1104
124.78.155.92 - - [08/Oct/2023:10:30:57 +0800] "POST /xingrg/dwr/call/plaincall/AjaxReportQueryService.refreshCache.dwr HTTP/1.1" 200 78
120.253.135.82 - - [08/Oct/2023:10:30:58 +0800] "POST /xingrg/kc/pszx/mdps_order_operate.html HTTP/1.1" 200 12
180.152.241.196 - - [08/Oct/2023:10:30:59 +0800] "POST /xingrg/kc/base/wldb_order_operate.html HTTP/1.1" 200 4161
180.152.241.196 - - [08/Oct/2023:10:30:59 +0800] "POST /xingrg/kc/base/wldb_order_operate.html HTTP/1.1" 200 4161
101.83.145.37 - - [08/Oct/2023:10:30:59 +0800] "GET /xingrg/kc/buy/cgsh_order_operate.html?command=get_materiel&rest_code=00105&code=00101009109&supplier_code=00100338&order_time=2023-10-08 HTTP/1.1" 200 413
124.78.155.92 - - [08/Oct/2023:10:30:59 +0800] "POST /xingrg/all/report/load_report_page.html HTTP/1.1" 200 89
180.152.241.196 - - [08/Oct/2023:10:31:01 +0800] "GET /xingrg/kc/base/wldb_order_add.html HTTP/1.1" 200 30453
120.253.135.82 - - [08/Oct/2023:10:31:01 +0800] "GET /xingrg/kc/pszx/mdps_order_info.html?code=312023100800202 HTTP/1.1" 200 19638
180.152.241.196 - - [08/Oct/2023:10:31:01 +0800] "POST /xingrg/kc/base/wldb_order_operate.html HTTP/1.1" 200 6806
180.152.241.196 - - [08/Oct/2023:10:31:01 +0800] "GET /xingrg/javascript/easyui/themes/default/validatebox.css HTTP/1.1" 404 1104
120.253.135.82 - - [08/Oct/2023:10:31:01 +0800] "GET /xingrg/javascript/easyui/themes/default/validatebox.css HTTP/1.1" 404 1104
120.253.135.82 - - [08/Oct/2023:10:31:02 +0800] "POST /xingrg/kc/pszx/mdps_order_operate.html HTTP/1.1" 200 535
180.152.241.196 - - [08/Oct/2023:10:31:02 +0800] "POST /xingrg/all/common/load_combo.html?type=base HTTP/1.1" 200 3321
114.83.221.181 - - [08/Oct/2023:10:31:02 +0800] "POST /xingrg/kc/buy/cgsh_order_operate.html HTTP/1.1" 200 37
120.253.135.82 - - [08/Oct/2023:10:31:03 +0800] "POST /xingrg/kc/pszx/mdps_list_operate.html HTTP/1.1" 200 1690
124.79.244.25 - - [08/Oct/2023:10:31:03 +0800] "GET /xingrg/all/function/internal_message.html?_=1696732565496&CODE_STATE=getMsg HTTP/1.1" 200 27
222.70.169.61 - - [08/Oct/2023:10:31:03 +0800] "GET /xingrg/all/function/internal_message.html?_=1696732289388&CODE_STATE=getMsg HTTP/1.1" 200 27
120.253.135.82 - - [08/Oct/2023:10:31:04 +0800] "POST /xingrg/kc/pszx/mdps_list_operate.html HTTP/1.1" 200 200
180.152.241.196 - - [08/Oct/2023:10:31:04 +0800] "POST /xingrg/all/common/load_combo.html?type=base HTTP/1.1" 200 3321
120.253.135.82 - - [08/Oct/2023:10:31:05 +0800] "GET /xingrg/kc/pszx/mdps_order_info.html?code=312023100800203 HTTP/1.1" 200 23978
180.152.241.196 - - [08/Oct/2023:10:31:05 +0800] "GET /xingrg/all/function/internal_message.html?_=1696732267034&CODE_STATE=getMsg HTTP/1.1" 200 27
120.253.135.82 - - [08/Oct/2023:10:31:06 +0800] "GET /xingrg/javascript/easyui/themes/default/validatebox.css HTTP/1.1" 404 1104
120.253.135.82 - - [08/Oct/2023:10:31:06 +0800] "POST /xingrg/kc/pszx/mdps_order_operate.html HTTP/1.1" 200 2281
222.70.107.161 - - [08/Oct/2023:10:31:07 +0800] "GET /xingrg/all/function/internal_message.html?_=1696732267894&CODE_STATE=getMsg HTTP/1.1" 200 27
180.169.147.146 - - [08/Oct/2023:10:31:08 +0800] "GET /xingrg/all/function/internal_message.html?_=1696732261843&CODE_STATE=getMsg HTTP/1.1" 200 27
120.253.135.82 - - [08/Oct/2023:10:31:09 +0800] "POST /xingrg/kc/pszx/mdps_order_operate.html HTTP/1.1" 200 37
114.83.221.181 - - [08/Oct/2023:10:31:10 +0800] "POST /xingrg/kc/buy/cgsh_order_operate.html HTTP/1.1" 200 12
180.152.241.196 - - [08/Oct/2023:10:31:11 +0800] "GET /xingrg/kc/base/wldb_order_operate.html?command=get_materiel&rest_code=00102&base_code=0010476&code=00101019295 HTTP/1.1" 200 474
114.83.221.181 - - [08/Oct/2023:10:31:13 +0800] "GET /xingrg/kc/buy/cgsh_order_info.html?code=212023100802484 HTTP/1.1" 200 66646
114.83.221.181 - - [08/Oct/2023:10:31:13 +0800] "GET /xingrg/javascript/easyui/themes/default/validatebox.css HTTP/1.1" 404 1104
120.253.135.82 - - [08/Oct/2023:10:31:14 +0800] "POST /xingrg/kc/pszx/mdps_order_operate.html HTTP/1.1" 200 12
114.83.221.181 - - [08/Oct/2023:10:31:14 +0800] "POST /xingrg/kc/buy/cgsh_order_operate.html HTTP/1.1" 200 600
114.83.221.181 - - [08/Oct/2023:10:31:17 +0800] "GET /xingrg/kc/print/load_data.html?order_code=212023100802484&kc_code=cgsh&condition= HTTP/1.1" 200 715
114.95.241.104 - - [08/Oct/2023:10:31:20 +0800] "GET /xingrg/all/function/internal_message.html?_=1696732278487&CODE_STATE=getMsg HTTP/1.1" 200 27
114.95.241.104 - - [08/Oct/2023:10:31:20 +0800] "GET /xingrg/all/function/internal_message.html?_=1696732278866&CODE_STATE=getMsg HTTP/1.1" 200 27
101.83.145.37 - - [08/Oct/2023:10:31:25 +0800] "GET /xingrg/all/function/internal_message.html?_=1696732287734&CODE_STATE=getMsg HTTP/1.1" 200 27
116.230.110.33 - - [08/Oct/2023:10:31:27 +0800] "GET /xingrg/all/function/internal_message.html?_=1696732144619&CODE_STATE=getMsg HTTP/1.1" 200 27
120.253.135.82 - - [08/Oct/2023:10:31:28 +0800] "GET /xingrg/kc/pszx/mdps_order_info.html?code=312023100800203 HTTP/1.1" 200 19638
120.253.135.82 - - [08/Oct/2023:10:31:29 +0800] "GET /xingrg/javascript/easyui/themes/default/validatebox.css HTTP/1.1" 404 1104
101.83.145.37 - - [08/Oct/2023:10:31:29 +0800] "GET /xingrg/kc/buy/cgsh_order_operate.html?command=get_materiel&rest_code=00105&code=00101009062&supplier_code=00100338&order_time=2023-10-08 HTTP/1.1" 200 412
120.253.135.82 - - [08/Oct/2023:10:31:29 +0800] "POST /xingrg/kc/pszx/mdps_order_operate.html HTTP/1.1" 200 499
124.78.155.92 - - [08/Oct/2023:10:31:29 +0800] "GET /xingrg/all/function/internal_message.html?_=1696732290012&CODE_STATE=getMsg HTTP/1.1" 200 27
180.152.241.196 - - [08/Oct/2023:10:31:31 +0800] "GET /xingrg/kc/base/wldb_order_operate.html?command=get_materiel&rest_code=00102&base_code=0010476&code=00101019438 HTTP/1.1" 200 460
120.253.135.82 - - [08/Oct/2023:10:31:32 +0800] "POST /xingrg/kc/pszx/mdps_list_operate.html HTTP/1.1" 200 868
124.78.69.58 - - [08/Oct/2023:10:31:33 +0800] "GET /xingrg/kc/buy/cgsh_order_add.html HTTP/1.1" 200 72530
114.83.221.181 - - [08/Oct/2023:10:31:33 +0800] "GET /xingrg/all/function/internal_message.html?_=1696732294918&CODE_STATE=getMsg HTTP/1.1" 200 27
124.78.69.58 - - [08/Oct/2023:10:31:33 +0800] "POST /xingrg/kc/buy/cgsh_order_operate.html HTTP/1.1" 200 8245
124.78.69.58 - - [08/Oct/2023:10:31:33 +0800] "GET /xingrg/javascript/easyui/themes/default/validatebox.css HTTP/1.1" 404 1104
180.165.48.189 - - [08/Oct/2023:10:31:37 +0800] "GET /xingrg/all/function/internal_message.html?_=1696732297476&CODE_STATE=getMsg HTTP/1.1" 200 27
124.78.155.92 - - [08/Oct/2023:10:31:38 +0800] "POST /xingrg/dwr/call/plaincall/AjaxReportQueryService.refreshCache.dwr HTTP/1.1" 200 78
124.78.69.58 - - [08/Oct/2023:10:31:39 +0800] "GET /xingrg/all/function/internal_message.html?_=1696731718138&CODE_STATE=getMsg HTTP/1.1" 200 27
124.78.155.92 - - [08/Oct/2023:10:31:40 +0800] "POST /xingrg/all/report/load_report_page.html HTTP/1.1" 200 8952
124.78.155.92 - - [08/Oct/2023:10:31:40 +0800] "GET /xingrg/servlets/image?cache=0.2605223148743554&image=px HTTP/1.1" 200 807
120.253.135.82 - - [08/Oct/2023:10:31:40 +0800] "POST /xingrg/kc/pszx/mdps_list_operate.html HTTP/1.1" 200 2805
124.78.155.92 - - [08/Oct/2023:10:31:43 +0800] "GET /xingrg/all/report/report_query.html?isQuery=1&fileName=kc/buy/wlcg_cate_hz.xml&queryString=(CONVERT(char(10)%252Ca.order_time%252C%2520120)%253E%253D'2023-09-01')%2520and%2520(CONVERT(char(10)%252Ca.order_time%252C%2520120)%253C%253D'2023-09-30')%2520and%2520(a.supplier_code%2520in%2520('00100348'))%2520and%2520(a.supplier_code%253D'00100348')&queryText=%25E3%2580%2590%25E9%2587%2587%25E8%25B4%25AD%25E6%2597%25A5%25E6%259C%259F%253A2023-09-01%2520%25E8%2587%25B3%25202023-09-30%25E3%2580%2591%2520%25E5%25B9%25B6%25E4%25B8%2594%2520%2520%25E3%2580%2590%25E4%25BE%259B%25E5%25BA%2594%25E5%2595%2586%2520%253D%2520%25E7%25BA%25A2%25E8%2586%258F%25E5%25A4%25A7%25E9%2597%25B8%25E8%259F%25B9%25EF%25BC%2588%25E8%25A3%25B4%25E6%25A0%2591%25E7%25A4%25BC%25EF%25BC%2589%25E3%2580%2591%2520%25E5%25B9%25B6%25E4%25B8%2594%2520%25E3%2580%2590%25E4%25BE%259B%25E5%25BA%2594%25E5%2595%2586%253D%25E7%25BA%25A2%25E8%2586%258F%25E5%25A4%25A7%25E9%2597%25B8%25E8%259F%25B9%25EF%25BC%2588%25E8%25A3%25B4%25E6%25A0%2591%25E7%25A4%25BC%25EF%25BC%2589%25E3%2580%2591 HTTP/1.1" 200 54489
222.70.180.200 - - [08/Oct/2023:10:31:43 +0800] "GET /xingrg/check_reg.html?_=1696732301064 HTTP/1.1" 200 22
222.70.180.200 - - [08/Oct/2023:10:31:43 +0800] "GET /xingrg/all/function/internal_message.html?_=1696732301056&CODE_STATE=getMsg HTTP/1.1" 200 27
124.78.155.92 - - [08/Oct/2023:10:31:43 +0800] "GET /xingrg/dwr/interface/AjaxReportQueryService.js HTTP/1.1" 200 13203
124.78.155.92 - - [08/Oct/2023:10:31:43 +0800] "GET /xingrg/dwr/engine.js HTTP/1.1" 200 43631
124.78.69.58 - - [08/Oct/2023:10:31:44 +0800] "GET /xingrg/kc/buy/cgsh_order_operate.html?command=get_materiel&rest_code=00141&code=00101007027&supplier_code=00100004&order_time=2023-10-08 HTTP/1.1" 200 427
120.253.135.82 - - [08/Oct/2023:10:31:44 +0800] "POST /xingrg/kc/pszx/mdps_list_operate.html HTTP/1.1" 200 365
124.78.155.92 - - [08/Oct/2023:10:31:45 +0800] "POST /xingrg/all/report/load_report_page.html HTTP/1.1" 200 10879
124.78.155.92 - - [08/Oct/2023:10:31:45 +0800] "GET /xingrg/servlets/image?cache=0.9395265877153276&image=px HTTP/1.1" 200 807
120.253.135.82 - - [08/Oct/2023:10:31:45 +0800] "GET /xingrg/kc/pszx/mdps_order_info.html?code=312023100700180 HTTP/1.1" 200 23978
120.253.135.82 - - [08/Oct/2023:10:31:46 +0800] "GET /xingrg/javascript/easyui/themes/default/validatebox.css HTTP/1.1" 404 1104
101.228.187.155 - - [08/Oct/2023:10:31:46 +0800] "GET /xingrg/all/function/internal_message.html?_=1696732305614&CODE_STATE=getMsg HTTP/1.1" 200 27
101.228.187.155 - - [08/Oct/2023:10:31:46 +0800] "GET /xingrg/check_reg.html?_=1696732305616 HTTP/1.1" 200 22
120.253.135.82 - - [08/Oct/2023:10:31:46 +0800] "POST /xingrg/kc/pszx/mdps_order_operate.html HTTP/1.1" 200 3277
180.152.241.196 - - [08/Oct/2023:10:31:48 +0800] "POST /xingrg/kc/base/wldb_order_operate.html HTTP/1.1" 200 37
222.70.180.200 - - [08/Oct/2023:10:31:48 +0800] "GET /xingrg/check_reg.html?_=1696732653982 HTTP/1.1" 302 -
180.152.241.196 - - [08/Oct/2023:10:31:48 +0800] "POST /xingrg/kc/base/wldb_order_operate.html HTTP/1.1" 200 2706
114.95.241.104 - - [08/Oct/2023:10:31:49 +0800] "GET /xingrg/all/function/internal_message.html?_=1696732309021&CODE_STATE=getMsg HTTP/1.1" 200 27
124.78.155.92 - - [08/Oct/2023:10:31:50 +0800] "POST /xingrg/all/report/load_report_page.html HTTP/1.1" 200 23194
124.78.155.92 - - [08/Oct/2023:10:31:50 +0800] "GET /xingrg/servlets/image?cache=0.8179333994571507&image=px HTTP/1.1" 200 807
120.253.135.82 - - [08/Oct/2023:10:31:51 +0800] "POST /xingrg/kc/pszx/mdps_order_operate.html HTTP/1.1" 200 37
180.152.241.196 - - [08/Oct/2023:10:31:55 +0800] "POST /xingrg/kc/base/wldb_order_operate.html HTTP/1.1" 200 12
180.152.241.196 - - [08/Oct/2023:10:31:56 +0800] "GET /xingrg/kc/base/wldb_order_info.html?code=422023100800645 HTTP/1.1" 200 26328
180.152.241.196 - - [08/Oct/2023:10:31:57 +0800] "GET /xingrg/javascript/easyui/themes/default/validatebox.css HTTP/1.1" 404 1104
180.152.241.196 - - [08/Oct/2023:10:31:57 +0800] "POST /xingrg/kc/base/wldb_order_operate.html HTTP/1.1" 200 990
120.253.135.82 - - [08/Oct/2023:10:31:59 +0800] "POST /xingrg/kc/pszx/mdps_order_operate.html HTTP/1.1" 200 12
120.253.135.82 - - [08/Oct/2023:10:32:01 +0800] "GET /xingrg/kc/pszx/mdps_order_info.html?code=312023100700180 HTTP/1.1" 200 19638
180.152.241.196 - - [08/Oct/2023:10:32:01 +0800] "POST /xingrg/kc/base/wldb_list_operate.html HTTP/1.1" 200 1765
120.253.135.82 - - [08/Oct/2023:10:32:01 +0800] "GET /xingrg/javascript/easyui/themes/default/validatebox.css HTTP/1.1" 404 1104
120.253.135.82 - - [08/Oct/2023:10:32:02 +0800] "POST /xingrg/kc/pszx/mdps_order_operate.html HTTP/1.1" 200 1492
124.78.69.58 - - [08/Oct/2023:10:32:02 +0800] "GET /xingrg/kc/buy/cgsh_order_operate.html?command=get_materiel&rest_code=00141&code=00101007181&supplier_code=00100004&order_time=2023-10-08 HTTP/1.1" 200 412
114.83.221.181 - - [08/Oct/2023:10:32:02 +0800] "GET /xingrg/kc/buy/cgsh_order_add.html HTTP/1.1" 200 71734
114.83.221.181 - - [08/Oct/2023:10:32:03 +0800] "POST /xingrg/kc/buy/cgsh_order_operate.html HTTP/1.1" 200 8245
124.79.244.25 - - [08/Oct/2023:10:32:03 +0800] "GET /xingrg/all/function/internal_message.html?_=1696732625489&CODE_STATE=getMsg HTTP/1.1" 200 27
114.83.221.181 - - [08/Oct/2023:10:32:03 +0800] "GET /xingrg/javascript/easyui/themes/default/validatebox.css HTTP/1.1" 404 1104
180.152.241.196 - - [08/Oct/2023:10:32:03 +0800] "POST /xingrg/kc/base/wldb_list_operate.html HTTP/1.1" 200 529
120.253.135.82 - - [08/Oct/2023:10:32:03 +0800] "POST /xingrg/kc/pszx/mdps_list_operate.html HTTP/1.1" 200 2434
222.70.169.61 - - [08/Oct/2023:10:32:03 +0800] "GET /xingrg/all/function/internal_message.html?_=1696732349401&CODE_STATE=getMsg HTTP/1.1" 200 27
180.152.241.196 - - [08/Oct/2023:10:32:04 +0800] "GET /xingrg/kc/base/wldb_order_info.html?code=422023100800644 HTTP/1.1" 200 30467
180.152.241.196 - - [08/Oct/2023:10:32:04 +0800] "GET /xingrg/javascript/easyui/themes/default/validatebox.css HTTP/1.1" 404 1104
180.152.241.196 - - [08/Oct/2023:10:32:05 +0800] "POST /xingrg/kc/base/wldb_order_operate.html HTTP/1.1" 200 4161
180.152.241.196 - - [08/Oct/2023:10:32:05 +0800] "GET /xingrg/all/function/internal_message.html?_=1696732327054&CODE_STATE=getMsg HTTP/1.1" 200 27
222.70.107.161 - - [08/Oct/2023:10:32:07 +0800] "GET /xingrg/all/function/internal_message.html?_=1696732327893&CODE_STATE=getMsg HTTP/1.1" 200 27
124.78.155.92 - - [08/Oct/2023:10:32:08 +0800] "POST /xingrg/all/report/report_print.html HTTP/1.1" 200 6144
180.169.147.146 - - [08/Oct/2023:10:32:08 +0800] "GET /xingrg/all/function/internal_message.html?_=1696732321842&CODE_STATE=getMsg HTTP/1.1" 200 27
180.152.241.196 - - [08/Oct/2023:10:32:11 +0800] "POST /xingrg/kc/base/wldb_order_operate.html HTTP/1.1" 200 37
120.253.135.82 - - [08/Oct/2023:10:32:12 +0800] "POST /xingrg/kc/pszx/mdps_list_operate.html HTTP/1.1" 200 443
120.253.135.82 - - [08/Oct/2023:10:32:13 +0800] "GET /xingrg/kc/pszx/mdps_order_info.html?code=312023100700179 HTTP/1.1" 200 23978
120.253.135.82 - - [08/Oct/2023:10:32:14 +0800] "GET /xingrg/javascript/easyui/themes/default/validatebox.css HTTP/1.1" 404 1104
120.253.135.82 - - [08/Oct/2023:10:32:14 +0800] "POST /xingrg/kc/pszx/mdps_order_operate.html HTTP/1.1" 200 3781
124.78.69.58 - - [08/Oct/2023:10:32:15 +0800] "POST /xingrg/kc/buy/cgsh_order_operate.html HTTP/1.1" 200 37
180.152.241.196 - - [08/Oct/2023:10:32:19 +0800] "POST /xingrg/kc/base/wldb_order_operate.html HTTP/1.1" 200 12
180.152.241.196 - - [08/Oct/2023:10:32:19 +0800] "POST /xingrg/kc/base/wldb_order_operate.html HTTP/1.1" 200 4161
120.253.135.82 - - [08/Oct/2023:10:32:19 +0800] "POST /xingrg/kc/pszx/mdps_order_operate.html HTTP/1.1" 200 37
114.95.241.104 - - [08/Oct/2023:10:32:20 +0800] "GET /xingrg/all/function/internal_message.html?_=1696732338475&CODE_STATE=getMsg HTTP/1.1" 200 27
114.95.241.104 - - [08/Oct/2023:10:32:20 +0800] "GET /xingrg/all/function/internal_message.html?_=1696732338881&CODE_STATE=getMsg HTTP/1.1" 200 27
180.152.241.196 - - [08/Oct/2023:10:32:21 +0800] "GET /xingrg/kc/base/wldb_order_info.html?code=422023100800644 HTTP/1.1" 200 26329
180.152.241.196 - - [08/Oct/2023:10:32:21 +0800] "GET /xingrg/javascript/easyui/themes/default/validatebox.css HTTP/1.1" 404 1104
180.152.241.196 - - [08/Oct/2023:10:32:22 +0800] "POST /xingrg/kc/base/wldb_order_operate.html HTTP/1.1" 200 2412
120.253.135.82 - - [08/Oct/2023:10:32:24 +0800] "POST /xingrg/kc/pszx/mdps_order_operate.html HTTP/1.1" 200 12
101.83.145.37 - - [08/Oct/2023:10:32:25 +0800] "GET /xingrg/all/function/internal_message.html?_=1696732347719&CODE_STATE=getMsg HTTP/1.1" 200 27
101.83.145.37 - - [08/Oct/2023:10:32:25 +0800] "GET /xingrg/check_reg.html?_=1696732347723 HTTP/1.1" 200 22
116.230.110.33 - - [08/Oct/2023:10:32:27 +0800] "GET /xingrg/all/function/internal_message.html?_=1696732204604&CODE_STATE=getMsg HTTP/1.1" 200 27
120.253.135.82 - - [08/Oct/2023:10:32:29 +0800] "GET /xingrg/kc/pszx/mdps_order_info.html?code=312023100700179 HTTP/1.1" 200 19638
124.78.155.92 - - [08/Oct/2023:10:32:29 +0800] "GET /xingrg/all/function/internal_message.html?_=1696732350010&CODE_STATE=getMsg HTTP/1.1" 200 27
120.253.135.82 - - [08/Oct/2023:10:32:30 +0800] "GET /xingrg/javascript/easyui/themes/default/validatebox.css HTTP/1.1" 404 1104
120.253.135.82 - - [08/Oct/2023:10:32:30 +0800] "POST /xingrg/kc/pszx/mdps_order_operate.html HTTP/1.1" 200 1990
120.253.135.82 - - [08/Oct/2023:10:32:31 +0800] "POST /xingrg/kc/pszx/mdps_list_operate.html HTTP/1.1" 200 2063
114.83.221.181 - - [08/Oct/2023:10:32:32 +0800] "POST /xingrg/kc/buy/cgsh_order_operate.html HTTP/1.1" 200 37
124.78.69.58 - - [08/Oct/2023:10:32:32 +0800] "POST /xingrg/kc/buy/cgsh_order_operate.html HTTP/1.1" 200 12
101.83.145.37 - - [08/Oct/2023:10:32:34 +0800] "GET /xingrg/kc/buy/cgsh_order_operate.html?command=get_materiel&rest_code=00105&code=00101019383&supplier_code=00100338&order_time=2023-10-08 HTTP/1.1" 200 458
124.78.69.58 - - [08/Oct/2023:10:32:34 +0800] "GET /xingrg/kc/buy/cgsh_order_info.html?code=212023100802485 HTTP/1.1" 200 67439
120.253.135.82 - - [08/Oct/2023:10:32:34 +0800] "POST /xingrg/kc/pszx/mdps_list_operate.html HTTP/1.1" 200 474
124.78.69.58 - - [08/Oct/2023:10:32:34 +0800] "GET /xingrg/javascript/easyui/themes/default/validatebox.css HTTP/1.1" 404 1104
124.78.69.58 - - [08/Oct/2023:10:32:35 +0800] "POST /xingrg/kc/buy/cgsh_order_operate.html HTTP/1.1" 200 1214
120.253.135.82 - - [08/Oct/2023:10:32:36 +0800] "GET /xingrg/kc/pszx/mdps_order_info.html?code=312023100800200 HTTP/1.1" 200 23978
120.253.135.82 - - [08/Oct/2023:10:32:36 +0800] "GET /xingrg/javascript/easyui/themes/default/validatebox.css HTTP/1.1" 404 1104
120.253.135.82 - - [08/Oct/2023:10:32:37 +0800] "POST /xingrg/kc/pszx/mdps_order_operate.html HTTP/1.1" 200 3826
180.165.48.189 - - [08/Oct/2023:10:32:37 +0800] "GET /xingrg/all/function/internal_message.html?_=1696732357449&CODE_STATE=getMsg HTTP/1.1" 200 27
124.78.69.58 - - [08/Oct/2023:10:32:37 +0800] "GET /xingrg/kc/print/load_data.html?order_code=212023100802485&kc_code=cgsh&condition= HTTP/1.1" 200 1006
124.78.69.58 - - [08/Oct/2023:10:32:39 +0800] "GET /xingrg/all/function/internal_message.html?_=1696731778146&CODE_STATE=getMsg HTTP/1.1" 200 27
120.253.135.82 - - [08/Oct/2023:10:32:41 +0800] "POST /xingrg/kc/pszx/mdps_order_operate.html HTTP/1.1" 200 37
222.70.180.200 - - [08/Oct/2023:10:32:43 +0800] "GET /xingrg/all/function/internal_message.html?_=1696732361048&CODE_STATE=getMsg HTTP/1.1" 200 27
120.253.135.82 - - [08/Oct/2023:10:32:46 +0800] "POST /xingrg/kc/pszx/mdps_order_operate.html HTTP/1.1" 200 12
101.228.187.155 - - [08/Oct/2023:10:32:46 +0800] "GET /xingrg/all/function/internal_message.html?_=1696732365615&CODE_STATE=getMsg HTTP/1.1" 200 27
120.253.135.82 - - [08/Oct/2023:10:32:47 +0800] "GET /xingrg/kc/pszx/mdps_order_info.html?code=312023100800200 HTTP/1.1" 200 19638
120.253.135.82 - - [08/Oct/2023:10:32:48 +0800] "GET /xingrg/javascript/easyui/themes/default/validatebox.css HTTP/1.1" 404 1104
120.253.135.82 - - [08/Oct/2023:10:32:48 +0800] "POST /xingrg/kc/pszx/mdps_order_operate.html HTTP/1.1" 200 2039
114.95.241.104 - - [08/Oct/2023:10:32:49 +0800] "GET /xingrg/all/function/internal_message.html?_=1696732369022&CODE_STATE=getMsg HTTP/1.1" 200 27
101.83.145.37 - - [08/Oct/2023:10:32:52 +0800] "POST /xingrg/kc/buy/cgsh_order_operate.html HTTP/1.1" 200 37
101.83.145.37 - - [08/Oct/2023:10:32:54 +0800] "POST /xingrg/kc/buy/cgsh_order_operate.html HTTP/1.1" 200 2689
120.253.135.82 - - [08/Oct/2023:10:32:56 +0800] "POST /xingrg/kc/pszx/mdps_list_operate.html HTTP/1.1" 200 1690
114.83.221.181 - - [08/Oct/2023:10:32:56 +0800] "POST /xingrg/kc/buy/cgsh_order_operate.html HTTP/1.1" 200 12
101.83.145.37 - - [08/Oct/2023:10:32:56 +0800] "GET /xingrg/kc/print/load_data.html?order_code=212023100802487&kc_code=cgsh&condition= HTTP/1.1" 200 706
120.253.135.82 - - [08/Oct/2023:10:32:57 +0800] "POST /xingrg/kc/pszx/mdps_list_operate.html HTTP/1.1" 200 208
120.253.135.82 - - [08/Oct/2023:10:32:58 +0800] "GET /xingrg/kc/pszx/mdps_order_info.html?code=312023100700181 HTTP/1.1" 200 23978
120.253.135.82 - - [08/Oct/2023:10:32:59 +0800] "GET /xingrg/javascript/easyui/themes/default/validatebox.css HTTP/1.1" 404 1104
120.253.135.82 - - [08/Oct/2023:10:32:59 +0800] "POST /xingrg/kc/pszx/mdps_order_operate.html HTTP/1.1" 200 2292
114.83.221.181 - - [08/Oct/2023:10:33:02 +0800] "GET /xingrg/kc/buy/cgsh_order_info.html?code=212023100802486 HTTP/1.1" 200 66646
114.83.221.181 - - [08/Oct/2023:10:33:02 +0800] "GET /xingrg/javascript/easyui/themes/default/validatebox.css HTTP/1.1" 404 1104
222.70.169.61 - - [08/Oct/2023:10:33:03 +0800] "GET /xingrg/check_reg.html?_=1696732408731 HTTP/1.1" 200 22
124.79.244.25 - - [08/Oct/2023:10:33:03 +0800] "GET /xingrg/all/function/internal_message.html?_=1696732685481&CODE_STATE=getMsg HTTP/1.1" 200 27
222.70.169.61 - - [08/Oct/2023:10:33:03 +0800] "GET /xingrg/all/function/internal_message.html?_=1696732409416&CODE_STATE=getMsg HTTP/1.1" 200 27
114.83.221.181 - - [08/Oct/2023:10:33:03 +0800] "POST /xingrg/kc/buy/cgsh_order_operate.html HTTP/1.1" 200 600
120.253.135.82 - - [08/Oct/2023:10:33:04 +0800] "POST /xingrg/kc/pszx/mdps_order_operate.html HTTP/1.1" 200 37
180.152.241.196 - - [08/Oct/2023:10:33:05 +0800] "GET /xingrg/all/function/internal_message.html?_=1696732387052&CODE_STATE=getMsg HTTP/1.1" 200 27
114.83.221.181 - - [08/Oct/2023:10:33:06 +0800] "GET /xingrg/kc/print/load_data.html?order_code=212023100802486&kc_code=cgsh&condition= HTTP/1.1" 200 715
222.70.107.161 - - [08/Oct/2023:10:33:07 +0800] "GET /xingrg/all/function/internal_message.html?_=1696732387895&CODE_STATE=getMsg HTTP/1.1" 200 27
180.169.147.146 - - [08/Oct/2023:10:33:08 +0800] "GET /xingrg/all/function/internal_message.html?_=1696732381840&CODE_STATE=getMsg HTTP/1.1" 200 27
120.253.135.82 - - [08/Oct/2023:10:33:10 +0800] "POST /xingrg/kc/pszx/mdps_order_operate.html HTTP/1.1" 200 12
114.95.241.104 - - [08/Oct/2023:10:33:20 +0800] "GET /xingrg/all/function/internal_message.html?_=1696732398463&CODE_STATE=getMsg HTTP/1.1" 200 27
114.95.241.104 - - [08/Oct/2023:10:33:20 +0800] "GET /xingrg/check_reg.html?_=1696732398466 HTTP/1.1" 200 22
114.95.241.104 - - [08/Oct/2023:10:33:20 +0800] "GET /xingrg/check_reg.html?_=1696732398871 HTTP/1.1" 200 22
114.95.241.104 - - [08/Oct/2023:10:33:20 +0800] "GET /xingrg/all/function/internal_message.html?_=1696732398875&CODE_STATE=getMsg HTTP/1.1" 200 27
120.253.135.82 - - [08/Oct/2023:10:33:25 +0800] "GET /xingrg/kc/pszx/mdps_order_info.html?code=312023100700181 HTTP/1.1" 200 19638
101.83.145.37 - - [08/Oct/2023:10:33:25 +0800] "GET /xingrg/all/function/internal_message.html?_=1696732407733&CODE_STATE=getMsg HTTP/1.1" 200 27
120.253.135.82 - - [08/Oct/2023:10:33:26 +0800] "GET /xingrg/javascript/easyui/themes/default/validatebox.css HTTP/1.1" 404 1104
120.253.135.82 - - [08/Oct/2023:10:33:26 +0800] "POST /xingrg/kc/pszx/mdps_order_operate.html HTTP/1.1" 200 513
120.253.135.82 - - [08/Oct/2023:10:33:27 +0800] "POST /xingrg/kc/pszx/mdps_list_operate.html HTTP/1.1" 200 868
116.230.110.33 - - [08/Oct/2023:10:33:27 +0800] "GET /xingrg/all/function/internal_message.html?_=1696732264578&CODE_STATE=getMsg HTTP/1.1" 200 27
124.78.155.92 - - [08/Oct/2023:10:33:29 +0800] "GET /xingrg/all/function/internal_message.html?_=1696732410011&CODE_STATE=getMsg HTTP/1.1" 200 27
114.83.221.181 - - [08/Oct/2023:10:33:33 +0800] "GET /xingrg/all/function/internal_message.html?_=1696732414924&CODE_STATE=getMsg HTTP/1.1" 200 27
120.253.135.82 - - [08/Oct/2023:10:33:37 +0800] "POST /xingrg/kc/pszx/mdps_list_operate.html HTTP/1.1" 200 4291
180.165.48.189 - - [08/Oct/2023:10:33:37 +0800] "GET /xingrg/all/function/internal_message.html?_=1696732417439&CODE_STATE=getMsg HTTP/1.1" 200 27
180.165.48.189 - - [08/Oct/2023:10:33:38 +0800] "GET /xingrg/check_reg.html?_=1696732418652 HTTP/1.1" 200 22
124.78.69.58 - - [08/Oct/2023:10:33:39 +0800] "GET /xingrg/all/function/internal_message.html?_=1696731838137&CODE_STATE=getMsg HTTP/1.1" 200 27
114.83.221.181 - - [08/Oct/2023:10:33:41 +0800] "GET /xingrg/kc/buy/cgsh_order_add.html HTTP/1.1" 200 71734
101.83.145.37 - - [08/Oct/2023:10:33:41 +0800] "GET /xingrg/kc/buy/cgsh_order_add.html HTTP/1.1" 200 72612
114.83.221.181 - - [08/Oct/2023:10:33:42 +0800] "POST /xingrg/kc/buy/cgsh_order_operate.html HTTP/1.1" 200 8245
114.83.221.181 - - [08/Oct/2023:10:33:42 +0800] "GET /xingrg/javascript/easyui/themes/default/validatebox.css HTTP/1.1" 404 1104
101.83.145.37 - - [08/Oct/2023:10:33:42 +0800] "GET /xingrg/javascript/easyui/themes/default/validatebox.css HTTP/1.1" 404 1104
101.83.145.37 - - [08/Oct/2023:10:33:42 +0800] "POST /xingrg/kc/buy/cgsh_order_operate.html HTTP/1.1" 200 8245
222.70.180.200 - - [08/Oct/2023:10:33:43 +0800] "GET /xingrg/all/function/internal_message.html?_=1696732421053&CODE_STATE=getMsg HTTP/1.1" 200 27
101.228.187.155 - - [08/Oct/2023:10:33:46 +0800] "GET /xingrg/all/function/internal_message.html?_=1696732425614&CODE_STATE=getMsg HTTP/1.1" 200 27
114.95.241.104 - - [08/Oct/2023:10:33:49 +0800] "GET /xingrg/all/function/internal_message.html?_=1696732429031&CODE_STATE=getMsg HTTP/1.1" 200 27
120.253.135.82 - - [08/Oct/2023:10:33:57 +0800] "POST /xingrg/kc/pszx/mdps_list_operate.html HTTP/1.1" 200 617
101.83.145.37 - - [08/Oct/2023:10:33:58 +0800] "GET /xingrg/kc/buy/cgsh_order_operate.html?command=get_materiel&rest_code=00105&code=00101009109&supplier_code=00100024&order_time=2023-10-08 HTTP/1.1" 200 413
120.253.135.82 - - [08/Oct/2023:10:33:58 +0800] "GET /xingrg/kc/pszx/mdps_order_info.html?code=312023100600174 HTTP/1.1" 200 23978
120.253.135.82 - - [08/Oct/2023:10:33:59 +0800] "GET /xingrg/javascript/easyui/themes/default/validatebox.css HTTP/1.1" 404 1104
120.253.135.82 - - [08/Oct/2023:10:34:00 +0800] "POST /xingrg/kc/pszx/mdps_order_operate.html HTTP/1.1" 200 11540
124.79.244.25 - - [08/Oct/2023:10:34:03 +0800] "GET /xingrg/all/function/internal_message.html?_=1696732745496&CODE_STATE=getMsg HTTP/1.1" 200 27
222.70.169.61 - - [08/Oct/2023:10:34:03 +0800] "GET /xingrg/all/function/internal_message.html?_=1696732469428&CODE_STATE=getMsg HTTP/1.1" 200 27
180.152.241.196 - - [08/Oct/2023:10:34:05 +0800] "GET /xingrg/all/function/internal_message.html?_=1696732447044&CODE_STATE=getMsg HTTP/1.1" 200 27
114.83.221.181 - - [08/Oct/2023:10:34:06 +0800] "POST /xingrg/kc/buy/cgsh_order_operate.html HTTP/1.1" 200 37
222.70.107.161 - - [08/Oct/2023:10:34:07 +0800] "GET /xingrg/all/function/internal_message.html?_=1696732447898&CODE_STATE=getMsg HTTP/1.1" 200 27
222.70.107.161 - - [08/Oct/2023:10:34:07 +0800] "GET /xingrg/check_reg.html?_=1696732447899 HTTP/1.1" 200 22
180.169.147.146 - - [08/Oct/2023:10:34:08 +0800] "GET /xingrg/all/function/internal_message.html?_=1696732441839&CODE_STATE=getMsg HTTP/1.1" 200 27
101.83.145.37 - - [08/Oct/2023:10:34:09 +0800] "GET /xingrg/kc/buy/cgsh_order_operate.html?command=get_materiel&rest_code=00105&code=00101009062&supplier_code=00100024&order_time=2023-10-08 HTTP/1.1" 200 412
114.83.221.181 - - [08/Oct/2023:10:34:13 +0800] "POST /xingrg/kc/buy/cgsh_order_operate.html HTTP/1.1" 200 12
114.83.221.181 - - [08/Oct/2023:10:34:16 +0800] "GET /xingrg/kc/buy/cgsh_order_info.html?code=212023100802488 HTTP/1.1" 200 66646
114.83.221.181 - - [08/Oct/2023:10:34:16 +0800] "GET /xingrg/javascript/easyui/themes/default/validatebox.css HTTP/1.1" 404 1104
114.83.221.181 - - [08/Oct/2023:10:34:17 +0800] "POST /xingrg/kc/buy/cgsh_order_operate.html HTTP/1.1" 200 600
114.83.221.181 - - [08/Oct/2023:10:34:19 +0800] "GET /xingrg/kc/print/load_data.html?order_code=212023100802488&kc_code=cgsh&condition= HTTP/1.1" 200 715
114.95.241.104 - - [08/Oct/2023:10:34:20 +0800] "GET /xingrg/all/function/internal_message.html?_=1696732458472&CODE_STATE=getMsg HTTP/1.1" 200 27
114.95.241.104 - - [08/Oct/2023:10:34:20 +0800] "GET /xingrg/all/function/internal_message.html?_=1696732458866&CODE_STATE=getMsg HTTP/1.1" 200 27
101.83.145.37 - - [08/Oct/2023:10:34:25 +0800] "GET /xingrg/all/function/internal_message.html?_=1696732467732&CODE_STATE=getMsg HTTP/1.1" 200 27
116.230.110.33 - - [08/Oct/2023:10:34:27 +0800] "GET /xingrg/all/function/internal_message.html?_=1696732324561&CODE_STATE=getMsg HTTP/1.1" 200 27
120.253.135.82 - - [08/Oct/2023:10:34:28 +0800] "POST /xingrg/kc/pszx/mdps_order_operate.html HTTP/1.1" 200 37
124.78.155.92 - - [08/Oct/2023:10:34:29 +0800] "GET /xingrg/all/function/internal_message.html?_=1696732470012&CODE_STATE=getMsg HTTP/1.1" 200 27
124.78.155.92 - - [08/Oct/2023:10:34:29 +0800] "GET /xingrg/check_reg.html?_=1696732470015 HTTP/1.1" 200 22
114.83.221.181 - - [08/Oct/2023:10:34:33 +0800] "GET /xingrg/all/function/internal_message.html?_=1696732474914&CODE_STATE=getMsg HTTP/1.1" 200 27
120.253.135.82 - - [08/Oct/2023:10:34:33 +0800] "POST /xingrg/kc/pszx/mdps_order_operate.html HTTP/1.1" 200 12
101.83.145.37 - - [08/Oct/2023:10:34:34 +0800] "POST /xingrg/kc/buy/cgsh_order_operate.html HTTP/1.1" 200 37
101.83.145.37 - - [08/Oct/2023:10:34:36 +0800] "POST /xingrg/kc/buy/cgsh_order_operate.html HTTP/1.1" 200 3841
180.165.48.189 - - [08/Oct/2023:10:34:37 +0800] "GET /xingrg/all/function/internal_message.html?_=1696732477419&CODE_STATE=getMsg HTTP/1.1" 200 27
101.83.145.37 - - [08/Oct/2023:10:34:38 +0800] "GET /xingrg/kc/print/load_data.html?order_code=212023100802489&kc_code=cgsh&condition= HTTP/1.1" 200 1132
124.78.69.58 - - [08/Oct/2023:10:34:39 +0800] "GET /xingrg/all/function/internal_message.html?_=1696731898136&CODE_STATE=getMsg HTTP/1.1" 200 27
124.78.69.58 - - [08/Oct/2023:10:34:39 +0800] "GET /xingrg/check_reg.html?_=1696731898138 HTTP/1.1" 200 22
120.253.135.82 - - [08/Oct/2023:10:34:41 +0800] "GET /xingrg/kc/pszx/mdps_order_info.html?code=312023100600174 HTTP/1.1" 200 19638
120.253.135.82 - - [08/Oct/2023:10:34:41 +0800] "GET /xingrg/javascript/easyui/themes/default/validatebox.css HTTP/1.1" 404 1104
120.253.135.82 - - [08/Oct/2023:10:34:42 +0800] "POST /xingrg/kc/pszx/mdps_order_operate.html HTTP/1.1" 200 9685
116.230.110.33 - - [08/Oct/2023:10:34:42 +0800] "GET /xingrg/check_reg.html?_=1696732339418 HTTP/1.1" 200 22
222.70.180.200 - - [08/Oct/2023:10:34:43 +0800] "GET /xingrg/all/function/internal_message.html?_=1696732481054&CODE_STATE=getMsg HTTP/1.1" 200 27
101.83.145.37 - - [08/Oct/2023:10:34:43 +0800] "GET /xingrg/kc/buy/cgsh_order_add.html HTTP/1.1" 200 72612
120.253.135.82 - - [08/Oct/2023:10:34:43 +0800] "POST /xingrg/kc/pszx/mdps_list_operate.html HTTP/1.1" 200 3919
101.83.145.37 - - [08/Oct/2023:10:34:43 +0800] "GET /xingrg/javascript/easyui/themes/default/validatebox.css HTTP/1.1" 404 1104
101.83.145.37 - - [08/Oct/2023:10:34:43 +0800] "POST /xingrg/kc/buy/cgsh_order_operate.html HTTP/1.1" 200 8245
120.253.135.82 - - [08/Oct/2023:10:34:44 +0800] "GET /xingrg/check_reg.html?_=1696732287513 HTTP/1.1" 200 22
120.253.135.82 - - [08/Oct/2023:10:34:46 +0800] "POST /xingrg/kc/pszx/mdps_list_operate.html HTTP/1.1" 200 450
101.228.187.155 - - [08/Oct/2023:10:34:46 +0800] "GET /xingrg/all/function/internal_message.html?_=1696732485613&CODE_STATE=getMsg HTTP/1.1" 200 27
120.253.135.82 - - [08/Oct/2023:10:34:47 +0800] "GET /xingrg/kc/pszx/mdps_order_info.html?code=312023100600173 HTTP/1.1" 200 23978
120.253.135.82 - - [08/Oct/2023:10:34:47 +0800] "GET /xingrg/javascript/easyui/themes/default/validatebox.css HTTP/1.1" 404 1104
120.253.135.82 - - [08/Oct/2023:10:34:48 +0800] "POST /xingrg/kc/pszx/mdps_order_operate.html HTTP/1.1" 200 3771
114.95.241.104 - - [08/Oct/2023:10:34:49 +0800] "GET /xingrg/check_reg.html?_=1696732489033 HTTP/1.1" 200 22
114.95.241.104 - - [08/Oct/2023:10:34:49 +0800] "GET /xingrg/all/function/internal_message.html?_=1696732489037&CODE_STATE=getMsg HTTP/1.1" 200 27
120.253.135.82 - - [08/Oct/2023:10:34:52 +0800] "POST /xingrg/kc/pszx/mdps_order_operate.html HTTP/1.1" 200 37
120.253.135.82 - - [08/Oct/2023:10:34:56 +0800] "POST /xingrg/kc/pszx/mdps_order_operate.html HTTP/1.1" 200 12
120.253.135.82 - - [08/Oct/2023:10:35:00 +0800] "GET /xingrg/kc/pszx/mdps_order_info.html?code=312023100600173 HTTP/1.1" 200 19638
120.253.135.82 - - [08/Oct/2023:10:35:01 +0800] "GET /xingrg/javascript/easyui/themes/default/validatebox.css HTTP/1.1" 404 1104
120.253.135.82 - - [08/Oct/2023:10:35:01 +0800] "POST /xingrg/kc/pszx/mdps_order_operate.html HTTP/1.1" 200 1982
120.253.135.82 - - [08/Oct/2023:10:35:02 +0800] "POST /xingrg/kc/pszx/mdps_list_operate.html HTTP/1.1" 200 3548
124.79.244.25 - - [08/Oct/2023:10:35:03 +0800] "GET /xingrg/check_reg.html?_=1696732805493 HTTP/1.1" 200 22
124.79.244.25 - - [08/Oct/2023:10:35:03 +0800] "GET /xingrg/all/function/internal_message.html?_=1696732805494&CODE_STATE=getMsg HTTP/1.1" 200 27
222.70.169.61 - - [08/Oct/2023:10:35:03 +0800] "GET /xingrg/all/function/internal_message.html?_=1696732529441&CODE_STATE=getMsg HTTP/1.1" 200 27
120.253.135.82 - - [08/Oct/2023:10:35:04 +0800] "POST /xingrg/kc/pszx/mdps_list_operate.html HTTP/1.1" 200 202
120.253.135.82 - - [08/Oct/2023:10:35:05 +0800] "GET /xingrg/kc/pszx/mdps_order_info.html?code=312023100600175 HTTP/1.1" 200 23978
120.253.135.82 - - [08/Oct/2023:10:35:05 +0800] "GET /xingrg/javascript/easyui/themes/default/validatebox.css HTTP/1.1" 404 1104
180.152.241.196 - - [08/Oct/2023:10:35:05 +0800] "GET /xingrg/check_reg.html?_=1696732507041 HTTP/1.1" 200 22
180.152.241.196 - - [08/Oct/2023:10:35:05 +0800] "GET /xingrg/all/function/internal_message.html?_=1696732507043&CODE_STATE=getMsg HTTP/1.1" 200 27
120.253.135.82 - - [08/Oct/2023:10:35:06 +0800] "POST /xingrg/kc/pszx/mdps_order_operate.html HTTP/1.1" 200 2279
222.70.107.161 - - [08/Oct/2023:10:35:07 +0800] "GET /xingrg/all/function/internal_message.html?_=1696732507900&CODE_STATE=getMsg HTTP/1.1" 200 27
180.169.147.146 - - [08/Oct/2023:10:35:08 +0800] "GET /xingrg/all/function/internal_message.html?_=1696732501839&CODE_STATE=getMsg HTTP/1.1" 200 27
180.169.147.146 - - [08/Oct/2023:10:35:08 +0800] "GET /xingrg/check_reg.html?_=1696732501840 HTTP/1.1" 200 22
120.253.135.82 - - [08/Oct/2023:10:35:09 +0800] "POST /xingrg/kc/pszx/mdps_order_operate.html HTTP/1.1" 200 37
124.78.155.92 - - [08/Oct/2023:10:35:12 +0800] "GET /xingrg/kc/base/base_main.html HTTP/1.1" 200 12142
124.78.155.92 - - [08/Oct/2023:10:35:12 +0800] "GET /xingrg/images/blue/button/ckpd.gif HTTP/1.1" 200 2051
124.78.155.92 - - [08/Oct/2023:10:35:12 +0800] "GET /xingrg/images/blue/button/wlsy.gif HTTP/1.1" 200 2536
124.78.155.92 - - [08/Oct/2023:10:35:12 +0800] "GET /xingrg/images/blue/button/yddb.gif HTTP/1.1" 200 2040
124.78.155.92 - - [08/Oct/2023:10:35:12 +0800] "GET /xingrg/images/blue/button/ckdb.gif HTTP/1.1" 200 1950
124.78.155.92 - - [08/Oct/2023:10:35:12 +0800] "GET /xingrg/images/blue/button/kc.gif HTTP/1.1" 304 -
124.78.155.92 - - [08/Oct/2023:10:35:12 +0800] "GET /xingrg/images/blue/pic_form2.gif HTTP/1.1" 304 -
124.78.155.92 - - [08/Oct/2023:10:35:12 +0800] "GET /xingrg/images/blue/bg_dotted.jpg HTTP/1.1" 304 -
124.78.155.92 - - [08/Oct/2023:10:35:12 +0800] "GET /xingrg/images/blue/button/top_left.jpg HTTP/1.1" 200 1632
124.78.155.92 - - [08/Oct/2023:10:35:12 +0800] "GET /xingrg/images/blue/button/down.jpg HTTP/1.1" 200 1560
124.78.155.92 - - [08/Oct/2023:10:35:12 +0800] "GET /xingrg/images/blue/button/top_right.jpg HTTP/1.1" 200 1708
124.78.155.92 - - [08/Oct/2023:10:35:12 +0800] "GET /xingrg/images/blue/button/left_ah.jpg HTTP/1.1" 200 1643
124.78.155.92 - - [08/Oct/2023:10:35:12 +0800] "GET /xingrg/images/blue/button/right_ah.jpg HTTP/1.1" 304 -
124.78.155.92 - - [08/Oct/2023:10:35:12 +0800] "GET /xingrg/images/blue/button/bottom_right.jpg HTTP/1.1" 200 1436
124.78.155.92 - - [08/Oct/2023:10:35:12 +0800] "GET /xingrg/images/blue/button/bottom_left.jpg HTTP/1.1" 200 1524
120.253.135.82 - - [08/Oct/2023:10:35:13 +0800] "POST /xingrg/kc/pszx/mdps_order_operate.html HTTP/1.1" 200 12
124.78.155.92 - - [08/Oct/2023:10:35:13 +0800] "GET /xingrg/kc/base/wldb_order_list.html HTTP/1.1" 200 19174
124.78.155.92 - - [08/Oct/2023:10:35:13 +0800] "GET /xingrg/css/base.css HTTP/1.1" 304 -
124.78.155.92 - - [08/Oct/2023:10:35:13 +0800] "GET /xingrg/css/site.css HTTP/1.1" 304 -
124.78.155.92 - - [08/Oct/2023:10:35:13 +0800] "GET /xingrg/javascript/jquery_tools/datebox.css HTTP/1.1" 304 -
124.78.155.92 - - [08/Oct/2023:10:35:13 +0800] "GET /xingrg/javascript/easyui/themes/default/easyui.css HTTP/1.1" 304 -
124.78.155.92 - - [08/Oct/2023:10:35:13 +0800] "GET /xingrg/javascript/easyui/themes/icon.css HTTP/1.1" 304 -
124.78.155.92 - - [08/Oct/2023:10:35:13 +0800] "GET /xingrg/javascript/jquery_tools/fix.css HTTP/1.1" 304 -
124.78.155.92 - - [08/Oct/2023:10:35:13 +0800] "GET /xingrg/javascript/auto/jquery.autocomplete.css HTTP/1.1" 304 -
124.78.155.92 - - [08/Oct/2023:10:35:13 +0800] "GET /xingrg/javascript/jquery_tools/table.css HTTP/1.1" 304 -
124.78.155.92 - - [08/Oct/2023:10:35:13 +0800] "GET /xingrg/javascript/jquery_tools/jquery.tools.min.js HTTP/1.1" 304 -
124.78.155.92 - - [08/Oct/2023:10:35:13 +0800] "GET /xingrg/javascript/jquery_tools/jquery.tools.extend.js HTTP/1.1" 304 -
124.78.155.92 - - [08/Oct/2023:10:35:13 +0800] "GET /xingrg/javascript/jquery_tools/jquery.tools.hotkey.js HTTP/1.1" 304 -
124.78.155.92 - - [08/Oct/2023:10:35:13 +0800] "GET /xingrg/javascript/jquery_tools/list_manager.js HTTP/1.1" 304 -
124.78.155.92 - - [08/Oct/2023:10:35:13 +0800] "GET /xingrg/javascript/jquery_tools/jquery.tools.table.js HTTP/1.1" 304 -
124.78.155.92 - - [08/Oct/2023:10:35:13 +0800] "GET /xingrg/javascript/auto/jquery.autocomplete.js HTTP/1.1" 304 -
124.78.155.92 - - [08/Oct/2023:10:35:13 +0800] "GET /xingrg/javascript/easyui/easyloader.js HTTP/1.1" 304 -
124.78.155.92 - - [08/Oct/2023:10:35:13 +0800] "GET /xingrg/javascript/jquery.cookie.js HTTP/1.1" 304 -
124.78.155.92 - - [08/Oct/2023:10:35:13 +0800] "GET /xingrg/javascript/print/LodopFuncs.js HTTP/1.1" 304 -
124.78.155.92 - - [08/Oct/2023:10:35:14 +0800] "GET /xingrg/javascript/easyui/themes/icons/edit_add_new.png HTTP/1.1" 304 -
124.78.155.92 - - [08/Oct/2023:10:35:14 +0800] "GET /xingrg/javascript/easyui/themes/icons/field_new.png HTTP/1.1" 304 -
124.78.155.92 - - [08/Oct/2023:10:35:14 +0800] "GET /xingrg/javascript/easyui/themes/icons/import_new.png HTTP/1.1" 304 -
124.78.155.92 - - [08/Oct/2023:10:35:14 +0800] "GET /xingrg/javascript/easyui/themes/icons/check_new.png HTTP/1.1" 304 -
124.78.155.92 - - [08/Oct/2023:10:35:14 +0800] "GET /xingrg/javascript/easyui/themes/icons/cance_new.png HTTP/1.1" 304 -
124.78.155.92 - - [08/Oct/2023:10:35:14 +0800] "GET /xingrg/javascript/easyui/plugins/jquery.parser.js HTTP/1.1" 304 -
124.78.155.92 - - [08/Oct/2023:10:35:14 +0800] "GET /xingrg/images/control/ajaxLoader.gif HTTP/1.1" 304 -
124.78.155.92 - - [08/Oct/2023:10:35:14 +0800] "POST /xingrg/kc/base/wldb_list_operate.html HTTP/1.1" 200 928
120.253.135.82 - - [08/Oct/2023:10:35:16 +0800] "GET /xingrg/kc/pszx/mdps_order_info.html?code=312023100600175 HTTP/1.1" 200 19638
120.253.135.82 - - [08/Oct/2023:10:35:17 +0800] "GET /xingrg/javascript/easyui/themes/default/validatebox.css HTTP/1.1" 404 1104
120.253.135.82 - - [08/Oct/2023:10:35:17 +0800] "POST /xingrg/kc/pszx/mdps_order_operate.html HTTP/1.1" 200 500
120.253.135.82 - - [08/Oct/2023:10:35:18 +0800] "POST /xingrg/kc/pszx/mdps_list_operate.html HTTP/1.1" 200 3175
120.253.135.82 - - [08/Oct/2023:10:35:20 +0800] "POST /xingrg/kc/pszx/mdps_list_operate.html HTTP/1.1" 200 208
114.95.241.104 - - [08/Oct/2023:10:35:20 +0800] "GET /xingrg/all/function/internal_message.html?_=1696732518469&CODE_STATE=getMsg HTTP/1.1" 200 27
114.95.241.104 - - [08/Oct/2023:10:35:20 +0800] "GET /xingrg/all/function/internal_message.html?_=1696732518873&CODE_STATE=getMsg HTTP/1.1" 200 27
120.253.135.82 - - [08/Oct/2023:10:35:21 +0800] "GET /xingrg/kc/pszx/mdps_order_info.html?code=312023100600176 HTTP/1.1" 200 23978
120.253.135.82 - - [08/Oct/2023:10:35:21 +0800] "GET /xingrg/javascript/easyui/themes/default/validatebox.css HTTP/1.1" 404 1104
120.253.135.82 - - [08/Oct/2023:10:35:22 +0800] "POST /xingrg/kc/pszx/mdps_order_operate.html HTTP/1.1" 200 2292
120.253.135.82 - - [08/Oct/2023:10:35:25 +0800] "POST /xingrg/kc/pszx/mdps_order_operate.html HTTP/1.1" 200 37
101.83.145.37 - - [08/Oct/2023:10:35:25 +0800] "GET /xingrg/all/function/internal_message.html?_=1696732527757&CODE_STATE=getMsg HTTP/1.1" 200 27
116.230.110.33 - - [08/Oct/2023:10:35:27 +0800] "GET /xingrg/all/function/internal_message.html?_=1696732384544&CODE_STATE=getMsg HTTP/1.1" 200 27
120.253.135.82 - - [08/Oct/2023:10:35:29 +0800] "POST /xingrg/kc/pszx/mdps_order_operate.html HTTP/1.1" 200 12
124.78.155.92 - - [08/Oct/2023:10:35:29 +0800] "GET /xingrg/all/function/internal_message.html?_=1696732530027&CODE_STATE=getMsg HTTP/1.1" 200 27
120.253.135.82 - - [08/Oct/2023:10:35:32 +0800] "GET /xingrg/kc/pszx/mdps_order_info.html?code=312023100600176 HTTP/1.1" 200 19638
120.253.135.82 - - [08/Oct/2023:10:35:32 +0800] "GET /xingrg/javascript/easyui/themes/default/validatebox.css HTTP/1.1" 404 1104
120.253.135.82 - - [08/Oct/2023:10:35:33 +0800] "POST /xingrg/kc/pszx/mdps_order_operate.html HTTP/1.1" 200 513
114.83.221.181 - - [08/Oct/2023:10:35:33 +0800] "GET /xingrg/all/function/internal_message.html?_=1696732534902&CODE_STATE=getMsg HTTP/1.1" 200 27
114.83.221.181 - - [08/Oct/2023:10:35:33 +0800] "GET /xingrg/check_reg.html?_=1696732535199 HTTP/1.1" 200 22
120.253.135.82 - - [08/Oct/2023:10:35:34 +0800] "POST /xingrg/kc/pszx/mdps_list_operate.html HTTP/1.1" 200 2804
120.253.135.82 - - [08/Oct/2023:10:35:36 +0800] "POST /xingrg/kc/pszx/mdps_list_operate.html HTTP/1.1" 200 208
180.165.48.189 - - [08/Oct/2023:10:35:37 +0800] "GET /xingrg/all/function/internal_message.html?_=1696732537420&CODE_STATE=getMsg HTTP/1.1" 200 27
120.253.135.82 - - [08/Oct/2023:10:35:37 +0800] "GET /xingrg/kc/pszx/mdps_order_info.html?code=312023100600178 HTTP/1.1" 200 23976
120.253.135.82 - - [08/Oct/2023:10:35:38 +0800] "GET /xingrg/javascript/easyui/themes/default/validatebox.css HTTP/1.1" 404 1104
120.253.135.82 - - [08/Oct/2023:10:35:38 +0800] "POST /xingrg/kc/pszx/mdps_order_operate.html HTTP/1.1" 200 2302
124.78.69.58 - - [08/Oct/2023:10:35:39 +0800] "GET /xingrg/all/function/internal_message.html?_=1696731958137&CODE_STATE=getMsg HTTP/1.1" 200 27
120.253.135.82 - - [08/Oct/2023:10:35:41 +0800] "POST /xingrg/kc/pszx/mdps_order_operate.html HTTP/1.1" 200 37
222.70.180.200 - - [08/Oct/2023:10:35:43 +0800] "GET /xingrg/all/function/internal_message.html?_=1696732541044&CODE_STATE=getMsg HTTP/1.1" 200 27
101.228.187.155 - - [08/Oct/2023:10:35:46 +0800] "GET /xingrg/all/function/internal_message.html?_=1696732545618&CODE_STATE=getMsg HTTP/1.1" 200 27
114.83.221.181 - - [08/Oct/2023:10:35:47 +0800] "GET /xingrg/kc/buy/cgsh_order_add.html HTTP/1.1" 200 71734
120.253.135.82 - - [08/Oct/2023:10:35:47 +0800] "POST /xingrg/kc/pszx/mdps_order_operate.html HTTP/1.1" 200 12
114.83.221.181 - - [08/Oct/2023:10:35:47 +0800] "POST /xingrg/kc/buy/cgsh_order_operate.html HTTP/1.1" 200 8245
114.83.221.181 - - [08/Oct/2023:10:35:48 +0800] "GET /xingrg/javascript/easyui/themes/default/validatebox.css HTTP/1.1" 404 1104
120.253.135.82 - - [08/Oct/2023:10:35:49 +0800] "GET /xingrg/kc/pszx/mdps_order_info.html?code=312023100600178 HTTP/1.1" 200 19636
114.95.241.104 - - [08/Oct/2023:10:35:49 +0800] "GET /xingrg/all/function/internal_message.html?_=1696732549037&CODE_STATE=getMsg HTTP/1.1" 200 27
120.253.135.82 - - [08/Oct/2023:10:35:50 +0800] "GET /xingrg/javascript/easyui/themes/default/validatebox.css HTTP/1.1" 404 1104
120.253.135.82 - - [08/Oct/2023:10:35:50 +0800] "POST /xingrg/kc/pszx/mdps_order_operate.html HTTP/1.1" 200 524
120.253.135.82 - - [08/Oct/2023:10:35:52 +0800] "POST /xingrg/kc/pszx/mdps_list_operate.html HTTP/1.1" 200 2435
120.253.135.82 - - [08/Oct/2023:10:35:54 +0800] "POST /xingrg/kc/pszx/mdps_list_operate.html HTTP/1.1" 200 212
120.253.135.82 - - [08/Oct/2023:10:36:00 +0800] "GET /xingrg/kc/pszx/mdps_order_info.html?code=312023100600177 HTTP/1.1" 200 23978
120.253.135.82 - - [08/Oct/2023:10:36:00 +0800] "GET /xingrg/javascript/easyui/themes/default/validatebox.css HTTP/1.1" 404 1104
120.253.135.82 - - [08/Oct/2023:10:36:01 +0800] "POST /xingrg/kc/pszx/mdps_order_operate.html HTTP/1.1" 200 2299
222.70.169.61 - - [08/Oct/2023:10:36:03 +0800] "GET /xingrg/all/function/internal_message.html?_=1696732589457&CODE_STATE=getMsg HTTP/1.1" 200 27
124.79.244.25 - - [08/Oct/2023:10:36:04 +0800] "GET /xingrg/all/function/internal_message.html?_=1696732865483&CODE_STATE=getMsg HTTP/1.1" 200 27
124.78.155.92 - - [08/Oct/2023:10:36:05 +0800] "POST /xingrg/kc/buy/cgsh_order_operate.html HTTP/1.1" 200 22781
180.152.241.196 - - [08/Oct/2023:10:36:05 +0800] "GET /xingrg/all/function/internal_message.html?_=1696732567030&CODE_STATE=getMsg HTTP/1.1" 200 27
120.253.135.82 - - [08/Oct/2023:10:36:05 +0800] "POST /xingrg/kc/pszx/mdps_order_operate.html HTTP/1.1" 200 37
124.78.155.92 - - [08/Oct/2023:10:36:07 +0800] "GET /xingrg/kc/buy/cgsh_order_add.html HTTP/1.1" 200 72530
222.70.107.161 - - [08/Oct/2023:10:36:07 +0800] "GET /xingrg/all/function/internal_message.html?_=1696732567902&CODE_STATE=getMsg HTTP/1.1" 200 27
124.78.155.92 - - [08/Oct/2023:10:36:07 +0800] "GET /xingrg/words/20231007135028_words.js HTTP/1.1" 304 -
124.78.155.92 - - [08/Oct/2023:10:36:08 +0800] "POST /xingrg/kc/buy/cgsh_order_operate.html HTTP/1.1" 200 8245
124.78.155.92 - - [08/Oct/2023:10:36:08 +0800] "GET /xingrg/javascript/easyui/themes/default/validatebox.css HTTP/1.1" 404 1104
124.78.155.92 - - [08/Oct/2023:10:36:08 +0800] "GET /xingrg/all/function/internal_message.html?_=1696732558599&CODE_STATE=getMsg HTTP/1.1" 200 27
180.169.147.146 - - [08/Oct/2023:10:36:08 +0800] "GET /xingrg/all/function/internal_message.html?_=1696732561838&CODE_STATE=getMsg HTTP/1.1" 200 27
