222.70.169.61 - - [08/Oct/2023:06:21:53 +0800] "GET /xingrg/all/function/internal_message.html?_=1696717338802&CODE_STATE=getMsg HTTP/1.1" 200 27
120.253.135.82 - - [08/Oct/2023:06:22:03 +0800] "GET /xingrg/system/info/materiel_import.html?isSelect=1&singleSelect=false HTTP/1.1" 200 5600
120.253.135.82 - - [08/Oct/2023:06:22:03 +0800] "GET /xingrg/css/xtree.css HTTP/1.1" 304 -
120.253.135.82 - - [08/Oct/2023:06:22:03 +0800] "GET /xingrg/javascript/jquery_ui/themes/base/base.css HTTP/1.1" 304 -
120.253.135.82 - - [08/Oct/2023:06:22:03 +0800] "GET /xingrg/javascript/jquery_easy_ui/themes/icons/edit_add.png HTTP/1.1" 304 -
120.253.135.82 - - [08/Oct/2023:06:22:03 +0800] "GET /xingrg/javascript/jquery_easy_ui/themes/default/images/pagination_first.gif HTTP/1.1" 304 -
120.253.135.82 - - [08/Oct/2023:06:22:03 +0800] "GET /xingrg/javascript/jquery_easy_ui/themes/default/images/pagination_prev.gif HTTP/1.1" 304 -
120.253.135.82 - - [08/Oct/2023:06:22:03 +0800] "GET /xingrg/javascript/jquery_easy_ui/themes/default/images/pagination_next.gif HTTP/1.1" 304 -
120.253.135.82 - - [08/Oct/2023:06:22:03 +0800] "GET /xingrg/javascript/jquery_easy_ui/themes/default/images/pagination_last.gif HTTP/1.1" 304 -
120.253.135.82 - - [08/Oct/2023:06:22:03 +0800] "GET /xingrg/javascript/jquery_easy_ui/themes/default/images/pagination_load.png HTTP/1.1" 304 -
120.253.135.82 - - [08/Oct/2023:06:22:03 +0800] "GET /favicon.ico HTTP/1.1" 404 -
120.253.135.82 - - [08/Oct/2023:06:22:03 +0800] "POST /xingrg/all/common/load_tree.html?tree=materiel_sort_tree_json HTTP/1.1" 200 9500
120.253.135.82 - - [08/Oct/2023:06:22:10 +0800] "GET /xingrg/kc/pszx/mdps_order_operate.html?command=get_materiel&pszx_code=00101&rest_code=00108&base_code=0010246&code=00101040105 HTTP/1.1" 200 426
114.95.241.104 - - [08/Oct/2023:06:22:12 +0800] "GET /xingrg/all/function/internal_message.html?_=1696717331881&CODE_STATE=getMsg HTTP/1.1" 200 27
124.79.244.25 - - [08/Oct/2023:06:22:12 +0800] "GET /xingrg/all/function/internal_message.html?_=1696717331530&CODE_STATE=getMsg HTTP/1.1" 200 27
120.253.135.82 - - [08/Oct/2023:06:22:18 +0800] "POST /xingrg/kc/pszx/mdps_order_operate.html HTTP/1.1" 200 37
120.253.135.82 - - [08/Oct/2023:06:22:19 +0800] "GET /xingrg/kc/pszx/mdps_order_info.html?code=312023100800208 HTTP/1.1" 200 23982
114.95.241.104 - - [08/Oct/2023:06:22:20 +0800] "GET /xingrg/all/function/internal_message.html?_=1696717338473&CODE_STATE=getMsg HTTP/1.1" 200 27
120.253.135.82 - - [08/Oct/2023:06:22:20 +0800] "GET /xingrg/javascript/easyui/themes/default/validatebox.css HTTP/1.1" 404 1104
114.95.241.104 - - [08/Oct/2023:06:22:20 +0800] "GET /xingrg/all/function/internal_message.html?_=1696717338865&CODE_STATE=getMsg HTTP/1.1" 200 27
120.253.135.82 - - [08/Oct/2023:06:22:20 +0800] "POST /xingrg/kc/pszx/mdps_order_operate.html HTTP/1.1" 200 12943
120.253.135.82 - - [08/Oct/2023:06:22:22 +0800] "POST /xingrg/kc/pszx/mdps_list_operate.html HTTP/1.1" 200 2830
120.253.135.82 - - [08/Oct/2023:06:22:23 +0800] "POST /xingrg/kc/pszx/mdps_list_operate.html HTTP/1.1" 200 208
120.253.135.82 - - [08/Oct/2023:06:22:24 +0800] "GET /xingrg/kc/pszx/mdps_order_info.html?code=312023100800209 HTTP/1.1" 200 23982
120.253.135.82 - - [08/Oct/2023:06:22:25 +0800] "GET /xingrg/javascript/easyui/themes/default/validatebox.css HTTP/1.1" 404 1104
120.253.135.82 - - [08/Oct/2023:06:22:25 +0800] "POST /xingrg/kc/pszx/mdps_order_operate.html HTTP/1.1" 200 2284
120.253.135.82 - - [08/Oct/2023:06:22:27 +0800] "POST /xingrg/kc/pszx/mdps_order_operate.html HTTP/1.1" 200 37
120.253.135.82 - - [08/Oct/2023:06:22:28 +0800] "GET /xingrg/kc/pszx/mdps_order_info.html?code=312023100800209 HTTP/1.1" 200 23982
120.253.135.82 - - [08/Oct/2023:06:22:29 +0800] "GET /xingrg/javascript/easyui/themes/default/validatebox.css HTTP/1.1" 404 1104
120.253.135.82 - - [08/Oct/2023:06:22:29 +0800] "POST /xingrg/kc/pszx/mdps_order_operate.html HTTP/1.1" 200 2291
116.230.110.33 - - [08/Oct/2023:06:22:31 +0800] "GET /xingrg/all/function/internal_message.html?_=1696717208962&CODE_STATE=getMsg HTTP/1.1" 200 27
120.253.135.82 - - [08/Oct/2023:06:22:35 +0800] "GET /xingrg/all/function/internal_message.html?_=1696717158442&CODE_STATE=getMsg HTTP/1.1" 200 27
222.70.169.61 - - [08/Oct/2023:06:22:53 +0800] "GET /xingrg/all/function/internal_message.html?_=1696717398811&CODE_STATE=getMsg HTTP/1.1" 200 27
120.253.135.82 - - [08/Oct/2023:06:22:55 +0800] "POST /xingrg/kc/pszx/mdps_list_operate.html HTTP/1.1" 200 2830
120.253.135.82 - - [08/Oct/2023:06:23:06 +0800] "GET /xingrg/kc/pszx/mdqp_order_list.html?state=10 HTTP/1.1" 200 11517
120.253.135.82 - - [08/Oct/2023:06:23:06 +0800] "GET /xingrg/dwr/interface/AjaxQqpsService.js HTTP/1.1" 200 16326
120.253.135.82 - - [08/Oct/2023:06:23:06 +0800] "GET /xingrg/dwr/interface/AjaxReportQueryService.js HTTP/1.1" 200 13203
120.253.135.82 - - [08/Oct/2023:06:23:06 +0800] "GET /xingrg/dwr/engine.js HTTP/1.1" 200 43631
120.253.135.82 - - [08/Oct/2023:06:23:08 +0800] "GET /xingrg/kc/pszx/mdqp_order_info.html?code=302023100700147 HTTP/1.1" 200 13350
120.253.135.82 - - [08/Oct/2023:06:23:09 +0800] "GET /xingrg/dwr/interface/AjaxComOrderService.js HTTP/1.1" 200 18264
120.253.135.82 - - [08/Oct/2023:06:23:09 +0800] "GET /xingrg/dwr/interface/AjaxQqpsService.js HTTP/1.1" 200 16326
120.253.135.82 - - [08/Oct/2023:06:23:09 +0800] "GET /xingrg/dwr/engine.js HTTP/1.1" 200 43631
120.253.135.82 - - [08/Oct/2023:06:23:09 +0800] "POST /xingrg/dwr/call/plaincall/AjaxQqpsService.loadMaterielItems.dwr HTTP/1.1" 200 2998
114.95.241.104 - - [08/Oct/2023:06:23:12 +0800] "GET /xingrg/check_reg.html?_=1696717391895 HTTP/1.1" 200 22
124.79.244.25 - - [08/Oct/2023:06:23:12 +0800] "GET /xingrg/all/function/internal_message.html?_=1696717391524&CODE_STATE=getMsg HTTP/1.1" 200 27
114.95.241.104 - - [08/Oct/2023:06:23:12 +0800] "GET /xingrg/all/function/internal_message.html?_=1696717391897&CODE_STATE=getMsg HTTP/1.1" 200 27
114.95.241.104 - - [08/Oct/2023:06:23:20 +0800] "GET /xingrg/all/function/internal_message.html?_=1696717398462&CODE_STATE=getMsg HTTP/1.1" 200 27
114.95.241.104 - - [08/Oct/2023:06:23:20 +0800] "GET /xingrg/check_reg.html?_=1696717398465 HTTP/1.1" 200 22
114.95.241.104 - - [08/Oct/2023:06:23:20 +0800] "GET /xingrg/all/function/internal_message.html?_=1696717398870&CODE_STATE=getMsg HTTP/1.1" 200 27
114.95.241.104 - - [08/Oct/2023:06:23:20 +0800] "GET /xingrg/check_reg.html?_=1696717398872 HTTP/1.1" 200 22
116.230.110.33 - - [08/Oct/2023:06:23:31 +0800] "GET /xingrg/all/function/internal_message.html?_=1696717268934&CODE_STATE=getMsg HTTP/1.1" 200 27
120.253.135.82 - - [08/Oct/2023:06:23:35 +0800] "GET /xingrg/all/function/internal_message.html?_=1696717218568&CODE_STATE=getMsg HTTP/1.1" 200 27
222.70.169.61 - - [08/Oct/2023:06:23:53 +0800] "GET /xingrg/all/function/internal_message.html?_=1696717458829&CODE_STATE=getMsg HTTP/1.1" 200 27
114.95.241.104 - - [08/Oct/2023:06:24:12 +0800] "GET /xingrg/all/function/internal_message.html?_=1696717451903&CODE_STATE=getMsg HTTP/1.1" 200 27
124.79.244.25 - - [08/Oct/2023:06:24:12 +0800] "GET /xingrg/all/function/internal_message.html?_=1696717451527&CODE_STATE=getMsg HTTP/1.1" 200 27
124.79.244.25 - - [08/Oct/2023:06:24:12 +0800] "GET /xingrg/check_reg.html?_=1696717451530 HTTP/1.1" 200 22
114.95.241.104 - - [08/Oct/2023:06:24:20 +0800] "GET /xingrg/all/function/internal_message.html?_=1696717458480&CODE_STATE=getMsg HTTP/1.1" 200 27
114.95.241.104 - - [08/Oct/2023:06:24:20 +0800] "GET /xingrg/all/function/internal_message.html?_=1696717458869&CODE_STATE=getMsg HTTP/1.1" 200 27
116.230.110.33 - - [08/Oct/2023:06:24:31 +0800] "GET /xingrg/all/function/internal_message.html?_=1696717328918&CODE_STATE=getMsg HTTP/1.1" 200 27
120.253.135.82 - - [08/Oct/2023:06:24:35 +0800] "GET /xingrg/all/function/internal_message.html?_=1696717278578&CODE_STATE=getMsg HTTP/1.1" 200 27
116.230.110.33 - - [08/Oct/2023:06:24:42 +0800] "GET /xingrg/check_reg.html?_=1696717339415 HTTP/1.1" 200 22
222.70.169.61 - - [08/Oct/2023:06:24:45 +0800] "GET /xingrg/check_reg.html?_=1696717510775 HTTP/1.1" 200 22
222.70.169.61 - - [08/Oct/2023:06:24:53 +0800] "GET /xingrg/all/function/internal_message.html?_=1696717518837&CODE_STATE=getMsg HTTP/1.1" 200 27
120.253.135.82 - - [08/Oct/2023:06:24:56 +0800] "GET /xingrg/images/yd/bt.gif HTTP/1.1" 404 1040
120.253.135.82 - - [08/Oct/2023:06:24:56 +0800] "GET /xingrg/images/yd/bt2.gif HTTP/1.1" 404 1042
120.253.135.82 - - [08/Oct/2023:06:24:57 +0800] "GET /xingrg/kc/pszx/mdqp_order_list.html?isBack=1 HTTP/1.1" 302 -
120.253.135.82 - - [08/Oct/2023:06:24:57 +0800] "GET /xingrg/kc/pszx/mdqp_order_list.html?state=10 HTTP/1.1" 200 11517
120.253.135.82 - - [08/Oct/2023:06:24:57 +0800] "GET /xingrg/dwr/interface/AjaxQqpsService.js HTTP/1.1" 200 16326
120.253.135.82 - - [08/Oct/2023:06:24:57 +0800] "GET /xingrg/dwr/engine.js HTTP/1.1" 200 43631
120.253.135.82 - - [08/Oct/2023:06:24:57 +0800] "GET /xingrg/dwr/interface/AjaxReportQueryService.js HTTP/1.1" 200 13203
120.253.135.82 - - [08/Oct/2023:06:25:01 +0800] "GET /xingrg/kc/pszx/mdqp_order_info.html?code=302023100700146 HTTP/1.1" 200 13350
120.253.135.82 - - [08/Oct/2023:06:25:01 +0800] "GET /xingrg/dwr/interface/AjaxComOrderService.js HTTP/1.1" 200 18264
120.253.135.82 - - [08/Oct/2023:06:25:01 +0800] "GET /xingrg/dwr/interface/AjaxQqpsService.js HTTP/1.1" 200 16326
120.253.135.82 - - [08/Oct/2023:06:25:01 +0800] "GET /xingrg/dwr/engine.js HTTP/1.1" 200 43631
120.253.135.82 - - [08/Oct/2023:06:25:02 +0800] "POST /xingrg/dwr/call/plaincall/AjaxQqpsService.loadMaterielItems.dwr HTTP/1.1" 200 2266
120.253.135.82 - - [08/Oct/2023:06:25:06 +0800] "GET /xingrg/images/yd/bt.gif HTTP/1.1" 404 1040
120.253.135.82 - - [08/Oct/2023:06:25:06 +0800] "GET /xingrg/images/yd/bt2.gif HTTP/1.1" 404 1042
120.253.135.82 - - [08/Oct/2023:06:25:09 +0800] "GET /xingrg/kc/pszx/mdqp_order_list.html?isBack=1 HTTP/1.1" 302 -
120.253.135.82 - - [08/Oct/2023:06:25:10 +0800] "GET /xingrg/kc/pszx/mdqp_order_list.html?state=10 HTTP/1.1" 200 11517
120.253.135.82 - - [08/Oct/2023:06:25:10 +0800] "GET /xingrg/dwr/interface/AjaxReportQueryService.js HTTP/1.1" 200 13203
120.253.135.82 - - [08/Oct/2023:06:25:10 +0800] "GET /xingrg/dwr/interface/AjaxQqpsService.js HTTP/1.1" 200 16326
120.253.135.82 - - [08/Oct/2023:06:25:10 +0800] "GET /xingrg/dwr/engine.js HTTP/1.1" 200 43631
114.95.241.104 - - [08/Oct/2023:06:25:12 +0800] "GET /xingrg/all/function/internal_message.html?_=1696717511908&CODE_STATE=getMsg HTTP/1.1" 200 27
124.79.244.25 - - [08/Oct/2023:06:25:12 +0800] "GET /xingrg/all/function/internal_message.html?_=1696717511530&CODE_STATE=getMsg HTTP/1.1" 200 27
120.253.135.82 - - [08/Oct/2023:06:25:14 +0800] "GET /xingrg/check_reg.html?_=1696717316802 HTTP/1.1" 200 22
114.95.241.104 - - [08/Oct/2023:06:25:20 +0800] "GET /xingrg/all/function/internal_message.html?_=1696717518469&CODE_STATE=getMsg HTTP/1.1" 200 27
114.95.241.104 - - [08/Oct/2023:06:25:20 +0800] "GET /xingrg/all/function/internal_message.html?_=1696717518860&CODE_STATE=getMsg HTTP/1.1" 200 27
120.253.135.82 - - [08/Oct/2023:06:25:22 +0800] "GET /xingrg/kc/pszx/mdqp_order_info.html?code=302023100700143 HTTP/1.1" 200 13350
120.253.135.82 - - [08/Oct/2023:06:25:22 +0800] "GET /xingrg/dwr/interface/AjaxQqpsService.js HTTP/1.1" 200 16326
120.253.135.82 - - [08/Oct/2023:06:25:22 +0800] "GET /xingrg/dwr/engine.js HTTP/1.1" 200 43631
120.253.135.82 - - [08/Oct/2023:06:25:22 +0800] "GET /xingrg/dwr/interface/AjaxComOrderService.js HTTP/1.1" 200 18264
120.253.135.82 - - [08/Oct/2023:06:25:23 +0800] "POST /xingrg/dwr/call/plaincall/AjaxQqpsService.loadMaterielItems.dwr HTTP/1.1" 200 6393
116.230.110.33 - - [08/Oct/2023:06:25:31 +0800] "GET /xingrg/all/function/internal_message.html?_=1696717388912&CODE_STATE=getMsg HTTP/1.1" 200 27
120.253.135.82 - - [08/Oct/2023:06:25:35 +0800] "GET /xingrg/all/function/internal_message.html?_=1696717338593&CODE_STATE=getMsg HTTP/1.1" 200 27
120.253.135.82 - - [08/Oct/2023:06:25:37 +0800] "GET /xingrg/images/yd/bt.gif HTTP/1.1" 404 1040
120.253.135.82 - - [08/Oct/2023:06:25:37 +0800] "GET /xingrg/images/yd/bt2.gif HTTP/1.1" 404 1042
120.253.135.82 - - [08/Oct/2023:06:25:51 +0800] "GET /xingrg/kc/pszx/mdqp_order_list.html?isBack=1 HTTP/1.1" 302 -
120.253.135.82 - - [08/Oct/2023:06:25:51 +0800] "GET /xingrg/kc/pszx/mdqp_order_list.html?state=10 HTTP/1.1" 200 11517
120.253.135.82 - - [08/Oct/2023:06:25:51 +0800] "GET /xingrg/dwr/interface/AjaxQqpsService.js HTTP/1.1" 200 16326
120.253.135.82 - - [08/Oct/2023:06:25:51 +0800] "GET /xingrg/dwr/interface/AjaxReportQueryService.js HTTP/1.1" 200 13203
120.253.135.82 - - [08/Oct/2023:06:25:51 +0800] "GET /xingrg/dwr/engine.js HTTP/1.1" 200 43631
222.70.169.61 - - [08/Oct/2023:06:25:53 +0800] "GET /xingrg/all/function/internal_message.html?_=1696717578851&CODE_STATE=getMsg HTTP/1.1" 200 27
120.253.135.82 - - [08/Oct/2023:06:25:54 +0800] "GET /xingrg/kc/pszx/jzcl_ps.html HTTP/1.1" 200 7683
120.253.135.82 - - [08/Oct/2023:06:25:54 +0800] "POST /xingrg/all/common/load_tree.html?tree=area_rest_tree_json HTTP/1.1" 200 3499
120.253.135.82 - - [08/Oct/2023:06:25:55 +0800] "POST /xingrg/kc/pszx/jzcl_ps_operate.html HTTP/1.1" 200 1406
120.253.135.82 - - [08/Oct/2023:06:25:55 +0800] "POST /xingrg/kc/pszx/jzcl_ps_operate.html HTTP/1.1" 200 1406
124.79.244.25 - - [08/Oct/2023:06:26:12 +0800] "GET /xingrg/all/function/internal_message.html?_=1696717571530&CODE_STATE=getMsg HTTP/1.1" 200 27
114.95.241.104 - - [08/Oct/2023:06:26:12 +0800] "GET /xingrg/all/function/internal_message.html?_=1696717571914&CODE_STATE=getMsg HTTP/1.1" 200 27
120.253.135.82 - - [08/Oct/2023:06:26:18 +0800] "POST /xingrg/kc/pszx/jzcl_ps_operate.html HTTP/1.1" 200 4
114.95.241.104 - - [08/Oct/2023:06:26:20 +0800] "GET /xingrg/all/function/internal_message.html?_=1696717578485&CODE_STATE=getMsg HTTP/1.1" 200 27
114.95.241.104 - - [08/Oct/2023:06:26:20 +0800] "GET /xingrg/all/function/internal_message.html?_=1696717578876&CODE_STATE=getMsg HTTP/1.1" 200 27
218.81.72.90 - - [08/Oct/2023:06:26:20 +0800] "GET /xingrg/check_reg.html?_=1696717580407 HTTP/1.1" 200 22
120.253.135.82 - - [08/Oct/2023:06:26:20 +0800] "GET /xingrg/kc/pszx/mdps_order_list.html HTTP/1.1" 200 21108
120.253.135.82 - - [08/Oct/2023:06:26:21 +0800] "POST /xingrg/kc/pszx/jzcl_ps_operate.html HTTP/1.1" 200 21
120.253.135.82 - - [08/Oct/2023:06:26:21 +0800] "POST /xingrg/kc/pszx/mdps_list_operate.html HTTP/1.1" 200 5375
124.78.155.92 - - [08/Oct/2023:06:26:26 +0800] "POST /xingrg/services/DataTransmitService HTTP/1.1" 200 524
120.253.135.82 - - [08/Oct/2023:06:26:31 +0800] "POST /xingrg/kc/pszx/mdps_list_operate.html HTTP/1.1" 200 2808
116.230.110.33 - - [08/Oct/2023:06:26:31 +0800] "GET /xingrg/all/function/internal_message.html?_=1696717448891&CODE_STATE=getMsg HTTP/1.1" 200 27
120.253.135.82 - - [08/Oct/2023:06:26:32 +0800] "POST /xingrg/kc/pszx/mdps_list_operate.html HTTP/1.1" 200 527
120.253.135.82 - - [08/Oct/2023:06:26:35 +0800] "GET /xingrg/all/function/internal_message.html?_=1696717398607&CODE_STATE=getMsg HTTP/1.1" 200 27
120.253.135.82 - - [08/Oct/2023:06:26:38 +0800] "POST /xingrg/kc/pszx/mdps_list_operate.html HTTP/1.1" 200 636
120.253.135.82 - - [08/Oct/2023:06:26:39 +0800] "GET /xingrg/kc/pszx/mdps_order_info.html?code=312023100800210 HTTP/1.1" 200 23978
120.253.135.82 - - [08/Oct/2023:06:26:40 +0800] "GET /xingrg/javascript/easyui/themes/default/validatebox.css HTTP/1.1" 404 1104
120.253.135.82 - - [08/Oct/2023:06:26:40 +0800] "POST /xingrg/kc/pszx/mdps_order_operate.html HTTP/1.1" 200 6729
120.253.135.82 - - [08/Oct/2023:06:26:43 +0800] "POST /xingrg/kc/pszx/mdps_order_operate.html HTTP/1.1" 200 37
120.253.135.82 - - [08/Oct/2023:06:26:44 +0800] "GET /xingrg/kc/pszx/mdps_order_info.html?code=312023100800210 HTTP/1.1" 200 23978
120.253.135.82 - - [08/Oct/2023:06:26:45 +0800] "GET /xingrg/javascript/easyui/themes/default/validatebox.css HTTP/1.1" 404 1104
120.253.135.82 - - [08/Oct/2023:06:26:45 +0800] "POST /xingrg/kc/pszx/mdps_order_operate.html HTTP/1.1" 200 6800
222.70.180.200 - - [08/Oct/2023:06:26:48 +0800] "GET /xingrg/check_reg.html?_=1696717954614 HTTP/1.1" 302 -
222.70.169.61 - - [08/Oct/2023:06:26:53 +0800] "GET /xingrg/all/function/internal_message.html?_=1696717638874&CODE_STATE=getMsg HTTP/1.1" 200 27
120.253.135.82 - - [08/Oct/2023:06:26:59 +0800] "GET /xingrg/kc/pszx/mdps_order_operate.html?command=get_materiel&pszx_code=00101&rest_code=00148&base_code=0010246&code=00101013067 HTTP/1.1" 200 437
124.79.244.25 - - [08/Oct/2023:06:27:12 +0800] "GET /xingrg/all/function/internal_message.html?_=1696717631523&CODE_STATE=getMsg HTTP/1.1" 200 27
114.95.241.104 - - [08/Oct/2023:06:27:12 +0800] "GET /xingrg/all/function/internal_message.html?_=1696717631914&CODE_STATE=getMsg HTTP/1.1" 200 27
114.95.241.104 - - [08/Oct/2023:06:27:20 +0800] "GET /xingrg/all/function/internal_message.html?_=1696717638475&CODE_STATE=getMsg HTTP/1.1" 200 27
114.95.241.104 - - [08/Oct/2023:06:27:20 +0800] "GET /xingrg/all/function/internal_message.html?_=1696717638865&CODE_STATE=getMsg HTTP/1.1" 200 27
116.230.110.33 - - [08/Oct/2023:06:27:31 +0800] "GET /xingrg/all/function/internal_message.html?_=1696717508878&CODE_STATE=getMsg HTTP/1.1" 200 27
120.253.135.82 - - [08/Oct/2023:06:27:35 +0800] "GET /xingrg/all/function/internal_message.html?_=1696717458620&CODE_STATE=getMsg HTTP/1.1" 200 27
222.70.169.61 - - [08/Oct/2023:06:27:53 +0800] "GET /xingrg/all/function/internal_message.html?_=1696717698881&CODE_STATE=getMsg HTTP/1.1" 200 27
120.253.135.82 - - [08/Oct/2023:06:28:00 +0800] "POST /xingrg/kc/pszx/mdps_order_operate.html HTTP/1.1" 200 37
120.253.135.82 - - [08/Oct/2023:06:28:01 +0800] "GET /xingrg/kc/pszx/mdps_order_info.html?code=312023100800210 HTTP/1.1" 200 23978
120.253.135.82 - - [08/Oct/2023:06:28:02 +0800] "GET /xingrg/javascript/easyui/themes/default/validatebox.css HTTP/1.1" 404 1104
120.253.135.82 - - [08/Oct/2023:06:28:02 +0800] "POST /xingrg/kc/pszx/mdps_order_operate.html HTTP/1.1" 200 6784
120.253.135.82 - - [08/Oct/2023:06:28:12 +0800] "GET /xingrg/kc/pszx/mdps_order_info.html?code=312023100800210 HTTP/1.1" 200 23978
120.253.135.82 - - [08/Oct/2023:06:28:12 +0800] "GET /xingrg/javascript/easyui/themes/default/validatebox.css HTTP/1.1" 404 1104
124.79.244.25 - - [08/Oct/2023:06:28:12 +0800] "GET /xingrg/all/function/internal_message.html?_=1696717691522&CODE_STATE=getMsg HTTP/1.1" 200 27
114.95.241.104 - - [08/Oct/2023:06:28:12 +0800] "GET /xingrg/check_reg.html?_=1696717691914 HTTP/1.1" 200 22
114.95.241.104 - - [08/Oct/2023:06:28:12 +0800] "GET /xingrg/all/function/internal_message.html?_=1696717691929&CODE_STATE=getMsg HTTP/1.1" 200 27
120.253.135.82 - - [08/Oct/2023:06:28:12 +0800] "POST /xingrg/kc/pszx/mdps_order_operate.html HTTP/1.1" 200 6784
114.95.241.104 - - [08/Oct/2023:06:28:20 +0800] "GET /xingrg/check_reg.html?_=1696717698474 HTTP/1.1" 200 22
114.95.241.104 - - [08/Oct/2023:06:28:20 +0800] "GET /xingrg/all/function/internal_message.html?_=1696717698477&CODE_STATE=getMsg HTTP/1.1" 200 27
114.95.241.104 - - [08/Oct/2023:06:28:20 +0800] "GET /xingrg/all/function/internal_message.html?_=1696717698862&CODE_STATE=getMsg HTTP/1.1" 200 27
114.95.241.104 - - [08/Oct/2023:06:28:20 +0800] "GET /xingrg/check_reg.html?_=1696717698866 HTTP/1.1" 200 22
120.253.135.82 - - [08/Oct/2023:06:28:21 +0800] "POST /xingrg/kc/pszx/mdps_list_operate.html HTTP/1.1" 200 2808
120.253.135.82 - - [08/Oct/2023:06:28:22 +0800] "POST /xingrg/kc/pszx/mdps_list_operate.html HTTP/1.1" 200 624
120.253.135.82 - - [08/Oct/2023:06:28:23 +0800] "GET /xingrg/kc/pszx/mdps_order_info.html?code=312023100800211 HTTP/1.1" 200 23978
120.253.135.82 - - [08/Oct/2023:06:28:24 +0800] "GET /xingrg/javascript/easyui/themes/default/validatebox.css HTTP/1.1" 404 1104
120.253.135.82 - - [08/Oct/2023:06:28:24 +0800] "POST /xingrg/kc/pszx/mdps_order_operate.html HTTP/1.1" 200 12613
120.253.135.82 - - [08/Oct/2023:06:28:26 +0800] "POST /xingrg/all/common/load_combo.html?type=base HTTP/1.1" 200 1169
120.253.135.82 - - [08/Oct/2023:06:28:30 +0800] "POST /xingrg/kc/pszx/mdps_order_operate.html HTTP/1.1" 200 37
116.230.110.33 - - [08/Oct/2023:06:28:31 +0800] "GET /xingrg/all/function/internal_message.html?_=1696717568872&CODE_STATE=getMsg HTTP/1.1" 200 27
120.253.135.82 - - [08/Oct/2023:06:28:32 +0800] "GET /xingrg/kc/pszx/mdps_order_info.html?code=312023100800211 HTTP/1.1" 200 23978
120.253.135.82 - - [08/Oct/2023:06:28:33 +0800] "GET /xingrg/javascript/easyui/themes/default/validatebox.css HTTP/1.1" 404 1104
120.253.135.82 - - [08/Oct/2023:06:28:33 +0800] "POST /xingrg/kc/pszx/mdps_order_operate.html HTTP/1.1" 200 12798
120.253.135.82 - - [08/Oct/2023:06:28:36 +0800] "GET /xingrg/all/function/internal_message.html?_=1696717518633&CODE_STATE=getMsg HTTP/1.1" 200 27
222.70.169.61 - - [08/Oct/2023:06:28:53 +0800] "GET /xingrg/all/function/internal_message.html?_=1696717758897&CODE_STATE=getMsg HTTP/1.1" 200 27
124.79.244.25 - - [08/Oct/2023:06:29:12 +0800] "GET /xingrg/all/function/internal_message.html?_=1696717751517&CODE_STATE=getMsg HTTP/1.1" 200 27
124.79.244.25 - - [08/Oct/2023:06:29:12 +0800] "GET /xingrg/check_reg.html?_=1696717751519 HTTP/1.1" 200 22
114.95.241.104 - - [08/Oct/2023:06:29:12 +0800] "GET /xingrg/all/function/internal_message.html?_=1696717751913&CODE_STATE=getMsg HTTP/1.1" 200 27
114.95.241.104 - - [08/Oct/2023:06:29:20 +0800] "GET /xingrg/all/function/internal_message.html?_=1696717758473&CODE_STATE=getMsg HTTP/1.1" 200 27
114.95.241.104 - - [08/Oct/2023:06:29:20 +0800] "GET /xingrg/all/function/internal_message.html?_=1696717758878&CODE_STATE=getMsg HTTP/1.1" 200 27
116.230.110.33 - - [08/Oct/2023:06:29:31 +0800] "GET /xingrg/all/function/internal_message.html?_=1696717628855&CODE_STATE=getMsg HTTP/1.1" 200 27
120.253.135.82 - - [08/Oct/2023:06:29:36 +0800] "GET /xingrg/all/function/internal_message.html?_=1696717578647&CODE_STATE=getMsg HTTP/1.1" 200 27
116.230.110.33 - - [08/Oct/2023:06:29:42 +0800] "GET /xingrg/check_reg.html?_=1696717639408 HTTP/1.1" 200 22
222.70.169.61 - - [08/Oct/2023:06:29:45 +0800] "GET /xingrg/check_reg.html?_=1696717810784 HTTP/1.1" 200 22
222.70.169.61 - - [08/Oct/2023:06:29:53 +0800] "GET /xingrg/all/function/internal_message.html?_=1696717818905&CODE_STATE=getMsg HTTP/1.1" 200 27
124.79.244.25 - - [08/Oct/2023:06:30:12 +0800] "GET /xingrg/all/function/internal_message.html?_=1696717811505&CODE_STATE=getMsg HTTP/1.1" 200 27
114.95.241.104 - - [08/Oct/2023:06:30:12 +0800] "GET /xingrg/all/function/internal_message.html?_=1696717811914&CODE_STATE=getMsg HTTP/1.1" 200 27
120.253.135.82 - - [08/Oct/2023:06:30:14 +0800] "GET /xingrg/check_reg.html?_=1696717616805 HTTP/1.1" 200 22
114.95.241.104 - - [08/Oct/2023:06:30:20 +0800] "GET /xingrg/all/function/internal_message.html?_=1696717818462&CODE_STATE=getMsg HTTP/1.1" 200 27
114.95.241.104 - - [08/Oct/2023:06:30:20 +0800] "GET /xingrg/all/function/internal_message.html?_=1696717818870&CODE_STATE=getMsg HTTP/1.1" 200 27
116.230.110.33 - - [08/Oct/2023:06:30:31 +0800] "GET /xingrg/all/function/internal_message.html?_=1696717688844&CODE_STATE=getMsg HTTP/1.1" 200 27
120.253.135.82 - - [08/Oct/2023:06:30:36 +0800] "GET /xingrg/all/function/internal_message.html?_=1696717638661&CODE_STATE=getMsg HTTP/1.1" 200 27
120.253.135.82 - - [08/Oct/2023:06:30:51 +0800] "GET /xingrg/kc/pszx/mdps_order_operate.html?command=get_materiel&pszx_code=00101&rest_code=00148&base_code=0010250&code=00102002257 HTTP/1.1" 200 442
222.70.169.61 - - [08/Oct/2023:06:30:53 +0800] "GET /xingrg/all/function/internal_message.html?_=1696717878919&CODE_STATE=getMsg HTTP/1.1" 200 27
120.253.135.82 - - [08/Oct/2023:06:30:59 +0800] "POST /xingrg/kc/pszx/mdps_order_operate.html HTTP/1.1" 200 37
120.253.135.82 - - [08/Oct/2023:06:31:01 +0800] "GET /xingrg/kc/pszx/mdps_order_info.html?code=312023100800211 HTTP/1.1" 200 23978
120.253.135.82 - - [08/Oct/2023:06:31:01 +0800] "GET /xingrg/javascript/easyui/themes/default/validatebox.css HTTP/1.1" 404 1104
120.253.135.82 - - [08/Oct/2023:06:31:02 +0800] "POST /xingrg/kc/pszx/mdps_order_operate.html HTTP/1.1" 200 12811
120.253.135.82 - - [08/Oct/2023:06:31:10 +0800] "POST /xingrg/kc/pszx/mdps_list_operate.html HTTP/1.1" 200 2808
120.253.135.82 - - [08/Oct/2023:06:31:12 +0800] "POST /xingrg/kc/pszx/mdps_list_operate.html HTTP/1.1" 200 527
124.79.244.25 - - [08/Oct/2023:06:31:12 +0800] "GET /xingrg/all/function/internal_message.html?_=1696717871522&CODE_STATE=getMsg HTTP/1.1" 200 27
114.95.241.104 - - [08/Oct/2023:06:31:12 +0800] "GET /xingrg/all/function/internal_message.html?_=1696717871922&CODE_STATE=getMsg HTTP/1.1" 200 27
120.253.135.82 - - [08/Oct/2023:06:31:17 +0800] "POST /xingrg/kc/pszx/mdps_list_operate.html HTTP/1.1" 200 651
120.253.135.82 - - [08/Oct/2023:06:31:18 +0800] "GET /xingrg/kc/pszx/mdps_order_info.html?code=312023100800212 HTTP/1.1" 200 23978
120.253.135.82 - - [08/Oct/2023:06:31:19 +0800] "GET /xingrg/javascript/easyui/themes/default/validatebox.css HTTP/1.1" 404 1104
120.253.135.82 - - [08/Oct/2023:06:31:19 +0800] "POST /xingrg/kc/pszx/mdps_order_operate.html HTTP/1.1" 200 5346
114.95.241.104 - - [08/Oct/2023:06:31:20 +0800] "GET /xingrg/all/function/internal_message.html?_=1696717878479&CODE_STATE=getMsg HTTP/1.1" 200 27
114.95.241.104 - - [08/Oct/2023:06:31:20 +0800] "GET /xingrg/all/function/internal_message.html?_=1696717878870&CODE_STATE=getMsg HTTP/1.1" 200 27
218.81.72.90 - - [08/Oct/2023:06:31:20 +0800] "GET /xingrg/check_reg.html?_=1696717880385 HTTP/1.1" 200 22
120.253.135.82 - - [08/Oct/2023:06:31:23 +0800] "POST /xingrg/kc/pszx/mdps_order_operate.html HTTP/1.1" 200 37
120.253.135.82 - - [08/Oct/2023:06:31:25 +0800] "GET /xingrg/kc/pszx/mdps_order_info.html?code=312023100800212 HTTP/1.1" 200 23978
120.253.135.82 - - [08/Oct/2023:06:31:26 +0800] "GET /xingrg/javascript/easyui/themes/default/validatebox.css HTTP/1.1" 404 1104
120.253.135.82 - - [08/Oct/2023:06:31:26 +0800] "POST /xingrg/kc/pszx/mdps_order_operate.html HTTP/1.1" 200 5401
116.230.110.33 - - [08/Oct/2023:06:31:31 +0800] "GET /xingrg/all/function/internal_message.html?_=1696717748822&CODE_STATE=getMsg HTTP/1.1" 200 27
120.253.135.82 - - [08/Oct/2023:06:31:36 +0800] "GET /xingrg/all/function/internal_message.html?_=1696717698674&CODE_STATE=getMsg HTTP/1.1" 200 27
120.253.135.82 - - [08/Oct/2023:06:31:40 +0800] "POST /xingrg/kc/pszx/mdps_order_operate.html HTTP/1.1" 200 37
120.253.135.82 - - [08/Oct/2023:06:31:41 +0800] "GET /xingrg/kc/pszx/mdps_order_info.html?code=312023100800212 HTTP/1.1" 200 23978
120.253.135.82 - - [08/Oct/2023:06:31:42 +0800] "GET /xingrg/javascript/easyui/themes/default/validatebox.css HTTP/1.1" 404 1104
120.253.135.82 - - [08/Oct/2023:06:31:42 +0800] "POST /xingrg/kc/pszx/mdps_order_operate.html HTTP/1.1" 200 5401
120.253.135.82 - - [08/Oct/2023:06:31:44 +0800] "POST /xingrg/kc/pszx/mdps_list_operate.html HTTP/1.1" 200 2808
120.253.135.82 - - [08/Oct/2023:06:31:45 +0800] "POST /xingrg/kc/pszx/mdps_list_operate.html HTTP/1.1" 200 527
222.70.180.200 - - [08/Oct/2023:06:31:48 +0800] "GET /xingrg/check_reg.html?_=1696718254602 HTTP/1.1" 302 -
120.253.135.82 - - [08/Oct/2023:06:31:51 +0800] "GET /xingrg/kc/report/report_main.html HTTP/1.1" 200 8599
120.253.135.82 - - [08/Oct/2023:06:31:51 +0800] "GET /xingrg/javascript/jquery_ui/themes/humanity/humanity.css HTTP/1.1" 304 -
120.253.135.82 - - [08/Oct/2023:06:31:52 +0800] "GET /xingrg/kc/base/kc_stocks.html HTTP/1.1" 200 16506
120.253.135.82 - - [08/Oct/2023:06:31:52 +0800] "GET /xingrg/javascript/easyui/themes/sunny/easyui.css HTTP/1.1" 304 -
120.253.135.82 - - [08/Oct/2023:06:31:53 +0800] "GET /xingrg/javascript/easyui/plugins/jquery.draggable.js HTTP/1.1" 304 -
120.253.135.82 - - [08/Oct/2023:06:31:53 +0800] "GET /xingrg/javascript/easyui/plugins/jquery.droppable.js HTTP/1.1" 304 -
120.253.135.82 - - [08/Oct/2023:06:31:53 +0800] "GET /xingrg/javascript/easyui/themes/default/tree.css HTTP/1.1" 404 1090
120.253.135.82 - - [08/Oct/2023:06:31:53 +0800] "GET /xingrg/javascript/easyui/plugins/jquery.tree.js HTTP/1.1" 304 -
120.253.135.82 - - [08/Oct/2023:06:31:53 +0800] "POST /xingrg/all/common/load_tree.html?tree=materiel_sort_tree_json HTTP/1.1" 200 9500
222.70.169.61 - - [08/Oct/2023:06:31:53 +0800] "GET /xingrg/all/function/internal_message.html?_=1696717938937&CODE_STATE=getMsg HTTP/1.1" 200 27
120.253.135.82 - - [08/Oct/2023:06:31:54 +0800] "POST /xingrg/all/common/load_combo.html?type=base HTTP/1.1" 200 1169
124.79.244.25 - - [08/Oct/2023:06:32:12 +0800] "GET /xingrg/all/function/internal_message.html?_=1696717931514&CODE_STATE=getMsg HTTP/1.1" 200 27
114.95.241.104 - - [08/Oct/2023:06:32:12 +0800] "GET /xingrg/all/function/internal_message.html?_=1696717931923&CODE_STATE=getMsg HTTP/1.1" 200 27
114.95.241.104 - - [08/Oct/2023:06:32:20 +0800] "GET /xingrg/all/function/internal_message.html?_=1696717938477&CODE_STATE=getMsg HTTP/1.1" 200 27
114.95.241.104 - - [08/Oct/2023:06:32:20 +0800] "GET /xingrg/all/function/internal_message.html?_=1696717938867&CODE_STATE=getMsg HTTP/1.1" 200 27
116.230.110.33 - - [08/Oct/2023:06:32:31 +0800] "GET /xingrg/all/function/internal_message.html?_=1696717808801&CODE_STATE=getMsg HTTP/1.1" 200 27
120.253.135.82 - - [08/Oct/2023:06:32:36 +0800] "GET /xingrg/all/function/internal_message.html?_=1696717758836&CODE_STATE=getMsg HTTP/1.1" 200 27
222.70.169.61 - - [08/Oct/2023:06:32:53 +0800] "GET /xingrg/all/function/internal_message.html?_=1696717998949&CODE_STATE=getMsg HTTP/1.1" 200 27
124.79.244.25 - - [08/Oct/2023:06:33:12 +0800] "GET /xingrg/all/function/internal_message.html?_=1696717991531&CODE_STATE=getMsg HTTP/1.1" 200 27
114.95.241.104 - - [08/Oct/2023:06:33:12 +0800] "GET /xingrg/all/function/internal_message.html?_=1696717991924&CODE_STATE=getMsg HTTP/1.1" 200 27
114.95.241.104 - - [08/Oct/2023:06:33:12 +0800] "GET /xingrg/check_reg.html?_=1696717991928 HTTP/1.1" 200 22
114.95.241.104 - - [08/Oct/2023:06:33:20 +0800] "GET /xingrg/check_reg.html?_=1696717998468 HTTP/1.1" 200 22
114.95.241.104 - - [08/Oct/2023:06:33:20 +0800] "GET /xingrg/all/function/internal_message.html?_=1696717998472&CODE_STATE=getMsg HTTP/1.1" 200 27
114.95.241.104 - - [08/Oct/2023:06:33:20 +0800] "GET /xingrg/check_reg.html?_=1696717998872 HTTP/1.1" 200 22
114.95.241.104 - - [08/Oct/2023:06:33:20 +0800] "GET /xingrg/all/function/internal_message.html?_=1696717998874&CODE_STATE=getMsg HTTP/1.1" 200 27
120.253.135.82 - - [08/Oct/2023:06:33:21 +0800] "POST /xingrg/kc/base/stock_operate.html HTTP/1.1" 200 1464
120.253.135.82 - - [08/Oct/2023:06:33:21 +0800] "GET /xingrg/javascript/jquery_tools/fix_table.js HTTP/1.1" 304 -
116.230.110.33 - - [08/Oct/2023:06:33:31 +0800] "GET /xingrg/all/function/internal_message.html?_=1696717868793&CODE_STATE=getMsg HTTP/1.1" 200 27
120.253.135.82 - - [08/Oct/2023:06:33:36 +0800] "GET /xingrg/all/function/internal_message.html?_=1696717818841&CODE_STATE=getMsg HTTP/1.1" 200 27
222.70.169.61 - - [08/Oct/2023:06:33:53 +0800] "GET /xingrg/all/function/internal_message.html?_=1696718058964&CODE_STATE=getMsg HTTP/1.1" 200 27
114.83.218.82 - - [08/Oct/2023:06:34:08 +0800] "POST /xingrg/services/DataTransmitService HTTP/1.1" 200 524
124.79.244.25 - - [08/Oct/2023:06:34:12 +0800] "GET /xingrg/check_reg.html?_=1696718051522 HTTP/1.1" 200 22
124.79.244.25 - - [08/Oct/2023:06:34:12 +0800] "GET /xingrg/all/function/internal_message.html?_=1696718051525&CODE_STATE=getMsg HTTP/1.1" 200 27
114.95.241.104 - - [08/Oct/2023:06:34:12 +0800] "GET /xingrg/all/function/internal_message.html?_=1696718051940&CODE_STATE=getMsg HTTP/1.1" 200 27
218.81.72.90 - - [08/Oct/2023:06:34:14 +0800] "POST /xingrg/services/DataTransmitService HTTP/1.1" 200 524
114.95.241.104 - - [08/Oct/2023:06:34:20 +0800] "GET /xingrg/all/function/internal_message.html?_=1696718058482&CODE_STATE=getMsg HTTP/1.1" 200 27
114.95.241.104 - - [08/Oct/2023:06:34:20 +0800] "GET /xingrg/all/function/internal_message.html?_=1696718058871&CODE_STATE=getMsg HTTP/1.1" 200 27
120.253.135.82 - - [08/Oct/2023:06:34:23 +0800] "POST /xingrg/kc/base/stock_operate.html HTTP/1.1" 200 1465
222.70.180.200 - - [08/Oct/2023:06:34:28 +0800] "POST /xingrg/services/DataTransmitService HTTP/1.1" 200 524
116.230.110.33 - - [08/Oct/2023:06:34:31 +0800] "GET /xingrg/all/function/internal_message.html?_=1696717928774&CODE_STATE=getMsg HTTP/1.1" 200 27
120.253.135.82 - - [08/Oct/2023:06:34:36 +0800] "GET /xingrg/all/function/internal_message.html?_=1696717878855&CODE_STATE=getMsg HTTP/1.1" 200 27
116.230.110.33 - - [08/Oct/2023:06:34:42 +0800] "GET /xingrg/check_reg.html?_=1696717939406 HTTP/1.1" 200 22
222.70.169.61 - - [08/Oct/2023:06:34:45 +0800] "GET /xingrg/check_reg.html?_=1696718110789 HTTP/1.1" 200 22
222.70.169.61 - - [08/Oct/2023:06:34:53 +0800] "GET /xingrg/all/function/internal_message.html?_=1696718118974&CODE_STATE=getMsg HTTP/1.1" 200 27
124.79.244.25 - - [08/Oct/2023:06:35:12 +0800] "GET /xingrg/all/function/internal_message.html?_=1696718111511&CODE_STATE=getMsg HTTP/1.1" 200 27
114.95.241.104 - - [08/Oct/2023:06:35:12 +0800] "GET /xingrg/all/function/internal_message.html?_=1696718111941&CODE_STATE=getMsg HTTP/1.1" 200 27
120.253.135.82 - - [08/Oct/2023:06:35:14 +0800] "GET /xingrg/check_reg.html?_=1696717916815 HTTP/1.1" 200 22
114.95.241.104 - - [08/Oct/2023:06:35:20 +0800] "GET /xingrg/all/function/internal_message.html?_=1696718118475&CODE_STATE=getMsg HTTP/1.1" 200 27
114.95.241.104 - - [08/Oct/2023:06:35:20 +0800] "GET /xingrg/all/function/internal_message.html?_=1696718118862&CODE_STATE=getMsg HTTP/1.1" 200 27
116.230.110.33 - - [08/Oct/2023:06:35:31 +0800] "GET /xingrg/all/function/internal_message.html?_=1696717988761&CODE_STATE=getMsg HTTP/1.1" 200 27
120.253.135.82 - - [08/Oct/2023:06:35:36 +0800] "GET /xingrg/all/function/internal_message.html?_=1696717938869&CODE_STATE=getMsg HTTP/1.1" 200 27
222.70.169.61 - - [08/Oct/2023:06:35:53 +0800] "GET /xingrg/all/function/internal_message.html?_=1696718178987&CODE_STATE=getMsg HTTP/1.1" 200 27
124.79.244.25 - - [08/Oct/2023:06:36:12 +0800] "GET /xingrg/all/function/internal_message.html?_=1696718171520&CODE_STATE=getMsg HTTP/1.1" 200 27
114.95.241.104 - - [08/Oct/2023:06:36:12 +0800] "GET /xingrg/all/function/internal_message.html?_=1696718171941&CODE_STATE=getMsg HTTP/1.1" 200 27
114.95.241.104 - - [08/Oct/2023:06:36:20 +0800] "GET /xingrg/all/function/internal_message.html?_=1696718178475&CODE_STATE=getMsg HTTP/1.1" 200 27
114.95.241.104 - - [08/Oct/2023:06:36:20 +0800] "GET /xingrg/all/function/internal_message.html?_=1696718178880&CODE_STATE=getMsg HTTP/1.1" 200 27
218.81.72.90 - - [08/Oct/2023:06:36:20 +0800] "GET /xingrg/check_reg.html?_=1696718180392 HTTP/1.1" 200 22
116.230.110.33 - - [08/Oct/2023:06:36:31 +0800] "GET /xingrg/all/function/internal_message.html?_=1696718048737&CODE_STATE=getMsg HTTP/1.1" 200 27
120.253.135.82 - - [08/Oct/2023:06:36:36 +0800] "GET /xingrg/all/function/internal_message.html?_=1696717998885&CODE_STATE=getMsg HTTP/1.1" 200 27
222.70.180.200 - - [08/Oct/2023:06:36:48 +0800] "GET /xingrg/check_reg.html?_=1696718554578 HTTP/1.1" 302 -
120.253.135.82 - - [08/Oct/2023:06:36:53 +0800] "POST /xingrg/kc/base/stock_operate.html HTTP/1.1" 200 2765
222.70.169.61 - - [08/Oct/2023:06:36:54 +0800] "GET /xingrg/all/function/internal_message.html?_=1696718239014&CODE_STATE=getMsg HTTP/1.1" 200 27
124.79.244.25 - - [08/Oct/2023:06:37:12 +0800] "GET /xingrg/all/function/internal_message.html?_=1696718231509&CODE_STATE=getMsg HTTP/1.1" 200 27
114.95.241.104 - - [08/Oct/2023:06:37:12 +0800] "GET /xingrg/all/function/internal_message.html?_=1696718231941&CODE_STATE=getMsg HTTP/1.1" 200 27
114.95.241.104 - - [08/Oct/2023:06:37:20 +0800] "GET /xingrg/all/function/internal_message.html?_=1696718238477&CODE_STATE=getMsg HTTP/1.1" 200 27
114.95.241.104 - - [08/Oct/2023:06:37:20 +0800] "GET /xingrg/all/function/internal_message.html?_=1696718238881&CODE_STATE=getMsg HTTP/1.1" 200 27
116.230.110.33 - - [08/Oct/2023:06:37:31 +0800] "GET /xingrg/all/function/internal_message.html?_=1696718108711&CODE_STATE=getMsg HTTP/1.1" 200 27
120.253.135.82 - - [08/Oct/2023:06:37:36 +0800] "GET /xingrg/all/function/internal_message.html?_=1696718058896&CODE_STATE=getMsg HTTP/1.1" 200 27
222.70.169.61 - - [08/Oct/2023:06:37:54 +0800] "GET /xingrg/all/function/internal_message.html?_=1696718299031&CODE_STATE=getMsg HTTP/1.1" 200 27
124.79.244.25 - - [08/Oct/2023:06:38:12 +0800] "GET /xingrg/all/function/internal_message.html?_=1696718291526&CODE_STATE=getMsg HTTP/1.1" 200 27
114.95.241.104 - - [08/Oct/2023:06:38:12 +0800] "GET /xingrg/check_reg.html?_=1696718291941 HTTP/1.1" 200 22
114.95.241.104 - - [08/Oct/2023:06:38:12 +0800] "GET /xingrg/all/function/internal_message.html?_=1696718291945&CODE_STATE=getMsg HTTP/1.1" 200 27
120.253.135.82 - - [08/Oct/2023:06:38:18 +0800] "POST /xingrg/kc/base/stock_operate.html HTTP/1.1" 200 1484
114.95.241.104 - - [08/Oct/2023:06:38:20 +0800] "GET /xingrg/check_reg.html?_=1696718298465 HTTP/1.1" 200 22
114.95.241.104 - - [08/Oct/2023:06:38:20 +0800] "GET /xingrg/all/function/internal_message.html?_=1696718298467&CODE_STATE=getMsg HTTP/1.1" 200 27
114.95.241.104 - - [08/Oct/2023:06:38:20 +0800] "GET /xingrg/check_reg.html?_=1696718298873 HTTP/1.1" 200 22
114.95.241.104 - - [08/Oct/2023:06:38:20 +0800] "GET /xingrg/all/function/internal_message.html?_=1696718298875&CODE_STATE=getMsg HTTP/1.1" 200 27
116.230.110.33 - - [08/Oct/2023:06:38:31 +0800] "GET /xingrg/all/function/internal_message.html?_=1696718168686&CODE_STATE=getMsg HTTP/1.1" 200 27
120.253.135.82 - - [08/Oct/2023:06:38:36 +0800] "GET /xingrg/all/function/internal_message.html?_=1696718118909&CODE_STATE=getMsg HTTP/1.1" 200 27
222.70.169.61 - - [08/Oct/2023:06:38:54 +0800] "GET /xingrg/all/function/internal_message.html?_=1696718359052&CODE_STATE=getMsg HTTP/1.1" 200 27
124.79.244.25 - - [08/Oct/2023:06:39:12 +0800] "GET /xingrg/check_reg.html?_=1696718351527 HTTP/1.1" 200 22
124.79.244.25 - - [08/Oct/2023:06:39:12 +0800] "GET /xingrg/all/function/internal_message.html?_=1696718351530&CODE_STATE=getMsg HTTP/1.1" 200 27
114.95.241.104 - - [08/Oct/2023:06:39:12 +0800] "GET /xingrg/all/function/internal_message.html?_=1696718351969&CODE_STATE=getMsg HTTP/1.1" 200 27
114.95.241.104 - - [08/Oct/2023:06:39:20 +0800] "GET /xingrg/all/function/internal_message.html?_=1696718358484&CODE_STATE=getMsg HTTP/1.1" 200 27
114.95.241.104 - - [08/Oct/2023:06:39:20 +0800] "GET /xingrg/all/function/internal_message.html?_=1696718358874&CODE_STATE=getMsg HTTP/1.1" 200 27
116.230.110.33 - - [08/Oct/2023:06:39:31 +0800] "GET /xingrg/all/function/internal_message.html?_=1696718228666&CODE_STATE=getMsg HTTP/1.1" 200 27
120.253.135.82 - - [08/Oct/2023:06:39:36 +0800] "GET /xingrg/all/function/internal_message.html?_=1696718178924&CODE_STATE=getMsg HTTP/1.1" 200 27
116.230.110.33 - - [08/Oct/2023:06:39:42 +0800] "GET /xingrg/check_reg.html?_=1696718239412 HTTP/1.1" 200 22
222.70.169.61 - - [08/Oct/2023:06:39:45 +0800] "GET /xingrg/check_reg.html?_=1696718410790 HTTP/1.1" 200 22
222.70.169.61 - - [08/Oct/2023:06:39:54 +0800] "GET /xingrg/all/function/internal_message.html?_=1696718419058&CODE_STATE=getMsg HTTP/1.1" 200 27
124.79.244.25 - - [08/Oct/2023:06:40:12 +0800] "GET /xingrg/all/function/internal_message.html?_=1696718411531&CODE_STATE=getMsg HTTP/1.1" 200 27
114.95.241.104 - - [08/Oct/2023:06:40:12 +0800] "GET /xingrg/all/function/internal_message.html?_=1696718411970&CODE_STATE=getMsg HTTP/1.1" 200 27
120.253.135.82 - - [08/Oct/2023:06:40:14 +0800] "GET /xingrg/check_reg.html?_=1696718216961 HTTP/1.1" 200 22
114.95.241.104 - - [08/Oct/2023:06:40:20 +0800] "GET /xingrg/all/function/internal_message.html?_=1696718418479&CODE_STATE=getMsg HTTP/1.1" 200 27
114.95.241.104 - - [08/Oct/2023:06:40:20 +0800] "GET /xingrg/all/function/internal_message.html?_=1696718418869&CODE_STATE=getMsg HTTP/1.1" 200 27
116.230.110.33 - - [08/Oct/2023:06:40:31 +0800] "GET /xingrg/all/function/internal_message.html?_=1696718288650&CODE_STATE=getMsg HTTP/1.1" 200 27
120.253.135.82 - - [08/Oct/2023:06:40:36 +0800] "GET /xingrg/all/function/internal_message.html?_=1696718238936&CODE_STATE=getMsg HTTP/1.1" 200 27
222.70.169.61 - - [08/Oct/2023:06:40:54 +0800] "GET /xingrg/all/function/internal_message.html?_=1696718479070&CODE_STATE=getMsg HTTP/1.1" 200 27
124.79.244.25 - - [08/Oct/2023:06:41:12 +0800] "GET /xingrg/all/function/internal_message.html?_=1696718471530&CODE_STATE=getMsg HTTP/1.1" 200 27
114.95.241.104 - - [08/Oct/2023:06:41:12 +0800] "GET /xingrg/all/function/internal_message.html?_=1696718471971&CODE_STATE=getMsg HTTP/1.1" 200 27
114.95.241.104 - - [08/Oct/2023:06:41:20 +0800] "GET /xingrg/all/function/internal_message.html?_=1696718478472&CODE_STATE=getMsg HTTP/1.1" 200 27
114.95.241.104 - - [08/Oct/2023:06:41:20 +0800] "GET /xingrg/all/function/internal_message.html?_=1696718478861&CODE_STATE=getMsg HTTP/1.1" 200 27
218.81.72.90 - - [08/Oct/2023:06:41:20 +0800] "GET /xingrg/check_reg.html?_=1696718480369 HTTP/1.1" 200 22
116.230.110.33 - - [08/Oct/2023:06:41:31 +0800] "GET /xingrg/all/function/internal_message.html?_=1696718348624&CODE_STATE=getMsg HTTP/1.1" 200 27
120.253.135.82 - - [08/Oct/2023:06:41:36 +0800] "GET /xingrg/all/function/internal_message.html?_=1696718298950&CODE_STATE=getMsg HTTP/1.1" 200 27
222.70.180.200 - - [08/Oct/2023:06:41:48 +0800] "GET /xingrg/check_reg.html?_=1696718854556 HTTP/1.1" 302 -
222.70.169.61 - - [08/Oct/2023:06:41:54 +0800] "GET /xingrg/all/function/internal_message.html?_=1696718539088&CODE_STATE=getMsg HTTP/1.1" 200 27
124.79.244.25 - - [08/Oct/2023:06:42:12 +0800] "GET /xingrg/all/function/internal_message.html?_=1696718531518&CODE_STATE=getMsg HTTP/1.1" 200 27
114.95.241.104 - - [08/Oct/2023:06:42:12 +0800] "GET /xingrg/all/function/internal_message.html?_=1696718531980&CODE_STATE=getMsg HTTP/1.1" 200 27
114.95.241.104 - - [08/Oct/2023:06:42:20 +0800] "GET /xingrg/all/function/internal_message.html?_=1696718538463&CODE_STATE=getMsg HTTP/1.1" 200 27
114.95.241.104 - - [08/Oct/2023:06:42:20 +0800] "GET /xingrg/all/function/internal_message.html?_=1696718538869&CODE_STATE=getMsg HTTP/1.1" 200 27
116.230.110.33 - - [08/Oct/2023:06:42:31 +0800] "GET /xingrg/all/function/internal_message.html?_=1696718408609&CODE_STATE=getMsg HTTP/1.1" 200 27
120.253.135.82 - - [08/Oct/2023:06:42:36 +0800] "GET /xingrg/all/function/internal_message.html?_=1696718359102&CODE_STATE=getMsg HTTP/1.1" 200 27
222.70.169.61 - - [08/Oct/2023:06:42:54 +0800] "GET /xingrg/all/function/internal_message.html?_=1696718599097&CODE_STATE=getMsg HTTP/1.1" 200 27
124.79.244.25 - - [08/Oct/2023:06:43:12 +0800] "GET /xingrg/all/function/internal_message.html?_=1696718591506&CODE_STATE=getMsg HTTP/1.1" 200 27
114.95.241.104 - - [08/Oct/2023:06:43:12 +0800] "GET /xingrg/check_reg.html?_=1696718591966 HTTP/1.1" 200 22
114.95.241.104 - - [08/Oct/2023:06:43:12 +0800] "GET /xingrg/all/function/internal_message.html?_=1696718591969&CODE_STATE=getMsg HTTP/1.1" 200 27
114.95.241.104 - - [08/Oct/2023:06:43:20 +0800] "GET /xingrg/all/function/internal_message.html?_=1696718598475&CODE_STATE=getMsg HTTP/1.1" 200 27
114.95.241.104 - - [08/Oct/2023:06:43:20 +0800] "GET /xingrg/check_reg.html?_=1696718598478 HTTP/1.1" 200 22
114.95.241.104 - - [08/Oct/2023:06:43:20 +0800] "GET /xingrg/all/function/internal_message.html?_=1696718598870&CODE_STATE=getMsg HTTP/1.1" 200 27
114.95.241.104 - - [08/Oct/2023:06:43:20 +0800] "GET /xingrg/check_reg.html?_=1696718598873 HTTP/1.1" 200 22
116.230.110.33 - - [08/Oct/2023:06:43:31 +0800] "GET /xingrg/all/function/internal_message.html?_=1696718468586&CODE_STATE=getMsg HTTP/1.1" 200 27
120.253.135.82 - - [08/Oct/2023:06:43:36 +0800] "GET /xingrg/all/function/internal_message.html?_=1696718419103&CODE_STATE=getMsg HTTP/1.1" 200 27
222.70.169.61 - - [08/Oct/2023:06:43:54 +0800] "GET /xingrg/all/function/internal_message.html?_=1696718659120&CODE_STATE=getMsg HTTP/1.1" 200 27
124.79.244.25 - - [08/Oct/2023:06:44:12 +0800] "GET /xingrg/all/function/internal_message.html?_=1696718651522&CODE_STATE=getMsg HTTP/1.1" 200 27
124.79.244.25 - - [08/Oct/2023:06:44:12 +0800] "GET /xingrg/check_reg.html?_=1696718651525 HTTP/1.1" 200 22
114.95.241.104 - - [08/Oct/2023:06:44:12 +0800] "GET /xingrg/all/function/internal_message.html?_=1696718651977&CODE_STATE=getMsg HTTP/1.1" 200 27
114.95.241.104 - - [08/Oct/2023:06:44:20 +0800] "GET /xingrg/all/function/internal_message.html?_=1696718658466&CODE_STATE=getMsg HTTP/1.1" 200 27
120.253.135.82 - - [08/Oct/2023:06:44:20 +0800] "POST /xingrg/kc/base/stock_operate.html HTTP/1.1" 200 2765
114.95.241.104 - - [08/Oct/2023:06:44:20 +0800] "GET /xingrg/all/function/internal_message.html?_=1696718658871&CODE_STATE=getMsg HTTP/1.1" 200 27
116.230.110.33 - - [08/Oct/2023:06:44:31 +0800] "GET /xingrg/all/function/internal_message.html?_=1696718528577&CODE_STATE=getMsg HTTP/1.1" 200 27
120.253.135.82 - - [08/Oct/2023:06:44:36 +0800] "GET /xingrg/all/function/internal_message.html?_=1696718479250&CODE_STATE=getMsg HTTP/1.1" 200 27
116.230.110.33 - - [08/Oct/2023:06:44:42 +0800] "GET /xingrg/check_reg.html?_=1696718539411 HTTP/1.1" 200 22
222.70.169.61 - - [08/Oct/2023:06:44:45 +0800] "GET /xingrg/check_reg.html?_=1696718710799 HTTP/1.1" 200 22
222.70.169.61 - - [08/Oct/2023:06:44:54 +0800] "GET /xingrg/all/function/internal_message.html?_=1696718719125&CODE_STATE=getMsg HTTP/1.1" 200 27
124.79.244.25 - - [08/Oct/2023:06:45:12 +0800] "GET /xingrg/all/function/internal_message.html?_=1696718711520&CODE_STATE=getMsg HTTP/1.1" 200 27
114.95.241.104 - - [08/Oct/2023:06:45:12 +0800] "GET /xingrg/all/function/internal_message.html?_=1696718711977&CODE_STATE=getMsg HTTP/1.1" 200 27
120.253.135.82 - - [08/Oct/2023:06:45:14 +0800] "GET /xingrg/check_reg.html?_=1696718516961 HTTP/1.1" 200 22
114.95.241.104 - - [08/Oct/2023:06:45:20 +0800] "GET /xingrg/all/function/internal_message.html?_=1696718718471&CODE_STATE=getMsg HTTP/1.1" 200 27
114.95.241.104 - - [08/Oct/2023:06:45:20 +0800] "GET /xingrg/all/function/internal_message.html?_=1696718718860&CODE_STATE=getMsg HTTP/1.1" 200 27
116.230.110.33 - - [08/Oct/2023:06:45:31 +0800] "GET /xingrg/all/function/internal_message.html?_=1696718588562&CODE_STATE=getMsg HTTP/1.1" 200 27
120.253.135.82 - - [08/Oct/2023:06:45:36 +0800] "GET /xingrg/all/function/internal_message.html?_=1696718539254&CODE_STATE=getMsg HTTP/1.1" 200 27
222.70.169.61 - - [08/Oct/2023:06:45:54 +0800] "GET /xingrg/all/function/internal_message.html?_=1696718779139&CODE_STATE=getMsg HTTP/1.1" 200 27
124.79.244.25 - - [08/Oct/2023:06:46:12 +0800] "GET /xingrg/all/function/internal_message.html?_=1696718771509&CODE_STATE=getMsg HTTP/1.1" 200 27
114.95.241.104 - - [08/Oct/2023:06:46:12 +0800] "GET /xingrg/all/function/internal_message.html?_=1696718771987&CODE_STATE=getMsg HTTP/1.1" 200 27
114.95.241.104 - - [08/Oct/2023:06:46:20 +0800] "GET /xingrg/all/function/internal_message.html?_=1696718778488&CODE_STATE=getMsg HTTP/1.1" 200 27
114.95.241.104 - - [08/Oct/2023:06:46:20 +0800] "GET /xingrg/all/function/internal_message.html?_=1696718778877&CODE_STATE=getMsg HTTP/1.1" 200 27
218.81.72.90 - - [08/Oct/2023:06:46:20 +0800] "GET /xingrg/check_reg.html?_=1696718780373 HTTP/1.1" 200 22
116.230.110.33 - - [08/Oct/2023:06:46:31 +0800] "GET /xingrg/all/function/internal_message.html?_=1696718648554&CODE_STATE=getMsg HTTP/1.1" 200 27
120.253.135.82 - - [08/Oct/2023:06:46:36 +0800] "GET /xingrg/all/function/internal_message.html?_=1696718599268&CODE_STATE=getMsg HTTP/1.1" 200 27
222.70.180.200 - - [08/Oct/2023:06:46:48 +0800] "GET /xingrg/check_reg.html?_=1696719154537 HTTP/1.1" 302 -
222.70.169.61 - - [08/Oct/2023:06:46:54 +0800] "GET /xingrg/all/function/internal_message.html?_=1696718839156&CODE_STATE=getMsg HTTP/1.1" 200 27
124.79.244.25 - - [08/Oct/2023:06:47:12 +0800] "GET /xingrg/all/function/internal_message.html?_=1696718831520&CODE_STATE=getMsg HTTP/1.1" 200 27
114.95.241.104 - - [08/Oct/2023:06:47:12 +0800] "GET /xingrg/all/function/internal_message.html?_=1696718831991&CODE_STATE=getMsg HTTP/1.1" 200 27
114.95.241.104 - - [08/Oct/2023:06:47:20 +0800] "GET /xingrg/all/function/internal_message.html?_=1696718838461&CODE_STATE=getMsg HTTP/1.1" 200 27
114.95.241.104 - - [08/Oct/2023:06:47:20 +0800] "GET /xingrg/all/function/internal_message.html?_=1696718838866&CODE_STATE=getMsg HTTP/1.1" 200 27
116.230.110.33 - - [08/Oct/2023:06:47:31 +0800] "GET /xingrg/all/function/internal_message.html?_=1696718708535&CODE_STATE=getMsg HTTP/1.1" 200 27
120.253.135.82 - - [08/Oct/2023:06:47:36 +0800] "GET /xingrg/all/function/internal_message.html?_=1696718659415&CODE_STATE=getMsg HTTP/1.1" 200 27
222.70.169.61 - - [08/Oct/2023:06:47:54 +0800] "GET /xingrg/all/function/internal_message.html?_=1696718899165&CODE_STATE=getMsg HTTP/1.1" 200 27
124.79.244.25 - - [08/Oct/2023:06:48:12 +0800] "GET /xingrg/all/function/internal_message.html?_=1696718891518&CODE_STATE=getMsg HTTP/1.1" 200 27
114.95.241.104 - - [08/Oct/2023:06:48:12 +0800] "GET /xingrg/check_reg.html?_=1696718891990 HTTP/1.1" 200 22
114.95.241.104 - - [08/Oct/2023:06:48:12 +0800] "GET /xingrg/all/function/internal_message.html?_=1696718891994&CODE_STATE=getMsg HTTP/1.1" 200 27
114.95.241.104 - - [08/Oct/2023:06:48:20 +0800] "GET /xingrg/all/function/internal_message.html?_=1696718898476&CODE_STATE=getMsg HTTP/1.1" 200 27
114.95.241.104 - - [08/Oct/2023:06:48:20 +0800] "GET /xingrg/check_reg.html?_=1696718898478 HTTP/1.1" 200 22
114.95.241.104 - - [08/Oct/2023:06:48:20 +0800] "GET /xingrg/all/function/internal_message.html?_=1696718898882&CODE_STATE=getMsg HTTP/1.1" 200 27
114.95.241.104 - - [08/Oct/2023:06:48:20 +0800] "GET /xingrg/check_reg.html?_=1696718898886 HTTP/1.1" 200 22
116.230.110.33 - - [08/Oct/2023:06:48:31 +0800] "GET /xingrg/all/function/internal_message.html?_=1696718768509&CODE_STATE=getMsg HTTP/1.1" 200 27
120.253.135.82 - - [08/Oct/2023:06:48:36 +0800] "GET /xingrg/all/function/internal_message.html?_=1696718719420&CODE_STATE=getMsg HTTP/1.1" 200 27
