222.70.169.61 - - [08/Oct/2023:08:31:16 +0800] "GET /xingrg/javascript/jquery.cookie.js HTTP/1.1" 304 -
222.70.169.61 - - [08/Oct/2023:08:31:16 +0800] "GET /xingrg/javascript/print/LodopFuncs.js HTTP/1.1" 304 -
222.70.169.61 - - [08/Oct/2023:08:31:16 +0800] "GET /xingrg/javascript/convert.js HTTP/1.1" 304 -
222.70.169.61 - - [08/Oct/2023:08:31:16 +0800] "GET /xingrg/javascript/easyui/easyloader.js HTTP/1.1" 304 -
222.70.169.61 - - [08/Oct/2023:08:31:16 +0800] "GET /xingrg/javascript/jquery.utils.js HTTP/1.1" 304 -
222.70.169.61 - - [08/Oct/2023:08:31:16 +0800] "GET /xingrg/words/20231007135028_words.js HTTP/1.1" 304 -
222.70.169.61 - - [08/Oct/2023:08:31:16 +0800] "GET /xingrg/javascript/easyui/plugins/jquery.parser.js HTTP/1.1" 304 -
222.70.169.61 - - [08/Oct/2023:08:31:16 +0800] "POST /xingrg/kc/buy/cgsh_order_operate.html HTTP/1.1" 200 8245
222.70.169.61 - - [08/Oct/2023:08:31:16 +0800] "GET /xingrg/javascript/easyui/themes/icons/edit_remove.png HTTP/1.1" 304 -
222.70.169.61 - - [08/Oct/2023:08:31:16 +0800] "GET /xingrg/javascript/easyui/themes/default/validatebox.css HTTP/1.1" 404 1104
222.70.169.61 - - [08/Oct/2023:08:31:16 +0800] "GET /xingrg/javascript/easyui/plugins/jquery.validatebox.js HTTP/1.1" 304 -
222.70.169.61 - - [08/Oct/2023:08:31:16 +0800] "GET /xingrg/javascript/easyui/plugins/jquery.numberbox.js HTTP/1.1" 304 -
222.70.169.61 - - [08/Oct/2023:08:31:16 +0800] "GET /xingrg/all/common/auto_word.html?type=employee&rest_code=00146 HTTP/1.1" 200 101
222.70.169.61 - - [08/Oct/2023:08:31:16 +0800] "GET /xingrg/all/common/auto_word.html?type=employee&rest_code=00146 HTTP/1.1" 200 101
222.70.169.61 - - [08/Oct/2023:08:31:18 +0800] "GET /xingrg/kc/buy/buy_main.html HTTP/1.1" 200 12412
222.70.169.61 - - [08/Oct/2023:08:31:18 +0800] "GET /xingrg/css/blue.css HTTP/1.1" 304 -
222.70.169.61 - - [08/Oct/2023:08:31:18 +0800] "GET /xingrg/css/new_ie.css HTTP/1.1" 404 1036
222.70.169.61 - - [08/Oct/2023:08:31:18 +0800] "GET /xingrg/javascript/myfunction.js HTTP/1.1" 304 -
222.70.169.61 - - [08/Oct/2023:08:31:18 +0800] "GET /xingrg/javascript/jquery_ui/themes/humanity/humanity.css HTTP/1.1" 304 -
222.70.169.61 - - [08/Oct/2023:08:31:18 +0800] "GET /xingrg/javascript/ToolTips.js HTTP/1.1" 304 -
222.70.169.61 - - [08/Oct/2023:08:31:18 +0800] "GET /xingrg/javascript/jquery-1.4.2.min.js HTTP/1.1" 304 -
222.70.169.61 - - [08/Oct/2023:08:31:18 +0800] "GET /xingrg/javascript/jquery_easy_ui/themes/default/easyui.css HTTP/1.1" 304 -
222.70.169.61 - - [08/Oct/2023:08:31:18 +0800] "GET /xingrg/javascript/jquery_ui/jquery-ui.min.js HTTP/1.1" 304 -
222.70.169.61 - - [08/Oct/2023:08:31:18 +0800] "GET /xingrg/javascript/jquery_easy_ui/themes/icon.css HTTP/1.1" 304 -
222.70.169.61 - - [08/Oct/2023:08:31:18 +0800] "GET /xingrg/images/blue/button/cgydd.gif HTTP/1.1" 304 -
222.70.169.61 - - [08/Oct/2023:08:31:18 +0800] "GET /xingrg/images/blue/button/cgxqd.gif HTTP/1.1" 304 -
222.70.169.61 - - [08/Oct/2023:08:31:18 +0800] "GET /xingrg/images/blue/button/cgfkd.gif HTTP/1.1" 304 -
222.70.169.61 - - [08/Oct/2023:08:31:18 +0800] "GET /xingrg/images/blue/button/kc.gif HTTP/1.1" 304 -
222.70.169.61 - - [08/Oct/2023:08:31:18 +0800] "GET /xingrg/images/blue/button/cgshd.gif HTTP/1.1" 304 -
222.70.169.61 - - [08/Oct/2023:08:31:18 +0800] "GET /xingrg/images/blue/pic_form2.gif HTTP/1.1" 304 -
222.70.169.61 - - [08/Oct/2023:08:31:18 +0800] "GET /xingrg/images/blue/button/ckthd.gif HTTP/1.1" 304 -
222.70.169.61 - - [08/Oct/2023:08:31:18 +0800] "GET /xingrg/javascript/jquery_ui/themes/humanity/images/ui-bg_inset-soft_100_f4f0ec_1x100.png HTTP/1.1" 304 -
222.70.169.61 - - [08/Oct/2023:08:31:18 +0800] "GET /xingrg/images/blue/button/right_ah.jpg HTTP/1.1" 304 -
222.70.169.61 - - [08/Oct/2023:08:31:18 +0800] "GET /xingrg/images/blue/button/down_ah.jpg HTTP/1.1" 304 -
222.70.169.61 - - [08/Oct/2023:08:31:18 +0800] "GET /xingrg/images/blue/bg_dotted.jpg HTTP/1.1" 304 -
222.70.169.61 - - [08/Oct/2023:08:31:18 +0800] "GET /xingrg/javascript/jquery_ui/themes/humanity/images/ui-iconsnew.jpg HTTP/1.1" 304 -
222.70.169.61 - - [08/Oct/2023:08:31:18 +0800] "GET /xingrg/javascript/jquery_ui/themes/humanity/images/ui-icons_ffffff_256x240.png HTTP/1.1" 304 -
222.70.169.61 - - [08/Oct/2023:08:31:18 +0800] "GET /xingrg/javascript/jquery_ui/themes/humanity/images/ui-icons_c47a23_256x240.png HTTP/1.1" 304 -
222.70.169.61 - - [08/Oct/2023:08:31:18 +0800] "GET /xingrg/javascript/jquery_ui/themes/humanity/images/ui-bg_glass_70_ede4d4_1x400.png HTTP/1.1" 304 -
222.70.169.61 - - [08/Oct/2023:08:31:19 +0800] "GET /xingrg/images/yd/bt.gif HTTP/1.1" 404 1040
114.95.241.104 - - [08/Oct/2023:08:31:20 +0800] "GET /xingrg/all/function/internal_message.html?_=1696725078463&CODE_STATE=getMsg HTTP/1.1" 200 27
218.81.72.90 - - [08/Oct/2023:08:31:20 +0800] "GET /xingrg/check_reg.html?_=1696725080172 HTTP/1.1" 200 22
222.70.169.61 - - [08/Oct/2023:08:31:20 +0800] "GET /xingrg/kc/buy/cgsh_order_list.html HTTP/1.1" 200 56754
222.70.169.61 - - [08/Oct/2023:08:31:20 +0800] "GET /xingrg/javascript/jquery_tools/list_manager.js HTTP/1.1" 304 -
114.95.241.104 - - [08/Oct/2023:08:31:20 +0800] "GET /xingrg/all/function/internal_message.html?_=1696725078857&CODE_STATE=getMsg HTTP/1.1" 200 27
222.70.169.61 - - [08/Oct/2023:08:31:22 +0800] "POST /xingrg/kc/buy/cgsh_list_operate.html HTTP/1.1" 200 986
101.83.145.37 - - [08/Oct/2023:08:31:25 +0800] "GET /xingrg/all/function/internal_message.html?_=1696725087357&CODE_STATE=getMsg HTTP/1.1" 200 27
116.230.110.33 - - [08/Oct/2023:08:31:29 +0800] "GET /xingrg/all/function/internal_message.html?_=1696724946712&CODE_STATE=getMsg HTTP/1.1" 200 27
120.253.135.82 - - [08/Oct/2023:08:31:37 +0800] "GET /xingrg/all/function/internal_message.html?_=1696724900302&CODE_STATE=getMsg HTTP/1.1" 200 27
124.78.155.92 - - [08/Oct/2023:08:31:47 +0800] "GET /favicon.ico HTTP/1.1" 404 -
222.70.180.200 - - [08/Oct/2023:08:31:48 +0800] "GET /xingrg/check_reg.html?_=1696725454270 HTTP/1.1" 302 -
222.70.169.61 - - [08/Oct/2023:08:31:55 +0800] "GET /xingrg/all/function/internal_message.html?_=1696725140579&CODE_STATE=getMsg HTTP/1.1" 200 27
114.95.241.104 - - [08/Oct/2023:08:32:13 +0800] "GET /xingrg/all/function/internal_message.html?_=1696725132437&CODE_STATE=getMsg HTTP/1.1" 200 27
114.95.241.104 - - [08/Oct/2023:08:32:15 +0800] "POST /xingrg/kc/buy/cgsh_order_operate.html HTTP/1.1" 200 37
114.95.241.104 - - [08/Oct/2023:08:32:20 +0800] "GET /xingrg/all/function/internal_message.html?_=1696725138479&CODE_STATE=getMsg HTTP/1.1" 200 27
114.95.241.104 - - [08/Oct/2023:08:32:20 +0800] "GET /xingrg/all/function/internal_message.html?_=1696725138869&CODE_STATE=getMsg HTTP/1.1" 200 27
114.95.241.104 - - [08/Oct/2023:08:32:23 +0800] "POST /xingrg/kc/buy/cgsh_order_operate.html HTTP/1.1" 200 12
114.95.241.104 - - [08/Oct/2023:08:32:25 +0800] "GET /xingrg/kc/buy/cgsh_order_info.html?code=212023100802432 HTTP/1.1" 200 67473
101.83.145.37 - - [08/Oct/2023:08:32:25 +0800] "GET /xingrg/all/function/internal_message.html?_=1696725147344&CODE_STATE=getMsg HTTP/1.1" 200 27
114.95.241.104 - - [08/Oct/2023:08:32:25 +0800] "GET /xingrg/javascript/easyui/themes/default/validatebox.css HTTP/1.1" 404 1104
114.95.241.104 - - [08/Oct/2023:08:32:26 +0800] "POST /xingrg/kc/buy/cgsh_order_operate.html HTTP/1.1" 200 2969
124.78.155.92 - - [08/Oct/2023:08:32:27 +0800] "GET /xingrg/login.html HTTP/1.1" 200 7641
114.95.241.104 - - [08/Oct/2023:08:32:27 +0800] "GET /xingrg/kc/print/load_config.html?kc_code=cgsh HTTP/1.1" 200 1927
114.95.241.104 - - [08/Oct/2023:08:32:28 +0800] "GET /xingrg/kc/print/load_data.html?order_code=212023100802432&kc_code=cgsh&condition= HTTP/1.1" 200 1572
116.230.110.33 - - [08/Oct/2023:08:32:29 +0800] "GET /xingrg/all/function/internal_message.html?_=1696725006694&CODE_STATE=getMsg HTTP/1.1" 200 27
124.78.155.92 - - [08/Oct/2023:08:32:34 +0800] "GET /favicon.ico HTTP/1.1" 404 -
120.253.135.82 - - [08/Oct/2023:08:32:37 +0800] "GET /xingrg/all/function/internal_message.html?_=1696724960302&CODE_STATE=getMsg HTTP/1.1" 200 27
124.78.155.92 - - [08/Oct/2023:08:32:40 +0800] "POST /xingrg/login.do HTTP/1.1" 302 -
124.78.155.92 - - [08/Oct/2023:08:32:41 +0800] "GET /xingrg/index.html?sysBaseUrl=http%3A%2F%2F180.169.147.146%3A18081%2Fxingrg%2F&costTime=809×tamp=1696725160902 HTTP/1.1" 200 17173
124.78.155.92 - - [08/Oct/2023:08:32:42 +0800] "GET /favicon.ico HTTP/1.1" 404 -
124.78.155.92 - - [08/Oct/2023:08:32:43 +0800] "POST /xingrg/all/common/load_tree.html?tree=area_rest_tree_json&manage=1 HTTP/1.1" 200 342
124.78.155.92 - - [08/Oct/2023:08:32:44 +0800] "GET /xingrg/all/function/internal_message.html?_=1696725155105&CODE_STATE=count HTTP/1.1" 200 11
124.78.155.92 - - [08/Oct/2023:08:32:44 +0800] "GET /xingrg/check_reg.html?_=1696725155107 HTTP/1.1" 200 22
124.78.155.92 - - [08/Oct/2023:08:32:45 +0800] "POST /xingrg/load_menu.html HTTP/1.1" 200 5138
101.83.145.37 - - [08/Oct/2023:08:32:45 +0800] "GET /xingrg/kc/buy/cgsh_order_add.html HTTP/1.1" 200 72612
101.83.145.37 - - [08/Oct/2023:08:32:45 +0800] "POST /xingrg/kc/buy/cgsh_order_operate.html HTTP/1.1" 200 8245
101.83.145.37 - - [08/Oct/2023:08:32:45 +0800] "GET /xingrg/javascript/easyui/themes/default/validatebox.css HTTP/1.1" 404 1104
124.78.155.92 - - [08/Oct/2023:08:32:48 +0800] "GET /xingrg/kc/buy/buy_main.html HTTP/1.1" 200 12412
124.78.155.92 - - [08/Oct/2023:08:32:48 +0800] "GET /xingrg/css/new_ie.css HTTP/1.1" 404 1036
124.78.155.92 - - [08/Oct/2023:08:32:52 +0800] "GET /xingrg/kc/buy/cgsh_order_list.html HTTP/1.1" 200 56748
222.70.169.61 - - [08/Oct/2023:08:32:55 +0800] "GET /xingrg/all/function/internal_message.html?_=1696725200593&CODE_STATE=getMsg HTTP/1.1" 200 27
124.78.155.92 - - [08/Oct/2023:08:32:57 +0800] "POST /xingrg/kc/buy/cgsh_list_operate.html HTTP/1.1" 200 986
124.78.155.92 - - [08/Oct/2023:08:33:00 +0800] "GET /xingrg/kc/buy/cgsh_order_add.html HTTP/1.1" 200 72530
124.78.155.92 - - [08/Oct/2023:08:33:00 +0800] "GET /xingrg/words/20231007135028_words.js HTTP/1.1" 304 -
124.78.155.92 - - [08/Oct/2023:08:33:01 +0800] "POST /xingrg/kc/buy/cgsh_order_operate.html HTTP/1.1" 200 8245
124.78.155.92 - - [08/Oct/2023:08:33:01 +0800] "GET /xingrg/javascript/easyui/themes/default/validatebox.css HTTP/1.1" 404 1104
124.78.155.92 - - [08/Oct/2023:08:33:01 +0800] "GET /xingrg/all/common/auto_word.html?type=employee&rest_code=00106 HTTP/1.1" 200 205
124.78.155.92 - - [08/Oct/2023:08:33:01 +0800] "GET /xingrg/all/common/auto_word.html?type=employee&rest_code=00106 HTTP/1.1" 200 205
124.78.155.92 - - [08/Oct/2023:08:33:03 +0800] "GET /xingrg/javascript/easyui/themes/default/tree.css HTTP/1.1" 404 1090
124.78.155.92 - - [08/Oct/2023:08:33:04 +0800] "POST /xingrg/all/common/load_tree.html?tree=supplier_tree_json&isDelete=1 HTTP/1.1" 200 76299
114.95.241.104 - - [08/Oct/2023:08:33:05 +0800] "POST /xingrg/all/user/operate.html HTTP/1.1" 200 36
114.95.241.104 - - [08/Oct/2023:08:33:05 +0800] "GET /xingrg/index.html?sysBaseUrl=http%3A%2F%2F180.169.147.146%3A18081%2Fxingrg%2F&costTime=1099×tamp=1696667011020 HTTP/1.1" 200 17177
114.95.241.104 - - [08/Oct/2023:08:33:05 +0800] "GET /xingrg/javascript/jquery_easy_ui/themes/default/easyui.css HTTP/1.1" 304 -
114.95.241.104 - - [08/Oct/2023:08:33:05 +0800] "GET /xingrg/javascript/jquery_easy_ui/themes/icon.css HTTP/1.1" 304 -
114.95.241.104 - - [08/Oct/2023:08:33:05 +0800] "GET /xingrg/css/form.css HTTP/1.1" 304 -
114.95.241.104 - - [08/Oct/2023:08:33:05 +0800] "GET /xingrg/javascript/jquery-1.4.2.min.js HTTP/1.1" 304 -
114.95.241.104 - - [08/Oct/2023:08:33:05 +0800] "GET /xingrg/javascript/jquery_easy_ui/jquery.easyui.min.js HTTP/1.1" 304 -
114.95.241.104 - - [08/Oct/2023:08:33:05 +0800] "GET /xingrg/javascript/jquery_easy_ui/easyui-lang-zh_CN.js HTTP/1.1" 304 -
114.95.241.104 - - [08/Oct/2023:08:33:05 +0800] "GET /xingrg/javascript/jquery.form.js HTTP/1.1" 304 -
114.95.241.104 - - [08/Oct/2023:08:33:05 +0800] "GET /xingrg/javascript/jquery.utils.js HTTP/1.1" 304 -
114.95.241.104 - - [08/Oct/2023:08:33:05 +0800] "GET /xingrg/javascript/jquery.timers.js HTTP/1.1" 304 -
114.95.241.104 - - [08/Oct/2023:08:33:05 +0800] "GET /xingrg/images/blue/jxLogo.png HTTP/1.1" 304 -
114.95.241.104 - - [08/Oct/2023:08:33:05 +0800] "GET /xingrg/javascript/jquery_easy_ui/themes/icons/settle_new.png HTTP/1.1" 304 -
114.95.241.104 - - [08/Oct/2023:08:33:05 +0800] "GET /xingrg/images/blue/navBackgound.jpg HTTP/1.1" 304 -
114.95.241.104 - - [08/Oct/2023:08:33:05 +0800] "GET /xingrg/all/function/internal_message.html?_=1696725185044&CODE_STATE=count HTTP/1.1" 200 11
114.95.241.104 - - [08/Oct/2023:08:33:05 +0800] "GET /xingrg/javascript/jquery_easy_ui/themes/default/images/tabs_leftarrow.png HTTP/1.1" 304 -
114.95.241.104 - - [08/Oct/2023:08:33:05 +0800] "GET /xingrg/javascript/jquery_easy_ui/themes/default/images/panel_tool_collapse.gif HTTP/1.1" 304 -
114.95.241.104 - - [08/Oct/2023:08:33:05 +0800] "GET /xingrg/check_reg.html?_=1696725185046 HTTP/1.1" 200 22
114.95.241.104 - - [08/Oct/2023:08:33:05 +0800] "GET /xingrg/javascript/jquery_easy_ui/themes/default/images/tabs_rightarrow.png HTTP/1.1" 304 -
114.95.241.104 - - [08/Oct/2023:08:33:05 +0800] "GET /xingrg/images/blue/pingpu.png HTTP/1.1" 304 -
114.95.241.104 - - [08/Oct/2023:08:33:05 +0800] "POST /xingrg/all/common/load_tree.html?tree=area_rest_tree_json&manage=1 HTTP/1.1" 200 476
114.95.241.104 - - [08/Oct/2023:08:33:05 +0800] "POST /xingrg/load_menu.html HTTP/1.1" 200 5138
114.95.241.104 - - [08/Oct/2023:08:33:08 +0800] "GET /xingrg/kc/buy/cgsh_order_list.html HTTP/1.1" 200 56752
101.83.145.37 - - [08/Oct/2023:08:33:09 +0800] "GET /xingrg/kc/buy/cgsh_order_operate.html?command=get_materiel&rest_code=00105&code=00101008196&supplier_code=00100005&order_time=2023-10-08 HTTP/1.1" 200 416
114.95.241.104 - - [08/Oct/2023:08:33:10 +0800] "POST /xingrg/kc/buy/cgsh_list_operate.html HTTP/1.1" 200 986
114.95.241.104 - - [08/Oct/2023:08:33:12 +0800] "GET /xingrg/kc/buy/cgsh_order_add.html HTTP/1.1" 200 72128
114.95.241.104 - - [08/Oct/2023:08:33:12 +0800] "POST /xingrg/kc/buy/cgsh_order_operate.html HTTP/1.1" 200 8245
114.95.241.104 - - [08/Oct/2023:08:33:12 +0800] "GET /xingrg/javascript/easyui/themes/default/validatebox.css HTTP/1.1" 404 1104
114.95.241.104 - - [08/Oct/2023:08:33:12 +0800] "GET /xingrg/all/common/auto_word.html?type=employee&rest_code=00151 HTTP/1.1" 200 293
114.95.241.104 - - [08/Oct/2023:08:33:12 +0800] "GET /xingrg/all/common/auto_word.html?type=employee&rest_code=00151 HTTP/1.1" 200 293
114.95.241.104 - - [08/Oct/2023:08:33:15 +0800] "GET /xingrg/javascript/auto/indicator.gif HTTP/1.1" 404 1066
114.95.241.104 - - [08/Oct/2023:08:33:20 +0800] "GET /xingrg/check_reg.html?_=1696725198477 HTTP/1.1" 200 22
114.95.241.104 - - [08/Oct/2023:08:33:20 +0800] "GET /xingrg/all/function/internal_message.html?_=1696725198480&CODE_STATE=getMsg HTTP/1.1" 200 27
114.95.241.104 - - [08/Oct/2023:08:33:20 +0800] "GET /xingrg/check_reg.html?_=1696725198864 HTTP/1.1" 200 22
114.95.241.104 - - [08/Oct/2023:08:33:20 +0800] "GET /xingrg/all/function/internal_message.html?_=1696725198867&CODE_STATE=getMsg HTTP/1.1" 200 27
101.83.145.37 - - [08/Oct/2023:08:33:23 +0800] "GET /xingrg/kc/buy/cgsh_order_operate.html?command=get_materiel&rest_code=00105&code=00101008185&supplier_code=00100005&order_time=2023-10-08 HTTP/1.1" 200 408
101.83.145.37 - - [08/Oct/2023:08:33:25 +0800] "GET /xingrg/all/function/internal_message.html?_=1696725207350&CODE_STATE=getMsg HTTP/1.1" 200 27
180.163.28.109 - - [08/Oct/2023:08:33:27 +0800] "GET /xingrg/login.html HTTP/1.1" 200 7641
124.78.155.92 - - [08/Oct/2023:08:33:27 +0800] "GET /xingrg/javascript/auto/indicator.gif HTTP/1.1" 404 1066
116.230.110.33 - - [08/Oct/2023:08:33:29 +0800] "GET /xingrg/all/function/internal_message.html?_=1696725066677&CODE_STATE=getMsg HTTP/1.1" 200 27
101.83.145.37 - - [08/Oct/2023:08:33:31 +0800] "GET /xingrg/kc/buy/cgsh_order_operate.html?command=get_materiel&rest_code=00105&code=00101008101&supplier_code=00100005&order_time=2023-10-08 HTTP/1.1" 200 412
124.78.155.92 - - [08/Oct/2023:08:33:33 +0800] "GET /xingrg/kc/buy/cgsh_order_operate.html?command=get_materiel&rest_code=00106&code=00101016017&supplier_code=00100096&order_time=2023-10-08 HTTP/1.1" 200 408
114.95.241.104 - - [08/Oct/2023:08:33:34 +0800] "GET /xingrg/kc/buy/cgsh_order_operate.html?command=get_materiel&rest_code=00151&code=00101008084&supplier_code=00100096&order_time=2023-10-08 HTTP/1.1" 200 412
120.253.135.82 - - [08/Oct/2023:08:33:36 +0800] "GET /xingrg/check_reg.html?_=1696725019743 HTTP/1.1" 200 22
120.253.135.82 - - [08/Oct/2023:08:33:37 +0800] "GET /xingrg/all/function/internal_message.html?_=1696725020316&CODE_STATE=getMsg HTTP/1.1" 200 27
101.83.145.37 - - [08/Oct/2023:08:33:41 +0800] "GET /xingrg/kc/buy/cgsh_order_operate.html?command=get_materiel&rest_code=00105&code=00101008072&supplier_code=00100005&order_time=2023-10-08 HTTP/1.1" 200 408
124.78.155.92 - - [08/Oct/2023:08:33:42 +0800] "GET /xingrg/kc/buy/cgsh_order_operate.html?command=get_materiel&rest_code=00106&code=00101012025&supplier_code=00100096&order_time=2023-10-08 HTTP/1.1" 200 412
180.163.29.206 - - [08/Oct/2023:08:33:44 +0800] "GET /xingrg/all/function/internal_message.html?_=1696725155105&CODE_STATE=count HTTP/1.1" 302 -
180.163.29.103 - - [08/Oct/2023:08:33:44 +0800] "GET /xingrg/check_reg.html?_=1696725155107 HTTP/1.1" 302 -
180.163.29.206 - - [08/Oct/2023:08:33:44 +0800] "GET /xingrg/login.html HTTP/1.1" 200 7641
180.163.29.103 - - [08/Oct/2023:08:33:44 +0800] "GET /xingrg/login.html HTTP/1.1" 200 7641
124.78.155.92 - - [08/Oct/2023:08:33:44 +0800] "GET /xingrg/all/function/internal_message.html?_=1696725215117&CODE_STATE=getMsg HTTP/1.1" 200 27
180.163.29.234 - - [08/Oct/2023:08:33:48 +0800] "GET /xingrg/kc/buy/buy_main.html HTTP/1.1" 302 -
180.163.29.234 - - [08/Oct/2023:08:33:48 +0800] "GET /xingrg/login.html HTTP/1.1" 200 7641
114.95.241.104 - - [08/Oct/2023:08:33:49 +0800] "GET /xingrg/kc/buy/cgsh_order_operate.html?command=get_materiel&rest_code=00151&code=00101012060&supplier_code=00100096&order_time=2023-10-08 HTTP/1.1" 200 408
124.78.155.92 - - [08/Oct/2023:08:33:50 +0800] "GET /xingrg/kc/buy/cgsh_order_operate.html?command=get_materiel&rest_code=00106&code=00101016071&supplier_code=00100096&order_time=2023-10-08 HTTP/1.1" 200 416
180.163.28.55 - - [08/Oct/2023:08:33:51 +0800] "GET /xingrg/kc/buy/cgsh_order_list.html HTTP/1.1" 302 -
180.163.28.55 - - [08/Oct/2023:08:33:51 +0800] "GET /xingrg/login.html HTTP/1.1" 200 7641
101.83.145.37 - - [08/Oct/2023:08:33:53 +0800] "GET /xingrg/kc/buy/cgsh_order_operate.html?command=get_materiel&rest_code=00105&code=00101008038&supplier_code=00100005&order_time=2023-10-08 HTTP/1.1" 200 412
222.70.169.61 - - [08/Oct/2023:08:33:55 +0800] "GET /xingrg/all/function/internal_message.html?_=1696725260617&CODE_STATE=getMsg HTTP/1.1" 200 27
180.163.29.212 - - [08/Oct/2023:08:33:59 +0800] "GET /xingrg/kc/buy/cgsh_order_add.html HTTP/1.1" 302 -
180.163.29.212 - - [08/Oct/2023:08:33:59 +0800] "GET /xingrg/login.html HTTP/1.1" 200 7641
101.83.145.37 - - [08/Oct/2023:08:34:01 +0800] "GET /xingrg/kc/buy/cgsh_order_operate.html?command=get_materiel&rest_code=00105&code=00101008358&supplier_code=00100005&order_time=2023-10-08 HTTP/1.1" 200 412
114.95.241.104 - - [08/Oct/2023:08:34:05 +0800] "GET /xingrg/all/function/internal_message.html?_=1696725245056&CODE_STATE=getMsg HTTP/1.1" 200 27
124.78.155.92 - - [08/Oct/2023:08:34:06 +0800] "GET /xingrg/kc/buy/cgsh_order_operate.html?command=get_materiel&rest_code=00106&code=00101012051&supplier_code=00100096&order_time=2023-10-08 HTTP/1.1" 200 408
101.83.145.37 - - [08/Oct/2023:08:34:08 +0800] "GET /xingrg/kc/buy/cgsh_order_operate.html?command=get_materiel&rest_code=00105&code=00101008224&supplier_code=00100005&order_time=2023-10-08 HTTP/1.1" 200 416
114.95.241.104 - - [08/Oct/2023:08:34:13 +0800] "GET /xingrg/kc/buy/cgsh_order_operate.html?command=get_materiel&rest_code=00151&code=00101016025&supplier_code=00100096&order_time=2023-10-08 HTTP/1.1" 200 408
124.78.155.92 - - [08/Oct/2023:08:34:17 +0800] "POST /xingrg/kc/buy/cgsh_order_operate.html HTTP/1.1" 200 37
114.95.241.104 - - [08/Oct/2023:08:34:20 +0800] "GET /xingrg/all/function/internal_message.html?_=1696725258478&CODE_STATE=getMsg HTTP/1.1" 200 27
114.95.241.104 - - [08/Oct/2023:08:34:20 +0800] "GET /xingrg/all/function/internal_message.html?_=1696725258883&CODE_STATE=getMsg HTTP/1.1" 200 27
101.83.145.37 - - [08/Oct/2023:08:34:23 +0800] "GET /xingrg/kc/buy/cgsh_order_operate.html?command=get_materiel&rest_code=00105&code=00101008003&supplier_code=00100005&order_time=2023-10-08 HTTP/1.1" 200 408
101.83.145.37 - - [08/Oct/2023:08:34:25 +0800] "GET /xingrg/all/function/internal_message.html?_=1696725267418&CODE_STATE=getMsg HTTP/1.1" 200 27
114.95.241.104 - - [08/Oct/2023:08:34:26 +0800] "GET /xingrg/kc/buy/cgsh_order_operate.html?command=get_materiel&rest_code=00151&code=00101012039&supplier_code=00100096&order_time=2023-10-08 HTTP/1.1" 200 408
116.230.110.33 - - [08/Oct/2023:08:34:29 +0800] "GET /xingrg/all/function/internal_message.html?_=1696725126660&CODE_STATE=getMsg HTTP/1.1" 200 27
180.163.29.234 - - [08/Oct/2023:08:34:31 +0800] "GET /xingrg/kc/buy/cgsh_order_operate.html?command=get_materiel&rest_code=00106&code=00101016017&supplier_code=00100096&order_time=2023-10-08 HTTP/1.1" 302 -
180.163.29.234 - - [08/Oct/2023:08:34:31 +0800] "GET /xingrg/login.html HTTP/1.1" 200 7641
101.83.145.37 - - [08/Oct/2023:08:34:31 +0800] "GET /xingrg/kc/buy/cgsh_order_operate.html?command=get_materiel&rest_code=00105&code=00101008067&supplier_code=00100005&order_time=2023-10-08 HTTP/1.1" 200 416
124.78.155.92 - - [08/Oct/2023:08:34:33 +0800] "POST /xingrg/kc/buy/cgsh_order_operate.html HTTP/1.1" 200 4424
114.95.241.104 - - [08/Oct/2023:08:34:36 +0800] "GET /xingrg/kc/buy/cgsh_order_operate.html?command=get_materiel&rest_code=00151&code=00101016038&supplier_code=00100096&order_time=2023-10-08 HTTP/1.1" 200 408
120.253.135.82 - - [08/Oct/2023:08:34:37 +0800] "GET /xingrg/all/function/internal_message.html?_=1696725080330&CODE_STATE=getMsg HTTP/1.1" 200 27
101.83.145.37 - - [08/Oct/2023:08:34:38 +0800] "GET /xingrg/kc/buy/cgsh_order_operate.html?command=get_materiel&rest_code=00105&code=00101008137&supplier_code=00100005&order_time=2023-10-08 HTTP/1.1" 200 408
116.230.110.33 - - [08/Oct/2023:08:34:42 +0800] "GET /xingrg/check_reg.html?_=1696725139409 HTTP/1.1" 200 22
124.78.155.92 - - [08/Oct/2023:08:34:44 +0800] "GET /xingrg/all/function/internal_message.html?_=1696725275118&CODE_STATE=getMsg HTTP/1.1" 200 27
101.83.145.37 - - [08/Oct/2023:08:34:45 +0800] "GET /xingrg/kc/buy/cgsh_order_operate.html?command=get_materiel&rest_code=00105&code=00101008131&supplier_code=00100005&order_time=2023-10-08 HTTP/1.1" 200 409
222.70.169.61 - - [08/Oct/2023:08:34:45 +0800] "GET /xingrg/check_reg.html?_=1696725310918 HTTP/1.1" 200 22
180.163.30.85 - - [08/Oct/2023:08:34:47 +0800] "GET /xingrg/kc/buy/cgsh_order_operate.html?command=get_materiel&rest_code=00106&code=00101016071&supplier_code=00100096&order_time=2023-10-08 HTTP/1.1" 302 -
180.163.30.85 - - [08/Oct/2023:08:34:47 +0800] "GET /xingrg/login.html HTTP/1.1" 200 7641
114.95.241.104 - - [08/Oct/2023:08:34:49 +0800] "GET /xingrg/kc/buy/cgsh_order_operate.html?command=get_materiel&rest_code=00151&code=00101016051&supplier_code=00100096&order_time=2023-10-08 HTTP/1.1" 200 408
124.78.155.92 - - [08/Oct/2023:08:34:50 +0800] "GET /xingrg/kc/buy/cgsh_order_operate.html?command=get_materiel&rest_code=00106&code=00101006240&supplier_code=00100096&order_time=2023-10-08 HTTP/1.1" 200 422
222.70.169.61 - - [08/Oct/2023:08:34:55 +0800] "GET /xingrg/all/function/internal_message.html?_=1696725320619&CODE_STATE=getMsg HTTP/1.1" 200 27
101.83.145.37 - - [08/Oct/2023:08:35:03 +0800] "GET /xingrg/kc/buy/cgsh_order_operate.html?command=get_materiel&rest_code=00105&code=00101008169&supplier_code=00100005&order_time=2023-10-08 HTTP/1.1" 200 412
114.95.241.104 - - [08/Oct/2023:08:35:05 +0800] "GET /xingrg/kc/buy/cgsh_order_operate.html?command=get_materiel&rest_code=00151&code=00101012059&supplier_code=00100096&order_time=2023-10-08 HTTP/1.1" 200 412
124.78.155.92 - - [08/Oct/2023:08:35:05 +0800] "GET /xingrg/kc/buy/cgsh_order_operate.html?command=get_materiel&rest_code=00106&code=00101006112&supplier_code=00100096&order_time=2023-10-08 HTTP/1.1" 200 411
114.95.241.104 - - [08/Oct/2023:08:35:05 +0800] "GET /xingrg/all/function/internal_message.html?_=1696725305154&CODE_STATE=getMsg HTTP/1.1" 200 27
101.83.145.37 - - [08/Oct/2023:08:35:17 +0800] "GET /xingrg/kc/buy/cgsh_order_operate.html?command=get_materiel&rest_code=00105&code=00101008098&supplier_code=00100005&order_time=2023-10-08 HTTP/1.1" 200 412
124.78.155.92 - - [08/Oct/2023:08:35:20 +0800] "GET /xingrg/kc/buy/cgsh_order_operate.html?command=get_materiel&rest_code=00106&code=00101006111&supplier_code=00100096&order_time=2023-10-08 HTTP/1.1" 200 409
114.95.241.104 - - [08/Oct/2023:08:35:20 +0800] "GET /xingrg/all/function/internal_message.html?_=1696725318478&CODE_STATE=getMsg HTTP/1.1" 200 27
114.95.241.104 - - [08/Oct/2023:08:35:20 +0800] "GET /xingrg/all/function/internal_message.html?_=1696725318869&CODE_STATE=getMsg HTTP/1.1" 200 27
101.83.145.37 - - [08/Oct/2023:08:35:25 +0800] "GET /xingrg/check_reg.html?_=1696725327370 HTTP/1.1" 200 22
101.83.145.37 - - [08/Oct/2023:08:35:25 +0800] "GET /xingrg/all/function/internal_message.html?_=1696725327371&CODE_STATE=getMsg HTTP/1.1" 200 27
101.83.145.37 - - [08/Oct/2023:08:35:25 +0800] "GET /xingrg/kc/buy/cgsh_order_operate.html?command=get_materiel&rest_code=00105&code=00101008213&supplier_code=00100005&order_time=2023-10-08 HTTP/1.1" 200 412
116.230.110.33 - - [08/Oct/2023:08:35:29 +0800] "GET /xingrg/all/function/internal_message.html?_=1696725186654&CODE_STATE=getMsg HTTP/1.1" 200 27
124.78.155.92 - - [08/Oct/2023:08:35:30 +0800] "GET /xingrg/kc/buy/cgsh_order_operate.html?command=get_materiel&rest_code=00106&code=00101006133&supplier_code=00100096&order_time=2023-10-08 HTTP/1.1" 200 415
101.83.145.37 - - [08/Oct/2023:08:35:32 +0800] "GET /xingrg/kc/buy/cgsh_order_operate.html?command=get_materiel&rest_code=00105&code=00101008100&supplier_code=00100005&order_time=2023-10-08 HTTP/1.1" 200 408
120.253.135.82 - - [08/Oct/2023:08:35:37 +0800] "GET /xingrg/all/function/internal_message.html?_=1696725140342&CODE_STATE=getMsg HTTP/1.1" 200 27
101.83.145.37 - - [08/Oct/2023:08:35:42 +0800] "GET /xingrg/kc/buy/cgsh_order_operate.html?command=get_materiel&rest_code=00105&code=00101008286&supplier_code=00100005&order_time=2023-10-08 HTTP/1.1" 200 408
180.163.28.114 - - [08/Oct/2023:08:35:44 +0800] "GET /xingrg/all/function/internal_message.html?_=1696725275118&CODE_STATE=getMsg HTTP/1.1" 302 -
180.163.28.114 - - [08/Oct/2023:08:35:44 +0800] "GET /xingrg/login.html HTTP/1.1" 200 7641
124.78.155.92 - - [08/Oct/2023:08:35:44 +0800] "GET /xingrg/all/function/internal_message.html?_=1696725335116&CODE_STATE=getMsg HTTP/1.1" 200 27
114.95.241.104 - - [08/Oct/2023:08:35:45 +0800] "GET /xingrg/kc/buy/cgsh_order_operate.html?command=get_materiel&rest_code=00151&code=00101001299&supplier_code=00100096&order_time=2023-10-08 HTTP/1.1" 200 415
222.70.169.61 - - [08/Oct/2023:08:35:55 +0800] "GET /xingrg/all/function/internal_message.html?_=1696725380633&CODE_STATE=getMsg HTTP/1.1" 200 27
222.70.169.61 - - [08/Oct/2023:08:35:55 +0800] "POST /xingrg/services/DataTransmitService HTTP/1.1" 200 524
101.83.145.37 - - [08/Oct/2023:08:35:56 +0800] "POST /xingrg/kc/buy/cgsh_order_operate.html HTTP/1.1" 200 37
222.70.169.61 - - [08/Oct/2023:08:35:56 +0800] "POST /xingrg/services/DataTransmitService HTTP/1.1" 200 412
101.83.145.37 - - [08/Oct/2023:08:35:57 +0800] "POST /xingrg/kc/buy/cgsh_order_operate.html HTTP/1.1" 200 11557
101.83.145.37 - - [08/Oct/2023:08:35:59 +0800] "GET /xingrg/kc/print/load_data.html?order_code=212023100802434&kc_code=cgsh&condition= HTTP/1.1" 200 4098
114.95.241.104 - - [08/Oct/2023:08:36:03 +0800] "GET /xingrg/kc/buy/cgsh_order_operate.html?command=get_materiel&rest_code=00151&code=00101001084&supplier_code=00100096&order_time=2023-10-08 HTTP/1.1" 200 413
114.95.241.104 - - [08/Oct/2023:08:36:05 +0800] "GET /xingrg/all/function/internal_message.html?_=1696725365124&CODE_STATE=getMsg HTTP/1.1" 200 27
114.95.241.104 - - [08/Oct/2023:08:36:18 +0800] "GET /xingrg/kc/buy/cgsh_order_operate.html?command=get_materiel&rest_code=00151&code=00101010161&supplier_code=00100096&order_time=2023-10-08 HTTP/1.1" 200 411
124.78.155.92 - - [08/Oct/2023:08:36:19 +0800] "POST /xingrg/kc/buy/cgsh_order_operate.html HTTP/1.1" 200 2065
114.95.241.104 - - [08/Oct/2023:08:36:20 +0800] "GET /xingrg/all/function/internal_message.html?_=1696725378471&CODE_STATE=getMsg HTTP/1.1" 200 27
218.81.72.90 - - [08/Oct/2023:08:36:20 +0800] "GET /xingrg/check_reg.html?_=1696725380180 HTTP/1.1" 200 22
114.95.241.104 - - [08/Oct/2023:08:36:20 +0800] "GET /xingrg/all/function/internal_message.html?_=1696725378860&CODE_STATE=getMsg HTTP/1.1" 200 27
101.83.145.37 - - [08/Oct/2023:08:36:25 +0800] "GET /xingrg/all/function/internal_message.html?_=1696725387364&CODE_STATE=getMsg HTTP/1.1" 200 27
124.78.155.92 - - [08/Oct/2023:08:36:28 +0800] "GET /xingrg/kc/buy/cgsh_order_operate.html?command=get_materiel&rest_code=00106&code=00101006174&supplier_code=00100096&order_time=2023-10-08 HTTP/1.1" 200 414
116.230.110.33 - - [08/Oct/2023:08:36:29 +0800] "GET /xingrg/all/function/internal_message.html?_=1696725246639&CODE_STATE=getMsg HTTP/1.1" 200 27
222.70.180.200 - - [08/Oct/2023:08:36:35 +0800] "GET /xingrg/login.html HTTP/1.1" 200 7641
222.70.180.200 - - [08/Oct/2023:08:36:35 +0800] "GET /xingrg/login.html HTTP/1.1" 200 7641
222.70.180.200 - - [08/Oct/2023:08:36:36 +0800] "GET /favicon.ico HTTP/1.1" 404 -
222.70.180.200 - - [08/Oct/2023:08:36:36 +0800] "GET /favicon.ico HTTP/1.1" 404 -
120.253.135.82 - - [08/Oct/2023:08:36:37 +0800] "GET /xingrg/all/function/internal_message.html?_=1696725200581&CODE_STATE=getMsg HTTP/1.1" 200 27
222.70.180.200 - - [08/Oct/2023:08:36:42 +0800] "POST /xingrg/login.do HTTP/1.1" 302 -
222.70.180.200 - - [08/Oct/2023:08:36:42 +0800] "GET /xingrg/index.html?sysBaseUrl=http%3A%2F%2F180.169.147.146%3A18081%2Fxingrg%2F&costTime=879×tamp=1696725402372 HTTP/1.1" 200 17173
222.70.180.200 - - [08/Oct/2023:08:36:42 +0800] "GET /favicon.ico HTTP/1.1" 404 -
222.70.180.200 - - [08/Oct/2023:08:36:42 +0800] "GET /xingrg/all/function/internal_message.html?_=1696725400872&CODE_STATE=count HTTP/1.1" 200 11
222.70.180.200 - - [08/Oct/2023:08:36:42 +0800] "GET /xingrg/check_reg.html?_=1696725400873 HTTP/1.1" 200 22
222.70.180.200 - - [08/Oct/2023:08:36:42 +0800] "POST /xingrg/all/common/load_tree.html?tree=area_rest_tree_json&manage=1 HTTP/1.1" 200 342
222.70.180.200 - - [08/Oct/2023:08:36:42 +0800] "POST /xingrg/load_menu.html HTTP/1.1" 200 5138
124.78.155.92 - - [08/Oct/2023:08:36:44 +0800] "GET /xingrg/all/function/internal_message.html?_=1696725395205&CODE_STATE=getMsg HTTP/1.1" 200 27
114.95.241.104 - - [08/Oct/2023:08:36:45 +0800] "GET /xingrg/kc/buy/cgsh_order_operate.html?command=get_materiel&rest_code=00151&code=00101006088&supplier_code=00100096&order_time=2023-10-08 HTTP/1.1" 200 409
222.70.180.200 - - [08/Oct/2023:08:36:46 +0800] "GET /xingrg/kc/buy/buy_main.html HTTP/1.1" 200 12412
222.70.180.200 - - [08/Oct/2023:08:36:46 +0800] "GET /xingrg/css/new_ie.css HTTP/1.1" 404 1036
222.70.180.200 - - [08/Oct/2023:08:36:48 +0800] "GET /xingrg/images/yd/bt.gif HTTP/1.1" 404 1040
222.70.180.200 - - [08/Oct/2023:08:36:48 +0800] "GET /xingrg/check_reg.html?_=1696725754255 HTTP/1.1" 302 -
222.70.180.200 - - [08/Oct/2023:08:36:49 +0800] "GET /xingrg/kc/buy/cgsh_order_list.html HTTP/1.1" 200 56748
222.70.180.200 - - [08/Oct/2023:08:36:51 +0800] "POST /xingrg/kc/buy/cgsh_list_operate.html HTTP/1.1" 200 986
222.70.169.61 - - [08/Oct/2023:08:36:55 +0800] "GET /xingrg/all/function/internal_message.html?_=1696725440664&CODE_STATE=getMsg HTTP/1.1" 200 27
124.78.155.92 - - [08/Oct/2023:08:36:56 +0800] "GET /xingrg/kc/buy/cgsh_order_operate.html?command=get_materiel&rest_code=00106&code=00101007061&supplier_code=00100096&order_time=2023-10-08 HTTP/1.1" 200 411
114.95.241.104 - - [08/Oct/2023:08:37:02 +0800] "GET /xingrg/kc/buy/cgsh_order_operate.html?command=get_materiel&rest_code=00151&code=00101010711&supplier_code=00100096&order_time=2023-10-08 HTTP/1.1" 200 408
114.95.241.104 - - [08/Oct/2023:08:37:05 +0800] "GET /xingrg/all/function/internal_message.html?_=1696725425101&CODE_STATE=getMsg HTTP/1.1" 200 27
124.78.155.92 - - [08/Oct/2023:08:37:19 +0800] "GET /xingrg/kc/buy/cgsh_order_operate.html?command=get_materiel&rest_code=00106&code=00101007090&supplier_code=00100096&order_time=2023-10-08 HTTP/1.1" 200 413
114.95.241.104 - - [08/Oct/2023:08:37:20 +0800] "GET /xingrg/all/function/internal_message.html?_=1696725438473&CODE_STATE=getMsg HTTP/1.1" 200 27
114.95.241.104 - - [08/Oct/2023:08:37:20 +0800] "GET /xingrg/all/function/internal_message.html?_=1696725438876&CODE_STATE=getMsg HTTP/1.1" 200 27
114.95.241.104 - - [08/Oct/2023:08:37:21 +0800] "GET /xingrg/kc/buy/cgsh_order_operate.html?command=get_materiel&rest_code=00151&code=00101007125&supplier_code=00100096&order_time=2023-10-08 HTTP/1.1" 200 408
101.83.145.37 - - [08/Oct/2023:08:37:25 +0800] "GET /xingrg/all/function/internal_message.html?_=1696725447362&CODE_STATE=getMsg HTTP/1.1" 200 27
180.163.29.212 - - [08/Oct/2023:08:37:26 +0800] "GET /xingrg/kc/buy/cgsh_order_operate.html?command=get_materiel&rest_code=00106&code=00101006174&supplier_code=00100096&order_time=2023-10-08 HTTP/1.1" 302 -
180.163.29.212 - - [08/Oct/2023:08:37:26 +0800] "GET /xingrg/login.html HTTP/1.1" 200 7641
116.230.110.33 - - [08/Oct/2023:08:37:29 +0800] "GET /xingrg/all/function/internal_message.html?_=1696725306634&CODE_STATE=getMsg HTTP/1.1" 200 27
124.78.155.92 - - [08/Oct/2023:08:37:33 +0800] "GET /xingrg/kc/buy/cgsh_order_operate.html?command=get_materiel&rest_code=00106&code=00101007076&supplier_code=00100096&order_time=2023-10-08 HTTP/1.1" 200 410
114.95.241.104 - - [08/Oct/2023:08:37:34 +0800] "GET /xingrg/kc/buy/cgsh_order_operate.html?command=get_materiel&rest_code=00151&code=00101007061&supplier_code=00100096&order_time=2023-10-08 HTTP/1.1" 200 411
120.253.135.82 - - [08/Oct/2023:08:37:37 +0800] "GET /xingrg/all/function/internal_message.html?_=1696725260588&CODE_STATE=getMsg HTTP/1.1" 200 27
222.70.180.200 - - [08/Oct/2023:08:37:42 +0800] "GET /xingrg/all/function/internal_message.html?_=1696725460882&CODE_STATE=getMsg HTTP/1.1" 200 27
124.78.155.92 - - [08/Oct/2023:08:37:44 +0800] "GET /xingrg/check_reg.html?_=1696725455130 HTTP/1.1" 200 22
124.78.155.92 - - [08/Oct/2023:08:37:44 +0800] "GET /xingrg/all/function/internal_message.html?_=1696725455180&CODE_STATE=getMsg HTTP/1.1" 200 27
222.70.180.200 - - [08/Oct/2023:08:37:47 +0800] "GET /xingrg/javascript/auto/indicator.gif HTTP/1.1" 404 1066
222.70.169.61 - - [08/Oct/2023:08:37:55 +0800] "GET /xingrg/all/function/internal_message.html?_=1696725500675&CODE_STATE=getMsg HTTP/1.1" 200 27
114.95.241.104 - - [08/Oct/2023:08:37:56 +0800] "POST /xingrg/kc/buy/cgsh_order_operate.html HTTP/1.1" 200 37
222.70.180.200 - - [08/Oct/2023:08:37:59 +0800] "GET /xingrg/javascript/jquery_tools/images/prev.gif HTTP/1.1" 404 1086
222.70.180.200 - - [08/Oct/2023:08:37:59 +0800] "GET /xingrg/javascript/jquery_tools/images/next.gif HTTP/1.1" 404 1086
124.78.155.92 - - [08/Oct/2023:08:38:03 +0800] "POST /xingrg/kc/buy/cgsh_order_operate.html HTTP/1.1" 200 37
114.95.241.104 - - [08/Oct/2023:08:38:05 +0800] "GET /xingrg/check_reg.html?_=1696725485066 HTTP/1.1" 200 22
114.95.241.104 - - [08/Oct/2023:08:38:05 +0800] "GET /xingrg/all/function/internal_message.html?_=1696725485084&CODE_STATE=getMsg HTTP/1.1" 200 27
124.78.155.92 - - [08/Oct/2023:08:38:06 +0800] "POST /xingrg/kc/buy/cgsh_order_operate.html HTTP/1.1" 200 9197
114.95.241.104 - - [08/Oct/2023:08:38:08 +0800] "POST /xingrg/kc/buy/cgsh_order_operate.html HTTP/1.1" 200 12
114.95.241.104 - - [08/Oct/2023:08:38:09 +0800] "GET /xingrg/kc/buy/cgsh_order_info.html?code=212023100802435 HTTP/1.1" 200 72127
114.95.241.104 - - [08/Oct/2023:08:38:10 +0800] "GET /xingrg/javascript/easyui/themes/default/validatebox.css HTTP/1.1" 404 1104
114.95.241.104 - - [08/Oct/2023:08:38:11 +0800] "POST /xingrg/kc/buy/cgsh_order_operate.html HTTP/1.1" 200 9858
114.95.241.104 - - [08/Oct/2023:08:38:20 +0800] "GET /xingrg/all/function/internal_message.html?_=1696725498476&CODE_STATE=getMsg HTTP/1.1" 200 27
114.95.241.104 - - [08/Oct/2023:08:38:20 +0800] "GET /xingrg/check_reg.html?_=1696725498480 HTTP/1.1" 200 22
114.95.241.104 - - [08/Oct/2023:08:38:20 +0800] "GET /xingrg/check_reg.html?_=1696725498864 HTTP/1.1" 200 22
114.95.241.104 - - [08/Oct/2023:08:38:20 +0800] "GET /xingrg/all/function/internal_message.html?_=1696725498867&CODE_STATE=getMsg HTTP/1.1" 200 27
114.95.241.104 - - [08/Oct/2023:08:38:21 +0800] "POST /xingrg/kc/buy/cgsh_order_operate.html HTTP/1.1" 200 37
101.83.145.37 - - [08/Oct/2023:08:38:25 +0800] "GET /xingrg/all/function/internal_message.html?_=1696725507364&CODE_STATE=getMsg HTTP/1.1" 200 27
124.78.155.92 - - [08/Oct/2023:08:38:26 +0800] "POST /xingrg/kc/buy/cgsh_order_operate.html HTTP/1.1" 200 37
116.230.110.33 - - [08/Oct/2023:08:38:29 +0800] "GET /xingrg/all/function/internal_message.html?_=1696725366620&CODE_STATE=getMsg HTTP/1.1" 200 27
124.78.155.92 - - [08/Oct/2023:08:38:35 +0800] "POST /xingrg/kc/buy/cgsh_order_operate.html HTTP/1.1" 200 12
120.253.135.82 - - [08/Oct/2023:08:38:36 +0800] "GET /xingrg/check_reg.html?_=1696725319960 HTTP/1.1" 200 22
120.253.135.82 - - [08/Oct/2023:08:38:37 +0800] "GET /xingrg/all/function/internal_message.html?_=1696725320603&CODE_STATE=getMsg HTTP/1.1" 200 27
114.95.241.104 - - [08/Oct/2023:08:38:38 +0800] "POST /xingrg/kc/buy/cgsh_order_operate.html HTTP/1.1" 200 12
124.78.155.92 - - [08/Oct/2023:08:38:39 +0800] "GET /xingrg/kc/buy/cgsh_order_info.html?code=212023100802433 HTTP/1.1" 200 67431
124.78.155.92 - - [08/Oct/2023:08:38:39 +0800] "GET /xingrg/javascript/easyui/themes/default/validatebox.css HTTP/1.1" 404 1104
124.78.155.92 - - [08/Oct/2023:08:38:40 +0800] "POST /xingrg/kc/buy/cgsh_order_operate.html HTTP/1.1" 200 7122
114.95.241.104 - - [08/Oct/2023:08:38:40 +0800] "GET /xingrg/kc/buy/cgsh_order_info.html?code=212023100802435 HTTP/1.1" 200 67027
114.95.241.104 - - [08/Oct/2023:08:38:41 +0800] "GET /xingrg/javascript/easyui/themes/default/validatebox.css HTTP/1.1" 404 1104
114.95.241.104 - - [08/Oct/2023:08:38:42 +0800] "POST /xingrg/kc/buy/cgsh_order_operate.html HTTP/1.1" 200 7783
124.78.155.92 - - [08/Oct/2023:08:38:42 +0800] "GET /xingrg/kc/print/load_config.html?kc_code=cgsh HTTP/1.1" 200 1927
222.70.180.200 - - [08/Oct/2023:08:38:42 +0800] "GET /xingrg/all/function/internal_message.html?_=1696725520877&CODE_STATE=getMsg HTTP/1.1" 200 27
124.78.155.92 - - [08/Oct/2023:08:38:42 +0800] "GET /xingrg/kc/print/load_data.html?order_code=212023100802433&kc_code=cgsh&condition= HTTP/1.1" 200 3158
114.95.241.104 - - [08/Oct/2023:08:38:44 +0800] "GET /xingrg/kc/print/load_data.html?order_code=212023100802435&kc_code=cgsh&condition= HTTP/1.1" 200 3447
124.78.155.92 - - [08/Oct/2023:08:38:45 +0800] "GET /xingrg/all/function/internal_message.html?_=1696725515599&CODE_STATE=getMsg HTTP/1.1" 200 27
222.70.180.200 - - [08/Oct/2023:08:38:47 +0800] "POST /xingrg/kc/buy/cgsh_list_operate.html HTTP/1.1" 200 1868
114.95.241.104 - - [08/Oct/2023:08:38:53 +0800] "POST /xingrg/all/user/operate.html HTTP/1.1" 200 36
114.95.241.104 - - [08/Oct/2023:08:38:53 +0800] "GET /xingrg/index.html?sysBaseUrl=http%3A%2F%2F180.169.147.146%3A18081%2Fxingrg%2F&costTime=1099×tamp=1696667011020 HTTP/1.1" 200 17179
114.95.241.104 - - [08/Oct/2023:08:38:53 +0800] "GET /xingrg/javascript/jquery_easy_ui/themes/default/easyui.css HTTP/1.1" 304 -
114.95.241.104 - - [08/Oct/2023:08:38:53 +0800] "GET /xingrg/javascript/jquery_easy_ui/themes/icon.css HTTP/1.1" 304 -
114.95.241.104 - - [08/Oct/2023:08:38:53 +0800] "GET /xingrg/css/form.css HTTP/1.1" 304 -
114.95.241.104 - - [08/Oct/2023:08:38:54 +0800] "GET /xingrg/javascript/jquery-1.4.2.min.js HTTP/1.1" 304 -
114.95.241.104 - - [08/Oct/2023:08:38:54 +0800] "GET /xingrg/javascript/jquery_easy_ui/jquery.easyui.min.js HTTP/1.1" 304 -
114.95.241.104 - - [08/Oct/2023:08:38:54 +0800] "GET /xingrg/javascript/jquery_easy_ui/easyui-lang-zh_CN.js HTTP/1.1" 304 -
114.95.241.104 - - [08/Oct/2023:08:38:54 +0800] "GET /xingrg/javascript/jquery.form.js HTTP/1.1" 304 -
114.95.241.104 - - [08/Oct/2023:08:38:54 +0800] "GET /xingrg/javascript/jquery.utils.js HTTP/1.1" 304 -
114.95.241.104 - - [08/Oct/2023:08:38:54 +0800] "GET /xingrg/javascript/jquery.timers.js HTTP/1.1" 304 -
114.95.241.104 - - [08/Oct/2023:08:38:54 +0800] "GET /xingrg/images/blue/jxLogo.png HTTP/1.1" 304 -
114.95.241.104 - - [08/Oct/2023:08:38:54 +0800] "GET /xingrg/javascript/jquery_easy_ui/themes/icons/settle_new.png HTTP/1.1" 304 -
114.95.241.104 - - [08/Oct/2023:08:38:54 +0800] "GET /xingrg/images/blue/navBackgound.jpg HTTP/1.1" 304 -
114.95.241.104 - - [08/Oct/2023:08:38:54 +0800] "GET /xingrg/all/function/internal_message.html?_=1696725533480&CODE_STATE=count HTTP/1.1" 200 11
114.95.241.104 - - [08/Oct/2023:08:38:54 +0800] "GET /xingrg/check_reg.html?_=1696725533481 HTTP/1.1" 200 22
114.95.241.104 - - [08/Oct/2023:08:38:54 +0800] "GET /xingrg/javascript/jquery_easy_ui/themes/default/images/panel_tool_collapse.gif HTTP/1.1" 304 -
114.95.241.104 - - [08/Oct/2023:08:38:54 +0800] "GET /xingrg/javascript/jquery_easy_ui/themes/default/images/tabs_leftarrow.png HTTP/1.1" 304 -
114.95.241.104 - - [08/Oct/2023:08:38:54 +0800] "POST /xingrg/all/common/load_tree.html?tree=area_rest_tree_json&manage=1 HTTP/1.1" 200 476
114.95.241.104 - - [08/Oct/2023:08:38:54 +0800] "POST /xingrg/load_menu.html HTTP/1.1" 200 5138
114.95.241.104 - - [08/Oct/2023:08:38:54 +0800] "GET /xingrg/images/blue/pingpu.png HTTP/1.1" 304 -
114.95.241.104 - - [08/Oct/2023:08:38:54 +0800] "GET /xingrg/javascript/jquery_easy_ui/themes/default/images/tabs_rightarrow.png HTTP/1.1" 304 -
114.95.241.104 - - [08/Oct/2023:08:38:54 +0800] "GET /xingrg/javascript/jquery_easy_ui/themes/default/images/tree_folder_open.gif HTTP/1.1" 304 -
114.95.241.104 - - [08/Oct/2023:08:38:54 +0800] "GET /xingrg/javascript/jquery_easy_ui/themes/icons/forms_new.png HTTP/1.1" 304 -
114.95.241.104 - - [08/Oct/2023:08:38:54 +0800] "GET /xingrg/javascript/jquery_easy_ui/themes/icons/storage_new.png HTTP/1.1" 304 -
114.95.241.104 - - [08/Oct/2023:08:38:54 +0800] "GET /xingrg/javascript/jquery_easy_ui/themes/default/images/tree_folder.gif HTTP/1.1" 304 -
114.95.241.104 - - [08/Oct/2023:08:38:54 +0800] "GET /xingrg/javascript/jquery_easy_ui/themes/default/images/tree_file.gif HTTP/1.1" 304 -
114.95.241.104 - - [08/Oct/2023:08:38:54 +0800] "GET /xingrg/javascript/jquery_easy_ui/themes/icons/search_new.png HTTP/1.1" 304 -
114.95.241.104 - - [08/Oct/2023:08:38:54 +0800] "GET /xingrg/javascript/jquery_easy_ui/themes/default/images/tree_arrows.gif HTTP/1.1" 304 -
124.78.155.92 - - [08/Oct/2023:08:38:54 +0800] "GET /xingrg/kc/print/load_data.html?order_code=212023100802433&kc_code=cgsh HTTP/1.1" 200 3158
222.70.169.61 - - [08/Oct/2023:08:38:55 +0800] "GET /xingrg/all/function/internal_message.html?_=1696725560701&CODE_STATE=getMsg HTTP/1.1" 200 27
114.95.241.104 - - [08/Oct/2023:08:38:57 +0800] "GET /xingrg/kc/buy/cgsh_order_list.html HTTP/1.1" 200 56754
114.95.241.104 - - [08/Oct/2023:08:38:59 +0800] "POST /xingrg/kc/buy/cgsh_list_operate.html HTTP/1.1" 200 986
114.95.241.104 - - [08/Oct/2023:08:39:01 +0800] "GET /xingrg/kc/buy/cgsh_order_add.html HTTP/1.1" 200 72574
114.95.241.104 - - [08/Oct/2023:08:39:02 +0800] "POST /xingrg/kc/buy/cgsh_order_operate.html HTTP/1.1" 200 8245
114.95.241.104 - - [08/Oct/2023:08:39:02 +0800] "GET /xingrg/javascript/easyui/themes/default/validatebox.css HTTP/1.1" 404 1104
222.70.180.200 - - [08/Oct/2023:08:39:09 +0800] "POST /xingrg/kc/buy/cgsh_list_operate.html HTTP/1.1" 200 986
114.95.241.104 - - [08/Oct/2023:08:39:20 +0800] "GET /xingrg/all/function/internal_message.html?_=1696725558468&CODE_STATE=getMsg HTTP/1.1" 200 27
114.95.241.104 - - [08/Oct/2023:08:39:20 +0800] "GET /xingrg/all/function/internal_message.html?_=1696725558878&CODE_STATE=getMsg HTTP/1.1" 200 27
101.83.145.37 - - [08/Oct/2023:08:39:25 +0800] "GET /xingrg/all/function/internal_message.html?_=1696725567364&CODE_STATE=getMsg HTTP/1.1" 200 27
116.230.110.33 - - [08/Oct/2023:08:39:29 +0800] "GET /xingrg/all/function/internal_message.html?_=1696725426591&CODE_STATE=getMsg HTTP/1.1" 200 27
120.253.135.82 - - [08/Oct/2023:08:39:37 +0800] "GET /xingrg/all/function/internal_message.html?_=1696725380616&CODE_STATE=getMsg HTTP/1.1" 200 27
222.70.180.200 - - [08/Oct/2023:08:39:38 +0800] "POST /xingrg/kc/buy/cgsh_list_operate.html HTTP/1.1" 200 1868
180.163.28.109 - - [08/Oct/2023:08:39:42 +0800] "GET /xingrg/kc/print/load_data.html?order_code=212023100802433&kc_code=cgsh&condition= HTTP/1.1" 302 -
180.163.28.109 - - [08/Oct/2023:08:39:42 +0800] "GET /xingrg/login.html HTTP/1.1" 200 7641
116.230.110.33 - - [08/Oct/2023:08:39:42 +0800] "GET /xingrg/check_reg.html?_=1696725439418 HTTP/1.1" 200 22
222.70.180.200 - - [08/Oct/2023:08:39:42 +0800] "GET /xingrg/all/function/internal_message.html?_=1696725580885&CODE_STATE=getMsg HTTP/1.1" 200 27
180.163.29.217 - - [08/Oct/2023:08:39:45 +0800] "GET /xingrg/all/function/internal_message.html?_=1696725515599&CODE_STATE=getMsg HTTP/1.1" 302 -
180.163.29.217 - - [08/Oct/2023:08:39:45 +0800] "GET /xingrg/login.html HTTP/1.1" 200 7641
124.78.155.92 - - [08/Oct/2023:08:39:45 +0800] "GET /xingrg/all/function/internal_message.html?_=1696725575574&CODE_STATE=getMsg HTTP/1.1" 200 27
222.70.169.61 - - [08/Oct/2023:08:39:45 +0800] "GET /xingrg/check_reg.html?_=1696725610921 HTTP/1.1" 200 22
180.163.30.100 - - [08/Oct/2023:08:39:54 +0800] "GET /xingrg/kc/print/load_data.html?order_code=212023100802433&kc_code=cgsh HTTP/1.1" 302 -
180.163.30.100 - - [08/Oct/2023:08:39:54 +0800] "GET /xingrg/login.html HTTP/1.1" 200 7641
114.95.241.104 - - [08/Oct/2023:08:39:54 +0800] "GET /xingrg/all/function/internal_message.html?_=1696725593484&CODE_STATE=getMsg HTTP/1.1" 200 27
222.70.169.61 - - [08/Oct/2023:08:39:55 +0800] "GET /xingrg/all/function/internal_message.html?_=1696725620703&CODE_STATE=getMsg HTTP/1.1" 200 27
222.70.180.200 - - [08/Oct/2023:08:40:13 +0800] "POST /xingrg/kc/buy/cgsh_list_operate.html HTTP/1.1" 200 986
114.95.241.104 - - [08/Oct/2023:08:40:20 +0800] "GET /xingrg/all/function/internal_message.html?_=1696725618486&CODE_STATE=getMsg HTTP/1.1" 200 27
114.95.241.104 - - [08/Oct/2023:08:40:20 +0800] "GET /xingrg/all/function/internal_message.html?_=1696725618877&CODE_STATE=getMsg HTTP/1.1" 200 27
101.83.145.37 - - [08/Oct/2023:08:40:25 +0800] "GET /xingrg/check_reg.html?_=1696725627363 HTTP/1.1" 200 22
101.83.145.37 - - [08/Oct/2023:08:40:25 +0800] "GET /xingrg/all/function/internal_message.html?_=1696725627364&CODE_STATE=getMsg HTTP/1.1" 200 27
116.230.110.33 - - [08/Oct/2023:08:40:29 +0800] "GET /xingrg/all/function/internal_message.html?_=1696725486583&CODE_STATE=getMsg HTTP/1.1" 200 27
120.253.135.82 - - [08/Oct/2023:08:40:37 +0800] "GET /xingrg/all/function/internal_message.html?_=1696725440629&CODE_STATE=getMsg HTTP/1.1" 200 27
222.70.180.200 - - [08/Oct/2023:08:40:42 +0800] "GET /xingrg/all/function/internal_message.html?_=1696725640886&CODE_STATE=getMsg HTTP/1.1" 200 27
180.163.30.85 - - [08/Oct/2023:08:40:45 +0800] "GET /xingrg/all/function/internal_message.html?_=1696725575574&CODE_STATE=getMsg HTTP/1.1" 302 -
180.163.30.85 - - [08/Oct/2023:08:40:45 +0800] "GET /xingrg/login.html HTTP/1.1" 200 7641
124.78.155.92 - - [08/Oct/2023:08:40:45 +0800] "GET /xingrg/all/function/internal_message.html?_=1696725635555&CODE_STATE=getMsg HTTP/1.1" 200 27
114.95.241.104 - - [08/Oct/2023:08:40:54 +0800] "GET /xingrg/all/function/internal_message.html?_=1696725653487&CODE_STATE=getMsg HTTP/1.1" 200 27
222.70.169.61 - - [08/Oct/2023:08:40:55 +0800] "GET /xingrg/all/function/internal_message.html?_=1696725680716&CODE_STATE=getMsg HTTP/1.1" 200 27
114.95.241.104 - - [08/Oct/2023:08:41:20 +0800] "GET /xingrg/all/function/internal_message.html?_=1696725678487&CODE_STATE=getMsg HTTP/1.1" 200 27
218.81.72.90 - - [08/Oct/2023:08:41:20 +0800] "GET /xingrg/check_reg.html?_=1696725680158 HTTP/1.1" 200 22
114.95.241.104 - - [08/Oct/2023:08:41:20 +0800] "GET /xingrg/all/function/internal_message.html?_=1696725678877&CODE_STATE=getMsg HTTP/1.1" 200 27
101.83.145.37 - - [08/Oct/2023:08:41:25 +0800] "GET /xingrg/all/function/internal_message.html?_=1696725687356&CODE_STATE=getMsg HTTP/1.1" 200 27
116.230.110.33 - - [08/Oct/2023:08:41:29 +0800] "GET /xingrg/all/function/internal_message.html?_=1696725546560&CODE_STATE=getMsg HTTP/1.1" 200 27
222.70.169.61 - - [08/Oct/2023:08:41:36 +0800] "GET /xingrg/kc/buy/cgsh_order_add.html HTTP/1.1" 200 72530
222.70.169.61 - - [08/Oct/2023:08:41:37 +0800] "POST /xingrg/kc/buy/cgsh_order_operate.html HTTP/1.1" 200 8245
222.70.169.61 - - [08/Oct/2023:08:41:37 +0800] "GET /xingrg/javascript/easyui/themes/default/validatebox.css HTTP/1.1" 404 1104
120.253.135.82 - - [08/Oct/2023:08:41:37 +0800] "GET /xingrg/all/function/internal_message.html?_=1696725500807&CODE_STATE=getMsg HTTP/1.1" 200 27
222.70.180.200 - - [08/Oct/2023:08:41:42 +0800] "GET /xingrg/check_reg.html?_=1696725700881 HTTP/1.1" 200 22
222.70.180.200 - - [08/Oct/2023:08:41:42 +0800] "GET /xingrg/all/function/internal_message.html?_=1696725700887&CODE_STATE=getMsg HTTP/1.1" 200 27
124.78.155.92 - - [08/Oct/2023:08:41:45 +0800] "GET /xingrg/all/function/internal_message.html?_=1696725695527&CODE_STATE=getMsg HTTP/1.1" 200 27
222.70.180.200 - - [08/Oct/2023:08:41:48 +0800] "GET /xingrg/check_reg.html?_=1696726054235 HTTP/1.1" 302 -
114.95.241.104 - - [08/Oct/2023:08:41:54 +0800] "GET /xingrg/all/function/internal_message.html?_=1696725713497&CODE_STATE=getMsg HTTP/1.1" 200 27
