124.78.155.92 - - [08/Oct/2023:10:57:27 +0800] "GET /xingrg/all/function/internal_message.html?_=1696733847335&CODE_STATE=getMsg HTTP/1.1" 200 27
116.230.110.33 - - [08/Oct/2023:10:57:27 +0800] "GET /xingrg/all/function/internal_message.html?_=1696733704165&CODE_STATE=getMsg HTTP/1.1" 200 27
114.95.241.104 - - [08/Oct/2023:10:57:29 +0800] "POST /xingrg/dwr/call/plaincall/AjaxComOrderService.getMaterielSearchList.dwr HTTP/1.1" 200 1013
120.253.135.82 - - [08/Oct/2023:10:57:29 +0800] "GET /xingrg/kc/buy/cgsh_order_list.html HTTP/1.1" 200 56748
124.78.155.92 - - [08/Oct/2023:10:57:29 +0800] "GET /xingrg/all/function/internal_message.html?_=1696733850068&CODE_STATE=getMsg HTTP/1.1" 200 27
101.83.145.37 - - [08/Oct/2023:10:57:31 +0800] "GET /xingrg/kc/base/wldb_order_operate.html?command=get_materiel&rest_code=00105&base_code=0010507&code=00101019222 HTTP/1.1" 200 452
120.253.135.82 - - [08/Oct/2023:10:57:31 +0800] "POST /xingrg/kc/buy/cgsh_list_operate.html HTTP/1.1" 200 986
114.95.241.104 - - [08/Oct/2023:10:57:32 +0800] "POST /xingrg/dwr/call/plaincall/AjaxYddbService.getMaterielByMap.dwr HTTP/1.1" 200 2327
114.83.221.181 - - [08/Oct/2023:10:57:33 +0800] "GET /xingrg/all/function/internal_message.html?_=1696733854519&CODE_STATE=getMsg HTTP/1.1" 200 27
120.253.135.82 - - [08/Oct/2023:10:57:33 +0800] "GET /xingrg/check_reg.html?_=1696733656096 HTTP/1.1" 200 22
120.253.135.82 - - [08/Oct/2023:10:57:33 +0800] "GET /xingrg/all/function/internal_message.html?_=1696733656157&CODE_STATE=getMsg HTTP/1.1" 200 27
114.83.218.82 - - [08/Oct/2023:10:57:35 +0800] "GET /xingrg/kc/buy/cgsh_order_operate.html?command=get_materiel&rest_code=00149&code=00102002167&supplier_code=00100494&order_time=2023-10-08 HTTP/1.1" 200 409
114.95.241.104 - - [08/Oct/2023:10:57:36 +0800] "POST /xingrg/dwr/call/plaincall/AjaxYddbService.saveMaterielItem.dwr HTTP/1.1" 200 79
180.165.48.189 - - [08/Oct/2023:10:57:37 +0800] "GET /xingrg/all/function/internal_message.html?_=1696733857015&CODE_STATE=getMsg HTTP/1.1" 200 27
114.95.241.104 - - [08/Oct/2023:10:57:39 +0800] "POST /xingrg/dwr/call/plaincall/AjaxComOrderService.getMaterielSearchList.dwr HTTP/1.1" 200 1033
124.78.69.58 - - [08/Oct/2023:10:57:39 +0800] "GET /xingrg/kc/buy/cgsh_order_operate.html?command=get_materiel&rest_code=00141&code=00101004127&supplier_code=00100312&order_time=2023-10-08 HTTP/1.1" 200 399
124.78.69.58 - - [08/Oct/2023:10:57:39 +0800] "GET /xingrg/all/function/internal_message.html?_=1696733278122&CODE_STATE=getMsg HTTP/1.1" 200 27
114.95.241.104 - - [08/Oct/2023:10:57:41 +0800] "POST /xingrg/dwr/call/plaincall/AjaxYddbService.getMaterielByMap.dwr HTTP/1.1" 200 2353
101.83.145.37 - - [08/Oct/2023:10:57:42 +0800] "POST /xingrg/kc/base/wldb_order_operate.html HTTP/1.1" 200 37
222.70.180.200 - - [08/Oct/2023:10:57:43 +0800] "GET /xingrg/all/function/internal_message.html?_=1696733861104&CODE_STATE=getMsg HTTP/1.1" 200 27
114.95.241.104 - - [08/Oct/2023:10:57:43 +0800] "POST /xingrg/dwr/call/plaincall/AjaxYddbService.saveMaterielItem.dwr HTTP/1.1" 200 79
101.83.145.37 - - [08/Oct/2023:10:57:43 +0800] "POST /xingrg/kc/base/wldb_order_operate.html HTTP/1.1" 200 3717
101.83.145.37 - - [08/Oct/2023:10:57:45 +0800] "GET /xingrg/kc/base/wldb_order_info.html?code=422023100800653 HTTP/1.1" 200 30471
101.83.145.37 - - [08/Oct/2023:10:57:46 +0800] "GET /xingrg/javascript/easyui/themes/default/validatebox.css HTTP/1.1" 404 1104
101.228.187.155 - - [08/Oct/2023:10:57:46 +0800] "GET /xingrg/all/function/internal_message.html?_=1696733865644&CODE_STATE=getMsg HTTP/1.1" 200 27
101.83.145.37 - - [08/Oct/2023:10:57:46 +0800] "POST /xingrg/kc/base/wldb_order_operate.html HTTP/1.1" 200 3717
114.95.241.104 - - [08/Oct/2023:10:57:49 +0800] "GET /xingrg/all/function/internal_message.html?_=1696733869109&CODE_STATE=getMsg HTTP/1.1" 200 27
114.95.241.104 - - [08/Oct/2023:10:57:51 +0800] "POST /xingrg/dwr/call/plaincall/AjaxYddbService.checkOrder.dwr HTTP/1.1" 200 79
114.83.218.82 - - [08/Oct/2023:10:57:51 +0800] "POST /xingrg/kc/buy/cgsh_order_operate.html HTTP/1.1" 200 37
218.81.72.90 - - [08/Oct/2023:10:57:52 +0800] "GET /xingrg/all/function/internal_message.html?_=1696733871794&CODE_STATE=getMsg HTTP/1.1" 200 27
124.78.69.58 - - [08/Oct/2023:10:57:54 +0800] "GET /xingrg/kc/buy/cgsh_order_operate.html?command=get_materiel&rest_code=00141&code=00101001156&supplier_code=00100312&order_time=2023-10-08 HTTP/1.1" 200 409
101.83.145.37 - - [08/Oct/2023:10:57:54 +0800] "GET /xingrg/kc/base/wldb_order_add.html HTTP/1.1" 200 30457
101.83.145.37 - - [08/Oct/2023:10:57:54 +0800] "GET /xingrg/javascript/easyui/themes/default/validatebox.css HTTP/1.1" 404 1104
101.83.145.37 - - [08/Oct/2023:10:57:55 +0800] "POST /xingrg/kc/base/wldb_order_operate.html HTTP/1.1" 200 6806
101.83.145.37 - - [08/Oct/2023:10:57:55 +0800] "POST /xingrg/all/common/load_combo.html?type=base HTTP/1.1" 200 3409
114.95.241.104 - - [08/Oct/2023:10:57:58 +0800] "GET /xingrg/kc/base/yddb_order_info.html?code=482023100800047 HTTP/1.1" 200 31308
114.95.241.104 - - [08/Oct/2023:10:57:58 +0800] "GET /xingrg/dwr/interface/AjaxComOrderService.js HTTP/1.1" 200 18264
114.95.241.104 - - [08/Oct/2023:10:57:58 +0800] "GET /xingrg/dwr/interface/AjaxYddbService.js HTTP/1.1" 200 13201
114.95.241.104 - - [08/Oct/2023:10:57:58 +0800] "GET /xingrg/dwr/engine.js HTTP/1.1" 200 43631
114.83.218.82 - - [08/Oct/2023:10:57:59 +0800] "POST /xingrg/kc/buy/cgsh_order_operate.html HTTP/1.1" 200 12
114.95.241.104 - - [08/Oct/2023:10:57:59 +0800] "POST /xingrg/dwr/call/plaincall/AjaxYddbService.loadMaterielItems.dwr HTTP/1.1" 200 1543
114.95.241.104 - - [08/Oct/2023:10:58:01 +0800] "POST /xingrg/dwr/call/plaincall/AjaxYddbService.saveOrder.dwr HTTP/1.1" 200 78
114.83.218.82 - - [08/Oct/2023:10:58:01 +0800] "GET /xingrg/kc/buy/cgsh_order_info.html?code=212023100802510 HTTP/1.1" 200 67527
114.83.218.82 - - [08/Oct/2023:10:58:02 +0800] "GET /xingrg/javascript/easyui/themes/default/validatebox.css HTTP/1.1" 404 1104
124.78.69.58 - - [08/Oct/2023:10:58:02 +0800] "GET /xingrg/kc/buy/cgsh_order_operate.html?command=get_materiel&rest_code=00141&code=00101004049&supplier_code=00100312&order_time=2023-10-08 HTTP/1.1" 200 415
222.70.169.61 - - [08/Oct/2023:10:58:03 +0800] "GET /xingrg/check_reg.html?_=1696733908766 HTTP/1.1" 200 22
114.83.218.82 - - [08/Oct/2023:10:58:03 +0800] "POST /xingrg/kc/buy/cgsh_order_operate.html HTTP/1.1" 200 602
124.79.244.25 - - [08/Oct/2023:10:58:03 +0800] "GET /xingrg/all/function/internal_message.html?_=1696734185513&CODE_STATE=getMsg HTTP/1.1" 200 27
222.70.169.61 - - [08/Oct/2023:10:58:04 +0800] "GET /xingrg/all/function/internal_message.html?_=1696733909753&CODE_STATE=getMsg HTTP/1.1" 200 27
114.83.218.82 - - [08/Oct/2023:10:58:05 +0800] "GET /xingrg/kc/print/load_data.html?order_code=212023100802510&kc_code=cgsh&condition= HTTP/1.1" 200 687
180.152.241.196 - - [08/Oct/2023:10:58:05 +0800] "GET /xingrg/all/function/internal_message.html?_=1696733887026&CODE_STATE=getMsg HTTP/1.1" 200 27
114.95.241.104 - - [08/Oct/2023:10:58:06 +0800] "POST /xingrg/dwr/call/plaincall/AjaxYddbService.objCheckOrder.dwr HTTP/1.1" 200 78
222.70.107.161 - - [08/Oct/2023:10:58:07 +0800] "GET /xingrg/all/function/internal_message.html?_=1696733887952&CODE_STATE=getMsg HTTP/1.1" 200 27
101.83.145.37 - - [08/Oct/2023:10:58:07 +0800] "GET /xingrg/kc/base/wldb_order_operate.html?command=get_materiel&rest_code=00105&base_code=0010508&code=00102002258 HTTP/1.1" 200 447
114.95.241.104 - - [08/Oct/2023:10:58:08 +0800] "GET /xingrg/kc/base/yddb_order_info.html?code=482023100800047 HTTP/1.1" 200 31429
114.95.241.104 - - [08/Oct/2023:10:58:08 +0800] "GET /xingrg/dwr/interface/AjaxComOrderService.js HTTP/1.1" 200 18264
114.95.241.104 - - [08/Oct/2023:10:58:08 +0800] "GET /xingrg/dwr/interface/AjaxYddbService.js HTTP/1.1" 200 13201
114.95.241.104 - - [08/Oct/2023:10:58:08 +0800] "GET /xingrg/dwr/engine.js HTTP/1.1" 200 43631
180.169.147.146 - - [08/Oct/2023:10:58:08 +0800] "GET /xingrg/all/function/internal_message.html?_=1696733881859&CODE_STATE=getMsg HTTP/1.1" 200 27
114.95.241.104 - - [08/Oct/2023:10:58:08 +0800] "POST /xingrg/dwr/call/plaincall/AjaxYddbService.loadMaterielItems.dwr HTTP/1.1" 200 1543
114.83.218.82 - - [08/Oct/2023:10:58:11 +0800] "GET /xingrg/kc/buy/cgsh_order_add.html HTTP/1.1" 200 72618
114.83.218.82 - - [08/Oct/2023:10:58:12 +0800] "POST /xingrg/kc/buy/cgsh_order_operate.html HTTP/1.1" 200 8245
114.83.218.82 - - [08/Oct/2023:10:58:12 +0800] "GET /xingrg/javascript/easyui/themes/default/validatebox.css HTTP/1.1" 404 1104
124.78.69.58 - - [08/Oct/2023:10:58:12 +0800] "GET /xingrg/kc/buy/cgsh_order_operate.html?command=get_materiel&rest_code=00141&code=00101004023&supplier_code=00100312&order_time=2023-10-08 HTTP/1.1" 200 409
120.253.135.82 - - [08/Oct/2023:10:58:14 +0800] "POST /xingrg/kc/buy/cgsh_list_operate.html HTTP/1.1" 200 986
101.83.145.37 - - [08/Oct/2023:10:58:19 +0800] "GET /xingrg/kc/base/wldb_order_operate.html?command=get_materiel&rest_code=00105&base_code=0010508&code=00102002439 HTTP/1.1" 200 472
124.78.155.92 - - [08/Oct/2023:10:58:20 +0800] "GET /xingrg/all/function/internal_message.html?_=1696733878682&CODE_STATE=getMsg HTTP/1.1" 200 27
114.95.241.104 - - [08/Oct/2023:10:58:20 +0800] "GET /xingrg/all/function/internal_message.html?_=1696733898464&CODE_STATE=getMsg HTTP/1.1" 200 27
114.95.241.104 - - [08/Oct/2023:10:58:20 +0800] "GET /xingrg/check_reg.html?_=1696733898467 HTTP/1.1" 200 22
114.95.241.104 - - [08/Oct/2023:10:58:20 +0800] "GET /xingrg/all/function/internal_message.html?_=1696733898881&CODE_STATE=getMsg HTTP/1.1" 200 27
114.95.241.104 - - [08/Oct/2023:10:58:20 +0800] "GET /xingrg/check_reg.html?_=1696733898884 HTTP/1.1" 200 22
114.83.218.82 - - [08/Oct/2023:10:58:20 +0800] "GET /xingrg/all/function/internal_message.html?_=1696733901070&CODE_STATE=getMsg HTTP/1.1" 200 27
101.83.145.37 - - [08/Oct/2023:10:58:24 +0800] "POST /xingrg/kc/base/wldb_order_operate.html HTTP/1.1" 200 37
114.83.218.82 - - [08/Oct/2023:10:58:24 +0800] "GET /xingrg/kc/buy/cgsh_order_operate.html?command=get_materiel&rest_code=00149&code=00101012046&supplier_code=00100487&order_time=2023-10-08 HTTP/1.1" 200 417
222.70.180.200 - - [08/Oct/2023:10:58:24 +0800] "GET /xingrg/login.html HTTP/1.1" 200 7641
101.83.145.37 - - [08/Oct/2023:10:58:24 +0800] "POST /xingrg/kc/base/wldb_order_operate.html HTTP/1.1" 200 2692
222.70.180.200 - - [08/Oct/2023:10:58:25 +0800] "GET /xingrg/login.html HTTP/1.1" 200 7641
222.70.180.200 - - [08/Oct/2023:10:58:25 +0800] "GET /favicon.ico HTTP/1.1" 404 -
222.70.180.200 - - [08/Oct/2023:10:58:25 +0800] "GET /favicon.ico HTTP/1.1" 404 -
124.78.155.92 - - [08/Oct/2023:10:58:27 +0800] "GET /xingrg/check_reg.html?_=1696733907335 HTTP/1.1" 200 22
124.78.155.92 - - [08/Oct/2023:10:58:27 +0800] "GET /xingrg/all/function/internal_message.html?_=1696733907338&CODE_STATE=getMsg HTTP/1.1" 200 27
116.230.110.33 - - [08/Oct/2023:10:58:27 +0800] "GET /xingrg/all/function/internal_message.html?_=1696733764144&CODE_STATE=getMsg HTTP/1.1" 200 27
101.83.145.37 - - [08/Oct/2023:10:58:28 +0800] "GET /xingrg/kc/base/wldb_order_info.html?code=422023100800654 HTTP/1.1" 200 30471
101.83.145.37 - - [08/Oct/2023:10:58:29 +0800] "GET /xingrg/javascript/easyui/themes/default/validatebox.css HTTP/1.1" 404 1104
124.78.155.92 - - [08/Oct/2023:10:58:29 +0800] "GET /xingrg/all/function/internal_message.html?_=1696733910068&CODE_STATE=getMsg HTTP/1.1" 200 27
101.83.145.37 - - [08/Oct/2023:10:58:30 +0800] "POST /xingrg/kc/base/wldb_order_operate.html HTTP/1.1" 200 2692
114.83.221.181 - - [08/Oct/2023:10:58:33 +0800] "GET /xingrg/all/function/internal_message.html?_=1696733914505&CODE_STATE=getMsg HTTP/1.1" 200 27
222.70.180.200 - - [08/Oct/2023:10:58:33 +0800] "POST /xingrg/login.do HTTP/1.1" 302 -
222.70.180.200 - - [08/Oct/2023:10:58:33 +0800] "GET /xingrg/index.html?sysBaseUrl=http%3A%2F%2F180.169.147.146%3A18081%2Fxingrg%2F&costTime=797×tamp=1696733913360 HTTP/1.1" 200 17173
120.253.135.82 - - [08/Oct/2023:10:58:33 +0800] "GET /xingrg/all/function/internal_message.html?_=1696733716179&CODE_STATE=getMsg HTTP/1.1" 200 27
222.70.180.200 - - [08/Oct/2023:10:58:33 +0800] "GET /favicon.ico HTTP/1.1" 404 -
222.70.180.200 - - [08/Oct/2023:10:58:33 +0800] "POST /xingrg/all/common/load_tree.html?tree=area_rest_tree_json&manage=1 HTTP/1.1" 200 342
222.70.180.200 - - [08/Oct/2023:10:58:33 +0800] "GET /xingrg/all/function/internal_message.html?_=1696733911785&CODE_STATE=count HTTP/1.1" 200 11
222.70.180.200 - - [08/Oct/2023:10:58:33 +0800] "GET /xingrg/check_reg.html?_=1696733911786 HTTP/1.1" 200 22
222.70.180.200 - - [08/Oct/2023:10:58:33 +0800] "POST /xingrg/load_menu.html HTTP/1.1" 200 5138
180.165.48.189 - - [08/Oct/2023:10:58:37 +0800] "GET /xingrg/all/function/internal_message.html?_=1696733916992&CODE_STATE=getMsg HTTP/1.1" 200 27
180.165.48.189 - - [08/Oct/2023:10:58:38 +0800] "GET /xingrg/check_reg.html?_=1696733918662 HTTP/1.1" 200 22
222.70.180.200 - - [08/Oct/2023:10:58:39 +0800] "GET /xingrg/kc/buy/buy_main.html HTTP/1.1" 200 12412
222.70.180.200 - - [08/Oct/2023:10:58:39 +0800] "GET /xingrg/css/new_ie.css HTTP/1.1" 404 1036
124.78.69.58 - - [08/Oct/2023:10:58:39 +0800] "GET /xingrg/all/function/internal_message.html?_=1696733338096&CODE_STATE=getMsg HTTP/1.1" 200 27
222.70.180.200 - - [08/Oct/2023:10:58:40 +0800] "GET /xingrg/images/yd/bt.gif HTTP/1.1" 404 1040
114.83.218.82 - - [08/Oct/2023:10:58:40 +0800] "GET /xingrg/kc/buy/cgsh_order_operate.html?command=get_materiel&rest_code=00149&code=00101012101&supplier_code=00100487&order_time=2023-10-08 HTTP/1.1" 200 418
124.78.69.58 - - [08/Oct/2023:10:58:42 +0800] "GET /xingrg/kc/buy/cgsh_order_operate.html?command=get_materiel&rest_code=00141&code=00101010916&supplier_code=00100312&order_time=2023-10-08 HTTP/1.1" 200 395
222.70.180.200 - - [08/Oct/2023:10:58:42 +0800] "GET /xingrg/kc/buy/cgsh_order_list.html HTTP/1.1" 200 56748
222.70.180.200 - - [08/Oct/2023:10:58:42 +0800] "GET /xingrg/javascript/jquery_tools/images/next.gif HTTP/1.1" 404 1086
222.70.180.200 - - [08/Oct/2023:10:58:42 +0800] "GET /xingrg/javascript/jquery_tools/images/prev.gif HTTP/1.1" 404 1086
222.70.180.200 - - [08/Oct/2023:10:58:43 +0800] "GET /xingrg/all/function/internal_message.html?_=1696733921105&CODE_STATE=getMsg HTTP/1.1" 200 27
222.70.180.200 - - [08/Oct/2023:10:58:44 +0800] "POST /xingrg/kc/buy/cgsh_list_operate.html HTTP/1.1" 200 986
101.228.187.155 - - [08/Oct/2023:10:58:46 +0800] "GET /xingrg/all/function/internal_message.html?_=1696733925644&CODE_STATE=getMsg HTTP/1.1" 200 27
114.95.241.104 - - [08/Oct/2023:10:58:49 +0800] "GET /xingrg/all/function/internal_message.html?_=1696733929098&CODE_STATE=getMsg HTTP/1.1" 200 27
218.81.72.90 - - [08/Oct/2023:10:58:52 +0800] "GET /xingrg/all/function/internal_message.html?_=1696733931795&CODE_STATE=getMsg HTTP/1.1" 200 27
114.83.218.82 - - [08/Oct/2023:10:58:53 +0800] "POST /xingrg/kc/buy/cgsh_order_operate.html HTTP/1.1" 200 37
222.70.180.200 - - [08/Oct/2023:10:58:56 +0800] "GET /xingrg/kc/buy/cgsh_order_add.html HTTP/1.1" 200 72480
222.70.180.200 - - [08/Oct/2023:10:58:56 +0800] "GET /xingrg/words/20231007135028_words.js HTTP/1.1" 304 -
218.81.72.90 - - [08/Oct/2023:10:58:56 +0800] "POST /xingrg/kc/buy/cgsh_order_operate.html HTTP/1.1" 200 5057
222.70.180.200 - - [08/Oct/2023:10:58:56 +0800] "GET /xingrg/javascript/easyui/themes/default/validatebox.css HTTP/1.1" 404 1104
222.70.180.200 - - [08/Oct/2023:10:58:56 +0800] "POST /xingrg/kc/buy/cgsh_order_operate.html HTTP/1.1" 200 8245
222.70.180.200 - - [08/Oct/2023:10:58:56 +0800] "GET /xingrg/all/common/auto_word.html?type=employee&rest_code=00111 HTTP/1.1" 200 201
222.70.180.200 - - [08/Oct/2023:10:58:56 +0800] "GET /xingrg/all/common/auto_word.html?type=employee&rest_code=00111 HTTP/1.1" 200 201
124.78.69.58 - - [08/Oct/2023:10:58:58 +0800] "POST /xingrg/services/DataTransmitService HTTP/1.1" 200 524
222.70.180.200 - - [08/Oct/2023:10:58:58 +0800] "GET /xingrg/javascript/auto/indicator.gif HTTP/1.1" 404 1066
218.81.72.90 - - [08/Oct/2023:10:58:59 +0800] "GET /xingrg/kc/print/load_data.html?order_code=212023100802505&kc_code=cgsh&condition= HTTP/1.1" 200 1578
114.83.218.82 - - [08/Oct/2023:10:59:01 +0800] "POST /xingrg/kc/buy/cgsh_order_operate.html HTTP/1.1" 200 12
124.78.69.58 - - [08/Oct/2023:10:59:02 +0800] "GET /xingrg/kc/buy/cgsh_order_operate.html?command=get_materiel&rest_code=00141&code=00101005072&supplier_code=00100312&order_time=2023-10-08 HTTP/1.1" 200 419
124.79.244.25 - - [08/Oct/2023:10:59:03 +0800] "GET /xingrg/all/function/internal_message.html?_=1696734245511&CODE_STATE=getMsg HTTP/1.1" 200 27
222.70.169.61 - - [08/Oct/2023:10:59:04 +0800] "GET /xingrg/all/function/internal_message.html?_=1696733969768&CODE_STATE=getMsg HTTP/1.1" 200 27
114.83.218.82 - - [08/Oct/2023:10:59:04 +0800] "GET /xingrg/kc/buy/cgsh_order_info.html?code=212023100802511 HTTP/1.1" 200 67537
114.83.218.82 - - [08/Oct/2023:10:59:04 +0800] "GET /xingrg/javascript/easyui/themes/default/validatebox.css HTTP/1.1" 404 1104
114.83.218.82 - - [08/Oct/2023:10:59:05 +0800] "POST /xingrg/kc/buy/cgsh_order_operate.html HTTP/1.1" 200 1208
180.152.241.196 - - [08/Oct/2023:10:59:05 +0800] "GET /xingrg/all/function/internal_message.html?_=1696733947040&CODE_STATE=getMsg HTTP/1.1" 200 27
114.83.218.82 - - [08/Oct/2023:10:59:07 +0800] "GET /xingrg/kc/print/load_data.html?order_code=212023100802511&kc_code=cgsh&condition= HTTP/1.1" 200 951
222.70.107.161 - - [08/Oct/2023:10:59:07 +0800] "GET /xingrg/all/function/internal_message.html?_=1696733947957&CODE_STATE=getMsg HTTP/1.1" 200 27
222.70.107.161 - - [08/Oct/2023:10:59:07 +0800] "GET /xingrg/check_reg.html?_=1696733947957 HTTP/1.1" 200 22
124.78.155.92 - - [08/Oct/2023:10:59:08 +0800] "GET /xingrg/all/function/internal_message.html?_=1696733938655&CODE_STATE=getMsg HTTP/1.1" 200 27
180.169.147.146 - - [08/Oct/2023:10:59:08 +0800] "GET /xingrg/all/function/internal_message.html?_=1696733941885&CODE_STATE=getMsg HTTP/1.1" 200 27
124.78.69.58 - - [08/Oct/2023:10:59:12 +0800] "GET /xingrg/kc/buy/cgsh_order_operate.html?command=get_materiel&rest_code=00141&code=00101005022&supplier_code=00100312&order_time=2023-10-08 HTTP/1.1" 200 417
114.83.218.82 - - [08/Oct/2023:10:59:12 +0800] "GET /xingrg/kc/buy/cgsh_order_add.html HTTP/1.1" 200 72618
218.81.72.90 - - [08/Oct/2023:10:59:12 +0800] "GET /xingrg/kc/buy/cgsh_order_add.html HTTP/1.1" 200 72524
114.83.218.82 - - [08/Oct/2023:10:59:12 +0800] "POST /xingrg/kc/buy/cgsh_order_operate.html HTTP/1.1" 200 8245
114.83.218.82 - - [08/Oct/2023:10:59:12 +0800] "GET /xingrg/javascript/easyui/themes/default/validatebox.css HTTP/1.1" 404 1104
218.81.72.90 - - [08/Oct/2023:10:59:12 +0800] "POST /xingrg/kc/buy/cgsh_order_operate.html HTTP/1.1" 200 8245
218.81.72.90 - - [08/Oct/2023:10:59:13 +0800] "GET /xingrg/javascript/easyui/themes/default/validatebox.css HTTP/1.1" 404 1104
218.81.72.90 - - [08/Oct/2023:10:59:16 +0800] "GET /xingrg/all/function/internal_message.html?_=1696733956314&CODE_STATE=getMsg HTTP/1.1" 200 27
180.163.30.85 - - [08/Oct/2023:10:59:20 +0800] "GET /xingrg/all/function/internal_message.html?_=1696733878682&CODE_STATE=getMsg HTTP/1.1" 302 -
180.163.30.85 - - [08/Oct/2023:10:59:20 +0800] "GET /xingrg/login.html HTTP/1.1" 200 7641
114.95.241.104 - - [08/Oct/2023:10:59:20 +0800] "GET /xingrg/all/function/internal_message.html?_=1696733958469&CODE_STATE=getMsg HTTP/1.1" 200 27
114.95.241.104 - - [08/Oct/2023:10:59:20 +0800] "GET /xingrg/all/function/internal_message.html?_=1696733958875&CODE_STATE=getMsg HTTP/1.1" 200 27
114.83.218.82 - - [08/Oct/2023:10:59:20 +0800] "GET /xingrg/all/function/internal_message.html?_=1696733961050&CODE_STATE=getMsg HTTP/1.1" 200 27
218.81.72.90 - - [08/Oct/2023:10:59:23 +0800] "GET /favicon.ico HTTP/1.1" 404 -
114.83.218.82 - - [08/Oct/2023:10:59:24 +0800] "GET /xingrg/kc/buy/cgsh_order_operate.html?command=get_materiel&rest_code=00149&code=00101010658&supplier_code=00100442&order_time=2023-10-08 HTTP/1.1" 200 409
101.83.145.37 - - [08/Oct/2023:10:59:25 +0800] "GET /xingrg/all/function/internal_message.html?_=1696733967510&CODE_STATE=getMsg HTTP/1.1" 200 27
124.78.155.92 - - [08/Oct/2023:10:59:27 +0800] "GET /xingrg/all/function/internal_message.html?_=1696733967323&CODE_STATE=getMsg HTTP/1.1" 200 27
116.230.110.33 - - [08/Oct/2023:10:59:27 +0800] "GET /xingrg/all/function/internal_message.html?_=1696733824144&CODE_STATE=getMsg HTTP/1.1" 200 27
124.78.155.92 - - [08/Oct/2023:10:59:29 +0800] "GET /xingrg/all/function/internal_message.html?_=1696733970068&CODE_STATE=getMsg HTTP/1.1" 200 27
124.78.155.92 - - [08/Oct/2023:10:59:29 +0800] "GET /xingrg/check_reg.html?_=1696733970071 HTTP/1.1" 200 22
114.83.221.181 - - [08/Oct/2023:10:59:33 +0800] "GET /xingrg/all/function/internal_message.html?_=1696733974498&CODE_STATE=getMsg HTTP/1.1" 200 27
120.253.135.82 - - [08/Oct/2023:10:59:33 +0800] "GET /xingrg/all/function/internal_message.html?_=1696733776184&CODE_STATE=getMsg HTTP/1.1" 200 27
222.70.180.200 - - [08/Oct/2023:10:59:33 +0800] "GET /xingrg/all/function/internal_message.html?_=1696733971791&CODE_STATE=getMsg HTTP/1.1" 200 27
180.165.48.189 - - [08/Oct/2023:10:59:36 +0800] "GET /xingrg/all/function/internal_message.html?_=1696733976979&CODE_STATE=getMsg HTTP/1.1" 200 27
124.78.69.58 - - [08/Oct/2023:10:59:39 +0800] "GET /xingrg/all/function/internal_message.html?_=1696733398076&CODE_STATE=getMsg HTTP/1.1" 200 27
124.78.69.58 - - [08/Oct/2023:10:59:39 +0800] "GET /xingrg/check_reg.html?_=1696733398193 HTTP/1.1" 200 22
114.83.218.82 - - [08/Oct/2023:10:59:41 +0800] "POST /xingrg/kc/buy/cgsh_order_operate.html HTTP/1.1" 200 37
116.230.110.33 - - [08/Oct/2023:10:59:42 +0800] "GET /xingrg/check_reg.html?_=1696733839404 HTTP/1.1" 200 22
222.70.180.200 - - [08/Oct/2023:10:59:43 +0800] "GET /xingrg/all/function/internal_message.html?_=1696733981101&CODE_STATE=getMsg HTTP/1.1" 200 27
124.78.69.58 - - [08/Oct/2023:10:59:45 +0800] "POST /xingrg/kc/buy/cgsh_order_operate.html HTTP/1.1" 200 88
101.228.187.155 - - [08/Oct/2023:10:59:46 +0800] "GET /xingrg/all/function/internal_message.html?_=1696733985644&CODE_STATE=getMsg HTTP/1.1" 200 27
120.253.135.82 - - [08/Oct/2023:10:59:46 +0800] "GET /xingrg/kc/buy/cgsh_order_list.html HTTP/1.1" 200 56748
114.95.241.104 - - [08/Oct/2023:10:59:49 +0800] "GET /xingrg/all/function/internal_message.html?_=1696733989082&CODE_STATE=getMsg HTTP/1.1" 200 27
114.95.241.104 - - [08/Oct/2023:10:59:49 +0800] "GET /xingrg/check_reg.html?_=1696733989133 HTTP/1.1" 200 22
114.83.218.82 - - [08/Oct/2023:10:59:50 +0800] "POST /xingrg/kc/buy/cgsh_order_operate.html HTTP/1.1" 200 12
218.81.72.90 - - [08/Oct/2023:10:59:52 +0800] "GET /xingrg/all/function/internal_message.html?_=1696733991797&CODE_STATE=getMsg HTTP/1.1" 200 27
114.83.218.82 - - [08/Oct/2023:10:59:52 +0800] "GET /xingrg/kc/buy/cgsh_order_info.html?code=212023100802512 HTTP/1.1" 200 67529
114.83.218.82 - - [08/Oct/2023:10:59:53 +0800] "GET /xingrg/javascript/easyui/themes/default/validatebox.css HTTP/1.1" 404 1104
124.78.69.58 - - [08/Oct/2023:10:59:55 +0800] "POST /xingrg/kc/buy/cgsh_order_operate.html HTTP/1.1" 200 37
114.83.218.82 - - [08/Oct/2023:10:59:55 +0800] "POST /xingrg/kc/buy/cgsh_order_operate.html HTTP/1.1" 200 604
120.253.135.82 - - [08/Oct/2023:10:59:57 +0800] "POST /xingrg/kc/buy/cgsh_list_operate.html HTTP/1.1" 200 986
114.83.218.82 - - [08/Oct/2023:10:59:58 +0800] "GET /xingrg/kc/print/load_data.html?order_code=212023100802512&kc_code=cgsh&condition= HTTP/1.1" 200 708
120.253.135.82 - - [08/Oct/2023:11:00:02 +0800] "GET /xingrg/kc/pszx/mdqp_order_list.html?state=10 HTTP/1.1" 200 10275
120.253.135.82 - - [08/Oct/2023:11:00:02 +0800] "GET /xingrg/dwr/interface/AjaxQqpsService.js HTTP/1.1" 200 16326
120.253.135.82 - - [08/Oct/2023:11:00:02 +0800] "GET /xingrg/dwr/interface/AjaxReportQueryService.js HTTP/1.1" 200 13203
120.253.135.82 - - [08/Oct/2023:11:00:02 +0800] "GET /xingrg/dwr/engine.js HTTP/1.1" 200 43631
124.79.244.25 - - [08/Oct/2023:11:00:03 +0800] "GET /xingrg/check_reg.html?_=1696734305511 HTTP/1.1" 200 22
124.79.244.25 - - [08/Oct/2023:11:00:03 +0800] "GET /xingrg/all/function/internal_message.html?_=1696734305512&CODE_STATE=getMsg HTTP/1.1" 200 27
124.78.69.58 - - [08/Oct/2023:11:00:03 +0800] "POST /xingrg/kc/buy/cgsh_order_operate.html HTTP/1.1" 200 12
222.70.169.61 - - [08/Oct/2023:11:00:04 +0800] "GET /xingrg/all/function/internal_message.html?_=1696734029782&CODE_STATE=getMsg HTTP/1.1" 200 27
120.253.135.82 - - [08/Oct/2023:11:00:05 +0800] "GET /xingrg/kc/pszx/mdps_order_list.html?orderType=0 HTTP/1.1" 200 21108
180.152.241.196 - - [08/Oct/2023:11:00:05 +0800] "GET /xingrg/all/function/internal_message.html?_=1696734007036&CODE_STATE=getMsg HTTP/1.1" 200 27
180.152.241.196 - - [08/Oct/2023:11:00:05 +0800] "GET /xingrg/check_reg.html?_=1696734007040 HTTP/1.1" 200 22
120.253.135.82 - - [08/Oct/2023:11:00:06 +0800] "POST /xingrg/kc/pszx/mdps_list_operate.html HTTP/1.1" 200 5256
114.83.218.82 - - [08/Oct/2023:11:00:06 +0800] "GET /xingrg/kc/buy/cgsh_order_add.html HTTP/1.1" 200 72618
114.83.218.82 - - [08/Oct/2023:11:00:06 +0800] "POST /xingrg/kc/buy/cgsh_order_operate.html HTTP/1.1" 200 8245
114.83.218.82 - - [08/Oct/2023:11:00:06 +0800] "GET /xingrg/javascript/easyui/themes/default/validatebox.css HTTP/1.1" 404 1104
124.78.69.58 - - [08/Oct/2023:11:00:06 +0800] "GET /xingrg/kc/buy/cgsh_order_info.html?code=212023100802514 HTTP/1.1" 200 67443
124.78.69.58 - - [08/Oct/2023:11:00:07 +0800] "GET /xingrg/javascript/easyui/themes/default/validatebox.css HTTP/1.1" 404 1104
222.70.107.161 - - [08/Oct/2023:11:00:07 +0800] "GET /xingrg/all/function/internal_message.html?_=1696734007956&CODE_STATE=getMsg HTTP/1.1" 200 27
124.78.69.58 - - [08/Oct/2023:11:00:08 +0800] "POST /xingrg/kc/buy/cgsh_order_operate.html HTTP/1.1" 200 8347
124.78.155.92 - - [08/Oct/2023:11:00:08 +0800] "GET /xingrg/all/function/internal_message.html?_=1696733998626&CODE_STATE=getMsg HTTP/1.1" 200 27
124.78.155.92 - - [08/Oct/2023:11:00:09 +0800] "GET /xingrg/check_reg.html?_=1696733999410 HTTP/1.1" 200 22
124.78.69.58 - - [08/Oct/2023:11:00:10 +0800] "GET /xingrg/kc/print/load_data.html?order_code=212023100802514&kc_code=cgsh&condition= HTTP/1.1" 200 3665
124.78.69.58 - - [08/Oct/2023:11:00:14 +0800] "GET /xingrg/kc/buy/cgsh_order_add.html HTTP/1.1" 200 72530
124.78.69.58 - - [08/Oct/2023:11:00:14 +0800] "POST /xingrg/kc/buy/cgsh_order_operate.html HTTP/1.1" 200 8245
124.78.69.58 - - [08/Oct/2023:11:00:14 +0800] "GET /xingrg/javascript/easyui/themes/default/validatebox.css HTTP/1.1" 404 1104
218.81.72.90 - - [08/Oct/2023:11:00:16 +0800] "GET /xingrg/check_reg.html?_=1696734016292 HTTP/1.1" 200 22
218.81.72.90 - - [08/Oct/2023:11:00:16 +0800] "GET /xingrg/all/function/internal_message.html?_=1696734016293&CODE_STATE=getMsg HTTP/1.1" 200 27
114.83.218.82 - - [08/Oct/2023:11:00:19 +0800] "GET /xingrg/kc/buy/cgsh_order_operate.html?command=get_materiel&rest_code=00149&code=00101019254&supplier_code=00100337&order_time=2023-10-08 HTTP/1.1" 200 446
114.95.241.104 - - [08/Oct/2023:11:00:20 +0800] "GET /xingrg/all/function/internal_message.html?_=1696734018485&CODE_STATE=getMsg HTTP/1.1" 200 27
114.83.218.82 - - [08/Oct/2023:11:00:20 +0800] "GET /xingrg/all/function/internal_message.html?_=1696734021036&CODE_STATE=getMsg HTTP/1.1" 200 27
114.95.241.104 - - [08/Oct/2023:11:00:20 +0800] "GET /xingrg/all/function/internal_message.html?_=1696734018869&CODE_STATE=getMsg HTTP/1.1" 200 27
114.83.218.82 - - [08/Oct/2023:11:00:21 +0800] "GET /xingrg/check_reg.html?_=1696734021219 HTTP/1.1" 200 22
124.78.69.58 - - [08/Oct/2023:11:00:23 +0800] "GET /xingrg/kc/buy/cgsh_order_operate.html?command=get_materiel&rest_code=00141&code=00101002007&supplier_code=00100442&order_time=2023-10-08 HTTP/1.1" 200 409
114.95.241.104 - - [08/Oct/2023:11:00:24 +0800] "POST /xingrg/all/user/operate.html HTTP/1.1" 200 36
114.95.241.104 - - [08/Oct/2023:11:00:24 +0800] "GET /xingrg/index.html?sysBaseUrl=http%3A%2F%2F180.169.147.146%3A18081%2Fxingrg%2F&costTime=1099×tamp=1696667011020 HTTP/1.1" 200 17179
114.95.241.104 - - [08/Oct/2023:11:00:24 +0800] "GET /xingrg/javascript/jquery_easy_ui/themes/default/easyui.css HTTP/1.1" 304 -
114.95.241.104 - - [08/Oct/2023:11:00:24 +0800] "GET /xingrg/javascript/jquery_easy_ui/themes/icon.css HTTP/1.1" 304 -
114.95.241.104 - - [08/Oct/2023:11:00:24 +0800] "GET /xingrg/css/form.css HTTP/1.1" 304 -
114.95.241.104 - - [08/Oct/2023:11:00:24 +0800] "GET /xingrg/javascript/jquery-1.4.2.min.js HTTP/1.1" 304 -
114.95.241.104 - - [08/Oct/2023:11:00:24 +0800] "GET /xingrg/javascript/jquery_easy_ui/jquery.easyui.min.js HTTP/1.1" 304 -
114.95.241.104 - - [08/Oct/2023:11:00:24 +0800] "GET /xingrg/javascript/jquery_easy_ui/easyui-lang-zh_CN.js HTTP/1.1" 304 -
114.95.241.104 - - [08/Oct/2023:11:00:24 +0800] "GET /xingrg/javascript/jquery.form.js HTTP/1.1" 304 -
114.95.241.104 - - [08/Oct/2023:11:00:24 +0800] "GET /xingrg/javascript/jquery.utils.js HTTP/1.1" 304 -
114.95.241.104 - - [08/Oct/2023:11:00:24 +0800] "GET /xingrg/javascript/jquery.timers.js HTTP/1.1" 304 -
114.95.241.104 - - [08/Oct/2023:11:00:24 +0800] "GET /xingrg/images/blue/jxLogo.png HTTP/1.1" 304 -
114.95.241.104 - - [08/Oct/2023:11:00:24 +0800] "GET /xingrg/javascript/jquery_easy_ui/themes/icons/settle_new.png HTTP/1.1" 304 -
114.95.241.104 - - [08/Oct/2023:11:00:24 +0800] "GET /xingrg/images/blue/navBackgound.jpg HTTP/1.1" 304 -
114.95.241.104 - - [08/Oct/2023:11:00:24 +0800] "GET /xingrg/all/function/internal_message.html?_=1696734024072&CODE_STATE=count HTTP/1.1" 200 11
114.95.241.104 - - [08/Oct/2023:11:00:24 +0800] "GET /xingrg/check_reg.html?_=1696734024073 HTTP/1.1" 200 22
114.95.241.104 - - [08/Oct/2023:11:00:24 +0800] "GET /xingrg/javascript/jquery_easy_ui/themes/default/images/tabs_rightarrow.png HTTP/1.1" 304 -
114.95.241.104 - - [08/Oct/2023:11:00:24 +0800] "GET /xingrg/javascript/jquery_easy_ui/themes/default/images/panel_tool_collapse.gif HTTP/1.1" 304 -
114.95.241.104 - - [08/Oct/2023:11:00:24 +0800] "GET /xingrg/javascript/jquery_easy_ui/themes/default/images/tabs_leftarrow.png HTTP/1.1" 304 -
114.95.241.104 - - [08/Oct/2023:11:00:24 +0800] "GET /xingrg/images/blue/pingpu.png HTTP/1.1" 304 -
114.95.241.104 - - [08/Oct/2023:11:00:24 +0800] "POST /xingrg/all/common/load_tree.html?tree=area_rest_tree_json&manage=1 HTTP/1.1" 200 476
114.95.241.104 - - [08/Oct/2023:11:00:24 +0800] "POST /xingrg/load_menu.html HTTP/1.1" 200 5138
101.83.145.37 - - [08/Oct/2023:11:00:25 +0800] "GET /xingrg/all/function/internal_message.html?_=1696734027441&CODE_STATE=getMsg HTTP/1.1" 200 27
124.78.155.92 - - [08/Oct/2023:11:00:27 +0800] "GET /xingrg/all/function/internal_message.html?_=1696734027323&CODE_STATE=getMsg HTTP/1.1" 200 27
116.230.110.33 - - [08/Oct/2023:11:00:27 +0800] "GET /xingrg/all/function/internal_message.html?_=1696733884137&CODE_STATE=getMsg HTTP/1.1" 200 27
124.78.155.92 - - [08/Oct/2023:11:00:29 +0800] "GET /xingrg/all/function/internal_message.html?_=1696734030071&CODE_STATE=getMsg HTTP/1.1" 200 27
114.83.221.181 - - [08/Oct/2023:11:00:33 +0800] "GET /xingrg/all/function/internal_message.html?_=1696734034491&CODE_STATE=getMsg HTTP/1.1" 200 27
120.253.135.82 - - [08/Oct/2023:11:00:33 +0800] "GET /xingrg/all/function/internal_message.html?_=1696733836198&CODE_STATE=getMsg HTTP/1.1" 200 27
222.70.180.200 - - [08/Oct/2023:11:00:33 +0800] "GET /xingrg/all/function/internal_message.html?_=1696734031790&CODE_STATE=getMsg HTTP/1.1" 200 27
114.83.221.181 - - [08/Oct/2023:11:00:33 +0800] "GET /xingrg/check_reg.html?_=1696734035206 HTTP/1.1" 200 22
124.78.69.58 - - [08/Oct/2023:11:00:34 +0800] "POST /xingrg/kc/buy/cgsh_order_operate.html HTTP/1.1" 200 37
180.165.48.189 - - [08/Oct/2023:11:00:36 +0800] "GET /xingrg/all/function/internal_message.html?_=1696734036965&CODE_STATE=getMsg HTTP/1.1" 200 27
124.78.69.58 - - [08/Oct/2023:11:00:39 +0800] "GET /xingrg/all/function/internal_message.html?_=1696733458063&CODE_STATE=getMsg HTTP/1.1" 200 27
114.83.218.82 - - [08/Oct/2023:11:00:41 +0800] "GET /xingrg/kc/buy/cgsh_order_operate.html?command=get_materiel&rest_code=00149&code=00101019530&supplier_code=00100337&order_time=2023-10-08 HTTP/1.1" 200 459
222.70.180.200 - - [08/Oct/2023:11:00:43 +0800] "GET /xingrg/all/function/internal_message.html?_=1696734041105&CODE_STATE=getMsg HTTP/1.1" 200 27
101.228.187.155 - - [08/Oct/2023:11:00:46 +0800] "GET /xingrg/all/function/internal_message.html?_=1696734045642&CODE_STATE=getMsg HTTP/1.1" 200 27
218.81.72.90 - - [08/Oct/2023:11:00:48 +0800] "GET /xingrg/kc/buy/cgsh_order_operate.html?command=get_materiel&rest_code=00148&code=00101008248&supplier_code=00100008&order_time=2023-10-08 HTTP/1.1" 200 412
124.78.69.58 - - [08/Oct/2023:11:00:50 +0800] "POST /xingrg/kc/buy/cgsh_order_operate.html HTTP/1.1" 200 12
218.81.72.90 - - [08/Oct/2023:11:00:52 +0800] "GET /xingrg/all/function/internal_message.html?_=1696734051798&CODE_STATE=getMsg HTTP/1.1" 200 27
124.78.69.58 - - [08/Oct/2023:11:00:52 +0800] "GET /xingrg/kc/buy/cgsh_order_info.html?code=212023100802515 HTTP/1.1" 200 67441
124.78.69.58 - - [08/Oct/2023:11:00:52 +0800] "GET /xingrg/javascript/easyui/themes/default/validatebox.css HTTP/1.1" 404 1104
124.78.69.58 - - [08/Oct/2023:11:00:53 +0800] "POST /xingrg/kc/buy/cgsh_order_operate.html HTTP/1.1" 200 606
114.83.218.82 - - [08/Oct/2023:11:00:54 +0800] "GET /xingrg/kc/buy/cgsh_order_operate.html?command=get_materiel&rest_code=00149&code=00101013172&supplier_code=00100337&order_time=2023-10-08 HTTP/1.1" 200 429
124.78.69.58 - - [08/Oct/2023:11:00:55 +0800] "GET /xingrg/kc/print/load_data.html?order_code=212023100802515&kc_code=cgsh&condition= HTTP/1.1" 200 713
124.78.69.58 - - [08/Oct/2023:11:00:59 +0800] "GET /xingrg/kc/buy/cgsh_order_add.html HTTP/1.1" 200 72530
124.78.69.58 - - [08/Oct/2023:11:00:59 +0800] "POST /xingrg/kc/buy/cgsh_order_operate.html HTTP/1.1" 200 8245
124.78.69.58 - - [08/Oct/2023:11:00:59 +0800] "GET /xingrg/javascript/easyui/themes/default/validatebox.css HTTP/1.1" 404 1104
124.79.244.25 - - [08/Oct/2023:11:01:03 +0800] "GET /xingrg/all/function/internal_message.html?_=1696734365511&CODE_STATE=getMsg HTTP/1.1" 200 27
222.70.169.61 - - [08/Oct/2023:11:01:04 +0800] "GET /xingrg/all/function/internal_message.html?_=1696734089794&CODE_STATE=getMsg HTTP/1.1" 200 27
180.152.241.196 - - [08/Oct/2023:11:01:05 +0800] "GET /xingrg/all/function/internal_message.html?_=1696734067037&CODE_STATE=getMsg HTTP/1.1" 200 27
222.70.107.161 - - [08/Oct/2023:11:01:07 +0800] "GET /xingrg/all/function/internal_message.html?_=1696734067962&CODE_STATE=getMsg HTTP/1.1" 200 27
124.78.155.92 - - [08/Oct/2023:11:01:08 +0800] "GET /xingrg/all/function/internal_message.html?_=1696734058599&CODE_STATE=getMsg HTTP/1.1" 200 27
114.95.241.104 - - [08/Oct/2023:11:01:14 +0800] "GET /xingrg/kc/buy/cgsh_order_list.html HTTP/1.1" 200 56754
218.81.72.90 - - [08/Oct/2023:11:01:16 +0800] "GET /xingrg/all/function/internal_message.html?_=1696734076274&CODE_STATE=getMsg HTTP/1.1" 200 27
114.95.241.104 - - [08/Oct/2023:11:01:16 +0800] "POST /xingrg/kc/buy/cgsh_list_operate.html HTTP/1.1" 200 986
114.95.241.104 - - [08/Oct/2023:11:01:18 +0800] "GET /xingrg/javascript/jquery_tools/images/next.gif HTTP/1.1" 404 1086
114.95.241.104 - - [08/Oct/2023:11:01:18 +0800] "GET /xingrg/javascript/jquery_tools/images/prev.gif HTTP/1.1" 404 1086
114.95.241.104 - - [08/Oct/2023:11:01:20 +0800] "GET /xingrg/all/function/internal_message.html?_=1696734078477&CODE_STATE=getMsg HTTP/1.1" 200 27
114.83.218.82 - - [08/Oct/2023:11:01:20 +0800] "GET /xingrg/all/function/internal_message.html?_=1696734081013&CODE_STATE=getMsg HTTP/1.1" 200 27
114.95.241.104 - - [08/Oct/2023:11:01:20 +0800] "GET /xingrg/all/function/internal_message.html?_=1696734078864&CODE_STATE=getMsg HTTP/1.1" 200 27
114.95.241.104 - - [08/Oct/2023:11:01:24 +0800] "GET /xingrg/all/function/internal_message.html?_=1696734084085&CODE_STATE=getMsg HTTP/1.1" 200 27
101.83.145.37 - - [08/Oct/2023:11:01:25 +0800] "GET /xingrg/all/function/internal_message.html?_=1696734087419&CODE_STATE=getMsg HTTP/1.1" 200 27
124.78.155.92 - - [08/Oct/2023:11:01:27 +0800] "GET /xingrg/all/function/internal_message.html?_=1696734087351&CODE_STATE=getMsg HTTP/1.1" 200 27
116.230.110.33 - - [08/Oct/2023:11:01:27 +0800] "GET /xingrg/all/function/internal_message.html?_=1696733944113&CODE_STATE=getMsg HTTP/1.1" 200 27
124.78.69.58 - - [08/Oct/2023:11:01:27 +0800] "GET /xingrg/kc/buy/cgsh_order_operate.html?command=get_materiel&rest_code=00141&code=00101010616&supplier_code=00100566&order_time=2023-10-08 HTTP/1.1" 200 409
124.78.155.92 - - [08/Oct/2023:11:01:29 +0800] "GET /xingrg/all/function/internal_message.html?_=1696734090071&CODE_STATE=getMsg HTTP/1.1" 200 27
114.95.241.104 - - [08/Oct/2023:11:01:30 +0800] "GET /xingrg/javascript/auto/indicator.gif HTTP/1.1" 404 1066
114.83.221.181 - - [08/Oct/2023:11:01:33 +0800] "GET /xingrg/all/function/internal_message.html?_=1696734094488&CODE_STATE=getMsg HTTP/1.1" 200 27
120.253.135.82 - - [08/Oct/2023:11:01:33 +0800] "GET /xingrg/all/function/internal_message.html?_=1696733896211&CODE_STATE=getMsg HTTP/1.1" 200 27
222.70.180.200 - - [08/Oct/2023:11:01:33 +0800] "GET /xingrg/all/function/internal_message.html?_=1696734091794&CODE_STATE=getMsg HTTP/1.1" 200 27
180.165.48.189 - - [08/Oct/2023:11:01:36 +0800] "GET /xingrg/all/function/internal_message.html?_=1696734096951&CODE_STATE=getMsg HTTP/1.1" 200 27
124.78.69.58 - - [08/Oct/2023:11:01:39 +0800] "GET /xingrg/all/function/internal_message.html?_=1696733518040&CODE_STATE=getMsg HTTP/1.1" 200 27
124.78.69.58 - - [08/Oct/2023:11:01:41 +0800] "POST /xingrg/kc/buy/cgsh_order_operate.html HTTP/1.1" 200 37
222.70.180.200 - - [08/Oct/2023:11:01:43 +0800] "GET /xingrg/check_reg.html?_=1696734101096 HTTP/1.1" 200 22
222.70.180.200 - - [08/Oct/2023:11:01:43 +0800] "GET /xingrg/all/function/internal_message.html?_=1696734101094&CODE_STATE=getMsg HTTP/1.1" 200 27
114.83.218.82 - - [08/Oct/2023:11:01:46 +0800] "GET /xingrg/kc/buy/cgsh_order_operate.html?command=get_materiel&rest_code=00149&code=00101015054&supplier_code=00100337&order_time=2023-10-08 HTTP/1.1" 200 423
101.228.187.155 - - [08/Oct/2023:11:01:46 +0800] "GET /xingrg/check_reg.html?_=1696734105642 HTTP/1.1" 200 22
101.228.187.155 - - [08/Oct/2023:11:01:46 +0800] "GET /xingrg/all/function/internal_message.html?_=1696734105641&CODE_STATE=getMsg HTTP/1.1" 200 27
222.70.180.200 - - [08/Oct/2023:11:01:48 +0800] "GET /xingrg/check_reg.html?_=1696734453911 HTTP/1.1" 302 -
124.78.69.58 - - [08/Oct/2023:11:01:49 +0800] "POST /xingrg/kc/buy/cgsh_order_operate.html HTTP/1.1" 200 12
114.95.241.104 - - [08/Oct/2023:11:01:49 +0800] "POST /xingrg/kc/buy/cgsh_list_operate.html HTTP/1.1" 200 1903
124.78.69.58 - - [08/Oct/2023:11:01:51 +0800] "GET /xingrg/kc/buy/cgsh_order_info.html?code=212023100802516 HTTP/1.1" 200 67443
124.78.69.58 - - [08/Oct/2023:11:01:52 +0800] "GET /xingrg/javascript/easyui/themes/default/validatebox.css HTTP/1.1" 404 1104
218.81.72.90 - - [08/Oct/2023:11:01:52 +0800] "GET /xingrg/check_reg.html?_=1696734111784 HTTP/1.1" 200 22
218.81.72.90 - - [08/Oct/2023:11:01:52 +0800] "GET /xingrg/all/function/internal_message.html?_=1696734111787&CODE_STATE=getMsg HTTP/1.1" 200 27
124.78.69.58 - - [08/Oct/2023:11:01:53 +0800] "POST /xingrg/kc/buy/cgsh_order_operate.html HTTP/1.1" 200 608
114.83.218.82 - - [08/Oct/2023:11:01:56 +0800] "POST /xingrg/kc/buy/cgsh_order_operate.html HTTP/1.1" 200 37
114.95.241.104 - - [08/Oct/2023:11:01:56 +0800] "POST /xingrg/kc/buy/cgsh_list_operate.html HTTP/1.1" 200 206
124.78.69.58 - - [08/Oct/2023:11:01:57 +0800] "GET /xingrg/kc/print/load_data.html?order_code=212023100802516&kc_code=cgsh&condition= HTTP/1.1" 200 716
114.95.241.104 - - [08/Oct/2023:11:02:01 +0800] "GET /xingrg/kc/buy/cgsh_order_add.html HTTP/1.1" 200 72574
124.78.69.58 - - [08/Oct/2023:11:02:01 +0800] "GET /xingrg/kc/buy/cgsh_order_add.html HTTP/1.1" 200 72530
124.78.69.58 - - [08/Oct/2023:11:02:02 +0800] "POST /xingrg/kc/buy/cgsh_order_operate.html HTTP/1.1" 200 8245
114.95.241.104 - - [08/Oct/2023:11:02:02 +0800] "POST /xingrg/kc/buy/cgsh_order_operate.html HTTP/1.1" 200 8245
124.78.69.58 - - [08/Oct/2023:11:02:02 +0800] "GET /xingrg/javascript/easyui/themes/default/validatebox.css HTTP/1.1" 404 1104
114.95.241.104 - - [08/Oct/2023:11:02:02 +0800] "GET /xingrg/javascript/easyui/themes/default/validatebox.css HTTP/1.1" 404 1104
124.79.244.25 - - [08/Oct/2023:11:02:03 +0800] "GET /xingrg/all/function/internal_message.html?_=1696734425515&CODE_STATE=getMsg HTTP/1.1" 200 27
222.70.169.61 - - [08/Oct/2023:11:02:04 +0800] "GET /xingrg/all/function/internal_message.html?_=1696734149811&CODE_STATE=getMsg HTTP/1.1" 200 27
180.152.241.196 - - [08/Oct/2023:11:02:05 +0800] "GET /xingrg/all/function/internal_message.html?_=1696734127027&CODE_STATE=getMsg HTTP/1.1" 200 27
222.70.107.161 - - [08/Oct/2023:11:02:07 +0800] "GET /xingrg/all/function/internal_message.html?_=1696734127961&CODE_STATE=getMsg HTTP/1.1" 200 27
124.78.155.92 - - [08/Oct/2023:11:02:08 +0800] "GET /xingrg/all/function/internal_message.html?_=1696734118569&CODE_STATE=getMsg HTTP/1.1" 200 27
124.78.69.58 - - [08/Oct/2023:11:02:11 +0800] "GET /xingrg/kc/buy/cgsh_order_operate.html?command=get_materiel&rest_code=00141&code=00101006001&supplier_code=00100574&order_time=2023-10-08 HTTP/1.1" 200 447
114.83.218.82 - - [08/Oct/2023:11:02:12 +0800] "POST /xingrg/kc/buy/cgsh_order_operate.html HTTP/1.1" 200 12
114.83.218.82 - - [08/Oct/2023:11:02:13 +0800] "GET /xingrg/kc/buy/cgsh_order_info.html?code=212023100802517 HTTP/1.1" 200 67529
114.83.218.82 - - [08/Oct/2023:11:02:14 +0800] "GET /xingrg/javascript/easyui/themes/default/validatebox.css HTTP/1.1" 404 1104
114.83.218.82 - - [08/Oct/2023:11:02:15 +0800] "POST /xingrg/kc/buy/cgsh_order_operate.html HTTP/1.1" 200 1853
218.81.72.90 - - [08/Oct/2023:11:02:16 +0800] "GET /xingrg/all/function/internal_message.html?_=1696734136259&CODE_STATE=getMsg HTTP/1.1" 200 27
114.83.218.82 - - [08/Oct/2023:11:02:17 +0800] "GET /xingrg/kc/print/load_data.html?order_code=212023100802517&kc_code=cgsh&condition= HTTP/1.1" 200 1225
114.95.241.104 - - [08/Oct/2023:11:02:20 +0800] "GET /xingrg/all/function/internal_message.html?_=1696734138475&CODE_STATE=getMsg HTTP/1.1" 200 27
114.83.218.82 - - [08/Oct/2023:11:02:20 +0800] "GET /xingrg/all/function/internal_message.html?_=1696734140998&CODE_STATE=getMsg HTTP/1.1" 200 27
114.95.241.104 - - [08/Oct/2023:11:02:20 +0800] "GET /xingrg/all/function/internal_message.html?_=1696734138881&CODE_STATE=getMsg HTTP/1.1" 200 27
114.95.241.104 - - [08/Oct/2023:11:02:24 +0800] "GET /xingrg/all/function/internal_message.html?_=1696734144082&CODE_STATE=getMsg HTTP/1.1" 200 27
101.83.145.37 - - [08/Oct/2023:11:02:25 +0800] "GET /xingrg/all/function/internal_message.html?_=1696734147389&CODE_STATE=getMsg HTTP/1.1" 200 27
101.83.145.37 - - [08/Oct/2023:11:02:25 +0800] "GET /xingrg/check_reg.html?_=1696734147766 HTTP/1.1" 200 22
124.78.155.92 - - [08/Oct/2023:11:02:27 +0800] "GET /xingrg/all/function/internal_message.html?_=1696734147351&CODE_STATE=getMsg HTTP/1.1" 200 27
116.230.110.33 - - [08/Oct/2023:11:02:27 +0800] "GET /xingrg/all/function/internal_message.html?_=1696734004094&CODE_STATE=getMsg HTTP/1.1" 200 27
124.78.155.92 - - [08/Oct/2023:11:02:29 +0800] "GET /xingrg/all/function/internal_message.html?_=1696734150099&CODE_STATE=getMsg HTTP/1.1" 200 27
124.78.69.58 - - [08/Oct/2023:11:02:32 +0800] "POST /xingrg/kc/buy/cgsh_order_operate.html HTTP/1.1" 200 37
114.83.221.181 - - [08/Oct/2023:11:02:33 +0800] "GET /xingrg/all/function/internal_message.html?_=1696734154466&CODE_STATE=getMsg HTTP/1.1" 200 27
120.253.135.82 - - [08/Oct/2023:11:02:33 +0800] "GET /xingrg/check_reg.html?_=1696733956114 HTTP/1.1" 200 22
120.253.135.82 - - [08/Oct/2023:11:02:33 +0800] "GET /xingrg/all/function/internal_message.html?_=1696733956225&CODE_STATE=getMsg HTTP/1.1" 200 27
222.70.180.200 - - [08/Oct/2023:11:02:33 +0800] "GET /xingrg/all/function/internal_message.html?_=1696734151802&CODE_STATE=getMsg HTTP/1.1" 200 27
180.165.48.189 - - [08/Oct/2023:11:02:36 +0800] "GET /xingrg/all/function/internal_message.html?_=1696734156936&CODE_STATE=getMsg HTTP/1.1" 200 27
114.83.218.82 - - [08/Oct/2023:11:02:37 +0800] "GET /xingrg/kc/buy/cgsh_order_add.html HTTP/1.1" 200 72618
114.83.218.82 - - [08/Oct/2023:11:02:37 +0800] "POST /xingrg/kc/buy/cgsh_order_operate.html HTTP/1.1" 200 8245
114.83.218.82 - - [08/Oct/2023:11:02:37 +0800] "GET /xingrg/javascript/easyui/themes/default/validatebox.css HTTP/1.1" 404 1104
124.78.69.58 - - [08/Oct/2023:11:02:39 +0800] "GET /xingrg/all/function/internal_message.html?_=1696733578022&CODE_STATE=getMsg HTTP/1.1" 200 27
124.78.69.58 - - [08/Oct/2023:11:02:40 +0800] "POST /xingrg/kc/buy/cgsh_order_operate.html HTTP/1.1" 200 12
114.83.218.82 - - [08/Oct/2023:11:02:41 +0800] "GET /xingrg/javascript/jquery_tools/images/prev.gif HTTP/1.1" 404 1086
114.83.218.82 - - [08/Oct/2023:11:02:41 +0800] "GET /xingrg/javascript/jquery_tools/images/next.gif HTTP/1.1" 404 1086
124.78.69.58 - - [08/Oct/2023:11:02:41 +0800] "GET /xingrg/kc/buy/cgsh_order_info.html?code=212023100802518 HTTP/1.1" 200 67445
124.78.69.58 - - [08/Oct/2023:11:02:41 +0800] "GET /xingrg/javascript/easyui/themes/default/validatebox.css HTTP/1.1" 404 1104
124.78.69.58 - - [08/Oct/2023:11:02:42 +0800] "POST /xingrg/kc/buy/cgsh_order_operate.html HTTP/1.1" 200 622
222.70.180.200 - - [08/Oct/2023:11:02:43 +0800] "GET /xingrg/all/function/internal_message.html?_=1696734161095&CODE_STATE=getMsg HTTP/1.1" 200 27
124.78.69.58 - - [08/Oct/2023:11:02:44 +0800] "GET /xingrg/kc/print/load_data.html?order_code=212023100802518&kc_code=cgsh&condition= HTTP/1.1" 200 733
101.228.187.155 - - [08/Oct/2023:11:02:46 +0800] "GET /xingrg/all/function/internal_message.html?_=1696734165640&CODE_STATE=getMsg HTTP/1.1" 200 27
124.78.69.58 - - [08/Oct/2023:11:02:47 +0800] "GET /xingrg/kc/buy/cgsh_order_add.html HTTP/1.1" 200 72530
124.78.69.58 - - [08/Oct/2023:11:02:48 +0800] "POST /xingrg/kc/buy/cgsh_order_operate.html HTTP/1.1" 200 8245
124.78.69.58 - - [08/Oct/2023:11:02:48 +0800] "GET /xingrg/javascript/easyui/themes/default/validatebox.css HTTP/1.1" 404 1104
218.81.72.90 - - [08/Oct/2023:11:02:52 +0800] "GET /xingrg/all/function/internal_message.html?_=1696734171790&CODE_STATE=getMsg HTTP/1.1" 200 27
114.83.218.82 - - [08/Oct/2023:11:02:54 +0800] "GET /xingrg/kc/buy/cgsh_order_operate.html?command=get_materiel&rest_code=00149&code=00101004046&supplier_code=00100312&order_time=2023-10-08 HTTP/1.1" 200 417
218.81.72.90 - - [08/Oct/2023:11:02:55 +0800] "GET /xingrg/kc/buy/cgsh_order_operate.html?command=get_materiel&rest_code=00148&code=00101008072&supplier_code=00100008&order_time=2023-10-08 HTTP/1.1" 200 408
124.78.69.58 - - [08/Oct/2023:11:02:57 +0800] "GET /xingrg/kc/buy/cgsh_order_operate.html?command=get_materiel&rest_code=00141&code=00101003047&supplier_code=00100094&order_time=2023-10-08 HTTP/1.1" 200 422
222.70.169.61 - - [08/Oct/2023:11:03:03 +0800] "GET /xingrg/check_reg.html?_=1696734208764 HTTP/1.1" 200 22
124.79.244.25 - - [08/Oct/2023:11:03:03 +0800] "GET /xingrg/all/function/internal_message.html?_=1696734485513&CODE_STATE=getMsg HTTP/1.1" 200 27
222.70.169.61 - - [08/Oct/2023:11:03:04 +0800] "GET /xingrg/all/function/internal_message.html?_=1696734209823&CODE_STATE=getMsg HTTP/1.1" 200 27
218.81.72.90 - - [08/Oct/2023:11:03:05 +0800] "GET /xingrg/kc/buy/cgsh_order_operate.html?command=get_materiel&rest_code=00148&code=00101008257&supplier_code=00100008&order_time=2023-10-08 HTTP/1.1" 200 416
180.152.241.196 - - [08/Oct/2023:11:03:05 +0800] "GET /xingrg/all/function/internal_message.html?_=1696734187033&CODE_STATE=getMsg HTTP/1.1" 200 27
222.70.107.161 - - [08/Oct/2023:11:03:07 +0800] "GET /xingrg/all/function/internal_message.html?_=1696734187963&CODE_STATE=getMsg HTTP/1.1" 200 27
124.78.155.92 - - [08/Oct/2023:11:03:08 +0800] "GET /xingrg/all/function/internal_message.html?_=1696734178556&CODE_STATE=getMsg HTTP/1.1" 200 27
180.163.30.76 - - [08/Oct/2023:11:03:09 +0800] "GET /xingrg/all/function/internal_message.html?_=1696734118569&CODE_STATE=getMsg HTTP/1.1" 302 -
180.163.30.76 - - [08/Oct/2023:11:03:09 +0800] "GET /xingrg/login.html HTTP/1.1" 200 7641
218.81.72.90 - - [08/Oct/2023:11:03:16 +0800] "GET /xingrg/all/function/internal_message.html?_=1696734196232&CODE_STATE=getMsg HTTP/1.1" 200 27
124.78.69.58 - - [08/Oct/2023:11:03:20 +0800] "POST /xingrg/kc/buy/cgsh_order_operate.html HTTP/1.1" 200 37
114.95.241.104 - - [08/Oct/2023:11:03:20 +0800] "GET /xingrg/check_reg.html?_=1696734198474 HTTP/1.1" 200 22
114.95.241.104 - - [08/Oct/2023:11:03:20 +0800] "GET /xingrg/all/function/internal_message.html?_=1696734198478&CODE_STATE=getMsg HTTP/1.1" 200 27
180.169.147.146 - - [08/Oct/2023:11:03:20 +0800] "GET /xingrg/index.html?sysBaseUrl=http%3A%2F%2F180.169.147.146%3A18081%2Fxingrg%2F&costTime=825×tamp=1696642065338 HTTP/1.1" 302 -
114.83.218.82 - - [08/Oct/2023:11:03:20 +0800] "GET /xingrg/all/function/internal_message.html?_=1696734200974&CODE_STATE=getMsg HTTP/1.1" 200 27
114.95.241.104 - - [08/Oct/2023:11:03:20 +0800] "GET /xingrg/all/function/internal_message.html?_=1696734198879&CODE_STATE=getMsg HTTP/1.1" 200 27
114.95.241.104 - - [08/Oct/2023:11:03:20 +0800] "GET /xingrg/check_reg.html?_=1696734198883 HTTP/1.1" 200 22
180.169.147.146 - - [08/Oct/2023:11:03:20 +0800] "GET /xingrg/login.html HTTP/1.1" 200 7641
114.83.218.82 - - [08/Oct/2023:11:03:22 +0800] "GET /xingrg/kc/buy/cgsh_order_operate.html?command=get_materiel&rest_code=00149&code=00101004067&supplier_code=00100312&order_time=2023-10-08 HTTP/1.1" 200 413
222.70.180.200 - - [08/Oct/2023:11:03:22 +0800] "GET /xingrg/kc/buy/cgsh_order_operate.html?command=get_materiel&rest_code=00111&code=00101010820&supplier_code=00100481&order_time=2023-10-08 HTTP/1.1" 200 423
