180.165.48.189 - - [08/Oct/2023:11:39:25 +0800] "GET /xingrg/javascript/easyui/themes/icons/print.png HTTP/1.1" 200 1057
180.165.48.189 - - [08/Oct/2023:11:39:25 +0800] "GET /xingrg/javascript/easyui/themes/icons/cancel.png HTTP/1.1" 200 1133
180.165.48.189 - - [08/Oct/2023:11:39:25 +0800] "POST /xingrg/kc/buy/cgsh_order_operate.html HTTP/1.1" 200 8245
180.165.48.189 - - [08/Oct/2023:11:39:25 +0800] "GET /xingrg/javascript/easyui/plugins/jquery.validatebox.js HTTP/1.1" 200 6103
180.165.48.189 - - [08/Oct/2023:11:39:25 +0800] "GET /xingrg/javascript/easyui/themes/default/validatebox.css HTTP/1.1" 404 1104
180.165.48.189 - - [08/Oct/2023:11:39:25 +0800] "GET /xingrg/all/common/auto_word.html?type=employee&rest_code=00108 HTTP/1.1" 200 101
180.165.48.189 - - [08/Oct/2023:11:39:25 +0800] "GET /xingrg/javascript/easyui/plugins/jquery.numberbox.js HTTP/1.1" 200 5213
180.165.48.189 - - [08/Oct/2023:11:39:25 +0800] "GET /xingrg/javascript/easyui/themes/icons/edit_remove.png HTTP/1.1" 200 625
180.165.48.189 - - [08/Oct/2023:11:39:25 +0800] "GET /xingrg/all/common/auto_word.html?type=employee&rest_code=00108 HTTP/1.1" 200 101
180.165.48.189 - - [08/Oct/2023:11:39:26 +0800] "GET /xingrg/javascript/auto/indicator.gif HTTP/1.1" 404 1066
116.230.110.33 - - [08/Oct/2023:11:39:26 +0800] "GET /xingrg/all/function/internal_message.html?_=1696736223422&CODE_STATE=getMsg HTTP/1.1" 200 27
101.83.145.37 - - [08/Oct/2023:11:39:30 +0800] "POST /xingrg/all/report/load_report_page.html HTTP/1.1" 200 33334
101.83.145.37 - - [08/Oct/2023:11:39:30 +0800] "GET /xingrg/servlets/image?cache=0.40518278149051457&image=px HTTP/1.1" 200 807
114.95.241.104 - - [08/Oct/2023:11:39:30 +0800] "GET /xingrg/all/function/internal_message.html?_=1696736370149&CODE_STATE=getMsg HTTP/1.1" 200 27
114.83.221.181 - - [08/Oct/2023:11:39:32 +0800] "GET /xingrg/all/function/internal_message.html?_=1696736373656&CODE_STATE=getMsg HTTP/1.1" 200 27
120.253.135.82 - - [08/Oct/2023:11:39:34 +0800] "GET /xingrg/all/function/internal_message.html?_=1696736176790&CODE_STATE=getMsg HTTP/1.1" 200 27
101.83.145.37 - - [08/Oct/2023:11:39:34 +0800] "POST /xingrg/all/report/report_print.html HTTP/1.1" 200 7168
180.165.48.189 - - [08/Oct/2023:11:39:35 +0800] "GET /xingrg/kc/buy/cgsh_order_operate.html?command=get_materiel&rest_code=00108&code=00101001037&supplier_code=00100090&order_time=2023-10-08 HTTP/1.1" 200 418
180.165.48.189 - - [08/Oct/2023:11:39:36 +0800] "GET /xingrg/all/function/internal_message.html?_=1696736376352&CODE_STATE=getMsg HTTP/1.1" 200 27
124.78.69.58 - - [08/Oct/2023:11:39:38 +0800] "GET /xingrg/all/function/internal_message.html?_=1696735797151&CODE_STATE=getMsg HTTP/1.1" 200 27
124.78.69.58 - - [08/Oct/2023:11:39:39 +0800] "GET /xingrg/check_reg.html?_=1696735798294 HTTP/1.1" 200 22
116.230.110.33 - - [08/Oct/2023:11:39:42 +0800] "GET /xingrg/check_reg.html?_=1696736239415 HTTP/1.1" 200 22
222.70.180.200 - - [08/Oct/2023:11:39:43 +0800] "GET /xingrg/all/function/internal_message.html?_=1696736381145&CODE_STATE=getMsg HTTP/1.1" 200 27
124.78.69.58 - - [08/Oct/2023:11:39:43 +0800] "GET /xingrg/all/report/report_query.html?isQuery=1&fileName=kc/buy/wlcg_cate_hz.xml&queryString=(CONVERT(char(10)%252Ca.order_time%252C%2520120)%253E%253D'2023-09-01')%2520and%2520(CONVERT(char(10)%252Ca.order_time%252C%2520120)%253C%253D'2023-09-30')%2520and%2520(a.number%253E0%2520and%2520a.supplier_code%253D'00100327')&queryText=%25E3%2580%2590%25E9%2587%2587%25E8%25B4%25AD%25E6%2597%25A5%25E6%259C%259F%253A2023-09-01%2520%25E8%2587%25B3%25202023-09-30%25E3%2580%2591%2520%25E5%25B9%25B6%25E4%25B8%2594%2520%25E3%2580%2590%25E4%25BE%259B%25E5%25BA%2594%25E5%2595%2586%253D%25E5%258E%25A8%25E5%258D%259A%25E6%25B1%2587%25EF%25BC%2588%25E8%25A7%25A3%25E6%2595%258F%25EF%25BC%2589%25E3%2580%2591 HTTP/1.1" 200 54374
124.78.69.58 - - [08/Oct/2023:11:39:43 +0800] "GET /xingrg/dwr/interface/AjaxReportQueryService.js HTTP/1.1" 200 13203
124.78.69.58 - - [08/Oct/2023:11:39:43 +0800] "GET /xingrg/dwr/engine.js HTTP/1.1" 200 43631
101.83.145.37 - - [08/Oct/2023:11:39:45 +0800] "GET /xingrg/check_reg.html?_=1696736494447 HTTP/1.1" 200 22
101.83.145.37 - - [08/Oct/2023:11:39:45 +0800] "GET /xingrg/all/function/internal_message.html?_=1696736494453&CODE_STATE=getMsg HTTP/1.1" 200 27
101.228.187.155 - - [08/Oct/2023:11:39:46 +0800] "GET /xingrg/all/function/internal_message.html?_=1696736385658&CODE_STATE=getMsg HTTP/1.1" 200 27
124.78.69.58 - - [08/Oct/2023:11:39:47 +0800] "POST /xingrg/all/report/load_report_page.html HTTP/1.1" 200 10897
124.78.69.58 - - [08/Oct/2023:11:39:47 +0800] "GET /xingrg/servlets/image?cache=0.39878645031484894&image=px HTTP/1.1" 200 807
180.165.48.189 - - [08/Oct/2023:11:39:49 +0800] "GET /xingrg/kc/buy/cgsh_order_operate.html?command=get_materiel&rest_code=00108&code=00101004094&supplier_code=00100090&order_time=2023-10-08 HTTP/1.1" 200 411
124.78.69.58 - - [08/Oct/2023:11:39:49 +0800] "POST /xingrg/dwr/call/plaincall/AjaxBaseInfoService.changeUnitGroup.dwr HTTP/1.1" 200 243
124.78.69.58 - - [08/Oct/2023:11:39:50 +0800] "POST /xingrg/all/report/load_report_page.html HTTP/1.1" 200 46715
124.78.69.58 - - [08/Oct/2023:11:39:50 +0800] "GET /xingrg/servlets/image?cache=0.6783725632423013&image=px HTTP/1.1" 200 807
218.81.72.90 - - [08/Oct/2023:11:39:52 +0800] "GET /xingrg/all/function/internal_message.html?_=1696736391892&CODE_STATE=getMsg HTTP/1.1" 200 27
124.78.69.58 - - [08/Oct/2023:11:39:53 +0800] "GET /xingrg/all/function/internal_message.html?_=1696736394297&CODE_STATE=getMsg HTTP/1.1" 200 27
124.78.69.58 - - [08/Oct/2023:11:39:54 +0800] "POST /xingrg/all/report/report_print.html HTTP/1.1" 200 8192
180.165.48.189 - - [08/Oct/2023:11:39:57 +0800] "GET /xingrg/kc/buy/cgsh_order_operate.html?command=get_materiel&rest_code=00108&code=00101001140&supplier_code=00100090&order_time=2023-10-08 HTTP/1.1" 200 417
124.79.244.25 - - [08/Oct/2023:11:40:03 +0800] "GET /xingrg/check_reg.html?_=1696736705543 HTTP/1.1" 200 22
124.79.244.25 - - [08/Oct/2023:11:40:03 +0800] "GET /xingrg/all/function/internal_message.html?_=1696736705545&CODE_STATE=getMsg HTTP/1.1" 200 27
222.70.169.61 - - [08/Oct/2023:11:40:04 +0800] "GET /xingrg/all/function/internal_message.html?_=1696736430559&CODE_STATE=getMsg HTTP/1.1" 200 27
124.78.155.92 - - [08/Oct/2023:11:40:05 +0800] "GET /xingrg/all/function/internal_message.html?_=1696736405887&CODE_STATE=getMsg HTTP/1.1" 200 27
180.152.241.196 - - [08/Oct/2023:11:40:05 +0800] "GET /xingrg/all/function/internal_message.html?_=1696736407037&CODE_STATE=getMsg HTTP/1.1" 200 27
180.152.241.196 - - [08/Oct/2023:11:40:05 +0800] "GET /xingrg/check_reg.html?_=1696736407039 HTTP/1.1" 200 22
124.78.155.92 - - [08/Oct/2023:11:40:07 +0800] "GET /xingrg/kc/buy/cgsh_order_add.html HTTP/1.1" 200 72524
124.78.155.92 - - [08/Oct/2023:11:40:07 +0800] "POST /xingrg/kc/buy/cgsh_order_operate.html HTTP/1.1" 200 8245
124.78.155.92 - - [08/Oct/2023:11:40:07 +0800] "GET /xingrg/javascript/easyui/themes/default/validatebox.css HTTP/1.1" 404 1104
222.70.107.161 - - [08/Oct/2023:11:40:07 +0800] "GET /xingrg/all/function/internal_message.html?_=1696736408046&CODE_STATE=getMsg HTTP/1.1" 200 27
124.78.155.92 - - [08/Oct/2023:11:40:07 +0800] "GET /xingrg/all/function/internal_message.html?_=1696736398047&CODE_STATE=getMsg HTTP/1.1" 200 27
124.78.155.92 - - [08/Oct/2023:11:40:09 +0800] "GET /xingrg/check_reg.html?_=1696736399269 HTTP/1.1" 200 22
180.165.48.189 - - [08/Oct/2023:11:40:09 +0800] "POST /xingrg/kc/buy/cgsh_order_operate.html HTTP/1.1" 200 37
124.78.155.92 - - [08/Oct/2023:11:40:10 +0800] "GET /xingrg/javascript/easyui/themes/default/tree.css HTTP/1.1" 404 1090
124.78.155.92 - - [08/Oct/2023:11:40:10 +0800] "POST /xingrg/all/common/load_tree.html?tree=supplier_tree_json&isDelete=1 HTTP/1.1" 200 76299
180.165.48.189 - - [08/Oct/2023:11:40:10 +0800] "POST /xingrg/kc/buy/cgsh_order_operate.html HTTP/1.1" 200 3857
180.165.48.189 - - [08/Oct/2023:11:40:11 +0800] "GET /xingrg/kc/print/load_config.html?kc_code=cgsh HTTP/1.1" 200 1927
180.165.48.189 - - [08/Oct/2023:11:40:12 +0800] "GET /xingrg/kc/print/load_data.html?order_code=212023100802548&kc_code=cgsh&condition= HTTP/1.1" 200 1208
222.70.180.200 - - [08/Oct/2023:11:40:14 +0800] "GET /xingrg/all/function/internal_message.html?_=1696736417739&CODE_STATE=getMsg HTTP/1.1" 200 27
124.78.69.58 - - [08/Oct/2023:11:40:16 +0800] "POST /xingrg/dwr/call/plaincall/AjaxBaseInfoService.changeUnitGroup.dwr HTTP/1.1" 200 243
114.83.218.82 - - [08/Oct/2023:11:40:20 +0800] "GET /xingrg/all/function/internal_message.html?_=1696736420318&CODE_STATE=getMsg HTTP/1.1" 200 27
114.95.241.104 - - [08/Oct/2023:11:40:20 +0800] "GET /xingrg/all/function/internal_message.html?_=1696736418474&CODE_STATE=getMsg HTTP/1.1" 200 27
114.95.241.104 - - [08/Oct/2023:11:40:20 +0800] "GET /xingrg/all/function/internal_message.html?_=1696736418881&CODE_STATE=getMsg HTTP/1.1" 200 27
124.78.69.58 - - [08/Oct/2023:11:40:21 +0800] "POST /xingrg/dwr/call/plaincall/AjaxBaseInfoService.saveMateriel.dwr HTTP/1.1" 200 109
114.83.218.82 - - [08/Oct/2023:11:40:21 +0800] "GET /xingrg/check_reg.html?_=1696736421258 HTTP/1.1" 200 22
124.78.69.58 - - [08/Oct/2023:11:40:21 +0800] "POST /xingrg/dwr/call/plaincall/AjaxBaseInfoService.getMateriels.dwr HTTP/1.1" 200 3017
101.83.145.37 - - [08/Oct/2023:11:40:24 +0800] "GET /xingrg/all/function/internal_message.html?_=1696736426626&CODE_STATE=getMsg HTTP/1.1" 200 27
180.165.48.189 - - [08/Oct/2023:11:40:24 +0800] "GET /xingrg/kc/buy/cgsh_order_add.html HTTP/1.1" 200 72622
180.165.48.189 - - [08/Oct/2023:11:40:25 +0800] "GET /xingrg/words/20231008114021_words.js HTTP/1.1" 200 991234
180.165.48.189 - - [08/Oct/2023:11:40:25 +0800] "POST /xingrg/kc/buy/cgsh_order_operate.html HTTP/1.1" 200 8245
180.165.48.189 - - [08/Oct/2023:11:40:25 +0800] "GET /xingrg/javascript/easyui/themes/default/validatebox.css HTTP/1.1" 404 1104
180.165.48.189 - - [08/Oct/2023:11:40:26 +0800] "GET /xingrg/javascript/jquery_tools/images/prev.gif HTTP/1.1" 404 1086
180.165.48.189 - - [08/Oct/2023:11:40:26 +0800] "GET /xingrg/javascript/jquery_tools/images/next.gif HTTP/1.1" 404 1086
116.230.110.33 - - [08/Oct/2023:11:40:26 +0800] "GET /xingrg/all/function/internal_message.html?_=1696736283405&CODE_STATE=getMsg HTTP/1.1" 200 27
114.95.241.104 - - [08/Oct/2023:11:40:30 +0800] "GET /xingrg/all/function/internal_message.html?_=1696736430150&CODE_STATE=getMsg HTTP/1.1" 200 27
114.83.221.181 - - [08/Oct/2023:11:40:32 +0800] "GET /xingrg/all/function/internal_message.html?_=1696736433636&CODE_STATE=getMsg HTTP/1.1" 200 27
114.83.221.181 - - [08/Oct/2023:11:40:33 +0800] "GET /xingrg/check_reg.html?_=1696736435182 HTTP/1.1" 200 22
180.165.48.189 - - [08/Oct/2023:11:40:33 +0800] "GET /xingrg/kc/buy/cgsh_order_operate.html?command=get_materiel&rest_code=00108&code=00101002006&supplier_code=00100091&order_time=2023-10-08 HTTP/1.1" 200 414
120.253.135.82 - - [08/Oct/2023:11:40:34 +0800] "GET /xingrg/all/function/internal_message.html?_=1696736236815&CODE_STATE=getMsg HTTP/1.1" 200 27
180.165.48.189 - - [08/Oct/2023:11:40:36 +0800] "GET /xingrg/all/function/internal_message.html?_=1696736436344&CODE_STATE=getMsg HTTP/1.1" 200 27
124.78.69.58 - - [08/Oct/2023:11:40:38 +0800] "GET /xingrg/all/function/internal_message.html?_=1696735857121&CODE_STATE=getMsg HTTP/1.1" 200 27
124.78.155.92 - - [08/Oct/2023:11:40:38 +0800] "GET /xingrg/kc/buy/cgsh_order_operate.html?command=get_materiel&rest_code=00106&code=00101002007&supplier_code=00100442&order_time=2023-10-08 HTTP/1.1" 200 409
222.70.180.200 - - [08/Oct/2023:11:40:43 +0800] "GET /xingrg/all/function/internal_message.html?_=1696736441148&CODE_STATE=getMsg HTTP/1.1" 200 27
101.83.145.37 - - [08/Oct/2023:11:40:45 +0800] "GET /xingrg/all/function/internal_message.html?_=1696736554455&CODE_STATE=getMsg HTTP/1.1" 200 27
180.165.48.189 - - [08/Oct/2023:11:40:46 +0800] "GET /xingrg/kc/buy/cgsh_order_operate.html?command=get_materiel&rest_code=00108&code=00101003037&supplier_code=00100091&order_time=2023-10-08 HTTP/1.1" 200 416
101.228.187.155 - - [08/Oct/2023:11:40:46 +0800] "GET /xingrg/all/function/internal_message.html?_=1696736445658&CODE_STATE=getMsg HTTP/1.1" 200 27
124.78.69.58 - - [08/Oct/2023:11:40:49 +0800] "GET /xingrg/all/report/report_query.html?isQuery=1&fileName=kc/buy/wlcg_cate_hz.xml&queryString=(CONVERT(char(10)%252Ca.order_time%252C%2520120)%253E%253D'2023-09-01')%2520and%2520(CONVERT(char(10)%252Ca.order_time%252C%2520120)%253C%253D'2023-09-30')%2520and%2520(a.number%253E0%2520and%2520a.supplier_code%253D'00100329')&queryText=%25E3%2580%2590%25E9%2587%2587%25E8%25B4%25AD%25E6%2597%25A5%25E6%259C%259F%253A2023-09-01%2520%25E8%2587%25B3%25202023-09-30%25E3%2580%2591%2520%25E5%25B9%25B6%25E4%25B8%2594%2520%25E3%2580%2590%25E4%25BE%259B%25E5%25BA%2594%25E5%2595%2586%253D%25E6%2596%258C%25E8%25AF%25A6%25E9%25A3%259F%25E5%2593%2581%25EF%25BC%2588%25E6%25BD%2598%25E6%2599%2593%25E5%258D%259A%25EF%25BC%2589%25E3%2580%2591 HTTP/1.1" 200 54382
124.78.69.58 - - [08/Oct/2023:11:40:50 +0800] "GET /xingrg/dwr/interface/AjaxReportQueryService.js HTTP/1.1" 200 13203
124.78.69.58 - - [08/Oct/2023:11:40:50 +0800] "GET /xingrg/dwr/engine.js HTTP/1.1" 200 43631
218.81.72.90 - - [08/Oct/2023:11:40:52 +0800] "GET /xingrg/all/function/internal_message.html?_=1696736451901&CODE_STATE=getMsg HTTP/1.1" 200 27
124.78.69.58 - - [08/Oct/2023:11:40:53 +0800] "POST /xingrg/all/report/load_report_page.html HTTP/1.1" 200 8715
124.78.69.58 - - [08/Oct/2023:11:40:53 +0800] "GET /xingrg/servlets/image?cache=0.5937723141829392&image=px HTTP/1.1" 200 807
124.78.69.58 - - [08/Oct/2023:11:40:56 +0800] "POST /xingrg/all/report/load_report_page.html HTTP/1.1" 200 60349
124.78.69.58 - - [08/Oct/2023:11:40:56 +0800] "GET /xingrg/servlets/image?cache=0.4698236611926937&image=px HTTP/1.1" 200 807
124.78.69.58 - - [08/Oct/2023:11:40:59 +0800] "POST /xingrg/all/report/report_print.html HTTP/1.1" 200 9236
180.169.147.146 - - [08/Oct/2023:11:40:59 +0800] "GET /xingrg/check_reg.html?_=1696736452816 HTTP/1.1" 200 22
180.165.48.189 - - [08/Oct/2023:11:41:01 +0800] "POST /xingrg/kc/buy/cgsh_order_operate.html HTTP/1.1" 200 37
124.79.244.25 - - [08/Oct/2023:11:41:03 +0800] "GET /xingrg/all/function/internal_message.html?_=1696736765544&CODE_STATE=getMsg HTTP/1.1" 200 27
124.78.155.92 - - [08/Oct/2023:11:41:03 +0800] "GET /xingrg/kc/buy/cgsh_order_operate.html?command=get_materiel&rest_code=00106&code=00101002027&supplier_code=00100442&order_time=2023-10-08 HTTP/1.1" 200 413
180.165.48.189 - - [08/Oct/2023:11:41:03 +0800] "POST /xingrg/kc/buy/cgsh_order_operate.html HTTP/1.1" 200 3259
222.70.169.61 - - [08/Oct/2023:11:41:04 +0800] "GET /xingrg/all/function/internal_message.html?_=1696736490572&CODE_STATE=getMsg HTTP/1.1" 200 27
180.165.48.189 - - [08/Oct/2023:11:41:05 +0800] "GET /xingrg/kc/print/load_data.html?order_code=212023100802549&kc_code=cgsh&condition= HTTP/1.1" 200 996
124.78.155.92 - - [08/Oct/2023:11:41:05 +0800] "GET /xingrg/all/function/internal_message.html?_=1696736465897&CODE_STATE=getMsg HTTP/1.1" 200 27
180.152.241.196 - - [08/Oct/2023:11:41:05 +0800] "GET /xingrg/all/function/internal_message.html?_=1696736467048&CODE_STATE=getMsg HTTP/1.1" 200 27
222.70.107.161 - - [08/Oct/2023:11:41:07 +0800] "GET /xingrg/all/function/internal_message.html?_=1696736468049&CODE_STATE=getMsg HTTP/1.1" 200 27
124.78.155.92 - - [08/Oct/2023:11:41:07 +0800] "GET /xingrg/all/function/internal_message.html?_=1696736458021&CODE_STATE=getMsg HTTP/1.1" 200 27
180.165.48.189 - - [08/Oct/2023:11:41:08 +0800] "GET /xingrg/kc/buy/cgsh_order_add.html HTTP/1.1" 200 72622
180.165.48.189 - - [08/Oct/2023:11:41:08 +0800] "GET /xingrg/words/20231008114021_words.js HTTP/1.1" 304 -
180.165.48.189 - - [08/Oct/2023:11:41:08 +0800] "POST /xingrg/kc/buy/cgsh_order_operate.html HTTP/1.1" 200 8245
180.165.48.189 - - [08/Oct/2023:11:41:09 +0800] "GET /xingrg/javascript/easyui/themes/default/validatebox.css HTTP/1.1" 404 1104
180.163.29.79 - - [08/Oct/2023:11:41:09 +0800] "GET /xingrg/check_reg.html?_=1696736399269 HTTP/1.1" 302 -
180.163.29.79 - - [08/Oct/2023:11:41:09 +0800] "GET /xingrg/login.html HTTP/1.1" 200 7641
101.83.145.37 - - [08/Oct/2023:11:41:13 +0800] "POST /xingrg/dwr/call/plaincall/AjaxReportQueryService.refreshCache.dwr HTTP/1.1" 200 78
222.70.180.200 - - [08/Oct/2023:11:41:14 +0800] "GET /xingrg/all/function/internal_message.html?_=1696736477722&CODE_STATE=getMsg HTTP/1.1" 200 27
101.83.145.37 - - [08/Oct/2023:11:41:16 +0800] "POST /xingrg/all/report/load_report_page.html HTTP/1.1" 200 7313
101.83.145.37 - - [08/Oct/2023:11:41:17 +0800] "GET /xingrg/servlets/image?cache=0.6364501607933247&image=px HTTP/1.1" 200 807
180.165.48.189 - - [08/Oct/2023:11:41:19 +0800] "GET /xingrg/kc/buy/cgsh_order_operate.html?command=get_materiel&rest_code=00108&code=00101005101&supplier_code=00100327&order_time=2023-10-08 HTTP/1.1" 200 403
101.83.145.37 - - [08/Oct/2023:11:41:19 +0800] "GET /xingrg/all/report/report_query.html?isQuery=1&fileName=kc/buy/wlcg_cate_hz.xml&queryString=(CONVERT(char(10)%2Ca.order_time%2C%20120)%3E%3D'2023-09-01')%20and%20(CONVERT(char(10)%2Ca.order_time%2C%20120)%3C%3D'2023-09-30')%20and%20(a.supplier_code%20in%20('00100093'))%20and%20(a.supplier_code%3D'00100093')%20and%20(a.big_sort%3D'00101')&queryText=%E3%80%90%E9%87%87%E8%B4%AD%E6%97%A5%E6%9C%9F%3A2023-09-01%20%E8%87%B3%202023-09-30%E3%80%91%20%E5%B9%B6%E4%B8%94%20%20%E3%80%90%E4%BE%9B%E5%BA%94%E5%95%86%20%3D%20%E5%B0%8F%E5%AE%81%E6%B3%A2%EF%BC%88%E4%BD%95%E7%88%B1%E4%BC%9F%EF%BC%89%E3%80%91%20%E5%B9%B6%E4%B8%94%20%E3%80%90%E4%BE%9B%E5%BA%94%E5%95%86%3D%E5%B0%8F%E5%AE%81%E6%B3%A2%EF%BC%88%E4%BD%95%E7%88%B1%E4%BC%9F%EF%BC%89%E3%80%91%E5%B9%B6%E4%B8%94%E3%80%90%E7%B1%BB%E5%88%AB%E5%90%8D%E7%A7%B0%20%3D%20%E6%88%90%E6%9C%AC%E7%B1%BB%E3%80%91&rand=0.9960941416158507 HTTP/1.1" 200 54548
101.83.145.37 - - [08/Oct/2023:11:41:19 +0800] "GET /xingrg/all/report/report_query.html?isQuery=1&fileName=kc/buy/wlcg_cate_hz.xml&queryString=(CONVERT(char(10)%2Ca.order_time%2C%20120)%3E%3D'2023-09-01')%20and%20(CONVERT(char(10)%2Ca.order_time%2C%20120)%3C%3D'2023-09-30')%20and%20(a.supplier_code%20in%20('00100093'))%20and%20(a.supplier_code%3D'00100093')%20and%20(a.big_sort%3D'00101')&queryText=%E3%80%90%E9%87%87%E8%B4%AD%E6%97%A5%E6%9C%9F%3A2023-09-01%20%E8%87%B3%202023-09-30%E3%80%91%20%E5%B9%B6%E4%B8%94%20%20%E3%80%90%E4%BE%9B%E5%BA%94%E5%95%86%20%3D%20%E5%B0%8F%E5%AE%81%E6%B3%A2%EF%BC%88%E4%BD%95%E7%88%B1%E4%BC%9F%EF%BC%89%E3%80%91%20%E5%B9%B6%E4%B8%94%20%E3%80%90%E4%BE%9B%E5%BA%94%E5%95%86%3D%E5%B0%8F%E5%AE%81%E6%B3%A2%EF%BC%88%E4%BD%95%E7%88%B1%E4%BC%9F%EF%BC%89%E3%80%91%E5%B9%B6%E4%B8%94%E3%80%90%E7%B1%BB%E5%88%AB%E5%90%8D%E7%A7%B0%20%3D%20%E6%88%90%E6%9C%AC%E7%B1%BB%E3%80%91&rand=0.9960941416158507 HTTP/1.1" 200 54548
101.83.145.37 - - [08/Oct/2023:11:41:19 +0800] "GET /xingrg/dwr/interface/AjaxReportQueryService.js HTTP/1.1" 200 13203
101.83.145.37 - - [08/Oct/2023:11:41:19 +0800] "GET /xingrg/dwr/engine.js HTTP/1.1" 200 43631
114.83.218.82 - - [08/Oct/2023:11:41:20 +0800] "GET /xingrg/all/function/internal_message.html?_=1696736480296&CODE_STATE=getMsg HTTP/1.1" 200 27
114.95.241.104 - - [08/Oct/2023:11:41:20 +0800] "GET /xingrg/all/function/internal_message.html?_=1696736478465&CODE_STATE=getMsg HTTP/1.1" 200 27
114.95.241.104 - - [08/Oct/2023:11:41:20 +0800] "GET /xingrg/all/function/internal_message.html?_=1696736478872&CODE_STATE=getMsg HTTP/1.1" 200 27
101.83.145.37 - - [08/Oct/2023:11:41:22 +0800] "POST /xingrg/all/report/load_report_page.html HTTP/1.1" 200 8716
101.83.145.37 - - [08/Oct/2023:11:41:22 +0800] "GET /xingrg/servlets/image?cache=0.5313853602599128&image=px HTTP/1.1" 200 807
101.83.145.37 - - [08/Oct/2023:11:41:24 +0800] "GET /xingrg/all/function/internal_message.html?_=1696736486597&CODE_STATE=getMsg HTTP/1.1" 200 27
101.83.145.37 - - [08/Oct/2023:11:41:26 +0800] "POST /xingrg/all/report/load_report_page.html HTTP/1.1" 200 19805
101.83.145.37 - - [08/Oct/2023:11:41:26 +0800] "GET /xingrg/servlets/image?cache=0.7595744647368442&image=px HTTP/1.1" 200 807
116.230.110.33 - - [08/Oct/2023:11:41:26 +0800] "GET /xingrg/all/function/internal_message.html?_=1696736343380&CODE_STATE=getMsg HTTP/1.1" 200 27
180.165.48.189 - - [08/Oct/2023:11:41:30 +0800] "POST /xingrg/kc/buy/cgsh_order_operate.html HTTP/1.1" 200 37
114.95.241.104 - - [08/Oct/2023:11:41:30 +0800] "GET /xingrg/all/function/internal_message.html?_=1696736490150&CODE_STATE=getMsg HTTP/1.1" 200 27
124.78.155.92 - - [08/Oct/2023:11:41:31 +0800] "GET /xingrg/kc/buy/cgsh_order_operate.html?command=get_materiel&rest_code=00106&code=00101001061&supplier_code=00100442&order_time=2023-10-08 HTTP/1.1" 200 417
101.83.145.37 - - [08/Oct/2023:11:41:31 +0800] "POST /xingrg/all/report/load_report_page.html HTTP/1.1" 200 19819
101.83.145.37 - - [08/Oct/2023:11:41:31 +0800] "GET /xingrg/servlets/image?cache=0.10556710568532646&image=px HTTP/1.1" 200 807
180.165.48.189 - - [08/Oct/2023:11:41:32 +0800] "POST /xingrg/kc/buy/cgsh_order_operate.html HTTP/1.1" 200 2661
114.83.221.181 - - [08/Oct/2023:11:41:32 +0800] "GET /xingrg/all/function/internal_message.html?_=1696736493619&CODE_STATE=getMsg HTTP/1.1" 200 27
180.165.48.189 - - [08/Oct/2023:11:41:33 +0800] "GET /xingrg/kc/print/load_data.html?order_code=212023100802550&kc_code=cgsh&condition= HTTP/1.1" 200 689
120.253.135.82 - - [08/Oct/2023:11:41:34 +0800] "GET /xingrg/all/function/internal_message.html?_=1696736296818&CODE_STATE=getMsg HTTP/1.1" 200 27
180.165.48.189 - - [08/Oct/2023:11:41:36 +0800] "GET /xingrg/all/function/internal_message.html?_=1696736496325&CODE_STATE=getMsg HTTP/1.1" 200 27
180.165.48.189 - - [08/Oct/2023:11:41:37 +0800] "GET /xingrg/kc/buy/cgsh_order_add.html HTTP/1.1" 200 72622
180.165.48.189 - - [08/Oct/2023:11:41:37 +0800] "GET /xingrg/words/20231008114021_words.js HTTP/1.1" 304 -
180.165.48.189 - - [08/Oct/2023:11:41:37 +0800] "POST /xingrg/kc/buy/cgsh_order_operate.html HTTP/1.1" 200 8245
180.165.48.189 - - [08/Oct/2023:11:41:37 +0800] "GET /xingrg/javascript/easyui/themes/default/validatebox.css HTTP/1.1" 404 1104
124.78.69.58 - - [08/Oct/2023:11:41:38 +0800] "GET /xingrg/all/function/internal_message.html?_=1696735917112&CODE_STATE=getMsg HTTP/1.1" 200 27
101.83.145.37 - - [08/Oct/2023:11:41:42 +0800] "POST /xingrg/all/report/load_report_page.html HTTP/1.1" 200 19819
101.83.145.37 - - [08/Oct/2023:11:41:42 +0800] "GET /xingrg/servlets/image?cache=0.42604880806966305&image=px HTTP/1.1" 200 807
222.70.180.200 - - [08/Oct/2023:11:41:43 +0800] "GET /xingrg/check_reg.html?_=1696736501155 HTTP/1.1" 200 22
222.70.180.200 - - [08/Oct/2023:11:41:43 +0800] "GET /xingrg/all/function/internal_message.html?_=1696736501148&CODE_STATE=getMsg HTTP/1.1" 200 27
101.83.145.37 - - [08/Oct/2023:11:41:45 +0800] "GET /xingrg/all/function/internal_message.html?_=1696736614457&CODE_STATE=getMsg HTTP/1.1" 200 27
101.83.145.37 - - [08/Oct/2023:11:41:46 +0800] "POST /xingrg/all/report/report_print.html HTTP/1.1" 200 6144
101.228.187.155 - - [08/Oct/2023:11:41:46 +0800] "GET /xingrg/all/function/internal_message.html?_=1696736505658&CODE_STATE=getMsg HTTP/1.1" 200 27
101.228.187.155 - - [08/Oct/2023:11:41:46 +0800] "GET /xingrg/check_reg.html?_=1696736505664 HTTP/1.1" 200 22
222.70.180.200 - - [08/Oct/2023:11:41:48 +0800] "GET /xingrg/check_reg.html?_=1696736853796 HTTP/1.1" 302 -
218.81.72.90 - - [08/Oct/2023:11:41:52 +0800] "GET /xingrg/check_reg.html?_=1696736511899 HTTP/1.1" 200 22
218.81.72.90 - - [08/Oct/2023:11:41:52 +0800] "GET /xingrg/all/function/internal_message.html?_=1696736511903&CODE_STATE=getMsg HTTP/1.1" 200 27
124.78.155.92 - - [08/Oct/2023:11:41:53 +0800] "POST /xingrg/kc/buy/cgsh_order_operate.html HTTP/1.1" 200 37
124.79.244.25 - - [08/Oct/2023:11:41:54 +0800] "GET /xingrg/check_reg.html?_=1696736514434 HTTP/1.1" 200 22
180.165.48.189 - - [08/Oct/2023:11:41:55 +0800] "GET /xingrg/kc/buy/cgsh_order_operate.html?command=get_materiel&rest_code=00108&code=00101013256&supplier_code=00100337&order_time=2023-10-08 HTTP/1.1" 200 436
124.78.69.58 - - [08/Oct/2023:11:41:59 +0800] "GET /xingrg/all/report/report_query.html?isQuery=1&fileName=kc/buy/wlcg_cate_hz.xml&queryString=(CONVERT(char(10)%252Ca.order_time%252C%2520120)%253E%253D'2023-09-01')%2520and%2520(CONVERT(char(10)%252Ca.order_time%252C%2520120)%253C%253D'2023-09-30')%2520and%2520(a.number%253E0%2520and%2520a.supplier_code%253D'00100331')&queryText=%25E3%2580%2590%25E9%2587%2587%25E8%25B4%25AD%25E6%2597%25A5%25E6%259C%259F%253A2023-09-01%2520%25E8%2587%25B3%25202023-09-30%25E3%2580%2591%2520%25E5%25B9%25B6%25E4%25B8%2594%2520%25E3%2580%2590%25E4%25BE%259B%25E5%25BA%2594%25E5%2595%2586%253D%25E5%258E%25A8%25E6%2596%25B0%25E9%25A3%259F%25E6%259D%2590%25EF%25BC%2588%25E8%25B0%25A2%25E8%2590%258D%25EF%25BC%2589%25E3%2580%2591 HTTP/1.1" 200 54378
124.78.69.58 - - [08/Oct/2023:11:41:59 +0800] "GET /xingrg/dwr/interface/AjaxReportQueryService.js HTTP/1.1" 200 13203
124.78.69.58 - - [08/Oct/2023:11:41:59 +0800] "GET /xingrg/dwr/engine.js HTTP/1.1" 200 43631
124.78.155.92 - - [08/Oct/2023:11:42:00 +0800] "POST /xingrg/kc/buy/cgsh_order_operate.html HTTP/1.1" 200 12
124.78.69.58 - - [08/Oct/2023:11:42:02 +0800] "POST /xingrg/all/report/load_report_page.html HTTP/1.1" 200 8711
124.78.69.58 - - [08/Oct/2023:11:42:02 +0800] "GET /xingrg/servlets/image?cache=0.5015726278717639&image=px HTTP/1.1" 200 807
124.79.244.25 - - [08/Oct/2023:11:42:03 +0800] "GET /xingrg/all/function/internal_message.html?_=1696736825541&CODE_STATE=getMsg HTTP/1.1" 200 27
222.70.169.61 - - [08/Oct/2023:11:42:04 +0800] "GET /xingrg/all/function/internal_message.html?_=1696736550655&CODE_STATE=getMsg HTTP/1.1" 200 27
180.152.241.196 - - [08/Oct/2023:11:42:05 +0800] "GET /xingrg/all/function/internal_message.html?_=1696736527043&CODE_STATE=getMsg HTTP/1.1" 200 27
180.165.48.189 - - [08/Oct/2023:11:42:06 +0800] "POST /xingrg/kc/buy/cgsh_order_operate.html HTTP/1.1" 200 37
124.78.69.58 - - [08/Oct/2023:11:42:06 +0800] "POST /xingrg/all/report/load_report_page.html HTTP/1.1" 200 19814
124.78.69.58 - - [08/Oct/2023:11:42:06 +0800] "GET /xingrg/servlets/image?cache=0.38171581920054276&image=px HTTP/1.1" 200 807
222.70.107.161 - - [08/Oct/2023:11:42:07 +0800] "GET /xingrg/all/function/internal_message.html?_=1696736528051&CODE_STATE=getMsg HTTP/1.1" 200 27
180.165.48.189 - - [08/Oct/2023:11:42:07 +0800] "POST /xingrg/kc/buy/cgsh_order_operate.html HTTP/1.1" 200 2661
124.78.155.92 - - [08/Oct/2023:11:42:07 +0800] "GET /xingrg/all/function/internal_message.html?_=1696736518004&CODE_STATE=getMsg HTTP/1.1" 200 27
124.78.69.58 - - [08/Oct/2023:11:42:08 +0800] "POST /xingrg/all/report/report_print.html HTTP/1.1" 200 6144
180.165.48.189 - - [08/Oct/2023:11:42:09 +0800] "GET /xingrg/kc/print/load_data.html?order_code=212023100802552&kc_code=cgsh&condition= HTTP/1.1" 200 695
124.78.155.92 - - [08/Oct/2023:11:42:11 +0800] "GET /xingrg/kc/buy/cgsh_order_info.html?code=212023100802551 HTTP/1.1" 200 67435
124.78.155.92 - - [08/Oct/2023:11:42:12 +0800] "GET /xingrg/words/20231008114021_words.js HTTP/1.1" 200 991234
124.78.155.92 - - [08/Oct/2023:11:42:12 +0800] "GET /xingrg/javascript/easyui/themes/default/validatebox.css HTTP/1.1" 404 1104
124.78.155.92 - - [08/Oct/2023:11:42:13 +0800] "POST /xingrg/kc/buy/cgsh_order_operate.html HTTP/1.1" 200 1800
180.165.48.189 - - [08/Oct/2023:11:42:13 +0800] "GET /xingrg/kc/buy/cgsh_order_add.html HTTP/1.1" 200 72622
180.165.48.189 - - [08/Oct/2023:11:42:13 +0800] "GET /xingrg/words/20231008114021_words.js HTTP/1.1" 304 -
180.165.48.189 - - [08/Oct/2023:11:42:13 +0800] "POST /xingrg/kc/buy/cgsh_order_operate.html HTTP/1.1" 200 8245
180.165.48.189 - - [08/Oct/2023:11:42:13 +0800] "GET /xingrg/javascript/easyui/themes/default/validatebox.css HTTP/1.1" 404 1104
222.70.180.200 - - [08/Oct/2023:11:42:14 +0800] "GET /xingrg/check_reg.html?_=1696736537563 HTTP/1.1" 200 22
222.70.180.200 - - [08/Oct/2023:11:42:14 +0800] "GET /xingrg/all/function/internal_message.html?_=1696736537705&CODE_STATE=getMsg HTTP/1.1" 200 27
124.78.155.92 - - [08/Oct/2023:11:42:16 +0800] "GET /xingrg/kc/print/load_data.html?order_code=212023100802551&kc_code=cgsh&condition= HTTP/1.1" 200 1168
114.83.218.82 - - [08/Oct/2023:11:42:20 +0800] "GET /xingrg/all/function/internal_message.html?_=1696736540282&CODE_STATE=getMsg HTTP/1.1" 200 27
114.95.241.104 - - [08/Oct/2023:11:42:20 +0800] "GET /xingrg/all/function/internal_message.html?_=1696736538474&CODE_STATE=getMsg HTTP/1.1" 200 27
114.95.241.104 - - [08/Oct/2023:11:42:20 +0800] "GET /xingrg/all/function/internal_message.html?_=1696736538866&CODE_STATE=getMsg HTTP/1.1" 200 27
124.78.155.92 - - [08/Oct/2023:11:42:22 +0800] "GET /xingrg/kc/buy/cgsh_order_add.html HTTP/1.1" 200 72524
124.78.155.92 - - [08/Oct/2023:11:42:22 +0800] "POST /xingrg/kc/buy/cgsh_order_operate.html HTTP/1.1" 200 8245
124.78.155.92 - - [08/Oct/2023:11:42:23 +0800] "GET /xingrg/javascript/easyui/themes/default/validatebox.css HTTP/1.1" 404 1104
124.78.155.92 - - [08/Oct/2023:11:42:24 +0800] "GET /xingrg/javascript/easyui/themes/default/tree.css HTTP/1.1" 404 1090
101.83.145.37 - - [08/Oct/2023:11:42:24 +0800] "GET /xingrg/all/function/internal_message.html?_=1696736546578&CODE_STATE=getMsg HTTP/1.1" 200 27
124.78.155.92 - - [08/Oct/2023:11:42:25 +0800] "POST /xingrg/all/common/load_tree.html?tree=supplier_tree_json&isDelete=1 HTTP/1.1" 200 76299
101.83.145.37 - - [08/Oct/2023:11:42:25 +0800] "GET /xingrg/check_reg.html?_=1696736547820 HTTP/1.1" 200 22
116.230.110.33 - - [08/Oct/2023:11:42:26 +0800] "GET /xingrg/all/function/internal_message.html?_=1696736403357&CODE_STATE=getMsg HTTP/1.1" 200 27
180.165.48.189 - - [08/Oct/2023:11:42:27 +0800] "GET /xingrg/kc/buy/cgsh_order_operate.html?command=get_materiel&rest_code=00108&code=00101008314&supplier_code=00100339&order_time=2023-10-08 HTTP/1.1" 200 413
114.95.241.104 - - [08/Oct/2023:11:42:30 +0800] "GET /xingrg/all/function/internal_message.html?_=1696736550150&CODE_STATE=getMsg HTTP/1.1" 200 27
114.95.241.104 - - [08/Oct/2023:11:42:30 +0800] "GET /xingrg/check_reg.html?_=1696736550164 HTTP/1.1" 200 22
114.83.221.181 - - [08/Oct/2023:11:42:32 +0800] "GET /xingrg/all/function/internal_message.html?_=1696736553600&CODE_STATE=getMsg HTTP/1.1" 200 27
120.253.135.82 - - [08/Oct/2023:11:42:33 +0800] "GET /xingrg/check_reg.html?_=1696736356189 HTTP/1.1" 200 22
101.83.145.37 - - [08/Oct/2023:11:42:33 +0800] "POST /xingrg/dwr/call/plaincall/AjaxReportQueryService.refreshCache.dwr HTTP/1.1" 200 79
120.253.135.82 - - [08/Oct/2023:11:42:34 +0800] "GET /xingrg/all/function/internal_message.html?_=1696736356831&CODE_STATE=getMsg HTTP/1.1" 200 27
180.165.48.189 - - [08/Oct/2023:11:42:36 +0800] "GET /xingrg/all/function/internal_message.html?_=1696736556307&CODE_STATE=getMsg HTTP/1.1" 200 27
124.78.69.58 - - [08/Oct/2023:11:42:38 +0800] "GET /xingrg/all/function/internal_message.html?_=1696735977065&CODE_STATE=getMsg HTTP/1.1" 200 27
180.165.48.189 - - [08/Oct/2023:11:42:38 +0800] "POST /xingrg/kc/buy/cgsh_order_operate.html HTTP/1.1" 200 37
180.165.48.189 - - [08/Oct/2023:11:42:40 +0800] "POST /xingrg/kc/buy/cgsh_order_operate.html HTTP/1.1" 200 2656
101.83.145.37 - - [08/Oct/2023:11:42:40 +0800] "POST /xingrg/all/report/load_report_page.html HTTP/1.1" 200 7315
101.83.145.37 - - [08/Oct/2023:11:42:40 +0800] "GET /xingrg/servlets/image?cache=0.9087348121401293&image=px HTTP/1.1" 200 807
180.165.48.189 - - [08/Oct/2023:11:42:41 +0800] "GET /xingrg/kc/print/load_data.html?order_code=212023100802553&kc_code=cgsh&condition= HTTP/1.1" 200 681
222.70.169.61 - - [08/Oct/2023:11:42:42 +0800] "GET /xingrg/kc/buy/cgsh_order_operate.html?command=get_materiel&rest_code=00146&code=00101004101&supplier_code=00100086&order_time=2023-10-08 HTTP/1.1" 200 413
222.70.180.200 - - [08/Oct/2023:11:42:43 +0800] "GET /xingrg/all/function/internal_message.html?_=1696736561154&CODE_STATE=getMsg HTTP/1.1" 200 27
180.165.48.189 - - [08/Oct/2023:11:42:45 +0800] "GET /xingrg/kc/buy/cgsh_order_add.html HTTP/1.1" 200 72622
101.83.145.37 - - [08/Oct/2023:11:42:45 +0800] "GET /xingrg/all/function/internal_message.html?_=1696736674442&CODE_STATE=getMsg HTTP/1.1" 200 27
180.165.48.189 - - [08/Oct/2023:11:42:45 +0800] "GET /xingrg/words/20231008114021_words.js HTTP/1.1" 304 -
180.165.48.189 - - [08/Oct/2023:11:42:45 +0800] "POST /xingrg/kc/buy/cgsh_order_operate.html HTTP/1.1" 200 8245
180.165.48.189 - - [08/Oct/2023:11:42:45 +0800] "GET /xingrg/javascript/easyui/themes/default/validatebox.css HTTP/1.1" 404 1104
101.83.145.37 - - [08/Oct/2023:11:42:46 +0800] "GET /xingrg/all/report/report_query.html?isQuery=1&fileName=kc/buy/wlcg_cate_hz.xml&queryString=(CONVERT(char(10)%2Ca.order_time%2C%20120)%3E%3D'2023-09-01')%20and%20(CONVERT(char(10)%2Ca.order_time%2C%20120)%3C%3D'2023-09-30')%20and%20(a.supplier_code%20in%20('00100090'))%20and%20(a.supplier_code%3D'00100090')%20and%20(a.big_sort%3D'00101')&queryText=%E3%80%90%E9%87%87%E8%B4%AD%E6%97%A5%E6%9C%9F%3A2023-09-01%20%E8%87%B3%202023-09-30%E3%80%91%20%E5%B9%B6%E4%B8%94%20%20%E3%80%90%E4%BE%9B%E5%BA%94%E5%95%86%20%3D%20%E6%B5%B7%E6%99%AF%E6%B0%B4%E4%BA%A7%EF%BC%88%E6%A2%81%E5%BB%BA%E9%82%A6%EF%BC%89%E3%80%91%20%E5%B9%B6%E4%B8%94%20%E3%80%90%E4%BE%9B%E5%BA%94%E5%95%86%3D%E6%B5%B7%E6%99%AF%E6%B0%B4%E4%BA%A7%EF%BC%88%E6%A2%81%E5%BB%BA%E9%82%A6%EF%BC%89%E3%80%91%E5%B9%B6%E4%B8%94%E3%80%90%E7%B1%BB%E5%88%AB%E5%90%8D%E7%A7%B0%20%3D%20%E6%88%90%E6%9C%AC%E7%B1%BB%E3%80%91&rand=0.9951736588083804 HTTP/1.1" 200 54556
101.83.145.37 - - [08/Oct/2023:11:42:46 +0800] "GET /xingrg/all/report/report_query.html?isQuery=1&fileName=kc/buy/wlcg_cate_hz.xml&queryString=(CONVERT(char(10)%2Ca.order_time%2C%20120)%3E%3D'2023-09-01')%20and%20(CONVERT(char(10)%2Ca.order_time%2C%20120)%3C%3D'2023-09-30')%20and%20(a.supplier_code%20in%20('00100090'))%20and%20(a.supplier_code%3D'00100090')%20and%20(a.big_sort%3D'00101')&queryText=%E3%80%90%E9%87%87%E8%B4%AD%E6%97%A5%E6%9C%9F%3A2023-09-01%20%E8%87%B3%202023-09-30%E3%80%91%20%E5%B9%B6%E4%B8%94%20%20%E3%80%90%E4%BE%9B%E5%BA%94%E5%95%86%20%3D%20%E6%B5%B7%E6%99%AF%E6%B0%B4%E4%BA%A7%EF%BC%88%E6%A2%81%E5%BB%BA%E9%82%A6%EF%BC%89%E3%80%91%20%E5%B9%B6%E4%B8%94%20%E3%80%90%E4%BE%9B%E5%BA%94%E5%95%86%3D%E6%B5%B7%E6%99%AF%E6%B0%B4%E4%BA%A7%EF%BC%88%E6%A2%81%E5%BB%BA%E9%82%A6%EF%BC%89%E3%80%91%E5%B9%B6%E4%B8%94%E3%80%90%E7%B1%BB%E5%88%AB%E5%90%8D%E7%A7%B0%20%3D%20%E6%88%90%E6%9C%AC%E7%B1%BB%E3%80%91&rand=0.9951736588083804 HTTP/1.1" 200 54556
101.83.145.37 - - [08/Oct/2023:11:42:46 +0800] "GET /xingrg/dwr/interface/AjaxReportQueryService.js HTTP/1.1" 200 13203
101.83.145.37 - - [08/Oct/2023:11:42:46 +0800] "GET /xingrg/dwr/engine.js HTTP/1.1" 200 43631
101.228.187.155 - - [08/Oct/2023:11:42:46 +0800] "GET /xingrg/all/function/internal_message.html?_=1696736565661&CODE_STATE=getMsg HTTP/1.1" 200 27
101.83.145.37 - - [08/Oct/2023:11:42:48 +0800] "POST /xingrg/all/report/load_report_page.html HTTP/1.1" 200 8712
101.83.145.37 - - [08/Oct/2023:11:42:48 +0800] "GET /xingrg/servlets/image?cache=0.5576370892711207&image=px HTTP/1.1" 200 807
124.78.155.92 - - [08/Oct/2023:11:42:50 +0800] "GET /xingrg/kc/buy/cgsh_order_operate.html?command=get_materiel&rest_code=00106&code=00101004017&supplier_code=00100579&order_time=2023-10-08 HTTP/1.1" 200 413
218.81.72.90 - - [08/Oct/2023:11:42:52 +0800] "GET /xingrg/all/function/internal_message.html?_=1696736571887&CODE_STATE=getMsg HTTP/1.1" 200 27
101.83.145.37 - - [08/Oct/2023:11:42:53 +0800] "POST /xingrg/all/report/load_report_page.html HTTP/1.1" 200 13042
101.83.145.37 - - [08/Oct/2023:11:42:53 +0800] "GET /xingrg/servlets/image?cache=0.9573470884464895&image=px HTTP/1.1" 200 807
124.78.69.58 - - [08/Oct/2023:11:42:59 +0800] "GET /xingrg/all/report/report_query.html?isQuery=1&fileName=kc/buy/wlcg_cate_hz.xml&queryString=(CONVERT(char(10)%252Ca.order_time%252C%2520120)%253E%253D'2023-09-01')%2520and%2520(CONVERT(char(10)%252Ca.order_time%252C%2520120)%253C%253D'2023-09-30')%2520and%2520(a.number%253E0%2520and%2520a.supplier_code%253D'00100348')&queryText=%25E3%2580%2590%25E9%2587%2587%25E8%25B4%25AD%25E6%2597%25A5%25E6%259C%259F%253A2023-09-01%2520%25E8%2587%25B3%25202023-09-30%25E3%2580%2591%2520%25E5%25B9%25B6%25E4%25B8%2594%2520%25E3%2580%2590%25E4%25BE%259B%25E5%25BA%2594%25E5%2595%2586%253D%25E7%25BA%25A2%25E8%2586%258F%25E5%25A4%25A7%25E9%2597%25B8%25E8%259F%25B9%25EF%25BC%2588%25E8%25A3%25B4%25E6%25A0%2591%25E7%25A4%25BC%25EF%25BC%2589%25E3%2580%2591 HTTP/1.1" 200 54386
124.78.69.58 - - [08/Oct/2023:11:43:00 +0800] "GET /xingrg/dwr/interface/AjaxReportQueryService.js HTTP/1.1" 200 13203
124.78.69.58 - - [08/Oct/2023:11:43:00 +0800] "GET /xingrg/dwr/engine.js HTTP/1.1" 200 43631
222.70.169.61 - - [08/Oct/2023:11:43:03 +0800] "GET /xingrg/check_reg.html?_=1696736608867 HTTP/1.1" 200 22
124.79.244.25 - - [08/Oct/2023:11:43:03 +0800] "GET /xingrg/all/function/internal_message.html?_=1696736885540&CODE_STATE=getMsg HTTP/1.1" 200 27
101.83.145.37 - - [08/Oct/2023:11:43:04 +0800] "POST /xingrg/all/report/report_print.html HTTP/1.1" 200 6144
222.70.169.61 - - [08/Oct/2023:11:43:04 +0800] "GET /xingrg/all/function/internal_message.html?_=1696736610661&CODE_STATE=getMsg HTTP/1.1" 200 27
124.78.155.92 - - [08/Oct/2023:11:43:05 +0800] "GET /xingrg/check_reg.html?_=1696736585892 HTTP/1.1" 200 22
124.78.155.92 - - [08/Oct/2023:11:43:05 +0800] "GET /xingrg/all/function/internal_message.html?_=1696736585912&CODE_STATE=getMsg HTTP/1.1" 200 27
180.152.241.196 - - [08/Oct/2023:11:43:05 +0800] "GET /xingrg/all/function/internal_message.html?_=1696736587036&CODE_STATE=getMsg HTTP/1.1" 200 27
180.163.29.79 - - [08/Oct/2023:11:43:07 +0800] "GET /xingrg/all/function/internal_message.html?_=1696736518004&CODE_STATE=getMsg HTTP/1.1" 302 -
180.163.29.79 - - [08/Oct/2023:11:43:07 +0800] "GET /xingrg/login.html HTTP/1.1" 200 7641
124.78.155.92 - - [08/Oct/2023:11:43:07 +0800] "POST /xingrg/kc/buy/cgsh_order_operate.html HTTP/1.1" 200 37
180.165.48.189 - - [08/Oct/2023:11:43:07 +0800] "GET /xingrg/kc/buy/cgsh_order_operate.html?command=get_materiel&rest_code=00108&code=00101001314&supplier_code=00100430&order_time=2023-10-08 HTTP/1.1" 200 396
222.70.107.161 - - [08/Oct/2023:11:43:07 +0800] "GET /xingrg/all/function/internal_message.html?_=1696736588056&CODE_STATE=getMsg HTTP/1.1" 200 27
124.78.155.92 - - [08/Oct/2023:11:43:07 +0800] "GET /xingrg/all/function/internal_message.html?_=1696736577988&CODE_STATE=getMsg HTTP/1.1" 200 27
124.78.69.58 - - [08/Oct/2023:11:43:08 +0800] "POST /xingrg/all/report/load_report_page.html HTTP/1.1" 200 10887
124.78.69.58 - - [08/Oct/2023:11:43:08 +0800] "GET /xingrg/servlets/image?cache=0.49852915129609265&image=px HTTP/1.1" 200 807
222.70.180.200 - - [08/Oct/2023:11:43:14 +0800] "GET /xingrg/all/function/internal_message.html?_=1696736597690&CODE_STATE=getMsg HTTP/1.1" 200 27
124.78.155.92 - - [08/Oct/2023:11:43:16 +0800] "POST /xingrg/kc/buy/cgsh_order_operate.html HTTP/1.1" 200 12
180.165.48.189 - - [08/Oct/2023:11:43:19 +0800] "GET /xingrg/kc/buy/cgsh_order_operate.html?command=get_materiel&rest_code=00108&code=00101004134&supplier_code=00100430&order_time=2023-10-08 HTTP/1.1" 200 399
124.78.155.92 - - [08/Oct/2023:11:43:19 +0800] "GET /xingrg/kc/buy/cgsh_order_info.html?code=212023100802554 HTTP/1.1" 200 67432
124.78.155.92 - - [08/Oct/2023:11:43:19 +0800] "GET /xingrg/words/20231008114021_words.js HTTP/1.1" 304 -
124.78.155.92 - - [08/Oct/2023:11:43:19 +0800] "GET /xingrg/javascript/easyui/themes/default/validatebox.css HTTP/1.1" 404 1104
114.83.218.82 - - [08/Oct/2023:11:43:20 +0800] "GET /xingrg/all/function/internal_message.html?_=1696736600252&CODE_STATE=getMsg HTTP/1.1" 200 27
124.78.155.92 - - [08/Oct/2023:11:43:20 +0800] "POST /xingrg/kc/buy/cgsh_order_operate.html HTTP/1.1" 200 611
114.95.241.104 - - [08/Oct/2023:11:43:20 +0800] "GET /xingrg/all/function/internal_message.html?_=1696736598466&CODE_STATE=getMsg HTTP/1.1" 200 27
114.95.241.104 - - [08/Oct/2023:11:43:20 +0800] "GET /xingrg/check_reg.html?_=1696736598471 HTTP/1.1" 200 22
114.95.241.104 - - [08/Oct/2023:11:43:20 +0800] "GET /xingrg/all/function/internal_message.html?_=1696736598856&CODE_STATE=getMsg HTTP/1.1" 200 27
114.95.241.104 - - [08/Oct/2023:11:43:21 +0800] "GET /xingrg/check_reg.html?_=1696736598861 HTTP/1.1" 200 22
124.78.69.58 - - [08/Oct/2023:11:43:23 +0800] "POST /xingrg/all/report/load_report_page.html HTTP/1.1" 200 23157
124.78.69.58 - - [08/Oct/2023:11:43:23 +0800] "GET /xingrg/servlets/image?cache=0.29857067406934645&image=px HTTP/1.1" 200 807
124.78.155.92 - - [08/Oct/2023:11:43:23 +0800] "GET /xingrg/kc/print/load_data.html?order_code=212023100802554&kc_code=cgsh&condition= HTTP/1.1" 200 694
101.83.145.37 - - [08/Oct/2023:11:43:24 +0800] "GET /xingrg/all/function/internal_message.html?_=1696736606551&CODE_STATE=getMsg HTTP/1.1" 200 27
116.230.110.33 - - [08/Oct/2023:11:43:26 +0800] "GET /xingrg/all/function/internal_message.html?_=1696736463344&CODE_STATE=getMsg HTTP/1.1" 200 27
124.78.69.58 - - [08/Oct/2023:11:43:27 +0800] "POST /xingrg/all/report/report_print.html HTTP/1.1" 200 6144
124.78.155.92 - - [08/Oct/2023:11:43:30 +0800] "GET /xingrg/kc/buy/cgsh_order_add.html HTTP/1.1" 200 72524
114.95.241.104 - - [08/Oct/2023:11:43:30 +0800] "GET /xingrg/all/function/internal_message.html?_=1696736610167&CODE_STATE=getMsg HTTP/1.1" 200 27
124.78.155.92 - - [08/Oct/2023:11:43:31 +0800] "POST /xingrg/kc/buy/cgsh_order_operate.html HTTP/1.1" 200 8245
124.78.155.92 - - [08/Oct/2023:11:43:31 +0800] "GET /xingrg/javascript/easyui/themes/default/validatebox.css HTTP/1.1" 404 1104
114.83.221.181 - - [08/Oct/2023:11:43:32 +0800] "GET /xingrg/all/function/internal_message.html?_=1696736613585&CODE_STATE=getMsg HTTP/1.1" 200 27
124.78.155.92 - - [08/Oct/2023:11:43:32 +0800] "GET /xingrg/javascript/easyui/themes/default/tree.css HTTP/1.1" 404 1090
124.78.155.92 - - [08/Oct/2023:11:43:33 +0800] "POST /xingrg/all/common/load_tree.html?tree=supplier_tree_json&isDelete=1 HTTP/1.1" 200 76299
180.165.48.189 - - [08/Oct/2023:11:43:33 +0800] "POST /xingrg/kc/buy/cgsh_order_operate.html HTTP/1.1" 200 37
120.253.135.82 - - [08/Oct/2023:11:43:34 +0800] "GET /xingrg/all/function/internal_message.html?_=1696736416844&CODE_STATE=getMsg HTTP/1.1" 200 27
180.165.48.189 - - [08/Oct/2023:11:43:35 +0800] "POST /xingrg/kc/buy/cgsh_order_operate.html HTTP/1.1" 200 3252
180.165.48.189 - - [08/Oct/2023:11:43:36 +0800] "GET /xingrg/all/function/internal_message.html?_=1696736616293&CODE_STATE=getMsg HTTP/1.1" 200 27
180.165.48.189 - - [08/Oct/2023:11:43:36 +0800] "GET /xingrg/kc/print/load_data.html?order_code=212023100802555&kc_code=cgsh&condition= HTTP/1.1" 200 892
124.78.69.58 - - [08/Oct/2023:11:43:38 +0800] "GET /xingrg/all/function/internal_message.html?_=1696736037040&CODE_STATE=getMsg HTTP/1.1" 200 27
180.165.48.189 - - [08/Oct/2023:11:43:38 +0800] "GET /xingrg/check_reg.html?_=1696736618740 HTTP/1.1" 200 22
180.165.48.189 - - [08/Oct/2023:11:43:40 +0800] "GET /xingrg/kc/buy/cgsh_order_add.html HTTP/1.1" 200 72622
180.165.48.189 - - [08/Oct/2023:11:43:40 +0800] "GET /xingrg/words/20231008114021_words.js HTTP/1.1" 304 -
180.165.48.189 - - [08/Oct/2023:11:43:40 +0800] "POST /xingrg/kc/buy/cgsh_order_operate.html HTTP/1.1" 200 8245
180.165.48.189 - - [08/Oct/2023:11:43:40 +0800] "GET /xingrg/javascript/easyui/themes/default/validatebox.css HTTP/1.1" 404 1104
222.70.180.200 - - [08/Oct/2023:11:43:43 +0800] "GET /xingrg/all/function/internal_message.html?_=1696736621157&CODE_STATE=getMsg HTTP/1.1" 200 27
101.83.145.37 - - [08/Oct/2023:11:43:45 +0800] "GET /xingrg/all/function/internal_message.html?_=1696736734449&CODE_STATE=getMsg HTTP/1.1" 200 27
101.228.187.155 - - [08/Oct/2023:11:43:46 +0800] "GET /xingrg/all/function/internal_message.html?_=1696736625667&CODE_STATE=getMsg HTTP/1.1" 200 27
180.165.48.189 - - [08/Oct/2023:11:43:51 +0800] "GET /xingrg/kc/buy/cgsh_order_operate.html?command=get_materiel&rest_code=00108&code=00101010081&supplier_code=00100575&order_time=2023-10-08 HTTP/1.1" 200 413
218.81.72.90 - - [08/Oct/2023:11:43:52 +0800] "GET /xingrg/all/function/internal_message.html?_=1696736631888&CODE_STATE=getMsg HTTP/1.1" 200 27
124.78.155.92 - - [08/Oct/2023:11:43:53 +0800] "GET /xingrg/kc/buy/cgsh_order_operate.html?command=get_materiel&rest_code=00106&code=00101002006&supplier_code=00100091&order_time=2023-10-08 HTTP/1.1" 200 414
124.79.244.25 - - [08/Oct/2023:11:44:03 +0800] "GET /xingrg/all/function/internal_message.html?_=1696736945538&CODE_STATE=getMsg HTTP/1.1" 200 27
180.165.48.189 - - [08/Oct/2023:11:44:04 +0800] "POST /xingrg/kc/buy/cgsh_order_operate.html HTTP/1.1" 200 37
222.70.169.61 - - [08/Oct/2023:11:44:04 +0800] "GET /xingrg/all/function/internal_message.html?_=1696736670675&CODE_STATE=getMsg HTTP/1.1" 200 27
124.78.155.92 - - [08/Oct/2023:11:44:05 +0800] "GET /xingrg/all/function/internal_message.html?_=1696736645889&CODE_STATE=getMsg HTTP/1.1" 200 27
180.152.241.196 - - [08/Oct/2023:11:44:05 +0800] "GET /xingrg/all/function/internal_message.html?_=1696736647045&CODE_STATE=getMsg HTTP/1.1" 200 27
180.165.48.189 - - [08/Oct/2023:11:44:07 +0800] "POST /xingrg/kc/buy/cgsh_order_operate.html HTTP/1.1" 200 2660
222.70.107.161 - - [08/Oct/2023:11:44:07 +0800] "GET /xingrg/all/function/internal_message.html?_=1696736648055&CODE_STATE=getMsg HTTP/1.1" 200 27
222.70.107.161 - - [08/Oct/2023:11:44:07 +0800] "GET /xingrg/check_reg.html?_=1696736648058 HTTP/1.1" 200 22
124.78.155.92 - - [08/Oct/2023:11:44:07 +0800] "GET /xingrg/all/function/internal_message.html?_=1696736637959&CODE_STATE=getMsg HTTP/1.1" 200 27
222.70.180.200 - - [08/Oct/2023:11:44:14 +0800] "GET /xingrg/all/function/internal_message.html?_=1696736657674&CODE_STATE=getMsg HTTP/1.1" 200 27
180.165.48.189 - - [08/Oct/2023:11:44:16 +0800] "POST /xingrg/kc/buy/cgsh_order_operate.html HTTP/1.1" 200 37
180.165.48.189 - - [08/Oct/2023:11:44:17 +0800] "POST /xingrg/kc/buy/cgsh_order_operate.html HTTP/1.1" 200 2657
180.165.48.189 - - [08/Oct/2023:11:44:19 +0800] "GET /xingrg/kc/print/load_data.html?order_code=212023100802556&kc_code=cgsh&condition= HTTP/1.1" 200 691
114.83.218.82 - - [08/Oct/2023:11:44:20 +0800] "GET /xingrg/all/function/internal_message.html?_=1696736660223&CODE_STATE=getMsg HTTP/1.1" 200 27
114.95.241.104 - - [08/Oct/2023:11:44:20 +0800] "GET /xingrg/all/function/internal_message.html?_=1696736658476&CODE_STATE=getMsg HTTP/1.1" 200 27
114.95.241.104 - - [08/Oct/2023:11:44:20 +0800] "GET /xingrg/all/function/internal_message.html?_=1696736658863&CODE_STATE=getMsg HTTP/1.1" 200 27
124.78.155.92 - - [08/Oct/2023:11:44:23 +0800] "POST /xingrg/kc/buy/cgsh_order_operate.html HTTP/1.1" 200 37
101.83.145.37 - - [08/Oct/2023:11:44:24 +0800] "GET /xingrg/all/function/internal_message.html?_=1696736666528&CODE_STATE=getMsg HTTP/1.1" 200 27
101.83.145.37 - - [08/Oct/2023:11:44:25 +0800] "POST /xingrg/dwr/call/plaincall/AjaxReportQueryService.refreshCache.dwr HTTP/1.1" 200 79
116.230.110.33 - - [08/Oct/2023:11:44:26 +0800] "GET /xingrg/all/function/internal_message.html?_=1696736523322&CODE_STATE=getMsg HTTP/1.1" 200 27
124.78.155.92 - - [08/Oct/2023:11:44:30 +0800] "POST /xingrg/kc/buy/cgsh_order_operate.html HTTP/1.1" 200 12
114.95.241.104 - - [08/Oct/2023:11:44:30 +0800] "GET /xingrg/all/function/internal_message.html?_=1696736670172&CODE_STATE=getMsg HTTP/1.1" 200 27
101.83.145.37 - - [08/Oct/2023:11:44:31 +0800] "POST /xingrg/all/report/load_report_page.html HTTP/1.1" 200 7319
101.83.145.37 - - [08/Oct/2023:11:44:32 +0800] "GET /xingrg/servlets/image?cache=0.4103749890946835&image=px HTTP/1.1" 200 807
114.83.221.181 - - [08/Oct/2023:11:44:32 +0800] "GET /xingrg/all/function/internal_message.html?_=1696736673556&CODE_STATE=getMsg HTTP/1.1" 200 27
124.78.155.92 - - [08/Oct/2023:11:44:32 +0800] "GET /xingrg/kc/buy/cgsh_order_info.html?code=212023100802557 HTTP/1.1" 200 67437
124.78.155.92 - - [08/Oct/2023:11:44:33 +0800] "GET /xingrg/words/20231008114021_words.js HTTP/1.1" 304 -
124.78.155.92 - - [08/Oct/2023:11:44:33 +0800] "GET /xingrg/javascript/easyui/themes/default/validatebox.css HTTP/1.1" 404 1104
124.78.155.92 - - [08/Oct/2023:11:44:34 +0800] "POST /xingrg/kc/buy/cgsh_order_operate.html HTTP/1.1" 200 611
120.253.135.82 - - [08/Oct/2023:11:44:34 +0800] "GET /xingrg/all/function/internal_message.html?_=1696736476857&CODE_STATE=getMsg HTTP/1.1" 200 27
101.83.145.37 - - [08/Oct/2023:11:44:35 +0800] "GET /xingrg/all/report/report_query.html?isQuery=1&fileName=kc/buy/wlcg_cate_hz.xml&queryString=(CONVERT(char(10)%2Ca.order_time%2C%20120)%3E%3D'2023-09-01')%20and%20(CONVERT(char(10)%2Ca.order_time%2C%20120)%3C%3D'2023-09-30')%20and%20(a.supplier_code%20in%20('00100086'))%20and%20(a.supplier_code%3D'00100086')%20and%20(a.big_sort%3D'00101')&queryText=%E3%80%90%E9%87%87%E8%B4%AD%E6%97%A5%E6%9C%9F%3A2023-09-01%20%E8%87%B3%202023-09-30%E3%80%91%20%E5%B9%B6%E4%B8%94%20%20%E3%80%90%E4%BE%9B%E5%BA%94%E5%95%86%20%3D%20%E9%91%AB%E4%BC%9F%E9%B2%8D%E9%B1%BC%EF%BC%88%E9%99%88%E5%BD%A9%E6%81%8B%EF%BC%89%E3%80%91%20%E5%B9%B6%E4%B8%94%20%E3%80%90%E4%BE%9B%E5%BA%94%E5%95%86%3D%E9%91%AB%E4%BC%9F%E9%B2%8D%E9%B1%BC%EF%BC%88%E9%99%88%E5%BD%A9%E6%81%8B%EF%BC%89%E3%80%91%E5%B9%B6%E4%B8%94%E3%80%90%E7%B1%BB%E5%88%AB%E5%90%8D%E7%A7%B0%20%3D%20%E6%88%90%E6%9C%AC%E7%B1%BB%E3%80%91&rand=0.7013508056966269 HTTP/1.1" 200 54556
