218.81.72.90 - - [08/Oct/2023:11:03:22 +0800] "GET /xingrg/kc/buy/cgsh_order_operate.html?command=get_materiel&rest_code=00148&code=00101008155&supplier_code=00100008&order_time=2023-10-08 HTTP/1.1" 200 408
114.95.241.104 - - [08/Oct/2023:11:03:24 +0800] "GET /xingrg/all/function/internal_message.html?_=1696734204104&CODE_STATE=getMsg HTTP/1.1" 200 27
101.83.145.37 - - [08/Oct/2023:11:03:25 +0800] "GET /xingrg/all/function/internal_message.html?_=1696734207362&CODE_STATE=getMsg HTTP/1.1" 200 27
124.78.69.58 - - [08/Oct/2023:11:03:27 +0800] "POST /xingrg/kc/buy/cgsh_order_operate.html HTTP/1.1" 200 12
124.78.155.92 - - [08/Oct/2023:11:03:27 +0800] "GET /xingrg/all/function/internal_message.html?_=1696734207351&CODE_STATE=getMsg HTTP/1.1" 200 27
124.78.155.92 - - [08/Oct/2023:11:03:27 +0800] "GET /xingrg/check_reg.html?_=1696734207355 HTTP/1.1" 200 22
116.230.110.33 - - [08/Oct/2023:11:03:27 +0800] "GET /xingrg/all/function/internal_message.html?_=1696734064096&CODE_STATE=getMsg HTTP/1.1" 200 27
124.78.155.92 - - [08/Oct/2023:11:03:29 +0800] "GET /xingrg/all/function/internal_message.html?_=1696734210099&CODE_STATE=getMsg HTTP/1.1" 200 27
114.83.221.181 - - [08/Oct/2023:11:03:33 +0800] "GET /xingrg/all/function/internal_message.html?_=1696734214457&CODE_STATE=getMsg HTTP/1.1" 200 27
120.253.135.82 - - [08/Oct/2023:11:03:33 +0800] "GET /xingrg/all/function/internal_message.html?_=1696734016238&CODE_STATE=getMsg HTTP/1.1" 200 27
222.70.180.200 - - [08/Oct/2023:11:03:33 +0800] "GET /xingrg/check_reg.html?_=1696734211795 HTTP/1.1" 200 22
222.70.180.200 - - [08/Oct/2023:11:03:33 +0800] "GET /xingrg/all/function/internal_message.html?_=1696734211799&CODE_STATE=getMsg HTTP/1.1" 200 27
218.81.72.90 - - [08/Oct/2023:11:03:33 +0800] "GET /xingrg/kc/buy/cgsh_order_operate.html?command=get_materiel&rest_code=00148&code=00101008010&supplier_code=00100008&order_time=2023-10-08 HTTP/1.1" 200 412
124.78.69.58 - - [08/Oct/2023:11:03:35 +0800] "GET /xingrg/kc/buy/cgsh_order_info.html?code=212023100802519 HTTP/1.1" 200 67439
114.83.218.82 - - [08/Oct/2023:11:03:35 +0800] "GET /xingrg/kc/buy/cgsh_order_operate.html?command=get_materiel&rest_code=00149&code=00101004071&supplier_code=00100312&order_time=2023-10-08 HTTP/1.1" 200 409
124.78.69.58 - - [08/Oct/2023:11:03:35 +0800] "GET /xingrg/javascript/easyui/themes/default/validatebox.css HTTP/1.1" 404 1104
124.78.69.58 - - [08/Oct/2023:11:03:36 +0800] "POST /xingrg/kc/buy/cgsh_order_operate.html HTTP/1.1" 200 621
180.165.48.189 - - [08/Oct/2023:11:03:36 +0800] "GET /xingrg/all/function/internal_message.html?_=1696734216909&CODE_STATE=getMsg HTTP/1.1" 200 27
180.169.147.146 - - [08/Oct/2023:11:03:37 +0800] "GET /favicon.ico HTTP/1.1" 404 -
124.78.69.58 - - [08/Oct/2023:11:03:37 +0800] "GET /xingrg/kc/print/load_data.html?order_code=212023100802519&kc_code=cgsh&condition= HTTP/1.1" 200 794
180.165.48.189 - - [08/Oct/2023:11:03:38 +0800] "GET /xingrg/check_reg.html?_=1696734218652 HTTP/1.1" 200 22
124.78.69.58 - - [08/Oct/2023:11:03:39 +0800] "GET /xingrg/all/function/internal_message.html?_=1696733638019&CODE_STATE=getMsg HTTP/1.1" 200 27
124.78.69.58 - - [08/Oct/2023:11:03:41 +0800] "GET /xingrg/kc/buy/cgsh_order_add.html HTTP/1.1" 200 72530
124.78.69.58 - - [08/Oct/2023:11:03:42 +0800] "POST /xingrg/kc/buy/cgsh_order_operate.html HTTP/1.1" 200 8245
124.78.69.58 - - [08/Oct/2023:11:03:42 +0800] "GET /xingrg/javascript/easyui/themes/default/validatebox.css HTTP/1.1" 404 1104
222.70.180.200 - - [08/Oct/2023:11:03:43 +0800] "GET /xingrg/all/function/internal_message.html?_=1696734221099&CODE_STATE=getMsg HTTP/1.1" 200 27
114.83.218.82 - - [08/Oct/2023:11:03:45 +0800] "GET /xingrg/kc/buy/cgsh_order_operate.html?command=get_materiel&rest_code=00149&code=00101005022&supplier_code=00100312&order_time=2023-10-08 HTTP/1.1" 200 417
101.228.187.155 - - [08/Oct/2023:11:03:46 +0800] "GET /xingrg/all/function/internal_message.html?_=1696734225640&CODE_STATE=getMsg HTTP/1.1" 200 27
222.70.180.200 - - [08/Oct/2023:11:03:49 +0800] "POST /xingrg/kc/buy/cgsh_order_operate.html HTTP/1.1" 200 37
124.78.69.58 - - [08/Oct/2023:11:03:51 +0800] "GET /xingrg/kc/buy/cgsh_order_operate.html?command=get_materiel&rest_code=00141&code=00101019489&supplier_code=00100323&order_time=2023-10-08 HTTP/1.1" 200 410
218.81.72.90 - - [08/Oct/2023:11:03:51 +0800] "GET /xingrg/kc/buy/cgsh_order_operate.html?command=get_materiel&rest_code=00148&code=00101008038&supplier_code=00100008&order_time=2023-10-08 HTTP/1.1" 200 412
218.81.72.90 - - [08/Oct/2023:11:03:52 +0800] "GET /xingrg/all/function/internal_message.html?_=1696734231791&CODE_STATE=getMsg HTTP/1.1" 200 27
222.70.180.200 - - [08/Oct/2023:11:03:53 +0800] "POST /xingrg/kc/buy/cgsh_order_operate.html HTTP/1.1" 200 2669
222.70.180.200 - - [08/Oct/2023:11:03:55 +0800] "GET /xingrg/kc/print/load_config.html?kc_code=cgsh HTTP/1.1" 200 1927
114.83.218.82 - - [08/Oct/2023:11:03:55 +0800] "GET /xingrg/kc/buy/cgsh_order_operate.html?command=get_materiel&rest_code=00149&code=00101004023&supplier_code=00100312&order_time=2023-10-08 HTTP/1.1" 200 409
222.70.180.200 - - [08/Oct/2023:11:03:56 +0800] "GET /xingrg/kc/print/load_data.html?order_code=212023100802520&kc_code=cgsh&condition= HTTP/1.1" 200 690
114.95.241.104 - - [08/Oct/2023:11:03:56 +0800] "GET /xingrg/kc/buy/cgsh_order_operate.html?command=get_materiel&rest_code=00150&code=00101014140&supplier_code=00100363&order_time=2023-10-08 HTTP/1.1" 200 412
124.79.244.25 - - [08/Oct/2023:11:04:03 +0800] "GET /xingrg/all/function/internal_message.html?_=1696734545512&CODE_STATE=getMsg HTTP/1.1" 200 27
222.70.169.61 - - [08/Oct/2023:11:04:04 +0800] "GET /xingrg/all/function/internal_message.html?_=1696734269835&CODE_STATE=getMsg HTTP/1.1" 200 27
124.78.69.58 - - [08/Oct/2023:11:04:04 +0800] "GET /xingrg/kc/buy/cgsh_order_operate.html?command=get_materiel&rest_code=00141&code=00101040102&supplier_code=00100323&order_time=2023-10-08 HTTP/1.1" 200 398
218.81.72.90 - - [08/Oct/2023:11:04:05 +0800] "GET /xingrg/kc/buy/cgsh_order_operate.html?command=get_materiel&rest_code=00148&code=00101008088&supplier_code=00100008&order_time=2023-10-08 HTTP/1.1" 200 408
180.152.241.196 - - [08/Oct/2023:11:04:05 +0800] "GET /xingrg/all/function/internal_message.html?_=1696734247051&CODE_STATE=getMsg HTTP/1.1" 200 27
222.70.107.161 - - [08/Oct/2023:11:04:07 +0800] "GET /xingrg/all/function/internal_message.html?_=1696734247965&CODE_STATE=getMsg HTTP/1.1" 200 27
222.70.107.161 - - [08/Oct/2023:11:04:07 +0800] "GET /xingrg/check_reg.html?_=1696734247966 HTTP/1.1" 200 22
124.78.155.92 - - [08/Oct/2023:11:04:08 +0800] "GET /xingrg/all/function/internal_message.html?_=1696734238526&CODE_STATE=getMsg HTTP/1.1" 200 27
114.83.218.82 - - [08/Oct/2023:11:04:08 +0800] "POST /xingrg/services/DataTransmitService HTTP/1.1" 200 524
114.95.241.104 - - [08/Oct/2023:11:04:10 +0800] "POST /xingrg/kc/buy/cgsh_order_operate.html HTTP/1.1" 200 37
218.81.72.90 - - [08/Oct/2023:11:04:14 +0800] "POST /xingrg/services/DataTransmitService HTTP/1.1" 200 524
218.81.72.90 - - [08/Oct/2023:11:04:16 +0800] "GET /xingrg/all/function/internal_message.html?_=1696734256216&CODE_STATE=getMsg HTTP/1.1" 200 27
218.81.72.90 - - [08/Oct/2023:11:04:16 +0800] "POST /xingrg/services/DataTransmitService HTTP/1.1" 200 412
114.95.241.104 - - [08/Oct/2023:11:04:20 +0800] "GET /xingrg/all/function/internal_message.html?_=1696734258473&CODE_STATE=getMsg HTTP/1.1" 200 27
114.83.218.82 - - [08/Oct/2023:11:04:20 +0800] "GET /xingrg/all/function/internal_message.html?_=1696734260959&CODE_STATE=getMsg HTTP/1.1" 200 27
114.95.241.104 - - [08/Oct/2023:11:04:20 +0800] "GET /xingrg/all/function/internal_message.html?_=1696734258876&CODE_STATE=getMsg HTTP/1.1" 200 27
114.83.218.82 - - [08/Oct/2023:11:04:23 +0800] "POST /xingrg/kc/buy/cgsh_order_operate.html HTTP/1.1" 200 37
114.95.241.104 - - [08/Oct/2023:11:04:24 +0800] "GET /xingrg/all/function/internal_message.html?_=1696734264104&CODE_STATE=getMsg HTTP/1.1" 200 27
101.83.145.37 - - [08/Oct/2023:11:04:25 +0800] "GET /xingrg/all/function/internal_message.html?_=1696734267340&CODE_STATE=getMsg HTTP/1.1" 200 27
124.78.155.92 - - [08/Oct/2023:11:04:27 +0800] "GET /xingrg/all/function/internal_message.html?_=1696734267355&CODE_STATE=getMsg HTTP/1.1" 200 27
124.78.69.58 - - [08/Oct/2023:11:04:27 +0800] "GET /xingrg/kc/buy/cgsh_order_operate.html?command=get_materiel&rest_code=00141&code=00101016081&supplier_code=00100323&order_time=2023-10-08 HTTP/1.1" 200 447
116.230.110.33 - - [08/Oct/2023:11:04:27 +0800] "GET /xingrg/all/function/internal_message.html?_=1696734124066&CODE_STATE=getMsg HTTP/1.1" 200 27
114.95.241.104 - - [08/Oct/2023:11:04:27 +0800] "POST /xingrg/kc/buy/cgsh_order_operate.html HTTP/1.1" 200 12
218.81.72.90 - - [08/Oct/2023:11:04:29 +0800] "GET /xingrg/kc/buy/cgsh_order_operate.html?command=get_materiel&rest_code=00148&code=00101008003&supplier_code=00100008&order_time=2023-10-08 HTTP/1.1" 200 408
124.78.155.92 - - [08/Oct/2023:11:04:29 +0800] "GET /xingrg/check_reg.html?_=1696734270099 HTTP/1.1" 200 22
124.78.155.92 - - [08/Oct/2023:11:04:29 +0800] "GET /xingrg/all/function/internal_message.html?_=1696734270101&CODE_STATE=getMsg HTTP/1.1" 200 27
114.83.218.82 - - [08/Oct/2023:11:04:31 +0800] "POST /xingrg/kc/buy/cgsh_order_operate.html HTTP/1.1" 200 12
114.95.241.104 - - [08/Oct/2023:11:04:32 +0800] "GET /xingrg/kc/buy/cgsh_order_info.html?code=212023100802521 HTTP/1.1" 200 67489
114.95.241.104 - - [08/Oct/2023:11:04:33 +0800] "GET /xingrg/javascript/easyui/themes/default/validatebox.css HTTP/1.1" 404 1104
114.83.221.181 - - [08/Oct/2023:11:04:33 +0800] "GET /xingrg/all/function/internal_message.html?_=1696734274448&CODE_STATE=getMsg HTTP/1.1" 200 27
120.253.135.82 - - [08/Oct/2023:11:04:33 +0800] "GET /xingrg/all/function/internal_message.html?_=1696734076253&CODE_STATE=getMsg HTTP/1.1" 200 27
222.70.180.200 - - [08/Oct/2023:11:04:33 +0800] "GET /xingrg/all/function/internal_message.html?_=1696734271797&CODE_STATE=getMsg HTTP/1.1" 200 27
114.95.241.104 - - [08/Oct/2023:11:04:34 +0800] "POST /xingrg/kc/buy/cgsh_order_operate.html HTTP/1.1" 200 613
114.83.218.82 - - [08/Oct/2023:11:04:34 +0800] "GET /xingrg/kc/buy/cgsh_order_info.html?code=212023100802522 HTTP/1.1" 200 67531
114.83.218.82 - - [08/Oct/2023:11:04:34 +0800] "GET /xingrg/javascript/easyui/themes/default/validatebox.css HTTP/1.1" 404 1104
114.83.218.82 - - [08/Oct/2023:11:04:35 +0800] "POST /xingrg/kc/buy/cgsh_order_operate.html HTTP/1.1" 200 2991
114.95.241.104 - - [08/Oct/2023:11:04:35 +0800] "GET /xingrg/kc/print/load_data.html?order_code=212023100802521&kc_code=cgsh&condition= HTTP/1.1" 200 720
180.165.48.189 - - [08/Oct/2023:11:04:36 +0800] "GET /xingrg/all/function/internal_message.html?_=1696734276903&CODE_STATE=getMsg HTTP/1.1" 200 27
114.83.218.82 - - [08/Oct/2023:11:04:37 +0800] "GET /xingrg/kc/print/load_data.html?order_code=212023100802522&kc_code=cgsh&condition= HTTP/1.1" 200 1626
124.78.69.58 - - [08/Oct/2023:11:04:39 +0800] "GET /xingrg/all/function/internal_message.html?_=1696733697989&CODE_STATE=getMsg HTTP/1.1" 200 27
124.78.69.58 - - [08/Oct/2023:11:04:39 +0800] "GET /xingrg/check_reg.html?_=1696733698204 HTTP/1.1" 200 22
124.78.69.58 - - [08/Oct/2023:11:04:42 +0800] "GET /xingrg/kc/buy/cgsh_order_operate.html?command=get_materiel&rest_code=00141&code=00101006060&supplier_code=00100323&order_time=2023-10-08 HTTP/1.1" 200 409
116.230.110.33 - - [08/Oct/2023:11:04:42 +0800] "GET /xingrg/check_reg.html?_=1696734139414 HTTP/1.1" 200 22
222.70.180.200 - - [08/Oct/2023:11:04:43 +0800] "GET /xingrg/all/function/internal_message.html?_=1696734281099&CODE_STATE=getMsg HTTP/1.1" 200 27
114.83.218.82 - - [08/Oct/2023:11:04:43 +0800] "GET /xingrg/kc/buy/cgsh_order_add.html HTTP/1.1" 200 72618
114.83.218.82 - - [08/Oct/2023:11:04:43 +0800] "POST /xingrg/kc/buy/cgsh_order_operate.html HTTP/1.1" 200 8245
114.83.218.82 - - [08/Oct/2023:11:04:43 +0800] "GET /xingrg/javascript/easyui/themes/default/validatebox.css HTTP/1.1" 404 1104
101.228.187.155 - - [08/Oct/2023:11:04:46 +0800] "GET /xingrg/all/function/internal_message.html?_=1696734285639&CODE_STATE=getMsg HTTP/1.1" 200 27
218.81.72.90 - - [08/Oct/2023:11:04:52 +0800] "GET /xingrg/all/function/internal_message.html?_=1696734291792&CODE_STATE=getMsg HTTP/1.1" 200 27
124.78.69.58 - - [08/Oct/2023:11:04:53 +0800] "GET /xingrg/kc/buy/cgsh_order_operate.html?command=get_materiel&rest_code=00141&code=00101006350&supplier_code=00100323&order_time=2023-10-08 HTTP/1.1" 200 409
124.78.69.58 - - [08/Oct/2023:11:05:02 +0800] "POST /xingrg/kc/buy/cgsh_order_operate.html HTTP/1.1" 200 37
124.79.244.25 - - [08/Oct/2023:11:05:03 +0800] "GET /xingrg/check_reg.html?_=1696734605509 HTTP/1.1" 200 22
124.79.244.25 - - [08/Oct/2023:11:05:03 +0800] "GET /xingrg/all/function/internal_message.html?_=1696734605510&CODE_STATE=getMsg HTTP/1.1" 200 27
114.83.218.82 - - [08/Oct/2023:11:05:04 +0800] "GET /xingrg/kc/buy/cgsh_order_operate.html?command=get_materiel&rest_code=00149&code=00101003031&supplier_code=00100348&order_time=2023-10-08 HTTP/1.1" 200 427
222.70.169.61 - - [08/Oct/2023:11:05:04 +0800] "GET /xingrg/all/function/internal_message.html?_=1696734329849&CODE_STATE=getMsg HTTP/1.1" 200 27
180.152.241.196 - - [08/Oct/2023:11:05:05 +0800] "GET /xingrg/check_reg.html?_=1696734307044 HTTP/1.1" 200 22
180.152.241.196 - - [08/Oct/2023:11:05:05 +0800] "GET /xingrg/all/function/internal_message.html?_=1696734307048&CODE_STATE=getMsg HTTP/1.1" 200 27
222.70.107.161 - - [08/Oct/2023:11:05:07 +0800] "GET /xingrg/all/function/internal_message.html?_=1696734307968&CODE_STATE=getMsg HTTP/1.1" 200 27
124.78.155.92 - - [08/Oct/2023:11:05:08 +0800] "GET /xingrg/all/function/internal_message.html?_=1696734298511&CODE_STATE=getMsg HTTP/1.1" 200 27
124.78.155.92 - - [08/Oct/2023:11:05:09 +0800] "GET /xingrg/check_reg.html?_=1696734299395 HTTP/1.1" 200 22
218.81.72.90 - - [08/Oct/2023:11:05:10 +0800] "GET /xingrg/kc/buy/cgsh_order_operate.html?command=get_materiel&rest_code=00148&code=00101008361&supplier_code=00100008&order_time=2023-10-08 HTTP/1.1" 200 408
124.78.69.58 - - [08/Oct/2023:11:05:11 +0800] "POST /xingrg/kc/buy/cgsh_order_operate.html HTTP/1.1" 200 12
124.78.69.58 - - [08/Oct/2023:11:05:13 +0800] "GET /xingrg/kc/buy/cgsh_order_info.html?code=212023100802523 HTTP/1.1" 200 67442
124.78.69.58 - - [08/Oct/2023:11:05:13 +0800] "GET /xingrg/javascript/easyui/themes/default/validatebox.css HTTP/1.1" 404 1104
124.78.69.58 - - [08/Oct/2023:11:05:15 +0800] "POST /xingrg/kc/buy/cgsh_order_operate.html HTTP/1.1" 200 2399
218.81.72.90 - - [08/Oct/2023:11:05:16 +0800] "GET /xingrg/all/function/internal_message.html?_=1696734316199&CODE_STATE=getMsg HTTP/1.1" 200 27
218.81.72.90 - - [08/Oct/2023:11:05:16 +0800] "GET /xingrg/check_reg.html?_=1696734316262 HTTP/1.1" 200 22
124.78.69.58 - - [08/Oct/2023:11:05:19 +0800] "GET /xingrg/kc/print/load_data.html?order_code=212023100802523&kc_code=cgsh&condition= HTTP/1.1" 200 1404
218.81.72.90 - - [08/Oct/2023:11:05:20 +0800] "GET /xingrg/kc/buy/cgsh_order_operate.html?command=get_materiel&rest_code=00148&code=00101015056&supplier_code=00100008&order_time=2023-10-08 HTTP/1.1" 200 412
114.95.241.104 - - [08/Oct/2023:11:05:20 +0800] "GET /xingrg/all/function/internal_message.html?_=1696734318473&CODE_STATE=getMsg HTTP/1.1" 200 27
114.95.241.104 - - [08/Oct/2023:11:05:20 +0800] "GET /xingrg/all/function/internal_message.html?_=1696734318879&CODE_STATE=getMsg HTTP/1.1" 200 27
114.83.218.82 - - [08/Oct/2023:11:05:21 +0800] "GET /xingrg/check_reg.html?_=1696734321342 HTTP/1.1" 200 22
124.78.69.58 - - [08/Oct/2023:11:05:23 +0800] "GET /xingrg/kc/buy/cgsh_order_add.html HTTP/1.1" 200 72530
114.95.241.104 - - [08/Oct/2023:11:05:23 +0800] "GET /xingrg/kc/buy/cgsh_order_add.html HTTP/1.1" 200 72574
124.78.69.58 - - [08/Oct/2023:11:05:24 +0800] "GET /xingrg/javascript/easyui/themes/default/validatebox.css HTTP/1.1" 404 1104
124.78.69.58 - - [08/Oct/2023:11:05:24 +0800] "POST /xingrg/kc/buy/cgsh_order_operate.html HTTP/1.1" 200 8245
114.95.241.104 - - [08/Oct/2023:11:05:24 +0800] "POST /xingrg/kc/buy/cgsh_order_operate.html HTTP/1.1" 200 8245
114.95.241.104 - - [08/Oct/2023:11:05:24 +0800] "GET /xingrg/javascript/easyui/themes/default/validatebox.css HTTP/1.1" 404 1104
114.83.218.82 - - [08/Oct/2023:11:05:24 +0800] "POST /xingrg/kc/buy/cgsh_order_operate.html HTTP/1.1" 200 37
114.95.241.104 - - [08/Oct/2023:11:05:24 +0800] "GET /xingrg/check_reg.html?_=1696734324101 HTTP/1.1" 200 22
114.95.241.104 - - [08/Oct/2023:11:05:24 +0800] "GET /xingrg/all/function/internal_message.html?_=1696734324106&CODE_STATE=getMsg HTTP/1.1" 200 27
101.83.145.37 - - [08/Oct/2023:11:05:25 +0800] "GET /xingrg/all/function/internal_message.html?_=1696734327317&CODE_STATE=getMsg HTTP/1.1" 200 27
222.70.180.200 - - [08/Oct/2023:11:05:26 +0800] "GET /xingrg/kc/base/wldb_order_list.html HTTP/1.1" 200 19174
222.70.180.200 - - [08/Oct/2023:11:05:26 +0800] "POST /xingrg/kc/base/wldb_list_operate.html HTTP/1.1" 200 928
124.78.155.92 - - [08/Oct/2023:11:05:27 +0800] "GET /xingrg/all/function/internal_message.html?_=1696734327355&CODE_STATE=getMsg HTTP/1.1" 200 27
116.230.110.33 - - [08/Oct/2023:11:05:27 +0800] "GET /xingrg/all/function/internal_message.html?_=1696734184042&CODE_STATE=getMsg HTTP/1.1" 200 27
222.70.180.200 - - [08/Oct/2023:11:05:28 +0800] "GET /xingrg/kc/base/wldb_order_add.html HTTP/1.1" 200 30453
222.70.180.200 - - [08/Oct/2023:11:05:29 +0800] "POST /xingrg/kc/base/wldb_order_operate.html HTTP/1.1" 200 6806
222.70.180.200 - - [08/Oct/2023:11:05:29 +0800] "GET /xingrg/all/common/auto_word.html?type=base&rest_code=00111 HTTP/1.1" 200 1753
222.70.180.200 - - [08/Oct/2023:11:05:29 +0800] "GET /xingrg/javascript/easyui/themes/default/validatebox.css HTTP/1.1" 404 1104
218.81.72.90 - - [08/Oct/2023:11:05:29 +0800] "GET /xingrg/kc/buy/cgsh_order_operate.html?command=get_materiel&rest_code=00148&code=00101008264&supplier_code=00100008&order_time=2023-10-08 HTTP/1.1" 200 432
222.70.180.200 - - [08/Oct/2023:11:05:29 +0800] "GET /xingrg/all/common/auto_word.html?type=base&rest_code=00111 HTTP/1.1" 200 1753
124.78.155.92 - - [08/Oct/2023:11:05:29 +0800] "GET /xingrg/all/function/internal_message.html?_=1696734330101&CODE_STATE=getMsg HTTP/1.1" 200 27
124.78.69.58 - - [08/Oct/2023:11:05:33 +0800] "GET /xingrg/kc/buy/cgsh_order_operate.html?command=get_materiel&rest_code=00141&code=00101006283&supplier_code=00100558&order_time=2023-10-08 HTTP/1.1" 200 414
114.83.221.181 - - [08/Oct/2023:11:05:33 +0800] "GET /xingrg/all/function/internal_message.html?_=1696734334431&CODE_STATE=getMsg HTTP/1.1" 200 27
120.253.135.82 - - [08/Oct/2023:11:05:33 +0800] "GET /xingrg/all/function/internal_message.html?_=1696734136280&CODE_STATE=getMsg HTTP/1.1" 200 27
222.70.180.200 - - [08/Oct/2023:11:05:33 +0800] "GET /xingrg/all/function/internal_message.html?_=1696734331804&CODE_STATE=getMsg HTTP/1.1" 200 27
114.83.221.181 - - [08/Oct/2023:11:05:33 +0800] "GET /xingrg/check_reg.html?_=1696734335196 HTTP/1.1" 200 22
114.83.218.82 - - [08/Oct/2023:11:05:35 +0800] "POST /xingrg/kc/buy/cgsh_order_operate.html HTTP/1.1" 200 12
114.95.241.104 - - [08/Oct/2023:11:05:36 +0800] "GET /xingrg/kc/buy/cgsh_order_operate.html?command=get_materiel&rest_code=00150&code=00101002003&supplier_code=00100087&order_time=2023-10-08 HTTP/1.1" 200 426
180.165.48.189 - - [08/Oct/2023:11:05:36 +0800] "GET /xingrg/all/function/internal_message.html?_=1696734336888&CODE_STATE=getMsg HTTP/1.1" 200 27
114.83.218.82 - - [08/Oct/2023:11:05:37 +0800] "GET /xingrg/kc/buy/cgsh_order_info.html?code=212023100802524 HTTP/1.1" 200 67533
114.83.218.82 - - [08/Oct/2023:11:05:38 +0800] "GET /xingrg/javascript/easyui/themes/default/validatebox.css HTTP/1.1" 404 1104
124.78.69.58 - - [08/Oct/2023:11:05:39 +0800] "GET /xingrg/all/function/internal_message.html?_=1696733757978&CODE_STATE=getMsg HTTP/1.1" 200 27
114.83.218.82 - - [08/Oct/2023:11:05:40 +0800] "POST /xingrg/kc/buy/cgsh_order_operate.html HTTP/1.1" 200 624
218.81.72.90 - - [08/Oct/2023:11:05:42 +0800] "GET /xingrg/kc/buy/cgsh_order_operate.html?command=get_materiel&rest_code=00148&code=00101008321&supplier_code=00100008&order_time=2023-10-08 HTTP/1.1" 200 412
114.83.218.82 - - [08/Oct/2023:11:05:42 +0800] "GET /xingrg/kc/print/load_data.html?order_code=212023100802524&kc_code=cgsh&condition= HTTP/1.1" 200 734
222.70.180.200 - - [08/Oct/2023:11:05:43 +0800] "GET /xingrg/all/function/internal_message.html?_=1696734341099&CODE_STATE=getMsg HTTP/1.1" 200 27
101.228.187.155 - - [08/Oct/2023:11:05:46 +0800] "GET /xingrg/all/function/internal_message.html?_=1696734345638&CODE_STATE=getMsg HTTP/1.1" 200 27
114.83.218.82 - - [08/Oct/2023:11:05:47 +0800] "GET /xingrg/kc/buy/cgsh_order_add.html HTTP/1.1" 200 72618
114.83.218.82 - - [08/Oct/2023:11:05:48 +0800] "POST /xingrg/kc/buy/cgsh_order_operate.html HTTP/1.1" 200 8245
114.83.218.82 - - [08/Oct/2023:11:05:48 +0800] "GET /xingrg/javascript/easyui/themes/default/validatebox.css HTTP/1.1" 404 1104
218.81.72.90 - - [08/Oct/2023:11:05:52 +0800] "GET /xingrg/all/function/internal_message.html?_=1696734351818&CODE_STATE=getMsg HTTP/1.1" 200 27
114.95.241.104 - - [08/Oct/2023:11:05:53 +0800] "POST /xingrg/kc/buy/cgsh_order_operate.html HTTP/1.1" 200 37
124.78.69.58 - - [08/Oct/2023:11:05:53 +0800] "GET /xingrg/kc/buy/cgsh_order_operate.html?command=get_materiel&rest_code=00141&code=00101006284&supplier_code=00100558&order_time=2023-10-08 HTTP/1.1" 200 418
218.81.72.90 - - [08/Oct/2023:11:05:56 +0800] "GET /xingrg/kc/buy/cgsh_order_operate.html?command=get_materiel&rest_code=00148&code=00101008270&supplier_code=00100008&order_time=2023-10-08 HTTP/1.1" 200 412
114.83.218.82 - - [08/Oct/2023:11:05:58 +0800] "GET /xingrg/kc/buy/cgsh_order_operate.html?command=get_materiel&rest_code=00149&code=00101002006&supplier_code=00100091&order_time=2023-10-08 HTTP/1.1" 200 414
114.95.241.104 - - [08/Oct/2023:11:06:02 +0800] "POST /xingrg/kc/buy/cgsh_order_operate.html HTTP/1.1" 200 12
124.79.244.25 - - [08/Oct/2023:11:06:03 +0800] "GET /xingrg/all/function/internal_message.html?_=1696734665510&CODE_STATE=getMsg HTTP/1.1" 200 27
222.70.169.61 - - [08/Oct/2023:11:06:04 +0800] "GET /xingrg/all/function/internal_message.html?_=1696734389864&CODE_STATE=getMsg HTTP/1.1" 200 27
114.95.241.104 - - [08/Oct/2023:11:06:04 +0800] "GET /xingrg/kc/buy/cgsh_order_info.html?code=212023100802525 HTTP/1.1" 200 67483
114.95.241.104 - - [08/Oct/2023:11:06:04 +0800] "GET /xingrg/javascript/easyui/themes/default/validatebox.css HTTP/1.1" 404 1104
114.95.241.104 - - [08/Oct/2023:11:06:05 +0800] "POST /xingrg/kc/buy/cgsh_order_operate.html HTTP/1.1" 200 625
180.152.241.196 - - [08/Oct/2023:11:06:05 +0800] "GET /xingrg/all/function/internal_message.html?_=1696734367047&CODE_STATE=getMsg HTTP/1.1" 200 27
222.70.107.161 - - [08/Oct/2023:11:06:07 +0800] "GET /xingrg/all/function/internal_message.html?_=1696734367970&CODE_STATE=getMsg HTTP/1.1" 200 27
114.95.241.104 - - [08/Oct/2023:11:06:07 +0800] "GET /xingrg/kc/print/load_data.html?order_code=212023100802525&kc_code=cgsh&condition= HTTP/1.1" 200 781
180.163.29.79 - - [08/Oct/2023:11:06:08 +0800] "GET /xingrg/all/function/internal_message.html?_=1696734298511&CODE_STATE=getMsg HTTP/1.1" 302 -
180.163.29.79 - - [08/Oct/2023:11:06:08 +0800] "GET /xingrg/login.html HTTP/1.1" 200 7641
124.78.155.92 - - [08/Oct/2023:11:06:08 +0800] "GET /xingrg/all/function/internal_message.html?_=1696734358491&CODE_STATE=getMsg HTTP/1.1" 200 27
114.83.218.82 - - [08/Oct/2023:11:06:10 +0800] "POST /xingrg/kc/buy/cgsh_order_operate.html HTTP/1.1" 200 37
114.95.241.104 - - [08/Oct/2023:11:06:12 +0800] "GET /xingrg/kc/buy/cgsh_order_add.html HTTP/1.1" 200 72574
114.95.241.104 - - [08/Oct/2023:11:06:12 +0800] "POST /xingrg/kc/buy/cgsh_order_operate.html HTTP/1.1" 200 8245
114.95.241.104 - - [08/Oct/2023:11:06:12 +0800] "GET /xingrg/javascript/easyui/themes/default/validatebox.css HTTP/1.1" 404 1104
124.78.69.58 - - [08/Oct/2023:11:06:12 +0800] "GET /xingrg/kc/buy/cgsh_order_operate.html?command=get_materiel&rest_code=00141&code=00101006282&supplier_code=00100558&order_time=2023-10-08 HTTP/1.1" 200 418
218.81.72.90 - - [08/Oct/2023:11:06:16 +0800] "GET /xingrg/all/function/internal_message.html?_=1696734376179&CODE_STATE=getMsg HTTP/1.1" 200 27
114.83.218.82 - - [08/Oct/2023:11:06:20 +0800] "POST /xingrg/kc/buy/cgsh_order_operate.html HTTP/1.1" 200 12
114.95.241.104 - - [08/Oct/2023:11:06:20 +0800] "GET /xingrg/all/function/internal_message.html?_=1696734378474&CODE_STATE=getMsg HTTP/1.1" 200 27
114.95.241.104 - - [08/Oct/2023:11:06:20 +0800] "GET /xingrg/all/function/internal_message.html?_=1696734378879&CODE_STATE=getMsg HTTP/1.1" 200 27
114.95.241.104 - - [08/Oct/2023:11:06:22 +0800] "GET /xingrg/kc/buy/cgsh_order_operate.html?command=get_materiel&rest_code=00150&code=00101006155&supplier_code=00100323&order_time=2023-10-08 HTTP/1.1" 200 415
124.78.69.58 - - [08/Oct/2023:11:06:23 +0800] "GET /xingrg/kc/buy/cgsh_order_operate.html?command=get_materiel&rest_code=00141&code=00102026001&supplier_code=00100558&order_time=2023-10-08 HTTP/1.1" 200 409
114.83.218.82 - - [08/Oct/2023:11:06:23 +0800] "GET /xingrg/kc/buy/cgsh_order_info.html?code=212023100802526 HTTP/1.1" 200 67531
114.83.218.82 - - [08/Oct/2023:11:06:23 +0800] "GET /xingrg/javascript/easyui/themes/default/validatebox.css HTTP/1.1" 404 1104
114.83.218.82 - - [08/Oct/2023:11:06:24 +0800] "POST /xingrg/kc/buy/cgsh_order_operate.html HTTP/1.1" 200 611
114.95.241.104 - - [08/Oct/2023:11:06:24 +0800] "GET /xingrg/all/function/internal_message.html?_=1696734384102&CODE_STATE=getMsg HTTP/1.1" 200 27
101.83.145.37 - - [08/Oct/2023:11:06:25 +0800] "GET /xingrg/all/function/internal_message.html?_=1696734387295&CODE_STATE=getMsg HTTP/1.1" 200 27
114.83.218.82 - - [08/Oct/2023:11:06:27 +0800] "GET /xingrg/kc/print/load_data.html?order_code=212023100802526&kc_code=cgsh&condition= HTTP/1.1" 200 772
124.78.155.92 - - [08/Oct/2023:11:06:27 +0800] "GET /xingrg/all/function/internal_message.html?_=1696734387355&CODE_STATE=getMsg HTTP/1.1" 200 27
116.230.110.33 - - [08/Oct/2023:11:06:27 +0800] "GET /xingrg/all/function/internal_message.html?_=1696734244026&CODE_STATE=getMsg HTTP/1.1" 200 27
222.70.180.200 - - [08/Oct/2023:11:06:28 +0800] "GET /xingrg/kc/base/wldb_order_operate.html?command=get_materiel&rest_code=00111&base_code=0010306&code=00102001040 HTTP/1.1" 200 442
124.78.155.92 - - [08/Oct/2023:11:06:29 +0800] "GET /xingrg/all/function/internal_message.html?_=1696734390101&CODE_STATE=getMsg HTTP/1.1" 200 27
114.83.218.82 - - [08/Oct/2023:11:06:32 +0800] "GET /xingrg/kc/buy/cgsh_order_add.html HTTP/1.1" 200 72618
114.83.218.82 - - [08/Oct/2023:11:06:33 +0800] "POST /xingrg/kc/buy/cgsh_order_operate.html HTTP/1.1" 200 8245
114.83.218.82 - - [08/Oct/2023:11:06:33 +0800] "GET /xingrg/javascript/easyui/themes/default/validatebox.css HTTP/1.1" 404 1104
114.83.221.181 - - [08/Oct/2023:11:06:33 +0800] "GET /xingrg/all/function/internal_message.html?_=1696734394404&CODE_STATE=getMsg HTTP/1.1" 200 27
120.253.135.82 - - [08/Oct/2023:11:06:33 +0800] "GET /xingrg/all/function/internal_message.html?_=1696734196297&CODE_STATE=getMsg HTTP/1.1" 200 27
222.70.180.200 - - [08/Oct/2023:11:06:33 +0800] "GET /xingrg/all/function/internal_message.html?_=1696734391798&CODE_STATE=getMsg HTTP/1.1" 200 27
180.165.48.189 - - [08/Oct/2023:11:06:36 +0800] "GET /xingrg/all/function/internal_message.html?_=1696734396888&CODE_STATE=getMsg HTTP/1.1" 200 27
114.95.241.104 - - [08/Oct/2023:11:06:37 +0800] "GET /xingrg/kc/buy/cgsh_order_operate.html?command=get_materiel&rest_code=00150&code=00101006012&supplier_code=00100323&order_time=2023-10-08 HTTP/1.1" 200 419
124.78.69.58 - - [08/Oct/2023:11:06:39 +0800] "GET /xingrg/all/function/internal_message.html?_=1696733817940&CODE_STATE=getMsg HTTP/1.1" 200 27
222.70.180.200 - - [08/Oct/2023:11:06:41 +0800] "POST /xingrg/kc/base/wldb_order_operate.html HTTP/1.1" 200 37
222.70.180.200 - - [08/Oct/2023:11:06:42 +0800] "POST /xingrg/kc/base/wldb_order_operate.html HTTP/1.1" 200 2192
124.78.69.58 - - [08/Oct/2023:11:06:42 +0800] "POST /xingrg/kc/buy/cgsh_order_operate.html HTTP/1.1" 200 37
222.70.180.200 - - [08/Oct/2023:11:06:43 +0800] "GET /xingrg/kc/base/wldb_order_info.html?code=422023100800655 HTTP/1.1" 200 30468
222.70.180.200 - - [08/Oct/2023:11:06:43 +0800] "GET /xingrg/check_reg.html?_=1696734401103 HTTP/1.1" 200 22
222.70.180.200 - - [08/Oct/2023:11:06:43 +0800] "GET /xingrg/all/function/internal_message.html?_=1696734401106&CODE_STATE=getMsg HTTP/1.1" 200 27
222.70.180.200 - - [08/Oct/2023:11:06:43 +0800] "GET /xingrg/javascript/easyui/themes/default/validatebox.css HTTP/1.1" 404 1104
222.70.180.200 - - [08/Oct/2023:11:06:44 +0800] "POST /xingrg/kc/base/wldb_order_operate.html HTTP/1.1" 200 2192
101.228.187.155 - - [08/Oct/2023:11:06:46 +0800] "GET /xingrg/check_reg.html?_=1696734405638 HTTP/1.1" 200 22
101.228.187.155 - - [08/Oct/2023:11:06:46 +0800] "GET /xingrg/all/function/internal_message.html?_=1696734405637&CODE_STATE=getMsg HTTP/1.1" 200 27
222.70.180.200 - - [08/Oct/2023:11:06:48 +0800] "GET /xingrg/check_reg.html?_=1696734753894 HTTP/1.1" 302 -
222.70.180.200 - - [08/Oct/2023:11:06:50 +0800] "GET /xingrg/kc/base/wldb_order_add.html HTTP/1.1" 200 30453
222.70.180.200 - - [08/Oct/2023:11:06:50 +0800] "POST /xingrg/kc/base/wldb_order_operate.html HTTP/1.1" 200 6806
124.78.69.58 - - [08/Oct/2023:11:06:50 +0800] "POST /xingrg/kc/buy/cgsh_order_operate.html HTTP/1.1" 200 12
222.70.180.200 - - [08/Oct/2023:11:06:50 +0800] "GET /xingrg/javascript/easyui/themes/default/validatebox.css HTTP/1.1" 404 1104
114.95.241.104 - - [08/Oct/2023:11:06:50 +0800] "GET /xingrg/kc/buy/cgsh_order_operate.html?command=get_materiel&rest_code=00150&code=00101012074&supplier_code=00100323&order_time=2023-10-08 HTTP/1.1" 200 430
218.81.72.90 - - [08/Oct/2023:11:06:52 +0800] "GET /xingrg/check_reg.html?_=1696734411818 HTTP/1.1" 200 22
218.81.72.90 - - [08/Oct/2023:11:06:52 +0800] "GET /xingrg/all/function/internal_message.html?_=1696734411820&CODE_STATE=getMsg HTTP/1.1" 200 27
124.78.69.58 - - [08/Oct/2023:11:06:52 +0800] "GET /xingrg/kc/buy/cgsh_order_info.html?code=212023100802527 HTTP/1.1" 200 67437
124.78.69.58 - - [08/Oct/2023:11:06:53 +0800] "GET /xingrg/javascript/easyui/themes/default/validatebox.css HTTP/1.1" 404 1104
124.78.69.58 - - [08/Oct/2023:11:06:53 +0800] "POST /xingrg/kc/buy/cgsh_order_operate.html HTTP/1.1" 200 2395
124.78.69.58 - - [08/Oct/2023:11:06:55 +0800] "GET /xingrg/kc/print/load_data.html?order_code=212023100802527&kc_code=cgsh&condition= HTTP/1.1" 200 1389
218.81.72.90 - - [08/Oct/2023:11:06:56 +0800] "GET /xingrg/kc/buy/cgsh_order_operate.html?command=get_materiel&rest_code=00148&code=00101008197&supplier_code=00100008&order_time=2023-10-08 HTTP/1.1" 200 416
114.83.218.82 - - [08/Oct/2023:11:06:58 +0800] "GET /xingrg/kc/buy/cgsh_order_operate.html?command=get_materiel&rest_code=00149&code=00101001140&supplier_code=00100319&order_time=2023-10-08 HTTP/1.1" 200 417
124.79.244.25 - - [08/Oct/2023:11:07:03 +0800] "GET /xingrg/all/function/internal_message.html?_=1696734725508&CODE_STATE=getMsg HTTP/1.1" 200 27
222.70.169.61 - - [08/Oct/2023:11:07:04 +0800] "GET /xingrg/all/function/internal_message.html?_=1696734449880&CODE_STATE=getMsg HTTP/1.1" 200 27
180.152.241.196 - - [08/Oct/2023:11:07:05 +0800] "GET /xingrg/all/function/internal_message.html?_=1696734427044&CODE_STATE=getMsg HTTP/1.1" 200 27
222.70.107.161 - - [08/Oct/2023:11:07:07 +0800] "GET /xingrg/all/function/internal_message.html?_=1696734427972&CODE_STATE=getMsg HTTP/1.1" 200 27
124.78.155.92 - - [08/Oct/2023:11:07:08 +0800] "GET /xingrg/all/function/internal_message.html?_=1696734418478&CODE_STATE=getMsg HTTP/1.1" 200 27
114.95.241.104 - - [08/Oct/2023:11:07:08 +0800] "POST /xingrg/kc/buy/cgsh_order_operate.html HTTP/1.1" 200 37
114.95.241.104 - - [08/Oct/2023:11:07:15 +0800] "POST /xingrg/kc/buy/cgsh_order_operate.html HTTP/1.1" 200 12
218.81.72.90 - - [08/Oct/2023:11:07:16 +0800] "GET /xingrg/all/function/internal_message.html?_=1696734436156&CODE_STATE=getMsg HTTP/1.1" 200 27
222.70.180.200 - - [08/Oct/2023:11:07:16 +0800] "GET /xingrg/kc/buy/buy_main.html HTTP/1.1" 200 12412
222.70.180.200 - - [08/Oct/2023:11:07:16 +0800] "GET /xingrg/css/new_ie.css HTTP/1.1" 404 1036
114.95.241.104 - - [08/Oct/2023:11:07:17 +0800] "GET /xingrg/kc/buy/cgsh_order_info.html?code=212023100802528 HTTP/1.1" 200 67486
114.83.218.82 - - [08/Oct/2023:11:07:17 +0800] "GET /xingrg/kc/buy/cgsh_order_operate.html?command=get_materiel&rest_code=00149&code=00101001125&supplier_code=00100319&order_time=2023-10-08 HTTP/1.1" 200 415
218.81.72.90 - - [08/Oct/2023:11:07:17 +0800] "GET /xingrg/kc/buy/cgsh_order_operate.html?command=get_materiel&rest_code=00148&code=00101008069&supplier_code=00100008&order_time=2023-10-08 HTTP/1.1" 200 412
114.95.241.104 - - [08/Oct/2023:11:07:17 +0800] "GET /xingrg/javascript/easyui/themes/default/validatebox.css HTTP/1.1" 404 1104
222.70.180.200 - - [08/Oct/2023:11:07:17 +0800] "GET /xingrg/images/yd/bt.gif HTTP/1.1" 404 1040
114.95.241.104 - - [08/Oct/2023:11:07:18 +0800] "POST /xingrg/kc/buy/cgsh_order_operate.html HTTP/1.1" 200 1823
222.70.180.200 - - [08/Oct/2023:11:07:19 +0800] "GET /xingrg/kc/buy/cgsh_order_list.html HTTP/1.1" 200 56748
114.95.241.104 - - [08/Oct/2023:11:07:20 +0800] "GET /xingrg/kc/print/load_data.html?order_code=212023100802528&kc_code=cgsh&condition= HTTP/1.1" 200 1202
114.95.241.104 - - [08/Oct/2023:11:07:20 +0800] "GET /xingrg/all/function/internal_message.html?_=1696734438477&CODE_STATE=getMsg HTTP/1.1" 200 27
114.83.218.82 - - [08/Oct/2023:11:07:20 +0800] "GET /xingrg/all/function/internal_message.html?_=1696734440992&CODE_STATE=getMsg HTTP/1.1" 200 27
114.95.241.104 - - [08/Oct/2023:11:07:20 +0800] "GET /xingrg/all/function/internal_message.html?_=1696734438881&CODE_STATE=getMsg HTTP/1.1" 200 27
114.95.241.104 - - [08/Oct/2023:11:07:24 +0800] "GET /xingrg/all/function/internal_message.html?_=1696734444114&CODE_STATE=getMsg HTTP/1.1" 200 27
101.83.145.37 - - [08/Oct/2023:11:07:25 +0800] "GET /xingrg/all/function/internal_message.html?_=1696734447269&CODE_STATE=getMsg HTTP/1.1" 200 27
222.70.180.200 - - [08/Oct/2023:11:07:25 +0800] "POST /xingrg/kc/buy/cgsh_list_operate.html HTTP/1.1" 200 1869
101.83.145.37 - - [08/Oct/2023:11:07:25 +0800] "GET /xingrg/check_reg.html?_=1696734447775 HTTP/1.1" 200 22
124.78.155.92 - - [08/Oct/2023:11:07:27 +0800] "GET /xingrg/all/function/internal_message.html?_=1696734447355&CODE_STATE=getMsg HTTP/1.1" 200 27
116.230.110.33 - - [08/Oct/2023:11:07:27 +0800] "GET /xingrg/all/function/internal_message.html?_=1696734304006&CODE_STATE=getMsg HTTP/1.1" 200 27
114.95.241.104 - - [08/Oct/2023:11:07:27 +0800] "GET /xingrg/kc/buy/cgsh_order_add.html HTTP/1.1" 200 72574
218.81.72.90 - - [08/Oct/2023:11:07:28 +0800] "GET /xingrg/kc/buy/cgsh_order_operate.html?command=get_materiel&rest_code=00148&code=00101008286&supplier_code=00100008&order_time=2023-10-08 HTTP/1.1" 200 408
114.95.241.104 - - [08/Oct/2023:11:07:28 +0800] "POST /xingrg/kc/buy/cgsh_order_operate.html HTTP/1.1" 200 8245
114.95.241.104 - - [08/Oct/2023:11:07:28 +0800] "GET /xingrg/javascript/easyui/themes/default/validatebox.css HTTP/1.1" 404 1104
222.70.180.200 - - [08/Oct/2023:11:07:29 +0800] "GET /xingrg/kc/buy/cgsh_order_add.html HTTP/1.1" 200 72480
222.70.180.200 - - [08/Oct/2023:11:07:29 +0800] "POST /xingrg/kc/buy/cgsh_order_operate.html HTTP/1.1" 200 8245
222.70.180.200 - - [08/Oct/2023:11:07:29 +0800] "GET /xingrg/javascript/easyui/themes/default/validatebox.css HTTP/1.1" 404 1104
124.78.155.92 - - [08/Oct/2023:11:07:29 +0800] "GET /xingrg/all/function/internal_message.html?_=1696734450100&CODE_STATE=getMsg HTTP/1.1" 200 27
114.83.221.181 - - [08/Oct/2023:11:07:33 +0800] "GET /xingrg/all/function/internal_message.html?_=1696734454380&CODE_STATE=getMsg HTTP/1.1" 200 27
120.253.135.82 - - [08/Oct/2023:11:07:33 +0800] "GET /xingrg/check_reg.html?_=1696734256122 HTTP/1.1" 200 22
120.253.135.82 - - [08/Oct/2023:11:07:33 +0800] "GET /xingrg/all/function/internal_message.html?_=1696734256313&CODE_STATE=getMsg HTTP/1.1" 200 27
222.70.180.200 - - [08/Oct/2023:11:07:33 +0800] "GET /xingrg/all/function/internal_message.html?_=1696734451801&CODE_STATE=getMsg HTTP/1.1" 200 27
180.165.48.189 - - [08/Oct/2023:11:07:36 +0800] "GET /xingrg/all/function/internal_message.html?_=1696734456874&CODE_STATE=getMsg HTTP/1.1" 200 27
114.95.241.104 - - [08/Oct/2023:11:07:37 +0800] "GET /xingrg/kc/buy/cgsh_order_operate.html?command=get_materiel&rest_code=00150&code=00101019150&supplier_code=00100337&order_time=2023-10-08 HTTP/1.1" 200 435
124.78.69.58 - - [08/Oct/2023:11:07:39 +0800] "GET /xingrg/all/function/internal_message.html?_=1696733877918&CODE_STATE=getMsg HTTP/1.1" 200 27
218.81.72.90 - - [08/Oct/2023:11:07:41 +0800] "GET /xingrg/kc/buy/cgsh_order_operate.html?command=get_materiel&rest_code=00148&code=00101008131&supplier_code=00100008&order_time=2023-10-08 HTTP/1.1" 200 409
222.70.180.200 - - [08/Oct/2023:11:07:43 +0800] "GET /xingrg/all/function/internal_message.html?_=1696734461103&CODE_STATE=getMsg HTTP/1.1" 200 27
114.95.241.104 - - [08/Oct/2023:11:07:45 +0800] "POST /xingrg/kc/buy/cgsh_order_operate.html HTTP/1.1" 200 37
101.228.187.155 - - [08/Oct/2023:11:07:46 +0800] "GET /xingrg/all/function/internal_message.html?_=1696734465636&CODE_STATE=getMsg HTTP/1.1" 200 27
222.70.180.200 - - [08/Oct/2023:11:07:46 +0800] "GET /xingrg/kc/buy/cgsh_order_operate.html?command=get_materiel&rest_code=00111&code=00101010737&supplier_code=&order_time=2023-10-08 HTTP/1.1" 200 433
114.95.241.104 - - [08/Oct/2023:11:07:51 +0800] "POST /xingrg/kc/buy/cgsh_order_operate.html HTTP/1.1" 200 12
218.81.72.90 - - [08/Oct/2023:11:07:52 +0800] "GET /xingrg/all/function/internal_message.html?_=1696734471820&CODE_STATE=getMsg HTTP/1.1" 200 27
218.81.72.90 - - [08/Oct/2023:11:07:52 +0800] "GET /xingrg/kc/buy/cgsh_order_operate.html?command=get_materiel&rest_code=00148&code=00101008352&supplier_code=00100008&order_time=2023-10-08 HTTP/1.1" 200 412
114.95.241.104 - - [08/Oct/2023:11:07:53 +0800] "GET /xingrg/kc/buy/cgsh_order_info.html?code=212023100802529 HTTP/1.1" 200 67485
114.95.241.104 - - [08/Oct/2023:11:07:54 +0800] "GET /xingrg/javascript/easyui/themes/default/validatebox.css HTTP/1.1" 404 1104
114.95.241.104 - - [08/Oct/2023:11:07:55 +0800] "POST /xingrg/kc/buy/cgsh_order_operate.html HTTP/1.1" 200 624
114.95.241.104 - - [08/Oct/2023:11:07:56 +0800] "GET /xingrg/kc/print/load_data.html?order_code=212023100802529&kc_code=cgsh&condition= HTTP/1.1" 200 722
114.95.241.104 - - [08/Oct/2023:11:08:01 +0800] "GET /xingrg/kc/buy/cgsh_order_add.html HTTP/1.1" 200 72574
114.95.241.104 - - [08/Oct/2023:11:08:01 +0800] "POST /xingrg/kc/buy/cgsh_order_operate.html HTTP/1.1" 200 8245
114.95.241.104 - - [08/Oct/2023:11:08:02 +0800] "GET /xingrg/javascript/easyui/themes/default/validatebox.css HTTP/1.1" 404 1104
222.70.169.61 - - [08/Oct/2023:11:08:03 +0800] "GET /xingrg/check_reg.html?_=1696734508772 HTTP/1.1" 200 22
124.79.244.25 - - [08/Oct/2023:11:08:03 +0800] "GET /xingrg/all/function/internal_message.html?_=1696734785511&CODE_STATE=getMsg HTTP/1.1" 200 27
222.70.169.61 - - [08/Oct/2023:11:08:04 +0800] "GET /xingrg/all/function/internal_message.html?_=1696734509889&CODE_STATE=getMsg HTTP/1.1" 200 27
180.152.241.196 - - [08/Oct/2023:11:08:05 +0800] "GET /xingrg/all/function/internal_message.html?_=1696734487035&CODE_STATE=getMsg HTTP/1.1" 200 27
222.70.107.161 - - [08/Oct/2023:11:08:07 +0800] "GET /xingrg/all/function/internal_message.html?_=1696734487977&CODE_STATE=getMsg HTTP/1.1" 200 27
124.78.155.92 - - [08/Oct/2023:11:08:08 +0800] "GET /xingrg/all/function/internal_message.html?_=1696734478449&CODE_STATE=getMsg HTTP/1.1" 200 27
218.81.72.90 - - [08/Oct/2023:11:08:09 +0800] "GET /xingrg/kc/buy/cgsh_order_operate.html?command=get_materiel&rest_code=00148&code=00101008353&supplier_code=00100008&order_time=2023-10-08 HTTP/1.1" 200 408
114.95.241.104 - - [08/Oct/2023:11:08:12 +0800] "GET /xingrg/kc/buy/cgsh_order_operate.html?command=get_materiel&rest_code=00150&code=00101019944&supplier_code=00100505&order_time=2023-10-08 HTTP/1.1" 200 417
222.70.180.200 - - [08/Oct/2023:11:08:13 +0800] "GET /xingrg/kc/base/wldb_order_list.html HTTP/1.1" 200 19174
222.70.180.200 - - [08/Oct/2023:11:08:14 +0800] "POST /xingrg/kc/base/wldb_list_operate.html HTTP/1.1" 200 1767
218.81.72.90 - - [08/Oct/2023:11:08:15 +0800] "POST /xingrg/kc/buy/cgsh_order_operate.html HTTP/1.1" 200 2065
218.81.72.90 - - [08/Oct/2023:11:08:16 +0800] "GET /xingrg/all/function/internal_message.html?_=1696734496136&CODE_STATE=getMsg HTTP/1.1" 200 27
222.70.180.200 - - [08/Oct/2023:11:08:16 +0800] "POST /xingrg/kc/buy/cgsh_list_operate.html HTTP/1.1" 200 1869
222.70.180.200 - - [08/Oct/2023:11:08:17 +0800] "GET /xingrg/kc/base/wldb_order_add.html HTTP/1.1" 200 30453
222.70.180.200 - - [08/Oct/2023:11:08:17 +0800] "POST /xingrg/kc/base/wldb_order_operate.html HTTP/1.1" 200 6806
222.70.180.200 - - [08/Oct/2023:11:08:18 +0800] "GET /xingrg/javascript/easyui/themes/default/validatebox.css HTTP/1.1" 404 1104
114.95.241.104 - - [08/Oct/2023:11:08:20 +0800] "GET /xingrg/check_reg.html?_=1696734498477 HTTP/1.1" 200 22
114.95.241.104 - - [08/Oct/2023:11:08:20 +0800] "GET /xingrg/all/function/internal_message.html?_=1696734498479&CODE_STATE=getMsg HTTP/1.1" 200 27
114.83.218.82 - - [08/Oct/2023:11:08:20 +0800] "GET /xingrg/all/function/internal_message.html?_=1696734500968&CODE_STATE=getMsg HTTP/1.1" 200 27
114.95.241.104 - - [08/Oct/2023:11:08:20 +0800] "GET /xingrg/all/function/internal_message.html?_=1696734498881&CODE_STATE=getMsg HTTP/1.1" 200 27
114.95.241.104 - - [08/Oct/2023:11:08:20 +0800] "GET /xingrg/check_reg.html?_=1696734498885 HTTP/1.1" 200 22
114.95.241.104 - - [08/Oct/2023:11:08:22 +0800] "POST /xingrg/kc/buy/cgsh_order_operate.html HTTP/1.1" 200 37
114.95.241.104 - - [08/Oct/2023:11:08:24 +0800] "GET /xingrg/all/function/internal_message.html?_=1696734504112&CODE_STATE=getMsg HTTP/1.1" 200 27
101.83.145.37 - - [08/Oct/2023:11:08:25 +0800] "GET /xingrg/all/function/internal_message.html?_=1696734507247&CODE_STATE=getMsg HTTP/1.1" 200 27
124.78.155.92 - - [08/Oct/2023:11:08:27 +0800] "GET /xingrg/check_reg.html?_=1696734507357 HTTP/1.1" 200 22
124.78.155.92 - - [08/Oct/2023:11:08:27 +0800] "GET /xingrg/all/function/internal_message.html?_=1696734507360&CODE_STATE=getMsg HTTP/1.1" 200 27
116.230.110.33 - - [08/Oct/2023:11:08:27 +0800] "GET /xingrg/all/function/internal_message.html?_=1696734363987&CODE_STATE=getMsg HTTP/1.1" 200 27
114.95.241.104 - - [08/Oct/2023:11:08:29 +0800] "POST /xingrg/kc/buy/cgsh_order_operate.html HTTP/1.1" 200 12
124.78.155.92 - - [08/Oct/2023:11:08:29 +0800] "GET /xingrg/all/function/internal_message.html?_=1696734510100&CODE_STATE=getMsg HTTP/1.1" 200 27
114.95.241.104 - - [08/Oct/2023:11:08:30 +0800] "GET /xingrg/kc/buy/cgsh_order_info.html?code=212023100802530 HTTP/1.1" 200 67485
114.95.241.104 - - [08/Oct/2023:11:08:31 +0800] "GET /xingrg/javascript/easyui/themes/default/validatebox.css HTTP/1.1" 404 1104
114.83.221.181 - - [08/Oct/2023:11:08:33 +0800] "GET /xingrg/all/function/internal_message.html?_=1696734514355&CODE_STATE=getMsg HTTP/1.1" 200 27
120.253.135.82 - - [08/Oct/2023:11:08:33 +0800] "GET /xingrg/all/function/internal_message.html?_=1696734316322&CODE_STATE=getMsg HTTP/1.1" 200 27
222.70.180.200 - - [08/Oct/2023:11:08:33 +0800] "GET /xingrg/check_reg.html?_=1696734511820 HTTP/1.1" 200 22
222.70.180.200 - - [08/Oct/2023:11:08:33 +0800] "GET /xingrg/all/function/internal_message.html?_=1696734511810&CODE_STATE=getMsg HTTP/1.1" 200 27
180.165.48.189 - - [08/Oct/2023:11:08:36 +0800] "GET /xingrg/all/function/internal_message.html?_=1696734516874&CODE_STATE=getMsg HTTP/1.1" 200 27
114.83.218.82 - - [08/Oct/2023:11:08:37 +0800] "POST /xingrg/kc/buy/cgsh_order_operate.html HTTP/1.1" 200 37
114.95.241.104 - - [08/Oct/2023:11:08:37 +0800] "POST /xingrg/kc/buy/cgsh_order_operate.html HTTP/1.1" 200 610
218.81.72.90 - - [08/Oct/2023:11:08:38 +0800] "GET /xingrg/kc/buy/cgsh_order_operate.html?command=get_materiel&rest_code=00148&code=00101008101&supplier_code=00100008&order_time=2023-10-08 HTTP/1.1" 200 412
180.165.48.189 - - [08/Oct/2023:11:08:38 +0800] "GET /xingrg/check_reg.html?_=1696734518650 HTTP/1.1" 200 22
114.95.241.104 - - [08/Oct/2023:11:08:39 +0800] "GET /xingrg/kc/print/load_data.html?order_code=212023100802530&kc_code=cgsh&condition= HTTP/1.1" 200 698
124.78.69.58 - - [08/Oct/2023:11:08:39 +0800] "GET /xingrg/all/function/internal_message.html?_=1696733937890&CODE_STATE=getMsg HTTP/1.1" 200 27
222.70.180.200 - - [08/Oct/2023:11:08:43 +0800] "GET /xingrg/all/function/internal_message.html?_=1696734521107&CODE_STATE=getMsg HTTP/1.1" 200 27
114.95.241.104 - - [08/Oct/2023:11:08:44 +0800] "GET /xingrg/kc/buy/cgsh_order_add.html HTTP/1.1" 200 72574
114.83.218.82 - - [08/Oct/2023:11:08:44 +0800] "POST /xingrg/kc/buy/cgsh_order_operate.html HTTP/1.1" 200 12
114.95.241.104 - - [08/Oct/2023:11:08:44 +0800] "POST /xingrg/kc/buy/cgsh_order_operate.html HTTP/1.1" 200 8245
114.95.241.104 - - [08/Oct/2023:11:08:44 +0800] "GET /xingrg/javascript/easyui/themes/default/validatebox.css HTTP/1.1" 404 1104
101.228.187.155 - - [08/Oct/2023:11:08:46 +0800] "GET /xingrg/all/function/internal_message.html?_=1696734525636&CODE_STATE=getMsg HTTP/1.1" 200 27
114.83.218.82 - - [08/Oct/2023:11:08:46 +0800] "GET /xingrg/kc/buy/cgsh_order_info.html?code=212023100802531 HTTP/1.1" 200 67531
114.83.218.82 - - [08/Oct/2023:11:08:47 +0800] "GET /xingrg/javascript/easyui/themes/default/validatebox.css HTTP/1.1" 404 1104
114.83.218.82 - - [08/Oct/2023:11:08:48 +0800] "POST /xingrg/kc/buy/cgsh_order_operate.html HTTP/1.1" 200 1213
218.81.72.90 - - [08/Oct/2023:11:08:52 +0800] "GET /xingrg/all/function/internal_message.html?_=1696734531820&CODE_STATE=getMsg HTTP/1.1" 200 27
114.83.218.82 - - [08/Oct/2023:11:08:53 +0800] "GET /xingrg/kc/print/load_data.html?order_code=212023100802531&kc_code=cgsh&condition= HTTP/1.1" 200 943
114.95.241.104 - - [08/Oct/2023:11:08:54 +0800] "GET /xingrg/kc/buy/cgsh_order_operate.html?command=get_materiel&rest_code=00150&code=00101012049&supplier_code=00100338&order_time=2023-10-08 HTTP/1.1" 200 430
218.81.72.90 - - [08/Oct/2023:11:08:54 +0800] "GET /xingrg/kc/buy/cgsh_order_operate.html?command=get_materiel&rest_code=00148&code=00101008478&supplier_code=00100008&order_time=2023-10-08 HTTP/1.1" 200 412
114.95.241.104 - - [08/Oct/2023:11:08:54 +0800] "POST /xingrg/all/common/load_select.html HTTP/1.1" 200 25
114.95.241.104 - - [08/Oct/2023:11:08:58 +0800] "GET /xingrg/kc/buy/cgsh_order_operate.html?command=get_materiel_price&rest_code=00150&code=00101012049&unit_code=00100086&supplier_code=00100338&order_time=2023-10-08 HTTP/1.1" 200 29
114.83.218.82 - - [08/Oct/2023:11:08:59 +0800] "GET /xingrg/kc/buy/cgsh_order_add.html HTTP/1.1" 200 72618
114.83.218.82 - - [08/Oct/2023:11:09:00 +0800] "POST /xingrg/kc/buy/cgsh_order_operate.html HTTP/1.1" 200 8245
114.83.218.82 - - [08/Oct/2023:11:09:00 +0800] "GET /xingrg/javascript/easyui/themes/default/validatebox.css HTTP/1.1" 404 1104
124.79.244.25 - - [08/Oct/2023:11:09:03 +0800] "GET /xingrg/all/function/internal_message.html?_=1696734845510&CODE_STATE=getMsg HTTP/1.1" 200 27
222.70.169.61 - - [08/Oct/2023:11:09:04 +0800] "GET /xingrg/all/function/internal_message.html?_=1696734569903&CODE_STATE=getMsg HTTP/1.1" 200 27
180.152.241.196 - - [08/Oct/2023:11:09:05 +0800] "GET /xingrg/all/function/internal_message.html?_=1696734547040&CODE_STATE=getMsg HTTP/1.1" 200 27
222.70.107.161 - - [08/Oct/2023:11:09:07 +0800] "GET /xingrg/all/function/internal_message.html?_=1696734547980&CODE_STATE=getMsg HTTP/1.1" 200 27
222.70.107.161 - - [08/Oct/2023:11:09:07 +0800] "GET /xingrg/check_reg.html?_=1696734547980 HTTP/1.1" 200 22
180.163.30.27 - - [08/Oct/2023:11:09:08 +0800] "GET /xingrg/all/function/internal_message.html?_=1696734478449&CODE_STATE=getMsg HTTP/1.1" 302 -
180.163.30.27 - - [08/Oct/2023:11:09:08 +0800] "GET /xingrg/login.html HTTP/1.1" 200 7641
124.78.155.92 - - [08/Oct/2023:11:09:08 +0800] "GET /xingrg/all/function/internal_message.html?_=1696734538420&CODE_STATE=getMsg HTTP/1.1" 200 27
114.95.241.104 - - [08/Oct/2023:11:09:09 +0800] "POST /xingrg/kc/buy/cgsh_order_operate.html HTTP/1.1" 200 37
114.83.218.82 - - [08/Oct/2023:11:09:13 +0800] "GET /xingrg/kc/buy/cgsh_order_operate.html?command=get_materiel&rest_code=00149&code=00101004104&supplier_code=00100090&order_time=2023-10-08 HTTP/1.1" 200 408
218.81.72.90 - - [08/Oct/2023:11:09:14 +0800] "POST /xingrg/kc/buy/cgsh_order_operate.html HTTP/1.1" 200 88
114.95.241.104 - - [08/Oct/2023:11:09:19 +0800] "POST /xingrg/kc/buy/cgsh_order_operate.html HTTP/1.1" 200 12
114.95.241.104 - - [08/Oct/2023:11:09:20 +0800] "GET /xingrg/all/function/internal_message.html?_=1696734558479&CODE_STATE=getMsg HTTP/1.1" 200 27
114.83.218.82 - - [08/Oct/2023:11:09:20 +0800] "GET /xingrg/all/function/internal_message.html?_=1696734560959&CODE_STATE=getMsg HTTP/1.1" 200 27
114.95.241.104 - - [08/Oct/2023:11:09:20 +0800] "GET /xingrg/all/function/internal_message.html?_=1696734558857&CODE_STATE=getMsg HTTP/1.1" 200 27
114.95.241.104 - - [08/Oct/2023:11:09:21 +0800] "GET /xingrg/kc/buy/cgsh_order_info.html?code=212023100802532 HTTP/1.1" 200 67487
114.95.241.104 - - [08/Oct/2023:11:09:22 +0800] "GET /xingrg/javascript/easyui/themes/default/validatebox.css HTTP/1.1" 404 1104
114.95.241.104 - - [08/Oct/2023:11:09:24 +0800] "GET /xingrg/all/function/internal_message.html?_=1696734564124&CODE_STATE=getMsg HTTP/1.1" 200 27
101.83.145.37 - - [08/Oct/2023:11:09:25 +0800] "GET /xingrg/all/function/internal_message.html?_=1696734567219&CODE_STATE=getMsg HTTP/1.1" 200 27
218.81.72.90 - - [08/Oct/2023:11:09:26 +0800] "POST /xingrg/kc/buy/cgsh_order_operate.html HTTP/1.1" 200 37
114.95.241.104 - - [08/Oct/2023:11:09:26 +0800] "POST /xingrg/kc/buy/cgsh_order_operate.html HTTP/1.1" 200 618
