180.152.241.196 - - [04/Oct/2023:09:00:52 +0800] "GET /xingrg/kc/buy/cgsh_order_operate.html?command=get_materiel&rest_code=00102&code=00101008352&supplier_code=00100008&order_time=2023-10-04 HTTP/1.1" 200 412
222.70.180.200 - - [04/Oct/2023:09:00:55 +0800] "GET /xingrg/kc/buy/cgsh_order_operate.html?command=get_materiel&rest_code=00111&code=00101009160&supplier_code=00100037&order_time=2023-10-04 HTTP/1.1" 200 415
124.78.155.92 - - [04/Oct/2023:09:01:02 +0800] "GET /xingrg/all/function/internal_message.html?_=1696381255702&CODE_STATE=getMsg HTTP/1.1" 200 27
180.152.241.196 - - [04/Oct/2023:09:01:03 +0800] "GET /xingrg/kc/buy/cgsh_order_operate.html?command=get_materiel&rest_code=00102&code=00101008098&supplier_code=00100008&order_time=2023-10-04 HTTP/1.1" 200 414
124.78.69.58 - - [04/Oct/2023:09:01:05 +0800] "GET /xingrg/all/function/internal_message.html?_=1696380688288&CODE_STATE=getMsg HTTP/1.1" 200 27
101.83.145.37 - - [04/Oct/2023:09:01:06 +0800] "GET /xingrg/kc/buy/cgsh_order_list.html HTTP/1.1" 200 56748
180.152.241.196 - - [04/Oct/2023:09:01:11 +0800] "GET /xingrg/kc/buy/cgsh_order_operate.html?command=get_materiel&rest_code=00102&code=00101008005&supplier_code=00100008&order_time=2023-10-04 HTTP/1.1" 200 412
101.83.145.37 - - [04/Oct/2023:09:01:12 +0800] "POST /xingrg/kc/buy/cgsh_list_operate.html HTTP/1.1" 200 2282
180.152.241.196 - - [04/Oct/2023:09:01:18 +0800] "GET /xingrg/all/function/internal_message.html?_=1696381278555&CODE_STATE=getMsg HTTP/1.1" 200 27
180.152.241.196 - - [04/Oct/2023:09:01:19 +0800] "GET /xingrg/kc/buy/cgsh_order_operate.html?command=get_materiel&rest_code=00102&code=00101008353&supplier_code=00100008&order_time=2023-10-04 HTTP/1.1" 200 408
180.152.241.196 - - [04/Oct/2023:09:01:22 +0800] "POST /xingrg/kc/buy/cgsh_order_operate.html HTTP/1.1" 200 2065
114.95.241.104 - - [04/Oct/2023:09:01:22 +0800] "GET /xingrg/all/function/internal_message.html?_=1696381281636&CODE_STATE=getMsg HTTP/1.1" 200 27
222.70.180.200 - - [04/Oct/2023:09:01:22 +0800] "GET /xingrg/kc/buy/cgsh_order_operate.html?command=get_materiel&rest_code=00111&code=00101009063&supplier_code=00100037&order_time=2023-10-04 HTTP/1.1" 200 410
222.70.180.200 - - [04/Oct/2023:09:01:24 +0800] "GET /xingrg/all/function/internal_message.html?_=1696381283992&CODE_STATE=getMsg HTTP/1.1" 200 27
101.83.145.37 - - [04/Oct/2023:09:01:25 +0800] "POST /xingrg/kc/buy/cgsh_list_operate.html HTTP/1.1" 200 567
180.152.241.196 - - [04/Oct/2023:09:01:29 +0800] "GET /xingrg/kc/buy/cgsh_order_operate.html?command=get_materiel&rest_code=00102&code=00101008359&supplier_code=00100008&order_time=2023-10-04 HTTP/1.1" 200 408
101.83.145.37 - - [04/Oct/2023:09:01:31 +0800] "GET /xingrg/all/function/internal_message.html?_=1696381293023&CODE_STATE=getMsg HTTP/1.1" 200 27
101.83.145.37 - - [04/Oct/2023:09:01:33 +0800] "GET /xingrg/kc/buy/cgsh_order_info.html?code=212023100401030 HTTP/1.1" 200 72621
101.83.145.37 - - [04/Oct/2023:09:01:33 +0800] "GET /xingrg/javascript/easyui/themes/default/validatebox.css HTTP/1.1" 404 1104
180.163.30.27 - - [04/Oct/2023:09:01:34 +0800] "GET /xingrg/all/function/internal_message.html?_=1696381234432&CODE_STATE=getMsg HTTP/1.1" 302 -
180.163.30.27 - - [04/Oct/2023:09:01:34 +0800] "GET /xingrg/login.html HTTP/1.1" 200 7641
180.169.147.146 - - [04/Oct/2023:09:01:34 +0800] "GET /xingrg/all/function/internal_message.html?_=1696381294433&CODE_STATE=getMsg HTTP/1.1" 200 27
180.169.147.146 - - [04/Oct/2023:09:01:34 +0800] "GET /xingrg/check_reg.html?_=1696381294441 HTTP/1.1" 200 22
101.83.145.37 - - [04/Oct/2023:09:01:34 +0800] "POST /xingrg/kc/buy/cgsh_order_operate.html HTTP/1.1" 200 11522
114.95.241.104 - - [04/Oct/2023:09:01:35 +0800] "GET /xingrg/all/function/internal_message.html?_=1696381293326&CODE_STATE=getMsg HTTP/1.1" 200 27
180.169.147.146 - - [04/Oct/2023:09:01:36 +0800] "GET /xingrg/all/function/internal_message.html?_=1696381295919&CODE_STATE=getMsg HTTP/1.1" 302 -
222.70.180.200 - - [04/Oct/2023:09:01:37 +0800] "GET /xingrg/all/function/internal_message.html?_=1696381296370&CODE_STATE=getMsg HTTP/1.1" 200 27
222.70.180.200 - - [04/Oct/2023:09:01:37 +0800] "GET /xingrg/check_reg.html?_=1696381296373 HTTP/1.1" 200 22
222.70.180.200 - - [04/Oct/2023:09:01:37 +0800] "GET /xingrg/all/function/internal_message.html?_=1696381586639&CODE_STATE=getMsg HTTP/1.1" 200 27
101.228.187.155 - - [04/Oct/2023:09:01:38 +0800] "GET /xingrg/all/function/internal_message.html?_=1696381296226&CODE_STATE=getMsg HTTP/1.1" 200 27
180.152.241.196 - - [04/Oct/2023:09:01:39 +0800] "GET /xingrg/kc/buy/cgsh_order_operate.html?command=get_materiel&rest_code=00102&code=00101008291&supplier_code=00100008&order_time=2023-10-04 HTTP/1.1" 200 408
59.56.12.79 - - [04/Oct/2023:09:01:42 +0800] "GET /xingrg/check_reg.html?_=1696381301711 HTTP/1.1" 200 22
120.253.135.82 - - [04/Oct/2023:09:01:45 +0800] "GET /xingrg/all/function/internal_message.html?_=1696381447325&CODE_STATE=getMsg HTTP/1.1" 200 27
59.56.12.79 - - [04/Oct/2023:09:01:46 +0800] "GET /xingrg/all/function/internal_message.html?_=1696381306129&CODE_STATE=getMsg HTTP/1.1" 200 27
101.83.145.37 - - [04/Oct/2023:09:01:47 +0800] "POST /xingrg/kc/buy/cgsh_order_operate.html HTTP/1.1" 200 2065
101.83.145.37 - - [04/Oct/2023:09:01:48 +0800] "POST /xingrg/kc/buy/cgsh_order_operate.html HTTP/1.1" 200 2065
101.83.145.37 - - [04/Oct/2023:09:01:50 +0800] "GET /xingrg/all/function/internal_message.html?_=1696381092050&CODE_STATE=getMsg HTTP/1.1" 200 27
101.83.145.37 - - [04/Oct/2023:09:01:50 +0800] "GET /xingrg/check_reg.html?_=1696381092051 HTTP/1.1" 200 22
124.78.155.92 - - [04/Oct/2023:09:01:53 +0800] "POST /xingrg/kc/buy/cgsh_order_operate.html HTTP/1.1" 200 37
180.152.241.196 - - [04/Oct/2023:09:01:55 +0800] "GET /xingrg/kc/buy/cgsh_order_operate.html?command=get_materiel&rest_code=00102&code=00101013222&supplier_code=00100008&order_time=2023-10-04 HTTP/1.1" 200 409
222.70.180.200 - - [04/Oct/2023:09:02:01 +0800] "GET /xingrg/kc/buy/cgsh_order_operate.html?command=get_materiel&rest_code=00111&code=00101008041&supplier_code=00100037&order_time=2023-10-04 HTTP/1.1" 200 408
124.78.155.92 - - [04/Oct/2023:09:02:01 +0800] "POST /xingrg/kc/buy/cgsh_order_operate.html HTTP/1.1" 200 20433
124.78.155.92 - - [04/Oct/2023:09:02:02 +0800] "GET /xingrg/all/function/internal_message.html?_=1696381315672&CODE_STATE=getMsg HTTP/1.1" 200 27
180.152.241.196 - - [04/Oct/2023:09:02:05 +0800] "GET /xingrg/kc/buy/cgsh_order_operate.html?command=get_materiel&rest_code=00102&code=00101008101&supplier_code=00100008&order_time=2023-10-04 HTTP/1.1" 200 412
124.78.69.58 - - [04/Oct/2023:09:02:05 +0800] "GET /xingrg/all/function/internal_message.html?_=1696380748270&CODE_STATE=getMsg HTTP/1.1" 200 27
180.152.241.196 - - [04/Oct/2023:09:02:18 +0800] "GET /xingrg/all/function/internal_message.html?_=1696381338552&CODE_STATE=getMsg HTTP/1.1" 200 27
114.95.241.104 - - [04/Oct/2023:09:02:22 +0800] "GET /xingrg/all/function/internal_message.html?_=1696381341654&CODE_STATE=getMsg HTTP/1.1" 200 27
222.70.180.200 - - [04/Oct/2023:09:02:24 +0800] "GET /xingrg/all/function/internal_message.html?_=1696381343960&CODE_STATE=getMsg HTTP/1.1" 200 27
101.83.145.37 - - [04/Oct/2023:09:02:26 +0800] "GET /xingrg/kc/buy/cgsh_order_operate.html?command=get_materiel&rest_code=00105&code=00101008244&supplier_code=00100005&order_time=2023-10-04 HTTP/1.1" 200 23
180.152.241.196 - - [04/Oct/2023:09:02:31 +0800] "POST /xingrg/kc/buy/cgsh_order_operate.html HTTP/1.1" 200 37
114.95.241.104 - - [04/Oct/2023:09:02:31 +0800] "POST /xingrg/kc/buy/cgsh_order_operate.html HTTP/1.1" 200 64
101.83.145.37 - - [04/Oct/2023:09:02:31 +0800] "GET /xingrg/all/function/internal_message.html?_=1696381353054&CODE_STATE=getMsg HTTP/1.1" 200 27
222.70.180.200 - - [04/Oct/2023:09:02:33 +0800] "GET /xingrg/kc/buy/cgsh_order_operate.html?command=get_materiel&rest_code=00111&code=00101015026&supplier_code=00100037&order_time=2023-10-04 HTTP/1.1" 200 412
124.78.155.92 - - [04/Oct/2023:09:02:33 +0800] "GET /xingrg/kc/buy/cgsh_order_operate.html?command=get_materiel&rest_code=00106&code=00101008219&supplier_code=00100007&order_time=2023-10-04 HTTP/1.1" 200 412
180.152.241.196 - - [04/Oct/2023:09:02:33 +0800] "POST /xingrg/kc/buy/cgsh_order_operate.html HTTP/1.1" 200 21576
180.169.147.146 - - [04/Oct/2023:09:02:34 +0800] "GET /xingrg/all/function/internal_message.html?_=1696381354441&CODE_STATE=getMsg HTTP/1.1" 200 27
114.95.241.104 - - [04/Oct/2023:09:02:35 +0800] "GET /xingrg/all/function/internal_message.html?_=1696381353340&CODE_STATE=getMsg HTTP/1.1" 200 27
101.83.145.37 - - [04/Oct/2023:09:02:35 +0800] "GET /xingrg/kc/buy/cgsh_order_operate.html?command=get_materiel&rest_code=00105&code=00101008703&supplier_code=00100005&order_time=2023-10-04 HTTP/1.1" 200 413
180.169.147.146 - - [04/Oct/2023:09:02:36 +0800] "GET /xingrg/all/function/internal_message.html?_=1696381355925&CODE_STATE=getMsg HTTP/1.1" 302 -
180.169.147.146 - - [04/Oct/2023:09:02:36 +0800] "GET /xingrg/check_reg.html?_=1696381355928 HTTP/1.1" 302 -
222.70.180.200 - - [04/Oct/2023:09:02:37 +0800] "GET /xingrg/all/function/internal_message.html?_=1696381356372&CODE_STATE=getMsg HTTP/1.1" 200 27
222.70.180.200 - - [04/Oct/2023:09:02:37 +0800] "GET /xingrg/all/function/internal_message.html?_=1696381646629&CODE_STATE=getMsg HTTP/1.1" 200 27
101.228.187.155 - - [04/Oct/2023:09:02:38 +0800] "GET /xingrg/all/function/internal_message.html?_=1696381356222&CODE_STATE=getMsg HTTP/1.1" 200 27
114.95.241.104 - - [04/Oct/2023:09:02:39 +0800] "POST /xingrg/kc/buy/cgsh_order_operate.html HTTP/1.1" 200 37
114.95.241.104 - - [04/Oct/2023:09:02:42 +0800] "POST /xingrg/kc/buy/cgsh_order_operate.html HTTP/1.1" 200 10383
120.253.135.82 - - [04/Oct/2023:09:02:45 +0800] "GET /xingrg/all/function/internal_message.html?_=1696381507331&CODE_STATE=getMsg HTTP/1.1" 200 27
180.152.241.196 - - [04/Oct/2023:09:02:46 +0800] "POST /xingrg/kc/buy/cgsh_list_operate.html HTTP/1.1" 200 2263
59.56.12.79 - - [04/Oct/2023:09:02:46 +0800] "GET /xingrg/all/function/internal_message.html?_=1696381366099&CODE_STATE=getMsg HTTP/1.1" 200 27
114.95.241.104 - - [04/Oct/2023:09:02:49 +0800] "POST /xingrg/kc/buy/cgsh_order_operate.html HTTP/1.1" 200 37
101.83.145.37 - - [04/Oct/2023:09:02:50 +0800] "GET /xingrg/all/function/internal_message.html?_=1696381152049&CODE_STATE=getMsg HTTP/1.1" 200 27
222.70.180.200 - - [04/Oct/2023:09:02:50 +0800] "GET /xingrg/check_reg.html?_=1696381659973 HTTP/1.1" 200 22
114.95.241.104 - - [04/Oct/2023:09:02:56 +0800] "POST /xingrg/kc/buy/cgsh_order_operate.html HTTP/1.1" 200 12
114.95.241.104 - - [04/Oct/2023:09:02:58 +0800] "GET /xingrg/kc/buy/cgsh_order_info.html?code=212023100401035 HTTP/1.1" 200 67473
114.95.241.104 - - [04/Oct/2023:09:02:58 +0800] "GET /xingrg/javascript/easyui/themes/default/validatebox.css HTTP/1.1" 404 1104
124.78.155.92 - - [04/Oct/2023:09:02:59 +0800] "POST /xingrg/kc/buy/cgsh_order_operate.html HTTP/1.1" 200 37
114.95.241.104 - - [04/Oct/2023:09:02:59 +0800] "POST /xingrg/kc/buy/cgsh_order_operate.html HTTP/1.1" 200 8327
114.95.241.104 - - [04/Oct/2023:09:03:01 +0800] "GET /xingrg/kc/print/load_data.html?order_code=212023100401035&kc_code=cgsh&condition= HTTP/1.1" 200 3612
101.83.145.37 - - [04/Oct/2023:09:03:04 +0800] "GET /xingrg/kc/buy/cgsh_order_operate.html?command=get_materiel&rest_code=00105&code=00101008351&supplier_code=00100005&order_time=2023-10-04 HTTP/1.1" 200 408
124.78.69.58 - - [04/Oct/2023:09:03:05 +0800] "GET /xingrg/all/function/internal_message.html?_=1696380808238&CODE_STATE=getMsg HTTP/1.1" 200 27
114.95.241.104 - - [04/Oct/2023:09:03:07 +0800] "GET /xingrg/kc/buy/cgsh_order_add.html HTTP/1.1" 200 72574
114.95.241.104 - - [04/Oct/2023:09:03:08 +0800] "POST /xingrg/kc/buy/cgsh_order_operate.html HTTP/1.1" 200 8245
114.95.241.104 - - [04/Oct/2023:09:03:08 +0800] "GET /xingrg/javascript/easyui/themes/default/validatebox.css HTTP/1.1" 404 1104
222.70.180.200 - - [04/Oct/2023:09:03:11 +0800] "GET /xingrg/kc/buy/cgsh_order_operate.html?command=get_materiel&rest_code=00111&code=00101019435&supplier_code=00100037&order_time=2023-10-04 HTTP/1.1" 200 417
101.83.145.37 - - [04/Oct/2023:09:03:15 +0800] "GET /xingrg/kc/buy/cgsh_order_operate.html?command=get_materiel&rest_code=00105&code=00101008186&supplier_code=00100005&order_time=2023-10-04 HTTP/1.1" 200 408
180.152.241.196 - - [04/Oct/2023:09:03:18 +0800] "GET /xingrg/all/function/internal_message.html?_=1696381398551&CODE_STATE=getMsg HTTP/1.1" 200 27
114.95.241.104 - - [04/Oct/2023:09:03:22 +0800] "GET /xingrg/check_reg.html?_=1696381401642 HTTP/1.1" 200 22
114.95.241.104 - - [04/Oct/2023:09:03:22 +0800] "GET /xingrg/all/function/internal_message.html?_=1696381401648&CODE_STATE=getMsg HTTP/1.1" 200 27
222.70.180.200 - - [04/Oct/2023:09:03:24 +0800] "GET /xingrg/all/function/internal_message.html?_=1696381403933&CODE_STATE=getMsg HTTP/1.1" 200 27
124.78.69.58 - - [04/Oct/2023:09:03:29 +0800] "GET /xingrg/check_reg.html?_=1696380832122 HTTP/1.1" 200 22
101.83.145.37 - - [04/Oct/2023:09:03:31 +0800] "GET /xingrg/all/function/internal_message.html?_=1696381413081&CODE_STATE=getMsg HTTP/1.1" 200 27
101.83.145.37 - - [04/Oct/2023:09:03:31 +0800] "GET /xingrg/check_reg.html?_=1696381413082 HTTP/1.1" 200 22
180.169.147.146 - - [04/Oct/2023:09:03:34 +0800] "GET /xingrg/all/function/internal_message.html?_=1696381414444&CODE_STATE=getMsg HTTP/1.1" 200 27
114.95.241.104 - - [04/Oct/2023:09:03:35 +0800] "GET /xingrg/kc/buy/cgsh_order_operate.html?command=get_materiel&rest_code=00150&code=00101008256&supplier_code=00100008&order_time=2023-10-04 HTTP/1.1" 200 413
114.95.241.104 - - [04/Oct/2023:09:03:35 +0800] "GET /xingrg/check_reg.html?_=1696381413334 HTTP/1.1" 200 22
114.95.241.104 - - [04/Oct/2023:09:03:35 +0800] "GET /xingrg/all/function/internal_message.html?_=1696381413337&CODE_STATE=getMsg HTTP/1.1" 200 27
180.169.147.146 - - [04/Oct/2023:09:03:36 +0800] "GET /xingrg/all/function/internal_message.html?_=1696381415936&CODE_STATE=getMsg HTTP/1.1" 302 -
222.70.180.200 - - [04/Oct/2023:09:03:37 +0800] "GET /xingrg/all/function/internal_message.html?_=1696381416372&CODE_STATE=getMsg HTTP/1.1" 200 27
222.70.180.200 - - [04/Oct/2023:09:03:37 +0800] "GET /xingrg/all/function/internal_message.html?_=1696381706610&CODE_STATE=getMsg HTTP/1.1" 200 27
101.228.187.155 - - [04/Oct/2023:09:03:38 +0800] "GET /xingrg/check_reg.html?_=1696381416222 HTTP/1.1" 200 22
101.228.187.155 - - [04/Oct/2023:09:03:38 +0800] "GET /xingrg/all/function/internal_message.html?_=1696381416224&CODE_STATE=getMsg HTTP/1.1" 200 27
120.253.135.82 - - [04/Oct/2023:09:03:45 +0800] "GET /xingrg/all/function/internal_message.html?_=1696381567335&CODE_STATE=getMsg HTTP/1.1" 200 27
120.253.135.82 - - [04/Oct/2023:09:03:45 +0800] "GET /xingrg/check_reg.html?_=1696381567336 HTTP/1.1" 200 22
59.56.12.79 - - [04/Oct/2023:09:03:46 +0800] "GET /xingrg/all/function/internal_message.html?_=1696381426080&CODE_STATE=getMsg HTTP/1.1" 200 27
101.83.145.37 - - [04/Oct/2023:09:03:47 +0800] "GET /xingrg/kc/buy/cgsh_order_operate.html?command=get_materiel&rest_code=00105&code=00101008038&supplier_code=00100005&order_time=2023-10-04 HTTP/1.1" 200 412
114.95.241.104 - - [04/Oct/2023:09:03:50 +0800] "GET /xingrg/kc/buy/cgsh_order_operate.html?command=get_materiel&rest_code=00150&code=00101008027&supplier_code=00100008&order_time=2023-10-04 HTTP/1.1" 200 409
101.83.145.37 - - [04/Oct/2023:09:03:50 +0800] "GET /xingrg/all/function/internal_message.html?_=1696381212048&CODE_STATE=getMsg HTTP/1.1" 200 27
222.70.180.200 - - [04/Oct/2023:09:03:55 +0800] "GET /xingrg/kc/buy/cgsh_order_operate.html?command=get_materiel&rest_code=00111&code=00101020218&supplier_code=00100037&order_time=2023-10-04 HTTP/1.1" 200 440
114.95.241.104 - - [04/Oct/2023:09:03:58 +0800] "GET /xingrg/kc/buy/cgsh_order_operate.html?command=get_materiel&rest_code=00150&code=00101008337&supplier_code=00100008&order_time=2023-10-04 HTTP/1.1" 200 408
124.78.69.58 - - [04/Oct/2023:09:04:05 +0800] "GET /xingrg/all/function/internal_message.html?_=1696380868209&CODE_STATE=getMsg HTTP/1.1" 200 27
180.152.241.196 - - [04/Oct/2023:09:04:18 +0800] "GET /xingrg/all/function/internal_message.html?_=1696381458542&CODE_STATE=getMsg HTTP/1.1" 200 27
180.152.241.196 - - [04/Oct/2023:09:04:18 +0800] "GET /xingrg/check_reg.html?_=1696381458545 HTTP/1.1" 200 22
114.95.241.104 - - [04/Oct/2023:09:04:22 +0800] "GET /xingrg/all/function/internal_message.html?_=1696381461646&CODE_STATE=getMsg HTTP/1.1" 200 27
222.70.180.200 - - [04/Oct/2023:09:04:24 +0800] "GET /xingrg/all/function/internal_message.html?_=1696381463906&CODE_STATE=getMsg HTTP/1.1" 200 27
101.83.145.37 - - [04/Oct/2023:09:04:28 +0800] "GET /xingrg/kc/buy/cgsh_order_operate.html?command=get_materiel&rest_code=00105&code=00101008283&supplier_code=00100005&order_time=2023-10-04 HTTP/1.1" 200 408
101.83.145.37 - - [04/Oct/2023:09:04:31 +0800] "GET /xingrg/all/function/internal_message.html?_=1696381473078&CODE_STATE=getMsg HTTP/1.1" 200 27
180.169.147.146 - - [04/Oct/2023:09:04:34 +0800] "GET /xingrg/all/function/internal_message.html?_=1696381474442&CODE_STATE=getMsg HTTP/1.1" 200 27
114.95.241.104 - - [04/Oct/2023:09:04:35 +0800] "GET /xingrg/all/function/internal_message.html?_=1696381473339&CODE_STATE=getMsg HTTP/1.1" 200 27
180.169.147.146 - - [04/Oct/2023:09:04:36 +0800] "GET /xingrg/all/function/internal_message.html?_=1696381475923&CODE_STATE=getMsg HTTP/1.1" 302 -
222.70.180.200 - - [04/Oct/2023:09:04:37 +0800] "GET /xingrg/all/function/internal_message.html?_=1696381476371&CODE_STATE=getMsg HTTP/1.1" 200 27
222.70.180.200 - - [04/Oct/2023:09:04:37 +0800] "GET /xingrg/all/function/internal_message.html?_=1696381766591&CODE_STATE=getMsg HTTP/1.1" 200 27
101.228.187.155 - - [04/Oct/2023:09:04:38 +0800] "GET /xingrg/all/function/internal_message.html?_=1696381476224&CODE_STATE=getMsg HTTP/1.1" 200 27
101.83.145.37 - - [04/Oct/2023:09:04:38 +0800] "GET /xingrg/kc/buy/cgsh_order_operate.html?command=get_materiel&rest_code=00105&code=00101008224&supplier_code=00100005&order_time=2023-10-04 HTTP/1.1" 200 416
120.253.135.82 - - [04/Oct/2023:09:04:45 +0800] "GET /xingrg/all/function/internal_message.html?_=1696381627341&CODE_STATE=getMsg HTTP/1.1" 200 27
101.83.145.37 - - [04/Oct/2023:09:04:46 +0800] "GET /xingrg/kc/buy/cgsh_order_operate.html?command=get_materiel&rest_code=00105&code=00101008003&supplier_code=00100005&order_time=2023-10-04 HTTP/1.1" 200 408
59.56.12.79 - - [04/Oct/2023:09:04:46 +0800] "GET /xingrg/all/function/internal_message.html?_=1696381486075&CODE_STATE=getMsg HTTP/1.1" 200 27
120.253.135.82 - - [04/Oct/2023:09:04:48 +0800] "GET /xingrg/kc/pszx/mdps_order_list.html?orderType=0 HTTP/1.1" 200 21108
120.253.135.82 - - [04/Oct/2023:09:04:48 +0800] "POST /xingrg/kc/pszx/mdps_list_operate.html HTTP/1.1" 200 5260
101.83.145.37 - - [04/Oct/2023:09:04:50 +0800] "GET /xingrg/all/function/internal_message.html?_=1696381272049&CODE_STATE=getMsg HTTP/1.1" 200 27
114.95.241.104 - - [04/Oct/2023:09:04:54 +0800] "GET /xingrg/kc/buy/cgsh_order_operate.html?command=get_materiel&rest_code=00150&code=00101008331&supplier_code=00100008&order_time=2023-10-04 HTTP/1.1" 200 416
120.253.135.82 - - [04/Oct/2023:09:04:55 +0800] "POST /xingrg/kc/pszx/mdps_list_operate.html HTTP/1.1" 200 5196
124.79.244.25 - - [04/Oct/2023:09:04:56 +0800] "POST /xingrg/services/DataTransmitService HTTP/1.1" 200 524
120.253.135.82 - - [04/Oct/2023:09:04:58 +0800] "POST /xingrg/kc/pszx/mdps_list_operate.html HTTP/1.1" 200 612
120.253.135.82 - - [04/Oct/2023:09:04:58 +0800] "GET /xingrg/kc/pszx/mdps_order_info.html?code=312023100400094 HTTP/1.1" 200 23976
120.253.135.82 - - [04/Oct/2023:09:04:58 +0800] "GET /xingrg/javascript/easyui/themes/default/validatebox.css HTTP/1.1" 404 1104
120.253.135.82 - - [04/Oct/2023:09:04:59 +0800] "GET /xingrg/all/common/auto_word.html?type=base&rest_code=00101 HTTP/1.1" 200 671
120.253.135.82 - - [04/Oct/2023:09:04:59 +0800] "POST /xingrg/kc/pszx/mdps_order_operate.html HTTP/1.1" 200 4815
101.83.145.37 - - [04/Oct/2023:09:04:59 +0800] "GET /xingrg/kc/buy/cgsh_order_operate.html?command=get_materiel&rest_code=00105&code=00101008356&supplier_code=00100005&order_time=2023-10-04 HTTP/1.1" 200 408
120.253.135.82 - - [04/Oct/2023:09:05:03 +0800] "GET /xingrg/check_reg.html?_=1696381305999 HTTP/1.1" 200 22
114.95.241.104 - - [04/Oct/2023:09:05:03 +0800] "GET /xingrg/kc/buy/cgsh_order_operate.html?command=get_materiel&rest_code=00150&code=00101008612&supplier_code=00100008&order_time=2023-10-04 HTTP/1.1" 200 420
124.78.69.58 - - [04/Oct/2023:09:05:05 +0800] "GET /xingrg/all/function/internal_message.html?_=1696380928184&CODE_STATE=getMsg HTTP/1.1" 200 27
222.70.180.200 - - [04/Oct/2023:09:05:06 +0800] "POST /xingrg/all/common/load_select.html HTTP/1.1" 200 25
114.95.241.104 - - [04/Oct/2023:09:05:13 +0800] "GET /xingrg/kc/buy/cgsh_order_operate.html?command=get_materiel&rest_code=00150&code=00101008478&supplier_code=00100008&order_time=2023-10-04 HTTP/1.1" 200 412
180.152.241.196 - - [04/Oct/2023:09:05:14 +0800] "GET /xingrg/check_reg.html?_=1696381514026 HTTP/1.1" 200 22
124.78.69.58 - - [04/Oct/2023:09:05:14 +0800] "POST /xingrg/kc/buy/cgsh_list_operate.html HTTP/1.1" 200 6251
120.253.135.82 - - [04/Oct/2023:09:05:14 +0800] "GET /xingrg/kc/pszx/mdps_order_add.html HTTP/1.1" 200 29177
120.253.135.82 - - [04/Oct/2023:09:05:14 +0800] "POST /xingrg/kc/pszx/mdps_order_operate.html HTTP/1.1" 200 7126
120.253.135.82 - - [04/Oct/2023:09:05:14 +0800] "GET /xingrg/all/common/auto_word.html?type=base&rest_code=00101 HTTP/1.1" 200 671
120.253.135.82 - - [04/Oct/2023:09:05:14 +0800] "GET /xingrg/javascript/easyui/themes/default/validatebox.css HTTP/1.1" 404 1104
120.253.135.82 - - [04/Oct/2023:09:05:16 +0800] "POST /xingrg/all/common/load_combo.html?type=base HTTP/1.1" 200 1169
124.78.69.58 - - [04/Oct/2023:09:05:17 +0800] "GET /xingrg/kc/buy/buy_main.html HTTP/1.1" 200 12412
124.78.69.58 - - [04/Oct/2023:09:05:17 +0800] "GET /xingrg/css/new_ie.css HTTP/1.1" 404 1036
222.70.180.200 - - [04/Oct/2023:09:05:18 +0800] "GET /xingrg/kc/buy/cgsh_order_operate.html?command=get_materiel_price&rest_code=00111&code=00101020218&unit_code=00100195&supplier_code=00100037&order_time=2023-10-04 HTTP/1.1" 200 28
101.83.145.37 - - [04/Oct/2023:09:05:18 +0800] "GET /xingrg/kc/buy/cgsh_order_operate.html?command=get_materiel&rest_code=00105&code=00101008300&supplier_code=00100005&order_time=2023-10-04 HTTP/1.1" 200 412
124.78.69.58 - - [04/Oct/2023:09:05:18 +0800] "GET /xingrg/images/yd/bt.gif HTTP/1.1" 404 1040
180.152.241.196 - - [04/Oct/2023:09:05:18 +0800] "GET /xingrg/all/function/internal_message.html?_=1696381518561&CODE_STATE=getMsg HTTP/1.1" 200 27
124.78.69.58 - - [04/Oct/2023:09:05:19 +0800] "GET /xingrg/kc/buy/cgsh_order_list.html HTTP/1.1" 200 56754
114.95.241.104 - - [04/Oct/2023:09:05:20 +0800] "GET /xingrg/kc/buy/cgsh_order_operate.html?command=get_materiel&rest_code=00150&code=00101008010&supplier_code=00100008&order_time=2023-10-04 HTTP/1.1" 200 412
124.78.69.58 - - [04/Oct/2023:09:05:21 +0800] "POST /xingrg/kc/buy/cgsh_list_operate.html HTTP/1.1" 200 986
114.95.241.104 - - [04/Oct/2023:09:05:22 +0800] "GET /xingrg/all/function/internal_message.html?_=1696381521658&CODE_STATE=getMsg HTTP/1.1" 200 27
120.253.135.82 - - [04/Oct/2023:09:05:24 +0800] "GET /xingrg/javascript/easyui/themes/default/tree.css HTTP/1.1" 404 1090
120.253.135.82 - - [04/Oct/2023:09:05:24 +0800] "POST /xingrg/all/common/load_tree.html?tree=area_rest_tree_json&only_rest=1 HTTP/1.1" 200 3378
222.70.180.200 - - [04/Oct/2023:09:05:24 +0800] "GET /xingrg/all/function/internal_message.html?_=1696381523890&CODE_STATE=getMsg HTTP/1.1" 200 27
222.70.180.200 - - [04/Oct/2023:09:05:24 +0800] "GET /xingrg/check_reg.html?_=1696381524049 HTTP/1.1" 200 22
114.95.241.104 - - [04/Oct/2023:09:05:27 +0800] "GET /xingrg/kc/buy/cgsh_order_operate.html?command=get_materiel&rest_code=00150&code=00101008312&supplier_code=00100008&order_time=2023-10-04 HTTP/1.1" 200 412
101.83.145.37 - - [04/Oct/2023:09:05:31 +0800] "GET /xingrg/all/function/internal_message.html?_=1696381533091&CODE_STATE=getMsg HTTP/1.1" 200 27
180.169.147.146 - - [04/Oct/2023:09:05:34 +0800] "GET /xingrg/all/function/internal_message.html?_=1696381534445&CODE_STATE=getMsg HTTP/1.1" 200 27
114.95.241.104 - - [04/Oct/2023:09:05:35 +0800] "GET /xingrg/all/function/internal_message.html?_=1696381533336&CODE_STATE=getMsg HTTP/1.1" 200 27
180.169.147.146 - - [04/Oct/2023:09:05:36 +0800] "GET /xingrg/all/function/internal_message.html?_=1696381535925&CODE_STATE=getMsg HTTP/1.1" 302 -
101.80.225.121 - - [04/Oct/2023:09:05:36 +0800] "POST /xingrg/services/DataTransmitService HTTP/1.1" 200 524
222.70.180.200 - - [04/Oct/2023:09:05:37 +0800] "GET /xingrg/all/function/internal_message.html?_=1696381536371&CODE_STATE=getMsg HTTP/1.1" 200 27
222.70.180.200 - - [04/Oct/2023:09:05:37 +0800] "GET /xingrg/all/function/internal_message.html?_=1696381826585&CODE_STATE=getMsg HTTP/1.1" 200 27
101.228.187.155 - - [04/Oct/2023:09:05:38 +0800] "GET /xingrg/all/function/internal_message.html?_=1696381536223&CODE_STATE=getMsg HTTP/1.1" 200 27
124.78.155.92 - - [04/Oct/2023:09:05:40 +0800] "POST /xingrg/services/DataTransmitService HTTP/1.1" 200 524
120.253.135.82 - - [04/Oct/2023:09:05:45 +0800] "GET /xingrg/all/function/internal_message.html?_=1696381687345&CODE_STATE=getMsg HTTP/1.1" 200 27
59.56.12.79 - - [04/Oct/2023:09:05:46 +0800] "GET /xingrg/all/function/internal_message.html?_=1696381546055&CODE_STATE=getMsg HTTP/1.1" 200 27
120.253.135.82 - - [04/Oct/2023:09:05:48 +0800] "GET /xingrg/kc/pszx/mdps_order_operate.html?command=get_materiel&pszx_code=00101&rest_code=00143&base_code=0010246&code=00101016094 HTTP/1.1" 200 468
101.83.145.37 - - [04/Oct/2023:09:05:50 +0800] "GET /xingrg/all/function/internal_message.html?_=1696381332049&CODE_STATE=getMsg HTTP/1.1" 200 27
120.253.135.82 - - [04/Oct/2023:09:05:50 +0800] "POST /xingrg/all/common/load_select.html HTTP/1.1" 200 25
124.78.69.58 - - [04/Oct/2023:09:05:51 +0800] "GET /xingrg/kc/report/report_main.html HTTP/1.1" 200 7340
120.253.135.82 - - [04/Oct/2023:09:05:52 +0800] "GET /xingrg/kc/pszx/mdps_order_operate.html?command=get_materiel_price&pszx_code=00101&rest_code=00143&base_code=0010246&code=00101016094&unit_code=00100161&order_time=2023-10-04 HTTP/1.1" 200 36
124.78.69.58 - - [04/Oct/2023:09:05:53 +0800] "GET /xingrg/all/report/report_query.html?fileName=kc/buy/gys_amount.xml&rh=99999 HTTP/1.1" 200 52006
124.78.69.58 - - [04/Oct/2023:09:05:53 +0800] "GET /xingrg/dwr/interface/AjaxReportQueryService.js HTTP/1.1" 200 13203
124.78.69.58 - - [04/Oct/2023:09:05:53 +0800] "GET /xingrg/dwr/engine.js HTTP/1.1" 200 43631
124.78.69.58 - - [04/Oct/2023:09:05:53 +0800] "GET /xingrg/dwr/util.js HTTP/1.1" 200 35990
124.78.69.58 - - [04/Oct/2023:09:05:53 +0800] "POST /xingrg/dwr/call/plaincall/AjaxReportQueryService.getFixDate.dwr HTTP/1.1" 200 111
124.78.69.58 - - [04/Oct/2023:09:05:54 +0800] "POST /xingrg/dwr/call/plaincall/AjaxReportQueryService.getInitString.dwr HTTP/1.1" 200 1023
124.78.69.58 - - [04/Oct/2023:09:05:54 +0800] "POST /xingrg/all/common/load_tree.html?tree=materiel_sort_tree_json HTTP/1.1" 200 9500
124.78.69.58 - - [04/Oct/2023:09:05:54 +0800] "POST /xingrg/all/common/load_tree.html?tree=supplier_tree_json&manage=1 HTTP/1.1" 200 78468
124.78.69.58 - - [04/Oct/2023:09:05:58 +0800] "POST /xingrg/dwr/call/plaincall/AjaxReportQueryService.getFixDate.dwr HTTP/1.1" 200 111
101.83.145.37 - - [04/Oct/2023:09:05:59 +0800] "GET /xingrg/kc/buy/cgsh_order_operate.html?command=get_materiel&rest_code=00105&code=00101008108&supplier_code=00100005&order_time=2023-10-04 HTTP/1.1" 200 412
124.78.69.58 - - [04/Oct/2023:09:05:59 +0800] "POST /xingrg/dwr/call/plaincall/AjaxReportQueryService.refreshCache.dwr HTTP/1.1" 200 78
120.253.135.82 - - [04/Oct/2023:09:06:01 +0800] "GET /xingrg/kc/pszx/mdps_order_operate.html?command=get_materiel&pszx_code=00101&rest_code=00143&base_code=0010246&code=00101013190 HTTP/1.1" 200 420
124.78.69.58 - - [04/Oct/2023:09:06:03 +0800] "POST /xingrg/all/report/load_report_page.html HTTP/1.1" 200 173118
124.78.69.58 - - [04/Oct/2023:09:06:04 +0800] "GET /xingrg/servlets/image?cache=0.6659085602190224&image=px HTTP/1.1" 200 807
124.78.69.58 - - [04/Oct/2023:09:06:05 +0800] "GET /xingrg/all/function/internal_message.html?_=1696380988184&CODE_STATE=getMsg HTTP/1.1" 200 27
120.253.135.82 - - [04/Oct/2023:09:06:09 +0800] "GET /xingrg/kc/pszx/mdps_order_operate.html?command=get_materiel&pszx_code=00101&rest_code=00143&base_code=0010246&code=00101013046 HTTP/1.1" 200 419
101.83.145.37 - - [04/Oct/2023:09:06:09 +0800] "GET /xingrg/kc/buy/cgsh_order_operate.html?command=get_materiel&rest_code=00105&code=00101008271&supplier_code=00100005&order_time=2023-10-04 HTTP/1.1" 200 408
180.152.241.196 - - [04/Oct/2023:09:06:18 +0800] "GET /xingrg/all/function/internal_message.html?_=1696381578561&CODE_STATE=getMsg HTTP/1.1" 200 27
120.253.135.82 - - [04/Oct/2023:09:06:18 +0800] "GET /xingrg/kc/pszx/mdps_order_operate.html?command=get_materiel&pszx_code=00101&rest_code=00143&base_code=0010246&code=00101019165 HTTP/1.1" 200 455
114.95.241.104 - - [04/Oct/2023:09:06:22 +0800] "GET /xingrg/all/function/internal_message.html?_=1696381581668&CODE_STATE=getMsg HTTP/1.1" 200 27
101.83.145.37 - - [04/Oct/2023:09:06:24 +0800] "GET /xingrg/kc/buy/cgsh_order_operate.html?command=get_materiel&rest_code=00105&code=00101008213&supplier_code=00100005&order_time=2023-10-04 HTTP/1.1" 200 412
222.70.180.200 - - [04/Oct/2023:09:06:24 +0800] "GET /xingrg/all/function/internal_message.html?_=1696381583870&CODE_STATE=getMsg HTTP/1.1" 200 27
101.83.145.37 - - [04/Oct/2023:09:06:27 +0800] "POST /xingrg/kc/buy/cgsh_order_operate.html HTTP/1.1" 200 2065
101.83.145.37 - - [04/Oct/2023:09:06:30 +0800] "POST /xingrg/kc/buy/cgsh_order_operate.html HTTP/1.1" 200 2065
101.83.145.37 - - [04/Oct/2023:09:06:31 +0800] "GET /xingrg/all/function/internal_message.html?_=1696381593082&CODE_STATE=getMsg HTTP/1.1" 200 27
180.169.147.146 - - [04/Oct/2023:09:06:34 +0800] "GET /xingrg/all/function/internal_message.html?_=1696381594450&CODE_STATE=getMsg HTTP/1.1" 200 27
180.169.147.146 - - [04/Oct/2023:09:06:34 +0800] "GET /xingrg/check_reg.html?_=1696381594444 HTTP/1.1" 200 22
114.95.241.104 - - [04/Oct/2023:09:06:35 +0800] "GET /xingrg/all/function/internal_message.html?_=1696381593325&CODE_STATE=getMsg HTTP/1.1" 200 27
222.70.180.200 - - [04/Oct/2023:09:06:36 +0800] "POST /xingrg/kc/buy/cgsh_order_operate.html HTTP/1.1" 200 37
180.169.147.146 - - [04/Oct/2023:09:06:36 +0800] "GET /xingrg/all/function/internal_message.html?_=1696381595930&CODE_STATE=getMsg HTTP/1.1" 302 -
222.70.180.200 - - [04/Oct/2023:09:06:37 +0800] "GET /xingrg/check_reg.html?_=1696381596372 HTTP/1.1" 200 22
222.70.180.200 - - [04/Oct/2023:09:06:37 +0800] "GET /xingrg/all/function/internal_message.html?_=1696381596370&CODE_STATE=getMsg HTTP/1.1" 200 27
222.70.180.200 - - [04/Oct/2023:09:06:37 +0800] "GET /xingrg/all/function/internal_message.html?_=1696381886556&CODE_STATE=getMsg HTTP/1.1" 200 27
120.253.135.82 - - [04/Oct/2023:09:06:37 +0800] "POST /xingrg/kc/pszx/mdps_order_operate.html HTTP/1.1" 200 37
101.228.187.155 - - [04/Oct/2023:09:06:38 +0800] "GET /xingrg/all/function/internal_message.html?_=1696381596224&CODE_STATE=getMsg HTTP/1.1" 200 27
101.83.145.37 - - [04/Oct/2023:09:06:39 +0800] "GET /xingrg/kc/buy/cgsh_order_operate.html?command=get_materiel&rest_code=00105&code=00101008004&supplier_code=00100005&order_time=2023-10-04 HTTP/1.1" 200 416
222.70.180.200 - - [04/Oct/2023:09:06:39 +0800] "POST /xingrg/kc/buy/cgsh_order_operate.html HTTP/1.1" 200 7994
120.253.135.82 - - [04/Oct/2023:09:06:39 +0800] "GET /xingrg/kc/pszx/mdps_order_info.html?code=312023100400097 HTTP/1.1" 200 23976
120.253.135.82 - - [04/Oct/2023:09:06:39 +0800] "GET /xingrg/javascript/easyui/themes/default/validatebox.css HTTP/1.1" 404 1104
120.253.135.82 - - [04/Oct/2023:09:06:40 +0800] "GET /xingrg/all/common/auto_word.html?type=base&rest_code=00101 HTTP/1.1" 200 671
120.253.135.82 - - [04/Oct/2023:09:06:40 +0800] "POST /xingrg/kc/pszx/mdps_order_operate.html HTTP/1.1" 200 3783
59.56.12.79 - - [04/Oct/2023:09:06:42 +0800] "GET /xingrg/check_reg.html?_=1696381601687 HTTP/1.1" 200 22
120.253.135.82 - - [04/Oct/2023:09:06:45 +0800] "GET /xingrg/all/function/internal_message.html?_=1696381747350&CODE_STATE=getMsg HTTP/1.1" 200 27
59.56.12.79 - - [04/Oct/2023:09:06:46 +0800] "GET /xingrg/all/function/internal_message.html?_=1696381606033&CODE_STATE=getMsg HTTP/1.1" 200 27
101.83.145.37 - - [04/Oct/2023:09:06:50 +0800] "GET /xingrg/all/function/internal_message.html?_=1696381392050&CODE_STATE=getMsg HTTP/1.1" 200 27
101.83.145.37 - - [04/Oct/2023:09:06:50 +0800] "GET /xingrg/check_reg.html?_=1696381392053 HTTP/1.1" 200 22
222.70.180.200 - - [04/Oct/2023:09:06:51 +0800] "POST /xingrg/kc/buy/cgsh_order_operate.html HTTP/1.1" 200 37
101.83.145.37 - - [04/Oct/2023:09:06:52 +0800] "GET /xingrg/kc/buy/cgsh_order_operate.html?command=get_materiel&rest_code=00105&code=00101008209&supplier_code=00100005&order_time=2023-10-04 HTTP/1.1" 200 409
222.70.180.200 - - [04/Oct/2023:09:06:54 +0800] "POST /xingrg/kc/buy/cgsh_order_operate.html HTTP/1.1" 200 7994
120.253.135.82 - - [04/Oct/2023:09:06:57 +0800] "POST /xingrg/kc/pszx/mdps_list_operate.html HTTP/1.1" 200 5388
120.253.135.82 - - [04/Oct/2023:09:06:57 +0800] "POST /xingrg/kc/pszx/mdps_list_operate.html HTTP/1.1" 200 5388
222.70.180.200 - - [04/Oct/2023:09:06:57 +0800] "GET /xingrg/kc/print/load_data.html?order_code=212023100401036&kc_code=cgsh&condition= HTTP/1.1" 200 2745
120.253.135.82 - - [04/Oct/2023:09:07:05 +0800] "POST /xingrg/kc/pszx/mdps_list_operate.html HTTP/1.1" 200 5320
124.78.69.58 - - [04/Oct/2023:09:07:05 +0800] "GET /xingrg/all/function/internal_message.html?_=1696381048157&CODE_STATE=getMsg HTTP/1.1" 200 27
120.253.135.82 - - [04/Oct/2023:09:07:07 +0800] "POST /xingrg/kc/pszx/mdps_list_operate.html HTTP/1.1" 200 456
120.253.135.82 - - [04/Oct/2023:09:07:07 +0800] "GET /xingrg/kc/pszx/mdps_order_info.html?code=312023100400097 HTTP/1.1" 200 23976
120.253.135.82 - - [04/Oct/2023:09:07:08 +0800] "GET /xingrg/javascript/easyui/themes/default/validatebox.css HTTP/1.1" 404 1104
120.253.135.82 - - [04/Oct/2023:09:07:08 +0800] "POST /xingrg/kc/pszx/mdps_order_operate.html HTTP/1.1" 200 3783
120.253.135.82 - - [04/Oct/2023:09:07:12 +0800] "GET /xingrg/kc/print/load_data.html?order_code=312023100400097&kc_code=mdps&condition= HTTP/1.1" 200 1389
222.70.180.200 - - [04/Oct/2023:09:07:12 +0800] "GET /xingrg/kc/buy/cgsh_order_add.html HTTP/1.1" 200 72480
222.70.180.200 - - [04/Oct/2023:09:07:13 +0800] "POST /xingrg/kc/buy/cgsh_order_operate.html HTTP/1.1" 200 8245
222.70.180.200 - - [04/Oct/2023:09:07:13 +0800] "GET /xingrg/javascript/easyui/themes/default/validatebox.css HTTP/1.1" 404 1104
101.83.145.37 - - [04/Oct/2023:09:07:16 +0800] "GET /xingrg/kc/buy/cgsh_order_operate.html?command=get_materiel&rest_code=00105&code=00101008350&supplier_code=00100005&order_time=2023-10-04 HTTP/1.1" 200 408
180.152.241.196 - - [04/Oct/2023:09:07:18 +0800] "GET /xingrg/all/function/internal_message.html?_=1696381638555&CODE_STATE=getMsg HTTP/1.1" 200 27
114.95.241.104 - - [04/Oct/2023:09:07:22 +0800] "GET /xingrg/all/function/internal_message.html?_=1696381641648&CODE_STATE=getMsg HTTP/1.1" 200 27
222.70.180.200 - - [04/Oct/2023:09:07:24 +0800] "GET /xingrg/all/function/internal_message.html?_=1696381643856&CODE_STATE=getMsg HTTP/1.1" 200 27
101.83.145.37 - - [04/Oct/2023:09:07:31 +0800] "GET /xingrg/all/function/internal_message.html?_=1696381653059&CODE_STATE=getMsg HTTP/1.1" 200 27
180.169.147.146 - - [04/Oct/2023:09:07:34 +0800] "GET /xingrg/all/function/internal_message.html?_=1696381654444&CODE_STATE=getMsg HTTP/1.1" 200 27
114.95.241.104 - - [04/Oct/2023:09:07:35 +0800] "GET /xingrg/all/function/internal_message.html?_=1696381653333&CODE_STATE=getMsg HTTP/1.1" 200 27
180.169.147.146 - - [04/Oct/2023:09:07:36 +0800] "GET /xingrg/check_reg.html?_=1696381655923 HTTP/1.1" 302 -
180.169.147.146 - - [04/Oct/2023:09:07:36 +0800] "GET /xingrg/all/function/internal_message.html?_=1696381655926&CODE_STATE=getMsg HTTP/1.1" 302 -
222.70.180.200 - - [04/Oct/2023:09:07:37 +0800] "GET /xingrg/all/function/internal_message.html?_=1696381656372&CODE_STATE=getMsg HTTP/1.1" 200 27
222.70.180.200 - - [04/Oct/2023:09:07:37 +0800] "GET /xingrg/all/function/internal_message.html?_=1696381946539&CODE_STATE=getMsg HTTP/1.1" 200 27
101.228.187.155 - - [04/Oct/2023:09:07:38 +0800] "GET /xingrg/all/function/internal_message.html?_=1696381656224&CODE_STATE=getMsg HTTP/1.1" 200 27
124.78.69.58 - - [04/Oct/2023:09:07:40 +0800] "GET /xingrg/all/report/report_query.html?isQuery=1&fileName=kc/buy/wlcg_cate_hz.xml&queryString=(CONVERT(char(10)%252Ca.order_time%252C%2520120)%253E%253D'2023-09-01')%2520and%2520(CONVERT(char(10)%252Ca.order_time%252C%2520120)%253C%253D'2023-09-30')%2520and%2520(a.number%253E0%2520and%2520a.supplier_code%253D'00100584')&queryText=%25E3%2580%2590%25E9%2587%2587%25E8%25B4%25AD%25E6%2597%25A5%25E6%259C%259F%253A2023-09-01%2520%25E8%2587%25B3%25202023-09-30%25E3%2580%2591%2520%25E5%25B9%25B6%25E4%25B8%2594%2520%25E3%2580%2590%25E4%25BE%259B%25E5%25BA%2594%25E5%2595%2586%253D%25E7%25B2%25AE%25E6%25B2%25B9%25EF%25BC%2588%25E9%2582%25B1%25E6%2598%25A5%25E5%25BE%25B7%25EF%25BC%2589%25E3%2580%2591 HTTP/1.1" 200 54374
124.78.69.58 - - [04/Oct/2023:09:07:40 +0800] "GET /xingrg/dwr/interface/AjaxReportQueryService.js HTTP/1.1" 200 13203
124.78.69.58 - - [04/Oct/2023:09:07:40 +0800] "GET /xingrg/dwr/engine.js HTTP/1.1" 200 43631
101.83.145.37 - - [04/Oct/2023:09:07:42 +0800] "GET /xingrg/kc/buy/cgsh_order_operate.html?command=get_materiel&rest_code=00105&code=00101008368&supplier_code=00100005&order_time=2023-10-04 HTTP/1.1" 200 408
124.78.69.58 - - [04/Oct/2023:09:07:42 +0800] "POST /xingrg/all/report/load_report_page.html HTTP/1.1" 200 8722
124.78.69.58 - - [04/Oct/2023:09:07:42 +0800] "GET /xingrg/servlets/image?cache=0.20301177937189507&image=px HTTP/1.1" 200 807
120.253.135.82 - - [04/Oct/2023:09:07:45 +0800] "GET /xingrg/all/function/internal_message.html?_=1696381807361&CODE_STATE=getMsg HTTP/1.1" 200 27
59.56.12.79 - - [04/Oct/2023:09:07:46 +0800] "GET /xingrg/all/function/internal_message.html?_=1696381666007&CODE_STATE=getMsg HTTP/1.1" 200 27
124.78.69.58 - - [04/Oct/2023:09:07:49 +0800] "POST /xingrg/all/report/load_report_page.html HTTP/1.1" 200 23253
124.78.69.58 - - [04/Oct/2023:09:07:49 +0800] "GET /xingrg/servlets/image?cache=0.9950919213261957&image=px HTTP/1.1" 200 807
101.83.145.37 - - [04/Oct/2023:09:07:50 +0800] "GET /xingrg/all/function/internal_message.html?_=1696381452053&CODE_STATE=getMsg HTTP/1.1" 200 27
222.70.180.200 - - [04/Oct/2023:09:07:50 +0800] "GET /xingrg/check_reg.html?_=1696381959955 HTTP/1.1" 200 22
124.78.69.58 - - [04/Oct/2023:09:07:55 +0800] "POST /xingrg/all/report/report_print.html HTTP/1.1" 200 6144
124.78.69.58 - - [04/Oct/2023:09:08:05 +0800] "GET /xingrg/all/function/internal_message.html?_=1696381108132&CODE_STATE=getMsg HTTP/1.1" 200 27
101.83.145.37 - - [04/Oct/2023:09:08:15 +0800] "GET /xingrg/kc/buy/cgsh_order_operate.html?command=get_materiel&rest_code=00105&code=00101008137&supplier_code=00100005&order_time=2023-10-04 HTTP/1.1" 200 408
180.152.241.196 - - [04/Oct/2023:09:08:18 +0800] "GET /xingrg/all/function/internal_message.html?_=1696381698546&CODE_STATE=getMsg HTTP/1.1" 200 27
222.70.180.200 - - [04/Oct/2023:09:08:21 +0800] "GET /xingrg/kc/buy/cgsh_order_operate.html?command=get_materiel&rest_code=00111&code=00101002027&supplier_code=00100199&order_time=2023-10-04 HTTP/1.1" 200 413
114.95.241.104 - - [04/Oct/2023:09:08:22 +0800] "GET /xingrg/all/function/internal_message.html?_=1696381701655&CODE_STATE=getMsg HTTP/1.1" 200 27
114.95.241.104 - - [04/Oct/2023:09:08:22 +0800] "GET /xingrg/check_reg.html?_=1696381701664 HTTP/1.1" 200 22
222.70.180.200 - - [04/Oct/2023:09:08:24 +0800] "GET /xingrg/all/function/internal_message.html?_=1696381703838&CODE_STATE=getMsg HTTP/1.1" 200 27
124.78.69.58 - - [04/Oct/2023:09:08:29 +0800] "GET /xingrg/check_reg.html?_=1696381132143 HTTP/1.1" 200 22
101.83.145.37 - - [04/Oct/2023:09:08:31 +0800] "GET /xingrg/all/function/internal_message.html?_=1696381713033&CODE_STATE=getMsg HTTP/1.1" 200 27
101.83.145.37 - - [04/Oct/2023:09:08:31 +0800] "GET /xingrg/check_reg.html?_=1696381713052 HTTP/1.1" 200 22
180.169.147.146 - - [04/Oct/2023:09:08:34 +0800] "GET /xingrg/all/function/internal_message.html?_=1696381714446&CODE_STATE=getMsg HTTP/1.1" 200 27
114.95.241.104 - - [04/Oct/2023:09:08:35 +0800] "GET /xingrg/all/function/internal_message.html?_=1696381713322&CODE_STATE=getMsg HTTP/1.1" 200 27
114.95.241.104 - - [04/Oct/2023:09:08:35 +0800] "GET /xingrg/check_reg.html?_=1696381713322 HTTP/1.1" 200 22
180.169.147.146 - - [04/Oct/2023:09:08:36 +0800] "GET /xingrg/all/function/internal_message.html?_=1696381715942&CODE_STATE=getMsg HTTP/1.1" 302 -
222.70.180.200 - - [04/Oct/2023:09:08:37 +0800] "GET /xingrg/all/function/internal_message.html?_=1696381716372&CODE_STATE=getMsg HTTP/1.1" 200 27
222.70.180.200 - - [04/Oct/2023:09:08:37 +0800] "GET /xingrg/all/function/internal_message.html?_=1696382006538&CODE_STATE=getMsg HTTP/1.1" 200 27
101.228.187.155 - - [04/Oct/2023:09:08:38 +0800] "GET /xingrg/check_reg.html?_=1696381716223 HTTP/1.1" 200 22
101.228.187.155 - - [04/Oct/2023:09:08:38 +0800] "GET /xingrg/all/function/internal_message.html?_=1696381716226&CODE_STATE=getMsg HTTP/1.1" 200 27
101.83.145.37 - - [04/Oct/2023:09:08:41 +0800] "POST /xingrg/kc/buy/cgsh_order_operate.html HTTP/1.1" 200 2065
101.83.145.37 - - [04/Oct/2023:09:08:42 +0800] "POST /xingrg/kc/buy/cgsh_order_operate.html HTTP/1.1" 200 2065
120.253.135.82 - - [04/Oct/2023:09:08:45 +0800] "GET /xingrg/check_reg.html?_=1696381867366 HTTP/1.1" 200 22
120.253.135.82 - - [04/Oct/2023:09:08:46 +0800] "GET /xingrg/all/function/internal_message.html?_=1696381868365&CODE_STATE=getMsg HTTP/1.1" 200 27
59.56.12.79 - - [04/Oct/2023:09:08:46 +0800] "GET /xingrg/all/function/internal_message.html?_=1696381725996&CODE_STATE=getMsg HTTP/1.1" 200 27
222.70.180.200 - - [04/Oct/2023:09:08:47 +0800] "GET /xingrg/kc/buy/cgsh_order_operate.html?command=get_materiel&rest_code=00111&code=00101002022&supplier_code=00100199&order_time=2023-10-04 HTTP/1.1" 200 409
101.83.145.37 - - [04/Oct/2023:09:08:50 +0800] "GET /xingrg/all/function/internal_message.html?_=1696381512080&CODE_STATE=getMsg HTTP/1.1" 200 27
180.152.241.196 - - [04/Oct/2023:09:08:52 +0800] "POST /xingrg/services/DataTransmitService HTTP/1.1" 200 524
124.78.69.58 - - [04/Oct/2023:09:09:05 +0800] "GET /xingrg/all/function/internal_message.html?_=1696381168113&CODE_STATE=getMsg HTTP/1.1" 200 27
222.70.180.200 - - [04/Oct/2023:09:09:12 +0800] "GET /xingrg/kc/buy/cgsh_order_operate.html?command=get_materiel&rest_code=00111&code=00101001069&supplier_code=00100199&order_time=2023-10-04 HTTP/1.1" 200 411
101.83.145.37 - - [04/Oct/2023:09:09:13 +0800] "GET /xingrg/kc/buy/cgsh_order_operate.html?command=get_materiel&rest_code=00105&code=00101008357&supplier_code=00100005&order_time=2023-10-04 HTTP/1.1" 200 408
180.152.241.196 - - [04/Oct/2023:09:09:18 +0800] "GET /xingrg/check_reg.html?_=1696381758553 HTTP/1.1" 200 22
180.152.241.196 - - [04/Oct/2023:09:09:18 +0800] "GET /xingrg/all/function/internal_message.html?_=1696381758556&CODE_STATE=getMsg HTTP/1.1" 200 27
114.95.241.104 - - [04/Oct/2023:09:09:20 +0800] "GET /xingrg/kc/buy/cgsh_order_operate.html?command=get_materiel&rest_code=00150&code=00101008221&supplier_code=00100008&order_time=2023-10-04 HTTP/1.1" 200 412
114.95.241.104 - - [04/Oct/2023:09:09:22 +0800] "GET /xingrg/all/function/internal_message.html?_=1696381761664&CODE_STATE=getMsg HTTP/1.1" 200 27
222.70.180.200 - - [04/Oct/2023:09:09:24 +0800] "GET /xingrg/all/function/internal_message.html?_=1696381763814&CODE_STATE=getMsg HTTP/1.1" 200 27
114.95.241.104 - - [04/Oct/2023:09:09:31 +0800] "GET /xingrg/kc/buy/cgsh_order_operate.html?command=get_materiel&rest_code=00150&code=00101008283&supplier_code=00100008&order_time=2023-10-04 HTTP/1.1" 200 408
101.83.145.37 - - [04/Oct/2023:09:09:31 +0800] "GET /xingrg/all/function/internal_message.html?_=1696381773034&CODE_STATE=getMsg HTTP/1.1" 200 27
180.169.147.146 - - [04/Oct/2023:09:09:34 +0800] "GET /xingrg/all/function/internal_message.html?_=1696381774444&CODE_STATE=getMsg HTTP/1.1" 200 27
114.95.241.104 - - [04/Oct/2023:09:09:35 +0800] "GET /xingrg/all/function/internal_message.html?_=1696381773332&CODE_STATE=getMsg HTTP/1.1" 200 27
180.169.147.146 - - [04/Oct/2023:09:09:36 +0800] "GET /xingrg/all/function/internal_message.html?_=1696381775934&CODE_STATE=getMsg HTTP/1.1" 302 -
222.70.180.200 - - [04/Oct/2023:09:09:37 +0800] "GET /xingrg/all/function/internal_message.html?_=1696381776372&CODE_STATE=getMsg HTTP/1.1" 200 27
222.70.180.200 - - [04/Oct/2023:09:09:37 +0800] "GET /xingrg/all/function/internal_message.html?_=1696382066519&CODE_STATE=getMsg HTTP/1.1" 200 27
101.228.187.155 - - [04/Oct/2023:09:09:38 +0800] "GET /xingrg/all/function/internal_message.html?_=1696381776225&CODE_STATE=getMsg HTTP/1.1" 200 27
114.95.241.104 - - [04/Oct/2023:09:09:40 +0800] "GET /xingrg/kc/buy/cgsh_order_operate.html?command=get_materiel&rest_code=00150&code=00101008163&supplier_code=00100008&order_time=2023-10-04 HTTP/1.1" 200 409
59.56.12.79 - - [04/Oct/2023:09:09:46 +0800] "GET /xingrg/all/function/internal_message.html?_=1696381785979&CODE_STATE=getMsg HTTP/1.1" 200 27
120.253.135.82 - - [04/Oct/2023:09:09:47 +0800] "GET /xingrg/all/function/internal_message.html?_=1696381929371&CODE_STATE=getMsg HTTP/1.1" 200 27
101.83.145.37 - - [04/Oct/2023:09:09:50 +0800] "GET /xingrg/all/function/internal_message.html?_=1696381572080&CODE_STATE=getMsg HTTP/1.1" 200 27
222.70.180.200 - - [04/Oct/2023:09:09:51 +0800] "POST /xingrg/kc/buy/cgsh_order_operate.html HTTP/1.1" 200 37
114.95.241.104 - - [04/Oct/2023:09:09:53 +0800] "GET /xingrg/kc/buy/cgsh_order_operate.html?command=get_materiel&rest_code=00150&code=00101008224&supplier_code=00100008&order_time=2023-10-04 HTTP/1.1" 200 416
222.70.180.200 - - [04/Oct/2023:09:09:54 +0800] "POST /xingrg/kc/buy/cgsh_order_operate.html HTTP/1.1" 200 3844
222.70.180.200 - - [04/Oct/2023:09:09:59 +0800] "GET /xingrg/kc/print/load_data.html?order_code=212023100401037&kc_code=cgsh&condition= HTTP/1.1" 200 1109
101.83.145.37 - - [04/Oct/2023:09:09:59 +0800] "GET /xingrg/kc/buy/cgsh_order_operate.html?command=get_materiel&rest_code=00105&code=00101008312&supplier_code=00100005&order_time=2023-10-04 HTTP/1.1" 200 412
120.253.135.82 - - [04/Oct/2023:09:10:03 +0800] "GET /xingrg/check_reg.html?_=1696381606004 HTTP/1.1" 200 22
114.95.241.104 - - [04/Oct/2023:09:10:04 +0800] "GET /xingrg/kc/buy/cgsh_order_operate.html?command=get_materiel&rest_code=00150&code=00101008558&supplier_code=00100008&order_time=2023-10-04 HTTP/1.1" 200 409
124.78.69.58 - - [04/Oct/2023:09:10:05 +0800] "GET /xingrg/all/function/internal_message.html?_=1696381228086&CODE_STATE=getMsg HTTP/1.1" 200 27
114.95.241.104 - - [04/Oct/2023:09:10:13 +0800] "GET /xingrg/kc/buy/cgsh_order_operate.html?command=get_materiel&rest_code=00150&code=00101015006&supplier_code=00100008&order_time=2023-10-04 HTTP/1.1" 200 413
180.152.241.196 - - [04/Oct/2023:09:10:14 +0800] "GET /xingrg/check_reg.html?_=1696381814014 HTTP/1.1" 200 22
180.152.241.196 - - [04/Oct/2023:09:10:18 +0800] "GET /xingrg/all/function/internal_message.html?_=1696381818544&CODE_STATE=getMsg HTTP/1.1" 200 27
114.95.241.104 - - [04/Oct/2023:09:10:22 +0800] "GET /xingrg/all/function/internal_message.html?_=1696381821666&CODE_STATE=getMsg HTTP/1.1" 200 27
222.70.180.200 - - [04/Oct/2023:09:10:24 +0800] "GET /xingrg/all/function/internal_message.html?_=1696381823799&CODE_STATE=getMsg HTTP/1.1" 200 27
222.70.180.200 - - [04/Oct/2023:09:10:24 +0800] "GET /xingrg/check_reg.html?_=1696381824051 HTTP/1.1" 200 22
114.95.241.104 - - [04/Oct/2023:09:10:25 +0800] "GET /xingrg/kc/buy/cgsh_order_operate.html?command=get_materiel&rest_code=00150&code=00101008190&supplier_code=00100008&order_time=2023-10-04 HTTP/1.1" 200 412
101.83.145.37 - - [04/Oct/2023:09:10:31 +0800] "GET /xingrg/all/function/internal_message.html?_=1696381833034&CODE_STATE=getMsg HTTP/1.1" 200 27
114.95.241.104 - - [04/Oct/2023:09:10:33 +0800] "GET /xingrg/kc/buy/cgsh_order_operate.html?command=get_materiel&rest_code=00150&code=00101008370&supplier_code=00100008&order_time=2023-10-04 HTTP/1.1" 200 412
180.169.147.146 - - [04/Oct/2023:09:10:34 +0800] "GET /xingrg/all/function/internal_message.html?_=1696381834510&CODE_STATE=getMsg HTTP/1.1" 200 27
114.95.241.104 - - [04/Oct/2023:09:10:35 +0800] "GET /xingrg/all/function/internal_message.html?_=1696381833346&CODE_STATE=getMsg HTTP/1.1" 200 27
180.169.147.146 - - [04/Oct/2023:09:10:36 +0800] "GET /xingrg/all/function/internal_message.html?_=1696381835929&CODE_STATE=getMsg HTTP/1.1" 302 -
222.70.180.200 - - [04/Oct/2023:09:10:37 +0800] "GET /xingrg/all/function/internal_message.html?_=1696382126493&CODE_STATE=getMsg HTTP/1.1" 200 27
222.70.180.200 - - [04/Oct/2023:09:10:37 +0800] "GET /xingrg/all/function/internal_message.html?_=1696381836372&CODE_STATE=getMsg HTTP/1.1" 200 27
101.228.187.155 - - [04/Oct/2023:09:10:38 +0800] "GET /xingrg/all/function/internal_message.html?_=1696381836225&CODE_STATE=getMsg HTTP/1.1" 200 27
114.95.241.104 - - [04/Oct/2023:09:10:45 +0800] "GET /xingrg/kc/buy/cgsh_order_operate.html?command=get_materiel&rest_code=00150&code=00101008087&supplier_code=00100008&order_time=2023-10-04 HTTP/1.1" 200 412
59.56.12.79 - - [04/Oct/2023:09:10:46 +0800] "GET /xingrg/all/function/internal_message.html?_=1696381845957&CODE_STATE=getMsg HTTP/1.1" 200 27
120.253.135.82 - - [04/Oct/2023:09:10:48 +0800] "GET /xingrg/all/function/internal_message.html?_=1696381990376&CODE_STATE=getMsg HTTP/1.1" 200 27
