114.95.241.104 - - [04/Oct/2023:09:20:57 +0800] "GET /xingrg/kc/print/load_data.html?order_code=212023100401038&kc_code=cgsh&condition= HTTP/1.1" 200 11253
124.78.69.58 - - [04/Oct/2023:09:21:05 +0800] "GET /xingrg/all/function/internal_message.html?_=1696381888038&CODE_STATE=getMsg HTTP/1.1" 200 27
114.95.241.104 - - [04/Oct/2023:09:21:07 +0800] "GET /xingrg/kc/mdqp/pssh_order_list.html HTTP/1.1" 200 17962
114.95.241.104 - - [04/Oct/2023:09:21:07 +0800] "POST /xingrg/kc/mdqp/pssh_list_operate.html HTTP/1.1" 200 5396
114.95.241.104 - - [04/Oct/2023:09:21:08 +0800] "POST /xingrg/kc/mdqp/pssh_list_operate.html HTTP/1.1" 200 275
180.152.241.196 - - [04/Oct/2023:09:21:09 +0800] "POST /xingrg/kc/buy/cgsh_order_operate.html HTTP/1.1" 200 12
114.95.241.104 - - [04/Oct/2023:09:21:10 +0800] "POST /xingrg/kc/mdqp/pssh_list_operate.html HTTP/1.1" 200 554
180.152.241.196 - - [04/Oct/2023:09:21:12 +0800] "GET /xingrg/kc/buy/cgsh_order_info.html?code=212023100401040 HTTP/1.1" 200 67470
180.152.241.196 - - [04/Oct/2023:09:21:12 +0800] "GET /xingrg/javascript/easyui/themes/default/validatebox.css HTTP/1.1" 404 1104
180.152.241.196 - - [04/Oct/2023:09:21:13 +0800] "POST /xingrg/kc/buy/cgsh_order_operate.html HTTP/1.1" 200 3577
180.152.241.196 - - [04/Oct/2023:09:21:14 +0800] "GET /xingrg/kc/print/load_config.html?kc_code=cgsh HTTP/1.1" 200 1927
180.152.241.196 - - [04/Oct/2023:09:21:15 +0800] "GET /xingrg/kc/print/load_data.html?order_code=212023100401040&kc_code=cgsh&condition= HTTP/1.1" 200 1850
180.152.241.196 - - [04/Oct/2023:09:21:18 +0800] "GET /xingrg/all/function/internal_message.html?_=1696382478563&CODE_STATE=getMsg HTTP/1.1" 200 27
180.152.241.196 - - [04/Oct/2023:09:21:20 +0800] "GET /xingrg/kc/buy/cgsh_order_add.html HTTP/1.1" 200 72565
180.152.241.196 - - [04/Oct/2023:09:21:21 +0800] "POST /xingrg/kc/buy/cgsh_order_operate.html HTTP/1.1" 200 8245
180.152.241.196 - - [04/Oct/2023:09:21:21 +0800] "GET /xingrg/javascript/easyui/themes/default/validatebox.css HTTP/1.1" 404 1104
114.95.241.104 - - [04/Oct/2023:09:21:22 +0800] "GET /xingrg/all/function/internal_message.html?_=1696382481709&CODE_STATE=getMsg HTTP/1.1" 200 27
114.83.218.82 - - [04/Oct/2023:09:21:22 +0800] "GET /xingrg/all/function/internal_message.html?_=1696382480169&CODE_STATE=getMsg HTTP/1.1" 200 27
124.78.155.92 - - [04/Oct/2023:09:21:23 +0800] "POST /xingrg/kc/buy/cgsh_order_operate.html HTTP/1.1" 200 21025
222.70.180.200 - - [04/Oct/2023:09:21:24 +0800] "GET /xingrg/all/function/internal_message.html?_=1696382483570&CODE_STATE=getMsg HTTP/1.1" 200 27
180.152.241.196 - - [04/Oct/2023:09:21:29 +0800] "GET /xingrg/kc/buy/cgsh_order_operate.html?command=get_materiel&rest_code=00102&code=00101016030&supplier_code=00100096&order_time=2023-10-04 HTTP/1.1" 200 412
101.83.145.37 - - [04/Oct/2023:09:21:31 +0800] "GET /xingrg/all/function/internal_message.html?_=1696382493170&CODE_STATE=getMsg HTTP/1.1" 200 27
180.169.147.146 - - [04/Oct/2023:09:21:34 +0800] "GET /xingrg/check_reg.html?_=1696382494444 HTTP/1.1" 200 22
180.169.147.146 - - [04/Oct/2023:09:21:34 +0800] "GET /xingrg/all/function/internal_message.html?_=1696382494447&CODE_STATE=getMsg HTTP/1.1" 200 27
114.95.241.104 - - [04/Oct/2023:09:21:35 +0800] "GET /xingrg/all/function/internal_message.html?_=1696382493332&CODE_STATE=getMsg HTTP/1.1" 200 27
180.169.147.146 - - [04/Oct/2023:09:21:36 +0800] "GET /xingrg/all/function/internal_message.html?_=1696382495922&CODE_STATE=getMsg HTTP/1.1" 302 -
124.78.155.92 - - [04/Oct/2023:09:21:36 +0800] "GET /xingrg/kc/buy/cgsh_order_operate.html?command=get_materiel&rest_code=00106&code=00101008027&supplier_code=00100007&order_time=2023-10-04 HTTP/1.1" 200 409
222.70.180.200 - - [04/Oct/2023:09:21:36 +0800] "GET /xingrg/all/function/internal_message.html?_=1696382786314&CODE_STATE=getMsg HTTP/1.1" 200 27
222.70.180.200 - - [04/Oct/2023:09:21:37 +0800] "GET /xingrg/check_reg.html?_=1696382496384 HTTP/1.1" 200 22
222.70.180.200 - - [04/Oct/2023:09:21:37 +0800] "GET /xingrg/all/function/internal_message.html?_=1696382496387&CODE_STATE=getMsg HTTP/1.1" 200 27
101.228.187.155 - - [04/Oct/2023:09:21:38 +0800] "GET /xingrg/all/function/internal_message.html?_=1696382496253&CODE_STATE=getMsg HTTP/1.1" 200 27
180.152.241.196 - - [04/Oct/2023:09:21:40 +0800] "GET /xingrg/kc/buy/cgsh_order_operate.html?command=get_materiel&rest_code=00102&code=00101007061&supplier_code=00100096&order_time=2023-10-04 HTTP/1.1" 200 411
59.56.12.79 - - [04/Oct/2023:09:21:42 +0800] "GET /xingrg/check_reg.html?_=1696382501640 HTTP/1.1" 200 22
59.56.12.79 - - [04/Oct/2023:09:21:46 +0800] "GET /xingrg/all/function/internal_message.html?_=1696382505755&CODE_STATE=getMsg HTTP/1.1" 200 27
124.78.155.92 - - [04/Oct/2023:09:21:46 +0800] "GET /xingrg/kc/buy/cgsh_order_operate.html?command=get_materiel&rest_code=00106&code=00101008107&supplier_code=00100007&order_time=2023-10-04 HTTP/1.1" 200 412
120.253.135.82 - - [04/Oct/2023:09:21:48 +0800] "GET /xingrg/all/function/internal_message.html?_=1696382650426&CODE_STATE=getMsg HTTP/1.1" 200 27
101.83.145.37 - - [04/Oct/2023:09:21:50 +0800] "GET /xingrg/all/function/internal_message.html?_=1696382292076&CODE_STATE=getMsg HTTP/1.1" 200 27
101.83.145.37 - - [04/Oct/2023:09:21:50 +0800] "GET /xingrg/check_reg.html?_=1696382292079 HTTP/1.1" 200 22
180.152.241.196 - - [04/Oct/2023:09:22:00 +0800] "GET /xingrg/kc/buy/cgsh_order_operate.html?command=get_materiel&rest_code=00102&code=00101007049&supplier_code=00100096&order_time=2023-10-04 HTTP/1.1" 200 409
124.78.155.92 - - [04/Oct/2023:09:22:02 +0800] "GET /xingrg/all/function/internal_message.html?_=1696382515697&CODE_STATE=getMsg HTTP/1.1" 200 27
124.78.155.92 - - [04/Oct/2023:09:22:03 +0800] "GET /xingrg/kc/buy/cgsh_order_operate.html?command=get_materiel&rest_code=00106&code=00101008351&supplier_code=00100007&order_time=2023-10-04 HTTP/1.1" 200 408
180.165.48.189 - - [04/Oct/2023:09:22:03 +0800] "GET /favicon.ico HTTP/1.1" 404 -
124.78.69.58 - - [04/Oct/2023:09:22:05 +0800] "GET /xingrg/all/function/internal_message.html?_=1696381948010&CODE_STATE=getMsg HTTP/1.1" 200 27
114.83.218.82 - - [04/Oct/2023:09:22:06 +0800] "GET /xingrg/kc/buy/cgsh_order_operate.html?command=get_materiel&rest_code=00149&code=00101008300&supplier_code=00100008&order_time=2023-10-04 HTTP/1.1" 200 412
180.152.241.196 - - [04/Oct/2023:09:22:09 +0800] "GET /xingrg/kc/buy/cgsh_order_operate.html?command=get_materiel&rest_code=00102&code=00101007022&supplier_code=00100096&order_time=2023-10-04 HTTP/1.1" 200 415
180.165.48.189 - - [04/Oct/2023:09:22:17 +0800] "GET /xingrg/login.html HTTP/1.1" 200 7641
180.165.48.189 - - [04/Oct/2023:09:22:17 +0800] "GET /xingrg/images/blue/jxLogo.png HTTP/1.1" 304 -
180.165.48.189 - - [04/Oct/2023:09:22:18 +0800] "GET /xingrg/images/blue/login_bg.png HTTP/1.1" 304 -
180.165.48.189 - - [04/Oct/2023:09:22:18 +0800] "GET /xingrg/images/blue/hj.png HTTP/1.1" 304 -
180.165.48.189 - - [04/Oct/2023:09:22:18 +0800] "GET /xingrg/images/blue/srbg.png HTTP/1.1" 304 -
180.165.48.189 - - [04/Oct/2023:09:22:18 +0800] "GET /favicon.ico HTTP/1.1" 404 -
180.152.241.196 - - [04/Oct/2023:09:22:18 +0800] "GET /xingrg/all/function/internal_message.html?_=1696382538554&CODE_STATE=getMsg HTTP/1.1" 200 27
180.165.48.189 - - [04/Oct/2023:09:22:21 +0800] "POST /xingrg/login.do HTTP/1.1" 302 -
180.165.48.189 - - [04/Oct/2023:09:22:21 +0800] "GET /xingrg/index.html?sysBaseUrl=http%3A%2F%2F180.169.147.146%3A18081%2Fxingrg%2F&costTime=836×tamp=1696382541089 HTTP/1.1" 200 17183
180.165.48.189 - - [04/Oct/2023:09:22:21 +0800] "GET /xingrg/javascript/jquery_easy_ui/themes/default/easyui.css HTTP/1.1" 304 -
180.165.48.189 - - [04/Oct/2023:09:22:21 +0800] "GET /xingrg/javascript/jquery_easy_ui/themes/icon.css HTTP/1.1" 304 -
180.165.48.189 - - [04/Oct/2023:09:22:21 +0800] "GET /xingrg/css/form.css HTTP/1.1" 304 -
180.165.48.189 - - [04/Oct/2023:09:22:21 +0800] "GET /xingrg/javascript/jquery-1.4.2.min.js HTTP/1.1" 304 -
180.165.48.189 - - [04/Oct/2023:09:22:21 +0800] "GET /xingrg/javascript/jquery_easy_ui/jquery.easyui.min.js HTTP/1.1" 304 -
180.165.48.189 - - [04/Oct/2023:09:22:21 +0800] "GET /favicon.ico HTTP/1.1" 404 -
180.165.48.189 - - [04/Oct/2023:09:22:21 +0800] "GET /xingrg/javascript/jquery_easy_ui/easyui-lang-zh_CN.js HTTP/1.1" 304 -
180.165.48.189 - - [04/Oct/2023:09:22:21 +0800] "GET /xingrg/javascript/jquery.form.js HTTP/1.1" 304 -
180.165.48.189 - - [04/Oct/2023:09:22:21 +0800] "GET /xingrg/javascript/jquery.utils.js HTTP/1.1" 304 -
180.165.48.189 - - [04/Oct/2023:09:22:21 +0800] "GET /xingrg/javascript/jquery.timers.js HTTP/1.1" 304 -
180.165.48.189 - - [04/Oct/2023:09:22:21 +0800] "GET /xingrg/javascript/jquery_easy_ui/themes/icons/settle_new.png HTTP/1.1" 304 -
180.165.48.189 - - [04/Oct/2023:09:22:21 +0800] "GET /xingrg/images/blue/navBackgound.jpg HTTP/1.1" 304 -
180.165.48.189 - - [04/Oct/2023:09:22:21 +0800] "POST /xingrg/all/common/load_tree.html?tree=area_rest_tree_json&manage=1 HTTP/1.1" 200 357
180.165.48.189 - - [04/Oct/2023:09:22:21 +0800] "GET /xingrg/all/function/internal_message.html?_=1696382541884&CODE_STATE=count HTTP/1.1" 200 11
180.165.48.189 - - [04/Oct/2023:09:22:21 +0800] "GET /xingrg/images/blue/pingpu.png HTTP/1.1" 304 -
180.165.48.189 - - [04/Oct/2023:09:22:21 +0800] "GET /xingrg/check_reg.html?_=1696382541885 HTTP/1.1" 200 22
180.165.48.189 - - [04/Oct/2023:09:22:21 +0800] "GET /xingrg/javascript/jquery_easy_ui/themes/default/images/tabs_leftarrow.png HTTP/1.1" 304 -
180.165.48.189 - - [04/Oct/2023:09:22:21 +0800] "GET /xingrg/javascript/jquery_easy_ui/themes/default/images/panel_tool_collapse.gif HTTP/1.1" 304 -
180.165.48.189 - - [04/Oct/2023:09:22:21 +0800] "GET /xingrg/javascript/jquery_easy_ui/themes/default/images/tabs_rightarrow.png HTTP/1.1" 304 -
180.165.48.189 - - [04/Oct/2023:09:22:21 +0800] "POST /xingrg/load_menu.html HTTP/1.1" 200 5138
180.165.48.189 - - [04/Oct/2023:09:22:21 +0800] "GET /xingrg/javascript/jquery_easy_ui/themes/default/images/tree_arrows.gif HTTP/1.1" 304 -
180.165.48.189 - - [04/Oct/2023:09:22:21 +0800] "GET /xingrg/javascript/jquery_easy_ui/themes/default/images/tree_folder_open.gif HTTP/1.1" 304 -
180.165.48.189 - - [04/Oct/2023:09:22:21 +0800] "GET /xingrg/javascript/jquery_easy_ui/themes/icons/search_new.png HTTP/1.1" 304 -
180.165.48.189 - - [04/Oct/2023:09:22:21 +0800] "GET /xingrg/javascript/jquery_easy_ui/themes/default/images/tree_folder.gif HTTP/1.1" 304 -
180.165.48.189 - - [04/Oct/2023:09:22:21 +0800] "GET /xingrg/javascript/jquery_easy_ui/themes/icons/storage_new.png HTTP/1.1" 304 -
180.165.48.189 - - [04/Oct/2023:09:22:21 +0800] "GET /xingrg/javascript/jquery_easy_ui/themes/icons/forms_new.png HTTP/1.1" 304 -
180.165.48.189 - - [04/Oct/2023:09:22:21 +0800] "GET /xingrg/javascript/jquery_easy_ui/themes/default/images/tree_file.gif HTTP/1.1" 304 -
114.95.241.104 - - [04/Oct/2023:09:22:22 +0800] "GET /xingrg/all/function/internal_message.html?_=1696382541709&CODE_STATE=getMsg HTTP/1.1" 200 27
114.83.218.82 - - [04/Oct/2023:09:22:22 +0800] "GET /xingrg/all/function/internal_message.html?_=1696382540174&CODE_STATE=getMsg HTTP/1.1" 200 27
222.70.180.200 - - [04/Oct/2023:09:22:24 +0800] "GET /xingrg/all/function/internal_message.html?_=1696382543551&CODE_STATE=getMsg HTTP/1.1" 200 27
101.83.145.37 - - [04/Oct/2023:09:22:31 +0800] "GET /xingrg/all/function/internal_message.html?_=1696382553032&CODE_STATE=getMsg HTTP/1.1" 200 27
180.169.147.146 - - [04/Oct/2023:09:22:34 +0800] "GET /xingrg/all/function/internal_message.html?_=1696382554445&CODE_STATE=getMsg HTTP/1.1" 200 27
114.95.241.104 - - [04/Oct/2023:09:22:35 +0800] "GET /xingrg/all/function/internal_message.html?_=1696382553337&CODE_STATE=getMsg HTTP/1.1" 200 27
180.169.147.146 - - [04/Oct/2023:09:22:36 +0800] "GET /xingrg/all/function/internal_message.html?_=1696382555942&CODE_STATE=getMsg HTTP/1.1" 302 -
180.169.147.146 - - [04/Oct/2023:09:22:36 +0800] "GET /xingrg/check_reg.html?_=1696382555947 HTTP/1.1" 302 -
222.70.180.200 - - [04/Oct/2023:09:22:36 +0800] "GET /xingrg/all/function/internal_message.html?_=1696382846300&CODE_STATE=getMsg HTTP/1.1" 200 27
222.70.180.200 - - [04/Oct/2023:09:22:37 +0800] "GET /xingrg/all/function/internal_message.html?_=1696382556372&CODE_STATE=getMsg HTTP/1.1" 200 27
101.228.187.155 - - [04/Oct/2023:09:22:38 +0800] "GET /xingrg/all/function/internal_message.html?_=1696382556250&CODE_STATE=getMsg HTTP/1.1" 200 27
180.152.241.196 - - [04/Oct/2023:09:22:38 +0800] "POST /xingrg/kc/buy/cgsh_order_operate.html HTTP/1.1" 200 37
124.78.155.92 - - [04/Oct/2023:09:22:39 +0800] "GET /xingrg/kc/buy/cgsh_order_operate.html?command=get_materiel&rest_code=00106&code=00101008224&supplier_code=00100007&order_time=2023-10-04 HTTP/1.1" 200 416
114.83.218.82 - - [04/Oct/2023:09:22:44 +0800] "GET /xingrg/kc/buy/cgsh_order_operate.html?command=get_materiel&rest_code=00149&code=00101008059&supplier_code=00100008&order_time=2023-10-04 HTTP/1.1" 200 408
59.56.12.79 - - [04/Oct/2023:09:22:46 +0800] "GET /xingrg/all/function/internal_message.html?_=1696382565738&CODE_STATE=getMsg HTTP/1.1" 200 27
120.253.135.82 - - [04/Oct/2023:09:22:48 +0800] "GET /xingrg/all/function/internal_message.html?_=1696382710431&CODE_STATE=getMsg HTTP/1.1" 200 27
114.83.218.82 - - [04/Oct/2023:09:22:48 +0800] "POST /xingrg/kc/buy/cgsh_order_operate.html HTTP/1.1" 200 2065
180.152.241.196 - - [04/Oct/2023:09:22:50 +0800] "POST /xingrg/kc/buy/cgsh_order_operate.html HTTP/1.1" 200 12
101.83.145.37 - - [04/Oct/2023:09:22:50 +0800] "GET /xingrg/all/function/internal_message.html?_=1696382352079&CODE_STATE=getMsg HTTP/1.1" 200 27
222.70.180.200 - - [04/Oct/2023:09:22:50 +0800] "GET /xingrg/check_reg.html?_=1696382859923 HTTP/1.1" 200 22
124.78.155.92 - - [04/Oct/2023:09:22:53 +0800] "POST /xingrg/kc/buy/cgsh_order_operate.html HTTP/1.1" 200 2065
114.83.218.82 - - [04/Oct/2023:09:22:55 +0800] "GET /xingrg/kc/buy/cgsh_order_operate.html?command=get_materiel&rest_code=00149&code=00101008330&supplier_code=00100008&order_time=2023-10-04 HTTP/1.1" 200 409
180.152.241.196 - - [04/Oct/2023:09:22:56 +0800] "GET /xingrg/kc/buy/cgsh_order_info.html?code=212023100401041 HTTP/1.1" 200 67462
180.152.241.196 - - [04/Oct/2023:09:22:57 +0800] "GET /xingrg/javascript/easyui/themes/default/validatebox.css HTTP/1.1" 404 1104
124.78.155.92 - - [04/Oct/2023:09:23:02 +0800] "GET /xingrg/all/function/internal_message.html?_=1696382575677&CODE_STATE=getMsg HTTP/1.1" 200 27
180.152.241.196 - - [04/Oct/2023:09:23:03 +0800] "POST /xingrg/kc/buy/cgsh_order_operate.html HTTP/1.1" 200 15
101.83.145.37 - - [04/Oct/2023:09:23:03 +0800] "POST /xingrg/kc/buy/cgsh_order_operate.html HTTP/1.1" 200 37
124.78.69.58 - - [04/Oct/2023:09:23:05 +0800] "GET /xingrg/all/function/internal_message.html?_=1696382007980&CODE_STATE=getMsg HTTP/1.1" 200 27
101.83.145.37 - - [04/Oct/2023:09:23:05 +0800] "POST /xingrg/kc/buy/cgsh_order_operate.html HTTP/1.1" 200 34003
101.83.145.37 - - [04/Oct/2023:09:23:07 +0800] "GET /xingrg/kc/print/load_data.html?order_code=212023100401030&kc_code=cgsh&condition= HTTP/1.1" 200 12564
114.83.218.82 - - [04/Oct/2023:09:23:07 +0800] "GET /xingrg/kc/buy/cgsh_order_operate.html?command=get_materiel&rest_code=00149&code=00101008224&supplier_code=00100008&order_time=2023-10-04 HTTP/1.1" 200 416
180.152.241.196 - - [04/Oct/2023:09:23:09 +0800] "GET /xingrg/kc/print/load_data.html?order_code=212023100401041&kc_code=cgsh&condition= HTTP/1.1" 200 1330
101.83.145.37 - - [04/Oct/2023:09:23:13 +0800] "GET /xingrg/kc/buy/cgsh_order_add.html HTTP/1.1" 200 72612
101.83.145.37 - - [04/Oct/2023:09:23:14 +0800] "POST /xingrg/kc/buy/cgsh_order_operate.html HTTP/1.1" 200 8245
101.83.145.37 - - [04/Oct/2023:09:23:14 +0800] "GET /xingrg/javascript/easyui/themes/default/validatebox.css HTTP/1.1" 404 1104
180.152.241.196 - - [04/Oct/2023:09:23:18 +0800] "GET /xingrg/kc/buy/cgsh_order_add.html HTTP/1.1" 200 72565
180.152.241.196 - - [04/Oct/2023:09:23:18 +0800] "POST /xingrg/kc/buy/cgsh_order_operate.html HTTP/1.1" 200 8245
180.152.241.196 - - [04/Oct/2023:09:23:18 +0800] "GET /xingrg/javascript/easyui/themes/default/validatebox.css HTTP/1.1" 404 1104
180.152.241.196 - - [04/Oct/2023:09:23:18 +0800] "GET /xingrg/all/function/internal_message.html?_=1696382598543&CODE_STATE=getMsg HTTP/1.1" 200 27
180.165.48.189 - - [04/Oct/2023:09:23:21 +0800] "GET /xingrg/all/function/internal_message.html?_=1696382601907&CODE_STATE=getMsg HTTP/1.1" 200 27
114.95.241.104 - - [04/Oct/2023:09:23:22 +0800] "GET /xingrg/check_reg.html?_=1696382601710 HTTP/1.1" 200 22
114.95.241.104 - - [04/Oct/2023:09:23:22 +0800] "GET /xingrg/all/function/internal_message.html?_=1696382601714&CODE_STATE=getMsg HTTP/1.1" 200 27
114.83.218.82 - - [04/Oct/2023:09:23:22 +0800] "GET /xingrg/check_reg.html?_=1696382600209 HTTP/1.1" 200 22
114.83.218.82 - - [04/Oct/2023:09:23:22 +0800] "GET /xingrg/all/function/internal_message.html?_=1696382600200&CODE_STATE=getMsg HTTP/1.1" 200 27
222.70.180.200 - - [04/Oct/2023:09:23:24 +0800] "GET /xingrg/all/function/internal_message.html?_=1696382603532&CODE_STATE=getMsg HTTP/1.1" 200 27
114.83.218.82 - - [04/Oct/2023:09:23:24 +0800] "GET /xingrg/kc/buy/cgsh_order_operate.html?command=get_materiel&rest_code=00149&code=00101008332&supplier_code=00100008&order_time=2023-10-04 HTTP/1.1" 200 412
124.78.69.58 - - [04/Oct/2023:09:23:29 +0800] "GET /xingrg/check_reg.html?_=1696382032176 HTTP/1.1" 200 22
101.83.145.37 - - [04/Oct/2023:09:23:31 +0800] "GET /xingrg/all/function/internal_message.html?_=1696382613047&CODE_STATE=getMsg HTTP/1.1" 200 27
101.83.145.37 - - [04/Oct/2023:09:23:31 +0800] "GET /xingrg/check_reg.html?_=1696382613083 HTTP/1.1" 200 22
180.169.147.146 - - [04/Oct/2023:09:23:34 +0800] "GET /xingrg/all/function/internal_message.html?_=1696382614447&CODE_STATE=getMsg HTTP/1.1" 200 27
114.95.241.104 - - [04/Oct/2023:09:23:35 +0800] "GET /xingrg/check_reg.html?_=1696382613338 HTTP/1.1" 200 22
114.95.241.104 - - [04/Oct/2023:09:23:35 +0800] "GET /xingrg/all/function/internal_message.html?_=1696382613340&CODE_STATE=getMsg HTTP/1.1" 200 27
180.169.147.146 - - [04/Oct/2023:09:23:36 +0800] "GET /xingrg/all/function/internal_message.html?_=1696382615931&CODE_STATE=getMsg HTTP/1.1" 302 -
222.70.180.200 - - [04/Oct/2023:09:23:36 +0800] "GET /xingrg/all/function/internal_message.html?_=1696382906298&CODE_STATE=getMsg HTTP/1.1" 200 27
222.70.180.200 - - [04/Oct/2023:09:23:37 +0800] "GET /xingrg/all/function/internal_message.html?_=1696382616372&CODE_STATE=getMsg HTTP/1.1" 200 27
101.228.187.155 - - [04/Oct/2023:09:23:38 +0800] "GET /xingrg/all/function/internal_message.html?_=1696382616247&CODE_STATE=getMsg HTTP/1.1" 200 27
101.228.187.155 - - [04/Oct/2023:09:23:38 +0800] "GET /xingrg/check_reg.html?_=1696382616249 HTTP/1.1" 200 22
124.78.155.92 - - [04/Oct/2023:09:23:40 +0800] "GET /xingrg/kc/buy/cgsh_order_operate.html?command=get_materiel&rest_code=00106&code=00101008108&supplier_code=00100007&order_time=2023-10-04 HTTP/1.1" 200 412
59.56.12.79 - - [04/Oct/2023:09:23:46 +0800] "GET /xingrg/all/function/internal_message.html?_=1696382625712&CODE_STATE=getMsg HTTP/1.1" 200 27
120.253.135.82 - - [04/Oct/2023:09:23:48 +0800] "GET /xingrg/all/function/internal_message.html?_=1696382770451&CODE_STATE=getMsg HTTP/1.1" 200 27
120.253.135.82 - - [04/Oct/2023:09:23:48 +0800] "GET /xingrg/check_reg.html?_=1696382770451 HTTP/1.1" 200 22
101.83.145.37 - - [04/Oct/2023:09:23:50 +0800] "GET /xingrg/all/function/internal_message.html?_=1696382412080&CODE_STATE=getMsg HTTP/1.1" 200 27
180.157.248.250 - - [04/Oct/2023:09:23:50 +0800] "POST /xingrg/services/DataTransmitService HTTP/1.1" 200 524
114.83.218.82 - - [04/Oct/2023:09:23:57 +0800] "GET /xingrg/kc/buy/cgsh_order_operate.html?command=get_materiel&rest_code=00149&code=00101008286&supplier_code=00100008&order_time=2023-10-04 HTTP/1.1" 200 408
124.78.155.92 - - [04/Oct/2023:09:24:02 +0800] "GET /xingrg/all/function/internal_message.html?_=1696382635711&CODE_STATE=getMsg HTTP/1.1" 200 27
124.78.69.58 - - [04/Oct/2023:09:24:05 +0800] "GET /xingrg/all/function/internal_message.html?_=1696382067959&CODE_STATE=getMsg HTTP/1.1" 200 27
124.78.155.92 - - [04/Oct/2023:09:24:07 +0800] "GET /xingrg/kc/buy/cgsh_order_operate.html?command=get_materiel&rest_code=00106&code=00101008275&supplier_code=00100007&order_time=2023-10-04 HTTP/1.1" 200 416
124.78.155.92 - - [04/Oct/2023:09:24:10 +0800] "POST /xingrg/kc/buy/cgsh_order_operate.html HTTP/1.1" 200 2065
114.83.218.82 - - [04/Oct/2023:09:24:12 +0800] "POST /xingrg/kc/buy/cgsh_order_operate.html HTTP/1.1" 200 2065
180.152.241.196 - - [04/Oct/2023:09:24:18 +0800] "GET /xingrg/check_reg.html?_=1696382658554 HTTP/1.1" 200 22
180.152.241.196 - - [04/Oct/2023:09:24:18 +0800] "GET /xingrg/all/function/internal_message.html?_=1696382658552&CODE_STATE=getMsg HTTP/1.1" 200 27
180.165.48.189 - - [04/Oct/2023:09:24:21 +0800] "GET /xingrg/all/function/internal_message.html?_=1696382661905&CODE_STATE=getMsg HTTP/1.1" 200 27
114.83.218.82 - - [04/Oct/2023:09:24:21 +0800] "GET /xingrg/kc/buy/cgsh_order_operate.html?command=get_materiel&rest_code=00149&code=00101008368&supplier_code=00100008&order_time=2023-10-04 HTTP/1.1" 200 408
114.95.241.104 - - [04/Oct/2023:09:24:22 +0800] "GET /xingrg/all/function/internal_message.html?_=1696382661724&CODE_STATE=getMsg HTTP/1.1" 200 27
114.83.218.82 - - [04/Oct/2023:09:24:23 +0800] "GET /xingrg/all/function/internal_message.html?_=1696382660274&CODE_STATE=getMsg HTTP/1.1" 200 27
222.70.180.200 - - [04/Oct/2023:09:24:24 +0800] "GET /xingrg/all/function/internal_message.html?_=1696382663504&CODE_STATE=getMsg HTTP/1.1" 200 27
101.83.145.37 - - [04/Oct/2023:09:24:31 +0800] "GET /xingrg/all/function/internal_message.html?_=1696382672995&CODE_STATE=getMsg HTTP/1.1" 200 27
114.83.218.82 - - [04/Oct/2023:09:24:32 +0800] "GET /xingrg/kc/buy/cgsh_order_operate.html?command=get_materiel&rest_code=00149&code=00101008131&supplier_code=00100008&order_time=2023-10-04 HTTP/1.1" 200 409
180.163.30.85 - - [04/Oct/2023:09:24:34 +0800] "GET /xingrg/all/function/internal_message.html?_=1696382614447&CODE_STATE=getMsg HTTP/1.1" 302 -
180.163.30.85 - - [04/Oct/2023:09:24:34 +0800] "GET /xingrg/login.html HTTP/1.1" 200 7641
180.169.147.146 - - [04/Oct/2023:09:24:34 +0800] "GET /xingrg/all/function/internal_message.html?_=1696382674446&CODE_STATE=getMsg HTTP/1.1" 200 27
114.95.241.104 - - [04/Oct/2023:09:24:35 +0800] "GET /xingrg/all/function/internal_message.html?_=1696382673339&CODE_STATE=getMsg HTTP/1.1" 200 27
180.169.147.146 - - [04/Oct/2023:09:24:36 +0800] "GET /xingrg/all/function/internal_message.html?_=1696382675930&CODE_STATE=getMsg HTTP/1.1" 302 -
222.70.180.200 - - [04/Oct/2023:09:24:36 +0800] "GET /xingrg/all/function/internal_message.html?_=1696382966297&CODE_STATE=getMsg HTTP/1.1" 200 27
222.70.180.200 - - [04/Oct/2023:09:24:37 +0800] "GET /xingrg/all/function/internal_message.html?_=1696382676372&CODE_STATE=getMsg HTTP/1.1" 200 27
222.70.180.200 - - [04/Oct/2023:09:24:37 +0800] "POST /xingrg/kc/buy/cgsh_order_operate.html HTTP/1.1" 200 37
101.228.187.155 - - [04/Oct/2023:09:24:38 +0800] "GET /xingrg/all/function/internal_message.html?_=1696382676246&CODE_STATE=getMsg HTTP/1.1" 200 27
222.70.180.200 - - [04/Oct/2023:09:24:40 +0800] "POST /xingrg/kc/buy/cgsh_order_operate.html HTTP/1.1" 200 5017
222.70.180.200 - - [04/Oct/2023:09:24:42 +0800] "GET /xingrg/kc/print/load_data.html?order_code=212023100401042&kc_code=cgsh&condition= HTTP/1.1" 200 1640
59.56.12.79 - - [04/Oct/2023:09:24:46 +0800] "GET /xingrg/all/function/internal_message.html?_=1696382685694&CODE_STATE=getMsg HTTP/1.1" 200 27
124.78.69.58 - - [04/Oct/2023:09:24:48 +0800] "GET /xingrg/kc/buy/cgsh_order_add.html HTTP/1.1" 200 72530
120.253.135.82 - - [04/Oct/2023:09:24:48 +0800] "GET /xingrg/all/function/internal_message.html?_=1696382830441&CODE_STATE=getMsg HTTP/1.1" 200 27
124.78.69.58 - - [04/Oct/2023:09:24:48 +0800] "POST /xingrg/kc/buy/cgsh_order_operate.html HTTP/1.1" 200 8245
124.78.69.58 - - [04/Oct/2023:09:24:48 +0800] "GET /xingrg/javascript/easyui/themes/default/validatebox.css HTTP/1.1" 404 1104
101.83.145.37 - - [04/Oct/2023:09:24:50 +0800] "GET /xingrg/all/function/internal_message.html?_=1696382472080&CODE_STATE=getMsg HTTP/1.1" 200 27
114.83.218.82 - - [04/Oct/2023:09:24:55 +0800] "GET /xingrg/kc/buy/cgsh_order_operate.html?command=get_materiel&rest_code=00149&code=00101008296&supplier_code=00100008&order_time=2023-10-04 HTTP/1.1" 200 416
180.152.241.196 - - [04/Oct/2023:09:24:57 +0800] "GET /xingrg/check_reg.html?_=1696382709673 HTTP/1.1" 302 -
180.152.241.196 - - [04/Oct/2023:09:24:57 +0800] "GET /xingrg/login.html HTTP/1.1" 200 7641
124.78.155.92 - - [04/Oct/2023:09:24:58 +0800] "GET /xingrg/kc/buy/cgsh_order_operate.html?command=get_materiel&rest_code=00106&code=00101008370&supplier_code=00100007&order_time=2023-10-04 HTTP/1.1" 200 412
101.83.145.37 - - [04/Oct/2023:09:25:01 +0800] "GET /xingrg/kc/buy/cgsh_order_operate.html?command=get_materiel&rest_code=00105&code=00101009109&supplier_code=00100024&order_time=2023-10-04 HTTP/1.1" 200 413
124.78.155.92 - - [04/Oct/2023:09:25:02 +0800] "GET /xingrg/all/function/internal_message.html?_=1696382695688&CODE_STATE=getMsg HTTP/1.1" 200 27
124.78.155.92 - - [04/Oct/2023:09:25:02 +0800] "GET /xingrg/check_reg.html?_=1696382695782 HTTP/1.1" 200 22
180.152.241.196 - - [04/Oct/2023:09:25:02 +0800] "GET /xingrg/kc/base/check_order_list.html HTTP/1.1" 302 -
180.152.241.196 - - [04/Oct/2023:09:25:03 +0800] "GET /xingrg/login.html HTTP/1.1" 200 7641
180.152.241.196 - - [04/Oct/2023:09:25:03 +0800] "GET /xingrg/login.html HTTP/1.1" 200 7641
120.253.135.82 - - [04/Oct/2023:09:25:03 +0800] "GET /xingrg/check_reg.html?_=1696382506025 HTTP/1.1" 200 22
180.152.241.196 - - [04/Oct/2023:09:25:03 +0800] "GET /favicon.ico HTTP/1.1" 404 -
124.78.69.58 - - [04/Oct/2023:09:25:05 +0800] "GET /xingrg/all/function/internal_message.html?_=1696382127947&CODE_STATE=getMsg HTTP/1.1" 200 27
180.152.241.196 - - [04/Oct/2023:09:25:07 +0800] "POST /xingrg/login.do HTTP/1.1" 302 -
180.152.241.196 - - [04/Oct/2023:09:25:07 +0800] "GET /xingrg/index.html?sysBaseUrl=http%3A%2F%2F180.169.147.146%3A18081%2Fxingrg%2F&costTime=832×tamp=1696382707701 HTTP/1.1" 200 17173
180.152.241.196 - - [04/Oct/2023:09:25:07 +0800] "GET /favicon.ico HTTP/1.1" 404 -
180.152.241.196 - - [04/Oct/2023:09:25:08 +0800] "GET /xingrg/check_reg.html?_=1696382720570 HTTP/1.1" 200 22
180.152.241.196 - - [04/Oct/2023:09:25:08 +0800] "POST /xingrg/all/common/load_tree.html?tree=area_rest_tree_json&manage=1 HTTP/1.1" 200 342
180.152.241.196 - - [04/Oct/2023:09:25:08 +0800] "GET /xingrg/all/function/internal_message.html?_=1696382720568&CODE_STATE=count HTTP/1.1" 200 11
180.152.241.196 - - [04/Oct/2023:09:25:08 +0800] "POST /xingrg/load_menu.html HTTP/1.1" 200 5138
114.83.218.82 - - [04/Oct/2023:09:25:09 +0800] "GET /xingrg/kc/buy/cgsh_order_operate.html?command=get_materiel&rest_code=00149&code=00101008318&supplier_code=00100008&order_time=2023-10-04 HTTP/1.1" 200 408
180.152.241.196 - - [04/Oct/2023:09:25:11 +0800] "GET /xingrg/kc/base/check_order_list.html HTTP/1.1" 200 16293
180.152.241.196 - - [04/Oct/2023:09:25:11 +0800] "POST /xingrg/kc/base/check_list_operate.html HTTP/1.1" 200 3831
180.152.241.196 - - [04/Oct/2023:09:25:14 +0800] "GET /xingrg/check_reg.html?_=1696382714002 HTTP/1.1" 200 22
114.83.218.82 - - [04/Oct/2023:09:25:14 +0800] "POST /xingrg/kc/buy/cgsh_order_operate.html HTTP/1.1" 200 2065
180.152.241.196 - - [04/Oct/2023:09:25:18 +0800] "GET /xingrg/all/function/internal_message.html?_=1696382718544&CODE_STATE=getMsg HTTP/1.1" 200 27
114.83.218.82 - - [04/Oct/2023:09:25:20 +0800] "GET /xingrg/kc/buy/cgsh_order_operate.html?command=get_materiel&rest_code=00149&code=00101008098&supplier_code=00100008&order_time=2023-10-04 HTTP/1.1" 200 412
180.165.48.189 - - [04/Oct/2023:09:25:21 +0800] "GET /xingrg/all/function/internal_message.html?_=1696382721893&CODE_STATE=getMsg HTTP/1.1" 200 27
114.95.241.104 - - [04/Oct/2023:09:25:22 +0800] "GET /xingrg/all/function/internal_message.html?_=1696382721724&CODE_STATE=getMsg HTTP/1.1" 200 27
114.83.218.82 - - [04/Oct/2023:09:25:23 +0800] "GET /xingrg/all/function/internal_message.html?_=1696382720260&CODE_STATE=getMsg HTTP/1.1" 200 27
222.70.180.200 - - [04/Oct/2023:09:25:24 +0800] "GET /xingrg/all/function/internal_message.html?_=1696382723493&CODE_STATE=getMsg HTTP/1.1" 200 27
222.70.180.200 - - [04/Oct/2023:09:25:24 +0800] "GET /xingrg/check_reg.html?_=1696382723994 HTTP/1.1" 200 22
124.78.155.92 - - [04/Oct/2023:09:25:29 +0800] "GET /xingrg/kc/buy/cgsh_order_operate.html?command=get_materiel&rest_code=00106&code=00101008357&supplier_code=00100007&order_time=2023-10-04 HTTP/1.1" 200 408
114.83.218.82 - - [04/Oct/2023:09:25:31 +0800] "GET /xingrg/kc/buy/cgsh_order_operate.html?command=get_materiel&rest_code=00149&code=00101008353&supplier_code=00100008&order_time=2023-10-04 HTTP/1.1" 200 408
101.83.145.37 - - [04/Oct/2023:09:25:31 +0800] "GET /xingrg/all/function/internal_message.html?_=1696382732973&CODE_STATE=getMsg HTTP/1.1" 200 27
180.169.147.146 - - [04/Oct/2023:09:25:34 +0800] "GET /xingrg/all/function/internal_message.html?_=1696382734441&CODE_STATE=getMsg HTTP/1.1" 200 27
114.95.241.104 - - [04/Oct/2023:09:25:35 +0800] "GET /xingrg/all/function/internal_message.html?_=1696382733338&CODE_STATE=getMsg HTTP/1.1" 200 27
180.169.147.146 - - [04/Oct/2023:09:25:36 +0800] "GET /xingrg/all/function/internal_message.html?_=1696382735925&CODE_STATE=getMsg HTTP/1.1" 302 -
222.70.180.200 - - [04/Oct/2023:09:25:36 +0800] "GET /xingrg/all/function/internal_message.html?_=1696383026271&CODE_STATE=getMsg HTTP/1.1" 200 27
222.70.180.200 - - [04/Oct/2023:09:25:37 +0800] "GET /xingrg/all/function/internal_message.html?_=1696382736372&CODE_STATE=getMsg HTTP/1.1" 200 27
101.228.187.155 - - [04/Oct/2023:09:25:38 +0800] "GET /xingrg/all/function/internal_message.html?_=1696382736246&CODE_STATE=getMsg HTTP/1.1" 200 27
124.78.155.92 - - [04/Oct/2023:09:25:44 +0800] "POST /xingrg/kc/buy/cgsh_order_operate.html HTTP/1.1" 200 37
114.83.218.82 - - [04/Oct/2023:09:25:45 +0800] "GET /xingrg/kc/buy/cgsh_order_operate.html?command=get_materiel&rest_code=00149&code=00101008213&supplier_code=00100008&order_time=2023-10-04 HTTP/1.1" 200 412
124.78.155.92 - - [04/Oct/2023:09:25:45 +0800] "POST /xingrg/kc/buy/cgsh_order_operate.html HTTP/1.1" 200 29300
59.56.12.79 - - [04/Oct/2023:09:25:46 +0800] "GET /xingrg/all/function/internal_message.html?_=1696382745682&CODE_STATE=getMsg HTTP/1.1" 200 27
120.253.135.82 - - [04/Oct/2023:09:25:48 +0800] "GET /xingrg/all/function/internal_message.html?_=1696382890447&CODE_STATE=getMsg HTTP/1.1" 200 27
101.83.145.37 - - [04/Oct/2023:09:25:50 +0800] "GET /xingrg/all/function/internal_message.html?_=1696382532080&CODE_STATE=getMsg HTTP/1.1" 200 27
114.83.218.82 - - [04/Oct/2023:09:25:53 +0800] "GET /xingrg/kc/buy/cgsh_order_operate.html?command=get_materiel&rest_code=00149&code=00101008114&supplier_code=00100008&order_time=2023-10-04 HTTP/1.1" 200 412
124.78.155.92 - - [04/Oct/2023:09:25:55 +0800] "GET /xingrg/kc/buy/cgsh_order_operate.html?command=get_materiel&rest_code=00106&code=00101008175&supplier_code=00100007&order_time=2023-10-04 HTTP/1.1" 200 412
124.78.155.92 - - [04/Oct/2023:09:26:02 +0800] "GET /xingrg/all/function/internal_message.html?_=1696382755669&CODE_STATE=getMsg HTTP/1.1" 200 27
124.78.69.58 - - [04/Oct/2023:09:26:05 +0800] "GET /xingrg/all/function/internal_message.html?_=1696382187919&CODE_STATE=getMsg HTTP/1.1" 200 27
124.78.69.58 - - [04/Oct/2023:09:26:05 +0800] "GET /xingrg/kc/buy/cgsh_order_operate.html?command=get_materiel&rest_code=00141&code=00101006129&supplier_code=00100012&order_time=2023-10-04 HTTP/1.1" 200 441
114.83.218.82 - - [04/Oct/2023:09:26:06 +0800] "GET /xingrg/kc/buy/cgsh_order_operate.html?command=get_materiel&rest_code=00149&code=00101009113&supplier_code=00100008&order_time=2023-10-04 HTTP/1.1" 200 412
180.152.241.196 - - [04/Oct/2023:09:26:08 +0800] "GET /xingrg/all/function/internal_message.html?_=1696382780588&CODE_STATE=getMsg HTTP/1.1" 200 27
124.78.155.92 - - [04/Oct/2023:09:26:14 +0800] "GET /xingrg/kc/buy/cgsh_order_operate.html?command=get_materiel&rest_code=00106&code=00101008229&supplier_code=00100007&order_time=2023-10-04 HTTP/1.1" 200 420
180.152.241.196 - - [04/Oct/2023:09:26:18 +0800] "GET /xingrg/all/function/internal_message.html?_=1696382778562&CODE_STATE=getMsg HTTP/1.1" 200 27
101.83.145.37 - - [04/Oct/2023:09:26:19 +0800] "GET /xingrg/kc/buy/cgsh_order_operate.html?command=get_materiel&rest_code=00105&code=00101009124&supplier_code=00100024&order_time=2023-10-04 HTTP/1.1" 200 416
180.165.48.189 - - [04/Oct/2023:09:26:21 +0800] "GET /xingrg/all/function/internal_message.html?_=1696382781900&CODE_STATE=getMsg HTTP/1.1" 200 27
114.95.241.104 - - [04/Oct/2023:09:26:22 +0800] "GET /xingrg/all/function/internal_message.html?_=1696382781725&CODE_STATE=getMsg HTTP/1.1" 200 27
124.78.69.58 - - [04/Oct/2023:09:26:22 +0800] "GET /xingrg/kc/buy/cgsh_order_operate.html?command=get_materiel&rest_code=00141&code=00101006006&supplier_code=00100012&order_time=2023-10-04 HTTP/1.1" 200 408
114.83.218.82 - - [04/Oct/2023:09:26:22 +0800] "GET /xingrg/all/function/internal_message.html?_=1696382780242&CODE_STATE=getMsg HTTP/1.1" 200 27
222.70.180.200 - - [04/Oct/2023:09:26:24 +0800] "GET /xingrg/all/function/internal_message.html?_=1696382783471&CODE_STATE=getMsg HTTP/1.1" 200 27
124.78.155.92 - - [04/Oct/2023:09:26:24 +0800] "GET /xingrg/kc/buy/cgsh_order_operate.html?command=get_materiel&rest_code=00106&code=00101008356&supplier_code=00100007&order_time=2023-10-04 HTTP/1.1" 200 408
101.83.145.37 - - [04/Oct/2023:09:26:26 +0800] "GET /xingrg/kc/buy/cgsh_order_operate.html?command=get_materiel&rest_code=00105&code=00101009062&supplier_code=00100024&order_time=2023-10-04 HTTP/1.1" 200 412
101.83.145.37 - - [04/Oct/2023:09:26:31 +0800] "GET /xingrg/all/function/internal_message.html?_=1696382792944&CODE_STATE=getMsg HTTP/1.1" 200 27
180.169.147.146 - - [04/Oct/2023:09:26:34 +0800] "GET /xingrg/check_reg.html?_=1696382794464 HTTP/1.1" 200 22
180.169.147.146 - - [04/Oct/2023:09:26:34 +0800] "GET /xingrg/all/function/internal_message.html?_=1696382794455&CODE_STATE=getMsg HTTP/1.1" 200 27
114.95.241.104 - - [04/Oct/2023:09:26:35 +0800] "GET /xingrg/all/function/internal_message.html?_=1696382793333&CODE_STATE=getMsg HTTP/1.1" 200 27
180.169.147.146 - - [04/Oct/2023:09:26:36 +0800] "GET /xingrg/all/function/internal_message.html?_=1696382795923&CODE_STATE=getMsg HTTP/1.1" 302 -
114.83.218.82 - - [04/Oct/2023:09:26:36 +0800] "POST /xingrg/kc/buy/cgsh_order_operate.html HTTP/1.1" 200 37
222.70.180.200 - - [04/Oct/2023:09:26:36 +0800] "GET /xingrg/all/function/internal_message.html?_=1696383086253&CODE_STATE=getMsg HTTP/1.1" 200 27
222.70.180.200 - - [04/Oct/2023:09:26:37 +0800] "GET /xingrg/all/function/internal_message.html?_=1696382796399&CODE_STATE=getMsg HTTP/1.1" 200 27
222.70.180.200 - - [04/Oct/2023:09:26:37 +0800] "GET /xingrg/check_reg.html?_=1696382796401 HTTP/1.1" 200 22
124.78.155.92 - - [04/Oct/2023:09:26:37 +0800] "GET /xingrg/kc/buy/cgsh_order_operate.html?command=get_materiel&rest_code=00106&code=00101015054&supplier_code=00100007&order_time=2023-10-04 HTTP/1.1" 200 404
101.228.187.155 - - [04/Oct/2023:09:26:38 +0800] "GET /xingrg/all/function/internal_message.html?_=1696382796245&CODE_STATE=getMsg HTTP/1.1" 200 27
124.78.69.58 - - [04/Oct/2023:09:26:38 +0800] "GET /xingrg/kc/buy/cgsh_order_operate.html?command=get_materiel&rest_code=00141&code=00101006177&supplier_code=00100012&order_time=2023-10-04 HTTP/1.1" 200 408
101.83.145.37 - - [04/Oct/2023:09:26:41 +0800] "GET /xingrg/kc/buy/cgsh_order_operate.html?command=get_materiel&rest_code=00105&code=00101009021&supplier_code=00100024&order_time=2023-10-04 HTTP/1.1" 200 417
59.56.12.79 - - [04/Oct/2023:09:26:42 +0800] "GET /xingrg/check_reg.html?_=1696382801637 HTTP/1.1" 200 22
114.83.218.82 - - [04/Oct/2023:09:26:45 +0800] "POST /xingrg/kc/buy/cgsh_order_operate.html HTTP/1.1" 200 12
59.56.12.79 - - [04/Oct/2023:09:26:46 +0800] "GET /xingrg/all/function/internal_message.html?_=1696382805654&CODE_STATE=getMsg HTTP/1.1" 200 27
114.83.218.82 - - [04/Oct/2023:09:26:47 +0800] "GET /xingrg/kc/buy/cgsh_order_info.html?code=212023100401043 HTTP/1.1" 200 67527
124.78.155.92 - - [04/Oct/2023:09:26:47 +0800] "POST /xingrg/kc/buy/cgsh_order_operate.html HTTP/1.1" 200 2065
114.83.218.82 - - [04/Oct/2023:09:26:47 +0800] "GET /xingrg/javascript/easyui/themes/default/validatebox.css HTTP/1.1" 404 1104
120.253.135.82 - - [04/Oct/2023:09:26:48 +0800] "GET /xingrg/all/function/internal_message.html?_=1696382950457&CODE_STATE=getMsg HTTP/1.1" 200 27
114.83.218.82 - - [04/Oct/2023:09:26:48 +0800] "POST /xingrg/kc/buy/cgsh_order_operate.html HTTP/1.1" 200 20111
114.83.218.82 - - [04/Oct/2023:09:26:50 +0800] "GET /xingrg/kc/print/load_config.html?kc_code=cgsh HTTP/1.1" 200 1927
101.83.145.37 - - [04/Oct/2023:09:26:50 +0800] "GET /xingrg/check_reg.html?_=1696382592080 HTTP/1.1" 200 22
101.83.145.37 - - [04/Oct/2023:09:26:50 +0800] "GET /xingrg/all/function/internal_message.html?_=1696382592084&CODE_STATE=getMsg HTTP/1.1" 200 27
114.83.218.82 - - [04/Oct/2023:09:26:51 +0800] "GET /xingrg/kc/print/load_data.html?order_code=212023100401043&kc_code=cgsh&condition= HTTP/1.1" 200 8076
101.83.145.37 - - [04/Oct/2023:09:26:54 +0800] "GET /xingrg/kc/buy/cgsh_order_operate.html?command=get_materiel&rest_code=00105&code=00101009011&supplier_code=00100024&order_time=2023-10-04 HTTP/1.1" 200 416
124.78.69.58 - - [04/Oct/2023:09:26:55 +0800] "GET /xingrg/kc/buy/cgsh_order_operate.html?command=get_materiel&rest_code=00141&code=00101010247&supplier_code=00100012&order_time=2023-10-04 HTTP/1.1" 200 408
124.78.155.92 - - [04/Oct/2023:09:26:56 +0800] "GET /xingrg/kc/buy/cgsh_order_operate.html?command=get_materiel&rest_code=00106&code=00101008114&supplier_code=00100007&order_time=2023-10-04 HTTP/1.1" 200 412
114.83.218.82 - - [04/Oct/2023:09:26:56 +0800] "GET /xingrg/kc/buy/cgsh_order_add.html HTTP/1.1" 200 72618
114.83.218.82 - - [04/Oct/2023:09:26:57 +0800] "POST /xingrg/kc/buy/cgsh_order_operate.html HTTP/1.1" 200 8245
114.83.218.82 - - [04/Oct/2023:09:26:57 +0800] "GET /xingrg/javascript/easyui/themes/default/validatebox.css HTTP/1.1" 404 1104
124.78.155.92 - - [04/Oct/2023:09:27:02 +0800] "GET /xingrg/all/function/internal_message.html?_=1696382815644&CODE_STATE=getMsg HTTP/1.1" 200 27
124.78.69.58 - - [04/Oct/2023:09:27:05 +0800] "GET /xingrg/all/function/internal_message.html?_=1696382247898&CODE_STATE=getMsg HTTP/1.1" 200 27
180.152.241.196 - - [04/Oct/2023:09:27:08 +0800] "GET /xingrg/all/function/internal_message.html?_=1696382840600&CODE_STATE=getMsg HTTP/1.1" 200 27
124.78.155.92 - - [04/Oct/2023:09:27:08 +0800] "GET /xingrg/kc/buy/cgsh_order_operate.html?command=get_materiel&rest_code=00106&code=00101008041&supplier_code=00100007&order_time=2023-10-04 HTTP/1.1" 200 408
124.78.69.58 - - [04/Oct/2023:09:27:12 +0800] "GET /xingrg/kc/buy/cgsh_order_operate.html?command=get_materiel&rest_code=00141&code=00101006111&supplier_code=00100012&order_time=2023-10-04 HTTP/1.1" 200 409
222.70.180.200 - - [04/Oct/2023:09:27:15 +0800] "GET /xingrg/kc/buy/cgsh_order_add.html HTTP/1.1" 200 72480
222.70.180.200 - - [04/Oct/2023:09:27:15 +0800] "POST /xingrg/kc/buy/cgsh_order_operate.html HTTP/1.1" 200 8245
222.70.180.200 - - [04/Oct/2023:09:27:15 +0800] "GET /xingrg/javascript/easyui/themes/default/validatebox.css HTTP/1.1" 404 1104
180.152.241.196 - - [04/Oct/2023:09:27:18 +0800] "GET /xingrg/all/function/internal_message.html?_=1696382838552&CODE_STATE=getMsg HTTP/1.1" 200 27
180.165.48.189 - - [04/Oct/2023:09:27:21 +0800] "GET /xingrg/check_reg.html?_=1696382841893 HTTP/1.1" 200 22
180.165.48.189 - - [04/Oct/2023:09:27:21 +0800] "GET /xingrg/all/function/internal_message.html?_=1696382841896&CODE_STATE=getMsg HTTP/1.1" 200 27
124.78.69.58 - - [04/Oct/2023:09:27:21 +0800] "GET /xingrg/kc/buy/cgsh_order_operate.html?command=get_materiel&rest_code=00141&code=00101006193&supplier_code=00100012&order_time=2023-10-04 HTTP/1.1" 200 409
114.95.241.104 - - [04/Oct/2023:09:27:22 +0800] "GET /xingrg/all/function/internal_message.html?_=1696382841725&CODE_STATE=getMsg HTTP/1.1" 200 27
114.83.218.82 - - [04/Oct/2023:09:27:22 +0800] "GET /xingrg/all/function/internal_message.html?_=1696382840218&CODE_STATE=getMsg HTTP/1.1" 200 27
124.78.155.92 - - [04/Oct/2023:09:27:23 +0800] "GET /xingrg/kc/buy/cgsh_order_operate.html?command=get_materiel&rest_code=00106&code=00101008131&supplier_code=00100007&order_time=2023-10-04 HTTP/1.1" 200 409
222.70.180.200 - - [04/Oct/2023:09:27:24 +0800] "GET /xingrg/all/function/internal_message.html?_=1696382843450&CODE_STATE=getMsg HTTP/1.1" 200 27
101.83.145.37 - - [04/Oct/2023:09:27:26 +0800] "GET /xingrg/kc/buy/cgsh_order_operate.html?command=get_materiel&rest_code=00105&code=00101009057&supplier_code=00100024&order_time=2023-10-04 HTTP/1.1" 200 408
101.83.145.37 - - [04/Oct/2023:09:27:31 +0800] "GET /xingrg/all/function/internal_message.html?_=1696382852915&CODE_STATE=getMsg HTTP/1.1" 200 27
180.169.147.146 - - [04/Oct/2023:09:27:34 +0800] "GET /xingrg/all/function/internal_message.html?_=1696382854449&CODE_STATE=getMsg HTTP/1.1" 200 27
114.95.241.104 - - [04/Oct/2023:09:27:35 +0800] "GET /xingrg/all/function/internal_message.html?_=1696382853321&CODE_STATE=getMsg HTTP/1.1" 200 27
124.78.155.92 - - [04/Oct/2023:09:27:35 +0800] "POST /xingrg/kc/buy/cgsh_order_operate.html HTTP/1.1" 200 37
180.169.147.146 - - [04/Oct/2023:09:27:36 +0800] "GET /xingrg/all/function/internal_message.html?_=1696382855935&CODE_STATE=getMsg HTTP/1.1" 302 -
180.169.147.146 - - [04/Oct/2023:09:27:36 +0800] "GET /xingrg/check_reg.html?_=1696382855941 HTTP/1.1" 302 -
222.70.180.200 - - [04/Oct/2023:09:27:36 +0800] "GET /xingrg/all/function/internal_message.html?_=1696383146227&CODE_STATE=getMsg HTTP/1.1" 200 27
222.70.180.200 - - [04/Oct/2023:09:27:37 +0800] "GET /xingrg/all/function/internal_message.html?_=1696382856401&CODE_STATE=getMsg HTTP/1.1" 200 27
101.228.187.155 - - [04/Oct/2023:09:27:38 +0800] "GET /xingrg/all/function/internal_message.html?_=1696382856245&CODE_STATE=getMsg HTTP/1.1" 200 27
124.78.155.92 - - [04/Oct/2023:09:27:40 +0800] "POST /xingrg/kc/buy/cgsh_order_operate.html HTTP/1.1" 200 33437
59.56.12.79 - - [04/Oct/2023:09:27:46 +0800] "GET /xingrg/all/function/internal_message.html?_=1696382865626&CODE_STATE=getMsg HTTP/1.1" 200 27
120.253.135.82 - - [04/Oct/2023:09:27:48 +0800] "GET /xingrg/all/function/internal_message.html?_=1696383010456&CODE_STATE=getMsg HTTP/1.1" 200 27
101.83.145.37 - - [04/Oct/2023:09:27:50 +0800] "GET /xingrg/all/function/internal_message.html?_=1696382652084&CODE_STATE=getMsg HTTP/1.1" 200 27
222.70.180.200 - - [04/Oct/2023:09:27:50 +0800] "GET /xingrg/check_reg.html?_=1696383159917 HTTP/1.1" 200 22
124.78.155.92 - - [04/Oct/2023:09:27:50 +0800] "GET /xingrg/kc/print/load_config.html?kc_code=cgsh HTTP/1.1" 200 1927
124.78.155.92 - - [04/Oct/2023:09:27:51 +0800] "GET /xingrg/kc/print/load_data.html?order_code=212023100401028&kc_code=cgsh HTTP/1.1" 200 12375
124.78.69.58 - - [04/Oct/2023:09:27:53 +0800] "GET /xingrg/kc/buy/cgsh_order_operate.html?command=get_materiel&rest_code=00141&code=00101006180&supplier_code=00100012&order_time=2023-10-04 HTTP/1.1" 200 423
180.163.28.109 - - [04/Oct/2023:09:28:05 +0800] "GET /xingrg/kc/buy/cgsh_order_operate.html?command=get_materiel&rest_code=00106&code=00101008041&supplier_code=00100007&order_time=2023-10-04 HTTP/1.1" 302 -
180.163.28.109 - - [04/Oct/2023:09:28:05 +0800] "GET /xingrg/login.html HTTP/1.1" 200 7641
124.78.69.58 - - [04/Oct/2023:09:28:05 +0800] "GET /xingrg/all/function/internal_message.html?_=1696382307863&CODE_STATE=getMsg HTTP/1.1" 200 27
180.152.241.196 - - [04/Oct/2023:09:28:08 +0800] "GET /xingrg/all/function/internal_message.html?_=1696382900597&CODE_STATE=getMsg HTTP/1.1" 200 27
114.83.218.82 - - [04/Oct/2023:09:28:12 +0800] "GET /favicon.ico HTTP/1.1" 404 -
180.152.241.196 - - [04/Oct/2023:09:28:18 +0800] "GET /xingrg/all/function/internal_message.html?_=1696382898538&CODE_STATE=getMsg HTTP/1.1" 200 27
124.78.155.92 - - [04/Oct/2023:09:28:20 +0800] "GET /xingrg/all/function/internal_message.html?_=1696382893126&CODE_STATE=getMsg HTTP/1.1" 200 27
180.165.48.189 - - [04/Oct/2023:09:28:21 +0800] "GET /xingrg/all/function/internal_message.html?_=1696382901910&CODE_STATE=getMsg HTTP/1.1" 200 27
114.95.241.104 - - [04/Oct/2023:09:28:22 +0800] "GET /xingrg/check_reg.html?_=1696382901725 HTTP/1.1" 200 22
114.95.241.104 - - [04/Oct/2023:09:28:22 +0800] "GET /xingrg/all/function/internal_message.html?_=1696382901729&CODE_STATE=getMsg HTTP/1.1" 200 27
114.83.218.82 - - [04/Oct/2023:09:28:22 +0800] "GET /xingrg/all/function/internal_message.html?_=1696382900191&CODE_STATE=getMsg HTTP/1.1" 200 27
114.83.218.82 - - [04/Oct/2023:09:28:22 +0800] "GET /xingrg/check_reg.html?_=1696382900199 HTTP/1.1" 200 22
222.70.180.200 - - [04/Oct/2023:09:28:23 +0800] "GET /xingrg/kc/buy/cgsh_order_operate.html?command=get_materiel&rest_code=00111&code=00101008353&supplier_code=00100005&order_time=2023-10-04 HTTP/1.1" 200 408
222.70.180.200 - - [04/Oct/2023:09:28:24 +0800] "GET /xingrg/all/function/internal_message.html?_=1696382903423&CODE_STATE=getMsg HTTP/1.1" 200 27
101.83.145.37 - - [04/Oct/2023:09:28:24 +0800] "GET /xingrg/kc/buy/cgsh_order_operate.html?command=get_materiel&rest_code=00105&code=00101009040&supplier_code=00100024&order_time=2023-10-04 HTTP/1.1" 200 412
124.78.69.58 - - [04/Oct/2023:09:28:29 +0800] "GET /xingrg/check_reg.html?_=1696382332187 HTTP/1.1" 200 22
101.83.145.37 - - [04/Oct/2023:09:28:31 +0800] "GET /xingrg/all/function/internal_message.html?_=1696382912893&CODE_STATE=getMsg HTTP/1.1" 200 27
101.83.145.37 - - [04/Oct/2023:09:28:31 +0800] "GET /xingrg/check_reg.html?_=1696382913054 HTTP/1.1" 200 22
124.78.69.58 - - [04/Oct/2023:09:28:33 +0800] "GET /xingrg/kc/buy/cgsh_order_operate.html?command=get_materiel&rest_code=00141&code=00101006175&supplier_code=00100012&order_time=2023-10-04 HTTP/1.1" 200 414
180.169.147.146 - - [04/Oct/2023:09:28:34 +0800] "GET /xingrg/all/function/internal_message.html?_=1696382914443&CODE_STATE=getMsg HTTP/1.1" 200 27
114.95.241.104 - - [04/Oct/2023:09:28:35 +0800] "GET /xingrg/all/function/internal_message.html?_=1696382913323&CODE_STATE=getMsg HTTP/1.1" 200 27
114.95.241.104 - - [04/Oct/2023:09:28:35 +0800] "GET /xingrg/check_reg.html?_=1696382913326 HTTP/1.1" 200 22
180.169.147.146 - - [04/Oct/2023:09:28:36 +0800] "GET /xingrg/all/function/internal_message.html?_=1696382915933&CODE_STATE=getMsg HTTP/1.1" 302 -
222.70.180.200 - - [04/Oct/2023:09:28:36 +0800] "GET /xingrg/all/function/internal_message.html?_=1696383206205&CODE_STATE=getMsg HTTP/1.1" 200 27
222.70.180.200 - - [04/Oct/2023:09:28:37 +0800] "GET /xingrg/all/function/internal_message.html?_=1696382916401&CODE_STATE=getMsg HTTP/1.1" 200 27
101.228.187.155 - - [04/Oct/2023:09:28:38 +0800] "GET /xingrg/all/function/internal_message.html?_=1696382916260&CODE_STATE=getMsg HTTP/1.1" 200 27
101.228.187.155 - - [04/Oct/2023:09:28:38 +0800] "GET /xingrg/check_reg.html?_=1696382916262 HTTP/1.1" 200 22
101.83.145.37 - - [04/Oct/2023:09:28:39 +0800] "POST /xingrg/kc/buy/cgsh_order_operate.html HTTP/1.1" 200 37
101.83.145.37 - - [04/Oct/2023:09:28:41 +0800] "POST /xingrg/kc/buy/cgsh_order_operate.html HTTP/1.1" 200 5624
124.78.69.58 - - [04/Oct/2023:09:28:42 +0800] "GET /xingrg/kc/buy/cgsh_order_operate.html?command=get_materiel&rest_code=00141&code=00101006293&supplier_code=00100012&order_time=2023-10-04 HTTP/1.1" 200 430
101.83.145.37 - - [04/Oct/2023:09:28:43 +0800] "GET /xingrg/kc/print/load_data.html?order_code=212023100401044&kc_code=cgsh&condition= HTTP/1.1" 200 1821
59.56.12.79 - - [04/Oct/2023:09:28:46 +0800] "GET /xingrg/all/function/internal_message.html?_=1696382925620&CODE_STATE=getMsg HTTP/1.1" 200 27
101.83.145.37 - - [04/Oct/2023:09:28:47 +0800] "GET /xingrg/kc/buy/cgsh_order_add.html HTTP/1.1" 200 72612
120.253.135.82 - - [04/Oct/2023:09:28:48 +0800] "GET /xingrg/all/function/internal_message.html?_=1696383070461&CODE_STATE=getMsg HTTP/1.1" 200 27
120.253.135.82 - - [04/Oct/2023:09:28:48 +0800] "GET /xingrg/check_reg.html?_=1696383070467 HTTP/1.1" 200 22
101.83.145.37 - - [04/Oct/2023:09:28:48 +0800] "POST /xingrg/kc/buy/cgsh_order_operate.html HTTP/1.1" 200 8245
101.83.145.37 - - [04/Oct/2023:09:28:48 +0800] "GET /xingrg/javascript/easyui/themes/default/validatebox.css HTTP/1.1" 404 1104
101.83.145.37 - - [04/Oct/2023:09:28:50 +0800] "GET /xingrg/all/function/internal_message.html?_=1696382712084&CODE_STATE=getMsg HTTP/1.1" 200 27
124.78.69.58 - - [04/Oct/2023:09:29:05 +0800] "GET /xingrg/all/function/internal_message.html?_=1696382367844&CODE_STATE=getMsg HTTP/1.1" 200 27
101.83.145.37 - - [04/Oct/2023:09:29:05 +0800] "GET /xingrg/kc/buy/cgsh_order_operate.html?command=get_materiel&rest_code=00105&code=00101006062&supplier_code=00100012&order_time=2023-10-04 HTTP/1.1" 200 409
180.152.241.196 - - [04/Oct/2023:09:29:08 +0800] "GET /xingrg/all/function/internal_message.html?_=1696382960594&CODE_STATE=getMsg HTTP/1.1" 200 27
124.78.69.58 - - [04/Oct/2023:09:29:16 +0800] "POST /xingrg/kc/buy/cgsh_order_operate.html HTTP/1.1" 200 37
114.83.218.82 - - [04/Oct/2023:09:29:16 +0800] "GET /xingrg/kc/buy/cgsh_order_operate.html?command=get_materiel&rest_code=00149&code=00101004051&supplier_code=00100083&order_time=2023-10-04 HTTP/1.1" 200 408
180.152.241.196 - - [04/Oct/2023:09:29:18 +0800] "GET /xingrg/all/function/internal_message.html?_=1696382958543&CODE_STATE=getMsg HTTP/1.1" 200 27
180.152.241.196 - - [04/Oct/2023:09:29:18 +0800] "GET /xingrg/check_reg.html?_=1696382958544 HTTP/1.1" 200 22
124.78.155.92 - - [04/Oct/2023:09:29:20 +0800] "GET /xingrg/all/function/internal_message.html?_=1696382953109&CODE_STATE=getMsg HTTP/1.1" 200 27
