222.70.107.161 - - [04/Oct/2023:10:40:31 +0800] "GET /xingrg/kc/buy/buy_main.html HTTP/1.1" 200 12412
222.70.107.161 - - [04/Oct/2023:10:40:31 +0800] "GET /xingrg/css/new_ie.css HTTP/1.1" 404 1036
222.70.107.161 - - [04/Oct/2023:10:40:31 +0800] "GET /xingrg/css/blue.css HTTP/1.1" 200 15949
222.70.107.161 - - [04/Oct/2023:10:40:31 +0800] "GET /xingrg/javascript/jquery_ui/themes/humanity/humanity.css HTTP/1.1" 200 27801
222.70.107.161 - - [04/Oct/2023:10:40:31 +0800] "GET /xingrg/javascript/pic_change.js HTTP/1.1" 200 4739
222.70.107.161 - - [04/Oct/2023:10:40:31 +0800] "GET /xingrg/javascript/ToolTips.js HTTP/1.1" 200 5615
222.70.107.161 - - [04/Oct/2023:10:40:31 +0800] "GET /xingrg/javascript/myfunction.js HTTP/1.1" 200 24559
222.70.107.161 - - [04/Oct/2023:10:40:31 +0800] "GET /xingrg/images/blue/button/cgxqd.gif HTTP/1.1" 200 2619
222.70.107.161 - - [04/Oct/2023:10:40:31 +0800] "GET /xingrg/images/blue/button/cgydd.gif HTTP/1.1" 200 2712
222.70.107.161 - - [04/Oct/2023:10:40:31 +0800] "GET /xingrg/images/blue/button/cgshd.gif HTTP/1.1" 200 2618
222.70.107.161 - - [04/Oct/2023:10:40:31 +0800] "GET /xingrg/images/blue/button/cgfkd.gif HTTP/1.1" 200 2075
222.70.107.161 - - [04/Oct/2023:10:40:31 +0800] "GET /xingrg/images/blue/button/kc.gif HTTP/1.1" 200 2160
222.70.107.161 - - [04/Oct/2023:10:40:31 +0800] "GET /xingrg/javascript/jquery_ui/jquery-ui.min.js HTTP/1.1" 200 186181
222.70.107.161 - - [04/Oct/2023:10:40:31 +0800] "GET /xingrg/images/blue/pic_form2.gif HTTP/1.1" 200 1853
222.70.107.161 - - [04/Oct/2023:10:40:31 +0800] "GET /xingrg/images/blue/button/ckthd.gif HTTP/1.1" 200 2045
222.70.107.161 - - [04/Oct/2023:10:40:31 +0800] "GET /xingrg/images/blue/button/right_ah.jpg HTTP/1.1" 200 1744
222.70.107.161 - - [04/Oct/2023:10:40:31 +0800] "GET /xingrg/images/blue/bg_dotted.jpg HTTP/1.1" 200 319
222.70.107.161 - - [04/Oct/2023:10:40:31 +0800] "GET /xingrg/images/blue/button/down_ah.jpg HTTP/1.1" 200 1732
222.70.107.161 - - [04/Oct/2023:10:40:31 +0800] "GET /xingrg/javascript/jquery_ui/themes/humanity/images/ui-bg_inset-soft_100_f4f0ec_1x100.png HTTP/1.1" 200 141
222.70.107.161 - - [04/Oct/2023:10:40:31 +0800] "GET /xingrg/javascript/jquery_ui/themes/humanity/images/ui-icons_c47a23_256x240.png HTTP/1.1" 200 5355
222.70.107.161 - - [04/Oct/2023:10:40:31 +0800] "GET /xingrg/javascript/jquery_ui/themes/humanity/images/ui-iconsnew.jpg HTTP/1.1" 200 337
222.70.107.161 - - [04/Oct/2023:10:40:31 +0800] "GET /xingrg/javascript/jquery_ui/themes/humanity/images/ui-bg_glass_70_ede4d4_1x400.png HTTP/1.1" 200 161
222.70.107.161 - - [04/Oct/2023:10:40:31 +0800] "GET /xingrg/javascript/jquery_ui/themes/humanity/images/ui-icons_ffffff_256x240.png HTTP/1.1" 200 4369
222.70.107.161 - - [04/Oct/2023:10:40:31 +0800] "GET /xingrg/images/yd/bt.gif HTTP/1.1" 404 1040
124.78.155.92 - - [04/Oct/2023:10:40:32 +0800] "POST /xingrg/all/common/load_combo.html?type=base HTTP/1.1" 200 3227
222.70.107.161 - - [04/Oct/2023:10:40:33 +0800] "GET /xingrg/kc/buy/cgsh_order_list.html HTTP/1.1" 200 56754
222.70.107.161 - - [04/Oct/2023:10:40:33 +0800] "GET /xingrg/css/base.css HTTP/1.1" 200 2811
222.70.107.161 - - [04/Oct/2023:10:40:33 +0800] "GET /xingrg/css/site.css HTTP/1.1" 200 7541
222.70.107.161 - - [04/Oct/2023:10:40:33 +0800] "GET /xingrg/javascript/jquery_tools/datebox.css HTTP/1.1" 200 2597
222.70.107.161 - - [04/Oct/2023:10:40:33 +0800] "GET /xingrg/javascript/easyui/themes/default/easyui.css HTTP/1.1" 200 30432
222.70.107.161 - - [04/Oct/2023:10:40:33 +0800] "GET /xingrg/javascript/easyui/themes/icon.css HTTP/1.1" 200 4483
222.70.107.161 - - [04/Oct/2023:10:40:33 +0800] "GET /xingrg/javascript/auto/jquery.autocomplete.css HTTP/1.1" 200 587
222.70.107.161 - - [04/Oct/2023:10:40:33 +0800] "GET /xingrg/javascript/jquery_tools/fix.css HTTP/1.1" 200 1702
222.70.107.161 - - [04/Oct/2023:10:40:33 +0800] "GET /xingrg/javascript/jquery_tools/table.css HTTP/1.1" 200 1032
222.70.107.161 - - [04/Oct/2023:10:40:33 +0800] "GET /xingrg/javascript/jquery_tools/jquery.tools.min.js HTTP/1.1" 200 138801
222.70.107.161 - - [04/Oct/2023:10:40:33 +0800] "GET /xingrg/javascript/jquery_tools/jquery.tools.extend.js HTTP/1.1" 200 15385
222.70.107.161 - - [04/Oct/2023:10:40:33 +0800] "GET /xingrg/javascript/jquery_tools/jquery.tools.hotkey.js HTTP/1.1" 200 3242
222.70.107.161 - - [04/Oct/2023:10:40:33 +0800] "GET /xingrg/javascript/jquery_tools/jquery.tools.table.js HTTP/1.1" 200 6994
222.70.107.161 - - [04/Oct/2023:10:40:33 +0800] "GET /xingrg/javascript/jquery_tools/list_manager.js HTTP/1.1" 200 3652
222.70.107.161 - - [04/Oct/2023:10:40:33 +0800] "GET /xingrg/javascript/auto/jquery.autocomplete.js HTTP/1.1" 200 21624
222.70.107.161 - - [04/Oct/2023:10:40:33 +0800] "GET /xingrg/javascript/easyui/easyloader.js HTTP/1.1" 200 5975
222.70.107.161 - - [04/Oct/2023:10:40:33 +0800] "GET /xingrg/javascript/jquery.cookie.js HTTP/1.1" 200 5513
222.70.107.161 - - [04/Oct/2023:10:40:33 +0800] "GET /xingrg/javascript/print/LodopFuncs.js HTTP/1.1" 200 5121
222.70.107.161 - - [04/Oct/2023:10:40:33 +0800] "GET /xingrg/javascript/easyui/themes/icons/import_new.png HTTP/1.1" 200 1247
222.70.107.161 - - [04/Oct/2023:10:40:33 +0800] "GET /xingrg/javascript/easyui/themes/icons/cance_new.png HTTP/1.1" 200 3986
222.70.107.161 - - [04/Oct/2023:10:40:33 +0800] "GET /xingrg/javascript/easyui/themes/icons/edit_add_new.png HTTP/1.1" 200 2997
222.70.107.161 - - [04/Oct/2023:10:40:33 +0800] "GET /xingrg/javascript/easyui/themes/icons/check_new.png HTTP/1.1" 200 3224
222.70.107.161 - - [04/Oct/2023:10:40:33 +0800] "GET /xingrg/javascript/easyui/themes/icons/field_new.png HTTP/1.1" 200 1097
222.70.107.161 - - [04/Oct/2023:10:40:33 +0800] "GET /xingrg/javascript/easyui/plugins/jquery.parser.js HTTP/1.1" 200 1142
222.70.107.161 - - [04/Oct/2023:10:40:33 +0800] "GET /xingrg/images/control/ajaxLoader.gif HTTP/1.1" 200 4659
180.169.147.146 - - [04/Oct/2023:10:40:33 +0800] "GET /xingrg/all/function/internal_message.html?_=1696387232034&CODE_STATE=getMsg HTTP/1.1" 200 27
114.95.241.104 - - [04/Oct/2023:10:40:35 +0800] "GET /xingrg/all/function/internal_message.html?_=1696387234622&CODE_STATE=getMsg HTTP/1.1" 200 27
114.95.241.104 - - [04/Oct/2023:10:40:35 +0800] "GET /xingrg/all/function/internal_message.html?_=1696387233335&CODE_STATE=getMsg HTTP/1.1" 200 27
222.70.107.161 - - [04/Oct/2023:10:40:35 +0800] "POST /xingrg/kc/buy/cgsh_list_operate.html HTTP/1.1" 200 986
180.157.248.250 - - [04/Oct/2023:10:40:35 +0800] "POST /xingrg/kc/base/wldb_list_operate.html HTTP/1.1" 200 4
180.165.48.189 - - [04/Oct/2023:10:40:36 +0800] "GET /xingrg/all/function/internal_message.html?_=1696387237147&CODE_STATE=getMsg HTTP/1.1" 200 27
180.157.248.250 - - [04/Oct/2023:10:40:37 +0800] "POST /xingrg/kc/base/wldb_list_operate.html HTTP/1.1" 200 2168
222.70.180.200 - - [04/Oct/2023:10:40:37 +0800] "GET /xingrg/all/function/internal_message.html?_=1696387236447&CODE_STATE=getMsg HTTP/1.1" 200 27
222.70.180.200 - - [04/Oct/2023:10:40:37 +0800] "GET /xingrg/kc/buy/cgsh_order_operate.html?command=get_materiel&rest_code=00111&code=00101012049&supplier_code=00100338&order_time=2023-10-04 HTTP/1.1" 200 431
101.228.187.155 - - [04/Oct/2023:10:40:38 +0800] "GET /xingrg/all/function/internal_message.html?_=1696387236385&CODE_STATE=getMsg HTTP/1.1" 200 27
58.40.7.146 - - [04/Oct/2023:10:40:42 +0800] "POST /xingrg/services/DataTransmitService HTTP/1.1" 200 524
59.56.12.79 - - [04/Oct/2023:10:40:44 +0800] "GET /xingrg/all/function/internal_message.html?_=1696387244583&CODE_STATE=getMsg HTTP/1.1" 200 27
124.78.155.92 - - [04/Oct/2023:10:40:46 +0800] "GET /xingrg/javascript/auto/indicator.gif HTTP/1.1" 404 1066
180.169.147.146 - - [04/Oct/2023:10:40:48 +0800] "GET /xingrg/all/function/internal_message.html?_=1696387247817&CODE_STATE=getMsg HTTP/1.1" 200 27
120.253.135.82 - - [04/Oct/2023:10:40:48 +0800] "GET /xingrg/all/function/internal_message.html?_=1696387390826&CODE_STATE=getMsg HTTP/1.1" 200 27
180.169.147.146 - - [04/Oct/2023:10:40:49 +0800] "GET /xingrg/all/function/internal_message.html?_=1696387249472&CODE_STATE=getMsg HTTP/1.1" 200 27
124.78.69.58 - - [04/Oct/2023:10:40:50 +0800] "POST /xingrg/all/user/operate.html HTTP/1.1" 200 36
101.83.145.37 - - [04/Oct/2023:10:40:50 +0800] "GET /xingrg/all/function/internal_message.html?_=1696387032188&CODE_STATE=getMsg HTTP/1.1" 200 27
124.78.69.58 - - [04/Oct/2023:10:40:50 +0800] "GET /xingrg/index.html?sysBaseUrl=http%3A%2F%2F180.169.147.146%3A18081%2Fxingrg%2F&costTime=1013×tamp=1696387140469 HTTP/1.1" 200 17509
124.78.69.58 - - [04/Oct/2023:10:40:50 +0800] "GET /xingrg/javascript/jquery_easy_ui/themes/default/easyui.css HTTP/1.1" 304 -
124.78.69.58 - - [04/Oct/2023:10:40:50 +0800] "GET /xingrg/javascript/jquery_easy_ui/themes/icon.css HTTP/1.1" 304 -
124.78.69.58 - - [04/Oct/2023:10:40:50 +0800] "GET /xingrg/css/form.css HTTP/1.1" 304 -
124.78.69.58 - - [04/Oct/2023:10:40:50 +0800] "GET /xingrg/javascript/jquery-1.4.2.min.js HTTP/1.1" 304 -
124.78.69.58 - - [04/Oct/2023:10:40:50 +0800] "GET /xingrg/javascript/jquery_easy_ui/jquery.easyui.min.js HTTP/1.1" 304 -
124.78.69.58 - - [04/Oct/2023:10:40:50 +0800] "GET /xingrg/javascript/jquery_easy_ui/easyui-lang-zh_CN.js HTTP/1.1" 304 -
124.78.69.58 - - [04/Oct/2023:10:40:50 +0800] "GET /xingrg/javascript/jquery.form.js HTTP/1.1" 304 -
124.78.69.58 - - [04/Oct/2023:10:40:50 +0800] "GET /xingrg/javascript/jquery.utils.js HTTP/1.1" 304 -
124.78.69.58 - - [04/Oct/2023:10:40:50 +0800] "GET /xingrg/javascript/jquery.timers.js HTTP/1.1" 304 -
124.78.69.58 - - [04/Oct/2023:10:40:50 +0800] "GET /xingrg/images/blue/jxLogo.png HTTP/1.1" 304 -
124.78.69.58 - - [04/Oct/2023:10:40:50 +0800] "GET /xingrg/javascript/jquery_easy_ui/themes/icons/settle_new.png HTTP/1.1" 304 -
124.78.69.58 - - [04/Oct/2023:10:40:50 +0800] "GET /xingrg/images/blue/navBackgound.jpg HTTP/1.1" 304 -
124.78.69.58 - - [04/Oct/2023:10:40:50 +0800] "GET /xingrg/all/function/internal_message.html?_=1696387248733&CODE_STATE=count HTTP/1.1" 200 11
124.78.69.58 - - [04/Oct/2023:10:40:50 +0800] "GET /xingrg/javascript/jquery_easy_ui/themes/default/images/panel_tool_expand.gif HTTP/1.1" 304 -
124.78.69.58 - - [04/Oct/2023:10:40:50 +0800] "GET /xingrg/javascript/jquery_easy_ui/themes/default/images/panel_tool_collapse.gif HTTP/1.1" 304 -
124.78.69.58 - - [04/Oct/2023:10:40:50 +0800] "GET /xingrg/check_reg.html?_=1696387248734 HTTP/1.1" 200 22
124.78.69.58 - - [04/Oct/2023:10:40:50 +0800] "GET /xingrg/images/blue/pingpu.png HTTP/1.1" 304 -
124.78.69.58 - - [04/Oct/2023:10:40:50 +0800] "GET /xingrg/javascript/jquery_easy_ui/themes/default/images/tabs_rightarrow.png HTTP/1.1" 304 -
124.78.69.58 - - [04/Oct/2023:10:40:50 +0800] "GET /xingrg/javascript/jquery_easy_ui/themes/default/images/tabs_leftarrow.png HTTP/1.1" 304 -
124.78.69.58 - - [04/Oct/2023:10:40:51 +0800] "POST /xingrg/all/common/load_tree.html?tree=area_rest_tree_json&manage=1 HTTP/1.1" 200 3499
124.78.69.58 - - [04/Oct/2023:10:40:51 +0800] "POST /xingrg/load_menu.html HTTP/1.1" 200 9959
124.78.155.92 - - [04/Oct/2023:10:40:53 +0800] "GET /xingrg/kc/base/wldb_order_operate.html?command=get_materiel&rest_code=00106&base_code=0010396&code=00101008559 HTTP/1.1" 200 434
180.157.248.250 - - [04/Oct/2023:10:40:56 +0800] "POST /xingrg/kc/base/wldb_list_operate.html HTTP/1.1" 200 4
180.152.241.196 - - [04/Oct/2023:10:40:58 +0800] "GET /xingrg/kc/buy/cgsh_order_list.html HTTP/1.1" 200 56748
180.157.248.250 - - [04/Oct/2023:10:40:58 +0800] "GET /xingrg/check_reg.html?_=1696387263419 HTTP/1.1" 200 22
180.157.248.250 - - [04/Oct/2023:10:40:59 +0800] "GET /xingrg/all/function/internal_message.html?_=1696387263764&CODE_STATE=getMsg HTTP/1.1" 200 27
180.152.241.196 - - [04/Oct/2023:10:41:00 +0800] "POST /xingrg/kc/buy/cgsh_list_operate.html HTTP/1.1" 200 986
124.78.69.58 - - [04/Oct/2023:10:41:01 +0800] "GET /xingrg/kc/mdqp/psth_order_list1.html HTTP/1.1" 200 18028
180.157.248.250 - - [04/Oct/2023:10:41:01 +0800] "POST /xingrg/kc/base/wldb_list_operate.html HTTP/1.1" 200 928
124.79.244.25 - - [04/Oct/2023:10:41:01 +0800] "GET /xingrg/check_reg.html?_=1696387562459 HTTP/1.1" 200 22
124.79.244.25 - - [04/Oct/2023:10:41:01 +0800] "GET /xingrg/all/function/internal_message.html?_=1696387562463&CODE_STATE=getMsg HTTP/1.1" 200 27
124.78.69.58 - - [04/Oct/2023:10:41:02 +0800] "POST /xingrg/kc/mdqp/psth_list_operate.html HTTP/1.1" 200 749
180.152.241.196 - - [04/Oct/2023:10:41:02 +0800] "GET /xingrg/kc/buy/cgsh_order_add.html HTTP/1.1" 200 72565
180.152.241.196 - - [04/Oct/2023:10:41:02 +0800] "POST /xingrg/kc/buy/cgsh_order_operate.html HTTP/1.1" 200 8245
180.152.241.196 - - [04/Oct/2023:10:41:02 +0800] "GET /xingrg/javascript/easyui/themes/default/validatebox.css HTTP/1.1" 404 1104
180.152.241.196 - - [04/Oct/2023:10:41:02 +0800] "GET /xingrg/javascript/auto/indicator.gif HTTP/1.1" 404 1066
124.78.69.58 - - [04/Oct/2023:10:41:06 +0800] "POST /xingrg/kc/mdqp/psth_list_operate.html HTTP/1.1" 200 1886
180.152.241.196 - - [04/Oct/2023:10:41:07 +0800] "GET /xingrg/all/function/internal_message.html?_=1696387280644&CODE_STATE=getMsg HTTP/1.1" 200 27
124.78.155.92 - - [04/Oct/2023:10:41:08 +0800] "GET /xingrg/kc/base/wldb_order_operate.html?command=get_materiel&rest_code=00106&base_code=0010396&code=00101022016 HTTP/1.1" 200 440
124.78.155.92 - - [04/Oct/2023:10:41:15 +0800] "GET /xingrg/all/function/internal_message.html?_=1696387276945&CODE_STATE=getMsg HTTP/1.1" 200 27
222.70.180.200 - - [04/Oct/2023:10:41:16 +0800] "POST /xingrg/kc/buy/cgsh_order_operate.html HTTP/1.1" 200 37
101.83.145.37 - - [04/Oct/2023:10:41:19 +0800] "GET /xingrg/kc/buy/cgsh_order_add.html HTTP/1.1" 200 72612
101.83.145.37 - - [04/Oct/2023:10:41:20 +0800] "GET /xingrg/javascript/easyui/themes/default/validatebox.css HTTP/1.1" 404 1104
101.83.145.37 - - [04/Oct/2023:10:41:20 +0800] "POST /xingrg/kc/buy/cgsh_order_operate.html HTTP/1.1" 200 8245
222.70.180.200 - - [04/Oct/2023:10:41:21 +0800] "POST /xingrg/kc/buy/cgsh_order_operate.html HTTP/1.1" 200 2668
114.83.218.82 - - [04/Oct/2023:10:41:23 +0800] "GET /xingrg/all/function/internal_message.html?_=1696387280339&CODE_STATE=getMsg HTTP/1.1" 200 27
124.78.155.92 - - [04/Oct/2023:10:41:26 +0800] "GET /xingrg/kc/base/wldb_order_operate.html?command=get_materiel&rest_code=00106&base_code=0010396&code=00101016029 HTTP/1.1" 200 462
124.78.155.92 - - [04/Oct/2023:10:41:26 +0800] "GET /xingrg/all/function/internal_message.html?_=1696387279187&CODE_STATE=getMsg HTTP/1.1" 200 27
222.70.180.200 - - [04/Oct/2023:10:41:26 +0800] "GET /xingrg/all/function/internal_message.html?_=1696387575871&CODE_STATE=getMsg HTTP/1.1" 200 27
101.228.187.155 - - [04/Oct/2023:10:41:28 +0800] "GET /xingrg/javascript/jquery_easy_ui/themes/default/images/tabs_close.gif HTTP/1.1" 304 -
222.70.107.161 - - [04/Oct/2023:10:41:28 +0800] "GET /xingrg/all/function/internal_message.html?_=1696387294111&CODE_STATE=getMsg HTTP/1.1" 200 27
101.228.187.155 - - [04/Oct/2023:10:41:28 +0800] "GET /xingrg/kc/buy/cgth_order_list.html HTTP/1.1" 200 56157
101.228.187.155 - - [04/Oct/2023:10:41:28 +0800] "GET /xingrg/css/base.css HTTP/1.1" 304 -
101.228.187.155 - - [04/Oct/2023:10:41:28 +0800] "GET /xingrg/css/site.css HTTP/1.1" 304 -
101.228.187.155 - - [04/Oct/2023:10:41:28 +0800] "GET /xingrg/javascript/jquery_tools/fix.css HTTP/1.1" 304 -
101.228.187.155 - - [04/Oct/2023:10:41:28 +0800] "GET /xingrg/javascript/jquery_tools/table.css HTTP/1.1" 304 -
101.228.187.155 - - [04/Oct/2023:10:41:28 +0800] "GET /xingrg/javascript/jquery_tools/datebox.css HTTP/1.1" 304 -
101.228.187.155 - - [04/Oct/2023:10:41:28 +0800] "GET /xingrg/javascript/easyui/themes/default/easyui.css HTTP/1.1" 304 -
101.228.187.155 - - [04/Oct/2023:10:41:28 +0800] "GET /xingrg/javascript/easyui/themes/icon.css HTTP/1.1" 304 -
101.228.187.155 - - [04/Oct/2023:10:41:28 +0800] "GET /xingrg/javascript/auto/jquery.autocomplete.css HTTP/1.1" 304 -
101.228.187.155 - - [04/Oct/2023:10:41:28 +0800] "GET /xingrg/javascript/jquery_tools/jquery.tools.min.js HTTP/1.1" 304 -
101.228.187.155 - - [04/Oct/2023:10:41:28 +0800] "GET /xingrg/javascript/jquery_tools/jquery.tools.extend.js HTTP/1.1" 304 -
101.228.187.155 - - [04/Oct/2023:10:41:28 +0800] "GET /xingrg/javascript/jquery_tools/jquery.tools.hotkey.js HTTP/1.1" 304 -
101.228.187.155 - - [04/Oct/2023:10:41:28 +0800] "GET /xingrg/javascript/jquery_tools/list_manager.js HTTP/1.1" 304 -
101.228.187.155 - - [04/Oct/2023:10:41:28 +0800] "GET /xingrg/javascript/jquery_tools/jquery.tools.table.js HTTP/1.1" 304 -
101.228.187.155 - - [04/Oct/2023:10:41:28 +0800] "GET /xingrg/javascript/auto/jquery.autocomplete.js HTTP/1.1" 304 -
101.228.187.155 - - [04/Oct/2023:10:41:28 +0800] "GET /xingrg/javascript/easyui/easyloader.js HTTP/1.1" 304 -
101.228.187.155 - - [04/Oct/2023:10:41:28 +0800] "GET /xingrg/javascript/jquery.cookie.js HTTP/1.1" 304 -
101.228.187.155 - - [04/Oct/2023:10:41:28 +0800] "GET /xingrg/javascript/print/LodopFuncs.js HTTP/1.1" 304 -
101.228.187.155 - - [04/Oct/2023:10:41:29 +0800] "GET /xingrg/javascript/easyui/themes/icons/edit_add_new.png HTTP/1.1" 304 -
101.228.187.155 - - [04/Oct/2023:10:41:29 +0800] "GET /xingrg/javascript/easyui/themes/icons/cance_new.png HTTP/1.1" 304 -
101.228.187.155 - - [04/Oct/2023:10:41:29 +0800] "GET /xingrg/javascript/easyui/themes/icons/check_new.png HTTP/1.1" 304 -
101.228.187.155 - - [04/Oct/2023:10:41:29 +0800] "GET /xingrg/javascript/easyui/themes/icons/import_new.png HTTP/1.1" 304 -
101.228.187.155 - - [04/Oct/2023:10:41:29 +0800] "GET /xingrg/javascript/easyui/themes/icons/field_new.png HTTP/1.1" 304 -
101.228.187.155 - - [04/Oct/2023:10:41:29 +0800] "GET /xingrg/javascript/easyui/plugins/jquery.parser.js HTTP/1.1" 304 -
101.228.187.155 - - [04/Oct/2023:10:41:29 +0800] "GET /xingrg/images/control/ajaxLoader.gif HTTP/1.1" 304 -
101.83.145.37 - - [04/Oct/2023:10:41:29 +0800] "GET /xingrg/all/function/internal_message.html?_=1696387291237&CODE_STATE=getMsg HTTP/1.1" 200 27
101.228.187.155 - - [04/Oct/2023:10:41:30 +0800] "POST /xingrg/kc/buy/cgth_list_operate.html HTTP/1.1" 200 1035
180.152.241.196 - - [04/Oct/2023:10:41:31 +0800] "GET /xingrg/kc/buy/cgsh_order_operate.html?command=get_materiel&rest_code=00102&code=00101006130&supplier_code=00100151&order_time=2023-10-04 HTTP/1.1" 200 435
101.83.145.37 - - [04/Oct/2023:10:41:33 +0800] "GET /xingrg/kc/buy/cgsh_order_operate.html?command=get_materiel&rest_code=00105&code=00101003041&supplier_code=00100094&order_time=2023-10-04 HTTP/1.1" 200 416
180.169.147.146 - - [04/Oct/2023:10:41:33 +0800] "GET /xingrg/all/function/internal_message.html?_=1696387292037&CODE_STATE=getMsg HTTP/1.1" 200 27
180.169.147.146 - - [04/Oct/2023:10:41:33 +0800] "GET /xingrg/check_reg.html?_=1696387292035 HTTP/1.1" 200 22
124.78.69.58 - - [04/Oct/2023:10:41:34 +0800] "POST /xingrg/kc/mdqp/psth_list_operate.html HTTP/1.1" 200 203
222.70.180.200 - - [04/Oct/2023:10:41:34 +0800] "POST /xingrg/kc/buy/cgsh_order_operate.html HTTP/1.1" 200 37
124.78.69.58 - - [04/Oct/2023:10:41:35 +0800] "GET /xingrg/kc/mdqp/psth_order_info1.html?code=322023092900013 HTTP/1.1" 200 22499
124.78.69.58 - - [04/Oct/2023:10:41:35 +0800] "GET /xingrg/javascript/jquery_tools/jquery-1.4.2.min.js HTTP/1.1" 404 1094
114.95.241.104 - - [04/Oct/2023:10:41:35 +0800] "GET /xingrg/check_reg.html?_=1696387294622 HTTP/1.1" 200 22
114.95.241.104 - - [04/Oct/2023:10:41:35 +0800] "GET /xingrg/all/function/internal_message.html?_=1696387294627&CODE_STATE=getMsg HTTP/1.1" 200 27
114.95.241.104 - - [04/Oct/2023:10:41:35 +0800] "GET /xingrg/all/function/internal_message.html?_=1696387293332&CODE_STATE=getMsg HTTP/1.1" 200 27
124.78.69.58 - - [04/Oct/2023:10:41:35 +0800] "GET /xingrg/javascript/easyui/themes/default/validatebox.css HTTP/1.1" 404 1104
124.78.69.58 - - [04/Oct/2023:10:41:35 +0800] "POST /xingrg/kc/mdqp/psth_order_operate.html HTTP/1.1" 200 481
101.228.187.155 - - [04/Oct/2023:10:41:36 +0800] "GET /xingrg/kc/buy/cgsh_order_list.html HTTP/1.1" 200 56754
180.165.48.189 - - [04/Oct/2023:10:41:36 +0800] "GET /xingrg/all/function/internal_message.html?_=1696387297127&CODE_STATE=getMsg HTTP/1.1" 200 27
222.70.180.200 - - [04/Oct/2023:10:41:37 +0800] "GET /xingrg/all/function/internal_message.html?_=1696387296447&CODE_STATE=getMsg HTTP/1.1" 200 27
222.70.180.200 - - [04/Oct/2023:10:41:37 +0800] "GET /xingrg/check_reg.html?_=1696387296467 HTTP/1.1" 200 22
180.165.48.189 - - [04/Oct/2023:10:41:37 +0800] "GET /xingrg/check_reg.html?_=1696387297784 HTTP/1.1" 200 22
222.70.180.200 - - [04/Oct/2023:10:41:38 +0800] "POST /xingrg/kc/buy/cgsh_order_operate.html HTTP/1.1" 200 2668
101.228.187.155 - - [04/Oct/2023:10:41:38 +0800] "GET /xingrg/all/function/internal_message.html?_=1696387296375&CODE_STATE=getMsg HTTP/1.1" 200 27
124.78.69.58 - - [04/Oct/2023:10:41:40 +0800] "POST /xingrg/kc/mdqp/psth_list_operate.html HTTP/1.1" 200 202
222.70.180.200 - - [04/Oct/2023:10:41:40 +0800] "GET /xingrg/kc/print/load_data.html?order_code=212023100401070&kc_code=cgsh&condition= HTTP/1.1" 200 674
124.78.155.92 - - [04/Oct/2023:10:41:41 +0800] "GET /xingrg/kc/base/wldb_order_operate.html?command=get_materiel&rest_code=00106&base_code=0010396&code=00101019492 HTTP/1.1" 200 457
124.78.69.58 - - [04/Oct/2023:10:41:41 +0800] "GET /xingrg/kc/mdqp/psth_order_info1.html?code=322023091800012 HTTP/1.1" 200 22495
124.78.69.58 - - [04/Oct/2023:10:41:41 +0800] "GET /xingrg/javascript/jquery_tools/jquery-1.4.2.min.js HTTP/1.1" 404 1094
101.228.187.155 - - [04/Oct/2023:10:41:41 +0800] "POST /xingrg/kc/buy/cgsh_list_operate.html HTTP/1.1" 200 2305
59.56.12.79 - - [04/Oct/2023:10:41:41 +0800] "GET /xingrg/check_reg.html?_=1696387301452 HTTP/1.1" 200 22
124.78.69.58 - - [04/Oct/2023:10:41:42 +0800] "GET /xingrg/javascript/easyui/themes/default/validatebox.css HTTP/1.1" 404 1104
124.78.69.58 - - [04/Oct/2023:10:41:42 +0800] "POST /xingrg/kc/mdqp/psth_order_operate.html HTTP/1.1" 200 478
180.152.241.196 - - [04/Oct/2023:10:41:43 +0800] "GET /xingrg/kc/buy/cgsh_order_operate.html?command=get_materiel&rest_code=00102&code=00101006056&supplier_code=00100151&order_time=2023-10-04 HTTP/1.1" 200 413
59.56.12.79 - - [04/Oct/2023:10:41:44 +0800] "GET /xingrg/all/function/internal_message.html?_=1696387304575&CODE_STATE=getMsg HTTP/1.1" 200 27
124.78.69.58 - - [04/Oct/2023:10:41:46 +0800] "POST /xingrg/kc/mdqp/psth_list_operate.html HTTP/1.1" 200 1886
101.83.145.37 - - [04/Oct/2023:10:41:47 +0800] "POST /xingrg/kc/buy/cgsh_order_operate.html HTTP/1.1" 200 37
180.169.147.146 - - [04/Oct/2023:10:41:48 +0800] "GET /xingrg/all/function/internal_message.html?_=1696387307825&CODE_STATE=getMsg HTTP/1.1" 200 27
120.253.135.82 - - [04/Oct/2023:10:41:48 +0800] "GET /xingrg/all/function/internal_message.html?_=1696387450831&CODE_STATE=getMsg HTTP/1.1" 200 27
101.228.187.155 - - [04/Oct/2023:10:41:49 +0800] "POST /xingrg/kc/buy/cgsh_list_operate.html HTTP/1.1" 200 570
101.83.145.37 - - [04/Oct/2023:10:41:49 +0800] "POST /xingrg/kc/buy/cgsh_order_operate.html HTTP/1.1" 200 2667
180.169.147.146 - - [04/Oct/2023:10:41:49 +0800] "GET /xingrg/all/function/internal_message.html?_=1696387309473&CODE_STATE=getMsg HTTP/1.1" 200 27
222.70.180.200 - - [04/Oct/2023:10:41:49 +0800] "GET /xingrg/kc/buy/cgsh_order_add.html HTTP/1.1" 200 72480
222.70.180.200 - - [04/Oct/2023:10:41:50 +0800] "POST /xingrg/kc/buy/cgsh_order_operate.html HTTP/1.1" 200 8245
222.70.180.200 - - [04/Oct/2023:10:41:50 +0800] "GET /xingrg/javascript/easyui/themes/default/validatebox.css HTTP/1.1" 404 1104
101.83.145.37 - - [04/Oct/2023:10:41:50 +0800] "GET /xingrg/check_reg.html?_=1696387092189 HTTP/1.1" 200 22
101.83.145.37 - - [04/Oct/2023:10:41:50 +0800] "GET /xingrg/all/function/internal_message.html?_=1696387092192&CODE_STATE=getMsg HTTP/1.1" 200 27
124.78.69.58 - - [04/Oct/2023:10:41:50 +0800] "GET /xingrg/all/function/internal_message.html?_=1696387308754&CODE_STATE=getMsg HTTP/1.1" 200 27
101.83.145.37 - - [04/Oct/2023:10:41:51 +0800] "GET /xingrg/kc/print/load_data.html?order_code=212023100401071&kc_code=cgsh&condition= HTTP/1.1" 200 756
101.228.187.155 - - [04/Oct/2023:10:41:51 +0800] "GET /xingrg/kc/buy/cgsh_order_info.html?code=212023100100345 HTTP/1.1" 200 71656
101.228.187.155 - - [04/Oct/2023:10:41:51 +0800] "GET /xingrg/javascript/pic_change.js HTTP/1.1" 304 -
101.228.187.155 - - [04/Oct/2023:10:41:51 +0800] "GET /xingrg/javascript/jquery_tools/order_manager.js HTTP/1.1" 304 -
101.228.187.155 - - [04/Oct/2023:10:41:51 +0800] "GET /xingrg/javascript/convert.js HTTP/1.1" 304 -
101.228.187.155 - - [04/Oct/2023:10:41:51 +0800] "GET /xingrg/javascript/json2.js HTTP/1.1" 304 -
101.228.187.155 - - [04/Oct/2023:10:41:51 +0800] "GET /xingrg/javascript/print/kc_print.js HTTP/1.1" 304 -
101.228.187.155 - - [04/Oct/2023:10:41:51 +0800] "GET /xingrg/words/20231003151828_words.js HTTP/1.1" 200 990901
101.228.187.155 - - [04/Oct/2023:10:41:51 +0800] "GET /xingrg/javascript/easyui/themes/icons/copy_new.png HTTP/1.1" 304 -
101.228.187.155 - - [04/Oct/2023:10:41:51 +0800] "GET /xingrg/javascript/easyui/themes/icons/print.png HTTP/1.1" 304 -
101.228.187.155 - - [04/Oct/2023:10:41:51 +0800] "GET /xingrg/javascript/easyui/themes/icons/ok.png HTTP/1.1" 304 -
101.228.187.155 - - [04/Oct/2023:10:41:51 +0800] "GET /xingrg/javascript/easyui/themes/icons/template_new.png HTTP/1.1" 304 -
101.228.187.155 - - [04/Oct/2023:10:41:51 +0800] "GET /xingrg/javascript/easyui/themes/default/images/menu_downarrow.png HTTP/1.1" 304 -
101.228.187.155 - - [04/Oct/2023:10:41:51 +0800] "GET /xingrg/javascript/easyui/themes/icons/cancel.png HTTP/1.1" 304 -
101.228.187.155 - - [04/Oct/2023:10:41:52 +0800] "GET /xingrg/javascript/easyui/themes/default/validatebox.css HTTP/1.1" 404 1104
101.228.187.155 - - [04/Oct/2023:10:41:52 +0800] "GET /xingrg/javascript/easyui/plugins/jquery.validatebox.js HTTP/1.1" 304 -
101.228.187.155 - - [04/Oct/2023:10:41:52 +0800] "GET /xingrg/javascript/easyui/plugins/jquery.numberbox.js HTTP/1.1" 304 -
101.228.187.155 - - [04/Oct/2023:10:41:52 +0800] "GET /xingrg/all/common/auto_word.html?type=employee&rest_code=00142 HTTP/1.1" 200 105
101.228.187.155 - - [04/Oct/2023:10:41:52 +0800] "GET /xingrg/all/common/auto_word.html?type=employee&rest_code=00142 HTTP/1.1" 200 105
180.152.241.196 - - [04/Oct/2023:10:41:55 +0800] "POST /xingrg/kc/buy/cgsh_order_operate.html HTTP/1.1" 200 37
101.228.187.155 - - [04/Oct/2023:10:41:55 +0800] "POST /xingrg/kc/buy/cgsh_order_operate.html HTTP/1.1" 200 7972
101.228.187.155 - - [04/Oct/2023:10:41:55 +0800] "GET /xingrg/javascript/easyui/themes/icons/edit_remove.png HTTP/1.1" 304 -
101.83.145.37 - - [04/Oct/2023:10:41:56 +0800] "GET /xingrg/kc/buy/cgsh_order_add.html HTTP/1.1" 200 72612
101.83.145.37 - - [04/Oct/2023:10:41:56 +0800] "GET /xingrg/javascript/easyui/themes/default/validatebox.css HTTP/1.1" 404 1104
101.83.145.37 - - [04/Oct/2023:10:41:56 +0800] "POST /xingrg/kc/buy/cgsh_order_operate.html HTTP/1.1" 200 8245
180.157.248.250 - - [04/Oct/2023:10:41:59 +0800] "GET /xingrg/all/function/internal_message.html?_=1696387323747&CODE_STATE=getMsg HTTP/1.1" 200 27
124.78.155.92 - - [04/Oct/2023:10:42:00 +0800] "GET /xingrg/kc/base/wldb_order_operate.html?command=get_materiel&rest_code=00106&base_code=0010396&code=00101019071 HTTP/1.1" 200 470
124.79.244.25 - - [04/Oct/2023:10:42:01 +0800] "GET /xingrg/all/function/internal_message.html?_=1696387622462&CODE_STATE=getMsg HTTP/1.1" 200 27
101.228.187.155 - - [04/Oct/2023:10:42:05 +0800] "GET /xingrg/javascript/auto/indicator.gif HTTP/1.1" 404 1066
180.152.241.196 - - [04/Oct/2023:10:42:07 +0800] "GET /xingrg/all/function/internal_message.html?_=1696387340640&CODE_STATE=getMsg HTTP/1.1" 200 27
180.152.241.196 - - [04/Oct/2023:10:42:08 +0800] "POST /xingrg/kc/buy/cgsh_order_operate.html HTTP/1.1" 200 12
101.83.145.37 - - [04/Oct/2023:10:42:08 +0800] "GET /xingrg/kc/buy/cgsh_order_operate.html?command=get_materiel&rest_code=00105&code=00101004101&supplier_code=00100086&order_time=2023-10-04 HTTP/1.1" 200 433
101.228.187.155 - - [04/Oct/2023:10:42:12 +0800] "GET /xingrg/kc/buy/cgsh_order_operate.html?command=get_materiel&rest_code=00142&code=00101003002&supplier_code=00100207&order_time=2023-10-03 HTTP/1.1" 200 411
180.152.241.196 - - [04/Oct/2023:10:42:13 +0800] "GET /xingrg/kc/buy/cgsh_order_info.html?code=212023100401072 HTTP/1.1" 200 67462
180.152.241.196 - - [04/Oct/2023:10:42:13 +0800] "GET /xingrg/javascript/easyui/themes/default/validatebox.css HTTP/1.1" 404 1104
180.152.241.196 - - [04/Oct/2023:10:42:14 +0800] "POST /xingrg/kc/buy/cgsh_order_operate.html HTTP/1.1" 200 1228
124.78.155.92 - - [04/Oct/2023:10:42:15 +0800] "GET /xingrg/all/function/internal_message.html?_=1696387336936&CODE_STATE=getMsg HTTP/1.1" 200 27
222.70.180.200 - - [04/Oct/2023:10:42:15 +0800] "GET /xingrg/kc/base/check_order_list.html HTTP/1.1" 200 16554
222.70.180.200 - - [04/Oct/2023:10:42:16 +0800] "POST /xingrg/kc/base/check_list_operate.html HTTP/1.1" 200 781
180.152.241.196 - - [04/Oct/2023:10:42:19 +0800] "GET /xingrg/kc/print/load_data.html?order_code=212023100401072&kc_code=cgsh&condition= HTTP/1.1" 200 918
222.70.180.200 - - [04/Oct/2023:10:42:19 +0800] "POST /xingrg/kc/base/check_list_operate.html HTTP/1.1" 200 8877
124.78.155.92 - - [04/Oct/2023:10:42:20 +0800] "GET /xingrg/kc/base/wldb_order_operate.html?command=get_materiel&rest_code=00106&base_code=0010396&code=00101019536 HTTP/1.1" 200 471
222.70.180.200 - - [04/Oct/2023:10:42:22 +0800] "GET /xingrg/all/function/internal_message.html?_=1696387342054&CODE_STATE=getMsg HTTP/1.1" 200 27
114.83.218.82 - - [04/Oct/2023:10:42:23 +0800] "GET /xingrg/all/function/internal_message.html?_=1696387340338&CODE_STATE=getMsg HTTP/1.1" 200 27
101.83.145.37 - - [04/Oct/2023:10:42:24 +0800] "GET /xingrg/kc/buy/cgsh_order_operate.html?command=get_materiel&rest_code=00105&code=00101004065&supplier_code=00100086&order_time=2023-10-04 HTTP/1.1" 200 413
222.70.180.200 - - [04/Oct/2023:10:42:26 +0800] "GET /xingrg/kc/base/check_order_info.html?code=452023093000433 HTTP/1.1" 200 23124
222.70.180.200 - - [04/Oct/2023:10:42:26 +0800] "GET /xingrg/dwr/interface/AjaxComOrderService.js HTTP/1.1" 200 18264
222.70.180.200 - - [04/Oct/2023:10:42:26 +0800] "GET /xingrg/dwr/interface/AjaxCheckService.js HTTP/1.1" 200 14003
222.70.180.200 - - [04/Oct/2023:10:42:26 +0800] "GET /xingrg/dwr/engine.js HTTP/1.1" 200 43631
124.78.155.92 - - [04/Oct/2023:10:42:26 +0800] "GET /xingrg/all/function/internal_message.html?_=1696387339156&CODE_STATE=getMsg HTTP/1.1" 200 27
222.70.180.200 - - [04/Oct/2023:10:42:26 +0800] "GET /xingrg/all/function/internal_message.html?_=1696387635939&CODE_STATE=getMsg HTTP/1.1" 200 27
222.70.180.200 - - [04/Oct/2023:10:42:26 +0800] "GET /xingrg/check_reg.html?_=1696387635941 HTTP/1.1" 200 22
222.70.180.200 - - [04/Oct/2023:10:42:27 +0800] "POST /xingrg/dwr/call/plaincall/AjaxCheckService.loadOrderItems.dwr HTTP/1.1" 200 2048
222.70.180.200 - - [04/Oct/2023:10:42:27 +0800] "GET /xingrg/kc/buy/cgsh_order_operate.html?command=get_materiel&rest_code=00111&code=00101006268&supplier_code=00100442&order_time=2023-10-04 HTTP/1.1" 200 411
222.70.107.161 - - [04/Oct/2023:10:42:28 +0800] "GET /xingrg/all/function/internal_message.html?_=1696387354105&CODE_STATE=getMsg HTTP/1.1" 200 27
222.70.107.161 - - [04/Oct/2023:10:42:28 +0800] "GET /xingrg/javascript/easyui/themes/default/images/button_plain_hover.png HTTP/1.1" 200 144
101.83.145.37 - - [04/Oct/2023:10:42:29 +0800] "GET /xingrg/all/function/internal_message.html?_=1696387351235&CODE_STATE=getMsg HTTP/1.1" 200 27
222.70.107.161 - - [04/Oct/2023:10:42:29 +0800] "GET /xingrg/kc/buy/cgsh_order_add.html HTTP/1.1" 200 72609
222.70.107.161 - - [04/Oct/2023:10:42:30 +0800] "GET /xingrg/javascript/jquery_tools/order_manager.js HTTP/1.1" 200 11183
222.70.107.161 - - [04/Oct/2023:10:42:30 +0800] "GET /xingrg/javascript/convert.js HTTP/1.1" 200 1239
222.70.107.161 - - [04/Oct/2023:10:42:30 +0800] "GET /xingrg/javascript/json2.js HTTP/1.1" 200 11259
222.70.107.161 - - [04/Oct/2023:10:42:30 +0800] "GET /xingrg/javascript/print/kc_print.js HTTP/1.1" 200 11415
222.70.107.161 - - [04/Oct/2023:10:42:30 +0800] "GET /xingrg/words/20231003151828_words.js HTTP/1.1" 200 990901
222.70.107.161 - - [04/Oct/2023:10:42:30 +0800] "GET /xingrg/javascript/easyui/themes/icons/cancel.png HTTP/1.1" 200 1133
222.70.107.161 - - [04/Oct/2023:10:42:30 +0800] "GET /xingrg/javascript/easyui/themes/icons/template_new.png HTTP/1.1" 200 3956
222.70.107.161 - - [04/Oct/2023:10:42:30 +0800] "GET /xingrg/javascript/easyui/themes/icons/copy_new.png HTTP/1.1" 200 815
222.70.107.161 - - [04/Oct/2023:10:42:30 +0800] "GET /xingrg/javascript/easyui/themes/icons/ok.png HTTP/1.1" 200 883
222.70.107.161 - - [04/Oct/2023:10:42:30 +0800] "GET /xingrg/javascript/easyui/themes/icons/print.png HTTP/1.1" 200 1057
222.70.107.161 - - [04/Oct/2023:10:42:30 +0800] "GET /xingrg/javascript/easyui/themes/default/images/menu_downarrow.png HTTP/1.1" 200 173
222.70.107.161 - - [04/Oct/2023:10:42:30 +0800] "POST /xingrg/kc/buy/cgsh_order_operate.html HTTP/1.1" 200 8245
222.70.107.161 - - [04/Oct/2023:10:42:30 +0800] "GET /xingrg/javascript/easyui/themes/default/validatebox.css HTTP/1.1" 404 1104
222.70.107.161 - - [04/Oct/2023:10:42:30 +0800] "GET /xingrg/javascript/easyui/plugins/jquery.validatebox.js HTTP/1.1" 200 6103
222.70.107.161 - - [04/Oct/2023:10:42:30 +0800] "GET /xingrg/javascript/easyui/plugins/jquery.numberbox.js HTTP/1.1" 200 5213
222.70.107.161 - - [04/Oct/2023:10:42:30 +0800] "GET /xingrg/all/common/auto_word.html?type=employee&rest_code=00156 HTTP/1.1" 200 97
222.70.107.161 - - [04/Oct/2023:10:42:30 +0800] "GET /xingrg/javascript/easyui/themes/icons/edit_remove.png HTTP/1.1" 200 625
222.70.107.161 - - [04/Oct/2023:10:42:30 +0800] "GET /xingrg/all/common/auto_word.html?type=employee&rest_code=00156 HTTP/1.1" 200 97
101.83.145.37 - - [04/Oct/2023:10:42:31 +0800] "POST /xingrg/kc/buy/cgsh_order_operate.html HTTP/1.1" 200 37
124.78.155.92 - - [04/Oct/2023:10:42:33 +0800] "GET /xingrg/kc/base/wldb_order_operate.html?command=get_materiel&rest_code=00106&base_code=0010396&code=00101019405 HTTP/1.1" 200 482
180.169.147.146 - - [04/Oct/2023:10:42:33 +0800] "GET /xingrg/all/function/internal_message.html?_=1696387352021&CODE_STATE=getMsg HTTP/1.1" 200 27
222.70.180.200 - - [04/Oct/2023:10:42:33 +0800] "GET /xingrg/kc/base/check_order_add.html HTTP/1.1" 200 26400
222.70.180.200 - - [04/Oct/2023:10:42:33 +0800] "GET /xingrg/dwr/interface/AjaxComOrderService.js HTTP/1.1" 200 18264
222.70.180.200 - - [04/Oct/2023:10:42:33 +0800] "GET /xingrg/dwr/interface/AjaxCheckService.js HTTP/1.1" 200 14003
222.70.180.200 - - [04/Oct/2023:10:42:33 +0800] "GET /xingrg/dwr/engine.js HTTP/1.1" 200 43631
114.95.241.104 - - [04/Oct/2023:10:42:35 +0800] "GET /xingrg/all/function/internal_message.html?_=1696387354627&CODE_STATE=getMsg HTTP/1.1" 200 27
114.95.241.104 - - [04/Oct/2023:10:42:35 +0800] "GET /xingrg/all/function/internal_message.html?_=1696387353346&CODE_STATE=getMsg HTTP/1.1" 200 27
180.152.241.196 - - [04/Oct/2023:10:42:35 +0800] "GET /xingrg/kc/base/wldb_order_list.html HTTP/1.1" 200 19174
180.152.241.196 - - [04/Oct/2023:10:42:36 +0800] "POST /xingrg/kc/base/wldb_list_operate.html HTTP/1.1" 200 928
101.83.145.37 - - [04/Oct/2023:10:42:36 +0800] "POST /xingrg/kc/buy/cgsh_order_operate.html HTTP/1.1" 200 3254
180.152.241.196 - - [04/Oct/2023:10:42:36 +0800] "GET /xingrg/kc/base/wldb_order_add.html HTTP/1.1" 200 30453
180.165.48.189 - - [04/Oct/2023:10:42:36 +0800] "GET /xingrg/all/function/internal_message.html?_=1696387357114&CODE_STATE=getMsg HTTP/1.1" 200 27
180.152.241.196 - - [04/Oct/2023:10:42:37 +0800] "POST /xingrg/kc/base/wldb_order_operate.html HTTP/1.1" 200 6806
180.152.241.196 - - [04/Oct/2023:10:42:37 +0800] "GET /xingrg/all/common/auto_word.html?type=base&rest_code=00102 HTTP/1.1" 200 1857
180.152.241.196 - - [04/Oct/2023:10:42:37 +0800] "GET /xingrg/javascript/easyui/themes/default/validatebox.css HTTP/1.1" 404 1104
180.152.241.196 - - [04/Oct/2023:10:42:37 +0800] "GET /xingrg/all/common/auto_word.html?type=base&rest_code=00102 HTTP/1.1" 200 1857
222.70.180.200 - - [04/Oct/2023:10:42:37 +0800] "GET /xingrg/all/function/internal_message.html?_=1696387356451&CODE_STATE=getMsg HTTP/1.1" 200 27
180.152.241.196 - - [04/Oct/2023:10:42:37 +0800] "POST /xingrg/all/common/load_combo.html?type=base HTTP/1.1" 200 3321
101.228.187.155 - - [04/Oct/2023:10:42:38 +0800] "GET /xingrg/all/function/internal_message.html?_=1696387356389&CODE_STATE=getMsg HTTP/1.1" 200 27
101.83.145.37 - - [04/Oct/2023:10:42:38 +0800] "GET /xingrg/kc/print/load_data.html?order_code=212023100401073&kc_code=cgsh&condition= HTTP/1.1" 200 970
124.78.69.58 - - [04/Oct/2023:10:42:39 +0800] "POST /xingrg/all/user/operate.html HTTP/1.1" 200 36
124.78.69.58 - - [04/Oct/2023:10:42:39 +0800] "GET /xingrg/index.html?sysBaseUrl=http%3A%2F%2F180.169.147.146%3A18081%2Fxingrg%2F&costTime=1013×tamp=1696387140469 HTTP/1.1" 200 17503
124.78.69.58 - - [04/Oct/2023:10:42:39 +0800] "GET /xingrg/javascript/jquery_easy_ui/themes/default/easyui.css HTTP/1.1" 304 -
124.78.69.58 - - [04/Oct/2023:10:42:39 +0800] "GET /xingrg/javascript/jquery_easy_ui/themes/icon.css HTTP/1.1" 304 -
124.78.69.58 - - [04/Oct/2023:10:42:39 +0800] "GET /xingrg/css/form.css HTTP/1.1" 304 -
124.78.69.58 - - [04/Oct/2023:10:42:39 +0800] "GET /xingrg/javascript/jquery-1.4.2.min.js HTTP/1.1" 304 -
124.78.69.58 - - [04/Oct/2023:10:42:39 +0800] "GET /xingrg/javascript/jquery_easy_ui/jquery.easyui.min.js HTTP/1.1" 304 -
124.78.69.58 - - [04/Oct/2023:10:42:39 +0800] "GET /xingrg/javascript/jquery_easy_ui/easyui-lang-zh_CN.js HTTP/1.1" 304 -
124.78.69.58 - - [04/Oct/2023:10:42:39 +0800] "GET /xingrg/javascript/jquery.form.js HTTP/1.1" 304 -
124.78.69.58 - - [04/Oct/2023:10:42:39 +0800] "GET /xingrg/javascript/jquery.utils.js HTTP/1.1" 304 -
124.78.69.58 - - [04/Oct/2023:10:42:39 +0800] "GET /xingrg/javascript/jquery.timers.js HTTP/1.1" 304 -
124.78.69.58 - - [04/Oct/2023:10:42:39 +0800] "GET /xingrg/images/blue/jxLogo.png HTTP/1.1" 304 -
124.78.69.58 - - [04/Oct/2023:10:42:39 +0800] "GET /xingrg/images/blue/navBackgound.jpg HTTP/1.1" 304 -
124.78.69.58 - - [04/Oct/2023:10:42:39 +0800] "GET /xingrg/javascript/jquery_easy_ui/themes/icons/settle_new.png HTTP/1.1" 304 -
124.78.69.58 - - [04/Oct/2023:10:42:40 +0800] "GET /xingrg/all/function/internal_message.html?_=1696387357862&CODE_STATE=count HTTP/1.1" 200 11
124.78.69.58 - - [04/Oct/2023:10:42:40 +0800] "GET /xingrg/check_reg.html?_=1696387357864 HTTP/1.1" 200 22
124.78.69.58 - - [04/Oct/2023:10:42:40 +0800] "GET /xingrg/javascript/jquery_easy_ui/themes/default/images/panel_tool_expand.gif HTTP/1.1" 304 -
124.78.69.58 - - [04/Oct/2023:10:42:40 +0800] "GET /xingrg/javascript/jquery_easy_ui/themes/default/images/tabs_rightarrow.png HTTP/1.1" 304 -
124.78.69.58 - - [04/Oct/2023:10:42:40 +0800] "GET /xingrg/javascript/jquery_easy_ui/themes/default/images/panel_tool_collapse.gif HTTP/1.1" 304 -
124.78.69.58 - - [04/Oct/2023:10:42:40 +0800] "GET /xingrg/javascript/jquery_easy_ui/themes/default/images/tabs_leftarrow.png HTTP/1.1" 304 -
124.78.69.58 - - [04/Oct/2023:10:42:40 +0800] "GET /xingrg/images/blue/pingpu.png HTTP/1.1" 304 -
124.78.69.58 - - [04/Oct/2023:10:42:40 +0800] "POST /xingrg/all/common/load_tree.html?tree=area_rest_tree_json&manage=1 HTTP/1.1" 200 3499
124.78.69.58 - - [04/Oct/2023:10:42:40 +0800] "POST /xingrg/load_menu.html HTTP/1.1" 200 9959
222.70.107.161 - - [04/Oct/2023:10:42:41 +0800] "GET /xingrg/javascript/auto/indicator.gif HTTP/1.1" 404 1066
180.152.241.196 - - [04/Oct/2023:10:42:42 +0800] "POST /xingrg/all/common/load_combo.html?type=base HTTP/1.1" 200 3321
101.83.145.37 - - [04/Oct/2023:10:42:42 +0800] "GET /xingrg/kc/buy/cgsh_order_add.html HTTP/1.1" 200 72612
124.78.69.58 - - [04/Oct/2023:10:42:42 +0800] "GET /xingrg/kc/base/check_order_list.html HTTP/1.1" 200 16554
101.83.145.37 - - [04/Oct/2023:10:42:43 +0800] "GET /xingrg/javascript/easyui/themes/default/validatebox.css HTTP/1.1" 404 1104
101.83.145.37 - - [04/Oct/2023:10:42:43 +0800] "POST /xingrg/kc/buy/cgsh_order_operate.html HTTP/1.1" 200 8245
124.78.69.58 - - [04/Oct/2023:10:42:43 +0800] "POST /xingrg/kc/base/check_list_operate.html HTTP/1.1" 200 781
59.56.12.79 - - [04/Oct/2023:10:42:44 +0800] "GET /xingrg/all/function/internal_message.html?_=1696387364548&CODE_STATE=getMsg HTTP/1.1" 200 27
222.70.180.200 - - [04/Oct/2023:10:42:45 +0800] "POST /xingrg/dwr/call/plaincall/AjaxCheckService.saveOrder.dwr HTTP/1.1" 200 78
222.70.107.161 - - [04/Oct/2023:10:42:45 +0800] "GET /xingrg/index.html?sysBaseUrl=http%3A%2F%2F180.169.147.146%3A18081%2Fxingrg%2F&costTime=877×tamp=1696387227785 HTTP/1.1" 200 17179
222.70.107.161 - - [04/Oct/2023:10:42:45 +0800] "GET /xingrg/all/function/internal_message.html?_=1696387371903&CODE_STATE=count HTTP/1.1" 200 11
222.70.107.161 - - [04/Oct/2023:10:42:45 +0800] "GET /xingrg/check_reg.html?_=1696387371903 HTTP/1.1" 200 22
222.70.107.161 - - [04/Oct/2023:10:42:45 +0800] "GET /favicon.ico HTTP/1.1" 404 -
222.70.107.161 - - [04/Oct/2023:10:42:46 +0800] "POST /xingrg/all/common/load_tree.html?tree=area_rest_tree_json&manage=1 HTTP/1.1" 200 351
222.70.107.161 - - [04/Oct/2023:10:42:46 +0800] "POST /xingrg/load_menu.html HTTP/1.1" 200 5138
124.78.69.58 - - [04/Oct/2023:10:42:46 +0800] "GET /xingrg/kc/cost/cost_list.html HTTP/1.1" 200 6093
124.78.69.58 - - [04/Oct/2023:10:42:46 +0800] "GET /xingrg/dwr/interface/AjaxReportQueryService.js HTTP/1.1" 200 13203
124.78.69.58 - - [04/Oct/2023:10:42:46 +0800] "GET /xingrg/dwr/engine.js HTTP/1.1" 200 43631
124.78.69.58 - - [04/Oct/2023:10:42:46 +0800] "GET /xingrg/dwr/util.js HTTP/1.1" 200 35990
180.152.241.196 - - [04/Oct/2023:10:42:46 +0800] "GET /xingrg/javascript/auto/indicator.gif HTTP/1.1" 404 1066
222.70.180.200 - - [04/Oct/2023:10:42:46 +0800] "POST /xingrg/dwr/call/plaincall/AjaxCheckService.loadOrderItems.dwr HTTP/1.1" 200 367
124.78.69.58 - - [04/Oct/2023:10:42:46 +0800] "GET /xingrg/kc/cost/cost_operate.html?_=1696387364544&command=load_cost_list HTTP/1.1" 200 10740
222.70.107.161 - - [04/Oct/2023:10:42:46 +0800] "GET /xingrg/kc/buy/buy_main.html HTTP/1.1" 200 12412
222.70.107.161 - - [04/Oct/2023:10:42:46 +0800] "GET /xingrg/css/new_ie.css HTTP/1.1" 404 1036
180.169.147.146 - - [04/Oct/2023:10:42:48 +0800] "GET /xingrg/check_reg.html?_=1696387367818 HTTP/1.1" 200 22
180.169.147.146 - - [04/Oct/2023:10:42:48 +0800] "GET /xingrg/all/function/internal_message.html?_=1696387367820&CODE_STATE=getMsg HTTP/1.1" 200 27
124.78.69.58 - - [04/Oct/2023:10:42:48 +0800] "GET /xingrg/javascript/jquery_easy_ui/themes/default/images/datagrid_sort_asc.gif HTTP/1.1" 200 830
124.78.69.58 - - [04/Oct/2023:10:42:48 +0800] "GET /xingrg/kc/cost/cost_operate.html?_=1696387366076&command=load_cost_list&sort=month_name&order=asc HTTP/1.1" 200 10740
222.70.107.161 - - [04/Oct/2023:10:42:48 +0800] "GET /xingrg/kc/buy/cgsh_order_list.html HTTP/1.1" 200 56754
120.253.135.82 - - [04/Oct/2023:10:42:48 +0800] "GET /xingrg/all/function/internal_message.html?_=1696387510842&CODE_STATE=getMsg HTTP/1.1" 200 27
180.169.147.146 - - [04/Oct/2023:10:42:49 +0800] "GET /xingrg/all/function/internal_message.html?_=1696387369475&CODE_STATE=getMsg HTTP/1.1" 200 27
222.70.180.200 - - [04/Oct/2023:10:42:49 +0800] "POST /xingrg/kc/report/common_data.html?type=materiel_category_tree HTTP/1.1" 200 3921
180.152.241.196 - - [04/Oct/2023:10:42:49 +0800] "GET /xingrg/kc/base/wldb_order_operate.html?command=get_materiel&rest_code=00102&base_code=0010476&code=00101019066 HTTP/1.1" 200 455
101.83.145.37 - - [04/Oct/2023:10:42:50 +0800] "GET /xingrg/all/function/internal_message.html?_=1696387152177&CODE_STATE=getMsg HTTP/1.1" 200 27
222.70.107.161 - - [04/Oct/2023:10:42:50 +0800] "POST /xingrg/kc/buy/cgsh_list_operate.html HTTP/1.1" 200 986
124.78.69.58 - - [04/Oct/2023:10:42:51 +0800] "GET /xingrg/kc/cost/cost_page.html HTTP/1.1" 200 4088
124.78.69.58 - - [04/Oct/2023:10:42:51 +0800] "GET /xingrg/dwr/interface/AjaxReportQueryService.js HTTP/1.1" 200 13203
124.78.69.58 - - [04/Oct/2023:10:42:51 +0800] "GET /xingrg/dwr/engine.js HTTP/1.1" 200 43631
222.70.107.161 - - [04/Oct/2023:10:42:52 +0800] "GET /xingrg/kc/buy/cgsh_order_add.html HTTP/1.1" 200 72609
222.70.107.161 - - [04/Oct/2023:10:42:52 +0800] "GET /xingrg/words/20231003151828_words.js HTTP/1.1" 200 990901
222.70.107.161 - - [04/Oct/2023:10:42:52 +0800] "POST /xingrg/kc/buy/cgsh_order_operate.html HTTP/1.1" 200 8245
222.70.107.161 - - [04/Oct/2023:10:42:52 +0800] "GET /xingrg/javascript/easyui/themes/default/validatebox.css HTTP/1.1" 404 1104
222.70.107.161 - - [04/Oct/2023:10:42:52 +0800] "GET /xingrg/all/common/auto_word.html?type=employee&rest_code=00156 HTTP/1.1" 200 97
222.70.107.161 - - [04/Oct/2023:10:42:52 +0800] "GET /xingrg/all/common/auto_word.html?type=employee&rest_code=00156 HTTP/1.1" 200 97
180.152.241.196 - - [04/Oct/2023:10:42:53 +0800] "GET /xingrg/kc/base/wldb_order_operate.html?command=get_materiel&rest_code=00102&base_code=0010476&code=00101019438 HTTP/1.1" 200 460
124.78.69.58 - - [04/Oct/2023:10:42:54 +0800] "POST /xingrg/kc/cost/cost_operate.html HTTP/1.1" 200 4
222.70.107.161 - - [04/Oct/2023:10:42:54 +0800] "GET /xingrg/javascript/jquery_tools/images/prev.gif HTTP/1.1" 404 1086
222.70.107.161 - - [04/Oct/2023:10:42:54 +0800] "GET /xingrg/javascript/jquery_tools/images/next.gif HTTP/1.1" 404 1086
222.70.180.200 - - [04/Oct/2023:10:42:54 +0800] "POST /xingrg/dwr/call/plaincall/AjaxCheckService.importOrderItems.dwr HTTP/1.1" 200 78
222.70.180.200 - - [04/Oct/2023:10:42:54 +0800] "POST /xingrg/kc/buy/cgsh_order_operate.html HTTP/1.1" 200 37
124.78.69.58 - - [04/Oct/2023:10:42:55 +0800] "GET /xingrg/kc/cost/cost_page.html HTTP/1.1" 200 4363
124.78.69.58 - - [04/Oct/2023:10:42:55 +0800] "GET /xingrg/css/blue.css HTTP/1.1" 304 -
124.78.69.58 - - [04/Oct/2023:10:42:55 +0800] "GET /xingrg/javascript/jquery_easy_ui/themes/icon.css HTTP/1.1" 304 -
124.78.69.58 - - [04/Oct/2023:10:42:55 +0800] "GET /xingrg/javascript/jquery_easy_ui/themes/default/easyui.css HTTP/1.1" 304 -
124.78.69.58 - - [04/Oct/2023:10:42:55 +0800] "GET /xingrg/javascript/step/step.css HTTP/1.1" 304 -
124.78.69.58 - - [04/Oct/2023:10:42:55 +0800] "GET /xingrg/css/table.css HTTP/1.1" 304 -
124.78.69.58 - - [04/Oct/2023:10:42:55 +0800] "GET /xingrg/dwr/interface/AjaxReportQueryService.js HTTP/1.1" 200 13203
124.78.69.58 - - [04/Oct/2023:10:42:55 +0800] "GET /xingrg/dwr/engine.js HTTP/1.1" 200 43631
124.78.69.58 - - [04/Oct/2023:10:42:55 +0800] "GET /xingrg/dwr/util.js HTTP/1.1" 304 -
124.78.69.58 - - [04/Oct/2023:10:42:55 +0800] "GET /xingrg/javascript/jquery-1.4.2.min.js HTTP/1.1" 304 -
124.78.69.58 - - [04/Oct/2023:10:42:55 +0800] "GET /xingrg/javascript/jquery_easy_ui/easyui-lang-zh_CN.js HTTP/1.1" 304 -
124.78.69.58 - - [04/Oct/2023:10:42:55 +0800] "GET /xingrg/javascript/jquery.utils.js HTTP/1.1" 304 -
124.78.69.58 - - [04/Oct/2023:10:42:55 +0800] "GET /xingrg/javascript/jquery_easy_ui/jquery.easyui.min.js HTTP/1.1" 304 -
124.78.69.58 - - [04/Oct/2023:10:42:55 +0800] "GET /xingrg/images/control/ajaxLoader.gif HTTP/1.1" 304 -
222.70.180.200 - - [04/Oct/2023:10:42:56 +0800] "POST /xingrg/dwr/call/plaincall/AjaxCheckService.loadOrderItems.dwr HTTP/1.1" 200 5583
101.83.145.37 - - [04/Oct/2023:10:42:57 +0800] "GET /xingrg/kc/buy/cgsh_order_operate.html?command=get_materiel&rest_code=00105&code=00101002006&supplier_code=00100091&order_time=2023-10-04 HTTP/1.1" 200 416
180.152.241.196 - - [04/Oct/2023:10:42:58 +0800] "GET /xingrg/kc/base/wldb_order_operate.html?command=get_materiel&rest_code=00102&base_code=0010476&code=00101019258 HTTP/1.1" 200 483
222.70.180.200 - - [04/Oct/2023:10:42:58 +0800] "POST /xingrg/kc/buy/cgsh_order_operate.html HTTP/1.1" 200 2652
180.157.248.250 - - [04/Oct/2023:10:42:59 +0800] "GET /xingrg/all/function/internal_message.html?_=1696387383725&CODE_STATE=getMsg HTTP/1.1" 200 27
124.78.155.92 - - [04/Oct/2023:10:42:59 +0800] "GET /xingrg/kc/base/wldb_order_operate.html?command=get_materiel&rest_code=00106&base_code=0010396&code=00101019187 HTTP/1.1" 200 479
222.70.180.200 - - [04/Oct/2023:10:43:00 +0800] "GET /xingrg/kc/print/load_data.html?order_code=212023100401074&kc_code=cgsh&condition= HTTP/1.1" 200 655
180.152.241.196 - - [04/Oct/2023:10:43:01 +0800] "GET /xingrg/kc/base/wldb_order_operate.html?command=get_materiel&rest_code=00102&base_code=0010476&code=00101019295 HTTP/1.1" 200 475
124.79.244.25 - - [04/Oct/2023:10:43:02 +0800] "GET /xingrg/all/function/internal_message.html?_=1696387682471&CODE_STATE=getMsg HTTP/1.1" 200 27
180.152.241.196 - - [04/Oct/2023:10:43:05 +0800] "GET /xingrg/kc/base/wldb_order_operate.html?command=get_materiel&rest_code=00102&base_code=0010476&code=00101013093 HTTP/1.1" 200 450
222.70.107.161 - - [04/Oct/2023:10:43:06 +0800] "GET /xingrg/kc/buy/cgsh_order_operate.html?command=get_materiel&rest_code=00156&code=00101006106&supplier_code=00100012&order_time=2023-10-03 HTTP/1.1" 200 421
180.152.241.196 - - [04/Oct/2023:10:43:07 +0800] "GET /xingrg/all/function/internal_message.html?_=1696387400653&CODE_STATE=getMsg HTTP/1.1" 200 27
222.70.180.200 - - [04/Oct/2023:10:43:07 +0800] "GET /xingrg/kc/buy/cgsh_order_add.html HTTP/1.1" 200 72480
222.70.180.200 - - [04/Oct/2023:10:43:08 +0800] "POST /xingrg/kc/buy/cgsh_order_operate.html HTTP/1.1" 200 8245
222.70.180.200 - - [04/Oct/2023:10:43:08 +0800] "GET /xingrg/javascript/easyui/themes/default/validatebox.css HTTP/1.1" 404 1104
124.78.155.92 - - [04/Oct/2023:10:43:09 +0800] "GET /xingrg/kc/base/wldb_order_operate.html?command=get_materiel&rest_code=00106&base_code=0010396&code=00101019359 HTTP/1.1" 200 462
101.83.145.37 - - [04/Oct/2023:10:43:11 +0800] "POST /xingrg/kc/buy/cgsh_order_operate.html HTTP/1.1" 200 37
101.228.187.155 - - [04/Oct/2023:10:43:14 +0800] "GET /xingrg/kc/buy/cgsh_order_operate.html?command=get_materiel&rest_code=00142&code=00101001010&supplier_code=00100207&order_time=2023-10-03 HTTP/1.1" 200 409
124.78.155.92 - - [04/Oct/2023:10:43:15 +0800] "GET /xingrg/all/function/internal_message.html?_=1696387396939&CODE_STATE=getMsg HTTP/1.1" 200 27
