101.83.145.37 - - [04/Oct/2023:10:43:17 +0800] "POST /xingrg/kc/buy/cgsh_order_operate.html HTTP/1.1" 200 2661
222.70.180.200 - - [04/Oct/2023:10:43:17 +0800] "POST /xingrg/kc/base/check_list_operate.html HTTP/1.1" 200 8858
101.83.145.37 - - [04/Oct/2023:10:43:18 +0800] "GET /xingrg/kc/print/load_data.html?order_code=212023100401075&kc_code=cgsh&condition= HTTP/1.1" 200 740
124.78.155.92 - - [04/Oct/2023:10:43:22 +0800] "GET /xingrg/kc/base/wldb_order_operate.html?command=get_materiel&rest_code=00106&base_code=0010396&code=00101016094 HTTP/1.1" 200 470
222.70.180.200 - - [04/Oct/2023:10:43:22 +0800] "GET /xingrg/all/function/internal_message.html?_=1696387402031&CODE_STATE=getMsg HTTP/1.1" 200 27
114.83.218.82 - - [04/Oct/2023:10:43:23 +0800] "GET /xingrg/check_reg.html?_=1696387400341 HTTP/1.1" 200 22
114.83.218.82 - - [04/Oct/2023:10:43:23 +0800] "GET /xingrg/all/function/internal_message.html?_=1696387400350&CODE_STATE=getMsg HTTP/1.1" 200 27
124.78.155.92 - - [04/Oct/2023:10:43:26 +0800] "GET /xingrg/all/function/internal_message.html?_=1696387399146&CODE_STATE=getMsg HTTP/1.1" 200 27
222.70.180.200 - - [04/Oct/2023:10:43:26 +0800] "GET /xingrg/all/function/internal_message.html?_=1696387695923&CODE_STATE=getMsg HTTP/1.1" 200 27
101.83.145.37 - - [04/Oct/2023:10:43:27 +0800] "GET /xingrg/kc/buy/cgsh_order_add.html HTTP/1.1" 200 72612
101.83.145.37 - - [04/Oct/2023:10:43:27 +0800] "GET /xingrg/javascript/easyui/themes/default/validatebox.css HTTP/1.1" 404 1104
101.83.145.37 - - [04/Oct/2023:10:43:27 +0800] "POST /xingrg/kc/buy/cgsh_order_operate.html HTTP/1.1" 200 8245
101.83.145.37 - - [04/Oct/2023:10:43:29 +0800] "GET /xingrg/all/function/internal_message.html?_=1696387411183&CODE_STATE=getMsg HTTP/1.1" 200 27
101.83.145.37 - - [04/Oct/2023:10:43:31 +0800] "GET /xingrg/check_reg.html?_=1696387413127 HTTP/1.1" 200 22
180.169.147.146 - - [04/Oct/2023:10:43:33 +0800] "GET /xingrg/all/function/internal_message.html?_=1696387412036&CODE_STATE=getMsg HTTP/1.1" 200 27
114.95.241.104 - - [04/Oct/2023:10:43:35 +0800] "GET /xingrg/all/function/internal_message.html?_=1696387414648&CODE_STATE=getMsg HTTP/1.1" 200 27
114.95.241.104 - - [04/Oct/2023:10:43:35 +0800] "GET /xingrg/check_reg.html?_=1696387413345 HTTP/1.1" 200 22
114.95.241.104 - - [04/Oct/2023:10:43:35 +0800] "GET /xingrg/all/function/internal_message.html?_=1696387413347&CODE_STATE=getMsg HTTP/1.1" 200 27
180.165.48.189 - - [04/Oct/2023:10:43:36 +0800] "GET /xingrg/all/function/internal_message.html?_=1696387417093&CODE_STATE=getMsg HTTP/1.1" 200 27
222.70.180.200 - - [04/Oct/2023:10:43:37 +0800] "GET /xingrg/all/function/internal_message.html?_=1696387416451&CODE_STATE=getMsg HTTP/1.1" 200 27
101.228.187.155 - - [04/Oct/2023:10:43:38 +0800] "GET /xingrg/check_reg.html?_=1696387416373 HTTP/1.1" 200 22
101.228.187.155 - - [04/Oct/2023:10:43:38 +0800] "GET /xingrg/all/function/internal_message.html?_=1696387416375&CODE_STATE=getMsg HTTP/1.1" 200 27
101.228.187.155 - - [04/Oct/2023:10:43:39 +0800] "GET /xingrg/kc/buy/cgsh_order_operate.html?command=get_materiel&rest_code=00142&code=00101020012&supplier_code=00100207&order_time=2023-10-03 HTTP/1.1" 200 415
124.78.69.58 - - [04/Oct/2023:10:43:40 +0800] "GET /xingrg/all/function/internal_message.html?_=1696387417869&CODE_STATE=getMsg HTTP/1.1" 200 27
180.152.241.196 - - [04/Oct/2023:10:43:40 +0800] "GET /xingrg/javascript/jquery_easy_ui/themes/icons/area.png HTTP/1.1" 200 262
180.152.241.196 - - [04/Oct/2023:10:43:40 +0800] "GET /xingrg/javascript/jquery_easy_ui/themes/icons/rest.png HTTP/1.1" 200 695
59.56.12.79 - - [04/Oct/2023:10:43:44 +0800] "GET /xingrg/all/function/internal_message.html?_=1696387424545&CODE_STATE=getMsg HTTP/1.1" 200 27
222.70.107.161 - - [04/Oct/2023:10:43:45 +0800] "GET /xingrg/all/function/internal_message.html?_=1696387431906&CODE_STATE=getMsg HTTP/1.1" 200 27
124.78.155.92 - - [04/Oct/2023:10:43:47 +0800] "GET /xingrg/kc/base/wldb_order_operate.html?command=get_materiel&rest_code=00106&base_code=0010396&code=00101027001 HTTP/1.1" 200 471
180.169.147.146 - - [04/Oct/2023:10:43:48 +0800] "GET /xingrg/all/function/internal_message.html?_=1696387427813&CODE_STATE=getMsg HTTP/1.1" 200 27
120.253.135.82 - - [04/Oct/2023:10:43:48 +0800] "GET /xingrg/all/function/internal_message.html?_=1696387570841&CODE_STATE=getMsg HTTP/1.1" 200 27
120.253.135.82 - - [04/Oct/2023:10:43:48 +0800] "GET /xingrg/check_reg.html?_=1696387570847 HTTP/1.1" 200 22
180.169.147.146 - - [04/Oct/2023:10:43:49 +0800] "GET /xingrg/check_reg.html?_=1696387429465 HTTP/1.1" 200 22
180.169.147.146 - - [04/Oct/2023:10:43:49 +0800] "GET /xingrg/all/function/internal_message.html?_=1696387429475&CODE_STATE=getMsg HTTP/1.1" 200 27
101.83.145.37 - - [04/Oct/2023:10:43:50 +0800] "GET /xingrg/all/function/internal_message.html?_=1696387212177&CODE_STATE=getMsg HTTP/1.1" 200 27
222.70.180.200 - - [04/Oct/2023:10:43:57 +0800] "GET /xingrg/kc/buy/cgsh_order_operate.html?command=get_materiel&rest_code=00111&code=00101010282&supplier_code=00100574&order_time=2023-10-04 HTTP/1.1" 200 413
180.157.248.250 - - [04/Oct/2023:10:43:58 +0800] "GET /xingrg/all/function/internal_message.html?_=1696387443708&CODE_STATE=getMsg HTTP/1.1" 200 27
124.78.155.92 - - [04/Oct/2023:10:44:00 +0800] "GET /xingrg/kc/base/wldb_order_operate.html?command=get_materiel&rest_code=00106&base_code=0010396&code=00101019476 HTTP/1.1" 200 480
124.79.244.25 - - [04/Oct/2023:10:44:01 +0800] "GET /xingrg/all/function/internal_message.html?_=1696387742472&CODE_STATE=getMsg HTTP/1.1" 200 27
180.152.241.196 - - [04/Oct/2023:10:44:07 +0800] "GET /xingrg/all/function/internal_message.html?_=1696387460650&CODE_STATE=getMsg HTTP/1.1" 200 27
180.152.241.196 - - [04/Oct/2023:10:44:09 +0800] "POST /xingrg/kc/base/wldb_order_operate.html HTTP/1.1" 200 37
222.70.180.200 - - [04/Oct/2023:10:44:10 +0800] "POST /xingrg/kc/base/check_list_operate.html HTTP/1.1" 200 4
124.78.69.58 - - [04/Oct/2023:10:44:11 +0800] "POST /xingrg/kc/cost/cost_operate.html HTTP/1.1" 200 4
124.78.155.92 - - [04/Oct/2023:10:44:15 +0800] "GET /xingrg/all/function/internal_message.html?_=1696387456933&CODE_STATE=getMsg HTTP/1.1" 200 27
180.152.241.196 - - [04/Oct/2023:10:44:17 +0800] "POST /xingrg/kc/base/wldb_order_operate.html HTTP/1.1" 200 12
180.152.241.196 - - [04/Oct/2023:10:44:17 +0800] "POST /xingrg/kc/base/wldb_order_operate.html HTTP/1.1" 200 4199
222.70.180.200 - - [04/Oct/2023:10:44:21 +0800] "POST /xingrg/kc/base/check_list_operate.html HTTP/1.1" 200 8877
180.152.241.196 - - [04/Oct/2023:10:44:21 +0800] "GET /xingrg/kc/base/wldb_order_info.html?code=422023100400324 HTTP/1.1" 200 26330
180.152.241.196 - - [04/Oct/2023:10:44:21 +0800] "GET /xingrg/javascript/easyui/themes/default/validatebox.css HTTP/1.1" 404 1104
222.70.180.200 - - [04/Oct/2023:10:44:21 +0800] "POST /xingrg/kc/buy/cgsh_order_operate.html HTTP/1.1" 200 37
180.152.241.196 - - [04/Oct/2023:10:44:21 +0800] "POST /xingrg/kc/base/wldb_order_operate.html HTTP/1.1" 200 2449
114.83.218.82 - - [04/Oct/2023:10:44:23 +0800] "GET /xingrg/all/function/internal_message.html?_=1696387460336&CODE_STATE=getMsg HTTP/1.1" 200 27
101.228.187.155 - - [04/Oct/2023:10:44:23 +0800] "GET /xingrg/javascript/jquery_tools/images/prev.gif HTTP/1.1" 404 1086
101.228.187.155 - - [04/Oct/2023:10:44:23 +0800] "GET /xingrg/javascript/jquery_tools/images/next.gif HTTP/1.1" 404 1086
180.152.241.196 - - [04/Oct/2023:10:44:24 +0800] "GET /xingrg/kc/base/wldb_order_add.html HTTP/1.1" 200 30453
180.152.241.196 - - [04/Oct/2023:10:44:24 +0800] "POST /xingrg/kc/base/wldb_order_operate.html HTTP/1.1" 200 6806
180.152.241.196 - - [04/Oct/2023:10:44:24 +0800] "GET /xingrg/javascript/easyui/themes/default/validatebox.css HTTP/1.1" 404 1104
222.70.180.200 - - [04/Oct/2023:10:44:24 +0800] "POST /xingrg/kc/buy/cgsh_order_operate.html HTTP/1.1" 200 2657
180.152.241.196 - - [04/Oct/2023:10:44:25 +0800] "POST /xingrg/all/common/load_combo.html?type=base HTTP/1.1" 200 3321
101.228.187.155 - - [04/Oct/2023:10:44:25 +0800] "GET /xingrg/javascript/easyui/themes/default/images/button_plain_hover.png HTTP/1.1" 304 -
222.70.180.200 - - [04/Oct/2023:10:44:26 +0800] "GET /xingrg/kc/cost/cost_list.html HTTP/1.1" 200 6093
222.70.180.200 - - [04/Oct/2023:10:44:26 +0800] "GET /xingrg/dwr/interface/AjaxReportQueryService.js HTTP/1.1" 200 13203
222.70.180.200 - - [04/Oct/2023:10:44:26 +0800] "GET /xingrg/dwr/engine.js HTTP/1.1" 200 43631
124.78.155.92 - - [04/Oct/2023:10:44:26 +0800] "GET /xingrg/all/function/internal_message.html?_=1696387459132&CODE_STATE=getMsg HTTP/1.1" 200 27
222.70.180.200 - - [04/Oct/2023:10:44:26 +0800] "GET /xingrg/kc/cost/cost_operate.html?_=1696387755652&command=load_cost_list HTTP/1.1" 200 11081
180.152.241.196 - - [04/Oct/2023:10:44:27 +0800] "POST /xingrg/all/common/load_combo.html?type=base HTTP/1.1" 200 3321
222.70.180.200 - - [04/Oct/2023:10:44:27 +0800] "GET /xingrg/kc/print/load_data.html?order_code=212023100401076&kc_code=cgsh&condition= HTTP/1.1" 200 655
222.70.180.200 - - [04/Oct/2023:10:44:29 +0800] "GET /xingrg/all/function/internal_message.html?_=1696387758722&CODE_STATE=getMsg HTTP/1.1" 200 27
101.83.145.37 - - [04/Oct/2023:10:44:29 +0800] "GET /xingrg/all/function/internal_message.html?_=1696387471154&CODE_STATE=getMsg HTTP/1.1" 200 27
101.228.187.155 - - [04/Oct/2023:10:44:32 +0800] "POST /xingrg/kc/buy/cgsh_order_operate.html HTTP/1.1" 200 37
180.152.241.196 - - [04/Oct/2023:10:44:33 +0800] "GET /xingrg/kc/base/wldb_order_operate.html?command=get_materiel&rest_code=00102&base_code=0010476&code=00101013225 HTTP/1.1" 200 449
180.169.147.146 - - [04/Oct/2023:10:44:33 +0800] "GET /xingrg/all/function/internal_message.html?_=1696387472020&CODE_STATE=getMsg HTTP/1.1" 200 27
101.228.187.155 - - [04/Oct/2023:10:44:34 +0800] "POST /xingrg/kc/buy/cgsh_order_operate.html HTTP/1.1" 200 9771
114.95.241.104 - - [04/Oct/2023:10:44:35 +0800] "GET /xingrg/all/function/internal_message.html?_=1696387474648&CODE_STATE=getMsg HTTP/1.1" 200 27
114.95.241.104 - - [04/Oct/2023:10:44:35 +0800] "GET /xingrg/all/function/internal_message.html?_=1696387473343&CODE_STATE=getMsg HTTP/1.1" 200 27
180.165.48.189 - - [04/Oct/2023:10:44:36 +0800] "GET /xingrg/all/function/internal_message.html?_=1696387477078&CODE_STATE=getMsg HTTP/1.1" 200 27
222.70.180.200 - - [04/Oct/2023:10:44:36 +0800] "GET /xingrg/kc/buy/cgsh_order_add.html HTTP/1.1" 200 72480
222.70.180.200 - - [04/Oct/2023:10:44:37 +0800] "GET /xingrg/all/function/internal_message.html?_=1696387476448&CODE_STATE=getMsg HTTP/1.1" 200 27
222.70.180.200 - - [04/Oct/2023:10:44:37 +0800] "POST /xingrg/kc/buy/cgsh_order_operate.html HTTP/1.1" 200 8245
222.70.180.200 - - [04/Oct/2023:10:44:37 +0800] "GET /xingrg/javascript/easyui/themes/default/validatebox.css HTTP/1.1" 404 1104
101.228.187.155 - - [04/Oct/2023:10:44:38 +0800] "GET /xingrg/all/function/internal_message.html?_=1696387476880&CODE_STATE=getMsg HTTP/1.1" 200 27
180.152.241.196 - - [04/Oct/2023:10:44:39 +0800] "POST /xingrg/kc/base/wldb_order_operate.html HTTP/1.1" 200 37
180.152.241.196 - - [04/Oct/2023:10:44:39 +0800] "POST /xingrg/kc/base/wldb_order_operate.html HTTP/1.1" 200 2192
101.228.187.155 - - [04/Oct/2023:10:44:42 +0800] "POST /xingrg/kc/buy/cgsh_order_operate.html HTTP/1.1" 200 37
222.70.107.161 - - [04/Oct/2023:10:44:43 +0800] "GET /xingrg/kc/buy/cgsh_order_operate.html?command=get_materiel&rest_code=00156&code=00101011005&supplier_code=00100012&order_time=2023-10-03 HTTP/1.1" 200 408
180.152.241.196 - - [04/Oct/2023:10:44:43 +0800] "GET /xingrg/kc/base/wldb_order_info.html?code=422023100400325 HTTP/1.1" 200 30469
180.152.241.196 - - [04/Oct/2023:10:44:43 +0800] "GET /xingrg/javascript/easyui/themes/default/validatebox.css HTTP/1.1" 404 1104
101.228.187.155 - - [04/Oct/2023:10:44:44 +0800] "POST /xingrg/kc/buy/cgsh_order_operate.html HTTP/1.1" 200 9771
180.152.241.196 - - [04/Oct/2023:10:44:44 +0800] "POST /xingrg/kc/base/wldb_order_operate.html HTTP/1.1" 200 2192
59.56.12.79 - - [04/Oct/2023:10:44:44 +0800] "GET /xingrg/all/function/internal_message.html?_=1696387484528&CODE_STATE=getMsg HTTP/1.1" 200 27
222.70.107.161 - - [04/Oct/2023:10:44:45 +0800] "GET /xingrg/all/function/internal_message.html?_=1696387491908&CODE_STATE=getMsg HTTP/1.1" 200 27
124.78.155.92 - - [04/Oct/2023:10:44:47 +0800] "POST /xingrg/kc/base/wldb_order_operate.html HTTP/1.1" 200 37
180.169.147.146 - - [04/Oct/2023:10:44:48 +0800] "GET /xingrg/all/function/internal_message.html?_=1696387487801&CODE_STATE=getMsg HTTP/1.1" 200 27
124.78.155.92 - - [04/Oct/2023:10:44:48 +0800] "POST /xingrg/kc/base/wldb_order_operate.html HTTP/1.1" 200 7697
180.152.241.196 - - [04/Oct/2023:10:44:48 +0800] "POST /xingrg/kc/base/wldb_order_operate.html HTTP/1.1" 200 37
120.253.135.82 - - [04/Oct/2023:10:44:48 +0800] "GET /xingrg/all/function/internal_message.html?_=1696387630846&CODE_STATE=getMsg HTTP/1.1" 200 27
180.152.241.196 - - [04/Oct/2023:10:44:49 +0800] "POST /xingrg/kc/base/wldb_order_operate.html HTTP/1.1" 200 2192
124.78.155.92 - - [04/Oct/2023:10:44:49 +0800] "GET /xingrg/kc/base/wldb_order_info.html?code=422023100400326 HTTP/1.1" 200 30474
180.169.147.146 - - [04/Oct/2023:10:44:49 +0800] "GET /xingrg/all/function/internal_message.html?_=1696387489472&CODE_STATE=getMsg HTTP/1.1" 200 27
124.78.155.92 - - [04/Oct/2023:10:44:49 +0800] "GET /xingrg/javascript/easyui/themes/default/validatebox.css HTTP/1.1" 404 1104
124.78.155.92 - - [04/Oct/2023:10:44:50 +0800] "POST /xingrg/kc/base/wldb_order_operate.html HTTP/1.1" 200 7697
101.83.145.37 - - [04/Oct/2023:10:44:50 +0800] "GET /xingrg/all/function/internal_message.html?_=1696387272178&CODE_STATE=getMsg HTTP/1.1" 200 27
222.70.107.161 - - [04/Oct/2023:10:44:51 +0800] "GET /xingrg/kc/buy/cgsh_order_operate.html?command=get_materiel&rest_code=00156&code=00101012032&supplier_code=00100012&order_time=2023-10-03 HTTP/1.1" 200 416
124.78.155.92 - - [04/Oct/2023:10:44:53 +0800] "GET /xingrg/kc/base/wldb_order_add.html HTTP/1.1" 200 30457
124.78.155.92 - - [04/Oct/2023:10:44:53 +0800] "POST /xingrg/kc/base/wldb_order_operate.html HTTP/1.1" 200 6806
124.78.155.92 - - [04/Oct/2023:10:44:54 +0800] "GET /xingrg/javascript/easyui/themes/default/validatebox.css HTTP/1.1" 404 1104
124.78.155.92 - - [04/Oct/2023:10:44:55 +0800] "POST /xingrg/all/common/load_combo.html?type=base HTTP/1.1" 200 3227
180.152.241.196 - - [04/Oct/2023:10:44:55 +0800] "POST /xingrg/kc/base/wldb_order_operate.html HTTP/1.1" 200 12
180.152.241.196 - - [04/Oct/2023:10:44:58 +0800] "GET /xingrg/kc/base/wldb_order_info.html?code=422023100400325 HTTP/1.1" 200 26331
124.78.155.92 - - [04/Oct/2023:10:44:58 +0800] "POST /xingrg/all/common/load_combo.html?type=base HTTP/1.1" 200 3227
180.152.241.196 - - [04/Oct/2023:10:44:58 +0800] "GET /xingrg/javascript/easyui/themes/default/validatebox.css HTTP/1.1" 404 1104
180.152.241.196 - - [04/Oct/2023:10:44:58 +0800] "POST /xingrg/kc/base/wldb_order_operate.html HTTP/1.1" 200 486
180.157.248.250 - - [04/Oct/2023:10:44:58 +0800] "GET /xingrg/all/function/internal_message.html?_=1696387503691&CODE_STATE=getMsg HTTP/1.1" 200 27
180.152.241.196 - - [04/Oct/2023:10:45:00 +0800] "GET /xingrg/kc/base/wldb_order_add.html HTTP/1.1" 200 30453
180.152.241.196 - - [04/Oct/2023:10:45:00 +0800] "POST /xingrg/kc/base/wldb_order_operate.html HTTP/1.1" 200 6806
180.152.241.196 - - [04/Oct/2023:10:45:00 +0800] "GET /xingrg/javascript/easyui/themes/default/validatebox.css HTTP/1.1" 404 1104
180.152.241.196 - - [04/Oct/2023:10:45:01 +0800] "POST /xingrg/all/common/load_combo.html?type=base HTTP/1.1" 200 3321
124.79.244.25 - - [04/Oct/2023:10:45:01 +0800] "GET /xingrg/all/function/internal_message.html?_=1696387802472&CODE_STATE=getMsg HTTP/1.1" 200 27
124.78.155.92 - - [04/Oct/2023:10:45:02 +0800] "GET /xingrg/check_reg.html?_=1696387495578 HTTP/1.1" 200 22
222.70.107.161 - - [04/Oct/2023:10:45:03 +0800] "POST /xingrg/kc/buy/cgsh_order_operate.html HTTP/1.1" 200 37
180.152.241.196 - - [04/Oct/2023:10:45:03 +0800] "POST /xingrg/all/common/load_combo.html?type=base HTTP/1.1" 200 3321
222.70.180.200 - - [04/Oct/2023:10:45:04 +0800] "POST /xingrg/kc/cost/cost_operate.html HTTP/1.1" 200 4
222.70.180.200 - - [04/Oct/2023:10:45:05 +0800] "GET /xingrg/kc/buy/cgsh_order_operate.html?command=get_materiel&rest_code=00111&code=00101006064&supplier_code=00100329&order_time=2023-10-04 HTTP/1.1" 200 421
222.70.107.161 - - [04/Oct/2023:10:45:05 +0800] "POST /xingrg/kc/buy/cgsh_order_operate.html HTTP/1.1" 200 3854
222.70.180.200 - - [04/Oct/2023:10:45:06 +0800] "GET /xingrg/kc/cost/cost_operate.html?_=1696387795819&command=load_cost_list HTTP/1.1" 200 10883
180.152.241.196 - - [04/Oct/2023:10:45:07 +0800] "GET /xingrg/all/function/internal_message.html?_=1696387520649&CODE_STATE=getMsg HTTP/1.1" 200 27
180.152.241.196 - - [04/Oct/2023:10:45:07 +0800] "GET /xingrg/check_reg.html?_=1696387520647 HTTP/1.1" 200 22
180.157.248.250 - - [04/Oct/2023:10:45:08 +0800] "GET /xingrg/check_reg.html?_=1696387508391 HTTP/1.1" 200 22
180.152.241.196 - - [04/Oct/2023:10:45:08 +0800] "GET /xingrg/kc/base/wldb_order_operate.html?command=get_materiel&rest_code=00102&base_code=0010476&code=00101016086 HTTP/1.1" 200 468
222.70.107.161 - - [04/Oct/2023:10:45:08 +0800] "GET /xingrg/kc/print/load_config.html?kc_code=cgsh HTTP/1.1" 200 1927
222.70.107.161 - - [04/Oct/2023:10:45:09 +0800] "GET /xingrg/kc/print/load_data.html?order_code=212023100401077&kc_code=cgsh&condition= HTTP/1.1" 200 1227
222.70.180.200 - - [04/Oct/2023:10:45:10 +0800] "GET /xingrg/kc/base/check_order_list.html HTTP/1.1" 200 16554
222.70.180.200 - - [04/Oct/2023:10:45:10 +0800] "POST /xingrg/kc/base/check_list_operate.html HTTP/1.1" 200 781
180.152.241.196 - - [04/Oct/2023:10:45:13 +0800] "GET /xingrg/check_reg.html?_=1696387513752 HTTP/1.1" 200 22
180.152.241.196 - - [04/Oct/2023:10:45:14 +0800] "GET /xingrg/kc/base/wldb_order_operate.html?command=get_materiel&rest_code=00102&base_code=0010476&code=00101016094 HTTP/1.1" 200 469
124.78.155.92 - - [04/Oct/2023:10:45:15 +0800] "GET /xingrg/check_reg.html?_=1696387516947 HTTP/1.1" 200 22
124.78.155.92 - - [04/Oct/2023:10:45:15 +0800] "GET /xingrg/all/function/internal_message.html?_=1696387516951&CODE_STATE=getMsg HTTP/1.1" 200 27
222.70.180.200 - - [04/Oct/2023:10:45:16 +0800] "POST /xingrg/kc/base/check_list_operate.html HTTP/1.1" 200 8877
180.152.241.196 - - [04/Oct/2023:10:45:17 +0800] "GET /xingrg/kc/base/wldb_order_operate.html?command=get_materiel&rest_code=00102&base_code=0010476&code=00101019391 HTTP/1.1" 200 485
180.152.241.196 - - [04/Oct/2023:10:45:20 +0800] "GET /xingrg/kc/base/wldb_order_operate.html?command=get_materiel&rest_code=00102&base_code=0010476&code=00101019183 HTTP/1.1" 200 449
222.70.180.200 - - [04/Oct/2023:10:45:22 +0800] "GET /xingrg/all/function/internal_message.html?_=1696387522049&CODE_STATE=getMsg HTTP/1.1" 200 27
114.83.218.82 - - [04/Oct/2023:10:45:23 +0800] "GET /xingrg/all/function/internal_message.html?_=1696387520350&CODE_STATE=getMsg HTTP/1.1" 200 27
222.70.180.200 - - [04/Oct/2023:10:45:24 +0800] "GET /xingrg/check_reg.html?_=1696387523689 HTTP/1.1" 200 22
180.152.241.196 - - [04/Oct/2023:10:45:25 +0800] "GET /xingrg/kc/base/wldb_order_operate.html?command=get_materiel&rest_code=00102&base_code=0010476&code=00101019400 HTTP/1.1" 200 465
124.78.155.92 - - [04/Oct/2023:10:45:26 +0800] "GET /xingrg/all/function/internal_message.html?_=1696387519106&CODE_STATE=getMsg HTTP/1.1" 200 27
180.152.241.196 - - [04/Oct/2023:10:45:28 +0800] "GET /xingrg/kc/base/wldb_order_operate.html?command=get_materiel&rest_code=00102&base_code=0010476&code=00101019071 HTTP/1.1" 200 471
222.70.180.200 - - [04/Oct/2023:10:45:29 +0800] "GET /xingrg/all/function/internal_message.html?_=1696387818695&CODE_STATE=getMsg HTTP/1.1" 200 27
101.83.145.37 - - [04/Oct/2023:10:45:29 +0800] "GET /xingrg/all/function/internal_message.html?_=1696387531124&CODE_STATE=getMsg HTTP/1.1" 200 27
222.70.180.200 - - [04/Oct/2023:10:45:30 +0800] "POST /xingrg/kc/base/check_list_operate.html HTTP/1.1" 200 4
222.70.107.161 - - [04/Oct/2023:10:45:30 +0800] "GET /xingrg/kc/buy/cgsh_order_add.html HTTP/1.1" 200 72609
222.70.107.161 - - [04/Oct/2023:10:45:31 +0800] "POST /xingrg/kc/buy/cgsh_order_operate.html HTTP/1.1" 200 8245
222.70.107.161 - - [04/Oct/2023:10:45:31 +0800] "GET /xingrg/javascript/easyui/themes/default/validatebox.css HTTP/1.1" 404 1104
222.70.107.161 - - [04/Oct/2023:10:45:31 +0800] "GET /xingrg/all/common/auto_word.html?type=employee&rest_code=00156 HTTP/1.1" 200 97
222.70.107.161 - - [04/Oct/2023:10:45:31 +0800] "GET /xingrg/all/common/auto_word.html?type=employee&rest_code=00156 HTTP/1.1" 200 97
222.70.180.200 - - [04/Oct/2023:10:45:31 +0800] "POST /xingrg/kc/base/check_list_operate.html HTTP/1.1" 200 8852
124.78.155.92 - - [04/Oct/2023:10:45:31 +0800] "GET /xingrg/kc/base/wldb_order_operate.html?command=get_materiel&rest_code=00106&base_code=0010396&code=00101016082 HTTP/1.1" 200 429
180.152.241.196 - - [04/Oct/2023:10:45:32 +0800] "GET /xingrg/kc/base/wldb_order_operate.html?command=get_materiel&rest_code=00102&base_code=0010476&code=00101019185 HTTP/1.1" 200 469
180.169.147.146 - - [04/Oct/2023:10:45:33 +0800] "GET /xingrg/all/function/internal_message.html?_=1696387532021&CODE_STATE=getMsg HTTP/1.1" 200 27
222.70.180.200 - - [04/Oct/2023:10:45:34 +0800] "GET /xingrg/kc/base/check_order_add.html HTTP/1.1" 200 26400
222.70.180.200 - - [04/Oct/2023:10:45:34 +0800] "GET /xingrg/dwr/interface/AjaxComOrderService.js HTTP/1.1" 200 18264
222.70.180.200 - - [04/Oct/2023:10:45:34 +0800] "GET /xingrg/dwr/interface/AjaxCheckService.js HTTP/1.1" 200 14003
222.70.180.200 - - [04/Oct/2023:10:45:34 +0800] "GET /xingrg/dwr/engine.js HTTP/1.1" 200 43631
114.95.241.104 - - [04/Oct/2023:10:45:35 +0800] "GET /xingrg/all/function/internal_message.html?_=1696387534658&CODE_STATE=getMsg HTTP/1.1" 200 27
114.95.241.104 - - [04/Oct/2023:10:45:35 +0800] "GET /xingrg/all/function/internal_message.html?_=1696387533336&CODE_STATE=getMsg HTTP/1.1" 200 27
180.165.48.189 - - [04/Oct/2023:10:45:36 +0800] "GET /xingrg/all/function/internal_message.html?_=1696387537059&CODE_STATE=getMsg HTTP/1.1" 200 27
222.70.180.200 - - [04/Oct/2023:10:45:37 +0800] "GET /xingrg/all/function/internal_message.html?_=1696387536447&CODE_STATE=getMsg HTTP/1.1" 200 27
101.228.187.155 - - [04/Oct/2023:10:45:37 +0800] "GET /xingrg/javascript/jquery_easy_ui/themes/default/images/tabs_active.png HTTP/1.1" 304 -
222.70.180.200 - - [04/Oct/2023:10:45:37 +0800] "GET /xingrg/kc/base/check_order_info.html?code=452023093000433 HTTP/1.1" 200 26440
222.70.180.200 - - [04/Oct/2023:10:45:37 +0800] "GET /xingrg/dwr/interface/AjaxComOrderService.js HTTP/1.1" 200 18264
222.70.180.200 - - [04/Oct/2023:10:45:37 +0800] "GET /xingrg/dwr/interface/AjaxCheckService.js HTTP/1.1" 200 14003
222.70.180.200 - - [04/Oct/2023:10:45:37 +0800] "GET /xingrg/dwr/engine.js HTTP/1.1" 200 43631
101.228.187.155 - - [04/Oct/2023:10:45:38 +0800] "GET /xingrg/all/function/internal_message.html?_=1696387536898&CODE_STATE=getMsg HTTP/1.1" 200 27
222.70.180.200 - - [04/Oct/2023:10:45:39 +0800] "POST /xingrg/dwr/call/plaincall/AjaxCheckService.loadOrderItems.dwr HTTP/1.1" 200 4184
180.152.241.196 - - [04/Oct/2023:10:45:39 +0800] "GET /xingrg/kc/base/wldb_order_operate.html?command=get_materiel&rest_code=00102&base_code=0010476&code=00101019063 HTTP/1.1" 200 461
222.70.180.200 - - [04/Oct/2023:10:45:42 +0800] "POST /xingrg/kc/report/common_data.html?type=materiel_category_tree HTTP/1.1" 200 3921
124.78.155.92 - - [04/Oct/2023:10:45:42 +0800] "GET /xingrg/kc/base/wldb_order_operate.html?command=get_materiel&rest_code=00106&base_code=0010396&code=00101010059 HTTP/1.1" 200 433
101.228.187.155 - - [04/Oct/2023:10:45:44 +0800] "POST /xingrg/kc/buy/cgsh_list_operate.html HTTP/1.1" 200 2305
180.152.241.196 - - [04/Oct/2023:10:45:44 +0800] "GET /xingrg/kc/base/wldb_order_operate.html?command=get_materiel&rest_code=00102&base_code=0010476&code=00101013044 HTTP/1.1" 200 450
59.56.12.79 - - [04/Oct/2023:10:45:44 +0800] "GET /xingrg/all/function/internal_message.html?_=1696387544515&CODE_STATE=getMsg HTTP/1.1" 200 27
222.70.107.161 - - [04/Oct/2023:10:45:45 +0800] "GET /xingrg/all/function/internal_message.html?_=1696387551911&CODE_STATE=getMsg HTTP/1.1" 200 27
180.169.147.146 - - [04/Oct/2023:10:45:48 +0800] "GET /xingrg/all/function/internal_message.html?_=1696387547804&CODE_STATE=getMsg HTTP/1.1" 200 27
101.228.187.155 - - [04/Oct/2023:10:45:48 +0800] "GET /xingrg/kc/buy/cgsh_order_add.html HTTP/1.1" 200 71649
222.70.180.200 - - [04/Oct/2023:10:45:48 +0800] "POST /xingrg/dwr/call/plaincall/AjaxCheckService.importOrderItems.dwr HTTP/1.1" 200 78
101.228.187.155 - - [04/Oct/2023:10:45:48 +0800] "GET /xingrg/javascript/easyui/themes/default/validatebox.css HTTP/1.1" 404 1104
101.228.187.155 - - [04/Oct/2023:10:45:48 +0800] "POST /xingrg/kc/buy/cgsh_order_operate.html HTTP/1.1" 200 8245
120.253.135.82 - - [04/Oct/2023:10:45:48 +0800] "GET /xingrg/all/function/internal_message.html?_=1696387690858&CODE_STATE=getMsg HTTP/1.1" 200 27
180.169.147.146 - - [04/Oct/2023:10:45:49 +0800] "GET /xingrg/all/function/internal_message.html?_=1696387549473&CODE_STATE=getMsg HTTP/1.1" 200 27
222.70.180.200 - - [04/Oct/2023:10:45:50 +0800] "POST /xingrg/dwr/call/plaincall/AjaxCheckService.loadOrderItems.dwr HTTP/1.1" 200 9420
180.152.241.196 - - [04/Oct/2023:10:45:50 +0800] "GET /xingrg/kc/base/wldb_order_operate.html?command=get_materiel&rest_code=00102&base_code=0010476&code=00101019199 HTTP/1.1" 200 472
101.83.145.37 - - [04/Oct/2023:10:45:50 +0800] "GET /xingrg/all/function/internal_message.html?_=1696387332178&CODE_STATE=getMsg HTTP/1.1" 200 27
222.70.180.200 - - [04/Oct/2023:10:45:56 +0800] "GET /xingrg/kc/buy/cgsh_order_operate.html?command=get_materiel&rest_code=00111&code=00101010869&supplier_code=00100329&order_time=2023-10-04 HTTP/1.1" 200 438
180.157.248.250 - - [04/Oct/2023:10:45:58 +0800] "GET /xingrg/check_reg.html?_=1696387563424 HTTP/1.1" 200 22
180.157.248.250 - - [04/Oct/2023:10:45:58 +0800] "GET /xingrg/all/function/internal_message.html?_=1696387563673&CODE_STATE=getMsg HTTP/1.1" 200 27
124.79.244.25 - - [04/Oct/2023:10:46:01 +0800] "GET /xingrg/check_reg.html?_=1696387862471 HTTP/1.1" 200 22
124.79.244.25 - - [04/Oct/2023:10:46:01 +0800] "GET /xingrg/all/function/internal_message.html?_=1696387862472&CODE_STATE=getMsg HTTP/1.1" 200 27
101.228.187.155 - - [04/Oct/2023:10:46:03 +0800] "GET /xingrg/kc/buy/cgsh_order_operate.html?command=get_materiel&rest_code=00142&code=00102002187&supplier_code=00100207&order_time=2023-10-04 HTTP/1.1" 200 428
222.70.107.161 - - [04/Oct/2023:10:46:07 +0800] "GET /xingrg/kc/buy/cgsh_order_operate.html?command=get_materiel&rest_code=00156&code=00101008163&supplier_code=00100007&order_time=2023-10-03 HTTP/1.1" 200 409
180.152.241.196 - - [04/Oct/2023:10:46:07 +0800] "GET /xingrg/all/function/internal_message.html?_=1696387580644&CODE_STATE=getMsg HTTP/1.1" 200 27
180.152.241.196 - - [04/Oct/2023:10:46:10 +0800] "POST /xingrg/kc/base/wldb_order_operate.html HTTP/1.1" 200 37
180.152.241.196 - - [04/Oct/2023:10:46:11 +0800] "POST /xingrg/kc/base/wldb_order_operate.html HTTP/1.1" 200 6705
222.70.180.200 - - [04/Oct/2023:10:46:12 +0800] "POST /xingrg/dwr/call/plaincall/AjaxCheckService.setItemNumber.dwr HTTP/1.1" 200 76
124.78.155.92 - - [04/Oct/2023:10:46:13 +0800] "POST /xingrg/kc/base/wldb_order_operate.html HTTP/1.1" 200 37
180.152.241.196 - - [04/Oct/2023:10:46:13 +0800] "GET /xingrg/kc/base/wldb_order_info.html?code=422023100400327 HTTP/1.1" 200 30468
180.152.241.196 - - [04/Oct/2023:10:46:13 +0800] "GET /xingrg/javascript/easyui/themes/default/validatebox.css HTTP/1.1" 404 1104
124.78.155.92 - - [04/Oct/2023:10:46:14 +0800] "POST /xingrg/kc/base/wldb_order_operate.html HTTP/1.1" 200 3643
222.70.180.200 - - [04/Oct/2023:10:46:14 +0800] "POST /xingrg/dwr/call/plaincall/AjaxCheckService.setItemNumber.dwr HTTP/1.1" 200 76
180.152.241.196 - - [04/Oct/2023:10:46:14 +0800] "POST /xingrg/kc/base/wldb_order_operate.html HTTP/1.1" 200 6705
222.70.180.200 - - [04/Oct/2023:10:46:14 +0800] "POST /xingrg/dwr/call/plaincall/AjaxCheckService.setItemNumber.dwr HTTP/1.1" 200 76
124.78.155.92 - - [04/Oct/2023:10:46:14 +0800] "GET /xingrg/kc/base/wldb_order_info.html?code=422023100400328 HTTP/1.1" 200 30472
124.78.155.92 - - [04/Oct/2023:10:46:15 +0800] "GET /xingrg/javascript/easyui/themes/default/validatebox.css HTTP/1.1" 404 1104
222.70.180.200 - - [04/Oct/2023:10:46:15 +0800] "POST /xingrg/dwr/call/plaincall/AjaxCheckService.setItemNumber.dwr HTTP/1.1" 200 76
222.70.180.200 - - [04/Oct/2023:10:46:15 +0800] "POST /xingrg/dwr/call/plaincall/AjaxCheckService.setItemNumber.dwr HTTP/1.1" 200 76
124.78.155.92 - - [04/Oct/2023:10:46:15 +0800] "GET /xingrg/all/function/internal_message.html?_=1696387576959&CODE_STATE=getMsg HTTP/1.1" 200 27
124.78.155.92 - - [04/Oct/2023:10:46:15 +0800] "POST /xingrg/kc/base/wldb_order_operate.html HTTP/1.1" 200 3643
222.70.180.200 - - [04/Oct/2023:10:46:16 +0800] "POST /xingrg/dwr/call/plaincall/AjaxCheckService.setItemNumber.dwr HTTP/1.1" 200 76
222.70.180.200 - - [04/Oct/2023:10:46:16 +0800] "POST /xingrg/dwr/call/plaincall/AjaxCheckService.setItemNumber.dwr HTTP/1.1" 200 76
222.70.180.200 - - [04/Oct/2023:10:46:17 +0800] "POST /xingrg/dwr/call/plaincall/AjaxCheckService.setItemNumber.dwr HTTP/1.1" 200 77
222.70.180.200 - - [04/Oct/2023:10:46:17 +0800] "POST /xingrg/dwr/call/plaincall/AjaxCheckService.setItemNumber.dwr HTTP/1.1" 200 77
222.70.180.200 - - [04/Oct/2023:10:46:17 +0800] "POST /xingrg/dwr/call/plaincall/AjaxCheckService.setItemNumber.dwr HTTP/1.1" 200 77
222.70.180.200 - - [04/Oct/2023:10:46:18 +0800] "POST /xingrg/dwr/call/plaincall/AjaxCheckService.setItemNumber.dwr HTTP/1.1" 200 77
222.70.180.200 - - [04/Oct/2023:10:46:19 +0800] "POST /xingrg/dwr/call/plaincall/AjaxCheckService.setItemNumber.dwr HTTP/1.1" 200 77
222.70.180.200 - - [04/Oct/2023:10:46:19 +0800] "POST /xingrg/dwr/call/plaincall/AjaxCheckService.setItemNumber.dwr HTTP/1.1" 200 77
180.152.241.196 - - [04/Oct/2023:10:46:21 +0800] "POST /xingrg/kc/base/wldb_order_operate.html HTTP/1.1" 200 37
222.70.180.200 - - [04/Oct/2023:10:46:22 +0800] "POST /xingrg/dwr/call/plaincall/AjaxCheckService.setItemRemark.dwr HTTP/1.1" 200 77
222.70.180.200 - - [04/Oct/2023:10:46:22 +0800] "POST /xingrg/all/common/load_select.html HTTP/1.1" 200 25
222.70.180.200 - - [04/Oct/2023:10:46:22 +0800] "POST /xingrg/dwr/call/plaincall/AjaxCheckService.setItemNumber.dwr HTTP/1.1" 200 77
222.70.180.200 - - [04/Oct/2023:10:46:22 +0800] "GET /xingrg/all/function/internal_message.html?_=1696387582064&CODE_STATE=getMsg HTTP/1.1" 200 27
114.83.218.82 - - [04/Oct/2023:10:46:23 +0800] "GET /xingrg/all/function/internal_message.html?_=1696387580356&CODE_STATE=getMsg HTTP/1.1" 200 27
222.70.107.161 - - [04/Oct/2023:10:46:24 +0800] "GET /xingrg/kc/buy/cgsh_order_operate.html?command=get_materiel&rest_code=00156&code=00101008279&supplier_code=00100007&order_time=2023-10-03 HTTP/1.1" 200 413
124.78.155.92 - - [04/Oct/2023:10:46:26 +0800] "GET /xingrg/all/function/internal_message.html?_=1696387579092&CODE_STATE=getMsg HTTP/1.1" 200 27
180.152.241.196 - - [04/Oct/2023:10:46:29 +0800] "POST /xingrg/kc/base/wldb_order_operate.html HTTP/1.1" 200 12
180.152.241.196 - - [04/Oct/2023:10:46:29 +0800] "POST /xingrg/kc/base/wldb_order_operate.html HTTP/1.1" 200 6705
222.70.180.200 - - [04/Oct/2023:10:46:29 +0800] "GET /xingrg/all/function/internal_message.html?_=1696387878677&CODE_STATE=getMsg HTTP/1.1" 200 27
101.83.145.37 - - [04/Oct/2023:10:46:29 +0800] "GET /xingrg/all/function/internal_message.html?_=1696387591093&CODE_STATE=getMsg HTTP/1.1" 200 27
222.70.180.200 - - [04/Oct/2023:10:46:30 +0800] "GET /xingrg/kc/buy/cgsh_order_operate.html?command=get_materiel_price&rest_code=00111&code=00101010869&unit_code=00100252&supplier_code=00100329&order_time=2023-10-04 HTTP/1.1" 200 30
180.152.241.196 - - [04/Oct/2023:10:46:30 +0800] "GET /xingrg/kc/base/wldb_order_info.html?code=422023100400327 HTTP/1.1" 200 26330
180.152.241.196 - - [04/Oct/2023:10:46:31 +0800] "GET /xingrg/javascript/easyui/themes/default/validatebox.css HTTP/1.1" 404 1104
180.152.241.196 - - [04/Oct/2023:10:46:31 +0800] "POST /xingrg/kc/base/wldb_order_operate.html HTTP/1.1" 200 4896
180.169.147.146 - - [04/Oct/2023:10:46:33 +0800] "GET /xingrg/all/function/internal_message.html?_=1696387592020&CODE_STATE=getMsg HTTP/1.1" 200 27
180.169.147.146 - - [04/Oct/2023:10:46:33 +0800] "GET /xingrg/check_reg.html?_=1696387592023 HTTP/1.1" 200 22
180.152.241.196 - - [04/Oct/2023:10:46:34 +0800] "GET /xingrg/kc/base/wldb_order_add.html HTTP/1.1" 200 30453
180.152.241.196 - - [04/Oct/2023:10:46:34 +0800] "POST /xingrg/kc/base/wldb_order_operate.html HTTP/1.1" 200 6806
180.152.241.196 - - [04/Oct/2023:10:46:34 +0800] "GET /xingrg/javascript/easyui/themes/default/validatebox.css HTTP/1.1" 404 1104
114.95.241.104 - - [04/Oct/2023:10:46:35 +0800] "GET /xingrg/check_reg.html?_=1696387594658 HTTP/1.1" 200 22
114.95.241.104 - - [04/Oct/2023:10:46:35 +0800] "GET /xingrg/all/function/internal_message.html?_=1696387593327&CODE_STATE=getMsg HTTP/1.1" 200 27
114.95.241.104 - - [04/Oct/2023:10:46:35 +0800] "GET /xingrg/all/function/internal_message.html?_=1696387594661&CODE_STATE=getMsg HTTP/1.1" 200 27
180.152.241.196 - - [04/Oct/2023:10:46:35 +0800] "POST /xingrg/all/common/load_combo.html?type=base HTTP/1.1" 200 3321
180.165.48.189 - - [04/Oct/2023:10:46:36 +0800] "GET /xingrg/all/function/internal_message.html?_=1696387597031&CODE_STATE=getMsg HTTP/1.1" 200 27
222.70.180.200 - - [04/Oct/2023:10:46:37 +0800] "GET /xingrg/check_reg.html?_=1696387596464 HTTP/1.1" 200 22
222.70.180.200 - - [04/Oct/2023:10:46:37 +0800] "GET /xingrg/all/function/internal_message.html?_=1696387596461&CODE_STATE=getMsg HTTP/1.1" 200 27
180.152.241.196 - - [04/Oct/2023:10:46:37 +0800] "POST /xingrg/all/common/load_combo.html?type=base HTTP/1.1" 200 3321
180.165.48.189 - - [04/Oct/2023:10:46:37 +0800] "GET /xingrg/check_reg.html?_=1696387597780 HTTP/1.1" 200 22
101.228.187.155 - - [04/Oct/2023:10:46:38 +0800] "GET /xingrg/all/function/internal_message.html?_=1696387596880&CODE_STATE=getMsg HTTP/1.1" 200 27
101.228.187.155 - - [04/Oct/2023:10:46:41 +0800] "GET /xingrg/kc/buy/cgsh_order_operate.html?command=get_materiel&rest_code=00142&code=00102002186&supplier_code=00100207&order_time=2023-10-04 HTTP/1.1" 200 428
59.56.12.79 - - [04/Oct/2023:10:46:41 +0800] "GET /xingrg/check_reg.html?_=1696387601436 HTTP/1.1" 200 22
180.152.241.196 - - [04/Oct/2023:10:46:42 +0800] "GET /xingrg/kc/base/wldb_order_operate.html?command=get_materiel&rest_code=00102&base_code=0010477&code=00102002448 HTTP/1.1" 200 440
59.56.12.79 - - [04/Oct/2023:10:46:44 +0800] "GET /xingrg/all/function/internal_message.html?_=1696387604511&CODE_STATE=getMsg HTTP/1.1" 200 27
222.70.180.200 - - [04/Oct/2023:10:46:44 +0800] "POST /xingrg/dwr/call/plaincall/AjaxCheckService.checkOrder.dwr HTTP/1.1" 200 79
222.70.107.161 - - [04/Oct/2023:10:46:45 +0800] "GET /xingrg/all/function/internal_message.html?_=1696387611913&CODE_STATE=getMsg HTTP/1.1" 200 27
222.70.180.200 - - [04/Oct/2023:10:46:46 +0800] "GET /xingrg/kc/base/check_order_info.html?code=452023093000433 HTTP/1.1" 200 23124
222.70.180.200 - - [04/Oct/2023:10:46:46 +0800] "GET /xingrg/dwr/interface/AjaxComOrderService.js HTTP/1.1" 200 18264
222.70.180.200 - - [04/Oct/2023:10:46:46 +0800] "GET /xingrg/dwr/interface/AjaxCheckService.js HTTP/1.1" 200 14003
222.70.180.200 - - [04/Oct/2023:10:46:46 +0800] "GET /xingrg/dwr/engine.js HTTP/1.1" 200 43631
222.70.180.200 - - [04/Oct/2023:10:46:47 +0800] "POST /xingrg/dwr/call/plaincall/AjaxCheckService.loadOrderItems.dwr HTTP/1.1" 200 4417
180.169.147.146 - - [04/Oct/2023:10:46:48 +0800] "GET /xingrg/all/function/internal_message.html?_=1696387607818&CODE_STATE=getMsg HTTP/1.1" 200 27
120.253.135.82 - - [04/Oct/2023:10:46:48 +0800] "GET /xingrg/all/function/internal_message.html?_=1696387750856&CODE_STATE=getMsg HTTP/1.1" 200 27
180.169.147.146 - - [04/Oct/2023:10:46:49 +0800] "GET /xingrg/all/function/internal_message.html?_=1696387609482&CODE_STATE=getMsg HTTP/1.1" 200 27
101.83.145.37 - - [04/Oct/2023:10:46:50 +0800] "GET /xingrg/all/function/internal_message.html?_=1696387392179&CODE_STATE=getMsg HTTP/1.1" 200 27
101.83.145.37 - - [04/Oct/2023:10:46:50 +0800] "GET /xingrg/check_reg.html?_=1696387392182 HTTP/1.1" 200 22
180.152.241.196 - - [04/Oct/2023:10:46:52 +0800] "GET /xingrg/kc/base/wldb_order_operate.html?command=get_materiel&rest_code=00102&base_code=0010477&code=00102002204 HTTP/1.1" 200 447
222.70.180.200 - - [04/Oct/2023:10:46:52 +0800] "GET /xingrg/kc/cost/cost_list.html HTTP/1.1" 200 6093
222.70.180.200 - - [04/Oct/2023:10:46:52 +0800] "GET /xingrg/dwr/interface/AjaxReportQueryService.js HTTP/1.1" 200 13203
222.70.180.200 - - [04/Oct/2023:10:46:52 +0800] "GET /xingrg/dwr/engine.js HTTP/1.1" 200 43631
222.70.180.200 - - [04/Oct/2023:10:46:52 +0800] "GET /xingrg/kc/cost/cost_operate.html?_=1696387901665&command=load_cost_list HTTP/1.1" 200 10883
222.70.107.161 - - [04/Oct/2023:10:46:54 +0800] "GET /xingrg/kc/buy/cgsh_order_operate.html?command=get_materiel&rest_code=00156&code=00101008318&supplier_code=00100007&order_time=2023-10-03 HTTP/1.1" 200 408
222.70.180.200 - - [04/Oct/2023:10:46:58 +0800] "GET /xingrg/kc/cost/cost_page.html HTTP/1.1" 200 4088
222.70.180.200 - - [04/Oct/2023:10:46:58 +0800] "GET /xingrg/dwr/interface/AjaxReportQueryService.js HTTP/1.1" 200 13203
222.70.180.200 - - [04/Oct/2023:10:46:58 +0800] "GET /xingrg/dwr/engine.js HTTP/1.1" 200 43631
180.157.248.250 - - [04/Oct/2023:10:46:58 +0800] "GET /xingrg/all/function/internal_message.html?_=1696387623657&CODE_STATE=getMsg HTTP/1.1" 200 27
180.152.241.196 - - [04/Oct/2023:10:46:59 +0800] "POST /xingrg/kc/base/wldb_order_operate.html HTTP/1.1" 200 37
222.70.180.200 - - [04/Oct/2023:10:47:01 +0800] "POST /xingrg/kc/cost/cost_operate.html HTTP/1.1" 200 4
124.79.244.25 - - [04/Oct/2023:10:47:01 +0800] "GET /xingrg/all/function/internal_message.html?_=1696387922470&CODE_STATE=getMsg HTTP/1.1" 200 27
222.70.180.200 - - [04/Oct/2023:10:47:02 +0800] "GET /xingrg/kc/cost/cost_page.html HTTP/1.1" 200 4363
222.70.180.200 - - [04/Oct/2023:10:47:02 +0800] "GET /xingrg/css/blue.css HTTP/1.1" 304 -
222.70.180.200 - - [04/Oct/2023:10:47:02 +0800] "GET /xingrg/javascript/jquery_easy_ui/themes/default/easyui.css HTTP/1.1" 304 -
222.70.180.200 - - [04/Oct/2023:10:47:02 +0800] "GET /xingrg/javascript/jquery_easy_ui/themes/icon.css HTTP/1.1" 304 -
222.70.180.200 - - [04/Oct/2023:10:47:02 +0800] "GET /xingrg/javascript/step/step.css HTTP/1.1" 304 -
222.70.180.200 - - [04/Oct/2023:10:47:02 +0800] "GET /xingrg/css/table.css HTTP/1.1" 304 -
222.70.180.200 - - [04/Oct/2023:10:47:02 +0800] "GET /xingrg/dwr/interface/AjaxReportQueryService.js HTTP/1.1" 200 13203
222.70.180.200 - - [04/Oct/2023:10:47:02 +0800] "GET /xingrg/dwr/engine.js HTTP/1.1" 200 43631
222.70.180.200 - - [04/Oct/2023:10:47:02 +0800] "GET /xingrg/dwr/util.js HTTP/1.1" 304 -
222.70.180.200 - - [04/Oct/2023:10:47:02 +0800] "GET /xingrg/javascript/jquery-1.4.2.min.js HTTP/1.1" 304 -
222.70.180.200 - - [04/Oct/2023:10:47:02 +0800] "GET /xingrg/javascript/jquery_easy_ui/jquery.easyui.min.js HTTP/1.1" 304 -
222.70.180.200 - - [04/Oct/2023:10:47:02 +0800] "GET /xingrg/javascript/jquery_easy_ui/easyui-lang-zh_CN.js HTTP/1.1" 304 -
222.70.180.200 - - [04/Oct/2023:10:47:02 +0800] "GET /xingrg/javascript/jquery.utils.js HTTP/1.1" 304 -
222.70.180.200 - - [04/Oct/2023:10:47:02 +0800] "GET /xingrg/images/control/ajaxLoader.gif HTTP/1.1" 304 -
222.70.107.161 - - [04/Oct/2023:10:47:03 +0800] "GET /xingrg/kc/buy/cgsh_order_operate.html?command=get_materiel&rest_code=00156&code=00101008131&supplier_code=00100007&order_time=2023-10-03 HTTP/1.1" 200 409
180.152.241.196 - - [04/Oct/2023:10:47:06 +0800] "POST /xingrg/kc/base/wldb_order_operate.html HTTP/1.1" 200 12
180.152.241.196 - - [04/Oct/2023:10:47:06 +0800] "POST /xingrg/kc/base/wldb_order_operate.html HTTP/1.1" 200 2676
101.228.187.155 - - [04/Oct/2023:10:47:07 +0800] "POST /xingrg/kc/buy/cgsh_order_operate.html HTTP/1.1" 200 37
180.152.241.196 - - [04/Oct/2023:10:47:07 +0800] "GET /xingrg/all/function/internal_message.html?_=1696387640641&CODE_STATE=getMsg HTTP/1.1" 200 27
180.152.241.196 - - [04/Oct/2023:10:47:09 +0800] "GET /xingrg/kc/base/wldb_order_info.html?code=422023100400329 HTTP/1.1" 200 26329
180.152.241.196 - - [04/Oct/2023:10:47:09 +0800] "GET /xingrg/javascript/easyui/themes/default/validatebox.css HTTP/1.1" 404 1104
180.152.241.196 - - [04/Oct/2023:10:47:09 +0800] "POST /xingrg/kc/base/wldb_order_operate.html HTTP/1.1" 200 959
101.228.187.155 - - [04/Oct/2023:10:47:09 +0800] "POST /xingrg/kc/buy/cgsh_order_operate.html HTTP/1.1" 200 3285
222.70.107.161 - - [04/Oct/2023:10:47:15 +0800] "GET /xingrg/kc/buy/cgsh_order_operate.html?command=get_materiel&rest_code=00156&code=00101008005&supplier_code=00100007&order_time=2023-10-03 HTTP/1.1" 200 412
124.78.155.92 - - [04/Oct/2023:10:47:15 +0800] "GET /xingrg/all/function/internal_message.html?_=1696387636949&CODE_STATE=getMsg HTTP/1.1" 200 27
222.70.180.200 - - [04/Oct/2023:10:47:22 +0800] "GET /xingrg/all/function/internal_message.html?_=1696387642048&CODE_STATE=getMsg HTTP/1.1" 200 27
114.83.218.82 - - [04/Oct/2023:10:47:23 +0800] "GET /xingrg/all/function/internal_message.html?_=1696387640346&CODE_STATE=getMsg HTTP/1.1" 200 27
124.78.155.92 - - [04/Oct/2023:10:47:26 +0800] "GET /xingrg/all/function/internal_message.html?_=1696387639065&CODE_STATE=getMsg HTTP/1.1" 200 27
101.228.187.155 - - [04/Oct/2023:10:47:26 +0800] "POST /xingrg/kc/buy/cgsh_list_operate.html HTTP/1.1" 200 2741
222.70.180.200 - - [04/Oct/2023:10:47:26 +0800] "GET /xingrg/check_reg.html?_=1696387935910 HTTP/1.1" 200 22
124.78.155.92 - - [04/Oct/2023:10:47:28 +0800] "GET /xingrg/javascript/jquery_easy_ui/themes/icons/rest.png HTTP/1.1" 304 -
124.78.155.92 - - [04/Oct/2023:10:47:28 +0800] "GET /xingrg/javascript/jquery_easy_ui/themes/icons/area.png HTTP/1.1" 304 -
124.78.155.92 - - [04/Oct/2023:10:47:28 +0800] "GET /xingrg/javascript/jquery_easy_ui/themes/default/images/tabs_active.png HTTP/1.1" 304 -
222.70.180.200 - - [04/Oct/2023:10:47:29 +0800] "GET /xingrg/all/function/internal_message.html?_=1696387938660&CODE_STATE=getMsg HTTP/1.1" 200 27
101.83.145.37 - - [04/Oct/2023:10:47:29 +0800] "GET /xingrg/all/function/internal_message.html?_=1696387651064&CODE_STATE=getMsg HTTP/1.1" 200 27
124.78.155.92 - - [04/Oct/2023:10:47:30 +0800] "GET /xingrg/kc/base/base_main.html HTTP/1.1" 200 12142
124.78.155.92 - - [04/Oct/2023:10:47:32 +0800] "GET /xingrg/kc/base/wldb_order_list.html HTTP/1.1" 200 19174
124.78.155.92 - - [04/Oct/2023:10:47:32 +0800] "POST /xingrg/kc/base/wldb_list_operate.html HTTP/1.1" 200 2168
180.169.147.146 - - [04/Oct/2023:10:47:33 +0800] "GET /xingrg/all/function/internal_message.html?_=1696387652023&CODE_STATE=getMsg HTTP/1.1" 200 27
114.95.241.104 - - [04/Oct/2023:10:47:35 +0800] "GET /xingrg/all/function/internal_message.html?_=1696387654664&CODE_STATE=getMsg HTTP/1.1" 200 27
114.95.241.104 - - [04/Oct/2023:10:47:35 +0800] "GET /xingrg/all/function/internal_message.html?_=1696387653338&CODE_STATE=getMsg HTTP/1.1" 200 27
180.165.48.189 - - [04/Oct/2023:10:47:36 +0800] "GET /xingrg/all/function/internal_message.html?_=1696387657012&CODE_STATE=getMsg HTTP/1.1" 200 27
222.70.180.200 - - [04/Oct/2023:10:47:37 +0800] "GET /xingrg/all/function/internal_message.html?_=1696387656447&CODE_STATE=getMsg HTTP/1.1" 200 27
101.228.187.155 - - [04/Oct/2023:10:47:38 +0800] "GET /xingrg/all/function/internal_message.html?_=1696387656864&CODE_STATE=getMsg HTTP/1.1" 200 27
59.56.12.79 - - [04/Oct/2023:10:47:44 +0800] "GET /xingrg/all/function/internal_message.html?_=1696387664496&CODE_STATE=getMsg HTTP/1.1" 200 27
222.70.107.161 - - [04/Oct/2023:10:47:45 +0800] "GET /xingrg/all/function/internal_message.html?_=1696387671913&CODE_STATE=getMsg HTTP/1.1" 200 27
222.70.107.161 - - [04/Oct/2023:10:47:45 +0800] "GET /xingrg/check_reg.html?_=1696387671916 HTTP/1.1" 200 22
180.169.147.146 - - [04/Oct/2023:10:47:48 +0800] "GET /xingrg/check_reg.html?_=1696387667822 HTTP/1.1" 200 22
180.169.147.146 - - [04/Oct/2023:10:47:48 +0800] "GET /xingrg/all/function/internal_message.html?_=1696387667827&CODE_STATE=getMsg HTTP/1.1" 200 27
120.253.135.82 - - [04/Oct/2023:10:47:48 +0800] "GET /xingrg/all/function/internal_message.html?_=1696387810861&CODE_STATE=getMsg HTTP/1.1" 200 27
180.169.147.146 - - [04/Oct/2023:10:47:49 +0800] "GET /xingrg/all/function/internal_message.html?_=1696387669481&CODE_STATE=getMsg HTTP/1.1" 200 27
101.83.145.37 - - [04/Oct/2023:10:47:50 +0800] "GET /xingrg/all/function/internal_message.html?_=1696387452181&CODE_STATE=getMsg HTTP/1.1" 200 27
180.157.248.250 - - [04/Oct/2023:10:47:54 +0800] "POST /xingrg/services/DataTransmitService HTTP/1.1" 200 524
101.228.187.155 - - [04/Oct/2023:10:47:57 +0800] "GET /xingrg/kc/buy/cgsh_order_add.html HTTP/1.1" 200 71649
101.228.187.155 - - [04/Oct/2023:10:47:57 +0800] "POST /xingrg/kc/buy/cgsh_order_operate.html HTTP/1.1" 200 8245
101.228.187.155 - - [04/Oct/2023:10:47:57 +0800] "GET /xingrg/javascript/easyui/themes/default/validatebox.css HTTP/1.1" 404 1104
180.157.248.250 - - [04/Oct/2023:10:47:58 +0800] "GET /xingrg/all/function/internal_message.html?_=1696387683640&CODE_STATE=getMsg HTTP/1.1" 200 27
124.79.244.25 - - [04/Oct/2023:10:48:01 +0800] "GET /xingrg/all/function/internal_message.html?_=1696387982472&CODE_STATE=getMsg HTTP/1.1" 200 27
180.152.241.196 - - [04/Oct/2023:10:48:07 +0800] "GET /xingrg/all/function/internal_message.html?_=1696387700638&CODE_STATE=getMsg HTTP/1.1" 200 27
124.78.155.92 - - [04/Oct/2023:10:48:15 +0800] "GET /xingrg/all/function/internal_message.html?_=1696387696952&CODE_STATE=getMsg HTTP/1.1" 200 27
222.70.180.200 - - [04/Oct/2023:10:48:22 +0800] "GET /xingrg/all/function/internal_message.html?_=1696387702023&CODE_STATE=getMsg HTTP/1.1" 200 27
114.83.218.82 - - [04/Oct/2023:10:48:23 +0800] "GET /xingrg/all/function/internal_message.html?_=1696387700357&CODE_STATE=getMsg HTTP/1.1" 200 27
114.83.218.82 - - [04/Oct/2023:10:48:23 +0800] "GET /xingrg/check_reg.html?_=1696387700364 HTTP/1.1" 200 22
124.78.155.92 - - [04/Oct/2023:10:48:26 +0800] "GET /xingrg/all/function/internal_message.html?_=1696387699038&CODE_STATE=getMsg HTTP/1.1" 200 27
222.70.180.200 - - [04/Oct/2023:10:48:29 +0800] "GET /xingrg/all/function/internal_message.html?_=1696387998643&CODE_STATE=getMsg HTTP/1.1" 200 27
101.83.145.37 - - [04/Oct/2023:10:48:29 +0800] "GET /xingrg/all/function/internal_message.html?_=1696387711043&CODE_STATE=getMsg HTTP/1.1" 200 27
101.83.145.37 - - [04/Oct/2023:10:48:31 +0800] "GET /xingrg/check_reg.html?_=1696387713105 HTTP/1.1" 200 22
180.169.147.146 - - [04/Oct/2023:10:48:33 +0800] "GET /xingrg/all/function/internal_message.html?_=1696387712022&CODE_STATE=getMsg HTTP/1.1" 200 27
114.95.241.104 - - [04/Oct/2023:10:48:35 +0800] "GET /xingrg/all/function/internal_message.html?_=1696387714660&CODE_STATE=getMsg HTTP/1.1" 200 27
114.95.241.104 - - [04/Oct/2023:10:48:35 +0800] "GET /xingrg/all/function/internal_message.html?_=1696387713335&CODE_STATE=getMsg HTTP/1.1" 200 27
114.95.241.104 - - [04/Oct/2023:10:48:35 +0800] "GET /xingrg/check_reg.html?_=1696387713338 HTTP/1.1" 200 22
180.165.48.189 - - [04/Oct/2023:10:48:36 +0800] "GET /xingrg/all/function/internal_message.html?_=1696387716993&CODE_STATE=getMsg HTTP/1.1" 200 27
222.70.180.200 - - [04/Oct/2023:10:48:37 +0800] "GET /xingrg/all/function/internal_message.html?_=1696387716462&CODE_STATE=getMsg HTTP/1.1" 200 27
222.70.180.200 - - [04/Oct/2023:10:48:37 +0800] "GET /xingrg/kc/buy/cgsh_order_operate.html?command=get_materiel&rest_code=00111&code=00101010080&supplier_code=00100329&order_time=2023-10-04 HTTP/1.1" 200 415
101.228.187.155 - - [04/Oct/2023:10:48:38 +0800] "GET /xingrg/check_reg.html?_=1696387716383 HTTP/1.1" 200 22
101.228.187.155 - - [04/Oct/2023:10:48:38 +0800] "GET /xingrg/all/function/internal_message.html?_=1696387716839&CODE_STATE=getMsg HTTP/1.1" 200 27
222.70.180.200 - - [04/Oct/2023:10:48:42 +0800] "POST /xingrg/kc/cost/cost_operate.html HTTP/1.1" 200 4
59.56.12.79 - - [04/Oct/2023:10:48:44 +0800] "GET /xingrg/all/function/internal_message.html?_=1696387724495&CODE_STATE=getMsg HTTP/1.1" 200 27
222.70.107.161 - - [04/Oct/2023:10:48:45 +0800] "GET /xingrg/all/function/internal_message.html?_=1696387731914&CODE_STATE=getMsg HTTP/1.1" 200 27
180.169.147.146 - - [04/Oct/2023:10:48:48 +0800] "GET /xingrg/all/function/internal_message.html?_=1696387727823&CODE_STATE=getMsg HTTP/1.1" 200 27
120.253.135.82 - - [04/Oct/2023:10:48:48 +0800] "GET /xingrg/all/function/internal_message.html?_=1696387870866&CODE_STATE=getMsg HTTP/1.1" 200 27
120.253.135.82 - - [04/Oct/2023:10:48:48 +0800] "GET /xingrg/check_reg.html?_=1696387870871 HTTP/1.1" 200 22
180.169.147.146 - - [04/Oct/2023:10:48:49 +0800] "GET /xingrg/check_reg.html?_=1696387729473 HTTP/1.1" 200 22
180.169.147.146 - - [04/Oct/2023:10:48:49 +0800] "GET /xingrg/all/function/internal_message.html?_=1696387729476&CODE_STATE=getMsg HTTP/1.1" 200 27
101.83.145.37 - - [04/Oct/2023:10:48:50 +0800] "GET /xingrg/all/function/internal_message.html?_=1696387512182&CODE_STATE=getMsg HTTP/1.1" 200 27
116.232.36.29 - - [04/Oct/2023:10:48:57 +0800] "POST /xingrg/services/DataTransmitService HTTP/1.1" 200 524
180.157.248.250 - - [04/Oct/2023:10:48:58 +0800] "GET /xingrg/all/function/internal_message.html?_=1696387743624&CODE_STATE=getMsg HTTP/1.1" 200 27
124.79.244.25 - - [04/Oct/2023:10:49:01 +0800] "GET /xingrg/all/function/internal_message.html?_=1696388042472&CODE_STATE=getMsg HTTP/1.1" 200 27
101.228.187.155 - - [04/Oct/2023:10:49:02 +0800] "GET /xingrg/kc/buy/cgsh_order_operate.html?command=get_materiel&rest_code=00142&code=00101011001&supplier_code=00100311&order_time=2023-10-04 HTTP/1.1" 200 423
