180.169.147.146 - - [04/Oct/2023:09:36:05 +0800] "POST /xingrg/dwr/call/plaincall/AjaxCheckService.loadOrderItems.dwr HTTP/1.1" 200 73895
222.70.107.161 - - [04/Oct/2023:09:36:06 +0800] "POST /xingrg/dwr/call/plaincall/AjaxReportQueryService.refreshCache.dwr HTTP/1.1" 200 78
222.70.107.161 - - [04/Oct/2023:09:36:07 +0800] "POST /xingrg/all/report/load_report_page.html HTTP/1.1" 200 145579
180.152.241.196 - - [04/Oct/2023:09:36:07 +0800] "GET /xingrg/all/function/internal_message.html?_=1696383380588&CODE_STATE=getMsg HTTP/1.1" 200 27
222.70.107.161 - - [04/Oct/2023:09:36:08 +0800] "GET /xingrg/servlets/image?cache=0.1843720224335348&image=px HTTP/1.1" 200 807
114.95.241.104 - - [04/Oct/2023:09:36:08 +0800] "GET /xingrg/kc/buy/cgsh_order_list.html HTTP/1.1" 200 56754
114.95.241.104 - - [04/Oct/2023:09:36:11 +0800] "POST /xingrg/kc/buy/cgsh_list_operate.html HTTP/1.1" 200 986
114.95.241.104 - - [04/Oct/2023:09:36:14 +0800] "GET /xingrg/kc/buy/cgsh_order_add.html HTTP/1.1" 200 72574
114.95.241.104 - - [04/Oct/2023:09:36:14 +0800] "POST /xingrg/kc/buy/cgsh_order_operate.html HTTP/1.1" 200 8245
114.95.241.104 - - [04/Oct/2023:09:36:15 +0800] "GET /xingrg/javascript/easyui/themes/default/validatebox.css HTTP/1.1" 404 1104
180.169.147.146 - - [04/Oct/2023:09:36:18 +0800] "GET /xingrg/all/function/internal_message.html?_=1696383378314&CODE_STATE=getMsg HTTP/1.1" 200 27
180.152.241.196 - - [04/Oct/2023:09:36:18 +0800] "GET /xingrg/all/function/internal_message.html?_=1696383378559&CODE_STATE=getMsg HTTP/1.1" 200 27
124.78.155.92 - - [04/Oct/2023:09:36:19 +0800] "GET /xingrg/all/function/internal_message.html?_=1696383372950&CODE_STATE=getMsg HTTP/1.1" 200 27
180.165.48.189 - - [04/Oct/2023:09:36:21 +0800] "GET /xingrg/all/function/internal_message.html?_=1696383381891&CODE_STATE=getMsg HTTP/1.1" 200 27
114.95.241.104 - - [04/Oct/2023:09:36:22 +0800] "GET /xingrg/all/function/internal_message.html?_=1696383381775&CODE_STATE=getMsg HTTP/1.1" 200 27
114.83.218.82 - - [04/Oct/2023:09:36:22 +0800] "GET /xingrg/all/function/internal_message.html?_=1696383380223&CODE_STATE=getMsg HTTP/1.1" 200 27
222.70.180.200 - - [04/Oct/2023:09:36:24 +0800] "GET /xingrg/all/function/internal_message.html?_=1696383383302&CODE_STATE=getMsg HTTP/1.1" 200 27
114.95.241.104 - - [04/Oct/2023:09:36:27 +0800] "GET /xingrg/kc/buy/cgsh_order_operate.html?command=get_materiel&rest_code=00150&code=00101008509&supplier_code=00100450&order_time=2023-10-04 HTTP/1.1" 200 410
222.70.180.200 - - [04/Oct/2023:09:36:30 +0800] "GET /xingrg/kc/buy/cgsh_order_operate.html?command=get_materiel&rest_code=00111&code=00101008026&supplier_code=00100005&order_time=2023-10-04 HTTP/1.1" 200 409
101.83.145.37 - - [04/Oct/2023:09:36:31 +0800] "GET /xingrg/all/function/internal_message.html?_=1696383392776&CODE_STATE=getMsg HTTP/1.1" 200 27
114.83.218.82 - - [04/Oct/2023:09:36:32 +0800] "GET /xingrg/kc/buy/cgsh_order_operate.html?command=get_materiel&rest_code=00149&code=00101016022&supplier_code=00100096&order_time=2023-10-04 HTTP/1.1" 200 408
114.95.241.104 - - [04/Oct/2023:09:36:35 +0800] "GET /xingrg/all/function/internal_message.html?_=1696383393334&CODE_STATE=getMsg HTTP/1.1" 200 27
180.169.147.146 - - [04/Oct/2023:09:36:36 +0800] "GET /xingrg/all/function/internal_message.html?_=1696383395923&CODE_STATE=getMsg HTTP/1.1" 302 -
222.70.180.200 - - [04/Oct/2023:09:36:36 +0800] "GET /xingrg/all/function/internal_message.html?_=1696383686071&CODE_STATE=getMsg HTTP/1.1" 200 27
222.70.180.200 - - [04/Oct/2023:09:36:37 +0800] "GET /xingrg/all/function/internal_message.html?_=1696383396400&CODE_STATE=getMsg HTTP/1.1" 200 27
222.70.180.200 - - [04/Oct/2023:09:36:37 +0800] "GET /xingrg/check_reg.html?_=1696383396401 HTTP/1.1" 200 22
101.228.187.155 - - [04/Oct/2023:09:36:38 +0800] "GET /xingrg/all/function/internal_message.html?_=1696383396281&CODE_STATE=getMsg HTTP/1.1" 200 27
114.95.241.104 - - [04/Oct/2023:09:36:38 +0800] "GET /xingrg/kc/buy/cgsh_order_operate.html?command=get_materiel&rest_code=00150&code=00102014087&supplier_code=00100450&order_time=2023-10-04 HTTP/1.1" 200 418
222.70.107.161 - - [04/Oct/2023:09:36:41 +0800] "GET /xingrg/all/function/internal_message.html?_=1696383407357&CODE_STATE=getMsg HTTP/1.1" 200 27
59.56.12.79 - - [04/Oct/2023:09:36:42 +0800] "GET /xingrg/check_reg.html?_=1696383401605 HTTP/1.1" 200 22
222.70.180.200 - - [04/Oct/2023:09:36:45 +0800] "GET /xingrg/kc/buy/cgsh_order_operate.html?command=get_materiel&rest_code=00111&code=00101008185&supplier_code=00100005&order_time=2023-10-04 HTTP/1.1" 200 408
114.83.218.82 - - [04/Oct/2023:09:36:45 +0800] "GET /xingrg/kc/buy/cgsh_order_operate.html?command=get_materiel&rest_code=00149&code=00101020154&supplier_code=00100096&order_time=2023-10-04 HTTP/1.1" 200 414
59.56.12.79 - - [04/Oct/2023:09:36:45 +0800] "GET /xingrg/all/function/internal_message.html?_=1696383405454&CODE_STATE=getMsg HTTP/1.1" 200 27
120.253.135.82 - - [04/Oct/2023:09:36:48 +0800] "GET /xingrg/all/function/internal_message.html?_=1696383550511&CODE_STATE=getMsg HTTP/1.1" 200 27
124.78.69.58 - - [04/Oct/2023:09:36:50 +0800] "GET /xingrg/kc/buy/cgsh_order_operate.html?command=get_materiel&rest_code=00141&code=00101008155&supplier_code=00100007&order_time=2023-10-04 HTTP/1.1" 200 408
101.83.145.37 - - [04/Oct/2023:09:36:50 +0800] "GET /xingrg/all/function/internal_message.html?_=1696383192099&CODE_STATE=getMsg HTTP/1.1" 200 27
101.83.145.37 - - [04/Oct/2023:09:36:50 +0800] "GET /xingrg/check_reg.html?_=1696383192102 HTTP/1.1" 200 22
114.95.241.104 - - [04/Oct/2023:09:36:56 +0800] "GET /xingrg/kc/buy/cgsh_order_operate.html?command=get_materiel&rest_code=00150&code=00101008593&supplier_code=00100450&order_time=2023-10-04 HTTP/1.1" 200 418
124.78.69.58 - - [04/Oct/2023:09:36:59 +0800] "GET /xingrg/kc/buy/cgsh_order_operate.html?command=get_materiel&rest_code=00141&code=00101008331&supplier_code=00100007&order_time=2023-10-04 HTTP/1.1" 200 416
180.163.30.85 - - [04/Oct/2023:09:37:04 +0800] "GET /xingrg/kc/base/check_order_info.html?code=452023093000392 HTTP/1.1" 302 -
180.163.30.85 - - [04/Oct/2023:09:37:04 +0800] "GET /xingrg/login.html HTTP/1.1" 200 7641
114.95.241.104 - - [04/Oct/2023:09:37:04 +0800] "GET /xingrg/kc/buy/cgsh_order_operate.html?command=get_materiel&rest_code=00150&code=00101008568&supplier_code=00100450&order_time=2023-10-04 HTTP/1.1" 200 413
124.78.69.58 - - [04/Oct/2023:09:37:05 +0800] "GET /xingrg/all/function/internal_message.html?_=1696382847772&CODE_STATE=getMsg HTTP/1.1" 200 27
124.78.69.58 - - [04/Oct/2023:09:37:06 +0800] "GET /xingrg/kc/buy/cgsh_order_operate.html?command=get_materiel&rest_code=00141&code=00101008010&supplier_code=00100007&order_time=2023-10-04 HTTP/1.1" 200 412
180.152.241.196 - - [04/Oct/2023:09:37:08 +0800] "GET /xingrg/all/function/internal_message.html?_=1696383440601&CODE_STATE=getMsg HTTP/1.1" 200 27
114.95.241.104 - - [04/Oct/2023:09:37:14 +0800] "GET /xingrg/kc/buy/cgsh_order_operate.html?command=get_materiel&rest_code=00150&code=00101015130&supplier_code=00100450&order_time=2023-10-04 HTTP/1.1" 200 410
124.78.69.58 - - [04/Oct/2023:09:37:15 +0800] "GET /xingrg/kc/buy/cgsh_order_operate.html?command=get_materiel&rest_code=00141&code=00101008095&supplier_code=00100007&order_time=2023-10-04 HTTP/1.1" 200 412
180.169.147.146 - - [04/Oct/2023:09:37:18 +0800] "GET /xingrg/all/function/internal_message.html?_=1696383438326&CODE_STATE=getMsg HTTP/1.1" 200 27
180.152.241.196 - - [04/Oct/2023:09:37:18 +0800] "GET /xingrg/all/function/internal_message.html?_=1696383438549&CODE_STATE=getMsg HTTP/1.1" 200 27
124.78.155.92 - - [04/Oct/2023:09:37:19 +0800] "GET /xingrg/all/function/internal_message.html?_=1696383432925&CODE_STATE=getMsg HTTP/1.1" 200 27
180.165.48.189 - - [04/Oct/2023:09:37:21 +0800] "GET /xingrg/all/function/internal_message.html?_=1696383441904&CODE_STATE=getMsg HTTP/1.1" 200 27
180.165.48.189 - - [04/Oct/2023:09:37:21 +0800] "GET /xingrg/check_reg.html?_=1696383441906 HTTP/1.1" 200 22
114.95.241.104 - - [04/Oct/2023:09:37:22 +0800] "GET /xingrg/all/function/internal_message.html?_=1696383441779&CODE_STATE=getMsg HTTP/1.1" 200 27
114.95.241.104 - - [04/Oct/2023:09:37:22 +0800] "GET /xingrg/kc/buy/cgsh_order_operate.html?command=get_materiel&rest_code=00150&code=00101008591&supplier_code=00100450&order_time=2023-10-04 HTTP/1.1" 200 410
114.83.218.82 - - [04/Oct/2023:09:37:22 +0800] "GET /xingrg/all/function/internal_message.html?_=1696383440207&CODE_STATE=getMsg HTTP/1.1" 200 27
222.70.180.200 - - [04/Oct/2023:09:37:23 +0800] "GET /xingrg/all/function/internal_message.html?_=1696383443273&CODE_STATE=getMsg HTTP/1.1" 200 27
101.83.145.37 - - [04/Oct/2023:09:37:31 +0800] "GET /xingrg/all/function/internal_message.html?_=1696383452753&CODE_STATE=getMsg HTTP/1.1" 200 27
114.95.241.104 - - [04/Oct/2023:09:37:33 +0800] "POST /xingrg/kc/buy/cgsh_order_operate.html HTTP/1.1" 200 37
124.78.69.58 - - [04/Oct/2023:09:37:33 +0800] "GET /xingrg/kc/buy/cgsh_order_operate.html?command=get_materiel&rest_code=00141&code=00101008096&supplier_code=00100007&order_time=2023-10-04 HTTP/1.1" 200 412
114.95.241.104 - - [04/Oct/2023:09:37:35 +0800] "GET /xingrg/all/function/internal_message.html?_=1696383453337&CODE_STATE=getMsg HTTP/1.1" 200 27
180.169.147.146 - - [04/Oct/2023:09:37:36 +0800] "GET /xingrg/all/function/internal_message.html?_=1696383455930&CODE_STATE=getMsg HTTP/1.1" 302 -
180.169.147.146 - - [04/Oct/2023:09:37:36 +0800] "GET /xingrg/check_reg.html?_=1696383455937 HTTP/1.1" 302 -
222.70.180.200 - - [04/Oct/2023:09:37:36 +0800] "GET /xingrg/all/function/internal_message.html?_=1696383746059&CODE_STATE=getMsg HTTP/1.1" 200 27
222.70.180.200 - - [04/Oct/2023:09:37:37 +0800] "GET /xingrg/all/function/internal_message.html?_=1696383456400&CODE_STATE=getMsg HTTP/1.1" 200 27
114.83.218.82 - - [04/Oct/2023:09:37:37 +0800] "GET /xingrg/kc/buy/cgsh_order_operate.html?command=get_materiel&rest_code=00149&code=00101006109&supplier_code=00100096&order_time=2023-10-04 HTTP/1.1" 200 409
101.228.187.155 - - [04/Oct/2023:09:37:38 +0800] "GET /xingrg/all/function/internal_message.html?_=1696383456280&CODE_STATE=getMsg HTTP/1.1" 200 27
114.95.241.104 - - [04/Oct/2023:09:37:40 +0800] "POST /xingrg/kc/buy/cgsh_order_operate.html HTTP/1.1" 200 12
222.70.107.161 - - [04/Oct/2023:09:37:41 +0800] "GET /xingrg/all/function/internal_message.html?_=1696383467339&CODE_STATE=getMsg HTTP/1.1" 200 27
124.78.69.58 - - [04/Oct/2023:09:37:42 +0800] "GET /xingrg/kc/buy/cgsh_order_operate.html?command=get_materiel&rest_code=00141&code=00101008747&supplier_code=00100007&order_time=2023-10-04 HTTP/1.1" 200 400
114.95.241.104 - - [04/Oct/2023:09:37:42 +0800] "GET /xingrg/kc/buy/cgsh_order_info.html?code=212023100401055 HTTP/1.1" 200 67495
114.95.241.104 - - [04/Oct/2023:09:37:42 +0800] "GET /xingrg/javascript/easyui/themes/default/validatebox.css HTTP/1.1" 404 1104
114.95.241.104 - - [04/Oct/2023:09:37:43 +0800] "POST /xingrg/kc/buy/cgsh_order_operate.html HTTP/1.1" 200 3562
114.95.241.104 - - [04/Oct/2023:09:37:45 +0800] "GET /xingrg/kc/print/load_data.html?order_code=212023100401055&kc_code=cgsh&condition= HTTP/1.1" 200 1846
59.56.12.79 - - [04/Oct/2023:09:37:45 +0800] "GET /xingrg/all/function/internal_message.html?_=1696383465452&CODE_STATE=getMsg HTTP/1.1" 200 27
120.253.135.82 - - [04/Oct/2023:09:37:48 +0800] "GET /xingrg/all/function/internal_message.html?_=1696383610520&CODE_STATE=getMsg HTTP/1.1" 200 27
114.83.218.82 - - [04/Oct/2023:09:37:48 +0800] "GET /xingrg/kc/buy/cgsh_order_operate.html?command=get_materiel&rest_code=00149&code=00101006058&supplier_code=00100096&order_time=2023-10-04 HTTP/1.1" 200 415
222.70.180.200 - - [04/Oct/2023:09:37:49 +0800] "GET /xingrg/kc/buy/cgsh_order_operate.html?command=get_materiel&rest_code=00111&code=00101008101&supplier_code=00100005&order_time=2023-10-04 HTTP/1.1" 200 412
124.78.69.58 - - [04/Oct/2023:09:37:50 +0800] "GET /xingrg/kc/buy/cgsh_order_operate.html?command=get_materiel&rest_code=00141&code=00101008141&supplier_code=00100007&order_time=2023-10-04 HTTP/1.1" 200 412
101.83.145.37 - - [04/Oct/2023:09:37:50 +0800] "GET /xingrg/all/function/internal_message.html?_=1696383252102&CODE_STATE=getMsg HTTP/1.1" 200 27
222.70.180.200 - - [04/Oct/2023:09:37:50 +0800] "GET /xingrg/check_reg.html?_=1696383759878 HTTP/1.1" 200 22
124.78.69.58 - - [04/Oct/2023:09:38:00 +0800] "GET /xingrg/kc/buy/cgsh_order_operate.html?command=get_materiel&rest_code=00141&code=00101008148&supplier_code=00100007&order_time=2023-10-04 HTTP/1.1" 200 416
114.83.218.82 - - [04/Oct/2023:09:38:02 +0800] "GET /xingrg/kc/buy/cgsh_order_operate.html?command=get_materiel&rest_code=00149&code=00101016104&supplier_code=00100096&order_time=2023-10-04 HTTP/1.1" 200 408
124.78.69.58 - - [04/Oct/2023:09:38:05 +0800] "GET /xingrg/all/function/internal_message.html?_=1696382907741&CODE_STATE=getMsg HTTP/1.1" 200 27
180.152.241.196 - - [04/Oct/2023:09:38:07 +0800] "GET /xingrg/all/function/internal_message.html?_=1696383500598&CODE_STATE=getMsg HTTP/1.1" 200 27
114.83.218.82 - - [04/Oct/2023:09:38:13 +0800] "GET /xingrg/kc/buy/cgsh_order_operate.html?command=get_materiel&rest_code=00149&code=00101006055&supplier_code=00100096&order_time=2023-10-04 HTTP/1.1" 200 410
180.169.147.146 - - [04/Oct/2023:09:38:18 +0800] "GET /xingrg/all/function/internal_message.html?_=1696383498314&CODE_STATE=getMsg HTTP/1.1" 200 27
180.152.241.196 - - [04/Oct/2023:09:38:18 +0800] "GET /xingrg/all/function/internal_message.html?_=1696383498538&CODE_STATE=getMsg HTTP/1.1" 200 27
124.78.155.92 - - [04/Oct/2023:09:38:19 +0800] "GET /xingrg/all/function/internal_message.html?_=1696383492896&CODE_STATE=getMsg HTTP/1.1" 200 27
180.165.48.189 - - [04/Oct/2023:09:38:21 +0800] "GET /xingrg/all/function/internal_message.html?_=1696383501896&CODE_STATE=getMsg HTTP/1.1" 200 27
114.95.241.104 - - [04/Oct/2023:09:38:22 +0800] "GET /xingrg/check_reg.html?_=1696383501777 HTTP/1.1" 200 22
114.95.241.104 - - [04/Oct/2023:09:38:22 +0800] "GET /xingrg/all/function/internal_message.html?_=1696383501780&CODE_STATE=getMsg HTTP/1.1" 200 27
114.83.218.82 - - [04/Oct/2023:09:38:22 +0800] "GET /xingrg/all/function/internal_message.html?_=1696383500225&CODE_STATE=getMsg HTTP/1.1" 200 27
114.83.218.82 - - [04/Oct/2023:09:38:22 +0800] "GET /xingrg/check_reg.html?_=1696383500232 HTTP/1.1" 200 22
222.70.180.200 - - [04/Oct/2023:09:38:23 +0800] "GET /xingrg/all/function/internal_message.html?_=1696383503246&CODE_STATE=getMsg HTTP/1.1" 200 27
222.70.180.200 - - [04/Oct/2023:09:38:26 +0800] "GET /xingrg/kc/buy/cgsh_order_operate.html?command=get_materiel&rest_code=00111&code=00101008004&supplier_code=00100005&order_time=2023-10-04 HTTP/1.1" 200 416
124.78.69.58 - - [04/Oct/2023:09:38:29 +0800] "GET /xingrg/check_reg.html?_=1696382932211 HTTP/1.1" 200 22
101.83.145.37 - - [04/Oct/2023:09:38:31 +0800] "GET /xingrg/all/function/internal_message.html?_=1696383512728&CODE_STATE=getMsg HTTP/1.1" 200 27
101.83.145.37 - - [04/Oct/2023:09:38:31 +0800] "GET /xingrg/check_reg.html?_=1696383513058 HTTP/1.1" 200 22
114.95.241.104 - - [04/Oct/2023:09:38:35 +0800] "GET /xingrg/check_reg.html?_=1696383513327 HTTP/1.1" 200 22
114.95.241.104 - - [04/Oct/2023:09:38:35 +0800] "GET /xingrg/all/function/internal_message.html?_=1696383513330&CODE_STATE=getMsg HTTP/1.1" 200 27
180.169.147.146 - - [04/Oct/2023:09:38:35 +0800] "GET /xingrg/login.html HTTP/1.1" 200 7641
180.169.147.146 - - [04/Oct/2023:09:38:36 +0800] "GET /xingrg/all/function/internal_message.html?_=1696383515937&CODE_STATE=getMsg HTTP/1.1" 302 -
222.70.180.200 - - [04/Oct/2023:09:38:36 +0800] "GET /xingrg/all/function/internal_message.html?_=1696383806049&CODE_STATE=getMsg HTTP/1.1" 200 27
222.70.180.200 - - [04/Oct/2023:09:38:37 +0800] "GET /xingrg/all/function/internal_message.html?_=1696383516400&CODE_STATE=getMsg HTTP/1.1" 200 27
114.83.218.82 - - [04/Oct/2023:09:38:38 +0800] "GET /xingrg/kc/buy/cgsh_order_operate.html?command=get_materiel&rest_code=00149&code=00101006193&supplier_code=00100096&order_time=2023-10-04 HTTP/1.1" 200 409
101.228.187.155 - - [04/Oct/2023:09:38:38 +0800] "GET /xingrg/check_reg.html?_=1696383516280 HTTP/1.1" 200 22
101.228.187.155 - - [04/Oct/2023:09:38:38 +0800] "GET /xingrg/all/function/internal_message.html?_=1696383516282&CODE_STATE=getMsg HTTP/1.1" 200 27
114.95.241.104 - - [04/Oct/2023:09:38:38 +0800] "POST /xingrg/all/user/operate.html HTTP/1.1" 200 36
114.95.241.104 - - [04/Oct/2023:09:38:38 +0800] "GET /xingrg/index.html?sysBaseUrl=http%3A%2F%2F180.169.147.146%3A18081%2Fxingrg%2F&costTime=843×tamp=1696379584681 HTTP/1.1" 200 17177
114.95.241.104 - - [04/Oct/2023:09:38:38 +0800] "GET /xingrg/javascript/jquery_easy_ui/themes/default/easyui.css HTTP/1.1" 304 -
114.95.241.104 - - [04/Oct/2023:09:38:38 +0800] "GET /xingrg/javascript/jquery_easy_ui/themes/icon.css HTTP/1.1" 304 -
114.95.241.104 - - [04/Oct/2023:09:38:38 +0800] "GET /xingrg/css/form.css HTTP/1.1" 304 -
114.95.241.104 - - [04/Oct/2023:09:38:38 +0800] "GET /xingrg/javascript/jquery-1.4.2.min.js HTTP/1.1" 304 -
114.95.241.104 - - [04/Oct/2023:09:38:39 +0800] "GET /xingrg/javascript/jquery_easy_ui/jquery.easyui.min.js HTTP/1.1" 304 -
114.95.241.104 - - [04/Oct/2023:09:38:39 +0800] "GET /xingrg/javascript/jquery_easy_ui/easyui-lang-zh_CN.js HTTP/1.1" 304 -
114.95.241.104 - - [04/Oct/2023:09:38:39 +0800] "GET /xingrg/javascript/jquery.form.js HTTP/1.1" 304 -
114.95.241.104 - - [04/Oct/2023:09:38:39 +0800] "GET /xingrg/javascript/jquery.utils.js HTTP/1.1" 304 -
114.95.241.104 - - [04/Oct/2023:09:38:39 +0800] "GET /xingrg/javascript/jquery.timers.js HTTP/1.1" 304 -
114.95.241.104 - - [04/Oct/2023:09:38:39 +0800] "GET /xingrg/images/blue/jxLogo.png HTTP/1.1" 304 -
114.95.241.104 - - [04/Oct/2023:09:38:39 +0800] "GET /xingrg/javascript/jquery_easy_ui/themes/icons/settle_new.png HTTP/1.1" 304 -
114.95.241.104 - - [04/Oct/2023:09:38:39 +0800] "GET /xingrg/images/blue/navBackgound.jpg HTTP/1.1" 304 -
114.95.241.104 - - [04/Oct/2023:09:38:39 +0800] "GET /xingrg/all/function/internal_message.html?_=1696383518632&CODE_STATE=count HTTP/1.1" 200 11
114.95.241.104 - - [04/Oct/2023:09:38:39 +0800] "GET /xingrg/check_reg.html?_=1696383518634 HTTP/1.1" 200 22
114.95.241.104 - - [04/Oct/2023:09:38:39 +0800] "GET /xingrg/images/blue/pingpu.png HTTP/1.1" 304 -
114.95.241.104 - - [04/Oct/2023:09:38:39 +0800] "GET /xingrg/javascript/jquery_easy_ui/themes/default/images/tabs_leftarrow.png HTTP/1.1" 304 -
114.95.241.104 - - [04/Oct/2023:09:38:39 +0800] "GET /xingrg/javascript/jquery_easy_ui/themes/default/images/panel_tool_collapse.gif HTTP/1.1" 304 -
114.95.241.104 - - [04/Oct/2023:09:38:39 +0800] "GET /xingrg/javascript/jquery_easy_ui/themes/default/images/tabs_rightarrow.png HTTP/1.1" 304 -
114.95.241.104 - - [04/Oct/2023:09:38:39 +0800] "POST /xingrg/all/common/load_tree.html?tree=area_rest_tree_json&manage=1 HTTP/1.1" 200 476
114.95.241.104 - - [04/Oct/2023:09:38:39 +0800] "POST /xingrg/load_menu.html HTTP/1.1" 200 5138
222.70.107.161 - - [04/Oct/2023:09:38:41 +0800] "GET /xingrg/all/function/internal_message.html?_=1696383527317&CODE_STATE=getMsg HTTP/1.1" 200 27
114.95.241.104 - - [04/Oct/2023:09:38:42 +0800] "GET /xingrg/kc/buy/cgsh_order_list.html HTTP/1.1" 200 56752
114.95.241.104 - - [04/Oct/2023:09:38:44 +0800] "POST /xingrg/kc/buy/cgsh_list_operate.html HTTP/1.1" 200 986
59.56.12.79 - - [04/Oct/2023:09:38:45 +0800] "GET /xingrg/all/function/internal_message.html?_=1696383525449&CODE_STATE=getMsg HTTP/1.1" 200 27
114.95.241.104 - - [04/Oct/2023:09:38:46 +0800] "GET /xingrg/kc/buy/cgsh_order_add.html HTTP/1.1" 200 72128
124.78.69.58 - - [04/Oct/2023:09:38:46 +0800] "GET /xingrg/kc/buy/cgsh_order_operate.html?command=get_materiel&rest_code=00141&code=00101008264&supplier_code=00100007&order_time=2023-10-04 HTTP/1.1" 200 412
114.95.241.104 - - [04/Oct/2023:09:38:47 +0800] "POST /xingrg/kc/buy/cgsh_order_operate.html HTTP/1.1" 200 8245
114.95.241.104 - - [04/Oct/2023:09:38:47 +0800] "GET /xingrg/javascript/easyui/themes/default/validatebox.css HTTP/1.1" 404 1104
114.95.241.104 - - [04/Oct/2023:09:38:47 +0800] "GET /xingrg/all/common/auto_word.html?type=employee&rest_code=00151 HTTP/1.1" 200 293
114.95.241.104 - - [04/Oct/2023:09:38:47 +0800] "GET /xingrg/all/common/auto_word.html?type=employee&rest_code=00151 HTTP/1.1" 200 293
180.169.147.146 - - [04/Oct/2023:09:38:48 +0800] "GET /favicon.ico HTTP/1.1" 404 -
120.253.135.82 - - [04/Oct/2023:09:38:48 +0800] "GET /xingrg/all/function/internal_message.html?_=1696383670519&CODE_STATE=getMsg HTTP/1.1" 200 27
120.253.135.82 - - [04/Oct/2023:09:38:48 +0800] "GET /xingrg/check_reg.html?_=1696383670519 HTTP/1.1" 200 22
101.83.145.37 - - [04/Oct/2023:09:38:50 +0800] "GET /xingrg/all/function/internal_message.html?_=1696383312103&CODE_STATE=getMsg HTTP/1.1" 200 27
114.95.241.104 - - [04/Oct/2023:09:38:50 +0800] "GET /xingrg/javascript/auto/indicator.gif HTTP/1.1" 404 1066
222.70.180.200 - - [04/Oct/2023:09:38:52 +0800] "POST /xingrg/services/DataTransmitService HTTP/1.1" 200 524
114.95.241.104 - - [04/Oct/2023:09:38:58 +0800] "GET /xingrg/kc/buy/cgsh_order_operate.html?command=get_materiel&rest_code=00151&code=00101009178&supplier_code=00100022&order_time=2023-10-04 HTTP/1.1" 200 399
114.83.218.82 - - [04/Oct/2023:09:39:04 +0800] "GET /xingrg/kc/buy/cgsh_order_operate.html?command=get_materiel&rest_code=00149&code=00101006194&supplier_code=00100096&order_time=2023-10-04 HTTP/1.1" 200 413
124.78.69.58 - - [04/Oct/2023:09:39:05 +0800] "GET /xingrg/all/function/internal_message.html?_=1696382967721&CODE_STATE=getMsg HTTP/1.1" 200 27
180.152.241.196 - - [04/Oct/2023:09:39:07 +0800] "GET /xingrg/all/function/internal_message.html?_=1696383560595&CODE_STATE=getMsg HTTP/1.1" 200 27
114.95.241.104 - - [04/Oct/2023:09:39:08 +0800] "POST /xingrg/kc/buy/cgsh_order_operate.html HTTP/1.1" 200 37
114.95.241.104 - - [04/Oct/2023:09:39:15 +0800] "POST /xingrg/kc/buy/cgsh_order_operate.html HTTP/1.1" 200 12
114.95.241.104 - - [04/Oct/2023:09:39:16 +0800] "GET /xingrg/kc/buy/cgsh_order_info.html?code=212023100401056 HTTP/1.1" 200 67035
114.95.241.104 - - [04/Oct/2023:09:39:17 +0800] "GET /xingrg/javascript/easyui/themes/default/validatebox.css HTTP/1.1" 404 1104
114.95.241.104 - - [04/Oct/2023:09:39:18 +0800] "POST /xingrg/kc/buy/cgsh_order_operate.html HTTP/1.1" 200 615
180.169.147.146 - - [04/Oct/2023:09:39:18 +0800] "GET /xingrg/all/function/internal_message.html?_=1696383558309&CODE_STATE=getMsg HTTP/1.1" 200 27
180.152.241.196 - - [04/Oct/2023:09:39:18 +0800] "GET /xingrg/check_reg.html?_=1696383558557 HTTP/1.1" 200 22
180.152.241.196 - - [04/Oct/2023:09:39:18 +0800] "GET /xingrg/all/function/internal_message.html?_=1696383558555&CODE_STATE=getMsg HTTP/1.1" 200 27
124.78.155.92 - - [04/Oct/2023:09:39:19 +0800] "GET /xingrg/all/function/internal_message.html?_=1696383552886&CODE_STATE=getMsg HTTP/1.1" 200 27
114.95.241.104 - - [04/Oct/2023:09:39:19 +0800] "GET /xingrg/kc/print/load_data.html?order_code=212023100401056&kc_code=cgsh&condition= HTTP/1.1" 200 744
180.165.48.189 - - [04/Oct/2023:09:39:21 +0800] "GET /xingrg/all/function/internal_message.html?_=1696383561910&CODE_STATE=getMsg HTTP/1.1" 200 27
114.83.218.82 - - [04/Oct/2023:09:39:22 +0800] "GET /xingrg/all/function/internal_message.html?_=1696383560212&CODE_STATE=getMsg HTTP/1.1" 200 27
222.70.180.200 - - [04/Oct/2023:09:39:23 +0800] "GET /xingrg/all/function/internal_message.html?_=1696383563219&CODE_STATE=getMsg HTTP/1.1" 200 27
124.78.69.58 - - [04/Oct/2023:09:39:25 +0800] "GET /xingrg/kc/buy/cgsh_order_operate.html?command=get_materiel&rest_code=00141&code=00101008356&supplier_code=00100007&order_time=2023-10-04 HTTP/1.1" 200 408
114.95.241.104 - - [04/Oct/2023:09:39:25 +0800] "GET /xingrg/kc/buy/cgsh_order_add.html HTTP/1.1" 200 72128
114.95.241.104 - - [04/Oct/2023:09:39:26 +0800] "POST /xingrg/kc/buy/cgsh_order_operate.html HTTP/1.1" 200 8245
114.95.241.104 - - [04/Oct/2023:09:39:26 +0800] "GET /xingrg/javascript/easyui/themes/default/validatebox.css HTTP/1.1" 404 1104
101.83.145.37 - - [04/Oct/2023:09:39:31 +0800] "GET /xingrg/all/function/internal_message.html?_=1696383572701&CODE_STATE=getMsg HTTP/1.1" 200 27
101.83.145.37 - - [04/Oct/2023:09:39:31 +0800] "POST /xingrg/services/DataTransmitService HTTP/1.1" 200 524
124.78.69.58 - - [04/Oct/2023:09:39:34 +0800] "GET /xingrg/kc/buy/cgsh_order_operate.html?command=get_materiel&rest_code=00141&code=00101008360&supplier_code=00100007&order_time=2023-10-04 HTTP/1.1" 200 412
114.95.241.104 - - [04/Oct/2023:09:39:35 +0800] "GET /xingrg/all/function/internal_message.html?_=1696383573335&CODE_STATE=getMsg HTTP/1.1" 200 27
180.169.147.146 - - [04/Oct/2023:09:39:36 +0800] "GET /xingrg/all/function/internal_message.html?_=1696383575935&CODE_STATE=getMsg HTTP/1.1" 302 -
222.70.180.200 - - [04/Oct/2023:09:39:36 +0800] "GET /xingrg/all/function/internal_message.html?_=1696383866029&CODE_STATE=getMsg HTTP/1.1" 200 27
222.70.180.200 - - [04/Oct/2023:09:39:37 +0800] "GET /xingrg/all/function/internal_message.html?_=1696383576424&CODE_STATE=getMsg HTTP/1.1" 200 27
101.228.187.155 - - [04/Oct/2023:09:39:38 +0800] "GET /xingrg/all/function/internal_message.html?_=1696383576280&CODE_STATE=getMsg HTTP/1.1" 200 27
114.95.241.104 - - [04/Oct/2023:09:39:39 +0800] "GET /xingrg/all/function/internal_message.html?_=1696383578645&CODE_STATE=getMsg HTTP/1.1" 200 27
114.95.241.104 - - [04/Oct/2023:09:39:39 +0800] "GET /xingrg/kc/buy/cgsh_order_operate.html?command=get_materiel&rest_code=00151&code=00101008084&supplier_code=00100096&order_time=2023-10-04 HTTP/1.1" 200 412
222.70.107.161 - - [04/Oct/2023:09:39:41 +0800] "GET /xingrg/check_reg.html?_=1696383587213 HTTP/1.1" 200 22
222.70.107.161 - - [04/Oct/2023:09:39:41 +0800] "GET /xingrg/all/function/internal_message.html?_=1696383587301&CODE_STATE=getMsg HTTP/1.1" 200 27
59.56.12.79 - - [04/Oct/2023:09:39:45 +0800] "GET /xingrg/all/function/internal_message.html?_=1696383585434&CODE_STATE=getMsg HTTP/1.1" 200 27
120.253.135.82 - - [04/Oct/2023:09:39:48 +0800] "GET /xingrg/all/function/internal_message.html?_=1696383730520&CODE_STATE=getMsg HTTP/1.1" 200 27
101.83.145.37 - - [04/Oct/2023:09:39:50 +0800] "GET /xingrg/all/function/internal_message.html?_=1696383372103&CODE_STATE=getMsg HTTP/1.1" 200 27
124.78.69.58 - - [04/Oct/2023:09:39:51 +0800] "GET /xingrg/kc/buy/cgsh_order_operate.html?command=get_materiel&rest_code=00141&code=00101008740&supplier_code=00100007&order_time=2023-10-04 HTTP/1.1" 200 399
114.83.218.82 - - [04/Oct/2023:09:39:53 +0800] "GET /xingrg/kc/buy/cgsh_order_operate.html?command=get_materiel&rest_code=00149&code=00101006065&supplier_code=00100096&order_time=2023-10-04 HTTP/1.1" 200 409
114.95.241.104 - - [04/Oct/2023:09:39:54 +0800] "GET /xingrg/kc/buy/cgsh_order_operate.html?command=get_materiel&rest_code=00151&code=00101012060&supplier_code=00100096&order_time=2023-10-04 HTTP/1.1" 200 408
222.70.180.200 - - [04/Oct/2023:09:39:57 +0800] "GET /xingrg/kc/buy/cgsh_order_operate.html?command=get_materiel&rest_code=00111&code=00101008371&supplier_code=00100005&order_time=2023-10-04 HTTP/1.1" 200 412
124.78.155.92 - - [04/Oct/2023:09:40:02 +0800] "GET /xingrg/check_reg.html?_=1696383595731 HTTP/1.1" 200 22
114.95.241.104 - - [04/Oct/2023:09:40:03 +0800] "GET /xingrg/kc/buy/cgsh_order_operate.html?command=get_materiel&rest_code=00151&code=00101016025&supplier_code=00100096&order_time=2023-10-04 HTTP/1.1" 200 408
124.78.69.58 - - [04/Oct/2023:09:40:05 +0800] "GET /xingrg/all/function/internal_message.html?_=1696383027695&CODE_STATE=getMsg HTTP/1.1" 200 27
180.152.241.196 - - [04/Oct/2023:09:40:07 +0800] "GET /xingrg/all/function/internal_message.html?_=1696383620594&CODE_STATE=getMsg HTTP/1.1" 200 27
180.152.241.196 - - [04/Oct/2023:09:40:07 +0800] "GET /xingrg/check_reg.html?_=1696383620592 HTTP/1.1" 200 22
180.169.147.146 - - [04/Oct/2023:09:40:09 +0800] "POST /xingrg/login.do HTTP/1.1" 302 -
180.169.147.146 - - [04/Oct/2023:09:40:09 +0800] "GET /xingrg/index.html?sysBaseUrl=http%3A%2F%2F180.169.147.146%3A18081%2Fxingrg%2F&costTime=885×tamp=1696383609066 HTTP/1.1" 200 17503
114.83.218.82 - - [04/Oct/2023:09:40:11 +0800] "GET /xingrg/kc/buy/cgsh_order_operate.html?command=get_materiel&rest_code=00149&code=00101007049&supplier_code=00100096&order_time=2023-10-04 HTTP/1.1" 200 409
180.169.147.146 - - [04/Oct/2023:09:40:12 +0800] "GET /favicon.ico HTTP/1.1" 404 -
180.169.147.146 - - [04/Oct/2023:09:40:13 +0800] "POST /xingrg/all/common/load_tree.html?tree=area_rest_tree_json&manage=1 HTTP/1.1" 200 3499
180.169.147.146 - - [04/Oct/2023:09:40:13 +0800] "GET /xingrg/all/function/internal_message.html?_=1696383611273&CODE_STATE=count HTTP/1.1" 200 11
180.169.147.146 - - [04/Oct/2023:09:40:13 +0800] "GET /xingrg/check_reg.html?_=1696383611274 HTTP/1.1" 200 22
180.169.147.146 - - [04/Oct/2023:09:40:13 +0800] "POST /xingrg/load_menu.html HTTP/1.1" 200 11443
180.152.241.196 - - [04/Oct/2023:09:40:14 +0800] "GET /xingrg/check_reg.html?_=1696383613969 HTTP/1.1" 200 22
114.95.241.104 - - [04/Oct/2023:09:40:16 +0800] "GET /xingrg/kc/buy/cgsh_order_operate.html?command=get_materiel&rest_code=00151&code=00101012039&supplier_code=00100096&order_time=2023-10-04 HTTP/1.1" 200 408
180.169.147.146 - - [04/Oct/2023:09:40:18 +0800] "GET /xingrg/check_reg.html?_=1696383618327 HTTP/1.1" 200 22
180.169.147.146 - - [04/Oct/2023:09:40:18 +0800] "GET /xingrg/all/function/internal_message.html?_=1696383618330&CODE_STATE=getMsg HTTP/1.1" 200 27
180.152.241.196 - - [04/Oct/2023:09:40:18 +0800] "GET /xingrg/all/function/internal_message.html?_=1696383618546&CODE_STATE=getMsg HTTP/1.1" 200 27
124.78.155.92 - - [04/Oct/2023:09:40:19 +0800] "GET /xingrg/all/function/internal_message.html?_=1696383612863&CODE_STATE=getMsg HTTP/1.1" 200 27
222.70.180.200 - - [04/Oct/2023:09:40:20 +0800] "GET /xingrg/kc/buy/cgsh_order_operate.html?command=get_materiel&rest_code=00111&code=00101008112&supplier_code=00100005&order_time=2023-10-04 HTTP/1.1" 200 412
180.165.48.189 - - [04/Oct/2023:09:40:21 +0800] "GET /xingrg/all/function/internal_message.html?_=1696383621908&CODE_STATE=getMsg HTTP/1.1" 200 27
114.83.218.82 - - [04/Oct/2023:09:40:22 +0800] "GET /xingrg/kc/buy/cgsh_order_operate.html?command=get_materiel&rest_code=00149&code=00101007033&supplier_code=00100096&order_time=2023-10-04 HTTP/1.1" 200 419
114.83.218.82 - - [04/Oct/2023:09:40:22 +0800] "GET /xingrg/all/function/internal_message.html?_=1696383620241&CODE_STATE=getMsg HTTP/1.1" 200 27
222.70.180.200 - - [04/Oct/2023:09:40:23 +0800] "GET /xingrg/all/function/internal_message.html?_=1696383623191&CODE_STATE=getMsg HTTP/1.1" 200 27
222.70.180.200 - - [04/Oct/2023:09:40:24 +0800] "GET /xingrg/check_reg.html?_=1696383623927 HTTP/1.1" 200 22
114.95.241.104 - - [04/Oct/2023:09:40:25 +0800] "GET /xingrg/kc/buy/cgsh_order_operate.html?command=get_materiel&rest_code=00151&code=00101016038&supplier_code=00100096&order_time=2023-10-04 HTTP/1.1" 200 408
124.78.69.58 - - [04/Oct/2023:09:40:25 +0800] "GET /xingrg/kc/buy/cgsh_order_operate.html?command=get_materiel&rest_code=00141&code=00101008077&supplier_code=00100007&order_time=2023-10-04 HTTP/1.1" 200 416
101.83.145.37 - - [04/Oct/2023:09:40:31 +0800] "GET /xingrg/all/function/internal_message.html?_=1696383632682&CODE_STATE=getMsg HTTP/1.1" 200 27
114.95.241.104 - - [04/Oct/2023:09:40:33 +0800] "GET /xingrg/kc/buy/cgsh_order_operate.html?command=get_materiel&rest_code=00151&code=00101016051&supplier_code=00100096&order_time=2023-10-04 HTTP/1.1" 200 408
114.95.241.104 - - [04/Oct/2023:09:40:35 +0800] "GET /xingrg/all/function/internal_message.html?_=1696383633333&CODE_STATE=getMsg HTTP/1.1" 200 27
124.78.69.58 - - [04/Oct/2023:09:40:35 +0800] "GET /xingrg/kc/buy/cgsh_order_operate.html?command=get_materiel&rest_code=00141&code=00101008069&supplier_code=00100007&order_time=2023-10-04 HTTP/1.1" 200 412
180.169.147.146 - - [04/Oct/2023:09:40:36 +0800] "GET /xingrg/all/function/internal_message.html?_=1696383635933&CODE_STATE=getMsg HTTP/1.1" 302 -
222.70.180.200 - - [04/Oct/2023:09:40:36 +0800] "GET /xingrg/all/function/internal_message.html?_=1696383926010&CODE_STATE=getMsg HTTP/1.1" 200 27
222.70.180.200 - - [04/Oct/2023:09:40:37 +0800] "GET /xingrg/all/function/internal_message.html?_=1696383636407&CODE_STATE=getMsg HTTP/1.1" 200 27
101.228.187.155 - - [04/Oct/2023:09:40:38 +0800] "GET /xingrg/all/function/internal_message.html?_=1696383636278&CODE_STATE=getMsg HTTP/1.1" 200 27
114.95.241.104 - - [04/Oct/2023:09:40:39 +0800] "GET /xingrg/all/function/internal_message.html?_=1696383638647&CODE_STATE=getMsg HTTP/1.1" 200 27
222.70.107.161 - - [04/Oct/2023:09:40:41 +0800] "GET /xingrg/all/function/internal_message.html?_=1696383647285&CODE_STATE=getMsg HTTP/1.1" 200 27
124.78.69.58 - - [04/Oct/2023:09:40:43 +0800] "GET /xingrg/kc/buy/cgsh_order_operate.html?command=get_materiel&rest_code=00141&code=00101008286&supplier_code=00100007&order_time=2023-10-04 HTTP/1.1" 200 408
222.70.180.200 - - [04/Oct/2023:09:40:45 +0800] "GET /xingrg/kc/buy/cgsh_order_operate.html?command=get_materiel&rest_code=00111&code=00101008360&supplier_code=00100005&order_time=2023-10-04 HTTP/1.1" 200 413
59.56.12.79 - - [04/Oct/2023:09:40:45 +0800] "GET /xingrg/all/function/internal_message.html?_=1696383645430&CODE_STATE=getMsg HTTP/1.1" 200 27
120.253.135.82 - - [04/Oct/2023:09:40:48 +0800] "GET /xingrg/all/function/internal_message.html?_=1696383790528&CODE_STATE=getMsg HTTP/1.1" 200 27
101.83.145.37 - - [04/Oct/2023:09:40:50 +0800] "GET /xingrg/all/function/internal_message.html?_=1696383432103&CODE_STATE=getMsg HTTP/1.1" 200 27
114.95.241.104 - - [04/Oct/2023:09:40:51 +0800] "GET /xingrg/kc/buy/cgsh_order_operate.html?command=get_materiel&rest_code=00151&code=00101012059&supplier_code=00100096&order_time=2023-10-04 HTTP/1.1" 200 412
124.78.69.58 - - [04/Oct/2023:09:40:55 +0800] "GET /xingrg/kc/buy/cgsh_order_operate.html?command=get_materiel&rest_code=00141&code=00101008131&supplier_code=00100007&order_time=2023-10-04 HTTP/1.1" 200 409
124.78.69.58 - - [04/Oct/2023:09:41:05 +0800] "GET /xingrg/all/function/internal_message.html?_=1696383087675&CODE_STATE=getMsg HTTP/1.1" 200 27
124.78.69.58 - - [04/Oct/2023:09:41:05 +0800] "GET /xingrg/kc/buy/cgsh_order_operate.html?command=get_materiel&rest_code=00141&code=00101008318&supplier_code=00100007&order_time=2023-10-04 HTTP/1.1" 200 408
114.83.218.82 - - [04/Oct/2023:09:41:07 +0800] "GET /xingrg/kc/buy/cgsh_order_operate.html?command=get_materiel&rest_code=00149&code=00101006056&supplier_code=00100096&order_time=2023-10-04 HTTP/1.1" 200 414
180.152.241.196 - - [04/Oct/2023:09:41:08 +0800] "GET /xingrg/all/function/internal_message.html?_=1696383680589&CODE_STATE=getMsg HTTP/1.1" 200 27
114.95.241.104 - - [04/Oct/2023:09:41:10 +0800] "GET /xingrg/kc/buy/cgsh_order_operate.html?command=get_materiel&rest_code=00151&code=00101006161&supplier_code=00100096&order_time=2023-10-04 HTTP/1.1" 200 409
180.169.147.146 - - [04/Oct/2023:09:41:13 +0800] "GET /xingrg/all/function/internal_message.html?_=1696383671286&CODE_STATE=getMsg HTTP/1.1" 200 27
124.78.69.58 - - [04/Oct/2023:09:41:14 +0800] "GET /xingrg/kc/buy/cgsh_order_operate.html?command=get_materiel&rest_code=00141&code=00101008005&supplier_code=00100007&order_time=2023-10-04 HTTP/1.1" 200 412
180.169.147.146 - - [04/Oct/2023:09:41:18 +0800] "GET /xingrg/all/function/internal_message.html?_=1696383678325&CODE_STATE=getMsg HTTP/1.1" 200 27
180.152.241.196 - - [04/Oct/2023:09:41:18 +0800] "GET /xingrg/all/function/internal_message.html?_=1696383678561&CODE_STATE=getMsg HTTP/1.1" 200 27
124.78.155.92 - - [04/Oct/2023:09:41:19 +0800] "GET /xingrg/all/function/internal_message.html?_=1696383672850&CODE_STATE=getMsg HTTP/1.1" 200 27
114.95.241.104 - - [04/Oct/2023:09:41:20 +0800] "GET /xingrg/kc/buy/cgsh_order_operate.html?command=get_materiel&rest_code=00151&code=00101006129&supplier_code=00100096&order_time=2023-10-04 HTTP/1.1" 200 440
180.165.48.189 - - [04/Oct/2023:09:41:21 +0800] "GET /xingrg/all/function/internal_message.html?_=1696383681901&CODE_STATE=getMsg HTTP/1.1" 200 27
114.83.218.82 - - [04/Oct/2023:09:41:22 +0800] "GET /xingrg/all/function/internal_message.html?_=1696383680233&CODE_STATE=getMsg HTTP/1.1" 200 27
124.78.69.58 - - [04/Oct/2023:09:41:23 +0800] "GET /xingrg/kc/buy/cgsh_order_operate.html?command=get_materiel&rest_code=00141&code=00101008271&supplier_code=00100007&order_time=2023-10-04 HTTP/1.1" 200 408
222.70.180.200 - - [04/Oct/2023:09:41:23 +0800] "GET /xingrg/all/function/internal_message.html?_=1696383683165&CODE_STATE=getMsg HTTP/1.1" 200 27
124.78.69.58 - - [04/Oct/2023:09:41:25 +0800] "POST /xingrg/kc/buy/cgsh_order_operate.html HTTP/1.1" 200 2065
101.83.145.37 - - [04/Oct/2023:09:41:31 +0800] "GET /xingrg/all/function/internal_message.html?_=1696383692655&CODE_STATE=getMsg HTTP/1.1" 200 27
180.169.147.146 - - [04/Oct/2023:09:41:33 +0800] "POST /xingrg/all/user/operate.html HTTP/1.1" 200 36
180.169.147.146 - - [04/Oct/2023:09:41:33 +0800] "GET /xingrg/index.html?sysBaseUrl=http%3A%2F%2F180.169.147.146%3A18081%2Fxingrg%2F&costTime=885×tamp=1696383609066 HTTP/1.1" 200 17509
180.169.147.146 - - [04/Oct/2023:09:41:33 +0800] "GET /xingrg/javascript/jquery_easy_ui/themes/default/easyui.css HTTP/1.1" 304 -
180.169.147.146 - - [04/Oct/2023:09:41:33 +0800] "GET /xingrg/javascript/jquery_easy_ui/themes/icon.css HTTP/1.1" 304 -
180.169.147.146 - - [04/Oct/2023:09:41:33 +0800] "GET /xingrg/css/form.css HTTP/1.1" 304 -
180.169.147.146 - - [04/Oct/2023:09:41:33 +0800] "GET /xingrg/javascript/jquery-1.4.2.min.js HTTP/1.1" 304 -
180.169.147.146 - - [04/Oct/2023:09:41:33 +0800] "GET /xingrg/javascript/jquery_easy_ui/jquery.easyui.min.js HTTP/1.1" 304 -
180.169.147.146 - - [04/Oct/2023:09:41:33 +0800] "GET /xingrg/javascript/jquery_easy_ui/easyui-lang-zh_CN.js HTTP/1.1" 304 -
180.169.147.146 - - [04/Oct/2023:09:41:33 +0800] "GET /xingrg/javascript/jquery.form.js HTTP/1.1" 304 -
180.169.147.146 - - [04/Oct/2023:09:41:33 +0800] "GET /xingrg/javascript/jquery.utils.js HTTP/1.1" 304 -
180.169.147.146 - - [04/Oct/2023:09:41:33 +0800] "GET /xingrg/javascript/jquery.timers.js HTTP/1.1" 304 -
180.169.147.146 - - [04/Oct/2023:09:41:33 +0800] "GET /xingrg/images/blue/jxLogo.png HTTP/1.1" 304 -
180.169.147.146 - - [04/Oct/2023:09:41:33 +0800] "GET /xingrg/javascript/jquery_easy_ui/themes/icons/settle_new.png HTTP/1.1" 304 -
180.169.147.146 - - [04/Oct/2023:09:41:33 +0800] "GET /xingrg/images/blue/navBackgound.jpg HTTP/1.1" 304 -
180.169.147.146 - - [04/Oct/2023:09:41:33 +0800] "GET /xingrg/check_reg.html?_=1696383691941 HTTP/1.1" 200 22
180.169.147.146 - - [04/Oct/2023:09:41:33 +0800] "GET /xingrg/all/function/internal_message.html?_=1696383691940&CODE_STATE=count HTTP/1.1" 200 11
180.169.147.146 - - [04/Oct/2023:09:41:33 +0800] "GET /xingrg/javascript/jquery_easy_ui/themes/default/images/panel_tool_expand.gif HTTP/1.1" 304 -
180.169.147.146 - - [04/Oct/2023:09:41:33 +0800] "GET /xingrg/javascript/jquery_easy_ui/themes/default/images/panel_tool_collapse.gif HTTP/1.1" 304 -
180.169.147.146 - - [04/Oct/2023:09:41:33 +0800] "GET /xingrg/javascript/jquery_easy_ui/themes/default/images/tabs_rightarrow.png HTTP/1.1" 304 -
180.169.147.146 - - [04/Oct/2023:09:41:33 +0800] "GET /xingrg/images/blue/pingpu.png HTTP/1.1" 304 -
180.169.147.146 - - [04/Oct/2023:09:41:33 +0800] "GET /xingrg/javascript/jquery_easy_ui/themes/default/images/tabs_leftarrow.png HTTP/1.1" 304 -
180.169.147.146 - - [04/Oct/2023:09:41:33 +0800] "POST /xingrg/all/common/load_tree.html?tree=area_rest_tree_json&manage=1 HTTP/1.1" 200 3499
180.169.147.146 - - [04/Oct/2023:09:41:34 +0800] "POST /xingrg/load_menu.html HTTP/1.1" 200 9959
114.83.218.82 - - [04/Oct/2023:09:41:34 +0800] "POST /xingrg/kc/buy/cgsh_order_operate.html HTTP/1.1" 200 37
114.95.241.104 - - [04/Oct/2023:09:41:35 +0800] "GET /xingrg/all/function/internal_message.html?_=1696383693334&CODE_STATE=getMsg HTTP/1.1" 200 27
124.78.69.58 - - [04/Oct/2023:09:41:35 +0800] "GET /xingrg/kc/buy/cgsh_order_operate.html?command=get_materiel&rest_code=00141&code=00101008353&supplier_code=00100007&order_time=2023-10-04 HTTP/1.1" 200 408
180.169.147.146 - - [04/Oct/2023:09:41:36 +0800] "GET /xingrg/all/function/internal_message.html?_=1696383695936&CODE_STATE=getMsg HTTP/1.1" 302 -
222.70.180.200 - - [04/Oct/2023:09:41:36 +0800] "GET /xingrg/all/function/internal_message.html?_=1696383985985&CODE_STATE=getMsg HTTP/1.1" 200 27
222.70.180.200 - - [04/Oct/2023:09:41:37 +0800] "GET /xingrg/check_reg.html?_=1696383696407 HTTP/1.1" 200 22
222.70.180.200 - - [04/Oct/2023:09:41:37 +0800] "GET /xingrg/all/function/internal_message.html?_=1696383696411&CODE_STATE=getMsg HTTP/1.1" 200 27
101.228.187.155 - - [04/Oct/2023:09:41:38 +0800] "GET /xingrg/all/function/internal_message.html?_=1696383696276&CODE_STATE=getMsg HTTP/1.1" 200 27
180.169.147.146 - - [04/Oct/2023:09:41:38 +0800] "GET /xingrg/kc/report/report_main.html HTTP/1.1" 200 7340
114.95.241.104 - - [04/Oct/2023:09:41:39 +0800] "GET /xingrg/all/function/internal_message.html?_=1696383698644&CODE_STATE=getMsg HTTP/1.1" 200 27
222.70.107.161 - - [04/Oct/2023:09:41:41 +0800] "GET /xingrg/all/function/internal_message.html?_=1696383707259&CODE_STATE=getMsg HTTP/1.1" 200 27
59.56.12.79 - - [04/Oct/2023:09:41:42 +0800] "GET /xingrg/check_reg.html?_=1696383701599 HTTP/1.1" 200 22
114.95.241.104 - - [04/Oct/2023:09:41:44 +0800] "GET /xingrg/kc/buy/cgsh_order_operate.html?command=get_materiel&rest_code=00151&code=00101006013&supplier_code=00100096&order_time=2023-10-04 HTTP/1.1" 200 409
59.56.12.79 - - [04/Oct/2023:09:41:45 +0800] "GET /xingrg/all/function/internal_message.html?_=1696383705426&CODE_STATE=getMsg HTTP/1.1" 200 27
180.169.147.146 - - [04/Oct/2023:09:41:47 +0800] "GET /xingrg/kc/report/report_main.html HTTP/1.1" 200 7340
120.253.135.82 - - [04/Oct/2023:09:41:48 +0800] "GET /xingrg/all/function/internal_message.html?_=1696383850527&CODE_STATE=getMsg HTTP/1.1" 200 27
101.83.145.37 - - [04/Oct/2023:09:41:50 +0800] "GET /xingrg/check_reg.html?_=1696383492104 HTTP/1.1" 200 22
101.83.145.37 - - [04/Oct/2023:09:41:50 +0800] "GET /xingrg/all/function/internal_message.html?_=1696383492106&CODE_STATE=getMsg HTTP/1.1" 200 27
114.83.218.82 - - [04/Oct/2023:09:41:51 +0800] "POST /xingrg/kc/buy/cgsh_order_operate.html HTTP/1.1" 200 12
114.95.241.104 - - [04/Oct/2023:09:41:57 +0800] "GET /xingrg/kc/buy/cgsh_order_operate.html?command=get_materiel&rest_code=00151&code=00101007049&supplier_code=00100096&order_time=2023-10-04 HTTP/1.1" 200 409
180.169.147.146 - - [04/Oct/2023:09:42:00 +0800] "GET /xingrg/kc/buy/buy_main.html HTTP/1.1" 200 12412
180.169.147.146 - - [04/Oct/2023:09:42:00 +0800] "GET /xingrg/css/new_ie.css HTTP/1.1" 404 1036
180.169.147.146 - - [04/Oct/2023:09:42:01 +0800] "GET /xingrg/images/yd/bt.gif HTTP/1.1" 404 1040
180.169.147.146 - - [04/Oct/2023:09:42:02 +0800] "GET /xingrg/kc/buy/cgsh_order_list.html HTTP/1.1" 200 57009
124.78.69.58 - - [04/Oct/2023:09:42:04 +0800] "GET /xingrg/kc/buy/cgsh_order_operate.html?command=get_materiel&rest_code=00141&code=00101008283&supplier_code=00100007&order_time=2023-10-04 HTTP/1.1" 200 408
124.78.69.58 - - [04/Oct/2023:09:42:05 +0800] "GET /xingrg/all/function/internal_message.html?_=1696383147654&CODE_STATE=getMsg HTTP/1.1" 200 27
180.169.147.146 - - [04/Oct/2023:09:42:06 +0800] "POST /xingrg/kc/buy/cgsh_list_operate.html HTTP/1.1" 200 986
180.152.241.196 - - [04/Oct/2023:09:42:07 +0800] "GET /xingrg/all/function/internal_message.html?_=1696383740601&CODE_STATE=getMsg HTTP/1.1" 200 27
114.83.218.82 - - [04/Oct/2023:09:42:10 +0800] "GET /xingrg/kc/buy/cgsh_order_info.html?code=212023100401057 HTTP/1.1" 200 67517
114.83.218.82 - - [04/Oct/2023:09:42:10 +0800] "GET /xingrg/javascript/easyui/themes/default/validatebox.css HTTP/1.1" 404 1104
114.95.241.104 - - [04/Oct/2023:09:42:14 +0800] "POST /xingrg/kc/buy/cgsh_order_operate.html HTTP/1.1" 200 37
114.83.218.82 - - [04/Oct/2023:09:42:14 +0800] "POST /xingrg/kc/buy/cgsh_order_operate.html HTTP/1.1" 200 6522
124.78.69.58 - - [04/Oct/2023:09:42:15 +0800] "GET /xingrg/kc/buy/cgsh_order_operate.html?command=get_materiel&rest_code=00141&code=00101023033&supplier_code=00100007&order_time=2023-10-04 HTTP/1.1" 200 409
114.83.218.82 - - [04/Oct/2023:09:42:16 +0800] "GET /xingrg/kc/print/load_data.html?order_code=212023100401057&kc_code=cgsh&condition= HTTP/1.1" 200 2930
180.169.147.146 - - [04/Oct/2023:09:42:16 +0800] "GET /xingrg/javascript/jquery_tools/images/next.gif HTTP/1.1" 404 1086
180.169.147.146 - - [04/Oct/2023:09:42:16 +0800] "GET /xingrg/javascript/jquery_tools/images/prev.gif HTTP/1.1" 404 1086
180.169.147.146 - - [04/Oct/2023:09:42:18 +0800] "GET /xingrg/all/function/internal_message.html?_=1696383738335&CODE_STATE=getMsg HTTP/1.1" 200 27
180.152.241.196 - - [04/Oct/2023:09:42:18 +0800] "GET /xingrg/all/function/internal_message.html?_=1696383738563&CODE_STATE=getMsg HTTP/1.1" 200 27
124.78.155.92 - - [04/Oct/2023:09:42:19 +0800] "GET /xingrg/all/function/internal_message.html?_=1696383732834&CODE_STATE=getMsg HTTP/1.1" 200 27
114.95.241.104 - - [04/Oct/2023:09:42:21 +0800] "POST /xingrg/kc/buy/cgsh_order_operate.html HTTP/1.1" 200 12
114.83.218.82 - - [04/Oct/2023:09:42:21 +0800] "GET /xingrg/kc/buy/cgsh_order_add.html HTTP/1.1" 200 72618
180.165.48.189 - - [04/Oct/2023:09:42:21 +0800] "GET /xingrg/all/function/internal_message.html?_=1696383741895&CODE_STATE=getMsg HTTP/1.1" 200 27
180.165.48.189 - - [04/Oct/2023:09:42:21 +0800] "GET /xingrg/check_reg.html?_=1696383741896 HTTP/1.1" 200 22
114.83.218.82 - - [04/Oct/2023:09:42:21 +0800] "POST /xingrg/kc/buy/cgsh_order_operate.html HTTP/1.1" 200 8245
114.83.218.82 - - [04/Oct/2023:09:42:22 +0800] "GET /xingrg/javascript/easyui/themes/default/validatebox.css HTTP/1.1" 404 1104
114.83.218.82 - - [04/Oct/2023:09:42:22 +0800] "GET /xingrg/all/function/internal_message.html?_=1696383740229&CODE_STATE=getMsg HTTP/1.1" 200 27
114.95.241.104 - - [04/Oct/2023:09:42:23 +0800] "GET /xingrg/kc/buy/cgsh_order_info.html?code=212023100401058 HTTP/1.1" 200 67027
222.70.180.200 - - [04/Oct/2023:09:42:23 +0800] "GET /xingrg/all/function/internal_message.html?_=1696383743141&CODE_STATE=getMsg HTTP/1.1" 200 27
114.95.241.104 - - [04/Oct/2023:09:42:23 +0800] "GET /xingrg/javascript/easyui/themes/default/validatebox.css HTTP/1.1" 404 1104
222.70.180.200 - - [04/Oct/2023:09:42:24 +0800] "GET /xingrg/kc/buy/cgsh_order_operate.html?command=get_materiel&rest_code=00111&code=00101008077&supplier_code=00100005&order_time=2023-10-04 HTTP/1.1" 200 416
114.95.241.104 - - [04/Oct/2023:09:42:24 +0800] "POST /xingrg/kc/buy/cgsh_order_operate.html HTTP/1.1" 200 6615
114.95.241.104 - - [04/Oct/2023:09:42:26 +0800] "GET /xingrg/kc/print/load_data.html?order_code=212023100401058&kc_code=cgsh&condition= HTTP/1.1" 200 3018
124.78.69.58 - - [04/Oct/2023:09:42:30 +0800] "GET /xingrg/kc/buy/cgsh_order_operate.html?command=get_materiel&rest_code=00141&code=00101008368&supplier_code=00100007&order_time=2023-10-04 HTTP/1.1" 200 408
101.83.145.37 - - [04/Oct/2023:09:42:31 +0800] "GET /xingrg/all/function/internal_message.html?_=1696383752638&CODE_STATE=getMsg HTTP/1.1" 200 27
114.95.241.104 - - [04/Oct/2023:09:42:33 +0800] "GET /xingrg/kc/buy/cgsh_order_add.html HTTP/1.1" 200 72128
180.169.147.146 - - [04/Oct/2023:09:42:33 +0800] "GET /xingrg/all/function/internal_message.html?_=1696383751950&CODE_STATE=getMsg HTTP/1.1" 200 27
114.95.241.104 - - [04/Oct/2023:09:42:33 +0800] "POST /xingrg/kc/buy/cgsh_order_operate.html HTTP/1.1" 200 8245
114.95.241.104 - - [04/Oct/2023:09:42:33 +0800] "GET /xingrg/javascript/easyui/themes/default/validatebox.css HTTP/1.1" 404 1104
114.95.241.104 - - [04/Oct/2023:09:42:35 +0800] "GET /xingrg/all/function/internal_message.html?_=1696383753335&CODE_STATE=getMsg HTTP/1.1" 200 27
180.169.147.146 - - [04/Oct/2023:09:42:36 +0800] "GET /xingrg/all/function/internal_message.html?_=1696383755931&CODE_STATE=getMsg HTTP/1.1" 302 -
180.169.147.146 - - [04/Oct/2023:09:42:36 +0800] "GET /xingrg/check_reg.html?_=1696383755933 HTTP/1.1" 302 -
222.70.180.200 - - [04/Oct/2023:09:42:36 +0800] "GET /xingrg/all/function/internal_message.html?_=1696384045964&CODE_STATE=getMsg HTTP/1.1" 200 27
222.70.180.200 - - [04/Oct/2023:09:42:37 +0800] "GET /xingrg/all/function/internal_message.html?_=1696383756395&CODE_STATE=getMsg HTTP/1.1" 200 27
101.228.187.155 - - [04/Oct/2023:09:42:38 +0800] "GET /xingrg/all/function/internal_message.html?_=1696383756275&CODE_STATE=getMsg HTTP/1.1" 200 27
114.95.241.104 - - [04/Oct/2023:09:42:39 +0800] "GET /xingrg/all/function/internal_message.html?_=1696383758659&CODE_STATE=getMsg HTTP/1.1" 200 27
222.70.107.161 - - [04/Oct/2023:09:42:41 +0800] "GET /xingrg/all/function/internal_message.html?_=1696383767235&CODE_STATE=getMsg HTTP/1.1" 200 27
114.95.241.104 - - [04/Oct/2023:09:42:43 +0800] "GET /xingrg/kc/buy/cgsh_order_operate.html?command=get_materiel&rest_code=00151&code=00101008353&supplier_code=00100008&order_time=2023-10-04 HTTP/1.1" 200 408
124.78.69.58 - - [04/Oct/2023:09:42:44 +0800] "POST /xingrg/kc/buy/cgsh_order_operate.html HTTP/1.1" 200 2065
222.70.180.200 - - [04/Oct/2023:09:42:44 +0800] "GET /xingrg/kc/buy/cgsh_order_operate.html?command=get_materiel&rest_code=00111&code=00101008131&supplier_code=00100005&order_time=2023-10-04 HTTP/1.1" 200 409
59.56.12.79 - - [04/Oct/2023:09:42:45 +0800] "GET /xingrg/all/function/internal_message.html?_=1696383765420&CODE_STATE=getMsg HTTP/1.1" 200 27
120.253.135.82 - - [04/Oct/2023:09:42:48 +0800] "GET /xingrg/all/function/internal_message.html?_=1696383910542&CODE_STATE=getMsg HTTP/1.1" 200 27
101.83.145.37 - - [04/Oct/2023:09:42:50 +0800] "GET /xingrg/all/function/internal_message.html?_=1696383552106&CODE_STATE=getMsg HTTP/1.1" 200 27
222.70.180.200 - - [04/Oct/2023:09:42:50 +0800] "GET /xingrg/check_reg.html?_=1696384059859 HTTP/1.1" 200 22
