222.70.180.200 - - [03/Oct/2023:09:58:13 +0800] "GET /xingrg/kc/buy/cgsh_order_operate.html?command=get_materiel&rest_code=00111&code=00101008264&supplier_code=00100005&order_time=2023-10-03 HTTP/1.1" 200 412
124.78.155.92 - - [03/Oct/2023:09:58:14 +0800] "GET /xingrg/dma/order_info.html?id=416222&sid=4&sale_day=20230913 HTTP/1.1" 200 5036
124.78.155.92 - - [03/Oct/2023:09:58:14 +0800] "GET /favicon.ico HTTP/1.1" 404 -
116.235.244.193 - - [03/Oct/2023:09:58:15 +0800] "POST /xingrg/services/DataTransmitService HTTP/1.1" 200 524
116.235.244.193 - - [03/Oct/2023:09:58:16 +0800] "GET /xingrg/all/function/internal_message.html?_=1696298301968&CODE_STATE=getMsg HTTP/1.1" 200 27
222.70.180.200 - - [03/Oct/2023:09:58:20 +0800] "POST /xingrg/kc/buy/cgsh_order_operate.html HTTP/1.1" 200 2065
180.152.241.196 - - [03/Oct/2023:09:58:23 +0800] "GET /xingrg/check_reg.html?_=1696298305062 HTTP/1.1" 200 22
124.78.155.92 - - [03/Oct/2023:09:58:24 +0800] "GET /xingrg/dma/order_info.html?id=416223&sid=4&sale_day=20230913 HTTP/1.1" 200 5036
124.78.155.92 - - [03/Oct/2023:09:58:24 +0800] "GET /favicon.ico HTTP/1.1" 404 -
180.152.241.196 - - [03/Oct/2023:09:58:25 +0800] "GET /xingrg/all/function/internal_message.html?_=1696298306629&CODE_STATE=getMsg HTTP/1.1" 200 27
101.83.145.37 - - [03/Oct/2023:09:58:25 +0800] "GET /xingrg/all/function/internal_message.html?_=1696298087368&CODE_STATE=getMsg HTTP/1.1" 200 27
124.78.155.92 - - [03/Oct/2023:09:58:25 +0800] "GET /xingrg/check_reg.html?_=1696298309197 HTTP/1.1" 200 22
124.78.155.92 - - [03/Oct/2023:09:58:25 +0800] "GET /xingrg/all/function/internal_message.html?_=1696298309308&CODE_STATE=getMsg HTTP/1.1" 200 27
114.95.241.104 - - [03/Oct/2023:09:58:31 +0800] "GET /xingrg/all/function/internal_message.html?_=1696298310376&CODE_STATE=getMsg HTTP/1.1" 200 27
124.78.155.92 - - [03/Oct/2023:09:58:34 +0800] "GET /xingrg/dma/order_info.html?id=416151&sid=4&sale_day=20230912 HTTP/1.1" 200 5715
124.78.155.92 - - [03/Oct/2023:09:58:34 +0800] "GET /favicon.ico HTTP/1.1" 404 -
222.70.180.200 - - [03/Oct/2023:09:58:34 +0800] "GET /xingrg/kc/buy/cgsh_order_operate.html?command=get_materiel&rest_code=00111&code=00101008356&supplier_code=00100005&order_time=2023-10-03 HTTP/1.1" 200 408
180.169.147.146 - - [03/Oct/2023:09:58:34 +0800] "GET /xingrg/all/function/internal_message.html?_=1696298312536&CODE_STATE=getMsg HTTP/1.1" 200 27
124.78.69.58 - - [03/Oct/2023:09:58:35 +0800] "GET /xingrg/all/function/internal_message.html?_=1696297736736&CODE_STATE=getMsg HTTP/1.1" 200 27
124.78.69.58 - - [03/Oct/2023:09:58:35 +0800] "GET /xingrg/check_reg.html?_=1696297737030 HTTP/1.1" 200 22
124.78.69.58 - - [03/Oct/2023:09:58:36 +0800] "POST /xingrg/kc/buy/cgsh_order_operate.html HTTP/1.1" 200 2065
101.83.145.37 - - [03/Oct/2023:09:58:37 +0800] "GET /xingrg/all/function/internal_message.html?_=1696298318468&CODE_STATE=getMsg HTTP/1.1" 200 27
124.79.244.25 - - [03/Oct/2023:09:58:39 +0800] "GET /xingrg/all/function/internal_message.html?_=1696298619995&CODE_STATE=getMsg HTTP/1.1" 200 27
180.165.48.189 - - [03/Oct/2023:09:58:42 +0800] "GET /xingrg/all/function/internal_message.html?_=1696298321927&CODE_STATE=getMsg HTTP/1.1" 200 27
124.78.155.92 - - [03/Oct/2023:09:58:43 +0800] "GET /xingrg/all/function/internal_message.html?_=1696298317046&CODE_STATE=getMsg HTTP/1.1" 200 27
124.78.155.92 - - [03/Oct/2023:09:58:43 +0800] "GET /xingrg/dma/order_info.html?id=416003&sid=4&sale_day=20230910 HTTP/1.1" 200 5715
124.78.155.92 - - [03/Oct/2023:09:58:43 +0800] "GET /favicon.ico HTTP/1.1" 404 -
114.83.218.82 - - [03/Oct/2023:09:58:47 +0800] "GET /xingrg/all/function/internal_message.html?_=1696298325345&CODE_STATE=getMsg HTTP/1.1" 200 27
180.163.29.79 - - [03/Oct/2023:09:58:50 +0800] "GET /xingrg/all/function/internal_message.html?_=1696298270585&CODE_STATE=getMsg HTTP/1.1" 302 -
180.163.29.79 - - [03/Oct/2023:09:58:50 +0800] "GET /xingrg/login.html HTTP/1.1" 200 7641
180.169.147.146 - - [03/Oct/2023:09:58:50 +0800] "GET /xingrg/all/function/internal_message.html?_=1696298330586&CODE_STATE=getMsg HTTP/1.1" 200 27
58.40.7.146 - - [03/Oct/2023:09:58:53 +0800] "GET /xingrg/all/function/internal_message.html?_=1696298331767&CODE_STATE=getMsg HTTP/1.1" 200 27
222.70.180.200 - - [03/Oct/2023:09:58:54 +0800] "GET /xingrg/kc/buy/cgsh_order_operate.html?command=get_materiel&rest_code=00111&code=00101008077&supplier_code=00100005&order_time=2023-10-03 HTTP/1.1" 200 416
222.70.180.200 - - [03/Oct/2023:09:58:54 +0800] "GET /xingrg/all/function/internal_message.html?_=1696298334724&CODE_STATE=getMsg HTTP/1.1" 200 27
222.70.180.200 - - [03/Oct/2023:09:58:54 +0800] "GET /xingrg/check_reg.html?_=1696298334722 HTTP/1.1" 200 22
114.95.241.104 - - [03/Oct/2023:09:58:54 +0800] "GET /xingrg/all/function/internal_message.html?_=1696298334366&CODE_STATE=getMsg HTTP/1.1" 200 27
116.230.110.33 - - [03/Oct/2023:09:58:55 +0800] "GET /xingrg/all/function/internal_message.html?_=1696298169276&CODE_STATE=getMsg HTTP/1.1" 200 27
180.152.241.196 - - [03/Oct/2023:09:59:03 +0800] "GET /xingrg/all/function/internal_message.html?_=1696298344589&CODE_STATE=getMsg HTTP/1.1" 200 27
222.70.180.200 - - [03/Oct/2023:09:59:03 +0800] "GET /xingrg/check_reg.html?_=1696298634378 HTTP/1.1" 200 22
222.70.180.200 - - [03/Oct/2023:09:59:04 +0800] "GET /xingrg/all/function/internal_message.html?_=1696298634380&CODE_STATE=getMsg HTTP/1.1" 200 27
124.78.155.92 - - [03/Oct/2023:09:59:05 +0800] "GET /xingrg/all/report/report_query.html?isQuery=1&fileName=dma/new_5.0/menu/menu_mx.xml&queryString=(a.sale_day%2520between%252020230801%2520and%252020230930)%2520and%2520(a.sid%2520in%2520(4))%2520and%2520(a.menu_name%2520like%2520'%2524bf%2524%25E7%2587%2595%25E7%25AA%259D%2524bf%2524')%2520and%2520(a.menu_name%253D'%25E5%2586%25B0%25E7%25B3%2596%25E7%2587%2595%25E7%25AA%259D%25E7%25A4%25BC%25E7%259B%2592'%2520and%2520a.menu_unit%253D'%25E7%259B%2592')&queryText=%25E3%2580%2590%25E8%2590%25A5%25E4%25B8%259A%25E6%2597%25A5%25E6%259C%259F%253A2023-08-01%2520%25E8%2587%25B3%25202023-09-30%25E3%2580%2591%2520%25E5%25B9%25B6%25E4%25B8%2594%2520%2520%25E3%2580%2590%25E9%2597%25A8%25E5%25BA%2597%25E5%2590%258D%25E7%25A7%25B0%2520%253D%2520%25E6%2599%25AE%25E9%2599%2580%25E6%25A6%2595%25E6%25B8%25AF%25E3%2580%2591%2520%25E5%25B9%25B6%25E4%25B8%2594%2520%2520%25E3%2580%2590%25E8%258F%259C%25E5%2593%2581%25E5%2590%258D%25E7%25A7%25B0%2520%25E5%258C%2585%25E5%2590%25AB%2520%25E7%2587%2595%25E7%25AA%259D%25E3%2580%2591%2520%25E5%25B9%25B6%25E4%25B8%2594%2520%25E3%2580%2590%25E8%258F%259C%25E5%2593%2581%25E5%2590%258D%25E7%25A7%25B0%2520%253D%2520%25E5%2586%25B0%25E7%25B3%2596%25E7%2587%2595%25E7%25AA%259D%25E7%25A4%25BC%25E7%259B%2592%25E3%2580%2591%2520%25E3%2580%2590%25E5%258D%2595%25E4%25BD%258D%2520%253D%2520%25E7%259B%2592%25E3%2580%2591 HTTP/1.1" 200 51838
124.78.155.92 - - [03/Oct/2023:09:59:05 +0800] "GET /xingrg/dwr/engine.js HTTP/1.1" 200 43631
124.78.155.92 - - [03/Oct/2023:09:59:06 +0800] "GET /favicon.ico HTTP/1.1" 404 -
124.78.155.92 - - [03/Oct/2023:09:59:06 +0800] "POST /xingrg/all/report/load_report_page.html HTTP/1.1" 200 24296
124.78.155.92 - - [03/Oct/2023:09:59:06 +0800] "GET /xingrg/servlets/image?cache=0.8605269088976972&image=px HTTP/1.1" 200 807
124.78.155.92 - - [03/Oct/2023:09:59:09 +0800] "GET /xingrg/dma/order_info.html?id=415822&sid=4&sale_day=20230907 HTTP/1.1" 200 5708
124.78.155.92 - - [03/Oct/2023:09:59:09 +0800] "GET /favicon.ico HTTP/1.1" 404 -
124.78.69.58 - - [03/Oct/2023:09:59:15 +0800] "POST /xingrg/kc/buy/cgsh_order_operate.html HTTP/1.1" 200 2065
116.235.244.193 - - [03/Oct/2023:09:59:16 +0800] "GET /xingrg/all/function/internal_message.html?_=1696298362022&CODE_STATE=getMsg HTTP/1.1" 200 27
222.70.180.200 - - [03/Oct/2023:09:59:18 +0800] "GET /xingrg/kc/buy/cgsh_order_operate.html?command=get_materiel&rest_code=00111&code=00101008131&supplier_code=00100005&order_time=2023-10-03 HTTP/1.1" 200 409
180.152.241.196 - - [03/Oct/2023:09:59:25 +0800] "GET /xingrg/all/function/internal_message.html?_=1696298366611&CODE_STATE=getMsg HTTP/1.1" 200 27
124.78.155.92 - - [03/Oct/2023:09:59:25 +0800] "GET /xingrg/dma/order_info.html?id=415768&sid=4&sale_day=20230906 HTTP/1.1" 200 6220
101.83.145.37 - - [03/Oct/2023:09:59:25 +0800] "GET /xingrg/all/function/internal_message.html?_=1696298147337&CODE_STATE=getMsg HTTP/1.1" 200 27
124.78.155.92 - - [03/Oct/2023:09:59:25 +0800] "GET /favicon.ico HTTP/1.1" 404 -
124.78.155.92 - - [03/Oct/2023:09:59:25 +0800] "GET /xingrg/all/function/internal_message.html?_=1696298369289&CODE_STATE=getMsg HTTP/1.1" 200 27
114.95.241.104 - - [03/Oct/2023:09:59:31 +0800] "GET /xingrg/all/function/internal_message.html?_=1696298370365&CODE_STATE=getMsg HTTP/1.1" 200 27
180.169.147.146 - - [03/Oct/2023:09:59:34 +0800] "GET /xingrg/all/function/internal_message.html?_=1696298372520&CODE_STATE=getMsg HTTP/1.1" 200 27
124.78.69.58 - - [03/Oct/2023:09:59:35 +0800] "GET /xingrg/all/function/internal_message.html?_=1696297796816&CODE_STATE=getMsg HTTP/1.1" 200 27
101.83.145.37 - - [03/Oct/2023:09:59:37 +0800] "GET /xingrg/all/function/internal_message.html?_=1696298378456&CODE_STATE=getMsg HTTP/1.1" 200 27
124.79.244.25 - - [03/Oct/2023:09:59:39 +0800] "GET /xingrg/all/function/internal_message.html?_=1696298679970&CODE_STATE=getMsg HTTP/1.1" 200 27
180.165.48.189 - - [03/Oct/2023:09:59:42 +0800] "GET /xingrg/all/function/internal_message.html?_=1696298381915&CODE_STATE=getMsg HTTP/1.1" 200 27
124.78.155.92 - - [03/Oct/2023:09:59:43 +0800] "GET /xingrg/check_reg.html?_=1696298377053 HTTP/1.1" 200 22
124.78.155.92 - - [03/Oct/2023:09:59:43 +0800] "GET /xingrg/all/function/internal_message.html?_=1696298377049&CODE_STATE=getMsg HTTP/1.1" 200 27
114.83.218.82 - - [03/Oct/2023:09:59:47 +0800] "GET /xingrg/all/function/internal_message.html?_=1696298385349&CODE_STATE=getMsg HTTP/1.1" 200 27
180.157.248.250 - - [03/Oct/2023:09:59:47 +0800] "GET /xingrg/check_reg.html?_=1696298387139 HTTP/1.1" 200 22
222.70.180.200 - - [03/Oct/2023:09:59:49 +0800] "GET /xingrg/kc/buy/cgsh_order_operate.html?command=get_materiel&rest_code=00111&code=00101008318&supplier_code=00100005&order_time=2023-10-03 HTTP/1.1" 200 408
124.78.69.58 - - [03/Oct/2023:09:59:49 +0800] "POST /xingrg/kc/buy/cgsh_order_operate.html HTTP/1.1" 200 2065
180.163.28.180 - - [03/Oct/2023:09:59:50 +0800] "GET /xingrg/all/function/internal_message.html?_=1696298330586&CODE_STATE=getMsg HTTP/1.1" 302 -
180.163.28.180 - - [03/Oct/2023:09:59:50 +0800] "GET /xingrg/login.html HTTP/1.1" 200 7641
180.169.147.146 - - [03/Oct/2023:09:59:50 +0800] "GET /xingrg/all/function/internal_message.html?_=1696298390583&CODE_STATE=getMsg HTTP/1.1" 200 27
58.40.7.146 - - [03/Oct/2023:09:59:53 +0800] "GET /xingrg/all/function/internal_message.html?_=1696298391764&CODE_STATE=getMsg HTTP/1.1" 200 27
222.70.180.200 - - [03/Oct/2023:09:59:54 +0800] "GET /xingrg/all/function/internal_message.html?_=1696298394723&CODE_STATE=getMsg HTTP/1.1" 200 27
114.95.241.104 - - [03/Oct/2023:09:59:54 +0800] "GET /xingrg/all/function/internal_message.html?_=1696298394359&CODE_STATE=getMsg HTTP/1.1" 200 27
116.230.110.33 - - [03/Oct/2023:09:59:55 +0800] "GET /xingrg/all/function/internal_message.html?_=1696298229291&CODE_STATE=getMsg HTTP/1.1" 200 27
124.78.155.92 - - [03/Oct/2023:10:00:03 +0800] "GET /xingrg/all/report/report_query.html?isQuery=1&fileName=dma/new_5.0/menu/menu_mx.xml&queryString=(a.sale_day%2520between%252020230801%2520and%252020230930)%2520and%2520(a.sid%2520in%2520(4))%2520and%2520(a.menu_name%2520like%2520'%2524bf%2524%25E7%2587%2595%25E7%25AA%259D%2524bf%2524')%2520and%2520(a.menu_name%253D'%255B%25E7%25A4%25BC%25E7%259B%2592%255D%25E5%2586%25B0%25E7%25B3%2596%25E7%2587%2595%25E7%25AA%259D%25E7%25A4%25BC%25E7%259B%2592'%2520and%2520a.menu_unit%253D'%25E7%259B%2592')&queryText=%25E3%2580%2590%25E8%2590%25A5%25E4%25B8%259A%25E6%2597%25A5%25E6%259C%259F%253A2023-08-01%2520%25E8%2587%25B3%25202023-09-30%25E3%2580%2591%2520%25E5%25B9%25B6%25E4%25B8%2594%2520%2520%25E3%2580%2590%25E9%2597%25A8%25E5%25BA%2597%25E5%2590%258D%25E7%25A7%25B0%2520%253D%2520%25E6%2599%25AE%25E9%2599%2580%25E6%25A6%2595%25E6%25B8%25AF%25E3%2580%2591%2520%25E5%25B9%25B6%25E4%25B8%2594%2520%2520%25E3%2580%2590%25E8%258F%259C%25E5%2593%2581%25E5%2590%258D%25E7%25A7%25B0%2520%25E5%258C%2585%25E5%2590%25AB%2520%25E7%2587%2595%25E7%25AA%259D%25E3%2580%2591%2520%25E5%25B9%25B6%25E4%25B8%2594%2520%25E3%2580%2590%25E8%258F%259C%25E5%2593%2581%25E5%2590%258D%25E7%25A7%25B0%2520%253D%2520%255B%25E7%25A4%25BC%25E7%259B%2592%255D%25E5%2586%25B0%25E7%25B3%2596%25E7%2587%2595%25E7%25AA%259D%25E7%25A4%25BC%25E7%259B%2592%25E3%2580%2591%2520%25E3%2580%2590%25E5%258D%2595%25E4%25BD%258D%2520%253D%2520%25E7%259B%2592%25E3%2580%2591 HTTP/1.1" 200 51856
124.78.155.92 - - [03/Oct/2023:10:00:03 +0800] "GET /xingrg/dwr/engine.js HTTP/1.1" 200 43631
124.78.155.92 - - [03/Oct/2023:10:00:03 +0800] "GET /favicon.ico HTTP/1.1" 404 -
180.152.241.196 - - [03/Oct/2023:10:00:03 +0800] "GET /xingrg/all/function/internal_message.html?_=1696298404593&CODE_STATE=getMsg HTTP/1.1" 200 27
180.152.241.196 - - [03/Oct/2023:10:00:03 +0800] "GET /xingrg/check_reg.html?_=1696298404598 HTTP/1.1" 200 22
124.78.155.92 - - [03/Oct/2023:10:00:03 +0800] "POST /xingrg/all/report/load_report_page.html HTTP/1.1" 200 24372
222.70.180.200 - - [03/Oct/2023:10:00:03 +0800] "GET /xingrg/all/function/internal_message.html?_=1696298694379&CODE_STATE=getMsg HTTP/1.1" 200 27
124.78.155.92 - - [03/Oct/2023:10:00:04 +0800] "GET /xingrg/servlets/image?cache=0.6670045672890189&image=px HTTP/1.1" 200 807
124.78.155.92 - - [03/Oct/2023:10:00:07 +0800] "GET /xingrg/dma/order_info.html?id=416270&sid=4&sale_day=20230914 HTTP/1.1" 200 5717
124.78.155.92 - - [03/Oct/2023:10:00:07 +0800] "GET /favicon.ico HTTP/1.1" 404 -
116.235.244.193 - - [03/Oct/2023:10:00:16 +0800] "GET /xingrg/all/function/internal_message.html?_=1696298422027&CODE_STATE=getMsg HTTP/1.1" 200 27
124.78.155.92 - - [03/Oct/2023:10:00:22 +0800] "GET /xingrg/dma/order_info.html?id=416167&sid=4&sale_day=20230913 HTTP/1.1" 200 5053
124.78.155.92 - - [03/Oct/2023:10:00:22 +0800] "GET /favicon.ico HTTP/1.1" 404 -
101.83.145.37 - - [03/Oct/2023:10:00:24 +0800] "GET /xingrg/kc/mdqp/qqps_order_list.html HTTP/1.1" 200 9222
101.83.145.37 - - [03/Oct/2023:10:00:24 +0800] "GET /xingrg/dwr/interface/AjaxQqpsService.js HTTP/1.1" 200 16326
101.83.145.37 - - [03/Oct/2023:10:00:24 +0800] "GET /xingrg/dwr/interface/AjaxReportQueryService.js HTTP/1.1" 200 13203
101.83.145.37 - - [03/Oct/2023:10:00:24 +0800] "GET /xingrg/dwr/engine.js HTTP/1.1" 200 43631
180.152.241.196 - - [03/Oct/2023:10:00:25 +0800] "GET /xingrg/all/function/internal_message.html?_=1696298426609&CODE_STATE=getMsg HTTP/1.1" 200 27
101.83.145.37 - - [03/Oct/2023:10:00:25 +0800] "GET /xingrg/all/function/internal_message.html?_=1696298207323&CODE_STATE=getMsg HTTP/1.1" 200 27
124.78.155.92 - - [03/Oct/2023:10:00:25 +0800] "GET /xingrg/all/function/internal_message.html?_=1696298429274&CODE_STATE=getMsg HTTP/1.1" 200 27
101.83.145.37 - - [03/Oct/2023:10:00:26 +0800] "GET /xingrg/check_reg.html?_=1696298208200 HTTP/1.1" 200 22
114.95.241.104 - - [03/Oct/2023:10:00:31 +0800] "GET /xingrg/all/function/internal_message.html?_=1696298430380&CODE_STATE=getMsg HTTP/1.1" 200 27
101.83.145.37 - - [03/Oct/2023:10:00:33 +0800] "GET /xingrg/kc/mdqp/qqps_order_list.html?isQuery=1&timeSelect=1&orderTime=day&startTime=2023-09-30&endTime=2023-10-03&state=all&query=%C8%B7++%B6%A8 HTTP/1.1" 200 11407
101.83.145.37 - - [03/Oct/2023:10:00:33 +0800] "GET /xingrg/dwr/interface/AjaxReportQueryService.js HTTP/1.1" 200 13203
101.83.145.37 - - [03/Oct/2023:10:00:33 +0800] "GET /xingrg/dwr/interface/AjaxQqpsService.js HTTP/1.1" 200 16326
101.83.145.37 - - [03/Oct/2023:10:00:33 +0800] "GET /xingrg/dwr/engine.js HTTP/1.1" 200 43631
180.169.147.146 - - [03/Oct/2023:10:00:34 +0800] "GET /xingrg/all/function/internal_message.html?_=1696298432502&CODE_STATE=getMsg HTTP/1.1" 200 27
180.169.147.146 - - [03/Oct/2023:10:00:34 +0800] "GET /xingrg/check_reg.html?_=1696298432565 HTTP/1.1" 200 22
124.78.69.58 - - [03/Oct/2023:10:00:35 +0800] "GET /xingrg/all/function/internal_message.html?_=1696297856785&CODE_STATE=getMsg HTTP/1.1" 200 27
101.83.145.37 - - [03/Oct/2023:10:00:37 +0800] "GET /xingrg/kc/mdqp/qqps_order_info.html?code=302023093000631 HTTP/1.1" 200 26796
101.83.145.37 - - [03/Oct/2023:10:00:37 +0800] "GET /xingrg/javascript/tools/jquery.qtip-1.0.0-rc3.min.js HTTP/1.1" 304 -
101.83.145.37 - - [03/Oct/2023:10:00:37 +0800] "GET /xingrg/dwr/interface/AjaxComOrderService.js HTTP/1.1" 200 18264
101.83.145.37 - - [03/Oct/2023:10:00:37 +0800] "GET /xingrg/dwr/interface/AjaxQqpsService.js HTTP/1.1" 200 16326
101.83.145.37 - - [03/Oct/2023:10:00:37 +0800] "GET /xingrg/dwr/engine.js HTTP/1.1" 200 43631
101.83.145.37 - - [03/Oct/2023:10:00:37 +0800] "GET /xingrg/javascript/Grid.js HTTP/1.1" 304 -
101.83.145.37 - - [03/Oct/2023:10:00:37 +0800] "GET /xingrg/javascript/AjaxInfoList.js HTTP/1.1" 304 -
101.83.145.37 - - [03/Oct/2023:10:00:37 +0800] "GET /xingrg/javascript/jquery_easy_ui/themes/icons/template_new.png HTTP/1.1" 304 -
101.83.145.37 - - [03/Oct/2023:10:00:37 +0800] "GET /xingrg/javascript/jquery_easy_ui/themes/icons/print.png HTTP/1.1" 304 -
101.83.145.37 - - [03/Oct/2023:10:00:37 +0800] "GET /xingrg/javascript/jquery_easy_ui/themes/icons/copy_new.png HTTP/1.1" 304 -
101.83.145.37 - - [03/Oct/2023:10:00:37 +0800] "GET /xingrg/javascript/jquery_easy_ui/themes/default/images/menu_downarrow.png HTTP/1.1" 304 -
101.83.145.37 - - [03/Oct/2023:10:00:37 +0800] "GET /xingrg/javascript/jquery_easy_ui/themes/icons/back_new.png HTTP/1.1" 304 -
101.83.145.37 - - [03/Oct/2023:10:00:37 +0800] "GET /xingrg/images/blue/wait.gif HTTP/1.1" 304 -
101.83.145.37 - - [03/Oct/2023:10:00:37 +0800] "GET /xingrg/javascript/jquery_easy_ui/themes/default/images/combo_arrow_dot.gif HTTP/1.1" 304 -
101.83.145.37 - - [03/Oct/2023:10:00:37 +0800] "GET /xingrg/images/blue/kc_tab_left.gif HTTP/1.1" 304 -
101.83.145.37 - - [03/Oct/2023:10:00:37 +0800] "GET /xingrg/images/blue/kc_tab_mid.gif HTTP/1.1" 304 -
101.83.145.37 - - [03/Oct/2023:10:00:37 +0800] "GET /xingrg/images/blue/kc_tab_right.gif HTTP/1.1" 304 -
101.83.145.37 - - [03/Oct/2023:10:00:38 +0800] "GET /xingrg/all/function/internal_message.html?_=1696298438634&CODE_STATE=getMsg HTTP/1.1" 200 27
101.83.145.37 - - [03/Oct/2023:10:00:38 +0800] "GET /xingrg/check_reg.html?_=1696298438635 HTTP/1.1" 200 22
101.83.145.37 - - [03/Oct/2023:10:00:38 +0800] "POST /xingrg/dwr/call/plaincall/AjaxQqpsService.loadMaterielItems.dwr HTTP/1.1" 200 338
124.79.244.25 - - [03/Oct/2023:10:00:39 +0800] "GET /xingrg/all/function/internal_message.html?_=1696298739949&CODE_STATE=getMsg HTTP/1.1" 200 27
101.83.145.37 - - [03/Oct/2023:10:00:40 +0800] "GET /xingrg/javascript/jquery_easy_ui/themes/default/images/button_plain_hover.png HTTP/1.1" 304 -
101.83.145.37 - - [03/Oct/2023:10:00:40 +0800] "GET /xingrg/kc/mdqp/qqps_order_list.html?isBack=1 HTTP/1.1" 302 -
101.83.145.37 - - [03/Oct/2023:10:00:40 +0800] "GET /xingrg/kc/mdqp/qqps_order_list.html?isQuery=1&timeSelect=1&orderTime=day&startTime=2023-09-30&endTime=2023-10-03&state=all&query=%C8%B7++%B6%A8 HTTP/1.1" 200 11407
101.83.145.37 - - [03/Oct/2023:10:00:40 +0800] "GET /xingrg/dwr/interface/AjaxQqpsService.js HTTP/1.1" 200 16326
101.83.145.37 - - [03/Oct/2023:10:00:40 +0800] "GET /xingrg/dwr/interface/AjaxReportQueryService.js HTTP/1.1" 200 13203
101.83.145.37 - - [03/Oct/2023:10:00:40 +0800] "GET /xingrg/dwr/engine.js HTTP/1.1" 200 43631
101.83.145.37 - - [03/Oct/2023:10:00:42 +0800] "GET /xingrg/kc/mdqp/qqps_order_info.html?code=302023093000628 HTTP/1.1" 200 26796
101.83.145.37 - - [03/Oct/2023:10:00:42 +0800] "GET /xingrg/dwr/interface/AjaxComOrderService.js HTTP/1.1" 200 18264
101.83.145.37 - - [03/Oct/2023:10:00:42 +0800] "GET /xingrg/dwr/interface/AjaxQqpsService.js HTTP/1.1" 200 16326
101.83.145.37 - - [03/Oct/2023:10:00:42 +0800] "GET /xingrg/dwr/engine.js HTTP/1.1" 200 43631
124.78.69.58 - - [03/Oct/2023:10:00:42 +0800] "POST /xingrg/kc/buy/cgsh_order_operate.html HTTP/1.1" 200 2065
180.165.48.189 - - [03/Oct/2023:10:00:43 +0800] "GET /xingrg/check_reg.html?_=1696298441932 HTTP/1.1" 200 22
180.165.48.189 - - [03/Oct/2023:10:00:43 +0800] "GET /xingrg/all/function/internal_message.html?_=1696298441931&CODE_STATE=getMsg HTTP/1.1" 200 27
124.78.155.92 - - [03/Oct/2023:10:00:43 +0800] "GET /xingrg/all/function/internal_message.html?_=1696298437057&CODE_STATE=getMsg HTTP/1.1" 200 27
114.83.218.82 - - [03/Oct/2023:10:00:47 +0800] "GET /xingrg/all/function/internal_message.html?_=1696298445350&CODE_STATE=getMsg HTTP/1.1" 200 27
101.83.145.37 - - [03/Oct/2023:10:00:47 +0800] "POST /xingrg/dwr/call/plaincall/AjaxQqpsService.loadMaterielItems.dwr HTTP/1.1" 200 6879
124.78.155.92 - - [03/Oct/2023:10:00:47 +0800] "GET /xingrg/dma/order_info.html?id=416020&sid=4&sale_day=20230910 HTTP/1.1" 200 5717
124.78.155.92 - - [03/Oct/2023:10:00:47 +0800] "GET /favicon.ico HTTP/1.1" 404 -
180.163.29.219 - - [03/Oct/2023:10:00:50 +0800] "GET /xingrg/all/function/internal_message.html?_=1696298390583&CODE_STATE=getMsg HTTP/1.1" 302 -
180.163.29.219 - - [03/Oct/2023:10:00:50 +0800] "GET /xingrg/login.html HTTP/1.1" 200 7641
180.169.147.146 - - [03/Oct/2023:10:00:50 +0800] "GET /xingrg/all/function/internal_message.html?_=1696298450582&CODE_STATE=getMsg HTTP/1.1" 200 27
180.169.147.146 - - [03/Oct/2023:10:00:50 +0800] "GET /xingrg/check_reg.html?_=1696298450589 HTTP/1.1" 200 22
222.70.180.200 - - [03/Oct/2023:10:00:52 +0800] "GET /xingrg/kc/buy/cgsh_order_operate.html?command=get_materiel&rest_code=00111&code=00101008244&supplier_code=00100005&order_time=2023-10-03 HTTP/1.1" 200 408
58.40.7.146 - - [03/Oct/2023:10:00:53 +0800] "GET /xingrg/all/function/internal_message.html?_=1696298451763&CODE_STATE=getMsg HTTP/1.1" 200 27
222.70.180.200 - - [03/Oct/2023:10:00:54 +0800] "GET /xingrg/all/function/internal_message.html?_=1696298454717&CODE_STATE=getMsg HTTP/1.1" 200 27
114.95.241.104 - - [03/Oct/2023:10:00:54 +0800] "GET /xingrg/all/function/internal_message.html?_=1696298454358&CODE_STATE=getMsg HTTP/1.1" 200 27
116.230.110.33 - - [03/Oct/2023:10:00:55 +0800] "GET /xingrg/all/function/internal_message.html?_=1696298289281&CODE_STATE=getMsg HTTP/1.1" 200 27
180.152.241.196 - - [03/Oct/2023:10:01:03 +0800] "GET /xingrg/all/function/internal_message.html?_=1696298464592&CODE_STATE=getMsg HTTP/1.1" 200 27
222.70.180.200 - - [03/Oct/2023:10:01:03 +0800] "GET /xingrg/all/function/internal_message.html?_=1696298754368&CODE_STATE=getMsg HTTP/1.1" 200 27
124.78.155.92 - - [03/Oct/2023:10:01:05 +0800] "GET /xingrg/all/report/report_query.html?isQuery=1&fileName=dma/new_5.0/menu/menu_mx.xml&queryString=(a.sale_day%2520between%252020230801%2520and%252020230930)%2520and%2520(a.sid%2520in%2520(4))%2520and%2520(a.menu_name%2520like%2520'%2524bf%2524%25E7%2587%2595%25E7%25AA%259D%2524bf%2524')%2520and%2520(a.menu_name%253D'%25E5%2586%25B0%25E7%25B3%2596%25E7%2587%2595%25E7%25AA%259D%25E7%25A4%25BC%25E7%259B%2592'%2520and%2520a.menu_unit%253D'%25E7%259B%2592')&queryText=%25E3%2580%2590%25E8%2590%25A5%25E4%25B8%259A%25E6%2597%25A5%25E6%259C%259F%253A2023-08-01%2520%25E8%2587%25B3%25202023-09-30%25E3%2580%2591%2520%25E5%25B9%25B6%25E4%25B8%2594%2520%2520%25E3%2580%2590%25E9%2597%25A8%25E5%25BA%2597%25E5%2590%258D%25E7%25A7%25B0%2520%253D%2520%25E6%2599%25AE%25E9%2599%2580%25E6%25A6%2595%25E6%25B8%25AF%25E3%2580%2591%2520%25E5%25B9%25B6%25E4%25B8%2594%2520%2520%25E3%2580%2590%25E8%258F%259C%25E5%2593%2581%25E5%2590%258D%25E7%25A7%25B0%2520%25E5%258C%2585%25E5%2590%25AB%2520%25E7%2587%2595%25E7%25AA%259D%25E3%2580%2591%2520%25E5%25B9%25B6%25E4%25B8%2594%2520%25E3%2580%2590%25E8%258F%259C%25E5%2593%2581%25E5%2590%258D%25E7%25A7%25B0%2520%253D%2520%25E5%2586%25B0%25E7%25B3%2596%25E7%2587%2595%25E7%25AA%259D%25E7%25A4%25BC%25E7%259B%2592%25E3%2580%2591%2520%25E3%2580%2590%25E5%258D%2595%25E4%25BD%258D%2520%253D%2520%25E7%259B%2592%25E3%2580%2591 HTTP/1.1" 200 51838
124.78.155.92 - - [03/Oct/2023:10:01:05 +0800] "GET /xingrg/dwr/engine.js HTTP/1.1" 200 43631
124.78.155.92 - - [03/Oct/2023:10:01:06 +0800] "GET /favicon.ico HTTP/1.1" 404 -
124.78.155.92 - - [03/Oct/2023:10:01:06 +0800] "POST /xingrg/all/report/load_report_page.html HTTP/1.1" 200 24296
124.78.155.92 - - [03/Oct/2023:10:01:06 +0800] "GET /xingrg/servlets/image?cache=0.4551519975388971&image=px HTTP/1.1" 200 807
124.78.155.92 - - [03/Oct/2023:10:01:09 +0800] "GET /xingrg/dma/order_info.html?id=415822&sid=4&sale_day=20230907 HTTP/1.1" 200 5708
124.78.155.92 - - [03/Oct/2023:10:01:09 +0800] "GET /favicon.ico HTTP/1.1" 404 -
222.70.180.200 - - [03/Oct/2023:10:01:13 +0800] "POST /xingrg/kc/buy/cgsh_order_operate.html HTTP/1.1" 200 2065
116.235.244.193 - - [03/Oct/2023:10:01:14 +0800] "POST /xingrg/services/DataTransmitService HTTP/1.1" 200 501
116.235.244.193 - - [03/Oct/2023:10:01:14 +0800] "GET /xingrg/check_reg.html?_=1696298480153 HTTP/1.1" 200 22
116.235.244.193 - - [03/Oct/2023:10:01:16 +0800] "POST /xingrg/services/DataTransmitService HTTP/1.1" 200 501
116.235.244.193 - - [03/Oct/2023:10:01:16 +0800] "GET /xingrg/all/function/internal_message.html?_=1696298482040&CODE_STATE=getMsg HTTP/1.1" 200 27
180.152.241.196 - - [03/Oct/2023:10:01:25 +0800] "GET /xingrg/all/function/internal_message.html?_=1696298486585&CODE_STATE=getMsg HTTP/1.1" 200 27
101.83.145.37 - - [03/Oct/2023:10:01:25 +0800] "GET /xingrg/all/function/internal_message.html?_=1696298267320&CODE_STATE=getMsg HTTP/1.1" 200 27
124.78.69.58 - - [03/Oct/2023:10:01:25 +0800] "POST /xingrg/kc/buy/cgsh_order_operate.html HTTP/1.1" 200 2065
124.78.155.92 - - [03/Oct/2023:10:01:25 +0800] "GET /xingrg/all/function/internal_message.html?_=1696298489270&CODE_STATE=getMsg HTTP/1.1" 200 27
114.95.241.104 - - [03/Oct/2023:10:01:31 +0800] "GET /xingrg/all/function/internal_message.html?_=1696298490380&CODE_STATE=getMsg HTTP/1.1" 200 27
180.169.147.146 - - [03/Oct/2023:10:01:34 +0800] "GET /xingrg/all/function/internal_message.html?_=1696298492485&CODE_STATE=getMsg HTTP/1.1" 200 27
124.78.69.58 - - [03/Oct/2023:10:01:35 +0800] "GET /xingrg/all/function/internal_message.html?_=1696297916761&CODE_STATE=getMsg HTTP/1.1" 200 27
101.83.145.37 - - [03/Oct/2023:10:01:38 +0800] "GET /xingrg/all/function/internal_message.html?_=1696298498631&CODE_STATE=getMsg HTTP/1.1" 200 27
222.70.180.200 - - [03/Oct/2023:10:01:38 +0800] "GET /xingrg/kc/buy/cgsh_order_operate.html?command=get_materiel&rest_code=00111&code=00101008186&supplier_code=00100005&order_time=2023-10-03 HTTP/1.1" 200 408
124.79.244.25 - - [03/Oct/2023:10:01:39 +0800] "GET /xingrg/check_reg.html?_=1696298799510 HTTP/1.1" 200 22
124.79.244.25 - - [03/Oct/2023:10:01:39 +0800] "GET /xingrg/all/function/internal_message.html?_=1696298799930&CODE_STATE=getMsg HTTP/1.1" 200 27
180.165.48.189 - - [03/Oct/2023:10:01:42 +0800] "GET /xingrg/all/function/internal_message.html?_=1696298501930&CODE_STATE=getMsg HTTP/1.1" 200 27
180.163.28.114 - - [03/Oct/2023:10:01:43 +0800] "GET /xingrg/all/function/internal_message.html?_=1696298437057&CODE_STATE=getMsg HTTP/1.1" 302 -
180.163.28.114 - - [03/Oct/2023:10:01:43 +0800] "GET /xingrg/login.html HTTP/1.1" 200 7641
124.78.155.92 - - [03/Oct/2023:10:01:43 +0800] "GET /xingrg/all/function/internal_message.html?_=1696298497056&CODE_STATE=getMsg HTTP/1.1" 200 27
114.83.218.82 - - [03/Oct/2023:10:01:47 +0800] "GET /xingrg/all/function/internal_message.html?_=1696298505355&CODE_STATE=getMsg HTTP/1.1" 200 27
114.83.218.82 - - [03/Oct/2023:10:01:47 +0800] "GET /xingrg/check_reg.html?_=1696298505359 HTTP/1.1" 200 22
180.169.147.146 - - [03/Oct/2023:10:01:50 +0800] "GET /xingrg/all/function/internal_message.html?_=1696298510592&CODE_STATE=getMsg HTTP/1.1" 200 27
124.78.155.92 - - [03/Oct/2023:10:01:53 +0800] "GET /xingrg/dma/order_info.html?id=415768&sid=4&sale_day=20230906 HTTP/1.1" 200 6220
124.78.155.92 - - [03/Oct/2023:10:01:53 +0800] "GET /favicon.ico HTTP/1.1" 404 -
116.235.244.193 - - [03/Oct/2023:10:01:53 +0800] "POST /xingrg/services/DataTransmitService HTTP/1.1" 200 501
58.40.7.146 - - [03/Oct/2023:10:01:53 +0800] "GET /xingrg/all/function/internal_message.html?_=1696298511751&CODE_STATE=getMsg HTTP/1.1" 200 27
58.40.7.146 - - [03/Oct/2023:10:01:53 +0800] "GET /xingrg/check_reg.html?_=1696298511754 HTTP/1.1" 200 22
222.70.180.200 - - [03/Oct/2023:10:01:54 +0800] "GET /xingrg/all/function/internal_message.html?_=1696298514715&CODE_STATE=getMsg HTTP/1.1" 200 27
114.95.241.104 - - [03/Oct/2023:10:01:54 +0800] "GET /xingrg/all/function/internal_message.html?_=1696298514359&CODE_STATE=getMsg HTTP/1.1" 200 27
114.95.241.104 - - [03/Oct/2023:10:01:54 +0800] "GET /xingrg/check_reg.html?_=1696298514361 HTTP/1.1" 200 22
116.230.110.33 - - [03/Oct/2023:10:01:55 +0800] "GET /xingrg/all/function/internal_message.html?_=1696298349287&CODE_STATE=getMsg HTTP/1.1" 200 27
116.230.110.33 - - [03/Oct/2023:10:01:55 +0800] "GET /xingrg/check_reg.html?_=1696298349290 HTTP/1.1" 200 22
124.78.69.58 - - [03/Oct/2023:10:01:58 +0800] "POST /xingrg/kc/buy/cgsh_order_operate.html HTTP/1.1" 200 37
124.78.69.58 - - [03/Oct/2023:10:02:02 +0800] "POST /xingrg/kc/buy/cgsh_order_operate.html HTTP/1.1" 200 34603
180.152.241.196 - - [03/Oct/2023:10:02:03 +0800] "GET /xingrg/all/function/internal_message.html?_=1696298524610&CODE_STATE=getMsg HTTP/1.1" 200 27
222.70.180.200 - - [03/Oct/2023:10:02:03 +0800] "GET /xingrg/all/function/internal_message.html?_=1696298814378&CODE_STATE=getMsg HTTP/1.1" 200 27
124.78.69.58 - - [03/Oct/2023:10:02:05 +0800] "GET /xingrg/kc/buy/buy_main.html HTTP/1.1" 200 12412
124.78.69.58 - - [03/Oct/2023:10:02:05 +0800] "GET /xingrg/css/new_ie.css HTTP/1.1" 404 1036
124.78.69.58 - - [03/Oct/2023:10:02:06 +0800] "GET /xingrg/images/yd/bt.gif HTTP/1.1" 404 1040
124.78.69.58 - - [03/Oct/2023:10:02:07 +0800] "GET /xingrg/kc/buy/cgsh_order_list.html HTTP/1.1" 200 56754
124.78.155.92 - - [03/Oct/2023:10:02:08 +0800] "GET /xingrg/dma/order_info.html?id=415768&sid=4&sale_day=20230906 HTTP/1.1" 200 6220
124.78.155.92 - - [03/Oct/2023:10:02:08 +0800] "GET /favicon.ico HTTP/1.1" 404 -
124.78.69.58 - - [03/Oct/2023:10:02:10 +0800] "POST /xingrg/kc/buy/cgsh_list_operate.html HTTP/1.1" 200 1869
124.78.69.58 - - [03/Oct/2023:10:02:15 +0800] "GET /xingrg/kc/buy/cgsh_order_add.html HTTP/1.1" 200 72530
124.78.69.58 - - [03/Oct/2023:10:02:15 +0800] "POST /xingrg/kc/buy/cgsh_order_operate.html HTTP/1.1" 200 8245
124.78.69.58 - - [03/Oct/2023:10:02:15 +0800] "GET /xingrg/javascript/easyui/themes/default/validatebox.css HTTP/1.1" 404 1104
116.235.244.193 - - [03/Oct/2023:10:02:16 +0800] "GET /xingrg/all/function/internal_message.html?_=1696298542054&CODE_STATE=getMsg HTTP/1.1" 200 27
124.78.155.92 - - [03/Oct/2023:10:02:23 +0800] "GET /xingrg/dma/order_info.html?id=415768&sid=4&sale_day=20230906 HTTP/1.1" 200 6220
124.78.155.92 - - [03/Oct/2023:10:02:23 +0800] "GET /favicon.ico HTTP/1.1" 404 -
180.152.241.196 - - [03/Oct/2023:10:02:25 +0800] "GET /xingrg/all/function/internal_message.html?_=1696298546560&CODE_STATE=getMsg HTTP/1.1" 200 27
101.83.145.37 - - [03/Oct/2023:10:02:25 +0800] "GET /xingrg/all/function/internal_message.html?_=1696298327290&CODE_STATE=getMsg HTTP/1.1" 200 27
124.78.155.92 - - [03/Oct/2023:10:02:25 +0800] "GET /xingrg/all/function/internal_message.html?_=1696298549247&CODE_STATE=getMsg HTTP/1.1" 200 27
222.70.180.200 - - [03/Oct/2023:10:02:28 +0800] "GET /xingrg/kc/buy/cgsh_order_operate.html?command=get_materiel&rest_code=00111&code=00101008370&supplier_code=00100005&order_time=2023-10-03 HTTP/1.1" 200 412
116.235.244.193 - - [03/Oct/2023:10:02:29 +0800] "POST /xingrg/services/DataTransmitService HTTP/1.1" 200 501
114.95.241.104 - - [03/Oct/2023:10:02:31 +0800] "GET /xingrg/all/function/internal_message.html?_=1696298550368&CODE_STATE=getMsg HTTP/1.1" 200 27
114.95.241.104 - - [03/Oct/2023:10:02:31 +0800] "GET /xingrg/check_reg.html?_=1696298550371 HTTP/1.1" 200 22
116.235.244.193 - - [03/Oct/2023:10:02:31 +0800] "POST /xingrg/services/DataTransmitService HTTP/1.1" 200 501
116.235.244.193 - - [03/Oct/2023:10:02:32 +0800] "POST /xingrg/services/DataTransmitService HTTP/1.1" 200 501
180.169.147.146 - - [03/Oct/2023:10:02:34 +0800] "GET /xingrg/all/function/internal_message.html?_=1696298552469&CODE_STATE=getMsg HTTP/1.1" 200 27
124.78.69.58 - - [03/Oct/2023:10:02:35 +0800] "GET /xingrg/all/function/internal_message.html?_=1696297976777&CODE_STATE=getMsg HTTP/1.1" 200 27
101.83.145.37 - - [03/Oct/2023:10:02:37 +0800] "GET /xingrg/all/function/internal_message.html?_=1696298558588&CODE_STATE=getMsg HTTP/1.1" 200 27
114.83.218.82 - - [03/Oct/2023:10:02:38 +0800] "POST /xingrg/kc/buy/cgsh_order_operate.html HTTP/1.1" 200 37
124.79.244.25 - - [03/Oct/2023:10:02:39 +0800] "GET /xingrg/all/function/internal_message.html?_=1696298859906&CODE_STATE=getMsg HTTP/1.1" 200 27
180.165.48.189 - - [03/Oct/2023:10:02:42 +0800] "GET /xingrg/all/function/internal_message.html?_=1696298561930&CODE_STATE=getMsg HTTP/1.1" 200 27
180.163.28.109 - - [03/Oct/2023:10:02:43 +0800] "GET /xingrg/all/function/internal_message.html?_=1696298497056&CODE_STATE=getMsg HTTP/1.1" 302 -
180.163.28.109 - - [03/Oct/2023:10:02:43 +0800] "GET /xingrg/login.html HTTP/1.1" 200 7641
124.78.155.92 - - [03/Oct/2023:10:02:43 +0800] "GET /xingrg/all/function/internal_message.html?_=1696298557060&CODE_STATE=getMsg HTTP/1.1" 200 27
116.235.244.193 - - [03/Oct/2023:10:02:45 +0800] "POST /xingrg/services/DataTransmitService HTTP/1.1" 200 501
114.83.218.82 - - [03/Oct/2023:10:02:47 +0800] "GET /xingrg/all/function/internal_message.html?_=1696298565356&CODE_STATE=getMsg HTTP/1.1" 200 27
120.253.135.82 - - [03/Oct/2023:10:02:47 +0800] "GET /xingrg/check_reg.html?_=1696298369767 HTTP/1.1" 200 22
116.235.244.193 - - [03/Oct/2023:10:02:49 +0800] "POST /xingrg/services/DataTransmitService HTTP/1.1" 200 501
124.78.69.58 - - [03/Oct/2023:10:02:50 +0800] "GET /xingrg/kc/buy/cgsh_order_operate.html?command=get_materiel&rest_code=00141&code=00101007027&supplier_code=00100004&order_time=2023-10-03 HTTP/1.1" 200 427
180.169.147.146 - - [03/Oct/2023:10:02:50 +0800] "GET /xingrg/all/function/internal_message.html?_=1696298570598&CODE_STATE=getMsg HTTP/1.1" 200 27
114.83.218.82 - - [03/Oct/2023:10:02:51 +0800] "POST /xingrg/kc/buy/cgsh_order_operate.html HTTP/1.1" 200 12
116.235.244.193 - - [03/Oct/2023:10:02:51 +0800] "POST /xingrg/services/DataTransmitService HTTP/1.1" 200 501
58.40.7.146 - - [03/Oct/2023:10:02:53 +0800] "GET /xingrg/all/function/internal_message.html?_=1696298571761&CODE_STATE=getMsg HTTP/1.1" 200 27
114.83.218.82 - - [03/Oct/2023:10:02:53 +0800] "GET /xingrg/kc/buy/cgsh_order_info.html?code=212023100300736 HTTP/1.1" 200 67527
116.235.244.193 - - [03/Oct/2023:10:02:53 +0800] "POST /xingrg/services/DataTransmitService HTTP/1.1" 200 412
114.83.218.82 - - [03/Oct/2023:10:02:54 +0800] "GET /xingrg/javascript/easyui/themes/default/validatebox.css HTTP/1.1" 404 1104
222.70.180.200 - - [03/Oct/2023:10:02:54 +0800] "GET /xingrg/kc/buy/cgsh_order_operate.html?command=get_materiel&rest_code=00111&code=00101008067&supplier_code=00100005&order_time=2023-10-03 HTTP/1.1" 200 416
222.70.180.200 - - [03/Oct/2023:10:02:54 +0800] "GET /xingrg/all/function/internal_message.html?_=1696298574757&CODE_STATE=getMsg HTTP/1.1" 200 27
114.95.241.104 - - [03/Oct/2023:10:02:54 +0800] "GET /xingrg/all/function/internal_message.html?_=1696298574360&CODE_STATE=getMsg HTTP/1.1" 200 27
114.83.218.82 - - [03/Oct/2023:10:02:55 +0800] "POST /xingrg/kc/buy/cgsh_order_operate.html HTTP/1.1" 200 1792
116.230.110.33 - - [03/Oct/2023:10:02:55 +0800] "GET /xingrg/all/function/internal_message.html?_=1696298409286&CODE_STATE=getMsg HTTP/1.1" 200 27
180.152.241.196 - - [03/Oct/2023:10:03:03 +0800] "GET /xingrg/all/function/internal_message.html?_=1696298584597&CODE_STATE=getMsg HTTP/1.1" 200 27
222.70.180.200 - - [03/Oct/2023:10:03:03 +0800] "GET /xingrg/all/function/internal_message.html?_=1696298874371&CODE_STATE=getMsg HTTP/1.1" 200 27
124.78.155.92 - - [03/Oct/2023:10:03:04 +0800] "GET /xingrg/all/report/report_query.html?isQuery=1&fileName=dma/new_5.0/menu/menu_mx.xml&queryString=(a.sale_day%2520between%252020230801%2520and%252020230930)%2520and%2520(a.sid%2520in%2520(4))%2520and%2520(a.menu_name%2520like%2520'%2524bf%2524%25E7%2587%2595%25E7%25AA%259D%2524bf%2524')%2520and%2520(a.menu_name%253D'%255B%25E7%25A4%25BC%25E7%259B%2592%255D%25E5%2586%25B0%25E7%25B3%2596%25E7%2587%2595%25E7%25AA%259D%25E7%25A4%25BC%25E7%259B%2592'%2520and%2520a.menu_unit%253D'%25E7%259B%2592')&queryText=%25E3%2580%2590%25E8%2590%25A5%25E4%25B8%259A%25E6%2597%25A5%25E6%259C%259F%253A2023-08-01%2520%25E8%2587%25B3%25202023-09-30%25E3%2580%2591%2520%25E5%25B9%25B6%25E4%25B8%2594%2520%2520%25E3%2580%2590%25E9%2597%25A8%25E5%25BA%2597%25E5%2590%258D%25E7%25A7%25B0%2520%253D%2520%25E6%2599%25AE%25E9%2599%2580%25E6%25A6%2595%25E6%25B8%25AF%25E3%2580%2591%2520%25E5%25B9%25B6%25E4%25B8%2594%2520%2520%25E3%2580%2590%25E8%258F%259C%25E5%2593%2581%25E5%2590%258D%25E7%25A7%25B0%2520%25E5%258C%2585%25E5%2590%25AB%2520%25E7%2587%2595%25E7%25AA%259D%25E3%2580%2591%2520%25E5%25B9%25B6%25E4%25B8%2594%2520%25E3%2580%2590%25E8%258F%259C%25E5%2593%2581%25E5%2590%258D%25E7%25A7%25B0%2520%253D%2520%255B%25E7%25A4%25BC%25E7%259B%2592%255D%25E5%2586%25B0%25E7%25B3%2596%25E7%2587%2595%25E7%25AA%259D%25E7%25A4%25BC%25E7%259B%2592%25E3%2580%2591%2520%25E3%2580%2590%25E5%258D%2595%25E4%25BD%258D%2520%253D%2520%25E7%259B%2592%25E3%2580%2591 HTTP/1.1" 200 51856
124.78.155.92 - - [03/Oct/2023:10:03:04 +0800] "GET /xingrg/dwr/engine.js HTTP/1.1" 200 43631
124.78.155.92 - - [03/Oct/2023:10:03:04 +0800] "GET /favicon.ico HTTP/1.1" 404 -
124.78.155.92 - - [03/Oct/2023:10:03:05 +0800] "POST /xingrg/all/report/load_report_page.html HTTP/1.1" 200 24372
124.78.155.92 - - [03/Oct/2023:10:03:05 +0800] "GET /xingrg/servlets/image?cache=0.8791785304297813&image=px HTTP/1.1" 200 807
124.78.155.92 - - [03/Oct/2023:10:03:07 +0800] "GET /xingrg/dma/order_info.html?id=416270&sid=4&sale_day=20230914 HTTP/1.1" 200 5717
124.78.155.92 - - [03/Oct/2023:10:03:08 +0800] "GET /favicon.ico HTTP/1.1" 404 -
124.78.69.58 - - [03/Oct/2023:10:03:09 +0800] "GET /xingrg/kc/buy/cgsh_order_operate.html?command=get_materiel&rest_code=00141&code=00101007181&supplier_code=00100004&order_time=2023-10-03 HTTP/1.1" 200 412
116.235.244.193 - - [03/Oct/2023:10:03:16 +0800] "GET /xingrg/all/function/internal_message.html?_=1696298602068&CODE_STATE=getMsg HTTP/1.1" 200 27
180.152.241.196 - - [03/Oct/2023:10:03:23 +0800] "GET /xingrg/check_reg.html?_=1696298605055 HTTP/1.1" 200 22
180.152.241.196 - - [03/Oct/2023:10:03:25 +0800] "GET /xingrg/all/function/internal_message.html?_=1696298606544&CODE_STATE=getMsg HTTP/1.1" 200 27
101.83.145.37 - - [03/Oct/2023:10:03:25 +0800] "GET /xingrg/all/function/internal_message.html?_=1696298387259&CODE_STATE=getMsg HTTP/1.1" 200 27
124.78.155.92 - - [03/Oct/2023:10:03:25 +0800] "GET /xingrg/check_reg.html?_=1696298609191 HTTP/1.1" 200 22
124.78.155.92 - - [03/Oct/2023:10:03:25 +0800] "GET /xingrg/all/function/internal_message.html?_=1696298609238&CODE_STATE=getMsg HTTP/1.1" 200 27
124.78.69.58 - - [03/Oct/2023:10:03:27 +0800] "POST /xingrg/kc/buy/cgsh_order_operate.html HTTP/1.1" 200 37
124.78.155.92 - - [03/Oct/2023:10:03:30 +0800] "GET /xingrg/kc/buy/buy_main.html HTTP/1.1" 200 12412
124.78.155.92 - - [03/Oct/2023:10:03:30 +0800] "GET /xingrg/css/new_ie.css HTTP/1.1" 404 1036
114.95.241.104 - - [03/Oct/2023:10:03:31 +0800] "GET /xingrg/all/function/internal_message.html?_=1696298610386&CODE_STATE=getMsg HTTP/1.1" 200 27
124.78.155.92 - - [03/Oct/2023:10:03:31 +0800] "GET /xingrg/images/yd/bt.gif HTTP/1.1" 404 1040
124.78.155.92 - - [03/Oct/2023:10:03:32 +0800] "GET /xingrg/kc/buy/cgsh_order_list.html HTTP/1.1" 200 56748
58.40.7.146 - - [03/Oct/2023:10:03:33 +0800] "GET /xingrg/kc/base/base_main.html HTTP/1.1" 200 12142
58.40.7.146 - - [03/Oct/2023:10:03:34 +0800] "GET /xingrg/kc/base/check_order_list.html HTTP/1.1" 200 16564
124.78.69.58 - - [03/Oct/2023:10:03:34 +0800] "POST /xingrg/kc/buy/cgsh_order_operate.html HTTP/1.1" 200 12
180.169.147.146 - - [03/Oct/2023:10:03:34 +0800] "GET /xingrg/all/function/internal_message.html?_=1696298612452&CODE_STATE=getMsg HTTP/1.1" 200 27
58.40.7.146 - - [03/Oct/2023:10:03:34 +0800] "POST /xingrg/kc/base/check_list_operate.html HTTP/1.1" 200 3639
124.78.155.92 - - [03/Oct/2023:10:03:37 +0800] "POST /xingrg/kc/buy/cgsh_list_operate.html HTTP/1.1" 200 1869
58.40.7.146 - - [03/Oct/2023:10:03:37 +0800] "GET /xingrg/kc/base/check_order_info.html?code=452023093000497 HTTP/1.1" 200 26484
58.40.7.146 - - [03/Oct/2023:10:03:37 +0800] "GET /xingrg/dwr/interface/AjaxComOrderService.js HTTP/1.1" 200 18264
58.40.7.146 - - [03/Oct/2023:10:03:37 +0800] "GET /xingrg/dwr/interface/AjaxCheckService.js HTTP/1.1" 200 14003
58.40.7.146 - - [03/Oct/2023:10:03:37 +0800] "GET /xingrg/dwr/engine.js HTTP/1.1" 200 43631
101.83.145.37 - - [03/Oct/2023:10:03:37 +0800] "GET /xingrg/all/function/internal_message.html?_=1696298618570&CODE_STATE=getMsg HTTP/1.1" 200 27
58.40.7.146 - - [03/Oct/2023:10:03:38 +0800] "POST /xingrg/dwr/call/plaincall/AjaxCheckService.loadOrderItems.dwr HTTP/1.1" 200 54580
124.79.244.25 - - [03/Oct/2023:10:03:39 +0800] "GET /xingrg/all/function/internal_message.html?_=1696298919902&CODE_STATE=getMsg HTTP/1.1" 200 27
180.165.48.189 - - [03/Oct/2023:10:03:42 +0800] "GET /xingrg/all/function/internal_message.html?_=1696298621926&CODE_STATE=getMsg HTTP/1.1" 200 27
124.78.155.92 - - [03/Oct/2023:10:03:43 +0800] "GET /xingrg/all/function/internal_message.html?_=1696298617067&CODE_STATE=getMsg HTTP/1.1" 200 27
114.83.218.82 - - [03/Oct/2023:10:03:47 +0800] "GET /xingrg/all/function/internal_message.html?_=1696298625355&CODE_STATE=getMsg HTTP/1.1" 200 27
180.163.28.143 - - [03/Oct/2023:10:03:50 +0800] "GET /xingrg/all/function/internal_message.html?_=1696298570598&CODE_STATE=getMsg HTTP/1.1" 302 -
180.163.28.143 - - [03/Oct/2023:10:03:50 +0800] "GET /xingrg/login.html HTTP/1.1" 200 7641
180.169.147.146 - - [03/Oct/2023:10:03:50 +0800] "GET /xingrg/all/function/internal_message.html?_=1696298630592&CODE_STATE=getMsg HTTP/1.1" 200 27
58.40.7.146 - - [03/Oct/2023:10:03:53 +0800] "GET /xingrg/all/function/internal_message.html?_=1696298631761&CODE_STATE=getMsg HTTP/1.1" 200 27
222.70.180.200 - - [03/Oct/2023:10:03:54 +0800] "GET /xingrg/check_reg.html?_=1696298634716 HTTP/1.1" 200 22
222.70.180.200 - - [03/Oct/2023:10:03:54 +0800] "GET /xingrg/all/function/internal_message.html?_=1696298634733&CODE_STATE=getMsg HTTP/1.1" 200 27
114.95.241.104 - - [03/Oct/2023:10:03:54 +0800] "GET /xingrg/all/function/internal_message.html?_=1696298634361&CODE_STATE=getMsg HTTP/1.1" 200 27
116.230.110.33 - - [03/Oct/2023:10:03:55 +0800] "GET /xingrg/all/function/internal_message.html?_=1696298469276&CODE_STATE=getMsg HTTP/1.1" 200 27
180.152.241.196 - - [03/Oct/2023:10:04:03 +0800] "GET /xingrg/all/function/internal_message.html?_=1696298644601&CODE_STATE=getMsg HTTP/1.1" 200 27
222.70.180.200 - - [03/Oct/2023:10:04:03 +0800] "GET /xingrg/all/function/internal_message.html?_=1696298934377&CODE_STATE=getMsg HTTP/1.1" 200 27
222.70.180.200 - - [03/Oct/2023:10:04:04 +0800] "GET /xingrg/check_reg.html?_=1696298934379 HTTP/1.1" 200 22
58.40.7.146 - - [03/Oct/2023:10:04:06 +0800] "GET /xingrg/kc/base/check_order_info.html?code=452023093000571 HTTP/1.1" 200 26484
58.40.7.146 - - [03/Oct/2023:10:04:06 +0800] "GET /xingrg/dwr/interface/AjaxComOrderService.js HTTP/1.1" 200 18264
58.40.7.146 - - [03/Oct/2023:10:04:07 +0800] "GET /xingrg/dwr/interface/AjaxCheckService.js HTTP/1.1" 200 14003
58.40.7.146 - - [03/Oct/2023:10:04:07 +0800] "GET /xingrg/dwr/engine.js HTTP/1.1" 200 43631
124.78.155.92 - - [03/Oct/2023:10:04:07 +0800] "GET /xingrg/all/report/report_query.html?isQuery=1&fileName=dma/new_5.0/menu/menu_mx.xml&queryString=(a.sale_day%2520between%252020230801%2520and%252020230930)%2520and%2520(a.sid%2520in%2520(4))%2520and%2520(a.menu_name%2520like%2520'%2524bf%2524%25E7%2587%2595%25E7%25AA%259D%2524bf%2524')%2520and%2520(a.menu_name%253D'%25E5%2586%25B0%25E7%25B3%2596%25E7%2587%2595%25E7%25AA%259D%25E7%25A4%25BC%25E7%259B%2592'%2520and%2520a.menu_unit%253D'%25E7%259B%2592')&queryText=%25E3%2580%2590%25E8%2590%25A5%25E4%25B8%259A%25E6%2597%25A5%25E6%259C%259F%253A2023-08-01%2520%25E8%2587%25B3%25202023-09-30%25E3%2580%2591%2520%25E5%25B9%25B6%25E4%25B8%2594%2520%2520%25E3%2580%2590%25E9%2597%25A8%25E5%25BA%2597%25E5%2590%258D%25E7%25A7%25B0%2520%253D%2520%25E6%2599%25AE%25E9%2599%2580%25E6%25A6%2595%25E6%25B8%25AF%25E3%2580%2591%2520%25E5%25B9%25B6%25E4%25B8%2594%2520%2520%25E3%2580%2590%25E8%258F%259C%25E5%2593%2581%25E5%2590%258D%25E7%25A7%25B0%2520%25E5%258C%2585%25E5%2590%25AB%2520%25E7%2587%2595%25E7%25AA%259D%25E3%2580%2591%2520%25E5%25B9%25B6%25E4%25B8%2594%2520%25E3%2580%2590%25E8%258F%259C%25E5%2593%2581%25E5%2590%258D%25E7%25A7%25B0%2520%253D%2520%25E5%2586%25B0%25E7%25B3%2596%25E7%2587%2595%25E7%25AA%259D%25E7%25A4%25BC%25E7%259B%2592%25E3%2580%2591%2520%25E3%2580%2590%25E5%258D%2595%25E4%25BD%258D%2520%253D%2520%25E7%259B%2592%25E3%2580%2591 HTTP/1.1" 200 51838
124.78.155.92 - - [03/Oct/2023:10:04:07 +0800] "GET /xingrg/dwr/engine.js HTTP/1.1" 200 43631
124.78.155.92 - - [03/Oct/2023:10:04:07 +0800] "GET /favicon.ico HTTP/1.1" 404 -
58.40.7.146 - - [03/Oct/2023:10:04:07 +0800] "POST /xingrg/dwr/call/plaincall/AjaxCheckService.loadOrderItems.dwr HTTP/1.1" 200 8855
124.78.155.92 - - [03/Oct/2023:10:04:08 +0800] "POST /xingrg/all/report/load_report_page.html HTTP/1.1" 200 24296
124.78.155.92 - - [03/Oct/2023:10:04:08 +0800] "GET /xingrg/servlets/image?cache=0.8489705297289268&image=px HTTP/1.1" 200 807
124.78.155.92 - - [03/Oct/2023:10:04:12 +0800] "GET /xingrg/dma/order_info.html?id=415822&sid=4&sale_day=20230907 HTTP/1.1" 200 5708
124.78.155.92 - - [03/Oct/2023:10:04:12 +0800] "GET /favicon.ico HTTP/1.1" 404 -
58.40.7.146 - - [03/Oct/2023:10:04:13 +0800] "POST /xingrg/all/user/operate.html HTTP/1.1" 200 36
58.40.7.146 - - [03/Oct/2023:10:04:13 +0800] "GET /xingrg/index.html?sysBaseUrl=http%3A%2F%2F180.169.147.146%3A18081%2Fxingrg%2F&costTime=825×tamp=1696296104850 HTTP/1.1" 200 17509
58.40.7.146 - - [03/Oct/2023:10:04:13 +0800] "GET /xingrg/javascript/jquery_easy_ui/themes/default/easyui.css HTTP/1.1" 304 -
58.40.7.146 - - [03/Oct/2023:10:04:13 +0800] "GET /xingrg/javascript/jquery_easy_ui/themes/icon.css HTTP/1.1" 304 -
58.40.7.146 - - [03/Oct/2023:10:04:13 +0800] "GET /xingrg/css/form.css HTTP/1.1" 304 -
58.40.7.146 - - [03/Oct/2023:10:04:13 +0800] "GET /xingrg/javascript/jquery-1.4.2.min.js HTTP/1.1" 304 -
58.40.7.146 - - [03/Oct/2023:10:04:13 +0800] "GET /xingrg/javascript/jquery_easy_ui/jquery.easyui.min.js HTTP/1.1" 304 -
58.40.7.146 - - [03/Oct/2023:10:04:13 +0800] "GET /xingrg/javascript/jquery_easy_ui/easyui-lang-zh_CN.js HTTP/1.1" 304 -
58.40.7.146 - - [03/Oct/2023:10:04:13 +0800] "GET /xingrg/javascript/jquery.form.js HTTP/1.1" 304 -
58.40.7.146 - - [03/Oct/2023:10:04:13 +0800] "GET /xingrg/javascript/jquery.utils.js HTTP/1.1" 304 -
58.40.7.146 - - [03/Oct/2023:10:04:13 +0800] "GET /xingrg/javascript/jquery.timers.js HTTP/1.1" 304 -
58.40.7.146 - - [03/Oct/2023:10:04:13 +0800] "GET /xingrg/images/blue/jxLogo.png HTTP/1.1" 304 -
58.40.7.146 - - [03/Oct/2023:10:04:13 +0800] "GET /xingrg/images/blue/navBackgound.jpg HTTP/1.1" 304 -
58.40.7.146 - - [03/Oct/2023:10:04:13 +0800] "GET /xingrg/javascript/jquery_easy_ui/themes/icons/settle_new.png HTTP/1.1" 304 -
58.40.7.146 - - [03/Oct/2023:10:04:13 +0800] "GET /xingrg/all/function/internal_message.html?_=1696298651958&CODE_STATE=count HTTP/1.1" 200 11
58.40.7.146 - - [03/Oct/2023:10:04:13 +0800] "GET /xingrg/javascript/jquery_easy_ui/themes/default/images/panel_tool_expand.gif HTTP/1.1" 304 -
58.40.7.146 - - [03/Oct/2023:10:04:13 +0800] "GET /xingrg/check_reg.html?_=1696298651961 HTTP/1.1" 200 22
58.40.7.146 - - [03/Oct/2023:10:04:13 +0800] "GET /xingrg/javascript/jquery_easy_ui/themes/default/images/panel_tool_collapse.gif HTTP/1.1" 304 -
58.40.7.146 - - [03/Oct/2023:10:04:13 +0800] "GET /xingrg/javascript/jquery_easy_ui/themes/default/images/tabs_rightarrow.png HTTP/1.1" 304 -
58.40.7.146 - - [03/Oct/2023:10:04:13 +0800] "GET /xingrg/images/blue/pingpu.png HTTP/1.1" 304 -
58.40.7.146 - - [03/Oct/2023:10:04:13 +0800] "GET /xingrg/javascript/jquery_easy_ui/themes/default/images/tabs_leftarrow.png HTTP/1.1" 304 -
58.40.7.146 - - [03/Oct/2023:10:04:13 +0800] "POST /xingrg/all/common/load_tree.html?tree=area_rest_tree_json&manage=1 HTTP/1.1" 200 3499
58.40.7.146 - - [03/Oct/2023:10:04:13 +0800] "POST /xingrg/load_menu.html HTTP/1.1" 200 9959
58.40.7.146 - - [03/Oct/2023:10:04:13 +0800] "GET /xingrg/javascript/jquery_easy_ui/themes/icons/checkout_new.png HTTP/1.1" 304 -
58.40.7.146 - - [03/Oct/2023:10:04:13 +0800] "GET /xingrg/javascript/jquery_easy_ui/themes/icons/systemset_new.png HTTP/1.1" 304 -
58.40.7.146 - - [03/Oct/2023:10:04:13 +0800] "GET /xingrg/javascript/jquery_easy_ui/themes/icons/setting_new.png HTTP/1.1" 304 -
58.40.7.146 - - [03/Oct/2023:10:04:13 +0800] "GET /xingrg/javascript/jquery_easy_ui/themes/icons/storage_new.png HTTP/1.1" 304 -
58.40.7.146 - - [03/Oct/2023:10:04:13 +0800] "GET /xingrg/javascript/jquery_easy_ui/themes/default/images/tree_file.gif HTTP/1.1" 304 -
58.40.7.146 - - [03/Oct/2023:10:04:13 +0800] "GET /xingrg/javascript/jquery_easy_ui/themes/default/images/tree_folder.gif HTTP/1.1" 304 -
58.40.7.146 - - [03/Oct/2023:10:04:13 +0800] "GET /xingrg/javascript/jquery_easy_ui/themes/icons/search_new.png HTTP/1.1" 304 -
58.40.7.146 - - [03/Oct/2023:10:04:13 +0800] "GET /xingrg/javascript/jquery_easy_ui/themes/default/images/tree_folder_open.gif HTTP/1.1" 304 -
58.40.7.146 - - [03/Oct/2023:10:04:13 +0800] "GET /xingrg/javascript/jquery_easy_ui/themes/default/images/tree_arrows.gif HTTP/1.1" 304 -
58.40.7.146 - - [03/Oct/2023:10:04:13 +0800] "GET /xingrg/javascript/jquery_easy_ui/themes/icons/forms_new.png HTTP/1.1" 304 -
