124.78.69.58 - - [03/Oct/2023:11:32:18 +0800] "POST /xingrg/kc/buy/cgsh_order_operate.html HTTP/1.1" 200 8245
124.78.69.58 - - [03/Oct/2023:11:32:18 +0800] "GET /xingrg/javascript/easyui/themes/default/validatebox.css HTTP/1.1" 404 1104
116.235.244.193 - - [03/Oct/2023:11:32:18 +0800] "GET /xingrg/kc/buy/cgsh_order_operate.html?command=get_materiel&rest_code=00146&code=00101008352&supplier_code=00100635&order_time=2023-10-03 HTTP/1.1" 200 412
120.253.135.82 - - [03/Oct/2023:11:32:21 +0800] "GET /xingrg/kc/pszx/mdps_order_info.html?code=312023100200054 HTTP/1.1" 200 19638
120.253.135.82 - - [03/Oct/2023:11:32:22 +0800] "GET /xingrg/javascript/easyui/themes/default/validatebox.css HTTP/1.1" 404 1104
120.253.135.82 - - [03/Oct/2023:11:32:22 +0800] "POST /xingrg/kc/pszx/mdps_order_operate.html HTTP/1.1" 200 1979
124.78.69.58 - - [03/Oct/2023:11:32:24 +0800] "GET /xingrg/javascript/auto/indicator.gif HTTP/1.1" 404 1066
180.169.147.146 - - [03/Oct/2023:11:32:24 +0800] "GET /xingrg/all/function/internal_message.html?_=1696303944469&CODE_STATE=getMsg HTTP/1.1" 302 -
101.83.145.37 - - [03/Oct/2023:11:32:25 +0800] "GET /xingrg/all/function/internal_message.html?_=1696303727315&CODE_STATE=getMsg HTTP/1.1" 200 27
120.253.135.82 - - [03/Oct/2023:11:32:26 +0800] "POST /xingrg/kc/pszx/mdps_list_operate.html HTTP/1.1" 200 3179
116.235.244.193 - - [03/Oct/2023:11:32:30 +0800] "GET /xingrg/all/function/internal_message.html?_=1696303956443&CODE_STATE=getMsg HTTP/1.1" 200 27
180.152.241.196 - - [03/Oct/2023:11:32:31 +0800] "GET /xingrg/all/function/internal_message.html?_=1696303950966&CODE_STATE=getMsg HTTP/1.1" 200 27
120.253.135.82 - - [03/Oct/2023:11:32:32 +0800] "GET /xingrg/all/function/internal_message.html?_=1696303754423&CODE_STATE=getMsg HTTP/1.1" 200 27
116.235.244.193 - - [03/Oct/2023:11:32:33 +0800] "GET /xingrg/kc/buy/cgsh_order_operate.html?command=get_materiel&rest_code=00146&code=00101008005&supplier_code=00100635&order_time=2023-10-03 HTTP/1.1" 200 412
124.78.155.92 - - [03/Oct/2023:11:32:34 +0800] "GET /xingrg/all/function/internal_message.html?_=1696303957940&CODE_STATE=getMsg HTTP/1.1" 302 -
116.235.244.193 - - [03/Oct/2023:11:32:36 +0800] "POST /xingrg/kc/buy/cgsh_order_operate.html HTTP/1.1" 200 2065
101.83.145.37 - - [03/Oct/2023:11:32:37 +0800] "GET /xingrg/all/function/internal_message.html?_=1696303958571&CODE_STATE=getMsg HTTP/1.1" 302 -
222.70.180.200 - - [03/Oct/2023:11:32:38 +0800] "GET /xingrg/all/function/internal_message.html?_=1696303959836&CODE_STATE=getMsg HTTP/1.1" 302 -
124.79.244.25 - - [03/Oct/2023:11:32:39 +0800] "GET /xingrg/all/function/internal_message.html?_=1696304259589&CODE_STATE=getMsg HTTP/1.1" 302 -
180.163.30.85 - - [03/Oct/2023:11:32:42 +0800] "GET /xingrg/all/function/internal_message.html?_=1696303895695&CODE_STATE=getMsg HTTP/1.1" 302 -
124.78.155.92 - - [03/Oct/2023:11:32:42 +0800] "GET /xingrg/all/function/internal_message.html?_=1696303955696&CODE_STATE=getMsg HTTP/1.1" 200 27
124.78.155.92 - - [03/Oct/2023:11:32:42 +0800] "GET /xingrg/check_reg.html?_=1696303955701 HTTP/1.1" 200 22
180.163.30.85 - - [03/Oct/2023:11:32:42 +0800] "GET /xingrg/login.html HTTP/1.1" 200 7641
120.253.135.82 - - [03/Oct/2023:11:32:42 +0800] "POST /xingrg/kc/pszx/mdps_list_operate.html HTTP/1.1" 200 449
180.169.147.146 - - [03/Oct/2023:11:32:42 +0800] "GET /xingrg/kc/base/wldb_order_add.html HTTP/1.1" 200 30463
180.169.147.146 - - [03/Oct/2023:11:32:42 +0800] "GET /xingrg/words/20231002151928_words.js HTTP/1.1" 304 -
180.169.147.146 - - [03/Oct/2023:11:32:42 +0800] "POST /xingrg/kc/base/wldb_order_operate.html HTTP/1.1" 200 6806
180.169.147.146 - - [03/Oct/2023:11:32:43 +0800] "GET /xingrg/javascript/easyui/themes/default/validatebox.css HTTP/1.1" 404 1104
180.165.48.189 - - [03/Oct/2023:11:32:43 +0800] "GET /xingrg/all/function/internal_message.html?_=1696303961927&CODE_STATE=getMsg HTTP/1.1" 302 -
180.169.147.146 - - [03/Oct/2023:11:32:43 +0800] "GET /xingrg/all/common/auto_word.html?type=base&rest_code=00147 HTTP/1.1" 200 1803
180.169.147.146 - - [03/Oct/2023:11:32:43 +0800] "GET /xingrg/all/common/auto_word.html?type=base&rest_code=00147 HTTP/1.1" 200 1803
120.253.135.82 - - [03/Oct/2023:11:32:43 +0800] "GET /xingrg/kc/pszx/mdps_order_info.html?code=312023100200051 HTTP/1.1" 200 23978
101.228.187.155 - - [03/Oct/2023:11:32:43 +0800] "GET /xingrg/kc/buy/cgsh_order_operate.html?command=get_materiel&rest_code=00142&code=00101018011&supplier_code=00100207&order_time=2023-10-02 HTTP/1.1" 200 415
180.169.147.146 - - [03/Oct/2023:11:32:43 +0800] "POST /xingrg/all/common/load_combo.html?type=base HTTP/1.1" 200 3230
120.253.135.82 - - [03/Oct/2023:11:32:43 +0800] "GET /xingrg/javascript/easyui/themes/default/validatebox.css HTTP/1.1" 404 1104
120.253.135.82 - - [03/Oct/2023:11:32:44 +0800] "POST /xingrg/kc/pszx/mdps_order_operate.html HTTP/1.1" 200 3782
116.235.244.193 - - [03/Oct/2023:11:32:44 +0800] "GET /xingrg/kc/buy/cgsh_order_operate.html?command=get_materiel&rest_code=00146&code=00101008092&supplier_code=00100635&order_time=2023-10-03 HTTP/1.1" 200 412
180.169.147.146 - - [03/Oct/2023:11:32:46 +0800] "POST /xingrg/all/common/load_combo.html?type=base HTTP/1.1" 200 3230
180.169.147.146 - - [03/Oct/2023:11:32:49 +0800] "GET /xingrg/javascript/jquery_tools/images/next.gif HTTP/1.1" 404 1086
180.169.147.146 - - [03/Oct/2023:11:32:49 +0800] "GET /xingrg/javascript/jquery_tools/images/prev.gif HTTP/1.1" 404 1086
120.253.135.82 - - [03/Oct/2023:11:32:49 +0800] "POST /xingrg/kc/pszx/mdps_order_operate.html HTTP/1.1" 200 37
114.95.241.104 - - [03/Oct/2023:11:32:49 +0800] "GET /xingrg/check_reg.html?_=1696303969067 HTTP/1.1" 302 -
114.95.241.104 - - [03/Oct/2023:11:32:49 +0800] "GET /xingrg/all/function/internal_message.html?_=1696303969070&CODE_STATE=getMsg HTTP/1.1" 302 -
58.40.7.146 - - [03/Oct/2023:11:32:51 +0800] "GET /xingrg/all/function/internal_message.html?_=1696303970398&CODE_STATE=getMsg HTTP/1.1" 200 27
124.78.69.58 - - [03/Oct/2023:11:32:52 +0800] "GET /xingrg/kc/buy/cgsh_order_operate.html?command=get_materiel&rest_code=00141&code=00102005052&supplier_code=00100460&order_time=2023-10-03 HTTP/1.1" 200 422
116.235.244.193 - - [03/Oct/2023:11:32:54 +0800] "POST /xingrg/services/DataTransmitService HTTP/1.1" 200 524
124.78.69.58 - - [03/Oct/2023:11:32:55 +0800] "GET /xingrg/all/function/internal_message.html?_=1696303396565&CODE_STATE=getMsg HTTP/1.1" 200 27
180.169.147.146 - - [03/Oct/2023:11:32:55 +0800] "GET /xingrg/javascript/auto/indicator.gif HTTP/1.1" 404 1066
101.228.187.155 - - [03/Oct/2023:11:32:56 +0800] "GET /xingrg/check_reg.html?_=1696303975946 HTTP/1.1" 200 22
101.228.187.155 - - [03/Oct/2023:11:32:56 +0800] "GET /xingrg/all/function/internal_message.html?_=1696303975949&CODE_STATE=getMsg HTTP/1.1" 200 27
120.253.135.82 - - [03/Oct/2023:11:32:57 +0800] "POST /xingrg/kc/pszx/mdps_order_operate.html HTTP/1.1" 200 12
116.235.244.193 - - [03/Oct/2023:11:32:58 +0800] "GET /xingrg/kc/buy/cgsh_order_operate.html?command=get_materiel&rest_code=00146&code=00101008353&supplier_code=00100635&order_time=2023-10-03 HTTP/1.1" 200 408
58.40.7.146 - - [03/Oct/2023:11:32:59 +0800] "GET /xingrg/all/report/report_query.html?isQuery=1&fileName=kc/base/crk_detail_by_small.xml&rh=99999&queryString=&queryText=%25E3%2580%2590%25E4%25BB%2593%25E5%25BA%2593%25E5%2590%258D%25E7%25A7%25B0%253A%25E9%25A3%259F%25E5%2593%2581%25E4%25BB%2593%25E5%25BA%2593%25E3%2580%2591%25E3%2580%2590%25E4%25B8%259A%25E5%258A%25A1%25E7%25B1%25BB%25E5%259E%258B%25EF%25BC%259A%25E9%2597%25A8%25E5%25BA%2597%25E9%2580%2580%25E8%25B4%25A7%25E3%2580%2591%2520%253F%253F%253F%253F%253F2023-09-01%253F%253F2023-09-30&tableQueryString=crk_table%2524sp1%2524order_day%2520between%252020230901%2520and%252020230930%2520and%2520(base_code%253D'0010001')%2520and%2520(src_order_type%2520in%2520(32))%2520and%2520(is_rk%2520in%2520(0)) HTTP/1.1" 200 53770
180.169.147.146 - - [03/Oct/2023:11:32:59 +0800] "GET /xingrg/kc/base/wldb_order_operate.html?command=get_materiel&rest_code=00147&base_code=0010270&code=00101016097 HTTP/1.1" 200 470
58.40.7.146 - - [03/Oct/2023:11:33:00 +0800] "GET /xingrg/dwr/interface/AjaxReportQueryService.js HTTP/1.1" 200 13203
58.40.7.146 - - [03/Oct/2023:11:33:00 +0800] "GET /xingrg/dwr/engine.js HTTP/1.1" 200 43631
58.40.7.146 - - [03/Oct/2023:11:33:02 +0800] "POST /xingrg/all/report/load_report_page.html HTTP/1.1" 200 13911
58.40.7.146 - - [03/Oct/2023:11:33:02 +0800] "GET /xingrg/servlets/image?cache=0.5785979712684863&image=px HTTP/1.1" 200 807
58.40.7.146 - - [03/Oct/2023:11:33:04 +0800] "POST /xingrg/all/report/load_report_page.html HTTP/1.1" 200 22871
58.40.7.146 - - [03/Oct/2023:11:33:04 +0800] "GET /xingrg/servlets/image?cache=0.4239313785615135&image=px HTTP/1.1" 200 807
116.230.110.33 - - [03/Oct/2023:11:33:04 +0800] "GET /xingrg/check_reg.html?_=1696303984991 HTTP/1.1" 302 -
116.230.110.33 - - [03/Oct/2023:11:33:04 +0800] "GET /xingrg/all/function/internal_message.html?_=1696303984992&CODE_STATE=getMsg HTTP/1.1" 302 -
120.253.135.82 - - [03/Oct/2023:11:33:05 +0800] "GET /xingrg/kc/pszx/mdps_order_info.html?code=312023100200051 HTTP/1.1" 200 19638
120.253.135.82 - - [03/Oct/2023:11:33:06 +0800] "GET /xingrg/javascript/easyui/themes/default/validatebox.css HTTP/1.1" 404 1104
120.253.135.82 - - [03/Oct/2023:11:33:06 +0800] "POST /xingrg/kc/pszx/mdps_order_operate.html HTTP/1.1" 200 1986
180.169.147.146 - - [03/Oct/2023:11:33:07 +0800] "POST /xingrg/all/common/load_select.html HTTP/1.1" 200 25
120.253.135.82 - - [03/Oct/2023:11:33:08 +0800] "POST /xingrg/kc/pszx/mdps_list_operate.html HTTP/1.1" 200 2807
180.169.147.146 - - [03/Oct/2023:11:33:08 +0800] "GET /xingrg/check_reg.html?_=1696303986385 HTTP/1.1" 200 22
180.169.147.146 - - [03/Oct/2023:11:33:08 +0800] "GET /xingrg/all/function/internal_message.html?_=1696303986386&CODE_STATE=getMsg HTTP/1.1" 200 27
180.169.147.146 - - [03/Oct/2023:11:33:09 +0800] "GET /xingrg/kc/base/wldb_order_operate.html?command=get_materiel_price&rest_code=00147&base_code=0010270&code=00101016097&unit_code=00100163 HTTP/1.1" 200 37
116.235.244.193 - - [03/Oct/2023:11:33:12 +0800] "GET /xingrg/kc/buy/cgsh_order_operate.html?command=get_materiel&rest_code=00146&code=00101008301&supplier_code=00100635&order_time=2023-10-03 HTTP/1.1" 200 422
120.253.135.82 - - [03/Oct/2023:11:33:13 +0800] "POST /xingrg/kc/pszx/mdps_list_operate.html HTTP/1.1" 200 546
120.253.135.82 - - [03/Oct/2023:11:33:15 +0800] "GET /xingrg/kc/pszx/mdps_order_info.html?code=312023100200067 HTTP/1.1" 200 23978
120.253.135.82 - - [03/Oct/2023:11:33:16 +0800] "GET /xingrg/javascript/easyui/themes/default/validatebox.css HTTP/1.1" 404 1104
120.253.135.82 - - [03/Oct/2023:11:33:16 +0800] "POST /xingrg/kc/pszx/mdps_order_operate.html HTTP/1.1" 200 4313
120.253.135.82 - - [03/Oct/2023:11:33:20 +0800] "POST /xingrg/kc/pszx/mdps_order_operate.html HTTP/1.1" 200 37
101.228.187.155 - - [03/Oct/2023:11:33:24 +0800] "GET /xingrg/kc/buy/cgsh_order_operate.html?command=get_materiel&rest_code=00142&code=00101008268&supplier_code=00100207&order_time=2023-10-02 HTTP/1.1" 200 408
180.169.147.146 - - [03/Oct/2023:11:33:24 +0800] "GET /xingrg/all/function/internal_message.html?_=1696304004466&CODE_STATE=getMsg HTTP/1.1" 302 -
101.83.145.37 - - [03/Oct/2023:11:33:25 +0800] "GET /xingrg/check_reg.html?_=1696303787316 HTTP/1.1" 200 22
101.83.145.37 - - [03/Oct/2023:11:33:25 +0800] "GET /xingrg/all/function/internal_message.html?_=1696303787319&CODE_STATE=getMsg HTTP/1.1" 200 27
120.253.135.82 - - [03/Oct/2023:11:33:26 +0800] "POST /xingrg/kc/pszx/mdps_order_operate.html HTTP/1.1" 200 12
180.169.147.146 - - [03/Oct/2023:11:33:26 +0800] "POST /xingrg/kc/base/wldb_order_operate.html HTTP/1.1" 200 37
116.235.244.193 - - [03/Oct/2023:11:33:26 +0800] "GET /xingrg/kc/buy/cgsh_order_operate.html?command=get_materiel&rest_code=00146&code=00101008134&supplier_code=00100635&order_time=2023-10-03 HTTP/1.1" 200 412
180.169.147.146 - - [03/Oct/2023:11:33:27 +0800] "POST /xingrg/kc/base/wldb_order_operate.html HTTP/1.1" 200 2214
180.169.147.146 - - [03/Oct/2023:11:33:27 +0800] "GET /xingrg/kc/base/wldb_order_info.html?code=422023100300253 HTTP/1.1" 200 30482
180.169.147.146 - - [03/Oct/2023:11:33:27 +0800] "GET /xingrg/javascript/easyui/themes/default/validatebox.css HTTP/1.1" 404 1104
180.169.147.146 - - [03/Oct/2023:11:33:28 +0800] "POST /xingrg/kc/base/wldb_order_operate.html HTTP/1.1" 200 2214
120.253.135.82 - - [03/Oct/2023:11:33:28 +0800] "GET /xingrg/kc/pszx/mdps_order_info.html?code=312023100200067 HTTP/1.1" 200 19638
120.253.135.82 - - [03/Oct/2023:11:33:28 +0800] "GET /xingrg/javascript/easyui/themes/default/validatebox.css HTTP/1.1" 404 1104
120.253.135.82 - - [03/Oct/2023:11:33:29 +0800] "POST /xingrg/kc/pszx/mdps_order_operate.html HTTP/1.1" 200 2513
116.235.244.193 - - [03/Oct/2023:11:33:30 +0800] "GET /xingrg/all/function/internal_message.html?_=1696304016456&CODE_STATE=getMsg HTTP/1.1" 200 27
120.253.135.82 - - [03/Oct/2023:11:33:30 +0800] "POST /xingrg/kc/pszx/mdps_list_operate.html HTTP/1.1" 200 2435
180.152.241.196 - - [03/Oct/2023:11:33:30 +0800] "GET /xingrg/check_reg.html?_=1696304010712 HTTP/1.1" 200 22
180.152.241.196 - - [03/Oct/2023:11:33:31 +0800] "GET /xingrg/all/function/internal_message.html?_=1696304010961&CODE_STATE=getMsg HTTP/1.1" 200 27
120.253.135.82 - - [03/Oct/2023:11:33:32 +0800] "POST /xingrg/kc/pszx/mdps_list_operate.html HTTP/1.1" 200 369
120.253.135.82 - - [03/Oct/2023:11:33:32 +0800] "GET /xingrg/all/function/internal_message.html?_=1696303814436&CODE_STATE=getMsg HTTP/1.1" 200 27
180.169.147.146 - - [03/Oct/2023:11:33:33 +0800] "GET /xingrg/kc/base/wldb_order_add.html HTTP/1.1" 200 30463
180.169.147.146 - - [03/Oct/2023:11:33:33 +0800] "POST /xingrg/kc/base/wldb_order_operate.html HTTP/1.1" 200 6806
180.169.147.146 - - [03/Oct/2023:11:33:33 +0800] "GET /xingrg/javascript/easyui/themes/default/validatebox.css HTTP/1.1" 404 1104
124.78.155.92 - - [03/Oct/2023:11:33:34 +0800] "GET /xingrg/all/function/internal_message.html?_=1696304017952&CODE_STATE=getMsg HTTP/1.1" 302 -
180.169.147.146 - - [03/Oct/2023:11:33:34 +0800] "POST /xingrg/all/common/load_combo.html?type=base HTTP/1.1" 200 3230
120.253.135.82 - - [03/Oct/2023:11:33:36 +0800] "GET /xingrg/kc/pszx/mdps_order_info.html?code=312023100200053 HTTP/1.1" 200 23978
120.253.135.82 - - [03/Oct/2023:11:33:36 +0800] "GET /xingrg/javascript/easyui/themes/default/validatebox.css HTTP/1.1" 404 1104
120.253.135.82 - - [03/Oct/2023:11:33:37 +0800] "POST /xingrg/kc/pszx/mdps_order_operate.html HTTP/1.1" 200 3303
101.83.145.37 - - [03/Oct/2023:11:33:37 +0800] "GET /xingrg/all/function/internal_message.html?_=1696304018575&CODE_STATE=getMsg HTTP/1.1" 302 -
180.169.147.146 - - [03/Oct/2023:11:33:38 +0800] "POST /xingrg/all/common/load_combo.html?type=base HTTP/1.1" 200 3230
222.70.180.200 - - [03/Oct/2023:11:33:38 +0800] "GET /xingrg/all/function/internal_message.html?_=1696304019832&CODE_STATE=getMsg HTTP/1.1" 302 -
124.79.244.25 - - [03/Oct/2023:11:33:39 +0800] "GET /xingrg/all/function/internal_message.html?_=1696304319587&CODE_STATE=getMsg HTTP/1.1" 302 -
116.235.244.193 - - [03/Oct/2023:11:33:39 +0800] "GET /xingrg/kc/buy/cgsh_order_operate.html?command=get_materiel&rest_code=00146&code=00101008437&supplier_code=00100635&order_time=2023-10-03 HTTP/1.1" 200 410
124.78.155.92 - - [03/Oct/2023:11:33:42 +0800] "GET /xingrg/all/function/internal_message.html?_=1696304015703&CODE_STATE=getMsg HTTP/1.1" 200 27
180.163.29.217 - - [03/Oct/2023:11:33:42 +0800] "GET /xingrg/all/function/internal_message.html?_=1696303955696&CODE_STATE=getMsg HTTP/1.1" 302 -
180.163.29.103 - - [03/Oct/2023:11:33:42 +0800] "GET /xingrg/check_reg.html?_=1696303955701 HTTP/1.1" 302 -
180.163.29.217 - - [03/Oct/2023:11:33:42 +0800] "GET /xingrg/login.html HTTP/1.1" 200 7641
116.235.244.193 - - [03/Oct/2023:11:33:42 +0800] "POST /xingrg/kc/buy/cgsh_order_operate.html HTTP/1.1" 200 2065
180.163.29.103 - - [03/Oct/2023:11:33:42 +0800] "GET /xingrg/login.html HTTP/1.1" 200 7641
180.165.48.189 - - [03/Oct/2023:11:33:43 +0800] "GET /xingrg/all/function/internal_message.html?_=1696304021921&CODE_STATE=getMsg HTTP/1.1" 302 -
114.95.241.104 - - [03/Oct/2023:11:33:49 +0800] "GET /xingrg/all/function/internal_message.html?_=1696304029071&CODE_STATE=getMsg HTTP/1.1" 302 -
116.235.244.193 - - [03/Oct/2023:11:33:50 +0800] "GET /xingrg/kc/buy/cgsh_order_operate.html?command=get_materiel&rest_code=00146&code=00101008010&supplier_code=00100635&order_time=2023-10-03 HTTP/1.1" 200 412
58.40.7.146 - - [03/Oct/2023:11:33:51 +0800] "GET /xingrg/all/function/internal_message.html?_=1696304030418&CODE_STATE=getMsg HTTP/1.1" 200 27
124.78.69.58 - - [03/Oct/2023:11:33:53 +0800] "GET /xingrg/kc/buy/cgsh_order_operate.html?command=get_materiel&rest_code=00141&code=00102035251&supplier_code=00100460&order_time=2023-10-03 HTTP/1.1" 200 410
124.78.69.58 - - [03/Oct/2023:11:33:55 +0800] "GET /xingrg/check_reg.html?_=1696303456565 HTTP/1.1" 200 22
124.78.69.58 - - [03/Oct/2023:11:33:55 +0800] "GET /xingrg/all/function/internal_message.html?_=1696303456566&CODE_STATE=getMsg HTTP/1.1" 200 27
101.228.187.155 - - [03/Oct/2023:11:33:56 +0800] "GET /xingrg/all/function/internal_message.html?_=1696304035951&CODE_STATE=getMsg HTTP/1.1" 200 27
120.253.135.82 - - [03/Oct/2023:11:33:57 +0800] "POST /xingrg/kc/pszx/mdps_order_operate.html HTTP/1.1" 200 37
180.169.147.146 - - [03/Oct/2023:11:34:01 +0800] "GET /xingrg/kc/base/wldb_order_operate.html?command=get_materiel&rest_code=00147&base_code=0010359&code=00101006055 HTTP/1.1" 200 432
120.253.135.82 - - [03/Oct/2023:11:34:02 +0800] "POST /xingrg/kc/pszx/mdps_order_operate.html HTTP/1.1" 200 12
120.253.135.82 - - [03/Oct/2023:11:34:04 +0800] "GET /xingrg/kc/pszx/mdps_order_info.html?code=312023100200053 HTTP/1.1" 200 19638
116.230.110.33 - - [03/Oct/2023:11:34:04 +0800] "GET /xingrg/all/function/internal_message.html?_=1696304044987&CODE_STATE=getMsg HTTP/1.1" 302 -
120.253.135.82 - - [03/Oct/2023:11:34:04 +0800] "GET /xingrg/javascript/easyui/themes/default/validatebox.css HTTP/1.1" 404 1104
120.253.135.82 - - [03/Oct/2023:11:34:05 +0800] "POST /xingrg/kc/pszx/mdps_order_operate.html HTTP/1.1" 200 1516
120.253.135.82 - - [03/Oct/2023:11:34:06 +0800] "POST /xingrg/kc/pszx/mdps_list_operate.html HTTP/1.1" 200 2061
116.235.244.193 - - [03/Oct/2023:11:34:06 +0800] "POST /xingrg/services/DataTransmitService HTTP/1.1" 200 501
120.253.135.82 - - [03/Oct/2023:11:34:07 +0800] "POST /xingrg/kc/pszx/mdps_list_operate.html HTTP/1.1" 200 204
180.169.147.146 - - [03/Oct/2023:11:34:08 +0800] "GET /xingrg/all/function/internal_message.html?_=1696304046394&CODE_STATE=getMsg HTTP/1.1" 200 27
120.253.135.82 - - [03/Oct/2023:11:34:08 +0800] "POST /xingrg/kc/pszx/mdps_list_operate.html HTTP/1.1" 200 211
180.169.147.146 - - [03/Oct/2023:11:34:11 +0800] "POST /xingrg/kc/base/wldb_order_operate.html HTTP/1.1" 200 37
180.169.147.146 - - [03/Oct/2023:11:34:11 +0800] "POST /xingrg/kc/base/wldb_order_operate.html HTTP/1.1" 200 2183
180.169.147.146 - - [03/Oct/2023:11:34:11 +0800] "GET /xingrg/kc/base/wldb_order_info.html?code=422023100300254 HTTP/1.1" 200 30477
180.169.147.146 - - [03/Oct/2023:11:34:12 +0800] "GET /xingrg/javascript/easyui/themes/default/validatebox.css HTTP/1.1" 404 1104
180.169.147.146 - - [03/Oct/2023:11:34:12 +0800] "POST /xingrg/kc/base/wldb_order_operate.html HTTP/1.1" 200 2183
116.235.244.193 - - [03/Oct/2023:11:34:17 +0800] "GET /xingrg/kc/buy/cgsh_order_operate.html?command=get_materiel&rest_code=00146&code=00101008421&supplier_code=00100635&order_time=2023-10-03 HTTP/1.1" 200 409
180.169.147.146 - - [03/Oct/2023:11:34:19 +0800] "POST /xingrg/kc/base/wldb_list_operate.html HTTP/1.1" 200 2187
180.169.147.146 - - [03/Oct/2023:11:34:19 +0800] "POST /xingrg/kc/base/wldb_list_operate.html HTTP/1.1" 200 2187
101.228.187.155 - - [03/Oct/2023:11:34:24 +0800] "GET /xingrg/kc/buy/cgsh_order_operate.html?command=get_materiel&rest_code=00142&code=00101010161&supplier_code=00100207&order_time=2023-10-02 HTTP/1.1" 200 409
180.169.147.146 - - [03/Oct/2023:11:34:24 +0800] "GET /xingrg/all/function/internal_message.html?_=1696304064462&CODE_STATE=getMsg HTTP/1.1" 302 -
101.83.145.37 - - [03/Oct/2023:11:34:25 +0800] "GET /xingrg/all/function/internal_message.html?_=1696303847319&CODE_STATE=getMsg HTTP/1.1" 200 27
124.78.69.58 - - [03/Oct/2023:11:34:27 +0800] "GET /xingrg/kc/buy/cgsh_order_operate.html?command=get_materiel&rest_code=00141&code=00102016774&supplier_code=00100460&order_time=2023-10-03 HTTP/1.1" 200 415
116.235.244.193 - - [03/Oct/2023:11:34:30 +0800] "GET /xingrg/all/function/internal_message.html?_=1696304076470&CODE_STATE=getMsg HTTP/1.1" 200 27
180.152.241.196 - - [03/Oct/2023:11:34:30 +0800] "GET /xingrg/all/function/internal_message.html?_=1696304070935&CODE_STATE=getMsg HTTP/1.1" 200 27
116.235.244.193 - - [03/Oct/2023:11:34:31 +0800] "GET /xingrg/kc/buy/cgsh_order_operate.html?command=get_materiel&rest_code=00146&code=00101008223&supplier_code=00100635&order_time=2023-10-03 HTTP/1.1" 200 412
120.253.135.82 - - [03/Oct/2023:11:34:32 +0800] "GET /xingrg/all/function/internal_message.html?_=1696303874450&CODE_STATE=getMsg HTTP/1.1" 200 27
101.228.187.155 - - [03/Oct/2023:11:34:34 +0800] "POST /xingrg/kc/buy/cgsh_order_operate.html HTTP/1.1" 200 2065
124.78.155.92 - - [03/Oct/2023:11:34:34 +0800] "GET /xingrg/all/function/internal_message.html?_=1696304077955&CODE_STATE=getMsg HTTP/1.1" 302 -
124.78.155.92 - - [03/Oct/2023:11:34:34 +0800] "GET /xingrg/check_reg.html?_=1696304077958 HTTP/1.1" 302 -
101.83.145.37 - - [03/Oct/2023:11:34:37 +0800] "GET /xingrg/all/function/internal_message.html?_=1696304078575&CODE_STATE=getMsg HTTP/1.1" 302 -
222.70.180.200 - - [03/Oct/2023:11:34:38 +0800] "GET /xingrg/all/function/internal_message.html?_=1696304079829&CODE_STATE=getMsg HTTP/1.1" 302 -
124.79.244.25 - - [03/Oct/2023:11:34:39 +0800] "GET /xingrg/all/function/internal_message.html?_=1696304379585&CODE_STATE=getMsg HTTP/1.1" 302 -
101.228.187.155 - - [03/Oct/2023:11:34:40 +0800] "GET /xingrg/kc/buy/cgsh_order_operate.html?command=get_materiel&rest_code=00142&code=00101003002&supplier_code=00100207&order_time=2023-10-02 HTTP/1.1" 200 411
124.78.155.92 - - [03/Oct/2023:11:34:42 +0800] "GET /xingrg/all/function/internal_message.html?_=1696304075692&CODE_STATE=getMsg HTTP/1.1" 200 27
180.163.29.206 - - [03/Oct/2023:11:34:42 +0800] "GET /xingrg/all/function/internal_message.html?_=1696304015703&CODE_STATE=getMsg HTTP/1.1" 302 -
180.163.29.206 - - [03/Oct/2023:11:34:42 +0800] "GET /xingrg/login.html HTTP/1.1" 200 7641
180.165.48.189 - - [03/Oct/2023:11:34:43 +0800] "GET /xingrg/all/function/internal_message.html?_=1696304081909&CODE_STATE=getMsg HTTP/1.1" 302 -
116.235.244.193 - - [03/Oct/2023:11:34:47 +0800] "GET /xingrg/kc/buy/cgsh_order_operate.html?command=get_materiel&rest_code=00146&code=00101013114&supplier_code=00100635&order_time=2023-10-03 HTTP/1.1" 200 409
180.157.248.250 - - [03/Oct/2023:11:34:47 +0800] "GET /xingrg/check_reg.html?_=1696304087032 HTTP/1.1" 302 -
120.253.135.82 - - [03/Oct/2023:11:34:48 +0800] "POST /xingrg/kc/pszx/mdps_list_operate.html HTTP/1.1" 200 4291
114.95.241.104 - - [03/Oct/2023:11:34:49 +0800] "GET /xingrg/all/function/internal_message.html?_=1696304089100&CODE_STATE=getMsg HTTP/1.1" 302 -
58.40.7.146 - - [03/Oct/2023:11:34:54 +0800] "GET /xingrg/all/function/internal_message.html?_=1696304092664&CODE_STATE=getMsg HTTP/1.1" 200 27
124.78.69.58 - - [03/Oct/2023:11:34:55 +0800] "GET /xingrg/all/function/internal_message.html?_=1696303516589&CODE_STATE=getMsg HTTP/1.1" 200 27
120.253.135.82 - - [03/Oct/2023:11:34:55 +0800] "POST /xingrg/kc/pszx/mdps_list_operate.html HTTP/1.1" 200 353
101.228.187.155 - - [03/Oct/2023:11:34:56 +0800] "GET /xingrg/all/function/internal_message.html?_=1696304095952&CODE_STATE=getMsg HTTP/1.1" 200 27
120.253.135.82 - - [03/Oct/2023:11:34:56 +0800] "GET /xingrg/kc/pszx/mdps_order_info.html?code=312023100200063 HTTP/1.1" 200 23978
120.253.135.82 - - [03/Oct/2023:11:34:57 +0800] "GET /xingrg/javascript/easyui/themes/default/validatebox.css HTTP/1.1" 404 1104
120.253.135.82 - - [03/Oct/2023:11:34:57 +0800] "POST /xingrg/kc/pszx/mdps_order_operate.html HTTP/1.1" 200 3248
116.235.244.193 - - [03/Oct/2023:11:35:01 +0800] "GET /xingrg/kc/buy/cgsh_order_operate.html?command=get_materiel&rest_code=00146&code=00101008095&supplier_code=00100635&order_time=2023-10-03 HTTP/1.1" 200 412
116.235.244.193 - - [03/Oct/2023:11:35:04 +0800] "POST /xingrg/kc/buy/cgsh_order_operate.html HTTP/1.1" 200 2065
116.230.110.33 - - [03/Oct/2023:11:35:04 +0800] "GET /xingrg/all/function/internal_message.html?_=1696304104979&CODE_STATE=getMsg HTTP/1.1" 302 -
101.228.187.155 - - [03/Oct/2023:11:35:06 +0800] "POST /xingrg/kc/buy/cgsh_order_operate.html HTTP/1.1" 200 37
180.169.147.146 - - [03/Oct/2023:11:35:07 +0800] "POST /xingrg/kc/base/wldb_list_operate.html HTTP/1.1" 200 199
180.169.147.146 - - [03/Oct/2023:11:35:08 +0800] "GET /xingrg/all/function/internal_message.html?_=1696304106390&CODE_STATE=getMsg HTTP/1.1" 200 27
101.228.187.155 - - [03/Oct/2023:11:35:08 +0800] "POST /xingrg/kc/buy/cgsh_order_operate.html HTTP/1.1" 200 6796
180.169.147.146 - - [03/Oct/2023:11:35:09 +0800] "POST /xingrg/kc/base/wldb_list_operate.html HTTP/1.1" 200 214
124.78.69.58 - - [03/Oct/2023:11:35:15 +0800] "GET /xingrg/kc/buy/cgsh_order_operate.html?command=get_materiel&rest_code=00141&code=00102005452&supplier_code=00100460&order_time=2023-10-03 HTTP/1.1" 200 412
116.235.244.193 - - [03/Oct/2023:11:35:15 +0800] "GET /xingrg/kc/buy/cgsh_order_operate.html?command=get_materiel&rest_code=00146&code=00101008110&supplier_code=00100635&order_time=2023-10-03 HTTP/1.1" 200 408
120.253.135.82 - - [03/Oct/2023:11:35:16 +0800] "POST /xingrg/kc/pszx/mdps_list_operate.html HTTP/1.1" 200 4291
120.253.135.82 - - [03/Oct/2023:11:35:19 +0800] "POST /xingrg/kc/pszx/mdps_list_operate.html HTTP/1.1" 200 536
120.253.135.82 - - [03/Oct/2023:11:35:20 +0800] "GET /xingrg/kc/pszx/mdps_order_info.html?code=312023100200064 HTTP/1.1" 200 23978
120.253.135.82 - - [03/Oct/2023:11:35:21 +0800] "GET /xingrg/javascript/easyui/themes/default/validatebox.css HTTP/1.1" 404 1104
120.253.135.82 - - [03/Oct/2023:11:35:21 +0800] "POST /xingrg/kc/pszx/mdps_order_operate.html HTTP/1.1" 200 4306
180.169.147.146 - - [03/Oct/2023:11:35:24 +0800] "GET /xingrg/all/function/internal_message.html?_=1696304124498&CODE_STATE=getMsg HTTP/1.1" 302 -
101.83.145.37 - - [03/Oct/2023:11:35:25 +0800] "GET /xingrg/all/function/internal_message.html?_=1696303907319&CODE_STATE=getMsg HTTP/1.1" 200 27
180.169.147.146 - - [03/Oct/2023:11:35:27 +0800] "GET /xingrg/kc/base/check_order_list.html HTTP/1.1" 200 16299
116.235.244.193 - - [03/Oct/2023:11:35:27 +0800] "GET /xingrg/kc/buy/cgsh_order_operate.html?command=get_materiel&rest_code=00146&code=00101008563&supplier_code=00100635&order_time=2023-10-03 HTTP/1.1" 200 413
180.169.147.146 - - [03/Oct/2023:11:35:27 +0800] "POST /xingrg/kc/base/check_list_operate.html HTTP/1.1" 200 4266
120.253.135.82 - - [03/Oct/2023:11:35:27 +0800] "POST /xingrg/kc/pszx/mdps_order_operate.html HTTP/1.1" 200 37
180.169.147.146 - - [03/Oct/2023:11:35:29 +0800] "GET /xingrg/kc/base/check_order_info.html?code=452023093000566 HTTP/1.1" 200 26402
180.169.147.146 - - [03/Oct/2023:11:35:29 +0800] "GET /xingrg/dwr/interface/AjaxCheckService.js HTTP/1.1" 200 14003
180.169.147.146 - - [03/Oct/2023:11:35:29 +0800] "GET /xingrg/dwr/interface/AjaxComOrderService.js HTTP/1.1" 200 18264
180.169.147.146 - - [03/Oct/2023:11:35:29 +0800] "GET /xingrg/dwr/engine.js HTTP/1.1" 200 43631
180.169.147.146 - - [03/Oct/2023:11:35:30 +0800] "POST /xingrg/dwr/call/plaincall/AjaxCheckService.loadOrderItems.dwr HTTP/1.1" 200 211752
116.235.244.193 - - [03/Oct/2023:11:35:30 +0800] "GET /xingrg/all/function/internal_message.html?_=1696304136483&CODE_STATE=getMsg HTTP/1.1" 200 27
180.152.241.196 - - [03/Oct/2023:11:35:30 +0800] "GET /xingrg/all/function/internal_message.html?_=1696304130917&CODE_STATE=getMsg HTTP/1.1" 200 27
120.253.135.82 - - [03/Oct/2023:11:35:32 +0800] "POST /xingrg/kc/pszx/mdps_order_operate.html HTTP/1.1" 200 12
120.253.135.82 - - [03/Oct/2023:11:35:32 +0800] "GET /xingrg/all/function/internal_message.html?_=1696303934463&CODE_STATE=getMsg HTTP/1.1" 200 27
124.78.155.92 - - [03/Oct/2023:11:35:34 +0800] "GET /xingrg/all/function/internal_message.html?_=1696304137948&CODE_STATE=getMsg HTTP/1.1" 302 -
120.253.135.82 - - [03/Oct/2023:11:35:34 +0800] "GET /xingrg/kc/pszx/mdps_order_info.html?code=312023100200064 HTTP/1.1" 200 19638
120.253.135.82 - - [03/Oct/2023:11:35:35 +0800] "GET /xingrg/javascript/easyui/themes/default/validatebox.css HTTP/1.1" 404 1104
120.253.135.82 - - [03/Oct/2023:11:35:35 +0800] "POST /xingrg/kc/pszx/mdps_order_operate.html HTTP/1.1" 200 2511
120.253.135.82 - - [03/Oct/2023:11:35:37 +0800] "POST /xingrg/kc/pszx/mdps_list_operate.html HTTP/1.1" 200 3919
101.83.145.37 - - [03/Oct/2023:11:35:37 +0800] "GET /xingrg/check_reg.html?_=1696304138563 HTTP/1.1" 302 -
101.83.145.37 - - [03/Oct/2023:11:35:37 +0800] "GET /xingrg/all/function/internal_message.html?_=1696304138567&CODE_STATE=getMsg HTTP/1.1" 302 -
222.70.180.200 - - [03/Oct/2023:11:35:38 +0800] "GET /xingrg/all/function/internal_message.html?_=1696304139829&CODE_STATE=getMsg HTTP/1.1" 302 -
116.235.244.193 - - [03/Oct/2023:11:35:38 +0800] "GET /xingrg/kc/buy/cgsh_order_operate.html?command=get_materiel&rest_code=00146&code=00101008061&supplier_code=00100635&order_time=2023-10-03 HTTP/1.1" 200 422
124.79.244.25 - - [03/Oct/2023:11:35:39 +0800] "GET /xingrg/all/function/internal_message.html?_=1696304439583&CODE_STATE=getMsg HTTP/1.1" 302 -
124.78.155.92 - - [03/Oct/2023:11:35:42 +0800] "GET /xingrg/all/function/internal_message.html?_=1696304135693&CODE_STATE=getMsg HTTP/1.1" 200 27
180.165.48.189 - - [03/Oct/2023:11:35:43 +0800] "GET /xingrg/all/function/internal_message.html?_=1696304141917&CODE_STATE=getMsg HTTP/1.1" 302 -
180.165.48.189 - - [03/Oct/2023:11:35:43 +0800] "GET /xingrg/check_reg.html?_=1696304141918 HTTP/1.1" 302 -
124.78.69.58 - - [03/Oct/2023:11:35:48 +0800] "GET /xingrg/kc/buy/cgsh_order_operate.html?command=get_materiel&rest_code=00141&code=00102005781&supplier_code=00100460&order_time=2023-10-03 HTTP/1.1" 200 416
114.95.241.104 - - [03/Oct/2023:11:35:49 +0800] "GET /xingrg/all/function/internal_message.html?_=1696304149100&CODE_STATE=getMsg HTTP/1.1" 302 -
180.169.147.146 - - [03/Oct/2023:11:35:49 +0800] "GET /xingrg/kc/base/wldb_order_list.html HTTP/1.1" 200 19180
116.235.244.193 - - [03/Oct/2023:11:35:50 +0800] "GET /xingrg/kc/buy/cgsh_order_operate.html?command=get_materiel&rest_code=00146&code=00101008619&supplier_code=00100635&order_time=2023-10-03 HTTP/1.1" 200 419
180.169.147.146 - - [03/Oct/2023:11:35:51 +0800] "POST /xingrg/kc/base/wldb_list_operate.html HTTP/1.1" 200 2187
120.253.135.82 - - [03/Oct/2023:11:35:51 +0800] "POST /xingrg/kc/pszx/mdps_list_operate.html HTTP/1.1" 200 361
120.253.135.82 - - [03/Oct/2023:11:35:52 +0800] "GET /xingrg/kc/pszx/mdps_order_info.html?code=312023100200062 HTTP/1.1" 200 23978
120.253.135.82 - - [03/Oct/2023:11:35:52 +0800] "GET /xingrg/javascript/easyui/themes/default/validatebox.css HTTP/1.1" 404 1104
120.253.135.82 - - [03/Oct/2023:11:35:53 +0800] "POST /xingrg/kc/pszx/mdps_order_operate.html HTTP/1.1" 200 3282
58.40.7.146 - - [03/Oct/2023:11:35:54 +0800] "GET /xingrg/all/function/internal_message.html?_=1696304152668&CODE_STATE=getMsg HTTP/1.1" 200 27
124.78.69.58 - - [03/Oct/2023:11:35:55 +0800] "GET /xingrg/all/function/internal_message.html?_=1696303576585&CODE_STATE=getMsg HTTP/1.1" 200 27
101.228.187.155 - - [03/Oct/2023:11:35:56 +0800] "GET /xingrg/all/function/internal_message.html?_=1696304155940&CODE_STATE=getMsg HTTP/1.1" 200 27
120.253.135.82 - - [03/Oct/2023:11:35:57 +0800] "POST /xingrg/kc/pszx/mdps_order_operate.html HTTP/1.1" 200 37
116.235.244.193 - - [03/Oct/2023:11:36:04 +0800] "GET /xingrg/kc/buy/cgsh_order_operate.html?command=get_materiel&rest_code=00146&code=00101008350&supplier_code=00100635&order_time=2023-10-03 HTTP/1.1" 200 408
116.230.110.33 - - [03/Oct/2023:11:36:04 +0800] "GET /xingrg/all/function/internal_message.html?_=1696304164985&CODE_STATE=getMsg HTTP/1.1" 302 -
120.253.135.82 - - [03/Oct/2023:11:36:05 +0800] "POST /xingrg/kc/pszx/mdps_order_operate.html HTTP/1.1" 200 12
116.235.244.193 - - [03/Oct/2023:11:36:07 +0800] "POST /xingrg/kc/buy/cgsh_order_operate.html HTTP/1.1" 200 2065
120.253.135.82 - - [03/Oct/2023:11:36:08 +0800] "GET /xingrg/kc/pszx/mdps_order_info.html?code=312023100200062 HTTP/1.1" 200 19638
101.228.187.155 - - [03/Oct/2023:11:36:08 +0800] "POST /xingrg/kc/buy/cgsh_list_operate.html HTTP/1.1" 200 2738
120.253.135.82 - - [03/Oct/2023:11:36:08 +0800] "GET /xingrg/javascript/easyui/themes/default/validatebox.css HTTP/1.1" 404 1104
120.253.135.82 - - [03/Oct/2023:11:36:09 +0800] "POST /xingrg/kc/pszx/mdps_order_operate.html HTTP/1.1" 200 1495
120.253.135.82 - - [03/Oct/2023:11:36:10 +0800] "POST /xingrg/kc/pszx/mdps_list_operate.html HTTP/1.1" 200 3548
180.169.147.146 - - [03/Oct/2023:11:36:11 +0800] "POST /xingrg/kc/base/wldb_list_operate.html HTTP/1.1" 200 4
120.253.135.82 - - [03/Oct/2023:11:36:12 +0800] "POST /xingrg/kc/pszx/mdps_list_operate.html HTTP/1.1" 200 208
120.253.135.82 - - [03/Oct/2023:11:36:13 +0800] "GET /xingrg/kc/pszx/mdps_order_info.html?code=312023093000740 HTTP/1.1" 200 23978
120.253.135.82 - - [03/Oct/2023:11:36:13 +0800] "GET /xingrg/javascript/easyui/themes/default/validatebox.css HTTP/1.1" 404 1104
120.253.135.82 - - [03/Oct/2023:11:36:13 +0800] "POST /xingrg/kc/pszx/mdps_order_operate.html HTTP/1.1" 200 2280
116.235.244.193 - - [03/Oct/2023:11:36:17 +0800] "GET /xingrg/kc/buy/cgsh_order_operate.html?command=get_materiel&rest_code=00146&code=00101008361&supplier_code=00100635&order_time=2023-10-03 HTTP/1.1" 200 408
101.228.187.155 - - [03/Oct/2023:11:36:17 +0800] "POST /xingrg/kc/buy/cgsh_list_operate.html HTTP/1.1" 200 570
120.253.135.82 - - [03/Oct/2023:11:36:18 +0800] "POST /xingrg/kc/pszx/mdps_order_operate.html HTTP/1.1" 200 37
101.228.187.155 - - [03/Oct/2023:11:36:19 +0800] "GET /xingrg/kc/buy/cgsh_order_info.html?code=212023100100345 HTTP/1.1" 200 71656
101.228.187.155 - - [03/Oct/2023:11:36:19 +0800] "GET /xingrg/javascript/easyui/themes/default/validatebox.css HTTP/1.1" 404 1104
101.228.187.155 - - [03/Oct/2023:11:36:20 +0800] "POST /xingrg/kc/buy/cgsh_order_operate.html HTTP/1.1" 200 6796
120.253.135.82 - - [03/Oct/2023:11:36:23 +0800] "POST /xingrg/kc/pszx/mdps_order_operate.html HTTP/1.1" 200 12
180.169.147.146 - - [03/Oct/2023:11:36:24 +0800] "GET /xingrg/all/function/internal_message.html?_=1696304184493&CODE_STATE=getMsg HTTP/1.1" 302 -
180.169.147.146 - - [03/Oct/2023:11:36:24 +0800] "GET /xingrg/check_reg.html?_=1696304184496 HTTP/1.1" 302 -
120.253.135.82 - - [03/Oct/2023:11:36:25 +0800] "GET /xingrg/kc/pszx/mdps_order_info.html?code=312023093000740 HTTP/1.1" 200 19638
101.83.145.37 - - [03/Oct/2023:11:36:25 +0800] "GET /xingrg/all/function/internal_message.html?_=1696303967306&CODE_STATE=getMsg HTTP/1.1" 200 27
120.253.135.82 - - [03/Oct/2023:11:36:25 +0800] "GET /xingrg/javascript/easyui/themes/default/validatebox.css HTTP/1.1" 404 1104
120.253.135.82 - - [03/Oct/2023:11:36:26 +0800] "POST /xingrg/kc/pszx/mdps_order_operate.html HTTP/1.1" 200 501
116.235.244.193 - - [03/Oct/2023:11:36:27 +0800] "GET /xingrg/kc/buy/cgsh_order_operate.html?command=get_materiel&rest_code=00146&code=00101008114&supplier_code=00100635&order_time=2023-10-03 HTTP/1.1" 200 412
120.253.135.82 - - [03/Oct/2023:11:36:29 +0800] "POST /xingrg/kc/pszx/mdps_list_operate.html HTTP/1.1" 200 3177
116.235.244.193 - - [03/Oct/2023:11:36:30 +0800] "GET /xingrg/check_reg.html?_=1696304196373 HTTP/1.1" 200 22
116.235.244.193 - - [03/Oct/2023:11:36:30 +0800] "GET /xingrg/all/function/internal_message.html?_=1696304196606&CODE_STATE=getMsg HTTP/1.1" 200 27
180.152.241.196 - - [03/Oct/2023:11:36:30 +0800] "GET /xingrg/all/function/internal_message.html?_=1696304190893&CODE_STATE=getMsg HTTP/1.1" 200 27
120.253.135.82 - - [03/Oct/2023:11:36:32 +0800] "POST /xingrg/kc/pszx/mdps_list_operate.html HTTP/1.1" 200 671
120.253.135.82 - - [03/Oct/2023:11:36:32 +0800] "GET /xingrg/check_reg.html?_=1696303994443 HTTP/1.1" 200 22
101.228.187.155 - - [03/Oct/2023:11:36:32 +0800] "GET /xingrg/kc/buy/cgsh_order_operate.html?command=get_materiel&rest_code=00142&code=00101010136&supplier_code=00100207&order_time=2023-10-03 HTTP/1.1" 200 408
120.253.135.82 - - [03/Oct/2023:11:36:32 +0800] "GET /xingrg/all/function/internal_message.html?_=1696303994477&CODE_STATE=getMsg HTTP/1.1" 200 27
120.253.135.82 - - [03/Oct/2023:11:36:33 +0800] "GET /xingrg/kc/pszx/mdps_order_info.html?code=312023100200061 HTTP/1.1" 200 23978
120.253.135.82 - - [03/Oct/2023:11:36:33 +0800] "GET /xingrg/javascript/easyui/themes/default/validatebox.css HTTP/1.1" 404 1104
120.253.135.82 - - [03/Oct/2023:11:36:34 +0800] "POST /xingrg/kc/pszx/mdps_order_operate.html HTTP/1.1" 200 15796
124.78.155.92 - - [03/Oct/2023:11:36:34 +0800] "GET /xingrg/all/function/internal_message.html?_=1696304197949&CODE_STATE=getMsg HTTP/1.1" 302 -
101.83.145.37 - - [03/Oct/2023:11:36:37 +0800] "GET /xingrg/all/function/internal_message.html?_=1696304198568&CODE_STATE=getMsg HTTP/1.1" 302 -
222.70.180.200 - - [03/Oct/2023:11:36:38 +0800] "GET /xingrg/all/function/internal_message.html?_=1696304199824&CODE_STATE=getMsg HTTP/1.1" 302 -
222.70.180.200 - - [03/Oct/2023:11:36:38 +0800] "GET /xingrg/check_reg.html?_=1696304199826 HTTP/1.1" 302 -
116.235.244.193 - - [03/Oct/2023:11:36:39 +0800] "GET /xingrg/kc/buy/cgsh_order_operate.html?command=get_materiel&rest_code=00146&code=00101009011&supplier_code=00100635&order_time=2023-10-03 HTTP/1.1" 200 416
124.79.244.25 - - [03/Oct/2023:11:36:39 +0800] "GET /xingrg/check_reg.html?_=1696304499583 HTTP/1.1" 302 -
124.79.244.25 - - [03/Oct/2023:11:36:39 +0800] "GET /xingrg/all/function/internal_message.html?_=1696304499582&CODE_STATE=getMsg HTTP/1.1" 302 -
124.78.155.92 - - [03/Oct/2023:11:36:42 +0800] "GET /xingrg/all/function/internal_message.html?_=1696304195695&CODE_STATE=getMsg HTTP/1.1" 200 27
180.163.28.180 - - [03/Oct/2023:11:36:42 +0800] "GET /xingrg/all/function/internal_message.html?_=1696304135693&CODE_STATE=getMsg HTTP/1.1" 302 -
180.163.28.180 - - [03/Oct/2023:11:36:42 +0800] "GET /xingrg/login.html HTTP/1.1" 200 7641
180.165.48.189 - - [03/Oct/2023:11:36:43 +0800] "GET /xingrg/all/function/internal_message.html?_=1696304201905&CODE_STATE=getMsg HTTP/1.1" 302 -
180.169.147.146 - - [03/Oct/2023:11:36:43 +0800] "GET /xingrg/login.html HTTP/1.1" 200 7641
180.169.147.146 - - [03/Oct/2023:11:36:43 +0800] "GET /favicon.ico HTTP/1.1" 404 -
120.253.135.82 - - [03/Oct/2023:11:36:45 +0800] "POST /xingrg/kc/pszx/mdps_order_operate.html HTTP/1.1" 200 37
101.228.187.155 - - [03/Oct/2023:11:36:47 +0800] "GET /xingrg/kc/buy/cgsh_order_operate.html?command=get_materiel&rest_code=00142&code=00102002167&supplier_code=00100207&order_time=2023-10-03 HTTP/1.1" 200 409
180.169.147.146 - - [03/Oct/2023:11:36:47 +0800] "POST /xingrg/login.do HTTP/1.1" 302 -
180.169.147.146 - - [03/Oct/2023:11:36:47 +0800] "GET /xingrg/index.html?sysBaseUrl=http%3A%2F%2F180.169.147.146%3A18081%2Fxingrg%2F&costTime=2358×tamp=1696304207648 HTTP/1.1" 200 17179
180.169.147.146 - - [03/Oct/2023:11:36:47 +0800] "GET /favicon.ico HTTP/1.1" 404 -
180.169.147.146 - - [03/Oct/2023:11:36:48 +0800] "GET /xingrg/all/function/internal_message.html?_=1696304205953&CODE_STATE=count HTTP/1.1" 200 11
180.169.147.146 - - [03/Oct/2023:11:36:48 +0800] "GET /xingrg/check_reg.html?_=1696304205954 HTTP/1.1" 200 22
180.169.147.146 - - [03/Oct/2023:11:36:48 +0800] "POST /xingrg/all/common/load_tree.html?tree=area_rest_tree_json&manage=1 HTTP/1.1" 200 351
180.169.147.146 - - [03/Oct/2023:11:36:48 +0800] "POST /xingrg/load_menu.html HTTP/1.1" 200 5138
180.169.147.146 - - [03/Oct/2023:11:36:49 +0800] "GET /xingrg/kc/buy/buy_main.html HTTP/1.1" 200 12412
180.169.147.146 - - [03/Oct/2023:11:36:49 +0800] "GET /xingrg/css/new_ie.css HTTP/1.1" 404 1036
114.95.241.104 - - [03/Oct/2023:11:36:49 +0800] "GET /xingrg/all/function/internal_message.html?_=1696304209102&CODE_STATE=getMsg HTTP/1.1" 302 -
180.169.147.146 - - [03/Oct/2023:11:36:49 +0800] "GET /xingrg/images/yd/bt.gif HTTP/1.1" 404 1040
116.235.244.193 - - [03/Oct/2023:11:36:50 +0800] "GET /xingrg/kc/buy/cgsh_order_operate.html?command=get_materiel&rest_code=00146&code=00101009015&supplier_code=00100635&order_time=2023-10-03 HTTP/1.1" 200 416
180.169.147.146 - - [03/Oct/2023:11:36:51 +0800] "GET /xingrg/kc/base/wldb_order_list.html HTTP/1.1" 200 19180
180.169.147.146 - - [03/Oct/2023:11:36:52 +0800] "POST /xingrg/kc/base/wldb_list_operate.html HTTP/1.1" 200 928
120.253.135.82 - - [03/Oct/2023:11:36:52 +0800] "POST /xingrg/kc/pszx/mdps_order_operate.html HTTP/1.1" 200 12
58.40.7.146 - - [03/Oct/2023:11:36:52 +0800] "GET /xingrg/check_reg.html?_=1696304211052 HTTP/1.1" 200 22
180.169.147.146 - - [03/Oct/2023:11:36:53 +0800] "POST /xingrg/kc/base/wldb_list_operate.html HTTP/1.1" 200 928
58.40.7.146 - - [03/Oct/2023:11:36:54 +0800] "GET /xingrg/all/function/internal_message.html?_=1696304212660&CODE_STATE=getMsg HTTP/1.1" 200 27
124.78.69.58 - - [03/Oct/2023:11:36:55 +0800] "GET /xingrg/all/function/internal_message.html?_=1696303636560&CODE_STATE=getMsg HTTP/1.1" 200 27
120.253.135.82 - - [03/Oct/2023:11:36:55 +0800] "GET /xingrg/kc/pszx/mdps_order_info.html?code=312023100200061 HTTP/1.1" 200 19638
101.228.187.155 - - [03/Oct/2023:11:36:56 +0800] "GET /xingrg/all/function/internal_message.html?_=1696304215951&CODE_STATE=getMsg HTTP/1.1" 200 27
120.253.135.82 - - [03/Oct/2023:11:36:56 +0800] "GET /xingrg/javascript/easyui/themes/default/validatebox.css HTTP/1.1" 404 1104
120.253.135.82 - - [03/Oct/2023:11:36:56 +0800] "POST /xingrg/kc/pszx/mdps_order_operate.html HTTP/1.1" 200 13910
120.253.135.82 - - [03/Oct/2023:11:36:57 +0800] "POST /xingrg/kc/pszx/mdps_list_operate.html HTTP/1.1" 200 2804
120.253.135.82 - - [03/Oct/2023:11:36:59 +0800] "POST /xingrg/kc/pszx/mdps_list_operate.html HTTP/1.1" 200 528
180.169.147.146 - - [03/Oct/2023:11:37:00 +0800] "GET /xingrg/kc/base/wldb_order_list.html HTTP/1.1" 200 19180
180.169.147.146 - - [03/Oct/2023:11:37:01 +0800] "POST /xingrg/kc/base/wldb_list_operate.html HTTP/1.1" 200 928
120.253.135.82 - - [03/Oct/2023:11:37:01 +0800] "GET /xingrg/kc/pszx/mdps_order_info.html?code=312023100200060 HTTP/1.1" 200 23978
120.253.135.82 - - [03/Oct/2023:11:37:01 +0800] "GET /xingrg/javascript/easyui/themes/default/validatebox.css HTTP/1.1" 404 1104
120.253.135.82 - - [03/Oct/2023:11:37:01 +0800] "POST /xingrg/kc/pszx/mdps_order_operate.html HTTP/1.1" 200 4291
180.169.147.146 - - [03/Oct/2023:11:37:02 +0800] "POST /xingrg/kc/base/wldb_list_operate.html HTTP/1.1" 200 6222
101.228.187.155 - - [03/Oct/2023:11:37:03 +0800] "POST /xingrg/kc/buy/cgsh_order_operate.html HTTP/1.1" 200 37
180.169.147.146 - - [03/Oct/2023:11:37:04 +0800] "POST /xingrg/kc/base/wldb_list_operate.html HTTP/1.1" 200 214
116.230.110.33 - - [03/Oct/2023:11:37:04 +0800] "GET /xingrg/all/function/internal_message.html?_=1696304224998&CODE_STATE=getMsg HTTP/1.1" 302 -
116.235.244.193 - - [03/Oct/2023:11:37:05 +0800] "GET /xingrg/kc/buy/cgsh_order_operate.html?command=get_materiel&rest_code=00146&code=00101009079&supplier_code=00100635&order_time=2023-10-03 HTTP/1.1" 200 409
101.228.187.155 - - [03/Oct/2023:11:37:05 +0800] "POST /xingrg/kc/buy/cgsh_order_operate.html HTTP/1.1" 200 7972
180.169.147.146 - - [03/Oct/2023:11:37:07 +0800] "POST /xingrg/kc/base/wldb_list_operate.html HTTP/1.1" 200 199
116.235.244.193 - - [03/Oct/2023:11:37:07 +0800] "POST /xingrg/kc/buy/cgsh_order_operate.html HTTP/1.1" 200 2065
120.253.135.82 - - [03/Oct/2023:11:37:09 +0800] "POST /xingrg/kc/pszx/mdps_order_operate.html HTTP/1.1" 200 37
180.169.147.146 - - [03/Oct/2023:11:37:10 +0800] "GET /xingrg/kc/base/wldb_order_info.html?code=422023100300254 HTTP/1.1" 200 26341
180.169.147.146 - - [03/Oct/2023:11:37:10 +0800] "GET /xingrg/javascript/easyui/themes/default/validatebox.css HTTP/1.1" 404 1104
180.169.147.146 - - [03/Oct/2023:11:37:11 +0800] "POST /xingrg/kc/base/wldb_order_operate.html HTTP/1.1" 200 475
120.253.135.82 - - [03/Oct/2023:11:37:14 +0800] "POST /xingrg/kc/pszx/mdps_order_operate.html HTTP/1.1" 200 12
116.235.244.193 - - [03/Oct/2023:11:37:16 +0800] "GET /xingrg/kc/buy/cgsh_order_operate.html?command=get_materiel&rest_code=00146&code=00101009004&supplier_code=00100635&order_time=2023-10-03 HTTP/1.1" 200 409
120.253.135.82 - - [03/Oct/2023:11:37:20 +0800] "GET /xingrg/kc/pszx/mdps_order_info.html?code=312023100200060 HTTP/1.1" 200 19638
120.253.135.82 - - [03/Oct/2023:11:37:20 +0800] "GET /xingrg/javascript/easyui/themes/default/validatebox.css HTTP/1.1" 404 1104
120.253.135.82 - - [03/Oct/2023:11:37:20 +0800] "POST /xingrg/kc/pszx/mdps_order_operate.html HTTP/1.1" 200 2490
120.253.135.82 - - [03/Oct/2023:11:37:21 +0800] "POST /xingrg/kc/pszx/mdps_list_operate.html HTTP/1.1" 200 2432
101.228.187.155 - - [03/Oct/2023:11:37:22 +0800] "POST /xingrg/kc/buy/cgsh_list_operate.html HTTP/1.1" 200 2738
120.253.135.82 - - [03/Oct/2023:11:37:24 +0800] "POST /xingrg/kc/pszx/mdps_list_operate.html HTTP/1.1" 200 627
180.169.147.146 - - [03/Oct/2023:11:37:24 +0800] "GET /xingrg/all/function/internal_message.html?_=1696304244489&CODE_STATE=getMsg HTTP/1.1" 302 -
101.83.145.37 - - [03/Oct/2023:11:37:25 +0800] "GET /xingrg/all/function/internal_message.html?_=1696304027306&CODE_STATE=getMsg HTTP/1.1" 200 27
120.253.135.82 - - [03/Oct/2023:11:37:25 +0800] "GET /xingrg/kc/pszx/mdps_order_info.html?code=312023100200059 HTTP/1.1" 200 23978
120.253.135.82 - - [03/Oct/2023:11:37:26 +0800] "GET /xingrg/javascript/easyui/themes/default/validatebox.css HTTP/1.1" 404 1104
120.253.135.82 - - [03/Oct/2023:11:37:26 +0800] "POST /xingrg/kc/pszx/mdps_order_operate.html HTTP/1.1" 200 5320
116.235.244.193 - - [03/Oct/2023:11:37:28 +0800] "GET /xingrg/kc/buy/cgsh_order_operate.html?command=get_materiel&rest_code=00146&code=00101009140&supplier_code=00100635&order_time=2023-10-03 HTTP/1.1" 200 412
116.235.244.193 - - [03/Oct/2023:11:37:30 +0800] "GET /xingrg/all/function/internal_message.html?_=1696304256619&CODE_STATE=getMsg HTTP/1.1" 200 27
120.253.135.82 - - [03/Oct/2023:11:37:30 +0800] "POST /xingrg/kc/pszx/mdps_order_operate.html HTTP/1.1" 200 37
180.152.241.196 - - [03/Oct/2023:11:37:30 +0800] "GET /xingrg/all/function/internal_message.html?_=1696304250876&CODE_STATE=getMsg HTTP/1.1" 200 27
120.253.135.82 - - [03/Oct/2023:11:37:32 +0800] "GET /xingrg/all/function/internal_message.html?_=1696304054491&CODE_STATE=getMsg HTTP/1.1" 200 27
124.78.155.92 - - [03/Oct/2023:11:37:34 +0800] "GET /xingrg/all/function/internal_message.html?_=1696304257943&CODE_STATE=getMsg HTTP/1.1" 302 -
101.83.145.37 - - [03/Oct/2023:11:37:35 +0800] "GET /xingrg/kc/base/base_main.html HTTP/1.1" 200 12142
120.253.135.82 - - [03/Oct/2023:11:37:35 +0800] "POST /xingrg/kc/pszx/mdps_order_operate.html HTTP/1.1" 200 12
101.83.145.37 - - [03/Oct/2023:11:37:36 +0800] "GET /xingrg/kc/base/wldb_order_list.html HTTP/1.1" 200 19174
101.83.145.37 - - [03/Oct/2023:11:37:37 +0800] "POST /xingrg/kc/base/wldb_list_operate.html HTTP/1.1" 200 4109
120.253.135.82 - - [03/Oct/2023:11:37:37 +0800] "GET /xingrg/kc/pszx/mdps_order_info.html?code=312023100200059 HTTP/1.1" 200 19638
101.83.145.37 - - [03/Oct/2023:11:37:37 +0800] "GET /xingrg/all/function/internal_message.html?_=1696304258568&CODE_STATE=getMsg HTTP/1.1" 302 -
120.253.135.82 - - [03/Oct/2023:11:37:38 +0800] "GET /xingrg/javascript/easyui/themes/default/validatebox.css HTTP/1.1" 404 1104
222.70.180.200 - - [03/Oct/2023:11:37:38 +0800] "GET /xingrg/all/function/internal_message.html?_=1696304259837&CODE_STATE=getMsg HTTP/1.1" 302 -
120.253.135.82 - - [03/Oct/2023:11:37:38 +0800] "POST /xingrg/kc/pszx/mdps_order_operate.html HTTP/1.1" 200 3512
124.79.244.25 - - [03/Oct/2023:11:37:39 +0800] "GET /xingrg/all/function/internal_message.html?_=1696304559581&CODE_STATE=getMsg HTTP/1.1" 302 -
120.253.135.82 - - [03/Oct/2023:11:37:39 +0800] "POST /xingrg/kc/pszx/mdps_list_operate.html HTTP/1.1" 200 2060
101.83.145.37 - - [03/Oct/2023:11:37:40 +0800] "GET /xingrg/kc/base/wldb_order_add.html HTTP/1.1" 200 30457
120.253.135.82 - - [03/Oct/2023:11:37:40 +0800] "POST /xingrg/kc/pszx/mdps_list_operate.html HTTP/1.1" 200 353
101.83.145.37 - - [03/Oct/2023:11:37:40 +0800] "POST /xingrg/kc/base/wldb_order_operate.html HTTP/1.1" 200 6806
101.83.145.37 - - [03/Oct/2023:11:37:40 +0800] "GET /xingrg/javascript/easyui/themes/default/validatebox.css HTTP/1.1" 404 1104
124.78.155.92 - - [03/Oct/2023:11:37:42 +0800] "GET /xingrg/all/function/internal_message.html?_=1696304255696&CODE_STATE=getMsg HTTP/1.1" 200 27
180.163.29.79 - - [03/Oct/2023:11:37:42 +0800] "GET /xingrg/all/function/internal_message.html?_=1696304195695&CODE_STATE=getMsg HTTP/1.1" 302 -
124.78.155.92 - - [03/Oct/2023:11:37:42 +0800] "GET /xingrg/check_reg.html?_=1696304255701 HTTP/1.1" 200 22
180.163.29.79 - - [03/Oct/2023:11:37:42 +0800] "GET /xingrg/login.html HTTP/1.1" 200 7641
180.165.48.189 - - [03/Oct/2023:11:37:43 +0800] "GET /xingrg/all/function/internal_message.html?_=1696304261908&CODE_STATE=getMsg HTTP/1.1" 302 -
101.83.145.37 - - [03/Oct/2023:11:37:43 +0800] "GET /xingrg/javascript/auto/indicator.gif HTTP/1.1" 404 1066
180.169.147.146 - - [03/Oct/2023:11:37:48 +0800] "GET /xingrg/all/function/internal_message.html?_=1696304265962&CODE_STATE=getMsg HTTP/1.1" 200 27
114.95.241.104 - - [03/Oct/2023:11:37:49 +0800] "GET /xingrg/check_reg.html?_=1696304269102 HTTP/1.1" 302 -
114.95.241.104 - - [03/Oct/2023:11:37:49 +0800] "GET /xingrg/all/function/internal_message.html?_=1696304269105&CODE_STATE=getMsg HTTP/1.1" 302 -
180.169.147.146 - - [03/Oct/2023:11:37:52 +0800] "POST /xingrg/kc/base/wldb_list_operate.html HTTP/1.1" 200 6222
