180.163.29.206 - - [03/Oct/2023:10:25:26 +0800] "GET /xingrg/kc/print/load_data.html?order_code=212023100300758&kc_code=cgsh HTTP/1.1" 302 -
180.163.29.206 - - [03/Oct/2023:10:25:26 +0800] "GET /xingrg/login.html HTTP/1.1" 200 7641
101.83.145.37 - - [03/Oct/2023:10:25:26 +0800] "GET /xingrg/check_reg.html?_=1696299708235 HTTP/1.1" 200 22
180.169.147.146 - - [03/Oct/2023:10:25:28 +0800] "GET /xingrg/all/function/internal_message.html?_=1696299927697&CODE_STATE=getMsg HTTP/1.1" 200 27
114.95.241.104 - - [03/Oct/2023:10:25:31 +0800] "GET /xingrg/all/function/internal_message.html?_=1696299930370&CODE_STATE=getMsg HTTP/1.1" 200 27
114.83.218.82 - - [03/Oct/2023:10:25:31 +0800] "GET /xingrg/kc/base/wldb_order_operate.html?command=get_materiel&rest_code=00149&base_code=0010394&code=00101019127 HTTP/1.1" 200 479
180.169.147.146 - - [03/Oct/2023:10:25:34 +0800] "GET /xingrg/all/function/internal_message.html?_=1696299932167&CODE_STATE=getMsg HTTP/1.1" 200 27
180.169.147.146 - - [03/Oct/2023:10:25:34 +0800] "GET /xingrg/check_reg.html?_=1696299932620 HTTP/1.1" 200 22
124.78.69.58 - - [03/Oct/2023:10:25:35 +0800] "GET /xingrg/all/function/internal_message.html?_=1696299356354&CODE_STATE=getMsg HTTP/1.1" 200 27
101.83.145.37 - - [03/Oct/2023:10:25:37 +0800] "GET /xingrg/all/function/internal_message.html?_=1696299938507&CODE_STATE=getMsg HTTP/1.1" 200 27
101.83.145.37 - - [03/Oct/2023:10:25:37 +0800] "GET /xingrg/check_reg.html?_=1696299938526 HTTP/1.1" 200 22
124.79.244.25 - - [03/Oct/2023:10:25:39 +0800] "GET /xingrg/all/function/internal_message.html?_=1696300239535&CODE_STATE=getMsg HTTP/1.1" 200 27
114.83.218.82 - - [03/Oct/2023:10:25:41 +0800] "GET /xingrg/all/function/internal_message.html?_=1696299939546&CODE_STATE=getMsg HTTP/1.1" 200 27
180.152.241.196 - - [03/Oct/2023:10:25:42 +0800] "GET /xingrg/kc/buy/cgsh_order_operate.html?command=get_materiel&rest_code=00102&code=00101006177&supplier_code=00100096&order_time=2023-10-03 HTTP/1.1" 200 408
180.165.48.189 - - [03/Oct/2023:10:25:42 +0800] "GET /xingrg/check_reg.html?_=1696299941928 HTTP/1.1" 200 22
180.165.48.189 - - [03/Oct/2023:10:25:43 +0800] "GET /xingrg/all/function/internal_message.html?_=1696299941931&CODE_STATE=getMsg HTTP/1.1" 200 27
180.163.28.143 - - [03/Oct/2023:10:25:43 +0800] "GET /xingrg/check_reg.html?_=1696299877108 HTTP/1.1" 302 -
180.163.28.143 - - [03/Oct/2023:10:25:43 +0800] "GET /xingrg/login.html HTTP/1.1" 200 7641
124.78.155.92 - - [03/Oct/2023:10:25:43 +0800] "GET /xingrg/all/function/internal_message.html?_=1696299936901&CODE_STATE=getMsg HTTP/1.1" 200 27
180.163.29.206 - - [03/Oct/2023:10:25:50 +0800] "GET /xingrg/all/function/internal_message.html?_=1696299890625&CODE_STATE=getMsg HTTP/1.1" 302 -
180.163.29.206 - - [03/Oct/2023:10:25:50 +0800] "GET /xingrg/login.html HTTP/1.1" 200 7641
58.40.7.146 - - [03/Oct/2023:10:25:51 +0800] "GET /xingrg/all/function/internal_message.html?_=1696299949829&CODE_STATE=getMsg HTTP/1.1" 200 27
101.228.187.155 - - [03/Oct/2023:10:25:51 +0800] "GET /xingrg/all/function/internal_message.html?_=1696299951771&CODE_STATE=getMsg HTTP/1.1" 200 27
222.70.180.200 - - [03/Oct/2023:10:25:54 +0800] "GET /xingrg/all/function/internal_message.html?_=1696299954983&CODE_STATE=getMsg HTTP/1.1" 200 27
116.230.110.33 - - [03/Oct/2023:10:25:55 +0800] "GET /xingrg/all/function/internal_message.html?_=1696299789278&CODE_STATE=getMsg HTTP/1.1" 200 27
180.152.241.196 - - [03/Oct/2023:10:26:02 +0800] "GET /xingrg/kc/buy/cgsh_order_operate.html?command=get_materiel&rest_code=00102&code=00101006175&supplier_code=00100096&order_time=2023-10-03 HTTP/1.1" 200 414
180.152.241.196 - - [03/Oct/2023:10:26:03 +0800] "GET /xingrg/all/function/internal_message.html?_=1696299963381&CODE_STATE=getMsg HTTP/1.1" 200 27
222.70.180.200 - - [03/Oct/2023:10:26:04 +0800] "GET /xingrg/all/function/internal_message.html?_=1696300254383&CODE_STATE=getMsg HTTP/1.1" 200 27
124.78.155.92 - - [03/Oct/2023:10:26:12 +0800] "POST /xingrg/services/DataTransmitService HTTP/1.1" 200 501
180.152.241.196 - - [03/Oct/2023:10:26:14 +0800] "GET /xingrg/kc/buy/cgsh_order_operate.html?command=get_materiel&rest_code=00102&code=00101006055&supplier_code=00100096&order_time=2023-10-03 HTTP/1.1" 200 411
116.235.244.193 - - [03/Oct/2023:10:26:14 +0800] "GET /xingrg/check_reg.html?_=1696299980266 HTTP/1.1" 200 22
124.78.155.92 - - [03/Oct/2023:10:26:15 +0800] "POST /xingrg/services/DataTransmitService HTTP/1.1" 200 501
116.235.244.193 - - [03/Oct/2023:10:26:16 +0800] "GET /xingrg/all/function/internal_message.html?_=1696299982552&CODE_STATE=getMsg HTTP/1.1" 200 27
114.95.241.104 - - [03/Oct/2023:10:26:18 +0800] "GET /xingrg/all/function/internal_message.html?_=1696299978352&CODE_STATE=getMsg HTTP/1.1" 200 27
180.169.147.146 - - [03/Oct/2023:10:26:24 +0800] "POST /xingrg/all/user/operate.html HTTP/1.1" 200 36
180.169.147.146 - - [03/Oct/2023:10:26:24 +0800] "GET /xingrg/index.html?sysBaseUrl=http%3A%2F%2F180.169.147.146%3A18081%2Fxingrg%2F&costTime=2640×tamp=1696299866535 HTTP/1.1" 200 17509
180.169.147.146 - - [03/Oct/2023:10:26:24 +0800] "GET /xingrg/javascript/jquery_easy_ui/themes/default/easyui.css HTTP/1.1" 304 -
180.169.147.146 - - [03/Oct/2023:10:26:24 +0800] "GET /xingrg/javascript/jquery_easy_ui/themes/icon.css HTTP/1.1" 304 -
180.169.147.146 - - [03/Oct/2023:10:26:24 +0800] "GET /xingrg/css/form.css HTTP/1.1" 304 -
180.169.147.146 - - [03/Oct/2023:10:26:24 +0800] "GET /xingrg/javascript/jquery-1.4.2.min.js HTTP/1.1" 304 -
180.169.147.146 - - [03/Oct/2023:10:26:24 +0800] "GET /xingrg/javascript/jquery_easy_ui/jquery.easyui.min.js HTTP/1.1" 304 -
180.169.147.146 - - [03/Oct/2023:10:26:24 +0800] "GET /xingrg/javascript/jquery_easy_ui/easyui-lang-zh_CN.js HTTP/1.1" 304 -
180.169.147.146 - - [03/Oct/2023:10:26:24 +0800] "GET /xingrg/javascript/jquery.form.js HTTP/1.1" 304 -
180.169.147.146 - - [03/Oct/2023:10:26:24 +0800] "GET /xingrg/javascript/jquery.utils.js HTTP/1.1" 304 -
180.169.147.146 - - [03/Oct/2023:10:26:24 +0800] "GET /xingrg/javascript/jquery.timers.js HTTP/1.1" 304 -
180.169.147.146 - - [03/Oct/2023:10:26:24 +0800] "GET /xingrg/images/blue/jxLogo.png HTTP/1.1" 304 -
180.169.147.146 - - [03/Oct/2023:10:26:24 +0800] "GET /xingrg/images/blue/navBackgound.jpg HTTP/1.1" 304 -
180.169.147.146 - - [03/Oct/2023:10:26:24 +0800] "GET /xingrg/javascript/jquery_easy_ui/themes/icons/settle_new.png HTTP/1.1" 304 -
101.83.145.37 - - [03/Oct/2023:10:26:24 +0800] "GET /xingrg/all/function/internal_message.html?_=1696299766792&CODE_STATE=getMsg HTTP/1.1" 200 27
180.152.241.196 - - [03/Oct/2023:10:26:24 +0800] "GET /xingrg/all/function/internal_message.html?_=1696299984926&CODE_STATE=getMsg HTTP/1.1" 200 27
180.169.147.146 - - [03/Oct/2023:10:26:24 +0800] "GET /xingrg/all/function/internal_message.html?_=1696299984359&CODE_STATE=count HTTP/1.1" 200 11
180.169.147.146 - - [03/Oct/2023:10:26:24 +0800] "GET /xingrg/check_reg.html?_=1696299984360 HTTP/1.1" 200 22
180.169.147.146 - - [03/Oct/2023:10:26:24 +0800] "GET /xingrg/javascript/jquery_easy_ui/themes/default/images/tabs_rightarrow.png HTTP/1.1" 304 -
180.169.147.146 - - [03/Oct/2023:10:26:24 +0800] "GET /xingrg/javascript/jquery_easy_ui/themes/default/images/panel_tool_expand.gif HTTP/1.1" 304 -
180.169.147.146 - - [03/Oct/2023:10:26:24 +0800] "GET /xingrg/javascript/jquery_easy_ui/themes/default/images/panel_tool_collapse.gif HTTP/1.1" 304 -
180.169.147.146 - - [03/Oct/2023:10:26:24 +0800] "GET /xingrg/javascript/jquery_easy_ui/themes/default/images/tabs_leftarrow.png HTTP/1.1" 304 -
180.169.147.146 - - [03/Oct/2023:10:26:24 +0800] "GET /xingrg/images/blue/pingpu.png HTTP/1.1" 304 -
180.169.147.146 - - [03/Oct/2023:10:26:25 +0800] "POST /xingrg/all/common/load_tree.html?tree=area_rest_tree_json&manage=1 HTTP/1.1" 200 3499
180.169.147.146 - - [03/Oct/2023:10:26:25 +0800] "POST /xingrg/load_menu.html HTTP/1.1" 200 9959
124.78.155.92 - - [03/Oct/2023:10:26:25 +0800] "GET /xingrg/all/function/internal_message.html?_=1696299989017&CODE_STATE=getMsg HTTP/1.1" 200 27
180.152.241.196 - - [03/Oct/2023:10:26:29 +0800] "GET /xingrg/kc/buy/cgsh_order_operate.html?command=get_materiel&rest_code=00102&code=00101006065&supplier_code=00100096&order_time=2023-10-03 HTTP/1.1" 200 409
114.95.241.104 - - [03/Oct/2023:10:26:31 +0800] "GET /xingrg/all/function/internal_message.html?_=1696299990388&CODE_STATE=getMsg HTTP/1.1" 200 27
180.169.147.146 - - [03/Oct/2023:10:26:34 +0800] "GET /xingrg/all/function/internal_message.html?_=1696299992150&CODE_STATE=getMsg HTTP/1.1" 200 27
124.78.69.58 - - [03/Oct/2023:10:26:34 +0800] "GET /xingrg/all/function/internal_message.html?_=1696299416333&CODE_STATE=getMsg HTTP/1.1" 200 27
101.83.145.37 - - [03/Oct/2023:10:26:37 +0800] "GET /xingrg/all/function/internal_message.html?_=1696299998497&CODE_STATE=getMsg HTTP/1.1" 200 27
124.79.244.25 - - [03/Oct/2023:10:26:39 +0800] "GET /xingrg/all/function/internal_message.html?_=1696300299530&CODE_STATE=getMsg HTTP/1.1" 200 27
124.79.244.25 - - [03/Oct/2023:10:26:39 +0800] "GET /xingrg/check_reg.html?_=1696300299531 HTTP/1.1" 200 22
114.83.218.82 - - [03/Oct/2023:10:26:41 +0800] "GET /xingrg/all/function/internal_message.html?_=1696299999536&CODE_STATE=getMsg HTTP/1.1" 200 27
180.165.48.189 - - [03/Oct/2023:10:26:42 +0800] "GET /xingrg/all/function/internal_message.html?_=1696300001921&CODE_STATE=getMsg HTTP/1.1" 200 27
180.163.29.103 - - [03/Oct/2023:10:26:43 +0800] "GET /xingrg/all/function/internal_message.html?_=1696299936901&CODE_STATE=getMsg HTTP/1.1" 302 -
180.163.29.103 - - [03/Oct/2023:10:26:43 +0800] "GET /xingrg/login.html HTTP/1.1" 200 7641
124.78.155.92 - - [03/Oct/2023:10:26:43 +0800] "GET /xingrg/all/function/internal_message.html?_=1696299996888&CODE_STATE=getMsg HTTP/1.1" 200 27
180.152.241.196 - - [03/Oct/2023:10:26:47 +0800] "GET /xingrg/kc/buy/cgsh_order_operate.html?command=get_materiel&rest_code=00102&code=00101037251&supplier_code=00100096&order_time=2023-10-03 HTTP/1.1" 200 433
58.40.7.146 - - [03/Oct/2023:10:26:51 +0800] "GET /xingrg/all/function/internal_message.html?_=1696300009822&CODE_STATE=getMsg HTTP/1.1" 200 27
101.228.187.155 - - [03/Oct/2023:10:26:51 +0800] "GET /xingrg/all/function/internal_message.html?_=1696300011765&CODE_STATE=getMsg HTTP/1.1" 200 27
222.70.180.200 - - [03/Oct/2023:10:26:54 +0800] "GET /xingrg/all/function/internal_message.html?_=1696300014953&CODE_STATE=getMsg HTTP/1.1" 200 27
116.230.110.33 - - [03/Oct/2023:10:26:55 +0800] "GET /xingrg/all/function/internal_message.html?_=1696299849296&CODE_STATE=getMsg HTTP/1.1" 200 27
116.230.110.33 - - [03/Oct/2023:10:26:55 +0800] "GET /xingrg/check_reg.html?_=1696299849297 HTTP/1.1" 200 22
180.152.241.196 - - [03/Oct/2023:10:27:03 +0800] "GET /xingrg/all/function/internal_message.html?_=1696300023358&CODE_STATE=getMsg HTTP/1.1" 200 27
222.70.180.200 - - [03/Oct/2023:10:27:04 +0800] "GET /xingrg/all/function/internal_message.html?_=1696300314385&CODE_STATE=getMsg HTTP/1.1" 200 27
180.152.241.196 - - [03/Oct/2023:10:27:08 +0800] "GET /xingrg/kc/buy/cgsh_order_operate.html?command=get_materiel&rest_code=00102&code=00101007022&supplier_code=00100096&order_time=2023-10-03 HTTP/1.1" 200 415
124.78.155.92 - - [03/Oct/2023:10:27:12 +0800] "POST /xingrg/services/DataTransmitService HTTP/1.1" 200 501
116.235.244.193 - - [03/Oct/2023:10:27:16 +0800] "GET /xingrg/all/function/internal_message.html?_=1696300042565&CODE_STATE=getMsg HTTP/1.1" 200 27
114.95.241.104 - - [03/Oct/2023:10:27:18 +0800] "GET /xingrg/all/function/internal_message.html?_=1696300038361&CODE_STATE=getMsg HTTP/1.1" 200 27
101.83.145.37 - - [03/Oct/2023:10:27:24 +0800] "GET /xingrg/all/function/internal_message.html?_=1696299826770&CODE_STATE=getMsg HTTP/1.1" 200 27
180.152.241.196 - - [03/Oct/2023:10:27:24 +0800] "GET /xingrg/all/function/internal_message.html?_=1696300044923&CODE_STATE=getMsg HTTP/1.1" 200 27
180.169.147.146 - - [03/Oct/2023:10:27:24 +0800] "GET /xingrg/all/function/internal_message.html?_=1696300044369&CODE_STATE=getMsg HTTP/1.1" 200 27
124.78.155.92 - - [03/Oct/2023:10:27:25 +0800] "GET /xingrg/all/function/internal_message.html?_=1696300049024&CODE_STATE=getMsg HTTP/1.1" 200 27
58.40.7.146 - - [03/Oct/2023:10:27:26 +0800] "POST /xingrg/kc/base/check_list_operate.html HTTP/1.1" 200 4
58.40.7.146 - - [03/Oct/2023:10:27:29 +0800] "POST /xingrg/kc/base/check_list_operate.html HTTP/1.1" 200 781
180.152.241.196 - - [03/Oct/2023:10:27:30 +0800] "GET /xingrg/kc/buy/cgsh_order_operate.html?command=get_materiel&rest_code=00102&code=00101006129&supplier_code=00100096&order_time=2023-10-03 HTTP/1.1" 200 439
114.95.241.104 - - [03/Oct/2023:10:27:31 +0800] "GET /xingrg/check_reg.html?_=1696300050379 HTTP/1.1" 200 22
114.95.241.104 - - [03/Oct/2023:10:27:31 +0800] "GET /xingrg/all/function/internal_message.html?_=1696300050382&CODE_STATE=getMsg HTTP/1.1" 200 27
58.40.7.146 - - [03/Oct/2023:10:27:31 +0800] "GET /xingrg/kc/cost/cost_list.html HTTP/1.1" 200 6093
58.40.7.146 - - [03/Oct/2023:10:27:31 +0800] "GET /xingrg/dwr/interface/AjaxReportQueryService.js HTTP/1.1" 200 13203
58.40.7.146 - - [03/Oct/2023:10:27:31 +0800] "GET /xingrg/dwr/engine.js HTTP/1.1" 200 43631
124.78.155.92 - - [03/Oct/2023:10:27:31 +0800] "GET /xingrg/kc/base/base_main.html HTTP/1.1" 200 12142
58.40.7.146 - - [03/Oct/2023:10:27:31 +0800] "GET /xingrg/kc/cost/cost_operate.html?_=1696300050148&command=load_cost_list HTTP/1.1" 200 7918
124.78.155.92 - - [03/Oct/2023:10:27:32 +0800] "GET /xingrg/kc/base/wldb_order_list.html HTTP/1.1" 200 19174
124.78.155.92 - - [03/Oct/2023:10:27:33 +0800] "POST /xingrg/kc/base/wldb_list_operate.html HTTP/1.1" 200 1778
180.169.147.146 - - [03/Oct/2023:10:27:34 +0800] "GET /xingrg/all/function/internal_message.html?_=1696300052134&CODE_STATE=getMsg HTTP/1.1" 200 27
124.78.155.92 - - [03/Oct/2023:10:27:34 +0800] "GET /xingrg/kc/base/wldb_order_add.html HTTP/1.1" 200 30461
124.78.69.58 - - [03/Oct/2023:10:27:34 +0800] "GET /xingrg/all/function/internal_message.html?_=1696299476304&CODE_STATE=getMsg HTTP/1.1" 200 27
58.40.7.146 - - [03/Oct/2023:10:27:35 +0800] "GET /xingrg/kc/cost/cost_page.html HTTP/1.1" 200 4088
58.40.7.146 - - [03/Oct/2023:10:27:35 +0800] "GET /xingrg/dwr/interface/AjaxReportQueryService.js HTTP/1.1" 200 13203
58.40.7.146 - - [03/Oct/2023:10:27:35 +0800] "GET /xingrg/dwr/engine.js HTTP/1.1" 200 43631
124.78.155.92 - - [03/Oct/2023:10:27:35 +0800] "POST /xingrg/kc/base/wldb_order_operate.html HTTP/1.1" 200 6806
124.78.155.92 - - [03/Oct/2023:10:27:35 +0800] "GET /xingrg/all/common/auto_word.html?type=base&rest_code=00106 HTTP/1.1" 200 1799
124.78.155.92 - - [03/Oct/2023:10:27:35 +0800] "GET /xingrg/javascript/easyui/themes/default/validatebox.css HTTP/1.1" 404 1104
124.78.155.92 - - [03/Oct/2023:10:27:35 +0800] "GET /xingrg/all/common/auto_word.html?type=base&rest_code=00106 HTTP/1.1" 200 1799
124.78.155.92 - - [03/Oct/2023:10:27:36 +0800] "POST /xingrg/all/common/load_combo.html?type=base HTTP/1.1" 200 3227
58.40.7.146 - - [03/Oct/2023:10:27:37 +0800] "POST /xingrg/kc/cost/cost_operate.html HTTP/1.1" 200 4
101.83.145.37 - - [03/Oct/2023:10:27:37 +0800] "GET /xingrg/all/function/internal_message.html?_=1696300058498&CODE_STATE=getMsg HTTP/1.1" 200 27
58.40.7.146 - - [03/Oct/2023:10:27:39 +0800] "GET /xingrg/kc/cost/cost_page.html HTTP/1.1" 200 4363
58.40.7.146 - - [03/Oct/2023:10:27:39 +0800] "GET /xingrg/css/blue.css HTTP/1.1" 304 -
58.40.7.146 - - [03/Oct/2023:10:27:39 +0800] "GET /xingrg/javascript/jquery_easy_ui/themes/default/easyui.css HTTP/1.1" 304 -
58.40.7.146 - - [03/Oct/2023:10:27:39 +0800] "GET /xingrg/javascript/jquery_easy_ui/themes/icon.css HTTP/1.1" 304 -
58.40.7.146 - - [03/Oct/2023:10:27:39 +0800] "GET /xingrg/javascript/step/step.css HTTP/1.1" 304 -
58.40.7.146 - - [03/Oct/2023:10:27:39 +0800] "GET /xingrg/css/table.css HTTP/1.1" 304 -
58.40.7.146 - - [03/Oct/2023:10:27:39 +0800] "GET /xingrg/dwr/interface/AjaxReportQueryService.js HTTP/1.1" 200 13203
58.40.7.146 - - [03/Oct/2023:10:27:39 +0800] "GET /xingrg/dwr/engine.js HTTP/1.1" 200 43631
58.40.7.146 - - [03/Oct/2023:10:27:39 +0800] "GET /xingrg/dwr/util.js HTTP/1.1" 304 -
58.40.7.146 - - [03/Oct/2023:10:27:39 +0800] "GET /xingrg/javascript/jquery-1.4.2.min.js HTTP/1.1" 304 -
58.40.7.146 - - [03/Oct/2023:10:27:39 +0800] "GET /xingrg/javascript/jquery_easy_ui/jquery.easyui.min.js HTTP/1.1" 304 -
58.40.7.146 - - [03/Oct/2023:10:27:39 +0800] "GET /xingrg/javascript/jquery_easy_ui/easyui-lang-zh_CN.js HTTP/1.1" 304 -
58.40.7.146 - - [03/Oct/2023:10:27:39 +0800] "GET /xingrg/javascript/jquery.utils.js HTTP/1.1" 304 -
58.40.7.146 - - [03/Oct/2023:10:27:39 +0800] "GET /xingrg/images/control/ajaxLoader.gif HTTP/1.1" 304 -
124.79.244.25 - - [03/Oct/2023:10:27:39 +0800] "GET /xingrg/all/function/internal_message.html?_=1696300359531&CODE_STATE=getMsg HTTP/1.1" 200 27
124.78.155.92 - - [03/Oct/2023:10:27:41 +0800] "GET /xingrg/kc/base/wldb_order_operate.html?command=get_materiel&rest_code=00106&base_code=0010397&code=00102002287 HTTP/1.1" 200 439
114.83.218.82 - - [03/Oct/2023:10:27:41 +0800] "GET /xingrg/all/function/internal_message.html?_=1696300059548&CODE_STATE=getMsg HTTP/1.1" 200 27
180.165.48.189 - - [03/Oct/2023:10:27:42 +0800] "GET /xingrg/all/function/internal_message.html?_=1696300061921&CODE_STATE=getMsg HTTP/1.1" 200 27
124.78.155.92 - - [03/Oct/2023:10:27:43 +0800] "GET /xingrg/all/function/internal_message.html?_=1696300056869&CODE_STATE=getMsg HTTP/1.1" 200 27
114.83.218.82 - - [03/Oct/2023:10:27:47 +0800] "GET /xingrg/kc/base/wldb_order_operate.html?command=get_materiel&rest_code=00149&base_code=0010394&code=00101019183 HTTP/1.1" 200 449
120.253.135.82 - - [03/Oct/2023:10:27:48 +0800] "GET /xingrg/check_reg.html?_=1696299870221 HTTP/1.1" 200 22
124.78.155.92 - - [03/Oct/2023:10:27:48 +0800] "POST /xingrg/services/DataTransmitService HTTP/1.1" 200 501
180.165.48.189 - - [03/Oct/2023:10:27:48 +0800] "GET /xingrg/login.html HTTP/1.1" 200 7641
180.165.48.189 - - [03/Oct/2023:10:27:48 +0800] "GET /xingrg/images/blue/jxLogo.png HTTP/1.1" 200 6156
180.165.48.189 - - [03/Oct/2023:10:27:49 +0800] "GET /xingrg/images/blue/login_bg.png HTTP/1.1" 200 22101
180.165.48.189 - - [03/Oct/2023:10:27:49 +0800] "GET /xingrg/images/blue/hj.png HTTP/1.1" 200 1014
180.165.48.189 - - [03/Oct/2023:10:27:49 +0800] "GET /xingrg/images/blue/srbg.png HTTP/1.1" 200 138
180.165.48.189 - - [03/Oct/2023:10:27:49 +0800] "GET /favicon.ico HTTP/1.1" 404 -
124.78.155.92 - - [03/Oct/2023:10:27:50 +0800] "POST /xingrg/services/DataTransmitService HTTP/1.1" 200 501
124.78.155.92 - - [03/Oct/2023:10:27:50 +0800] "POST /xingrg/services/DataTransmitService HTTP/1.1" 200 501
58.40.7.146 - - [03/Oct/2023:10:27:51 +0800] "GET /xingrg/all/function/internal_message.html?_=1696300069849&CODE_STATE=getMsg HTTP/1.1" 200 27
101.228.187.155 - - [03/Oct/2023:10:27:51 +0800] "GET /xingrg/all/function/internal_message.html?_=1696300071764&CODE_STATE=getMsg HTTP/1.1" 200 27
180.165.48.189 - - [03/Oct/2023:10:27:53 +0800] "POST /xingrg/login.do HTTP/1.1" 302 -
180.165.48.189 - - [03/Oct/2023:10:27:53 +0800] "GET /xingrg/index.html?sysBaseUrl=http%3A%2F%2F180.169.147.146%3A18081%2Fxingrg%2F&costTime=1356×tamp=1696300073158 HTTP/1.1" 200 17423
180.165.48.189 - - [03/Oct/2023:10:27:53 +0800] "GET /xingrg/javascript/jquery_easy_ui/themes/default/easyui.css HTTP/1.1" 200 26500
180.165.48.189 - - [03/Oct/2023:10:27:53 +0800] "GET /xingrg/javascript/jquery_easy_ui/themes/icon.css HTTP/1.1" 200 3949
180.165.48.189 - - [03/Oct/2023:10:27:53 +0800] "GET /xingrg/css/form.css HTTP/1.1" 200 893
180.165.48.189 - - [03/Oct/2023:10:27:53 +0800] "GET /xingrg/javascript/jquery.utils.js HTTP/1.1" 200 11805
180.165.48.189 - - [03/Oct/2023:10:27:53 +0800] "GET /xingrg/javascript/jquery-1.4.2.min.js HTTP/1.1" 200 72205
180.165.48.189 - - [03/Oct/2023:10:27:53 +0800] "GET /xingrg/javascript/jquery_easy_ui/jquery.easyui.min.js HTTP/1.1" 200 213662
180.165.48.189 - - [03/Oct/2023:10:27:53 +0800] "GET /xingrg/javascript/jquery_easy_ui/easyui-lang-zh_CN.js HTTP/1.1" 200 1900
180.165.48.189 - - [03/Oct/2023:10:27:53 +0800] "GET /xingrg/javascript/jquery.timers.js HTTP/1.1" 200 3532
180.165.48.189 - - [03/Oct/2023:10:27:53 +0800] "GET /xingrg/javascript/jquery.form.js HTTP/1.1" 200 23110
180.165.48.189 - - [03/Oct/2023:10:27:53 +0800] "GET /favicon.ico HTTP/1.1" 404 -
180.165.48.189 - - [03/Oct/2023:10:27:53 +0800] "GET /xingrg/javascript/jquery_easy_ui/themes/icons/settle_new.png HTTP/1.1" 200 826
180.165.48.189 - - [03/Oct/2023:10:27:53 +0800] "GET /xingrg/images/blue/navBackgound.jpg HTTP/1.1" 200 12378
180.165.48.189 - - [03/Oct/2023:10:27:53 +0800] "GET /xingrg/all/function/internal_message.html?_=1696300073791&CODE_STATE=count HTTP/1.1" 200 11
180.165.48.189 - - [03/Oct/2023:10:27:53 +0800] "GET /xingrg/check_reg.html?_=1696300073793 HTTP/1.1" 200 22
180.165.48.189 - - [03/Oct/2023:10:27:53 +0800] "GET /xingrg/images/blue/pingpu.png HTTP/1.1" 200 231
180.165.48.189 - - [03/Oct/2023:10:27:53 +0800] "GET /xingrg/javascript/jquery_easy_ui/themes/default/images/tabs_leftarrow.png HTTP/1.1" 200 389
180.165.48.189 - - [03/Oct/2023:10:27:53 +0800] "GET /xingrg/javascript/jquery_easy_ui/themes/default/images/tabs_rightarrow.png HTTP/1.1" 200 395
180.165.48.189 - - [03/Oct/2023:10:27:53 +0800] "GET /xingrg/javascript/jquery_easy_ui/themes/default/images/panel_tool_expand.gif HTTP/1.1" 200 247
180.165.48.189 - - [03/Oct/2023:10:27:53 +0800] "GET /xingrg/javascript/jquery_easy_ui/themes/default/images/panel_tool_collapse.gif HTTP/1.1" 200 246
180.165.48.189 - - [03/Oct/2023:10:27:53 +0800] "POST /xingrg/all/common/load_tree.html?tree=area_rest_tree_json&manage=1 HTTP/1.1" 200 482
180.165.48.189 - - [03/Oct/2023:10:27:53 +0800] "POST /xingrg/load_menu.html HTTP/1.1" 200 9959
180.165.48.189 - - [03/Oct/2023:10:27:54 +0800] "GET /xingrg/javascript/jquery_easy_ui/themes/default/images/tree_arrows.gif HTTP/1.1" 200 1043
180.165.48.189 - - [03/Oct/2023:10:27:54 +0800] "GET /xingrg/javascript/jquery_easy_ui/themes/default/images/tree_folder_open.gif HTTP/1.1" 200 956
180.165.48.189 - - [03/Oct/2023:10:27:54 +0800] "GET /xingrg/javascript/jquery_easy_ui/themes/icons/search_new.png HTTP/1.1" 200 586
180.165.48.189 - - [03/Oct/2023:10:27:54 +0800] "GET /xingrg/javascript/jquery_easy_ui/themes/default/images/tree_folder.gif HTTP/1.1" 200 952
180.165.48.189 - - [03/Oct/2023:10:27:54 +0800] "GET /xingrg/javascript/jquery_easy_ui/themes/icons/storage_new.png HTTP/1.1" 200 853
180.165.48.189 - - [03/Oct/2023:10:27:54 +0800] "GET /xingrg/javascript/jquery_easy_ui/themes/icons/checkout_new.png HTTP/1.1" 200 744
180.165.48.189 - - [03/Oct/2023:10:27:54 +0800] "GET /xingrg/javascript/jquery_easy_ui/themes/icons/forms_new.png HTTP/1.1" 200 350
180.165.48.189 - - [03/Oct/2023:10:27:54 +0800] "GET /xingrg/javascript/jquery_easy_ui/themes/icons/setting_new.png HTTP/1.1" 200 450
180.165.48.189 - - [03/Oct/2023:10:27:54 +0800] "GET /xingrg/javascript/jquery_easy_ui/themes/icons/systemset_new.png HTTP/1.1" 200 606
180.165.48.189 - - [03/Oct/2023:10:27:54 +0800] "GET /xingrg/javascript/jquery_easy_ui/themes/default/images/tree_file.gif HTTP/1.1" 200 118
180.165.48.189 - - [03/Oct/2023:10:27:54 +0800] "GET /xingrg/javascript/jquery_easy_ui/themes/default/images/button_plain_hover.png HTTP/1.1" 200 252
222.70.180.200 - - [03/Oct/2023:10:27:54 +0800] "GET /xingrg/all/function/internal_message.html?_=1696300074939&CODE_STATE=getMsg HTTP/1.1" 200 27
180.165.48.189 - - [03/Oct/2023:10:27:55 +0800] "GET /xingrg/javascript/jquery_easy_ui/themes/icons/area.png HTTP/1.1" 200 262
180.165.48.189 - - [03/Oct/2023:10:27:55 +0800] "GET /xingrg/javascript/jquery_easy_ui/themes/icons/rest.png HTTP/1.1" 200 695
180.165.48.189 - - [03/Oct/2023:10:27:55 +0800] "GET /xingrg/javascript/jquery_easy_ui/themes/default/images/button_a_bg.gif HTTP/1.1" 200 1194
180.165.48.189 - - [03/Oct/2023:10:27:55 +0800] "GET /xingrg/javascript/jquery_easy_ui/themes/default/images/button_span_bg.gif HTTP/1.1" 200 2061
180.165.48.189 - - [03/Oct/2023:10:27:55 +0800] "GET /xingrg/javascript/jquery_easy_ui/themes/icons/ok.png HTTP/1.1" 200 883
180.165.48.189 - - [03/Oct/2023:10:27:55 +0800] "GET /xingrg/javascript/jquery_easy_ui/themes/default/images/panel_title.png HTTP/1.1" 200 266
180.165.48.189 - - [03/Oct/2023:10:27:55 +0800] "GET /xingrg/javascript/jquery_easy_ui/themes/default/images/panel_tools.gif HTTP/1.1" 200 737
116.230.110.33 - - [03/Oct/2023:10:27:55 +0800] "GET /xingrg/all/function/internal_message.html?_=1696299909293&CODE_STATE=getMsg HTTP/1.1" 200 27
180.165.48.189 - - [03/Oct/2023:10:27:56 +0800] "GET /xingrg/images/control/ajaxLoader.gif HTTP/1.1" 200 4659
180.165.48.189 - - [03/Oct/2023:10:27:56 +0800] "POST /xingrg/all/user/operate.html HTTP/1.1" 200 36
180.165.48.189 - - [03/Oct/2023:10:27:56 +0800] "GET /xingrg/index.html?sysBaseUrl=http%3A%2F%2F180.169.147.146%3A18081%2Fxingrg%2F&costTime=1356×tamp=1696300073158 HTTP/1.1" 200 17417
180.165.48.189 - - [03/Oct/2023:10:27:56 +0800] "GET /xingrg/javascript/jquery_easy_ui/themes/default/easyui.css HTTP/1.1" 304 -
180.165.48.189 - - [03/Oct/2023:10:27:56 +0800] "GET /xingrg/javascript/jquery_easy_ui/themes/icon.css HTTP/1.1" 304 -
180.165.48.189 - - [03/Oct/2023:10:27:56 +0800] "GET /xingrg/css/form.css HTTP/1.1" 304 -
180.165.48.189 - - [03/Oct/2023:10:27:56 +0800] "GET /xingrg/javascript/jquery-1.4.2.min.js HTTP/1.1" 304 -
180.165.48.189 - - [03/Oct/2023:10:27:56 +0800] "GET /xingrg/javascript/jquery_easy_ui/jquery.easyui.min.js HTTP/1.1" 304 -
180.165.48.189 - - [03/Oct/2023:10:27:56 +0800] "GET /xingrg/javascript/jquery_easy_ui/easyui-lang-zh_CN.js HTTP/1.1" 304 -
180.165.48.189 - - [03/Oct/2023:10:27:56 +0800] "GET /xingrg/javascript/jquery.form.js HTTP/1.1" 304 -
180.165.48.189 - - [03/Oct/2023:10:27:56 +0800] "GET /xingrg/javascript/jquery.utils.js HTTP/1.1" 304 -
180.165.48.189 - - [03/Oct/2023:10:27:56 +0800] "GET /xingrg/javascript/jquery.timers.js HTTP/1.1" 304 -
180.165.48.189 - - [03/Oct/2023:10:27:56 +0800] "GET /xingrg/images/blue/jxLogo.png HTTP/1.1" 304 -
180.165.48.189 - - [03/Oct/2023:10:27:56 +0800] "GET /xingrg/images/blue/navBackgound.jpg HTTP/1.1" 304 -
180.165.48.189 - - [03/Oct/2023:10:27:56 +0800] "GET /xingrg/javascript/jquery_easy_ui/themes/icons/settle_new.png HTTP/1.1" 304 -
180.165.48.189 - - [03/Oct/2023:10:27:56 +0800] "GET /xingrg/all/function/internal_message.html?_=1696300077031&CODE_STATE=count HTTP/1.1" 200 11
180.165.48.189 - - [03/Oct/2023:10:27:56 +0800] "GET /xingrg/check_reg.html?_=1696300077032 HTTP/1.1" 200 22
180.165.48.189 - - [03/Oct/2023:10:27:56 +0800] "GET /xingrg/javascript/jquery_easy_ui/themes/default/images/tabs_leftarrow.png HTTP/1.1" 304 -
180.165.48.189 - - [03/Oct/2023:10:27:56 +0800] "GET /xingrg/javascript/jquery_easy_ui/themes/default/images/panel_tool_expand.gif HTTP/1.1" 304 -
180.165.48.189 - - [03/Oct/2023:10:27:56 +0800] "GET /xingrg/javascript/jquery_easy_ui/themes/default/images/panel_tool_collapse.gif HTTP/1.1" 304 -
180.165.48.189 - - [03/Oct/2023:10:27:56 +0800] "GET /xingrg/javascript/jquery_easy_ui/themes/default/images/tabs_rightarrow.png HTTP/1.1" 304 -
180.165.48.189 - - [03/Oct/2023:10:27:56 +0800] "GET /xingrg/images/blue/pingpu.png HTTP/1.1" 304 -
180.165.48.189 - - [03/Oct/2023:10:27:57 +0800] "POST /xingrg/all/common/load_tree.html?tree=area_rest_tree_json&manage=1 HTTP/1.1" 200 482
180.165.48.189 - - [03/Oct/2023:10:27:57 +0800] "POST /xingrg/load_menu.html HTTP/1.1" 200 9959
114.83.218.82 - - [03/Oct/2023:10:27:58 +0800] "GET /xingrg/kc/base/wldb_order_operate.html?command=get_materiel&rest_code=00149&base_code=0010394&code=00101019400 HTTP/1.1" 200 465
180.152.241.196 - - [03/Oct/2023:10:28:03 +0800] "GET /xingrg/all/function/internal_message.html?_=1696300083369&CODE_STATE=getMsg HTTP/1.1" 200 27
222.70.180.200 - - [03/Oct/2023:10:28:04 +0800] "GET /xingrg/all/function/internal_message.html?_=1696300374381&CODE_STATE=getMsg HTTP/1.1" 200 27
114.83.218.82 - - [03/Oct/2023:10:28:05 +0800] "GET /xingrg/kc/base/wldb_order_operate.html?command=get_materiel&rest_code=00149&base_code=0010394&code=00101019199 HTTP/1.1" 200 472
124.78.155.92 - - [03/Oct/2023:10:28:11 +0800] "POST /xingrg/services/DataTransmitService HTTP/1.1" 200 501
114.83.218.82 - - [03/Oct/2023:10:28:12 +0800] "GET /xingrg/kc/base/wldb_order_operate.html?command=get_materiel&rest_code=00149&base_code=0010394&code=00101016094 HTTP/1.1" 200 469
180.165.48.189 - - [03/Oct/2023:10:28:14 +0800] "GET /xingrg/javascript/jquery_easy_ui/themes/default/images/tabs_active.png HTTP/1.1" 200 2894
180.165.48.189 - - [03/Oct/2023:10:28:15 +0800] "GET /xingrg/kc/mdqp/qp_main.html HTTP/1.1" 200 10633
180.165.48.189 - - [03/Oct/2023:10:28:15 +0800] "GET /xingrg/javascript/jquery_easy_ui/themes/default/images/tabs_close.gif HTTP/1.1" 200 829
180.165.48.189 - - [03/Oct/2023:10:28:15 +0800] "GET /xingrg/css/blue.css HTTP/1.1" 200 15949
180.165.48.189 - - [03/Oct/2023:10:28:15 +0800] "GET /xingrg/javascript/jquery_ui/themes/humanity/humanity.css HTTP/1.1" 200 27801
180.165.48.189 - - [03/Oct/2023:10:28:15 +0800] "GET /xingrg/javascript/pic_change.js HTTP/1.1" 200 4739
180.165.48.189 - - [03/Oct/2023:10:28:15 +0800] "GET /xingrg/javascript/ToolTips.js HTTP/1.1" 200 5615
180.165.48.189 - - [03/Oct/2023:10:28:15 +0800] "GET /xingrg/javascript/myfunction.js HTTP/1.1" 200 24559
180.165.48.189 - - [03/Oct/2023:10:28:15 +0800] "GET /xingrg/javascript/jquery_ui/jquery-ui.min.js HTTP/1.1" 200 186181
180.165.48.189 - - [03/Oct/2023:10:28:15 +0800] "GET /xingrg/images/blue/button/cgxqd.gif HTTP/1.1" 200 2619
180.165.48.189 - - [03/Oct/2023:10:28:15 +0800] "GET /xingrg/images/blue/button/qqpsd.gif HTTP/1.1" 200 2548
180.165.48.189 - - [03/Oct/2023:10:28:15 +0800] "GET /xingrg/images/blue/button/pszx.gif HTTP/1.1" 200 2648
180.165.48.189 - - [03/Oct/2023:10:28:15 +0800] "GET /xingrg/images/blue/button/psshd.gif HTTP/1.1" 200 2692
180.165.48.189 - - [03/Oct/2023:10:28:15 +0800] "GET /xingrg/images/blue/pic_form2.gif HTTP/1.1" 200 1853
180.165.48.189 - - [03/Oct/2023:10:28:15 +0800] "GET /xingrg/images/blue/button/right_ah.jpg HTTP/1.1" 200 1744
180.165.48.189 - - [03/Oct/2023:10:28:15 +0800] "GET /xingrg/javascript/jquery_ui/themes/humanity/images/ui-bg_inset-soft_100_f4f0ec_1x100.png HTTP/1.1" 200 141
180.165.48.189 - - [03/Oct/2023:10:28:15 +0800] "GET /xingrg/images/blue/bg_dotted.jpg HTTP/1.1" 200 319
180.165.48.189 - - [03/Oct/2023:10:28:15 +0800] "GET /xingrg/images/blue/button/down_ah.jpg HTTP/1.1" 200 1732
180.165.48.189 - - [03/Oct/2023:10:28:16 +0800] "GET /xingrg/javascript/jquery_ui/themes/humanity/images/ui-icons_ffffff_256x240.png HTTP/1.1" 200 4369
180.165.48.189 - - [03/Oct/2023:10:28:16 +0800] "GET /xingrg/javascript/jquery_ui/themes/humanity/images/ui-icons_c47a23_256x240.png HTTP/1.1" 200 5355
180.165.48.189 - - [03/Oct/2023:10:28:16 +0800] "GET /xingrg/javascript/jquery_ui/themes/humanity/images/ui-bg_glass_70_ede4d4_1x400.png HTTP/1.1" 200 161
180.165.48.189 - - [03/Oct/2023:10:28:16 +0800] "GET /xingrg/javascript/jquery_ui/themes/humanity/images/ui-iconsnew.jpg HTTP/1.1" 200 337
180.165.48.189 - - [03/Oct/2023:10:28:16 +0800] "GET /xingrg/images/yd/bt.gif HTTP/1.1" 404 1040
124.78.155.92 - - [03/Oct/2023:10:28:16 +0800] "POST /xingrg/services/DataTransmitService HTTP/1.1" 200 501
116.235.244.193 - - [03/Oct/2023:10:28:16 +0800] "GET /xingrg/all/function/internal_message.html?_=1696300102579&CODE_STATE=getMsg HTTP/1.1" 200 27
180.165.48.189 - - [03/Oct/2023:10:28:17 +0800] "GET /xingrg/kc/mdqp/qqps_order_list.html HTTP/1.1" 200 8966
180.165.48.189 - - [03/Oct/2023:10:28:17 +0800] "GET /xingrg/dwr/interface/AjaxQqpsService.js HTTP/1.1" 200 16326
180.165.48.189 - - [03/Oct/2023:10:28:17 +0800] "GET /xingrg/dwr/interface/AjaxReportQueryService.js HTTP/1.1" 200 13203
180.165.48.189 - - [03/Oct/2023:10:28:17 +0800] "GET /xingrg/dwr/engine.js HTTP/1.1" 200 43631
180.165.48.189 - - [03/Oct/2023:10:28:17 +0800] "GET /xingrg/dwr/util.js HTTP/1.1" 200 35990
180.165.48.189 - - [03/Oct/2023:10:28:17 +0800] "GET /xingrg/javascript/Calendar.js HTTP/1.1" 200 31561
180.165.48.189 - - [03/Oct/2023:10:28:17 +0800] "GET /xingrg/javascript/jquery_easy_ui/themes/icons/cance_new.png HTTP/1.1" 200 3986
180.165.48.189 - - [03/Oct/2023:10:28:17 +0800] "GET /xingrg/javascript/jquery_easy_ui/themes/icons/check_new.png HTTP/1.1" 200 3224
180.165.48.189 - - [03/Oct/2023:10:28:17 +0800] "GET /xingrg/javascript/jquery_easy_ui/themes/icons/edit_add_new.png HTTP/1.1" 200 2997
114.95.241.104 - - [03/Oct/2023:10:28:18 +0800] "GET /xingrg/all/function/internal_message.html?_=1696300098360&CODE_STATE=getMsg HTTP/1.1" 200 27
114.83.218.82 - - [03/Oct/2023:10:28:19 +0800] "GET /xingrg/kc/base/wldb_order_operate.html?command=get_materiel&rest_code=00149&base_code=0010394&code=00101019376 HTTP/1.1" 200 476
124.78.155.92 - - [03/Oct/2023:10:28:20 +0800] "POST /xingrg/services/DataTransmitService HTTP/1.1" 200 501
124.78.155.92 - - [03/Oct/2023:10:28:23 +0800] "POST /xingrg/services/DataTransmitService HTTP/1.1" 200 412
180.165.48.189 - - [03/Oct/2023:10:28:23 +0800] "GET /xingrg/kc/mdqp/qqps_order_list.html?isQuery=1&timeSelect=1&orderTime=day&startTime=2023-08-01&endTime=2023-10-03&state=all&query=%C8%B7++%B6%A8 HTTP/1.1" 200 10331
180.165.48.189 - - [03/Oct/2023:10:28:23 +0800] "GET /xingrg/dwr/interface/AjaxQqpsService.js HTTP/1.1" 200 16326
180.165.48.189 - - [03/Oct/2023:10:28:23 +0800] "GET /xingrg/dwr/interface/AjaxReportQueryService.js HTTP/1.1" 200 13203
180.165.48.189 - - [03/Oct/2023:10:28:23 +0800] "GET /xingrg/dwr/engine.js HTTP/1.1" 200 43631
114.83.218.82 - - [03/Oct/2023:10:28:24 +0800] "GET /xingrg/kc/base/wldb_order_operate.html?command=get_materiel&rest_code=00149&base_code=0010394&code=00101016019 HTTP/1.1" 200 450
101.83.145.37 - - [03/Oct/2023:10:28:24 +0800] "GET /xingrg/all/function/internal_message.html?_=1696299886742&CODE_STATE=getMsg HTTP/1.1" 200 27
180.169.147.146 - - [03/Oct/2023:10:28:24 +0800] "GET /xingrg/all/function/internal_message.html?_=1696300104369&CODE_STATE=getMsg HTTP/1.1" 200 27
124.78.155.92 - - [03/Oct/2023:10:28:25 +0800] "GET /xingrg/all/function/internal_message.html?_=1696300109018&CODE_STATE=getMsg HTTP/1.1" 200 27
124.78.155.92 - - [03/Oct/2023:10:28:25 +0800] "GET /xingrg/check_reg.html?_=1696300109158 HTTP/1.1" 200 22
180.165.48.189 - - [03/Oct/2023:10:28:27 +0800] "GET /xingrg/kc/mdqp/qqps_order_info.html?code=302023091000185 HTTP/1.1" 200 8212
180.165.48.189 - - [03/Oct/2023:10:28:27 +0800] "GET /xingrg/kc/mdqp/qqps_order_info.html?code=302023091000185 HTTP/1.1" 200 24229
180.165.48.189 - - [03/Oct/2023:10:28:27 +0800] "GET /xingrg/javascript/auto/jquery.autocomplete.css HTTP/1.1" 200 587
180.165.48.189 - - [03/Oct/2023:10:28:27 +0800] "GET /xingrg/javascript/tools/jquery.qtip-1.0.0-rc3.min.js HTTP/1.1" 200 38404
180.165.48.189 - - [03/Oct/2023:10:28:27 +0800] "GET /xingrg/javascript/auto/jquery.autocomplete.js HTTP/1.1" 200 21624
180.165.48.189 - - [03/Oct/2023:10:28:27 +0800] "GET /xingrg/dwr/interface/AjaxComOrderService.js HTTP/1.1" 200 18264
180.165.48.189 - - [03/Oct/2023:10:28:27 +0800] "GET /xingrg/dwr/interface/AjaxQqpsService.js HTTP/1.1" 200 16326
180.165.48.189 - - [03/Oct/2023:10:28:27 +0800] "GET /xingrg/dwr/engine.js HTTP/1.1" 200 43631
180.165.48.189 - - [03/Oct/2023:10:28:27 +0800] "GET /xingrg/javascript/AjaxInfoList.js HTTP/1.1" 200 3774
180.165.48.189 - - [03/Oct/2023:10:28:27 +0800] "GET /xingrg/javascript/Grid.js HTTP/1.1" 200 58908
180.165.48.189 - - [03/Oct/2023:10:28:27 +0800] "GET /xingrg/javascript/print/kc_print.js HTTP/1.1" 200 11415
180.165.48.189 - - [03/Oct/2023:10:28:27 +0800] "GET /xingrg/javascript/print/LodopFuncs.js HTTP/1.1" 200 5121
180.165.48.189 - - [03/Oct/2023:10:28:27 +0800] "GET /xingrg/words/20231002151928_words.js HTTP/1.1" 200 990775
180.165.48.189 - - [03/Oct/2023:10:28:28 +0800] "GET /xingrg/javascript/jquery_easy_ui/themes/icons/back_new.png HTTP/1.1" 200 3414
180.165.48.189 - - [03/Oct/2023:10:28:28 +0800] "GET /xingrg/javascript/jquery_easy_ui/themes/icons/copy_new.png HTTP/1.1" 200 815
180.165.48.189 - - [03/Oct/2023:10:28:28 +0800] "GET /xingrg/javascript/jquery_easy_ui/themes/icons/print.png HTTP/1.1" 200 1057
180.165.48.189 - - [03/Oct/2023:10:28:28 +0800] "GET /xingrg/javascript/jquery_easy_ui/themes/default/images/menu_downarrow.png HTTP/1.1" 200 173
180.165.48.189 - - [03/Oct/2023:10:28:28 +0800] "GET /xingrg/javascript/jquery_easy_ui/themes/icons/template_new.png HTTP/1.1" 200 3956
180.165.48.189 - - [03/Oct/2023:10:28:28 +0800] "GET /xingrg/images/blue/wait.gif HTTP/1.1" 200 1100
180.165.48.189 - - [03/Oct/2023:10:28:28 +0800] "GET /xingrg/javascript/jquery_easy_ui/themes/default/images/combo_arrow_dot.gif HTTP/1.1" 200 79
180.165.48.189 - - [03/Oct/2023:10:28:28 +0800] "GET /xingrg/images/blue/kc_tab_mid.gif HTTP/1.1" 200 44
180.165.48.189 - - [03/Oct/2023:10:28:28 +0800] "GET /xingrg/images/blue/kc_tab_left.gif HTTP/1.1" 200 188
180.165.48.189 - - [03/Oct/2023:10:28:28 +0800] "GET /xingrg/images/blue/kc_tab_right.gif HTTP/1.1" 200 643
180.165.48.189 - - [03/Oct/2023:10:28:29 +0800] "POST /xingrg/dwr/call/plaincall/AjaxQqpsService.loadMaterielItems.dwr HTTP/1.1" 200 516
180.152.241.196 - - [03/Oct/2023:10:28:29 +0800] "GET /xingrg/check_reg.html?_=1696300109526 HTTP/1.1" 200 22
180.152.241.196 - - [03/Oct/2023:10:28:29 +0800] "GET /xingrg/all/function/internal_message.html?_=1696300109526&CODE_STATE=getMsg HTTP/1.1" 200 27
114.95.241.104 - - [03/Oct/2023:10:28:31 +0800] "GET /xingrg/all/function/internal_message.html?_=1696300110376&CODE_STATE=getMsg HTTP/1.1" 200 27
114.83.218.82 - - [03/Oct/2023:10:28:31 +0800] "GET /xingrg/kc/base/wldb_order_operate.html?command=get_materiel&rest_code=00149&base_code=0010394&code=00101016020 HTTP/1.1" 200 446
180.169.147.146 - - [03/Oct/2023:10:28:34 +0800] "GET /xingrg/all/function/internal_message.html?_=1696300112118&CODE_STATE=getMsg HTTP/1.1" 200 27
180.152.241.196 - - [03/Oct/2023:10:28:34 +0800] "POST /xingrg/kc/buy/cgsh_order_operate.html HTTP/1.1" 200 37
124.78.69.58 - - [03/Oct/2023:10:28:34 +0800] "GET /xingrg/all/function/internal_message.html?_=1696299536282&CODE_STATE=getMsg HTTP/1.1" 200 27
124.78.69.58 - - [03/Oct/2023:10:28:35 +0800] "GET /xingrg/check_reg.html?_=1696299537002 HTTP/1.1" 200 22
101.83.145.37 - - [03/Oct/2023:10:28:37 +0800] "GET /xingrg/all/function/internal_message.html?_=1696300118499&CODE_STATE=getMsg HTTP/1.1" 200 27
114.83.218.82 - - [03/Oct/2023:10:28:39 +0800] "GET /xingrg/kc/base/wldb_order_operate.html?command=get_materiel&rest_code=00149&base_code=0010394&code=00101013052 HTTP/1.1" 200 442
124.79.244.25 - - [03/Oct/2023:10:28:39 +0800] "GET /xingrg/all/function/internal_message.html?_=1696300419530&CODE_STATE=getMsg HTTP/1.1" 200 27
114.83.218.82 - - [03/Oct/2023:10:28:41 +0800] "GET /xingrg/all/function/internal_message.html?_=1696300119548&CODE_STATE=getMsg HTTP/1.1" 200 27
180.165.48.189 - - [03/Oct/2023:10:28:42 +0800] "GET /xingrg/all/function/internal_message.html?_=1696300121918&CODE_STATE=getMsg HTTP/1.1" 200 27
180.152.241.196 - - [03/Oct/2023:10:28:43 +0800] "POST /xingrg/kc/buy/cgsh_order_operate.html HTTP/1.1" 200 100
124.78.155.92 - - [03/Oct/2023:10:28:43 +0800] "GET /xingrg/all/function/internal_message.html?_=1696300116849&CODE_STATE=getMsg HTTP/1.1" 200 27
114.83.218.82 - - [03/Oct/2023:10:28:44 +0800] "GET /xingrg/kc/base/wldb_order_operate.html?command=get_materiel&rest_code=00149&base_code=0010394&code=00101016044 HTTP/1.1" 200 466
58.40.7.146 - - [03/Oct/2023:10:28:51 +0800] "GET /xingrg/all/function/internal_message.html?_=1696300129823&CODE_STATE=getMsg HTTP/1.1" 200 27
101.228.187.155 - - [03/Oct/2023:10:28:51 +0800] "GET /xingrg/all/function/internal_message.html?_=1696300131762&CODE_STATE=getMsg HTTP/1.1" 200 27
222.70.180.200 - - [03/Oct/2023:10:28:54 +0800] "GET /xingrg/check_reg.html?_=1696300134798 HTTP/1.1" 200 22
222.70.180.200 - - [03/Oct/2023:10:28:54 +0800] "GET /xingrg/all/function/internal_message.html?_=1696300134910&CODE_STATE=getMsg HTTP/1.1" 200 27
180.152.241.196 - - [03/Oct/2023:10:28:55 +0800] "POST /xingrg/kc/buy/cgsh_order_operate.html HTTP/1.1" 200 37
116.230.110.33 - - [03/Oct/2023:10:28:55 +0800] "GET /xingrg/all/function/internal_message.html?_=1696299969288&CODE_STATE=getMsg HTTP/1.1" 200 27
124.78.155.92 - - [03/Oct/2023:10:28:56 +0800] "GET /xingrg/kc/buy/cgsh_order_add.html HTTP/1.1" 200 72530
180.165.48.189 - - [03/Oct/2023:10:28:56 +0800] "GET /xingrg/all/function/internal_message.html?_=1696300137055&CODE_STATE=getMsg HTTP/1.1" 200 27
124.78.155.92 - - [03/Oct/2023:10:28:57 +0800] "POST /xingrg/kc/buy/cgsh_order_operate.html HTTP/1.1" 200 8245
124.78.155.92 - - [03/Oct/2023:10:28:57 +0800] "GET /xingrg/javascript/easyui/themes/default/validatebox.css HTTP/1.1" 404 1104
124.78.155.92 - - [03/Oct/2023:10:28:57 +0800] "GET /xingrg/javascript/easyui/themes/default/tree.css HTTP/1.1" 404 1090
124.78.155.92 - - [03/Oct/2023:10:28:58 +0800] "POST /xingrg/all/common/load_tree.html?tree=supplier_tree_json&isDelete=1 HTTP/1.1" 200 76299
58.40.7.146 - - [03/Oct/2023:10:29:02 +0800] "POST /xingrg/kc/cost/cost_operate.html HTTP/1.1" 200 4
180.152.241.196 - - [03/Oct/2023:10:29:03 +0800] "GET /xingrg/all/function/internal_message.html?_=1696300143359&CODE_STATE=getMsg HTTP/1.1" 200 27
222.70.180.200 - - [03/Oct/2023:10:29:04 +0800] "GET /xingrg/check_reg.html?_=1696300434376 HTTP/1.1" 200 22
222.70.180.200 - - [03/Oct/2023:10:29:04 +0800] "GET /xingrg/all/function/internal_message.html?_=1696300434381&CODE_STATE=getMsg HTTP/1.1" 200 27
180.152.241.196 - - [03/Oct/2023:10:29:04 +0800] "POST /xingrg/kc/buy/cgsh_order_operate.html HTTP/1.1" 200 11653
124.78.155.92 - - [03/Oct/2023:10:29:16 +0800] "GET /xingrg/kc/buy/cgsh_order_operate.html?command=get_materiel&rest_code=00106&code=00101005037&supplier_code=00100631&order_time=2023-10-03 HTTP/1.1" 200 409
116.235.244.193 - - [03/Oct/2023:10:29:17 +0800] "GET /xingrg/all/function/internal_message.html?_=1696300162657&CODE_STATE=getMsg HTTP/1.1" 200 27
114.83.218.82 - - [03/Oct/2023:10:29:17 +0800] "GET /xingrg/kc/base/wldb_order_operate.html?command=get_materiel&rest_code=00149&base_code=0010394&code=00101019071 HTTP/1.1" 200 471
114.95.241.104 - - [03/Oct/2023:10:29:18 +0800] "GET /xingrg/check_reg.html?_=1696300158351 HTTP/1.1" 200 22
114.95.241.104 - - [03/Oct/2023:10:29:18 +0800] "GET /xingrg/all/function/internal_message.html?_=1696300158354&CODE_STATE=getMsg HTTP/1.1" 200 27
101.83.145.37 - - [03/Oct/2023:10:29:24 +0800] "GET /xingrg/all/function/internal_message.html?_=1696299946719&CODE_STATE=getMsg HTTP/1.1" 200 27
180.169.147.146 - - [03/Oct/2023:10:29:24 +0800] "GET /xingrg/all/function/internal_message.html?_=1696300164369&CODE_STATE=getMsg HTTP/1.1" 200 27
124.78.155.92 - - [03/Oct/2023:10:29:25 +0800] "GET /xingrg/all/function/internal_message.html?_=1696300169026&CODE_STATE=getMsg HTTP/1.1" 200 27
180.169.147.146 - - [03/Oct/2023:10:29:27 +0800] "GET /xingrg/kc/base/yddb_order_list.html HTTP/1.1" 200 16786
180.169.147.146 - - [03/Oct/2023:10:29:28 +0800] "POST /xingrg/kc/base/yddb_list_operate.html HTTP/1.1" 200 636
180.152.241.196 - - [03/Oct/2023:10:29:29 +0800] "GET /xingrg/all/function/internal_message.html?_=1696300169809&CODE_STATE=getMsg HTTP/1.1" 200 27
180.169.147.146 - - [03/Oct/2023:10:29:30 +0800] "POST /xingrg/kc/base/yddb_list_operate.html HTTP/1.1" 200 4384
114.95.241.104 - - [03/Oct/2023:10:29:31 +0800] "GET /xingrg/all/function/internal_message.html?_=1696300170373&CODE_STATE=getMsg HTTP/1.1" 200 27
180.169.147.146 - - [03/Oct/2023:10:29:31 +0800] "POST /xingrg/kc/base/yddb_list_operate.html HTTP/1.1" 200 199
180.169.147.146 - - [03/Oct/2023:10:29:32 +0800] "GET /xingrg/kc/base/yddb_order_info.html?code=482023093000298 HTTP/1.1" 200 31907
180.169.147.146 - - [03/Oct/2023:10:29:32 +0800] "GET /xingrg/dwr/interface/AjaxComOrderService.js HTTP/1.1" 200 18264
180.169.147.146 - - [03/Oct/2023:10:29:32 +0800] "GET /xingrg/dwr/interface/AjaxYddbService.js HTTP/1.1" 200 13201
180.169.147.146 - - [03/Oct/2023:10:29:32 +0800] "GET /xingrg/dwr/engine.js HTTP/1.1" 200 43631
180.169.147.146 - - [03/Oct/2023:10:29:32 +0800] "POST /xingrg/dwr/call/plaincall/AjaxYddbService.loadMaterielItems.dwr HTTP/1.1" 200 379
180.152.241.196 - - [03/Oct/2023:10:29:34 +0800] "POST /xingrg/kc/buy/cgsh_order_operate.html HTTP/1.1" 200 37
180.169.147.146 - - [03/Oct/2023:10:29:34 +0800] "GET /xingrg/kc/base/yddb_order_report.html?fileType=servlets/html&code=482023093000298&reportName=ck_order_report&subName=yddb HTTP/1.1" 302 -
180.169.147.146 - - [03/Oct/2023:10:29:34 +0800] "GET /xingrg/servlets/html?sysBaseUrl=http%3A%2F%2F180.169.147.146%3A18081%2Fxingrg%2F&costTime=572×tamp=1696300174156 HTTP/1.1" 200 14696
180.169.147.146 - - [03/Oct/2023:10:29:34 +0800] "GET /xingrg/servlets/image?image=px HTTP/1.1" 200 807
180.169.147.146 - - [03/Oct/2023:10:29:34 +0800] "GET /favicon.ico HTTP/1.1" 404 -
180.169.147.146 - - [03/Oct/2023:10:29:34 +0800] "GET /xingrg/all/function/internal_message.html?_=1696300172098&CODE_STATE=getMsg HTTP/1.1" 200 27
58.40.7.146 - - [03/Oct/2023:10:29:34 +0800] "GET /xingrg/kc/cost/cost_page.html HTTP/1.1" 200 4089
58.40.7.146 - - [03/Oct/2023:10:29:34 +0800] "GET /xingrg/css/blue.css HTTP/1.1" 304 -
58.40.7.146 - - [03/Oct/2023:10:29:34 +0800] "GET /xingrg/javascript/jquery_easy_ui/themes/default/easyui.css HTTP/1.1" 304 -
58.40.7.146 - - [03/Oct/2023:10:29:34 +0800] "GET /xingrg/javascript/jquery_easy_ui/themes/icon.css HTTP/1.1" 304 -
58.40.7.146 - - [03/Oct/2023:10:29:34 +0800] "GET /xingrg/javascript/step/step.css HTTP/1.1" 304 -
58.40.7.146 - - [03/Oct/2023:10:29:34 +0800] "GET /xingrg/css/table.css HTTP/1.1" 304 -
58.40.7.146 - - [03/Oct/2023:10:29:34 +0800] "GET /xingrg/dwr/interface/AjaxReportQueryService.js HTTP/1.1" 200 13203
124.78.69.58 - - [03/Oct/2023:10:29:34 +0800] "GET /xingrg/all/function/internal_message.html?_=1696299596257&CODE_STATE=getMsg HTTP/1.1" 200 27
58.40.7.146 - - [03/Oct/2023:10:29:34 +0800] "GET /xingrg/dwr/engine.js HTTP/1.1" 200 43631
58.40.7.146 - - [03/Oct/2023:10:29:34 +0800] "GET /xingrg/dwr/util.js HTTP/1.1" 304 -
58.40.7.146 - - [03/Oct/2023:10:29:34 +0800] "GET /xingrg/javascript/jquery-1.4.2.min.js HTTP/1.1" 304 -
58.40.7.146 - - [03/Oct/2023:10:29:34 +0800] "GET /xingrg/javascript/jquery_easy_ui/jquery.easyui.min.js HTTP/1.1" 304 -
58.40.7.146 - - [03/Oct/2023:10:29:35 +0800] "GET /xingrg/javascript/jquery_easy_ui/easyui-lang-zh_CN.js HTTP/1.1" 304 -
58.40.7.146 - - [03/Oct/2023:10:29:35 +0800] "GET /xingrg/javascript/jquery.utils.js HTTP/1.1" 304 -
58.40.7.146 - - [03/Oct/2023:10:29:35 +0800] "GET /xingrg/images/control/ajaxLoader.gif HTTP/1.1" 304 -
180.152.241.196 - - [03/Oct/2023:10:29:35 +0800] "POST /xingrg/kc/buy/cgsh_order_operate.html HTTP/1.1" 200 6847
101.83.145.37 - - [03/Oct/2023:10:29:37 +0800] "GET /xingrg/all/function/internal_message.html?_=1696300178501&CODE_STATE=getMsg HTTP/1.1" 200 27
180.152.241.196 - - [03/Oct/2023:10:29:38 +0800] "GET /xingrg/kc/buy/cgsh_order_add.html HTTP/1.1" 200 72565
180.152.241.196 - - [03/Oct/2023:10:29:38 +0800] "POST /xingrg/kc/buy/cgsh_order_operate.html HTTP/1.1" 200 8245
180.152.241.196 - - [03/Oct/2023:10:29:38 +0800] "GET /xingrg/javascript/easyui/themes/default/validatebox.css HTTP/1.1" 404 1104
124.79.244.25 - - [03/Oct/2023:10:29:39 +0800] "GET /xingrg/all/function/internal_message.html?_=1696300479529&CODE_STATE=getMsg HTTP/1.1" 200 27
180.152.241.196 - - [03/Oct/2023:10:29:40 +0800] "GET /xingrg/javascript/easyui/plugins/jquery.draggable.js HTTP/1.1" 200 6121
180.152.241.196 - - [03/Oct/2023:10:29:40 +0800] "GET /xingrg/css/images/panel_loading.gif HTTP/1.1" 200 1737
180.152.241.196 - - [03/Oct/2023:10:29:40 +0800] "GET /xingrg/javascript/easyui/plugins/jquery.droppable.js HTTP/1.1" 200 1167
180.152.241.196 - - [03/Oct/2023:10:29:40 +0800] "GET /xingrg/javascript/easyui/themes/default/tree.css HTTP/1.1" 404 1090
180.152.241.196 - - [03/Oct/2023:10:29:40 +0800] "GET /xingrg/javascript/easyui/plugins/jquery.tree.js HTTP/1.1" 200 20874
180.152.241.196 - - [03/Oct/2023:10:29:40 +0800] "POST /xingrg/all/common/load_tree.html?tree=supplier_tree_json&isDelete=1 HTTP/1.1" 200 76299
114.83.218.82 - - [03/Oct/2023:10:29:41 +0800] "GET /xingrg/check_reg.html?_=1696300179538 HTTP/1.1" 200 22
114.83.218.82 - - [03/Oct/2023:10:29:41 +0800] "GET /xingrg/all/function/internal_message.html?_=1696300179543&CODE_STATE=getMsg HTTP/1.1" 200 27
180.169.147.146 - - [03/Oct/2023:10:29:41 +0800] "POST /xingrg/kc/base/yddb_list_operate.html HTTP/1.1" 200 430
180.152.241.196 - - [03/Oct/2023:10:29:42 +0800] "GET /xingrg/javascript/easyui/themes/default/images/tree_folder_open.gif HTTP/1.1" 200 956
180.152.241.196 - - [03/Oct/2023:10:29:42 +0800] "GET /xingrg/javascript/easyui/themes/default/images/tree_folder.gif HTTP/1.1" 200 952
180.152.241.196 - - [03/Oct/2023:10:29:42 +0800] "GET /xingrg/javascript/easyui/themes/default/images/tree_arrows.gif HTTP/1.1" 200 617
180.152.241.196 - - [03/Oct/2023:10:29:42 +0800] "GET /xingrg/javascript/easyui/themes/default/images/tree_file.gif HTTP/1.1" 200 118
180.169.147.146 - - [03/Oct/2023:10:29:42 +0800] "GET /xingrg/kc/base/yddb_order_info.html?code=482023100100001 HTTP/1.1" 200 30901
180.169.147.146 - - [03/Oct/2023:10:29:42 +0800] "GET /xingrg/dwr/interface/AjaxComOrderService.js HTTP/1.1" 200 18264
180.169.147.146 - - [03/Oct/2023:10:29:42 +0800] "GET /xingrg/dwr/interface/AjaxYddbService.js HTTP/1.1" 200 13201
180.169.147.146 - - [03/Oct/2023:10:29:42 +0800] "GET /xingrg/dwr/engine.js HTTP/1.1" 200 43631
180.169.147.146 - - [03/Oct/2023:10:29:42 +0800] "POST /xingrg/dwr/call/plaincall/AjaxYddbService.loadMaterielItems.dwr HTTP/1.1" 200 1349
180.165.48.189 - - [03/Oct/2023:10:29:42 +0800] "GET /xingrg/all/function/internal_message.html?_=1696300181911&CODE_STATE=getMsg HTTP/1.1" 200 27
180.163.30.76 - - [03/Oct/2023:10:29:43 +0800] "GET /xingrg/all/function/internal_message.html?_=1696300116849&CODE_STATE=getMsg HTTP/1.1" 302 -
