180.165.48.189 - - [03/Oct/2023:09:28:38 +0800] "GET /xingrg/kc/buy/cgsh_order_operate.html?command=get_materiel&rest_code=00108&code=00101006175&supplier_code=00100012&order_time=2023-10-03 HTTP/1.1" 200 414
124.79.244.25 - - [03/Oct/2023:09:28:40 +0800] "GET /xingrg/all/function/internal_message.html?_=1696296820750&CODE_STATE=getMsg HTTP/1.1" 200 27
101.83.145.37 - - [03/Oct/2023:09:28:42 +0800] "GET /xingrg/kc/base/wldb_order_add.html HTTP/1.1" 200 30457
101.83.145.37 - - [03/Oct/2023:09:28:42 +0800] "POST /xingrg/kc/base/wldb_order_operate.html HTTP/1.1" 200 6806
180.165.48.189 - - [03/Oct/2023:09:28:42 +0800] "GET /xingrg/all/function/internal_message.html?_=1696296521926&CODE_STATE=getMsg HTTP/1.1" 200 27
101.83.145.37 - - [03/Oct/2023:09:28:43 +0800] "GET /xingrg/javascript/easyui/themes/default/validatebox.css HTTP/1.1" 404 1104
180.163.30.76 - - [03/Oct/2023:09:28:43 +0800] "GET /xingrg/all/function/internal_message.html?_=1696296457020&CODE_STATE=getMsg HTTP/1.1" 302 -
180.163.30.76 - - [03/Oct/2023:09:28:43 +0800] "GET /xingrg/login.html HTTP/1.1" 200 7641
124.78.155.92 - - [03/Oct/2023:09:28:43 +0800] "GET /xingrg/all/function/internal_message.html?_=1696296517024&CODE_STATE=getMsg HTTP/1.1" 200 27
116.235.244.193 - - [03/Oct/2023:09:28:45 +0800] "GET /xingrg/javascript/multi_select/dropdown_hover.gif HTTP/1.1" 304 -
180.165.48.189 - - [03/Oct/2023:09:28:46 +0800] "GET /xingrg/kc/buy/cgsh_order_operate.html?command=get_materiel&rest_code=00108&code=00101010161&supplier_code=00100012&order_time=2023-10-03 HTTP/1.1" 200 409
114.83.218.82 - - [03/Oct/2023:09:28:47 +0800] "GET /xingrg/all/function/internal_message.html?_=1696296525372&CODE_STATE=getMsg HTTP/1.1" 200 27
116.235.244.193 - - [03/Oct/2023:09:28:49 +0800] "POST /xingrg/dwr/call/plaincall/AjaxReportQueryService.refreshCache.dwr HTTP/1.1" 200 78
180.163.28.180 - - [03/Oct/2023:09:28:50 +0800] "GET /xingrg/all/function/internal_message.html?_=1696296470620&CODE_STATE=getMsg HTTP/1.1" 302 -
180.163.28.180 - - [03/Oct/2023:09:28:50 +0800] "GET /xingrg/login.html HTTP/1.1" 200 7641
180.169.147.146 - - [03/Oct/2023:09:28:50 +0800] "GET /xingrg/all/function/internal_message.html?_=1696296530642&CODE_STATE=getMsg HTTP/1.1" 200 27
180.169.147.146 - - [03/Oct/2023:09:28:50 +0800] "GET /xingrg/check_reg.html?_=1696296530648 HTTP/1.1" 200 22
116.235.244.193 - - [03/Oct/2023:09:28:53 +0800] "POST /xingrg/all/report/load_report_page.html HTTP/1.1" 200 168203
116.235.244.193 - - [03/Oct/2023:09:28:53 +0800] "GET /xingrg/servlets/image?cache=0.9764475284935777&image=px HTTP/1.1" 200 807
58.40.7.146 - - [03/Oct/2023:09:28:53 +0800] "GET /xingrg/all/function/internal_message.html?_=1696296531748&CODE_STATE=getMsg HTTP/1.1" 200 27
222.70.180.200 - - [03/Oct/2023:09:28:54 +0800] "GET /xingrg/check_reg.html?_=1696296534691 HTTP/1.1" 200 22
222.70.180.200 - - [03/Oct/2023:09:28:54 +0800] "GET /xingrg/all/function/internal_message.html?_=1696296534685&CODE_STATE=getMsg HTTP/1.1" 200 27
114.95.241.104 - - [03/Oct/2023:09:28:54 +0800] "GET /xingrg/all/function/internal_message.html?_=1696296534238&CODE_STATE=getMsg HTTP/1.1" 200 27
116.230.110.33 - - [03/Oct/2023:09:28:55 +0800] "GET /xingrg/all/function/internal_message.html?_=1696296369283&CODE_STATE=getMsg HTTP/1.1" 200 27
116.235.244.193 - - [03/Oct/2023:09:29:06 +0800] "POST /xingrg/all/report/report_print.html HTTP/1.1" 200 40493
101.83.145.37 - - [03/Oct/2023:09:29:11 +0800] "GET /xingrg/check_reg.html?_=1696296552303 HTTP/1.1" 200 22
101.83.145.37 - - [03/Oct/2023:09:29:13 +0800] "GET /xingrg/all/function/internal_message.html?_=1696296553695&CODE_STATE=getMsg HTTP/1.1" 200 27
116.235.244.193 - - [03/Oct/2023:09:29:16 +0800] "GET /xingrg/all/function/internal_message.html?_=1696296561501&CODE_STATE=getMsg HTTP/1.1" 200 27
180.165.48.189 - - [03/Oct/2023:09:29:16 +0800] "POST /xingrg/kc/buy/cgsh_order_operate.html HTTP/1.1" 200 37
180.165.48.189 - - [03/Oct/2023:09:29:18 +0800] "POST /xingrg/kc/buy/cgsh_order_operate.html HTTP/1.1" 200 4431
180.165.48.189 - - [03/Oct/2023:09:29:20 +0800] "GET /xingrg/kc/print/load_data.html?order_code=212023100300741&kc_code=cgsh&condition= HTTP/1.1" 200 1452
180.152.241.196 - - [03/Oct/2023:09:29:23 +0800] "GET /xingrg/all/function/internal_message.html?_=1696296565068&CODE_STATE=getMsg HTTP/1.1" 200 27
180.165.48.189 - - [03/Oct/2023:09:29:24 +0800] "GET /xingrg/kc/buy/cgsh_order_add.html HTTP/1.1" 200 72622
180.165.48.189 - - [03/Oct/2023:09:29:24 +0800] "POST /xingrg/kc/buy/cgsh_order_operate.html HTTP/1.1" 200 8245
180.165.48.189 - - [03/Oct/2023:09:29:25 +0800] "GET /xingrg/javascript/easyui/themes/default/validatebox.css HTTP/1.1" 404 1104
180.165.48.189 - - [03/Oct/2023:09:29:25 +0800] "GET /xingrg/javascript/auto/indicator.gif HTTP/1.1" 404 1066
124.78.155.92 - - [03/Oct/2023:09:29:25 +0800] "GET /xingrg/all/function/internal_message.html?_=1696296569020&CODE_STATE=getMsg HTTP/1.1" 200 27
101.83.145.37 - - [03/Oct/2023:09:29:26 +0800] "GET /xingrg/all/function/internal_message.html?_=1696296347904&CODE_STATE=getMsg HTTP/1.1" 200 27
180.165.48.189 - - [03/Oct/2023:09:29:26 +0800] "GET /xingrg/javascript/jquery_tools/images/prev.gif HTTP/1.1" 404 1086
180.165.48.189 - - [03/Oct/2023:09:29:26 +0800] "GET /xingrg/javascript/jquery_tools/images/next.gif HTTP/1.1" 404 1086
116.235.244.193 - - [03/Oct/2023:09:29:27 +0800] "GET /xingrg/all/function/internal_message.html?_=1696296572335&CODE_STATE=getMsg HTTP/1.1" 200 27
114.95.241.104 - - [03/Oct/2023:09:29:31 +0800] "GET /xingrg/all/function/internal_message.html?_=1696296570393&CODE_STATE=getMsg HTTP/1.1" 200 27
180.165.48.189 - - [03/Oct/2023:09:29:33 +0800] "GET /xingrg/kc/buy/cgsh_order_operate.html?command=get_materiel&rest_code=00108&code=00101007072&supplier_code=00100002&order_time=2023-10-03 HTTP/1.1" 200 419
124.79.244.25 - - [03/Oct/2023:09:29:40 +0800] "GET /xingrg/all/function/internal_message.html?_=1696296880726&CODE_STATE=getMsg HTTP/1.1" 200 27
180.152.241.196 - - [03/Oct/2023:09:29:41 +0800] "POST /xingrg/kc/buy/cgsh_order_operate.html HTTP/1.1" 200 37
180.165.48.189 - - [03/Oct/2023:09:29:42 +0800] "GET /xingrg/all/function/internal_message.html?_=1696296581929&CODE_STATE=getMsg HTTP/1.1" 200 27
124.78.155.92 - - [03/Oct/2023:09:29:43 +0800] "GET /xingrg/check_reg.html?_=1696296577030 HTTP/1.1" 200 22
124.78.155.92 - - [03/Oct/2023:09:29:43 +0800] "GET /xingrg/all/function/internal_message.html?_=1696296577026&CODE_STATE=getMsg HTTP/1.1" 200 27
101.83.145.37 - - [03/Oct/2023:09:29:43 +0800] "GET /xingrg/kc/base/wldb_order_operate.html?command=get_materiel&rest_code=00105&base_code=0010515&code=00101019425 HTTP/1.1" 200 458
180.165.48.189 - - [03/Oct/2023:09:29:44 +0800] "POST /xingrg/kc/buy/cgsh_order_operate.html HTTP/1.1" 200 37
180.152.241.196 - - [03/Oct/2023:09:29:46 +0800] "POST /xingrg/kc/buy/cgsh_order_operate.html HTTP/1.1" 200 15098
114.83.218.82 - - [03/Oct/2023:09:29:47 +0800] "GET /xingrg/all/function/internal_message.html?_=1696296585359&CODE_STATE=getMsg HTTP/1.1" 200 27
180.157.248.250 - - [03/Oct/2023:09:29:47 +0800] "GET /xingrg/check_reg.html?_=1696296587187 HTTP/1.1" 200 22
180.165.48.189 - - [03/Oct/2023:09:29:48 +0800] "POST /xingrg/kc/buy/cgsh_order_operate.html HTTP/1.1" 200 2664
180.165.48.189 - - [03/Oct/2023:09:29:50 +0800] "GET /xingrg/kc/print/load_data.html?order_code=212023100300742&kc_code=cgsh&condition= HTTP/1.1" 200 770
180.169.147.146 - - [03/Oct/2023:09:29:50 +0800] "GET /xingrg/all/function/internal_message.html?_=1696296590630&CODE_STATE=getMsg HTTP/1.1" 200 27
58.40.7.146 - - [03/Oct/2023:09:29:53 +0800] "GET /xingrg/all/function/internal_message.html?_=1696296591763&CODE_STATE=getMsg HTTP/1.1" 200 27
222.70.180.200 - - [03/Oct/2023:09:29:54 +0800] "GET /xingrg/all/function/internal_message.html?_=1696296594689&CODE_STATE=getMsg HTTP/1.1" 200 27
114.95.241.104 - - [03/Oct/2023:09:29:54 +0800] "GET /xingrg/all/function/internal_message.html?_=1696296594236&CODE_STATE=getMsg HTTP/1.1" 200 27
180.165.48.189 - - [03/Oct/2023:09:29:55 +0800] "GET /xingrg/kc/buy/cgsh_order_add.html HTTP/1.1" 200 72622
180.165.48.189 - - [03/Oct/2023:09:29:55 +0800] "POST /xingrg/kc/buy/cgsh_order_operate.html HTTP/1.1" 200 8245
180.165.48.189 - - [03/Oct/2023:09:29:55 +0800] "GET /xingrg/javascript/easyui/themes/default/validatebox.css HTTP/1.1" 404 1104
116.230.110.33 - - [03/Oct/2023:09:29:55 +0800] "GET /xingrg/all/function/internal_message.html?_=1696296429293&CODE_STATE=getMsg HTTP/1.1" 200 27
180.152.241.196 - - [03/Oct/2023:09:29:55 +0800] "POST /xingrg/kc/buy/cgsh_list_operate.html HTTP/1.1" 200 6381
180.165.48.189 - - [03/Oct/2023:09:29:56 +0800] "GET /xingrg/javascript/auto/indicator.gif HTTP/1.1" 404 1066
180.165.48.189 - - [03/Oct/2023:09:29:57 +0800] "GET /xingrg/javascript/jquery_tools/images/next.gif HTTP/1.1" 404 1086
180.165.48.189 - - [03/Oct/2023:09:29:57 +0800] "GET /xingrg/javascript/jquery_tools/images/prev.gif HTTP/1.1" 404 1086
101.83.145.37 - - [03/Oct/2023:09:30:13 +0800] "GET /xingrg/all/function/internal_message.html?_=1696296613674&CODE_STATE=getMsg HTTP/1.1" 200 27
116.235.244.193 - - [03/Oct/2023:09:30:16 +0800] "GET /xingrg/all/function/internal_message.html?_=1696296621509&CODE_STATE=getMsg HTTP/1.1" 200 27
101.83.145.37 - - [03/Oct/2023:09:30:22 +0800] "POST /xingrg/kc/base/wldb_order_operate.html HTTP/1.1" 200 37
101.83.145.37 - - [03/Oct/2023:09:30:22 +0800] "POST /xingrg/kc/base/wldb_order_operate.html HTTP/1.1" 200 2200
180.152.241.196 - - [03/Oct/2023:09:30:23 +0800] "GET /xingrg/all/function/internal_message.html?_=1696296625061&CODE_STATE=getMsg HTTP/1.1" 200 27
101.83.145.37 - - [03/Oct/2023:09:30:23 +0800] "GET /xingrg/kc/base/wldb_order_info.html?code=422023100300217 HTTP/1.1" 200 30464
101.83.145.37 - - [03/Oct/2023:09:30:24 +0800] "GET /xingrg/javascript/easyui/themes/default/validatebox.css HTTP/1.1" 404 1104
101.83.145.37 - - [03/Oct/2023:09:30:24 +0800] "POST /xingrg/kc/base/wldb_order_operate.html HTTP/1.1" 200 2200
124.78.155.92 - - [03/Oct/2023:09:30:25 +0800] "GET /xingrg/all/function/internal_message.html?_=1696296629037&CODE_STATE=getMsg HTTP/1.1" 200 27
101.83.145.37 - - [03/Oct/2023:09:30:26 +0800] "GET /xingrg/all/function/internal_message.html?_=1696296407949&CODE_STATE=getMsg HTTP/1.1" 200 27
101.83.145.37 - - [03/Oct/2023:09:30:26 +0800] "GET /xingrg/check_reg.html?_=1696296408190 HTTP/1.1" 200 22
116.235.244.193 - - [03/Oct/2023:09:30:27 +0800] "GET /xingrg/all/function/internal_message.html?_=1696296632346&CODE_STATE=getMsg HTTP/1.1" 200 27
101.83.145.37 - - [03/Oct/2023:09:30:29 +0800] "GET /xingrg/kc/base/wldb_order_add.html HTTP/1.1" 200 30457
101.83.145.37 - - [03/Oct/2023:09:30:29 +0800] "GET /xingrg/javascript/easyui/themes/default/validatebox.css HTTP/1.1" 404 1104
101.83.145.37 - - [03/Oct/2023:09:30:29 +0800] "POST /xingrg/kc/base/wldb_order_operate.html HTTP/1.1" 200 6806
114.95.241.104 - - [03/Oct/2023:09:30:31 +0800] "GET /xingrg/all/function/internal_message.html?_=1696296630376&CODE_STATE=getMsg HTTP/1.1" 200 27
124.78.69.58 - - [03/Oct/2023:09:30:35 +0800] "POST /xingrg/services/DataTransmitService HTTP/1.1" 200 524
124.79.244.25 - - [03/Oct/2023:09:30:40 +0800] "GET /xingrg/all/function/internal_message.html?_=1696296940707&CODE_STATE=getMsg HTTP/1.1" 200 27
180.165.48.189 - - [03/Oct/2023:09:30:42 +0800] "GET /xingrg/check_reg.html?_=1696296641919 HTTP/1.1" 200 22
180.165.48.189 - - [03/Oct/2023:09:30:42 +0800] "GET /xingrg/all/function/internal_message.html?_=1696296641921&CODE_STATE=getMsg HTTP/1.1" 200 27
124.78.155.92 - - [03/Oct/2023:09:30:43 +0800] "GET /xingrg/all/function/internal_message.html?_=1696296637031&CODE_STATE=getMsg HTTP/1.1" 200 27
180.163.30.100 - - [03/Oct/2023:09:30:43 +0800] "GET /xingrg/all/function/internal_message.html?_=1696296577026&CODE_STATE=getMsg HTTP/1.1" 302 -
180.163.30.100 - - [03/Oct/2023:09:30:43 +0800] "GET /xingrg/login.html HTTP/1.1" 200 7641
114.83.218.82 - - [03/Oct/2023:09:30:47 +0800] "GET /xingrg/all/function/internal_message.html?_=1696296645329&CODE_STATE=getMsg HTTP/1.1" 200 27
101.83.145.37 - - [03/Oct/2023:09:30:50 +0800] "POST /xingrg/kc/buy/cgsh_order_operate.html HTTP/1.1" 200 37
180.169.147.146 - - [03/Oct/2023:09:30:50 +0800] "GET /xingrg/all/function/internal_message.html?_=1696296650634&CODE_STATE=getMsg HTTP/1.1" 200 27
58.40.7.146 - - [03/Oct/2023:09:30:53 +0800] "GET /xingrg/all/function/internal_message.html?_=1696296651758&CODE_STATE=getMsg HTTP/1.1" 200 27
222.70.180.200 - - [03/Oct/2023:09:30:54 +0800] "GET /xingrg/all/function/internal_message.html?_=1696296654693&CODE_STATE=getMsg HTTP/1.1" 200 27
114.95.241.104 - - [03/Oct/2023:09:30:54 +0800] "GET /xingrg/all/function/internal_message.html?_=1696296654240&CODE_STATE=getMsg HTTP/1.1" 200 27
116.230.110.33 - - [03/Oct/2023:09:30:55 +0800] "GET /xingrg/all/function/internal_message.html?_=1696296489281&CODE_STATE=getMsg HTTP/1.1" 200 27
101.83.145.37 - - [03/Oct/2023:09:30:56 +0800] "POST /xingrg/kc/buy/cgsh_order_operate.html HTTP/1.1" 200 42269
101.83.145.37 - - [03/Oct/2023:09:31:13 +0800] "GET /xingrg/all/function/internal_message.html?_=1696296673640&CODE_STATE=getMsg HTTP/1.1" 200 27
180.152.241.196 - - [03/Oct/2023:09:31:13 +0800] "POST /xingrg/kc/buy/cgsh_list_operate.html HTTP/1.1" 200 573
116.235.244.193 - - [03/Oct/2023:09:31:14 +0800] "GET /xingrg/check_reg.html?_=1696296679997 HTTP/1.1" 200 22
180.152.241.196 - - [03/Oct/2023:09:31:15 +0800] "GET /xingrg/kc/buy/cgsh_order_info.html?code=212023100300732 HTTP/1.1" 200 72574
180.152.241.196 - - [03/Oct/2023:09:31:15 +0800] "GET /xingrg/javascript/easyui/themes/default/validatebox.css HTTP/1.1" 404 1104
116.235.244.193 - - [03/Oct/2023:09:31:16 +0800] "GET /xingrg/all/function/internal_message.html?_=1696296681523&CODE_STATE=getMsg HTTP/1.1" 200 27
180.152.241.196 - - [03/Oct/2023:09:31:16 +0800] "POST /xingrg/kc/buy/cgsh_order_operate.html HTTP/1.1" 200 20409
101.83.145.37 - - [03/Oct/2023:09:31:18 +0800] "GET /xingrg/kc/base/wldb_order_operate.html?command=get_materiel&rest_code=00105&base_code=0010515&code=00101008472 HTTP/1.1" 200 465
180.152.241.196 - - [03/Oct/2023:09:31:23 +0800] "GET /xingrg/all/function/internal_message.html?_=1696296685055&CODE_STATE=getMsg HTTP/1.1" 200 27
124.78.155.92 - - [03/Oct/2023:09:31:25 +0800] "GET /xingrg/all/function/internal_message.html?_=1696296689028&CODE_STATE=getMsg HTTP/1.1" 200 27
101.83.145.37 - - [03/Oct/2023:09:31:26 +0800] "GET /xingrg/all/function/internal_message.html?_=1696296467921&CODE_STATE=getMsg HTTP/1.1" 200 27
116.235.244.193 - - [03/Oct/2023:09:31:27 +0800] "GET /xingrg/all/function/internal_message.html?_=1696296692364&CODE_STATE=getMsg HTTP/1.1" 200 27
114.95.241.104 - - [03/Oct/2023:09:31:31 +0800] "GET /xingrg/all/function/internal_message.html?_=1696296690384&CODE_STATE=getMsg HTTP/1.1" 200 27
180.165.48.189 - - [03/Oct/2023:09:31:31 +0800] "GET /xingrg/kc/buy/cgsh_order_operate.html?command=get_materiel&rest_code=00108&code=00101036007&supplier_code=00100151&order_time=2023-09-30 HTTP/1.1" 200 411
180.152.241.196 - - [03/Oct/2023:09:31:35 +0800] "POST /xingrg/all/common/load_select.html HTTP/1.1" 200 12
124.79.244.25 - - [03/Oct/2023:09:31:39 +0800] "GET /xingrg/check_reg.html?_=1696296999505 HTTP/1.1" 200 22
180.152.241.196 - - [03/Oct/2023:09:31:39 +0800] "GET /xingrg/kc/buy/cgsh_order_operate.html?command=get_materiel_price&rest_code=00102&code=00101008125&unit_code=00100001&supplier_code=00100008&order_time=2023-10-03 HTTP/1.1" 200 28
124.79.244.25 - - [03/Oct/2023:09:31:40 +0800] "GET /xingrg/all/function/internal_message.html?_=1696297000677&CODE_STATE=getMsg HTTP/1.1" 200 27
120.253.135.82 - - [03/Oct/2023:09:31:42 +0800] "GET /xingrg/check_reg.html?_=1696296504775 HTTP/1.1" 200 22
180.165.48.189 - - [03/Oct/2023:09:31:42 +0800] "GET /xingrg/all/function/internal_message.html?_=1696296701916&CODE_STATE=getMsg HTTP/1.1" 200 27
124.78.155.92 - - [03/Oct/2023:09:31:43 +0800] "GET /xingrg/all/function/internal_message.html?_=1696296697032&CODE_STATE=getMsg HTTP/1.1" 200 27
101.83.145.37 - - [03/Oct/2023:09:31:45 +0800] "GET /xingrg/kc/base/wldb_order_operate.html?command=get_materiel&rest_code=00105&base_code=0010515&code=00101013090 HTTP/1.1" 200 428
114.83.218.82 - - [03/Oct/2023:09:31:47 +0800] "GET /xingrg/check_reg.html?_=1696296705297 HTTP/1.1" 200 22
114.83.218.82 - - [03/Oct/2023:09:31:47 +0800] "GET /xingrg/all/function/internal_message.html?_=1696296705301&CODE_STATE=getMsg HTTP/1.1" 200 27
124.79.244.25 - - [03/Oct/2023:09:31:47 +0800] "GET /xingrg/kc/base/check_order_list.html?isBack=1 HTTP/1.1" 200 16299
124.79.244.25 - - [03/Oct/2023:09:31:48 +0800] "POST /xingrg/kc/base/check_list_operate.html HTTP/1.1" 200 1914
180.169.147.146 - - [03/Oct/2023:09:31:50 +0800] "GET /xingrg/all/function/internal_message.html?_=1696296710629&CODE_STATE=getMsg HTTP/1.1" 200 27
58.40.7.146 - - [03/Oct/2023:09:31:53 +0800] "GET /xingrg/check_reg.html?_=1696296711752 HTTP/1.1" 200 22
58.40.7.146 - - [03/Oct/2023:09:31:53 +0800] "GET /xingrg/all/function/internal_message.html?_=1696296711753&CODE_STATE=getMsg HTTP/1.1" 200 27
101.83.145.37 - - [03/Oct/2023:09:31:53 +0800] "POST /xingrg/kc/buy/cgsh_order_operate.html HTTP/1.1" 200 37
222.70.180.200 - - [03/Oct/2023:09:31:54 +0800] "GET /xingrg/all/function/internal_message.html?_=1696296714682&CODE_STATE=getMsg HTTP/1.1" 200 27
114.95.241.104 - - [03/Oct/2023:09:31:54 +0800] "GET /xingrg/all/function/internal_message.html?_=1696296714255&CODE_STATE=getMsg HTTP/1.1" 200 27
114.95.241.104 - - [03/Oct/2023:09:31:54 +0800] "GET /xingrg/check_reg.html?_=1696296714262 HTTP/1.1" 200 22
116.230.110.33 - - [03/Oct/2023:09:31:55 +0800] "GET /xingrg/check_reg.html?_=1696296549290 HTTP/1.1" 200 22
116.230.110.33 - - [03/Oct/2023:09:31:55 +0800] "GET /xingrg/all/function/internal_message.html?_=1696296549292&CODE_STATE=getMsg HTTP/1.1" 200 27
114.95.241.104 - - [03/Oct/2023:09:31:58 +0800] "GET /xingrg/kc/buy/cgsh_order_add.html HTTP/1.1" 200 72140
114.95.241.104 - - [03/Oct/2023:09:31:58 +0800] "POST /xingrg/kc/buy/cgsh_order_operate.html HTTP/1.1" 200 8245
114.95.241.104 - - [03/Oct/2023:09:31:58 +0800] "GET /xingrg/javascript/easyui/themes/default/validatebox.css HTTP/1.1" 404 1104
180.165.48.189 - - [03/Oct/2023:09:31:58 +0800] "GET /xingrg/kc/buy/cgsh_order_operate.html?command=get_materiel&rest_code=00108&code=00101036005&supplier_code=00100151&order_time=2023-09-30 HTTP/1.1" 200 422
101.83.145.37 - - [03/Oct/2023:09:32:09 +0800] "GET /xingrg/kc/base/wldb_order_operate.html?command=get_materiel&rest_code=00105&base_code=0010515&code=00101013266 HTTP/1.1" 200 437
116.235.244.193 - - [03/Oct/2023:09:32:16 +0800] "GET /xingrg/all/function/internal_message.html?_=1696296741536&CODE_STATE=getMsg HTTP/1.1" 200 27
180.152.241.196 - - [03/Oct/2023:09:32:23 +0800] "GET /xingrg/all/function/internal_message.html?_=1696296745048&CODE_STATE=getMsg HTTP/1.1" 200 27
124.78.155.92 - - [03/Oct/2023:09:32:25 +0800] "GET /xingrg/all/function/internal_message.html?_=1696296749014&CODE_STATE=getMsg HTTP/1.1" 200 27
101.83.145.37 - - [03/Oct/2023:09:32:25 +0800] "GET /xingrg/all/function/internal_message.html?_=1696296527895&CODE_STATE=getMsg HTTP/1.1" 200 27
116.235.244.193 - - [03/Oct/2023:09:32:27 +0800] "GET /xingrg/all/function/internal_message.html?_=1696296752373&CODE_STATE=getMsg HTTP/1.1" 200 27
114.95.241.104 - - [03/Oct/2023:09:32:31 +0800] "GET /xingrg/check_reg.html?_=1696296750387 HTTP/1.1" 200 22
114.95.241.104 - - [03/Oct/2023:09:32:31 +0800] "GET /xingrg/all/function/internal_message.html?_=1696296750389&CODE_STATE=getMsg HTTP/1.1" 200 27
101.83.145.37 - - [03/Oct/2023:09:32:32 +0800] "GET /xingrg/kc/base/wldb_order_operate.html?command=get_materiel&rest_code=00105&base_code=0010515&code=00101016120 HTTP/1.1" 200 455
124.79.244.25 - - [03/Oct/2023:09:32:40 +0800] "GET /xingrg/all/function/internal_message.html?_=1696297060666&CODE_STATE=getMsg HTTP/1.1" 200 27
180.165.48.189 - - [03/Oct/2023:09:32:42 +0800] "GET /xingrg/all/function/internal_message.html?_=1696296761913&CODE_STATE=getMsg HTTP/1.1" 200 27
180.163.30.27 - - [03/Oct/2023:09:32:43 +0800] "GET /xingrg/all/function/internal_message.html?_=1696296697032&CODE_STATE=getMsg HTTP/1.1" 302 -
180.163.30.27 - - [03/Oct/2023:09:32:43 +0800] "GET /xingrg/login.html HTTP/1.1" 200 7641
124.78.155.92 - - [03/Oct/2023:09:32:43 +0800] "GET /xingrg/all/function/internal_message.html?_=1696296757034&CODE_STATE=getMsg HTTP/1.1" 200 27
101.83.145.37 - - [03/Oct/2023:09:32:45 +0800] "POST /xingrg/kc/buy/cgsh_order_operate.html HTTP/1.1" 200 42269
114.83.218.82 - - [03/Oct/2023:09:32:47 +0800] "GET /xingrg/all/function/internal_message.html?_=1696296765307&CODE_STATE=getMsg HTTP/1.1" 200 27
101.83.145.37 - - [03/Oct/2023:09:32:47 +0800] "GET /xingrg/kc/print/load_data.html?order_code=212023100300738&kc_code=cgsh&condition= HTTP/1.1" 200 15670
180.163.30.27 - - [03/Oct/2023:09:32:50 +0800] "GET /xingrg/all/function/internal_message.html?_=1696296710629&CODE_STATE=getMsg HTTP/1.1" 302 -
180.163.30.27 - - [03/Oct/2023:09:32:50 +0800] "GET /xingrg/login.html HTTP/1.1" 200 7641
180.169.147.146 - - [03/Oct/2023:09:32:50 +0800] "GET /xingrg/all/function/internal_message.html?_=1696296770649&CODE_STATE=getMsg HTTP/1.1" 200 27
180.152.241.196 - - [03/Oct/2023:09:32:52 +0800] "POST /xingrg/kc/buy/cgsh_list_operate.html HTTP/1.1" 200 6381
58.40.7.146 - - [03/Oct/2023:09:32:53 +0800] "GET /xingrg/all/function/internal_message.html?_=1696296771744&CODE_STATE=getMsg HTTP/1.1" 200 27
222.70.180.200 - - [03/Oct/2023:09:32:54 +0800] "GET /xingrg/all/function/internal_message.html?_=1696296774687&CODE_STATE=getMsg HTTP/1.1" 200 27
114.95.241.104 - - [03/Oct/2023:09:32:54 +0800] "GET /xingrg/all/function/internal_message.html?_=1696296774250&CODE_STATE=getMsg HTTP/1.1" 200 27
101.83.145.37 - - [03/Oct/2023:09:32:55 +0800] "GET /xingrg/kc/buy/cgsh_order_add.html HTTP/1.1" 200 72612
116.230.110.33 - - [03/Oct/2023:09:32:55 +0800] "GET /xingrg/all/function/internal_message.html?_=1696296609282&CODE_STATE=getMsg HTTP/1.1" 200 27
101.83.145.37 - - [03/Oct/2023:09:32:56 +0800] "GET /xingrg/javascript/easyui/themes/default/validatebox.css HTTP/1.1" 404 1104
101.83.145.37 - - [03/Oct/2023:09:32:56 +0800] "POST /xingrg/kc/buy/cgsh_order_operate.html HTTP/1.1" 200 8245
101.83.145.37 - - [03/Oct/2023:09:33:02 +0800] "GET /xingrg/kc/base/wldb_order_operate.html?command=get_materiel&rest_code=00105&base_code=0010515&code=00101019062 HTTP/1.1" 200 465
124.78.69.58 - - [03/Oct/2023:09:33:12 +0800] "GET /xingrg/check_reg.html?_=1696296213407 HTTP/1.1" 302 -
101.83.145.37 - - [03/Oct/2023:09:33:13 +0800] "GET /xingrg/all/function/internal_message.html?_=1696296793803&CODE_STATE=getMsg HTTP/1.1" 200 27
222.70.180.200 - - [03/Oct/2023:09:33:15 +0800] "GET /xingrg/kc/buy/cgsh_order_add.html HTTP/1.1" 200 72480
222.70.180.200 - - [03/Oct/2023:09:33:15 +0800] "POST /xingrg/kc/buy/cgsh_order_operate.html HTTP/1.1" 200 8245
222.70.180.200 - - [03/Oct/2023:09:33:15 +0800] "GET /xingrg/javascript/easyui/themes/default/validatebox.css HTTP/1.1" 404 1104
116.235.244.193 - - [03/Oct/2023:09:33:16 +0800] "GET /xingrg/all/function/internal_message.html?_=1696296801550&CODE_STATE=getMsg HTTP/1.1" 200 27
101.83.145.37 - - [03/Oct/2023:09:33:18 +0800] "GET /xingrg/kc/buy/cgsh_order_operate.html?command=get_materiel&rest_code=00105&code=00101002027&supplier_code=00100635&order_time=2023-10-03 HTTP/1.1" 200 413
180.152.241.196 - - [03/Oct/2023:09:33:23 +0800] "GET /xingrg/all/function/internal_message.html?_=1696296805057&CODE_STATE=getMsg HTTP/1.1" 200 27
180.152.241.196 - - [03/Oct/2023:09:33:23 +0800] "GET /xingrg/check_reg.html?_=1696296805060 HTTP/1.1" 200 22
101.83.145.37 - - [03/Oct/2023:09:33:23 +0800] "GET /xingrg/kc/base/wldb_order_operate.html?command=get_materiel&rest_code=00105&base_code=0010515&code=00101019238 HTTP/1.1" 200 468
124.78.155.92 - - [03/Oct/2023:09:33:25 +0800] "GET /xingrg/all/function/internal_message.html?_=1696296809027&CODE_STATE=getMsg HTTP/1.1" 200 27
124.78.155.92 - - [03/Oct/2023:09:33:25 +0800] "GET /xingrg/check_reg.html?_=1696296809029 HTTP/1.1" 200 22
101.83.145.37 - - [03/Oct/2023:09:33:25 +0800] "GET /xingrg/all/function/internal_message.html?_=1696296587866&CODE_STATE=getMsg HTTP/1.1" 200 27
116.235.244.193 - - [03/Oct/2023:09:33:27 +0800] "GET /xingrg/check_reg.html?_=1696296812328 HTTP/1.1" 200 22
116.235.244.193 - - [03/Oct/2023:09:33:27 +0800] "GET /xingrg/all/function/internal_message.html?_=1696296812387&CODE_STATE=getMsg HTTP/1.1" 200 27
180.165.48.189 - - [03/Oct/2023:09:33:29 +0800] "POST /xingrg/kc/buy/cgsh_order_operate.html HTTP/1.1" 200 37
114.95.241.104 - - [03/Oct/2023:09:33:31 +0800] "GET /xingrg/all/function/internal_message.html?_=1696296810359&CODE_STATE=getMsg HTTP/1.1" 200 27
124.78.69.58 - - [03/Oct/2023:09:33:32 +0800] "GET /xingrg/kc/buy/cgsh_order_add.html HTTP/1.1" 302 -
124.78.69.58 - - [03/Oct/2023:09:33:32 +0800] "GET /xingrg/login.html HTTP/1.1" 200 7641
124.78.69.58 - - [03/Oct/2023:09:33:32 +0800] "GET /xingrg/login.html HTTP/1.1" 200 7641
124.78.69.58 - - [03/Oct/2023:09:33:32 +0800] "GET /favicon.ico HTTP/1.1" 404 -
114.95.241.104 - - [03/Oct/2023:09:33:32 +0800] "GET /xingrg/kc/buy/cgsh_order_operate.html?command=get_materiel&rest_code=00151&code=00102021014&supplier_code=00100097&order_time=2023-10-03 HTTP/1.1" 200 414
124.78.69.58 - - [03/Oct/2023:09:33:35 +0800] "POST /xingrg/login.do HTTP/1.1" 302 -
124.78.69.58 - - [03/Oct/2023:09:33:35 +0800] "GET /xingrg/index.html?sysBaseUrl=http%3A%2F%2F180.169.147.146%3A18081%2Fxingrg%2F&costTime=1364×tamp=1696296815258 HTTP/1.1" 200 17179
124.78.69.58 - - [03/Oct/2023:09:33:35 +0800] "GET /favicon.ico HTTP/1.1" 404 -
124.78.69.58 - - [03/Oct/2023:09:33:35 +0800] "GET /xingrg/all/function/internal_message.html?_=1696296236932&CODE_STATE=count HTTP/1.1" 200 11
124.78.69.58 - - [03/Oct/2023:09:33:35 +0800] "GET /xingrg/check_reg.html?_=1696296236933 HTTP/1.1" 200 22
124.78.69.58 - - [03/Oct/2023:09:33:35 +0800] "POST /xingrg/all/common/load_tree.html?tree=area_rest_tree_json&manage=1 HTTP/1.1" 200 351
124.78.69.58 - - [03/Oct/2023:09:33:35 +0800] "POST /xingrg/load_menu.html HTTP/1.1" 200 5138
180.165.48.189 - - [03/Oct/2023:09:33:36 +0800] "POST /xingrg/kc/buy/cgsh_order_operate.html HTTP/1.1" 200 12
124.79.244.25 - - [03/Oct/2023:09:33:40 +0800] "GET /xingrg/all/function/internal_message.html?_=1696297120634&CODE_STATE=getMsg HTTP/1.1" 200 27
180.165.48.189 - - [03/Oct/2023:09:33:41 +0800] "GET /xingrg/kc/buy/cgsh_order_info.html?code=212023100300743 HTTP/1.1" 200 67521
180.165.48.189 - - [03/Oct/2023:09:33:41 +0800] "GET /xingrg/javascript/easyui/themes/default/validatebox.css HTTP/1.1" 404 1104
101.83.145.37 - - [03/Oct/2023:09:33:42 +0800] "GET /xingrg/kc/buy/cgsh_order_operate.html?command=get_materiel&rest_code=00105&code=00101004017&supplier_code=00100635&order_time=2023-10-03 HTTP/1.1" 200 413
180.165.48.189 - - [03/Oct/2023:09:33:42 +0800] "POST /xingrg/kc/buy/cgsh_order_operate.html HTTP/1.1" 200 1218
180.165.48.189 - - [03/Oct/2023:09:33:42 +0800] "GET /xingrg/all/function/internal_message.html?_=1696296821925&CODE_STATE=getMsg HTTP/1.1" 200 27
124.78.155.92 - - [03/Oct/2023:09:33:43 +0800] "GET /xingrg/all/function/internal_message.html?_=1696296817027&CODE_STATE=getMsg HTTP/1.1" 200 27
114.83.218.82 - - [03/Oct/2023:09:33:47 +0800] "GET /xingrg/all/function/internal_message.html?_=1696296825300&CODE_STATE=getMsg HTTP/1.1" 200 27
180.163.30.76 - - [03/Oct/2023:09:33:50 +0800] "GET /xingrg/all/function/internal_message.html?_=1696296770649&CODE_STATE=getMsg HTTP/1.1" 302 -
180.163.30.76 - - [03/Oct/2023:09:33:50 +0800] "GET /xingrg/login.html HTTP/1.1" 200 7641
180.169.147.146 - - [03/Oct/2023:09:33:50 +0800] "GET /xingrg/all/function/internal_message.html?_=1696296830645&CODE_STATE=getMsg HTTP/1.1" 200 27
180.169.147.146 - - [03/Oct/2023:09:33:50 +0800] "GET /xingrg/check_reg.html?_=1696296830650 HTTP/1.1" 200 22
58.40.7.146 - - [03/Oct/2023:09:33:53 +0800] "GET /xingrg/all/function/internal_message.html?_=1696296831749&CODE_STATE=getMsg HTTP/1.1" 200 27
222.70.180.200 - - [03/Oct/2023:09:33:54 +0800] "GET /xingrg/check_reg.html?_=1696296834701 HTTP/1.1" 200 22
222.70.180.200 - - [03/Oct/2023:09:33:54 +0800] "GET /xingrg/all/function/internal_message.html?_=1696296834696&CODE_STATE=getMsg HTTP/1.1" 200 27
114.95.241.104 - - [03/Oct/2023:09:33:54 +0800] "GET /xingrg/all/function/internal_message.html?_=1696296834257&CODE_STATE=getMsg HTTP/1.1" 200 27
116.230.110.33 - - [03/Oct/2023:09:33:55 +0800] "GET /xingrg/all/function/internal_message.html?_=1696296669301&CODE_STATE=getMsg HTTP/1.1" 200 27
124.78.69.58 - - [03/Oct/2023:09:33:59 +0800] "GET /xingrg/kc/buy/buy_main.html HTTP/1.1" 200 12412
124.78.69.58 - - [03/Oct/2023:09:33:59 +0800] "GET /xingrg/css/new_ie.css HTTP/1.1" 404 1036
124.78.69.58 - - [03/Oct/2023:09:34:00 +0800] "GET /xingrg/images/yd/bt.gif HTTP/1.1" 404 1040
124.78.69.58 - - [03/Oct/2023:09:34:01 +0800] "GET /xingrg/kc/buy/cgsh_order_list.html HTTP/1.1" 200 56754
124.78.69.58 - - [03/Oct/2023:09:34:03 +0800] "POST /xingrg/kc/buy/cgsh_list_operate.html HTTP/1.1" 200 986
124.78.69.58 - - [03/Oct/2023:09:34:05 +0800] "GET /xingrg/kc/buy/cgsh_order_add.html HTTP/1.1" 200 72530
124.78.69.58 - - [03/Oct/2023:09:34:05 +0800] "GET /xingrg/words/20231002151928_words.js HTTP/1.1" 304 -
124.78.69.58 - - [03/Oct/2023:09:34:05 +0800] "GET /xingrg/javascript/easyui/themes/default/validatebox.css HTTP/1.1" 404 1104
124.78.69.58 - - [03/Oct/2023:09:34:05 +0800] "POST /xingrg/kc/buy/cgsh_order_operate.html HTTP/1.1" 200 8245
124.78.69.58 - - [03/Oct/2023:09:34:05 +0800] "GET /xingrg/all/common/auto_word.html?type=employee&rest_code=00141 HTTP/1.1" 200 201
124.78.69.58 - - [03/Oct/2023:09:34:05 +0800] "GET /xingrg/all/common/auto_word.html?type=employee&rest_code=00141 HTTP/1.1" 200 201
180.152.241.196 - - [03/Oct/2023:09:34:06 +0800] "POST /xingrg/kc/buy/cgsh_list_operate.html HTTP/1.1" 200 573
101.83.145.37 - - [03/Oct/2023:09:34:11 +0800] "GET /xingrg/check_reg.html?_=1696296852313 HTTP/1.1" 200 22
180.152.241.196 - - [03/Oct/2023:09:34:11 +0800] "GET /xingrg/kc/buy/cgsh_order_info.html?code=212023100300732 HTTP/1.1" 200 72574
180.152.241.196 - - [03/Oct/2023:09:34:12 +0800] "GET /xingrg/javascript/easyui/themes/default/validatebox.css HTTP/1.1" 404 1104
180.165.48.189 - - [03/Oct/2023:09:34:12 +0800] "GET /xingrg/kc/print/load_data.html?order_code=212023100300743&kc_code=cgsh&condition= HTTP/1.1" 200 945
101.83.145.37 - - [03/Oct/2023:09:34:13 +0800] "GET /xingrg/all/function/internal_message.html?_=1696296853767&CODE_STATE=getMsg HTTP/1.1" 200 27
180.152.241.196 - - [03/Oct/2023:09:34:13 +0800] "POST /xingrg/kc/buy/cgsh_order_operate.html HTTP/1.1" 200 20409
124.78.69.58 - - [03/Oct/2023:09:34:14 +0800] "GET /xingrg/javascript/auto/indicator.gif HTTP/1.1" 404 1066
116.235.244.193 - - [03/Oct/2023:09:34:16 +0800] "GET /xingrg/all/function/internal_message.html?_=1696296861587&CODE_STATE=getMsg HTTP/1.1" 200 27
124.78.69.58 - - [03/Oct/2023:09:34:17 +0800] "GET /xingrg/javascript/jquery_tools/images/next.gif HTTP/1.1" 404 1086
124.78.69.58 - - [03/Oct/2023:09:34:17 +0800] "GET /xingrg/javascript/jquery_tools/images/prev.gif HTTP/1.1" 404 1086
124.78.155.92 - - [03/Oct/2023:09:34:25 +0800] "GET /xingrg/all/function/internal_message.html?_=1696296869025&CODE_STATE=getMsg HTTP/1.1" 200 27
180.152.241.196 - - [03/Oct/2023:09:34:25 +0800] "GET /xingrg/all/function/internal_message.html?_=1696296867094&CODE_STATE=getMsg HTTP/1.1" 200 27
101.83.145.37 - - [03/Oct/2023:09:34:25 +0800] "GET /xingrg/all/function/internal_message.html?_=1696296647835&CODE_STATE=getMsg HTTP/1.1" 200 27
101.83.145.37 - - [03/Oct/2023:09:34:26 +0800] "POST /xingrg/kc/base/wldb_order_operate.html HTTP/1.1" 200 37
101.83.145.37 - - [03/Oct/2023:09:34:27 +0800] "POST /xingrg/kc/base/wldb_order_operate.html HTTP/1.1" 200 4639
116.235.244.193 - - [03/Oct/2023:09:34:27 +0800] "GET /xingrg/all/function/internal_message.html?_=1696296872401&CODE_STATE=getMsg HTTP/1.1" 200 27
101.83.145.37 - - [03/Oct/2023:09:34:28 +0800] "GET /xingrg/kc/base/wldb_order_info.html?code=422023100300218 HTTP/1.1" 200 30467
101.83.145.37 - - [03/Oct/2023:09:34:28 +0800] "GET /xingrg/javascript/easyui/themes/default/validatebox.css HTTP/1.1" 404 1104
114.95.241.104 - - [03/Oct/2023:09:34:29 +0800] "POST /xingrg/kc/buy/cgsh_order_operate.html HTTP/1.1" 200 37
101.83.145.37 - - [03/Oct/2023:09:34:29 +0800] "POST /xingrg/kc/base/wldb_order_operate.html HTTP/1.1" 200 4639
124.78.69.58 - - [03/Oct/2023:09:34:30 +0800] "GET /xingrg/kc/buy/cgsh_order_operate.html?command=get_materiel&rest_code=00141&code=00101006193&supplier_code=00100012&order_time=2023-10-03 HTTP/1.1" 200 409
180.152.241.196 - - [03/Oct/2023:09:34:31 +0800] "POST /xingrg/kc/buy/cgsh_order_operate.html HTTP/1.1" 200 37
101.83.145.37 - - [03/Oct/2023:09:34:31 +0800] "GET /xingrg/kc/buy/cgsh_order_operate.html?command=get_materiel&rest_code=00105&code=00101001299&supplier_code=00100635&order_time=2023-10-03 HTTP/1.1" 200 413
114.95.241.104 - - [03/Oct/2023:09:34:31 +0800] "GET /xingrg/all/function/internal_message.html?_=1696296870372&CODE_STATE=getMsg HTTP/1.1" 200 27
101.83.145.37 - - [03/Oct/2023:09:34:34 +0800] "GET /xingrg/kc/base/wldb_order_add.html HTTP/1.1" 200 30457
101.83.145.37 - - [03/Oct/2023:09:34:34 +0800] "POST /xingrg/kc/base/wldb_order_operate.html HTTP/1.1" 200 6806
101.83.145.37 - - [03/Oct/2023:09:34:34 +0800] "GET /xingrg/javascript/easyui/themes/default/validatebox.css HTTP/1.1" 404 1104
124.78.69.58 - - [03/Oct/2023:09:34:35 +0800] "GET /xingrg/all/function/internal_message.html?_=1696296296937&CODE_STATE=getMsg HTTP/1.1" 200 27
114.95.241.104 - - [03/Oct/2023:09:34:36 +0800] "POST /xingrg/kc/buy/cgsh_order_operate.html HTTP/1.1" 200 12
114.95.241.104 - - [03/Oct/2023:09:34:39 +0800] "GET /xingrg/kc/buy/cgsh_order_info.html?code=212023100300744 HTTP/1.1" 200 67045
114.95.241.104 - - [03/Oct/2023:09:34:39 +0800] "GET /xingrg/javascript/easyui/themes/default/validatebox.css HTTP/1.1" 404 1104
114.95.241.104 - - [03/Oct/2023:09:34:40 +0800] "POST /xingrg/kc/buy/cgsh_order_operate.html HTTP/1.1" 200 614
124.79.244.25 - - [03/Oct/2023:09:34:40 +0800] "GET /xingrg/all/function/internal_message.html?_=1696297180605&CODE_STATE=getMsg HTTP/1.1" 200 27
124.78.69.58 - - [03/Oct/2023:09:34:41 +0800] "GET /xingrg/kc/buy/cgsh_order_operate.html?command=get_materiel&rest_code=00141&code=00101007043&supplier_code=00100012&order_time=2023-10-03 HTTP/1.1" 200 408
180.165.48.189 - - [03/Oct/2023:09:34:42 +0800] "GET /xingrg/all/function/internal_message.html?_=1696296881914&CODE_STATE=getMsg HTTP/1.1" 200 27
180.163.29.103 - - [03/Oct/2023:09:34:43 +0800] "GET /xingrg/all/function/internal_message.html?_=1696296817027&CODE_STATE=getMsg HTTP/1.1" 302 -
180.163.29.103 - - [03/Oct/2023:09:34:43 +0800] "GET /xingrg/login.html HTTP/1.1" 200 7641
124.78.155.92 - - [03/Oct/2023:09:34:43 +0800] "GET /xingrg/all/function/internal_message.html?_=1696296877030&CODE_STATE=getMsg HTTP/1.1" 200 27
124.78.155.92 - - [03/Oct/2023:09:34:43 +0800] "GET /xingrg/check_reg.html?_=1696296877034 HTTP/1.1" 200 22
114.95.241.104 - - [03/Oct/2023:09:34:44 +0800] "GET /xingrg/kc/print/load_data.html?order_code=212023100300744&kc_code=cgsh&condition= HTTP/1.1" 200 716
101.83.145.37 - - [03/Oct/2023:09:34:45 +0800] "GET /xingrg/kc/buy/cgsh_order_operate.html?command=get_materiel&rest_code=00105&code=00101003025&supplier_code=00100635&order_time=2023-10-03 HTTP/1.1" 200 409
114.83.218.82 - - [03/Oct/2023:09:34:47 +0800] "GET /xingrg/all/function/internal_message.html?_=1696296885305&CODE_STATE=getMsg HTTP/1.1" 200 27
180.157.248.250 - - [03/Oct/2023:09:34:47 +0800] "GET /xingrg/check_reg.html?_=1696296887165 HTTP/1.1" 200 22
180.163.28.109 - - [03/Oct/2023:09:34:50 +0800] "GET /xingrg/check_reg.html?_=1696296830650 HTTP/1.1" 302 -
180.163.28.109 - - [03/Oct/2023:09:34:50 +0800] "GET /xingrg/login.html HTTP/1.1" 200 7641
180.152.241.196 - - [03/Oct/2023:09:34:50 +0800] "POST /xingrg/kc/buy/cgsh_order_operate.html HTTP/1.1" 200 12
180.169.147.146 - - [03/Oct/2023:09:34:50 +0800] "GET /xingrg/all/function/internal_message.html?_=1696296890652&CODE_STATE=getMsg HTTP/1.1" 200 27
124.78.69.58 - - [03/Oct/2023:09:34:51 +0800] "GET /xingrg/kc/buy/cgsh_order_operate.html?command=get_materiel&rest_code=00141&code=00101006144&supplier_code=00100012&order_time=2023-10-03 HTTP/1.1" 200 409
58.40.7.146 - - [03/Oct/2023:09:34:53 +0800] "GET /xingrg/all/function/internal_message.html?_=1696296891768&CODE_STATE=getMsg HTTP/1.1" 200 27
180.152.241.196 - - [03/Oct/2023:09:34:54 +0800] "GET /xingrg/kc/buy/cgsh_order_info.html?code=212023100300732 HTTP/1.1" 200 67472
180.152.241.196 - - [03/Oct/2023:09:34:54 +0800] "GET /xingrg/javascript/easyui/themes/default/validatebox.css HTTP/1.1" 404 1104
222.70.180.200 - - [03/Oct/2023:09:34:54 +0800] "GET /xingrg/all/function/internal_message.html?_=1696296894693&CODE_STATE=getMsg HTTP/1.1" 200 27
101.83.145.37 - - [03/Oct/2023:09:34:54 +0800] "POST /xingrg/services/DataTransmitService HTTP/1.1" 401 565
101.83.145.37 - - [03/Oct/2023:09:34:54 +0800] "POST /xingrg/services/DataTransmitService HTTP/1.1" 200 478
114.95.241.104 - - [03/Oct/2023:09:34:54 +0800] "GET /xingrg/all/function/internal_message.html?_=1696296894259&CODE_STATE=getMsg HTTP/1.1" 200 27
101.83.145.37 - - [03/Oct/2023:09:34:54 +0800] "POST /xingrg/services/DataTransmitService HTTP/1.1" 200 1319
101.83.145.37 - - [03/Oct/2023:09:34:54 +0800] "POST /xingrg/services/DataTransmitService HTTP/1.1" 200 478
101.83.145.37 - - [03/Oct/2023:09:34:54 +0800] "POST /xingrg/services/DataTransmitService HTTP/1.1" 200 1319
101.83.145.37 - - [03/Oct/2023:09:34:55 +0800] "POST /xingrg/services/DataTransmitService HTTP/1.1" 200 524
180.152.241.196 - - [03/Oct/2023:09:34:55 +0800] "POST /xingrg/kc/buy/cgsh_order_operate.html HTTP/1.1" 200 18354
101.83.145.37 - - [03/Oct/2023:09:34:55 +0800] "POST /xingrg/services/DataTransmitService HTTP/1.1" 200 2319
116.230.110.33 - - [03/Oct/2023:09:34:55 +0800] "GET /xingrg/all/function/internal_message.html?_=1696296729282&CODE_STATE=getMsg HTTP/1.1" 200 27
101.83.145.37 - - [03/Oct/2023:09:34:56 +0800] "POST /xingrg/services/DataTransmitService HTTP/1.1" 200 45454
101.83.145.37 - - [03/Oct/2023:09:34:56 +0800] "POST /xingrg/services/DataTransmitService HTTP/1.1" 200 19237
180.152.241.196 - - [03/Oct/2023:09:35:00 +0800] "POST /xingrg/kc/buy/cgsh_list_operate.html HTTP/1.1" 200 6403
124.78.69.58 - - [03/Oct/2023:09:35:00 +0800] "GET /xingrg/kc/buy/cgsh_order_operate.html?command=get_materiel&rest_code=00141&code=00101006129&supplier_code=00100012&order_time=2023-10-03 HTTP/1.1" 200 441
180.152.241.196 - - [03/Oct/2023:09:35:02 +0800] "POST /xingrg/kc/buy/cgsh_list_operate.html HTTP/1.1" 200 583
180.152.241.196 - - [03/Oct/2023:09:35:03 +0800] "GET /xingrg/kc/buy/cgsh_order_info.html?code=212023100300730 HTTP/1.1" 200 72574
180.152.241.196 - - [03/Oct/2023:09:35:03 +0800] "GET /xingrg/javascript/easyui/themes/default/validatebox.css HTTP/1.1" 404 1104
180.152.241.196 - - [03/Oct/2023:09:35:04 +0800] "POST /xingrg/kc/buy/cgsh_order_operate.html HTTP/1.1" 200 15098
101.83.145.37 - - [03/Oct/2023:09:35:09 +0800] "GET /xingrg/kc/base/wldb_order_operate.html?command=get_materiel&rest_code=00105&base_code=0010515&code=00101013106 HTTP/1.1" 200 434
180.152.241.196 - - [03/Oct/2023:09:35:11 +0800] "POST /xingrg/kc/buy/cgsh_order_operate.html HTTP/1.1" 200 37
101.83.145.37 - - [03/Oct/2023:09:35:13 +0800] "GET /xingrg/all/function/internal_message.html?_=1696296913771&CODE_STATE=getMsg HTTP/1.1" 200 27
116.235.244.193 - - [03/Oct/2023:09:35:16 +0800] "GET /xingrg/all/function/internal_message.html?_=1696296921594&CODE_STATE=getMsg HTTP/1.1" 200 27
180.152.241.196 - - [03/Oct/2023:09:35:18 +0800] "POST /xingrg/kc/buy/cgsh_order_operate.html HTTP/1.1" 200 12
124.78.69.58 - - [03/Oct/2023:09:35:19 +0800] "GET /xingrg/kc/buy/cgsh_order_operate.html?command=get_materiel&rest_code=00141&code=00101006084&supplier_code=00100012&order_time=2023-10-03 HTTP/1.1" 200 413
180.152.241.196 - - [03/Oct/2023:09:35:20 +0800] "GET /xingrg/kc/buy/cgsh_order_info.html?code=212023100300730 HTTP/1.1" 200 67472
180.152.241.196 - - [03/Oct/2023:09:35:20 +0800] "GET /xingrg/javascript/easyui/themes/default/validatebox.css HTTP/1.1" 404 1104
180.152.241.196 - - [03/Oct/2023:09:35:21 +0800] "POST /xingrg/kc/buy/cgsh_order_operate.html HTTP/1.1" 200 13043
180.152.241.196 - - [03/Oct/2023:09:35:24 +0800] "GET /xingrg/kc/base/wldb_order_list.html HTTP/1.1" 200 19174
124.78.155.92 - - [03/Oct/2023:09:35:25 +0800] "GET /xingrg/all/function/internal_message.html?_=1696296929023&CODE_STATE=getMsg HTTP/1.1" 200 27
180.152.241.196 - - [03/Oct/2023:09:35:25 +0800] "POST /xingrg/kc/base/wldb_list_operate.html HTTP/1.1" 200 928
180.152.241.196 - - [03/Oct/2023:09:35:25 +0800] "GET /xingrg/all/function/internal_message.html?_=1696296927070&CODE_STATE=getMsg HTTP/1.1" 200 27
101.83.145.37 - - [03/Oct/2023:09:35:25 +0800] "GET /xingrg/all/function/internal_message.html?_=1696296707810&CODE_STATE=getMsg HTTP/1.1" 200 27
101.83.145.37 - - [03/Oct/2023:09:35:26 +0800] "GET /xingrg/check_reg.html?_=1696296708204 HTTP/1.1" 200 22
180.152.241.196 - - [03/Oct/2023:09:35:26 +0800] "GET /xingrg/kc/base/wldb_order_add.html HTTP/1.1" 200 30453
180.152.241.196 - - [03/Oct/2023:09:35:26 +0800] "POST /xingrg/kc/base/wldb_order_operate.html HTTP/1.1" 200 6806
180.152.241.196 - - [03/Oct/2023:09:35:26 +0800] "GET /xingrg/all/common/auto_word.html?type=base&rest_code=00102 HTTP/1.1" 200 1857
180.152.241.196 - - [03/Oct/2023:09:35:26 +0800] "GET /xingrg/javascript/easyui/themes/default/validatebox.css HTTP/1.1" 404 1104
180.152.241.196 - - [03/Oct/2023:09:35:26 +0800] "GET /xingrg/all/common/auto_word.html?type=base&rest_code=00102 HTTP/1.1" 200 1857
180.152.241.196 - - [03/Oct/2023:09:35:27 +0800] "POST /xingrg/kc/buy/cgsh_list_operate.html HTTP/1.1" 200 6425
180.152.241.196 - - [03/Oct/2023:09:35:27 +0800] "POST /xingrg/all/common/load_combo.html?type=base HTTP/1.1" 200 3321
180.169.147.146 - - [03/Oct/2023:09:35:27 +0800] "GET /xingrg/login.html HTTP/1.1" 200 7641
116.235.244.193 - - [03/Oct/2023:09:35:27 +0800] "GET /xingrg/all/function/internal_message.html?_=1696296932415&CODE_STATE=getMsg HTTP/1.1" 200 27
114.95.241.104 - - [03/Oct/2023:09:35:31 +0800] "GET /xingrg/all/function/internal_message.html?_=1696296930378&CODE_STATE=getMsg HTTP/1.1" 200 27
180.169.147.146 - - [03/Oct/2023:09:35:31 +0800] "GET /favicon.ico HTTP/1.1" 404 -
180.165.48.189 - - [03/Oct/2023:09:35:31 +0800] "GET /xingrg/kc/buy/cgsh_order_list.html HTTP/1.1" 200 56758
180.152.241.196 - - [03/Oct/2023:09:35:32 +0800] "GET /xingrg/kc/base/wldb_order_operate.html?command=get_materiel&rest_code=00102&base_code=0010476&code=00101019111 HTTP/1.1" 200 467
101.83.145.37 - - [03/Oct/2023:09:35:34 +0800] "POST /xingrg/kc/buy/cgsh_order_operate.html HTTP/1.1" 200 37
180.169.147.146 - - [03/Oct/2023:09:35:34 +0800] "POST /xingrg/login.do HTTP/1.1" 302 -
180.169.147.146 - - [03/Oct/2023:09:35:34 +0800] "GET /xingrg/index.html?sysBaseUrl=http%3A%2F%2F180.169.147.146%3A18081%2Fxingrg%2F&costTime=981×tamp=1696296934458 HTTP/1.1" 200 17179
180.169.147.146 - - [03/Oct/2023:09:35:34 +0800] "GET /favicon.ico HTTP/1.1" 404 -
180.169.147.146 - - [03/Oct/2023:09:35:34 +0800] "GET /xingrg/check_reg.html?_=1696296932530 HTTP/1.1" 200 22
180.169.147.146 - - [03/Oct/2023:09:35:34 +0800] "POST /xingrg/all/common/load_tree.html?tree=area_rest_tree_json&manage=1 HTTP/1.1" 200 351
180.169.147.146 - - [03/Oct/2023:09:35:34 +0800] "GET /xingrg/all/function/internal_message.html?_=1696296932529&CODE_STATE=count HTTP/1.1" 200 11
180.169.147.146 - - [03/Oct/2023:09:35:34 +0800] "POST /xingrg/load_menu.html HTTP/1.1" 200 5138
124.78.69.58 - - [03/Oct/2023:09:35:35 +0800] "GET /xingrg/all/function/internal_message.html?_=1696296356959&CODE_STATE=getMsg HTTP/1.1" 200 27
101.83.145.37 - - [03/Oct/2023:09:35:36 +0800] "POST /xingrg/kc/buy/cgsh_order_operate.html HTTP/1.1" 200 5028
101.83.145.37 - - [03/Oct/2023:09:35:38 +0800] "GET /xingrg/kc/print/load_data.html?order_code=212023100300745&kc_code=cgsh&condition= HTTP/1.1" 200 1566
180.165.48.189 - - [03/Oct/2023:09:35:40 +0800] "POST /xingrg/kc/buy/cgsh_list_operate.html HTTP/1.1" 200 2748
124.79.244.25 - - [03/Oct/2023:09:35:40 +0800] "GET /xingrg/all/function/internal_message.html?_=1696297240577&CODE_STATE=getMsg HTTP/1.1" 200 27
180.165.48.189 - - [03/Oct/2023:09:35:42 +0800] "GET /xingrg/all/function/internal_message.html?_=1696296941940&CODE_STATE=getMsg HTTP/1.1" 200 27
180.165.48.189 - - [03/Oct/2023:09:35:43 +0800] "GET /xingrg/check_reg.html?_=1696296941941 HTTP/1.1" 200 22
124.78.155.92 - - [03/Oct/2023:09:35:43 +0800] "GET /xingrg/all/function/internal_message.html?_=1696296937037&CODE_STATE=getMsg HTTP/1.1" 200 27
222.70.180.200 - - [03/Oct/2023:09:35:44 +0800] "POST /xingrg/services/DataTransmitService HTTP/1.1" 200 524
180.165.48.189 - - [03/Oct/2023:09:35:44 +0800] "POST /xingrg/kc/buy/cgsh_list_operate.html HTTP/1.1" 200 574
180.165.48.189 - - [03/Oct/2023:09:35:45 +0800] "GET /xingrg/kc/buy/cgsh_order_info.html?code=212023100300740 HTTP/1.1" 200 72631
180.165.48.189 - - [03/Oct/2023:09:35:45 +0800] "GET /xingrg/javascript/easyui/themes/default/validatebox.css HTTP/1.1" 404 1104
180.165.48.189 - - [03/Oct/2023:09:35:46 +0800] "POST /xingrg/kc/buy/cgsh_order_operate.html HTTP/1.1" 200 18659
114.83.218.82 - - [03/Oct/2023:09:35:47 +0800] "GET /xingrg/all/function/internal_message.html?_=1696296945295&CODE_STATE=getMsg HTTP/1.1" 200 27
101.83.145.37 - - [03/Oct/2023:09:35:47 +0800] "GET /xingrg/kc/base/wldb_order_operate.html?command=get_materiel&rest_code=00105&base_code=0010515&code=00101019095 HTTP/1.1" 200 465
180.169.147.146 - - [03/Oct/2023:09:35:50 +0800] "GET /xingrg/all/function/internal_message.html?_=1696296950650&CODE_STATE=getMsg HTTP/1.1" 200 27
124.78.69.58 - - [03/Oct/2023:09:35:50 +0800] "GET /xingrg/kc/buy/cgsh_order_operate.html?command=get_materiel&rest_code=00141&code=00101006177&supplier_code=00100012&order_time=2023-10-03 HTTP/1.1" 200 408
58.40.7.146 - - [03/Oct/2023:09:35:53 +0800] "GET /xingrg/all/function/internal_message.html?_=1696296951747&CODE_STATE=getMsg HTTP/1.1" 200 27
222.70.180.200 - - [03/Oct/2023:09:35:54 +0800] "GET /xingrg/all/function/internal_message.html?_=1696296954700&CODE_STATE=getMsg HTTP/1.1" 200 27
114.95.241.104 - - [03/Oct/2023:09:35:54 +0800] "GET /xingrg/all/function/internal_message.html?_=1696296954274&CODE_STATE=getMsg HTTP/1.1" 200 27
116.230.110.33 - - [03/Oct/2023:09:35:55 +0800] "GET /xingrg/all/function/internal_message.html?_=1696296789294&CODE_STATE=getMsg HTTP/1.1" 200 27
101.83.145.37 - - [03/Oct/2023:09:36:05 +0800] "GET /xingrg/kc/base/wldb_order_operate.html?command=get_materiel&rest_code=00105&base_code=0010515&code=00101010522 HTTP/1.1" 200 443
101.83.145.37 - - [03/Oct/2023:09:36:12 +0800] "GET /xingrg/all/function/internal_message.html?_=1696296973575&CODE_STATE=getMsg HTTP/1.1" 200 27
116.235.244.193 - - [03/Oct/2023:09:36:14 +0800] "GET /xingrg/check_reg.html?_=1696296980025 HTTP/1.1" 200 22
180.169.147.146 - - [03/Oct/2023:09:36:15 +0800] "GET /xingrg/kc/buy/buy_main.html HTTP/1.1" 200 12412
180.169.147.146 - - [03/Oct/2023:09:36:15 +0800] "GET /xingrg/css/new_ie.css HTTP/1.1" 404 1036
180.169.147.146 - - [03/Oct/2023:09:36:15 +0800] "GET /xingrg/images/yd/bt.gif HTTP/1.1" 404 1040
116.235.244.193 - - [03/Oct/2023:09:36:16 +0800] "GET /xingrg/all/function/internal_message.html?_=1696296981607&CODE_STATE=getMsg HTTP/1.1" 200 27
180.169.147.146 - - [03/Oct/2023:09:36:16 +0800] "GET /xingrg/kc/buy/cgsh_order_list.html HTTP/1.1" 200 56754
124.78.69.58 - - [03/Oct/2023:09:36:18 +0800] "POST /xingrg/kc/buy/cgsh_order_operate.html HTTP/1.1" 200 37
124.78.69.58 - - [03/Oct/2023:09:36:25 +0800] "POST /xingrg/kc/buy/cgsh_order_operate.html HTTP/1.1" 200 12
124.78.155.92 - - [03/Oct/2023:09:36:25 +0800] "GET /xingrg/all/function/internal_message.html?_=1696296989020&CODE_STATE=getMsg HTTP/1.1" 200 27
180.152.241.196 - - [03/Oct/2023:09:36:25 +0800] "GET /xingrg/all/function/internal_message.html?_=1696296987055&CODE_STATE=getMsg HTTP/1.1" 200 27
101.83.145.37 - - [03/Oct/2023:09:36:25 +0800] "GET /xingrg/all/function/internal_message.html?_=1696296767793&CODE_STATE=getMsg HTTP/1.1" 200 27
116.235.244.193 - - [03/Oct/2023:09:36:27 +0800] "GET /xingrg/all/function/internal_message.html?_=1696296992431&CODE_STATE=getMsg HTTP/1.1" 200 27
114.95.241.104 - - [03/Oct/2023:09:36:31 +0800] "GET /xingrg/all/function/internal_message.html?_=1696296990367&CODE_STATE=getMsg HTTP/1.1" 200 27
101.83.145.37 - - [03/Oct/2023:09:36:32 +0800] "POST /xingrg/kc/base/wldb_order_operate.html HTTP/1.1" 200 37
101.83.145.37 - - [03/Oct/2023:09:36:33 +0800] "POST /xingrg/kc/base/wldb_order_operate.html HTTP/1.1" 200 3154
101.83.145.37 - - [03/Oct/2023:09:36:33 +0800] "GET /xingrg/kc/base/wldb_order_info.html?code=422023100300219 HTTP/1.1" 200 30468
101.83.145.37 - - [03/Oct/2023:09:36:34 +0800] "GET /xingrg/javascript/easyui/themes/default/validatebox.css HTTP/1.1" 404 1104
180.169.147.146 - - [03/Oct/2023:09:36:34 +0800] "GET /xingrg/all/function/internal_message.html?_=1696296992545&CODE_STATE=getMsg HTTP/1.1" 200 27
101.83.145.37 - - [03/Oct/2023:09:36:35 +0800] "POST /xingrg/kc/base/wldb_order_operate.html HTTP/1.1" 200 3154
124.79.244.25 - - [03/Oct/2023:09:36:39 +0800] "GET /xingrg/check_reg.html?_=1696297299513 HTTP/1.1" 200 22
124.79.244.25 - - [03/Oct/2023:09:36:40 +0800] "GET /xingrg/all/function/internal_message.html?_=1696297300550&CODE_STATE=getMsg HTTP/1.1" 200 27
120.253.135.82 - - [03/Oct/2023:09:36:42 +0800] "GET /xingrg/check_reg.html?_=1696296804780 HTTP/1.1" 200 22
180.165.48.189 - - [03/Oct/2023:09:36:42 +0800] "GET /xingrg/all/function/internal_message.html?_=1696297001916&CODE_STATE=getMsg HTTP/1.1" 200 27
