180.169.147.146 - - [03/Oct/2023:10:15:34 +0800] "GET /xingrg/all/function/internal_message.html?_=1696299332271&CODE_STATE=getMsg HTTP/1.1" 200 27
180.169.147.146 - - [03/Oct/2023:10:15:34 +0800] "GET /xingrg/check_reg.html?_=1696299332600 HTTP/1.1" 200 22
124.78.69.58 - - [03/Oct/2023:10:15:35 +0800] "GET /xingrg/all/function/internal_message.html?_=1696298756584&CODE_STATE=getMsg HTTP/1.1" 200 27
124.78.155.92 - - [03/Oct/2023:10:15:36 +0800] "GET /xingrg/kc/buy/cgsh_order_operate.html?command=get_materiel&rest_code=00106&code=00101006111&supplier_code=00100096&order_time=2023-10-03 HTTP/1.1" 200 409
101.83.145.37 - - [03/Oct/2023:10:15:37 +0800] "GET /xingrg/all/function/internal_message.html?_=1696299338482&CODE_STATE=getMsg HTTP/1.1" 200 27
101.83.145.37 - - [03/Oct/2023:10:15:37 +0800] "GET /xingrg/check_reg.html?_=1696299338546 HTTP/1.1" 200 22
124.79.244.25 - - [03/Oct/2023:10:15:39 +0800] "GET /xingrg/all/function/internal_message.html?_=1696299639625&CODE_STATE=getMsg HTTP/1.1" 200 27
180.165.48.189 - - [03/Oct/2023:10:15:42 +0800] "GET /xingrg/check_reg.html?_=1696299341913 HTTP/1.1" 200 22
180.165.48.189 - - [03/Oct/2023:10:15:42 +0800] "GET /xingrg/all/function/internal_message.html?_=1696299341914&CODE_STATE=getMsg HTTP/1.1" 200 27
124.78.155.92 - - [03/Oct/2023:10:15:43 +0800] "GET /xingrg/all/function/internal_message.html?_=1696299337060&CODE_STATE=getMsg HTTP/1.1" 200 27
222.70.180.200 - - [03/Oct/2023:10:15:44 +0800] "GET /xingrg/kc/buy/cgsh_order_operate.html?command=get_materiel&rest_code=00111&code=00101008288&supplier_code=00100005&order_time=2023-10-03 HTTP/1.1" 200 408
116.235.244.193 - - [03/Oct/2023:10:15:50 +0800] "POST /xingrg/services/DataTransmitService HTTP/1.1" 200 524
180.169.147.146 - - [03/Oct/2023:10:15:50 +0800] "GET /xingrg/check_reg.html?_=1696299350619 HTTP/1.1" 200 22
180.169.147.146 - - [03/Oct/2023:10:15:50 +0800] "GET /xingrg/all/function/internal_message.html?_=1696299350622&CODE_STATE=getMsg HTTP/1.1" 200 27
101.228.187.155 - - [03/Oct/2023:10:15:51 +0800] "GET /xingrg/all/function/internal_message.html?_=1696299351727&CODE_STATE=getMsg HTTP/1.1" 200 27
222.70.180.200 - - [03/Oct/2023:10:15:54 +0800] "GET /xingrg/all/function/internal_message.html?_=1696299354746&CODE_STATE=getMsg HTTP/1.1" 200 27
114.95.241.104 - - [03/Oct/2023:10:15:54 +0800] "GET /xingrg/all/function/internal_message.html?_=1696299354435&CODE_STATE=getMsg HTTP/1.1" 200 27
116.230.110.33 - - [03/Oct/2023:10:15:55 +0800] "GET /xingrg/all/function/internal_message.html?_=1696299189287&CODE_STATE=getMsg HTTP/1.1" 200 27
58.40.7.146 - - [03/Oct/2023:10:16:02 +0800] "GET /xingrg/check_reg.html?_=1696299360680 HTTP/1.1" 200 22
58.40.7.146 - - [03/Oct/2023:10:16:02 +0800] "GET /xingrg/all/function/internal_message.html?_=1696299360683&CODE_STATE=getMsg HTTP/1.1" 200 27
180.152.241.196 - - [03/Oct/2023:10:16:03 +0800] "GET /xingrg/all/function/internal_message.html?_=1696299363359&CODE_STATE=getMsg HTTP/1.1" 200 27
222.70.180.200 - - [03/Oct/2023:10:16:04 +0800] "GET /xingrg/all/function/internal_message.html?_=1696299654378&CODE_STATE=getMsg HTTP/1.1" 200 27
124.78.155.92 - - [03/Oct/2023:10:16:07 +0800] "GET /xingrg/kc/buy/cgsh_order_operate.html?command=get_materiel&rest_code=00106&code=00101006112&supplier_code=00100096&order_time=2023-10-03 HTTP/1.1" 200 409
116.235.244.193 - - [03/Oct/2023:10:16:14 +0800] "GET /xingrg/check_reg.html?_=1696299380202 HTTP/1.1" 200 22
116.235.244.193 - - [03/Oct/2023:10:16:16 +0800] "GET /xingrg/all/function/internal_message.html?_=1696299382291&CODE_STATE=getMsg HTTP/1.1" 200 27
116.235.244.193 - - [03/Oct/2023:10:16:16 +0800] "GET /xingrg/kc/buy/cgsh_order_list.html HTTP/1.1" 200 56754
222.70.180.200 - - [03/Oct/2023:10:16:18 +0800] "GET /xingrg/kc/buy/cgsh_order_operate.html?command=get_materiel&rest_code=00111&code=00101008069&supplier_code=00100005&order_time=2023-10-03 HTTP/1.1" 200 412
116.235.244.193 - - [03/Oct/2023:10:16:18 +0800] "POST /xingrg/kc/buy/cgsh_list_operate.html HTTP/1.1" 200 986
124.78.155.92 - - [03/Oct/2023:10:16:23 +0800] "POST /xingrg/services/DataTransmitService HTTP/1.1" 401 565
124.78.155.92 - - [03/Oct/2023:10:16:23 +0800] "POST /xingrg/services/DataTransmitService HTTP/1.1" 200 478
124.78.155.92 - - [03/Oct/2023:10:16:23 +0800] "POST /xingrg/services/DataTransmitService HTTP/1.1" 200 1319
116.235.244.193 - - [03/Oct/2023:10:16:23 +0800] "GET /xingrg/kc/buy/cgsh_order_add.html HTTP/1.1" 200 72530
124.78.155.92 - - [03/Oct/2023:10:16:23 +0800] "POST /xingrg/services/DataTransmitService HTTP/1.1" 200 478
124.78.155.92 - - [03/Oct/2023:10:16:23 +0800] "POST /xingrg/services/DataTransmitService HTTP/1.1" 200 1319
124.78.155.92 - - [03/Oct/2023:10:16:23 +0800] "POST /xingrg/services/DataTransmitService HTTP/1.1" 200 524
116.235.244.193 - - [03/Oct/2023:10:16:23 +0800] "POST /xingrg/kc/buy/cgsh_order_operate.html HTTP/1.1" 200 8245
116.235.244.193 - - [03/Oct/2023:10:16:23 +0800] "GET /xingrg/all/common/auto_word.html?type=employee&rest_code=00146 HTTP/1.1" 200 101
116.235.244.193 - - [03/Oct/2023:10:16:23 +0800] "GET /xingrg/javascript/easyui/themes/default/validatebox.css HTTP/1.1" 404 1104
116.235.244.193 - - [03/Oct/2023:10:16:23 +0800] "GET /xingrg/all/common/auto_word.html?type=employee&rest_code=00146 HTTP/1.1" 200 101
124.78.155.92 - - [03/Oct/2023:10:16:24 +0800] "GET /xingrg/kc/buy/cgsh_order_operate.html?command=get_materiel&rest_code=00106&code=00101006221&supplier_code=00100096&order_time=2023-10-03 HTTP/1.1" 200 419
124.78.155.92 - - [03/Oct/2023:10:16:24 +0800] "POST /xingrg/services/DataTransmitService HTTP/1.1" 200 2659
180.152.241.196 - - [03/Oct/2023:10:16:25 +0800] "GET /xingrg/all/function/internal_message.html?_=1696299385059&CODE_STATE=getMsg HTTP/1.1" 200 27
101.83.145.37 - - [03/Oct/2023:10:16:25 +0800] "GET /xingrg/all/function/internal_message.html?_=1696299167000&CODE_STATE=getMsg HTTP/1.1" 200 27
124.78.155.92 - - [03/Oct/2023:10:16:25 +0800] "GET /xingrg/all/function/internal_message.html?_=1696299389055&CODE_STATE=getMsg HTTP/1.1" 200 27
124.78.155.92 - - [03/Oct/2023:10:16:25 +0800] "POST /xingrg/services/DataTransmitService HTTP/1.1" 200 171956
114.95.241.104 - - [03/Oct/2023:10:16:31 +0800] "GET /xingrg/all/function/internal_message.html?_=1696299390379&CODE_STATE=getMsg HTTP/1.1" 200 27
180.163.29.217 - - [03/Oct/2023:10:16:33 +0800] "GET /xingrg/kc/buy/cgsh_order_operate.html?command=get_materiel&rest_code=00106&code=00101006111&supplier_code=00100096&order_time=2023-10-03 HTTP/1.1" 302 -
180.163.29.217 - - [03/Oct/2023:10:16:33 +0800] "GET /xingrg/login.html HTTP/1.1" 200 7641
180.169.147.146 - - [03/Oct/2023:10:16:34 +0800] "GET /xingrg/all/function/internal_message.html?_=1696299392255&CODE_STATE=getMsg HTTP/1.1" 200 27
124.78.69.58 - - [03/Oct/2023:10:16:35 +0800] "GET /xingrg/all/function/internal_message.html?_=1696298816559&CODE_STATE=getMsg HTTP/1.1" 200 27
101.83.145.37 - - [03/Oct/2023:10:16:37 +0800] "GET /xingrg/all/function/internal_message.html?_=1696299398484&CODE_STATE=getMsg HTTP/1.1" 200 27
124.79.244.25 - - [03/Oct/2023:10:16:39 +0800] "GET /xingrg/check_reg.html?_=1696299699535 HTTP/1.1" 200 22
124.79.244.25 - - [03/Oct/2023:10:16:39 +0800] "GET /xingrg/all/function/internal_message.html?_=1696299699596&CODE_STATE=getMsg HTTP/1.1" 200 27
180.165.48.189 - - [03/Oct/2023:10:16:42 +0800] "GET /xingrg/all/function/internal_message.html?_=1696299401924&CODE_STATE=getMsg HTTP/1.1" 200 27
124.78.155.92 - - [03/Oct/2023:10:16:43 +0800] "GET /xingrg/all/function/internal_message.html?_=1696299397041&CODE_STATE=getMsg HTTP/1.1" 200 27
180.163.28.180 - - [03/Oct/2023:10:16:50 +0800] "GET /xingrg/all/function/internal_message.html?_=1696299350622&CODE_STATE=getMsg HTTP/1.1" 302 -
180.163.28.180 - - [03/Oct/2023:10:16:50 +0800] "GET /xingrg/login.html HTTP/1.1" 200 7641
180.163.29.217 - - [03/Oct/2023:10:16:50 +0800] "GET /xingrg/check_reg.html?_=1696299350619 HTTP/1.1" 302 -
180.163.29.217 - - [03/Oct/2023:10:16:50 +0800] "GET /xingrg/login.html HTTP/1.1" 200 7641
180.169.147.146 - - [03/Oct/2023:10:16:50 +0800] "GET /xingrg/all/function/internal_message.html?_=1696299410626&CODE_STATE=getMsg HTTP/1.1" 200 27
101.228.187.155 - - [03/Oct/2023:10:16:51 +0800] "GET /xingrg/all/function/internal_message.html?_=1696299411729&CODE_STATE=getMsg HTTP/1.1" 200 27
222.70.180.200 - - [03/Oct/2023:10:16:54 +0800] "GET /xingrg/all/function/internal_message.html?_=1696299415135&CODE_STATE=getMsg HTTP/1.1" 200 27
114.95.241.104 - - [03/Oct/2023:10:16:54 +0800] "GET /xingrg/check_reg.html?_=1696299414423 HTTP/1.1" 200 22
114.95.241.104 - - [03/Oct/2023:10:16:54 +0800] "GET /xingrg/all/function/internal_message.html?_=1696299414427&CODE_STATE=getMsg HTTP/1.1" 200 27
116.230.110.33 - - [03/Oct/2023:10:16:55 +0800] "GET /xingrg/check_reg.html?_=1696299249279 HTTP/1.1" 200 22
116.230.110.33 - - [03/Oct/2023:10:16:55 +0800] "GET /xingrg/all/function/internal_message.html?_=1696299249281&CODE_STATE=getMsg HTTP/1.1" 200 27
124.78.69.58 - - [03/Oct/2023:10:16:59 +0800] "GET /xingrg/kc/mdqp/qp_main.html HTTP/1.1" 200 10633
124.78.69.58 - - [03/Oct/2023:10:17:00 +0800] "GET /xingrg/images/yd/bt.gif HTTP/1.1" 404 1040
124.78.69.58 - - [03/Oct/2023:10:17:01 +0800] "GET /xingrg/kc/mdqp/pssh_order_list.html HTTP/1.1" 200 17920
124.78.69.58 - - [03/Oct/2023:10:17:01 +0800] "POST /xingrg/kc/mdqp/pssh_list_operate.html HTTP/1.1" 200 5190
58.40.7.146 - - [03/Oct/2023:10:17:02 +0800] "GET /xingrg/all/function/internal_message.html?_=1696299420689&CODE_STATE=getMsg HTTP/1.1" 200 27
180.152.241.196 - - [03/Oct/2023:10:17:03 +0800] "GET /xingrg/all/function/internal_message.html?_=1696299423372&CODE_STATE=getMsg HTTP/1.1" 200 27
222.70.180.200 - - [03/Oct/2023:10:17:04 +0800] "GET /xingrg/all/function/internal_message.html?_=1696299714378&CODE_STATE=getMsg HTTP/1.1" 200 27
180.163.29.234 - - [03/Oct/2023:10:17:04 +0800] "GET /xingrg/kc/buy/cgsh_order_operate.html?command=get_materiel&rest_code=00106&code=00101006112&supplier_code=00100096&order_time=2023-10-03 HTTP/1.1" 302 -
180.163.29.234 - - [03/Oct/2023:10:17:04 +0800] "GET /xingrg/login.html HTTP/1.1" 200 7641
222.70.180.200 - - [03/Oct/2023:10:17:06 +0800] "GET /xingrg/kc/buy/cgsh_order_operate.html?command=get_materiel&rest_code=00111&code=00101008368&supplier_code=00100005&order_time=2023-10-03 HTTP/1.1" 200 408
124.78.69.58 - - [03/Oct/2023:10:17:06 +0800] "POST /xingrg/kc/mdqp/pssh_list_operate.html HTTP/1.1" 200 777
124.78.69.58 - - [03/Oct/2023:10:17:08 +0800] "GET /xingrg/kc/mdqp/pssh_order_info.html?code=312023100200039 HTTP/1.1" 200 17303
124.78.69.58 - - [03/Oct/2023:10:17:08 +0800] "GET /xingrg/javascript/jquery_tools/jquery-1.4.2.min.js HTTP/1.1" 404 1094
124.78.69.58 - - [03/Oct/2023:10:17:08 +0800] "GET /xingrg/javascript/easyui/themes/default/validatebox.css HTTP/1.1" 404 1104
124.78.69.58 - - [03/Oct/2023:10:17:08 +0800] "GET /xingrg/all/common/auto_word.html?type=base&rest_code=00141&rest_code=00141 HTTP/1.1" 200 1799
124.78.69.58 - - [03/Oct/2023:10:17:08 +0800] "POST /xingrg/kc/mdqp/pssh_order_operate.html HTTP/1.1" 200 5267
124.78.155.92 - - [03/Oct/2023:10:17:09 +0800] "POST /xingrg/services/DataTransmitService HTTP/1.1" 200 45454
124.78.155.92 - - [03/Oct/2023:10:17:09 +0800] "POST /xingrg/services/DataTransmitService HTTP/1.1" 200 19237
124.78.69.58 - - [03/Oct/2023:10:17:10 +0800] "POST /xingrg/all/common/load_combo.html?type=employee HTTP/1.1" 200 362
116.235.244.193 - - [03/Oct/2023:10:17:16 +0800] "GET /xingrg/all/function/internal_message.html?_=1696299442305&CODE_STATE=getMsg HTTP/1.1" 200 27
124.78.69.58 - - [03/Oct/2023:10:17:22 +0800] "POST /xingrg/kc/mdqp/pssh_order_operate.html HTTP/1.1" 200 37
180.152.241.196 - - [03/Oct/2023:10:17:25 +0800] "GET /xingrg/all/function/internal_message.html?_=1696299445044&CODE_STATE=getMsg HTTP/1.1" 200 27
101.83.145.37 - - [03/Oct/2023:10:17:25 +0800] "GET /xingrg/all/function/internal_message.html?_=1696299226986&CODE_STATE=getMsg HTTP/1.1" 200 27
124.78.155.92 - - [03/Oct/2023:10:17:25 +0800] "GET /xingrg/all/function/internal_message.html?_=1696299449034&CODE_STATE=getMsg HTTP/1.1" 200 27
124.78.69.58 - - [03/Oct/2023:10:17:26 +0800] "POST /xingrg/kc/mdqp/pssh_order_operate.html HTTP/1.1" 200 12
124.78.155.92 - - [03/Oct/2023:10:17:26 +0800] "GET /xingrg/kc/buy/cgsh_order_operate.html?command=get_materiel&rest_code=00106&code=00101006129&supplier_code=00100096&order_time=2023-10-03 HTTP/1.1" 200 439
124.78.69.58 - - [03/Oct/2023:10:17:28 +0800] "GET /xingrg/kc/mdqp/pssh_order_info.html?code=312023100200039 HTTP/1.1" 200 14392
124.78.69.58 - - [03/Oct/2023:10:17:28 +0800] "GET /xingrg/javascript/jquery_tools/jquery-1.4.2.min.js HTTP/1.1" 404 1094
116.235.244.193 - - [03/Oct/2023:10:17:28 +0800] "GET /xingrg/kc/buy/cgsh_order_operate.html?command=get_materiel&rest_code=00146&code=00101008403&supplier_code=00100635&order_time=2023-10-03 HTTP/1.1" 200 412
124.78.69.58 - - [03/Oct/2023:10:17:28 +0800] "GET /xingrg/javascript/easyui/themes/default/validatebox.css HTTP/1.1" 404 1104
124.78.69.58 - - [03/Oct/2023:10:17:28 +0800] "POST /xingrg/kc/mdqp/pssh_order_operate.html HTTP/1.1" 200 5267
114.95.241.104 - - [03/Oct/2023:10:17:31 +0800] "GET /xingrg/check_reg.html?_=1696299450379 HTTP/1.1" 200 22
114.95.241.104 - - [03/Oct/2023:10:17:31 +0800] "GET /xingrg/all/function/internal_message.html?_=1696299450381&CODE_STATE=getMsg HTTP/1.1" 200 27
180.169.147.146 - - [03/Oct/2023:10:17:34 +0800] "GET /xingrg/all/function/internal_message.html?_=1696299452238&CODE_STATE=getMsg HTTP/1.1" 200 27
222.70.180.200 - - [03/Oct/2023:10:17:34 +0800] "POST /xingrg/kc/buy/cgsh_order_operate.html HTTP/1.1" 200 2065
124.78.69.58 - - [03/Oct/2023:10:17:35 +0800] "GET /xingrg/all/function/internal_message.html?_=1696298876552&CODE_STATE=getMsg HTTP/1.1" 200 27
101.83.145.37 - - [03/Oct/2023:10:17:37 +0800] "GET /xingrg/all/function/internal_message.html?_=1696299458485&CODE_STATE=getMsg HTTP/1.1" 200 27
124.79.244.25 - - [03/Oct/2023:10:17:39 +0800] "GET /xingrg/all/function/internal_message.html?_=1696299759578&CODE_STATE=getMsg HTTP/1.1" 200 27
180.165.48.189 - - [03/Oct/2023:10:17:42 +0800] "GET /xingrg/all/function/internal_message.html?_=1696299461925&CODE_STATE=getMsg HTTP/1.1" 200 27
124.78.155.92 - - [03/Oct/2023:10:17:43 +0800] "GET /xingrg/all/function/internal_message.html?_=1696299457022&CODE_STATE=getMsg HTTP/1.1" 200 27
116.235.244.193 - - [03/Oct/2023:10:17:44 +0800] "GET /xingrg/kc/buy/cgsh_order_operate.html?command=get_materiel&rest_code=00146&code=00101008087&supplier_code=00100635&order_time=2023-10-03 HTTP/1.1" 200 412
124.78.69.58 - - [03/Oct/2023:10:17:47 +0800] "POST /xingrg/kc/mdqp/pssh_order_operate.html HTTP/1.1" 200 12
120.253.135.82 - - [03/Oct/2023:10:17:48 +0800] "GET /xingrg/check_reg.html?_=1696299270201 HTTP/1.1" 200 22
180.163.29.103 - - [03/Oct/2023:10:17:50 +0800] "GET /xingrg/all/function/internal_message.html?_=1696299410626&CODE_STATE=getMsg HTTP/1.1" 302 -
180.163.29.103 - - [03/Oct/2023:10:17:50 +0800] "GET /xingrg/login.html HTTP/1.1" 200 7641
180.169.147.146 - - [03/Oct/2023:10:17:50 +0800] "GET /xingrg/all/function/internal_message.html?_=1696299470614&CODE_STATE=getMsg HTTP/1.1" 200 27
124.78.69.58 - - [03/Oct/2023:10:17:51 +0800] "GET /xingrg/kc/mdqp/pssh_order_info.html?code=312023100200039 HTTP/1.1" 200 17316
124.78.69.58 - - [03/Oct/2023:10:17:51 +0800] "GET /xingrg/javascript/jquery_tools/jquery-1.4.2.min.js HTTP/1.1" 404 1094
124.78.69.58 - - [03/Oct/2023:10:17:51 +0800] "GET /xingrg/javascript/easyui/themes/default/validatebox.css HTTP/1.1" 404 1104
124.78.69.58 - - [03/Oct/2023:10:17:51 +0800] "POST /xingrg/kc/mdqp/pssh_order_operate.html HTTP/1.1" 200 5267
101.228.187.155 - - [03/Oct/2023:10:17:51 +0800] "GET /xingrg/all/function/internal_message.html?_=1696299471727&CODE_STATE=getMsg HTTP/1.1" 200 27
222.70.180.200 - - [03/Oct/2023:10:17:54 +0800] "GET /xingrg/all/function/internal_message.html?_=1696299475116&CODE_STATE=getMsg HTTP/1.1" 200 27
114.95.241.104 - - [03/Oct/2023:10:17:54 +0800] "GET /xingrg/all/function/internal_message.html?_=1696299474427&CODE_STATE=getMsg HTTP/1.1" 200 27
116.230.110.33 - - [03/Oct/2023:10:17:55 +0800] "GET /xingrg/all/function/internal_message.html?_=1696299309285&CODE_STATE=getMsg HTTP/1.1" 200 27
116.235.244.193 - - [03/Oct/2023:10:17:59 +0800] "GET /xingrg/kc/buy/cgsh_order_operate.html?command=get_materiel&rest_code=00146&code=00101008355&supplier_code=00100635&order_time=2023-10-03 HTTP/1.1" 200 408
124.78.69.58 - - [03/Oct/2023:10:17:59 +0800] "POST /xingrg/kc/mdqp/pssh_order_operate.html HTTP/1.1" 200 37
58.40.7.146 - - [03/Oct/2023:10:18:02 +0800] "GET /xingrg/all/function/internal_message.html?_=1696299480681&CODE_STATE=getMsg HTTP/1.1" 200 27
124.78.69.58 - - [03/Oct/2023:10:18:02 +0800] "POST /xingrg/kc/mdqp/pssh_order_operate.html HTTP/1.1" 200 12
180.152.241.196 - - [03/Oct/2023:10:18:03 +0800] "GET /xingrg/all/function/internal_message.html?_=1696299483374&CODE_STATE=getMsg HTTP/1.1" 200 27
222.70.180.200 - - [03/Oct/2023:10:18:04 +0800] "GET /xingrg/all/function/internal_message.html?_=1696299774382&CODE_STATE=getMsg HTTP/1.1" 200 27
124.78.69.58 - - [03/Oct/2023:10:18:05 +0800] "GET /xingrg/kc/mdqp/pssh_order_info.html?code=312023100200039 HTTP/1.1" 200 14392
124.78.69.58 - - [03/Oct/2023:10:18:05 +0800] "GET /xingrg/javascript/jquery_tools/jquery-1.4.2.min.js HTTP/1.1" 404 1094
124.78.69.58 - - [03/Oct/2023:10:18:05 +0800] "GET /xingrg/javascript/easyui/themes/default/validatebox.css HTTP/1.1" 404 1104
124.78.69.58 - - [03/Oct/2023:10:18:05 +0800] "POST /xingrg/kc/mdqp/pssh_order_operate.html HTTP/1.1" 200 5267
124.78.69.58 - - [03/Oct/2023:10:18:06 +0800] "GET /xingrg/kc/print/load_config.html?kc_code=pssh HTTP/1.1" 200 2368
124.78.69.58 - - [03/Oct/2023:10:18:07 +0800] "GET /xingrg/kc/print/load_data.html?order_code=312023100200039&kc_code=pssh&condition= HTTP/1.1" 200 2288
124.78.155.92 - - [03/Oct/2023:10:18:09 +0800] "POST /xingrg/kc/buy/cgsh_order_operate.html HTTP/1.1" 200 37
116.235.244.193 - - [03/Oct/2023:10:18:11 +0800] "GET /xingrg/kc/buy/cgsh_order_operate.html?command=get_materiel&rest_code=00146&code=00101008321&supplier_code=00100635&order_time=2023-10-03 HTTP/1.1" 200 412
124.78.69.58 - - [03/Oct/2023:10:18:14 +0800] "POST /xingrg/kc/mdqp/pssh_list_operate.html HTTP/1.1" 200 487
124.78.69.58 - - [03/Oct/2023:10:18:16 +0800] "GET /xingrg/kc/mdqp/pssh_order_info.html?code=312023100200040 HTTP/1.1" 200 17299
124.78.69.58 - - [03/Oct/2023:10:18:16 +0800] "GET /xingrg/javascript/jquery_tools/jquery-1.4.2.min.js HTTP/1.1" 404 1094
124.78.69.58 - - [03/Oct/2023:10:18:16 +0800] "POST /xingrg/kc/mdqp/pssh_order_operate.html HTTP/1.1" 200 1613
124.78.69.58 - - [03/Oct/2023:10:18:16 +0800] "GET /xingrg/javascript/easyui/themes/default/validatebox.css HTTP/1.1" 404 1104
116.235.244.193 - - [03/Oct/2023:10:18:16 +0800] "GET /xingrg/all/function/internal_message.html?_=1696299502323&CODE_STATE=getMsg HTTP/1.1" 200 27
180.163.29.79 - - [03/Oct/2023:10:18:23 +0800] "GET /xingrg/kc/buy/cgsh_order_operate.html?command=get_materiel&rest_code=00106&code=00101006129&supplier_code=00100096&order_time=2023-10-03 HTTP/1.1" 302 -
180.163.29.79 - - [03/Oct/2023:10:18:23 +0800] "GET /xingrg/login.html HTTP/1.1" 200 7641
124.78.69.58 - - [03/Oct/2023:10:18:23 +0800] "POST /xingrg/all/common/load_combo.html?type=employee HTTP/1.1" 200 362
180.152.241.196 - - [03/Oct/2023:10:18:23 +0800] "GET /xingrg/check_reg.html?_=1696299503814 HTTP/1.1" 200 22
116.235.244.193 - - [03/Oct/2023:10:18:24 +0800] "GET /xingrg/kc/buy/cgsh_order_operate.html?command=get_materiel&rest_code=00146&code=00101008137&supplier_code=00100635&order_time=2023-10-03 HTTP/1.1" 200 408
180.152.241.196 - - [03/Oct/2023:10:18:25 +0800] "GET /xingrg/all/function/internal_message.html?_=1696299505029&CODE_STATE=getMsg HTTP/1.1" 200 27
101.83.145.37 - - [03/Oct/2023:10:18:25 +0800] "GET /xingrg/all/function/internal_message.html?_=1696299286964&CODE_STATE=getMsg HTTP/1.1" 200 27
101.83.145.37 - - [03/Oct/2023:10:18:25 +0800] "GET /xingrg/kc/mdqp/qp_main.html HTTP/1.1" 200 10633
124.78.155.92 - - [03/Oct/2023:10:18:25 +0800] "GET /xingrg/all/function/internal_message.html?_=1696299509012&CODE_STATE=getMsg HTTP/1.1" 200 27
124.78.155.92 - - [03/Oct/2023:10:18:25 +0800] "GET /xingrg/check_reg.html?_=1696299509172 HTTP/1.1" 200 22
101.83.145.37 - - [03/Oct/2023:10:18:25 +0800] "GET /xingrg/images/yd/bt.gif HTTP/1.1" 404 1040
124.78.69.58 - - [03/Oct/2023:10:18:27 +0800] "POST /xingrg/kc/mdqp/pssh_order_operate.html HTTP/1.1" 200 37
101.83.145.37 - - [03/Oct/2023:10:18:28 +0800] "GET /xingrg/kc/mdqp/qqps_order_list.html HTTP/1.1" 200 9222
101.83.145.37 - - [03/Oct/2023:10:18:29 +0800] "GET /xingrg/dwr/interface/AjaxQqpsService.js HTTP/1.1" 200 16326
101.83.145.37 - - [03/Oct/2023:10:18:29 +0800] "GET /xingrg/dwr/interface/AjaxReportQueryService.js HTTP/1.1" 200 13203
101.83.145.37 - - [03/Oct/2023:10:18:29 +0800] "GET /xingrg/dwr/util.js HTTP/1.1" 200 35990
101.83.145.37 - - [03/Oct/2023:10:18:29 +0800] "GET /xingrg/dwr/engine.js HTTP/1.1" 200 43631
101.83.145.37 - - [03/Oct/2023:10:18:29 +0800] "GET /xingrg/javascript/Calendar.js HTTP/1.1" 304 -
101.83.145.37 - - [03/Oct/2023:10:18:29 +0800] "GET /xingrg/javascript/jquery_easy_ui/themes/icons/cance_new.png HTTP/1.1" 304 -
101.83.145.37 - - [03/Oct/2023:10:18:29 +0800] "GET /xingrg/javascript/jquery_easy_ui/themes/icons/edit_add_new.png HTTP/1.1" 304 -
101.83.145.37 - - [03/Oct/2023:10:18:29 +0800] "GET /xingrg/javascript/jquery_easy_ui/themes/icons/check_new.png HTTP/1.1" 304 -
101.83.145.37 - - [03/Oct/2023:10:18:29 +0800] "GET /xingrg/javascript/jquery_easy_ui/themes/icons/uncheck_new.png HTTP/1.1" 304 -
124.78.69.58 - - [03/Oct/2023:10:18:29 +0800] "POST /xingrg/kc/mdqp/pssh_order_operate.html HTTP/1.1" 200 12
114.95.241.104 - - [03/Oct/2023:10:18:31 +0800] "GET /xingrg/all/function/internal_message.html?_=1696299510368&CODE_STATE=getMsg HTTP/1.1" 200 27
124.78.69.58 - - [03/Oct/2023:10:18:31 +0800] "GET /xingrg/kc/mdqp/pssh_order_info.html?code=312023100200040 HTTP/1.1" 200 14388
124.78.69.58 - - [03/Oct/2023:10:18:31 +0800] "GET /xingrg/javascript/jquery_tools/jquery-1.4.2.min.js HTTP/1.1" 404 1094
124.78.69.58 - - [03/Oct/2023:10:18:32 +0800] "GET /xingrg/javascript/easyui/themes/default/validatebox.css HTTP/1.1" 404 1104
124.78.69.58 - - [03/Oct/2023:10:18:32 +0800] "POST /xingrg/kc/mdqp/pssh_order_operate.html HTTP/1.1" 200 1613
180.169.147.146 - - [03/Oct/2023:10:18:34 +0800] "GET /xingrg/all/function/internal_message.html?_=1696299512221&CODE_STATE=getMsg HTTP/1.1" 200 27
124.78.69.58 - - [03/Oct/2023:10:18:35 +0800] "GET /xingrg/all/function/internal_message.html?_=1696298936536&CODE_STATE=getMsg HTTP/1.1" 200 27
124.78.69.58 - - [03/Oct/2023:10:18:35 +0800] "GET /xingrg/check_reg.html?_=1696298937051 HTTP/1.1" 200 22
101.83.145.37 - - [03/Oct/2023:10:18:37 +0800] "GET /xingrg/all/function/internal_message.html?_=1696299518485&CODE_STATE=getMsg HTTP/1.1" 200 27
124.79.244.25 - - [03/Oct/2023:10:18:39 +0800] "GET /xingrg/all/function/internal_message.html?_=1696299819559&CODE_STATE=getMsg HTTP/1.1" 200 27
180.165.48.189 - - [03/Oct/2023:10:18:42 +0800] "GET /xingrg/all/function/internal_message.html?_=1696299521919&CODE_STATE=getMsg HTTP/1.1" 200 27
180.163.29.212 - - [03/Oct/2023:10:18:43 +0800] "GET /xingrg/all/function/internal_message.html?_=1696299457022&CODE_STATE=getMsg HTTP/1.1" 302 -
180.163.29.212 - - [03/Oct/2023:10:18:43 +0800] "GET /xingrg/login.html HTTP/1.1" 200 7641
101.83.145.37 - - [03/Oct/2023:10:18:45 +0800] "GET /xingrg/kc/mdqp/qqps_order_list.html?isQuery=1&timeSelect=1&orderTime=day&startTime=2023-09-30&endTime=2023-09-30&state=all&query=%C8%B7++%B6%A8 HTTP/1.1" 200 10998
101.83.145.37 - - [03/Oct/2023:10:18:45 +0800] "GET /xingrg/dwr/interface/AjaxQqpsService.js HTTP/1.1" 200 16326
101.83.145.37 - - [03/Oct/2023:10:18:45 +0800] "GET /xingrg/dwr/interface/AjaxReportQueryService.js HTTP/1.1" 200 13203
101.83.145.37 - - [03/Oct/2023:10:18:45 +0800] "GET /xingrg/dwr/engine.js HTTP/1.1" 200 43631
124.78.69.58 - - [03/Oct/2023:10:18:45 +0800] "GET /xingrg/kc/print/load_data.html?order_code=312023100200040&kc_code=pssh&condition= HTTP/1.1" 200 1064
101.83.145.37 - - [03/Oct/2023:10:18:48 +0800] "GET /xingrg/kc/mdqp/qqps_order_info.html?code=302023093000631 HTTP/1.1" 200 26796
101.83.145.37 - - [03/Oct/2023:10:18:48 +0800] "GET /xingrg/javascript/tools/jquery.qtip-1.0.0-rc3.min.js HTTP/1.1" 304 -
101.83.145.37 - - [03/Oct/2023:10:18:48 +0800] "GET /xingrg/dwr/interface/AjaxComOrderService.js HTTP/1.1" 200 18264
101.83.145.37 - - [03/Oct/2023:10:18:48 +0800] "GET /xingrg/dwr/interface/AjaxQqpsService.js HTTP/1.1" 200 16326
101.83.145.37 - - [03/Oct/2023:10:18:48 +0800] "GET /xingrg/dwr/engine.js HTTP/1.1" 200 43631
101.83.145.37 - - [03/Oct/2023:10:18:48 +0800] "GET /xingrg/javascript/AjaxInfoList.js HTTP/1.1" 304 -
101.83.145.37 - - [03/Oct/2023:10:18:48 +0800] "GET /xingrg/javascript/Grid.js HTTP/1.1" 304 -
101.83.145.37 - - [03/Oct/2023:10:18:48 +0800] "GET /xingrg/javascript/jquery_easy_ui/themes/icons/template_new.png HTTP/1.1" 304 -
101.83.145.37 - - [03/Oct/2023:10:18:48 +0800] "GET /xingrg/javascript/jquery_easy_ui/themes/icons/print.png HTTP/1.1" 304 -
101.83.145.37 - - [03/Oct/2023:10:18:48 +0800] "GET /xingrg/javascript/jquery_easy_ui/themes/icons/back_new.png HTTP/1.1" 304 -
101.83.145.37 - - [03/Oct/2023:10:18:48 +0800] "GET /xingrg/javascript/jquery_easy_ui/themes/icons/copy_new.png HTTP/1.1" 304 -
101.83.145.37 - - [03/Oct/2023:10:18:48 +0800] "GET /xingrg/javascript/jquery_easy_ui/themes/default/images/menu_downarrow.png HTTP/1.1" 304 -
101.83.145.37 - - [03/Oct/2023:10:18:48 +0800] "GET /xingrg/images/blue/wait.gif HTTP/1.1" 304 -
101.83.145.37 - - [03/Oct/2023:10:18:48 +0800] "GET /xingrg/images/blue/kc_tab_right.gif HTTP/1.1" 304 -
101.83.145.37 - - [03/Oct/2023:10:18:48 +0800] "GET /xingrg/images/blue/kc_tab_left.gif HTTP/1.1" 304 -
101.83.145.37 - - [03/Oct/2023:10:18:48 +0800] "GET /xingrg/images/blue/kc_tab_mid.gif HTTP/1.1" 304 -
101.83.145.37 - - [03/Oct/2023:10:18:48 +0800] "GET /xingrg/javascript/jquery_easy_ui/themes/default/images/combo_arrow_dot.gif HTTP/1.1" 304 -
101.83.145.37 - - [03/Oct/2023:10:18:49 +0800] "POST /xingrg/dwr/call/plaincall/AjaxQqpsService.loadMaterielItems.dwr HTTP/1.1" 200 338
180.169.147.146 - - [03/Oct/2023:10:18:50 +0800] "GET /xingrg/all/function/internal_message.html?_=1696299530605&CODE_STATE=getMsg HTTP/1.1" 200 27
101.228.187.155 - - [03/Oct/2023:10:18:51 +0800] "GET /xingrg/all/function/internal_message.html?_=1696299531742&CODE_STATE=getMsg HTTP/1.1" 200 27
124.78.155.92 - - [03/Oct/2023:10:18:52 +0800] "POST /xingrg/kc/buy/cgsh_order_operate.html HTTP/1.1" 200 7435
124.78.69.58 - - [03/Oct/2023:10:18:52 +0800] "POST /xingrg/kc/mdqp/pssh_list_operate.html HTTP/1.1" 200 5240
101.83.145.37 - - [03/Oct/2023:10:18:53 +0800] "GET /xingrg/javascript/jquery_easy_ui/themes/default/images/button_plain_hover.png HTTP/1.1" 304 -
222.70.180.200 - - [03/Oct/2023:10:18:54 +0800] "GET /xingrg/check_reg.html?_=1696299534811 HTTP/1.1" 200 22
222.70.180.200 - - [03/Oct/2023:10:18:54 +0800] "GET /xingrg/all/function/internal_message.html?_=1696299535098&CODE_STATE=getMsg HTTP/1.1" 200 27
101.83.145.37 - - [03/Oct/2023:10:18:54 +0800] "GET /xingrg/kc/mdqp/qqps_order_list.html?isBack=1 HTTP/1.1" 302 -
114.95.241.104 - - [03/Oct/2023:10:18:54 +0800] "GET /xingrg/all/function/internal_message.html?_=1696299534444&CODE_STATE=getMsg HTTP/1.1" 200 27
101.83.145.37 - - [03/Oct/2023:10:18:55 +0800] "GET /xingrg/kc/mdqp/qqps_order_list.html?isQuery=1&timeSelect=1&orderTime=day&startTime=2023-09-30&endTime=2023-09-30&state=all&query=%C8%B7++%B6%A8 HTTP/1.1" 200 10998
101.83.145.37 - - [03/Oct/2023:10:18:55 +0800] "GET /xingrg/dwr/interface/AjaxQqpsService.js HTTP/1.1" 200 16326
101.83.145.37 - - [03/Oct/2023:10:18:55 +0800] "GET /xingrg/dwr/interface/AjaxReportQueryService.js HTTP/1.1" 200 13203
101.83.145.37 - - [03/Oct/2023:10:18:55 +0800] "GET /xingrg/dwr/engine.js HTTP/1.1" 200 43631
116.235.244.193 - - [03/Oct/2023:10:18:55 +0800] "GET /xingrg/kc/buy/cgsh_order_operate.html?command=get_materiel&rest_code=00146&code=00101008049&supplier_code=00100635&order_time=2023-10-03 HTTP/1.1" 200 408
116.230.110.33 - - [03/Oct/2023:10:18:55 +0800] "GET /xingrg/all/function/internal_message.html?_=1696299369277&CODE_STATE=getMsg HTTP/1.1" 200 27
180.152.241.196 - - [03/Oct/2023:10:18:56 +0800] "GET /xingrg/kc/buy/cgsh_order_list.html HTTP/1.1" 200 56748
180.152.241.196 - - [03/Oct/2023:10:18:56 +0800] "GET /xingrg/css/base.css HTTP/1.1" 200 2811
180.152.241.196 - - [03/Oct/2023:10:18:56 +0800] "GET /xingrg/css/site.css HTTP/1.1" 200 7541
180.152.241.196 - - [03/Oct/2023:10:18:56 +0800] "GET /xingrg/javascript/jquery_tools/datebox.css HTTP/1.1" 200 2597
180.152.241.196 - - [03/Oct/2023:10:18:56 +0800] "GET /xingrg/javascript/jquery_tools/fix.css HTTP/1.1" 200 1702
180.152.241.196 - - [03/Oct/2023:10:18:56 +0800] "GET /xingrg/javascript/auto/jquery.autocomplete.css HTTP/1.1" 200 587
180.152.241.196 - - [03/Oct/2023:10:18:56 +0800] "GET /xingrg/javascript/easyui/themes/icon.css HTTP/1.1" 200 4483
180.152.241.196 - - [03/Oct/2023:10:18:56 +0800] "GET /xingrg/javascript/easyui/themes/default/easyui.css HTTP/1.1" 200 30432
180.152.241.196 - - [03/Oct/2023:10:18:56 +0800] "GET /xingrg/javascript/jquery_tools/table.css HTTP/1.1" 200 1032
180.152.241.196 - - [03/Oct/2023:10:18:56 +0800] "GET /xingrg/javascript/jquery_tools/jquery.tools.min.js HTTP/1.1" 200 138801
180.152.241.196 - - [03/Oct/2023:10:18:56 +0800] "GET /xingrg/javascript/jquery_tools/jquery.tools.extend.js HTTP/1.1" 200 15385
180.152.241.196 - - [03/Oct/2023:10:18:56 +0800] "GET /xingrg/javascript/jquery_tools/jquery.tools.hotkey.js HTTP/1.1" 200 3242
180.152.241.196 - - [03/Oct/2023:10:18:56 +0800] "GET /xingrg/javascript/jquery_tools/jquery.tools.table.js HTTP/1.1" 200 6994
180.152.241.196 - - [03/Oct/2023:10:18:56 +0800] "GET /xingrg/javascript/jquery_tools/list_manager.js HTTP/1.1" 200 3652
180.152.241.196 - - [03/Oct/2023:10:18:56 +0800] "GET /xingrg/javascript/auto/jquery.autocomplete.js HTTP/1.1" 200 21624
180.152.241.196 - - [03/Oct/2023:10:18:56 +0800] "GET /xingrg/javascript/easyui/easyloader.js HTTP/1.1" 200 5975
180.152.241.196 - - [03/Oct/2023:10:18:56 +0800] "GET /xingrg/javascript/jquery.cookie.js HTTP/1.1" 200 5513
180.152.241.196 - - [03/Oct/2023:10:18:56 +0800] "GET /xingrg/javascript/print/LodopFuncs.js HTTP/1.1" 200 5121
180.152.241.196 - - [03/Oct/2023:10:18:56 +0800] "GET /xingrg/javascript/jquery.utils.js HTTP/1.1" 200 11805
180.152.241.196 - - [03/Oct/2023:10:18:57 +0800] "GET /xingrg/javascript/easyui/themes/icons/edit_add_new.png HTTP/1.1" 200 2997
180.152.241.196 - - [03/Oct/2023:10:18:57 +0800] "GET /xingrg/javascript/easyui/themes/icons/import_new.png HTTP/1.1" 200 1247
180.152.241.196 - - [03/Oct/2023:10:18:57 +0800] "GET /xingrg/javascript/easyui/themes/icons/field_new.png HTTP/1.1" 200 1097
180.152.241.196 - - [03/Oct/2023:10:18:57 +0800] "GET /xingrg/javascript/easyui/themes/icons/check_new.png HTTP/1.1" 200 3224
180.152.241.196 - - [03/Oct/2023:10:18:57 +0800] "GET /xingrg/javascript/easyui/themes/icons/cance_new.png HTTP/1.1" 200 3986
180.152.241.196 - - [03/Oct/2023:10:18:57 +0800] "GET /xingrg/javascript/easyui/plugins/jquery.parser.js HTTP/1.1" 200 1142
180.152.241.196 - - [03/Oct/2023:10:18:57 +0800] "GET /xingrg/images/control/ajaxLoader.gif HTTP/1.1" 200 4659
101.83.145.37 - - [03/Oct/2023:10:18:57 +0800] "GET /xingrg/kc/mdqp/qqps_order_info.html?code=302023093000628 HTTP/1.1" 200 26796
101.83.145.37 - - [03/Oct/2023:10:18:57 +0800] "GET /xingrg/dwr/interface/AjaxComOrderService.js HTTP/1.1" 200 18264
101.83.145.37 - - [03/Oct/2023:10:18:57 +0800] "GET /xingrg/dwr/interface/AjaxQqpsService.js HTTP/1.1" 200 16326
101.83.145.37 - - [03/Oct/2023:10:18:57 +0800] "GET /xingrg/dwr/engine.js HTTP/1.1" 200 43631
101.83.145.37 - - [03/Oct/2023:10:18:58 +0800] "POST /xingrg/dwr/call/plaincall/AjaxQqpsService.loadMaterielItems.dwr HTTP/1.1" 200 6879
180.152.241.196 - - [03/Oct/2023:10:18:59 +0800] "POST /xingrg/kc/buy/cgsh_list_operate.html HTTP/1.1" 200 986
58.40.7.146 - - [03/Oct/2023:10:19:02 +0800] "GET /xingrg/all/function/internal_message.html?_=1696299540692&CODE_STATE=getMsg HTTP/1.1" 200 27
180.152.241.196 - - [03/Oct/2023:10:19:03 +0800] "GET /xingrg/all/function/internal_message.html?_=1696299543384&CODE_STATE=getMsg HTTP/1.1" 200 27
222.70.180.200 - - [03/Oct/2023:10:19:04 +0800] "GET /xingrg/all/function/internal_message.html?_=1696299834371&CODE_STATE=getMsg HTTP/1.1" 200 27
222.70.180.200 - - [03/Oct/2023:10:19:04 +0800] "GET /xingrg/check_reg.html?_=1696299834375 HTTP/1.1" 200 22
180.152.241.196 - - [03/Oct/2023:10:19:06 +0800] "GET /xingrg/javascript/easyui/themes/default/images/button_plain_hover.png HTTP/1.1" 200 144
222.70.180.200 - - [03/Oct/2023:10:19:06 +0800] "GET /xingrg/kc/buy/cgsh_order_operate.html?command=get_materiel&rest_code=00111&code=00101008221&supplier_code=00100005&order_time=2023-10-03 HTTP/1.1" 200 412
101.83.145.37 - - [03/Oct/2023:10:19:06 +0800] "GET /xingrg/images/yd/bt2.gif HTTP/1.1" 404 1042
116.235.244.193 - - [03/Oct/2023:10:19:07 +0800] "GET /xingrg/kc/buy/cgsh_order_operate.html?command=get_materiel&rest_code=00146&code=00101008210&supplier_code=00100635&order_time=2023-10-03 HTTP/1.1" 200 408
180.152.241.196 - - [03/Oct/2023:10:19:11 +0800] "GET /xingrg/kc/buy/cgsh_order_add.html HTTP/1.1" 200 72565
180.152.241.196 - - [03/Oct/2023:10:19:11 +0800] "GET /xingrg/javascript/convert.js HTTP/1.1" 200 1239
180.152.241.196 - - [03/Oct/2023:10:19:11 +0800] "GET /xingrg/javascript/jquery_tools/order_manager.js HTTP/1.1" 200 11183
180.152.241.196 - - [03/Oct/2023:10:19:11 +0800] "GET /xingrg/javascript/print/kc_print.js HTTP/1.1" 200 11415
180.152.241.196 - - [03/Oct/2023:10:19:11 +0800] "GET /xingrg/javascript/pic_change.js HTTP/1.1" 200 4739
180.152.241.196 - - [03/Oct/2023:10:19:11 +0800] "GET /xingrg/javascript/json2.js HTTP/1.1" 200 11259
180.152.241.196 - - [03/Oct/2023:10:19:11 +0800] "GET /xingrg/words/20231002151928_words.js HTTP/1.1" 200 990775
180.152.241.196 - - [03/Oct/2023:10:19:11 +0800] "GET /xingrg/javascript/easyui/themes/icons/cancel.png HTTP/1.1" 200 1133
180.152.241.196 - - [03/Oct/2023:10:19:11 +0800] "GET /xingrg/javascript/easyui/themes/icons/print.png HTTP/1.1" 200 1057
180.152.241.196 - - [03/Oct/2023:10:19:11 +0800] "GET /xingrg/javascript/easyui/themes/icons/copy_new.png HTTP/1.1" 200 815
180.152.241.196 - - [03/Oct/2023:10:19:11 +0800] "GET /xingrg/javascript/easyui/themes/default/images/menu_downarrow.png HTTP/1.1" 200 173
180.152.241.196 - - [03/Oct/2023:10:19:11 +0800] "GET /xingrg/javascript/easyui/themes/icons/ok.png HTTP/1.1" 200 883
180.152.241.196 - - [03/Oct/2023:10:19:11 +0800] "GET /xingrg/javascript/easyui/themes/icons/template_new.png HTTP/1.1" 200 3956
180.152.241.196 - - [03/Oct/2023:10:19:11 +0800] "POST /xingrg/kc/buy/cgsh_order_operate.html HTTP/1.1" 200 8245
180.152.241.196 - - [03/Oct/2023:10:19:11 +0800] "GET /xingrg/javascript/easyui/themes/default/validatebox.css HTTP/1.1" 404 1104
180.152.241.196 - - [03/Oct/2023:10:19:11 +0800] "GET /xingrg/javascript/easyui/plugins/jquery.validatebox.js HTTP/1.1" 200 6103
180.152.241.196 - - [03/Oct/2023:10:19:11 +0800] "GET /xingrg/all/common/auto_word.html?type=employee&rest_code=00102 HTTP/1.1" 200 189
180.152.241.196 - - [03/Oct/2023:10:19:11 +0800] "GET /xingrg/javascript/easyui/plugins/jquery.numberbox.js HTTP/1.1" 200 5213
180.152.241.196 - - [03/Oct/2023:10:19:11 +0800] "GET /xingrg/javascript/easyui/themes/icons/edit_remove.png HTTP/1.1" 200 625
180.152.241.196 - - [03/Oct/2023:10:19:11 +0800] "GET /xingrg/all/common/auto_word.html?type=employee&rest_code=00102 HTTP/1.1" 200 189
180.152.241.196 - - [03/Oct/2023:10:19:14 +0800] "GET /xingrg/javascript/auto/indicator.gif HTTP/1.1" 404 1066
116.235.244.193 - - [03/Oct/2023:10:19:16 +0800] "GET /xingrg/all/function/internal_message.html?_=1696299562332&CODE_STATE=getMsg HTTP/1.1" 200 27
124.78.69.58 - - [03/Oct/2023:10:19:22 +0800] "POST /xingrg/kc/mdqp/pssh_list_operate.html HTTP/1.1" 200 775
116.235.244.193 - - [03/Oct/2023:10:19:22 +0800] "GET /xingrg/kc/buy/cgsh_order_operate.html?command=get_materiel&rest_code=00146&code=00101008072&supplier_code=00100635&order_time=2023-10-03 HTTP/1.1" 200 408
180.152.241.196 - - [03/Oct/2023:10:19:22 +0800] "GET /xingrg/kc/buy/cgsh_order_operate.html?command=get_materiel&rest_code=00102&code=00101016030&supplier_code=00100096&order_time=2023-10-03 HTTP/1.1" 200 412
124.78.69.58 - - [03/Oct/2023:10:19:23 +0800] "GET /xingrg/kc/mdqp/pssh_order_info.html?code=312023100200035 HTTP/1.1" 200 17303
124.78.69.58 - - [03/Oct/2023:10:19:23 +0800] "GET /xingrg/javascript/jquery_tools/jquery-1.4.2.min.js HTTP/1.1" 404 1094
124.78.69.58 - - [03/Oct/2023:10:19:23 +0800] "GET /xingrg/javascript/easyui/themes/default/validatebox.css HTTP/1.1" 404 1104
124.78.69.58 - - [03/Oct/2023:10:19:23 +0800] "POST /xingrg/kc/mdqp/pssh_order_operate.html HTTP/1.1" 200 9104
180.152.241.196 - - [03/Oct/2023:10:19:25 +0800] "GET /xingrg/all/function/internal_message.html?_=1696299565017&CODE_STATE=getMsg HTTP/1.1" 200 27
101.83.145.37 - - [03/Oct/2023:10:19:25 +0800] "GET /xingrg/all/function/internal_message.html?_=1696299346959&CODE_STATE=getMsg HTTP/1.1" 200 27
124.78.155.92 - - [03/Oct/2023:10:19:25 +0800] "GET /xingrg/all/function/internal_message.html?_=1696299569038&CODE_STATE=getMsg HTTP/1.1" 200 27
114.95.241.104 - - [03/Oct/2023:10:19:31 +0800] "GET /xingrg/all/function/internal_message.html?_=1696299570386&CODE_STATE=getMsg HTTP/1.1" 200 27
124.78.69.58 - - [03/Oct/2023:10:19:31 +0800] "POST /xingrg/all/common/load_combo.html?type=employee HTTP/1.1" 200 362
180.169.147.146 - - [03/Oct/2023:10:19:34 +0800] "GET /xingrg/all/function/internal_message.html?_=1696299572206&CODE_STATE=getMsg HTTP/1.1" 200 27
124.78.69.58 - - [03/Oct/2023:10:19:35 +0800] "GET /xingrg/all/function/internal_message.html?_=1696298996510&CODE_STATE=getMsg HTTP/1.1" 200 27
101.83.145.37 - - [03/Oct/2023:10:19:37 +0800] "GET /xingrg/all/function/internal_message.html?_=1696299578472&CODE_STATE=getMsg HTTP/1.1" 200 27
124.79.244.25 - - [03/Oct/2023:10:19:39 +0800] "GET /xingrg/all/function/internal_message.html?_=1696299879527&CODE_STATE=getMsg HTTP/1.1" 200 27
116.235.244.193 - - [03/Oct/2023:10:19:42 +0800] "GET /xingrg/kc/buy/cgsh_order_operate.html?command=get_materiel&rest_code=00146&code=00101008693&supplier_code=00100635&order_time=2023-10-03 HTTP/1.1" 200 410
180.165.48.189 - - [03/Oct/2023:10:19:42 +0800] "GET /xingrg/all/function/internal_message.html?_=1696299581912&CODE_STATE=getMsg HTTP/1.1" 200 27
124.78.155.92 - - [03/Oct/2023:10:19:43 +0800] "GET /xingrg/all/function/internal_message.html?_=1696299577058&CODE_STATE=getMsg HTTP/1.1" 200 27
124.78.155.92 - - [03/Oct/2023:10:19:43 +0800] "GET /xingrg/check_reg.html?_=1696299577079 HTTP/1.1" 200 22
124.78.155.92 - - [03/Oct/2023:10:19:44 +0800] "GET /xingrg/kc/buy/cgsh_order_operate.html?command=get_materiel&rest_code=00106&code=00101007027&supplier_code=00100096&order_time=2023-10-03 HTTP/1.1" 200 427
124.78.69.58 - - [03/Oct/2023:10:19:45 +0800] "POST /xingrg/kc/mdqp/pssh_order_operate.html HTTP/1.1" 200 37
180.157.248.250 - - [03/Oct/2023:10:19:47 +0800] "GET /xingrg/check_reg.html?_=1696299587103 HTTP/1.1" 200 22
124.78.69.58 - - [03/Oct/2023:10:19:49 +0800] "POST /xingrg/kc/mdqp/pssh_order_operate.html HTTP/1.1" 200 12
180.163.28.143 - - [03/Oct/2023:10:19:50 +0800] "GET /xingrg/all/function/internal_message.html?_=1696299530605&CODE_STATE=getMsg HTTP/1.1" 302 -
180.163.28.143 - - [03/Oct/2023:10:19:50 +0800] "GET /xingrg/login.html HTTP/1.1" 200 7641
180.169.147.146 - - [03/Oct/2023:10:19:50 +0800] "GET /xingrg/all/function/internal_message.html?_=1696299590621&CODE_STATE=getMsg HTTP/1.1" 200 27
124.78.69.58 - - [03/Oct/2023:10:19:50 +0800] "GET /xingrg/kc/mdqp/pssh_order_info.html?code=312023100200035 HTTP/1.1" 200 14392
124.78.69.58 - - [03/Oct/2023:10:19:50 +0800] "GET /xingrg/javascript/jquery_tools/jquery-1.4.2.min.js HTTP/1.1" 404 1094
124.78.69.58 - - [03/Oct/2023:10:19:51 +0800] "GET /xingrg/javascript/easyui/themes/default/validatebox.css HTTP/1.1" 404 1104
124.78.69.58 - - [03/Oct/2023:10:19:51 +0800] "POST /xingrg/kc/mdqp/pssh_order_operate.html HTTP/1.1" 200 9104
101.228.187.155 - - [03/Oct/2023:10:19:51 +0800] "GET /xingrg/all/function/internal_message.html?_=1696299591742&CODE_STATE=getMsg HTTP/1.1" 200 27
101.228.187.155 - - [03/Oct/2023:10:19:51 +0800] "GET /xingrg/check_reg.html?_=1696299591740 HTTP/1.1" 200 22
222.70.180.200 - - [03/Oct/2023:10:19:51 +0800] "POST /xingrg/kc/buy/cgsh_order_operate.html HTTP/1.1" 200 2065
124.78.69.58 - - [03/Oct/2023:10:19:54 +0800] "GET /xingrg/kc/print/load_data.html?order_code=312023100200035&kc_code=pssh&condition= HTTP/1.1" 200 3703
222.70.180.200 - - [03/Oct/2023:10:19:54 +0800] "GET /xingrg/all/function/internal_message.html?_=1696299595076&CODE_STATE=getMsg HTTP/1.1" 200 27
114.95.241.104 - - [03/Oct/2023:10:19:54 +0800] "GET /xingrg/all/function/internal_message.html?_=1696299594445&CODE_STATE=getMsg HTTP/1.1" 200 27
116.230.110.33 - - [03/Oct/2023:10:19:55 +0800] "GET /xingrg/all/function/internal_message.html?_=1696299429293&CODE_STATE=getMsg HTTP/1.1" 200 27
124.78.69.58 - - [03/Oct/2023:10:19:59 +0800] "POST /xingrg/kc/mdqp/pssh_list_operate.html HTTP/1.1" 200 5265
114.95.241.104 - - [03/Oct/2023:10:20:01 +0800] "POST /xingrg/all/user/operate.html HTTP/1.1" 200 36
114.95.241.104 - - [03/Oct/2023:10:20:01 +0800] "GET /xingrg/index.html?sysBaseUrl=http%3A%2F%2F180.169.147.146%3A18081%2Fxingrg%2F&costTime=906×tamp=1696222995140 HTTP/1.1" 200 17179
114.95.241.104 - - [03/Oct/2023:10:20:01 +0800] "GET /xingrg/javascript/jquery_easy_ui/themes/default/easyui.css HTTP/1.1" 304 -
114.95.241.104 - - [03/Oct/2023:10:20:01 +0800] "GET /xingrg/javascript/jquery_easy_ui/themes/icon.css HTTP/1.1" 304 -
114.95.241.104 - - [03/Oct/2023:10:20:01 +0800] "GET /xingrg/css/form.css HTTP/1.1" 304 -
114.95.241.104 - - [03/Oct/2023:10:20:01 +0800] "GET /xingrg/javascript/jquery-1.4.2.min.js HTTP/1.1" 304 -
114.95.241.104 - - [03/Oct/2023:10:20:01 +0800] "GET /xingrg/javascript/jquery_easy_ui/jquery.easyui.min.js HTTP/1.1" 304 -
114.95.241.104 - - [03/Oct/2023:10:20:01 +0800] "GET /xingrg/javascript/jquery_easy_ui/easyui-lang-zh_CN.js HTTP/1.1" 304 -
114.95.241.104 - - [03/Oct/2023:10:20:01 +0800] "GET /xingrg/javascript/jquery.form.js HTTP/1.1" 304 -
114.95.241.104 - - [03/Oct/2023:10:20:01 +0800] "GET /xingrg/javascript/jquery.utils.js HTTP/1.1" 304 -
114.95.241.104 - - [03/Oct/2023:10:20:01 +0800] "GET /xingrg/javascript/jquery.timers.js HTTP/1.1" 304 -
114.95.241.104 - - [03/Oct/2023:10:20:01 +0800] "GET /xingrg/images/blue/jxLogo.png HTTP/1.1" 304 -
114.95.241.104 - - [03/Oct/2023:10:20:01 +0800] "GET /xingrg/images/blue/navBackgound.jpg HTTP/1.1" 304 -
114.95.241.104 - - [03/Oct/2023:10:20:01 +0800] "GET /xingrg/javascript/jquery_easy_ui/themes/icons/settle_new.png HTTP/1.1" 304 -
114.95.241.104 - - [03/Oct/2023:10:20:01 +0800] "GET /xingrg/all/function/internal_message.html?_=1696299601460&CODE_STATE=count HTTP/1.1" 200 11
114.95.241.104 - - [03/Oct/2023:10:20:01 +0800] "GET /xingrg/check_reg.html?_=1696299601461 HTTP/1.1" 200 22
114.95.241.104 - - [03/Oct/2023:10:20:01 +0800] "GET /xingrg/javascript/jquery_easy_ui/themes/default/images/panel_tool_collapse.gif HTTP/1.1" 304 -
114.95.241.104 - - [03/Oct/2023:10:20:01 +0800] "GET /xingrg/javascript/jquery_easy_ui/themes/default/images/tabs_rightarrow.png HTTP/1.1" 304 -
114.95.241.104 - - [03/Oct/2023:10:20:01 +0800] "GET /xingrg/javascript/jquery_easy_ui/themes/default/images/tabs_leftarrow.png HTTP/1.1" 304 -
114.95.241.104 - - [03/Oct/2023:10:20:01 +0800] "GET /xingrg/images/blue/pingpu.png HTTP/1.1" 304 -
114.95.241.104 - - [03/Oct/2023:10:20:02 +0800] "POST /xingrg/all/common/load_tree.html?tree=area_rest_tree_json&manage=1 HTTP/1.1" 200 476
114.95.241.104 - - [03/Oct/2023:10:20:02 +0800] "POST /xingrg/load_menu.html HTTP/1.1" 200 5138
58.40.7.146 - - [03/Oct/2023:10:20:02 +0800] "GET /xingrg/all/function/internal_message.html?_=1696299600689&CODE_STATE=getMsg HTTP/1.1" 200 27
124.78.69.58 - - [03/Oct/2023:10:20:02 +0800] "POST /xingrg/kc/mdqp/pssh_list_operate.html HTTP/1.1" 200 356
124.78.155.92 - - [03/Oct/2023:10:20:02 +0800] "GET /xingrg/kc/buy/cgsh_order_operate.html?command=get_materiel&rest_code=00106&code=00101007082&supplier_code=00100096&order_time=2023-10-03 HTTP/1.1" 200 427
180.152.241.196 - - [03/Oct/2023:10:20:03 +0800] "GET /xingrg/check_reg.html?_=1696299603366 HTTP/1.1" 200 22
180.152.241.196 - - [03/Oct/2023:10:20:03 +0800] "GET /xingrg/all/function/internal_message.html?_=1696299603371&CODE_STATE=getMsg HTTP/1.1" 200 27
222.70.180.200 - - [03/Oct/2023:10:20:04 +0800] "GET /xingrg/all/function/internal_message.html?_=1696299894370&CODE_STATE=getMsg HTTP/1.1" 200 27
124.78.69.58 - - [03/Oct/2023:10:20:04 +0800] "GET /xingrg/kc/mdqp/pssh_order_info.html?code=312023100200041 HTTP/1.1" 200 17301
124.78.69.58 - - [03/Oct/2023:10:20:04 +0800] "GET /xingrg/javascript/jquery_tools/jquery-1.4.2.min.js HTTP/1.1" 404 1094
114.95.241.104 - - [03/Oct/2023:10:20:04 +0800] "GET /xingrg/kc/base/check_order_list.html HTTP/1.1" 200 16299
124.78.69.58 - - [03/Oct/2023:10:20:04 +0800] "GET /xingrg/javascript/easyui/themes/default/validatebox.css HTTP/1.1" 404 1104
124.78.69.58 - - [03/Oct/2023:10:20:04 +0800] "POST /xingrg/kc/mdqp/pssh_order_operate.html HTTP/1.1" 200 1047
114.95.241.104 - - [03/Oct/2023:10:20:05 +0800] "POST /xingrg/kc/base/check_list_operate.html HTTP/1.1" 200 1569
114.95.241.104 - - [03/Oct/2023:10:20:07 +0800] "GET /xingrg/kc/base/check_order_info.html?code=452023093000372 HTTP/1.1" 200 26486
114.95.241.104 - - [03/Oct/2023:10:20:07 +0800] "GET /xingrg/dwr/interface/AjaxComOrderService.js HTTP/1.1" 200 18264
114.95.241.104 - - [03/Oct/2023:10:20:07 +0800] "GET /xingrg/dwr/interface/AjaxCheckService.js HTTP/1.1" 200 14003
114.95.241.104 - - [03/Oct/2023:10:20:07 +0800] "GET /xingrg/dwr/engine.js HTTP/1.1" 200 43631
114.95.241.104 - - [03/Oct/2023:10:20:07 +0800] "GET /xingrg/dwr/util.js HTTP/1.1" 304 -
114.95.241.104 - - [03/Oct/2023:10:20:07 +0800] "POST /xingrg/dwr/call/plaincall/AjaxCheckService.loadOrderItems.dwr HTTP/1.1" 200 8211
124.78.69.58 - - [03/Oct/2023:10:20:08 +0800] "POST /xingrg/all/common/load_combo.html?type=employee HTTP/1.1" 200 362
116.235.244.193 - - [03/Oct/2023:10:20:16 +0800] "GET /xingrg/all/function/internal_message.html?_=1696299622406&CODE_STATE=getMsg HTTP/1.1" 200 27
114.95.241.104 - - [03/Oct/2023:10:20:23 +0800] "POST /xingrg/dwr/call/plaincall/AjaxCheckService.setItemNumber.dwr HTTP/1.1" 200 76
180.152.241.196 - - [03/Oct/2023:10:20:24 +0800] "GET /xingrg/all/function/internal_message.html?_=1696299624991&CODE_STATE=getMsg HTTP/1.1" 200 27
101.83.145.37 - - [03/Oct/2023:10:20:25 +0800] "GET /xingrg/all/function/internal_message.html?_=1696299406932&CODE_STATE=getMsg HTTP/1.1" 200 27
124.78.155.92 - - [03/Oct/2023:10:20:25 +0800] "GET /xingrg/all/function/internal_message.html?_=1696299629012&CODE_STATE=getMsg HTTP/1.1" 200 27
114.95.241.104 - - [03/Oct/2023:10:20:26 +0800] "POST /xingrg/dwr/call/plaincall/AjaxCheckService.setItemNumber.dwr HTTP/1.1" 200 76
101.83.145.37 - - [03/Oct/2023:10:20:26 +0800] "GET /xingrg/check_reg.html?_=1696299408247 HTTP/1.1" 200 22
124.78.155.92 - - [03/Oct/2023:10:20:28 +0800] "POST /xingrg/services/DataTransmitService HTTP/1.1" 200 524
114.95.241.104 - - [03/Oct/2023:10:20:29 +0800] "POST /xingrg/dwr/call/plaincall/AjaxCheckService.setItemNumber.dwr HTTP/1.1" 200 76
114.95.241.104 - - [03/Oct/2023:10:20:31 +0800] "GET /xingrg/all/function/internal_message.html?_=1696299630375&CODE_STATE=getMsg HTTP/1.1" 200 27
114.95.241.104 - - [03/Oct/2023:10:20:32 +0800] "POST /xingrg/dwr/call/plaincall/AjaxCheckService.setItemNumber.dwr HTTP/1.1" 200 76
180.169.147.146 - - [03/Oct/2023:10:20:32 +0800] "GET /xingrg/kc/base/wldb_order_list.html HTTP/1.1" 200 19180
180.169.147.146 - - [03/Oct/2023:10:20:33 +0800] "POST /xingrg/kc/base/wldb_list_operate.html HTTP/1.1" 200 928
180.169.147.146 - - [03/Oct/2023:10:20:34 +0800] "GET /xingrg/all/function/internal_message.html?_=1696299632210&CODE_STATE=getMsg HTTP/1.1" 200 27
180.169.147.146 - - [03/Oct/2023:10:20:34 +0800] "GET /xingrg/check_reg.html?_=1696299632616 HTTP/1.1" 200 22
114.95.241.104 - - [03/Oct/2023:10:20:35 +0800] "POST /xingrg/dwr/call/plaincall/AjaxCheckService.setItemNumber.dwr HTTP/1.1" 200 76
124.78.69.58 - - [03/Oct/2023:10:20:35 +0800] "GET /xingrg/all/function/internal_message.html?_=1696299056486&CODE_STATE=getMsg HTTP/1.1" 200 27
180.169.147.146 - - [03/Oct/2023:10:20:35 +0800] "POST /xingrg/kc/base/wldb_list_operate.html HTTP/1.1" 200 6212
114.95.241.104 - - [03/Oct/2023:10:20:36 +0800] "POST /xingrg/dwr/call/plaincall/AjaxCheckService.setItemNumber.dwr HTTP/1.1" 200 76
101.83.145.37 - - [03/Oct/2023:10:20:37 +0800] "GET /xingrg/all/function/internal_message.html?_=1696299638485&CODE_STATE=getMsg HTTP/1.1" 200 27
101.83.145.37 - - [03/Oct/2023:10:20:37 +0800] "GET /xingrg/check_reg.html?_=1696299638522 HTTP/1.1" 200 22
114.95.241.104 - - [03/Oct/2023:10:20:38 +0800] "POST /xingrg/dwr/call/plaincall/AjaxCheckService.setItemNumber.dwr HTTP/1.1" 200 76
124.79.244.25 - - [03/Oct/2023:10:20:39 +0800] "GET /xingrg/all/function/internal_message.html?_=1696299939526&CODE_STATE=getMsg HTTP/1.1" 200 27
114.95.241.104 - - [03/Oct/2023:10:20:40 +0800] "POST /xingrg/dwr/call/plaincall/AjaxCheckService.setItemNumber.dwr HTTP/1.1" 200 76
180.163.29.206 - - [03/Oct/2023:10:20:41 +0800] "GET /xingrg/kc/buy/cgsh_order_operate.html?command=get_materiel&rest_code=00106&code=00101007027&supplier_code=00100096&order_time=2023-10-03 HTTP/1.1" 302 -
180.163.29.206 - - [03/Oct/2023:10:20:41 +0800] "GET /xingrg/login.html HTTP/1.1" 200 7641
