222.69.128.235 - - [28/Sep/2023:10:05:27 +0800] "GET /xingrg/all/function/internal_message.html?_=1695866728885&CODE_STATE=getMsg HTTP/1.1" 200 27
180.169.147.146 - - [28/Sep/2023:10:05:33 +0800] "GET /xingrg/all/function/internal_message.html?_=1695866729670&CODE_STATE=getMsg HTTP/1.1" 200 27
180.169.147.146 - - [28/Sep/2023:10:05:34 +0800] "GET /xingrg/check_reg.html?_=1695866730557 HTTP/1.1" 200 22
180.169.147.146 - - [28/Sep/2023:10:05:34 +0800] "GET /xingrg/all/function/internal_message.html?_=1695866730558&CODE_STATE=getMsg HTTP/1.1" 200 27
222.70.180.200 - - [28/Sep/2023:10:05:45 +0800] "GET /xingrg/kc/buy/cgsh_order_operate.html?command=get_materiel&rest_code=00111&code=00101008759&supplier_code=00100005&order_time=2023-09-28 HTTP/1.1" 200 396
116.235.240.218 - - [28/Sep/2023:10:05:47 +0800] "GET /xingrg/all/function/internal_message.html?_=1695866742064&CODE_STATE=getMsg HTTP/1.1" 200 27
114.95.241.104 - - [28/Sep/2023:10:05:55 +0800] "GET /xingrg/all/function/internal_message.html?_=1695866753624&CODE_STATE=getMsg HTTP/1.1" 200 27
180.165.48.189 - - [28/Sep/2023:10:05:55 +0800] "GET /xingrg/check_reg.html?_=1695866754907 HTTP/1.1" 200 22
180.165.48.189 - - [28/Sep/2023:10:05:55 +0800] "GET /xingrg/all/function/internal_message.html?_=1695866754909&CODE_STATE=getMsg HTTP/1.1" 200 27
124.78.69.58 - - [28/Sep/2023:10:06:02 +0800] "GET /xingrg/all/function/internal_message.html?_=1695866186686&CODE_STATE=getMsg HTTP/1.1" 200 27
116.230.110.33 - - [28/Sep/2023:10:06:05 +0800] "GET /xingrg/all/function/internal_message.html?_=1695866609682&CODE_STATE=getMsg HTTP/1.1" 200 27
218.81.72.120 - - [28/Sep/2023:10:06:06 +0800] "GET /xingrg/check_reg.html?_=1695866764671 HTTP/1.1" 200 22
222.70.180.200 - - [28/Sep/2023:10:06:06 +0800] "GET /xingrg/kc/buy/cgsh_order_operate.html?command=get_materiel&rest_code=00111&code=00101008223&supplier_code=00100005&order_time=2023-09-28 HTTP/1.1" 200 412
114.83.220.87 - - [28/Sep/2023:10:06:07 +0800] "GET /xingrg/all/function/internal_message.html?_=1695866766313&CODE_STATE=getMsg HTTP/1.1" 200 27
114.83.220.87 - - [28/Sep/2023:10:06:08 +0800] "GET /xingrg/check_reg.html?_=1695866766976 HTTP/1.1" 200 22
101.83.145.37 - - [28/Sep/2023:10:06:09 +0800] "GET /xingrg/all/function/internal_message.html?_=1695866770200&CODE_STATE=getMsg HTTP/1.1" 200 27
101.83.145.37 - - [28/Sep/2023:10:06:09 +0800] "GET /xingrg/check_reg.html?_=1695866770205 HTTP/1.1" 200 22
58.40.7.146 - - [28/Sep/2023:10:06:11 +0800] "GET /xingrg/all/function/internal_message.html?_=1695866769633&CODE_STATE=getMsg HTTP/1.1" 200 27
222.70.107.161 - - [28/Sep/2023:10:06:17 +0800] "GET /xingrg/all/function/internal_message.html?_=1695866777608&CODE_STATE=getMsg HTTP/1.1" 200 27
180.163.29.79 - - [28/Sep/2023:10:06:21 +0800] "GET /xingrg/all/function/internal_message.html?_=1695866718798&CODE_STATE=getMsg HTTP/1.1" 302 -
180.163.29.79 - - [28/Sep/2023:10:06:21 +0800] "GET /xingrg/login.html HTTP/1.1" 200 7641
124.78.155.92 - - [28/Sep/2023:10:06:21 +0800] "GET /xingrg/all/function/internal_message.html?_=1695866778785&CODE_STATE=getMsg HTTP/1.1" 200 27
180.163.29.206 - - [28/Sep/2023:10:06:22 +0800] "GET /xingrg/all/function/internal_message.html?_=1695866722841&CODE_STATE=getMsg HTTP/1.1" 302 -
180.163.29.206 - - [28/Sep/2023:10:06:22 +0800] "GET /xingrg/login.html HTTP/1.1" 200 7641
114.95.241.104 - - [28/Sep/2023:10:06:22 +0800] "GET /xingrg/all/function/internal_message.html?_=1695866782361&CODE_STATE=getMsg HTTP/1.1" 200 27
180.169.147.146 - - [28/Sep/2023:10:06:22 +0800] "GET /xingrg/check_reg.html?_=1695866782844 HTTP/1.1" 200 22
180.169.147.146 - - [28/Sep/2023:10:06:22 +0800] "GET /xingrg/all/function/internal_message.html?_=1695866782849&CODE_STATE=getMsg HTTP/1.1" 200 27
222.70.180.200 - - [28/Sep/2023:10:06:25 +0800] "GET /xingrg/kc/buy/cgsh_order_operate.html?command=get_materiel&rest_code=00111&code=00101008150&supplier_code=00100005&order_time=2023-09-28 HTTP/1.1" 200 409
222.70.180.200 - - [28/Sep/2023:10:06:26 +0800] "GET /xingrg/all/function/internal_message.html?_=1695866785961&CODE_STATE=getMsg HTTP/1.1" 200 27
222.69.128.235 - - [28/Sep/2023:10:06:27 +0800] "GET /xingrg/all/function/internal_message.html?_=1695866788901&CODE_STATE=getMsg HTTP/1.1" 200 27
120.253.135.82 - - [28/Sep/2023:10:06:29 +0800] "GET /xingrg/check_reg.html?_=1695866592565 HTTP/1.1" 200 22
180.169.147.146 - - [28/Sep/2023:10:06:33 +0800] "GET /xingrg/all/function/internal_message.html?_=1695866789668&CODE_STATE=getMsg HTTP/1.1" 200 27
180.169.147.146 - - [28/Sep/2023:10:06:33 +0800] "GET /xingrg/check_reg.html?_=1695866789671 HTTP/1.1" 200 22
180.169.147.146 - - [28/Sep/2023:10:06:34 +0800] "GET /xingrg/all/function/internal_message.html?_=1695866790555&CODE_STATE=getMsg HTTP/1.1" 200 27
222.70.180.200 - - [28/Sep/2023:10:06:40 +0800] "POST /xingrg/kc/buy/cgsh_order_operate.html HTTP/1.1" 200 2065
180.165.48.189 - - [28/Sep/2023:10:06:41 +0800] "GET /xingrg/javascript/jquery_tools/images/prev.gif HTTP/1.1" 404 1086
180.165.48.189 - - [28/Sep/2023:10:06:41 +0800] "GET /xingrg/javascript/jquery_tools/images/next.gif HTTP/1.1" 404 1086
116.235.240.218 - - [28/Sep/2023:10:06:45 +0800] "GET /xingrg/check_reg.html?_=1695866800463 HTTP/1.1" 200 22
116.235.240.218 - - [28/Sep/2023:10:06:47 +0800] "GET /xingrg/all/function/internal_message.html?_=1695866802079&CODE_STATE=getMsg HTTP/1.1" 200 27
114.95.241.104 - - [28/Sep/2023:10:06:55 +0800] "GET /xingrg/all/function/internal_message.html?_=1695866813598&CODE_STATE=getMsg HTTP/1.1" 200 27
180.165.48.189 - - [28/Sep/2023:10:06:55 +0800] "GET /xingrg/all/function/internal_message.html?_=1695866814890&CODE_STATE=getMsg HTTP/1.1" 200 27
222.70.180.200 - - [28/Sep/2023:10:06:58 +0800] "GET /xingrg/kc/buy/cgsh_order_operate.html?command=get_materiel&rest_code=00111&code=00101008061&supplier_code=00100005&order_time=2023-09-28 HTTP/1.1" 200 441
124.78.69.58 - - [28/Sep/2023:10:07:02 +0800] "GET /xingrg/all/function/internal_message.html?_=1695866246654&CODE_STATE=getMsg HTTP/1.1" 200 27
116.230.110.33 - - [28/Sep/2023:10:07:05 +0800] "GET /xingrg/all/function/internal_message.html?_=1695866669686&CODE_STATE=getMsg HTTP/1.1" 200 27
114.83.220.87 - - [28/Sep/2023:10:07:07 +0800] "GET /xingrg/all/function/internal_message.html?_=1695866826283&CODE_STATE=getMsg HTTP/1.1" 200 27
101.83.145.37 - - [28/Sep/2023:10:07:09 +0800] "GET /xingrg/all/function/internal_message.html?_=1695866830205&CODE_STATE=getMsg HTTP/1.1" 200 27
58.40.7.146 - - [28/Sep/2023:10:07:11 +0800] "GET /xingrg/all/function/internal_message.html?_=1695866829649&CODE_STATE=getMsg HTTP/1.1" 200 27
114.95.241.104 - - [28/Sep/2023:10:07:14 +0800] "GET /xingrg/check_reg.html?_=1695866833334 HTTP/1.1" 200 22
222.70.107.161 - - [28/Sep/2023:10:07:17 +0800] "GET /xingrg/all/function/internal_message.html?_=1695866837614&CODE_STATE=getMsg HTTP/1.1" 200 27
180.163.29.206 - - [28/Sep/2023:10:07:21 +0800] "GET /xingrg/all/function/internal_message.html?_=1695866778785&CODE_STATE=getMsg HTTP/1.1" 302 -
180.163.29.206 - - [28/Sep/2023:10:07:21 +0800] "GET /xingrg/login.html HTTP/1.1" 200 7641
124.78.155.92 - - [28/Sep/2023:10:07:21 +0800] "GET /xingrg/all/function/internal_message.html?_=1695866838755&CODE_STATE=getMsg HTTP/1.1" 200 27
180.169.147.146 - - [28/Sep/2023:10:07:22 +0800] "POST /xingrg/kc/buy/cgsh_list_operate.html HTTP/1.1" 200 4
114.95.241.104 - - [28/Sep/2023:10:07:22 +0800] "GET /xingrg/all/function/internal_message.html?_=1695866842361&CODE_STATE=getMsg HTTP/1.1" 200 27
180.169.147.146 - - [28/Sep/2023:10:07:22 +0800] "GET /xingrg/all/function/internal_message.html?_=1695866842838&CODE_STATE=getMsg HTTP/1.1" 200 27
180.163.29.206 - - [28/Sep/2023:10:07:23 +0800] "GET /xingrg/all/function/internal_message.html?_=1695866782849&CODE_STATE=getMsg HTTP/1.1" 302 -
180.163.29.206 - - [28/Sep/2023:10:07:23 +0800] "GET /xingrg/login.html HTTP/1.1" 200 7641
222.70.180.200 - - [28/Sep/2023:10:07:26 +0800] "GET /xingrg/all/function/internal_message.html?_=1695866845961&CODE_STATE=getMsg HTTP/1.1" 200 27
222.69.128.235 - - [28/Sep/2023:10:07:27 +0800] "GET /xingrg/check_reg.html?_=1695866848895 HTTP/1.1" 200 22
222.69.128.235 - - [28/Sep/2023:10:07:27 +0800] "GET /xingrg/all/function/internal_message.html?_=1695866848896&CODE_STATE=getMsg HTTP/1.1" 200 27
218.81.72.120 - - [28/Sep/2023:10:07:30 +0800] "GET /favicon.ico HTTP/1.1" 404 -
180.169.147.146 - - [28/Sep/2023:10:07:33 +0800] "GET /xingrg/all/function/internal_message.html?_=1695866849695&CODE_STATE=getMsg HTTP/1.1" 200 27
180.169.147.146 - - [28/Sep/2023:10:07:35 +0800] "GET /xingrg/all/function/internal_message.html?_=1695866852319&CODE_STATE=getMsg HTTP/1.1" 200 27
116.235.240.218 - - [28/Sep/2023:10:07:47 +0800] "GET /xingrg/all/function/internal_message.html?_=1695866862093&CODE_STATE=getMsg HTTP/1.1" 200 27
114.95.241.104 - - [28/Sep/2023:10:07:55 +0800] "GET /xingrg/all/function/internal_message.html?_=1695866873580&CODE_STATE=getMsg HTTP/1.1" 200 27
180.165.48.189 - - [28/Sep/2023:10:07:55 +0800] "GET /xingrg/all/function/internal_message.html?_=1695866874906&CODE_STATE=getMsg HTTP/1.1" 200 27
222.70.180.200 - - [28/Sep/2023:10:07:58 +0800] "GET /xingrg/kc/buy/cgsh_order_operate.html?command=get_materiel&rest_code=00111&code=00101008674&supplier_code=00100005&order_time=2023-09-28 HTTP/1.1" 200 412
124.78.69.58 - - [28/Sep/2023:10:08:01 +0800] "GET /xingrg/all/function/internal_message.html?_=1695866306627&CODE_STATE=getMsg HTTP/1.1" 200 27
124.78.69.58 - - [28/Sep/2023:10:08:02 +0800] "GET /xingrg/check_reg.html?_=1695866307393 HTTP/1.1" 200 22
116.230.110.33 - - [28/Sep/2023:10:08:05 +0800] "GET /xingrg/all/function/internal_message.html?_=1695866729688&CODE_STATE=getMsg HTTP/1.1" 200 27
114.83.220.87 - - [28/Sep/2023:10:08:07 +0800] "GET /xingrg/all/function/internal_message.html?_=1695866886257&CODE_STATE=getMsg HTTP/1.1" 200 27
101.83.145.37 - - [28/Sep/2023:10:08:09 +0800] "GET /xingrg/all/function/internal_message.html?_=1695866890204&CODE_STATE=getMsg HTTP/1.1" 200 27
58.40.7.146 - - [28/Sep/2023:10:08:11 +0800] "GET /xingrg/all/function/internal_message.html?_=1695866889639&CODE_STATE=getMsg HTTP/1.1" 200 27
58.40.7.146 - - [28/Sep/2023:10:08:11 +0800] "GET /xingrg/check_reg.html?_=1695866889642 HTTP/1.1" 200 22
218.81.72.120 - - [28/Sep/2023:10:08:14 +0800] "GET /favicon.ico HTTP/1.1" 404 -
222.70.107.161 - - [28/Sep/2023:10:08:17 +0800] "GET /xingrg/all/function/internal_message.html?_=1695866897613&CODE_STATE=getMsg HTTP/1.1" 200 27
180.169.147.146 - - [28/Sep/2023:10:08:19 +0800] "GET /xingrg/kc/report/report_main.html HTTP/1.1" 200 8599
180.163.29.212 - - [28/Sep/2023:10:08:21 +0800] "GET /xingrg/all/function/internal_message.html?_=1695866838755&CODE_STATE=getMsg HTTP/1.1" 302 -
124.78.155.92 - - [28/Sep/2023:10:08:21 +0800] "GET /xingrg/all/function/internal_message.html?_=1695866898744&CODE_STATE=getMsg HTTP/1.1" 200 27
124.78.155.92 - - [28/Sep/2023:10:08:21 +0800] "GET /xingrg/check_reg.html?_=1695866898748 HTTP/1.1" 200 22
180.163.29.212 - - [28/Sep/2023:10:08:21 +0800] "GET /xingrg/login.html HTTP/1.1" 200 7641
114.95.241.104 - - [28/Sep/2023:10:08:22 +0800] "GET /xingrg/all/function/internal_message.html?_=1695866902361&CODE_STATE=getMsg HTTP/1.1" 200 27
180.169.147.146 - - [28/Sep/2023:10:08:22 +0800] "GET /xingrg/all/function/internal_message.html?_=1695866902831&CODE_STATE=getMsg HTTP/1.1" 200 27
180.169.147.146 - - [28/Sep/2023:10:08:24 +0800] "POST /xingrg/kc/buy/cgsh_list_operate.html HTTP/1.1" 200 6052
120.253.135.82 - - [28/Sep/2023:10:08:26 +0800] "GET /xingrg/kc/pszx/mdqp_order_list.html?state=10 HTTP/1.1" 200 10275
120.253.135.82 - - [28/Sep/2023:10:08:26 +0800] "GET /xingrg/dwr/interface/AjaxQqpsService.js HTTP/1.1" 200 16326
120.253.135.82 - - [28/Sep/2023:10:08:26 +0800] "GET /xingrg/dwr/interface/AjaxReportQueryService.js HTTP/1.1" 200 13203
120.253.135.82 - - [28/Sep/2023:10:08:26 +0800] "GET /xingrg/dwr/engine.js HTTP/1.1" 200 43631
222.70.180.200 - - [28/Sep/2023:10:08:26 +0800] "GET /xingrg/check_reg.html?_=1695866905983 HTTP/1.1" 200 22
222.70.180.200 - - [28/Sep/2023:10:08:26 +0800] "GET /xingrg/all/function/internal_message.html?_=1695866905977&CODE_STATE=getMsg HTTP/1.1" 200 27
222.69.128.235 - - [28/Sep/2023:10:08:27 +0800] "GET /xingrg/all/function/internal_message.html?_=1695866908896&CODE_STATE=getMsg HTTP/1.1" 200 27
120.253.135.82 - - [28/Sep/2023:10:08:28 +0800] "GET /xingrg/kc/pszx/mdps_order_list.html?orderType=0 HTTP/1.1" 200 21108
120.253.135.82 - - [28/Sep/2023:10:08:29 +0800] "POST /xingrg/kc/pszx/mdps_list_operate.html HTTP/1.1" 200 5490
180.169.147.146 - - [28/Sep/2023:10:08:29 +0800] "GET /xingrg/all/report/report_query.html?fileName=kc/buy/gys_amount.xml&rh=99999 HTTP/1.1" 200 52006
180.169.147.146 - - [28/Sep/2023:10:08:29 +0800] "GET /xingrg/dwr/interface/AjaxReportQueryService.js HTTP/1.1" 200 13203
180.169.147.146 - - [28/Sep/2023:10:08:29 +0800] "GET /xingrg/dwr/engine.js HTTP/1.1" 200 43631
180.169.147.146 - - [28/Sep/2023:10:08:29 +0800] "POST /xingrg/dwr/call/plaincall/AjaxReportQueryService.getFixDate.dwr HTTP/1.1" 200 111
120.253.135.82 - - [28/Sep/2023:10:08:30 +0800] "GET /xingrg/javascript/auto/indicator.gif HTTP/1.1" 404 1066
180.169.147.146 - - [28/Sep/2023:10:08:30 +0800] "POST /xingrg/dwr/call/plaincall/AjaxReportQueryService.getInitString.dwr HTTP/1.1" 200 489
180.169.147.146 - - [28/Sep/2023:10:08:30 +0800] "POST /xingrg/all/common/load_tree.html?tree=materiel_sort_tree_json HTTP/1.1" 200 9500
180.169.147.146 - - [28/Sep/2023:10:08:30 +0800] "POST /xingrg/all/common/load_tree.html?tree=supplier_tree_json&manage=1 HTTP/1.1" 200 78364
222.70.180.200 - - [28/Sep/2023:10:08:32 +0800] "GET /xingrg/kc/buy/cgsh_order_operate.html?command=get_materiel&rest_code=00111&code=00101008350&supplier_code=00100005&order_time=2023-09-28 HTTP/1.1" 200 408
180.169.147.146 - - [28/Sep/2023:10:08:33 +0800] "GET /xingrg/all/function/internal_message.html?_=1695866909692&CODE_STATE=getMsg HTTP/1.1" 200 27
120.253.135.82 - - [28/Sep/2023:10:08:35 +0800] "POST /xingrg/kc/pszx/mdps_list_operate.html HTTP/1.1" 200 1685
180.169.147.146 - - [28/Sep/2023:10:08:35 +0800] "GET /xingrg/all/function/internal_message.html?_=1695866912288&CODE_STATE=getMsg HTTP/1.1" 200 27
120.253.135.82 - - [28/Sep/2023:10:08:36 +0800] "POST /xingrg/kc/pszx/mdps_list_operate.html HTTP/1.1" 200 207
180.169.147.146 - - [28/Sep/2023:10:08:36 +0800] "POST /xingrg/all/user/operate.html HTTP/1.1" 200 36
180.169.147.146 - - [28/Sep/2023:10:08:37 +0800] "GET /xingrg/index.html?sysBaseUrl=http%3A%2F%2F180.169.147.146%3A18081%2Fxingrg%2F&costTime=1377×tamp=1695866482299 HTTP/1.1" 200 17509
180.169.147.146 - - [28/Sep/2023:10:08:37 +0800] "GET /xingrg/javascript/jquery_easy_ui/themes/default/easyui.css HTTP/1.1" 304 -
180.169.147.146 - - [28/Sep/2023:10:08:37 +0800] "GET /xingrg/javascript/jquery_easy_ui/themes/icon.css HTTP/1.1" 304 -
180.169.147.146 - - [28/Sep/2023:10:08:37 +0800] "GET /xingrg/css/form.css HTTP/1.1" 304 -
180.169.147.146 - - [28/Sep/2023:10:08:37 +0800] "GET /xingrg/javascript/jquery-1.4.2.min.js HTTP/1.1" 304 -
180.169.147.146 - - [28/Sep/2023:10:08:37 +0800] "GET /xingrg/javascript/jquery_easy_ui/jquery.easyui.min.js HTTP/1.1" 304 -
180.169.147.146 - - [28/Sep/2023:10:08:37 +0800] "GET /xingrg/javascript/jquery_easy_ui/easyui-lang-zh_CN.js HTTP/1.1" 304 -
180.169.147.146 - - [28/Sep/2023:10:08:37 +0800] "GET /xingrg/javascript/jquery.form.js HTTP/1.1" 304 -
180.169.147.146 - - [28/Sep/2023:10:08:37 +0800] "GET /xingrg/javascript/jquery.utils.js HTTP/1.1" 304 -
180.169.147.146 - - [28/Sep/2023:10:08:37 +0800] "GET /xingrg/javascript/jquery.timers.js HTTP/1.1" 304 -
180.169.147.146 - - [28/Sep/2023:10:08:37 +0800] "GET /xingrg/images/blue/jxLogo.png HTTP/1.1" 304 -
120.253.135.82 - - [28/Sep/2023:10:08:37 +0800] "GET /xingrg/kc/pszx/mdps_order_info.html?code=312023092600648 HTTP/1.1" 200 23976
180.169.147.146 - - [28/Sep/2023:10:08:37 +0800] "GET /xingrg/javascript/jquery_easy_ui/themes/icons/settle_new.png HTTP/1.1" 304 -
180.169.147.146 - - [28/Sep/2023:10:08:37 +0800] "GET /xingrg/images/blue/navBackgound.jpg HTTP/1.1" 304 -
120.253.135.82 - - [28/Sep/2023:10:08:37 +0800] "GET /xingrg/javascript/convert.js HTTP/1.1" 304 -
120.253.135.82 - - [28/Sep/2023:10:08:37 +0800] "GET /xingrg/javascript/json2.js HTTP/1.1" 304 -
120.253.135.82 - - [28/Sep/2023:10:08:37 +0800] "GET /xingrg/javascript/jquery_tools/order_manager.js HTTP/1.1" 304 -
180.169.147.146 - - [28/Sep/2023:10:08:37 +0800] "GET /xingrg/all/function/internal_message.html?_=1695866918046&CODE_STATE=count HTTP/1.1" 200 11
180.169.147.146 - - [28/Sep/2023:10:08:37 +0800] "GET /xingrg/check_reg.html?_=1695866918046 HTTP/1.1" 200 22
180.169.147.146 - - [28/Sep/2023:10:08:37 +0800] "GET /xingrg/javascript/jquery_easy_ui/themes/default/images/panel_tool_expand.gif HTTP/1.1" 304 -
180.169.147.146 - - [28/Sep/2023:10:08:37 +0800] "GET /xingrg/javascript/jquery_easy_ui/themes/default/images/tabs_leftarrow.png HTTP/1.1" 304 -
180.169.147.146 - - [28/Sep/2023:10:08:37 +0800] "GET /xingrg/javascript/jquery_easy_ui/themes/default/images/panel_tool_collapse.gif HTTP/1.1" 304 -
180.169.147.146 - - [28/Sep/2023:10:08:37 +0800] "GET /xingrg/images/blue/pingpu.png HTTP/1.1" 304 -
180.169.147.146 - - [28/Sep/2023:10:08:37 +0800] "GET /xingrg/javascript/jquery_easy_ui/themes/default/images/tabs_rightarrow.png HTTP/1.1" 304 -
120.253.135.82 - - [28/Sep/2023:10:08:37 +0800] "GET /xingrg/words/20230927133912_words.js HTTP/1.1" 304 -
180.169.147.146 - - [28/Sep/2023:10:08:38 +0800] "POST /xingrg/all/common/load_tree.html?tree=area_rest_tree_json&manage=1 HTTP/1.1" 200 3499
180.169.147.146 - - [28/Sep/2023:10:08:38 +0800] "POST /xingrg/load_menu.html HTTP/1.1" 200 9959
120.253.135.82 - - [28/Sep/2023:10:08:38 +0800] "GET /xingrg/javascript/easyui/themes/default/validatebox.css HTTP/1.1" 404 1104
120.253.135.82 - - [28/Sep/2023:10:08:38 +0800] "GET /xingrg/javascript/easyui/plugins/jquery.validatebox.js HTTP/1.1" 304 -
120.253.135.82 - - [28/Sep/2023:10:08:38 +0800] "GET /xingrg/javascript/easyui/plugins/jquery.numberbox.js HTTP/1.1" 304 -
120.253.135.82 - - [28/Sep/2023:10:08:38 +0800] "GET /xingrg/all/common/auto_word.html?type=base&rest_code=00101 HTTP/1.1" 200 671
120.253.135.82 - - [28/Sep/2023:10:08:38 +0800] "POST /xingrg/kc/pszx/mdps_order_operate.html HTTP/1.1" 200 2283
180.169.147.146 - - [28/Sep/2023:10:08:39 +0800] "GET /xingrg/kc/report/report_main.html HTTP/1.1" 200 7340
120.253.135.82 - - [28/Sep/2023:10:08:39 +0800] "GET /xingrg/javascript/jquery_tools/images/next.gif HTTP/1.1" 404 1086
120.253.135.82 - - [28/Sep/2023:10:08:39 +0800] "GET /xingrg/javascript/jquery_tools/images/prev.gif HTTP/1.1" 404 1086
180.169.147.146 - - [28/Sep/2023:10:08:40 +0800] "GET /xingrg/all/report/report_query.html?fileName=kc/buy/wlcg_mx.xml HTTP/1.1" 200 51648
180.169.147.146 - - [28/Sep/2023:10:08:41 +0800] "GET /xingrg/dwr/interface/AjaxReportQueryService.js HTTP/1.1" 200 13203
180.169.147.146 - - [28/Sep/2023:10:08:41 +0800] "GET /xingrg/dwr/engine.js HTTP/1.1" 200 43631
180.169.147.146 - - [28/Sep/2023:10:08:41 +0800] "POST /xingrg/dwr/call/plaincall/AjaxReportQueryService.getFixDate.dwr HTTP/1.1" 200 111
180.169.147.146 - - [28/Sep/2023:10:08:41 +0800] "POST /xingrg/dwr/call/plaincall/AjaxReportQueryService.getInitString.dwr HTTP/1.1" 200 35925
180.169.147.146 - - [28/Sep/2023:10:08:42 +0800] "POST /xingrg/dwr/call/plaincall/AjaxReportQueryService.getInitString.dwr HTTP/1.1" 200 125
180.169.147.146 - - [28/Sep/2023:10:08:42 +0800] "POST /xingrg/dwr/call/plaincall/AjaxReportQueryService.getInitString.dwr HTTP/1.1" 200 1617
180.169.147.146 - - [28/Sep/2023:10:08:44 +0800] "POST /xingrg/dwr/call/plaincall/AjaxReportQueryService.getFixDate.dwr HTTP/1.1" 200 111
120.253.135.82 - - [28/Sep/2023:10:08:44 +0800] "POST /xingrg/kc/pszx/mdps_order_operate.html HTTP/1.1" 200 37
180.169.147.146 - - [28/Sep/2023:10:08:46 +0800] "POST /xingrg/dwr/call/plaincall/AjaxReportQueryService.getFixDate.dwr HTTP/1.1" 200 111
116.235.240.218 - - [28/Sep/2023:10:08:47 +0800] "GET /xingrg/all/function/internal_message.html?_=1695866922109&CODE_STATE=getMsg HTTP/1.1" 200 27
120.253.135.82 - - [28/Sep/2023:10:08:48 +0800] "GET /xingrg/kc/pszx/mdps_order_info.html?code=312023092600648 HTTP/1.1" 200 23976
120.253.135.82 - - [28/Sep/2023:10:08:48 +0800] "GET /xingrg/javascript/easyui/themes/default/validatebox.css HTTP/1.1" 404 1104
120.253.135.82 - - [28/Sep/2023:10:08:49 +0800] "POST /xingrg/kc/pszx/mdps_order_operate.html HTTP/1.1" 200 2283
114.95.241.104 - - [28/Sep/2023:10:08:55 +0800] "GET /xingrg/all/function/internal_message.html?_=1695866933562&CODE_STATE=getMsg HTTP/1.1" 200 27
180.165.48.189 - - [28/Sep/2023:10:08:55 +0800] "GET /xingrg/all/function/internal_message.html?_=1695866934901&CODE_STATE=getMsg HTTP/1.1" 200 27
180.169.147.146 - - [28/Sep/2023:10:08:55 +0800] "POST /xingrg/dwr/call/plaincall/AjaxReportQueryService.refreshCache.dwr HTTP/1.1" 200 78
120.253.135.82 - - [28/Sep/2023:10:08:56 +0800] "GET /xingrg/kc/print/load_config.html?kc_code=mdps HTTP/1.1" 200 2390
120.253.135.82 - - [28/Sep/2023:10:08:57 +0800] "GET /xingrg/kc/print/load_data.html?order_code=312023092600648&kc_code=mdps&condition= HTTP/1.1" 200 664
180.169.147.146 - - [28/Sep/2023:10:09:00 +0800] "POST /xingrg/all/report/load_report_page.html HTTP/1.1" 200 18818
180.169.147.146 - - [28/Sep/2023:10:09:01 +0800] "GET /xingrg/servlets/image?cache=0.3814353237478695&image=px HTTP/1.1" 200 807
124.78.69.58 - - [28/Sep/2023:10:09:01 +0800] "GET /xingrg/all/function/internal_message.html?_=1695866366626&CODE_STATE=getMsg HTTP/1.1" 200 27
101.83.145.37 - - [28/Sep/2023:10:09:02 +0800] "GET /xingrg/kc/buy/cgsh_order_add.html HTTP/1.1" 200 72570
101.83.145.37 - - [28/Sep/2023:10:09:02 +0800] "GET /xingrg/javascript/easyui/themes/default/validatebox.css HTTP/1.1" 404 1104
101.83.145.37 - - [28/Sep/2023:10:09:02 +0800] "POST /xingrg/kc/buy/cgsh_order_operate.html HTTP/1.1" 200 8245
116.230.110.33 - - [28/Sep/2023:10:09:05 +0800] "GET /xingrg/all/function/internal_message.html?_=1695866789689&CODE_STATE=getMsg HTTP/1.1" 200 27
222.70.180.200 - - [28/Sep/2023:10:09:07 +0800] "GET /xingrg/kc/buy/cgsh_order_operate.html?command=get_materiel&rest_code=00111&code=00101015183&supplier_code=00100005&order_time=2023-09-28 HTTP/1.1" 200 421
114.83.220.87 - - [28/Sep/2023:10:09:07 +0800] "GET /xingrg/all/function/internal_message.html?_=1695866946247&CODE_STATE=getMsg HTTP/1.1" 200 27
101.83.145.37 - - [28/Sep/2023:10:09:09 +0800] "GET /xingrg/all/function/internal_message.html?_=1695866950249&CODE_STATE=getMsg HTTP/1.1" 200 27
58.40.7.146 - - [28/Sep/2023:10:09:11 +0800] "GET /xingrg/all/function/internal_message.html?_=1695866949634&CODE_STATE=getMsg HTTP/1.1" 200 27
222.70.180.200 - - [28/Sep/2023:10:09:13 +0800] "POST /xingrg/kc/buy/cgsh_order_operate.html HTTP/1.1" 200 2065
101.83.145.37 - - [28/Sep/2023:10:09:13 +0800] "GET /xingrg/kc/buy/cgsh_order_operate.html?command=get_materiel&rest_code=00105&code=00101006193&supplier_code=00100012&order_time=2023-09-28 HTTP/1.1" 200 409
180.169.147.146 - - [28/Sep/2023:10:09:14 +0800] "POST /xingrg/all/user/operate.html HTTP/1.1" 200 36
180.169.147.146 - - [28/Sep/2023:10:09:14 +0800] "GET /xingrg/index.html?sysBaseUrl=http%3A%2F%2F180.169.147.146%3A18081%2Fxingrg%2F&costTime=1377×tamp=1695866482299 HTTP/1.1" 200 17507
180.169.147.146 - - [28/Sep/2023:10:09:14 +0800] "GET /xingrg/javascript/jquery_easy_ui/themes/default/easyui.css HTTP/1.1" 304 -
180.169.147.146 - - [28/Sep/2023:10:09:14 +0800] "GET /xingrg/javascript/jquery_easy_ui/themes/icon.css HTTP/1.1" 304 -
180.169.147.146 - - [28/Sep/2023:10:09:14 +0800] "GET /xingrg/css/form.css HTTP/1.1" 304 -
180.169.147.146 - - [28/Sep/2023:10:09:14 +0800] "GET /xingrg/javascript/jquery-1.4.2.min.js HTTP/1.1" 304 -
180.169.147.146 - - [28/Sep/2023:10:09:14 +0800] "GET /xingrg/javascript/jquery_easy_ui/jquery.easyui.min.js HTTP/1.1" 304 -
180.169.147.146 - - [28/Sep/2023:10:09:14 +0800] "GET /xingrg/javascript/jquery_easy_ui/easyui-lang-zh_CN.js HTTP/1.1" 304 -
180.169.147.146 - - [28/Sep/2023:10:09:14 +0800] "GET /xingrg/javascript/jquery.form.js HTTP/1.1" 304 -
180.169.147.146 - - [28/Sep/2023:10:09:14 +0800] "GET /xingrg/javascript/jquery.utils.js HTTP/1.1" 304 -
180.169.147.146 - - [28/Sep/2023:10:09:14 +0800] "GET /xingrg/javascript/jquery.timers.js HTTP/1.1" 304 -
180.169.147.146 - - [28/Sep/2023:10:09:15 +0800] "GET /xingrg/images/blue/jxLogo.png HTTP/1.1" 304 -
180.169.147.146 - - [28/Sep/2023:10:09:15 +0800] "GET /xingrg/javascript/jquery_easy_ui/themes/icons/settle_new.png HTTP/1.1" 304 -
180.169.147.146 - - [28/Sep/2023:10:09:15 +0800] "GET /xingrg/images/blue/navBackgound.jpg HTTP/1.1" 304 -
180.169.147.146 - - [28/Sep/2023:10:09:15 +0800] "GET /xingrg/all/function/internal_message.html?_=1695866955220&CODE_STATE=count HTTP/1.1" 200 11
180.169.147.146 - - [28/Sep/2023:10:09:15 +0800] "GET /xingrg/check_reg.html?_=1695866955221 HTTP/1.1" 200 22
180.169.147.146 - - [28/Sep/2023:10:09:15 +0800] "GET /xingrg/javascript/jquery_easy_ui/themes/default/images/panel_tool_expand.gif HTTP/1.1" 304 -
180.169.147.146 - - [28/Sep/2023:10:09:15 +0800] "GET /xingrg/javascript/jquery_easy_ui/themes/default/images/tabs_rightarrow.png HTTP/1.1" 304 -
180.169.147.146 - - [28/Sep/2023:10:09:15 +0800] "GET /xingrg/javascript/jquery_easy_ui/themes/default/images/panel_tool_collapse.gif HTTP/1.1" 304 -
180.169.147.146 - - [28/Sep/2023:10:09:15 +0800] "GET /xingrg/javascript/jquery_easy_ui/themes/default/images/tabs_leftarrow.png HTTP/1.1" 304 -
180.169.147.146 - - [28/Sep/2023:10:09:15 +0800] "GET /xingrg/images/blue/pingpu.png HTTP/1.1" 304 -
180.169.147.146 - - [28/Sep/2023:10:09:15 +0800] "POST /xingrg/all/common/load_tree.html?tree=area_rest_tree_json&manage=1 HTTP/1.1" 200 3499
180.169.147.146 - - [28/Sep/2023:10:09:15 +0800] "POST /xingrg/load_menu.html HTTP/1.1" 200 9959
180.169.147.146 - - [28/Sep/2023:10:09:16 +0800] "GET /xingrg/kc/report/report_main.html HTTP/1.1" 200 7340
222.70.107.161 - - [28/Sep/2023:10:09:17 +0800] "GET /xingrg/all/function/internal_message.html?_=1695866957604&CODE_STATE=getMsg HTTP/1.1" 200 27
222.70.107.161 - - [28/Sep/2023:10:09:17 +0800] "GET /xingrg/check_reg.html?_=1695866957613 HTTP/1.1" 200 22
180.169.147.146 - - [28/Sep/2023:10:09:17 +0800] "GET /xingrg/all/report/report_query.html?fileName=kc/buy/wlcg_mx.xml HTTP/1.1" 200 51648
180.169.147.146 - - [28/Sep/2023:10:09:17 +0800] "GET /xingrg/dwr/interface/AjaxReportQueryService.js HTTP/1.1" 200 13203
180.169.147.146 - - [28/Sep/2023:10:09:17 +0800] "GET /xingrg/dwr/engine.js HTTP/1.1" 200 43631
180.169.147.146 - - [28/Sep/2023:10:09:17 +0800] "POST /xingrg/dwr/call/plaincall/AjaxReportQueryService.getFixDate.dwr HTTP/1.1" 200 111
180.169.147.146 - - [28/Sep/2023:10:09:18 +0800] "POST /xingrg/dwr/call/plaincall/AjaxReportQueryService.getInitString.dwr HTTP/1.1" 200 35925
120.253.135.82 - - [28/Sep/2023:10:09:18 +0800] "POST /xingrg/kc/pszx/mdps_order_operate.html HTTP/1.1" 200 37
180.169.147.146 - - [28/Sep/2023:10:09:18 +0800] "POST /xingrg/dwr/call/plaincall/AjaxReportQueryService.getInitString.dwr HTTP/1.1" 200 792
180.169.147.146 - - [28/Sep/2023:10:09:18 +0800] "POST /xingrg/dwr/call/plaincall/AjaxReportQueryService.getInitString.dwr HTTP/1.1" 200 125
180.169.147.146 - - [28/Sep/2023:10:09:20 +0800] "POST /xingrg/dwr/call/plaincall/AjaxReportQueryService.getFixDate.dwr HTTP/1.1" 200 111
124.78.155.92 - - [28/Sep/2023:10:09:21 +0800] "GET /xingrg/all/function/internal_message.html?_=1695866958717&CODE_STATE=getMsg HTTP/1.1" 200 27
180.163.29.79 - - [28/Sep/2023:10:09:22 +0800] "GET /xingrg/all/function/internal_message.html?_=1695866902831&CODE_STATE=getMsg HTTP/1.1" 302 -
180.163.29.79 - - [28/Sep/2023:10:09:22 +0800] "GET /xingrg/login.html HTTP/1.1" 200 7641
114.95.241.104 - - [28/Sep/2023:10:09:22 +0800] "GET /xingrg/all/function/internal_message.html?_=1695866962363&CODE_STATE=getMsg HTTP/1.1" 200 27
120.253.135.82 - - [28/Sep/2023:10:09:22 +0800] "POST /xingrg/kc/pszx/mdps_order_operate.html HTTP/1.1" 200 12
180.169.147.146 - - [28/Sep/2023:10:09:23 +0800] "POST /xingrg/dwr/call/plaincall/AjaxReportQueryService.getFixDate.dwr HTTP/1.1" 200 111
222.70.180.200 - - [28/Sep/2023:10:09:26 +0800] "GET /xingrg/all/function/internal_message.html?_=1695866965968&CODE_STATE=getMsg HTTP/1.1" 200 27
222.69.128.235 - - [28/Sep/2023:10:09:27 +0800] "GET /xingrg/all/function/internal_message.html?_=1695866968890&CODE_STATE=getMsg HTTP/1.1" 200 27
222.70.180.200 - - [28/Sep/2023:10:09:28 +0800] "GET /xingrg/kc/buy/cgsh_order_operate.html?command=get_materiel&rest_code=00111&code=00101008356&supplier_code=00100005&order_time=2023-09-28 HTTP/1.1" 200 408
180.163.29.206 - - [28/Sep/2023:10:09:29 +0800] "GET /xingrg/all/report/report_query.html?fileName=kc/buy/gys_amount.xml&rh=99999 HTTP/1.1" 302 -
180.163.29.206 - - [28/Sep/2023:10:09:29 +0800] "GET /xingrg/login.html HTTP/1.1" 200 7641
101.83.145.37 - - [28/Sep/2023:10:09:29 +0800] "GET /xingrg/kc/buy/cgsh_order_operate.html?command=get_materiel&rest_code=00105&code=00101006056&supplier_code=00100012&order_time=2023-09-28 HTTP/1.1" 200 413
120.253.135.82 - - [28/Sep/2023:10:09:32 +0800] "GET /xingrg/kc/pszx/mdps_order_info.html?code=312023092600648 HTTP/1.1" 200 19636
180.169.147.146 - - [28/Sep/2023:10:09:33 +0800] "GET /xingrg/all/function/internal_message.html?_=1695866969699&CODE_STATE=getMsg HTTP/1.1" 200 27
120.253.135.82 - - [28/Sep/2023:10:09:33 +0800] "GET /xingrg/javascript/easyui/themes/default/validatebox.css HTTP/1.1" 404 1104
120.253.135.82 - - [28/Sep/2023:10:09:33 +0800] "POST /xingrg/kc/pszx/mdps_order_operate.html HTTP/1.1" 200 505
180.169.147.146 - - [28/Sep/2023:10:09:33 +0800] "POST /xingrg/kc/buy/cgsh_list_operate.html HTTP/1.1" 200 4
180.163.28.114 - - [28/Sep/2023:10:09:40 +0800] "GET /xingrg/all/report/report_query.html?fileName=kc/buy/wlcg_mx.xml HTTP/1.1" 302 -
180.163.28.114 - - [28/Sep/2023:10:09:40 +0800] "GET /xingrg/login.html HTTP/1.1" 200 7641
180.163.30.27 - - [28/Sep/2023:10:09:40 +0800] "GET /xingrg/check_reg.html?_=1695866918046 HTTP/1.1" 302 -
180.163.30.27 - - [28/Sep/2023:10:09:40 +0800] "GET /xingrg/login.html HTTP/1.1" 200 7641
180.169.147.146 - - [28/Sep/2023:10:09:42 +0800] "POST /xingrg/dwr/call/plaincall/AjaxReportQueryService.refreshCache.dwr HTTP/1.1" 200 78
101.83.145.37 - - [28/Sep/2023:10:09:43 +0800] "GET /xingrg/kc/buy/cgsh_order_operate.html?command=get_materiel&rest_code=00105&code=00101006129&supplier_code=00100012&order_time=2023-09-28 HTTP/1.1" 200 439
180.169.147.146 - - [28/Sep/2023:10:09:44 +0800] "POST /xingrg/all/report/load_report_page.html HTTP/1.1" 200 33680
180.169.147.146 - - [28/Sep/2023:10:09:44 +0800] "GET /xingrg/servlets/image?cache=0.9467604655213112&image=px HTTP/1.1" 200 807
116.235.240.218 - - [28/Sep/2023:10:09:47 +0800] "GET /xingrg/all/function/internal_message.html?_=1695866982122&CODE_STATE=getMsg HTTP/1.1" 200 27
114.95.241.104 - - [28/Sep/2023:10:09:55 +0800] "GET /xingrg/all/function/internal_message.html?_=1695866993546&CODE_STATE=getMsg HTTP/1.1" 200 27
180.165.48.189 - - [28/Sep/2023:10:09:55 +0800] "GET /xingrg/all/function/internal_message.html?_=1695866994903&CODE_STATE=getMsg HTTP/1.1" 200 27
222.70.180.200 - - [28/Sep/2023:10:09:58 +0800] "GET /xingrg/kc/buy/cgsh_order_operate.html?command=get_materiel&rest_code=00111&code=00101008114&supplier_code=00100005&order_time=2023-09-28 HTTP/1.1" 200 412
180.163.28.109 - - [28/Sep/2023:10:10:01 +0800] "GET /xingrg/servlets/image?cache=0.3814353237478695&image=px HTTP/1.1" 200 807
124.78.69.58 - - [28/Sep/2023:10:10:01 +0800] "GET /xingrg/all/function/internal_message.html?_=1695866426601&CODE_STATE=getMsg HTTP/1.1" 200 27
101.83.145.37 - - [28/Sep/2023:10:10:02 +0800] "GET /xingrg/kc/buy/cgsh_order_operate.html?command=get_materiel&rest_code=00105&code=00101006112&supplier_code=00100012&order_time=2023-09-28 HTTP/1.1" 200 409
114.95.241.104 - - [28/Sep/2023:10:10:04 +0800] "GET /xingrg/kc/base/check_order_list.html HTTP/1.1" 200 16297
114.95.241.104 - - [28/Sep/2023:10:10:04 +0800] "POST /xingrg/kc/base/check_list_operate.html HTTP/1.1" 200 781
116.230.110.33 - - [28/Sep/2023:10:10:05 +0800] "GET /xingrg/all/function/internal_message.html?_=1695866849682&CODE_STATE=getMsg HTTP/1.1" 200 27
114.83.220.87 - - [28/Sep/2023:10:10:07 +0800] "GET /xingrg/all/function/internal_message.html?_=1695867006227&CODE_STATE=getMsg HTTP/1.1" 200 27
114.95.241.104 - - [28/Sep/2023:10:10:07 +0800] "GET /xingrg/kc/report/report_main.html HTTP/1.1" 200 7340
114.95.241.104 - - [28/Sep/2023:10:10:07 +0800] "GET /xingrg/javascript/jquery_ui/themes/humanity/humanity.css HTTP/1.1" 304 -
101.83.145.37 - - [28/Sep/2023:10:10:09 +0800] "GET /xingrg/all/function/internal_message.html?_=1695867010214&CODE_STATE=getMsg HTTP/1.1" 200 27
114.95.241.104 - - [28/Sep/2023:10:10:09 +0800] "GET /xingrg/kc/base/kc_stocks.html HTTP/1.1" 200 16510
114.95.241.104 - - [28/Sep/2023:10:10:09 +0800] "GET /xingrg/javascript/easyui/themes/sunny/easyui.css HTTP/1.1" 304 -
114.95.241.104 - - [28/Sep/2023:10:10:09 +0800] "GET /xingrg/javascript/easyui/themes/icons/print_new.png HTTP/1.1" 200 3580
114.95.241.104 - - [28/Sep/2023:10:10:09 +0800] "GET /xingrg/javascript/easyui/themes/icons/filter_new.png HTTP/1.1" 200 795
114.95.241.104 - - [28/Sep/2023:10:10:09 +0800] "GET /xingrg/javascript/easyui/themes/icons/refresh_new.png HTTP/1.1" 200 685
114.95.241.104 - - [28/Sep/2023:10:10:09 +0800] "GET /xingrg/javascript/easyui/plugins/jquery.draggable.js HTTP/1.1" 304 -
114.95.241.104 - - [28/Sep/2023:10:10:09 +0800] "GET /xingrg/javascript/easyui/plugins/jquery.droppable.js HTTP/1.1" 304 -
114.95.241.104 - - [28/Sep/2023:10:10:09 +0800] "GET /xingrg/all/common/auto_word.html?type=base&rest_code=00151 HTTP/1.1" 200 1315
114.95.241.104 - - [28/Sep/2023:10:10:09 +0800] "GET /xingrg/javascript/easyui/themes/default/tree.css HTTP/1.1" 404 1090
114.95.241.104 - - [28/Sep/2023:10:10:09 +0800] "GET /xingrg/javascript/easyui/plugins/jquery.tree.js HTTP/1.1" 304 -
114.95.241.104 - - [28/Sep/2023:10:10:09 +0800] "POST /xingrg/all/common/load_tree.html?tree=materiel_sort_tree_json HTTP/1.1" 200 9500
114.95.241.104 - - [28/Sep/2023:10:10:10 +0800] "GET /xingrg/javascript/easyui/themes/sunny/images/tree_folder_open.gif HTTP/1.1" 200 956
114.95.241.104 - - [28/Sep/2023:10:10:10 +0800] "GET /xingrg/javascript/easyui/themes/sunny/images/tree_arrows.gif HTTP/1.1" 200 617
114.95.241.104 - - [28/Sep/2023:10:10:10 +0800] "GET /xingrg/javascript/easyui/themes/sunny/images/tree_file.gif HTTP/1.1" 200 118
114.95.241.104 - - [28/Sep/2023:10:10:10 +0800] "GET /xingrg/javascript/easyui/themes/sunny/images/tree_folder.gif HTTP/1.1" 200 952
58.40.7.146 - - [28/Sep/2023:10:10:11 +0800] "GET /xingrg/all/function/internal_message.html?_=1695867009630&CODE_STATE=getMsg HTTP/1.1" 200 27
116.230.110.33 - - [28/Sep/2023:10:10:11 +0800] "GET /xingrg/check_reg.html?_=1695866855725 HTTP/1.1" 200 22
114.95.241.104 - - [28/Sep/2023:10:10:14 +0800] "GET /xingrg/javascript/auto/indicator.gif HTTP/1.1" 404 1066
180.169.147.146 - - [28/Sep/2023:10:10:15 +0800] "GET /xingrg/all/function/internal_message.html?_=1695867015247&CODE_STATE=getMsg HTTP/1.1" 200 27
114.95.241.104 - - [28/Sep/2023:10:10:15 +0800] "GET /xingrg/javascript/easyui/themes/sunny/images/ui-bg_gloss-wave_70_ffdd57_500x100.png HTTP/1.1" 200 3830
101.83.145.37 - - [28/Sep/2023:10:10:15 +0800] "GET /xingrg/kc/buy/cgsh_order_operate.html?command=get_materiel&rest_code=00105&code=00101010248&supplier_code=00100012&order_time=2023-09-28 HTTP/1.1" 200 430
222.70.107.161 - - [28/Sep/2023:10:10:17 +0800] "GET /xingrg/all/function/internal_message.html?_=1695867017604&CODE_STATE=getMsg HTTP/1.1" 200 27
114.95.241.104 - - [28/Sep/2023:10:10:18 +0800] "POST /xingrg/all/user/operate.html HTTP/1.1" 200 36
114.95.241.104 - - [28/Sep/2023:10:10:18 +0800] "GET /xingrg/index.html?sysBaseUrl=http%3A%2F%2F180.169.147.146%3A18081%2Fxingrg%2F&costTime=824×tamp=1695863522298 HTTP/1.1" 200 17179
114.95.241.104 - - [28/Sep/2023:10:10:18 +0800] "GET /xingrg/javascript/jquery_easy_ui/themes/default/easyui.css HTTP/1.1" 304 -
114.95.241.104 - - [28/Sep/2023:10:10:18 +0800] "GET /xingrg/javascript/jquery_easy_ui/themes/icon.css HTTP/1.1" 304 -
114.95.241.104 - - [28/Sep/2023:10:10:18 +0800] "GET /xingrg/css/form.css HTTP/1.1" 304 -
114.95.241.104 - - [28/Sep/2023:10:10:18 +0800] "GET /xingrg/javascript/jquery-1.4.2.min.js HTTP/1.1" 304 -
114.95.241.104 - - [28/Sep/2023:10:10:18 +0800] "GET /xingrg/javascript/jquery_easy_ui/jquery.easyui.min.js HTTP/1.1" 304 -
114.95.241.104 - - [28/Sep/2023:10:10:18 +0800] "GET /xingrg/javascript/jquery_easy_ui/easyui-lang-zh_CN.js HTTP/1.1" 304 -
114.95.241.104 - - [28/Sep/2023:10:10:18 +0800] "GET /xingrg/javascript/jquery.form.js HTTP/1.1" 304 -
114.95.241.104 - - [28/Sep/2023:10:10:18 +0800] "GET /xingrg/javascript/jquery.utils.js HTTP/1.1" 304 -
114.95.241.104 - - [28/Sep/2023:10:10:18 +0800] "GET /xingrg/javascript/jquery.timers.js HTTP/1.1" 304 -
114.95.241.104 - - [28/Sep/2023:10:10:18 +0800] "GET /xingrg/images/blue/jxLogo.png HTTP/1.1" 304 -
114.95.241.104 - - [28/Sep/2023:10:10:18 +0800] "GET /xingrg/javascript/jquery_easy_ui/themes/icons/settle_new.png HTTP/1.1" 304 -
114.95.241.104 - - [28/Sep/2023:10:10:18 +0800] "GET /xingrg/images/blue/navBackgound.jpg HTTP/1.1" 304 -
114.95.241.104 - - [28/Sep/2023:10:10:19 +0800] "GET /xingrg/all/function/internal_message.html?_=1695867018729&CODE_STATE=count HTTP/1.1" 200 11
114.95.241.104 - - [28/Sep/2023:10:10:19 +0800] "GET /xingrg/check_reg.html?_=1695867018730 HTTP/1.1" 200 22
114.95.241.104 - - [28/Sep/2023:10:10:19 +0800] "GET /xingrg/javascript/jquery_easy_ui/themes/default/images/panel_tool_collapse.gif HTTP/1.1" 304 -
114.95.241.104 - - [28/Sep/2023:10:10:19 +0800] "GET /xingrg/images/blue/pingpu.png HTTP/1.1" 304 -
114.95.241.104 - - [28/Sep/2023:10:10:19 +0800] "GET /xingrg/javascript/jquery_easy_ui/themes/default/images/tabs_leftarrow.png HTTP/1.1" 304 -
114.95.241.104 - - [28/Sep/2023:10:10:19 +0800] "GET /xingrg/javascript/jquery_easy_ui/themes/default/images/tabs_rightarrow.png HTTP/1.1" 304 -
114.95.241.104 - - [28/Sep/2023:10:10:19 +0800] "POST /xingrg/all/common/load_tree.html?tree=area_rest_tree_json&manage=1 HTTP/1.1" 200 476
114.95.241.104 - - [28/Sep/2023:10:10:19 +0800] "POST /xingrg/load_menu.html HTTP/1.1" 200 5138
114.95.241.104 - - [28/Sep/2023:10:10:20 +0800] "GET /xingrg/kc/report/report_main.html HTTP/1.1" 200 7340
180.163.29.79 - - [28/Sep/2023:10:10:21 +0800] "GET /xingrg/all/function/internal_message.html?_=1695866958717&CODE_STATE=getMsg HTTP/1.1" 302 -
180.163.29.79 - - [28/Sep/2023:10:10:21 +0800] "GET /xingrg/login.html HTTP/1.1" 200 7641
124.78.155.92 - - [28/Sep/2023:10:10:21 +0800] "GET /xingrg/all/function/internal_message.html?_=1695867018705&CODE_STATE=getMsg HTTP/1.1" 200 27
114.95.241.104 - - [28/Sep/2023:10:10:21 +0800] "GET /xingrg/kc/base/kc_stocks.html HTTP/1.1" 200 16512
114.95.241.104 - - [28/Sep/2023:10:10:21 +0800] "GET /xingrg/javascript/easyui/themes/default/tree.css HTTP/1.1" 404 1090
114.95.241.104 - - [28/Sep/2023:10:10:21 +0800] "GET /xingrg/all/common/auto_word.html?type=base&rest_code=00150 HTTP/1.1" 200 1853
114.95.241.104 - - [28/Sep/2023:10:10:21 +0800] "POST /xingrg/all/common/load_tree.html?tree=materiel_sort_tree_json HTTP/1.1" 200 9500
114.95.241.104 - - [28/Sep/2023:10:10:23 +0800] "GET /xingrg/javascript/auto/indicator.gif HTTP/1.1" 404 1066
222.70.180.200 - - [28/Sep/2023:10:10:26 +0800] "GET /xingrg/all/function/internal_message.html?_=1695867025977&CODE_STATE=getMsg HTTP/1.1" 200 27
114.95.241.104 - - [28/Sep/2023:10:10:26 +0800] "POST /xingrg/kc/base/stock_operate.html HTTP/1.1" 200 4368
114.95.241.104 - - [28/Sep/2023:10:10:26 +0800] "GET /xingrg/javascript/jquery_tools/fix_table.js HTTP/1.1" 304 -
120.253.135.82 - - [28/Sep/2023:10:10:27 +0800] "GET /xingrg/kc/pszx/mdps_order_info.html?code=312023092600648 HTTP/1.1" 200 19636
222.69.128.235 - - [28/Sep/2023:10:10:27 +0800] "GET /xingrg/all/function/internal_message.html?_=1695867028892&CODE_STATE=getMsg HTTP/1.1" 200 27
114.95.241.104 - - [28/Sep/2023:10:10:27 +0800] "POST /xingrg/kc/base/stock_operate.html HTTP/1.1" 200 26379
120.253.135.82 - - [28/Sep/2023:10:10:28 +0800] "GET /xingrg/javascript/easyui/themes/default/validatebox.css HTTP/1.1" 404 1104
120.253.135.82 - - [28/Sep/2023:10:10:28 +0800] "POST /xingrg/kc/pszx/mdps_order_operate.html HTTP/1.1" 200 505
101.83.145.37 - - [28/Sep/2023:10:10:29 +0800] "GET /xingrg/kc/buy/cgsh_order_operate.html?command=get_materiel&rest_code=00105&code=00101006111&supplier_code=00100012&order_time=2023-09-28 HTTP/1.1" 200 409
120.253.135.82 - - [28/Sep/2023:10:10:32 +0800] "POST /xingrg/kc/pszx/mdps_list_operate.html HTTP/1.1" 200 868
180.169.147.146 - - [28/Sep/2023:10:10:33 +0800] "GET /xingrg/all/function/internal_message.html?_=1695867029699&CODE_STATE=getMsg HTTP/1.1" 200 27
180.152.241.196 - - [28/Sep/2023:10:10:33 +0800] "POST /xingrg/services/DataTransmitService HTTP/1.1" 200 524
101.83.145.37 - - [28/Sep/2023:10:10:43 +0800] "GET /xingrg/kc/buy/cgsh_order_operate.html?command=get_materiel&rest_code=00105&code=00101006122&supplier_code=00100012&order_time=2023-09-28 HTTP/1.1" 200 408
180.169.147.146 - - [28/Sep/2023:10:10:43 +0800] "GET /xingrg/all/function/internal_message.html?_=1695867039947&CODE_STATE=getMsg HTTP/1.1" 200 27
180.169.147.146 - - [28/Sep/2023:10:10:43 +0800] "GET /xingrg/check_reg.html?_=1695867039948 HTTP/1.1" 200 22
120.253.135.82 - - [28/Sep/2023:10:10:44 +0800] "GET /xingrg/kc/buy/cgsh_order_list.html HTTP/1.1" 200 56706
222.70.180.200 - - [28/Sep/2023:10:10:45 +0800] "GET /xingrg/kc/buy/cgsh_order_operate.html?command=get_materiel&rest_code=00111&code=00101008111&supplier_code=00100005&order_time=2023-09-28 HTTP/1.1" 200 413
120.253.135.82 - - [28/Sep/2023:10:10:46 +0800] "POST /xingrg/kc/buy/cgsh_list_operate.html HTTP/1.1" 200 986
116.235.240.218 - - [28/Sep/2023:10:10:47 +0800] "GET /xingrg/all/function/internal_message.html?_=1695867042133&CODE_STATE=getMsg HTTP/1.1" 200 27
120.253.135.82 - - [28/Sep/2023:10:10:48 +0800] "GET /xingrg/kc/buy/cgsh_order_add.html HTTP/1.1" 200 71552
120.253.135.82 - - [28/Sep/2023:10:10:48 +0800] "POST /xingrg/kc/buy/cgsh_order_operate.html HTTP/1.1" 200 8245
120.253.135.82 - - [28/Sep/2023:10:10:49 +0800] "GET /xingrg/all/common/auto_word.html?type=employee&rest_code=00101 HTTP/1.1" 200 973
120.253.135.82 - - [28/Sep/2023:10:10:49 +0800] "GET /xingrg/javascript/easyui/themes/default/validatebox.css HTTP/1.1" 404 1104
120.253.135.82 - - [28/Sep/2023:10:10:49 +0800] "GET /xingrg/all/common/auto_word.html?type=employee&rest_code=00101 HTTP/1.1" 200 973
180.169.147.146 - - [28/Sep/2023:10:10:52 +0800] "POST /xingrg/all/user/operate.html HTTP/1.1" 200 36
180.169.147.146 - - [28/Sep/2023:10:10:52 +0800] "GET /xingrg/index.html?sysBaseUrl=http%3A%2F%2F180.169.147.146%3A18081%2Fxingrg%2F&costTime=1377×tamp=1695866482299 HTTP/1.1" 200 17503
180.169.147.146 - - [28/Sep/2023:10:10:52 +0800] "GET /xingrg/javascript/jquery_easy_ui/themes/default/easyui.css HTTP/1.1" 304 -
180.169.147.146 - - [28/Sep/2023:10:10:52 +0800] "GET /xingrg/javascript/jquery_easy_ui/themes/icon.css HTTP/1.1" 304 -
180.169.147.146 - - [28/Sep/2023:10:10:52 +0800] "GET /xingrg/css/form.css HTTP/1.1" 304 -
180.169.147.146 - - [28/Sep/2023:10:10:52 +0800] "GET /xingrg/javascript/jquery-1.4.2.min.js HTTP/1.1" 304 -
180.169.147.146 - - [28/Sep/2023:10:10:52 +0800] "GET /xingrg/javascript/jquery_easy_ui/jquery.easyui.min.js HTTP/1.1" 304 -
180.169.147.146 - - [28/Sep/2023:10:10:52 +0800] "GET /xingrg/javascript/jquery_easy_ui/easyui-lang-zh_CN.js HTTP/1.1" 304 -
180.169.147.146 - - [28/Sep/2023:10:10:52 +0800] "GET /xingrg/javascript/jquery.form.js HTTP/1.1" 304 -
180.169.147.146 - - [28/Sep/2023:10:10:52 +0800] "GET /xingrg/javascript/jquery.utils.js HTTP/1.1" 304 -
180.169.147.146 - - [28/Sep/2023:10:10:52 +0800] "GET /xingrg/javascript/jquery.timers.js HTTP/1.1" 304 -
180.169.147.146 - - [28/Sep/2023:10:10:52 +0800] "GET /xingrg/images/blue/jxLogo.png HTTP/1.1" 304 -
180.169.147.146 - - [28/Sep/2023:10:10:52 +0800] "GET /xingrg/javascript/jquery_easy_ui/themes/icons/settle_new.png HTTP/1.1" 304 -
180.169.147.146 - - [28/Sep/2023:10:10:52 +0800] "GET /xingrg/images/blue/navBackgound.jpg HTTP/1.1" 304 -
180.169.147.146 - - [28/Sep/2023:10:10:53 +0800] "GET /xingrg/all/function/internal_message.html?_=1695867053200&CODE_STATE=count HTTP/1.1" 200 11
180.169.147.146 - - [28/Sep/2023:10:10:53 +0800] "GET /xingrg/check_reg.html?_=1695867053200 HTTP/1.1" 200 22
180.169.147.146 - - [28/Sep/2023:10:10:53 +0800] "GET /xingrg/javascript/jquery_easy_ui/themes/default/images/tabs_rightarrow.png HTTP/1.1" 304 -
180.169.147.146 - - [28/Sep/2023:10:10:53 +0800] "GET /xingrg/images/blue/pingpu.png HTTP/1.1" 304 -
180.169.147.146 - - [28/Sep/2023:10:10:53 +0800] "GET /xingrg/javascript/jquery_easy_ui/themes/default/images/panel_tool_collapse.gif HTTP/1.1" 304 -
180.169.147.146 - - [28/Sep/2023:10:10:53 +0800] "GET /xingrg/javascript/jquery_easy_ui/themes/default/images/panel_tool_expand.gif HTTP/1.1" 304 -
180.169.147.146 - - [28/Sep/2023:10:10:53 +0800] "GET /xingrg/javascript/jquery_easy_ui/themes/default/images/tabs_leftarrow.png HTTP/1.1" 304 -
180.169.147.146 - - [28/Sep/2023:10:10:53 +0800] "POST /xingrg/all/common/load_tree.html?tree=area_rest_tree_json&manage=1 HTTP/1.1" 200 3499
180.169.147.146 - - [28/Sep/2023:10:10:53 +0800] "POST /xingrg/load_menu.html HTTP/1.1" 200 11564
180.169.147.146 - - [28/Sep/2023:10:10:54 +0800] "GET /xingrg/kc/report/report_main.html HTTP/1.1" 200 8599
114.95.241.104 - - [28/Sep/2023:10:10:54 +0800] "GET /xingrg/all/function/internal_message.html?_=1695867053527&CODE_STATE=getMsg HTTP/1.1" 200 27
180.165.48.189 - - [28/Sep/2023:10:10:55 +0800] "GET /xingrg/all/function/internal_message.html?_=1695867054894&CODE_STATE=getMsg HTTP/1.1" 200 27
180.165.48.189 - - [28/Sep/2023:10:10:55 +0800] "GET /xingrg/check_reg.html?_=1695867054899 HTTP/1.1" 200 22
101.83.145.37 - - [28/Sep/2023:10:10:55 +0800] "GET /xingrg/kc/buy/cgsh_order_operate.html?command=get_materiel&rest_code=00105&code=00101006184&supplier_code=00100012&order_time=2023-09-28 HTTP/1.1" 200 408
180.169.147.146 - - [28/Sep/2023:10:10:56 +0800] "GET /xingrg/all/report/report_query.html?fileName=kc/buy/gys_amount_base_rest.xml HTTP/1.1" 200 51664
180.169.147.146 - - [28/Sep/2023:10:10:56 +0800] "GET /xingrg/dwr/interface/AjaxReportQueryService.js HTTP/1.1" 200 13203
180.169.147.146 - - [28/Sep/2023:10:10:56 +0800] "GET /xingrg/dwr/engine.js HTTP/1.1" 200 43631
180.169.147.146 - - [28/Sep/2023:10:10:56 +0800] "POST /xingrg/dwr/call/plaincall/AjaxReportQueryService.getFixDate.dwr HTTP/1.1" 200 111
180.169.147.146 - - [28/Sep/2023:10:10:56 +0800] "POST /xingrg/all/common/load_tree.html?tree=area_rest_tree_json&manage=1 HTTP/1.1" 200 3499
180.169.147.146 - - [28/Sep/2023:10:10:57 +0800] "POST /xingrg/all/common/load_tree.html?tree=supplier_tree_json&manage=1 HTTP/1.1" 200 78364
120.253.135.82 - - [28/Sep/2023:10:10:57 +0800] "POST /xingrg/all/common/load_combo.html?type=employee HTTP/1.1" 200 1749
124.78.69.58 - - [28/Sep/2023:10:11:01 +0800] "GET /xingrg/all/function/internal_message.html?_=1695866486583&CODE_STATE=getMsg HTTP/1.1" 200 27
101.83.145.37 - - [28/Sep/2023:10:11:04 +0800] "GET /xingrg/kc/buy/cgsh_order_operate.html?command=get_materiel&rest_code=00105&code=00101006055&supplier_code=00100012&order_time=2023-09-28 HTTP/1.1" 200 409
116.230.110.33 - - [28/Sep/2023:10:11:05 +0800] "GET /xingrg/all/function/internal_message.html?_=1695866909684&CODE_STATE=getMsg HTTP/1.1" 200 27
218.81.72.120 - - [28/Sep/2023:10:11:06 +0800] "GET /xingrg/check_reg.html?_=1695867064677 HTTP/1.1" 200 22
114.83.220.87 - - [28/Sep/2023:10:11:07 +0800] "GET /xingrg/all/function/internal_message.html?_=1695867066206&CODE_STATE=getMsg HTTP/1.1" 200 27
114.83.220.87 - - [28/Sep/2023:10:11:08 +0800] "GET /xingrg/check_reg.html?_=1695867066970 HTTP/1.1" 200 22
101.83.145.37 - - [28/Sep/2023:10:11:09 +0800] "GET /xingrg/check_reg.html?_=1695867070271 HTTP/1.1" 200 22
101.83.145.37 - - [28/Sep/2023:10:11:09 +0800] "GET /xingrg/all/function/internal_message.html?_=1695867070273&CODE_STATE=getMsg HTTP/1.1" 200 27
180.169.147.146 - - [28/Sep/2023:10:11:10 +0800] "POST /xingrg/dwr/call/plaincall/AjaxReportQueryService.refreshCache.dwr HTTP/1.1" 200 78
58.40.7.146 - - [28/Sep/2023:10:11:11 +0800] "GET /xingrg/all/function/internal_message.html?_=1695867069648&CODE_STATE=getMsg HTTP/1.1" 200 27
101.83.145.37 - - [28/Sep/2023:10:11:12 +0800] "GET /xingrg/kc/buy/cgsh_order_operate.html?command=get_materiel&rest_code=00105&code=00101006174&supplier_code=00100012&order_time=2023-09-28 HTTP/1.1" 200 414
180.169.147.146 - - [28/Sep/2023:10:11:13 +0800] "POST /xingrg/all/report/load_report_page.html HTTP/1.1" 200 51337
180.169.147.146 - - [28/Sep/2023:10:11:13 +0800] "GET /xingrg/servlets/image?cache=0.8253816681811897&image=px HTTP/1.1" 200 807
120.253.135.82 - - [28/Sep/2023:10:11:14 +0800] "GET /xingrg/kc/buy/cgsh_order_operate.html?command=get_materiel&rest_code=00101&code=00102002287&supplier_code=00100135&order_time=2023-09-28 HTTP/1.1" 200 418
180.169.147.146 - - [28/Sep/2023:10:11:14 +0800] "POST /xingrg/kc/buy/cgsh_list_operate.html HTTP/1.1" 200 5983
222.70.107.161 - - [28/Sep/2023:10:11:17 +0800] "GET /xingrg/all/function/internal_message.html?_=1695867077611&CODE_STATE=getMsg HTTP/1.1" 200 27
114.95.241.104 - - [28/Sep/2023:10:11:19 +0800] "GET /xingrg/all/function/internal_message.html?_=1695867078756&CODE_STATE=getMsg HTTP/1.1" 200 27
180.163.29.212 - - [28/Sep/2023:10:11:21 +0800] "GET /xingrg/all/function/internal_message.html?_=1695867018705&CODE_STATE=getMsg HTTP/1.1" 302 -
180.163.29.212 - - [28/Sep/2023:10:11:21 +0800] "GET /xingrg/login.html HTTP/1.1" 200 7641
