114.95.241.104 - - [28/Sep/2023:11:05:06 +0800] "GET /xingrg/javascript/auto/indicator.gif HTTP/1.1" 404 1066
222.70.180.200 - - [28/Sep/2023:11:05:09 +0800] "GET /xingrg/all/function/internal_message.html?_=1695870537107&CODE_STATE=getMsg HTTP/1.1" 302 -
58.40.7.146 - - [28/Sep/2023:11:05:11 +0800] "GET /xingrg/all/function/internal_message.html?_=1695870309642&CODE_STATE=getMsg HTTP/1.1" 302 -
116.230.110.33 - - [28/Sep/2023:11:05:11 +0800] "GET /xingrg/check_reg.html?_=1695870155601 HTTP/1.1" 200 22
222.70.180.200 - - [28/Sep/2023:11:05:12 +0800] "GET /xingrg/kc/buy/cgsh_order_operate.html?command=get_materiel&rest_code=00111&code=00101006026&supplier_code=00100012&order_time=2023-09-28 HTTP/1.1" 200 409
218.81.72.120 - - [28/Sep/2023:11:05:12 +0800] "GET /xingrg/all/function/internal_message.html?_=1695870311847&CODE_STATE=getMsg HTTP/1.1" 200 27
114.95.241.104 - - [28/Sep/2023:11:05:17 +0800] "GET /xingrg/kc/buy/cgsh_order_operate.html?command=get_materiel&rest_code=00150&code=00101028005&supplier_code=00100018&order_time=2023-09-28 HTTP/1.1" 200 434
222.70.107.161 - - [28/Sep/2023:11:05:17 +0800] "GET /xingrg/all/function/internal_message.html?_=1695870317748&CODE_STATE=getMsg HTTP/1.1" 200 27
222.70.180.200 - - [28/Sep/2023:11:05:26 +0800] "GET /xingrg/all/function/internal_message.html?_=1695870326046&CODE_STATE=getMsg HTTP/1.1" 200 27
222.69.128.235 - - [28/Sep/2023:11:05:27 +0800] "GET /xingrg/all/function/internal_message.html?_=1695870328880&CODE_STATE=getMsg HTTP/1.1" 200 27
114.95.241.104 - - [28/Sep/2023:11:05:32 +0800] "GET /xingrg/kc/buy/cgsh_order_operate.html?command=get_materiel&rest_code=00150&code=00101029115&supplier_code=00100018&order_time=2023-09-28 HTTP/1.1" 200 435
180.169.147.146 - - [28/Sep/2023:11:05:33 +0800] "GET /xingrg/all/function/internal_message.html?_=1695870329802&CODE_STATE=getMsg HTTP/1.1" 200 27
114.83.220.87 - - [28/Sep/2023:11:05:35 +0800] "GET /xingrg/all/function/internal_message.html?_=1695870335066&CODE_STATE=getMsg HTTP/1.1" 200 27
114.83.220.87 - - [28/Sep/2023:11:05:35 +0800] "GET /xingrg/all/function/internal_message.html?_=1695870333965&CODE_STATE=getMsg HTTP/1.1" 200 27
180.152.241.196 - - [28/Sep/2023:11:05:35 +0800] "GET /xingrg/all/function/internal_message.html?_=1695870354203&CODE_STATE=getMsg HTTP/1.1" 200 27
124.78.155.92 - - [28/Sep/2023:11:05:36 +0800] "GET /xingrg/all/function/internal_message.html?_=1695870333574&CODE_STATE=getMsg HTTP/1.1" 200 27
180.163.30.27 - - [28/Sep/2023:11:05:36 +0800] "GET /xingrg/all/function/internal_message.html?_=1695870273586&CODE_STATE=getMsg HTTP/1.1" 302 -
180.163.30.27 - - [28/Sep/2023:11:05:36 +0800] "GET /xingrg/login.html HTTP/1.1" 200 7641
222.70.180.200 - - [28/Sep/2023:11:05:38 +0800] "GET /xingrg/all/function/internal_message.html?_=1695870566841&CODE_STATE=getMsg HTTP/1.1" 200 27
114.95.241.104 - - [28/Sep/2023:11:05:41 +0800] "GET /xingrg/kc/buy/cgsh_order_operate.html?command=get_materiel&rest_code=00150&code=00101027016&supplier_code=00100018&order_time=2023-09-28 HTTP/1.1" 200 443
58.40.7.146 - - [28/Sep/2023:11:05:41 +0800] "GET /xingrg/all/function/internal_message.html?_=1695870341494&CODE_STATE=getMsg HTTP/1.1" 200 27
116.230.110.33 - - [28/Sep/2023:11:05:42 +0800] "GET /xingrg/all/function/internal_message.html?_=1695870186617&CODE_STATE=getMsg HTTP/1.1" 200 27
218.81.72.120 - - [28/Sep/2023:11:05:43 +0800] "GET /xingrg/all/function/internal_message.html?_=1695870349241&CODE_STATE=getMsg HTTP/1.1" 200 27
218.81.72.120 - - [28/Sep/2023:11:05:43 +0800] "GET /xingrg/check_reg.html?_=1695870349242 HTTP/1.1" 200 22
116.235.240.218 - - [28/Sep/2023:11:05:48 +0800] "GET /xingrg/all/function/internal_message.html?_=1695870342881&CODE_STATE=getMsg HTTP/1.1" 200 27
101.83.145.37 - - [28/Sep/2023:11:05:48 +0800] "GET /xingrg/all/function/internal_message.html?_=1695870349980&CODE_STATE=getMsg HTTP/1.1" 200 27
222.70.180.200 - - [28/Sep/2023:11:05:50 +0800] "GET /xingrg/kc/buy/cgsh_order_operate.html?command=get_materiel&rest_code=00111&code=00101006055&supplier_code=00100012&order_time=2023-09-28 HTTP/1.1" 200 409
114.95.241.104 - - [28/Sep/2023:11:05:53 +0800] "GET /xingrg/kc/buy/cgsh_order_operate.html?command=get_materiel&rest_code=00150&code=00101027017&supplier_code=00100018&order_time=2023-09-28 HTTP/1.1" 200 443
114.95.241.104 - - [28/Sep/2023:11:05:53 +0800] "GET /xingrg/all/function/internal_message.html?_=1695870352412&CODE_STATE=getMsg HTTP/1.1" 200 27
180.165.48.189 - - [28/Sep/2023:11:05:55 +0800] "GET /xingrg/all/function/internal_message.html?_=1695870354902&CODE_STATE=getMsg HTTP/1.1" 200 27
180.165.48.189 - - [28/Sep/2023:11:05:55 +0800] "GET /xingrg/check_reg.html?_=1695870354906 HTTP/1.1" 200 22
114.95.241.104 - - [28/Sep/2023:11:05:56 +0800] "GET /xingrg/all/function/internal_message.html?_=1695870356081&CODE_STATE=getMsg HTTP/1.1" 200 27
180.152.241.196 - - [28/Sep/2023:11:05:56 +0800] "GET /xingrg/all/function/internal_message.html?_=1695870357440&CODE_STATE=getMsg HTTP/1.1" 200 27
114.95.241.104 - - [28/Sep/2023:11:06:04 +0800] "POST /xingrg/kc/buy/cgsh_order_operate.html HTTP/1.1" 200 37
116.230.110.33 - - [28/Sep/2023:11:06:04 +0800] "GET /xingrg/all/function/internal_message.html?_=1695870208894&CODE_STATE=getMsg HTTP/1.1" 200 27
218.81.72.120 - - [28/Sep/2023:11:06:06 +0800] "GET /xingrg/check_reg.html?_=1695870364580 HTTP/1.1" 200 22
222.70.180.200 - - [28/Sep/2023:11:06:09 +0800] "GET /xingrg/check_reg.html?_=1695870597097 HTTP/1.1" 302 -
222.70.180.200 - - [28/Sep/2023:11:06:09 +0800] "GET /xingrg/all/function/internal_message.html?_=1695870597101&CODE_STATE=getMsg HTTP/1.1" 302 -
58.40.7.146 - - [28/Sep/2023:11:06:11 +0800] "GET /xingrg/all/function/internal_message.html?_=1695870369633&CODE_STATE=getMsg HTTP/1.1" 302 -
218.81.72.120 - - [28/Sep/2023:11:06:12 +0800] "GET /xingrg/all/function/internal_message.html?_=1695870371864&CODE_STATE=getMsg HTTP/1.1" 200 27
222.70.107.161 - - [28/Sep/2023:11:06:17 +0800] "GET /xingrg/all/function/internal_message.html?_=1695870377739&CODE_STATE=getMsg HTTP/1.1" 200 27
114.95.241.104 - - [28/Sep/2023:11:06:20 +0800] "POST /xingrg/kc/buy/cgsh_order_operate.html HTTP/1.1" 200 12
114.95.241.104 - - [28/Sep/2023:11:06:22 +0800] "GET /xingrg/kc/buy/cgsh_order_info.html?code=212023092811609 HTTP/1.1" 200 67439
114.95.241.104 - - [28/Sep/2023:11:06:23 +0800] "GET /xingrg/javascript/easyui/themes/default/validatebox.css HTTP/1.1" 404 1104
114.95.241.104 - - [28/Sep/2023:11:06:24 +0800] "POST /xingrg/kc/buy/cgsh_order_operate.html HTTP/1.1" 200 1856
114.95.241.104 - - [28/Sep/2023:11:06:25 +0800] "GET /xingrg/kc/print/load_config.html?kc_code=cgsh HTTP/1.1" 200 1927
114.95.241.104 - - [28/Sep/2023:11:06:25 +0800] "GET /xingrg/kc/print/load_data.html?order_code=212023092811609&kc_code=cgsh&condition= HTTP/1.1" 200 1280
222.70.180.200 - - [28/Sep/2023:11:06:26 +0800] "GET /xingrg/all/function/internal_message.html?_=1695870386044&CODE_STATE=getMsg HTTP/1.1" 200 27
222.69.128.235 - - [28/Sep/2023:11:06:27 +0800] "GET /xingrg/all/function/internal_message.html?_=1695870388892&CODE_STATE=getMsg HTTP/1.1" 200 27
114.95.241.104 - - [28/Sep/2023:11:06:31 +0800] "GET /xingrg/kc/base/yddb_order_list.html HTTP/1.1" 200 16786
114.95.241.104 - - [28/Sep/2023:11:06:32 +0800] "POST /xingrg/kc/base/yddb_list_operate.html HTTP/1.1" 200 1346
180.169.147.146 - - [28/Sep/2023:11:06:33 +0800] "GET /xingrg/check_reg.html?_=1695870389788 HTTP/1.1" 200 22
180.169.147.146 - - [28/Sep/2023:11:06:33 +0800] "GET /xingrg/all/function/internal_message.html?_=1695870389791&CODE_STATE=getMsg HTTP/1.1" 200 27
114.95.241.104 - - [28/Sep/2023:11:06:33 +0800] "GET /xingrg/kc/base/yddb_order_add.html HTTP/1.1" 200 29953
114.95.241.104 - - [28/Sep/2023:11:06:33 +0800] "GET /xingrg/dwr/interface/AjaxComOrderService.js HTTP/1.1" 200 18264
114.95.241.104 - - [28/Sep/2023:11:06:33 +0800] "GET /xingrg/dwr/interface/AjaxYddbService.js HTTP/1.1" 200 13201
114.95.241.104 - - [28/Sep/2023:11:06:33 +0800] "GET /xingrg/dwr/engine.js HTTP/1.1" 200 43631
114.83.220.87 - - [28/Sep/2023:11:06:35 +0800] "GET /xingrg/all/function/internal_message.html?_=1695870395043&CODE_STATE=getMsg HTTP/1.1" 200 27
114.83.220.87 - - [28/Sep/2023:11:06:35 +0800] "GET /xingrg/all/function/internal_message.html?_=1695870393960&CODE_STATE=getMsg HTTP/1.1" 200 27
180.152.241.196 - - [28/Sep/2023:11:06:35 +0800] "GET /xingrg/check_reg.html?_=1695870414200 HTTP/1.1" 200 22
180.152.241.196 - - [28/Sep/2023:11:06:35 +0800] "GET /xingrg/all/function/internal_message.html?_=1695870414202&CODE_STATE=getMsg HTTP/1.1" 200 27
114.95.241.104 - - [28/Sep/2023:11:06:36 +0800] "POST /xingrg/dwr/call/plaincall/AjaxYddbService.getRestBases.dwr HTTP/1.1" 200 1649
124.78.155.92 - - [28/Sep/2023:11:06:36 +0800] "GET /xingrg/all/function/internal_message.html?_=1695870393559&CODE_STATE=getMsg HTTP/1.1" 200 27
222.70.180.200 - - [28/Sep/2023:11:06:38 +0800] "GET /xingrg/all/function/internal_message.html?_=1695870626840&CODE_STATE=getMsg HTTP/1.1" 200 27
58.40.7.146 - - [28/Sep/2023:11:06:40 +0800] "GET /xingrg/check_reg.html?_=1695870400231 HTTP/1.1" 200 22
58.40.7.146 - - [28/Sep/2023:11:06:41 +0800] "GET /xingrg/all/function/internal_message.html?_=1695870401468&CODE_STATE=getMsg HTTP/1.1" 200 27
116.230.110.33 - - [28/Sep/2023:11:06:42 +0800] "GET /xingrg/check_reg.html?_=1695870246603 HTTP/1.1" 200 22
116.230.110.33 - - [28/Sep/2023:11:06:42 +0800] "GET /xingrg/all/function/internal_message.html?_=1695870246605&CODE_STATE=getMsg HTTP/1.1" 200 27
218.81.72.120 - - [28/Sep/2023:11:06:43 +0800] "GET /xingrg/all/function/internal_message.html?_=1695870409240&CODE_STATE=getMsg HTTP/1.1" 200 27
116.235.240.218 - - [28/Sep/2023:11:06:45 +0800] "GET /xingrg/check_reg.html?_=1695870400541 HTTP/1.1" 200 22
114.95.241.104 - - [28/Sep/2023:11:06:47 +0800] "POST /xingrg/dwr/call/plaincall/AjaxYddbService.saveOrder.dwr HTTP/1.1" 200 78
116.235.240.218 - - [28/Sep/2023:11:06:48 +0800] "GET /xingrg/all/function/internal_message.html?_=1695870402893&CODE_STATE=getMsg HTTP/1.1" 200 27
114.95.241.104 - - [28/Sep/2023:11:06:48 +0800] "GET /xingrg/images/yd/bt.gif HTTP/1.1" 404 1040
101.83.145.37 - - [28/Sep/2023:11:06:48 +0800] "GET /xingrg/all/function/internal_message.html?_=1695870409966&CODE_STATE=getMsg HTTP/1.1" 200 27
101.83.145.37 - - [28/Sep/2023:11:06:48 +0800] "GET /xingrg/check_reg.html?_=1695870409968 HTTP/1.1" 200 22
180.152.241.196 - - [28/Sep/2023:11:06:50 +0800] "GET /xingrg/javascript/auto/indicator.gif HTTP/1.1" 404 1066
114.95.241.104 - - [28/Sep/2023:11:06:51 +0800] "POST /xingrg/dwr/call/plaincall/AjaxComOrderService.getMaterielSearchList.dwr HTTP/1.1" 200 20292
114.95.241.104 - - [28/Sep/2023:11:06:52 +0800] "POST /xingrg/dwr/call/plaincall/AjaxComOrderService.getMaterielSearchList.dwr HTTP/1.1" 200 1570
180.152.241.196 - - [28/Sep/2023:11:06:52 +0800] "GET /xingrg/kc/base/wldb_order_operate.html?command=get_materiel&rest_code=00102&base_code=0010476&code=00101019108 HTTP/1.1" 200 477
114.95.241.104 - - [28/Sep/2023:11:06:53 +0800] "POST /xingrg/dwr/call/plaincall/AjaxComOrderService.getMaterielSearchList.dwr HTTP/1.1" 200 302
114.95.241.104 - - [28/Sep/2023:11:06:53 +0800] "GET /xingrg/all/function/internal_message.html?_=1695870412384&CODE_STATE=getMsg HTTP/1.1" 200 27
114.95.241.104 - - [28/Sep/2023:11:06:53 +0800] "POST /xingrg/dwr/call/plaincall/AjaxYddbService.getMaterielByMap.dwr HTTP/1.1" 200 3968
180.165.48.189 - - [28/Sep/2023:11:06:55 +0800] "GET /xingrg/all/function/internal_message.html?_=1695870414904&CODE_STATE=getMsg HTTP/1.1" 200 27
114.95.241.104 - - [28/Sep/2023:11:06:56 +0800] "GET /xingrg/all/function/internal_message.html?_=1695870416062&CODE_STATE=getMsg HTTP/1.1" 200 27
114.95.241.104 - - [28/Sep/2023:11:06:56 +0800] "POST /xingrg/dwr/call/plaincall/AjaxYddbService.saveMaterielItem.dwr HTTP/1.1" 200 78
180.152.241.196 - - [28/Sep/2023:11:06:56 +0800] "GET /xingrg/all/function/internal_message.html?_=1695870417412&CODE_STATE=getMsg HTTP/1.1" 200 27
180.152.241.196 - - [28/Sep/2023:11:06:57 +0800] "GET /xingrg/check_reg.html?_=1695870417645 HTTP/1.1" 200 22
222.70.180.200 - - [28/Sep/2023:11:06:58 +0800] "GET /xingrg/kc/buy/cgsh_order_operate.html?command=get_materiel&rest_code=00111&code=00101006175&supplier_code=00100012&order_time=2023-09-28 HTTP/1.1" 200 414
114.95.241.104 - - [28/Sep/2023:11:07:02 +0800] "POST /xingrg/dwr/call/plaincall/AjaxYddbService.checkOrder.dwr HTTP/1.1" 200 78
180.152.241.196 - - [28/Sep/2023:11:07:02 +0800] "GET /xingrg/kc/base/wldb_order_operate.html?command=get_materiel&rest_code=00102&base_code=0010476&code=00101019238 HTTP/1.1" 200 468
114.95.241.104 - - [28/Sep/2023:11:07:03 +0800] "GET /xingrg/kc/base/yddb_order_info.html?code=482023092800267 HTTP/1.1" 200 29743
114.95.241.104 - - [28/Sep/2023:11:07:03 +0800] "GET /xingrg/dwr/interface/AjaxComOrderService.js HTTP/1.1" 200 18264
114.95.241.104 - - [28/Sep/2023:11:07:03 +0800] "GET /xingrg/dwr/interface/AjaxYddbService.js HTTP/1.1" 200 13201
114.95.241.104 - - [28/Sep/2023:11:07:03 +0800] "GET /xingrg/dwr/engine.js HTTP/1.1" 200 43631
114.95.241.104 - - [28/Sep/2023:11:07:04 +0800] "POST /xingrg/dwr/call/plaincall/AjaxYddbService.loadMaterielItems.dwr HTTP/1.1" 200 421
116.230.110.33 - - [28/Sep/2023:11:07:04 +0800] "GET /xingrg/all/function/internal_message.html?_=1695870268869&CODE_STATE=getMsg HTTP/1.1" 200 27
180.152.241.196 - - [28/Sep/2023:11:07:08 +0800] "GET /xingrg/kc/base/wldb_order_operate.html?command=get_materiel&rest_code=00102&base_code=0010476&code=00101019310 HTTP/1.1" 200 477
222.70.180.200 - - [28/Sep/2023:11:07:09 +0800] "GET /xingrg/all/function/internal_message.html?_=1695870657129&CODE_STATE=getMsg HTTP/1.1" 302 -
58.40.7.146 - - [28/Sep/2023:11:07:11 +0800] "GET /xingrg/all/function/internal_message.html?_=1695870429647&CODE_STATE=getMsg HTTP/1.1" 302 -
218.81.72.120 - - [28/Sep/2023:11:07:12 +0800] "GET /xingrg/all/function/internal_message.html?_=1695870431862&CODE_STATE=getMsg HTTP/1.1" 200 27
116.235.240.218 - - [28/Sep/2023:11:07:12 +0800] "GET /xingrg/javascript/jquery_easy_ui/themes/default/images/tabs_active.png HTTP/1.1" 304 -
116.235.240.218 - - [28/Sep/2023:11:07:12 +0800] "GET /xingrg/javascript/jquery_easy_ui/themes/default/images/tabs_active.png HTTP/1.1" 304 -
116.235.240.218 - - [28/Sep/2023:11:07:14 +0800] "GET /xingrg/kc/buy/cgsh_order_list.html HTTP/1.1" 200 56712
114.95.241.104 - - [28/Sep/2023:11:07:14 +0800] "GET /xingrg/check_reg.html?_=1695870433308 HTTP/1.1" 200 22
116.235.240.218 - - [28/Sep/2023:11:07:16 +0800] "POST /xingrg/kc/buy/cgsh_list_operate.html HTTP/1.1" 200 986
222.70.107.161 - - [28/Sep/2023:11:07:17 +0800] "GET /xingrg/all/function/internal_message.html?_=1695870437772&CODE_STATE=getMsg HTTP/1.1" 200 27
116.235.240.218 - - [28/Sep/2023:11:07:20 +0800] "GET /xingrg/javascript/easyui/themes/default/images/button_plain_hover.png HTTP/1.1" 304 -
180.152.241.196 - - [28/Sep/2023:11:07:20 +0800] "GET /xingrg/kc/base/wldb_order_operate.html?command=get_materiel&rest_code=00102&base_code=0010476&code=00101019306 HTTP/1.1" 200 478
116.235.240.218 - - [28/Sep/2023:11:07:23 +0800] "GET /xingrg/javascript/easyui/themes/default/images/button_plain_hover.png HTTP/1.1" 304 -
114.95.241.104 - - [28/Sep/2023:11:07:24 +0800] "GET /xingrg/kc/base/yddb_order_report.html?fileType=servlets/html&code=482023092800267&reportName=ck_order_report&subName=yddb HTTP/1.1" 302 -
114.95.241.104 - - [28/Sep/2023:11:07:24 +0800] "GET /xingrg/servlets/html?sysBaseUrl=http%3A%2F%2F180.169.147.146%3A18081%2Fxingrg%2F&costTime=930×tamp=1695870444533 HTTP/1.1" 200 14768
116.235.240.218 - - [28/Sep/2023:11:07:24 +0800] "GET /xingrg/kc/buy/cgsh_order_add.html HTTP/1.1" 200 72488
114.95.241.104 - - [28/Sep/2023:11:07:24 +0800] "GET /xingrg/servlets/image?image=px HTTP/1.1" 200 807
116.235.240.218 - - [28/Sep/2023:11:07:24 +0800] "GET /xingrg/javascript/jquery_tools/order_manager.js HTTP/1.1" 304 -
116.235.240.218 - - [28/Sep/2023:11:07:24 +0800] "GET /xingrg/javascript/json2.js HTTP/1.1" 304 -
116.235.240.218 - - [28/Sep/2023:11:07:24 +0800] "GET /xingrg/javascript/convert.js HTTP/1.1" 304 -
116.235.240.218 - - [28/Sep/2023:11:07:24 +0800] "GET /xingrg/javascript/print/kc_print.js HTTP/1.1" 304 -
116.235.240.218 - - [28/Sep/2023:11:07:24 +0800] "GET /xingrg/words/20230927133912_words.js HTTP/1.1" 304 -
114.95.241.104 - - [28/Sep/2023:11:07:24 +0800] "GET /favicon.ico HTTP/1.1" 404 -
116.235.240.218 - - [28/Sep/2023:11:07:24 +0800] "GET /xingrg/javascript/easyui/themes/icons/copy_new.png HTTP/1.1" 304 -
116.235.240.218 - - [28/Sep/2023:11:07:24 +0800] "GET /xingrg/javascript/easyui/themes/icons/template_new.png HTTP/1.1" 304 -
116.235.240.218 - - [28/Sep/2023:11:07:24 +0800] "GET /xingrg/javascript/easyui/themes/icons/ok.png HTTP/1.1" 304 -
116.235.240.218 - - [28/Sep/2023:11:07:24 +0800] "GET /xingrg/javascript/easyui/themes/icons/print.png HTTP/1.1" 304 -
116.235.240.218 - - [28/Sep/2023:11:07:24 +0800] "GET /xingrg/javascript/easyui/themes/default/images/menu_downarrow.png HTTP/1.1" 304 -
116.235.240.218 - - [28/Sep/2023:11:07:24 +0800] "GET /xingrg/javascript/easyui/themes/icons/cancel.png HTTP/1.1" 304 -
116.235.240.218 - - [28/Sep/2023:11:07:24 +0800] "POST /xingrg/kc/buy/cgsh_order_operate.html HTTP/1.1" 200 8245
116.235.240.218 - - [28/Sep/2023:11:07:24 +0800] "GET /xingrg/javascript/easyui/themes/icons/edit_remove.png HTTP/1.1" 304 -
116.235.240.218 - - [28/Sep/2023:11:07:25 +0800] "GET /xingrg/javascript/easyui/themes/default/validatebox.css HTTP/1.1" 404 1104
116.235.240.218 - - [28/Sep/2023:11:07:25 +0800] "GET /xingrg/javascript/easyui/plugins/jquery.validatebox.js HTTP/1.1" 304 -
116.235.240.218 - - [28/Sep/2023:11:07:25 +0800] "GET /xingrg/javascript/easyui/plugins/jquery.numberbox.js HTTP/1.1" 304 -
116.235.240.218 - - [28/Sep/2023:11:07:25 +0800] "GET /xingrg/all/common/auto_word.html?type=employee&rest_code=00146 HTTP/1.1" 200 101
116.235.240.218 - - [28/Sep/2023:11:07:25 +0800] "GET /xingrg/all/common/auto_word.html?type=employee&rest_code=00146 HTTP/1.1" 200 101
222.70.180.200 - - [28/Sep/2023:11:07:26 +0800] "GET /xingrg/all/function/internal_message.html?_=1695870446050&CODE_STATE=getMsg HTTP/1.1" 200 27
222.69.128.235 - - [28/Sep/2023:11:07:27 +0800] "GET /xingrg/check_reg.html?_=1695870448893 HTTP/1.1" 200 22
222.69.128.235 - - [28/Sep/2023:11:07:27 +0800] "GET /xingrg/all/function/internal_message.html?_=1695870448896&CODE_STATE=getMsg HTTP/1.1" 200 27
116.235.240.218 - - [28/Sep/2023:11:07:28 +0800] "GET /xingrg/javascript/auto/indicator.gif HTTP/1.1" 404 1066
120.253.135.82 - - [28/Sep/2023:11:07:30 +0800] "GET /xingrg/login.html HTTP/1.1" 200 7641
180.152.241.196 - - [28/Sep/2023:11:07:30 +0800] "GET /xingrg/kc/base/wldb_order_operate.html?command=get_materiel&rest_code=00102&base_code=0010476&code=00101019297 HTTP/1.1" 200 476
120.253.135.82 - - [28/Sep/2023:11:07:30 +0800] "GET /favicon.ico HTTP/1.1" 404 -
180.169.147.146 - - [28/Sep/2023:11:07:33 +0800] "GET /xingrg/all/function/internal_message.html?_=1695870449792&CODE_STATE=getMsg HTTP/1.1" 200 27
114.95.241.104 - - [28/Sep/2023:11:07:33 +0800] "POST /xingrg/all/user/operate.html HTTP/1.1" 200 36
114.95.241.104 - - [28/Sep/2023:11:07:33 +0800] "GET /xingrg/index.html?sysBaseUrl=http%3A%2F%2F180.169.147.146%3A18081%2Fxingrg%2F&costTime=824×tamp=1695863522298 HTTP/1.1" 200 17177
114.95.241.104 - - [28/Sep/2023:11:07:33 +0800] "GET /xingrg/javascript/jquery_easy_ui/themes/default/easyui.css HTTP/1.1" 304 -
114.95.241.104 - - [28/Sep/2023:11:07:33 +0800] "GET /xingrg/javascript/jquery_easy_ui/themes/icon.css HTTP/1.1" 304 -
114.95.241.104 - - [28/Sep/2023:11:07:34 +0800] "GET /xingrg/css/form.css HTTP/1.1" 304 -
114.95.241.104 - - [28/Sep/2023:11:07:34 +0800] "GET /xingrg/javascript/jquery-1.4.2.min.js HTTP/1.1" 304 -
114.95.241.104 - - [28/Sep/2023:11:07:34 +0800] "GET /xingrg/javascript/jquery_easy_ui/jquery.easyui.min.js HTTP/1.1" 304 -
114.95.241.104 - - [28/Sep/2023:11:07:34 +0800] "GET /xingrg/javascript/jquery_easy_ui/easyui-lang-zh_CN.js HTTP/1.1" 304 -
114.95.241.104 - - [28/Sep/2023:11:07:34 +0800] "GET /xingrg/javascript/jquery.form.js HTTP/1.1" 304 -
114.95.241.104 - - [28/Sep/2023:11:07:34 +0800] "GET /xingrg/javascript/jquery.utils.js HTTP/1.1" 304 -
114.95.241.104 - - [28/Sep/2023:11:07:34 +0800] "GET /xingrg/javascript/jquery.timers.js HTTP/1.1" 304 -
114.95.241.104 - - [28/Sep/2023:11:07:34 +0800] "GET /xingrg/images/blue/jxLogo.png HTTP/1.1" 304 -
114.95.241.104 - - [28/Sep/2023:11:07:34 +0800] "GET /xingrg/javascript/jquery_easy_ui/themes/icons/settle_new.png HTTP/1.1" 304 -
114.95.241.104 - - [28/Sep/2023:11:07:34 +0800] "GET /xingrg/images/blue/navBackgound.jpg HTTP/1.1" 304 -
114.95.241.104 - - [28/Sep/2023:11:07:34 +0800] "GET /xingrg/all/function/internal_message.html?_=1695870453937&CODE_STATE=count HTTP/1.1" 200 11
114.95.241.104 - - [28/Sep/2023:11:07:34 +0800] "GET /xingrg/images/blue/pingpu.png HTTP/1.1" 304 -
114.95.241.104 - - [28/Sep/2023:11:07:34 +0800] "GET /xingrg/javascript/jquery_easy_ui/themes/default/images/tabs_leftarrow.png HTTP/1.1" 304 -
114.95.241.104 - - [28/Sep/2023:11:07:34 +0800] "POST /xingrg/all/common/load_tree.html?tree=area_rest_tree_json&manage=1 HTTP/1.1" 200 476
114.95.241.104 - - [28/Sep/2023:11:07:34 +0800] "POST /xingrg/load_menu.html HTTP/1.1" 200 5138
114.95.241.104 - - [28/Sep/2023:11:07:34 +0800] "GET /xingrg/javascript/jquery_easy_ui/themes/default/images/tree_arrows.gif HTTP/1.1" 304 -
114.95.241.104 - - [28/Sep/2023:11:07:34 +0800] "GET /xingrg/javascript/jquery_easy_ui/themes/icons/storage_new.png HTTP/1.1" 304 -
114.95.241.104 - - [28/Sep/2023:11:07:34 +0800] "GET /xingrg/javascript/jquery_easy_ui/themes/default/images/tree_folder.gif HTTP/1.1" 304 -
114.95.241.104 - - [28/Sep/2023:11:07:34 +0800] "GET /xingrg/javascript/jquery_easy_ui/themes/icons/forms_new.png HTTP/1.1" 304 -
114.95.241.104 - - [28/Sep/2023:11:07:34 +0800] "GET /xingrg/javascript/jquery_easy_ui/themes/default/images/tree_file.gif HTTP/1.1" 304 -
114.95.241.104 - - [28/Sep/2023:11:07:34 +0800] "GET /xingrg/javascript/jquery_easy_ui/themes/default/images/tabs_rightarrow.png HTTP/1.1" 304 -
114.95.241.104 - - [28/Sep/2023:11:07:34 +0800] "GET /xingrg/check_reg.html?_=1695870453938 HTTP/1.1" 200 22
114.95.241.104 - - [28/Sep/2023:11:07:34 +0800] "GET /xingrg/javascript/jquery_easy_ui/themes/default/images/panel_tool_collapse.gif HTTP/1.1" 304 -
114.83.220.87 - - [28/Sep/2023:11:07:35 +0800] "GET /xingrg/all/function/internal_message.html?_=1695870455011&CODE_STATE=getMsg HTTP/1.1" 200 27
114.83.220.87 - - [28/Sep/2023:11:07:35 +0800] "GET /xingrg/all/function/internal_message.html?_=1695870453964&CODE_STATE=getMsg HTTP/1.1" 200 27
114.83.220.87 - - [28/Sep/2023:11:07:35 +0800] "GET /xingrg/kc/base/wldb_order_list.html HTTP/1.1" 200 19180
180.152.241.196 - - [28/Sep/2023:11:07:35 +0800] "GET /xingrg/all/function/internal_message.html?_=1695870474207&CODE_STATE=getMsg HTTP/1.1" 200 27
120.253.135.82 - - [28/Sep/2023:11:07:36 +0800] "POST /xingrg/login.do HTTP/1.1" 302 -
180.163.29.212 - - [28/Sep/2023:11:07:36 +0800] "GET /xingrg/all/function/internal_message.html?_=1695870393559&CODE_STATE=getMsg HTTP/1.1" 302 -
124.78.155.92 - - [28/Sep/2023:11:07:36 +0800] "GET /xingrg/all/function/internal_message.html?_=1695870453548&CODE_STATE=getMsg HTTP/1.1" 200 27
120.253.135.82 - - [28/Sep/2023:11:07:36 +0800] "GET /xingrg/index.html?sysBaseUrl=http%3A%2F%2F180.169.147.146%3A18081%2Fxingrg%2F&costTime=939×tamp=1695870456078 HTTP/1.1" 200 17173
180.163.29.212 - - [28/Sep/2023:11:07:36 +0800] "GET /xingrg/login.html HTTP/1.1" 200 7641
120.253.135.82 - - [28/Sep/2023:11:07:36 +0800] "GET /xingrg/javascript/jquery_easy_ui/themes/default/easyui.css HTTP/1.1" 304 -
120.253.135.82 - - [28/Sep/2023:11:07:36 +0800] "GET /xingrg/javascript/jquery_easy_ui/themes/icon.css HTTP/1.1" 304 -
120.253.135.82 - - [28/Sep/2023:11:07:36 +0800] "GET /xingrg/css/form.css HTTP/1.1" 304 -
120.253.135.82 - - [28/Sep/2023:11:07:36 +0800] "GET /xingrg/javascript/jquery_easy_ui/jquery.easyui.min.js HTTP/1.1" 304 -
120.253.135.82 - - [28/Sep/2023:11:07:36 +0800] "GET /xingrg/javascript/jquery-1.4.2.min.js HTTP/1.1" 304 -
120.253.135.82 - - [28/Sep/2023:11:07:36 +0800] "GET /xingrg/javascript/jquery_easy_ui/easyui-lang-zh_CN.js HTTP/1.1" 304 -
120.253.135.82 - - [28/Sep/2023:11:07:36 +0800] "GET /xingrg/javascript/jquery.utils.js HTTP/1.1" 304 -
120.253.135.82 - - [28/Sep/2023:11:07:36 +0800] "GET /xingrg/javascript/jquery.form.js HTTP/1.1" 304 -
120.253.135.82 - - [28/Sep/2023:11:07:36 +0800] "GET /xingrg/javascript/jquery.timers.js HTTP/1.1" 304 -
120.253.135.82 - - [28/Sep/2023:11:07:36 +0800] "GET /favicon.ico HTTP/1.1" 404 -
114.83.220.87 - - [28/Sep/2023:11:07:36 +0800] "POST /xingrg/kc/base/wldb_list_operate.html HTTP/1.1" 200 928
120.253.135.82 - - [28/Sep/2023:11:07:36 +0800] "GET /xingrg/check_reg.html?_=1695870259203 HTTP/1.1" 200 22
120.253.135.82 - - [28/Sep/2023:11:07:36 +0800] "GET /xingrg/all/function/internal_message.html?_=1695870259202&CODE_STATE=count HTTP/1.1" 200 11
120.253.135.82 - - [28/Sep/2023:11:07:36 +0800] "POST /xingrg/all/common/load_tree.html?tree=area_rest_tree_json&manage=1 HTTP/1.1" 200 344
120.253.135.82 - - [28/Sep/2023:11:07:36 +0800] "POST /xingrg/load_menu.html HTTP/1.1" 200 6743
114.95.241.104 - - [28/Sep/2023:11:07:37 +0800] "GET /xingrg/javascript/jquery_easy_ui/themes/default/images/tabs_close.gif HTTP/1.1" 304 -
114.95.241.104 - - [28/Sep/2023:11:07:37 +0800] "GET /xingrg/kc/base/yddb_order_list.html HTTP/1.1" 200 16784
114.95.241.104 - - [28/Sep/2023:11:07:37 +0800] "GET /xingrg/css/base.css HTTP/1.1" 304 -
114.95.241.104 - - [28/Sep/2023:11:07:37 +0800] "GET /xingrg/css/site.css HTTP/1.1" 304 -
114.95.241.104 - - [28/Sep/2023:11:07:37 +0800] "GET /xingrg/javascript/easyui/themes/icon.css HTTP/1.1" 304 -
114.95.241.104 - - [28/Sep/2023:11:07:37 +0800] "GET /xingrg/javascript/auto/jquery.autocomplete.css HTTP/1.1" 304 -
114.95.241.104 - - [28/Sep/2023:11:07:37 +0800] "GET /xingrg/javascript/jquery_tools/fix.css HTTP/1.1" 304 -
114.95.241.104 - - [28/Sep/2023:11:07:37 +0800] "GET /xingrg/javascript/jquery_tools/table.css HTTP/1.1" 304 -
114.95.241.104 - - [28/Sep/2023:11:07:37 +0800] "GET /xingrg/javascript/jquery_tools/jquery.tools.min.js HTTP/1.1" 304 -
114.95.241.104 - - [28/Sep/2023:11:07:37 +0800] "GET /xingrg/javascript/jquery_tools/jquery.tools.extend.js HTTP/1.1" 304 -
114.95.241.104 - - [28/Sep/2023:11:07:37 +0800] "GET /xingrg/javascript/jquery_tools/jquery.tools.hotkey.js HTTP/1.1" 304 -
114.95.241.104 - - [28/Sep/2023:11:07:37 +0800] "GET /xingrg/javascript/jquery_tools/jquery.tools.table.js HTTP/1.1" 304 -
114.95.241.104 - - [28/Sep/2023:11:07:37 +0800] "GET /xingrg/javascript/jquery_tools/list_manager.js HTTP/1.1" 304 -
114.95.241.104 - - [28/Sep/2023:11:07:37 +0800] "GET /xingrg/javascript/auto/jquery.autocomplete.js HTTP/1.1" 304 -
114.95.241.104 - - [28/Sep/2023:11:07:37 +0800] "GET /xingrg/javascript/easyui/easyloader.js HTTP/1.1" 304 -
114.95.241.104 - - [28/Sep/2023:11:07:37 +0800] "GET /xingrg/javascript/jquery.utils.js HTTP/1.1" 304 -
114.95.241.104 - - [28/Sep/2023:11:07:37 +0800] "GET /xingrg/javascript/jquery.cookie.js HTTP/1.1" 304 -
114.95.241.104 - - [28/Sep/2023:11:07:37 +0800] "GET /xingrg/javascript/print/LodopFuncs.js HTTP/1.1" 304 -
114.95.241.104 - - [28/Sep/2023:11:07:37 +0800] "GET /xingrg/javascript/jquery_easy_ui/themes/default/images/tree_folder_open.gif HTTP/1.1" 304 -
114.95.241.104 - - [28/Sep/2023:11:07:37 +0800] "GET /xingrg/javascript/jquery_easy_ui/themes/icons/search_new.png HTTP/1.1" 304 -
114.95.241.104 - - [28/Sep/2023:11:07:37 +0800] "GET /xingrg/javascript/jquery_tools/datebox.css HTTP/1.1" 304 -
114.95.241.104 - - [28/Sep/2023:11:07:37 +0800] "GET /xingrg/javascript/easyui/themes/default/easyui.css HTTP/1.1" 304 -
114.95.241.104 - - [28/Sep/2023:11:07:37 +0800] "GET /xingrg/javascript/easyui/themes/icons/import_new.png HTTP/1.1" 304 -
114.95.241.104 - - [28/Sep/2023:11:07:37 +0800] "GET /xingrg/javascript/easyui/themes/icons/edit_add_new.png HTTP/1.1" 304 -
114.95.241.104 - - [28/Sep/2023:11:07:37 +0800] "GET /xingrg/javascript/easyui/themes/icons/field_new.png HTTP/1.1" 304 -
114.95.241.104 - - [28/Sep/2023:11:07:37 +0800] "GET /xingrg/javascript/easyui/plugins/jquery.parser.js HTTP/1.1" 304 -
114.95.241.104 - - [28/Sep/2023:11:07:37 +0800] "GET /xingrg/images/control/ajaxLoader.gif HTTP/1.1" 304 -
114.95.241.104 - - [28/Sep/2023:11:07:37 +0800] "POST /xingrg/kc/base/yddb_list_operate.html HTTP/1.1" 200 636
114.83.220.87 - - [28/Sep/2023:11:07:38 +0800] "GET /xingrg/kc/base/wldb_order_add.html HTTP/1.1" 200 30463
180.152.241.196 - - [28/Sep/2023:11:07:38 +0800] "GET /xingrg/kc/base/wldb_order_operate.html?command=get_materiel&rest_code=00102&base_code=0010476&code=00101019135 HTTP/1.1" 200 474
114.83.220.87 - - [28/Sep/2023:11:07:38 +0800] "POST /xingrg/kc/base/wldb_order_operate.html HTTP/1.1" 200 6806
114.83.220.87 - - [28/Sep/2023:11:07:38 +0800] "GET /xingrg/all/common/auto_word.html?type=base&rest_code=00149 HTTP/1.1" 200 1907
114.83.220.87 - - [28/Sep/2023:11:07:38 +0800] "GET /xingrg/all/common/auto_word.html?type=base&rest_code=00149 HTTP/1.1" 200 1907
114.83.220.87 - - [28/Sep/2023:11:07:38 +0800] "GET /xingrg/javascript/easyui/themes/default/validatebox.css HTTP/1.1" 404 1104
222.70.180.200 - - [28/Sep/2023:11:07:38 +0800] "GET /xingrg/all/function/internal_message.html?_=1695870686835&CODE_STATE=getMsg HTTP/1.1" 200 27
114.95.241.104 - - [28/Sep/2023:11:07:39 +0800] "GET /xingrg/kc/base/yddb_order_add.html HTTP/1.1" 200 29953
114.95.241.104 - - [28/Sep/2023:11:07:39 +0800] "GET /xingrg/dwr/interface/AjaxComOrderService.js HTTP/1.1" 200 18264
114.95.241.104 - - [28/Sep/2023:11:07:39 +0800] "GET /xingrg/dwr/interface/AjaxYddbService.js HTTP/1.1" 200 13201
114.95.241.104 - - [28/Sep/2023:11:07:39 +0800] "GET /xingrg/dwr/engine.js HTTP/1.1" 200 43631
222.70.180.200 - - [28/Sep/2023:11:07:39 +0800] "GET /xingrg/kc/buy/cgsh_order_operate.html?command=get_materiel&rest_code=00111&code=00101006144&supplier_code=00100012&order_time=2023-09-28 HTTP/1.1" 200 409
114.83.220.87 - - [28/Sep/2023:11:07:39 +0800] "POST /xingrg/all/common/load_combo.html?type=base HTTP/1.1" 200 3409
120.253.135.82 - - [28/Sep/2023:11:07:40 +0800] "GET /xingrg/kc/pszx/mdqp_order_list.html?state=10 HTTP/1.1" 200 10275
120.253.135.82 - - [28/Sep/2023:11:07:40 +0800] "GET /xingrg/css/blue.css HTTP/1.1" 304 -
120.253.135.82 - - [28/Sep/2023:11:07:40 +0800] "GET /xingrg/javascript/pic_change.js HTTP/1.1" 304 -
120.253.135.82 - - [28/Sep/2023:11:07:40 +0800] "GET /xingrg/dwr/interface/AjaxQqpsService.js HTTP/1.1" 200 16326
120.253.135.82 - - [28/Sep/2023:11:07:40 +0800] "GET /xingrg/dwr/interface/AjaxReportQueryService.js HTTP/1.1" 200 13203
120.253.135.82 - - [28/Sep/2023:11:07:40 +0800] "GET /xingrg/javascript/myfunction.js HTTP/1.1" 304 -
120.253.135.82 - - [28/Sep/2023:11:07:40 +0800] "GET /xingrg/dwr/util.js HTTP/1.1" 304 -
120.253.135.82 - - [28/Sep/2023:11:07:40 +0800] "GET /xingrg/dwr/engine.js HTTP/1.1" 200 43631
120.253.135.82 - - [28/Sep/2023:11:07:40 +0800] "GET /xingrg/javascript/Calendar.js HTTP/1.1" 304 -
58.40.7.146 - - [28/Sep/2023:11:07:41 +0800] "GET /xingrg/all/function/internal_message.html?_=1695870461438&CODE_STATE=getMsg HTTP/1.1" 200 27
116.230.110.33 - - [28/Sep/2023:11:07:42 +0800] "GET /xingrg/all/function/internal_message.html?_=1695870306613&CODE_STATE=getMsg HTTP/1.1" 200 27
120.253.135.82 - - [28/Sep/2023:11:07:42 +0800] "GET /xingrg/kc/pszx/mdps_order_list.html?orderType=0 HTTP/1.1" 200 21108
120.253.135.82 - - [28/Sep/2023:11:07:42 +0800] "GET /xingrg/css/base.css HTTP/1.1" 304 -
120.253.135.82 - - [28/Sep/2023:11:07:42 +0800] "GET /xingrg/css/site.css HTTP/1.1" 304 -
120.253.135.82 - - [28/Sep/2023:11:07:42 +0800] "GET /xingrg/javascript/jquery_tools/datebox.css HTTP/1.1" 304 -
120.253.135.82 - - [28/Sep/2023:11:07:42 +0800] "GET /xingrg/javascript/easyui/themes/default/easyui.css HTTP/1.1" 304 -
120.253.135.82 - - [28/Sep/2023:11:07:42 +0800] "GET /xingrg/javascript/easyui/themes/icon.css HTTP/1.1" 304 -
120.253.135.82 - - [28/Sep/2023:11:07:42 +0800] "GET /xingrg/javascript/jquery_tools/fix.css HTTP/1.1" 304 -
120.253.135.82 - - [28/Sep/2023:11:07:42 +0800] "GET /xingrg/javascript/jquery_tools/table.css HTTP/1.1" 304 -
120.253.135.82 - - [28/Sep/2023:11:07:42 +0800] "GET /xingrg/javascript/jquery_tools/jquery.tools.min.js HTTP/1.1" 304 -
120.253.135.82 - - [28/Sep/2023:11:07:42 +0800] "GET /xingrg/javascript/auto/jquery.autocomplete.css HTTP/1.1" 304 -
120.253.135.82 - - [28/Sep/2023:11:07:42 +0800] "GET /xingrg/javascript/jquery_tools/jquery.tools.extend.js HTTP/1.1" 304 -
120.253.135.82 - - [28/Sep/2023:11:07:42 +0800] "GET /xingrg/javascript/jquery_tools/jquery.tools.table.js HTTP/1.1" 304 -
120.253.135.82 - - [28/Sep/2023:11:07:42 +0800] "GET /xingrg/javascript/jquery_tools/list_manager.js HTTP/1.1" 304 -
120.253.135.82 - - [28/Sep/2023:11:07:42 +0800] "GET /xingrg/javascript/auto/jquery.autocomplete.js HTTP/1.1" 304 -
120.253.135.82 - - [28/Sep/2023:11:07:42 +0800] "GET /xingrg/javascript/easyui/easyloader.js HTTP/1.1" 304 -
120.253.135.82 - - [28/Sep/2023:11:07:42 +0800] "GET /xingrg/javascript/jquery.cookie.js HTTP/1.1" 304 -
120.253.135.82 - - [28/Sep/2023:11:07:42 +0800] "GET /xingrg/javascript/jquery_tools/jquery.tools.hotkey.js HTTP/1.1" 304 -
120.253.135.82 - - [28/Sep/2023:11:07:42 +0800] "GET /xingrg/javascript/print/LodopFuncs.js HTTP/1.1" 304 -
120.253.135.82 - - [28/Sep/2023:11:07:42 +0800] "GET /xingrg/javascript/easyui/plugins/jquery.parser.js HTTP/1.1" 304 -
120.253.135.82 - - [28/Sep/2023:11:07:43 +0800] "POST /xingrg/kc/pszx/mdps_list_operate.html HTTP/1.1" 200 5312
218.81.72.120 - - [28/Sep/2023:11:07:43 +0800] "GET /xingrg/all/function/internal_message.html?_=1695870469254&CODE_STATE=getMsg HTTP/1.1" 200 27
114.83.220.87 - - [28/Sep/2023:11:07:43 +0800] "GET /xingrg/javascript/jquery_tools/images/prev.gif HTTP/1.1" 404 1086
114.83.220.87 - - [28/Sep/2023:11:07:43 +0800] "GET /xingrg/javascript/jquery_tools/images/next.gif HTTP/1.1" 404 1086
116.235.240.218 - - [28/Sep/2023:11:07:48 +0800] "GET /xingrg/all/function/internal_message.html?_=1695870462907&CODE_STATE=getMsg HTTP/1.1" 200 27
101.83.145.37 - - [28/Sep/2023:11:07:48 +0800] "GET /xingrg/all/function/internal_message.html?_=1695870469967&CODE_STATE=getMsg HTTP/1.1" 200 27
114.83.220.87 - - [28/Sep/2023:11:07:50 +0800] "GET /xingrg/kc/base/wldb_order_operate.html?command=get_materiel&rest_code=00149&base_code=0010394&code=00101019133 HTTP/1.1" 200 480
116.235.240.218 - - [28/Sep/2023:11:07:51 +0800] "GET /xingrg/kc/buy/cgsh_order_operate.html?command=get_materiel&rest_code=00146&code=00101008403&supplier_code=00100005&order_time=2023-09-28 HTTP/1.1" 200 412
114.95.241.104 - - [28/Sep/2023:11:07:53 +0800] "GET /xingrg/all/function/internal_message.html?_=1695870472362&CODE_STATE=getMsg HTTP/1.1" 200 27
180.165.48.189 - - [28/Sep/2023:11:07:55 +0800] "GET /xingrg/all/function/internal_message.html?_=1695870474901&CODE_STATE=getMsg HTTP/1.1" 200 27
114.83.220.87 - - [28/Sep/2023:11:07:56 +0800] "GET /xingrg/kc/base/wldb_order_operate.html?command=get_materiel&rest_code=00149&base_code=0010394&code=00101019127 HTTP/1.1" 200 479
180.152.241.196 - - [28/Sep/2023:11:07:56 +0800] "GET /xingrg/all/function/internal_message.html?_=1695870477391&CODE_STATE=getMsg HTTP/1.1" 200 27
114.83.220.87 - - [28/Sep/2023:11:08:04 +0800] "GET /xingrg/kc/base/wldb_order_operate.html?command=get_materiel&rest_code=00149&base_code=0010394&code=00101019391 HTTP/1.1" 200 485
116.230.110.33 - - [28/Sep/2023:11:08:04 +0800] "GET /xingrg/all/function/internal_message.html?_=1695870328852&CODE_STATE=getMsg HTTP/1.1" 200 27
222.70.180.200 - - [28/Sep/2023:11:08:09 +0800] "GET /xingrg/all/function/internal_message.html?_=1695870717102&CODE_STATE=getMsg HTTP/1.1" 302 -
116.235.240.218 - - [28/Sep/2023:11:08:10 +0800] "GET /xingrg/kc/buy/cgsh_order_operate.html?command=get_materiel&rest_code=00146&code=00101008213&supplier_code=00100005&order_time=2023-09-28 HTTP/1.1" 200 412
114.83.220.87 - - [28/Sep/2023:11:08:10 +0800] "GET /xingrg/kc/base/wldb_order_operate.html?command=get_materiel&rest_code=00149&base_code=0010394&code=00101019222 HTTP/1.1" 200 451
58.40.7.146 - - [28/Sep/2023:11:08:11 +0800] "GET /xingrg/check_reg.html?_=1695870489643 HTTP/1.1" 302 -
58.40.7.146 - - [28/Sep/2023:11:08:11 +0800] "GET /xingrg/all/function/internal_message.html?_=1695870489646&CODE_STATE=getMsg HTTP/1.1" 302 -
218.81.72.120 - - [28/Sep/2023:11:08:12 +0800] "GET /xingrg/check_reg.html?_=1695870491862 HTTP/1.1" 200 22
218.81.72.120 - - [28/Sep/2023:11:08:12 +0800] "GET /xingrg/all/function/internal_message.html?_=1695870491864&CODE_STATE=getMsg HTTP/1.1" 200 27
222.70.107.161 - - [28/Sep/2023:11:08:17 +0800] "GET /xingrg/all/function/internal_message.html?_=1695870497771&CODE_STATE=getMsg HTTP/1.1" 200 27
116.235.240.218 - - [28/Sep/2023:11:08:21 +0800] "GET /xingrg/kc/buy/cgsh_order_operate.html?command=get_materiel&rest_code=00146&code=00101008005&supplier_code=00100005&order_time=2023-09-28 HTTP/1.1" 200 412
114.83.220.87 - - [28/Sep/2023:11:08:21 +0800] "GET /xingrg/kc/base/wldb_order_operate.html?command=get_materiel&rest_code=00149&base_code=0010394&code=00101019527 HTTP/1.1" 200 474
124.78.155.92 - - [28/Sep/2023:11:08:22 +0800] "GET /xingrg/check_reg.html?_=1695870499763 HTTP/1.1" 200 22
222.70.180.200 - - [28/Sep/2023:11:08:26 +0800] "GET /xingrg/check_reg.html?_=1695870506039 HTTP/1.1" 200 22
222.70.180.200 - - [28/Sep/2023:11:08:26 +0800] "GET /xingrg/all/function/internal_message.html?_=1695870506047&CODE_STATE=getMsg HTTP/1.1" 200 27
114.83.220.87 - - [28/Sep/2023:11:08:27 +0800] "GET /xingrg/kc/base/wldb_order_operate.html?command=get_materiel&rest_code=00149&base_code=0010394&code=00101019183 HTTP/1.1" 200 449
222.69.128.235 - - [28/Sep/2023:11:08:27 +0800] "GET /xingrg/all/function/internal_message.html?_=1695870508893&CODE_STATE=getMsg HTTP/1.1" 200 27
116.235.240.218 - - [28/Sep/2023:11:08:32 +0800] "GET /xingrg/kc/buy/cgsh_order_operate.html?command=get_materiel&rest_code=00146&code=00101008169&supplier_code=00100005&order_time=2023-09-28 HTTP/1.1" 200 412
180.169.147.146 - - [28/Sep/2023:11:08:33 +0800] "GET /xingrg/all/function/internal_message.html?_=1695870509792&CODE_STATE=getMsg HTTP/1.1" 200 27
114.95.241.104 - - [28/Sep/2023:11:08:34 +0800] "GET /xingrg/all/function/internal_message.html?_=1695870513946&CODE_STATE=getMsg HTTP/1.1" 200 27
114.83.220.87 - - [28/Sep/2023:11:08:35 +0800] "GET /xingrg/all/function/internal_message.html?_=1695870514985&CODE_STATE=getMsg HTTP/1.1" 200 27
114.83.220.87 - - [28/Sep/2023:11:08:35 +0800] "GET /xingrg/all/function/internal_message.html?_=1695870513966&CODE_STATE=getMsg HTTP/1.1" 200 27
180.152.241.196 - - [28/Sep/2023:11:08:35 +0800] "GET /xingrg/all/function/internal_message.html?_=1695870534198&CODE_STATE=getMsg HTTP/1.1" 200 27
180.163.29.219 - - [28/Sep/2023:11:08:36 +0800] "GET /xingrg/all/function/internal_message.html?_=1695870453548&CODE_STATE=getMsg HTTP/1.1" 302 -
180.163.29.219 - - [28/Sep/2023:11:08:36 +0800] "GET /xingrg/login.html HTTP/1.1" 200 7641
124.78.155.92 - - [28/Sep/2023:11:08:36 +0800] "GET /xingrg/all/function/internal_message.html?_=1695870513524&CODE_STATE=getMsg HTTP/1.1" 200 27
120.253.135.82 - - [28/Sep/2023:11:08:36 +0800] "GET /xingrg/all/function/internal_message.html?_=1695870319214&CODE_STATE=getMsg HTTP/1.1" 200 27
114.83.220.87 - - [28/Sep/2023:11:08:36 +0800] "GET /xingrg/kc/base/wldb_order_operate.html?command=get_materiel&rest_code=00149&base_code=0010394&code=00101019400 HTTP/1.1" 200 465
222.70.180.200 - - [28/Sep/2023:11:08:38 +0800] "GET /xingrg/all/function/internal_message.html?_=1695870746848&CODE_STATE=getMsg HTTP/1.1" 200 27
58.40.7.146 - - [28/Sep/2023:11:08:41 +0800] "GET /xingrg/all/function/internal_message.html?_=1695870521409&CODE_STATE=getMsg HTTP/1.1" 200 27
116.230.110.33 - - [28/Sep/2023:11:08:42 +0800] "GET /xingrg/all/function/internal_message.html?_=1695870366618&CODE_STATE=getMsg HTTP/1.1" 200 27
114.83.220.87 - - [28/Sep/2023:11:08:46 +0800] "GET /xingrg/kc/base/wldb_order_operate.html?command=get_materiel&rest_code=00149&base_code=0010394&code=00101016094 HTTP/1.1" 200 469
116.235.240.218 - - [28/Sep/2023:11:08:46 +0800] "GET /xingrg/kc/buy/cgsh_order_operate.html?command=get_materiel&rest_code=00146&code=00101008083&supplier_code=00100005&order_time=2023-09-28 HTTP/1.1" 200 428
116.235.240.218 - - [28/Sep/2023:11:08:48 +0800] "GET /xingrg/all/function/internal_message.html?_=1695870522920&CODE_STATE=getMsg HTTP/1.1" 200 27
101.83.145.37 - - [28/Sep/2023:11:08:48 +0800] "GET /xingrg/all/function/internal_message.html?_=1695870529968&CODE_STATE=getMsg HTTP/1.1" 200 27
116.235.240.218 - - [28/Sep/2023:11:08:52 +0800] "POST /xingrg/all/common/load_select.html HTTP/1.1" 200 25
114.95.241.104 - - [28/Sep/2023:11:08:53 +0800] "GET /xingrg/all/function/internal_message.html?_=1695870532335&CODE_STATE=getMsg HTTP/1.1" 200 27
180.165.48.189 - - [28/Sep/2023:11:08:55 +0800] "GET /xingrg/all/function/internal_message.html?_=1695870534895&CODE_STATE=getMsg HTTP/1.1" 200 27
180.152.241.196 - - [28/Sep/2023:11:08:56 +0800] "GET /xingrg/all/function/internal_message.html?_=1695870537368&CODE_STATE=getMsg HTTP/1.1" 200 27
114.83.220.87 - - [28/Sep/2023:11:08:57 +0800] "GET /xingrg/kc/base/wldb_order_operate.html?command=get_materiel&rest_code=00149&base_code=0010394&code=00101019199 HTTP/1.1" 200 473
116.235.240.218 - - [28/Sep/2023:11:08:58 +0800] "GET /xingrg/kc/buy/cgsh_order_operate.html?command=get_materiel_price&rest_code=00146&code=00101008083&unit_code=00100026&supplier_code=00100005&order_time=2023-09-28 HTTP/1.1" 200 27
180.152.241.196 - - [28/Sep/2023:11:08:59 +0800] "GET /xingrg/kc/base/wldb_order_operate.html?command=get_materiel&rest_code=00102&base_code=0010476&code=00101016086 HTTP/1.1" 200 469
180.152.241.196 - - [28/Sep/2023:11:09:04 +0800] "GET /xingrg/kc/base/wldb_order_operate.html?command=get_materiel&rest_code=00102&base_code=0010476&code=00101019391 HTTP/1.1" 200 485
116.230.110.33 - - [28/Sep/2023:11:09:04 +0800] "GET /xingrg/all/function/internal_message.html?_=1695870388831&CODE_STATE=getMsg HTTP/1.1" 200 27
222.70.180.200 - - [28/Sep/2023:11:09:09 +0800] "GET /xingrg/all/function/internal_message.html?_=1695870777106&CODE_STATE=getMsg HTTP/1.1" 302 -
114.83.220.87 - - [28/Sep/2023:11:09:10 +0800] "POST /xingrg/kc/base/wldb_order_operate.html HTTP/1.1" 200 37
180.152.241.196 - - [28/Sep/2023:11:09:10 +0800] "GET /xingrg/kc/base/wldb_order_operate.html?command=get_materiel&rest_code=00102&base_code=0010476&code=00101019258 HTTP/1.1" 200 483
58.40.7.146 - - [28/Sep/2023:11:09:11 +0800] "GET /xingrg/all/function/internal_message.html?_=1695870549641&CODE_STATE=getMsg HTTP/1.1" 302 -
218.81.72.120 - - [28/Sep/2023:11:09:12 +0800] "GET /xingrg/all/function/internal_message.html?_=1695870551860&CODE_STATE=getMsg HTTP/1.1" 200 27
120.253.135.82 - - [28/Sep/2023:11:09:15 +0800] "GET /xingrg/kc/pszx/mdqp_order_list.html?state=10 HTTP/1.1" 200 10275
120.253.135.82 - - [28/Sep/2023:11:09:15 +0800] "GET /xingrg/dwr/interface/AjaxQqpsService.js HTTP/1.1" 200 16326
120.253.135.82 - - [28/Sep/2023:11:09:15 +0800] "GET /xingrg/dwr/interface/AjaxReportQueryService.js HTTP/1.1" 200 13203
120.253.135.82 - - [28/Sep/2023:11:09:15 +0800] "GET /xingrg/dwr/engine.js HTTP/1.1" 200 43631
222.70.107.161 - - [28/Sep/2023:11:09:17 +0800] "GET /xingrg/all/function/internal_message.html?_=1695870557771&CODE_STATE=getMsg HTTP/1.1" 200 27
222.70.107.161 - - [28/Sep/2023:11:09:17 +0800] "GET /xingrg/check_reg.html?_=1695870557780 HTTP/1.1" 200 22
114.83.220.87 - - [28/Sep/2023:11:09:17 +0800] "POST /xingrg/kc/base/wldb_order_operate.html HTTP/1.1" 200 12
180.152.241.196 - - [28/Sep/2023:11:09:17 +0800] "GET /xingrg/kc/base/wldb_order_operate.html?command=get_materiel&rest_code=00102&base_code=0010476&code=00101019438 HTTP/1.1" 200 460
114.83.220.87 - - [28/Sep/2023:11:09:17 +0800] "POST /xingrg/kc/base/wldb_order_operate.html HTTP/1.1" 200 6229
116.235.240.218 - - [28/Sep/2023:11:09:18 +0800] "GET /xingrg/kc/buy/cgsh_order_operate.html?command=get_materiel&rest_code=00146&code=00101008361&supplier_code=00100005&order_time=2023-09-28 HTTP/1.1" 200 408
114.83.220.87 - - [28/Sep/2023:11:09:18 +0800] "GET /xingrg/kc/base/wldb_order_info.html?code=422023092802839 HTTP/1.1" 200 26342
114.83.220.87 - - [28/Sep/2023:11:09:19 +0800] "GET /xingrg/javascript/easyui/themes/default/validatebox.css HTTP/1.1" 404 1104
114.83.220.87 - - [28/Sep/2023:11:09:19 +0800] "POST /xingrg/kc/base/wldb_order_operate.html HTTP/1.1" 200 4433
120.253.135.82 - - [28/Sep/2023:11:09:20 +0800] "GET /xingrg/kc/pszx/mdps_order_list.html?orderType=0 HTTP/1.1" 200 21108
120.253.135.82 - - [28/Sep/2023:11:09:20 +0800] "POST /xingrg/kc/pszx/mdps_list_operate.html HTTP/1.1" 200 5312
114.83.220.87 - - [28/Sep/2023:11:09:21 +0800] "GET /xingrg/kc/base/wldb_order_add.html HTTP/1.1" 200 30463
114.83.220.87 - - [28/Sep/2023:11:09:21 +0800] "POST /xingrg/kc/base/wldb_order_operate.html HTTP/1.1" 200 6806
114.83.220.87 - - [28/Sep/2023:11:09:21 +0800] "GET /xingrg/javascript/easyui/themes/default/validatebox.css HTTP/1.1" 404 1104
180.163.28.143 - - [28/Sep/2023:11:09:22 +0800] "GET /xingrg/check_reg.html?_=1695870499763 HTTP/1.1" 302 -
180.163.28.143 - - [28/Sep/2023:11:09:22 +0800] "GET /xingrg/login.html HTTP/1.1" 200 7641
114.83.220.87 - - [28/Sep/2023:11:09:22 +0800] "POST /xingrg/all/common/load_combo.html?type=base HTTP/1.1" 200 3409
120.253.135.82 - - [28/Sep/2023:11:09:22 +0800] "GET /xingrg/javascript/auto/indicator.gif HTTP/1.1" 404 1066
180.152.241.196 - - [28/Sep/2023:11:09:23 +0800] "GET /xingrg/kc/base/wldb_order_operate.html?command=get_materiel&rest_code=00102&base_code=0010476&code=00101019134 HTTP/1.1" 200 477
222.70.180.200 - - [28/Sep/2023:11:09:26 +0800] "GET /xingrg/kc/buy/cgsh_order_operate.html?command=get_materiel&rest_code=00111&code=00101006240&supplier_code=00100012&order_time=2023-09-28 HTTP/1.1" 200 422
222.70.180.200 - - [28/Sep/2023:11:09:26 +0800] "GET /xingrg/all/function/internal_message.html?_=1695870566043&CODE_STATE=getMsg HTTP/1.1" 200 27
222.69.128.235 - - [28/Sep/2023:11:09:27 +0800] "GET /xingrg/all/function/internal_message.html?_=1695870568887&CODE_STATE=getMsg HTTP/1.1" 200 27
120.253.135.82 - - [28/Sep/2023:11:09:29 +0800] "POST /xingrg/kc/pszx/mdps_list_operate.html HTTP/1.1" 200 3181
116.235.240.218 - - [28/Sep/2023:11:09:31 +0800] "GET /xingrg/kc/buy/cgsh_order_operate.html?command=get_materiel&rest_code=00146&code=00101008355&supplier_code=00100005&order_time=2023-09-28 HTTP/1.1" 200 408
114.83.220.87 - - [28/Sep/2023:11:09:32 +0800] "GET /xingrg/kc/base/wldb_order_operate.html?command=get_materiel&rest_code=00149&base_code=0010394&code=00101016044 HTTP/1.1" 200 466
180.169.147.146 - - [28/Sep/2023:11:09:33 +0800] "GET /xingrg/all/function/internal_message.html?_=1695870569820&CODE_STATE=getMsg HTTP/1.1" 200 27
120.253.135.82 - - [28/Sep/2023:11:09:33 +0800] "POST /xingrg/kc/pszx/mdps_list_operate.html HTTP/1.1" 200 633
114.95.241.104 - - [28/Sep/2023:11:09:34 +0800] "GET /xingrg/all/function/internal_message.html?_=1695870573955&CODE_STATE=getMsg HTTP/1.1" 200 27
114.83.220.87 - - [28/Sep/2023:11:09:34 +0800] "GET /xingrg/check_reg.html?_=1695870574936 HTTP/1.1" 200 22
114.83.220.87 - - [28/Sep/2023:11:09:35 +0800] "GET /xingrg/all/function/internal_message.html?_=1695870574967&CODE_STATE=getMsg HTTP/1.1" 200 27
120.253.135.82 - - [28/Sep/2023:11:09:35 +0800] "GET /xingrg/kc/pszx/mdps_order_info.html?code=312023092800702 HTTP/1.1" 200 23978
120.253.135.82 - - [28/Sep/2023:11:09:35 +0800] "GET /xingrg/javascript/print/kc_print.js HTTP/1.1" 304 -
120.253.135.82 - - [28/Sep/2023:11:09:35 +0800] "GET /xingrg/javascript/json2.js HTTP/1.1" 304 -
120.253.135.82 - - [28/Sep/2023:11:09:35 +0800] "GET /xingrg/javascript/convert.js HTTP/1.1" 304 -
120.253.135.82 - - [28/Sep/2023:11:09:35 +0800] "GET /xingrg/javascript/jquery_tools/order_manager.js HTTP/1.1" 304 -
120.253.135.82 - - [28/Sep/2023:11:09:35 +0800] "GET /xingrg/words/20230927133912_words.js HTTP/1.1" 304 -
114.83.220.87 - - [28/Sep/2023:11:09:35 +0800] "GET /xingrg/all/function/internal_message.html?_=1695870573983&CODE_STATE=getMsg HTTP/1.1" 200 27
114.83.220.87 - - [28/Sep/2023:11:09:35 +0800] "GET /xingrg/check_reg.html?_=1695870573990 HTTP/1.1" 200 22
120.253.135.82 - - [28/Sep/2023:11:09:35 +0800] "GET /xingrg/javascript/easyui/themes/default/validatebox.css HTTP/1.1" 404 1104
120.253.135.82 - - [28/Sep/2023:11:09:35 +0800] "GET /xingrg/javascript/easyui/plugins/jquery.validatebox.js HTTP/1.1" 304 -
120.253.135.82 - - [28/Sep/2023:11:09:35 +0800] "GET /xingrg/javascript/easyui/plugins/jquery.numberbox.js HTTP/1.1" 304 -
180.152.241.196 - - [28/Sep/2023:11:09:35 +0800] "GET /xingrg/all/function/internal_message.html?_=1695870594200&CODE_STATE=getMsg HTTP/1.1" 200 27
120.253.135.82 - - [28/Sep/2023:11:09:36 +0800] "GET /xingrg/all/common/auto_word.html?type=base&rest_code=00101 HTTP/1.1" 200 671
124.78.155.92 - - [28/Sep/2023:11:09:36 +0800] "GET /xingrg/all/function/internal_message.html?_=1695870573509&CODE_STATE=getMsg HTTP/1.1" 200 27
120.253.135.82 - - [28/Sep/2023:11:09:36 +0800] "POST /xingrg/kc/pszx/mdps_order_operate.html HTTP/1.1" 200 8351
120.253.135.82 - - [28/Sep/2023:11:09:36 +0800] "GET /xingrg/all/function/internal_message.html?_=1695870379224&CODE_STATE=getMsg HTTP/1.1" 200 27
222.70.180.200 - - [28/Sep/2023:11:09:38 +0800] "GET /xingrg/check_reg.html?_=1695870806840 HTTP/1.1" 200 22
222.70.180.200 - - [28/Sep/2023:11:09:38 +0800] "GET /xingrg/all/function/internal_message.html?_=1695870806842&CODE_STATE=getMsg HTTP/1.1" 200 27
114.83.220.87 - - [28/Sep/2023:11:09:40 +0800] "GET /xingrg/kc/base/wldb_order_operate.html?command=get_materiel&rest_code=00149&base_code=0010394&code=00101016046 HTTP/1.1" 200 457
