101.83.145.37 - - [28/Sep/2023:11:15:39 +0800] "GET /xingrg/kc/buy/cgsh_order_operate.html?command=get_materiel&rest_code=00105&code=00101006171&supplier_code=00100012&order_time=2023-09-28 HTTP/1.1" 200 425
114.95.241.104 - - [28/Sep/2023:11:15:40 +0800] "POST /xingrg/dwr/call/plaincall/AjaxYddbService.getMaterielByMap.dwr HTTP/1.1" 200 2357
58.40.7.146 - - [28/Sep/2023:11:15:41 +0800] "GET /xingrg/all/function/internal_message.html?_=1695870941287&CODE_STATE=getMsg HTTP/1.1" 200 27
116.230.110.33 - - [28/Sep/2023:11:15:41 +0800] "POST /xingrg/kc/buy/cgsh_list_operate.html HTTP/1.1" 200 4037
114.95.241.104 - - [28/Sep/2023:11:15:42 +0800] "GET /xingrg/images/yd/bt2.gif HTTP/1.1" 404 1042
116.230.110.33 - - [28/Sep/2023:11:15:42 +0800] "GET /xingrg/all/function/internal_message.html?_=1695870786623&CODE_STATE=getMsg HTTP/1.1" 200 27
114.95.241.104 - - [28/Sep/2023:11:15:43 +0800] "POST /xingrg/dwr/call/plaincall/AjaxYddbService.saveMaterielItem.dwr HTTP/1.1" 200 79
116.230.110.33 - - [28/Sep/2023:11:15:44 +0800] "GET /xingrg/kc/buy/cgsh_order_add.html HTTP/1.1" 200 72535
116.230.110.33 - - [28/Sep/2023:11:15:45 +0800] "POST /xingrg/kc/buy/cgsh_order_operate.html HTTP/1.1" 200 8245
116.230.110.33 - - [28/Sep/2023:11:15:45 +0800] "GET /xingrg/javascript/easyui/themes/default/validatebox.css HTTP/1.1" 404 1104
114.95.241.104 - - [28/Sep/2023:11:15:45 +0800] "POST /xingrg/dwr/call/plaincall/AjaxComOrderService.getMaterielSearchList.dwr HTTP/1.1" 200 36365
114.95.241.104 - - [28/Sep/2023:11:15:46 +0800] "POST /xingrg/dwr/call/plaincall/AjaxComOrderService.getMaterielSearchList.dwr HTTP/1.1" 200 1868
180.152.241.196 - - [28/Sep/2023:11:15:47 +0800] "GET /xingrg/kc/base/wldb_order_operate.html?command=get_materiel&rest_code=00102&base_code=0010476&code=00101019056 HTTP/1.1" 200 477
114.95.241.104 - - [28/Sep/2023:11:15:48 +0800] "POST /xingrg/dwr/call/plaincall/AjaxYddbService.getMaterielByMap.dwr HTTP/1.1" 200 2332
101.83.145.37 - - [28/Sep/2023:11:15:48 +0800] "GET /xingrg/all/function/internal_message.html?_=1695870950025&CODE_STATE=getMsg HTTP/1.1" 200 27
116.230.110.33 - - [28/Sep/2023:11:15:50 +0800] "GET /favicon.ico HTTP/1.1" 404 -
116.235.240.218 - - [28/Sep/2023:11:15:50 +0800] "GET /xingrg/kc/buy/cgsh_order_operate.html?command=get_materiel&rest_code=00146&code=00101008027&supplier_code=00100005&order_time=2023-09-28 HTTP/1.1" 200 409
114.95.241.104 - - [28/Sep/2023:11:15:52 +0800] "POST /xingrg/dwr/call/plaincall/AjaxYddbService.saveMaterielItem.dwr HTTP/1.1" 200 79
180.162.112.205 - - [28/Sep/2023:11:15:52 +0800] "GET /xingrg/all/function/internal_message.html?_=1695869594568&CODE_STATE=getMsg HTTP/1.1" 200 27
114.95.241.104 - - [28/Sep/2023:11:15:53 +0800] "GET /xingrg/all/function/internal_message.html?_=1695870952191&CODE_STATE=getMsg HTTP/1.1" 200 27
114.95.241.104 - - [28/Sep/2023:11:15:55 +0800] "POST /xingrg/dwr/call/plaincall/AjaxComOrderService.getMaterielSearchList.dwr HTTP/1.1" 200 30070
180.165.48.189 - - [28/Sep/2023:11:15:55 +0800] "GET /xingrg/check_reg.html?_=1695870954910 HTTP/1.1" 200 22
180.165.48.189 - - [28/Sep/2023:11:15:55 +0800] "GET /xingrg/all/function/internal_message.html?_=1695870954916&CODE_STATE=getMsg HTTP/1.1" 200 27
114.95.241.104 - - [28/Sep/2023:11:15:56 +0800] "POST /xingrg/dwr/call/plaincall/AjaxComOrderService.getMaterielSearchList.dwr HTTP/1.1" 200 1576
180.169.147.146 - - [28/Sep/2023:11:15:56 +0800] "GET /xingrg/kc/buy/cgsh_order_operate.html?command=get_materiel&rest_code=00147&code=00101007061&supplier_code=00100004&order_time=2023-09-28 HTTP/1.1" 200 409
180.152.241.196 - - [28/Sep/2023:11:15:56 +0800] "GET /xingrg/all/function/internal_message.html?_=1695870957329&CODE_STATE=getMsg HTTP/1.1" 200 27
114.95.241.104 - - [28/Sep/2023:11:15:57 +0800] "POST /xingrg/dwr/call/plaincall/AjaxYddbService.getMaterielByMap.dwr HTTP/1.1" 200 2376
114.95.241.104 - - [28/Sep/2023:11:16:01 +0800] "POST /xingrg/dwr/call/plaincall/AjaxYddbService.saveMaterielItem.dwr HTTP/1.1" 200 79
180.152.241.196 - - [28/Sep/2023:11:16:04 +0800] "POST /xingrg/kc/base/wldb_order_operate.html HTTP/1.1" 200 37
180.162.112.205 - - [28/Sep/2023:11:16:04 +0800] "GET /xingrg/javascript/jquery_easy_ui/themes/default/images/button_plain_hover.png HTTP/1.1" 304 -
116.230.110.33 - - [28/Sep/2023:11:16:04 +0800] "GET /xingrg/all/function/internal_message.html?_=1695870808705&CODE_STATE=getMsg HTTP/1.1" 200 27
218.81.72.120 - - [28/Sep/2023:11:16:06 +0800] "GET /xingrg/check_reg.html?_=1695870964563 HTTP/1.1" 200 22
116.235.240.218 - - [28/Sep/2023:11:16:07 +0800] "GET /xingrg/kc/buy/cgsh_order_operate.html?command=get_materiel&rest_code=00146&code=00101008244&supplier_code=00100005&order_time=2023-09-28 HTTP/1.1" 200 408
222.70.180.200 - - [28/Sep/2023:11:16:09 +0800] "GET /xingrg/check_reg.html?_=1695871197103 HTTP/1.1" 302 -
222.70.180.200 - - [28/Sep/2023:11:16:09 +0800] "GET /xingrg/all/function/internal_message.html?_=1695871197104&CODE_STATE=getMsg HTTP/1.1" 302 -
180.152.241.196 - - [28/Sep/2023:11:16:10 +0800] "POST /xingrg/kc/base/wldb_order_operate.html HTTP/1.1" 200 12
180.152.241.196 - - [28/Sep/2023:11:16:10 +0800] "POST /xingrg/kc/base/wldb_order_operate.html HTTP/1.1" 200 4223
58.40.7.146 - - [28/Sep/2023:11:16:11 +0800] "GET /xingrg/all/function/internal_message.html?_=1695870969646&CODE_STATE=getMsg HTTP/1.1" 302 -
180.152.241.196 - - [28/Sep/2023:11:16:11 +0800] "GET /xingrg/kc/base/wldb_order_info.html?code=422023092802849 HTTP/1.1" 200 26329
180.152.241.196 - - [28/Sep/2023:11:16:11 +0800] "GET /xingrg/javascript/easyui/themes/default/validatebox.css HTTP/1.1" 404 1104
180.152.241.196 - - [28/Sep/2023:11:16:11 +0800] "POST /xingrg/kc/base/wldb_order_operate.html HTTP/1.1" 200 2473
218.81.72.120 - - [28/Sep/2023:11:16:12 +0800] "GET /xingrg/all/function/internal_message.html?_=1695870971849&CODE_STATE=getMsg HTTP/1.1" 200 27
180.152.241.196 - - [28/Sep/2023:11:16:13 +0800] "GET /xingrg/kc/base/wldb_order_add.html HTTP/1.1" 200 30453
180.152.241.196 - - [28/Sep/2023:11:16:13 +0800] "POST /xingrg/kc/base/wldb_order_operate.html HTTP/1.1" 200 6806
180.152.241.196 - - [28/Sep/2023:11:16:13 +0800] "GET /xingrg/javascript/easyui/themes/default/validatebox.css HTTP/1.1" 404 1104
120.253.135.82 - - [28/Sep/2023:11:16:14 +0800] "GET /xingrg/kc/pszx/mdqp_order_list.html?state=10 HTTP/1.1" 200 11128
120.253.135.82 - - [28/Sep/2023:11:16:14 +0800] "GET /xingrg/dwr/interface/AjaxReportQueryService.js HTTP/1.1" 200 13203
120.253.135.82 - - [28/Sep/2023:11:16:14 +0800] "GET /xingrg/dwr/interface/AjaxQqpsService.js HTTP/1.1" 200 16326
120.253.135.82 - - [28/Sep/2023:11:16:14 +0800] "GET /xingrg/dwr/engine.js HTTP/1.1" 200 43631
180.152.241.196 - - [28/Sep/2023:11:16:14 +0800] "POST /xingrg/all/common/load_combo.html?type=base HTTP/1.1" 200 3321
180.152.241.196 - - [28/Sep/2023:11:16:16 +0800] "POST /xingrg/all/common/load_combo.html?type=base HTTP/1.1" 200 3321
120.253.135.82 - - [28/Sep/2023:11:16:16 +0800] "GET /xingrg/kc/pszx/mdqp_order_info.html?code=302023092800592 HTTP/1.1" 200 13358
120.253.135.82 - - [28/Sep/2023:11:16:16 +0800] "GET /xingrg/dwr/interface/AjaxComOrderService.js HTTP/1.1" 200 18264
120.253.135.82 - - [28/Sep/2023:11:16:16 +0800] "GET /xingrg/javascript/tools/jquery.qtip-1.0.0-rc3.min.js HTTP/1.1" 304 -
120.253.135.82 - - [28/Sep/2023:11:16:16 +0800] "GET /xingrg/dwr/engine.js HTTP/1.1" 200 43631
120.253.135.82 - - [28/Sep/2023:11:16:16 +0800] "GET /xingrg/javascript/checkform.js HTTP/1.1" 304 -
120.253.135.82 - - [28/Sep/2023:11:16:16 +0800] "GET /xingrg/javascript/AjaxInfoList.js HTTP/1.1" 304 -
120.253.135.82 - - [28/Sep/2023:11:16:16 +0800] "GET /xingrg/javascript/Grid.js HTTP/1.1" 304 -
120.253.135.82 - - [28/Sep/2023:11:16:16 +0800] "GET /xingrg/dwr/interface/AjaxQqpsService.js HTTP/1.1" 200 16326
120.253.135.82 - - [28/Sep/2023:11:16:16 +0800] "GET /xingrg/javascript/ToolTips.js HTTP/1.1" 304 -
222.70.107.161 - - [28/Sep/2023:11:16:17 +0800] "GET /xingrg/all/function/internal_message.html?_=1695870977769&CODE_STATE=getMsg HTTP/1.1" 200 27
120.253.135.82 - - [28/Sep/2023:11:16:17 +0800] "POST /xingrg/dwr/call/plaincall/AjaxQqpsService.loadMaterielItems.dwr HTTP/1.1" 200 400
180.169.147.146 - - [28/Sep/2023:11:16:18 +0800] "GET /xingrg/kc/buy/cgsh_order_operate.html?command=get_materiel&rest_code=00147&code=00101007081&supplier_code=00100004&order_time=2023-09-28 HTTP/1.1" 200 413
116.235.240.218 - - [28/Sep/2023:11:16:18 +0800] "GET /xingrg/all/function/internal_message.html?_=1695870973576&CODE_STATE=getMsg HTTP/1.1" 200 27
120.253.135.82 - - [28/Sep/2023:11:16:19 +0800] "GET /xingrg/kc/pszx/mdqp_order_list.html?isBack=1 HTTP/1.1" 302 -
120.253.135.82 - - [28/Sep/2023:11:16:20 +0800] "GET /xingrg/images/yd/bt2.gif HTTP/1.1" 404 1042
120.253.135.82 - - [28/Sep/2023:11:16:20 +0800] "GET /xingrg/images/yd/bt.gif HTTP/1.1" 404 1040
116.235.240.218 - - [28/Sep/2023:11:16:20 +0800] "GET /xingrg/kc/buy/cgsh_order_operate.html?command=get_materiel&rest_code=00146&code=00101008112&supplier_code=00100005&order_time=2023-09-28 HTTP/1.1" 200 412
120.253.135.82 - - [28/Sep/2023:11:16:20 +0800] "GET /xingrg/kc/pszx/mdqp_order_list.html?state=10 HTTP/1.1" 200 11128
120.253.135.82 - - [28/Sep/2023:11:16:20 +0800] "GET /xingrg/dwr/interface/AjaxQqpsService.js HTTP/1.1" 200 16326
120.253.135.82 - - [28/Sep/2023:11:16:20 +0800] "GET /xingrg/dwr/engine.js HTTP/1.1" 200 43631
120.253.135.82 - - [28/Sep/2023:11:16:20 +0800] "GET /xingrg/dwr/interface/AjaxReportQueryService.js HTTP/1.1" 200 13203
120.253.135.82 - - [28/Sep/2023:11:16:22 +0800] "GET /xingrg/kc/pszx/mdqp_order_info.html?code=302023092800593 HTTP/1.1" 200 13358
120.253.135.82 - - [28/Sep/2023:11:16:22 +0800] "GET /xingrg/dwr/interface/AjaxComOrderService.js HTTP/1.1" 200 18264
120.253.135.82 - - [28/Sep/2023:11:16:22 +0800] "GET /xingrg/dwr/interface/AjaxQqpsService.js HTTP/1.1" 200 16326
120.253.135.82 - - [28/Sep/2023:11:16:22 +0800] "GET /xingrg/dwr/engine.js HTTP/1.1" 200 43631
120.253.135.82 - - [28/Sep/2023:11:16:22 +0800] "POST /xingrg/dwr/call/plaincall/AjaxQqpsService.loadMaterielItems.dwr HTTP/1.1" 200 369
120.253.135.82 - - [28/Sep/2023:11:16:25 +0800] "GET /xingrg/kc/pszx/mdqp_order_list.html?isBack=1 HTTP/1.1" 302 -
120.253.135.82 - - [28/Sep/2023:11:16:25 +0800] "GET /xingrg/kc/pszx/mdqp_order_list.html?state=10 HTTP/1.1" 200 11128
120.253.135.82 - - [28/Sep/2023:11:16:25 +0800] "GET /xingrg/dwr/interface/AjaxReportQueryService.js HTTP/1.1" 200 13203
120.253.135.82 - - [28/Sep/2023:11:16:25 +0800] "GET /xingrg/dwr/interface/AjaxQqpsService.js HTTP/1.1" 200 16326
120.253.135.82 - - [28/Sep/2023:11:16:25 +0800] "GET /xingrg/dwr/engine.js HTTP/1.1" 200 43631
222.70.180.200 - - [28/Sep/2023:11:16:26 +0800] "GET /xingrg/all/function/internal_message.html?_=1695870986061&CODE_STATE=getMsg HTTP/1.1" 200 27
180.162.112.205 - - [28/Sep/2023:11:16:26 +0800] "POST /xingrg/kc/base/yddb_list_operate.html HTTP/1.1" 200 617
222.69.128.235 - - [28/Sep/2023:11:16:27 +0800] "GET /xingrg/all/function/internal_message.html?_=1695870988907&CODE_STATE=getMsg HTTP/1.1" 200 27
180.162.112.205 - - [28/Sep/2023:11:16:30 +0800] "GET /xingrg/kc/base/yddb_order_info.html?code=482023092700266 HTTP/1.1" 200 29696
180.162.112.205 - - [28/Sep/2023:11:16:30 +0800] "GET /xingrg/dwr/interface/AjaxComOrderService.js HTTP/1.1" 200 18264
180.162.112.205 - - [28/Sep/2023:11:16:30 +0800] "GET /xingrg/dwr/interface/AjaxYddbService.js HTTP/1.1" 200 13201
180.162.112.205 - - [28/Sep/2023:11:16:30 +0800] "GET /xingrg/dwr/engine.js HTTP/1.1" 200 43631
116.235.240.218 - - [28/Sep/2023:11:16:30 +0800] "GET /xingrg/kc/buy/cgsh_order_operate.html?command=get_materiel&rest_code=00146&code=00101008354&supplier_code=00100005&order_time=2023-09-28 HTTP/1.1" 200 412
180.162.112.205 - - [28/Sep/2023:11:16:31 +0800] "POST /xingrg/dwr/call/plaincall/AjaxYddbService.loadMaterielItems.dwr HTTP/1.1" 200 5561
180.152.241.196 - - [28/Sep/2023:11:16:31 +0800] "GET /xingrg/kc/base/wldb_order_operate.html?command=get_materiel&rest_code=00102&base_code=0010476&code=00101019430 HTTP/1.1" 200 477
180.169.147.146 - - [28/Sep/2023:11:16:33 +0800] "GET /xingrg/check_reg.html?_=1695870989824 HTTP/1.1" 200 22
180.169.147.146 - - [28/Sep/2023:11:16:33 +0800] "GET /xingrg/all/function/internal_message.html?_=1695870989827&CODE_STATE=getMsg HTTP/1.1" 200 27
114.95.241.104 - - [28/Sep/2023:11:16:34 +0800] "GET /xingrg/all/function/internal_message.html?_=1695870993975&CODE_STATE=getMsg HTTP/1.1" 200 27
114.83.220.87 - - [28/Sep/2023:11:16:35 +0800] "GET /xingrg/all/function/internal_message.html?_=1695870994922&CODE_STATE=getMsg HTTP/1.1" 200 27
114.83.220.87 - - [28/Sep/2023:11:16:35 +0800] "GET /xingrg/all/function/internal_message.html?_=1695870993970&CODE_STATE=getMsg HTTP/1.1" 200 27
180.152.241.196 - - [28/Sep/2023:11:16:35 +0800] "GET /xingrg/all/function/internal_message.html?_=1695871014210&CODE_STATE=getMsg HTTP/1.1" 200 27
180.152.241.196 - - [28/Sep/2023:11:16:35 +0800] "GET /xingrg/check_reg.html?_=1695871014207 HTTP/1.1" 200 22
124.78.155.92 - - [28/Sep/2023:11:16:36 +0800] "GET /xingrg/all/function/internal_message.html?_=1695870993372&CODE_STATE=getMsg HTTP/1.1" 200 27
120.253.135.82 - - [28/Sep/2023:11:16:36 +0800] "GET /xingrg/all/function/internal_message.html?_=1695870799319&CODE_STATE=getMsg HTTP/1.1" 200 27
180.152.241.196 - - [28/Sep/2023:11:16:37 +0800] "GET /xingrg/kc/base/wldb_order_operate.html?command=get_materiel&rest_code=00102&base_code=0010476&code=00101019529 HTTP/1.1" 200 475
222.70.180.200 - - [28/Sep/2023:11:16:38 +0800] "GET /xingrg/all/function/internal_message.html?_=1695871226841&CODE_STATE=getMsg HTTP/1.1" 200 27
58.40.7.146 - - [28/Sep/2023:11:16:40 +0800] "GET /xingrg/check_reg.html?_=1695871000193 HTTP/1.1" 200 22
58.40.7.146 - - [28/Sep/2023:11:16:41 +0800] "GET /xingrg/all/function/internal_message.html?_=1695871001257&CODE_STATE=getMsg HTTP/1.1" 200 27
116.230.110.33 - - [28/Sep/2023:11:16:42 +0800] "GET /xingrg/check_reg.html?_=1695870846609 HTTP/1.1" 200 22
116.230.110.33 - - [28/Sep/2023:11:16:42 +0800] "GET /xingrg/all/function/internal_message.html?_=1695870846610&CODE_STATE=getMsg HTTP/1.1" 200 27
180.169.147.146 - - [28/Sep/2023:11:16:44 +0800] "POST /xingrg/kc/buy/cgsh_order_operate.html HTTP/1.1" 200 37
116.235.240.218 - - [28/Sep/2023:11:16:44 +0800] "GET /xingrg/kc/buy/cgsh_order_operate.html?command=get_materiel&rest_code=00146&code=00101008028&supplier_code=00100005&order_time=2023-09-28 HTTP/1.1" 200 412
180.169.147.146 - - [28/Sep/2023:11:16:45 +0800] "POST /xingrg/kc/buy/cgsh_order_operate.html HTTP/1.1" 200 6808
180.169.147.146 - - [28/Sep/2023:11:16:46 +0800] "GET /xingrg/kc/print/load_data.html?order_code=212023092811610&kc_code=cgsh&condition= HTTP/1.1" 200 2320
101.83.145.37 - - [28/Sep/2023:11:16:48 +0800] "GET /xingrg/check_reg.html?_=1695871010003 HTTP/1.1" 200 22
101.83.145.37 - - [28/Sep/2023:11:16:48 +0800] "GET /xingrg/all/function/internal_message.html?_=1695871010005&CODE_STATE=getMsg HTTP/1.1" 200 27
180.169.147.146 - - [28/Sep/2023:11:16:51 +0800] "GET /xingrg/kc/buy/cgsh_order_add.html HTTP/1.1" 200 72491
180.169.147.146 - - [28/Sep/2023:11:16:51 +0800] "POST /xingrg/kc/buy/cgsh_order_operate.html HTTP/1.1" 200 8245
180.169.147.146 - - [28/Sep/2023:11:16:51 +0800] "GET /xingrg/javascript/easyui/themes/default/validatebox.css HTTP/1.1" 404 1104
180.162.112.205 - - [28/Sep/2023:11:16:52 +0800] "GET /xingrg/check_reg.html?_=1695869654570 HTTP/1.1" 200 22
180.162.112.205 - - [28/Sep/2023:11:16:52 +0800] "GET /xingrg/all/function/internal_message.html?_=1695869654573&CODE_STATE=getMsg HTTP/1.1" 200 27
114.95.241.104 - - [28/Sep/2023:11:16:53 +0800] "GET /xingrg/all/function/internal_message.html?_=1695871012170&CODE_STATE=getMsg HTTP/1.1" 200 27
116.235.240.218 - - [28/Sep/2023:11:16:54 +0800] "GET /xingrg/kc/buy/cgsh_order_operate.html?command=get_materiel&rest_code=00146&code=00101008186&supplier_code=00100005&order_time=2023-09-28 HTTP/1.1" 200 408
180.165.48.189 - - [28/Sep/2023:11:16:55 +0800] "GET /xingrg/all/function/internal_message.html?_=1695871014888&CODE_STATE=getMsg HTTP/1.1" 200 27
116.235.240.218 - - [28/Sep/2023:11:16:56 +0800] "POST /xingrg/kc/buy/cgsh_order_operate.html HTTP/1.1" 200 2065
180.152.241.196 - - [28/Sep/2023:11:16:56 +0800] "GET /xingrg/all/function/internal_message.html?_=1695871017309&CODE_STATE=getMsg HTTP/1.1" 200 27
180.152.241.196 - - [28/Sep/2023:11:16:57 +0800] "GET /xingrg/check_reg.html?_=1695871017686 HTTP/1.1" 200 22
180.169.147.146 - - [28/Sep/2023:11:17:02 +0800] "GET /xingrg/kc/buy/cgsh_order_operate.html?command=get_materiel&rest_code=00147&code=00101006065&supplier_code=00100015&order_time=2023-09-28 HTTP/1.1" 200 409
116.235.240.218 - - [28/Sep/2023:11:17:03 +0800] "GET /xingrg/kc/buy/cgsh_order_operate.html?command=get_materiel&rest_code=00146&code=00101008003&supplier_code=00100005&order_time=2023-09-28 HTTP/1.1" 200 408
116.230.110.33 - - [28/Sep/2023:11:17:04 +0800] "GET /xingrg/all/function/internal_message.html?_=1695870868700&CODE_STATE=getMsg HTTP/1.1" 200 27
222.70.180.200 - - [28/Sep/2023:11:17:09 +0800] "GET /xingrg/all/function/internal_message.html?_=1695871257107&CODE_STATE=getMsg HTTP/1.1" 302 -
180.152.241.196 - - [28/Sep/2023:11:17:10 +0800] "GET /xingrg/kc/buy/cgsh_order_operate.html?command=get_materiel&rest_code=00102&code=00101008114&supplier_code=00100008&order_time=2023-09-28 HTTP/1.1" 200 412
58.40.7.146 - - [28/Sep/2023:11:17:11 +0800] "GET /xingrg/all/function/internal_message.html?_=1695871029649&CODE_STATE=getMsg HTTP/1.1" 302 -
218.81.72.120 - - [28/Sep/2023:11:17:12 +0800] "GET /xingrg/all/function/internal_message.html?_=1695871031857&CODE_STATE=getMsg HTTP/1.1" 200 27
180.152.241.196 - - [28/Sep/2023:11:17:12 +0800] "GET /xingrg/kc/base/wldb_order_operate.html?command=get_materiel&rest_code=00102&base_code=0010476&code=00101019249 HTTP/1.1" 200 470
180.169.147.146 - - [28/Sep/2023:11:17:12 +0800] "GET /xingrg/kc/buy/cgsh_order_operate.html?command=get_materiel&rest_code=00147&code=00101006055&supplier_code=00100015&order_time=2023-09-28 HTTP/1.1" 200 409
114.95.241.104 - - [28/Sep/2023:11:17:14 +0800] "GET /xingrg/check_reg.html?_=1695871033318 HTTP/1.1" 200 22
116.235.240.218 - - [28/Sep/2023:11:17:14 +0800] "GET /xingrg/kc/buy/cgsh_order_operate.html?command=get_materiel&rest_code=00146&code=00101008264&supplier_code=00100005&order_time=2023-09-28 HTTP/1.1" 200 412
180.152.241.196 - - [28/Sep/2023:11:17:16 +0800] "POST /xingrg/kc/buy/cgsh_order_operate.html HTTP/1.1" 200 2065
222.70.107.161 - - [28/Sep/2023:11:17:17 +0800] "GET /xingrg/all/function/internal_message.html?_=1695871037775&CODE_STATE=getMsg HTTP/1.1" 200 27
116.235.240.218 - - [28/Sep/2023:11:17:18 +0800] "GET /xingrg/check_reg.html?_=1695871033528 HTTP/1.1" 200 22
116.235.240.218 - - [28/Sep/2023:11:17:18 +0800] "GET /xingrg/all/function/internal_message.html?_=1695871033590&CODE_STATE=getMsg HTTP/1.1" 200 27
180.152.241.196 - - [28/Sep/2023:11:17:21 +0800] "GET /xingrg/kc/buy/cgsh_order_operate.html?command=get_materiel&rest_code=00102&code=00101008061&supplier_code=00100008&order_time=2023-09-28 HTTP/1.1" 200 441
180.152.241.196 - - [28/Sep/2023:11:17:25 +0800] "POST /xingrg/kc/base/wldb_order_operate.html HTTP/1.1" 200 37
116.235.240.218 - - [28/Sep/2023:11:17:26 +0800] "GET /xingrg/kc/buy/cgsh_order_operate.html?command=get_materiel&rest_code=00146&code=00101008300&supplier_code=00100005&order_time=2023-09-28 HTTP/1.1" 200 412
222.70.180.200 - - [28/Sep/2023:11:17:26 +0800] "GET /xingrg/all/function/internal_message.html?_=1695871046061&CODE_STATE=getMsg HTTP/1.1" 200 27
180.169.147.146 - - [28/Sep/2023:11:17:27 +0800] "GET /xingrg/check_reg.html?_=1695871043583 HTTP/1.1" 200 22
222.69.128.235 - - [28/Sep/2023:11:17:27 +0800] "GET /xingrg/check_reg.html?_=1695871048890 HTTP/1.1" 200 22
222.69.128.235 - - [28/Sep/2023:11:17:27 +0800] "GET /xingrg/all/function/internal_message.html?_=1695871048892&CODE_STATE=getMsg HTTP/1.1" 200 27
180.169.147.146 - - [28/Sep/2023:11:17:29 +0800] "GET /xingrg/kc/buy/cgsh_order_operate.html?command=get_materiel&rest_code=00147&code=00101006129&supplier_code=00100015&order_time=2023-09-28 HTTP/1.1" 200 439
180.152.241.196 - - [28/Sep/2023:11:17:29 +0800] "GET /xingrg/kc/buy/cgsh_order_operate.html?command=get_materiel&rest_code=00102&code=00101008704&supplier_code=00100008&order_time=2023-09-28 HTTP/1.1" 200 409
180.152.241.196 - - [28/Sep/2023:11:17:31 +0800] "POST /xingrg/kc/base/wldb_order_operate.html HTTP/1.1" 200 12
180.152.241.196 - - [28/Sep/2023:11:17:32 +0800] "POST /xingrg/kc/base/wldb_order_operate.html HTTP/1.1" 200 4257
180.169.147.146 - - [28/Sep/2023:11:17:33 +0800] "GET /xingrg/all/function/internal_message.html?_=1695871049828&CODE_STATE=getMsg HTTP/1.1" 200 27
114.95.241.104 - - [28/Sep/2023:11:17:34 +0800] "GET /xingrg/check_reg.html?_=1695871053988 HTTP/1.1" 200 22
114.95.241.104 - - [28/Sep/2023:11:17:34 +0800] "GET /xingrg/all/function/internal_message.html?_=1695871053990&CODE_STATE=getMsg HTTP/1.1" 200 27
114.83.220.87 - - [28/Sep/2023:11:17:35 +0800] "GET /xingrg/all/function/internal_message.html?_=1695871054921&CODE_STATE=getMsg HTTP/1.1" 200 27
114.83.220.87 - - [28/Sep/2023:11:17:35 +0800] "GET /xingrg/all/function/internal_message.html?_=1695871053954&CODE_STATE=getMsg HTTP/1.1" 200 27
180.152.241.196 - - [28/Sep/2023:11:17:35 +0800] "GET /xingrg/all/function/internal_message.html?_=1695871074211&CODE_STATE=getMsg HTTP/1.1" 200 27
124.78.155.92 - - [28/Sep/2023:11:17:35 +0800] "GET /xingrg/all/function/internal_message.html?_=1695871053347&CODE_STATE=getMsg HTTP/1.1" 200 27
180.152.241.196 - - [28/Sep/2023:11:17:36 +0800] "GET /xingrg/kc/base/wldb_order_info.html?code=422023092802850 HTTP/1.1" 200 26330
120.253.135.82 - - [28/Sep/2023:11:17:36 +0800] "GET /xingrg/check_reg.html?_=1695870859214 HTTP/1.1" 200 22
120.253.135.82 - - [28/Sep/2023:11:17:36 +0800] "GET /xingrg/all/function/internal_message.html?_=1695870859333&CODE_STATE=getMsg HTTP/1.1" 200 27
180.152.241.196 - - [28/Sep/2023:11:17:36 +0800] "GET /xingrg/javascript/easyui/themes/default/validatebox.css HTTP/1.1" 404 1104
180.152.241.196 - - [28/Sep/2023:11:17:36 +0800] "POST /xingrg/kc/base/wldb_order_operate.html HTTP/1.1" 200 2509
222.70.180.200 - - [28/Sep/2023:11:17:38 +0800] "GET /xingrg/all/function/internal_message.html?_=1695871286839&CODE_STATE=getMsg HTTP/1.1" 200 27
180.152.241.196 - - [28/Sep/2023:11:17:38 +0800] "GET /xingrg/kc/base/wldb_order_add.html HTTP/1.1" 200 30453
180.163.28.55 - - [28/Sep/2023:11:17:39 +0800] "GET /xingrg/all/function/internal_message.html?_=1695870993372&CODE_STATE=getMsg HTTP/1.1" 302 -
180.163.28.55 - - [28/Sep/2023:11:17:39 +0800] "GET /xingrg/login.html HTTP/1.1" 200 7641
180.152.241.196 - - [28/Sep/2023:11:17:39 +0800] "POST /xingrg/kc/base/wldb_order_operate.html HTTP/1.1" 200 6806
180.152.241.196 - - [28/Sep/2023:11:17:39 +0800] "GET /xingrg/javascript/easyui/themes/default/validatebox.css HTTP/1.1" 404 1104
101.83.145.37 - - [28/Sep/2023:11:17:39 +0800] "POST /xingrg/kc/buy/cgsh_order_operate.html HTTP/1.1" 200 37
180.152.241.196 - - [28/Sep/2023:11:17:40 +0800] "POST /xingrg/all/common/load_combo.html?type=base HTTP/1.1" 200 3321
58.40.7.146 - - [28/Sep/2023:11:17:41 +0800] "GET /xingrg/all/function/internal_message.html?_=1695871061245&CODE_STATE=getMsg HTTP/1.1" 200 27
101.83.145.37 - - [28/Sep/2023:11:17:41 +0800] "POST /xingrg/kc/buy/cgsh_order_operate.html HTTP/1.1" 200 10414
116.235.240.218 - - [28/Sep/2023:11:17:41 +0800] "GET /xingrg/kc/buy/cgsh_order_operate.html?command=get_materiel&rest_code=00146&code=00101008357&supplier_code=00100005&order_time=2023-09-28 HTTP/1.1" 200 408
180.152.241.196 - - [28/Sep/2023:11:17:42 +0800] "POST /xingrg/all/common/load_combo.html?type=base HTTP/1.1" 200 3321
180.169.147.146 - - [28/Sep/2023:11:17:42 +0800] "GET /xingrg/kc/buy/cgsh_order_operate.html?command=get_materiel&rest_code=00147&code=00101006293&supplier_code=00100015&order_time=2023-09-28 HTTP/1.1" 200 430
116.230.110.33 - - [28/Sep/2023:11:17:42 +0800] "GET /xingrg/all/function/internal_message.html?_=1695870906623&CODE_STATE=getMsg HTTP/1.1" 200 27
101.83.145.37 - - [28/Sep/2023:11:17:42 +0800] "GET /xingrg/kc/print/load_data.html?order_code=212023092811594&kc_code=cgsh&condition= HTTP/1.1" 200 3723
180.152.241.196 - - [28/Sep/2023:11:17:44 +0800] "GET /xingrg/kc/buy/cgsh_order_operate.html?command=get_materiel&rest_code=00102&code=00101008123&supplier_code=00100008&order_time=2023-09-28 HTTP/1.1" 200 412
101.83.145.37 - - [28/Sep/2023:11:17:48 +0800] "GET /xingrg/all/function/internal_message.html?_=1695871070009&CODE_STATE=getMsg HTTP/1.1" 200 27
180.162.112.205 - - [28/Sep/2023:11:17:52 +0800] "GET /xingrg/all/function/internal_message.html?_=1695869714564&CODE_STATE=getMsg HTTP/1.1" 200 27
180.169.147.146 - - [28/Sep/2023:11:17:53 +0800] "GET /xingrg/kc/buy/cgsh_order_operate.html?command=get_materiel&rest_code=00147&code=00101006144&supplier_code=00100015&order_time=2023-09-28 HTTP/1.1" 200 409
114.95.241.104 - - [28/Sep/2023:11:17:53 +0800] "GET /xingrg/all/function/internal_message.html?_=1695871072157&CODE_STATE=getMsg HTTP/1.1" 200 27
116.235.240.218 - - [28/Sep/2023:11:17:55 +0800] "GET /xingrg/kc/buy/cgsh_order_operate.html?command=get_materiel&rest_code=00146&code=00101008291&supplier_code=00100005&order_time=2023-09-28 HTTP/1.1" 200 408
180.165.48.189 - - [28/Sep/2023:11:17:55 +0800] "GET /xingrg/all/function/internal_message.html?_=1695871074896&CODE_STATE=getMsg HTTP/1.1" 200 27
180.152.241.196 - - [28/Sep/2023:11:17:56 +0800] "GET /xingrg/all/function/internal_message.html?_=1695871077294&CODE_STATE=getMsg HTTP/1.1" 200 27
180.152.241.196 - - [28/Sep/2023:11:17:58 +0800] "GET /xingrg/kc/buy/cgsh_order_operate.html?command=get_materiel&rest_code=00102&code=00101009031&supplier_code=00100008&order_time=2023-09-28 HTTP/1.1" 200 412
124.78.69.58 - - [28/Sep/2023:11:17:59 +0800] "GET /xingrg/kc/buy/buy_main.html HTTP/1.1" 200 12412
124.78.69.58 - - [28/Sep/2023:11:17:59 +0800] "GET /xingrg/css/new_ie.css HTTP/1.1" 404 1036
180.152.241.196 - - [28/Sep/2023:11:17:59 +0800] "GET /xingrg/kc/base/wldb_order_operate.html?command=get_materiel&rest_code=00102&base_code=0010476&code=00101016046 HTTP/1.1" 200 458
124.78.69.58 - - [28/Sep/2023:11:18:00 +0800] "GET /xingrg/images/yd/bt.gif HTTP/1.1" 404 1040
124.78.69.58 - - [28/Sep/2023:11:18:00 +0800] "GET /xingrg/kc/buy/cgsh_order_list.html HTTP/1.1" 200 56712
124.78.69.58 - - [28/Sep/2023:11:18:04 +0800] "POST /xingrg/kc/buy/cgsh_list_operate.html HTTP/1.1" 200 1869
116.230.110.33 - - [28/Sep/2023:11:18:04 +0800] "GET /xingrg/all/function/internal_message.html?_=1695870928673&CODE_STATE=getMsg HTTP/1.1" 200 27
116.235.240.218 - - [28/Sep/2023:11:18:05 +0800] "POST /xingrg/kc/buy/cgsh_order_operate.html HTTP/1.1" 200 2065
222.70.180.200 - - [28/Sep/2023:11:18:09 +0800] "GET /xingrg/all/function/internal_message.html?_=1695871317093&CODE_STATE=getMsg HTTP/1.1" 302 -
58.40.7.146 - - [28/Sep/2023:11:18:11 +0800] "GET /xingrg/all/function/internal_message.html?_=1695871089641&CODE_STATE=getMsg HTTP/1.1" 302 -
58.40.7.146 - - [28/Sep/2023:11:18:11 +0800] "GET /xingrg/check_reg.html?_=1695871089643 HTTP/1.1" 302 -
218.81.72.120 - - [28/Sep/2023:11:18:12 +0800] "GET /xingrg/check_reg.html?_=1695871091858 HTTP/1.1" 200 22
218.81.72.120 - - [28/Sep/2023:11:18:12 +0800] "GET /xingrg/all/function/internal_message.html?_=1695871091861&CODE_STATE=getMsg HTTP/1.1" 200 27
180.169.147.146 - - [28/Sep/2023:11:18:12 +0800] "POST /xingrg/kc/buy/cgsh_order_operate.html HTTP/1.1" 200 37
180.169.147.146 - - [28/Sep/2023:11:18:13 +0800] "POST /xingrg/kc/buy/cgsh_order_operate.html HTTP/1.1" 200 5653
116.235.240.218 - - [28/Sep/2023:11:18:14 +0800] "GET /xingrg/kc/buy/cgsh_order_operate.html?command=get_materiel&rest_code=00146&code=00101016122&supplier_code=00100005&order_time=2023-09-28 HTTP/1.1" 200 409
180.152.241.196 - - [28/Sep/2023:11:18:14 +0800] "GET /xingrg/kc/buy/cgsh_order_operate.html?command=get_materiel&rest_code=00102&code=00101008041&supplier_code=00100008&order_time=2023-09-28 HTTP/1.1" 200 408
180.169.147.146 - - [28/Sep/2023:11:18:15 +0800] "GET /xingrg/kc/print/load_data.html?order_code=212023092811611&kc_code=cgsh&condition= HTTP/1.1" 200 1930
180.162.112.205 - - [28/Sep/2023:11:18:16 +0800] "GET /xingrg/kc/base/yddb_order_info.html?code=482023092700266 HTTP/1.1" 200 29696
180.162.112.205 - - [28/Sep/2023:11:18:16 +0800] "GET /xingrg/dwr/interface/AjaxComOrderService.js HTTP/1.1" 200 18264
180.162.112.205 - - [28/Sep/2023:11:18:16 +0800] "GET /xingrg/dwr/interface/AjaxYddbService.js HTTP/1.1" 200 13201
180.162.112.205 - - [28/Sep/2023:11:18:16 +0800] "GET /xingrg/dwr/engine.js HTTP/1.1" 200 43631
180.162.112.205 - - [28/Sep/2023:11:18:17 +0800] "POST /xingrg/dwr/call/plaincall/AjaxYddbService.loadMaterielItems.dwr HTTP/1.1" 200 5561
222.70.107.161 - - [28/Sep/2023:11:18:17 +0800] "GET /xingrg/all/function/internal_message.html?_=1695871097794&CODE_STATE=getMsg HTTP/1.1" 200 27
116.235.240.218 - - [28/Sep/2023:11:18:18 +0800] "GET /xingrg/all/function/internal_message.html?_=1695871093603&CODE_STATE=getMsg HTTP/1.1" 200 27
180.152.241.196 - - [28/Sep/2023:11:18:19 +0800] "POST /xingrg/kc/buy/cgsh_order_operate.html HTTP/1.1" 200 2065
180.169.147.146 - - [28/Sep/2023:11:18:21 +0800] "GET /xingrg/kc/buy/cgsh_order_add.html HTTP/1.1" 200 72491
180.169.147.146 - - [28/Sep/2023:11:18:22 +0800] "GET /xingrg/javascript/easyui/themes/default/validatebox.css HTTP/1.1" 404 1104
180.169.147.146 - - [28/Sep/2023:11:18:22 +0800] "POST /xingrg/kc/buy/cgsh_order_operate.html HTTP/1.1" 200 8245
124.78.155.92 - - [28/Sep/2023:11:18:22 +0800] "GET /xingrg/check_reg.html?_=1695871099714 HTTP/1.1" 200 22
116.235.240.218 - - [28/Sep/2023:11:18:25 +0800] "GET /xingrg/kc/buy/cgsh_order_operate.html?command=get_materiel&rest_code=00146&code=00101008305&supplier_code=00100005&order_time=2023-09-28 HTTP/1.1" 200 412
222.70.180.200 - - [28/Sep/2023:11:18:26 +0800] "GET /xingrg/all/function/internal_message.html?_=1695871106056&CODE_STATE=getMsg HTTP/1.1" 200 27
222.70.180.200 - - [28/Sep/2023:11:18:26 +0800] "GET /xingrg/check_reg.html?_=1695871106061 HTTP/1.1" 200 22
180.152.241.196 - - [28/Sep/2023:11:18:27 +0800] "GET /xingrg/kc/buy/cgsh_order_operate.html?command=get_materiel&rest_code=00102&code=00101008261&supplier_code=00100008&order_time=2023-09-28 HTTP/1.1" 200 408
222.69.128.235 - - [28/Sep/2023:11:18:27 +0800] "GET /xingrg/all/function/internal_message.html?_=1695871108886&CODE_STATE=getMsg HTTP/1.1" 200 27
180.169.147.146 - - [28/Sep/2023:11:18:30 +0800] "GET /xingrg/kc/buy/cgsh_order_operate.html?command=get_materiel&rest_code=00147&code=00101012019&supplier_code=00100242&order_time=2023-09-28 HTTP/1.1" 200 412
180.162.112.205 - - [28/Sep/2023:11:18:32 +0800] "POST /xingrg/kc/base/yddb_list_operate.html HTTP/1.1" 200 3902
180.169.147.146 - - [28/Sep/2023:11:18:33 +0800] "GET /xingrg/all/function/internal_message.html?_=1695871109828&CODE_STATE=getMsg HTTP/1.1" 200 27
114.95.241.104 - - [28/Sep/2023:11:18:34 +0800] "GET /xingrg/all/function/internal_message.html?_=1695871113991&CODE_STATE=getMsg HTTP/1.1" 200 27
114.83.220.87 - - [28/Sep/2023:11:18:35 +0800] "GET /xingrg/all/function/internal_message.html?_=1695871114919&CODE_STATE=getMsg HTTP/1.1" 200 27
114.83.220.87 - - [28/Sep/2023:11:18:35 +0800] "GET /xingrg/all/function/internal_message.html?_=1695871113937&CODE_STATE=getMsg HTTP/1.1" 200 27
124.78.155.92 - - [28/Sep/2023:11:18:35 +0800] "GET /xingrg/all/function/internal_message.html?_=1695871113320&CODE_STATE=getMsg HTTP/1.1" 200 27
180.152.241.196 - - [28/Sep/2023:11:18:35 +0800] "GET /xingrg/all/function/internal_message.html?_=1695871134206&CODE_STATE=getMsg HTTP/1.1" 200 27
180.163.30.85 - - [28/Sep/2023:11:18:36 +0800] "GET /xingrg/all/function/internal_message.html?_=1695871053347&CODE_STATE=getMsg HTTP/1.1" 302 -
180.163.30.85 - - [28/Sep/2023:11:18:36 +0800] "GET /xingrg/login.html HTTP/1.1" 200 7641
180.152.241.196 - - [28/Sep/2023:11:18:36 +0800] "GET /xingrg/kc/buy/cgsh_order_operate.html?command=get_materiel&rest_code=00102&code=00101008219&supplier_code=00100008&order_time=2023-09-28 HTTP/1.1" 200 412
120.253.135.82 - - [28/Sep/2023:11:18:36 +0800] "GET /xingrg/all/function/internal_message.html?_=1695870919347&CODE_STATE=getMsg HTTP/1.1" 200 27
222.70.180.200 - - [28/Sep/2023:11:18:38 +0800] "GET /xingrg/all/function/internal_message.html?_=1695871346841&CODE_STATE=getMsg HTTP/1.1" 200 27
180.152.241.196 - - [28/Sep/2023:11:18:38 +0800] "POST /xingrg/kc/base/wldb_order_operate.html HTTP/1.1" 200 37
116.235.240.218 - - [28/Sep/2023:11:18:40 +0800] "GET /xingrg/kc/buy/cgsh_order_operate.html?command=get_materiel&rest_code=00146&code=00101008283&supplier_code=00100005&order_time=2023-09-28 HTTP/1.1" 200 408
180.169.147.146 - - [28/Sep/2023:11:18:40 +0800] "GET /xingrg/kc/buy/cgsh_order_operate.html?command=get_materiel&rest_code=00147&code=00101012051&supplier_code=00100242&order_time=2023-09-28 HTTP/1.1" 200 409
58.40.7.146 - - [28/Sep/2023:11:18:41 +0800] "GET /xingrg/all/function/internal_message.html?_=1695871121215&CODE_STATE=getMsg HTTP/1.1" 200 27
116.230.110.33 - - [28/Sep/2023:11:18:42 +0800] "GET /xingrg/all/function/internal_message.html?_=1695870966614&CODE_STATE=getMsg HTTP/1.1" 200 27
180.162.112.205 - - [28/Sep/2023:11:18:43 +0800] "POST /xingrg/kc/base/yddb_list_operate.html HTTP/1.1" 200 608
180.152.241.196 - - [28/Sep/2023:11:18:44 +0800] "POST /xingrg/kc/base/wldb_order_operate.html HTTP/1.1" 200 12
180.152.241.196 - - [28/Sep/2023:11:18:45 +0800] "POST /xingrg/kc/base/wldb_order_operate.html HTTP/1.1" 200 2203
180.162.112.205 - - [28/Sep/2023:11:18:45 +0800] "GET /xingrg/kc/base/yddb_order_info.html?code=482023092600241 HTTP/1.1" 200 29900
180.162.112.205 - - [28/Sep/2023:11:18:45 +0800] "GET /xingrg/dwr/interface/AjaxComOrderService.js HTTP/1.1" 200 18264
180.162.112.205 - - [28/Sep/2023:11:18:45 +0800] "GET /xingrg/dwr/interface/AjaxYddbService.js HTTP/1.1" 200 13201
180.162.112.205 - - [28/Sep/2023:11:18:45 +0800] "GET /xingrg/dwr/engine.js HTTP/1.1" 200 43631
180.162.112.205 - - [28/Sep/2023:11:18:45 +0800] "POST /xingrg/dwr/call/plaincall/AjaxYddbService.loadMaterielItems.dwr HTTP/1.1" 200 6293
120.253.135.82 - - [28/Sep/2023:11:18:45 +0800] "GET /xingrg/kc/pszx/mdqp_order_list.html?state=10 HTTP/1.1" 200 11128
120.253.135.82 - - [28/Sep/2023:11:18:46 +0800] "GET /xingrg/dwr/interface/AjaxQqpsService.js HTTP/1.1" 200 16326
120.253.135.82 - - [28/Sep/2023:11:18:46 +0800] "GET /xingrg/dwr/interface/AjaxReportQueryService.js HTTP/1.1" 200 13203
120.253.135.82 - - [28/Sep/2023:11:18:46 +0800] "GET /xingrg/dwr/engine.js HTTP/1.1" 200 43631
180.152.241.196 - - [28/Sep/2023:11:18:48 +0800] "GET /xingrg/kc/buy/cgsh_order_operate.html?command=get_materiel&rest_code=00102&code=00101008351&supplier_code=00100008&order_time=2023-09-28 HTTP/1.1" 200 408
101.83.145.37 - - [28/Sep/2023:11:18:48 +0800] "GET /xingrg/all/function/internal_message.html?_=1695871130005&CODE_STATE=getMsg HTTP/1.1" 200 27
180.152.241.196 - - [28/Sep/2023:11:18:49 +0800] "GET /xingrg/kc/base/wldb_order_info.html?code=422023092802851 HTTP/1.1" 200 26330
180.152.241.196 - - [28/Sep/2023:11:18:49 +0800] "GET /xingrg/javascript/easyui/themes/default/validatebox.css HTTP/1.1" 404 1104
180.152.241.196 - - [28/Sep/2023:11:18:49 +0800] "POST /xingrg/kc/base/wldb_order_operate.html HTTP/1.1" 200 497
120.253.135.82 - - [28/Sep/2023:11:18:49 +0800] "GET /xingrg/kc/pszx/jzcl_ps.html HTTP/1.1" 200 7683
120.253.135.82 - - [28/Sep/2023:11:18:50 +0800] "GET /xingrg/javascript/step/step.css HTTP/1.1" 304 -
120.253.135.82 - - [28/Sep/2023:11:18:50 +0800] "GET /xingrg/css/table.css HTTP/1.1" 304 -
120.253.135.82 - - [28/Sep/2023:11:18:50 +0800] "POST /xingrg/all/common/load_tree.html?tree=area_rest_tree_json HTTP/1.1" 200 3499
120.253.135.82 - - [28/Sep/2023:11:18:50 +0800] "POST /xingrg/kc/pszx/jzcl_ps_operate.html HTTP/1.1" 200 811
120.253.135.82 - - [28/Sep/2023:11:18:50 +0800] "POST /xingrg/kc/pszx/jzcl_ps_operate.html HTTP/1.1" 200 811
180.169.147.146 - - [28/Sep/2023:11:18:51 +0800] "GET /xingrg/kc/buy/cgsh_order_operate.html?command=get_materiel&rest_code=00147&code=00101016105&supplier_code=00100242&order_time=2023-09-28 HTTP/1.1" 200 409
180.162.112.205 - - [28/Sep/2023:11:18:52 +0800] "GET /xingrg/all/function/internal_message.html?_=1695869774576&CODE_STATE=getMsg HTTP/1.1" 200 27
114.95.241.104 - - [28/Sep/2023:11:18:53 +0800] "GET /xingrg/all/function/internal_message.html?_=1695871132130&CODE_STATE=getMsg HTTP/1.1" 200 27
180.165.48.189 - - [28/Sep/2023:11:18:55 +0800] "GET /xingrg/all/function/internal_message.html?_=1695871134900&CODE_STATE=getMsg HTTP/1.1" 200 27
180.152.241.196 - - [28/Sep/2023:11:18:56 +0800] "GET /xingrg/kc/base/wldb_order_add.html HTTP/1.1" 200 30453
180.152.241.196 - - [28/Sep/2023:11:18:56 +0800] "GET /xingrg/all/function/internal_message.html?_=1695871137304&CODE_STATE=getMsg HTTP/1.1" 200 27
180.152.241.196 - - [28/Sep/2023:11:18:56 +0800] "POST /xingrg/kc/base/wldb_order_operate.html HTTP/1.1" 200 6806
180.152.241.196 - - [28/Sep/2023:11:18:57 +0800] "GET /xingrg/javascript/easyui/themes/default/validatebox.css HTTP/1.1" 404 1104
120.253.135.82 - - [28/Sep/2023:11:18:59 +0800] "POST /xingrg/kc/pszx/jzcl_ps_operate.html HTTP/1.1" 200 4
120.253.135.82 - - [28/Sep/2023:11:18:59 +0800] "GET /xingrg/javascript/step/images/navBtn.gif HTTP/1.1" 304 -
120.253.135.82 - - [28/Sep/2023:11:18:59 +0800] "GET /xingrg/javascript/step/images/navBtn.gif HTTP/1.1" 304 -
180.152.241.196 - - [28/Sep/2023:11:19:01 +0800] "GET /xingrg/kc/buy/cgsh_order_operate.html?command=get_materiel&rest_code=00102&code=00101008358&supplier_code=00100008&order_time=2023-09-28 HTTP/1.1" 200 412
124.78.69.58 - - [28/Sep/2023:11:19:01 +0800] "GET /xingrg/check_reg.html?_=1695870565650 HTTP/1.1" 200 22
120.253.135.82 - - [28/Sep/2023:11:19:02 +0800] "POST /xingrg/kc/pszx/jzcl_ps_operate.html HTTP/1.1" 200 21
120.253.135.82 - - [28/Sep/2023:11:19:02 +0800] "GET /xingrg/kc/pszx/mdps_order_list.html HTTP/1.1" 200 21108
180.169.147.146 - - [28/Sep/2023:11:19:02 +0800] "GET /xingrg/kc/buy/cgsh_order_operate.html?command=get_materiel&rest_code=00147&code=00101012020&supplier_code=00100242&order_time=2023-09-28 HTTP/1.1" 200 409
120.253.135.82 - - [28/Sep/2023:11:19:02 +0800] "POST /xingrg/kc/pszx/mdps_list_operate.html HTTP/1.1" 200 5312
116.230.110.33 - - [28/Sep/2023:11:19:04 +0800] "GET /xingrg/all/function/internal_message.html?_=1695870988655&CODE_STATE=getMsg HTTP/1.1" 200 27
180.152.241.196 - - [28/Sep/2023:11:19:05 +0800] "GET /xingrg/kc/buy/cgsh_order_list.html HTTP/1.1" 200 56706
180.152.241.196 - - [28/Sep/2023:11:19:07 +0800] "POST /xingrg/kc/buy/cgsh_list_operate.html HTTP/1.1" 200 986
180.152.241.196 - - [28/Sep/2023:11:19:09 +0800] "GET /xingrg/kc/buy/cgsh_order_add.html HTTP/1.1" 200 72523
222.70.180.200 - - [28/Sep/2023:11:19:09 +0800] "GET /xingrg/all/function/internal_message.html?_=1695871377099&CODE_STATE=getMsg HTTP/1.1" 302 -
180.152.241.196 - - [28/Sep/2023:11:19:09 +0800] "POST /xingrg/kc/buy/cgsh_order_operate.html HTTP/1.1" 200 8245
180.152.241.196 - - [28/Sep/2023:11:19:09 +0800] "GET /xingrg/javascript/easyui/themes/default/validatebox.css HTTP/1.1" 404 1104
180.152.241.196 - - [28/Sep/2023:11:19:10 +0800] "GET /xingrg/javascript/easyui/themes/default/tree.css HTTP/1.1" 404 1090
180.152.241.196 - - [28/Sep/2023:11:19:10 +0800] "POST /xingrg/all/common/load_tree.html?tree=supplier_tree_json&isDelete=1 HTTP/1.1" 200 76195
120.253.135.82 - - [28/Sep/2023:11:19:10 +0800] "POST /xingrg/kc/pszx/mdps_list_operate.html HTTP/1.1" 200 4342
58.40.7.146 - - [28/Sep/2023:11:19:11 +0800] "GET /xingrg/all/function/internal_message.html?_=1695871149643&CODE_STATE=getMsg HTTP/1.1" 302 -
218.81.72.120 - - [28/Sep/2023:11:19:12 +0800] "GET /xingrg/all/function/internal_message.html?_=1695871151858&CODE_STATE=getMsg HTTP/1.1" 200 27
120.253.135.82 - - [28/Sep/2023:11:19:13 +0800] "POST /xingrg/kc/pszx/mdps_list_operate.html HTTP/1.1" 200 296
180.169.147.146 - - [28/Sep/2023:11:19:13 +0800] "GET /xingrg/kc/buy/cgsh_order_operate.html?command=get_materiel&rest_code=00147&code=00101019098&supplier_code=00100242&order_time=2023-09-28 HTTP/1.1" 200 475
120.253.135.82 - - [28/Sep/2023:11:19:14 +0800] "POST /xingrg/kc/pszx/mdps_list_operate.html HTTP/1.1" 200 378
222.70.180.200 - - [28/Sep/2023:11:19:15 +0800] "GET /xingrg/kc/buy/cgsh_order_operate.html?command=get_materiel&rest_code=00111&code=00101006193&supplier_code=00100012&order_time=2023-09-28 HTTP/1.1" 200 409
222.70.107.161 - - [28/Sep/2023:11:19:17 +0800] "GET /xingrg/check_reg.html?_=1695871157808 HTTP/1.1" 200 22
222.70.107.161 - - [28/Sep/2023:11:19:17 +0800] "GET /xingrg/all/function/internal_message.html?_=1695871157799&CODE_STATE=getMsg HTTP/1.1" 200 27
116.235.240.218 - - [28/Sep/2023:11:19:18 +0800] "GET /xingrg/all/function/internal_message.html?_=1695871153618&CODE_STATE=getMsg HTTP/1.1" 200 27
180.152.241.196 - - [28/Sep/2023:11:19:19 +0800] "GET /xingrg/kc/buy/cgsh_order_operate.html?command=get_materiel&rest_code=00102&code=00101008003&supplier_code=00100008&order_time=2023-09-28 HTTP/1.1" 200 408
120.253.135.82 - - [28/Sep/2023:11:19:22 +0800] "POST /xingrg/kc/pszx/mdps_list_operate.html HTTP/1.1" 200 214
180.152.241.196 - - [28/Sep/2023:11:19:24 +0800] "GET /xingrg/javascript/auto/indicator.gif HTTP/1.1" 404 1066
120.253.135.82 - - [28/Sep/2023:11:19:26 +0800] "POST /xingrg/kc/pszx/mdps_list_operate.html HTTP/1.1" 200 667
180.152.241.196 - - [28/Sep/2023:11:19:26 +0800] "POST /xingrg/kc/buy/cgsh_order_operate.html HTTP/1.1" 200 2065
222.70.180.200 - - [28/Sep/2023:11:19:26 +0800] "GET /xingrg/all/function/internal_message.html?_=1695871166062&CODE_STATE=getMsg HTTP/1.1" 200 27
120.253.135.82 - - [28/Sep/2023:11:19:27 +0800] "GET /xingrg/kc/pszx/mdps_order_info.html?code=312023092800698 HTTP/1.1" 200 23982
222.69.128.235 - - [28/Sep/2023:11:19:27 +0800] "GET /xingrg/all/function/internal_message.html?_=1695871168900&CODE_STATE=getMsg HTTP/1.1" 200 27
120.253.135.82 - - [28/Sep/2023:11:19:27 +0800] "GET /xingrg/javascript/easyui/themes/default/validatebox.css HTTP/1.1" 404 1104
120.253.135.82 - - [28/Sep/2023:11:19:28 +0800] "POST /xingrg/kc/pszx/mdps_order_operate.html HTTP/1.1" 200 30710
180.152.241.196 - - [28/Sep/2023:11:19:29 +0800] "GET /xingrg/kc/buy/cgsh_order_operate.html?command=get_materiel&rest_code=00102&code=00101011001&supplier_code=00100047&order_time=2023-09-28 HTTP/1.1" 200 423
180.152.241.196 - - [28/Sep/2023:11:19:31 +0800] "GET /xingrg/kc/buy/cgsh_order_operate.html?command=get_materiel&rest_code=00102&code=00101008141&supplier_code=00100008&order_time=2023-09-28 HTTP/1.1" 200 414
180.169.147.146 - - [28/Sep/2023:11:19:33 +0800] "GET /xingrg/all/function/internal_message.html?_=1695871169828&CODE_STATE=getMsg HTTP/1.1" 200 27
114.95.241.104 - - [28/Sep/2023:11:19:34 +0800] "GET /xingrg/all/function/internal_message.html?_=1695871173999&CODE_STATE=getMsg HTTP/1.1" 200 27
114.83.220.87 - - [28/Sep/2023:11:19:35 +0800] "GET /xingrg/check_reg.html?_=1695871174914 HTTP/1.1" 200 22
114.83.220.87 - - [28/Sep/2023:11:19:35 +0800] "GET /xingrg/all/function/internal_message.html?_=1695871174916&CODE_STATE=getMsg HTTP/1.1" 200 27
114.83.220.87 - - [28/Sep/2023:11:19:35 +0800] "GET /xingrg/all/function/internal_message.html?_=1695871173921&CODE_STATE=getMsg HTTP/1.1" 200 27
114.83.220.87 - - [28/Sep/2023:11:19:35 +0800] "GET /xingrg/check_reg.html?_=1695871173991 HTTP/1.1" 200 22
124.78.155.92 - - [28/Sep/2023:11:19:35 +0800] "GET /xingrg/all/function/internal_message.html?_=1695871173307&CODE_STATE=getMsg HTTP/1.1" 200 27
180.152.241.196 - - [28/Sep/2023:11:19:35 +0800] "GET /xingrg/all/function/internal_message.html?_=1695871194204&CODE_STATE=getMsg HTTP/1.1" 200 27
120.253.135.82 - - [28/Sep/2023:11:19:36 +0800] "GET /xingrg/all/function/internal_message.html?_=1695870979360&CODE_STATE=getMsg HTTP/1.1" 200 27
222.70.180.200 - - [28/Sep/2023:11:19:38 +0800] "GET /xingrg/all/function/internal_message.html?_=1695871406838&CODE_STATE=getMsg HTTP/1.1" 200 27
222.70.180.200 - - [28/Sep/2023:11:19:38 +0800] "GET /xingrg/check_reg.html?_=1695871406842 HTTP/1.1" 200 22
180.152.241.196 - - [28/Sep/2023:11:19:39 +0800] "POST /xingrg/kc/buy/cgsh_order_operate.html HTTP/1.1" 200 37
58.40.7.146 - - [28/Sep/2023:11:19:41 +0800] "GET /xingrg/all/function/internal_message.html?_=1695871181202&CODE_STATE=getMsg HTTP/1.1" 200 27
180.169.147.146 - - [28/Sep/2023:11:19:41 +0800] "GET /xingrg/kc/buy/cgsh_order_operate.html?command=get_materiel&rest_code=00147&code=00101011005&supplier_code=00100242&order_time=2023-09-28 HTTP/1.1" 200 428
116.230.110.33 - - [28/Sep/2023:11:19:42 +0800] "GET /xingrg/all/function/internal_message.html?_=1695871026603&CODE_STATE=getMsg HTTP/1.1" 200 27
180.152.241.196 - - [28/Sep/2023:11:19:45 +0800] "GET /xingrg/kc/buy/cgsh_order_operate.html?command=get_materiel&rest_code=00102&code=00101008355&supplier_code=00100008&order_time=2023-09-28 HTTP/1.1" 200 408
180.152.241.196 - - [28/Sep/2023:11:19:46 +0800] "POST /xingrg/kc/buy/cgsh_order_operate.html HTTP/1.1" 200 12
120.253.135.82 - - [28/Sep/2023:11:19:46 +0800] "GET /xingrg/kc/pszx/mdps_order_operate.html?command=get_materiel&pszx_code=00101&rest_code=00108&base_code=0010246&code=00101019430 HTTP/1.1" 200 492
180.162.112.205 - - [28/Sep/2023:11:19:48 +0800] "POST /xingrg/dwr/call/plaincall/AjaxYddbService.saveOrder.dwr HTTP/1.1" 200 78
101.83.145.37 - - [28/Sep/2023:11:19:48 +0800] "GET /xingrg/all/function/internal_message.html?_=1695871190004&CODE_STATE=getMsg HTTP/1.1" 200 27
120.253.135.82 - - [28/Sep/2023:11:19:49 +0800] "POST /xingrg/all/common/load_select.html HTTP/1.1" 200 25
180.152.241.196 - - [28/Sep/2023:11:19:49 +0800] "GET /xingrg/kc/buy/cgsh_order_info.html?code=212023092811612 HTTP/1.1" 200 67430
180.152.241.196 - - [28/Sep/2023:11:19:49 +0800] "GET /xingrg/javascript/easyui/themes/default/validatebox.css HTTP/1.1" 404 1104
180.152.241.196 - - [28/Sep/2023:11:19:50 +0800] "POST /xingrg/kc/buy/cgsh_order_operate.html HTTP/1.1" 200 616
120.253.135.82 - - [28/Sep/2023:11:19:51 +0800] "GET /xingrg/kc/pszx/mdps_order_operate.html?command=get_materiel_price&pszx_code=00101&rest_code=00108&base_code=0010246&code=00101019430&unit_code=00100113&order_time=2023-09-29 HTTP/1.1" 200 34
180.162.112.205 - - [28/Sep/2023:11:19:52 +0800] "GET /xingrg/all/function/internal_message.html?_=1695869834570&CODE_STATE=getMsg HTTP/1.1" 200 27
180.152.241.196 - - [28/Sep/2023:11:19:53 +0800] "GET /xingrg/kc/print/load_data.html?order_code=212023092811612&kc_code=cgsh&condition= HTTP/1.1" 200 741
180.169.147.146 - - [28/Sep/2023:11:19:53 +0800] "GET /xingrg/kc/buy/cgsh_order_operate.html?command=get_materiel&rest_code=00147&code=00101002027&supplier_code=00100242&order_time=2023-09-28 HTTP/1.1" 200 413
114.95.241.104 - - [28/Sep/2023:11:19:53 +0800] "GET /xingrg/all/function/internal_message.html?_=1695871192114&CODE_STATE=getMsg HTTP/1.1" 200 27
180.152.241.196 - - [28/Sep/2023:11:19:54 +0800] "GET /xingrg/kc/buy/cgsh_order_operate.html?command=get_materiel&rest_code=00102&code=00101008270&supplier_code=00100008&order_time=2023-09-28 HTTP/1.1" 200 412
180.165.48.189 - - [28/Sep/2023:11:19:55 +0800] "GET /xingrg/all/function/internal_message.html?_=1695871194900&CODE_STATE=getMsg HTTP/1.1" 200 27
180.162.112.205 - - [28/Sep/2023:11:19:56 +0800] "POST /xingrg/dwr/call/plaincall/AjaxYddbService.objCheckOrder.dwr HTTP/1.1" 200 78
180.152.241.196 - - [28/Sep/2023:11:19:56 +0800] "GET /xingrg/all/function/internal_message.html?_=1695871197286&CODE_STATE=getMsg HTTP/1.1" 200 27
180.162.112.205 - - [28/Sep/2023:11:19:59 +0800] "GET /xingrg/kc/base/yddb_order_info.html?code=482023092600241 HTTP/1.1" 200 30023
180.162.112.205 - - [28/Sep/2023:11:19:59 +0800] "GET /xingrg/dwr/interface/AjaxComOrderService.js HTTP/1.1" 200 18264
180.162.112.205 - - [28/Sep/2023:11:19:59 +0800] "GET /xingrg/dwr/interface/AjaxYddbService.js HTTP/1.1" 200 13201
180.162.112.205 - - [28/Sep/2023:11:19:59 +0800] "GET /xingrg/dwr/engine.js HTTP/1.1" 200 43631
120.253.135.82 - - [28/Sep/2023:11:19:59 +0800] "POST /xingrg/kc/pszx/mdps_order_operate.html HTTP/1.1" 200 37
180.162.112.205 - - [28/Sep/2023:11:20:00 +0800] "POST /xingrg/dwr/call/plaincall/AjaxYddbService.loadMaterielItems.dwr HTTP/1.1" 200 6293
180.152.241.196 - - [28/Sep/2023:11:20:01 +0800] "POST /xingrg/kc/buy/cgsh_list_operate.html HTTP/1.1" 200 986
180.152.241.196 - - [28/Sep/2023:11:20:01 +0800] "POST /xingrg/kc/buy/cgsh_list_operate.html HTTP/1.1" 200 986
120.253.135.82 - - [28/Sep/2023:11:20:02 +0800] "GET /xingrg/kc/pszx/mdps_order_info.html?code=312023092800698 HTTP/1.1" 200 23982
120.253.135.82 - - [28/Sep/2023:11:20:02 +0800] "GET /xingrg/javascript/easyui/themes/default/validatebox.css HTTP/1.1" 404 1104
120.253.135.82 - - [28/Sep/2023:11:20:03 +0800] "POST /xingrg/kc/pszx/mdps_order_operate.html HTTP/1.1" 200 31230
116.230.110.33 - - [28/Sep/2023:11:20:04 +0800] "GET /xingrg/all/function/internal_message.html?_=1695871048633&CODE_STATE=getMsg HTTP/1.1" 200 27
180.162.112.205 - - [28/Sep/2023:11:20:05 +0800] "POST /xingrg/kc/base/yddb_list_operate.html HTTP/1.1" 200 3908
114.95.241.104 - - [28/Sep/2023:11:20:06 +0800] "POST /xingrg/dwr/call/plaincall/AjaxComOrderService.getMaterielSearchList.dwr HTTP/1.1" 200 16299
114.95.241.104 - - [28/Sep/2023:11:20:07 +0800] "POST /xingrg/dwr/call/plaincall/AjaxComOrderService.getMaterielSearchList.dwr HTTP/1.1" 200 582
114.95.241.104 - - [28/Sep/2023:11:20:08 +0800] "POST /xingrg/dwr/call/plaincall/AjaxYddbService.getMaterielByMap.dwr HTTP/1.1" 200 2372
222.70.180.200 - - [28/Sep/2023:11:20:09 +0800] "GET /xingrg/all/function/internal_message.html?_=1695871437106&CODE_STATE=getMsg HTTP/1.1" 302 -
58.40.7.146 - - [28/Sep/2023:11:20:11 +0800] "GET /xingrg/all/function/internal_message.html?_=1695871209633&CODE_STATE=getMsg HTTP/1.1" 302 -
