222.70.180.200 - - [28/Sep/2023:09:53:45 +0800] "GET /xingrg/kc/buy/cgsh_order_operate.html?command=get_materiel&rest_code=00111&code=00101008271&supplier_code=00100005&order_time=2023-09-28 HTTP/1.1" 200 408
116.235.240.218 - - [28/Sep/2023:09:53:47 +0800] "GET /xingrg/all/function/internal_message.html?_=1695866021901&CODE_STATE=getMsg HTTP/1.1" 200 27
180.171.135.32 - - [28/Sep/2023:09:53:51 +0800] "POST /xingrg/services/DataTransmitService HTTP/1.1" 200 524
114.95.241.104 - - [28/Sep/2023:09:53:55 +0800] "GET /xingrg/all/function/internal_message.html?_=1695866033835&CODE_STATE=getMsg HTTP/1.1" 200 27
180.165.48.189 - - [28/Sep/2023:09:53:55 +0800] "GET /xingrg/all/function/internal_message.html?_=1695866034891&CODE_STATE=getMsg HTTP/1.1" 200 27
124.78.69.58 - - [28/Sep/2023:09:54:02 +0800] "GET /xingrg/all/function/internal_message.html?_=1695865466972&CODE_STATE=getMsg HTTP/1.1" 200 27
116.230.110.33 - - [28/Sep/2023:09:54:05 +0800] "GET /xingrg/all/function/internal_message.html?_=1695865889680&CODE_STATE=getMsg HTTP/1.1" 200 27
114.83.220.87 - - [28/Sep/2023:09:54:08 +0800] "GET /xingrg/all/function/internal_message.html?_=1695866046522&CODE_STATE=getMsg HTTP/1.1" 200 27
101.83.145.37 - - [28/Sep/2023:09:54:09 +0800] "GET /xingrg/all/function/internal_message.html?_=1695866050174&CODE_STATE=getMsg HTTP/1.1" 200 27
58.40.7.146 - - [28/Sep/2023:09:54:11 +0800] "GET /xingrg/all/function/internal_message.html?_=1695866049636&CODE_STATE=getMsg HTTP/1.1" 200 27
222.70.107.161 - - [28/Sep/2023:09:54:17 +0800] "GET /xingrg/all/function/internal_message.html?_=1695866057589&CODE_STATE=getMsg HTTP/1.1" 200 27
222.70.107.161 - - [28/Sep/2023:09:54:17 +0800] "GET /xingrg/check_reg.html?_=1695866057598 HTTP/1.1" 200 22
124.78.155.92 - - [28/Sep/2023:09:54:21 +0800] "GET /xingrg/all/function/internal_message.html?_=1695866059064&CODE_STATE=getMsg HTTP/1.1" 200 27
114.95.241.104 - - [28/Sep/2023:09:54:22 +0800] "GET /xingrg/all/function/internal_message.html?_=1695866062307&CODE_STATE=getMsg HTTP/1.1" 200 27
222.70.180.200 - - [28/Sep/2023:09:54:26 +0800] "GET /xingrg/all/function/internal_message.html?_=1695866065943&CODE_STATE=getMsg HTTP/1.1" 200 27
222.69.128.235 - - [28/Sep/2023:09:54:27 +0800] "GET /xingrg/all/function/internal_message.html?_=1695866068886&CODE_STATE=getMsg HTTP/1.1" 200 27
180.169.147.146 - - [28/Sep/2023:09:54:33 +0800] "GET /xingrg/all/function/internal_message.html?_=1695866069669&CODE_STATE=getMsg HTTP/1.1" 200 27
180.163.29.103 - - [28/Sep/2023:09:54:33 +0800] "GET /xingrg/check_reg.html?_=1695865998784 HTTP/1.1" 302 -
180.163.29.103 - - [28/Sep/2023:09:54:33 +0800] "GET /xingrg/login.html HTTP/1.1" 200 7641
180.163.29.212 - - [28/Sep/2023:09:54:33 +0800] "GET /xingrg/all/function/internal_message.html?_=1695865999080&CODE_STATE=getMsg HTTP/1.1" 302 -
180.163.29.212 - - [28/Sep/2023:09:54:33 +0800] "GET /xingrg/login.html HTTP/1.1" 200 7641
114.95.241.104 - - [28/Sep/2023:09:54:33 +0800] "GET /xingrg/all/function/internal_message.html?_=1695866072523&CODE_STATE=getMsg HTTP/1.1" 200 27
222.70.180.200 - - [28/Sep/2023:09:54:41 +0800] "GET /xingrg/kc/buy/cgsh_order_operate.html?command=get_materiel&rest_code=00111&code=00101008291&supplier_code=00100005&order_time=2023-09-28 HTTP/1.1" 200 408
222.70.180.200 - - [28/Sep/2023:09:54:47 +0800] "POST /xingrg/kc/buy/cgsh_order_operate.html HTTP/1.1" 200 2065
116.235.240.218 - - [28/Sep/2023:09:54:47 +0800] "GET /xingrg/all/function/internal_message.html?_=1695866081921&CODE_STATE=getMsg HTTP/1.1" 200 27
114.95.241.104 - - [28/Sep/2023:09:54:55 +0800] "GET /xingrg/all/function/internal_message.html?_=1695866093808&CODE_STATE=getMsg HTTP/1.1" 200 27
180.165.48.189 - - [28/Sep/2023:09:54:55 +0800] "GET /xingrg/all/function/internal_message.html?_=1695866094895&CODE_STATE=getMsg HTTP/1.1" 200 27
124.78.69.58 - - [28/Sep/2023:09:55:02 +0800] "GET /xingrg/all/function/internal_message.html?_=1695865526942&CODE_STATE=getMsg HTTP/1.1" 200 27
116.235.240.218 - - [28/Sep/2023:09:55:03 +0800] "POST /xingrg/services/DataTransmitService HTTP/1.1" 200 524
116.235.240.218 - - [28/Sep/2023:09:55:04 +0800] "POST /xingrg/services/DataTransmitService HTTP/1.1" 200 2335
116.230.110.33 - - [28/Sep/2023:09:55:05 +0800] "GET /xingrg/all/function/internal_message.html?_=1695865949683&CODE_STATE=getMsg HTTP/1.1" 200 27
114.83.220.87 - - [28/Sep/2023:09:55:08 +0800] "GET /xingrg/all/function/internal_message.html?_=1695866106515&CODE_STATE=getMsg HTTP/1.1" 200 27
101.83.145.37 - - [28/Sep/2023:09:55:09 +0800] "GET /xingrg/all/function/internal_message.html?_=1695866110175&CODE_STATE=getMsg HTTP/1.1" 200 27
222.70.180.200 - - [28/Sep/2023:09:55:10 +0800] "GET /xingrg/kc/buy/cgsh_order_operate.html?command=get_materiel&rest_code=00111&code=00101008095&supplier_code=00100005&order_time=2023-09-28 HTTP/1.1" 200 412
58.40.7.146 - - [28/Sep/2023:09:55:11 +0800] "GET /xingrg/all/function/internal_message.html?_=1695866109632&CODE_STATE=getMsg HTTP/1.1" 200 27
116.230.110.33 - - [28/Sep/2023:09:55:11 +0800] "GET /xingrg/check_reg.html?_=1695865955777 HTTP/1.1" 200 22
116.235.240.218 - - [28/Sep/2023:09:55:14 +0800] "POST /xingrg/services/DataTransmitService HTTP/1.1" 200 524
116.235.240.218 - - [28/Sep/2023:09:55:15 +0800] "POST /xingrg/services/DataTransmitService HTTP/1.1" 200 2335
222.70.107.161 - - [28/Sep/2023:09:55:17 +0800] "GET /xingrg/all/function/internal_message.html?_=1695866117581&CODE_STATE=getMsg HTTP/1.1" 200 27
116.235.240.218 - - [28/Sep/2023:09:55:17 +0800] "POST /xingrg/services/DataTransmitService HTTP/1.1" 200 524
116.235.240.218 - - [28/Sep/2023:09:55:18 +0800] "POST /xingrg/services/DataTransmitService HTTP/1.1" 200 2335
116.235.240.218 - - [28/Sep/2023:09:55:19 +0800] "POST /xingrg/services/DataTransmitService HTTP/1.1" 200 524
116.235.240.218 - - [28/Sep/2023:09:55:20 +0800] "POST /xingrg/services/DataTransmitService HTTP/1.1" 200 2335
124.78.155.92 - - [28/Sep/2023:09:55:21 +0800] "GET /xingrg/all/function/internal_message.html?_=1695866119034&CODE_STATE=getMsg HTTP/1.1" 200 27
116.235.240.218 - - [28/Sep/2023:09:55:22 +0800] "POST /xingrg/services/DataTransmitService HTTP/1.1" 200 524
114.95.241.104 - - [28/Sep/2023:09:55:22 +0800] "GET /xingrg/all/function/internal_message.html?_=1695866122307&CODE_STATE=getMsg HTTP/1.1" 200 27
114.95.241.104 - - [28/Sep/2023:09:55:22 +0800] "GET /xingrg/check_reg.html?_=1695866122309 HTTP/1.1" 200 22
222.70.180.200 - - [28/Sep/2023:09:55:26 +0800] "GET /xingrg/all/function/internal_message.html?_=1695866125935&CODE_STATE=getMsg HTTP/1.1" 200 27
222.69.128.235 - - [28/Sep/2023:09:55:27 +0800] "GET /xingrg/all/function/internal_message.html?_=1695866128906&CODE_STATE=getMsg HTTP/1.1" 200 27
101.83.145.37 - - [28/Sep/2023:09:55:29 +0800] "GET /xingrg/kc/print/load_config.html?kc_code=cgsh HTTP/1.1" 200 1927
180.169.147.146 - - [28/Sep/2023:09:55:33 +0800] "GET /xingrg/all/function/internal_message.html?_=1695866129668&CODE_STATE=getMsg HTTP/1.1" 200 27
114.95.241.104 - - [28/Sep/2023:09:55:33 +0800] "GET /xingrg/all/function/internal_message.html?_=1695866132517&CODE_STATE=getMsg HTTP/1.1" 200 27
116.235.240.218 - - [28/Sep/2023:09:55:34 +0800] "POST /xingrg/services/DataTransmitService HTTP/1.1" 200 501
116.235.240.218 - - [28/Sep/2023:09:55:35 +0800] "POST /xingrg/services/DataTransmitService HTTP/1.1" 200 524
116.235.240.218 - - [28/Sep/2023:09:55:36 +0800] "POST /xingrg/services/DataTransmitService HTTP/1.1" 200 412
116.235.240.218 - - [28/Sep/2023:09:55:36 +0800] "POST /xingrg/services/DataTransmitService HTTP/1.1" 200 524
116.235.240.218 - - [28/Sep/2023:09:55:38 +0800] "POST /xingrg/services/DataTransmitService HTTP/1.1" 200 2335
101.83.145.37 - - [28/Sep/2023:09:55:38 +0800] "POST /xingrg/kc/buy/cgsh_order_operate.html HTTP/1.1" 200 37
101.83.145.37 - - [28/Sep/2023:09:55:42 +0800] "POST /xingrg/kc/buy/cgsh_order_operate.html HTTP/1.1" 200 7999
116.235.240.218 - - [28/Sep/2023:09:55:47 +0800] "GET /xingrg/all/function/internal_message.html?_=1695866141929&CODE_STATE=getMsg HTTP/1.1" 200 27
116.235.240.218 - - [28/Sep/2023:09:55:48 +0800] "POST /xingrg/services/DataTransmitService HTTP/1.1" 200 524
116.235.240.218 - - [28/Sep/2023:09:55:49 +0800] "POST /xingrg/services/DataTransmitService HTTP/1.1" 200 2335
116.235.240.218 - - [28/Sep/2023:09:55:51 +0800] "POST /xingrg/services/DataTransmitService HTTP/1.1" 200 524
116.235.240.218 - - [28/Sep/2023:09:55:52 +0800] "POST /xingrg/services/DataTransmitService HTTP/1.1" 200 2335
116.235.240.218 - - [28/Sep/2023:09:55:53 +0800] "POST /xingrg/services/DataTransmitService HTTP/1.1" 200 524
116.235.240.218 - - [28/Sep/2023:09:55:54 +0800] "POST /xingrg/services/DataTransmitService HTTP/1.1" 200 2335
116.235.240.218 - - [28/Sep/2023:09:55:55 +0800] "POST /xingrg/services/DataTransmitService HTTP/1.1" 200 524
114.95.241.104 - - [28/Sep/2023:09:55:55 +0800] "GET /xingrg/all/function/internal_message.html?_=1695866153795&CODE_STATE=getMsg HTTP/1.1" 200 27
180.165.48.189 - - [28/Sep/2023:09:55:55 +0800] "GET /xingrg/all/function/internal_message.html?_=1695866154896&CODE_STATE=getMsg HTTP/1.1" 200 27
180.165.48.189 - - [28/Sep/2023:09:55:55 +0800] "GET /xingrg/check_reg.html?_=1695866154897 HTTP/1.1" 200 22
116.235.240.218 - - [28/Sep/2023:09:55:56 +0800] "POST /xingrg/services/DataTransmitService HTTP/1.1" 200 2335
116.235.240.218 - - [28/Sep/2023:09:55:57 +0800] "POST /xingrg/services/DataTransmitService HTTP/1.1" 200 524
116.235.240.218 - - [28/Sep/2023:09:55:58 +0800] "POST /xingrg/services/DataTransmitService HTTP/1.1" 200 2335
101.83.145.37 - - [28/Sep/2023:09:55:58 +0800] "GET /xingrg/kc/print/load_data.html?order_code=212023092811591&kc_code=cgsh&condition= HTTP/1.1" 200 2725
116.235.240.218 - - [28/Sep/2023:09:55:59 +0800] "POST /xingrg/services/DataTransmitService HTTP/1.1" 200 524
116.235.240.218 - - [28/Sep/2023:09:56:00 +0800] "POST /xingrg/services/DataTransmitService HTTP/1.1" 200 2335
116.235.240.218 - - [28/Sep/2023:09:56:01 +0800] "POST /xingrg/services/DataTransmitService HTTP/1.1" 200 524
124.78.69.58 - - [28/Sep/2023:09:56:02 +0800] "GET /xingrg/all/function/internal_message.html?_=1695865586913&CODE_STATE=getMsg HTTP/1.1" 200 27
116.235.240.218 - - [28/Sep/2023:09:56:03 +0800] "POST /xingrg/services/DataTransmitService HTTP/1.1" 200 2335
116.235.240.218 - - [28/Sep/2023:09:56:03 +0800] "POST /xingrg/services/DataTransmitService HTTP/1.1" 200 524
116.235.240.218 - - [28/Sep/2023:09:56:04 +0800] "POST /xingrg/services/DataTransmitService HTTP/1.1" 200 2335
116.235.240.218 - - [28/Sep/2023:09:56:05 +0800] "POST /xingrg/services/DataTransmitService HTTP/1.1" 200 524
116.230.110.33 - - [28/Sep/2023:09:56:05 +0800] "GET /xingrg/all/function/internal_message.html?_=1695866009678&CODE_STATE=getMsg HTTP/1.1" 200 27
218.81.72.120 - - [28/Sep/2023:09:56:06 +0800] "GET /xingrg/check_reg.html?_=1695866164681 HTTP/1.1" 200 22
116.235.240.218 - - [28/Sep/2023:09:56:06 +0800] "POST /xingrg/services/DataTransmitService HTTP/1.1" 200 2335
116.235.240.218 - - [28/Sep/2023:09:56:07 +0800] "POST /xingrg/services/DataTransmitService HTTP/1.1" 200 524
114.83.220.87 - - [28/Sep/2023:09:56:08 +0800] "GET /xingrg/all/function/internal_message.html?_=1695866166508&CODE_STATE=getMsg HTTP/1.1" 200 27
114.83.220.87 - - [28/Sep/2023:09:56:08 +0800] "GET /xingrg/check_reg.html?_=1695866166956 HTTP/1.1" 200 22
101.83.145.37 - - [28/Sep/2023:09:56:09 +0800] "GET /xingrg/all/function/internal_message.html?_=1695866170198&CODE_STATE=getMsg HTTP/1.1" 200 27
101.83.145.37 - - [28/Sep/2023:09:56:09 +0800] "GET /xingrg/check_reg.html?_=1695866170201 HTTP/1.1" 200 22
116.235.240.218 - - [28/Sep/2023:09:56:09 +0800] "POST /xingrg/services/DataTransmitService HTTP/1.1" 200 412
58.40.7.146 - - [28/Sep/2023:09:56:11 +0800] "GET /xingrg/all/function/internal_message.html?_=1695866169636&CODE_STATE=getMsg HTTP/1.1" 200 27
116.235.240.218 - - [28/Sep/2023:09:56:11 +0800] "POST /xingrg/services/DataTransmitService HTTP/1.1" 200 524
116.235.240.218 - - [28/Sep/2023:09:56:12 +0800] "POST /xingrg/services/DataTransmitService HTTP/1.1" 200 2335
222.70.180.200 - - [28/Sep/2023:09:56:13 +0800] "GET /xingrg/kc/buy/cgsh_order_operate.html?command=get_materiel&rest_code=00111&code=00101008176&supplier_code=00100005&order_time=2023-09-28 HTTP/1.1" 200 413
222.70.107.161 - - [28/Sep/2023:09:56:17 +0800] "GET /xingrg/all/function/internal_message.html?_=1695866177587&CODE_STATE=getMsg HTTP/1.1" 200 27
124.78.155.92 - - [28/Sep/2023:09:56:21 +0800] "GET /xingrg/all/function/internal_message.html?_=1695866179008&CODE_STATE=getMsg HTTP/1.1" 200 27
114.95.241.104 - - [28/Sep/2023:09:56:22 +0800] "GET /xingrg/all/function/internal_message.html?_=1695866182306&CODE_STATE=getMsg HTTP/1.1" 200 27
116.235.240.218 - - [28/Sep/2023:09:56:23 +0800] "POST /xingrg/services/DataTransmitService HTTP/1.1" 200 524
116.235.240.218 - - [28/Sep/2023:09:56:24 +0800] "POST /xingrg/services/DataTransmitService HTTP/1.1" 200 2335
116.235.240.218 - - [28/Sep/2023:09:56:25 +0800] "POST /xingrg/services/DataTransmitService HTTP/1.1" 200 524
222.70.180.200 - - [28/Sep/2023:09:56:26 +0800] "GET /xingrg/all/function/internal_message.html?_=1695866185963&CODE_STATE=getMsg HTTP/1.1" 200 27
116.235.240.218 - - [28/Sep/2023:09:56:26 +0800] "POST /xingrg/services/DataTransmitService HTTP/1.1" 200 2335
116.235.240.218 - - [28/Sep/2023:09:56:27 +0800] "POST /xingrg/services/DataTransmitService HTTP/1.1" 200 524
222.69.128.235 - - [28/Sep/2023:09:56:27 +0800] "GET /xingrg/all/function/internal_message.html?_=1695866188891&CODE_STATE=getMsg HTTP/1.1" 200 27
120.253.135.82 - - [28/Sep/2023:09:56:29 +0800] "GET /xingrg/check_reg.html?_=1695865992554 HTTP/1.1" 200 22
180.169.147.146 - - [28/Sep/2023:09:56:33 +0800] "GET /xingrg/all/function/internal_message.html?_=1695866189665&CODE_STATE=getMsg HTTP/1.1" 200 27
180.169.147.146 - - [28/Sep/2023:09:56:33 +0800] "GET /xingrg/check_reg.html?_=1695866189667 HTTP/1.1" 200 22
114.95.241.104 - - [28/Sep/2023:09:56:33 +0800] "GET /xingrg/all/function/internal_message.html?_=1695866192531&CODE_STATE=getMsg HTTP/1.1" 200 27
114.95.241.104 - - [28/Sep/2023:09:56:33 +0800] "GET /xingrg/check_reg.html?_=1695866192534 HTTP/1.1" 200 22
116.235.240.218 - - [28/Sep/2023:09:56:38 +0800] "POST /xingrg/services/DataTransmitService HTTP/1.1" 200 501
116.235.240.218 - - [28/Sep/2023:09:56:45 +0800] "GET /xingrg/check_reg.html?_=1695866200449 HTTP/1.1" 200 22
116.235.240.218 - - [28/Sep/2023:09:56:47 +0800] "GET /xingrg/all/function/internal_message.html?_=1695866201946&CODE_STATE=getMsg HTTP/1.1" 200 27
114.95.241.104 - - [28/Sep/2023:09:56:55 +0800] "GET /xingrg/all/function/internal_message.html?_=1695866213780&CODE_STATE=getMsg HTTP/1.1" 200 27
180.165.48.189 - - [28/Sep/2023:09:56:55 +0800] "GET /xingrg/all/function/internal_message.html?_=1695866214890&CODE_STATE=getMsg HTTP/1.1" 200 27
222.70.180.200 - - [28/Sep/2023:09:56:55 +0800] "GET /xingrg/kc/buy/cgsh_order_operate.html?command=get_materiel&rest_code=00111&code=00101008370&supplier_code=00100005&order_time=2023-09-28 HTTP/1.1" 200 412
124.78.69.58 - - [28/Sep/2023:09:57:02 +0800] "GET /xingrg/all/function/internal_message.html?_=1695865646890&CODE_STATE=getMsg HTTP/1.1" 200 27
116.230.110.33 - - [28/Sep/2023:09:57:05 +0800] "GET /xingrg/all/function/internal_message.html?_=1695866069685&CODE_STATE=getMsg HTTP/1.1" 200 27
114.83.220.87 - - [28/Sep/2023:09:57:08 +0800] "GET /xingrg/all/function/internal_message.html?_=1695866226485&CODE_STATE=getMsg HTTP/1.1" 200 27
101.83.145.37 - - [28/Sep/2023:09:57:09 +0800] "GET /xingrg/all/function/internal_message.html?_=1695866230192&CODE_STATE=getMsg HTTP/1.1" 200 27
58.40.7.146 - - [28/Sep/2023:09:57:11 +0800] "GET /xingrg/all/function/internal_message.html?_=1695866229625&CODE_STATE=getMsg HTTP/1.1" 200 27
114.95.241.104 - - [28/Sep/2023:09:57:14 +0800] "GET /xingrg/check_reg.html?_=1695866233342 HTTP/1.1" 200 22
222.70.107.161 - - [28/Sep/2023:09:57:17 +0800] "GET /xingrg/all/function/internal_message.html?_=1695866237577&CODE_STATE=getMsg HTTP/1.1" 200 27
222.70.180.200 - - [28/Sep/2023:09:57:18 +0800] "GET /xingrg/kc/buy/cgsh_order_operate.html?command=get_materiel&rest_code=00111&code=00101008067&supplier_code=00100005&order_time=2023-09-28 HTTP/1.1" 200 416
180.163.29.234 - - [28/Sep/2023:09:57:21 +0800] "GET /xingrg/all/function/internal_message.html?_=1695866179008&CODE_STATE=getMsg HTTP/1.1" 302 -
180.163.29.234 - - [28/Sep/2023:09:57:21 +0800] "GET /xingrg/login.html HTTP/1.1" 200 7641
124.78.155.92 - - [28/Sep/2023:09:57:21 +0800] "GET /xingrg/all/function/internal_message.html?_=1695866238979&CODE_STATE=getMsg HTTP/1.1" 200 27
114.95.241.104 - - [28/Sep/2023:09:57:22 +0800] "GET /xingrg/all/function/internal_message.html?_=1695866242320&CODE_STATE=getMsg HTTP/1.1" 200 27
222.70.180.200 - - [28/Sep/2023:09:57:25 +0800] "POST /xingrg/kc/buy/cgsh_order_operate.html HTTP/1.1" 200 2065
222.70.180.200 - - [28/Sep/2023:09:57:26 +0800] "GET /xingrg/all/function/internal_message.html?_=1695866245939&CODE_STATE=getMsg HTTP/1.1" 200 27
222.69.128.235 - - [28/Sep/2023:09:57:27 +0800] "GET /xingrg/all/function/internal_message.html?_=1695866248888&CODE_STATE=getMsg HTTP/1.1" 200 27
222.69.128.235 - - [28/Sep/2023:09:57:27 +0800] "GET /xingrg/check_reg.html?_=1695866248889 HTTP/1.1" 200 22
180.169.147.146 - - [28/Sep/2023:09:57:33 +0800] "GET /xingrg/all/function/internal_message.html?_=1695866249680&CODE_STATE=getMsg HTTP/1.1" 200 27
114.95.241.104 - - [28/Sep/2023:09:57:33 +0800] "GET /xingrg/all/function/internal_message.html?_=1695866252529&CODE_STATE=getMsg HTTP/1.1" 200 27
116.235.240.218 - - [28/Sep/2023:09:57:36 +0800] "POST /xingrg/services/DataTransmitService HTTP/1.1" 200 524
116.235.240.218 - - [28/Sep/2023:09:57:38 +0800] "POST /xingrg/services/DataTransmitService HTTP/1.1" 200 412
116.235.240.218 - - [28/Sep/2023:09:57:38 +0800] "POST /xingrg/services/DataTransmitService HTTP/1.1" 200 524
116.235.240.218 - - [28/Sep/2023:09:57:39 +0800] "POST /xingrg/services/DataTransmitService HTTP/1.1" 200 2335
116.235.240.218 - - [28/Sep/2023:09:57:40 +0800] "POST /xingrg/services/DataTransmitService HTTP/1.1" 200 524
116.235.240.218 - - [28/Sep/2023:09:57:41 +0800] "POST /xingrg/services/DataTransmitService HTTP/1.1" 200 2335
116.235.240.218 - - [28/Sep/2023:09:57:42 +0800] "POST /xingrg/services/DataTransmitService HTTP/1.1" 200 524
116.235.240.218 - - [28/Sep/2023:09:57:43 +0800] "POST /xingrg/services/DataTransmitService HTTP/1.1" 200 412
116.235.240.218 - - [28/Sep/2023:09:57:47 +0800] "GET /xingrg/all/function/internal_message.html?_=1695866261957&CODE_STATE=getMsg HTTP/1.1" 200 27
114.95.241.104 - - [28/Sep/2023:09:57:55 +0800] "GET /xingrg/all/function/internal_message.html?_=1695866273753&CODE_STATE=getMsg HTTP/1.1" 200 27
180.165.48.189 - - [28/Sep/2023:09:57:55 +0800] "GET /xingrg/all/function/internal_message.html?_=1695866274892&CODE_STATE=getMsg HTTP/1.1" 200 27
124.78.69.58 - - [28/Sep/2023:09:58:02 +0800] "GET /xingrg/all/function/internal_message.html?_=1695865706868&CODE_STATE=getMsg HTTP/1.1" 200 27
124.78.69.58 - - [28/Sep/2023:09:58:02 +0800] "GET /xingrg/check_reg.html?_=1695865707369 HTTP/1.1" 200 22
116.230.110.33 - - [28/Sep/2023:09:58:05 +0800] "GET /xingrg/all/function/internal_message.html?_=1695866129681&CODE_STATE=getMsg HTTP/1.1" 200 27
114.83.220.87 - - [28/Sep/2023:09:58:08 +0800] "GET /xingrg/all/function/internal_message.html?_=1695866286452&CODE_STATE=getMsg HTTP/1.1" 200 27
101.83.145.37 - - [28/Sep/2023:09:58:09 +0800] "GET /xingrg/all/function/internal_message.html?_=1695866290195&CODE_STATE=getMsg HTTP/1.1" 200 27
58.40.7.146 - - [28/Sep/2023:09:58:11 +0800] "GET /xingrg/check_reg.html?_=1695866289641 HTTP/1.1" 200 22
58.40.7.146 - - [28/Sep/2023:09:58:11 +0800] "GET /xingrg/all/function/internal_message.html?_=1695866289638&CODE_STATE=getMsg HTTP/1.1" 200 27
222.70.107.161 - - [28/Sep/2023:09:58:17 +0800] "GET /xingrg/all/function/internal_message.html?_=1695866297584&CODE_STATE=getMsg HTTP/1.1" 200 27
180.163.29.212 - - [28/Sep/2023:09:58:21 +0800] "GET /xingrg/all/function/internal_message.html?_=1695866238979&CODE_STATE=getMsg HTTP/1.1" 302 -
180.163.29.212 - - [28/Sep/2023:09:58:21 +0800] "GET /xingrg/login.html HTTP/1.1" 200 7641
124.78.155.92 - - [28/Sep/2023:09:58:21 +0800] "GET /xingrg/check_reg.html?_=1695866298762 HTTP/1.1" 200 22
124.78.155.92 - - [28/Sep/2023:09:58:21 +0800] "GET /xingrg/all/function/internal_message.html?_=1695866298963&CODE_STATE=getMsg HTTP/1.1" 200 27
114.95.241.104 - - [28/Sep/2023:09:58:22 +0800] "GET /xingrg/all/function/internal_message.html?_=1695866302337&CODE_STATE=getMsg HTTP/1.1" 200 27
222.70.180.200 - - [28/Sep/2023:09:58:26 +0800] "GET /xingrg/check_reg.html?_=1695866305942 HTTP/1.1" 200 22
222.70.180.200 - - [28/Sep/2023:09:58:26 +0800] "GET /xingrg/all/function/internal_message.html?_=1695866305939&CODE_STATE=getMsg HTTP/1.1" 200 27
222.69.128.235 - - [28/Sep/2023:09:58:27 +0800] "GET /xingrg/all/function/internal_message.html?_=1695866308905&CODE_STATE=getMsg HTTP/1.1" 200 27
180.169.147.146 - - [28/Sep/2023:09:58:33 +0800] "GET /xingrg/all/function/internal_message.html?_=1695866309678&CODE_STATE=getMsg HTTP/1.1" 200 27
114.95.241.104 - - [28/Sep/2023:09:58:33 +0800] "GET /xingrg/all/function/internal_message.html?_=1695866312531&CODE_STATE=getMsg HTTP/1.1" 200 27
114.95.241.104 - - [28/Sep/2023:09:58:45 +0800] "GET /xingrg/kc/mdqp/pssh_order_list.html HTTP/1.1" 200 17513
114.95.241.104 - - [28/Sep/2023:09:58:45 +0800] "POST /xingrg/kc/mdqp/pssh_list_operate.html HTTP/1.1" 200 5481
116.235.240.218 - - [28/Sep/2023:09:58:47 +0800] "GET /xingrg/all/function/internal_message.html?_=1695866321969&CODE_STATE=getMsg HTTP/1.1" 200 27
114.95.241.104 - - [28/Sep/2023:09:58:47 +0800] "POST /xingrg/kc/mdqp/pssh_list_operate.html HTTP/1.1" 200 261
114.95.241.104 - - [28/Sep/2023:09:58:48 +0800] "GET /xingrg/kc/mdqp/pssh_order_info.html?code=312023092600648 HTTP/1.1" 200 17277
114.95.241.104 - - [28/Sep/2023:09:58:48 +0800] "GET /xingrg/javascript/jquery_tools/jquery-1.4.2.min.js HTTP/1.1" 404 1094
114.95.241.104 - - [28/Sep/2023:09:58:49 +0800] "GET /xingrg/javascript/easyui/themes/default/validatebox.css HTTP/1.1" 404 1104
114.95.241.104 - - [28/Sep/2023:09:58:49 +0800] "GET /xingrg/all/common/auto_word.html?type=base&rest_code=00151&rest_code=00151 HTTP/1.1" 200 1315
114.95.241.104 - - [28/Sep/2023:09:58:49 +0800] "POST /xingrg/kc/mdqp/pssh_order_operate.html HTTP/1.1" 200 533
114.95.241.104 - - [28/Sep/2023:09:58:50 +0800] "GET /xingrg/javascript/jquery_tools/images/next.gif HTTP/1.1" 404 1086
114.95.241.104 - - [28/Sep/2023:09:58:50 +0800] "GET /xingrg/javascript/jquery_tools/images/prev.gif HTTP/1.1" 404 1086
114.95.241.104 - - [28/Sep/2023:09:58:53 +0800] "POST /xingrg/all/common/load_combo.html?type=employee HTTP/1.1" 200 532
114.95.241.104 - - [28/Sep/2023:09:58:55 +0800] "GET /xingrg/all/function/internal_message.html?_=1695866333736&CODE_STATE=getMsg HTTP/1.1" 200 27
180.165.48.189 - - [28/Sep/2023:09:58:55 +0800] "GET /xingrg/all/function/internal_message.html?_=1695866334910&CODE_STATE=getMsg HTTP/1.1" 200 27
114.95.241.104 - - [28/Sep/2023:09:58:56 +0800] "POST /xingrg/kc/mdqp/pssh_order_operate.html HTTP/1.1" 200 37
114.95.241.104 - - [28/Sep/2023:09:58:57 +0800] "POST /xingrg/kc/mdqp/pssh_order_operate.html HTTP/1.1" 200 533
114.95.241.104 - - [28/Sep/2023:09:58:59 +0800] "GET /xingrg/kc/print/load_config.html?kc_code=pssh HTTP/1.1" 200 2368
114.95.241.104 - - [28/Sep/2023:09:58:59 +0800] "GET /xingrg/kc/print/load_data.html?order_code=312023092600648&kc_code=pssh&condition= HTTP/1.1" 200 594
124.78.69.58 - - [28/Sep/2023:09:59:02 +0800] "GET /xingrg/all/function/internal_message.html?_=1695865766863&CODE_STATE=getMsg HTTP/1.1" 200 27
116.230.110.33 - - [28/Sep/2023:09:59:05 +0800] "GET /xingrg/all/function/internal_message.html?_=1695866189679&CODE_STATE=getMsg HTTP/1.1" 200 27
114.83.220.87 - - [28/Sep/2023:09:59:08 +0800] "GET /xingrg/all/function/internal_message.html?_=1695866346424&CODE_STATE=getMsg HTTP/1.1" 200 27
101.83.145.37 - - [28/Sep/2023:09:59:08 +0800] "POST /xingrg/services/DataTransmitService HTTP/1.1" 200 524
101.83.145.37 - - [28/Sep/2023:09:59:09 +0800] "GET /xingrg/all/function/internal_message.html?_=1695866350187&CODE_STATE=getMsg HTTP/1.1" 200 27
58.40.7.146 - - [28/Sep/2023:09:59:11 +0800] "GET /xingrg/all/function/internal_message.html?_=1695866349637&CODE_STATE=getMsg HTTP/1.1" 200 27
218.81.72.120 - - [28/Sep/2023:09:59:14 +0800] "GET /favicon.ico HTTP/1.1" 404 -
222.70.107.161 - - [28/Sep/2023:09:59:17 +0800] "GET /xingrg/all/function/internal_message.html?_=1695866357589&CODE_STATE=getMsg HTTP/1.1" 200 27
222.70.107.161 - - [28/Sep/2023:09:59:17 +0800] "GET /xingrg/check_reg.html?_=1695866357598 HTTP/1.1" 200 22
180.163.28.109 - - [28/Sep/2023:09:59:21 +0800] "GET /xingrg/check_reg.html?_=1695866298762 HTTP/1.1" 302 -
180.163.28.109 - - [28/Sep/2023:09:59:21 +0800] "GET /xingrg/login.html HTTP/1.1" 200 7641
124.78.155.92 - - [28/Sep/2023:09:59:21 +0800] "GET /xingrg/all/function/internal_message.html?_=1695866358935&CODE_STATE=getMsg HTTP/1.1" 200 27
114.95.241.104 - - [28/Sep/2023:09:59:22 +0800] "GET /xingrg/all/function/internal_message.html?_=1695866362344&CODE_STATE=getMsg HTTP/1.1" 200 27
222.70.180.200 - - [28/Sep/2023:09:59:26 +0800] "GET /xingrg/all/function/internal_message.html?_=1695866365939&CODE_STATE=getMsg HTTP/1.1" 200 27
222.69.128.235 - - [28/Sep/2023:09:59:27 +0800] "GET /xingrg/all/function/internal_message.html?_=1695866368891&CODE_STATE=getMsg HTTP/1.1" 200 27
180.169.147.146 - - [28/Sep/2023:09:59:33 +0800] "GET /xingrg/all/function/internal_message.html?_=1695866369676&CODE_STATE=getMsg HTTP/1.1" 200 27
114.95.241.104 - - [28/Sep/2023:09:59:33 +0800] "GET /xingrg/all/function/internal_message.html?_=1695866372524&CODE_STATE=getMsg HTTP/1.1" 200 27
222.70.180.200 - - [28/Sep/2023:09:59:42 +0800] "GET /xingrg/kc/buy/cgsh_order_operate.html?command=get_materiel&rest_code=00111&code=00101008113&supplier_code=00100005&order_time=2023-09-28 HTTP/1.1" 200 413
101.83.145.37 - - [28/Sep/2023:09:59:44 +0800] "GET /xingrg/kc/buy/cgsh_order_add.html HTTP/1.1" 200 72570
101.83.145.37 - - [28/Sep/2023:09:59:44 +0800] "GET /xingrg/javascript/easyui/themes/default/validatebox.css HTTP/1.1" 404 1104
101.83.145.37 - - [28/Sep/2023:09:59:44 +0800] "POST /xingrg/kc/buy/cgsh_order_operate.html HTTP/1.1" 200 8245
116.235.240.218 - - [28/Sep/2023:09:59:47 +0800] "GET /xingrg/all/function/internal_message.html?_=1695866381986&CODE_STATE=getMsg HTTP/1.1" 200 27
114.95.241.104 - - [28/Sep/2023:09:59:55 +0800] "GET /xingrg/all/function/internal_message.html?_=1695866393721&CODE_STATE=getMsg HTTP/1.1" 200 27
180.165.48.189 - - [28/Sep/2023:09:59:55 +0800] "GET /xingrg/all/function/internal_message.html?_=1695866394908&CODE_STATE=getMsg HTTP/1.1" 200 27
124.78.69.58 - - [28/Sep/2023:10:00:02 +0800] "GET /xingrg/all/function/internal_message.html?_=1695865826832&CODE_STATE=getMsg HTTP/1.1" 200 27
116.230.110.33 - - [28/Sep/2023:10:00:05 +0800] "GET /xingrg/all/function/internal_message.html?_=1695866249679&CODE_STATE=getMsg HTTP/1.1" 200 27
114.83.220.87 - - [28/Sep/2023:10:00:08 +0800] "GET /xingrg/all/function/internal_message.html?_=1695866406401&CODE_STATE=getMsg HTTP/1.1" 200 27
101.83.145.37 - - [28/Sep/2023:10:00:09 +0800] "GET /xingrg/all/function/internal_message.html?_=1695866410190&CODE_STATE=getMsg HTTP/1.1" 200 27
58.40.7.146 - - [28/Sep/2023:10:00:11 +0800] "GET /xingrg/all/function/internal_message.html?_=1695866409627&CODE_STATE=getMsg HTTP/1.1" 200 27
116.230.110.33 - - [28/Sep/2023:10:00:11 +0800] "GET /xingrg/check_reg.html?_=1695866255773 HTTP/1.1" 200 22
222.70.180.200 - - [28/Sep/2023:10:00:14 +0800] "POST /xingrg/kc/buy/cgsh_order_operate.html HTTP/1.1" 200 2065
222.70.107.161 - - [28/Sep/2023:10:00:17 +0800] "GET /xingrg/all/function/internal_message.html?_=1695866417585&CODE_STATE=getMsg HTTP/1.1" 200 27
180.163.29.79 - - [28/Sep/2023:10:00:21 +0800] "GET /xingrg/all/function/internal_message.html?_=1695866358935&CODE_STATE=getMsg HTTP/1.1" 302 -
180.163.29.79 - - [28/Sep/2023:10:00:21 +0800] "GET /xingrg/login.html HTTP/1.1" 200 7641
124.78.155.92 - - [28/Sep/2023:10:00:21 +0800] "GET /xingrg/all/function/internal_message.html?_=1695866418906&CODE_STATE=getMsg HTTP/1.1" 200 27
114.95.241.104 - - [28/Sep/2023:10:00:22 +0800] "GET /xingrg/check_reg.html?_=1695866422343 HTTP/1.1" 200 22
114.95.241.104 - - [28/Sep/2023:10:00:22 +0800] "GET /xingrg/all/function/internal_message.html?_=1695866422344&CODE_STATE=getMsg HTTP/1.1" 200 27
222.70.180.200 - - [28/Sep/2023:10:00:26 +0800] "GET /xingrg/all/function/internal_message.html?_=1695866425941&CODE_STATE=getMsg HTTP/1.1" 200 27
222.69.128.235 - - [28/Sep/2023:10:00:27 +0800] "GET /xingrg/all/function/internal_message.html?_=1695866428877&CODE_STATE=getMsg HTTP/1.1" 200 27
180.169.147.146 - - [28/Sep/2023:10:00:29 +0800] "GET /xingrg/login.html HTTP/1.1" 200 7641
222.70.180.200 - - [28/Sep/2023:10:00:30 +0800] "GET /xingrg/kc/buy/cgsh_order_operate.html?command=get_materiel&rest_code=00111&code=00101008306&supplier_code=00100005&order_time=2023-09-28 HTTP/1.1" 200 412
180.169.147.146 - - [28/Sep/2023:10:00:31 +0800] "GET /favicon.ico HTTP/1.1" 404 -
180.169.147.146 - - [28/Sep/2023:10:00:33 +0800] "GET /xingrg/all/function/internal_message.html?_=1695866429674&CODE_STATE=getMsg HTTP/1.1" 200 27
180.169.147.146 - - [28/Sep/2023:10:00:33 +0800] "POST /xingrg/login.do HTTP/1.1" 302 -
180.169.147.146 - - [28/Sep/2023:10:00:33 +0800] "GET /favicon.ico HTTP/1.1" 404 -
180.169.147.146 - - [28/Sep/2023:10:00:33 +0800] "GET /xingrg/index.html?sysBaseUrl=http%3A%2F%2F180.169.147.146%3A18081%2Fxingrg%2F&costTime=1394×tamp=1695866433681 HTTP/1.1" 200 17179
114.95.241.104 - - [28/Sep/2023:10:00:33 +0800] "GET /xingrg/all/function/internal_message.html?_=1695866432516&CODE_STATE=getMsg HTTP/1.1" 200 27
180.169.147.146 - - [28/Sep/2023:10:00:34 +0800] "GET /xingrg/check_reg.html?_=1695866430540 HTTP/1.1" 200 22
180.169.147.146 - - [28/Sep/2023:10:00:34 +0800] "GET /xingrg/all/function/internal_message.html?_=1695866430539&CODE_STATE=count HTTP/1.1" 200 11
180.169.147.146 - - [28/Sep/2023:10:00:34 +0800] "POST /xingrg/all/common/load_tree.html?tree=area_rest_tree_json&manage=1 HTTP/1.1" 200 351
180.169.147.146 - - [28/Sep/2023:10:00:34 +0800] "POST /xingrg/load_menu.html HTTP/1.1" 200 5138
120.204.208.76 - - [28/Sep/2023:10:00:45 +0800] "GET /favicon.ico HTTP/1.1" 404 -
116.235.240.218 - - [28/Sep/2023:10:00:47 +0800] "GET /xingrg/all/function/internal_message.html?_=1695866441997&CODE_STATE=getMsg HTTP/1.1" 200 27
120.204.208.76 - - [28/Sep/2023:10:00:50 +0800] "GET /favicon.ico HTTP/1.1" 404 -
114.95.241.104 - - [28/Sep/2023:10:00:55 +0800] "GET /xingrg/all/function/internal_message.html?_=1695866453703&CODE_STATE=getMsg HTTP/1.1" 200 27
180.165.48.189 - - [28/Sep/2023:10:00:55 +0800] "GET /xingrg/check_reg.html?_=1695866454900 HTTP/1.1" 200 22
180.165.48.189 - - [28/Sep/2023:10:00:55 +0800] "GET /xingrg/all/function/internal_message.html?_=1695866454902&CODE_STATE=getMsg HTTP/1.1" 200 27
124.78.69.58 - - [28/Sep/2023:10:01:02 +0800] "GET /xingrg/all/function/internal_message.html?_=1695865886812&CODE_STATE=getMsg HTTP/1.1" 200 27
222.70.180.200 - - [28/Sep/2023:10:01:04 +0800] "GET /xingrg/kc/buy/cgsh_order_operate.html?command=get_materiel&rest_code=00111&code=00101020005&supplier_code=00100005&order_time=2023-09-28 HTTP/1.1" 200 408
116.230.110.33 - - [28/Sep/2023:10:01:05 +0800] "GET /xingrg/all/function/internal_message.html?_=1695866309680&CODE_STATE=getMsg HTTP/1.1" 200 27
218.81.72.120 - - [28/Sep/2023:10:01:06 +0800] "GET /xingrg/check_reg.html?_=1695866464690 HTTP/1.1" 200 22
114.83.220.87 - - [28/Sep/2023:10:01:08 +0800] "GET /xingrg/all/function/internal_message.html?_=1695866466376&CODE_STATE=getMsg HTTP/1.1" 200 27
114.83.220.87 - - [28/Sep/2023:10:01:08 +0800] "GET /xingrg/check_reg.html?_=1695866466961 HTTP/1.1" 200 22
101.83.145.37 - - [28/Sep/2023:10:01:09 +0800] "GET /xingrg/all/function/internal_message.html?_=1695866470204&CODE_STATE=getMsg HTTP/1.1" 200 27
101.83.145.37 - - [28/Sep/2023:10:01:09 +0800] "GET /xingrg/check_reg.html?_=1695866470206 HTTP/1.1" 200 22
58.40.7.146 - - [28/Sep/2023:10:01:11 +0800] "GET /xingrg/all/function/internal_message.html?_=1695866469629&CODE_STATE=getMsg HTTP/1.1" 200 27
222.70.107.161 - - [28/Sep/2023:10:01:17 +0800] "GET /xingrg/all/function/internal_message.html?_=1695866477580&CODE_STATE=getMsg HTTP/1.1" 200 27
180.169.147.146 - - [28/Sep/2023:10:01:18 +0800] "GET /xingrg/index.html?sysBaseUrl=http%3A%2F%2F180.169.147.146%3A18081%2Fxingrg%2F&costTime=39×tamp=1592034574635 HTTP/1.1" 302 -
180.169.147.146 - - [28/Sep/2023:10:01:18 +0800] "GET /xingrg/login.html HTTP/1.1" 200 7641
180.169.147.146 - - [28/Sep/2023:10:01:18 +0800] "GET /favicon.ico HTTP/1.1" 404 -
124.78.155.92 - - [28/Sep/2023:10:01:21 +0800] "GET /xingrg/all/function/internal_message.html?_=1695866478879&CODE_STATE=getMsg HTTP/1.1" 200 27
180.169.147.146 - - [28/Sep/2023:10:01:22 +0800] "POST /xingrg/login.do HTTP/1.1" 302 -
180.169.147.146 - - [28/Sep/2023:10:01:22 +0800] "GET /xingrg/index.html?sysBaseUrl=http%3A%2F%2F180.169.147.146%3A18081%2Fxingrg%2F&costTime=1377×tamp=1695866482299 HTTP/1.1" 200 17503
180.169.147.146 - - [28/Sep/2023:10:01:22 +0800] "GET /favicon.ico HTTP/1.1" 404 -
114.95.241.104 - - [28/Sep/2023:10:01:22 +0800] "GET /xingrg/all/function/internal_message.html?_=1695866482347&CODE_STATE=getMsg HTTP/1.1" 200 27
180.169.147.146 - - [28/Sep/2023:10:01:22 +0800] "GET /xingrg/all/function/internal_message.html?_=1695866482830&CODE_STATE=count HTTP/1.1" 200 11
180.169.147.146 - - [28/Sep/2023:10:01:22 +0800] "GET /xingrg/check_reg.html?_=1695866482831 HTTP/1.1" 200 22
180.169.147.146 - - [28/Sep/2023:10:01:22 +0800] "POST /xingrg/all/common/load_tree.html?tree=area_rest_tree_json&manage=1 HTTP/1.1" 200 3499
180.169.147.146 - - [28/Sep/2023:10:01:23 +0800] "POST /xingrg/load_menu.html HTTP/1.1" 200 11564
180.169.147.146 - - [28/Sep/2023:10:01:24 +0800] "GET /xingrg/kc/report/report_main.html HTTP/1.1" 200 8599
180.169.147.146 - - [28/Sep/2023:10:01:25 +0800] "GET /xingrg/all/report/report_query.html?fileName=kc/buy/gys_amount_base_rest.xml HTTP/1.1" 200 51664
180.169.147.146 - - [28/Sep/2023:10:01:26 +0800] "GET /xingrg/dwr/interface/AjaxReportQueryService.js HTTP/1.1" 200 13203
180.169.147.146 - - [28/Sep/2023:10:01:26 +0800] "GET /xingrg/dwr/util.js HTTP/1.1" 304 -
180.169.147.146 - - [28/Sep/2023:10:01:26 +0800] "GET /xingrg/dwr/engine.js HTTP/1.1" 200 43631
222.70.180.200 - - [28/Sep/2023:10:01:26 +0800] "GET /xingrg/all/function/internal_message.html?_=1695866485941&CODE_STATE=getMsg HTTP/1.1" 200 27
180.169.147.146 - - [28/Sep/2023:10:01:26 +0800] "POST /xingrg/dwr/call/plaincall/AjaxReportQueryService.getFixDate.dwr HTTP/1.1" 200 111
180.169.147.146 - - [28/Sep/2023:10:01:26 +0800] "POST /xingrg/all/common/load_tree.html?tree=area_rest_tree_json&manage=1 HTTP/1.1" 200 3499
180.169.147.146 - - [28/Sep/2023:10:01:27 +0800] "POST /xingrg/all/common/load_tree.html?tree=supplier_tree_json&manage=1 HTTP/1.1" 200 78364
222.69.128.235 - - [28/Sep/2023:10:01:27 +0800] "GET /xingrg/all/function/internal_message.html?_=1695866488887&CODE_STATE=getMsg HTTP/1.1" 200 27
120.253.135.82 - - [28/Sep/2023:10:01:29 +0800] "GET /xingrg/check_reg.html?_=1695866292560 HTTP/1.1" 200 22
180.169.147.146 - - [28/Sep/2023:10:01:33 +0800] "GET /xingrg/check_reg.html?_=1695866489672 HTTP/1.1" 200 22
180.169.147.146 - - [28/Sep/2023:10:01:33 +0800] "GET /xingrg/all/function/internal_message.html?_=1695866489689&CODE_STATE=getMsg HTTP/1.1" 200 27
180.169.147.146 - - [28/Sep/2023:10:01:34 +0800] "GET /xingrg/all/function/internal_message.html?_=1695866490550&CODE_STATE=getMsg HTTP/1.1" 200 27
180.169.147.146 - - [28/Sep/2023:10:01:44 +0800] "POST /xingrg/dwr/call/plaincall/AjaxReportQueryService.refreshCache.dwr HTTP/1.1" 200 78
116.235.240.218 - - [28/Sep/2023:10:01:45 +0800] "GET /xingrg/check_reg.html?_=1695866500459 HTTP/1.1" 200 22
180.169.147.146 - - [28/Sep/2023:10:01:47 +0800] "POST /xingrg/all/report/load_report_page.html HTTP/1.1" 200 51465
180.169.147.146 - - [28/Sep/2023:10:01:47 +0800] "GET /xingrg/servlets/image?cache=0.9745141781416339&image=px HTTP/1.1" 200 807
116.235.240.218 - - [28/Sep/2023:10:01:47 +0800] "GET /xingrg/all/function/internal_message.html?_=1695866502012&CODE_STATE=getMsg HTTP/1.1" 200 27
114.95.241.104 - - [28/Sep/2023:10:01:55 +0800] "GET /xingrg/all/function/internal_message.html?_=1695866513700&CODE_STATE=getMsg HTTP/1.1" 200 27
180.165.48.189 - - [28/Sep/2023:10:01:55 +0800] "GET /xingrg/all/function/internal_message.html?_=1695866514888&CODE_STATE=getMsg HTTP/1.1" 200 27
124.78.69.58 - - [28/Sep/2023:10:02:02 +0800] "GET /xingrg/all/function/internal_message.html?_=1695865946782&CODE_STATE=getMsg HTTP/1.1" 200 27
180.169.147.146 - - [28/Sep/2023:10:02:02 +0800] "POST /xingrg/all/report/report_print.html HTTP/1.1" 200 7168
116.230.110.33 - - [28/Sep/2023:10:02:05 +0800] "GET /xingrg/all/function/internal_message.html?_=1695866369679&CODE_STATE=getMsg HTTP/1.1" 200 27
114.83.220.87 - - [28/Sep/2023:10:02:08 +0800] "GET /xingrg/all/function/internal_message.html?_=1695866526368&CODE_STATE=getMsg HTTP/1.1" 200 27
101.83.145.37 - - [28/Sep/2023:10:02:09 +0800] "GET /xingrg/all/function/internal_message.html?_=1695866530190&CODE_STATE=getMsg HTTP/1.1" 200 27
58.40.7.146 - - [28/Sep/2023:10:02:11 +0800] "GET /xingrg/all/function/internal_message.html?_=1695866529635&CODE_STATE=getMsg HTTP/1.1" 200 27
114.95.241.104 - - [28/Sep/2023:10:02:14 +0800] "GET /xingrg/check_reg.html?_=1695866533312 HTTP/1.1" 200 22
222.70.107.161 - - [28/Sep/2023:10:02:17 +0800] "GET /xingrg/all/function/internal_message.html?_=1695866537586&CODE_STATE=getMsg HTTP/1.1" 200 27
180.163.30.100 - - [28/Sep/2023:10:02:18 +0800] "GET /xingrg/index.html?sysBaseUrl=http://180.169.147.146:18081/xingrg/&costTime=39×tamp=1592034574635 HTTP/1.1" 302 -
180.163.30.100 - - [28/Sep/2023:10:02:18 +0800] "GET /xingrg/login.html HTTP/1.1" 200 7641
180.163.30.76 - - [28/Sep/2023:10:02:21 +0800] "GET /xingrg/all/function/internal_message.html?_=1695866478879&CODE_STATE=getMsg HTTP/1.1" 302 -
180.163.30.76 - - [28/Sep/2023:10:02:21 +0800] "GET /xingrg/login.html HTTP/1.1" 200 7641
124.78.155.92 - - [28/Sep/2023:10:02:21 +0800] "GET /xingrg/all/function/internal_message.html?_=1695866538850&CODE_STATE=getMsg HTTP/1.1" 200 27
180.163.30.27 - - [28/Sep/2023:10:02:22 +0800] "GET /xingrg/all/function/internal_message.html?_=1695866482830&CODE_STATE=count HTTP/1.1" 302 -
180.163.30.27 - - [28/Sep/2023:10:02:22 +0800] "GET /xingrg/login.html HTTP/1.1" 200 7641
114.95.241.104 - - [28/Sep/2023:10:02:22 +0800] "GET /xingrg/all/function/internal_message.html?_=1695866542353&CODE_STATE=getMsg HTTP/1.1" 200 27
180.169.147.146 - - [28/Sep/2023:10:02:22 +0800] "GET /xingrg/all/function/internal_message.html?_=1695866542834&CODE_STATE=getMsg HTTP/1.1" 200 27
180.163.29.219 - - [28/Sep/2023:10:02:23 +0800] "GET /xingrg/check_reg.html?_=1695866482831 HTTP/1.1" 302 -
180.163.29.219 - - [28/Sep/2023:10:02:23 +0800] "GET /xingrg/login.html HTTP/1.1" 200 7641
180.163.29.206 - - [28/Sep/2023:10:02:24 +0800] "GET /xingrg/kc/report/report_main.html HTTP/1.1" 302 -
180.163.29.206 - - [28/Sep/2023:10:02:24 +0800] "GET /xingrg/login.html HTTP/1.1" 200 7641
180.163.29.219 - - [28/Sep/2023:10:02:26 +0800] "GET /xingrg/all/report/report_query.html?fileName=kc/buy/gys_amount_base_rest.xml HTTP/1.1" 302 -
180.163.29.219 - - [28/Sep/2023:10:02:26 +0800] "GET /xingrg/login.html HTTP/1.1" 200 7641
222.70.180.200 - - [28/Sep/2023:10:02:26 +0800] "GET /xingrg/all/function/internal_message.html?_=1695866545940&CODE_STATE=getMsg HTTP/1.1" 200 27
222.69.128.235 - - [28/Sep/2023:10:02:27 +0800] "GET /xingrg/all/function/internal_message.html?_=1695866548898&CODE_STATE=getMsg HTTP/1.1" 200 27
222.69.128.235 - - [28/Sep/2023:10:02:27 +0800] "GET /xingrg/check_reg.html?_=1695866548899 HTTP/1.1" 200 22
180.169.147.146 - - [28/Sep/2023:10:02:33 +0800] "GET /xingrg/all/function/internal_message.html?_=1695866549673&CODE_STATE=getMsg HTTP/1.1" 200 27
180.169.147.146 - - [28/Sep/2023:10:02:34 +0800] "GET /xingrg/all/function/internal_message.html?_=1695866550549&CODE_STATE=getMsg HTTP/1.1" 200 27
101.83.145.37 - - [28/Sep/2023:10:02:41 +0800] "GET /xingrg/kc/buy/cgsh_order_operate.html?command=get_materiel&rest_code=00105&code=00102011239&supplier_code=00100151&order_time=2023-09-28 HTTP/1.1" 200 420
116.235.240.218 - - [28/Sep/2023:10:02:47 +0800] "GET /xingrg/all/function/internal_message.html?_=1695866562024&CODE_STATE=getMsg HTTP/1.1" 200 27
114.95.241.104 - - [28/Sep/2023:10:02:55 +0800] "GET /xingrg/all/function/internal_message.html?_=1695866573685&CODE_STATE=getMsg HTTP/1.1" 200 27
180.165.48.189 - - [28/Sep/2023:10:02:55 +0800] "GET /xingrg/all/function/internal_message.html?_=1695866574909&CODE_STATE=getMsg HTTP/1.1" 200 27
222.70.180.200 - - [28/Sep/2023:10:03:00 +0800] "POST /xingrg/kc/buy/cgsh_order_operate.html HTTP/1.1" 200 37
124.78.69.58 - - [28/Sep/2023:10:03:02 +0800] "GET /xingrg/all/function/internal_message.html?_=1695866006754&CODE_STATE=getMsg HTTP/1.1" 200 27
124.78.69.58 - - [28/Sep/2023:10:03:02 +0800] "GET /xingrg/check_reg.html?_=1695866007396 HTTP/1.1" 200 22
116.230.110.33 - - [28/Sep/2023:10:03:05 +0800] "GET /xingrg/all/function/internal_message.html?_=1695866429680&CODE_STATE=getMsg HTTP/1.1" 200 27
222.70.180.200 - - [28/Sep/2023:10:03:06 +0800] "POST /xingrg/kc/buy/cgsh_order_operate.html HTTP/1.1" 200 31058
114.83.220.87 - - [28/Sep/2023:10:03:07 +0800] "GET /xingrg/all/function/internal_message.html?_=1695866586347&CODE_STATE=getMsg HTTP/1.1" 200 27
101.83.145.37 - - [28/Sep/2023:10:03:09 +0800] "GET /xingrg/all/function/internal_message.html?_=1695866590212&CODE_STATE=getMsg HTTP/1.1" 200 27
58.40.7.146 - - [28/Sep/2023:10:03:11 +0800] "GET /xingrg/all/function/internal_message.html?_=1695866589652&CODE_STATE=getMsg HTTP/1.1" 200 27
58.40.7.146 - - [28/Sep/2023:10:03:11 +0800] "GET /xingrg/check_reg.html?_=1695866589653 HTTP/1.1" 200 22
101.83.145.37 - - [28/Sep/2023:10:03:11 +0800] "POST /xingrg/kc/buy/cgsh_order_operate.html HTTP/1.1" 200 37
101.83.145.37 - - [28/Sep/2023:10:03:12 +0800] "POST /xingrg/kc/buy/cgsh_order_operate.html HTTP/1.1" 200 2666
101.83.145.37 - - [28/Sep/2023:10:03:14 +0800] "GET /xingrg/kc/print/load_data.html?order_code=212023092811592&kc_code=cgsh&condition= HTTP/1.1" 200 651
222.70.107.161 - - [28/Sep/2023:10:03:17 +0800] "GET /xingrg/all/function/internal_message.html?_=1695866597604&CODE_STATE=getMsg HTTP/1.1" 200 27
124.78.155.92 - - [28/Sep/2023:10:03:18 +0800] "POST /xingrg/services/DataTransmitService HTTP/1.1" 200 524
180.163.29.217 - - [28/Sep/2023:10:03:21 +0800] "GET /xingrg/all/function/internal_message.html?_=1695866538850&CODE_STATE=getMsg HTTP/1.1" 302 -
180.163.29.217 - - [28/Sep/2023:10:03:21 +0800] "GET /xingrg/login.html HTTP/1.1" 200 7641
124.78.155.92 - - [28/Sep/2023:10:03:21 +0800] "GET /xingrg/check_reg.html?_=1695866598758 HTTP/1.1" 200 22
124.78.155.92 - - [28/Sep/2023:10:03:21 +0800] "GET /xingrg/all/function/internal_message.html?_=1695866598824&CODE_STATE=getMsg HTTP/1.1" 200 27
114.95.241.104 - - [28/Sep/2023:10:03:22 +0800] "GET /xingrg/all/function/internal_message.html?_=1695866602358&CODE_STATE=getMsg HTTP/1.1" 200 27
180.169.147.146 - - [28/Sep/2023:10:03:22 +0800] "GET /xingrg/all/function/internal_message.html?_=1695866602856&CODE_STATE=getMsg HTTP/1.1" 200 27
222.70.180.200 - - [28/Sep/2023:10:03:26 +0800] "GET /xingrg/check_reg.html?_=1695866605978 HTTP/1.1" 200 22
222.70.180.200 - - [28/Sep/2023:10:03:26 +0800] "GET /xingrg/all/function/internal_message.html?_=1695866605968&CODE_STATE=getMsg HTTP/1.1" 200 27
222.69.128.235 - - [28/Sep/2023:10:03:27 +0800] "GET /xingrg/all/function/internal_message.html?_=1695866608884&CODE_STATE=getMsg HTTP/1.1" 200 27
180.169.147.146 - - [28/Sep/2023:10:03:33 +0800] "GET /xingrg/all/function/internal_message.html?_=1695866609671&CODE_STATE=getMsg HTTP/1.1" 200 27
180.169.147.146 - - [28/Sep/2023:10:03:34 +0800] "GET /xingrg/all/function/internal_message.html?_=1695866610548&CODE_STATE=getMsg HTTP/1.1" 200 27
116.235.240.218 - - [28/Sep/2023:10:03:47 +0800] "GET /xingrg/all/function/internal_message.html?_=1695866622037&CODE_STATE=getMsg HTTP/1.1" 200 27
222.70.180.200 - - [28/Sep/2023:10:03:52 +0800] "GET /xingrg/kc/buy/cgsh_order_operate.html?command=get_materiel&rest_code=00111&code=00101008005&supplier_code=00100005&order_time=2023-09-28 HTTP/1.1" 200 412
114.95.241.104 - - [28/Sep/2023:10:03:55 +0800] "GET /xingrg/all/function/internal_message.html?_=1695866633661&CODE_STATE=getMsg HTTP/1.1" 200 27
180.165.48.189 - - [28/Sep/2023:10:03:55 +0800] "GET /xingrg/all/function/internal_message.html?_=1695866634909&CODE_STATE=getMsg HTTP/1.1" 200 27
124.78.69.58 - - [28/Sep/2023:10:04:02 +0800] "GET /xingrg/all/function/internal_message.html?_=1695866066734&CODE_STATE=getMsg HTTP/1.1" 200 27
116.230.110.33 - - [28/Sep/2023:10:04:05 +0800] "GET /xingrg/all/function/internal_message.html?_=1695866489680&CODE_STATE=getMsg HTTP/1.1" 200 27
180.169.147.146 - - [28/Sep/2023:10:04:05 +0800] "GET /xingrg/kc/buy/buy_main.html HTTP/1.1" 200 12412
180.169.147.146 - - [28/Sep/2023:10:04:05 +0800] "GET /xingrg/css/new_ie.css HTTP/1.1" 404 1036
180.169.147.146 - - [28/Sep/2023:10:04:05 +0800] "GET /xingrg/images/yd/bt.gif HTTP/1.1" 404 1040
180.169.147.146 - - [28/Sep/2023:10:04:06 +0800] "GET /xingrg/kc/buy/cgsh_order_list.html HTTP/1.1" 200 56712
114.83.220.87 - - [28/Sep/2023:10:04:07 +0800] "GET /xingrg/all/function/internal_message.html?_=1695866646324&CODE_STATE=getMsg HTTP/1.1" 200 27
101.83.145.37 - - [28/Sep/2023:10:04:09 +0800] "GET /xingrg/all/function/internal_message.html?_=1695866650196&CODE_STATE=getMsg HTTP/1.1" 200 27
58.40.7.146 - - [28/Sep/2023:10:04:11 +0800] "GET /xingrg/all/function/internal_message.html?_=1695866649638&CODE_STATE=getMsg HTTP/1.1" 200 27
222.70.107.161 - - [28/Sep/2023:10:04:17 +0800] "GET /xingrg/all/function/internal_message.html?_=1695866657610&CODE_STATE=getMsg HTTP/1.1" 200 27
222.70.107.161 - - [28/Sep/2023:10:04:17 +0800] "GET /xingrg/check_reg.html?_=1695866657618 HTTP/1.1" 200 22
124.78.155.92 - - [28/Sep/2023:10:04:21 +0800] "GET /xingrg/all/function/internal_message.html?_=1695866658814&CODE_STATE=getMsg HTTP/1.1" 200 27
180.163.29.79 - - [28/Sep/2023:10:04:22 +0800] "GET /xingrg/all/function/internal_message.html?_=1695866602856&CODE_STATE=getMsg HTTP/1.1" 302 -
180.163.29.79 - - [28/Sep/2023:10:04:22 +0800] "GET /xingrg/login.html HTTP/1.1" 200 7641
114.95.241.104 - - [28/Sep/2023:10:04:22 +0800] "GET /xingrg/all/function/internal_message.html?_=1695866662358&CODE_STATE=getMsg HTTP/1.1" 200 27
180.169.147.146 - - [28/Sep/2023:10:04:22 +0800] "GET /xingrg/all/function/internal_message.html?_=1695866662831&CODE_STATE=getMsg HTTP/1.1" 200 27
222.70.180.200 - - [28/Sep/2023:10:04:26 +0800] "GET /xingrg/all/function/internal_message.html?_=1695866665964&CODE_STATE=getMsg HTTP/1.1" 200 27
222.69.128.235 - - [28/Sep/2023:10:04:27 +0800] "GET /xingrg/all/function/internal_message.html?_=1695866668892&CODE_STATE=getMsg HTTP/1.1" 200 27
180.169.147.146 - - [28/Sep/2023:10:04:33 +0800] "GET /xingrg/all/function/internal_message.html?_=1695866669670&CODE_STATE=getMsg HTTP/1.1" 200 27
180.169.147.146 - - [28/Sep/2023:10:04:34 +0800] "GET /xingrg/all/function/internal_message.html?_=1695866670564&CODE_STATE=getMsg HTTP/1.1" 200 27
116.235.240.218 - - [28/Sep/2023:10:04:47 +0800] "GET /xingrg/all/function/internal_message.html?_=1695866682054&CODE_STATE=getMsg HTTP/1.1" 200 27
114.95.241.104 - - [28/Sep/2023:10:04:55 +0800] "GET /xingrg/all/function/internal_message.html?_=1695866693638&CODE_STATE=getMsg HTTP/1.1" 200 27
180.165.48.189 - - [28/Sep/2023:10:04:55 +0800] "GET /xingrg/all/function/internal_message.html?_=1695866694905&CODE_STATE=getMsg HTTP/1.1" 200 27
124.78.69.58 - - [28/Sep/2023:10:05:02 +0800] "GET /xingrg/all/function/internal_message.html?_=1695866126703&CODE_STATE=getMsg HTTP/1.1" 200 27
116.230.110.33 - - [28/Sep/2023:10:05:05 +0800] "GET /xingrg/all/function/internal_message.html?_=1695866549680&CODE_STATE=getMsg HTTP/1.1" 200 27
114.83.220.87 - - [28/Sep/2023:10:05:07 +0800] "GET /xingrg/all/function/internal_message.html?_=1695866706323&CODE_STATE=getMsg HTTP/1.1" 200 27
101.83.145.37 - - [28/Sep/2023:10:05:09 +0800] "GET /xingrg/all/function/internal_message.html?_=1695866710199&CODE_STATE=getMsg HTTP/1.1" 200 27
58.40.7.146 - - [28/Sep/2023:10:05:11 +0800] "GET /xingrg/all/function/internal_message.html?_=1695866709624&CODE_STATE=getMsg HTTP/1.1" 200 27
116.230.110.33 - - [28/Sep/2023:10:05:11 +0800] "GET /xingrg/check_reg.html?_=1695866555744 HTTP/1.1" 200 22
180.169.147.146 - - [28/Sep/2023:10:05:13 +0800] "POST /xingrg/kc/buy/cgsh_list_operate.html HTTP/1.1" 200 6049
222.70.107.161 - - [28/Sep/2023:10:05:17 +0800] "GET /xingrg/all/function/internal_message.html?_=1695866717618&CODE_STATE=getMsg HTTP/1.1" 200 27
124.78.155.92 - - [28/Sep/2023:10:05:21 +0800] "GET /xingrg/all/function/internal_message.html?_=1695866718798&CODE_STATE=getMsg HTTP/1.1" 200 27
114.95.241.104 - - [28/Sep/2023:10:05:22 +0800] "GET /xingrg/check_reg.html?_=1695866722367 HTTP/1.1" 200 22
114.95.241.104 - - [28/Sep/2023:10:05:22 +0800] "GET /xingrg/all/function/internal_message.html?_=1695866722375&CODE_STATE=getMsg HTTP/1.1" 200 27
180.169.147.146 - - [28/Sep/2023:10:05:22 +0800] "GET /xingrg/all/function/internal_message.html?_=1695866722841&CODE_STATE=getMsg HTTP/1.1" 200 27
222.70.180.200 - - [28/Sep/2023:10:05:26 +0800] "GET /xingrg/all/function/internal_message.html?_=1695866725970&CODE_STATE=getMsg HTTP/1.1" 200 27
