116.235.240.32 - - [28/Sep/2023:06:41:11 +0800] "GET /xingrg/javascript/jquery.utils.js HTTP/1.1" 304 -
116.235.240.32 - - [28/Sep/2023:06:41:11 +0800] "GET /favicon.ico HTTP/1.1" 404 -
116.235.240.32 - - [28/Sep/2023:06:41:11 +0800] "GET /xingrg/images/blue/navBackgound.jpg HTTP/1.1" 304 -
116.235.240.32 - - [28/Sep/2023:06:41:11 +0800] "GET /xingrg/javascript/jquery_easy_ui/themes/icons/settle_new.png HTTP/1.1" 304 -
116.235.240.32 - - [28/Sep/2023:06:41:11 +0800] "GET /xingrg/images/blue/pingpu.png HTTP/1.1" 304 -
116.235.240.32 - - [28/Sep/2023:06:41:11 +0800] "GET /xingrg/javascript/jquery_easy_ui/themes/default/images/tabs_leftarrow.png HTTP/1.1" 304 -
116.235.240.32 - - [28/Sep/2023:06:41:11 +0800] "GET /xingrg/javascript/jquery_easy_ui/themes/default/images/tabs_rightarrow.png HTTP/1.1" 304 -
116.235.240.32 - - [28/Sep/2023:06:41:11 +0800] "GET /xingrg/javascript/jquery_easy_ui/themes/default/images/panel_tool_collapse.gif HTTP/1.1" 304 -
116.235.240.32 - - [28/Sep/2023:06:41:11 +0800] "GET /xingrg/all/function/internal_message.html?_=1695854484940&CODE_STATE=count HTTP/1.1" 200 11
116.235.240.32 - - [28/Sep/2023:06:41:11 +0800] "GET /xingrg/check_reg.html?_=1695854484941 HTTP/1.1" 200 22
116.235.240.32 - - [28/Sep/2023:06:41:11 +0800] "POST /xingrg/all/common/load_tree.html?tree=area_rest_tree_json&manage=1 HTTP/1.1" 200 479
116.235.240.32 - - [28/Sep/2023:06:41:11 +0800] "GET /xingrg/javascript/jquery_easy_ui/themes/default/images/tree_arrows.gif HTTP/1.1" 304 -
116.235.240.32 - - [28/Sep/2023:06:41:12 +0800] "POST /xingrg/load_menu.html HTTP/1.1" 200 5138
116.235.240.32 - - [28/Sep/2023:06:41:12 +0800] "GET /xingrg/javascript/jquery_easy_ui/themes/default/images/tree_folder_open.gif HTTP/1.1" 304 -
116.235.240.32 - - [28/Sep/2023:06:41:12 +0800] "GET /xingrg/javascript/jquery_easy_ui/themes/icons/search_new.png HTTP/1.1" 304 -
116.235.240.32 - - [28/Sep/2023:06:41:12 +0800] "GET /xingrg/javascript/jquery_easy_ui/themes/default/images/tree_folder.gif HTTP/1.1" 304 -
116.235.240.32 - - [28/Sep/2023:06:41:12 +0800] "GET /xingrg/javascript/jquery_easy_ui/themes/icons/storage_new.png HTTP/1.1" 304 -
116.235.240.32 - - [28/Sep/2023:06:41:12 +0800] "GET /xingrg/javascript/jquery_easy_ui/themes/icons/forms_new.png HTTP/1.1" 304 -
116.235.240.32 - - [28/Sep/2023:06:41:12 +0800] "GET /xingrg/javascript/jquery_easy_ui/themes/default/images/tree_file.gif HTTP/1.1" 304 -
116.235.240.32 - - [28/Sep/2023:06:41:16 +0800] "GET /xingrg/javascript/jquery_easy_ui/themes/default/images/tabs_close.gif HTTP/1.1" 304 -
116.235.240.32 - - [28/Sep/2023:06:41:17 +0800] "GET /xingrg/kc/buy/cgyd_order_list.html HTTP/1.1" 200 56179
116.235.240.32 - - [28/Sep/2023:06:41:17 +0800] "GET /xingrg/css/base.css HTTP/1.1" 304 -
116.235.240.32 - - [28/Sep/2023:06:41:17 +0800] "GET /xingrg/javascript/jquery_tools/datebox.css HTTP/1.1" 304 -
116.235.240.32 - - [28/Sep/2023:06:41:17 +0800] "GET /xingrg/css/site.css HTTP/1.1" 304 -
116.235.240.32 - - [28/Sep/2023:06:41:17 +0800] "GET /xingrg/javascript/easyui/themes/default/easyui.css HTTP/1.1" 304 -
116.235.240.32 - - [28/Sep/2023:06:41:17 +0800] "GET /xingrg/javascript/auto/jquery.autocomplete.css HTTP/1.1" 304 -
116.235.240.32 - - [28/Sep/2023:06:41:17 +0800] "GET /xingrg/javascript/easyui/themes/icon.css HTTP/1.1" 304 -
116.235.240.32 - - [28/Sep/2023:06:41:17 +0800] "GET /xingrg/javascript/jquery_tools/fix.css HTTP/1.1" 304 -
116.235.240.32 - - [28/Sep/2023:06:41:17 +0800] "GET /xingrg/javascript/jquery_tools/table.css HTTP/1.1" 304 -
116.235.240.32 - - [28/Sep/2023:06:41:17 +0800] "GET /xingrg/javascript/jquery_tools/jquery.tools.min.js HTTP/1.1" 304 -
116.235.240.32 - - [28/Sep/2023:06:41:17 +0800] "GET /xingrg/javascript/jquery_tools/jquery.tools.extend.js HTTP/1.1" 304 -
116.235.240.32 - - [28/Sep/2023:06:41:17 +0800] "GET /xingrg/javascript/jquery_tools/jquery.tools.table.js HTTP/1.1" 304 -
116.235.240.32 - - [28/Sep/2023:06:41:17 +0800] "GET /xingrg/javascript/auto/jquery.autocomplete.js HTTP/1.1" 304 -
116.235.240.32 - - [28/Sep/2023:06:41:17 +0800] "GET /xingrg/javascript/jquery_tools/jquery.tools.hotkey.js HTTP/1.1" 304 -
116.235.240.32 - - [28/Sep/2023:06:41:17 +0800] "GET /xingrg/javascript/easyui/easyloader.js HTTP/1.1" 304 -
116.235.240.32 - - [28/Sep/2023:06:41:17 +0800] "GET /xingrg/javascript/jquery.cookie.js HTTP/1.1" 304 -
116.235.240.32 - - [28/Sep/2023:06:41:17 +0800] "GET /xingrg/javascript/print/LodopFuncs.js HTTP/1.1" 304 -
116.235.240.32 - - [28/Sep/2023:06:41:17 +0800] "GET /xingrg/javascript/jquery_tools/list_manager.js HTTP/1.1" 304 -
116.235.240.32 - - [28/Sep/2023:06:41:17 +0800] "GET /xingrg/javascript/easyui/themes/icons/edit_add_new.png HTTP/1.1" 304 -
116.235.240.32 - - [28/Sep/2023:06:41:17 +0800] "GET /xingrg/javascript/easyui/themes/icons/cance_new.png HTTP/1.1" 304 -
116.235.240.32 - - [28/Sep/2023:06:41:17 +0800] "GET /xingrg/javascript/easyui/themes/icons/field_new.png HTTP/1.1" 304 -
116.235.240.32 - - [28/Sep/2023:06:41:17 +0800] "GET /xingrg/javascript/easyui/themes/icons/check_new.png HTTP/1.1" 304 -
116.235.240.32 - - [28/Sep/2023:06:41:17 +0800] "GET /xingrg/javascript/easyui/themes/icons/import_new.png HTTP/1.1" 304 -
116.235.240.32 - - [28/Sep/2023:06:41:17 +0800] "GET /xingrg/javascript/jquery_easy_ui/themes/icons/area.png HTTP/1.1" 304 -
116.235.240.32 - - [28/Sep/2023:06:41:17 +0800] "GET /xingrg/javascript/jquery_easy_ui/themes/icons/rest.png HTTP/1.1" 304 -
116.235.240.32 - - [28/Sep/2023:06:41:17 +0800] "GET /xingrg/javascript/easyui/plugins/jquery.parser.js HTTP/1.1" 304 -
116.235.240.32 - - [28/Sep/2023:06:41:17 +0800] "GET /xingrg/images/control/ajaxLoader.gif HTTP/1.1" 304 -
116.235.240.32 - - [28/Sep/2023:06:41:18 +0800] "POST /xingrg/kc/buy/cgyd_list_operate.html HTTP/1.1" 200 976
222.70.180.200 - - [28/Sep/2023:06:41:26 +0800] "GET /xingrg/all/function/internal_message.html?_=1695854486108&CODE_STATE=getMsg HTTP/1.1" 200 27
116.235.240.32 - - [28/Sep/2023:06:41:28 +0800] "GET /xingrg/javascript/easyui/themes/default/images/button_plain_hover.png HTTP/1.1" 304 -
116.235.240.32 - - [28/Sep/2023:06:41:28 +0800] "GET /xingrg/javascript/easyui/themes/default/images/button_plain_hover.png HTTP/1.1" 304 -
116.235.240.32 - - [28/Sep/2023:06:41:29 +0800] "GET /xingrg/kc/buy/cgyd_order_add.html HTTP/1.1" 200 65062
116.235.240.32 - - [28/Sep/2023:06:41:29 +0800] "GET /xingrg/javascript/pic_change.js HTTP/1.1" 304 -
116.235.240.32 - - [28/Sep/2023:06:41:29 +0800] "GET /xingrg/javascript/convert.js HTTP/1.1" 304 -
116.235.240.32 - - [28/Sep/2023:06:41:29 +0800] "GET /xingrg/javascript/print/kc_print.js HTTP/1.1" 304 -
116.235.240.32 - - [28/Sep/2023:06:41:29 +0800] "GET /xingrg/javascript/json2.js HTTP/1.1" 304 -
116.235.240.32 - - [28/Sep/2023:06:41:29 +0800] "GET /xingrg/javascript/jquery_tools/order_manager.js HTTP/1.1" 304 -
116.235.240.32 - - [28/Sep/2023:06:41:29 +0800] "GET /xingrg/words/20230927133912_words.js HTTP/1.1" 304 -
116.235.240.32 - - [28/Sep/2023:06:41:29 +0800] "GET /xingrg/javascript/easyui/themes/icons/template_new.png HTTP/1.1" 304 -
116.235.240.32 - - [28/Sep/2023:06:41:29 +0800] "GET /xingrg/javascript/easyui/themes/icons/ok.png HTTP/1.1" 304 -
116.235.240.32 - - [28/Sep/2023:06:41:29 +0800] "GET /xingrg/javascript/easyui/themes/icons/print.png HTTP/1.1" 304 -
116.235.240.32 - - [28/Sep/2023:06:41:29 +0800] "GET /xingrg/javascript/easyui/themes/default/images/menu_downarrow.png HTTP/1.1" 304 -
116.235.240.32 - - [28/Sep/2023:06:41:29 +0800] "GET /xingrg/javascript/easyui/themes/icons/email.png HTTP/1.1" 200 621
116.235.240.32 - - [28/Sep/2023:06:41:29 +0800] "GET /xingrg/javascript/easyui/themes/icons/cancel.png HTTP/1.1" 304 -
116.235.240.32 - - [28/Sep/2023:06:41:29 +0800] "POST /xingrg/kc/buy/cgyd_order_operate.html HTTP/1.1" 200 7066
116.235.240.32 - - [28/Sep/2023:06:41:29 +0800] "GET /xingrg/javascript/easyui/themes/icons/edit_remove.png HTTP/1.1" 304 -
116.235.240.32 - - [28/Sep/2023:06:41:30 +0800] "GET /xingrg/javascript/easyui/themes/default/validatebox.css HTTP/1.1" 404 1104
116.235.240.32 - - [28/Sep/2023:06:41:30 +0800] "GET /xingrg/javascript/easyui/plugins/jquery.validatebox.js HTTP/1.1" 304 -
116.235.240.32 - - [28/Sep/2023:06:41:30 +0800] "GET /xingrg/all/common/auto_word.html?type=base&rest_code=00146 HTTP/1.1" 200 1799
116.235.240.32 - - [28/Sep/2023:06:41:30 +0800] "GET /xingrg/javascript/easyui/plugins/jquery.numberbox.js HTTP/1.1" 304 -
116.235.240.32 - - [28/Sep/2023:06:41:44 +0800] "GET /xingrg/javascript/auto/indicator.gif HTTP/1.1" 404 1066
116.235.240.32 - - [28/Sep/2023:06:41:46 +0800] "GET /xingrg/javascript/jquery_tools/images/prev.gif HTTP/1.1" 404 1086
116.235.240.32 - - [28/Sep/2023:06:41:46 +0800] "GET /xingrg/javascript/jquery_tools/images/next.gif HTTP/1.1" 404 1086
114.95.241.104 - - [28/Sep/2023:06:41:50 +0800] "GET /xingrg/all/function/internal_message.html?_=1695854510374&CODE_STATE=getMsg HTTP/1.1" 200 27
114.95.241.104 - - [28/Sep/2023:06:41:58 +0800] "GET /xingrg/all/function/internal_message.html?_=1695854517181&CODE_STATE=getMsg HTTP/1.1" 200 27
116.235.240.32 - - [28/Sep/2023:06:41:58 +0800] "GET /xingrg/kc/buy/cgyd_order_operate.html?command=get_materiel&rest_code=00146&code=00101019391&supplier_code=00100514 HTTP/1.1" 200 483
120.253.135.82 - - [28/Sep/2023:06:42:02 +0800] "GET /xingrg/check_reg.html?_=1695854325239 HTTP/1.1" 200 22
120.253.135.82 - - [28/Sep/2023:06:42:04 +0800] "GET /xingrg/all/function/internal_message.html?_=1695854326628&CODE_STATE=getMsg HTTP/1.1" 200 27
116.230.110.33 - - [28/Sep/2023:06:42:05 +0800] "GET /xingrg/all/function/internal_message.html?_=1695854369690&CODE_STATE=getMsg HTTP/1.1" 200 27
58.40.7.146 - - [28/Sep/2023:06:42:11 +0800] "GET /xingrg/all/function/internal_message.html?_=1695854529641&CODE_STATE=getMsg HTTP/1.1" 200 27
116.235.240.32 - - [28/Sep/2023:06:42:12 +0800] "GET /xingrg/all/function/internal_message.html?_=1695854544950&CODE_STATE=getMsg HTTP/1.1" 200 27
116.235.240.32 - - [28/Sep/2023:06:42:14 +0800] "GET /xingrg/kc/buy/cgsh_order_list.html HTTP/1.1" 200 56712
114.95.241.104 - - [28/Sep/2023:06:42:14 +0800] "GET /xingrg/check_reg.html?_=1695854533323 HTTP/1.1" 200 22
116.235.240.32 - - [28/Sep/2023:06:42:16 +0800] "POST /xingrg/kc/buy/cgsh_list_operate.html HTTP/1.1" 200 986
116.235.240.32 - - [28/Sep/2023:06:42:19 +0800] "GET /xingrg/kc/buy/cgsh_order_add.html HTTP/1.1" 200 72488
116.235.240.32 - - [28/Sep/2023:06:42:19 +0800] "GET /xingrg/javascript/easyui/themes/icons/copy_new.png HTTP/1.1" 304 -
116.235.240.32 - - [28/Sep/2023:06:42:19 +0800] "POST /xingrg/kc/buy/cgsh_order_operate.html HTTP/1.1" 200 8245
116.235.240.32 - - [28/Sep/2023:06:42:19 +0800] "GET /xingrg/javascript/easyui/themes/default/validatebox.css HTTP/1.1" 404 1104
116.235.240.32 - - [28/Sep/2023:06:42:19 +0800] "GET /xingrg/all/common/auto_word.html?type=employee&rest_code=00146 HTTP/1.1" 200 101
116.235.240.32 - - [28/Sep/2023:06:42:19 +0800] "GET /xingrg/all/common/auto_word.html?type=employee&rest_code=00146 HTTP/1.1" 200 101
222.70.180.200 - - [28/Sep/2023:06:42:26 +0800] "GET /xingrg/all/function/internal_message.html?_=1695854546108&CODE_STATE=getMsg HTTP/1.1" 200 27
222.70.180.200 - - [28/Sep/2023:06:42:37 +0800] "POST /xingrg/services/DataTransmitService HTTP/1.1" 200 524
116.235.240.32 - - [28/Sep/2023:06:42:41 +0800] "GET /xingrg/kc/base/wldb_order_list.html HTTP/1.1" 200 19180
116.235.240.32 - - [28/Sep/2023:06:42:42 +0800] "POST /xingrg/kc/base/wldb_list_operate.html HTTP/1.1" 200 928
116.235.240.32 - - [28/Sep/2023:06:42:43 +0800] "GET /xingrg/kc/base/wldb_order_add.html HTTP/1.1" 200 30463
116.235.240.32 - - [28/Sep/2023:06:42:43 +0800] "POST /xingrg/kc/base/wldb_order_operate.html HTTP/1.1" 200 6806
116.235.240.32 - - [28/Sep/2023:06:42:44 +0800] "GET /xingrg/javascript/easyui/themes/default/validatebox.css HTTP/1.1" 404 1104
114.95.241.104 - - [28/Sep/2023:06:42:50 +0800] "GET /xingrg/all/function/internal_message.html?_=1695854570363&CODE_STATE=getMsg HTTP/1.1" 200 27
114.95.241.104 - - [28/Sep/2023:06:42:58 +0800] "GET /xingrg/all/function/internal_message.html?_=1695854577156&CODE_STATE=getMsg HTTP/1.1" 200 27
116.235.240.32 - - [28/Sep/2023:06:43:02 +0800] "GET /xingrg/kc/base/wldb_order_operate.html?command=get_materiel&rest_code=00146&base_code=0010063&code=00101019391 HTTP/1.1" 200 485
120.253.135.82 - - [28/Sep/2023:06:43:04 +0800] "GET /xingrg/all/function/internal_message.html?_=1695854386751&CODE_STATE=getMsg HTTP/1.1" 200 27
116.230.110.33 - - [28/Sep/2023:06:43:05 +0800] "GET /xingrg/all/function/internal_message.html?_=1695854429691&CODE_STATE=getMsg HTTP/1.1" 200 27
114.95.241.104 - - [28/Sep/2023:06:43:07 +0800] "GET /xingrg/check_reg.html?_=1695854586814 HTTP/1.1" 200 22
58.40.7.146 - - [28/Sep/2023:06:43:11 +0800] "GET /xingrg/check_reg.html?_=1695854589635 HTTP/1.1" 200 22
58.40.7.146 - - [28/Sep/2023:06:43:11 +0800] "GET /xingrg/all/function/internal_message.html?_=1695854589638&CODE_STATE=getMsg HTTP/1.1" 200 27
116.235.240.32 - - [28/Sep/2023:06:43:11 +0800] "GET /xingrg/all/function/internal_message.html?_=1695854604964&CODE_STATE=getMsg HTTP/1.1" 200 27
116.235.240.32 - - [28/Sep/2023:06:43:12 +0800] "GET /xingrg/kc/base/wldb_order_operate.html?command=get_materiel&rest_code=00146&base_code=0010063&code=00101019185 HTTP/1.1" 200 468
116.235.240.32 - - [28/Sep/2023:06:43:21 +0800] "GET /xingrg/kc/base/wldb_order_operate.html?command=get_materiel&rest_code=00146&base_code=0010063&code=00101016094 HTTP/1.1" 200 469
222.70.180.200 - - [28/Sep/2023:06:43:26 +0800] "GET /xingrg/all/function/internal_message.html?_=1695854606111&CODE_STATE=getMsg HTTP/1.1" 200 27
116.235.240.32 - - [28/Sep/2023:06:43:29 +0800] "GET /xingrg/kc/base/wldb_order_operate.html?command=get_materiel&rest_code=00146&base_code=0010063&code=00101019063 HTTP/1.1" 200 461
116.235.240.32 - - [28/Sep/2023:06:43:41 +0800] "GET /xingrg/kc/base/wldb_order_operate.html?command=get_materiel&rest_code=00146&base_code=0010063&code=00101013052 HTTP/1.1" 200 442
114.95.241.104 - - [28/Sep/2023:06:43:50 +0800] "GET /xingrg/all/function/internal_message.html?_=1695854630343&CODE_STATE=getMsg HTTP/1.1" 200 27
114.95.241.104 - - [28/Sep/2023:06:43:58 +0800] "GET /xingrg/all/function/internal_message.html?_=1695854637137&CODE_STATE=getMsg HTTP/1.1" 200 27
116.235.240.32 - - [28/Sep/2023:06:44:00 +0800] "POST /xingrg/kc/base/wldb_order_operate.html HTTP/1.1" 200 37
120.253.135.82 - - [28/Sep/2023:06:44:04 +0800] "GET /xingrg/all/function/internal_message.html?_=1695854446881&CODE_STATE=getMsg HTTP/1.1" 200 27
116.230.110.33 - - [28/Sep/2023:06:44:05 +0800] "GET /xingrg/all/function/internal_message.html?_=1695854489699&CODE_STATE=getMsg HTTP/1.1" 200 27
116.235.240.32 - - [28/Sep/2023:06:44:06 +0800] "POST /xingrg/kc/base/wldb_order_operate.html HTTP/1.1" 200 12
116.235.240.32 - - [28/Sep/2023:06:44:06 +0800] "POST /xingrg/kc/base/wldb_order_operate.html HTTP/1.1" 200 4206
116.235.240.32 - - [28/Sep/2023:06:44:09 +0800] "GET /xingrg/kc/base/wldb_order_info.html?code=422023092802825 HTTP/1.1" 200 26342
116.235.240.32 - - [28/Sep/2023:06:44:10 +0800] "GET /xingrg/javascript/easyui/themes/default/validatebox.css HTTP/1.1" 404 1104
116.235.240.32 - - [28/Sep/2023:06:44:10 +0800] "POST /xingrg/kc/base/wldb_order_operate.html HTTP/1.1" 200 2457
58.40.7.146 - - [28/Sep/2023:06:44:11 +0800] "GET /xingrg/all/function/internal_message.html?_=1695854649629&CODE_STATE=getMsg HTTP/1.1" 200 27
116.235.240.32 - - [28/Sep/2023:06:44:11 +0800] "GET /xingrg/all/function/internal_message.html?_=1695854664978&CODE_STATE=getMsg HTTP/1.1" 200 27
114.95.241.104 - - [28/Sep/2023:06:44:14 +0800] "POST /xingrg/services/DataTransmitService HTTP/1.1" 200 524
222.70.180.200 - - [28/Sep/2023:06:44:26 +0800] "GET /xingrg/all/function/internal_message.html?_=1695854666112&CODE_STATE=getMsg HTTP/1.1" 200 27
222.70.180.200 - - [28/Sep/2023:06:44:26 +0800] "GET /xingrg/check_reg.html?_=1695854666115 HTTP/1.1" 200 22
120.253.135.82 - - [28/Sep/2023:06:44:29 +0800] "POST /xingrg/kc/pszx/mdps_order_operate.html HTTP/1.1" 200 37
120.253.135.82 - - [28/Sep/2023:06:44:30 +0800] "GET /xingrg/kc/pszx/mdps_order_info.html?code=312023092800704 HTTP/1.1" 200 23982
120.253.135.82 - - [28/Sep/2023:06:44:31 +0800] "GET /xingrg/javascript/easyui/themes/default/validatebox.css HTTP/1.1" 404 1104
120.253.135.82 - - [28/Sep/2023:06:44:31 +0800] "POST /xingrg/kc/pszx/mdps_order_operate.html HTTP/1.1" 200 21211
116.235.240.32 - - [28/Sep/2023:06:44:40 +0800] "GET /xingrg/kc/base/wldb_order_add.html HTTP/1.1" 200 30463
116.235.240.32 - - [28/Sep/2023:06:44:40 +0800] "POST /xingrg/kc/base/wldb_order_operate.html HTTP/1.1" 200 6806
116.235.240.32 - - [28/Sep/2023:06:44:40 +0800] "GET /xingrg/javascript/easyui/themes/default/validatebox.css HTTP/1.1" 404 1104
114.95.241.104 - - [28/Sep/2023:06:44:50 +0800] "GET /xingrg/all/function/internal_message.html?_=1695854690313&CODE_STATE=getMsg HTTP/1.1" 200 27
116.235.240.32 - - [28/Sep/2023:06:44:55 +0800] "GET /xingrg/kc/base/wldb_order_operate.html?command=get_materiel&rest_code=00146&base_code=0010063&code=00101019164 HTTP/1.1" 200 464
114.95.241.104 - - [28/Sep/2023:06:44:58 +0800] "GET /xingrg/all/function/internal_message.html?_=1695854697119&CODE_STATE=getMsg HTTP/1.1" 200 27
120.253.135.82 - - [28/Sep/2023:06:45:04 +0800] "GET /xingrg/all/function/internal_message.html?_=1695854506887&CODE_STATE=getMsg HTTP/1.1" 200 27
116.230.110.33 - - [28/Sep/2023:06:45:05 +0800] "GET /xingrg/all/function/internal_message.html?_=1695854549697&CODE_STATE=getMsg HTTP/1.1" 200 27
116.235.240.32 - - [28/Sep/2023:06:45:05 +0800] "GET /xingrg/kc/base/wldb_order_operate.html?command=get_materiel&rest_code=00146&base_code=0010063&code=00101019306 HTTP/1.1" 200 477
58.40.7.146 - - [28/Sep/2023:06:45:11 +0800] "GET /xingrg/all/function/internal_message.html?_=1695854709647&CODE_STATE=getMsg HTTP/1.1" 200 27
116.230.110.33 - - [28/Sep/2023:06:45:11 +0800] "GET /xingrg/check_reg.html?_=1695854556187 HTTP/1.1" 200 22
116.235.240.32 - - [28/Sep/2023:06:45:11 +0800] "GET /xingrg/all/function/internal_message.html?_=1695854724992&CODE_STATE=getMsg HTTP/1.1" 200 27
116.235.240.32 - - [28/Sep/2023:06:45:12 +0800] "GET /xingrg/kc/base/wldb_order_operate.html?command=get_materiel&rest_code=00146&base_code=0010063&code=00101019400 HTTP/1.1" 200 463
116.235.240.32 - - [28/Sep/2023:06:45:24 +0800] "GET /xingrg/kc/base/wldb_order_operate.html?command=get_materiel&rest_code=00146&base_code=0010063&code=00101019091 HTTP/1.1" 200 463
222.70.180.200 - - [28/Sep/2023:06:45:26 +0800] "GET /xingrg/all/function/internal_message.html?_=1695854726112&CODE_STATE=getMsg HTTP/1.1" 200 27
116.235.240.32 - - [28/Sep/2023:06:45:50 +0800] "POST /xingrg/kc/base/wldb_order_operate.html HTTP/1.1" 200 37
114.95.241.104 - - [28/Sep/2023:06:45:50 +0800] "GET /xingrg/all/function/internal_message.html?_=1695854750298&CODE_STATE=getMsg HTTP/1.1" 200 27
116.235.240.32 - - [28/Sep/2023:06:45:56 +0800] "POST /xingrg/kc/base/wldb_order_operate.html HTTP/1.1" 200 12
116.235.240.32 - - [28/Sep/2023:06:45:56 +0800] "POST /xingrg/kc/base/wldb_order_operate.html HTTP/1.1" 200 4205
116.235.240.32 - - [28/Sep/2023:06:45:57 +0800] "GET /xingrg/kc/base/wldb_order_info.html?code=422023092802826 HTTP/1.1" 200 26342
114.95.241.104 - - [28/Sep/2023:06:45:58 +0800] "GET /xingrg/all/function/internal_message.html?_=1695854757093&CODE_STATE=getMsg HTTP/1.1" 200 27
116.235.240.32 - - [28/Sep/2023:06:45:58 +0800] "GET /xingrg/javascript/easyui/themes/default/validatebox.css HTTP/1.1" 404 1104
116.235.240.32 - - [28/Sep/2023:06:45:58 +0800] "POST /xingrg/kc/base/wldb_order_operate.html HTTP/1.1" 200 2458
120.253.135.82 - - [28/Sep/2023:06:46:00 +0800] "POST /xingrg/all/common/load_select.html HTTP/1.1" 200 25
116.235.240.32 - - [28/Sep/2023:06:46:01 +0800] "GET /xingrg/kc/base/wldb_order_add.html HTTP/1.1" 200 30463
116.235.240.32 - - [28/Sep/2023:06:46:01 +0800] "POST /xingrg/kc/base/wldb_order_operate.html HTTP/1.1" 200 6806
116.235.240.32 - - [28/Sep/2023:06:46:01 +0800] "GET /xingrg/javascript/easyui/themes/default/validatebox.css HTTP/1.1" 404 1104
120.253.135.82 - - [28/Sep/2023:06:46:03 +0800] "GET /xingrg/kc/pszx/mdps_order_operate.html?command=get_materiel_price&pszx_code=00101&rest_code=00155&base_code=0010246&code=00101016046&unit_code=00100138&order_time=2023-09-29 HTTP/1.1" 200 35
120.253.135.82 - - [28/Sep/2023:06:46:04 +0800] "GET /xingrg/all/function/internal_message.html?_=1695854566900&CODE_STATE=getMsg HTTP/1.1" 200 27
116.230.110.33 - - [28/Sep/2023:06:46:05 +0800] "GET /xingrg/all/function/internal_message.html?_=1695854609689&CODE_STATE=getMsg HTTP/1.1" 200 27
58.40.7.146 - - [28/Sep/2023:06:46:11 +0800] "GET /xingrg/all/function/internal_message.html?_=1695854769639&CODE_STATE=getMsg HTTP/1.1" 200 27
116.235.240.32 - - [28/Sep/2023:06:46:11 +0800] "GET /xingrg/check_reg.html?_=1695854784942 HTTP/1.1" 200 22
116.235.240.32 - - [28/Sep/2023:06:46:11 +0800] "GET /xingrg/all/function/internal_message.html?_=1695854785004&CODE_STATE=getMsg HTTP/1.1" 200 27
120.253.135.82 - - [28/Sep/2023:06:46:12 +0800] "POST /xingrg/kc/pszx/mdps_order_operate.html HTTP/1.1" 200 37
120.253.135.82 - - [28/Sep/2023:06:46:14 +0800] "GET /xingrg/kc/pszx/mdps_order_info.html?code=312023092800704 HTTP/1.1" 200 23982
120.253.135.82 - - [28/Sep/2023:06:46:14 +0800] "GET /xingrg/javascript/easyui/themes/default/validatebox.css HTTP/1.1" 404 1104
120.253.135.82 - - [28/Sep/2023:06:46:15 +0800] "POST /xingrg/kc/pszx/mdps_order_operate.html HTTP/1.1" 200 21209
116.235.240.32 - - [28/Sep/2023:06:46:17 +0800] "GET /xingrg/kc/base/wldb_order_operate.html?command=get_materiel&rest_code=00146&base_code=0010063&code=00101019438 HTTP/1.1" 200 462
222.70.180.200 - - [28/Sep/2023:06:46:26 +0800] "GET /xingrg/all/function/internal_message.html?_=1695854786111&CODE_STATE=getMsg HTTP/1.1" 200 27
116.235.240.32 - - [28/Sep/2023:06:46:36 +0800] "GET /xingrg/kc/base/wldb_order_operate.html?command=get_materiel&rest_code=00146&base_code=0010063&code=00101019079 HTTP/1.1" 200 479
116.235.240.32 - - [28/Sep/2023:06:46:46 +0800] "GET /xingrg/kc/base/wldb_order_operate.html?command=get_materiel&rest_code=00146&base_code=0010063&code=00101019071 HTTP/1.1" 200 470
114.95.241.104 - - [28/Sep/2023:06:46:50 +0800] "GET /xingrg/all/function/internal_message.html?_=1695854810283&CODE_STATE=getMsg HTTP/1.1" 200 27
114.95.241.104 - - [28/Sep/2023:06:46:58 +0800] "GET /xingrg/all/function/internal_message.html?_=1695854817065&CODE_STATE=getMsg HTTP/1.1" 200 27
120.253.135.82 - - [28/Sep/2023:06:47:02 +0800] "GET /xingrg/check_reg.html?_=1695854625247 HTTP/1.1" 200 22
120.253.135.82 - - [28/Sep/2023:06:47:04 +0800] "GET /xingrg/all/function/internal_message.html?_=1695854626914&CODE_STATE=getMsg HTTP/1.1" 200 27
116.230.110.33 - - [28/Sep/2023:06:47:05 +0800] "GET /xingrg/all/function/internal_message.html?_=1695854669688&CODE_STATE=getMsg HTTP/1.1" 200 27
58.40.7.146 - - [28/Sep/2023:06:47:11 +0800] "GET /xingrg/all/function/internal_message.html?_=1695854829635&CODE_STATE=getMsg HTTP/1.1" 200 27
116.235.240.32 - - [28/Sep/2023:06:47:12 +0800] "GET /xingrg/all/function/internal_message.html?_=1695854845019&CODE_STATE=getMsg HTTP/1.1" 200 27
114.95.241.104 - - [28/Sep/2023:06:47:14 +0800] "GET /xingrg/check_reg.html?_=1695854833326 HTTP/1.1" 200 22
222.70.180.200 - - [28/Sep/2023:06:47:26 +0800] "GET /xingrg/all/function/internal_message.html?_=1695854846116&CODE_STATE=getMsg HTTP/1.1" 200 27
120.253.135.82 - - [28/Sep/2023:06:47:27 +0800] "POST /xingrg/all/common/load_select.html HTTP/1.1" 200 25
120.253.135.82 - - [28/Sep/2023:06:47:30 +0800] "GET /xingrg/kc/pszx/mdps_order_operate.html?command=get_materiel_price&pszx_code=00101&rest_code=00155&base_code=0010246&code=00101019222&unit_code=00100130&order_time=2023-09-29 HTTP/1.1" 200 35
120.253.135.82 - - [28/Sep/2023:06:47:36 +0800] "POST /xingrg/all/common/load_select.html HTTP/1.1" 200 25
120.253.135.82 - - [28/Sep/2023:06:47:39 +0800] "GET /xingrg/kc/pszx/mdps_order_operate.html?command=get_materiel_price&pszx_code=00101&rest_code=00155&base_code=0010246&code=00101019400&unit_code=00100111&order_time=2023-09-29 HTTP/1.1" 200 35
116.235.240.32 - - [28/Sep/2023:06:47:42 +0800] "GET /xingrg/kc/base/wldb_order_operate.html?command=get_materiel&rest_code=00146&base_code=0010063&code=00101019133 HTTP/1.1" 200 480
114.95.241.104 - - [28/Sep/2023:06:47:50 +0800] "GET /xingrg/all/function/internal_message.html?_=1695854870267&CODE_STATE=getMsg HTTP/1.1" 200 27
114.95.241.104 - - [28/Sep/2023:06:47:58 +0800] "GET /xingrg/all/function/internal_message.html?_=1695854877056&CODE_STATE=getMsg HTTP/1.1" 200 27
120.253.135.82 - - [28/Sep/2023:06:48:04 +0800] "GET /xingrg/all/function/internal_message.html?_=1695854686927&CODE_STATE=getMsg HTTP/1.1" 200 27
116.230.110.33 - - [28/Sep/2023:06:48:05 +0800] "GET /xingrg/all/function/internal_message.html?_=1695854729686&CODE_STATE=getMsg HTTP/1.1" 200 27
114.95.241.104 - - [28/Sep/2023:06:48:07 +0800] "GET /xingrg/check_reg.html?_=1695854886823 HTTP/1.1" 200 22
58.40.7.146 - - [28/Sep/2023:06:48:11 +0800] "GET /xingrg/all/function/internal_message.html?_=1695854889633&CODE_STATE=getMsg HTTP/1.1" 200 27
58.40.7.146 - - [28/Sep/2023:06:48:11 +0800] "GET /xingrg/check_reg.html?_=1695854889634 HTTP/1.1" 200 22
116.235.240.32 - - [28/Sep/2023:06:48:12 +0800] "GET /xingrg/all/function/internal_message.html?_=1695854905032&CODE_STATE=getMsg HTTP/1.1" 200 27
222.70.180.200 - - [28/Sep/2023:06:48:26 +0800] "GET /xingrg/all/function/internal_message.html?_=1695854906118&CODE_STATE=getMsg HTTP/1.1" 200 27
116.235.240.32 - - [28/Sep/2023:06:48:42 +0800] "GET /xingrg/kc/base/wldb_order_operate.html?command=get_materiel&rest_code=00146&base_code=0010063&code=00101019142 HTTP/1.1" 200 463
120.253.135.82 - - [28/Sep/2023:06:48:48 +0800] "POST /xingrg/kc/pszx/mdps_order_operate.html HTTP/1.1" 200 37
120.253.135.82 - - [28/Sep/2023:06:48:49 +0800] "GET /xingrg/kc/pszx/mdps_order_info.html?code=312023092800704 HTTP/1.1" 200 23982
120.253.135.82 - - [28/Sep/2023:06:48:50 +0800] "GET /xingrg/javascript/easyui/themes/default/validatebox.css HTTP/1.1" 404 1104
114.95.241.104 - - [28/Sep/2023:06:48:50 +0800] "GET /xingrg/all/function/internal_message.html?_=1695854930260&CODE_STATE=getMsg HTTP/1.1" 200 27
120.253.135.82 - - [28/Sep/2023:06:48:50 +0800] "POST /xingrg/kc/pszx/mdps_order_operate.html HTTP/1.1" 200 21207
120.253.135.82 - - [28/Sep/2023:06:48:53 +0800] "POST /xingrg/kc/pszx/mdps_list_operate.html HTTP/1.1" 200 203
120.253.135.82 - - [28/Sep/2023:06:48:54 +0800] "GET /xingrg/kc/pszx/mdps_order_info.html?code=312023092800705 HTTP/1.1" 200 23982
120.253.135.82 - - [28/Sep/2023:06:48:55 +0800] "GET /xingrg/javascript/easyui/themes/default/validatebox.css HTTP/1.1" 404 1104
120.253.135.82 - - [28/Sep/2023:06:48:55 +0800] "POST /xingrg/kc/pszx/mdps_order_operate.html HTTP/1.1" 200 2290
120.253.135.82 - - [28/Sep/2023:06:48:57 +0800] "POST /xingrg/all/common/load_combo.html?type=base HTTP/1.1" 200 1169
114.95.241.104 - - [28/Sep/2023:06:48:58 +0800] "GET /xingrg/all/function/internal_message.html?_=1695854937030&CODE_STATE=getMsg HTTP/1.1" 200 27
120.253.135.82 - - [28/Sep/2023:06:49:04 +0800] "GET /xingrg/all/function/internal_message.html?_=1695854746941&CODE_STATE=getMsg HTTP/1.1" 200 27
120.253.135.82 - - [28/Sep/2023:06:49:04 +0800] "POST /xingrg/kc/pszx/mdps_order_operate.html HTTP/1.1" 200 37
116.235.240.32 - - [28/Sep/2023:06:49:04 +0800] "GET /xingrg/kc/base/wldb_order_operate.html?command=get_materiel&rest_code=00146&base_code=0010063&code=00101019222 HTTP/1.1" 200 453
116.230.110.33 - - [28/Sep/2023:06:49:05 +0800] "GET /xingrg/all/function/internal_message.html?_=1695854789685&CODE_STATE=getMsg HTTP/1.1" 200 27
120.253.135.82 - - [28/Sep/2023:06:49:05 +0800] "GET /xingrg/kc/pszx/mdps_order_info.html?code=312023092800705 HTTP/1.1" 200 23980
120.253.135.82 - - [28/Sep/2023:06:49:06 +0800] "GET /xingrg/javascript/easyui/themes/default/validatebox.css HTTP/1.1" 404 1104
120.253.135.82 - - [28/Sep/2023:06:49:06 +0800] "POST /xingrg/kc/pszx/mdps_order_operate.html HTTP/1.1" 200 2298
120.253.135.82 - - [28/Sep/2023:06:49:10 +0800] "POST /xingrg/kc/pszx/mdps_list_operate.html HTTP/1.1" 200 3570
58.40.7.146 - - [28/Sep/2023:06:49:11 +0800] "GET /xingrg/all/function/internal_message.html?_=1695854949624&CODE_STATE=getMsg HTTP/1.1" 200 27
116.235.240.32 - - [28/Sep/2023:06:49:12 +0800] "GET /xingrg/all/function/internal_message.html?_=1695854965045&CODE_STATE=getMsg HTTP/1.1" 200 27
120.253.135.82 - - [28/Sep/2023:06:49:12 +0800] "POST /xingrg/kc/pszx/mdps_list_operate.html HTTP/1.1" 200 645
120.253.135.82 - - [28/Sep/2023:06:49:14 +0800] "GET /xingrg/kc/pszx/mdps_order_info.html?code=312023092800706 HTTP/1.1" 200 23982
120.253.135.82 - - [28/Sep/2023:06:49:14 +0800] "GET /xingrg/javascript/easyui/themes/default/validatebox.css HTTP/1.1" 404 1104
120.253.135.82 - - [28/Sep/2023:06:49:15 +0800] "POST /xingrg/kc/pszx/mdps_order_operate.html HTTP/1.1" 200 7726
116.235.240.32 - - [28/Sep/2023:06:49:15 +0800] "GET /xingrg/kc/base/wldb_order_operate.html?command=get_materiel&rest_code=00146&base_code=0010063&code=00101019358 HTTP/1.1" 200 460
120.253.135.82 - - [28/Sep/2023:06:49:16 +0800] "POST /xingrg/all/common/load_combo.html?type=base HTTP/1.1" 200 1169
120.253.135.82 - - [28/Sep/2023:06:49:21 +0800] "POST /xingrg/kc/pszx/mdps_order_operate.html HTTP/1.1" 200 37
120.253.135.82 - - [28/Sep/2023:06:49:22 +0800] "GET /xingrg/kc/pszx/mdps_order_info.html?code=312023092800706 HTTP/1.1" 200 23982
120.253.135.82 - - [28/Sep/2023:06:49:23 +0800] "GET /xingrg/javascript/easyui/themes/default/validatebox.css HTTP/1.1" 404 1104
120.253.135.82 - - [28/Sep/2023:06:49:23 +0800] "POST /xingrg/kc/pszx/mdps_order_operate.html HTTP/1.1" 200 7823
222.70.180.200 - - [28/Sep/2023:06:49:26 +0800] "GET /xingrg/all/function/internal_message.html?_=1695854966114&CODE_STATE=getMsg HTTP/1.1" 200 27
222.70.180.200 - - [28/Sep/2023:06:49:26 +0800] "GET /xingrg/check_reg.html?_=1695854966107 HTTP/1.1" 200 22
116.235.240.32 - - [28/Sep/2023:06:49:26 +0800] "POST /xingrg/kc/base/wldb_order_operate.html HTTP/1.1" 200 37
116.235.240.32 - - [28/Sep/2023:06:49:32 +0800] "POST /xingrg/kc/base/wldb_order_operate.html HTTP/1.1" 200 12
116.235.240.32 - - [28/Sep/2023:06:49:33 +0800] "POST /xingrg/kc/base/wldb_order_operate.html HTTP/1.1" 200 5700
114.95.241.104 - - [28/Sep/2023:06:49:50 +0800] "GET /xingrg/all/function/internal_message.html?_=1695854990250&CODE_STATE=getMsg HTTP/1.1" 200 27
114.95.241.104 - - [28/Sep/2023:06:49:58 +0800] "GET /xingrg/all/function/internal_message.html?_=1695854997003&CODE_STATE=getMsg HTTP/1.1" 200 27
120.253.135.82 - - [28/Sep/2023:06:50:04 +0800] "GET /xingrg/all/function/internal_message.html?_=1695854806955&CODE_STATE=getMsg HTTP/1.1" 200 27
116.230.110.33 - - [28/Sep/2023:06:50:05 +0800] "GET /xingrg/all/function/internal_message.html?_=1695854849685&CODE_STATE=getMsg HTTP/1.1" 200 27
58.40.7.146 - - [28/Sep/2023:06:50:11 +0800] "GET /xingrg/all/function/internal_message.html?_=1695855009634&CODE_STATE=getMsg HTTP/1.1" 200 27
116.230.110.33 - - [28/Sep/2023:06:50:11 +0800] "GET /xingrg/check_reg.html?_=1695854856186 HTTP/1.1" 200 22
116.235.240.32 - - [28/Sep/2023:06:50:12 +0800] "GET /xingrg/all/function/internal_message.html?_=1695855025059&CODE_STATE=getMsg HTTP/1.1" 200 27
116.235.240.32 - - [28/Sep/2023:06:50:12 +0800] "GET /xingrg/kc/base/wldb_order_info.html?code=422023092802827 HTTP/1.1" 200 26342
116.235.240.32 - - [28/Sep/2023:06:50:12 +0800] "GET /xingrg/javascript/easyui/themes/default/validatebox.css HTTP/1.1" 404 1104
116.235.240.32 - - [28/Sep/2023:06:50:12 +0800] "POST /xingrg/kc/base/wldb_order_operate.html HTTP/1.1" 200 3914
120.253.135.82 - - [28/Sep/2023:06:50:13 +0800] "POST /xingrg/kc/pszx/mdps_list_operate.html HTTP/1.1" 200 3570
120.253.135.82 - - [28/Sep/2023:06:50:14 +0800] "POST /xingrg/kc/pszx/mdps_list_operate.html HTTP/1.1" 200 203
120.253.135.82 - - [28/Sep/2023:06:50:15 +0800] "POST /xingrg/kc/pszx/mdps_list_operate.html HTTP/1.1" 200 207
116.235.240.32 - - [28/Sep/2023:06:50:16 +0800] "GET /xingrg/kc/base/wldb_order_add.html HTTP/1.1" 200 30463
116.235.240.32 - - [28/Sep/2023:06:50:17 +0800] "POST /xingrg/kc/base/wldb_order_operate.html HTTP/1.1" 200 6806
116.235.240.32 - - [28/Sep/2023:06:50:17 +0800] "GET /xingrg/javascript/easyui/themes/default/validatebox.css HTTP/1.1" 404 1104
120.253.135.82 - - [28/Sep/2023:06:50:19 +0800] "GET /xingrg/kc/pszx/mdps_order_info.html?code=312023092800707 HTTP/1.1" 200 23982
120.253.135.82 - - [28/Sep/2023:06:50:20 +0800] "GET /xingrg/javascript/easyui/themes/default/validatebox.css HTTP/1.1" 404 1104
120.253.135.82 - - [28/Sep/2023:06:50:20 +0800] "POST /xingrg/kc/pszx/mdps_order_operate.html HTTP/1.1" 200 2272
120.253.135.82 - - [28/Sep/2023:06:50:23 +0800] "POST /xingrg/kc/pszx/mdps_list_operate.html HTTP/1.1" 200 3570
120.253.135.82 - - [28/Sep/2023:06:50:24 +0800] "POST /xingrg/kc/pszx/mdps_list_operate.html HTTP/1.1" 200 207
120.253.135.82 - - [28/Sep/2023:06:50:25 +0800] "GET /xingrg/kc/pszx/mdps_order_info.html?code=312023092400569 HTTP/1.1" 200 23976
120.253.135.82 - - [28/Sep/2023:06:50:26 +0800] "GET /xingrg/javascript/easyui/themes/default/validatebox.css HTTP/1.1" 404 1104
120.253.135.82 - - [28/Sep/2023:06:50:26 +0800] "POST /xingrg/kc/pszx/mdps_order_operate.html HTTP/1.1" 200 2284
222.70.180.200 - - [28/Sep/2023:06:50:26 +0800] "GET /xingrg/all/function/internal_message.html?_=1695855026114&CODE_STATE=getMsg HTTP/1.1" 200 27
120.253.135.82 - - [28/Sep/2023:06:50:29 +0800] "POST /xingrg/kc/pszx/mdps_order_operate.html HTTP/1.1" 200 12
120.253.135.82 - - [28/Sep/2023:06:50:30 +0800] "POST /xingrg/kc/pszx/mdps_list_operate.html HTTP/1.1" 200 3202
116.235.240.32 - - [28/Sep/2023:06:50:32 +0800] "GET /xingrg/kc/base/wldb_order_operate.html?command=get_materiel&rest_code=00146&base_code=0010064&code=00102002448 HTTP/1.1" 200 440
120.253.135.82 - - [28/Sep/2023:06:50:35 +0800] "GET /xingrg/kc/pszx/ps_main.html HTTP/1.1" 200 13401
120.253.135.82 - - [28/Sep/2023:06:50:35 +0800] "GET /xingrg/images/blue/button/fdqpd.gif HTTP/1.1" 304 -
120.253.135.82 - - [28/Sep/2023:06:50:35 +0800] "GET /xingrg/images/blue/bg_dotted.jpg HTTP/1.1" 304 -
120.253.135.82 - - [28/Sep/2023:06:50:35 +0800] "GET /xingrg/images/blue/button/ckpd.gif HTTP/1.1" 304 -
120.253.135.82 - - [28/Sep/2023:06:50:35 +0800] "GET /xingrg/images/blue/button/jzcgd.gif HTTP/1.1" 304 -
120.253.135.82 - - [28/Sep/2023:06:50:35 +0800] "GET /xingrg/images/blue/button/cgydd.gif HTTP/1.1" 304 -
120.253.135.82 - - [28/Sep/2023:06:50:35 +0800] "GET /xingrg/images/blue/button/pszx.gif HTTP/1.1" 304 -
120.253.135.82 - - [28/Sep/2023:06:50:35 +0800] "GET /xingrg/images/blue/button/yddb.gif HTTP/1.1" 304 -
120.253.135.82 - - [28/Sep/2023:06:50:35 +0800] "GET /xingrg/images/blue/button/fdps2.gif HTTP/1.1" 304 -
120.253.135.82 - - [28/Sep/2023:06:50:35 +0800] "GET /xingrg/images/blue/pic_form2.gif HTTP/1.1" 304 -
120.253.135.82 - - [28/Sep/2023:06:50:35 +0800] "GET /xingrg/images/blue/button/right_down_ah.jpg HTTP/1.1" 304 -
120.253.135.82 - - [28/Sep/2023:06:50:35 +0800] "GET /xingrg/images/blue/button/down_ah.jpg HTTP/1.1" 304 -
120.253.135.82 - - [28/Sep/2023:06:50:35 +0800] "GET /xingrg/images/blue/button/left_down_ah.jpg HTTP/1.1" 304 -
120.253.135.82 - - [28/Sep/2023:06:50:35 +0800] "GET /xingrg/images/blue/button/line.jpg HTTP/1.1" 304 -
120.253.135.82 - - [28/Sep/2023:06:50:36 +0800] "GET /xingrg/images/yd/bt.gif HTTP/1.1" 404 1040
120.253.135.82 - - [28/Sep/2023:06:50:38 +0800] "GET /xingrg/kc/pszx/mdqp_order_list.html HTTP/1.1" 200 71597
120.253.135.82 - - [28/Sep/2023:06:50:38 +0800] "GET /xingrg/dwr/interface/AjaxQqpsService.js HTTP/1.1" 200 16326
120.253.135.82 - - [28/Sep/2023:06:50:38 +0800] "GET /xingrg/dwr/interface/AjaxReportQueryService.js HTTP/1.1" 200 13203
120.253.135.82 - - [28/Sep/2023:06:50:38 +0800] "GET /xingrg/dwr/engine.js HTTP/1.1" 200 43631
116.235.240.32 - - [28/Sep/2023:06:50:40 +0800] "GET /xingrg/kc/base/wldb_order_operate.html?command=get_materiel&rest_code=00146&base_code=0010064&code=00102002453 HTTP/1.1" 200 435
120.253.135.82 - - [28/Sep/2023:06:50:41 +0800] "GET /xingrg/kc/pszx/mdqp_order_info.html?code=302023092700581 HTTP/1.1" 200 12921
120.253.135.82 - - [28/Sep/2023:06:50:41 +0800] "GET /xingrg/dwr/interface/AjaxComOrderService.js HTTP/1.1" 200 18264
120.253.135.82 - - [28/Sep/2023:06:50:41 +0800] "GET /xingrg/dwr/engine.js HTTP/1.1" 200 43631
120.253.135.82 - - [28/Sep/2023:06:50:41 +0800] "GET /xingrg/dwr/interface/AjaxQqpsService.js HTTP/1.1" 200 16326
120.253.135.82 - - [28/Sep/2023:06:50:42 +0800] "POST /xingrg/dwr/call/plaincall/AjaxQqpsService.loadMaterielItems.dwr HTTP/1.1" 200 609
120.253.135.82 - - [28/Sep/2023:06:50:45 +0800] "GET /xingrg/kc/pszx/mdqp_order_list.html?isBack=1 HTTP/1.1" 200 71624
120.253.135.82 - - [28/Sep/2023:06:50:45 +0800] "GET /xingrg/dwr/interface/AjaxReportQueryService.js HTTP/1.1" 200 13203
120.253.135.82 - - [28/Sep/2023:06:50:45 +0800] "GET /xingrg/dwr/interface/AjaxQqpsService.js HTTP/1.1" 200 16326
120.253.135.82 - - [28/Sep/2023:06:50:45 +0800] "GET /xingrg/dwr/engine.js HTTP/1.1" 200 43631
120.253.135.82 - - [28/Sep/2023:06:50:48 +0800] "GET /xingrg/kc/pszx/mdqp_order_info.html?code=302023092700582 HTTP/1.1" 200 12921
120.253.135.82 - - [28/Sep/2023:06:50:48 +0800] "GET /xingrg/dwr/interface/AjaxComOrderService.js HTTP/1.1" 200 18264
120.253.135.82 - - [28/Sep/2023:06:50:48 +0800] "GET /xingrg/dwr/interface/AjaxQqpsService.js HTTP/1.1" 200 16326
120.253.135.82 - - [28/Sep/2023:06:50:48 +0800] "GET /xingrg/dwr/engine.js HTTP/1.1" 200 43631
120.253.135.82 - - [28/Sep/2023:06:50:49 +0800] "POST /xingrg/dwr/call/plaincall/AjaxQqpsService.loadMaterielItems.dwr HTTP/1.1" 200 17675
120.253.135.82 - - [28/Sep/2023:06:50:50 +0800] "GET /xingrg/images/yd/bt.gif HTTP/1.1" 404 1040
120.253.135.82 - - [28/Sep/2023:06:50:50 +0800] "GET /xingrg/images/yd/bt2.gif HTTP/1.1" 404 1042
114.95.241.104 - - [28/Sep/2023:06:50:50 +0800] "GET /xingrg/all/function/internal_message.html?_=1695855050239&CODE_STATE=getMsg HTTP/1.1" 200 27
116.235.240.32 - - [28/Sep/2023:06:50:55 +0800] "POST /xingrg/kc/base/wldb_order_operate.html HTTP/1.1" 200 37
114.95.241.104 - - [28/Sep/2023:06:50:58 +0800] "GET /xingrg/all/function/internal_message.html?_=1695855056981&CODE_STATE=getMsg HTTP/1.1" 200 27
116.235.240.32 - - [28/Sep/2023:06:51:00 +0800] "POST /xingrg/kc/base/wldb_order_operate.html HTTP/1.1" 200 12
116.235.240.32 - - [28/Sep/2023:06:51:00 +0800] "POST /xingrg/kc/base/wldb_order_operate.html HTTP/1.1" 200 2665
116.235.240.32 - - [28/Sep/2023:06:51:01 +0800] "GET /xingrg/kc/base/wldb_order_info.html?code=422023092802828 HTTP/1.1" 200 26341
116.235.240.32 - - [28/Sep/2023:06:51:02 +0800] "GET /xingrg/javascript/easyui/themes/default/validatebox.css HTTP/1.1" 404 1104
116.235.240.32 - - [28/Sep/2023:06:51:02 +0800] "POST /xingrg/kc/base/wldb_order_operate.html HTTP/1.1" 200 947
120.253.135.82 - - [28/Sep/2023:06:51:04 +0800] "GET /xingrg/all/function/internal_message.html?_=1695854866969&CODE_STATE=getMsg HTTP/1.1" 200 27
116.235.240.32 - - [28/Sep/2023:06:51:04 +0800] "GET /xingrg/kc/base/wldb_order_add.html HTTP/1.1" 200 30463
116.230.110.33 - - [28/Sep/2023:06:51:05 +0800] "GET /xingrg/all/function/internal_message.html?_=1695854909686&CODE_STATE=getMsg HTTP/1.1" 200 27
116.235.240.32 - - [28/Sep/2023:06:51:05 +0800] "POST /xingrg/kc/base/wldb_order_operate.html HTTP/1.1" 200 6806
116.235.240.32 - - [28/Sep/2023:06:51:05 +0800] "GET /xingrg/javascript/easyui/themes/default/validatebox.css HTTP/1.1" 404 1104
58.40.7.146 - - [28/Sep/2023:06:51:11 +0800] "GET /xingrg/all/function/internal_message.html?_=1695855069644&CODE_STATE=getMsg HTTP/1.1" 200 27
116.235.240.32 - - [28/Sep/2023:06:51:11 +0800] "GET /xingrg/check_reg.html?_=1695855084947 HTTP/1.1" 200 22
116.235.240.32 - - [28/Sep/2023:06:51:12 +0800] "GET /xingrg/all/function/internal_message.html?_=1695855085073&CODE_STATE=getMsg HTTP/1.1" 200 27
116.235.240.32 - - [28/Sep/2023:06:51:19 +0800] "GET /xingrg/kc/base/wldb_order_operate.html?command=get_materiel&rest_code=00146&base_code=0010064&code=00102002497 HTTP/1.1" 200 440
120.253.135.82 - - [28/Sep/2023:06:51:19 +0800] "GET /xingrg/kc/pszx/mdqp_order_list.html?isBack=1 HTTP/1.1" 200 71624
120.253.135.82 - - [28/Sep/2023:06:51:19 +0800] "GET /xingrg/dwr/engine.js HTTP/1.1" 200 43631
120.253.135.82 - - [28/Sep/2023:06:51:19 +0800] "GET /xingrg/dwr/interface/AjaxQqpsService.js HTTP/1.1" 200 16326
120.253.135.82 - - [28/Sep/2023:06:51:19 +0800] "GET /xingrg/dwr/interface/AjaxReportQueryService.js HTTP/1.1" 200 13203
120.253.135.82 - - [28/Sep/2023:06:51:22 +0800] "GET /xingrg/kc/pszx/mdqp_order_list.html?state=10 HTTP/1.1" 200 10711
120.253.135.82 - - [28/Sep/2023:06:51:22 +0800] "GET /xingrg/dwr/interface/AjaxQqpsService.js HTTP/1.1" 200 16326
120.253.135.82 - - [28/Sep/2023:06:51:22 +0800] "GET /xingrg/dwr/engine.js HTTP/1.1" 200 43631
120.253.135.82 - - [28/Sep/2023:06:51:22 +0800] "GET /xingrg/dwr/interface/AjaxReportQueryService.js HTTP/1.1" 200 13203
120.253.135.82 - - [28/Sep/2023:06:51:25 +0800] "GET /xingrg/kc/pszx/mdqp_order_info.html?code=302023092700580 HTTP/1.1" 200 13346
120.253.135.82 - - [28/Sep/2023:06:51:25 +0800] "GET /xingrg/dwr/engine.js HTTP/1.1" 200 43631
120.253.135.82 - - [28/Sep/2023:06:51:25 +0800] "GET /xingrg/dwr/interface/AjaxQqpsService.js HTTP/1.1" 200 16326
120.253.135.82 - - [28/Sep/2023:06:51:25 +0800] "GET /xingrg/dwr/interface/AjaxComOrderService.js HTTP/1.1" 200 18264
120.253.135.82 - - [28/Sep/2023:06:51:26 +0800] "POST /xingrg/dwr/call/plaincall/AjaxQqpsService.loadMaterielItems.dwr HTTP/1.1" 200 2579
222.70.180.200 - - [28/Sep/2023:06:51:26 +0800] "GET /xingrg/all/function/internal_message.html?_=1695855086118&CODE_STATE=getMsg HTTP/1.1" 200 27
116.235.240.32 - - [28/Sep/2023:06:51:33 +0800] "POST /xingrg/kc/base/wldb_order_operate.html HTTP/1.1" 200 37
116.235.240.32 - - [28/Sep/2023:06:51:38 +0800] "POST /xingrg/kc/base/wldb_order_operate.html HTTP/1.1" 200 12
116.235.240.32 - - [28/Sep/2023:06:51:38 +0800] "POST /xingrg/kc/base/wldb_order_operate.html HTTP/1.1" 200 2187
116.235.240.32 - - [28/Sep/2023:06:51:40 +0800] "GET /xingrg/kc/base/wldb_order_info.html?code=422023092802829 HTTP/1.1" 200 26340
116.235.240.32 - - [28/Sep/2023:06:51:41 +0800] "GET /xingrg/javascript/easyui/themes/default/validatebox.css HTTP/1.1" 404 1104
116.235.240.32 - - [28/Sep/2023:06:51:41 +0800] "POST /xingrg/kc/base/wldb_order_operate.html HTTP/1.1" 200 482
116.235.240.32 - - [28/Sep/2023:06:51:44 +0800] "GET /xingrg/kc/base/wldb_order_add.html HTTP/1.1" 200 30463
116.235.240.32 - - [28/Sep/2023:06:51:45 +0800] "POST /xingrg/kc/base/wldb_order_operate.html HTTP/1.1" 200 6806
116.235.240.32 - - [28/Sep/2023:06:51:45 +0800] "GET /xingrg/javascript/easyui/themes/default/validatebox.css HTTP/1.1" 404 1104
114.95.241.104 - - [28/Sep/2023:06:51:50 +0800] "GET /xingrg/all/function/internal_message.html?_=1695855110210&CODE_STATE=getMsg HTTP/1.1" 200 27
120.253.135.82 - - [28/Sep/2023:06:51:55 +0800] "GET /xingrg/images/yd/bt.gif HTTP/1.1" 404 1040
120.253.135.82 - - [28/Sep/2023:06:51:55 +0800] "GET /xingrg/images/yd/bt2.gif HTTP/1.1" 404 1042
114.95.241.104 - - [28/Sep/2023:06:51:58 +0800] "GET /xingrg/all/function/internal_message.html?_=1695855116959&CODE_STATE=getMsg HTTP/1.1" 200 27
120.253.135.82 - - [28/Sep/2023:06:51:58 +0800] "GET /xingrg/kc/report/report_main.html HTTP/1.1" 200 8599
120.253.135.82 - - [28/Sep/2023:06:51:58 +0800] "GET /xingrg/javascript/jquery_ui/themes/humanity/humanity.css HTTP/1.1" 304 -
120.253.135.82 - - [28/Sep/2023:06:51:59 +0800] "GET /xingrg/kc/base/kc_stocks.html HTTP/1.1" 200 16506
120.253.135.82 - - [28/Sep/2023:06:51:59 +0800] "GET /xingrg/javascript/easyui/themes/sunny/easyui.css HTTP/1.1" 304 -
120.253.135.82 - - [28/Sep/2023:06:52:00 +0800] "GET /xingrg/javascript/easyui/plugins/jquery.draggable.js HTTP/1.1" 304 -
120.253.135.82 - - [28/Sep/2023:06:52:00 +0800] "GET /xingrg/javascript/easyui/plugins/jquery.droppable.js HTTP/1.1" 304 -
120.253.135.82 - - [28/Sep/2023:06:52:00 +0800] "GET /xingrg/javascript/easyui/themes/default/tree.css HTTP/1.1" 404 1090
120.253.135.82 - - [28/Sep/2023:06:52:00 +0800] "GET /xingrg/javascript/easyui/plugins/jquery.tree.js HTTP/1.1" 304 -
120.253.135.82 - - [28/Sep/2023:06:52:00 +0800] "POST /xingrg/all/common/load_tree.html?tree=materiel_sort_tree_json HTTP/1.1" 200 9500
120.253.135.82 - - [28/Sep/2023:06:52:01 +0800] "POST /xingrg/all/common/load_combo.html?type=base HTTP/1.1" 200 1169
116.235.240.32 - - [28/Sep/2023:06:52:02 +0800] "GET /xingrg/kc/base/wldb_order_operate.html?command=get_materiel&rest_code=00146&base_code=0010064&code=00102002204 HTTP/1.1" 200 447
120.253.135.82 - - [28/Sep/2023:06:52:02 +0800] "GET /xingrg/check_reg.html?_=1695854925250 HTTP/1.1" 200 22
120.253.135.82 - - [28/Sep/2023:06:52:04 +0800] "GET /xingrg/all/function/internal_message.html?_=1695854926982&CODE_STATE=getMsg HTTP/1.1" 200 27
116.230.110.33 - - [28/Sep/2023:06:52:05 +0800] "GET /xingrg/all/function/internal_message.html?_=1695854969693&CODE_STATE=getMsg HTTP/1.1" 200 27
58.40.7.146 - - [28/Sep/2023:06:52:11 +0800] "GET /xingrg/all/function/internal_message.html?_=1695855129638&CODE_STATE=getMsg HTTP/1.1" 200 27
116.235.240.32 - - [28/Sep/2023:06:52:12 +0800] "GET /xingrg/all/function/internal_message.html?_=1695855145086&CODE_STATE=getMsg HTTP/1.1" 200 27
114.95.241.104 - - [28/Sep/2023:06:52:14 +0800] "GET /xingrg/check_reg.html?_=1695855133332 HTTP/1.1" 200 22
120.253.135.82 - - [28/Sep/2023:06:52:15 +0800] "POST /xingrg/kc/base/stock_operate.html HTTP/1.1" 200 1448
120.253.135.82 - - [28/Sep/2023:06:52:15 +0800] "GET /xingrg/javascript/jquery_tools/fix_table.js HTTP/1.1" 304 -
116.235.240.32 - - [28/Sep/2023:06:52:16 +0800] "POST /xingrg/kc/base/wldb_order_operate.html HTTP/1.1" 200 37
116.235.240.32 - - [28/Sep/2023:06:52:22 +0800] "POST /xingrg/kc/base/wldb_order_operate.html HTTP/1.1" 200 12
116.235.240.32 - - [28/Sep/2023:06:52:22 +0800] "POST /xingrg/kc/base/wldb_order_operate.html HTTP/1.1" 200 2198
120.253.135.82 - - [28/Sep/2023:06:52:22 +0800] "POST /xingrg/kc/base/stock_operate.html HTTP/1.1" 200 2973
222.70.180.200 - - [28/Sep/2023:06:52:26 +0800] "GET /xingrg/all/function/internal_message.html?_=1695855146132&CODE_STATE=getMsg HTTP/1.1" 200 27
116.235.240.32 - - [28/Sep/2023:06:52:31 +0800] "GET /xingrg/kc/base/wldb_order_info.html?code=422023092802830 HTTP/1.1" 200 26341
116.235.240.32 - - [28/Sep/2023:06:52:32 +0800] "GET /xingrg/javascript/easyui/themes/default/validatebox.css HTTP/1.1" 404 1104
116.235.240.32 - - [28/Sep/2023:06:52:32 +0800] "POST /xingrg/kc/base/wldb_order_operate.html HTTP/1.1" 200 492
114.95.241.104 - - [28/Sep/2023:06:52:50 +0800] "GET /xingrg/all/function/internal_message.html?_=1695855170187&CODE_STATE=getMsg HTTP/1.1" 200 27
120.253.135.82 - - [28/Sep/2023:06:52:52 +0800] "POST /xingrg/kc/base/stock_operate.html HTTP/1.1" 200 1991
114.95.241.104 - - [28/Sep/2023:06:52:58 +0800] "GET /xingrg/all/function/internal_message.html?_=1695855176937&CODE_STATE=getMsg HTTP/1.1" 200 27
120.253.135.82 - - [28/Sep/2023:06:53:04 +0800] "GET /xingrg/all/function/internal_message.html?_=1695854986995&CODE_STATE=getMsg HTTP/1.1" 200 27
116.230.110.33 - - [28/Sep/2023:06:53:05 +0800] "GET /xingrg/all/function/internal_message.html?_=1695855029692&CODE_STATE=getMsg HTTP/1.1" 200 27
114.95.241.104 - - [28/Sep/2023:06:53:07 +0800] "GET /xingrg/check_reg.html?_=1695855186855 HTTP/1.1" 200 22
58.40.7.146 - - [28/Sep/2023:06:53:11 +0800] "GET /xingrg/check_reg.html?_=1695855189631 HTTP/1.1" 200 22
58.40.7.146 - - [28/Sep/2023:06:53:11 +0800] "GET /xingrg/all/function/internal_message.html?_=1695855189632&CODE_STATE=getMsg HTTP/1.1" 200 27
116.235.240.32 - - [28/Sep/2023:06:53:12 +0800] "GET /xingrg/all/function/internal_message.html?_=1695855205101&CODE_STATE=getMsg HTTP/1.1" 200 27
222.70.180.200 - - [28/Sep/2023:06:53:26 +0800] "GET /xingrg/all/function/internal_message.html?_=1695855206139&CODE_STATE=getMsg HTTP/1.1" 200 27
114.95.241.104 - - [28/Sep/2023:06:53:50 +0800] "GET /xingrg/all/function/internal_message.html?_=1695855230163&CODE_STATE=getMsg HTTP/1.1" 200 27
101.93.221.32 - - [28/Sep/2023:06:53:50 +0800] "POST /xingrg/services/DataTransmitService HTTP/1.1" 200 524
114.95.241.104 - - [28/Sep/2023:06:53:58 +0800] "GET /xingrg/all/function/internal_message.html?_=1695855236917&CODE_STATE=getMsg HTTP/1.1" 200 27
120.253.135.82 - - [28/Sep/2023:06:54:04 +0800] "GET /xingrg/all/function/internal_message.html?_=1695855047009&CODE_STATE=getMsg HTTP/1.1" 200 27
116.230.110.33 - - [28/Sep/2023:06:54:05 +0800] "GET /xingrg/all/function/internal_message.html?_=1695855089689&CODE_STATE=getMsg HTTP/1.1" 200 27
58.40.7.146 - - [28/Sep/2023:06:54:11 +0800] "GET /xingrg/all/function/internal_message.html?_=1695855249649&CODE_STATE=getMsg HTTP/1.1" 200 27
116.235.240.32 - - [28/Sep/2023:06:54:12 +0800] "GET /xingrg/all/function/internal_message.html?_=1695855265113&CODE_STATE=getMsg HTTP/1.1" 200 27
222.70.180.200 - - [28/Sep/2023:06:54:26 +0800] "GET /xingrg/check_reg.html?_=1695855266138 HTTP/1.1" 200 22
222.70.180.200 - - [28/Sep/2023:06:54:26 +0800] "GET /xingrg/all/function/internal_message.html?_=1695855266141&CODE_STATE=getMsg HTTP/1.1" 200 27
114.95.241.104 - - [28/Sep/2023:06:54:50 +0800] "GET /xingrg/all/function/internal_message.html?_=1695855290147&CODE_STATE=getMsg HTTP/1.1" 200 27
114.95.241.104 - - [28/Sep/2023:06:54:58 +0800] "GET /xingrg/all/function/internal_message.html?_=1695855296893&CODE_STATE=getMsg HTTP/1.1" 200 27
120.253.135.82 - - [28/Sep/2023:06:55:04 +0800] "GET /xingrg/all/function/internal_message.html?_=1695855107167&CODE_STATE=getMsg HTTP/1.1" 200 27
116.230.110.33 - - [28/Sep/2023:06:55:05 +0800] "GET /xingrg/all/function/internal_message.html?_=1695855149693&CODE_STATE=getMsg HTTP/1.1" 200 27
