116.230.110.33 - - [28/Sep/2023:10:40:11 +0800] "GET /xingrg/check_reg.html?_=1695868655657 HTTP/1.1" 200 22
218.81.72.120 - - [28/Sep/2023:10:40:12 +0800] "GET /xingrg/all/function/internal_message.html?_=1695868811858&CODE_STATE=getMsg HTTP/1.1" 200 27
124.78.155.92 - - [28/Sep/2023:10:40:14 +0800] "GET /xingrg/kc/base/wldb_order_operate.html?command=get_materiel&rest_code=00106&base_code=0010396&code=00101013052 HTTP/1.1" 200 443
222.70.107.161 - - [28/Sep/2023:10:40:17 +0800] "GET /xingrg/all/function/internal_message.html?_=1695868817687&CODE_STATE=getMsg HTTP/1.1" 200 27
180.163.28.114 - - [28/Sep/2023:10:40:20 +0800] "GET /xingrg/all/function/internal_message.html?_=1695868758220&CODE_STATE=getMsg HTTP/1.1" 302 -
180.163.28.114 - - [28/Sep/2023:10:40:20 +0800] "GET /xingrg/login.html HTTP/1.1" 200 7641
124.78.155.92 - - [28/Sep/2023:10:40:20 +0800] "GET /xingrg/all/function/internal_message.html?_=1695868818191&CODE_STATE=getMsg HTTP/1.1" 200 27
120.253.135.82 - - [28/Sep/2023:10:40:23 +0800] "POST /xingrg/kc/pszx/mdps_order_operate.html HTTP/1.1" 200 37
58.39.107.54 - - [28/Sep/2023:10:40:23 +0800] "GET /xingrg/all/function/internal_message.html?_=1695868823644&CODE_STATE=getMsg HTTP/1.1" 200 27
120.253.135.82 - - [28/Sep/2023:10:40:24 +0800] "GET /xingrg/kc/pszx/mdps_order_info.html?code=312023092800698 HTTP/1.1" 200 23982
120.253.135.82 - - [28/Sep/2023:10:40:25 +0800] "GET /xingrg/javascript/easyui/themes/default/validatebox.css HTTP/1.1" 404 1104
120.253.135.82 - - [28/Sep/2023:10:40:26 +0800] "POST /xingrg/kc/pszx/mdps_order_operate.html HTTP/1.1" 200 30710
222.70.180.200 - - [28/Sep/2023:10:40:26 +0800] "GET /xingrg/all/function/internal_message.html?_=1695868826021&CODE_STATE=getMsg HTTP/1.1" 200 27
124.78.155.92 - - [28/Sep/2023:10:40:26 +0800] "GET /xingrg/all/function/internal_message.html?_=1695868828324&CODE_STATE=getMsg HTTP/1.1" 200 27
124.78.155.92 - - [28/Sep/2023:10:40:26 +0800] "GET /xingrg/kc/base/wldb_order_operate.html?command=get_materiel&rest_code=00106&base_code=0010396&code=00101013081 HTTP/1.1" 200 430
222.69.128.235 - - [28/Sep/2023:10:40:27 +0800] "GET /xingrg/all/function/internal_message.html?_=1695868828898&CODE_STATE=getMsg HTTP/1.1" 200 27
180.169.147.146 - - [28/Sep/2023:10:40:33 +0800] "GET /xingrg/all/function/internal_message.html?_=1695868829743&CODE_STATE=getMsg HTTP/1.1" 200 27
180.169.147.146 - - [28/Sep/2023:10:40:34 +0800] "GET /xingrg/all/function/internal_message.html?_=1695868830704&CODE_STATE=getMsg HTTP/1.1" 200 27
114.83.220.87 - - [28/Sep/2023:10:40:35 +0800] "GET /xingrg/all/function/internal_message.html?_=1695868835606&CODE_STATE=getMsg HTTP/1.1" 200 27
180.152.241.196 - - [28/Sep/2023:10:40:36 +0800] "GET /xingrg/all/function/internal_message.html?_=1695868854186&CODE_STATE=getMsg HTTP/1.1" 200 27
218.81.72.120 - - [28/Sep/2023:10:40:39 +0800] "GET /xingrg/kc/base/crk_hz.html?_=1695868839160&command=get_cost_id&end_date=2023-09-30&start_date=2023-09-01 HTTP/1.1" 200 51
218.81.72.120 - - [28/Sep/2023:10:40:39 +0800] "GET /xingrg/all/report/report_query.html?isQuery=1&onlyBody=1&rh=99999&rw=1800&varString=start:20230901,cost_id:4562,mid:20230901&fileName=kc/base/crk_hz_type_by_base.xml&queryString=%20a.base_code%20in%20('0010137','0010138')%20&queryText=ÈÕÆÚ£º2023-09-01ÖÁ2023-09-30%20²Ö¿â£º°Ę́,ÊÕÒø&tableQueryString=materiel_table$sp1$$sp$before_table$sp1$$sp$crk_table$sp1$order_day%20between%2020230901%20and%2020230930 HTTP/1.1" 200 49413
218.81.72.120 - - [28/Sep/2023:10:40:39 +0800] "GET /xingrg/dwr/interface/AjaxReportQueryService.js HTTP/1.1" 200 13203
218.81.72.120 - - [28/Sep/2023:10:40:39 +0800] "GET /xingrg/dwr/engine.js HTTP/1.1" 200 43631
218.81.72.120 - - [28/Sep/2023:10:40:43 +0800] "POST /xingrg/all/report/load_report_page.html HTTP/1.1" 200 118440
218.81.72.120 - - [28/Sep/2023:10:40:43 +0800] "GET /xingrg/servlets/image?cache=0.31013694509309975&image=px HTTP/1.1" 200 807
180.169.147.146 - - [28/Sep/2023:10:40:43 +0800] "GET /xingrg/check_reg.html?_=1695868839877 HTTP/1.1" 200 22
116.235.240.218 - - [28/Sep/2023:10:40:47 +0800] "GET /xingrg/all/function/internal_message.html?_=1695868842540&CODE_STATE=getMsg HTTP/1.1" 200 27
101.83.145.37 - - [28/Sep/2023:10:40:48 +0800] "GET /xingrg/all/function/internal_message.html?_=1695868849950&CODE_STATE=getMsg HTTP/1.1" 200 27
218.81.72.120 - - [28/Sep/2023:10:40:49 +0800] "GET /xingrg/all/report/report_query.html?isQuery=1&fileName=kc/base/crk_detail_by_small.xml&rh=99999&queryString=&queryText=%25E3%2580%2590%25E4%25BB%2593%25E5%25BA%2593%25E5%2590%258D%25E7%25A7%25B0%253A%25E6%2594%25B6%25E9%2593%25B6%25E3%2580%2591%25E3%2580%2590%25E4%25B8%259A%25E5%258A%25A1%25E7%25B1%25BB%25E5%259E%258B%25EF%25BC%259A%25E5%2586%2585%25E9%2583%25A8%25E8%25B0%2583%25E5%2585%25A5%25E3%2580%2591%2520%253F%253F%253F%253F%253F2023-09-01%253F%253F2023-09-30%2520%253F%253F%253F%253F%253F%253F%252C%253F%253F%253F%253F&tableQueryString=crk_table%2524sp1%2524order_day%2520between%252020230901%2520and%252020230930%2520and%2520(base_code%253D'0010138')%2520and%2520(src_order_type%2520in%2520(42))%2520and%2520(is_rk%2520in%2520(1)) HTTP/1.1" 200 53786
218.81.72.120 - - [28/Sep/2023:10:40:50 +0800] "GET /xingrg/dwr/interface/AjaxReportQueryService.js HTTP/1.1" 200 13203
218.81.72.120 - - [28/Sep/2023:10:40:50 +0800] "GET /xingrg/dwr/engine.js HTTP/1.1" 200 43631
218.81.72.120 - - [28/Sep/2023:10:40:50 +0800] "POST /xingrg/all/report/load_report_page.html HTTP/1.1" 200 28083
218.81.72.120 - - [28/Sep/2023:10:40:50 +0800] "GET /xingrg/servlets/image?cache=0.5630423768728211&image=px HTTP/1.1" 200 807
180.169.147.146 - - [28/Sep/2023:10:40:53 +0800] "GET /xingrg/all/function/internal_message.html?_=1695868853148&CODE_STATE=getMsg HTTP/1.1" 200 27
180.163.28.143 - - [28/Sep/2023:10:40:53 +0800] "GET /xingrg/all/function/internal_message.html?_=1695868793153&CODE_STATE=getMsg HTTP/1.1" 302 -
180.169.147.146 - - [28/Sep/2023:10:40:53 +0800] "GET /xingrg/check_reg.html?_=1695868853153 HTTP/1.1" 200 22
180.163.28.143 - - [28/Sep/2023:10:40:53 +0800] "GET /xingrg/login.html HTTP/1.1" 200 7641
218.81.72.120 - - [28/Sep/2023:10:40:53 +0800] "POST /xingrg/all/report/load_report_page.html HTTP/1.1" 200 78157
218.81.72.120 - - [28/Sep/2023:10:40:53 +0800] "GET /xingrg/servlets/image?cache=0.95575475863247&image=px HTTP/1.1" 200 807
114.95.241.104 - - [28/Sep/2023:10:40:54 +0800] "GET /xingrg/all/function/internal_message.html?_=1695868852913&CODE_STATE=getMsg HTTP/1.1" 200 27
180.165.48.189 - - [28/Sep/2023:10:40:55 +0800] "GET /xingrg/check_reg.html?_=1695868854893 HTTP/1.1" 200 22
124.78.155.92 - - [28/Sep/2023:10:40:55 +0800] "GET /xingrg/kc/buy/cgsh_order_operate.html?command=get_materiel&rest_code=00106&code=00101008361&supplier_code=00100007&order_time=2023-09-28 HTTP/1.1" 200 408
180.165.48.189 - - [28/Sep/2023:10:40:55 +0800] "GET /xingrg/all/function/internal_message.html?_=1695868854895&CODE_STATE=getMsg HTTP/1.1" 200 27
218.81.72.120 - - [28/Sep/2023:10:40:58 +0800] "GET /xingrg/all/report/report_query.html?isQuery=1&fileName=kc/base/crk_detail_by_small.xml&rh=99999&queryString=&queryText=%25E3%2580%2590%25E4%25BB%2593%25E5%25BA%2593%25E5%2590%258D%25E7%25A7%25B0%253A%25E5%2590%25A7%25E5%258F%25B0%25E3%2580%2591%25E3%2580%2590%25E4%25B8%259A%25E5%258A%25A1%25E7%25B1%25BB%25E5%259E%258B%25EF%25BC%259A%25E5%2586%2585%25E9%2583%25A8%25E8%25B0%2583%25E5%2585%25A5%25E3%2580%2591%2520%253F%253F%253F%253F%253F2023-09-01%253F%253F2023-09-30%2520%253F%253F%253F%253F%253F%253F%252C%253F%253F%253F%253F&tableQueryString=crk_table%2524sp1%2524order_day%2520between%252020230901%2520and%252020230930%2520and%2520(base_code%253D'0010137')%2520and%2520(src_order_type%2520in%2520(42))%2520and%2520(is_rk%2520in%2520(1)) HTTP/1.1" 200 53786
218.81.72.120 - - [28/Sep/2023:10:40:58 +0800] "GET /xingrg/dwr/interface/AjaxReportQueryService.js HTTP/1.1" 200 13203
218.81.72.120 - - [28/Sep/2023:10:40:58 +0800] "GET /xingrg/dwr/engine.js HTTP/1.1" 200 43631
218.81.72.120 - - [28/Sep/2023:10:40:59 +0800] "POST /xingrg/all/report/load_report_page.html HTTP/1.1" 200 13884
218.81.72.120 - - [28/Sep/2023:10:40:59 +0800] "GET /xingrg/servlets/image?cache=0.7996807155685793&image=px HTTP/1.1" 200 807
218.81.72.120 - - [28/Sep/2023:10:41:00 +0800] "POST /xingrg/all/report/load_report_page.html HTTP/1.1" 200 25900
218.81.72.120 - - [28/Sep/2023:10:41:00 +0800] "GET /xingrg/servlets/image?cache=0.12317779276233376&image=px HTTP/1.1" 200 807
124.78.69.58 - - [28/Sep/2023:10:41:01 +0800] "GET /xingrg/all/function/internal_message.html?_=1695868285917&CODE_STATE=getMsg HTTP/1.1" 200 27
124.78.155.92 - - [28/Sep/2023:10:41:02 +0800] "GET /xingrg/kc/base/wldb_order_operate.html?command=get_materiel&rest_code=00106&base_code=0010396&code=00101016001 HTTP/1.1" 200 458
116.230.110.33 - - [28/Sep/2023:10:41:05 +0800] "GET /xingrg/all/function/internal_message.html?_=1695868709382&CODE_STATE=getMsg HTTP/1.1" 200 27
218.81.72.120 - - [28/Sep/2023:10:41:06 +0800] "GET /xingrg/check_reg.html?_=1695868864630 HTTP/1.1" 200 22
218.81.72.120 - - [28/Sep/2023:10:41:06 +0800] "GET /xingrg/all/common/get_data_part.html?part=previousMonth&_=1695868866509 HTTP/1.1" 200 41
114.83.220.87 - - [28/Sep/2023:10:41:07 +0800] "GET /xingrg/all/function/internal_message.html?_=1695868865623&CODE_STATE=getMsg HTTP/1.1" 200 27
114.83.220.87 - - [28/Sep/2023:10:41:08 +0800] "GET /xingrg/check_reg.html?_=1695868867034 HTTP/1.1" 200 22
222.70.180.200 - - [28/Sep/2023:10:41:09 +0800] "GET /xingrg/check_reg.html?_=1695869097114 HTTP/1.1" 200 22
222.70.180.200 - - [28/Sep/2023:10:41:09 +0800] "GET /xingrg/all/function/internal_message.html?_=1695869097118&CODE_STATE=getMsg HTTP/1.1" 200 27
218.81.72.120 - - [28/Sep/2023:10:41:09 +0800] "GET /xingrg/kc/base/crk_hz.html?_=1695868869296&command=get_cost_id&end_date=2023-08-31&start_date=2023-08-01 HTTP/1.1" 200 51
218.81.72.120 - - [28/Sep/2023:10:41:09 +0800] "GET /xingrg/all/report/report_query.html?isQuery=1&onlyBody=1&rh=99999&rw=1800&varString=start:20230801,cost_id:4516,mid:20230801&fileName=kc/base/crk_hz_type_by_base.xml&queryString=%20a.base_code%20in%20('0010137','0010138')%20&queryText=ÈÕÆÚ£º2023-08-01ÖÁ2023-08-31%20²Ö¿â£º°Ę́,ÊÕÒø&tableQueryString=materiel_table$sp1$$sp$before_table$sp1$$sp$crk_table$sp1$order_day%20between%2020230801%20and%2020230831 HTTP/1.1" 200 49413
218.81.72.120 - - [28/Sep/2023:10:41:09 +0800] "GET /xingrg/dwr/interface/AjaxReportQueryService.js HTTP/1.1" 200 13203
218.81.72.120 - - [28/Sep/2023:10:41:09 +0800] "GET /xingrg/dwr/engine.js HTTP/1.1" 200 43631
58.40.7.146 - - [28/Sep/2023:10:41:11 +0800] "GET /xingrg/all/function/internal_message.html?_=1695868869635&CODE_STATE=getMsg HTTP/1.1" 302 -
218.81.72.120 - - [28/Sep/2023:10:41:12 +0800] "GET /xingrg/all/function/internal_message.html?_=1695868871859&CODE_STATE=getMsg HTTP/1.1" 200 27
218.81.72.120 - - [28/Sep/2023:10:41:13 +0800] "POST /xingrg/all/report/load_report_page.html HTTP/1.1" 200 118246
218.81.72.120 - - [28/Sep/2023:10:41:13 +0800] "GET /xingrg/servlets/image?cache=0.5268874020071376&image=px HTTP/1.1" 200 807
124.78.155.92 - - [28/Sep/2023:10:41:15 +0800] "GET /xingrg/kc/base/wldb_order_operate.html?command=get_materiel&rest_code=00106&base_code=0010396&code=00101019079 HTTP/1.1" 200 479
114.83.220.87 - - [28/Sep/2023:10:41:16 +0800] "GET /xingrg/kc/buy/cgsh_order_add.html HTTP/1.1" 200 72576
114.83.220.87 - - [28/Sep/2023:10:41:16 +0800] "POST /xingrg/kc/buy/cgsh_order_operate.html HTTP/1.1" 200 8245
114.83.220.87 - - [28/Sep/2023:10:41:16 +0800] "GET /xingrg/javascript/easyui/themes/default/validatebox.css HTTP/1.1" 404 1104
222.70.107.161 - - [28/Sep/2023:10:41:17 +0800] "GET /xingrg/all/function/internal_message.html?_=1695868877694&CODE_STATE=getMsg HTTP/1.1" 200 27
180.163.30.27 - - [28/Sep/2023:10:41:20 +0800] "GET /xingrg/all/function/internal_message.html?_=1695868818191&CODE_STATE=getMsg HTTP/1.1" 302 -
180.163.30.27 - - [28/Sep/2023:10:41:20 +0800] "GET /xingrg/login.html HTTP/1.1" 200 7641
124.78.155.92 - - [28/Sep/2023:10:41:20 +0800] "GET /xingrg/all/function/internal_message.html?_=1695868878179&CODE_STATE=getMsg HTTP/1.1" 200 27
218.81.72.120 - - [28/Sep/2023:10:41:20 +0800] "GET /xingrg/all/report/report_query.html?isQuery=1&fileName=kc/base/crk_detail_by_small.xml&rh=99999&queryString=&queryText=%25E3%2580%2590%25E4%25BB%2593%25E5%25BA%2593%25E5%2590%258D%25E7%25A7%25B0%253A%25E5%2590%25A7%25E5%258F%25B0%25E3%2580%2591%25E3%2580%2590%25E4%25B8%259A%25E5%258A%25A1%25E7%25B1%25BB%25E5%259E%258B%25EF%25BC%259A%25E9%2587%2587%25E8%25B4%25AD%25E5%2585%25A5%25E5%25BA%2593%25E3%2580%2591%2520%253F%253F%253F%253F%253F2023-08-01%253F%253F2023-08-31%2520%253F%253F%253F%253F%253F%253F%252C%253F%253F%253F%253F&tableQueryString=crk_table%2524sp1%2524order_day%2520between%252020230801%2520and%252020230831%2520and%2520(base_code%253D'0010137')%2520and%2520(src_order_type%2520in%2520(21))%2520and%2520(is_rk%2520in%2520(1)) HTTP/1.1" 200 53786
218.81.72.120 - - [28/Sep/2023:10:41:21 +0800] "GET /xingrg/dwr/interface/AjaxReportQueryService.js HTTP/1.1" 200 13203
218.81.72.120 - - [28/Sep/2023:10:41:21 +0800] "GET /xingrg/dwr/engine.js HTTP/1.1" 200 43631
218.81.72.120 - - [28/Sep/2023:10:41:21 +0800] "POST /xingrg/all/report/load_report_page.html HTTP/1.1" 200 20427
218.81.72.120 - - [28/Sep/2023:10:41:22 +0800] "GET /xingrg/servlets/image?cache=0.15131031153144714&image=px HTTP/1.1" 200 807
218.81.72.120 - - [28/Sep/2023:10:41:23 +0800] "POST /xingrg/all/report/load_report_page.html HTTP/1.1" 200 73935
218.81.72.120 - - [28/Sep/2023:10:41:23 +0800] "GET /xingrg/servlets/image?cache=0.1589941319053857&image=px HTTP/1.1" 200 807
58.39.107.54 - - [28/Sep/2023:10:41:23 +0800] "GET /xingrg/all/function/internal_message.html?_=1695868883636&CODE_STATE=getMsg HTTP/1.1" 200 27
222.70.180.200 - - [28/Sep/2023:10:41:26 +0800] "GET /xingrg/all/function/internal_message.html?_=1695868886026&CODE_STATE=getMsg HTTP/1.1" 200 27
124.78.155.92 - - [28/Sep/2023:10:41:26 +0800] "GET /xingrg/all/function/internal_message.html?_=1695868888315&CODE_STATE=getMsg HTTP/1.1" 200 27
222.69.128.235 - - [28/Sep/2023:10:41:27 +0800] "GET /xingrg/all/function/internal_message.html?_=1695868888899&CODE_STATE=getMsg HTTP/1.1" 200 27
120.253.135.82 - - [28/Sep/2023:10:41:29 +0800] "GET /xingrg/check_reg.html?_=1695868692603 HTTP/1.1" 200 22
124.78.155.92 - - [28/Sep/2023:10:41:30 +0800] "GET /xingrg/kc/base/wldb_order_operate.html?command=get_materiel&rest_code=00106&base_code=0010396&code=00101019133 HTTP/1.1" 200 480
180.169.147.146 - - [28/Sep/2023:10:41:33 +0800] "GET /xingrg/check_reg.html?_=1695868889744 HTTP/1.1" 200 22
180.169.147.146 - - [28/Sep/2023:10:41:33 +0800] "GET /xingrg/all/function/internal_message.html?_=1695868889747&CODE_STATE=getMsg HTTP/1.1" 200 27
180.169.147.146 - - [28/Sep/2023:10:41:34 +0800] "GET /xingrg/all/function/internal_message.html?_=1695868890688&CODE_STATE=getMsg HTTP/1.1" 200 27
114.83.220.87 - - [28/Sep/2023:10:41:35 +0800] "GET /xingrg/all/function/internal_message.html?_=1695868895576&CODE_STATE=getMsg HTTP/1.1" 200 27
180.152.241.196 - - [28/Sep/2023:10:41:36 +0800] "GET /xingrg/all/function/internal_message.html?_=1695868914187&CODE_STATE=getMsg HTTP/1.1" 200 27
180.152.241.196 - - [28/Sep/2023:10:41:36 +0800] "GET /xingrg/check_reg.html?_=1695868914189 HTTP/1.1" 200 22
58.40.7.146 - - [28/Sep/2023:10:41:40 +0800] "GET /xingrg/check_reg.html?_=1695868900234 HTTP/1.1" 200 22
58.40.7.146 - - [28/Sep/2023:10:41:40 +0800] "GET /xingrg/all/function/internal_message.html?_=1695868900230&CODE_STATE=getMsg HTTP/1.1" 200 27
124.78.155.92 - - [28/Sep/2023:10:41:44 +0800] "GET /xingrg/kc/base/wldb_order_operate.html?command=get_materiel&rest_code=00106&base_code=0010396&code=00101016094 HTTP/1.1" 200 470
116.235.240.218 - - [28/Sep/2023:10:41:45 +0800] "GET /xingrg/check_reg.html?_=1695868900518 HTTP/1.1" 200 22
116.235.240.218 - - [28/Sep/2023:10:41:47 +0800] "GET /xingrg/all/function/internal_message.html?_=1695868902553&CODE_STATE=getMsg HTTP/1.1" 200 27
124.78.155.92 - - [28/Sep/2023:10:41:48 +0800] "GET /xingrg/kc/buy/cgsh_order_operate.html?command=get_materiel&rest_code=00106&code=00101008223&supplier_code=00100007&order_time=2023-09-28 HTTP/1.1" 200 412
101.83.145.37 - - [28/Sep/2023:10:41:48 +0800] "GET /xingrg/check_reg.html?_=1695868909941 HTTP/1.1" 200 22
101.83.145.37 - - [28/Sep/2023:10:41:48 +0800] "GET /xingrg/all/function/internal_message.html?_=1695868909943&CODE_STATE=getMsg HTTP/1.1" 200 27
124.78.155.92 - - [28/Sep/2023:10:41:51 +0800] "POST /xingrg/kc/buy/cgsh_order_operate.html HTTP/1.1" 200 2065
180.163.30.85 - - [28/Sep/2023:10:41:52 +0800] "GET /xingrg/kc/buy/cgsh_order_operate.html?command=get_materiel&rest_code=00106&code=00101008361&supplier_code=00100007&order_time=2023-09-28 HTTP/1.1" 302 -
180.163.30.85 - - [28/Sep/2023:10:41:52 +0800] "GET /xingrg/login.html HTTP/1.1" 200 7641
180.169.147.146 - - [28/Sep/2023:10:41:53 +0800] "GET /xingrg/all/function/internal_message.html?_=1695868913167&CODE_STATE=getMsg HTTP/1.1" 200 27
114.95.241.104 - - [28/Sep/2023:10:41:54 +0800] "GET /xingrg/all/function/internal_message.html?_=1695868912897&CODE_STATE=getMsg HTTP/1.1" 200 27
180.165.48.189 - - [28/Sep/2023:10:41:55 +0800] "GET /xingrg/all/function/internal_message.html?_=1695868914910&CODE_STATE=getMsg HTTP/1.1" 200 27
180.152.241.196 - - [28/Sep/2023:10:41:57 +0800] "GET /xingrg/check_reg.html?_=1695868917729 HTTP/1.1" 200 22
180.152.241.196 - - [28/Sep/2023:10:41:57 +0800] "GET /xingrg/all/function/internal_message.html?_=1695868917730&CODE_STATE=getMsg HTTP/1.1" 200 27
180.152.241.196 - - [28/Sep/2023:10:41:58 +0800] "GET /xingrg/kc/buy/cgsh_order_info.html?code=212023092811599 HTTP/1.1" 200 67420
180.152.241.196 - - [28/Sep/2023:10:41:58 +0800] "GET /xingrg/javascript/easyui/themes/default/validatebox.css HTTP/1.1" 404 1104
180.152.241.196 - - [28/Sep/2023:10:41:59 +0800] "POST /xingrg/kc/buy/cgsh_order_operate.html HTTP/1.1" 200 6568
124.78.69.58 - - [28/Sep/2023:10:42:01 +0800] "GET /xingrg/all/function/internal_message.html?_=1695868345888&CODE_STATE=getMsg HTTP/1.1" 200 27
116.230.110.33 - - [28/Sep/2023:10:42:05 +0800] "GET /xingrg/all/function/internal_message.html?_=1695868769368&CODE_STATE=getMsg HTTP/1.1" 200 27
180.152.241.196 - - [28/Sep/2023:10:42:06 +0800] "GET /xingrg/kc/print/load_config.html?kc_code=cgsh HTTP/1.1" 200 1927
180.152.241.196 - - [28/Sep/2023:10:42:06 +0800] "GET /xingrg/kc/print/load_data.html?order_code=212023092811599&kc_code=cgsh&condition= HTTP/1.1" 200 2955
114.83.220.87 - - [28/Sep/2023:10:42:07 +0800] "GET /xingrg/all/function/internal_message.html?_=1695868925599&CODE_STATE=getMsg HTTP/1.1" 200 27
124.78.155.92 - - [28/Sep/2023:10:42:08 +0800] "GET /xingrg/kc/base/wldb_order_operate.html?command=get_materiel&rest_code=00106&base_code=0010396&code=00101019306 HTTP/1.1" 200 479
222.70.180.200 - - [28/Sep/2023:10:42:09 +0800] "GET /xingrg/all/function/internal_message.html?_=1695869157105&CODE_STATE=getMsg HTTP/1.1" 200 27
58.40.7.146 - - [28/Sep/2023:10:42:11 +0800] "GET /xingrg/all/function/internal_message.html?_=1695868929622&CODE_STATE=getMsg HTTP/1.1" 302 -
218.81.72.120 - - [28/Sep/2023:10:42:12 +0800] "GET /xingrg/all/function/internal_message.html?_=1695868931864&CODE_STATE=getMsg HTTP/1.1" 200 27
114.95.241.104 - - [28/Sep/2023:10:42:14 +0800] "GET /xingrg/check_reg.html?_=1695868933333 HTTP/1.1" 200 22
114.83.220.87 - - [28/Sep/2023:10:42:15 +0800] "GET /xingrg/kc/buy/cgsh_order_operate.html?command=get_materiel&rest_code=00149&code=00102012036&supplier_code=00100151&order_time=2023-09-28 HTTP/1.1" 200 409
222.70.107.161 - - [28/Sep/2023:10:42:17 +0800] "GET /xingrg/all/function/internal_message.html?_=1695868937684&CODE_STATE=getMsg HTTP/1.1" 200 27
218.81.72.120 - - [28/Sep/2023:10:42:17 +0800] "POST /xingrg/kc/buy/cgsh_list_operate.html HTTP/1.1" 200 4525
124.78.155.92 - - [28/Sep/2023:10:42:18 +0800] "GET /xingrg/kc/buy/cgsh_order_operate.html?command=get_materiel&rest_code=00106&code=00101008095&supplier_code=00100007&order_time=2023-09-28 HTTP/1.1" 200 412
124.78.155.92 - - [28/Sep/2023:10:42:20 +0800] "GET /xingrg/all/function/internal_message.html?_=1695868938157&CODE_STATE=getMsg HTTP/1.1" 200 27
124.78.155.92 - - [28/Sep/2023:10:42:22 +0800] "GET /xingrg/kc/base/wldb_order_operate.html?command=get_materiel&rest_code=00106&base_code=0010396&code=00101019448 HTTP/1.1" 200 483
58.39.107.54 - - [28/Sep/2023:10:42:23 +0800] "GET /xingrg/all/function/internal_message.html?_=1695868943633&CODE_STATE=getMsg HTTP/1.1" 200 27
180.152.241.196 - - [28/Sep/2023:10:42:25 +0800] "GET /xingrg/kc/buy/cgsh_order_add.html HTTP/1.1" 200 72523
180.152.241.196 - - [28/Sep/2023:10:42:25 +0800] "POST /xingrg/kc/buy/cgsh_order_operate.html HTTP/1.1" 200 8245
180.152.241.196 - - [28/Sep/2023:10:42:25 +0800] "GET /xingrg/javascript/easyui/themes/default/validatebox.css HTTP/1.1" 404 1104
222.70.180.200 - - [28/Sep/2023:10:42:26 +0800] "GET /xingrg/all/function/internal_message.html?_=1695868946016&CODE_STATE=getMsg HTTP/1.1" 200 27
124.78.155.92 - - [28/Sep/2023:10:42:26 +0800] "GET /xingrg/all/function/internal_message.html?_=1695868948317&CODE_STATE=getMsg HTTP/1.1" 200 27
222.69.128.235 - - [28/Sep/2023:10:42:27 +0800] "GET /xingrg/check_reg.html?_=1695868948893 HTTP/1.1" 200 22
222.69.128.235 - - [28/Sep/2023:10:42:27 +0800] "GET /xingrg/all/function/internal_message.html?_=1695868948897&CODE_STATE=getMsg HTTP/1.1" 200 27
114.83.220.87 - - [28/Sep/2023:10:42:31 +0800] "GET /xingrg/kc/buy/cgsh_order_operate.html?command=get_materiel&rest_code=00149&code=00102002046&supplier_code=00100151&order_time=2023-09-28 HTTP/1.1" 200 408
180.169.147.146 - - [28/Sep/2023:10:42:33 +0800] "GET /xingrg/all/function/internal_message.html?_=1695868949747&CODE_STATE=getMsg HTTP/1.1" 200 27
180.169.147.146 - - [28/Sep/2023:10:42:34 +0800] "GET /xingrg/all/function/internal_message.html?_=1695868950671&CODE_STATE=getMsg HTTP/1.1" 200 27
124.78.155.92 - - [28/Sep/2023:10:42:34 +0800] "GET /xingrg/kc/buy/cgsh_order_operate.html?command=get_materiel&rest_code=00106&code=00101008114&supplier_code=00100007&order_time=2023-09-28 HTTP/1.1" 200 412
114.83.220.87 - - [28/Sep/2023:10:42:35 +0800] "GET /xingrg/all/function/internal_message.html?_=1695868955552&CODE_STATE=getMsg HTTP/1.1" 200 27
180.152.241.196 - - [28/Sep/2023:10:42:36 +0800] "GET /xingrg/all/function/internal_message.html?_=1695868974189&CODE_STATE=getMsg HTTP/1.1" 200 27
124.78.155.92 - - [28/Sep/2023:10:42:38 +0800] "POST /xingrg/kc/buy/cgsh_order_operate.html HTTP/1.1" 200 2065
180.152.241.196 - - [28/Sep/2023:10:42:39 +0800] "GET /xingrg/javascript/easyui/plugins/jquery.draggable.js HTTP/1.1" 200 6121
180.152.241.196 - - [28/Sep/2023:10:42:39 +0800] "GET /xingrg/css/images/panel_loading.gif HTTP/1.1" 200 1737
180.152.241.196 - - [28/Sep/2023:10:42:39 +0800] "GET /xingrg/javascript/easyui/plugins/jquery.droppable.js HTTP/1.1" 200 1167
180.152.241.196 - - [28/Sep/2023:10:42:39 +0800] "GET /xingrg/javascript/easyui/themes/default/tree.css HTTP/1.1" 404 1090
180.152.241.196 - - [28/Sep/2023:10:42:39 +0800] "GET /xingrg/javascript/easyui/plugins/jquery.tree.js HTTP/1.1" 200 20874
180.152.241.196 - - [28/Sep/2023:10:42:40 +0800] "POST /xingrg/all/common/load_tree.html?tree=supplier_tree_json&isDelete=1 HTTP/1.1" 200 76195
58.40.7.146 - - [28/Sep/2023:10:42:40 +0800] "GET /xingrg/all/function/internal_message.html?_=1695868960249&CODE_STATE=getMsg HTTP/1.1" 200 27
180.152.241.196 - - [28/Sep/2023:10:42:41 +0800] "GET /xingrg/javascript/easyui/themes/default/images/tree_arrows.gif HTTP/1.1" 200 617
180.152.241.196 - - [28/Sep/2023:10:42:41 +0800] "GET /xingrg/javascript/easyui/themes/default/images/tree_folder_open.gif HTTP/1.1" 200 956
180.152.241.196 - - [28/Sep/2023:10:42:41 +0800] "GET /xingrg/javascript/easyui/themes/default/images/tree_folder.gif HTTP/1.1" 200 952
180.152.241.196 - - [28/Sep/2023:10:42:41 +0800] "GET /xingrg/javascript/easyui/themes/default/images/tree_file.gif HTTP/1.1" 200 118
124.78.155.92 - - [28/Sep/2023:10:42:43 +0800] "GET /xingrg/kc/buy/cgsh_order_operate.html?command=get_materiel&rest_code=00106&code=00101008558&supplier_code=00100007&order_time=2023-09-28 HTTP/1.1" 200 409
124.78.155.92 - - [28/Sep/2023:10:42:45 +0800] "GET /xingrg/kc/base/wldb_order_operate.html?command=get_materiel&rest_code=00106&base_code=0010396&code=00101027001 HTTP/1.1" 200 471
116.235.240.218 - - [28/Sep/2023:10:42:47 +0800] "GET /xingrg/all/function/internal_message.html?_=1695868962568&CODE_STATE=getMsg HTTP/1.1" 200 27
101.83.145.37 - - [28/Sep/2023:10:42:48 +0800] "GET /xingrg/all/function/internal_message.html?_=1695868969948&CODE_STATE=getMsg HTTP/1.1" 200 27
180.169.147.146 - - [28/Sep/2023:10:42:53 +0800] "GET /xingrg/all/function/internal_message.html?_=1695868973163&CODE_STATE=getMsg HTTP/1.1" 200 27
124.78.155.92 - - [28/Sep/2023:10:42:53 +0800] "GET /xingrg/kc/buy/cgsh_order_operate.html?command=get_materiel&rest_code=00106&code=00101008168&supplier_code=00100007&order_time=2023-09-28 HTTP/1.1" 200 412
58.39.107.54 - - [28/Sep/2023:10:42:54 +0800] "GET /xingrg/login.html HTTP/1.1" 200 7641
58.39.107.54 - - [28/Sep/2023:10:42:54 +0800] "GET /favicon.ico HTTP/1.1" 404 -
114.95.241.104 - - [28/Sep/2023:10:42:54 +0800] "GET /xingrg/all/function/internal_message.html?_=1695868972876&CODE_STATE=getMsg HTTP/1.1" 200 27
180.165.48.189 - - [28/Sep/2023:10:42:55 +0800] "GET /xingrg/all/function/internal_message.html?_=1695868974897&CODE_STATE=getMsg HTTP/1.1" 200 27
58.39.107.54 - - [28/Sep/2023:10:42:56 +0800] "POST /xingrg/login.do HTTP/1.1" 302 -
58.39.107.54 - - [28/Sep/2023:10:42:56 +0800] "GET /xingrg/index.html?sysBaseUrl=http%3A%2F%2F180.169.147.146%3A18081%2Fxingrg%2F&costTime=854×tamp=1695868976226 HTTP/1.1" 200 17177
58.39.107.54 - - [28/Sep/2023:10:42:56 +0800] "GET /favicon.ico HTTP/1.1" 404 -
58.39.107.54 - - [28/Sep/2023:10:42:56 +0800] "GET /xingrg/check_reg.html?_=1695868976473 HTTP/1.1" 200 22
58.39.107.54 - - [28/Sep/2023:10:42:56 +0800] "GET /xingrg/all/function/internal_message.html?_=1695868976473&CODE_STATE=count HTTP/1.1" 200 11
58.39.107.54 - - [28/Sep/2023:10:42:56 +0800] "POST /xingrg/all/common/load_tree.html?tree=area_rest_tree_json&manage=1 HTTP/1.1" 200 348
58.39.107.54 - - [28/Sep/2023:10:42:56 +0800] "POST /xingrg/load_menu.html HTTP/1.1" 200 5138
180.152.241.196 - - [28/Sep/2023:10:42:57 +0800] "GET /xingrg/all/function/internal_message.html?_=1695868977714&CODE_STATE=getMsg HTTP/1.1" 200 27
124.78.155.92 - - [28/Sep/2023:10:42:58 +0800] "GET /xingrg/kc/base/wldb_order_operate.html?command=get_materiel&rest_code=00106&base_code=0010396&code=00101019476 HTTP/1.1" 200 479
124.78.69.58 - - [28/Sep/2023:10:43:01 +0800] "GET /xingrg/all/function/internal_message.html?_=1695868405867&CODE_STATE=getMsg HTTP/1.1" 200 27
124.78.69.58 - - [28/Sep/2023:10:43:02 +0800] "GET /xingrg/check_reg.html?_=1695868407492 HTTP/1.1" 200 22
124.78.155.92 - - [28/Sep/2023:10:43:03 +0800] "GET /xingrg/kc/buy/cgsh_order_operate.html?command=get_materiel&rest_code=00106&code=00101008150&supplier_code=00100007&order_time=2023-09-28 HTTP/1.1" 200 409
116.230.110.33 - - [28/Sep/2023:10:43:05 +0800] "GET /xingrg/all/function/internal_message.html?_=1695868829342&CODE_STATE=getMsg HTTP/1.1" 200 27
114.83.220.87 - - [28/Sep/2023:10:43:07 +0800] "GET /xingrg/all/function/internal_message.html?_=1695868985577&CODE_STATE=getMsg HTTP/1.1" 200 27
114.83.220.87 - - [28/Sep/2023:10:43:07 +0800] "GET /xingrg/kc/buy/cgsh_order_operate.html?command=get_materiel&rest_code=00149&code=00102011252&supplier_code=00100151&order_time=2023-09-28 HTTP/1.1" 200 410
222.70.180.200 - - [28/Sep/2023:10:43:09 +0800] "GET /xingrg/all/function/internal_message.html?_=1695869217107&CODE_STATE=getMsg HTTP/1.1" 200 27
58.39.107.54 - - [28/Sep/2023:10:43:09 +0800] "GET /xingrg/kc/buy/buy_main.html HTTP/1.1" 200 12412
58.39.107.54 - - [28/Sep/2023:10:43:09 +0800] "GET /xingrg/css/new_ie.css HTTP/1.1" 404 1036
58.39.107.54 - - [28/Sep/2023:10:43:10 +0800] "GET /xingrg/images/yd/bt.gif HTTP/1.1" 404 1040
58.40.7.146 - - [28/Sep/2023:10:43:11 +0800] "GET /xingrg/all/function/internal_message.html?_=1695868989626&CODE_STATE=getMsg HTTP/1.1" 302 -
58.40.7.146 - - [28/Sep/2023:10:43:11 +0800] "GET /xingrg/check_reg.html?_=1695868989630 HTTP/1.1" 302 -
124.78.155.92 - - [28/Sep/2023:10:43:11 +0800] "GET /xingrg/kc/base/wldb_order_operate.html?command=get_materiel&rest_code=00106&base_code=0010396&code=00101019258 HTTP/1.1" 200 483
58.39.107.54 - - [28/Sep/2023:10:43:11 +0800] "GET /xingrg/kc/mdqp/qp_main.html HTTP/1.1" 200 10633
218.81.72.120 - - [28/Sep/2023:10:43:12 +0800] "GET /xingrg/all/function/internal_message.html?_=1695868991905&CODE_STATE=getMsg HTTP/1.1" 200 27
218.81.72.120 - - [28/Sep/2023:10:43:12 +0800] "GET /xingrg/check_reg.html?_=1695868991908 HTTP/1.1" 200 22
58.39.107.54 - - [28/Sep/2023:10:43:12 +0800] "GET /xingrg/kc/mdqp/qqps_order_list.html HTTP/1.1" 200 9222
58.39.107.54 - - [28/Sep/2023:10:43:12 +0800] "GET /xingrg/dwr/interface/AjaxQqpsService.js HTTP/1.1" 200 16326
58.39.107.54 - - [28/Sep/2023:10:43:12 +0800] "GET /xingrg/dwr/interface/AjaxReportQueryService.js HTTP/1.1" 200 13203
58.39.107.54 - - [28/Sep/2023:10:43:12 +0800] "GET /xingrg/dwr/engine.js HTTP/1.1" 200 43631
58.39.107.54 - - [28/Sep/2023:10:43:12 +0800] "GET /xingrg/dwr/util.js HTTP/1.1" 304 -
58.39.107.54 - - [28/Sep/2023:10:43:12 +0800] "GET /xingrg/javascript/jquery_easy_ui/themes/icons/uncheck_new.png HTTP/1.1" 200 3197
58.39.107.54 - - [28/Sep/2023:10:43:12 +0800] "GET /xingrg/javascript/jquery_easy_ui/themes/icons/cance_new.png HTTP/1.1" 200 3986
58.39.107.54 - - [28/Sep/2023:10:43:14 +0800] "GET /xingrg/kc/mdqp/qp_main.html HTTP/1.1" 200 10633
58.39.107.54 - - [28/Sep/2023:10:43:15 +0800] "GET /xingrg/images/yd/bt.gif HTTP/1.1" 404 1040
124.78.155.92 - - [28/Sep/2023:10:43:15 +0800] "GET /xingrg/kc/buy/cgsh_order_operate.html?command=get_materiel&rest_code=00106&code=00101008061&supplier_code=00100007&order_time=2023-09-28 HTTP/1.1" 200 441
58.39.107.54 - - [28/Sep/2023:10:43:15 +0800] "GET /xingrg/kc/mdqp/pssh_order_list.html HTTP/1.1" 200 17058
58.39.107.54 - - [28/Sep/2023:10:43:15 +0800] "POST /xingrg/kc/mdqp/pssh_list_operate.html HTTP/1.1" 200 5439
58.39.107.54 - - [28/Sep/2023:10:43:17 +0800] "POST /xingrg/kc/mdqp/pssh_list_operate.html HTTP/1.1" 200 753
222.70.107.161 - - [28/Sep/2023:10:43:17 +0800] "GET /xingrg/all/function/internal_message.html?_=1695868997691&CODE_STATE=getMsg HTTP/1.1" 200 27
120.253.135.82 - - [28/Sep/2023:10:43:18 +0800] "POST /xingrg/kc/pszx/mdps_list_operate.html HTTP/1.1" 200 3202
58.39.107.54 - - [28/Sep/2023:10:43:19 +0800] "GET /xingrg/kc/mdqp/pssh_order_info.html?code=312023092600650 HTTP/1.1" 200 17314
58.39.107.54 - - [28/Sep/2023:10:43:19 +0800] "GET /xingrg/javascript/jquery_tools/jquery-1.4.2.min.js HTTP/1.1" 404 1094
58.39.107.54 - - [28/Sep/2023:10:43:19 +0800] "GET /xingrg/words/20230927133912_words.js HTTP/1.1" 304 -
58.39.107.54 - - [28/Sep/2023:10:43:19 +0800] "GET /xingrg/javascript/easyui/themes/icons/back_new.png HTTP/1.1" 200 3414
58.39.107.54 - - [28/Sep/2023:10:43:19 +0800] "GET /xingrg/javascript/easyui/themes/default/validatebox.css HTTP/1.1" 404 1104
58.39.107.54 - - [28/Sep/2023:10:43:19 +0800] "GET /xingrg/all/common/auto_word.html?type=employee&rest_code=00157 HTTP/1.1" 200 51
58.39.107.54 - - [28/Sep/2023:10:43:19 +0800] "GET /xingrg/all/common/auto_word.html?type=base&rest_code=00157&rest_code=00157 HTTP/1.1" 200 735
58.39.107.54 - - [28/Sep/2023:10:43:19 +0800] "POST /xingrg/kc/mdqp/pssh_order_operate.html HTTP/1.1" 200 5833
124.78.155.92 - - [28/Sep/2023:10:43:20 +0800] "GET /xingrg/all/function/internal_message.html?_=1695868998131&CODE_STATE=getMsg HTTP/1.1" 200 27
120.253.135.82 - - [28/Sep/2023:10:43:20 +0800] "POST /xingrg/kc/pszx/mdps_list_operate.html HTTP/1.1" 200 612
124.78.155.92 - - [28/Sep/2023:10:43:21 +0800] "GET /xingrg/check_reg.html?_=1695868998758 HTTP/1.1" 200 22
120.253.135.82 - - [28/Sep/2023:10:43:22 +0800] "GET /xingrg/kc/pszx/mdps_order_info.html?code=312023092800704 HTTP/1.1" 200 23982
120.253.135.82 - - [28/Sep/2023:10:43:22 +0800] "GET /xingrg/javascript/easyui/themes/default/validatebox.css HTTP/1.1" 404 1104
120.253.135.82 - - [28/Sep/2023:10:43:23 +0800] "POST /xingrg/kc/pszx/mdps_order_operate.html HTTP/1.1" 200 21206
58.39.107.54 - - [28/Sep/2023:10:43:23 +0800] "POST /xingrg/kc/mdqp/pssh_order_operate.html HTTP/1.1" 200 37
124.78.155.92 - - [28/Sep/2023:10:43:24 +0800] "GET /xingrg/kc/buy/cgsh_order_operate.html?command=get_materiel&rest_code=00106&code=00101008041&supplier_code=00100007&order_time=2023-09-28 HTTP/1.1" 200 408
114.83.220.87 - - [28/Sep/2023:10:43:25 +0800] "GET /xingrg/kc/buy/cgsh_order_operate.html?command=get_materiel&rest_code=00149&code=00102016731&supplier_code=00100151&order_time=2023-09-28 HTTP/1.1" 200 409
222.70.180.200 - - [28/Sep/2023:10:43:26 +0800] "GET /xingrg/check_reg.html?_=1695869006111 HTTP/1.1" 200 22
222.70.180.200 - - [28/Sep/2023:10:43:26 +0800] "GET /xingrg/all/function/internal_message.html?_=1695869006107&CODE_STATE=getMsg HTTP/1.1" 200 27
58.39.107.54 - - [28/Sep/2023:10:43:26 +0800] "POST /xingrg/kc/mdqp/pssh_order_operate.html HTTP/1.1" 200 12
124.78.155.92 - - [28/Sep/2023:10:43:26 +0800] "GET /xingrg/all/function/internal_message.html?_=1695869008323&CODE_STATE=getMsg HTTP/1.1" 200 27
58.39.107.54 - - [28/Sep/2023:10:43:27 +0800] "GET /xingrg/kc/mdqp/pssh_order_info.html?code=312023092600650 HTTP/1.1" 200 14390
58.39.107.54 - - [28/Sep/2023:10:43:27 +0800] "GET /xingrg/javascript/jquery_tools/jquery-1.4.2.min.js HTTP/1.1" 404 1094
58.39.107.54 - - [28/Sep/2023:10:43:27 +0800] "GET /xingrg/javascript/easyui/themes/icons/uncheck_new.png HTTP/1.1" 200 3197
222.69.128.235 - - [28/Sep/2023:10:43:27 +0800] "GET /xingrg/all/function/internal_message.html?_=1695869008897&CODE_STATE=getMsg HTTP/1.1" 200 27
58.39.107.54 - - [28/Sep/2023:10:43:27 +0800] "GET /xingrg/javascript/easyui/themes/default/validatebox.css HTTP/1.1" 404 1104
58.39.107.54 - - [28/Sep/2023:10:43:27 +0800] "POST /xingrg/kc/mdqp/pssh_order_operate.html HTTP/1.1" 200 5833
124.78.155.92 - - [28/Sep/2023:10:43:29 +0800] "POST /xingrg/kc/buy/cgsh_order_operate.html HTTP/1.1" 200 2065
58.39.107.54 - - [28/Sep/2023:10:43:29 +0800] "POST /xingrg/kc/mdqp/pssh_list_operate.html HTTP/1.1" 200 361
58.39.107.54 - - [28/Sep/2023:10:43:30 +0800] "GET /xingrg/kc/mdqp/pssh_order_info.html?code=312023092700657 HTTP/1.1" 200 17314
58.39.107.54 - - [28/Sep/2023:10:43:30 +0800] "GET /xingrg/javascript/jquery_tools/jquery-1.4.2.min.js HTTP/1.1" 404 1094
58.39.107.54 - - [28/Sep/2023:10:43:30 +0800] "GET /xingrg/javascript/easyui/themes/default/validatebox.css HTTP/1.1" 404 1104
58.39.107.54 - - [28/Sep/2023:10:43:31 +0800] "POST /xingrg/kc/mdqp/pssh_order_operate.html HTTP/1.1" 200 1058
116.235.240.218 - - [28/Sep/2023:10:43:31 +0800] "GET /favicon.ico HTTP/1.1" 404 -
124.78.155.92 - - [28/Sep/2023:10:43:32 +0800] "GET /xingrg/kc/base/wldb_order_operate.html?command=get_materiel&rest_code=00106&base_code=0010396&code=00101019262 HTTP/1.1" 200 476
180.169.147.146 - - [28/Sep/2023:10:43:33 +0800] "GET /xingrg/all/function/internal_message.html?_=1695869009774&CODE_STATE=getMsg HTTP/1.1" 200 27
58.39.107.54 - - [28/Sep/2023:10:43:33 +0800] "POST /xingrg/kc/mdqp/pssh_order_operate.html HTTP/1.1" 200 37
180.169.147.146 - - [28/Sep/2023:10:43:34 +0800] "GET /xingrg/all/function/internal_message.html?_=1695869010653&CODE_STATE=getMsg HTTP/1.1" 200 27
114.83.220.87 - - [28/Sep/2023:10:43:35 +0800] "GET /xingrg/all/function/internal_message.html?_=1695869015528&CODE_STATE=getMsg HTTP/1.1" 200 27
180.152.241.196 - - [28/Sep/2023:10:43:36 +0800] "GET /xingrg/all/function/internal_message.html?_=1695869034190&CODE_STATE=getMsg HTTP/1.1" 200 27
58.39.107.54 - - [28/Sep/2023:10:43:37 +0800] "POST /xingrg/kc/mdqp/pssh_order_operate.html HTTP/1.1" 200 12
58.39.107.54 - - [28/Sep/2023:10:43:38 +0800] "GET /xingrg/kc/mdqp/pssh_order_info.html?code=312023092700657 HTTP/1.1" 200 14390
58.39.107.54 - - [28/Sep/2023:10:43:38 +0800] "GET /xingrg/javascript/jquery_tools/jquery-1.4.2.min.js HTTP/1.1" 404 1094
58.39.107.54 - - [28/Sep/2023:10:43:39 +0800] "GET /xingrg/javascript/easyui/themes/default/validatebox.css HTTP/1.1" 404 1104
58.39.107.54 - - [28/Sep/2023:10:43:39 +0800] "POST /xingrg/kc/mdqp/pssh_order_operate.html HTTP/1.1" 200 1058
58.39.107.54 - - [28/Sep/2023:10:43:39 +0800] "POST /xingrg/kc/mdqp/pssh_list_operate.html HTTP/1.1" 200 814
58.40.7.146 - - [28/Sep/2023:10:43:40 +0800] "GET /xingrg/all/function/internal_message.html?_=1695869020243&CODE_STATE=getMsg HTTP/1.1" 200 27
124.78.155.92 - - [28/Sep/2023:10:43:41 +0800] "POST /xingrg/kc/buy/cgsh_order_operate.html HTTP/1.1" 200 37
58.39.107.54 - - [28/Sep/2023:10:43:43 +0800] "POST /xingrg/kc/mdqp/pssh_list_operate.html HTTP/1.1" 200 5471
114.83.220.87 - - [28/Sep/2023:10:43:44 +0800] "GET /xingrg/kc/buy/cgsh_order_operate.html?command=get_materiel&rest_code=00149&code=00102010900&supplier_code=00100151&order_time=2023-09-28 HTTP/1.1" 200 23
58.39.107.54 - - [28/Sep/2023:10:43:44 +0800] "POST /xingrg/kc/mdqp/pssh_list_operate.html HTTP/1.1" 200 806
58.39.107.54 - - [28/Sep/2023:10:43:44 +0800] "POST /xingrg/kc/mdqp/pssh_list_operate.html HTTP/1.1" 200 470
120.253.135.82 - - [28/Sep/2023:10:43:45 +0800] "GET /xingrg/kc/pszx/mdps_order_operate.html?command=get_materiel&pszx_code=00101&rest_code=00155&base_code=0010246&code=00101019278 HTTP/1.1" 200 446
58.39.107.54 - - [28/Sep/2023:10:43:45 +0800] "GET /xingrg/kc/mdqp/pssh_order_info.html?code=312023092600649 HTTP/1.1" 200 17314
58.39.107.54 - - [28/Sep/2023:10:43:45 +0800] "GET /xingrg/javascript/jquery_tools/jquery-1.4.2.min.js HTTP/1.1" 404 1094
58.39.107.54 - - [28/Sep/2023:10:43:46 +0800] "GET /xingrg/javascript/easyui/themes/default/validatebox.css HTTP/1.1" 404 1104
58.39.107.54 - - [28/Sep/2023:10:43:46 +0800] "POST /xingrg/kc/mdqp/pssh_order_operate.html HTTP/1.1" 200 1598
116.235.240.218 - - [28/Sep/2023:10:43:47 +0800] "GET /xingrg/all/function/internal_message.html?_=1695869022581&CODE_STATE=getMsg HTTP/1.1" 200 27
58.39.107.54 - - [28/Sep/2023:10:43:48 +0800] "POST /xingrg/kc/mdqp/pssh_order_operate.html HTTP/1.1" 200 37
101.83.145.37 - - [28/Sep/2023:10:43:48 +0800] "GET /xingrg/all/function/internal_message.html?_=1695869029949&CODE_STATE=getMsg HTTP/1.1" 200 27
124.78.155.92 - - [28/Sep/2023:10:43:49 +0800] "GET /xingrg/kc/base/wldb_order_operate.html?command=get_materiel&rest_code=00106&base_code=0010396&code=00101019187 HTTP/1.1" 200 479
58.39.107.54 - - [28/Sep/2023:10:43:52 +0800] "POST /xingrg/kc/mdqp/pssh_order_operate.html HTTP/1.1" 200 12
180.163.28.55 - - [28/Sep/2023:10:43:53 +0800] "GET /xingrg/all/function/internal_message.html?_=1695868973163&CODE_STATE=getMsg HTTP/1.1" 302 -
180.169.147.146 - - [28/Sep/2023:10:43:53 +0800] "GET /xingrg/all/function/internal_message.html?_=1695869033167&CODE_STATE=getMsg HTTP/1.1" 200 27
180.163.28.55 - - [28/Sep/2023:10:43:53 +0800] "GET /xingrg/login.html HTTP/1.1" 200 7641
120.253.135.82 - - [28/Sep/2023:10:43:54 +0800] "POST /xingrg/kc/pszx/mdps_order_operate.html HTTP/1.1" 200 37
114.95.241.104 - - [28/Sep/2023:10:43:54 +0800] "GET /xingrg/all/function/internal_message.html?_=1695869032860&CODE_STATE=getMsg HTTP/1.1" 200 27
58.39.107.54 - - [28/Sep/2023:10:43:54 +0800] "GET /xingrg/kc/mdqp/pssh_order_info.html?code=312023092600649 HTTP/1.1" 200 14390
58.39.107.54 - - [28/Sep/2023:10:43:54 +0800] "GET /xingrg/javascript/jquery_tools/jquery-1.4.2.min.js HTTP/1.1" 404 1094
58.39.107.54 - - [28/Sep/2023:10:43:54 +0800] "GET /xingrg/javascript/easyui/themes/default/validatebox.css HTTP/1.1" 404 1104
58.39.107.54 - - [28/Sep/2023:10:43:54 +0800] "POST /xingrg/kc/mdqp/pssh_order_operate.html HTTP/1.1" 200 1598
114.83.220.87 - - [28/Sep/2023:10:43:55 +0800] "POST /xingrg/kc/buy/cgsh_order_operate.html HTTP/1.1" 200 37
180.165.48.189 - - [28/Sep/2023:10:43:55 +0800] "GET /xingrg/all/function/internal_message.html?_=1695869034903&CODE_STATE=getMsg HTTP/1.1" 200 27
58.39.107.54 - - [28/Sep/2023:10:43:55 +0800] "POST /xingrg/kc/mdqp/pssh_list_operate.html HTTP/1.1" 200 5487
58.39.107.54 - - [28/Sep/2023:10:43:56 +0800] "GET /xingrg/all/function/internal_message.html?_=1695869036477&CODE_STATE=getMsg HTTP/1.1" 200 27
120.253.135.82 - - [28/Sep/2023:10:43:56 +0800] "GET /xingrg/kc/pszx/mdps_order_info.html?code=312023092800704 HTTP/1.1" 200 23982
58.39.107.54 - - [28/Sep/2023:10:43:56 +0800] "POST /xingrg/kc/mdqp/pssh_list_operate.html HTTP/1.1" 200 5487
180.152.241.196 - - [28/Sep/2023:10:43:57 +0800] "GET /xingrg/all/function/internal_message.html?_=1695869037695&CODE_STATE=getMsg HTTP/1.1" 200 27
114.83.220.87 - - [28/Sep/2023:10:43:57 +0800] "POST /xingrg/kc/buy/cgsh_order_operate.html HTTP/1.1" 200 4421
120.253.135.82 - - [28/Sep/2023:10:43:57 +0800] "GET /xingrg/javascript/easyui/themes/default/validatebox.css HTTP/1.1" 404 1104
120.253.135.82 - - [28/Sep/2023:10:43:58 +0800] "POST /xingrg/kc/pszx/mdps_order_operate.html HTTP/1.1" 200 21716
58.39.107.54 - - [28/Sep/2023:10:43:58 +0800] "POST /xingrg/kc/mdqp/pssh_list_operate.html HTTP/1.1" 200 5487
120.253.135.82 - - [28/Sep/2023:10:44:00 +0800] "POST /xingrg/kc/pszx/mdps_list_operate.html HTTP/1.1" 200 3202
124.78.69.58 - - [28/Sep/2023:10:44:01 +0800] "GET /xingrg/all/function/internal_message.html?_=1695868465846&CODE_STATE=getMsg HTTP/1.1" 200 27
114.83.220.87 - - [28/Sep/2023:10:44:02 +0800] "GET /xingrg/kc/buy/cgsh_order_list.html HTTP/1.1" 200 56712
222.70.180.200 - - [28/Sep/2023:10:44:03 +0800] "POST /xingrg/kc/buy/cgsh_order_operate.html HTTP/1.1" 200 37
120.253.135.82 - - [28/Sep/2023:10:44:03 +0800] "POST /xingrg/kc/pszx/mdps_list_operate.html HTTP/1.1" 200 461
124.78.155.92 - - [28/Sep/2023:10:44:04 +0800] "GET /xingrg/kc/base/wldb_order_operate.html?command=get_materiel&rest_code=00106&base_code=0010396&code=00101016083 HTTP/1.1" 200 448
116.230.110.33 - - [28/Sep/2023:10:44:05 +0800] "GET /xingrg/all/function/internal_message.html?_=1695868889323&CODE_STATE=getMsg HTTP/1.1" 200 27
114.83.220.87 - - [28/Sep/2023:10:44:06 +0800] "POST /xingrg/kc/buy/cgsh_list_operate.html HTTP/1.1" 200 1852
114.83.220.87 - - [28/Sep/2023:10:44:07 +0800] "GET /xingrg/all/function/internal_message.html?_=1695869045567&CODE_STATE=getMsg HTTP/1.1" 200 27
222.70.180.200 - - [28/Sep/2023:10:44:07 +0800] "POST /xingrg/kc/buy/cgsh_order_operate.html HTTP/1.1" 200 39929
222.70.180.200 - - [28/Sep/2023:10:44:09 +0800] "GET /xingrg/all/function/internal_message.html?_=1695869277105&CODE_STATE=getMsg HTTP/1.1" 200 27
114.83.220.87 - - [28/Sep/2023:10:44:09 +0800] "POST /xingrg/kc/buy/cgsh_list_operate.html HTTP/1.1" 200 418
58.40.7.146 - - [28/Sep/2023:10:44:11 +0800] "GET /xingrg/all/function/internal_message.html?_=1695869049632&CODE_STATE=getMsg HTTP/1.1" 302 -
222.70.180.200 - - [28/Sep/2023:10:44:11 +0800] "GET /xingrg/kc/print/load_data.html?order_code=212023092811573&kc_code=cgsh&condition= HTTP/1.1" 200 14800
114.83.220.87 - - [28/Sep/2023:10:44:11 +0800] "GET /xingrg/kc/buy/cgsh_order_info.html?code=212023092811600 HTTP/1.1" 200 72575
114.83.220.87 - - [28/Sep/2023:10:44:11 +0800] "GET /xingrg/javascript/easyui/themes/default/validatebox.css HTTP/1.1" 404 1104
218.81.72.120 - - [28/Sep/2023:10:44:12 +0800] "GET /xingrg/all/function/internal_message.html?_=1695869051886&CODE_STATE=getMsg HTTP/1.1" 200 27
180.163.29.79 - - [28/Sep/2023:10:44:12 +0800] "GET /xingrg/kc/buy/cgsh_order_operate.html?command=get_materiel&rest_code=00106&code=00101008061&supplier_code=00100007&order_time=2023-09-28 HTTP/1.1" 302 -
180.163.29.79 - - [28/Sep/2023:10:44:12 +0800] "GET /xingrg/login.html HTTP/1.1" 200 7641
114.83.220.87 - - [28/Sep/2023:10:44:12 +0800] "POST /xingrg/kc/buy/cgsh_order_operate.html HTTP/1.1" 200 4421
222.70.107.161 - - [28/Sep/2023:10:44:17 +0800] "GET /xingrg/all/function/internal_message.html?_=1695869057696&CODE_STATE=getMsg HTTP/1.1" 200 27
222.70.107.161 - - [28/Sep/2023:10:44:17 +0800] "GET /xingrg/check_reg.html?_=1695869057705 HTTP/1.1" 200 22
180.152.241.196 - - [28/Sep/2023:10:44:18 +0800] "GET /xingrg/javascript/jquery_easy_ui/themes/default/images/tabs_active.png HTTP/1.1" 200 2894
120.253.135.82 - - [28/Sep/2023:10:44:20 +0800] "POST /xingrg/kc/pszx/mdps_list_operate.html HTTP/1.1" 200 3202
120.253.135.82 - - [28/Sep/2023:10:44:20 +0800] "GET /xingrg/kc/pszx/mdqp_order_list.html?state=10 HTTP/1.1" 200 10275
120.253.135.82 - - [28/Sep/2023:10:44:20 +0800] "GET /xingrg/dwr/interface/AjaxReportQueryService.js HTTP/1.1" 200 13203
120.253.135.82 - - [28/Sep/2023:10:44:20 +0800] "GET /xingrg/dwr/interface/AjaxQqpsService.js HTTP/1.1" 200 16326
120.253.135.82 - - [28/Sep/2023:10:44:20 +0800] "GET /xingrg/dwr/engine.js HTTP/1.1" 200 43631
124.78.155.92 - - [28/Sep/2023:10:44:20 +0800] "GET /xingrg/kc/base/wldb_order_operate.html?command=get_materiel&rest_code=00106&base_code=0010396&code=00101019253 HTTP/1.1" 200 482
180.163.30.76 - - [28/Sep/2023:10:44:21 +0800] "GET /xingrg/kc/buy/cgsh_order_operate.html?command=get_materiel&rest_code=00106&code=00101008041&supplier_code=00100007&order_time=2023-09-28 HTTP/1.1" 302 -
180.163.30.76 - - [28/Sep/2023:10:44:21 +0800] "GET /xingrg/login.html HTTP/1.1" 200 7641
180.163.30.85 - - [28/Sep/2023:10:44:21 +0800] "GET /xingrg/check_reg.html?_=1695868998758 HTTP/1.1" 302 -
180.163.30.85 - - [28/Sep/2023:10:44:21 +0800] "GET /xingrg/login.html HTTP/1.1" 200 7641
222.70.180.200 - - [28/Sep/2023:10:44:26 +0800] "GET /xingrg/all/function/internal_message.html?_=1695869066093&CODE_STATE=getMsg HTTP/1.1" 200 27
124.78.155.92 - - [28/Sep/2023:10:44:26 +0800] "GET /xingrg/check_reg.html?_=1695869068329 HTTP/1.1" 200 22
124.78.155.92 - - [28/Sep/2023:10:44:26 +0800] "GET /xingrg/all/function/internal_message.html?_=1695869068333&CODE_STATE=getMsg HTTP/1.1" 200 27
222.69.128.235 - - [28/Sep/2023:10:44:27 +0800] "GET /xingrg/all/function/internal_message.html?_=1695869068896&CODE_STATE=getMsg HTTP/1.1" 200 27
114.83.220.87 - - [28/Sep/2023:10:44:29 +0800] "GET /xingrg/login.html HTTP/1.1" 200 7641
114.83.220.87 - - [28/Sep/2023:10:44:30 +0800] "GET /favicon.ico HTTP/1.1" 404 -
180.169.147.146 - - [28/Sep/2023:10:44:33 +0800] "GET /xingrg/all/function/internal_message.html?_=1695869069775&CODE_STATE=getMsg HTTP/1.1" 200 27
180.169.147.146 - - [28/Sep/2023:10:44:34 +0800] "GET /xingrg/all/function/internal_message.html?_=1695869070637&CODE_STATE=getMsg HTTP/1.1" 200 27
114.83.220.87 - - [28/Sep/2023:10:44:34 +0800] "GET /xingrg/check_reg.html?_=1695869075019 HTTP/1.1" 200 22
114.83.220.87 - - [28/Sep/2023:10:44:35 +0800] "POST /xingrg/login.do HTTP/1.1" 302 -
114.83.220.87 - - [28/Sep/2023:10:44:35 +0800] "GET /xingrg/index.html?sysBaseUrl=http%3A%2F%2F180.169.147.146%3A18081%2Fxingrg%2F&costTime=867×tamp=1695869075114 HTTP/1.1" 200 17179
114.83.220.87 - - [28/Sep/2023:10:44:35 +0800] "GET /favicon.ico HTTP/1.1" 404 -
114.83.220.87 - - [28/Sep/2023:10:44:35 +0800] "GET /xingrg/all/function/internal_message.html?_=1695869075516&CODE_STATE=getMsg HTTP/1.1" 200 27
114.83.220.87 - - [28/Sep/2023:10:44:35 +0800] "GET /xingrg/check_reg.html?_=1695869073919 HTTP/1.1" 200 22
114.83.220.87 - - [28/Sep/2023:10:44:35 +0800] "GET /xingrg/all/function/internal_message.html?_=1695869073917&CODE_STATE=count HTTP/1.1" 200 11
114.83.220.87 - - [28/Sep/2023:10:44:35 +0800] "POST /xingrg/all/common/load_tree.html?tree=area_rest_tree_json&manage=1 HTTP/1.1" 200 351
114.83.220.87 - - [28/Sep/2023:10:44:35 +0800] "POST /xingrg/load_menu.html HTTP/1.1" 200 5138
180.152.241.196 - - [28/Sep/2023:10:44:36 +0800] "GET /xingrg/all/function/internal_message.html?_=1695869094190&CODE_STATE=getMsg HTTP/1.1" 200 27
124.78.155.92 - - [28/Sep/2023:10:44:36 +0800] "POST /xingrg/kc/buy/cgsh_order_operate.html HTTP/1.1" 200 45261
180.152.241.196 - - [28/Sep/2023:10:44:37 +0800] "GET /xingrg/kc/buy/cgsh_order_operate.html?command=get_materiel&rest_code=00102&code=00101029085&supplier_code=00100406&order_time=2023-09-28 HTTP/1.1" 200 447
58.40.7.146 - - [28/Sep/2023:10:44:40 +0800] "GET /xingrg/all/function/internal_message.html?_=1695869080251&CODE_STATE=getMsg HTTP/1.1" 200 27
124.78.155.92 - - [28/Sep/2023:10:44:40 +0800] "GET /xingrg/kc/base/wldb_order_operate.html?command=get_materiel&rest_code=00106&base_code=0010396&code=00101019295 HTTP/1.1" 200 475
114.83.220.87 - - [28/Sep/2023:10:44:41 +0800] "GET /xingrg/kc/buy/cgsh_order_list.html HTTP/1.1" 200 56712
114.83.220.87 - - [28/Sep/2023:10:44:45 +0800] "POST /xingrg/kc/buy/cgsh_list_operate.html HTTP/1.1" 200 1852
116.235.240.218 - - [28/Sep/2023:10:44:47 +0800] "GET /xingrg/all/function/internal_message.html?_=1695869082597&CODE_STATE=getMsg HTTP/1.1" 200 27
114.83.220.87 - - [28/Sep/2023:10:44:48 +0800] "POST /xingrg/kc/buy/cgsh_list_operate.html HTTP/1.1" 200 418
101.83.145.37 - - [28/Sep/2023:10:44:48 +0800] "GET /xingrg/all/function/internal_message.html?_=1695869089942&CODE_STATE=getMsg HTTP/1.1" 200 27
114.83.220.87 - - [28/Sep/2023:10:44:50 +0800] "GET /xingrg/kc/buy/cgsh_order_info.html?code=212023092811600 HTTP/1.1" 200 72575
114.83.220.87 - - [28/Sep/2023:10:44:50 +0800] "GET /xingrg/words/20230927133912_words.js HTTP/1.1" 304 -
114.83.220.87 - - [28/Sep/2023:10:44:50 +0800] "GET /xingrg/javascript/easyui/themes/default/validatebox.css HTTP/1.1" 404 1104
114.83.220.87 - - [28/Sep/2023:10:44:50 +0800] "GET /xingrg/all/common/auto_word.html?type=employee&rest_code=00149 HTTP/1.1" 200 197
114.83.220.87 - - [28/Sep/2023:10:44:50 +0800] "GET /xingrg/all/common/auto_word.html?type=employee&rest_code=00149 HTTP/1.1" 200 197
114.83.220.87 - - [28/Sep/2023:10:44:51 +0800] "POST /xingrg/kc/buy/cgsh_order_operate.html HTTP/1.1" 200 4421
180.169.147.146 - - [28/Sep/2023:10:44:53 +0800] "GET /xingrg/all/function/internal_message.html?_=1695869093158&CODE_STATE=getMsg HTTP/1.1" 200 27
