58.39.107.54 - - [28/Sep/2023:10:26:48 +0800] "POST /xingrg/login.do HTTP/1.1" 302 -
58.39.107.54 - - [28/Sep/2023:10:26:48 +0800] "GET /xingrg/index.html?sysBaseUrl=http%3A%2F%2F180.169.147.146%3A18081%2Fxingrg%2F&costTime=849×tamp=1695868008337 HTTP/1.1" 200 17177
58.39.107.54 - - [28/Sep/2023:10:26:48 +0800] "GET /favicon.ico HTTP/1.1" 404 -
58.39.107.54 - - [28/Sep/2023:10:26:48 +0800] "GET /xingrg/check_reg.html?_=1695868008643 HTTP/1.1" 200 22
58.39.107.54 - - [28/Sep/2023:10:26:48 +0800] "GET /xingrg/all/function/internal_message.html?_=1695868008642&CODE_STATE=count HTTP/1.1" 200 11
58.39.107.54 - - [28/Sep/2023:10:26:48 +0800] "POST /xingrg/all/common/load_tree.html?tree=area_rest_tree_json&manage=1 HTTP/1.1" 200 348
58.39.107.54 - - [28/Sep/2023:10:26:48 +0800] "POST /xingrg/load_menu.html HTTP/1.1" 200 5138
120.253.135.82 - - [28/Sep/2023:10:26:49 +0800] "POST /xingrg/kc/pszx/mdps_list_operate.html HTTP/1.1" 200 609
120.253.135.82 - - [28/Sep/2023:10:26:50 +0800] "GET /xingrg/kc/pszx/mdps_order_info.html?code=312023092700662 HTTP/1.1" 200 23978
120.253.135.82 - - [28/Sep/2023:10:26:50 +0800] "GET /xingrg/javascript/easyui/themes/default/validatebox.css HTTP/1.1" 404 1104
222.70.180.200 - - [28/Sep/2023:10:26:51 +0800] "POST /xingrg/kc/base/stock_operate.html HTTP/1.1" 200 6801
120.253.135.82 - - [28/Sep/2023:10:26:51 +0800] "POST /xingrg/kc/pszx/mdps_order_operate.html HTTP/1.1" 200 4773
58.40.7.146 - - [28/Sep/2023:10:26:52 +0800] "POST /xingrg/kc/base/check_list_operate.html HTTP/1.1" 200 1563
180.169.147.146 - - [28/Sep/2023:10:26:53 +0800] "GET /xingrg/all/function/internal_message.html?_=1695868013168&CODE_STATE=getMsg HTTP/1.1" 200 27
180.163.28.114 - - [28/Sep/2023:10:26:53 +0800] "GET /xingrg/check_reg.html?_=1695867953183 HTTP/1.1" 302 -
180.163.28.114 - - [28/Sep/2023:10:26:53 +0800] "GET /xingrg/login.html HTTP/1.1" 200 7641
124.78.155.92 - - [28/Sep/2023:10:26:53 +0800] "GET /xingrg/kc/buy/cgsh_order_operate.html?command=get_materiel&rest_code=00106&code=00101008321&supplier_code=00100007&order_time=2023-09-28 HTTP/1.1" 200 412
58.40.7.146 - - [28/Sep/2023:10:26:54 +0800] "GET /xingrg/kc/base/check_order_add.html HTTP/1.1" 200 26107
114.95.241.104 - - [28/Sep/2023:10:26:54 +0800] "GET /xingrg/all/function/internal_message.html?_=1695868013197&CODE_STATE=getMsg HTTP/1.1" 200 27
58.40.7.146 - - [28/Sep/2023:10:26:54 +0800] "GET /xingrg/dwr/interface/AjaxComOrderService.js HTTP/1.1" 200 18264
58.40.7.146 - - [28/Sep/2023:10:26:54 +0800] "GET /xingrg/dwr/interface/AjaxCheckService.js HTTP/1.1" 200 14003
58.40.7.146 - - [28/Sep/2023:10:26:55 +0800] "GET /xingrg/dwr/engine.js HTTP/1.1" 200 43631
180.165.48.189 - - [28/Sep/2023:10:26:55 +0800] "GET /xingrg/all/function/internal_message.html?_=1695868014894&CODE_STATE=getMsg HTTP/1.1" 200 27
120.253.135.82 - - [28/Sep/2023:10:26:55 +0800] "POST /xingrg/kc/pszx/mdps_order_operate.html HTTP/1.1" 200 37
180.165.48.189 - - [28/Sep/2023:10:26:56 +0800] "GET /xingrg/kc/buy/cgsh_order_operate.html?command=get_materiel&rest_code=00108&code=00101001191&supplier_code=00100012&order_time=2023-09-28 HTTP/1.1" 200 413
180.152.241.196 - - [28/Sep/2023:10:26:57 +0800] "GET /xingrg/all/function/internal_message.html?_=1695868017577&CODE_STATE=getMsg HTTP/1.1" 200 27
222.70.180.200 - - [28/Sep/2023:10:26:57 +0800] "POST /xingrg/kc/buy/cgsh_order_operate.html HTTP/1.1" 200 37
222.70.180.200 - - [28/Sep/2023:10:26:57 +0800] "POST /xingrg/kc/base/stock_operate.html HTTP/1.1" 200 6891
120.253.135.82 - - [28/Sep/2023:10:27:00 +0800] "POST /xingrg/kc/pszx/mdps_order_operate.html HTTP/1.1" 200 12
58.40.7.146 - - [28/Sep/2023:10:27:01 +0800] "POST /xingrg/dwr/call/plaincall/AjaxCheckService.saveOrder.dwr HTTP/1.1" 200 78
124.78.69.58 - - [28/Sep/2023:10:27:01 +0800] "GET /xingrg/all/function/internal_message.html?_=1695867446209&CODE_STATE=getMsg HTTP/1.1" 200 27
58.40.7.146 - - [28/Sep/2023:10:27:04 +0800] "POST /xingrg/dwr/call/plaincall/AjaxCheckService.loadOrderItems.dwr HTTP/1.1" 200 367
124.78.155.92 - - [28/Sep/2023:10:27:04 +0800] "GET /xingrg/kc/buy/cgsh_order_operate.html?command=get_materiel&rest_code=00106&code=00101008059&supplier_code=00100007&order_time=2023-09-28 HTTP/1.1" 200 408
116.230.110.33 - - [28/Sep/2023:10:27:05 +0800] "GET /xingrg/all/function/internal_message.html?_=1695867869652&CODE_STATE=getMsg HTTP/1.1" 200 27
180.165.48.189 - - [28/Sep/2023:10:27:06 +0800] "GET /xingrg/kc/buy/cgsh_order_operate.html?command=get_materiel&rest_code=00108&code=00101001010&supplier_code=00100012&order_time=2023-09-28 HTTP/1.1" 200 409
124.78.155.92 - - [28/Sep/2023:10:27:06 +0800] "POST /xingrg/kc/buy/cgsh_order_operate.html HTTP/1.1" 200 2065
58.40.7.146 - - [28/Sep/2023:10:27:07 +0800] "POST /xingrg/kc/report/common_data.html?type=materiel_category_tree HTTP/1.1" 200 3921
120.253.135.82 - - [28/Sep/2023:10:27:07 +0800] "GET /xingrg/kc/pszx/mdps_order_info.html?code=312023092700662 HTTP/1.1" 200 19638
114.83.220.87 - - [28/Sep/2023:10:27:07 +0800] "GET /xingrg/all/function/internal_message.html?_=1695868025933&CODE_STATE=getMsg HTTP/1.1" 200 27
120.253.135.82 - - [28/Sep/2023:10:27:07 +0800] "GET /xingrg/javascript/easyui/themes/default/validatebox.css HTTP/1.1" 404 1104
222.70.180.200 - - [28/Sep/2023:10:27:07 +0800] "POST /xingrg/kc/base/stock_operate.html HTTP/1.1" 200 6202
120.253.135.82 - - [28/Sep/2023:10:27:08 +0800] "POST /xingrg/kc/pszx/mdps_order_operate.html HTTP/1.1" 200 2976
101.83.145.37 - - [28/Sep/2023:10:27:09 +0800] "GET /xingrg/all/function/internal_message.html?_=1695868030234&CODE_STATE=getMsg HTTP/1.1" 200 27
222.70.180.200 - - [28/Sep/2023:10:27:09 +0800] "GET /xingrg/all/function/internal_message.html?_=1695868257109&CODE_STATE=getMsg HTTP/1.1" 200 27
120.253.135.82 - - [28/Sep/2023:10:27:09 +0800] "POST /xingrg/kc/pszx/mdps_list_operate.html HTTP/1.1" 200 2806
58.40.7.146 - - [28/Sep/2023:10:27:11 +0800] "GET /xingrg/all/function/internal_message.html?_=1695868029636&CODE_STATE=getMsg HTTP/1.1" 200 27
120.253.135.82 - - [28/Sep/2023:10:27:11 +0800] "POST /xingrg/kc/pszx/mdps_list_operate.html HTTP/1.1" 200 285
58.40.7.146 - - [28/Sep/2023:10:27:11 +0800] "POST /xingrg/dwr/call/plaincall/AjaxCheckService.importOrderItems.dwr HTTP/1.1" 200 78
180.163.29.212 - - [28/Sep/2023:10:27:12 +0800] "GET /xingrg/kc/buy/cgsh_order_operate.html?command=get_materiel&rest_code=00106&code=00101008126&supplier_code=00100007&order_time=2023-09-28 HTTP/1.1" 302 -
180.163.29.212 - - [28/Sep/2023:10:27:12 +0800] "GET /xingrg/login.html HTTP/1.1" 200 7641
120.253.135.82 - - [28/Sep/2023:10:27:12 +0800] "GET /xingrg/kc/pszx/mdps_order_info.html?code=312023092700663 HTTP/1.1" 200 23978
120.253.135.82 - - [28/Sep/2023:10:27:13 +0800] "GET /xingrg/javascript/easyui/themes/default/validatebox.css HTTP/1.1" 404 1104
124.78.155.92 - - [28/Sep/2023:10:27:13 +0800] "GET /xingrg/kc/buy/cgsh_order_operate.html?command=get_materiel&rest_code=00106&code=00101008357&supplier_code=00100007&order_time=2023-09-28 HTTP/1.1" 200 408
120.253.135.82 - - [28/Sep/2023:10:27:13 +0800] "POST /xingrg/kc/pszx/mdps_order_operate.html HTTP/1.1" 200 2786
58.40.7.146 - - [28/Sep/2023:10:27:13 +0800] "POST /xingrg/dwr/call/plaincall/AjaxCheckService.loadOrderItems.dwr HTTP/1.1" 200 21439
114.95.241.104 - - [28/Sep/2023:10:27:14 +0800] "GET /xingrg/check_reg.html?_=1695868033313 HTTP/1.1" 200 22
120.253.135.82 - - [28/Sep/2023:10:27:17 +0800] "POST /xingrg/kc/pszx/mdps_order_operate.html HTTP/1.1" 200 37
222.70.107.161 - - [28/Sep/2023:10:27:17 +0800] "GET /xingrg/all/function/internal_message.html?_=1695868037664&CODE_STATE=getMsg HTTP/1.1" 200 27
124.78.155.92 - - [28/Sep/2023:10:27:20 +0800] "GET /xingrg/all/function/internal_message.html?_=1695868038345&CODE_STATE=getMsg HTTP/1.1" 200 27
120.253.135.82 - - [28/Sep/2023:10:27:21 +0800] "POST /xingrg/kc/pszx/mdps_order_operate.html HTTP/1.1" 200 12
222.70.180.200 - - [28/Sep/2023:10:27:22 +0800] "POST /xingrg/kc/base/stock_operate.html HTTP/1.1" 200 4175
222.70.180.200 - - [28/Sep/2023:10:27:22 +0800] "POST /xingrg/kc/buy/cgsh_order_operate.html HTTP/1.1" 200 39929
58.40.7.146 - - [28/Sep/2023:10:27:25 +0800] "GET /xingrg/kc/print/load_config.html?_=1695868044938&kc_code=check HTTP/1.1" 200 2488
58.40.7.146 - - [28/Sep/2023:10:27:25 +0800] "GET /xingrg/kc/print/load_data.html?_=1695868045021&order_code=452023092800291&kc_code=check HTTP/1.1" 200 5935
222.70.180.200 - - [28/Sep/2023:10:27:25 +0800] "GET /xingrg/kc/base/stock_detail.html?m=00101008439 HTTP/1.1" 200 7317
222.70.180.200 - - [28/Sep/2023:10:27:26 +0800] "GET /xingrg/all/function/internal_message.html?_=1695868046090&CODE_STATE=getMsg HTTP/1.1" 200 27
180.165.48.189 - - [28/Sep/2023:10:27:27 +0800] "GET /xingrg/kc/buy/cgsh_order_operate.html?command=get_materiel&rest_code=00108&code=00101007055&supplier_code=00100012&order_time=2023-09-28 HTTP/1.1" 200 408
222.69.128.235 - - [28/Sep/2023:10:27:27 +0800] "GET /xingrg/check_reg.html?_=1695868048891 HTTP/1.1" 200 22
222.69.128.235 - - [28/Sep/2023:10:27:27 +0800] "GET /xingrg/all/function/internal_message.html?_=1695868048892&CODE_STATE=getMsg HTTP/1.1" 200 27
222.70.180.200 - - [28/Sep/2023:10:27:29 +0800] "GET /xingrg/kc/base/stock_operate.html?_=1695868277781&command=get_report_file&start_day=20230901 HTTP/1.1" 200 53
222.70.180.200 - - [28/Sep/2023:10:27:29 +0800] "GET /xingrg/all/report/report_query.html?isQuery=1&onlyBody=1&rh=2000&fileName=kc/base/kc_stock_detail_new.xml&queryString=(1=1)&queryText=&tableQueryString=init_table$sp1$$sp$crk_table$sp1$order_day%20between%2020230901%20and%2020230930&varString=start_day:20230901,materiel_code:00101008439,cost_id:4593,end_date:20230831 HTTP/1.1" 200 48701
222.70.180.200 - - [28/Sep/2023:10:27:29 +0800] "GET /xingrg/dwr/interface/AjaxReportQueryService.js HTTP/1.1" 200 13203
222.70.180.200 - - [28/Sep/2023:10:27:29 +0800] "GET /xingrg/dwr/engine.js HTTP/1.1" 200 43631
222.70.180.200 - - [28/Sep/2023:10:27:31 +0800] "POST /xingrg/all/report/load_report_page.html HTTP/1.1" 200 25120
222.70.180.200 - - [28/Sep/2023:10:27:31 +0800] "GET /xingrg/servlets/image?cache=0.5058947997557313&image=px HTTP/1.1" 200 807
120.253.135.82 - - [28/Sep/2023:10:27:31 +0800] "GET /xingrg/kc/pszx/mdps_order_info.html?code=312023092700663 HTTP/1.1" 200 19638
120.253.135.82 - - [28/Sep/2023:10:27:32 +0800] "GET /xingrg/javascript/easyui/themes/default/validatebox.css HTTP/1.1" 404 1104
120.253.135.82 - - [28/Sep/2023:10:27:32 +0800] "POST /xingrg/kc/pszx/mdps_order_operate.html HTTP/1.1" 200 1004
180.169.147.146 - - [28/Sep/2023:10:27:33 +0800] "GET /xingrg/all/function/internal_message.html?_=1695868049713&CODE_STATE=getMsg HTTP/1.1" 200 27
180.169.147.146 - - [28/Sep/2023:10:27:34 +0800] "GET /xingrg/all/function/internal_message.html?_=1695868050902&CODE_STATE=getMsg HTTP/1.1" 200 27
114.83.220.87 - - [28/Sep/2023:10:27:35 +0800] "GET /xingrg/all/function/internal_message.html?_=1695868055859&CODE_STATE=getMsg HTTP/1.1" 200 27
180.152.241.196 - - [28/Sep/2023:10:27:36 +0800] "GET /xingrg/all/function/internal_message.html?_=1695868074183&CODE_STATE=getMsg HTTP/1.1" 200 27
120.253.135.82 - - [28/Sep/2023:10:27:36 +0800] "POST /xingrg/kc/pszx/mdps_list_operate.html HTTP/1.1" 200 2435
222.70.180.200 - - [28/Sep/2023:10:27:36 +0800] "GET /xingrg/kc/base/stock_detail.html?m=00101008583 HTTP/1.1" 200 7319
124.78.155.92 - - [28/Sep/2023:10:27:37 +0800] "GET /xingrg/kc/buy/cgsh_order_operate.html?command=get_materiel&rest_code=00106&code=00101008359&supplier_code=00100007&order_time=2023-09-28 HTTP/1.1" 200 408
222.70.180.200 - - [28/Sep/2023:10:27:39 +0800] "GET /xingrg/kc/base/stock_operate.html?_=1695868286966&command=get_report_file&start_day=20230901 HTTP/1.1" 200 53
222.70.180.200 - - [28/Sep/2023:10:27:39 +0800] "GET /xingrg/all/report/report_query.html?isQuery=1&onlyBody=1&rh=2000&fileName=kc/base/kc_stock_detail_new.xml&queryString=(1=1)&queryText=&tableQueryString=init_table$sp1$$sp$crk_table$sp1$order_day%20between%2020230901%20and%2020230930&varString=start_day:20230901,materiel_code:00101008583,cost_id:4593,end_date:20230831 HTTP/1.1" 200 48701
120.253.135.82 - - [28/Sep/2023:10:27:39 +0800] "POST /xingrg/kc/pszx/mdps_list_operate.html HTTP/1.1" 200 281
222.70.180.200 - - [28/Sep/2023:10:27:39 +0800] "GET /xingrg/dwr/interface/AjaxReportQueryService.js HTTP/1.1" 200 13203
222.70.180.200 - - [28/Sep/2023:10:27:39 +0800] "GET /xingrg/dwr/engine.js HTTP/1.1" 200 43631
180.165.48.189 - - [28/Sep/2023:10:27:39 +0800] "GET /xingrg/kc/buy/cgsh_order_operate.html?command=get_materiel&rest_code=00108&code=00101006057&supplier_code=00100012&order_time=2023-09-28 HTTP/1.1" 200 413
222.70.180.200 - - [28/Sep/2023:10:27:40 +0800] "POST /xingrg/all/report/load_report_page.html HTTP/1.1" 200 39762
222.70.180.200 - - [28/Sep/2023:10:27:40 +0800] "GET /xingrg/servlets/image?cache=0.848188661381143&image=px HTTP/1.1" 200 807
120.253.135.82 - - [28/Sep/2023:10:27:40 +0800] "GET /xingrg/kc/pszx/mdps_order_info.html?code=312023092700665 HTTP/1.1" 200 23978
120.253.135.82 - - [28/Sep/2023:10:27:41 +0800] "GET /xingrg/javascript/easyui/themes/default/validatebox.css HTTP/1.1" 404 1104
120.253.135.82 - - [28/Sep/2023:10:27:41 +0800] "POST /xingrg/kc/pszx/mdps_order_operate.html HTTP/1.1" 200 2765
180.163.29.234 - - [28/Sep/2023:10:27:42 +0800] "GET /xingrg/kc/buy/cgsh_order_operate.html?command=get_materiel&rest_code=00106&code=00101008067&supplier_code=00100007&order_time=2023-09-28 HTTP/1.1" 302 -
180.163.29.234 - - [28/Sep/2023:10:27:42 +0800] "GET /xingrg/login.html HTTP/1.1" 200 7641
222.70.180.200 - - [28/Sep/2023:10:27:44 +0800] "GET /xingrg/kc/guide/show_order.html?code=212023092309383&type=21 HTTP/1.1" 302 -
222.70.180.200 - - [28/Sep/2023:10:27:46 +0800] "GET /xingrg/kc/buy/cgsh_order_info.html?code=212023092309383&sysBaseUrl=http%3A%2F%2F180.169.147.146%3A18081%2Fxingrg%2F&costTime=1×tamp=1695868064647 HTTP/1.1" 200 67602
120.253.135.82 - - [28/Sep/2023:10:27:46 +0800] "POST /xingrg/kc/pszx/mdps_order_operate.html HTTP/1.1" 200 37
222.70.180.200 - - [28/Sep/2023:10:27:46 +0800] "GET /favicon.ico HTTP/1.1" 404 -
222.70.180.200 - - [28/Sep/2023:10:27:46 +0800] "GET /xingrg/javascript/easyui/themes/default/validatebox.css HTTP/1.1" 404 1104
124.78.155.92 - - [28/Sep/2023:10:27:46 +0800] "GET /xingrg/kc/buy/cgsh_order_operate.html?command=get_materiel&rest_code=00106&code=00101008350&supplier_code=00100007&order_time=2023-09-28 HTTP/1.1" 200 408
116.235.240.218 - - [28/Sep/2023:10:27:47 +0800] "GET /xingrg/all/function/internal_message.html?_=1695868062363&CODE_STATE=getMsg HTTP/1.1" 200 27
222.70.180.200 - - [28/Sep/2023:10:27:48 +0800] "POST /xingrg/kc/buy/cgsh_order_operate.html HTTP/1.1" 200 2389
58.39.107.54 - - [28/Sep/2023:10:27:48 +0800] "GET /xingrg/all/function/internal_message.html?_=1695868068660&CODE_STATE=getMsg HTTP/1.1" 200 27
180.165.48.189 - - [28/Sep/2023:10:27:48 +0800] "GET /xingrg/kc/buy/cgsh_order_operate.html?command=get_materiel&rest_code=00108&code=00101006006&supplier_code=00100012&order_time=2023-09-28 HTTP/1.1" 200 408
218.81.72.120 - - [28/Sep/2023:10:27:50 +0800] "GET /xingrg/kc/buy/buy_main.html HTTP/1.1" 200 12412
218.81.72.120 - - [28/Sep/2023:10:27:50 +0800] "GET /xingrg/css/new_ie.css HTTP/1.1" 404 1036
218.81.72.120 - - [28/Sep/2023:10:27:52 +0800] "GET /xingrg/kc/buy/cgsh_order_list.html HTTP/1.1" 200 56712
120.253.135.82 - - [28/Sep/2023:10:27:52 +0800] "POST /xingrg/kc/pszx/mdps_order_operate.html HTTP/1.1" 200 12
180.169.147.146 - - [28/Sep/2023:10:27:53 +0800] "GET /xingrg/all/function/internal_message.html?_=1695868073179&CODE_STATE=getMsg HTTP/1.1" 200 27
114.95.241.104 - - [28/Sep/2023:10:27:54 +0800] "GET /xingrg/all/function/internal_message.html?_=1695868073180&CODE_STATE=getMsg HTTP/1.1" 200 27
218.81.72.120 - - [28/Sep/2023:10:27:55 +0800] "POST /xingrg/kc/buy/cgsh_list_operate.html HTTP/1.1" 200 986
180.165.48.189 - - [28/Sep/2023:10:27:55 +0800] "GET /xingrg/all/function/internal_message.html?_=1695868074888&CODE_STATE=getMsg HTTP/1.1" 200 27
180.152.241.196 - - [28/Sep/2023:10:27:57 +0800] "GET /xingrg/all/function/internal_message.html?_=1695868077570&CODE_STATE=getMsg HTTP/1.1" 200 27
120.253.135.82 - - [28/Sep/2023:10:27:57 +0800] "GET /xingrg/kc/pszx/mdps_order_info.html?code=312023092700665 HTTP/1.1" 200 19638
120.253.135.82 - - [28/Sep/2023:10:27:58 +0800] "GET /xingrg/javascript/easyui/themes/default/validatebox.css HTTP/1.1" 404 1104
120.253.135.82 - - [28/Sep/2023:10:27:58 +0800] "POST /xingrg/kc/pszx/mdps_order_operate.html HTTP/1.1" 200 984
120.253.135.82 - - [28/Sep/2023:10:27:59 +0800] "POST /xingrg/kc/pszx/mdps_list_operate.html HTTP/1.1" 200 2064
124.78.69.58 - - [28/Sep/2023:10:28:01 +0800] "GET /xingrg/all/function/internal_message.html?_=1695867506180&CODE_STATE=getMsg HTTP/1.1" 200 27
124.78.69.58 - - [28/Sep/2023:10:28:02 +0800] "GET /xingrg/check_reg.html?_=1695867507445 HTTP/1.1" 200 22
218.81.72.120 - - [28/Sep/2023:10:28:03 +0800] "GET /xingrg/login.html HTTP/1.1" 200 7641
218.81.72.120 - - [28/Sep/2023:10:28:03 +0800] "GET /favicon.ico HTTP/1.1" 404 -
120.253.135.82 - - [28/Sep/2023:10:28:03 +0800] "POST /xingrg/kc/pszx/mdps_list_operate.html HTTP/1.1" 200 378
120.253.135.82 - - [28/Sep/2023:10:28:05 +0800] "GET /xingrg/kc/pszx/mdps_order_info.html?code=312023092700664 HTTP/1.1" 200 23978
116.230.110.33 - - [28/Sep/2023:10:28:05 +0800] "GET /xingrg/all/function/internal_message.html?_=1695867929623&CODE_STATE=getMsg HTTP/1.1" 200 27
120.253.135.82 - - [28/Sep/2023:10:28:05 +0800] "GET /xingrg/javascript/easyui/themes/default/validatebox.css HTTP/1.1" 404 1104
218.81.72.120 - - [28/Sep/2023:10:28:06 +0800] "POST /xingrg/login.do HTTP/1.1" 302 -
120.253.135.82 - - [28/Sep/2023:10:28:06 +0800] "POST /xingrg/kc/pszx/mdps_order_operate.html HTTP/1.1" 200 3317
218.81.72.120 - - [28/Sep/2023:10:28:06 +0800] "GET /xingrg/index.html?sysBaseUrl=http%3A%2F%2F180.169.147.146%3A18081%2Fxingrg%2F&costTime=1398×tamp=1695868086371 HTTP/1.1" 200 17503
218.81.72.120 - - [28/Sep/2023:10:28:06 +0800] "GET /favicon.ico HTTP/1.1" 404 -
218.81.72.120 - - [28/Sep/2023:10:28:06 +0800] "GET /xingrg/all/function/internal_message.html?_=1695868086451&CODE_STATE=count HTTP/1.1" 200 11
218.81.72.120 - - [28/Sep/2023:10:28:06 +0800] "GET /xingrg/check_reg.html?_=1695868086452 HTTP/1.1" 200 22
218.81.72.120 - - [28/Sep/2023:10:28:06 +0800] "POST /xingrg/all/common/load_tree.html?tree=area_rest_tree_json&manage=1 HTTP/1.1" 200 3499
218.81.72.120 - - [28/Sep/2023:10:28:06 +0800] "POST /xingrg/load_menu.html HTTP/1.1" 200 11564
114.83.220.87 - - [28/Sep/2023:10:28:07 +0800] "GET /xingrg/all/function/internal_message.html?_=1695868085918&CODE_STATE=getMsg HTTP/1.1" 200 27
218.81.72.120 - - [28/Sep/2023:10:28:07 +0800] "GET /xingrg/login.html HTTP/1.1" 200 7641
218.81.72.120 - - [28/Sep/2023:10:28:08 +0800] "GET /favicon.ico HTTP/1.1" 404 -
218.81.72.120 - - [28/Sep/2023:10:28:08 +0800] "GET /favicon.ico HTTP/1.1" 404 -
101.83.145.37 - - [28/Sep/2023:10:28:09 +0800] "GET /xingrg/all/function/internal_message.html?_=1695868090240&CODE_STATE=getMsg HTTP/1.1" 200 27
222.70.180.200 - - [28/Sep/2023:10:28:09 +0800] "GET /xingrg/all/function/internal_message.html?_=1695868317099&CODE_STATE=getMsg HTTP/1.1" 200 27
58.40.7.146 - - [28/Sep/2023:10:28:11 +0800] "GET /xingrg/all/function/internal_message.html?_=1695868089637&CODE_STATE=getMsg HTTP/1.1" 302 -
58.40.7.146 - - [28/Sep/2023:10:28:11 +0800] "GET /xingrg/check_reg.html?_=1695868089639 HTTP/1.1" 302 -
58.40.7.146 - - [28/Sep/2023:10:28:11 +0800] "GET /xingrg/login.html HTTP/1.1" 200 7641
58.40.7.146 - - [28/Sep/2023:10:28:11 +0800] "GET /xingrg/login.html HTTP/1.1" 200 7641
218.81.72.120 - - [28/Sep/2023:10:28:11 +0800] "POST /xingrg/all/user/operate.html HTTP/1.1" 200 36
218.81.72.120 - - [28/Sep/2023:10:28:11 +0800] "GET /xingrg/index.html?sysBaseUrl=http%3A%2F%2F180.169.147.146%3A18081%2Fxingrg%2F&costTime=1398×tamp=1695868086371 HTTP/1.1" 200 17509
218.81.72.120 - - [28/Sep/2023:10:28:11 +0800] "GET /xingrg/javascript/jquery_easy_ui/themes/default/easyui.css HTTP/1.1" 304 -
218.81.72.120 - - [28/Sep/2023:10:28:11 +0800] "GET /xingrg/javascript/jquery_easy_ui/themes/icon.css HTTP/1.1" 304 -
218.81.72.120 - - [28/Sep/2023:10:28:11 +0800] "GET /xingrg/css/form.css HTTP/1.1" 304 -
218.81.72.120 - - [28/Sep/2023:10:28:11 +0800] "GET /xingrg/javascript/jquery-1.4.2.min.js HTTP/1.1" 304 -
218.81.72.120 - - [28/Sep/2023:10:28:11 +0800] "GET /xingrg/javascript/jquery_easy_ui/jquery.easyui.min.js HTTP/1.1" 304 -
218.81.72.120 - - [28/Sep/2023:10:28:11 +0800] "GET /xingrg/javascript/jquery_easy_ui/easyui-lang-zh_CN.js HTTP/1.1" 304 -
218.81.72.120 - - [28/Sep/2023:10:28:11 +0800] "GET /xingrg/javascript/jquery.form.js HTTP/1.1" 304 -
218.81.72.120 - - [28/Sep/2023:10:28:11 +0800] "GET /xingrg/javascript/jquery.utils.js HTTP/1.1" 304 -
218.81.72.120 - - [28/Sep/2023:10:28:11 +0800] "GET /xingrg/javascript/jquery.timers.js HTTP/1.1" 304 -
218.81.72.120 - - [28/Sep/2023:10:28:11 +0800] "GET /xingrg/images/blue/jxLogo.png HTTP/1.1" 304 -
218.81.72.120 - - [28/Sep/2023:10:28:11 +0800] "GET /xingrg/images/blue/navBackgound.jpg HTTP/1.1" 304 -
218.81.72.120 - - [28/Sep/2023:10:28:11 +0800] "GET /xingrg/javascript/jquery_easy_ui/themes/icons/settle_new.png HTTP/1.1" 304 -
218.81.72.120 - - [28/Sep/2023:10:28:12 +0800] "GET /xingrg/all/function/internal_message.html?_=1695868091840&CODE_STATE=count HTTP/1.1" 200 11
218.81.72.120 - - [28/Sep/2023:10:28:12 +0800] "GET /xingrg/check_reg.html?_=1695868091842 HTTP/1.1" 200 22
218.81.72.120 - - [28/Sep/2023:10:28:12 +0800] "GET /xingrg/javascript/jquery_easy_ui/themes/default/images/tabs_leftarrow.png HTTP/1.1" 304 -
218.81.72.120 - - [28/Sep/2023:10:28:12 +0800] "GET /xingrg/javascript/jquery_easy_ui/themes/default/images/panel_tool_expand.gif HTTP/1.1" 304 -
218.81.72.120 - - [28/Sep/2023:10:28:12 +0800] "GET /xingrg/javascript/jquery_easy_ui/themes/default/images/panel_tool_collapse.gif HTTP/1.1" 304 -
218.81.72.120 - - [28/Sep/2023:10:28:12 +0800] "GET /xingrg/javascript/jquery_easy_ui/themes/default/images/tabs_rightarrow.png HTTP/1.1" 304 -
218.81.72.120 - - [28/Sep/2023:10:28:12 +0800] "GET /xingrg/images/blue/pingpu.png HTTP/1.1" 304 -
218.81.72.120 - - [28/Sep/2023:10:28:12 +0800] "POST /xingrg/all/common/load_tree.html?tree=area_rest_tree_json&manage=1 HTTP/1.1" 200 3499
218.81.72.120 - - [28/Sep/2023:10:28:12 +0800] "POST /xingrg/load_menu.html HTTP/1.1" 200 9959
120.253.135.82 - - [28/Sep/2023:10:28:12 +0800] "POST /xingrg/kc/pszx/mdps_order_operate.html HTTP/1.1" 200 37
218.81.72.120 - - [28/Sep/2023:10:28:13 +0800] "GET /xingrg/kc/report/report_main.html HTTP/1.1" 200 7340
218.81.72.120 - - [28/Sep/2023:10:28:14 +0800] "GET /xingrg/kc/base/crk_hz.html HTTP/1.1" 200 11247
218.81.72.120 - - [28/Sep/2023:10:28:14 +0800] "POST /xingrg/kc/cost/cost_operate.html?command=get_base_tree HTTP/1.1" 200 2583
218.81.72.120 - - [28/Sep/2023:10:28:14 +0800] "POST /xingrg/all/common/load_tree.html?tree=materiel_sort_tree_json HTTP/1.1" 200 9500
180.165.48.189 - - [28/Sep/2023:10:28:14 +0800] "GET /xingrg/kc/buy/cgsh_order_operate.html?command=get_materiel&rest_code=00108&code=00101006129&supplier_code=00100012&order_time=2023-09-28 HTTP/1.1" 200 439
218.81.72.120 - - [28/Sep/2023:10:28:15 +0800] "GET /xingrg/all/common/get_data_part.html?part=previousMonth&_=1695868095615 HTTP/1.1" 200 41
120.253.135.82 - - [28/Sep/2023:10:28:16 +0800] "POST /xingrg/kc/pszx/mdps_order_operate.html HTTP/1.1" 200 12
222.70.107.161 - - [28/Sep/2023:10:28:17 +0800] "GET /xingrg/all/function/internal_message.html?_=1695868097656&CODE_STATE=getMsg HTTP/1.1" 200 27
218.81.72.120 - - [28/Sep/2023:10:28:17 +0800] "GET /xingrg/all/common/get_data_part.html?part=currentMonth&_=1695868097322 HTTP/1.1" 200 41
180.163.28.143 - - [28/Sep/2023:10:28:20 +0800] "GET /xingrg/all/function/internal_message.html?_=1695868038345&CODE_STATE=getMsg HTTP/1.1" 302 -
180.163.28.143 - - [28/Sep/2023:10:28:20 +0800] "GET /xingrg/login.html HTTP/1.1" 200 7641
124.78.155.92 - - [28/Sep/2023:10:28:20 +0800] "GET /xingrg/all/function/internal_message.html?_=1695868098317&CODE_STATE=getMsg HTTP/1.1" 200 27
124.78.155.92 - - [28/Sep/2023:10:28:21 +0800] "GET /xingrg/check_reg.html?_=1695868098763 HTTP/1.1" 200 22
120.253.135.82 - - [28/Sep/2023:10:28:21 +0800] "GET /xingrg/kc/pszx/mdps_order_info.html?code=312023092700664 HTTP/1.1" 200 19638
124.78.155.92 - - [28/Sep/2023:10:28:21 +0800] "POST /xingrg/kc/buy/cgsh_order_operate.html HTTP/1.1" 200 2065
101.80.225.121 - - [28/Sep/2023:10:28:21 +0800] "POST /xingrg/services/DataTransmitService HTTP/1.1" 200 524
120.253.135.82 - - [28/Sep/2023:10:28:22 +0800] "GET /xingrg/javascript/easyui/themes/default/validatebox.css HTTP/1.1" 404 1104
120.253.135.82 - - [28/Sep/2023:10:28:22 +0800] "POST /xingrg/kc/pszx/mdps_order_operate.html HTTP/1.1" 200 1533
120.253.135.82 - - [28/Sep/2023:10:28:23 +0800] "POST /xingrg/kc/pszx/mdps_list_operate.html HTTP/1.1" 200 1692
180.165.48.189 - - [28/Sep/2023:10:28:24 +0800] "GET /xingrg/kc/buy/cgsh_order_operate.html?command=get_materiel&rest_code=00108&code=00101006293&supplier_code=00100012&order_time=2023-09-28 HTTP/1.1" 200 430
120.253.135.82 - - [28/Sep/2023:10:28:25 +0800] "POST /xingrg/kc/pszx/mdps_list_operate.html HTTP/1.1" 200 627
222.70.180.200 - - [28/Sep/2023:10:28:26 +0800] "GET /xingrg/check_reg.html?_=1695868106001 HTTP/1.1" 200 22
222.70.180.200 - - [28/Sep/2023:10:28:26 +0800] "GET /xingrg/all/function/internal_message.html?_=1695868106070&CODE_STATE=getMsg HTTP/1.1" 200 27
120.253.135.82 - - [28/Sep/2023:10:28:26 +0800] "GET /xingrg/kc/pszx/mdps_order_info.html?code=312023092700660 HTTP/1.1" 200 23978
120.253.135.82 - - [28/Sep/2023:10:28:26 +0800] "GET /xingrg/javascript/easyui/themes/default/validatebox.css HTTP/1.1" 404 1104
120.253.135.82 - - [28/Sep/2023:10:28:27 +0800] "POST /xingrg/kc/pszx/mdps_order_operate.html HTTP/1.1" 200 7291
222.69.128.235 - - [28/Sep/2023:10:28:27 +0800] "GET /xingrg/all/function/internal_message.html?_=1695868108879&CODE_STATE=getMsg HTTP/1.1" 200 27
124.78.155.92 - - [28/Sep/2023:10:28:29 +0800] "GET /xingrg/kc/buy/cgsh_order_operate.html?command=get_materiel&rest_code=00106&code=00101008027&supplier_code=00100007&order_time=2023-09-28 HTTP/1.1" 200 409
180.169.147.146 - - [28/Sep/2023:10:28:33 +0800] "GET /xingrg/all/function/internal_message.html?_=1695868109713&CODE_STATE=getMsg HTTP/1.1" 200 27
120.253.135.82 - - [28/Sep/2023:10:28:34 +0800] "POST /xingrg/kc/pszx/mdps_order_operate.html HTTP/1.1" 200 37
180.169.147.146 - - [28/Sep/2023:10:28:34 +0800] "GET /xingrg/all/function/internal_message.html?_=1695868110886&CODE_STATE=getMsg HTTP/1.1" 200 27
114.83.220.87 - - [28/Sep/2023:10:28:35 +0800] "GET /xingrg/all/function/internal_message.html?_=1695868115853&CODE_STATE=getMsg HTTP/1.1" 200 27
180.152.241.196 - - [28/Sep/2023:10:28:36 +0800] "GET /xingrg/all/function/internal_message.html?_=1695868134174&CODE_STATE=getMsg HTTP/1.1" 200 27
120.253.135.82 - - [28/Sep/2023:10:28:39 +0800] "POST /xingrg/kc/pszx/mdps_order_operate.html HTTP/1.1" 200 12
120.253.135.82 - - [28/Sep/2023:10:28:41 +0800] "GET /xingrg/kc/pszx/mdps_order_info.html?code=312023092700660 HTTP/1.1" 200 19638
120.253.135.82 - - [28/Sep/2023:10:28:41 +0800] "GET /xingrg/javascript/easyui/themes/default/validatebox.css HTTP/1.1" 404 1104
120.253.135.82 - - [28/Sep/2023:10:28:42 +0800] "POST /xingrg/kc/pszx/mdps_order_operate.html HTTP/1.1" 200 5459
120.253.135.82 - - [28/Sep/2023:10:28:43 +0800] "POST /xingrg/kc/pszx/mdps_list_operate.html HTTP/1.1" 200 868
180.165.48.189 - - [28/Sep/2023:10:28:43 +0800] "POST /xingrg/kc/buy/cgsh_order_operate.html HTTP/1.1" 200 37
124.78.155.92 - - [28/Sep/2023:10:28:43 +0800] "GET /xingrg/kc/buy/cgsh_order_operate.html?command=get_materiel&rest_code=00106&code=00101008080&supplier_code=00100007&order_time=2023-09-28 HTTP/1.1" 200 416
58.40.7.146 - - [28/Sep/2023:10:28:44 +0800] "GET /xingrg/all/function/internal_message.html?_=1695868124306&CODE_STATE=getMsg HTTP/1.1" 200 27
180.165.48.189 - - [28/Sep/2023:10:28:46 +0800] "POST /xingrg/kc/buy/cgsh_order_operate.html HTTP/1.1" 200 6845
116.235.240.218 - - [28/Sep/2023:10:28:47 +0800] "GET /xingrg/all/function/internal_message.html?_=1695868122378&CODE_STATE=getMsg HTTP/1.1" 200 27
58.39.107.54 - - [28/Sep/2023:10:28:48 +0800] "GET /xingrg/all/function/internal_message.html?_=1695868128649&CODE_STATE=getMsg HTTP/1.1" 200 27
58.40.7.146 - - [28/Sep/2023:10:28:48 +0800] "GET /xingrg/javascript/jquery_easy_ui/themes/default/images/tabs_active.png HTTP/1.1" 200 2894
58.40.7.146 - - [28/Sep/2023:10:28:52 +0800] "POST /xingrg/kc/base/check_list_operate.html HTTP/1.1" 200 1896
180.163.29.219 - - [28/Sep/2023:10:28:53 +0800] "GET /xingrg/all/function/internal_message.html?_=1695868073179&CODE_STATE=getMsg HTTP/1.1" 302 -
180.169.147.146 - - [28/Sep/2023:10:28:53 +0800] "GET /xingrg/all/function/internal_message.html?_=1695868133172&CODE_STATE=getMsg HTTP/1.1" 200 27
180.163.29.219 - - [28/Sep/2023:10:28:53 +0800] "GET /xingrg/login.html HTTP/1.1" 200 7641
58.40.7.146 - - [28/Sep/2023:10:28:53 +0800] "GET /xingrg/kc/base/check_order_info.html?code=452023092800290 HTTP/1.1" 200 26140
58.40.7.146 - - [28/Sep/2023:10:28:54 +0800] "GET /xingrg/dwr/interface/AjaxComOrderService.js HTTP/1.1" 200 18264
58.40.7.146 - - [28/Sep/2023:10:28:54 +0800] "GET /xingrg/dwr/interface/AjaxCheckService.js HTTP/1.1" 200 14003
58.40.7.146 - - [28/Sep/2023:10:28:54 +0800] "GET /xingrg/dwr/engine.js HTTP/1.1" 200 43631
114.95.241.104 - - [28/Sep/2023:10:28:54 +0800] "GET /xingrg/all/function/internal_message.html?_=1695868133157&CODE_STATE=getMsg HTTP/1.1" 200 27
180.165.48.189 - - [28/Sep/2023:10:28:54 +0800] "GET /xingrg/kc/print/load_data.html?order_code=212023092811598&kc_code=cgsh&condition= HTTP/1.1" 200 2401
180.165.48.189 - - [28/Sep/2023:10:28:55 +0800] "GET /xingrg/all/function/internal_message.html?_=1695868134918&CODE_STATE=getMsg HTTP/1.1" 200 27
180.152.241.196 - - [28/Sep/2023:10:28:57 +0800] "GET /xingrg/all/function/internal_message.html?_=1695868137573&CODE_STATE=getMsg HTTP/1.1" 200 27
58.40.7.146 - - [28/Sep/2023:10:28:57 +0800] "POST /xingrg/dwr/call/plaincall/AjaxCheckService.loadOrderItems.dwr HTTP/1.1" 200 224799
124.78.155.92 - - [28/Sep/2023:10:28:58 +0800] "GET /xingrg/kc/buy/cgsh_order_operate.html?command=get_materiel&rest_code=00106&code=00101008244&supplier_code=00100007&order_time=2023-09-28 HTTP/1.1" 200 408
124.78.69.58 - - [28/Sep/2023:10:29:01 +0800] "GET /xingrg/all/function/internal_message.html?_=1695867566182&CODE_STATE=getMsg HTTP/1.1" 200 27
180.165.48.189 - - [28/Sep/2023:10:29:02 +0800] "GET /xingrg/kc/buy/cgsh_order_add.html HTTP/1.1" 200 72580
180.165.48.189 - - [28/Sep/2023:10:29:02 +0800] "POST /xingrg/kc/buy/cgsh_order_operate.html HTTP/1.1" 200 8245
180.165.48.189 - - [28/Sep/2023:10:29:02 +0800] "GET /xingrg/javascript/easyui/themes/default/validatebox.css HTTP/1.1" 404 1104
222.70.180.200 - - [28/Sep/2023:10:29:04 +0800] "GET /xingrg/kc/base/stock_detail.html?m=00101015004 HTTP/1.1" 200 7315
116.230.110.33 - - [28/Sep/2023:10:29:05 +0800] "GET /xingrg/all/function/internal_message.html?_=1695867989612&CODE_STATE=getMsg HTTP/1.1" 200 27
222.70.180.200 - - [28/Sep/2023:10:29:06 +0800] "GET /xingrg/kc/base/stock_operate.html?_=1695868374368&command=get_report_file&start_day=20230901 HTTP/1.1" 200 53
222.70.180.200 - - [28/Sep/2023:10:29:06 +0800] "GET /xingrg/all/report/report_query.html?isQuery=1&onlyBody=1&rh=2000&fileName=kc/base/kc_stock_detail_new.xml&queryString=(1=1)&queryText=&tableQueryString=init_table$sp1$$sp$crk_table$sp1$order_day%20between%2020230901%20and%2020230930&varString=start_day:20230901,materiel_code:00101015004,cost_id:4593,end_date:20230831 HTTP/1.1" 200 48701
222.70.180.200 - - [28/Sep/2023:10:29:06 +0800] "GET /xingrg/dwr/interface/AjaxReportQueryService.js HTTP/1.1" 200 13203
222.70.180.200 - - [28/Sep/2023:10:29:06 +0800] "GET /xingrg/dwr/engine.js HTTP/1.1" 200 43631
114.83.220.87 - - [28/Sep/2023:10:29:07 +0800] "GET /xingrg/all/function/internal_message.html?_=1695868145903&CODE_STATE=getMsg HTTP/1.1" 200 27
222.70.180.200 - - [28/Sep/2023:10:29:08 +0800] "POST /xingrg/all/report/load_report_page.html HTTP/1.1" 200 29935
222.70.180.200 - - [28/Sep/2023:10:29:08 +0800] "GET /xingrg/servlets/image?cache=0.9277954495168661&image=px HTTP/1.1" 200 807
58.40.7.146 - - [28/Sep/2023:10:29:08 +0800] "GET /xingrg/kc/base/check_order_add.html HTTP/1.1" 200 26107
58.40.7.146 - - [28/Sep/2023:10:29:09 +0800] "GET /xingrg/dwr/interface/AjaxComOrderService.js HTTP/1.1" 200 18264
58.40.7.146 - - [28/Sep/2023:10:29:09 +0800] "GET /xingrg/dwr/interface/AjaxCheckService.js HTTP/1.1" 200 14003
58.40.7.146 - - [28/Sep/2023:10:29:09 +0800] "GET /xingrg/dwr/engine.js HTTP/1.1" 200 43631
101.83.145.37 - - [28/Sep/2023:10:29:09 +0800] "GET /xingrg/all/function/internal_message.html?_=1695868150240&CODE_STATE=getMsg HTTP/1.1" 200 27
222.70.180.200 - - [28/Sep/2023:10:29:09 +0800] "GET /xingrg/all/function/internal_message.html?_=1695868377097&CODE_STATE=getMsg HTTP/1.1" 200 27
58.40.7.146 - - [28/Sep/2023:10:29:11 +0800] "GET /xingrg/all/function/internal_message.html?_=1695868149625&CODE_STATE=getMsg HTTP/1.1" 302 -
124.78.155.92 - - [28/Sep/2023:10:29:11 +0800] "POST /xingrg/kc/buy/cgsh_order_operate.html HTTP/1.1" 200 37
120.253.135.82 - - [28/Sep/2023:10:29:11 +0800] "POST /xingrg/kc/pszx/mdps_list_operate.html HTTP/1.1" 200 868
120.253.135.82 - - [28/Sep/2023:10:29:11 +0800] "GET /xingrg/kc/buy/cgsh_order_list.html HTTP/1.1" 200 56706
218.81.72.120 - - [28/Sep/2023:10:29:12 +0800] "GET /xingrg/all/function/internal_message.html?_=1695868151858&CODE_STATE=getMsg HTTP/1.1" 200 27
124.78.155.92 - - [28/Sep/2023:10:29:13 +0800] "POST /xingrg/kc/buy/cgsh_order_operate.html HTTP/1.1" 200 22777
120.253.135.82 - - [28/Sep/2023:10:29:14 +0800] "POST /xingrg/kc/buy/cgsh_list_operate.html HTTP/1.1" 200 986
222.70.180.200 - - [28/Sep/2023:10:29:16 +0800] "GET /xingrg/kc/base/stock_detail.html?m=00101015183 HTTP/1.1" 200 7321
222.70.107.161 - - [28/Sep/2023:10:29:17 +0800] "GET /xingrg/all/function/internal_message.html?_=1695868157662&CODE_STATE=getMsg HTTP/1.1" 200 27
222.70.107.161 - - [28/Sep/2023:10:29:17 +0800] "GET /xingrg/check_reg.html?_=1695868157670 HTTP/1.1" 200 22
222.70.180.200 - - [28/Sep/2023:10:29:18 +0800] "GET /xingrg/kc/base/stock_operate.html?_=1695868386607&command=get_report_file&start_day=20230901 HTTP/1.1" 200 53
222.70.180.200 - - [28/Sep/2023:10:29:18 +0800] "GET /xingrg/all/report/report_query.html?isQuery=1&onlyBody=1&rh=2000&fileName=kc/base/kc_stock_detail_new.xml&queryString=(1=1)&queryText=&tableQueryString=init_table$sp1$$sp$crk_table$sp1$order_day%20between%2020230901%20and%2020230930&varString=start_day:20230901,materiel_code:00101015183,cost_id:4593,end_date:20230831 HTTP/1.1" 200 48701
222.70.180.200 - - [28/Sep/2023:10:29:18 +0800] "GET /xingrg/dwr/interface/AjaxReportQueryService.js HTTP/1.1" 200 13203
222.70.180.200 - - [28/Sep/2023:10:29:18 +0800] "GET /xingrg/dwr/engine.js HTTP/1.1" 200 43631
120.253.135.82 - - [28/Sep/2023:10:29:20 +0800] "GET /xingrg/kc/pszx/mdqp_order_list.html?state=10 HTTP/1.1" 200 10275
222.70.180.200 - - [28/Sep/2023:10:29:20 +0800] "POST /xingrg/all/report/load_report_page.html HTTP/1.1" 200 39881
120.253.135.82 - - [28/Sep/2023:10:29:20 +0800] "GET /xingrg/dwr/interface/AjaxQqpsService.js HTTP/1.1" 200 16326
120.253.135.82 - - [28/Sep/2023:10:29:20 +0800] "GET /xingrg/dwr/interface/AjaxReportQueryService.js HTTP/1.1" 200 13203
120.253.135.82 - - [28/Sep/2023:10:29:20 +0800] "GET /xingrg/dwr/engine.js HTTP/1.1" 200 43631
222.70.180.200 - - [28/Sep/2023:10:29:20 +0800] "GET /xingrg/servlets/image?cache=0.5588421640567294&image=px HTTP/1.1" 200 807
124.78.155.92 - - [28/Sep/2023:10:29:20 +0800] "GET /xingrg/kc/buy/cgsh_order_operate.html?command=get_materiel&rest_code=00106&code=00101008107&supplier_code=00100007&order_time=2023-09-28 HTTP/1.1" 200 412
124.78.155.92 - - [28/Sep/2023:10:29:20 +0800] "GET /xingrg/all/function/internal_message.html?_=1695868158293&CODE_STATE=getMsg HTTP/1.1" 200 27
180.163.29.79 - - [28/Sep/2023:10:29:21 +0800] "GET /xingrg/check_reg.html?_=1695868098763 HTTP/1.1" 302 -
180.163.29.79 - - [28/Sep/2023:10:29:21 +0800] "GET /xingrg/login.html HTTP/1.1" 200 7641
180.163.29.79 - - [28/Sep/2023:10:29:25 +0800] "GET /xingrg/kc/buy/cgsh_order_operate.html?command=get_materiel&rest_code=00106&code=00101008027&supplier_code=00100007&order_time=2023-09-28 HTTP/1.1" 302 -
180.163.29.79 - - [28/Sep/2023:10:29:25 +0800] "GET /xingrg/login.html HTTP/1.1" 200 7641
222.70.180.200 - - [28/Sep/2023:10:29:26 +0800] "GET /xingrg/all/function/internal_message.html?_=1695868166053&CODE_STATE=getMsg HTTP/1.1" 200 27
222.69.128.235 - - [28/Sep/2023:10:29:27 +0800] "GET /xingrg/all/function/internal_message.html?_=1695868168898&CODE_STATE=getMsg HTTP/1.1" 200 27
120.253.135.82 - - [28/Sep/2023:10:29:28 +0800] "GET /xingrg/kc/pszx/mdps_order_list.html?orderType=0 HTTP/1.1" 200 21108
120.253.135.82 - - [28/Sep/2023:10:29:28 +0800] "POST /xingrg/kc/pszx/mdps_list_operate.html HTTP/1.1" 200 5378
218.81.72.120 - - [28/Sep/2023:10:29:30 +0800] "GET /xingrg/kc/base/crk_hz.html?_=1695868170690&command=get_cost_id&end_date=2023-09-30&start_date=2023-09-01 HTTP/1.1" 200 51
218.81.72.120 - - [28/Sep/2023:10:29:31 +0800] "GET /xingrg/all/report/report_query.html?isQuery=1&onlyBody=1&rh=99999&rw=1800&varString=start:20230901,cost_id:4562,mid:20230901&fileName=kc/base/crk_hz_type_by_base.xml&queryString=%20a.base_code%20in%20('0010137')%20&queryText=ÈÕÆÚ£º2023-09-01ÖÁ2023-09-30%20²Ö¿â£º°Ę́&tableQueryString=materiel_table$sp1$$sp$before_table$sp1$$sp$crk_table$sp1$order_day%20between%2020230901%20and%2020230930 HTTP/1.1" 200 49398
218.81.72.120 - - [28/Sep/2023:10:29:31 +0800] "GET /xingrg/dwr/interface/AjaxReportQueryService.js HTTP/1.1" 200 13203
218.81.72.120 - - [28/Sep/2023:10:29:31 +0800] "GET /xingrg/dwr/engine.js HTTP/1.1" 200 43631
218.81.72.120 - - [28/Sep/2023:10:29:31 +0800] "GET /xingrg/dwr/util.js HTTP/1.1" 200 35990
180.169.147.146 - - [28/Sep/2023:10:29:33 +0800] "GET /xingrg/all/function/internal_message.html?_=1695868169713&CODE_STATE=getMsg HTTP/1.1" 200 27
180.169.147.146 - - [28/Sep/2023:10:29:34 +0800] "GET /xingrg/all/function/internal_message.html?_=1695868170869&CODE_STATE=getMsg HTTP/1.1" 200 27
101.80.225.121 - - [28/Sep/2023:10:29:34 +0800] "POST /xingrg/services/DataTransmitService HTTP/1.1" 200 524
218.81.72.120 - - [28/Sep/2023:10:29:34 +0800] "POST /xingrg/all/report/load_report_page.html HTTP/1.1" 200 94584
218.81.72.120 - - [28/Sep/2023:10:29:34 +0800] "GET /xingrg/servlets/image?cache=0.4960891322830011&image=px HTTP/1.1" 200 807
114.83.220.87 - - [28/Sep/2023:10:29:34 +0800] "GET /xingrg/check_reg.html?_=1695868175085 HTTP/1.1" 200 22
101.80.225.121 - - [28/Sep/2023:10:29:35 +0800] "POST /xingrg/services/DataTransmitService HTTP/1.1" 200 2055
101.80.225.121 - - [28/Sep/2023:10:29:35 +0800] "POST /xingrg/services/DataTransmitService HTTP/1.1" 200 16446
114.83.220.87 - - [28/Sep/2023:10:29:35 +0800] "GET /xingrg/all/function/internal_message.html?_=1695868175829&CODE_STATE=getMsg HTTP/1.1" 200 27
180.152.241.196 - - [28/Sep/2023:10:29:36 +0800] "GET /xingrg/all/function/internal_message.html?_=1695868194176&CODE_STATE=getMsg HTTP/1.1" 200 27
101.80.225.121 - - [28/Sep/2023:10:29:36 +0800] "POST /xingrg/services/DataTransmitService HTTP/1.1" 200 2491
218.81.72.120 - - [28/Sep/2023:10:29:36 +0800] "GET /xingrg/all/report/report_query.html?isQuery=1&fileName=kc/base/crk_detail_by_small.xml&rh=99999&queryString=&queryText=%25E3%2580%2590%25E4%25BB%2593%25E5%25BA%2593%25E5%2590%258D%25E7%25A7%25B0%253A%25E5%2590%25A7%25E5%258F%25B0%25E3%2580%2591%25E3%2580%2590%25E4%25B8%259A%25E5%258A%25A1%25E7%25B1%25BB%25E5%259E%258B%25EF%25BC%259A%25E9%2587%2587%25E8%25B4%25AD%25E5%2585%25A5%25E5%25BA%2593%25E3%2580%2591%2520%253F%253F%253F%253F%253F2023-09-01%253F%253F2023-09-30%2520%253F%253F%253F%253F%253F%253F&tableQueryString=crk_table%2524sp1%2524order_day%2520between%252020230901%2520and%252020230930%2520and%2520(base_code%253D'0010137')%2520and%2520(src_order_type%2520in%2520(21))%2520and%2520(is_rk%2520in%2520(1)) HTTP/1.1" 200 53776
218.81.72.120 - - [28/Sep/2023:10:29:37 +0800] "GET /xingrg/dwr/interface/AjaxReportQueryService.js HTTP/1.1" 200 13203
218.81.72.120 - - [28/Sep/2023:10:29:37 +0800] "GET /xingrg/dwr/engine.js HTTP/1.1" 200 43631
218.81.72.120 - - [28/Sep/2023:10:29:37 +0800] "POST /xingrg/all/report/load_report_page.html HTTP/1.1" 200 18230
218.81.72.120 - - [28/Sep/2023:10:29:37 +0800] "GET /xingrg/servlets/image?cache=0.904765165204175&image=px HTTP/1.1" 200 807
101.80.225.121 - - [28/Sep/2023:10:29:38 +0800] "POST /xingrg/services/DataTransmitService HTTP/1.1" 200 1495
101.80.225.121 - - [28/Sep/2023:10:29:39 +0800] "POST /xingrg/services/DataTransmitService HTTP/1.1" 200 104320
218.81.72.120 - - [28/Sep/2023:10:29:39 +0800] "POST /xingrg/all/report/load_report_page.html HTTP/1.1" 200 76164
218.81.72.120 - - [28/Sep/2023:10:29:39 +0800] "GET /xingrg/servlets/image?cache=0.611255254694633&image=px HTTP/1.1" 200 807
218.81.72.120 - - [28/Sep/2023:10:29:42 +0800] "POST /xingrg/all/report/report_print.html HTTP/1.1" 200 8192
58.40.7.146 - - [28/Sep/2023:10:29:44 +0800] "GET /xingrg/all/function/internal_message.html?_=1695868184338&CODE_STATE=getMsg HTTP/1.1" 200 27
124.78.155.92 - - [28/Sep/2023:10:29:45 +0800] "GET /xingrg/kc/buy/cgsh_order_operate.html?command=get_materiel&rest_code=00106&code=00101008313&supplier_code=00100007&order_time=2023-09-28 HTTP/1.1" 200 412
222.70.180.200 - - [28/Sep/2023:10:29:46 +0800] "GET /xingrg/javascript/easyui/themes/sunny/images/ui-bg_gloss-wave_60_fece2f_500x100.png HTTP/1.1" 200 3512
101.80.225.121 - - [28/Sep/2023:10:29:47 +0800] "POST /xingrg/services/DataTransmitService HTTP/1.1" 200 524
116.235.240.218 - - [28/Sep/2023:10:29:47 +0800] "GET /xingrg/all/function/internal_message.html?_=1695868182397&CODE_STATE=getMsg HTTP/1.1" 200 27
101.80.225.121 - - [28/Sep/2023:10:29:47 +0800] "POST /xingrg/services/DataTransmitService HTTP/1.1" 200 2055
58.39.107.54 - - [28/Sep/2023:10:29:48 +0800] "GET /xingrg/all/function/internal_message.html?_=1695868188663&CODE_STATE=getMsg HTTP/1.1" 200 27
58.40.7.146 - - [28/Sep/2023:10:29:50 +0800] "POST /xingrg/dwr/call/plaincall/AjaxCheckService.saveOrder.dwr HTTP/1.1" 200 78
101.80.225.121 - - [28/Sep/2023:10:29:51 +0800] "POST /xingrg/services/DataTransmitService HTTP/1.1" 200 524
58.40.7.146 - - [28/Sep/2023:10:29:51 +0800] "POST /xingrg/dwr/call/plaincall/AjaxCheckService.loadOrderItems.dwr HTTP/1.1" 200 367
101.80.225.121 - - [28/Sep/2023:10:29:51 +0800] "POST /xingrg/services/DataTransmitService HTTP/1.1" 200 2055
101.80.225.121 - - [28/Sep/2023:10:29:52 +0800] "POST /xingrg/services/DataTransmitService HTTP/1.1" 200 524
180.163.30.76 - - [28/Sep/2023:10:29:53 +0800] "GET /xingrg/all/function/internal_message.html?_=1695868133172&CODE_STATE=getMsg HTTP/1.1" 302 -
180.169.147.146 - - [28/Sep/2023:10:29:53 +0800] "GET /xingrg/all/function/internal_message.html?_=1695868193178&CODE_STATE=getMsg HTTP/1.1" 200 27
180.163.30.76 - - [28/Sep/2023:10:29:53 +0800] "GET /xingrg/login.html HTTP/1.1" 200 7641
101.80.225.121 - - [28/Sep/2023:10:29:53 +0800] "POST /xingrg/services/DataTransmitService HTTP/1.1" 200 2055
101.80.225.121 - - [28/Sep/2023:10:29:54 +0800] "POST /xingrg/services/DataTransmitService HTTP/1.1" 200 524
114.95.241.104 - - [28/Sep/2023:10:29:54 +0800] "GET /xingrg/all/function/internal_message.html?_=1695868193131&CODE_STATE=getMsg HTTP/1.1" 200 27
101.80.225.121 - - [28/Sep/2023:10:29:55 +0800] "POST /xingrg/services/DataTransmitService HTTP/1.1" 200 2055
58.40.7.146 - - [28/Sep/2023:10:29:55 +0800] "POST /xingrg/kc/report/common_data.html?type=materiel_category_tree HTTP/1.1" 200 3921
180.165.48.189 - - [28/Sep/2023:10:29:55 +0800] "GET /xingrg/all/function/internal_message.html?_=1695868194911&CODE_STATE=getMsg HTTP/1.1" 200 27
180.152.241.196 - - [28/Sep/2023:10:29:57 +0800] "GET /xingrg/check_reg.html?_=1695868197579 HTTP/1.1" 200 22
180.152.241.196 - - [28/Sep/2023:10:29:57 +0800] "GET /xingrg/all/function/internal_message.html?_=1695868197582&CODE_STATE=getMsg HTTP/1.1" 200 27
120.253.135.82 - - [28/Sep/2023:10:30:00 +0800] "POST /xingrg/kc/pszx/mdps_list_operate.html HTTP/1.1" 200 5229
124.78.69.58 - - [28/Sep/2023:10:30:01 +0800] "GET /xingrg/all/function/internal_message.html?_=1695867626160&CODE_STATE=getMsg HTTP/1.1" 200 27
116.230.110.33 - - [28/Sep/2023:10:30:05 +0800] "GET /xingrg/all/function/internal_message.html?_=1695868049583&CODE_STATE=getMsg HTTP/1.1" 200 27
114.83.220.87 - - [28/Sep/2023:10:30:07 +0800] "GET /xingrg/all/function/internal_message.html?_=1695868205894&CODE_STATE=getMsg HTTP/1.1" 200 27
124.78.155.92 - - [28/Sep/2023:10:30:07 +0800] "GET /xingrg/kc/buy/cgsh_order_operate.html?command=get_materiel&rest_code=00106&code=00101008351&supplier_code=00100007&order_time=2023-09-28 HTTP/1.1" 200 408
120.253.135.82 - - [28/Sep/2023:10:30:08 +0800] "POST /xingrg/kc/pszx/mdps_list_operate.html HTTP/1.1" 200 589
101.83.145.37 - - [28/Sep/2023:10:30:09 +0800] "GET /xingrg/all/function/internal_message.html?_=1695868210241&CODE_STATE=getMsg HTTP/1.1" 200 27
222.70.180.200 - - [28/Sep/2023:10:30:09 +0800] "GET /xingrg/all/function/internal_message.html?_=1695868437111&CODE_STATE=getMsg HTTP/1.1" 200 27
120.253.135.82 - - [28/Sep/2023:10:30:09 +0800] "GET /xingrg/kc/pszx/mdps_order_info.html?code=312023092700680 HTTP/1.1" 200 23978
120.253.135.82 - - [28/Sep/2023:10:30:10 +0800] "GET /xingrg/javascript/easyui/themes/default/validatebox.css HTTP/1.1" 404 1104
120.253.135.82 - - [28/Sep/2023:10:30:10 +0800] "POST /xingrg/kc/pszx/mdps_order_operate.html HTTP/1.1" 200 5243
58.40.7.146 - - [28/Sep/2023:10:30:11 +0800] "GET /xingrg/all/function/internal_message.html?_=1695868209638&CODE_STATE=getMsg HTTP/1.1" 302 -
116.230.110.33 - - [28/Sep/2023:10:30:11 +0800] "GET /xingrg/check_reg.html?_=1695868055670 HTTP/1.1" 200 22
58.40.7.146 - - [28/Sep/2023:10:30:11 +0800] "POST /xingrg/dwr/call/plaincall/AjaxCheckService.importOrderItems.dwr HTTP/1.1" 200 78
218.81.72.120 - - [28/Sep/2023:10:30:12 +0800] "GET /xingrg/all/function/internal_message.html?_=1695868211864&CODE_STATE=getMsg HTTP/1.1" 200 27
58.40.7.146 - - [28/Sep/2023:10:30:14 +0800] "POST /xingrg/dwr/call/plaincall/AjaxCheckService.loadOrderItems.dwr HTTP/1.1" 200 48514
120.253.135.82 - - [28/Sep/2023:10:30:14 +0800] "POST /xingrg/kc/pszx/mdps_order_operate.html HTTP/1.1" 200 37
180.163.28.109 - - [28/Sep/2023:10:30:17 +0800] "GET /xingrg/kc/buy/cgsh_order_operate.html?command=get_materiel&rest_code=00106&code=00101008107&supplier_code=00100007&order_time=2023-09-28 HTTP/1.1" 302 -
222.70.107.161 - - [28/Sep/2023:10:30:17 +0800] "GET /xingrg/all/function/internal_message.html?_=1695868217663&CODE_STATE=getMsg HTTP/1.1" 200 27
180.163.28.109 - - [28/Sep/2023:10:30:17 +0800] "GET /xingrg/login.html HTTP/1.1" 200 7641
120.253.135.82 - - [28/Sep/2023:10:30:19 +0800] "POST /xingrg/kc/pszx/mdps_order_operate.html HTTP/1.1" 200 12
124.78.155.92 - - [28/Sep/2023:10:30:20 +0800] "GET /xingrg/all/function/internal_message.html?_=1695868218277&CODE_STATE=getMsg HTTP/1.1" 200 27
58.40.7.146 - - [28/Sep/2023:10:30:22 +0800] "POST /xingrg/dwr/call/plaincall/AjaxCheckService.deleteOrderItem.dwr HTTP/1.1" 200 78
124.78.155.92 - - [28/Sep/2023:10:30:23 +0800] "GET /xingrg/kc/buy/cgsh_order_operate.html?command=get_materiel&rest_code=00106&code=00101008096&supplier_code=00100007&order_time=2023-09-28 HTTP/1.1" 200 412
58.40.7.146 - - [28/Sep/2023:10:30:25 +0800] "POST /xingrg/dwr/call/plaincall/AjaxCheckService.deleteOrderItem.dwr HTTP/1.1" 200 78
222.70.180.200 - - [28/Sep/2023:10:30:26 +0800] "GET /xingrg/all/function/internal_message.html?_=1695868226027&CODE_STATE=getMsg HTTP/1.1" 200 27
58.40.7.146 - - [28/Sep/2023:10:30:27 +0800] "POST /xingrg/dwr/call/plaincall/AjaxCheckService.deleteOrderItem.dwr HTTP/1.1" 200 78
222.69.128.235 - - [28/Sep/2023:10:30:27 +0800] "GET /xingrg/all/function/internal_message.html?_=1695868228899&CODE_STATE=getMsg HTTP/1.1" 200 27
120.253.135.82 - - [28/Sep/2023:10:30:28 +0800] "GET /xingrg/kc/pszx/mdps_order_info.html?code=312023092700680 HTTP/1.1" 200 19638
120.253.135.82 - - [28/Sep/2023:10:30:28 +0800] "GET /xingrg/javascript/easyui/themes/default/validatebox.css HTTP/1.1" 404 1104
120.253.135.82 - - [28/Sep/2023:10:30:28 +0800] "POST /xingrg/kc/pszx/mdps_order_operate.html HTTP/1.1" 200 3440
114.83.220.87 - - [28/Sep/2023:10:30:30 +0800] "GET /xingrg/kc/report/report_main.html HTTP/1.1" 200 7340
180.169.147.146 - - [28/Sep/2023:10:30:33 +0800] "GET /xingrg/all/function/internal_message.html?_=1695868229740&CODE_STATE=getMsg HTTP/1.1" 200 27
180.169.147.146 - - [28/Sep/2023:10:30:34 +0800] "GET /xingrg/all/function/internal_message.html?_=1695868230853&CODE_STATE=getMsg HTTP/1.1" 200 27
124.78.155.92 - - [28/Sep/2023:10:30:34 +0800] "POST /xingrg/kc/buy/cgsh_order_operate.html HTTP/1.1" 200 2065
114.83.220.87 - - [28/Sep/2023:10:30:35 +0800] "GET /xingrg/all/function/internal_message.html?_=1695868235804&CODE_STATE=getMsg HTTP/1.1" 200 27
180.152.241.196 - - [28/Sep/2023:10:30:36 +0800] "GET /xingrg/all/function/internal_message.html?_=1695868254167&CODE_STATE=getMsg HTTP/1.1" 200 27
114.83.220.87 - - [28/Sep/2023:10:30:36 +0800] "GET /xingrg/all/report/report_query.html?fileName=kc/buy/gys_amount.xml&rh=99999 HTTP/1.1" 200 52006
114.83.220.87 - - [28/Sep/2023:10:30:36 +0800] "GET /xingrg/dwr/interface/AjaxReportQueryService.js HTTP/1.1" 200 13203
114.83.220.87 - - [28/Sep/2023:10:30:36 +0800] "GET /xingrg/dwr/engine.js HTTP/1.1" 200 43631
114.83.220.87 - - [28/Sep/2023:10:30:36 +0800] "POST /xingrg/dwr/call/plaincall/AjaxReportQueryService.getFixDate.dwr HTTP/1.1" 200 111
