222.69.130.242 - - [26/Sep/2023:09:53:41 +0800] "GET /xingrg/kc/base/wldb_order_operate.html?command=get_materiel&rest_code=00154&base_code=0010724&code=00101019222 HTTP/1.1" 200 453
180.165.48.189 - - [26/Sep/2023:09:53:43 +0800] "GET /xingrg/kc/buy/cgsh_order_operate.html?command=get_materiel&rest_code=00108&code=00101008354&supplier_code=00100007&order_time=2023-09-26 HTTP/1.1" 200 432
180.165.48.189 - - [26/Sep/2023:09:53:45 +0800] "POST /xingrg/kc/buy/cgsh_order_operate.html HTTP/1.1" 200 2065
114.95.241.104 - - [26/Sep/2023:09:53:45 +0800] "POST /xingrg/kc/buy/cgsh_list_operate.html HTTP/1.1" 200 1889
101.228.187.155 - - [26/Sep/2023:09:53:45 +0800] "GET /xingrg/javascript/auto/indicator.gif HTTP/1.1" 404 1066
114.95.241.104 - - [26/Sep/2023:09:53:47 +0800] "POST /xingrg/kc/buy/cgsh_list_operate.html HTTP/1.1" 200 576
101.228.187.155 - - [26/Sep/2023:09:53:47 +0800] "GET /xingrg/javascript/jquery_tools/images/next.gif HTTP/1.1" 404 1086
101.228.187.155 - - [26/Sep/2023:09:53:47 +0800] "GET /xingrg/javascript/jquery_tools/images/prev.gif HTTP/1.1" 404 1086
114.95.241.104 - - [26/Sep/2023:09:53:49 +0800] "GET /xingrg/kc/buy/cgsh_order_info.html?code=212023092610658 HTTP/1.1" 200 67312
114.95.241.104 - - [26/Sep/2023:09:53:49 +0800] "GET /xingrg/words/20230926094117_words.js HTTP/1.1" 304 -
114.95.241.104 - - [26/Sep/2023:09:53:49 +0800] "GET /xingrg/javascript/easyui/themes/default/validatebox.css HTTP/1.1" 404 1104
114.95.241.104 - - [26/Sep/2023:09:53:50 +0800] "POST /xingrg/kc/buy/cgsh_order_operate.html HTTP/1.1" 200 5333
180.165.48.189 - - [26/Sep/2023:09:53:50 +0800] "GET /xingrg/kc/buy/cgsh_order_operate.html?command=get_materiel&rest_code=00108&code=00101008694&supplier_code=00100007&order_time=2023-09-26 HTTP/1.1" 200 420
114.95.241.104 - - [26/Sep/2023:09:53:51 +0800] "GET /xingrg/kc/print/load_config.html?kc_code=cgsh HTTP/1.1" 200 1927
114.95.241.104 - - [26/Sep/2023:09:53:52 +0800] "GET /xingrg/kc/print/load_data.html?order_code=212023092610658&kc_code=cgsh&condition= HTTP/1.1" 200 2536
101.83.145.37 - - [26/Sep/2023:09:53:56 +0800] "GET /xingrg/all/function/internal_message.html?_=1695693021404&CODE_STATE=getMsg HTTP/1.1" 200 27
101.228.187.155 - - [26/Sep/2023:09:53:57 +0800] "GET /xingrg/kc/buy/cgsh_order_operate.html?command=get_materiel&rest_code=00142&code=00101008108&supplier_code=00100161&order_time=2023-09-26 HTTP/1.1" 200 412
180.165.48.189 - - [26/Sep/2023:09:53:57 +0800] "GET /xingrg/kc/buy/cgsh_order_operate.html?command=get_materiel&rest_code=00108&code=00101008230&supplier_code=00100007&order_time=2023-09-26 HTTP/1.1" 200 408
180.152.241.196 - - [26/Sep/2023:09:53:59 +0800] "GET /xingrg/all/function/internal_message.html?_=1695693241971&CODE_STATE=getMsg HTTP/1.1" 200 27
58.39.107.39 - - [26/Sep/2023:09:53:59 +0800] "GET /xingrg/all/function/internal_message.html?_=1695693239947&CODE_STATE=getMsg HTTP/1.1" 200 27
114.95.241.104 - - [26/Sep/2023:09:53:59 +0800] "GET /xingrg/kc/mdqp/pssh_order_list.html HTTP/1.1" 200 17962
58.39.107.39 - - [26/Sep/2023:09:54:00 +0800] "GET /xingrg/check_reg.html?_=1695693240243 HTTP/1.1" 200 22
114.95.241.104 - - [26/Sep/2023:09:54:00 +0800] "POST /xingrg/kc/mdqp/pssh_list_operate.html HTTP/1.1" 200 5547
222.70.107.161 - - [26/Sep/2023:09:54:02 +0800] "GET /xingrg/all/function/internal_message.html?_=1695693246131&CODE_STATE=getMsg HTTP/1.1" 302 -
101.228.187.155 - - [26/Sep/2023:09:54:04 +0800] "GET /xingrg/all/function/internal_message.html?_=1695693243931&CODE_STATE=getMsg HTTP/1.1" 200 27
222.69.130.242 - - [26/Sep/2023:09:54:04 +0800] "POST /xingrg/kc/base/wldb_order_operate.html HTTP/1.1" 200 37
114.95.241.104 - - [26/Sep/2023:09:54:04 +0800] "POST /xingrg/all/user/operate.html HTTP/1.1" 200 36
114.95.241.104 - - [26/Sep/2023:09:54:04 +0800] "GET /xingrg/index.html?sysBaseUrl=http%3A%2F%2F180.169.147.146%3A18081%2Fxingrg%2F&costTime=999×tamp=1695693202492 HTTP/1.1" 200 17177
114.95.241.104 - - [26/Sep/2023:09:54:04 +0800] "GET /xingrg/javascript/jquery_easy_ui/themes/default/easyui.css HTTP/1.1" 304 -
114.95.241.104 - - [26/Sep/2023:09:54:04 +0800] "GET /xingrg/javascript/jquery_easy_ui/themes/icon.css HTTP/1.1" 304 -
114.95.241.104 - - [26/Sep/2023:09:54:04 +0800] "GET /xingrg/css/form.css HTTP/1.1" 304 -
114.95.241.104 - - [26/Sep/2023:09:54:04 +0800] "GET /xingrg/javascript/jquery-1.4.2.min.js HTTP/1.1" 304 -
114.95.241.104 - - [26/Sep/2023:09:54:04 +0800] "GET /xingrg/javascript/jquery_easy_ui/jquery.easyui.min.js HTTP/1.1" 304 -
114.95.241.104 - - [26/Sep/2023:09:54:04 +0800] "GET /xingrg/javascript/jquery_easy_ui/easyui-lang-zh_CN.js HTTP/1.1" 304 -
114.95.241.104 - - [26/Sep/2023:09:54:04 +0800] "GET /xingrg/javascript/jquery.form.js HTTP/1.1" 304 -
114.95.241.104 - - [26/Sep/2023:09:54:05 +0800] "GET /xingrg/javascript/jquery.utils.js HTTP/1.1" 304 -
114.95.241.104 - - [26/Sep/2023:09:54:05 +0800] "GET /xingrg/javascript/jquery.timers.js HTTP/1.1" 304 -
114.95.241.104 - - [26/Sep/2023:09:54:05 +0800] "GET /xingrg/images/blue/jxLogo.png HTTP/1.1" 304 -
114.95.241.104 - - [26/Sep/2023:09:54:05 +0800] "GET /xingrg/images/blue/navBackgound.jpg HTTP/1.1" 304 -
114.95.241.104 - - [26/Sep/2023:09:54:05 +0800] "GET /xingrg/javascript/jquery_easy_ui/themes/icons/settle_new.png HTTP/1.1" 304 -
114.95.241.104 - - [26/Sep/2023:09:54:05 +0800] "GET /xingrg/all/function/internal_message.html?_=1695693244663&CODE_STATE=count HTTP/1.1" 200 11
114.95.241.104 - - [26/Sep/2023:09:54:05 +0800] "GET /xingrg/javascript/jquery_easy_ui/themes/default/images/panel_tool_collapse.gif HTTP/1.1" 304 -
114.95.241.104 - - [26/Sep/2023:09:54:05 +0800] "GET /xingrg/javascript/jquery_easy_ui/themes/default/images/tabs_leftarrow.png HTTP/1.1" 304 -
114.95.241.104 - - [26/Sep/2023:09:54:05 +0800] "GET /xingrg/check_reg.html?_=1695693244665 HTTP/1.1" 200 22
114.95.241.104 - - [26/Sep/2023:09:54:05 +0800] "GET /xingrg/javascript/jquery_easy_ui/themes/default/images/tabs_rightarrow.png HTTP/1.1" 304 -
114.95.241.104 - - [26/Sep/2023:09:54:05 +0800] "GET /xingrg/images/blue/pingpu.png HTTP/1.1" 304 -
114.95.241.104 - - [26/Sep/2023:09:54:05 +0800] "POST /xingrg/all/common/load_tree.html?tree=area_rest_tree_json&manage=1 HTTP/1.1" 200 476
114.95.241.104 - - [26/Sep/2023:09:54:05 +0800] "POST /xingrg/load_menu.html HTTP/1.1" 200 5138
124.77.244.146 - - [26/Sep/2023:09:54:06 +0800] "GET /xingrg/all/function/internal_message.html?_=1695693251740&CODE_STATE=getMsg HTTP/1.1" 200 27
180.169.147.146 - - [26/Sep/2023:09:54:06 +0800] "GET /xingrg/all/function/internal_message.html?_=1695693246738&CODE_STATE=getMsg HTTP/1.1" 200 27
114.95.241.104 - - [26/Sep/2023:09:54:07 +0800] "GET /xingrg/kc/buy/cgsh_order_list.html HTTP/1.1" 200 56583
114.95.241.104 - - [26/Sep/2023:09:54:09 +0800] "POST /xingrg/kc/buy/cgsh_list_operate.html HTTP/1.1" 200 986
180.163.29.79 - - [26/Sep/2023:09:54:10 +0800] "GET /xingrg/all/function/internal_message.html?_=1695693189656&CODE_STATE=getMsg HTTP/1.1" 302 -
180.163.29.79 - - [26/Sep/2023:09:54:10 +0800] "GET /xingrg/login.html HTTP/1.1" 200 7641
124.78.155.92 - - [26/Sep/2023:09:54:10 +0800] "GET /xingrg/all/function/internal_message.html?_=1695693249629&CODE_STATE=getMsg HTTP/1.1" 200 27
114.95.241.104 - - [26/Sep/2023:09:54:11 +0800] "GET /xingrg/kc/buy/cgsh_order_add.html HTTP/1.1" 200 71959
114.95.241.104 - - [26/Sep/2023:09:54:11 +0800] "POST /xingrg/kc/buy/cgsh_order_operate.html HTTP/1.1" 200 8245
114.95.241.104 - - [26/Sep/2023:09:54:11 +0800] "GET /xingrg/javascript/easyui/themes/default/validatebox.css HTTP/1.1" 404 1104
114.95.241.104 - - [26/Sep/2023:09:54:11 +0800] "GET /xingrg/all/common/auto_word.html?type=employee&rest_code=00151 HTTP/1.1" 200 293
114.95.241.104 - - [26/Sep/2023:09:54:11 +0800] "GET /xingrg/all/common/auto_word.html?type=employee&rest_code=00151 HTTP/1.1" 200 293
180.165.48.189 - - [26/Sep/2023:09:54:11 +0800] "GET /xingrg/kc/buy/cgsh_order_operate.html?command=get_materiel&rest_code=00108&code=00101008077&supplier_code=00100007&order_time=2023-09-26 HTTP/1.1" 200 416
222.69.130.242 - - [26/Sep/2023:09:54:12 +0800] "POST /xingrg/kc/base/wldb_order_operate.html HTTP/1.1" 200 12
222.69.130.242 - - [26/Sep/2023:09:54:12 +0800] "POST /xingrg/kc/base/wldb_order_operate.html HTTP/1.1" 200 7657
114.95.241.104 - - [26/Sep/2023:09:54:13 +0800] "GET /xingrg/javascript/auto/indicator.gif HTTP/1.1" 404 1066
101.228.187.155 - - [26/Sep/2023:09:54:18 +0800] "GET /xingrg/kc/buy/cgsh_order_operate.html?command=get_materiel&rest_code=00142&code=00101008005&supplier_code=00100161&order_time=2023-09-26 HTTP/1.1" 200 433
114.95.241.104 - - [26/Sep/2023:09:54:20 +0800] "GET /xingrg/kc/buy/cgsh_order_operate.html?command=get_materiel&rest_code=00151&code=00101009062&supplier_code=00100022&order_time=2023-09-26 HTTP/1.1" 200 412
222.70.180.200 - - [26/Sep/2023:09:54:20 +0800] "GET /xingrg/all/function/internal_message.html?_=1695693259671&CODE_STATE=getMsg HTTP/1.1" 200 27
221.239.166.189 - - [26/Sep/2023:09:54:20 +0800] "GET /xingrg/all/function/internal_message.html?_=1695693259980&CODE_STATE=getMsg HTTP/1.1" 200 27
222.70.180.200 - - [26/Sep/2023:09:54:20 +0800] "GET /xingrg/check_reg.html?_=1695693259865 HTTP/1.1" 200 22
180.152.241.196 - - [26/Sep/2023:09:54:21 +0800] "GET /xingrg/kc/buy/cgsh_order_operate.html?command=get_materiel&rest_code=00102&code=00101009124&supplier_code=00100022&order_time=2023-09-26 HTTP/1.1" 200 416
222.69.130.242 - - [26/Sep/2023:09:54:22 +0800] "GET /xingrg/kc/base/wldb_order_info.html?code=422023092602578 HTTP/1.1" 200 26342
222.69.130.242 - - [26/Sep/2023:09:54:22 +0800] "GET /xingrg/words/20230926094117_words.js HTTP/1.1" 304 -
222.69.130.242 - - [26/Sep/2023:09:54:22 +0800] "GET /xingrg/javascript/easyui/themes/default/validatebox.css HTTP/1.1" 404 1104
222.69.130.242 - - [26/Sep/2023:09:54:22 +0800] "POST /xingrg/kc/base/wldb_order_operate.html HTTP/1.1" 200 5826
124.77.244.146 - - [26/Sep/2023:09:54:23 +0800] "GET /xingrg/check_reg.html?_=1695693268052 HTTP/1.1" 200 22
180.165.48.189 - - [26/Sep/2023:09:54:23 +0800] "GET /xingrg/all/function/internal_message.html?_=1695693264935&CODE_STATE=getMsg HTTP/1.1" 200 27
124.77.244.146 - - [26/Sep/2023:09:54:24 +0800] "GET /xingrg/all/function/internal_message.html?_=1695693268672&CODE_STATE=getMsg HTTP/1.1" 200 27
120.253.135.82 - - [26/Sep/2023:09:54:24 +0800] "GET /xingrg/check_reg.html?_=1695693066940 HTTP/1.1" 200 22
114.95.241.104 - - [26/Sep/2023:09:54:24 +0800] "GET /xingrg/all/function/internal_message.html?_=1695693166147&CODE_STATE=getMsg HTTP/1.1" 200 27
124.79.244.212 - - [26/Sep/2023:09:54:25 +0800] "GET /xingrg/all/function/internal_message.html?_=1695693564014&CODE_STATE=getMsg HTTP/1.1" 200 27
180.165.48.189 - - [26/Sep/2023:09:54:26 +0800] "POST /xingrg/kc/buy/cgsh_order_operate.html HTTP/1.1" 200 2065
180.152.241.196 - - [26/Sep/2023:09:54:30 +0800] "POST /xingrg/kc/buy/cgsh_order_operate.html HTTP/1.1" 200 37
101.228.187.155 - - [26/Sep/2023:09:54:30 +0800] "GET /xingrg/kc/buy/cgsh_order_operate.html?command=get_materiel&rest_code=00142&code=00101008049&supplier_code=00100161&order_time=2023-09-26 HTTP/1.1" 200 408
116.230.110.33 - - [26/Sep/2023:09:54:32 +0800] "GET /xingrg/all/function/internal_message.html?_=1695693121093&CODE_STATE=getMsg HTTP/1.1" 200 27
180.152.241.196 - - [26/Sep/2023:09:54:32 +0800] "POST /xingrg/kc/buy/cgsh_order_operate.html HTTP/1.1" 200 3260
124.78.69.58 - - [26/Sep/2023:09:54:33 +0800] "GET /xingrg/all/function/internal_message.html?_=1695692699256&CODE_STATE=getMsg HTTP/1.1" 200 27
114.95.241.104 - - [26/Sep/2023:09:54:33 +0800] "GET /xingrg/kc/buy/cgsh_order_operate.html?command=get_materiel&rest_code=00151&code=00101009158&supplier_code=00100022&order_time=2023-09-26 HTTP/1.1" 200 413
222.69.130.242 - - [26/Sep/2023:09:54:38 +0800] "GET /xingrg/all/function/internal_message.html?_=1695693279380&CODE_STATE=getMsg HTTP/1.1" 200 27
180.165.48.189 - - [26/Sep/2023:09:54:39 +0800] "GET /xingrg/kc/buy/cgsh_order_operate.html?command=get_materiel&rest_code=00108&code=00101008049&supplier_code=00100007&order_time=2023-09-26 HTTP/1.1" 200 408
101.228.187.155 - - [26/Sep/2023:09:54:41 +0800] "GET /xingrg/kc/buy/cgsh_order_operate.html?command=get_materiel&rest_code=00142&code=00101008059&supplier_code=00100161&order_time=2023-09-26 HTTP/1.1" 200 427
114.95.241.104 - - [26/Sep/2023:09:54:46 +0800] "POST /xingrg/kc/buy/cgsh_order_operate.html HTTP/1.1" 200 37
101.228.187.155 - - [26/Sep/2023:09:54:51 +0800] "GET /xingrg/kc/buy/cgsh_order_operate.html?command=get_materiel&rest_code=00142&code=00101008371&supplier_code=00100161&order_time=2023-09-26 HTTP/1.1" 200 412
180.165.48.189 - - [26/Sep/2023:09:54:52 +0800] "GET /xingrg/kc/buy/cgsh_order_operate.html?command=get_materiel&rest_code=00108&code=00101008352&supplier_code=00100007&order_time=2023-09-26 HTTP/1.1" 200 412
114.95.241.104 - - [26/Sep/2023:09:54:52 +0800] "POST /xingrg/kc/buy/cgsh_order_operate.html HTTP/1.1" 200 12
114.95.241.104 - - [26/Sep/2023:09:54:55 +0800] "GET /xingrg/kc/buy/cgsh_order_info.html?code=212023092610660 HTTP/1.1" 200 66866
114.95.241.104 - - [26/Sep/2023:09:54:55 +0800] "GET /xingrg/javascript/easyui/themes/default/validatebox.css HTTP/1.1" 404 1104
101.83.145.37 - - [26/Sep/2023:09:54:56 +0800] "GET /xingrg/all/function/internal_message.html?_=1695693081405&CODE_STATE=getMsg HTTP/1.1" 200 27
114.95.241.104 - - [26/Sep/2023:09:54:56 +0800] "POST /xingrg/kc/buy/cgsh_order_operate.html HTTP/1.1" 200 1216
114.95.241.104 - - [26/Sep/2023:09:54:58 +0800] "GET /xingrg/kc/print/load_data.html?order_code=212023092610660&kc_code=cgsh&condition= HTTP/1.1" 200 985
180.152.241.196 - - [26/Sep/2023:09:54:59 +0800] "GET /xingrg/all/function/internal_message.html?_=1695693301971&CODE_STATE=getMsg HTTP/1.1" 200 27
58.39.107.39 - - [26/Sep/2023:09:54:59 +0800] "GET /xingrg/all/function/internal_message.html?_=1695693299947&CODE_STATE=getMsg HTTP/1.1" 200 27
180.165.48.189 - - [26/Sep/2023:09:55:00 +0800] "GET /xingrg/kc/buy/cgsh_order_operate.html?command=get_materiel&rest_code=00108&code=00101008126&supplier_code=00100007&order_time=2023-09-26 HTTP/1.1" 200 412
101.228.187.155 - - [26/Sep/2023:09:55:01 +0800] "GET /xingrg/kc/buy/cgsh_order_operate.html?command=get_materiel&rest_code=00142&code=00101008355&supplier_code=00100161&order_time=2023-09-26 HTTP/1.1" 200 429
222.70.107.161 - - [26/Sep/2023:09:55:02 +0800] "GET /xingrg/all/function/internal_message.html?_=1695693306131&CODE_STATE=getMsg HTTP/1.1" 302 -
101.228.187.155 - - [26/Sep/2023:09:55:04 +0800] "GET /xingrg/all/function/internal_message.html?_=1695693303941&CODE_STATE=getMsg HTTP/1.1" 200 27
114.95.241.104 - - [26/Sep/2023:09:55:05 +0800] "GET /xingrg/all/function/internal_message.html?_=1695693304677&CODE_STATE=getMsg HTTP/1.1" 200 27
124.77.244.146 - - [26/Sep/2023:09:55:06 +0800] "GET /xingrg/all/function/internal_message.html?_=1695693311754&CODE_STATE=getMsg HTTP/1.1" 200 27
180.169.147.146 - - [26/Sep/2023:09:55:06 +0800] "GET /xingrg/all/function/internal_message.html?_=1695693306728&CODE_STATE=getMsg HTTP/1.1" 200 27
114.95.241.104 - - [26/Sep/2023:09:55:06 +0800] "GET /xingrg/kc/mdqp/pssh_order_list.html HTTP/1.1" 200 17513
114.95.241.104 - - [26/Sep/2023:09:55:07 +0800] "POST /xingrg/kc/mdqp/pssh_list_operate.html HTTP/1.1" 200 5400
180.165.48.189 - - [26/Sep/2023:09:55:08 +0800] "GET /xingrg/kc/buy/cgsh_order_operate.html?command=get_materiel&rest_code=00108&code=00101008271&supplier_code=00100007&order_time=2023-09-26 HTTP/1.1" 200 408
114.95.241.104 - - [26/Sep/2023:09:55:09 +0800] "POST /xingrg/kc/mdqp/pssh_list_operate.html HTTP/1.1" 200 821
180.165.48.189 - - [26/Sep/2023:09:55:10 +0800] "POST /xingrg/kc/buy/cgsh_order_operate.html HTTP/1.1" 200 2065
124.78.155.92 - - [26/Sep/2023:09:55:10 +0800] "GET /xingrg/all/function/internal_message.html?_=1695693309600&CODE_STATE=getMsg HTTP/1.1" 200 27
124.78.155.92 - - [26/Sep/2023:09:55:11 +0800] "GET /xingrg/check_reg.html?_=1695693310774 HTTP/1.1" 200 22
101.228.187.155 - - [26/Sep/2023:09:55:12 +0800] "GET /xingrg/kc/buy/cgsh_order_operate.html?command=get_materiel&rest_code=00142&code=00101008356&supplier_code=00100161&order_time=2023-09-26 HTTP/1.1" 200 428
114.95.241.104 - - [26/Sep/2023:09:55:12 +0800] "GET /xingrg/kc/mdqp/pssh_order_info.html?code=312023092500578 HTTP/1.1" 200 17297
114.95.241.104 - - [26/Sep/2023:09:55:12 +0800] "GET /xingrg/javascript/jquery_tools/jquery-1.4.2.min.js HTTP/1.1" 404 1094
114.95.241.104 - - [26/Sep/2023:09:55:15 +0800] "GET /xingrg/words/20230926094117_words.js HTTP/1.1" 304 -
114.95.241.104 - - [26/Sep/2023:09:55:15 +0800] "GET /xingrg/javascript/easyui/themes/default/validatebox.css HTTP/1.1" 404 1104
114.95.241.104 - - [26/Sep/2023:09:55:15 +0800] "GET /xingrg/all/common/auto_word.html?type=base&rest_code=00151&rest_code=00151 HTTP/1.1" 200 1315
114.95.241.104 - - [26/Sep/2023:09:55:15 +0800] "POST /xingrg/kc/mdqp/pssh_order_operate.html HTTP/1.1" 200 5288
114.95.241.104 - - [26/Sep/2023:09:55:16 +0800] "POST /xingrg/all/common/load_combo.html?type=employee HTTP/1.1" 200 532
180.165.48.189 - - [26/Sep/2023:09:55:18 +0800] "GET /xingrg/kc/buy/cgsh_order_operate.html?command=get_materiel&rest_code=00108&code=00101008248&supplier_code=00100007&order_time=2023-09-26 HTTP/1.1" 200 412
222.70.180.200 - - [26/Sep/2023:09:55:20 +0800] "GET /xingrg/all/function/internal_message.html?_=1695693319647&CODE_STATE=getMsg HTTP/1.1" 200 27
221.239.166.189 - - [26/Sep/2023:09:55:20 +0800] "GET /xingrg/all/function/internal_message.html?_=1695693319968&CODE_STATE=getMsg HTTP/1.1" 200 27
101.228.187.155 - - [26/Sep/2023:09:55:23 +0800] "GET /xingrg/kc/buy/cgsh_order_operate.html?command=get_materiel&rest_code=00142&code=00101008353&supplier_code=00100161&order_time=2023-09-26 HTTP/1.1" 200 408
180.165.48.189 - - [26/Sep/2023:09:55:23 +0800] "GET /xingrg/all/function/internal_message.html?_=1695693324935&CODE_STATE=getMsg HTTP/1.1" 200 27
124.77.244.146 - - [26/Sep/2023:09:55:24 +0800] "GET /xingrg/all/function/internal_message.html?_=1695693328686&CODE_STATE=getMsg HTTP/1.1" 200 27
114.95.241.104 - - [26/Sep/2023:09:55:24 +0800] "GET /xingrg/all/function/internal_message.html?_=1695693226160&CODE_STATE=getMsg HTTP/1.1" 200 27
124.79.244.212 - - [26/Sep/2023:09:55:24 +0800] "GET /xingrg/all/function/internal_message.html?_=1695693624040&CODE_STATE=getMsg HTTP/1.1" 200 27
114.95.241.104 - - [26/Sep/2023:09:55:25 +0800] "POST /xingrg/kc/mdqp/pssh_order_operate.html HTTP/1.1" 200 37
180.165.48.189 - - [26/Sep/2023:09:55:26 +0800] "GET /xingrg/kc/buy/cgsh_order_operate.html?command=get_materiel&rest_code=00108&code=00101008087&supplier_code=00100007&order_time=2023-09-26 HTTP/1.1" 200 412
180.163.29.219 - - [26/Sep/2023:09:55:27 +0800] "GET /xingrg/all/function/internal_message.html?_=1695693249629&CODE_STATE=getMsg HTTP/1.1" 302 -
180.163.29.219 - - [26/Sep/2023:09:55:27 +0800] "GET /xingrg/login.html HTTP/1.1" 200 7641
114.95.241.104 - - [26/Sep/2023:09:55:29 +0800] "POST /xingrg/kc/mdqp/pssh_order_operate.html HTTP/1.1" 200 12
114.95.241.104 - - [26/Sep/2023:09:55:30 +0800] "GET /xingrg/kc/mdqp/pssh_order_info.html?code=312023092500578 HTTP/1.1" 200 14386
114.95.241.104 - - [26/Sep/2023:09:55:30 +0800] "GET /xingrg/javascript/jquery_tools/jquery-1.4.2.min.js HTTP/1.1" 404 1094
114.95.241.104 - - [26/Sep/2023:09:55:30 +0800] "GET /xingrg/javascript/easyui/themes/default/validatebox.css HTTP/1.1" 404 1104
114.95.241.104 - - [26/Sep/2023:09:55:30 +0800] "POST /xingrg/kc/mdqp/pssh_order_operate.html HTTP/1.1" 200 5288
180.152.241.196 - - [26/Sep/2023:09:55:31 +0800] "GET /xingrg/all/function/internal_message.html?_=1695693331328&CODE_STATE=getMsg HTTP/1.1" 200 27
114.95.241.104 - - [26/Sep/2023:09:55:32 +0800] "GET /xingrg/kc/print/load_config.html?kc_code=pssh HTTP/1.1" 200 2368
116.230.110.33 - - [26/Sep/2023:09:55:32 +0800] "GET /xingrg/check_reg.html?_=1695693181086 HTTP/1.1" 200 22
116.230.110.33 - - [26/Sep/2023:09:55:32 +0800] "GET /xingrg/all/function/internal_message.html?_=1695693181088&CODE_STATE=getMsg HTTP/1.1" 200 27
114.95.241.104 - - [26/Sep/2023:09:55:32 +0800] "GET /xingrg/kc/print/load_data.html?order_code=312023092500578&kc_code=pssh&condition= HTTP/1.1" 200 2326
124.78.69.58 - - [26/Sep/2023:09:55:33 +0800] "GET /xingrg/all/function/internal_message.html?_=1695692759255&CODE_STATE=getMsg HTTP/1.1" 200 27
114.95.241.104 - - [26/Sep/2023:09:55:37 +0800] "GET /xingrg/kc/mdqp/pssh_order_list.html?isBack=1 HTTP/1.1" 200 17513
114.95.241.104 - - [26/Sep/2023:09:55:37 +0800] "POST /xingrg/kc/mdqp/pssh_list_operate.html HTTP/1.1" 200 5425
101.228.187.155 - - [26/Sep/2023:09:55:37 +0800] "GET /xingrg/kc/buy/cgsh_order_operate.html?command=get_materiel&rest_code=00142&code=00101008350&supplier_code=00100161&order_time=2023-09-26 HTTP/1.1" 200 408
222.69.130.242 - - [26/Sep/2023:09:55:38 +0800] "GET /xingrg/all/function/internal_message.html?_=1695693339393&CODE_STATE=getMsg HTTP/1.1" 200 27
114.95.241.104 - - [26/Sep/2023:09:55:39 +0800] "POST /xingrg/kc/mdqp/pssh_list_operate.html HTTP/1.1" 200 256
114.95.241.104 - - [26/Sep/2023:09:55:41 +0800] "GET /xingrg/kc/mdqp/pssh_order_info.html?code=312023092500579 HTTP/1.1" 200 17303
114.95.241.104 - - [26/Sep/2023:09:55:41 +0800] "GET /xingrg/javascript/jquery_tools/jquery-1.4.2.min.js HTTP/1.1" 404 1094
114.95.241.104 - - [26/Sep/2023:09:55:41 +0800] "GET /xingrg/javascript/easyui/themes/default/validatebox.css HTTP/1.1" 404 1104
114.95.241.104 - - [26/Sep/2023:09:55:41 +0800] "POST /xingrg/kc/mdqp/pssh_order_operate.html HTTP/1.1" 200 529
114.95.241.104 - - [26/Sep/2023:09:55:42 +0800] "POST /xingrg/all/common/load_combo.html?type=employee HTTP/1.1" 200 532
180.165.48.189 - - [26/Sep/2023:09:55:43 +0800] "GET /xingrg/kc/buy/cgsh_order_operate.html?command=get_materiel&rest_code=00108&code=00101009066&supplier_code=00100007&order_time=2023-09-26 HTTP/1.1" 200 416
114.95.241.104 - - [26/Sep/2023:09:55:46 +0800] "POST /xingrg/kc/mdqp/pssh_order_operate.html HTTP/1.1" 200 37
101.228.187.155 - - [26/Sep/2023:09:55:47 +0800] "GET /xingrg/kc/buy/cgsh_order_operate.html?command=get_materiel&rest_code=00142&code=00101008354&supplier_code=00100161&order_time=2023-09-26 HTTP/1.1" 200 432
114.95.241.104 - - [26/Sep/2023:09:55:48 +0800] "POST /xingrg/kc/mdqp/pssh_order_operate.html HTTP/1.1" 200 12
114.95.241.104 - - [26/Sep/2023:09:55:49 +0800] "GET /xingrg/kc/mdqp/pssh_order_info.html?code=312023092500579 HTTP/1.1" 200 14392
114.95.241.104 - - [26/Sep/2023:09:55:50 +0800] "GET /xingrg/javascript/jquery_tools/jquery-1.4.2.min.js HTTP/1.1" 404 1094
114.95.241.104 - - [26/Sep/2023:09:55:50 +0800] "GET /xingrg/javascript/easyui/themes/default/validatebox.css HTTP/1.1" 404 1104
114.95.241.104 - - [26/Sep/2023:09:55:50 +0800] "POST /xingrg/kc/mdqp/pssh_order_operate.html HTTP/1.1" 200 529
114.95.241.104 - - [26/Sep/2023:09:55:52 +0800] "GET /xingrg/kc/print/load_data.html?order_code=312023092500579&kc_code=pssh&condition= HTTP/1.1" 200 652
180.165.48.189 - - [26/Sep/2023:09:55:55 +0800] "GET /xingrg/kc/buy/cgsh_order_operate.html?command=get_materiel&rest_code=00108&code=00101008333&supplier_code=00100007&order_time=2023-09-26 HTTP/1.1" 200 412
101.83.145.37 - - [26/Sep/2023:09:55:56 +0800] "GET /xingrg/all/function/internal_message.html?_=1695693141405&CODE_STATE=getMsg HTTP/1.1" 200 27
101.228.187.155 - - [26/Sep/2023:09:55:57 +0800] "GET /xingrg/kc/buy/cgsh_order_operate.html?command=get_materiel&rest_code=00142&code=00101008352&supplier_code=00100161&order_time=2023-09-26 HTTP/1.1" 200 412
114.95.241.104 - - [26/Sep/2023:09:55:57 +0800] "GET /xingrg/kc/mdqp/pssh_order_list.html?isBack=1 HTTP/1.1" 200 17513
114.95.241.104 - - [26/Sep/2023:09:55:57 +0800] "POST /xingrg/kc/mdqp/pssh_list_operate.html HTTP/1.1" 200 5450
114.95.241.104 - - [26/Sep/2023:09:55:59 +0800] "POST /xingrg/kc/mdqp/pssh_list_operate.html HTTP/1.1" 200 571
180.152.241.196 - - [26/Sep/2023:09:55:59 +0800] "GET /xingrg/all/function/internal_message.html?_=1695693361971&CODE_STATE=getMsg HTTP/1.1" 200 27
58.39.107.39 - - [26/Sep/2023:09:55:59 +0800] "GET /xingrg/all/function/internal_message.html?_=1695693359920&CODE_STATE=getMsg HTTP/1.1" 200 27
114.95.241.104 - - [26/Sep/2023:09:56:01 +0800] "POST /xingrg/kc/mdqp/pssh_list_operate.html HTTP/1.1" 200 814
114.95.241.104 - - [26/Sep/2023:09:56:01 +0800] "GET /xingrg/kc/mdqp/pssh_order_info.html?code=312023092500577 HTTP/1.1" 200 17303
114.95.241.104 - - [26/Sep/2023:09:56:02 +0800] "GET /xingrg/javascript/jquery_tools/jquery-1.4.2.min.js HTTP/1.1" 404 1094
114.95.241.104 - - [26/Sep/2023:09:56:02 +0800] "GET /xingrg/javascript/easyui/themes/default/validatebox.css HTTP/1.1" 404 1104
114.95.241.104 - - [26/Sep/2023:09:56:02 +0800] "POST /xingrg/kc/mdqp/pssh_order_operate.html HTTP/1.1" 200 2117
222.70.107.161 - - [26/Sep/2023:09:56:02 +0800] "GET /xingrg/all/function/internal_message.html?_=1695693366159&CODE_STATE=getMsg HTTP/1.1" 302 -
222.70.107.161 - - [26/Sep/2023:09:56:02 +0800] "GET /xingrg/check_reg.html?_=1695693366161 HTTP/1.1" 302 -
114.95.241.104 - - [26/Sep/2023:09:56:03 +0800] "POST /xingrg/all/common/load_combo.html?type=employee HTTP/1.1" 200 532
101.228.187.155 - - [26/Sep/2023:09:56:04 +0800] "GET /xingrg/all/function/internal_message.html?_=1695693363940&CODE_STATE=getMsg HTTP/1.1" 200 27
114.95.241.104 - - [26/Sep/2023:09:56:06 +0800] "POST /xingrg/kc/mdqp/pssh_order_operate.html HTTP/1.1" 200 37
124.77.244.146 - - [26/Sep/2023:09:56:06 +0800] "GET /xingrg/all/function/internal_message.html?_=1695693371971&CODE_STATE=getMsg HTTP/1.1" 200 27
180.169.147.146 - - [26/Sep/2023:09:56:06 +0800] "GET /xingrg/all/function/internal_message.html?_=1695693366715&CODE_STATE=getMsg HTTP/1.1" 200 27
180.169.147.146 - - [26/Sep/2023:09:56:06 +0800] "GET /xingrg/check_reg.html?_=1695693366717 HTTP/1.1" 200 22
114.95.241.104 - - [26/Sep/2023:09:56:08 +0800] "POST /xingrg/kc/mdqp/pssh_order_operate.html HTTP/1.1" 200 12
114.95.241.104 - - [26/Sep/2023:09:56:10 +0800] "GET /xingrg/kc/mdqp/pssh_order_info.html?code=312023092500577 HTTP/1.1" 200 14392
114.95.241.104 - - [26/Sep/2023:09:56:10 +0800] "GET /xingrg/javascript/jquery_tools/jquery-1.4.2.min.js HTTP/1.1" 404 1094
180.163.29.212 - - [26/Sep/2023:09:56:10 +0800] "GET /xingrg/all/function/internal_message.html?_=1695693309600&CODE_STATE=getMsg HTTP/1.1" 302 -
180.163.29.212 - - [26/Sep/2023:09:56:10 +0800] "GET /xingrg/login.html HTTP/1.1" 200 7641
124.78.155.92 - - [26/Sep/2023:09:56:10 +0800] "GET /xingrg/all/function/internal_message.html?_=1695693369574&CODE_STATE=getMsg HTTP/1.1" 200 27
114.95.241.104 - - [26/Sep/2023:09:56:10 +0800] "GET /xingrg/javascript/easyui/themes/default/validatebox.css HTTP/1.1" 404 1104
180.165.48.189 - - [26/Sep/2023:09:56:11 +0800] "POST /xingrg/kc/buy/cgsh_order_operate.html HTTP/1.1" 200 37
114.95.241.104 - - [26/Sep/2023:09:56:12 +0800] "POST /xingrg/kc/mdqp/pssh_order_operate.html HTTP/1.1" 200 2117
101.228.187.155 - - [26/Sep/2023:09:56:14 +0800] "GET /xingrg/kc/buy/cgsh_order_operate.html?command=get_materiel&rest_code=00142&code=00101008459&supplier_code=00100161&order_time=2023-09-26 HTTP/1.1" 200 23
180.165.48.189 - - [26/Sep/2023:09:56:14 +0800] "POST /xingrg/kc/buy/cgsh_order_operate.html HTTP/1.1" 200 34027
114.95.241.104 - - [26/Sep/2023:09:56:15 +0800] "GET /xingrg/kc/print/load_data.html?order_code=312023092500577&kc_code=pssh&condition= HTTP/1.1" 200 1220
180.165.48.189 - - [26/Sep/2023:09:56:17 +0800] "GET /xingrg/check_reg.html?_=1695693378496 HTTP/1.1" 200 22
180.165.48.189 - - [26/Sep/2023:09:56:17 +0800] "GET /xingrg/kc/print/load_data.html?order_code=212023092610656&kc_code=cgsh&condition= HTTP/1.1" 200 12606
222.70.180.200 - - [26/Sep/2023:09:56:20 +0800] "GET /xingrg/all/function/internal_message.html?_=1695693379631&CODE_STATE=getMsg HTTP/1.1" 200 27
221.239.166.189 - - [26/Sep/2023:09:56:20 +0800] "GET /xingrg/all/function/internal_message.html?_=1695693379944&CODE_STATE=getMsg HTTP/1.1" 200 27
114.95.241.104 - - [26/Sep/2023:09:56:21 +0800] "GET /xingrg/kc/mdqp/pssh_order_list.html?isBack=1 HTTP/1.1" 200 17513
114.95.241.104 - - [26/Sep/2023:09:56:22 +0800] "POST /xingrg/kc/mdqp/pssh_list_operate.html HTTP/1.1" 200 5475
114.95.241.104 - - [26/Sep/2023:09:56:23 +0800] "POST /xingrg/kc/mdqp/pssh_list_operate.html HTTP/1.1" 200 483
180.165.48.189 - - [26/Sep/2023:09:56:23 +0800] "GET /xingrg/all/function/internal_message.html?_=1695693384888&CODE_STATE=getMsg HTTP/1.1" 200 27
124.77.244.146 - - [26/Sep/2023:09:56:24 +0800] "GET /xingrg/all/function/internal_message.html?_=1695693388699&CODE_STATE=getMsg HTTP/1.1" 200 27
114.95.241.104 - - [26/Sep/2023:09:56:24 +0800] "GET /xingrg/all/function/internal_message.html?_=1695693286215&CODE_STATE=getMsg HTTP/1.1" 200 27
124.79.244.212 - - [26/Sep/2023:09:56:24 +0800] "GET /xingrg/check_reg.html?_=1695693684038 HTTP/1.1" 200 22
124.79.244.212 - - [26/Sep/2023:09:56:25 +0800] "GET /xingrg/all/function/internal_message.html?_=1695693684037&CODE_STATE=getMsg HTTP/1.1" 200 27
114.95.241.104 - - [26/Sep/2023:09:56:25 +0800] "POST /xingrg/kc/mdqp/pssh_list_operate.html HTTP/1.1" 200 814
114.95.241.104 - - [26/Sep/2023:09:56:25 +0800] "GET /xingrg/kc/mdqp/pssh_order_info.html?code=312023092500594 HTTP/1.1" 200 17276
114.95.241.104 - - [26/Sep/2023:09:56:25 +0800] "GET /xingrg/javascript/jquery_tools/jquery-1.4.2.min.js HTTP/1.1" 404 1094
114.95.241.104 - - [26/Sep/2023:09:56:25 +0800] "GET /xingrg/javascript/easyui/themes/default/validatebox.css HTTP/1.1" 404 1104
114.95.241.104 - - [26/Sep/2023:09:56:25 +0800] "POST /xingrg/kc/mdqp/pssh_order_operate.html HTTP/1.1" 200 1583
101.80.225.121 - - [26/Sep/2023:09:56:25 +0800] "GET /favicon.ico HTTP/1.1" 404 -
114.95.241.104 - - [26/Sep/2023:09:56:30 +0800] "POST /xingrg/all/common/load_combo.html?type=employee HTTP/1.1" 200 532
180.152.241.196 - - [26/Sep/2023:09:56:31 +0800] "GET /xingrg/all/function/internal_message.html?_=1695693391309&CODE_STATE=getMsg HTTP/1.1" 200 27
116.230.110.33 - - [26/Sep/2023:09:56:32 +0800] "GET /xingrg/all/function/internal_message.html?_=1695693241088&CODE_STATE=getMsg HTTP/1.1" 200 27
124.78.69.58 - - [26/Sep/2023:09:56:33 +0800] "GET /xingrg/all/function/internal_message.html?_=1695692819254&CODE_STATE=getMsg HTTP/1.1" 200 27
124.78.69.58 - - [26/Sep/2023:09:56:33 +0800] "GET /xingrg/check_reg.html?_=1695692819256 HTTP/1.1" 200 22
114.95.241.104 - - [26/Sep/2023:09:56:33 +0800] "POST /xingrg/kc/mdqp/pssh_order_operate.html HTTP/1.1" 200 37
124.77.244.146 - - [26/Sep/2023:09:56:34 +0800] "GET /xingrg/check_reg.html?_=1695693399835 HTTP/1.1" 200 22
114.95.241.104 - - [26/Sep/2023:09:56:35 +0800] "POST /xingrg/kc/mdqp/pssh_order_operate.html HTTP/1.1" 200 12
114.95.241.104 - - [26/Sep/2023:09:56:37 +0800] "GET /xingrg/kc/mdqp/pssh_order_info.html?code=312023092500594 HTTP/1.1" 200 14398
114.95.241.104 - - [26/Sep/2023:09:56:37 +0800] "GET /xingrg/javascript/jquery_tools/jquery-1.4.2.min.js HTTP/1.1" 404 1094
114.95.241.104 - - [26/Sep/2023:09:56:38 +0800] "GET /xingrg/javascript/easyui/themes/default/validatebox.css HTTP/1.1" 404 1104
114.95.241.104 - - [26/Sep/2023:09:56:38 +0800] "POST /xingrg/kc/mdqp/pssh_order_operate.html HTTP/1.1" 200 1583
222.69.130.242 - - [26/Sep/2023:09:56:38 +0800] "GET /xingrg/all/function/internal_message.html?_=1695693399394&CODE_STATE=getMsg HTTP/1.1" 200 27
114.95.241.104 - - [26/Sep/2023:09:56:39 +0800] "GET /xingrg/kc/print/load_data.html?order_code=312023092500594&kc_code=pssh&condition= HTTP/1.1" 200 1053
101.228.187.155 - - [26/Sep/2023:09:56:41 +0800] "POST /xingrg/kc/buy/cgsh_order_operate.html HTTP/1.1" 200 37
101.228.187.155 - - [26/Sep/2023:09:56:43 +0800] "POST /xingrg/kc/buy/cgsh_order_operate.html HTTP/1.1" 200 8555
114.95.241.104 - - [26/Sep/2023:09:56:45 +0800] "GET /xingrg/kc/mdqp/pssh_order_list.html?isBack=1 HTTP/1.1" 200 17513
114.95.241.104 - - [26/Sep/2023:09:56:45 +0800] "POST /xingrg/kc/mdqp/pssh_list_operate.html HTTP/1.1" 200 5514
101.83.145.37 - - [26/Sep/2023:09:56:56 +0800] "GET /xingrg/all/function/internal_message.html?_=1695693201405&CODE_STATE=getMsg HTTP/1.1" 200 27
180.152.241.196 - - [26/Sep/2023:09:56:59 +0800] "GET /xingrg/all/function/internal_message.html?_=1695693421969&CODE_STATE=getMsg HTTP/1.1" 200 27
58.39.107.39 - - [26/Sep/2023:09:56:59 +0800] "GET /xingrg/all/function/internal_message.html?_=1695693419911&CODE_STATE=getMsg HTTP/1.1" 200 27
222.70.107.161 - - [26/Sep/2023:09:57:02 +0800] "GET /xingrg/all/function/internal_message.html?_=1695693426161&CODE_STATE=getMsg HTTP/1.1" 302 -
114.95.241.104 - - [26/Sep/2023:09:57:05 +0800] "GET /xingrg/all/function/internal_message.html?_=1695693424688&CODE_STATE=getMsg HTTP/1.1" 200 27
124.77.244.146 - - [26/Sep/2023:09:57:06 +0800] "GET /xingrg/all/function/internal_message.html?_=1695693431985&CODE_STATE=getMsg HTTP/1.1" 200 27
180.169.147.146 - - [26/Sep/2023:09:57:06 +0800] "GET /xingrg/all/function/internal_message.html?_=1695693426729&CODE_STATE=getMsg HTTP/1.1" 200 27
124.78.155.92 - - [26/Sep/2023:09:57:10 +0800] "GET /xingrg/all/function/internal_message.html?_=1695693429559&CODE_STATE=getMsg HTTP/1.1" 200 27
180.163.28.180 - - [26/Sep/2023:09:57:11 +0800] "GET /xingrg/all/function/internal_message.html?_=1695693369574&CODE_STATE=getMsg HTTP/1.1" 302 -
180.163.28.180 - - [26/Sep/2023:09:57:11 +0800] "GET /xingrg/login.html HTTP/1.1" 200 7641
222.70.180.200 - - [26/Sep/2023:09:57:20 +0800] "GET /xingrg/all/function/internal_message.html?_=1695693439609&CODE_STATE=getMsg HTTP/1.1" 200 27
221.239.166.189 - - [26/Sep/2023:09:57:20 +0800] "GET /xingrg/all/function/internal_message.html?_=1695693439914&CODE_STATE=getMsg HTTP/1.1" 200 27
180.165.48.189 - - [26/Sep/2023:09:57:23 +0800] "GET /xingrg/all/function/internal_message.html?_=1695693444865&CODE_STATE=getMsg HTTP/1.1" 200 27
124.77.244.146 - - [26/Sep/2023:09:57:24 +0800] "GET /xingrg/all/function/internal_message.html?_=1695693448719&CODE_STATE=getMsg HTTP/1.1" 200 27
114.95.241.104 - - [26/Sep/2023:09:57:24 +0800] "GET /xingrg/all/function/internal_message.html?_=1695693346219&CODE_STATE=getMsg HTTP/1.1" 200 27
124.79.244.212 - - [26/Sep/2023:09:57:25 +0800] "GET /xingrg/all/function/internal_message.html?_=1695693744051&CODE_STATE=getMsg HTTP/1.1" 200 27
180.152.241.196 - - [26/Sep/2023:09:57:31 +0800] "GET /xingrg/all/function/internal_message.html?_=1695693451298&CODE_STATE=getMsg HTTP/1.1" 200 27
116.230.110.33 - - [26/Sep/2023:09:57:32 +0800] "GET /xingrg/all/function/internal_message.html?_=1695693301084&CODE_STATE=getMsg HTTP/1.1" 200 27
124.78.69.58 - - [26/Sep/2023:09:57:33 +0800] "GET /xingrg/all/function/internal_message.html?_=1695692879282&CODE_STATE=getMsg HTTP/1.1" 200 27
222.69.130.242 - - [26/Sep/2023:09:57:38 +0800] "GET /xingrg/all/function/internal_message.html?_=1695693459390&CODE_STATE=getMsg HTTP/1.1" 200 27
124.77.244.146 - - [26/Sep/2023:09:57:47 +0800] "POST /xingrg/services/DataTransmitService HTTP/1.1" 200 524
124.77.244.146 - - [26/Sep/2023:09:57:48 +0800] "POST /xingrg/services/DataTransmitService HTTP/1.1" 200 412
124.77.244.146 - - [26/Sep/2023:09:57:51 +0800] "POST /xingrg/services/DataTransmitService HTTP/1.1" 200 524
124.77.244.146 - - [26/Sep/2023:09:57:52 +0800] "POST /xingrg/services/DataTransmitService HTTP/1.1" 200 2335
101.83.145.37 - - [26/Sep/2023:09:57:56 +0800] "GET /xingrg/check_reg.html?_=1695693261406 HTTP/1.1" 200 22
101.83.145.37 - - [26/Sep/2023:09:57:56 +0800] "GET /xingrg/all/function/internal_message.html?_=1695693261409&CODE_STATE=getMsg HTTP/1.1" 200 27
101.228.187.155 - - [26/Sep/2023:09:57:57 +0800] "GET /xingrg/login.html HTTP/1.1" 200 7641
101.228.187.155 - - [26/Sep/2023:09:57:57 +0800] "GET /favicon.ico HTTP/1.1" 404 -
58.39.107.39 - - [26/Sep/2023:09:57:59 +0800] "GET /xingrg/all/function/internal_message.html?_=1695693479902&CODE_STATE=getMsg HTTP/1.1" 200 27
180.152.241.196 - - [26/Sep/2023:09:57:59 +0800] "GET /xingrg/check_reg.html?_=1695693481969 HTTP/1.1" 200 22
180.152.241.196 - - [26/Sep/2023:09:57:59 +0800] "GET /xingrg/all/function/internal_message.html?_=1695693481971&CODE_STATE=getMsg HTTP/1.1" 200 27
124.77.244.146 - - [26/Sep/2023:09:58:02 +0800] "POST /xingrg/services/DataTransmitService HTTP/1.1" 200 524
222.70.107.161 - - [26/Sep/2023:09:58:02 +0800] "GET /xingrg/all/function/internal_message.html?_=1695693486153&CODE_STATE=getMsg HTTP/1.1" 302 -
124.77.244.146 - - [26/Sep/2023:09:58:03 +0800] "POST /xingrg/services/DataTransmitService HTTP/1.1" 200 2335
124.77.244.146 - - [26/Sep/2023:09:58:04 +0800] "POST /xingrg/services/DataTransmitService HTTP/1.1" 200 524
114.95.241.104 - - [26/Sep/2023:09:58:05 +0800] "GET /xingrg/all/function/internal_message.html?_=1695693484667&CODE_STATE=getMsg HTTP/1.1" 200 27
124.77.244.146 - - [26/Sep/2023:09:58:05 +0800] "POST /xingrg/services/DataTransmitService HTTP/1.1" 200 412
124.77.244.146 - - [26/Sep/2023:09:58:06 +0800] "GET /xingrg/all/function/internal_message.html?_=1695693491999&CODE_STATE=getMsg HTTP/1.1" 200 27
180.169.147.146 - - [26/Sep/2023:09:58:06 +0800] "GET /xingrg/all/function/internal_message.html?_=1695693486720&CODE_STATE=getMsg HTTP/1.1" 200 27
124.77.244.146 - - [26/Sep/2023:09:58:09 +0800] "POST /xingrg/services/DataTransmitService HTTP/1.1" 200 524
180.163.29.234 - - [26/Sep/2023:09:58:10 +0800] "GET /xingrg/all/function/internal_message.html?_=1695693429559&CODE_STATE=getMsg HTTP/1.1" 302 -
180.163.29.234 - - [26/Sep/2023:09:58:10 +0800] "GET /xingrg/login.html HTTP/1.1" 200 7641
124.78.155.92 - - [26/Sep/2023:09:58:10 +0800] "GET /xingrg/all/function/internal_message.html?_=1695693489543&CODE_STATE=getMsg HTTP/1.1" 200 27
124.77.244.146 - - [26/Sep/2023:09:58:10 +0800] "POST /xingrg/services/DataTransmitService HTTP/1.1" 200 412
101.228.187.155 - - [26/Sep/2023:09:58:12 +0800] "POST /xingrg/login.do HTTP/1.1" 302 -
101.228.187.155 - - [26/Sep/2023:09:58:12 +0800] "GET /xingrg/index.html?sysBaseUrl=http%3A%2F%2F180.169.147.146%3A18081%2Fxingrg%2F&costTime=813×tamp=1695693492582 HTTP/1.1" 200 17179
101.228.187.155 - - [26/Sep/2023:09:58:12 +0800] "GET /favicon.ico HTTP/1.1" 404 -
101.228.187.155 - - [26/Sep/2023:09:58:12 +0800] "GET /xingrg/all/function/internal_message.html?_=1695693492840&CODE_STATE=count HTTP/1.1" 200 11
101.228.187.155 - - [26/Sep/2023:09:58:12 +0800] "GET /xingrg/check_reg.html?_=1695693492841 HTTP/1.1" 200 22
101.228.187.155 - - [26/Sep/2023:09:58:12 +0800] "POST /xingrg/all/common/load_tree.html?tree=area_rest_tree_json&manage=1 HTTP/1.1" 200 351
101.228.187.155 - - [26/Sep/2023:09:58:13 +0800] "POST /xingrg/load_menu.html HTTP/1.1" 200 5138
221.239.166.189 - - [26/Sep/2023:09:58:17 +0800] "GET /xingrg/check_reg.html?_=1695693496756 HTTP/1.1" 200 22
101.228.187.155 - - [26/Sep/2023:09:58:18 +0800] "GET /xingrg/kc/buy/cgsh_order_list.html HTTP/1.1" 200 56585
222.70.180.200 - - [26/Sep/2023:09:58:20 +0800] "GET /xingrg/all/function/internal_message.html?_=1695693499593&CODE_STATE=getMsg HTTP/1.1" 200 27
221.239.166.189 - - [26/Sep/2023:09:58:20 +0800] "GET /xingrg/all/function/internal_message.html?_=1695693499920&CODE_STATE=getMsg HTTP/1.1" 200 27
180.165.48.189 - - [26/Sep/2023:09:58:23 +0800] "GET /xingrg/all/function/internal_message.html?_=1695693504846&CODE_STATE=getMsg HTTP/1.1" 200 27
124.77.244.146 - - [26/Sep/2023:09:58:24 +0800] "GET /xingrg/all/function/internal_message.html?_=1695693508726&CODE_STATE=getMsg HTTP/1.1" 200 27
114.95.241.104 - - [26/Sep/2023:09:58:24 +0800] "GET /xingrg/check_reg.html?_=1695693405577 HTTP/1.1" 200 22
114.95.241.104 - - [26/Sep/2023:09:58:25 +0800] "GET /xingrg/all/function/internal_message.html?_=1695693406275&CODE_STATE=getMsg HTTP/1.1" 200 27
124.79.244.212 - - [26/Sep/2023:09:58:25 +0800] "GET /xingrg/all/function/internal_message.html?_=1695693804050&CODE_STATE=getMsg HTTP/1.1" 200 27
101.228.187.155 - - [26/Sep/2023:09:58:26 +0800] "POST /xingrg/kc/buy/cgsh_list_operate.html HTTP/1.1" 200 3171
124.77.244.146 - - [26/Sep/2023:09:58:27 +0800] "POST /xingrg/services/DataTransmitService HTTP/1.1" 200 524
124.77.244.146 - - [26/Sep/2023:09:58:28 +0800] "POST /xingrg/services/DataTransmitService HTTP/1.1" 200 412
101.228.187.155 - - [26/Sep/2023:09:58:29 +0800] "POST /xingrg/kc/buy/cgsh_list_operate.html HTTP/1.1" 200 562
124.77.244.146 - - [26/Sep/2023:09:58:30 +0800] "POST /xingrg/services/DataTransmitService HTTP/1.1" 200 524
180.152.241.196 - - [26/Sep/2023:09:58:31 +0800] "GET /xingrg/all/function/internal_message.html?_=1695693511269&CODE_STATE=getMsg HTTP/1.1" 200 27
124.77.244.146 - - [26/Sep/2023:09:58:31 +0800] "POST /xingrg/services/DataTransmitService HTTP/1.1" 200 2335
180.152.241.196 - - [26/Sep/2023:09:58:31 +0800] "GET /xingrg/check_reg.html?_=1695693511316 HTTP/1.1" 200 22
101.228.187.155 - - [26/Sep/2023:09:58:31 +0800] "GET /xingrg/kc/buy/cgsh_order_info.html?code=212023092610661 HTTP/1.1" 200 71485
101.228.187.155 - - [26/Sep/2023:09:58:31 +0800] "GET /xingrg/words/20230926094117_words.js HTTP/1.1" 304 -
101.228.187.155 - - [26/Sep/2023:09:58:31 +0800] "GET /xingrg/javascript/easyui/themes/default/validatebox.css HTTP/1.1" 404 1104
101.228.187.155 - - [26/Sep/2023:09:58:31 +0800] "GET /xingrg/all/common/auto_word.html?type=employee&rest_code=00142 HTTP/1.1" 200 105
101.228.187.155 - - [26/Sep/2023:09:58:31 +0800] "GET /xingrg/all/common/auto_word.html?type=employee&rest_code=00142 HTTP/1.1" 200 105
124.77.244.146 - - [26/Sep/2023:09:58:32 +0800] "POST /xingrg/services/DataTransmitService HTTP/1.1" 200 524
116.230.110.33 - - [26/Sep/2023:09:58:32 +0800] "GET /xingrg/all/function/internal_message.html?_=1695693361088&CODE_STATE=getMsg HTTP/1.1" 200 27
101.228.187.155 - - [26/Sep/2023:09:58:32 +0800] "POST /xingrg/kc/buy/cgsh_order_operate.html HTTP/1.1" 200 8555
124.77.244.146 - - [26/Sep/2023:09:58:33 +0800] "POST /xingrg/services/DataTransmitService HTTP/1.1" 200 412
124.78.69.58 - - [26/Sep/2023:09:58:33 +0800] "GET /xingrg/all/function/internal_message.html?_=1695692939280&CODE_STATE=getMsg HTTP/1.1" 200 27
124.77.244.146 - - [26/Sep/2023:09:58:33 +0800] "POST /xingrg/services/DataTransmitService HTTP/1.1" 200 524
124.77.244.146 - - [26/Sep/2023:09:58:34 +0800] "POST /xingrg/services/DataTransmitService HTTP/1.1" 200 412
124.77.244.146 - - [26/Sep/2023:09:58:35 +0800] "POST /xingrg/services/DataTransmitService HTTP/1.1" 200 524
124.77.244.146 - - [26/Sep/2023:09:58:36 +0800] "POST /xingrg/services/DataTransmitService HTTP/1.1" 200 412
124.77.244.146 - - [26/Sep/2023:09:58:36 +0800] "POST /xingrg/services/DataTransmitService HTTP/1.1" 200 524
124.77.244.146 - - [26/Sep/2023:09:58:37 +0800] "POST /xingrg/services/DataTransmitService HTTP/1.1" 200 412
101.228.187.155 - - [26/Sep/2023:09:58:38 +0800] "GET /xingrg/javascript/auto/indicator.gif HTTP/1.1" 404 1066
124.77.244.146 - - [26/Sep/2023:09:58:38 +0800] "POST /xingrg/services/DataTransmitService HTTP/1.1" 200 524
222.69.130.242 - - [26/Sep/2023:09:58:38 +0800] "GET /xingrg/check_reg.html?_=1695693519390 HTTP/1.1" 200 22
222.69.130.242 - - [26/Sep/2023:09:58:38 +0800] "GET /xingrg/all/function/internal_message.html?_=1695693519394&CODE_STATE=getMsg HTTP/1.1" 200 27
124.77.244.146 - - [26/Sep/2023:09:58:39 +0800] "POST /xingrg/services/DataTransmitService HTTP/1.1" 200 412
124.77.244.146 - - [26/Sep/2023:09:58:39 +0800] "POST /xingrg/services/DataTransmitService HTTP/1.1" 200 524
124.77.244.146 - - [26/Sep/2023:09:58:40 +0800] "POST /xingrg/services/DataTransmitService HTTP/1.1" 200 412
124.77.244.146 - - [26/Sep/2023:09:58:41 +0800] "POST /xingrg/services/DataTransmitService HTTP/1.1" 200 524
124.77.244.146 - - [26/Sep/2023:09:58:42 +0800] "POST /xingrg/services/DataTransmitService HTTP/1.1" 200 412
124.77.244.146 - - [26/Sep/2023:09:58:42 +0800] "POST /xingrg/services/DataTransmitService HTTP/1.1" 200 524
124.77.244.146 - - [26/Sep/2023:09:58:43 +0800] "POST /xingrg/services/DataTransmitService HTTP/1.1" 200 412
101.228.187.155 - - [26/Sep/2023:09:58:43 +0800] "GET /xingrg/kc/buy/cgsh_order_operate.html?command=get_materiel&rest_code=00142&code=00101008459&supplier_code=00100161&order_time=2023-09-26 HTTP/1.1" 200 409
124.77.244.146 - - [26/Sep/2023:09:58:44 +0800] "POST /xingrg/services/DataTransmitService HTTP/1.1" 200 524
124.77.244.146 - - [26/Sep/2023:09:58:45 +0800] "POST /xingrg/services/DataTransmitService HTTP/1.1" 200 412
124.77.244.146 - - [26/Sep/2023:09:58:46 +0800] "POST /xingrg/services/DataTransmitService HTTP/1.1" 200 524
124.77.244.146 - - [26/Sep/2023:09:58:47 +0800] "POST /xingrg/services/DataTransmitService HTTP/1.1" 200 412
124.77.244.146 - - [26/Sep/2023:09:58:49 +0800] "POST /xingrg/services/DataTransmitService HTTP/1.1" 200 524
124.77.244.146 - - [26/Sep/2023:09:58:50 +0800] "POST /xingrg/services/DataTransmitService HTTP/1.1" 200 412
101.83.145.37 - - [26/Sep/2023:09:58:56 +0800] "GET /xingrg/all/function/internal_message.html?_=1695693321408&CODE_STATE=getMsg HTTP/1.1" 200 27
124.77.244.146 - - [26/Sep/2023:09:58:56 +0800] "POST /xingrg/services/DataTransmitService HTTP/1.1" 200 524
101.228.187.155 - - [26/Sep/2023:09:58:57 +0800] "GET /xingrg/kc/buy/cgsh_order_operate.html?command=get_materiel&rest_code=00142&code=00101008092&supplier_code=00100161&order_time=2023-09-26 HTTP/1.1" 200 412
124.77.244.146 - - [26/Sep/2023:09:58:57 +0800] "POST /xingrg/services/DataTransmitService HTTP/1.1" 200 2335
58.39.107.39 - - [26/Sep/2023:09:58:59 +0800] "GET /xingrg/all/function/internal_message.html?_=1695693539891&CODE_STATE=getMsg HTTP/1.1" 200 27
180.152.241.196 - - [26/Sep/2023:09:58:59 +0800] "GET /xingrg/all/function/internal_message.html?_=1695693541988&CODE_STATE=getMsg HTTP/1.1" 200 27
58.39.107.39 - - [26/Sep/2023:09:59:00 +0800] "GET /xingrg/check_reg.html?_=1695693540235 HTTP/1.1" 200 22
124.77.244.146 - - [26/Sep/2023:09:59:00 +0800] "POST /xingrg/services/DataTransmitService HTTP/1.1" 200 524
124.77.244.146 - - [26/Sep/2023:09:59:01 +0800] "POST /xingrg/services/DataTransmitService HTTP/1.1" 200 2335
124.77.244.146 - - [26/Sep/2023:09:59:01 +0800] "POST /xingrg/services/DataTransmitService HTTP/1.1" 200 524
222.70.107.161 - - [26/Sep/2023:09:59:02 +0800] "GET /xingrg/all/function/internal_message.html?_=1695693546149&CODE_STATE=getMsg HTTP/1.1" 302 -
124.77.244.146 - - [26/Sep/2023:09:59:02 +0800] "POST /xingrg/services/DataTransmitService HTTP/1.1" 200 2335
124.77.244.146 - - [26/Sep/2023:09:59:03 +0800] "POST /xingrg/services/DataTransmitService HTTP/1.1" 200 524
124.77.244.146 - - [26/Sep/2023:09:59:04 +0800] "POST /xingrg/services/DataTransmitService HTTP/1.1" 200 2335
114.95.241.104 - - [26/Sep/2023:09:59:05 +0800] "GET /xingrg/all/function/internal_message.html?_=1695693544662&CODE_STATE=getMsg HTTP/1.1" 200 27
114.95.241.104 - - [26/Sep/2023:09:59:05 +0800] "GET /xingrg/check_reg.html?_=1695693544677 HTTP/1.1" 200 22
124.77.244.146 - - [26/Sep/2023:09:59:06 +0800] "GET /xingrg/all/function/internal_message.html?_=1695693552126&CODE_STATE=getMsg HTTP/1.1" 200 27
180.169.147.146 - - [26/Sep/2023:09:59:06 +0800] "GET /xingrg/all/function/internal_message.html?_=1695693546732&CODE_STATE=getMsg HTTP/1.1" 200 27
180.163.28.109 - - [26/Sep/2023:09:59:10 +0800] "GET /xingrg/all/function/internal_message.html?_=1695693489543&CODE_STATE=getMsg HTTP/1.1" 302 -
180.163.28.109 - - [26/Sep/2023:09:59:10 +0800] "GET /xingrg/login.html HTTP/1.1" 200 7641
124.78.155.92 - - [26/Sep/2023:09:59:10 +0800] "GET /xingrg/all/function/internal_message.html?_=1695693549514&CODE_STATE=getMsg HTTP/1.1" 200 27
101.228.187.155 - - [26/Sep/2023:09:59:12 +0800] "GET /xingrg/all/function/internal_message.html?_=1695693552857&CODE_STATE=getMsg HTTP/1.1" 200 27
101.228.187.155 - - [26/Sep/2023:09:59:13 +0800] "GET /xingrg/kc/buy/cgsh_order_operate.html?command=get_materiel&rest_code=00142&code=00101012029&supplier_code=00100161&order_time=2023-09-26 HTTP/1.1" 200 412
222.70.180.200 - - [26/Sep/2023:09:59:20 +0800] "GET /xingrg/all/function/internal_message.html?_=1695693559576&CODE_STATE=getMsg HTTP/1.1" 200 27
221.239.166.189 - - [26/Sep/2023:09:59:20 +0800] "GET /xingrg/all/function/internal_message.html?_=1695693559898&CODE_STATE=getMsg HTTP/1.1" 200 27
222.70.180.200 - - [26/Sep/2023:09:59:20 +0800] "GET /xingrg/check_reg.html?_=1695693559859 HTTP/1.1" 200 22
120.253.135.82 - - [26/Sep/2023:09:59:22 +0800] "GET /xingrg/kc/pszx/mdqp_order_list.html?state=10 HTTP/1.1" 200 10275
120.253.135.82 - - [26/Sep/2023:09:59:22 +0800] "GET /xingrg/dwr/interface/AjaxQqpsService.js HTTP/1.1" 200 16326
120.253.135.82 - - [26/Sep/2023:09:59:22 +0800] "GET /xingrg/dwr/engine.js HTTP/1.1" 200 43631
120.253.135.82 - - [26/Sep/2023:09:59:22 +0800] "GET /xingrg/dwr/interface/AjaxReportQueryService.js HTTP/1.1" 200 13203
101.228.187.155 - - [26/Sep/2023:09:59:22 +0800] "GET /xingrg/kc/buy/cgsh_order_operate.html?command=get_materiel&rest_code=00142&code=00101012024&supplier_code=00100161&order_time=2023-09-26 HTTP/1.1" 200 408
124.77.244.146 - - [26/Sep/2023:09:59:23 +0800] "GET /xingrg/check_reg.html?_=1695693568060 HTTP/1.1" 200 22
180.165.48.189 - - [26/Sep/2023:09:59:23 +0800] "GET /xingrg/all/function/internal_message.html?_=1695693564828&CODE_STATE=getMsg HTTP/1.1" 200 27
124.77.244.146 - - [26/Sep/2023:09:59:24 +0800] "GET /xingrg/all/function/internal_message.html?_=1695693568740&CODE_STATE=getMsg HTTP/1.1" 200 27
120.253.135.82 - - [26/Sep/2023:09:59:24 +0800] "GET /xingrg/check_reg.html?_=1695693366945 HTTP/1.1" 200 22
120.253.135.82 - - [26/Sep/2023:09:59:24 +0800] "GET /xingrg/kc/report/report_main.html HTTP/1.1" 200 8599
120.253.135.82 - - [26/Sep/2023:09:59:24 +0800] "GET /xingrg/javascript/jquery_ui/themes/humanity/humanity.css HTTP/1.1" 304 -
101.228.187.155 - - [26/Sep/2023:09:59:24 +0800] "POST /xingrg/kc/buy/cgsh_order_operate.html HTTP/1.1" 200 2065
124.79.244.212 - - [26/Sep/2023:09:59:25 +0800] "GET /xingrg/all/function/internal_message.html?_=1695693864050&CODE_STATE=getMsg HTTP/1.1" 200 27
114.95.241.104 - - [26/Sep/2023:09:59:25 +0800] "GET /xingrg/all/function/internal_message.html?_=1695693466277&CODE_STATE=getMsg HTTP/1.1" 200 27
