116.230.110.33 - - [26/Sep/2023:09:35:32 +0800] "GET /xingrg/all/function/internal_message.html?_=1695691981083&CODE_STATE=getMsg HTTP/1.1" 200 27
124.78.69.58 - - [26/Sep/2023:09:35:33 +0800] "GET /xingrg/all/function/internal_message.html?_=1695691559204&CODE_STATE=getMsg HTTP/1.1" 200 27
114.95.241.104 - - [26/Sep/2023:09:35:51 +0800] "GET /xingrg/all/function/internal_message.html?_=1695692150855&CODE_STATE=getMsg HTTP/1.1" 200 27
101.83.145.37 - - [26/Sep/2023:09:35:53 +0800] "POST /xingrg/kc/buy/cgsh_order_operate.html HTTP/1.1" 200 37
101.83.145.37 - - [26/Sep/2023:09:35:56 +0800] "POST /xingrg/kc/buy/cgsh_order_operate.html HTTP/1.1" 200 18597
101.83.145.37 - - [26/Sep/2023:09:35:56 +0800] "GET /xingrg/all/function/internal_message.html?_=1695691941393&CODE_STATE=getMsg HTTP/1.1" 200 27
180.165.48.189 - - [26/Sep/2023:09:35:58 +0800] "GET /favicon.ico HTTP/1.1" 404 -
58.39.107.39 - - [26/Sep/2023:09:36:00 +0800] "GET /xingrg/all/function/internal_message.html?_=1695692160262&CODE_STATE=getMsg HTTP/1.1" 200 27
222.70.107.161 - - [26/Sep/2023:09:36:02 +0800] "GET /xingrg/check_reg.html?_=1695692166107 HTTP/1.1" 302 -
222.70.107.161 - - [26/Sep/2023:09:36:02 +0800] "GET /xingrg/all/function/internal_message.html?_=1695692166110&CODE_STATE=getMsg HTTP/1.1" 302 -
124.77.244.146 - - [26/Sep/2023:09:36:04 +0800] "GET /xingrg/all/function/internal_message.html?_=1695692170403&CODE_STATE=getMsg HTTP/1.1" 200 27
180.169.147.146 - - [26/Sep/2023:09:36:06 +0800] "GET /xingrg/check_reg.html?_=1695692166728 HTTP/1.1" 200 22
180.169.147.146 - - [26/Sep/2023:09:36:06 +0800] "GET /xingrg/all/function/internal_message.html?_=1695692166734&CODE_STATE=getMsg HTTP/1.1" 200 27
180.152.241.196 - - [26/Sep/2023:09:36:07 +0800] "GET /xingrg/kc/buy/cgsh_order_operate.html?command=get_materiel&rest_code=00102&code=00101006133&supplier_code=00100096&order_time=2023-09-26 HTTP/1.1" 200 413
124.78.155.92 - - [26/Sep/2023:09:36:11 +0800] "GET /xingrg/all/function/internal_message.html?_=1695692170073&CODE_STATE=getMsg HTTP/1.1" 200 27
180.163.28.55 - - [26/Sep/2023:09:36:11 +0800] "GET /xingrg/check_reg.html?_=1695692110758 HTTP/1.1" 302 -
180.163.28.55 - - [26/Sep/2023:09:36:11 +0800] "GET /xingrg/login.html HTTP/1.1" 200 7641
180.165.48.189 - - [26/Sep/2023:09:36:14 +0800] "GET /xingrg/login.html HTTP/1.1" 200 7641
180.165.48.189 - - [26/Sep/2023:09:36:14 +0800] "GET /xingrg/images/blue/jxLogo.png HTTP/1.1" 304 -
180.165.48.189 - - [26/Sep/2023:09:36:14 +0800] "GET /xingrg/images/blue/login_bg.png HTTP/1.1" 304 -
180.165.48.189 - - [26/Sep/2023:09:36:14 +0800] "GET /xingrg/images/blue/srbg.png HTTP/1.1" 304 -
180.165.48.189 - - [26/Sep/2023:09:36:14 +0800] "GET /xingrg/images/blue/hj.png HTTP/1.1" 304 -
180.165.48.189 - - [26/Sep/2023:09:36:14 +0800] "GET /favicon.ico HTTP/1.1" 404 -
180.165.48.189 - - [26/Sep/2023:09:36:16 +0800] "POST /xingrg/login.do HTTP/1.1" 302 -
180.165.48.189 - - [26/Sep/2023:09:36:16 +0800] "GET /xingrg/index.html?sysBaseUrl=http%3A%2F%2F180.169.147.146%3A18081%2Fxingrg%2F&costTime=919×tamp=1695692176902 HTTP/1.1" 200 17183
180.165.48.189 - - [26/Sep/2023:09:36:17 +0800] "GET /xingrg/javascript/jquery_easy_ui/themes/default/easyui.css HTTP/1.1" 304 -
180.165.48.189 - - [26/Sep/2023:09:36:17 +0800] "GET /xingrg/javascript/jquery_easy_ui/themes/icon.css HTTP/1.1" 304 -
180.165.48.189 - - [26/Sep/2023:09:36:17 +0800] "GET /xingrg/css/form.css HTTP/1.1" 304 -
180.165.48.189 - - [26/Sep/2023:09:36:17 +0800] "GET /xingrg/javascript/jquery-1.4.2.min.js HTTP/1.1" 304 -
180.165.48.189 - - [26/Sep/2023:09:36:17 +0800] "GET /favicon.ico HTTP/1.1" 404 -
180.165.48.189 - - [26/Sep/2023:09:36:17 +0800] "GET /xingrg/javascript/jquery_easy_ui/jquery.easyui.min.js HTTP/1.1" 304 -
180.165.48.189 - - [26/Sep/2023:09:36:17 +0800] "GET /xingrg/javascript/jquery_easy_ui/easyui-lang-zh_CN.js HTTP/1.1" 304 -
180.165.48.189 - - [26/Sep/2023:09:36:17 +0800] "GET /xingrg/javascript/jquery.form.js HTTP/1.1" 304 -
180.165.48.189 - - [26/Sep/2023:09:36:17 +0800] "GET /xingrg/javascript/jquery.utils.js HTTP/1.1" 304 -
180.165.48.189 - - [26/Sep/2023:09:36:17 +0800] "GET /xingrg/javascript/jquery.timers.js HTTP/1.1" 304 -
180.165.48.189 - - [26/Sep/2023:09:36:17 +0800] "GET /xingrg/javascript/jquery_easy_ui/themes/icons/settle_new.png HTTP/1.1" 304 -
180.165.48.189 - - [26/Sep/2023:09:36:17 +0800] "GET /xingrg/images/blue/navBackgound.jpg HTTP/1.1" 304 -
180.165.48.189 - - [26/Sep/2023:09:36:17 +0800] "POST /xingrg/all/common/load_tree.html?tree=area_rest_tree_json&manage=1 HTTP/1.1" 200 357
180.165.48.189 - - [26/Sep/2023:09:36:17 +0800] "GET /xingrg/all/function/internal_message.html?_=1695692178495&CODE_STATE=count HTTP/1.1" 200 11
180.165.48.189 - - [26/Sep/2023:09:36:17 +0800] "GET /xingrg/check_reg.html?_=1695692178495 HTTP/1.1" 200 22
180.165.48.189 - - [26/Sep/2023:09:36:17 +0800] "GET /xingrg/javascript/jquery_easy_ui/themes/default/images/panel_tool_collapse.gif HTTP/1.1" 304 -
180.165.48.189 - - [26/Sep/2023:09:36:17 +0800] "GET /xingrg/javascript/jquery_easy_ui/themes/default/images/tabs_leftarrow.png HTTP/1.1" 304 -
180.165.48.189 - - [26/Sep/2023:09:36:17 +0800] "GET /xingrg/javascript/jquery_easy_ui/themes/default/images/tabs_rightarrow.png HTTP/1.1" 304 -
180.165.48.189 - - [26/Sep/2023:09:36:17 +0800] "GET /xingrg/images/blue/pingpu.png HTTP/1.1" 304 -
180.165.48.189 - - [26/Sep/2023:09:36:17 +0800] "POST /xingrg/load_menu.html HTTP/1.1" 200 5138
180.165.48.189 - - [26/Sep/2023:09:36:17 +0800] "GET /xingrg/javascript/jquery_easy_ui/themes/default/images/tree_arrows.gif HTTP/1.1" 304 -
180.165.48.189 - - [26/Sep/2023:09:36:17 +0800] "GET /xingrg/javascript/jquery_easy_ui/themes/default/images/tree_folder_open.gif HTTP/1.1" 304 -
180.165.48.189 - - [26/Sep/2023:09:36:17 +0800] "GET /xingrg/javascript/jquery_easy_ui/themes/icons/search_new.png HTTP/1.1" 304 -
180.165.48.189 - - [26/Sep/2023:09:36:17 +0800] "GET /xingrg/javascript/jquery_easy_ui/themes/icons/storage_new.png HTTP/1.1" 304 -
180.165.48.189 - - [26/Sep/2023:09:36:17 +0800] "GET /xingrg/javascript/jquery_easy_ui/themes/default/images/tree_folder.gif HTTP/1.1" 304 -
180.165.48.189 - - [26/Sep/2023:09:36:17 +0800] "GET /xingrg/javascript/jquery_easy_ui/themes/icons/forms_new.png HTTP/1.1" 304 -
180.165.48.189 - - [26/Sep/2023:09:36:17 +0800] "GET /xingrg/javascript/jquery_easy_ui/themes/default/images/tree_file.gif HTTP/1.1" 304 -
180.165.48.189 - - [26/Sep/2023:09:36:19 +0800] "GET /xingrg/javascript/jquery_easy_ui/themes/default/images/tabs_close.gif HTTP/1.1" 304 -
180.165.48.189 - - [26/Sep/2023:09:36:20 +0800] "GET /xingrg/kc/base/wldb_order_list.html HTTP/1.1" 200 19184
180.165.48.189 - - [26/Sep/2023:09:36:20 +0800] "GET /xingrg/css/base.css HTTP/1.1" 304 -
180.165.48.189 - - [26/Sep/2023:09:36:20 +0800] "GET /xingrg/css/site.css HTTP/1.1" 304 -
180.165.48.189 - - [26/Sep/2023:09:36:20 +0800] "GET /xingrg/javascript/jquery_tools/datebox.css HTTP/1.1" 304 -
180.165.48.189 - - [26/Sep/2023:09:36:20 +0800] "GET /xingrg/javascript/easyui/themes/default/easyui.css HTTP/1.1" 304 -
180.165.48.189 - - [26/Sep/2023:09:36:20 +0800] "GET /xingrg/javascript/easyui/themes/icon.css HTTP/1.1" 304 -
180.165.48.189 - - [26/Sep/2023:09:36:20 +0800] "GET /xingrg/javascript/auto/jquery.autocomplete.css HTTP/1.1" 304 -
180.165.48.189 - - [26/Sep/2023:09:36:20 +0800] "GET /xingrg/javascript/jquery_tools/fix.css HTTP/1.1" 304 -
180.165.48.189 - - [26/Sep/2023:09:36:20 +0800] "GET /xingrg/javascript/jquery_tools/table.css HTTP/1.1" 304 -
180.165.48.189 - - [26/Sep/2023:09:36:20 +0800] "GET /xingrg/javascript/jquery_tools/jquery.tools.min.js HTTP/1.1" 304 -
180.165.48.189 - - [26/Sep/2023:09:36:20 +0800] "GET /xingrg/javascript/jquery_tools/jquery.tools.extend.js HTTP/1.1" 304 -
180.165.48.189 - - [26/Sep/2023:09:36:20 +0800] "GET /xingrg/javascript/jquery_tools/jquery.tools.hotkey.js HTTP/1.1" 304 -
180.165.48.189 - - [26/Sep/2023:09:36:20 +0800] "GET /xingrg/javascript/jquery_tools/jquery.tools.table.js HTTP/1.1" 304 -
180.165.48.189 - - [26/Sep/2023:09:36:20 +0800] "GET /xingrg/javascript/jquery_tools/list_manager.js HTTP/1.1" 304 -
180.165.48.189 - - [26/Sep/2023:09:36:20 +0800] "GET /xingrg/javascript/auto/jquery.autocomplete.js HTTP/1.1" 304 -
180.165.48.189 - - [26/Sep/2023:09:36:20 +0800] "GET /xingrg/javascript/easyui/easyloader.js HTTP/1.1" 304 -
180.165.48.189 - - [26/Sep/2023:09:36:20 +0800] "GET /xingrg/javascript/jquery.cookie.js HTTP/1.1" 304 -
180.165.48.189 - - [26/Sep/2023:09:36:20 +0800] "GET /xingrg/javascript/print/LodopFuncs.js HTTP/1.1" 304 -
221.239.166.189 - - [26/Sep/2023:09:36:20 +0800] "GET /xingrg/all/function/internal_message.html?_=1695692180177&CODE_STATE=getMsg HTTP/1.1" 200 27
180.165.48.189 - - [26/Sep/2023:09:36:20 +0800] "GET /xingrg/javascript/easyui/themes/icons/edit_add_new.png HTTP/1.1" 304 -
180.165.48.189 - - [26/Sep/2023:09:36:20 +0800] "GET /xingrg/javascript/easyui/themes/icons/cance_new.png HTTP/1.1" 304 -
180.165.48.189 - - [26/Sep/2023:09:36:20 +0800] "GET /xingrg/javascript/easyui/themes/icons/check_new.png HTTP/1.1" 304 -
180.165.48.189 - - [26/Sep/2023:09:36:20 +0800] "GET /xingrg/javascript/easyui/themes/icons/field_new.png HTTP/1.1" 304 -
180.165.48.189 - - [26/Sep/2023:09:36:20 +0800] "GET /xingrg/javascript/easyui/themes/icons/import_new.png HTTP/1.1" 304 -
180.165.48.189 - - [26/Sep/2023:09:36:20 +0800] "GET /xingrg/javascript/easyui/plugins/jquery.parser.js HTTP/1.1" 304 -
180.165.48.189 - - [26/Sep/2023:09:36:20 +0800] "GET /xingrg/images/control/ajaxLoader.gif HTTP/1.1" 304 -
222.70.180.200 - - [26/Sep/2023:09:36:20 +0800] "GET /xingrg/all/function/internal_message.html?_=1695692180075&CODE_STATE=getMsg HTTP/1.1" 200 27
180.165.48.189 - - [26/Sep/2023:09:36:21 +0800] "POST /xingrg/kc/base/wldb_list_operate.html HTTP/1.1" 200 4236
124.77.244.146 - - [26/Sep/2023:09:36:23 +0800] "GET /xingrg/all/function/internal_message.html?_=1695692188428&CODE_STATE=getMsg HTTP/1.1" 200 27
114.95.241.104 - - [26/Sep/2023:09:36:24 +0800] "GET /xingrg/all/function/internal_message.html?_=1695692085762&CODE_STATE=getMsg HTTP/1.1" 200 27
180.165.48.189 - - [26/Sep/2023:09:36:24 +0800] "GET /xingrg/javascript/easyui/themes/default/images/button_plain_hover.png HTTP/1.1" 304 -
124.79.244.212 - - [26/Sep/2023:09:36:24 +0800] "GET /xingrg/all/function/internal_message.html?_=1695692484018&CODE_STATE=getMsg HTTP/1.1" 200 27
124.79.244.212 - - [26/Sep/2023:09:36:24 +0800] "GET /xingrg/check_reg.html?_=1695692484019 HTTP/1.1" 200 22
114.83.220.87 - - [26/Sep/2023:09:36:30 +0800] "GET /xingrg/all/function/internal_message.html?_=1695692189974&CODE_STATE=getMsg HTTP/1.1" 200 27
180.152.241.196 - - [26/Sep/2023:09:36:31 +0800] "GET /xingrg/all/function/internal_message.html?_=1695692191293&CODE_STATE=getMsg HTTP/1.1" 200 27
116.230.110.33 - - [26/Sep/2023:09:36:32 +0800] "GET /xingrg/all/function/internal_message.html?_=1695692041080&CODE_STATE=getMsg HTTP/1.1" 200 27
124.78.69.58 - - [26/Sep/2023:09:36:33 +0800] "GET /xingrg/all/function/internal_message.html?_=1695691619203&CODE_STATE=getMsg HTTP/1.1" 200 27
124.78.69.58 - - [26/Sep/2023:09:36:33 +0800] "GET /xingrg/check_reg.html?_=1695691619205 HTTP/1.1" 200 22
180.152.241.196 - - [26/Sep/2023:09:36:33 +0800] "GET /xingrg/kc/buy/cgsh_order_operate.html?command=get_materiel&rest_code=00102&code=00101006129&supplier_code=00100096&order_time=2023-09-26 HTTP/1.1" 200 441
124.77.244.146 - - [26/Sep/2023:09:36:34 +0800] "GET /xingrg/check_reg.html?_=1695692199811 HTTP/1.1" 200 22
124.77.244.146 - - [26/Sep/2023:09:36:47 +0800] "POST /xingrg/services/DataTransmitService HTTP/1.1" 200 524
114.95.241.104 - - [26/Sep/2023:09:36:51 +0800] "GET /xingrg/all/function/internal_message.html?_=1695692210854&CODE_STATE=getMsg HTTP/1.1" 200 27
101.83.145.37 - - [26/Sep/2023:09:36:56 +0800] "GET /xingrg/all/function/internal_message.html?_=1695692001396&CODE_STATE=getMsg HTTP/1.1" 200 27
58.39.107.39 - - [26/Sep/2023:09:37:00 +0800] "GET /xingrg/all/function/internal_message.html?_=1695692220246&CODE_STATE=getMsg HTTP/1.1" 200 27
222.70.107.161 - - [26/Sep/2023:09:37:02 +0800] "GET /xingrg/all/function/internal_message.html?_=1695692226109&CODE_STATE=getMsg HTTP/1.1" 302 -
124.77.244.146 - - [26/Sep/2023:09:37:04 +0800] "GET /xingrg/all/function/internal_message.html?_=1695692230419&CODE_STATE=getMsg HTTP/1.1" 200 27
180.169.147.146 - - [26/Sep/2023:09:37:06 +0800] "GET /xingrg/all/function/internal_message.html?_=1695692226729&CODE_STATE=getMsg HTTP/1.1" 200 27
124.78.155.92 - - [26/Sep/2023:09:37:11 +0800] "GET /xingrg/all/function/internal_message.html?_=1695692230057&CODE_STATE=getMsg HTTP/1.1" 200 27
180.152.241.196 - - [26/Sep/2023:09:37:11 +0800] "GET /xingrg/kc/buy/cgsh_order_operate.html?command=get_materiel&rest_code=00102&code=00101006055&supplier_code=00100096&order_time=2023-09-26 HTTP/1.1" 200 411
180.165.48.189 - - [26/Sep/2023:09:37:16 +0800] "POST /xingrg/kc/base/wldb_list_operate.html HTTP/1.1" 200 4
221.239.166.189 - - [26/Sep/2023:09:37:20 +0800] "GET /xingrg/all/function/internal_message.html?_=1695692240147&CODE_STATE=getMsg HTTP/1.1" 200 27
222.70.180.200 - - [26/Sep/2023:09:37:20 +0800] "GET /xingrg/all/function/internal_message.html?_=1695692240048&CODE_STATE=getMsg HTTP/1.1" 200 27
180.152.241.196 - - [26/Sep/2023:09:37:22 +0800] "GET /xingrg/kc/buy/cgsh_order_operate.html?command=get_materiel&rest_code=00102&code=00101006065&supplier_code=00100096&order_time=2023-09-26 HTTP/1.1" 200 409
124.77.244.146 - - [26/Sep/2023:09:37:23 +0800] "GET /xingrg/all/function/internal_message.html?_=1695692248445&CODE_STATE=getMsg HTTP/1.1" 200 27
180.165.48.189 - - [26/Sep/2023:09:37:24 +0800] "GET /xingrg/all/function/internal_message.html?_=1695692245078&CODE_STATE=getMsg HTTP/1.1" 200 27
114.95.241.104 - - [26/Sep/2023:09:37:24 +0800] "GET /xingrg/all/function/internal_message.html?_=1695692145791&CODE_STATE=getMsg HTTP/1.1" 200 27
180.165.48.189 - - [26/Sep/2023:09:37:24 +0800] "POST /xingrg/kc/base/wldb_list_operate.html HTTP/1.1" 200 928
124.79.244.212 - - [26/Sep/2023:09:37:24 +0800] "GET /xingrg/all/function/internal_message.html?_=1695692544017&CODE_STATE=getMsg HTTP/1.1" 200 27
180.165.48.189 - - [26/Sep/2023:09:37:28 +0800] "GET /xingrg/kc/buy/cgsh_order_list.html HTTP/1.1" 200 56589
114.83.220.87 - - [26/Sep/2023:09:37:30 +0800] "GET /xingrg/all/function/internal_message.html?_=1695692249948&CODE_STATE=getMsg HTTP/1.1" 200 27
180.165.48.189 - - [26/Sep/2023:09:37:31 +0800] "POST /xingrg/kc/buy/cgsh_list_operate.html HTTP/1.1" 200 986
180.152.241.196 - - [26/Sep/2023:09:37:31 +0800] "GET /xingrg/all/function/internal_message.html?_=1695692251314&CODE_STATE=getMsg HTTP/1.1" 200 27
116.230.110.33 - - [26/Sep/2023:09:37:32 +0800] "GET /xingrg/all/function/internal_message.html?_=1695692101085&CODE_STATE=getMsg HTTP/1.1" 200 27
124.78.69.58 - - [26/Sep/2023:09:37:33 +0800] "GET /xingrg/all/function/internal_message.html?_=1695691679230&CODE_STATE=getMsg HTTP/1.1" 200 27
180.152.241.196 - - [26/Sep/2023:09:37:38 +0800] "GET /favicon.ico HTTP/1.1" 404 -
180.165.48.189 - - [26/Sep/2023:09:37:40 +0800] "GET /xingrg/javascript/jquery_easy_ui/themes/default/images/tabs_active.png HTTP/1.1" 304 -
180.165.48.189 - - [26/Sep/2023:09:37:43 +0800] "GET /xingrg/kc/buy/cgsh_order_add.html HTTP/1.1" 200 72453
180.165.48.189 - - [26/Sep/2023:09:37:43 +0800] "GET /xingrg/javascript/pic_change.js HTTP/1.1" 304 -
180.165.48.189 - - [26/Sep/2023:09:37:43 +0800] "GET /xingrg/javascript/jquery_tools/order_manager.js HTTP/1.1" 304 -
180.165.48.189 - - [26/Sep/2023:09:37:43 +0800] "GET /xingrg/javascript/convert.js HTTP/1.1" 304 -
180.165.48.189 - - [26/Sep/2023:09:37:43 +0800] "GET /xingrg/javascript/json2.js HTTP/1.1" 304 -
180.165.48.189 - - [26/Sep/2023:09:37:43 +0800] "GET /xingrg/javascript/print/kc_print.js HTTP/1.1" 304 -
180.165.48.189 - - [26/Sep/2023:09:37:43 +0800] "GET /xingrg/words/20230925165127_words.js HTTP/1.1" 200 989794
180.165.48.189 - - [26/Sep/2023:09:37:43 +0800] "GET /xingrg/javascript/easyui/themes/icons/copy_new.png HTTP/1.1" 304 -
180.165.48.189 - - [26/Sep/2023:09:37:43 +0800] "GET /xingrg/javascript/easyui/themes/icons/print.png HTTP/1.1" 304 -
180.165.48.189 - - [26/Sep/2023:09:37:43 +0800] "GET /xingrg/javascript/easyui/themes/default/images/menu_downarrow.png HTTP/1.1" 304 -
180.165.48.189 - - [26/Sep/2023:09:37:43 +0800] "GET /xingrg/javascript/easyui/themes/icons/cancel.png HTTP/1.1" 304 -
180.165.48.189 - - [26/Sep/2023:09:37:43 +0800] "GET /xingrg/javascript/easyui/themes/icons/template_new.png HTTP/1.1" 304 -
180.165.48.189 - - [26/Sep/2023:09:37:43 +0800] "GET /xingrg/javascript/easyui/themes/icons/ok.png HTTP/1.1" 304 -
180.165.48.189 - - [26/Sep/2023:09:37:43 +0800] "POST /xingrg/kc/buy/cgsh_order_operate.html HTTP/1.1" 200 8245
180.165.48.189 - - [26/Sep/2023:09:37:43 +0800] "GET /xingrg/javascript/easyui/themes/default/validatebox.css HTTP/1.1" 404 1104
180.165.48.189 - - [26/Sep/2023:09:37:43 +0800] "GET /xingrg/javascript/easyui/plugins/jquery.validatebox.js HTTP/1.1" 304 -
180.165.48.189 - - [26/Sep/2023:09:37:43 +0800] "GET /xingrg/javascript/easyui/plugins/jquery.numberbox.js HTTP/1.1" 304 -
180.165.48.189 - - [26/Sep/2023:09:37:43 +0800] "GET /xingrg/all/common/auto_word.html?type=employee&rest_code=00108 HTTP/1.1" 200 101
180.165.48.189 - - [26/Sep/2023:09:37:43 +0800] "GET /xingrg/javascript/easyui/themes/icons/edit_remove.png HTTP/1.1" 304 -
180.165.48.189 - - [26/Sep/2023:09:37:43 +0800] "GET /xingrg/all/common/auto_word.html?type=employee&rest_code=00108 HTTP/1.1" 200 101
180.152.241.196 - - [26/Sep/2023:09:37:44 +0800] "GET /xingrg/kc/buy/cgsh_order_operate.html?command=get_materiel&rest_code=00102&code=00101006175&supplier_code=00100096&order_time=2023-09-26 HTTP/1.1" 200 414
180.152.241.196 - - [26/Sep/2023:09:37:44 +0800] "GET /xingrg/login.html HTTP/1.1" 200 7641
180.152.241.196 - - [26/Sep/2023:09:37:47 +0800] "GET /favicon.ico HTTP/1.1" 404 -
114.95.241.104 - - [26/Sep/2023:09:37:51 +0800] "GET /xingrg/all/function/internal_message.html?_=1695692270852&CODE_STATE=getMsg HTTP/1.1" 200 27
114.95.241.104 - - [26/Sep/2023:09:37:52 +0800] "POST /xingrg/services/DataTransmitService HTTP/1.1" 200 524
124.77.244.146 - - [26/Sep/2023:09:37:52 +0800] "POST /xingrg/services/DataTransmitService HTTP/1.1" 200 501
124.77.244.146 - - [26/Sep/2023:09:37:52 +0800] "POST /xingrg/services/DataTransmitService HTTP/1.1" 200 524
124.77.244.146 - - [26/Sep/2023:09:37:53 +0800] "POST /xingrg/services/DataTransmitService HTTP/1.1" 200 2335
180.152.241.196 - - [26/Sep/2023:09:37:53 +0800] "POST /xingrg/login.do HTTP/1.1" 302 -
180.152.241.196 - - [26/Sep/2023:09:37:54 +0800] "GET /xingrg/index.html?sysBaseUrl=http%3A%2F%2F180.169.147.146%3A18081%2Fxingrg%2F&costTime=1063×tamp=1695692273949 HTTP/1.1" 200 17503
180.152.241.196 - - [26/Sep/2023:09:37:54 +0800] "GET /favicon.ico HTTP/1.1" 404 -
180.152.241.196 - - [26/Sep/2023:09:37:54 +0800] "POST /xingrg/all/common/load_tree.html?tree=area_rest_tree_json&manage=1 HTTP/1.1" 200 3499
180.152.241.196 - - [26/Sep/2023:09:37:54 +0800] "GET /xingrg/all/function/internal_message.html?_=1695692276860&CODE_STATE=count HTTP/1.1" 200 11
180.152.241.196 - - [26/Sep/2023:09:37:54 +0800] "GET /xingrg/check_reg.html?_=1695692276860 HTTP/1.1" 200 22
180.152.241.196 - - [26/Sep/2023:09:37:54 +0800] "POST /xingrg/load_menu.html HTTP/1.1" 200 11443
180.152.241.196 - - [26/Sep/2023:09:37:56 +0800] "GET /xingrg/kc/buy/cgsh_order_operate.html?command=get_materiel&rest_code=00102&code=00101007061&supplier_code=00100096&order_time=2023-09-26 HTTP/1.1" 200 411
101.83.145.37 - - [26/Sep/2023:09:37:56 +0800] "GET /xingrg/all/function/internal_message.html?_=1695692061381&CODE_STATE=getMsg HTTP/1.1" 200 27
101.83.145.37 - - [26/Sep/2023:09:37:56 +0800] "GET /xingrg/check_reg.html?_=1695692061384 HTTP/1.1" 200 22
124.77.244.146 - - [26/Sep/2023:09:37:58 +0800] "POST /xingrg/services/DataTransmitService HTTP/1.1" 200 524
180.152.241.196 - - [26/Sep/2023:09:37:59 +0800] "POST /xingrg/all/user/operate.html HTTP/1.1" 200 36
180.152.241.196 - - [26/Sep/2023:09:37:59 +0800] "GET /xingrg/index.html?sysBaseUrl=http%3A%2F%2F180.169.147.146%3A18081%2Fxingrg%2F&costTime=1063×tamp=1695692273949 HTTP/1.1" 200 17503
180.152.241.196 - - [26/Sep/2023:09:37:59 +0800] "GET /xingrg/javascript/jquery_easy_ui/themes/default/easyui.css HTTP/1.1" 304 -
180.152.241.196 - - [26/Sep/2023:09:37:59 +0800] "GET /xingrg/javascript/jquery_easy_ui/themes/icon.css HTTP/1.1" 304 -
180.152.241.196 - - [26/Sep/2023:09:37:59 +0800] "GET /xingrg/css/form.css HTTP/1.1" 304 -
180.152.241.196 - - [26/Sep/2023:09:37:59 +0800] "GET /xingrg/javascript/jquery-1.4.2.min.js HTTP/1.1" 304 -
180.152.241.196 - - [26/Sep/2023:09:37:59 +0800] "GET /xingrg/javascript/jquery_easy_ui/jquery.easyui.min.js HTTP/1.1" 304 -
180.152.241.196 - - [26/Sep/2023:09:37:59 +0800] "GET /xingrg/javascript/jquery_easy_ui/easyui-lang-zh_CN.js HTTP/1.1" 304 -
180.152.241.196 - - [26/Sep/2023:09:37:59 +0800] "GET /xingrg/javascript/jquery.form.js HTTP/1.1" 304 -
180.152.241.196 - - [26/Sep/2023:09:37:59 +0800] "GET /xingrg/javascript/jquery.utils.js HTTP/1.1" 304 -
180.152.241.196 - - [26/Sep/2023:09:37:59 +0800] "GET /xingrg/javascript/jquery.timers.js HTTP/1.1" 304 -
180.152.241.196 - - [26/Sep/2023:09:37:59 +0800] "GET /xingrg/images/blue/jxLogo.png HTTP/1.1" 304 -
180.152.241.196 - - [26/Sep/2023:09:37:59 +0800] "GET /xingrg/images/blue/navBackgound.jpg HTTP/1.1" 304 -
180.152.241.196 - - [26/Sep/2023:09:37:59 +0800] "GET /xingrg/javascript/jquery_easy_ui/themes/icons/settle_new.png HTTP/1.1" 304 -
180.152.241.196 - - [26/Sep/2023:09:37:59 +0800] "GET /xingrg/all/function/internal_message.html?_=1695692281931&CODE_STATE=count HTTP/1.1" 200 11
180.152.241.196 - - [26/Sep/2023:09:37:59 +0800] "GET /xingrg/check_reg.html?_=1695692281932 HTTP/1.1" 200 22
180.152.241.196 - - [26/Sep/2023:09:37:59 +0800] "GET /xingrg/images/blue/pingpu.png HTTP/1.1" 304 -
180.152.241.196 - - [26/Sep/2023:09:37:59 +0800] "GET /xingrg/javascript/jquery_easy_ui/themes/default/images/tabs_rightarrow.png HTTP/1.1" 304 -
180.152.241.196 - - [26/Sep/2023:09:37:59 +0800] "GET /xingrg/javascript/jquery_easy_ui/themes/default/images/panel_tool_expand.gif HTTP/1.1" 304 -
180.152.241.196 - - [26/Sep/2023:09:37:59 +0800] "GET /xingrg/javascript/jquery_easy_ui/themes/default/images/tabs_leftarrow.png HTTP/1.1" 304 -
180.152.241.196 - - [26/Sep/2023:09:37:59 +0800] "GET /xingrg/javascript/jquery_easy_ui/themes/default/images/panel_tool_collapse.gif HTTP/1.1" 304 -
180.152.241.196 - - [26/Sep/2023:09:37:59 +0800] "POST /xingrg/all/common/load_tree.html?tree=area_rest_tree_json&manage=1 HTTP/1.1" 200 3499
180.152.241.196 - - [26/Sep/2023:09:37:59 +0800] "POST /xingrg/load_menu.html HTTP/1.1" 200 9959
58.39.107.39 - - [26/Sep/2023:09:38:00 +0800] "GET /xingrg/all/function/internal_message.html?_=1695692280218&CODE_STATE=getMsg HTTP/1.1" 200 27
124.77.244.146 - - [26/Sep/2023:09:38:00 +0800] "POST /xingrg/services/DataTransmitService HTTP/1.1" 200 412
124.77.244.146 - - [26/Sep/2023:09:38:02 +0800] "POST /xingrg/services/DataTransmitService HTTP/1.1" 200 524
222.70.107.161 - - [26/Sep/2023:09:38:02 +0800] "GET /xingrg/all/function/internal_message.html?_=1695692286109&CODE_STATE=getMsg HTTP/1.1" 302 -
124.77.244.146 - - [26/Sep/2023:09:38:03 +0800] "POST /xingrg/services/DataTransmitService HTTP/1.1" 200 2335
124.77.244.146 - - [26/Sep/2023:09:38:04 +0800] "GET /xingrg/all/function/internal_message.html?_=1695692290431&CODE_STATE=getMsg HTTP/1.1" 200 27
124.77.244.146 - - [26/Sep/2023:09:38:06 +0800] "POST /xingrg/services/DataTransmitService HTTP/1.1" 200 524
180.169.147.146 - - [26/Sep/2023:09:38:06 +0800] "GET /xingrg/all/function/internal_message.html?_=1695692286732&CODE_STATE=getMsg HTTP/1.1" 200 27
124.77.244.146 - - [26/Sep/2023:09:38:07 +0800] "POST /xingrg/services/DataTransmitService HTTP/1.1" 200 2335
180.152.241.196 - - [26/Sep/2023:09:38:08 +0800] "GET /xingrg/kc/buy/cgsh_order_operate.html?command=get_materiel&rest_code=00102&code=00101007049&supplier_code=00100096&order_time=2023-09-26 HTTP/1.1" 200 411
124.77.244.146 - - [26/Sep/2023:09:38:09 +0800] "POST /xingrg/services/DataTransmitService HTTP/1.1" 200 524
124.77.244.146 - - [26/Sep/2023:09:38:10 +0800] "POST /xingrg/services/DataTransmitService HTTP/1.1" 200 2335
124.78.155.92 - - [26/Sep/2023:09:38:11 +0800] "GET /xingrg/all/function/internal_message.html?_=1695692290028&CODE_STATE=getMsg HTTP/1.1" 200 27
221.239.166.189 - - [26/Sep/2023:09:38:17 +0800] "GET /xingrg/check_reg.html?_=1695692296736 HTTP/1.1" 200 22
221.239.166.189 - - [26/Sep/2023:09:38:20 +0800] "GET /xingrg/all/function/internal_message.html?_=1695692300128&CODE_STATE=getMsg HTTP/1.1" 200 27
222.70.180.200 - - [26/Sep/2023:09:38:20 +0800] "GET /xingrg/all/function/internal_message.html?_=1695692300022&CODE_STATE=getMsg HTTP/1.1" 200 27
124.77.244.146 - - [26/Sep/2023:09:38:23 +0800] "GET /xingrg/all/function/internal_message.html?_=1695692308454&CODE_STATE=getMsg HTTP/1.1" 200 27
180.165.48.189 - - [26/Sep/2023:09:38:24 +0800] "GET /xingrg/all/function/internal_message.html?_=1695692305059&CODE_STATE=getMsg HTTP/1.1" 200 27
114.95.241.104 - - [26/Sep/2023:09:38:24 +0800] "GET /xingrg/check_reg.html?_=1695692205539 HTTP/1.1" 200 22
114.95.241.104 - - [26/Sep/2023:09:38:24 +0800] "GET /xingrg/all/function/internal_message.html?_=1695692205820&CODE_STATE=getMsg HTTP/1.1" 200 27
124.79.244.212 - - [26/Sep/2023:09:38:24 +0800] "GET /xingrg/all/function/internal_message.html?_=1695692604017&CODE_STATE=getMsg HTTP/1.1" 200 27
114.83.220.87 - - [26/Sep/2023:09:38:30 +0800] "GET /xingrg/all/function/internal_message.html?_=1695692309923&CODE_STATE=getMsg HTTP/1.1" 200 27
180.152.241.196 - - [26/Sep/2023:09:38:31 +0800] "GET /xingrg/check_reg.html?_=1695692311293 HTTP/1.1" 200 22
180.152.241.196 - - [26/Sep/2023:09:38:31 +0800] "GET /xingrg/all/function/internal_message.html?_=1695692311294&CODE_STATE=getMsg HTTP/1.1" 200 27
116.230.110.33 - - [26/Sep/2023:09:38:32 +0800] "GET /xingrg/all/function/internal_message.html?_=1695692161097&CODE_STATE=getMsg HTTP/1.1" 200 27
124.78.69.58 - - [26/Sep/2023:09:38:33 +0800] "GET /xingrg/all/function/internal_message.html?_=1695691739228&CODE_STATE=getMsg HTTP/1.1" 200 27
180.152.241.196 - - [26/Sep/2023:09:38:33 +0800] "GET /xingrg/kc/buy/cgsh_order_operate.html?command=get_materiel&rest_code=00102&code=00101037251&supplier_code=00100096&order_time=2023-09-26 HTTP/1.1" 200 433
222.69.130.242 - - [26/Sep/2023:09:38:35 +0800] "GET /xingrg/login.html HTTP/1.1" 200 7641
222.69.130.242 - - [26/Sep/2023:09:38:35 +0800] "GET /favicon.ico HTTP/1.1" 404 -
222.69.130.242 - - [26/Sep/2023:09:38:38 +0800] "POST /xingrg/login.do HTTP/1.1" 302 -
222.69.130.242 - - [26/Sep/2023:09:38:38 +0800] "GET /xingrg/index.html?sysBaseUrl=http%3A%2F%2F180.169.147.146%3A18081%2Fxingrg%2F&costTime=821×tamp=1695692318056 HTTP/1.1" 200 17179
222.69.130.242 - - [26/Sep/2023:09:38:38 +0800] "GET /favicon.ico HTTP/1.1" 404 -
58.39.107.39 - - [26/Sep/2023:09:38:38 +0800] "GET /xingrg/javascript/jquery_easy_ui/themes/default/images/tabs_active.png HTTP/1.1" 200 2894
222.69.130.242 - - [26/Sep/2023:09:38:38 +0800] "GET /xingrg/all/function/internal_message.html?_=1695692319363&CODE_STATE=count HTTP/1.1" 200 11
222.69.130.242 - - [26/Sep/2023:09:38:38 +0800] "GET /xingrg/check_reg.html?_=1695692319364 HTTP/1.1" 200 22
222.69.130.242 - - [26/Sep/2023:09:38:38 +0800] "POST /xingrg/all/common/load_tree.html?tree=area_rest_tree_json&manage=1 HTTP/1.1" 200 351
222.69.130.242 - - [26/Sep/2023:09:38:38 +0800] "POST /xingrg/load_menu.html HTTP/1.1" 200 5138
58.40.7.146 - - [26/Sep/2023:09:38:44 +0800] "GET /favicon.ico HTTP/1.1" 404 -
180.165.48.189 - - [26/Sep/2023:09:38:45 +0800] "GET /xingrg/javascript/auto/indicator.gif HTTP/1.1" 404 1066
180.152.241.196 - - [26/Sep/2023:09:38:47 +0800] "GET /xingrg/kc/buy/cgsh_order_operate.html?command=get_materiel&rest_code=00102&code=00101006111&supplier_code=00100096&order_time=2023-09-26 HTTP/1.1" 200 411
114.95.241.104 - - [26/Sep/2023:09:38:51 +0800] "GET /xingrg/all/function/internal_message.html?_=1695692330857&CODE_STATE=getMsg HTTP/1.1" 200 27
114.95.241.104 - - [26/Sep/2023:09:38:51 +0800] "GET /xingrg/check_reg.html?_=1695692330861 HTTP/1.1" 200 22
180.152.241.196 - - [26/Sep/2023:09:38:54 +0800] "GET /xingrg/kc/report/report_main.html HTTP/1.1" 200 7340
180.165.48.189 - - [26/Sep/2023:09:38:55 +0800] "GET /xingrg/kc/buy/cgsh_order_operate.html?command=get_materiel&rest_code=00108&code=00102013003&supplier_code=00100075&order_time=2023-09-26 HTTP/1.1" 200 409
180.152.241.196 - - [26/Sep/2023:09:38:56 +0800] "GET /xingrg/all/report/report_query.html?fileName=kc/buy/gys_amount.xml&rh=99999 HTTP/1.1" 200 52006
180.152.241.196 - - [26/Sep/2023:09:38:56 +0800] "GET /xingrg/dwr/interface/AjaxReportQueryService.js HTTP/1.1" 200 13203
180.152.241.196 - - [26/Sep/2023:09:38:56 +0800] "GET /xingrg/dwr/engine.js HTTP/1.1" 200 43631
180.152.241.196 - - [26/Sep/2023:09:38:56 +0800] "GET /xingrg/dwr/util.js HTTP/1.1" 304 -
101.83.145.37 - - [26/Sep/2023:09:38:56 +0800] "GET /xingrg/all/function/internal_message.html?_=1695692121384&CODE_STATE=getMsg HTTP/1.1" 200 27
180.152.241.196 - - [26/Sep/2023:09:38:57 +0800] "POST /xingrg/dwr/call/plaincall/AjaxReportQueryService.getFixDate.dwr HTTP/1.1" 200 111
180.152.241.196 - - [26/Sep/2023:09:38:57 +0800] "POST /xingrg/dwr/call/plaincall/AjaxReportQueryService.getInitString.dwr HTTP/1.1" 200 1035
180.152.241.196 - - [26/Sep/2023:09:38:57 +0800] "POST /xingrg/all/common/load_tree.html?tree=materiel_sort_tree_json HTTP/1.1" 200 9500
180.152.241.196 - - [26/Sep/2023:09:38:57 +0800] "POST /xingrg/all/common/load_tree.html?tree=supplier_tree_json&manage=1 HTTP/1.1" 200 78115
180.152.241.196 - - [26/Sep/2023:09:38:59 +0800] "GET /xingrg/all/function/internal_message.html?_=1695692342034&CODE_STATE=getMsg HTTP/1.1" 200 27
58.39.107.39 - - [26/Sep/2023:09:39:00 +0800] "GET /xingrg/all/function/internal_message.html?_=1695692340210&CODE_STATE=getMsg HTTP/1.1" 200 27
58.39.107.39 - - [26/Sep/2023:09:39:00 +0800] "GET /xingrg/check_reg.html?_=1695692340290 HTTP/1.1" 200 22
180.152.241.196 - - [26/Sep/2023:09:39:01 +0800] "POST /xingrg/dwr/call/plaincall/AjaxReportQueryService.getFixDate.dwr HTTP/1.1" 200 111
222.70.107.161 - - [26/Sep/2023:09:39:02 +0800] "GET /xingrg/all/function/internal_message.html?_=1695692346109&CODE_STATE=getMsg HTTP/1.1" 302 -
124.77.244.146 - - [26/Sep/2023:09:39:05 +0800] "GET /xingrg/all/function/internal_message.html?_=1695692350667&CODE_STATE=getMsg HTTP/1.1" 200 27
180.169.147.146 - - [26/Sep/2023:09:39:06 +0800] "GET /xingrg/all/function/internal_message.html?_=1695692346723&CODE_STATE=getMsg HTTP/1.1" 200 27
124.78.155.92 - - [26/Sep/2023:09:39:11 +0800] "GET /xingrg/all/function/internal_message.html?_=1695692349997&CODE_STATE=getMsg HTTP/1.1" 200 27
180.163.28.109 - - [26/Sep/2023:09:39:12 +0800] "GET /xingrg/all/function/internal_message.html?_=1695692290028&CODE_STATE=getMsg HTTP/1.1" 302 -
180.163.28.109 - - [26/Sep/2023:09:39:12 +0800] "GET /xingrg/login.html HTTP/1.1" 200 7641
180.152.241.196 - - [26/Sep/2023:09:39:12 +0800] "POST /xingrg/dwr/call/plaincall/AjaxReportQueryService.refreshCache.dwr HTTP/1.1" 200 78
124.77.244.146 - - [26/Sep/2023:09:39:15 +0800] "POST /xingrg/services/DataTransmitService HTTP/1.1" 200 524
124.77.244.146 - - [26/Sep/2023:09:39:16 +0800] "POST /xingrg/services/DataTransmitService HTTP/1.1" 200 2335
180.152.241.196 - - [26/Sep/2023:09:39:17 +0800] "POST /xingrg/all/report/load_report_page.html HTTP/1.1" 200 8920
180.152.241.196 - - [26/Sep/2023:09:39:17 +0800] "GET /xingrg/servlets/image?cache=0.45392024678996246&image=px HTTP/1.1" 200 807
180.152.241.196 - - [26/Sep/2023:09:39:18 +0800] "GET /xingrg/all/report/report_query.html?isQuery=1&fileName=kc/buy/wlcg_cate_hz.xml&queryString=(CONVERT(char(10)%252Ca.order_time%252C%2520120)%253E%253D'2023-08-01')%2520and%2520(CONVERT(char(10)%252Ca.order_time%252C%2520120)%253C%253D'2023-08-15')%2520and%2520(a.supplier_code%2520in%2520('00100038'%252C'00100039'%252C'00100040'%252C'00100041'%252C'00100042'%252C'00100043'%252C'00100044'%252C'00100045'%252C'00100199'%252C'00100203'%252C'00100244'%252C'00100397'%252C'00100400'%252C'00100454'%252C'00100456'%252C'00100475'%252C'00100594'%252C'00100631'))%2520and%2520(a.supplier_code%253D'00100400')&queryText=%25E3%2580%2590%25E9%2587%2587%25E8%25B4%25AD%25E6%2597%25A5%25E6%259C%259F%253A2023-08-01%2520%25E8%2587%25B3%25202023-08-15%25E3%2580%2591%2520%25E5%25B9%25B6%25E4%25B8%2594%2520%2520%25E3%2580%2590%25E4%25BE%259B%25E5%25BA%2594%25E5%2595%2586%2520%253D%2520%25E6%25B2%25B3%25E9%25B2%259C%25E7%25B1%25BB%2520%255B18%255D%252C%25E6%25B2%25B3%25E9%25B2%259C%25EF%25BC%2588%25E6%25B1%25AA%25E5%25BF%2597%25E6%259C%2580%25EF%25BC%2589%252C%25E6%25B2%25B3%25E9%25B2%259C%25EF%25BC%2588%25E7%25A5%2581%25E5%25BE%25B7%25E5%25BC%25BA%25EF%25BC%2589%252C%25E6%25B2%25B3%25E9%25B2%259C%25EF%25BC%2588%25E6%259D%258E%25E8%25B4%25BB%25E5%258D%258E%25EF%25BC%2589%252C%25E6%25B2%25B3%25E9%25B2%259C%25EF%25BC%2588%25E6%259D%259C%25E5%25B3%25B0%25EF%25BC%2589%252C%25E6%25B2%25B3%25E9%25B2%259C%25EF%25BC%2588%25E6%259D%259C%25E9%25BE%259A%25E7%25BA%25A2%25EF%25BC%2589%252C%25E6%25B2%25B3%25E9%25B2%259C%25EF%25BC%2588%25E5%25AD%259F%25E5%25BA%2586%25E6%25BB%25A1%25EF%25BC%2589%252C%25E6%25B2%25B3%25E9%25B2%259C%25EF%25BC%2588%25E6%259D%258E%25E5%2585%2589%25E5%2589%258D%25EF%25BC%2589%252C%25E6%25B2%25B3%25E9%25B2%259C%25EF%25BC%2588%25E5%25BC%25A0%25E7%2591%259E%25E9%25BE%2599%25EF%25BC%2589%252C%25E6%25B2%25B3%25E8%2599%25BE%25EF%25BC%2588%25E6%259D%258E%25E4%25B9%2590%25EF%25BC%2589%252C%25E6%2589%25BF%25E5%25A4%25A7%25E7%2594%259F%25E9%25B2%259C%252C%25E5%25B0%258F%25E9%25BE%2599%25E8%2599%25BE%25EF%25BC%2588%25E7%2581%25AB%25E9%2594%2585%25EF%25BC%2589%252C%25E6%2589%25BF%25E5%25A4%25A7%25E7%2594%259F%25E9%25B2%259C%25EF%25BC%2588%25E6%25B2%25B3%25E9%25B2%259C%25EF%25BC%2589%252C%25E6%25B2%25B3%25E8%2599%25BE%25EF%25BC%2588%25E9%2599%2586%25E6%2595%258F%25EF%25BC%2589%252C%25E6%25B2%25B3%25E9%25B2%259C%25EF%25BC%2588%25E7%258E%258B%25E6%25A0%2591%25E6%259E%2597%25EF%25BC%2589%252C%25E6%25B2%25B3%25E9%25B2%259C%25EF%25BC%2588%25E7%258E%2589%25E6%25A0%2591%25E6%259E%2597%25EF%25BC%2589%252C%25E6%25B2%25B3%25E8%2599%25BE%25EF%25BC%2588%25E4%25B9%2594%25E4%25B9%2583%25E8%2589%25AF%25EF%25BC%2589%252C%25E6%25B2%25B3%25E9%25B2%259C%25EF%25BC%2588%25E5%2594%2590%25E5%25B9%25BF%25E7%2590%25B4%25EF%25BC%2589%252C%25E6%25AD%25A6%25E5%25BE%25B7%25E7%2590%2586(%25E9%25B3%259D%25E4%25B8%259D)%25E3%2580%2591%2520%25E5%25B9%25B6%25E4%25B8%2594%2520%25E3%2580%2590%25E4%25BE%259B%25E5%25BA%2594%25E5%2595%2586%253D%25E6%25B2%25B3%25E8%2599%25BE%25EF%25BC%2588%25E9%2599%2586%25E6%2595%258F%25EF%25BC%2589%25E3%2580%2591 HTTP/1.1" 200 55158
180.152.241.196 - - [26/Sep/2023:09:39:19 +0800] "GET /xingrg/dwr/interface/AjaxReportQueryService.js HTTP/1.1" 200 13203
180.152.241.196 - - [26/Sep/2023:09:39:19 +0800] "GET /xingrg/dwr/engine.js HTTP/1.1" 200 43631
124.77.244.146 - - [26/Sep/2023:09:39:19 +0800] "POST /xingrg/services/DataTransmitService HTTP/1.1" 200 524
124.77.244.146 - - [26/Sep/2023:09:39:20 +0800] "POST /xingrg/services/DataTransmitService HTTP/1.1" 200 412
221.239.166.189 - - [26/Sep/2023:09:39:20 +0800] "GET /xingrg/all/function/internal_message.html?_=1695692360114&CODE_STATE=getMsg HTTP/1.1" 200 27
222.70.180.200 - - [26/Sep/2023:09:39:20 +0800] "GET /xingrg/check_reg.html?_=1695692359838 HTTP/1.1" 200 22
222.70.180.200 - - [26/Sep/2023:09:39:20 +0800] "GET /xingrg/all/function/internal_message.html?_=1695692360000&CODE_STATE=getMsg HTTP/1.1" 200 27
180.152.241.196 - - [26/Sep/2023:09:39:22 +0800] "POST /xingrg/all/report/load_report_page.html HTTP/1.1" 200 8715
180.152.241.196 - - [26/Sep/2023:09:39:22 +0800] "GET /xingrg/servlets/image?cache=0.6032124887551854&image=px HTTP/1.1" 200 807
124.77.244.146 - - [26/Sep/2023:09:39:23 +0800] "GET /xingrg/check_reg.html?_=1695692368036 HTTP/1.1" 200 22
124.77.244.146 - - [26/Sep/2023:09:39:23 +0800] "GET /xingrg/all/function/internal_message.html?_=1695692368468&CODE_STATE=getMsg HTTP/1.1" 200 27
180.165.48.189 - - [26/Sep/2023:09:39:24 +0800] "GET /xingrg/all/function/internal_message.html?_=1695692365028&CODE_STATE=getMsg HTTP/1.1" 200 27
114.95.241.104 - - [26/Sep/2023:09:39:24 +0800] "GET /xingrg/all/function/internal_message.html?_=1695692265834&CODE_STATE=getMsg HTTP/1.1" 200 27
124.79.244.212 - - [26/Sep/2023:09:39:24 +0800] "GET /xingrg/all/function/internal_message.html?_=1695692664016&CODE_STATE=getMsg HTTP/1.1" 200 27
180.152.241.196 - - [26/Sep/2023:09:39:28 +0800] "POST /xingrg/all/report/load_report_page.html HTTP/1.1" 200 36608
180.152.241.196 - - [26/Sep/2023:09:39:28 +0800] "GET /xingrg/servlets/image?cache=0.3058508559320898&image=px HTTP/1.1" 200 807
114.83.220.87 - - [26/Sep/2023:09:39:29 +0800] "GET /xingrg/all/function/internal_message.html?_=1695692369907&CODE_STATE=getMsg HTTP/1.1" 200 27
114.83.220.87 - - [26/Sep/2023:09:39:30 +0800] "GET /xingrg/check_reg.html?_=1695692370320 HTTP/1.1" 200 22
180.152.241.196 - - [26/Sep/2023:09:39:31 +0800] "GET /xingrg/all/function/internal_message.html?_=1695692371294&CODE_STATE=getMsg HTTP/1.1" 200 27
116.230.110.33 - - [26/Sep/2023:09:39:32 +0800] "GET /xingrg/all/function/internal_message.html?_=1695692221093&CODE_STATE=getMsg HTTP/1.1" 200 27
124.78.69.58 - - [26/Sep/2023:09:39:33 +0800] "GET /xingrg/all/function/internal_message.html?_=1695691799228&CODE_STATE=getMsg HTTP/1.1" 200 27
180.152.241.196 - - [26/Sep/2023:09:39:33 +0800] "POST /xingrg/all/report/report_print.html HTTP/1.1" 200 6656
180.152.241.196 - - [26/Sep/2023:09:39:37 +0800] "GET /xingrg/kc/buy/cgsh_order_operate.html?command=get_materiel&rest_code=00102&code=00101006073&supplier_code=00100096&order_time=2023-09-26 HTTP/1.1" 200 411
222.69.130.242 - - [26/Sep/2023:09:39:38 +0800] "GET /xingrg/all/function/internal_message.html?_=1695692379379&CODE_STATE=getMsg HTTP/1.1" 200 27
124.77.244.146 - - [26/Sep/2023:09:39:41 +0800] "POST /xingrg/services/DataTransmitService HTTP/1.1" 200 524
124.77.244.146 - - [26/Sep/2023:09:39:42 +0800] "POST /xingrg/services/DataTransmitService HTTP/1.1" 200 412
124.77.244.146 - - [26/Sep/2023:09:39:42 +0800] "POST /xingrg/services/DataTransmitService HTTP/1.1" 200 524
124.77.244.146 - - [26/Sep/2023:09:39:43 +0800] "POST /xingrg/services/DataTransmitService HTTP/1.1" 200 412
124.77.244.146 - - [26/Sep/2023:09:39:45 +0800] "POST /xingrg/services/DataTransmitService HTTP/1.1" 200 524
124.77.244.146 - - [26/Sep/2023:09:39:46 +0800] "POST /xingrg/services/DataTransmitService HTTP/1.1" 200 412
124.77.244.146 - - [26/Sep/2023:09:39:46 +0800] "POST /xingrg/services/DataTransmitService HTTP/1.1" 200 524
124.77.244.146 - - [26/Sep/2023:09:39:47 +0800] "POST /xingrg/services/DataTransmitService HTTP/1.1" 200 2335
124.77.244.146 - - [26/Sep/2023:09:39:49 +0800] "POST /xingrg/services/DataTransmitService HTTP/1.1" 200 524
180.152.241.196 - - [26/Sep/2023:09:39:49 +0800] "POST /xingrg/dwr/call/plaincall/AjaxReportQueryService.refreshCache.dwr HTTP/1.1" 200 78
124.77.244.146 - - [26/Sep/2023:09:39:50 +0800] "POST /xingrg/services/DataTransmitService HTTP/1.1" 200 2335
114.95.241.104 - - [26/Sep/2023:09:39:51 +0800] "GET /xingrg/all/function/internal_message.html?_=1695692390864&CODE_STATE=getMsg HTTP/1.1" 200 27
124.77.244.146 - - [26/Sep/2023:09:39:51 +0800] "POST /xingrg/services/DataTransmitService HTTP/1.1" 200 524
124.77.244.146 - - [26/Sep/2023:09:39:53 +0800] "POST /xingrg/services/DataTransmitService HTTP/1.1" 200 412
124.77.244.146 - - [26/Sep/2023:09:39:54 +0800] "POST /xingrg/services/DataTransmitService HTTP/1.1" 200 524
180.152.241.196 - - [26/Sep/2023:09:39:55 +0800] "GET /xingrg/kc/buy/cgsh_order_operate.html?command=get_materiel&rest_code=00102&code=00101006075&supplier_code=00100096&order_time=2023-09-26 HTTP/1.1" 200 416
124.77.244.146 - - [26/Sep/2023:09:39:55 +0800] "POST /xingrg/services/DataTransmitService HTTP/1.1" 200 2335
101.83.145.37 - - [26/Sep/2023:09:39:56 +0800] "GET /xingrg/all/function/internal_message.html?_=1695692181384&CODE_STATE=getMsg HTTP/1.1" 200 27
180.152.241.196 - - [26/Sep/2023:09:39:58 +0800] "POST /xingrg/all/report/load_report_page.html HTTP/1.1" 200 8920
180.152.241.196 - - [26/Sep/2023:09:39:58 +0800] "GET /xingrg/servlets/image?cache=0.25168421619900994&image=px HTTP/1.1" 200 807
180.152.241.196 - - [26/Sep/2023:09:39:59 +0800] "GET /xingrg/all/function/internal_message.html?_=1695692402014&CODE_STATE=getMsg HTTP/1.1" 200 27
58.39.107.39 - - [26/Sep/2023:09:39:59 +0800] "GET /xingrg/all/function/internal_message.html?_=1695692400187&CODE_STATE=getMsg HTTP/1.1" 200 27
124.77.244.146 - - [26/Sep/2023:09:40:00 +0800] "POST /xingrg/services/DataTransmitService HTTP/1.1" 200 524
124.77.244.146 - - [26/Sep/2023:09:40:01 +0800] "POST /xingrg/services/DataTransmitService HTTP/1.1" 200 2335
124.77.244.146 - - [26/Sep/2023:09:40:02 +0800] "POST /xingrg/services/DataTransmitService HTTP/1.1" 200 524
222.70.107.161 - - [26/Sep/2023:09:40:02 +0800] "GET /xingrg/all/function/internal_message.html?_=1695692406109&CODE_STATE=getMsg HTTP/1.1" 302 -
124.77.244.146 - - [26/Sep/2023:09:40:03 +0800] "POST /xingrg/services/DataTransmitService HTTP/1.1" 200 2335
124.77.244.146 - - [26/Sep/2023:09:40:05 +0800] "GET /xingrg/all/function/internal_message.html?_=1695692410677&CODE_STATE=getMsg HTTP/1.1" 200 27
180.169.147.146 - - [26/Sep/2023:09:40:06 +0800] "GET /xingrg/all/function/internal_message.html?_=1695692406728&CODE_STATE=getMsg HTTP/1.1" 200 27
124.78.155.92 - - [26/Sep/2023:09:40:11 +0800] "GET /xingrg/all/function/internal_message.html?_=1695692409983&CODE_STATE=getMsg HTTP/1.1" 200 27
124.78.155.92 - - [26/Sep/2023:09:40:11 +0800] "GET /xingrg/check_reg.html?_=1695692410747 HTTP/1.1" 200 22
221.239.166.189 - - [26/Sep/2023:09:40:20 +0800] "GET /xingrg/all/function/internal_message.html?_=1695692420088&CODE_STATE=getMsg HTTP/1.1" 200 27
222.70.180.200 - - [26/Sep/2023:09:40:20 +0800] "GET /xingrg/all/function/internal_message.html?_=1695692419984&CODE_STATE=getMsg HTTP/1.1" 200 27
120.253.135.82 - - [26/Sep/2023:09:40:23 +0800] "GET /xingrg/kc/pszx/mdqp_order_list.html?state=10 HTTP/1.1" 200 10709
124.77.244.146 - - [26/Sep/2023:09:40:23 +0800] "GET /xingrg/all/function/internal_message.html?_=1695692428484&CODE_STATE=getMsg HTTP/1.1" 200 27
120.253.135.82 - - [26/Sep/2023:09:40:23 +0800] "GET /xingrg/dwr/engine.js HTTP/1.1" 200 43631
120.253.135.82 - - [26/Sep/2023:09:40:24 +0800] "GET /xingrg/dwr/interface/AjaxQqpsService.js HTTP/1.1" 200 16326
120.253.135.82 - - [26/Sep/2023:09:40:24 +0800] "GET /xingrg/dwr/interface/AjaxReportQueryService.js HTTP/1.1" 200 13203
180.165.48.189 - - [26/Sep/2023:09:40:24 +0800] "GET /xingrg/all/function/internal_message.html?_=1695692425018&CODE_STATE=getMsg HTTP/1.1" 200 27
114.95.241.104 - - [26/Sep/2023:09:40:24 +0800] "GET /xingrg/all/function/internal_message.html?_=1695692325847&CODE_STATE=getMsg HTTP/1.1" 200 27
124.79.244.212 - - [26/Sep/2023:09:40:24 +0800] "GET /xingrg/all/function/internal_message.html?_=1695692724016&CODE_STATE=getMsg HTTP/1.1" 200 27
124.77.244.146 - - [26/Sep/2023:09:40:25 +0800] "POST /xingrg/services/DataTransmitService HTTP/1.1" 200 524
120.253.135.82 - - [26/Sep/2023:09:40:26 +0800] "GET /xingrg/kc/pszx/mdqp_order_info.html?code=302023092600535 HTTP/1.1" 200 13338
124.77.244.146 - - [26/Sep/2023:09:40:26 +0800] "POST /xingrg/services/DataTransmitService HTTP/1.1" 200 412
120.253.135.82 - - [26/Sep/2023:09:40:26 +0800] "GET /xingrg/dwr/interface/AjaxComOrderService.js HTTP/1.1" 200 18264
120.253.135.82 - - [26/Sep/2023:09:40:26 +0800] "GET /xingrg/dwr/interface/AjaxQqpsService.js HTTP/1.1" 200 16326
120.253.135.82 - - [26/Sep/2023:09:40:26 +0800] "GET /xingrg/javascript/tools/jquery.qtip-1.0.0-rc3.min.js HTTP/1.1" 304 -
120.253.135.82 - - [26/Sep/2023:09:40:26 +0800] "GET /xingrg/javascript/checkform.js HTTP/1.1" 304 -
120.253.135.82 - - [26/Sep/2023:09:40:26 +0800] "GET /xingrg/dwr/engine.js HTTP/1.1" 200 43631
120.253.135.82 - - [26/Sep/2023:09:40:27 +0800] "GET /xingrg/javascript/AjaxInfoList.js HTTP/1.1" 304 -
120.253.135.82 - - [26/Sep/2023:09:40:27 +0800] "GET /xingrg/javascript/ToolTips.js HTTP/1.1" 304 -
120.253.135.82 - - [26/Sep/2023:09:40:27 +0800] "GET /xingrg/javascript/Grid.js HTTP/1.1" 304 -
120.253.135.82 - - [26/Sep/2023:09:40:27 +0800] "GET /xingrg/javascript/jquery_easy_ui/themes/icons/print.png HTTP/1.1" 304 -
120.253.135.82 - - [26/Sep/2023:09:40:27 +0800] "GET /xingrg/javascript/jquery_easy_ui/themes/default/images/menu_downarrow.png HTTP/1.1" 304 -
120.253.135.82 - - [26/Sep/2023:09:40:27 +0800] "GET /xingrg/images/blue/button/kc_tab_edit.gif HTTP/1.1" 304 -
120.253.135.82 - - [26/Sep/2023:09:40:27 +0800] "GET /xingrg/images/blue/kc_tab_right.gif HTTP/1.1" 304 -
120.253.135.82 - - [26/Sep/2023:09:40:27 +0800] "GET /xingrg/images/blue/kc_tab_left.gif HTTP/1.1" 304 -
120.253.135.82 - - [26/Sep/2023:09:40:27 +0800] "GET /xingrg/images/blue/kc_tab_mid.gif HTTP/1.1" 304 -
120.253.135.82 - - [26/Sep/2023:09:40:27 +0800] "GET /xingrg/images/blue/kc_tab2_left.gif HTTP/1.1" 304 -
120.253.135.82 - - [26/Sep/2023:09:40:27 +0800] "GET /xingrg/images/blue/button/kc_tab_save.gif HTTP/1.1" 304 -
120.253.135.82 - - [26/Sep/2023:09:40:27 +0800] "GET /xingrg/images/blue/kc_tab2_right.gif HTTP/1.1" 304 -
120.253.135.82 - - [26/Sep/2023:09:40:27 +0800] "GET /xingrg/images/blue/wait.gif HTTP/1.1" 304 -
120.253.135.82 - - [26/Sep/2023:09:40:27 +0800] "POST /xingrg/dwr/call/plaincall/AjaxQqpsService.loadMaterielItems.dwr HTTP/1.1" 200 336
180.152.241.196 - - [26/Sep/2023:09:40:28 +0800] "GET /xingrg/kc/buy/cgsh_order_operate.html?command=get_materiel&rest_code=00102&code=00101016030&supplier_code=00100096&order_time=2023-09-26 HTTP/1.1" 200 412
114.83.220.87 - - [26/Sep/2023:09:40:29 +0800] "GET /xingrg/all/function/internal_message.html?_=1695692429888&CODE_STATE=getMsg HTTP/1.1" 200 27
180.152.241.196 - - [26/Sep/2023:09:40:31 +0800] "GET /xingrg/all/function/internal_message.html?_=1695692431310&CODE_STATE=getMsg HTTP/1.1" 200 27
120.253.135.82 - - [26/Sep/2023:09:40:31 +0800] "GET /xingrg/javascript/jquery_easy_ui/themes/default/images/button_plain_hover.png HTTP/1.1" 304 -
120.253.135.82 - - [26/Sep/2023:09:40:31 +0800] "GET /xingrg/kc/pszx/mdqp_order_list.html?isBack=1 HTTP/1.1" 302 -
120.253.135.82 - - [26/Sep/2023:09:40:32 +0800] "GET /xingrg/images/yd/bt2.gif HTTP/1.1" 404 1042
120.253.135.82 - - [26/Sep/2023:09:40:32 +0800] "GET /xingrg/images/yd/bt.gif HTTP/1.1" 404 1040
116.230.110.33 - - [26/Sep/2023:09:40:32 +0800] "GET /xingrg/check_reg.html?_=1695692281093 HTTP/1.1" 200 22
116.230.110.33 - - [26/Sep/2023:09:40:32 +0800] "GET /xingrg/all/function/internal_message.html?_=1695692281094&CODE_STATE=getMsg HTTP/1.1" 200 27
120.253.135.82 - - [26/Sep/2023:09:40:32 +0800] "GET /xingrg/kc/pszx/mdqp_order_list.html?state=10 HTTP/1.1" 200 10709
120.253.135.82 - - [26/Sep/2023:09:40:32 +0800] "GET /xingrg/dwr/interface/AjaxQqpsService.js HTTP/1.1" 200 16326
120.253.135.82 - - [26/Sep/2023:09:40:32 +0800] "GET /xingrg/dwr/interface/AjaxReportQueryService.js HTTP/1.1" 200 13203
120.253.135.82 - - [26/Sep/2023:09:40:32 +0800] "GET /xingrg/dwr/engine.js HTTP/1.1" 200 43631
124.78.69.58 - - [26/Sep/2023:09:40:33 +0800] "GET /xingrg/all/function/internal_message.html?_=1695691859226&CODE_STATE=getMsg HTTP/1.1" 200 27
180.157.248.11 - - [26/Sep/2023:09:40:33 +0800] "GET /xingrg/login.html HTTP/1.1" 200 7641
180.157.248.11 - - [26/Sep/2023:09:40:34 +0800] "GET /favicon.ico HTTP/1.1" 404 -
180.157.248.11 - - [26/Sep/2023:09:40:36 +0800] "POST /xingrg/login.do HTTP/1.1" 302 -
180.157.248.11 - - [26/Sep/2023:09:40:36 +0800] "GET /xingrg/index.html?sysBaseUrl=http%3A%2F%2F180.169.147.146%3A18081%2Fxingrg%2F&costTime=1001×tamp=1695692436663 HTTP/1.1" 200 17503
180.157.248.11 - - [26/Sep/2023:09:40:36 +0800] "GET /favicon.ico HTTP/1.1" 404 -
180.157.248.11 - - [26/Sep/2023:09:40:37 +0800] "POST /xingrg/all/common/load_tree.html?tree=area_rest_tree_json&manage=1 HTTP/1.1" 200 3499
101.228.187.155 - - [26/Sep/2023:09:40:37 +0800] "GET /xingrg/login.html HTTP/1.1" 200 7641
180.157.248.11 - - [26/Sep/2023:09:40:37 +0800] "POST /xingrg/load_menu.html HTTP/1.1" 200 11564
101.228.187.155 - - [26/Sep/2023:09:40:37 +0800] "GET /favicon.ico HTTP/1.1" 404 -
101.228.187.155 - - [26/Sep/2023:09:40:38 +0800] "GET /xingrg/images/blue/jxLogo.png HTTP/1.1" 304 -
222.69.130.242 - - [26/Sep/2023:09:40:38 +0800] "GET /xingrg/all/function/internal_message.html?_=1695692439373&CODE_STATE=getMsg HTTP/1.1" 200 27
101.228.187.155 - - [26/Sep/2023:09:40:38 +0800] "GET /xingrg/images/blue/login_bg.png HTTP/1.1" 304 -
101.228.187.155 - - [26/Sep/2023:09:40:38 +0800] "GET /xingrg/images/blue/srbg.png HTTP/1.1" 304 -
101.228.187.155 - - [26/Sep/2023:09:40:38 +0800] "GET /xingrg/images/blue/hj.png HTTP/1.1" 304 -
120.253.135.82 - - [26/Sep/2023:09:40:38 +0800] "GET /xingrg/kc/pszx/jzcl_ps.html HTTP/1.1" 200 7683
120.253.135.82 - - [26/Sep/2023:09:40:38 +0800] "GET /xingrg/css/table.css HTTP/1.1" 304 -
120.253.135.82 - - [26/Sep/2023:09:40:38 +0800] "GET /xingrg/javascript/step/step.css HTTP/1.1" 304 -
120.253.135.82 - - [26/Sep/2023:09:40:38 +0800] "GET /xingrg/javascript/step/images/navCurrentBtn.gif HTTP/1.1" 304 -
120.253.135.82 - - [26/Sep/2023:09:40:38 +0800] "GET /xingrg/javascript/jquery_easy_ui/themes/default/images/button_a_bg.gif HTTP/1.1" 304 -
120.253.135.82 - - [26/Sep/2023:09:40:38 +0800] "GET /xingrg/javascript/jquery_easy_ui/themes/icons/search.png HTTP/1.1" 304 -
120.253.135.82 - - [26/Sep/2023:09:40:38 +0800] "GET /xingrg/javascript/jquery_easy_ui/themes/default/images/button_span_bg.gif HTTP/1.1" 304 -
120.253.135.82 - - [26/Sep/2023:09:40:38 +0800] "GET /xingrg/javascript/jquery_easy_ui/themes/default/images/combo_arrow_dot.gif HTTP/1.1" 304 -
