124.77.244.146 - - [26/Sep/2023:10:13:08 +0800] "POST /xingrg/services/DataTransmitService HTTP/1.1" 200 524
124.77.244.146 - - [26/Sep/2023:10:13:09 +0800] "POST /xingrg/services/DataTransmitService HTTP/1.1" 200 2335
58.39.107.39 - - [26/Sep/2023:10:13:09 +0800] "POST /xingrg/kc/buy/cgsh_order_operate.html HTTP/1.1" 200 37
124.77.244.146 - - [26/Sep/2023:10:13:09 +0800] "POST /xingrg/services/DataTransmitService HTTP/1.1" 200 524
124.78.155.92 - - [26/Sep/2023:10:13:10 +0800] "GET /xingrg/all/function/internal_message.html?_=1695694389209&CODE_STATE=getMsg HTTP/1.1" 200 27
124.77.244.146 - - [26/Sep/2023:10:13:10 +0800] "POST /xingrg/services/DataTransmitService HTTP/1.1" 200 2335
58.39.107.39 - - [26/Sep/2023:10:13:12 +0800] "POST /xingrg/kc/buy/cgsh_order_operate.html HTTP/1.1" 200 5172
101.228.187.155 - - [26/Sep/2023:10:13:12 +0800] "GET /xingrg/all/function/internal_message.html?_=1695694392847&CODE_STATE=getMsg HTTP/1.1" 200 27
101.228.187.155 - - [26/Sep/2023:10:13:12 +0800] "GET /xingrg/check_reg.html?_=1695694392849 HTTP/1.1" 200 22
58.39.107.39 - - [26/Sep/2023:10:13:14 +0800] "GET /xingrg/kc/print/load_data.html?order_code=212023092610664&kc_code=cgsh&condition= HTTP/1.1" 200 1738
222.70.180.200 - - [26/Sep/2023:10:13:15 +0800] "POST /xingrg/all/common/load_combo.html?type=employee HTTP/1.1" 200 362
221.239.166.189 - - [26/Sep/2023:10:13:17 +0800] "GET /xingrg/check_reg.html?_=1695694396761 HTTP/1.1" 200 22
222.70.180.200 - - [26/Sep/2023:10:13:19 +0800] "POST /xingrg/all/common/load_combo.html?type=base&rest_code=00111 HTTP/1.1" 200 3142
222.70.180.200 - - [26/Sep/2023:10:13:20 +0800] "GET /xingrg/all/function/internal_message.html?_=1695694399307&CODE_STATE=getMsg HTTP/1.1" 200 27
221.239.166.189 - - [26/Sep/2023:10:13:20 +0800] "GET /xingrg/all/function/internal_message.html?_=1695694399616&CODE_STATE=getMsg HTTP/1.1" 200 27
58.39.107.39 - - [26/Sep/2023:10:13:20 +0800] "GET /xingrg/kc/buy/cgsh_order_add.html HTTP/1.1" 200 71484
58.39.107.39 - - [26/Sep/2023:10:13:20 +0800] "GET /xingrg/words/20230926094117_words.js HTTP/1.1" 304 -
58.39.107.39 - - [26/Sep/2023:10:13:20 +0800] "POST /xingrg/kc/buy/cgsh_order_operate.html HTTP/1.1" 200 8245
58.39.107.39 - - [26/Sep/2023:10:13:20 +0800] "GET /xingrg/javascript/easyui/themes/default/validatebox.css HTTP/1.1" 404 1104
180.163.29.217 - - [26/Sep/2023:10:13:21 +0800] "GET /xingrg/kc/buy/cgsh_order_operate.html?command=get_materiel&rest_code=00106&code=00101008168&supplier_code=00100007&order_time=2023-09-26 HTTP/1.1" 302 -
180.163.29.217 - - [26/Sep/2023:10:13:21 +0800] "GET /xingrg/login.html HTTP/1.1" 200 7641
180.165.48.189 - - [26/Sep/2023:10:13:23 +0800] "GET /xingrg/all/function/internal_message.html?_=1695694404637&CODE_STATE=getMsg HTTP/1.1" 200 27
124.77.244.146 - - [26/Sep/2023:10:13:24 +0800] "GET /xingrg/all/function/internal_message.html?_=1695694408932&CODE_STATE=getMsg HTTP/1.1" 200 27
114.95.241.104 - - [26/Sep/2023:10:13:24 +0800] "GET /xingrg/check_reg.html?_=1695694305692 HTTP/1.1" 200 22
124.79.244.212 - - [26/Sep/2023:10:13:25 +0800] "GET /xingrg/all/function/internal_message.html?_=1695694704045&CODE_STATE=getMsg HTTP/1.1" 200 27
114.95.241.104 - - [26/Sep/2023:10:13:25 +0800] "GET /xingrg/all/function/internal_message.html?_=1695694306639&CODE_STATE=getMsg HTTP/1.1" 200 27
124.77.244.146 - - [26/Sep/2023:10:13:25 +0800] "POST /xingrg/services/DataTransmitService HTTP/1.1" 200 524
124.77.244.146 - - [26/Sep/2023:10:13:26 +0800] "POST /xingrg/services/DataTransmitService HTTP/1.1" 200 2335
180.152.241.196 - - [26/Sep/2023:10:13:31 +0800] "GET /xingrg/all/function/internal_message.html?_=1695694411036&CODE_STATE=getMsg HTTP/1.1" 200 27
180.152.241.196 - - [26/Sep/2023:10:13:31 +0800] "GET /xingrg/check_reg.html?_=1695694411315 HTTP/1.1" 200 22
116.230.110.33 - - [26/Sep/2023:10:13:32 +0800] "GET /xingrg/all/function/internal_message.html?_=1695694261093&CODE_STATE=getMsg HTTP/1.1" 200 27
124.78.69.58 - - [26/Sep/2023:10:13:33 +0800] "GET /xingrg/all/function/internal_message.html?_=1695693839309&CODE_STATE=getMsg HTTP/1.1" 200 27
124.77.244.146 - - [26/Sep/2023:10:13:33 +0800] "POST /xingrg/services/DataTransmitService HTTP/1.1" 200 524
222.69.130.242 - - [26/Sep/2023:10:13:34 +0800] "GET /xingrg/kc/buy/cgsh_order_operate.html?command=get_materiel&rest_code=00154&code=00101016153&supplier_code=00100466&order_time=2023-09-26 HTTP/1.1" 200 418
124.77.244.146 - - [26/Sep/2023:10:13:34 +0800] "POST /xingrg/services/DataTransmitService HTTP/1.1" 200 412
124.77.244.146 - - [26/Sep/2023:10:13:35 +0800] "POST /xingrg/services/DataTransmitService HTTP/1.1" 200 524
124.77.244.146 - - [26/Sep/2023:10:13:36 +0800] "POST /xingrg/services/DataTransmitService HTTP/1.1" 200 412
124.78.155.92 - - [26/Sep/2023:10:13:37 +0800] "GET /xingrg/kc/buy/cgsh_order_operate.html?command=get_materiel&rest_code=00106&code=00101008072&supplier_code=00100007&order_time=2023-09-26 HTTP/1.1" 200 408
222.69.130.242 - - [26/Sep/2023:10:13:38 +0800] "GET /xingrg/all/function/internal_message.html?_=1695694419373&CODE_STATE=getMsg HTTP/1.1" 200 27
222.69.130.242 - - [26/Sep/2023:10:13:38 +0800] "GET /xingrg/check_reg.html?_=1695694419378 HTTP/1.1" 200 22
124.77.244.146 - - [26/Sep/2023:10:13:38 +0800] "POST /xingrg/services/DataTransmitService HTTP/1.1" 200 524
124.77.244.146 - - [26/Sep/2023:10:13:39 +0800] "POST /xingrg/services/DataTransmitService HTTP/1.1" 200 2335
58.39.107.39 - - [26/Sep/2023:10:13:39 +0800] "GET /xingrg/kc/buy/cgsh_order_operate.html?command=get_materiel&rest_code=00157&code=00101029002&supplier_code=00100585&order_time=2023-09-24 HTTP/1.1" 200 450
124.77.244.146 - - [26/Sep/2023:10:13:42 +0800] "POST /xingrg/services/DataTransmitService HTTP/1.1" 200 524
124.77.244.146 - - [26/Sep/2023:10:13:43 +0800] "POST /xingrg/services/DataTransmitService HTTP/1.1" 200 412
222.70.180.200 - - [26/Sep/2023:10:13:43 +0800] "POST /xingrg/kc/mdqp/pssh_order_operate.html HTTP/1.1" 200 37
124.77.244.146 - - [26/Sep/2023:10:13:44 +0800] "POST /xingrg/services/DataTransmitService HTTP/1.1" 200 524
124.77.244.146 - - [26/Sep/2023:10:13:45 +0800] "POST /xingrg/services/DataTransmitService HTTP/1.1" 200 412
124.77.244.146 - - [26/Sep/2023:10:13:45 +0800] "POST /xingrg/services/DataTransmitService HTTP/1.1" 200 524
222.70.180.200 - - [26/Sep/2023:10:13:46 +0800] "POST /xingrg/kc/mdqp/pssh_order_operate.html HTTP/1.1" 200 12
124.77.244.146 - - [26/Sep/2023:10:13:46 +0800] "POST /xingrg/services/DataTransmitService HTTP/1.1" 200 2335
180.169.147.146 - - [26/Sep/2023:10:13:47 +0800] "GET /xingrg/all/function/internal_message.html?_=1695694425848&CODE_STATE=getMsg HTTP/1.1" 200 27
222.70.180.200 - - [26/Sep/2023:10:13:49 +0800] "GET /xingrg/kc/mdqp/pssh_order_info.html?code=312023092200539 HTTP/1.1" 200 14382
222.70.180.200 - - [26/Sep/2023:10:13:49 +0800] "GET /xingrg/javascript/jquery_tools/jquery-1.4.2.min.js HTTP/1.1" 404 1094
58.39.107.39 - - [26/Sep/2023:10:13:50 +0800] "GET /xingrg/kc/buy/cgsh_order_operate.html?command=get_materiel&rest_code=00157&code=00101029003&supplier_code=00100585&order_time=2023-09-24 HTTP/1.1" 200 474
222.70.180.200 - - [26/Sep/2023:10:13:50 +0800] "GET /xingrg/javascript/easyui/themes/default/validatebox.css HTTP/1.1" 404 1104
222.70.180.200 - - [26/Sep/2023:10:13:50 +0800] "POST /xingrg/kc/mdqp/pssh_order_operate.html HTTP/1.1" 200 523
222.70.180.200 - - [26/Sep/2023:10:13:53 +0800] "GET /xingrg/kc/print/load_config.html?kc_code=pssh HTTP/1.1" 200 2368
222.70.180.200 - - [26/Sep/2023:10:13:54 +0800] "GET /xingrg/kc/print/load_data.html?order_code=312023092200539&kc_code=pssh&condition= HTTP/1.1" 200 638
101.83.145.37 - - [26/Sep/2023:10:13:56 +0800] "GET /xingrg/all/function/internal_message.html?_=1695694221407&CODE_STATE=getMsg HTTP/1.1" 200 27
58.39.107.39 - - [26/Sep/2023:10:13:59 +0800] "GET /xingrg/all/function/internal_message.html?_=1695694439686&CODE_STATE=getMsg HTTP/1.1" 200 27
180.152.241.196 - - [26/Sep/2023:10:13:59 +0800] "GET /xingrg/all/function/internal_message.html?_=1695694442004&CODE_STATE=getMsg HTTP/1.1" 200 27
58.39.107.39 - - [26/Sep/2023:10:14:00 +0800] "GET /xingrg/check_reg.html?_=1695694440188 HTTP/1.1" 200 22
58.39.107.39 - - [26/Sep/2023:10:14:00 +0800] "GET /xingrg/kc/buy/cgsh_order_operate.html?command=get_materiel&rest_code=00157&code=00101029022&supplier_code=00100585&order_time=2023-09-24 HTTP/1.1" 200 470
222.70.107.161 - - [26/Sep/2023:10:14:02 +0800] "GET /xingrg/all/function/internal_message.html?_=1695694446179&CODE_STATE=getMsg HTTP/1.1" 302 -
114.95.241.104 - - [26/Sep/2023:10:14:04 +0800] "GET /xingrg/all/function/internal_message.html?_=1695694444368&CODE_STATE=getMsg HTTP/1.1" 200 27
114.95.241.104 - - [26/Sep/2023:10:14:05 +0800] "GET /xingrg/check_reg.html?_=1695694444715 HTTP/1.1" 200 22
180.169.147.146 - - [26/Sep/2023:10:14:06 +0800] "GET /xingrg/all/function/internal_message.html?_=1695694446734&CODE_STATE=getMsg HTTP/1.1" 200 27
124.77.244.146 - - [26/Sep/2023:10:14:07 +0800] "GET /xingrg/all/function/internal_message.html?_=1695694453329&CODE_STATE=getMsg HTTP/1.1" 200 27
124.78.155.92 - - [26/Sep/2023:10:14:10 +0800] "GET /xingrg/all/function/internal_message.html?_=1695694449182&CODE_STATE=getMsg HTTP/1.1" 200 27
180.163.29.234 - - [26/Sep/2023:10:14:10 +0800] "GET /xingrg/all/function/internal_message.html?_=1695694389209&CODE_STATE=getMsg HTTP/1.1" 302 -
180.163.29.234 - - [26/Sep/2023:10:14:10 +0800] "GET /xingrg/login.html HTTP/1.1" 200 7641
124.77.244.146 - - [26/Sep/2023:10:14:11 +0800] "POST /xingrg/services/DataTransmitService HTTP/1.1" 200 524
222.69.130.242 - - [26/Sep/2023:10:14:12 +0800] "GET /xingrg/kc/buy/cgsh_order_operate.html?command=get_materiel&rest_code=00154&code=00101019629&supplier_code=00100466&order_time=2023-09-26 HTTP/1.1" 200 421
124.77.244.146 - - [26/Sep/2023:10:14:12 +0800] "POST /xingrg/services/DataTransmitService HTTP/1.1" 200 2335
58.39.107.39 - - [26/Sep/2023:10:14:12 +0800] "GET /xingrg/kc/buy/cgsh_order_operate.html?command=get_materiel&rest_code=00157&code=00101029023&supplier_code=00100585&order_time=2023-09-24 HTTP/1.1" 200 476
101.228.187.155 - - [26/Sep/2023:10:14:12 +0800] "GET /xingrg/all/function/internal_message.html?_=1695694452859&CODE_STATE=getMsg HTTP/1.1" 200 27
124.77.244.146 - - [26/Sep/2023:10:14:14 +0800] "POST /xingrg/services/DataTransmitService HTTP/1.1" 200 524
124.77.244.146 - - [26/Sep/2023:10:14:15 +0800] "POST /xingrg/services/DataTransmitService HTTP/1.1" 200 412
124.78.155.92 - - [26/Sep/2023:10:14:16 +0800] "GET /xingrg/kc/buy/cgsh_order_operate.html?command=get_materiel&rest_code=00106&code=00101008155&supplier_code=00100007&order_time=2023-09-26 HTTP/1.1" 200 428
124.77.244.146 - - [26/Sep/2023:10:14:16 +0800] "POST /xingrg/services/DataTransmitService HTTP/1.1" 200 524
124.77.244.146 - - [26/Sep/2023:10:14:17 +0800] "POST /xingrg/services/DataTransmitService HTTP/1.1" 200 412
124.77.244.146 - - [26/Sep/2023:10:14:19 +0800] "POST /xingrg/services/DataTransmitService HTTP/1.1" 200 524
222.70.180.200 - - [26/Sep/2023:10:14:20 +0800] "GET /xingrg/all/function/internal_message.html?_=1695694459295&CODE_STATE=getMsg HTTP/1.1" 200 27
221.239.166.189 - - [26/Sep/2023:10:14:20 +0800] "GET /xingrg/all/function/internal_message.html?_=1695694459601&CODE_STATE=getMsg HTTP/1.1" 200 27
124.77.244.146 - - [26/Sep/2023:10:14:20 +0800] "POST /xingrg/services/DataTransmitService HTTP/1.1" 200 2335
222.70.180.200 - - [26/Sep/2023:10:14:20 +0800] "GET /xingrg/check_reg.html?_=1695694459910 HTTP/1.1" 200 22
124.77.244.146 - - [26/Sep/2023:10:14:21 +0800] "POST /xingrg/services/DataTransmitService HTTP/1.1" 200 524
124.77.244.146 - - [26/Sep/2023:10:14:22 +0800] "POST /xingrg/services/DataTransmitService HTTP/1.1" 200 2335
58.39.107.39 - - [26/Sep/2023:10:14:22 +0800] "GET /xingrg/kc/buy/cgsh_order_operate.html?command=get_materiel&rest_code=00157&code=00101008641&supplier_code=00100585&order_time=2023-09-24 HTTP/1.1" 200 412
124.77.244.146 - - [26/Sep/2023:10:14:23 +0800] "GET /xingrg/check_reg.html?_=1695694468075 HTTP/1.1" 200 22
180.165.48.189 - - [26/Sep/2023:10:14:23 +0800] "GET /xingrg/all/function/internal_message.html?_=1695694464619&CODE_STATE=getMsg HTTP/1.1" 200 27
124.77.244.146 - - [26/Sep/2023:10:14:24 +0800] "POST /xingrg/services/DataTransmitService HTTP/1.1" 200 524
120.253.135.82 - - [26/Sep/2023:10:14:24 +0800] "GET /xingrg/check_reg.html?_=1695694266967 HTTP/1.1" 200 22
124.77.244.146 - - [26/Sep/2023:10:14:24 +0800] "GET /xingrg/all/function/internal_message.html?_=1695694468944&CODE_STATE=getMsg HTTP/1.1" 200 27
124.79.244.212 - - [26/Sep/2023:10:14:25 +0800] "GET /xingrg/all/function/internal_message.html?_=1695694764043&CODE_STATE=getMsg HTTP/1.1" 200 27
124.77.244.146 - - [26/Sep/2023:10:14:25 +0800] "POST /xingrg/services/DataTransmitService HTTP/1.1" 200 2335
114.95.241.104 - - [26/Sep/2023:10:14:25 +0800] "GET /xingrg/all/function/internal_message.html?_=1695694366653&CODE_STATE=getMsg HTTP/1.1" 200 27
124.78.155.92 - - [26/Sep/2023:10:14:26 +0800] "GET /xingrg/kc/buy/cgsh_order_operate.html?command=get_materiel&rest_code=00106&code=00101008354&supplier_code=00100007&order_time=2023-09-26 HTTP/1.1" 200 432
124.77.244.146 - - [26/Sep/2023:10:14:27 +0800] "POST /xingrg/services/DataTransmitService HTTP/1.1" 200 524
124.77.244.146 - - [26/Sep/2023:10:14:28 +0800] "POST /xingrg/services/DataTransmitService HTTP/1.1" 200 412
180.152.241.196 - - [26/Sep/2023:10:14:31 +0800] "GET /xingrg/all/function/internal_message.html?_=1695694471032&CODE_STATE=getMsg HTTP/1.1" 200 27
58.39.107.39 - - [26/Sep/2023:10:14:31 +0800] "GET /xingrg/kc/buy/cgsh_order_operate.html?command=get_materiel&rest_code=00157&code=00101029011&supplier_code=00100585&order_time=2023-09-24 HTTP/1.1" 200 478
116.230.110.33 - - [26/Sep/2023:10:14:32 +0800] "GET /xingrg/all/function/internal_message.html?_=1695694321096&CODE_STATE=getMsg HTTP/1.1" 200 27
124.78.69.58 - - [26/Sep/2023:10:14:33 +0800] "GET /xingrg/all/function/internal_message.html?_=1695693899308&CODE_STATE=getMsg HTTP/1.1" 200 27
124.77.244.146 - - [26/Sep/2023:10:14:33 +0800] "POST /xingrg/services/DataTransmitService HTTP/1.1" 200 524
180.163.30.85 - - [26/Sep/2023:10:14:34 +0800] "GET /xingrg/kc/buy/cgsh_order_operate.html?command=get_materiel&rest_code=00106&code=00101008072&supplier_code=00100007&order_time=2023-09-26 HTTP/1.1" 302 -
180.163.30.85 - - [26/Sep/2023:10:14:34 +0800] "GET /xingrg/login.html HTTP/1.1" 200 7641
124.77.244.146 - - [26/Sep/2023:10:14:34 +0800] "POST /xingrg/services/DataTransmitService HTTP/1.1" 200 412
124.77.244.146 - - [26/Sep/2023:10:14:35 +0800] "POST /xingrg/services/DataTransmitService HTTP/1.1" 200 524
124.77.244.146 - - [26/Sep/2023:10:14:36 +0800] "POST /xingrg/services/DataTransmitService HTTP/1.1" 200 2335
124.77.244.146 - - [26/Sep/2023:10:14:36 +0800] "POST /xingrg/services/DataTransmitService HTTP/1.1" 200 524
124.77.244.146 - - [26/Sep/2023:10:14:37 +0800] "POST /xingrg/services/DataTransmitService HTTP/1.1" 200 2335
124.77.244.146 - - [26/Sep/2023:10:14:37 +0800] "POST /xingrg/services/DataTransmitService HTTP/1.1" 200 524
222.69.130.242 - - [26/Sep/2023:10:14:38 +0800] "GET /xingrg/all/function/internal_message.html?_=1695694479371&CODE_STATE=getMsg HTTP/1.1" 200 27
124.77.244.146 - - [26/Sep/2023:10:14:38 +0800] "POST /xingrg/services/DataTransmitService HTTP/1.1" 200 2335
222.69.130.242 - - [26/Sep/2023:10:14:40 +0800] "GET /xingrg/kc/buy/cgsh_order_operate.html?command=get_materiel&rest_code=00154&code=00101005094&supplier_code=00100466&order_time=2023-09-26 HTTP/1.1" 200 420
124.77.244.146 - - [26/Sep/2023:10:14:40 +0800] "POST /xingrg/services/DataTransmitService HTTP/1.1" 200 524
124.77.244.146 - - [26/Sep/2023:10:14:41 +0800] "POST /xingrg/services/DataTransmitService HTTP/1.1" 200 2335
124.77.244.146 - - [26/Sep/2023:10:14:41 +0800] "POST /xingrg/services/DataTransmitService HTTP/1.1" 200 524
222.70.180.200 - - [26/Sep/2023:10:14:42 +0800] "GET /xingrg/kc/mdqp/pssh_order_list.html?isBack=1 HTTP/1.1" 200 17882
124.77.244.146 - - [26/Sep/2023:10:14:42 +0800] "POST /xingrg/services/DataTransmitService HTTP/1.1" 200 412
222.70.180.200 - - [26/Sep/2023:10:14:43 +0800] "POST /xingrg/kc/mdqp/pssh_list_operate.html HTTP/1.1" 200 5338
124.77.244.146 - - [26/Sep/2023:10:14:44 +0800] "POST /xingrg/services/DataTransmitService HTTP/1.1" 200 524
124.77.244.146 - - [26/Sep/2023:10:14:45 +0800] "POST /xingrg/services/DataTransmitService HTTP/1.1" 200 412
124.77.244.146 - - [26/Sep/2023:10:14:46 +0800] "POST /xingrg/services/DataTransmitService HTTP/1.1" 200 524
124.77.244.146 - - [26/Sep/2023:10:14:47 +0800] "POST /xingrg/services/DataTransmitService HTTP/1.1" 200 412
180.169.147.146 - - [26/Sep/2023:10:14:47 +0800] "GET /xingrg/all/function/internal_message.html?_=1695694485846&CODE_STATE=getMsg HTTP/1.1" 200 27
180.169.147.146 - - [26/Sep/2023:10:14:47 +0800] "GET /xingrg/check_reg.html?_=1695694485847 HTTP/1.1" 200 22
124.77.244.146 - - [26/Sep/2023:10:14:47 +0800] "POST /xingrg/services/DataTransmitService HTTP/1.1" 200 524
124.77.244.146 - - [26/Sep/2023:10:14:48 +0800] "POST /xingrg/services/DataTransmitService HTTP/1.1" 200 2335
222.70.180.200 - - [26/Sep/2023:10:14:49 +0800] "POST /xingrg/kc/mdqp/pssh_list_operate.html HTTP/1.1" 200 258
222.70.180.200 - - [26/Sep/2023:10:14:50 +0800] "GET /xingrg/kc/mdqp/pssh_order_info.html?code=312023092500591 HTTP/1.1" 200 17266
222.70.180.200 - - [26/Sep/2023:10:14:50 +0800] "GET /xingrg/javascript/jquery_tools/jquery-1.4.2.min.js HTTP/1.1" 404 1094
124.78.155.92 - - [26/Sep/2023:10:14:50 +0800] "POST /xingrg/kc/buy/cgsh_order_operate.html HTTP/1.1" 200 2065
222.70.180.200 - - [26/Sep/2023:10:14:50 +0800] "GET /xingrg/javascript/easyui/themes/default/validatebox.css HTTP/1.1" 404 1104
222.70.180.200 - - [26/Sep/2023:10:14:50 +0800] "POST /xingrg/kc/mdqp/pssh_order_operate.html HTTP/1.1" 200 528
222.70.180.200 - - [26/Sep/2023:10:14:55 +0800] "POST /xingrg/all/common/load_combo.html?type=employee HTTP/1.1" 200 362
101.83.145.37 - - [26/Sep/2023:10:14:56 +0800] "GET /xingrg/all/function/internal_message.html?_=1695694281408&CODE_STATE=getMsg HTTP/1.1" 200 27
58.39.107.39 - - [26/Sep/2023:10:14:59 +0800] "GET /xingrg/all/function/internal_message.html?_=1695694499666&CODE_STATE=getMsg HTTP/1.1" 200 27
222.70.180.200 - - [26/Sep/2023:10:14:59 +0800] "POST /xingrg/all/common/load_combo.html?type=base&rest_code=00111 HTTP/1.1" 200 3142
180.152.241.196 - - [26/Sep/2023:10:14:59 +0800] "GET /xingrg/all/function/internal_message.html?_=1695694502006&CODE_STATE=getMsg HTTP/1.1" 200 27
222.70.107.161 - - [26/Sep/2023:10:15:02 +0800] "GET /xingrg/all/function/internal_message.html?_=1695694506178&CODE_STATE=getMsg HTTP/1.1" 302 -
114.95.241.104 - - [26/Sep/2023:10:15:04 +0800] "GET /xingrg/all/function/internal_message.html?_=1695694504342&CODE_STATE=getMsg HTTP/1.1" 200 27
180.169.147.146 - - [26/Sep/2023:10:15:06 +0800] "GET /xingrg/all/function/internal_message.html?_=1695694506727&CODE_STATE=getMsg HTTP/1.1" 200 27
124.77.244.146 - - [26/Sep/2023:10:15:07 +0800] "GET /xingrg/all/function/internal_message.html?_=1695694513337&CODE_STATE=getMsg HTTP/1.1" 200 27
124.78.155.92 - - [26/Sep/2023:10:15:10 +0800] "GET /xingrg/all/function/internal_message.html?_=1695694509164&CODE_STATE=getMsg HTTP/1.1" 200 27
222.70.180.200 - - [26/Sep/2023:10:15:10 +0800] "POST /xingrg/kc/mdqp/pssh_order_operate.html HTTP/1.1" 200 37
124.78.155.92 - - [26/Sep/2023:10:15:11 +0800] "GET /xingrg/check_reg.html?_=1695694510792 HTTP/1.1" 200 22
101.228.187.155 - - [26/Sep/2023:10:15:12 +0800] "GET /xingrg/all/function/internal_message.html?_=1695694512844&CODE_STATE=getMsg HTTP/1.1" 200 27
222.70.180.200 - - [26/Sep/2023:10:15:12 +0800] "POST /xingrg/kc/mdqp/pssh_order_operate.html HTTP/1.1" 200 12
222.70.180.200 - - [26/Sep/2023:10:15:16 +0800] "GET /xingrg/kc/mdqp/pssh_order_info.html?code=312023092500591 HTTP/1.1" 200 14382
222.70.180.200 - - [26/Sep/2023:10:15:16 +0800] "GET /xingrg/javascript/jquery_tools/jquery-1.4.2.min.js HTTP/1.1" 404 1094
222.70.180.200 - - [26/Sep/2023:10:15:16 +0800] "GET /xingrg/javascript/easyui/themes/default/validatebox.css HTTP/1.1" 404 1104
222.70.180.200 - - [26/Sep/2023:10:15:16 +0800] "POST /xingrg/kc/mdqp/pssh_order_operate.html HTTP/1.1" 200 528
222.70.180.200 - - [26/Sep/2023:10:15:20 +0800] "GET /xingrg/all/function/internal_message.html?_=1695694519276&CODE_STATE=getMsg HTTP/1.1" 200 27
221.239.166.189 - - [26/Sep/2023:10:15:20 +0800] "GET /xingrg/all/function/internal_message.html?_=1695694519585&CODE_STATE=getMsg HTTP/1.1" 200 27
180.165.48.189 - - [26/Sep/2023:10:15:23 +0800] "GET /xingrg/all/function/internal_message.html?_=1695694524592&CODE_STATE=getMsg HTTP/1.1" 200 27
222.70.180.200 - - [26/Sep/2023:10:15:23 +0800] "GET /xingrg/kc/print/load_data.html?order_code=312023092500591&kc_code=pssh&condition= HTTP/1.1" 200 648
124.77.244.146 - - [26/Sep/2023:10:15:24 +0800] "GET /xingrg/all/function/internal_message.html?_=1695694528957&CODE_STATE=getMsg HTTP/1.1" 200 27
124.79.244.212 - - [26/Sep/2023:10:15:25 +0800] "GET /xingrg/all/function/internal_message.html?_=1695694824041&CODE_STATE=getMsg HTTP/1.1" 200 27
114.95.241.104 - - [26/Sep/2023:10:15:25 +0800] "GET /xingrg/all/function/internal_message.html?_=1695694426666&CODE_STATE=getMsg HTTP/1.1" 200 27
58.39.107.39 - - [26/Sep/2023:10:15:26 +0800] "GET /xingrg/kc/buy/cgsh_order_operate.html?command=get_materiel&rest_code=00157&code=00101029005&supplier_code=00100585&order_time=2023-09-24 HTTP/1.1" 200 436
180.152.241.196 - - [26/Sep/2023:10:15:31 +0800] "GET /xingrg/all/function/internal_message.html?_=1695694531022&CODE_STATE=getMsg HTTP/1.1" 200 27
116.230.110.33 - - [26/Sep/2023:10:15:32 +0800] "GET /xingrg/check_reg.html?_=1695694381094 HTTP/1.1" 200 22
116.230.110.33 - - [26/Sep/2023:10:15:32 +0800] "GET /xingrg/all/function/internal_message.html?_=1695694381095&CODE_STATE=getMsg HTTP/1.1" 200 27
124.78.69.58 - - [26/Sep/2023:10:15:33 +0800] "GET /xingrg/all/function/internal_message.html?_=1695693959306&CODE_STATE=getMsg HTTP/1.1" 200 27
124.78.69.58 - - [26/Sep/2023:10:15:37 +0800] "GET /xingrg/kc/buy/buy_main.html HTTP/1.1" 200 12412
124.78.69.58 - - [26/Sep/2023:10:15:37 +0800] "GET /xingrg/css/new_ie.css HTTP/1.1" 404 1036
222.69.130.242 - - [26/Sep/2023:10:15:38 +0800] "GET /xingrg/all/function/internal_message.html?_=1695694539385&CODE_STATE=getMsg HTTP/1.1" 200 27
124.78.69.58 - - [26/Sep/2023:10:15:42 +0800] "GET /favicon.ico HTTP/1.1" 404 -
222.70.180.200 - - [26/Sep/2023:10:15:43 +0800] "GET /xingrg/kc/mdqp/pssh_order_list.html?isBack=1 HTTP/1.1" 200 17882
222.70.180.200 - - [26/Sep/2023:10:15:44 +0800] "POST /xingrg/kc/mdqp/pssh_list_operate.html HTTP/1.1" 200 5372
180.169.147.146 - - [26/Sep/2023:10:15:47 +0800] "GET /xingrg/all/function/internal_message.html?_=1695694545849&CODE_STATE=getMsg HTTP/1.1" 200 27
124.78.155.92 - - [26/Sep/2023:10:15:48 +0800] "GET /xingrg/kc/buy/cgsh_order_operate.html?command=get_materiel&rest_code=00106&code=00101008038&supplier_code=00100007&order_time=2023-09-26 HTTP/1.1" 200 412
222.70.180.200 - - [26/Sep/2023:10:15:50 +0800] "POST /xingrg/kc/mdqp/pssh_list_operate.html HTTP/1.1" 200 575
222.70.180.200 - - [26/Sep/2023:10:15:51 +0800] "POST /xingrg/kc/mdqp/pssh_list_operate.html HTTP/1.1" 200 814
222.70.180.200 - - [26/Sep/2023:10:15:51 +0800] "GET /xingrg/kc/mdqp/pssh_order_info.html?code=312023092500599 HTTP/1.1" 200 17266
222.70.180.200 - - [26/Sep/2023:10:15:51 +0800] "GET /xingrg/javascript/jquery_tools/jquery-1.4.2.min.js HTTP/1.1" 404 1094
222.70.180.200 - - [26/Sep/2023:10:15:51 +0800] "GET /xingrg/javascript/easyui/themes/default/validatebox.css HTTP/1.1" 404 1104
222.70.180.200 - - [26/Sep/2023:10:15:51 +0800] "POST /xingrg/kc/mdqp/pssh_order_operate.html HTTP/1.1" 200 2118
101.83.145.37 - - [26/Sep/2023:10:15:56 +0800] "GET /xingrg/all/function/internal_message.html?_=1695694341408&CODE_STATE=getMsg HTTP/1.1" 200 27
58.39.107.39 - - [26/Sep/2023:10:15:59 +0800] "GET /xingrg/all/function/internal_message.html?_=1695694559663&CODE_STATE=getMsg HTTP/1.1" 200 27
180.152.241.196 - - [26/Sep/2023:10:15:59 +0800] "GET /xingrg/all/function/internal_message.html?_=1695694562012&CODE_STATE=getMsg HTTP/1.1" 200 27
124.78.69.58 - - [26/Sep/2023:10:16:02 +0800] "GET /xingrg/images/yd/bt.gif HTTP/1.1" 404 1040
222.70.107.161 - - [26/Sep/2023:10:16:02 +0800] "GET /xingrg/all/function/internal_message.html?_=1695694566178&CODE_STATE=getMsg HTTP/1.1" 302 -
222.70.107.161 - - [26/Sep/2023:10:16:02 +0800] "GET /xingrg/check_reg.html?_=1695694566180 HTTP/1.1" 302 -
114.95.241.104 - - [26/Sep/2023:10:16:04 +0800] "GET /xingrg/all/function/internal_message.html?_=1695694564312&CODE_STATE=getMsg HTTP/1.1" 200 27
124.78.69.58 - - [26/Sep/2023:10:16:05 +0800] "GET /xingrg/kc/buy/cgsh_order_list.html HTTP/1.1" 200 56585
180.169.147.146 - - [26/Sep/2023:10:16:06 +0800] "GET /xingrg/all/function/internal_message.html?_=1695694566728&CODE_STATE=getMsg HTTP/1.1" 200 27
180.169.147.146 - - [26/Sep/2023:10:16:06 +0800] "GET /xingrg/check_reg.html?_=1695694566733 HTTP/1.1" 200 22
124.78.69.58 - - [26/Sep/2023:10:16:07 +0800] "POST /xingrg/kc/buy/cgsh_list_operate.html HTTP/1.1" 200 986
124.77.244.146 - - [26/Sep/2023:10:16:07 +0800] "GET /xingrg/all/function/internal_message.html?_=1695694573498&CODE_STATE=getMsg HTTP/1.1" 200 27
124.78.155.92 - - [26/Sep/2023:10:16:10 +0800] "GET /xingrg/all/function/internal_message.html?_=1695694569140&CODE_STATE=getMsg HTTP/1.1" 200 27
180.163.30.85 - - [26/Sep/2023:10:16:10 +0800] "GET /xingrg/all/function/internal_message.html?_=1695694509164&CODE_STATE=getMsg HTTP/1.1" 302 -
180.163.30.85 - - [26/Sep/2023:10:16:10 +0800] "GET /xingrg/login.html HTTP/1.1" 200 7641
101.228.187.155 - - [26/Sep/2023:10:16:12 +0800] "GET /xingrg/all/function/internal_message.html?_=1695694572844&CODE_STATE=getMsg HTTP/1.1" 200 27
124.78.69.58 - - [26/Sep/2023:10:16:14 +0800] "GET /xingrg/kc/buy/cgsh_order_add.html HTTP/1.1" 200 72361
124.78.69.58 - - [26/Sep/2023:10:16:14 +0800] "GET /xingrg/words/20230926094117_words.js HTTP/1.1" 200 989854
124.78.69.58 - - [26/Sep/2023:10:16:15 +0800] "POST /xingrg/kc/buy/cgsh_order_operate.html HTTP/1.1" 200 8245
124.78.69.58 - - [26/Sep/2023:10:16:15 +0800] "GET /xingrg/javascript/easyui/themes/default/validatebox.css HTTP/1.1" 404 1104
124.78.69.58 - - [26/Sep/2023:10:16:15 +0800] "GET /xingrg/all/common/auto_word.html?type=employee&rest_code=00141 HTTP/1.1" 200 201
124.78.69.58 - - [26/Sep/2023:10:16:15 +0800] "GET /xingrg/all/common/auto_word.html?type=employee&rest_code=00141 HTTP/1.1" 200 201
124.78.69.58 - - [26/Sep/2023:10:16:16 +0800] "GET /xingrg/javascript/auto/indicator.gif HTTP/1.1" 404 1066
124.78.155.92 - - [26/Sep/2023:10:16:16 +0800] "GET /xingrg/kc/buy/cgsh_order_operate.html?command=get_materiel&rest_code=00106&code=00101008355&supplier_code=00100007&order_time=2023-09-26 HTTP/1.1" 200 429
180.165.48.189 - - [26/Sep/2023:10:16:17 +0800] "GET /xingrg/check_reg.html?_=1695694578509 HTTP/1.1" 200 22
221.239.166.189 - - [26/Sep/2023:10:16:20 +0800] "GET /xingrg/all/function/internal_message.html?_=1695694579573&CODE_STATE=getMsg HTTP/1.1" 200 27
222.70.180.200 - - [26/Sep/2023:10:16:22 +0800] "POST /xingrg/all/common/load_combo.html?type=employee HTTP/1.1" 200 362
180.165.48.189 - - [26/Sep/2023:10:16:23 +0800] "GET /xingrg/all/function/internal_message.html?_=1695694584585&CODE_STATE=getMsg HTTP/1.1" 200 27
124.77.244.146 - - [26/Sep/2023:10:16:24 +0800] "GET /xingrg/all/function/internal_message.html?_=1695694588972&CODE_STATE=getMsg HTTP/1.1" 200 27
124.79.244.212 - - [26/Sep/2023:10:16:25 +0800] "GET /xingrg/all/function/internal_message.html?_=1695694884039&CODE_STATE=getMsg HTTP/1.1" 200 27
124.79.244.212 - - [26/Sep/2023:10:16:25 +0800] "GET /xingrg/check_reg.html?_=1695694884040 HTTP/1.1" 200 22
114.95.241.104 - - [26/Sep/2023:10:16:25 +0800] "GET /xingrg/all/function/internal_message.html?_=1695694486723&CODE_STATE=getMsg HTTP/1.1" 200 27
124.78.69.58 - - [26/Sep/2023:10:16:26 +0800] "GET /xingrg/javascript/jquery_tools/images/next.gif HTTP/1.1" 404 1086
124.78.69.58 - - [26/Sep/2023:10:16:26 +0800] "GET /xingrg/javascript/jquery_tools/images/prev.gif HTTP/1.1" 404 1086
222.70.180.200 - - [26/Sep/2023:10:16:26 +0800] "POST /xingrg/all/common/load_combo.html?type=base&rest_code=00111 HTTP/1.1" 200 3142
58.39.107.39 - - [26/Sep/2023:10:16:27 +0800] "GET /xingrg/kc/buy/cgsh_order_operate.html?command=get_materiel&rest_code=00157&code=00101029009&supplier_code=00100585&order_time=2023-09-24 HTTP/1.1" 200 478
124.78.155.92 - - [26/Sep/2023:10:16:29 +0800] "GET /xingrg/kc/buy/cgsh_order_operate.html?command=get_materiel&rest_code=00106&code=00101008004&supplier_code=00100007&order_time=2023-09-26 HTTP/1.1" 200 437
180.152.241.196 - - [26/Sep/2023:10:16:31 +0800] "GET /xingrg/all/function/internal_message.html?_=1695694590999&CODE_STATE=getMsg HTTP/1.1" 200 27
116.230.110.33 - - [26/Sep/2023:10:16:32 +0800] "GET /xingrg/all/function/internal_message.html?_=1695694441091&CODE_STATE=getMsg HTTP/1.1" 200 27
124.78.69.58 - - [26/Sep/2023:10:16:33 +0800] "GET /xingrg/all/function/internal_message.html?_=1695694019353&CODE_STATE=getMsg HTTP/1.1" 200 27
124.78.69.58 - - [26/Sep/2023:10:16:33 +0800] "GET /xingrg/check_reg.html?_=1695694019354 HTTP/1.1" 200 22
124.77.244.146 - - [26/Sep/2023:10:16:34 +0800] "GET /xingrg/check_reg.html?_=1695694599860 HTTP/1.1" 200 22
222.69.130.242 - - [26/Sep/2023:10:16:38 +0800] "GET /xingrg/all/function/internal_message.html?_=1695694599380&CODE_STATE=getMsg HTTP/1.1" 200 27
58.39.107.39 - - [26/Sep/2023:10:16:42 +0800] "POST /xingrg/kc/buy/cgsh_order_operate.html HTTP/1.1" 200 37
180.163.30.100 - - [26/Sep/2023:10:16:44 +0800] "GET /xingrg/kc/buy/cgsh_order_operate.html?command=get_materiel&rest_code=00106&code=00101008038&supplier_code=00100007&order_time=2023-09-26 HTTP/1.1" 302 -
180.163.30.100 - - [26/Sep/2023:10:16:44 +0800] "GET /xingrg/login.html HTTP/1.1" 200 7641
58.39.107.39 - - [26/Sep/2023:10:16:45 +0800] "POST /xingrg/kc/buy/cgsh_order_operate.html HTTP/1.1" 200 6444
124.78.69.58 - - [26/Sep/2023:10:16:46 +0800] "GET /xingrg/kc/buy/cgsh_order_operate.html?command=get_materiel&rest_code=00141&code=00102013003&supplier_code=00100075&order_time=2023-09-26 HTTP/1.1" 200 409
180.169.147.146 - - [26/Sep/2023:10:16:47 +0800] "GET /xingrg/all/function/internal_message.html?_=1695694605848&CODE_STATE=getMsg HTTP/1.1" 200 27
222.70.180.200 - - [26/Sep/2023:10:16:48 +0800] "POST /xingrg/kc/mdqp/pssh_order_operate.html HTTP/1.1" 200 37
58.39.107.39 - - [26/Sep/2023:10:16:50 +0800] "GET /xingrg/kc/print/load_data.html?order_code=212023092610665&kc_code=cgsh&condition= HTTP/1.1" 200 2268
222.70.180.200 - - [26/Sep/2023:10:16:53 +0800] "POST /xingrg/kc/mdqp/pssh_order_operate.html HTTP/1.1" 200 12
222.70.180.200 - - [26/Sep/2023:10:16:55 +0800] "GET /xingrg/kc/mdqp/pssh_order_info.html?code=312023092500599 HTTP/1.1" 200 14382
222.70.180.200 - - [26/Sep/2023:10:16:55 +0800] "GET /xingrg/javascript/jquery_tools/jquery-1.4.2.min.js HTTP/1.1" 404 1094
222.70.180.200 - - [26/Sep/2023:10:16:56 +0800] "GET /xingrg/javascript/easyui/themes/default/validatebox.css HTTP/1.1" 404 1104
222.70.180.200 - - [26/Sep/2023:10:16:56 +0800] "POST /xingrg/kc/mdqp/pssh_order_operate.html HTTP/1.1" 200 2118
101.83.145.37 - - [26/Sep/2023:10:16:56 +0800] "GET /xingrg/all/function/internal_message.html?_=1695694401408&CODE_STATE=getMsg HTTP/1.1" 200 27
222.70.180.200 - - [26/Sep/2023:10:16:58 +0800] "GET /xingrg/kc/print/load_data.html?order_code=312023092500599&kc_code=pssh&condition= HTTP/1.1" 200 1222
58.39.107.39 - - [26/Sep/2023:10:16:59 +0800] "GET /xingrg/all/function/internal_message.html?_=1695694619644&CODE_STATE=getMsg HTTP/1.1" 200 27
180.152.241.196 - - [26/Sep/2023:10:16:59 +0800] "GET /xingrg/all/function/internal_message.html?_=1695694622012&CODE_STATE=getMsg HTTP/1.1" 200 27
222.70.107.161 - - [26/Sep/2023:10:17:02 +0800] "GET /xingrg/all/function/internal_message.html?_=1695694626179&CODE_STATE=getMsg HTTP/1.1" 302 -
114.95.241.104 - - [26/Sep/2023:10:17:04 +0800] "GET /xingrg/all/function/internal_message.html?_=1695694624292&CODE_STATE=getMsg HTTP/1.1" 200 27
180.169.147.146 - - [26/Sep/2023:10:17:06 +0800] "GET /xingrg/all/function/internal_message.html?_=1695694626733&CODE_STATE=getMsg HTTP/1.1" 200 27
124.77.244.146 - - [26/Sep/2023:10:17:07 +0800] "GET /xingrg/all/function/internal_message.html?_=1695694633505&CODE_STATE=getMsg HTTP/1.1" 200 27
124.78.155.92 - - [26/Sep/2023:10:17:10 +0800] "GET /xingrg/all/function/internal_message.html?_=1695694629116&CODE_STATE=getMsg HTTP/1.1" 200 27
101.228.187.155 - - [26/Sep/2023:10:17:12 +0800] "GET /xingrg/all/function/internal_message.html?_=1695694632844&CODE_STATE=getMsg HTTP/1.1" 200 27
221.239.166.189 - - [26/Sep/2023:10:17:20 +0800] "GET /xingrg/all/function/internal_message.html?_=1695694639557&CODE_STATE=getMsg HTTP/1.1" 200 27
222.70.180.200 - - [26/Sep/2023:10:17:20 +0800] "GET /xingrg/all/function/internal_message.html?_=1695694639283&CODE_STATE=getMsg HTTP/1.1" 200 27
180.165.48.189 - - [26/Sep/2023:10:17:23 +0800] "GET /xingrg/all/function/internal_message.html?_=1695694644561&CODE_STATE=getMsg HTTP/1.1" 200 27
124.77.244.146 - - [26/Sep/2023:10:17:24 +0800] "GET /xingrg/all/function/internal_message.html?_=1695694648989&CODE_STATE=getMsg HTTP/1.1" 200 27
124.79.244.212 - - [26/Sep/2023:10:17:25 +0800] "GET /xingrg/all/function/internal_message.html?_=1695694944039&CODE_STATE=getMsg HTTP/1.1" 200 27
114.95.241.104 - - [26/Sep/2023:10:17:25 +0800] "GET /xingrg/all/function/internal_message.html?_=1695694546724&CODE_STATE=getMsg HTTP/1.1" 200 27
222.70.180.200 - - [26/Sep/2023:10:17:26 +0800] "GET /xingrg/kc/mdqp/pssh_order_list.html?isBack=1 HTTP/1.1" 200 17882
222.70.180.200 - - [26/Sep/2023:10:17:27 +0800] "POST /xingrg/kc/mdqp/pssh_list_operate.html HTTP/1.1" 200 5406
124.78.155.92 - - [26/Sep/2023:10:17:28 +0800] "GET /xingrg/kc/buy/cgsh_order_operate.html?command=get_materiel&rest_code=00106&code=00101008264&supplier_code=00100007&order_time=2023-09-26 HTTP/1.1" 200 432
180.152.241.196 - - [26/Sep/2023:10:17:31 +0800] "GET /xingrg/all/function/internal_message.html?_=1695694650973&CODE_STATE=getMsg HTTP/1.1" 200 27
116.230.110.33 - - [26/Sep/2023:10:17:32 +0800] "GET /xingrg/all/function/internal_message.html?_=1695694501095&CODE_STATE=getMsg HTTP/1.1" 200 27
222.70.180.200 - - [26/Sep/2023:10:17:33 +0800] "POST /xingrg/kc/mdqp/pssh_list_operate.html HTTP/1.1" 200 255
124.78.69.58 - - [26/Sep/2023:10:17:33 +0800] "GET /xingrg/all/function/internal_message.html?_=1695694079323&CODE_STATE=getMsg HTTP/1.1" 200 27
124.78.69.58 - - [26/Sep/2023:10:17:33 +0800] "GET /xingrg/kc/buy/cgsh_order_operate.html?command=get_materiel&rest_code=00141&code=00102016360&supplier_code=00100075&order_time=2023-09-26 HTTP/1.1" 200 413
222.70.180.200 - - [26/Sep/2023:10:17:34 +0800] "POST /xingrg/kc/mdqp/pssh_list_operate.html HTTP/1.1" 200 814
222.70.180.200 - - [26/Sep/2023:10:17:34 +0800] "GET /xingrg/kc/mdqp/pssh_order_info.html?code=312023092200539 HTTP/1.1" 200 14382
222.70.180.200 - - [26/Sep/2023:10:17:34 +0800] "GET /xingrg/javascript/jquery_tools/jquery-1.4.2.min.js HTTP/1.1" 404 1094
222.70.180.200 - - [26/Sep/2023:10:17:34 +0800] "GET /xingrg/javascript/easyui/themes/default/validatebox.css HTTP/1.1" 404 1104
222.70.180.200 - - [26/Sep/2023:10:17:34 +0800] "POST /xingrg/kc/mdqp/pssh_order_operate.html HTTP/1.1" 200 523
222.70.180.200 - - [26/Sep/2023:10:17:37 +0800] "GET /xingrg/kc/mdqp/pssh_order_list.html?isBack=1 HTTP/1.1" 200 17882
222.70.180.200 - - [26/Sep/2023:10:17:37 +0800] "POST /xingrg/kc/mdqp/pssh_list_operate.html HTTP/1.1" 200 5406
222.69.130.242 - - [26/Sep/2023:10:17:38 +0800] "GET /xingrg/all/function/internal_message.html?_=1695694659385&CODE_STATE=getMsg HTTP/1.1" 200 27
222.70.180.200 - - [26/Sep/2023:10:17:41 +0800] "POST /xingrg/kc/mdqp/pssh_list_operate.html HTTP/1.1" 200 795
120.253.135.82 - - [26/Sep/2023:10:17:44 +0800] "GET /xingrg/kc/pszx/mdqp_order_list.html?state=10 HTTP/1.1" 200 10275
120.253.135.82 - - [26/Sep/2023:10:17:44 +0800] "GET /xingrg/dwr/interface/AjaxQqpsService.js HTTP/1.1" 200 16326
120.253.135.82 - - [26/Sep/2023:10:17:44 +0800] "GET /xingrg/dwr/interface/AjaxReportQueryService.js HTTP/1.1" 200 13203
120.253.135.82 - - [26/Sep/2023:10:17:44 +0800] "GET /xingrg/dwr/engine.js HTTP/1.1" 200 43631
180.169.147.146 - - [26/Sep/2023:10:17:47 +0800] "GET /xingrg/all/function/internal_message.html?_=1695694665846&CODE_STATE=getMsg HTTP/1.1" 200 27
222.70.180.200 - - [26/Sep/2023:10:17:47 +0800] "POST /xingrg/kc/mdqp/pssh_list_operate.html HTTP/1.1" 200 814
222.70.180.200 - - [26/Sep/2023:10:17:48 +0800] "GET /xingrg/kc/mdqp/pssh_order_info.html?code=312023092500590 HTTP/1.1" 200 17297
222.70.180.200 - - [26/Sep/2023:10:17:48 +0800] "GET /xingrg/javascript/jquery_tools/jquery-1.4.2.min.js HTTP/1.1" 404 1094
222.70.180.200 - - [26/Sep/2023:10:17:48 +0800] "GET /xingrg/javascript/easyui/themes/default/validatebox.css HTTP/1.1" 404 1104
222.70.180.200 - - [26/Sep/2023:10:17:48 +0800] "POST /xingrg/kc/mdqp/pssh_order_operate.html HTTP/1.1" 200 20328
124.78.155.92 - - [26/Sep/2023:10:17:55 +0800] "POST /xingrg/kc/buy/cgsh_order_operate.html HTTP/1.1" 200 2065
101.83.145.37 - - [26/Sep/2023:10:17:56 +0800] "GET /xingrg/check_reg.html?_=1695694461409 HTTP/1.1" 200 22
124.78.69.58 - - [26/Sep/2023:10:17:56 +0800] "GET /xingrg/kc/buy/cgsh_order_operate.html?command=get_materiel&rest_code=00141&code=00102013085&supplier_code=00100075&order_time=2023-09-26 HTTP/1.1" 200 403
101.83.145.37 - - [26/Sep/2023:10:17:56 +0800] "GET /xingrg/all/function/internal_message.html?_=1695694461412&CODE_STATE=getMsg HTTP/1.1" 200 27
222.70.180.200 - - [26/Sep/2023:10:17:56 +0800] "POST /xingrg/all/common/load_combo.html?type=employee HTTP/1.1" 200 362
120.253.135.82 - - [26/Sep/2023:10:17:57 +0800] "GET /xingrg/kc/pszx/mdqp_order_list.html?state=10 HTTP/1.1" 200 10275
120.253.135.82 - - [26/Sep/2023:10:17:57 +0800] "GET /xingrg/dwr/interface/AjaxQqpsService.js HTTP/1.1" 200 16326
120.253.135.82 - - [26/Sep/2023:10:17:57 +0800] "GET /xingrg/dwr/interface/AjaxReportQueryService.js HTTP/1.1" 200 13203
120.253.135.82 - - [26/Sep/2023:10:17:57 +0800] "GET /xingrg/dwr/engine.js HTTP/1.1" 200 43631
58.39.107.39 - - [26/Sep/2023:10:17:59 +0800] "GET /xingrg/all/function/internal_message.html?_=1695694679626&CODE_STATE=getMsg HTTP/1.1" 200 27
180.152.241.196 - - [26/Sep/2023:10:17:59 +0800] "GET /xingrg/check_reg.html?_=1695694682016 HTTP/1.1" 200 22
180.152.241.196 - - [26/Sep/2023:10:17:59 +0800] "GET /xingrg/all/function/internal_message.html?_=1695694682018&CODE_STATE=getMsg HTTP/1.1" 200 27
222.70.107.161 - - [26/Sep/2023:10:18:02 +0800] "GET /xingrg/all/function/internal_message.html?_=1695694686179&CODE_STATE=getMsg HTTP/1.1" 302 -
114.95.241.104 - - [26/Sep/2023:10:18:04 +0800] "GET /xingrg/all/function/internal_message.html?_=1695694684279&CODE_STATE=getMsg HTTP/1.1" 200 27
222.70.180.200 - - [26/Sep/2023:10:18:05 +0800] "POST /xingrg/kc/mdqp/pssh_order_operate.html HTTP/1.1" 200 37
124.77.244.146 - - [26/Sep/2023:10:18:06 +0800] "POST /xingrg/services/DataTransmitService HTTP/1.1" 200 524
180.169.147.146 - - [26/Sep/2023:10:18:06 +0800] "GET /xingrg/all/function/internal_message.html?_=1695694686731&CODE_STATE=getMsg HTTP/1.1" 200 27
124.77.244.146 - - [26/Sep/2023:10:18:07 +0800] "POST /xingrg/services/DataTransmitService HTTP/1.1" 200 412
124.77.244.146 - - [26/Sep/2023:10:18:07 +0800] "GET /xingrg/all/function/internal_message.html?_=1695694693519&CODE_STATE=getMsg HTTP/1.1" 200 27
124.77.244.146 - - [26/Sep/2023:10:18:08 +0800] "POST /xingrg/services/DataTransmitService HTTP/1.1" 200 524
124.78.155.92 - - [26/Sep/2023:10:18:10 +0800] "GET /xingrg/all/function/internal_message.html?_=1695694689086&CODE_STATE=getMsg HTTP/1.1" 200 27
124.77.244.146 - - [26/Sep/2023:10:18:10 +0800] "POST /xingrg/services/DataTransmitService HTTP/1.1" 200 412
124.77.244.146 - - [26/Sep/2023:10:18:10 +0800] "POST /xingrg/services/DataTransmitService HTTP/1.1" 200 524
124.77.244.146 - - [26/Sep/2023:10:18:11 +0800] "POST /xingrg/services/DataTransmitService HTTP/1.1" 200 2335
101.228.187.155 - - [26/Sep/2023:10:18:12 +0800] "GET /xingrg/all/function/internal_message.html?_=1695694692860&CODE_STATE=getMsg HTTP/1.1" 200 27
101.228.187.155 - - [26/Sep/2023:10:18:12 +0800] "GET /xingrg/check_reg.html?_=1695694692864 HTTP/1.1" 200 22
58.39.107.39 - - [26/Sep/2023:10:18:13 +0800] "POST /xingrg/kc/buy/cgsh_list_operate.html HTTP/1.1" 200 2311
222.70.180.200 - - [26/Sep/2023:10:18:13 +0800] "POST /xingrg/kc/mdqp/pssh_order_operate.html HTTP/1.1" 200 12
124.77.244.146 - - [26/Sep/2023:10:18:13 +0800] "POST /xingrg/services/DataTransmitService HTTP/1.1" 200 524
124.77.244.146 - - [26/Sep/2023:10:18:14 +0800] "POST /xingrg/services/DataTransmitService HTTP/1.1" 200 2335
222.70.180.200 - - [26/Sep/2023:10:18:17 +0800] "GET /xingrg/kc/mdqp/pssh_order_info.html?code=312023092500590 HTTP/1.1" 200 14382
222.70.180.200 - - [26/Sep/2023:10:18:17 +0800] "GET /xingrg/javascript/jquery_tools/jquery-1.4.2.min.js HTTP/1.1" 404 1094
221.239.166.189 - - [26/Sep/2023:10:18:17 +0800] "GET /xingrg/check_reg.html?_=1695694696754 HTTP/1.1" 200 22
222.70.180.200 - - [26/Sep/2023:10:18:17 +0800] "GET /xingrg/javascript/easyui/themes/default/validatebox.css HTTP/1.1" 404 1104
222.70.180.200 - - [26/Sep/2023:10:18:17 +0800] "POST /xingrg/kc/mdqp/pssh_order_operate.html HTTP/1.1" 200 20328
124.77.244.146 - - [26/Sep/2023:10:18:17 +0800] "POST /xingrg/services/DataTransmitService HTTP/1.1" 200 524
124.77.244.146 - - [26/Sep/2023:10:18:19 +0800] "POST /xingrg/services/DataTransmitService HTTP/1.1" 200 2335
124.77.244.146 - - [26/Sep/2023:10:18:19 +0800] "POST /xingrg/services/DataTransmitService HTTP/1.1" 200 524
221.239.166.189 - - [26/Sep/2023:10:18:20 +0800] "GET /xingrg/all/function/internal_message.html?_=1695694699532&CODE_STATE=getMsg HTTP/1.1" 200 27
222.70.180.200 - - [26/Sep/2023:10:18:20 +0800] "GET /xingrg/all/function/internal_message.html?_=1695694699262&CODE_STATE=getMsg HTTP/1.1" 200 27
124.77.244.146 - - [26/Sep/2023:10:18:20 +0800] "POST /xingrg/services/DataTransmitService HTTP/1.1" 200 412
124.77.244.146 - - [26/Sep/2023:10:18:21 +0800] "POST /xingrg/services/DataTransmitService HTTP/1.1" 200 524
124.77.244.146 - - [26/Sep/2023:10:18:22 +0800] "POST /xingrg/services/DataTransmitService HTTP/1.1" 200 412
124.78.69.58 - - [26/Sep/2023:10:18:22 +0800] "GET /xingrg/kc/buy/cgsh_order_operate.html?command=get_materiel&rest_code=00141&code=00102001071&supplier_code=00100075&order_time=2023-09-26 HTTP/1.1" 200 413
124.77.244.146 - - [26/Sep/2023:10:18:23 +0800] "POST /xingrg/services/DataTransmitService HTTP/1.1" 200 524
222.70.180.200 - - [26/Sep/2023:10:18:23 +0800] "GET /xingrg/kc/print/load_data.html?order_code=312023092500590&kc_code=pssh&condition= HTTP/1.1" 200 7630
180.165.48.189 - - [26/Sep/2023:10:18:23 +0800] "GET /xingrg/all/function/internal_message.html?_=1695694704543&CODE_STATE=getMsg HTTP/1.1" 200 27
222.69.130.242 - - [26/Sep/2023:10:18:24 +0800] "GET /xingrg/kc/buy/cgsh_order_operate.html?command=get_materiel&rest_code=00154&code=00101008084&supplier_code=00100466&order_time=2023-09-26 HTTP/1.1" 200 414
124.77.244.146 - - [26/Sep/2023:10:18:24 +0800] "POST /xingrg/services/DataTransmitService HTTP/1.1" 200 412
124.77.244.146 - - [26/Sep/2023:10:18:24 +0800] "GET /xingrg/all/function/internal_message.html?_=1695694708998&CODE_STATE=getMsg HTTP/1.1" 200 27
114.95.241.104 - - [26/Sep/2023:10:18:24 +0800] "GET /xingrg/check_reg.html?_=1695694605737 HTTP/1.1" 200 22
124.79.244.212 - - [26/Sep/2023:10:18:25 +0800] "GET /xingrg/all/function/internal_message.html?_=1695695004037&CODE_STATE=getMsg HTTP/1.1" 200 27
114.95.241.104 - - [26/Sep/2023:10:18:25 +0800] "GET /xingrg/all/function/internal_message.html?_=1695694606738&CODE_STATE=getMsg HTTP/1.1" 200 27
124.77.244.146 - - [26/Sep/2023:10:18:27 +0800] "POST /xingrg/services/DataTransmitService HTTP/1.1" 200 524
180.152.241.196 - - [26/Sep/2023:10:18:28 +0800] "GET /xingrg/kc/buy/cgsh_order_operate.html?command=get_materiel&rest_code=00102&code=00101009011&supplier_code=00100022&order_time=2023-09-26 HTTP/1.1" 200 416
124.77.244.146 - - [26/Sep/2023:10:18:29 +0800] "POST /xingrg/services/DataTransmitService HTTP/1.1" 200 412
124.77.244.146 - - [26/Sep/2023:10:18:30 +0800] "POST /xingrg/services/DataTransmitService HTTP/1.1" 200 524
180.152.241.196 - - [26/Sep/2023:10:18:31 +0800] "GET /xingrg/all/function/internal_message.html?_=1695694710970&CODE_STATE=getMsg HTTP/1.1" 200 27
124.77.244.146 - - [26/Sep/2023:10:18:31 +0800] "POST /xingrg/services/DataTransmitService HTTP/1.1" 200 412
180.152.241.196 - - [26/Sep/2023:10:18:31 +0800] "GET /xingrg/check_reg.html?_=1695694711316 HTTP/1.1" 200 22
124.77.244.146 - - [26/Sep/2023:10:18:31 +0800] "POST /xingrg/services/DataTransmitService HTTP/1.1" 200 524
124.77.244.146 - - [26/Sep/2023:10:18:32 +0800] "POST /xingrg/services/DataTransmitService HTTP/1.1" 200 2335
124.78.69.58 - - [26/Sep/2023:10:18:33 +0800] "GET /xingrg/all/function/internal_message.html?_=1695694139350&CODE_STATE=getMsg HTTP/1.1" 200 27
222.69.130.242 - - [26/Sep/2023:10:18:38 +0800] "GET /xingrg/check_reg.html?_=1695694719374 HTTP/1.1" 200 22
222.69.130.242 - - [26/Sep/2023:10:18:38 +0800] "GET /xingrg/all/function/internal_message.html?_=1695694719378&CODE_STATE=getMsg HTTP/1.1" 200 27
222.70.180.200 - - [26/Sep/2023:10:18:38 +0800] "GET /xingrg/kc/mdqp/pssh_order_list.html?isBack=1 HTTP/1.1" 200 17882
180.152.241.196 - - [26/Sep/2023:10:18:39 +0800] "GET /xingrg/kc/buy/cgsh_order_operate.html?command=get_materiel&rest_code=00102&code=00101009109&supplier_code=00100022&order_time=2023-09-26 HTTP/1.1" 200 413
222.70.180.200 - - [26/Sep/2023:10:18:39 +0800] "POST /xingrg/kc/mdqp/pssh_list_operate.html HTTP/1.1" 200 5428
124.77.244.146 - - [26/Sep/2023:10:18:40 +0800] "POST /xingrg/services/DataTransmitService HTTP/1.1" 200 524
124.77.244.146 - - [26/Sep/2023:10:18:41 +0800] "POST /xingrg/services/DataTransmitService HTTP/1.1" 200 412
222.70.180.200 - - [26/Sep/2023:10:18:42 +0800] "POST /xingrg/kc/mdqp/pssh_list_operate.html HTTP/1.1" 200 256
124.77.244.146 - - [26/Sep/2023:10:18:42 +0800] "POST /xingrg/services/DataTransmitService HTTP/1.1" 200 524
222.70.180.200 - - [26/Sep/2023:10:18:42 +0800] "POST /xingrg/kc/mdqp/pssh_list_operate.html HTTP/1.1" 200 814
124.77.244.146 - - [26/Sep/2023:10:18:43 +0800] "POST /xingrg/services/DataTransmitService HTTP/1.1" 200 412
222.70.180.200 - - [26/Sep/2023:10:18:43 +0800] "GET /xingrg/kc/mdqp/pssh_order_info.html?code=312023092500588 HTTP/1.1" 200 17295
124.77.244.146 - - [26/Sep/2023:10:18:43 +0800] "POST /xingrg/services/DataTransmitService HTTP/1.1" 200 524
222.70.180.200 - - [26/Sep/2023:10:18:43 +0800] "GET /xingrg/javascript/jquery_tools/jquery-1.4.2.min.js HTTP/1.1" 404 1094
222.70.180.200 - - [26/Sep/2023:10:18:44 +0800] "GET /xingrg/javascript/easyui/themes/default/validatebox.css HTTP/1.1" 404 1104
222.70.180.200 - - [26/Sep/2023:10:18:44 +0800] "POST /xingrg/kc/mdqp/pssh_order_operate.html HTTP/1.1" 200 536
124.77.244.146 - - [26/Sep/2023:10:18:44 +0800] "POST /xingrg/services/DataTransmitService HTTP/1.1" 200 2335
124.77.244.146 - - [26/Sep/2023:10:18:46 +0800] "POST /xingrg/services/DataTransmitService HTTP/1.1" 200 524
124.78.69.58 - - [26/Sep/2023:10:18:46 +0800] "POST /xingrg/kc/buy/cgsh_order_operate.html HTTP/1.1" 200 37
124.77.244.146 - - [26/Sep/2023:10:18:47 +0800] "POST /xingrg/services/DataTransmitService HTTP/1.1" 200 2335
180.169.147.146 - - [26/Sep/2023:10:18:47 +0800] "GET /xingrg/all/function/internal_message.html?_=1695694725845&CODE_STATE=getMsg HTTP/1.1" 200 27
124.77.244.146 - - [26/Sep/2023:10:18:47 +0800] "POST /xingrg/services/DataTransmitService HTTP/1.1" 200 524
124.78.69.58 - - [26/Sep/2023:10:18:48 +0800] "POST /xingrg/kc/buy/cgsh_order_operate.html HTTP/1.1" 200 3838
124.77.244.146 - - [26/Sep/2023:10:18:48 +0800] "POST /xingrg/services/DataTransmitService HTTP/1.1" 200 412
180.152.241.196 - - [26/Sep/2023:10:18:49 +0800] "GET /xingrg/kc/buy/cgsh_order_operate.html?command=get_materiel&rest_code=00102&code=00101009062&supplier_code=00100022&order_time=2023-09-26 HTTP/1.1" 200 412
124.78.69.58 - - [26/Sep/2023:10:18:50 +0800] "GET /xingrg/kc/print/load_config.html?kc_code=cgsh HTTP/1.1" 200 1927
124.77.244.146 - - [26/Sep/2023:10:18:50 +0800] "POST /xingrg/services/DataTransmitService HTTP/1.1" 200 524
124.78.69.58 - - [26/Sep/2023:10:18:51 +0800] "GET /xingrg/kc/print/load_data.html?order_code=212023092610666&kc_code=cgsh&condition= HTTP/1.1" 200 1144
124.77.244.146 - - [26/Sep/2023:10:18:51 +0800] "POST /xingrg/services/DataTransmitService HTTP/1.1" 200 412
124.77.244.146 - - [26/Sep/2023:10:18:52 +0800] "POST /xingrg/services/DataTransmitService HTTP/1.1" 200 524
124.77.244.146 - - [26/Sep/2023:10:18:53 +0800] "POST /xingrg/services/DataTransmitService HTTP/1.1" 200 2335
101.83.145.37 - - [26/Sep/2023:10:18:56 +0800] "GET /xingrg/all/function/internal_message.html?_=1695694521411&CODE_STATE=getMsg HTTP/1.1" 200 27
58.39.107.39 - - [26/Sep/2023:10:18:59 +0800] "GET /xingrg/all/function/internal_message.html?_=1695694739603&CODE_STATE=getMsg HTTP/1.1" 200 27
180.152.241.196 - - [26/Sep/2023:10:18:59 +0800] "GET /xingrg/all/function/internal_message.html?_=1695694742018&CODE_STATE=getMsg HTTP/1.1" 200 27
58.39.107.39 - - [26/Sep/2023:10:19:00 +0800] "GET /xingrg/check_reg.html?_=1695694740169 HTTP/1.1" 200 22
222.70.180.200 - - [26/Sep/2023:10:19:00 +0800] "POST /xingrg/all/common/load_combo.html?type=employee HTTP/1.1" 200 362
58.39.107.39 - - [26/Sep/2023:10:19:01 +0800] "POST /xingrg/kc/buy/cgsh_list_operate.html HTTP/1.1" 200 4
222.70.107.161 - - [26/Sep/2023:10:19:02 +0800] "GET /xingrg/all/function/internal_message.html?_=1695694746178&CODE_STATE=getMsg HTTP/1.1" 302 -
