180.169.147.146 - - [26/Sep/2023:11:42:07 +0800] "GET /xingrg/all/function/internal_message.html?_=1695699726741&CODE_STATE=getMsg HTTP/1.1" 200 27
180.163.29.79 - - [26/Sep/2023:11:42:10 +0800] "GET /xingrg/check_reg.html?_=1695699669953 HTTP/1.1" 302 -
180.163.29.79 - - [26/Sep/2023:11:42:10 +0800] "GET /xingrg/login.html HTTP/1.1" 200 7641
180.169.147.146 - - [26/Sep/2023:11:42:10 +0800] "GET /xingrg/all/function/internal_message.html?_=1695699729955&CODE_STATE=getMsg HTTP/1.1" 200 27
180.165.48.189 - - [26/Sep/2023:11:42:12 +0800] "GET /xingrg/kc/buy/cgsh_order_add.html HTTP/1.1" 200 72453
180.165.48.189 - - [26/Sep/2023:11:42:12 +0800] "GET /xingrg/words/20230926094117_words.js HTTP/1.1" 304 -
180.165.48.189 - - [26/Sep/2023:11:42:12 +0800] "POST /xingrg/kc/buy/cgsh_order_operate.html HTTP/1.1" 200 8245
180.165.48.189 - - [26/Sep/2023:11:42:12 +0800] "GET /xingrg/javascript/easyui/themes/default/validatebox.css HTTP/1.1" 404 1104
101.228.187.155 - - [26/Sep/2023:11:42:13 +0800] "GET /xingrg/all/function/internal_message.html?_=1695699732954&CODE_STATE=getMsg HTTP/1.1" 200 27
124.78.155.92 - - [26/Sep/2023:11:42:13 +0800] "GET /xingrg/kc/mdqp/qp_main.html HTTP/1.1" 200 10633
124.78.155.92 - - [26/Sep/2023:11:42:14 +0800] "GET /xingrg/images/yd/bt.gif HTTP/1.1" 404 1040
114.83.220.87 - - [26/Sep/2023:11:42:14 +0800] "GET /xingrg/all/function/internal_message.html?_=1695699734745&CODE_STATE=getMsg HTTP/1.1" 200 27
124.78.155.92 - - [26/Sep/2023:11:42:15 +0800] "GET /xingrg/kc/mdqp/pssh_order_list.html HTTP/1.1" 200 17920
124.78.155.92 - - [26/Sep/2023:11:42:16 +0800] "POST /xingrg/kc/mdqp/pssh_list_operate.html HTTP/1.1" 200 5095
183.192.90.128 - - [26/Sep/2023:11:42:16 +0800] "GET /xingrg/all/function/internal_message.html?_=1695699738774&CODE_STATE=getMsg HTTP/1.1" 200 27
114.83.220.87 - - [26/Sep/2023:11:42:17 +0800] "GET /xingrg/kc/base/wldb_order_operate.html?command=get_materiel&rest_code=00149&base_code=0010395&code=00102002543 HTTP/1.1" 200 443
222.70.180.200 - - [26/Sep/2023:11:42:18 +0800] "GET /xingrg/all/function/internal_message.html?_=1695699737565&CODE_STATE=getMsg HTTP/1.1" 200 27
124.78.155.92 - - [26/Sep/2023:11:42:19 +0800] "POST /xingrg/kc/mdqp/pssh_list_operate.html HTTP/1.1" 200 261
180.165.48.189 - - [26/Sep/2023:11:42:22 +0800] "GET /xingrg/all/function/internal_message.html?_=1695699743709&CODE_STATE=getMsg HTTP/1.1" 200 27
222.70.107.161 - - [26/Sep/2023:11:42:24 +0800] "GET /xingrg/all/function/internal_message.html?_=1695699748346&CODE_STATE=getMsg HTTP/1.1" 200 27
124.79.244.212 - - [26/Sep/2023:11:42:25 +0800] "GET /xingrg/all/function/internal_message.html?_=1695700044146&CODE_STATE=getMsg HTTP/1.1" 200 27
124.77.244.146 - - [26/Sep/2023:11:42:25 +0800] "GET /xingrg/all/function/internal_message.html?_=1695699750145&CODE_STATE=getMsg HTTP/1.1" 200 27
124.78.155.92 - - [26/Sep/2023:11:42:25 +0800] "GET /xingrg/kc/mdqp/pssh_order_info.html?code=312023092600645 HTTP/1.1" 200 17244
124.78.155.92 - - [26/Sep/2023:11:42:26 +0800] "GET /xingrg/javascript/jquery_tools/jquery-1.4.2.min.js HTTP/1.1" 404 1094
124.78.155.92 - - [26/Sep/2023:11:42:26 +0800] "GET /xingrg/words/20230926094117_words.js HTTP/1.1" 304 -
124.78.155.92 - - [26/Sep/2023:11:42:26 +0800] "GET /xingrg/javascript/easyui/themes/default/validatebox.css HTTP/1.1" 404 1104
124.78.155.92 - - [26/Sep/2023:11:42:26 +0800] "GET /xingrg/all/common/auto_word.html?type=base&rest_code=00106&rest_code=00106 HTTP/1.1" 200 1799
124.78.155.92 - - [26/Sep/2023:11:42:26 +0800] "POST /xingrg/kc/mdqp/pssh_order_operate.html HTTP/1.1" 200 532
180.169.147.146 - - [26/Sep/2023:11:42:27 +0800] "GET /xingrg/all/function/internal_message.html?_=1695699745222&CODE_STATE=getMsg HTTP/1.1" 200 27
114.95.241.104 - - [26/Sep/2023:11:42:27 +0800] "GET /xingrg/all/function/internal_message.html?_=1695699648456&CODE_STATE=getMsg HTTP/1.1" 200 27
114.83.220.87 - - [26/Sep/2023:11:42:27 +0800] "POST /xingrg/kc/base/wldb_order_operate.html HTTP/1.1" 200 37
114.83.220.87 - - [26/Sep/2023:11:42:28 +0800] "POST /xingrg/kc/base/wldb_order_operate.html HTTP/1.1" 200 2185
180.152.241.196 - - [26/Sep/2023:11:42:29 +0800] "GET /xingrg/all/function/internal_message.html?_=1695699749638&CODE_STATE=getMsg HTTP/1.1" 200 27
180.169.147.146 - - [26/Sep/2023:11:42:31 +0800] "GET /xingrg/all/function/internal_message.html?_=1695699750779&CODE_STATE=getMsg HTTP/1.1" 200 27
120.253.135.82 - - [26/Sep/2023:11:42:35 +0800] "GET /xingrg/all/function/internal_message.html?_=1695699558577&CODE_STATE=getMsg HTTP/1.1" 200 27
114.83.220.87 - - [26/Sep/2023:11:42:36 +0800] "POST /xingrg/kc/base/wldb_order_operate.html HTTP/1.1" 200 12
124.78.155.92 - - [26/Sep/2023:11:42:36 +0800] "GET /xingrg/all/function/internal_message.html?_=1695699755283&CODE_STATE=getMsg HTTP/1.1" 200 27
114.83.220.87 - - [26/Sep/2023:11:42:39 +0800] "GET /xingrg/kc/base/wldb_order_info.html?code=422023092602610 HTTP/1.1" 200 26343
114.83.220.87 - - [26/Sep/2023:11:42:39 +0800] "GET /xingrg/javascript/easyui/themes/default/validatebox.css HTTP/1.1" 404 1104
114.83.220.87 - - [26/Sep/2023:11:42:39 +0800] "POST /xingrg/kc/base/wldb_order_operate.html HTTP/1.1" 200 479
124.77.244.146 - - [26/Sep/2023:11:42:40 +0800] "GET /xingrg/all/function/internal_message.html?_=1695699765859&CODE_STATE=getMsg HTTP/1.1" 200 27
222.70.180.200 - - [26/Sep/2023:11:42:52 +0800] "GET /xingrg/kc/buy/cgsh_order_operate.html?command=get_materiel&rest_code=00111&code=00101008359&supplier_code=00100005&order_time=2023-09-26 HTTP/1.1" 200 408
101.83.145.37 - - [26/Sep/2023:11:42:56 +0800] "GET /xingrg/check_reg.html?_=1695699561483 HTTP/1.1" 200 22
101.83.145.37 - - [26/Sep/2023:11:42:56 +0800] "GET /xingrg/all/function/internal_message.html?_=1695699561486&CODE_STATE=getMsg HTTP/1.1" 200 27
180.152.241.196 - - [26/Sep/2023:11:43:04 +0800] "GET /xingrg/kc/mdqp/qqps_order_list.html HTTP/1.1" 200 9668
180.152.241.196 - - [26/Sep/2023:11:43:04 +0800] "GET /xingrg/dwr/interface/AjaxQqpsService.js HTTP/1.1" 200 16326
180.152.241.196 - - [26/Sep/2023:11:43:04 +0800] "GET /xingrg/dwr/interface/AjaxReportQueryService.js HTTP/1.1" 200 13203
180.152.241.196 - - [26/Sep/2023:11:43:04 +0800] "GET /xingrg/dwr/engine.js HTTP/1.1" 200 43631
180.152.241.196 - - [26/Sep/2023:11:43:04 +0800] "GET /xingrg/javascript/jquery_easy_ui/themes/icons/uncheck_new.png HTTP/1.1" 200 3197
222.70.180.200 - - [26/Sep/2023:11:43:05 +0800] "POST /xingrg/kc/buy/cgsh_order_operate.html HTTP/1.1" 200 2065
114.95.241.104 - - [26/Sep/2023:11:43:05 +0800] "GET /xingrg/all/function/internal_message.html?_=1695699784961&CODE_STATE=getMsg HTTP/1.1" 200 27
114.95.241.104 - - [26/Sep/2023:11:43:05 +0800] "GET /xingrg/check_reg.html?_=1695699785468 HTTP/1.1" 200 22
180.169.147.146 - - [26/Sep/2023:11:43:07 +0800] "GET /xingrg/all/function/internal_message.html?_=1695699786727&CODE_STATE=getMsg HTTP/1.1" 200 27
180.152.241.196 - - [26/Sep/2023:11:43:07 +0800] "GET /xingrg/kc/mdqp/qqps_order_info.html?code=302023092600539 HTTP/1.1" 200 8212
180.152.241.196 - - [26/Sep/2023:11:43:07 +0800] "GET /xingrg/kc/mdqp/qqps_order_info.html?code=302023092600539 HTTP/1.1" 200 26710
180.152.241.196 - - [26/Sep/2023:11:43:07 +0800] "GET /xingrg/javascript/tools/jquery.qtip-1.0.0-rc3.min.js HTTP/1.1" 200 38404
180.152.241.196 - - [26/Sep/2023:11:43:07 +0800] "GET /xingrg/dwr/interface/AjaxComOrderService.js HTTP/1.1" 200 18264
180.152.241.196 - - [26/Sep/2023:11:43:07 +0800] "GET /xingrg/dwr/interface/AjaxQqpsService.js HTTP/1.1" 200 16326
180.152.241.196 - - [26/Sep/2023:11:43:07 +0800] "GET /xingrg/dwr/engine.js HTTP/1.1" 200 43631
180.152.241.196 - - [26/Sep/2023:11:43:07 +0800] "GET /xingrg/words/20230926094117_words.js HTTP/1.1" 304 -
180.152.241.196 - - [26/Sep/2023:11:43:07 +0800] "GET /xingrg/javascript/jquery_easy_ui/themes/icons/template_new.png HTTP/1.1" 200 3956
180.152.241.196 - - [26/Sep/2023:11:43:07 +0800] "GET /xingrg/javascript/jquery_easy_ui/themes/icons/copy_new.png HTTP/1.1" 200 815
180.152.241.196 - - [26/Sep/2023:11:43:07 +0800] "GET /xingrg/javascript/jquery_easy_ui/themes/default/images/combo_arrow_dot.gif HTTP/1.1" 200 79
180.152.241.196 - - [26/Sep/2023:11:43:08 +0800] "POST /xingrg/dwr/call/plaincall/AjaxQqpsService.loadMaterielItems.dwr HTTP/1.1" 200 355
180.163.28.109 - - [26/Sep/2023:11:43:10 +0800] "GET /xingrg/all/function/internal_message.html?_=1695699729955&CODE_STATE=getMsg HTTP/1.1" 302 -
180.163.28.109 - - [26/Sep/2023:11:43:10 +0800] "GET /xingrg/login.html HTTP/1.1" 200 7641
180.152.241.196 - - [26/Sep/2023:11:43:12 +0800] "GET /xingrg/kc/mdqp/qqps_order_list.html?isBack=1 HTTP/1.1" 200 9677
180.152.241.196 - - [26/Sep/2023:11:43:12 +0800] "GET /xingrg/dwr/interface/AjaxQqpsService.js HTTP/1.1" 200 16326
180.152.241.196 - - [26/Sep/2023:11:43:12 +0800] "GET /xingrg/dwr/interface/AjaxReportQueryService.js HTTP/1.1" 200 13203
180.152.241.196 - - [26/Sep/2023:11:43:12 +0800] "GET /xingrg/dwr/engine.js HTTP/1.1" 200 43631
101.228.187.155 - - [26/Sep/2023:11:43:13 +0800] "GET /xingrg/all/function/internal_message.html?_=1695699792955&CODE_STATE=getMsg HTTP/1.1" 200 27
101.228.187.155 - - [26/Sep/2023:11:43:13 +0800] "GET /xingrg/check_reg.html?_=1695699792959 HTTP/1.1" 200 22
114.83.220.87 - - [26/Sep/2023:11:43:14 +0800] "GET /xingrg/all/function/internal_message.html?_=1695699794735&CODE_STATE=getMsg HTTP/1.1" 200 27
183.192.90.128 - - [26/Sep/2023:11:43:16 +0800] "GET /xingrg/all/function/internal_message.html?_=1695699798774&CODE_STATE=getMsg HTTP/1.1" 200 27
183.192.90.128 - - [26/Sep/2023:11:43:16 +0800] "GET /xingrg/check_reg.html?_=1695699798778 HTTP/1.1" 200 22
222.70.180.200 - - [26/Sep/2023:11:43:18 +0800] "GET /xingrg/all/function/internal_message.html?_=1695699797573&CODE_STATE=getMsg HTTP/1.1" 200 27
180.152.241.196 - - [26/Sep/2023:11:43:19 +0800] "GET /xingrg/kc/mdqp/qqps_order_info.html?code=302023092600539 HTTP/1.1" 200 26710
180.152.241.196 - - [26/Sep/2023:11:43:19 +0800] "GET /xingrg/dwr/interface/AjaxComOrderService.js HTTP/1.1" 200 18264
180.152.241.196 - - [26/Sep/2023:11:43:19 +0800] "GET /xingrg/dwr/interface/AjaxQqpsService.js HTTP/1.1" 200 16326
180.152.241.196 - - [26/Sep/2023:11:43:19 +0800] "GET /xingrg/dwr/engine.js HTTP/1.1" 200 43631
180.152.241.196 - - [26/Sep/2023:11:43:20 +0800] "POST /xingrg/dwr/call/plaincall/AjaxQqpsService.loadMaterielItems.dwr HTTP/1.1" 200 355
180.165.48.189 - - [26/Sep/2023:11:43:22 +0800] "GET /xingrg/all/function/internal_message.html?_=1695699803697&CODE_STATE=getMsg HTTP/1.1" 200 27
222.70.180.200 - - [26/Sep/2023:11:43:22 +0800] "GET /xingrg/kc/buy/cgsh_order_operate.html?command=get_materiel&rest_code=00111&code=00101008186&supplier_code=00100005&order_time=2023-09-26 HTTP/1.1" 200 408
180.152.241.196 - - [26/Sep/2023:11:43:23 +0800] "GET /xingrg/kc/mdqp/qqps_order_list.html?isBack=1 HTTP/1.1" 200 9677
180.152.241.196 - - [26/Sep/2023:11:43:23 +0800] "GET /xingrg/dwr/interface/AjaxQqpsService.js HTTP/1.1" 200 16326
180.152.241.196 - - [26/Sep/2023:11:43:23 +0800] "GET /xingrg/dwr/interface/AjaxReportQueryService.js HTTP/1.1" 200 13203
180.152.241.196 - - [26/Sep/2023:11:43:23 +0800] "GET /xingrg/dwr/engine.js HTTP/1.1" 200 43631
222.70.107.161 - - [26/Sep/2023:11:43:24 +0800] "GET /xingrg/all/function/internal_message.html?_=1695699808346&CODE_STATE=getMsg HTTP/1.1" 200 27
124.79.244.212 - - [26/Sep/2023:11:43:25 +0800] "GET /xingrg/all/function/internal_message.html?_=1695700104145&CODE_STATE=getMsg HTTP/1.1" 200 27
114.95.241.104 - - [26/Sep/2023:11:43:25 +0800] "GET /xingrg/check_reg.html?_=1695699706487 HTTP/1.1" 200 22
124.77.244.146 - - [26/Sep/2023:11:43:25 +0800] "GET /xingrg/all/function/internal_message.html?_=1695699810152&CODE_STATE=getMsg HTTP/1.1" 200 27
180.169.147.146 - - [26/Sep/2023:11:43:27 +0800] "GET /xingrg/all/function/internal_message.html?_=1695699805206&CODE_STATE=getMsg HTTP/1.1" 200 27
114.95.241.104 - - [26/Sep/2023:11:43:27 +0800] "GET /xingrg/all/function/internal_message.html?_=1695699708470&CODE_STATE=getMsg HTTP/1.1" 200 27
180.169.147.146 - - [26/Sep/2023:11:43:27 +0800] "GET /xingrg/check_reg.html?_=1695699805535 HTTP/1.1" 200 22
180.152.241.196 - - [26/Sep/2023:11:43:29 +0800] "GET /xingrg/kc/mdqp/qqps_order_list.html?isQuery=1&timeSelect=1&orderTime=day&startTime=2023-09-25&endTime=2023-09-25&state=all&query=%C8%B7++%B6%A8 HTTP/1.1" 200 10583
180.152.241.196 - - [26/Sep/2023:11:43:29 +0800] "GET /xingrg/dwr/interface/AjaxQqpsService.js HTTP/1.1" 200 16326
180.152.241.196 - - [26/Sep/2023:11:43:29 +0800] "GET /xingrg/dwr/interface/AjaxReportQueryService.js HTTP/1.1" 200 13203
180.152.241.196 - - [26/Sep/2023:11:43:29 +0800] "GET /xingrg/dwr/engine.js HTTP/1.1" 200 43631
180.152.241.196 - - [26/Sep/2023:11:43:29 +0800] "GET /xingrg/all/function/internal_message.html?_=1695699809610&CODE_STATE=getMsg HTTP/1.1" 200 27
180.169.147.146 - - [26/Sep/2023:11:43:31 +0800] "GET /xingrg/all/function/internal_message.html?_=1695699810783&CODE_STATE=getMsg HTTP/1.1" 200 27
180.152.241.196 - - [26/Sep/2023:11:43:31 +0800] "GET /xingrg/check_reg.html?_=1695699811209 HTTP/1.1" 200 22
180.152.241.196 - - [26/Sep/2023:11:43:33 +0800] "GET /xingrg/kc/mdqp/qqps_order_info.html?code=302023092500532 HTTP/1.1" 200 26710
180.152.241.196 - - [26/Sep/2023:11:43:33 +0800] "GET /xingrg/dwr/interface/AjaxComOrderService.js HTTP/1.1" 200 18264
180.152.241.196 - - [26/Sep/2023:11:43:33 +0800] "GET /xingrg/dwr/interface/AjaxQqpsService.js HTTP/1.1" 200 16326
180.152.241.196 - - [26/Sep/2023:11:43:33 +0800] "GET /xingrg/dwr/engine.js HTTP/1.1" 200 43631
180.152.241.196 - - [26/Sep/2023:11:43:34 +0800] "POST /xingrg/dwr/call/plaincall/AjaxQqpsService.loadMaterielItems.dwr HTTP/1.1" 200 866
120.253.135.82 - - [26/Sep/2023:11:43:35 +0800] "GET /xingrg/all/function/internal_message.html?_=1695699618591&CODE_STATE=getMsg HTTP/1.1" 200 27
124.78.155.92 - - [26/Sep/2023:11:43:36 +0800] "GET /xingrg/all/function/internal_message.html?_=1695699815255&CODE_STATE=getMsg HTTP/1.1" 200 27
124.77.244.146 - - [26/Sep/2023:11:43:40 +0800] "GET /xingrg/all/function/internal_message.html?_=1695699825874&CODE_STATE=getMsg HTTP/1.1" 200 27
180.152.241.196 - - [26/Sep/2023:11:43:42 +0800] "GET /xingrg/kc/mdqp/qqps_order_list.html?isBack=1 HTTP/1.1" 302 -
180.152.241.196 - - [26/Sep/2023:11:43:42 +0800] "GET /xingrg/kc/mdqp/qqps_order_list.html?isQuery=1&timeSelect=1&orderTime=day&startTime=2023-09-25&endTime=2023-09-25&state=all&query=%C8%B7++%B6%A8 HTTP/1.1" 200 10583
180.152.241.196 - - [26/Sep/2023:11:43:42 +0800] "GET /xingrg/dwr/interface/AjaxQqpsService.js HTTP/1.1" 200 16326
180.152.241.196 - - [26/Sep/2023:11:43:42 +0800] "GET /xingrg/dwr/interface/AjaxReportQueryService.js HTTP/1.1" 200 13203
180.152.241.196 - - [26/Sep/2023:11:43:42 +0800] "GET /xingrg/dwr/engine.js HTTP/1.1" 200 43631
180.152.241.196 - - [26/Sep/2023:11:43:44 +0800] "GET /xingrg/kc/mdqp/qqps_order_info.html?code=302023092500521 HTTP/1.1" 200 26710
180.152.241.196 - - [26/Sep/2023:11:43:44 +0800] "GET /xingrg/dwr/interface/AjaxComOrderService.js HTTP/1.1" 200 18264
180.152.241.196 - - [26/Sep/2023:11:43:44 +0800] "GET /xingrg/dwr/interface/AjaxQqpsService.js HTTP/1.1" 200 16326
180.152.241.196 - - [26/Sep/2023:11:43:44 +0800] "GET /xingrg/dwr/engine.js HTTP/1.1" 200 43631
180.152.241.196 - - [26/Sep/2023:11:43:44 +0800] "POST /xingrg/dwr/call/plaincall/AjaxQqpsService.loadMaterielItems.dwr HTTP/1.1" 200 3171
222.70.180.200 - - [26/Sep/2023:11:43:46 +0800] "GET /xingrg/kc/buy/cgsh_order_operate.html?command=get_materiel&rest_code=00111&code=00101008114&supplier_code=00100005&order_time=2023-09-26 HTTP/1.1" 200 412
180.152.241.196 - - [26/Sep/2023:11:43:49 +0800] "GET /xingrg/kc/mdqp/qqps_order_list.html?isBack=1 HTTP/1.1" 302 -
180.152.241.196 - - [26/Sep/2023:11:43:49 +0800] "GET /xingrg/kc/mdqp/qqps_order_list.html?isQuery=1&timeSelect=1&orderTime=day&startTime=2023-09-25&endTime=2023-09-25&state=all&query=%C8%B7++%B6%A8 HTTP/1.1" 200 10583
180.152.241.196 - - [26/Sep/2023:11:43:49 +0800] "GET /xingrg/dwr/interface/AjaxQqpsService.js HTTP/1.1" 200 16326
180.152.241.196 - - [26/Sep/2023:11:43:49 +0800] "GET /xingrg/dwr/interface/AjaxReportQueryService.js HTTP/1.1" 200 13203
180.152.241.196 - - [26/Sep/2023:11:43:49 +0800] "GET /xingrg/dwr/engine.js HTTP/1.1" 200 43631
101.83.145.37 - - [26/Sep/2023:11:43:56 +0800] "GET /xingrg/all/function/internal_message.html?_=1695699621487&CODE_STATE=getMsg HTTP/1.1" 200 27
180.152.241.196 - - [26/Sep/2023:11:43:58 +0800] "GET /xingrg/kc/mdqp/qqps_order_list.html?isQuery=1&timeSelect=1&orderTime=day&startTime=2023-09-24&endTime=2023-09-24&state=all&query=%C8%B7++%B6%A8 HTTP/1.1" 200 11399
180.152.241.196 - - [26/Sep/2023:11:43:58 +0800] "GET /xingrg/dwr/interface/AjaxQqpsService.js HTTP/1.1" 200 16326
180.152.241.196 - - [26/Sep/2023:11:43:58 +0800] "GET /xingrg/dwr/interface/AjaxReportQueryService.js HTTP/1.1" 200 13203
180.152.241.196 - - [26/Sep/2023:11:43:58 +0800] "GET /xingrg/dwr/engine.js HTTP/1.1" 200 43631
180.152.241.196 - - [26/Sep/2023:11:44:03 +0800] "GET /xingrg/kc/mdqp/qqps_order_info.html?code=302023092400504 HTTP/1.1" 200 8212
180.152.241.196 - - [26/Sep/2023:11:44:03 +0800] "GET /xingrg/kc/mdqp/qqps_order_info.html?code=302023092400504 HTTP/1.1" 200 26710
180.152.241.196 - - [26/Sep/2023:11:44:03 +0800] "GET /xingrg/dwr/interface/AjaxComOrderService.js HTTP/1.1" 200 18264
180.152.241.196 - - [26/Sep/2023:11:44:03 +0800] "GET /xingrg/dwr/interface/AjaxQqpsService.js HTTP/1.1" 200 16326
180.152.241.196 - - [26/Sep/2023:11:44:03 +0800] "GET /xingrg/dwr/engine.js HTTP/1.1" 200 43631
180.152.241.196 - - [26/Sep/2023:11:44:04 +0800] "POST /xingrg/dwr/call/plaincall/AjaxQqpsService.loadMaterielItems.dwr HTTP/1.1" 200 2964
114.95.241.104 - - [26/Sep/2023:11:44:05 +0800] "GET /xingrg/all/function/internal_message.html?_=1695699844951&CODE_STATE=getMsg HTTP/1.1" 200 27
180.169.147.146 - - [26/Sep/2023:11:44:07 +0800] "GET /xingrg/all/function/internal_message.html?_=1695699846744&CODE_STATE=getMsg HTTP/1.1" 200 27
180.152.241.196 - - [26/Sep/2023:11:44:07 +0800] "GET /xingrg/kc/mdqp/qqps_order_list.html?isBack=1 HTTP/1.1" 302 -
180.152.241.196 - - [26/Sep/2023:11:44:07 +0800] "GET /xingrg/kc/mdqp/qqps_order_list.html?isQuery=1&timeSelect=1&orderTime=day&startTime=2023-09-24&endTime=2023-09-24&state=all&query=%C8%B7++%B6%A8 HTTP/1.1" 200 11399
180.152.241.196 - - [26/Sep/2023:11:44:07 +0800] "GET /xingrg/dwr/interface/AjaxQqpsService.js HTTP/1.1" 200 16326
180.152.241.196 - - [26/Sep/2023:11:44:07 +0800] "GET /xingrg/dwr/interface/AjaxReportQueryService.js HTTP/1.1" 200 13203
180.152.241.196 - - [26/Sep/2023:11:44:07 +0800] "GET /xingrg/dwr/engine.js HTTP/1.1" 200 43631
180.152.241.196 - - [26/Sep/2023:11:44:09 +0800] "GET /xingrg/kc/mdqp/qqps_order_info.html?code=302023092400503 HTTP/1.1" 200 26710
180.152.241.196 - - [26/Sep/2023:11:44:09 +0800] "GET /xingrg/dwr/interface/AjaxComOrderService.js HTTP/1.1" 200 18264
180.152.241.196 - - [26/Sep/2023:11:44:09 +0800] "GET /xingrg/dwr/interface/AjaxQqpsService.js HTTP/1.1" 200 16326
180.152.241.196 - - [26/Sep/2023:11:44:09 +0800] "GET /xingrg/dwr/engine.js HTTP/1.1" 200 43631
180.152.241.196 - - [26/Sep/2023:11:44:10 +0800] "POST /xingrg/dwr/call/plaincall/AjaxQqpsService.loadMaterielItems.dwr HTTP/1.1" 200 583
101.228.187.155 - - [26/Sep/2023:11:44:13 +0800] "GET /xingrg/all/function/internal_message.html?_=1695699852959&CODE_STATE=getMsg HTTP/1.1" 200 27
180.152.241.196 - - [26/Sep/2023:11:44:13 +0800] "GET /xingrg/kc/mdqp/qqps_order_list.html?isBack=1 HTTP/1.1" 302 -
180.152.241.196 - - [26/Sep/2023:11:44:14 +0800] "GET /xingrg/kc/mdqp/qqps_order_list.html?isQuery=1&timeSelect=1&orderTime=day&startTime=2023-09-24&endTime=2023-09-24&state=all&query=%C8%B7++%B6%A8 HTTP/1.1" 200 11399
180.152.241.196 - - [26/Sep/2023:11:44:14 +0800] "GET /xingrg/dwr/interface/AjaxQqpsService.js HTTP/1.1" 200 16326
180.152.241.196 - - [26/Sep/2023:11:44:14 +0800] "GET /xingrg/dwr/interface/AjaxReportQueryService.js HTTP/1.1" 200 13203
180.152.241.196 - - [26/Sep/2023:11:44:14 +0800] "GET /xingrg/dwr/engine.js HTTP/1.1" 200 43631
114.83.220.87 - - [26/Sep/2023:11:44:14 +0800] "GET /xingrg/all/function/internal_message.html?_=1695699854721&CODE_STATE=getMsg HTTP/1.1" 200 27
180.152.241.196 - - [26/Sep/2023:11:44:15 +0800] "GET /xingrg/kc/mdqp/qqps_order_info.html?code=302023092400502 HTTP/1.1" 200 26710
180.152.241.196 - - [26/Sep/2023:11:44:15 +0800] "GET /xingrg/dwr/interface/AjaxComOrderService.js HTTP/1.1" 200 18264
180.152.241.196 - - [26/Sep/2023:11:44:15 +0800] "GET /xingrg/dwr/interface/AjaxQqpsService.js HTTP/1.1" 200 16326
180.152.241.196 - - [26/Sep/2023:11:44:15 +0800] "GET /xingrg/dwr/engine.js HTTP/1.1" 200 43631
180.152.241.196 - - [26/Sep/2023:11:44:16 +0800] "POST /xingrg/dwr/call/plaincall/AjaxQqpsService.loadMaterielItems.dwr HTTP/1.1" 200 350
183.192.90.128 - - [26/Sep/2023:11:44:16 +0800] "GET /xingrg/all/function/internal_message.html?_=1695699858769&CODE_STATE=getMsg HTTP/1.1" 200 27
222.70.180.200 - - [26/Sep/2023:11:44:18 +0800] "GET /xingrg/all/function/internal_message.html?_=1695699857557&CODE_STATE=getMsg HTTP/1.1" 200 27
180.152.241.196 - - [26/Sep/2023:11:44:19 +0800] "GET /xingrg/kc/mdqp/qqps_order_list.html?isBack=1 HTTP/1.1" 302 -
180.152.241.196 - - [26/Sep/2023:11:44:19 +0800] "GET /xingrg/kc/mdqp/qqps_order_list.html?isQuery=1&timeSelect=1&orderTime=day&startTime=2023-09-24&endTime=2023-09-24&state=all&query=%C8%B7++%B6%A8 HTTP/1.1" 200 11399
180.152.241.196 - - [26/Sep/2023:11:44:19 +0800] "GET /xingrg/dwr/interface/AjaxQqpsService.js HTTP/1.1" 200 16326
180.152.241.196 - - [26/Sep/2023:11:44:19 +0800] "GET /xingrg/dwr/interface/AjaxReportQueryService.js HTTP/1.1" 200 13203
180.152.241.196 - - [26/Sep/2023:11:44:19 +0800] "GET /xingrg/dwr/engine.js HTTP/1.1" 200 43631
222.70.180.200 - - [26/Sep/2023:11:44:20 +0800] "GET /xingrg/check_reg.html?_=1695699860044 HTTP/1.1" 200 22
180.165.48.189 - - [26/Sep/2023:11:44:22 +0800] "GET /xingrg/all/function/internal_message.html?_=1695699863672&CODE_STATE=getMsg HTTP/1.1" 200 27
124.77.244.146 - - [26/Sep/2023:11:44:23 +0800] "GET /xingrg/check_reg.html?_=1695699868189 HTTP/1.1" 200 22
222.70.107.161 - - [26/Sep/2023:11:44:24 +0800] "GET /xingrg/all/function/internal_message.html?_=1695699868347&CODE_STATE=getMsg HTTP/1.1" 200 27
222.70.107.161 - - [26/Sep/2023:11:44:24 +0800] "GET /xingrg/check_reg.html?_=1695699868350 HTTP/1.1" 200 22
124.79.244.212 - - [26/Sep/2023:11:44:25 +0800] "GET /xingrg/all/function/internal_message.html?_=1695700164144&CODE_STATE=getMsg HTTP/1.1" 200 27
124.77.244.146 - - [26/Sep/2023:11:44:25 +0800] "GET /xingrg/all/function/internal_message.html?_=1695699870166&CODE_STATE=getMsg HTTP/1.1" 200 27
180.169.147.146 - - [26/Sep/2023:11:44:26 +0800] "GET /xingrg/all/function/internal_message.html?_=1695699865190&CODE_STATE=getMsg HTTP/1.1" 200 27
114.95.241.104 - - [26/Sep/2023:11:44:27 +0800] "GET /xingrg/all/function/internal_message.html?_=1695699768484&CODE_STATE=getMsg HTTP/1.1" 200 27
180.152.241.196 - - [26/Sep/2023:11:44:29 +0800] "GET /xingrg/all/function/internal_message.html?_=1695699869597&CODE_STATE=getMsg HTTP/1.1" 200 27
180.169.147.146 - - [26/Sep/2023:11:44:31 +0800] "GET /xingrg/all/function/internal_message.html?_=1695699870777&CODE_STATE=getMsg HTTP/1.1" 200 27
120.253.135.82 - - [26/Sep/2023:11:44:36 +0800] "GET /xingrg/all/function/internal_message.html?_=1695699678726&CODE_STATE=getMsg HTTP/1.1" 200 27
124.78.155.92 - - [26/Sep/2023:11:44:36 +0800] "GET /xingrg/all/function/internal_message.html?_=1695699875227&CODE_STATE=getMsg HTTP/1.1" 200 27
180.163.30.27 - - [26/Sep/2023:11:44:36 +0800] "GET /xingrg/all/function/internal_message.html?_=1695699815255&CODE_STATE=getMsg HTTP/1.1" 302 -
124.78.155.92 - - [26/Sep/2023:11:44:36 +0800] "GET /xingrg/check_reg.html?_=1695699875339 HTTP/1.1" 200 22
180.163.30.27 - - [26/Sep/2023:11:44:36 +0800] "GET /xingrg/login.html HTTP/1.1" 200 7641
124.77.244.146 - - [26/Sep/2023:11:44:40 +0800] "GET /xingrg/all/function/internal_message.html?_=1695699886188&CODE_STATE=getMsg HTTP/1.1" 200 27
222.70.180.200 - - [26/Sep/2023:11:44:48 +0800] "GET /xingrg/kc/buy/cgsh_order_operate.html?command=get_materiel&rest_code=00111&code=00101008061&supplier_code=00100005&order_time=2023-09-26 HTTP/1.1" 200 422
101.83.145.37 - - [26/Sep/2023:11:44:56 +0800] "GET /xingrg/all/function/internal_message.html?_=1695699681486&CODE_STATE=getMsg HTTP/1.1" 200 27
114.95.241.104 - - [26/Sep/2023:11:45:05 +0800] "GET /xingrg/all/function/internal_message.html?_=1695699904936&CODE_STATE=getMsg HTTP/1.1" 200 27
180.169.147.146 - - [26/Sep/2023:11:45:07 +0800] "GET /xingrg/all/function/internal_message.html?_=1695699906725&CODE_STATE=getMsg HTTP/1.1" 200 27
101.228.187.155 - - [26/Sep/2023:11:45:13 +0800] "GET /xingrg/all/function/internal_message.html?_=1695699912961&CODE_STATE=getMsg HTTP/1.1" 200 27
114.83.220.87 - - [26/Sep/2023:11:45:14 +0800] "GET /xingrg/all/function/internal_message.html?_=1695699914703&CODE_STATE=getMsg HTTP/1.1" 200 27
183.192.90.128 - - [26/Sep/2023:11:45:16 +0800] "GET /xingrg/all/function/internal_message.html?_=1695699918770&CODE_STATE=getMsg HTTP/1.1" 200 27
222.70.180.200 - - [26/Sep/2023:11:45:18 +0800] "GET /xingrg/all/function/internal_message.html?_=1695699917533&CODE_STATE=getMsg HTTP/1.1" 200 27
180.165.48.189 - - [26/Sep/2023:11:45:22 +0800] "GET /xingrg/all/function/internal_message.html?_=1695699923661&CODE_STATE=getMsg HTTP/1.1" 200 27
222.70.107.161 - - [26/Sep/2023:11:45:24 +0800] "GET /xingrg/all/function/internal_message.html?_=1695699928353&CODE_STATE=getMsg HTTP/1.1" 200 27
124.79.244.212 - - [26/Sep/2023:11:45:25 +0800] "GET /xingrg/all/function/internal_message.html?_=1695700224146&CODE_STATE=getMsg HTTP/1.1" 200 27
124.77.244.146 - - [26/Sep/2023:11:45:25 +0800] "GET /xingrg/all/function/internal_message.html?_=1695699930180&CODE_STATE=getMsg HTTP/1.1" 200 27
180.169.147.146 - - [26/Sep/2023:11:45:26 +0800] "GET /xingrg/all/function/internal_message.html?_=1695699925175&CODE_STATE=getMsg HTTP/1.1" 200 27
114.95.241.104 - - [26/Sep/2023:11:45:27 +0800] "GET /xingrg/all/function/internal_message.html?_=1695699828497&CODE_STATE=getMsg HTTP/1.1" 200 27
180.152.241.196 - - [26/Sep/2023:11:45:29 +0800] "GET /xingrg/all/function/internal_message.html?_=1695699929575&CODE_STATE=getMsg HTTP/1.1" 200 27
180.169.147.146 - - [26/Sep/2023:11:45:31 +0800] "GET /xingrg/all/function/internal_message.html?_=1695699930789&CODE_STATE=getMsg HTTP/1.1" 200 27
180.169.147.146 - - [26/Sep/2023:11:45:31 +0800] "GET /xingrg/check_reg.html?_=1695699930795 HTTP/1.1" 200 22
120.253.135.82 - - [26/Sep/2023:11:45:33 +0800] "GET /xingrg/check_reg.html?_=1695699736573 HTTP/1.1" 200 22
120.253.135.82 - - [26/Sep/2023:11:45:36 +0800] "GET /xingrg/all/function/internal_message.html?_=1695699738844&CODE_STATE=getMsg HTTP/1.1" 200 27
180.163.29.79 - - [26/Sep/2023:11:45:36 +0800] "GET /xingrg/check_reg.html?_=1695699875339 HTTP/1.1" 302 -
180.163.29.79 - - [26/Sep/2023:11:45:36 +0800] "GET /xingrg/login.html HTTP/1.1" 200 7641
124.78.155.92 - - [26/Sep/2023:11:45:36 +0800] "GET /xingrg/all/function/internal_message.html?_=1695699935200&CODE_STATE=getMsg HTTP/1.1" 200 27
124.77.244.146 - - [26/Sep/2023:11:45:40 +0800] "GET /xingrg/all/function/internal_message.html?_=1695699946196&CODE_STATE=getMsg HTTP/1.1" 200 27
222.70.180.200 - - [26/Sep/2023:11:45:52 +0800] "GET /xingrg/kc/buy/cgsh_order_operate.html?command=get_materiel&rest_code=00111&code=00101008150&supplier_code=00100005&order_time=2023-09-26 HTTP/1.1" 200 409
101.83.145.37 - - [26/Sep/2023:11:45:56 +0800] "GET /xingrg/all/function/internal_message.html?_=1695699741487&CODE_STATE=getMsg HTTP/1.1" 200 27
114.95.241.104 - - [26/Sep/2023:11:46:05 +0800] "GET /xingrg/all/function/internal_message.html?_=1695699964919&CODE_STATE=getMsg HTTP/1.1" 200 27
180.169.147.146 - - [26/Sep/2023:11:46:07 +0800] "GET /xingrg/all/function/internal_message.html?_=1695699966733&CODE_STATE=getMsg HTTP/1.1" 200 27
180.169.147.146 - - [26/Sep/2023:11:46:07 +0800] "GET /xingrg/check_reg.html?_=1695699966738 HTTP/1.1" 200 22
114.83.220.87 - - [26/Sep/2023:11:46:08 +0800] "GET /xingrg/check_reg.html?_=1695699968074 HTTP/1.1" 200 22
101.228.187.155 - - [26/Sep/2023:11:46:13 +0800] "GET /xingrg/all/function/internal_message.html?_=1695699972958&CODE_STATE=getMsg HTTP/1.1" 200 27
114.83.220.87 - - [26/Sep/2023:11:46:14 +0800] "GET /xingrg/all/function/internal_message.html?_=1695699974675&CODE_STATE=getMsg HTTP/1.1" 200 27
222.70.180.200 - - [26/Sep/2023:11:46:16 +0800] "POST /xingrg/kc/buy/cgsh_order_operate.html HTTP/1.1" 200 2065
183.192.90.128 - - [26/Sep/2023:11:46:16 +0800] "GET /xingrg/all/function/internal_message.html?_=1695699978767&CODE_STATE=getMsg HTTP/1.1" 200 27
180.165.48.189 - - [26/Sep/2023:11:46:17 +0800] "GET /xingrg/check_reg.html?_=1695699978514 HTTP/1.1" 200 22
222.70.180.200 - - [26/Sep/2023:11:46:18 +0800] "GET /xingrg/all/function/internal_message.html?_=1695699977514&CODE_STATE=getMsg HTTP/1.1" 200 27
180.165.48.189 - - [26/Sep/2023:11:46:22 +0800] "GET /xingrg/all/function/internal_message.html?_=1695699983649&CODE_STATE=getMsg HTTP/1.1" 200 27
222.70.107.161 - - [26/Sep/2023:11:46:24 +0800] "GET /xingrg/all/function/internal_message.html?_=1695699988353&CODE_STATE=getMsg HTTP/1.1" 200 27
124.79.244.212 - - [26/Sep/2023:11:46:25 +0800] "GET /xingrg/all/function/internal_message.html?_=1695700284146&CODE_STATE=getMsg HTTP/1.1" 200 27
124.79.244.212 - - [26/Sep/2023:11:46:25 +0800] "GET /xingrg/check_reg.html?_=1695700284148 HTTP/1.1" 200 22
124.77.244.146 - - [26/Sep/2023:11:46:25 +0800] "GET /xingrg/all/function/internal_message.html?_=1695699990194&CODE_STATE=getMsg HTTP/1.1" 200 27
180.169.147.146 - - [26/Sep/2023:11:46:26 +0800] "GET /xingrg/all/function/internal_message.html?_=1695699985159&CODE_STATE=getMsg HTTP/1.1" 200 27
114.95.241.104 - - [26/Sep/2023:11:46:27 +0800] "GET /xingrg/all/function/internal_message.html?_=1695699888553&CODE_STATE=getMsg HTTP/1.1" 200 27
180.152.241.196 - - [26/Sep/2023:11:46:29 +0800] "GET /xingrg/all/function/internal_message.html?_=1695699989556&CODE_STATE=getMsg HTTP/1.1" 200 27
180.169.147.146 - - [26/Sep/2023:11:46:31 +0800] "GET /xingrg/all/function/internal_message.html?_=1695699990784&CODE_STATE=getMsg HTTP/1.1" 200 27
120.253.135.82 - - [26/Sep/2023:11:46:36 +0800] "GET /xingrg/all/function/internal_message.html?_=1695699798849&CODE_STATE=getMsg HTTP/1.1" 200 27
124.78.155.92 - - [26/Sep/2023:11:46:36 +0800] "GET /xingrg/all/function/internal_message.html?_=1695699995184&CODE_STATE=getMsg HTTP/1.1" 200 27
124.77.244.146 - - [26/Sep/2023:11:46:38 +0800] "GET /xingrg/check_reg.html?_=1695700004802 HTTP/1.1" 200 22
124.77.244.146 - - [26/Sep/2023:11:46:40 +0800] "GET /xingrg/all/function/internal_message.html?_=1695700006210&CODE_STATE=getMsg HTTP/1.1" 200 27
222.70.180.200 - - [26/Sep/2023:11:46:46 +0800] "GET /xingrg/kc/buy/cgsh_order_operate.html?command=get_materiel&rest_code=00111&code=00101015183&supplier_code=00100005&order_time=2023-09-26 HTTP/1.1" 200 421
180.165.48.189 - - [26/Sep/2023:11:46:53 +0800] "GET /xingrg/login.html HTTP/1.1" 200 7641
180.165.48.189 - - [26/Sep/2023:11:46:53 +0800] "GET /xingrg/images/blue/jxLogo.png HTTP/1.1" 200 6156
180.165.48.189 - - [26/Sep/2023:11:46:53 +0800] "GET /xingrg/images/blue/login_bg.png HTTP/1.1" 200 22101
180.165.48.189 - - [26/Sep/2023:11:46:53 +0800] "GET /xingrg/images/blue/srbg.png HTTP/1.1" 200 138
180.165.48.189 - - [26/Sep/2023:11:46:53 +0800] "GET /xingrg/images/blue/hj.png HTTP/1.1" 200 1014
180.165.48.189 - - [26/Sep/2023:11:46:53 +0800] "GET /favicon.ico HTTP/1.1" 404 -
101.83.145.37 - - [26/Sep/2023:11:46:56 +0800] "GET /xingrg/all/function/internal_message.html?_=1695699801473&CODE_STATE=getMsg HTTP/1.1" 200 27
180.165.48.189 - - [26/Sep/2023:11:47:02 +0800] "POST /xingrg/login.do HTTP/1.1" 302 -
180.165.48.189 - - [26/Sep/2023:11:47:02 +0800] "GET /xingrg/index.html?sysBaseUrl=http%3A%2F%2F180.169.147.146%3A18081%2Fxingrg%2F&costTime=842×tamp=1695700022223 HTTP/1.1" 200 17503
180.165.48.189 - - [26/Sep/2023:11:47:02 +0800] "GET /xingrg/javascript/jquery_easy_ui/themes/icon.css HTTP/1.1" 200 3949
180.165.48.189 - - [26/Sep/2023:11:47:02 +0800] "GET /xingrg/css/form.css HTTP/1.1" 200 893
180.165.48.189 - - [26/Sep/2023:11:47:02 +0800] "GET /xingrg/javascript/jquery_easy_ui/themes/default/easyui.css HTTP/1.1" 200 26500
180.165.48.189 - - [26/Sep/2023:11:47:02 +0800] "GET /xingrg/javascript/jquery-1.4.2.min.js HTTP/1.1" 200 72205
180.165.48.189 - - [26/Sep/2023:11:47:02 +0800] "GET /xingrg/javascript/jquery.form.js HTTP/1.1" 200 23110
180.165.48.189 - - [26/Sep/2023:11:47:02 +0800] "GET /xingrg/javascript/jquery.timers.js HTTP/1.1" 200 3532
180.165.48.189 - - [26/Sep/2023:11:47:02 +0800] "GET /xingrg/javascript/jquery_easy_ui/jquery.easyui.min.js HTTP/1.1" 200 213662
180.165.48.189 - - [26/Sep/2023:11:47:02 +0800] "GET /xingrg/javascript/jquery_easy_ui/easyui-lang-zh_CN.js HTTP/1.1" 200 1900
180.165.48.189 - - [26/Sep/2023:11:47:02 +0800] "GET /favicon.ico HTTP/1.1" 404 -
180.165.48.189 - - [26/Sep/2023:11:47:02 +0800] "GET /xingrg/javascript/jquery_easy_ui/themes/icons/settle_new.png HTTP/1.1" 200 826
180.165.48.189 - - [26/Sep/2023:11:47:02 +0800] "GET /xingrg/images/blue/navBackgound.jpg HTTP/1.1" 200 12378
180.165.48.189 - - [26/Sep/2023:11:47:02 +0800] "GET /xingrg/images/blue/pingpu.png HTTP/1.1" 200 231
180.165.48.189 - - [26/Sep/2023:11:47:02 +0800] "GET /xingrg/javascript/jquery_easy_ui/themes/default/images/tabs_leftarrow.png HTTP/1.1" 200 389
180.165.48.189 - - [26/Sep/2023:11:47:02 +0800] "GET /xingrg/check_reg.html?_=1695700023501 HTTP/1.1" 200 22
180.165.48.189 - - [26/Sep/2023:11:47:02 +0800] "GET /xingrg/all/function/internal_message.html?_=1695700023500&CODE_STATE=count HTTP/1.1" 200 11
180.165.48.189 - - [26/Sep/2023:11:47:02 +0800] "GET /xingrg/javascript/jquery_easy_ui/themes/default/images/tabs_rightarrow.png HTTP/1.1" 200 395
180.165.48.189 - - [26/Sep/2023:11:47:02 +0800] "GET /xingrg/javascript/jquery_easy_ui/themes/default/images/panel_tool_expand.gif HTTP/1.1" 200 247
180.165.48.189 - - [26/Sep/2023:11:47:02 +0800] "GET /xingrg/javascript/jquery_easy_ui/themes/default/images/panel_tool_collapse.gif HTTP/1.1" 200 246
180.165.48.189 - - [26/Sep/2023:11:47:02 +0800] "POST /xingrg/all/common/load_tree.html?tree=area_rest_tree_json&manage=1 HTTP/1.1" 200 3499
180.165.48.189 - - [26/Sep/2023:11:47:02 +0800] "POST /xingrg/load_menu.html HTTP/1.1" 200 11564
180.165.48.189 - - [26/Sep/2023:11:47:02 +0800] "GET /xingrg/javascript/jquery_easy_ui/themes/default/images/tree_arrows.gif HTTP/1.1" 200 1043
180.165.48.189 - - [26/Sep/2023:11:47:02 +0800] "GET /xingrg/javascript/jquery_easy_ui/themes/icons/search_new.png HTTP/1.1" 200 586
180.165.48.189 - - [26/Sep/2023:11:47:02 +0800] "GET /xingrg/javascript/jquery_easy_ui/themes/default/images/tree_folder_open.gif HTTP/1.1" 200 956
180.165.48.189 - - [26/Sep/2023:11:47:02 +0800] "GET /xingrg/javascript/jquery_easy_ui/themes/icons/delivery_new.png HTTP/1.1" 200 700
180.165.48.189 - - [26/Sep/2023:11:47:02 +0800] "GET /xingrg/javascript/jquery_easy_ui/themes/icons/checkout_new.png HTTP/1.1" 200 744
180.165.48.189 - - [26/Sep/2023:11:47:02 +0800] "GET /xingrg/javascript/jquery_easy_ui/themes/icons/storage_new.png HTTP/1.1" 200 853
180.165.48.189 - - [26/Sep/2023:11:47:02 +0800] "GET /xingrg/javascript/jquery_easy_ui/themes/icons/forms_new.png HTTP/1.1" 200 350
180.165.48.189 - - [26/Sep/2023:11:47:02 +0800] "GET /xingrg/javascript/jquery_easy_ui/themes/icons/setting_new.png HTTP/1.1" 200 450
180.165.48.189 - - [26/Sep/2023:11:47:02 +0800] "GET /xingrg/javascript/jquery_easy_ui/themes/default/images/tree_folder.gif HTTP/1.1" 200 952
180.165.48.189 - - [26/Sep/2023:11:47:02 +0800] "GET /xingrg/javascript/jquery_easy_ui/themes/icons/systemset_new.png HTTP/1.1" 200 606
180.165.48.189 - - [26/Sep/2023:11:47:02 +0800] "GET /xingrg/javascript/jquery_easy_ui/themes/default/images/tree_file.gif HTTP/1.1" 200 118
180.165.48.189 - - [26/Sep/2023:11:47:05 +0800] "GET /xingrg/javascript/jquery_easy_ui/themes/icons/area.png HTTP/1.1" 200 262
180.165.48.189 - - [26/Sep/2023:11:47:05 +0800] "GET /xingrg/javascript/jquery_easy_ui/themes/icons/manage.png HTTP/1.1" 200 696
180.165.48.189 - - [26/Sep/2023:11:47:05 +0800] "GET /xingrg/javascript/jquery_easy_ui/themes/default/images/button_span_bg.gif HTTP/1.1" 200 2061
180.165.48.189 - - [26/Sep/2023:11:47:05 +0800] "GET /xingrg/javascript/jquery_easy_ui/themes/icons/rest.png HTTP/1.1" 200 695
180.165.48.189 - - [26/Sep/2023:11:47:05 +0800] "GET /xingrg/javascript/jquery_easy_ui/themes/default/images/button_a_bg.gif HTTP/1.1" 200 1194
180.165.48.189 - - [26/Sep/2023:11:47:05 +0800] "GET /xingrg/javascript/jquery_easy_ui/themes/icons/ok.png HTTP/1.1" 200 883
180.165.48.189 - - [26/Sep/2023:11:47:05 +0800] "GET /xingrg/javascript/jquery_easy_ui/themes/default/images/panel_tools.gif HTTP/1.1" 200 737
180.165.48.189 - - [26/Sep/2023:11:47:05 +0800] "GET /xingrg/javascript/jquery_easy_ui/themes/default/images/panel_title.png HTTP/1.1" 200 266
114.95.241.104 - - [26/Sep/2023:11:47:05 +0800] "GET /xingrg/all/function/internal_message.html?_=1695700024904&CODE_STATE=getMsg HTTP/1.1" 200 27
180.169.147.146 - - [26/Sep/2023:11:47:07 +0800] "GET /xingrg/all/function/internal_message.html?_=1695700026729&CODE_STATE=getMsg HTTP/1.1" 200 27
180.165.48.189 - - [26/Sep/2023:11:47:07 +0800] "GET /xingrg/images/control/ajaxLoader.gif HTTP/1.1" 200 4659
180.165.48.189 - - [26/Sep/2023:11:47:07 +0800] "POST /xingrg/all/user/operate.html HTTP/1.1" 200 36
180.165.48.189 - - [26/Sep/2023:11:47:07 +0800] "GET /xingrg/index.html?sysBaseUrl=http%3A%2F%2F180.169.147.146%3A18081%2Fxingrg%2F&costTime=842×tamp=1695700022223 HTTP/1.1" 200 17513
180.165.48.189 - - [26/Sep/2023:11:47:07 +0800] "GET /xingrg/javascript/jquery_easy_ui/themes/default/easyui.css HTTP/1.1" 304 -
180.165.48.189 - - [26/Sep/2023:11:47:07 +0800] "GET /xingrg/javascript/jquery_easy_ui/themes/icon.css HTTP/1.1" 304 -
180.165.48.189 - - [26/Sep/2023:11:47:07 +0800] "GET /xingrg/css/form.css HTTP/1.1" 304 -
180.165.48.189 - - [26/Sep/2023:11:47:07 +0800] "GET /xingrg/javascript/jquery-1.4.2.min.js HTTP/1.1" 304 -
180.165.48.189 - - [26/Sep/2023:11:47:07 +0800] "GET /xingrg/javascript/jquery_easy_ui/jquery.easyui.min.js HTTP/1.1" 304 -
180.165.48.189 - - [26/Sep/2023:11:47:07 +0800] "GET /xingrg/javascript/jquery_easy_ui/easyui-lang-zh_CN.js HTTP/1.1" 304 -
180.165.48.189 - - [26/Sep/2023:11:47:07 +0800] "GET /xingrg/javascript/jquery.form.js HTTP/1.1" 304 -
180.165.48.189 - - [26/Sep/2023:11:47:07 +0800] "GET /xingrg/javascript/jquery.utils.js HTTP/1.1" 304 -
180.165.48.189 - - [26/Sep/2023:11:47:07 +0800] "GET /xingrg/javascript/jquery.timers.js HTTP/1.1" 304 -
180.165.48.189 - - [26/Sep/2023:11:47:07 +0800] "GET /xingrg/images/blue/jxLogo.png HTTP/1.1" 304 -
180.165.48.189 - - [26/Sep/2023:11:47:07 +0800] "GET /xingrg/images/blue/navBackgound.jpg HTTP/1.1" 304 -
180.165.48.189 - - [26/Sep/2023:11:47:07 +0800] "GET /xingrg/javascript/jquery_easy_ui/themes/icons/settle_new.png HTTP/1.1" 304 -
180.165.48.189 - - [26/Sep/2023:11:47:07 +0800] "GET /xingrg/all/function/internal_message.html?_=1695700028809&CODE_STATE=count HTTP/1.1" 200 11
180.165.48.189 - - [26/Sep/2023:11:47:07 +0800] "GET /xingrg/check_reg.html?_=1695700028809 HTTP/1.1" 200 22
180.165.48.189 - - [26/Sep/2023:11:47:07 +0800] "GET /xingrg/javascript/jquery_easy_ui/themes/default/images/tabs_leftarrow.png HTTP/1.1" 304 -
180.165.48.189 - - [26/Sep/2023:11:47:07 +0800] "GET /xingrg/javascript/jquery_easy_ui/themes/default/images/panel_tool_expand.gif HTTP/1.1" 304 -
180.165.48.189 - - [26/Sep/2023:11:47:07 +0800] "GET /xingrg/javascript/jquery_easy_ui/themes/default/images/tabs_rightarrow.png HTTP/1.1" 304 -
180.165.48.189 - - [26/Sep/2023:11:47:07 +0800] "GET /xingrg/javascript/jquery_easy_ui/themes/default/images/panel_tool_collapse.gif HTTP/1.1" 304 -
180.165.48.189 - - [26/Sep/2023:11:47:07 +0800] "GET /xingrg/images/blue/pingpu.png HTTP/1.1" 304 -
222.70.180.200 - - [26/Sep/2023:11:47:07 +0800] "GET /xingrg/kc/buy/cgsh_order_operate.html?command=get_materiel&rest_code=00111&code=00101008350&supplier_code=00100005&order_time=2023-09-26 HTTP/1.1" 200 408
180.165.48.189 - - [26/Sep/2023:11:47:07 +0800] "POST /xingrg/all/common/load_tree.html?tree=area_rest_tree_json&manage=1 HTTP/1.1" 200 3499
180.165.48.189 - - [26/Sep/2023:11:47:08 +0800] "POST /xingrg/load_menu.html HTTP/1.1" 200 9959
180.165.48.189 - - [26/Sep/2023:11:47:12 +0800] "GET /xingrg/javascript/jquery_easy_ui/themes/default/images/tabs_close.gif HTTP/1.1" 200 829
101.228.187.155 - - [26/Sep/2023:11:47:13 +0800] "GET /xingrg/all/function/internal_message.html?_=1695700032964&CODE_STATE=getMsg HTTP/1.1" 200 27
180.165.48.189 - - [26/Sep/2023:11:47:13 +0800] "GET /xingrg/kc/buy/cgsh_order_list.html HTTP/1.1" 200 56844
180.165.48.189 - - [26/Sep/2023:11:47:13 +0800] "GET /xingrg/javascript/jquery_tools/list_manager.js HTTP/1.1" 200 3652
180.165.48.189 - - [26/Sep/2023:11:47:13 +0800] "GET /xingrg/javascript/easyui/themes/icons/uncheck_new.png HTTP/1.1" 200 3197
180.165.48.189 - - [26/Sep/2023:11:47:13 +0800] "GET /xingrg/javascript/easyui/themes/icons/field_new.png HTTP/1.1" 200 1097
180.165.48.189 - - [26/Sep/2023:11:47:13 +0800] "GET /xingrg/javascript/easyui/themes/icons/import_new.png HTTP/1.1" 200 1247
180.165.48.189 - - [26/Sep/2023:11:47:13 +0800] "GET /xingrg/javascript/easyui/themes/icons/cance_new.png HTTP/1.1" 200 3986
180.165.48.189 - - [26/Sep/2023:11:47:13 +0800] "GET /xingrg/javascript/easyui/themes/icons/check_new.png HTTP/1.1" 200 3224
180.165.48.189 - - [26/Sep/2023:11:47:13 +0800] "GET /xingrg/javascript/easyui/themes/icons/edit_add_new.png HTTP/1.1" 200 2997
114.83.220.87 - - [26/Sep/2023:11:47:14 +0800] "GET /xingrg/all/function/internal_message.html?_=1695700034659&CODE_STATE=getMsg HTTP/1.1" 200 27
183.192.90.128 - - [26/Sep/2023:11:47:16 +0800] "GET /xingrg/all/function/internal_message.html?_=1695700038768&CODE_STATE=getMsg HTTP/1.1" 200 27
222.70.180.200 - - [26/Sep/2023:11:47:18 +0800] "GET /xingrg/all/function/internal_message.html?_=1695700037486&CODE_STATE=getMsg HTTP/1.1" 200 27
222.70.107.161 - - [26/Sep/2023:11:47:24 +0800] "GET /xingrg/all/function/internal_message.html?_=1695700048353&CODE_STATE=getMsg HTTP/1.1" 200 27
124.79.244.212 - - [26/Sep/2023:11:47:25 +0800] "GET /xingrg/all/function/internal_message.html?_=1695700344146&CODE_STATE=getMsg HTTP/1.1" 200 27
124.77.244.146 - - [26/Sep/2023:11:47:25 +0800] "GET /xingrg/all/function/internal_message.html?_=1695700050211&CODE_STATE=getMsg HTTP/1.1" 200 27
180.165.48.189 - - [26/Sep/2023:11:47:25 +0800] "POST /xingrg/kc/buy/cgsh_list_operate.html HTTP/1.1" 200 4075
180.169.147.146 - - [26/Sep/2023:11:47:26 +0800] "GET /xingrg/all/function/internal_message.html?_=1695700045142&CODE_STATE=getMsg HTTP/1.1" 200 27
114.95.241.104 - - [26/Sep/2023:11:47:27 +0800] "GET /xingrg/all/function/internal_message.html?_=1695699948555&CODE_STATE=getMsg HTTP/1.1" 200 27
180.152.241.196 - - [26/Sep/2023:11:47:29 +0800] "GET /xingrg/all/function/internal_message.html?_=1695700049537&CODE_STATE=getMsg HTTP/1.1" 200 27
180.169.147.146 - - [26/Sep/2023:11:47:31 +0800] "GET /xingrg/all/function/internal_message.html?_=1695700050775&CODE_STATE=getMsg HTTP/1.1" 200 27
222.70.180.200 - - [26/Sep/2023:11:47:31 +0800] "GET /xingrg/kc/buy/cgsh_order_operate.html?command=get_materiel&rest_code=00111&code=00101008095&supplier_code=00100005&order_time=2023-09-26 HTTP/1.1" 200 412
180.165.48.189 - - [26/Sep/2023:11:47:33 +0800] "GET /xingrg/javascript/jquery_tools/images/next.gif HTTP/1.1" 404 1086
180.165.48.189 - - [26/Sep/2023:11:47:33 +0800] "GET /xingrg/javascript/jquery_tools/images/prev.gif HTTP/1.1" 404 1086
120.253.135.82 - - [26/Sep/2023:11:47:36 +0800] "GET /xingrg/all/function/internal_message.html?_=1695699858864&CODE_STATE=getMsg HTTP/1.1" 200 27
124.78.155.92 - - [26/Sep/2023:11:47:36 +0800] "GET /xingrg/all/function/internal_message.html?_=1695700055154&CODE_STATE=getMsg HTTP/1.1" 200 27
124.77.244.146 - - [26/Sep/2023:11:47:40 +0800] "GET /xingrg/all/function/internal_message.html?_=1695700066223&CODE_STATE=getMsg HTTP/1.1" 200 27
180.165.48.189 - - [26/Sep/2023:11:47:44 +0800] "GET /xingrg/javascript/auto/indicator.gif HTTP/1.1" 404 1066
180.165.48.189 - - [26/Sep/2023:11:47:52 +0800] "POST /xingrg/kc/buy/cgsh_list_operate.html HTTP/1.1" 200 1898
222.70.180.200 - - [26/Sep/2023:11:47:54 +0800] "GET /xingrg/kc/buy/cgsh_order_operate.html?command=get_materiel&rest_code=00111&code=00101008674&supplier_code=00100005&order_time=2023-09-26 HTTP/1.1" 200 412
101.83.145.37 - - [26/Sep/2023:11:47:56 +0800] "GET /xingrg/all/function/internal_message.html?_=1695699861472&CODE_STATE=getMsg HTTP/1.1" 200 27
101.83.145.37 - - [26/Sep/2023:11:47:56 +0800] "GET /xingrg/check_reg.html?_=1695699861476 HTTP/1.1" 200 22
180.165.48.189 - - [26/Sep/2023:11:47:57 +0800] "POST /xingrg/kc/buy/cgsh_list_operate.html HTTP/1.1" 200 356
180.165.48.189 - - [26/Sep/2023:11:47:58 +0800] "GET /xingrg/kc/buy/cgsh_order_info.html?code=212023092510471 HTTP/1.1" 200 67619
180.165.48.189 - - [26/Sep/2023:11:47:59 +0800] "GET /xingrg/javascript/easyui/themes/icons/copy_new.png HTTP/1.1" 200 815
180.165.48.189 - - [26/Sep/2023:11:47:59 +0800] "GET /xingrg/javascript/easyui/themes/default/images/menu_downarrow.png HTTP/1.1" 200 173
180.165.48.189 - - [26/Sep/2023:11:47:59 +0800] "GET /xingrg/javascript/easyui/themes/icons/cancel.png HTTP/1.1" 200 1133
180.165.48.189 - - [26/Sep/2023:11:47:59 +0800] "GET /xingrg/javascript/easyui/themes/icons/print.png HTTP/1.1" 200 1057
180.165.48.189 - - [26/Sep/2023:11:47:59 +0800] "GET /xingrg/javascript/easyui/themes/default/validatebox.css HTTP/1.1" 404 1104
180.165.48.189 - - [26/Sep/2023:11:48:00 +0800] "POST /xingrg/kc/buy/cgsh_order_operate.html HTTP/1.1" 200 1801
180.165.48.189 - - [26/Sep/2023:11:48:00 +0800] "GET /xingrg/javascript/easyui/themes/icons/edit_remove.png HTTP/1.1" 200 625
180.165.48.189 - - [26/Sep/2023:11:48:00 +0800] "GET /xingrg/javascript/easyui/themes/default/images/button_plain_hover.png HTTP/1.1" 200 144
114.95.241.104 - - [26/Sep/2023:11:48:05 +0800] "GET /xingrg/all/function/internal_message.html?_=1695700084899&CODE_STATE=getMsg HTTP/1.1" 200 27
180.165.48.189 - - [26/Sep/2023:11:48:05 +0800] "POST /xingrg/kc/buy/cgsh_order_operate.html HTTP/1.1" 200 12
114.95.241.104 - - [26/Sep/2023:11:48:05 +0800] "GET /xingrg/check_reg.html?_=1695700085464 HTTP/1.1" 200 22
180.169.147.146 - - [26/Sep/2023:11:48:07 +0800] "GET /xingrg/all/function/internal_message.html?_=1695700086725&CODE_STATE=getMsg HTTP/1.1" 200 27
180.165.48.189 - - [26/Sep/2023:11:48:07 +0800] "GET /xingrg/kc/buy/cgsh_order_info.html?code=212023092510471 HTTP/1.1" 200 72462
180.165.48.189 - - [26/Sep/2023:11:48:07 +0800] "GET /xingrg/all/function/internal_message.html?_=1695700088833&CODE_STATE=getMsg HTTP/1.1" 200 27
180.165.48.189 - - [26/Sep/2023:11:48:08 +0800] "GET /xingrg/javascript/easyui/themes/icons/ok.png HTTP/1.1" 200 883
180.165.48.189 - - [26/Sep/2023:11:48:08 +0800] "GET /xingrg/javascript/easyui/themes/icons/template_new.png HTTP/1.1" 200 3956
180.165.48.189 - - [26/Sep/2023:11:48:08 +0800] "GET /xingrg/javascript/easyui/themes/default/validatebox.css HTTP/1.1" 404 1104
180.165.48.189 - - [26/Sep/2023:11:48:08 +0800] "GET /xingrg/all/common/auto_word.html?type=employee&rest_code=00108 HTTP/1.1" 200 101
180.165.48.189 - - [26/Sep/2023:11:48:08 +0800] "GET /xingrg/all/common/auto_word.html?type=employee&rest_code=00108 HTTP/1.1" 200 101
180.165.48.189 - - [26/Sep/2023:11:48:09 +0800] "POST /xingrg/kc/buy/cgsh_order_operate.html HTTP/1.1" 200 3851
222.70.180.200 - - [26/Sep/2023:11:48:11 +0800] "GET /xingrg/kc/buy/cgsh_order_operate.html?command=get_materiel&rest_code=00111&code=00101008223&supplier_code=00100005&order_time=2023-09-26 HTTP/1.1" 200 414
101.228.187.155 - - [26/Sep/2023:11:48:13 +0800] "GET /xingrg/all/function/internal_message.html?_=1695700092968&CODE_STATE=getMsg HTTP/1.1" 200 27
101.228.187.155 - - [26/Sep/2023:11:48:13 +0800] "GET /xingrg/check_reg.html?_=1695700092965 HTTP/1.1" 200 22
114.83.220.87 - - [26/Sep/2023:11:48:14 +0800] "GET /xingrg/all/function/internal_message.html?_=1695700094648&CODE_STATE=getMsg HTTP/1.1" 200 27
183.192.90.128 - - [26/Sep/2023:11:48:16 +0800] "GET /xingrg/all/function/internal_message.html?_=1695700098772&CODE_STATE=getMsg HTTP/1.1" 200 27
183.192.90.128 - - [26/Sep/2023:11:48:16 +0800] "GET /xingrg/check_reg.html?_=1695700098776 HTTP/1.1" 200 22
222.70.180.200 - - [26/Sep/2023:11:48:18 +0800] "GET /xingrg/all/function/internal_message.html?_=1695700097463&CODE_STATE=getMsg HTTP/1.1" 200 27
222.70.107.161 - - [26/Sep/2023:11:48:24 +0800] "GET /xingrg/all/function/internal_message.html?_=1695700108353&CODE_STATE=getMsg HTTP/1.1" 200 27
222.70.180.200 - - [26/Sep/2023:11:48:25 +0800] "POST /xingrg/kc/buy/cgsh_order_operate.html HTTP/1.1" 200 2065
124.79.244.212 - - [26/Sep/2023:11:48:25 +0800] "GET /xingrg/all/function/internal_message.html?_=1695700404136&CODE_STATE=getMsg HTTP/1.1" 200 27
114.95.241.104 - - [26/Sep/2023:11:48:25 +0800] "GET /xingrg/check_reg.html?_=1695700006535 HTTP/1.1" 200 22
124.77.244.146 - - [26/Sep/2023:11:48:25 +0800] "GET /xingrg/all/function/internal_message.html?_=1695700110220&CODE_STATE=getMsg HTTP/1.1" 200 27
180.169.147.146 - - [26/Sep/2023:11:48:26 +0800] "GET /xingrg/all/function/internal_message.html?_=1695700105126&CODE_STATE=getMsg HTTP/1.1" 200 27
180.169.147.146 - - [26/Sep/2023:11:48:27 +0800] "GET /xingrg/check_reg.html?_=1695700105518 HTTP/1.1" 200 22
114.95.241.104 - - [26/Sep/2023:11:48:27 +0800] "GET /xingrg/all/function/internal_message.html?_=1695700008569&CODE_STATE=getMsg HTTP/1.1" 200 27
180.152.241.196 - - [26/Sep/2023:11:48:29 +0800] "GET /xingrg/all/function/internal_message.html?_=1695700109533&CODE_STATE=getMsg HTTP/1.1" 200 27
