124.78.155.92 - - [24/Sep/2023:11:02:09 +0800] "GET /xingrg/images/blue/button/top_left.jpg HTTP/1.1" 200 1632
124.78.155.92 - - [24/Sep/2023:11:02:09 +0800] "GET /xingrg/images/blue/button/down.jpg HTTP/1.1" 200 1560
124.78.155.92 - - [24/Sep/2023:11:02:09 +0800] "GET /xingrg/images/blue/button/top_right.jpg HTTP/1.1" 200 1708
124.78.155.92 - - [24/Sep/2023:11:02:09 +0800] "GET /xingrg/images/blue/button/right_ah.jpg HTTP/1.1" 304 -
124.78.155.92 - - [24/Sep/2023:11:02:09 +0800] "GET /xingrg/images/blue/button/left_ah.jpg HTTP/1.1" 200 1643
124.78.155.92 - - [24/Sep/2023:11:02:09 +0800] "GET /xingrg/images/blue/button/bottom_left.jpg HTTP/1.1" 200 1524
124.78.155.92 - - [24/Sep/2023:11:02:09 +0800] "GET /xingrg/images/blue/button/bottom_right.jpg HTTP/1.1" 200 1436
124.78.155.92 - - [24/Sep/2023:11:02:10 +0800] "POST /xingrg/services/DataTransmitService HTTP/1.1" 200 524
124.78.155.92 - - [24/Sep/2023:11:02:11 +0800] "GET /xingrg/kc/base/wldb_order_list.html HTTP/1.1" 200 19174
124.78.155.92 - - [24/Sep/2023:11:02:11 +0800] "GET /xingrg/css/base.css HTTP/1.1" 304 -
124.78.155.92 - - [24/Sep/2023:11:02:11 +0800] "GET /xingrg/css/site.css HTTP/1.1" 304 -
124.78.155.92 - - [24/Sep/2023:11:02:11 +0800] "GET /xingrg/javascript/jquery_tools/datebox.css HTTP/1.1" 304 -
124.78.155.92 - - [24/Sep/2023:11:02:11 +0800] "GET /xingrg/javascript/easyui/themes/default/easyui.css HTTP/1.1" 304 -
124.78.155.92 - - [24/Sep/2023:11:02:11 +0800] "GET /xingrg/javascript/easyui/themes/icon.css HTTP/1.1" 304 -
124.78.155.92 - - [24/Sep/2023:11:02:11 +0800] "GET /xingrg/javascript/auto/jquery.autocomplete.css HTTP/1.1" 304 -
124.78.155.92 - - [24/Sep/2023:11:02:11 +0800] "GET /xingrg/javascript/jquery_tools/fix.css HTTP/1.1" 304 -
124.78.155.92 - - [24/Sep/2023:11:02:11 +0800] "GET /xingrg/javascript/jquery_tools/table.css HTTP/1.1" 304 -
124.78.155.92 - - [24/Sep/2023:11:02:11 +0800] "GET /xingrg/javascript/jquery_tools/jquery.tools.min.js HTTP/1.1" 304 -
124.78.155.92 - - [24/Sep/2023:11:02:11 +0800] "GET /xingrg/javascript/jquery_tools/jquery.tools.extend.js HTTP/1.1" 304 -
124.78.155.92 - - [24/Sep/2023:11:02:11 +0800] "GET /xingrg/javascript/jquery_tools/jquery.tools.hotkey.js HTTP/1.1" 304 -
124.78.155.92 - - [24/Sep/2023:11:02:11 +0800] "GET /xingrg/javascript/jquery_tools/jquery.tools.table.js HTTP/1.1" 304 -
124.78.155.92 - - [24/Sep/2023:11:02:11 +0800] "GET /xingrg/javascript/jquery_tools/list_manager.js HTTP/1.1" 304 -
124.78.155.92 - - [24/Sep/2023:11:02:11 +0800] "GET /xingrg/javascript/auto/jquery.autocomplete.js HTTP/1.1" 304 -
124.78.155.92 - - [24/Sep/2023:11:02:11 +0800] "GET /xingrg/javascript/easyui/easyloader.js HTTP/1.1" 304 -
124.78.155.92 - - [24/Sep/2023:11:02:11 +0800] "GET /xingrg/javascript/jquery.cookie.js HTTP/1.1" 304 -
124.78.155.92 - - [24/Sep/2023:11:02:11 +0800] "GET /xingrg/javascript/print/LodopFuncs.js HTTP/1.1" 304 -
124.78.155.92 - - [24/Sep/2023:11:02:11 +0800] "GET /xingrg/javascript/easyui/themes/icons/edit_add_new.png HTTP/1.1" 304 -
124.78.155.92 - - [24/Sep/2023:11:02:11 +0800] "GET /xingrg/javascript/easyui/themes/icons/field_new.png HTTP/1.1" 304 -
124.78.155.92 - - [24/Sep/2023:11:02:11 +0800] "GET /xingrg/javascript/easyui/themes/icons/import_new.png HTTP/1.1" 304 -
124.78.155.92 - - [24/Sep/2023:11:02:11 +0800] "GET /xingrg/javascript/easyui/themes/icons/check_new.png HTTP/1.1" 304 -
124.78.155.92 - - [24/Sep/2023:11:02:11 +0800] "GET /xingrg/javascript/easyui/themes/icons/cance_new.png HTTP/1.1" 304 -
124.78.155.92 - - [24/Sep/2023:11:02:11 +0800] "GET /xingrg/javascript/easyui/plugins/jquery.parser.js HTTP/1.1" 304 -
124.78.155.92 - - [24/Sep/2023:11:02:11 +0800] "GET /xingrg/images/control/ajaxLoader.gif HTTP/1.1" 304 -
114.95.241.104 - - [24/Sep/2023:11:02:11 +0800] "GET /xingrg/all/function/internal_message.html?_=1695524435247&CODE_STATE=getMsg HTTP/1.1" 200 27
124.78.155.92 - - [24/Sep/2023:11:02:11 +0800] "POST /xingrg/services/DataTransmitService HTTP/1.1" 200 501
124.78.155.92 - - [24/Sep/2023:11:02:12 +0800] "POST /xingrg/services/DataTransmitService HTTP/1.1" 200 501
124.78.155.92 - - [24/Sep/2023:11:02:12 +0800] "POST /xingrg/kc/base/wldb_list_operate.html HTTP/1.1" 200 928
222.70.180.200 - - [24/Sep/2023:11:02:12 +0800] "GET /xingrg/all/function/internal_message.html?_=1695524532020&CODE_STATE=getMsg HTTP/1.1" 200 27
124.77.244.146 - - [24/Sep/2023:11:02:13 +0800] "GET /xingrg/all/function/internal_message.html?_=1695524534864&CODE_STATE=getMsg HTTP/1.1" 200 27
124.78.155.92 - - [24/Sep/2023:11:02:13 +0800] "POST /xingrg/services/DataTransmitService HTTP/1.1" 200 501
124.78.155.92 - - [24/Sep/2023:11:02:13 +0800] "GET /xingrg/javascript/easyui/themes/default/images/button_plain_hover.png HTTP/1.1" 304 -
124.78.155.92 - - [24/Sep/2023:11:02:13 +0800] "POST /xingrg/services/DataTransmitService HTTP/1.1" 200 501
124.78.155.92 - - [24/Sep/2023:11:02:14 +0800] "GET /xingrg/kc/base/wldb_order_add.html HTTP/1.1" 200 30457
124.78.155.92 - - [24/Sep/2023:11:02:14 +0800] "GET /xingrg/javascript/jquery_tools/order_manager.js HTTP/1.1" 304 -
124.78.155.92 - - [24/Sep/2023:11:02:14 +0800] "GET /xingrg/javascript/convert.js HTTP/1.1" 304 -
124.78.155.92 - - [24/Sep/2023:11:02:14 +0800] "GET /xingrg/javascript/json2.js HTTP/1.1" 304 -
124.78.155.92 - - [24/Sep/2023:11:02:14 +0800] "GET /xingrg/javascript/print/kc_print.js HTTP/1.1" 304 -
124.78.155.92 - - [24/Sep/2023:11:02:14 +0800] "GET /xingrg/words/20230924105926_words.js HTTP/1.1" 200 988628
124.78.155.92 - - [24/Sep/2023:11:02:14 +0800] "GET /xingrg/javascript/easyui/themes/icons/ok.png HTTP/1.1" 200 883
124.78.155.92 - - [24/Sep/2023:11:02:14 +0800] "GET /xingrg/javascript/easyui/themes/icons/template_new.png HTTP/1.1" 200 3956
124.78.155.92 - - [24/Sep/2023:11:02:14 +0800] "GET /xingrg/javascript/easyui/themes/icons/print.png HTTP/1.1" 304 -
124.78.155.92 - - [24/Sep/2023:11:02:14 +0800] "GET /xingrg/javascript/easyui/themes/default/images/menu_downarrow.png HTTP/1.1" 304 -
124.78.155.92 - - [24/Sep/2023:11:02:14 +0800] "GET /xingrg/javascript/easyui/themes/icons/cancel.png HTTP/1.1" 304 -
124.78.155.92 - - [24/Sep/2023:11:02:14 +0800] "POST /xingrg/services/DataTransmitService HTTP/1.1" 200 412
124.78.155.92 - - [24/Sep/2023:11:02:14 +0800] "POST /xingrg/kc/base/wldb_order_operate.html HTTP/1.1" 200 6806
124.78.155.92 - - [24/Sep/2023:11:02:14 +0800] "GET /xingrg/all/common/auto_word.html?type=base&rest_code=00106 HTTP/1.1" 200 1799
124.78.155.92 - - [24/Sep/2023:11:02:14 +0800] "GET /xingrg/javascript/easyui/themes/default/validatebox.css HTTP/1.1" 404 1104
124.78.155.92 - - [24/Sep/2023:11:02:14 +0800] "GET /xingrg/all/common/auto_word.html?type=base&rest_code=00106 HTTP/1.1" 200 1799
124.78.155.92 - - [24/Sep/2023:11:02:14 +0800] "GET /xingrg/javascript/easyui/plugins/jquery.validatebox.js HTTP/1.1" 304 -
124.78.155.92 - - [24/Sep/2023:11:02:14 +0800] "GET /xingrg/javascript/easyui/plugins/jquery.numberbox.js HTTP/1.1" 304 -
124.78.155.92 - - [24/Sep/2023:11:02:14 +0800] "GET /xingrg/javascript/easyui/themes/icons/edit_remove.png HTTP/1.1" 304 -
124.78.155.92 - - [24/Sep/2023:11:02:16 +0800] "GET /xingrg/css/images/panel_loading.gif HTTP/1.1" 200 1737
124.78.155.92 - - [24/Sep/2023:11:02:16 +0800] "POST /xingrg/all/common/load_combo.html?type=base HTTP/1.1" 200 3227
124.78.155.92 - - [24/Sep/2023:11:02:16 +0800] "GET /xingrg/kc/buy/cgsh_order_operate.html?command=get_materiel&rest_code=00106&code=00102010846&supplier_code=00100151&order_time=2023-09-24 HTTP/1.1" 200 413
101.83.145.37 - - [24/Sep/2023:11:02:17 +0800] "GET /xingrg/check_reg.html?_=1695524323314 HTTP/1.1" 200 22
101.83.145.37 - - [24/Sep/2023:11:02:17 +0800] "GET /xingrg/all/function/internal_message.html?_=1695524323317&CODE_STATE=getMsg HTTP/1.1" 200 27
114.95.241.104 - - [24/Sep/2023:11:02:20 +0800] "GET /xingrg/all/function/internal_message.html?_=1695524443983&CODE_STATE=getMsg HTTP/1.1" 200 27
124.78.155.92 - - [24/Sep/2023:11:02:20 +0800] "POST /xingrg/all/common/load_combo.html?type=base HTTP/1.1" 200 3227
222.70.107.161 - - [24/Sep/2023:11:02:20 +0800] "GET /xingrg/kc/buy/cgsh_order_operate.html?command=get_materiel&rest_code=00156&code=00101008636&supplier_code=00100487&order_time=2023-09-24 HTTP/1.1" 200 440
124.77.244.146 - - [24/Sep/2023:11:02:21 +0800] "GET /xingrg/kc/buy/cgsh_order_operate.html?command=get_materiel&rest_code=00146&code=00101008155&supplier_code=00100005&order_time=2023-09-24 HTTP/1.1" 200 428
180.165.48.189 - - [24/Sep/2023:11:02:23 +0800] "GET /xingrg/all/function/internal_message.html?_=1695524543765&CODE_STATE=getMsg HTTP/1.1" 200 27
180.163.30.76 - - [24/Sep/2023:11:02:29 +0800] "GET /xingrg/all/function/internal_message.html?_=1695524489365&CODE_STATE=count HTTP/1.1" 302 -
180.163.30.76 - - [24/Sep/2023:11:02:29 +0800] "GET /xingrg/login.html HTTP/1.1" 200 7641
180.163.30.85 - - [24/Sep/2023:11:02:29 +0800] "GET /xingrg/check_reg.html?_=1695524489366 HTTP/1.1" 302 -
180.163.30.85 - - [24/Sep/2023:11:02:29 +0800] "GET /xingrg/login.html HTTP/1.1" 200 7641
180.169.147.146 - - [24/Sep/2023:11:02:29 +0800] "GET /xingrg/all/function/internal_message.html?_=1695524549370&CODE_STATE=getMsg HTTP/1.1" 200 27
101.228.187.155 - - [24/Sep/2023:11:02:30 +0800] "GET /xingrg/all/function/internal_message.html?_=1695524548665&CODE_STATE=getMsg HTTP/1.1" 200 27
101.228.187.155 - - [24/Sep/2023:11:02:30 +0800] "GET /xingrg/check_reg.html?_=1695524548669 HTTP/1.1" 200 22
124.78.155.92 - - [24/Sep/2023:11:02:32 +0800] "GET /xingrg/kc/buy/cgsh_order_operate.html?command=get_materiel&rest_code=00106&code=00102010502&supplier_code=00100151&order_time=2023-09-24 HTTP/1.1" 200 413
124.78.155.92 - - [24/Sep/2023:11:02:32 +0800] "GET /xingrg/javascript/auto/indicator.gif HTTP/1.1" 404 1066
222.70.107.161 - - [24/Sep/2023:11:02:38 +0800] "POST /xingrg/kc/buy/cgsh_order_operate.html HTTP/1.1" 200 37
222.70.180.200 - - [24/Sep/2023:11:02:40 +0800] "POST /xingrg/services/DataTransmitService HTTP/1.1" 200 524
222.70.107.161 - - [24/Sep/2023:11:02:40 +0800] "POST /xingrg/kc/buy/cgsh_order_operate.html HTTP/1.1" 200 2666
124.78.155.92 - - [24/Sep/2023:11:02:40 +0800] "GET /xingrg/kc/base/wldb_order_operate.html?command=get_materiel&rest_code=00106&base_code=0010396&code=00101019127 HTTP/1.1" 200 480
124.78.155.92 - - [24/Sep/2023:11:02:41 +0800] "GET /xingrg/kc/buy/cgsh_order_operate.html?command=get_materiel&rest_code=00106&code=00102026001&supplier_code=00100151&order_time=2023-09-24 HTTP/1.1" 200 409
222.70.107.161 - - [24/Sep/2023:11:02:41 +0800] "GET /xingrg/kc/print/load_config.html?kc_code=cgsh HTTP/1.1" 200 1927
222.70.107.161 - - [24/Sep/2023:11:02:42 +0800] "GET /xingrg/kc/print/load_data.html?order_code=212023092409791&kc_code=cgsh&condition= HTTP/1.1" 200 679
180.152.241.196 - - [24/Sep/2023:11:02:44 +0800] "GET /xingrg/all/function/internal_message.html?_=1695524564590&CODE_STATE=getMsg HTTP/1.1" 200 27
124.79.244.212 - - [24/Sep/2023:11:02:45 +0800] "GET /xingrg/all/function/internal_message.html?_=1695524563603&CODE_STATE=getMsg HTTP/1.1" 200 27
180.152.241.196 - - [24/Sep/2023:11:02:45 +0800] "GET /xingrg/check_reg.html?_=1695524565604 HTTP/1.1" 200 22
222.70.107.161 - - [24/Sep/2023:11:02:46 +0800] "GET /xingrg/kc/buy/cgsh_order_add.html HTTP/1.1" 200 72440
101.83.145.37 - - [24/Sep/2023:11:02:47 +0800] "GET /xingrg/all/function/internal_message.html?_=1695524567378&CODE_STATE=getMsg HTTP/1.1" 200 27
222.70.107.161 - - [24/Sep/2023:11:02:47 +0800] "GET /xingrg/words/20230924105926_words.js HTTP/1.1" 304 -
222.70.107.161 - - [24/Sep/2023:11:02:47 +0800] "POST /xingrg/kc/buy/cgsh_order_operate.html HTTP/1.1" 200 8245
222.70.107.161 - - [24/Sep/2023:11:02:47 +0800] "GET /xingrg/javascript/easyui/themes/default/validatebox.css HTTP/1.1" 404 1104
222.70.107.161 - - [24/Sep/2023:11:02:47 +0800] "GET /xingrg/all/common/auto_word.html?type=employee&rest_code=00156 HTTP/1.1" 200 97
222.70.107.161 - - [24/Sep/2023:11:02:47 +0800] "GET /xingrg/all/common/auto_word.html?type=employee&rest_code=00156 HTTP/1.1" 200 97
172.20.0.100 - - [24/Sep/2023:11:02:48 +0800] "GET /xingrg/check_reg.html?_=1695524567503 HTTP/1.1" 200 22
221.239.166.189 - - [24/Sep/2023:11:02:48 +0800] "GET /xingrg/all/function/internal_message.html?_=1695524566555&CODE_STATE=getMsg HTTP/1.1" 200 27
114.83.219.209 - - [24/Sep/2023:11:02:50 +0800] "GET /xingrg/all/function/internal_message.html?_=1695524571452&CODE_STATE=getMsg HTTP/1.1" 200 27
114.95.241.104 - - [24/Sep/2023:11:02:50 +0800] "GET /xingrg/all/function/internal_message.html?_=1695524568534&CODE_STATE=getMsg HTTP/1.1" 200 27
114.83.216.51 - - [24/Sep/2023:11:02:51 +0800] "GET /xingrg/all/function/internal_message.html?_=1695524572005&CODE_STATE=getMsg HTTP/1.1" 200 27
172.20.0.100 - - [24/Sep/2023:11:02:51 +0800] "GET /xingrg/all/function/internal_message.html?_=1695524571069&CODE_STATE=getMsg HTTP/1.1" 200 27
222.70.180.200 - - [24/Sep/2023:11:02:52 +0800] "POST /xingrg/services/DataTransmitService HTTP/1.1" 200 501
222.70.107.161 - - [24/Sep/2023:11:02:52 +0800] "GET /xingrg/all/function/internal_message.html?_=1695524572772&CODE_STATE=getMsg HTTP/1.1" 200 27
222.70.107.161 - - [24/Sep/2023:11:02:52 +0800] "GET /xingrg/check_reg.html?_=1695524572774 HTTP/1.1" 200 22
120.253.135.82 - - [24/Sep/2023:11:02:53 +0800] "GET /xingrg/all/function/internal_message.html?_=1695524376061&CODE_STATE=getMsg HTTP/1.1" 200 27
222.70.180.200 - - [24/Sep/2023:11:02:53 +0800] "GET /xingrg/all/function/internal_message.html?_=1695524573140&CODE_STATE=getMsg HTTP/1.1" 200 27
124.78.155.92 - - [24/Sep/2023:11:02:54 +0800] "GET /xingrg/all/function/internal_message.html?_=1695524569199&CODE_STATE=getMsg HTTP/1.1" 200 27
116.230.110.33 - - [24/Sep/2023:11:02:57 +0800] "GET /xingrg/check_reg.html?_=1695524576937 HTTP/1.1" 200 22
116.230.110.33 - - [24/Sep/2023:11:02:57 +0800] "GET /xingrg/all/function/internal_message.html?_=1695524576940&CODE_STATE=getMsg HTTP/1.1" 200 27
124.77.244.146 - - [24/Sep/2023:11:02:57 +0800] "GET /xingrg/kc/buy/cgsh_order_operate.html?command=get_materiel&rest_code=00146&code=00101008361&supplier_code=00100005&order_time=2023-09-24 HTTP/1.1" 200 408
124.78.69.58 - - [24/Sep/2023:11:02:58 +0800] "GET /xingrg/all/function/internal_message.html?_=1695524005300&CODE_STATE=getMsg HTTP/1.1" 200 27
222.70.107.161 - - [24/Sep/2023:11:02:58 +0800] "GET /xingrg/kc/buy/cgsh_order_operate.html?command=get_materiel&rest_code=00156&code=00101013157&supplier_code=00100337&order_time=2023-09-23 HTTP/1.1" 200 412
124.78.69.58 - - [24/Sep/2023:11:02:59 +0800] "GET /xingrg/check_reg.html?_=1695524006320 HTTP/1.1" 200 22
116.230.110.33 - - [24/Sep/2023:11:02:59 +0800] "GET /xingrg/all/function/internal_message.html?_=1695524432185&CODE_STATE=getMsg HTTP/1.1" 200 27
124.79.244.212 - - [24/Sep/2023:11:03:02 +0800] "GET /xingrg/all/function/internal_message.html?_=1695524880953&CODE_STATE=getMsg HTTP/1.1" 200 27
124.78.69.58 - - [24/Sep/2023:11:03:04 +0800] "GET /xingrg/all/function/internal_message.html?_=1695524585110&CODE_STATE=getMsg HTTP/1.1" 200 27
124.78.155.92 - - [24/Sep/2023:11:03:07 +0800] "GET /xingrg/all/function/internal_message.html?_=1695524587978&CODE_STATE=getMsg HTTP/1.1" 200 27
124.77.244.146 - - [24/Sep/2023:11:03:11 +0800] "GET /xingrg/kc/buy/cgsh_order_operate.html?command=get_materiel&rest_code=00146&code=00101013114&supplier_code=00100005&order_time=2023-09-24 HTTP/1.1" 200 409
114.95.241.104 - - [24/Sep/2023:11:03:11 +0800] "GET /xingrg/all/function/internal_message.html?_=1695524495269&CODE_STATE=getMsg HTTP/1.1" 200 27
124.78.155.92 - - [24/Sep/2023:11:03:11 +0800] "GET /xingrg/kc/buy/cgsh_order_operate.html?command=get_materiel&rest_code=00106&code=00102009877&supplier_code=00100151&order_time=2023-09-24 HTTP/1.1" 200 412
222.70.180.200 - - [24/Sep/2023:11:03:12 +0800] "GET /xingrg/all/function/internal_message.html?_=1695524592097&CODE_STATE=getMsg HTTP/1.1" 200 27
124.77.244.146 - - [24/Sep/2023:11:03:13 +0800] "GET /xingrg/all/function/internal_message.html?_=1695524594878&CODE_STATE=getMsg HTTP/1.1" 200 27
124.78.155.92 - - [24/Sep/2023:11:03:13 +0800] "GET /xingrg/kc/base/wldb_order_operate.html?command=get_materiel&rest_code=00106&base_code=0010396&code=00101019185 HTTP/1.1" 200 469
101.83.145.37 - - [24/Sep/2023:11:03:17 +0800] "GET /xingrg/all/function/internal_message.html?_=1695524383318&CODE_STATE=getMsg HTTP/1.1" 200 27
114.95.241.104 - - [24/Sep/2023:11:03:20 +0800] "GET /xingrg/all/function/internal_message.html?_=1695524504044&CODE_STATE=getMsg HTTP/1.1" 200 27
180.165.48.189 - - [24/Sep/2023:11:03:23 +0800] "GET /xingrg/all/function/internal_message.html?_=1695524603759&CODE_STATE=getMsg HTTP/1.1" 200 27
124.78.155.92 - - [24/Sep/2023:11:03:25 +0800] "GET /xingrg/kc/buy/cgsh_order_operate.html?command=get_materiel&rest_code=00106&code=00102002140&supplier_code=00100151&order_time=2023-09-24 HTTP/1.1" 200 421
124.78.155.92 - - [24/Sep/2023:11:03:26 +0800] "GET /xingrg/kc/base/wldb_order_operate.html?command=get_materiel&rest_code=00106&base_code=0010396&code=00101019492 HTTP/1.1" 200 457
114.95.241.104 - - [24/Sep/2023:11:03:26 +0800] "POST /xingrg/services/DataTransmitService HTTP/1.1" 200 524
180.169.147.146 - - [24/Sep/2023:11:03:29 +0800] "GET /xingrg/all/function/internal_message.html?_=1695524609384&CODE_STATE=getMsg HTTP/1.1" 200 27
101.228.187.155 - - [24/Sep/2023:11:03:30 +0800] "GET /xingrg/all/function/internal_message.html?_=1695524608673&CODE_STATE=getMsg HTTP/1.1" 200 27
218.81.68.103 - - [24/Sep/2023:11:03:30 +0800] "POST /xingrg/services/DataTransmitService HTTP/1.1" 200 524
218.81.68.103 - - [24/Sep/2023:11:03:31 +0800] "POST /xingrg/services/DataTransmitService HTTP/1.1" 200 501
218.81.68.103 - - [24/Sep/2023:11:03:31 +0800] "POST /xingrg/services/DataTransmitService HTTP/1.1" 200 501
218.81.68.103 - - [24/Sep/2023:11:03:31 +0800] "POST /xingrg/services/DataTransmitService HTTP/1.1" 200 501
218.81.68.103 - - [24/Sep/2023:11:03:32 +0800] "POST /xingrg/services/DataTransmitService HTTP/1.1" 200 501
218.81.68.103 - - [24/Sep/2023:11:03:32 +0800] "POST /xingrg/services/DataTransmitService HTTP/1.1" 200 501
218.81.68.103 - - [24/Sep/2023:11:03:35 +0800] "POST /xingrg/services/DataTransmitService HTTP/1.1" 200 412
124.78.155.92 - - [24/Sep/2023:11:03:37 +0800] "POST /xingrg/kc/buy/cgsh_order_operate.html HTTP/1.1" 200 37
124.78.155.92 - - [24/Sep/2023:11:03:38 +0800] "GET /xingrg/kc/base/wldb_order_operate.html?command=get_materiel&rest_code=00106&base_code=0010396&code=00101019476 HTTP/1.1" 200 480
222.70.107.161 - - [24/Sep/2023:11:03:38 +0800] "GET /xingrg/kc/buy/cgsh_order_operate.html?command=get_materiel&rest_code=00156&code=00101013130&supplier_code=00100337&order_time=2023-09-23 HTTP/1.1" 200 412
124.77.244.146 - - [24/Sep/2023:11:03:39 +0800] "GET /xingrg/kc/buy/cgsh_order_operate.html?command=get_materiel&rest_code=00146&code=00101008223&supplier_code=00100005&order_time=2023-09-24 HTTP/1.1" 200 414
218.81.68.103 - - [24/Sep/2023:11:03:41 +0800] "GET /xingrg/check_reg.html?_=1695524619465 HTTP/1.1" 200 22
180.152.241.196 - - [24/Sep/2023:11:03:44 +0800] "GET /xingrg/all/function/internal_message.html?_=1695524624585&CODE_STATE=getMsg HTTP/1.1" 200 27
124.79.244.212 - - [24/Sep/2023:11:03:45 +0800] "GET /xingrg/all/function/internal_message.html?_=1695524623599&CODE_STATE=getMsg HTTP/1.1" 200 27
222.70.107.161 - - [24/Sep/2023:11:03:46 +0800] "GET /xingrg/kc/buy/cgsh_order_operate.html?command=get_materiel&rest_code=00156&code=00101013008&supplier_code=00100337&order_time=2023-09-23 HTTP/1.1" 200 432
101.83.145.37 - - [24/Sep/2023:11:03:46 +0800] "GET /xingrg/all/function/internal_message.html?_=1695524627348&CODE_STATE=getMsg HTTP/1.1" 200 27
101.83.145.37 - - [24/Sep/2023:11:03:47 +0800] "GET /xingrg/check_reg.html?_=1695524627774 HTTP/1.1" 200 22
221.239.166.189 - - [24/Sep/2023:11:03:48 +0800] "GET /xingrg/all/function/internal_message.html?_=1695524626532&CODE_STATE=getMsg HTTP/1.1" 200 27
114.83.219.209 - - [24/Sep/2023:11:03:50 +0800] "GET /xingrg/all/function/internal_message.html?_=1695524631434&CODE_STATE=getMsg HTTP/1.1" 200 27
101.228.187.155 - - [24/Sep/2023:11:03:50 +0800] "GET /xingrg/javascript/jquery_easy_ui/themes/default/images/tabs_close.gif HTTP/1.1" 304 -
101.228.187.155 - - [24/Sep/2023:11:03:50 +0800] "GET /xingrg/kc/base/yddb_order_list.html HTTP/1.1" 200 16786
101.228.187.155 - - [24/Sep/2023:11:03:50 +0800] "GET /xingrg/css/base.css HTTP/1.1" 304 -
101.228.187.155 - - [24/Sep/2023:11:03:50 +0800] "GET /xingrg/javascript/easyui/themes/icon.css HTTP/1.1" 304 -
101.228.187.155 - - [24/Sep/2023:11:03:50 +0800] "GET /xingrg/javascript/jquery_tools/datebox.css HTTP/1.1" 304 -
101.228.187.155 - - [24/Sep/2023:11:03:50 +0800] "GET /xingrg/css/site.css HTTP/1.1" 304 -
101.228.187.155 - - [24/Sep/2023:11:03:50 +0800] "GET /xingrg/javascript/easyui/themes/default/easyui.css HTTP/1.1" 304 -
101.228.187.155 - - [24/Sep/2023:11:03:50 +0800] "GET /xingrg/javascript/jquery_tools/fix.css HTTP/1.1" 304 -
101.228.187.155 - - [24/Sep/2023:11:03:50 +0800] "GET /xingrg/javascript/jquery_tools/table.css HTTP/1.1" 304 -
101.228.187.155 - - [24/Sep/2023:11:03:50 +0800] "GET /xingrg/javascript/auto/jquery.autocomplete.css HTTP/1.1" 304 -
101.228.187.155 - - [24/Sep/2023:11:03:50 +0800] "GET /xingrg/javascript/jquery_tools/jquery.tools.min.js HTTP/1.1" 304 -
101.228.187.155 - - [24/Sep/2023:11:03:50 +0800] "GET /xingrg/javascript/jquery_tools/jquery.tools.table.js HTTP/1.1" 304 -
101.228.187.155 - - [24/Sep/2023:11:03:50 +0800] "GET /xingrg/javascript/jquery_tools/jquery.tools.hotkey.js HTTP/1.1" 304 -
101.228.187.155 - - [24/Sep/2023:11:03:50 +0800] "GET /xingrg/javascript/jquery_tools/jquery.tools.extend.js HTTP/1.1" 304 -
101.228.187.155 - - [24/Sep/2023:11:03:50 +0800] "GET /xingrg/javascript/jquery_tools/list_manager.js HTTP/1.1" 304 -
101.228.187.155 - - [24/Sep/2023:11:03:50 +0800] "GET /xingrg/javascript/auto/jquery.autocomplete.js HTTP/1.1" 304 -
101.228.187.155 - - [24/Sep/2023:11:03:50 +0800] "GET /xingrg/javascript/easyui/easyloader.js HTTP/1.1" 304 -
101.228.187.155 - - [24/Sep/2023:11:03:50 +0800] "GET /xingrg/javascript/print/LodopFuncs.js HTTP/1.1" 304 -
101.228.187.155 - - [24/Sep/2023:11:03:50 +0800] "GET /xingrg/javascript/jquery.cookie.js HTTP/1.1" 304 -
221.239.166.189 - - [24/Sep/2023:11:03:50 +0800] "GET /xingrg/check_reg.html?_=1695524628940 HTTP/1.1" 200 22
114.95.241.104 - - [24/Sep/2023:11:03:50 +0800] "GET /xingrg/all/function/internal_message.html?_=1695524628535&CODE_STATE=getMsg HTTP/1.1" 200 27
114.95.241.104 - - [24/Sep/2023:11:03:50 +0800] "GET /xingrg/check_reg.html?_=1695524628538 HTTP/1.1" 200 22
101.228.187.155 - - [24/Sep/2023:11:03:51 +0800] "GET /xingrg/javascript/easyui/themes/icons/field_new.png HTTP/1.1" 304 -
101.228.187.155 - - [24/Sep/2023:11:03:51 +0800] "GET /xingrg/javascript/easyui/themes/icons/edit_add_new.png HTTP/1.1" 304 -
101.228.187.155 - - [24/Sep/2023:11:03:51 +0800] "GET /xingrg/javascript/easyui/themes/icons/import_new.png HTTP/1.1" 304 -
124.78.155.92 - - [24/Sep/2023:11:03:51 +0800] "GET /xingrg/kc/base/wldb_order_operate.html?command=get_materiel&rest_code=00106&base_code=0010396&code=00101019405 HTTP/1.1" 200 482
101.228.187.155 - - [24/Sep/2023:11:03:51 +0800] "GET /xingrg/javascript/easyui/plugins/jquery.parser.js HTTP/1.1" 304 -
101.228.187.155 - - [24/Sep/2023:11:03:51 +0800] "GET /xingrg/images/control/ajaxLoader.gif HTTP/1.1" 304 -
101.228.187.155 - - [24/Sep/2023:11:03:51 +0800] "POST /xingrg/kc/base/yddb_list_operate.html HTTP/1.1" 200 1343
172.20.0.100 - - [24/Sep/2023:11:03:51 +0800] "GET /xingrg/all/function/internal_message.html?_=1695524631039&CODE_STATE=getMsg HTTP/1.1" 200 27
114.83.216.51 - - [24/Sep/2023:11:03:51 +0800] "GET /xingrg/all/function/internal_message.html?_=1695524632006&CODE_STATE=getMsg HTTP/1.1" 200 27
124.78.155.92 - - [24/Sep/2023:11:03:52 +0800] "POST /xingrg/kc/buy/cgsh_order_operate.html HTTP/1.1" 200 5037
222.70.107.161 - - [24/Sep/2023:11:03:52 +0800] "GET /xingrg/all/function/internal_message.html?_=1695524632776&CODE_STATE=getMsg HTTP/1.1" 200 27
120.253.135.82 - - [24/Sep/2023:11:03:53 +0800] "GET /xingrg/all/function/internal_message.html?_=1695524436113&CODE_STATE=getMsg HTTP/1.1" 200 27
222.70.180.200 - - [24/Sep/2023:11:03:53 +0800] "GET /xingrg/all/function/internal_message.html?_=1695524633113&CODE_STATE=getMsg HTTP/1.1" 200 27
124.78.155.92 - - [24/Sep/2023:11:03:54 +0800] "GET /xingrg/all/function/internal_message.html?_=1695524629176&CODE_STATE=getMsg HTTP/1.1" 200 27
124.77.244.146 - - [24/Sep/2023:11:03:56 +0800] "POST /xingrg/kc/buy/cgsh_order_operate.html HTTP/1.1" 200 2065
116.230.110.33 - - [24/Sep/2023:11:03:57 +0800] "GET /xingrg/all/function/internal_message.html?_=1695524636938&CODE_STATE=getMsg HTTP/1.1" 200 27
222.70.107.161 - - [24/Sep/2023:11:03:58 +0800] "POST /xingrg/kc/buy/cgsh_order_operate.html HTTP/1.1" 200 37
124.78.69.58 - - [24/Sep/2023:11:03:58 +0800] "GET /xingrg/all/function/internal_message.html?_=1695524065268&CODE_STATE=getMsg HTTP/1.1" 200 27
116.230.110.33 - - [24/Sep/2023:11:03:59 +0800] "GET /xingrg/all/function/internal_message.html?_=1695524492170&CODE_STATE=getMsg HTTP/1.1" 200 27
222.70.107.161 - - [24/Sep/2023:11:04:00 +0800] "POST /xingrg/kc/buy/cgsh_order_operate.html HTTP/1.1" 200 3837
222.70.107.161 - - [24/Sep/2023:11:04:01 +0800] "GET /xingrg/kc/print/load_config.html?kc_code=cgsh HTTP/1.1" 200 1927
124.78.155.92 - - [24/Sep/2023:11:04:01 +0800] "GET /xingrg/kc/base/wldb_order_operate.html?command=get_materiel&rest_code=00106&base_code=0010396&code=00101019184 HTTP/1.1" 200 456
222.70.107.161 - - [24/Sep/2023:11:04:01 +0800] "GET /xingrg/kc/print/load_data.html?order_code=212023092409793&kc_code=cgsh&condition= HTTP/1.1" 200 1115
124.79.244.212 - - [24/Sep/2023:11:04:02 +0800] "GET /xingrg/all/function/internal_message.html?_=1695524940952&CODE_STATE=getMsg HTTP/1.1" 200 27
124.78.69.58 - - [24/Sep/2023:11:04:04 +0800] "GET /xingrg/check_reg.html?_=1695524645109 HTTP/1.1" 200 22
124.78.69.58 - - [24/Sep/2023:11:04:04 +0800] "GET /xingrg/all/function/internal_message.html?_=1695524645110&CODE_STATE=getMsg HTTP/1.1" 200 27
222.70.107.161 - - [24/Sep/2023:11:04:06 +0800] "GET /xingrg/kc/buy/cgsh_order_add.html HTTP/1.1" 200 72440
222.70.107.161 - - [24/Sep/2023:11:04:06 +0800] "GET /xingrg/words/20230924105926_words.js HTTP/1.1" 304 -
222.70.107.161 - - [24/Sep/2023:11:04:06 +0800] "POST /xingrg/kc/buy/cgsh_order_operate.html HTTP/1.1" 200 8245
222.70.107.161 - - [24/Sep/2023:11:04:06 +0800] "GET /xingrg/javascript/easyui/themes/default/validatebox.css HTTP/1.1" 404 1104
222.70.107.161 - - [24/Sep/2023:11:04:06 +0800] "GET /xingrg/all/common/auto_word.html?type=employee&rest_code=00156 HTTP/1.1" 200 97
222.70.107.161 - - [24/Sep/2023:11:04:06 +0800] "GET /xingrg/all/common/auto_word.html?type=employee&rest_code=00156 HTTP/1.1" 200 97
124.78.155.92 - - [24/Sep/2023:11:04:07 +0800] "GET /xingrg/all/function/internal_message.html?_=1695524647981&CODE_STATE=getMsg HTTP/1.1" 200 27
114.95.241.104 - - [24/Sep/2023:11:04:11 +0800] "GET /xingrg/all/function/internal_message.html?_=1695524555274&CODE_STATE=getMsg HTTP/1.1" 200 27
222.70.180.200 - - [24/Sep/2023:11:04:12 +0800] "GET /xingrg/all/function/internal_message.html?_=1695524652197&CODE_STATE=getMsg HTTP/1.1" 200 27
124.77.244.146 - - [24/Sep/2023:11:04:13 +0800] "GET /xingrg/all/function/internal_message.html?_=1695524654892&CODE_STATE=getMsg HTTP/1.1" 200 27
124.78.155.92 - - [24/Sep/2023:11:04:13 +0800] "GET /xingrg/kc/base/wldb_order_operate.html?command=get_materiel&rest_code=00106&base_code=0010396&code=00101019400 HTTP/1.1" 200 465
101.83.145.37 - - [24/Sep/2023:11:04:17 +0800] "GET /xingrg/all/function/internal_message.html?_=1695524443319&CODE_STATE=getMsg HTTP/1.1" 200 27
222.70.107.161 - - [24/Sep/2023:11:04:20 +0800] "GET /xingrg/kc/buy/cgsh_order_operate.html?command=get_materiel&rest_code=00156&code=00101008756&supplier_code=00100339&order_time=2023-09-23 HTTP/1.1" 200 408
114.95.241.104 - - [24/Sep/2023:11:04:20 +0800] "GET /xingrg/all/function/internal_message.html?_=1695524564057&CODE_STATE=getMsg HTTP/1.1" 200 27
124.78.155.92 - - [24/Sep/2023:11:04:20 +0800] "GET /xingrg/kc/base/wldb_order_operate.html?command=get_materiel&rest_code=00106&base_code=0010396&code=00101019359 HTTP/1.1" 200 462
180.165.48.189 - - [24/Sep/2023:11:04:23 +0800] "GET /xingrg/all/function/internal_message.html?_=1695524663733&CODE_STATE=getMsg HTTP/1.1" 200 27
124.78.155.92 - - [24/Sep/2023:11:04:24 +0800] "POST /xingrg/kc/buy/cgsh_order_operate.html HTTP/1.1" 200 37
222.70.107.161 - - [24/Sep/2023:11:04:29 +0800] "GET /xingrg/kc/buy/cgsh_order_operate.html?command=get_materiel&rest_code=00156&code=00101008517&supplier_code=00100339&order_time=2023-09-23 HTTP/1.1" 200 414
180.169.147.146 - - [24/Sep/2023:11:04:29 +0800] "GET /xingrg/all/function/internal_message.html?_=1695524669374&CODE_STATE=getMsg HTTP/1.1" 200 27
101.228.187.155 - - [24/Sep/2023:11:04:30 +0800] "GET /xingrg/all/function/internal_message.html?_=1695524668675&CODE_STATE=getMsg HTTP/1.1" 200 27
222.70.180.200 - - [24/Sep/2023:11:04:30 +0800] "GET /xingrg/javascript/auto/indicator.gif HTTP/1.1" 404 1066
124.78.155.92 - - [24/Sep/2023:11:04:32 +0800] "POST /xingrg/kc/buy/cgsh_order_operate.html HTTP/1.1" 200 12
124.78.155.92 - - [24/Sep/2023:11:04:32 +0800] "GET /xingrg/kc/base/wldb_order_operate.html?command=get_materiel&rest_code=00106&base_code=0010396&code=00101016094 HTTP/1.1" 200 470
124.78.155.92 - - [24/Sep/2023:11:04:34 +0800] "GET /xingrg/kc/buy/cgsh_order_info.html?code=212023092409792 HTTP/1.1" 200 67262
124.78.155.92 - - [24/Sep/2023:11:04:35 +0800] "GET /xingrg/words/20230924105926_words.js HTTP/1.1" 304 -
124.78.155.92 - - [24/Sep/2023:11:04:35 +0800] "GET /xingrg/javascript/easyui/themes/default/validatebox.css HTTP/1.1" 404 1104
222.70.107.161 - - [24/Sep/2023:11:04:35 +0800] "GET /xingrg/kc/buy/cgsh_order_operate.html?command=get_materiel&rest_code=00156&code=00101008125&supplier_code=00100339&order_time=2023-09-23 HTTP/1.1" 200 433
222.70.180.200 - - [24/Sep/2023:11:04:36 +0800] "GET /xingrg/kc/buy/cgsh_order_operate.html?command=get_materiel&rest_code=00111&code=00101006087&supplier_code=00100012&order_time=2023-09-24 HTTP/1.1" 200 430
124.78.155.92 - - [24/Sep/2023:11:04:36 +0800] "POST /xingrg/kc/buy/cgsh_order_operate.html HTTP/1.1" 200 2986
124.78.155.92 - - [24/Sep/2023:11:04:38 +0800] "GET /xingrg/kc/print/load_data.html?order_code=212023092409792&kc_code=cgsh&condition= HTTP/1.1" 200 1601
180.152.241.196 - - [24/Sep/2023:11:04:44 +0800] "GET /xingrg/all/function/internal_message.html?_=1695524684577&CODE_STATE=getMsg HTTP/1.1" 200 27
124.79.244.212 - - [24/Sep/2023:11:04:45 +0800] "GET /xingrg/all/function/internal_message.html?_=1695524683618&CODE_STATE=getMsg HTTP/1.1" 200 27
101.83.145.37 - - [24/Sep/2023:11:04:46 +0800] "GET /xingrg/all/function/internal_message.html?_=1695524687325&CODE_STATE=getMsg HTTP/1.1" 200 27
221.239.166.189 - - [24/Sep/2023:11:04:48 +0800] "GET /xingrg/all/function/internal_message.html?_=1695524686508&CODE_STATE=getMsg HTTP/1.1" 200 27
222.70.107.161 - - [24/Sep/2023:11:04:50 +0800] "POST /xingrg/kc/buy/cgsh_order_operate.html HTTP/1.1" 200 37
114.83.219.209 - - [24/Sep/2023:11:04:50 +0800] "GET /xingrg/all/function/internal_message.html?_=1695524691421&CODE_STATE=getMsg HTTP/1.1" 200 27
114.95.241.104 - - [24/Sep/2023:11:04:50 +0800] "GET /xingrg/all/function/internal_message.html?_=1695524688540&CODE_STATE=getMsg HTTP/1.1" 200 27
172.20.0.100 - - [24/Sep/2023:11:04:51 +0800] "GET /xingrg/all/function/internal_message.html?_=1695524691010&CODE_STATE=getMsg HTTP/1.1" 200 27
114.83.216.51 - - [24/Sep/2023:11:04:51 +0800] "GET /xingrg/all/function/internal_message.html?_=1695524692016&CODE_STATE=getMsg HTTP/1.1" 200 27
124.78.155.92 - - [24/Sep/2023:11:04:51 +0800] "GET /xingrg/kc/buy/cgsh_order_add.html HTTP/1.1" 200 72361
124.78.155.92 - - [24/Sep/2023:11:04:51 +0800] "GET /xingrg/check_reg.html?_=1695524687104 HTTP/1.1" 200 22
124.78.155.92 - - [24/Sep/2023:11:04:52 +0800] "POST /xingrg/kc/buy/cgsh_order_operate.html HTTP/1.1" 200 8245
124.78.155.92 - - [24/Sep/2023:11:04:52 +0800] "GET /xingrg/javascript/easyui/themes/default/validatebox.css HTTP/1.1" 404 1104
222.70.107.161 - - [24/Sep/2023:11:04:52 +0800] "GET /xingrg/all/function/internal_message.html?_=1695524692778&CODE_STATE=getMsg HTTP/1.1" 200 27
222.70.107.161 - - [24/Sep/2023:11:04:52 +0800] "POST /xingrg/kc/buy/cgsh_order_operate.html HTTP/1.1" 200 3849
124.78.155.92 - - [24/Sep/2023:11:04:53 +0800] "GET /xingrg/javascript/easyui/themes/default/tree.css HTTP/1.1" 404 1090
120.253.135.82 - - [24/Sep/2023:11:04:53 +0800] "GET /xingrg/all/function/internal_message.html?_=1695524496120&CODE_STATE=getMsg HTTP/1.1" 200 27
222.70.180.200 - - [24/Sep/2023:11:04:53 +0800] "GET /xingrg/all/function/internal_message.html?_=1695524693097&CODE_STATE=getMsg HTTP/1.1" 200 27
222.70.107.161 - - [24/Sep/2023:11:04:53 +0800] "GET /xingrg/kc/print/load_config.html?kc_code=cgsh HTTP/1.1" 200 1927
124.78.155.92 - - [24/Sep/2023:11:04:53 +0800] "POST /xingrg/all/common/load_tree.html?tree=supplier_tree_json&isDelete=1 HTTP/1.1" 200 75946
180.163.29.212 - - [24/Sep/2023:11:04:54 +0800] "GET /xingrg/all/function/internal_message.html?_=1695524629176&CODE_STATE=getMsg HTTP/1.1" 302 -
180.163.29.212 - - [24/Sep/2023:11:04:54 +0800] "GET /xingrg/login.html HTTP/1.1" 200 7641
222.70.107.161 - - [24/Sep/2023:11:04:54 +0800] "GET /xingrg/kc/print/load_data.html?order_code=212023092409794&kc_code=cgsh&condition= HTTP/1.1" 200 1132
124.78.155.92 - - [24/Sep/2023:11:04:55 +0800] "GET /xingrg/all/function/internal_message.html?_=1695524690946&CODE_STATE=getMsg HTTP/1.1" 200 27
116.230.110.33 - - [24/Sep/2023:11:04:57 +0800] "GET /xingrg/all/function/internal_message.html?_=1695524696938&CODE_STATE=getMsg HTTP/1.1" 200 27
124.78.69.58 - - [24/Sep/2023:11:04:58 +0800] "GET /xingrg/all/function/internal_message.html?_=1695524125239&CODE_STATE=getMsg HTTP/1.1" 200 27
116.230.110.33 - - [24/Sep/2023:11:04:59 +0800] "GET /xingrg/all/function/internal_message.html?_=1695524552152&CODE_STATE=getMsg HTTP/1.1" 200 27
222.70.107.161 - - [24/Sep/2023:11:05:00 +0800] "GET /xingrg/kc/buy/cgsh_order_add.html HTTP/1.1" 200 72440
222.70.107.161 - - [24/Sep/2023:11:05:00 +0800] "GET /xingrg/words/20230924105926_words.js HTTP/1.1" 304 -
222.70.107.161 - - [24/Sep/2023:11:05:00 +0800] "POST /xingrg/kc/buy/cgsh_order_operate.html HTTP/1.1" 200 8245
222.70.107.161 - - [24/Sep/2023:11:05:00 +0800] "GET /xingrg/javascript/easyui/themes/default/validatebox.css HTTP/1.1" 404 1104
222.70.107.161 - - [24/Sep/2023:11:05:00 +0800] "GET /xingrg/all/common/auto_word.html?type=employee&rest_code=00156 HTTP/1.1" 200 97
222.70.107.161 - - [24/Sep/2023:11:05:00 +0800] "GET /xingrg/all/common/auto_word.html?type=employee&rest_code=00156 HTTP/1.1" 200 97
124.79.244.212 - - [24/Sep/2023:11:05:02 +0800] "GET /xingrg/all/function/internal_message.html?_=1695525000953&CODE_STATE=getMsg HTTP/1.1" 200 27
124.79.244.212 - - [24/Sep/2023:11:05:02 +0800] "GET /xingrg/check_reg.html?_=1695525000952 HTTP/1.1" 200 22
124.78.69.58 - - [24/Sep/2023:11:05:04 +0800] "GET /xingrg/all/function/internal_message.html?_=1695524705124&CODE_STATE=getMsg HTTP/1.1" 200 27
124.78.155.92 - - [24/Sep/2023:11:05:07 +0800] "GET /xingrg/all/function/internal_message.html?_=1695524707973&CODE_STATE=getMsg HTTP/1.1" 200 27
124.77.244.146 - - [24/Sep/2023:11:05:10 +0800] "GET /xingrg/check_reg.html?_=1695524712299 HTTP/1.1" 200 22
124.77.244.146 - - [24/Sep/2023:11:05:11 +0800] "GET /xingrg/kc/buy/cgsh_order_operate.html?command=get_materiel&rest_code=00146&code=00101008100&supplier_code=00100005&order_time=2023-09-24 HTTP/1.1" 200 408
114.95.241.104 - - [24/Sep/2023:11:05:11 +0800] "GET /xingrg/all/function/internal_message.html?_=1695524615297&CODE_STATE=getMsg HTTP/1.1" 200 27
222.70.180.200 - - [24/Sep/2023:11:05:12 +0800] "GET /xingrg/all/function/internal_message.html?_=1695524712330&CODE_STATE=getMsg HTTP/1.1" 200 27
124.77.244.146 - - [24/Sep/2023:11:05:13 +0800] "GET /xingrg/all/function/internal_message.html?_=1695524715028&CODE_STATE=getMsg HTTP/1.1" 200 27
114.83.216.51 - - [24/Sep/2023:11:05:13 +0800] "GET /xingrg/kc/base/wldb_order_list.html HTTP/1.1" 200 19180
222.70.107.161 - - [24/Sep/2023:11:05:13 +0800] "GET /xingrg/kc/buy/cgsh_order_operate.html?command=get_materiel&rest_code=00156&code=00101001052&supplier_code=00100442&order_time=2023-09-23 HTTP/1.1" 200 411
114.83.216.51 - - [24/Sep/2023:11:05:14 +0800] "POST /xingrg/kc/base/wldb_list_operate.html HTTP/1.1" 200 928
114.83.216.51 - - [24/Sep/2023:11:05:15 +0800] "GET /xingrg/kc/base/wldb_order_add.html HTTP/1.1" 200 30463
114.83.216.51 - - [24/Sep/2023:11:05:15 +0800] "GET /xingrg/words/20230924105926_words.js HTTP/1.1" 200 988628
114.83.216.51 - - [24/Sep/2023:11:05:16 +0800] "POST /xingrg/kc/base/wldb_order_operate.html HTTP/1.1" 200 6806
114.83.216.51 - - [24/Sep/2023:11:05:16 +0800] "GET /xingrg/javascript/easyui/themes/default/validatebox.css HTTP/1.1" 404 1104
101.83.145.37 - - [24/Sep/2023:11:05:17 +0800] "GET /xingrg/all/function/internal_message.html?_=1695524503320&CODE_STATE=getMsg HTTP/1.1" 200 27
124.78.155.92 - - [24/Sep/2023:11:05:17 +0800] "GET /xingrg/kc/buy/cgsh_order_operate.html?command=get_materiel&rest_code=00106&code=00102001239&supplier_code=00100151&order_time=2023-09-24 HTTP/1.1" 200 395
114.95.241.104 - - [24/Sep/2023:11:05:20 +0800] "GET /xingrg/all/function/internal_message.html?_=1695524624115&CODE_STATE=getMsg HTTP/1.1" 200 27
180.165.48.189 - - [24/Sep/2023:11:05:23 +0800] "GET /xingrg/all/function/internal_message.html?_=1695524723715&CODE_STATE=getMsg HTTP/1.1" 200 27
124.77.244.146 - - [24/Sep/2023:11:05:24 +0800] "GET /xingrg/kc/buy/cgsh_order_operate.html?command=get_materiel&rest_code=00146&code=00101015006&supplier_code=00100005&order_time=2023-09-24 HTTP/1.1" 200 413
114.83.216.51 - - [24/Sep/2023:11:05:24 +0800] "POST /xingrg/all/common/load_combo.html?type=base HTTP/1.1" 200 3409
180.169.147.146 - - [24/Sep/2023:11:05:29 +0800] "GET /xingrg/all/function/internal_message.html?_=1695524729396&CODE_STATE=getMsg HTTP/1.1" 200 27
101.228.187.155 - - [24/Sep/2023:11:05:30 +0800] "GET /xingrg/all/function/internal_message.html?_=1695524728677&CODE_STATE=getMsg HTTP/1.1" 200 27
222.70.107.161 - - [24/Sep/2023:11:05:30 +0800] "POST /xingrg/kc/buy/cgsh_order_operate.html HTTP/1.1" 200 37
114.83.216.51 - - [24/Sep/2023:11:05:34 +0800] "GET /xingrg/kc/base/wldb_order_operate.html?command=get_materiel&rest_code=00149&base_code=0010395&code=00101017003 HTTP/1.1" 200 448
124.78.155.92 - - [24/Sep/2023:11:05:38 +0800] "POST /xingrg/kc/buy/cgsh_order_operate.html HTTP/1.1" 200 37
124.77.244.146 - - [24/Sep/2023:11:05:41 +0800] "GET /favicon.ico HTTP/1.1" 404 -
180.152.241.196 - - [24/Sep/2023:11:05:44 +0800] "GET /xingrg/all/function/internal_message.html?_=1695524744560&CODE_STATE=getMsg HTTP/1.1" 200 27
124.79.244.212 - - [24/Sep/2023:11:05:45 +0800] "GET /xingrg/check_reg.html?_=1695524743597 HTTP/1.1" 200 22
124.79.244.212 - - [24/Sep/2023:11:05:45 +0800] "GET /xingrg/all/function/internal_message.html?_=1695524743601&CODE_STATE=getMsg HTTP/1.1" 200 27
114.83.216.51 - - [24/Sep/2023:11:05:46 +0800] "POST /xingrg/kc/base/wldb_order_operate.html HTTP/1.1" 200 37
114.83.216.51 - - [24/Sep/2023:11:05:46 +0800] "POST /xingrg/kc/base/wldb_order_operate.html HTTP/1.1" 200 2200
101.83.145.37 - - [24/Sep/2023:11:05:46 +0800] "GET /xingrg/all/function/internal_message.html?_=1695524747301&CODE_STATE=getMsg HTTP/1.1" 200 27
124.77.244.146 - - [24/Sep/2023:11:05:48 +0800] "POST /xingrg/kc/buy/cgsh_order_operate.html HTTP/1.1" 200 37
221.239.166.189 - - [24/Sep/2023:11:05:48 +0800] "GET /xingrg/all/function/internal_message.html?_=1695524746495&CODE_STATE=getMsg HTTP/1.1" 200 27
114.95.241.104 - - [24/Sep/2023:11:05:49 +0800] "GET /xingrg/check_reg.html?_=1695524653071 HTTP/1.1" 200 22
114.83.219.209 - - [24/Sep/2023:11:05:50 +0800] "GET /xingrg/all/function/internal_message.html?_=1695524751408&CODE_STATE=getMsg HTTP/1.1" 200 27
114.83.219.209 - - [24/Sep/2023:11:05:50 +0800] "GET /xingrg/check_reg.html?_=1695524751547 HTTP/1.1" 200 22
114.95.241.104 - - [24/Sep/2023:11:05:50 +0800] "GET /xingrg/all/function/internal_message.html?_=1695524748541&CODE_STATE=getMsg HTTP/1.1" 200 27
222.70.180.200 - - [24/Sep/2023:11:05:51 +0800] "GET /xingrg/kc/buy/cgsh_order_operate.html?command=get_materiel&rest_code=00111&code=00101006193&supplier_code=00100012&order_time=2023-09-24 HTTP/1.1" 200 409
180.163.29.206 - - [24/Sep/2023:11:05:51 +0800] "GET /xingrg/check_reg.html?_=1695524687104 HTTP/1.1" 302 -
180.163.29.206 - - [24/Sep/2023:11:05:51 +0800] "GET /xingrg/login.html HTTP/1.1" 200 7641
172.20.0.100 - - [24/Sep/2023:11:05:51 +0800] "GET /xingrg/all/function/internal_message.html?_=1695524750982&CODE_STATE=getMsg HTTP/1.1" 200 27
114.83.216.51 - - [24/Sep/2023:11:05:51 +0800] "GET /xingrg/all/function/internal_message.html?_=1695524752032&CODE_STATE=getMsg HTTP/1.1" 200 27
124.77.244.146 - - [24/Sep/2023:11:05:52 +0800] "POST /xingrg/kc/buy/cgsh_order_operate.html HTTP/1.1" 200 28660
120.253.135.82 - - [24/Sep/2023:11:05:53 +0800] "GET /xingrg/all/function/internal_message.html?_=1695524556168&CODE_STATE=getMsg HTTP/1.1" 200 27
222.70.180.200 - - [24/Sep/2023:11:05:53 +0800] "GET /xingrg/all/function/internal_message.html?_=1695524753070&CODE_STATE=getMsg HTTP/1.1" 200 27
124.78.155.92 - - [24/Sep/2023:11:05:53 +0800] "POST /xingrg/kc/buy/cgsh_order_operate.html HTTP/1.1" 200 12
222.70.180.200 - - [24/Sep/2023:11:05:55 +0800] "GET /xingrg/check_reg.html?_=1695524754808 HTTP/1.1" 200 22
180.163.30.76 - - [24/Sep/2023:11:05:55 +0800] "GET /xingrg/all/function/internal_message.html?_=1695524690946&CODE_STATE=getMsg HTTP/1.1" 302 -
180.163.30.76 - - [24/Sep/2023:11:05:55 +0800] "GET /xingrg/login.html HTTP/1.1" 200 7641
124.77.244.146 - - [24/Sep/2023:11:05:56 +0800] "GET /xingrg/kc/print/load_config.html?kc_code=cgsh HTTP/1.1" 200 1927
114.95.241.104 - - [24/Sep/2023:11:05:56 +0800] "GET /xingrg/check_reg.html?_=1695524660466 HTTP/1.1" 200 22
116.230.110.33 - - [24/Sep/2023:11:05:57 +0800] "GET /xingrg/all/function/internal_message.html?_=1695524756955&CODE_STATE=getMsg HTTP/1.1" 200 27
124.77.244.146 - - [24/Sep/2023:11:05:57 +0800] "GET /xingrg/kc/print/load_data.html?order_code=212023092409743&kc_code=cgsh&condition= HTTP/1.1" 200 10542
124.78.69.58 - - [24/Sep/2023:11:05:58 +0800] "GET /xingrg/all/function/internal_message.html?_=1695524185209&CODE_STATE=getMsg HTTP/1.1" 200 27
114.83.216.51 - - [24/Sep/2023:11:05:58 +0800] "POST /xingrg/kc/base/wldb_order_operate.html HTTP/1.1" 200 12
116.230.110.33 - - [24/Sep/2023:11:05:59 +0800] "GET /xingrg/all/function/internal_message.html?_=1695524612123&CODE_STATE=getMsg HTTP/1.1" 200 27
124.79.244.212 - - [24/Sep/2023:11:06:02 +0800] "GET /xingrg/all/function/internal_message.html?_=1695525060951&CODE_STATE=getMsg HTTP/1.1" 200 27
114.83.216.51 - - [24/Sep/2023:11:06:02 +0800] "GET /xingrg/kc/base/wldb_order_info.html?code=422023092402399 HTTP/1.1" 200 26341
114.83.216.51 - - [24/Sep/2023:11:06:03 +0800] "GET /xingrg/words/20230924105926_words.js HTTP/1.1" 304 -
114.83.216.51 - - [24/Sep/2023:11:06:03 +0800] "GET /xingrg/javascript/easyui/themes/default/validatebox.css HTTP/1.1" 404 1104
114.83.216.51 - - [24/Sep/2023:11:06:03 +0800] "POST /xingrg/kc/base/wldb_order_operate.html HTTP/1.1" 200 492
124.78.69.58 - - [24/Sep/2023:11:06:04 +0800] "GET /xingrg/all/function/internal_message.html?_=1695524765108&CODE_STATE=getMsg HTTP/1.1" 200 27
124.78.155.92 - - [24/Sep/2023:11:06:07 +0800] "GET /xingrg/all/function/internal_message.html?_=1695524767976&CODE_STATE=getMsg HTTP/1.1" 200 27
114.95.241.104 - - [24/Sep/2023:11:06:11 +0800] "GET /xingrg/all/function/internal_message.html?_=1695524675302&CODE_STATE=getMsg HTTP/1.1" 200 27
222.70.180.200 - - [24/Sep/2023:11:06:12 +0800] "GET /xingrg/check_reg.html?_=1695524772008 HTTP/1.1" 200 22
222.70.180.200 - - [24/Sep/2023:11:06:12 +0800] "GET /xingrg/all/function/internal_message.html?_=1695524772362&CODE_STATE=getMsg HTTP/1.1" 200 27
124.77.244.146 - - [24/Sep/2023:11:06:13 +0800] "GET /xingrg/all/function/internal_message.html?_=1695524775176&CODE_STATE=getMsg HTTP/1.1" 200 27
101.83.145.37 - - [24/Sep/2023:11:06:17 +0800] "GET /xingrg/all/function/internal_message.html?_=1695524563320&CODE_STATE=getMsg HTTP/1.1" 200 27
114.95.241.104 - - [24/Sep/2023:11:06:20 +0800] "GET /xingrg/all/function/internal_message.html?_=1695524684115&CODE_STATE=getMsg HTTP/1.1" 200 27
180.165.48.189 - - [24/Sep/2023:11:06:23 +0800] "GET /xingrg/all/function/internal_message.html?_=1695524783699&CODE_STATE=getMsg HTTP/1.1" 200 27
180.165.48.189 - - [24/Sep/2023:11:06:23 +0800] "GET /xingrg/check_reg.html?_=1695524783941 HTTP/1.1" 200 22
124.78.155.92 - - [24/Sep/2023:11:06:28 +0800] "POST /xingrg/kc/base/wldb_order_operate.html HTTP/1.1" 200 37
124.78.155.92 - - [24/Sep/2023:11:06:28 +0800] "POST /xingrg/kc/base/wldb_order_operate.html HTTP/1.1" 200 6227
180.163.29.219 - - [24/Sep/2023:11:06:29 +0800] "GET /xingrg/all/function/internal_message.html?_=1695524729396&CODE_STATE=getMsg HTTP/1.1" 302 -
180.163.29.219 - - [24/Sep/2023:11:06:29 +0800] "GET /xingrg/login.html HTTP/1.1" 200 7641
180.169.147.146 - - [24/Sep/2023:11:06:29 +0800] "GET /xingrg/check_reg.html?_=1695524789397 HTTP/1.1" 200 22
180.169.147.146 - - [24/Sep/2023:11:06:29 +0800] "GET /xingrg/all/function/internal_message.html?_=1695524789400&CODE_STATE=getMsg HTTP/1.1" 200 27
101.228.187.155 - - [24/Sep/2023:11:06:30 +0800] "GET /xingrg/all/function/internal_message.html?_=1695524788678&CODE_STATE=getMsg HTTP/1.1" 200 27
124.78.155.92 - - [24/Sep/2023:11:06:30 +0800] "GET /xingrg/kc/base/wldb_order_info.html?code=422023092402400 HTTP/1.1" 200 30471
124.78.155.92 - - [24/Sep/2023:11:06:30 +0800] "GET /xingrg/kc/buy/cgsh_order_info.html?code=212023092409796 HTTP/1.1" 200 67262
124.78.155.92 - - [24/Sep/2023:11:06:30 +0800] "GET /xingrg/words/20230924105926_words.js HTTP/1.1" 304 -
124.78.155.92 - - [24/Sep/2023:11:06:30 +0800] "GET /xingrg/words/20230924105926_words.js HTTP/1.1" 304 -
124.78.155.92 - - [24/Sep/2023:11:06:30 +0800] "GET /xingrg/javascript/easyui/themes/default/validatebox.css HTTP/1.1" 404 1104
124.78.155.92 - - [24/Sep/2023:11:06:30 +0800] "GET /xingrg/javascript/easyui/themes/default/validatebox.css HTTP/1.1" 404 1104
124.78.155.92 - - [24/Sep/2023:11:06:31 +0800] "POST /xingrg/kc/base/wldb_order_operate.html HTTP/1.1" 200 6227
124.78.155.92 - - [24/Sep/2023:11:06:31 +0800] "POST /xingrg/kc/buy/cgsh_order_operate.html HTTP/1.1" 200 608
120.253.135.82 - - [24/Sep/2023:11:06:31 +0800] "GET /xingrg/check_reg.html?_=1695524594391 HTTP/1.1" 200 22
114.83.219.209 - - [24/Sep/2023:11:06:32 +0800] "GET /xingrg/kc/buy/cgsh_order_list.html HTTP/1.1" 200 56585
124.78.155.92 - - [24/Sep/2023:11:06:33 +0800] "GET /xingrg/kc/print/load_data.html?order_code=212023092409796&kc_code=cgsh&condition= HTTP/1.1" 200 683
124.78.155.92 - - [24/Sep/2023:11:06:35 +0800] "GET /xingrg/kc/base/wldb_order_add.html HTTP/1.1" 200 30457
124.78.155.92 - - [24/Sep/2023:11:06:35 +0800] "POST /xingrg/kc/base/wldb_order_operate.html HTTP/1.1" 200 6806
124.78.155.92 - - [24/Sep/2023:11:06:35 +0800] "GET /xingrg/javascript/easyui/themes/default/validatebox.css HTTP/1.1" 404 1104
114.83.219.209 - - [24/Sep/2023:11:06:36 +0800] "POST /xingrg/kc/buy/cgsh_list_operate.html HTTP/1.1" 200 1871
124.78.155.92 - - [24/Sep/2023:11:06:37 +0800] "POST /xingrg/all/common/load_combo.html?type=base HTTP/1.1" 200 3227
116.230.110.33 - - [24/Sep/2023:11:06:39 +0800] "GET /xingrg/check_reg.html?_=1695524651717 HTTP/1.1" 200 22
124.78.155.92 - - [24/Sep/2023:11:06:41 +0800] "POST /xingrg/all/common/load_combo.html?type=base HTTP/1.1" 200 3227
180.152.241.196 - - [24/Sep/2023:11:06:44 +0800] "GET /xingrg/all/function/internal_message.html?_=1695524804544&CODE_STATE=getMsg HTTP/1.1" 200 27
124.79.244.212 - - [24/Sep/2023:11:06:45 +0800] "GET /xingrg/all/function/internal_message.html?_=1695524803591&CODE_STATE=getMsg HTTP/1.1" 200 27
101.83.145.37 - - [24/Sep/2023:11:06:46 +0800] "GET /xingrg/all/function/internal_message.html?_=1695524807274&CODE_STATE=getMsg HTTP/1.1" 200 27
221.239.166.189 - - [24/Sep/2023:11:06:48 +0800] "GET /xingrg/all/function/internal_message.html?_=1695524806487&CODE_STATE=getMsg HTTP/1.1" 200 27
114.83.219.209 - - [24/Sep/2023:11:06:50 +0800] "GET /xingrg/all/function/internal_message.html?_=1695524811390&CODE_STATE=getMsg HTTP/1.1" 200 27
114.95.241.104 - - [24/Sep/2023:11:06:50 +0800] "GET /xingrg/all/function/internal_message.html?_=1695524808556&CODE_STATE=getMsg HTTP/1.1" 200 27
172.20.0.100 - - [24/Sep/2023:11:06:51 +0800] "GET /xingrg/all/function/internal_message.html?_=1695524810954&CODE_STATE=getMsg HTTP/1.1" 200 27
114.83.216.51 - - [24/Sep/2023:11:06:51 +0800] "GET /xingrg/check_reg.html?_=1695524812021 HTTP/1.1" 200 22
114.83.216.51 - - [24/Sep/2023:11:06:51 +0800] "GET /xingrg/all/function/internal_message.html?_=1695524812024&CODE_STATE=getMsg HTTP/1.1" 200 27
120.253.135.82 - - [24/Sep/2023:11:06:53 +0800] "GET /xingrg/all/function/internal_message.html?_=1695524616179&CODE_STATE=getMsg HTTP/1.1" 200 27
222.70.180.200 - - [24/Sep/2023:11:06:53 +0800] "GET /xingrg/all/function/internal_message.html?_=1695524813045&CODE_STATE=getMsg HTTP/1.1" 200 27
114.83.219.209 - - [24/Sep/2023:11:06:55 +0800] "POST /xingrg/kc/buy/cgsh_list_operate.html HTTP/1.1" 200 565
124.78.155.92 - - [24/Sep/2023:11:06:55 +0800] "GET /xingrg/all/function/internal_message.html?_=1695524810959&CODE_STATE=getMsg HTTP/1.1" 200 27
116.230.110.33 - - [24/Sep/2023:11:06:57 +0800] "GET /xingrg/all/function/internal_message.html?_=1695524816957&CODE_STATE=getMsg HTTP/1.1" 200 27
124.78.69.58 - - [24/Sep/2023:11:06:58 +0800] "GET /xingrg/all/function/internal_message.html?_=1695524245183&CODE_STATE=getMsg HTTP/1.1" 200 27
