114.83.219.209 - - [24/Sep/2023:11:06:59 +0800] "GET /xingrg/kc/buy/cgsh_order_info.html?code=212023092309190 HTTP/1.1" 200 71576
114.83.219.209 - - [24/Sep/2023:11:06:59 +0800] "GET /xingrg/words/20230924105926_words.js HTTP/1.1" 200 988628
116.230.110.33 - - [24/Sep/2023:11:06:59 +0800] "GET /xingrg/all/function/internal_message.html?_=1695524672102&CODE_STATE=getMsg HTTP/1.1" 200 27
114.83.219.209 - - [24/Sep/2023:11:06:59 +0800] "GET /xingrg/javascript/easyui/themes/default/validatebox.css HTTP/1.1" 404 1104
114.83.219.209 - - [24/Sep/2023:11:07:01 +0800] "POST /xingrg/kc/buy/cgsh_order_operate.html HTTP/1.1" 200 22146
124.78.155.92 - - [24/Sep/2023:11:07:02 +0800] "GET /xingrg/kc/base/wldb_order_operate.html?command=get_materiel&rest_code=00106&base_code=0010396&code=00101019247 HTTP/1.1" 200 455
124.79.244.212 - - [24/Sep/2023:11:07:02 +0800] "GET /xingrg/all/function/internal_message.html?_=1695525120958&CODE_STATE=getMsg HTTP/1.1" 200 27
124.78.69.58 - - [24/Sep/2023:11:07:04 +0800] "GET /xingrg/all/function/internal_message.html?_=1695524825123&CODE_STATE=getMsg HTTP/1.1" 200 27
124.78.155.92 - - [24/Sep/2023:11:07:07 +0800] "GET /xingrg/check_reg.html?_=1695524827988 HTTP/1.1" 200 22
124.78.155.92 - - [24/Sep/2023:11:07:07 +0800] "GET /xingrg/all/function/internal_message.html?_=1695524827991&CODE_STATE=getMsg HTTP/1.1" 200 27
114.95.241.104 - - [24/Sep/2023:11:07:11 +0800] "GET /xingrg/all/function/internal_message.html?_=1695524735315&CODE_STATE=getMsg HTTP/1.1" 200 27
222.70.180.200 - - [24/Sep/2023:11:07:12 +0800] "GET /xingrg/all/function/internal_message.html?_=1695524832433&CODE_STATE=getMsg HTTP/1.1" 200 27
124.77.244.146 - - [24/Sep/2023:11:07:13 +0800] "GET /xingrg/all/function/internal_message.html?_=1695524835181&CODE_STATE=getMsg HTTP/1.1" 200 27
124.78.155.92 - - [24/Sep/2023:11:07:14 +0800] "GET /xingrg/kc/base/wldb_order_operate.html?command=get_materiel&rest_code=00106&base_code=0010396&code=00101019079 HTTP/1.1" 200 479
222.70.107.161 - - [24/Sep/2023:11:07:14 +0800] "GET /xingrg/all/function/internal_message.html?_=1695524835289&CODE_STATE=getMsg HTTP/1.1" 200 27
222.70.107.161 - - [24/Sep/2023:11:07:16 +0800] "POST /xingrg/kc/buy/cgsh_order_operate.html HTTP/1.1" 200 2655
101.83.145.37 - - [24/Sep/2023:11:07:17 +0800] "GET /xingrg/check_reg.html?_=1695524623320 HTTP/1.1" 200 22
101.83.145.37 - - [24/Sep/2023:11:07:17 +0800] "GET /xingrg/all/function/internal_message.html?_=1695524623323&CODE_STATE=getMsg HTTP/1.1" 200 27
221.239.166.189 - - [24/Sep/2023:11:07:17 +0800] "GET /xingrg/kc/buy/cgsh_order_add.html HTTP/1.1" 200 71556
221.239.166.189 - - [24/Sep/2023:11:07:18 +0800] "GET /xingrg/words/20230924105926_words.js HTTP/1.1" 200 988628
221.239.166.189 - - [24/Sep/2023:11:07:18 +0800] "GET /xingrg/javascript/easyui/themes/default/validatebox.css HTTP/1.1" 404 1104
221.239.166.189 - - [24/Sep/2023:11:07:19 +0800] "GET /xingrg/all/common/auto_word.html?type=employee&rest_code=00145 HTTP/1.1" 200 151
221.239.166.189 - - [24/Sep/2023:11:07:19 +0800] "GET /xingrg/all/common/auto_word.html?type=employee&rest_code=00145 HTTP/1.1" 200 151
221.239.166.189 - - [24/Sep/2023:11:07:19 +0800] "POST /xingrg/kc/buy/cgsh_order_operate.html HTTP/1.1" 200 8245
114.95.241.104 - - [24/Sep/2023:11:07:20 +0800] "GET /xingrg/all/function/internal_message.html?_=1695524744129&CODE_STATE=getMsg HTTP/1.1" 200 27
222.70.107.161 - - [24/Sep/2023:11:07:21 +0800] "GET /xingrg/kc/print/load_config.html?kc_code=cgsh HTTP/1.1" 200 1927
222.70.107.161 - - [24/Sep/2023:11:07:21 +0800] "GET /xingrg/kc/print/load_data.html?order_code=212023092409795&kc_code=cgsh&condition= HTTP/1.1" 200 669
124.78.155.92 - - [24/Sep/2023:11:07:22 +0800] "GET /xingrg/kc/base/wldb_order_operate.html?command=get_materiel&rest_code=00106&base_code=0010396&code=00101019315 HTTP/1.1" 200 475
180.165.48.189 - - [24/Sep/2023:11:07:23 +0800] "GET /xingrg/all/function/internal_message.html?_=1695524843691&CODE_STATE=getMsg HTTP/1.1" 200 27
222.70.107.161 - - [24/Sep/2023:11:07:26 +0800] "GET /xingrg/kc/buy/cgsh_order_add.html HTTP/1.1" 200 72440
222.70.107.161 - - [24/Sep/2023:11:07:26 +0800] "GET /xingrg/words/20230924105926_words.js HTTP/1.1" 304 -
222.70.107.161 - - [24/Sep/2023:11:07:26 +0800] "POST /xingrg/kc/buy/cgsh_order_operate.html HTTP/1.1" 200 8245
222.70.107.161 - - [24/Sep/2023:11:07:26 +0800] "GET /xingrg/javascript/easyui/themes/default/validatebox.css HTTP/1.1" 404 1104
222.70.107.161 - - [24/Sep/2023:11:07:26 +0800] "GET /xingrg/all/common/auto_word.html?type=employee&rest_code=00156 HTTP/1.1" 200 97
222.70.107.161 - - [24/Sep/2023:11:07:26 +0800] "GET /xingrg/all/common/auto_word.html?type=employee&rest_code=00156 HTTP/1.1" 200 97
180.163.30.76 - - [24/Sep/2023:11:07:29 +0800] "GET /xingrg/all/function/internal_message.html?_=1695524789400&CODE_STATE=getMsg HTTP/1.1" 302 -
180.163.30.76 - - [24/Sep/2023:11:07:29 +0800] "GET /xingrg/login.html HTTP/1.1" 200 7641
180.169.147.146 - - [24/Sep/2023:11:07:29 +0800] "GET /xingrg/all/function/internal_message.html?_=1695524849394&CODE_STATE=getMsg HTTP/1.1" 200 27
101.228.187.155 - - [24/Sep/2023:11:07:30 +0800] "GET /xingrg/check_reg.html?_=1695524848679 HTTP/1.1" 200 22
101.228.187.155 - - [24/Sep/2023:11:07:30 +0800] "GET /xingrg/all/function/internal_message.html?_=1695524848683&CODE_STATE=getMsg HTTP/1.1" 200 27
222.70.107.161 - - [24/Sep/2023:11:07:37 +0800] "GET /xingrg/kc/buy/cgsh_order_operate.html?command=get_materiel&rest_code=00156&code=00101004023&supplier_code=00100312&order_time=2023-09-23 HTTP/1.1" 200 409
180.152.241.196 - - [24/Sep/2023:11:07:44 +0800] "GET /xingrg/all/function/internal_message.html?_=1695524864536&CODE_STATE=getMsg HTTP/1.1" 200 27
124.79.244.212 - - [24/Sep/2023:11:07:45 +0800] "GET /xingrg/all/function/internal_message.html?_=1695524863598&CODE_STATE=getMsg HTTP/1.1" 200 27
180.152.241.196 - - [24/Sep/2023:11:07:45 +0800] "GET /xingrg/check_reg.html?_=1695524865596 HTTP/1.1" 200 22
101.83.145.37 - - [24/Sep/2023:11:07:46 +0800] "GET /xingrg/all/function/internal_message.html?_=1695524867254&CODE_STATE=getMsg HTTP/1.1" 200 27
172.20.0.100 - - [24/Sep/2023:11:07:48 +0800] "GET /xingrg/check_reg.html?_=1695524867502 HTTP/1.1" 200 22
221.239.166.189 - - [24/Sep/2023:11:07:48 +0800] "GET /xingrg/all/function/internal_message.html?_=1695524866472&CODE_STATE=getMsg HTTP/1.1" 200 27
222.70.107.161 - - [24/Sep/2023:11:07:49 +0800] "GET /xingrg/kc/buy/cgsh_order_operate.html?command=get_materiel&rest_code=00156&code=00101004047&supplier_code=00100312&order_time=2023-09-23 HTTP/1.1" 200 433
114.95.241.104 - - [24/Sep/2023:11:07:50 +0800] "GET /xingrg/all/function/internal_message.html?_=1695524868546&CODE_STATE=getMsg HTTP/1.1" 200 27
124.78.155.92 - - [24/Sep/2023:11:07:51 +0800] "GET /xingrg/kc/base/wldb_order_operate.html?command=get_materiel&rest_code=00106&base_code=0010396&code=00101016029 HTTP/1.1" 200 462
172.20.0.100 - - [24/Sep/2023:11:07:51 +0800] "GET /xingrg/all/function/internal_message.html?_=1695524870925&CODE_STATE=getMsg HTTP/1.1" 200 27
114.83.216.51 - - [24/Sep/2023:11:07:52 +0800] "GET /xingrg/all/function/internal_message.html?_=1695524872128&CODE_STATE=getMsg HTTP/1.1" 200 27
222.70.107.161 - - [24/Sep/2023:11:07:52 +0800] "GET /xingrg/check_reg.html?_=1695524872786 HTTP/1.1" 200 22
222.70.107.161 - - [24/Sep/2023:11:07:52 +0800] "GET /xingrg/all/function/internal_message.html?_=1695524872785&CODE_STATE=getMsg HTTP/1.1" 200 27
120.253.135.82 - - [24/Sep/2023:11:07:53 +0800] "GET /xingrg/all/function/internal_message.html?_=1695524676194&CODE_STATE=getMsg HTTP/1.1" 200 27
222.70.180.200 - - [24/Sep/2023:11:07:53 +0800] "GET /xingrg/all/function/internal_message.html?_=1695524873049&CODE_STATE=getMsg HTTP/1.1" 200 27
180.163.29.79 - - [24/Sep/2023:11:07:55 +0800] "GET /xingrg/all/function/internal_message.html?_=1695524810959&CODE_STATE=getMsg HTTP/1.1" 302 -
180.163.29.79 - - [24/Sep/2023:11:07:55 +0800] "GET /xingrg/login.html HTTP/1.1" 200 7641
116.232.37.4 - - [24/Sep/2023:11:07:55 +0800] "POST /xingrg/services/DataTransmitService HTTP/1.1" 200 524
124.78.155.92 - - [24/Sep/2023:11:07:55 +0800] "GET /xingrg/all/function/internal_message.html?_=1695524870944&CODE_STATE=getMsg HTTP/1.1" 200 27
116.232.37.4 - - [24/Sep/2023:11:07:56 +0800] "POST /xingrg/services/DataTransmitService HTTP/1.1" 200 501
116.230.110.33 - - [24/Sep/2023:11:07:57 +0800] "GET /xingrg/check_reg.html?_=1695524876958 HTTP/1.1" 200 22
116.230.110.33 - - [24/Sep/2023:11:07:57 +0800] "GET /xingrg/all/function/internal_message.html?_=1695524876962&CODE_STATE=getMsg HTTP/1.1" 200 27
124.78.69.58 - - [24/Sep/2023:11:07:58 +0800] "GET /xingrg/all/function/internal_message.html?_=1695524305160&CODE_STATE=getMsg HTTP/1.1" 200 27
124.78.69.58 - - [24/Sep/2023:11:07:59 +0800] "GET /xingrg/check_reg.html?_=1695524306300 HTTP/1.1" 200 22
116.230.110.33 - - [24/Sep/2023:11:07:59 +0800] "GET /xingrg/all/function/internal_message.html?_=1695524732075&CODE_STATE=getMsg HTTP/1.1" 200 27
124.79.244.212 - - [24/Sep/2023:11:08:02 +0800] "GET /xingrg/all/function/internal_message.html?_=1695525180942&CODE_STATE=getMsg HTTP/1.1" 200 27
124.78.69.58 - - [24/Sep/2023:11:08:04 +0800] "GET /xingrg/all/function/internal_message.html?_=1695524885121&CODE_STATE=getMsg HTTP/1.1" 200 27
124.78.155.92 - - [24/Sep/2023:11:08:07 +0800] "GET /xingrg/all/function/internal_message.html?_=1695524887999&CODE_STATE=getMsg HTTP/1.1" 200 27
114.95.241.104 - - [24/Sep/2023:11:08:11 +0800] "GET /xingrg/all/function/internal_message.html?_=1695524795337&CODE_STATE=getMsg HTTP/1.1" 200 27
222.70.180.200 - - [24/Sep/2023:11:08:12 +0800] "GET /xingrg/all/function/internal_message.html?_=1695524892529&CODE_STATE=getMsg HTTP/1.1" 200 27
124.77.244.146 - - [24/Sep/2023:11:08:13 +0800] "GET /xingrg/all/function/internal_message.html?_=1695524895334&CODE_STATE=getMsg HTTP/1.1" 200 27
222.70.107.161 - - [24/Sep/2023:11:08:15 +0800] "POST /xingrg/kc/buy/cgsh_order_operate.html HTTP/1.1" 200 37
101.83.145.37 - - [24/Sep/2023:11:08:17 +0800] "GET /xingrg/all/function/internal_message.html?_=1695524683308&CODE_STATE=getMsg HTTP/1.1" 200 27
222.70.107.161 - - [24/Sep/2023:11:08:18 +0800] "POST /xingrg/kc/buy/cgsh_order_operate.html HTTP/1.1" 200 3267
222.70.107.161 - - [24/Sep/2023:11:08:19 +0800] "GET /xingrg/kc/print/load_config.html?kc_code=cgsh HTTP/1.1" 200 1927
222.70.107.161 - - [24/Sep/2023:11:08:20 +0800] "GET /xingrg/kc/print/load_data.html?order_code=212023092409797&kc_code=cgsh&condition= HTTP/1.1" 200 919
114.95.241.104 - - [24/Sep/2023:11:08:20 +0800] "GET /xingrg/all/function/internal_message.html?_=1695524804186&CODE_STATE=getMsg HTTP/1.1" 200 27
180.165.48.189 - - [24/Sep/2023:11:08:23 +0800] "GET /xingrg/all/function/internal_message.html?_=1695524903664&CODE_STATE=getMsg HTTP/1.1" 200 27
222.70.107.161 - - [24/Sep/2023:11:08:24 +0800] "GET /xingrg/kc/buy/cgsh_order_add.html HTTP/1.1" 200 72440
222.70.107.161 - - [24/Sep/2023:11:08:24 +0800] "GET /xingrg/words/20230924105926_words.js HTTP/1.1" 304 -
222.70.107.161 - - [24/Sep/2023:11:08:25 +0800] "POST /xingrg/kc/buy/cgsh_order_operate.html HTTP/1.1" 200 8245
222.70.107.161 - - [24/Sep/2023:11:08:25 +0800] "GET /xingrg/javascript/easyui/themes/default/validatebox.css HTTP/1.1" 404 1104
222.70.107.161 - - [24/Sep/2023:11:08:25 +0800] "GET /xingrg/all/common/auto_word.html?type=employee&rest_code=00156 HTTP/1.1" 200 97
222.70.107.161 - - [24/Sep/2023:11:08:25 +0800] "GET /xingrg/all/common/auto_word.html?type=employee&rest_code=00156 HTTP/1.1" 200 97
124.78.155.92 - - [24/Sep/2023:11:08:25 +0800] "GET /xingrg/kc/base/wldb_order_operate.html?command=get_materiel&rest_code=00106&base_code=0010396&code=00101016083 HTTP/1.1" 200 448
180.163.30.76 - - [24/Sep/2023:11:08:29 +0800] "GET /xingrg/all/function/internal_message.html?_=1695524849394&CODE_STATE=getMsg HTTP/1.1" 302 -
180.163.30.76 - - [24/Sep/2023:11:08:29 +0800] "GET /xingrg/login.html HTTP/1.1" 200 7641
180.169.147.146 - - [24/Sep/2023:11:08:29 +0800] "GET /xingrg/all/function/internal_message.html?_=1695524909391&CODE_STATE=getMsg HTTP/1.1" 200 27
101.228.187.155 - - [24/Sep/2023:11:08:30 +0800] "GET /xingrg/all/function/internal_message.html?_=1695524908682&CODE_STATE=getMsg HTTP/1.1" 200 27
222.70.107.161 - - [24/Sep/2023:11:08:34 +0800] "GET /xingrg/kc/buy/cgsh_order_operate.html?command=get_materiel&rest_code=00156&code=00101002006&supplier_code=00100091&order_time=2023-09-24 HTTP/1.1" 200 414
218.81.68.103 - - [24/Sep/2023:11:08:41 +0800] "GET /xingrg/check_reg.html?_=1695524919472 HTTP/1.1" 200 22
124.79.244.212 - - [24/Sep/2023:11:08:45 +0800] "GET /xingrg/all/function/internal_message.html?_=1695524923608&CODE_STATE=getMsg HTTP/1.1" 200 27
101.83.145.37 - - [24/Sep/2023:11:08:46 +0800] "GET /xingrg/all/function/internal_message.html?_=1695524927234&CODE_STATE=getMsg HTTP/1.1" 200 27
101.83.145.37 - - [24/Sep/2023:11:08:47 +0800] "GET /xingrg/check_reg.html?_=1695524927772 HTTP/1.1" 200 22
221.239.166.189 - - [24/Sep/2023:11:08:48 +0800] "GET /xingrg/all/function/internal_message.html?_=1695524926457&CODE_STATE=getMsg HTTP/1.1" 200 27
114.83.219.209 - - [24/Sep/2023:11:08:50 +0800] "GET /xingrg/all/function/internal_message.html?_=1695524931405&CODE_STATE=getMsg HTTP/1.1" 200 27
221.239.166.189 - - [24/Sep/2023:11:08:50 +0800] "GET /xingrg/check_reg.html?_=1695524928924 HTTP/1.1" 200 22
114.95.241.104 - - [24/Sep/2023:11:08:50 +0800] "GET /xingrg/all/function/internal_message.html?_=1695524928547&CODE_STATE=getMsg HTTP/1.1" 200 27
114.95.241.104 - - [24/Sep/2023:11:08:50 +0800] "GET /xingrg/check_reg.html?_=1695524928551 HTTP/1.1" 200 22
172.20.0.100 - - [24/Sep/2023:11:08:51 +0800] "GET /xingrg/all/function/internal_message.html?_=1695524930896&CODE_STATE=getMsg HTTP/1.1" 200 27
114.83.216.51 - - [24/Sep/2023:11:08:51 +0800] "GET /xingrg/all/function/internal_message.html?_=1695524932024&CODE_STATE=getMsg HTTP/1.1" 200 27
222.70.107.161 - - [24/Sep/2023:11:08:52 +0800] "POST /xingrg/kc/buy/cgsh_order_operate.html HTTP/1.1" 200 64
124.78.155.92 - - [24/Sep/2023:11:08:52 +0800] "GET /xingrg/kc/base/wldb_order_operate.html?command=get_materiel&rest_code=00106&base_code=0010396&code=00101019249 HTTP/1.1" 200 470
114.83.219.209 - - [24/Sep/2023:11:08:52 +0800] "POST /xingrg/kc/buy/cgsh_order_operate.html HTTP/1.1" 200 37
222.70.180.200 - - [24/Sep/2023:11:08:53 +0800] "GET /xingrg/all/function/internal_message.html?_=1695524933033&CODE_STATE=getMsg HTTP/1.1" 200 27
120.253.135.82 - - [24/Sep/2023:11:08:53 +0800] "GET /xingrg/all/function/internal_message.html?_=1695524736241&CODE_STATE=getMsg HTTP/1.1" 200 27
222.70.107.161 - - [24/Sep/2023:11:08:53 +0800] "GET /xingrg/all/function/internal_message.html?_=1695524933857&CODE_STATE=getMsg HTTP/1.1" 200 27
180.163.30.100 - - [24/Sep/2023:11:08:55 +0800] "GET /xingrg/all/function/internal_message.html?_=1695524870944&CODE_STATE=getMsg HTTP/1.1" 302 -
180.163.30.100 - - [24/Sep/2023:11:08:55 +0800] "GET /xingrg/login.html HTTP/1.1" 200 7641
124.78.155.92 - - [24/Sep/2023:11:08:55 +0800] "GET /xingrg/all/function/internal_message.html?_=1695524930915&CODE_STATE=getMsg HTTP/1.1" 200 27
116.230.110.33 - - [24/Sep/2023:11:08:57 +0800] "GET /xingrg/all/function/internal_message.html?_=1695524936968&CODE_STATE=getMsg HTTP/1.1" 200 27
124.78.69.58 - - [24/Sep/2023:11:08:58 +0800] "GET /xingrg/all/function/internal_message.html?_=1695524365130&CODE_STATE=getMsg HTTP/1.1" 200 27
116.230.110.33 - - [24/Sep/2023:11:08:59 +0800] "GET /xingrg/all/function/internal_message.html?_=1695524792049&CODE_STATE=getMsg HTTP/1.1" 200 27
222.70.107.161 - - [24/Sep/2023:11:09:02 +0800] "POST /xingrg/kc/buy/cgsh_order_operate.html HTTP/1.1" 200 37
114.83.219.209 - - [24/Sep/2023:11:09:02 +0800] "POST /xingrg/kc/buy/cgsh_order_operate.html HTTP/1.1" 200 12109
124.79.244.212 - - [24/Sep/2023:11:09:02 +0800] "GET /xingrg/all/function/internal_message.html?_=1695525240940&CODE_STATE=getMsg HTTP/1.1" 200 27
124.78.69.58 - - [24/Sep/2023:11:09:04 +0800] "GET /xingrg/check_reg.html?_=1695524945119 HTTP/1.1" 200 22
124.78.69.58 - - [24/Sep/2023:11:09:04 +0800] "GET /xingrg/all/function/internal_message.html?_=1695524945120&CODE_STATE=getMsg HTTP/1.1" 200 27
124.78.155.92 - - [24/Sep/2023:11:09:07 +0800] "GET /xingrg/all/function/internal_message.html?_=1695524947981&CODE_STATE=getMsg HTTP/1.1" 200 27
114.83.219.209 - - [24/Sep/2023:11:09:09 +0800] "GET /xingrg/javascript/auto/indicator.gif HTTP/1.1" 404 1066
114.95.241.104 - - [24/Sep/2023:11:09:11 +0800] "GET /xingrg/all/function/internal_message.html?_=1695524855342&CODE_STATE=getMsg HTTP/1.1" 200 27
222.70.180.200 - - [24/Sep/2023:11:09:13 +0800] "GET /xingrg/all/function/internal_message.html?_=1695524952686&CODE_STATE=getMsg HTTP/1.1" 200 27
124.77.244.146 - - [24/Sep/2023:11:09:13 +0800] "GET /xingrg/all/function/internal_message.html?_=1695524955350&CODE_STATE=getMsg HTTP/1.1" 200 27
114.83.219.209 - - [24/Sep/2023:11:09:16 +0800] "GET /xingrg/kc/buy/cgsh_order_operate.html?command=get_materiel&rest_code=00154&code=00101008372&supplier_code=00100417&order_time=2023-09-23 HTTP/1.1" 200 408
101.83.145.37 - - [24/Sep/2023:11:09:17 +0800] "GET /xingrg/all/function/internal_message.html?_=1695524743308&CODE_STATE=getMsg HTTP/1.1" 200 27
114.95.241.104 - - [24/Sep/2023:11:09:20 +0800] "GET /xingrg/all/function/internal_message.html?_=1695524864187&CODE_STATE=getMsg HTTP/1.1" 200 27
180.165.48.189 - - [24/Sep/2023:11:09:23 +0800] "GET /xingrg/all/function/internal_message.html?_=1695524963638&CODE_STATE=getMsg HTTP/1.1" 200 27
180.163.29.103 - - [24/Sep/2023:11:09:29 +0800] "GET /xingrg/all/function/internal_message.html?_=1695524909391&CODE_STATE=getMsg HTTP/1.1" 302 -
180.163.29.103 - - [24/Sep/2023:11:09:29 +0800] "GET /xingrg/login.html HTTP/1.1" 200 7641
180.169.147.146 - - [24/Sep/2023:11:09:29 +0800] "GET /xingrg/all/function/internal_message.html?_=1695524969383&CODE_STATE=getMsg HTTP/1.1" 200 27
101.228.187.155 - - [24/Sep/2023:11:09:30 +0800] "GET /xingrg/all/function/internal_message.html?_=1695524968679&CODE_STATE=getMsg HTTP/1.1" 200 27
222.70.107.161 - - [24/Sep/2023:11:09:36 +0800] "POST /xingrg/kc/buy/cgsh_order_operate.html HTTP/1.1" 200 2661
222.70.107.161 - - [24/Sep/2023:11:09:38 +0800] "GET /xingrg/kc/print/load_config.html?kc_code=cgsh HTTP/1.1" 200 1927
124.78.69.58 - - [24/Sep/2023:11:09:38 +0800] "GET /xingrg/kc/buy/buy_main.html HTTP/1.1" 200 12412
124.78.69.58 - - [24/Sep/2023:11:09:38 +0800] "GET /xingrg/css/new_ie.css HTTP/1.1" 404 1036
222.70.107.161 - - [24/Sep/2023:11:09:38 +0800] "GET /xingrg/kc/print/load_data.html?order_code=212023092409799&kc_code=cgsh&condition= HTTP/1.1" 200 740
124.78.69.58 - - [24/Sep/2023:11:09:40 +0800] "GET /xingrg/images/yd/bt.gif HTTP/1.1" 404 1040
124.78.69.58 - - [24/Sep/2023:11:09:41 +0800] "GET /xingrg/kc/buy/cgsh_order_list.html HTTP/1.1" 200 56585
124.79.244.212 - - [24/Sep/2023:11:09:45 +0800] "GET /xingrg/all/function/internal_message.html?_=1695524983593&CODE_STATE=getMsg HTTP/1.1" 200 27
124.78.69.58 - - [24/Sep/2023:11:09:45 +0800] "POST /xingrg/kc/buy/cgsh_list_operate.html HTTP/1.1" 200 1869
222.70.107.161 - - [24/Sep/2023:11:09:46 +0800] "GET /xingrg/kc/buy/cgsh_order_add.html HTTP/1.1" 200 72440
222.70.107.161 - - [24/Sep/2023:11:09:46 +0800] "GET /xingrg/words/20230924105926_words.js HTTP/1.1" 304 -
101.83.145.37 - - [24/Sep/2023:11:09:46 +0800] "GET /xingrg/all/function/internal_message.html?_=1695524987210&CODE_STATE=getMsg HTTP/1.1" 200 27
222.70.107.161 - - [24/Sep/2023:11:09:46 +0800] "POST /xingrg/kc/buy/cgsh_order_operate.html HTTP/1.1" 200 8245
222.70.107.161 - - [24/Sep/2023:11:09:46 +0800] "GET /xingrg/javascript/easyui/themes/default/validatebox.css HTTP/1.1" 404 1104
222.70.107.161 - - [24/Sep/2023:11:09:46 +0800] "GET /xingrg/all/common/auto_word.html?type=employee&rest_code=00156 HTTP/1.1" 200 97
222.70.107.161 - - [24/Sep/2023:11:09:46 +0800] "GET /xingrg/all/common/auto_word.html?type=employee&rest_code=00156 HTTP/1.1" 200 97
124.78.155.92 - - [24/Sep/2023:11:09:46 +0800] "GET /xingrg/kc/base/wldb_order_operate.html?command=get_materiel&rest_code=00106&base_code=0010396&code=00101019133 HTTP/1.1" 200 480
114.83.219.209 - - [24/Sep/2023:11:09:47 +0800] "GET /xingrg/kc/buy/cgsh_order_operate.html?command=get_materiel&rest_code=00154&code=00101008024&supplier_code=00100417&order_time=2023-09-23 HTTP/1.1" 200 408
124.78.69.58 - - [24/Sep/2023:11:09:48 +0800] "POST /xingrg/kc/buy/cgsh_list_operate.html HTTP/1.1" 200 573
221.239.166.189 - - [24/Sep/2023:11:09:48 +0800] "GET /xingrg/all/function/internal_message.html?_=1695524986428&CODE_STATE=getMsg HTTP/1.1" 200 27
114.83.219.209 - - [24/Sep/2023:11:09:50 +0800] "GET /xingrg/all/function/internal_message.html?_=1695524991405&CODE_STATE=getMsg HTTP/1.1" 200 27
124.78.69.58 - - [24/Sep/2023:11:09:50 +0800] "GET /xingrg/kc/buy/cgsh_order_info.html?code=212023092409747 HTTP/1.1" 200 72370
124.78.69.58 - - [24/Sep/2023:11:09:50 +0800] "GET /xingrg/words/20230924105926_words.js HTTP/1.1" 200 988628
114.95.241.104 - - [24/Sep/2023:11:09:50 +0800] "GET /xingrg/all/function/internal_message.html?_=1695524988554&CODE_STATE=getMsg HTTP/1.1" 200 27
124.78.69.58 - - [24/Sep/2023:11:09:51 +0800] "GET /xingrg/javascript/easyui/themes/default/validatebox.css HTTP/1.1" 404 1104
172.20.0.100 - - [24/Sep/2023:11:09:51 +0800] "GET /xingrg/all/function/internal_message.html?_=1695524990882&CODE_STATE=getMsg HTTP/1.1" 200 27
114.83.216.51 - - [24/Sep/2023:11:09:51 +0800] "GET /xingrg/all/function/internal_message.html?_=1695524992030&CODE_STATE=getMsg HTTP/1.1" 200 27
124.78.155.92 - - [24/Sep/2023:11:09:51 +0800] "GET /xingrg/check_reg.html?_=1695524987110 HTTP/1.1" 200 22
124.78.69.58 - - [24/Sep/2023:11:09:52 +0800] "POST /xingrg/kc/buy/cgsh_order_operate.html HTTP/1.1" 200 40511
222.70.107.161 - - [24/Sep/2023:11:09:52 +0800] "GET /xingrg/all/function/internal_message.html?_=1695524992791&CODE_STATE=getMsg HTTP/1.1" 200 27
222.70.180.200 - - [24/Sep/2023:11:09:53 +0800] "GET /xingrg/all/function/internal_message.html?_=1695524993006&CODE_STATE=getMsg HTTP/1.1" 200 27
120.253.135.82 - - [24/Sep/2023:11:09:53 +0800] "GET /xingrg/all/function/internal_message.html?_=1695524796249&CODE_STATE=getMsg HTTP/1.1" 200 27
180.163.29.234 - - [24/Sep/2023:11:09:55 +0800] "GET /xingrg/all/function/internal_message.html?_=1695524930915&CODE_STATE=getMsg HTTP/1.1" 302 -
180.163.29.234 - - [24/Sep/2023:11:09:55 +0800] "GET /xingrg/login.html HTTP/1.1" 200 7641
124.78.155.92 - - [24/Sep/2023:11:09:55 +0800] "GET /xingrg/all/function/internal_message.html?_=1695524990890&CODE_STATE=getMsg HTTP/1.1" 200 27
116.230.110.33 - - [24/Sep/2023:11:09:57 +0800] "GET /xingrg/all/function/internal_message.html?_=1695524996959&CODE_STATE=getMsg HTTP/1.1" 200 27
124.78.155.92 - - [24/Sep/2023:11:09:57 +0800] "GET /xingrg/kc/base/wldb_order_operate.html?command=get_materiel&rest_code=00106&base_code=0010396&code=00101019391 HTTP/1.1" 200 485
124.78.69.58 - - [24/Sep/2023:11:09:58 +0800] "GET /xingrg/all/function/internal_message.html?_=1695524425124&CODE_STATE=getMsg HTTP/1.1" 200 27
116.230.110.33 - - [24/Sep/2023:11:09:59 +0800] "GET /xingrg/all/function/internal_message.html?_=1695524852028&CODE_STATE=getMsg HTTP/1.1" 200 27
222.70.107.161 - - [24/Sep/2023:11:10:01 +0800] "GET /xingrg/kc/buy/cgsh_order_operate.html?command=get_materiel&rest_code=00156&code=00101001045&supplier_code=00100439&order_time=2023-09-23 HTTP/1.1" 200 421
124.79.244.212 - - [24/Sep/2023:11:10:02 +0800] "GET /xingrg/all/function/internal_message.html?_=1695525300954&CODE_STATE=getMsg HTTP/1.1" 200 27
124.79.244.212 - - [24/Sep/2023:11:10:02 +0800] "GET /xingrg/check_reg.html?_=1695525300956 HTTP/1.1" 200 22
124.78.69.58 - - [24/Sep/2023:11:10:04 +0800] "GET /xingrg/all/function/internal_message.html?_=1695525005118&CODE_STATE=getMsg HTTP/1.1" 200 27
124.78.155.92 - - [24/Sep/2023:11:10:07 +0800] "GET /xingrg/all/function/internal_message.html?_=1695525007987&CODE_STATE=getMsg HTTP/1.1" 200 27
124.78.155.92 - - [24/Sep/2023:11:10:09 +0800] "GET /xingrg/kc/base/wldb_order_operate.html?command=get_materiel&rest_code=00106&base_code=0010396&code=00101019258 HTTP/1.1" 200 482
124.77.244.146 - - [24/Sep/2023:11:10:10 +0800] "GET /xingrg/check_reg.html?_=1695525012452 HTTP/1.1" 200 22
222.70.107.161 - - [24/Sep/2023:11:10:10 +0800] "GET /xingrg/kc/buy/cgsh_order_operate.html?command=get_materiel&rest_code=00156&code=00101001046&supplier_code=00100439&order_time=2023-09-23 HTTP/1.1" 200 444
114.95.241.104 - - [24/Sep/2023:11:10:11 +0800] "GET /xingrg/all/function/internal_message.html?_=1695524915364&CODE_STATE=getMsg HTTP/1.1" 200 27
222.70.180.200 - - [24/Sep/2023:11:10:13 +0800] "GET /xingrg/all/function/internal_message.html?_=1695525012670&CODE_STATE=getMsg HTTP/1.1" 200 27
124.77.244.146 - - [24/Sep/2023:11:10:13 +0800] "GET /xingrg/all/function/internal_message.html?_=1695525015363&CODE_STATE=getMsg HTTP/1.1" 200 27
101.83.145.37 - - [24/Sep/2023:11:10:17 +0800] "GET /xingrg/all/function/internal_message.html?_=1695524803309&CODE_STATE=getMsg HTTP/1.1" 200 27
114.95.241.104 - - [24/Sep/2023:11:10:20 +0800] "GET /xingrg/all/function/internal_message.html?_=1695524924243&CODE_STATE=getMsg HTTP/1.1" 200 27
114.83.219.209 - - [24/Sep/2023:11:10:20 +0800] "GET /xingrg/kc/buy/cgsh_order_operate.html?command=get_materiel&rest_code=00154&code=00101008355&supplier_code=00100417&order_time=2023-09-23 HTTP/1.1" 200 429
124.78.155.92 - - [24/Sep/2023:11:10:22 +0800] "GET /xingrg/kc/base/wldb_order_operate.html?command=get_materiel&rest_code=00106&base_code=0010396&code=00101019222 HTTP/1.1" 200 454
180.165.48.189 - - [24/Sep/2023:11:10:23 +0800] "GET /xingrg/all/function/internal_message.html?_=1695525023614&CODE_STATE=getMsg HTTP/1.1" 200 27
222.70.107.161 - - [24/Sep/2023:11:10:24 +0800] "POST /xingrg/kc/buy/cgsh_order_operate.html HTTP/1.1" 200 37
124.78.69.58 - - [24/Sep/2023:11:10:25 +0800] "POST /xingrg/kc/buy/cgsh_order_operate.html HTTP/1.1" 200 37
222.70.107.161 - - [24/Sep/2023:11:10:26 +0800] "POST /xingrg/kc/buy/cgsh_order_operate.html HTTP/1.1" 200 3294
101.83.145.37 - - [24/Sep/2023:11:10:26 +0800] "GET /xingrg/kc/mdqp/qqps_order_list.html HTTP/1.1" 200 9222
101.83.145.37 - - [24/Sep/2023:11:10:26 +0800] "GET /xingrg/dwr/interface/AjaxQqpsService.js HTTP/1.1" 200 16326
101.83.145.37 - - [24/Sep/2023:11:10:26 +0800] "GET /xingrg/dwr/interface/AjaxReportQueryService.js HTTP/1.1" 200 13203
101.83.145.37 - - [24/Sep/2023:11:10:26 +0800] "GET /xingrg/dwr/engine.js HTTP/1.1" 200 43631
101.83.145.37 - - [24/Sep/2023:11:10:26 +0800] "GET /xingrg/dwr/util.js HTTP/1.1" 200 35990
101.83.145.37 - - [24/Sep/2023:11:10:26 +0800] "GET /xingrg/javascript/Calendar.js HTTP/1.1" 304 -
101.83.145.37 - - [24/Sep/2023:11:10:26 +0800] "GET /xingrg/javascript/ToolTips.js HTTP/1.1" 304 -
101.83.145.37 - - [24/Sep/2023:11:10:26 +0800] "GET /xingrg/javascript/jquery_easy_ui/themes/icons/edit_add_new.png HTTP/1.1" 304 -
101.83.145.37 - - [24/Sep/2023:11:10:26 +0800] "GET /xingrg/javascript/jquery_easy_ui/themes/icons/check_new.png HTTP/1.1" 304 -
101.83.145.37 - - [24/Sep/2023:11:10:26 +0800] "GET /xingrg/javascript/jquery_easy_ui/themes/icons/uncheck_new.png HTTP/1.1" 304 -
101.83.145.37 - - [24/Sep/2023:11:10:26 +0800] "GET /xingrg/javascript/jquery_easy_ui/themes/icons/cance_new.png HTTP/1.1" 304 -
222.70.107.161 - - [24/Sep/2023:11:10:27 +0800] "GET /xingrg/kc/print/load_config.html?kc_code=cgsh HTTP/1.1" 200 1927
222.70.107.161 - - [24/Sep/2023:11:10:28 +0800] "GET /xingrg/kc/print/load_data.html?order_code=212023092409800&kc_code=cgsh&condition= HTTP/1.1" 200 946
180.163.28.143 - - [24/Sep/2023:11:10:29 +0800] "GET /xingrg/all/function/internal_message.html?_=1695524969383&CODE_STATE=getMsg HTTP/1.1" 302 -
180.163.28.143 - - [24/Sep/2023:11:10:29 +0800] "GET /xingrg/login.html HTTP/1.1" 200 7641
180.169.147.146 - - [24/Sep/2023:11:10:29 +0800] "GET /xingrg/all/function/internal_message.html?_=1695525029381&CODE_STATE=getMsg HTTP/1.1" 200 27
101.228.187.155 - - [24/Sep/2023:11:10:30 +0800] "GET /xingrg/all/function/internal_message.html?_=1695525028683&CODE_STATE=getMsg HTTP/1.1" 200 27
222.70.180.200 - - [24/Sep/2023:11:10:32 +0800] "GET /xingrg/login.html HTTP/1.1" 200 7641
222.70.180.200 - - [24/Sep/2023:11:10:32 +0800] "GET /favicon.ico HTTP/1.1" 404 -
222.70.107.161 - - [24/Sep/2023:11:10:32 +0800] "GET /xingrg/kc/buy/cgsh_order_add.html HTTP/1.1" 200 72440
222.70.107.161 - - [24/Sep/2023:11:10:32 +0800] "POST /xingrg/kc/buy/cgsh_order_operate.html HTTP/1.1" 200 8245
222.70.107.161 - - [24/Sep/2023:11:10:32 +0800] "GET /xingrg/javascript/easyui/themes/default/validatebox.css HTTP/1.1" 404 1104
124.78.155.92 - - [24/Sep/2023:11:10:33 +0800] "GET /xingrg/kc/base/wldb_order_operate.html?command=get_materiel&rest_code=00106&base_code=0010396&code=00101016044 HTTP/1.1" 200 466
222.70.107.161 - - [24/Sep/2023:11:10:33 +0800] "GET /xingrg/all/common/auto_word.html?type=employee&rest_code=00156 HTTP/1.1" 200 97
101.83.145.37 - - [24/Sep/2023:11:10:33 +0800] "GET /xingrg/kc/mdqp/qqps_order_list.html?isQuery=1&timeSelect=1&orderTime=day&startTime=2023-09-20&endTime=2023-09-24&state=all&query=%C8%B7++%B6%A8 HTTP/1.1" 200 11818
101.83.145.37 - - [24/Sep/2023:11:10:33 +0800] "GET /xingrg/dwr/interface/AjaxQqpsService.js HTTP/1.1" 200 16326
101.83.145.37 - - [24/Sep/2023:11:10:33 +0800] "GET /xingrg/dwr/interface/AjaxReportQueryService.js HTTP/1.1" 200 13203
222.70.107.161 - - [24/Sep/2023:11:10:33 +0800] "GET /xingrg/all/common/auto_word.html?type=employee&rest_code=00156 HTTP/1.1" 200 97
101.83.145.37 - - [24/Sep/2023:11:10:33 +0800] "GET /xingrg/dwr/engine.js HTTP/1.1" 200 43631
222.70.180.200 - - [24/Sep/2023:11:10:36 +0800] "POST /xingrg/login.do HTTP/1.1" 302 -
222.70.180.200 - - [24/Sep/2023:11:10:36 +0800] "GET /xingrg/index.html?sysBaseUrl=http%3A%2F%2F180.169.147.146%3A18081%2Fxingrg%2F&costTime=1233×tamp=1695525036562 HTTP/1.1" 200 17419
222.70.180.200 - - [24/Sep/2023:11:10:36 +0800] "GET /favicon.ico HTTP/1.1" 404 -
222.70.180.200 - - [24/Sep/2023:11:10:36 +0800] "GET /xingrg/check_reg.html?_=1695525037150 HTTP/1.1" 200 22
222.70.180.200 - - [24/Sep/2023:11:10:36 +0800] "POST /xingrg/all/common/load_tree.html?tree=area_rest_tree_json&manage=1 HTTP/1.1" 200 470
222.70.180.200 - - [24/Sep/2023:11:10:37 +0800] "GET /xingrg/all/function/internal_message.html?_=1695525037149&CODE_STATE=count HTTP/1.1" 200 11
222.70.180.200 - - [24/Sep/2023:11:10:37 +0800] "POST /xingrg/load_menu.html HTTP/1.1" 200 9959
222.70.180.200 - - [24/Sep/2023:11:10:37 +0800] "GET /xingrg/javascript/jquery_easy_ui/themes/icons/checkout_new.png HTTP/1.1" 304 -
222.70.180.200 - - [24/Sep/2023:11:10:37 +0800] "GET /xingrg/javascript/jquery_easy_ui/themes/icons/setting_new.png HTTP/1.1" 304 -
222.70.180.200 - - [24/Sep/2023:11:10:37 +0800] "GET /xingrg/javascript/jquery_easy_ui/themes/icons/systemset_new.png HTTP/1.1" 304 -
124.78.69.58 - - [24/Sep/2023:11:10:38 +0800] "POST /xingrg/kc/buy/cgsh_order_operate.html HTTP/1.1" 200 12
222.70.180.200 - - [24/Sep/2023:11:10:38 +0800] "GET /xingrg/javascript/jquery_easy_ui/themes/default/images/button_a_bg.gif HTTP/1.1" 304 -
222.70.180.200 - - [24/Sep/2023:11:10:38 +0800] "GET /xingrg/javascript/jquery_easy_ui/themes/default/images/button_span_bg.gif HTTP/1.1" 304 -
222.70.180.200 - - [24/Sep/2023:11:10:38 +0800] "GET /xingrg/javascript/jquery_easy_ui/themes/icons/ok.png HTTP/1.1" 304 -
222.70.180.200 - - [24/Sep/2023:11:10:38 +0800] "GET /xingrg/javascript/jquery_easy_ui/themes/default/images/panel_title.png HTTP/1.1" 304 -
222.70.180.200 - - [24/Sep/2023:11:10:38 +0800] "GET /xingrg/javascript/jquery_easy_ui/themes/default/images/panel_tools.gif HTTP/1.1" 304 -
101.83.145.37 - - [24/Sep/2023:11:10:38 +0800] "GET /xingrg/kc/mdqp/qqps_order_info.html?code=302023092200456 HTTP/1.1" 200 26796
101.83.145.37 - - [24/Sep/2023:11:10:38 +0800] "GET /xingrg/javascript/tools/jquery.qtip-1.0.0-rc3.min.js HTTP/1.1" 304 -
101.83.145.37 - - [24/Sep/2023:11:10:38 +0800] "GET /xingrg/dwr/interface/AjaxQqpsService.js HTTP/1.1" 200 16326
101.83.145.37 - - [24/Sep/2023:11:10:38 +0800] "GET /xingrg/dwr/interface/AjaxComOrderService.js HTTP/1.1" 200 18264
101.83.145.37 - - [24/Sep/2023:11:10:38 +0800] "GET /xingrg/dwr/engine.js HTTP/1.1" 200 43631
101.83.145.37 - - [24/Sep/2023:11:10:38 +0800] "GET /xingrg/javascript/AjaxInfoList.js HTTP/1.1" 304 -
101.83.145.37 - - [24/Sep/2023:11:10:38 +0800] "GET /xingrg/javascript/Grid.js HTTP/1.1" 304 -
101.83.145.37 - - [24/Sep/2023:11:10:39 +0800] "GET /xingrg/words/20230924105926_words.js HTTP/1.1" 200 988628
101.83.145.37 - - [24/Sep/2023:11:10:39 +0800] "GET /xingrg/javascript/jquery_easy_ui/themes/icons/template_new.png HTTP/1.1" 304 -
101.83.145.37 - - [24/Sep/2023:11:10:39 +0800] "GET /xingrg/javascript/jquery_easy_ui/themes/icons/copy_new.png HTTP/1.1" 304 -
101.83.145.37 - - [24/Sep/2023:11:10:39 +0800] "GET /xingrg/javascript/jquery_easy_ui/themes/icons/print.png HTTP/1.1" 304 -
101.83.145.37 - - [24/Sep/2023:11:10:39 +0800] "GET /xingrg/javascript/jquery_easy_ui/themes/default/images/menu_downarrow.png HTTP/1.1" 304 -
101.83.145.37 - - [24/Sep/2023:11:10:39 +0800] "GET /xingrg/javascript/jquery_easy_ui/themes/icons/back_new.png HTTP/1.1" 304 -
101.83.145.37 - - [24/Sep/2023:11:10:39 +0800] "GET /xingrg/images/blue/wait.gif HTTP/1.1" 304 -
101.83.145.37 - - [24/Sep/2023:11:10:39 +0800] "GET /xingrg/javascript/jquery_easy_ui/themes/default/images/combo_arrow_dot.gif HTTP/1.1" 304 -
101.83.145.37 - - [24/Sep/2023:11:10:39 +0800] "GET /xingrg/images/blue/kc_tab_left.gif HTTP/1.1" 304 -
101.83.145.37 - - [24/Sep/2023:11:10:39 +0800] "GET /xingrg/images/blue/kc_tab_mid.gif HTTP/1.1" 304 -
101.83.145.37 - - [24/Sep/2023:11:10:39 +0800] "GET /xingrg/images/blue/kc_tab_right.gif HTTP/1.1" 304 -
101.83.145.37 - - [24/Sep/2023:11:10:39 +0800] "POST /xingrg/dwr/call/plaincall/AjaxQqpsService.loadMaterielItems.dwr HTTP/1.1" 200 407
222.70.180.200 - - [24/Sep/2023:11:10:40 +0800] "POST /xingrg/all/user/operate.html HTTP/1.1" 200 36
222.70.180.200 - - [24/Sep/2023:11:10:40 +0800] "GET /xingrg/index.html?sysBaseUrl=http%3A%2F%2F180.169.147.146%3A18081%2Fxingrg%2F&costTime=1233×tamp=1695525036562 HTTP/1.1" 200 17413
222.70.180.200 - - [24/Sep/2023:11:10:40 +0800] "GET /xingrg/javascript/jquery_easy_ui/themes/default/easyui.css HTTP/1.1" 304 -
222.70.180.200 - - [24/Sep/2023:11:10:40 +0800] "GET /xingrg/css/form.css HTTP/1.1" 304 -
222.70.180.200 - - [24/Sep/2023:11:10:40 +0800] "GET /xingrg/javascript/jquery_easy_ui/themes/icon.css HTTP/1.1" 304 -
222.70.180.200 - - [24/Sep/2023:11:10:40 +0800] "GET /xingrg/javascript/jquery-1.4.2.min.js HTTP/1.1" 304 -
222.70.180.200 - - [24/Sep/2023:11:10:40 +0800] "GET /xingrg/javascript/jquery.timers.js HTTP/1.1" 304 -
222.70.180.200 - - [24/Sep/2023:11:10:40 +0800] "GET /xingrg/javascript/jquery_easy_ui/easyui-lang-zh_CN.js HTTP/1.1" 304 -
222.70.180.200 - - [24/Sep/2023:11:10:40 +0800] "GET /xingrg/javascript/jquery_easy_ui/jquery.easyui.min.js HTTP/1.1" 304 -
222.70.180.200 - - [24/Sep/2023:11:10:40 +0800] "GET /xingrg/javascript/jquery.form.js HTTP/1.1" 304 -
222.70.180.200 - - [24/Sep/2023:11:10:40 +0800] "GET /xingrg/images/blue/jxLogo.png HTTP/1.1" 304 -
222.70.180.200 - - [24/Sep/2023:11:10:40 +0800] "GET /xingrg/javascript/jquery.utils.js HTTP/1.1" 304 -
222.70.180.200 - - [24/Sep/2023:11:10:40 +0800] "GET /xingrg/images/blue/navBackgound.jpg HTTP/1.1" 304 -
222.70.180.200 - - [24/Sep/2023:11:10:40 +0800] "GET /xingrg/javascript/jquery_easy_ui/themes/icons/settle_new.png HTTP/1.1" 304 -
222.70.180.200 - - [24/Sep/2023:11:10:40 +0800] "GET /xingrg/javascript/jquery_easy_ui/themes/default/images/tabs_leftarrow.png HTTP/1.1" 304 -
222.70.180.200 - - [24/Sep/2023:11:10:40 +0800] "GET /xingrg/all/function/internal_message.html?_=1695525040654&CODE_STATE=count HTTP/1.1" 200 11
222.70.180.200 - - [24/Sep/2023:11:10:40 +0800] "GET /xingrg/check_reg.html?_=1695525040655 HTTP/1.1" 200 22
222.70.180.200 - - [24/Sep/2023:11:10:40 +0800] "GET /xingrg/javascript/jquery_easy_ui/themes/default/images/panel_tool_expand.gif HTTP/1.1" 304 -
222.70.180.200 - - [24/Sep/2023:11:10:40 +0800] "GET /xingrg/javascript/jquery_easy_ui/themes/default/images/panel_tool_collapse.gif HTTP/1.1" 304 -
222.70.180.200 - - [24/Sep/2023:11:10:40 +0800] "GET /xingrg/javascript/jquery_easy_ui/themes/default/images/tabs_rightarrow.png HTTP/1.1" 304 -
222.70.180.200 - - [24/Sep/2023:11:10:40 +0800] "GET /xingrg/images/blue/pingpu.png HTTP/1.1" 304 -
222.70.180.200 - - [24/Sep/2023:11:10:40 +0800] "POST /xingrg/all/common/load_tree.html?tree=area_rest_tree_json&manage=1 HTTP/1.1" 200 470
222.70.180.200 - - [24/Sep/2023:11:10:40 +0800] "POST /xingrg/load_menu.html HTTP/1.1" 200 9959
101.83.145.37 - - [24/Sep/2023:11:10:41 +0800] "GET /xingrg/javascript/jquery_easy_ui/themes/default/images/button_plain_hover.png HTTP/1.1" 304 -
101.83.145.37 - - [24/Sep/2023:11:10:42 +0800] "GET /xingrg/kc/mdqp/qqps_order_list.html?isBack=1 HTTP/1.1" 302 -
101.83.145.37 - - [24/Sep/2023:11:10:42 +0800] "GET /xingrg/kc/mdqp/qqps_order_list.html?isQuery=1&timeSelect=1&orderTime=day&startTime=2023-09-20&endTime=2023-09-24&state=all&query=%C8%B7++%B6%A8 HTTP/1.1" 200 11818
101.83.145.37 - - [24/Sep/2023:11:10:42 +0800] "GET /xingrg/dwr/interface/AjaxReportQueryService.js HTTP/1.1" 200 13203
101.83.145.37 - - [24/Sep/2023:11:10:42 +0800] "GET /xingrg/dwr/interface/AjaxQqpsService.js HTTP/1.1" 200 16326
101.83.145.37 - - [24/Sep/2023:11:10:42 +0800] "GET /xingrg/dwr/engine.js HTTP/1.1" 200 43631
222.70.180.200 - - [24/Sep/2023:11:10:42 +0800] "POST /xingrg/load_menu.html HTTP/1.1" 200 9242
114.83.219.209 - - [24/Sep/2023:11:10:43 +0800] "GET /xingrg/kc/buy/cgsh_order_operate.html?command=get_materiel&rest_code=00154&code=00101008548&supplier_code=00100417&order_time=2023-09-23 HTTP/1.1" 200 412
222.70.180.200 - - [24/Sep/2023:11:10:43 +0800] "GET /xingrg/all/report/report_query.html?fileName=dma/new_5.0/yingye/order_list.xml HTTP/1.1" 200 55281
222.70.180.200 - - [24/Sep/2023:11:10:43 +0800] "GET /xingrg/javascript/multi_select/jqueryMultiSelect.css HTTP/1.1" 304 -
222.70.180.200 - - [24/Sep/2023:11:10:43 +0800] "GET /xingrg/javascript/calendar/timePicker.css HTTP/1.1" 304 -
222.70.180.200 - - [24/Sep/2023:11:10:43 +0800] "GET /xingrg/javascript/bigrid/fix.css HTTP/1.1" 304 -
222.70.180.200 - - [24/Sep/2023:11:10:43 +0800] "GET /xingrg/dwr/interface/AjaxReportQueryService.js HTTP/1.1" 200 13203
222.70.180.200 - - [24/Sep/2023:11:10:43 +0800] "GET /xingrg/dwr/engine.js HTTP/1.1" 200 43631
222.70.180.200 - - [24/Sep/2023:11:10:43 +0800] "GET /xingrg/dwr/util.js HTTP/1.1" 200 35990
222.70.180.200 - - [24/Sep/2023:11:10:43 +0800] "GET /xingrg/javascript/jqueryMultiSelect.js HTTP/1.1" 304 -
222.70.180.200 - - [24/Sep/2023:11:10:43 +0800] "GET /xingrg/javascript/bigrid/fix.js HTTP/1.1" 304 -
222.70.180.200 - - [24/Sep/2023:11:10:43 +0800] "GET /xingrg/javascript/calendar/jquery.timePicker.min.js HTTP/1.1" 304 -
222.70.180.200 - - [24/Sep/2023:11:10:43 +0800] "GET /xingrg/images/control/loading.gif HTTP/1.1" 304 -
222.70.180.200 - - [24/Sep/2023:11:10:43 +0800] "GET /xingrg/images/blue/button/advanceover.gif HTTP/1.1" 304 -
222.70.180.200 - - [24/Sep/2023:11:10:43 +0800] "GET /xingrg/images/blue/button/advance2over.gif HTTP/1.1" 304 -
222.70.180.200 - - [24/Sep/2023:11:10:43 +0800] "GET /xingrg/images/blue/button/back2over.gif HTTP/1.1" 304 -
222.70.180.200 - - [24/Sep/2023:11:10:43 +0800] "GET /xingrg/images/blue/button/backover.gif HTTP/1.1" 304 -
222.70.180.200 - - [24/Sep/2023:11:10:43 +0800] "GET /xingrg/javascript/jquery_easy_ui/themes/icons/pencil.png HTTP/1.1" 304 -
222.70.180.200 - - [24/Sep/2023:11:10:43 +0800] "GET /xingrg/javascript/jquery_easy_ui/themes/icons/help.png HTTP/1.1" 304 -
222.70.180.200 - - [24/Sep/2023:11:10:43 +0800] "GET /xingrg/javascript/jquery_easy_ui/themes/default/images/menu.gif HTTP/1.1" 304 -
222.70.180.200 - - [24/Sep/2023:11:10:43 +0800] "GET /xingrg/javascript/jquery_easy_ui/themes/default/images/menu_rightarrow.png HTTP/1.1" 304 -
222.70.180.200 - - [24/Sep/2023:11:10:43 +0800] "POST /xingrg/dwr/call/plaincall/AjaxReportQueryService.getFixDate.dwr HTTP/1.1" 200 111
222.70.180.200 - - [24/Sep/2023:11:10:43 +0800] "GET /xingrg/javascript/jquery_easy_ui/themes/default/images/combo_arrow_dot.gif HTTP/1.1" 304 -
222.70.180.200 - - [24/Sep/2023:11:10:43 +0800] "POST /xingrg/dwr/call/plaincall/AjaxReportQueryService.getInitString.dwr HTTP/1.1" 200 76
222.70.180.200 - - [24/Sep/2023:11:10:44 +0800] "GET /xingrg/javascript/multi_select/dropdown.gif HTTP/1.1" 304 -
222.70.180.200 - - [24/Sep/2023:11:10:44 +0800] "POST /xingrg/all/common/load_tree.html?tree=area_station_tree_json&manage=1 HTTP/1.1" 200 460
222.70.180.200 - - [24/Sep/2023:11:10:44 +0800] "GET /xingrg/javascript/jquery_easy_ui/themes/default/images/tree_checkbox_0.gif HTTP/1.1" 304 -
124.79.244.212 - - [24/Sep/2023:11:10:45 +0800] "GET /xingrg/all/function/internal_message.html?_=1695525043603&CODE_STATE=getMsg HTTP/1.1" 200 27
124.79.244.212 - - [24/Sep/2023:11:10:45 +0800] "GET /xingrg/check_reg.html?_=1695525043605 HTTP/1.1" 200 22
101.83.145.37 - - [24/Sep/2023:11:10:45 +0800] "GET /xingrg/kc/mdqp/qqps_order_info.html?code=302023092000417 HTTP/1.1" 200 26796
101.83.145.37 - - [24/Sep/2023:11:10:45 +0800] "GET /xingrg/dwr/interface/AjaxQqpsService.js HTTP/1.1" 200 16326
101.83.145.37 - - [24/Sep/2023:11:10:45 +0800] "GET /xingrg/dwr/engine.js HTTP/1.1" 200 43631
101.83.145.37 - - [24/Sep/2023:11:10:45 +0800] "GET /xingrg/dwr/interface/AjaxComOrderService.js HTTP/1.1" 200 18264
124.78.69.58 - - [24/Sep/2023:11:10:45 +0800] "GET /xingrg/kc/buy/cgsh_order_info.html?code=212023092409747 HTTP/1.1" 200 67270
124.78.69.58 - - [24/Sep/2023:11:10:45 +0800] "GET /xingrg/javascript/easyui/themes/default/validatebox.css HTTP/1.1" 404 1104
101.83.145.37 - - [24/Sep/2023:11:10:46 +0800] "POST /xingrg/dwr/call/plaincall/AjaxQqpsService.loadMaterielItems.dwr HTTP/1.1" 200 352
222.70.180.200 - - [24/Sep/2023:11:10:46 +0800] "POST /xingrg/dwr/call/plaincall/AjaxReportQueryService.getFixDate.dwr HTTP/1.1" 200 111
124.78.69.58 - - [24/Sep/2023:11:10:46 +0800] "POST /xingrg/kc/buy/cgsh_order_operate.html HTTP/1.1" 200 38456
101.83.145.37 - - [24/Sep/2023:11:10:46 +0800] "GET /xingrg/all/function/internal_message.html?_=1695525047195&CODE_STATE=getMsg HTTP/1.1" 200 27
101.83.145.37 - - [24/Sep/2023:11:10:47 +0800] "GET /xingrg/kc/mdqp/qqps_order_list.html?isBack=1 HTTP/1.1" 302 -
101.83.145.37 - - [24/Sep/2023:11:10:47 +0800] "GET /xingrg/kc/mdqp/qqps_order_list.html?isQuery=1&timeSelect=1&orderTime=day&startTime=2023-09-20&endTime=2023-09-24&state=all&query=%C8%B7++%B6%A8 HTTP/1.1" 200 11818
101.83.145.37 - - [24/Sep/2023:11:10:47 +0800] "GET /xingrg/dwr/interface/AjaxQqpsService.js HTTP/1.1" 200 16326
101.83.145.37 - - [24/Sep/2023:11:10:47 +0800] "GET /xingrg/dwr/engine.js HTTP/1.1" 200 43631
101.83.145.37 - - [24/Sep/2023:11:10:47 +0800] "GET /xingrg/dwr/interface/AjaxReportQueryService.js HTTP/1.1" 200 13203
222.70.180.200 - - [24/Sep/2023:11:10:48 +0800] "POST /xingrg/dwr/call/plaincall/AjaxReportQueryService.getFixDate.dwr HTTP/1.1" 200 111
221.239.166.189 - - [24/Sep/2023:11:10:48 +0800] "GET /xingrg/all/function/internal_message.html?_=1695525046414&CODE_STATE=getMsg HTTP/1.1" 200 27
114.95.241.104 - - [24/Sep/2023:11:10:49 +0800] "GET /xingrg/check_reg.html?_=1695524953081 HTTP/1.1" 200 22
101.83.145.37 - - [24/Sep/2023:11:10:49 +0800] "GET /xingrg/kc/mdqp/qqps_order_info.html?code=302023092000414 HTTP/1.1" 200 26796
101.83.145.37 - - [24/Sep/2023:11:10:49 +0800] "GET /xingrg/dwr/interface/AjaxComOrderService.js HTTP/1.1" 200 18264
101.83.145.37 - - [24/Sep/2023:11:10:49 +0800] "GET /xingrg/dwr/interface/AjaxQqpsService.js HTTP/1.1" 200 16326
114.83.219.209 - - [24/Sep/2023:11:10:50 +0800] "GET /xingrg/all/function/internal_message.html?_=1695525051432&CODE_STATE=getMsg HTTP/1.1" 200 27
114.83.219.209 - - [24/Sep/2023:11:10:50 +0800] "GET /xingrg/check_reg.html?_=1695525051540 HTTP/1.1" 200 22
222.70.180.200 - - [24/Sep/2023:11:10:50 +0800] "GET /xingrg/javascript/jquery_easy_ui/themes/default/images/tree_checkbox_1.gif HTTP/1.1" 304 -
222.70.180.200 - - [24/Sep/2023:11:10:50 +0800] "GET /xingrg/javascript/jquery_easy_ui/themes/default/images/tree_checkbox_2.gif HTTP/1.1" 304 -
101.83.145.37 - - [24/Sep/2023:11:10:50 +0800] "POST /xingrg/dwr/call/plaincall/AjaxQqpsService.loadMaterielItems.dwr HTTP/1.1" 200 4974
222.70.180.200 - - [24/Sep/2023:11:10:50 +0800] "POST /xingrg/dwr/call/plaincall/AjaxReportQueryService.queryInitializeString.dwr HTTP/1.1" 200 239
114.95.241.104 - - [24/Sep/2023:11:10:50 +0800] "GET /xingrg/all/function/internal_message.html?_=1695525048560&CODE_STATE=getMsg HTTP/1.1" 200 27
222.70.180.200 - - [24/Sep/2023:11:10:51 +0800] "POST /xingrg/dwr/call/plaincall/AjaxReportQueryService.refreshCache.dwr HTTP/1.1" 200 78
172.20.0.100 - - [24/Sep/2023:11:10:51 +0800] "GET /xingrg/all/function/internal_message.html?_=1695525050852&CODE_STATE=getMsg HTTP/1.1" 200 27
114.83.216.51 - - [24/Sep/2023:11:10:51 +0800] "GET /xingrg/all/function/internal_message.html?_=1695525052022&CODE_STATE=getMsg HTTP/1.1" 200 27
222.70.180.200 - - [24/Sep/2023:11:10:52 +0800] "POST /xingrg/all/report/load_report_page.html HTTP/1.1" 200 72303
222.70.180.200 - - [24/Sep/2023:11:10:52 +0800] "GET /xingrg/servlets/image?cache=0.7725211997419011&image=px HTTP/1.1" 200 807
222.70.107.161 - - [24/Sep/2023:11:10:52 +0800] "GET /xingrg/all/function/internal_message.html?_=1695525052794&CODE_STATE=getMsg HTTP/1.1" 200 27
222.70.180.200 - - [24/Sep/2023:11:10:53 +0800] "GET /xingrg/all/function/internal_message.html?_=1695525052979&CODE_STATE=getMsg HTTP/1.1" 200 27
120.253.135.82 - - [24/Sep/2023:11:10:53 +0800] "GET /xingrg/all/function/internal_message.html?_=1695524856301&CODE_STATE=getMsg HTTP/1.1" 200 27
222.70.107.161 - - [24/Sep/2023:11:10:53 +0800] "GET /xingrg/kc/buy/cgsh_order_operate.html?command=get_materiel&rest_code=00156&code=00101010174&supplier_code=00100323&order_time=2023-09-24 HTTP/1.1" 200 421
222.70.180.200 - - [24/Sep/2023:11:10:53 +0800] "POST /xingrg/all/report/load_report_page.html HTTP/1.1" 200 60483
222.70.180.200 - - [24/Sep/2023:11:10:53 +0800] "GET /xingrg/servlets/image?cache=0.009367180363148986&image=px HTTP/1.1" 200 807
222.70.180.200 - - [24/Sep/2023:11:10:55 +0800] "GET /xingrg/check_reg.html?_=1695525054837 HTTP/1.1" 200 22
124.78.155.92 - - [24/Sep/2023:11:10:55 +0800] "GET /xingrg/all/function/internal_message.html?_=1695525050877&CODE_STATE=getMsg HTTP/1.1" 200 27
114.95.241.104 - - [24/Sep/2023:11:10:56 +0800] "GET /xingrg/check_reg.html?_=1695524960471 HTTP/1.1" 200 22
116.230.110.33 - - [24/Sep/2023:11:10:57 +0800] "GET /xingrg/all/function/internal_message.html?_=1695525056975&CODE_STATE=getMsg HTTP/1.1" 200 27
124.78.69.58 - - [24/Sep/2023:11:10:58 +0800] "GET /xingrg/all/function/internal_message.html?_=1695524485105&CODE_STATE=getMsg HTTP/1.1" 200 27
116.230.110.33 - - [24/Sep/2023:11:10:59 +0800] "GET /xingrg/all/function/internal_message.html?_=1695524912011&CODE_STATE=getMsg HTTP/1.1" 200 27
124.79.244.212 - - [24/Sep/2023:11:11:02 +0800] "GET /xingrg/all/function/internal_message.html?_=1695525360953&CODE_STATE=getMsg HTTP/1.1" 200 27
124.78.155.92 - - [24/Sep/2023:11:11:04 +0800] "GET /xingrg/kc/base/wldb_order_operate.html?command=get_materiel&rest_code=00106&base_code=0010396&code=00101019155 HTTP/1.1" 200 477
124.78.69.58 - - [24/Sep/2023:11:11:04 +0800] "GET /xingrg/all/function/internal_message.html?_=1695525065116&CODE_STATE=getMsg HTTP/1.1" 200 27
222.70.107.161 - - [24/Sep/2023:11:11:06 +0800] "POST /xingrg/kc/buy/cgsh_order_operate.html HTTP/1.1" 200 37
124.78.155.92 - - [24/Sep/2023:11:11:07 +0800] "GET /xingrg/all/function/internal_message.html?_=1695525067982&CODE_STATE=getMsg HTTP/1.1" 200 27
222.70.107.161 - - [24/Sep/2023:11:11:07 +0800] "POST /xingrg/kc/buy/cgsh_order_operate.html HTTP/1.1" 200 2664
222.70.107.161 - - [24/Sep/2023:11:11:08 +0800] "GET /xingrg/kc/print/load_config.html?kc_code=cgsh HTTP/1.1" 200 1927
222.70.107.161 - - [24/Sep/2023:11:11:09 +0800] "GET /xingrg/kc/print/load_data.html?order_code=212023092409801&kc_code=cgsh&condition= HTTP/1.1" 200 675
101.83.145.37 - - [24/Sep/2023:11:11:09 +0800] "GET /xingrg/kc/mdqp/qqps_order_list.html?isBack=1 HTTP/1.1" 302 -
101.83.145.37 - - [24/Sep/2023:11:11:09 +0800] "GET /xingrg/kc/mdqp/qqps_order_list.html?isQuery=1&timeSelect=1&orderTime=day&startTime=2023-09-20&endTime=2023-09-24&state=all&query=%C8%B7++%B6%A8 HTTP/1.1" 200 11818
101.83.145.37 - - [24/Sep/2023:11:11:10 +0800] "GET /xingrg/dwr/interface/AjaxReportQueryService.js HTTP/1.1" 200 13203
101.83.145.37 - - [24/Sep/2023:11:11:10 +0800] "GET /xingrg/dwr/engine.js HTTP/1.1" 200 43631
101.83.145.37 - - [24/Sep/2023:11:11:10 +0800] "GET /xingrg/dwr/interface/AjaxQqpsService.js HTTP/1.1" 200 16326
114.83.219.209 - - [24/Sep/2023:11:11:11 +0800] "POST /xingrg/kc/buy/cgsh_order_operate.html HTTP/1.1" 200 37
114.95.241.104 - - [24/Sep/2023:11:11:11 +0800] "GET /xingrg/all/function/internal_message.html?_=1695524975369&CODE_STATE=getMsg HTTP/1.1" 200 27
101.83.145.37 - - [24/Sep/2023:11:11:12 +0800] "GET /xingrg/kc/mdqp/qqps_order_info.html?code=302023092000413 HTTP/1.1" 200 26796
101.83.145.37 - - [24/Sep/2023:11:11:12 +0800] "GET /xingrg/dwr/interface/AjaxComOrderService.js HTTP/1.1" 200 18264
101.83.145.37 - - [24/Sep/2023:11:11:12 +0800] "GET /xingrg/dwr/interface/AjaxQqpsService.js HTTP/1.1" 200 16326
101.83.145.37 - - [24/Sep/2023:11:11:12 +0800] "GET /xingrg/dwr/engine.js HTTP/1.1" 200 43631
222.70.180.200 - - [24/Sep/2023:11:11:12 +0800] "GET /xingrg/check_reg.html?_=1695525072017 HTTP/1.1" 200 22
101.83.145.37 - - [24/Sep/2023:11:11:13 +0800] "POST /xingrg/dwr/call/plaincall/AjaxQqpsService.loadMaterielItems.dwr HTTP/1.1" 200 6116
