114.83.216.51 - - [24/Sep/2023:09:00:49 +0800] "GET /xingrg/kc/buy/cgsh_order_operate.html?command=get_materiel&rest_code=00149&code=00101002027&supplier_code=00100039&order_time=2023-09-24 HTTP/1.1" 200 415
221.239.166.189 - - [24/Sep/2023:09:00:49 +0800] "GET /xingrg/all/function/internal_message.html?_=1695517247878&CODE_STATE=getMsg HTTP/1.1" 200 27
120.253.135.82 - - [24/Sep/2023:09:00:50 +0800] "GET /xingrg/all/function/internal_message.html?_=1695517053115&CODE_STATE=getMsg HTTP/1.1" 200 27
101.83.145.37 - - [24/Sep/2023:09:00:51 +0800] "GET /xingrg/kc/buy/cgsh_order_operate.html?command=get_materiel&rest_code=00105&code=00101008059&supplier_code=00100005&order_time=2023-09-24 HTTP/1.1" 200 427
222.70.180.200 - - [24/Sep/2023:09:00:55 +0800] "GET /xingrg/all/function/internal_message.html?_=1695517254641&CODE_STATE=getMsg HTTP/1.1" 200 27
222.70.180.200 - - [24/Sep/2023:09:00:55 +0800] "GET /xingrg/check_reg.html?_=1695517254645 HTTP/1.1" 200 22
114.95.241.104 - - [24/Sep/2023:09:00:56 +0800] "GET /xingrg/check_reg.html?_=1695517160328 HTTP/1.1" 200 22
116.230.110.33 - - [24/Sep/2023:09:01:01 +0800] "GET /xingrg/all/function/internal_message.html?_=1695517113785&CODE_STATE=getMsg HTTP/1.1" 200 27
101.83.145.37 - - [24/Sep/2023:09:01:06 +0800] "GET /xingrg/kc/buy/cgsh_order_operate.html?command=get_materiel&rest_code=00105&code=00101008353&supplier_code=00100005&order_time=2023-09-24 HTTP/1.1" 200 408
116.230.110.33 - - [24/Sep/2023:09:01:06 +0800] "GET /xingrg/check_reg.html?_=1695517118869 HTTP/1.1" 200 22
116.230.110.33 - - [24/Sep/2023:09:01:06 +0800] "GET /xingrg/all/function/internal_message.html?_=1695517118871&CODE_STATE=getMsg HTTP/1.1" 200 27
101.83.145.37 - - [24/Sep/2023:09:01:08 +0800] "POST /xingrg/kc/buy/cgsh_order_operate.html HTTP/1.1" 200 2065
114.95.241.104 - - [24/Sep/2023:09:01:09 +0800] "GET /xingrg/all/function/internal_message.html?_=1695517173603&CODE_STATE=getMsg HTTP/1.1" 200 27
124.77.244.146 - - [24/Sep/2023:09:01:10 +0800] "GET /xingrg/all/function/internal_message.html?_=1695517272192&CODE_STATE=getMsg HTTP/1.1" 200 27
114.83.216.51 - - [24/Sep/2023:09:01:16 +0800] "GET /xingrg/kc/buy/cgsh_order_operate.html?command=get_materiel&rest_code=00149&code=00101002041&supplier_code=00100039&order_time=2023-09-24 HTTP/1.1" 200 409
114.95.241.104 - - [24/Sep/2023:09:01:16 +0800] "GET /xingrg/all/function/internal_message.html?_=1695517180530&CODE_STATE=getMsg HTTP/1.1" 200 27
101.83.145.37 - - [24/Sep/2023:09:01:16 +0800] "GET /xingrg/all/function/internal_message.html?_=1695517063150&CODE_STATE=getMsg HTTP/1.1" 200 27
101.83.145.37 - - [24/Sep/2023:09:01:25 +0800] "GET /xingrg/kc/buy/cgsh_order_operate.html?command=get_materiel&rest_code=00105&code=00101008101&supplier_code=00100005&order_time=2023-09-24 HTTP/1.1" 200 433
114.83.216.51 - - [24/Sep/2023:09:01:27 +0800] "GET /xingrg/all/function/internal_message.html?_=1695517287907&CODE_STATE=getMsg HTTP/1.1" 200 27
180.152.241.196 - - [24/Sep/2023:09:01:28 +0800] "GET /xingrg/all/function/internal_message.html?_=1695517288350&CODE_STATE=getMsg HTTP/1.1" 302 -
180.163.28.180 - - [24/Sep/2023:09:01:30 +0800] "GET /xingrg/all/function/internal_message.html?_=1695517225368&CODE_STATE=getMsg HTTP/1.1" 302 -
180.163.29.103 - - [24/Sep/2023:09:01:30 +0800] "GET /xingrg/check_reg.html?_=1695517225482 HTTP/1.1" 302 -
180.163.28.180 - - [24/Sep/2023:09:01:30 +0800] "GET /xingrg/login.html HTTP/1.1" 200 7641
180.163.29.103 - - [24/Sep/2023:09:01:30 +0800] "GET /xingrg/login.html HTTP/1.1" 200 7641
124.78.155.92 - - [24/Sep/2023:09:01:30 +0800] "GET /xingrg/all/function/internal_message.html?_=1695517285353&CODE_STATE=getMsg HTTP/1.1" 200 27
120.253.135.82 - - [24/Sep/2023:09:01:31 +0800] "GET /xingrg/check_reg.html?_=1695517094247 HTTP/1.1" 200 22
116.230.110.33 - - [24/Sep/2023:09:01:39 +0800] "GET /xingrg/check_reg.html?_=1695517151932 HTTP/1.1" 200 22
101.83.145.37 - - [24/Sep/2023:09:01:43 +0800] "POST /xingrg/kc/buy/cgsh_order_operate.html HTTP/1.1" 200 37
58.40.7.146 - - [24/Sep/2023:09:01:44 +0800] "POST /xingrg/services/DataTransmitService HTTP/1.1" 200 524
114.83.216.51 - - [24/Sep/2023:09:01:45 +0800] "GET /xingrg/kc/buy/cgsh_order_operate.html?command=get_materiel&rest_code=00149&code=00101001191&supplier_code=00100039&order_time=2023-09-24 HTTP/1.1" 200 415
101.83.145.37 - - [24/Sep/2023:09:01:46 +0800] "POST /xingrg/kc/buy/cgsh_order_operate.html HTTP/1.1" 200 41684
101.83.145.37 - - [24/Sep/2023:09:01:47 +0800] "GET /xingrg/all/function/internal_message.html?_=1695517308288&CODE_STATE=getMsg HTTP/1.1" 200 27
221.239.166.189 - - [24/Sep/2023:09:01:49 +0800] "GET /xingrg/all/function/internal_message.html?_=1695517307854&CODE_STATE=getMsg HTTP/1.1" 200 27
120.253.135.82 - - [24/Sep/2023:09:01:50 +0800] "GET /xingrg/all/function/internal_message.html?_=1695517113123&CODE_STATE=getMsg HTTP/1.1" 200 27
222.70.180.200 - - [24/Sep/2023:09:01:55 +0800] "GET /xingrg/all/function/internal_message.html?_=1695517314628&CODE_STATE=getMsg HTTP/1.1" 200 27
114.83.216.51 - - [24/Sep/2023:09:01:58 +0800] "GET /xingrg/kc/buy/cgsh_order_operate.html?command=get_materiel&rest_code=00149&code=00101005037&supplier_code=00100039&order_time=2023-09-24 HTTP/1.1" 200 409
116.230.110.33 - - [24/Sep/2023:09:02:01 +0800] "GET /xingrg/all/function/internal_message.html?_=1695517173774&CODE_STATE=getMsg HTTP/1.1" 200 27
116.230.110.33 - - [24/Sep/2023:09:02:06 +0800] "GET /xingrg/all/function/internal_message.html?_=1695517178860&CODE_STATE=getMsg HTTP/1.1" 200 27
114.95.241.104 - - [24/Sep/2023:09:02:09 +0800] "GET /xingrg/all/function/internal_message.html?_=1695517233617&CODE_STATE=getMsg HTTP/1.1" 200 27
124.77.244.146 - - [24/Sep/2023:09:02:10 +0800] "GET /xingrg/all/function/internal_message.html?_=1695517332205&CODE_STATE=getMsg HTTP/1.1" 200 27
114.83.216.51 - - [24/Sep/2023:09:02:14 +0800] "POST /xingrg/kc/buy/cgsh_order_operate.html HTTP/1.1" 200 37
114.95.241.104 - - [24/Sep/2023:09:02:16 +0800] "GET /xingrg/all/function/internal_message.html?_=1695517240543&CODE_STATE=getMsg HTTP/1.1" 200 27
101.83.145.37 - - [24/Sep/2023:09:02:16 +0800] "GET /xingrg/check_reg.html?_=1695517123151 HTTP/1.1" 200 22
101.83.145.37 - - [24/Sep/2023:09:02:16 +0800] "GET /xingrg/all/function/internal_message.html?_=1695517123154&CODE_STATE=getMsg HTTP/1.1" 200 27
114.83.216.51 - - [24/Sep/2023:09:02:20 +0800] "POST /xingrg/kc/buy/cgsh_order_operate.html HTTP/1.1" 200 12
114.83.216.51 - - [24/Sep/2023:09:02:25 +0800] "GET /xingrg/kc/buy/cgsh_order_info.html?code=212023092409721 HTTP/1.1" 200 67358
114.83.216.51 - - [24/Sep/2023:09:02:26 +0800] "GET /xingrg/javascript/easyui/themes/default/validatebox.css HTTP/1.1" 404 1104
114.83.216.51 - - [24/Sep/2023:09:02:27 +0800] "POST /xingrg/kc/buy/cgsh_order_operate.html HTTP/1.1" 200 2386
114.83.216.51 - - [24/Sep/2023:09:02:27 +0800] "GET /xingrg/all/function/internal_message.html?_=1695517347995&CODE_STATE=getMsg HTTP/1.1" 200 27
180.152.241.196 - - [24/Sep/2023:09:02:28 +0800] "GET /xingrg/all/function/internal_message.html?_=1695517348323&CODE_STATE=getMsg HTTP/1.1" 302 -
124.78.155.92 - - [24/Sep/2023:09:02:30 +0800] "GET /xingrg/all/function/internal_message.html?_=1695517345326&CODE_STATE=getMsg HTTP/1.1" 200 27
114.83.216.51 - - [24/Sep/2023:09:02:33 +0800] "GET /xingrg/kc/print/load_data.html?order_code=212023092409721&kc_code=cgsh&condition= HTTP/1.1" 200 1404
114.83.216.51 - - [24/Sep/2023:09:02:39 +0800] "GET /xingrg/kc/buy/cgsh_order_add.html HTTP/1.1" 200 72449
114.83.216.51 - - [24/Sep/2023:09:02:40 +0800] "POST /xingrg/kc/buy/cgsh_order_operate.html HTTP/1.1" 200 8245
114.83.216.51 - - [24/Sep/2023:09:02:40 +0800] "GET /xingrg/javascript/easyui/themes/default/validatebox.css HTTP/1.1" 404 1104
101.83.145.37 - - [24/Sep/2023:09:02:40 +0800] "POST /xingrg/kc/buy/cgsh_order_operate.html HTTP/1.1" 200 37
101.83.145.37 - - [24/Sep/2023:09:02:44 +0800] "POST /xingrg/kc/buy/cgsh_order_operate.html HTTP/1.1" 200 41684
101.83.145.37 - - [24/Sep/2023:09:02:47 +0800] "GET /xingrg/check_reg.html?_=1695517368299 HTTP/1.1" 200 22
101.83.145.37 - - [24/Sep/2023:09:02:47 +0800] "GET /xingrg/all/function/internal_message.html?_=1695517368300&CODE_STATE=getMsg HTTP/1.1" 200 27
221.239.166.189 - - [24/Sep/2023:09:02:49 +0800] "GET /xingrg/all/function/internal_message.html?_=1695517367833&CODE_STATE=getMsg HTTP/1.1" 200 27
120.253.135.82 - - [24/Sep/2023:09:02:50 +0800] "GET /xingrg/all/function/internal_message.html?_=1695517173136&CODE_STATE=getMsg HTTP/1.1" 200 27
124.78.155.92 - - [24/Sep/2023:09:02:50 +0800] "POST /xingrg/kc/buy/cgsh_list_operate.html HTTP/1.1" 200 1869
222.70.180.200 - - [24/Sep/2023:09:02:55 +0800] "GET /xingrg/all/function/internal_message.html?_=1695517374643&CODE_STATE=getMsg HTTP/1.1" 200 27
124.78.155.92 - - [24/Sep/2023:09:02:57 +0800] "POST /xingrg/kc/buy/cgsh_list_operate.html HTTP/1.1" 200 567
124.78.155.92 - - [24/Sep/2023:09:02:59 +0800] "GET /xingrg/kc/buy/cgsh_order_info.html?code=212023092409718 HTTP/1.1" 200 72370
124.78.155.92 - - [24/Sep/2023:09:02:59 +0800] "GET /xingrg/javascript/easyui/themes/default/validatebox.css HTTP/1.1" 404 1104
124.78.155.92 - - [24/Sep/2023:09:03:00 +0800] "POST /xingrg/kc/buy/cgsh_order_operate.html HTTP/1.1" 200 18661
116.230.110.33 - - [24/Sep/2023:09:03:01 +0800] "GET /xingrg/all/function/internal_message.html?_=1695517233753&CODE_STATE=getMsg HTTP/1.1" 200 27
116.230.110.33 - - [24/Sep/2023:09:03:06 +0800] "GET /xingrg/all/function/internal_message.html?_=1695517238857&CODE_STATE=getMsg HTTP/1.1" 200 27
114.95.241.104 - - [24/Sep/2023:09:03:10 +0800] "GET /xingrg/all/function/internal_message.html?_=1695517293638&CODE_STATE=getMsg HTTP/1.1" 200 27
124.77.244.146 - - [24/Sep/2023:09:03:10 +0800] "GET /xingrg/all/function/internal_message.html?_=1695517392222&CODE_STATE=getMsg HTTP/1.1" 200 27
101.83.145.37 - - [24/Sep/2023:09:03:16 +0800] "GET /xingrg/all/function/internal_message.html?_=1695517183139&CODE_STATE=getMsg HTTP/1.1" 200 27
114.95.241.104 - - [24/Sep/2023:09:03:16 +0800] "GET /xingrg/all/function/internal_message.html?_=1695517300596&CODE_STATE=getMsg HTTP/1.1" 200 27
114.83.216.51 - - [24/Sep/2023:09:03:19 +0800] "GET /xingrg/kc/buy/cgsh_order_add.html HTTP/1.1" 200 72449
114.83.216.51 - - [24/Sep/2023:09:03:19 +0800] "POST /xingrg/kc/buy/cgsh_order_operate.html HTTP/1.1" 200 8245
114.83.216.51 - - [24/Sep/2023:09:03:19 +0800] "GET /xingrg/javascript/easyui/themes/default/validatebox.css HTTP/1.1" 404 1104
114.83.216.51 - - [24/Sep/2023:09:03:27 +0800] "GET /xingrg/all/function/internal_message.html?_=1695517407874&CODE_STATE=getMsg HTTP/1.1" 200 27
180.152.241.196 - - [24/Sep/2023:09:03:28 +0800] "GET /xingrg/all/function/internal_message.html?_=1695517408317&CODE_STATE=getMsg HTTP/1.1" 302 -
124.78.155.92 - - [24/Sep/2023:09:03:30 +0800] "GET /xingrg/all/function/internal_message.html?_=1695517405296&CODE_STATE=getMsg HTTP/1.1" 200 27
180.163.30.85 - - [24/Sep/2023:09:03:30 +0800] "GET /xingrg/all/function/internal_message.html?_=1695517345326&CODE_STATE=getMsg HTTP/1.1" 302 -
180.163.30.85 - - [24/Sep/2023:09:03:30 +0800] "GET /xingrg/login.html HTTP/1.1" 200 7641
218.81.68.103 - - [24/Sep/2023:09:03:41 +0800] "GET /xingrg/check_reg.html?_=1695517419714 HTTP/1.1" 200 22
101.83.145.37 - - [24/Sep/2023:09:03:47 +0800] "GET /xingrg/all/function/internal_message.html?_=1695517428268&CODE_STATE=getMsg HTTP/1.1" 200 27
114.83.216.51 - - [24/Sep/2023:09:03:49 +0800] "GET /xingrg/kc/buy/cgsh_order_operate.html?command=get_materiel&rest_code=00149&code=00101011007&supplier_code=00100051&order_time=2023-09-24 HTTP/1.1" 200 414
221.239.166.189 - - [24/Sep/2023:09:03:49 +0800] "GET /xingrg/all/function/internal_message.html?_=1695517427830&CODE_STATE=getMsg HTTP/1.1" 200 27
120.253.135.82 - - [24/Sep/2023:09:03:50 +0800] "GET /xingrg/all/function/internal_message.html?_=1695517233191&CODE_STATE=getMsg HTTP/1.1" 200 27
221.239.166.189 - - [24/Sep/2023:09:03:51 +0800] "GET /xingrg/check_reg.html?_=1695517429148 HTTP/1.1" 200 22
222.70.180.200 - - [24/Sep/2023:09:03:55 +0800] "GET /xingrg/all/function/internal_message.html?_=1695517434632&CODE_STATE=getMsg HTTP/1.1" 200 27
116.230.110.33 - - [24/Sep/2023:09:04:00 +0800] "GET /xingrg/all/function/internal_message.html?_=1695517293733&CODE_STATE=getMsg HTTP/1.1" 200 27
116.230.110.33 - - [24/Sep/2023:09:04:06 +0800] "GET /xingrg/all/function/internal_message.html?_=1695517298848&CODE_STATE=getMsg HTTP/1.1" 200 27
114.83.216.51 - - [24/Sep/2023:09:04:07 +0800] "GET /xingrg/kc/buy/cgsh_order_operate.html?command=get_materiel&rest_code=00149&code=00101011003&supplier_code=00100051&order_time=2023-09-24 HTTP/1.1" 200 413
114.95.241.104 - - [24/Sep/2023:09:04:10 +0800] "GET /xingrg/all/function/internal_message.html?_=1695517353644&CODE_STATE=getMsg HTTP/1.1" 200 27
124.77.244.146 - - [24/Sep/2023:09:04:10 +0800] "GET /xingrg/all/function/internal_message.html?_=1695517452231&CODE_STATE=getMsg HTTP/1.1" 200 27
222.70.180.200 - - [24/Sep/2023:09:04:14 +0800] "GET /xingrg/kc/buy/cgsh_order_add.html HTTP/1.1" 200 72311
222.70.180.200 - - [24/Sep/2023:09:04:14 +0800] "POST /xingrg/kc/buy/cgsh_order_operate.html HTTP/1.1" 200 8245
222.70.180.200 - - [24/Sep/2023:09:04:14 +0800] "GET /xingrg/javascript/easyui/themes/default/validatebox.css HTTP/1.1" 404 1104
101.83.145.37 - - [24/Sep/2023:09:04:16 +0800] "GET /xingrg/all/function/internal_message.html?_=1695517243139&CODE_STATE=getMsg HTTP/1.1" 200 27
114.95.241.104 - - [24/Sep/2023:09:04:16 +0800] "GET /xingrg/all/function/internal_message.html?_=1695517360602&CODE_STATE=getMsg HTTP/1.1" 200 27
114.83.216.51 - - [24/Sep/2023:09:04:20 +0800] "GET /xingrg/kc/buy/cgsh_order_operate.html?command=get_materiel&rest_code=00149&code=00101011005&supplier_code=00100051&order_time=2023-09-24 HTTP/1.1" 200 428
114.83.216.51 - - [24/Sep/2023:09:04:27 +0800] "GET /xingrg/all/function/internal_message.html?_=1695517467862&CODE_STATE=getMsg HTTP/1.1" 200 27
180.152.241.196 - - [24/Sep/2023:09:04:28 +0800] "GET /xingrg/all/function/internal_message.html?_=1695517468295&CODE_STATE=getMsg HTTP/1.1" 302 -
180.152.241.196 - - [24/Sep/2023:09:04:28 +0800] "GET /xingrg/check_reg.html?_=1695517468481 HTTP/1.1" 302 -
124.78.155.92 - - [24/Sep/2023:09:04:30 +0800] "GET /xingrg/all/function/internal_message.html?_=1695517465282&CODE_STATE=getMsg HTTP/1.1" 200 27
114.83.216.51 - - [24/Sep/2023:09:04:41 +0800] "POST /xingrg/kc/buy/cgsh_order_operate.html HTTP/1.1" 200 37
101.83.145.37 - - [24/Sep/2023:09:04:47 +0800] "GET /xingrg/all/function/internal_message.html?_=1695517488276&CODE_STATE=getMsg HTTP/1.1" 200 27
114.83.216.51 - - [24/Sep/2023:09:04:49 +0800] "POST /xingrg/kc/buy/cgsh_order_operate.html HTTP/1.1" 200 12
221.239.166.189 - - [24/Sep/2023:09:04:49 +0800] "GET /xingrg/all/function/internal_message.html?_=1695517487854&CODE_STATE=getMsg HTTP/1.1" 200 27
120.253.135.82 - - [24/Sep/2023:09:04:50 +0800] "GET /xingrg/all/function/internal_message.html?_=1695517293195&CODE_STATE=getMsg HTTP/1.1" 200 27
114.83.216.51 - - [24/Sep/2023:09:04:52 +0800] "GET /xingrg/kc/buy/cgsh_order_info.html?code=212023092409722 HTTP/1.1" 200 67358
114.83.216.51 - - [24/Sep/2023:09:04:52 +0800] "GET /xingrg/javascript/easyui/themes/default/validatebox.css HTTP/1.1" 404 1104
114.83.216.51 - - [24/Sep/2023:09:04:53 +0800] "POST /xingrg/kc/buy/cgsh_order_operate.html HTTP/1.1" 200 1789
222.70.180.200 - - [24/Sep/2023:09:04:55 +0800] "GET /xingrg/all/function/internal_message.html?_=1695517494656&CODE_STATE=getMsg HTTP/1.1" 200 27
124.77.244.146 - - [24/Sep/2023:09:04:59 +0800] "POST /xingrg/services/DataTransmitService HTTP/1.1" 200 524
114.83.216.51 - - [24/Sep/2023:09:05:00 +0800] "GET /xingrg/kc/print/load_data.html?order_code=212023092409722&kc_code=cgsh&condition= HTTP/1.1" 200 1179
116.230.110.33 - - [24/Sep/2023:09:05:00 +0800] "GET /xingrg/all/function/internal_message.html?_=1695517353709&CODE_STATE=getMsg HTTP/1.1" 200 27
124.79.244.212 - - [24/Sep/2023:09:05:01 +0800] "GET /xingrg/check_reg.html?_=1695517499891 HTTP/1.1" 302 -
114.83.216.51 - - [24/Sep/2023:09:05:04 +0800] "GET /xingrg/kc/buy/cgsh_order_add.html HTTP/1.1" 200 72449
114.83.216.51 - - [24/Sep/2023:09:05:05 +0800] "POST /xingrg/kc/buy/cgsh_order_operate.html HTTP/1.1" 200 8245
114.83.216.51 - - [24/Sep/2023:09:05:05 +0800] "GET /xingrg/javascript/easyui/themes/default/validatebox.css HTTP/1.1" 404 1104
116.230.110.33 - - [24/Sep/2023:09:05:06 +0800] "GET /xingrg/all/function/internal_message.html?_=1695517358862&CODE_STATE=getMsg HTTP/1.1" 200 27
114.95.241.104 - - [24/Sep/2023:09:05:10 +0800] "GET /xingrg/all/function/internal_message.html?_=1695517413665&CODE_STATE=getMsg HTTP/1.1" 200 27
124.77.244.146 - - [24/Sep/2023:09:05:10 +0800] "GET /xingrg/check_reg.html?_=1695517511624 HTTP/1.1" 200 22
124.77.244.146 - - [24/Sep/2023:09:05:10 +0800] "GET /xingrg/all/function/internal_message.html?_=1695517512246&CODE_STATE=getMsg HTTP/1.1" 200 27
114.83.216.51 - - [24/Sep/2023:09:05:13 +0800] "GET /xingrg/check_reg.html?_=1695517513489 HTTP/1.1" 200 22
222.70.180.200 - - [24/Sep/2023:09:05:16 +0800] "GET /xingrg/kc/buy/cgsh_order_operate.html?command=get_materiel&rest_code=00111&code=00101008213&supplier_code=00100005&order_time=2023-09-24 HTTP/1.1" 200 412
101.83.145.37 - - [24/Sep/2023:09:05:16 +0800] "GET /xingrg/all/function/internal_message.html?_=1695517303153&CODE_STATE=getMsg HTTP/1.1" 200 27
114.95.241.104 - - [24/Sep/2023:09:05:17 +0800] "GET /xingrg/all/function/internal_message.html?_=1695517420657&CODE_STATE=getMsg HTTP/1.1" 200 27
114.83.216.51 - - [24/Sep/2023:09:05:27 +0800] "GET /xingrg/all/function/internal_message.html?_=1695517527838&CODE_STATE=getMsg HTTP/1.1" 200 27
180.152.241.196 - - [24/Sep/2023:09:05:28 +0800] "GET /xingrg/all/function/internal_message.html?_=1695517528277&CODE_STATE=getMsg HTTP/1.1" 302 -
124.78.155.92 - - [24/Sep/2023:09:05:30 +0800] "GET /xingrg/all/function/internal_message.html?_=1695517525253&CODE_STATE=getMsg HTTP/1.1" 200 27
180.163.28.180 - - [24/Sep/2023:09:05:30 +0800] "GET /xingrg/all/function/internal_message.html?_=1695517465282&CODE_STATE=getMsg HTTP/1.1" 302 -
180.163.28.180 - - [24/Sep/2023:09:05:30 +0800] "GET /xingrg/login.html HTTP/1.1" 200 7641
124.78.155.92 - - [24/Sep/2023:09:05:30 +0800] "GET /xingrg/check_reg.html?_=1695517525493 HTTP/1.1" 200 22
114.83.216.51 - - [24/Sep/2023:09:05:41 +0800] "GET /xingrg/kc/buy/cgsh_order_operate.html?command=get_materiel&rest_code=00149&code=00101016030&supplier_code=00100096&order_time=2023-09-24 HTTP/1.1" 200 412
101.83.145.37 - - [24/Sep/2023:09:05:47 +0800] "GET /xingrg/all/function/internal_message.html?_=1695517548244&CODE_STATE=getMsg HTTP/1.1" 200 27
114.95.241.104 - - [24/Sep/2023:09:05:49 +0800] "GET /xingrg/check_reg.html?_=1695517452947 HTTP/1.1" 200 22
221.239.166.189 - - [24/Sep/2023:09:05:50 +0800] "GET /xingrg/all/function/internal_message.html?_=1695517547840&CODE_STATE=getMsg HTTP/1.1" 200 27
120.253.135.82 - - [24/Sep/2023:09:05:50 +0800] "GET /xingrg/all/function/internal_message.html?_=1695517353233&CODE_STATE=getMsg HTTP/1.1" 200 27
114.83.216.51 - - [24/Sep/2023:09:05:53 +0800] "GET /xingrg/kc/buy/cgsh_order_operate.html?command=get_materiel&rest_code=00149&code=00101016025&supplier_code=00100096&order_time=2023-09-24 HTTP/1.1" 200 408
222.70.180.200 - - [24/Sep/2023:09:05:55 +0800] "GET /xingrg/check_reg.html?_=1695517554659 HTTP/1.1" 200 22
222.70.180.200 - - [24/Sep/2023:09:05:55 +0800] "GET /xingrg/all/function/internal_message.html?_=1695517554655&CODE_STATE=getMsg HTTP/1.1" 200 27
114.95.241.104 - - [24/Sep/2023:09:05:56 +0800] "GET /xingrg/check_reg.html?_=1695517460333 HTTP/1.1" 200 22
116.230.110.33 - - [24/Sep/2023:09:06:00 +0800] "GET /xingrg/all/function/internal_message.html?_=1695517413695&CODE_STATE=getMsg HTTP/1.1" 200 27
222.70.180.200 - - [24/Sep/2023:09:06:01 +0800] "GET /xingrg/kc/buy/cgsh_order_operate.html?command=get_materiel&rest_code=00111&code=00101008248&supplier_code=00100005&order_time=2023-09-24 HTTP/1.1" 200 412
116.230.110.33 - - [24/Sep/2023:09:06:06 +0800] "GET /xingrg/all/function/internal_message.html?_=1695517418849&CODE_STATE=getMsg HTTP/1.1" 200 27
116.230.110.33 - - [24/Sep/2023:09:06:06 +0800] "GET /xingrg/check_reg.html?_=1695517418851 HTTP/1.1" 200 22
114.83.216.51 - - [24/Sep/2023:09:06:07 +0800] "GET /xingrg/kc/buy/cgsh_order_operate.html?command=get_materiel&rest_code=00149&code=00101006111&supplier_code=00100096&order_time=2023-09-24 HTTP/1.1" 200 409
114.95.241.104 - - [24/Sep/2023:09:06:10 +0800] "GET /xingrg/all/function/internal_message.html?_=1695517473672&CODE_STATE=getMsg HTTP/1.1" 200 27
124.77.244.146 - - [24/Sep/2023:09:06:10 +0800] "GET /xingrg/all/function/internal_message.html?_=1695517572259&CODE_STATE=getMsg HTTP/1.1" 200 27
101.83.145.37 - - [24/Sep/2023:09:06:16 +0800] "GET /xingrg/all/function/internal_message.html?_=1695517363151&CODE_STATE=getMsg HTTP/1.1" 200 27
114.95.241.104 - - [24/Sep/2023:09:06:17 +0800] "GET /xingrg/all/function/internal_message.html?_=1695517480660&CODE_STATE=getMsg HTTP/1.1" 200 27
58.39.107.39 - - [24/Sep/2023:09:06:17 +0800] "GET /favicon.ico HTTP/1.1" 404 -
58.39.107.39 - - [24/Sep/2023:09:06:18 +0800] "GET /xingrg/login.html HTTP/1.1" 200 7641
58.39.107.39 - - [24/Sep/2023:09:06:18 +0800] "GET /favicon.ico HTTP/1.1" 404 -
114.83.216.51 - - [24/Sep/2023:09:06:19 +0800] "GET /xingrg/kc/buy/cgsh_order_operate.html?command=get_materiel&rest_code=00149&code=00101006112&supplier_code=00100096&order_time=2023-09-24 HTTP/1.1" 200 411
58.39.107.39 - - [24/Sep/2023:09:06:24 +0800] "POST /xingrg/login.do HTTP/1.1" 302 -
58.39.107.39 - - [24/Sep/2023:09:06:24 +0800] "GET /xingrg/index.html?sysBaseUrl=http%3A%2F%2F180.169.147.146%3A18081%2Fxingrg%2F&costTime=798×tamp=1695517584054 HTTP/1.1" 200 17177
58.39.107.39 - - [24/Sep/2023:09:06:24 +0800] "GET /favicon.ico HTTP/1.1" 404 -
58.39.107.39 - - [24/Sep/2023:09:06:24 +0800] "GET /xingrg/all/function/internal_message.html?_=1695517586274&CODE_STATE=count HTTP/1.1" 200 11
58.39.107.39 - - [24/Sep/2023:09:06:24 +0800] "GET /xingrg/check_reg.html?_=1695517586275 HTTP/1.1" 200 22
58.39.107.39 - - [24/Sep/2023:09:06:24 +0800] "POST /xingrg/all/common/load_tree.html?tree=area_rest_tree_json&manage=1 HTTP/1.1" 200 348
58.39.107.39 - - [24/Sep/2023:09:06:24 +0800] "POST /xingrg/load_menu.html HTTP/1.1" 200 5138
114.83.216.51 - - [24/Sep/2023:09:06:27 +0800] "GET /xingrg/all/function/internal_message.html?_=1695517587812&CODE_STATE=getMsg HTTP/1.1" 200 27
180.152.241.196 - - [24/Sep/2023:09:06:28 +0800] "GET /xingrg/all/function/internal_message.html?_=1695517588263&CODE_STATE=getMsg HTTP/1.1" 302 -
222.70.180.200 - - [24/Sep/2023:09:06:28 +0800] "GET /xingrg/kc/buy/cgsh_order_operate.html?command=get_materiel&rest_code=00111&code=00101008261&supplier_code=00100005&order_time=2023-09-24 HTTP/1.1" 200 429
124.78.155.92 - - [24/Sep/2023:09:06:29 +0800] "GET /xingrg/all/function/internal_message.html?_=1695517585230&CODE_STATE=getMsg HTTP/1.1" 200 27
180.163.30.100 - - [24/Sep/2023:09:06:30 +0800] "GET /xingrg/all/function/internal_message.html?_=1695517525253&CODE_STATE=getMsg HTTP/1.1" 302 -
180.163.30.100 - - [24/Sep/2023:09:06:30 +0800] "GET /xingrg/login.html HTTP/1.1" 200 7641
180.163.28.114 - - [24/Sep/2023:09:06:30 +0800] "GET /xingrg/check_reg.html?_=1695517525493 HTTP/1.1" 302 -
180.163.28.114 - - [24/Sep/2023:09:06:30 +0800] "GET /xingrg/login.html HTTP/1.1" 200 7641
120.253.135.82 - - [24/Sep/2023:09:06:31 +0800] "GET /xingrg/check_reg.html?_=1695517394261 HTTP/1.1" 200 22
114.83.216.51 - - [24/Sep/2023:09:06:32 +0800] "GET /xingrg/kc/buy/cgsh_order_operate.html?command=get_materiel&rest_code=00149&code=00101006144&supplier_code=00100096&order_time=2023-09-24 HTTP/1.1" 200 409
58.39.107.39 - - [24/Sep/2023:09:06:36 +0800] "GET /xingrg/kc/buy/buy_main.html HTTP/1.1" 200 12412
58.39.107.39 - - [24/Sep/2023:09:06:36 +0800] "GET /xingrg/css/new_ie.css HTTP/1.1" 404 1036
58.39.107.39 - - [24/Sep/2023:09:06:37 +0800] "GET /xingrg/images/yd/bt.gif HTTP/1.1" 404 1040
58.39.107.39 - - [24/Sep/2023:09:06:38 +0800] "GET /xingrg/kc/buy/cgsh_order_list.html HTTP/1.1" 200 56583
116.230.110.33 - - [24/Sep/2023:09:06:39 +0800] "GET /xingrg/check_reg.html?_=1695517451914 HTTP/1.1" 200 22
58.39.107.39 - - [24/Sep/2023:09:06:40 +0800] "POST /xingrg/kc/buy/cgsh_list_operate.html HTTP/1.1" 200 986
101.83.145.37 - - [24/Sep/2023:09:06:47 +0800] "GET /xingrg/all/function/internal_message.html?_=1695517608220&CODE_STATE=getMsg HTTP/1.1" 200 27
221.239.166.189 - - [24/Sep/2023:09:06:49 +0800] "GET /xingrg/all/function/internal_message.html?_=1695517607824&CODE_STATE=getMsg HTTP/1.1" 200 27
120.253.135.82 - - [24/Sep/2023:09:06:50 +0800] "GET /xingrg/all/function/internal_message.html?_=1695517413238&CODE_STATE=getMsg HTTP/1.1" 200 27
114.83.216.51 - - [24/Sep/2023:09:06:51 +0800] "GET /xingrg/kc/buy/cgsh_order_operate.html?command=get_materiel&rest_code=00149&code=00101006055&supplier_code=00100096&order_time=2023-09-24 HTTP/1.1" 200 409
222.70.180.200 - - [24/Sep/2023:09:06:54 +0800] "GET /xingrg/kc/buy/cgsh_order_operate.html?command=get_materiel&rest_code=00111&code=00101008257&supplier_code=00100005&order_time=2023-09-24 HTTP/1.1" 200 416
222.70.180.200 - - [24/Sep/2023:09:06:55 +0800] "GET /xingrg/all/function/internal_message.html?_=1695517614663&CODE_STATE=getMsg HTTP/1.1" 200 27
116.230.110.33 - - [24/Sep/2023:09:07:00 +0800] "GET /xingrg/all/function/internal_message.html?_=1695517473681&CODE_STATE=getMsg HTTP/1.1" 200 27
116.230.110.33 - - [24/Sep/2023:09:07:06 +0800] "GET /xingrg/all/function/internal_message.html?_=1695517478866&CODE_STATE=getMsg HTTP/1.1" 200 27
114.95.241.104 - - [24/Sep/2023:09:07:10 +0800] "GET /xingrg/all/function/internal_message.html?_=1695517533685&CODE_STATE=getMsg HTTP/1.1" 200 27
124.77.244.146 - - [24/Sep/2023:09:07:10 +0800] "GET /xingrg/all/function/internal_message.html?_=1695517632272&CODE_STATE=getMsg HTTP/1.1" 200 27
114.83.216.51 - - [24/Sep/2023:09:07:13 +0800] "GET /xingrg/kc/buy/cgsh_order_operate.html?command=get_materiel&rest_code=00149&code=00101006130&supplier_code=00100096&order_time=2023-09-24 HTTP/1.1" 200 437
101.83.145.37 - - [24/Sep/2023:09:07:16 +0800] "GET /xingrg/check_reg.html?_=1695517423151 HTTP/1.1" 200 22
101.83.145.37 - - [24/Sep/2023:09:07:16 +0800] "GET /xingrg/all/function/internal_message.html?_=1695517423155&CODE_STATE=getMsg HTTP/1.1" 200 27
114.95.241.104 - - [24/Sep/2023:09:07:17 +0800] "GET /xingrg/all/function/internal_message.html?_=1695517540674&CODE_STATE=getMsg HTTP/1.1" 200 27
222.70.180.200 - - [24/Sep/2023:09:07:18 +0800] "GET /xingrg/kc/buy/cgsh_order_operate.html?command=get_materiel&rest_code=00111&code=00101009030&supplier_code=00100005&order_time=2023-09-24 HTTP/1.1" 200 412
58.39.107.39 - - [24/Sep/2023:09:07:22 +0800] "GET /xingrg/kc/buy/buy_main.html HTTP/1.1" 200 12412
58.39.107.39 - - [24/Sep/2023:09:07:22 +0800] "GET /xingrg/css/new_ie.css HTTP/1.1" 404 1036
58.39.107.39 - - [24/Sep/2023:09:07:22 +0800] "GET /xingrg/images/yd/bt.gif HTTP/1.1" 404 1040
58.39.107.39 - - [24/Sep/2023:09:07:23 +0800] "GET /xingrg/kc/buy/cgsh_order_list.html HTTP/1.1" 200 56583
58.39.107.39 - - [24/Sep/2023:09:07:24 +0800] "GET /xingrg/all/function/internal_message.html?_=1695517646281&CODE_STATE=getMsg HTTP/1.1" 200 27
58.39.107.39 - - [24/Sep/2023:09:07:25 +0800] "POST /xingrg/kc/buy/cgsh_list_operate.html HTTP/1.1" 200 986
58.39.107.39 - - [24/Sep/2023:09:07:27 +0800] "GET /xingrg/kc/buy/cgsh_order_add.html HTTP/1.1" 200 71484
58.39.107.39 - - [24/Sep/2023:09:07:27 +0800] "GET /xingrg/words/20230923131221_words.js HTTP/1.1" 304 -
58.39.107.39 - - [24/Sep/2023:09:07:27 +0800] "POST /xingrg/kc/buy/cgsh_order_operate.html HTTP/1.1" 200 8245
58.39.107.39 - - [24/Sep/2023:09:07:27 +0800] "GET /xingrg/javascript/easyui/themes/default/validatebox.css HTTP/1.1" 404 1104
58.39.107.39 - - [24/Sep/2023:09:07:27 +0800] "GET /xingrg/all/common/auto_word.html?type=employee&rest_code=00157 HTTP/1.1" 200 51
58.39.107.39 - - [24/Sep/2023:09:07:27 +0800] "GET /xingrg/all/common/auto_word.html?type=employee&rest_code=00157 HTTP/1.1" 200 51
114.83.216.51 - - [24/Sep/2023:09:07:27 +0800] "GET /xingrg/all/function/internal_message.html?_=1695517647788&CODE_STATE=getMsg HTTP/1.1" 200 27
124.78.69.58 - - [24/Sep/2023:09:07:27 +0800] "POST /xingrg/services/DataTransmitService HTTP/1.1" 200 524
180.152.241.196 - - [24/Sep/2023:09:07:28 +0800] "GET /xingrg/all/function/internal_message.html?_=1695517648238&CODE_STATE=getMsg HTTP/1.1" 302 -
124.78.155.92 - - [24/Sep/2023:09:07:29 +0800] "GET /xingrg/all/function/internal_message.html?_=1695517645213&CODE_STATE=getMsg HTTP/1.1" 200 27
58.39.107.39 - - [24/Sep/2023:09:07:30 +0800] "GET /xingrg/javascript/auto/indicator.gif HTTP/1.1" 404 1066
58.39.107.39 - - [24/Sep/2023:09:07:30 +0800] "GET /xingrg/javascript/jquery_tools/images/prev.gif HTTP/1.1" 404 1086
58.39.107.39 - - [24/Sep/2023:09:07:30 +0800] "GET /xingrg/javascript/jquery_tools/images/next.gif HTTP/1.1" 404 1086
114.83.216.51 - - [24/Sep/2023:09:07:38 +0800] "GET /xingrg/kc/buy/cgsh_order_operate.html?command=get_materiel&rest_code=00149&code=00101006056&supplier_code=00100096&order_time=2023-09-24 HTTP/1.1" 200 414
222.70.180.200 - - [24/Sep/2023:09:07:46 +0800] "GET /xingrg/kc/buy/cgsh_order_operate.html?command=get_materiel&rest_code=00111&code=00101008101&supplier_code=00100005&order_time=2023-09-24 HTTP/1.1" 200 433
101.83.145.37 - - [24/Sep/2023:09:07:47 +0800] "GET /xingrg/check_reg.html?_=1695517668168 HTTP/1.1" 200 22
101.83.145.37 - - [24/Sep/2023:09:07:47 +0800] "GET /xingrg/all/function/internal_message.html?_=1695517668188&CODE_STATE=getMsg HTTP/1.1" 200 27
221.239.166.189 - - [24/Sep/2023:09:07:49 +0800] "GET /xingrg/all/function/internal_message.html?_=1695517667813&CODE_STATE=getMsg HTTP/1.1" 200 27
120.253.135.82 - - [24/Sep/2023:09:07:50 +0800] "GET /xingrg/all/function/internal_message.html?_=1695517473251&CODE_STATE=getMsg HTTP/1.1" 200 27
58.39.107.39 - - [24/Sep/2023:09:07:53 +0800] "GET /xingrg/kc/buy/cgsh_order_operate.html?command=get_materiel&rest_code=00157&code=00101040018&supplier_code=00100152&order_time=2023-09-24 HTTP/1.1" 200 452
222.70.180.200 - - [24/Sep/2023:09:07:55 +0800] "GET /xingrg/all/function/internal_message.html?_=1695517674653&CODE_STATE=getMsg HTTP/1.1" 200 27
116.230.110.33 - - [24/Sep/2023:09:08:00 +0800] "GET /xingrg/all/function/internal_message.html?_=1695517533660&CODE_STATE=getMsg HTTP/1.1" 200 27
116.230.110.33 - - [24/Sep/2023:09:08:06 +0800] "GET /xingrg/all/function/internal_message.html?_=1695517538867&CODE_STATE=getMsg HTTP/1.1" 200 27
222.70.180.200 - - [24/Sep/2023:09:08:07 +0800] "GET /xingrg/kc/buy/cgsh_order_operate.html?command=get_materiel&rest_code=00111&code=00101008004&supplier_code=00100005&order_time=2023-09-24 HTTP/1.1" 200 437
114.95.241.104 - - [24/Sep/2023:09:08:10 +0800] "GET /xingrg/all/function/internal_message.html?_=1695517593706&CODE_STATE=getMsg HTTP/1.1" 200 27
124.77.244.146 - - [24/Sep/2023:09:08:10 +0800] "GET /xingrg/all/function/internal_message.html?_=1695517692289&CODE_STATE=getMsg HTTP/1.1" 200 27
114.83.216.51 - - [24/Sep/2023:09:08:15 +0800] "GET /xingrg/kc/buy/cgsh_order_operate.html?command=get_materiel&rest_code=00149&code=00101007081&supplier_code=00100096&order_time=2023-09-24 HTTP/1.1" 200 415
101.83.145.37 - - [24/Sep/2023:09:08:16 +0800] "GET /xingrg/all/function/internal_message.html?_=1695517483140&CODE_STATE=getMsg HTTP/1.1" 200 27
114.95.241.104 - - [24/Sep/2023:09:08:17 +0800] "GET /xingrg/all/function/internal_message.html?_=1695517600732&CODE_STATE=getMsg HTTP/1.1" 200 27
58.39.107.39 - - [24/Sep/2023:09:08:22 +0800] "GET /xingrg/kc/buy/cgsh_order_operate.html?command=get_materiel&rest_code=00157&code=00101008542&supplier_code=00100152&order_time=2023-09-24 HTTP/1.1" 200 420
58.39.107.39 - - [24/Sep/2023:09:08:24 +0800] "GET /xingrg/all/function/internal_message.html?_=1695517706293&CODE_STATE=getMsg HTTP/1.1" 200 27
114.83.216.51 - - [24/Sep/2023:09:08:27 +0800] "GET /xingrg/kc/buy/cgsh_order_operate.html?command=get_materiel&rest_code=00149&code=00101007033&supplier_code=00100096&order_time=2023-09-24 HTTP/1.1" 200 419
114.83.216.51 - - [24/Sep/2023:09:08:27 +0800] "GET /xingrg/all/function/internal_message.html?_=1695517707793&CODE_STATE=getMsg HTTP/1.1" 200 27
180.152.241.196 - - [24/Sep/2023:09:08:28 +0800] "GET /xingrg/all/function/internal_message.html?_=1695517708226&CODE_STATE=getMsg HTTP/1.1" 302 -
124.78.155.92 - - [24/Sep/2023:09:08:29 +0800] "GET /xingrg/all/function/internal_message.html?_=1695517705183&CODE_STATE=getMsg HTTP/1.1" 200 27
58.39.107.39 - - [24/Sep/2023:09:08:37 +0800] "GET /xingrg/kc/buy/cgsh_order_operate.html?command=get_materiel&rest_code=00157&code=00101041030&supplier_code=00100152&order_time=2023-09-24 HTTP/1.1" 200 454
114.83.216.51 - - [24/Sep/2023:09:08:40 +0800] "GET /xingrg/kc/buy/cgsh_order_operate.html?command=get_materiel&rest_code=00149&code=00101007043&supplier_code=00100096&order_time=2023-09-24 HTTP/1.1" 200 408
222.70.180.200 - - [24/Sep/2023:09:08:41 +0800] "GET /xingrg/kc/buy/cgsh_order_operate.html?command=get_materiel&rest_code=00111&code=00101008185&supplier_code=00100005&order_time=2023-09-24 HTTP/1.1" 200 408
218.81.68.103 - - [24/Sep/2023:09:08:41 +0800] "GET /xingrg/check_reg.html?_=1695517719694 HTTP/1.1" 200 22
101.83.145.37 - - [24/Sep/2023:09:08:47 +0800] "GET /xingrg/all/function/internal_message.html?_=1695517728157&CODE_STATE=getMsg HTTP/1.1" 200 27
120.253.135.82 - - [24/Sep/2023:09:08:50 +0800] "GET /xingrg/all/function/internal_message.html?_=1695517533301&CODE_STATE=getMsg HTTP/1.1" 200 27
221.239.166.189 - - [24/Sep/2023:09:08:52 +0800] "GET /xingrg/all/function/internal_message.html?_=1695517727796&CODE_STATE=getMsg HTTP/1.1" 200 27
221.239.166.189 - - [24/Sep/2023:09:08:52 +0800] "GET /xingrg/check_reg.html?_=1695517729143 HTTP/1.1" 200 22
222.70.180.200 - - [24/Sep/2023:09:08:55 +0800] "GET /xingrg/all/function/internal_message.html?_=1695517734656&CODE_STATE=getMsg HTTP/1.1" 200 27
222.70.107.161 - - [24/Sep/2023:09:08:58 +0800] "GET /favicon.ico HTTP/1.1" 404 -
116.230.110.33 - - [24/Sep/2023:09:09:00 +0800] "GET /xingrg/all/function/internal_message.html?_=1695517593638&CODE_STATE=getMsg HTTP/1.1" 200 27
58.39.107.39 - - [24/Sep/2023:09:09:04 +0800] "GET /xingrg/kc/buy/cgsh_order_operate.html?command=get_materiel&rest_code=00157&code=00101040019&supplier_code=00100152&order_time=2023-09-24 HTTP/1.1" 200 436
116.230.110.33 - - [24/Sep/2023:09:09:06 +0800] "GET /xingrg/all/function/internal_message.html?_=1695517598858&CODE_STATE=getMsg HTTP/1.1" 200 27
114.95.241.104 - - [24/Sep/2023:09:09:10 +0800] "GET /xingrg/all/function/internal_message.html?_=1695517653712&CODE_STATE=getMsg HTTP/1.1" 200 27
124.77.244.146 - - [24/Sep/2023:09:09:10 +0800] "GET /xingrg/all/function/internal_message.html?_=1695517752299&CODE_STATE=getMsg HTTP/1.1" 200 27
114.95.241.104 - - [24/Sep/2023:09:09:15 +0800] "GET /xingrg/index.html?sysBaseUrl=http%3A%2F%2F180.169.147.146%3A18081%2Fxingrg%2F&costTime=963×tamp=1695462270156 HTTP/1.1" 302 -
114.95.241.104 - - [24/Sep/2023:09:09:16 +0800] "GET /xingrg/login.html HTTP/1.1" 200 7641
114.95.241.104 - - [24/Sep/2023:09:09:16 +0800] "GET /favicon.ico HTTP/1.1" 404 -
101.83.145.37 - - [24/Sep/2023:09:09:16 +0800] "GET /xingrg/all/function/internal_message.html?_=1695517543140&CODE_STATE=getMsg HTTP/1.1" 200 27
114.95.241.104 - - [24/Sep/2023:09:09:17 +0800] "GET /xingrg/all/function/internal_message.html?_=1695517660748&CODE_STATE=getMsg HTTP/1.1" 200 27
114.95.241.104 - - [24/Sep/2023:09:09:18 +0800] "POST /xingrg/login.do HTTP/1.1" 302 -
114.95.241.104 - - [24/Sep/2023:09:09:18 +0800] "GET /xingrg/index.html?sysBaseUrl=http%3A%2F%2F180.169.147.146%3A18081%2Fxingrg%2F&costTime=805×tamp=1695517758506 HTTP/1.1" 200 17177
114.95.241.104 - - [24/Sep/2023:09:09:18 +0800] "POST /xingrg/all/common/load_tree.html?tree=area_rest_tree_json&manage=1 HTTP/1.1" 200 476
114.95.241.104 - - [24/Sep/2023:09:09:18 +0800] "GET /xingrg/all/function/internal_message.html?_=1695517756468&CODE_STATE=count HTTP/1.1" 200 11
114.95.241.104 - - [24/Sep/2023:09:09:18 +0800] "GET /xingrg/check_reg.html?_=1695517756470 HTTP/1.1" 200 22
114.95.241.104 - - [24/Sep/2023:09:09:18 +0800] "GET /favicon.ico HTTP/1.1" 404 -
114.95.241.104 - - [24/Sep/2023:09:09:18 +0800] "POST /xingrg/load_menu.html HTTP/1.1" 200 5138
114.95.241.104 - - [24/Sep/2023:09:09:22 +0800] "POST /xingrg/all/user/operate.html HTTP/1.1" 200 36
114.95.241.104 - - [24/Sep/2023:09:09:22 +0800] "GET /xingrg/index.html?sysBaseUrl=http%3A%2F%2F180.169.147.146%3A18081%2Fxingrg%2F&costTime=805×tamp=1695517758506 HTTP/1.1" 200 17179
114.95.241.104 - - [24/Sep/2023:09:09:22 +0800] "GET /xingrg/javascript/jquery_easy_ui/themes/default/easyui.css HTTP/1.1" 304 -
114.95.241.104 - - [24/Sep/2023:09:09:22 +0800] "GET /xingrg/javascript/jquery_easy_ui/themes/icon.css HTTP/1.1" 304 -
114.95.241.104 - - [24/Sep/2023:09:09:22 +0800] "GET /xingrg/css/form.css HTTP/1.1" 304 -
114.95.241.104 - - [24/Sep/2023:09:09:22 +0800] "GET /xingrg/javascript/jquery-1.4.2.min.js HTTP/1.1" 304 -
114.95.241.104 - - [24/Sep/2023:09:09:23 +0800] "GET /xingrg/javascript/jquery_easy_ui/jquery.easyui.min.js HTTP/1.1" 304 -
114.95.241.104 - - [24/Sep/2023:09:09:23 +0800] "GET /xingrg/javascript/jquery_easy_ui/easyui-lang-zh_CN.js HTTP/1.1" 304 -
114.95.241.104 - - [24/Sep/2023:09:09:23 +0800] "GET /xingrg/javascript/jquery.form.js HTTP/1.1" 304 -
114.95.241.104 - - [24/Sep/2023:09:09:23 +0800] "GET /xingrg/javascript/jquery.utils.js HTTP/1.1" 304 -
114.95.241.104 - - [24/Sep/2023:09:09:23 +0800] "GET /xingrg/javascript/jquery.timers.js HTTP/1.1" 304 -
114.95.241.104 - - [24/Sep/2023:09:09:23 +0800] "GET /xingrg/images/blue/jxLogo.png HTTP/1.1" 304 -
114.95.241.104 - - [24/Sep/2023:09:09:23 +0800] "GET /xingrg/images/blue/navBackgound.jpg HTTP/1.1" 304 -
114.95.241.104 - - [24/Sep/2023:09:09:23 +0800] "GET /xingrg/javascript/jquery_easy_ui/themes/icons/settle_new.png HTTP/1.1" 304 -
114.95.241.104 - - [24/Sep/2023:09:09:23 +0800] "GET /xingrg/all/function/internal_message.html?_=1695517760797&CODE_STATE=count HTTP/1.1" 200 11
114.95.241.104 - - [24/Sep/2023:09:09:23 +0800] "GET /xingrg/javascript/jquery_easy_ui/themes/default/images/tabs_rightarrow.png HTTP/1.1" 304 -
114.95.241.104 - - [24/Sep/2023:09:09:23 +0800] "GET /xingrg/check_reg.html?_=1695517760798 HTTP/1.1" 200 22
114.95.241.104 - - [24/Sep/2023:09:09:23 +0800] "GET /xingrg/javascript/jquery_easy_ui/themes/default/images/panel_tool_collapse.gif HTTP/1.1" 304 -
114.95.241.104 - - [24/Sep/2023:09:09:23 +0800] "GET /xingrg/images/blue/pingpu.png HTTP/1.1" 304 -
114.95.241.104 - - [24/Sep/2023:09:09:23 +0800] "GET /xingrg/javascript/jquery_easy_ui/themes/default/images/tabs_leftarrow.png HTTP/1.1" 304 -
114.95.241.104 - - [24/Sep/2023:09:09:23 +0800] "POST /xingrg/all/common/load_tree.html?tree=area_rest_tree_json&manage=1 HTTP/1.1" 200 476
114.95.241.104 - - [24/Sep/2023:09:09:23 +0800] "POST /xingrg/load_menu.html HTTP/1.1" 200 5138
58.39.107.39 - - [24/Sep/2023:09:09:24 +0800] "GET /xingrg/all/function/internal_message.html?_=1695517766288&CODE_STATE=getMsg HTTP/1.1" 200 27
114.95.241.104 - - [24/Sep/2023:09:09:25 +0800] "GET /xingrg/kc/buy/cgsh_order_list.html HTTP/1.1" 200 56585
114.83.216.51 - - [24/Sep/2023:09:09:27 +0800] "GET /xingrg/all/function/internal_message.html?_=1695517767764&CODE_STATE=getMsg HTTP/1.1" 200 27
114.95.241.104 - - [24/Sep/2023:09:09:27 +0800] "POST /xingrg/kc/buy/cgsh_list_operate.html HTTP/1.1" 200 986
180.152.241.196 - - [24/Sep/2023:09:09:28 +0800] "GET /xingrg/all/function/internal_message.html?_=1695517768211&CODE_STATE=getMsg HTTP/1.1" 302 -
180.152.241.196 - - [24/Sep/2023:09:09:28 +0800] "GET /xingrg/check_reg.html?_=1695517768480 HTTP/1.1" 302 -
114.95.241.104 - - [24/Sep/2023:09:09:29 +0800] "GET /xingrg/kc/buy/cgsh_order_add.html HTTP/1.1" 200 72405
222.70.180.200 - - [24/Sep/2023:09:09:29 +0800] "GET /xingrg/kc/buy/cgsh_order_operate.html?command=get_materiel&rest_code=00111&code=00101008112&supplier_code=00100005&order_time=2023-09-24 HTTP/1.1" 200 412
114.95.241.104 - - [24/Sep/2023:09:09:29 +0800] "GET /xingrg/words/20230923131221_words.js HTTP/1.1" 304 -
114.95.241.104 - - [24/Sep/2023:09:09:29 +0800] "POST /xingrg/kc/buy/cgsh_order_operate.html HTTP/1.1" 200 8245
114.95.241.104 - - [24/Sep/2023:09:09:29 +0800] "GET /xingrg/javascript/easyui/themes/default/validatebox.css HTTP/1.1" 404 1104
114.95.241.104 - - [24/Sep/2023:09:09:29 +0800] "GET /xingrg/all/common/auto_word.html?type=employee&rest_code=00150 HTTP/1.1" 200 159
114.95.241.104 - - [24/Sep/2023:09:09:29 +0800] "GET /xingrg/all/common/auto_word.html?type=employee&rest_code=00150 HTTP/1.1" 200 159
124.78.155.92 - - [24/Sep/2023:09:09:29 +0800] "GET /xingrg/all/function/internal_message.html?_=1695517765154&CODE_STATE=getMsg HTTP/1.1" 200 27
114.95.241.104 - - [24/Sep/2023:09:09:32 +0800] "GET /xingrg/javascript/auto/indicator.gif HTTP/1.1" 404 1066
114.83.216.51 - - [24/Sep/2023:09:09:36 +0800] "POST /xingrg/kc/buy/cgsh_order_operate.html HTTP/1.1" 200 37
114.95.241.104 - - [24/Sep/2023:09:09:41 +0800] "GET /xingrg/kc/buy/cgsh_order_operate.html?command=get_materiel&rest_code=00150&code=00101008175&supplier_code=00100008&order_time=2023-09-24 HTTP/1.1" 200 412
101.83.145.37 - - [24/Sep/2023:09:09:47 +0800] "GET /xingrg/all/function/internal_message.html?_=1695517788171&CODE_STATE=getMsg HTTP/1.1" 200 27
114.83.216.51 - - [24/Sep/2023:09:09:47 +0800] "POST /xingrg/kc/buy/cgsh_order_operate.html HTTP/1.1" 200 12
221.239.166.189 - - [24/Sep/2023:09:09:49 +0800] "GET /xingrg/all/function/internal_message.html?_=1695517787783&CODE_STATE=getMsg HTTP/1.1" 200 27
120.253.135.82 - - [24/Sep/2023:09:09:50 +0800] "GET /xingrg/all/function/internal_message.html?_=1695517593309&CODE_STATE=getMsg HTTP/1.1" 200 27
114.83.216.51 - - [24/Sep/2023:09:09:51 +0800] "GET /xingrg/kc/buy/cgsh_order_info.html?code=212023092409723 HTTP/1.1" 200 67348
114.83.216.51 - - [24/Sep/2023:09:09:51 +0800] "GET /xingrg/javascript/easyui/themes/default/validatebox.css HTTP/1.1" 404 1104
222.70.180.200 - - [24/Sep/2023:09:09:52 +0800] "GET /xingrg/kc/buy/cgsh_order_operate.html?command=get_materiel&rest_code=00111&code=00101008098&supplier_code=00100005&order_time=2023-09-24 HTTP/1.1" 200 412
114.83.216.51 - - [24/Sep/2023:09:09:52 +0800] "POST /xingrg/kc/buy/cgsh_order_operate.html HTTP/1.1" 200 6552
114.95.241.104 - - [24/Sep/2023:09:09:54 +0800] "GET /xingrg/kc/buy/cgsh_order_operate.html?command=get_materiel&rest_code=00150&code=00101008044&supplier_code=00100008&order_time=2023-09-24 HTTP/1.1" 200 408
114.83.216.51 - - [24/Sep/2023:09:09:54 +0800] "GET /xingrg/kc/print/load_data.html?order_code=212023092409723&kc_code=cgsh&condition= HTTP/1.1" 200 2955
222.70.180.200 - - [24/Sep/2023:09:09:55 +0800] "GET /xingrg/all/function/internal_message.html?_=1695517794668&CODE_STATE=getMsg HTTP/1.1" 200 27
116.230.110.33 - - [24/Sep/2023:09:10:00 +0800] "GET /xingrg/all/function/internal_message.html?_=1695517653621&CODE_STATE=getMsg HTTP/1.1" 200 27
124.79.244.212 - - [24/Sep/2023:09:10:01 +0800] "GET /xingrg/check_reg.html?_=1695517799882 HTTP/1.1" 302 -
116.230.110.33 - - [24/Sep/2023:09:10:06 +0800] "GET /xingrg/all/function/internal_message.html?_=1695517658849&CODE_STATE=getMsg HTTP/1.1" 200 27
114.95.241.104 - - [24/Sep/2023:09:10:08 +0800] "GET /xingrg/kc/buy/cgsh_order_operate.html?command=get_materiel&rest_code=00150&code=00101008027&supplier_code=00100008&order_time=2023-09-24 HTTP/1.1" 200 408
114.95.241.104 - - [24/Sep/2023:09:10:10 +0800] "GET /xingrg/all/function/internal_message.html?_=1695517713734&CODE_STATE=getMsg HTTP/1.1" 200 27
124.77.244.146 - - [24/Sep/2023:09:10:10 +0800] "GET /xingrg/check_reg.html?_=1695517811637 HTTP/1.1" 200 22
124.77.244.146 - - [24/Sep/2023:09:10:10 +0800] "GET /xingrg/all/function/internal_message.html?_=1695517812314&CODE_STATE=getMsg HTTP/1.1" 200 27
114.83.216.51 - - [24/Sep/2023:09:10:13 +0800] "GET /xingrg/check_reg.html?_=1695517813498 HTTP/1.1" 200 22
222.70.180.200 - - [24/Sep/2023:09:10:15 +0800] "GET /xingrg/kc/buy/cgsh_order_operate.html?command=get_materiel&rest_code=00111&code=00101008024&supplier_code=00100005&order_time=2023-09-24 HTTP/1.1" 200 408
101.83.145.37 - - [24/Sep/2023:09:10:16 +0800] "GET /xingrg/all/function/internal_message.html?_=1695517603140&CODE_STATE=getMsg HTTP/1.1" 200 27
114.95.241.104 - - [24/Sep/2023:09:10:17 +0800] "GET /xingrg/all/function/internal_message.html?_=1695517720806&CODE_STATE=getMsg HTTP/1.1" 200 27
114.95.241.104 - - [24/Sep/2023:09:10:17 +0800] "GET /xingrg/kc/buy/cgsh_order_operate.html?command=get_materiel&rest_code=00150&code=00101008132&supplier_code=00100008&order_time=2023-09-24 HTTP/1.1" 200 408
114.95.241.104 - - [24/Sep/2023:09:10:23 +0800] "GET /xingrg/all/function/internal_message.html?_=1695517820807&CODE_STATE=getMsg HTTP/1.1" 200 27
58.39.107.39 - - [24/Sep/2023:09:10:24 +0800] "GET /xingrg/all/function/internal_message.html?_=1695517826311&CODE_STATE=getMsg HTTP/1.1" 200 27
114.95.241.104 - - [24/Sep/2023:09:10:25 +0800] "GET /xingrg/kc/buy/cgsh_order_operate.html?command=get_materiel&rest_code=00150&code=00101008037&supplier_code=00100008&order_time=2023-09-24 HTTP/1.1" 200 415
114.83.216.51 - - [24/Sep/2023:09:10:27 +0800] "GET /xingrg/all/function/internal_message.html?_=1695517827750&CODE_STATE=getMsg HTTP/1.1" 200 27
180.152.241.196 - - [24/Sep/2023:09:10:27 +0800] "GET /xingrg/all/function/internal_message.html?_=1695517828188&CODE_STATE=getMsg HTTP/1.1" 302 -
180.163.29.212 - - [24/Sep/2023:09:10:29 +0800] "GET /xingrg/all/function/internal_message.html?_=1695517765154&CODE_STATE=getMsg HTTP/1.1" 302 -
180.163.29.212 - - [24/Sep/2023:09:10:29 +0800] "GET /xingrg/login.html HTTP/1.1" 200 7641
124.78.155.92 - - [24/Sep/2023:09:10:29 +0800] "GET /xingrg/all/function/internal_message.html?_=1695517825124&CODE_STATE=getMsg HTTP/1.1" 200 27
124.78.155.92 - - [24/Sep/2023:09:10:30 +0800] "GET /xingrg/check_reg.html?_=1695517825487 HTTP/1.1" 200 22
114.83.216.51 - - [24/Sep/2023:09:10:30 +0800] "GET /xingrg/kc/buy/cgsh_order_add.html HTTP/1.1" 200 72449
114.83.216.51 - - [24/Sep/2023:09:10:30 +0800] "POST /xingrg/kc/buy/cgsh_order_operate.html HTTP/1.1" 200 8245
114.83.216.51 - - [24/Sep/2023:09:10:31 +0800] "GET /xingrg/javascript/easyui/themes/default/validatebox.css HTTP/1.1" 404 1104
114.95.241.104 - - [24/Sep/2023:09:10:36 +0800] "GET /xingrg/kc/buy/cgsh_order_operate.html?command=get_materiel&rest_code=00150&code=00101008337&supplier_code=00100008&order_time=2023-09-24 HTTP/1.1" 200 408
114.95.241.104 - - [24/Sep/2023:09:10:46 +0800] "GET /xingrg/kc/buy/cgsh_order_operate.html?command=get_materiel&rest_code=00150&code=00101008331&supplier_code=00100008&order_time=2023-09-24 HTTP/1.1" 200 416
101.83.145.37 - - [24/Sep/2023:09:10:47 +0800] "GET /xingrg/all/function/internal_message.html?_=1695517848160&CODE_STATE=getMsg HTTP/1.1" 200 27
101.83.145.37 - - [24/Sep/2023:09:10:48 +0800] "GET /xingrg/kc/buy/cgsh_order_operate.html?command=get_materiel&rest_code=00105&code=00101008703&supplier_code=00100005&order_time=2023-09-24 HTTP/1.1" 200 413
114.95.241.104 - - [24/Sep/2023:09:10:49 +0800] "GET /xingrg/check_reg.html?_=1695517752944 HTTP/1.1" 200 22
221.239.166.189 - - [24/Sep/2023:09:10:49 +0800] "GET /xingrg/all/function/internal_message.html?_=1695517847761&CODE_STATE=getMsg HTTP/1.1" 200 27
120.253.135.82 - - [24/Sep/2023:09:10:50 +0800] "GET /xingrg/all/function/internal_message.html?_=1695517653363&CODE_STATE=getMsg HTTP/1.1" 200 27
222.70.180.200 - - [24/Sep/2023:09:10:55 +0800] "GET /xingrg/check_reg.html?_=1695517854658 HTTP/1.1" 200 22
222.70.180.200 - - [24/Sep/2023:09:10:55 +0800] "GET /xingrg/all/function/internal_message.html?_=1695517854668&CODE_STATE=getMsg HTTP/1.1" 200 27
114.95.241.104 - - [24/Sep/2023:09:10:55 +0800] "GET /xingrg/kc/buy/cgsh_order_operate.html?command=get_materiel&rest_code=00150&code=00101008612&supplier_code=00100008&order_time=2023-09-24 HTTP/1.1" 200 420
114.95.241.104 - - [24/Sep/2023:09:10:56 +0800] "GET /xingrg/check_reg.html?_=1695517760347 HTTP/1.1" 200 22
116.230.110.33 - - [24/Sep/2023:09:11:00 +0800] "GET /xingrg/all/function/internal_message.html?_=1695517713594&CODE_STATE=getMsg HTTP/1.1" 200 27
222.70.180.200 - - [24/Sep/2023:09:11:01 +0800] "GET /xingrg/kc/buy/cgsh_order_operate.html?command=get_materiel&rest_code=00111&code=00101008190&supplier_code=00100005&order_time=2023-09-24 HTTP/1.1" 200 412
114.95.241.104 - - [24/Sep/2023:09:11:04 +0800] "GET /xingrg/kc/buy/cgsh_order_operate.html?command=get_materiel&rest_code=00150&code=00101008308&supplier_code=00100008&order_time=2023-09-24 HTTP/1.1" 200 420
116.230.110.33 - - [24/Sep/2023:09:11:06 +0800] "GET /xingrg/all/function/internal_message.html?_=1695517718847&CODE_STATE=getMsg HTTP/1.1" 200 27
116.230.110.33 - - [24/Sep/2023:09:11:06 +0800] "GET /xingrg/check_reg.html?_=1695517718855 HTTP/1.1" 200 22
114.95.241.104 - - [24/Sep/2023:09:11:10 +0800] "GET /xingrg/all/function/internal_message.html?_=1695517773739&CODE_STATE=getMsg HTTP/1.1" 200 27
124.77.244.146 - - [24/Sep/2023:09:11:10 +0800] "GET /xingrg/all/function/internal_message.html?_=1695517872326&CODE_STATE=getMsg HTTP/1.1" 200 27
114.95.241.104 - - [24/Sep/2023:09:11:11 +0800] "GET /xingrg/kc/buy/cgsh_order_operate.html?command=get_materiel&rest_code=00150&code=00101008096&supplier_code=00100008&order_time=2023-09-24 HTTP/1.1" 200 412
101.83.145.37 - - [24/Sep/2023:09:11:16 +0800] "GET /xingrg/all/function/internal_message.html?_=1695517663141&CODE_STATE=getMsg HTTP/1.1" 200 27
114.95.241.104 - - [24/Sep/2023:09:11:17 +0800] "GET /xingrg/all/function/internal_message.html?_=1695517780822&CODE_STATE=getMsg HTTP/1.1" 200 27
124.77.244.146 - - [24/Sep/2023:09:11:17 +0800] "GET /favicon.ico HTTP/1.1" 404 -
