124.77.244.146 - - [24/Sep/2023:09:20:11 +0800] "GET /xingrg/all/function/internal_message.html?_=1695518412450&CODE_STATE=getMsg HTTP/1.1" 200 27
114.83.216.51 - - [24/Sep/2023:09:20:13 +0800] "GET /xingrg/check_reg.html?_=1695518413507 HTTP/1.1" 200 22
101.83.145.37 - - [24/Sep/2023:09:20:16 +0800] "GET /xingrg/all/function/internal_message.html?_=1695518203168&CODE_STATE=getMsg HTTP/1.1" 200 27
114.95.241.104 - - [24/Sep/2023:09:20:17 +0800] "GET /xingrg/all/function/internal_message.html?_=1695518321114&CODE_STATE=getMsg HTTP/1.1" 200 27
222.70.180.200 - - [24/Sep/2023:09:20:18 +0800] "GET /xingrg/kc/buy/cgsh_order_operate.html?command=get_materiel&rest_code=00111&code=00101008354&supplier_code=00100005&order_time=2023-09-24 HTTP/1.1" 200 433
124.77.244.146 - - [24/Sep/2023:09:20:18 +0800] "POST /xingrg/all/report/report_print.html HTTP/1.1" 200 42036
114.95.241.104 - - [24/Sep/2023:09:20:23 +0800] "GET /xingrg/all/function/internal_message.html?_=1695518421346&CODE_STATE=getMsg HTTP/1.1" 200 27
58.39.107.39 - - [24/Sep/2023:09:20:24 +0800] "GET /xingrg/all/function/internal_message.html?_=1695518426294&CODE_STATE=getMsg HTTP/1.1" 200 27
101.83.145.37 - - [24/Sep/2023:09:20:26 +0800] "POST /xingrg/kc/buy/cgsh_order_operate.html HTTP/1.1" 200 37
114.95.241.104 - - [24/Sep/2023:09:20:26 +0800] "GET /xingrg/kc/buy/cgsh_order_operate.html?command=get_materiel&rest_code=00150&code=00101006129&supplier_code=00100096&order_time=2023-09-24 HTTP/1.1" 200 439
114.83.216.51 - - [24/Sep/2023:09:20:27 +0800] "GET /xingrg/all/function/internal_message.html?_=1695518427532&CODE_STATE=getMsg HTTP/1.1" 200 27
180.152.241.196 - - [24/Sep/2023:09:20:27 +0800] "GET /xingrg/all/function/internal_message.html?_=1695518428008&CODE_STATE=getMsg HTTP/1.1" 302 -
124.78.155.92 - - [24/Sep/2023:09:20:29 +0800] "GET /xingrg/all/function/internal_message.html?_=1695518424864&CODE_STATE=getMsg HTTP/1.1" 200 27
101.83.145.37 - - [24/Sep/2023:09:20:29 +0800] "POST /xingrg/kc/buy/cgsh_order_operate.html HTTP/1.1" 200 42280
124.78.155.92 - - [24/Sep/2023:09:20:30 +0800] "GET /xingrg/check_reg.html?_=1695518425508 HTTP/1.1" 200 22
124.77.244.146 - - [24/Sep/2023:09:20:33 +0800] "GET /xingrg/all/function/internal_message.html?_=1695518454052&CODE_STATE=getMsg HTTP/1.1" 200 27
101.83.145.37 - - [24/Sep/2023:09:20:34 +0800] "GET /xingrg/kc/print/load_config.html?kc_code=cgsh HTTP/1.1" 200 1927
101.83.145.37 - - [24/Sep/2023:09:20:34 +0800] "GET /xingrg/kc/print/load_data.html?order_code=212023092409720&kc_code=cgsh&condition= HTTP/1.1" 200 15675
222.70.180.200 - - [24/Sep/2023:09:20:41 +0800] "GET /xingrg/kc/buy/cgsh_order_operate.html?command=get_materiel&rest_code=00111&code=00101008370&supplier_code=00100005&order_time=2023-09-24 HTTP/1.1" 200 412
101.83.145.37 - - [24/Sep/2023:09:20:46 +0800] "GET /xingrg/kc/buy/cgsh_order_add.html HTTP/1.1" 200 72443
101.83.145.37 - - [24/Sep/2023:09:20:47 +0800] "POST /xingrg/kc/buy/cgsh_order_operate.html HTTP/1.1" 200 8245
101.83.145.37 - - [24/Sep/2023:09:20:47 +0800] "GET /xingrg/javascript/easyui/themes/default/validatebox.css HTTP/1.1" 404 1104
101.83.145.37 - - [24/Sep/2023:09:20:48 +0800] "GET /xingrg/all/function/internal_message.html?_=1695518448381&CODE_STATE=getMsg HTTP/1.1" 200 27
114.95.241.104 - - [24/Sep/2023:09:20:49 +0800] "GET /xingrg/check_reg.html?_=1695518352955 HTTP/1.1" 200 22
221.239.166.189 - - [24/Sep/2023:09:20:49 +0800] "GET /xingrg/all/function/internal_message.html?_=1695518447609&CODE_STATE=getMsg HTTP/1.1" 200 27
120.253.135.82 - - [24/Sep/2023:09:20:50 +0800] "GET /xingrg/all/function/internal_message.html?_=1695518253608&CODE_STATE=getMsg HTTP/1.1" 200 27
222.70.180.200 - - [24/Sep/2023:09:20:55 +0800] "GET /xingrg/all/function/internal_message.html?_=1695518454662&CODE_STATE=getMsg HTTP/1.1" 200 27
222.70.180.200 - - [24/Sep/2023:09:20:55 +0800] "GET /xingrg/check_reg.html?_=1695518454664 HTTP/1.1" 200 22
114.95.241.104 - - [24/Sep/2023:09:20:56 +0800] "GET /xingrg/check_reg.html?_=1695518360358 HTTP/1.1" 200 22
116.230.110.33 - - [24/Sep/2023:09:21:00 +0800] "GET /xingrg/all/function/internal_message.html?_=1695518313413&CODE_STATE=getMsg HTTP/1.1" 200 27
116.230.110.33 - - [24/Sep/2023:09:21:06 +0800] "GET /xingrg/all/function/internal_message.html?_=1695518318862&CODE_STATE=getMsg HTTP/1.1" 200 27
116.230.110.33 - - [24/Sep/2023:09:21:06 +0800] "GET /xingrg/check_reg.html?_=1695518318865 HTTP/1.1" 200 22
114.95.241.104 - - [24/Sep/2023:09:21:10 +0800] "GET /xingrg/all/function/internal_message.html?_=1695518373875&CODE_STATE=getMsg HTTP/1.1" 200 27
124.77.244.146 - - [24/Sep/2023:09:21:11 +0800] "GET /xingrg/all/function/internal_message.html?_=1695518472463&CODE_STATE=getMsg HTTP/1.1" 200 27
114.95.241.104 - - [24/Sep/2023:09:21:14 +0800] "GET /xingrg/kc/buy/cgsh_order_operate.html?command=get_materiel&rest_code=00150&code=00101006019&supplier_code=00100096&order_time=2023-09-24 HTTP/1.1" 200 417
101.83.145.37 - - [24/Sep/2023:09:21:16 +0800] "GET /xingrg/all/function/internal_message.html?_=1695518263176&CODE_STATE=getMsg HTTP/1.1" 200 27
114.95.241.104 - - [24/Sep/2023:09:21:17 +0800] "GET /xingrg/all/function/internal_message.html?_=1695518381129&CODE_STATE=getMsg HTTP/1.1" 200 27
114.95.241.104 - - [24/Sep/2023:09:21:23 +0800] "GET /xingrg/all/function/internal_message.html?_=1695518481327&CODE_STATE=getMsg HTTP/1.1" 200 27
58.39.107.39 - - [24/Sep/2023:09:21:24 +0800] "GET /xingrg/check_reg.html?_=1695518486294 HTTP/1.1" 200 22
58.39.107.39 - - [24/Sep/2023:09:21:24 +0800] "GET /xingrg/all/function/internal_message.html?_=1695518486298&CODE_STATE=getMsg HTTP/1.1" 200 27
114.83.216.51 - - [24/Sep/2023:09:21:27 +0800] "GET /xingrg/all/function/internal_message.html?_=1695518487519&CODE_STATE=getMsg HTTP/1.1" 200 27
180.152.241.196 - - [24/Sep/2023:09:21:27 +0800] "GET /xingrg/all/function/internal_message.html?_=1695518487988&CODE_STATE=getMsg HTTP/1.1" 302 -
180.163.28.114 - - [24/Sep/2023:09:21:29 +0800] "GET /xingrg/all/function/internal_message.html?_=1695518424864&CODE_STATE=getMsg HTTP/1.1" 302 -
180.163.28.114 - - [24/Sep/2023:09:21:29 +0800] "GET /xingrg/login.html HTTP/1.1" 200 7641
124.78.155.92 - - [24/Sep/2023:09:21:29 +0800] "GET /xingrg/all/function/internal_message.html?_=1695518484839&CODE_STATE=getMsg HTTP/1.1" 200 27
120.253.135.82 - - [24/Sep/2023:09:21:31 +0800] "GET /xingrg/check_reg.html?_=1695518294270 HTTP/1.1" 200 22
124.77.244.146 - - [24/Sep/2023:09:21:33 +0800] "GET /xingrg/check_reg.html?_=1695518513943 HTTP/1.1" 200 22
124.77.244.146 - - [24/Sep/2023:09:21:33 +0800] "GET /xingrg/all/function/internal_message.html?_=1695518514066&CODE_STATE=getMsg HTTP/1.1" 200 27
114.95.241.104 - - [24/Sep/2023:09:21:35 +0800] "GET /xingrg/kc/buy/cgsh_order_operate.html?command=get_materiel&rest_code=00150&code=00101006184&supplier_code=00100096&order_time=2023-09-24 HTTP/1.1" 200 427
116.230.110.33 - - [24/Sep/2023:09:21:39 +0800] "GET /xingrg/check_reg.html?_=1695518351862 HTTP/1.1" 200 22
101.83.145.37 - - [24/Sep/2023:09:21:43 +0800] "GET /xingrg/kc/buy/cgsh_order_operate.html?command=get_materiel&rest_code=00105&code=00101016100&supplier_code=00100034&order_time=2023-09-24 HTTP/1.1" 200 412
222.70.180.200 - - [24/Sep/2023:09:21:44 +0800] "GET /xingrg/kc/buy/cgsh_order_operate.html?command=get_materiel&rest_code=00111&code=00101008067&supplier_code=00100005&order_time=2023-09-24 HTTP/1.1" 200 418
114.95.241.104 - - [24/Sep/2023:09:21:46 +0800] "GET /xingrg/kc/buy/cgsh_order_operate.html?command=get_materiel&rest_code=00150&code=00101006055&supplier_code=00100096&order_time=2023-09-24 HTTP/1.1" 200 411
101.83.145.37 - - [24/Sep/2023:09:21:47 +0800] "GET /xingrg/all/function/internal_message.html?_=1695518508184&CODE_STATE=getMsg HTTP/1.1" 200 27
221.239.166.189 - - [24/Sep/2023:09:21:49 +0800] "GET /xingrg/all/function/internal_message.html?_=1695518507615&CODE_STATE=getMsg HTTP/1.1" 200 27
120.253.135.82 - - [24/Sep/2023:09:21:50 +0800] "GET /xingrg/all/function/internal_message.html?_=1695518313612&CODE_STATE=getMsg HTTP/1.1" 200 27
222.70.180.200 - - [24/Sep/2023:09:21:55 +0800] "GET /xingrg/all/function/internal_message.html?_=1695518514667&CODE_STATE=getMsg HTTP/1.1" 200 27
101.83.145.37 - - [24/Sep/2023:09:21:56 +0800] "GET /xingrg/kc/buy/cgsh_order_operate.html?command=get_materiel&rest_code=00105&code=00101012070&supplier_code=00100034&order_time=2023-09-24 HTTP/1.1" 200 434
114.95.241.104 - - [24/Sep/2023:09:21:59 +0800] "GET /xingrg/kc/buy/cgsh_order_operate.html?command=get_materiel&rest_code=00150&code=00101006115&supplier_code=00100096&order_time=2023-09-24 HTTP/1.1" 200 408
116.230.110.33 - - [24/Sep/2023:09:22:00 +0800] "GET /xingrg/all/function/internal_message.html?_=1695518373407&CODE_STATE=getMsg HTTP/1.1" 200 27
116.230.110.33 - - [24/Sep/2023:09:22:06 +0800] "GET /xingrg/all/function/internal_message.html?_=1695518378866&CODE_STATE=getMsg HTTP/1.1" 200 27
114.95.241.104 - - [24/Sep/2023:09:22:09 +0800] "GET /xingrg/kc/buy/cgsh_order_operate.html?command=get_materiel&rest_code=00150&code=00101006062&supplier_code=00100096&order_time=2023-09-24 HTTP/1.1" 200 409
114.95.241.104 - - [24/Sep/2023:09:22:10 +0800] "GET /xingrg/all/function/internal_message.html?_=1695518433889&CODE_STATE=getMsg HTTP/1.1" 200 27
124.77.244.146 - - [24/Sep/2023:09:22:11 +0800] "GET /xingrg/all/function/internal_message.html?_=1695518532476&CODE_STATE=getMsg HTTP/1.1" 200 27
101.83.145.37 - - [24/Sep/2023:09:22:16 +0800] "GET /xingrg/check_reg.html?_=1695518323177 HTTP/1.1" 200 22
101.83.145.37 - - [24/Sep/2023:09:22:17 +0800] "GET /xingrg/all/function/internal_message.html?_=1695518323180&CODE_STATE=getMsg HTTP/1.1" 200 27
114.95.241.104 - - [24/Sep/2023:09:22:17 +0800] "GET /xingrg/all/function/internal_message.html?_=1695518441143&CODE_STATE=getMsg HTTP/1.1" 200 27
222.70.180.200 - - [24/Sep/2023:09:22:18 +0800] "POST /xingrg/kc/buy/cgsh_order_operate.html HTTP/1.1" 200 2065
101.83.145.37 - - [24/Sep/2023:09:22:19 +0800] "GET /xingrg/kc/buy/cgsh_order_operate.html?command=get_materiel&rest_code=00105&code=00101012033&supplier_code=00100034&order_time=2023-09-24 HTTP/1.1" 200 426
114.95.241.104 - - [24/Sep/2023:09:22:23 +0800] "GET /xingrg/all/function/internal_message.html?_=1695518541310&CODE_STATE=getMsg HTTP/1.1" 200 27
58.39.107.39 - - [24/Sep/2023:09:22:24 +0800] "GET /xingrg/all/function/internal_message.html?_=1695518546294&CODE_STATE=getMsg HTTP/1.1" 200 27
114.83.216.51 - - [24/Sep/2023:09:22:27 +0800] "GET /xingrg/all/function/internal_message.html?_=1695518547489&CODE_STATE=getMsg HTTP/1.1" 200 27
180.152.241.196 - - [24/Sep/2023:09:22:27 +0800] "GET /xingrg/all/function/internal_message.html?_=1695518547976&CODE_STATE=getMsg HTTP/1.1" 302 -
124.78.155.92 - - [24/Sep/2023:09:22:29 +0800] "GET /xingrg/all/function/internal_message.html?_=1695518544809&CODE_STATE=getMsg HTTP/1.1" 200 27
124.77.244.146 - - [24/Sep/2023:09:22:33 +0800] "GET /xingrg/all/function/internal_message.html?_=1695518574078&CODE_STATE=getMsg HTTP/1.1" 200 27
101.83.145.37 - - [24/Sep/2023:09:22:39 +0800] "POST /xingrg/kc/buy/cgsh_order_operate.html HTTP/1.1" 200 37
101.83.145.37 - - [24/Sep/2023:09:22:41 +0800] "POST /xingrg/kc/buy/cgsh_order_operate.html HTTP/1.1" 200 3850
101.83.145.37 - - [24/Sep/2023:09:22:43 +0800] "GET /xingrg/kc/print/load_data.html?order_code=212023092409727&kc_code=cgsh&condition= HTTP/1.1" 200 1175
222.70.180.200 - - [24/Sep/2023:09:22:46 +0800] "GET /xingrg/kc/buy/cgsh_order_operate.html?command=get_materiel&rest_code=00111&code=00101008357&supplier_code=00100005&order_time=2023-09-24 HTTP/1.1" 200 408
101.83.145.37 - - [24/Sep/2023:09:22:47 +0800] "GET /xingrg/all/function/internal_message.html?_=1695518568179&CODE_STATE=getMsg HTTP/1.1" 200 27
101.83.145.37 - - [24/Sep/2023:09:22:47 +0800] "GET /xingrg/check_reg.html?_=1695518568178 HTTP/1.1" 200 22
101.83.145.37 - - [24/Sep/2023:09:22:48 +0800] "GET /xingrg/kc/buy/cgsh_order_add.html HTTP/1.1" 200 72443
101.83.145.37 - - [24/Sep/2023:09:22:48 +0800] "POST /xingrg/kc/buy/cgsh_order_operate.html HTTP/1.1" 200 8245
101.83.145.37 - - [24/Sep/2023:09:22:48 +0800] "GET /xingrg/javascript/easyui/themes/default/validatebox.css HTTP/1.1" 404 1104
221.239.166.189 - - [24/Sep/2023:09:22:49 +0800] "GET /xingrg/all/function/internal_message.html?_=1695518567617&CODE_STATE=getMsg HTTP/1.1" 200 27
120.253.135.82 - - [24/Sep/2023:09:22:50 +0800] "GET /xingrg/all/function/internal_message.html?_=1695518373626&CODE_STATE=getMsg HTTP/1.1" 200 27
114.95.241.104 - - [24/Sep/2023:09:22:54 +0800] "GET /xingrg/kc/buy/cgsh_order_operate.html?command=get_materiel&rest_code=00150&code=00101006133&supplier_code=00100096&order_time=2023-09-24 HTTP/1.1" 200 415
222.70.180.200 - - [24/Sep/2023:09:22:55 +0800] "GET /xingrg/all/function/internal_message.html?_=1695518574692&CODE_STATE=getMsg HTTP/1.1" 200 27
116.230.110.33 - - [24/Sep/2023:09:23:00 +0800] "GET /xingrg/all/function/internal_message.html?_=1695518433393&CODE_STATE=getMsg HTTP/1.1" 200 27
116.230.110.33 - - [24/Sep/2023:09:23:06 +0800] "GET /xingrg/all/function/internal_message.html?_=1695518438866&CODE_STATE=getMsg HTTP/1.1" 200 27
101.83.145.37 - - [24/Sep/2023:09:23:08 +0800] "GET /xingrg/kc/buy/cgsh_order_operate.html?command=get_materiel&rest_code=00105&code=00101002027&supplier_code=00100005&order_time=2023-09-24 HTTP/1.1" 200 413
114.95.241.104 - - [24/Sep/2023:09:23:10 +0800] "GET /xingrg/all/function/internal_message.html?_=1695518493910&CODE_STATE=getMsg HTTP/1.1" 200 27
222.70.180.200 - - [24/Sep/2023:09:23:10 +0800] "GET /xingrg/kc/buy/cgsh_order_operate.html?command=get_materiel&rest_code=00111&code=00101008069&supplier_code=00100005&order_time=2023-09-24 HTTP/1.1" 200 412
124.77.244.146 - - [24/Sep/2023:09:23:11 +0800] "GET /xingrg/all/function/internal_message.html?_=1695518592498&CODE_STATE=getMsg HTTP/1.1" 200 27
222.70.180.200 - - [24/Sep/2023:09:23:15 +0800] "POST /xingrg/services/DataTransmitService HTTP/1.1" 200 524
101.83.145.37 - - [24/Sep/2023:09:23:16 +0800] "POST /xingrg/kc/buy/cgsh_order_operate.html HTTP/1.1" 200 37
101.83.145.37 - - [24/Sep/2023:09:23:16 +0800] "GET /xingrg/all/function/internal_message.html?_=1695518383165&CODE_STATE=getMsg HTTP/1.1" 200 27
114.95.241.104 - - [24/Sep/2023:09:23:17 +0800] "GET /xingrg/all/function/internal_message.html?_=1695518501199&CODE_STATE=getMsg HTTP/1.1" 200 27
101.83.145.37 - - [24/Sep/2023:09:23:20 +0800] "POST /xingrg/kc/buy/cgsh_order_operate.html HTTP/1.1" 200 2656
101.83.145.37 - - [24/Sep/2023:09:23:22 +0800] "GET /xingrg/kc/print/load_data.html?order_code=212023092409728&kc_code=cgsh&condition= HTTP/1.1" 200 717
114.95.241.104 - - [24/Sep/2023:09:23:23 +0800] "GET /xingrg/all/function/internal_message.html?_=1695518601309&CODE_STATE=getMsg HTTP/1.1" 200 27
58.39.107.39 - - [24/Sep/2023:09:23:24 +0800] "GET /xingrg/all/function/internal_message.html?_=1695518606290&CODE_STATE=getMsg HTTP/1.1" 200 27
101.83.145.37 - - [24/Sep/2023:09:23:26 +0800] "GET /xingrg/kc/buy/cgsh_order_add.html HTTP/1.1" 200 72443
101.83.145.37 - - [24/Sep/2023:09:23:27 +0800] "POST /xingrg/kc/buy/cgsh_order_operate.html HTTP/1.1" 200 8245
101.83.145.37 - - [24/Sep/2023:09:23:27 +0800] "GET /xingrg/javascript/easyui/themes/default/validatebox.css HTTP/1.1" 404 1104
114.83.216.51 - - [24/Sep/2023:09:23:27 +0800] "GET /xingrg/all/function/internal_message.html?_=1695518607459&CODE_STATE=getMsg HTTP/1.1" 200 27
180.152.241.196 - - [24/Sep/2023:09:23:27 +0800] "GET /xingrg/all/function/internal_message.html?_=1695518607962&CODE_STATE=getMsg HTTP/1.1" 302 -
180.163.29.206 - - [24/Sep/2023:09:23:29 +0800] "GET /xingrg/all/function/internal_message.html?_=1695518544809&CODE_STATE=getMsg HTTP/1.1" 302 -
180.163.29.206 - - [24/Sep/2023:09:23:29 +0800] "GET /xingrg/login.html HTTP/1.1" 200 7641
124.78.155.92 - - [24/Sep/2023:09:23:29 +0800] "GET /xingrg/all/function/internal_message.html?_=1695518604782&CODE_STATE=getMsg HTTP/1.1" 200 27
124.77.244.146 - - [24/Sep/2023:09:23:33 +0800] "GET /xingrg/all/function/internal_message.html?_=1695518634092&CODE_STATE=getMsg HTTP/1.1" 200 27
101.83.145.37 - - [24/Sep/2023:09:23:38 +0800] "GET /xingrg/kc/buy/cgsh_order_operate.html?command=get_materiel&rest_code=00105&code=00101007081&supplier_code=00100002&order_time=2023-09-24 HTTP/1.1" 200 413
218.81.68.103 - - [24/Sep/2023:09:23:41 +0800] "GET /xingrg/check_reg.html?_=1695518619686 HTTP/1.1" 200 22
101.83.145.37 - - [24/Sep/2023:09:23:47 +0800] "GET /xingrg/all/function/internal_message.html?_=1695518628196&CODE_STATE=getMsg HTTP/1.1" 200 27
222.70.180.200 - - [24/Sep/2023:09:23:48 +0800] "GET /xingrg/kc/buy/cgsh_order_operate.html?command=get_materiel&rest_code=00111&code=00101008286&supplier_code=00100005&order_time=2023-09-24 HTTP/1.1" 200 428
221.239.166.189 - - [24/Sep/2023:09:23:49 +0800] "GET /xingrg/all/function/internal_message.html?_=1695518627603&CODE_STATE=getMsg HTTP/1.1" 200 27
120.253.135.82 - - [24/Sep/2023:09:23:50 +0800] "GET /xingrg/all/function/internal_message.html?_=1695518433679&CODE_STATE=getMsg HTTP/1.1" 200 27
221.239.166.189 - - [24/Sep/2023:09:23:51 +0800] "GET /xingrg/check_reg.html?_=1695518629145 HTTP/1.1" 200 22
114.95.241.104 - - [24/Sep/2023:09:23:52 +0800] "GET /xingrg/kc/buy/cgsh_order_operate.html?command=get_materiel&rest_code=00150&code=00101007061&supplier_code=00100096&order_time=2023-09-24 HTTP/1.1" 200 411
222.70.180.200 - - [24/Sep/2023:09:23:55 +0800] "GET /xingrg/all/function/internal_message.html?_=1695518634686&CODE_STATE=getMsg HTTP/1.1" 200 27
116.230.110.33 - - [24/Sep/2023:09:24:00 +0800] "GET /xingrg/all/function/internal_message.html?_=1695518493365&CODE_STATE=getMsg HTTP/1.1" 200 27
101.83.145.37 - - [24/Sep/2023:09:24:01 +0800] "GET /xingrg/kc/buy/cgsh_order_operate.html?command=get_materiel&rest_code=00105&code=00101007048&supplier_code=00100002&order_time=2023-09-24 HTTP/1.1" 200 408
114.95.241.104 - - [24/Sep/2023:09:24:06 +0800] "GET /xingrg/kc/buy/cgsh_order_operate.html?command=get_materiel&rest_code=00150&code=00101007049&supplier_code=00100096&order_time=2023-09-24 HTTP/1.1" 200 411
116.230.110.33 - - [24/Sep/2023:09:24:06 +0800] "GET /xingrg/all/function/internal_message.html?_=1695518498858&CODE_STATE=getMsg HTTP/1.1" 200 27
222.70.180.200 - - [24/Sep/2023:09:24:09 +0800] "GET /xingrg/kc/buy/cgsh_order_operate.html?command=get_materiel&rest_code=00111&code=00101008296&supplier_code=00100005&order_time=2023-09-24 HTTP/1.1" 200 416
114.95.241.104 - - [24/Sep/2023:09:24:10 +0800] "GET /xingrg/all/function/internal_message.html?_=1695518553916&CODE_STATE=getMsg HTTP/1.1" 200 27
124.77.244.146 - - [24/Sep/2023:09:24:11 +0800] "GET /xingrg/all/function/internal_message.html?_=1695518652507&CODE_STATE=getMsg HTTP/1.1" 200 27
101.83.145.37 - - [24/Sep/2023:09:24:13 +0800] "POST /xingrg/kc/buy/cgsh_order_operate.html HTTP/1.1" 200 37
222.70.180.200 - - [24/Sep/2023:09:24:14 +0800] "POST /xingrg/kc/buy/cgsh_order_operate.html HTTP/1.1" 200 2065
101.83.145.37 - - [24/Sep/2023:09:24:14 +0800] "POST /xingrg/kc/buy/cgsh_order_operate.html HTTP/1.1" 200 3244
101.83.145.37 - - [24/Sep/2023:09:24:16 +0800] "GET /xingrg/kc/print/load_data.html?order_code=212023092409729&kc_code=cgsh&condition= HTTP/1.1" 200 957
101.83.145.37 - - [24/Sep/2023:09:24:16 +0800] "GET /xingrg/all/function/internal_message.html?_=1695518443166&CODE_STATE=getMsg HTTP/1.1" 200 27
114.95.241.104 - - [24/Sep/2023:09:24:17 +0800] "GET /xingrg/kc/buy/cgsh_order_operate.html?command=get_materiel&rest_code=00150&code=00101007098&supplier_code=00100096&order_time=2023-09-24 HTTP/1.1" 200 413
114.95.241.104 - - [24/Sep/2023:09:24:17 +0800] "GET /xingrg/all/function/internal_message.html?_=1695518561201&CODE_STATE=getMsg HTTP/1.1" 200 27
114.95.241.104 - - [24/Sep/2023:09:24:23 +0800] "GET /xingrg/all/function/internal_message.html?_=1695518661279&CODE_STATE=getMsg HTTP/1.1" 200 27
114.95.241.104 - - [24/Sep/2023:09:24:23 +0800] "GET /xingrg/check_reg.html?_=1695518661419 HTTP/1.1" 200 22
58.39.107.39 - - [24/Sep/2023:09:24:24 +0800] "GET /xingrg/all/function/internal_message.html?_=1695518666284&CODE_STATE=getMsg HTTP/1.1" 200 27
114.83.216.51 - - [24/Sep/2023:09:24:27 +0800] "GET /xingrg/all/function/internal_message.html?_=1695518667447&CODE_STATE=getMsg HTTP/1.1" 200 27
180.152.241.196 - - [24/Sep/2023:09:24:27 +0800] "GET /xingrg/all/function/internal_message.html?_=1695518667942&CODE_STATE=getMsg HTTP/1.1" 302 -
180.152.241.196 - - [24/Sep/2023:09:24:28 +0800] "GET /xingrg/check_reg.html?_=1695518668439 HTTP/1.1" 302 -
180.163.30.27 - - [24/Sep/2023:09:24:29 +0800] "GET /xingrg/all/function/internal_message.html?_=1695518604782&CODE_STATE=getMsg HTTP/1.1" 302 -
180.163.30.27 - - [24/Sep/2023:09:24:29 +0800] "GET /xingrg/login.html HTTP/1.1" 200 7641
114.95.241.104 - - [24/Sep/2023:09:24:29 +0800] "GET /xingrg/kc/buy/cgsh_order_operate.html?command=get_materiel&rest_code=00150&code=00101007134&supplier_code=00100096&order_time=2023-09-24 HTTP/1.1" 200 415
124.78.155.92 - - [24/Sep/2023:09:24:29 +0800] "GET /xingrg/all/function/internal_message.html?_=1695518664751&CODE_STATE=getMsg HTTP/1.1" 200 27
124.77.244.146 - - [24/Sep/2023:09:24:33 +0800] "GET /xingrg/all/function/internal_message.html?_=1695518694110&CODE_STATE=getMsg HTTP/1.1" 200 27
101.83.145.37 - - [24/Sep/2023:09:24:47 +0800] "GET /xingrg/all/function/internal_message.html?_=1695518688189&CODE_STATE=getMsg HTTP/1.1" 200 27
221.239.166.189 - - [24/Sep/2023:09:24:49 +0800] "GET /xingrg/all/function/internal_message.html?_=1695518687591&CODE_STATE=getMsg HTTP/1.1" 200 27
120.253.135.82 - - [24/Sep/2023:09:24:50 +0800] "GET /xingrg/all/function/internal_message.html?_=1695518493685&CODE_STATE=getMsg HTTP/1.1" 200 27
222.70.180.200 - - [24/Sep/2023:09:24:55 +0800] "GET /xingrg/all/function/internal_message.html?_=1695518694681&CODE_STATE=getMsg HTTP/1.1" 200 27
116.230.110.33 - - [24/Sep/2023:09:25:00 +0800] "GET /xingrg/all/function/internal_message.html?_=1695518553336&CODE_STATE=getMsg HTTP/1.1" 200 27
124.79.244.212 - - [24/Sep/2023:09:25:01 +0800] "GET /xingrg/check_reg.html?_=1695518699843 HTTP/1.1" 302 -
116.230.110.33 - - [24/Sep/2023:09:25:06 +0800] "GET /xingrg/all/function/internal_message.html?_=1695518558859&CODE_STATE=getMsg HTTP/1.1" 200 27
222.70.180.200 - - [24/Sep/2023:09:25:09 +0800] "GET /xingrg/kc/buy/cgsh_order_operate.html?command=get_materiel&rest_code=00111&code=00101008027&supplier_code=00100005&order_time=2023-09-24 HTTP/1.1" 200 408
124.77.244.146 - - [24/Sep/2023:09:25:10 +0800] "GET /xingrg/check_reg.html?_=1695518711649 HTTP/1.1" 200 22
114.95.241.104 - - [24/Sep/2023:09:25:10 +0800] "GET /xingrg/all/function/internal_message.html?_=1695518613936&CODE_STATE=getMsg HTTP/1.1" 200 27
124.77.244.146 - - [24/Sep/2023:09:25:11 +0800] "GET /xingrg/all/function/internal_message.html?_=1695518712517&CODE_STATE=getMsg HTTP/1.1" 200 27
114.83.216.51 - - [24/Sep/2023:09:25:13 +0800] "GET /xingrg/check_reg.html?_=1695518713515 HTTP/1.1" 200 22
101.83.145.37 - - [24/Sep/2023:09:25:16 +0800] "GET /xingrg/all/function/internal_message.html?_=1695518503166&CODE_STATE=getMsg HTTP/1.1" 200 27
114.95.241.104 - - [24/Sep/2023:09:25:17 +0800] "GET /xingrg/all/function/internal_message.html?_=1695518621259&CODE_STATE=getMsg HTTP/1.1" 200 27
114.95.241.104 - - [24/Sep/2023:09:25:23 +0800] "GET /xingrg/all/function/internal_message.html?_=1695518721260&CODE_STATE=getMsg HTTP/1.1" 200 27
58.39.107.39 - - [24/Sep/2023:09:25:24 +0800] "GET /xingrg/all/function/internal_message.html?_=1695518726289&CODE_STATE=getMsg HTTP/1.1" 200 27
114.83.216.51 - - [24/Sep/2023:09:25:27 +0800] "GET /xingrg/all/function/internal_message.html?_=1695518727433&CODE_STATE=getMsg HTTP/1.1" 200 27
180.152.241.196 - - [24/Sep/2023:09:25:27 +0800] "GET /xingrg/all/function/internal_message.html?_=1695518727939&CODE_STATE=getMsg HTTP/1.1" 302 -
180.163.28.109 - - [24/Sep/2023:09:25:29 +0800] "GET /xingrg/all/function/internal_message.html?_=1695518664751&CODE_STATE=getMsg HTTP/1.1" 302 -
180.163.28.109 - - [24/Sep/2023:09:25:29 +0800] "GET /xingrg/login.html HTTP/1.1" 200 7641
124.78.155.92 - - [24/Sep/2023:09:25:29 +0800] "GET /xingrg/all/function/internal_message.html?_=1695518724723&CODE_STATE=getMsg HTTP/1.1" 200 27
124.78.155.92 - - [24/Sep/2023:09:25:30 +0800] "GET /xingrg/check_reg.html?_=1695518725506 HTTP/1.1" 200 22
124.77.244.146 - - [24/Sep/2023:09:25:33 +0800] "GET /xingrg/all/function/internal_message.html?_=1695518754120&CODE_STATE=getMsg HTTP/1.1" 200 27
101.83.145.37 - - [24/Sep/2023:09:25:47 +0800] "GET /xingrg/all/function/internal_message.html?_=1695518748190&CODE_STATE=getMsg HTTP/1.1" 200 27
114.95.241.104 - - [24/Sep/2023:09:25:49 +0800] "GET /xingrg/check_reg.html?_=1695518652960 HTTP/1.1" 200 22
221.239.166.189 - - [24/Sep/2023:09:25:49 +0800] "GET /xingrg/all/function/internal_message.html?_=1695518747572&CODE_STATE=getMsg HTTP/1.1" 200 27
120.253.135.82 - - [24/Sep/2023:09:25:50 +0800] "GET /xingrg/all/function/internal_message.html?_=1695518553739&CODE_STATE=getMsg HTTP/1.1" 200 27
114.83.216.51 - - [24/Sep/2023:09:25:54 +0800] "GET /favicon.ico HTTP/1.1" 404 -
222.70.180.200 - - [24/Sep/2023:09:25:55 +0800] "GET /xingrg/all/function/internal_message.html?_=1695518754723&CODE_STATE=getMsg HTTP/1.1" 200 27
222.70.180.200 - - [24/Sep/2023:09:25:55 +0800] "GET /xingrg/check_reg.html?_=1695518754726 HTTP/1.1" 200 22
114.95.241.104 - - [24/Sep/2023:09:25:55 +0800] "POST /xingrg/kc/buy/cgsh_order_operate.html HTTP/1.1" 200 37
114.95.241.104 - - [24/Sep/2023:09:25:56 +0800] "GET /xingrg/check_reg.html?_=1695518660355 HTTP/1.1" 200 22
116.230.110.33 - - [24/Sep/2023:09:26:00 +0800] "GET /xingrg/all/function/internal_message.html?_=1695518613311&CODE_STATE=getMsg HTTP/1.1" 200 27
222.70.180.200 - - [24/Sep/2023:09:26:03 +0800] "POST /xingrg/kc/buy/cgsh_order_operate.html HTTP/1.1" 200 37
116.230.110.33 - - [24/Sep/2023:09:26:06 +0800] "GET /xingrg/all/function/internal_message.html?_=1695518618854&CODE_STATE=getMsg HTTP/1.1" 200 27
116.230.110.33 - - [24/Sep/2023:09:26:06 +0800] "GET /xingrg/check_reg.html?_=1695518618855 HTTP/1.1" 200 22
222.70.180.200 - - [24/Sep/2023:09:26:06 +0800] "POST /xingrg/kc/buy/cgsh_order_operate.html HTTP/1.1" 200 24528
114.95.241.104 - - [24/Sep/2023:09:26:07 +0800] "POST /xingrg/kc/buy/cgsh_order_operate.html HTTP/1.1" 200 12
114.95.241.104 - - [24/Sep/2023:09:26:09 +0800] "GET /xingrg/kc/buy/cgsh_order_info.html?code=212023092409730 HTTP/1.1" 200 67304
114.95.241.104 - - [24/Sep/2023:09:26:09 +0800] "GET /xingrg/javascript/easyui/themes/default/validatebox.css HTTP/1.1" 404 1104
114.95.241.104 - - [24/Sep/2023:09:26:10 +0800] "GET /xingrg/all/function/internal_message.html?_=1695518673943&CODE_STATE=getMsg HTTP/1.1" 200 27
114.95.241.104 - - [24/Sep/2023:09:26:10 +0800] "POST /xingrg/kc/buy/cgsh_order_operate.html HTTP/1.1" 200 8345
124.77.244.146 - - [24/Sep/2023:09:26:11 +0800] "GET /xingrg/all/function/internal_message.html?_=1695518772530&CODE_STATE=getMsg HTTP/1.1" 200 27
101.83.145.37 - - [24/Sep/2023:09:26:16 +0800] "GET /xingrg/all/function/internal_message.html?_=1695518563166&CODE_STATE=getMsg HTTP/1.1" 200 27
114.95.241.104 - - [24/Sep/2023:09:26:17 +0800] "GET /xingrg/all/function/internal_message.html?_=1695518681259&CODE_STATE=getMsg HTTP/1.1" 200 27
114.95.241.104 - - [24/Sep/2023:09:26:23 +0800] "GET /xingrg/all/function/internal_message.html?_=1695518781346&CODE_STATE=getMsg HTTP/1.1" 200 27
114.83.216.51 - - [24/Sep/2023:09:26:27 +0800] "GET /xingrg/all/function/internal_message.html?_=1695518787419&CODE_STATE=getMsg HTTP/1.1" 200 27
180.152.241.196 - - [24/Sep/2023:09:26:27 +0800] "GET /xingrg/all/function/internal_message.html?_=1695518787919&CODE_STATE=getMsg HTTP/1.1" 302 -
124.78.155.92 - - [24/Sep/2023:09:26:29 +0800] "GET /xingrg/all/function/internal_message.html?_=1695518784696&CODE_STATE=getMsg HTTP/1.1" 200 27
180.163.29.79 - - [24/Sep/2023:09:26:30 +0800] "GET /xingrg/check_reg.html?_=1695518725506 HTTP/1.1" 302 -
180.163.29.79 - - [24/Sep/2023:09:26:30 +0800] "GET /xingrg/login.html HTTP/1.1" 200 7641
120.253.135.82 - - [24/Sep/2023:09:26:31 +0800] "GET /xingrg/check_reg.html?_=1695518594275 HTTP/1.1" 200 22
222.70.180.200 - - [24/Sep/2023:09:26:32 +0800] "GET /xingrg/kc/buy/cgsh_order_operate.html?command=get_materiel&rest_code=00111&code=00101008619&supplier_code=00100005&order_time=2023-09-24 HTTP/1.1" 200 419
124.77.244.146 - - [24/Sep/2023:09:26:33 +0800] "GET /xingrg/check_reg.html?_=1695518813950 HTTP/1.1" 200 22
124.77.244.146 - - [24/Sep/2023:09:26:33 +0800] "GET /xingrg/all/function/internal_message.html?_=1695518814133&CODE_STATE=getMsg HTTP/1.1" 200 27
116.230.110.33 - - [24/Sep/2023:09:26:39 +0800] "GET /xingrg/check_reg.html?_=1695518651860 HTTP/1.1" 200 22
101.83.145.37 - - [24/Sep/2023:09:26:47 +0800] "GET /xingrg/all/function/internal_message.html?_=1695518808188&CODE_STATE=getMsg HTTP/1.1" 200 27
221.239.166.189 - - [24/Sep/2023:09:26:49 +0800] "GET /xingrg/all/function/internal_message.html?_=1695518807555&CODE_STATE=getMsg HTTP/1.1" 200 27
222.70.107.161 - - [24/Sep/2023:09:26:50 +0800] "GET /favicon.ico HTTP/1.1" 404 -
120.253.135.82 - - [24/Sep/2023:09:26:50 +0800] "GET /xingrg/all/function/internal_message.html?_=1695518613744&CODE_STATE=getMsg HTTP/1.1" 200 27
222.70.107.161 - - [24/Sep/2023:09:26:54 +0800] "GET /xingrg/login.html HTTP/1.1" 200 7641
114.95.241.104 - - [24/Sep/2023:09:26:55 +0800] "GET /xingrg/kc/print/load_data.html?order_code=212023092409730&kc_code=cgsh&condition= HTTP/1.1" 200 3620
222.70.107.161 - - [24/Sep/2023:09:26:55 +0800] "GET /favicon.ico HTTP/1.1" 404 -
222.70.180.200 - - [24/Sep/2023:09:26:55 +0800] "GET /xingrg/all/function/internal_message.html?_=1695518814699&CODE_STATE=getMsg HTTP/1.1" 200 27
116.230.110.33 - - [24/Sep/2023:09:27:00 +0800] "GET /xingrg/all/function/internal_message.html?_=1695518673291&CODE_STATE=getMsg HTTP/1.1" 200 27
222.70.107.161 - - [24/Sep/2023:09:27:01 +0800] "POST /xingrg/login.do HTTP/1.1" 302 -
222.70.107.161 - - [24/Sep/2023:09:27:02 +0800] "POST /xingrg/login.do HTTP/1.1" 302 -
114.95.241.104 - - [24/Sep/2023:09:27:02 +0800] "GET /xingrg/kc/buy/cgsh_order_add.html HTTP/1.1" 200 72405
222.70.107.161 - - [24/Sep/2023:09:27:02 +0800] "GET /xingrg/index.html?sysBaseUrl=http%3A%2F%2F180.169.147.146%3A18081%2Fxingrg%2F&costTime=2171×tamp=1695518822116 HTTP/1.1" 200 17503
222.70.107.161 - - [24/Sep/2023:09:27:02 +0800] "GET /xingrg/all/function/internal_message.html?_=1695518822298&CODE_STATE=count HTTP/1.1" 200 11
222.70.107.161 - - [24/Sep/2023:09:27:02 +0800] "GET /xingrg/check_reg.html?_=1695518822299 HTTP/1.1" 200 22
222.70.107.161 - - [24/Sep/2023:09:27:02 +0800] "POST /xingrg/all/common/load_tree.html?tree=area_rest_tree_json&manage=1 HTTP/1.1" 200 2231
222.70.107.161 - - [24/Sep/2023:09:27:02 +0800] "POST /xingrg/load_menu.html HTTP/1.1" 200 11564
114.95.241.104 - - [24/Sep/2023:09:27:02 +0800] "POST /xingrg/kc/buy/cgsh_order_operate.html HTTP/1.1" 200 8245
114.95.241.104 - - [24/Sep/2023:09:27:02 +0800] "GET /xingrg/javascript/easyui/themes/default/validatebox.css HTTP/1.1" 404 1104
222.70.107.161 - - [24/Sep/2023:09:27:05 +0800] "GET /xingrg/index.html?sysBaseUrl=http%3A%2F%2F180.169.147.146%3A18081%2Fxingrg%2F&costTime=2171×tamp=1695518822116 HTTP/1.1" 200 17503
222.70.107.161 - - [24/Sep/2023:09:27:05 +0800] "GET /xingrg/all/function/internal_message.html?_=1695518825754&CODE_STATE=count HTTP/1.1" 200 11
222.70.107.161 - - [24/Sep/2023:09:27:05 +0800] "GET /xingrg/check_reg.html?_=1695518825755 HTTP/1.1" 200 22
222.70.107.161 - - [24/Sep/2023:09:27:05 +0800] "POST /xingrg/all/common/load_tree.html?tree=area_rest_tree_json&manage=1 HTTP/1.1" 200 2231
222.70.107.161 - - [24/Sep/2023:09:27:05 +0800] "POST /xingrg/load_menu.html HTTP/1.1" 200 11564
116.230.110.33 - - [24/Sep/2023:09:27:06 +0800] "GET /xingrg/all/function/internal_message.html?_=1695518678859&CODE_STATE=getMsg HTTP/1.1" 200 27
222.70.107.161 - - [24/Sep/2023:09:27:08 +0800] "GET /xingrg/index.html?sysBaseUrl=http%3A%2F%2F180.169.147.146%3A18081%2Fxingrg%2F&costTime=2171×tamp=1695518822116 HTTP/1.1" 200 17503
222.70.107.161 - - [24/Sep/2023:09:27:08 +0800] "GET /xingrg/all/function/internal_message.html?_=1695518828425&CODE_STATE=count HTTP/1.1" 200 11
222.70.107.161 - - [24/Sep/2023:09:27:08 +0800] "GET /xingrg/check_reg.html?_=1695518828426 HTTP/1.1" 200 22
222.70.107.161 - - [24/Sep/2023:09:27:08 +0800] "POST /xingrg/all/common/load_tree.html?tree=area_rest_tree_json&manage=1 HTTP/1.1" 200 2231
222.70.107.161 - - [24/Sep/2023:09:27:08 +0800] "POST /xingrg/load_menu.html HTTP/1.1" 200 11564
114.95.241.104 - - [24/Sep/2023:09:27:10 +0800] "GET /xingrg/all/function/internal_message.html?_=1695518733956&CODE_STATE=getMsg HTTP/1.1" 200 27
222.70.107.161 - - [24/Sep/2023:09:27:10 +0800] "POST /xingrg/load_menu.html HTTP/1.1" 200 10483
124.77.244.146 - - [24/Sep/2023:09:27:11 +0800] "GET /xingrg/all/function/internal_message.html?_=1695518832544&CODE_STATE=getMsg HTTP/1.1" 200 27
222.70.107.161 - - [24/Sep/2023:09:27:11 +0800] "GET /xingrg/all/report/report_query.html?fileName=dma/new_5.0/yingye/yy_hz.xml&rw=1600 HTTP/1.1" 200 56155
222.70.107.161 - - [24/Sep/2023:09:27:11 +0800] "GET /xingrg/dwr/interface/AjaxReportQueryService.js HTTP/1.1" 200 13203
222.70.107.161 - - [24/Sep/2023:09:27:11 +0800] "GET /xingrg/dwr/engine.js HTTP/1.1" 200 43631
222.70.107.161 - - [24/Sep/2023:09:27:11 +0800] "GET /xingrg/dwr/util.js HTTP/1.1" 304 -
222.70.107.161 - - [24/Sep/2023:09:27:11 +0800] "POST /xingrg/dwr/call/plaincall/AjaxReportQueryService.getFixDate.dwr HTTP/1.1" 200 111
222.70.107.161 - - [24/Sep/2023:09:27:11 +0800] "POST /xingrg/all/common/load_tree.html?tree=area_station_tree_json&manage=1 HTTP/1.1" 200 2159
222.70.107.161 - - [24/Sep/2023:09:27:14 +0800] "POST /xingrg/dwr/call/plaincall/AjaxReportQueryService.getFixDate.dwr HTTP/1.1" 200 111
222.70.107.161 - - [24/Sep/2023:09:27:16 +0800] "POST /xingrg/dwr/call/plaincall/AjaxReportQueryService.refreshCache.dwr HTTP/1.1" 200 78
101.83.145.37 - - [24/Sep/2023:09:27:17 +0800] "GET /xingrg/all/function/internal_message.html?_=1695518623167&CODE_STATE=getMsg HTTP/1.1" 200 27
101.83.145.37 - - [24/Sep/2023:09:27:17 +0800] "GET /xingrg/check_reg.html?_=1695518623170 HTTP/1.1" 200 22
114.95.241.104 - - [24/Sep/2023:09:27:17 +0800] "GET /xingrg/all/function/internal_message.html?_=1695518741273&CODE_STATE=getMsg HTTP/1.1" 200 27
114.95.241.104 - - [24/Sep/2023:09:27:17 +0800] "GET /xingrg/kc/buy/cgsh_order_operate.html?command=get_materiel&rest_code=00150&code=00101009109&supplier_code=00100022&order_time=2023-09-24 HTTP/1.1" 200 413
114.95.241.104 - - [24/Sep/2023:09:27:23 +0800] "GET /xingrg/all/function/internal_message.html?_=1695518841227&CODE_STATE=getMsg HTTP/1.1" 200 27
114.83.216.51 - - [24/Sep/2023:09:27:27 +0800] "GET /xingrg/all/function/internal_message.html?_=1695518847391&CODE_STATE=getMsg HTTP/1.1" 200 27
180.152.241.196 - - [24/Sep/2023:09:27:27 +0800] "GET /xingrg/all/function/internal_message.html?_=1695518847904&CODE_STATE=getMsg HTTP/1.1" 302 -
114.95.241.104 - - [24/Sep/2023:09:27:28 +0800] "GET /xingrg/kc/buy/cgsh_order_operate.html?command=get_materiel&rest_code=00150&code=00101009062&supplier_code=00100022&order_time=2023-09-24 HTTP/1.1" 200 412
124.78.155.92 - - [24/Sep/2023:09:27:29 +0800] "GET /xingrg/all/function/internal_message.html?_=1695518844683&CODE_STATE=getMsg HTTP/1.1" 200 27
222.70.180.200 - - [24/Sep/2023:09:27:31 +0800] "GET /xingrg/kc/buy/cgsh_order_operate.html?command=get_materiel&rest_code=00111&code=00101008350&supplier_code=00100005&order_time=2023-09-24 HTTP/1.1" 200 408
124.77.244.146 - - [24/Sep/2023:09:27:33 +0800] "GET /xingrg/all/function/internal_message.html?_=1695518874147&CODE_STATE=getMsg HTTP/1.1" 200 27
222.70.107.161 - - [24/Sep/2023:09:27:40 +0800] "POST /xingrg/all/report/load_report_page.html HTTP/1.1" 200 145622
222.70.107.161 - - [24/Sep/2023:09:27:40 +0800] "GET /xingrg/servlets/image?cache=0.45762495657244706&image=px HTTP/1.1" 200 807
114.95.241.104 - - [24/Sep/2023:09:27:42 +0800] "GET /xingrg/kc/buy/cgsh_order_operate.html?command=get_materiel&rest_code=00150&code=00101009158&supplier_code=00100022&order_time=2023-09-24 HTTP/1.1" 200 413
180.152.241.196 - - [24/Sep/2023:09:27:42 +0800] "GET /xingrg/kc/buy/cgsh_order_list.html HTTP/1.1" 302 -
180.152.241.196 - - [24/Sep/2023:09:27:42 +0800] "GET /xingrg/login.html HTTP/1.1" 200 7641
180.152.241.196 - - [24/Sep/2023:09:27:42 +0800] "GET /xingrg/login.html HTTP/1.1" 200 7641
180.152.241.196 - - [24/Sep/2023:09:27:42 +0800] "GET /xingrg/images/blue/jxLogo.png HTTP/1.1" 200 6156
180.152.241.196 - - [24/Sep/2023:09:27:42 +0800] "GET /xingrg/images/blue/login_bg.png HTTP/1.1" 200 22101
180.152.241.196 - - [24/Sep/2023:09:27:42 +0800] "GET /xingrg/images/blue/hj.png HTTP/1.1" 200 1014
180.152.241.196 - - [24/Sep/2023:09:27:42 +0800] "GET /xingrg/images/blue/srbg.png HTTP/1.1" 200 138
180.152.241.196 - - [24/Sep/2023:09:27:43 +0800] "GET /favicon.ico HTTP/1.1" 404 -
180.152.241.196 - - [24/Sep/2023:09:27:45 +0800] "POST /xingrg/login.do HTTP/1.1" 302 -
180.152.241.196 - - [24/Sep/2023:09:27:45 +0800] "GET /xingrg/index.html?sysBaseUrl=http%3A%2F%2F180.169.147.146%3A18081%2Fxingrg%2F&costTime=830×tamp=1695518865263 HTTP/1.1" 200 17173
180.152.241.196 - - [24/Sep/2023:09:27:45 +0800] "GET /xingrg/javascript/jquery_easy_ui/themes/default/easyui.css HTTP/1.1" 200 26500
180.152.241.196 - - [24/Sep/2023:09:27:45 +0800] "GET /xingrg/css/form.css HTTP/1.1" 200 893
180.152.241.196 - - [24/Sep/2023:09:27:45 +0800] "GET /xingrg/javascript/jquery_easy_ui/themes/icon.css HTTP/1.1" 200 3949
180.152.241.196 - - [24/Sep/2023:09:27:45 +0800] "GET /xingrg/javascript/jquery.form.js HTTP/1.1" 200 23110
180.152.241.196 - - [24/Sep/2023:09:27:45 +0800] "GET /xingrg/javascript/jquery_easy_ui/jquery.easyui.min.js HTTP/1.1" 200 213662
180.152.241.196 - - [24/Sep/2023:09:27:45 +0800] "GET /xingrg/javascript/jquery_easy_ui/easyui-lang-zh_CN.js HTTP/1.1" 200 1900
180.152.241.196 - - [24/Sep/2023:09:27:45 +0800] "GET /xingrg/javascript/jquery-1.4.2.min.js HTTP/1.1" 200 72205
180.152.241.196 - - [24/Sep/2023:09:27:45 +0800] "GET /xingrg/javascript/jquery.timers.js HTTP/1.1" 200 3532
180.152.241.196 - - [24/Sep/2023:09:27:45 +0800] "GET /favicon.ico HTTP/1.1" 404 -
180.152.241.196 - - [24/Sep/2023:09:27:45 +0800] "GET /xingrg/javascript/jquery_easy_ui/themes/icons/settle_new.png HTTP/1.1" 200 826
180.152.241.196 - - [24/Sep/2023:09:27:45 +0800] "GET /xingrg/images/blue/navBackgound.jpg HTTP/1.1" 200 12378
180.152.241.196 - - [24/Sep/2023:09:27:45 +0800] "GET /xingrg/javascript/jquery_easy_ui/themes/default/images/panel_tool_collapse.gif HTTP/1.1" 200 246
180.152.241.196 - - [24/Sep/2023:09:27:45 +0800] "GET /xingrg/check_reg.html?_=1695518865811 HTTP/1.1" 200 22
180.152.241.196 - - [24/Sep/2023:09:27:45 +0800] "GET /xingrg/javascript/jquery_easy_ui/themes/default/images/tabs_rightarrow.png HTTP/1.1" 200 395
180.152.241.196 - - [24/Sep/2023:09:27:45 +0800] "GET /xingrg/all/function/internal_message.html?_=1695518865810&CODE_STATE=count HTTP/1.1" 200 11
180.152.241.196 - - [24/Sep/2023:09:27:45 +0800] "GET /xingrg/images/blue/pingpu.png HTTP/1.1" 200 231
180.152.241.196 - - [24/Sep/2023:09:27:45 +0800] "GET /xingrg/javascript/jquery_easy_ui/themes/default/images/tabs_leftarrow.png HTTP/1.1" 200 389
180.152.241.196 - - [24/Sep/2023:09:27:45 +0800] "POST /xingrg/all/common/load_tree.html?tree=area_rest_tree_json&manage=1 HTTP/1.1" 200 342
180.152.241.196 - - [24/Sep/2023:09:27:45 +0800] "POST /xingrg/load_menu.html HTTP/1.1" 200 5138
180.152.241.196 - - [24/Sep/2023:09:27:45 +0800] "GET /xingrg/javascript/jquery_easy_ui/themes/icons/storage_new.png HTTP/1.1" 200 853
180.152.241.196 - - [24/Sep/2023:09:27:45 +0800] "GET /xingrg/javascript/jquery_easy_ui/themes/default/images/tree_folder_open.gif HTTP/1.1" 200 956
180.152.241.196 - - [24/Sep/2023:09:27:45 +0800] "GET /xingrg/javascript/jquery_easy_ui/themes/icons/search_new.png HTTP/1.1" 200 586
180.152.241.196 - - [24/Sep/2023:09:27:45 +0800] "GET /xingrg/javascript/jquery_easy_ui/themes/default/images/tree_folder.gif HTTP/1.1" 200 952
180.152.241.196 - - [24/Sep/2023:09:27:45 +0800] "GET /xingrg/javascript/jquery_easy_ui/themes/default/images/tree_arrows.gif HTTP/1.1" 200 1043
180.152.241.196 - - [24/Sep/2023:09:27:45 +0800] "GET /xingrg/javascript/jquery_easy_ui/themes/icons/forms_new.png HTTP/1.1" 200 350
180.152.241.196 - - [24/Sep/2023:09:27:45 +0800] "GET /xingrg/javascript/jquery_easy_ui/themes/default/images/tree_file.gif HTTP/1.1" 200 118
101.83.145.37 - - [24/Sep/2023:09:27:47 +0800] "GET /xingrg/check_reg.html?_=1695518868187 HTTP/1.1" 200 22
101.83.145.37 - - [24/Sep/2023:09:27:47 +0800] "GET /xingrg/all/function/internal_message.html?_=1695518868190&CODE_STATE=getMsg HTTP/1.1" 200 27
221.239.166.189 - - [24/Sep/2023:09:27:49 +0800] "GET /xingrg/all/function/internal_message.html?_=1695518867541&CODE_STATE=getMsg HTTP/1.1" 200 27
114.95.241.104 - - [24/Sep/2023:09:27:50 +0800] "GET /xingrg/kc/buy/cgsh_order_operate.html?command=get_materiel&rest_code=00150&code=00101009124&supplier_code=00100022&order_time=2023-09-24 HTTP/1.1" 200 416
120.253.135.82 - - [24/Sep/2023:09:27:50 +0800] "GET /xingrg/all/function/internal_message.html?_=1695518673757&CODE_STATE=getMsg HTTP/1.1" 200 27
222.70.107.161 - - [24/Sep/2023:09:27:51 +0800] "POST /xingrg/dwr/call/plaincall/AjaxReportQueryService.refreshCache.dwr HTTP/1.1" 200 78
222.70.107.161 - - [24/Sep/2023:09:27:53 +0800] "POST /xingrg/all/report/load_report_page.html HTTP/1.1" 200 145524
222.70.107.161 - - [24/Sep/2023:09:27:53 +0800] "GET /xingrg/servlets/image?cache=0.5794925551910071&image=px HTTP/1.1" 200 807
222.70.180.200 - - [24/Sep/2023:09:27:55 +0800] "GET /xingrg/all/function/internal_message.html?_=1695518874684&CODE_STATE=getMsg HTTP/1.1" 200 27
114.95.241.104 - - [24/Sep/2023:09:27:58 +0800] "GET /xingrg/kc/buy/cgsh_order_operate.html?command=get_materiel&rest_code=00150&code=00101009011&supplier_code=00100022&order_time=2023-09-24 HTTP/1.1" 200 416
222.70.107.161 - - [24/Sep/2023:09:27:59 +0800] "POST /xingrg/dwr/call/plaincall/AjaxReportQueryService.getFixDate.dwr HTTP/1.1" 200 111
116.230.110.33 - - [24/Sep/2023:09:28:00 +0800] "GET /xingrg/all/function/internal_message.html?_=1695518733266&CODE_STATE=getMsg HTTP/1.1" 200 27
222.70.107.161 - - [24/Sep/2023:09:28:01 +0800] "POST /xingrg/dwr/call/plaincall/AjaxReportQueryService.refreshCache.dwr HTTP/1.1" 200 78
180.152.241.196 - - [24/Sep/2023:09:28:01 +0800] "GET /xingrg/javascript/jquery_easy_ui/themes/default/images/tabs_close.gif HTTP/1.1" 200 829
222.70.107.161 - - [24/Sep/2023:09:28:02 +0800] "POST /xingrg/all/report/load_report_page.html HTTP/1.1" 200 145708
180.152.241.196 - - [24/Sep/2023:09:28:03 +0800] "GET /xingrg/kc/buy/cgsh_order_list.html HTTP/1.1" 200 56579
222.70.107.161 - - [24/Sep/2023:09:28:03 +0800] "GET /xingrg/servlets/image?cache=0.7422084904466877&image=px HTTP/1.1" 200 807
180.152.241.196 - - [24/Sep/2023:09:28:05 +0800] "POST /xingrg/kc/buy/cgsh_list_operate.html HTTP/1.1" 200 986
116.230.110.33 - - [24/Sep/2023:09:28:06 +0800] "GET /xingrg/all/function/internal_message.html?_=1695518738859&CODE_STATE=getMsg HTTP/1.1" 200 27
180.152.241.196 - - [24/Sep/2023:09:28:06 +0800] "GET /xingrg/kc/buy/cgsh_order_add.html HTTP/1.1" 200 72396
180.152.241.196 - - [24/Sep/2023:09:28:06 +0800] "GET /xingrg/words/20230923131221_words.js HTTP/1.1" 304 -
180.152.241.196 - - [24/Sep/2023:09:28:06 +0800] "GET /xingrg/javascript/easyui/themes/icons/copy_new.png HTTP/1.1" 200 815
180.152.241.196 - - [24/Sep/2023:09:28:06 +0800] "POST /xingrg/kc/buy/cgsh_order_operate.html HTTP/1.1" 200 8245
180.152.241.196 - - [24/Sep/2023:09:28:06 +0800] "GET /xingrg/javascript/easyui/themes/default/validatebox.css HTTP/1.1" 404 1104
180.152.241.196 - - [24/Sep/2023:09:28:06 +0800] "GET /xingrg/all/common/auto_word.html?type=employee&rest_code=00102 HTTP/1.1" 200 189
180.152.241.196 - - [24/Sep/2023:09:28:06 +0800] "GET /xingrg/all/common/auto_word.html?type=employee&rest_code=00102 HTTP/1.1" 200 189
114.95.241.104 - - [24/Sep/2023:09:28:08 +0800] "GET /xingrg/kc/buy/cgsh_order_operate.html?command=get_materiel&rest_code=00150&code=00101009015&supplier_code=00100022&order_time=2023-09-24 HTTP/1.1" 200 416
222.70.107.161 - - [24/Sep/2023:09:28:08 +0800] "GET /xingrg/all/function/internal_message.html?_=1695518888431&CODE_STATE=getMsg HTTP/1.1" 200 27
114.95.241.104 - - [24/Sep/2023:09:28:10 +0800] "GET /xingrg/all/function/internal_message.html?_=1695518793978&CODE_STATE=getMsg HTTP/1.1" 200 27
124.77.244.146 - - [24/Sep/2023:09:28:11 +0800] "GET /xingrg/all/function/internal_message.html?_=1695518892560&CODE_STATE=getMsg HTTP/1.1" 200 27
180.152.241.196 - - [24/Sep/2023:09:28:14 +0800] "GET /xingrg/javascript/auto/indicator.gif HTTP/1.1" 404 1066
222.70.180.200 - - [24/Sep/2023:09:28:15 +0800] "GET /xingrg/kc/buy/cgsh_order_operate.html?command=get_materiel&rest_code=00111&code=00101008558&supplier_code=00100005&order_time=2023-09-24 HTTP/1.1" 200 409
114.95.241.104 - - [24/Sep/2023:09:28:16 +0800] "GET /xingrg/kc/buy/cgsh_order_operate.html?command=get_materiel&rest_code=00150&code=00101009140&supplier_code=00100022&order_time=2023-09-24 HTTP/1.1" 200 412
101.83.145.37 - - [24/Sep/2023:09:28:16 +0800] "GET /xingrg/all/function/internal_message.html?_=1695518683170&CODE_STATE=getMsg HTTP/1.1" 200 27
114.95.241.104 - - [24/Sep/2023:09:28:17 +0800] "GET /xingrg/all/function/internal_message.html?_=1695518801315&CODE_STATE=getMsg HTTP/1.1" 200 27
180.152.241.196 - - [24/Sep/2023:09:28:21 +0800] "GET /xingrg/kc/buy/cgsh_order_operate.html?command=get_materiel&rest_code=00102&code=00101016030&supplier_code=00100096&order_time=2023-09-24 HTTP/1.1" 200 412
114.95.241.104 - - [24/Sep/2023:09:28:23 +0800] "GET /xingrg/all/function/internal_message.html?_=1695518901205&CODE_STATE=getMsg HTTP/1.1" 200 27
114.83.216.51 - - [24/Sep/2023:09:28:27 +0800] "GET /xingrg/all/function/internal_message.html?_=1695518907370&CODE_STATE=getMsg HTTP/1.1" 200 27
180.152.241.196 - - [24/Sep/2023:09:28:29 +0800] "GET /xingrg/kc/buy/cgsh_order_operate.html?command=get_materiel&rest_code=00102&code=00101012025&supplier_code=00100096&order_time=2023-09-24 HTTP/1.1" 200 412
124.78.155.92 - - [24/Sep/2023:09:28:29 +0800] "GET /xingrg/all/function/internal_message.html?_=1695518904656&CODE_STATE=getMsg HTTP/1.1" 200 27
124.77.244.146 - - [24/Sep/2023:09:28:33 +0800] "GET /xingrg/all/function/internal_message.html?_=1695518934161&CODE_STATE=getMsg HTTP/1.1" 200 27
218.81.68.103 - - [24/Sep/2023:09:28:41 +0800] "GET /xingrg/check_reg.html?_=1695518919700 HTTP/1.1" 200 22
180.152.241.196 - - [24/Sep/2023:09:28:43 +0800] "GET /xingrg/kc/buy/cgsh_order_operate.html?command=get_materiel&rest_code=00102&code=00101006177&supplier_code=00100096&order_time=2023-09-24 HTTP/1.1" 200 408
180.152.241.196 - - [24/Sep/2023:09:28:45 +0800] "GET /xingrg/all/function/internal_message.html?_=1695518925828&CODE_STATE=getMsg HTTP/1.1" 200 27
114.95.241.104 - - [24/Sep/2023:09:28:46 +0800] "POST /xingrg/kc/buy/cgsh_order_operate.html HTTP/1.1" 200 37
101.83.145.37 - - [24/Sep/2023:09:28:47 +0800] "GET /xingrg/all/function/internal_message.html?_=1695518928189&CODE_STATE=getMsg HTTP/1.1" 200 27
221.239.166.189 - - [24/Sep/2023:09:28:49 +0800] "GET /xingrg/all/function/internal_message.html?_=1695518927537&CODE_STATE=getMsg HTTP/1.1" 200 27
120.253.135.82 - - [24/Sep/2023:09:28:51 +0800] "GET /xingrg/all/function/internal_message.html?_=1695518733808&CODE_STATE=getMsg HTTP/1.1" 200 27
221.239.166.189 - - [24/Sep/2023:09:28:51 +0800] "GET /xingrg/check_reg.html?_=1695518929134 HTTP/1.1" 200 22
114.95.241.104 - - [24/Sep/2023:09:28:54 +0800] "POST /xingrg/kc/buy/cgsh_order_operate.html HTTP/1.1" 200 12
222.70.180.200 - - [24/Sep/2023:09:28:55 +0800] "GET /xingrg/all/function/internal_message.html?_=1695518934689&CODE_STATE=getMsg HTTP/1.1" 200 27
114.95.241.104 - - [24/Sep/2023:09:28:56 +0800] "GET /xingrg/kc/buy/cgsh_order_info.html?code=212023092409731 HTTP/1.1" 200 67312
114.95.241.104 - - [24/Sep/2023:09:28:56 +0800] "GET /xingrg/javascript/easyui/themes/default/validatebox.css HTTP/1.1" 404 1104
114.95.241.104 - - [24/Sep/2023:09:28:57 +0800] "POST /xingrg/kc/buy/cgsh_order_operate.html HTTP/1.1" 200 4164
114.95.241.104 - - [24/Sep/2023:09:28:59 +0800] "GET /xingrg/kc/print/load_data.html?order_code=212023092409731&kc_code=cgsh&condition= HTTP/1.1" 200 2101
116.230.110.33 - - [24/Sep/2023:09:29:00 +0800] "GET /xingrg/all/function/internal_message.html?_=1695518793255&CODE_STATE=getMsg HTTP/1.1" 200 27
180.152.241.196 - - [24/Sep/2023:09:29:03 +0800] "GET /xingrg/kc/buy/cgsh_order_operate.html?command=get_materiel&rest_code=00102&code=00101006065&supplier_code=00100096&order_time=2023-09-24 HTTP/1.1" 200 409
116.230.110.33 - - [24/Sep/2023:09:29:06 +0800] "GET /xingrg/all/function/internal_message.html?_=1695518798857&CODE_STATE=getMsg HTTP/1.1" 200 27
114.95.241.104 - - [24/Sep/2023:09:29:07 +0800] "GET /xingrg/kc/mdqp/pssh_order_list.html HTTP/1.1" 200 17962
114.95.241.104 - - [24/Sep/2023:09:29:07 +0800] "POST /xingrg/kc/mdqp/pssh_list_operate.html HTTP/1.1" 200 5357
222.70.107.161 - - [24/Sep/2023:09:29:08 +0800] "GET /xingrg/all/function/internal_message.html?_=1695518948427&CODE_STATE=getMsg HTTP/1.1" 200 27
114.95.241.104 - - [24/Sep/2023:09:29:09 +0800] "POST /xingrg/kc/mdqp/pssh_list_operate.html HTTP/1.1" 200 259
114.95.241.104 - - [24/Sep/2023:09:29:10 +0800] "GET /xingrg/all/function/internal_message.html?_=1695518853984&CODE_STATE=getMsg HTTP/1.1" 200 27
124.77.244.146 - - [24/Sep/2023:09:29:11 +0800] "GET /xingrg/all/function/internal_message.html?_=1695518952571&CODE_STATE=getMsg HTTP/1.1" 200 27
114.95.241.104 - - [24/Sep/2023:09:29:11 +0800] "GET /xingrg/kc/mdqp/pssh_order_info.html?code=312023092300565 HTTP/1.1" 200 17299
