124.77.244.146 - - [24/Sep/2023:09:37:48 +0800] "GET /xingrg/javascript/jquery_tools/order_manager.js HTTP/1.1" 304 -
124.77.244.146 - - [24/Sep/2023:09:37:48 +0800] "GET /xingrg/javascript/json2.js HTTP/1.1" 304 -
124.77.244.146 - - [24/Sep/2023:09:37:48 +0800] "GET /xingrg/words/20230923131221_words.js HTTP/1.1" 304 -
114.95.241.104 - - [24/Sep/2023:09:37:48 +0800] "GET /xingrg/kc/print/load_data.html?order_code=212023092409735&kc_code=cgsh&condition= HTTP/1.1" 200 5607
124.77.244.146 - - [24/Sep/2023:09:37:48 +0800] "POST /xingrg/kc/buy/cgsh_order_operate.html HTTP/1.1" 200 8245
124.77.244.146 - - [24/Sep/2023:09:37:48 +0800] "GET /xingrg/javascript/easyui/themes/default/validatebox.css HTTP/1.1" 404 1104
124.77.244.146 - - [24/Sep/2023:09:37:48 +0800] "GET /xingrg/javascript/easyui/plugins/jquery.validatebox.js HTTP/1.1" 304 -
124.77.244.146 - - [24/Sep/2023:09:37:48 +0800] "GET /xingrg/javascript/easyui/plugins/jquery.numberbox.js HTTP/1.1" 304 -
124.77.244.146 - - [24/Sep/2023:09:37:48 +0800] "GET /xingrg/all/common/auto_word.html?type=employee&rest_code=00146 HTTP/1.1" 200 101
124.77.244.146 - - [24/Sep/2023:09:37:48 +0800] "GET /xingrg/all/common/auto_word.html?type=employee&rest_code=00146 HTTP/1.1" 200 101
221.239.166.189 - - [24/Sep/2023:09:37:49 +0800] "GET /xingrg/all/function/internal_message.html?_=1695519467439&CODE_STATE=getMsg HTTP/1.1" 200 27
124.77.244.146 - - [24/Sep/2023:09:37:51 +0800] "GET /xingrg/javascript/auto/indicator.gif HTTP/1.1" 404 1066
120.253.135.82 - - [24/Sep/2023:09:37:51 +0800] "GET /xingrg/all/function/internal_message.html?_=1695519274002&CODE_STATE=getMsg HTTP/1.1" 200 27
114.95.241.104 - - [24/Sep/2023:09:37:54 +0800] "GET /xingrg/kc/buy/cgsh_order_add.html HTTP/1.1" 200 71959
222.70.180.200 - - [24/Sep/2023:09:37:55 +0800] "GET /xingrg/all/function/internal_message.html?_=1695519474680&CODE_STATE=getMsg HTTP/1.1" 200 27
116.232.37.4 - - [24/Sep/2023:09:37:55 +0800] "POST /xingrg/services/DataTransmitService HTTP/1.1" 200 524
114.95.241.104 - - [24/Sep/2023:09:37:55 +0800] "POST /xingrg/kc/buy/cgsh_order_operate.html HTTP/1.1" 200 8245
114.95.241.104 - - [24/Sep/2023:09:37:55 +0800] "GET /xingrg/javascript/easyui/themes/default/validatebox.css HTTP/1.1" 404 1104
116.230.110.33 - - [24/Sep/2023:09:38:00 +0800] "GET /xingrg/all/function/internal_message.html?_=1695519333073&CODE_STATE=getMsg HTTP/1.1" 200 27
114.95.241.104 - - [24/Sep/2023:09:38:01 +0800] "GET /xingrg/all/function/internal_message.html?_=1695519479397&CODE_STATE=getMsg HTTP/1.1" 200 27
222.70.180.200 - - [24/Sep/2023:09:38:02 +0800] "GET /xingrg/kc/buy/cgsh_order_operate.html?command=get_materiel&rest_code=00111&code=00101008348&supplier_code=00100005&order_time=2023-09-24 HTTP/1.1" 200 413
114.95.241.104 - - [24/Sep/2023:09:38:03 +0800] "GET /xingrg/kc/buy/cgsh_order_operate.html?command=get_materiel&rest_code=00151&code=00101009007&supplier_code=00100022&order_time=2023-09-24 HTTP/1.1" 200 408
124.77.244.146 - - [24/Sep/2023:09:38:04 +0800] "GET /xingrg/kc/buy/cgsh_order_operate.html?command=get_materiel&rest_code=00146&code=00101008403&supplier_code=00100005&order_time=2023-09-24 HTTP/1.1" 200 412
116.230.110.33 - - [24/Sep/2023:09:38:06 +0800] "GET /xingrg/all/function/internal_message.html?_=1695519338865&CODE_STATE=getMsg HTTP/1.1" 200 27
222.70.107.161 - - [24/Sep/2023:09:38:08 +0800] "GET /xingrg/all/function/internal_message.html?_=1695519488460&CODE_STATE=getMsg HTTP/1.1" 200 27
114.95.241.104 - - [24/Sep/2023:09:38:10 +0800] "GET /xingrg/all/function/internal_message.html?_=1695519394113&CODE_STATE=getMsg HTTP/1.1" 200 27
124.77.244.146 - - [24/Sep/2023:09:38:11 +0800] "GET /xingrg/all/function/internal_message.html?_=1695519492693&CODE_STATE=getMsg HTTP/1.1" 200 27
114.95.241.104 - - [24/Sep/2023:09:38:15 +0800] "GET /xingrg/kc/buy/cgsh_order_operate.html?command=get_materiel&rest_code=00151&code=00101009178&supplier_code=00100022&order_time=2023-09-24 HTTP/1.1" 200 399
101.83.145.37 - - [24/Sep/2023:09:38:17 +0800] "GET /xingrg/all/function/internal_message.html?_=1695519283202&CODE_STATE=getMsg HTTP/1.1" 200 27
114.95.241.104 - - [24/Sep/2023:09:38:17 +0800] "GET /xingrg/all/function/internal_message.html?_=1695519401600&CODE_STATE=getMsg HTTP/1.1" 200 27
114.95.241.104 - - [24/Sep/2023:09:38:23 +0800] "GET /xingrg/kc/buy/cgsh_order_operate.html?command=get_materiel&rest_code=00151&code=00101009062&supplier_code=00100022&order_time=2023-09-24 HTTP/1.1" 200 412
124.77.244.146 - - [24/Sep/2023:09:38:28 +0800] "GET /xingrg/kc/buy/cgsh_order_operate.html?command=get_materiel&rest_code=00146&code=00101008359&supplier_code=00100005&order_time=2023-09-24 HTTP/1.1" 200 408
180.169.147.146 - - [24/Sep/2023:09:38:30 +0800] "POST /xingrg/login.do HTTP/1.1" 302 -
180.169.147.146 - - [24/Sep/2023:09:38:30 +0800] "GET /xingrg/index.html?sysBaseUrl=http%3A%2F%2F180.169.147.146%3A18081%2Fxingrg%2F&costTime=952×tamp=1695519510039 HTTP/1.1" 200 17503
180.169.147.146 - - [24/Sep/2023:09:38:30 +0800] "GET /favicon.ico HTTP/1.1" 404 -
180.169.147.146 - - [24/Sep/2023:09:38:30 +0800] "GET /xingrg/all/function/internal_message.html?_=1695519510470&CODE_STATE=count HTTP/1.1" 200 11
180.169.147.146 - - [24/Sep/2023:09:38:30 +0800] "GET /xingrg/check_reg.html?_=1695519510472 HTTP/1.1" 200 22
180.169.147.146 - - [24/Sep/2023:09:38:30 +0800] "POST /xingrg/all/common/load_tree.html?tree=area_rest_tree_json&manage=1 HTTP/1.1" 200 3499
180.169.147.146 - - [24/Sep/2023:09:38:31 +0800] "POST /xingrg/load_menu.html HTTP/1.1" 200 11564
114.95.241.104 - - [24/Sep/2023:09:38:31 +0800] "GET /xingrg/kc/buy/cgsh_order_operate.html?command=get_materiel&rest_code=00151&code=00101009039&supplier_code=00100022&order_time=2023-09-24 HTTP/1.1" 200 408
101.83.145.37 - - [24/Sep/2023:09:38:31 +0800] "GET /xingrg/kc/buy/cgsh_order_add.html HTTP/1.1" 200 72443
101.83.145.37 - - [24/Sep/2023:09:38:31 +0800] "POST /xingrg/kc/buy/cgsh_order_operate.html HTTP/1.1" 200 8245
101.83.145.37 - - [24/Sep/2023:09:38:31 +0800] "GET /xingrg/javascript/easyui/themes/default/validatebox.css HTTP/1.1" 404 1104
222.70.180.200 - - [24/Sep/2023:09:38:34 +0800] "POST /xingrg/all/common/load_select.html HTTP/1.1" 200 12
114.95.241.104 - - [24/Sep/2023:09:38:39 +0800] "GET /xingrg/kc/buy/cgsh_order_operate.html?command=get_materiel&rest_code=00151&code=00101009088&supplier_code=00100022&order_time=2023-09-24 HTTP/1.1" 200 405
124.77.244.146 - - [24/Sep/2023:09:38:40 +0800] "GET /xingrg/kc/buy/cgsh_order_operate.html?command=get_materiel&rest_code=00146&code=00101008003&supplier_code=00100005&order_time=2023-09-24 HTTP/1.1" 200 408
218.81.68.103 - - [24/Sep/2023:09:38:41 +0800] "GET /xingrg/check_reg.html?_=1695519519653 HTTP/1.1" 200 22
222.70.180.200 - - [24/Sep/2023:09:38:41 +0800] "GET /xingrg/kc/buy/cgsh_order_operate.html?command=get_materiel_price&rest_code=00111&code=00101008348&unit_code=00100001&supplier_code=00100005&order_time=2023-09-24 HTTP/1.1" 200 28
180.152.241.196 - - [24/Sep/2023:09:38:45 +0800] "GET /xingrg/all/function/internal_message.html?_=1695519525736&CODE_STATE=getMsg HTTP/1.1" 200 27
180.169.147.146 - - [24/Sep/2023:09:38:46 +0800] "GET /xingrg/kc/report/report_main.html HTTP/1.1" 200 8599
101.83.145.37 - - [24/Sep/2023:09:38:47 +0800] "GET /xingrg/all/function/internal_message.html?_=1695519528194&CODE_STATE=getMsg HTTP/1.1" 200 27
114.95.241.104 - - [24/Sep/2023:09:38:48 +0800] "GET /xingrg/kc/buy/cgsh_order_operate.html?command=get_materiel&rest_code=00151&code=00101009016&supplier_code=00100022&order_time=2023-09-24 HTTP/1.1" 200 420
221.239.166.189 - - [24/Sep/2023:09:38:49 +0800] "GET /xingrg/all/function/internal_message.html?_=1695519527412&CODE_STATE=getMsg HTTP/1.1" 200 27
101.83.145.37 - - [24/Sep/2023:09:38:50 +0800] "GET /xingrg/kc/buy/cgsh_order_operate.html?command=get_materiel&rest_code=00105&code=00101006193&supplier_code=00100012&order_time=2023-09-24 HTTP/1.1" 200 409
221.239.166.189 - - [24/Sep/2023:09:38:51 +0800] "GET /xingrg/check_reg.html?_=1695519529136 HTTP/1.1" 200 22
120.253.135.82 - - [24/Sep/2023:09:38:51 +0800] "GET /xingrg/all/function/internal_message.html?_=1695519334055&CODE_STATE=getMsg HTTP/1.1" 200 27
180.169.147.146 - - [24/Sep/2023:09:38:54 +0800] "GET /xingrg/all/report/report_query.html?fileName=kc/buy/gys_amount.xml&rh=99999 HTTP/1.1" 200 52006
180.169.147.146 - - [24/Sep/2023:09:38:54 +0800] "GET /xingrg/dwr/interface/AjaxReportQueryService.js HTTP/1.1" 200 13203
180.169.147.146 - - [24/Sep/2023:09:38:54 +0800] "GET /xingrg/dwr/engine.js HTTP/1.1" 200 43631
180.169.147.146 - - [24/Sep/2023:09:38:54 +0800] "GET /xingrg/dwr/util.js HTTP/1.1" 304 -
180.169.147.146 - - [24/Sep/2023:09:38:54 +0800] "POST /xingrg/dwr/call/plaincall/AjaxReportQueryService.getFixDate.dwr HTTP/1.1" 200 111
222.70.180.200 - - [24/Sep/2023:09:38:55 +0800] "GET /xingrg/all/function/internal_message.html?_=1695519534689&CODE_STATE=getMsg HTTP/1.1" 200 27
180.169.147.146 - - [24/Sep/2023:09:38:55 +0800] "POST /xingrg/dwr/call/plaincall/AjaxReportQueryService.getInitString.dwr HTTP/1.1" 200 489
180.169.147.146 - - [24/Sep/2023:09:38:55 +0800] "POST /xingrg/all/common/load_tree.html?tree=materiel_sort_tree_json HTTP/1.1" 200 9500
180.169.147.146 - - [24/Sep/2023:09:38:55 +0800] "POST /xingrg/all/common/load_tree.html?tree=supplier_tree_json&manage=1 HTTP/1.1" 200 78115
114.95.241.104 - - [24/Sep/2023:09:38:57 +0800] "GET /xingrg/kc/buy/cgsh_order_operate.html?command=get_materiel&rest_code=00151&code=00101009124&supplier_code=00100022&order_time=2023-09-24 HTTP/1.1" 200 416
124.78.155.92 - - [24/Sep/2023:09:38:57 +0800] "POST /xingrg/kc/buy/cgsh_order_operate.html HTTP/1.1" 200 24556
222.70.180.200 - - [24/Sep/2023:09:38:58 +0800] "GET /xingrg/kc/buy/cgsh_order_operate.html?command=get_materiel&rest_code=00111&code=00101008041&supplier_code=00100005&order_time=2023-09-24 HTTP/1.1" 200 408
116.230.110.33 - - [24/Sep/2023:09:39:00 +0800] "GET /xingrg/all/function/internal_message.html?_=1695519393045&CODE_STATE=getMsg HTTP/1.1" 200 27
114.95.241.104 - - [24/Sep/2023:09:39:01 +0800] "GET /xingrg/all/function/internal_message.html?_=1695519539394&CODE_STATE=getMsg HTTP/1.1" 200 27
114.95.241.104 - - [24/Sep/2023:09:39:05 +0800] "GET /xingrg/kc/buy/cgsh_order_operate.html?command=get_materiel&rest_code=00151&code=00101009109&supplier_code=00100022&order_time=2023-09-24 HTTP/1.1" 200 413
116.230.110.33 - - [24/Sep/2023:09:39:06 +0800] "GET /xingrg/all/function/internal_message.html?_=1695519398860&CODE_STATE=getMsg HTTP/1.1" 200 27
222.70.107.161 - - [24/Sep/2023:09:39:08 +0800] "GET /xingrg/all/function/internal_message.html?_=1695519548459&CODE_STATE=getMsg HTTP/1.1" 200 27
101.83.145.37 - - [24/Sep/2023:09:39:09 +0800] "GET /xingrg/kc/buy/cgsh_order_operate.html?command=get_materiel&rest_code=00105&code=00101006134&supplier_code=00100012&order_time=2023-09-24 HTTP/1.1" 200 417
114.95.241.104 - - [24/Sep/2023:09:39:10 +0800] "GET /xingrg/all/function/internal_message.html?_=1695519454119&CODE_STATE=getMsg HTTP/1.1" 200 27
124.77.244.146 - - [24/Sep/2023:09:39:11 +0800] "GET /xingrg/all/function/internal_message.html?_=1695519552708&CODE_STATE=getMsg HTTP/1.1" 200 27
124.78.155.92 - - [24/Sep/2023:09:39:13 +0800] "GET /xingrg/kc/buy/cgsh_order_operate.html?command=get_materiel&rest_code=00106&code=00101008155&supplier_code=00100007&order_time=2023-09-24 HTTP/1.1" 200 428
101.83.145.37 - - [24/Sep/2023:09:39:17 +0800] "GET /xingrg/all/function/internal_message.html?_=1695519343202&CODE_STATE=getMsg HTTP/1.1" 200 27
114.95.241.104 - - [24/Sep/2023:09:39:18 +0800] "GET /xingrg/all/function/internal_message.html?_=1695519461608&CODE_STATE=getMsg HTTP/1.1" 200 27
124.78.155.92 - - [24/Sep/2023:09:39:29 +0800] "GET /xingrg/all/function/internal_message.html?_=1695519564603&CODE_STATE=getMsg HTTP/1.1" 200 27
180.163.28.114 - - [24/Sep/2023:09:39:30 +0800] "GET /xingrg/all/function/internal_message.html?_=1695519510470&CODE_STATE=count HTTP/1.1" 302 -
180.163.29.234 - - [24/Sep/2023:09:39:30 +0800] "GET /xingrg/check_reg.html?_=1695519510472 HTTP/1.1" 302 -
180.163.28.114 - - [24/Sep/2023:09:39:30 +0800] "GET /xingrg/login.html HTTP/1.1" 200 7641
180.163.29.234 - - [24/Sep/2023:09:39:30 +0800] "GET /xingrg/login.html HTTP/1.1" 200 7641
180.169.147.146 - - [24/Sep/2023:09:39:30 +0800] "GET /xingrg/all/function/internal_message.html?_=1695519570492&CODE_STATE=getMsg HTTP/1.1" 200 27
124.78.155.92 - - [24/Sep/2023:09:39:31 +0800] "GET /xingrg/kc/buy/cgsh_order_operate.html?command=get_materiel&rest_code=00106&code=00101008350&supplier_code=00100007&order_time=2023-09-24 HTTP/1.1" 200 408
180.169.147.146 - - [24/Sep/2023:09:39:31 +0800] "POST /xingrg/dwr/call/plaincall/AjaxReportQueryService.refreshCache.dwr HTTP/1.1" 200 78
114.95.241.104 - - [24/Sep/2023:09:39:36 +0800] "POST /xingrg/kc/buy/cgsh_order_operate.html HTTP/1.1" 200 37
180.169.147.146 - - [24/Sep/2023:09:39:36 +0800] "POST /xingrg/all/report/load_report_page.html HTTP/1.1" 200 89
180.169.147.146 - - [24/Sep/2023:09:39:44 +0800] "GET /xingrg/all/report/report_query.html?fileName=kc/buy/gys_amount_base_rest.xml HTTP/1.1" 200 51664
180.169.147.146 - - [24/Sep/2023:09:39:44 +0800] "GET /xingrg/dwr/interface/AjaxReportQueryService.js HTTP/1.1" 200 13203
180.169.147.146 - - [24/Sep/2023:09:39:44 +0800] "GET /xingrg/dwr/engine.js HTTP/1.1" 200 43631
180.169.147.146 - - [24/Sep/2023:09:39:44 +0800] "POST /xingrg/dwr/call/plaincall/AjaxReportQueryService.getFixDate.dwr HTTP/1.1" 200 111
114.95.241.104 - - [24/Sep/2023:09:39:45 +0800] "POST /xingrg/kc/buy/cgsh_order_operate.html HTTP/1.1" 200 12
180.169.147.146 - - [24/Sep/2023:09:39:45 +0800] "POST /xingrg/all/common/load_tree.html?tree=area_rest_tree_json&manage=1 HTTP/1.1" 200 3499
180.152.241.196 - - [24/Sep/2023:09:39:45 +0800] "GET /xingrg/all/function/internal_message.html?_=1695519585732&CODE_STATE=getMsg HTTP/1.1" 200 27
180.169.147.146 - - [24/Sep/2023:09:39:46 +0800] "POST /xingrg/all/common/load_tree.html?tree=supplier_tree_json&manage=1 HTTP/1.1" 200 78115
180.163.28.109 - - [24/Sep/2023:09:39:46 +0800] "GET /xingrg/kc/report/report_main.html HTTP/1.1" 302 -
180.163.28.109 - - [24/Sep/2023:09:39:46 +0800] "GET /xingrg/login.html HTTP/1.1" 200 7641
114.95.241.104 - - [24/Sep/2023:09:39:47 +0800] "GET /xingrg/kc/buy/cgsh_order_info.html?code=212023092409736 HTTP/1.1" 200 66866
114.95.241.104 - - [24/Sep/2023:09:39:47 +0800] "GET /xingrg/javascript/easyui/themes/default/validatebox.css HTTP/1.1" 404 1104
101.83.145.37 - - [24/Sep/2023:09:39:47 +0800] "GET /xingrg/all/function/internal_message.html?_=1695519588198&CODE_STATE=getMsg HTTP/1.1" 200 27
114.95.241.104 - - [24/Sep/2023:09:39:48 +0800] "POST /xingrg/kc/buy/cgsh_order_operate.html HTTP/1.1" 200 4817
221.239.166.189 - - [24/Sep/2023:09:39:49 +0800] "GET /xingrg/all/function/internal_message.html?_=1695519587401&CODE_STATE=getMsg HTTP/1.1" 200 27
114.95.241.104 - - [24/Sep/2023:09:39:50 +0800] "GET /xingrg/kc/print/load_data.html?order_code=212023092409736&kc_code=cgsh&condition= HTTP/1.1" 200 2393
120.253.135.82 - - [24/Sep/2023:09:39:51 +0800] "GET /xingrg/all/function/internal_message.html?_=1695519394061&CODE_STATE=getMsg HTTP/1.1" 200 27
180.163.28.114 - - [24/Sep/2023:09:39:54 +0800] "GET /xingrg/all/report/report_query.html?fileName=kc/buy/gys_amount.xml&rh=99999 HTTP/1.1" 302 -
180.163.28.114 - - [24/Sep/2023:09:39:54 +0800] "GET /xingrg/login.html HTTP/1.1" 200 7641
222.70.180.200 - - [24/Sep/2023:09:39:55 +0800] "GET /xingrg/all/function/internal_message.html?_=1695519594690&CODE_STATE=getMsg HTTP/1.1" 200 27
124.78.155.92 - - [24/Sep/2023:09:39:56 +0800] "GET /xingrg/kc/buy/cgsh_order_operate.html?command=get_materiel&rest_code=00106&code=00101008223&supplier_code=00100007&order_time=2023-09-24 HTTP/1.1" 200 412
114.95.241.104 - - [24/Sep/2023:09:39:56 +0800] "GET /xingrg/kc/buy/cgsh_order_add.html HTTP/1.1" 200 71959
114.95.241.104 - - [24/Sep/2023:09:39:57 +0800] "POST /xingrg/kc/buy/cgsh_order_operate.html HTTP/1.1" 200 8245
114.95.241.104 - - [24/Sep/2023:09:39:57 +0800] "GET /xingrg/javascript/easyui/themes/default/validatebox.css HTTP/1.1" 404 1104
180.169.147.146 - - [24/Sep/2023:09:39:58 +0800] "POST /xingrg/dwr/call/plaincall/AjaxReportQueryService.refreshCache.dwr HTTP/1.1" 200 78
116.230.110.33 - - [24/Sep/2023:09:40:00 +0800] "GET /xingrg/all/function/internal_message.html?_=1695519453027&CODE_STATE=getMsg HTTP/1.1" 200 27
180.169.147.146 - - [24/Sep/2023:09:40:01 +0800] "POST /xingrg/all/report/load_report_page.html HTTP/1.1" 200 51581
180.169.147.146 - - [24/Sep/2023:09:40:01 +0800] "GET /xingrg/servlets/image?cache=0.034096710453356716&image=px HTTP/1.1" 200 807
124.79.244.212 - - [24/Sep/2023:09:40:01 +0800] "GET /xingrg/check_reg.html?_=1695519599808 HTTP/1.1" 302 -
114.95.241.104 - - [24/Sep/2023:09:40:01 +0800] "GET /xingrg/all/function/internal_message.html?_=1695519599398&CODE_STATE=getMsg HTTP/1.1" 200 27
116.230.110.33 - - [24/Sep/2023:09:40:06 +0800] "GET /xingrg/all/function/internal_message.html?_=1695519458857&CODE_STATE=getMsg HTTP/1.1" 200 27
124.78.155.92 - - [24/Sep/2023:09:40:06 +0800] "POST /xingrg/kc/buy/cgsh_order_operate.html HTTP/1.1" 200 2065
222.70.107.161 - - [24/Sep/2023:09:40:08 +0800] "GET /xingrg/all/function/internal_message.html?_=1695519608458&CODE_STATE=getMsg HTTP/1.1" 200 27
180.163.29.234 - - [24/Sep/2023:09:40:09 +0800] "GET /xingrg/kc/buy/cgsh_order_operate.html?command=get_materiel&rest_code=00106&code=00101008155&supplier_code=00100007&order_time=2023-09-24 HTTP/1.1" 302 -
180.163.29.234 - - [24/Sep/2023:09:40:09 +0800] "GET /xingrg/login.html HTTP/1.1" 200 7641
124.77.244.146 - - [24/Sep/2023:09:40:10 +0800] "GET /xingrg/check_reg.html?_=1695519611659 HTTP/1.1" 200 22
114.95.241.104 - - [24/Sep/2023:09:40:10 +0800] "GET /xingrg/all/function/internal_message.html?_=1695519514141&CODE_STATE=getMsg HTTP/1.1" 200 27
124.77.244.146 - - [24/Sep/2023:09:40:11 +0800] "GET /xingrg/all/function/internal_message.html?_=1695519612721&CODE_STATE=getMsg HTTP/1.1" 200 27
114.95.241.104 - - [24/Sep/2023:09:40:11 +0800] "GET /xingrg/kc/buy/cgsh_order_operate.html?command=get_materiel&rest_code=00151&code=00101008084&supplier_code=00100096&order_time=2023-09-24 HTTP/1.1" 200 412
124.78.155.92 - - [24/Sep/2023:09:40:13 +0800] "GET /xingrg/kc/buy/cgsh_order_operate.html?command=get_materiel&rest_code=00106&code=00101008095&supplier_code=00100007&order_time=2023-09-24 HTTP/1.1" 200 412
101.83.145.37 - - [24/Sep/2023:09:40:17 +0800] "GET /xingrg/all/function/internal_message.html?_=1695519403202&CODE_STATE=getMsg HTTP/1.1" 200 27
114.95.241.104 - - [24/Sep/2023:09:40:18 +0800] "GET /xingrg/all/function/internal_message.html?_=1695519521664&CODE_STATE=getMsg HTTP/1.1" 200 27
101.83.145.37 - - [24/Sep/2023:09:40:20 +0800] "GET /xingrg/kc/buy/cgsh_order_operate.html?command=get_materiel&rest_code=00105&code=00101006129&supplier_code=00100012&order_time=2023-09-24 HTTP/1.1" 200 439
180.169.147.146 - - [24/Sep/2023:09:40:24 +0800] "POST /xingrg/all/report/report_print.html HTTP/1.1" 200 7168
114.95.241.104 - - [24/Sep/2023:09:40:25 +0800] "GET /xingrg/kc/buy/cgsh_order_operate.html?command=get_materiel&rest_code=00151&code=00101016105&supplier_code=00100096&order_time=2023-09-24 HTTP/1.1" 200 409
222.70.180.200 - - [24/Sep/2023:09:40:26 +0800] "GET /xingrg/kc/buy/cgsh_order_operate.html?command=get_materiel&rest_code=00111&code=00101009044&supplier_code=00100005&order_time=2023-09-24 HTTP/1.1" 200 413
180.163.28.55 - - [24/Sep/2023:09:40:29 +0800] "GET /xingrg/all/function/internal_message.html?_=1695519564603&CODE_STATE=getMsg HTTP/1.1" 302 -
180.163.28.55 - - [24/Sep/2023:09:40:29 +0800] "GET /xingrg/login.html HTTP/1.1" 200 7641
124.78.155.92 - - [24/Sep/2023:09:40:29 +0800] "GET /xingrg/all/function/internal_message.html?_=1695519624574&CODE_STATE=getMsg HTTP/1.1" 200 27
180.163.29.217 - - [24/Sep/2023:09:40:30 +0800] "GET /xingrg/all/function/internal_message.html?_=1695519570492&CODE_STATE=getMsg HTTP/1.1" 302 -
180.163.29.217 - - [24/Sep/2023:09:40:30 +0800] "GET /xingrg/login.html HTTP/1.1" 200 7641
124.78.155.92 - - [24/Sep/2023:09:40:30 +0800] "GET /xingrg/check_reg.html?_=1695519625533 HTTP/1.1" 200 22
180.169.147.146 - - [24/Sep/2023:09:40:30 +0800] "GET /xingrg/all/function/internal_message.html?_=1695519630505&CODE_STATE=getMsg HTTP/1.1" 200 27
124.78.155.92 - - [24/Sep/2023:09:40:41 +0800] "GET /xingrg/kc/buy/cgsh_order_operate.html?command=get_materiel&rest_code=00106&code=00101008114&supplier_code=00100007&order_time=2023-09-24 HTTP/1.1" 200 412
180.152.241.196 - - [24/Sep/2023:09:40:45 +0800] "GET /xingrg/all/function/internal_message.html?_=1695519645714&CODE_STATE=getMsg HTTP/1.1" 200 27
114.83.219.209 - - [24/Sep/2023:09:40:46 +0800] "GET /xingrg/login.html HTTP/1.1" 200 7641
114.83.219.209 - - [24/Sep/2023:09:40:46 +0800] "GET /favicon.ico HTTP/1.1" 404 -
101.83.145.37 - - [24/Sep/2023:09:40:47 +0800] "GET /xingrg/all/function/internal_message.html?_=1695519648209&CODE_STATE=getMsg HTTP/1.1" 200 27
114.95.241.104 - - [24/Sep/2023:09:40:49 +0800] "GET /xingrg/check_reg.html?_=1695519552977 HTTP/1.1" 200 22
221.239.166.189 - - [24/Sep/2023:09:40:49 +0800] "GET /xingrg/all/function/internal_message.html?_=1695519647392&CODE_STATE=getMsg HTTP/1.1" 200 27
114.83.219.209 - - [24/Sep/2023:09:40:49 +0800] "POST /xingrg/login.do HTTP/1.1" 302 -
114.83.219.209 - - [24/Sep/2023:09:40:49 +0800] "GET /xingrg/index.html?sysBaseUrl=http%3A%2F%2F180.169.147.146%3A18081%2Fxingrg%2F&costTime=1063×tamp=1695519649608 HTTP/1.1" 200 17179
114.83.219.209 - - [24/Sep/2023:09:40:49 +0800] "GET /favicon.ico HTTP/1.1" 404 -
114.83.219.209 - - [24/Sep/2023:09:40:49 +0800] "GET /xingrg/check_reg.html?_=1695519651081 HTTP/1.1" 200 22
114.83.219.209 - - [24/Sep/2023:09:40:49 +0800] "GET /xingrg/all/function/internal_message.html?_=1695519651080&CODE_STATE=count HTTP/1.1" 200 11
114.83.219.209 - - [24/Sep/2023:09:40:50 +0800] "POST /xingrg/all/common/load_tree.html?tree=area_rest_tree_json&manage=1 HTTP/1.1" 200 351
114.83.219.209 - - [24/Sep/2023:09:40:50 +0800] "POST /xingrg/load_menu.html HTTP/1.1" 200 5138
120.253.135.82 - - [24/Sep/2023:09:40:51 +0800] "GET /xingrg/all/function/internal_message.html?_=1695519454114&CODE_STATE=getMsg HTTP/1.1" 200 27
222.70.180.200 - - [24/Sep/2023:09:40:55 +0800] "GET /xingrg/all/function/internal_message.html?_=1695519654703&CODE_STATE=getMsg HTTP/1.1" 200 27
222.70.180.200 - - [24/Sep/2023:09:40:55 +0800] "GET /xingrg/check_reg.html?_=1695519654705 HTTP/1.1" 200 22
114.95.241.104 - - [24/Sep/2023:09:40:56 +0800] "GET /xingrg/check_reg.html?_=1695519560374 HTTP/1.1" 200 22
101.83.145.37 - - [24/Sep/2023:09:40:58 +0800] "GET /xingrg/kc/buy/cgsh_order_operate.html?command=get_materiel&rest_code=00105&code=00101006056&supplier_code=00100012&order_time=2023-09-24 HTTP/1.1" 200 413
116.230.110.33 - - [24/Sep/2023:09:41:00 +0800] "GET /xingrg/all/function/internal_message.html?_=1695519513002&CODE_STATE=getMsg HTTP/1.1" 200 27
114.95.241.104 - - [24/Sep/2023:09:41:01 +0800] "GET /xingrg/all/function/internal_message.html?_=1695519659404&CODE_STATE=getMsg HTTP/1.1" 200 27
116.230.110.33 - - [24/Sep/2023:09:41:06 +0800] "GET /xingrg/check_reg.html?_=1695519518858 HTTP/1.1" 200 22
116.230.110.33 - - [24/Sep/2023:09:41:06 +0800] "GET /xingrg/all/function/internal_message.html?_=1695519518863&CODE_STATE=getMsg HTTP/1.1" 200 27
222.70.107.161 - - [24/Sep/2023:09:41:08 +0800] "GET /xingrg/all/function/internal_message.html?_=1695519668460&CODE_STATE=getMsg HTTP/1.1" 200 27
180.163.29.217 - - [24/Sep/2023:09:41:09 +0800] "GET /xingrg/kc/buy/cgsh_order_operate.html?command=get_materiel&rest_code=00106&code=00101008095&supplier_code=00100007&order_time=2023-09-24 HTTP/1.1" 302 -
180.163.29.217 - - [24/Sep/2023:09:41:09 +0800] "GET /xingrg/login.html HTTP/1.1" 200 7641
114.95.241.104 - - [24/Sep/2023:09:41:10 +0800] "GET /xingrg/all/function/internal_message.html?_=1695519574147&CODE_STATE=getMsg HTTP/1.1" 200 27
114.83.219.209 - - [24/Sep/2023:09:41:11 +0800] "GET /xingrg/kc/base/wldb_order_list.html HTTP/1.1" 200 19180
124.77.244.146 - - [24/Sep/2023:09:41:11 +0800] "GET /xingrg/all/function/internal_message.html?_=1695519672734&CODE_STATE=getMsg HTTP/1.1" 200 27
114.83.219.209 - - [24/Sep/2023:09:41:12 +0800] "POST /xingrg/kc/base/wldb_list_operate.html HTTP/1.1" 200 928
114.83.219.209 - - [24/Sep/2023:09:41:13 +0800] "GET /xingrg/kc/base/wldb_order_add.html HTTP/1.1" 200 30463
114.83.219.209 - - [24/Sep/2023:09:41:13 +0800] "GET /xingrg/words/20230923131221_words.js HTTP/1.1" 304 -
114.83.219.209 - - [24/Sep/2023:09:41:14 +0800] "POST /xingrg/kc/base/wldb_order_operate.html HTTP/1.1" 200 6806
114.83.219.209 - - [24/Sep/2023:09:41:14 +0800] "GET /xingrg/all/common/auto_word.html?type=base&rest_code=00154 HTTP/1.1" 200 831
114.83.219.209 - - [24/Sep/2023:09:41:14 +0800] "GET /xingrg/all/common/auto_word.html?type=base&rest_code=00154 HTTP/1.1" 200 831
114.83.219.209 - - [24/Sep/2023:09:41:14 +0800] "GET /xingrg/javascript/easyui/themes/default/validatebox.css HTTP/1.1" 404 1104
101.83.145.37 - - [24/Sep/2023:09:41:16 +0800] "GET /xingrg/kc/buy/cgsh_order_operate.html?command=get_materiel&rest_code=00105&code=00101006144&supplier_code=00100012&order_time=2023-09-24 HTTP/1.1" 200 409
101.83.145.37 - - [24/Sep/2023:09:41:17 +0800] "GET /xingrg/all/function/internal_message.html?_=1695519463202&CODE_STATE=getMsg HTTP/1.1" 200 27
114.95.241.104 - - [24/Sep/2023:09:41:18 +0800] "GET /xingrg/all/function/internal_message.html?_=1695519581666&CODE_STATE=getMsg HTTP/1.1" 200 27
114.83.219.209 - - [24/Sep/2023:09:41:18 +0800] "POST /xingrg/all/common/load_combo.html?type=base HTTP/1.1" 200 1491
124.78.69.58 - - [24/Sep/2023:09:41:18 +0800] "GET /xingrg/check_reg.html?_=1695519105549 HTTP/1.1" 302 -
124.78.69.58 - - [24/Sep/2023:09:41:18 +0800] "GET /xingrg/login.html HTTP/1.1" 200 7641
114.83.219.209 - - [24/Sep/2023:09:41:21 +0800] "POST /xingrg/all/common/load_combo.html?type=base HTTP/1.1" 200 1491
124.78.155.92 - - [24/Sep/2023:09:41:29 +0800] "GET /xingrg/all/function/internal_message.html?_=1695519684554&CODE_STATE=getMsg HTTP/1.1" 200 27
101.83.145.37 - - [24/Sep/2023:09:41:29 +0800] "GET /xingrg/kc/buy/cgsh_order_operate.html?command=get_materiel&rest_code=00105&code=00101006112&supplier_code=00100012&order_time=2023-09-24 HTTP/1.1" 200 409
180.163.28.143 - - [24/Sep/2023:09:41:30 +0800] "GET /xingrg/check_reg.html?_=1695519625533 HTTP/1.1" 302 -
180.163.28.143 - - [24/Sep/2023:09:41:30 +0800] "GET /xingrg/login.html HTTP/1.1" 200 7641
180.163.28.55 - - [24/Sep/2023:09:41:30 +0800] "GET /xingrg/all/function/internal_message.html?_=1695519630505&CODE_STATE=getMsg HTTP/1.1" 302 -
180.163.28.55 - - [24/Sep/2023:09:41:30 +0800] "GET /xingrg/login.html HTTP/1.1" 200 7641
114.95.241.104 - - [24/Sep/2023:09:41:30 +0800] "GET /xingrg/kc/buy/cgsh_order_operate.html?command=get_materiel&rest_code=00151&code=00101016025&supplier_code=00100096&order_time=2023-09-24 HTTP/1.1" 200 408
180.169.147.146 - - [24/Sep/2023:09:41:30 +0800] "GET /xingrg/all/function/internal_message.html?_=1695519690489&CODE_STATE=getMsg HTTP/1.1" 200 27
120.253.135.82 - - [24/Sep/2023:09:41:31 +0800] "GET /xingrg/check_reg.html?_=1695519494290 HTTP/1.1" 200 22
101.83.145.37 - - [24/Sep/2023:09:41:37 +0800] "GET /xingrg/kc/buy/cgsh_order_operate.html?command=get_materiel&rest_code=00105&code=00101006177&supplier_code=00100012&order_time=2023-09-24 HTTP/1.1" 200 408
114.95.241.104 - - [24/Sep/2023:09:41:38 +0800] "GET /xingrg/kc/buy/cgsh_order_operate.html?command=get_materiel&rest_code=00151&code=00101012039&supplier_code=00100096&order_time=2023-09-24 HTTP/1.1" 200 408
116.230.110.33 - - [24/Sep/2023:09:41:39 +0800] "GET /xingrg/check_reg.html?_=1695519551832 HTTP/1.1" 200 22
180.152.241.196 - - [24/Sep/2023:09:41:45 +0800] "GET /xingrg/all/function/internal_message.html?_=1695519705687&CODE_STATE=getMsg HTTP/1.1" 200 27
114.95.241.104 - - [24/Sep/2023:09:41:45 +0800] "GET /xingrg/kc/buy/cgsh_order_operate.html?command=get_materiel&rest_code=00151&code=00101016038&supplier_code=00100096&order_time=2023-09-24 HTTP/1.1" 200 408
124.78.155.92 - - [24/Sep/2023:09:41:46 +0800] "GET /xingrg/kc/buy/cgsh_order_operate.html?command=get_materiel&rest_code=00106&code=00101008150&supplier_code=00100007&order_time=2023-09-24 HTTP/1.1" 200 409
101.83.145.37 - - [24/Sep/2023:09:41:46 +0800] "GET /xingrg/kc/buy/cgsh_order_operate.html?command=get_materiel&rest_code=00105&code=00101007038&supplier_code=00100012&order_time=2023-09-24 HTTP/1.1" 200 422
101.83.145.37 - - [24/Sep/2023:09:41:47 +0800] "GET /xingrg/all/function/internal_message.html?_=1695519708204&CODE_STATE=getMsg HTTP/1.1" 200 27
221.239.166.189 - - [24/Sep/2023:09:41:49 +0800] "GET /xingrg/all/function/internal_message.html?_=1695519707383&CODE_STATE=getMsg HTTP/1.1" 200 27
114.83.219.209 - - [24/Sep/2023:09:41:49 +0800] "GET /xingrg/all/function/internal_message.html?_=1695519711083&CODE_STATE=getMsg HTTP/1.1" 200 27
120.253.135.82 - - [24/Sep/2023:09:41:51 +0800] "GET /xingrg/all/function/internal_message.html?_=1695519514118&CODE_STATE=getMsg HTTP/1.1" 200 27
114.95.241.104 - - [24/Sep/2023:09:41:52 +0800] "GET /xingrg/kc/buy/cgsh_order_operate.html?command=get_materiel&rest_code=00151&code=00101016051&supplier_code=00100096&order_time=2023-09-24 HTTP/1.1" 200 408
222.70.180.200 - - [24/Sep/2023:09:41:55 +0800] "GET /xingrg/all/function/internal_message.html?_=1695519714708&CODE_STATE=getMsg HTTP/1.1" 200 27
116.230.110.33 - - [24/Sep/2023:09:42:00 +0800] "GET /xingrg/all/function/internal_message.html?_=1695519572985&CODE_STATE=getMsg HTTP/1.1" 200 27
114.95.241.104 - - [24/Sep/2023:09:42:00 +0800] "GET /xingrg/kc/buy/cgsh_order_operate.html?command=get_materiel&rest_code=00151&code=00101012051&supplier_code=00100096&order_time=2023-09-24 HTTP/1.1" 200 408
101.83.145.37 - - [24/Sep/2023:09:42:01 +0800] "GET /xingrg/kc/buy/cgsh_order_operate.html?command=get_materiel&rest_code=00105&code=00101006122&supplier_code=00100012&order_time=2023-09-24 HTTP/1.1" 200 408
114.95.241.104 - - [24/Sep/2023:09:42:01 +0800] "GET /xingrg/all/function/internal_message.html?_=1695519719403&CODE_STATE=getMsg HTTP/1.1" 200 27
114.95.241.104 - - [24/Sep/2023:09:42:01 +0800] "GET /xingrg/check_reg.html?_=1695519719412 HTTP/1.1" 200 22
116.230.110.33 - - [24/Sep/2023:09:42:06 +0800] "GET /xingrg/all/function/internal_message.html?_=1695519578856&CODE_STATE=getMsg HTTP/1.1" 200 27
222.70.107.161 - - [24/Sep/2023:09:42:08 +0800] "GET /xingrg/all/function/internal_message.html?_=1695519728460&CODE_STATE=getMsg HTTP/1.1" 200 27
222.70.107.161 - - [24/Sep/2023:09:42:08 +0800] "GET /xingrg/check_reg.html?_=1695519728468 HTTP/1.1" 200 22
114.95.241.104 - - [24/Sep/2023:09:42:08 +0800] "GET /xingrg/kc/buy/cgsh_order_operate.html?command=get_materiel&rest_code=00151&code=00101012059&supplier_code=00100096&order_time=2023-09-24 HTTP/1.1" 200 412
114.83.219.209 - - [24/Sep/2023:09:42:09 +0800] "GET /xingrg/javascript/auto/indicator.gif HTTP/1.1" 404 1066
114.95.241.104 - - [24/Sep/2023:09:42:10 +0800] "GET /xingrg/all/function/internal_message.html?_=1695519634160&CODE_STATE=getMsg HTTP/1.1" 200 27
124.77.244.146 - - [24/Sep/2023:09:42:11 +0800] "GET /xingrg/all/function/internal_message.html?_=1695519732747&CODE_STATE=getMsg HTTP/1.1" 200 27
114.83.219.209 - - [24/Sep/2023:09:42:12 +0800] "GET /xingrg/kc/base/wldb_order_operate.html?command=get_materiel&rest_code=00154&base_code=0010726&code=00101027072 HTTP/1.1" 200 457
101.83.145.37 - - [24/Sep/2023:09:42:15 +0800] "POST /xingrg/all/common/load_select.html HTTP/1.1" 200 25
101.83.145.37 - - [24/Sep/2023:09:42:17 +0800] "GET /xingrg/check_reg.html?_=1695519523202 HTTP/1.1" 200 22
101.83.145.37 - - [24/Sep/2023:09:42:17 +0800] "GET /xingrg/all/function/internal_message.html?_=1695519523205&CODE_STATE=getMsg HTTP/1.1" 200 27
114.83.219.209 - - [24/Sep/2023:09:42:17 +0800] "POST /xingrg/all/common/load_select.html HTTP/1.1" 200 25
124.78.155.92 - - [24/Sep/2023:09:42:17 +0800] "GET /xingrg/kc/buy/cgsh_order_operate.html?command=get_materiel&rest_code=00106&code=00101008168&supplier_code=00100007&order_time=2023-09-24 HTTP/1.1" 200 412
222.70.180.200 - - [24/Sep/2023:09:42:17 +0800] "GET /xingrg/kc/buy/cgsh_order_operate.html?command=get_materiel&rest_code=00111&code=00101009066&supplier_code=00100005&order_time=2023-09-24 HTTP/1.1" 200 416
114.95.241.104 - - [24/Sep/2023:09:42:18 +0800] "GET /xingrg/all/function/internal_message.html?_=1695519641680&CODE_STATE=getMsg HTTP/1.1" 200 27
101.83.145.37 - - [24/Sep/2023:09:42:20 +0800] "GET /xingrg/kc/buy/cgsh_order_operate.html?command=get_materiel_price&rest_code=00105&code=00101007038&unit_code=00100025&supplier_code=00100012&order_time=2023-09-24 HTTP/1.1" 200 29
114.83.219.209 - - [24/Sep/2023:09:42:20 +0800] "GET /xingrg/kc/base/wldb_order_operate.html?command=get_materiel_price&rest_code=00154&base_code=0010726&code=00101027072&unit_code=00100189 HTTP/1.1" 200 35
114.83.219.209 - - [24/Sep/2023:09:42:26 +0800] "GET /xingrg/kc/base/wldb_order_operate.html?command=get_materiel&rest_code=00154&base_code=0010726&code=00101028002 HTTP/1.1" 200 477
180.163.30.27 - - [24/Sep/2023:09:42:29 +0800] "GET /xingrg/all/function/internal_message.html?_=1695519684554&CODE_STATE=getMsg HTTP/1.1" 302 -
180.163.30.27 - - [24/Sep/2023:09:42:29 +0800] "GET /xingrg/login.html HTTP/1.1" 200 7641
124.78.155.92 - - [24/Sep/2023:09:42:29 +0800] "GET /xingrg/all/function/internal_message.html?_=1695519744537&CODE_STATE=getMsg HTTP/1.1" 200 27
180.163.29.217 - - [24/Sep/2023:09:42:30 +0800] "GET /xingrg/all/function/internal_message.html?_=1695519690489&CODE_STATE=getMsg HTTP/1.1" 302 -
180.163.29.217 - - [24/Sep/2023:09:42:30 +0800] "GET /xingrg/login.html HTTP/1.1" 200 7641
180.169.147.146 - - [24/Sep/2023:09:42:30 +0800] "GET /xingrg/all/function/internal_message.html?_=1695519750488&CODE_STATE=getMsg HTTP/1.1" 200 27
114.95.241.104 - - [24/Sep/2023:09:42:32 +0800] "GET /xingrg/kc/buy/cgsh_order_operate.html?command=get_materiel&rest_code=00151&code=00101006013&supplier_code=00100096&order_time=2023-09-24 HTTP/1.1" 200 409
114.83.219.209 - - [24/Sep/2023:09:42:33 +0800] "POST /xingrg/all/common/load_select.html HTTP/1.1" 200 25
180.152.241.196 - - [24/Sep/2023:09:42:34 +0800] "GET /xingrg/kc/buy/cgsh_order_add.html HTTP/1.1" 200 72396
180.152.241.196 - - [24/Sep/2023:09:42:34 +0800] "POST /xingrg/kc/buy/cgsh_order_operate.html HTTP/1.1" 200 8245
180.152.241.196 - - [24/Sep/2023:09:42:34 +0800] "GET /xingrg/javascript/easyui/themes/default/validatebox.css HTTP/1.1" 404 1104
124.78.155.92 - - [24/Sep/2023:09:42:35 +0800] "POST /xingrg/kc/buy/cgsh_order_operate.html HTTP/1.1" 200 2065
114.83.219.209 - - [24/Sep/2023:09:42:36 +0800] "GET /xingrg/kc/base/wldb_order_operate.html?command=get_materiel_price&rest_code=00154&base_code=0010726&code=00101028002&unit_code=00100157 HTTP/1.1" 200 36
101.83.145.37 - - [24/Sep/2023:09:42:39 +0800] "GET /xingrg/kc/buy/cgsh_order_operate.html?command=get_materiel&rest_code=00105&code=00101006068&supplier_code=00100012&order_time=2023-09-24 HTTP/1.1" 200 409
180.163.29.217 - - [24/Sep/2023:09:42:43 +0800] "GET /xingrg/kc/buy/cgsh_order_operate.html?command=get_materiel&rest_code=00106&code=00101008150&supplier_code=00100007&order_time=2023-09-24 HTTP/1.1" 302 -
180.163.29.217 - - [24/Sep/2023:09:42:43 +0800] "GET /xingrg/login.html HTTP/1.1" 200 7641
114.95.241.104 - - [24/Sep/2023:09:42:43 +0800] "GET /xingrg/kc/buy/cgsh_order_operate.html?command=get_materiel&rest_code=00151&code=00101006109&supplier_code=00100096&order_time=2023-09-24 HTTP/1.1" 200 411
124.78.155.92 - - [24/Sep/2023:09:42:43 +0800] "GET /xingrg/kc/buy/cgsh_order_operate.html?command=get_materiel&rest_code=00106&code=00101008061&supplier_code=00100007&order_time=2023-09-24 HTTP/1.1" 200 422
114.83.219.209 - - [24/Sep/2023:09:42:43 +0800] "GET /xingrg/kc/base/wldb_order_operate.html?command=get_materiel&rest_code=00154&base_code=0010726&code=00101028066 HTTP/1.1" 200 467
180.152.241.196 - - [24/Sep/2023:09:42:45 +0800] "GET /xingrg/all/function/internal_message.html?_=1695519765670&CODE_STATE=getMsg HTTP/1.1" 200 27
180.152.241.196 - - [24/Sep/2023:09:42:45 +0800] "GET /xingrg/check_reg.html?_=1695519765803 HTTP/1.1" 200 22
101.83.145.37 - - [24/Sep/2023:09:42:47 +0800] "GET /xingrg/all/function/internal_message.html?_=1695519768255&CODE_STATE=getMsg HTTP/1.1" 200 27
101.83.145.37 - - [24/Sep/2023:09:42:47 +0800] "GET /xingrg/check_reg.html?_=1695519768253 HTTP/1.1" 200 22
101.83.145.37 - - [24/Sep/2023:09:42:48 +0800] "GET /xingrg/kc/buy/cgsh_order_operate.html?command=get_materiel&rest_code=00105&code=00101007106&supplier_code=00100012&order_time=2023-09-24 HTTP/1.1" 200 409
221.239.166.189 - - [24/Sep/2023:09:42:49 +0800] "GET /xingrg/all/function/internal_message.html?_=1695519767371&CODE_STATE=getMsg HTTP/1.1" 200 27
114.83.219.209 - - [24/Sep/2023:09:42:49 +0800] "GET /xingrg/all/function/internal_message.html?_=1695519771083&CODE_STATE=getMsg HTTP/1.1" 200 27
120.253.135.82 - - [24/Sep/2023:09:42:51 +0800] "GET /xingrg/all/function/internal_message.html?_=1695519574132&CODE_STATE=getMsg HTTP/1.1" 200 27
222.70.180.200 - - [24/Sep/2023:09:42:51 +0800] "GET /xingrg/kc/buy/cgsh_order_operate.html?command=get_materiel&rest_code=00111&code=00101009021&supplier_code=00100005&order_time=2023-09-24 HTTP/1.1" 200 417
222.70.180.200 - - [24/Sep/2023:09:42:55 +0800] "GET /xingrg/all/function/internal_message.html?_=1695519774716&CODE_STATE=getMsg HTTP/1.1" 200 27
124.78.69.58 - - [24/Sep/2023:09:42:56 +0800] "GET /xingrg/kc/buy/buy_main.html HTTP/1.1" 302 -
124.78.69.58 - - [24/Sep/2023:09:42:56 +0800] "GET /xingrg/login.html HTTP/1.1" 200 7641
124.78.69.58 - - [24/Sep/2023:09:42:56 +0800] "GET /xingrg/login.html HTTP/1.1" 200 7641
124.78.69.58 - - [24/Sep/2023:09:42:56 +0800] "GET /favicon.ico HTTP/1.1" 404 -
114.83.219.209 - - [24/Sep/2023:09:42:57 +0800] "GET /xingrg/kc/base/wldb_order_operate.html?command=get_materiel&rest_code=00154&base_code=0010726&code=00101028025 HTTP/1.1" 200 475
124.78.155.92 - - [24/Sep/2023:09:42:57 +0800] "GET /xingrg/kc/buy/cgsh_order_operate.html?command=get_materiel&rest_code=00106&code=00102005362&supplier_code=00100007&order_time=2023-09-24 HTTP/1.1" 200 432
114.95.241.104 - - [24/Sep/2023:09:42:58 +0800] "GET /xingrg/kc/buy/cgsh_order_operate.html?command=get_materiel&rest_code=00151&code=00101006130&supplier_code=00100096&order_time=2023-09-24 HTTP/1.1" 200 437
124.78.69.58 - - [24/Sep/2023:09:42:58 +0800] "POST /xingrg/login.do HTTP/1.1" 302 -
124.78.69.58 - - [24/Sep/2023:09:42:59 +0800] "GET /xingrg/index.html?sysBaseUrl=http%3A%2F%2F180.169.147.146%3A18081%2Fxingrg%2F&costTime=943×tamp=1695519778966 HTTP/1.1" 200 17179
124.78.69.58 - - [24/Sep/2023:09:42:59 +0800] "GET /xingrg/check_reg.html?_=1695519206235 HTTP/1.1" 200 22
124.78.69.58 - - [24/Sep/2023:09:42:59 +0800] "GET /xingrg/all/function/internal_message.html?_=1695519206235&CODE_STATE=count HTTP/1.1" 200 11
124.78.69.58 - - [24/Sep/2023:09:42:59 +0800] "GET /favicon.ico HTTP/1.1" 404 -
124.78.69.58 - - [24/Sep/2023:09:42:59 +0800] "POST /xingrg/all/common/load_tree.html?tree=area_rest_tree_json&manage=1 HTTP/1.1" 200 351
124.78.69.58 - - [24/Sep/2023:09:42:59 +0800] "POST /xingrg/load_menu.html HTTP/1.1" 200 5138
116.230.110.33 - - [24/Sep/2023:09:43:00 +0800] "GET /xingrg/all/function/internal_message.html?_=1695519632971&CODE_STATE=getMsg HTTP/1.1" 200 27
114.83.219.209 - - [24/Sep/2023:09:43:01 +0800] "POST /xingrg/all/common/load_select.html HTTP/1.1" 200 25
114.95.241.104 - - [24/Sep/2023:09:43:01 +0800] "GET /xingrg/all/function/internal_message.html?_=1695519779477&CODE_STATE=getMsg HTTP/1.1" 200 27
124.78.69.58 - - [24/Sep/2023:09:43:02 +0800] "GET /xingrg/kc/buy/buy_main.html HTTP/1.1" 200 12412
124.78.69.58 - - [24/Sep/2023:09:43:02 +0800] "GET /xingrg/css/new_ie.css HTTP/1.1" 404 1036
124.78.69.58 - - [24/Sep/2023:09:43:02 +0800] "GET /xingrg/images/yd/bt.gif HTTP/1.1" 404 1040
124.78.69.58 - - [24/Sep/2023:09:43:03 +0800] "GET /xingrg/kc/buy/cgsh_order_list.html HTTP/1.1" 200 56585
114.83.219.209 - - [24/Sep/2023:09:43:03 +0800] "GET /xingrg/kc/base/wldb_order_operate.html?command=get_materiel_price&rest_code=00154&base_code=0010726&code=00101028025&unit_code=00100157 HTTP/1.1" 200 34
116.230.110.33 - - [24/Sep/2023:09:43:06 +0800] "GET /xingrg/all/function/internal_message.html?_=1695519638857&CODE_STATE=getMsg HTTP/1.1" 200 27
222.70.180.200 - - [24/Sep/2023:09:43:06 +0800] "POST /xingrg/kc/buy/cgsh_order_operate.html HTTP/1.1" 200 2065
124.78.69.58 - - [24/Sep/2023:09:43:06 +0800] "POST /xingrg/kc/buy/cgsh_list_operate.html HTTP/1.1" 200 986
124.78.69.58 - - [24/Sep/2023:09:43:08 +0800] "GET /xingrg/kc/buy/cgsh_order_add.html HTTP/1.1" 200 72361
124.78.69.58 - - [24/Sep/2023:09:43:08 +0800] "GET /xingrg/words/20230923131221_words.js HTTP/1.1" 304 -
124.78.69.58 - - [24/Sep/2023:09:43:08 +0800] "POST /xingrg/kc/buy/cgsh_order_operate.html HTTP/1.1" 200 8245
124.78.69.58 - - [24/Sep/2023:09:43:08 +0800] "GET /xingrg/javascript/easyui/themes/default/validatebox.css HTTP/1.1" 404 1104
222.70.107.161 - - [24/Sep/2023:09:43:08 +0800] "GET /xingrg/all/function/internal_message.html?_=1695519788452&CODE_STATE=getMsg HTTP/1.1" 200 27
124.78.69.58 - - [24/Sep/2023:09:43:08 +0800] "GET /xingrg/all/common/auto_word.html?type=employee&rest_code=00141 HTTP/1.1" 200 201
124.78.69.58 - - [24/Sep/2023:09:43:08 +0800] "GET /xingrg/all/common/auto_word.html?type=employee&rest_code=00141 HTTP/1.1" 200 201
114.95.241.104 - - [24/Sep/2023:09:43:10 +0800] "GET /xingrg/all/function/internal_message.html?_=1695519694182&CODE_STATE=getMsg HTTP/1.1" 200 27
124.78.69.58 - - [24/Sep/2023:09:43:11 +0800] "GET /xingrg/javascript/auto/indicator.gif HTTP/1.1" 404 1066
124.77.244.146 - - [24/Sep/2023:09:43:11 +0800] "GET /xingrg/all/function/internal_message.html?_=1695519792776&CODE_STATE=getMsg HTTP/1.1" 200 27
124.78.69.58 - - [24/Sep/2023:09:43:11 +0800] "GET /xingrg/javascript/jquery_tools/images/prev.gif HTTP/1.1" 404 1086
124.78.69.58 - - [24/Sep/2023:09:43:11 +0800] "GET /xingrg/javascript/jquery_tools/images/next.gif HTTP/1.1" 404 1086
114.95.241.104 - - [24/Sep/2023:09:43:12 +0800] "GET /xingrg/kc/buy/cgsh_order_operate.html?command=get_materiel&rest_code=00151&code=00101006055&supplier_code=00100096&order_time=2023-09-24 HTTP/1.1" 200 411
124.78.155.92 - - [24/Sep/2023:09:43:16 +0800] "GET /xingrg/kc/buy/cgsh_order_operate.html?command=get_materiel&rest_code=00106&code=00101009015&supplier_code=00100007&order_time=2023-09-24 HTTP/1.1" 200 416
101.83.145.37 - - [24/Sep/2023:09:43:17 +0800] "GET /xingrg/all/function/internal_message.html?_=1695519583191&CODE_STATE=getMsg HTTP/1.1" 200 27
114.95.241.104 - - [24/Sep/2023:09:43:18 +0800] "GET /xingrg/all/function/internal_message.html?_=1695519701738&CODE_STATE=getMsg HTTP/1.1" 200 27
101.83.145.37 - - [24/Sep/2023:09:43:24 +0800] "POST /xingrg/kc/buy/cgsh_order_operate.html HTTP/1.1" 200 37
124.78.69.58 - - [24/Sep/2023:09:43:24 +0800] "GET /xingrg/kc/buy/cgsh_order_operate.html?command=get_materiel&rest_code=00141&code=00101007027&supplier_code=00100004&order_time=2023-09-24 HTTP/1.1" 200 427
180.152.241.196 - - [24/Sep/2023:09:43:28 +0800] "GET /xingrg/javascript/easyui/plugins/jquery.draggable.js HTTP/1.1" 200 6121
180.152.241.196 - - [24/Sep/2023:09:43:28 +0800] "GET /xingrg/javascript/easyui/plugins/jquery.droppable.js HTTP/1.1" 200 1167
180.152.241.196 - - [24/Sep/2023:09:43:28 +0800] "GET /xingrg/javascript/easyui/themes/default/tree.css HTTP/1.1" 404 1090
180.152.241.196 - - [24/Sep/2023:09:43:28 +0800] "GET /xingrg/javascript/easyui/plugins/jquery.tree.js HTTP/1.1" 200 20874
180.165.48.189 - - [24/Sep/2023:09:43:28 +0800] "GET /favicon.ico HTTP/1.1" 404 -
180.152.241.196 - - [24/Sep/2023:09:43:28 +0800] "POST /xingrg/all/common/load_tree.html?tree=supplier_tree_json&isDelete=1 HTTP/1.1" 200 75946
124.78.155.92 - - [24/Sep/2023:09:43:29 +0800] "GET /xingrg/all/function/internal_message.html?_=1695519804519&CODE_STATE=getMsg HTTP/1.1" 200 27
180.152.241.196 - - [24/Sep/2023:09:43:29 +0800] "GET /xingrg/javascript/easyui/themes/default/images/tree_arrows.gif HTTP/1.1" 200 617
180.152.241.196 - - [24/Sep/2023:09:43:29 +0800] "GET /xingrg/javascript/easyui/themes/default/images/tree_folder_open.gif HTTP/1.1" 200 956
180.152.241.196 - - [24/Sep/2023:09:43:29 +0800] "GET /xingrg/javascript/easyui/themes/default/images/tree_folder.gif HTTP/1.1" 200 952
180.152.241.196 - - [24/Sep/2023:09:43:29 +0800] "GET /xingrg/javascript/easyui/themes/default/images/tree_file.gif HTTP/1.1" 200 118
180.163.28.109 - - [24/Sep/2023:09:43:30 +0800] "GET /xingrg/all/function/internal_message.html?_=1695519750488&CODE_STATE=getMsg HTTP/1.1" 302 -
180.163.28.109 - - [24/Sep/2023:09:43:30 +0800] "GET /xingrg/login.html HTTP/1.1" 200 7641
180.169.147.146 - - [24/Sep/2023:09:43:30 +0800] "GET /xingrg/check_reg.html?_=1695519810483 HTTP/1.1" 200 22
180.169.147.146 - - [24/Sep/2023:09:43:30 +0800] "GET /xingrg/all/function/internal_message.html?_=1695519810489&CODE_STATE=getMsg HTTP/1.1" 200 27
101.83.145.37 - - [24/Sep/2023:09:43:32 +0800] "POST /xingrg/kc/buy/cgsh_order_operate.html HTTP/1.1" 200 2065
124.78.155.92 - - [24/Sep/2023:09:43:33 +0800] "POST /xingrg/kc/buy/cgsh_order_operate.html HTTP/1.1" 200 37
101.83.145.37 - - [24/Sep/2023:09:43:35 +0800] "GET /xingrg/kc/print/load_data.html?order_code=212023092409737&kc_code=cgsh&condition= HTTP/1.1" 200 3031
180.165.48.189 - - [24/Sep/2023:09:43:37 +0800] "GET /xingrg/login.html HTTP/1.1" 200 7641
180.165.48.189 - - [24/Sep/2023:09:43:37 +0800] "GET /xingrg/images/blue/jxLogo.png HTTP/1.1" 304 -
180.165.48.189 - - [24/Sep/2023:09:43:37 +0800] "GET /xingrg/images/blue/login_bg.png HTTP/1.1" 304 -
180.165.48.189 - - [24/Sep/2023:09:43:37 +0800] "GET /xingrg/images/blue/hj.png HTTP/1.1" 304 -
180.165.48.189 - - [24/Sep/2023:09:43:37 +0800] "GET /xingrg/images/blue/srbg.png HTTP/1.1" 304 -
180.165.48.189 - - [24/Sep/2023:09:43:37 +0800] "GET /favicon.ico HTTP/1.1" 404 -
180.163.29.217 - - [24/Sep/2023:09:43:39 +0800] "GET /xingrg/kc/buy/cgsh_order_operate.html?command=get_materiel&rest_code=00106&code=00101008061&supplier_code=00100007&order_time=2023-09-24 HTTP/1.1" 302 -
180.163.29.217 - - [24/Sep/2023:09:43:39 +0800] "GET /xingrg/login.html HTTP/1.1" 200 7641
180.165.48.189 - - [24/Sep/2023:09:43:40 +0800] "POST /xingrg/login.do HTTP/1.1" 302 -
180.165.48.189 - - [24/Sep/2023:09:43:40 +0800] "GET /xingrg/index.html?sysBaseUrl=http%3A%2F%2F180.169.147.146%3A18081%2Fxingrg%2F&costTime=1056×tamp=1695519820384 HTTP/1.1" 200 17183
180.165.48.189 - - [24/Sep/2023:09:43:40 +0800] "GET /xingrg/javascript/jquery_easy_ui/themes/default/easyui.css HTTP/1.1" 304 -
180.165.48.189 - - [24/Sep/2023:09:43:40 +0800] "GET /xingrg/javascript/jquery_easy_ui/themes/icon.css HTTP/1.1" 304 -
180.165.48.189 - - [24/Sep/2023:09:43:40 +0800] "GET /xingrg/css/form.css HTTP/1.1" 304 -
180.165.48.189 - - [24/Sep/2023:09:43:40 +0800] "GET /xingrg/javascript/jquery-1.4.2.min.js HTTP/1.1" 304 -
180.165.48.189 - - [24/Sep/2023:09:43:40 +0800] "GET /favicon.ico HTTP/1.1" 404 -
180.165.48.189 - - [24/Sep/2023:09:43:40 +0800] "GET /xingrg/javascript/jquery_easy_ui/jquery.easyui.min.js HTTP/1.1" 304 -
180.165.48.189 - - [24/Sep/2023:09:43:40 +0800] "GET /xingrg/javascript/jquery_easy_ui/easyui-lang-zh_CN.js HTTP/1.1" 304 -
180.165.48.189 - - [24/Sep/2023:09:43:40 +0800] "GET /xingrg/javascript/jquery.form.js HTTP/1.1" 304 -
180.165.48.189 - - [24/Sep/2023:09:43:40 +0800] "GET /xingrg/javascript/jquery.utils.js HTTP/1.1" 304 -
180.165.48.189 - - [24/Sep/2023:09:43:40 +0800] "GET /xingrg/javascript/jquery.timers.js HTTP/1.1" 304 -
180.165.48.189 - - [24/Sep/2023:09:43:40 +0800] "GET /xingrg/javascript/jquery_easy_ui/themes/icons/settle_new.png HTTP/1.1" 304 -
180.165.48.189 - - [24/Sep/2023:09:43:40 +0800] "GET /xingrg/images/blue/navBackgound.jpg HTTP/1.1" 304 -
180.165.48.189 - - [24/Sep/2023:09:43:41 +0800] "GET /xingrg/all/function/internal_message.html?_=1695519821640&CODE_STATE=count HTTP/1.1" 200 11
180.165.48.189 - - [24/Sep/2023:09:43:41 +0800] "GET /xingrg/javascript/jquery_easy_ui/themes/default/images/tabs_leftarrow.png HTTP/1.1" 304 -
180.165.48.189 - - [24/Sep/2023:09:43:41 +0800] "GET /xingrg/images/blue/pingpu.png HTTP/1.1" 304 -
180.165.48.189 - - [24/Sep/2023:09:43:41 +0800] "GET /xingrg/check_reg.html?_=1695519821640 HTTP/1.1" 200 22
180.165.48.189 - - [24/Sep/2023:09:43:41 +0800] "POST /xingrg/all/common/load_tree.html?tree=area_rest_tree_json&manage=1 HTTP/1.1" 200 357
180.165.48.189 - - [24/Sep/2023:09:43:41 +0800] "GET /xingrg/javascript/jquery_easy_ui/themes/default/images/tabs_rightarrow.png HTTP/1.1" 304 -
180.165.48.189 - - [24/Sep/2023:09:43:41 +0800] "GET /xingrg/javascript/jquery_easy_ui/themes/default/images/panel_tool_collapse.gif HTTP/1.1" 304 -
180.165.48.189 - - [24/Sep/2023:09:43:41 +0800] "POST /xingrg/load_menu.html HTTP/1.1" 200 5138
180.165.48.189 - - [24/Sep/2023:09:43:41 +0800] "GET /xingrg/javascript/jquery_easy_ui/themes/default/images/tree_arrows.gif HTTP/1.1" 304 -
180.165.48.189 - - [24/Sep/2023:09:43:41 +0800] "GET /xingrg/javascript/jquery_easy_ui/themes/default/images/tree_folder_open.gif HTTP/1.1" 304 -
180.165.48.189 - - [24/Sep/2023:09:43:41 +0800] "GET /xingrg/javascript/jquery_easy_ui/themes/icons/search_new.png HTTP/1.1" 304 -
180.165.48.189 - - [24/Sep/2023:09:43:41 +0800] "GET /xingrg/javascript/jquery_easy_ui/themes/default/images/tree_folder.gif HTTP/1.1" 304 -
180.165.48.189 - - [24/Sep/2023:09:43:41 +0800] "GET /xingrg/javascript/jquery_easy_ui/themes/icons/storage_new.png HTTP/1.1" 304 -
180.165.48.189 - - [24/Sep/2023:09:43:41 +0800] "GET /xingrg/javascript/jquery_easy_ui/themes/icons/forms_new.png HTTP/1.1" 304 -
180.165.48.189 - - [24/Sep/2023:09:43:41 +0800] "GET /xingrg/javascript/jquery_easy_ui/themes/default/images/tree_file.gif HTTP/1.1" 304 -
