124.78.155.92 - - [24/Sep/2023:10:03:45 +0800] "GET /xingrg/kc/buy/cgsh_order_operate.html?command=get_materiel&rest_code=00106&code=00101006174&supplier_code=00100096&order_time=2023-09-24 HTTP/1.1" 200 414
101.83.145.37 - - [24/Sep/2023:10:03:47 +0800] "GET /xingrg/all/function/internal_message.html?_=1695521028202&CODE_STATE=getMsg HTTP/1.1" 200 27
221.239.166.189 - - [24/Sep/2023:10:03:49 +0800] "GET /xingrg/all/function/internal_message.html?_=1695521027488&CODE_STATE=getMsg HTTP/1.1" 200 27
114.83.219.209 - - [24/Sep/2023:10:03:49 +0800] "GET /xingrg/all/function/internal_message.html?_=1695521031084&CODE_STATE=getMsg HTTP/1.1" 200 27
221.239.166.189 - - [24/Sep/2023:10:03:51 +0800] "GET /xingrg/check_reg.html?_=1695521029103 HTTP/1.1" 200 22
120.253.135.82 - - [24/Sep/2023:10:03:51 +0800] "GET /xingrg/all/function/internal_message.html?_=1695520834674&CODE_STATE=getMsg HTTP/1.1" 200 27
114.95.241.104 - - [24/Sep/2023:10:03:52 +0800] "GET /xingrg/all/function/internal_message.html?_=1695521030051&CODE_STATE=getMsg HTTP/1.1" 200 27
180.163.28.143 - - [24/Sep/2023:10:03:53 +0800] "GET /xingrg/servlets/image?cache=0.8308864271569079&image=px HTTP/1.1" 200 807
222.70.180.200 - - [24/Sep/2023:10:03:54 +0800] "GET /xingrg/all/function/internal_message.html?_=1695521034447&CODE_STATE=getMsg HTTP/1.1" 200 27
124.78.69.58 - - [24/Sep/2023:10:03:58 +0800] "GET /xingrg/kc/buy/cgsh_order_operate.html?command=get_materiel&rest_code=00141&code=00101008355&supplier_code=00100055&order_time=2023-09-24 HTTP/1.1" 200 429
124.78.69.58 - - [24/Sep/2023:10:03:59 +0800] "GET /xingrg/all/function/internal_message.html?_=1695520466282&CODE_STATE=getMsg HTTP/1.1" 200 27
116.230.110.33 - - [24/Sep/2023:10:03:59 +0800] "GET /xingrg/all/function/internal_message.html?_=1695520892644&CODE_STATE=getMsg HTTP/1.1" 200 27
124.79.244.212 - - [24/Sep/2023:10:04:02 +0800] "GET /xingrg/all/function/internal_message.html?_=1695521340881&CODE_STATE=getMsg HTTP/1.1" 200 27
124.78.155.92 - - [24/Sep/2023:10:04:06 +0800] "POST /xingrg/kc/buy/cgsh_order_operate.html HTTP/1.1" 200 37
222.70.107.161 - - [24/Sep/2023:10:04:08 +0800] "GET /xingrg/all/function/internal_message.html?_=1695521048503&CODE_STATE=getMsg HTTP/1.1" 200 27
124.78.155.92 - - [24/Sep/2023:10:04:09 +0800] "POST /xingrg/kc/buy/cgsh_order_operate.html HTTP/1.1" 200 10409
114.95.241.104 - - [24/Sep/2023:10:04:10 +0800] "GET /xingrg/all/function/internal_message.html?_=1695520954459&CODE_STATE=getMsg HTTP/1.1" 200 27
124.77.244.146 - - [24/Sep/2023:10:04:11 +0800] "GET /xingrg/all/function/internal_message.html?_=1695521053249&CODE_STATE=getMsg HTTP/1.1" 200 27
180.163.29.219 - - [24/Sep/2023:10:04:12 +0800] "GET /xingrg/kc/buy/cgsh_order_operate.html?command=get_materiel&rest_code=00106&code=00101006240&supplier_code=00100096&order_time=2023-09-24 HTTP/1.1" 302 -
180.163.29.219 - - [24/Sep/2023:10:04:12 +0800] "GET /xingrg/login.html HTTP/1.1" 200 7641
124.78.69.58 - - [24/Sep/2023:10:04:12 +0800] "GET /xingrg/kc/buy/cgsh_order_operate.html?command=get_materiel&rest_code=00141&code=00101008024&supplier_code=00100055&order_time=2023-09-24 HTTP/1.1" 200 408
101.83.145.37 - - [24/Sep/2023:10:04:17 +0800] "GET /xingrg/all/function/internal_message.html?_=1695520843220&CODE_STATE=getMsg HTTP/1.1" 200 27
114.95.241.104 - - [24/Sep/2023:10:04:18 +0800] "GET /xingrg/all/function/internal_message.html?_=1695520962337&CODE_STATE=getMsg HTTP/1.1" 200 27
114.83.219.209 - - [24/Sep/2023:10:04:20 +0800] "POST /xingrg/kc/base/wldb_order_operate.html HTTP/1.1" 200 37
124.78.155.92 - - [24/Sep/2023:10:04:27 +0800] "GET /xingrg/all/function/internal_message.html?_=1695521062809&CODE_STATE=getMsg HTTP/1.1" 200 27
180.163.29.103 - - [24/Sep/2023:10:04:29 +0800] "GET /xingrg/servlets/image?cache=0.46306528415735504&image=px HTTP/1.1" 200 807
180.165.48.189 - - [24/Sep/2023:10:04:29 +0800] "GET /xingrg/all/function/internal_message.html?_=1695521070116&CODE_STATE=getMsg HTTP/1.1" 200 27
180.163.29.103 - - [24/Sep/2023:10:04:30 +0800] "GET /xingrg/check_reg.html?_=1695521010489 HTTP/1.1" 302 -
180.163.29.103 - - [24/Sep/2023:10:04:30 +0800] "GET /xingrg/login.html HTTP/1.1" 200 7641
180.169.147.146 - - [24/Sep/2023:10:04:30 +0800] "GET /xingrg/all/function/internal_message.html?_=1695521070505&CODE_STATE=getMsg HTTP/1.1" 200 27
114.83.219.209 - - [24/Sep/2023:10:04:32 +0800] "POST /xingrg/kc/base/wldb_order_operate.html HTTP/1.1" 200 12
114.83.219.209 - - [24/Sep/2023:10:04:32 +0800] "POST /xingrg/kc/base/wldb_order_operate.html HTTP/1.1" 200 7729
124.78.155.92 - - [24/Sep/2023:10:04:33 +0800] "POST /xingrg/kc/buy/cgsh_order_operate.html HTTP/1.1" 200 37
114.83.219.209 - - [24/Sep/2023:10:04:34 +0800] "GET /xingrg/kc/base/wldb_order_info.html?code=422023092402376 HTTP/1.1" 200 26342
114.83.219.209 - - [24/Sep/2023:10:04:34 +0800] "GET /xingrg/javascript/easyui/themes/default/validatebox.css HTTP/1.1" 404 1104
114.83.219.209 - - [24/Sep/2023:10:04:35 +0800] "POST /xingrg/kc/base/wldb_order_operate.html HTTP/1.1" 200 5906
124.79.244.212 - - [24/Sep/2023:10:04:37 +0800] "POST /xingrg/services/DataTransmitService HTTP/1.1" 200 524
124.78.69.58 - - [24/Sep/2023:10:04:37 +0800] "GET /xingrg/kc/buy/cgsh_order_operate.html?command=get_materiel&rest_code=00141&code=00101008745&supplier_code=00100055&order_time=2023-09-24 HTTP/1.1" 200 395
114.83.219.209 - - [24/Sep/2023:10:04:38 +0800] "GET /xingrg/kc/base/wldb_order_add.html HTTP/1.1" 200 30463
114.83.219.209 - - [24/Sep/2023:10:04:38 +0800] "POST /xingrg/kc/base/wldb_order_operate.html HTTP/1.1" 200 6806
114.83.219.209 - - [24/Sep/2023:10:04:38 +0800] "GET /xingrg/javascript/easyui/themes/default/validatebox.css HTTP/1.1" 404 1104
124.78.69.58 - - [24/Sep/2023:10:04:40 +0800] "POST /xingrg/kc/buy/cgsh_order_operate.html HTTP/1.1" 200 2065
180.163.30.76 - - [24/Sep/2023:10:04:42 +0800] "GET /xingrg/kc/buy/cgsh_order_operate.html?command=get_materiel&rest_code=00106&code=00101006174&supplier_code=00100096&order_time=2023-09-24 HTTP/1.1" 302 -
180.163.30.76 - - [24/Sep/2023:10:04:42 +0800] "GET /xingrg/login.html HTTP/1.1" 200 7641
114.83.219.209 - - [24/Sep/2023:10:04:42 +0800] "POST /xingrg/all/common/load_combo.html?type=base HTTP/1.1" 200 1491
180.152.241.196 - - [24/Sep/2023:10:04:45 +0800] "GET /xingrg/all/function/internal_message.html?_=1695521085326&CODE_STATE=getMsg HTTP/1.1" 200 27
114.83.219.209 - - [24/Sep/2023:10:04:46 +0800] "POST /xingrg/all/common/load_combo.html?type=base HTTP/1.1" 200 1491
101.83.145.37 - - [24/Sep/2023:10:04:47 +0800] "GET /xingrg/all/function/internal_message.html?_=1695521088226&CODE_STATE=getMsg HTTP/1.1" 200 27
124.78.69.58 - - [24/Sep/2023:10:04:48 +0800] "GET /xingrg/kc/buy/cgsh_order_operate.html?command=get_materiel&rest_code=00141&code=00101008100&supplier_code=00100055&order_time=2023-09-24 HTTP/1.1" 200 408
124.78.155.92 - - [24/Sep/2023:10:04:49 +0800] "POST /xingrg/kc/buy/cgsh_order_operate.html HTTP/1.1" 200 10411
221.239.166.189 - - [24/Sep/2023:10:04:49 +0800] "GET /xingrg/all/function/internal_message.html?_=1695521087475&CODE_STATE=getMsg HTTP/1.1" 200 27
114.83.219.209 - - [24/Sep/2023:10:04:49 +0800] "GET /xingrg/all/function/internal_message.html?_=1695521091106&CODE_STATE=getMsg HTTP/1.1" 200 27
120.253.135.82 - - [24/Sep/2023:10:04:51 +0800] "GET /xingrg/all/function/internal_message.html?_=1695520894680&CODE_STATE=getMsg HTTP/1.1" 200 27
114.95.241.104 - - [24/Sep/2023:10:04:52 +0800] "GET /xingrg/all/function/internal_message.html?_=1695521090061&CODE_STATE=getMsg HTTP/1.1" 200 27
222.70.180.200 - - [24/Sep/2023:10:04:54 +0800] "GET /xingrg/all/function/internal_message.html?_=1695521094417&CODE_STATE=getMsg HTTP/1.1" 200 27
114.83.219.209 - - [24/Sep/2023:10:04:56 +0800] "GET /xingrg/kc/base/wldb_order_operate.html?command=get_materiel&rest_code=00154&base_code=0010724&code=00101019164 HTTP/1.1" 200 466
124.78.155.92 - - [24/Sep/2023:10:04:58 +0800] "GET /xingrg/kc/buy/cgsh_order_operate.html?command=get_materiel&rest_code=00106&code=00101007027&supplier_code=00100096&order_time=2023-09-24 HTTP/1.1" 200 427
124.78.69.58 - - [24/Sep/2023:10:04:59 +0800] "GET /xingrg/all/function/internal_message.html?_=1695520526346&CODE_STATE=getMsg HTTP/1.1" 200 27
116.230.110.33 - - [24/Sep/2023:10:04:59 +0800] "GET /xingrg/all/function/internal_message.html?_=1695520952629&CODE_STATE=getMsg HTTP/1.1" 200 27
124.79.244.212 - - [24/Sep/2023:10:05:02 +0800] "GET /xingrg/check_reg.html?_=1695521400879 HTTP/1.1" 200 22
124.79.244.212 - - [24/Sep/2023:10:05:02 +0800] "GET /xingrg/all/function/internal_message.html?_=1695521400880&CODE_STATE=getMsg HTTP/1.1" 200 27
222.70.107.161 - - [24/Sep/2023:10:05:08 +0800] "GET /xingrg/all/function/internal_message.html?_=1695521108508&CODE_STATE=getMsg HTTP/1.1" 200 27
124.77.244.146 - - [24/Sep/2023:10:05:10 +0800] "GET /xingrg/check_reg.html?_=1695521111855 HTTP/1.1" 200 22
114.95.241.104 - - [24/Sep/2023:10:05:10 +0800] "GET /xingrg/all/function/internal_message.html?_=1695521014481&CODE_STATE=getMsg HTTP/1.1" 200 27
101.83.145.37 - - [24/Sep/2023:10:05:11 +0800] "POST /xingrg/services/DataTransmitService HTTP/1.1" 200 524
124.77.244.146 - - [24/Sep/2023:10:05:11 +0800] "GET /xingrg/all/function/internal_message.html?_=1695521113263&CODE_STATE=getMsg HTTP/1.1" 200 27
101.83.145.37 - - [24/Sep/2023:10:05:12 +0800] "POST /xingrg/services/DataTransmitService HTTP/1.1" 200 2315
114.83.219.209 - - [24/Sep/2023:10:05:14 +0800] "GET /xingrg/kc/base/wldb_order_operate.html?command=get_materiel&rest_code=00154&base_code=0010724&code=00101019536 HTTP/1.1" 200 471
101.83.145.37 - - [24/Sep/2023:10:05:17 +0800] "GET /xingrg/all/function/internal_message.html?_=1695520903221&CODE_STATE=getMsg HTTP/1.1" 200 27
114.95.241.104 - - [24/Sep/2023:10:05:18 +0800] "GET /xingrg/all/function/internal_message.html?_=1695521022396&CODE_STATE=getMsg HTTP/1.1" 200 27
114.83.219.209 - - [24/Sep/2023:10:05:26 +0800] "GET /xingrg/kc/base/wldb_order_operate.html?command=get_materiel&rest_code=00154&base_code=0010724&code=00101019249 HTTP/1.1" 200 470
180.163.28.55 - - [24/Sep/2023:10:05:27 +0800] "GET /xingrg/all/function/internal_message.html?_=1695521062809&CODE_STATE=getMsg HTTP/1.1" 302 -
180.163.28.55 - - [24/Sep/2023:10:05:27 +0800] "GET /xingrg/login.html HTTP/1.1" 200 7641
124.78.155.92 - - [24/Sep/2023:10:05:27 +0800] "GET /xingrg/all/function/internal_message.html?_=1695521122792&CODE_STATE=getMsg HTTP/1.1" 200 27
180.165.48.189 - - [24/Sep/2023:10:05:29 +0800] "GET /xingrg/all/function/internal_message.html?_=1695521130094&CODE_STATE=getMsg HTTP/1.1" 200 27
180.169.147.146 - - [24/Sep/2023:10:05:30 +0800] "GET /xingrg/all/function/internal_message.html?_=1695521130500&CODE_STATE=getMsg HTTP/1.1" 200 27
180.163.29.217 - - [24/Sep/2023:10:05:31 +0800] "GET /xingrg/all/function/internal_message.html?_=1695521070505&CODE_STATE=getMsg HTTP/1.1" 302 -
180.163.29.217 - - [24/Sep/2023:10:05:31 +0800] "GET /xingrg/login.html HTTP/1.1" 200 7641
124.79.244.212 - - [24/Sep/2023:10:05:38 +0800] "GET /xingrg/kc/base/wldb_order_add.html HTTP/1.1" 200 30463
124.79.244.212 - - [24/Sep/2023:10:05:38 +0800] "POST /xingrg/kc/base/wldb_order_operate.html HTTP/1.1" 200 6806
124.79.244.212 - - [24/Sep/2023:10:05:38 +0800] "GET /xingrg/javascript/easyui/themes/default/validatebox.css HTTP/1.1" 404 1104
124.78.155.92 - - [24/Sep/2023:10:05:39 +0800] "GET /xingrg/kc/buy/cgsh_order_operate.html?command=get_materiel&rest_code=00106&code=00101007090&supplier_code=00100096&order_time=2023-09-24 HTTP/1.1" 200 413
124.78.69.58 - - [24/Sep/2023:10:05:40 +0800] "POST /xingrg/kc/buy/cgsh_order_operate.html HTTP/1.1" 200 2065
124.79.244.212 - - [24/Sep/2023:10:05:40 +0800] "POST /xingrg/all/common/load_combo.html?type=base HTTP/1.1" 200 3315
180.152.241.196 - - [24/Sep/2023:10:05:45 +0800] "GET /xingrg/all/function/internal_message.html?_=1695521145308&CODE_STATE=getMsg HTTP/1.1" 200 27
180.152.241.196 - - [24/Sep/2023:10:05:46 +0800] "GET /xingrg/kc/buy/cgsh_order_operate.html?command=get_materiel&rest_code=00102&code=00101006130&supplier_code=00100151&order_time=2023-09-24 HTTP/1.1" 200 437
101.83.145.37 - - [24/Sep/2023:10:05:47 +0800] "GET /xingrg/all/function/internal_message.html?_=1695521148225&CODE_STATE=getMsg HTTP/1.1" 200 27
114.95.241.104 - - [24/Sep/2023:10:05:49 +0800] "GET /xingrg/check_reg.html?_=1695521053009 HTTP/1.1" 200 22
221.239.166.189 - - [24/Sep/2023:10:05:49 +0800] "GET /xingrg/all/function/internal_message.html?_=1695521147451&CODE_STATE=getMsg HTTP/1.1" 200 27
114.83.219.209 - - [24/Sep/2023:10:05:49 +0800] "GET /xingrg/check_reg.html?_=1695521151094 HTTP/1.1" 200 22
114.83.219.209 - - [24/Sep/2023:10:05:49 +0800] "GET /xingrg/all/function/internal_message.html?_=1695521151098&CODE_STATE=getMsg HTTP/1.1" 200 27
124.78.69.58 - - [24/Sep/2023:10:05:50 +0800] "GET /xingrg/kc/buy/cgsh_order_operate.html?command=get_materiel&rest_code=00141&code=00101008223&supplier_code=00100055&order_time=2023-09-24 HTTP/1.1" 200 412
120.253.135.82 - - [24/Sep/2023:10:05:51 +0800] "GET /xingrg/all/function/internal_message.html?_=1695520954724&CODE_STATE=getMsg HTTP/1.1" 200 27
114.95.241.104 - - [24/Sep/2023:10:05:52 +0800] "GET /xingrg/check_reg.html?_=1695521150052 HTTP/1.1" 200 22
114.95.241.104 - - [24/Sep/2023:10:05:52 +0800] "GET /xingrg/all/function/internal_message.html?_=1695521150055&CODE_STATE=getMsg HTTP/1.1" 200 27
180.163.29.206 - - [24/Sep/2023:10:05:53 +0800] "GET /xingrg/kc/buy/cgsh_order_operate.html?command=get_materiel&rest_code=00106&code=00101007027&supplier_code=00100096&order_time=2023-09-24 HTTP/1.1" 302 -
180.163.29.206 - - [24/Sep/2023:10:05:53 +0800] "GET /xingrg/login.html HTTP/1.1" 200 7641
222.70.180.200 - - [24/Sep/2023:10:05:54 +0800] "GET /xingrg/all/function/internal_message.html?_=1695521154390&CODE_STATE=getMsg HTTP/1.1" 200 27
222.70.180.200 - - [24/Sep/2023:10:05:55 +0800] "GET /xingrg/check_reg.html?_=1695521154720 HTTP/1.1" 200 22
114.95.241.104 - - [24/Sep/2023:10:05:56 +0800] "GET /xingrg/check_reg.html?_=1695521060399 HTTP/1.1" 200 22
114.83.219.209 - - [24/Sep/2023:10:05:56 +0800] "GET /xingrg/kc/base/wldb_order_operate.html?command=get_materiel&rest_code=00154&base_code=0010724&code=00101040002 HTTP/1.1" 200 461
124.78.69.58 - - [24/Sep/2023:10:05:59 +0800] "GET /xingrg/all/function/internal_message.html?_=1695520586326&CODE_STATE=getMsg HTTP/1.1" 200 27
116.230.110.33 - - [24/Sep/2023:10:05:59 +0800] "GET /xingrg/all/function/internal_message.html?_=1695521012608&CODE_STATE=getMsg HTTP/1.1" 200 27
114.83.219.209 - - [24/Sep/2023:10:06:00 +0800] "POST /xingrg/all/common/load_select.html HTTP/1.1" 200 25
124.79.244.212 - - [24/Sep/2023:10:06:01 +0800] "GET /xingrg/kc/base/wldb_order_operate.html?command=get_materiel&rest_code=00104&base_code=0010033&code=00102002099 HTTP/1.1" 200 439
124.78.155.92 - - [24/Sep/2023:10:06:02 +0800] "POST /xingrg/kc/buy/cgsh_order_operate.html HTTP/1.1" 200 37
124.79.244.212 - - [24/Sep/2023:10:06:02 +0800] "GET /xingrg/all/function/internal_message.html?_=1695521460901&CODE_STATE=getMsg HTTP/1.1" 200 27
124.78.155.92 - - [24/Sep/2023:10:06:04 +0800] "POST /xingrg/kc/buy/cgsh_order_operate.html HTTP/1.1" 200 12217
124.78.69.58 - - [24/Sep/2023:10:06:05 +0800] "GET /xingrg/kc/buy/cgsh_order_operate.html?command=get_materiel&rest_code=00141&code=00101008114&supplier_code=00100055&order_time=2023-09-24 HTTP/1.1" 200 412
114.83.219.209 - - [24/Sep/2023:10:06:05 +0800] "GET /xingrg/kc/base/wldb_order_operate.html?command=get_materiel_price&rest_code=00154&base_code=0010724&code=00101040002&unit_code=00100619 HTTP/1.1" 200 36
222.70.107.161 - - [24/Sep/2023:10:06:08 +0800] "GET /xingrg/all/function/internal_message.html?_=1695521168514&CODE_STATE=getMsg HTTP/1.1" 200 27
114.83.219.209 - - [24/Sep/2023:10:06:09 +0800] "GET /xingrg/kc/base/wldb_order_operate.html?command=get_materiel&rest_code=00154&base_code=0010724&code=00101019222 HTTP/1.1" 200 453
124.79.244.212 - - [24/Sep/2023:10:06:10 +0800] "GET /xingrg/kc/base/wldb_order_operate.html?command=get_materiel&rest_code=00104&base_code=0010033&code=00102002097 HTTP/1.1" 200 434
114.95.241.104 - - [24/Sep/2023:10:06:10 +0800] "GET /xingrg/all/function/internal_message.html?_=1695521074486&CODE_STATE=getMsg HTTP/1.1" 200 27
124.77.244.146 - - [24/Sep/2023:10:06:11 +0800] "GET /xingrg/all/function/internal_message.html?_=1695521173276&CODE_STATE=getMsg HTTP/1.1" 200 27
101.83.145.37 - - [24/Sep/2023:10:06:17 +0800] "GET /xingrg/all/function/internal_message.html?_=1695520963221&CODE_STATE=getMsg HTTP/1.1" 200 27
114.95.241.104 - - [24/Sep/2023:10:06:18 +0800] "GET /xingrg/all/function/internal_message.html?_=1695521082411&CODE_STATE=getMsg HTTP/1.1" 200 27
114.83.219.209 - - [24/Sep/2023:10:06:21 +0800] "GET /xingrg/kc/base/wldb_order_operate.html?command=get_materiel&rest_code=00154&base_code=0010724&code=00101019979 HTTP/1.1" 200 426
124.78.69.58 - - [24/Sep/2023:10:06:21 +0800] "GET /xingrg/kc/buy/cgsh_order_operate.html?command=get_materiel&rest_code=00141&code=00101008558&supplier_code=00100055&order_time=2023-09-24 HTTP/1.1" 200 409
114.83.219.209 - - [24/Sep/2023:10:06:27 +0800] "GET /xingrg/kc/base/wldb_order_operate.html?command=get_materiel&rest_code=00154&base_code=0010724&code=00101040040 HTTP/1.1" 200 459
180.165.48.189 - - [24/Sep/2023:10:06:29 +0800] "GET /xingrg/all/function/internal_message.html?_=1695521190074&CODE_STATE=getMsg HTTP/1.1" 200 27
124.79.244.212 - - [24/Sep/2023:10:06:30 +0800] "GET /xingrg/kc/base/wldb_order_operate.html?command=get_materiel&rest_code=00104&base_code=0010033&code=00102002098 HTTP/1.1" 200 437
180.152.241.196 - - [24/Sep/2023:10:06:30 +0800] "GET /xingrg/kc/buy/cgsh_order_operate.html?command=get_materiel&rest_code=00102&code=00101006129&supplier_code=00100151&order_time=2023-09-24 HTTP/1.1" 200 441
180.169.147.146 - - [24/Sep/2023:10:06:30 +0800] "GET /xingrg/all/function/internal_message.html?_=1695521190576&CODE_STATE=getMsg HTTP/1.1" 200 27
120.253.135.82 - - [24/Sep/2023:10:06:31 +0800] "GET /xingrg/check_reg.html?_=1695520994318 HTTP/1.1" 200 22
124.78.69.58 - - [24/Sep/2023:10:06:32 +0800] "GET /xingrg/kc/buy/cgsh_order_operate.html?command=get_materiel&rest_code=00141&code=00101008150&supplier_code=00100055&order_time=2023-09-24 HTTP/1.1" 200 409
124.78.155.92 - - [24/Sep/2023:10:06:34 +0800] "POST /xingrg/kc/buy/cgsh_order_operate.html HTTP/1.1" 200 37
116.230.110.33 - - [24/Sep/2023:10:06:39 +0800] "GET /xingrg/check_reg.html?_=1695521051763 HTTP/1.1" 200 22
180.152.241.196 - - [24/Sep/2023:10:06:45 +0800] "GET /xingrg/all/function/internal_message.html?_=1695521205291&CODE_STATE=getMsg HTTP/1.1" 200 27
114.83.219.209 - - [24/Sep/2023:10:06:45 +0800] "GET /xingrg/kc/base/wldb_order_operate.html?command=get_materiel&rest_code=00154&base_code=0010724&code=00101016149 HTTP/1.1" 200 460
124.78.69.58 - - [24/Sep/2023:10:06:45 +0800] "GET /xingrg/kc/buy/cgsh_order_operate.html?command=get_materiel&rest_code=00141&code=00101008277&supplier_code=00100055&order_time=2023-09-24 HTTP/1.1" 200 412
124.78.155.92 - - [24/Sep/2023:10:06:46 +0800] "POST /xingrg/kc/buy/cgsh_order_operate.html HTTP/1.1" 200 12
101.83.145.37 - - [24/Sep/2023:10:06:47 +0800] "GET /xingrg/all/function/internal_message.html?_=1695521208224&CODE_STATE=getMsg HTTP/1.1" 200 27
124.78.69.58 - - [24/Sep/2023:10:06:48 +0800] "POST /xingrg/kc/buy/cgsh_order_operate.html HTTP/1.1" 200 2065
221.239.166.189 - - [24/Sep/2023:10:06:49 +0800] "GET /xingrg/all/function/internal_message.html?_=1695521207433&CODE_STATE=getMsg HTTP/1.1" 200 27
114.83.219.209 - - [24/Sep/2023:10:06:49 +0800] "GET /xingrg/all/function/internal_message.html?_=1695521211079&CODE_STATE=getMsg HTTP/1.1" 200 27
124.78.155.92 - - [24/Sep/2023:10:06:50 +0800] "GET /xingrg/kc/buy/cgsh_order_info.html?code=212023092409744 HTTP/1.1" 200 67262
124.78.155.92 - - [24/Sep/2023:10:06:51 +0800] "GET /xingrg/javascript/easyui/themes/default/validatebox.css HTTP/1.1" 404 1104
114.83.219.209 - - [24/Sep/2023:10:06:51 +0800] "POST /xingrg/all/common/load_select.html HTTP/1.1" 200 25
120.253.135.82 - - [24/Sep/2023:10:06:51 +0800] "GET /xingrg/all/function/internal_message.html?_=1695521014739&CODE_STATE=getMsg HTTP/1.1" 200 27
124.78.155.92 - - [24/Sep/2023:10:06:52 +0800] "POST /xingrg/kc/buy/cgsh_order_operate.html HTTP/1.1" 200 10162
114.95.241.104 - - [24/Sep/2023:10:06:52 +0800] "GET /xingrg/all/function/internal_message.html?_=1695521210060&CODE_STATE=getMsg HTTP/1.1" 200 27
114.83.219.209 - - [24/Sep/2023:10:06:54 +0800] "GET /xingrg/kc/base/wldb_order_operate.html?command=get_materiel_price&rest_code=00154&base_code=0010724&code=00101016149&unit_code=00100075 HTTP/1.1" 200 35
222.70.180.200 - - [24/Sep/2023:10:06:54 +0800] "GET /xingrg/all/function/internal_message.html?_=1695521214359&CODE_STATE=getMsg HTTP/1.1" 200 27
124.78.69.58 - - [24/Sep/2023:10:06:54 +0800] "GET /xingrg/kc/buy/cgsh_order_operate.html?command=get_materiel&rest_code=00141&code=00101008229&supplier_code=00100055&order_time=2023-09-24 HTTP/1.1" 200 420
124.78.155.92 - - [24/Sep/2023:10:06:56 +0800] "GET /xingrg/kc/print/load_config.html?kc_code=cgsh HTTP/1.1" 200 1927
124.78.155.92 - - [24/Sep/2023:10:06:57 +0800] "GET /xingrg/kc/print/load_data.html?order_code=212023092409744&kc_code=cgsh&condition= HTTP/1.1" 200 4347
124.78.69.58 - - [24/Sep/2023:10:06:59 +0800] "GET /xingrg/all/function/internal_message.html?_=1695520646440&CODE_STATE=getMsg HTTP/1.1" 200 27
116.230.110.33 - - [24/Sep/2023:10:06:59 +0800] "GET /xingrg/all/function/internal_message.html?_=1695521072596&CODE_STATE=getMsg HTTP/1.1" 200 27
180.169.147.146 - - [24/Sep/2023:10:07:01 +0800] "GET /xingrg/all/report/report_query.html?isQuery=1&fileName=kc/buy/wlcg_cate_hz_rest.xml&queryString=(CONVERT(char(10)%2Ca.order_time%2C%20120)%3E%3D'2023-09-23')%20and%20(CONVERT(char(10)%2Ca.order_time%2C%20120)%3C%3D'2023-09-23')%20and%20(a.supplier_code%20in%20('00100430'))%20and%20(a.supplier_code%3D'00100430')%20and%20(a.data_area%3D'00151')&queryText=%E3%80%90%E9%87%87%E8%B4%AD%E6%97%A5%E6%9C%9F%3A2023-09-23%20%E8%87%B3%202023-09-23%E3%80%91%20%E5%B9%B6%E4%B8%94%20%20%E3%80%90%E4%BE%9B%E5%BA%94%E5%95%86%20%3D%20%E8%B0%A2%E6%8C%AF%E5%8D%97%E3%80%91%20%E5%B9%B6%E4%B8%94%20%E3%80%90%E4%BE%9B%E5%BA%94%E5%95%86%3D%E8%B0%A2%E6%8C%AF%E5%8D%97%E3%80%91%E5%B9%B6%E4%B8%94%E3%80%90%E9%97%A8%E5%BA%97%E5%90%8D%E7%A7%B0%20%3D%20%E6%A6%95%E6%B8%AF%E4%B8%87%E6%80%A1%E9%85%92%E5%BA%97%E3%80%91&rand=0.6361585386238133 HTTP/1.1" 200 54345
180.169.147.146 - - [24/Sep/2023:10:07:01 +0800] "GET /xingrg/all/report/report_query.html?isQuery=1&fileName=kc/buy/wlcg_cate_hz_rest.xml&queryString=(CONVERT(char(10)%2Ca.order_time%2C%20120)%3E%3D'2023-09-23')%20and%20(CONVERT(char(10)%2Ca.order_time%2C%20120)%3C%3D'2023-09-23')%20and%20(a.supplier_code%20in%20('00100430'))%20and%20(a.supplier_code%3D'00100430')%20and%20(a.data_area%3D'00151')&queryText=%E3%80%90%E9%87%87%E8%B4%AD%E6%97%A5%E6%9C%9F%3A2023-09-23%20%E8%87%B3%202023-09-23%E3%80%91%20%E5%B9%B6%E4%B8%94%20%20%E3%80%90%E4%BE%9B%E5%BA%94%E5%95%86%20%3D%20%E8%B0%A2%E6%8C%AF%E5%8D%97%E3%80%91%20%E5%B9%B6%E4%B8%94%20%E3%80%90%E4%BE%9B%E5%BA%94%E5%95%86%3D%E8%B0%A2%E6%8C%AF%E5%8D%97%E3%80%91%E5%B9%B6%E4%B8%94%E3%80%90%E9%97%A8%E5%BA%97%E5%90%8D%E7%A7%B0%20%3D%20%E6%A6%95%E6%B8%AF%E4%B8%87%E6%80%A1%E9%85%92%E5%BA%97%E3%80%91&rand=0.6361585386238133 HTTP/1.1" 200 54345
180.169.147.146 - - [24/Sep/2023:10:07:01 +0800] "GET /xingrg/dwr/interface/AjaxReportQueryService.js HTTP/1.1" 200 13203
180.169.147.146 - - [24/Sep/2023:10:07:01 +0800] "GET /xingrg/dwr/engine.js HTTP/1.1" 200 43631
124.79.244.212 - - [24/Sep/2023:10:07:02 +0800] "GET /xingrg/all/function/internal_message.html?_=1695521520901&CODE_STATE=getMsg HTTP/1.1" 200 27
124.78.155.92 - - [24/Sep/2023:10:07:03 +0800] "GET /xingrg/kc/print/load_data.html?order_code=212023092409744&kc_code=cgsh HTTP/1.1" 200 4347
180.169.147.146 - - [24/Sep/2023:10:07:07 +0800] "POST /xingrg/all/report/load_report_page.html HTTP/1.1" 200 10880
180.169.147.146 - - [24/Sep/2023:10:07:07 +0800] "GET /xingrg/servlets/image?cache=0.7480779907657789&image=px HTTP/1.1" 200 807
222.70.107.161 - - [24/Sep/2023:10:07:08 +0800] "GET /xingrg/check_reg.html?_=1695521228503 HTTP/1.1" 200 22
222.70.107.161 - - [24/Sep/2023:10:07:08 +0800] "GET /xingrg/all/function/internal_message.html?_=1695521228512&CODE_STATE=getMsg HTTP/1.1" 200 27
114.95.241.104 - - [24/Sep/2023:10:07:10 +0800] "GET /xingrg/all/function/internal_message.html?_=1695521134500&CODE_STATE=getMsg HTTP/1.1" 200 27
124.77.244.146 - - [24/Sep/2023:10:07:11 +0800] "GET /xingrg/all/function/internal_message.html?_=1695521233290&CODE_STATE=getMsg HTTP/1.1" 200 27
114.83.219.209 - - [24/Sep/2023:10:07:17 +0800] "GET /xingrg/kc/base/wldb_order_operate.html?command=get_materiel&rest_code=00154&base_code=0010724&code=00101019792 HTTP/1.1" 200 457
101.83.145.37 - - [24/Sep/2023:10:07:17 +0800] "GET /xingrg/check_reg.html?_=1695521023221 HTTP/1.1" 200 22
101.83.145.37 - - [24/Sep/2023:10:07:17 +0800] "GET /xingrg/all/function/internal_message.html?_=1695521023224&CODE_STATE=getMsg HTTP/1.1" 200 27
114.95.241.104 - - [24/Sep/2023:10:07:18 +0800] "GET /xingrg/all/function/internal_message.html?_=1695521142425&CODE_STATE=getMsg HTTP/1.1" 200 27
180.152.241.196 - - [24/Sep/2023:10:07:22 +0800] "GET /xingrg/kc/buy/cgsh_order_operate.html?command=get_materiel&rest_code=00102&code=00101008024&supplier_code=00100151&order_time=2023-09-24 HTTP/1.1" 200 409
124.78.155.92 - - [24/Sep/2023:10:07:27 +0800] "GET /xingrg/all/function/internal_message.html?_=1695521242796&CODE_STATE=getMsg HTTP/1.1" 200 27
124.78.155.92 - - [24/Sep/2023:10:07:27 +0800] "GET /xingrg/check_reg.html?_=1695521242798 HTTP/1.1" 200 22
101.228.187.155 - - [24/Sep/2023:10:07:29 +0800] "POST /xingrg/login.do HTTP/1.1" 302 -
180.165.48.189 - - [24/Sep/2023:10:07:29 +0800] "GET /xingrg/all/function/internal_message.html?_=1695521250059&CODE_STATE=getMsg HTTP/1.1" 200 27
101.228.187.155 - - [24/Sep/2023:10:07:29 +0800] "GET /xingrg/index.html?sysBaseUrl=http%3A%2F%2F180.169.147.146%3A18081%2Fxingrg%2F&costTime=849×tamp=1695521249312 HTTP/1.1" 200 17179
101.228.187.155 - - [24/Sep/2023:10:07:29 +0800] "GET /xingrg/css/form.css HTTP/1.1" 304 -
101.228.187.155 - - [24/Sep/2023:10:07:29 +0800] "GET /xingrg/javascript/jquery_easy_ui/themes/default/easyui.css HTTP/1.1" 304 -
101.228.187.155 - - [24/Sep/2023:10:07:29 +0800] "GET /xingrg/javascript/jquery_easy_ui/themes/icon.css HTTP/1.1" 304 -
101.228.187.155 - - [24/Sep/2023:10:07:29 +0800] "GET /xingrg/javascript/jquery-1.4.2.min.js HTTP/1.1" 304 -
101.228.187.155 - - [24/Sep/2023:10:07:29 +0800] "GET /xingrg/javascript/jquery.form.js HTTP/1.1" 304 -
101.228.187.155 - - [24/Sep/2023:10:07:29 +0800] "GET /xingrg/javascript/jquery_easy_ui/jquery.easyui.min.js HTTP/1.1" 304 -
101.228.187.155 - - [24/Sep/2023:10:07:29 +0800] "GET /xingrg/javascript/jquery_easy_ui/easyui-lang-zh_CN.js HTTP/1.1" 304 -
101.228.187.155 - - [24/Sep/2023:10:07:29 +0800] "GET /xingrg/javascript/jquery.utils.js HTTP/1.1" 304 -
101.228.187.155 - - [24/Sep/2023:10:07:29 +0800] "GET /xingrg/javascript/jquery.timers.js HTTP/1.1" 304 -
101.228.187.155 - - [24/Sep/2023:10:07:29 +0800] "GET /favicon.ico HTTP/1.1" 404 -
101.228.187.155 - - [24/Sep/2023:10:07:29 +0800] "GET /xingrg/images/blue/navBackgound.jpg HTTP/1.1" 304 -
101.228.187.155 - - [24/Sep/2023:10:07:29 +0800] "GET /xingrg/javascript/jquery_easy_ui/themes/icons/settle_new.png HTTP/1.1" 304 -
101.228.187.155 - - [24/Sep/2023:10:07:29 +0800] "GET /xingrg/all/function/internal_message.html?_=1695521248608&CODE_STATE=count HTTP/1.1" 200 11
101.228.187.155 - - [24/Sep/2023:10:07:29 +0800] "GET /xingrg/check_reg.html?_=1695521248609 HTTP/1.1" 200 22
101.228.187.155 - - [24/Sep/2023:10:07:29 +0800] "GET /xingrg/images/blue/pingpu.png HTTP/1.1" 304 -
101.228.187.155 - - [24/Sep/2023:10:07:29 +0800] "GET /xingrg/javascript/jquery_easy_ui/themes/default/images/tabs_leftarrow.png HTTP/1.1" 304 -
101.228.187.155 - - [24/Sep/2023:10:07:29 +0800] "GET /xingrg/javascript/jquery_easy_ui/themes/default/images/tabs_rightarrow.png HTTP/1.1" 304 -
101.228.187.155 - - [24/Sep/2023:10:07:29 +0800] "GET /xingrg/javascript/jquery_easy_ui/themes/default/images/panel_tool_collapse.gif HTTP/1.1" 304 -
101.228.187.155 - - [24/Sep/2023:10:07:30 +0800] "POST /xingrg/all/common/load_tree.html?tree=area_rest_tree_json&manage=1 HTTP/1.1" 200 351
101.228.187.155 - - [24/Sep/2023:10:07:30 +0800] "POST /xingrg/load_menu.html HTTP/1.1" 200 5138
114.83.219.209 - - [24/Sep/2023:10:07:30 +0800] "POST /xingrg/all/common/load_select.html HTTP/1.1" 200 25
180.163.29.234 - - [24/Sep/2023:10:07:30 +0800] "GET /xingrg/all/function/internal_message.html?_=1695521190576&CODE_STATE=getMsg HTTP/1.1" 302 -
180.163.29.234 - - [24/Sep/2023:10:07:30 +0800] "GET /xingrg/login.html HTTP/1.1" 200 7641
101.228.187.155 - - [24/Sep/2023:10:07:30 +0800] "GET /xingrg/javascript/jquery_easy_ui/themes/default/images/tree_arrows.gif HTTP/1.1" 304 -
101.228.187.155 - - [24/Sep/2023:10:07:30 +0800] "GET /xingrg/javascript/jquery_easy_ui/themes/default/images/tree_folder_open.gif HTTP/1.1" 304 -
101.228.187.155 - - [24/Sep/2023:10:07:30 +0800] "GET /xingrg/javascript/jquery_easy_ui/themes/icons/search_new.png HTTP/1.1" 304 -
101.228.187.155 - - [24/Sep/2023:10:07:30 +0800] "GET /xingrg/javascript/jquery_easy_ui/themes/icons/forms_new.png HTTP/1.1" 304 -
101.228.187.155 - - [24/Sep/2023:10:07:30 +0800] "GET /xingrg/javascript/jquery_easy_ui/themes/default/images/tree_folder.gif HTTP/1.1" 304 -
101.228.187.155 - - [24/Sep/2023:10:07:30 +0800] "GET /xingrg/javascript/jquery_easy_ui/themes/icons/storage_new.png HTTP/1.1" 304 -
101.228.187.155 - - [24/Sep/2023:10:07:30 +0800] "GET /xingrg/javascript/jquery_easy_ui/themes/default/images/tree_file.gif HTTP/1.1" 304 -
180.169.147.146 - - [24/Sep/2023:10:07:30 +0800] "GET /xingrg/all/function/internal_message.html?_=1695521250565&CODE_STATE=getMsg HTTP/1.1" 200 27
180.169.147.146 - - [24/Sep/2023:10:07:33 +0800] "GET /xingrg/all/report/report_query.html?isQuery=1&fileName=kc/buy/wlcg_cate_hz_rest.xml&queryString=(CONVERT(char(10)%2Ca.order_time%2C%20120)%3E%3D'2023-09-23')%20and%20(CONVERT(char(10)%2Ca.order_time%2C%20120)%3C%3D'2023-09-23')%20and%20(a.supplier_code%20in%20('00100430'))%20and%20(a.supplier_code%3D'00100430')%20and%20(a.data_area%3D'00104')&queryText=%E3%80%90%E9%87%87%E8%B4%AD%E6%97%A5%E6%9C%9F%3A2023-09-23%20%E8%87%B3%202023-09-23%E3%80%91%20%E5%B9%B6%E4%B8%94%20%20%E3%80%90%E4%BE%9B%E5%BA%94%E5%95%86%20%3D%20%E8%B0%A2%E6%8C%AF%E5%8D%97%E3%80%91%20%E5%B9%B6%E4%B8%94%20%E3%80%90%E4%BE%9B%E5%BA%94%E5%95%86%3D%E8%B0%A2%E6%8C%AF%E5%8D%97%E3%80%91%E5%B9%B6%E4%B8%94%E3%80%90%E9%97%A8%E5%BA%97%E5%90%8D%E7%A7%B0%20%3D%20%E6%B7%B1%E6%B5%B7%E6%B8%94%E6%B8%AF%E5%AE%9D%E5%B1%B1%E5%BA%97%E3%80%91&rand=0.5401803899403131 HTTP/1.1" 200 54349
180.169.147.146 - - [24/Sep/2023:10:07:33 +0800] "GET /xingrg/all/report/report_query.html?isQuery=1&fileName=kc/buy/wlcg_cate_hz_rest.xml&queryString=(CONVERT(char(10)%2Ca.order_time%2C%20120)%3E%3D'2023-09-23')%20and%20(CONVERT(char(10)%2Ca.order_time%2C%20120)%3C%3D'2023-09-23')%20and%20(a.supplier_code%20in%20('00100430'))%20and%20(a.supplier_code%3D'00100430')%20and%20(a.data_area%3D'00104')&queryText=%E3%80%90%E9%87%87%E8%B4%AD%E6%97%A5%E6%9C%9F%3A2023-09-23%20%E8%87%B3%202023-09-23%E3%80%91%20%E5%B9%B6%E4%B8%94%20%20%E3%80%90%E4%BE%9B%E5%BA%94%E5%95%86%20%3D%20%E8%B0%A2%E6%8C%AF%E5%8D%97%E3%80%91%20%E5%B9%B6%E4%B8%94%20%E3%80%90%E4%BE%9B%E5%BA%94%E5%95%86%3D%E8%B0%A2%E6%8C%AF%E5%8D%97%E3%80%91%E5%B9%B6%E4%B8%94%E3%80%90%E9%97%A8%E5%BA%97%E5%90%8D%E7%A7%B0%20%3D%20%E6%B7%B1%E6%B5%B7%E6%B8%94%E6%B8%AF%E5%AE%9D%E5%B1%B1%E5%BA%97%E3%80%91&rand=0.5401803899403131 HTTP/1.1" 200 54349
180.169.147.146 - - [24/Sep/2023:10:07:33 +0800] "GET /xingrg/dwr/interface/AjaxReportQueryService.js HTTP/1.1" 200 13203
180.169.147.146 - - [24/Sep/2023:10:07:33 +0800] "GET /xingrg/dwr/engine.js HTTP/1.1" 200 43631
101.228.187.155 - - [24/Sep/2023:10:07:34 +0800] "GET /xingrg/javascript/jquery_easy_ui/themes/icons/area.png HTTP/1.1" 304 -
101.228.187.155 - - [24/Sep/2023:10:07:34 +0800] "GET /xingrg/javascript/jquery_easy_ui/themes/icons/rest.png HTTP/1.1" 304 -
114.83.219.209 - - [24/Sep/2023:10:07:37 +0800] "GET /xingrg/kc/base/wldb_order_operate.html?command=get_materiel&rest_code=00154&base_code=0010724&code=00101019184 HTTP/1.1" 200 458
27.115.124.118 - - [24/Sep/2023:10:07:40 +0800] "GET /xingrg/index.html HTTP/1.1" 302 -
27.115.124.45 - - [24/Sep/2023:10:07:40 +0800] "GET /xingrg/index.html HTTP/1.1" 302 -
27.115.124.45 - - [24/Sep/2023:10:07:40 +0800] "GET /xingrg/login.html HTTP/1.1" 200 2139
27.115.124.45 - - [24/Sep/2023:10:07:40 +0800] "GET /xingrg/javascript/mobile/jquery.mobile-1.3.2.min.css HTTP/1.1" 200 94670
27.115.124.109 - - [24/Sep/2023:10:07:40 +0800] "GET /xingrg/javascript/mobile/jquery-1.8.3.min.js HTTP/1.1" 200 93637
27.115.124.6 - - [24/Sep/2023:10:07:40 +0800] "GET /xingrg/javascript/mobile/jquery.mobile-1.3.2.min.js HTTP/1.1" 200 145396
27.115.124.109 - - [24/Sep/2023:10:07:40 +0800] "GET / HTTP/1.1" 404 -
27.115.124.109 - - [24/Sep/2023:10:07:40 +0800] "GET / HTTP/1.1" 404 -
27.115.124.6 - - [24/Sep/2023:10:07:40 +0800] "GET /xingrg/javascript/mobile/images/ajax-loader.gif HTTP/1.1" 200 7825
180.169.147.146 - - [24/Sep/2023:10:07:40 +0800] "POST /xingrg/all/report/load_report_page.html HTTP/1.1" 200 8705
180.169.147.146 - - [24/Sep/2023:10:07:40 +0800] "GET /xingrg/servlets/image?cache=0.9207321474717471&image=px HTTP/1.1" 200 807
180.165.48.189 - - [24/Sep/2023:10:07:41 +0800] "POST /xingrg/services/DataTransmitService HTTP/1.1" 200 524
114.83.216.51 - - [24/Sep/2023:10:07:43 +0800] "GET /favicon.ico HTTP/1.1" 404 -
180.152.241.196 - - [24/Sep/2023:10:07:45 +0800] "GET /xingrg/all/function/internal_message.html?_=1695521265271&CODE_STATE=getMsg HTTP/1.1" 200 27
114.83.219.209 - - [24/Sep/2023:10:07:45 +0800] "GET /xingrg/kc/base/wldb_order_operate.html?command=get_materiel&rest_code=00154&base_code=0010724&code=00101020335 HTTP/1.1" 200 456
180.152.241.196 - - [24/Sep/2023:10:07:45 +0800] "GET /xingrg/check_reg.html?_=1695521265722 HTTP/1.1" 200 22
27.115.124.118 - - [24/Sep/2023:10:07:45 +0800] "GET / HTTP/1.1" 404 -
27.115.124.118 - - [24/Sep/2023:10:07:45 +0800] "GET / HTTP/1.1" 404 -
101.83.145.37 - - [24/Sep/2023:10:07:47 +0800] "GET /xingrg/all/function/internal_message.html?_=1695521268226&CODE_STATE=getMsg HTTP/1.1" 200 27
101.83.145.37 - - [24/Sep/2023:10:07:47 +0800] "GET /xingrg/check_reg.html?_=1695521268227 HTTP/1.1" 200 22
221.239.166.189 - - [24/Sep/2023:10:07:49 +0800] "GET /xingrg/all/function/internal_message.html?_=1695521267411&CODE_STATE=getMsg HTTP/1.1" 200 27
114.83.219.209 - - [24/Sep/2023:10:07:49 +0800] "GET /xingrg/all/function/internal_message.html?_=1695521271098&CODE_STATE=getMsg HTTP/1.1" 200 27
120.253.135.82 - - [24/Sep/2023:10:07:51 +0800] "GET /xingrg/all/function/internal_message.html?_=1695521074752&CODE_STATE=getMsg HTTP/1.1" 200 27
114.95.241.104 - - [24/Sep/2023:10:07:52 +0800] "GET /xingrg/all/function/internal_message.html?_=1695521270060&CODE_STATE=getMsg HTTP/1.1" 200 27
222.70.180.200 - - [24/Sep/2023:10:07:54 +0800] "GET /xingrg/all/function/internal_message.html?_=1695521274330&CODE_STATE=getMsg HTTP/1.1" 200 27
114.83.216.51 - - [24/Sep/2023:10:07:55 +0800] "GET /xingrg/login.html HTTP/1.1" 200 7641
114.83.216.51 - - [24/Sep/2023:10:07:56 +0800] "GET /favicon.ico HTTP/1.1" 404 -
180.163.29.234 - - [24/Sep/2023:10:07:56 +0800] "GET /xingrg/kc/print/load_data.html?order_code=212023092409744&kc_code=cgsh&condition= HTTP/1.1" 302 -
180.163.29.234 - - [24/Sep/2023:10:07:56 +0800] "GET /xingrg/login.html HTTP/1.1" 200 7641
78.128.114.22 - - [24/Sep/2023:10:07:57 +0800] "/*àCookie: mstshash=Administr " 400 -
114.83.219.209 - - [24/Sep/2023:10:07:57 +0800] "GET /xingrg/kc/base/wldb_order_operate.html?command=get_materiel&rest_code=00154&base_code=0010724&code=00101012015 HTTP/1.1" 200 468
124.78.69.58 - - [24/Sep/2023:10:07:59 +0800] "GET /xingrg/check_reg.html?_=1695520706283 HTTP/1.1" 200 22
124.78.69.58 - - [24/Sep/2023:10:07:59 +0800] "GET /xingrg/all/function/internal_message.html?_=1695520706285&CODE_STATE=getMsg HTTP/1.1" 200 27
116.230.110.33 - - [24/Sep/2023:10:07:59 +0800] "GET /xingrg/all/function/internal_message.html?_=1695521132611&CODE_STATE=getMsg HTTP/1.1" 200 27
114.83.219.209 - - [24/Sep/2023:10:08:00 +0800] "POST /xingrg/all/common/load_select.html HTTP/1.1" 200 25
124.79.244.212 - - [24/Sep/2023:10:08:02 +0800] "GET /xingrg/all/function/internal_message.html?_=1695521580891&CODE_STATE=getMsg HTTP/1.1" 200 27
180.152.241.196 - - [24/Sep/2023:10:08:02 +0800] "GET /xingrg/kc/buy/cgsh_order_operate.html?command=get_materiel&rest_code=00102&code=00101006184&supplier_code=00100151&order_time=2023-09-24 HTTP/1.1" 200 427
114.83.219.209 - - [24/Sep/2023:10:08:02 +0800] "GET /xingrg/kc/base/wldb_order_operate.html?command=get_materiel_price&rest_code=00154&base_code=0010724&code=00101012015&unit_code=00100057 HTTP/1.1" 200 35
180.163.30.85 - - [24/Sep/2023:10:08:03 +0800] "GET /xingrg/kc/print/load_data.html?order_code=212023092409744&kc_code=cgsh HTTP/1.1" 302 -
180.163.30.85 - - [24/Sep/2023:10:08:03 +0800] "GET /xingrg/login.html HTTP/1.1" 200 7641
114.83.216.51 - - [24/Sep/2023:10:08:03 +0800] "POST /xingrg/login.do HTTP/1.1" 302 -
114.83.216.51 - - [24/Sep/2023:10:08:04 +0800] "GET /xingrg/index.html?sysBaseUrl=http%3A%2F%2F180.169.147.146%3A18081%2Fxingrg%2F&costTime=1728×tamp=1695521283515 HTTP/1.1" 200 16418
114.83.216.51 - - [24/Sep/2023:10:08:05 +0800] "POST /xingrg/login.do HTTP/1.1" 302 -
114.83.216.51 - - [24/Sep/2023:10:08:05 +0800] "GET /xingrg/index.html?sysBaseUrl=http%3A%2F%2F180.169.147.146%3A18081%2Fxingrg%2F&costTime=1669×tamp=1695521285415 HTTP/1.1" 200 17179
114.83.216.51 - - [24/Sep/2023:10:08:05 +0800] "GET /favicon.ico HTTP/1.1" 404 -
114.83.216.51 - - [24/Sep/2023:10:08:05 +0800] "GET /xingrg/check_reg.html?_=1695521285840 HTTP/1.1" 200 22
114.83.216.51 - - [24/Sep/2023:10:08:05 +0800] "GET /xingrg/all/function/internal_message.html?_=1695521285840&CODE_STATE=count HTTP/1.1" 200 11
114.83.216.51 - - [24/Sep/2023:10:08:05 +0800] "POST /xingrg/all/common/load_tree.html?tree=area_rest_tree_json&manage=1 HTTP/1.1" 200 351
114.83.216.51 - - [24/Sep/2023:10:08:05 +0800] "POST /xingrg/load_menu.html HTTP/1.1" 200 5138
222.70.107.161 - - [24/Sep/2023:10:08:08 +0800] "GET /xingrg/all/function/internal_message.html?_=1695521288511&CODE_STATE=getMsg HTTP/1.1" 200 27
114.83.216.51 - - [24/Sep/2023:10:08:08 +0800] "GET /xingrg/kc/buy/cgsh_order_list.html HTTP/1.1" 200 56585
114.95.241.104 - - [24/Sep/2023:10:08:10 +0800] "GET /xingrg/all/function/internal_message.html?_=1695521194521&CODE_STATE=getMsg HTTP/1.1" 200 27
124.77.244.146 - - [24/Sep/2023:10:08:11 +0800] "GET /xingrg/all/function/internal_message.html?_=1695521293391&CODE_STATE=getMsg HTTP/1.1" 200 27
180.152.241.196 - - [24/Sep/2023:10:08:13 +0800] "GET /xingrg/kc/buy/cgsh_order_operate.html?command=get_materiel&rest_code=00102&code=00101016105&supplier_code=00100151&order_time=2023-09-24 HTTP/1.1" 200 409
116.230.110.33 - - [24/Sep/2023:10:08:15 +0800] "POST /xingrg/kc/buy/cgsh_list_operate.html HTTP/1.1" 200 4
114.83.216.51 - - [24/Sep/2023:10:08:16 +0800] "POST /xingrg/kc/buy/cgsh_list_operate.html HTTP/1.1" 200 986
124.78.155.92 - - [24/Sep/2023:10:08:16 +0800] "POST /xingrg/kc/buy/cgsh_list_operate.html HTTP/1.1" 200 1869
101.83.145.37 - - [24/Sep/2023:10:08:17 +0800] "GET /xingrg/all/function/internal_message.html?_=1695521083226&CODE_STATE=getMsg HTTP/1.1" 200 27
114.83.216.51 - - [24/Sep/2023:10:08:17 +0800] "GET /xingrg/kc/buy/cgsh_order_add.html HTTP/1.1" 200 72449
114.83.216.51 - - [24/Sep/2023:10:08:17 +0800] "POST /xingrg/kc/buy/cgsh_order_operate.html HTTP/1.1" 200 8245
114.83.216.51 - - [24/Sep/2023:10:08:17 +0800] "GET /xingrg/javascript/easyui/themes/default/validatebox.css HTTP/1.1" 404 1104
114.83.216.51 - - [24/Sep/2023:10:08:17 +0800] "GET /xingrg/all/common/auto_word.html?type=employee&rest_code=00149 HTTP/1.1" 200 197
114.83.216.51 - - [24/Sep/2023:10:08:17 +0800] "GET /xingrg/all/common/auto_word.html?type=employee&rest_code=00149 HTTP/1.1" 200 197
114.95.241.104 - - [24/Sep/2023:10:08:18 +0800] "GET /xingrg/all/function/internal_message.html?_=1695521202486&CODE_STATE=getMsg HTTP/1.1" 200 27
114.83.216.51 - - [24/Sep/2023:10:08:19 +0800] "GET /xingrg/javascript/auto/indicator.gif HTTP/1.1" 404 1066
114.83.219.209 - - [24/Sep/2023:10:08:20 +0800] "GET /xingrg/kc/base/wldb_order_operate.html?command=get_materiel&rest_code=00154&base_code=0010724&code=00101010527 HTTP/1.1" 200 435
114.83.216.51 - - [24/Sep/2023:10:08:22 +0800] "GET /xingrg/javascript/jquery_tools/images/prev.gif HTTP/1.1" 404 1086
114.83.216.51 - - [24/Sep/2023:10:08:22 +0800] "GET /xingrg/javascript/jquery_tools/images/next.gif HTTP/1.1" 404 1086
180.152.241.196 - - [24/Sep/2023:10:08:22 +0800] "GET /xingrg/kc/buy/cgsh_order_operate.html?command=get_materiel&rest_code=00102&code=00101023022&supplier_code=00100151&order_time=2023-09-24 HTTP/1.1" 200 406
114.83.219.209 - - [24/Sep/2023:10:08:26 +0800] "GET /xingrg/kc/base/wldb_order_operate.html?command=get_materiel&rest_code=00154&base_code=0010724&code=00101012121 HTTP/1.1" 200 420
180.163.30.27 - - [24/Sep/2023:10:08:27 +0800] "GET /xingrg/check_reg.html?_=1695521242798 HTTP/1.1" 302 -
180.163.30.27 - - [24/Sep/2023:10:08:27 +0800] "GET /xingrg/login.html HTTP/1.1" 200 7641
124.78.155.92 - - [24/Sep/2023:10:08:27 +0800] "GET /xingrg/all/function/internal_message.html?_=1695521302768&CODE_STATE=getMsg HTTP/1.1" 200 27
180.165.48.189 - - [24/Sep/2023:10:08:29 +0800] "GET /xingrg/all/function/internal_message.html?_=1695521310034&CODE_STATE=getMsg HTTP/1.1" 200 27
114.83.216.51 - - [24/Sep/2023:10:08:29 +0800] "GET /xingrg/kc/buy/cgsh_order_operate.html?command=get_materiel&rest_code=00149&code=00101016037&supplier_code=00100573&order_time=2023-09-24 HTTP/1.1" 200 450
101.228.187.155 - - [24/Sep/2023:10:08:29 +0800] "GET /xingrg/all/function/internal_message.html?_=1695521308618&CODE_STATE=getMsg HTTP/1.1" 200 27
180.169.147.146 - - [24/Sep/2023:10:08:30 +0800] "GET /xingrg/check_reg.html?_=1695521310497 HTTP/1.1" 200 22
180.169.147.146 - - [24/Sep/2023:10:08:30 +0800] "GET /xingrg/all/function/internal_message.html?_=1695521310565&CODE_STATE=getMsg HTTP/1.1" 200 27
114.83.219.209 - - [24/Sep/2023:10:08:32 +0800] "GET /xingrg/kc/base/wldb_order_operate.html?command=get_materiel&rest_code=00154&base_code=0010724&code=00101012077 HTTP/1.1" 200 436
180.163.29.206 - - [24/Sep/2023:10:08:33 +0800] "GET /xingrg/all/report/report_query.html?isQuery=1&fileName=kc/buy/wlcg_cate_hz_rest.xml&queryString=(CONVERT(char(10),a.order_time,120)>='2023-09-23')and(CONVERT(char(10),a.order_time,120)<='2023-09-23')and(a.supplier_codein('00100430'))and(a.supplier_code='00100430')and(a.data_area='00104')&queryText=???¨¦??¨¨¡ä-??£¤???:2023-09-23¨¨?32023-09-23????1???????????o????=¨¨¡ã¡é??¡¥???????1???????????o????=¨¨¡ã¡é??¡¥???????1???????¨¦?¡§?o?????¡ì¡ã=?¡¤¡À?¦Ì¡¤?????¡¥????¡À¡À?o????&rand=0.5401803899403131 HTTP/1.1" 302 -
180.163.29.206 - - [24/Sep/2023:10:08:33 +0800] "GET /xingrg/login.html HTTP/1.1" 200 7641
124.78.155.92 - - [24/Sep/2023:10:08:34 +0800] "POST /xingrg/kc/buy/cgsh_list_operate.html HTTP/1.1" 200 567
180.152.241.196 - - [24/Sep/2023:10:08:35 +0800] "POST /xingrg/kc/buy/cgsh_order_operate.html HTTP/1.1" 200 37
114.83.219.209 - - [24/Sep/2023:10:08:38 +0800] "GET /xingrg/kc/base/wldb_order_operate.html?command=get_materiel&rest_code=00154&base_code=0010724&code=00101012017 HTTP/1.1" 200 446
114.83.216.51 - - [24/Sep/2023:10:08:40 +0800] "GET /xingrg/kc/buy/cgsh_order_operate.html?command=get_materiel&rest_code=00149&code=00101016097&supplier_code=00100573&order_time=2023-09-24 HTTP/1.1" 200 470
180.163.28.55 - - [24/Sep/2023:10:08:40 +0800] "GET /xingrg/servlets/image?cache=0.9207321474717471&image=px HTTP/1.1" 200 807
180.165.48.189 - - [24/Sep/2023:10:08:41 +0800] "GET /xingrg/check_reg.html?_=1695521321648 HTTP/1.1" 200 22
218.81.68.103 - - [24/Sep/2023:10:08:41 +0800] "GET /xingrg/check_reg.html?_=1695521319577 HTTP/1.1" 200 22
180.152.241.196 - - [24/Sep/2023:10:08:42 +0800] "POST /xingrg/kc/buy/cgsh_order_operate.html HTTP/1.1" 200 5653
180.152.241.196 - - [24/Sep/2023:10:08:45 +0800] "GET /xingrg/all/function/internal_message.html?_=1695521325257&CODE_STATE=getMsg HTTP/1.1" 200 27
101.83.145.37 - - [24/Sep/2023:10:08:47 +0800] "GET /xingrg/all/function/internal_message.html?_=1695521328240&CODE_STATE=getMsg HTTP/1.1" 200 27
221.239.166.189 - - [24/Sep/2023:10:08:49 +0800] "GET /xingrg/all/function/internal_message.html?_=1695521327393&CODE_STATE=getMsg HTTP/1.1" 200 27
114.83.219.209 - - [24/Sep/2023:10:08:49 +0800] "GET /xingrg/all/function/internal_message.html?_=1695521331075&CODE_STATE=getMsg HTTP/1.1" 200 27
221.239.166.189 - - [24/Sep/2023:10:08:51 +0800] "GET /xingrg/check_reg.html?_=1695521329090 HTTP/1.1" 200 22
120.253.135.82 - - [24/Sep/2023:10:08:52 +0800] "GET /xingrg/all/function/internal_message.html?_=1695521134792&CODE_STATE=getMsg HTTP/1.1" 200 27
114.95.241.104 - - [24/Sep/2023:10:08:52 +0800] "GET /xingrg/all/function/internal_message.html?_=1695521330054&CODE_STATE=getMsg HTTP/1.1" 200 27
222.70.180.200 - - [24/Sep/2023:10:08:54 +0800] "GET /xingrg/all/function/internal_message.html?_=1695521334302&CODE_STATE=getMsg HTTP/1.1" 200 27
114.83.216.51 - - [24/Sep/2023:10:08:56 +0800] "POST /xingrg/kc/buy/cgsh_order_operate.html HTTP/1.1" 200 37
180.169.147.146 - - [24/Sep/2023:10:08:56 +0800] "POST /xingrg/dwr/call/plaincall/AjaxReportQueryService.refreshCache.dwr HTTP/1.1" 200 78
180.152.241.196 - - [24/Sep/2023:10:08:59 +0800] "POST /xingrg/kc/buy/cgsh_order_operate.html HTTP/1.1" 200 37
124.79.244.212 - - [24/Sep/2023:10:09:02 +0800] "GET /xingrg/all/function/internal_message.html?_=1695521640903&CODE_STATE=getMsg HTTP/1.1" 200 27
180.152.241.196 - - [24/Sep/2023:10:09:03 +0800] "POST /xingrg/kc/buy/cgsh_order_operate.html HTTP/1.1" 200 5653
114.83.216.51 - - [24/Sep/2023:10:09:03 +0800] "POST /xingrg/kc/buy/cgsh_order_operate.html HTTP/1.1" 200 12
180.169.147.146 - - [24/Sep/2023:10:09:04 +0800] "POST /xingrg/all/report/load_report_page.html HTTP/1.1" 200 51180
180.169.147.146 - - [24/Sep/2023:10:09:04 +0800] "GET /xingrg/servlets/image?cache=0.4603889898992194&image=px HTTP/1.1" 200 807
114.83.216.51 - - [24/Sep/2023:10:09:05 +0800] "GET /xingrg/all/function/internal_message.html?_=1695521345951&CODE_STATE=getMsg HTTP/1.1" 200 27
114.83.216.51 - - [24/Sep/2023:10:09:06 +0800] "GET /xingrg/kc/buy/cgsh_order_info.html?code=212023092409746 HTTP/1.1" 200 67358
114.83.216.51 - - [24/Sep/2023:10:09:07 +0800] "GET /xingrg/javascript/easyui/themes/default/validatebox.css HTTP/1.1" 404 1104
114.83.216.51 - - [24/Sep/2023:10:09:08 +0800] "POST /xingrg/kc/buy/cgsh_order_operate.html HTTP/1.1" 200 1244
222.70.107.161 - - [24/Sep/2023:10:09:08 +0800] "GET /xingrg/all/function/internal_message.html?_=1695521348544&CODE_STATE=getMsg HTTP/1.1" 200 27
114.83.216.51 - - [24/Sep/2023:10:09:09 +0800] "GET /xingrg/kc/print/load_config.html?kc_code=cgsh HTTP/1.1" 200 1927
114.83.219.209 - - [24/Sep/2023:10:09:09 +0800] "GET /xingrg/kc/base/wldb_order_operate.html?command=get_materiel&rest_code=00154&base_code=0010724&code=00101019379 HTTP/1.1" 200 470
114.83.216.51 - - [24/Sep/2023:10:09:10 +0800] "GET /xingrg/kc/print/load_data.html?order_code=212023092409746&kc_code=cgsh&condition= HTTP/1.1" 200 978
114.95.241.104 - - [24/Sep/2023:10:09:10 +0800] "GET /xingrg/all/function/internal_message.html?_=1695521254527&CODE_STATE=getMsg HTTP/1.1" 200 27
124.77.244.146 - - [24/Sep/2023:10:09:11 +0800] "GET /xingrg/all/function/internal_message.html?_=1695521353395&CODE_STATE=getMsg HTTP/1.1" 200 27
180.169.147.146 - - [24/Sep/2023:10:09:14 +0800] "POST /xingrg/all/report/report_print.html HTTP/1.1" 200 7168
114.83.216.51 - - [24/Sep/2023:10:09:16 +0800] "GET /xingrg/kc/buy/cgsh_order_add.html HTTP/1.1" 200 72449
114.83.216.51 - - [24/Sep/2023:10:09:16 +0800] "POST /xingrg/kc/buy/cgsh_order_operate.html HTTP/1.1" 200 8245
114.83.216.51 - - [24/Sep/2023:10:09:16 +0800] "GET /xingrg/javascript/easyui/themes/default/validatebox.css HTTP/1.1" 404 1104
101.83.145.37 - - [24/Sep/2023:10:09:17 +0800] "GET /xingrg/all/function/internal_message.html?_=1695521143227&CODE_STATE=getMsg HTTP/1.1" 200 27
114.95.241.104 - - [24/Sep/2023:10:09:18 +0800] "GET /xingrg/all/function/internal_message.html?_=1695521262499&CODE_STATE=getMsg HTTP/1.1" 200 27
180.163.29.103 - - [24/Sep/2023:10:09:27 +0800] "GET /xingrg/all/function/internal_message.html?_=1695521302768&CODE_STATE=getMsg HTTP/1.1" 302 -
180.163.29.103 - - [24/Sep/2023:10:09:27 +0800] "GET /xingrg/login.html HTTP/1.1" 200 7641
124.78.155.92 - - [24/Sep/2023:10:09:27 +0800] "GET /xingrg/all/function/internal_message.html?_=1695521362757&CODE_STATE=getMsg HTTP/1.1" 200 27
180.165.48.189 - - [24/Sep/2023:10:09:29 +0800] "GET /xingrg/all/function/internal_message.html?_=1695521370018&CODE_STATE=getMsg HTTP/1.1" 200 27
101.228.187.155 - - [24/Sep/2023:10:09:29 +0800] "GET /xingrg/all/function/internal_message.html?_=1695521368620&CODE_STATE=getMsg HTTP/1.1" 200 27
180.169.147.146 - - [24/Sep/2023:10:09:30 +0800] "GET /xingrg/all/function/internal_message.html?_=1695521370561&CODE_STATE=getMsg HTTP/1.1" 200 27
180.152.241.196 - - [24/Sep/2023:10:09:33 +0800] "POST /xingrg/kc/buy/cgsh_order_operate.html HTTP/1.1" 200 37
124.78.155.92 - - [24/Sep/2023:10:09:39 +0800] "GET /xingrg/kc/buy/cgsh_order_info.html?code=212023092409718 HTTP/1.1" 200 72370
124.78.155.92 - - [24/Sep/2023:10:09:40 +0800] "GET /xingrg/javascript/easyui/themes/default/validatebox.css HTTP/1.1" 404 1104
124.78.155.92 - - [24/Sep/2023:10:09:41 +0800] "POST /xingrg/kc/buy/cgsh_order_operate.html HTTP/1.1" 200 31663
