221.239.166.189 - - [24/Sep/2023:11:16:48 +0800] "GET /xingrg/all/function/internal_message.html?_=1695525406271&CODE_STATE=getMsg HTTP/1.1" 200 27
124.78.69.58 - - [24/Sep/2023:11:16:49 +0800] "POST /xingrg/kc/buy/cgsh_order_operate.html HTTP/1.1" 200 12
114.83.219.209 - - [24/Sep/2023:11:16:50 +0800] "GET /xingrg/all/function/internal_message.html?_=1695525411336&CODE_STATE=getMsg HTTP/1.1" 200 27
114.95.241.104 - - [24/Sep/2023:11:16:50 +0800] "GET /xingrg/all/function/internal_message.html?_=1695525408571&CODE_STATE=getMsg HTTP/1.1" 200 27
124.78.69.58 - - [24/Sep/2023:11:16:51 +0800] "GET /xingrg/kc/buy/cgsh_order_info.html?code=212023092409804 HTTP/1.1" 200 67274
114.83.216.51 - - [24/Sep/2023:11:16:51 +0800] "GET /xingrg/all/function/internal_message.html?_=1695525412039&CODE_STATE=getMsg HTTP/1.1" 200 27
114.83.216.51 - - [24/Sep/2023:11:16:51 +0800] "GET /xingrg/check_reg.html?_=1695525412043 HTTP/1.1" 200 22
124.78.69.58 - - [24/Sep/2023:11:16:51 +0800] "GET /xingrg/javascript/easyui/themes/default/validatebox.css HTTP/1.1" 404 1104
124.78.69.58 - - [24/Sep/2023:11:16:52 +0800] "POST /xingrg/kc/buy/cgsh_order_operate.html HTTP/1.1" 200 610
222.70.180.200 - - [24/Sep/2023:11:16:53 +0800] "GET /xingrg/all/function/internal_message.html?_=1695525412820&CODE_STATE=getMsg HTTP/1.1" 200 27
124.78.69.58 - - [24/Sep/2023:11:16:53 +0800] "GET /xingrg/kc/print/load_config.html?kc_code=cgsh HTTP/1.1" 200 1927
120.253.135.82 - - [24/Sep/2023:11:16:53 +0800] "GET /xingrg/all/function/internal_message.html?_=1695525216438&CODE_STATE=getMsg HTTP/1.1" 200 27
124.78.69.58 - - [24/Sep/2023:11:16:54 +0800] "GET /xingrg/kc/print/load_data.html?order_code=212023092409804&kc_code=cgsh&condition= HTTP/1.1" 200 711
180.163.30.100 - - [24/Sep/2023:11:16:55 +0800] "GET /xingrg/all/function/internal_message.html?_=1695525350752&CODE_STATE=getMsg HTTP/1.1" 302 -
180.163.30.100 - - [24/Sep/2023:11:16:55 +0800] "GET /xingrg/login.html HTTP/1.1" 200 7641
124.78.155.92 - - [24/Sep/2023:11:16:55 +0800] "GET /xingrg/all/function/internal_message.html?_=1695525410726&CODE_STATE=getMsg HTTP/1.1" 200 27
116.230.110.33 - - [24/Sep/2023:11:16:57 +0800] "GET /xingrg/all/function/internal_message.html?_=1695525416974&CODE_STATE=getMsg HTTP/1.1" 200 27
124.78.69.58 - - [24/Sep/2023:11:16:57 +0800] "GET /xingrg/all/function/internal_message.html?_=1695524844500&CODE_STATE=getMsg HTTP/1.1" 200 27
124.78.69.58 - - [24/Sep/2023:11:16:58 +0800] "GET /xingrg/kc/buy/cgsh_order_add.html HTTP/1.1" 200 72361
124.78.69.58 - - [24/Sep/2023:11:16:58 +0800] "POST /xingrg/kc/buy/cgsh_order_operate.html HTTP/1.1" 200 8245
124.78.69.58 - - [24/Sep/2023:11:16:58 +0800] "GET /xingrg/javascript/easyui/themes/default/validatebox.css HTTP/1.1" 404 1104
116.230.110.33 - - [24/Sep/2023:11:16:59 +0800] "GET /xingrg/all/function/internal_message.html?_=1695525271894&CODE_STATE=getMsg HTTP/1.1" 200 27
222.70.107.161 - - [24/Sep/2023:11:17:00 +0800] "GET /xingrg/all/function/internal_message.html?_=1695525420824&CODE_STATE=getMsg HTTP/1.1" 200 27
222.70.180.200 - - [24/Sep/2023:11:17:00 +0800] "GET /xingrg/kc/buy/cgsh_order_operate.html?command=get_materiel&rest_code=00111&code=00101010527&supplier_code=00100037&order_time=2023-09-24 HTTP/1.1" 200 436
222.70.107.161 - - [24/Sep/2023:11:17:01 +0800] "POST /xingrg/kc/buy/cgsh_order_operate.html HTTP/1.1" 200 2664
124.79.244.212 - - [24/Sep/2023:11:17:02 +0800] "GET /xingrg/all/function/internal_message.html?_=1695525720971&CODE_STATE=getMsg HTTP/1.1" 200 27
101.228.187.155 - - [24/Sep/2023:11:17:03 +0800] "POST /xingrg/dwr/call/plaincall/AjaxYddbService.removeMaterielItem.dwr HTTP/1.1" 200 78
124.78.69.58 - - [24/Sep/2023:11:17:04 +0800] "GET /xingrg/all/function/internal_message.html?_=1695525425110&CODE_STATE=getMsg HTTP/1.1" 200 27
124.78.69.58 - - [24/Sep/2023:11:17:07 +0800] "GET /xingrg/kc/buy/cgsh_order_operate.html?command=get_materiel&rest_code=00141&code=00101015100&supplier_code=00100327&order_time=2023-09-24 HTTP/1.1" 200 426
101.228.187.155 - - [24/Sep/2023:11:17:08 +0800] "POST /xingrg/dwr/call/plaincall/AjaxComOrderService.getMaterielSearchList.dwr HTTP/1.1" 200 26318
101.228.187.155 - - [24/Sep/2023:11:17:09 +0800] "POST /xingrg/dwr/call/plaincall/AjaxComOrderService.getMaterielSearchList.dwr HTTP/1.1" 200 287
101.83.145.37 - - [24/Sep/2023:11:17:10 +0800] "GET /xingrg/javascript/jquery_easy_ui/themes/icons/area.png HTTP/1.1" 304 -
101.83.145.37 - - [24/Sep/2023:11:17:10 +0800] "GET /xingrg/javascript/jquery_easy_ui/themes/icons/rest.png HTTP/1.1" 304 -
101.83.145.37 - - [24/Sep/2023:11:17:10 +0800] "GET /xingrg/javascript/jquery_easy_ui/themes/icons/manage.png HTTP/1.1" 304 -
114.95.241.104 - - [24/Sep/2023:11:17:11 +0800] "GET /xingrg/all/function/internal_message.html?_=1695525335451&CODE_STATE=getMsg HTTP/1.1" 200 27
101.228.187.155 - - [24/Sep/2023:11:17:11 +0800] "POST /xingrg/dwr/call/plaincall/AjaxYddbService.getMaterielByMap.dwr HTTP/1.1" 200 1629
124.77.244.146 - - [24/Sep/2023:11:17:13 +0800] "GET /xingrg/all/function/internal_message.html?_=1695525435458&CODE_STATE=getMsg HTTP/1.1" 200 27
222.70.180.200 - - [24/Sep/2023:11:17:13 +0800] "GET /xingrg/all/function/internal_message.html?_=1695525433301&CODE_STATE=getMsg HTTP/1.1" 200 27
124.79.244.212 - - [24/Sep/2023:11:17:14 +0800] "GET /xingrg/kc/buy/cgsh_order_list.html HTTP/1.1" 200 56585
124.79.244.212 - - [24/Sep/2023:11:17:17 +0800] "POST /xingrg/kc/buy/cgsh_list_operate.html HTTP/1.1" 200 986
101.83.145.37 - - [24/Sep/2023:11:17:17 +0800] "GET /xingrg/check_reg.html?_=1695525223320 HTTP/1.1" 200 22
101.83.145.37 - - [24/Sep/2023:11:17:17 +0800] "GET /xingrg/all/function/internal_message.html?_=1695525223323&CODE_STATE=getMsg HTTP/1.1" 200 27
101.83.145.37 - - [24/Sep/2023:11:17:19 +0800] "GET /xingrg/kc/base/wldb_order_operate.html?command=get_materiel&rest_code=00105&base_code=0010508&code=00102002082 HTTP/1.1" 200 453
114.95.241.104 - - [24/Sep/2023:11:17:20 +0800] "GET /xingrg/all/function/internal_message.html?_=1695525344405&CODE_STATE=getMsg HTTP/1.1" 200 27
101.228.187.155 - - [24/Sep/2023:11:17:21 +0800] "POST /xingrg/dwr/call/plaincall/AjaxYddbService.getUnitPrice.dwr HTTP/1.1" 200 88
180.165.48.189 - - [24/Sep/2023:11:17:22 +0800] "GET /xingrg/all/function/internal_message.html?_=1695525443510&CODE_STATE=getMsg HTTP/1.1" 200 27
180.163.29.234 - - [24/Sep/2023:11:17:29 +0800] "GET /xingrg/check_reg.html?_=1695525389389 HTTP/1.1" 302 -
180.163.29.234 - - [24/Sep/2023:11:17:29 +0800] "GET /xingrg/login.html HTTP/1.1" 200 7641
180.163.29.217 - - [24/Sep/2023:11:17:29 +0800] "GET /xingrg/all/function/internal_message.html?_=1695525389391&CODE_STATE=getMsg HTTP/1.1" 302 -
180.163.29.217 - - [24/Sep/2023:11:17:29 +0800] "GET /xingrg/login.html HTTP/1.1" 200 7641
101.83.145.37 - - [24/Sep/2023:11:17:29 +0800] "GET /xingrg/kc/base/wldb_order_operate.html?command=get_materiel&rest_code=00105&base_code=0010508&code=00102002439 HTTP/1.1" 200 472
180.169.147.146 - - [24/Sep/2023:11:17:29 +0800] "GET /xingrg/all/function/internal_message.html?_=1695525449384&CODE_STATE=getMsg HTTP/1.1" 200 27
124.78.69.58 - - [24/Sep/2023:11:17:29 +0800] "GET /xingrg/kc/buy/cgsh_order_operate.html?command=get_materiel&rest_code=00141&code=00101010569&supplier_code=00100327&order_time=2023-09-24 HTTP/1.1" 200 411
101.228.187.155 - - [24/Sep/2023:11:17:30 +0800] "GET /xingrg/all/function/internal_message.html?_=1695525448681&CODE_STATE=getMsg HTTP/1.1" 200 27
101.228.187.155 - - [24/Sep/2023:11:17:30 +0800] "GET /xingrg/check_reg.html?_=1695525448685 HTTP/1.1" 200 22
222.70.107.161 - - [24/Sep/2023:11:17:36 +0800] "GET /xingrg/index.html?sysBaseUrl=http%3A%2F%2F180.169.147.146%3A18081%2Fxingrg%2F&costTime=882×tamp=1695523969968 HTTP/1.1" 200 17179
222.70.107.161 - - [24/Sep/2023:11:17:36 +0800] "GET /xingrg/all/function/internal_message.html?_=1695525456998&CODE_STATE=count HTTP/1.1" 200 11
222.70.107.161 - - [24/Sep/2023:11:17:36 +0800] "GET /xingrg/check_reg.html?_=1695525456998 HTTP/1.1" 200 22
222.70.107.161 - - [24/Sep/2023:11:17:36 +0800] "POST /xingrg/all/common/load_tree.html?tree=area_rest_tree_json&manage=1 HTTP/1.1" 200 351
222.70.107.161 - - [24/Sep/2023:11:17:36 +0800] "POST /xingrg/load_menu.html HTTP/1.1" 200 5138
101.83.145.37 - - [24/Sep/2023:11:17:38 +0800] "GET /xingrg/kc/base/wldb_order_operate.html?command=get_materiel&rest_code=00105&base_code=0010508&code=00102002254 HTTP/1.1" 200 449
222.70.180.200 - - [24/Sep/2023:11:17:40 +0800] "GET /xingrg/all/function/internal_message.html?_=1695525460667&CODE_STATE=getMsg HTTP/1.1" 200 27
222.70.107.161 - - [24/Sep/2023:11:17:42 +0800] "GET /xingrg/index.html?sysBaseUrl=http%3A%2F%2F180.169.147.146%3A18081%2Fxingrg%2F&costTime=882×tamp=1695523969968 HTTP/1.1" 200 17179
222.70.107.161 - - [24/Sep/2023:11:17:42 +0800] "GET /xingrg/all/function/internal_message.html?_=1695525463029&CODE_STATE=count HTTP/1.1" 200 11
222.70.107.161 - - [24/Sep/2023:11:17:42 +0800] "GET /xingrg/check_reg.html?_=1695525463029 HTTP/1.1" 200 22
222.70.107.161 - - [24/Sep/2023:11:17:42 +0800] "POST /xingrg/all/common/load_tree.html?tree=area_rest_tree_json&manage=1 HTTP/1.1" 200 351
222.70.107.161 - - [24/Sep/2023:11:17:42 +0800] "POST /xingrg/load_menu.html HTTP/1.1" 200 5138
222.70.107.161 - - [24/Sep/2023:11:17:44 +0800] "GET /xingrg/kc/base/base_main.html HTTP/1.1" 200 12142
124.79.244.212 - - [24/Sep/2023:11:17:45 +0800] "GET /xingrg/all/function/internal_message.html?_=1695525463599&CODE_STATE=getMsg HTTP/1.1" 200 27
101.83.145.37 - - [24/Sep/2023:11:17:46 +0800] "GET /xingrg/all/function/internal_message.html?_=1695525467068&CODE_STATE=getMsg HTTP/1.1" 200 27
222.70.107.161 - - [24/Sep/2023:11:17:47 +0800] "GET /xingrg/kc/report/report_main.html HTTP/1.1" 200 7340
221.239.166.189 - - [24/Sep/2023:11:17:48 +0800] "GET /xingrg/all/function/internal_message.html?_=1695525466247&CODE_STATE=getMsg HTTP/1.1" 200 27
222.70.107.161 - - [24/Sep/2023:11:17:49 +0800] "GET /xingrg/kc/base/kc_stocks.html HTTP/1.1" 200 16512
222.70.107.161 - - [24/Sep/2023:11:17:49 +0800] "GET /xingrg/javascript/easyui/themes/default/tree.css HTTP/1.1" 404 1090
222.70.107.161 - - [24/Sep/2023:11:17:49 +0800] "GET /xingrg/all/common/auto_word.html?type=base&rest_code=00156 HTTP/1.1" 200 1903
222.70.107.161 - - [24/Sep/2023:11:17:49 +0800] "POST /xingrg/all/common/load_tree.html?tree=materiel_sort_tree_json HTTP/1.1" 200 9500
114.83.219.209 - - [24/Sep/2023:11:17:50 +0800] "GET /xingrg/all/function/internal_message.html?_=1695525471326&CODE_STATE=getMsg HTTP/1.1" 200 27
101.83.145.37 - - [24/Sep/2023:11:17:50 +0800] "POST /xingrg/services/DataTransmitService HTTP/1.1" 200 524
114.95.241.104 - - [24/Sep/2023:11:17:50 +0800] "GET /xingrg/all/function/internal_message.html?_=1695525468573&CODE_STATE=getMsg HTTP/1.1" 200 27
101.83.145.37 - - [24/Sep/2023:11:17:51 +0800] "POST /xingrg/services/DataTransmitService HTTP/1.1" 200 412
114.83.216.51 - - [24/Sep/2023:11:17:51 +0800] "GET /xingrg/all/function/internal_message.html?_=1695525472043&CODE_STATE=getMsg HTTP/1.1" 200 27
222.70.180.200 - - [24/Sep/2023:11:17:53 +0800] "GET /xingrg/all/function/internal_message.html?_=1695525472789&CODE_STATE=getMsg HTTP/1.1" 200 27
120.253.135.82 - - [24/Sep/2023:11:17:53 +0800] "GET /xingrg/all/function/internal_message.html?_=1695525276452&CODE_STATE=getMsg HTTP/1.1" 200 27
180.163.28.143 - - [24/Sep/2023:11:17:55 +0800] "GET /xingrg/all/function/internal_message.html?_=1695525410726&CODE_STATE=getMsg HTTP/1.1" 302 -
180.163.28.143 - - [24/Sep/2023:11:17:55 +0800] "GET /xingrg/login.html HTTP/1.1" 200 7641
124.78.155.92 - - [24/Sep/2023:11:17:55 +0800] "GET /xingrg/all/function/internal_message.html?_=1695525470712&CODE_STATE=getMsg HTTP/1.1" 200 27
222.70.107.161 - - [24/Sep/2023:11:17:56 +0800] "POST /xingrg/kc/base/stock_operate.html HTTP/1.1" 200 3798
116.230.110.33 - - [24/Sep/2023:11:17:57 +0800] "GET /xingrg/all/function/internal_message.html?_=1695525476971&CODE_STATE=getMsg HTTP/1.1" 200 27
116.230.110.33 - - [24/Sep/2023:11:17:57 +0800] "GET /xingrg/check_reg.html?_=1695525476976 HTTP/1.1" 200 22
124.78.69.58 - - [24/Sep/2023:11:17:57 +0800] "GET /xingrg/all/function/internal_message.html?_=1695524904515&CODE_STATE=getMsg HTTP/1.1" 200 27
116.230.110.33 - - [24/Sep/2023:11:17:59 +0800] "GET /xingrg/all/function/internal_message.html?_=1695525331874&CODE_STATE=getMsg HTTP/1.1" 200 27
124.79.244.212 - - [24/Sep/2023:11:18:02 +0800] "GET /xingrg/all/function/internal_message.html?_=1695525780985&CODE_STATE=getMsg HTTP/1.1" 200 27
124.78.69.58 - - [24/Sep/2023:11:18:04 +0800] "GET /xingrg/all/function/internal_message.html?_=1695525485108&CODE_STATE=getMsg HTTP/1.1" 200 27
124.78.69.58 - - [24/Sep/2023:11:18:05 +0800] "GET /xingrg/kc/buy/cgsh_order_operate.html?command=get_materiel&rest_code=00141&code=00101010111&supplier_code=00100327&order_time=2023-09-24 HTTP/1.1" 200 417
114.95.241.104 - - [24/Sep/2023:11:18:11 +0800] "GET /xingrg/all/function/internal_message.html?_=1695525395473&CODE_STATE=getMsg HTTP/1.1" 200 27
124.77.244.146 - - [24/Sep/2023:11:18:13 +0800] "GET /xingrg/all/function/internal_message.html?_=1695525495614&CODE_STATE=getMsg HTTP/1.1" 200 27
222.70.180.200 - - [24/Sep/2023:11:18:13 +0800] "GET /xingrg/all/function/internal_message.html?_=1695525493453&CODE_STATE=getMsg HTTP/1.1" 200 27
222.70.107.161 - - [24/Sep/2023:11:18:15 +0800] "POST /xingrg/kc/base/stock_operate.html HTTP/1.1" 200 3345
124.78.69.58 - - [24/Sep/2023:11:18:16 +0800] "GET /xingrg/kc/buy/cgsh_order_operate.html?command=get_materiel&rest_code=00141&code=00101010263&supplier_code=00100327&order_time=2023-09-24 HTTP/1.1" 200 409
101.83.145.37 - - [24/Sep/2023:11:18:17 +0800] "GET /xingrg/all/function/internal_message.html?_=1695525283307&CODE_STATE=getMsg HTTP/1.1" 200 27
101.83.145.37 - - [24/Sep/2023:11:18:20 +0800] "GET /xingrg/kc/base/wldb_order_operate.html?command=get_materiel&rest_code=00105&base_code=0010508&code=00102004006 HTTP/1.1" 200 442
114.95.241.104 - - [24/Sep/2023:11:18:20 +0800] "GET /xingrg/all/function/internal_message.html?_=1695525404466&CODE_STATE=getMsg HTTP/1.1" 200 27
180.165.48.189 - - [24/Sep/2023:11:18:22 +0800] "GET /xingrg/all/function/internal_message.html?_=1695525503483&CODE_STATE=getMsg HTTP/1.1" 200 27
222.70.107.161 - - [24/Sep/2023:11:18:26 +0800] "POST /xingrg/kc/base/stock_operate.html HTTP/1.1" 200 3798
101.83.145.37 - - [24/Sep/2023:11:18:28 +0800] "GET /xingrg/kc/base/wldb_order_operate.html?command=get_materiel&rest_code=00105&base_code=0010508&code=00102021018 HTTP/1.1" 200 446
180.169.147.146 - - [24/Sep/2023:11:18:29 +0800] "GET /xingrg/all/function/internal_message.html?_=1695525509392&CODE_STATE=getMsg HTTP/1.1" 200 27
101.228.187.155 - - [24/Sep/2023:11:18:30 +0800] "GET /xingrg/all/function/internal_message.html?_=1695525508685&CODE_STATE=getMsg HTTP/1.1" 200 27
222.70.107.161 - - [24/Sep/2023:11:18:33 +0800] "GET /xingrg/kc/buy/buy_main.html HTTP/1.1" 200 12412
222.70.107.161 - - [24/Sep/2023:11:18:33 +0800] "GET /xingrg/css/new_ie.css HTTP/1.1" 404 1036
222.70.107.161 - - [24/Sep/2023:11:18:33 +0800] "GET /xingrg/images/yd/bt.gif HTTP/1.1" 404 1040
124.78.155.92 - - [24/Sep/2023:11:18:35 +0800] "GET /xingrg/login.html?r=1 HTTP/1.1" 200 7641
124.78.155.92 - - [24/Sep/2023:11:18:35 +0800] "GET /favicon.ico HTTP/1.1" 404 -
222.70.107.161 - - [24/Sep/2023:11:18:35 +0800] "GET /xingrg/kc/buy/cgsh_order_list.html HTTP/1.1" 200 56585
124.78.155.92 - - [24/Sep/2023:11:18:39 +0800] "POST /xingrg/login.do HTTP/1.1" 302 -
124.78.155.92 - - [24/Sep/2023:11:18:39 +0800] "GET /xingrg/index.html?sysBaseUrl=http%3A%2F%2F180.169.147.146%3A18081%2Fxingrg%2F&costTime=873×tamp=1695525519053 HTTP/1.1" 200 17173
124.78.155.92 - - [24/Sep/2023:11:18:39 +0800] "GET /favicon.ico HTTP/1.1" 404 -
124.78.155.92 - - [24/Sep/2023:11:18:39 +0800] "GET /xingrg/all/function/internal_message.html?_=1695525519704&CODE_STATE=count HTTP/1.1" 200 11
124.78.155.92 - - [24/Sep/2023:11:18:39 +0800] "GET /xingrg/check_reg.html?_=1695525519705 HTTP/1.1" 200 22
124.78.155.92 - - [24/Sep/2023:11:18:39 +0800] "POST /xingrg/all/common/load_tree.html?tree=area_rest_tree_json&manage=1 HTTP/1.1" 200 342
124.78.155.92 - - [24/Sep/2023:11:18:39 +0800] "POST /xingrg/load_menu.html HTTP/1.1" 200 5138
222.70.180.200 - - [24/Sep/2023:11:18:40 +0800] "GET /xingrg/all/function/internal_message.html?_=1695525520659&CODE_STATE=getMsg HTTP/1.1" 200 27
218.81.68.103 - - [24/Sep/2023:11:18:41 +0800] "GET /xingrg/check_reg.html?_=1695525519438 HTTP/1.1" 200 22
124.78.155.92 - - [24/Sep/2023:11:18:41 +0800] "GET /xingrg/kc/buy/buy_main.html HTTP/1.1" 200 12412
124.78.155.92 - - [24/Sep/2023:11:18:41 +0800] "GET /xingrg/css/new_ie.css HTTP/1.1" 404 1036
124.78.155.92 - - [24/Sep/2023:11:18:41 +0800] "GET /xingrg/javascript/jquery_ui/themes/humanity/humanity.css HTTP/1.1" 304 -
124.78.155.92 - - [24/Sep/2023:11:18:41 +0800] "GET /xingrg/javascript/ToolTips.js HTTP/1.1" 304 -
124.78.155.92 - - [24/Sep/2023:11:18:41 +0800] "GET /xingrg/javascript/jquery_ui/jquery-ui.min.js HTTP/1.1" 304 -
124.78.155.92 - - [24/Sep/2023:11:18:41 +0800] "GET /xingrg/images/blue/button/cgxqd.gif HTTP/1.1" 304 -
124.78.155.92 - - [24/Sep/2023:11:18:41 +0800] "GET /xingrg/images/blue/button/cgydd.gif HTTP/1.1" 304 -
124.78.155.92 - - [24/Sep/2023:11:18:41 +0800] "GET /xingrg/images/blue/button/cgshd.gif HTTP/1.1" 304 -
124.78.155.92 - - [24/Sep/2023:11:18:41 +0800] "GET /xingrg/images/blue/button/cgfkd.gif HTTP/1.1" 304 -
124.78.155.92 - - [24/Sep/2023:11:18:41 +0800] "GET /xingrg/images/blue/button/ckthd.gif HTTP/1.1" 304 -
124.78.155.92 - - [24/Sep/2023:11:18:41 +0800] "GET /xingrg/javascript/jquery_ui/themes/humanity/images/ui-bg_inset-soft_100_f4f0ec_1x100.png HTTP/1.1" 304 -
124.78.155.92 - - [24/Sep/2023:11:18:41 +0800] "GET /xingrg/images/blue/button/down_ah.jpg HTTP/1.1" 304 -
124.78.155.92 - - [24/Sep/2023:11:18:41 +0800] "GET /xingrg/javascript/jquery_ui/themes/humanity/images/ui-iconsnew.jpg HTTP/1.1" 304 -
124.78.155.92 - - [24/Sep/2023:11:18:41 +0800] "GET /xingrg/javascript/jquery_ui/themes/humanity/images/ui-icons_ffffff_256x240.png HTTP/1.1" 304 -
124.78.155.92 - - [24/Sep/2023:11:18:41 +0800] "GET /xingrg/javascript/jquery_ui/themes/humanity/images/ui-icons_c47a23_256x240.png HTTP/1.1" 304 -
124.78.155.92 - - [24/Sep/2023:11:18:41 +0800] "GET /xingrg/javascript/jquery_ui/themes/humanity/images/ui-bg_glass_70_ede4d4_1x400.png HTTP/1.1" 304 -
124.78.155.92 - - [24/Sep/2023:11:18:41 +0800] "GET /xingrg/images/yd/bt.gif HTTP/1.1" 404 1040
222.70.107.161 - - [24/Sep/2023:11:18:42 +0800] "GET /xingrg/all/function/internal_message.html?_=1695525523031&CODE_STATE=getMsg HTTP/1.1" 200 27
124.78.155.92 - - [24/Sep/2023:11:18:43 +0800] "GET /xingrg/kc/buy/cgsh_order_list.html HTTP/1.1" 200 56579
222.70.180.200 - - [24/Sep/2023:11:18:43 +0800] "GET /xingrg/kc/buy/cgsh_order_operate.html?command=get_materiel&rest_code=00111&code=00101012017&supplier_code=00100037&order_time=2023-09-24 HTTP/1.1" 200 447
124.79.244.212 - - [24/Sep/2023:11:18:45 +0800] "GET /xingrg/all/function/internal_message.html?_=1695525523595&CODE_STATE=getMsg HTTP/1.1" 200 27
101.83.145.37 - - [24/Sep/2023:11:18:46 +0800] "GET /xingrg/all/function/internal_message.html?_=1695525527021&CODE_STATE=getMsg HTTP/1.1" 200 27
101.83.145.37 - - [24/Sep/2023:11:18:47 +0800] "GET /xingrg/check_reg.html?_=1695525527793 HTTP/1.1" 200 22
221.239.166.189 - - [24/Sep/2023:11:18:48 +0800] "GET /xingrg/all/function/internal_message.html?_=1695525526219&CODE_STATE=getMsg HTTP/1.1" 200 27
124.78.69.58 - - [24/Sep/2023:11:18:48 +0800] "POST /xingrg/kc/buy/cgsh_order_operate.html HTTP/1.1" 200 37
114.83.219.209 - - [24/Sep/2023:11:18:50 +0800] "GET /xingrg/all/function/internal_message.html?_=1695525531325&CODE_STATE=getMsg HTTP/1.1" 200 27
221.239.166.189 - - [24/Sep/2023:11:18:50 +0800] "GET /xingrg/check_reg.html?_=1695525528895 HTTP/1.1" 200 22
114.95.241.104 - - [24/Sep/2023:11:18:50 +0800] "GET /xingrg/all/function/internal_message.html?_=1695525528572&CODE_STATE=getMsg HTTP/1.1" 200 27
114.95.241.104 - - [24/Sep/2023:11:18:51 +0800] "GET /xingrg/check_reg.html?_=1695525528574 HTTP/1.1" 200 22
124.78.155.92 - - [24/Sep/2023:11:18:51 +0800] "GET /xingrg/kc/buy/cgsh_order_add.html HTTP/1.1" 200 72361
124.78.155.92 - - [24/Sep/2023:11:18:51 +0800] "GET /xingrg/words/20230924105926_words.js HTTP/1.1" 304 -
124.78.155.92 - - [24/Sep/2023:11:18:51 +0800] "POST /xingrg/kc/buy/cgsh_order_operate.html HTTP/1.1" 200 8245
124.78.155.92 - - [24/Sep/2023:11:18:51 +0800] "GET /xingrg/javascript/easyui/themes/default/validatebox.css HTTP/1.1" 404 1104
114.83.216.51 - - [24/Sep/2023:11:18:51 +0800] "GET /xingrg/all/function/internal_message.html?_=1695525532041&CODE_STATE=getMsg HTTP/1.1" 200 27
124.78.155.92 - - [24/Sep/2023:11:18:52 +0800] "GET /xingrg/javascript/easyui/themes/default/tree.css HTTP/1.1" 404 1090
124.78.155.92 - - [24/Sep/2023:11:18:52 +0800] "POST /xingrg/all/common/load_tree.html?tree=supplier_tree_json&isDelete=1 HTTP/1.1" 200 75946
222.70.180.200 - - [24/Sep/2023:11:18:53 +0800] "GET /xingrg/all/function/internal_message.html?_=1695525532773&CODE_STATE=getMsg HTTP/1.1" 200 27
120.253.135.82 - - [24/Sep/2023:11:18:53 +0800] "GET /xingrg/all/function/internal_message.html?_=1695525336509&CODE_STATE=getMsg HTTP/1.1" 200 27
124.78.155.92 - - [24/Sep/2023:11:18:55 +0800] "GET /xingrg/all/function/internal_message.html?_=1695525530686&CODE_STATE=getMsg HTTP/1.1" 200 27
116.230.110.33 - - [24/Sep/2023:11:18:57 +0800] "GET /xingrg/all/function/internal_message.html?_=1695525536977&CODE_STATE=getMsg HTTP/1.1" 200 27
124.78.69.58 - - [24/Sep/2023:11:18:57 +0800] "GET /xingrg/all/function/internal_message.html?_=1695524964502&CODE_STATE=getMsg HTTP/1.1" 200 27
114.83.216.51 - - [24/Sep/2023:11:18:59 +0800] "POST /xingrg/services/DataTransmitService HTTP/1.1" 200 524
116.230.110.33 - - [24/Sep/2023:11:18:59 +0800] "GET /xingrg/all/function/internal_message.html?_=1695525391846&CODE_STATE=getMsg HTTP/1.1" 200 27
180.152.241.196 - - [24/Sep/2023:11:18:59 +0800] "POST /xingrg/kc/buy/cgsh_list_operate.html HTTP/1.1" 200 4739
114.83.216.51 - - [24/Sep/2023:11:19:00 +0800] "POST /xingrg/services/DataTransmitService HTTP/1.1" 200 412
124.78.155.92 - - [24/Sep/2023:11:19:00 +0800] "POST /xingrg/kc/buy/cgsh_list_operate.html HTTP/1.1" 200 154
124.79.244.212 - - [24/Sep/2023:11:19:02 +0800] "GET /xingrg/all/function/internal_message.html?_=1695525840986&CODE_STATE=getMsg HTTP/1.1" 200 27
124.78.69.58 - - [24/Sep/2023:11:19:04 +0800] "GET /xingrg/all/function/internal_message.html?_=1695525545122&CODE_STATE=getMsg HTTP/1.1" 200 27
124.78.69.58 - - [24/Sep/2023:11:19:04 +0800] "GET /xingrg/check_reg.html?_=1695525545125 HTTP/1.1" 200 22
222.70.107.161 - - [24/Sep/2023:11:19:07 +0800] "POST /xingrg/kc/buy/cgsh_list_operate.html HTTP/1.1" 200 4577
124.78.69.58 - - [24/Sep/2023:11:19:11 +0800] "POST /xingrg/kc/buy/cgsh_order_operate.html HTTP/1.1" 200 12
114.95.241.104 - - [24/Sep/2023:11:19:11 +0800] "GET /xingrg/all/function/internal_message.html?_=1695525455478&CODE_STATE=getMsg HTTP/1.1" 200 27
222.70.180.200 - - [24/Sep/2023:11:19:13 +0800] "GET /xingrg/all/function/internal_message.html?_=1695525553437&CODE_STATE=getMsg HTTP/1.1" 200 27
124.77.244.146 - - [24/Sep/2023:11:19:13 +0800] "GET /xingrg/all/function/internal_message.html?_=1695525555625&CODE_STATE=getMsg HTTP/1.1" 200 27
124.78.69.58 - - [24/Sep/2023:11:19:15 +0800] "GET /xingrg/kc/buy/cgsh_order_info.html?code=212023092409805 HTTP/1.1" 200 67270
124.78.155.92 - - [24/Sep/2023:11:19:15 +0800] "GET /xingrg/kc/buy/cgsh_order_operate.html?command=get_materiel&rest_code=00106&code=00101006284&supplier_code=00100558&order_time=2023-09-24 HTTP/1.1" 200 418
124.78.69.58 - - [24/Sep/2023:11:19:15 +0800] "GET /xingrg/javascript/easyui/themes/default/validatebox.css HTTP/1.1" 404 1104
124.78.69.58 - - [24/Sep/2023:11:19:16 +0800] "POST /xingrg/kc/buy/cgsh_order_operate.html HTTP/1.1" 200 2398
101.83.145.37 - - [24/Sep/2023:11:19:17 +0800] "GET /xingrg/all/function/internal_message.html?_=1695525343307&CODE_STATE=getMsg HTTP/1.1" 200 27
222.70.107.161 - - [24/Sep/2023:11:19:17 +0800] "GET /xingrg/logout.do HTTP/1.1" 302 -
222.70.107.161 - - [24/Sep/2023:11:19:17 +0800] "GET /xingrg/login.html?sysBaseUrl=http%3A%2F%2F180.169.147.146%3A18081%2Fxingrg%2F&costTime=32×tamp=1695525557348 HTTP/1.1" 200 7641
124.78.69.58 - - [24/Sep/2023:11:19:17 +0800] "GET /xingrg/kc/print/load_data.html?order_code=212023092409805&kc_code=cgsh&condition= HTTP/1.1" 200 1404
114.95.241.104 - - [24/Sep/2023:11:19:20 +0800] "GET /xingrg/all/function/internal_message.html?_=1695525464479&CODE_STATE=getMsg HTTP/1.1" 200 27
124.78.69.58 - - [24/Sep/2023:11:19:22 +0800] "GET /xingrg/kc/buy/cgsh_order_add.html HTTP/1.1" 200 72361
124.78.69.58 - - [24/Sep/2023:11:19:22 +0800] "POST /xingrg/kc/buy/cgsh_order_operate.html HTTP/1.1" 200 8245
124.78.69.58 - - [24/Sep/2023:11:19:22 +0800] "GET /xingrg/javascript/easyui/themes/default/validatebox.css HTTP/1.1" 404 1104
180.165.48.189 - - [24/Sep/2023:11:19:22 +0800] "GET /xingrg/all/function/internal_message.html?_=1695525563465&CODE_STATE=getMsg HTTP/1.1" 200 27
124.78.155.92 - - [24/Sep/2023:11:19:28 +0800] "GET /xingrg/kc/buy/cgsh_order_operate.html?command=get_materiel&rest_code=00106&code=00101006335&supplier_code=00100558&order_time=2023-09-24 HTTP/1.1" 200 414
180.169.147.146 - - [24/Sep/2023:11:19:29 +0800] "GET /xingrg/all/function/internal_message.html?_=1695525569394&CODE_STATE=getMsg HTTP/1.1" 200 27
101.228.187.155 - - [24/Sep/2023:11:19:30 +0800] "GET /xingrg/all/function/internal_message.html?_=1695525568692&CODE_STATE=getMsg HTTP/1.1" 200 27
124.78.69.58 - - [24/Sep/2023:11:19:31 +0800] "GET /xingrg/kc/buy/cgsh_order_operate.html?command=get_materiel&rest_code=00141&code=00101001037&supplier_code=00100090&order_time=2023-09-24 HTTP/1.1" 200 416
124.78.155.92 - - [24/Sep/2023:11:19:38 +0800] "GET /xingrg/kc/buy/cgsh_order_operate.html?command=get_materiel&rest_code=00106&code=00101006282&supplier_code=00100558&order_time=2023-09-24 HTTP/1.1" 200 418
124.78.155.92 - - [24/Sep/2023:11:19:39 +0800] "GET /xingrg/all/function/internal_message.html?_=1695525579712&CODE_STATE=getMsg HTTP/1.1" 200 27
222.70.180.200 - - [24/Sep/2023:11:19:40 +0800] "GET /xingrg/all/function/internal_message.html?_=1695525580659&CODE_STATE=getMsg HTTP/1.1" 200 27
124.78.69.58 - - [24/Sep/2023:11:19:43 +0800] "GET /xingrg/kc/buy/cgsh_order_operate.html?command=get_materiel&rest_code=00141&code=00101001140&supplier_code=00100090&order_time=2023-09-24 HTTP/1.1" 200 417
124.79.244.212 - - [24/Sep/2023:11:19:45 +0800] "GET /xingrg/all/function/internal_message.html?_=1695525583611&CODE_STATE=getMsg HTTP/1.1" 200 27
101.83.145.37 - - [24/Sep/2023:11:19:46 +0800] "GET /xingrg/all/function/internal_message.html?_=1695525586989&CODE_STATE=getMsg HTTP/1.1" 200 27
124.78.155.92 - - [24/Sep/2023:11:19:46 +0800] "GET /xingrg/kc/buy/cgsh_order_operate.html?command=get_materiel&rest_code=00106&code=00102026001&supplier_code=00100558&order_time=2023-09-24 HTTP/1.1" 200 409
221.239.166.189 - - [24/Sep/2023:11:19:48 +0800] "GET /xingrg/all/function/internal_message.html?_=1695525586205&CODE_STATE=getMsg HTTP/1.1" 200 27
222.70.107.161 - - [24/Sep/2023:11:19:48 +0800] "POST /xingrg/login.do HTTP/1.1" 302 -
222.70.107.161 - - [24/Sep/2023:11:19:48 +0800] "GET /xingrg/index.html?sysBaseUrl=http%3A%2F%2F180.169.147.146%3A18081%2Fxingrg%2F&costTime=822×tamp=1695525588643 HTTP/1.1" 200 17179
222.70.107.161 - - [24/Sep/2023:11:19:48 +0800] "GET /xingrg/check_reg.html?_=1695525589219 HTTP/1.1" 200 22
222.70.107.161 - - [24/Sep/2023:11:19:48 +0800] "GET /xingrg/all/function/internal_message.html?_=1695525589218&CODE_STATE=count HTTP/1.1" 200 11
222.70.107.161 - - [24/Sep/2023:11:19:48 +0800] "POST /xingrg/all/common/load_tree.html?tree=area_rest_tree_json&manage=1 HTTP/1.1" 200 351
222.70.107.161 - - [24/Sep/2023:11:19:49 +0800] "POST /xingrg/load_menu.html HTTP/1.1" 200 5138
114.83.219.209 - - [24/Sep/2023:11:19:50 +0800] "GET /xingrg/all/function/internal_message.html?_=1695525591316&CODE_STATE=getMsg HTTP/1.1" 200 27
114.95.241.104 - - [24/Sep/2023:11:19:50 +0800] "GET /xingrg/all/function/internal_message.html?_=1695525588572&CODE_STATE=getMsg HTTP/1.1" 200 27
114.83.216.51 - - [24/Sep/2023:11:19:51 +0800] "GET /xingrg/all/function/internal_message.html?_=1695525592065&CODE_STATE=getMsg HTTP/1.1" 200 27
124.78.69.58 - - [24/Sep/2023:11:19:53 +0800] "GET /xingrg/kc/buy/cgsh_order_operate.html?command=get_materiel&rest_code=00141&code=00101004065&supplier_code=00100090&order_time=2023-09-24 HTTP/1.1" 200 413
222.70.180.200 - - [24/Sep/2023:11:19:53 +0800] "GET /xingrg/all/function/internal_message.html?_=1695525592758&CODE_STATE=getMsg HTTP/1.1" 200 27
120.253.135.82 - - [24/Sep/2023:11:19:53 +0800] "GET /xingrg/all/function/internal_message.html?_=1695525396512&CODE_STATE=getMsg HTTP/1.1" 200 27
124.78.155.92 - - [24/Sep/2023:11:19:55 +0800] "GET /xingrg/all/function/internal_message.html?_=1695525590658&CODE_STATE=getMsg HTTP/1.1" 200 27
116.230.110.33 - - [24/Sep/2023:11:19:57 +0800] "GET /xingrg/all/function/internal_message.html?_=1695525596977&CODE_STATE=getMsg HTTP/1.1" 200 27
124.78.155.92 - - [24/Sep/2023:11:19:57 +0800] "POST /xingrg/kc/buy/cgsh_order_operate.html HTTP/1.1" 200 37
124.78.69.58 - - [24/Sep/2023:11:19:57 +0800] "GET /xingrg/all/function/internal_message.html?_=1695525024527&CODE_STATE=getMsg HTTP/1.1" 200 27
116.230.110.33 - - [24/Sep/2023:11:19:59 +0800] "GET /xingrg/all/function/internal_message.html?_=1695525451831&CODE_STATE=getMsg HTTP/1.1" 200 27
124.79.244.212 - - [24/Sep/2023:11:20:02 +0800] "GET /xingrg/check_reg.html?_=1695525900976 HTTP/1.1" 200 22
124.79.244.212 - - [24/Sep/2023:11:20:02 +0800] "GET /xingrg/all/function/internal_message.html?_=1695525900977&CODE_STATE=getMsg HTTP/1.1" 200 27
124.78.69.58 - - [24/Sep/2023:11:20:04 +0800] "POST /xingrg/kc/buy/cgsh_order_operate.html HTTP/1.1" 200 37
124.78.69.58 - - [24/Sep/2023:11:20:04 +0800] "GET /xingrg/all/function/internal_message.html?_=1695525605109&CODE_STATE=getMsg HTTP/1.1" 200 27
101.228.187.155 - - [24/Sep/2023:11:20:07 +0800] "POST /xingrg/dwr/call/plaincall/AjaxYddbService.saveMaterielItem.dwr HTTP/1.1" 200 79
124.78.155.92 - - [24/Sep/2023:11:20:09 +0800] "POST /xingrg/kc/buy/cgsh_order_operate.html HTTP/1.1" 200 12
124.77.244.146 - - [24/Sep/2023:11:20:11 +0800] "GET /xingrg/check_reg.html?_=1695525612731 HTTP/1.1" 200 22
114.95.241.104 - - [24/Sep/2023:11:20:11 +0800] "GET /xingrg/all/function/internal_message.html?_=1695525515501&CODE_STATE=getMsg HTTP/1.1" 200 27
180.163.28.55 - - [24/Sep/2023:11:20:12 +0800] "GET /xingrg/kc/buy/cgsh_order_operate.html?command=get_materiel&rest_code=00106&code=00101006284&supplier_code=00100558&order_time=2023-09-24 HTTP/1.1" 302 -
180.163.28.55 - - [24/Sep/2023:11:20:12 +0800] "GET /xingrg/login.html HTTP/1.1" 200 7641
124.78.69.58 - - [24/Sep/2023:11:20:12 +0800] "POST /xingrg/kc/buy/cgsh_order_operate.html HTTP/1.1" 200 12
101.83.145.37 - - [24/Sep/2023:11:20:13 +0800] "POST /xingrg/kc/base/wldb_order_operate.html HTTP/1.1" 200 37
124.77.244.146 - - [24/Sep/2023:11:20:13 +0800] "GET /xingrg/all/function/internal_message.html?_=1695525615639&CODE_STATE=getMsg HTTP/1.1" 200 27
124.78.155.92 - - [24/Sep/2023:11:20:13 +0800] "GET /xingrg/kc/buy/cgsh_order_info.html?code=212023092409806 HTTP/1.1" 200 67270
222.70.180.200 - - [24/Sep/2023:11:20:13 +0800] "GET /xingrg/all/function/internal_message.html?_=1695525613531&CODE_STATE=getMsg HTTP/1.1" 200 27
124.78.155.92 - - [24/Sep/2023:11:20:14 +0800] "GET /xingrg/javascript/easyui/themes/default/validatebox.css HTTP/1.1" 404 1104
101.83.145.37 - - [24/Sep/2023:11:20:14 +0800] "POST /xingrg/kc/base/wldb_order_operate.html HTTP/1.1" 200 4150
124.78.69.58 - - [24/Sep/2023:11:20:15 +0800] "GET /xingrg/kc/buy/cgsh_order_info.html?code=212023092409807 HTTP/1.1" 200 67274
124.78.155.92 - - [24/Sep/2023:11:20:15 +0800] "POST /xingrg/kc/buy/cgsh_order_operate.html HTTP/1.1" 200 2395
124.78.69.58 - - [24/Sep/2023:11:20:15 +0800] "GET /xingrg/javascript/easyui/themes/default/validatebox.css HTTP/1.1" 404 1104
124.78.69.58 - - [24/Sep/2023:11:20:16 +0800] "POST /xingrg/kc/buy/cgsh_order_operate.html HTTP/1.1" 200 1811
124.78.155.92 - - [24/Sep/2023:11:20:17 +0800] "GET /xingrg/kc/print/load_data.html?order_code=212023092409806&kc_code=cgsh&condition= HTTP/1.1" 200 1389
101.83.145.37 - - [24/Sep/2023:11:20:17 +0800] "GET /xingrg/all/function/internal_message.html?_=1695525403333&CODE_STATE=getMsg HTTP/1.1" 200 27
124.78.69.58 - - [24/Sep/2023:11:20:17 +0800] "GET /xingrg/kc/print/load_data.html?order_code=212023092409807&kc_code=cgsh&condition= HTTP/1.1" 200 1250
114.95.241.104 - - [24/Sep/2023:11:20:21 +0800] "GET /xingrg/all/function/internal_message.html?_=1695525524537&CODE_STATE=getMsg HTTP/1.1" 200 27
124.78.69.58 - - [24/Sep/2023:11:20:21 +0800] "GET /xingrg/kc/buy/cgsh_order_add.html HTTP/1.1" 200 72361
124.78.69.58 - - [24/Sep/2023:11:20:21 +0800] "POST /xingrg/kc/buy/cgsh_order_operate.html HTTP/1.1" 200 8245
124.78.69.58 - - [24/Sep/2023:11:20:21 +0800] "GET /xingrg/javascript/easyui/themes/default/validatebox.css HTTP/1.1" 404 1104
180.165.48.189 - - [24/Sep/2023:11:20:22 +0800] "GET /xingrg/all/function/internal_message.html?_=1695525623445&CODE_STATE=getMsg HTTP/1.1" 200 27
180.169.147.146 - - [24/Sep/2023:11:20:29 +0800] "GET /xingrg/all/function/internal_message.html?_=1695525629383&CODE_STATE=getMsg HTTP/1.1" 200 27
101.228.187.155 - - [24/Sep/2023:11:20:30 +0800] "GET /xingrg/all/function/internal_message.html?_=1695525628688&CODE_STATE=getMsg HTTP/1.1" 200 27
124.78.69.58 - - [24/Sep/2023:11:20:31 +0800] "GET /xingrg/kc/buy/cgsh_order_operate.html?command=get_materiel&rest_code=00141&code=00101003047&supplier_code=00100093&order_time=2023-09-24 HTTP/1.1" 200 422
124.78.155.92 - - [24/Sep/2023:11:20:39 +0800] "GET /xingrg/all/function/internal_message.html?_=1695525639721&CODE_STATE=getMsg HTTP/1.1" 200 27
124.78.69.58 - - [24/Sep/2023:11:20:39 +0800] "GET /xingrg/kc/buy/cgsh_order_operate.html?command=get_materiel&rest_code=00141&code=00101003040&supplier_code=00100093&order_time=2023-09-24 HTTP/1.1" 200 418
222.70.180.200 - - [24/Sep/2023:11:20:40 +0800] "GET /xingrg/all/function/internal_message.html?_=1695525640660&CODE_STATE=getMsg HTTP/1.1" 200 27
222.70.180.200 - - [24/Sep/2023:11:20:40 +0800] "GET /xingrg/check_reg.html?_=1695525640661 HTTP/1.1" 200 22
124.79.244.212 - - [24/Sep/2023:11:20:45 +0800] "GET /xingrg/all/function/internal_message.html?_=1695525643606&CODE_STATE=getMsg HTTP/1.1" 200 27
124.79.244.212 - - [24/Sep/2023:11:20:45 +0800] "GET /xingrg/check_reg.html?_=1695525643611 HTTP/1.1" 200 22
101.83.145.37 - - [24/Sep/2023:11:20:46 +0800] "GET /xingrg/kc/base/wldb_order_info.html?code=422023092402403 HTTP/1.1" 200 30471
101.83.145.37 - - [24/Sep/2023:11:20:46 +0800] "GET /xingrg/all/function/internal_message.html?_=1695525647050&CODE_STATE=getMsg HTTP/1.1" 200 27
101.83.145.37 - - [24/Sep/2023:11:20:46 +0800] "GET /xingrg/javascript/easyui/themes/default/validatebox.css HTTP/1.1" 404 1104
101.83.145.37 - - [24/Sep/2023:11:20:48 +0800] "POST /xingrg/kc/base/wldb_order_operate.html HTTP/1.1" 200 4150
221.239.166.189 - - [24/Sep/2023:11:20:48 +0800] "GET /xingrg/all/function/internal_message.html?_=1695525646182&CODE_STATE=getMsg HTTP/1.1" 200 27
124.79.244.212 - - [24/Sep/2023:11:20:48 +0800] "GET /xingrg/kc/buy/cgsh_order_add.html HTTP/1.1" 200 72402
222.70.107.161 - - [24/Sep/2023:11:20:48 +0800] "GET /xingrg/all/function/internal_message.html?_=1695525649225&CODE_STATE=getMsg HTTP/1.1" 200 27
124.79.244.212 - - [24/Sep/2023:11:20:49 +0800] "GET /xingrg/words/20230924105926_words.js HTTP/1.1" 200 988628
124.79.244.212 - - [24/Sep/2023:11:20:49 +0800] "POST /xingrg/kc/buy/cgsh_order_operate.html HTTP/1.1" 200 8245
124.79.244.212 - - [24/Sep/2023:11:20:49 +0800] "GET /xingrg/javascript/easyui/themes/default/validatebox.css HTTP/1.1" 404 1104
124.79.244.212 - - [24/Sep/2023:11:20:49 +0800] "GET /xingrg/all/common/auto_word.html?type=employee&rest_code=00104 HTTP/1.1" 200 245
124.79.244.212 - - [24/Sep/2023:11:20:49 +0800] "GET /xingrg/all/common/auto_word.html?type=employee&rest_code=00104 HTTP/1.1" 200 245
114.95.241.104 - - [24/Sep/2023:11:20:49 +0800] "GET /xingrg/check_reg.html?_=1695525553090 HTTP/1.1" 200 22
114.83.219.209 - - [24/Sep/2023:11:20:50 +0800] "GET /xingrg/all/function/internal_message.html?_=1695525651304&CODE_STATE=getMsg HTTP/1.1" 200 27
114.83.219.209 - - [24/Sep/2023:11:20:50 +0800] "GET /xingrg/check_reg.html?_=1695525651504 HTTP/1.1" 200 22
114.95.241.104 - - [24/Sep/2023:11:20:50 +0800] "GET /xingrg/all/function/internal_message.html?_=1695525648579&CODE_STATE=getMsg HTTP/1.1" 200 27
114.83.216.51 - - [24/Sep/2023:11:20:51 +0800] "GET /xingrg/all/function/internal_message.html?_=1695525652054&CODE_STATE=getMsg HTTP/1.1" 200 27
124.78.69.58 - - [24/Sep/2023:11:20:52 +0800] "GET /xingrg/kc/buy/cgsh_order_operate.html?command=get_materiel&rest_code=00141&code=00101003004&supplier_code=00100093&order_time=2023-09-24 HTTP/1.1" 200 422
222.70.180.200 - - [24/Sep/2023:11:20:53 +0800] "GET /xingrg/all/function/internal_message.html?_=1695525652742&CODE_STATE=getMsg HTTP/1.1" 200 27
120.253.135.82 - - [24/Sep/2023:11:20:53 +0800] "GET /xingrg/all/function/internal_message.html?_=1695525456557&CODE_STATE=getMsg HTTP/1.1" 200 27
180.163.28.143 - - [24/Sep/2023:11:20:55 +0800] "GET /xingrg/all/function/internal_message.html?_=1695525590658&CODE_STATE=getMsg HTTP/1.1" 302 -
180.163.28.143 - - [24/Sep/2023:11:20:55 +0800] "GET /xingrg/login.html HTTP/1.1" 200 7641
222.70.180.200 - - [24/Sep/2023:11:20:55 +0800] "GET /xingrg/check_reg.html?_=1695525654835 HTTP/1.1" 200 22
124.78.155.92 - - [24/Sep/2023:11:20:55 +0800] "GET /xingrg/all/function/internal_message.html?_=1695525650643&CODE_STATE=getMsg HTTP/1.1" 200 27
114.95.241.104 - - [24/Sep/2023:11:20:56 +0800] "GET /xingrg/check_reg.html?_=1695525560482 HTTP/1.1" 200 22
116.230.110.33 - - [24/Sep/2023:11:20:57 +0800] "GET /xingrg/all/function/internal_message.html?_=1695525656972&CODE_STATE=getMsg HTTP/1.1" 200 27
124.78.69.58 - - [24/Sep/2023:11:20:57 +0800] "GET /xingrg/check_reg.html?_=1695525084520 HTTP/1.1" 200 22
124.78.69.58 - - [24/Sep/2023:11:20:57 +0800] "GET /xingrg/all/function/internal_message.html?_=1695525084522&CODE_STATE=getMsg HTTP/1.1" 200 27
116.230.110.33 - - [24/Sep/2023:11:20:59 +0800] "GET /xingrg/all/function/internal_message.html?_=1695525511803&CODE_STATE=getMsg HTTP/1.1" 200 27
124.79.244.212 - - [24/Sep/2023:11:21:02 +0800] "GET /xingrg/all/function/internal_message.html?_=1695525960990&CODE_STATE=getMsg HTTP/1.1" 200 27
124.78.69.58 - - [24/Sep/2023:11:21:04 +0800] "POST /xingrg/kc/buy/cgsh_order_operate.html HTTP/1.1" 200 37
124.78.69.58 - - [24/Sep/2023:11:21:04 +0800] "GET /xingrg/all/function/internal_message.html?_=1695525665124&CODE_STATE=getMsg HTTP/1.1" 200 27
114.95.241.104 - - [24/Sep/2023:11:21:11 +0800] "GET /xingrg/all/function/internal_message.html?_=1695525575505&CODE_STATE=getMsg HTTP/1.1" 200 27
124.78.69.58 - - [24/Sep/2023:11:21:12 +0800] "POST /xingrg/kc/buy/cgsh_order_operate.html HTTP/1.1" 200 12
222.70.180.200 - - [24/Sep/2023:11:21:12 +0800] "GET /xingrg/check_reg.html?_=1695525672029 HTTP/1.1" 200 22
124.77.244.146 - - [24/Sep/2023:11:21:13 +0800] "GET /xingrg/all/function/internal_message.html?_=1695525675652&CODE_STATE=getMsg HTTP/1.1" 200 27
222.70.180.200 - - [24/Sep/2023:11:21:14 +0800] "GET /xingrg/all/function/internal_message.html?_=1695525673621&CODE_STATE=getMsg HTTP/1.1" 200 27
124.78.69.58 - - [24/Sep/2023:11:21:14 +0800] "GET /xingrg/kc/buy/cgsh_order_info.html?code=212023092409808 HTTP/1.1" 200 67272
124.78.69.58 - - [24/Sep/2023:11:21:14 +0800] "GET /xingrg/javascript/easyui/themes/default/validatebox.css HTTP/1.1" 404 1104
101.228.187.155 - - [24/Sep/2023:11:21:15 +0800] "GET /xingrg/javascript/jquery_easy_ui/themes/default/images/button_plain_hover.png HTTP/1.1" 200 252
124.78.69.58 - - [24/Sep/2023:11:21:15 +0800] "POST /xingrg/kc/buy/cgsh_order_operate.html HTTP/1.1" 200 1829
180.163.29.206 - - [24/Sep/2023:11:21:16 +0800] "GET /xingrg/kc/print/load_data.html?order_code=212023092409806&kc_code=cgsh&condition= HTTP/1.1" 302 -
180.163.29.206 - - [24/Sep/2023:11:21:16 +0800] "GET /xingrg/login.html HTTP/1.1" 200 7641
124.78.69.58 - - [24/Sep/2023:11:21:17 +0800] "GET /xingrg/kc/print/load_data.html?order_code=212023092409808&kc_code=cgsh&condition= HTTP/1.1" 200 1248
101.83.145.37 - - [24/Sep/2023:11:21:17 +0800] "GET /xingrg/all/function/internal_message.html?_=1695525463333&CODE_STATE=getMsg HTTP/1.1" 200 27
114.95.241.104 - - [24/Sep/2023:11:21:21 +0800] "GET /xingrg/all/function/internal_message.html?_=1695525584553&CODE_STATE=getMsg HTTP/1.1" 200 27
101.228.187.155 - - [24/Sep/2023:11:21:21 +0800] "POST /xingrg/dwr/call/plaincall/AjaxYddbService.checkOrder.dwr HTTP/1.1" 200 79
124.78.69.58 - - [24/Sep/2023:11:21:21 +0800] "GET /xingrg/kc/buy/cgsh_order_add.html HTTP/1.1" 200 72361
124.78.69.58 - - [24/Sep/2023:11:21:21 +0800] "POST /xingrg/kc/buy/cgsh_order_operate.html HTTP/1.1" 200 8245
124.78.69.58 - - [24/Sep/2023:11:21:21 +0800] "GET /xingrg/javascript/easyui/themes/default/validatebox.css HTTP/1.1" 404 1104
101.228.187.155 - - [24/Sep/2023:11:21:22 +0800] "GET /xingrg/kc/base/yddb_order_info.html?code=482023092400221 HTTP/1.1" 200 28835
101.228.187.155 - - [24/Sep/2023:11:21:22 +0800] "GET /xingrg/dwr/interface/AjaxComOrderService.js HTTP/1.1" 200 18264
101.228.187.155 - - [24/Sep/2023:11:21:22 +0800] "GET /xingrg/dwr/interface/AjaxYddbService.js HTTP/1.1" 200 13201
101.228.187.155 - - [24/Sep/2023:11:21:22 +0800] "GET /xingrg/dwr/engine.js HTTP/1.1" 200 43631
180.165.48.189 - - [24/Sep/2023:11:21:22 +0800] "GET /xingrg/all/function/internal_message.html?_=1695525683417&CODE_STATE=getMsg HTTP/1.1" 200 27
101.228.187.155 - - [24/Sep/2023:11:21:23 +0800] "POST /xingrg/dwr/call/plaincall/AjaxYddbService.loadMaterielItems.dwr HTTP/1.1" 200 427
180.165.48.189 - - [24/Sep/2023:11:21:23 +0800] "GET /xingrg/check_reg.html?_=1695525683899 HTTP/1.1" 200 22
180.163.28.180 - - [24/Sep/2023:11:21:29 +0800] "GET /xingrg/all/function/internal_message.html?_=1695525629383&CODE_STATE=getMsg HTTP/1.1" 302 -
180.163.28.180 - - [24/Sep/2023:11:21:29 +0800] "GET /xingrg/login.html HTTP/1.1" 200 7641
101.228.187.155 - - [24/Sep/2023:11:21:29 +0800] "POST /xingrg/kc/base/yddb_list_operate.html HTTP/1.1" 200 4372
180.169.147.146 - - [24/Sep/2023:11:21:29 +0800] "GET /xingrg/all/function/internal_message.html?_=1695525689401&CODE_STATE=getMsg HTTP/1.1" 200 27
180.169.147.146 - - [24/Sep/2023:11:21:29 +0800] "GET /xingrg/check_reg.html?_=1695525689405 HTTP/1.1" 200 22
101.228.187.155 - - [24/Sep/2023:11:21:30 +0800] "GET /xingrg/all/function/internal_message.html?_=1695525688689&CODE_STATE=getMsg HTTP/1.1" 200 27
120.253.135.82 - - [24/Sep/2023:11:21:31 +0800] "GET /xingrg/check_reg.html?_=1695525494405 HTTP/1.1" 200 22
124.78.69.58 - - [24/Sep/2023:11:21:32 +0800] "GET /xingrg/kc/buy/cgsh_order_operate.html?command=get_materiel&rest_code=00141&code=00101002038&supplier_code=00100087&order_time=2023-09-24 HTTP/1.1" 200 416
101.83.145.37 - - [24/Sep/2023:11:21:36 +0800] "POST /xingrg/kc/base/wldb_order_operate.html HTTP/1.1" 200 37
101.83.145.37 - - [24/Sep/2023:11:21:37 +0800] "POST /xingrg/kc/base/wldb_order_operate.html HTTP/1.1" 200 4150
116.230.110.33 - - [24/Sep/2023:11:21:39 +0800] "GET /xingrg/check_reg.html?_=1695525551675 HTTP/1.1" 200 22
124.78.155.92 - - [24/Sep/2023:11:21:39 +0800] "GET /xingrg/all/function/internal_message.html?_=1695525699716&CODE_STATE=getMsg HTTP/1.1" 200 27
222.70.180.200 - - [24/Sep/2023:11:21:40 +0800] "GET /xingrg/all/function/internal_message.html?_=1695525700661&CODE_STATE=getMsg HTTP/1.1" 200 27
101.83.145.37 - - [24/Sep/2023:11:21:43 +0800] "GET /xingrg/kc/base/wldb_order_info.html?code=422023092402403 HTTP/1.1" 200 30471
101.83.145.37 - - [24/Sep/2023:11:21:43 +0800] "GET /xingrg/javascript/easyui/themes/default/validatebox.css HTTP/1.1" 404 1104
101.83.145.37 - - [24/Sep/2023:11:21:44 +0800] "POST /xingrg/kc/base/wldb_order_operate.html HTTP/1.1" 200 4150
124.79.244.212 - - [24/Sep/2023:11:21:45 +0800] "GET /xingrg/all/function/internal_message.html?_=1695525703612&CODE_STATE=getMsg HTTP/1.1" 200 27
124.78.69.58 - - [24/Sep/2023:11:21:45 +0800] "POST /xingrg/kc/buy/cgsh_order_operate.html HTTP/1.1" 200 37
101.83.145.37 - - [24/Sep/2023:11:21:46 +0800] "GET /xingrg/all/function/internal_message.html?_=1695525707048&CODE_STATE=getMsg HTTP/1.1" 200 27
221.239.166.189 - - [24/Sep/2023:11:21:48 +0800] "GET /xingrg/all/function/internal_message.html?_=1695525706167&CODE_STATE=getMsg HTTP/1.1" 200 27
222.70.107.161 - - [24/Sep/2023:11:21:48 +0800] "GET /xingrg/all/function/internal_message.html?_=1695525709225&CODE_STATE=getMsg HTTP/1.1" 200 27
114.83.219.209 - - [24/Sep/2023:11:21:50 +0800] "GET /xingrg/all/function/internal_message.html?_=1695525711305&CODE_STATE=getMsg HTTP/1.1" 200 27
114.95.241.104 - - [24/Sep/2023:11:21:50 +0800] "GET /xingrg/all/function/internal_message.html?_=1695525708579&CODE_STATE=getMsg HTTP/1.1" 200 27
114.83.216.51 - - [24/Sep/2023:11:21:51 +0800] "GET /xingrg/check_reg.html?_=1695525712045 HTTP/1.1" 200 22
114.83.216.51 - - [24/Sep/2023:11:21:51 +0800] "GET /xingrg/all/function/internal_message.html?_=1695525712047&CODE_STATE=getMsg HTTP/1.1" 200 27
124.78.69.58 - - [24/Sep/2023:11:21:52 +0800] "POST /xingrg/kc/buy/cgsh_order_operate.html HTTP/1.1" 200 12
222.70.180.200 - - [24/Sep/2023:11:21:53 +0800] "GET /xingrg/all/function/internal_message.html?_=1695525712726&CODE_STATE=getMsg HTTP/1.1" 200 27
120.253.135.82 - - [24/Sep/2023:11:21:53 +0800] "GET /xingrg/all/function/internal_message.html?_=1695525516569&CODE_STATE=getMsg HTTP/1.1" 200 27
124.78.69.58 - - [24/Sep/2023:11:21:54 +0800] "GET /xingrg/kc/buy/cgsh_order_info.html?code=212023092409809 HTTP/1.1" 200 67270
124.78.69.58 - - [24/Sep/2023:11:21:54 +0800] "GET /xingrg/javascript/easyui/themes/default/validatebox.css HTTP/1.1" 404 1104
180.163.29.103 - - [24/Sep/2023:11:21:55 +0800] "GET /xingrg/all/function/internal_message.html?_=1695525650643&CODE_STATE=getMsg HTTP/1.1" 302 -
180.163.29.103 - - [24/Sep/2023:11:21:55 +0800] "GET /xingrg/login.html HTTP/1.1" 200 7641
124.78.155.92 - - [24/Sep/2023:11:21:55 +0800] "GET /xingrg/all/function/internal_message.html?_=1695525710619&CODE_STATE=getMsg HTTP/1.1" 200 27
124.78.69.58 - - [24/Sep/2023:11:21:55 +0800] "POST /xingrg/kc/buy/cgsh_order_operate.html HTTP/1.1" 200 614
101.228.187.155 - - [24/Sep/2023:11:21:55 +0800] "GET /xingrg/kc/buy/cgsh_order_list.html HTTP/1.1" 200 56585
101.228.187.155 - - [24/Sep/2023:11:21:56 +0800] "GET /xingrg/javascript/easyui/themes/icons/check_new.png HTTP/1.1" 304 -
101.228.187.155 - - [24/Sep/2023:11:21:56 +0800] "GET /xingrg/javascript/easyui/themes/icons/cance_new.png HTTP/1.1" 304 -
116.230.110.33 - - [24/Sep/2023:11:21:57 +0800] "GET /xingrg/all/function/internal_message.html?_=1695525716989&CODE_STATE=getMsg HTTP/1.1" 200 27
124.78.69.58 - - [24/Sep/2023:11:21:57 +0800] "GET /xingrg/all/function/internal_message.html?_=1695525144525&CODE_STATE=getMsg HTTP/1.1" 200 27
124.78.69.58 - - [24/Sep/2023:11:21:58 +0800] "GET /xingrg/kc/print/load_data.html?order_code=212023092409809&kc_code=cgsh&condition= HTTP/1.1" 200 767
116.230.110.33 - - [24/Sep/2023:11:21:59 +0800] "GET /xingrg/all/function/internal_message.html?_=1695525571801&CODE_STATE=getMsg HTTP/1.1" 200 27
114.83.216.51 - - [24/Sep/2023:11:21:59 +0800] "GET /xingrg/kc/buy/cgsh_order_operate.html?command=get_materiel&rest_code=00149&code=00102013049&supplier_code=00100075&order_time=2023-09-24 HTTP/1.1" 200 409
124.79.244.212 - - [24/Sep/2023:11:22:02 +0800] "GET /xingrg/all/function/internal_message.html?_=1695526020979&CODE_STATE=getMsg HTTP/1.1" 200 27
124.78.69.58 - - [24/Sep/2023:11:22:02 +0800] "GET /xingrg/kc/buy/cgsh_order_add.html HTTP/1.1" 200 72361
124.78.69.58 - - [24/Sep/2023:11:22:03 +0800] "POST /xingrg/kc/buy/cgsh_order_operate.html HTTP/1.1" 200 8245
101.228.187.155 - - [24/Sep/2023:11:22:03 +0800] "POST /xingrg/kc/buy/cgsh_list_operate.html HTTP/1.1" 200 2742
124.78.69.58 - - [24/Sep/2023:11:22:03 +0800] "GET /xingrg/javascript/easyui/themes/default/validatebox.css HTTP/1.1" 404 1104
124.78.69.58 - - [24/Sep/2023:11:22:04 +0800] "GET /xingrg/all/function/internal_message.html?_=1695525725108&CODE_STATE=getMsg HTTP/1.1" 200 27
101.228.187.155 - - [24/Sep/2023:11:22:06 +0800] "POST /xingrg/kc/buy/cgsh_list_operate.html HTTP/1.1" 200 618
101.228.187.155 - - [24/Sep/2023:11:22:07 +0800] "GET /xingrg/kc/buy/cgsh_order_info.html?code=212023091104562 HTTP/1.1" 200 71483
101.228.187.155 - - [24/Sep/2023:11:22:07 +0800] "GET /xingrg/javascript/jquery_tools/order_manager.js HTTP/1.1" 304 -
101.228.187.155 - - [24/Sep/2023:11:22:07 +0800] "GET /xingrg/javascript/convert.js HTTP/1.1" 304 -
101.228.187.155 - - [24/Sep/2023:11:22:07 +0800] "GET /xingrg/javascript/json2.js HTTP/1.1" 304 -
101.228.187.155 - - [24/Sep/2023:11:22:07 +0800] "GET /xingrg/javascript/print/kc_print.js HTTP/1.1" 304 -
101.228.187.155 - - [24/Sep/2023:11:22:08 +0800] "GET /xingrg/words/20230924105926_words.js HTTP/1.1" 200 988628
101.228.187.155 - - [24/Sep/2023:11:22:08 +0800] "GET /xingrg/javascript/easyui/themes/icons/ok.png HTTP/1.1" 304 -
101.228.187.155 - - [24/Sep/2023:11:22:08 +0800] "GET /xingrg/javascript/easyui/themes/icons/template_new.png HTTP/1.1" 304 -
101.228.187.155 - - [24/Sep/2023:11:22:08 +0800] "GET /xingrg/javascript/easyui/themes/icons/copy_new.png HTTP/1.1" 304 -
101.228.187.155 - - [24/Sep/2023:11:22:08 +0800] "GET /xingrg/javascript/easyui/themes/icons/print.png HTTP/1.1" 304 -
101.228.187.155 - - [24/Sep/2023:11:22:08 +0800] "GET /xingrg/javascript/easyui/themes/default/images/menu_downarrow.png HTTP/1.1" 304 -
