180.152.241.196 - - [24/Sep/2023:10:25:24 +0800] "POST /xingrg/kc/base/wldb_order_operate.html HTTP/1.1" 200 37
114.95.241.104 - - [24/Sep/2023:10:25:25 +0800] "POST /xingrg/dwr/call/plaincall/AjaxYddbService.getMaterielByMap.dwr HTTP/1.1" 200 2282
180.152.241.196 - - [24/Sep/2023:10:25:25 +0800] "POST /xingrg/kc/base/wldb_order_operate.html HTTP/1.1" 200 4753
101.80.225.121 - - [24/Sep/2023:10:25:25 +0800] "POST /xingrg/services/DataTransmitService HTTP/1.1" 200 524
101.83.145.37 - - [24/Sep/2023:10:25:27 +0800] "POST /xingrg/kc/base/wldb_order_operate.html HTTP/1.1" 200 37
114.95.241.104 - - [24/Sep/2023:10:25:27 +0800] "POST /xingrg/dwr/call/plaincall/AjaxYddbService.saveMaterielItem.dwr HTTP/1.1" 200 78
180.165.48.189 - - [24/Sep/2023:10:25:29 +0800] "GET /xingrg/all/function/internal_message.html?_=1695522329750&CODE_STATE=getMsg HTTP/1.1" 200 27
101.83.145.37 - - [24/Sep/2023:10:25:29 +0800] "GET /xingrg/kc/base/wldb_order_info.html?code=422023092402381 HTTP/1.1" 200 30472
101.83.145.37 - - [24/Sep/2023:10:25:29 +0800] "GET /xingrg/javascript/easyui/themes/default/validatebox.css HTTP/1.1" 404 1104
101.228.187.155 - - [24/Sep/2023:10:25:29 +0800] "GET /xingrg/all/function/internal_message.html?_=1695522328616&CODE_STATE=getMsg HTTP/1.1" 200 27
180.163.28.109 - - [24/Sep/2023:10:25:30 +0800] "GET /xingrg/all/function/internal_message.html?_=1695522270518&CODE_STATE=getMsg HTTP/1.1" 302 -
180.163.28.109 - - [24/Sep/2023:10:25:30 +0800] "GET /xingrg/login.html HTTP/1.1" 200 7641
180.169.147.146 - - [24/Sep/2023:10:25:30 +0800] "GET /xingrg/all/function/internal_message.html?_=1695522330516&CODE_STATE=getMsg HTTP/1.1" 200 27
114.95.241.104 - - [24/Sep/2023:10:25:31 +0800] "POST /xingrg/dwr/call/plaincall/AjaxComOrderService.getMaterielSearchList.dwr HTTP/1.1" 200 514515
180.152.241.196 - - [24/Sep/2023:10:25:32 +0800] "POST /xingrg/kc/base/wldb_order_operate.html HTTP/1.1" 200 12
101.83.145.37 - - [24/Sep/2023:10:25:32 +0800] "POST /xingrg/kc/base/wldb_order_operate.html HTTP/1.1" 200 3711
101.83.145.37 - - [24/Sep/2023:10:25:32 +0800] "POST /xingrg/kc/base/wldb_order_operate.html HTTP/1.1" 200 3711
114.95.241.104 - - [24/Sep/2023:10:25:32 +0800] "POST /xingrg/dwr/call/plaincall/AjaxComOrderService.getMaterielSearchList.dwr HTTP/1.1" 200 3361
180.152.241.196 - - [24/Sep/2023:10:25:33 +0800] "GET /xingrg/kc/base/wldb_order_info.html?code=422023092402380 HTTP/1.1" 200 26330
180.152.241.196 - - [24/Sep/2023:10:25:34 +0800] "GET /xingrg/javascript/easyui/themes/default/validatebox.css HTTP/1.1" 404 1104
180.152.241.196 - - [24/Sep/2023:10:25:34 +0800] "POST /xingrg/kc/base/wldb_order_operate.html HTTP/1.1" 200 2991
114.95.241.104 - - [24/Sep/2023:10:25:34 +0800] "POST /xingrg/dwr/call/plaincall/AjaxYddbService.getMaterielByMap.dwr HTTP/1.1" 200 2384
180.152.241.196 - - [24/Sep/2023:10:25:36 +0800] "GET /xingrg/kc/base/wldb_order_add.html HTTP/1.1" 200 30453
180.152.241.196 - - [24/Sep/2023:10:25:36 +0800] "POST /xingrg/kc/base/wldb_order_operate.html HTTP/1.1" 200 6806
180.152.241.196 - - [24/Sep/2023:10:25:36 +0800] "GET /xingrg/javascript/easyui/themes/default/validatebox.css HTTP/1.1" 404 1104
114.95.241.104 - - [24/Sep/2023:10:25:37 +0800] "POST /xingrg/dwr/call/plaincall/AjaxYddbService.getUnitPrice.dwr HTTP/1.1" 200 86
180.152.241.196 - - [24/Sep/2023:10:25:37 +0800] "POST /xingrg/all/common/load_combo.html?type=base HTTP/1.1" 200 3321
114.95.241.104 - - [24/Sep/2023:10:25:39 +0800] "POST /xingrg/dwr/call/plaincall/AjaxYddbService.saveMaterielItem.dwr HTTP/1.1" 200 79
114.95.241.104 - - [24/Sep/2023:10:25:41 +0800] "POST /xingrg/dwr/call/plaincall/AjaxComOrderService.getMaterielSearchList.dwr HTTP/1.1" 200 1992
180.152.241.196 - - [24/Sep/2023:10:25:42 +0800] "POST /xingrg/all/common/load_combo.html?type=base HTTP/1.1" 200 3321
114.95.241.104 - - [24/Sep/2023:10:25:44 +0800] "POST /xingrg/dwr/call/plaincall/AjaxYddbService.getMaterielByMap.dwr HTTP/1.1" 200 2361
180.152.241.196 - - [24/Sep/2023:10:25:44 +0800] "GET /xingrg/all/function/internal_message.html?_=1695522345078&CODE_STATE=getMsg HTTP/1.1" 200 27
114.95.241.104 - - [24/Sep/2023:10:25:45 +0800] "POST /xingrg/dwr/call/plaincall/AjaxYddbService.getUnitPrice.dwr HTTP/1.1" 200 87
101.83.145.37 - - [24/Sep/2023:10:25:47 +0800] "GET /xingrg/all/function/internal_message.html?_=1695522348230&CODE_STATE=getMsg HTTP/1.1" 200 27
180.169.147.146 - - [24/Sep/2023:10:25:48 +0800] "POST /xingrg/kc/buy/cgsh_list_operate.html HTTP/1.1" 200 6053
180.152.241.196 - - [24/Sep/2023:10:25:48 +0800] "GET /xingrg/kc/base/wldb_order_operate.html?command=get_materiel&rest_code=00102&base_code=0010476&code=00101019071 HTTP/1.1" 200 471
221.239.166.189 - - [24/Sep/2023:10:25:49 +0800] "GET /xingrg/all/function/internal_message.html?_=1695522347156&CODE_STATE=getMsg HTTP/1.1" 200 27
114.95.241.104 - - [24/Sep/2023:10:25:49 +0800] "GET /xingrg/check_reg.html?_=1695522253031 HTTP/1.1" 200 22
114.95.241.104 - - [24/Sep/2023:10:25:49 +0800] "POST /xingrg/dwr/call/plaincall/AjaxYddbService.saveMaterielItem.dwr HTTP/1.1" 200 79
114.83.219.209 - - [24/Sep/2023:10:25:49 +0800] "GET /xingrg/check_reg.html?_=1695522351103 HTTP/1.1" 200 22
114.83.219.209 - - [24/Sep/2023:10:25:49 +0800] "GET /xingrg/all/function/internal_message.html?_=1695522351106&CODE_STATE=getMsg HTTP/1.1" 200 27
114.95.241.104 - - [24/Sep/2023:10:25:51 +0800] "POST /xingrg/dwr/call/plaincall/AjaxComOrderService.getMaterielSearchList.dwr HTTP/1.1" 200 36365
124.78.155.92 - - [24/Sep/2023:10:25:51 +0800] "GET /xingrg/all/function/internal_message.html?_=1695522347068&CODE_STATE=getMsg HTTP/1.1" 200 27
114.95.241.104 - - [24/Sep/2023:10:25:52 +0800] "POST /xingrg/dwr/call/plaincall/AjaxComOrderService.getMaterielSearchList.dwr HTTP/1.1" 200 1868
180.169.147.146 - - [24/Sep/2023:10:25:52 +0800] "GET /xingrg/all/function/internal_message.html?_=1695522352612&CODE_STATE=getMsg HTTP/1.1" 200 27
120.253.135.82 - - [24/Sep/2023:10:25:52 +0800] "GET /xingrg/all/function/internal_message.html?_=1695522155178&CODE_STATE=getMsg HTTP/1.1" 200 27
180.152.241.196 - - [24/Sep/2023:10:25:52 +0800] "GET /xingrg/kc/base/wldb_order_operate.html?command=get_materiel&rest_code=00102&base_code=0010476&code=00101019175 HTTP/1.1" 200 438
114.95.241.104 - - [24/Sep/2023:10:25:53 +0800] "POST /xingrg/dwr/call/plaincall/AjaxYddbService.getMaterielByMap.dwr HTTP/1.1" 200 2332
222.70.180.200 - - [24/Sep/2023:10:25:54 +0800] "GET /xingrg/all/function/internal_message.html?_=1695522353976&CODE_STATE=getMsg HTTP/1.1" 200 27
222.70.180.200 - - [24/Sep/2023:10:25:55 +0800] "GET /xingrg/check_reg.html?_=1695522354747 HTTP/1.1" 200 22
114.95.241.104 - - [24/Sep/2023:10:25:55 +0800] "GET /xingrg/images/yd/bt2.gif HTTP/1.1" 404 1042
114.95.241.104 - - [24/Sep/2023:10:25:56 +0800] "GET /xingrg/check_reg.html?_=1695522260421 HTTP/1.1" 200 22
101.83.145.37 - - [24/Sep/2023:10:25:58 +0800] "GET /xingrg/kc/base/wldb_order_add.html HTTP/1.1" 200 30457
114.95.241.104 - - [24/Sep/2023:10:25:58 +0800] "POST /xingrg/dwr/call/plaincall/AjaxYddbService.saveMaterielItem.dwr HTTP/1.1" 200 79
101.83.145.37 - - [24/Sep/2023:10:25:58 +0800] "POST /xingrg/kc/base/wldb_order_operate.html HTTP/1.1" 200 6806
101.83.145.37 - - [24/Sep/2023:10:25:58 +0800] "GET /xingrg/javascript/easyui/themes/default/validatebox.css HTTP/1.1" 404 1104
124.78.69.58 - - [24/Sep/2023:10:25:59 +0800] "GET /xingrg/all/function/internal_message.html?_=1695521786059&CODE_STATE=getMsg HTTP/1.1" 200 27
180.152.241.196 - - [24/Sep/2023:10:25:59 +0800] "POST /xingrg/kc/base/wldb_order_operate.html HTTP/1.1" 200 37
114.95.241.104 - - [24/Sep/2023:10:26:00 +0800] "POST /xingrg/dwr/call/plaincall/AjaxComOrderService.getMaterielSearchList.dwr HTTP/1.1" 200 6167
114.95.241.104 - - [24/Sep/2023:10:26:01 +0800] "POST /xingrg/dwr/call/plaincall/AjaxComOrderService.getMaterielSearchList.dwr HTTP/1.1" 200 6167
114.95.241.104 - - [24/Sep/2023:10:26:02 +0800] "POST /xingrg/dwr/call/plaincall/AjaxComOrderService.getMaterielSearchList.dwr HTTP/1.1" 200 1130
124.79.244.212 - - [24/Sep/2023:10:26:02 +0800] "GET /xingrg/all/function/internal_message.html?_=1695522660899&CODE_STATE=getMsg HTTP/1.1" 200 27
124.79.244.212 - - [24/Sep/2023:10:26:04 +0800] "GET /favicon.ico HTTP/1.1" 404 -
180.152.241.196 - - [24/Sep/2023:10:26:05 +0800] "POST /xingrg/kc/base/wldb_order_operate.html HTTP/1.1" 200 12
114.95.241.104 - - [24/Sep/2023:10:26:05 +0800] "POST /xingrg/dwr/call/plaincall/AjaxYddbService.getMaterielByMap.dwr HTTP/1.1" 200 2354
180.152.241.196 - - [24/Sep/2023:10:26:05 +0800] "POST /xingrg/kc/base/wldb_order_operate.html HTTP/1.1" 200 2688
114.95.241.104 - - [24/Sep/2023:10:26:05 +0800] "GET /xingrg/all/function/internal_message.html?_=1695522363039&CODE_STATE=getMsg HTTP/1.1" 200 27
180.152.241.196 - - [24/Sep/2023:10:26:06 +0800] "GET /xingrg/kc/base/wldb_order_info.html?code=422023092402382 HTTP/1.1" 200 26326
180.152.241.196 - - [24/Sep/2023:10:26:06 +0800] "GET /xingrg/javascript/easyui/themes/default/validatebox.css HTTP/1.1" 404 1104
180.152.241.196 - - [24/Sep/2023:10:26:07 +0800] "POST /xingrg/kc/base/wldb_order_operate.html HTTP/1.1" 200 972
114.95.241.104 - - [24/Sep/2023:10:26:07 +0800] "POST /xingrg/dwr/call/plaincall/AjaxYddbService.getUnitPrice.dwr HTTP/1.1" 200 87
222.70.107.161 - - [24/Sep/2023:10:26:08 +0800] "GET /xingrg/all/function/internal_message.html?_=1695522368557&CODE_STATE=getMsg HTTP/1.1" 200 27
114.95.241.104 - - [24/Sep/2023:10:26:09 +0800] "POST /xingrg/dwr/call/plaincall/AjaxYddbService.saveMaterielItem.dwr HTTP/1.1" 200 79
180.152.241.196 - - [24/Sep/2023:10:26:09 +0800] "GET /xingrg/kc/base/wldb_order_add.html HTTP/1.1" 200 30453
180.152.241.196 - - [24/Sep/2023:10:26:10 +0800] "POST /xingrg/kc/base/wldb_order_operate.html HTTP/1.1" 200 6806
180.152.241.196 - - [24/Sep/2023:10:26:10 +0800] "GET /xingrg/javascript/easyui/themes/default/validatebox.css HTTP/1.1" 404 1104
180.152.241.196 - - [24/Sep/2023:10:26:11 +0800] "POST /xingrg/all/common/load_combo.html?type=base HTTP/1.1" 200 3321
114.95.241.104 - - [24/Sep/2023:10:26:11 +0800] "GET /xingrg/all/function/internal_message.html?_=1695522274759&CODE_STATE=getMsg HTTP/1.1" 200 27
124.77.244.146 - - [24/Sep/2023:10:26:12 +0800] "GET /xingrg/all/function/internal_message.html?_=1695522373782&CODE_STATE=getMsg HTTP/1.1" 200 27
180.152.241.196 - - [24/Sep/2023:10:26:12 +0800] "POST /xingrg/all/common/load_combo.html?type=base HTTP/1.1" 200 3321
101.83.145.37 - - [24/Sep/2023:10:26:17 +0800] "GET /xingrg/all/function/internal_message.html?_=1695522163354&CODE_STATE=getMsg HTTP/1.1" 200 27
114.95.241.104 - - [24/Sep/2023:10:26:17 +0800] "POST /xingrg/dwr/call/plaincall/AjaxYddbService.checkOrder.dwr HTTP/1.1" 200 79
114.95.241.104 - - [24/Sep/2023:10:26:19 +0800] "GET /xingrg/all/function/internal_message.html?_=1695522282995&CODE_STATE=getMsg HTTP/1.1" 200 27
180.152.241.196 - - [24/Sep/2023:10:26:19 +0800] "GET /xingrg/kc/base/wldb_order_operate.html?command=get_materiel&rest_code=00102&base_code=0010476&code=00101019390 HTTP/1.1" 200 470
180.152.241.196 - - [24/Sep/2023:10:26:24 +0800] "GET /xingrg/kc/base/wldb_order_operate.html?command=get_materiel&rest_code=00102&base_code=0010476&code=00101019310 HTTP/1.1" 200 477
114.95.241.104 - - [24/Sep/2023:10:26:24 +0800] "GET /xingrg/kc/base/yddb_order_info.html?code=482023092400220 HTTP/1.1" 200 31308
114.95.241.104 - - [24/Sep/2023:10:26:24 +0800] "GET /xingrg/dwr/interface/AjaxComOrderService.js HTTP/1.1" 200 18264
114.95.241.104 - - [24/Sep/2023:10:26:24 +0800] "GET /xingrg/dwr/interface/AjaxYddbService.js HTTP/1.1" 200 13201
114.95.241.104 - - [24/Sep/2023:10:26:24 +0800] "GET /xingrg/dwr/engine.js HTTP/1.1" 200 43631
114.95.241.104 - - [24/Sep/2023:10:26:25 +0800] "POST /xingrg/dwr/call/plaincall/AjaxYddbService.loadMaterielItems.dwr HTTP/1.1" 200 1864
114.95.241.104 - - [24/Sep/2023:10:26:27 +0800] "POST /xingrg/dwr/call/plaincall/AjaxYddbService.saveOrder.dwr HTTP/1.1" 200 78
180.152.241.196 - - [24/Sep/2023:10:26:28 +0800] "GET /xingrg/kc/base/wldb_order_operate.html?command=get_materiel&rest_code=00102&base_code=0010476&code=00101016086 HTTP/1.1" 200 469
180.165.48.189 - - [24/Sep/2023:10:26:29 +0800] "GET /xingrg/all/function/internal_message.html?_=1695522389736&CODE_STATE=getMsg HTTP/1.1" 200 27
101.228.187.155 - - [24/Sep/2023:10:26:29 +0800] "GET /xingrg/all/function/internal_message.html?_=1695522388618&CODE_STATE=getMsg HTTP/1.1" 200 27
180.169.147.146 - - [24/Sep/2023:10:26:30 +0800] "GET /xingrg/all/function/internal_message.html?_=1695522390509&CODE_STATE=getMsg HTTP/1.1" 200 27
120.253.135.82 - - [24/Sep/2023:10:26:31 +0800] "GET /xingrg/check_reg.html?_=1695522194340 HTTP/1.1" 200 22
180.152.241.196 - - [24/Sep/2023:10:26:32 +0800] "GET /xingrg/kc/base/wldb_order_operate.html?command=get_materiel&rest_code=00102&base_code=0010476&code=00101019438 HTTP/1.1" 200 460
114.95.241.104 - - [24/Sep/2023:10:26:36 +0800] "POST /xingrg/dwr/call/plaincall/AjaxYddbService.objCheckOrder.dwr HTTP/1.1" 200 78
101.83.145.37 - - [24/Sep/2023:10:26:36 +0800] "GET /xingrg/kc/base/wldb_order_operate.html?command=get_materiel&rest_code=00105&base_code=0010507&code=00101013193 HTTP/1.1" 200 444
114.95.241.104 - - [24/Sep/2023:10:26:37 +0800] "GET /xingrg/kc/base/yddb_order_info.html?code=482023092400220 HTTP/1.1" 200 31429
114.95.241.104 - - [24/Sep/2023:10:26:37 +0800] "GET /xingrg/dwr/interface/AjaxComOrderService.js HTTP/1.1" 200 18264
114.95.241.104 - - [24/Sep/2023:10:26:37 +0800] "GET /xingrg/dwr/interface/AjaxYddbService.js HTTP/1.1" 200 13201
114.95.241.104 - - [24/Sep/2023:10:26:37 +0800] "GET /xingrg/dwr/engine.js HTTP/1.1" 200 43631
114.95.241.104 - - [24/Sep/2023:10:26:38 +0800] "POST /xingrg/dwr/call/plaincall/AjaxYddbService.loadMaterielItems.dwr HTTP/1.1" 200 1864
180.152.241.196 - - [24/Sep/2023:10:26:39 +0800] "GET /xingrg/kc/base/wldb_order_operate.html?command=get_materiel&rest_code=00102&base_code=0010476&code=00101019527 HTTP/1.1" 200 474
114.83.216.51 - - [24/Sep/2023:10:26:44 +0800] "GET /xingrg/login.html HTTP/1.1" 200 7641
114.83.216.51 - - [24/Sep/2023:10:26:44 +0800] "GET /favicon.ico HTTP/1.1" 404 -
180.152.241.196 - - [24/Sep/2023:10:26:44 +0800] "GET /xingrg/all/function/internal_message.html?_=1695522405064&CODE_STATE=getMsg HTTP/1.1" 200 27
101.83.145.37 - - [24/Sep/2023:10:26:47 +0800] "GET /xingrg/all/function/internal_message.html?_=1695522408235&CODE_STATE=getMsg HTTP/1.1" 200 27
221.239.166.189 - - [24/Sep/2023:10:26:49 +0800] "GET /xingrg/all/function/internal_message.html?_=1695522407139&CODE_STATE=getMsg HTTP/1.1" 200 27
101.83.145.37 - - [24/Sep/2023:10:26:49 +0800] "GET /xingrg/kc/base/wldb_order_operate.html?command=get_materiel&rest_code=00105&base_code=0010507&code=00101016044 HTTP/1.1" 200 466
114.83.219.209 - - [24/Sep/2023:10:26:49 +0800] "GET /xingrg/all/function/internal_message.html?_=1695522411102&CODE_STATE=getMsg HTTP/1.1" 200 27
114.83.216.51 - - [24/Sep/2023:10:26:51 +0800] "POST /xingrg/login.do HTTP/1.1" 302 -
114.83.216.51 - - [24/Sep/2023:10:26:51 +0800] "GET /xingrg/index.html?sysBaseUrl=http%3A%2F%2F180.169.147.146%3A18081%2Fxingrg%2F&costTime=1487×tamp=1695522411415 HTTP/1.1" 200 17179
114.83.216.51 - - [24/Sep/2023:10:26:51 +0800] "GET /favicon.ico HTTP/1.1" 404 -
114.83.216.51 - - [24/Sep/2023:10:26:51 +0800] "GET /xingrg/all/function/internal_message.html?_=1695522411932&CODE_STATE=count HTTP/1.1" 200 11
114.83.216.51 - - [24/Sep/2023:10:26:51 +0800] "GET /xingrg/check_reg.html?_=1695522411934 HTTP/1.1" 200 22
114.83.216.51 - - [24/Sep/2023:10:26:51 +0800] "POST /xingrg/all/common/load_tree.html?tree=area_rest_tree_json&manage=1 HTTP/1.1" 200 351
124.78.155.92 - - [24/Sep/2023:10:26:51 +0800] "GET /xingrg/all/function/internal_message.html?_=1695522407064&CODE_STATE=getMsg HTTP/1.1" 200 27
114.83.216.51 - - [24/Sep/2023:10:26:51 +0800] "POST /xingrg/load_menu.html HTTP/1.1" 200 5138
180.169.147.146 - - [24/Sep/2023:10:26:52 +0800] "GET /xingrg/all/function/internal_message.html?_=1695522412590&CODE_STATE=getMsg HTTP/1.1" 200 27
120.253.135.82 - - [24/Sep/2023:10:26:52 +0800] "GET /xingrg/all/function/internal_message.html?_=1695522215183&CODE_STATE=getMsg HTTP/1.1" 200 27
222.70.180.200 - - [24/Sep/2023:10:26:54 +0800] "GET /xingrg/all/function/internal_message.html?_=1695522413952&CODE_STATE=getMsg HTTP/1.1" 200 27
114.83.216.51 - - [24/Sep/2023:10:26:56 +0800] "GET /xingrg/kc/buy/cgsh_order_list.html HTTP/1.1" 200 56585
124.78.69.58 - - [24/Sep/2023:10:26:59 +0800] "GET /xingrg/all/function/internal_message.html?_=1695521846035&CODE_STATE=getMsg HTTP/1.1" 200 27
101.83.145.37 - - [24/Sep/2023:10:27:00 +0800] "POST /xingrg/kc/base/wldb_order_operate.html HTTP/1.1" 200 37
101.83.145.37 - - [24/Sep/2023:10:27:02 +0800] "POST /xingrg/kc/base/wldb_order_operate.html HTTP/1.1" 200 2683
124.79.244.212 - - [24/Sep/2023:10:27:02 +0800] "GET /xingrg/all/function/internal_message.html?_=1695522720894&CODE_STATE=getMsg HTTP/1.1" 200 27
101.83.145.37 - - [24/Sep/2023:10:27:03 +0800] "GET /xingrg/kc/base/wldb_order_info.html?code=422023092402383 HTTP/1.1" 200 30470
101.83.145.37 - - [24/Sep/2023:10:27:04 +0800] "GET /xingrg/javascript/easyui/themes/default/validatebox.css HTTP/1.1" 404 1104
101.83.145.37 - - [24/Sep/2023:10:27:04 +0800] "POST /xingrg/kc/base/wldb_order_operate.html HTTP/1.1" 200 2683
180.152.241.196 - - [24/Sep/2023:10:27:04 +0800] "GET /xingrg/kc/base/wldb_order_operate.html?command=get_materiel&rest_code=00102&base_code=0010476&code=00101016020 HTTP/1.1" 200 446
114.95.241.104 - - [24/Sep/2023:10:27:05 +0800] "GET /xingrg/all/function/internal_message.html?_=1695522423022&CODE_STATE=getMsg HTTP/1.1" 200 27
222.70.107.161 - - [24/Sep/2023:10:27:08 +0800] "GET /xingrg/all/function/internal_message.html?_=1695522428562&CODE_STATE=getMsg HTTP/1.1" 200 27
222.70.107.161 - - [24/Sep/2023:10:27:08 +0800] "GET /xingrg/check_reg.html?_=1695522428564 HTTP/1.1" 200 22
114.83.216.51 - - [24/Sep/2023:10:27:09 +0800] "POST /xingrg/kc/buy/cgsh_list_operate.html HTTP/1.1" 200 986
114.95.241.104 - - [24/Sep/2023:10:27:11 +0800] "GET /xingrg/all/function/internal_message.html?_=1695522334772&CODE_STATE=getMsg HTTP/1.1" 200 27
124.77.244.146 - - [24/Sep/2023:10:27:12 +0800] "GET /xingrg/all/function/internal_message.html?_=1695522433795&CODE_STATE=getMsg HTTP/1.1" 200 27
124.78.69.58 - - [24/Sep/2023:10:27:13 +0800] "GET /xingrg/kc/mdqp/qp_main.html HTTP/1.1" 200 10633
124.78.69.58 - - [24/Sep/2023:10:27:13 +0800] "GET /xingrg/images/blue/button/qqpsd.gif HTTP/1.1" 200 2548
124.78.69.58 - - [24/Sep/2023:10:27:13 +0800] "GET /xingrg/images/blue/button/pszx.gif HTTP/1.1" 200 2648
124.78.69.58 - - [24/Sep/2023:10:27:13 +0800] "GET /xingrg/images/blue/button/psshd.gif HTTP/1.1" 200 2692
124.78.69.58 - - [24/Sep/2023:10:27:14 +0800] "GET /xingrg/images/yd/bt.gif HTTP/1.1" 404 1040
124.78.69.58 - - [24/Sep/2023:10:27:15 +0800] "GET /xingrg/kc/mdqp/pssh_order_list.html HTTP/1.1" 200 17920
124.78.69.58 - - [24/Sep/2023:10:27:15 +0800] "POST /xingrg/kc/mdqp/pssh_list_operate.html HTTP/1.1" 200 5276
114.83.216.51 - - [24/Sep/2023:10:27:16 +0800] "GET /xingrg/kc/base/wldb_order_list.html HTTP/1.1" 200 19180
101.83.145.37 - - [24/Sep/2023:10:27:17 +0800] "GET /xingrg/check_reg.html?_=1695522223267 HTTP/1.1" 200 22
101.83.145.37 - - [24/Sep/2023:10:27:17 +0800] "GET /xingrg/all/function/internal_message.html?_=1695522223358&CODE_STATE=getMsg HTTP/1.1" 200 27
180.152.241.196 - - [24/Sep/2023:10:27:17 +0800] "GET /xingrg/kc/base/wldb_order_operate.html?command=get_materiel&rest_code=00102&base_code=0010476&code=00101019184 HTTP/1.1" 200 456
114.83.216.51 - - [24/Sep/2023:10:27:17 +0800] "POST /xingrg/kc/base/wldb_list_operate.html HTTP/1.1" 200 928
116.230.110.33 - - [24/Sep/2023:10:27:17 +0800] "POST /xingrg/services/DataTransmitService HTTP/1.1" 200 524
114.83.216.51 - - [24/Sep/2023:10:27:18 +0800] "GET /xingrg/kc/base/wldb_order_add.html HTTP/1.1" 200 30463
114.83.216.51 - - [24/Sep/2023:10:27:18 +0800] "POST /xingrg/kc/base/wldb_order_operate.html HTTP/1.1" 200 6806
114.83.216.51 - - [24/Sep/2023:10:27:18 +0800] "GET /xingrg/all/common/auto_word.html?type=base&rest_code=00149 HTTP/1.1" 200 1907
114.83.216.51 - - [24/Sep/2023:10:27:18 +0800] "GET /xingrg/all/common/auto_word.html?type=base&rest_code=00149 HTTP/1.1" 200 1907
114.83.216.51 - - [24/Sep/2023:10:27:18 +0800] "GET /xingrg/javascript/easyui/themes/default/validatebox.css HTTP/1.1" 404 1104
114.95.241.104 - - [24/Sep/2023:10:27:19 +0800] "GET /xingrg/all/function/internal_message.html?_=1695522343008&CODE_STATE=getMsg HTTP/1.1" 200 27
124.78.69.58 - - [24/Sep/2023:10:27:19 +0800] "POST /xingrg/kc/mdqp/pssh_list_operate.html HTTP/1.1" 200 792
114.83.216.51 - - [24/Sep/2023:10:27:20 +0800] "POST /xingrg/all/common/load_combo.html?type=base HTTP/1.1" 200 3409
124.78.69.58 - - [24/Sep/2023:10:27:21 +0800] "GET /xingrg/kc/mdqp/pssh_order_info.html?code=312023092200507 HTTP/1.1" 200 17303
124.78.69.58 - - [24/Sep/2023:10:27:21 +0800] "GET /xingrg/javascript/jquery_tools/jquery-1.4.2.min.js HTTP/1.1" 404 1094
124.78.69.58 - - [24/Sep/2023:10:27:21 +0800] "GET /xingrg/javascript/easyui/themes/icons/back_new.png HTTP/1.1" 200 3414
124.78.69.58 - - [24/Sep/2023:10:27:21 +0800] "GET /xingrg/javascript/easyui/themes/default/validatebox.css HTTP/1.1" 404 1104
124.78.69.58 - - [24/Sep/2023:10:27:21 +0800] "GET /xingrg/all/common/auto_word.html?type=base&rest_code=00141&rest_code=00141 HTTP/1.1" 200 1799
124.78.69.58 - - [24/Sep/2023:10:27:21 +0800] "POST /xingrg/kc/mdqp/pssh_order_operate.html HTTP/1.1" 200 12868
180.152.241.196 - - [24/Sep/2023:10:27:22 +0800] "GET /xingrg/kc/base/wldb_order_operate.html?command=get_materiel&rest_code=00102&base_code=0010476&code=00101019400 HTTP/1.1" 200 465
114.83.216.51 - - [24/Sep/2023:10:27:24 +0800] "GET /xingrg/javascript/auto/indicator.gif HTTP/1.1" 404 1066
180.169.147.146 - - [24/Sep/2023:10:27:26 +0800] "POST /xingrg/kc/buy/cgsh_list_operate.html HTTP/1.1" 200 4
180.152.241.196 - - [24/Sep/2023:10:27:26 +0800] "GET /xingrg/kc/base/wldb_order_operate.html?command=get_materiel&rest_code=00102&base_code=0010476&code=00101019183 HTTP/1.1" 200 448
124.78.69.58 - - [24/Sep/2023:10:27:28 +0800] "GET /xingrg/css/images/panel_loading.gif HTTP/1.1" 200 1737
124.78.69.58 - - [24/Sep/2023:10:27:28 +0800] "POST /xingrg/all/common/load_combo.html?type=employee HTTP/1.1" 200 362
180.165.48.189 - - [24/Sep/2023:10:27:29 +0800] "GET /xingrg/all/function/internal_message.html?_=1695522449712&CODE_STATE=getMsg HTTP/1.1" 200 27
101.228.187.155 - - [24/Sep/2023:10:27:29 +0800] "GET /xingrg/all/function/internal_message.html?_=1695522448619&CODE_STATE=getMsg HTTP/1.1" 200 27
101.228.187.155 - - [24/Sep/2023:10:27:29 +0800] "GET /xingrg/check_reg.html?_=1695522448622 HTTP/1.1" 200 22
180.163.28.180 - - [24/Sep/2023:10:27:30 +0800] "GET /xingrg/all/function/internal_message.html?_=1695522390509&CODE_STATE=getMsg HTTP/1.1" 302 -
180.163.28.180 - - [24/Sep/2023:10:27:30 +0800] "GET /xingrg/login.html HTTP/1.1" 200 7641
180.169.147.146 - - [24/Sep/2023:10:27:30 +0800] "GET /xingrg/all/function/internal_message.html?_=1695522450510&CODE_STATE=getMsg HTTP/1.1" 200 27
124.78.69.58 - - [24/Sep/2023:10:27:31 +0800] "POST /xingrg/kc/mdqp/pssh_order_operate.html HTTP/1.1" 200 37
124.78.69.58 - - [24/Sep/2023:10:27:35 +0800] "POST /xingrg/kc/mdqp/pssh_order_operate.html HTTP/1.1" 200 12
124.78.69.58 - - [24/Sep/2023:10:27:40 +0800] "GET /xingrg/kc/mdqp/pssh_order_info.html?code=312023092200507 HTTP/1.1" 200 14392
124.78.69.58 - - [24/Sep/2023:10:27:40 +0800] "GET /xingrg/javascript/jquery_tools/jquery-1.4.2.min.js HTTP/1.1" 404 1094
124.78.69.58 - - [24/Sep/2023:10:27:40 +0800] "GET /xingrg/javascript/easyui/themes/default/validatebox.css HTTP/1.1" 404 1104
124.78.69.58 - - [24/Sep/2023:10:27:40 +0800] "POST /xingrg/kc/mdqp/pssh_order_operate.html HTTP/1.1" 200 12868
180.152.241.196 - - [24/Sep/2023:10:27:40 +0800] "POST /xingrg/kc/base/wldb_order_operate.html HTTP/1.1" 200 37
180.152.241.196 - - [24/Sep/2023:10:27:41 +0800] "POST /xingrg/kc/base/wldb_order_operate.html HTTP/1.1" 200 7671
124.78.69.58 - - [24/Sep/2023:10:27:43 +0800] "GET /xingrg/kc/print/load_config.html?kc_code=pssh HTTP/1.1" 200 2368
124.78.69.58 - - [24/Sep/2023:10:27:44 +0800] "GET /xingrg/kc/print/load_data.html?order_code=312023092200507&kc_code=pssh&condition= HTTP/1.1" 200 5041
180.152.241.196 - - [24/Sep/2023:10:27:44 +0800] "GET /xingrg/kc/base/wldb_order_info.html?code=422023092402384 HTTP/1.1" 200 30468
180.152.241.196 - - [24/Sep/2023:10:27:44 +0800] "GET /xingrg/javascript/easyui/themes/default/validatebox.css HTTP/1.1" 404 1104
180.152.241.196 - - [24/Sep/2023:10:27:44 +0800] "GET /xingrg/all/function/internal_message.html?_=1695522465070&CODE_STATE=getMsg HTTP/1.1" 200 27
180.152.241.196 - - [24/Sep/2023:10:27:45 +0800] "POST /xingrg/kc/base/wldb_order_operate.html HTTP/1.1" 200 7671
180.152.241.196 - - [24/Sep/2023:10:27:45 +0800] "GET /xingrg/check_reg.html?_=1695522465735 HTTP/1.1" 200 22
101.83.145.37 - - [24/Sep/2023:10:27:47 +0800] "GET /xingrg/check_reg.html?_=1695522468256 HTTP/1.1" 200 22
101.83.145.37 - - [24/Sep/2023:10:27:47 +0800] "GET /xingrg/all/function/internal_message.html?_=1695522468252&CODE_STATE=getMsg HTTP/1.1" 200 27
221.239.166.189 - - [24/Sep/2023:10:27:49 +0800] "GET /xingrg/all/function/internal_message.html?_=1695522467123&CODE_STATE=getMsg HTTP/1.1" 200 27
114.83.219.209 - - [24/Sep/2023:10:27:49 +0800] "GET /xingrg/all/function/internal_message.html?_=1695522471108&CODE_STATE=getMsg HTTP/1.1" 200 27
114.83.216.51 - - [24/Sep/2023:10:27:51 +0800] "GET /xingrg/all/function/internal_message.html?_=1695522471938&CODE_STATE=getMsg HTTP/1.1" 200 27
124.78.155.92 - - [24/Sep/2023:10:27:51 +0800] "GET /xingrg/all/function/internal_message.html?_=1695522467063&CODE_STATE=getMsg HTTP/1.1" 200 27
124.78.69.58 - - [24/Sep/2023:10:27:52 +0800] "POST /xingrg/kc/mdqp/pssh_list_operate.html HTTP/1.1" 200 352
180.169.147.146 - - [24/Sep/2023:10:27:52 +0800] "GET /xingrg/all/function/internal_message.html?_=1695522472587&CODE_STATE=getMsg HTTP/1.1" 200 27
180.169.147.146 - - [24/Sep/2023:10:27:52 +0800] "GET /xingrg/check_reg.html?_=1695522472620 HTTP/1.1" 200 22
120.253.135.82 - - [24/Sep/2023:10:27:52 +0800] "GET /xingrg/all/function/internal_message.html?_=1695522275196&CODE_STATE=getMsg HTTP/1.1" 200 27
124.78.69.58 - - [24/Sep/2023:10:27:53 +0800] "GET /xingrg/kc/mdqp/pssh_order_info.html?code=312023092200512 HTTP/1.1" 200 17303
124.78.69.58 - - [24/Sep/2023:10:27:53 +0800] "GET /xingrg/javascript/jquery_tools/jquery-1.4.2.min.js HTTP/1.1" 404 1094
124.78.69.58 - - [24/Sep/2023:10:27:53 +0800] "GET /xingrg/javascript/easyui/themes/default/validatebox.css HTTP/1.1" 404 1104
124.78.69.58 - - [24/Sep/2023:10:27:53 +0800] "POST /xingrg/kc/mdqp/pssh_order_operate.html HTTP/1.1" 200 1045
222.70.180.200 - - [24/Sep/2023:10:27:54 +0800] "GET /xingrg/all/function/internal_message.html?_=1695522473924&CODE_STATE=getMsg HTTP/1.1" 200 27
124.78.69.58 - - [24/Sep/2023:10:27:56 +0800] "POST /xingrg/all/common/load_combo.html?type=employee HTTP/1.1" 200 362
124.78.69.58 - - [24/Sep/2023:10:28:02 +0800] "POST /xingrg/kc/mdqp/pssh_order_operate.html HTTP/1.1" 200 37
124.79.244.212 - - [24/Sep/2023:10:28:02 +0800] "GET /xingrg/all/function/internal_message.html?_=1695522780918&CODE_STATE=getMsg HTTP/1.1" 200 27
124.78.69.58 - - [24/Sep/2023:10:28:05 +0800] "POST /xingrg/kc/mdqp/pssh_order_operate.html HTTP/1.1" 200 12
114.95.241.104 - - [24/Sep/2023:10:28:05 +0800] "GET /xingrg/all/function/internal_message.html?_=1695522483009&CODE_STATE=getMsg HTTP/1.1" 200 27
124.78.69.58 - - [24/Sep/2023:10:28:07 +0800] "GET /xingrg/kc/mdqp/pssh_order_info.html?code=312023092200512 HTTP/1.1" 200 14392
124.78.69.58 - - [24/Sep/2023:10:28:07 +0800] "GET /xingrg/javascript/jquery_tools/jquery-1.4.2.min.js HTTP/1.1" 404 1094
124.78.69.58 - - [24/Sep/2023:10:28:08 +0800] "GET /xingrg/javascript/easyui/themes/default/validatebox.css HTTP/1.1" 404 1104
124.78.69.58 - - [24/Sep/2023:10:28:08 +0800] "POST /xingrg/kc/mdqp/pssh_order_operate.html HTTP/1.1" 200 1045
222.70.107.161 - - [24/Sep/2023:10:28:08 +0800] "GET /xingrg/all/function/internal_message.html?_=1695522488562&CODE_STATE=getMsg HTTP/1.1" 200 27
114.95.241.104 - - [24/Sep/2023:10:28:11 +0800] "GET /xingrg/all/function/internal_message.html?_=1695522394793&CODE_STATE=getMsg HTTP/1.1" 200 27
124.77.244.146 - - [24/Sep/2023:10:28:12 +0800] "GET /xingrg/all/function/internal_message.html?_=1695522493810&CODE_STATE=getMsg HTTP/1.1" 200 27
101.83.145.37 - - [24/Sep/2023:10:28:17 +0800] "GET /xingrg/all/function/internal_message.html?_=1695522283342&CODE_STATE=getMsg HTTP/1.1" 200 27
180.152.241.196 - - [24/Sep/2023:10:28:17 +0800] "POST /xingrg/kc/base/wldb_order_operate.html HTTP/1.1" 200 37
114.95.241.104 - - [24/Sep/2023:10:28:19 +0800] "GET /xingrg/all/function/internal_message.html?_=1695522403050&CODE_STATE=getMsg HTTP/1.1" 200 27
180.169.147.146 - - [24/Sep/2023:10:28:21 +0800] "POST /xingrg/kc/buy/cgsh_list_operate.html HTTP/1.1" 200 6013
180.152.241.196 - - [24/Sep/2023:10:28:24 +0800] "POST /xingrg/kc/base/wldb_order_operate.html HTTP/1.1" 200 12
180.152.241.196 - - [24/Sep/2023:10:28:24 +0800] "POST /xingrg/kc/base/wldb_order_operate.html HTTP/1.1" 200 7670
124.78.69.58 - - [24/Sep/2023:10:28:28 +0800] "GET /xingrg/kc/print/load_data.html?order_code=312023092200512&kc_code=pssh&condition= HTTP/1.1" 200 831
101.83.145.37 - - [24/Sep/2023:10:28:28 +0800] "GET /xingrg/kc/base/wldb_order_add.html HTTP/1.1" 200 30457
101.83.145.37 - - [24/Sep/2023:10:28:28 +0800] "POST /xingrg/kc/base/wldb_order_operate.html HTTP/1.1" 200 6806
101.83.145.37 - - [24/Sep/2023:10:28:28 +0800] "GET /xingrg/javascript/easyui/themes/default/validatebox.css HTTP/1.1" 404 1104
180.165.48.189 - - [24/Sep/2023:10:28:29 +0800] "GET /xingrg/all/function/internal_message.html?_=1695522509691&CODE_STATE=getMsg HTTP/1.1" 200 27
101.228.187.155 - - [24/Sep/2023:10:28:29 +0800] "GET /xingrg/all/function/internal_message.html?_=1695522508626&CODE_STATE=getMsg HTTP/1.1" 200 27
180.163.30.76 - - [24/Sep/2023:10:28:30 +0800] "GET /xingrg/all/function/internal_message.html?_=1695522450510&CODE_STATE=getMsg HTTP/1.1" 302 -
180.163.30.76 - - [24/Sep/2023:10:28:30 +0800] "GET /xingrg/login.html HTTP/1.1" 200 7641
180.169.147.146 - - [24/Sep/2023:10:28:30 +0800] "GET /xingrg/all/function/internal_message.html?_=1695522510701&CODE_STATE=getMsg HTTP/1.1" 200 27
180.169.147.146 - - [24/Sep/2023:10:28:30 +0800] "GET /xingrg/check_reg.html?_=1695522510697 HTTP/1.1" 200 22
124.78.69.58 - - [24/Sep/2023:10:28:33 +0800] "POST /xingrg/kc/mdqp/pssh_list_operate.html HTTP/1.1" 200 1588
124.78.69.58 - - [24/Sep/2023:10:28:35 +0800] "POST /xingrg/kc/mdqp/pssh_list_operate.html HTTP/1.1" 200 1588
124.78.69.58 - - [24/Sep/2023:10:28:35 +0800] "POST /xingrg/kc/mdqp/pssh_list_operate.html HTTP/1.1" 200 1588
124.78.69.58 - - [24/Sep/2023:10:28:37 +0800] "GET /xingrg/kc/mdqp/qp_main.html HTTP/1.1" 200 10633
180.165.48.189 - - [24/Sep/2023:10:28:41 +0800] "GET /xingrg/check_reg.html?_=1695522521648 HTTP/1.1" 200 22
218.81.68.103 - - [24/Sep/2023:10:28:41 +0800] "GET /xingrg/check_reg.html?_=1695522519556 HTTP/1.1" 200 22
124.78.69.58 - - [24/Sep/2023:10:28:45 +0800] "GET /xingrg/images/yd/bt.gif HTTP/1.1" 404 1040
124.78.69.58 - - [24/Sep/2023:10:28:45 +0800] "GET /xingrg/kc/mdqp/pssh_order_list.html HTTP/1.1" 200 17920
124.78.69.58 - - [24/Sep/2023:10:28:46 +0800] "POST /xingrg/kc/mdqp/pssh_list_operate.html HTTP/1.1" 200 5326
116.230.110.33 - - [24/Sep/2023:10:28:47 +0800] "GET /favicon.ico HTTP/1.1" 404 -
101.83.145.37 - - [24/Sep/2023:10:28:47 +0800] "GET /xingrg/all/function/internal_message.html?_=1695522528264&CODE_STATE=getMsg HTTP/1.1" 200 27
180.152.241.196 - - [24/Sep/2023:10:28:48 +0800] "GET /xingrg/kc/base/wldb_order_info.html?code=422023092402384 HTTP/1.1" 200 26330
180.152.241.196 - - [24/Sep/2023:10:28:48 +0800] "GET /xingrg/javascript/easyui/themes/default/validatebox.css HTTP/1.1" 404 1104
180.152.241.196 - - [24/Sep/2023:10:28:48 +0800] "POST /xingrg/kc/base/wldb_order_operate.html HTTP/1.1" 200 5842
221.239.166.189 - - [24/Sep/2023:10:28:49 +0800] "GET /xingrg/all/function/internal_message.html?_=1695522527119&CODE_STATE=getMsg HTTP/1.1" 200 27
114.83.219.209 - - [24/Sep/2023:10:28:49 +0800] "GET /xingrg/all/function/internal_message.html?_=1695522531099&CODE_STATE=getMsg HTTP/1.1" 200 27
221.239.166.189 - - [24/Sep/2023:10:28:51 +0800] "GET /xingrg/check_reg.html?_=1695522529048 HTTP/1.1" 200 22
114.83.216.51 - - [24/Sep/2023:10:28:51 +0800] "GET /xingrg/all/function/internal_message.html?_=1695522531929&CODE_STATE=getMsg HTTP/1.1" 200 27
124.78.155.92 - - [24/Sep/2023:10:28:51 +0800] "GET /xingrg/all/function/internal_message.html?_=1695522527078&CODE_STATE=getMsg HTTP/1.1" 200 27
180.169.147.146 - - [24/Sep/2023:10:28:52 +0800] "GET /xingrg/all/function/internal_message.html?_=1695522532569&CODE_STATE=getMsg HTTP/1.1" 200 27
120.253.135.82 - - [24/Sep/2023:10:28:52 +0800] "GET /xingrg/all/function/internal_message.html?_=1695522335246&CODE_STATE=getMsg HTTP/1.1" 200 27
222.70.180.200 - - [24/Sep/2023:10:28:54 +0800] "GET /xingrg/all/function/internal_message.html?_=1695522533897&CODE_STATE=getMsg HTTP/1.1" 200 27
124.78.69.58 - - [24/Sep/2023:10:28:55 +0800] "POST /xingrg/kc/mdqp/pssh_list_operate.html HTTP/1.1" 200 729
124.78.69.58 - - [24/Sep/2023:10:28:56 +0800] "GET /xingrg/kc/mdqp/pssh_order_info.html?code=312023092200510 HTTP/1.1" 200 17303
124.78.69.58 - - [24/Sep/2023:10:28:56 +0800] "GET /xingrg/javascript/jquery_tools/jquery-1.4.2.min.js HTTP/1.1" 404 1094
124.78.69.58 - - [24/Sep/2023:10:28:57 +0800] "GET /xingrg/javascript/easyui/themes/default/validatebox.css HTTP/1.1" 404 1104
124.78.69.58 - - [24/Sep/2023:10:28:57 +0800] "POST /xingrg/kc/mdqp/pssh_order_operate.html HTTP/1.1" 200 5203
101.83.145.37 - - [24/Sep/2023:10:28:58 +0800] "GET /xingrg/kc/base/wldb_order_operate.html?command=get_materiel&rest_code=00105&base_code=0010507&code=00101019527 HTTP/1.1" 200 474
124.78.69.58 - - [24/Sep/2023:10:28:59 +0800] "GET /xingrg/all/function/internal_message.html?_=1695521966047&CODE_STATE=getMsg HTTP/1.1" 200 27
124.79.244.212 - - [24/Sep/2023:10:29:02 +0800] "GET /xingrg/all/function/internal_message.html?_=1695522840917&CODE_STATE=getMsg HTTP/1.1" 200 27
114.95.241.104 - - [24/Sep/2023:10:29:05 +0800] "GET /xingrg/all/function/internal_message.html?_=1695522543005&CODE_STATE=getMsg HTTP/1.1" 200 27
222.70.107.161 - - [24/Sep/2023:10:29:08 +0800] "GET /xingrg/all/function/internal_message.html?_=1695522548568&CODE_STATE=getMsg HTTP/1.1" 200 27
124.78.69.58 - - [24/Sep/2023:10:29:09 +0800] "GET /xingrg/javascript/jquery_tools/images/next.gif HTTP/1.1" 404 1086
124.78.69.58 - - [24/Sep/2023:10:29:09 +0800] "GET /xingrg/javascript/jquery_tools/images/prev.gif HTTP/1.1" 404 1086
114.95.241.104 - - [24/Sep/2023:10:29:11 +0800] "GET /xingrg/all/function/internal_message.html?_=1695522454799&CODE_STATE=getMsg HTTP/1.1" 200 27
124.78.69.58 - - [24/Sep/2023:10:29:11 +0800] "POST /xingrg/all/common/load_combo.html?type=employee HTTP/1.1" 200 362
124.77.244.146 - - [24/Sep/2023:10:29:12 +0800] "GET /xingrg/all/function/internal_message.html?_=1695522553823&CODE_STATE=getMsg HTTP/1.1" 200 27
101.83.145.37 - - [24/Sep/2023:10:29:14 +0800] "GET /xingrg/kc/base/wldb_order_operate.html?command=get_materiel&rest_code=00105&base_code=0010507&code=00101019249 HTTP/1.1" 200 470
124.78.69.58 - - [24/Sep/2023:10:29:15 +0800] "POST /xingrg/kc/mdqp/pssh_order_operate.html HTTP/1.1" 200 37
101.83.145.37 - - [24/Sep/2023:10:29:17 +0800] "GET /xingrg/all/function/internal_message.html?_=1695522343338&CODE_STATE=getMsg HTTP/1.1" 200 27
114.83.216.51 - - [24/Sep/2023:10:29:17 +0800] "GET /xingrg/kc/base/wldb_order_operate.html?command=get_materiel&rest_code=00149&base_code=0010394&code=00101019185 HTTP/1.1" 200 469
114.95.241.104 - - [24/Sep/2023:10:29:19 +0800] "GET /xingrg/all/function/internal_message.html?_=1695522463051&CODE_STATE=getMsg HTTP/1.1" 200 27
124.78.69.58 - - [24/Sep/2023:10:29:20 +0800] "POST /xingrg/kc/mdqp/pssh_order_operate.html HTTP/1.1" 200 12
124.78.69.58 - - [24/Sep/2023:10:29:21 +0800] "GET /xingrg/kc/mdqp/pssh_order_info.html?code=312023092200510 HTTP/1.1" 200 14392
124.78.69.58 - - [24/Sep/2023:10:29:21 +0800] "GET /xingrg/javascript/jquery_tools/jquery-1.4.2.min.js HTTP/1.1" 404 1094
124.78.69.58 - - [24/Sep/2023:10:29:21 +0800] "GET /xingrg/javascript/easyui/themes/default/validatebox.css HTTP/1.1" 404 1104
124.78.69.58 - - [24/Sep/2023:10:29:21 +0800] "POST /xingrg/kc/mdqp/pssh_order_operate.html HTTP/1.1" 200 5203
114.83.216.51 - - [24/Sep/2023:10:29:22 +0800] "GET /xingrg/kc/base/wldb_order_operate.html?command=get_materiel&rest_code=00149&base_code=0010394&code=00101019438 HTTP/1.1" 200 462
124.78.69.58 - - [24/Sep/2023:10:29:23 +0800] "GET /xingrg/kc/print/load_data.html?order_code=312023092200510&kc_code=pssh&condition= HTTP/1.1" 200 2211
101.83.145.37 - - [24/Sep/2023:10:29:27 +0800] "GET /xingrg/kc/base/wldb_order_operate.html?command=get_materiel&rest_code=00105&base_code=0010507&code=00101019253 HTTP/1.1" 200 481
180.165.48.189 - - [24/Sep/2023:10:29:29 +0800] "GET /xingrg/all/function/internal_message.html?_=1695522569674&CODE_STATE=getMsg HTTP/1.1" 200 27
114.83.216.51 - - [24/Sep/2023:10:29:29 +0800] "GET /xingrg/kc/base/wldb_order_operate.html?command=get_materiel&rest_code=00149&base_code=0010394&code=00101019391 HTTP/1.1" 200 485
101.228.187.155 - - [24/Sep/2023:10:29:29 +0800] "GET /xingrg/all/function/internal_message.html?_=1695522568631&CODE_STATE=getMsg HTTP/1.1" 200 27
180.163.30.76 - - [24/Sep/2023:10:29:30 +0800] "GET /xingrg/check_reg.html?_=1695522510697 HTTP/1.1" 302 -
180.163.30.76 - - [24/Sep/2023:10:29:30 +0800] "GET /xingrg/login.html HTTP/1.1" 200 7641
124.78.69.58 - - [24/Sep/2023:10:29:31 +0800] "POST /xingrg/kc/mdqp/pssh_list_operate.html HTTP/1.1" 200 487
124.78.69.58 - - [24/Sep/2023:10:29:33 +0800] "GET /xingrg/kc/mdqp/pssh_order_info.html?code=312023092200509 HTTP/1.1" 200 17299
124.78.69.58 - - [24/Sep/2023:10:29:33 +0800] "GET /xingrg/javascript/jquery_tools/jquery-1.4.2.min.js HTTP/1.1" 404 1094
124.78.69.58 - - [24/Sep/2023:10:29:33 +0800] "GET /xingrg/javascript/easyui/themes/default/validatebox.css HTTP/1.1" 404 1104
124.78.69.58 - - [24/Sep/2023:10:29:33 +0800] "POST /xingrg/kc/mdqp/pssh_order_operate.html HTTP/1.1" 200 1614
114.83.216.51 - - [24/Sep/2023:10:29:34 +0800] "GET /xingrg/kc/base/wldb_order_operate.html?command=get_materiel&rest_code=00149&base_code=0010394&code=00101019222 HTTP/1.1" 200 451
124.78.69.58 - - [24/Sep/2023:10:29:36 +0800] "POST /xingrg/all/common/load_combo.html?type=employee HTTP/1.1" 200 362
124.78.69.58 - - [24/Sep/2023:10:29:40 +0800] "POST /xingrg/kc/mdqp/pssh_order_operate.html HTTP/1.1" 200 37
114.83.216.51 - - [24/Sep/2023:10:29:40 +0800] "GET /xingrg/kc/base/wldb_order_operate.html?command=get_materiel&rest_code=00149&base_code=0010394&code=00101019183 HTTP/1.1" 200 449
180.152.241.196 - - [24/Sep/2023:10:29:44 +0800] "GET /xingrg/all/function/internal_message.html?_=1695522585091&CODE_STATE=getMsg HTTP/1.1" 200 27
114.83.216.51 - - [24/Sep/2023:10:29:45 +0800] "GET /xingrg/kc/base/wldb_order_operate.html?command=get_materiel&rest_code=00149&base_code=0010394&code=00101019400 HTTP/1.1" 200 465
101.83.145.37 - - [24/Sep/2023:10:29:47 +0800] "GET /xingrg/all/function/internal_message.html?_=1695522588266&CODE_STATE=getMsg HTTP/1.1" 200 27
124.78.69.58 - - [24/Sep/2023:10:29:48 +0800] "POST /xingrg/kc/mdqp/pssh_order_operate.html HTTP/1.1" 200 12
221.239.166.189 - - [24/Sep/2023:10:29:49 +0800] "GET /xingrg/all/function/internal_message.html?_=1695522587102&CODE_STATE=getMsg HTTP/1.1" 200 27
124.78.69.58 - - [24/Sep/2023:10:29:49 +0800] "GET /xingrg/kc/mdqp/pssh_order_info.html?code=312023092200509 HTTP/1.1" 200 14388
124.78.69.58 - - [24/Sep/2023:10:29:49 +0800] "GET /xingrg/javascript/jquery_tools/jquery-1.4.2.min.js HTTP/1.1" 404 1094
114.83.219.209 - - [24/Sep/2023:10:29:49 +0800] "GET /xingrg/all/function/internal_message.html?_=1695522591089&CODE_STATE=getMsg HTTP/1.1" 200 27
124.78.69.58 - - [24/Sep/2023:10:29:50 +0800] "GET /xingrg/javascript/easyui/themes/default/validatebox.css HTTP/1.1" 404 1104
124.78.69.58 - - [24/Sep/2023:10:29:50 +0800] "POST /xingrg/kc/mdqp/pssh_order_operate.html HTTP/1.1" 200 1614
114.83.216.51 - - [24/Sep/2023:10:29:51 +0800] "GET /xingrg/all/function/internal_message.html?_=1695522591947&CODE_STATE=getMsg HTTP/1.1" 200 27
124.78.155.92 - - [24/Sep/2023:10:29:51 +0800] "GET /xingrg/check_reg.html?_=1695522587070 HTTP/1.1" 200 22
124.78.155.92 - - [24/Sep/2023:10:29:51 +0800] "GET /xingrg/all/function/internal_message.html?_=1695522587073&CODE_STATE=getMsg HTTP/1.1" 200 27
124.78.69.58 - - [24/Sep/2023:10:29:52 +0800] "GET /xingrg/kc/print/load_data.html?order_code=312023092200509&kc_code=pssh&condition= HTTP/1.1" 200 1065
180.169.147.146 - - [24/Sep/2023:10:29:52 +0800] "GET /xingrg/all/function/internal_message.html?_=1695522592542&CODE_STATE=getMsg HTTP/1.1" 200 27
114.83.216.51 - - [24/Sep/2023:10:29:52 +0800] "GET /xingrg/kc/base/wldb_order_operate.html?command=get_materiel&rest_code=00149&base_code=0010394&code=00101019127 HTTP/1.1" 200 479
120.253.135.82 - - [24/Sep/2023:10:29:52 +0800] "GET /xingrg/all/function/internal_message.html?_=1695522395254&CODE_STATE=getMsg HTTP/1.1" 200 27
222.70.180.200 - - [24/Sep/2023:10:29:54 +0800] "GET /xingrg/all/function/internal_message.html?_=1695522593896&CODE_STATE=getMsg HTTP/1.1" 200 27
124.78.69.58 - - [24/Sep/2023:10:29:57 +0800] "POST /xingrg/kc/mdqp/pssh_list_operate.html HTTP/1.1" 200 5376
124.78.69.58 - - [24/Sep/2023:10:29:59 +0800] "GET /xingrg/all/function/internal_message.html?_=1695522026028&CODE_STATE=getMsg HTTP/1.1" 200 27
114.83.216.51 - - [24/Sep/2023:10:29:59 +0800] "GET /xingrg/kc/base/wldb_order_operate.html?command=get_materiel&rest_code=00149&base_code=0010394&code=00101019527 HTTP/1.1" 200 474
124.78.69.58 - - [24/Sep/2023:10:30:00 +0800] "POST /xingrg/kc/mdqp/pssh_list_operate.html HTTP/1.1" 200 756
124.78.69.58 - - [24/Sep/2023:10:30:00 +0800] "POST /xingrg/kc/mdqp/pssh_list_operate.html HTTP/1.1" 200 464
124.79.244.212 - - [24/Sep/2023:10:30:02 +0800] "GET /xingrg/all/function/internal_message.html?_=1695522900915&CODE_STATE=getMsg HTTP/1.1" 200 27
124.79.244.212 - - [24/Sep/2023:10:30:02 +0800] "GET /xingrg/check_reg.html?_=1695522900916 HTTP/1.1" 200 22
124.78.69.58 - - [24/Sep/2023:10:30:02 +0800] "GET /xingrg/kc/mdqp/pssh_order_info.html?code=312023092200508 HTTP/1.1" 200 17301
124.78.69.58 - - [24/Sep/2023:10:30:02 +0800] "GET /xingrg/javascript/jquery_tools/jquery-1.4.2.min.js HTTP/1.1" 404 1094
124.78.69.58 - - [24/Sep/2023:10:30:03 +0800] "GET /xingrg/javascript/easyui/themes/default/validatebox.css HTTP/1.1" 404 1104
124.78.69.58 - - [24/Sep/2023:10:30:03 +0800] "POST /xingrg/kc/mdqp/pssh_order_operate.html HTTP/1.1" 200 1587
180.169.147.146 - - [24/Sep/2023:10:30:05 +0800] "POST /xingrg/kc/buy/cgsh_list_operate.html HTTP/1.1" 200 4
101.83.145.37 - - [24/Sep/2023:10:30:05 +0800] "GET /xingrg/kc/base/wldb_order_operate.html?command=get_materiel&rest_code=00105&base_code=0010507&code=00101019175 HTTP/1.1" 200 439
114.95.241.104 - - [24/Sep/2023:10:30:05 +0800] "GET /xingrg/check_reg.html?_=1695522603005 HTTP/1.1" 200 22
114.95.241.104 - - [24/Sep/2023:10:30:05 +0800] "GET /xingrg/all/function/internal_message.html?_=1695522603009&CODE_STATE=getMsg HTTP/1.1" 200 27
124.78.69.58 - - [24/Sep/2023:10:30:07 +0800] "POST /xingrg/all/common/load_combo.html?type=employee HTTP/1.1" 200 362
114.83.216.51 - - [24/Sep/2023:10:30:08 +0800] "GET /xingrg/kc/base/wldb_order_operate.html?command=get_materiel&rest_code=00149&base_code=0010394&code=00101016094 HTTP/1.1" 200 469
222.70.107.161 - - [24/Sep/2023:10:30:08 +0800] "GET /xingrg/all/function/internal_message.html?_=1695522608568&CODE_STATE=getMsg HTTP/1.1" 200 27
124.77.244.146 - - [24/Sep/2023:10:30:10 +0800] "GET /xingrg/check_reg.html?_=1695522612093 HTTP/1.1" 200 22
114.95.241.104 - - [24/Sep/2023:10:30:11 +0800] "GET /xingrg/all/function/internal_message.html?_=1695522514821&CODE_STATE=getMsg HTTP/1.1" 200 27
124.78.69.58 - - [24/Sep/2023:10:30:11 +0800] "POST /xingrg/kc/mdqp/pssh_order_operate.html HTTP/1.1" 200 37
124.77.244.146 - - [24/Sep/2023:10:30:12 +0800] "GET /xingrg/all/function/internal_message.html?_=1695522613899&CODE_STATE=getMsg HTTP/1.1" 200 27
124.78.69.58 - - [24/Sep/2023:10:30:14 +0800] "POST /xingrg/kc/mdqp/pssh_order_operate.html HTTP/1.1" 200 12
114.83.216.51 - - [24/Sep/2023:10:30:15 +0800] "GET /xingrg/kc/base/wldb_order_operate.html?command=get_materiel&rest_code=00149&base_code=0010394&code=00101016020 HTTP/1.1" 200 446
124.78.69.58 - - [24/Sep/2023:10:30:16 +0800] "GET /xingrg/kc/mdqp/pssh_order_info.html?code=312023092200508 HTTP/1.1" 200 14390
124.78.69.58 - - [24/Sep/2023:10:30:16 +0800] "GET /xingrg/javascript/jquery_tools/jquery-1.4.2.min.js HTTP/1.1" 404 1094
124.78.69.58 - - [24/Sep/2023:10:30:16 +0800] "GET /xingrg/javascript/easyui/themes/default/validatebox.css HTTP/1.1" 404 1104
124.78.69.58 - - [24/Sep/2023:10:30:16 +0800] "POST /xingrg/kc/mdqp/pssh_order_operate.html HTTP/1.1" 200 1587
101.83.145.37 - - [24/Sep/2023:10:30:17 +0800] "GET /xingrg/all/function/internal_message.html?_=1695522403325&CODE_STATE=getMsg HTTP/1.1" 200 27
124.78.69.58 - - [24/Sep/2023:10:30:19 +0800] "GET /xingrg/kc/print/load_data.html?order_code=312023092200508&kc_code=pssh&condition= HTTP/1.1" 200 1038
114.95.241.104 - - [24/Sep/2023:10:30:19 +0800] "GET /xingrg/all/function/internal_message.html?_=1695522523113&CODE_STATE=getMsg HTTP/1.1" 200 27
124.78.69.58 - - [24/Sep/2023:10:30:23 +0800] "POST /xingrg/kc/mdqp/pssh_list_operate.html HTTP/1.1" 200 5401
114.83.216.51 - - [24/Sep/2023:10:30:24 +0800] "GET /xingrg/kc/base/wldb_order_operate.html?command=get_materiel&rest_code=00149&base_code=0010394&code=00101019055 HTTP/1.1" 200 429
124.78.69.58 - - [24/Sep/2023:10:30:25 +0800] "POST /xingrg/kc/mdqp/pssh_list_operate.html HTTP/1.1" 200 444
124.78.69.58 - - [24/Sep/2023:10:30:25 +0800] "GET /xingrg/kc/mdqp/pssh_order_info.html?code=312023092200514 HTTP/1.1" 200 17299
124.78.69.58 - - [24/Sep/2023:10:30:25 +0800] "GET /xingrg/javascript/jquery_tools/jquery-1.4.2.min.js HTTP/1.1" 404 1094
124.78.69.58 - - [24/Sep/2023:10:30:26 +0800] "GET /xingrg/javascript/easyui/themes/default/validatebox.css HTTP/1.1" 404 1104
124.78.69.58 - - [24/Sep/2023:10:30:26 +0800] "POST /xingrg/kc/mdqp/pssh_order_operate.html HTTP/1.1" 200 1557
180.165.48.189 - - [24/Sep/2023:10:30:29 +0800] "GET /xingrg/all/function/internal_message.html?_=1695522629673&CODE_STATE=getMsg HTTP/1.1" 200 27
101.228.187.155 - - [24/Sep/2023:10:30:29 +0800] "GET /xingrg/all/function/internal_message.html?_=1695522628617&CODE_STATE=getMsg HTTP/1.1" 200 27
124.78.69.58 - - [24/Sep/2023:10:30:31 +0800] "POST /xingrg/all/common/load_combo.html?type=employee HTTP/1.1" 200 362
101.83.145.37 - - [24/Sep/2023:10:30:31 +0800] "GET /xingrg/kc/base/wldb_order_operate.html?command=get_materiel&rest_code=00105&base_code=0010507&code=00101016076 HTTP/1.1" 200 477
114.83.216.51 - - [24/Sep/2023:10:30:32 +0800] "GET /xingrg/kc/base/wldb_order_operate.html?command=get_materiel&rest_code=00149&base_code=0010394&code=00101016076 HTTP/1.1" 200 476
124.78.69.58 - - [24/Sep/2023:10:30:36 +0800] "POST /xingrg/kc/mdqp/pssh_order_operate.html HTTP/1.1" 200 37
124.78.69.58 - - [24/Sep/2023:10:30:39 +0800] "POST /xingrg/kc/mdqp/pssh_order_operate.html HTTP/1.1" 200 12
124.78.69.58 - - [24/Sep/2023:10:30:41 +0800] "GET /xingrg/kc/mdqp/pssh_order_info.html?code=312023092200514 HTTP/1.1" 200 14388
124.78.69.58 - - [24/Sep/2023:10:30:41 +0800] "GET /xingrg/javascript/jquery_tools/jquery-1.4.2.min.js HTTP/1.1" 404 1094
114.83.216.51 - - [24/Sep/2023:10:30:41 +0800] "GET /xingrg/kc/base/wldb_order_operate.html?command=get_materiel&rest_code=00149&base_code=0010394&code=00101019041 HTTP/1.1" 200 469
124.78.69.58 - - [24/Sep/2023:10:30:41 +0800] "GET /xingrg/javascript/easyui/themes/default/validatebox.css HTTP/1.1" 404 1104
124.78.69.58 - - [24/Sep/2023:10:30:41 +0800] "POST /xingrg/kc/mdqp/pssh_order_operate.html HTTP/1.1" 200 1557
124.78.69.58 - - [24/Sep/2023:10:30:43 +0800] "GET /xingrg/kc/print/load_data.html?order_code=312023092200514&kc_code=pssh&condition= HTTP/1.1" 200 988
180.152.241.196 - - [24/Sep/2023:10:30:44 +0800] "GET /xingrg/all/function/internal_message.html?_=1695522645068&CODE_STATE=getMsg HTTP/1.1" 200 27
101.83.145.37 - - [24/Sep/2023:10:30:47 +0800] "GET /xingrg/all/function/internal_message.html?_=1695522648265&CODE_STATE=getMsg HTTP/1.1" 200 27
221.239.166.189 - - [24/Sep/2023:10:30:49 +0800] "GET /xingrg/all/function/internal_message.html?_=1695522647114&CODE_STATE=getMsg HTTP/1.1" 200 27
114.95.241.104 - - [24/Sep/2023:10:30:49 +0800] "GET /xingrg/check_reg.html?_=1695522553039 HTTP/1.1" 200 22
114.83.219.209 - - [24/Sep/2023:10:30:49 +0800] "GET /xingrg/all/function/internal_message.html?_=1695522651095&CODE_STATE=getMsg HTTP/1.1" 200 27
114.83.219.209 - - [24/Sep/2023:10:30:49 +0800] "GET /xingrg/check_reg.html?_=1695522651099 HTTP/1.1" 200 22
124.78.69.58 - - [24/Sep/2023:10:30:51 +0800] "POST /xingrg/kc/mdqp/pssh_list_operate.html HTTP/1.1" 200 5426
114.83.216.51 - - [24/Sep/2023:10:30:51 +0800] "GET /xingrg/all/function/internal_message.html?_=1695522651946&CODE_STATE=getMsg HTTP/1.1" 200 27
124.78.155.92 - - [24/Sep/2023:10:30:51 +0800] "GET /xingrg/all/function/internal_message.html?_=1695522647074&CODE_STATE=getMsg HTTP/1.1" 200 27
120.253.135.82 - - [24/Sep/2023:10:30:52 +0800] "GET /xingrg/all/function/internal_message.html?_=1695522455290&CODE_STATE=getMsg HTTP/1.1" 200 27
124.78.69.58 - - [24/Sep/2023:10:30:52 +0800] "POST /xingrg/kc/mdqp/pssh_list_operate.html HTTP/1.1" 200 766
