114.95.241.104 - - [22/Sep/2023:08:55:07 +0800] "GET /xingrg/all/function/internal_message.html?_=1695344013954&CODE_STATE=getMsg HTTP/1.1" 200 27
124.77.241.134 - - [22/Sep/2023:08:55:08 +0800] "POST /xingrg/kc/buy/cgsh_order_operate.html HTTP/1.1" 200 27518
114.95.241.104 - - [22/Sep/2023:08:55:11 +0800] "GET /xingrg/kc/buy/cgsh_order_operate.html?command=get_materiel&rest_code=00151&code=00101008137&supplier_code=00100008&order_time=2023-09-22 HTTP/1.1" 200 408
101.83.145.37 - - [22/Sep/2023:08:55:12 +0800] "GET /xingrg/index.html?sysBaseUrl=http%3A%2F%2F180.169.147.146%3A18081%2Fxingrg%2F&costTime=36×tamp=1585223203754 HTTP/1.1" 302 -
101.83.145.37 - - [22/Sep/2023:08:55:12 +0800] "GET /favicon.ico HTTP/1.1" 404 -
101.83.145.37 - - [22/Sep/2023:08:55:12 +0800] "GET /xingrg/login.html HTTP/1.1" 200 7641
101.83.145.37 - - [22/Sep/2023:08:55:12 +0800] "GET /xingrg/images/blue/jxLogo.png HTTP/1.1" 304 -
101.83.145.37 - - [22/Sep/2023:08:55:12 +0800] "GET /xingrg/images/blue/login_bg.png HTTP/1.1" 304 -
101.83.145.37 - - [22/Sep/2023:08:55:12 +0800] "GET /xingrg/images/blue/hj.png HTTP/1.1" 304 -
101.83.145.37 - - [22/Sep/2023:08:55:12 +0800] "GET /xingrg/images/blue/srbg.png HTTP/1.1" 304 -
101.83.145.37 - - [22/Sep/2023:08:55:12 +0800] "GET /favicon.ico HTTP/1.1" 404 -
101.83.145.37 - - [22/Sep/2023:08:55:18 +0800] "POST /xingrg/login.do HTTP/1.1" 200 2421
101.83.145.37 - - [22/Sep/2023:08:55:18 +0800] "GET /xingrg/images/blue/pic_top.gif HTTP/1.1" 304 -
101.83.145.37 - - [22/Sep/2023:08:55:18 +0800] "GET /xingrg/javascript/myfunction.js HTTP/1.1" 304 -
101.83.145.37 - - [22/Sep/2023:08:55:18 +0800] "GET /xingrg/images/blue/pic_notice.jpg HTTP/1.1" 304 -
101.83.145.37 - - [22/Sep/2023:08:55:18 +0800] "GET /xingrg/css/blue.css HTTP/1.1" 304 -
101.83.145.37 - - [22/Sep/2023:08:55:18 +0800] "GET /xingrg/images/blue/error_buttom.gif HTTP/1.1" 304 -
101.83.145.37 - - [22/Sep/2023:08:55:18 +0800] "GET /xingrg/images/blue/error_mid.gif HTTP/1.1" 304 -
101.83.145.37 - - [22/Sep/2023:08:55:18 +0800] "GET /xingrg/images/blue/error_top.gif HTTP/1.1" 304 -
101.83.145.37 - - [22/Sep/2023:08:55:19 +0800] "GET /favicon.ico HTTP/1.1" 404 -
101.83.145.37 - - [22/Sep/2023:08:55:19 +0800] "GET /xingrg/login.html HTTP/1.1" 200 7641
101.83.145.37 - - [22/Sep/2023:08:55:20 +0800] "GET /favicon.ico HTTP/1.1" 404 -
120.253.135.82 - - [22/Sep/2023:08:55:21 +0800] "GET /xingrg/all/function/internal_message.html?_=1695343924914&CODE_STATE=getMsg HTTP/1.1" 200 27
114.95.241.104 - - [22/Sep/2023:08:55:21 +0800] "GET /xingrg/kc/buy/cgsh_order_operate.html?command=get_materiel&rest_code=00151&code=00101008362&supplier_code=00100008&order_time=2023-09-22 HTTP/1.1" 200 409
101.83.145.37 - - [22/Sep/2023:08:55:21 +0800] "POST /xingrg/login.do HTTP/1.1" 302 -
101.83.145.37 - - [22/Sep/2023:08:55:21 +0800] "GET /xingrg/index.html?sysBaseUrl=http%3A%2F%2F180.169.147.146%3A18081%2Fxingrg%2F&costTime=847×tamp=1695344121461 HTTP/1.1" 200 17173
101.83.145.37 - - [22/Sep/2023:08:55:21 +0800] "GET /xingrg/javascript/jquery_easy_ui/themes/default/easyui.css HTTP/1.1" 304 -
101.83.145.37 - - [22/Sep/2023:08:55:21 +0800] "GET /xingrg/javascript/jquery_easy_ui/themes/icon.css HTTP/1.1" 304 -
101.83.145.37 - - [22/Sep/2023:08:55:21 +0800] "GET /xingrg/css/form.css HTTP/1.1" 304 -
101.83.145.37 - - [22/Sep/2023:08:55:21 +0800] "GET /xingrg/javascript/jquery_easy_ui/jquery.easyui.min.js HTTP/1.1" 304 -
101.83.145.37 - - [22/Sep/2023:08:55:21 +0800] "GET /xingrg/javascript/jquery.timers.js HTTP/1.1" 304 -
101.83.145.37 - - [22/Sep/2023:08:55:21 +0800] "GET /xingrg/javascript/jquery.form.js HTTP/1.1" 304 -
101.83.145.37 - - [22/Sep/2023:08:55:21 +0800] "GET /xingrg/javascript/jquery_easy_ui/easyui-lang-zh_CN.js HTTP/1.1" 304 -
101.83.145.37 - - [22/Sep/2023:08:55:21 +0800] "GET /xingrg/javascript/jquery.utils.js HTTP/1.1" 304 -
101.83.145.37 - - [22/Sep/2023:08:55:21 +0800] "GET /xingrg/javascript/jquery-1.4.2.min.js HTTP/1.1" 304 -
101.83.145.37 - - [22/Sep/2023:08:55:21 +0800] "GET /favicon.ico HTTP/1.1" 404 -
101.83.145.37 - - [22/Sep/2023:08:55:21 +0800] "GET /xingrg/javascript/jquery_easy_ui/themes/icons/settle_new.png HTTP/1.1" 304 -
101.83.145.37 - - [22/Sep/2023:08:55:21 +0800] "GET /xingrg/images/blue/navBackgound.jpg HTTP/1.1" 304 -
101.83.145.37 - - [22/Sep/2023:08:55:21 +0800] "GET /xingrg/images/blue/pingpu.png HTTP/1.1" 304 -
101.83.145.37 - - [22/Sep/2023:08:55:21 +0800] "GET /xingrg/javascript/jquery_easy_ui/themes/default/images/panel_tool_collapse.gif HTTP/1.1" 304 -
101.83.145.37 - - [22/Sep/2023:08:55:21 +0800] "GET /xingrg/javascript/jquery_easy_ui/themes/default/images/tabs_leftarrow.png HTTP/1.1" 304 -
101.83.145.37 - - [22/Sep/2023:08:55:21 +0800] "GET /xingrg/javascript/jquery_easy_ui/themes/default/images/tabs_rightarrow.png HTTP/1.1" 304 -
101.83.145.37 - - [22/Sep/2023:08:55:21 +0800] "GET /xingrg/all/function/internal_message.html?_=1695344121481&CODE_STATE=count HTTP/1.1" 200 11
101.83.145.37 - - [22/Sep/2023:08:55:21 +0800] "GET /xingrg/check_reg.html?_=1695344121481 HTTP/1.1" 200 22
101.83.145.37 - - [22/Sep/2023:08:55:21 +0800] "POST /xingrg/all/common/load_tree.html?tree=area_rest_tree_json&manage=1 HTTP/1.1" 200 3499
101.83.145.37 - - [22/Sep/2023:08:55:21 +0800] "POST /xingrg/load_menu.html HTTP/1.1" 200 5138
101.83.145.37 - - [22/Sep/2023:08:55:21 +0800] "GET /xingrg/javascript/jquery_easy_ui/themes/default/images/tree_arrows.gif HTTP/1.1" 304 -
101.83.145.37 - - [22/Sep/2023:08:55:22 +0800] "GET /xingrg/javascript/jquery_easy_ui/themes/default/images/tree_folder_open.gif HTTP/1.1" 304 -
101.83.145.37 - - [22/Sep/2023:08:55:22 +0800] "GET /xingrg/javascript/jquery_easy_ui/themes/icons/search_new.png HTTP/1.1" 304 -
101.83.145.37 - - [22/Sep/2023:08:55:22 +0800] "GET /xingrg/javascript/jquery_easy_ui/themes/default/images/tree_folder.gif HTTP/1.1" 304 -
101.83.145.37 - - [22/Sep/2023:08:55:22 +0800] "GET /xingrg/javascript/jquery_easy_ui/themes/default/images/tree_file.gif HTTP/1.1" 304 -
101.83.145.37 - - [22/Sep/2023:08:55:22 +0800] "GET /xingrg/javascript/jquery_easy_ui/themes/icons/storage_new.png HTTP/1.1" 304 -
101.83.145.37 - - [22/Sep/2023:08:55:22 +0800] "GET /xingrg/javascript/jquery_easy_ui/themes/icons/forms_new.png HTTP/1.1" 304 -
101.83.145.37 - - [22/Sep/2023:08:55:24 +0800] "GET /xingrg/javascript/jquery_easy_ui/themes/default/images/tabs_close.gif HTTP/1.1" 304 -
101.83.145.37 - - [22/Sep/2023:08:55:25 +0800] "GET /xingrg/kc/buy/cgsh_order_list.html HTTP/1.1" 200 56579
101.83.145.37 - - [22/Sep/2023:08:55:25 +0800] "GET /xingrg/css/base.css HTTP/1.1" 304 -
101.83.145.37 - - [22/Sep/2023:08:55:25 +0800] "GET /xingrg/javascript/easyui/themes/default/easyui.css HTTP/1.1" 304 -
101.83.145.37 - - [22/Sep/2023:08:55:25 +0800] "GET /xingrg/css/site.css HTTP/1.1" 304 -
101.83.145.37 - - [22/Sep/2023:08:55:25 +0800] "GET /xingrg/javascript/jquery_tools/datebox.css HTTP/1.1" 304 -
101.83.145.37 - - [22/Sep/2023:08:55:25 +0800] "GET /xingrg/javascript/jquery_tools/table.css HTTP/1.1" 304 -
101.83.145.37 - - [22/Sep/2023:08:55:25 +0800] "GET /xingrg/javascript/jquery_tools/fix.css HTTP/1.1" 304 -
101.83.145.37 - - [22/Sep/2023:08:55:25 +0800] "GET /xingrg/javascript/auto/jquery.autocomplete.css HTTP/1.1" 304 -
101.83.145.37 - - [22/Sep/2023:08:55:25 +0800] "GET /xingrg/javascript/jquery_tools/jquery.tools.hotkey.js HTTP/1.1" 304 -
101.83.145.37 - - [22/Sep/2023:08:55:25 +0800] "GET /xingrg/javascript/jquery_tools/jquery.tools.min.js HTTP/1.1" 304 -
101.83.145.37 - - [22/Sep/2023:08:55:25 +0800] "GET /xingrg/javascript/easyui/themes/icon.css HTTP/1.1" 304 -
101.83.145.37 - - [22/Sep/2023:08:55:25 +0800] "GET /xingrg/javascript/jquery_tools/jquery.tools.extend.js HTTP/1.1" 304 -
101.83.145.37 - - [22/Sep/2023:08:55:25 +0800] "GET /xingrg/javascript/jquery_tools/jquery.tools.table.js HTTP/1.1" 304 -
101.83.145.37 - - [22/Sep/2023:08:55:25 +0800] "GET /xingrg/javascript/auto/jquery.autocomplete.js HTTP/1.1" 304 -
101.83.145.37 - - [22/Sep/2023:08:55:25 +0800] "GET /xingrg/javascript/jquery_tools/list_manager.js HTTP/1.1" 304 -
101.83.145.37 - - [22/Sep/2023:08:55:25 +0800] "GET /xingrg/javascript/easyui/easyloader.js HTTP/1.1" 304 -
101.83.145.37 - - [22/Sep/2023:08:55:25 +0800] "GET /xingrg/javascript/jquery.cookie.js HTTP/1.1" 304 -
101.83.145.37 - - [22/Sep/2023:08:55:25 +0800] "GET /xingrg/javascript/print/LodopFuncs.js HTTP/1.1" 304 -
116.230.110.33 - - [22/Sep/2023:08:55:25 +0800] "GET /xingrg/all/function/internal_message.html?_=1695343982631&CODE_STATE=getMsg HTTP/1.1" 200 27
101.83.145.37 - - [22/Sep/2023:08:55:26 +0800] "GET /xingrg/javascript/easyui/plugins/jquery.parser.js HTTP/1.1" 304 -
101.83.145.37 - - [22/Sep/2023:08:55:26 +0800] "GET /xingrg/images/control/ajaxLoader.gif HTTP/1.1" 304 -
101.83.145.37 - - [22/Sep/2023:08:55:26 +0800] "GET /xingrg/javascript/easyui/themes/icons/cance_new.png HTTP/1.1" 304 -
101.83.145.37 - - [22/Sep/2023:08:55:26 +0800] "GET /xingrg/javascript/easyui/themes/icons/edit_add_new.png HTTP/1.1" 304 -
101.83.145.37 - - [22/Sep/2023:08:55:26 +0800] "GET /xingrg/javascript/easyui/themes/icons/check_new.png HTTP/1.1" 304 -
101.83.145.37 - - [22/Sep/2023:08:55:26 +0800] "GET /xingrg/javascript/easyui/themes/icons/field_new.png HTTP/1.1" 304 -
101.83.145.37 - - [22/Sep/2023:08:55:26 +0800] "GET /xingrg/javascript/easyui/themes/icons/import_new.png HTTP/1.1" 304 -
101.83.145.37 - - [22/Sep/2023:08:55:28 +0800] "POST /xingrg/kc/buy/cgsh_list_operate.html HTTP/1.1" 200 986
114.95.241.104 - - [22/Sep/2023:08:55:30 +0800] "GET /xingrg/kc/buy/cgsh_order_operate.html?command=get_materiel&rest_code=00151&code=00101008077&supplier_code=00100008&order_time=2023-09-22 HTTP/1.1" 200 416
222.70.180.200 - - [22/Sep/2023:08:55:33 +0800] "GET /xingrg/all/function/internal_message.html?_=1695344129723&CODE_STATE=getMsg HTTP/1.1" 200 27
124.77.241.134 - - [22/Sep/2023:08:55:33 +0800] "GET /xingrg/kc/buy/cgsh_order_operate.html?command=get_materiel&rest_code=00146&code=00101008312&supplier_code=00100005&order_time=2023-09-22 HTTP/1.1" 200 412
124.78.155.92 - - [22/Sep/2023:08:55:34 +0800] "GET /xingrg/all/function/internal_message.html?_=1695344131299&CODE_STATE=getMsg HTTP/1.1" 200 27
101.83.145.37 - - [22/Sep/2023:08:55:36 +0800] "GET /xingrg/javascript/easyui/themes/default/images/button_plain_hover.png HTTP/1.1" 304 -
114.95.241.104 - - [22/Sep/2023:08:55:38 +0800] "GET /xingrg/kc/buy/cgsh_order_operate.html?command=get_materiel&rest_code=00151&code=00101008286&supplier_code=00100008&order_time=2023-09-22 HTTP/1.1" 200 428
101.83.145.37 - - [22/Sep/2023:08:55:40 +0800] "GET /xingrg/kc/buy/cgsh_order_add.html HTTP/1.1" 200 72443
101.83.145.37 - - [22/Sep/2023:08:55:40 +0800] "GET /xingrg/javascript/pic_change.js HTTP/1.1" 304 -
101.83.145.37 - - [22/Sep/2023:08:55:40 +0800] "GET /xingrg/javascript/jquery_tools/order_manager.js HTTP/1.1" 304 -
101.83.145.37 - - [22/Sep/2023:08:55:40 +0800] "GET /xingrg/javascript/json2.js HTTP/1.1" 304 -
101.83.145.37 - - [22/Sep/2023:08:55:40 +0800] "GET /xingrg/javascript/convert.js HTTP/1.1" 304 -
101.83.145.37 - - [22/Sep/2023:08:55:40 +0800] "GET /xingrg/javascript/print/kc_print.js HTTP/1.1" 304 -
101.83.145.37 - - [22/Sep/2023:08:55:40 +0800] "GET /xingrg/words/20230921151042_words.js HTTP/1.1" 200 988109
101.83.145.37 - - [22/Sep/2023:08:55:40 +0800] "GET /xingrg/javascript/easyui/themes/icons/copy_new.png HTTP/1.1" 304 -
101.83.145.37 - - [22/Sep/2023:08:55:40 +0800] "GET /xingrg/javascript/easyui/themes/icons/template_new.png HTTP/1.1" 304 -
101.83.145.37 - - [22/Sep/2023:08:55:40 +0800] "GET /xingrg/javascript/easyui/themes/icons/ok.png HTTP/1.1" 304 -
101.83.145.37 - - [22/Sep/2023:08:55:40 +0800] "GET /xingrg/javascript/easyui/themes/icons/print.png HTTP/1.1" 304 -
101.83.145.37 - - [22/Sep/2023:08:55:40 +0800] "GET /xingrg/javascript/easyui/themes/icons/cancel.png HTTP/1.1" 304 -
101.83.145.37 - - [22/Sep/2023:08:55:40 +0800] "GET /xingrg/javascript/easyui/themes/default/images/menu_downarrow.png HTTP/1.1" 304 -
101.83.145.37 - - [22/Sep/2023:08:55:41 +0800] "POST /xingrg/kc/buy/cgsh_order_operate.html HTTP/1.1" 200 8245
101.83.145.37 - - [22/Sep/2023:08:55:41 +0800] "GET /xingrg/javascript/easyui/themes/default/validatebox.css HTTP/1.1" 404 1104
101.83.145.37 - - [22/Sep/2023:08:55:41 +0800] "GET /xingrg/javascript/easyui/plugins/jquery.validatebox.js HTTP/1.1" 304 -
101.83.145.37 - - [22/Sep/2023:08:55:41 +0800] "GET /xingrg/javascript/easyui/plugins/jquery.numberbox.js HTTP/1.1" 304 -
101.83.145.37 - - [22/Sep/2023:08:55:41 +0800] "GET /xingrg/all/common/auto_word.html?type=employee&rest_code=00105 HTTP/1.1" 200 193
101.83.145.37 - - [22/Sep/2023:08:55:41 +0800] "GET /xingrg/javascript/easyui/themes/icons/edit_remove.png HTTP/1.1" 304 -
101.83.145.37 - - [22/Sep/2023:08:55:41 +0800] "GET /xingrg/all/common/auto_word.html?type=employee&rest_code=00105 HTTP/1.1" 200 193
101.83.145.37 - - [22/Sep/2023:08:55:42 +0800] "GET /xingrg/javascript/auto/indicator.gif HTTP/1.1" 404 1066
114.95.241.104 - - [22/Sep/2023:08:55:46 +0800] "GET /xingrg/kc/buy/cgsh_order_operate.html?command=get_materiel&rest_code=00151&code=00101008152&supplier_code=00100008&order_time=2023-09-22 HTTP/1.1" 200 409
221.239.166.189 - - [22/Sep/2023:08:55:47 +0800] "GET /xingrg/all/function/internal_message.html?_=1695344146300&CODE_STATE=getMsg HTTP/1.1" 200 27
114.95.241.104 - - [22/Sep/2023:08:55:49 +0800] "POST /xingrg/kc/buy/cgsh_order_operate.html HTTP/1.1" 200 2065
124.77.241.134 - - [22/Sep/2023:08:55:50 +0800] "GET /xingrg/kc/buy/cgsh_order_operate.html?command=get_materiel&rest_code=00146&code=00101008330&supplier_code=00100005&order_time=2023-09-22 HTTP/1.1" 200 408
114.95.241.104 - - [22/Sep/2023:08:55:53 +0800] "GET /xingrg/all/function/internal_message.html?_=1695344152438&CODE_STATE=getMsg HTTP/1.1" 200 27
124.77.241.134 - - [22/Sep/2023:08:55:59 +0800] "GET /xingrg/all/function/internal_message.html?_=1695344172944&CODE_STATE=getMsg HTTP/1.1" 200 27
114.95.241.104 - - [22/Sep/2023:08:55:59 +0800] "GET /xingrg/kc/buy/cgsh_order_operate.html?command=get_materiel&rest_code=00151&code=00101008169&supplier_code=00100008&order_time=2023-09-22 HTTP/1.1" 200 412
116.228.172.122 - - [22/Sep/2023:08:56:03 +0800] "GET /xingrg/all/function/internal_message.html?_=1695343808652&CODE_STATE=getMsg HTTP/1.1" 200 27
114.95.241.104 - - [22/Sep/2023:08:56:05 +0800] "GET /xingrg/kc/buy/cgsh_order_operate.html?command=get_materiel&rest_code=00151&code=00101008131&supplier_code=00100008&order_time=2023-09-22 HTTP/1.1" 200 409
124.77.241.134 - - [22/Sep/2023:08:56:05 +0800] "GET /xingrg/kc/buy/cgsh_order_operate.html?command=get_materiel&rest_code=00146&code=00101008134&supplier_code=00100005&order_time=2023-09-22 HTTP/1.1" 200 412
114.95.241.104 - - [22/Sep/2023:08:56:07 +0800] "GET /xingrg/all/function/internal_message.html?_=1695344073958&CODE_STATE=getMsg HTTP/1.1" 200 27
114.95.241.104 - - [22/Sep/2023:08:56:18 +0800] "GET /xingrg/kc/buy/cgsh_order_operate.html?command=get_materiel&rest_code=00151&code=00101008318&supplier_code=00100008&order_time=2023-09-22 HTTP/1.1" 200 408
120.253.135.82 - - [22/Sep/2023:08:56:20 +0800] "GET /xingrg/check_reg.html?_=1695343984671 HTTP/1.1" 200 22
120.253.135.82 - - [22/Sep/2023:08:56:21 +0800] "GET /xingrg/all/function/internal_message.html?_=1695343984927&CODE_STATE=getMsg HTTP/1.1" 200 27
124.77.241.134 - - [22/Sep/2023:08:56:21 +0800] "POST /xingrg/kc/buy/cgsh_order_operate.html HTTP/1.1" 200 2065
101.83.145.37 - - [22/Sep/2023:08:56:21 +0800] "GET /xingrg/all/function/internal_message.html?_=1695344181496&CODE_STATE=getMsg HTTP/1.1" 200 27
116.230.110.33 - - [22/Sep/2023:08:56:25 +0800] "GET /xingrg/all/function/internal_message.html?_=1695344042608&CODE_STATE=getMsg HTTP/1.1" 200 27
114.95.241.104 - - [22/Sep/2023:08:56:29 +0800] "GET /xingrg/kc/buy/cgsh_order_operate.html?command=get_materiel&rest_code=00151&code=00101008368&supplier_code=00100008&order_time=2023-09-22 HTTP/1.1" 200 408
222.70.180.200 - - [22/Sep/2023:08:56:33 +0800] "GET /xingrg/all/function/internal_message.html?_=1695344189724&CODE_STATE=getMsg HTTP/1.1" 200 27
180.163.28.180 - - [22/Sep/2023:08:56:34 +0800] "GET /xingrg/all/function/internal_message.html?_=1695344131299&CODE_STATE=getMsg HTTP/1.1" 302 -
180.163.28.180 - - [22/Sep/2023:08:56:34 +0800] "GET /xingrg/login.html HTTP/1.1" 200 7641
124.78.155.92 - - [22/Sep/2023:08:56:34 +0800] "GET /xingrg/all/function/internal_message.html?_=1695344191304&CODE_STATE=getMsg HTTP/1.1" 200 27
124.78.155.92 - - [22/Sep/2023:08:56:34 +0800] "GET /xingrg/check_reg.html?_=1695344191308 HTTP/1.1" 200 22
114.95.241.104 - - [22/Sep/2023:08:56:37 +0800] "GET /xingrg/kc/buy/cgsh_order_operate.html?command=get_materiel&rest_code=00151&code=00101008439&supplier_code=00100008&order_time=2023-09-22 HTTP/1.1" 200 413
116.230.110.33 - - [22/Sep/2023:08:56:41 +0800] "GET /xingrg/check_reg.html?_=1695344058302 HTTP/1.1" 200 22
124.77.241.134 - - [22/Sep/2023:08:56:42 +0800] "GET /xingrg/kc/buy/cgsh_order_operate.html?command=get_materiel&rest_code=00146&code=00101008095&supplier_code=00100005&order_time=2023-09-22 HTTP/1.1" 200 412
114.95.241.104 - - [22/Sep/2023:08:56:46 +0800] "GET /xingrg/kc/buy/cgsh_order_operate.html?command=get_materiel&rest_code=00151&code=00101015074&supplier_code=00100008&order_time=2023-09-22 HTTP/1.1" 200 408
221.239.166.189 - - [22/Sep/2023:08:56:47 +0800] "GET /xingrg/all/function/internal_message.html?_=1695344206288&CODE_STATE=getMsg HTTP/1.1" 200 27
114.95.241.104 - - [22/Sep/2023:08:56:50 +0800] "POST /xingrg/kc/buy/cgsh_order_operate.html HTTP/1.1" 200 2065
114.95.241.104 - - [22/Sep/2023:08:56:53 +0800] "GET /xingrg/all/function/internal_message.html?_=1695344212437&CODE_STATE=getMsg HTTP/1.1" 200 27
114.95.241.104 - - [22/Sep/2023:08:56:56 +0800] "GET /xingrg/kc/buy/cgsh_order_operate.html?command=get_materiel&rest_code=00151&code=00101008085&supplier_code=00100008&order_time=2023-09-22 HTTP/1.1" 200 412
124.77.241.134 - - [22/Sep/2023:08:56:57 +0800] "GET /xingrg/kc/buy/cgsh_order_operate.html?command=get_materiel&rest_code=00146&code=00101008674&supplier_code=00100005&order_time=2023-09-22 HTTP/1.1" 200 412
124.77.241.134 - - [22/Sep/2023:08:56:59 +0800] "GET /xingrg/all/function/internal_message.html?_=1695344232959&CODE_STATE=getMsg HTTP/1.1" 200 27
116.228.172.122 - - [22/Sep/2023:08:57:03 +0800] "GET /xingrg/all/function/internal_message.html?_=1695343868672&CODE_STATE=getMsg HTTP/1.1" 200 27
114.95.241.104 - - [22/Sep/2023:08:57:07 +0800] "GET /xingrg/kc/buy/cgsh_order_list.html HTTP/1.1" 200 56585
114.95.241.104 - - [22/Sep/2023:08:57:07 +0800] "GET /xingrg/css/base.css HTTP/1.1" 200 2811
114.95.241.104 - - [22/Sep/2023:08:57:07 +0800] "GET /xingrg/css/site.css HTTP/1.1" 200 7541
114.95.241.104 - - [22/Sep/2023:08:57:07 +0800] "GET /xingrg/javascript/jquery_tools/datebox.css HTTP/1.1" 200 2597
114.95.241.104 - - [22/Sep/2023:08:57:07 +0800] "GET /xingrg/javascript/jquery_tools/jquery.tools.extend.js HTTP/1.1" 200 15385
114.95.241.104 - - [22/Sep/2023:08:57:07 +0800] "GET /xingrg/javascript/easyui/themes/default/easyui.css HTTP/1.1" 200 30432
114.95.241.104 - - [22/Sep/2023:08:57:07 +0800] "GET /xingrg/javascript/easyui/themes/icon.css HTTP/1.1" 200 4483
114.95.241.104 - - [22/Sep/2023:08:57:07 +0800] "GET /xingrg/javascript/auto/jquery.autocomplete.css HTTP/1.1" 200 587
114.95.241.104 - - [22/Sep/2023:08:57:07 +0800] "GET /xingrg/javascript/jquery_tools/jquery.tools.min.js HTTP/1.1" 200 138801
114.95.241.104 - - [22/Sep/2023:08:57:07 +0800] "GET /xingrg/javascript/jquery_tools/table.css HTTP/1.1" 200 1032
114.95.241.104 - - [22/Sep/2023:08:57:07 +0800] "GET /xingrg/javascript/jquery_tools/fix.css HTTP/1.1" 200 1702
114.95.241.104 - - [22/Sep/2023:08:57:07 +0800] "GET /xingrg/javascript/jquery_tools/jquery.tools.hotkey.js HTTP/1.1" 200 3242
114.95.241.104 - - [22/Sep/2023:08:57:07 +0800] "GET /xingrg/javascript/jquery_tools/jquery.tools.table.js HTTP/1.1" 200 6994
114.95.241.104 - - [22/Sep/2023:08:57:07 +0800] "GET /xingrg/javascript/print/LodopFuncs.js HTTP/1.1" 200 5121
114.95.241.104 - - [22/Sep/2023:08:57:07 +0800] "GET /xingrg/javascript/easyui/easyloader.js HTTP/1.1" 200 5975
114.95.241.104 - - [22/Sep/2023:08:57:07 +0800] "GET /xingrg/javascript/auto/jquery.autocomplete.js HTTP/1.1" 200 21624
114.95.241.104 - - [22/Sep/2023:08:57:07 +0800] "GET /xingrg/javascript/jquery.cookie.js HTTP/1.1" 200 5513
114.95.241.104 - - [22/Sep/2023:08:57:07 +0800] "GET /xingrg/javascript/jquery_tools/list_manager.js HTTP/1.1" 200 3652
114.95.241.104 - - [22/Sep/2023:08:57:07 +0800] "GET /xingrg/javascript/jquery.utils.js HTTP/1.1" 200 11805
114.95.241.104 - - [22/Sep/2023:08:57:07 +0800] "GET /xingrg/javascript/easyui/themes/icons/cance_new.png HTTP/1.1" 200 3986
114.95.241.104 - - [22/Sep/2023:08:57:07 +0800] "GET /xingrg/javascript/easyui/themes/icons/edit_add_new.png HTTP/1.1" 200 2997
114.95.241.104 - - [22/Sep/2023:08:57:07 +0800] "GET /xingrg/javascript/easyui/themes/icons/field_new.png HTTP/1.1" 200 1097
114.95.241.104 - - [22/Sep/2023:08:57:07 +0800] "GET /xingrg/javascript/easyui/themes/icons/check_new.png HTTP/1.1" 200 3224
114.95.241.104 - - [22/Sep/2023:08:57:07 +0800] "GET /xingrg/javascript/easyui/themes/icons/import_new.png HTTP/1.1" 200 1247
114.95.241.104 - - [22/Sep/2023:08:57:07 +0800] "GET /xingrg/javascript/easyui/plugins/jquery.parser.js HTTP/1.1" 200 1142
114.95.241.104 - - [22/Sep/2023:08:57:07 +0800] "GET /xingrg/images/control/ajaxLoader.gif HTTP/1.1" 200 4659
114.95.241.104 - - [22/Sep/2023:08:57:07 +0800] "GET /xingrg/all/function/internal_message.html?_=1695344133971&CODE_STATE=getMsg HTTP/1.1" 200 27
124.77.241.134 - - [22/Sep/2023:08:57:09 +0800] "POST /xingrg/kc/buy/cgsh_order_operate.html HTTP/1.1" 200 37
114.95.241.104 - - [22/Sep/2023:08:57:10 +0800] "POST /xingrg/kc/buy/cgsh_list_operate.html HTTP/1.1" 200 986
124.77.241.134 - - [22/Sep/2023:08:57:11 +0800] "POST /xingrg/kc/buy/cgsh_order_operate.html HTTP/1.1" 200 31056
114.95.241.104 - - [22/Sep/2023:08:57:11 +0800] "GET /xingrg/javascript/easyui/themes/default/images/button_plain_hover.png HTTP/1.1" 200 144
114.95.241.104 - - [22/Sep/2023:08:57:11 +0800] "GET /xingrg/javascript/easyui/themes/default/images/button_plain_hover.png HTTP/1.1" 200 144
114.95.241.104 - - [22/Sep/2023:08:57:13 +0800] "GET /xingrg/kc/buy/cgsh_order_add.html HTTP/1.1" 200 72417
114.95.241.104 - - [22/Sep/2023:08:57:13 +0800] "GET /xingrg/javascript/pic_change.js HTTP/1.1" 200 4739
114.95.241.104 - - [22/Sep/2023:08:57:13 +0800] "GET /xingrg/javascript/jquery_tools/order_manager.js HTTP/1.1" 200 11183
114.95.241.104 - - [22/Sep/2023:08:57:13 +0800] "GET /xingrg/javascript/convert.js HTTP/1.1" 200 1239
114.95.241.104 - - [22/Sep/2023:08:57:13 +0800] "GET /xingrg/javascript/json2.js HTTP/1.1" 200 11259
114.95.241.104 - - [22/Sep/2023:08:57:13 +0800] "GET /xingrg/javascript/print/kc_print.js HTTP/1.1" 200 11415
114.95.241.104 - - [22/Sep/2023:08:57:13 +0800] "GET /xingrg/words/20230921151042_words.js HTTP/1.1" 200 988109
114.95.241.104 - - [22/Sep/2023:08:57:13 +0800] "GET /xingrg/javascript/easyui/themes/icons/copy_new.png HTTP/1.1" 200 815
114.95.241.104 - - [22/Sep/2023:08:57:13 +0800] "GET /xingrg/javascript/easyui/themes/icons/ok.png HTTP/1.1" 200 883
114.95.241.104 - - [22/Sep/2023:08:57:13 +0800] "GET /xingrg/javascript/easyui/themes/icons/template_new.png HTTP/1.1" 200 3956
114.95.241.104 - - [22/Sep/2023:08:57:13 +0800] "GET /xingrg/javascript/easyui/themes/icons/print.png HTTP/1.1" 200 1057
114.95.241.104 - - [22/Sep/2023:08:57:13 +0800] "GET /xingrg/javascript/easyui/themes/default/images/menu_downarrow.png HTTP/1.1" 200 173
114.95.241.104 - - [22/Sep/2023:08:57:13 +0800] "GET /xingrg/javascript/easyui/themes/icons/cancel.png HTTP/1.1" 200 1133
114.95.241.104 - - [22/Sep/2023:08:57:13 +0800] "POST /xingrg/kc/buy/cgsh_order_operate.html HTTP/1.1" 200 8245
114.95.241.104 - - [22/Sep/2023:08:57:13 +0800] "GET /xingrg/javascript/easyui/themes/icons/edit_remove.png HTTP/1.1" 200 625
114.95.241.104 - - [22/Sep/2023:08:57:13 +0800] "GET /xingrg/all/common/auto_word.html?type=employee&rest_code=00150 HTTP/1.1" 200 159
114.95.241.104 - - [22/Sep/2023:08:57:13 +0800] "GET /xingrg/javascript/easyui/themes/default/validatebox.css HTTP/1.1" 404 1104
114.95.241.104 - - [22/Sep/2023:08:57:13 +0800] "GET /xingrg/javascript/easyui/plugins/jquery.validatebox.js HTTP/1.1" 200 6103
114.95.241.104 - - [22/Sep/2023:08:57:13 +0800] "GET /xingrg/javascript/easyui/plugins/jquery.numberbox.js HTTP/1.1" 200 5213
114.95.241.104 - - [22/Sep/2023:08:57:13 +0800] "GET /xingrg/all/common/auto_word.html?type=employee&rest_code=00150 HTTP/1.1" 200 159
101.228.187.155 - - [22/Sep/2023:08:57:19 +0800] "GET /favicon.ico HTTP/1.1" 404 -
101.228.187.155 - - [22/Sep/2023:08:57:19 +0800] "GET /xingrg/login.html HTTP/1.1" 200 7641
120.253.135.82 - - [22/Sep/2023:08:57:21 +0800] "GET /xingrg/all/function/internal_message.html?_=1695344044942&CODE_STATE=getMsg HTTP/1.1" 200 27
101.228.187.155 - - [22/Sep/2023:08:57:21 +0800] "GET /xingrg/images/blue/jxLogo.png HTTP/1.1" 304 -
101.228.187.155 - - [22/Sep/2023:08:57:21 +0800] "GET /xingrg/images/blue/login_bg.png HTTP/1.1" 304 -
101.228.187.155 - - [22/Sep/2023:08:57:21 +0800] "GET /xingrg/images/blue/hj.png HTTP/1.1" 304 -
101.228.187.155 - - [22/Sep/2023:08:57:21 +0800] "GET /xingrg/images/blue/srbg.png HTTP/1.1" 304 -
101.83.145.37 - - [22/Sep/2023:08:57:21 +0800] "GET /xingrg/all/function/internal_message.html?_=1695344241492&CODE_STATE=getMsg HTTP/1.1" 200 27
101.228.187.155 - - [22/Sep/2023:08:57:22 +0800] "GET /favicon.ico HTTP/1.1" 404 -
114.95.241.104 - - [22/Sep/2023:08:57:23 +0800] "GET /xingrg/javascript/auto/indicator.gif HTTP/1.1" 404 1066
116.230.110.33 - - [22/Sep/2023:08:57:25 +0800] "GET /xingrg/all/function/internal_message.html?_=1695344102598&CODE_STATE=getMsg HTTP/1.1" 200 27
101.228.187.155 - - [22/Sep/2023:08:57:27 +0800] "POST /xingrg/login.do HTTP/1.1" 302 -
101.228.187.155 - - [22/Sep/2023:08:57:27 +0800] "GET /xingrg/index.html?sysBaseUrl=http%3A%2F%2F180.169.147.146%3A18081%2Fxingrg%2F&costTime=812×tamp=1695344247897 HTTP/1.1" 200 17179
101.228.187.155 - - [22/Sep/2023:08:57:28 +0800] "GET /xingrg/javascript/jquery_easy_ui/themes/default/easyui.css HTTP/1.1" 304 -
101.228.187.155 - - [22/Sep/2023:08:57:28 +0800] "GET /xingrg/javascript/jquery_easy_ui/themes/icon.css HTTP/1.1" 304 -
101.228.187.155 - - [22/Sep/2023:08:57:28 +0800] "GET /xingrg/javascript/jquery_easy_ui/easyui-lang-zh_CN.js HTTP/1.1" 304 -
101.228.187.155 - - [22/Sep/2023:08:57:28 +0800] "GET /xingrg/javascript/jquery.form.js HTTP/1.1" 304 -
101.228.187.155 - - [22/Sep/2023:08:57:28 +0800] "GET /xingrg/css/form.css HTTP/1.1" 304 -
101.228.187.155 - - [22/Sep/2023:08:57:28 +0800] "GET /xingrg/javascript/jquery-1.4.2.min.js HTTP/1.1" 304 -
101.228.187.155 - - [22/Sep/2023:08:57:28 +0800] "GET /xingrg/javascript/jquery_easy_ui/jquery.easyui.min.js HTTP/1.1" 304 -
101.228.187.155 - - [22/Sep/2023:08:57:28 +0800] "GET /xingrg/javascript/jquery.timers.js HTTP/1.1" 304 -
101.228.187.155 - - [22/Sep/2023:08:57:28 +0800] "GET /xingrg/javascript/jquery.utils.js HTTP/1.1" 304 -
101.228.187.155 - - [22/Sep/2023:08:57:28 +0800] "GET /favicon.ico HTTP/1.1" 404 -
101.228.187.155 - - [22/Sep/2023:08:57:28 +0800] "GET /xingrg/javascript/jquery_easy_ui/themes/icons/settle_new.png HTTP/1.1" 304 -
101.228.187.155 - - [22/Sep/2023:08:57:28 +0800] "GET /xingrg/images/blue/navBackgound.jpg HTTP/1.1" 304 -
101.228.187.155 - - [22/Sep/2023:08:57:28 +0800] "POST /xingrg/all/common/load_tree.html?tree=area_rest_tree_json&manage=1 HTTP/1.1" 200 351
101.228.187.155 - - [22/Sep/2023:08:57:28 +0800] "GET /xingrg/images/blue/pingpu.png HTTP/1.1" 304 -
101.228.187.155 - - [22/Sep/2023:08:57:28 +0800] "GET /xingrg/check_reg.html?_=1695344247488 HTTP/1.1" 200 22
101.228.187.155 - - [22/Sep/2023:08:57:28 +0800] "GET /xingrg/all/function/internal_message.html?_=1695344247487&CODE_STATE=count HTTP/1.1" 200 11
101.228.187.155 - - [22/Sep/2023:08:57:28 +0800] "GET /xingrg/javascript/jquery_easy_ui/themes/default/images/tabs_leftarrow.png HTTP/1.1" 304 -
101.228.187.155 - - [22/Sep/2023:08:57:28 +0800] "GET /xingrg/javascript/jquery_easy_ui/themes/default/images/tabs_rightarrow.png HTTP/1.1" 304 -
101.228.187.155 - - [22/Sep/2023:08:57:28 +0800] "GET /xingrg/javascript/jquery_easy_ui/themes/default/images/panel_tool_collapse.gif HTTP/1.1" 304 -
101.228.187.155 - - [22/Sep/2023:08:57:28 +0800] "POST /xingrg/load_menu.html HTTP/1.1" 200 5138
101.228.187.155 - - [22/Sep/2023:08:57:28 +0800] "GET /xingrg/javascript/jquery_easy_ui/themes/default/images/tree_arrows.gif HTTP/1.1" 304 -
101.228.187.155 - - [22/Sep/2023:08:57:28 +0800] "GET /xingrg/javascript/jquery_easy_ui/themes/default/images/tree_folder_open.gif HTTP/1.1" 304 -
101.228.187.155 - - [22/Sep/2023:08:57:28 +0800] "GET /xingrg/javascript/jquery_easy_ui/themes/icons/search_new.png HTTP/1.1" 304 -
101.228.187.155 - - [22/Sep/2023:08:57:28 +0800] "GET /xingrg/javascript/jquery_easy_ui/themes/icons/storage_new.png HTTP/1.1" 304 -
101.228.187.155 - - [22/Sep/2023:08:57:28 +0800] "GET /xingrg/javascript/jquery_easy_ui/themes/default/images/tree_folder.gif HTTP/1.1" 304 -
101.228.187.155 - - [22/Sep/2023:08:57:28 +0800] "GET /xingrg/javascript/jquery_easy_ui/themes/icons/forms_new.png HTTP/1.1" 304 -
101.228.187.155 - - [22/Sep/2023:08:57:28 +0800] "GET /xingrg/javascript/jquery_easy_ui/themes/default/images/tree_file.gif HTTP/1.1" 304 -
101.228.187.155 - - [22/Sep/2023:08:57:32 +0800] "GET /xingrg/javascript/jquery_easy_ui/themes/icons/area.png HTTP/1.1" 304 -
101.228.187.155 - - [22/Sep/2023:08:57:32 +0800] "GET /xingrg/javascript/jquery_easy_ui/themes/icons/rest.png HTTP/1.1" 304 -
222.70.180.200 - - [22/Sep/2023:08:57:33 +0800] "GET /xingrg/all/function/internal_message.html?_=1695344249723&CODE_STATE=getMsg HTTP/1.1" 200 27
222.70.180.200 - - [22/Sep/2023:08:57:33 +0800] "GET /xingrg/check_reg.html?_=1695344249726 HTTP/1.1" 200 22
124.78.155.92 - - [22/Sep/2023:08:57:34 +0800] "GET /xingrg/all/function/internal_message.html?_=1695344251293&CODE_STATE=getMsg HTTP/1.1" 200 27
114.95.241.104 - - [22/Sep/2023:08:57:35 +0800] "GET /xingrg/kc/buy/cgsh_order_operate.html?command=get_materiel&rest_code=00150&code=00101008176&supplier_code=00100008&order_time=2023-09-22 HTTP/1.1" 200 413
124.77.241.134 - - [22/Sep/2023:08:57:38 +0800] "POST /xingrg/kc/buy/cgsh_order_operate.html HTTP/1.1" 200 37
101.228.187.155 - - [22/Sep/2023:08:57:41 +0800] "GET /xingrg/javascript/jquery_easy_ui/themes/default/images/tabs_close.gif HTTP/1.1" 304 -
101.228.187.155 - - [22/Sep/2023:08:57:41 +0800] "GET /xingrg/kc/base/yddb_order_list.html HTTP/1.1" 200 16786
101.228.187.155 - - [22/Sep/2023:08:57:41 +0800] "GET /xingrg/css/base.css HTTP/1.1" 304 -
101.228.187.155 - - [22/Sep/2023:08:57:41 +0800] "GET /xingrg/css/site.css HTTP/1.1" 304 -
101.228.187.155 - - [22/Sep/2023:08:57:41 +0800] "GET /xingrg/javascript/jquery_tools/datebox.css HTTP/1.1" 304 -
101.228.187.155 - - [22/Sep/2023:08:57:41 +0800] "GET /xingrg/javascript/easyui/themes/default/easyui.css HTTP/1.1" 304 -
101.228.187.155 - - [22/Sep/2023:08:57:41 +0800] "GET /xingrg/javascript/easyui/themes/icon.css HTTP/1.1" 304 -
101.228.187.155 - - [22/Sep/2023:08:57:41 +0800] "GET /xingrg/javascript/auto/jquery.autocomplete.css HTTP/1.1" 304 -
101.228.187.155 - - [22/Sep/2023:08:57:41 +0800] "GET /xingrg/javascript/jquery_tools/fix.css HTTP/1.1" 304 -
101.228.187.155 - - [22/Sep/2023:08:57:41 +0800] "GET /xingrg/javascript/jquery_tools/table.css HTTP/1.1" 304 -
101.228.187.155 - - [22/Sep/2023:08:57:41 +0800] "GET /xingrg/javascript/jquery_tools/jquery.tools.min.js HTTP/1.1" 304 -
101.228.187.155 - - [22/Sep/2023:08:57:41 +0800] "GET /xingrg/javascript/jquery_tools/jquery.tools.extend.js HTTP/1.1" 304 -
101.228.187.155 - - [22/Sep/2023:08:57:41 +0800] "GET /xingrg/javascript/jquery_tools/jquery.tools.hotkey.js HTTP/1.1" 304 -
101.228.187.155 - - [22/Sep/2023:08:57:41 +0800] "GET /xingrg/javascript/jquery_tools/jquery.tools.table.js HTTP/1.1" 304 -
101.228.187.155 - - [22/Sep/2023:08:57:41 +0800] "GET /xingrg/javascript/jquery_tools/list_manager.js HTTP/1.1" 304 -
101.228.187.155 - - [22/Sep/2023:08:57:41 +0800] "GET /xingrg/javascript/jquery.cookie.js HTTP/1.1" 304 -
101.228.187.155 - - [22/Sep/2023:08:57:41 +0800] "GET /xingrg/javascript/auto/jquery.autocomplete.js HTTP/1.1" 304 -
101.228.187.155 - - [22/Sep/2023:08:57:41 +0800] "GET /xingrg/javascript/easyui/easyloader.js HTTP/1.1" 304 -
101.228.187.155 - - [22/Sep/2023:08:57:41 +0800] "GET /xingrg/javascript/print/LodopFuncs.js HTTP/1.1" 304 -
101.228.187.155 - - [22/Sep/2023:08:57:41 +0800] "GET /xingrg/javascript/easyui/themes/icons/edit_add_new.png HTTP/1.1" 304 -
101.228.187.155 - - [22/Sep/2023:08:57:41 +0800] "GET /xingrg/javascript/easyui/themes/icons/field_new.png HTTP/1.1" 304 -
101.228.187.155 - - [22/Sep/2023:08:57:41 +0800] "GET /xingrg/javascript/easyui/themes/icons/import_new.png HTTP/1.1" 304 -
101.228.187.155 - - [22/Sep/2023:08:57:41 +0800] "GET /xingrg/javascript/easyui/plugins/jquery.parser.js HTTP/1.1" 304 -
101.228.187.155 - - [22/Sep/2023:08:57:41 +0800] "GET /xingrg/images/control/ajaxLoader.gif HTTP/1.1" 304 -
101.228.187.155 - - [22/Sep/2023:08:57:42 +0800] "POST /xingrg/kc/base/yddb_list_operate.html HTTP/1.1" 200 1343
101.228.187.155 - - [22/Sep/2023:08:57:47 +0800] "POST /xingrg/kc/base/yddb_list_operate.html HTTP/1.1" 200 4367
221.239.166.189 - - [22/Sep/2023:08:57:47 +0800] "GET /xingrg/all/function/internal_message.html?_=1695344266299&CODE_STATE=getMsg HTTP/1.1" 200 27
114.95.241.104 - - [22/Sep/2023:08:57:49 +0800] "GET /xingrg/kc/buy/cgsh_order_operate.html?command=get_materiel&rest_code=00150&code=00101008044&supplier_code=00100008&order_time=2023-09-22 HTTP/1.1" 200 408
114.95.241.104 - - [22/Sep/2023:08:57:53 +0800] "GET /xingrg/all/function/internal_message.html?_=1695344272444&CODE_STATE=getMsg HTTP/1.1" 200 27
120.253.135.82 - - [22/Sep/2023:08:57:56 +0800] "GET /xingrg/kc/pszx/mdqp_order_list.html?state=10 HTTP/1.1" 200 10719
120.253.135.82 - - [22/Sep/2023:08:57:56 +0800] "GET /xingrg/dwr/interface/AjaxQqpsService.js HTTP/1.1" 200 16326
120.253.135.82 - - [22/Sep/2023:08:57:56 +0800] "GET /xingrg/dwr/interface/AjaxReportQueryService.js HTTP/1.1" 200 13203
120.253.135.82 - - [22/Sep/2023:08:57:56 +0800] "GET /xingrg/javascript/Calendar.js HTTP/1.1" 304 -
120.253.135.82 - - [22/Sep/2023:08:57:56 +0800] "GET /xingrg/css/blue.css HTTP/1.1" 304 -
120.253.135.82 - - [22/Sep/2023:08:57:56 +0800] "GET /xingrg/dwr/util.js HTTP/1.1" 304 -
120.253.135.82 - - [22/Sep/2023:08:57:56 +0800] "GET /xingrg/dwr/engine.js HTTP/1.1" 200 43631
120.253.135.82 - - [22/Sep/2023:08:57:57 +0800] "GET /xingrg/javascript/jquery_easy_ui/themes/icons/check_new.png HTTP/1.1" 304 -
120.253.135.82 - - [22/Sep/2023:08:57:57 +0800] "GET /xingrg/javascript/jquery_easy_ui/themes/icons/back_new.png HTTP/1.1" 304 -
120.253.135.82 - - [22/Sep/2023:08:57:57 +0800] "GET /xingrg/javascript/jquery_easy_ui/themes/icons/uncheck_new.png HTTP/1.1" 304 -
124.77.241.134 - - [22/Sep/2023:08:57:58 +0800] "POST /xingrg/kc/buy/cgsh_order_operate.html HTTP/1.1" 200 31056
114.95.241.104 - - [22/Sep/2023:08:57:58 +0800] "GET /xingrg/check_reg.html?_=1695344184315 HTTP/1.1" 200 22
124.77.241.134 - - [22/Sep/2023:08:57:59 +0800] "GET /xingrg/check_reg.html?_=1695344292851 HTTP/1.1" 200 22
124.77.241.134 - - [22/Sep/2023:08:57:59 +0800] "GET /xingrg/all/function/internal_message.html?_=1695344292972&CODE_STATE=getMsg HTTP/1.1" 200 27
114.95.241.104 - - [22/Sep/2023:08:58:01 +0800] "GET /xingrg/kc/buy/cgsh_order_operate.html?command=get_materiel&rest_code=00150&code=00101008027&supplier_code=00100008&order_time=2023-09-22 HTTP/1.1" 200 408
124.78.69.58 - - [22/Sep/2023:08:58:02 +0800] "POST /xingrg/services/DataTransmitService HTTP/1.1" 200 524
116.228.172.122 - - [22/Sep/2023:08:58:03 +0800] "GET /xingrg/check_reg.html?_=1695343928669 HTTP/1.1" 200 22
116.228.172.122 - - [22/Sep/2023:08:58:03 +0800] "GET /xingrg/all/function/internal_message.html?_=1695343928673&CODE_STATE=getMsg HTTP/1.1" 200 27
120.253.135.82 - - [22/Sep/2023:08:58:04 +0800] "GET /xingrg/kc/pszx/mdqp_order_list.html?state=10 HTTP/1.1" 200 10719
120.253.135.82 - - [22/Sep/2023:08:58:04 +0800] "GET /xingrg/dwr/interface/AjaxQqpsService.js HTTP/1.1" 200 16326
120.253.135.82 - - [22/Sep/2023:08:58:04 +0800] "GET /xingrg/dwr/interface/AjaxReportQueryService.js HTTP/1.1" 200 13203
120.253.135.82 - - [22/Sep/2023:08:58:04 +0800] "GET /xingrg/dwr/engine.js HTTP/1.1" 200 43631
114.95.241.104 - - [22/Sep/2023:08:58:07 +0800] "GET /xingrg/all/function/internal_message.html?_=1695344193985&CODE_STATE=getMsg HTTP/1.1" 200 27
124.77.241.134 - - [22/Sep/2023:08:58:08 +0800] "GET /xingrg/kc/buy/cgsh_order_operate.html?command=get_materiel&rest_code=00146&code=00101008223&supplier_code=00100005&order_time=2023-09-22 HTTP/1.1" 200 414
114.95.241.104 - - [22/Sep/2023:08:58:11 +0800] "GET /xingrg/kc/buy/cgsh_order_operate.html?command=get_materiel&rest_code=00150&code=00101008132&supplier_code=00100008&order_time=2023-09-22 HTTP/1.1" 200 408
114.95.241.104 - - [22/Sep/2023:08:58:20 +0800] "GET /xingrg/kc/buy/cgsh_order_operate.html?command=get_materiel&rest_code=00150&code=00101008037&supplier_code=00100008&order_time=2023-09-22 HTTP/1.1" 200 415
120.253.135.82 - - [22/Sep/2023:08:58:21 +0800] "GET /xingrg/all/function/internal_message.html?_=1695344104954&CODE_STATE=getMsg HTTP/1.1" 200 27
101.83.145.37 - - [22/Sep/2023:08:58:21 +0800] "GET /xingrg/all/function/internal_message.html?_=1695344301484&CODE_STATE=getMsg HTTP/1.1" 200 27
116.230.110.33 - - [22/Sep/2023:08:58:25 +0800] "GET /xingrg/all/function/internal_message.html?_=1695344162582&CODE_STATE=getMsg HTTP/1.1" 200 27
120.253.135.82 - - [22/Sep/2023:08:58:26 +0800] "GET /xingrg/kc/pszx/mdqp_order_list.html?state=10 HTTP/1.1" 200 10719
120.253.135.82 - - [22/Sep/2023:08:58:26 +0800] "GET /xingrg/dwr/interface/AjaxReportQueryService.js HTTP/1.1" 200 13203
120.253.135.82 - - [22/Sep/2023:08:58:26 +0800] "GET /xingrg/dwr/interface/AjaxQqpsService.js HTTP/1.1" 200 16326
120.253.135.82 - - [22/Sep/2023:08:58:26 +0800] "GET /xingrg/dwr/engine.js HTTP/1.1" 200 43631
114.95.241.104 - - [22/Sep/2023:08:58:26 +0800] "POST /xingrg/kc/buy/cgsh_order_operate.html HTTP/1.1" 200 37
101.228.187.155 - - [22/Sep/2023:08:58:28 +0800] "GET /xingrg/all/function/internal_message.html?_=1695344307491&CODE_STATE=getMsg HTTP/1.1" 200 27
114.95.241.104 - - [22/Sep/2023:08:58:33 +0800] "GET /xingrg/kc/buy/cgsh_order_operate.html?command=get_materiel&rest_code=00150&code=00101008331&supplier_code=00100008&order_time=2023-09-22 HTTP/1.1" 200 416
222.70.180.200 - - [22/Sep/2023:08:58:33 +0800] "GET /xingrg/all/function/internal_message.html?_=1695344309726&CODE_STATE=getMsg HTTP/1.1" 200 27
124.78.155.92 - - [22/Sep/2023:08:58:34 +0800] "GET /xingrg/all/function/internal_message.html?_=1695344311299&CODE_STATE=getMsg HTTP/1.1" 200 27
114.95.241.104 - - [22/Sep/2023:08:58:35 +0800] "POST /xingrg/kc/buy/cgsh_order_operate.html HTTP/1.1" 200 12
124.77.241.134 - - [22/Sep/2023:08:58:45 +0800] "GET /xingrg/kc/buy/cgsh_order_operate.html?command=get_materiel&rest_code=00146&code=00101008150&supplier_code=00100005&order_time=2023-09-22 HTTP/1.1" 200 409
221.239.166.189 - - [22/Sep/2023:08:58:47 +0800] "GET /xingrg/all/function/internal_message.html?_=1695344326282&CODE_STATE=getMsg HTTP/1.1" 200 27
221.239.166.189 - - [22/Sep/2023:08:58:47 +0800] "GET /xingrg/check_reg.html?_=1695344326278 HTTP/1.1" 200 22
120.253.135.82 - - [22/Sep/2023:08:58:48 +0800] "GET /xingrg/kc/pszx/mdqp_order_list.html?state=10 HTTP/1.1" 200 10719
120.253.135.82 - - [22/Sep/2023:08:58:48 +0800] "GET /xingrg/dwr/interface/AjaxQqpsService.js HTTP/1.1" 200 16326
120.253.135.82 - - [22/Sep/2023:08:58:48 +0800] "GET /xingrg/dwr/interface/AjaxReportQueryService.js HTTP/1.1" 200 13203
120.253.135.82 - - [22/Sep/2023:08:58:48 +0800] "GET /xingrg/dwr/engine.js HTTP/1.1" 200 43631
114.95.241.104 - - [22/Sep/2023:08:58:53 +0800] "GET /xingrg/kc/buy/cgsh_order_operate.html?command=get_materiel&rest_code=00150&code=00101008049&supplier_code=00100008&order_time=2023-09-22 HTTP/1.1" 200 408
124.77.241.134 - - [22/Sep/2023:08:58:59 +0800] "GET /xingrg/all/function/internal_message.html?_=1695344353026&CODE_STATE=getMsg HTTP/1.1" 200 27
116.228.172.122 - - [22/Sep/2023:08:59:03 +0800] "GET /xingrg/all/function/internal_message.html?_=1695343988672&CODE_STATE=getMsg HTTP/1.1" 200 27
101.83.145.37 - - [22/Sep/2023:08:59:04 +0800] "GET /xingrg/kc/buy/cgsh_order_operate.html?command=get_materiel&rest_code=00105&code=00101008312&supplier_code=00100005&order_time=2023-09-22 HTTP/1.1" 200 412
114.95.241.104 - - [22/Sep/2023:08:59:07 +0800] "GET /xingrg/all/function/internal_message.html?_=1695344253999&CODE_STATE=getMsg HTTP/1.1" 200 27
114.95.241.104 - - [22/Sep/2023:08:59:08 +0800] "GET /xingrg/kc/buy/cgsh_order_operate.html?command=get_materiel&rest_code=00150&code=00101008244&supplier_code=00100008&order_time=2023-09-22 HTTP/1.1" 200 408
120.253.135.82 - - [22/Sep/2023:08:59:21 +0800] "GET /xingrg/all/function/internal_message.html?_=1695344164971&CODE_STATE=getMsg HTTP/1.1" 200 27
101.83.145.37 - - [22/Sep/2023:08:59:21 +0800] "GET /xingrg/all/function/internal_message.html?_=1695344361485&CODE_STATE=getMsg HTTP/1.1" 200 27
114.95.241.104 - - [22/Sep/2023:08:59:22 +0800] "GET /xingrg/kc/buy/cgsh_order_operate.html?command=get_materiel&rest_code=00150&code=00101008612&supplier_code=00100008&order_time=2023-09-22 HTTP/1.1" 200 420
116.230.110.33 - - [22/Sep/2023:08:59:25 +0800] "GET /xingrg/all/function/internal_message.html?_=1695344222563&CODE_STATE=getMsg HTTP/1.1" 200 27
124.77.241.134 - - [22/Sep/2023:08:59:27 +0800] "GET /xingrg/kc/buy/cgsh_order_operate.html?command=get_materiel&rest_code=00146&code=00101008060&supplier_code=00100005&order_time=2023-09-22 HTTP/1.1" 200 416
101.228.187.155 - - [22/Sep/2023:08:59:28 +0800] "GET /xingrg/all/function/internal_message.html?_=1695344367505&CODE_STATE=getMsg HTTP/1.1" 200 27
222.70.180.200 - - [22/Sep/2023:08:59:33 +0800] "GET /xingrg/all/function/internal_message.html?_=1695344369728&CODE_STATE=getMsg HTTP/1.1" 200 27
114.95.241.104 - - [22/Sep/2023:08:59:33 +0800] "GET /xingrg/all/function/internal_message.html?_=1695344372474&CODE_STATE=getMsg HTTP/1.1" 200 27
114.95.241.104 - - [22/Sep/2023:08:59:33 +0800] "GET /xingrg/kc/buy/cgsh_order_operate.html?command=get_materiel&rest_code=00150&code=00101008015&supplier_code=00100008&order_time=2023-09-22 HTTP/1.1" 200 414
124.78.155.92 - - [22/Sep/2023:08:59:34 +0800] "GET /xingrg/all/function/internal_message.html?_=1695344371300&CODE_STATE=getMsg HTTP/1.1" 200 27
114.95.241.104 - - [22/Sep/2023:08:59:34 +0800] "GET /xingrg/kc/buy/cgsh_order_info.html?code=212023092208744 HTTP/1.1" 200 66868
114.95.241.104 - - [22/Sep/2023:08:59:35 +0800] "GET /xingrg/javascript/easyui/themes/default/validatebox.css HTTP/1.1" 404 1104
114.95.241.104 - - [22/Sep/2023:08:59:36 +0800] "POST /xingrg/kc/buy/cgsh_order_operate.html HTTP/1.1" 200 12584
114.95.241.104 - - [22/Sep/2023:08:59:37 +0800] "GET /xingrg/kc/print/load_config.html?kc_code=cgsh HTTP/1.1" 200 1927
114.95.241.104 - - [22/Sep/2023:08:59:38 +0800] "GET /xingrg/kc/print/load_data.html?order_code=212023092208744&kc_code=cgsh&condition= HTTP/1.1" 200 5333
221.239.166.189 - - [22/Sep/2023:08:59:47 +0800] "GET /xingrg/all/function/internal_message.html?_=1695344386270&CODE_STATE=getMsg HTTP/1.1" 200 27
124.77.241.134 - - [22/Sep/2023:08:59:50 +0800] "POST /xingrg/kc/buy/cgsh_order_operate.html HTTP/1.1" 200 2065
222.70.180.200 - - [22/Sep/2023:08:59:52 +0800] "GET /xingrg/kc/mdqp/pssh_order_list.html?isBack=1 HTTP/1.1" 200 17882
114.95.241.104 - - [22/Sep/2023:08:59:52 +0800] "GET /xingrg/kc/buy/cgsh_order_operate.html?command=get_materiel&rest_code=00150&code=00101008619&supplier_code=00100008&order_time=2023-09-22 HTTP/1.1" 200 419
222.70.180.200 - - [22/Sep/2023:08:59:52 +0800] "POST /xingrg/kc/mdqp/pssh_list_operate.html HTTP/1.1" 200 5472
114.95.241.104 - - [22/Sep/2023:08:59:53 +0800] "GET /xingrg/check_reg.html?_=1695344392443 HTTP/1.1" 200 22
222.70.180.200 - - [22/Sep/2023:08:59:58 +0800] "GET /xingrg/kc/buy/buy_main.html HTTP/1.1" 200 12412
222.70.180.200 - - [22/Sep/2023:08:59:58 +0800] "GET /xingrg/css/new_ie.css HTTP/1.1" 404 1036
124.77.241.134 - - [22/Sep/2023:08:59:59 +0800] "GET /xingrg/all/function/internal_message.html?_=1695344413030&CODE_STATE=getMsg HTTP/1.1" 200 27
222.70.180.200 - - [22/Sep/2023:08:59:59 +0800] "GET /xingrg/images/yd/bt.gif HTTP/1.1" 404 1040
114.95.241.104 - - [22/Sep/2023:09:00:02 +0800] "GET /xingrg/kc/buy/cgsh_order_operate.html?command=get_materiel&rest_code=00150&code=00101008125&supplier_code=00100008&order_time=2023-09-22 HTTP/1.1" 200 433
222.70.180.200 - - [22/Sep/2023:09:00:03 +0800] "GET /xingrg/kc/buy/cgsh_order_list.html HTTP/1.1" 200 56579
116.228.172.122 - - [22/Sep/2023:09:00:03 +0800] "GET /xingrg/all/function/internal_message.html?_=1695344048660&CODE_STATE=getMsg HTTP/1.1" 200 27
222.70.180.200 - - [22/Sep/2023:09:00:05 +0800] "POST /xingrg/kc/buy/cgsh_list_operate.html HTTP/1.1" 200 986
180.152.241.196 - - [22/Sep/2023:09:00:05 +0800] "GET /xingrg/check_reg.html?_=1695344405699 HTTP/1.1" 302 -
180.152.241.196 - - [22/Sep/2023:09:00:05 +0800] "GET /xingrg/login.html HTTP/1.1" 200 7641
124.79.244.212 - - [22/Sep/2023:09:00:06 +0800] "GET /xingrg/check_reg.html?_=1695344404864 HTTP/1.1" 302 -
114.95.241.104 - - [22/Sep/2023:09:00:07 +0800] "GET /xingrg/all/function/internal_message.html?_=1695344314012&CODE_STATE=getMsg HTTP/1.1" 200 27
222.70.180.200 - - [22/Sep/2023:09:00:09 +0800] "GET /xingrg/kc/buy/cgsh_order_add.html HTTP/1.1" 200 72311
222.70.180.200 - - [22/Sep/2023:09:00:09 +0800] "POST /xingrg/kc/buy/cgsh_order_operate.html HTTP/1.1" 200 8245
222.70.180.200 - - [22/Sep/2023:09:00:09 +0800] "GET /xingrg/javascript/easyui/themes/default/validatebox.css HTTP/1.1" 404 1104
222.70.180.200 - - [22/Sep/2023:09:00:09 +0800] "GET /xingrg/all/common/auto_word.html?type=employee&rest_code=00111 HTTP/1.1" 200 201
222.70.180.200 - - [22/Sep/2023:09:00:09 +0800] "GET /xingrg/all/common/auto_word.html?type=employee&rest_code=00111 HTTP/1.1" 200 201
124.77.241.134 - - [22/Sep/2023:09:00:14 +0800] "GET /xingrg/kc/buy/cgsh_order_operate.html?command=get_materiel&rest_code=00146&code=00101008563&supplier_code=00100005&order_time=2023-09-22 HTTP/1.1" 200 413
114.95.241.104 - - [22/Sep/2023:09:00:20 +0800] "GET /xingrg/kc/buy/cgsh_order_operate.html?command=get_materiel&rest_code=00150&code=00101008010&supplier_code=00100008&order_time=2023-09-22 HTTP/1.1" 200 412
120.253.135.82 - - [22/Sep/2023:09:00:21 +0800] "GET /xingrg/all/function/internal_message.html?_=1695344224981&CODE_STATE=getMsg HTTP/1.1" 200 27
101.83.145.37 - - [22/Sep/2023:09:00:21 +0800] "GET /xingrg/check_reg.html?_=1695344421492 HTTP/1.1" 200 22
101.83.145.37 - - [22/Sep/2023:09:00:21 +0800] "GET /xingrg/all/function/internal_message.html?_=1695344421495&CODE_STATE=getMsg HTTP/1.1" 200 27
116.230.110.33 - - [22/Sep/2023:09:00:25 +0800] "GET /xingrg/all/function/internal_message.html?_=1695344282544&CODE_STATE=getMsg HTTP/1.1" 200 27
101.228.187.155 - - [22/Sep/2023:09:00:28 +0800] "GET /xingrg/all/function/internal_message.html?_=1695344427494&CODE_STATE=getMsg HTTP/1.1" 200 27
114.95.241.104 - - [22/Sep/2023:09:00:32 +0800] "GET /xingrg/kc/buy/cgsh_order_operate.html?command=get_materiel&rest_code=00150&code=00101008221&supplier_code=00100008&order_time=2023-09-22 HTTP/1.1" 200 412
222.70.180.200 - - [22/Sep/2023:09:00:33 +0800] "GET /xingrg/all/function/internal_message.html?_=1695344429758&CODE_STATE=getMsg HTTP/1.1" 200 27
114.95.241.104 - - [22/Sep/2023:09:00:33 +0800] "GET /xingrg/all/function/internal_message.html?_=1695344432461&CODE_STATE=getMsg HTTP/1.1" 200 27
180.163.28.180 - - [22/Sep/2023:09:00:34 +0800] "GET /xingrg/all/function/internal_message.html?_=1695344371300&CODE_STATE=getMsg HTTP/1.1" 302 -
180.163.28.180 - - [22/Sep/2023:09:00:34 +0800] "GET /xingrg/login.html HTTP/1.1" 200 7641
120.253.135.82 - - [22/Sep/2023:09:00:34 +0800] "GET /xingrg/kc/pszx/mdps_order_list.html?orderType=0 HTTP/1.1" 200 21108
124.78.155.92 - - [22/Sep/2023:09:00:34 +0800] "GET /xingrg/all/function/internal_message.html?_=1695344431301&CODE_STATE=getMsg HTTP/1.1" 200 27
120.253.135.82 - - [22/Sep/2023:09:00:34 +0800] "POST /xingrg/kc/pszx/mdps_list_operate.html HTTP/1.1" 200 5465
120.253.135.82 - - [22/Sep/2023:09:00:40 +0800] "POST /xingrg/kc/pszx/mdps_list_operate.html HTTP/1.1" 200 868
114.95.241.104 - - [22/Sep/2023:09:00:41 +0800] "GET /xingrg/kc/buy/cgsh_order_operate.html?command=get_materiel&rest_code=00150&code=00101008163&supplier_code=00100008&order_time=2023-09-22 HTTP/1.1" 200 409
221.239.166.189 - - [22/Sep/2023:09:00:47 +0800] "GET /xingrg/all/function/internal_message.html?_=1695344446275&CODE_STATE=getMsg HTTP/1.1" 200 27
114.95.241.104 - - [22/Sep/2023:09:00:53 +0800] "GET /xingrg/kc/buy/cgsh_order_operate.html?command=get_materiel&rest_code=00150&code=00101008224&supplier_code=00100008&order_time=2023-09-22 HTTP/1.1" 200 435
124.77.241.134 - - [22/Sep/2023:09:00:56 +0800] "GET /xingrg/kc/buy/cgsh_order_operate.html?command=get_materiel&rest_code=00146&code=00101008350&supplier_code=00100005&order_time=2023-09-22 HTTP/1.1" 200 408
124.77.241.134 - - [22/Sep/2023:09:00:59 +0800] "GET /xingrg/all/function/internal_message.html?_=1695344473107&CODE_STATE=getMsg HTTP/1.1" 200 27
116.228.172.122 - - [22/Sep/2023:09:01:03 +0800] "GET /xingrg/all/function/internal_message.html?_=1695344108652&CODE_STATE=getMsg HTTP/1.1" 200 27
114.95.241.104 - - [22/Sep/2023:09:01:07 +0800] "GET /xingrg/all/function/internal_message.html?_=1695344374026&CODE_STATE=getMsg HTTP/1.1" 200 27
124.77.241.134 - - [22/Sep/2023:09:01:11 +0800] "POST /xingrg/kc/buy/cgsh_order_operate.html HTTP/1.1" 200 37
