180.152.241.196 - - [22/Sep/2023:10:26:20 +0800] "GET /xingrg/javascript/easyui/themes/default/validatebox.css HTTP/1.1" 404 1104
180.152.241.196 - - [22/Sep/2023:10:26:20 +0800] "POST /xingrg/kc/mdqp/pssh_order_operate.html HTTP/1.1" 200 1052
180.152.241.196 - - [22/Sep/2023:10:26:21 +0800] "GET /xingrg/kc/print/load_data.html?order_code=312023092000469&kc_code=pssh&condition= HTTP/1.1" 200 826
180.152.241.196 - - [22/Sep/2023:10:26:24 +0800] "GET /xingrg/javascript/jquery_easy_ui/themes/icons/rest.png HTTP/1.1" 200 695
180.152.241.196 - - [22/Sep/2023:10:26:24 +0800] "GET /xingrg/javascript/jquery_easy_ui/themes/icons/area.png HTTP/1.1" 200 262
124.78.155.92 - - [22/Sep/2023:10:26:26 +0800] "GET /xingrg/all/function/internal_message.html?_=1695349582527&CODE_STATE=getMsg HTTP/1.1" 200 27
116.230.110.33 - - [22/Sep/2023:10:26:26 +0800] "GET /xingrg/all/function/internal_message.html?_=1695349442943&CODE_STATE=getMsg HTTP/1.1" 200 27
124.78.69.58 - - [22/Sep/2023:10:26:26 +0800] "GET /xingrg/kc/print/load_data.html?order_code=212023092208771&kc_code=cgsh&condition= HTTP/1.1" 200 2597
180.152.241.196 - - [22/Sep/2023:10:26:26 +0800] "POST /xingrg/kc/mdqp/pssh_list_operate.html HTTP/1.1" 200 5381
180.169.147.146 - - [22/Sep/2023:10:26:27 +0800] "GET /xingrg/all/function/internal_message.html?_=1695349587278&CODE_STATE=getMsg HTTP/1.1" 200 27
180.152.241.196 - - [22/Sep/2023:10:26:27 +0800] "POST /xingrg/kc/mdqp/pssh_list_operate.html HTTP/1.1" 200 260
114.83.216.51 - - [22/Sep/2023:10:26:28 +0800] "GET /xingrg/kc/buy/cgsh_order_operate.html?command=get_materiel&rest_code=00149&code=00101012025&supplier_code=00100096&order_time=2023-09-22 HTTP/1.1" 200 414
101.228.187.155 - - [22/Sep/2023:10:26:28 +0800] "GET /xingrg/all/function/internal_message.html?_=1695349587572&CODE_STATE=getMsg HTTP/1.1" 200 27
101.83.145.37 - - [22/Sep/2023:10:26:28 +0800] "GET /xingrg/all/function/internal_message.html?_=1695349588477&CODE_STATE=getMsg HTTP/1.1" 200 27
124.79.244.212 - - [22/Sep/2023:10:26:29 +0800] "GET /xingrg/all/function/internal_message.html?_=1695349887658&CODE_STATE=getMsg HTTP/1.1" 200 27
180.152.241.196 - - [22/Sep/2023:10:26:29 +0800] "POST /xingrg/kc/mdqp/pssh_list_operate.html HTTP/1.1" 200 267
180.152.241.196 - - [22/Sep/2023:10:26:29 +0800] "GET /xingrg/all/function/internal_message.html?_=1695349589409&CODE_STATE=getMsg HTTP/1.1" 200 27
180.152.241.196 - - [22/Sep/2023:10:26:29 +0800] "GET /xingrg/check_reg.html?_=1695349589721 HTTP/1.1" 200 22
101.83.145.37 - - [22/Sep/2023:10:26:30 +0800] "GET /xingrg/all/function/internal_message.html?_=1695349377320&CODE_STATE=getMsg HTTP/1.1" 200 27
124.78.69.58 - - [22/Sep/2023:10:26:31 +0800] "GET /xingrg/kc/buy/cgsh_order_add.html HTTP/1.1" 200 72361
124.78.69.58 - - [22/Sep/2023:10:26:32 +0800] "POST /xingrg/kc/buy/cgsh_order_operate.html HTTP/1.1" 200 8245
124.78.69.58 - - [22/Sep/2023:10:26:32 +0800] "GET /xingrg/javascript/easyui/themes/default/validatebox.css HTTP/1.1" 404 1104
180.152.241.196 - - [22/Sep/2023:10:26:32 +0800] "POST /xingrg/kc/mdqp/pssh_list_operate.html HTTP/1.1" 200 5562
180.152.241.196 - - [22/Sep/2023:10:26:33 +0800] "POST /xingrg/kc/mdqp/pssh_list_operate.html HTTP/1.1" 200 352
114.95.241.104 - - [22/Sep/2023:10:26:34 +0800] "GET /xingrg/all/function/internal_message.html?_=1695349593051&CODE_STATE=getMsg HTTP/1.1" 200 27
114.95.241.104 - - [22/Sep/2023:10:26:34 +0800] "GET /xingrg/check_reg.html?_=1695349593056 HTTP/1.1" 200 22
180.152.241.196 - - [22/Sep/2023:10:26:35 +0800] "GET /xingrg/kc/mdqp/pssh_order_info.html?code=312023092000470 HTTP/1.1" 200 17293
180.152.241.196 - - [22/Sep/2023:10:26:35 +0800] "GET /xingrg/javascript/jquery_tools/jquery-1.4.2.min.js HTTP/1.1" 404 1094
180.152.241.196 - - [22/Sep/2023:10:26:36 +0800] "GET /xingrg/javascript/easyui/themes/default/validatebox.css HTTP/1.1" 404 1104
180.152.241.196 - - [22/Sep/2023:10:26:36 +0800] "POST /xingrg/kc/mdqp/pssh_order_operate.html HTTP/1.1" 200 1041
180.152.241.196 - - [22/Sep/2023:10:26:37 +0800] "POST /xingrg/all/common/load_combo.html?type=employee HTTP/1.1" 200 353
114.83.216.51 - - [22/Sep/2023:10:26:38 +0800] "GET /xingrg/kc/buy/cgsh_order_operate.html?command=get_materiel&rest_code=00149&code=00101012051&supplier_code=00100096&order_time=2023-09-22 HTTP/1.1" 200 408
116.230.110.33 - - [22/Sep/2023:10:26:41 +0800] "GET /xingrg/check_reg.html?_=1695349458067 HTTP/1.1" 200 22
114.83.219.209 - - [22/Sep/2023:10:26:41 +0800] "GET /xingrg/all/function/internal_message.html?_=1695349601510&CODE_STATE=getMsg HTTP/1.1" 200 27
124.78.69.58 - - [22/Sep/2023:10:26:43 +0800] "GET /xingrg/kc/buy/cgsh_order_operate.html?command=get_materiel&rest_code=00141&code=00101008351&supplier_code=00100007&order_time=2023-09-22 HTTP/1.1" 200 428
180.152.241.196 - - [22/Sep/2023:10:26:46 +0800] "POST /xingrg/kc/mdqp/pssh_order_operate.html HTTP/1.1" 200 37
221.239.166.189 - - [22/Sep/2023:10:26:47 +0800] "GET /xingrg/all/function/internal_message.html?_=1695349606347&CODE_STATE=getMsg HTTP/1.1" 200 27
180.152.241.196 - - [22/Sep/2023:10:26:48 +0800] "POST /xingrg/kc/mdqp/pssh_order_operate.html HTTP/1.1" 200 12
180.152.241.196 - - [22/Sep/2023:10:26:50 +0800] "GET /xingrg/kc/mdqp/pssh_order_info.html?code=312023092000470 HTTP/1.1" 200 14382
180.152.241.196 - - [22/Sep/2023:10:26:50 +0800] "GET /xingrg/javascript/jquery_tools/jquery-1.4.2.min.js HTTP/1.1" 404 1094
180.152.241.196 - - [22/Sep/2023:10:26:50 +0800] "GET /xingrg/javascript/easyui/themes/default/validatebox.css HTTP/1.1" 404 1104
180.152.241.196 - - [22/Sep/2023:10:26:50 +0800] "POST /xingrg/kc/mdqp/pssh_order_operate.html HTTP/1.1" 200 1041
114.83.216.51 - - [22/Sep/2023:10:26:50 +0800] "GET /xingrg/kc/buy/cgsh_order_operate.html?command=get_materiel&rest_code=00149&code=00101006087&supplier_code=00100096&order_time=2023-09-22 HTTP/1.1" 200 432
124.78.69.58 - - [22/Sep/2023:10:26:52 +0800] "GET /xingrg/all/function/internal_message.html?_=1695349040508&CODE_STATE=getMsg HTTP/1.1" 200 27
124.78.69.58 - - [22/Sep/2023:10:26:52 +0800] "GET /xingrg/kc/buy/cgsh_order_operate.html?command=get_materiel&rest_code=00141&code=00101008119&supplier_code=00100007&order_time=2023-09-22 HTTP/1.1" 200 412
180.152.241.196 - - [22/Sep/2023:10:26:53 +0800] "GET /xingrg/kc/print/load_data.html?order_code=312023092000470&kc_code=pssh&condition= HTTP/1.1" 200 818
180.152.241.196 - - [22/Sep/2023:10:26:54 +0800] "GET /xingrg/all/function/internal_message.html?_=1695349637395&CODE_STATE=getMsg HTTP/1.1" 200 27
180.152.241.196 - - [22/Sep/2023:10:26:58 +0800] "POST /xingrg/kc/mdqp/pssh_list_operate.html HTTP/1.1" 200 5587
180.152.241.196 - - [22/Sep/2023:10:27:00 +0800] "POST /xingrg/kc/mdqp/pssh_list_operate.html HTTP/1.1" 200 358
124.78.69.58 - - [22/Sep/2023:10:27:00 +0800] "GET /xingrg/kc/buy/cgsh_order_operate.html?command=get_materiel&rest_code=00141&code=00101008095&supplier_code=00100007&order_time=2023-09-22 HTTP/1.1" 200 412
180.165.48.189 - - [22/Sep/2023:10:27:02 +0800] "GET /xingrg/all/function/internal_message.html?_=1695349622060&CODE_STATE=getMsg HTTP/1.1" 200 27
180.152.241.196 - - [22/Sep/2023:10:27:02 +0800] "POST /xingrg/kc/mdqp/pssh_list_operate.html HTTP/1.1" 200 5381
114.83.216.51 - - [22/Sep/2023:10:27:03 +0800] "GET /xingrg/kc/buy/cgsh_order_operate.html?command=get_materiel&rest_code=00149&code=00101006074&supplier_code=00100096&order_time=2023-09-22 HTTP/1.1" 200 420
116.228.172.122 - - [22/Sep/2023:10:27:03 +0800] "GET /xingrg/all/function/internal_message.html?_=1695349268662&CODE_STATE=getMsg HTTP/1.1" 200 27
124.77.241.134 - - [22/Sep/2023:10:27:04 +0800] "GET /xingrg/all/function/internal_message.html?_=1695349638174&CODE_STATE=getMsg HTTP/1.1" 200 27
124.78.69.58 - - [22/Sep/2023:10:27:08 +0800] "GET /xingrg/kc/buy/cgsh_order_operate.html?command=get_materiel&rest_code=00141&code=00101008264&supplier_code=00100007&order_time=2023-09-22 HTTP/1.1" 200 432
114.83.216.51 - - [22/Sep/2023:10:27:13 +0800] "GET /xingrg/all/function/internal_message.html?_=1695349631007&CODE_STATE=getMsg HTTP/1.1" 200 27
114.95.241.104 - - [22/Sep/2023:10:27:15 +0800] "GET /xingrg/all/function/internal_message.html?_=1695349541083&CODE_STATE=getMsg HTTP/1.1" 200 27
124.78.69.58 - - [22/Sep/2023:10:27:17 +0800] "GET /xingrg/kc/buy/cgsh_order_operate.html?command=get_materiel&rest_code=00141&code=00101008356&supplier_code=00100007&order_time=2023-09-22 HTTP/1.1" 200 428
114.83.216.51 - - [22/Sep/2023:10:27:18 +0800] "GET /xingrg/kc/buy/cgsh_order_operate.html?command=get_materiel&rest_code=00149&code=00101006240&supplier_code=00100096&order_time=2023-09-22 HTTP/1.1" 200 442
124.78.69.58 - - [22/Sep/2023:10:27:25 +0800] "GET /xingrg/kc/buy/cgsh_order_operate.html?command=get_materiel&rest_code=00141&code=00101015060&supplier_code=00100007&order_time=2023-09-22 HTTP/1.1" 200 413
124.78.155.92 - - [22/Sep/2023:10:27:26 +0800] "GET /xingrg/all/function/internal_message.html?_=1695349642498&CODE_STATE=getMsg HTTP/1.1" 200 27
116.230.110.33 - - [22/Sep/2023:10:27:26 +0800] "GET /xingrg/all/function/internal_message.html?_=1695349502923&CODE_STATE=getMsg HTTP/1.1" 200 27
180.152.241.196 - - [22/Sep/2023:10:27:26 +0800] "POST /xingrg/kc/mdqp/pssh_list_operate.html HTTP/1.1" 200 260
180.169.147.146 - - [22/Sep/2023:10:27:27 +0800] "GET /xingrg/all/function/internal_message.html?_=1695349647256&CODE_STATE=getMsg HTTP/1.1" 200 27
180.169.147.146 - - [22/Sep/2023:10:27:27 +0800] "GET /xingrg/check_reg.html?_=1695349647854 HTTP/1.1" 200 22
101.228.187.155 - - [22/Sep/2023:10:27:28 +0800] "GET /xingrg/check_reg.html?_=1695349647566 HTTP/1.1" 200 22
101.83.145.37 - - [22/Sep/2023:10:27:28 +0800] "GET /xingrg/all/function/internal_message.html?_=1695349648477&CODE_STATE=getMsg HTTP/1.1" 200 27
101.228.187.155 - - [22/Sep/2023:10:27:28 +0800] "GET /xingrg/all/function/internal_message.html?_=1695349647567&CODE_STATE=getMsg HTTP/1.1" 200 27
124.79.244.212 - - [22/Sep/2023:10:27:29 +0800] "GET /xingrg/all/function/internal_message.html?_=1695349947658&CODE_STATE=getMsg HTTP/1.1" 200 27
180.152.241.196 - - [22/Sep/2023:10:27:29 +0800] "GET /xingrg/all/function/internal_message.html?_=1695349649441&CODE_STATE=getMsg HTTP/1.1" 200 27
180.152.241.196 - - [22/Sep/2023:10:27:29 +0800] "GET /xingrg/kc/base/wldb_order_operate.html?command=get_materiel&rest_code=00102&base_code=0010476&code=00101013003 HTTP/1.1" 200 429
101.83.145.37 - - [22/Sep/2023:10:27:30 +0800] "GET /xingrg/check_reg.html?_=1695349437321 HTTP/1.1" 200 22
101.83.145.37 - - [22/Sep/2023:10:27:30 +0800] "GET /xingrg/all/function/internal_message.html?_=1695349437324&CODE_STATE=getMsg HTTP/1.1" 200 27
180.152.241.196 - - [22/Sep/2023:10:27:30 +0800] "GET /xingrg/kc/mdqp/pssh_order_list.html HTTP/1.1" 200 17964
180.152.241.196 - - [22/Sep/2023:10:27:31 +0800] "POST /xingrg/kc/mdqp/pssh_list_operate.html HTTP/1.1" 200 5381
124.79.244.212 - - [22/Sep/2023:10:27:32 +0800] "GET /xingrg/check_reg.html?_=1695349947657 HTTP/1.1" 200 22
114.95.241.104 - - [22/Sep/2023:10:27:34 +0800] "GET /xingrg/all/function/internal_message.html?_=1695349653058&CODE_STATE=getMsg HTTP/1.1" 200 27
114.83.216.51 - - [22/Sep/2023:10:27:37 +0800] "GET /xingrg/kc/buy/cgsh_order_operate.html?command=get_materiel&rest_code=00149&code=00101006056&supplier_code=00100096&order_time=2023-09-22 HTTP/1.1" 200 413
124.78.69.58 - - [22/Sep/2023:10:27:40 +0800] "GET /xingrg/kc/buy/cgsh_order_operate.html?command=get_materiel&rest_code=00141&code=00101008740&supplier_code=00100007&order_time=2023-09-22 HTTP/1.1" 200 399
114.83.219.209 - - [22/Sep/2023:10:27:41 +0800] "GET /xingrg/all/function/internal_message.html?_=1695349661526&CODE_STATE=getMsg HTTP/1.1" 200 27
221.239.166.189 - - [22/Sep/2023:10:27:47 +0800] "GET /xingrg/all/function/internal_message.html?_=1695349666364&CODE_STATE=getMsg HTTP/1.1" 200 27
124.78.69.58 - - [22/Sep/2023:10:27:50 +0800] "GET /xingrg/kc/buy/cgsh_order_operate.html?command=get_materiel&rest_code=00141&code=00101008077&supplier_code=00100007&order_time=2023-09-22 HTTP/1.1" 200 416
114.83.216.51 - - [22/Sep/2023:10:27:51 +0800] "GET /xingrg/kc/buy/cgsh_order_operate.html?command=get_materiel&rest_code=00149&code=00101006111&supplier_code=00100096&order_time=2023-09-22 HTTP/1.1" 200 411
124.78.69.58 - - [22/Sep/2023:10:27:52 +0800] "GET /xingrg/all/function/internal_message.html?_=1695349100505&CODE_STATE=getMsg HTTP/1.1" 200 27
180.152.241.196 - - [22/Sep/2023:10:27:54 +0800] "GET /xingrg/check_reg.html?_=1695349697213 HTTP/1.1" 200 22
180.152.241.196 - - [22/Sep/2023:10:27:54 +0800] "GET /xingrg/all/function/internal_message.html?_=1695349697374&CODE_STATE=getMsg HTTP/1.1" 200 27
114.95.241.104 - - [22/Sep/2023:10:27:58 +0800] "GET /xingrg/check_reg.html?_=1695349584664 HTTP/1.1" 200 22
124.78.69.58 - - [22/Sep/2023:10:27:59 +0800] "GET /xingrg/kc/buy/cgsh_order_operate.html?command=get_materiel&rest_code=00141&code=00101008286&supplier_code=00100007&order_time=2023-09-22 HTTP/1.1" 200 428
180.165.48.189 - - [22/Sep/2023:10:28:02 +0800] "GET /xingrg/check_reg.html?_=1695349681357 HTTP/1.1" 200 22
124.77.241.134 - - [22/Sep/2023:10:28:02 +0800] "GET /xingrg/check_reg.html?_=1695349696457 HTTP/1.1" 200 22
180.165.48.189 - - [22/Sep/2023:10:28:02 +0800] "GET /xingrg/all/function/internal_message.html?_=1695349682055&CODE_STATE=getMsg HTTP/1.1" 200 27
124.78.69.58 - - [22/Sep/2023:10:28:02 +0800] "POST /xingrg/services/DataTransmitService HTTP/1.1" 200 524
116.228.172.122 - - [22/Sep/2023:10:28:03 +0800] "GET /xingrg/check_reg.html?_=1695349328650 HTTP/1.1" 200 22
116.228.172.122 - - [22/Sep/2023:10:28:04 +0800] "GET /xingrg/all/function/internal_message.html?_=1695349328651&CODE_STATE=getMsg HTTP/1.1" 200 27
124.77.241.134 - - [22/Sep/2023:10:28:04 +0800] "GET /xingrg/all/function/internal_message.html?_=1695349698187&CODE_STATE=getMsg HTTP/1.1" 200 27
114.83.216.51 - - [22/Sep/2023:10:28:09 +0800] "GET /xingrg/kc/buy/cgsh_order_operate.html?command=get_materiel&rest_code=00149&code=00101006184&supplier_code=00100096&order_time=2023-09-22 HTTP/1.1" 200 427
114.83.216.51 - - [22/Sep/2023:10:28:13 +0800] "GET /xingrg/all/function/internal_message.html?_=1695349690992&CODE_STATE=getMsg HTTP/1.1" 200 27
124.78.69.58 - - [22/Sep/2023:10:28:14 +0800] "GET /xingrg/kc/buy/cgsh_order_operate.html?command=get_materiel&rest_code=00141&code=00101008131&supplier_code=00100007&order_time=2023-09-22 HTTP/1.1" 200 409
114.95.241.104 - - [22/Sep/2023:10:28:15 +0800] "GET /xingrg/all/function/internal_message.html?_=1695349601088&CODE_STATE=getMsg HTTP/1.1" 200 27
124.78.69.58 - - [22/Sep/2023:10:28:24 +0800] "GET /xingrg/kc/buy/cgsh_order_operate.html?command=get_materiel&rest_code=00141&code=00101008318&supplier_code=00100007&order_time=2023-09-22 HTTP/1.1" 200 408
124.78.155.92 - - [22/Sep/2023:10:28:25 +0800] "GET /xingrg/all/function/internal_message.html?_=1695349702469&CODE_STATE=getMsg HTTP/1.1" 200 27
116.230.110.33 - - [22/Sep/2023:10:28:26 +0800] "GET /xingrg/all/function/internal_message.html?_=1695349562902&CODE_STATE=getMsg HTTP/1.1" 200 27
124.78.155.92 - - [22/Sep/2023:10:28:26 +0800] "GET /xingrg/check_reg.html?_=1695349703162 HTTP/1.1" 200 22
180.169.147.146 - - [22/Sep/2023:10:28:27 +0800] "GET /xingrg/all/function/internal_message.html?_=1695349707258&CODE_STATE=getMsg HTTP/1.1" 200 27
114.83.216.51 - - [22/Sep/2023:10:28:28 +0800] "GET /xingrg/kc/buy/cgsh_order_operate.html?command=get_materiel&rest_code=00149&code=00101006108&supplier_code=00100096&order_time=2023-09-22 HTTP/1.1" 200 421
101.228.187.155 - - [22/Sep/2023:10:28:28 +0800] "GET /xingrg/all/function/internal_message.html?_=1695349707571&CODE_STATE=getMsg HTTP/1.1" 200 27
101.83.145.37 - - [22/Sep/2023:10:28:28 +0800] "GET /xingrg/all/function/internal_message.html?_=1695349708482&CODE_STATE=getMsg HTTP/1.1" 200 27
101.83.145.37 - - [22/Sep/2023:10:28:28 +0800] "GET /xingrg/check_reg.html?_=1695349708486 HTTP/1.1" 200 22
124.79.244.212 - - [22/Sep/2023:10:28:29 +0800] "GET /xingrg/all/function/internal_message.html?_=1695350007656&CODE_STATE=getMsg HTTP/1.1" 200 27
180.152.241.196 - - [22/Sep/2023:10:28:29 +0800] "GET /xingrg/all/function/internal_message.html?_=1695349709427&CODE_STATE=getMsg HTTP/1.1" 200 27
101.83.145.37 - - [22/Sep/2023:10:28:30 +0800] "GET /xingrg/all/function/internal_message.html?_=1695349497325&CODE_STATE=getMsg HTTP/1.1" 200 27
124.78.69.58 - - [22/Sep/2023:10:28:32 +0800] "GET /xingrg/kc/buy/cgsh_order_operate.html?command=get_materiel&rest_code=00141&code=00101008352&supplier_code=00100007&order_time=2023-09-22 HTTP/1.1" 200 412
114.95.241.104 - - [22/Sep/2023:10:28:34 +0800] "GET /xingrg/all/function/internal_message.html?_=1695349713058&CODE_STATE=getMsg HTTP/1.1" 200 27
114.83.219.209 - - [22/Sep/2023:10:28:41 +0800] "GET /xingrg/all/function/internal_message.html?_=1695349721518&CODE_STATE=getMsg HTTP/1.1" 200 27
124.78.69.58 - - [22/Sep/2023:10:28:41 +0800] "GET /xingrg/kc/buy/cgsh_order_operate.html?command=get_materiel&rest_code=00141&code=00101008098&supplier_code=00100007&order_time=2023-09-22 HTTP/1.1" 200 412
114.83.216.51 - - [22/Sep/2023:10:28:46 +0800] "GET /xingrg/kc/buy/cgsh_order_operate.html?command=get_materiel&rest_code=00149&code=00101006133&supplier_code=00100096&order_time=2023-09-22 HTTP/1.1" 200 415
221.239.166.189 - - [22/Sep/2023:10:28:47 +0800] "GET /xingrg/check_reg.html?_=1695349726383 HTTP/1.1" 200 22
221.239.166.189 - - [22/Sep/2023:10:28:47 +0800] "GET /xingrg/all/function/internal_message.html?_=1695349726437&CODE_STATE=getMsg HTTP/1.1" 200 27
124.78.69.58 - - [22/Sep/2023:10:28:51 +0800] "GET /xingrg/kc/buy/cgsh_order_operate.html?command=get_materiel&rest_code=00141&code=00101008005&supplier_code=00100007&order_time=2023-09-22 HTTP/1.1" 200 433
124.78.69.58 - - [22/Sep/2023:10:28:52 +0800] "GET /xingrg/all/function/internal_message.html?_=1695349160479&CODE_STATE=getMsg HTTP/1.1" 200 27
116.230.110.33 - - [22/Sep/2023:10:28:53 +0800] "GET /favicon.ico HTTP/1.1" 404 -
180.152.241.196 - - [22/Sep/2023:10:28:53 +0800] "GET /xingrg/all/function/internal_message.html?_=1695349757355&CODE_STATE=getMsg HTTP/1.1" 200 27
124.78.69.58 - - [22/Sep/2023:10:29:00 +0800] "GET /xingrg/kc/buy/cgsh_order_operate.html?command=get_materiel&rest_code=00141&code=00101008271&supplier_code=00100007&order_time=2023-09-22 HTTP/1.1" 200 408
180.165.48.189 - - [22/Sep/2023:10:29:02 +0800] "GET /xingrg/all/function/internal_message.html?_=1695349742035&CODE_STATE=getMsg HTTP/1.1" 200 27
116.228.172.122 - - [22/Sep/2023:10:29:03 +0800] "GET /xingrg/all/function/internal_message.html?_=1695349388658&CODE_STATE=getMsg HTTP/1.1" 200 27
124.77.241.134 - - [22/Sep/2023:10:29:04 +0800] "GET /xingrg/all/function/internal_message.html?_=1695349758201&CODE_STATE=getMsg HTTP/1.1" 200 27
124.78.69.58 - - [22/Sep/2023:10:29:08 +0800] "GET /xingrg/kc/buy/cgsh_order_operate.html?command=get_materiel&rest_code=00141&code=00101008411&supplier_code=00100007&order_time=2023-09-22 HTTP/1.1" 200 413
114.83.216.51 - - [22/Sep/2023:10:29:13 +0800] "GET /xingrg/all/function/internal_message.html?_=1695349750971&CODE_STATE=getMsg HTTP/1.1" 200 27
114.95.241.104 - - [22/Sep/2023:10:29:15 +0800] "GET /xingrg/all/function/internal_message.html?_=1695349661102&CODE_STATE=getMsg HTTP/1.1" 200 27
124.78.69.58 - - [22/Sep/2023:10:29:17 +0800] "GET /xingrg/kc/buy/cgsh_order_operate.html?command=get_materiel&rest_code=00141&code=00101008150&supplier_code=00100007&order_time=2023-09-22 HTTP/1.1" 200 409
114.83.216.51 - - [22/Sep/2023:10:29:18 +0800] "GET /xingrg/kc/buy/cgsh_order_operate.html?command=get_materiel&rest_code=00149&code=00101006109&supplier_code=00100096&order_time=2023-09-22 HTTP/1.1" 200 411
180.163.30.27 - - [22/Sep/2023:10:29:25 +0800] "GET /xingrg/all/function/internal_message.html?_=1695349702469&CODE_STATE=getMsg HTTP/1.1" 302 -
180.163.30.27 - - [22/Sep/2023:10:29:25 +0800] "GET /xingrg/login.html HTTP/1.1" 200 7641
124.78.155.92 - - [22/Sep/2023:10:29:25 +0800] "GET /xingrg/all/function/internal_message.html?_=1695349762446&CODE_STATE=getMsg HTTP/1.1" 200 27
116.230.110.33 - - [22/Sep/2023:10:29:26 +0800] "GET /xingrg/all/function/internal_message.html?_=1695349622893&CODE_STATE=getMsg HTTP/1.1" 200 27
180.165.48.189 - - [22/Sep/2023:10:29:26 +0800] "GET /xingrg/javascript/jquery_tools/images/prev.gif HTTP/1.1" 404 1086
180.165.48.189 - - [22/Sep/2023:10:29:26 +0800] "GET /xingrg/javascript/jquery_tools/images/next.gif HTTP/1.1" 404 1086
180.169.147.146 - - [22/Sep/2023:10:29:27 +0800] "GET /xingrg/all/function/internal_message.html?_=1695349767279&CODE_STATE=getMsg HTTP/1.1" 200 27
124.78.69.58 - - [22/Sep/2023:10:29:27 +0800] "GET /xingrg/kc/buy/cgsh_order_operate.html?command=get_materiel&rest_code=00141&code=00101015046&supplier_code=00100007&order_time=2023-09-22 HTTP/1.1" 200 412
101.228.187.155 - - [22/Sep/2023:10:29:28 +0800] "GET /xingrg/all/function/internal_message.html?_=1695349767570&CODE_STATE=getMsg HTTP/1.1" 200 27
101.83.145.37 - - [22/Sep/2023:10:29:28 +0800] "GET /xingrg/all/function/internal_message.html?_=1695349768487&CODE_STATE=getMsg HTTP/1.1" 200 27
124.79.244.212 - - [22/Sep/2023:10:29:29 +0800] "GET /xingrg/all/function/internal_message.html?_=1695350067653&CODE_STATE=getMsg HTTP/1.1" 200 27
180.152.241.196 - - [22/Sep/2023:10:29:29 +0800] "GET /xingrg/all/function/internal_message.html?_=1695349769419&CODE_STATE=getMsg HTTP/1.1" 200 27
101.83.145.37 - - [22/Sep/2023:10:29:30 +0800] "GET /xingrg/all/function/internal_message.html?_=1695349557325&CODE_STATE=getMsg HTTP/1.1" 200 27
114.95.241.104 - - [22/Sep/2023:10:29:34 +0800] "GET /xingrg/all/function/internal_message.html?_=1695349773060&CODE_STATE=getMsg HTTP/1.1" 200 27
180.165.48.189 - - [22/Sep/2023:10:29:37 +0800] "GET /xingrg/kc/buy/cgsh_order_operate.html?command=get_materiel&rest_code=00108&code=00101006284&supplier_code=00100558&order_time=2023-09-22 HTTP/1.1" 200 418
114.83.216.51 - - [22/Sep/2023:10:29:39 +0800] "GET /xingrg/kc/buy/cgsh_order_operate.html?command=get_materiel&rest_code=00149&code=00101007061&supplier_code=00100096&order_time=2023-09-22 HTTP/1.1" 200 411
114.83.219.209 - - [22/Sep/2023:10:29:41 +0800] "GET /xingrg/check_reg.html?_=1695349781511 HTTP/1.1" 200 22
114.83.219.209 - - [22/Sep/2023:10:29:41 +0800] "GET /xingrg/all/function/internal_message.html?_=1695349781516&CODE_STATE=getMsg HTTP/1.1" 200 27
124.78.69.58 - - [22/Sep/2023:10:29:41 +0800] "GET /xingrg/kc/buy/cgsh_order_operate.html?command=get_materiel&rest_code=00141&code=00101015038&supplier_code=00100007&order_time=2023-09-22 HTTP/1.1" 200 418
124.78.69.58 - - [22/Sep/2023:10:29:43 +0800] "POST /xingrg/kc/buy/cgsh_order_operate.html HTTP/1.1" 200 2065
221.239.166.189 - - [22/Sep/2023:10:29:47 +0800] "GET /xingrg/all/function/internal_message.html?_=1695349786416&CODE_STATE=getMsg HTTP/1.1" 200 27
180.165.48.189 - - [22/Sep/2023:10:29:48 +0800] "GET /xingrg/kc/buy/cgsh_order_operate.html?command=get_materiel&rest_code=00108&code=00101006335&supplier_code=00100558&order_time=2023-09-22 HTTP/1.1" 200 414
180.152.241.196 - - [22/Sep/2023:10:29:49 +0800] "GET /xingrg/javascript/easyui/themes/default/tree.css HTTP/1.1" 404 1090
124.78.69.58 - - [22/Sep/2023:10:29:50 +0800] "GET /xingrg/kc/buy/cgsh_order_operate.html?command=get_materiel&rest_code=00141&code=00101023033&supplier_code=00100007&order_time=2023-09-22 HTTP/1.1" 200 409
180.152.241.196 - - [22/Sep/2023:10:29:50 +0800] "POST /xingrg/all/common/load_tree.html?tree=supplier_tree_json&isDelete=1 HTTP/1.1" 200 75946
124.78.69.58 - - [22/Sep/2023:10:29:52 +0800] "GET /xingrg/all/function/internal_message.html?_=1695349220545&CODE_STATE=getMsg HTTP/1.1" 200 27
180.152.241.196 - - [22/Sep/2023:10:29:53 +0800] "GET /xingrg/all/function/internal_message.html?_=1695349817340&CODE_STATE=getMsg HTTP/1.1" 200 27
114.83.216.51 - - [22/Sep/2023:10:29:57 +0800] "GET /xingrg/kc/buy/cgsh_order_operate.html?command=get_materiel&rest_code=00149&code=00101007083&supplier_code=00100096&order_time=2023-09-22 HTTP/1.1" 200 423
180.165.48.189 - - [22/Sep/2023:10:29:59 +0800] "GET /xingrg/kc/buy/cgsh_order_operate.html?command=get_materiel&rest_code=00108&code=00101006282&supplier_code=00100558&order_time=2023-09-22 HTTP/1.1" 200 418
124.78.69.58 - - [22/Sep/2023:10:30:01 +0800] "GET /xingrg/kc/buy/cgsh_order_operate.html?command=get_materiel&rest_code=00141&code=00101008176&supplier_code=00100007&order_time=2023-09-22 HTTP/1.1" 200 413
114.83.216.51 - - [22/Sep/2023:10:30:01 +0800] "GET /xingrg/check_reg.html?_=1695349799371 HTTP/1.1" 200 22
180.165.48.189 - - [22/Sep/2023:10:30:02 +0800] "GET /xingrg/all/function/internal_message.html?_=1695349802018&CODE_STATE=getMsg HTTP/1.1" 200 27
116.228.172.122 - - [22/Sep/2023:10:30:03 +0800] "GET /xingrg/all/function/internal_message.html?_=1695349448652&CODE_STATE=getMsg HTTP/1.1" 200 27
124.77.241.134 - - [22/Sep/2023:10:30:04 +0800] "GET /xingrg/all/function/internal_message.html?_=1695349818215&CODE_STATE=getMsg HTTP/1.1" 200 27
124.79.244.212 - - [22/Sep/2023:10:30:05 +0800] "GET /xingrg/check_reg.html?_=1695349804571 HTTP/1.1" 302 -
180.152.241.196 - - [22/Sep/2023:10:30:07 +0800] "GET /xingrg/kc/buy/cgsh_order_operate.html?command=get_materiel&rest_code=00102&code=00101009011&supplier_code=00100022&order_time=2023-09-22 HTTP/1.1" 200 416
180.165.48.189 - - [22/Sep/2023:10:30:10 +0800] "GET /xingrg/kc/buy/cgsh_order_operate.html?command=get_materiel&rest_code=00108&code=00101006334&supplier_code=00100558&order_time=2023-09-22 HTTP/1.1" 200 414
114.83.216.51 - - [22/Sep/2023:10:30:13 +0800] "GET /xingrg/all/function/internal_message.html?_=1695349810950&CODE_STATE=getMsg HTTP/1.1" 200 27
114.83.216.51 - - [22/Sep/2023:10:30:14 +0800] "GET /xingrg/kc/buy/cgsh_order_operate.html?command=get_materiel&rest_code=00149&code=00101007024&supplier_code=00100096&order_time=2023-09-22 HTTP/1.1" 200 417
114.95.241.104 - - [22/Sep/2023:10:30:15 +0800] "GET /xingrg/all/function/internal_message.html?_=1695349721305&CODE_STATE=getMsg HTTP/1.1" 200 27
180.165.48.189 - - [22/Sep/2023:10:30:19 +0800] "GET /xingrg/kc/buy/cgsh_order_operate.html?command=get_materiel&rest_code=00108&code=00102026001&supplier_code=00100558&order_time=2023-09-22 HTTP/1.1" 200 409
124.78.69.58 - - [22/Sep/2023:10:30:21 +0800] "GET /xingrg/kc/buy/cgsh_order_operate.html?command=get_materiel&rest_code=00141&code=00101008261&supplier_code=00100007&order_time=2023-09-22 HTTP/1.1" 200 429
124.78.155.92 - - [22/Sep/2023:10:30:25 +0800] "GET /xingrg/all/function/internal_message.html?_=1695349822432&CODE_STATE=getMsg HTTP/1.1" 200 27
116.230.110.33 - - [22/Sep/2023:10:30:26 +0800] "GET /xingrg/all/function/internal_message.html?_=1695349682884&CODE_STATE=getMsg HTTP/1.1" 200 27
180.169.147.146 - - [22/Sep/2023:10:30:27 +0800] "GET /xingrg/all/function/internal_message.html?_=1695349827264&CODE_STATE=getMsg HTTP/1.1" 200 27
101.228.187.155 - - [22/Sep/2023:10:30:28 +0800] "GET /xingrg/all/function/internal_message.html?_=1695349827569&CODE_STATE=getMsg HTTP/1.1" 200 27
101.83.145.37 - - [22/Sep/2023:10:30:28 +0800] "GET /xingrg/all/function/internal_message.html?_=1695349828489&CODE_STATE=getMsg HTTP/1.1" 200 27
124.79.244.212 - - [22/Sep/2023:10:30:29 +0800] "GET /xingrg/all/function/internal_message.html?_=1695350127652&CODE_STATE=getMsg HTTP/1.1" 200 27
180.152.241.196 - - [22/Sep/2023:10:30:29 +0800] "GET /xingrg/all/function/internal_message.html?_=1695349829405&CODE_STATE=getMsg HTTP/1.1" 200 27
101.83.145.37 - - [22/Sep/2023:10:30:30 +0800] "GET /xingrg/all/function/internal_message.html?_=1695349617325&CODE_STATE=getMsg HTTP/1.1" 200 27
180.165.48.189 - - [22/Sep/2023:10:30:31 +0800] "POST /xingrg/kc/buy/cgsh_order_operate.html HTTP/1.1" 200 37
180.165.48.189 - - [22/Sep/2023:10:30:32 +0800] "POST /xingrg/kc/buy/cgsh_order_operate.html HTTP/1.1" 200 5040
114.83.216.51 - - [22/Sep/2023:10:30:33 +0800] "GET /xingrg/kc/buy/cgsh_order_operate.html?command=get_materiel&rest_code=00149&code=00101007049&supplier_code=00100096&order_time=2023-09-22 HTTP/1.1" 200 409
124.78.69.58 - - [22/Sep/2023:10:30:33 +0800] "GET /xingrg/kc/buy/cgsh_order_operate.html?command=get_materiel&rest_code=00141&code=00101008210&supplier_code=00100007&order_time=2023-09-22 HTTP/1.1" 200 408
114.95.241.104 - - [22/Sep/2023:10:30:34 +0800] "GET /xingrg/all/function/internal_message.html?_=1695349833045&CODE_STATE=getMsg HTTP/1.1" 200 27
180.165.48.189 - - [22/Sep/2023:10:30:34 +0800] "GET /xingrg/kc/print/load_data.html?order_code=212023092208772&kc_code=cgsh&condition= HTTP/1.1" 200 1588
180.165.48.189 - - [22/Sep/2023:10:30:40 +0800] "GET /xingrg/kc/buy/cgsh_order_add.html HTTP/1.1" 200 72453
180.165.48.189 - - [22/Sep/2023:10:30:40 +0800] "POST /xingrg/kc/buy/cgsh_order_operate.html HTTP/1.1" 200 8245
180.165.48.189 - - [22/Sep/2023:10:30:40 +0800] "GET /xingrg/javascript/easyui/themes/default/validatebox.css HTTP/1.1" 404 1104
114.83.219.209 - - [22/Sep/2023:10:30:41 +0800] "GET /xingrg/all/function/internal_message.html?_=1695349841527&CODE_STATE=getMsg HTTP/1.1" 200 27
222.70.180.200 - - [22/Sep/2023:10:30:43 +0800] "GET /xingrg/login.html HTTP/1.1" 200 7641
222.70.180.200 - - [22/Sep/2023:10:30:44 +0800] "GET /favicon.ico HTTP/1.1" 404 -
124.78.69.58 - - [22/Sep/2023:10:30:45 +0800] "GET /xingrg/kc/buy/cgsh_order_operate.html?command=get_materiel&rest_code=00141&code=00101008199&supplier_code=00100007&order_time=2023-09-22 HTTP/1.1" 200 408
221.239.166.189 - - [22/Sep/2023:10:30:47 +0800] "GET /xingrg/all/function/internal_message.html?_=1695349846400&CODE_STATE=getMsg HTTP/1.1" 200 27
124.78.69.58 - - [22/Sep/2023:10:30:47 +0800] "POST /xingrg/kc/buy/cgsh_order_operate.html HTTP/1.1" 200 2065
180.165.48.189 - - [22/Sep/2023:10:30:49 +0800] "GET /xingrg/kc/buy/cgsh_order_operate.html?command=get_materiel&rest_code=00108&code=00101023022&supplier_code=00100036&order_time=2023-09-22 HTTP/1.1" 200 406
180.152.241.196 - - [22/Sep/2023:10:30:50 +0800] "GET /xingrg/kc/buy/cgsh_order_operate.html?command=get_materiel&rest_code=00102&code=00101009015&supplier_code=00100022&order_time=2023-09-22 HTTP/1.1" 200 416
114.83.216.51 - - [22/Sep/2023:10:30:51 +0800] "GET /xingrg/kc/buy/cgsh_order_operate.html?command=get_materiel&rest_code=00149&code=00101007082&supplier_code=00100096&order_time=2023-09-22 HTTP/1.1" 200 427
124.78.69.58 - - [22/Sep/2023:10:30:52 +0800] "GET /xingrg/all/function/internal_message.html?_=1695349280489&CODE_STATE=getMsg HTTP/1.1" 200 27
124.78.69.58 - - [22/Sep/2023:10:30:52 +0800] "GET /xingrg/check_reg.html?_=1695349280506 HTTP/1.1" 200 22
180.152.241.196 - - [22/Sep/2023:10:30:53 +0800] "GET /xingrg/all/function/internal_message.html?_=1695349877325&CODE_STATE=getMsg HTTP/1.1" 200 27
124.78.69.58 - - [22/Sep/2023:10:30:54 +0800] "GET /xingrg/kc/buy/cgsh_order_operate.html?command=get_materiel&rest_code=00141&code=00101008126&supplier_code=00100007&order_time=2023-09-22 HTTP/1.1" 200 412
120.253.135.82 - - [22/Sep/2023:10:30:58 +0800] "GET /xingrg/check_reg.html?_=1695349662570 HTTP/1.1" 200 22
180.165.48.189 - - [22/Sep/2023:10:31:02 +0800] "GET /xingrg/all/function/internal_message.html?_=1695349862000&CODE_STATE=getMsg HTTP/1.1" 200 27
124.78.69.58 - - [22/Sep/2023:10:31:03 +0800] "GET /xingrg/kc/buy/cgsh_order_operate.html?command=get_materiel&rest_code=00141&code=00101008355&supplier_code=00100007&order_time=2023-09-22 HTTP/1.1" 200 429
116.228.172.122 - - [22/Sep/2023:10:31:03 +0800] "GET /xingrg/all/function/internal_message.html?_=1695349508669&CODE_STATE=getMsg HTTP/1.1" 200 27
180.165.48.189 - - [22/Sep/2023:10:31:03 +0800] "GET /xingrg/kc/buy/cgsh_order_operate.html?command=get_materiel&rest_code=00108&code=00101012027&supplier_code=00100036&order_time=2023-09-22 HTTP/1.1" 200 408
124.77.241.134 - - [22/Sep/2023:10:31:04 +0800] "GET /xingrg/all/function/internal_message.html?_=1695349878463&CODE_STATE=getMsg HTTP/1.1" 200 27
222.70.180.200 - - [22/Sep/2023:10:31:07 +0800] "POST /xingrg/login.do HTTP/1.1" 302 -
222.70.180.200 - - [22/Sep/2023:10:31:07 +0800] "GET /xingrg/index.html?sysBaseUrl=http%3A%2F%2F180.169.147.146%3A18081%2Fxingrg%2F&costTime=1021×tamp=1695349867453 HTTP/1.1" 200 17173
222.70.180.200 - - [22/Sep/2023:10:31:07 +0800] "GET /favicon.ico HTTP/1.1" 404 -
222.70.180.200 - - [22/Sep/2023:10:31:07 +0800] "GET /xingrg/all/function/internal_message.html?_=1695349863968&CODE_STATE=count HTTP/1.1" 200 11
222.70.180.200 - - [22/Sep/2023:10:31:07 +0800] "GET /xingrg/check_reg.html?_=1695349863969 HTTP/1.1" 200 22
222.70.180.200 - - [22/Sep/2023:10:31:07 +0800] "POST /xingrg/all/common/load_tree.html?tree=area_rest_tree_json&manage=1 HTTP/1.1" 200 342
222.70.180.200 - - [22/Sep/2023:10:31:08 +0800] "POST /xingrg/load_menu.html HTTP/1.1" 200 5138
222.70.180.200 - - [22/Sep/2023:10:31:12 +0800] "GET /xingrg/kc/base/wldb_order_list.html HTTP/1.1" 200 19174
114.83.216.51 - - [22/Sep/2023:10:31:13 +0800] "GET /xingrg/all/function/internal_message.html?_=1695349870934&CODE_STATE=getMsg HTTP/1.1" 200 27
222.70.180.200 - - [22/Sep/2023:10:31:13 +0800] "POST /xingrg/kc/base/wldb_list_operate.html HTTP/1.1" 200 928
114.83.216.51 - - [22/Sep/2023:10:31:13 +0800] "GET /xingrg/kc/buy/cgsh_order_operate.html?command=get_materiel&rest_code=00149&code=00101007047&supplier_code=00100096&order_time=2023-09-22 HTTP/1.1" 200 409
124.78.69.58 - - [22/Sep/2023:10:31:14 +0800] "GET /xingrg/kc/buy/cgsh_order_operate.html?command=get_materiel&rest_code=00141&code=00101008169&supplier_code=00100007&order_time=2023-09-22 HTTP/1.1" 200 412
114.95.241.104 - - [22/Sep/2023:10:31:15 +0800] "GET /xingrg/all/function/internal_message.html?_=1695349781317&CODE_STATE=getMsg HTTP/1.1" 200 27
180.152.241.196 - - [22/Sep/2023:10:31:16 +0800] "GET /xingrg/kc/buy/cgsh_order_operate.html?command=get_materiel&rest_code=00102&code=00101009175&supplier_code=00100022&order_time=2023-09-22 HTTP/1.1" 200 401
222.70.180.200 - - [22/Sep/2023:10:31:17 +0800] "GET /xingrg/kc/base/wldb_order_add.html HTTP/1.1" 200 30453
222.70.180.200 - - [22/Sep/2023:10:31:17 +0800] "GET /xingrg/words/20230921151042_words.js HTTP/1.1" 304 -
222.70.180.200 - - [22/Sep/2023:10:31:17 +0800] "POST /xingrg/kc/base/wldb_order_operate.html HTTP/1.1" 200 6806
222.70.180.200 - - [22/Sep/2023:10:31:17 +0800] "GET /xingrg/all/common/auto_word.html?type=base&rest_code=00111 HTTP/1.1" 200 1753
222.70.180.200 - - [22/Sep/2023:10:31:17 +0800] "GET /xingrg/all/common/auto_word.html?type=base&rest_code=00111 HTTP/1.1" 200 1753
222.70.180.200 - - [22/Sep/2023:10:31:17 +0800] "GET /xingrg/javascript/easyui/themes/default/validatebox.css HTTP/1.1" 404 1104
114.83.216.51 - - [22/Sep/2023:10:31:17 +0800] "POST /xingrg/kc/buy/cgsh_order_operate.html HTTP/1.1" 200 2065
180.165.48.189 - - [22/Sep/2023:10:31:17 +0800] "GET /xingrg/kc/buy/cgsh_order_operate.html?command=get_materiel&rest_code=00108&code=00101012028&supplier_code=00100036&order_time=2023-09-22 HTTP/1.1" 200 415
222.70.180.200 - - [22/Sep/2023:10:31:21 +0800] "GET /xingrg/javascript/auto/indicator.gif HTTP/1.1" 404 1066
218.81.65.247 - - [22/Sep/2023:10:31:23 +0800] "GET /favicon.ico HTTP/1.1" 404 -
124.78.69.58 - - [22/Sep/2023:10:31:23 +0800] "GET /xingrg/kc/buy/cgsh_order_operate.html?command=get_materiel&rest_code=00141&code=00101008213&supplier_code=00100007&order_time=2023-09-22 HTTP/1.1" 200 412
114.95.241.104 - - [22/Sep/2023:10:31:24 +0800] "POST /xingrg/services/DataTransmitService HTTP/1.1" 200 524
114.83.216.51 - - [22/Sep/2023:10:31:24 +0800] "GET /xingrg/kc/buy/cgsh_order_operate.html?command=get_materiel&rest_code=00149&code=00101007081&supplier_code=00100096&order_time=2023-09-22 HTTP/1.1" 200 413
124.78.155.92 - - [22/Sep/2023:10:31:25 +0800] "GET /xingrg/all/function/internal_message.html?_=1695349882403&CODE_STATE=getMsg HTTP/1.1" 200 27
116.230.110.33 - - [22/Sep/2023:10:31:26 +0800] "GET /xingrg/all/function/internal_message.html?_=1695349742869&CODE_STATE=getMsg HTTP/1.1" 200 27
114.95.241.104 - - [22/Sep/2023:10:31:26 +0800] "POST /xingrg/services/DataTransmitService HTTP/1.1" 200 2079
180.165.48.189 - - [22/Sep/2023:10:31:26 +0800] "GET /xingrg/kc/buy/cgsh_order_operate.html?command=get_materiel&rest_code=00108&code=00101012032&supplier_code=00100036&order_time=2023-09-22 HTTP/1.1" 200 416
114.95.241.104 - - [22/Sep/2023:10:31:27 +0800] "POST /xingrg/services/DataTransmitService HTTP/1.1" 200 124527
180.169.147.146 - - [22/Sep/2023:10:31:27 +0800] "GET /xingrg/all/function/internal_message.html?_=1695349887264&CODE_STATE=getMsg HTTP/1.1" 200 27
120.204.100.248 - - [22/Sep/2023:10:31:28 +0800] "GET /xingrg/index.html?sysBaseUrl=http%3A%2F%2F180.169.147.146%3A18081%2Fxingrg%2F&costTime=811×tamp=1683821569460 HTTP/1.1" 302 -
120.204.100.248 - - [22/Sep/2023:10:31:28 +0800] "GET /xingrg/login.html HTTP/1.1" 200 7641
101.228.187.155 - - [22/Sep/2023:10:31:28 +0800] "GET /xingrg/all/function/internal_message.html?_=1695349887567&CODE_STATE=getMsg HTTP/1.1" 200 27
180.152.241.196 - - [22/Sep/2023:10:31:28 +0800] "GET /xingrg/kc/buy/cgsh_order_operate.html?command=get_materiel&rest_code=00102&code=00101009044&supplier_code=00100022&order_time=2023-09-22 HTTP/1.1" 200 414
101.83.145.37 - - [22/Sep/2023:10:31:28 +0800] "GET /xingrg/all/function/internal_message.html?_=1695349888480&CODE_STATE=getMsg HTTP/1.1" 200 27
124.79.244.212 - - [22/Sep/2023:10:31:29 +0800] "GET /xingrg/all/function/internal_message.html?_=1695350187650&CODE_STATE=getMsg HTTP/1.1" 200 27
180.152.241.196 - - [22/Sep/2023:10:31:29 +0800] "GET /xingrg/all/function/internal_message.html?_=1695349889377&CODE_STATE=getMsg HTTP/1.1" 200 27
180.152.241.196 - - [22/Sep/2023:10:31:29 +0800] "GET /xingrg/check_reg.html?_=1695349889706 HTTP/1.1" 200 22
101.83.145.37 - - [22/Sep/2023:10:31:30 +0800] "GET /xingrg/all/function/internal_message.html?_=1695349677327&CODE_STATE=getMsg HTTP/1.1" 200 27
120.204.100.248 - - [22/Sep/2023:10:31:30 +0800] "GET /favicon.ico HTTP/1.1" 404 -
120.204.100.248 - - [22/Sep/2023:10:31:33 +0800] "POST /xingrg/login.do HTTP/1.1" 302 -
120.204.100.248 - - [22/Sep/2023:10:31:33 +0800] "GET /xingrg/index.html?sysBaseUrl=http%3A%2F%2F180.169.147.146%3A18081%2Fxingrg%2F&costTime=1017×tamp=1695349893084 HTTP/1.1" 200 17179
120.204.100.248 - - [22/Sep/2023:10:31:33 +0800] "GET /favicon.ico HTTP/1.1" 404 -
120.204.100.248 - - [22/Sep/2023:10:31:33 +0800] "POST /xingrg/all/common/load_tree.html?tree=area_rest_tree_json&manage=1 HTTP/1.1" 200 351
120.204.100.248 - - [22/Sep/2023:10:31:33 +0800] "GET /xingrg/all/function/internal_message.html?_=1695349895183&CODE_STATE=count HTTP/1.1" 200 11
120.204.100.248 - - [22/Sep/2023:10:31:33 +0800] "GET /xingrg/check_reg.html?_=1695349895184 HTTP/1.1" 200 22
120.204.100.248 - - [22/Sep/2023:10:31:33 +0800] "POST /xingrg/load_menu.html HTTP/1.1" 200 5138
114.95.241.104 - - [22/Sep/2023:10:31:34 +0800] "GET /xingrg/all/function/internal_message.html?_=1695349893046&CODE_STATE=getMsg HTTP/1.1" 200 27
114.95.241.104 - - [22/Sep/2023:10:31:34 +0800] "GET /xingrg/check_reg.html?_=1695349893050 HTTP/1.1" 200 22
120.204.100.248 - - [22/Sep/2023:10:31:35 +0800] "GET /xingrg/kc/report/report_main.html HTTP/1.1" 200 7340
120.204.100.248 - - [22/Sep/2023:10:31:38 +0800] "GET /xingrg/all/report/report_query.html?fileName=kc/buy/gys_amount.xml&rh=99999 HTTP/1.1" 200 52006
120.204.100.248 - - [22/Sep/2023:10:31:38 +0800] "GET /xingrg/dwr/interface/AjaxReportQueryService.js HTTP/1.1" 200 13203
120.204.100.248 - - [22/Sep/2023:10:31:38 +0800] "GET /xingrg/dwr/engine.js HTTP/1.1" 200 43631
120.204.100.248 - - [22/Sep/2023:10:31:38 +0800] "GET /xingrg/dwr/util.js HTTP/1.1" 304 -
120.204.100.248 - - [22/Sep/2023:10:31:38 +0800] "POST /xingrg/dwr/call/plaincall/AjaxReportQueryService.getFixDate.dwr HTTP/1.1" 200 111
120.204.100.248 - - [22/Sep/2023:10:31:39 +0800] "POST /xingrg/dwr/call/plaincall/AjaxReportQueryService.getInitString.dwr HTTP/1.1" 200 1083
120.204.100.248 - - [22/Sep/2023:10:31:39 +0800] "POST /xingrg/all/common/load_tree.html?tree=supplier_tree_json&manage=1 HTTP/1.1" 200 78115
120.204.100.248 - - [22/Sep/2023:10:31:39 +0800] "POST /xingrg/all/common/load_tree.html?tree=materiel_sort_tree_json HTTP/1.1" 200 9500
180.165.48.189 - - [22/Sep/2023:10:31:40 +0800] "POST /xingrg/kc/buy/cgsh_order_operate.html HTTP/1.1" 200 37
124.78.69.58 - - [22/Sep/2023:10:31:41 +0800] "GET /xingrg/kc/buy/cgsh_order_operate.html?command=get_materiel&rest_code=00141&code=00101008368&supplier_code=00100007&order_time=2023-09-22 HTTP/1.1" 200 408
116.230.110.33 - - [22/Sep/2023:10:31:41 +0800] "GET /xingrg/check_reg.html?_=1695349758046 HTTP/1.1" 200 22
114.83.219.209 - - [22/Sep/2023:10:31:41 +0800] "GET /xingrg/all/function/internal_message.html?_=1695349901520&CODE_STATE=getMsg HTTP/1.1" 200 27
180.165.48.189 - - [22/Sep/2023:10:31:42 +0800] "POST /xingrg/kc/buy/cgsh_order_operate.html HTTP/1.1" 200 3839
222.70.180.200 - - [22/Sep/2023:10:31:43 +0800] "GET /xingrg/kc/base/wldb_order_operate.html?command=get_materiel&rest_code=00111&base_code=0010306&code=00102001008 HTTP/1.1" 200 440
180.152.241.196 - - [22/Sep/2023:10:31:44 +0800] "GET /xingrg/kc/buy/cgsh_order_operate.html?command=get_materiel&rest_code=00102&code=00101009063&supplier_code=00100022&order_time=2023-09-22 HTTP/1.1" 200 410
221.239.166.189 - - [22/Sep/2023:10:31:47 +0800] "GET /xingrg/all/function/internal_message.html?_=1695349906378&CODE_STATE=getMsg HTTP/1.1" 200 27
124.78.69.58 - - [22/Sep/2023:10:31:50 +0800] "POST /xingrg/kc/buy/cgsh_order_operate.html HTTP/1.1" 200 2065
124.78.69.58 - - [22/Sep/2023:10:31:52 +0800] "GET /xingrg/all/function/internal_message.html?_=1695349340565&CODE_STATE=getMsg HTTP/1.1" 200 27
180.152.241.196 - - [22/Sep/2023:10:31:53 +0800] "GET /xingrg/all/function/internal_message.html?_=1695349937308&CODE_STATE=getMsg HTTP/1.1" 200 27
180.165.48.189 - - [22/Sep/2023:10:31:54 +0800] "GET /xingrg/kc/print/load_data.html?order_code=212023092208773&kc_code=cgsh&condition= HTTP/1.1" 200 1210
124.78.69.58 - - [22/Sep/2023:10:31:56 +0800] "GET /xingrg/kc/buy/cgsh_order_operate.html?command=get_materiel&rest_code=00141&code=00101008350&supplier_code=00100007&order_time=2023-09-22 HTTP/1.1" 200 408
180.165.48.189 - - [22/Sep/2023:10:31:58 +0800] "GET /xingrg/kc/buy/cgsh_order_add.html HTTP/1.1" 200 72453
222.70.180.200 - - [22/Sep/2023:10:31:59 +0800] "POST /xingrg/all/common/load_select.html HTTP/1.1" 200 25
180.165.48.189 - - [22/Sep/2023:10:31:59 +0800] "POST /xingrg/kc/buy/cgsh_order_operate.html HTTP/1.1" 200 8245
180.152.241.196 - - [22/Sep/2023:10:31:59 +0800] "GET /xingrg/kc/buy/cgsh_order_operate.html?command=get_materiel&rest_code=00102&code=00101009066&supplier_code=00100022&order_time=2023-09-22 HTTP/1.1" 200 416
180.165.48.189 - - [22/Sep/2023:10:31:59 +0800] "GET /xingrg/javascript/easyui/themes/default/validatebox.css HTTP/1.1" 404 1104
222.70.180.200 - - [22/Sep/2023:10:32:00 +0800] "GET /xingrg/kc/base/wldb_order_operate.html?command=get_materiel_price&rest_code=00111&base_code=0010306&code=00102001008&unit_code=00100061 HTTP/1.1" 200 35
180.165.48.189 - - [22/Sep/2023:10:32:02 +0800] "GET /xingrg/all/function/internal_message.html?_=1695349922002&CODE_STATE=getMsg HTTP/1.1" 200 27
116.228.172.122 - - [22/Sep/2023:10:32:03 +0800] "GET /xingrg/all/function/internal_message.html?_=1695349568655&CODE_STATE=getMsg HTTP/1.1" 200 27
124.77.241.134 - - [22/Sep/2023:10:32:04 +0800] "GET /xingrg/all/function/internal_message.html?_=1695349938477&CODE_STATE=getMsg HTTP/1.1" 200 27
114.83.216.51 - - [22/Sep/2023:10:32:07 +0800] "POST /xingrg/kc/buy/cgsh_order_operate.html HTTP/1.1" 200 37
222.70.180.200 - - [22/Sep/2023:10:32:07 +0800] "GET /xingrg/all/function/internal_message.html?_=1695349923974&CODE_STATE=getMsg HTTP/1.1" 200 27
180.165.48.189 - - [22/Sep/2023:10:32:11 +0800] "GET /xingrg/kc/buy/cgsh_order_operate.html?command=get_materiel&rest_code=00108&code=00101001191&supplier_code=00100012&order_time=2023-09-22 HTTP/1.1" 200 413
114.83.216.51 - - [22/Sep/2023:10:32:13 +0800] "GET /xingrg/all/function/internal_message.html?_=1695349930918&CODE_STATE=getMsg HTTP/1.1" 200 27
180.152.241.196 - - [22/Sep/2023:10:32:14 +0800] "GET /xingrg/kc/buy/cgsh_order_operate.html?command=get_materiel&rest_code=00102&code=00101009109&supplier_code=00100022&order_time=2023-09-22 HTTP/1.1" 200 415
114.95.241.104 - - [22/Sep/2023:10:32:15 +0800] "GET /xingrg/all/function/internal_message.html?_=1695349841538&CODE_STATE=getMsg HTTP/1.1" 200 27
114.83.216.51 - - [22/Sep/2023:10:32:18 +0800] "POST /xingrg/kc/buy/cgsh_order_operate.html HTTP/1.1" 200 12
120.204.100.248 - - [22/Sep/2023:10:32:21 +0800] "POST /xingrg/dwr/call/plaincall/AjaxReportQueryService.refreshCache.dwr HTTP/1.1" 200 78
180.165.48.189 - - [22/Sep/2023:10:32:21 +0800] "GET /xingrg/kc/buy/cgsh_order_operate.html?command=get_materiel&rest_code=00108&code=00101001311&supplier_code=00100012&order_time=2023-09-22 HTTP/1.1" 200 399
120.204.100.248 - - [22/Sep/2023:10:32:23 +0800] "POST /xingrg/all/report/load_report_page.html HTTP/1.1" 200 8932
120.204.100.248 - - [22/Sep/2023:10:32:23 +0800] "GET /xingrg/servlets/image?cache=0.15720387502565236&image=px HTTP/1.1" 200 807
114.83.216.51 - - [22/Sep/2023:10:32:24 +0800] "GET /xingrg/kc/buy/cgsh_order_info.html?code=212023092208774 HTTP/1.1" 200 67348
114.83.216.51 - - [22/Sep/2023:10:32:24 +0800] "GET /xingrg/javascript/easyui/themes/default/validatebox.css HTTP/1.1" 404 1104
124.78.155.92 - - [22/Sep/2023:10:32:25 +0800] "GET /xingrg/all/function/internal_message.html?_=1695349942387&CODE_STATE=getMsg HTTP/1.1" 200 27
114.83.216.51 - - [22/Sep/2023:10:32:25 +0800] "POST /xingrg/kc/buy/cgsh_order_operate.html HTTP/1.1" 200 11951
116.230.110.33 - - [22/Sep/2023:10:32:26 +0800] "GET /xingrg/all/function/internal_message.html?_=1695349802854&CODE_STATE=getMsg HTTP/1.1" 200 27
180.169.147.146 - - [22/Sep/2023:10:32:27 +0800] "GET /xingrg/all/function/internal_message.html?_=1695349947253&CODE_STATE=getMsg HTTP/1.1" 200 27
180.169.147.146 - - [22/Sep/2023:10:32:27 +0800] "GET /xingrg/check_reg.html?_=1695349947842 HTTP/1.1" 200 22
180.152.241.196 - - [22/Sep/2023:10:32:28 +0800] "GET /xingrg/kc/buy/cgsh_order_operate.html?command=get_materiel&rest_code=00102&code=00101009062&supplier_code=00100022&order_time=2023-09-22 HTTP/1.1" 200 414
101.228.187.155 - - [22/Sep/2023:10:32:28 +0800] "GET /xingrg/check_reg.html?_=1695349947566 HTTP/1.1" 200 22
101.228.187.155 - - [22/Sep/2023:10:32:28 +0800] "GET /xingrg/all/function/internal_message.html?_=1695349947568&CODE_STATE=getMsg HTTP/1.1" 200 27
101.83.145.37 - - [22/Sep/2023:10:32:28 +0800] "GET /xingrg/all/function/internal_message.html?_=1695349948483&CODE_STATE=getMsg HTTP/1.1" 200 27
124.79.244.212 - - [22/Sep/2023:10:32:29 +0800] "GET /xingrg/check_reg.html?_=1695350247650 HTTP/1.1" 200 22
124.79.244.212 - - [22/Sep/2023:10:32:29 +0800] "GET /xingrg/all/function/internal_message.html?_=1695350247649&CODE_STATE=getMsg HTTP/1.1" 200 27
180.152.241.196 - - [22/Sep/2023:10:32:29 +0800] "GET /xingrg/all/function/internal_message.html?_=1695349949365&CODE_STATE=getMsg HTTP/1.1" 200 27
101.83.145.37 - - [22/Sep/2023:10:32:30 +0800] "GET /xingrg/check_reg.html?_=1695349737312 HTTP/1.1" 200 22
101.83.145.37 - - [22/Sep/2023:10:32:30 +0800] "GET /xingrg/all/function/internal_message.html?_=1695349737315&CODE_STATE=getMsg HTTP/1.1" 200 27
180.165.48.189 - - [22/Sep/2023:10:32:31 +0800] "GET /xingrg/kc/buy/cgsh_order_operate.html?command=get_materiel&rest_code=00108&code=00101006144&supplier_code=00100012&order_time=2023-09-22 HTTP/1.1" 200 409
120.204.100.248 - - [22/Sep/2023:10:32:33 +0800] "GET /xingrg/all/function/internal_message.html?_=1695349955204&CODE_STATE=getMsg HTTP/1.1" 200 27
114.95.241.104 - - [22/Sep/2023:10:32:34 +0800] "GET /xingrg/all/function/internal_message.html?_=1695349953051&CODE_STATE=getMsg HTTP/1.1" 200 27
120.253.135.82 - - [22/Sep/2023:10:32:40 +0800] "GET /xingrg/kc/pszx/mdqp_order_list.html?state=10 HTTP/1.1" 200 11124
120.253.135.82 - - [22/Sep/2023:10:32:40 +0800] "GET /xingrg/dwr/interface/AjaxQqpsService.js HTTP/1.1" 200 16326
120.253.135.82 - - [22/Sep/2023:10:32:40 +0800] "GET /xingrg/dwr/interface/AjaxReportQueryService.js HTTP/1.1" 200 13203
120.253.135.82 - - [22/Sep/2023:10:32:40 +0800] "GET /xingrg/dwr/engine.js HTTP/1.1" 200 43631
180.152.241.196 - - [22/Sep/2023:10:32:41 +0800] "POST /xingrg/kc/buy/cgsh_order_operate.html HTTP/1.1" 200 37
114.83.219.209 - - [22/Sep/2023:10:32:41 +0800] "GET /xingrg/all/function/internal_message.html?_=1695349961509&CODE_STATE=getMsg HTTP/1.1" 200 27
114.83.216.51 - - [22/Sep/2023:10:32:41 +0800] "GET /xingrg/kc/print/load_data.html?order_code=212023092208774&kc_code=cgsh&condition= HTTP/1.1" 200 5009
180.165.48.189 - - [22/Sep/2023:10:32:43 +0800] "GET /xingrg/kc/buy/cgsh_order_operate.html?command=get_materiel&rest_code=00108&code=00101006057&supplier_code=00100012&order_time=2023-09-22 HTTP/1.1" 200 413
221.239.166.189 - - [22/Sep/2023:10:32:47 +0800] "GET /xingrg/all/function/internal_message.html?_=1695349966354&CODE_STATE=getMsg HTTP/1.1" 200 27
114.83.216.51 - - [22/Sep/2023:10:32:51 +0800] "GET /xingrg/kc/buy/cgsh_order_add.html HTTP/1.1" 200 72449
114.83.216.51 - - [22/Sep/2023:10:32:51 +0800] "POST /xingrg/kc/buy/cgsh_order_operate.html HTTP/1.1" 200 8245
114.83.216.51 - - [22/Sep/2023:10:32:51 +0800] "GET /xingrg/javascript/easyui/themes/default/validatebox.css HTTP/1.1" 404 1104
124.78.69.58 - - [22/Sep/2023:10:32:52 +0800] "GET /xingrg/all/function/internal_message.html?_=1695349400490&CODE_STATE=getMsg HTTP/1.1" 200 27
180.152.241.196 - - [22/Sep/2023:10:32:53 +0800] "GET /xingrg/check_reg.html?_=1695349997199 HTTP/1.1" 200 22
180.152.241.196 - - [22/Sep/2023:10:32:53 +0800] "GET /xingrg/all/function/internal_message.html?_=1695349997280&CODE_STATE=getMsg HTTP/1.1" 200 27
180.152.241.196 - - [22/Sep/2023:10:32:58 +0800] "POST /xingrg/kc/buy/cgsh_order_operate.html HTTP/1.1" 200 12
