116.228.172.122 - - [22/Sep/2023:10:08:04 +0800] "GET /xingrg/all/function/internal_message.html?_=1695348128663&CODE_STATE=getMsg HTTP/1.1" 200 27
124.77.241.134 - - [22/Sep/2023:10:08:05 +0800] "POST /xingrg/services/DataTransmitService HTTP/1.1" 200 501
124.77.241.134 - - [22/Sep/2023:10:08:06 +0800] "POST /xingrg/services/DataTransmitService HTTP/1.1" 200 501
114.83.219.209 - - [22/Sep/2023:10:08:09 +0800] "GET /xingrg/kc/base/wldb_order_operate.html?command=get_materiel&rest_code=00154&base_code=0010724&code=00101040002 HTTP/1.1" 200 461
114.83.219.209 - - [22/Sep/2023:10:08:12 +0800] "POST /xingrg/all/common/load_select.html HTTP/1.1" 200 25
114.95.241.104 - - [22/Sep/2023:10:08:13 +0800] "GET /xingrg/all/function/internal_message.html?_=1695348399226&CODE_STATE=getMsg HTTP/1.1" 200 27
114.83.219.209 - - [22/Sep/2023:10:08:13 +0800] "GET /xingrg/kc/base/wldb_order_operate.html?command=get_materiel_price&rest_code=00154&base_code=0010724&code=00101040002&unit_code=00100619 HTTP/1.1" 200 36
124.77.241.134 - - [22/Sep/2023:10:08:17 +0800] "POST /xingrg/services/DataTransmitService HTTP/1.1" 200 501
124.77.241.134 - - [22/Sep/2023:10:08:18 +0800] "POST /xingrg/services/DataTransmitService HTTP/1.1" 200 501
124.77.241.134 - - [22/Sep/2023:10:08:21 +0800] "POST /xingrg/services/DataTransmitService HTTP/1.1" 200 501
124.77.241.134 - - [22/Sep/2023:10:08:24 +0800] "POST /xingrg/services/DataTransmitService HTTP/1.1" 200 412
124.78.155.92 - - [22/Sep/2023:10:08:26 +0800] "GET /xingrg/all/function/internal_message.html?_=1695348502897&CODE_STATE=getMsg HTTP/1.1" 200 27
116.230.110.33 - - [22/Sep/2023:10:08:26 +0800] "GET /xingrg/all/function/internal_message.html?_=1695348363270&CODE_STATE=getMsg HTTP/1.1" 200 27
124.78.155.92 - - [22/Sep/2023:10:08:26 +0800] "GET /xingrg/check_reg.html?_=1695348503214 HTTP/1.1" 200 22
180.163.28.114 - - [22/Sep/2023:10:08:27 +0800] "GET /xingrg/all/function/internal_message.html?_=1695348447618&CODE_STATE=getMsg HTTP/1.1" 302 -
180.169.147.146 - - [22/Sep/2023:10:08:27 +0800] "GET /xingrg/all/function/internal_message.html?_=1695348507604&CODE_STATE=getMsg HTTP/1.1" 200 27
114.83.216.51 - - [22/Sep/2023:10:08:27 +0800] "POST /xingrg/kc/buy/cgsh_order_operate.html HTTP/1.1" 200 37
180.163.28.114 - - [22/Sep/2023:10:08:27 +0800] "GET /xingrg/login.html HTTP/1.1" 200 7641
101.228.187.155 - - [22/Sep/2023:10:08:28 +0800] "GET /xingrg/all/function/internal_message.html?_=1695348507547&CODE_STATE=getMsg HTTP/1.1" 200 27
101.83.145.37 - - [22/Sep/2023:10:08:28 +0800] "GET /xingrg/check_reg.html?_=1695348508466 HTTP/1.1" 200 22
101.83.145.37 - - [22/Sep/2023:10:08:29 +0800] "GET /xingrg/all/function/internal_message.html?_=1695348508462&CODE_STATE=getMsg HTTP/1.1" 200 27
124.79.244.212 - - [22/Sep/2023:10:08:29 +0800] "GET /xingrg/all/function/internal_message.html?_=1695348807651&CODE_STATE=getMsg HTTP/1.1" 200 27
114.83.219.209 - - [22/Sep/2023:10:08:29 +0800] "POST /xingrg/kc/base/wldb_order_operate.html HTTP/1.1" 200 37
180.152.241.196 - - [22/Sep/2023:10:08:29 +0800] "GET /xingrg/all/function/internal_message.html?_=1695348509654&CODE_STATE=getMsg HTTP/1.1" 200 27
101.83.145.37 - - [22/Sep/2023:10:08:30 +0800] "GET /xingrg/all/function/internal_message.html?_=1695348297292&CODE_STATE=getMsg HTTP/1.1" 200 27
114.83.219.209 - - [22/Sep/2023:10:08:30 +0800] "POST /xingrg/kc/base/wldb_order_operate.html HTTP/1.1" 200 7137
114.95.241.104 - - [22/Sep/2023:10:08:34 +0800] "GET /xingrg/all/function/internal_message.html?_=1695348513012&CODE_STATE=getMsg HTTP/1.1" 200 27
114.83.219.209 - - [22/Sep/2023:10:08:41 +0800] "GET /xingrg/all/function/internal_message.html?_=1695348521506&CODE_STATE=getMsg HTTP/1.1" 200 27
114.83.216.51 - - [22/Sep/2023:10:08:41 +0800] "POST /xingrg/kc/buy/cgsh_order_operate.html HTTP/1.1" 200 12
114.83.219.209 - - [22/Sep/2023:10:08:46 +0800] "POST /xingrg/kc/base/wldb_order_operate.html HTTP/1.1" 200 12
221.239.166.189 - - [22/Sep/2023:10:08:47 +0800] "GET /xingrg/check_reg.html?_=1695348526334 HTTP/1.1" 200 22
221.239.166.189 - - [22/Sep/2023:10:08:47 +0800] "GET /xingrg/all/function/internal_message.html?_=1695348526337&CODE_STATE=getMsg HTTP/1.1" 200 27
114.83.219.209 - - [22/Sep/2023:10:08:48 +0800] "GET /xingrg/kc/base/wldb_order_info.html?code=422023092202135 HTTP/1.1" 200 26342
114.83.219.209 - - [22/Sep/2023:10:08:49 +0800] "GET /xingrg/javascript/easyui/themes/default/validatebox.css HTTP/1.1" 404 1104
114.83.219.209 - - [22/Sep/2023:10:08:49 +0800] "POST /xingrg/kc/base/wldb_order_operate.html HTTP/1.1" 200 5318
124.78.69.58 - - [22/Sep/2023:10:08:52 +0800] "GET /xingrg/all/function/internal_message.html?_=1695347960416&CODE_STATE=getMsg HTTP/1.1" 200 27
124.77.241.134 - - [22/Sep/2023:10:09:03 +0800] "GET /xingrg/all/function/internal_message.html?_=1695348556731&CODE_STATE=getMsg HTTP/1.1" 200 27
180.165.48.189 - - [22/Sep/2023:10:09:03 +0800] "GET /xingrg/all/function/internal_message.html?_=1695348542293&CODE_STATE=getMsg HTTP/1.1" 200 27
116.228.172.122 - - [22/Sep/2023:10:09:03 +0800] "GET /xingrg/all/function/internal_message.html?_=1695348188656&CODE_STATE=getMsg HTTP/1.1" 200 27
114.95.241.104 - - [22/Sep/2023:10:09:13 +0800] "GET /xingrg/all/function/internal_message.html?_=1695348459240&CODE_STATE=getMsg HTTP/1.1" 200 27
114.83.216.51 - - [22/Sep/2023:10:09:13 +0800] "GET /xingrg/all/function/internal_message.html?_=1695348551212&CODE_STATE=getMsg HTTP/1.1" 200 27
114.83.216.51 - - [22/Sep/2023:10:09:14 +0800] "GET /xingrg/kc/buy/cgsh_order_info.html?code=212023092208753 HTTP/1.1" 200 67358
114.83.216.51 - - [22/Sep/2023:10:09:15 +0800] "GET /xingrg/javascript/easyui/themes/default/validatebox.css HTTP/1.1" 404 1104
114.83.216.51 - - [22/Sep/2023:10:09:16 +0800] "POST /xingrg/kc/buy/cgsh_order_operate.html HTTP/1.1" 200 43804
114.83.216.51 - - [22/Sep/2023:10:09:18 +0800] "GET /xingrg/kc/print/load_config.html?kc_code=cgsh HTTP/1.1" 200 1927
114.83.216.51 - - [22/Sep/2023:10:09:18 +0800] "GET /xingrg/kc/print/load_data.html?order_code=212023092208753&kc_code=cgsh&condition= HTTP/1.1" 200 17051
116.230.110.33 - - [22/Sep/2023:10:09:26 +0800] "GET /xingrg/all/function/internal_message.html?_=1695348423250&CODE_STATE=getMsg HTTP/1.1" 200 27
124.78.155.92 - - [22/Sep/2023:10:09:26 +0800] "GET /xingrg/all/function/internal_message.html?_=1695348562875&CODE_STATE=getMsg HTTP/1.1" 200 27
180.163.29.79 - - [22/Sep/2023:10:09:26 +0800] "GET /xingrg/check_reg.html?_=1695348503214 HTTP/1.1" 302 -
180.163.29.79 - - [22/Sep/2023:10:09:26 +0800] "GET /xingrg/login.html HTTP/1.1" 200 7641
180.169.147.146 - - [22/Sep/2023:10:09:27 +0800] "GET /xingrg/all/function/internal_message.html?_=1695348567577&CODE_STATE=getMsg HTTP/1.1" 200 27
101.228.187.155 - - [22/Sep/2023:10:09:28 +0800] "GET /xingrg/all/function/internal_message.html?_=1695348567548&CODE_STATE=getMsg HTTP/1.1" 200 27
101.83.145.37 - - [22/Sep/2023:10:09:28 +0800] "GET /xingrg/all/function/internal_message.html?_=1695348568450&CODE_STATE=getMsg HTTP/1.1" 200 27
124.79.244.212 - - [22/Sep/2023:10:09:29 +0800] "GET /xingrg/all/function/internal_message.html?_=1695348867648&CODE_STATE=getMsg HTTP/1.1" 200 27
180.152.241.196 - - [22/Sep/2023:10:09:29 +0800] "GET /xingrg/all/function/internal_message.html?_=1695348569667&CODE_STATE=getMsg HTTP/1.1" 200 27
101.83.145.37 - - [22/Sep/2023:10:09:30 +0800] "GET /xingrg/all/function/internal_message.html?_=1695348357293&CODE_STATE=getMsg HTTP/1.1" 200 27
114.83.216.51 - - [22/Sep/2023:10:09:32 +0800] "GET /xingrg/kc/buy/cgsh_order_add.html HTTP/1.1" 200 72449
114.83.216.51 - - [22/Sep/2023:10:09:33 +0800] "POST /xingrg/kc/buy/cgsh_order_operate.html HTTP/1.1" 200 8245
114.83.216.51 - - [22/Sep/2023:10:09:33 +0800] "GET /xingrg/javascript/easyui/themes/default/validatebox.css HTTP/1.1" 404 1104
114.95.241.104 - - [22/Sep/2023:10:09:34 +0800] "GET /xingrg/all/function/internal_message.html?_=1695348573013&CODE_STATE=getMsg HTTP/1.1" 200 27
116.230.110.33 - - [22/Sep/2023:10:09:35 +0800] "GET /xingrg/kc/buy/buy_main.html HTTP/1.1" 200 12412
116.230.110.33 - - [22/Sep/2023:10:09:35 +0800] "GET /xingrg/css/new_ie.css HTTP/1.1" 404 1036
114.83.219.209 - - [22/Sep/2023:10:09:41 +0800] "GET /xingrg/all/function/internal_message.html?_=1695348581520&CODE_STATE=getMsg HTTP/1.1" 200 27
114.83.219.209 - - [22/Sep/2023:10:09:41 +0800] "GET /xingrg/check_reg.html?_=1695348581525 HTTP/1.1" 200 22
221.239.166.189 - - [22/Sep/2023:10:09:47 +0800] "GET /xingrg/all/function/internal_message.html?_=1695348586322&CODE_STATE=getMsg HTTP/1.1" 200 27
114.83.216.51 - - [22/Sep/2023:10:09:48 +0800] "GET /xingrg/kc/buy/cgsh_order_add.html HTTP/1.1" 200 72449
114.83.216.51 - - [22/Sep/2023:10:09:48 +0800] "POST /xingrg/kc/buy/cgsh_order_operate.html HTTP/1.1" 200 8245
114.83.216.51 - - [22/Sep/2023:10:09:48 +0800] "GET /xingrg/javascript/easyui/themes/default/validatebox.css HTTP/1.1" 404 1104
124.78.69.58 - - [22/Sep/2023:10:09:52 +0800] "GET /xingrg/all/function/internal_message.html?_=1695348020426&CODE_STATE=getMsg HTTP/1.1" 200 27
114.83.216.51 - - [22/Sep/2023:10:10:01 +0800] "GET /xingrg/check_reg.html?_=1695348599332 HTTP/1.1" 200 22
124.77.241.134 - - [22/Sep/2023:10:10:02 +0800] "GET /xingrg/all/function/internal_message.html?_=1695348616742&CODE_STATE=getMsg HTTP/1.1" 200 27
180.165.48.189 - - [22/Sep/2023:10:10:03 +0800] "GET /xingrg/all/function/internal_message.html?_=1695348602284&CODE_STATE=getMsg HTTP/1.1" 200 27
116.228.172.122 - - [22/Sep/2023:10:10:03 +0800] "GET /xingrg/all/function/internal_message.html?_=1695348248673&CODE_STATE=getMsg HTTP/1.1" 200 27
124.79.244.212 - - [22/Sep/2023:10:10:06 +0800] "GET /xingrg/check_reg.html?_=1695348604654 HTTP/1.1" 302 -
114.83.216.51 - - [22/Sep/2023:10:10:13 +0800] "GET /xingrg/all/function/internal_message.html?_=1695348611197&CODE_STATE=getMsg HTTP/1.1" 200 27
114.95.241.104 - - [22/Sep/2023:10:10:13 +0800] "GET /xingrg/all/function/internal_message.html?_=1695348519486&CODE_STATE=getMsg HTTP/1.1" 200 27
180.163.28.114 - - [22/Sep/2023:10:10:26 +0800] "GET /xingrg/all/function/internal_message.html?_=1695348562875&CODE_STATE=getMsg HTTP/1.1" 302 -
180.163.28.114 - - [22/Sep/2023:10:10:26 +0800] "GET /xingrg/login.html HTTP/1.1" 200 7641
124.78.155.92 - - [22/Sep/2023:10:10:26 +0800] "GET /xingrg/all/function/internal_message.html?_=1695348622847&CODE_STATE=getMsg HTTP/1.1" 200 27
116.230.110.33 - - [22/Sep/2023:10:10:26 +0800] "GET /xingrg/all/function/internal_message.html?_=1695348483238&CODE_STATE=getMsg HTTP/1.1" 200 27
180.163.30.85 - - [22/Sep/2023:10:10:27 +0800] "GET /xingrg/all/function/internal_message.html?_=1695348567577&CODE_STATE=getMsg HTTP/1.1" 302 -
180.163.30.85 - - [22/Sep/2023:10:10:27 +0800] "GET /xingrg/login.html HTTP/1.1" 200 7641
180.169.147.146 - - [22/Sep/2023:10:10:27 +0800] "GET /xingrg/all/function/internal_message.html?_=1695348627567&CODE_STATE=getMsg HTTP/1.1" 200 27
101.228.187.155 - - [22/Sep/2023:10:10:28 +0800] "GET /xingrg/all/function/internal_message.html?_=1695348627575&CODE_STATE=getMsg HTTP/1.1" 200 27
101.83.145.37 - - [22/Sep/2023:10:10:28 +0800] "GET /xingrg/all/function/internal_message.html?_=1695348628451&CODE_STATE=getMsg HTTP/1.1" 200 27
124.79.244.212 - - [22/Sep/2023:10:10:29 +0800] "GET /xingrg/all/function/internal_message.html?_=1695348927648&CODE_STATE=getMsg HTTP/1.1" 200 27
180.152.241.196 - - [22/Sep/2023:10:10:29 +0800] "GET /xingrg/all/function/internal_message.html?_=1695348629622&CODE_STATE=getMsg HTTP/1.1" 200 27
101.83.145.37 - - [22/Sep/2023:10:10:30 +0800] "GET /xingrg/all/function/internal_message.html?_=1695348417293&CODE_STATE=getMsg HTTP/1.1" 200 27
114.95.241.104 - - [22/Sep/2023:10:10:34 +0800] "GET /xingrg/all/function/internal_message.html?_=1695348633015&CODE_STATE=getMsg HTTP/1.1" 200 27
114.83.219.209 - - [22/Sep/2023:10:10:41 +0800] "GET /xingrg/all/function/internal_message.html?_=1695348641518&CODE_STATE=getMsg HTTP/1.1" 200 27
221.239.166.189 - - [22/Sep/2023:10:10:47 +0800] "GET /xingrg/all/function/internal_message.html?_=1695348646328&CODE_STATE=getMsg HTTP/1.1" 200 27
124.78.69.58 - - [22/Sep/2023:10:10:52 +0800] "GET /xingrg/check_reg.html?_=1695348080443 HTTP/1.1" 200 22
124.78.69.58 - - [22/Sep/2023:10:10:52 +0800] "GET /xingrg/all/function/internal_message.html?_=1695348080444&CODE_STATE=getMsg HTTP/1.1" 200 27
120.253.135.82 - - [22/Sep/2023:10:10:59 +0800] "GET /xingrg/check_reg.html?_=1695348462550 HTTP/1.1" 200 22
180.165.48.189 - - [22/Sep/2023:10:11:03 +0800] "GET /xingrg/all/function/internal_message.html?_=1695348662279&CODE_STATE=getMsg HTTP/1.1" 200 27
124.77.241.134 - - [22/Sep/2023:10:11:03 +0800] "GET /xingrg/all/function/internal_message.html?_=1695348677111&CODE_STATE=getMsg HTTP/1.1" 200 27
116.228.172.122 - - [22/Sep/2023:10:11:03 +0800] "GET /xingrg/all/function/internal_message.html?_=1695348308674&CODE_STATE=getMsg HTTP/1.1" 200 27
114.95.241.104 - - [22/Sep/2023:10:11:13 +0800] "GET /xingrg/all/function/internal_message.html?_=1695348579521&CODE_STATE=getMsg HTTP/1.1" 200 27
114.83.216.51 - - [22/Sep/2023:10:11:13 +0800] "GET /xingrg/all/function/internal_message.html?_=1695348671178&CODE_STATE=getMsg HTTP/1.1" 200 27
180.163.28.55 - - [22/Sep/2023:10:11:26 +0800] "GET /xingrg/all/function/internal_message.html?_=1695348622847&CODE_STATE=getMsg HTTP/1.1" 302 -
124.78.155.92 - - [22/Sep/2023:10:11:26 +0800] "GET /xingrg/all/function/internal_message.html?_=1695348682824&CODE_STATE=getMsg HTTP/1.1" 200 27
180.163.28.55 - - [22/Sep/2023:10:11:26 +0800] "GET /xingrg/login.html HTTP/1.1" 200 7641
116.230.110.33 - - [22/Sep/2023:10:11:26 +0800] "GET /xingrg/all/function/internal_message.html?_=1695348543217&CODE_STATE=getMsg HTTP/1.1" 200 27
180.169.147.146 - - [22/Sep/2023:10:11:27 +0800] "GET /xingrg/all/function/internal_message.html?_=1695348687553&CODE_STATE=getMsg HTTP/1.1" 200 27
101.228.187.155 - - [22/Sep/2023:10:11:28 +0800] "GET /xingrg/all/function/internal_message.html?_=1695348687575&CODE_STATE=getMsg HTTP/1.1" 200 27
101.83.145.37 - - [22/Sep/2023:10:11:28 +0800] "GET /xingrg/all/function/internal_message.html?_=1695348688453&CODE_STATE=getMsg HTTP/1.1" 200 27
124.79.244.212 - - [22/Sep/2023:10:11:29 +0800] "GET /xingrg/all/function/internal_message.html?_=1695348987646&CODE_STATE=getMsg HTTP/1.1" 200 27
180.152.241.196 - - [22/Sep/2023:10:11:29 +0800] "GET /xingrg/all/function/internal_message.html?_=1695348689605&CODE_STATE=getMsg HTTP/1.1" 200 27
180.152.241.196 - - [22/Sep/2023:10:11:29 +0800] "GET /xingrg/check_reg.html?_=1695348689712 HTTP/1.1" 200 22
101.83.145.37 - - [22/Sep/2023:10:11:30 +0800] "GET /xingrg/all/function/internal_message.html?_=1695348477294&CODE_STATE=getMsg HTTP/1.1" 200 27
114.95.241.104 - - [22/Sep/2023:10:11:34 +0800] "GET /xingrg/check_reg.html?_=1695348693017 HTTP/1.1" 200 22
114.95.241.104 - - [22/Sep/2023:10:11:34 +0800] "GET /xingrg/all/function/internal_message.html?_=1695348693021&CODE_STATE=getMsg HTTP/1.1" 200 27
116.230.110.33 - - [22/Sep/2023:10:11:41 +0800] "GET /xingrg/check_reg.html?_=1695348558096 HTTP/1.1" 200 22
114.83.219.209 - - [22/Sep/2023:10:11:41 +0800] "GET /xingrg/all/function/internal_message.html?_=1695348701535&CODE_STATE=getMsg HTTP/1.1" 200 27
180.157.174.225 - - [22/Sep/2023:10:11:47 +0800] "GET /xingrg/login_supplier.html HTTP/1.1" 200 3208
221.239.166.189 - - [22/Sep/2023:10:11:47 +0800] "GET /xingrg/all/function/internal_message.html?_=1695348706334&CODE_STATE=getMsg HTTP/1.1" 200 27
180.157.174.225 - - [22/Sep/2023:10:11:48 +0800] "GET /favicon.ico HTTP/1.1" 404 -
124.78.69.58 - - [22/Sep/2023:10:11:52 +0800] "GET /xingrg/all/function/internal_message.html?_=1695348140443&CODE_STATE=getMsg HTTP/1.1" 200 27
180.157.174.225 - - [22/Sep/2023:10:11:55 +0800] "POST /xingrg/login_supplier.html HTTP/1.1" 302 -
180.157.174.225 - - [22/Sep/2023:10:11:55 +0800] "GET /xingrg/supplier_index.html?sysBaseUrl=http%3A%2F%2F180.169.147.146%3A18081%2Fxingrg%2F&costTime=384×tamp=1695348715566 HTTP/1.1" 200 9061
180.157.174.225 - - [22/Sep/2023:10:11:56 +0800] "GET /favicon.ico HTTP/1.1" 404 -
180.157.174.225 - - [22/Sep/2023:10:11:58 +0800] "GET /xingrg/supplier/cgsh_order_list.html HTTP/1.1" 200 10896
180.165.48.189 - - [22/Sep/2023:10:12:03 +0800] "GET /xingrg/all/function/internal_message.html?_=1695348722259&CODE_STATE=getMsg HTTP/1.1" 200 27
124.77.241.134 - - [22/Sep/2023:10:12:03 +0800] "GET /xingrg/all/function/internal_message.html?_=1695348737113&CODE_STATE=getMsg HTTP/1.1" 200 27
116.228.172.122 - - [22/Sep/2023:10:12:04 +0800] "GET /xingrg/all/function/internal_message.html?_=1695348368650&CODE_STATE=getMsg HTTP/1.1" 200 27
180.157.174.225 - - [22/Sep/2023:10:12:06 +0800] "POST /xingrg/supplier/cgsh_list_operate.html HTTP/1.1" 200 6896
180.157.174.225 - - [22/Sep/2023:10:12:11 +0800] "GET /xingrg/javascript/jquery_tools/images/prev.gif HTTP/1.1" 404 1086
180.157.174.225 - - [22/Sep/2023:10:12:11 +0800] "GET /xingrg/javascript/jquery_tools/images/next.gif HTTP/1.1" 404 1086
114.83.216.51 - - [22/Sep/2023:10:12:13 +0800] "GET /xingrg/all/function/internal_message.html?_=1695348731153&CODE_STATE=getMsg HTTP/1.1" 200 27
114.95.241.104 - - [22/Sep/2023:10:12:14 +0800] "GET /xingrg/all/function/internal_message.html?_=1695348639736&CODE_STATE=getMsg HTTP/1.1" 200 27
180.157.174.225 - - [22/Sep/2023:10:12:22 +0800] "POST /xingrg/supplier/cgsh_list_operate.html HTTP/1.1" 200 6414
124.78.155.92 - - [22/Sep/2023:10:12:26 +0800] "GET /xingrg/all/function/internal_message.html?_=1695348742809&CODE_STATE=getMsg HTTP/1.1" 200 27
116.230.110.33 - - [22/Sep/2023:10:12:26 +0800] "GET /xingrg/all/function/internal_message.html?_=1695348603193&CODE_STATE=getMsg HTTP/1.1" 200 27
180.163.30.85 - - [22/Sep/2023:10:12:27 +0800] "GET /xingrg/all/function/internal_message.html?_=1695348687553&CODE_STATE=getMsg HTTP/1.1" 302 -
180.169.147.146 - - [22/Sep/2023:10:12:27 +0800] "GET /xingrg/all/function/internal_message.html?_=1695348747543&CODE_STATE=getMsg HTTP/1.1" 200 27
180.163.30.85 - - [22/Sep/2023:10:12:27 +0800] "GET /xingrg/login.html HTTP/1.1" 200 7641
180.169.147.146 - - [22/Sep/2023:10:12:27 +0800] "GET /xingrg/check_reg.html?_=1695348747898 HTTP/1.1" 200 22
101.228.187.155 - - [22/Sep/2023:10:12:28 +0800] "GET /xingrg/check_reg.html?_=1695348747569 HTTP/1.1" 200 22
101.83.145.37 - - [22/Sep/2023:10:12:28 +0800] "GET /xingrg/all/function/internal_message.html?_=1695348748454&CODE_STATE=getMsg HTTP/1.1" 200 27
101.228.187.155 - - [22/Sep/2023:10:12:29 +0800] "GET /xingrg/all/function/internal_message.html?_=1695348747573&CODE_STATE=getMsg HTTP/1.1" 200 27
124.79.244.212 - - [22/Sep/2023:10:12:29 +0800] "GET /xingrg/all/function/internal_message.html?_=1695349047645&CODE_STATE=getMsg HTTP/1.1" 200 27
124.79.244.212 - - [22/Sep/2023:10:12:29 +0800] "GET /xingrg/check_reg.html?_=1695349047646 HTTP/1.1" 200 22
180.152.241.196 - - [22/Sep/2023:10:12:29 +0800] "GET /xingrg/all/function/internal_message.html?_=1695348749586&CODE_STATE=getMsg HTTP/1.1" 200 27
101.83.145.37 - - [22/Sep/2023:10:12:30 +0800] "GET /xingrg/check_reg.html?_=1695348537295 HTTP/1.1" 200 22
101.83.145.37 - - [22/Sep/2023:10:12:30 +0800] "GET /xingrg/all/function/internal_message.html?_=1695348537298&CODE_STATE=getMsg HTTP/1.1" 200 27
114.95.241.104 - - [22/Sep/2023:10:12:34 +0800] "GET /xingrg/all/function/internal_message.html?_=1695348753026&CODE_STATE=getMsg HTTP/1.1" 200 27
114.83.219.209 - - [22/Sep/2023:10:12:41 +0800] "GET /xingrg/all/function/internal_message.html?_=1695348761521&CODE_STATE=getMsg HTTP/1.1" 200 27
221.239.166.189 - - [22/Sep/2023:10:12:47 +0800] "GET /xingrg/all/function/internal_message.html?_=1695348766335&CODE_STATE=getMsg HTTP/1.1" 200 27
124.78.69.58 - - [22/Sep/2023:10:12:52 +0800] "GET /xingrg/all/function/internal_message.html?_=1695348200443&CODE_STATE=getMsg HTTP/1.1" 200 27
180.157.174.225 - - [22/Sep/2023:10:12:56 +0800] "POST /xingrg/supplier/cgsh_list_operate.html HTTP/1.1" 200 5279
114.83.216.51 - - [22/Sep/2023:10:12:57 +0800] "GET /xingrg/kc/buy/cgsh_order_operate.html?command=get_materiel&rest_code=00149&code=00101004051&supplier_code=00100083&order_time=2023-09-22 HTTP/1.1" 200 408
114.95.241.104 - - [22/Sep/2023:10:12:58 +0800] "GET /xingrg/check_reg.html?_=1695348684614 HTTP/1.1" 200 22
124.77.241.134 - - [22/Sep/2023:10:13:01 +0800] "GET /xingrg/check_reg.html?_=1695348795582 HTTP/1.1" 200 22
180.165.48.189 - - [22/Sep/2023:10:13:02 +0800] "GET /xingrg/check_reg.html?_=1695348781355 HTTP/1.1" 200 22
180.165.48.189 - - [22/Sep/2023:10:13:03 +0800] "GET /xingrg/all/function/internal_message.html?_=1695348782245&CODE_STATE=getMsg HTTP/1.1" 200 27
124.77.241.134 - - [22/Sep/2023:10:13:03 +0800] "GET /xingrg/all/function/internal_message.html?_=1695348797128&CODE_STATE=getMsg HTTP/1.1" 200 27
116.228.172.122 - - [22/Sep/2023:10:13:03 +0800] "GET /xingrg/all/function/internal_message.html?_=1695348428664&CODE_STATE=getMsg HTTP/1.1" 200 27
116.228.172.122 - - [22/Sep/2023:10:13:03 +0800] "GET /xingrg/check_reg.html?_=1695348428670 HTTP/1.1" 200 22
120.253.135.82 - - [22/Sep/2023:10:13:09 +0800] "GET /xingrg/kc/report/report_main.html HTTP/1.1" 200 8599
120.253.135.82 - - [22/Sep/2023:10:13:09 +0800] "GET /xingrg/javascript/jquery_ui/themes/humanity/humanity.css HTTP/1.1" 304 -
180.157.174.225 - - [22/Sep/2023:10:13:09 +0800] "POST /xingrg/supplier/cgsh_list_operate.html HTTP/1.1" 200 6227
114.83.216.51 - - [22/Sep/2023:10:13:09 +0800] "GET /xingrg/kc/buy/cgsh_order_operate.html?command=get_materiel&rest_code=00149&code=00101004074&supplier_code=00100083&order_time=2023-09-22 HTTP/1.1" 200 406
120.253.135.82 - - [22/Sep/2023:10:13:10 +0800] "GET /xingrg/kc/base/kc_stocks.html HTTP/1.1" 200 16506
120.253.135.82 - - [22/Sep/2023:10:13:10 +0800] "GET /xingrg/javascript/easyui/themes/sunny/easyui.css HTTP/1.1" 304 -
120.253.135.82 - - [22/Sep/2023:10:13:11 +0800] "GET /xingrg/javascript/easyui/themes/icons/print_new.png HTTP/1.1" 304 -
120.253.135.82 - - [22/Sep/2023:10:13:11 +0800] "GET /xingrg/javascript/easyui/themes/icons/refresh_new.png HTTP/1.1" 304 -
120.253.135.82 - - [22/Sep/2023:10:13:11 +0800] "GET /xingrg/javascript/easyui/themes/icons/filter_new.png HTTP/1.1" 304 -
120.253.135.82 - - [22/Sep/2023:10:13:11 +0800] "GET /xingrg/javascript/easyui/plugins/jquery.draggable.js HTTP/1.1" 304 -
120.253.135.82 - - [22/Sep/2023:10:13:11 +0800] "GET /xingrg/javascript/easyui/plugins/jquery.droppable.js HTTP/1.1" 304 -
120.253.135.82 - - [22/Sep/2023:10:13:11 +0800] "GET /xingrg/javascript/easyui/themes/default/tree.css HTTP/1.1" 404 1090
120.253.135.82 - - [22/Sep/2023:10:13:11 +0800] "GET /xingrg/javascript/easyui/plugins/jquery.tree.js HTTP/1.1" 304 -
120.253.135.82 - - [22/Sep/2023:10:13:11 +0800] "POST /xingrg/all/common/load_tree.html?tree=materiel_sort_tree_json HTTP/1.1" 200 9500
120.253.135.82 - - [22/Sep/2023:10:13:11 +0800] "GET /xingrg/javascript/easyui/themes/sunny/images/tree_arrows.gif HTTP/1.1" 304 -
120.253.135.82 - - [22/Sep/2023:10:13:11 +0800] "GET /xingrg/javascript/easyui/themes/sunny/images/tree_folder.gif HTTP/1.1" 304 -
120.253.135.82 - - [22/Sep/2023:10:13:11 +0800] "GET /xingrg/javascript/easyui/themes/sunny/images/tree_folder_open.gif HTTP/1.1" 304 -
120.253.135.82 - - [22/Sep/2023:10:13:11 +0800] "GET /xingrg/javascript/easyui/themes/sunny/images/tree_file.gif HTTP/1.1" 304 -
120.253.135.82 - - [22/Sep/2023:10:13:12 +0800] "POST /xingrg/all/common/load_combo.html?type=base HTTP/1.1" 200 1169
114.83.216.51 - - [22/Sep/2023:10:13:13 +0800] "GET /xingrg/all/function/internal_message.html?_=1695348791130&CODE_STATE=getMsg HTTP/1.1" 200 27
114.95.241.104 - - [22/Sep/2023:10:13:13 +0800] "GET /xingrg/all/function/internal_message.html?_=1695348699763&CODE_STATE=getMsg HTTP/1.1" 200 27
120.253.135.82 - - [22/Sep/2023:10:13:23 +0800] "POST /xingrg/kc/base/stock_operate.html HTTP/1.1" 200 1462
120.253.135.82 - - [22/Sep/2023:10:13:23 +0800] "GET /xingrg/javascript/jquery_tools/fix_table.js HTTP/1.1" 304 -
114.83.216.51 - - [22/Sep/2023:10:13:25 +0800] "GET /xingrg/kc/buy/cgsh_order_operate.html?command=get_materiel&rest_code=00149&code=00101004017&supplier_code=00100083&order_time=2023-09-22 HTTP/1.1" 200 413
124.78.155.92 - - [22/Sep/2023:10:13:26 +0800] "GET /xingrg/all/function/internal_message.html?_=1695348802781&CODE_STATE=getMsg HTTP/1.1" 200 27
116.230.110.33 - - [22/Sep/2023:10:13:26 +0800] "GET /xingrg/all/function/internal_message.html?_=1695348663165&CODE_STATE=getMsg HTTP/1.1" 200 27
124.78.155.92 - - [22/Sep/2023:10:13:26 +0800] "GET /xingrg/check_reg.html?_=1695348803208 HTTP/1.1" 200 22
180.169.147.146 - - [22/Sep/2023:10:13:27 +0800] "GET /xingrg/all/function/internal_message.html?_=1695348807516&CODE_STATE=getMsg HTTP/1.1" 200 27
120.253.135.82 - - [22/Sep/2023:10:13:27 +0800] "GET /xingrg/kc/base/stock_detail.html?m=00101016121 HTTP/1.1" 200 6435
120.253.135.82 - - [22/Sep/2023:10:13:27 +0800] "GET /xingrg/javascript/jquery_easy_ui/themes/default/images/button_a_bg.gif HTTP/1.1" 304 -
120.253.135.82 - - [22/Sep/2023:10:13:27 +0800] "GET /xingrg/javascript/jquery_easy_ui/themes/default/images/button_span_bg.gif HTTP/1.1" 304 -
120.253.135.82 - - [22/Sep/2023:10:13:27 +0800] "GET /xingrg/javascript/jquery_easy_ui/themes/icons/search.png HTTP/1.1" 304 -
120.253.135.82 - - [22/Sep/2023:10:13:28 +0800] "GET /xingrg/javascript/jquery_easy_ui/themes/default/images/menu.gif HTTP/1.1" 304 -
120.253.135.82 - - [22/Sep/2023:10:13:28 +0800] "GET /xingrg/javascript/jquery_easy_ui/themes/default/images/calendar_prevmonth.gif HTTP/1.1" 304 -
120.253.135.82 - - [22/Sep/2023:10:13:28 +0800] "GET /xingrg/javascript/jquery_easy_ui/themes/default/images/calendar_nextmonth.gif HTTP/1.1" 304 -
120.253.135.82 - - [22/Sep/2023:10:13:28 +0800] "GET /xingrg/javascript/jquery_easy_ui/themes/default/images/calendar_nextyear.gif HTTP/1.1" 304 -
120.253.135.82 - - [22/Sep/2023:10:13:28 +0800] "GET /xingrg/javascript/jquery_easy_ui/themes/default/images/calendar_prevyear.gif HTTP/1.1" 304 -
101.228.187.155 - - [22/Sep/2023:10:13:28 +0800] "GET /xingrg/all/function/internal_message.html?_=1695348807573&CODE_STATE=getMsg HTTP/1.1" 200 27
101.83.145.37 - - [22/Sep/2023:10:13:28 +0800] "GET /xingrg/all/function/internal_message.html?_=1695348808454&CODE_STATE=getMsg HTTP/1.1" 200 27
101.83.145.37 - - [22/Sep/2023:10:13:28 +0800] "GET /xingrg/check_reg.html?_=1695348808459 HTTP/1.1" 200 22
124.79.244.212 - - [22/Sep/2023:10:13:29 +0800] "GET /xingrg/all/function/internal_message.html?_=1695349107660&CODE_STATE=getMsg HTTP/1.1" 200 27
120.253.135.82 - - [22/Sep/2023:10:13:29 +0800] "GET /xingrg/kc/base/stock_operate.html?_=1695348613297&command=get_report_file&start_day=20230901 HTTP/1.1" 200 53
120.253.135.82 - - [22/Sep/2023:10:13:29 +0800] "GET /xingrg/all/report/report_query.html?isQuery=1&onlyBody=1&rh=2000&fileName=kc/base/kc_stock_detail_new.xml&queryString=(1=1)&queryText=&tableQueryString=init_table$sp1$$sp$crk_table$sp1$order_day%20between%2020230901%20and%2020230930&varString=start_day:20230901,materiel_code:00101016121,cost_id:4565,end_date:20230831 HTTP/1.1" 200 48701
120.253.135.82 - - [22/Sep/2023:10:13:29 +0800] "GET /xingrg/javascript/bigrid/fix.css HTTP/1.1" 304 -
120.253.135.82 - - [22/Sep/2023:10:13:29 +0800] "GET /xingrg/javascript/calendar/timePicker.css HTTP/1.1" 304 -
120.253.135.82 - - [22/Sep/2023:10:13:29 +0800] "GET /xingrg/dwr/interface/AjaxReportQueryService.js HTTP/1.1" 200 13203
120.253.135.82 - - [22/Sep/2023:10:13:29 +0800] "GET /xingrg/javascript/multi_select/jqueryMultiSelect.css HTTP/1.1" 304 -
120.253.135.82 - - [22/Sep/2023:10:13:29 +0800] "GET /xingrg/javascript/jqueryMultiSelect.js HTTP/1.1" 304 -
120.253.135.82 - - [22/Sep/2023:10:13:29 +0800] "GET /xingrg/dwr/engine.js HTTP/1.1" 200 43631
120.253.135.82 - - [22/Sep/2023:10:13:29 +0800] "GET /xingrg/javascript/calendar/jquery.timePicker.min.js HTTP/1.1" 304 -
120.253.135.82 - - [22/Sep/2023:10:13:29 +0800] "GET /xingrg/javascript/bigrid/fix.js HTTP/1.1" 304 -
180.152.241.196 - - [22/Sep/2023:10:13:29 +0800] "GET /xingrg/all/function/internal_message.html?_=1695348809575&CODE_STATE=getMsg HTTP/1.1" 200 27
120.253.135.82 - - [22/Sep/2023:10:13:29 +0800] "GET /xingrg/images/control/loading.gif HTTP/1.1" 304 -
120.253.135.82 - - [22/Sep/2023:10:13:29 +0800] "GET /xingrg/javascript/jquery_easy_ui/themes/icons/help.png HTTP/1.1" 304 -
120.253.135.82 - - [22/Sep/2023:10:13:29 +0800] "GET /xingrg/images/blue/button/advanceover.gif HTTP/1.1" 304 -
120.253.135.82 - - [22/Sep/2023:10:13:29 +0800] "GET /xingrg/images/blue/button/advance2over.gif HTTP/1.1" 304 -
120.253.135.82 - - [22/Sep/2023:10:13:29 +0800] "GET /xingrg/images/blue/button/backover.gif HTTP/1.1" 304 -
120.253.135.82 - - [22/Sep/2023:10:13:29 +0800] "GET /xingrg/images/blue/button/back2over.gif HTTP/1.1" 304 -
101.83.145.37 - - [22/Sep/2023:10:13:30 +0800] "GET /xingrg/all/function/internal_message.html?_=1695348597299&CODE_STATE=getMsg HTTP/1.1" 200 27
120.253.135.82 - - [22/Sep/2023:10:13:31 +0800] "POST /xingrg/all/report/load_report_page.html HTTP/1.1" 200 39806
120.253.135.82 - - [22/Sep/2023:10:13:31 +0800] "GET /xingrg/servlets/image?cache=0.8933075300123476&image=px HTTP/1.1" 200 807
114.95.241.104 - - [22/Sep/2023:10:13:34 +0800] "GET /xingrg/all/function/internal_message.html?_=1695348813029&CODE_STATE=getMsg HTTP/1.1" 200 27
114.83.216.51 - - [22/Sep/2023:10:13:40 +0800] "GET /xingrg/kc/buy/cgsh_order_operate.html?command=get_materiel&rest_code=00149&code=00101005055&supplier_code=00100083&order_time=2023-09-22 HTTP/1.1" 200 406
114.83.219.209 - - [22/Sep/2023:10:13:41 +0800] "GET /xingrg/all/function/internal_message.html?_=1695348821519&CODE_STATE=getMsg HTTP/1.1" 200 27
221.239.166.189 - - [22/Sep/2023:10:13:47 +0800] "GET /xingrg/all/function/internal_message.html?_=1695348826335&CODE_STATE=getMsg HTTP/1.1" 200 27
221.239.166.189 - - [22/Sep/2023:10:13:48 +0800] "GET /xingrg/check_reg.html?_=1695348826338 HTTP/1.1" 200 22
120.253.135.82 - - [22/Sep/2023:10:13:52 +0800] "GET /xingrg/kc/base/stock_operate.html?_=1695348635777&command=get_report_file&start_day=20190901 HTTP/1.1" 200 53
120.253.135.82 - - [22/Sep/2023:10:13:52 +0800] "GET /xingrg/all/report/report_query.html?isQuery=1&onlyBody=1&rh=2000&fileName=kc/base/kc_stock_detail_new.xml&queryString=(1=1)&queryText=&tableQueryString=init_table$sp1$$sp$crk_table$sp1$order_day%20between%2020190901%20and%2020230930&varString=start_day:20190901,materiel_code:00101016121,cost_id:2494,end_date:20181231 HTTP/1.1" 200 48701
120.253.135.82 - - [22/Sep/2023:10:13:52 +0800] "GET /xingrg/dwr/interface/AjaxReportQueryService.js HTTP/1.1" 200 13203
120.253.135.82 - - [22/Sep/2023:10:13:52 +0800] "GET /xingrg/dwr/engine.js HTTP/1.1" 200 43631
124.78.69.58 - - [22/Sep/2023:10:13:52 +0800] "GET /xingrg/all/function/internal_message.html?_=1695348260469&CODE_STATE=getMsg HTTP/1.1" 200 27
124.78.69.58 - - [22/Sep/2023:10:13:55 +0800] "GET /xingrg/kc/buy/cgsh_order_add.html HTTP/1.1" 200 72361
124.78.69.58 - - [22/Sep/2023:10:13:56 +0800] "POST /xingrg/kc/buy/cgsh_order_operate.html HTTP/1.1" 200 8245
124.78.69.58 - - [22/Sep/2023:10:13:56 +0800] "GET /xingrg/javascript/easyui/themes/default/validatebox.css HTTP/1.1" 404 1104
120.253.135.82 - - [22/Sep/2023:10:13:57 +0800] "POST /xingrg/all/report/load_report_page.html HTTP/1.1" 200 489364
120.253.135.82 - - [22/Sep/2023:10:13:57 +0800] "GET /xingrg/images/blue/button/back.gif HTTP/1.1" 200 1352
120.253.135.82 - - [22/Sep/2023:10:13:57 +0800] "GET /xingrg/images/blue/button/back2.gif HTTP/1.1" 200 1339
120.253.135.82 - - [22/Sep/2023:10:13:58 +0800] "GET /xingrg/servlets/image?cache=0.3594538608958395&image=px HTTP/1.1" 200 807
114.83.216.51 - - [22/Sep/2023:10:14:01 +0800] "POST /xingrg/kc/buy/cgsh_order_operate.html HTTP/1.1" 200 37
180.165.48.189 - - [22/Sep/2023:10:14:02 +0800] "GET /xingrg/all/function/internal_message.html?_=1695348842238&CODE_STATE=getMsg HTTP/1.1" 200 27
124.77.241.134 - - [22/Sep/2023:10:14:03 +0800] "GET /xingrg/all/function/internal_message.html?_=1695348857140&CODE_STATE=getMsg HTTP/1.1" 200 27
116.228.172.122 - - [22/Sep/2023:10:14:03 +0800] "GET /xingrg/all/function/internal_message.html?_=1695348488658&CODE_STATE=getMsg HTTP/1.1" 200 27
124.78.69.58 - - [22/Sep/2023:10:14:10 +0800] "GET /xingrg/kc/buy/cgsh_order_operate.html?command=get_materiel&rest_code=00141&code=00101011013&supplier_code=00100036&order_time=2023-09-22 HTTP/1.1" 200 413
114.83.216.51 - - [22/Sep/2023:10:14:13 +0800] "GET /xingrg/all/function/internal_message.html?_=1695348851110&CODE_STATE=getMsg HTTP/1.1" 200 27
114.95.241.104 - - [22/Sep/2023:10:14:13 +0800] "GET /xingrg/all/function/internal_message.html?_=1695348759776&CODE_STATE=getMsg HTTP/1.1" 200 27
114.83.216.51 - - [22/Sep/2023:10:14:15 +0800] "POST /xingrg/kc/buy/cgsh_order_operate.html HTTP/1.1" 200 12
114.83.216.51 - - [22/Sep/2023:10:14:19 +0800] "GET /xingrg/kc/buy/cgsh_order_info.html?code=212023092208765 HTTP/1.1" 200 67356
114.83.216.51 - - [22/Sep/2023:10:14:19 +0800] "GET /xingrg/javascript/easyui/themes/default/validatebox.css HTTP/1.1" 404 1104
114.83.216.51 - - [22/Sep/2023:10:14:21 +0800] "POST /xingrg/kc/buy/cgsh_order_operate.html HTTP/1.1" 200 2379
124.78.69.58 - - [22/Sep/2023:10:14:22 +0800] "GET /xingrg/kc/buy/cgsh_order_operate.html?command=get_materiel&rest_code=00141&code=00101016025&supplier_code=00100036&order_time=2023-09-22 HTTP/1.1" 200 408
114.83.216.51 - - [22/Sep/2023:10:14:23 +0800] "GET /xingrg/kc/print/load_data.html?order_code=212023092208765&kc_code=cgsh&condition= HTTP/1.1" 200 1393
124.78.155.92 - - [22/Sep/2023:10:14:26 +0800] "GET /xingrg/all/function/internal_message.html?_=1695348862758&CODE_STATE=getMsg HTTP/1.1" 200 27
116.230.110.33 - - [22/Sep/2023:10:14:26 +0800] "GET /xingrg/all/function/internal_message.html?_=1695348723143&CODE_STATE=getMsg HTTP/1.1" 200 27
180.169.147.146 - - [22/Sep/2023:10:14:27 +0800] "GET /xingrg/all/function/internal_message.html?_=1695348867493&CODE_STATE=getMsg HTTP/1.1" 200 27
101.228.187.155 - - [22/Sep/2023:10:14:28 +0800] "GET /xingrg/all/function/internal_message.html?_=1695348867574&CODE_STATE=getMsg HTTP/1.1" 200 27
101.83.145.37 - - [22/Sep/2023:10:14:28 +0800] "GET /xingrg/all/function/internal_message.html?_=1695348868459&CODE_STATE=getMsg HTTP/1.1" 200 27
124.79.244.212 - - [22/Sep/2023:10:14:29 +0800] "GET /xingrg/all/function/internal_message.html?_=1695349167658&CODE_STATE=getMsg HTTP/1.1" 200 27
114.83.216.51 - - [22/Sep/2023:10:14:29 +0800] "GET /xingrg/kc/buy/cgsh_order_add.html HTTP/1.1" 200 72449
180.152.241.196 - - [22/Sep/2023:10:14:29 +0800] "GET /xingrg/all/function/internal_message.html?_=1695348869562&CODE_STATE=getMsg HTTP/1.1" 200 27
114.83.216.51 - - [22/Sep/2023:10:14:30 +0800] "POST /xingrg/kc/buy/cgsh_order_operate.html HTTP/1.1" 200 8245
114.83.216.51 - - [22/Sep/2023:10:14:30 +0800] "GET /xingrg/javascript/easyui/themes/default/validatebox.css HTTP/1.1" 404 1104
101.83.145.37 - - [22/Sep/2023:10:14:30 +0800] "GET /xingrg/all/function/internal_message.html?_=1695348657299&CODE_STATE=getMsg HTTP/1.1" 200 27
114.95.241.104 - - [22/Sep/2023:10:14:34 +0800] "GET /xingrg/all/function/internal_message.html?_=1695348873030&CODE_STATE=getMsg HTTP/1.1" 200 27
114.83.219.209 - - [22/Sep/2023:10:14:41 +0800] "GET /xingrg/all/function/internal_message.html?_=1695348881513&CODE_STATE=getMsg HTTP/1.1" 200 27
114.83.219.209 - - [22/Sep/2023:10:14:41 +0800] "GET /xingrg/check_reg.html?_=1695348881517 HTTP/1.1" 200 22
221.239.166.189 - - [22/Sep/2023:10:14:47 +0800] "GET /xingrg/all/function/internal_message.html?_=1695348886338&CODE_STATE=getMsg HTTP/1.1" 200 27
124.78.69.58 - - [22/Sep/2023:10:14:49 +0800] "GET /xingrg/kc/buy/cgsh_order_operate.html?command=get_materiel&rest_code=00141&code=00101010092&supplier_code=00100036&order_time=2023-09-22 HTTP/1.1" 200 450
124.78.69.58 - - [22/Sep/2023:10:14:52 +0800] "GET /xingrg/all/function/internal_message.html?_=1695348320459&CODE_STATE=getMsg HTTP/1.1" 200 27
120.253.135.82 - - [22/Sep/2023:10:14:55 +0800] "POST /xingrg/all/report/load_report_page.html HTTP/1.1" 200 166974
120.253.135.82 - - [22/Sep/2023:10:14:55 +0800] "GET /xingrg/images/blue/button/advance.gif HTTP/1.1" 200 1354
120.253.135.82 - - [22/Sep/2023:10:14:55 +0800] "GET /xingrg/images/blue/button/advance2.gif HTTP/1.1" 200 1338
120.253.135.82 - - [22/Sep/2023:10:14:55 +0800] "GET /xingrg/servlets/image?cache=0.89843360095739&image=px HTTP/1.1" 200 807
180.157.174.225 - - [22/Sep/2023:10:14:58 +0800] "GET /xingrg/javascript/easyui/themes/default/tree.css HTTP/1.1" 404 1090
180.157.174.225 - - [22/Sep/2023:10:14:58 +0800] "POST /xingrg/all/common/load_tree.html?tree=area_rest_tree_json HTTP/1.1" 200 3499
114.83.216.51 - - [22/Sep/2023:10:15:01 +0800] "GET /xingrg/check_reg.html?_=1695348899328 HTTP/1.1" 200 22
114.83.216.51 - - [22/Sep/2023:10:15:02 +0800] "GET /xingrg/kc/buy/cgsh_order_operate.html?command=get_materiel&rest_code=00149&code=00101002027&supplier_code=00100039&order_time=2023-09-22 HTTP/1.1" 200 415
180.165.48.189 - - [22/Sep/2023:10:15:02 +0800] "GET /xingrg/all/function/internal_message.html?_=1695348902210&CODE_STATE=getMsg HTTP/1.1" 200 27
124.77.241.134 - - [22/Sep/2023:10:15:03 +0800] "GET /xingrg/all/function/internal_message.html?_=1695348917154&CODE_STATE=getMsg HTTP/1.1" 200 27
116.228.172.122 - - [22/Sep/2023:10:15:03 +0800] "GET /xingrg/all/function/internal_message.html?_=1695348548661&CODE_STATE=getMsg HTTP/1.1" 200 27
124.79.244.212 - - [22/Sep/2023:10:15:05 +0800] "GET /xingrg/check_reg.html?_=1695348904640 HTTP/1.1" 302 -
180.157.174.225 - - [22/Sep/2023:10:15:11 +0800] "POST /xingrg/supplier/cgsh_list_operate.html HTTP/1.1" 200 6348
114.83.216.51 - - [22/Sep/2023:10:15:13 +0800] "GET /xingrg/all/function/internal_message.html?_=1695348911118&CODE_STATE=getMsg HTTP/1.1" 200 27
114.95.241.104 - - [22/Sep/2023:10:15:13 +0800] "GET /xingrg/all/function/internal_message.html?_=1695348819986&CODE_STATE=getMsg HTTP/1.1" 200 27
124.78.155.92 - - [22/Sep/2023:10:15:26 +0800] "GET /xingrg/all/function/internal_message.html?_=1695348922743&CODE_STATE=getMsg HTTP/1.1" 200 27
116.230.110.33 - - [22/Sep/2023:10:15:26 +0800] "GET /xingrg/all/function/internal_message.html?_=1695348783122&CODE_STATE=getMsg HTTP/1.1" 200 27
180.169.147.146 - - [22/Sep/2023:10:15:27 +0800] "GET /xingrg/all/function/internal_message.html?_=1695348927475&CODE_STATE=getMsg HTTP/1.1" 200 27
101.228.187.155 - - [22/Sep/2023:10:15:28 +0800] "GET /xingrg/all/function/internal_message.html?_=1695348927575&CODE_STATE=getMsg HTTP/1.1" 200 27
101.83.145.37 - - [22/Sep/2023:10:15:28 +0800] "GET /xingrg/all/function/internal_message.html?_=1695348928460&CODE_STATE=getMsg HTTP/1.1" 200 27
124.79.244.212 - - [22/Sep/2023:10:15:29 +0800] "GET /xingrg/all/function/internal_message.html?_=1695349227657&CODE_STATE=getMsg HTTP/1.1" 200 27
180.152.241.196 - - [22/Sep/2023:10:15:29 +0800] "GET /xingrg/all/function/internal_message.html?_=1695348929557&CODE_STATE=getMsg HTTP/1.1" 200 27
101.83.145.37 - - [22/Sep/2023:10:15:30 +0800] "GET /xingrg/all/function/internal_message.html?_=1695348717300&CODE_STATE=getMsg HTTP/1.1" 200 27
114.83.216.51 - - [22/Sep/2023:10:15:32 +0800] "GET /xingrg/kc/buy/cgsh_order_operate.html?command=get_materiel&rest_code=00149&code=00101001191&supplier_code=00100039&order_time=2023-09-22 HTTP/1.1" 200 415
114.95.241.104 - - [22/Sep/2023:10:15:34 +0800] "GET /xingrg/all/function/internal_message.html?_=1695348933016&CODE_STATE=getMsg HTTP/1.1" 200 27
114.83.219.209 - - [22/Sep/2023:10:15:41 +0800] "GET /xingrg/all/function/internal_message.html?_=1695348941529&CODE_STATE=getMsg HTTP/1.1" 200 27
124.78.69.58 - - [22/Sep/2023:10:15:44 +0800] "GET /xingrg/kc/buy/cgsh_order_operate.html?command=get_materiel&rest_code=00141&code=00101012026&supplier_code=00100036&order_time=2023-09-22 HTTP/1.1" 200 408
120.253.135.82 - - [22/Sep/2023:10:15:46 +0800] "GET /xingrg/javascript/jquery_easy_ui/themes/default/images/tabs_active.png HTTP/1.1" 304 -
120.253.135.82 - - [22/Sep/2023:10:15:47 +0800] "GET /xingrg/javascript/jquery_easy_ui/themes/default/images/tabs_active.png HTTP/1.1" 304 -
221.239.166.189 - - [22/Sep/2023:10:15:47 +0800] "GET /xingrg/all/function/internal_message.html?_=1695348946339&CODE_STATE=getMsg HTTP/1.1" 200 27
124.78.69.58 - - [22/Sep/2023:10:15:52 +0800] "GET /xingrg/check_reg.html?_=1695348380490 HTTP/1.1" 200 22
124.78.69.58 - - [22/Sep/2023:10:15:52 +0800] "GET /xingrg/all/function/internal_message.html?_=1695348380493&CODE_STATE=getMsg HTTP/1.1" 200 27
120.253.135.82 - - [22/Sep/2023:10:15:53 +0800] "GET /xingrg/javascript/easyui/themes/sunny/images/ui-bg_gloss-wave_60_fece2f_500x100.png HTTP/1.1" 304 -
180.157.174.225 - - [22/Sep/2023:10:15:54 +0800] "POST /xingrg/supplier/cgsh_list_operate.html HTTP/1.1" 200 5693
120.253.135.82 - - [22/Sep/2023:10:15:58 +0800] "GET /xingrg/check_reg.html?_=1695348762551 HTTP/1.1" 200 22
120.253.135.82 - - [22/Sep/2023:10:16:01 +0800] "GET /xingrg/kc/pszx/mdqp_order_list.html?state=10 HTTP/1.1" 200 11124
120.253.135.82 - - [22/Sep/2023:10:16:02 +0800] "GET /xingrg/dwr/interface/AjaxReportQueryService.js HTTP/1.1" 200 13203
120.253.135.82 - - [22/Sep/2023:10:16:02 +0800] "GET /xingrg/dwr/engine.js HTTP/1.1" 200 43631
120.253.135.82 - - [22/Sep/2023:10:16:02 +0800] "GET /xingrg/dwr/interface/AjaxQqpsService.js HTTP/1.1" 200 16326
180.165.48.189 - - [22/Sep/2023:10:16:03 +0800] "GET /xingrg/all/function/internal_message.html?_=1695348962195&CODE_STATE=getMsg HTTP/1.1" 200 27
124.77.241.134 - - [22/Sep/2023:10:16:03 +0800] "GET /xingrg/all/function/internal_message.html?_=1695348977403&CODE_STATE=getMsg HTTP/1.1" 200 27
116.228.172.122 - - [22/Sep/2023:10:16:03 +0800] "GET /xingrg/all/function/internal_message.html?_=1695348608660&CODE_STATE=getMsg HTTP/1.1" 200 27
124.78.69.58 - - [22/Sep/2023:10:16:10 +0800] "POST /xingrg/kc/buy/cgsh_order_operate.html HTTP/1.1" 200 37
114.83.216.51 - - [22/Sep/2023:10:16:13 +0800] "GET /xingrg/all/function/internal_message.html?_=1695348971100&CODE_STATE=getMsg HTTP/1.1" 200 27
114.83.216.51 - - [22/Sep/2023:10:16:13 +0800] "GET /xingrg/kc/buy/cgsh_order_operate.html?command=get_materiel&rest_code=00149&code=00101005037&supplier_code=00100039&order_time=2023-09-22 HTTP/1.1" 200 409
114.95.241.104 - - [22/Sep/2023:10:16:14 +0800] "GET /xingrg/all/function/internal_message.html?_=1695348880006&CODE_STATE=getMsg HTTP/1.1" 200 27
124.78.69.58 - - [22/Sep/2023:10:16:26 +0800] "POST /xingrg/kc/buy/cgsh_order_operate.html HTTP/1.1" 200 12
124.78.155.92 - - [22/Sep/2023:10:16:26 +0800] "GET /xingrg/all/function/internal_message.html?_=1695348982713&CODE_STATE=getMsg HTTP/1.1" 200 27
116.230.110.33 - - [22/Sep/2023:10:16:26 +0800] "GET /xingrg/all/function/internal_message.html?_=1695348843109&CODE_STATE=getMsg HTTP/1.1" 200 27
180.163.29.212 - - [22/Sep/2023:10:16:27 +0800] "GET /xingrg/all/function/internal_message.html?_=1695348927475&CODE_STATE=getMsg HTTP/1.1" 302 -
180.163.29.212 - - [22/Sep/2023:10:16:27 +0800] "GET /xingrg/login.html HTTP/1.1" 200 7641
180.169.147.146 - - [22/Sep/2023:10:16:27 +0800] "GET /xingrg/all/function/internal_message.html?_=1695348987456&CODE_STATE=getMsg HTTP/1.1" 200 27
180.157.174.225 - - [22/Sep/2023:10:16:28 +0800] "POST /xingrg/supplier/cgsh_list_operate.html HTTP/1.1" 200 5769
124.78.69.58 - - [22/Sep/2023:10:16:28 +0800] "GET /xingrg/kc/buy/cgsh_order_info.html?code=212023092208766 HTTP/1.1" 200 67272
101.83.145.37 - - [22/Sep/2023:10:16:28 +0800] "GET /xingrg/all/function/internal_message.html?_=1695348988463&CODE_STATE=getMsg HTTP/1.1" 200 27
124.79.244.212 - - [22/Sep/2023:10:16:29 +0800] "GET /xingrg/all/function/internal_message.html?_=1695349287656&CODE_STATE=getMsg HTTP/1.1" 200 27
101.228.187.155 - - [22/Sep/2023:10:16:29 +0800] "GET /xingrg/all/function/internal_message.html?_=1695348987575&CODE_STATE=getMsg HTTP/1.1" 200 27
124.78.69.58 - - [22/Sep/2023:10:16:29 +0800] "GET /xingrg/javascript/easyui/themes/default/validatebox.css HTTP/1.1" 404 1104
180.152.241.196 - - [22/Sep/2023:10:16:29 +0800] "GET /xingrg/all/function/internal_message.html?_=1695348989534&CODE_STATE=getMsg HTTP/1.1" 200 27
180.152.241.196 - - [22/Sep/2023:10:16:29 +0800] "GET /xingrg/check_reg.html?_=1695348989702 HTTP/1.1" 200 22
101.83.145.37 - - [22/Sep/2023:10:16:30 +0800] "GET /xingrg/all/function/internal_message.html?_=1695348777327&CODE_STATE=getMsg HTTP/1.1" 200 27
124.78.69.58 - - [22/Sep/2023:10:16:31 +0800] "POST /xingrg/kc/buy/cgsh_order_operate.html HTTP/1.1" 200 2386
124.78.69.58 - - [22/Sep/2023:10:16:32 +0800] "GET /xingrg/kc/print/load_data.html?order_code=212023092208766&kc_code=cgsh&condition= HTTP/1.1" 200 1459
114.95.241.104 - - [22/Sep/2023:10:16:34 +0800] "GET /xingrg/all/function/internal_message.html?_=1695348993017&CODE_STATE=getMsg HTTP/1.1" 200 27
114.95.241.104 - - [22/Sep/2023:10:16:34 +0800] "GET /xingrg/check_reg.html?_=1695348993022 HTTP/1.1" 200 22
124.78.69.58 - - [22/Sep/2023:10:16:40 +0800] "GET /xingrg/kc/buy/cgsh_order_add.html HTTP/1.1" 200 72361
124.78.69.58 - - [22/Sep/2023:10:16:40 +0800] "POST /xingrg/kc/buy/cgsh_order_operate.html HTTP/1.1" 200 8245
124.78.69.58 - - [22/Sep/2023:10:16:40 +0800] "GET /xingrg/javascript/easyui/themes/default/validatebox.css HTTP/1.1" 404 1104
116.230.110.33 - - [22/Sep/2023:10:16:41 +0800] "GET /xingrg/check_reg.html?_=1695348858085 HTTP/1.1" 200 22
114.83.219.209 - - [22/Sep/2023:10:16:41 +0800] "GET /xingrg/all/function/internal_message.html?_=1695349001521&CODE_STATE=getMsg HTTP/1.1" 200 27
120.253.135.82 - - [22/Sep/2023:10:16:45 +0800] "GET /xingrg/kc/pszx/mdqp_order_list.html?state=10 HTTP/1.1" 200 11124
120.253.135.82 - - [22/Sep/2023:10:16:45 +0800] "GET /xingrg/dwr/interface/AjaxQqpsService.js HTTP/1.1" 200 16326
120.253.135.82 - - [22/Sep/2023:10:16:46 +0800] "GET /xingrg/dwr/engine.js HTTP/1.1" 200 43631
120.253.135.82 - - [22/Sep/2023:10:16:46 +0800] "GET /xingrg/dwr/interface/AjaxReportQueryService.js HTTP/1.1" 200 13203
221.239.166.189 - - [22/Sep/2023:10:16:47 +0800] "GET /xingrg/all/function/internal_message.html?_=1695349006339&CODE_STATE=getMsg HTTP/1.1" 200 27
124.78.69.58 - - [22/Sep/2023:10:16:52 +0800] "GET /xingrg/all/function/internal_message.html?_=1695348440472&CODE_STATE=getMsg HTTP/1.1" 200 27
180.157.174.225 - - [22/Sep/2023:10:16:56 +0800] "POST /xingrg/supplier/cgsh_list_operate.html HTTP/1.1" 200 5686
114.83.216.51 - - [22/Sep/2023:10:17:01 +0800] "GET /xingrg/kc/buy/cgsh_order_operate.html?command=get_materiel&rest_code=00149&code=00101001010&supplier_code=00100039&order_time=2023-09-22 HTTP/1.1" 200 410
180.165.48.189 - - [22/Sep/2023:10:17:03 +0800] "GET /xingrg/all/function/internal_message.html?_=1695349022188&CODE_STATE=getMsg HTTP/1.1" 200 27
124.77.241.134 - - [22/Sep/2023:10:17:03 +0800] "GET /xingrg/all/function/internal_message.html?_=1695349037414&CODE_STATE=getMsg HTTP/1.1" 200 27
116.228.172.122 - - [22/Sep/2023:10:17:03 +0800] "GET /xingrg/all/function/internal_message.html?_=1695348668662&CODE_STATE=getMsg HTTP/1.1" 200 27
180.157.174.225 - - [22/Sep/2023:10:17:10 +0800] "POST /xingrg/supplier/cgsh_list_operate.html HTTP/1.1" 200 6160
114.95.241.104 - - [22/Sep/2023:10:17:14 +0800] "GET /xingrg/all/function/internal_message.html?_=1695348940212&CODE_STATE=getMsg HTTP/1.1" 200 27
114.83.216.51 - - [22/Sep/2023:10:17:20 +0800] "POST /xingrg/kc/buy/cgsh_order_operate.html HTTP/1.1" 200 37
124.78.155.92 - - [22/Sep/2023:10:17:26 +0800] "GET /xingrg/all/function/internal_message.html?_=1695349042682&CODE_STATE=getMsg HTTP/1.1" 200 27
116.230.110.33 - - [22/Sep/2023:10:17:26 +0800] "GET /xingrg/all/function/internal_message.html?_=1695348903094&CODE_STATE=getMsg HTTP/1.1" 200 27
180.163.28.114 - - [22/Sep/2023:10:17:27 +0800] "GET /xingrg/all/function/internal_message.html?_=1695348987456&CODE_STATE=getMsg HTTP/1.1" 302 -
180.163.28.114 - - [22/Sep/2023:10:17:27 +0800] "GET /xingrg/login.html HTTP/1.1" 200 7641
180.169.147.146 - - [22/Sep/2023:10:17:27 +0800] "GET /xingrg/all/function/internal_message.html?_=1695349047429&CODE_STATE=getMsg HTTP/1.1" 200 27
180.169.147.146 - - [22/Sep/2023:10:17:27 +0800] "GET /xingrg/check_reg.html?_=1695349047889 HTTP/1.1" 200 22
101.228.187.155 - - [22/Sep/2023:10:17:28 +0800] "GET /xingrg/check_reg.html?_=1695349047570 HTTP/1.1" 200 22
101.228.187.155 - - [22/Sep/2023:10:17:28 +0800] "GET /xingrg/all/function/internal_message.html?_=1695349047572&CODE_STATE=getMsg HTTP/1.1" 200 27
101.83.145.37 - - [22/Sep/2023:10:17:28 +0800] "GET /xingrg/all/function/internal_message.html?_=1695349048463&CODE_STATE=getMsg HTTP/1.1" 200 27
124.79.244.212 - - [22/Sep/2023:10:17:29 +0800] "GET /xingrg/check_reg.html?_=1695349347653 HTTP/1.1" 200 22
124.79.244.212 - - [22/Sep/2023:10:17:29 +0800] "GET /xingrg/all/function/internal_message.html?_=1695349347654&CODE_STATE=getMsg HTTP/1.1" 200 27
180.152.241.196 - - [22/Sep/2023:10:17:29 +0800] "GET /xingrg/all/function/internal_message.html?_=1695349049508&CODE_STATE=getMsg HTTP/1.1" 200 27
101.83.145.37 - - [22/Sep/2023:10:17:30 +0800] "GET /xingrg/check_reg.html?_=1695348837327 HTTP/1.1" 200 22
101.83.145.37 - - [22/Sep/2023:10:17:30 +0800] "GET /xingrg/all/function/internal_message.html?_=1695348837329&CODE_STATE=getMsg HTTP/1.1" 200 27
114.83.216.51 - - [22/Sep/2023:10:17:30 +0800] "POST /xingrg/kc/buy/cgsh_order_operate.html HTTP/1.1" 200 12
120.253.135.82 - - [22/Sep/2023:10:17:31 +0800] "GET /xingrg/kc/pszx/mdqp_order_list.html?state=10 HTTP/1.1" 200 11124
120.253.135.82 - - [22/Sep/2023:10:17:31 +0800] "GET /xingrg/dwr/interface/AjaxQqpsService.js HTTP/1.1" 200 16326
120.253.135.82 - - [22/Sep/2023:10:17:31 +0800] "GET /xingrg/dwr/engine.js HTTP/1.1" 200 43631
120.253.135.82 - - [22/Sep/2023:10:17:31 +0800] "GET /xingrg/dwr/interface/AjaxReportQueryService.js HTTP/1.1" 200 13203
180.157.174.225 - - [22/Sep/2023:10:17:32 +0800] "POST /xingrg/supplier/cgsh_list_operate.html HTTP/1.1" 200 5771
