120.253.135.82 - - [22/Sep/2023:11:07:11 +0800] "POST /xingrg/kc/pszx/mdps_list_operate.html HTTP/1.1" 200 5524
114.95.241.104 - - [22/Sep/2023:11:07:13 +0800] "POST /xingrg/kc/base/wldb_order_operate.html HTTP/1.1" 200 12
222.70.107.161 - - [22/Sep/2023:11:07:13 +0800] "GET /xingrg/all/function/internal_message.html?_=1695352039662&CODE_STATE=getMsg HTTP/1.1" 200 27
101.83.145.37 - - [22/Sep/2023:11:07:13 +0800] "GET /xingrg/kc/base/wldb_order_operate.html?command=get_materiel&rest_code=00105&base_code=0010507&code=00101019391 HTTP/1.1" 200 485
114.95.241.104 - - [22/Sep/2023:11:07:14 +0800] "GET /xingrg/kc/base/wldb_order_info.html?code=422023092202149 HTTP/1.1" 200 26340
114.95.241.104 - - [22/Sep/2023:11:07:15 +0800] "GET /xingrg/javascript/easyui/themes/default/validatebox.css HTTP/1.1" 404 1104
114.95.241.104 - - [22/Sep/2023:11:07:15 +0800] "POST /xingrg/kc/base/wldb_order_operate.html HTTP/1.1" 200 485
116.230.110.33 - - [22/Sep/2023:11:07:16 +0800] "GET /xingrg/kc/buy/cgsh_order_operate.html?command=get_materiel&rest_code=00155&code=00101008301&supplier_code=00100005&order_time=2023-09-22 HTTP/1.1" 200 422
114.95.241.104 - - [22/Sep/2023:11:07:16 +0800] "GET /xingrg/kc/base/wldb_order_add.html HTTP/1.1" 200 30463
114.95.241.104 - - [22/Sep/2023:11:07:17 +0800] "POST /xingrg/kc/base/wldb_order_operate.html HTTP/1.1" 200 6806
114.95.241.104 - - [22/Sep/2023:11:07:17 +0800] "GET /xingrg/javascript/easyui/themes/default/validatebox.css HTTP/1.1" 404 1104
180.169.147.146 - - [22/Sep/2023:11:07:18 +0800] "GET /xingrg/all/function/internal_message.html?_=1695352032810&CODE_STATE=getMsg HTTP/1.1" 200 27
114.95.241.104 - - [22/Sep/2023:11:07:18 +0800] "GET /xingrg/all/function/internal_message.html?_=1695351944765&CODE_STATE=getMsg HTTP/1.1" 200 27
120.253.135.82 - - [22/Sep/2023:11:07:19 +0800] "POST /xingrg/kc/pszx/mdps_list_operate.html HTTP/1.1" 200 2802
101.83.145.37 - - [22/Sep/2023:11:07:20 +0800] "POST /xingrg/kc/base/wldb_order_operate.html HTTP/1.1" 200 37
120.253.135.82 - - [22/Sep/2023:11:07:21 +0800] "POST /xingrg/kc/pszx/mdps_list_operate.html HTTP/1.1" 200 220
101.83.145.37 - - [22/Sep/2023:11:07:21 +0800] "POST /xingrg/kc/base/wldb_order_operate.html HTTP/1.1" 200 2726
101.83.145.37 - - [22/Sep/2023:11:07:22 +0800] "GET /xingrg/kc/base/wldb_order_info.html?code=422023092202150 HTTP/1.1" 200 30470
120.253.135.82 - - [22/Sep/2023:11:07:23 +0800] "POST /xingrg/kc/pszx/mdps_list_operate.html HTTP/1.1" 200 202
101.83.145.37 - - [22/Sep/2023:11:07:23 +0800] "GET /xingrg/javascript/easyui/themes/default/validatebox.css HTTP/1.1" 404 1104
101.83.145.37 - - [22/Sep/2023:11:07:24 +0800] "POST /xingrg/kc/base/wldb_order_operate.html HTTP/1.1" 200 2726
124.78.155.92 - - [22/Sep/2023:11:07:24 +0800] "GET /xingrg/kc/buy/cgsh_order_operate.html?command=get_materiel&rest_code=00106&code=00101008439&supplier_code=00100007&order_time=2023-09-22 HTTP/1.1" 200 413
124.78.155.92 - - [22/Sep/2023:11:07:25 +0800] "GET /xingrg/all/function/internal_message.html?_=1695352041727&CODE_STATE=getMsg HTTP/1.1" 200 27
120.253.135.82 - - [22/Sep/2023:11:07:25 +0800] "POST /xingrg/kc/pszx/mdps_list_operate.html HTTP/1.1" 200 201
116.230.110.33 - - [22/Sep/2023:11:07:25 +0800] "GET /xingrg/all/function/internal_message.html?_=1695351902235&CODE_STATE=getMsg HTTP/1.1" 200 27
124.77.241.134 - - [22/Sep/2023:11:07:25 +0800] "GET /xingrg/all/function/internal_message.html?_=1695352059653&CODE_STATE=getMsg HTTP/1.1" 200 27
114.95.241.104 - - [22/Sep/2023:11:07:26 +0800] "GET /xingrg/kc/base/wldb_order_operate.html?command=get_materiel&rest_code=00150&base_code=0010445&code=00101013003 HTTP/1.1" 200 428
180.169.147.146 - - [22/Sep/2023:11:07:27 +0800] "GET /xingrg/all/function/internal_message.html?_=1695352047280&CODE_STATE=getMsg HTTP/1.1" 200 27
180.169.147.146 - - [22/Sep/2023:11:07:27 +0800] "GET /xingrg/check_reg.html?_=1695352047788 HTTP/1.1" 200 22
101.228.187.155 - - [22/Sep/2023:11:07:28 +0800] "GET /xingrg/all/function/internal_message.html?_=1695352047620&CODE_STATE=getMsg HTTP/1.1" 200 27
101.228.187.155 - - [22/Sep/2023:11:07:28 +0800] "GET /xingrg/check_reg.html?_=1695352047622 HTTP/1.1" 200 22
101.83.145.37 - - [22/Sep/2023:11:07:28 +0800] "GET /xingrg/all/function/internal_message.html?_=1695352048521&CODE_STATE=getMsg HTTP/1.1" 200 27
120.253.135.82 - - [22/Sep/2023:11:07:28 +0800] "GET /xingrg/kc/pszx/mdps_order_info.html?code=312023092200540 HTTP/1.1" 200 23978
180.152.241.196 - - [22/Sep/2023:11:07:28 +0800] "GET /xingrg/all/function/internal_message.html?_=1695352048771&CODE_STATE=getMsg HTTP/1.1" 200 27
124.79.244.212 - - [22/Sep/2023:11:07:29 +0800] "GET /xingrg/check_reg.html?_=1695352347681 HTTP/1.1" 200 22
124.79.244.212 - - [22/Sep/2023:11:07:29 +0800] "GET /xingrg/all/function/internal_message.html?_=1695352347682&CODE_STATE=getMsg HTTP/1.1" 200 27
120.253.135.82 - - [22/Sep/2023:11:07:29 +0800] "GET /xingrg/javascript/easyui/themes/default/validatebox.css HTTP/1.1" 404 1104
120.253.135.82 - - [22/Sep/2023:11:07:29 +0800] "POST /xingrg/kc/pszx/mdps_order_operate.html HTTP/1.1" 200 2302
101.83.145.37 - - [22/Sep/2023:11:07:30 +0800] "GET /xingrg/all/function/internal_message.html?_=1695351837378&CODE_STATE=getMsg HTTP/1.1" 200 27
101.83.145.37 - - [22/Sep/2023:11:07:30 +0800] "GET /xingrg/check_reg.html?_=1695351837383 HTTP/1.1" 200 22
120.253.135.82 - - [22/Sep/2023:11:07:34 +0800] "POST /xingrg/kc/pszx/mdps_order_operate.html HTTP/1.1" 200 37
114.95.241.104 - - [22/Sep/2023:11:07:34 +0800] "GET /xingrg/kc/base/wldb_order_operate.html?command=get_materiel&rest_code=00150&base_code=0010445&code=00101019401 HTTP/1.1" 200 474
120.253.135.82 - - [22/Sep/2023:11:07:36 +0800] "GET /xingrg/kc/pszx/mdps_order_info.html?code=312023092200540 HTTP/1.1" 200 23978
120.253.135.82 - - [22/Sep/2023:11:07:36 +0800] "GET /xingrg/javascript/easyui/themes/default/validatebox.css HTTP/1.1" 404 1104
120.253.135.82 - - [22/Sep/2023:11:07:36 +0800] "POST /xingrg/kc/pszx/mdps_order_operate.html HTTP/1.1" 200 2310
116.230.110.33 - - [22/Sep/2023:11:07:39 +0800] "GET /xingrg/kc/buy/cgsh_order_operate.html?command=get_materiel&rest_code=00155&code=00101008125&supplier_code=00100005&order_time=2023-09-22 HTTP/1.1" 200 433
114.95.241.104 - - [22/Sep/2023:11:07:39 +0800] "POST /xingrg/kc/base/wldb_order_operate.html HTTP/1.1" 200 37
101.83.145.37 - - [22/Sep/2023:11:07:40 +0800] "GET /xingrg/kc/base/wldb_order_add.html HTTP/1.1" 200 30457
114.83.219.209 - - [22/Sep/2023:11:07:41 +0800] "GET /xingrg/all/function/internal_message.html?_=1695352061508&CODE_STATE=getMsg HTTP/1.1" 200 27
101.83.145.37 - - [22/Sep/2023:11:07:41 +0800] "POST /xingrg/kc/base/wldb_order_operate.html HTTP/1.1" 200 6806
101.83.145.37 - - [22/Sep/2023:11:07:41 +0800] "GET /xingrg/javascript/easyui/themes/default/validatebox.css HTTP/1.1" 404 1104
114.95.241.104 - - [22/Sep/2023:11:07:41 +0800] "GET /xingrg/all/function/internal_message.html?_=1695352060452&CODE_STATE=getMsg HTTP/1.1" 200 27
114.95.241.104 - - [22/Sep/2023:11:07:46 +0800] "POST /xingrg/kc/base/wldb_order_operate.html HTTP/1.1" 200 12
114.95.241.104 - - [22/Sep/2023:11:07:46 +0800] "POST /xingrg/kc/base/wldb_order_operate.html HTTP/1.1" 200 2683
114.95.241.104 - - [22/Sep/2023:11:07:51 +0800] "GET /xingrg/kc/base/wldb_order_info.html?code=422023092202151 HTTP/1.1" 200 26338
114.95.241.104 - - [22/Sep/2023:11:07:51 +0800] "GET /xingrg/javascript/easyui/themes/default/validatebox.css HTTP/1.1" 404 1104
114.95.241.104 - - [22/Sep/2023:11:07:51 +0800] "POST /xingrg/kc/base/wldb_order_operate.html HTTP/1.1" 200 968
124.78.69.58 - - [22/Sep/2023:11:07:52 +0800] "GET /xingrg/all/function/internal_message.html?_=1695351500585&CODE_STATE=getMsg HTTP/1.1" 200 27
120.253.135.82 - - [22/Sep/2023:11:07:52 +0800] "GET /xingrg/kc/pszx/mdqp_order_list.html?state=10 HTTP/1.1" 200 10719
120.253.135.82 - - [22/Sep/2023:11:07:52 +0800] "GET /xingrg/dwr/engine.js HTTP/1.1" 200 43631
120.253.135.82 - - [22/Sep/2023:11:07:52 +0800] "GET /xingrg/dwr/interface/AjaxReportQueryService.js HTTP/1.1" 200 13203
120.253.135.82 - - [22/Sep/2023:11:07:52 +0800] "GET /xingrg/dwr/interface/AjaxQqpsService.js HTTP/1.1" 200 16326
180.152.241.196 - - [22/Sep/2023:11:07:53 +0800] "GET /xingrg/check_reg.html?_=1695352097236 HTTP/1.1" 200 22
180.152.241.196 - - [22/Sep/2023:11:07:53 +0800] "GET /xingrg/all/function/internal_message.html?_=1695352097238&CODE_STATE=getMsg HTTP/1.1" 200 27
114.95.241.104 - - [22/Sep/2023:11:07:58 +0800] "GET /xingrg/check_reg.html?_=1695351984726 HTTP/1.1" 200 22
101.83.145.37 - - [22/Sep/2023:11:08:00 +0800] "GET /xingrg/kc/base/wldb_order_operate.html?command=get_materiel&rest_code=00105&base_code=0010507&code=00101019015 HTTP/1.1" 200 451
180.165.48.189 - - [22/Sep/2023:11:08:02 +0800] "GET /xingrg/check_reg.html?_=1695352081354 HTTP/1.1" 200 22
180.165.48.189 - - [22/Sep/2023:11:08:02 +0800] "GET /xingrg/all/function/internal_message.html?_=1695352081401&CODE_STATE=getMsg HTTP/1.1" 200 27
221.239.166.189 - - [22/Sep/2023:11:08:02 +0800] "GET /xingrg/all/function/internal_message.html?_=1695352080742&CODE_STATE=getMsg HTTP/1.1" 200 27
116.228.172.122 - - [22/Sep/2023:11:08:03 +0800] "GET /xingrg/all/function/internal_message.html?_=1695351728666&CODE_STATE=getMsg HTTP/1.1" 200 27
116.228.172.122 - - [22/Sep/2023:11:08:03 +0800] "GET /xingrg/check_reg.html?_=1695351728668 HTTP/1.1" 200 22
116.230.110.33 - - [22/Sep/2023:11:08:09 +0800] "GET /xingrg/kc/buy/cgsh_order_operate.html?command=get_materiel&rest_code=00155&code=00101008361&supplier_code=00100005&order_time=2023-09-22 HTTP/1.1" 200 408
101.83.145.37 - - [22/Sep/2023:11:08:10 +0800] "GET /xingrg/kc/base/wldb_order_operate.html?command=get_materiel&rest_code=00105&base_code=0010507&code=00101019400 HTTP/1.1" 200 465
124.78.155.92 - - [22/Sep/2023:11:08:11 +0800] "GET /xingrg/kc/buy/cgsh_order_operate.html?command=get_materiel&rest_code=00106&code=00101008223&supplier_code=00100007&order_time=2023-09-22 HTTP/1.1" 200 412
222.70.107.161 - - [22/Sep/2023:11:08:13 +0800] "GET /xingrg/all/function/internal_message.html?_=1695352099667&CODE_STATE=getMsg HTTP/1.1" 200 27
120.253.135.82 - - [22/Sep/2023:11:08:14 +0800] "GET /xingrg/kc/buy/cgsh_order_list.html HTTP/1.1" 200 56579
120.253.135.82 - - [22/Sep/2023:11:08:17 +0800] "POST /xingrg/kc/buy/cgsh_list_operate.html HTTP/1.1" 200 986
180.169.147.146 - - [22/Sep/2023:11:08:18 +0800] "GET /xingrg/all/function/internal_message.html?_=1695352092812&CODE_STATE=getMsg HTTP/1.1" 200 27
114.95.241.104 - - [22/Sep/2023:11:08:18 +0800] "GET /xingrg/all/function/internal_message.html?_=1695352004768&CODE_STATE=getMsg HTTP/1.1" 200 27
120.253.135.82 - - [22/Sep/2023:11:08:20 +0800] "GET /xingrg/kc/buy/cgsh_order_add.html HTTP/1.1" 200 71425
120.253.135.82 - - [22/Sep/2023:11:08:20 +0800] "GET /xingrg/javascript/easyui/themes/icons/template_new.png HTTP/1.1" 304 -
120.253.135.82 - - [22/Sep/2023:11:08:20 +0800] "POST /xingrg/kc/buy/cgsh_order_operate.html HTTP/1.1" 200 8245
120.253.135.82 - - [22/Sep/2023:11:08:20 +0800] "GET /xingrg/all/common/auto_word.html?type=employee&rest_code=00101 HTTP/1.1" 200 973
120.253.135.82 - - [22/Sep/2023:11:08:20 +0800] "GET /xingrg/all/common/auto_word.html?type=employee&rest_code=00101 HTTP/1.1" 200 973
120.253.135.82 - - [22/Sep/2023:11:08:20 +0800] "GET /xingrg/javascript/easyui/themes/default/validatebox.css HTTP/1.1" 404 1104
124.78.155.92 - - [22/Sep/2023:11:08:20 +0800] "GET /xingrg/kc/buy/cgsh_order_operate.html?command=get_materiel&rest_code=00106&code=00101008005&supplier_code=00100007&order_time=2023-09-22 HTTP/1.1" 200 433
101.83.145.37 - - [22/Sep/2023:11:08:23 +0800] "GET /xingrg/kc/base/wldb_order_operate.html?command=get_materiel&rest_code=00105&base_code=0010507&code=00101019222 HTTP/1.1" 200 454
124.78.155.92 - - [22/Sep/2023:11:08:25 +0800] "GET /xingrg/all/function/internal_message.html?_=1695352101710&CODE_STATE=getMsg HTTP/1.1" 200 27
124.77.241.134 - - [22/Sep/2023:11:08:25 +0800] "GET /xingrg/check_reg.html?_=1695352119491 HTTP/1.1" 200 22
116.230.110.33 - - [22/Sep/2023:11:08:25 +0800] "GET /xingrg/all/function/internal_message.html?_=1695351962223&CODE_STATE=getMsg HTTP/1.1" 200 27
124.77.241.134 - - [22/Sep/2023:11:08:25 +0800] "GET /xingrg/all/function/internal_message.html?_=1695352119667&CODE_STATE=getMsg HTTP/1.1" 200 27
124.78.155.92 - - [22/Sep/2023:11:08:26 +0800] "GET /xingrg/check_reg.html?_=1695352103091 HTTP/1.1" 200 22
124.78.155.92 - - [22/Sep/2023:11:08:27 +0800] "POST /xingrg/kc/buy/cgsh_order_operate.html HTTP/1.1" 200 2065
180.169.147.146 - - [22/Sep/2023:11:08:27 +0800] "GET /xingrg/all/function/internal_message.html?_=1695352107287&CODE_STATE=getMsg HTTP/1.1" 200 27
101.228.187.155 - - [22/Sep/2023:11:08:28 +0800] "GET /xingrg/all/function/internal_message.html?_=1695352107620&CODE_STATE=getMsg HTTP/1.1" 200 27
101.83.145.37 - - [22/Sep/2023:11:08:28 +0800] "GET /xingrg/all/function/internal_message.html?_=1695352108522&CODE_STATE=getMsg HTTP/1.1" 200 27
180.152.241.196 - - [22/Sep/2023:11:08:28 +0800] "GET /xingrg/all/function/internal_message.html?_=1695352108757&CODE_STATE=getMsg HTTP/1.1" 200 27
101.83.145.37 - - [22/Sep/2023:11:08:28 +0800] "GET /xingrg/check_reg.html?_=1695352108526 HTTP/1.1" 200 22
124.79.244.212 - - [22/Sep/2023:11:08:29 +0800] "GET /xingrg/all/function/internal_message.html?_=1695352407680&CODE_STATE=getMsg HTTP/1.1" 200 27
101.83.145.37 - - [22/Sep/2023:11:08:30 +0800] "GET /xingrg/all/function/internal_message.html?_=1695351897384&CODE_STATE=getMsg HTTP/1.1" 200 27
101.83.145.37 - - [22/Sep/2023:11:08:31 +0800] "GET /xingrg/kc/base/wldb_order_operate.html?command=get_materiel&rest_code=00105&base_code=0010507&code=00101019438 HTTP/1.1" 200 462
116.230.110.33 - - [22/Sep/2023:11:08:34 +0800] "GET /xingrg/kc/buy/cgsh_order_operate.html?command=get_materiel&rest_code=00155&code=00101008355&supplier_code=00100005&order_time=2023-09-22 HTTP/1.1" 200 429
124.78.155.92 - - [22/Sep/2023:11:08:35 +0800] "GET /xingrg/kc/buy/cgsh_order_operate.html?command=get_materiel&rest_code=00106&code=00101008095&supplier_code=00100007&order_time=2023-09-22 HTTP/1.1" 200 412
101.83.145.37 - - [22/Sep/2023:11:08:39 +0800] "GET /xingrg/kc/buy/cgsh_order_list.html HTTP/1.1" 200 56579
114.83.219.209 - - [22/Sep/2023:11:08:41 +0800] "GET /xingrg/all/function/internal_message.html?_=1695352121513&CODE_STATE=getMsg HTTP/1.1" 200 27
114.95.241.104 - - [22/Sep/2023:11:08:41 +0800] "GET /xingrg/all/function/internal_message.html?_=1695352120440&CODE_STATE=getMsg HTTP/1.1" 200 27
120.253.135.82 - - [22/Sep/2023:11:08:44 +0800] "POST /xingrg/all/common/load_combo.html?type=employee HTTP/1.1" 200 1749
124.78.155.92 - - [22/Sep/2023:11:08:45 +0800] "GET /xingrg/kc/buy/cgsh_order_operate.html?command=get_materiel&rest_code=00106&code=00101008110&supplier_code=00100007&order_time=2023-09-22 HTTP/1.1" 200 408
101.83.145.37 - - [22/Sep/2023:11:08:46 +0800] "GET /xingrg/kc/base/wldb_order_operate.html?command=get_materiel&rest_code=00105&base_code=0010507&code=00101019133 HTTP/1.1" 200 480
221.239.166.189 - - [22/Sep/2023:11:08:47 +0800] "GET /xingrg/check_reg.html?_=1695352126375 HTTP/1.1" 200 22
124.78.69.58 - - [22/Sep/2023:11:08:52 +0800] "GET /xingrg/all/function/internal_message.html?_=1695351560584&CODE_STATE=getMsg HTTP/1.1" 200 27
101.83.145.37 - - [22/Sep/2023:11:08:52 +0800] "POST /xingrg/kc/buy/cgsh_list_operate.html HTTP/1.1" 200 3952
180.152.241.196 - - [22/Sep/2023:11:08:53 +0800] "GET /xingrg/all/function/internal_message.html?_=1695352157223&CODE_STATE=getMsg HTTP/1.1" 200 27
120.253.135.82 - - [22/Sep/2023:11:08:58 +0800] "GET /xingrg/kc/buy/cgsh_order_operate.html?command=get_materiel&rest_code=00101&code=00101036002&supplier_code=00100373&order_time=2023-09-22 HTTP/1.1" 200 438
124.78.155.92 - - [22/Sep/2023:11:08:58 +0800] "GET /xingrg/kc/buy/cgsh_order_operate.html?command=get_materiel&rest_code=00106&code=00101008168&supplier_code=00100007&order_time=2023-09-22 HTTP/1.1" 200 412
180.165.48.189 - - [22/Sep/2023:11:09:02 +0800] "GET /xingrg/all/function/internal_message.html?_=1695352141378&CODE_STATE=getMsg HTTP/1.1" 200 27
221.239.166.189 - - [22/Sep/2023:11:09:02 +0800] "GET /xingrg/all/function/internal_message.html?_=1695352140717&CODE_STATE=getMsg HTTP/1.1" 200 27
101.83.145.37 - - [22/Sep/2023:11:09:02 +0800] "GET /xingrg/kc/base/wldb_order_operate.html?command=get_materiel&rest_code=00105&base_code=0010507&code=00101019127 HTTP/1.1" 200 479
101.83.145.37 - - [22/Sep/2023:11:09:03 +0800] "GET /xingrg/kc/buy/cgsh_order_add.html HTTP/1.1" 200 72443
116.228.172.122 - - [22/Sep/2023:11:09:03 +0800] "GET /xingrg/all/function/internal_message.html?_=1695351788659&CODE_STATE=getMsg HTTP/1.1" 200 27
101.83.145.37 - - [22/Sep/2023:11:09:03 +0800] "POST /xingrg/kc/buy/cgsh_order_operate.html HTTP/1.1" 200 8245
101.83.145.37 - - [22/Sep/2023:11:09:03 +0800] "GET /xingrg/javascript/easyui/themes/default/validatebox.css HTTP/1.1" 404 1104
116.230.110.33 - - [22/Sep/2023:11:09:04 +0800] "GET /xingrg/kc/buy/cgsh_order_operate.html?command=get_materiel&rest_code=00155&code=00101014137&supplier_code=00100005&order_time=2023-09-22 HTTP/1.1" 200 406
101.83.145.37 - - [22/Sep/2023:11:09:05 +0800] "GET /xingrg/javascript/auto/indicator.gif HTTP/1.1" 404 1066
124.78.155.92 - - [22/Sep/2023:11:09:08 +0800] "GET /xingrg/kc/buy/cgsh_order_operate.html?command=get_materiel&rest_code=00106&code=00101008150&supplier_code=00100007&order_time=2023-09-22 HTTP/1.1" 200 409
222.70.107.161 - - [22/Sep/2023:11:09:13 +0800] "GET /xingrg/check_reg.html?_=1695352159658 HTTP/1.1" 200 22
222.70.107.161 - - [22/Sep/2023:11:09:13 +0800] "GET /xingrg/all/function/internal_message.html?_=1695352159661&CODE_STATE=getMsg HTTP/1.1" 200 27
180.169.147.146 - - [22/Sep/2023:11:09:18 +0800] "GET /xingrg/check_reg.html?_=1695352152812 HTTP/1.1" 200 22
180.169.147.146 - - [22/Sep/2023:11:09:18 +0800] "GET /xingrg/all/function/internal_message.html?_=1695352152815&CODE_STATE=getMsg HTTP/1.1" 200 27
114.95.241.104 - - [22/Sep/2023:11:09:18 +0800] "GET /xingrg/all/function/internal_message.html?_=1695352064781&CODE_STATE=getMsg HTTP/1.1" 200 27
124.78.155.92 - - [22/Sep/2023:11:09:20 +0800] "GET /xingrg/kc/buy/cgsh_order_operate.html?command=get_materiel&rest_code=00106&code=00101008061&supplier_code=00100007&order_time=2023-09-22 HTTP/1.1" 200 422
114.83.219.209 - - [22/Sep/2023:11:09:20 +0800] "GET /xingrg/login.html HTTP/1.1" 200 7641
114.83.219.209 - - [22/Sep/2023:11:09:20 +0800] "GET /favicon.ico HTTP/1.1" 404 -
124.78.155.92 - - [22/Sep/2023:11:09:22 +0800] "POST /xingrg/kc/buy/cgsh_order_operate.html HTTP/1.1" 200 2065
101.83.145.37 - - [22/Sep/2023:11:09:23 +0800] "GET /xingrg/kc/buy/cgsh_order_operate.html?command=get_materiel&rest_code=00105&code=00101004063&supplier_code=00100094&order_time=2023-09-22 HTTP/1.1" 200 418
114.83.219.209 - - [22/Sep/2023:11:09:24 +0800] "POST /xingrg/login.do HTTP/1.1" 302 -
114.83.219.209 - - [22/Sep/2023:11:09:25 +0800] "GET /xingrg/index.html?sysBaseUrl=http%3A%2F%2F180.169.147.146%3A18081%2Fxingrg%2F&costTime=942×tamp=1695352164868 HTTP/1.1" 200 17179
124.78.155.92 - - [22/Sep/2023:11:09:25 +0800] "GET /xingrg/all/function/internal_message.html?_=1695352161683&CODE_STATE=getMsg HTTP/1.1" 200 27
114.83.219.209 - - [22/Sep/2023:11:09:25 +0800] "GET /favicon.ico HTTP/1.1" 404 -
114.83.219.209 - - [22/Sep/2023:11:09:25 +0800] "POST /xingrg/all/common/load_tree.html?tree=area_rest_tree_json&manage=1 HTTP/1.1" 200 351
114.83.219.209 - - [22/Sep/2023:11:09:25 +0800] "GET /xingrg/all/function/internal_message.html?_=1695352165553&CODE_STATE=count HTTP/1.1" 200 11
114.83.219.209 - - [22/Sep/2023:11:09:25 +0800] "GET /xingrg/check_reg.html?_=1695352165553 HTTP/1.1" 200 22
114.83.219.209 - - [22/Sep/2023:11:09:25 +0800] "POST /xingrg/load_menu.html HTTP/1.1" 200 5138
116.230.110.33 - - [22/Sep/2023:11:09:25 +0800] "GET /xingrg/all/function/internal_message.html?_=1695352022194&CODE_STATE=getMsg HTTP/1.1" 200 27
124.77.241.134 - - [22/Sep/2023:11:09:25 +0800] "GET /xingrg/all/function/internal_message.html?_=1695352179681&CODE_STATE=getMsg HTTP/1.1" 200 27
180.169.147.146 - - [22/Sep/2023:11:09:27 +0800] "GET /xingrg/all/function/internal_message.html?_=1695352167287&CODE_STATE=getMsg HTTP/1.1" 200 27
101.228.187.155 - - [22/Sep/2023:11:09:28 +0800] "GET /xingrg/all/function/internal_message.html?_=1695352167634&CODE_STATE=getMsg HTTP/1.1" 200 27
101.83.145.37 - - [22/Sep/2023:11:09:28 +0800] "GET /xingrg/all/function/internal_message.html?_=1695352168542&CODE_STATE=getMsg HTTP/1.1" 200 27
180.152.241.196 - - [22/Sep/2023:11:09:28 +0800] "GET /xingrg/all/function/internal_message.html?_=1695352168745&CODE_STATE=getMsg HTTP/1.1" 200 27
124.79.244.212 - - [22/Sep/2023:11:09:29 +0800] "GET /xingrg/all/function/internal_message.html?_=1695352467679&CODE_STATE=getMsg HTTP/1.1" 200 27
101.83.145.37 - - [22/Sep/2023:11:09:30 +0800] "GET /xingrg/all/function/internal_message.html?_=1695351957381&CODE_STATE=getMsg HTTP/1.1" 200 27
114.83.219.209 - - [22/Sep/2023:11:09:31 +0800] "GET /xingrg/kc/base/wldb_order_list.html HTTP/1.1" 200 19180
101.83.145.37 - - [22/Sep/2023:11:09:32 +0800] "POST /xingrg/kc/base/wldb_order_operate.html HTTP/1.1" 200 37
114.83.219.209 - - [22/Sep/2023:11:09:32 +0800] "POST /xingrg/kc/base/wldb_list_operate.html HTTP/1.1" 200 928
101.83.145.37 - - [22/Sep/2023:11:09:33 +0800] "POST /xingrg/kc/base/wldb_order_operate.html HTTP/1.1" 200 4696
101.83.145.37 - - [22/Sep/2023:11:09:33 +0800] "GET /xingrg/kc/base/wldb_order_info.html?code=422023092202152 HTTP/1.1" 200 30472
114.83.219.209 - - [22/Sep/2023:11:09:33 +0800] "GET /xingrg/kc/base/wldb_order_add.html HTTP/1.1" 200 30463
114.83.219.209 - - [22/Sep/2023:11:09:34 +0800] "POST /xingrg/kc/base/wldb_order_operate.html HTTP/1.1" 200 6806
114.83.219.209 - - [22/Sep/2023:11:09:34 +0800] "GET /xingrg/javascript/easyui/themes/default/validatebox.css HTTP/1.1" 404 1104
101.83.145.37 - - [22/Sep/2023:11:09:34 +0800] "GET /xingrg/javascript/easyui/themes/default/validatebox.css HTTP/1.1" 404 1104
120.253.135.82 - - [22/Sep/2023:11:09:34 +0800] "GET /xingrg/kc/buy/cgsh_order_operate.html?command=get_materiel&rest_code=00101&code=00101036003&supplier_code=00100373&order_time=2023-09-22 HTTP/1.1" 200 439
114.83.219.209 - - [22/Sep/2023:11:09:34 +0800] "GET /xingrg/all/common/auto_word.html?type=base&rest_code=00154 HTTP/1.1" 200 831
114.83.219.209 - - [22/Sep/2023:11:09:34 +0800] "GET /xingrg/all/common/auto_word.html?type=base&rest_code=00154 HTTP/1.1" 200 831
101.83.145.37 - - [22/Sep/2023:11:09:34 +0800] "POST /xingrg/kc/base/wldb_order_operate.html HTTP/1.1" 200 4696
114.83.219.209 - - [22/Sep/2023:11:09:35 +0800] "POST /xingrg/all/common/load_combo.html?type=base HTTP/1.1" 200 1491
101.83.145.37 - - [22/Sep/2023:11:09:38 +0800] "POST /xingrg/kc/buy/cgsh_order_operate.html HTTP/1.1" 200 37
124.78.155.92 - - [22/Sep/2023:11:09:39 +0800] "GET /xingrg/kc/buy/cgsh_order_operate.html?command=get_materiel&rest_code=00106&code=00101015014&supplier_code=00100007&order_time=2023-09-22 HTTP/1.1" 200 412
114.83.219.209 - - [22/Sep/2023:11:09:40 +0800] "GET /xingrg/javascript/auto/indicator.gif HTTP/1.1" 404 1066
101.83.145.37 - - [22/Sep/2023:11:09:40 +0800] "POST /xingrg/kc/buy/cgsh_order_operate.html HTTP/1.1" 200 2666
114.95.241.104 - - [22/Sep/2023:11:09:41 +0800] "GET /xingrg/all/function/internal_message.html?_=1695352180398&CODE_STATE=getMsg HTTP/1.1" 200 27
114.83.219.209 - - [22/Sep/2023:11:09:41 +0800] "GET /xingrg/kc/base/wldb_order_operate.html?command=get_materiel&rest_code=00154&base_code=0010728&code=00101008264 HTTP/1.1" 200 433
114.95.241.104 - - [22/Sep/2023:11:09:41 +0800] "GET /xingrg/check_reg.html?_=1695352180699 HTTP/1.1" 200 22
101.83.145.37 - - [22/Sep/2023:11:09:42 +0800] "GET /xingrg/kc/print/load_data.html?order_code=212023092208792&kc_code=cgsh&condition= HTTP/1.1" 200 752
101.83.145.37 - - [22/Sep/2023:11:09:47 +0800] "GET /xingrg/kc/buy/cgsh_order_add.html HTTP/1.1" 200 72443
101.83.145.37 - - [22/Sep/2023:11:09:48 +0800] "POST /xingrg/kc/buy/cgsh_order_operate.html HTTP/1.1" 200 8245
101.83.145.37 - - [22/Sep/2023:11:09:48 +0800] "GET /xingrg/javascript/easyui/themes/default/validatebox.css HTTP/1.1" 404 1104
124.78.69.58 - - [22/Sep/2023:11:09:52 +0800] "GET /xingrg/all/function/internal_message.html?_=1695351620585&CODE_STATE=getMsg HTTP/1.1" 200 27
124.78.155.92 - - [22/Sep/2023:11:09:52 +0800] "POST /xingrg/kc/buy/cgsh_order_operate.html HTTP/1.1" 200 37
180.152.241.196 - - [22/Sep/2023:11:09:53 +0800] "GET /xingrg/all/function/internal_message.html?_=1695352217221&CODE_STATE=getMsg HTTP/1.1" 200 27
101.83.145.37 - - [22/Sep/2023:11:09:56 +0800] "GET /xingrg/kc/base/wldb_order_add.html HTTP/1.1" 200 30457
101.83.145.37 - - [22/Sep/2023:11:09:56 +0800] "POST /xingrg/kc/base/wldb_order_operate.html HTTP/1.1" 200 6806
101.83.145.37 - - [22/Sep/2023:11:09:56 +0800] "GET /xingrg/javascript/easyui/themes/default/validatebox.css HTTP/1.1" 404 1104
180.165.48.189 - - [22/Sep/2023:11:10:02 +0800] "GET /xingrg/all/function/internal_message.html?_=1695352201352&CODE_STATE=getMsg HTTP/1.1" 200 27
221.239.166.189 - - [22/Sep/2023:11:10:02 +0800] "GET /xingrg/all/function/internal_message.html?_=1695352200702&CODE_STATE=getMsg HTTP/1.1" 200 27
116.228.172.122 - - [22/Sep/2023:11:10:03 +0800] "GET /xingrg/all/function/internal_message.html?_=1695351848660&CODE_STATE=getMsg HTTP/1.1" 200 27
180.163.29.206 - - [22/Sep/2023:11:10:05 +0800] "GET /xingrg/kc/buy/cgsh_order_operate.html?command=get_materiel&rest_code=00106&code=00101008150&supplier_code=00100007&order_time=2023-09-22 HTTP/1.1" 302 -
180.163.29.206 - - [22/Sep/2023:11:10:05 +0800] "GET /xingrg/login.html HTTP/1.1" 200 7641
124.79.244.212 - - [22/Sep/2023:11:10:05 +0800] "GET /xingrg/check_reg.html?_=1695352204479 HTTP/1.1" 302 -
120.253.135.82 - - [22/Sep/2023:11:10:07 +0800] "POST /xingrg/kc/buy/cgsh_order_operate.html HTTP/1.1" 200 37
124.78.155.92 - - [22/Sep/2023:11:10:07 +0800] "POST /xingrg/kc/buy/cgsh_order_operate.html HTTP/1.1" 200 71284
114.83.219.209 - - [22/Sep/2023:11:10:10 +0800] "GET /xingrg/kc/report/report_main.html HTTP/1.1" 200 7340
114.83.219.209 - - [22/Sep/2023:11:10:10 +0800] "GET /xingrg/css/blue.css HTTP/1.1" 200 15949
114.83.219.209 - - [22/Sep/2023:11:10:10 +0800] "GET /xingrg/javascript/jquery_ui/themes/humanity/humanity.css HTTP/1.1" 200 27801
114.83.219.209 - - [22/Sep/2023:11:10:10 +0800] "GET /xingrg/javascript/myfunction.js HTTP/1.1" 200 24559
114.83.219.209 - - [22/Sep/2023:11:10:10 +0800] "GET /xingrg/javascript/jquery_easy_ui/themes/icons/back_new.png HTTP/1.1" 200 3414
101.83.145.37 - - [22/Sep/2023:11:10:10 +0800] "GET /xingrg/kc/buy/cgsh_order_operate.html?command=get_materiel&rest_code=00105&code=00101003037&supplier_code=00100088&order_time=2023-09-22 HTTP/1.1" 200 23
120.253.135.82 - - [22/Sep/2023:11:10:11 +0800] "POST /xingrg/kc/buy/cgsh_order_operate.html HTTP/1.1" 200 3258
116.230.110.33 - - [22/Sep/2023:11:10:13 +0800] "POST /xingrg/kc/buy/cgsh_order_operate.html HTTP/1.1" 200 88
222.70.107.161 - - [22/Sep/2023:11:10:13 +0800] "GET /xingrg/all/function/internal_message.html?_=1695352219660&CODE_STATE=getMsg HTTP/1.1" 200 27
120.253.135.82 - - [22/Sep/2023:11:10:14 +0800] "GET /xingrg/kc/print/load_config.html?kc_code=cgsh HTTP/1.1" 200 1927
120.253.135.82 - - [22/Sep/2023:11:10:14 +0800] "GET /xingrg/kc/print/load_data.html?order_code=212023092208793&kc_code=cgsh&condition= HTTP/1.1" 200 930
114.83.219.209 - - [22/Sep/2023:11:10:17 +0800] "GET /xingrg/kc/base/kc_stocks.html HTTP/1.1" 200 16512
114.83.219.209 - - [22/Sep/2023:11:10:17 +0800] "GET /xingrg/javascript/easyui/themes/sunny/easyui.css HTTP/1.1" 200 34304
114.83.219.209 - - [22/Sep/2023:11:10:17 +0800] "GET /xingrg/javascript/easyui/themes/icons/filter_new.png HTTP/1.1" 200 795
114.83.219.209 - - [22/Sep/2023:11:10:17 +0800] "GET /xingrg/javascript/easyui/themes/icons/refresh_new.png HTTP/1.1" 200 685
114.83.219.209 - - [22/Sep/2023:11:10:17 +0800] "GET /xingrg/javascript/easyui/themes/icons/print_new.png HTTP/1.1" 200 3580
114.83.219.209 - - [22/Sep/2023:11:10:17 +0800] "GET /xingrg/javascript/easyui/plugins/jquery.draggable.js HTTP/1.1" 200 6121
114.83.219.209 - - [22/Sep/2023:11:10:18 +0800] "GET /xingrg/javascript/easyui/plugins/jquery.droppable.js HTTP/1.1" 200 1167
114.83.219.209 - - [22/Sep/2023:11:10:18 +0800] "GET /xingrg/javascript/easyui/themes/default/tree.css HTTP/1.1" 404 1090
114.83.219.209 - - [22/Sep/2023:11:10:18 +0800] "GET /xingrg/javascript/easyui/plugins/jquery.tree.js HTTP/1.1" 200 20874
114.83.219.209 - - [22/Sep/2023:11:10:18 +0800] "POST /xingrg/all/common/load_tree.html?tree=materiel_sort_tree_json HTTP/1.1" 200 9500
180.169.147.146 - - [22/Sep/2023:11:10:18 +0800] "GET /xingrg/all/function/internal_message.html?_=1695352212815&CODE_STATE=getMsg HTTP/1.1" 200 27
114.83.219.209 - - [22/Sep/2023:11:10:18 +0800] "GET /xingrg/javascript/easyui/themes/sunny/images/tree_file.gif HTTP/1.1" 200 118
114.83.219.209 - - [22/Sep/2023:11:10:18 +0800] "GET /xingrg/javascript/easyui/themes/sunny/images/tree_folder_open.gif HTTP/1.1" 200 956
114.83.219.209 - - [22/Sep/2023:11:10:18 +0800] "GET /xingrg/javascript/easyui/themes/sunny/images/tree_folder.gif HTTP/1.1" 200 952
114.83.219.209 - - [22/Sep/2023:11:10:18 +0800] "GET /xingrg/javascript/easyui/themes/sunny/images/tree_arrows.gif HTTP/1.1" 200 617
114.95.241.104 - - [22/Sep/2023:11:10:19 +0800] "GET /xingrg/all/function/internal_message.html?_=1695352124985&CODE_STATE=getMsg HTTP/1.1" 200 27
101.83.145.37 - - [22/Sep/2023:11:10:21 +0800] "POST /xingrg/services/DataTransmitService HTTP/1.1" 200 524
101.83.145.37 - - [22/Sep/2023:11:10:21 +0800] "POST /xingrg/services/DataTransmitService HTTP/1.1" 200 501
124.78.155.92 - - [22/Sep/2023:11:10:25 +0800] "GET /xingrg/all/function/internal_message.html?_=1695352221659&CODE_STATE=getMsg HTTP/1.1" 200 27
180.163.30.27 - - [22/Sep/2023:11:10:25 +0800] "GET /xingrg/all/function/internal_message.html?_=1695352161683&CODE_STATE=getMsg HTTP/1.1" 302 -
114.83.219.209 - - [22/Sep/2023:11:10:25 +0800] "GET /xingrg/all/function/internal_message.html?_=1695352225558&CODE_STATE=getMsg HTTP/1.1" 200 27
180.163.30.27 - - [22/Sep/2023:11:10:25 +0800] "GET /xingrg/login.html HTTP/1.1" 200 7641
116.230.110.33 - - [22/Sep/2023:11:10:25 +0800] "GET /xingrg/all/function/internal_message.html?_=1695352082184&CODE_STATE=getMsg HTTP/1.1" 200 27
114.83.219.209 - - [22/Sep/2023:11:10:25 +0800] "POST /xingrg/kc/base/stock_operate.html HTTP/1.1" 200 2378
124.77.241.134 - - [22/Sep/2023:11:10:25 +0800] "GET /xingrg/all/function/internal_message.html?_=1695352239694&CODE_STATE=getMsg HTTP/1.1" 200 27
114.83.219.209 - - [22/Sep/2023:11:10:25 +0800] "GET /xingrg/javascript/jquery_tools/fix_table.js HTTP/1.1" 200 6528
180.169.147.146 - - [22/Sep/2023:11:10:27 +0800] "GET /xingrg/all/function/internal_message.html?_=1695352227293&CODE_STATE=getMsg HTTP/1.1" 200 27
116.230.110.33 - - [22/Sep/2023:11:10:27 +0800] "GET /xingrg/kc/buy/cgsh_order_operate.html?command=get_materiel&rest_code=00155&code=00101008024&supplier_code=00100005&order_time=2023-09-22 HTTP/1.1" 200 408
101.228.187.155 - - [22/Sep/2023:11:10:28 +0800] "GET /xingrg/all/function/internal_message.html?_=1695352227619&CODE_STATE=getMsg HTTP/1.1" 200 27
101.83.145.37 - - [22/Sep/2023:11:10:28 +0800] "GET /xingrg/all/function/internal_message.html?_=1695352228543&CODE_STATE=getMsg HTTP/1.1" 200 27
180.152.241.196 - - [22/Sep/2023:11:10:28 +0800] "GET /xingrg/all/function/internal_message.html?_=1695352228720&CODE_STATE=getMsg HTTP/1.1" 200 27
124.79.244.212 - - [22/Sep/2023:11:10:29 +0800] "GET /xingrg/all/function/internal_message.html?_=1695352527677&CODE_STATE=getMsg HTTP/1.1" 200 27
101.83.145.37 - - [22/Sep/2023:11:10:30 +0800] "GET /xingrg/all/function/internal_message.html?_=1695352017389&CODE_STATE=getMsg HTTP/1.1" 200 27
114.83.219.209 - - [22/Sep/2023:11:10:32 +0800] "GET /xingrg/kc/base/stock_detail.html?m=00101008264 HTTP/1.1" 200 6531
114.83.219.209 - - [22/Sep/2023:11:10:33 +0800] "GET /xingrg/javascript/jquery_easy_ui/themes/icons/search.png HTTP/1.1" 200 813
114.83.219.209 - - [22/Sep/2023:11:10:33 +0800] "GET /xingrg/javascript/jquery_easy_ui/themes/default/images/button_a_bg.gif HTTP/1.1" 200 1194
114.83.219.209 - - [22/Sep/2023:11:10:33 +0800] "GET /xingrg/javascript/jquery_easy_ui/themes/default/images/button_span_bg.gif HTTP/1.1" 200 2061
114.83.219.209 - - [22/Sep/2023:11:10:33 +0800] "GET /xingrg/javascript/jquery_easy_ui/themes/default/images/menu_downarrow.png HTTP/1.1" 200 173
114.83.219.209 - - [22/Sep/2023:11:10:33 +0800] "GET /xingrg/javascript/jquery_easy_ui/themes/default/images/calendar_nextyear.gif HTTP/1.1" 200 75
114.83.219.209 - - [22/Sep/2023:11:10:33 +0800] "GET /xingrg/javascript/jquery_easy_ui/themes/icons/print.png HTTP/1.1" 200 1057
114.83.219.209 - - [22/Sep/2023:11:10:33 +0800] "GET /xingrg/javascript/jquery_easy_ui/themes/default/images/calendar_prevmonth.gif HTTP/1.1" 200 66
114.83.219.209 - - [22/Sep/2023:11:10:33 +0800] "GET /xingrg/javascript/jquery_easy_ui/themes/default/images/menu.gif HTTP/1.1" 200 834
114.83.219.209 - - [22/Sep/2023:11:10:33 +0800] "GET /xingrg/javascript/jquery_easy_ui/themes/default/images/calendar_nextmonth.gif HTTP/1.1" 200 64
114.83.219.209 - - [22/Sep/2023:11:10:33 +0800] "GET /xingrg/javascript/jquery_easy_ui/themes/default/images/calendar_prevyear.gif HTTP/1.1" 200 76
101.83.145.37 - - [22/Sep/2023:11:10:33 +0800] "GET /xingrg/kc/base/wldb_order_operate.html?command=get_materiel&rest_code=00105&base_code=0010507&code=00101019430 HTTP/1.1" 200 477
116.230.110.33 - - [22/Sep/2023:11:10:35 +0800] "POST /xingrg/kc/buy/cgsh_order_operate.html HTTP/1.1" 200 2065
114.83.219.209 - - [22/Sep/2023:11:10:36 +0800] "GET /xingrg/kc/base/stock_operate.html?_=1695352236912&command=get_report_file&start_day=20230901 HTTP/1.1" 200 53
114.83.219.209 - - [22/Sep/2023:11:10:36 +0800] "GET /xingrg/all/report/report_query.html?isQuery=1&onlyBody=1&rh=2000&fileName=kc/base/kc_stock_detail_new.xml&queryString=(1=1)&queryText=&tableQueryString=init_table$sp1$$sp$crk_table$sp1$order_day%20between%2020230901%20and%2020230930&varString=start_day:20230901,materiel_code:00101008264,cost_id:4560,end_date:20230831 HTTP/1.1" 200 48701
114.83.219.209 - - [22/Sep/2023:11:10:36 +0800] "GET /xingrg/javascript/multi_select/jqueryMultiSelect.css HTTP/1.1" 200 951
114.83.219.209 - - [22/Sep/2023:11:10:36 +0800] "GET /xingrg/javascript/calendar/timePicker.css HTTP/1.1" 200 523
114.83.219.209 - - [22/Sep/2023:11:10:36 +0800] "GET /xingrg/javascript/bigrid/fix.css HTTP/1.1" 200 1702
114.83.219.209 - - [22/Sep/2023:11:10:36 +0800] "GET /xingrg/dwr/interface/AjaxReportQueryService.js HTTP/1.1" 200 13203
114.83.219.209 - - [22/Sep/2023:11:10:36 +0800] "GET /xingrg/dwr/util.js HTTP/1.1" 200 35990
114.83.219.209 - - [22/Sep/2023:11:10:36 +0800] "GET /xingrg/dwr/engine.js HTTP/1.1" 200 43631
114.83.219.209 - - [22/Sep/2023:11:10:36 +0800] "GET /xingrg/javascript/jqueryMultiSelect.js HTTP/1.1" 200 11866
114.83.219.209 - - [22/Sep/2023:11:10:36 +0800] "GET /xingrg/javascript/Calendar.js HTTP/1.1" 200 31561
114.83.219.209 - - [22/Sep/2023:11:10:36 +0800] "GET /xingrg/javascript/calendar/jquery.timePicker.min.js HTTP/1.1" 200 2997
114.83.219.209 - - [22/Sep/2023:11:10:36 +0800] "GET /xingrg/javascript/bigrid/fix.js HTTP/1.1" 200 6439
114.83.219.209 - - [22/Sep/2023:11:10:36 +0800] "GET /xingrg/images/control/loading.gif HTTP/1.1" 200 13463
114.83.219.209 - - [22/Sep/2023:11:10:36 +0800] "GET /xingrg/images/blue/button/advanceover.gif HTTP/1.1" 200 1347
114.83.219.209 - - [22/Sep/2023:11:10:36 +0800] "GET /xingrg/images/blue/button/advance2over.gif HTTP/1.1" 200 1336
114.83.219.209 - - [22/Sep/2023:11:10:36 +0800] "GET /xingrg/images/blue/button/back2over.gif HTTP/1.1" 200 1335
114.83.219.209 - - [22/Sep/2023:11:10:36 +0800] "GET /xingrg/images/blue/button/backover.gif HTTP/1.1" 200 1348
114.83.219.209 - - [22/Sep/2023:11:10:36 +0800] "GET /xingrg/javascript/jquery_easy_ui/themes/icons/help.png HTTP/1.1" 200 1187
114.83.219.209 - - [22/Sep/2023:11:10:38 +0800] "POST /xingrg/all/report/load_report_page.html HTTP/1.1" 200 318436
114.83.219.209 - - [22/Sep/2023:11:10:38 +0800] "GET /xingrg/servlets/image?cache=0.6915230725270085&image=px HTTP/1.1" 200 807
114.95.241.104 - - [22/Sep/2023:11:10:41 +0800] "GET /xingrg/all/function/internal_message.html?_=1695352240378&CODE_STATE=getMsg HTTP/1.1" 200 27
124.78.155.92 - - [22/Sep/2023:11:10:46 +0800] "POST /xingrg/kc/buy/cgsh_list_operate.html HTTP/1.1" 200 1870
116.230.110.33 - - [22/Sep/2023:11:10:48 +0800] "GET /xingrg/kc/buy/cgsh_order_operate.html?command=get_materiel&rest_code=00155&code=00101008356&supplier_code=00100005&order_time=2023-09-22 HTTP/1.1" 200 428
124.78.155.92 - - [22/Sep/2023:11:10:48 +0800] "POST /xingrg/kc/buy/cgsh_list_operate.html HTTP/1.1" 200 1870
124.78.69.58 - - [22/Sep/2023:11:10:52 +0800] "GET /xingrg/check_reg.html?_=1695351680610 HTTP/1.1" 200 22
124.78.69.58 - - [22/Sep/2023:11:10:52 +0800] "GET /xingrg/all/function/internal_message.html?_=1695351680611&CODE_STATE=getMsg HTTP/1.1" 200 27
124.78.155.92 - - [22/Sep/2023:11:10:52 +0800] "GET /xingrg/login.html HTTP/1.1" 200 7641
180.152.241.196 - - [22/Sep/2023:11:10:53 +0800] "GET /xingrg/all/function/internal_message.html?_=1695352277237&CODE_STATE=getMsg HTTP/1.1" 200 27
124.78.155.92 - - [22/Sep/2023:11:10:57 +0800] "GET /favicon.ico HTTP/1.1" 404 -
116.230.110.33 - - [22/Sep/2023:11:10:58 +0800] "GET /xingrg/kc/buy/cgsh_order_operate.html?command=get_materiel&rest_code=00155&code=00101008360&supplier_code=00100005&order_time=2023-09-22 HTTP/1.1" 200 412
120.253.135.82 - - [22/Sep/2023:11:10:59 +0800] "GET /xingrg/check_reg.html?_=1695352062669 HTTP/1.1" 200 22
221.239.166.189 - - [22/Sep/2023:11:11:02 +0800] "GET /xingrg/all/function/internal_message.html?_=1695352260672&CODE_STATE=getMsg HTTP/1.1" 200 27
180.165.48.189 - - [22/Sep/2023:11:11:02 +0800] "GET /xingrg/all/function/internal_message.html?_=1695352261348&CODE_STATE=getMsg HTTP/1.1" 200 27
101.83.145.37 - - [22/Sep/2023:11:11:02 +0800] "GET /xingrg/kc/buy/cgsh_order_operate.html?command=get_materiel&rest_code=00105&code=00101010353&supplier_code=00100575&order_time=2023-09-22 HTTP/1.1" 200 417
116.228.172.122 - - [22/Sep/2023:11:11:03 +0800] "GET /xingrg/all/function/internal_message.html?_=1695351908660&CODE_STATE=getMsg HTTP/1.1" 200 27
101.83.145.37 - - [22/Sep/2023:11:11:04 +0800] "GET /xingrg/kc/base/wldb_order_operate.html?command=get_materiel&rest_code=00105&base_code=0010507&code=00101019258 HTTP/1.1" 200 483
124.78.155.92 - - [22/Sep/2023:11:11:06 +0800] "POST /xingrg/login.do HTTP/1.1" 302 -
124.78.155.92 - - [22/Sep/2023:11:11:06 +0800] "GET /xingrg/index.html?sysBaseUrl=http%3A%2F%2F180.169.147.146%3A18081%2Fxingrg%2F&costTime=902×tamp=1695352266048 HTTP/1.1" 200 17173
116.230.110.33 - - [22/Sep/2023:11:11:08 +0800] "GET /xingrg/kc/buy/cgsh_order_operate.html?command=get_materiel&rest_code=00155&code=00101008077&supplier_code=00100005&order_time=2023-09-22 HTTP/1.1" 200 416
124.78.155.92 - - [22/Sep/2023:11:11:08 +0800] "GET /favicon.ico HTTP/1.1" 404 -
124.78.155.92 - - [22/Sep/2023:11:11:09 +0800] "POST /xingrg/all/common/load_tree.html?tree=area_rest_tree_json&manage=1 HTTP/1.1" 200 342
124.78.155.92 - - [22/Sep/2023:11:11:09 +0800] "GET /xingrg/all/function/internal_message.html?_=1695352265933&CODE_STATE=count HTTP/1.1" 200 11
124.78.155.92 - - [22/Sep/2023:11:11:09 +0800] "GET /xingrg/check_reg.html?_=1695352265938 HTTP/1.1" 200 22
124.78.155.92 - - [22/Sep/2023:11:11:09 +0800] "POST /xingrg/load_menu.html HTTP/1.1" 200 5138
124.78.155.92 - - [22/Sep/2023:11:11:13 +0800] "GET /xingrg/kc/buy/buy_main.html HTTP/1.1" 200 12412
124.78.155.92 - - [22/Sep/2023:11:11:13 +0800] "GET /xingrg/css/new_ie.css HTTP/1.1" 404 1036
222.70.107.161 - - [22/Sep/2023:11:11:13 +0800] "GET /xingrg/all/function/internal_message.html?_=1695352279693&CODE_STATE=getMsg HTTP/1.1" 200 27
124.78.155.92 - - [22/Sep/2023:11:11:14 +0800] "GET /xingrg/images/yd/bt.gif HTTP/1.1" 404 1040
124.78.155.92 - - [22/Sep/2023:11:11:14 +0800] "GET /xingrg/kc/buy/cgsh_order_list.html HTTP/1.1" 200 56579
101.83.145.37 - - [22/Sep/2023:11:11:15 +0800] "POST /xingrg/kc/buy/cgsh_order_operate.html HTTP/1.1" 200 37
101.83.145.37 - - [22/Sep/2023:11:11:17 +0800] "GET /xingrg/kc/base/wldb_order_operate.html?command=get_materiel&rest_code=00105&base_code=0010507&code=00101019253 HTTP/1.1" 200 481
180.169.147.146 - - [22/Sep/2023:11:11:18 +0800] "GET /xingrg/all/function/internal_message.html?_=1695352272815&CODE_STATE=getMsg HTTP/1.1" 200 27
114.95.241.104 - - [22/Sep/2023:11:11:19 +0800] "GET /xingrg/all/function/internal_message.html?_=1695352185012&CODE_STATE=getMsg HTTP/1.1" 200 27
124.78.155.92 - - [22/Sep/2023:11:11:19 +0800] "POST /xingrg/kc/buy/cgsh_list_operate.html HTTP/1.1" 200 1870
116.230.110.33 - - [22/Sep/2023:11:11:22 +0800] "GET /xingrg/kc/buy/cgsh_order_operate.html?command=get_materiel&rest_code=00155&code=00101008740&supplier_code=00100005&order_time=2023-09-22 HTTP/1.1" 200 399
124.78.155.92 - - [22/Sep/2023:11:11:23 +0800] "POST /xingrg/kc/buy/cgsh_list_operate.html HTTP/1.1" 200 563
124.78.155.92 - - [22/Sep/2023:11:11:24 +0800] "GET /xingrg/kc/buy/cgsh_order_info.html?code=212023092208746 HTTP/1.1" 200 72370
124.78.155.92 - - [22/Sep/2023:11:11:25 +0800] "GET /xingrg/javascript/easyui/themes/default/validatebox.css HTTP/1.1" 404 1104
124.78.155.92 - - [22/Sep/2023:11:11:25 +0800] "GET /xingrg/all/common/auto_word.html?type=employee&rest_code=00106 HTTP/1.1" 200 205
124.78.155.92 - - [22/Sep/2023:11:11:25 +0800] "GET /xingrg/all/common/auto_word.html?type=employee&rest_code=00106 HTTP/1.1" 200 205
114.83.219.209 - - [22/Sep/2023:11:11:25 +0800] "GET /xingrg/all/function/internal_message.html?_=1695352285574&CODE_STATE=getMsg HTTP/1.1" 200 27
116.230.110.33 - - [22/Sep/2023:11:11:25 +0800] "GET /xingrg/all/function/internal_message.html?_=1695352142165&CODE_STATE=getMsg HTTP/1.1" 200 27
124.77.241.134 - - [22/Sep/2023:11:11:25 +0800] "GET /xingrg/all/function/internal_message.html?_=1695352299737&CODE_STATE=getMsg HTTP/1.1" 200 27
124.78.155.92 - - [22/Sep/2023:11:11:25 +0800] "POST /xingrg/kc/buy/cgsh_order_operate.html HTTP/1.1" 200 39920
101.83.145.37 - - [22/Sep/2023:11:11:26 +0800] "POST /xingrg/kc/buy/cgsh_order_operate.html HTTP/1.1" 200 2663
180.163.30.27 - - [22/Sep/2023:11:11:27 +0800] "GET /xingrg/all/function/internal_message.html?_=1695352227293&CODE_STATE=getMsg HTTP/1.1" 302 -
180.163.30.27 - - [22/Sep/2023:11:11:27 +0800] "GET /xingrg/login.html HTTP/1.1" 200 7641
180.169.147.146 - - [22/Sep/2023:11:11:27 +0800] "GET /xingrg/all/function/internal_message.html?_=1695352287277&CODE_STATE=getMsg HTTP/1.1" 200 27
101.83.145.37 - - [22/Sep/2023:11:11:28 +0800] "GET /xingrg/kc/base/wldb_order_operate.html?command=get_materiel&rest_code=00105&base_code=0010507&code=00101019187 HTTP/1.1" 200 479
101.228.187.155 - - [22/Sep/2023:11:11:28 +0800] "GET /xingrg/all/function/internal_message.html?_=1695352287633&CODE_STATE=getMsg HTTP/1.1" 200 27
180.152.241.196 - - [22/Sep/2023:11:11:28 +0800] "GET /xingrg/all/function/internal_message.html?_=1695352288697&CODE_STATE=getMsg HTTP/1.1" 200 27
101.83.145.37 - - [22/Sep/2023:11:11:28 +0800] "GET /xingrg/all/function/internal_message.html?_=1695352288543&CODE_STATE=getMsg HTTP/1.1" 200 27
101.83.145.37 - - [22/Sep/2023:11:11:28 +0800] "GET /xingrg/kc/print/load_data.html?order_code=212023092208795&kc_code=cgsh&condition= HTTP/1.1" 200 677
124.79.244.212 - - [22/Sep/2023:11:11:29 +0800] "GET /xingrg/all/function/internal_message.html?_=1695352587696&CODE_STATE=getMsg HTTP/1.1" 200 27
180.152.241.196 - - [22/Sep/2023:11:11:29 +0800] "GET /xingrg/check_reg.html?_=1695352289704 HTTP/1.1" 200 22
101.83.145.37 - - [22/Sep/2023:11:11:30 +0800] "GET /xingrg/all/function/internal_message.html?_=1695352077374&CODE_STATE=getMsg HTTP/1.1" 200 27
101.83.145.37 - - [22/Sep/2023:11:11:34 +0800] "GET /xingrg/kc/buy/cgsh_order_add.html HTTP/1.1" 200 72443
101.83.145.37 - - [22/Sep/2023:11:11:35 +0800] "POST /xingrg/kc/buy/cgsh_order_operate.html HTTP/1.1" 200 8245
101.83.145.37 - - [22/Sep/2023:11:11:35 +0800] "GET /xingrg/javascript/easyui/themes/default/validatebox.css HTTP/1.1" 404 1104
116.230.110.33 - - [22/Sep/2023:11:11:36 +0800] "POST /xingrg/kc/buy/cgsh_order_operate.html HTTP/1.1" 200 37
116.230.110.33 - - [22/Sep/2023:11:11:39 +0800] "POST /xingrg/kc/buy/cgsh_order_operate.html HTTP/1.1" 200 16297
116.230.110.33 - - [22/Sep/2023:11:11:41 +0800] "GET /xingrg/check_reg.html?_=1695352157908 HTTP/1.1" 200 22
114.95.241.104 - - [22/Sep/2023:11:11:41 +0800] "GET /xingrg/all/function/internal_message.html?_=1695352300347&CODE_STATE=getMsg HTTP/1.1" 200 27
114.83.216.51 - - [22/Sep/2023:11:11:42 +0800] "POST /xingrg/services/DataTransmitService HTTP/1.1" 200 524
114.83.216.51 - - [22/Sep/2023:11:11:43 +0800] "POST /xingrg/services/DataTransmitService HTTP/1.1" 200 501
101.83.145.37 - - [22/Sep/2023:11:11:45 +0800] "GET /xingrg/kc/buy/cgsh_order_operate.html?command=get_materiel&rest_code=00105&code=00101002006&supplier_code=00100091&order_time=2023-09-22 HTTP/1.1" 200 414
101.83.145.37 - - [22/Sep/2023:11:11:47 +0800] "GET /xingrg/kc/base/wldb_order_operate.html?command=get_materiel&rest_code=00105&base_code=0010507&code=00101019469 HTTP/1.1" 200 455
124.78.69.58 - - [22/Sep/2023:11:11:52 +0800] "GET /xingrg/all/function/internal_message.html?_=1695351740610&CODE_STATE=getMsg HTTP/1.1" 200 27
180.152.241.196 - - [22/Sep/2023:11:11:53 +0800] "GET /xingrg/all/function/internal_message.html?_=1695352337222&CODE_STATE=getMsg HTTP/1.1" 200 27
101.83.145.37 - - [22/Sep/2023:11:11:56 +0800] "POST /xingrg/kc/buy/cgsh_order_operate.html HTTP/1.1" 200 37
221.239.166.189 - - [22/Sep/2023:11:12:02 +0800] "GET /xingrg/all/function/internal_message.html?_=1695352320660&CODE_STATE=getMsg HTTP/1.1" 200 27
180.165.48.189 - - [22/Sep/2023:11:12:02 +0800] "GET /xingrg/all/function/internal_message.html?_=1695352321341&CODE_STATE=getMsg HTTP/1.1" 200 27
124.78.155.92 - - [22/Sep/2023:11:12:03 +0800] "POST /xingrg/kc/buy/cgsh_order_operate.html HTTP/1.1" 200 37
116.228.172.122 - - [22/Sep/2023:11:12:03 +0800] "GET /xingrg/all/function/internal_message.html?_=1695351968651&CODE_STATE=getMsg HTTP/1.1" 200 27
120.253.135.82 - - [22/Sep/2023:11:12:03 +0800] "POST /xingrg/kc/buy/cgsh_order_operate.html HTTP/1.1" 200 37
101.83.145.37 - - [22/Sep/2023:11:12:03 +0800] "POST /xingrg/kc/buy/cgsh_order_operate.html HTTP/1.1" 200 2662
101.83.145.37 - - [22/Sep/2023:11:12:05 +0800] "GET /xingrg/kc/print/load_data.html?order_code=212023092208797&kc_code=cgsh&condition= HTTP/1.1" 200 748
101.83.145.37 - - [22/Sep/2023:11:12:10 +0800] "GET /xingrg/kc/buy/cgsh_order_add.html HTTP/1.1" 200 72443
101.83.145.37 - - [22/Sep/2023:11:12:10 +0800] "GET /xingrg/javascript/easyui/themes/default/validatebox.css HTTP/1.1" 404 1104
101.83.145.37 - - [22/Sep/2023:11:12:10 +0800] "POST /xingrg/kc/buy/cgsh_order_operate.html HTTP/1.1" 200 8245
120.253.135.82 - - [22/Sep/2023:11:12:11 +0800] "POST /xingrg/kc/buy/cgsh_order_operate.html HTTP/1.1" 200 12
101.83.145.37 - - [22/Sep/2023:11:12:11 +0800] "GET /xingrg/kc/base/wldb_order_operate.html?command=get_materiel&rest_code=00105&base_code=0010507&code=00101019310 HTTP/1.1" 200 475
120.253.135.82 - - [22/Sep/2023:11:12:13 +0800] "GET /xingrg/kc/buy/cgsh_order_info.html?code=212023092208793 HTTP/1.1" 200 66340
222.70.107.161 - - [22/Sep/2023:11:12:13 +0800] "GET /xingrg/all/function/internal_message.html?_=1695352339684&CODE_STATE=getMsg HTTP/1.1" 200 27
120.253.135.82 - - [22/Sep/2023:11:12:14 +0800] "GET /xingrg/javascript/easyui/themes/default/validatebox.css HTTP/1.1" 404 1104
120.253.135.82 - - [22/Sep/2023:11:12:14 +0800] "POST /xingrg/kc/buy/cgsh_order_operate.html HTTP/1.1" 200 1208
114.83.219.209 - - [22/Sep/2023:11:12:15 +0800] "GET /xingrg/kc/base/wldb_order_list.html HTTP/1.1" 200 19180
114.83.219.209 - - [22/Sep/2023:11:12:16 +0800] "POST /xingrg/kc/base/wldb_list_operate.html HTTP/1.1" 200 928
180.169.147.146 - - [22/Sep/2023:11:12:18 +0800] "GET /xingrg/all/function/internal_message.html?_=1695352332815&CODE_STATE=getMsg HTTP/1.1" 200 27
124.78.155.92 - - [22/Sep/2023:11:12:18 +0800] "POST /xingrg/kc/buy/cgsh_order_operate.html HTTP/1.1" 200 39920
114.95.241.104 - - [22/Sep/2023:11:12:19 +0800] "GET /xingrg/all/function/internal_message.html?_=1695352245235&CODE_STATE=getMsg HTTP/1.1" 200 27
120.253.135.82 - - [22/Sep/2023:11:12:20 +0800] "GET /xingrg/kc/buy/cgsh_order_add.html HTTP/1.1" 200 71425
114.83.219.209 - - [22/Sep/2023:11:12:20 +0800] "GET /xingrg/kc/base/wldb_order_list.html HTTP/1.1" 200 19180
120.253.135.82 - - [22/Sep/2023:11:12:20 +0800] "POST /xingrg/kc/buy/cgsh_order_operate.html HTTP/1.1" 200 8245
101.83.145.37 - - [22/Sep/2023:11:12:20 +0800] "GET /xingrg/kc/buy/cgsh_order_operate.html?command=get_materiel&rest_code=00105&code=00101018019&supplier_code=00100330&order_time=2023-09-22 HTTP/1.1" 200 421
120.253.135.82 - - [22/Sep/2023:11:12:21 +0800] "GET /xingrg/javascript/easyui/themes/default/validatebox.css HTTP/1.1" 404 1104
114.83.219.209 - - [22/Sep/2023:11:12:21 +0800] "POST /xingrg/kc/base/wldb_list_operate.html HTTP/1.1" 200 928
114.83.219.209 - - [22/Sep/2023:11:12:25 +0800] "GET /xingrg/all/function/internal_message.html?_=1695352345552&CODE_STATE=getMsg HTTP/1.1" 200 27
116.230.110.33 - - [22/Sep/2023:11:12:25 +0800] "GET /xingrg/all/function/internal_message.html?_=1695352202157&CODE_STATE=getMsg HTTP/1.1" 200 27
124.77.241.134 - - [22/Sep/2023:11:12:25 +0800] "GET /xingrg/all/function/internal_message.html?_=1695352359754&CODE_STATE=getMsg HTTP/1.1" 200 27
180.163.29.217 - - [22/Sep/2023:11:12:27 +0800] "GET /xingrg/all/function/internal_message.html?_=1695352287277&CODE_STATE=getMsg HTTP/1.1" 302 -
