114.83.219.209 - - [22/Sep/2023:10:00:05 +0800] "GET /xingrg/words/20230921151042_words.js HTTP/1.1" 304 -
114.83.219.209 - - [22/Sep/2023:10:00:05 +0800] "POST /xingrg/kc/base/wldb_order_operate.html HTTP/1.1" 200 6806
114.83.219.209 - - [22/Sep/2023:10:00:05 +0800] "GET /xingrg/all/common/auto_word.html?type=base&rest_code=00154 HTTP/1.1" 200 831
114.83.219.209 - - [22/Sep/2023:10:00:05 +0800] "GET /xingrg/all/common/auto_word.html?type=base&rest_code=00154 HTTP/1.1" 200 831
114.83.219.209 - - [22/Sep/2023:10:00:05 +0800] "GET /xingrg/javascript/easyui/themes/default/validatebox.css HTTP/1.1" 404 1104
124.79.244.212 - - [22/Sep/2023:10:00:06 +0800] "GET /xingrg/check_reg.html?_=1695348004686 HTTP/1.1" 302 -
114.83.219.209 - - [22/Sep/2023:10:00:10 +0800] "GET /xingrg/css/images/panel_loading.gif HTTP/1.1" 200 1737
114.83.219.209 - - [22/Sep/2023:10:00:10 +0800] "POST /xingrg/all/common/load_combo.html?type=base HTTP/1.1" 200 1491
114.95.241.104 - - [22/Sep/2023:10:00:12 +0800] "GET /xingrg/all/function/internal_message.html?_=1695347918507&CODE_STATE=getMsg HTTP/1.1" 200 27
114.83.219.209 - - [22/Sep/2023:10:00:13 +0800] "POST /xingrg/all/common/load_combo.html?type=base HTTP/1.1" 200 1491
114.95.241.104 - - [22/Sep/2023:10:00:24 +0800] "GET /xingrg/all/function/internal_message.html?_=1695348023651&CODE_STATE=getMsg HTTP/1.1" 200 27
124.78.155.92 - - [22/Sep/2023:10:00:26 +0800] "GET /xingrg/all/function/internal_message.html?_=1695348023101&CODE_STATE=getMsg HTTP/1.1" 200 27
116.230.110.33 - - [22/Sep/2023:10:00:26 +0800] "GET /xingrg/all/function/internal_message.html?_=1695347883397&CODE_STATE=getMsg HTTP/1.1" 200 27
180.169.147.146 - - [22/Sep/2023:10:00:27 +0800] "GET /xingrg/all/function/internal_message.html?_=1695348027719&CODE_STATE=getMsg HTTP/1.1" 200 27
101.228.187.155 - - [22/Sep/2023:10:00:28 +0800] "GET /xingrg/all/function/internal_message.html?_=1695348027544&CODE_STATE=getMsg HTTP/1.1" 200 27
101.83.145.37 - - [22/Sep/2023:10:00:28 +0800] "GET /xingrg/all/function/internal_message.html?_=1695348028456&CODE_STATE=getMsg HTTP/1.1" 200 27
124.79.244.212 - - [22/Sep/2023:10:00:29 +0800] "GET /xingrg/all/function/internal_message.html?_=1695348327619&CODE_STATE=getMsg HTTP/1.1" 200 27
101.83.145.37 - - [22/Sep/2023:10:00:30 +0800] "GET /xingrg/all/function/internal_message.html?_=1695347817288&CODE_STATE=getMsg HTTP/1.1" 200 27
114.83.219.209 - - [22/Sep/2023:10:00:30 +0800] "GET /xingrg/javascript/auto/indicator.gif HTTP/1.1" 404 1066
114.83.219.209 - - [22/Sep/2023:10:00:32 +0800] "GET /xingrg/kc/base/wldb_order_operate.html?command=get_materiel&rest_code=00154&base_code=0010728&code=00101008261 HTTP/1.1" 200 429
180.152.241.196 - - [22/Sep/2023:10:00:37 +0800] "POST /xingrg/kc/buy/cgsh_order_operate.html HTTP/1.1" 200 37
114.83.219.209 - - [22/Sep/2023:10:00:41 +0800] "GET /xingrg/all/function/internal_message.html?_=1695348041528&CODE_STATE=getMsg HTTP/1.1" 200 27
114.83.219.209 - - [22/Sep/2023:10:00:44 +0800] "GET /xingrg/kc/base/wldb_order_operate.html?command=get_materiel&rest_code=00154&base_code=0010728&code=00101012070 HTTP/1.1" 200 434
180.152.241.196 - - [22/Sep/2023:10:00:47 +0800] "POST /xingrg/kc/buy/cgsh_order_operate.html HTTP/1.1" 200 12
221.239.166.189 - - [22/Sep/2023:10:00:47 +0800] "GET /xingrg/all/function/internal_message.html?_=1695348046335&CODE_STATE=getMsg HTTP/1.1" 200 27
180.152.241.196 - - [22/Sep/2023:10:00:49 +0800] "GET /xingrg/kc/buy/cgsh_order_info.html?code=212023092208758 HTTP/1.1" 200 67293
180.152.241.196 - - [22/Sep/2023:10:00:50 +0800] "GET /xingrg/javascript/easyui/themes/default/validatebox.css HTTP/1.1" 404 1104
180.152.241.196 - - [22/Sep/2023:10:00:50 +0800] "POST /xingrg/kc/buy/cgsh_order_operate.html HTTP/1.1" 200 5370
114.83.219.209 - - [22/Sep/2023:10:00:51 +0800] "GET /xingrg/kc/base/wldb_order_operate.html?command=get_materiel&rest_code=00154&base_code=0010728&code=00101008264 HTTP/1.1" 200 434
124.78.69.58 - - [22/Sep/2023:10:00:52 +0800] "GET /xingrg/all/function/internal_message.html?_=1695347480421&CODE_STATE=getMsg HTTP/1.1" 200 27
124.78.69.58 - - [22/Sep/2023:10:00:52 +0800] "GET /xingrg/check_reg.html?_=1695347480422 HTTP/1.1" 200 22
180.152.241.196 - - [22/Sep/2023:10:00:53 +0800] "GET /xingrg/kc/print/load_config.html?kc_code=cgsh HTTP/1.1" 200 1927
180.152.241.196 - - [22/Sep/2023:10:00:53 +0800] "GET /xingrg/kc/print/load_data.html?order_code=212023092208758&kc_code=cgsh&condition= HTTP/1.1" 200 2485
120.253.135.82 - - [22/Sep/2023:10:00:58 +0800] "GET /xingrg/check_reg.html?_=1695347862546 HTTP/1.1" 200 22
120.253.135.82 - - [22/Sep/2023:10:00:58 +0800] "GET /xingrg/kc/pszx/mdqp_order_list.html?state=10 HTTP/1.1" 200 11124
120.253.135.82 - - [22/Sep/2023:10:00:59 +0800] "GET /xingrg/dwr/interface/AjaxQqpsService.js HTTP/1.1" 200 16326
120.253.135.82 - - [22/Sep/2023:10:00:59 +0800] "GET /xingrg/dwr/interface/AjaxReportQueryService.js HTTP/1.1" 200 13203
120.253.135.82 - - [22/Sep/2023:10:00:59 +0800] "GET /xingrg/dwr/engine.js HTTP/1.1" 200 43631
114.83.216.51 - - [22/Sep/2023:10:00:59 +0800] "GET /xingrg/all/function/internal_message.html?_=1695348057372&CODE_STATE=getMsg HTTP/1.1" 200 27
124.77.241.134 - - [22/Sep/2023:10:01:02 +0800] "GET /xingrg/all/function/internal_message.html?_=1695348076432&CODE_STATE=getMsg HTTP/1.1" 200 27
180.165.48.189 - - [22/Sep/2023:10:01:03 +0800] "GET /xingrg/all/function/internal_message.html?_=1695348062423&CODE_STATE=getMsg HTTP/1.1" 200 27
116.228.172.122 - - [22/Sep/2023:10:01:03 +0800] "GET /xingrg/all/function/internal_message.html?_=1695347708651&CODE_STATE=getMsg HTTP/1.1" 200 27
120.253.135.82 - - [22/Sep/2023:10:01:06 +0800] "GET /xingrg/kc/pszx/mdps_order_list.html?orderType=0 HTTP/1.1" 200 21108
120.253.135.82 - - [22/Sep/2023:10:01:07 +0800] "POST /xingrg/kc/pszx/mdps_list_operate.html HTTP/1.1" 200 5465
124.77.241.134 - - [22/Sep/2023:10:01:10 +0800] "POST /xingrg/services/DataTransmitService HTTP/1.1" 200 524
114.95.241.104 - - [22/Sep/2023:10:01:12 +0800] "GET /xingrg/all/function/internal_message.html?_=1695347978522&CODE_STATE=getMsg HTTP/1.1" 200 27
180.152.241.196 - - [22/Sep/2023:10:01:13 +0800] "GET /xingrg/kc/buy/cgsh_order_add.html HTTP/1.1" 200 72396
180.152.241.196 - - [22/Sep/2023:10:01:13 +0800] "POST /xingrg/kc/buy/cgsh_order_operate.html HTTP/1.1" 200 8245
180.152.241.196 - - [22/Sep/2023:10:01:13 +0800] "GET /xingrg/javascript/easyui/themes/default/validatebox.css HTTP/1.1" 404 1104
180.152.241.196 - - [22/Sep/2023:10:01:14 +0800] "GET /xingrg/javascript/easyui/plugins/jquery.draggable.js HTTP/1.1" 200 6121
180.152.241.196 - - [22/Sep/2023:10:01:14 +0800] "GET /xingrg/css/images/panel_loading.gif HTTP/1.1" 200 1737
180.152.241.196 - - [22/Sep/2023:10:01:14 +0800] "GET /xingrg/javascript/easyui/plugins/jquery.droppable.js HTTP/1.1" 200 1167
180.152.241.196 - - [22/Sep/2023:10:01:14 +0800] "GET /xingrg/javascript/easyui/themes/default/tree.css HTTP/1.1" 404 1090
180.152.241.196 - - [22/Sep/2023:10:01:14 +0800] "GET /xingrg/javascript/easyui/plugins/jquery.tree.js HTTP/1.1" 200 20874
180.152.241.196 - - [22/Sep/2023:10:01:15 +0800] "POST /xingrg/all/common/load_tree.html?tree=supplier_tree_json&isDelete=1 HTTP/1.1" 200 75946
180.152.241.196 - - [22/Sep/2023:10:01:16 +0800] "GET /xingrg/javascript/easyui/themes/default/images/tree_arrows.gif HTTP/1.1" 200 617
180.152.241.196 - - [22/Sep/2023:10:01:16 +0800] "GET /xingrg/javascript/easyui/themes/default/images/tree_folder_open.gif HTTP/1.1" 200 956
180.152.241.196 - - [22/Sep/2023:10:01:16 +0800] "GET /xingrg/javascript/easyui/themes/default/images/tree_folder.gif HTTP/1.1" 200 952
180.152.241.196 - - [22/Sep/2023:10:01:16 +0800] "GET /xingrg/javascript/easyui/themes/default/images/tree_file.gif HTTP/1.1" 200 118
114.83.219.209 - - [22/Sep/2023:10:01:20 +0800] "GET /xingrg/kc/base/wldb_order_operate.html?command=get_materiel&rest_code=00154&base_code=0010728&code=00101008464 HTTP/1.1" 200 448
114.95.241.104 - - [22/Sep/2023:10:01:24 +0800] "GET /xingrg/all/function/internal_message.html?_=1695348083636&CODE_STATE=getMsg HTTP/1.1" 200 27
180.163.30.85 - - [22/Sep/2023:10:01:26 +0800] "GET /xingrg/all/function/internal_message.html?_=1695348023101&CODE_STATE=getMsg HTTP/1.1" 302 -
180.163.30.85 - - [22/Sep/2023:10:01:26 +0800] "GET /xingrg/login.html HTTP/1.1" 200 7641
116.230.110.33 - - [22/Sep/2023:10:01:26 +0800] "GET /xingrg/all/function/internal_message.html?_=1695347943388&CODE_STATE=getMsg HTTP/1.1" 200 27
124.78.155.92 - - [22/Sep/2023:10:01:26 +0800] "GET /xingrg/all/function/internal_message.html?_=1695348083077&CODE_STATE=getMsg HTTP/1.1" 200 27
180.169.147.146 - - [22/Sep/2023:10:01:27 +0800] "GET /xingrg/all/function/internal_message.html?_=1695348087693&CODE_STATE=getMsg HTTP/1.1" 200 27
101.228.187.155 - - [22/Sep/2023:10:01:28 +0800] "GET /xingrg/all/function/internal_message.html?_=1695348087562&CODE_STATE=getMsg HTTP/1.1" 200 27
101.83.145.37 - - [22/Sep/2023:10:01:28 +0800] "GET /xingrg/all/function/internal_message.html?_=1695348088456&CODE_STATE=getMsg HTTP/1.1" 200 27
124.79.244.212 - - [22/Sep/2023:10:01:29 +0800] "GET /xingrg/all/function/internal_message.html?_=1695348387634&CODE_STATE=getMsg HTTP/1.1" 200 27
180.152.241.196 - - [22/Sep/2023:10:01:29 +0800] "GET /xingrg/check_reg.html?_=1695348089714 HTTP/1.1" 200 22
180.152.241.196 - - [22/Sep/2023:10:01:29 +0800] "GET /xingrg/all/function/internal_message.html?_=1695348089717&CODE_STATE=getMsg HTTP/1.1" 200 27
101.83.145.37 - - [22/Sep/2023:10:01:30 +0800] "GET /xingrg/all/function/internal_message.html?_=1695347877288&CODE_STATE=getMsg HTTP/1.1" 200 27
114.83.219.209 - - [22/Sep/2023:10:01:32 +0800] "GET /xingrg/kc/base/wldb_order_operate.html?command=get_materiel&rest_code=00154&base_code=0010728&code=00101008354 HTTP/1.1" 200 434
116.230.110.33 - - [22/Sep/2023:10:01:41 +0800] "GET /xingrg/check_reg.html?_=1695347958110 HTTP/1.1" 200 22
114.83.219.209 - - [22/Sep/2023:10:01:41 +0800] "GET /xingrg/all/function/internal_message.html?_=1695348101512&CODE_STATE=getMsg HTTP/1.1" 200 27
221.239.166.189 - - [22/Sep/2023:10:01:47 +0800] "GET /xingrg/all/function/internal_message.html?_=1695348106323&CODE_STATE=getMsg HTTP/1.1" 200 27
114.83.219.209 - - [22/Sep/2023:10:01:49 +0800] "GET /xingrg/kc/base/wldb_order_operate.html?command=get_materiel&rest_code=00154&base_code=0010728&code=00101008355 HTTP/1.1" 200 431
124.78.69.58 - - [22/Sep/2023:10:01:52 +0800] "GET /xingrg/all/function/internal_message.html?_=1695347540415&CODE_STATE=getMsg HTTP/1.1" 200 27
124.77.241.134 - - [22/Sep/2023:10:01:54 +0800] "POST /xingrg/services/DataTransmitService HTTP/1.1" 200 501
180.152.241.196 - - [22/Sep/2023:10:01:56 +0800] "GET /xingrg/javascript/jquery_easy_ui/themes/default/images/tabs_active.png HTTP/1.1" 200 2894
180.165.48.189 - - [22/Sep/2023:10:01:56 +0800] "POST /xingrg/services/DataTransmitService HTTP/1.1" 200 524
114.83.216.51 - - [22/Sep/2023:10:01:59 +0800] "GET /xingrg/all/function/internal_message.html?_=1695348117347&CODE_STATE=getMsg HTTP/1.1" 200 27
180.152.241.196 - - [22/Sep/2023:10:02:01 +0800] "POST /xingrg/kc/buy/cgsh_list_operate.html HTTP/1.1" 200 986
124.77.241.134 - - [22/Sep/2023:10:02:02 +0800] "GET /xingrg/all/function/internal_message.html?_=1695348136447&CODE_STATE=getMsg HTTP/1.1" 200 27
180.165.48.189 - - [22/Sep/2023:10:02:03 +0800] "GET /xingrg/all/function/internal_message.html?_=1695348122403&CODE_STATE=getMsg HTTP/1.1" 200 27
116.228.172.122 - - [22/Sep/2023:10:02:03 +0800] "GET /xingrg/all/function/internal_message.html?_=1695347768672&CODE_STATE=getMsg HTTP/1.1" 200 27
114.83.216.51 - - [22/Sep/2023:10:02:04 +0800] "GET /xingrg/kc/buy/cgsh_order_operate.html?command=get_materiel&rest_code=00149&code=00101008213&supplier_code=00100008&order_time=2023-09-22 HTTP/1.1" 200 412
180.152.241.196 - - [22/Sep/2023:10:02:09 +0800] "POST /xingrg/kc/buy/cgsh_list_operate.html HTTP/1.1" 200 6465
114.95.241.104 - - [22/Sep/2023:10:02:13 +0800] "GET /xingrg/all/function/internal_message.html?_=1695348038735&CODE_STATE=getMsg HTTP/1.1" 200 27
120.253.135.82 - - [22/Sep/2023:10:02:19 +0800] "GET /xingrg/kc/pszx/mdqp_order_list.html?state=10 HTTP/1.1" 200 11124
120.253.135.82 - - [22/Sep/2023:10:02:19 +0800] "GET /xingrg/dwr/interface/AjaxQqpsService.js HTTP/1.1" 200 16326
120.253.135.82 - - [22/Sep/2023:10:02:19 +0800] "GET /xingrg/dwr/interface/AjaxReportQueryService.js HTTP/1.1" 200 13203
120.253.135.82 - - [22/Sep/2023:10:02:19 +0800] "GET /xingrg/dwr/engine.js HTTP/1.1" 200 43631
114.95.241.104 - - [22/Sep/2023:10:02:25 +0800] "GET /xingrg/all/function/internal_message.html?_=1695348143618&CODE_STATE=getMsg HTTP/1.1" 200 27
114.95.241.104 - - [22/Sep/2023:10:02:25 +0800] "GET /xingrg/check_reg.html?_=1695348143795 HTTP/1.1" 200 22
124.78.155.92 - - [22/Sep/2023:10:02:26 +0800] "GET /xingrg/all/function/internal_message.html?_=1695348143047&CODE_STATE=getMsg HTTP/1.1" 200 27
116.230.110.33 - - [22/Sep/2023:10:02:26 +0800] "GET /xingrg/all/function/internal_message.html?_=1695348003374&CODE_STATE=getMsg HTTP/1.1" 200 27
180.169.147.146 - - [22/Sep/2023:10:02:27 +0800] "GET /xingrg/all/function/internal_message.html?_=1695348147680&CODE_STATE=getMsg HTTP/1.1" 200 27
180.169.147.146 - - [22/Sep/2023:10:02:27 +0800] "GET /xingrg/check_reg.html?_=1695348147925 HTTP/1.1" 200 22
114.83.216.51 - - [22/Sep/2023:10:02:27 +0800] "GET /xingrg/kc/buy/cgsh_order_operate.html?command=get_materiel&rest_code=00149&code=00101008291&supplier_code=00100008&order_time=2023-09-22 HTTP/1.1" 200 408
101.228.187.155 - - [22/Sep/2023:10:02:28 +0800] "GET /xingrg/all/function/internal_message.html?_=1695348147547&CODE_STATE=getMsg HTTP/1.1" 200 27
101.228.187.155 - - [22/Sep/2023:10:02:28 +0800] "GET /xingrg/check_reg.html?_=1695348147552 HTTP/1.1" 200 22
101.83.145.37 - - [22/Sep/2023:10:02:28 +0800] "GET /xingrg/all/function/internal_message.html?_=1695348148457&CODE_STATE=getMsg HTTP/1.1" 200 27
124.79.244.212 - - [22/Sep/2023:10:02:29 +0800] "GET /xingrg/all/function/internal_message.html?_=1695348447634&CODE_STATE=getMsg HTTP/1.1" 200 27
180.152.241.196 - - [22/Sep/2023:10:02:29 +0800] "GET /xingrg/all/function/internal_message.html?_=1695348149707&CODE_STATE=getMsg HTTP/1.1" 200 27
101.83.145.37 - - [22/Sep/2023:10:02:30 +0800] "GET /xingrg/all/function/internal_message.html?_=1695347937289&CODE_STATE=getMsg HTTP/1.1" 200 27
101.83.145.37 - - [22/Sep/2023:10:02:30 +0800] "GET /xingrg/check_reg.html?_=1695347937292 HTTP/1.1" 200 22
124.79.244.212 - - [22/Sep/2023:10:02:32 +0800] "GET /xingrg/check_reg.html?_=1695348447633 HTTP/1.1" 200 22
114.83.219.209 - - [22/Sep/2023:10:02:38 +0800] "GET /xingrg/javascript/jquery_tools/images/prev.gif HTTP/1.1" 404 1086
114.83.219.209 - - [22/Sep/2023:10:02:38 +0800] "GET /xingrg/javascript/jquery_tools/images/next.gif HTTP/1.1" 404 1086
114.83.219.209 - - [22/Sep/2023:10:02:41 +0800] "GET /xingrg/all/function/internal_message.html?_=1695348161502&CODE_STATE=getMsg HTTP/1.1" 200 27
221.239.166.189 - - [22/Sep/2023:10:02:47 +0800] "GET /xingrg/all/function/internal_message.html?_=1695348166369&CODE_STATE=getMsg HTTP/1.1" 200 27
180.152.241.196 - - [22/Sep/2023:10:02:49 +0800] "POST /xingrg/kc/buy/cgsh_list_operate.html HTTP/1.1" 200 6651
124.78.69.58 - - [22/Sep/2023:10:02:52 +0800] "GET /xingrg/all/function/internal_message.html?_=1695347600426&CODE_STATE=getMsg HTTP/1.1" 200 27
114.83.219.209 - - [22/Sep/2023:10:02:57 +0800] "POST /xingrg/kc/base/wldb_order_operate.html HTTP/1.1" 200 37
114.95.241.104 - - [22/Sep/2023:10:02:58 +0800] "GET /xingrg/check_reg.html?_=1695348084571 HTTP/1.1" 200 22
114.83.216.51 - - [22/Sep/2023:10:02:58 +0800] "GET /xingrg/kc/buy/cgsh_order_operate.html?command=get_materiel&rest_code=00149&code=00101008041&supplier_code=00100008&order_time=2023-09-22 HTTP/1.1" 200 408
114.83.216.51 - - [22/Sep/2023:10:02:59 +0800] "GET /xingrg/all/function/internal_message.html?_=1695348177330&CODE_STATE=getMsg HTTP/1.1" 200 27
124.77.241.134 - - [22/Sep/2023:10:03:00 +0800] "GET /xingrg/check_reg.html?_=1695348194823 HTTP/1.1" 200 22
180.165.48.189 - - [22/Sep/2023:10:03:02 +0800] "GET /xingrg/check_reg.html?_=1695348181337 HTTP/1.1" 200 22
180.152.241.196 - - [22/Sep/2023:10:03:02 +0800] "POST /xingrg/kc/buy/cgsh_list_operate.html HTTP/1.1" 200 352
124.77.241.134 - - [22/Sep/2023:10:03:02 +0800] "GET /xingrg/all/function/internal_message.html?_=1695348196460&CODE_STATE=getMsg HTTP/1.1" 200 27
180.165.48.189 - - [22/Sep/2023:10:03:03 +0800] "GET /xingrg/all/function/internal_message.html?_=1695348182387&CODE_STATE=getMsg HTTP/1.1" 200 27
116.228.172.122 - - [22/Sep/2023:10:03:03 +0800] "GET /xingrg/check_reg.html?_=1695347828664 HTTP/1.1" 200 22
116.228.172.122 - - [22/Sep/2023:10:03:03 +0800] "GET /xingrg/all/function/internal_message.html?_=1695347828666&CODE_STATE=getMsg HTTP/1.1" 200 27
114.83.219.209 - - [22/Sep/2023:10:03:04 +0800] "POST /xingrg/kc/base/wldb_order_operate.html HTTP/1.1" 200 12
114.83.219.209 - - [22/Sep/2023:10:03:04 +0800] "POST /xingrg/kc/base/wldb_order_operate.html HTTP/1.1" 200 6918
180.152.241.196 - - [22/Sep/2023:10:03:05 +0800] "POST /xingrg/kc/buy/cgsh_list_operate.html HTTP/1.1" 200 345
114.83.216.51 - - [22/Sep/2023:10:03:07 +0800] "POST /xingrg/kc/buy/cgsh_order_operate.html HTTP/1.1" 200 2065
114.95.241.104 - - [22/Sep/2023:10:03:09 +0800] "POST /xingrg/kc/buy/cgsh_order_operate.html HTTP/1.1" 200 37
180.152.241.196 - - [22/Sep/2023:10:03:09 +0800] "POST /xingrg/kc/buy/cgsh_list_operate.html HTTP/1.1" 200 279
114.83.219.209 - - [22/Sep/2023:10:03:11 +0800] "GET /xingrg/kc/base/wldb_order_info.html?code=422023092202134 HTTP/1.1" 200 26340
114.83.219.209 - - [22/Sep/2023:10:03:12 +0800] "GET /xingrg/javascript/easyui/themes/default/validatebox.css HTTP/1.1" 404 1104
114.83.219.209 - - [22/Sep/2023:10:03:12 +0800] "POST /xingrg/kc/base/wldb_order_operate.html HTTP/1.1" 200 5094
114.95.241.104 - - [22/Sep/2023:10:03:12 +0800] "GET /xingrg/all/function/internal_message.html?_=1695348098752&CODE_STATE=getMsg HTTP/1.1" 200 27
180.152.241.196 - - [22/Sep/2023:10:03:13 +0800] "GET /xingrg/kc/buy/cgsh_order_info.html?code=212023092008317 HTTP/1.1" 200 67315
180.152.241.196 - - [22/Sep/2023:10:03:13 +0800] "GET /xingrg/javascript/easyui/themes/default/validatebox.css HTTP/1.1" 404 1104
180.152.241.196 - - [22/Sep/2023:10:03:14 +0800] "POST /xingrg/kc/buy/cgsh_order_operate.html HTTP/1.1" 200 1211
114.83.219.209 - - [22/Sep/2023:10:03:21 +0800] "GET /xingrg/kc/base/wldb_order_add.html HTTP/1.1" 200 30463
114.83.219.209 - - [22/Sep/2023:10:03:22 +0800] "POST /xingrg/kc/base/wldb_order_operate.html HTTP/1.1" 200 6806
114.83.219.209 - - [22/Sep/2023:10:03:22 +0800] "GET /xingrg/javascript/easyui/themes/default/validatebox.css HTTP/1.1" 404 1104
114.83.219.209 - - [22/Sep/2023:10:03:23 +0800] "POST /xingrg/all/common/load_combo.html?type=base HTTP/1.1" 200 1491
114.83.216.51 - - [22/Sep/2023:10:03:26 +0800] "GET /xingrg/kc/buy/cgsh_order_operate.html?command=get_materiel&rest_code=00149&code=00101008167&supplier_code=00100008&order_time=2023-09-22 HTTP/1.1" 200 412
124.78.155.92 - - [22/Sep/2023:10:03:26 +0800] "GET /xingrg/all/function/internal_message.html?_=1695348203017&CODE_STATE=getMsg HTTP/1.1" 200 27
116.230.110.33 - - [22/Sep/2023:10:03:26 +0800] "GET /xingrg/all/function/internal_message.html?_=1695348063374&CODE_STATE=getMsg HTTP/1.1" 200 27
124.78.155.92 - - [22/Sep/2023:10:03:26 +0800] "GET /xingrg/check_reg.html?_=1695348203239 HTTP/1.1" 200 22
180.163.29.219 - - [22/Sep/2023:10:03:27 +0800] "GET /xingrg/check_reg.html?_=1695348147925 HTTP/1.1" 302 -
180.163.29.219 - - [22/Sep/2023:10:03:27 +0800] "GET /xingrg/login.html HTTP/1.1" 200 7641
180.169.147.146 - - [22/Sep/2023:10:03:27 +0800] "GET /xingrg/all/function/internal_message.html?_=1695348207688&CODE_STATE=getMsg HTTP/1.1" 200 27
114.83.219.209 - - [22/Sep/2023:10:03:28 +0800] "POST /xingrg/all/common/load_combo.html?type=base HTTP/1.1" 200 1491
101.228.187.155 - - [22/Sep/2023:10:03:28 +0800] "GET /xingrg/all/function/internal_message.html?_=1695348207551&CODE_STATE=getMsg HTTP/1.1" 200 27
101.83.145.37 - - [22/Sep/2023:10:03:28 +0800] "GET /xingrg/check_reg.html?_=1695348208459 HTTP/1.1" 200 22
101.83.145.37 - - [22/Sep/2023:10:03:28 +0800] "GET /xingrg/all/function/internal_message.html?_=1695348208461&CODE_STATE=getMsg HTTP/1.1" 200 27
124.79.244.212 - - [22/Sep/2023:10:03:29 +0800] "GET /xingrg/all/function/internal_message.html?_=1695348507632&CODE_STATE=getMsg HTTP/1.1" 200 27
180.152.241.196 - - [22/Sep/2023:10:03:29 +0800] "GET /xingrg/all/function/internal_message.html?_=1695348209682&CODE_STATE=getMsg HTTP/1.1" 200 27
101.83.145.37 - - [22/Sep/2023:10:03:30 +0800] "GET /xingrg/all/function/internal_message.html?_=1695347997292&CODE_STATE=getMsg HTTP/1.1" 200 27
180.152.241.196 - - [22/Sep/2023:10:03:35 +0800] "POST /xingrg/kc/buy/cgsh_list_operate.html HTTP/1.1" 200 6651
114.83.219.209 - - [22/Sep/2023:10:03:37 +0800] "GET /xingrg/kc/base/wldb_order_operate.html?command=get_materiel&rest_code=00154&base_code=0010724&code=00101012077 HTTP/1.1" 200 436
180.152.241.196 - - [22/Sep/2023:10:03:39 +0800] "GET /xingrg/kc/buy/cgsh_order_add.html HTTP/1.1" 200 72396
180.152.241.196 - - [22/Sep/2023:10:03:39 +0800] "POST /xingrg/kc/buy/cgsh_order_operate.html HTTP/1.1" 200 8245
180.152.241.196 - - [22/Sep/2023:10:03:39 +0800] "GET /xingrg/javascript/easyui/themes/default/validatebox.css HTTP/1.1" 404 1104
114.83.219.209 - - [22/Sep/2023:10:03:41 +0800] "GET /xingrg/all/function/internal_message.html?_=1695348221536&CODE_STATE=getMsg HTTP/1.1" 200 27
114.95.241.104 - - [22/Sep/2023:10:03:41 +0800] "POST /xingrg/kc/buy/cgsh_order_operate.html HTTP/1.1" 200 12
114.83.216.51 - - [22/Sep/2023:10:03:42 +0800] "GET /xingrg/kc/buy/cgsh_order_operate.html?command=get_materiel&rest_code=00149&code=00101008060&supplier_code=00100008&order_time=2023-09-22 HTTP/1.1" 200 416
114.95.241.104 - - [22/Sep/2023:10:03:44 +0800] "GET /xingrg/kc/buy/cgsh_order_info.html?code=212023092208761 HTTP/1.1" 200 67312
114.95.241.104 - - [22/Sep/2023:10:03:44 +0800] "GET /xingrg/javascript/easyui/themes/default/validatebox.css HTTP/1.1" 404 1104
114.95.241.104 - - [22/Sep/2023:10:03:45 +0800] "POST /xingrg/kc/buy/cgsh_order_operate.html HTTP/1.1" 200 1857
114.83.219.209 - - [22/Sep/2023:10:03:47 +0800] "GET /xingrg/kc/base/wldb_order_operate.html?command=get_materiel&rest_code=00154&base_code=0010724&code=00101008464 HTTP/1.1" 200 448
221.239.166.189 - - [22/Sep/2023:10:03:47 +0800] "GET /xingrg/check_reg.html?_=1695348226325 HTTP/1.1" 200 22
221.239.166.189 - - [22/Sep/2023:10:03:47 +0800] "GET /xingrg/all/function/internal_message.html?_=1695348226350&CODE_STATE=getMsg HTTP/1.1" 200 27
114.95.241.104 - - [22/Sep/2023:10:03:48 +0800] "GET /xingrg/kc/print/load_data.html?order_code=212023092208761&kc_code=cgsh&condition= HTTP/1.1" 200 1213
114.83.219.209 - - [22/Sep/2023:10:03:51 +0800] "POST /xingrg/all/common/load_select.html HTTP/1.1" 200 25
124.78.69.58 - - [22/Sep/2023:10:03:52 +0800] "GET /xingrg/all/function/internal_message.html?_=1695347660416&CODE_STATE=getMsg HTTP/1.1" 200 27
114.83.219.209 - - [22/Sep/2023:10:03:53 +0800] "GET /xingrg/kc/base/wldb_order_operate.html?command=get_materiel_price&rest_code=00154&base_code=0010724&code=00101008464&unit_code=00100018 HTTP/1.1" 200 36
114.95.241.104 - - [22/Sep/2023:10:03:54 +0800] "GET /xingrg/kc/buy/cgsh_order_add.html HTTP/1.1" 200 72405
114.95.241.104 - - [22/Sep/2023:10:03:54 +0800] "POST /xingrg/kc/buy/cgsh_order_operate.html HTTP/1.1" 200 8245
114.95.241.104 - - [22/Sep/2023:10:03:55 +0800] "GET /xingrg/javascript/easyui/themes/default/validatebox.css HTTP/1.1" 404 1104
114.83.216.51 - - [22/Sep/2023:10:03:56 +0800] "GET /xingrg/kc/buy/cgsh_order_operate.html?command=get_materiel&rest_code=00149&code=00101008150&supplier_code=00100008&order_time=2023-09-22 HTTP/1.1" 200 409
114.83.216.51 - - [22/Sep/2023:10:03:59 +0800] "GET /xingrg/all/function/internal_message.html?_=1695348237313&CODE_STATE=getMsg HTTP/1.1" 200 27
124.77.241.134 - - [22/Sep/2023:10:04:02 +0800] "GET /xingrg/all/function/internal_message.html?_=1695348256473&CODE_STATE=getMsg HTTP/1.1" 200 27
180.165.48.189 - - [22/Sep/2023:10:04:03 +0800] "GET /xingrg/all/function/internal_message.html?_=1695348242369&CODE_STATE=getMsg HTTP/1.1" 200 27
116.228.172.122 - - [22/Sep/2023:10:04:03 +0800] "GET /xingrg/all/function/internal_message.html?_=1695347888654&CODE_STATE=getMsg HTTP/1.1" 200 27
124.77.241.134 - - [22/Sep/2023:10:04:09 +0800] "POST /xingrg/services/DataTransmitService HTTP/1.1" 200 524
124.77.241.134 - - [22/Sep/2023:10:04:10 +0800] "POST /xingrg/services/DataTransmitService HTTP/1.1" 200 412
124.77.241.134 - - [22/Sep/2023:10:04:11 +0800] "POST /xingrg/services/DataTransmitService HTTP/1.1" 200 524
124.77.241.134 - - [22/Sep/2023:10:04:12 +0800] "POST /xingrg/services/DataTransmitService HTTP/1.1" 200 412
114.95.241.104 - - [22/Sep/2023:10:04:12 +0800] "GET /xingrg/all/function/internal_message.html?_=1695348158766&CODE_STATE=getMsg HTTP/1.1" 200 27
114.83.216.51 - - [22/Sep/2023:10:04:14 +0800] "GET /xingrg/kc/buy/cgsh_order_operate.html?command=get_materiel&rest_code=00149&code=00101015043&supplier_code=00100008&order_time=2023-09-22 HTTP/1.1" 200 413
124.77.241.134 - - [22/Sep/2023:10:04:15 +0800] "POST /xingrg/services/DataTransmitService HTTP/1.1" 200 524
124.77.241.134 - - [22/Sep/2023:10:04:16 +0800] "POST /xingrg/services/DataTransmitService HTTP/1.1" 200 2335
114.95.241.104 - - [22/Sep/2023:10:04:16 +0800] "GET /xingrg/kc/buy/cgsh_order_operate.html?command=get_materiel&rest_code=00150&code=00102035346&supplier_code=00100460&order_time=2023-09-22 HTTP/1.1" 200 401
124.77.241.134 - - [22/Sep/2023:10:04:23 +0800] "POST /xingrg/services/DataTransmitService HTTP/1.1" 200 524
114.95.241.104 - - [22/Sep/2023:10:04:24 +0800] "GET /xingrg/all/function/internal_message.html?_=1695348263631&CODE_STATE=getMsg HTTP/1.1" 200 27
124.78.155.92 - - [22/Sep/2023:10:04:26 +0800] "GET /xingrg/all/function/internal_message.html?_=1695348262994&CODE_STATE=getMsg HTTP/1.1" 200 27
116.230.110.33 - - [22/Sep/2023:10:04:26 +0800] "GET /xingrg/all/function/internal_message.html?_=1695348123356&CODE_STATE=getMsg HTTP/1.1" 200 27
180.169.147.146 - - [22/Sep/2023:10:04:27 +0800] "GET /xingrg/all/function/internal_message.html?_=1695348267682&CODE_STATE=getMsg HTTP/1.1" 200 27
101.228.187.155 - - [22/Sep/2023:10:04:28 +0800] "GET /xingrg/all/function/internal_message.html?_=1695348267551&CODE_STATE=getMsg HTTP/1.1" 200 27
101.83.145.37 - - [22/Sep/2023:10:04:28 +0800] "GET /xingrg/all/function/internal_message.html?_=1695348268462&CODE_STATE=getMsg HTTP/1.1" 200 27
124.79.244.212 - - [22/Sep/2023:10:04:29 +0800] "GET /xingrg/all/function/internal_message.html?_=1695348567631&CODE_STATE=getMsg HTTP/1.1" 200 27
180.152.241.196 - - [22/Sep/2023:10:04:29 +0800] "GET /xingrg/all/function/internal_message.html?_=1695348269678&CODE_STATE=getMsg HTTP/1.1" 200 27
101.83.145.37 - - [22/Sep/2023:10:04:30 +0800] "GET /xingrg/all/function/internal_message.html?_=1695348057293&CODE_STATE=getMsg HTTP/1.1" 200 27
114.83.216.51 - - [22/Sep/2023:10:04:38 +0800] "POST /xingrg/kc/buy/cgsh_order_operate.html HTTP/1.1" 200 2065
114.83.219.209 - - [22/Sep/2023:10:04:41 +0800] "GET /xingrg/check_reg.html?_=1695348281510 HTTP/1.1" 200 22
114.83.219.209 - - [22/Sep/2023:10:04:41 +0800] "GET /xingrg/all/function/internal_message.html?_=1695348281512&CODE_STATE=getMsg HTTP/1.1" 200 27
180.152.241.196 - - [22/Sep/2023:10:04:41 +0800] "GET /xingrg/javascript/easyui/themes/default/tree.css HTTP/1.1" 404 1090
180.152.241.196 - - [22/Sep/2023:10:04:42 +0800] "POST /xingrg/all/common/load_tree.html?tree=supplier_tree_json&isDelete=1 HTTP/1.1" 200 75946
114.83.216.51 - - [22/Sep/2023:10:04:44 +0800] "GET /xingrg/kc/buy/cgsh_order_operate.html?command=get_materiel&rest_code=00149&code=00101008314&supplier_code=00100008&order_time=2023-09-22 HTTP/1.1" 200 413
221.239.166.189 - - [22/Sep/2023:10:04:47 +0800] "GET /xingrg/all/function/internal_message.html?_=1695348286336&CODE_STATE=getMsg HTTP/1.1" 200 27
124.78.69.58 - - [22/Sep/2023:10:04:52 +0800] "GET /xingrg/all/function/internal_message.html?_=1695347720416&CODE_STATE=getMsg HTTP/1.1" 200 27
114.83.219.209 - - [22/Sep/2023:10:04:58 +0800] "GET /xingrg/kc/base/wldb_order_operate.html?command=get_materiel&rest_code=00154&base_code=0010724&code=00101040041 HTTP/1.1" 200 464
114.83.216.51 - - [22/Sep/2023:10:04:59 +0800] "GET /xingrg/all/function/internal_message.html?_=1695348297298&CODE_STATE=getMsg HTTP/1.1" 200 27
114.95.241.104 - - [22/Sep/2023:10:05:00 +0800] "GET /xingrg/kc/buy/cgsh_order_operate.html?command=get_materiel&rest_code=00150&code=00102035288&supplier_code=00100460&order_time=2023-09-22 HTTP/1.1" 200 400
114.83.216.51 - - [22/Sep/2023:10:05:01 +0800] "GET /xingrg/check_reg.html?_=1695348299326 HTTP/1.1" 200 22
124.77.241.134 - - [22/Sep/2023:10:05:02 +0800] "GET /xingrg/all/function/internal_message.html?_=1695348316491&CODE_STATE=getMsg HTTP/1.1" 200 27
180.165.48.189 - - [22/Sep/2023:10:05:03 +0800] "GET /xingrg/all/function/internal_message.html?_=1695348302350&CODE_STATE=getMsg HTTP/1.1" 200 27
116.228.172.122 - - [22/Sep/2023:10:05:03 +0800] "GET /xingrg/all/function/internal_message.html?_=1695347948672&CODE_STATE=getMsg HTTP/1.1" 200 27
124.79.244.212 - - [22/Sep/2023:10:05:06 +0800] "GET /xingrg/check_reg.html?_=1695348304667 HTTP/1.1" 302 -
114.83.219.209 - - [22/Sep/2023:10:05:08 +0800] "GET /xingrg/kc/base/wldb_order_operate.html?command=get_materiel&rest_code=00154&base_code=0010724&code=00101040040 HTTP/1.1" 200 459
114.95.241.104 - - [22/Sep/2023:10:05:12 +0800] "GET /xingrg/all/function/internal_message.html?_=1695348218975&CODE_STATE=getMsg HTTP/1.1" 200 27
114.83.216.51 - - [22/Sep/2023:10:05:15 +0800] "POST /xingrg/kc/buy/cgsh_order_operate.html HTTP/1.1" 200 37
180.152.241.196 - - [22/Sep/2023:10:05:17 +0800] "GET /xingrg/kc/buy/cgsh_order_operate.html?command=get_materiel&rest_code=00102&code=00101002027&supplier_code=00100400&order_time=2023-09-22 HTTP/1.1" 200 413
114.95.241.104 - - [22/Sep/2023:10:05:20 +0800] "GET /xingrg/kc/buy/cgsh_order_operate.html?command=get_materiel&rest_code=00150&code=00102006649&supplier_code=00100460&order_time=2023-09-22 HTTP/1.1" 200 410
114.83.216.51 - - [22/Sep/2023:10:05:21 +0800] "POST /xingrg/kc/buy/cgsh_order_operate.html HTTP/1.1" 200 45269
114.95.241.104 - - [22/Sep/2023:10:05:24 +0800] "GET /xingrg/all/function/internal_message.html?_=1695348323608&CODE_STATE=getMsg HTTP/1.1" 200 27
124.78.155.92 - - [22/Sep/2023:10:05:26 +0800] "GET /xingrg/all/function/internal_message.html?_=1695348322963&CODE_STATE=getMsg HTTP/1.1" 200 27
114.83.219.209 - - [22/Sep/2023:10:05:26 +0800] "GET /xingrg/kc/base/wldb_order_operate.html?command=get_materiel&rest_code=00154&base_code=0010724&code=00101020335 HTTP/1.1" 200 456
116.230.110.33 - - [22/Sep/2023:10:05:26 +0800] "GET /xingrg/all/function/internal_message.html?_=1695348183340&CODE_STATE=getMsg HTTP/1.1" 200 27
180.169.147.146 - - [22/Sep/2023:10:05:27 +0800] "GET /xingrg/all/function/internal_message.html?_=1695348327654&CODE_STATE=getMsg HTTP/1.1" 200 27
101.228.187.155 - - [22/Sep/2023:10:05:28 +0800] "GET /xingrg/all/function/internal_message.html?_=1695348327550&CODE_STATE=getMsg HTTP/1.1" 200 27
101.83.145.37 - - [22/Sep/2023:10:05:28 +0800] "GET /xingrg/all/function/internal_message.html?_=1695348328449&CODE_STATE=getMsg HTTP/1.1" 200 27
124.79.244.212 - - [22/Sep/2023:10:05:29 +0800] "GET /xingrg/all/function/internal_message.html?_=1695348627629&CODE_STATE=getMsg HTTP/1.1" 200 27
180.152.241.196 - - [22/Sep/2023:10:05:29 +0800] "GET /xingrg/all/function/internal_message.html?_=1695348329648&CODE_STATE=getMsg HTTP/1.1" 200 27
101.83.145.37 - - [22/Sep/2023:10:05:30 +0800] "GET /xingrg/all/function/internal_message.html?_=1695348117293&CODE_STATE=getMsg HTTP/1.1" 200 27
180.152.241.196 - - [22/Sep/2023:10:05:34 +0800] "GET /xingrg/kc/buy/cgsh_order_operate.html?command=get_materiel&rest_code=00102&code=00101002022&supplier_code=00100400&order_time=2023-09-22 HTTP/1.1" 200 410
114.83.219.209 - - [22/Sep/2023:10:05:39 +0800] "GET /xingrg/kc/base/wldb_order_operate.html?command=get_materiel&rest_code=00154&base_code=0010724&code=00101019071 HTTP/1.1" 200 470
114.83.219.209 - - [22/Sep/2023:10:05:41 +0800] "GET /xingrg/all/function/internal_message.html?_=1695348341513&CODE_STATE=getMsg HTTP/1.1" 200 27
221.239.166.189 - - [22/Sep/2023:10:05:47 +0800] "GET /xingrg/all/function/internal_message.html?_=1695348346323&CODE_STATE=getMsg HTTP/1.1" 200 27
124.78.69.58 - - [22/Sep/2023:10:05:52 +0800] "GET /xingrg/all/function/internal_message.html?_=1695347780415&CODE_STATE=getMsg HTTP/1.1" 200 27
124.78.69.58 - - [22/Sep/2023:10:05:52 +0800] "GET /xingrg/check_reg.html?_=1695347780417 HTTP/1.1" 200 22
180.152.241.196 - - [22/Sep/2023:10:05:53 +0800] "GET /xingrg/kc/buy/cgsh_order_operate.html?command=get_materiel&rest_code=00102&code=00101001069&supplier_code=00100400&order_time=2023-09-22 HTTP/1.1" 200 409
120.253.135.82 - - [22/Sep/2023:10:05:58 +0800] "GET /xingrg/check_reg.html?_=1695348162540 HTTP/1.1" 200 22
114.83.216.51 - - [22/Sep/2023:10:05:59 +0800] "GET /xingrg/all/function/internal_message.html?_=1695348357274&CODE_STATE=getMsg HTTP/1.1" 200 27
124.77.241.134 - - [22/Sep/2023:10:06:03 +0800] "GET /xingrg/all/function/internal_message.html?_=1695348376687&CODE_STATE=getMsg HTTP/1.1" 200 27
180.165.48.189 - - [22/Sep/2023:10:06:03 +0800] "GET /xingrg/all/function/internal_message.html?_=1695348362329&CODE_STATE=getMsg HTTP/1.1" 200 27
180.152.241.196 - - [22/Sep/2023:10:06:03 +0800] "GET /xingrg/kc/buy/cgsh_order_operate.html?command=get_materiel&rest_code=00102&code=00101005037&supplier_code=00100400&order_time=2023-09-22 HTTP/1.1" 200 409
116.228.172.122 - - [22/Sep/2023:10:06:03 +0800] "GET /xingrg/all/function/internal_message.html?_=1695348008665&CODE_STATE=getMsg HTTP/1.1" 200 27
114.95.241.104 - - [22/Sep/2023:10:06:09 +0800] "POST /xingrg/kc/buy/cgsh_order_operate.html HTTP/1.1" 200 37
180.152.241.196 - - [22/Sep/2023:10:06:11 +0800] "GET /xingrg/kc/buy/cgsh_order_operate.html?command=get_materiel&rest_code=00102&code=00101010161&supplier_code=00100400&order_time=2023-09-22 HTTP/1.1" 200 408
114.95.241.104 - - [22/Sep/2023:10:06:12 +0800] "GET /xingrg/all/function/internal_message.html?_=1695348278980&CODE_STATE=getMsg HTTP/1.1" 200 27
120.253.135.82 - - [22/Sep/2023:10:06:16 +0800] "GET /xingrg/kc/pszx/mdqp_order_list.html?state=10 HTTP/1.1" 200 11124
120.253.135.82 - - [22/Sep/2023:10:06:16 +0800] "GET /xingrg/dwr/interface/AjaxQqpsService.js HTTP/1.1" 200 16326
120.253.135.82 - - [22/Sep/2023:10:06:16 +0800] "GET /xingrg/dwr/engine.js HTTP/1.1" 200 43631
120.253.135.82 - - [22/Sep/2023:10:06:16 +0800] "GET /xingrg/dwr/interface/AjaxReportQueryService.js HTTP/1.1" 200 13203
114.95.241.104 - - [22/Sep/2023:10:06:19 +0800] "POST /xingrg/kc/buy/cgsh_order_operate.html HTTP/1.1" 200 12
120.253.135.82 - - [22/Sep/2023:10:06:19 +0800] "GET /xingrg/kc/pszx/mdps_order_list.html?orderType=0 HTTP/1.1" 200 21108
120.253.135.82 - - [22/Sep/2023:10:06:20 +0800] "POST /xingrg/kc/pszx/mdps_list_operate.html HTTP/1.1" 200 5465
114.95.241.104 - - [22/Sep/2023:10:06:21 +0800] "GET /xingrg/kc/buy/cgsh_order_info.html?code=212023092208762 HTTP/1.1" 200 67312
114.95.241.104 - - [22/Sep/2023:10:06:22 +0800] "GET /xingrg/javascript/easyui/themes/default/validatebox.css HTTP/1.1" 404 1104
114.95.241.104 - - [22/Sep/2023:10:06:22 +0800] "POST /xingrg/kc/buy/cgsh_order_operate.html HTTP/1.1" 200 1798
120.253.135.82 - - [22/Sep/2023:10:06:23 +0800] "GET /xingrg/kc/pszx/mdth_order_list.html HTTP/1.1" 200 18532
120.253.135.82 - - [22/Sep/2023:10:06:24 +0800] "POST /xingrg/kc/pszx/mdth_order_new_list.html HTTP/1.1" 200 4730
114.95.241.104 - - [22/Sep/2023:10:06:24 +0800] "GET /xingrg/kc/print/load_data.html?order_code=212023092208762&kc_code=cgsh&condition= HTTP/1.1" 200 1154
114.95.241.104 - - [22/Sep/2023:10:06:25 +0800] "GET /xingrg/all/function/internal_message.html?_=1695348383596&CODE_STATE=getMsg HTTP/1.1" 200 27
124.78.155.92 - - [22/Sep/2023:10:06:26 +0800] "GET /xingrg/all/function/internal_message.html?_=1695348382933&CODE_STATE=getMsg HTTP/1.1" 200 27
116.230.110.33 - - [22/Sep/2023:10:06:26 +0800] "GET /xingrg/all/function/internal_message.html?_=1695348243312&CODE_STATE=getMsg HTTP/1.1" 200 27
180.169.147.146 - - [22/Sep/2023:10:06:27 +0800] "GET /xingrg/all/function/internal_message.html?_=1695348387629&CODE_STATE=getMsg HTTP/1.1" 200 27
101.228.187.155 - - [22/Sep/2023:10:06:28 +0800] "GET /xingrg/all/function/internal_message.html?_=1695348387548&CODE_STATE=getMsg HTTP/1.1" 200 27
101.83.145.37 - - [22/Sep/2023:10:06:28 +0800] "GET /xingrg/all/function/internal_message.html?_=1695348388450&CODE_STATE=getMsg HTTP/1.1" 200 27
124.79.244.212 - - [22/Sep/2023:10:06:29 +0800] "GET /xingrg/all/function/internal_message.html?_=1695348687627&CODE_STATE=getMsg HTTP/1.1" 200 27
180.152.241.196 - - [22/Sep/2023:10:06:29 +0800] "GET /xingrg/all/function/internal_message.html?_=1695348389685&CODE_STATE=getMsg HTTP/1.1" 200 27
101.83.145.37 - - [22/Sep/2023:10:06:30 +0800] "GET /xingrg/all/function/internal_message.html?_=1695348177293&CODE_STATE=getMsg HTTP/1.1" 200 27
180.152.241.196 - - [22/Sep/2023:10:06:30 +0800] "GET /xingrg/check_reg.html?_=1695348389699 HTTP/1.1" 200 22
114.95.241.104 - - [22/Sep/2023:10:06:32 +0800] "POST /xingrg/all/user/operate.html HTTP/1.1" 200 36
114.95.241.104 - - [22/Sep/2023:10:06:32 +0800] "GET /xingrg/index.html?sysBaseUrl=http%3A%2F%2F180.169.147.146%3A18081%2Fxingrg%2F&costTime=817×tamp=1695344093344 HTTP/1.1" 200 17177
114.95.241.104 - - [22/Sep/2023:10:06:32 +0800] "GET /xingrg/javascript/jquery_easy_ui/themes/default/easyui.css HTTP/1.1" 304 -
114.95.241.104 - - [22/Sep/2023:10:06:32 +0800] "GET /xingrg/javascript/jquery_easy_ui/themes/icon.css HTTP/1.1" 304 -
114.95.241.104 - - [22/Sep/2023:10:06:32 +0800] "GET /xingrg/css/form.css HTTP/1.1" 304 -
114.95.241.104 - - [22/Sep/2023:10:06:33 +0800] "GET /xingrg/javascript/jquery-1.4.2.min.js HTTP/1.1" 304 -
114.95.241.104 - - [22/Sep/2023:10:06:33 +0800] "GET /xingrg/javascript/jquery_easy_ui/jquery.easyui.min.js HTTP/1.1" 304 -
114.95.241.104 - - [22/Sep/2023:10:06:33 +0800] "GET /xingrg/javascript/jquery_easy_ui/easyui-lang-zh_CN.js HTTP/1.1" 304 -
114.95.241.104 - - [22/Sep/2023:10:06:33 +0800] "GET /xingrg/javascript/jquery.form.js HTTP/1.1" 304 -
114.95.241.104 - - [22/Sep/2023:10:06:33 +0800] "GET /xingrg/javascript/jquery.utils.js HTTP/1.1" 304 -
114.95.241.104 - - [22/Sep/2023:10:06:34 +0800] "GET /xingrg/javascript/jquery.timers.js HTTP/1.1" 304 -
114.95.241.104 - - [22/Sep/2023:10:06:34 +0800] "GET /xingrg/images/blue/jxLogo.png HTTP/1.1" 304 -
114.95.241.104 - - [22/Sep/2023:10:06:34 +0800] "GET /xingrg/images/blue/navBackgound.jpg HTTP/1.1" 304 -
114.95.241.104 - - [22/Sep/2023:10:06:34 +0800] "GET /xingrg/javascript/jquery_easy_ui/themes/icons/settle_new.png HTTP/1.1" 304 -
114.95.241.104 - - [22/Sep/2023:10:06:34 +0800] "GET /xingrg/all/function/internal_message.html?_=1695348392998&CODE_STATE=count HTTP/1.1" 200 11
114.95.241.104 - - [22/Sep/2023:10:06:34 +0800] "GET /xingrg/check_reg.html?_=1695348392999 HTTP/1.1" 200 22
114.95.241.104 - - [22/Sep/2023:10:06:34 +0800] "GET /xingrg/images/blue/pingpu.png HTTP/1.1" 304 -
114.95.241.104 - - [22/Sep/2023:10:06:34 +0800] "GET /xingrg/javascript/jquery_easy_ui/themes/default/images/panel_tool_collapse.gif HTTP/1.1" 304 -
114.95.241.104 - - [22/Sep/2023:10:06:34 +0800] "GET /xingrg/javascript/jquery_easy_ui/themes/default/images/tabs_leftarrow.png HTTP/1.1" 304 -
114.95.241.104 - - [22/Sep/2023:10:06:34 +0800] "POST /xingrg/all/common/load_tree.html?tree=area_rest_tree_json&manage=1 HTTP/1.1" 200 476
114.95.241.104 - - [22/Sep/2023:10:06:34 +0800] "POST /xingrg/load_menu.html HTTP/1.1" 200 5138
114.95.241.104 - - [22/Sep/2023:10:06:34 +0800] "GET /xingrg/javascript/jquery_easy_ui/themes/default/images/tabs_rightarrow.png HTTP/1.1" 304 -
114.95.241.104 - - [22/Sep/2023:10:06:34 +0800] "GET /xingrg/javascript/jquery_easy_ui/themes/icons/storage_new.png HTTP/1.1" 304 -
114.95.241.104 - - [22/Sep/2023:10:06:34 +0800] "GET /xingrg/javascript/jquery_easy_ui/themes/default/images/tree_arrows.gif HTTP/1.1" 304 -
114.95.241.104 - - [22/Sep/2023:10:06:34 +0800] "GET /xingrg/javascript/jquery_easy_ui/themes/icons/search_new.png HTTP/1.1" 304 -
114.95.241.104 - - [22/Sep/2023:10:06:34 +0800] "GET /xingrg/javascript/jquery_easy_ui/themes/default/images/tree_file.gif HTTP/1.1" 304 -
114.95.241.104 - - [22/Sep/2023:10:06:34 +0800] "GET /xingrg/javascript/jquery_easy_ui/themes/default/images/tree_folder.gif HTTP/1.1" 304 -
114.95.241.104 - - [22/Sep/2023:10:06:34 +0800] "GET /xingrg/javascript/jquery_easy_ui/themes/icons/forms_new.png HTTP/1.1" 304 -
114.95.241.104 - - [22/Sep/2023:10:06:34 +0800] "GET /xingrg/javascript/jquery_easy_ui/themes/default/images/tree_folder_open.gif HTTP/1.1" 304 -
114.83.219.209 - - [22/Sep/2023:10:06:35 +0800] "GET /xingrg/kc/base/wldb_order_operate.html?command=get_materiel&rest_code=00154&base_code=0010724&code=00101019184 HTTP/1.1" 200 458
114.95.241.104 - - [22/Sep/2023:10:06:37 +0800] "GET /xingrg/kc/buy/cgsh_order_list.html HTTP/1.1" 200 56583
180.152.241.196 - - [22/Sep/2023:10:06:39 +0800] "GET /xingrg/kc/buy/cgsh_order_operate.html?command=get_materiel&rest_code=00102&code=00101001191&supplier_code=00100400&order_time=2023-09-22 HTTP/1.1" 200 413
114.95.241.104 - - [22/Sep/2023:10:06:40 +0800] "POST /xingrg/kc/buy/cgsh_list_operate.html HTTP/1.1" 200 986
116.230.110.33 - - [22/Sep/2023:10:06:41 +0800] "GET /xingrg/check_reg.html?_=1695348258109 HTTP/1.1" 200 22
114.83.219.209 - - [22/Sep/2023:10:06:41 +0800] "GET /xingrg/all/function/internal_message.html?_=1695348401502&CODE_STATE=getMsg HTTP/1.1" 200 27
114.95.241.104 - - [22/Sep/2023:10:06:42 +0800] "GET /xingrg/kc/buy/cgsh_order_add.html HTTP/1.1" 200 71959
114.95.241.104 - - [22/Sep/2023:10:06:42 +0800] "GET /xingrg/javascript/easyui/themes/default/validatebox.css HTTP/1.1" 404 1104
114.95.241.104 - - [22/Sep/2023:10:06:42 +0800] "POST /xingrg/kc/buy/cgsh_order_operate.html HTTP/1.1" 200 8245
221.239.166.189 - - [22/Sep/2023:10:06:47 +0800] "GET /xingrg/all/function/internal_message.html?_=1695348406330&CODE_STATE=getMsg HTTP/1.1" 200 27
114.83.219.209 - - [22/Sep/2023:10:06:50 +0800] "GET /xingrg/kc/base/wldb_order_operate.html?command=get_materiel&rest_code=00154&base_code=0010724&code=00101019133 HTTP/1.1" 200 479
114.95.241.104 - - [22/Sep/2023:10:06:51 +0800] "GET /xingrg/javascript/auto/indicator.gif HTTP/1.1" 404 1066
124.78.69.58 - - [22/Sep/2023:10:06:52 +0800] "GET /xingrg/all/function/internal_message.html?_=1695347840415&CODE_STATE=getMsg HTTP/1.1" 200 27
124.77.241.134 - - [22/Sep/2023:10:06:55 +0800] "POST /xingrg/services/DataTransmitService HTTP/1.1" 200 501
124.77.241.134 - - [22/Sep/2023:10:06:57 +0800] "POST /xingrg/services/DataTransmitService HTTP/1.1" 200 501
114.83.216.51 - - [22/Sep/2023:10:06:59 +0800] "GET /xingrg/all/function/internal_message.html?_=1695348417255&CODE_STATE=getMsg HTTP/1.1" 200 27
124.77.241.134 - - [22/Sep/2023:10:07:03 +0800] "GET /xingrg/all/function/internal_message.html?_=1695348436701&CODE_STATE=getMsg HTTP/1.1" 200 27
180.165.48.189 - - [22/Sep/2023:10:07:03 +0800] "GET /xingrg/all/function/internal_message.html?_=1695348422331&CODE_STATE=getMsg HTTP/1.1" 200 27
116.228.172.122 - - [22/Sep/2023:10:07:03 +0800] "GET /xingrg/all/function/internal_message.html?_=1695348068671&CODE_STATE=getMsg HTTP/1.1" 200 27
114.95.241.104 - - [22/Sep/2023:10:07:11 +0800] "GET /xingrg/kc/buy/cgsh_order_operate.html?command=get_materiel&rest_code=00151&code=00102003581&supplier_code=00100513&order_time=2023-09-22 HTTP/1.1" 200 408
114.95.241.104 - - [22/Sep/2023:10:07:13 +0800] "GET /xingrg/all/function/internal_message.html?_=1695348339218&CODE_STATE=getMsg HTTP/1.1" 200 27
124.77.241.134 - - [22/Sep/2023:10:07:25 +0800] "POST /xingrg/services/DataTransmitService HTTP/1.1" 200 501
114.95.241.104 - - [22/Sep/2023:10:07:25 +0800] "POST /xingrg/kc/buy/cgsh_order_operate.html HTTP/1.1" 200 37
124.78.155.92 - - [22/Sep/2023:10:07:26 +0800] "GET /xingrg/all/function/internal_message.html?_=1695348442917&CODE_STATE=getMsg HTTP/1.1" 200 27
116.230.110.33 - - [22/Sep/2023:10:07:26 +0800] "GET /xingrg/all/function/internal_message.html?_=1695348303296&CODE_STATE=getMsg HTTP/1.1" 200 27
180.163.28.143 - - [22/Sep/2023:10:07:27 +0800] "GET /xingrg/all/function/internal_message.html?_=1695348387629&CODE_STATE=getMsg HTTP/1.1" 302 -
180.169.147.146 - - [22/Sep/2023:10:07:27 +0800] "GET /xingrg/all/function/internal_message.html?_=1695348447618&CODE_STATE=getMsg HTTP/1.1" 200 27
180.163.28.143 - - [22/Sep/2023:10:07:27 +0800] "GET /xingrg/login.html HTTP/1.1" 200 7641
180.169.147.146 - - [22/Sep/2023:10:07:27 +0800] "GET /xingrg/check_reg.html?_=1695348447911 HTTP/1.1" 200 22
101.228.187.155 - - [22/Sep/2023:10:07:28 +0800] "GET /xingrg/all/function/internal_message.html?_=1695348447546&CODE_STATE=getMsg HTTP/1.1" 200 27
101.83.145.37 - - [22/Sep/2023:10:07:28 +0800] "GET /xingrg/all/function/internal_message.html?_=1695348448452&CODE_STATE=getMsg HTTP/1.1" 200 27
101.228.187.155 - - [22/Sep/2023:10:07:28 +0800] "GET /xingrg/check_reg.html?_=1695348447549 HTTP/1.1" 200 22
124.79.244.212 - - [22/Sep/2023:10:07:29 +0800] "GET /xingrg/all/function/internal_message.html?_=1695348747627&CODE_STATE=getMsg HTTP/1.1" 200 27
124.79.244.212 - - [22/Sep/2023:10:07:29 +0800] "GET /xingrg/check_reg.html?_=1695348747628 HTTP/1.1" 200 22
180.152.241.196 - - [22/Sep/2023:10:07:29 +0800] "GET /xingrg/all/function/internal_message.html?_=1695348449666&CODE_STATE=getMsg HTTP/1.1" 200 27
101.83.145.37 - - [22/Sep/2023:10:07:30 +0800] "GET /xingrg/check_reg.html?_=1695348237294 HTTP/1.1" 200 22
101.83.145.37 - - [22/Sep/2023:10:07:30 +0800] "GET /xingrg/all/function/internal_message.html?_=1695348237296&CODE_STATE=getMsg HTTP/1.1" 200 27
180.152.241.196 - - [22/Sep/2023:10:07:32 +0800] "POST /xingrg/kc/buy/cgsh_order_operate.html HTTP/1.1" 200 37
114.95.241.104 - - [22/Sep/2023:10:07:34 +0800] "GET /xingrg/all/function/internal_message.html?_=1695348453007&CODE_STATE=getMsg HTTP/1.1" 200 27
114.83.219.209 - - [22/Sep/2023:10:07:34 +0800] "GET /xingrg/kc/base/wldb_order_operate.html?command=get_materiel&rest_code=00154&base_code=0010724&code=00101013092 HTTP/1.1" 200 435
114.95.241.104 - - [22/Sep/2023:10:07:40 +0800] "POST /xingrg/kc/buy/cgsh_order_operate.html HTTP/1.1" 200 12
114.83.219.209 - - [22/Sep/2023:10:07:41 +0800] "GET /xingrg/all/function/internal_message.html?_=1695348461501&CODE_STATE=getMsg HTTP/1.1" 200 27
180.152.241.196 - - [22/Sep/2023:10:07:45 +0800] "POST /xingrg/kc/buy/cgsh_order_operate.html HTTP/1.1" 200 12
114.95.241.104 - - [22/Sep/2023:10:07:46 +0800] "GET /xingrg/kc/buy/cgsh_order_info.html?code=212023092208763 HTTP/1.1" 200 66878
114.95.241.104 - - [22/Sep/2023:10:07:47 +0800] "GET /xingrg/javascript/easyui/themes/default/validatebox.css HTTP/1.1" 404 1104
221.239.166.189 - - [22/Sep/2023:10:07:47 +0800] "GET /xingrg/all/function/internal_message.html?_=1695348466331&CODE_STATE=getMsg HTTP/1.1" 200 27
180.152.241.196 - - [22/Sep/2023:10:07:48 +0800] "GET /xingrg/kc/buy/cgsh_order_info.html?code=212023092208764 HTTP/1.1" 200 67301
180.152.241.196 - - [22/Sep/2023:10:07:48 +0800] "GET /xingrg/javascript/easyui/themes/default/validatebox.css HTTP/1.1" 404 1104
114.95.241.104 - - [22/Sep/2023:10:07:48 +0800] "POST /xingrg/kc/buy/cgsh_order_operate.html HTTP/1.1" 200 609
180.152.241.196 - - [22/Sep/2023:10:07:49 +0800] "POST /xingrg/kc/buy/cgsh_order_operate.html HTTP/1.1" 200 3559
180.152.241.196 - - [22/Sep/2023:10:07:52 +0800] "GET /xingrg/kc/print/load_data.html?order_code=212023092208764&kc_code=cgsh&condition= HTTP/1.1" 200 1802
124.78.69.58 - - [22/Sep/2023:10:07:52 +0800] "GET /xingrg/all/function/internal_message.html?_=1695347900416&CODE_STATE=getMsg HTTP/1.1" 200 27
114.95.241.104 - - [22/Sep/2023:10:07:53 +0800] "GET /xingrg/kc/print/load_data.html?order_code=212023092208763&kc_code=cgsh&condition= HTTP/1.1" 200 714
114.83.216.51 - - [22/Sep/2023:10:07:56 +0800] "GET /xingrg/kc/buy/cgsh_order_operate.html?command=get_materiel&rest_code=00149&code=00101015001&supplier_code=00100008&order_time=2023-09-22 HTTP/1.1" 200 412
180.152.241.196 - - [22/Sep/2023:10:07:57 +0800] "GET /xingrg/kc/buy/cgsh_order_add.html HTTP/1.1" 200 72396
180.152.241.196 - - [22/Sep/2023:10:07:58 +0800] "POST /xingrg/kc/buy/cgsh_order_operate.html HTTP/1.1" 200 8245
180.152.241.196 - - [22/Sep/2023:10:07:58 +0800] "GET /xingrg/javascript/easyui/themes/default/validatebox.css HTTP/1.1" 404 1104
114.95.241.104 - - [22/Sep/2023:10:07:58 +0800] "GET /xingrg/check_reg.html?_=1695348384587 HTTP/1.1" 200 22
114.83.216.51 - - [22/Sep/2023:10:07:59 +0800] "GET /xingrg/all/function/internal_message.html?_=1695348477243&CODE_STATE=getMsg HTTP/1.1" 200 27
124.77.241.134 - - [22/Sep/2023:10:08:01 +0800] "GET /xingrg/check_reg.html?_=1695348495158 HTTP/1.1" 200 22
114.83.219.209 - - [22/Sep/2023:10:08:01 +0800] "GET /xingrg/kc/base/wldb_order_operate.html?command=get_materiel&rest_code=00154&base_code=0010724&code=00101019536 HTTP/1.1" 200 471
180.165.48.189 - - [22/Sep/2023:10:08:02 +0800] "GET /xingrg/check_reg.html?_=1695348481354 HTTP/1.1" 200 22
124.77.241.134 - - [22/Sep/2023:10:08:02 +0800] "POST /xingrg/services/DataTransmitService HTTP/1.1" 200 501
124.77.241.134 - - [22/Sep/2023:10:08:02 +0800] "GET /xingrg/all/function/internal_message.html?_=1695348496715&CODE_STATE=getMsg HTTP/1.1" 200 27
180.165.48.189 - - [22/Sep/2023:10:08:03 +0800] "GET /xingrg/all/function/internal_message.html?_=1695348482304&CODE_STATE=getMsg HTTP/1.1" 200 27
116.228.172.122 - - [22/Sep/2023:10:08:03 +0800] "GET /xingrg/check_reg.html?_=1695348128658 HTTP/1.1" 200 22
