180.165.48.189 - - [22/Sep/2023:11:31:02 +0800] "GET /xingrg/all/function/internal_message.html?_=1695353461347&CODE_STATE=getMsg HTTP/1.1" 200 27
218.81.65.247 - - [22/Sep/2023:11:31:02 +0800] "POST /xingrg/dwr/call/plaincall/AjaxReportQueryService.refreshCache.dwr HTTP/1.1" 200 78
116.228.172.122 - - [22/Sep/2023:11:31:03 +0800] "GET /xingrg/all/function/internal_message.html?_=1695353108667&CODE_STATE=getMsg HTTP/1.1" 302 -
218.81.65.247 - - [22/Sep/2023:11:31:05 +0800] "POST /xingrg/all/report/load_report_page.html HTTP/1.1" 200 8912
218.81.65.247 - - [22/Sep/2023:11:31:05 +0800] "GET /xingrg/servlets/image?cache=0.616310936542318&image=px HTTP/1.1" 200 807
101.83.145.37 - - [22/Sep/2023:11:31:06 +0800] "GET /xingrg/kc/buy/cgsh_order_operate.html?command=get_materiel&rest_code=00105&code=00101002007&supplier_code=00100442&order_time=2023-09-22 HTTP/1.1" 200 409
114.95.241.104 - - [22/Sep/2023:11:31:07 +0800] "POST /xingrg/kc/base/wldb_order_operate.html HTTP/1.1" 200 12
114.95.241.104 - - [22/Sep/2023:11:31:07 +0800] "POST /xingrg/kc/base/wldb_order_operate.html HTTP/1.1" 200 3198
114.83.216.51 - - [22/Sep/2023:11:31:08 +0800] "GET /xingrg/kc/base/wldb_order_operate.html?command=get_materiel&rest_code=00149&base_code=0010394&code=00101016046 HTTP/1.1" 200 457
222.70.107.161 - - [22/Sep/2023:11:31:09 +0800] "GET /xingrg/all/function/internal_message.html?_=1695353474937&CODE_STATE=getMsg HTTP/1.1" 200 27
124.78.155.92 - - [22/Sep/2023:11:31:09 +0800] "GET /xingrg/check_reg.html?_=1695353465966 HTTP/1.1" 200 22
114.95.241.104 - - [22/Sep/2023:11:31:11 +0800] "GET /xingrg/kc/base/wldb_order_info.html?code=422023092202164 HTTP/1.1" 200 26342
114.95.241.104 - - [22/Sep/2023:11:31:11 +0800] "GET /xingrg/javascript/easyui/themes/default/validatebox.css HTTP/1.1" 404 1104
114.95.241.104 - - [22/Sep/2023:11:31:12 +0800] "POST /xingrg/kc/base/wldb_order_operate.html HTTP/1.1" 200 1470
114.83.216.51 - - [22/Sep/2023:11:31:15 +0800] "GET /xingrg/all/function/internal_message.html?_=1695353473681&CODE_STATE=getMsg HTTP/1.1" 200 27
114.95.241.104 - - [22/Sep/2023:11:31:18 +0800] "GET /xingrg/kc/buy/cgsh_order_list.html HTTP/1.1" 200 56585
180.169.147.146 - - [22/Sep/2023:11:31:18 +0800] "GET /xingrg/all/function/internal_message.html?_=1695353472873&CODE_STATE=getMsg HTTP/1.1" 200 27
114.95.241.104 - - [22/Sep/2023:11:31:20 +0800] "POST /xingrg/kc/buy/cgsh_list_operate.html HTTP/1.1" 200 986
218.81.65.247 - - [22/Sep/2023:11:31:20 +0800] "GET /xingrg/all/function/internal_message.html?_=1695353479250&CODE_STATE=getMsg HTTP/1.1" 200 27
114.95.241.104 - - [22/Sep/2023:11:31:20 +0800] "GET /xingrg/all/function/internal_message.html?_=1695353386843&CODE_STATE=getMsg HTTP/1.1" 200 27
114.95.241.104 - - [22/Sep/2023:11:31:21 +0800] "GET /xingrg/kc/buy/cgsh_order_add.html HTTP/1.1" 200 72405
114.95.241.104 - - [22/Sep/2023:11:31:22 +0800] "POST /xingrg/kc/buy/cgsh_order_operate.html HTTP/1.1" 200 8245
114.95.241.104 - - [22/Sep/2023:11:31:22 +0800] "GET /xingrg/javascript/easyui/themes/default/validatebox.css HTTP/1.1" 404 1104
114.83.216.51 - - [22/Sep/2023:11:31:23 +0800] "POST /xingrg/kc/base/wldb_order_operate.html HTTP/1.1" 200 37
116.230.110.33 - - [22/Sep/2023:11:31:25 +0800] "GET /xingrg/all/function/internal_message.html?_=1695353341839&CODE_STATE=getMsg HTTP/1.1" 200 27
114.83.219.209 - - [22/Sep/2023:11:31:25 +0800] "GET /xingrg/all/function/internal_message.html?_=1695353485564&CODE_STATE=getMsg HTTP/1.1" 200 27
124.77.241.134 - - [22/Sep/2023:11:31:26 +0800] "GET /xingrg/all/function/internal_message.html?_=1695353500178&CODE_STATE=getMsg HTTP/1.1" 200 27
180.169.147.146 - - [22/Sep/2023:11:31:27 +0800] "GET /xingrg/all/function/internal_message.html?_=1695353487274&CODE_STATE=getMsg HTTP/1.1" 200 27
180.152.241.196 - - [22/Sep/2023:11:31:28 +0800] "GET /xingrg/all/function/internal_message.html?_=1695353488328&CODE_STATE=getMsg HTTP/1.1" 200 27
101.228.187.155 - - [22/Sep/2023:11:31:28 +0800] "GET /xingrg/all/function/internal_message.html?_=1695353487650&CODE_STATE=getMsg HTTP/1.1" 200 27
114.83.216.51 - - [22/Sep/2023:11:31:28 +0800] "POST /xingrg/kc/base/wldb_order_operate.html HTTP/1.1" 200 12
114.83.216.51 - - [22/Sep/2023:11:31:28 +0800] "POST /xingrg/kc/base/wldb_order_operate.html HTTP/1.1" 200 2716
124.79.244.212 - - [22/Sep/2023:11:31:29 +0800] "GET /xingrg/all/function/internal_message.html?_=1695353787695&CODE_STATE=getMsg HTTP/1.1" 200 27
180.152.241.196 - - [22/Sep/2023:11:31:29 +0800] "GET /xingrg/check_reg.html?_=1695353489713 HTTP/1.1" 200 22
101.83.145.37 - - [22/Sep/2023:11:31:30 +0800] "GET /xingrg/all/function/internal_message.html?_=1695353277384&CODE_STATE=getMsg HTTP/1.1" 200 27
222.70.180.200 - - [22/Sep/2023:11:31:32 +0800] "GET /xingrg/all/function/internal_message.html?_=1695353488983&CODE_STATE=getMsg HTTP/1.1" 200 27
114.83.216.51 - - [22/Sep/2023:11:31:33 +0800] "GET /xingrg/kc/base/wldb_order_info.html?code=422023092202165 HTTP/1.1" 200 26342
114.83.216.51 - - [22/Sep/2023:11:31:34 +0800] "GET /xingrg/javascript/easyui/themes/default/validatebox.css HTTP/1.1" 404 1104
114.83.216.51 - - [22/Sep/2023:11:31:34 +0800] "POST /xingrg/kc/base/wldb_order_operate.html HTTP/1.1" 200 1000
114.83.216.51 - - [22/Sep/2023:11:31:37 +0800] "GET /xingrg/kc/base/wldb_order_add.html HTTP/1.1" 200 30463
114.83.216.51 - - [22/Sep/2023:11:31:37 +0800] "POST /xingrg/kc/base/wldb_order_operate.html HTTP/1.1" 200 6806
114.83.216.51 - - [22/Sep/2023:11:31:37 +0800] "GET /xingrg/javascript/easyui/themes/default/validatebox.css HTTP/1.1" 404 1104
101.83.145.37 - - [22/Sep/2023:11:31:38 +0800] "GET /xingrg/kc/buy/cgsh_order_operate.html?command=get_materiel&rest_code=00105&code=00101002041&supplier_code=00100442&order_time=2023-09-22 HTTP/1.1" 200 409
114.83.216.51 - - [22/Sep/2023:11:31:39 +0800] "POST /xingrg/all/common/load_combo.html?type=base HTTP/1.1" 200 3409
116.230.110.33 - - [22/Sep/2023:11:31:41 +0800] "GET /xingrg/check_reg.html?_=1695353357844 HTTP/1.1" 200 22
114.95.241.104 - - [22/Sep/2023:11:31:41 +0800] "GET /xingrg/all/function/internal_message.html?_=1695353499986&CODE_STATE=getMsg HTTP/1.1" 200 27
101.83.145.37 - - [22/Sep/2023:11:31:51 +0800] "GET /xingrg/kc/buy/cgsh_order_operate.html?command=get_materiel&rest_code=00105&code=00101001052&supplier_code=00100442&order_time=2023-09-22 HTTP/1.1" 200 411
114.83.216.51 - - [22/Sep/2023:11:31:51 +0800] "GET /xingrg/kc/base/wldb_order_operate.html?command=get_materiel&rest_code=00149&base_code=0010394&code=00101019056 HTTP/1.1" 200 476
124.78.69.58 - - [22/Sep/2023:11:31:52 +0800] "GET /xingrg/all/function/internal_message.html?_=1695352940652&CODE_STATE=getMsg HTTP/1.1" 200 27
124.78.155.92 - - [22/Sep/2023:11:31:52 +0800] "GET /xingrg/all/function/internal_message.html?_=1695353509383&CODE_STATE=getMsg HTTP/1.1" 200 27
180.152.241.196 - - [22/Sep/2023:11:31:53 +0800] "GET /xingrg/all/function/internal_message.html?_=1695353537252&CODE_STATE=getMsg HTTP/1.1" 200 27
101.83.145.37 - - [22/Sep/2023:11:31:54 +0800] "GET /xingrg/all/function/internal_message.html?_=1695353514069&CODE_STATE=getMsg HTTP/1.1" 200 27
180.165.48.189 - - [22/Sep/2023:11:31:56 +0800] "POST /xingrg/services/DataTransmitService HTTP/1.1" 200 524
221.239.166.189 - - [22/Sep/2023:11:32:01 +0800] "GET /xingrg/all/function/internal_message.html?_=1695353520433&CODE_STATE=getMsg HTTP/1.1" 200 27
180.165.48.189 - - [22/Sep/2023:11:32:02 +0800] "GET /xingrg/all/function/internal_message.html?_=1695353521349&CODE_STATE=getMsg HTTP/1.1" 200 27
116.228.172.122 - - [22/Sep/2023:11:32:03 +0800] "GET /xingrg/all/function/internal_message.html?_=1695353168668&CODE_STATE=getMsg HTTP/1.1" 302 -
222.70.107.161 - - [22/Sep/2023:11:32:09 +0800] "GET /xingrg/all/function/internal_message.html?_=1695353534939&CODE_STATE=getMsg HTTP/1.1" 200 27
180.163.29.234 - - [22/Sep/2023:11:32:09 +0800] "GET /xingrg/check_reg.html?_=1695353465966 HTTP/1.1" 302 -
180.163.29.234 - - [22/Sep/2023:11:32:09 +0800] "GET /xingrg/login.html HTTP/1.1" 200 7641
114.83.216.51 - - [22/Sep/2023:11:32:09 +0800] "POST /xingrg/kc/base/wldb_order_operate.html HTTP/1.1" 200 37
114.83.216.51 - - [22/Sep/2023:11:32:10 +0800] "POST /xingrg/kc/base/wldb_order_operate.html HTTP/1.1" 200 2217
114.83.216.51 - - [22/Sep/2023:11:32:16 +0800] "GET /xingrg/check_reg.html?_=1695353533681 HTTP/1.1" 200 22
114.83.216.51 - - [22/Sep/2023:11:32:16 +0800] "GET /xingrg/all/function/internal_message.html?_=1695353533686&CODE_STATE=getMsg HTTP/1.1" 200 27
114.83.216.51 - - [22/Sep/2023:11:32:16 +0800] "POST /xingrg/kc/base/wldb_order_operate.html HTTP/1.1" 200 12
114.83.216.51 - - [22/Sep/2023:11:32:18 +0800] "GET /xingrg/kc/base/wldb_order_info.html?code=422023092202166 HTTP/1.1" 200 26340
180.169.147.146 - - [22/Sep/2023:11:32:18 +0800] "GET /xingrg/all/function/internal_message.html?_=1695353532859&CODE_STATE=getMsg HTTP/1.1" 200 27
114.83.216.51 - - [22/Sep/2023:11:32:18 +0800] "GET /xingrg/javascript/easyui/themes/default/validatebox.css HTTP/1.1" 404 1104
114.83.216.51 - - [22/Sep/2023:11:32:18 +0800] "POST /xingrg/kc/base/wldb_order_operate.html HTTP/1.1" 200 512
114.95.241.104 - - [22/Sep/2023:11:32:19 +0800] "GET /xingrg/kc/buy/cgsh_order_operate.html?command=get_materiel&rest_code=00150&code=00101011005&supplier_code=00100047&order_time=2023-09-22 HTTP/1.1" 200 428
218.81.65.247 - - [22/Sep/2023:11:32:20 +0800] "GET /xingrg/all/function/internal_message.html?_=1695353539258&CODE_STATE=getMsg HTTP/1.1" 200 27
114.95.241.104 - - [22/Sep/2023:11:32:21 +0800] "GET /xingrg/all/function/internal_message.html?_=1695353447069&CODE_STATE=getMsg HTTP/1.1" 200 27
114.83.216.51 - - [22/Sep/2023:11:32:24 +0800] "GET /xingrg/kc/base/wldb_order_add.html HTTP/1.1" 200 30463
114.83.216.51 - - [22/Sep/2023:11:32:24 +0800] "POST /xingrg/kc/base/wldb_order_operate.html HTTP/1.1" 200 6806
114.83.216.51 - - [22/Sep/2023:11:32:24 +0800] "GET /xingrg/javascript/easyui/themes/default/validatebox.css HTTP/1.1" 404 1104
116.230.110.33 - - [22/Sep/2023:11:32:25 +0800] "GET /xingrg/all/function/internal_message.html?_=1695353401831&CODE_STATE=getMsg HTTP/1.1" 200 27
114.83.219.209 - - [22/Sep/2023:11:32:25 +0800] "GET /xingrg/all/function/internal_message.html?_=1695353545560&CODE_STATE=getMsg HTTP/1.1" 200 27
124.77.241.134 - - [22/Sep/2023:11:32:26 +0800] "GET /xingrg/all/function/internal_message.html?_=1695353560181&CODE_STATE=getMsg HTTP/1.1" 200 27
180.165.48.189 - - [22/Sep/2023:11:32:27 +0800] "POST /xingrg/services/DataTransmitService HTTP/1.1" 200 501
180.169.147.146 - - [22/Sep/2023:11:32:27 +0800] "GET /xingrg/all/function/internal_message.html?_=1695353547292&CODE_STATE=getMsg HTTP/1.1" 200 27
180.169.147.146 - - [22/Sep/2023:11:32:27 +0800] "GET /xingrg/check_reg.html?_=1695353547726 HTTP/1.1" 200 22
114.83.216.51 - - [22/Sep/2023:11:32:28 +0800] "POST /xingrg/all/common/load_combo.html?type=base HTTP/1.1" 200 3409
180.152.241.196 - - [22/Sep/2023:11:32:28 +0800] "GET /xingrg/all/function/internal_message.html?_=1695353548313&CODE_STATE=getMsg HTTP/1.1" 200 27
101.228.187.155 - - [22/Sep/2023:11:32:28 +0800] "GET /xingrg/check_reg.html?_=1695353547649 HTTP/1.1" 200 22
101.228.187.155 - - [22/Sep/2023:11:32:28 +0800] "GET /xingrg/all/function/internal_message.html?_=1695353547650&CODE_STATE=getMsg HTTP/1.1" 200 27
124.79.244.212 - - [22/Sep/2023:11:32:29 +0800] "GET /xingrg/all/function/internal_message.html?_=1695353847710&CODE_STATE=getMsg HTTP/1.1" 200 27
124.79.244.212 - - [22/Sep/2023:11:32:29 +0800] "GET /xingrg/check_reg.html?_=1695353847712 HTTP/1.1" 200 22
101.83.145.37 - - [22/Sep/2023:11:32:30 +0800] "GET /xingrg/all/function/internal_message.html?_=1695353337385&CODE_STATE=getMsg HTTP/1.1" 200 27
101.83.145.37 - - [22/Sep/2023:11:32:30 +0800] "GET /xingrg/check_reg.html?_=1695353337388 HTTP/1.1" 200 22
114.95.241.104 - - [22/Sep/2023:11:32:32 +0800] "POST /xingrg/kc/buy/cgsh_order_operate.html HTTP/1.1" 200 37
222.70.180.200 - - [22/Sep/2023:11:32:32 +0800] "GET /xingrg/all/function/internal_message.html?_=1695353548974&CODE_STATE=getMsg HTTP/1.1" 200 27
101.83.145.37 - - [22/Sep/2023:11:32:33 +0800] "GET /xingrg/kc/buy/cgsh_order_operate.html?command=get_materiel&rest_code=00105&code=00101001060&supplier_code=00100442&order_time=2023-09-22 HTTP/1.1" 200 421
114.83.216.51 - - [22/Sep/2023:11:32:47 +0800] "POST /xingrg/kc/base/wldb_order_operate.html HTTP/1.1" 200 37
222.70.180.200 - - [22/Sep/2023:11:32:49 +0800] "GET /xingrg/kc/buy/cgsh_order_add.html HTTP/1.1" 200 72311
114.95.241.104 - - [22/Sep/2023:11:32:49 +0800] "POST /xingrg/kc/buy/cgsh_order_operate.html HTTP/1.1" 200 12
114.83.216.51 - - [22/Sep/2023:11:32:49 +0800] "POST /xingrg/kc/base/wldb_order_operate.html HTTP/1.1" 200 2209
222.70.180.200 - - [22/Sep/2023:11:32:49 +0800] "POST /xingrg/kc/buy/cgsh_order_operate.html HTTP/1.1" 200 8245
222.70.180.200 - - [22/Sep/2023:11:32:49 +0800] "GET /xingrg/javascript/easyui/themes/default/validatebox.css HTTP/1.1" 404 1104
222.70.180.200 - - [22/Sep/2023:11:32:50 +0800] "GET /xingrg/kc/buy/cgsh_order_add.html HTTP/1.1" 200 72311
222.70.180.200 - - [22/Sep/2023:11:32:50 +0800] "POST /xingrg/kc/buy/cgsh_order_operate.html HTTP/1.1" 200 8245
222.70.180.200 - - [22/Sep/2023:11:32:50 +0800] "GET /xingrg/javascript/easyui/themes/default/validatebox.css HTTP/1.1" 404 1104
124.78.69.58 - - [22/Sep/2023:11:32:52 +0800] "GET /xingrg/all/function/internal_message.html?_=1695353000668&CODE_STATE=getMsg HTTP/1.1" 200 27
114.95.241.104 - - [22/Sep/2023:11:32:52 +0800] "GET /xingrg/kc/buy/cgsh_order_info.html?code=212023092208809 HTTP/1.1" 200 67314
124.78.155.92 - - [22/Sep/2023:11:32:52 +0800] "GET /xingrg/all/function/internal_message.html?_=1695353569369&CODE_STATE=getMsg HTTP/1.1" 200 27
114.95.241.104 - - [22/Sep/2023:11:32:52 +0800] "GET /xingrg/javascript/easyui/themes/default/validatebox.css HTTP/1.1" 404 1104
180.152.241.196 - - [22/Sep/2023:11:32:53 +0800] "GET /xingrg/all/function/internal_message.html?_=1695353597253&CODE_STATE=getMsg HTTP/1.1" 200 27
180.152.241.196 - - [22/Sep/2023:11:32:53 +0800] "GET /xingrg/check_reg.html?_=1695353597252 HTTP/1.1" 200 22
114.95.241.104 - - [22/Sep/2023:11:32:53 +0800] "POST /xingrg/kc/buy/cgsh_order_operate.html HTTP/1.1" 200 606
101.83.145.37 - - [22/Sep/2023:11:32:54 +0800] "GET /xingrg/all/function/internal_message.html?_=1695353574061&CODE_STATE=getMsg HTTP/1.1" 200 27
114.83.216.51 - - [22/Sep/2023:11:32:55 +0800] "POST /xingrg/kc/base/wldb_order_operate.html HTTP/1.1" 200 12
114.95.241.104 - - [22/Sep/2023:11:32:55 +0800] "GET /xingrg/kc/print/load_data.html?order_code=212023092208809&kc_code=cgsh&condition= HTTP/1.1" 200 759
114.83.216.51 - - [22/Sep/2023:11:32:57 +0800] "GET /xingrg/kc/base/wldb_order_info.html?code=422023092202167 HTTP/1.1" 200 26340
114.83.216.51 - - [22/Sep/2023:11:32:57 +0800] "GET /xingrg/javascript/easyui/themes/default/validatebox.css HTTP/1.1" 404 1104
114.83.216.51 - - [22/Sep/2023:11:32:58 +0800] "POST /xingrg/kc/base/wldb_order_operate.html HTTP/1.1" 200 504
114.95.241.104 - - [22/Sep/2023:11:32:58 +0800] "GET /xingrg/check_reg.html?_=1695353484767 HTTP/1.1" 200 22
114.83.216.51 - - [22/Sep/2023:11:33:00 +0800] "GET /xingrg/kc/base/wldb_order_add.html HTTP/1.1" 200 30463
114.95.241.104 - - [22/Sep/2023:11:33:00 +0800] "GET /xingrg/kc/buy/cgsh_order_add.html HTTP/1.1" 200 72405
114.83.216.51 - - [22/Sep/2023:11:33:01 +0800] "POST /xingrg/kc/base/wldb_order_operate.html HTTP/1.1" 200 6806
114.83.216.51 - - [22/Sep/2023:11:33:01 +0800] "GET /xingrg/javascript/easyui/themes/default/validatebox.css HTTP/1.1" 404 1104
114.95.241.104 - - [22/Sep/2023:11:33:01 +0800] "POST /xingrg/kc/buy/cgsh_order_operate.html HTTP/1.1" 200 8245
114.95.241.104 - - [22/Sep/2023:11:33:01 +0800] "GET /xingrg/javascript/easyui/themes/default/validatebox.css HTTP/1.1" 404 1104
221.239.166.189 - - [22/Sep/2023:11:33:01 +0800] "GET /xingrg/all/function/internal_message.html?_=1695353580420&CODE_STATE=getMsg HTTP/1.1" 200 27
180.165.48.189 - - [22/Sep/2023:11:33:02 +0800] "GET /xingrg/check_reg.html?_=1695353581350 HTTP/1.1" 200 22
180.165.48.189 - - [22/Sep/2023:11:33:02 +0800] "GET /xingrg/all/function/internal_message.html?_=1695353581352&CODE_STATE=getMsg HTTP/1.1" 200 27
114.83.216.51 - - [22/Sep/2023:11:33:03 +0800] "POST /xingrg/all/common/load_combo.html?type=base HTTP/1.1" 200 3409
116.228.172.122 - - [22/Sep/2023:11:33:03 +0800] "GET /xingrg/check_reg.html?_=1695353228669 HTTP/1.1" 302 -
116.228.172.122 - - [22/Sep/2023:11:33:03 +0800] "GET /xingrg/all/function/internal_message.html?_=1695353228672&CODE_STATE=getMsg HTTP/1.1" 302 -
124.78.155.92 - - [22/Sep/2023:11:33:05 +0800] "GET /xingrg/login.html?r=1 HTTP/1.1" 200 7641
124.78.155.92 - - [22/Sep/2023:11:33:05 +0800] "GET /favicon.ico HTTP/1.1" 404 -
124.78.155.92 - - [22/Sep/2023:11:33:08 +0800] "POST /xingrg/login.do HTTP/1.1" 302 -
124.78.155.92 - - [22/Sep/2023:11:33:08 +0800] "GET /xingrg/index.html?sysBaseUrl=http%3A%2F%2F180.169.147.146%3A18081%2Fxingrg%2F&costTime=874×tamp=1695353588390 HTTP/1.1" 200 17173
124.78.155.92 - - [22/Sep/2023:11:33:08 +0800] "GET /favicon.ico HTTP/1.1" 404 -
124.78.155.92 - - [22/Sep/2023:11:33:08 +0800] "GET /xingrg/check_reg.html?_=1695353589600 HTTP/1.1" 200 22
124.78.155.92 - - [22/Sep/2023:11:33:08 +0800] "GET /xingrg/all/function/internal_message.html?_=1695353589599&CODE_STATE=count HTTP/1.1" 200 11
124.78.155.92 - - [22/Sep/2023:11:33:08 +0800] "POST /xingrg/all/common/load_tree.html?tree=area_rest_tree_json&manage=1 HTTP/1.1" 200 342
124.78.155.92 - - [22/Sep/2023:11:33:08 +0800] "POST /xingrg/load_menu.html HTTP/1.1" 200 5138
222.70.107.161 - - [22/Sep/2023:11:33:09 +0800] "GET /xingrg/all/function/internal_message.html?_=1695353594942&CODE_STATE=getMsg HTTP/1.1" 200 27
124.78.155.92 - - [22/Sep/2023:11:33:10 +0800] "GET /xingrg/kc/buy/buy_main.html HTTP/1.1" 200 12412
124.78.155.92 - - [22/Sep/2023:11:33:10 +0800] "GET /xingrg/css/new_ie.css HTTP/1.1" 404 1036
124.78.155.92 - - [22/Sep/2023:11:33:11 +0800] "GET /xingrg/images/yd/bt.gif HTTP/1.1" 404 1040
124.79.244.212 - - [22/Sep/2023:11:33:11 +0800] "GET /xingrg/kc/mdqp/qqps_order_list.html?isBack=1 HTTP/1.1" 302 -
124.79.244.212 - - [22/Sep/2023:11:33:12 +0800] "GET /xingrg/kc/mdqp/qqps_order_list.html?isQuery=1&timeSelect=1&orderTime=day&startTime=2023-09-21&endTime=2023-09-22&state=all&query=%C8%B7++%B6%A8 HTTP/1.1" 200 12227
124.78.155.92 - - [22/Sep/2023:11:33:12 +0800] "GET /xingrg/kc/buy/cgsh_order_list.html HTTP/1.1" 200 56579
124.79.244.212 - - [22/Sep/2023:11:33:12 +0800] "GET /xingrg/dwr/interface/AjaxQqpsService.js HTTP/1.1" 200 16326
124.79.244.212 - - [22/Sep/2023:11:33:12 +0800] "GET /xingrg/dwr/interface/AjaxReportQueryService.js HTTP/1.1" 200 13203
124.79.244.212 - - [22/Sep/2023:11:33:12 +0800] "GET /xingrg/dwr/engine.js HTTP/1.1" 200 43631
114.95.241.104 - - [22/Sep/2023:11:33:13 +0800] "GET /xingrg/kc/buy/cgsh_order_operate.html?command=get_materiel&rest_code=00150&code=00101005037&supplier_code=00100400&order_time=2023-09-22 HTTP/1.1" 200 409
114.83.216.51 - - [22/Sep/2023:11:33:15 +0800] "GET /xingrg/kc/base/wldb_order_operate.html?command=get_materiel&rest_code=00149&base_code=0010395&code=00102015103 HTTP/1.1" 200 437
114.83.216.51 - - [22/Sep/2023:11:33:15 +0800] "GET /xingrg/all/function/internal_message.html?_=1695353593674&CODE_STATE=getMsg HTTP/1.1" 200 27
124.78.155.92 - - [22/Sep/2023:11:33:16 +0800] "POST /xingrg/kc/buy/cgsh_list_operate.html HTTP/1.1" 200 1870
180.169.147.146 - - [22/Sep/2023:11:33:18 +0800] "GET /xingrg/all/function/internal_message.html?_=1695353592858&CODE_STATE=getMsg HTTP/1.1" 200 27
124.78.155.92 - - [22/Sep/2023:11:33:18 +0800] "GET /xingrg/kc/buy/cgsh_order_add.html HTTP/1.1" 200 72355
124.78.155.92 - - [22/Sep/2023:11:33:18 +0800] "POST /xingrg/kc/buy/cgsh_order_operate.html HTTP/1.1" 200 8245
124.78.155.92 - - [22/Sep/2023:11:33:18 +0800] "GET /xingrg/javascript/easyui/themes/default/validatebox.css HTTP/1.1" 404 1104
124.78.155.92 - - [22/Sep/2023:11:33:18 +0800] "GET /xingrg/all/common/auto_word.html?type=employee&rest_code=00106 HTTP/1.1" 200 205
124.78.155.92 - - [22/Sep/2023:11:33:18 +0800] "GET /xingrg/all/common/auto_word.html?type=employee&rest_code=00106 HTTP/1.1" 200 205
124.78.155.92 - - [22/Sep/2023:11:33:20 +0800] "GET /xingrg/javascript/easyui/themes/default/tree.css HTTP/1.1" 404 1090
124.78.155.92 - - [22/Sep/2023:11:33:20 +0800] "POST /xingrg/all/common/load_tree.html?tree=supplier_tree_json&isDelete=1 HTTP/1.1" 200 75946
218.81.65.247 - - [22/Sep/2023:11:33:20 +0800] "GET /xingrg/all/function/internal_message.html?_=1695353599256&CODE_STATE=getMsg HTTP/1.1" 200 27
114.83.216.51 - - [22/Sep/2023:11:33:21 +0800] "GET /xingrg/kc/base/wldb_order_operate.html?command=get_materiel&rest_code=00149&base_code=0010395&code=00102002448 HTTP/1.1" 200 440
114.95.241.104 - - [22/Sep/2023:11:33:21 +0800] "GET /xingrg/all/function/internal_message.html?_=1695353507073&CODE_STATE=getMsg HTTP/1.1" 200 27
114.95.241.104 - - [22/Sep/2023:11:33:22 +0800] "GET /xingrg/kc/buy/cgsh_order_operate.html?command=get_materiel&rest_code=00150&code=00101001069&supplier_code=00100400&order_time=2023-09-22 HTTP/1.1" 200 409
116.230.110.33 - - [22/Sep/2023:11:33:25 +0800] "GET /xingrg/all/function/internal_message.html?_=1695353461811&CODE_STATE=getMsg HTTP/1.1" 200 27
114.83.219.209 - - [22/Sep/2023:11:33:25 +0800] "GET /xingrg/all/function/internal_message.html?_=1695353605558&CODE_STATE=getMsg HTTP/1.1" 200 27
124.77.241.134 - - [22/Sep/2023:11:33:25 +0800] "GET /xingrg/check_reg.html?_=1695353619646 HTTP/1.1" 200 22
124.77.241.134 - - [22/Sep/2023:11:33:26 +0800] "GET /xingrg/all/function/internal_message.html?_=1695353620194&CODE_STATE=getMsg HTTP/1.1" 200 27
114.83.216.51 - - [22/Sep/2023:11:33:27 +0800] "GET /xingrg/kc/base/wldb_order_operate.html?command=get_materiel&rest_code=00149&base_code=0010395&code=00102002150 HTTP/1.1" 200 447
180.169.147.146 - - [22/Sep/2023:11:33:27 +0800] "GET /xingrg/all/function/internal_message.html?_=1695353607286&CODE_STATE=getMsg HTTP/1.1" 200 27
180.152.241.196 - - [22/Sep/2023:11:33:28 +0800] "GET /xingrg/all/function/internal_message.html?_=1695353608302&CODE_STATE=getMsg HTTP/1.1" 200 27
101.228.187.155 - - [22/Sep/2023:11:33:28 +0800] "GET /xingrg/all/function/internal_message.html?_=1695353607648&CODE_STATE=getMsg HTTP/1.1" 200 27
124.79.244.212 - - [22/Sep/2023:11:33:29 +0800] "GET /xingrg/all/function/internal_message.html?_=1695353907712&CODE_STATE=getMsg HTTP/1.1" 200 27
101.83.145.37 - - [22/Sep/2023:11:33:30 +0800] "GET /xingrg/all/function/internal_message.html?_=1695353397388&CODE_STATE=getMsg HTTP/1.1" 200 27
222.70.180.200 - - [22/Sep/2023:11:33:32 +0800] "GET /xingrg/all/function/internal_message.html?_=1695353608984&CODE_STATE=getMsg HTTP/1.1" 200 27
114.95.241.104 - - [22/Sep/2023:11:33:32 +0800] "POST /xingrg/kc/buy/cgsh_order_operate.html HTTP/1.1" 200 37
114.83.216.51 - - [22/Sep/2023:11:33:34 +0800] "GET /xingrg/kc/base/wldb_order_operate.html?command=get_materiel&rest_code=00149&base_code=0010395&code=00102002304 HTTP/1.1" 200 463
114.95.241.104 - - [22/Sep/2023:11:33:41 +0800] "GET /xingrg/all/function/internal_message.html?_=1695353619978&CODE_STATE=getMsg HTTP/1.1" 200 27
114.95.241.104 - - [22/Sep/2023:11:33:41 +0800] "POST /xingrg/kc/buy/cgsh_order_operate.html HTTP/1.1" 200 12
114.83.216.51 - - [22/Sep/2023:11:33:41 +0800] "GET /xingrg/kc/base/wldb_order_operate.html?command=get_materiel&rest_code=00149&base_code=0010395&code=00102002315 HTTP/1.1" 200 462
114.95.241.104 - - [22/Sep/2023:11:33:44 +0800] "GET /xingrg/kc/buy/cgsh_order_info.html?code=212023092208810 HTTP/1.1" 200 67312
114.95.241.104 - - [22/Sep/2023:11:33:44 +0800] "GET /xingrg/javascript/easyui/themes/default/validatebox.css HTTP/1.1" 404 1104
114.95.241.104 - - [22/Sep/2023:11:33:45 +0800] "POST /xingrg/kc/buy/cgsh_order_operate.html HTTP/1.1" 200 1194
221.239.166.189 - - [22/Sep/2023:11:33:47 +0800] "GET /xingrg/check_reg.html?_=1695353626399 HTTP/1.1" 200 22
114.95.241.104 - - [22/Sep/2023:11:33:48 +0800] "GET /xingrg/kc/print/load_data.html?order_code=212023092208810&kc_code=cgsh&condition= HTTP/1.1" 200 916
124.78.69.58 - - [22/Sep/2023:11:33:52 +0800] "GET /xingrg/all/function/internal_message.html?_=1695353060653&CODE_STATE=getMsg HTTP/1.1" 200 27
114.83.216.51 - - [22/Sep/2023:11:33:52 +0800] "GET /xingrg/kc/base/wldb_order_operate.html?command=get_materiel&rest_code=00149&base_code=0010395&code=00102002992 HTTP/1.1" 200 436
124.78.155.92 - - [22/Sep/2023:11:33:52 +0800] "GET /xingrg/all/function/internal_message.html?_=1695353629353&CODE_STATE=getMsg HTTP/1.1" 200 27
180.152.241.196 - - [22/Sep/2023:11:33:53 +0800] "GET /xingrg/all/function/internal_message.html?_=1695353657238&CODE_STATE=getMsg HTTP/1.1" 200 27
114.95.241.104 - - [22/Sep/2023:11:33:53 +0800] "GET /xingrg/kc/buy/cgsh_order_add.html HTTP/1.1" 200 72405
114.95.241.104 - - [22/Sep/2023:11:33:54 +0800] "POST /xingrg/kc/buy/cgsh_order_operate.html HTTP/1.1" 200 8245
114.95.241.104 - - [22/Sep/2023:11:33:54 +0800] "GET /xingrg/javascript/easyui/themes/default/validatebox.css HTTP/1.1" 404 1104
101.83.145.37 - - [22/Sep/2023:11:33:54 +0800] "GET /xingrg/all/function/internal_message.html?_=1695353634076&CODE_STATE=getMsg HTTP/1.1" 200 27
101.83.145.37 - - [22/Sep/2023:11:33:54 +0800] "GET /xingrg/check_reg.html?_=1695353634073 HTTP/1.1" 200 22
221.239.166.189 - - [22/Sep/2023:11:34:01 +0800] "GET /xingrg/all/function/internal_message.html?_=1695353640393&CODE_STATE=getMsg HTTP/1.1" 200 27
180.165.48.189 - - [22/Sep/2023:11:34:02 +0800] "GET /xingrg/all/function/internal_message.html?_=1695353641352&CODE_STATE=getMsg HTTP/1.1" 200 27
116.228.172.122 - - [22/Sep/2023:11:34:03 +0800] "GET /xingrg/all/function/internal_message.html?_=1695353288677&CODE_STATE=getMsg HTTP/1.1" 302 -
114.95.241.104 - - [22/Sep/2023:11:34:06 +0800] "GET /xingrg/kc/buy/cgsh_order_operate.html?command=get_materiel&rest_code=00150&code=00101027016&supplier_code=00100018&order_time=2023-09-22 HTTP/1.1" 200 443
114.83.216.51 - - [22/Sep/2023:11:34:07 +0800] "POST /xingrg/kc/base/wldb_order_operate.html HTTP/1.1" 200 37
124.78.155.92 - - [22/Sep/2023:11:34:08 +0800] "GET /xingrg/all/function/internal_message.html?_=1695353649611&CODE_STATE=getMsg HTTP/1.1" 200 27
222.70.107.161 - - [22/Sep/2023:11:34:09 +0800] "GET /xingrg/all/function/internal_message.html?_=1695353654945&CODE_STATE=getMsg HTTP/1.1" 200 27
222.70.107.161 - - [22/Sep/2023:11:34:09 +0800] "GET /xingrg/check_reg.html?_=1695353654954 HTTP/1.1" 200 22
114.83.216.51 - - [22/Sep/2023:11:34:13 +0800] "POST /xingrg/kc/base/wldb_order_operate.html HTTP/1.1" 200 12
114.83.216.51 - - [22/Sep/2023:11:34:13 +0800] "POST /xingrg/kc/base/wldb_order_operate.html HTTP/1.1" 200 4626
114.83.216.51 - - [22/Sep/2023:11:34:16 +0800] "GET /xingrg/all/function/internal_message.html?_=1695353653773&CODE_STATE=getMsg HTTP/1.1" 200 27
114.83.216.51 - - [22/Sep/2023:11:34:16 +0800] "GET /xingrg/kc/base/wldb_order_info.html?code=422023092202168 HTTP/1.1" 200 26342
114.83.216.51 - - [22/Sep/2023:11:34:17 +0800] "GET /xingrg/javascript/easyui/themes/default/validatebox.css HTTP/1.1" 404 1104
114.83.216.51 - - [22/Sep/2023:11:34:17 +0800] "POST /xingrg/kc/base/wldb_order_operate.html HTTP/1.1" 200 2864
180.169.147.146 - - [22/Sep/2023:11:34:18 +0800] "GET /xingrg/all/function/internal_message.html?_=1695353652859&CODE_STATE=getMsg HTTP/1.1" 200 27
180.169.147.146 - - [22/Sep/2023:11:34:18 +0800] "GET /xingrg/check_reg.html?_=1695353652861 HTTP/1.1" 200 22
218.81.65.247 - - [22/Sep/2023:11:34:20 +0800] "GET /xingrg/check_reg.html?_=1695353659253 HTTP/1.1" 200 22
218.81.65.247 - - [22/Sep/2023:11:34:20 +0800] "GET /xingrg/all/function/internal_message.html?_=1695353659257&CODE_STATE=getMsg HTTP/1.1" 200 27
114.95.241.104 - - [22/Sep/2023:11:34:21 +0800] "GET /xingrg/all/function/internal_message.html?_=1695353567087&CODE_STATE=getMsg HTTP/1.1" 200 27
101.83.145.37 - - [22/Sep/2023:11:34:22 +0800] "POST /xingrg/kc/buy/cgsh_order_operate.html HTTP/1.1" 200 37
114.95.241.104 - - [22/Sep/2023:11:34:22 +0800] "POST /xingrg/kc/buy/cgsh_order_operate.html HTTP/1.1" 200 64
114.83.216.51 - - [22/Sep/2023:11:34:22 +0800] "GET /xingrg/kc/base/wldb_order_add.html HTTP/1.1" 200 30463
114.83.216.51 - - [22/Sep/2023:11:34:22 +0800] "POST /xingrg/kc/base/wldb_order_operate.html HTTP/1.1" 200 6806
114.83.216.51 - - [22/Sep/2023:11:34:22 +0800] "GET /xingrg/javascript/easyui/themes/default/validatebox.css HTTP/1.1" 404 1104
114.83.216.51 - - [22/Sep/2023:11:34:23 +0800] "POST /xingrg/all/common/load_combo.html?type=base HTTP/1.1" 200 3409
101.83.145.37 - - [22/Sep/2023:11:34:24 +0800] "POST /xingrg/kc/buy/cgsh_order_operate.html HTTP/1.1" 200 4435
116.230.110.33 - - [22/Sep/2023:11:34:25 +0800] "GET /xingrg/all/function/internal_message.html?_=1695353521791&CODE_STATE=getMsg HTTP/1.1" 200 27
114.83.219.209 - - [22/Sep/2023:11:34:25 +0800] "GET /xingrg/all/function/internal_message.html?_=1695353665558&CODE_STATE=getMsg HTTP/1.1" 200 27
114.83.219.209 - - [22/Sep/2023:11:34:25 +0800] "GET /xingrg/check_reg.html?_=1695353665560 HTTP/1.1" 200 22
124.77.241.134 - - [22/Sep/2023:11:34:26 +0800] "GET /xingrg/all/function/internal_message.html?_=1695353680207&CODE_STATE=getMsg HTTP/1.1" 200 27
101.83.145.37 - - [22/Sep/2023:11:34:26 +0800] "GET /xingrg/kc/print/load_data.html?order_code=212023092208812&kc_code=cgsh&condition= HTTP/1.1" 200 1348
180.165.48.189 - - [22/Sep/2023:11:34:27 +0800] "GET /xingrg/login.html HTTP/1.1" 200 7641
180.169.147.146 - - [22/Sep/2023:11:34:27 +0800] "GET /xingrg/all/function/internal_message.html?_=1695353667292&CODE_STATE=getMsg HTTP/1.1" 200 27
180.165.48.189 - - [22/Sep/2023:11:34:27 +0800] "GET /favicon.ico HTTP/1.1" 404 -
180.152.241.196 - - [22/Sep/2023:11:34:28 +0800] "GET /xingrg/all/function/internal_message.html?_=1695353668281&CODE_STATE=getMsg HTTP/1.1" 200 27
101.228.187.155 - - [22/Sep/2023:11:34:28 +0800] "GET /xingrg/all/function/internal_message.html?_=1695353667648&CODE_STATE=getMsg HTTP/1.1" 200 27
124.79.244.212 - - [22/Sep/2023:11:34:29 +0800] "GET /xingrg/all/function/internal_message.html?_=1695353967709&CODE_STATE=getMsg HTTP/1.1" 200 27
114.95.241.104 - - [22/Sep/2023:11:34:29 +0800] "POST /xingrg/kc/buy/cgsh_order_operate.html HTTP/1.1" 200 37
101.83.145.37 - - [22/Sep/2023:11:34:30 +0800] "GET /xingrg/all/function/internal_message.html?_=1695353457388&CODE_STATE=getMsg HTTP/1.1" 200 27
114.95.241.104 - - [22/Sep/2023:11:34:32 +0800] "POST /xingrg/kc/buy/cgsh_order_operate.html HTTP/1.1" 200 2683
222.70.180.200 - - [22/Sep/2023:11:34:32 +0800] "GET /xingrg/check_reg.html?_=1695353668983 HTTP/1.1" 200 22
222.70.180.200 - - [22/Sep/2023:11:34:32 +0800] "GET /xingrg/all/function/internal_message.html?_=1695353668990&CODE_STATE=getMsg HTTP/1.1" 200 27
114.83.216.51 - - [22/Sep/2023:11:34:39 +0800] "GET /xingrg/kc/base/wldb_order_operate.html?command=get_materiel&rest_code=00149&base_code=0010395&code=00102002238 HTTP/1.1" 200 434
114.95.241.104 - - [22/Sep/2023:11:34:40 +0800] "POST /xingrg/kc/buy/cgsh_order_operate.html HTTP/1.1" 200 37
114.83.216.51 - - [22/Sep/2023:11:34:46 +0800] "GET /xingrg/kc/base/wldb_order_operate.html?command=get_materiel&rest_code=00149&base_code=0010395&code=00102002204 HTTP/1.1" 200 447
124.78.69.58 - - [22/Sep/2023:11:34:52 +0800] "GET /xingrg/all/function/internal_message.html?_=1695353120667&CODE_STATE=getMsg HTTP/1.1" 200 27
180.165.48.189 - - [22/Sep/2023:11:34:52 +0800] "POST /xingrg/login.do HTTP/1.1" 302 -
180.165.48.189 - - [22/Sep/2023:11:34:52 +0800] "GET /xingrg/index.html?sysBaseUrl=http%3A%2F%2F180.169.147.146%3A18081%2Fxingrg%2F&costTime=1516×tamp=1695353692471 HTTP/1.1" 200 17423
180.165.48.189 - - [22/Sep/2023:11:34:52 +0800] "GET /favicon.ico HTTP/1.1" 404 -
124.78.155.92 - - [22/Sep/2023:11:34:52 +0800] "GET /xingrg/all/function/internal_message.html?_=1695353689324&CODE_STATE=getMsg HTTP/1.1" 200 27
180.165.48.189 - - [22/Sep/2023:11:34:52 +0800] "POST /xingrg/all/common/load_tree.html?tree=area_rest_tree_json&manage=1 HTTP/1.1" 200 482
180.165.48.189 - - [22/Sep/2023:11:34:52 +0800] "GET /xingrg/all/function/internal_message.html?_=1695353692791&CODE_STATE=count HTTP/1.1" 200 11
180.165.48.189 - - [22/Sep/2023:11:34:52 +0800] "GET /xingrg/check_reg.html?_=1695353692793 HTTP/1.1" 200 22
180.165.48.189 - - [22/Sep/2023:11:34:53 +0800] "POST /xingrg/load_menu.html HTTP/1.1" 200 9959
180.152.241.196 - - [22/Sep/2023:11:34:53 +0800] "GET /xingrg/all/function/internal_message.html?_=1695353717237&CODE_STATE=getMsg HTTP/1.1" 200 27
101.83.145.37 - - [22/Sep/2023:11:34:54 +0800] "GET /xingrg/all/function/internal_message.html?_=1695353694151&CODE_STATE=getMsg HTTP/1.1" 200 27
180.165.48.189 - - [22/Sep/2023:11:34:55 +0800] "POST /xingrg/all/user/operate.html HTTP/1.1" 200 36
180.165.48.189 - - [22/Sep/2023:11:34:55 +0800] "GET /xingrg/index.html?sysBaseUrl=http%3A%2F%2F180.169.147.146%3A18081%2Fxingrg%2F&costTime=1516×tamp=1695353692471 HTTP/1.1" 200 17417
180.165.48.189 - - [22/Sep/2023:11:34:55 +0800] "GET /xingrg/javascript/jquery_easy_ui/themes/default/easyui.css HTTP/1.1" 304 -
180.165.48.189 - - [22/Sep/2023:11:34:55 +0800] "GET /xingrg/javascript/jquery_easy_ui/themes/icon.css HTTP/1.1" 304 -
180.165.48.189 - - [22/Sep/2023:11:34:55 +0800] "GET /xingrg/css/form.css HTTP/1.1" 304 -
180.165.48.189 - - [22/Sep/2023:11:34:55 +0800] "GET /xingrg/javascript/jquery-1.4.2.min.js HTTP/1.1" 304 -
180.165.48.189 - - [22/Sep/2023:11:34:55 +0800] "GET /xingrg/javascript/jquery_easy_ui/jquery.easyui.min.js HTTP/1.1" 304 -
180.165.48.189 - - [22/Sep/2023:11:34:55 +0800] "GET /xingrg/javascript/jquery_easy_ui/easyui-lang-zh_CN.js HTTP/1.1" 304 -
180.165.48.189 - - [22/Sep/2023:11:34:55 +0800] "GET /xingrg/javascript/jquery.form.js HTTP/1.1" 304 -
180.165.48.189 - - [22/Sep/2023:11:34:55 +0800] "GET /xingrg/javascript/jquery.utils.js HTTP/1.1" 304 -
180.165.48.189 - - [22/Sep/2023:11:34:55 +0800] "GET /xingrg/javascript/jquery.timers.js HTTP/1.1" 304 -
180.165.48.189 - - [22/Sep/2023:11:34:55 +0800] "GET /xingrg/images/blue/jxLogo.png HTTP/1.1" 304 -
180.165.48.189 - - [22/Sep/2023:11:34:55 +0800] "GET /xingrg/images/blue/navBackgound.jpg HTTP/1.1" 304 -
180.165.48.189 - - [22/Sep/2023:11:34:55 +0800] "GET /xingrg/javascript/jquery_easy_ui/themes/icons/settle_new.png HTTP/1.1" 304 -
180.165.48.189 - - [22/Sep/2023:11:34:55 +0800] "GET /xingrg/check_reg.html?_=1695353695781 HTTP/1.1" 200 22
180.165.48.189 - - [22/Sep/2023:11:34:55 +0800] "GET /xingrg/all/function/internal_message.html?_=1695353695781&CODE_STATE=count HTTP/1.1" 200 11
180.165.48.189 - - [22/Sep/2023:11:34:55 +0800] "GET /xingrg/javascript/jquery_easy_ui/themes/default/images/tabs_leftarrow.png HTTP/1.1" 304 -
180.165.48.189 - - [22/Sep/2023:11:34:55 +0800] "GET /xingrg/images/blue/pingpu.png HTTP/1.1" 304 -
180.165.48.189 - - [22/Sep/2023:11:34:55 +0800] "GET /xingrg/javascript/jquery_easy_ui/themes/default/images/panel_tool_expand.gif HTTP/1.1" 304 -
180.165.48.189 - - [22/Sep/2023:11:34:55 +0800] "GET /xingrg/javascript/jquery_easy_ui/themes/default/images/panel_tool_collapse.gif HTTP/1.1" 304 -
180.165.48.189 - - [22/Sep/2023:11:34:55 +0800] "GET /xingrg/javascript/jquery_easy_ui/themes/default/images/tabs_rightarrow.png HTTP/1.1" 304 -
180.165.48.189 - - [22/Sep/2023:11:34:55 +0800] "POST /xingrg/all/common/load_tree.html?tree=area_rest_tree_json&manage=1 HTTP/1.1" 200 482
180.165.48.189 - - [22/Sep/2023:11:34:55 +0800] "POST /xingrg/load_menu.html HTTP/1.1" 200 9959
114.95.241.104 - - [22/Sep/2023:11:34:56 +0800] "POST /xingrg/kc/buy/cgsh_order_operate.html HTTP/1.1" 200 12
222.70.180.200 - - [22/Sep/2023:11:34:56 +0800] "GET /xingrg/javascript/jquery_tools/images/prev.gif HTTP/1.1" 404 1086
222.70.180.200 - - [22/Sep/2023:11:34:56 +0800] "GET /xingrg/javascript/jquery_tools/images/next.gif HTTP/1.1" 404 1086
180.165.48.189 - - [22/Sep/2023:11:34:57 +0800] "GET /xingrg/kc/buy/buy_main.html HTTP/1.1" 200 12412
180.165.48.189 - - [22/Sep/2023:11:34:57 +0800] "GET /xingrg/css/new_ie.css HTTP/1.1" 404 1036
180.165.48.189 - - [22/Sep/2023:11:34:57 +0800] "GET /xingrg/images/yd/bt.gif HTTP/1.1" 404 1040
180.165.48.189 - - [22/Sep/2023:11:34:58 +0800] "GET /xingrg/kc/buy/cgsh_order_list.html HTTP/1.1" 200 56583
114.95.241.104 - - [22/Sep/2023:11:34:59 +0800] "GET /xingrg/kc/buy/cgsh_order_info.html?code=212023092208813 HTTP/1.1" 200 67312
114.95.241.104 - - [22/Sep/2023:11:35:00 +0800] "GET /xingrg/javascript/easyui/themes/default/validatebox.css HTTP/1.1" 404 1104
180.165.48.189 - - [22/Sep/2023:11:35:00 +0800] "POST /xingrg/kc/buy/cgsh_list_operate.html HTTP/1.1" 200 986
114.95.241.104 - - [22/Sep/2023:11:35:01 +0800] "POST /xingrg/kc/buy/cgsh_order_operate.html HTTP/1.1" 200 633
221.239.166.189 - - [22/Sep/2023:11:35:01 +0800] "GET /xingrg/all/function/internal_message.html?_=1695353700384&CODE_STATE=getMsg HTTP/1.1" 200 27
180.165.48.189 - - [22/Sep/2023:11:35:02 +0800] "GET /xingrg/all/function/internal_message.html?_=1695353701340&CODE_STATE=getMsg HTTP/1.1" 200 27
114.95.241.104 - - [22/Sep/2023:11:35:03 +0800] "GET /xingrg/kc/print/load_data.html?order_code=212023092208813&kc_code=cgsh&condition= HTTP/1.1" 200 782
116.228.172.122 - - [22/Sep/2023:11:35:03 +0800] "GET /xingrg/all/function/internal_message.html?_=1695353348653&CODE_STATE=getMsg HTTP/1.1" 302 -
124.79.244.212 - - [22/Sep/2023:11:35:05 +0800] "GET /xingrg/check_reg.html?_=1695353704397 HTTP/1.1" 302 -
114.83.216.51 - - [22/Sep/2023:11:35:07 +0800] "GET /xingrg/kc/base/wldb_order_operate.html?command=get_materiel&rest_code=00149&base_code=0010395&code=00102002562 HTTP/1.1" 200 461
124.78.155.92 - - [22/Sep/2023:11:35:08 +0800] "GET /xingrg/all/function/internal_message.html?_=1695353709609&CODE_STATE=getMsg HTTP/1.1" 200 27
222.70.107.161 - - [22/Sep/2023:11:35:09 +0800] "GET /xingrg/all/function/internal_message.html?_=1695353714947&CODE_STATE=getMsg HTTP/1.1" 200 27
222.70.180.200 - - [22/Sep/2023:11:35:11 +0800] "GET /xingrg/kc/buy/cgsh_order_operate.html?command=get_materiel&rest_code=00111&code=00101001111&supplier_code=00100042&order_time=2023-09-22 HTTP/1.1" 200 409
101.83.145.37 - - [22/Sep/2023:11:35:13 +0800] "POST /xingrg/kc/buy/cgsh_list_operate.html HTTP/1.1" 200 5048
180.165.48.189 - - [22/Sep/2023:11:35:13 +0800] "GET /xingrg/kc/base/base_main.html HTTP/1.1" 200 12142
180.165.48.189 - - [22/Sep/2023:11:35:14 +0800] "GET /xingrg/kc/base/yddb_order_list.html HTTP/1.1" 200 16784
180.165.48.189 - - [22/Sep/2023:11:35:14 +0800] "POST /xingrg/kc/base/yddb_list_operate.html HTTP/1.1" 200 636
114.83.216.51 - - [22/Sep/2023:11:35:14 +0800] "GET /xingrg/kc/base/wldb_order_operate.html?command=get_materiel&rest_code=00149&base_code=0010395&code=00102002500 HTTP/1.1" 200 453
114.83.216.51 - - [22/Sep/2023:11:35:16 +0800] "GET /xingrg/all/function/internal_message.html?_=1695353713759&CODE_STATE=getMsg HTTP/1.1" 200 27
180.165.48.189 - - [22/Sep/2023:11:35:17 +0800] "POST /xingrg/kc/base/yddb_list_operate.html HTTP/1.1" 200 4052
180.169.147.146 - - [22/Sep/2023:11:35:18 +0800] "GET /xingrg/all/function/internal_message.html?_=1695353712861&CODE_STATE=getMsg HTTP/1.1" 200 27
218.81.65.247 - - [22/Sep/2023:11:35:20 +0800] "GET /xingrg/all/function/internal_message.html?_=1695353719253&CODE_STATE=getMsg HTTP/1.1" 200 27
114.95.241.104 - - [22/Sep/2023:11:35:21 +0800] "GET /xingrg/all/function/internal_message.html?_=1695353627293&CODE_STATE=getMsg HTTP/1.1" 200 27
124.78.155.92 - - [22/Sep/2023:11:35:21 +0800] "GET /xingrg/login.html HTTP/1.1" 200 7641
180.165.48.189 - - [22/Sep/2023:11:35:22 +0800] "POST /xingrg/kc/base/yddb_list_operate.html HTTP/1.1" 200 311
124.78.155.92 - - [22/Sep/2023:11:35:23 +0800] "GET /favicon.ico HTTP/1.1" 404 -
180.165.48.189 - - [22/Sep/2023:11:35:23 +0800] "GET /xingrg/kc/base/yddb_order_info.html?code=482023091400105 HTTP/1.1" 200 30945
124.78.155.92 - - [22/Sep/2023:11:35:23 +0800] "GET /favicon.ico HTTP/1.1" 404 -
180.165.48.189 - - [22/Sep/2023:11:35:23 +0800] "GET /xingrg/dwr/interface/AjaxComOrderService.js HTTP/1.1" 200 18264
180.165.48.189 - - [22/Sep/2023:11:35:23 +0800] "GET /xingrg/dwr/interface/AjaxYddbService.js HTTP/1.1" 200 13201
180.165.48.189 - - [22/Sep/2023:11:35:23 +0800] "GET /xingrg/dwr/engine.js HTTP/1.1" 200 43631
180.165.48.189 - - [22/Sep/2023:11:35:23 +0800] "POST /xingrg/dwr/call/plaincall/AjaxYddbService.loadMaterielItems.dwr HTTP/1.1" 200 775
116.230.110.33 - - [22/Sep/2023:11:35:25 +0800] "GET /xingrg/all/function/internal_message.html?_=1695353581775&CODE_STATE=getMsg HTTP/1.1" 200 27
114.83.219.209 - - [22/Sep/2023:11:35:25 +0800] "GET /xingrg/all/function/internal_message.html?_=1695353725552&CODE_STATE=getMsg HTTP/1.1" 200 27
124.77.241.134 - - [22/Sep/2023:11:35:26 +0800] "GET /xingrg/all/function/internal_message.html?_=1695353740221&CODE_STATE=getMsg HTTP/1.1" 200 27
180.165.48.189 - - [22/Sep/2023:11:35:26 +0800] "GET /xingrg/kc/base/yddb_order_report.html?fileType=servlets/html&code=482023091400105&reportName=ck_order_report&subName=yddb HTTP/1.1" 302 -
180.165.48.189 - - [22/Sep/2023:11:35:26 +0800] "GET /xingrg/servlets/html?sysBaseUrl=http%3A%2F%2F180.169.147.146%3A18081%2Fxingrg%2F&costTime=484×tamp=1695353726179 HTTP/1.1" 200 17544
180.165.48.189 - - [22/Sep/2023:11:35:26 +0800] "GET /xingrg/servlets/image?image=px HTTP/1.1" 200 807
180.165.48.189 - - [22/Sep/2023:11:35:26 +0800] "GET /favicon.ico HTTP/1.1" 404 -
101.83.145.37 - - [22/Sep/2023:11:35:26 +0800] "GET /xingrg/index.html?sysBaseUrl=http%3A%2F%2F180.169.147.146%3A18081%2Fxingrg%2F&costTime=36×tamp=1585223203754 HTTP/1.1" 302 -
101.83.145.37 - - [22/Sep/2023:11:35:26 +0800] "GET /xingrg/login.html HTTP/1.1" 200 7641
101.83.145.37 - - [22/Sep/2023:11:35:27 +0800] "GET /favicon.ico HTTP/1.1" 404 -
180.169.147.146 - - [22/Sep/2023:11:35:27 +0800] "GET /xingrg/all/function/internal_message.html?_=1695353727297&CODE_STATE=getMsg HTTP/1.1" 200 27
124.78.155.92 - - [22/Sep/2023:11:35:27 +0800] "POST /xingrg/login.do HTTP/1.1" 302 -
124.78.155.92 - - [22/Sep/2023:11:35:28 +0800] "GET /xingrg/index.html?sysBaseUrl=http%3A%2F%2F180.169.147.146%3A18081%2Fxingrg%2F&costTime=1189×tamp=1695353727828 HTTP/1.1" 200 17503
124.78.155.92 - - [22/Sep/2023:11:35:28 +0800] "GET /favicon.ico HTTP/1.1" 404 -
124.78.155.92 - - [22/Sep/2023:11:35:28 +0800] "POST /xingrg/all/common/load_tree.html?tree=area_rest_tree_json&manage=1 HTTP/1.1" 200 3499
124.78.155.92 - - [22/Sep/2023:11:35:28 +0800] "GET /xingrg/all/function/internal_message.html?_=1695353728361&CODE_STATE=count HTTP/1.1" 200 11
124.78.155.92 - - [22/Sep/2023:11:35:28 +0800] "GET /xingrg/check_reg.html?_=1695353728363 HTTP/1.1" 200 22
124.78.155.92 - - [22/Sep/2023:11:35:28 +0800] "POST /xingrg/load_menu.html HTTP/1.1" 200 11443
101.228.187.155 - - [22/Sep/2023:11:35:28 +0800] "GET /xingrg/all/function/internal_message.html?_=1695353727649&CODE_STATE=getMsg HTTP/1.1" 200 27
124.79.244.212 - - [22/Sep/2023:11:35:29 +0800] "GET /xingrg/all/function/internal_message.html?_=1695354027724&CODE_STATE=getMsg HTTP/1.1" 200 27
101.83.145.37 - - [22/Sep/2023:11:35:30 +0800] "GET /xingrg/all/function/internal_message.html?_=1695353517388&CODE_STATE=getMsg HTTP/1.1" 200 27
124.78.155.92 - - [22/Sep/2023:11:35:31 +0800] "POST /xingrg/all/user/operate.html HTTP/1.1" 200 36
124.78.155.92 - - [22/Sep/2023:11:35:31 +0800] "GET /xingrg/index.html?sysBaseUrl=http%3A%2F%2F180.169.147.146%3A18081%2Fxingrg%2F&costTime=1189×tamp=1695353727828 HTTP/1.1" 200 17509
124.78.155.92 - - [22/Sep/2023:11:35:31 +0800] "GET /xingrg/javascript/jquery_easy_ui/themes/default/easyui.css HTTP/1.1" 304 -
124.78.155.92 - - [22/Sep/2023:11:35:31 +0800] "GET /xingrg/javascript/jquery_easy_ui/themes/icon.css HTTP/1.1" 304 -
124.78.155.92 - - [22/Sep/2023:11:35:31 +0800] "GET /xingrg/css/form.css HTTP/1.1" 304 -
124.78.155.92 - - [22/Sep/2023:11:35:31 +0800] "GET /xingrg/javascript/jquery-1.4.2.min.js HTTP/1.1" 304 -
124.78.155.92 - - [22/Sep/2023:11:35:31 +0800] "GET /xingrg/javascript/jquery_easy_ui/jquery.easyui.min.js HTTP/1.1" 304 -
124.78.155.92 - - [22/Sep/2023:11:35:31 +0800] "GET /xingrg/javascript/jquery_easy_ui/easyui-lang-zh_CN.js HTTP/1.1" 304 -
124.78.155.92 - - [22/Sep/2023:11:35:32 +0800] "GET /xingrg/javascript/jquery.form.js HTTP/1.1" 304 -
124.78.155.92 - - [22/Sep/2023:11:35:32 +0800] "GET /xingrg/javascript/jquery.utils.js HTTP/1.1" 304 -
124.78.155.92 - - [22/Sep/2023:11:35:32 +0800] "GET /xingrg/javascript/jquery.timers.js HTTP/1.1" 304 -
124.78.155.92 - - [22/Sep/2023:11:35:32 +0800] "GET /xingrg/javascript/jquery_easy_ui/themes/icons/settle_new.png HTTP/1.1" 304 -
124.78.155.92 - - [22/Sep/2023:11:35:32 +0800] "GET /xingrg/images/blue/navBackgound.jpg HTTP/1.1" 304 -
124.78.155.92 - - [22/Sep/2023:11:35:32 +0800] "GET /xingrg/images/blue/jxLogo.png HTTP/1.1" 304 -
124.78.155.92 - - [22/Sep/2023:11:35:32 +0800] "GET /xingrg/all/function/internal_message.html?_=1695353732304&CODE_STATE=count HTTP/1.1" 200 11
124.78.155.92 - - [22/Sep/2023:11:35:32 +0800] "GET /xingrg/check_reg.html?_=1695353732306 HTTP/1.1" 200 22
124.78.155.92 - - [22/Sep/2023:11:35:32 +0800] "GET /xingrg/javascript/jquery_easy_ui/themes/default/images/tabs_rightarrow.png HTTP/1.1" 304 -
124.78.155.92 - - [22/Sep/2023:11:35:32 +0800] "GET /xingrg/javascript/jquery_easy_ui/themes/default/images/panel_tool_collapse.gif HTTP/1.1" 304 -
124.78.155.92 - - [22/Sep/2023:11:35:32 +0800] "GET /xingrg/javascript/jquery_easy_ui/themes/default/images/tabs_leftarrow.png HTTP/1.1" 304 -
124.78.155.92 - - [22/Sep/2023:11:35:32 +0800] "GET /xingrg/javascript/jquery_easy_ui/themes/default/images/panel_tool_expand.gif HTTP/1.1" 304 -
124.78.155.92 - - [22/Sep/2023:11:35:32 +0800] "GET /xingrg/images/blue/pingpu.png HTTP/1.1" 304 -
124.78.155.92 - - [22/Sep/2023:11:35:32 +0800] "POST /xingrg/all/common/load_tree.html?tree=area_rest_tree_json&manage=1 HTTP/1.1" 200 3499
124.78.155.92 - - [22/Sep/2023:11:35:32 +0800] "POST /xingrg/load_menu.html HTTP/1.1" 200 9959
222.70.180.200 - - [22/Sep/2023:11:35:32 +0800] "GET /xingrg/all/function/internal_message.html?_=1695353728986&CODE_STATE=getMsg HTTP/1.1" 200 27
124.78.155.92 - - [22/Sep/2023:11:35:33 +0800] "GET /xingrg/kc/info/info_main.html HTTP/1.1" 200 6010
124.78.155.92 - - [22/Sep/2023:11:35:33 +0800] "GET /xingrg/images/blue/cldwgl.gif HTTP/1.1" 200 2487
124.78.155.92 - - [22/Sep/2023:11:35:33 +0800] "GET /xingrg/images/blue/clxx.gif HTTP/1.1" 200 1916
124.78.155.92 - - [22/Sep/2023:11:35:33 +0800] "GET /xingrg/images/blue/ckxx.gif HTTP/1.1" 200 2041
124.78.155.92 - - [22/Sep/2023:11:35:33 +0800] "GET /xingrg/images/blue/gysxxgl.gif HTTP/1.1" 200 1945
124.78.155.92 - - [22/Sep/2023:11:35:33 +0800] "GET /xingrg/images/blue/gyslbgl.gif HTTP/1.1" 200 1480
124.78.155.92 - - [22/Sep/2023:11:35:33 +0800] "GET /xingrg/images/blue/gyscljg.gif HTTP/1.1" 200 2081
124.78.155.92 - - [22/Sep/2023:11:35:33 +0800] "GET /xingrg/images/blue/button/cgxqd.gif HTTP/1.1" 200 2619
124.78.155.92 - - [22/Sep/2023:11:35:35 +0800] "GET /xingrg/kc/report/report_main.html HTTP/1.1" 200 7340
114.83.216.51 - - [22/Sep/2023:11:35:36 +0800] "POST /xingrg/kc/base/wldb_order_operate.html HTTP/1.1" 200 37
124.78.155.92 - - [22/Sep/2023:11:35:38 +0800] "GET /xingrg/all/report/report_query.html?fileName=kc/buy/gys_amount.xml&rh=99999 HTTP/1.1" 200 52006
124.78.155.92 - - [22/Sep/2023:11:35:38 +0800] "GET /xingrg/dwr/interface/AjaxReportQueryService.js HTTP/1.1" 200 13203
124.78.155.92 - - [22/Sep/2023:11:35:38 +0800] "GET /xingrg/dwr/engine.js HTTP/1.1" 200 43631
124.78.155.92 - - [22/Sep/2023:11:35:38 +0800] "GET /xingrg/dwr/util.js HTTP/1.1" 304 -
124.78.155.92 - - [22/Sep/2023:11:35:38 +0800] "POST /xingrg/dwr/call/plaincall/AjaxReportQueryService.getFixDate.dwr HTTP/1.1" 200 111
124.78.155.92 - - [22/Sep/2023:11:35:39 +0800] "POST /xingrg/dwr/call/plaincall/AjaxReportQueryService.getInitString.dwr HTTP/1.1" 200 1023
124.78.155.92 - - [22/Sep/2023:11:35:39 +0800] "POST /xingrg/all/common/load_tree.html?tree=materiel_sort_tree_json HTTP/1.1" 200 9500
124.78.155.92 - - [22/Sep/2023:11:35:39 +0800] "POST /xingrg/all/common/load_tree.html?tree=supplier_tree_json&manage=1 HTTP/1.1" 200 78115
101.83.145.37 - - [22/Sep/2023:11:35:40 +0800] "POST /xingrg/login.do HTTP/1.1" 302 -
101.83.145.37 - - [22/Sep/2023:11:35:40 +0800] "GET /xingrg/index.html?sysBaseUrl=http%3A%2F%2F180.169.147.146%3A18081%2Fxingrg%2F&costTime=2181×tamp=1695353740695 HTTP/1.1" 200 17503
101.83.145.37 - - [22/Sep/2023:11:35:40 +0800] "GET /favicon.ico HTTP/1.1" 404 -
101.83.145.37 - - [22/Sep/2023:11:35:41 +0800] "GET /xingrg/all/function/internal_message.html?_=1695353740954&CODE_STATE=count HTTP/1.1" 200 11
101.83.145.37 - - [22/Sep/2023:11:35:41 +0800] "GET /xingrg/check_reg.html?_=1695353740955 HTTP/1.1" 200 22
114.95.241.104 - - [22/Sep/2023:11:35:41 +0800] "GET /xingrg/all/function/internal_message.html?_=1695353739982&CODE_STATE=getMsg HTTP/1.1" 200 27
101.83.145.37 - - [22/Sep/2023:11:35:41 +0800] "POST /xingrg/all/common/load_tree.html?tree=area_rest_tree_json&manage=1 HTTP/1.1" 200 2231
101.83.145.37 - - [22/Sep/2023:11:35:41 +0800] "POST /xingrg/load_menu.html HTTP/1.1" 200 11564
124.78.155.92 - - [22/Sep/2023:11:35:41 +0800] "POST /xingrg/dwr/call/plaincall/AjaxReportQueryService.getFixDate.dwr HTTP/1.1" 200 111
114.83.216.51 - - [22/Sep/2023:11:35:43 +0800] "POST /xingrg/kc/base/wldb_order_operate.html HTTP/1.1" 200 12
114.83.216.51 - - [22/Sep/2023:11:35:44 +0800] "POST /xingrg/kc/base/wldb_order_operate.html HTTP/1.1" 200 3662
124.78.155.92 - - [22/Sep/2023:11:35:45 +0800] "POST /xingrg/dwr/call/plaincall/AjaxReportQueryService.refreshCache.dwr HTTP/1.1" 200 78
101.83.145.37 - - [22/Sep/2023:11:35:46 +0800] "GET /xingrg/kc/buy/cgsh_order_list.html HTTP/1.1" 200 56834
114.83.216.51 - - [22/Sep/2023:11:35:46 +0800] "GET /xingrg/kc/base/wldb_order_info.html?code=422023092202169 HTTP/1.1" 200 26341
