114.83.216.51 - - [22/Sep/2023:09:30:01 +0800] "GET /xingrg/all/function/internal_message.html?_=1695346199243&CODE_STATE=count HTTP/1.1" 200 11
114.83.216.51 - - [22/Sep/2023:09:30:01 +0800] "GET /xingrg/check_reg.html?_=1695346199244 HTTP/1.1" 200 22
114.83.216.51 - - [22/Sep/2023:09:30:01 +0800] "POST /xingrg/all/common/load_tree.html?tree=area_rest_tree_json&manage=1 HTTP/1.1" 200 351
114.83.216.51 - - [22/Sep/2023:09:30:01 +0800] "POST /xingrg/load_menu.html HTTP/1.1" 200 5138
180.165.48.189 - - [22/Sep/2023:09:30:02 +0800] "GET /xingrg/all/function/internal_message.html?_=1695346201341&CODE_STATE=getMsg HTTP/1.1" 200 27
116.228.172.122 - - [22/Sep/2023:09:30:03 +0800] "GET /xingrg/all/function/internal_message.html?_=1695345848672&CODE_STATE=getMsg HTTP/1.1" 200 27
114.83.216.51 - - [22/Sep/2023:09:30:04 +0800] "GET /xingrg/kc/buy/cgsh_order_list.html HTTP/1.1" 200 56585
180.152.241.196 - - [22/Sep/2023:09:30:05 +0800] "GET /xingrg/check_reg.html?_=1695346205640 HTTP/1.1" 302 -
124.79.244.212 - - [22/Sep/2023:09:30:06 +0800] "GET /xingrg/check_reg.html?_=1695346204790 HTTP/1.1" 302 -
114.83.216.51 - - [22/Sep/2023:09:30:07 +0800] "POST /xingrg/kc/buy/cgsh_list_operate.html HTTP/1.1" 200 986
114.95.241.104 - - [22/Sep/2023:09:30:09 +0800] "GET /xingrg/all/function/internal_message.html?_=1695346115244&CODE_STATE=getMsg HTTP/1.1" 200 27
114.83.216.51 - - [22/Sep/2023:09:30:09 +0800] "GET /xingrg/kc/buy/cgsh_order_add.html HTTP/1.1" 200 72449
114.83.216.51 - - [22/Sep/2023:09:30:09 +0800] "GET /xingrg/words/20230921151042_words.js HTTP/1.1" 304 -
114.83.216.51 - - [22/Sep/2023:09:30:09 +0800] "GET /xingrg/javascript/easyui/themes/default/validatebox.css HTTP/1.1" 404 1104
114.83.216.51 - - [22/Sep/2023:09:30:09 +0800] "POST /xingrg/kc/buy/cgsh_order_operate.html HTTP/1.1" 200 8245
114.83.216.51 - - [22/Sep/2023:09:30:09 +0800] "GET /xingrg/all/common/auto_word.html?type=employee&rest_code=00149 HTTP/1.1" 200 197
114.83.216.51 - - [22/Sep/2023:09:30:09 +0800] "GET /xingrg/all/common/auto_word.html?type=employee&rest_code=00149 HTTP/1.1" 200 197
114.83.216.51 - - [22/Sep/2023:09:30:10 +0800] "GET /xingrg/javascript/auto/indicator.gif HTTP/1.1" 404 1066
114.83.216.51 - - [22/Sep/2023:09:30:11 +0800] "GET /xingrg/javascript/jquery_tools/images/prev.gif HTTP/1.1" 404 1086
114.83.216.51 - - [22/Sep/2023:09:30:11 +0800] "GET /xingrg/javascript/jquery_tools/images/next.gif HTTP/1.1" 404 1086
124.77.241.134 - - [22/Sep/2023:09:30:11 +0800] "GET /xingrg/kc/buy/cgsh_order_operate.html?command=get_materiel&rest_code=00146&code=00101004038&supplier_code=00100199&order_time=2023-09-22 HTTP/1.1" 200 409
124.78.155.92 - - [22/Sep/2023:09:30:18 +0800] "GET /xingrg/kc/buy/cgsh_order_operate.html?command=get_materiel&rest_code=00106&code=00101007081&supplier_code=00100096&order_time=2023-09-22 HTTP/1.1" 200 415
114.83.216.51 - - [22/Sep/2023:09:30:19 +0800] "GET /xingrg/kc/buy/cgsh_order_operate.html?command=get_materiel&rest_code=00149&code=00101008323&supplier_code=00100008&order_time=2023-09-22 HTTP/1.1" 200 427
120.253.135.82 - - [22/Sep/2023:09:30:21 +0800] "GET /xingrg/all/function/internal_message.html?_=1695346025498&CODE_STATE=getMsg HTTP/1.1" 200 27
124.77.241.134 - - [22/Sep/2023:09:30:23 +0800] "POST /xingrg/kc/buy/cgsh_order_operate.html HTTP/1.1" 200 37
116.230.110.33 - - [22/Sep/2023:09:30:25 +0800] "GET /xingrg/all/function/internal_message.html?_=1695346082042&CODE_STATE=getMsg HTTP/1.1" 200 27
124.78.155.92 - - [22/Sep/2023:09:30:26 +0800] "GET /xingrg/all/function/internal_message.html?_=1695346223203&CODE_STATE=getMsg HTTP/1.1" 200 27
124.77.241.134 - - [22/Sep/2023:09:30:26 +0800] "POST /xingrg/kc/buy/cgsh_order_operate.html HTTP/1.1" 200 5030
101.228.187.155 - - [22/Sep/2023:09:30:28 +0800] "GET /xingrg/all/function/internal_message.html?_=1695346227519&CODE_STATE=getMsg HTTP/1.1" 200 27
101.83.145.37 - - [22/Sep/2023:09:30:28 +0800] "GET /xingrg/all/function/internal_message.html?_=1695346228413&CODE_STATE=getMsg HTTP/1.1" 200 27
124.79.244.212 - - [22/Sep/2023:09:30:29 +0800] "GET /xingrg/all/function/internal_message.html?_=1695346527600&CODE_STATE=getMsg HTTP/1.1" 200 27
124.78.155.92 - - [22/Sep/2023:09:30:32 +0800] "POST /xingrg/kc/buy/cgsh_order_operate.html HTTP/1.1" 200 37
114.95.241.104 - - [22/Sep/2023:09:30:33 +0800] "GET /xingrg/all/function/internal_message.html?_=1695346231804&CODE_STATE=getMsg HTTP/1.1" 200 27
116.232.32.37 - - [22/Sep/2023:09:30:35 +0800] "POST /xingrg/services/DataTransmitService HTTP/1.1" 200 524
114.83.216.51 - - [22/Sep/2023:09:30:37 +0800] "GET /xingrg/kc/buy/cgsh_order_operate.html?command=get_materiel&rest_code=00149&code=00101008176&supplier_code=00100008&order_time=2023-09-22 HTTP/1.1" 200 413
124.78.155.92 - - [22/Sep/2023:09:30:42 +0800] "POST /xingrg/kc/buy/cgsh_order_operate.html HTTP/1.1" 200 10998
114.83.216.51 - - [22/Sep/2023:09:30:45 +0800] "GET /xingrg/kc/buy/cgsh_order_operate.html?command=get_materiel&rest_code=00149&code=00101008091&supplier_code=00100008&order_time=2023-09-22 HTTP/1.1" 200 413
221.239.166.189 - - [22/Sep/2023:09:30:47 +0800] "GET /xingrg/all/function/internal_message.html?_=1695346246302&CODE_STATE=getMsg HTTP/1.1" 200 27
124.78.69.58 - - [22/Sep/2023:09:30:52 +0800] "GET /xingrg/check_reg.html?_=1695345680321 HTTP/1.1" 200 22
124.78.69.58 - - [22/Sep/2023:09:30:52 +0800] "GET /xingrg/all/function/internal_message.html?_=1695345680322&CODE_STATE=getMsg HTTP/1.1" 200 27
114.83.216.51 - - [22/Sep/2023:09:30:55 +0800] "GET /xingrg/kc/buy/cgsh_order_operate.html?command=get_materiel&rest_code=00149&code=00101008072&supplier_code=00100008&order_time=2023-09-22 HTTP/1.1" 200 408
124.77.241.134 - - [22/Sep/2023:09:31:00 +0800] "GET /xingrg/all/function/internal_message.html?_=1695346273872&CODE_STATE=getMsg HTTP/1.1" 200 27
124.78.155.92 - - [22/Sep/2023:09:31:00 +0800] "POST /xingrg/kc/buy/cgsh_order_operate.html HTTP/1.1" 200 37
101.83.145.37 - - [22/Sep/2023:09:31:00 +0800] "POST /xingrg/services/DataTransmitService HTTP/1.1" 200 524
101.83.145.37 - - [22/Sep/2023:09:31:01 +0800] "POST /xingrg/services/DataTransmitService HTTP/1.1" 200 2315
114.83.216.51 - - [22/Sep/2023:09:31:01 +0800] "GET /xingrg/all/function/internal_message.html?_=1695346259263&CODE_STATE=getMsg HTTP/1.1" 200 27
180.165.48.189 - - [22/Sep/2023:09:31:02 +0800] "GET /xingrg/all/function/internal_message.html?_=1695346261350&CODE_STATE=getMsg HTTP/1.1" 200 27
101.83.145.37 - - [22/Sep/2023:09:31:02 +0800] "POST /xingrg/services/DataTransmitService HTTP/1.1" 200 164551
124.78.155.92 - - [22/Sep/2023:09:31:02 +0800] "POST /xingrg/kc/buy/cgsh_order_operate.html HTTP/1.1" 200 11000
116.228.172.122 - - [22/Sep/2023:09:31:03 +0800] "GET /xingrg/all/function/internal_message.html?_=1695345908662&CODE_STATE=getMsg HTTP/1.1" 200 27
114.83.216.51 - - [22/Sep/2023:09:31:04 +0800] "GET /xingrg/kc/buy/cgsh_order_operate.html?command=get_materiel&rest_code=00149&code=00101008219&supplier_code=00100008&order_time=2023-09-22 HTTP/1.1" 200 412
114.95.241.104 - - [22/Sep/2023:09:31:09 +0800] "GET /xingrg/all/function/internal_message.html?_=1695346175261&CODE_STATE=getMsg HTTP/1.1" 200 27
124.77.241.134 - - [22/Sep/2023:09:31:11 +0800] "POST /xingrg/kc/buy/cgsh_order_operate.html HTTP/1.1" 200 37
114.83.216.51 - - [22/Sep/2023:09:31:13 +0800] "GET /xingrg/kc/buy/cgsh_order_operate.html?command=get_materiel&rest_code=00149&code=00101008027&supplier_code=00100008&order_time=2023-09-22 HTTP/1.1" 200 408
124.77.241.134 - - [22/Sep/2023:09:31:16 +0800] "POST /xingrg/kc/buy/cgsh_order_operate.html HTTP/1.1" 200 5030
124.77.241.134 - - [22/Sep/2023:09:31:18 +0800] "GET /xingrg/kc/print/load_data.html?order_code=212023092208751&kc_code=cgsh&condition= HTTP/1.1" 200 1585
120.253.135.82 - - [22/Sep/2023:09:31:20 +0800] "GET /xingrg/check_reg.html?_=1695346084800 HTTP/1.1" 200 22
120.253.135.82 - - [22/Sep/2023:09:31:21 +0800] "GET /xingrg/all/function/internal_message.html?_=1695346085512&CODE_STATE=getMsg HTTP/1.1" 200 27
114.83.216.51 - - [22/Sep/2023:09:31:23 +0800] "GET /xingrg/kc/buy/cgsh_order_operate.html?command=get_materiel&rest_code=00149&code=00101008132&supplier_code=00100008&order_time=2023-09-22 HTTP/1.1" 200 408
116.230.110.33 - - [22/Sep/2023:09:31:25 +0800] "GET /xingrg/all/function/internal_message.html?_=1695346142017&CODE_STATE=getMsg HTTP/1.1" 200 27
124.78.155.92 - - [22/Sep/2023:09:31:26 +0800] "GET /xingrg/all/function/internal_message.html?_=1695346283199&CODE_STATE=getMsg HTTP/1.1" 200 27
101.228.187.155 - - [22/Sep/2023:09:31:28 +0800] "GET /xingrg/all/function/internal_message.html?_=1695346287521&CODE_STATE=getMsg HTTP/1.1" 200 27
101.83.145.37 - - [22/Sep/2023:09:31:28 +0800] "GET /xingrg/all/function/internal_message.html?_=1695346288414&CODE_STATE=getMsg HTTP/1.1" 200 27
124.79.244.212 - - [22/Sep/2023:09:31:29 +0800] "GET /xingrg/all/function/internal_message.html?_=1695346587598&CODE_STATE=getMsg HTTP/1.1" 200 27
116.230.110.33 - - [22/Sep/2023:09:31:29 +0800] "POST /xingrg/kc/buy/cgsh_list_operate.html HTTP/1.1" 200 11394
114.83.216.51 - - [22/Sep/2023:09:31:31 +0800] "GET /xingrg/kc/buy/cgsh_order_operate.html?command=get_materiel&rest_code=00149&code=00101008257&supplier_code=00100008&order_time=2023-09-22 HTTP/1.1" 200 416
114.95.241.104 - - [22/Sep/2023:09:31:33 +0800] "GET /xingrg/all/function/internal_message.html?_=1695346291774&CODE_STATE=getMsg HTTP/1.1" 200 27
116.230.110.33 - - [22/Sep/2023:09:31:35 +0800] "POST /xingrg/kc/buy/cgsh_list_operate.html HTTP/1.1" 200 579
124.77.241.134 - - [22/Sep/2023:09:31:37 +0800] "GET /xingrg/kc/buy/cgsh_order_add.html HTTP/1.1" 200 72361
124.77.241.134 - - [22/Sep/2023:09:31:38 +0800] "POST /xingrg/kc/buy/cgsh_order_operate.html HTTP/1.1" 200 8245
124.77.241.134 - - [22/Sep/2023:09:31:38 +0800] "GET /xingrg/javascript/easyui/themes/default/validatebox.css HTTP/1.1" 404 1104
101.83.145.37 - - [22/Sep/2023:09:31:39 +0800] "GET /xingrg/index.html?sysBaseUrl=http%3A%2F%2F180.169.147.146%3A18081%2Fxingrg%2F&costTime=32×tamp=1585224308505 HTTP/1.1" 302 -
101.83.145.37 - - [22/Sep/2023:09:31:40 +0800] "GET /xingrg/login.html HTTP/1.1" 200 7641
114.83.216.51 - - [22/Sep/2023:09:31:40 +0800] "GET /xingrg/kc/buy/cgsh_order_operate.html?command=get_materiel&rest_code=00149&code=00101008155&supplier_code=00100008&order_time=2023-09-22 HTTP/1.1" 200 428
116.230.110.33 - - [22/Sep/2023:09:31:41 +0800] "GET /xingrg/check_reg.html?_=1695346158170 HTTP/1.1" 200 22
124.77.241.134 - - [22/Sep/2023:09:31:41 +0800] "GET /xingrg/kc/buy/buy_main.html HTTP/1.1" 200 12412
124.77.241.134 - - [22/Sep/2023:09:31:41 +0800] "GET /xingrg/css/new_ie.css HTTP/1.1" 404 1036
116.230.110.33 - - [22/Sep/2023:09:31:41 +0800] "POST /xingrg/kc/buy/cgsh_list_operate.html HTTP/1.1" 200 496
124.77.241.134 - - [22/Sep/2023:09:31:42 +0800] "GET /xingrg/images/yd/bt.gif HTTP/1.1" 404 1040
116.230.110.33 - - [22/Sep/2023:09:31:43 +0800] "POST /xingrg/kc/buy/cgsh_list_operate.html HTTP/1.1" 200 586
124.77.241.134 - - [22/Sep/2023:09:31:43 +0800] "GET /xingrg/kc/buy/cgsh_order_list.html HTTP/1.1" 200 56585
116.230.110.33 - - [22/Sep/2023:09:31:44 +0800] "GET /xingrg/kc/buy/cgsh_order_info.html?code=212023092008163 HTTP/1.1" 200 67315
116.230.110.33 - - [22/Sep/2023:09:31:44 +0800] "GET /xingrg/javascript/easyui/themes/default/validatebox.css HTTP/1.1" 404 1104
116.230.110.33 - - [22/Sep/2023:09:31:45 +0800] "POST /xingrg/kc/buy/cgsh_order_operate.html HTTP/1.1" 200 4164
221.239.166.189 - - [22/Sep/2023:09:31:47 +0800] "GET /xingrg/all/function/internal_message.html?_=1695346306302&CODE_STATE=getMsg HTTP/1.1" 200 27
101.83.145.37 - - [22/Sep/2023:09:31:48 +0800] "GET /favicon.ico HTTP/1.1" 404 -
116.230.110.33 - - [22/Sep/2023:09:31:48 +0800] "GET /xingrg/kc/print/load_data.html?order_code=212023092008163&kc_code=cgsh HTTP/1.1" 200 2108
124.77.241.134 - - [22/Sep/2023:09:31:50 +0800] "POST /xingrg/kc/buy/cgsh_list_operate.html HTTP/1.1" 200 2728
124.78.69.58 - - [22/Sep/2023:09:31:52 +0800] "GET /xingrg/all/function/internal_message.html?_=1695345740321&CODE_STATE=getMsg HTTP/1.1" 200 27
124.77.241.134 - - [22/Sep/2023:09:31:55 +0800] "POST /xingrg/kc/buy/cgsh_list_operate.html HTTP/1.1" 200 572
114.83.216.51 - - [22/Sep/2023:09:31:56 +0800] "GET /xingrg/kc/buy/cgsh_order_operate.html?command=get_materiel&rest_code=00149&code=00101008080&supplier_code=00100008&order_time=2023-09-22 HTTP/1.1" 200 416
124.77.241.134 - - [22/Sep/2023:09:31:56 +0800] "GET /xingrg/kc/buy/cgsh_order_info.html?code=212023092208741 HTTP/1.1" 200 72370
124.77.241.134 - - [22/Sep/2023:09:31:57 +0800] "GET /xingrg/javascript/easyui/themes/default/validatebox.css HTTP/1.1" 404 1104
124.77.241.134 - - [22/Sep/2023:09:31:58 +0800] "POST /xingrg/kc/buy/cgsh_order_operate.html HTTP/1.1" 200 43482
124.77.241.134 - - [22/Sep/2023:09:32:00 +0800] "GET /xingrg/all/function/internal_message.html?_=1695346334115&CODE_STATE=getMsg HTTP/1.1" 200 27
124.78.155.92 - - [22/Sep/2023:09:32:00 +0800] "GET /xingrg/kc/print/load_data.html?order_code=212023092208750&kc_code=cgsh HTTP/1.1" 200 3833
114.83.216.51 - - [22/Sep/2023:09:32:01 +0800] "GET /xingrg/all/function/internal_message.html?_=1695346319304&CODE_STATE=getMsg HTTP/1.1" 200 27
180.165.48.189 - - [22/Sep/2023:09:32:02 +0800] "GET /xingrg/all/function/internal_message.html?_=1695346321342&CODE_STATE=getMsg HTTP/1.1" 200 27
116.228.172.122 - - [22/Sep/2023:09:32:03 +0800] "GET /xingrg/all/function/internal_message.html?_=1695345968662&CODE_STATE=getMsg HTTP/1.1" 200 27
180.169.147.146 - - [22/Sep/2023:09:32:06 +0800] "GET /xingrg/index.html?sysBaseUrl=http%3A%2F%2F180.169.147.146%3A18081%2Fxingrg%2F&costTime=39×tamp=1592034574635 HTTP/1.1" 302 -
180.169.147.146 - - [22/Sep/2023:09:32:06 +0800] "GET /xingrg/login.html HTTP/1.1" 200 7641
180.169.147.146 - - [22/Sep/2023:09:32:07 +0800] "GET /favicon.ico HTTP/1.1" 404 -
114.95.241.104 - - [22/Sep/2023:09:32:09 +0800] "GET /xingrg/all/function/internal_message.html?_=1695346235498&CODE_STATE=getMsg HTTP/1.1" 200 27
114.83.216.51 - - [22/Sep/2023:09:32:12 +0800] "GET /xingrg/kc/buy/cgsh_order_operate.html?command=get_materiel&rest_code=00149&code=00101008331&supplier_code=00100008&order_time=2023-09-22 HTTP/1.1" 200 416
116.230.110.33 - - [22/Sep/2023:09:32:20 +0800] "POST /xingrg/kc/buy/cgsh_list_operate.html HTTP/1.1" 200 11394
120.253.135.82 - - [22/Sep/2023:09:32:21 +0800] "GET /xingrg/all/function/internal_message.html?_=1695346145525&CODE_STATE=getMsg HTTP/1.1" 200 27
116.230.110.33 - - [22/Sep/2023:09:32:22 +0800] "POST /xingrg/kc/buy/cgsh_list_operate.html HTTP/1.1" 200 496
116.230.110.33 - - [22/Sep/2023:09:32:24 +0800] "GET /xingrg/kc/buy/cgsh_order_info.html?code=212023092008164 HTTP/1.1" 200 67315
116.230.110.33 - - [22/Sep/2023:09:32:24 +0800] "GET /xingrg/javascript/easyui/themes/default/validatebox.css HTTP/1.1" 404 1104
116.230.110.33 - - [22/Sep/2023:09:32:25 +0800] "GET /xingrg/all/function/internal_message.html?_=1695346202004&CODE_STATE=getMsg HTTP/1.1" 200 27
116.230.110.33 - - [22/Sep/2023:09:32:25 +0800] "POST /xingrg/kc/buy/cgsh_order_operate.html HTTP/1.1" 200 2980
180.163.30.100 - - [22/Sep/2023:09:32:26 +0800] "GET /xingrg/all/function/internal_message.html?_=1695346283199&CODE_STATE=getMsg HTTP/1.1" 302 -
180.163.30.100 - - [22/Sep/2023:09:32:26 +0800] "GET /xingrg/login.html HTTP/1.1" 200 7641
124.78.155.92 - - [22/Sep/2023:09:32:26 +0800] "GET /xingrg/all/function/internal_message.html?_=1695346343247&CODE_STATE=getMsg HTTP/1.1" 200 27
180.169.147.146 - - [22/Sep/2023:09:32:26 +0800] "POST /xingrg/login.do HTTP/1.1" 302 -
180.169.147.146 - - [22/Sep/2023:09:32:26 +0800] "GET /xingrg/index.html?sysBaseUrl=http%3A%2F%2F180.169.147.146%3A18081%2Fxingrg%2F&costTime=849×tamp=1695346346770 HTTP/1.1" 200 17503
180.169.147.146 - - [22/Sep/2023:09:32:26 +0800] "GET /favicon.ico HTTP/1.1" 404 -
180.169.147.146 - - [22/Sep/2023:09:32:27 +0800] "POST /xingrg/all/common/load_tree.html?tree=area_rest_tree_json&manage=1 HTTP/1.1" 200 3499
180.169.147.146 - - [22/Sep/2023:09:32:27 +0800] "GET /xingrg/all/function/internal_message.html?_=1695346347222&CODE_STATE=count HTTP/1.1" 200 11
180.169.147.146 - - [22/Sep/2023:09:32:27 +0800] "GET /xingrg/check_reg.html?_=1695346347224 HTTP/1.1" 200 22
180.169.147.146 - - [22/Sep/2023:09:32:27 +0800] "POST /xingrg/load_menu.html HTTP/1.1" 200 11564
114.83.216.51 - - [22/Sep/2023:09:32:28 +0800] "GET /xingrg/kc/buy/cgsh_order_operate.html?command=get_materiel&rest_code=00149&code=00101008350&supplier_code=00100008&order_time=2023-09-22 HTTP/1.1" 200 408
116.230.110.33 - - [22/Sep/2023:09:32:28 +0800] "GET /xingrg/kc/print/load_data.html?order_code=212023092008164&kc_code=cgsh HTTP/1.1" 200 1606
180.169.147.146 - - [22/Sep/2023:09:32:28 +0800] "GET /xingrg/kc/report/report_main.html HTTP/1.1" 200 8599
101.228.187.155 - - [22/Sep/2023:09:32:28 +0800] "GET /xingrg/check_reg.html?_=1695346347523 HTTP/1.1" 200 22
101.228.187.155 - - [22/Sep/2023:09:32:28 +0800] "GET /xingrg/all/function/internal_message.html?_=1695346347524&CODE_STATE=getMsg HTTP/1.1" 200 27
101.83.145.37 - - [22/Sep/2023:09:32:28 +0800] "GET /xingrg/all/function/internal_message.html?_=1695346348415&CODE_STATE=getMsg HTTP/1.1" 200 27
101.83.145.37 - - [22/Sep/2023:09:32:29 +0800] "POST /xingrg/login.do HTTP/1.1" 302 -
101.83.145.37 - - [22/Sep/2023:09:32:29 +0800] "GET /xingrg/index.html?sysBaseUrl=http%3A%2F%2F180.169.147.146%3A18081%2Fxingrg%2F&costTime=1109×tamp=1695346349015 HTTP/1.1" 200 17173
124.79.244.212 - - [22/Sep/2023:09:32:29 +0800] "GET /xingrg/all/function/internal_message.html?_=1695346647596&CODE_STATE=getMsg HTTP/1.1" 200 27
124.79.244.212 - - [22/Sep/2023:09:32:29 +0800] "GET /xingrg/check_reg.html?_=1695346647597 HTTP/1.1" 200 22
101.83.145.37 - - [22/Sep/2023:09:32:29 +0800] "GET /xingrg/javascript/jquery_easy_ui/themes/default/easyui.css HTTP/1.1" 304 -
101.83.145.37 - - [22/Sep/2023:09:32:29 +0800] "GET /xingrg/javascript/jquery_easy_ui/themes/icon.css HTTP/1.1" 304 -
101.83.145.37 - - [22/Sep/2023:09:32:29 +0800] "GET /xingrg/css/form.css HTTP/1.1" 304 -
101.83.145.37 - - [22/Sep/2023:09:32:29 +0800] "GET /xingrg/javascript/jquery-1.4.2.min.js HTTP/1.1" 304 -
101.83.145.37 - - [22/Sep/2023:09:32:29 +0800] "GET /xingrg/javascript/jquery_easy_ui/jquery.easyui.min.js HTTP/1.1" 304 -
101.83.145.37 - - [22/Sep/2023:09:32:29 +0800] "GET /xingrg/javascript/jquery_easy_ui/easyui-lang-zh_CN.js HTTP/1.1" 304 -
101.83.145.37 - - [22/Sep/2023:09:32:29 +0800] "GET /xingrg/javascript/jquery.form.js HTTP/1.1" 304 -
101.83.145.37 - - [22/Sep/2023:09:32:29 +0800] "GET /xingrg/javascript/jquery.utils.js HTTP/1.1" 304 -
101.83.145.37 - - [22/Sep/2023:09:32:29 +0800] "GET /xingrg/javascript/jquery.timers.js HTTP/1.1" 304 -
101.83.145.37 - - [22/Sep/2023:09:32:29 +0800] "GET /favicon.ico HTTP/1.1" 404 -
101.83.145.37 - - [22/Sep/2023:09:32:29 +0800] "GET /xingrg/javascript/jquery_easy_ui/themes/icons/settle_new.png HTTP/1.1" 304 -
101.83.145.37 - - [22/Sep/2023:09:32:29 +0800] "GET /xingrg/images/blue/navBackgound.jpg HTTP/1.1" 304 -
180.169.147.146 - - [22/Sep/2023:09:32:29 +0800] "GET /xingrg/all/report/report_query.html?fileName=kc/buy/gys_amount_base_rest.xml HTTP/1.1" 200 51664
180.169.147.146 - - [22/Sep/2023:09:32:29 +0800] "GET /xingrg/dwr/interface/AjaxReportQueryService.js HTTP/1.1" 200 13203
180.169.147.146 - - [22/Sep/2023:09:32:29 +0800] "GET /xingrg/dwr/engine.js HTTP/1.1" 200 43631
180.169.147.146 - - [22/Sep/2023:09:32:29 +0800] "GET /xingrg/dwr/util.js HTTP/1.1" 304 -
101.83.145.37 - - [22/Sep/2023:09:32:29 +0800] "POST /xingrg/all/common/load_tree.html?tree=area_rest_tree_json&manage=1 HTTP/1.1" 200 342
180.169.147.146 - - [22/Sep/2023:09:32:30 +0800] "POST /xingrg/dwr/call/plaincall/AjaxReportQueryService.getFixDate.dwr HTTP/1.1" 200 111
101.83.145.37 - - [22/Sep/2023:09:32:30 +0800] "GET /xingrg/all/function/internal_message.html?_=1695346137259&CODE_STATE=count HTTP/1.1" 200 11
101.83.145.37 - - [22/Sep/2023:09:32:30 +0800] "GET /xingrg/images/blue/pingpu.png HTTP/1.1" 304 -
101.83.145.37 - - [22/Sep/2023:09:32:30 +0800] "GET /xingrg/check_reg.html?_=1695346137260 HTTP/1.1" 200 22
101.83.145.37 - - [22/Sep/2023:09:32:30 +0800] "GET /xingrg/javascript/jquery_easy_ui/themes/default/images/tabs_leftarrow.png HTTP/1.1" 304 -
101.83.145.37 - - [22/Sep/2023:09:32:30 +0800] "GET /xingrg/javascript/jquery_easy_ui/themes/default/images/tabs_rightarrow.png HTTP/1.1" 304 -
101.83.145.37 - - [22/Sep/2023:09:32:30 +0800] "GET /xingrg/javascript/jquery_easy_ui/themes/default/images/panel_tool_collapse.gif HTTP/1.1" 304 -
101.83.145.37 - - [22/Sep/2023:09:32:30 +0800] "POST /xingrg/load_menu.html HTTP/1.1" 200 5138
101.83.145.37 - - [22/Sep/2023:09:32:30 +0800] "GET /xingrg/javascript/jquery_easy_ui/themes/default/images/tree_arrows.gif HTTP/1.1" 304 -
180.169.147.146 - - [22/Sep/2023:09:32:30 +0800] "POST /xingrg/all/common/load_tree.html?tree=area_rest_tree_json&manage=1 HTTP/1.1" 200 3499
101.83.145.37 - - [22/Sep/2023:09:32:30 +0800] "GET /xingrg/javascript/jquery_easy_ui/themes/default/images/tree_folder_open.gif HTTP/1.1" 304 -
101.83.145.37 - - [22/Sep/2023:09:32:30 +0800] "GET /xingrg/javascript/jquery_easy_ui/themes/icons/search_new.png HTTP/1.1" 304 -
101.83.145.37 - - [22/Sep/2023:09:32:30 +0800] "GET /xingrg/javascript/jquery_easy_ui/themes/default/images/tree_folder.gif HTTP/1.1" 304 -
101.83.145.37 - - [22/Sep/2023:09:32:30 +0800] "GET /xingrg/javascript/jquery_easy_ui/themes/icons/storage_new.png HTTP/1.1" 304 -
101.83.145.37 - - [22/Sep/2023:09:32:30 +0800] "GET /xingrg/javascript/jquery_easy_ui/themes/icons/forms_new.png HTTP/1.1" 304 -
101.83.145.37 - - [22/Sep/2023:09:32:30 +0800] "GET /xingrg/javascript/jquery_easy_ui/themes/default/images/tree_file.gif HTTP/1.1" 304 -
180.169.147.146 - - [22/Sep/2023:09:32:30 +0800] "POST /xingrg/all/common/load_tree.html?tree=supplier_tree_json&manage=1 HTTP/1.1" 200 78115
114.95.241.104 - - [22/Sep/2023:09:32:33 +0800] "GET /xingrg/all/function/internal_message.html?_=1695346351745&CODE_STATE=getMsg HTTP/1.1" 200 27
124.77.241.134 - - [22/Sep/2023:09:32:40 +0800] "POST /xingrg/kc/buy/cgsh_order_operate.html HTTP/1.1" 200 37
180.169.147.146 - - [22/Sep/2023:09:32:40 +0800] "POST /xingrg/dwr/call/plaincall/AjaxReportQueryService.refreshCache.dwr HTTP/1.1" 200 78
180.169.147.146 - - [22/Sep/2023:09:32:43 +0800] "POST /xingrg/all/report/load_report_page.html HTTP/1.1" 200 51465
124.77.241.134 - - [22/Sep/2023:09:32:43 +0800] "POST /xingrg/kc/buy/cgsh_order_operate.html HTTP/1.1" 200 43482
180.169.147.146 - - [22/Sep/2023:09:32:43 +0800] "GET /xingrg/servlets/image?cache=0.8509524042290413&image=px HTTP/1.1" 200 807
221.239.166.189 - - [22/Sep/2023:09:32:47 +0800] "GET /xingrg/all/function/internal_message.html?_=1695346366305&CODE_STATE=getMsg HTTP/1.1" 200 27
180.169.147.146 - - [22/Sep/2023:09:32:49 +0800] "POST /xingrg/all/report/report_print.html HTTP/1.1" 200 7168
124.78.69.58 - - [22/Sep/2023:09:32:52 +0800] "GET /xingrg/all/function/internal_message.html?_=1695345800320&CODE_STATE=getMsg HTTP/1.1" 200 27
116.230.110.33 - - [22/Sep/2023:09:32:54 +0800] "POST /xingrg/kc/buy/cgsh_list_operate.html HTTP/1.1" 200 11394
114.95.241.104 - - [22/Sep/2023:09:32:58 +0800] "GET /xingrg/check_reg.html?_=1695346284358 HTTP/1.1" 200 22
116.230.110.33 - - [22/Sep/2023:09:32:58 +0800] "POST /xingrg/kc/buy/cgsh_list_operate.html HTTP/1.1" 200 505
124.77.241.134 - - [22/Sep/2023:09:32:59 +0800] "GET /xingrg/check_reg.html?_=1695346393374 HTTP/1.1" 200 22
124.77.241.134 - - [22/Sep/2023:09:33:00 +0800] "GET /xingrg/all/function/internal_message.html?_=1695346394118&CODE_STATE=getMsg HTTP/1.1" 200 27
114.83.216.51 - - [22/Sep/2023:09:33:01 +0800] "GET /xingrg/all/function/internal_message.html?_=1695346379280&CODE_STATE=getMsg HTTP/1.1" 200 27
116.230.110.33 - - [22/Sep/2023:09:33:01 +0800] "GET /xingrg/kc/buy/cgsh_order_info.html?code=212023092008168 HTTP/1.1" 200 67317
180.165.48.189 - - [22/Sep/2023:09:33:02 +0800] "GET /xingrg/check_reg.html?_=1695346381357 HTTP/1.1" 200 22
180.165.48.189 - - [22/Sep/2023:09:33:02 +0800] "GET /xingrg/all/function/internal_message.html?_=1695346381359&CODE_STATE=getMsg HTTP/1.1" 200 27
116.230.110.33 - - [22/Sep/2023:09:33:02 +0800] "GET /xingrg/javascript/easyui/themes/default/validatebox.css HTTP/1.1" 404 1104
116.230.110.33 - - [22/Sep/2023:09:33:03 +0800] "POST /xingrg/kc/buy/cgsh_order_operate.html HTTP/1.1" 200 2992
116.228.172.122 - - [22/Sep/2023:09:33:03 +0800] "GET /xingrg/check_reg.html?_=1695346028660 HTTP/1.1" 200 22
116.228.172.122 - - [22/Sep/2023:09:33:03 +0800] "GET /xingrg/all/function/internal_message.html?_=1695346028662&CODE_STATE=getMsg HTTP/1.1" 200 27
116.230.110.33 - - [22/Sep/2023:09:33:05 +0800] "GET /xingrg/kc/print/load_data.html?order_code=212023092008168&kc_code=cgsh HTTP/1.1" 200 1706
180.163.29.219 - - [22/Sep/2023:09:33:06 +0800] "GET /xingrg/index.html?sysBaseUrl=http://180.169.147.146:18081/xingrg/&costTime=39×tamp=1592034574635 HTTP/1.1" 302 -
180.163.29.219 - - [22/Sep/2023:09:33:06 +0800] "GET /xingrg/login.html HTTP/1.1" 200 7641
114.95.241.104 - - [22/Sep/2023:09:33:09 +0800] "GET /xingrg/all/function/internal_message.html?_=1695346295506&CODE_STATE=getMsg HTTP/1.1" 200 27
114.83.216.51 - - [22/Sep/2023:09:33:16 +0800] "GET /xingrg/kc/buy/cgsh_order_operate.html?command=get_materiel&rest_code=00149&code=00101008239&supplier_code=00100008&order_time=2023-09-22 HTTP/1.1" 200 416
120.253.135.82 - - [22/Sep/2023:09:33:21 +0800] "GET /xingrg/all/function/internal_message.html?_=1695346205539&CODE_STATE=getMsg HTTP/1.1" 200 27
116.230.110.33 - - [22/Sep/2023:09:33:25 +0800] "GET /xingrg/all/function/internal_message.html?_=1695346262113&CODE_STATE=getMsg HTTP/1.1" 200 27
180.163.30.100 - - [22/Sep/2023:09:33:26 +0800] "GET /xingrg/all/function/internal_message.html?_=1695346343247&CODE_STATE=getMsg HTTP/1.1" 302 -
124.78.155.92 - - [22/Sep/2023:09:33:26 +0800] "GET /xingrg/check_reg.html?_=1695346403213 HTTP/1.1" 200 22
124.78.155.92 - - [22/Sep/2023:09:33:26 +0800] "GET /xingrg/all/function/internal_message.html?_=1695346403217&CODE_STATE=getMsg HTTP/1.1" 200 27
180.163.30.100 - - [22/Sep/2023:09:33:26 +0800] "GET /xingrg/login.html HTTP/1.1" 200 7641
180.163.29.79 - - [22/Sep/2023:09:33:27 +0800] "GET /xingrg/check_reg.html?_=1695346347224 HTTP/1.1" 302 -
180.163.29.79 - - [22/Sep/2023:09:33:27 +0800] "GET /xingrg/login.html HTTP/1.1" 200 7641
180.169.147.146 - - [22/Sep/2023:09:33:27 +0800] "GET /xingrg/all/function/internal_message.html?_=1695346407253&CODE_STATE=getMsg HTTP/1.1" 200 27
114.83.216.51 - - [22/Sep/2023:09:33:28 +0800] "GET /xingrg/kc/buy/cgsh_order_operate.html?command=get_materiel&rest_code=00149&code=00101008349&supplier_code=00100008&order_time=2023-09-22 HTTP/1.1" 200 414
101.228.187.155 - - [22/Sep/2023:09:33:28 +0800] "GET /xingrg/all/function/internal_message.html?_=1695346407515&CODE_STATE=getMsg HTTP/1.1" 200 27
101.83.145.37 - - [22/Sep/2023:09:33:28 +0800] "GET /xingrg/all/function/internal_message.html?_=1695346408420&CODE_STATE=getMsg HTTP/1.1" 200 27
101.83.145.37 - - [22/Sep/2023:09:33:28 +0800] "GET /xingrg/check_reg.html?_=1695346408424 HTTP/1.1" 200 22
124.79.244.212 - - [22/Sep/2023:09:33:29 +0800] "GET /xingrg/all/function/internal_message.html?_=1695346707595&CODE_STATE=getMsg HTTP/1.1" 200 27
101.83.145.37 - - [22/Sep/2023:09:33:30 +0800] "GET /xingrg/all/function/internal_message.html?_=1695346197274&CODE_STATE=getMsg HTTP/1.1" 200 27
116.230.110.33 - - [22/Sep/2023:09:33:30 +0800] "POST /xingrg/kc/buy/cgsh_list_operate.html HTTP/1.1" 200 11394
114.95.241.104 - - [22/Sep/2023:09:33:32 +0800] "GET /xingrg/all/function/internal_message.html?_=1695346411715&CODE_STATE=getMsg HTTP/1.1" 200 27
116.230.110.33 - - [22/Sep/2023:09:33:33 +0800] "POST /xingrg/kc/buy/cgsh_list_operate.html HTTP/1.1" 200 581
116.230.110.33 - - [22/Sep/2023:09:33:40 +0800] "GET /xingrg/kc/buy/cgsh_order_info.html?code=212023092008175 HTTP/1.1" 200 67317
116.230.110.33 - - [22/Sep/2023:09:33:40 +0800] "GET /xingrg/javascript/easyui/themes/default/validatebox.css HTTP/1.1" 404 1104
116.230.110.33 - - [22/Sep/2023:09:33:41 +0800] "POST /xingrg/kc/buy/cgsh_order_operate.html HTTP/1.1" 200 6539
116.230.110.33 - - [22/Sep/2023:09:33:43 +0800] "GET /xingrg/kc/print/load_data.html?order_code=212023092008175&kc_code=cgsh HTTP/1.1" 200 3070
114.83.216.51 - - [22/Sep/2023:09:33:47 +0800] "GET /xingrg/kc/buy/cgsh_order_operate.html?command=get_materiel&rest_code=00149&code=00101008185&supplier_code=00100008&order_time=2023-09-22 HTTP/1.1" 200 408
221.239.166.189 - - [22/Sep/2023:09:33:47 +0800] "GET /xingrg/check_reg.html?_=1695346426303 HTTP/1.1" 200 22
221.239.166.189 - - [22/Sep/2023:09:33:47 +0800] "GET /xingrg/all/function/internal_message.html?_=1695346426305&CODE_STATE=getMsg HTTP/1.1" 200 27
124.78.69.58 - - [22/Sep/2023:09:33:52 +0800] "GET /xingrg/all/function/internal_message.html?_=1695345860320&CODE_STATE=getMsg HTTP/1.1" 200 27
114.83.216.51 - - [22/Sep/2023:09:33:56 +0800] "GET /xingrg/kc/buy/cgsh_order_operate.html?command=get_materiel&rest_code=00149&code=00101008354&supplier_code=00100008&order_time=2023-09-22 HTTP/1.1" 200 432
114.83.216.51 - - [22/Sep/2023:09:33:58 +0800] "POST /xingrg/kc/buy/cgsh_order_operate.html HTTP/1.1" 200 2065
124.77.241.134 - - [22/Sep/2023:09:34:00 +0800] "GET /xingrg/all/function/internal_message.html?_=1695346454131&CODE_STATE=getMsg HTTP/1.1" 200 27
114.83.216.51 - - [22/Sep/2023:09:34:01 +0800] "GET /xingrg/all/function/internal_message.html?_=1695346439256&CODE_STATE=getMsg HTTP/1.1" 200 27
180.165.48.189 - - [22/Sep/2023:09:34:02 +0800] "GET /xingrg/all/function/internal_message.html?_=1695346441348&CODE_STATE=getMsg HTTP/1.1" 200 27
116.228.172.122 - - [22/Sep/2023:09:34:03 +0800] "GET /xingrg/all/function/internal_message.html?_=1695346088660&CODE_STATE=getMsg HTTP/1.1" 200 27
114.83.216.51 - - [22/Sep/2023:09:34:05 +0800] "GET /xingrg/kc/buy/cgsh_order_operate.html?command=get_materiel&rest_code=00149&code=00101008028&supplier_code=00100008&order_time=2023-09-22 HTTP/1.1" 200 412
180.165.48.189 - - [22/Sep/2023:09:34:09 +0800] "GET /xingrg/javascript/jquery_easy_ui/themes/default/images/tabs_close.gif HTTP/1.1" 200 829
180.165.48.189 - - [22/Sep/2023:09:34:09 +0800] "GET /xingrg/kc/base/wldb_order_list.html HTTP/1.1" 200 19184
180.165.48.189 - - [22/Sep/2023:09:34:09 +0800] "GET /xingrg/css/base.css HTTP/1.1" 200 2811
180.165.48.189 - - [22/Sep/2023:09:34:09 +0800] "GET /xingrg/css/site.css HTTP/1.1" 200 7541
180.165.48.189 - - [22/Sep/2023:09:34:09 +0800] "GET /xingrg/javascript/jquery_tools/fix.css HTTP/1.1" 200 1702
180.165.48.189 - - [22/Sep/2023:09:34:09 +0800] "GET /xingrg/javascript/jquery_tools/table.css HTTP/1.1" 200 1032
180.165.48.189 - - [22/Sep/2023:09:34:09 +0800] "GET /xingrg/javascript/easyui/themes/icon.css HTTP/1.1" 200 4483
180.165.48.189 - - [22/Sep/2023:09:34:09 +0800] "GET /xingrg/javascript/auto/jquery.autocomplete.css HTTP/1.1" 200 587
180.165.48.189 - - [22/Sep/2023:09:34:09 +0800] "GET /xingrg/javascript/jquery_tools/datebox.css HTTP/1.1" 200 2597
180.165.48.189 - - [22/Sep/2023:09:34:09 +0800] "GET /xingrg/javascript/easyui/themes/default/easyui.css HTTP/1.1" 200 30432
180.165.48.189 - - [22/Sep/2023:09:34:09 +0800] "GET /xingrg/javascript/jquery_tools/jquery.tools.min.js HTTP/1.1" 200 138801
180.165.48.189 - - [22/Sep/2023:09:34:09 +0800] "GET /xingrg/javascript/jquery_tools/jquery.tools.extend.js HTTP/1.1" 200 15385
180.165.48.189 - - [22/Sep/2023:09:34:09 +0800] "GET /xingrg/javascript/jquery_tools/jquery.tools.hotkey.js HTTP/1.1" 200 3242
180.165.48.189 - - [22/Sep/2023:09:34:09 +0800] "GET /xingrg/javascript/jquery_tools/list_manager.js HTTP/1.1" 200 3652
180.165.48.189 - - [22/Sep/2023:09:34:09 +0800] "GET /xingrg/javascript/jquery_tools/jquery.tools.table.js HTTP/1.1" 200 6994
180.165.48.189 - - [22/Sep/2023:09:34:09 +0800] "GET /xingrg/javascript/auto/jquery.autocomplete.js HTTP/1.1" 200 21624
180.165.48.189 - - [22/Sep/2023:09:34:09 +0800] "GET /xingrg/javascript/jquery.utils.js HTTP/1.1" 200 11805
180.165.48.189 - - [22/Sep/2023:09:34:09 +0800] "GET /xingrg/javascript/jquery.cookie.js HTTP/1.1" 200 5513
180.165.48.189 - - [22/Sep/2023:09:34:09 +0800] "GET /xingrg/javascript/easyui/easyloader.js HTTP/1.1" 200 5975
180.165.48.189 - - [22/Sep/2023:09:34:09 +0800] "GET /xingrg/javascript/print/LodopFuncs.js HTTP/1.1" 200 5121
114.95.241.104 - - [22/Sep/2023:09:34:09 +0800] "GET /xingrg/all/function/internal_message.html?_=1695346355519&CODE_STATE=getMsg HTTP/1.1" 200 27
180.165.48.189 - - [22/Sep/2023:09:34:09 +0800] "GET /xingrg/javascript/easyui/themes/icons/edit_add_new.png HTTP/1.1" 200 2997
180.165.48.189 - - [22/Sep/2023:09:34:09 +0800] "GET /xingrg/javascript/easyui/themes/icons/import_new.png HTTP/1.1" 200 1247
180.165.48.189 - - [22/Sep/2023:09:34:09 +0800] "GET /xingrg/javascript/easyui/themes/icons/cance_new.png HTTP/1.1" 200 3986
180.165.48.189 - - [22/Sep/2023:09:34:09 +0800] "GET /xingrg/javascript/easyui/themes/icons/field_new.png HTTP/1.1" 200 1097
180.165.48.189 - - [22/Sep/2023:09:34:09 +0800] "GET /xingrg/javascript/easyui/themes/icons/check_new.png HTTP/1.1" 200 3224
180.165.48.189 - - [22/Sep/2023:09:34:09 +0800] "GET /xingrg/javascript/easyui/plugins/jquery.parser.js HTTP/1.1" 200 1142
180.165.48.189 - - [22/Sep/2023:09:34:09 +0800] "GET /xingrg/images/control/ajaxLoader.gif HTTP/1.1" 200 4659
180.165.48.189 - - [22/Sep/2023:09:34:10 +0800] "POST /xingrg/kc/base/wldb_list_operate.html HTTP/1.1" 200 928
116.230.110.33 - - [22/Sep/2023:09:34:10 +0800] "POST /xingrg/kc/buy/cgsh_list_operate.html HTTP/1.1" 200 11394
116.230.110.33 - - [22/Sep/2023:09:34:13 +0800] "POST /xingrg/kc/buy/cgsh_list_operate.html HTTP/1.1" 200 199
180.165.48.189 - - [22/Sep/2023:09:34:14 +0800] "GET /xingrg/kc/buy/cgsh_order_list.html HTTP/1.1" 200 56589
116.230.110.33 - - [22/Sep/2023:09:34:16 +0800] "POST /xingrg/kc/buy/cgsh_list_operate.html HTTP/1.1" 200 581
116.230.110.33 - - [22/Sep/2023:09:34:18 +0800] "POST /xingrg/kc/buy/cgsh_list_operate.html HTTP/1.1" 200 505
116.230.110.33 - - [22/Sep/2023:09:34:19 +0800] "POST /xingrg/kc/buy/cgsh_list_operate.html HTTP/1.1" 200 496
114.83.216.51 - - [22/Sep/2023:09:34:20 +0800] "GET /xingrg/kc/buy/cgsh_order_operate.html?command=get_materiel&rest_code=00149&code=00101008351&supplier_code=00100008&order_time=2023-09-22 HTTP/1.1" 200 428
120.253.135.82 - - [22/Sep/2023:09:34:21 +0800] "GET /xingrg/all/function/internal_message.html?_=1695346265578&CODE_STATE=getMsg HTTP/1.1" 200 27
116.230.110.33 - - [22/Sep/2023:09:34:22 +0800] "POST /xingrg/kc/buy/cgsh_list_operate.html HTTP/1.1" 200 579
116.230.110.33 - - [22/Sep/2023:09:34:25 +0800] "GET /xingrg/all/function/internal_message.html?_=1695346322095&CODE_STATE=getMsg HTTP/1.1" 200 27
124.78.155.92 - - [22/Sep/2023:09:34:26 +0800] "GET /xingrg/all/function/internal_message.html?_=1695346463218&CODE_STATE=getMsg HTTP/1.1" 200 27
180.169.147.146 - - [22/Sep/2023:09:34:27 +0800] "GET /xingrg/all/function/internal_message.html?_=1695346467241&CODE_STATE=getMsg HTTP/1.1" 200 27
180.163.28.114 - - [22/Sep/2023:09:34:27 +0800] "GET /xingrg/all/function/internal_message.html?_=1695346407253&CODE_STATE=getMsg HTTP/1.1" 302 -
180.163.28.114 - - [22/Sep/2023:09:34:27 +0800] "GET /xingrg/login.html HTTP/1.1" 200 7641
116.230.110.33 - - [22/Sep/2023:09:34:27 +0800] "POST /xingrg/kc/buy/cgsh_list_operate.html HTTP/1.1" 200 575
101.228.187.155 - - [22/Sep/2023:09:34:28 +0800] "GET /xingrg/all/function/internal_message.html?_=1695346467516&CODE_STATE=getMsg HTTP/1.1" 200 27
101.83.145.37 - - [22/Sep/2023:09:34:28 +0800] "GET /xingrg/all/function/internal_message.html?_=1695346468417&CODE_STATE=getMsg HTTP/1.1" 200 27
124.79.244.212 - - [22/Sep/2023:09:34:29 +0800] "GET /xingrg/all/function/internal_message.html?_=1695346767594&CODE_STATE=getMsg HTTP/1.1" 200 27
116.230.110.33 - - [22/Sep/2023:09:34:29 +0800] "GET /xingrg/kc/buy/cgsh_order_info.html?code=212023092007917 HTTP/1.1" 200 67317
116.230.110.33 - - [22/Sep/2023:09:34:29 +0800] "GET /xingrg/javascript/easyui/themes/default/validatebox.css HTTP/1.1" 404 1104
101.83.145.37 - - [22/Sep/2023:09:34:30 +0800] "GET /xingrg/all/function/internal_message.html?_=1695346257275&CODE_STATE=getMsg HTTP/1.1" 200 27
116.230.110.33 - - [22/Sep/2023:09:34:30 +0800] "POST /xingrg/kc/buy/cgsh_order_operate.html HTTP/1.1" 200 34952
114.95.241.104 - - [22/Sep/2023:09:34:32 +0800] "GET /xingrg/all/function/internal_message.html?_=1695346471709&CODE_STATE=getMsg HTTP/1.1" 200 27
116.230.110.33 - - [22/Sep/2023:09:34:33 +0800] "GET /xingrg/kc/print/load_data.html?order_code=212023092007917&kc_code=cgsh HTTP/1.1" 200 13760
114.83.216.51 - - [22/Sep/2023:09:34:41 +0800] "GET /xingrg/kc/buy/cgsh_order_operate.html?command=get_materiel&rest_code=00149&code=00101008513&supplier_code=00100008&order_time=2023-09-22 HTTP/1.1" 200 412
221.239.166.189 - - [22/Sep/2023:09:34:47 +0800] "GET /xingrg/all/function/internal_message.html?_=1695346486307&CODE_STATE=getMsg HTTP/1.1" 200 27
114.83.216.51 - - [22/Sep/2023:09:34:52 +0800] "GET /xingrg/kc/buy/cgsh_order_operate.html?command=get_materiel&rest_code=00149&code=00101008026&supplier_code=00100008&order_time=2023-09-22 HTTP/1.1" 200 409
124.78.69.58 - - [22/Sep/2023:09:34:52 +0800] "GET /xingrg/all/function/internal_message.html?_=1695345920331&CODE_STATE=getMsg HTTP/1.1" 200 27
114.95.241.104 - - [22/Sep/2023:09:34:53 +0800] "GET /xingrg/check_reg.html?_=1695346492525 HTTP/1.1" 200 22
114.83.216.51 - - [22/Sep/2023:09:34:57 +0800] "POST /xingrg/kc/buy/cgsh_order_operate.html HTTP/1.1" 200 2065
124.77.241.134 - - [22/Sep/2023:09:35:00 +0800] "GET /xingrg/all/function/internal_message.html?_=1695346514145&CODE_STATE=getMsg HTTP/1.1" 200 27
114.83.216.51 - - [22/Sep/2023:09:35:01 +0800] "GET /xingrg/check_reg.html?_=1695346499275 HTTP/1.1" 200 22
114.83.216.51 - - [22/Sep/2023:09:35:01 +0800] "GET /xingrg/all/function/internal_message.html?_=1695346499276&CODE_STATE=getMsg HTTP/1.1" 200 27
180.165.48.189 - - [22/Sep/2023:09:35:02 +0800] "GET /xingrg/all/function/internal_message.html?_=1695346501335&CODE_STATE=getMsg HTTP/1.1" 200 27
114.83.216.51 - - [22/Sep/2023:09:35:03 +0800] "GET /xingrg/kc/buy/cgsh_order_operate.html?command=get_materiel&rest_code=00149&code=00101008312&supplier_code=00100008&order_time=2023-09-22 HTTP/1.1" 200 412
116.228.172.122 - - [22/Sep/2023:09:35:03 +0800] "GET /xingrg/all/function/internal_message.html?_=1695346148649&CODE_STATE=getMsg HTTP/1.1" 200 27
180.152.241.196 - - [22/Sep/2023:09:35:05 +0800] "GET /xingrg/check_reg.html?_=1695346505623 HTTP/1.1" 302 -
124.79.244.212 - - [22/Sep/2023:09:35:06 +0800] "GET /xingrg/check_reg.html?_=1695346504771 HTTP/1.1" 302 -
114.95.241.104 - - [22/Sep/2023:09:35:09 +0800] "GET /xingrg/all/function/internal_message.html?_=1695346415722&CODE_STATE=getMsg HTTP/1.1" 200 27
180.165.48.189 - - [22/Sep/2023:09:35:10 +0800] "POST /xingrg/kc/buy/cgsh_list_operate.html HTTP/1.1" 200 6132
116.230.110.33 - - [22/Sep/2023:09:35:15 +0800] "POST /xingrg/kc/buy/cgsh_list_operate.html HTTP/1.1" 200 11394
114.83.216.51 - - [22/Sep/2023:09:35:16 +0800] "GET /xingrg/kc/buy/cgsh_order_operate.html?command=get_materiel&rest_code=00149&code=00101008674&supplier_code=00100008&order_time=2023-09-22 HTTP/1.1" 200 412
116.230.110.33 - - [22/Sep/2023:09:35:18 +0800] "POST /xingrg/kc/buy/cgsh_list_operate.html HTTP/1.1" 200 575
116.230.110.33 - - [22/Sep/2023:09:35:21 +0800] "POST /xingrg/kc/buy/cgsh_list_operate.html HTTP/1.1" 200 279
120.253.135.82 - - [22/Sep/2023:09:35:21 +0800] "GET /xingrg/all/function/internal_message.html?_=1695346325582&CODE_STATE=getMsg HTTP/1.1" 200 27
116.230.110.33 - - [22/Sep/2023:09:35:23 +0800] "POST /xingrg/kc/buy/cgsh_list_operate.html HTTP/1.1" 200 212
116.230.110.33 - - [22/Sep/2023:09:35:25 +0800] "GET /xingrg/all/function/internal_message.html?_=1695346382073&CODE_STATE=getMsg HTTP/1.1" 200 27
124.78.155.92 - - [22/Sep/2023:09:35:26 +0800] "GET /xingrg/all/function/internal_message.html?_=1695346523206&CODE_STATE=getMsg HTTP/1.1" 200 27
114.83.216.51 - - [22/Sep/2023:09:35:26 +0800] "GET /xingrg/kc/buy/cgsh_order_operate.html?command=get_materiel&rest_code=00149&code=00101008096&supplier_code=00100008&order_time=2023-09-22 HTTP/1.1" 200 412
180.169.147.146 - - [22/Sep/2023:09:35:27 +0800] "GET /xingrg/all/function/internal_message.html?_=1695346527240&CODE_STATE=getMsg HTTP/1.1" 200 27
116.230.110.33 - - [22/Sep/2023:09:35:28 +0800] "POST /xingrg/kc/buy/cgsh_list_operate.html HTTP/1.1" 200 594
101.228.187.155 - - [22/Sep/2023:09:35:28 +0800] "GET /xingrg/all/function/internal_message.html?_=1695346527531&CODE_STATE=getMsg HTTP/1.1" 200 27
101.83.145.37 - - [22/Sep/2023:09:35:28 +0800] "GET /xingrg/all/function/internal_message.html?_=1695346528411&CODE_STATE=getMsg HTTP/1.1" 200 27
124.79.244.212 - - [22/Sep/2023:09:35:29 +0800] "GET /xingrg/all/function/internal_message.html?_=1695346827607&CODE_STATE=getMsg HTTP/1.1" 200 27
101.83.145.37 - - [22/Sep/2023:09:35:30 +0800] "GET /xingrg/all/function/internal_message.html?_=1695346317275&CODE_STATE=getMsg HTTP/1.1" 200 27
114.95.241.104 - - [22/Sep/2023:09:35:32 +0800] "GET /xingrg/all/function/internal_message.html?_=1695346531684&CODE_STATE=getMsg HTTP/1.1" 200 27
114.83.216.51 - - [22/Sep/2023:09:35:35 +0800] "GET /xingrg/kc/buy/cgsh_order_operate.html?command=get_materiel&rest_code=00149&code=00101008038&supplier_code=00100008&order_time=2023-09-22 HTTP/1.1" 200 412
116.230.110.33 - - [22/Sep/2023:09:35:35 +0800] "POST /xingrg/kc/buy/cgsh_list_operate.html HTTP/1.1" 200 198
116.230.110.33 - - [22/Sep/2023:09:35:37 +0800] "POST /xingrg/kc/buy/cgsh_list_operate.html HTTP/1.1" 200 586
180.165.48.189 - - [22/Sep/2023:09:35:42 +0800] "GET /xingrg/javascript/easyui/themes/default/images/button_plain_hover.png HTTP/1.1" 200 144
114.83.216.51 - - [22/Sep/2023:09:35:44 +0800] "GET /xingrg/kc/buy/cgsh_order_operate.html?command=get_materiel&rest_code=00149&code=00101008283&supplier_code=00100008&order_time=2023-09-22 HTTP/1.1" 200 408
114.83.216.51 - - [22/Sep/2023:09:35:46 +0800] "POST /xingrg/kc/buy/cgsh_order_operate.html HTTP/1.1" 200 2065
221.239.166.189 - - [22/Sep/2023:09:35:47 +0800] "GET /xingrg/all/function/internal_message.html?_=1695346546308&CODE_STATE=getMsg HTTP/1.1" 200 27
116.230.110.33 - - [22/Sep/2023:09:35:49 +0800] "POST /xingrg/kc/buy/cgsh_list_operate.html HTTP/1.1" 200 388
124.78.69.58 - - [22/Sep/2023:09:35:52 +0800] "GET /xingrg/check_reg.html?_=1695345980323 HTTP/1.1" 200 22
124.78.69.58 - - [22/Sep/2023:09:35:52 +0800] "GET /xingrg/all/function/internal_message.html?_=1695345980325&CODE_STATE=getMsg HTTP/1.1" 200 27
116.230.110.33 - - [22/Sep/2023:09:35:52 +0800] "POST /xingrg/kc/buy/cgsh_list_operate.html HTTP/1.1" 200 579
114.83.216.51 - - [22/Sep/2023:09:35:53 +0800] "GET /xingrg/kc/buy/cgsh_order_operate.html?command=get_materiel&rest_code=00149&code=00101008358&supplier_code=00100008&order_time=2023-09-22 HTTP/1.1" 200 412
124.77.241.134 - - [22/Sep/2023:09:36:00 +0800] "GET /xingrg/all/function/internal_message.html?_=1695346574330&CODE_STATE=getMsg HTTP/1.1" 200 27
116.230.110.33 - - [22/Sep/2023:09:36:01 +0800] "POST /xingrg/kc/buy/cgsh_list_operate.html HTTP/1.1" 200 278
114.83.216.51 - - [22/Sep/2023:09:36:01 +0800] "GET /xingrg/all/function/internal_message.html?_=1695346559279&CODE_STATE=getMsg HTTP/1.1" 200 27
180.165.48.189 - - [22/Sep/2023:09:36:02 +0800] "GET /xingrg/all/function/internal_message.html?_=1695346561335&CODE_STATE=getMsg HTTP/1.1" 200 27
114.83.216.51 - - [22/Sep/2023:09:36:03 +0800] "GET /xingrg/kc/buy/cgsh_order_operate.html?command=get_materiel&rest_code=00149&code=00101008163&supplier_code=00100008&order_time=2023-09-22 HTTP/1.1" 200 409
116.228.172.122 - - [22/Sep/2023:09:36:03 +0800] "GET /xingrg/all/function/internal_message.html?_=1695346208665&CODE_STATE=getMsg HTTP/1.1" 200 27
116.230.110.33 - - [22/Sep/2023:09:36:04 +0800] "POST /xingrg/kc/buy/cgsh_list_operate.html HTTP/1.1" 200 597
116.230.110.33 - - [22/Sep/2023:09:36:06 +0800] "POST /xingrg/kc/buy/cgsh_list_operate.html HTTP/1.1" 200 202
114.95.241.104 - - [22/Sep/2023:09:36:09 +0800] "GET /xingrg/all/function/internal_message.html?_=1695346475734&CODE_STATE=getMsg HTTP/1.1" 200 27
114.83.216.51 - - [22/Sep/2023:09:36:13 +0800] "GET /xingrg/kc/buy/cgsh_order_operate.html?command=get_materiel&rest_code=00149&code=00101008639&supplier_code=00100008&order_time=2023-09-22 HTTP/1.1" 200 409
120.253.135.82 - - [22/Sep/2023:09:36:21 +0800] "GET /xingrg/check_reg.html?_=1695346384835 HTTP/1.1" 200 22
114.83.216.51 - - [22/Sep/2023:09:36:21 +0800] "GET /xingrg/kc/buy/cgsh_order_operate.html?command=get_materiel&rest_code=00149&code=00101023033&supplier_code=00100008&order_time=2023-09-22 HTTP/1.1" 200 409
120.253.135.82 - - [22/Sep/2023:09:36:21 +0800] "GET /xingrg/all/function/internal_message.html?_=1695346385595&CODE_STATE=getMsg HTTP/1.1" 200 27
116.230.110.33 - - [22/Sep/2023:09:36:25 +0800] "GET /xingrg/all/function/internal_message.html?_=1695346442051&CODE_STATE=getMsg HTTP/1.1" 200 27
180.163.29.234 - - [22/Sep/2023:09:36:26 +0800] "GET /xingrg/all/function/internal_message.html?_=1695346523206&CODE_STATE=getMsg HTTP/1.1" 302 -
180.163.29.234 - - [22/Sep/2023:09:36:26 +0800] "GET /xingrg/login.html HTTP/1.1" 200 7641
124.78.155.92 - - [22/Sep/2023:09:36:26 +0800] "GET /xingrg/all/function/internal_message.html?_=1695346583250&CODE_STATE=getMsg HTTP/1.1" 200 27
180.169.147.146 - - [22/Sep/2023:09:36:27 +0800] "GET /xingrg/all/function/internal_message.html?_=1695346587232&CODE_STATE=getMsg HTTP/1.1" 200 27
180.163.30.27 - - [22/Sep/2023:09:36:27 +0800] "GET /xingrg/all/function/internal_message.html?_=1695346527240&CODE_STATE=getMsg HTTP/1.1" 302 -
180.163.30.27 - - [22/Sep/2023:09:36:27 +0800] "GET /xingrg/login.html HTTP/1.1" 200 7641
101.228.187.155 - - [22/Sep/2023:09:36:28 +0800] "GET /xingrg/all/function/internal_message.html?_=1695346587530&CODE_STATE=getMsg HTTP/1.1" 200 27
101.83.145.37 - - [22/Sep/2023:09:36:28 +0800] "GET /xingrg/all/function/internal_message.html?_=1695346588447&CODE_STATE=getMsg HTTP/1.1" 200 27
124.79.244.212 - - [22/Sep/2023:09:36:29 +0800] "GET /xingrg/all/function/internal_message.html?_=1695346887632&CODE_STATE=getMsg HTTP/1.1" 200 27
101.83.145.37 - - [22/Sep/2023:09:36:30 +0800] "GET /xingrg/all/function/internal_message.html?_=1695346377262&CODE_STATE=getMsg HTTP/1.1" 200 27
114.83.216.51 - - [22/Sep/2023:09:36:32 +0800] "GET /xingrg/kc/buy/cgsh_order_operate.html?command=get_materiel&rest_code=00149&code=00101008198&supplier_code=00100008&order_time=2023-09-22 HTTP/1.1" 200 413
114.95.241.104 - - [22/Sep/2023:09:36:32 +0800] "GET /xingrg/all/function/internal_message.html?_=1695346591669&CODE_STATE=getMsg HTTP/1.1" 200 27
114.83.216.51 - - [22/Sep/2023:09:36:35 +0800] "POST /xingrg/kc/buy/cgsh_order_operate.html HTTP/1.1" 200 2065
116.230.110.33 - - [22/Sep/2023:09:36:41 +0800] "GET /xingrg/check_reg.html?_=1695346458154 HTTP/1.1" 200 22
114.83.216.51 - - [22/Sep/2023:09:36:42 +0800] "GET /xingrg/kc/buy/cgsh_order_operate.html?command=get_materiel&rest_code=00149&code=00101008304&supplier_code=00100008&order_time=2023-09-22 HTTP/1.1" 200 412
180.165.48.189 - - [22/Sep/2023:09:36:47 +0800] "POST /xingrg/kc/buy/cgsh_list_operate.html HTTP/1.1" 200 4
221.239.166.189 - - [22/Sep/2023:09:36:47 +0800] "GET /xingrg/all/function/internal_message.html?_=1695346606308&CODE_STATE=getMsg HTTP/1.1" 200 27
124.78.69.58 - - [22/Sep/2023:09:36:52 +0800] "GET /xingrg/all/function/internal_message.html?_=1695346040360&CODE_STATE=getMsg HTTP/1.1" 200 27
124.77.241.134 - - [22/Sep/2023:09:37:00 +0800] "GET /xingrg/all/function/internal_message.html?_=1695346634343&CODE_STATE=getMsg HTTP/1.1" 200 27
114.83.216.51 - - [22/Sep/2023:09:37:01 +0800] "GET /xingrg/all/function/internal_message.html?_=1695346619275&CODE_STATE=getMsg HTTP/1.1" 200 27
180.165.48.189 - - [22/Sep/2023:09:37:02 +0800] "GET /xingrg/all/function/internal_message.html?_=1695346621339&CODE_STATE=getMsg HTTP/1.1" 200 27
114.83.216.51 - - [22/Sep/2023:09:37:03 +0800] "GET /xingrg/kc/buy/cgsh_order_operate.html?command=get_materiel&rest_code=00149&code=00101008029&supplier_code=00100008&order_time=2023-09-22 HTTP/1.1" 200 417
116.228.172.122 - - [22/Sep/2023:09:37:03 +0800] "GET /xingrg/all/function/internal_message.html?_=1695346268663&CODE_STATE=getMsg HTTP/1.1" 200 27
114.95.241.104 - - [22/Sep/2023:09:37:09 +0800] "GET /xingrg/all/function/internal_message.html?_=1695346535948&CODE_STATE=getMsg HTTP/1.1" 200 27
114.83.216.51 - - [22/Sep/2023:09:37:12 +0800] "GET /xingrg/kc/buy/cgsh_order_operate.html?command=get_materiel&rest_code=00149&code=00101008361&supplier_code=00100008&order_time=2023-09-22 HTTP/1.1" 200 408
120.253.135.82 - - [22/Sep/2023:09:37:21 +0800] "GET /xingrg/all/function/internal_message.html?_=1695346445608&CODE_STATE=getMsg HTTP/1.1" 200 27
116.230.110.33 - - [22/Sep/2023:09:37:25 +0800] "GET /xingrg/all/function/internal_message.html?_=1695346502040&CODE_STATE=getMsg HTTP/1.1" 200 27
180.163.29.212 - - [22/Sep/2023:09:37:26 +0800] "GET /xingrg/all/function/internal_message.html?_=1695346583250&CODE_STATE=getMsg HTTP/1.1" 302 -
180.163.29.212 - - [22/Sep/2023:09:37:26 +0800] "GET /xingrg/login.html HTTP/1.1" 200 7641
124.78.155.92 - - [22/Sep/2023:09:37:26 +0800] "GET /xingrg/all/function/internal_message.html?_=1695346643227&CODE_STATE=getMsg HTTP/1.1" 200 27
180.163.29.234 - - [22/Sep/2023:09:37:27 +0800] "GET /xingrg/all/function/internal_message.html?_=1695346587232&CODE_STATE=getMsg HTTP/1.1" 302 -
180.163.29.234 - - [22/Sep/2023:09:37:27 +0800] "GET /xingrg/login.html HTTP/1.1" 200 7641
180.169.147.146 - - [22/Sep/2023:09:37:27 +0800] "GET /xingrg/check_reg.html?_=1695346647244 HTTP/1.1" 200 22
180.169.147.146 - - [22/Sep/2023:09:37:27 +0800] "GET /xingrg/all/function/internal_message.html?_=1695346647247&CODE_STATE=getMsg HTTP/1.1" 200 27
