120.253.135.82 - - [21/Sep/2023:12:31:25 +0800] "GET /xingrg/dwr/interface/AjaxQqpsService.js HTTP/1.1" 200 16326
120.253.135.82 - - [21/Sep/2023:12:31:25 +0800] "GET /xingrg/dwr/interface/AjaxReportQueryService.js HTTP/1.1" 200 13203
120.253.135.82 - - [21/Sep/2023:12:31:25 +0800] "GET /xingrg/dwr/engine.js HTTP/1.1" 200 43631
114.83.216.51 - - [21/Sep/2023:12:31:28 +0800] "GET /xingrg/all/function/internal_message.html?_=1695270686868&CODE_STATE=getMsg HTTP/1.1" 200 27
124.78.155.92 - - [21/Sep/2023:12:31:32 +0800] "GET /xingrg/all/function/internal_message.html?_=1695270690077&CODE_STATE=getMsg HTTP/1.1" 200 27
124.78.155.92 - - [21/Sep/2023:12:31:32 +0800] "GET /xingrg/check_reg.html?_=1695270690075 HTTP/1.1" 200 22
180.169.147.146 - - [21/Sep/2023:12:31:35 +0800] "GET /xingrg/all/function/internal_message.html?_=1695270696366&CODE_STATE=getMsg HTTP/1.1" 200 27
101.228.187.155 - - [21/Sep/2023:12:31:39 +0800] "GET /xingrg/all/function/internal_message.html?_=1695270699396&CODE_STATE=getMsg HTTP/1.1" 200 27
218.81.73.231 - - [21/Sep/2023:12:31:43 +0800] "GET /xingrg/all/function/internal_message.html?_=1695270702479&CODE_STATE=getMsg HTTP/1.1" 200 27
120.253.135.82 - - [21/Sep/2023:12:31:44 +0800] "GET /xingrg/kc/pszx/mdqp_order_list.html?state=10 HTTP/1.1" 200 12741
120.253.135.82 - - [21/Sep/2023:12:31:44 +0800] "GET /xingrg/dwr/interface/AjaxQqpsService.js HTTP/1.1" 200 16326
120.253.135.82 - - [21/Sep/2023:12:31:44 +0800] "GET /xingrg/dwr/interface/AjaxReportQueryService.js HTTP/1.1" 200 13203
120.253.135.82 - - [21/Sep/2023:12:31:44 +0800] "GET /xingrg/dwr/engine.js HTTP/1.1" 200 43631
124.78.155.92 - - [21/Sep/2023:12:31:44 +0800] "GET /xingrg/all/function/internal_message.html?_=1695270706315&CODE_STATE=getMsg HTTP/1.1" 200 27
101.83.145.37 - - [21/Sep/2023:12:31:44 +0800] "GET /xingrg/all/function/internal_message.html?_=1695270704804&CODE_STATE=getMsg HTTP/1.1" 200 27
180.165.48.189 - - [21/Sep/2023:12:31:45 +0800] "GET /xingrg/all/function/internal_message.html?_=1695270704454&CODE_STATE=getMsg HTTP/1.1" 200 27
114.95.241.104 - - [21/Sep/2023:12:31:45 +0800] "GET /xingrg/all/function/internal_message.html?_=1695270703440&CODE_STATE=getMsg HTTP/1.1" 200 27
124.78.69.58 - - [21/Sep/2023:12:31:58 +0800] "GET /xingrg/all/function/internal_message.html?_=1695270148214&CODE_STATE=getMsg HTTP/1.1" 200 27
124.77.241.134 - - [21/Sep/2023:12:32:01 +0800] "GET /xingrg/all/function/internal_message.html?_=1695270732216&CODE_STATE=getMsg HTTP/1.1" 200 27
124.79.244.212 - - [21/Sep/2023:12:32:02 +0800] "GET /xingrg/all/function/internal_message.html?_=1695271021188&CODE_STATE=getMsg HTTP/1.1" 200 27
116.228.172.122 - - [21/Sep/2023:12:32:03 +0800] "GET /xingrg/all/function/internal_message.html?_=1695270368675&CODE_STATE=getMsg HTTP/1.1" 200 27
222.69.130.191 - - [21/Sep/2023:12:32:15 +0800] "GET /xingrg/all/function/internal_message.html?_=1695270735742&CODE_STATE=getMsg HTTP/1.1" 200 27
120.253.135.82 - - [21/Sep/2023:12:32:16 +0800] "GET /xingrg/all/function/internal_message.html?_=1695270539742&CODE_STATE=getMsg HTTP/1.1" 200 27
180.152.241.196 - - [21/Sep/2023:12:32:19 +0800] "GET /xingrg/all/function/internal_message.html?_=1695270758377&CODE_STATE=getMsg HTTP/1.1" 200 27
114.83.216.51 - - [21/Sep/2023:12:32:28 +0800] "GET /xingrg/all/function/internal_message.html?_=1695270746852&CODE_STATE=getMsg HTTP/1.1" 200 27
124.78.155.92 - - [21/Sep/2023:12:32:32 +0800] "GET /xingrg/all/function/internal_message.html?_=1695270750078&CODE_STATE=getMsg HTTP/1.1" 200 27
180.169.147.146 - - [21/Sep/2023:12:32:35 +0800] "GET /xingrg/all/function/internal_message.html?_=1695270756349&CODE_STATE=getMsg HTTP/1.1" 200 27
101.228.187.155 - - [21/Sep/2023:12:32:39 +0800] "GET /xingrg/all/function/internal_message.html?_=1695270759422&CODE_STATE=getMsg HTTP/1.1" 200 27
218.81.73.231 - - [21/Sep/2023:12:32:43 +0800] "GET /xingrg/all/function/internal_message.html?_=1695270762481&CODE_STATE=getMsg HTTP/1.1" 200 27
218.81.73.231 - - [21/Sep/2023:12:32:43 +0800] "GET /xingrg/check_reg.html?_=1695270762485 HTTP/1.1" 200 22
124.78.155.92 - - [21/Sep/2023:12:32:44 +0800] "GET /xingrg/all/function/internal_message.html?_=1695270766300&CODE_STATE=getMsg HTTP/1.1" 200 27
101.83.145.37 - - [21/Sep/2023:12:32:44 +0800] "GET /xingrg/all/function/internal_message.html?_=1695270764784&CODE_STATE=getMsg HTTP/1.1" 200 27
180.165.48.189 - - [21/Sep/2023:12:32:45 +0800] "GET /xingrg/all/function/internal_message.html?_=1695270764432&CODE_STATE=getMsg HTTP/1.1" 200 27
114.95.241.104 - - [21/Sep/2023:12:32:45 +0800] "GET /xingrg/all/function/internal_message.html?_=1695270763448&CODE_STATE=getMsg HTTP/1.1" 200 27
124.77.241.134 - - [21/Sep/2023:12:32:53 +0800] "GET /xingrg/check_reg.html?_=1695270783452 HTTP/1.1" 200 22
180.169.147.146 - - [21/Sep/2023:12:32:54 +0800] "GET /xingrg/check_reg.html?_=1695270775851 HTTP/1.1" 200 22
124.78.69.58 - - [21/Sep/2023:12:32:58 +0800] "GET /xingrg/all/function/internal_message.html?_=1695270208213&CODE_STATE=getMsg HTTP/1.1" 200 27
124.77.241.134 - - [21/Sep/2023:12:33:01 +0800] "GET /xingrg/all/function/internal_message.html?_=1695270792226&CODE_STATE=getMsg HTTP/1.1" 200 27
124.79.244.212 - - [21/Sep/2023:12:33:02 +0800] "GET /xingrg/all/function/internal_message.html?_=1695271081194&CODE_STATE=getMsg HTTP/1.1" 200 27
116.228.172.122 - - [21/Sep/2023:12:33:03 +0800] "GET /xingrg/check_reg.html?_=1695270428658 HTTP/1.1" 200 22
116.228.172.122 - - [21/Sep/2023:12:33:03 +0800] "GET /xingrg/all/function/internal_message.html?_=1695270428661&CODE_STATE=getMsg HTTP/1.1" 200 27
120.253.135.82 - - [21/Sep/2023:12:33:13 +0800] "GET /xingrg/check_reg.html?_=1695270596687 HTTP/1.1" 200 22
222.69.130.191 - - [21/Sep/2023:12:33:15 +0800] "GET /xingrg/all/function/internal_message.html?_=1695270795747&CODE_STATE=getMsg HTTP/1.1" 200 27
120.253.135.82 - - [21/Sep/2023:12:33:16 +0800] "GET /xingrg/all/function/internal_message.html?_=1695270599781&CODE_STATE=getMsg HTTP/1.1" 200 27
180.152.241.196 - - [21/Sep/2023:12:33:19 +0800] "GET /xingrg/all/function/internal_message.html?_=1695270818370&CODE_STATE=getMsg HTTP/1.1" 200 27
114.83.216.51 - - [21/Sep/2023:12:33:28 +0800] "GET /xingrg/all/function/internal_message.html?_=1695270806836&CODE_STATE=getMsg HTTP/1.1" 200 27
180.163.30.100 - - [21/Sep/2023:12:33:32 +0800] "GET /xingrg/all/function/internal_message.html?_=1695270750078&CODE_STATE=getMsg HTTP/1.1" 302 -
180.163.30.100 - - [21/Sep/2023:12:33:32 +0800] "GET /xingrg/login.html HTTP/1.1" 200 7641
124.78.155.92 - - [21/Sep/2023:12:33:32 +0800] "GET /xingrg/all/function/internal_message.html?_=1695270810066&CODE_STATE=getMsg HTTP/1.1" 200 27
222.70.107.161 - - [21/Sep/2023:12:33:33 +0800] "GET /xingrg/all/function/internal_message.html?_=1695270816813&CODE_STATE=getMsg HTTP/1.1" 200 27
222.70.107.161 - - [21/Sep/2023:12:33:33 +0800] "GET /xingrg/check_reg.html?_=1695270816814 HTTP/1.1" 200 22
222.70.107.161 - - [21/Sep/2023:12:33:34 +0800] "POST /xingrg/kc/buy/cgsh_order_operate.html HTTP/1.1" 200 15642
180.169.147.146 - - [21/Sep/2023:12:33:35 +0800] "GET /xingrg/all/function/internal_message.html?_=1695270816334&CODE_STATE=getMsg HTTP/1.1" 200 27
101.228.187.155 - - [21/Sep/2023:12:33:39 +0800] "GET /xingrg/all/function/internal_message.html?_=1695270819429&CODE_STATE=getMsg HTTP/1.1" 200 27
101.83.145.37 - - [21/Sep/2023:12:33:43 +0800] "GET /xingrg/check_reg.html?_=1695270823651 HTTP/1.1" 200 22
218.81.73.231 - - [21/Sep/2023:12:33:43 +0800] "GET /xingrg/all/function/internal_message.html?_=1695270822487&CODE_STATE=getMsg HTTP/1.1" 200 27
124.78.155.92 - - [21/Sep/2023:12:33:44 +0800] "GET /xingrg/all/function/internal_message.html?_=1695270826311&CODE_STATE=getMsg HTTP/1.1" 200 27
101.83.145.37 - - [21/Sep/2023:12:33:44 +0800] "GET /xingrg/all/function/internal_message.html?_=1695270824761&CODE_STATE=getMsg HTTP/1.1" 200 27
180.165.48.189 - - [21/Sep/2023:12:33:44 +0800] "GET /xingrg/all/function/internal_message.html?_=1695270824409&CODE_STATE=getMsg HTTP/1.1" 200 27
114.95.241.104 - - [21/Sep/2023:12:33:45 +0800] "GET /xingrg/all/function/internal_message.html?_=1695270823435&CODE_STATE=getMsg HTTP/1.1" 200 27
124.78.69.58 - - [21/Sep/2023:12:33:58 +0800] "GET /xingrg/all/function/internal_message.html?_=1695270268240&CODE_STATE=getMsg HTTP/1.1" 200 27
124.77.241.134 - - [21/Sep/2023:12:34:01 +0800] "GET /xingrg/all/function/internal_message.html?_=1695270852241&CODE_STATE=getMsg HTTP/1.1" 200 27
124.79.244.212 - - [21/Sep/2023:12:34:02 +0800] "GET /xingrg/all/function/internal_message.html?_=1695271141180&CODE_STATE=getMsg HTTP/1.1" 200 27
116.228.172.122 - - [21/Sep/2023:12:34:03 +0800] "GET /xingrg/all/function/internal_message.html?_=1695270488662&CODE_STATE=getMsg HTTP/1.1" 200 27
222.70.107.161 - - [21/Sep/2023:12:34:06 +0800] "GET /xingrg/kc/buy/cgsh_order_operate.html?command=get_materiel&rest_code=00156&code=00101008155&supplier_code=00100007&order_time=2023-09-21 HTTP/1.1" 200 428
222.70.107.161 - - [21/Sep/2023:12:34:09 +0800] "GET /xingrg/check_reg.html?_=1695270853524 HTTP/1.1" 200 22
222.70.107.161 - - [21/Sep/2023:12:34:09 +0800] "GET /xingrg/all/function/internal_message.html?_=1695270853523&CODE_STATE=getMsg HTTP/1.1" 200 27
222.69.130.191 - - [21/Sep/2023:12:34:15 +0800] "GET /xingrg/all/function/internal_message.html?_=1695270855750&CODE_STATE=getMsg HTTP/1.1" 200 27
120.253.135.82 - - [21/Sep/2023:12:34:16 +0800] "GET /xingrg/all/function/internal_message.html?_=1695270659784&CODE_STATE=getMsg HTTP/1.1" 200 27
114.83.216.51 - - [21/Sep/2023:12:34:27 +0800] "GET /xingrg/check_reg.html?_=1695270866254 HTTP/1.1" 200 22
114.83.216.51 - - [21/Sep/2023:12:34:28 +0800] "GET /xingrg/all/function/internal_message.html?_=1695270866820&CODE_STATE=getMsg HTTP/1.1" 200 27
124.78.155.92 - - [21/Sep/2023:12:34:32 +0800] "GET /xingrg/all/function/internal_message.html?_=1695270870070&CODE_STATE=getMsg HTTP/1.1" 200 27
180.169.147.146 - - [21/Sep/2023:12:34:35 +0800] "GET /xingrg/all/function/internal_message.html?_=1695270876343&CODE_STATE=getMsg HTTP/1.1" 200 27
101.228.187.155 - - [21/Sep/2023:12:34:39 +0800] "GET /xingrg/check_reg.html?_=1695270879415 HTTP/1.1" 200 22
101.228.187.155 - - [21/Sep/2023:12:34:39 +0800] "GET /xingrg/all/function/internal_message.html?_=1695270879417&CODE_STATE=getMsg HTTP/1.1" 200 27
218.81.73.231 - - [21/Sep/2023:12:34:43 +0800] "GET /xingrg/all/function/internal_message.html?_=1695270882474&CODE_STATE=getMsg HTTP/1.1" 200 27
124.78.155.92 - - [21/Sep/2023:12:34:44 +0800] "GET /xingrg/all/function/internal_message.html?_=1695270886296&CODE_STATE=getMsg HTTP/1.1" 200 27
101.83.145.37 - - [21/Sep/2023:12:34:44 +0800] "GET /xingrg/all/function/internal_message.html?_=1695270884736&CODE_STATE=getMsg HTTP/1.1" 200 27
180.165.48.189 - - [21/Sep/2023:12:34:44 +0800] "GET /xingrg/all/function/internal_message.html?_=1695270884394&CODE_STATE=getMsg HTTP/1.1" 200 27
114.95.241.104 - - [21/Sep/2023:12:34:45 +0800] "GET /xingrg/all/function/internal_message.html?_=1695270883438&CODE_STATE=getMsg HTTP/1.1" 200 27
114.95.241.104 - - [21/Sep/2023:12:34:45 +0800] "GET /xingrg/check_reg.html?_=1695270883443 HTTP/1.1" 200 22
124.78.155.92 - - [21/Sep/2023:12:34:46 +0800] "GET /xingrg/check_reg.html?_=1695270888420 HTTP/1.1" 200 22
124.78.69.58 - - [21/Sep/2023:12:34:58 +0800] "GET /xingrg/check_reg.html?_=1695270328243 HTTP/1.1" 200 22
124.78.69.58 - - [21/Sep/2023:12:34:58 +0800] "GET /xingrg/all/function/internal_message.html?_=1695270328241&CODE_STATE=getMsg HTTP/1.1" 200 27
124.77.241.134 - - [21/Sep/2023:12:35:02 +0800] "GET /xingrg/all/function/internal_message.html?_=1695270912716&CODE_STATE=getMsg HTTP/1.1" 200 27
124.79.244.212 - - [21/Sep/2023:12:35:02 +0800] "GET /xingrg/check_reg.html?_=1695271201195 HTTP/1.1" 200 22
124.79.244.212 - - [21/Sep/2023:12:35:03 +0800] "GET /xingrg/all/function/internal_message.html?_=1695271201196&CODE_STATE=getMsg HTTP/1.1" 200 27
116.228.172.122 - - [21/Sep/2023:12:35:03 +0800] "GET /xingrg/all/function/internal_message.html?_=1695270548661&CODE_STATE=getMsg HTTP/1.1" 200 27
124.79.244.212 - - [21/Sep/2023:12:35:08 +0800] "GET /xingrg/check_reg.html?_=1695270908204 HTTP/1.1" 302 -
222.70.107.161 - - [21/Sep/2023:12:35:09 +0800] "GET /xingrg/all/function/internal_message.html?_=1695270913525&CODE_STATE=getMsg HTTP/1.1" 200 27
222.69.130.191 - - [21/Sep/2023:12:35:15 +0800] "GET /xingrg/all/function/internal_message.html?_=1695270915726&CODE_STATE=getMsg HTTP/1.1" 200 27
120.253.135.82 - - [21/Sep/2023:12:35:16 +0800] "GET /xingrg/all/function/internal_message.html?_=1695270719877&CODE_STATE=getMsg HTTP/1.1" 200 27
114.83.216.51 - - [21/Sep/2023:12:35:28 +0800] "GET /xingrg/all/function/internal_message.html?_=1695270926805&CODE_STATE=getMsg HTTP/1.1" 200 27
180.163.30.85 - - [21/Sep/2023:12:35:32 +0800] "GET /xingrg/all/function/internal_message.html?_=1695270870070&CODE_STATE=getMsg HTTP/1.1" 302 -
180.163.30.85 - - [21/Sep/2023:12:35:32 +0800] "GET /xingrg/login.html HTTP/1.1" 200 7641
124.78.155.92 - - [21/Sep/2023:12:35:32 +0800] "GET /xingrg/all/function/internal_message.html?_=1695270930076&CODE_STATE=getMsg HTTP/1.1" 200 27
180.169.147.146 - - [21/Sep/2023:12:35:35 +0800] "GET /xingrg/all/function/internal_message.html?_=1695270936327&CODE_STATE=getMsg HTTP/1.1" 200 27
101.228.187.155 - - [21/Sep/2023:12:35:39 +0800] "GET /xingrg/all/function/internal_message.html?_=1695270939416&CODE_STATE=getMsg HTTP/1.1" 200 27
218.81.73.231 - - [21/Sep/2023:12:35:43 +0800] "GET /xingrg/all/function/internal_message.html?_=1695270942473&CODE_STATE=getMsg HTTP/1.1" 200 27
124.78.155.92 - - [21/Sep/2023:12:35:44 +0800] "GET /xingrg/all/function/internal_message.html?_=1695270946266&CODE_STATE=getMsg HTTP/1.1" 200 27
101.83.145.37 - - [21/Sep/2023:12:35:44 +0800] "GET /xingrg/all/function/internal_message.html?_=1695270944710&CODE_STATE=getMsg HTTP/1.1" 200 27
180.165.48.189 - - [21/Sep/2023:12:35:44 +0800] "GET /xingrg/all/function/internal_message.html?_=1695270944376&CODE_STATE=getMsg HTTP/1.1" 200 27
114.95.241.104 - - [21/Sep/2023:12:35:45 +0800] "GET /xingrg/all/function/internal_message.html?_=1695270943444&CODE_STATE=getMsg HTTP/1.1" 200 27
180.165.48.189 - - [21/Sep/2023:12:35:47 +0800] "GET /xingrg/check_reg.html?_=1695270946949 HTTP/1.1" 200 22
124.78.69.58 - - [21/Sep/2023:12:35:58 +0800] "GET /xingrg/all/function/internal_message.html?_=1695270388242&CODE_STATE=getMsg HTTP/1.1" 200 27
124.77.241.134 - - [21/Sep/2023:12:36:02 +0800] "GET /xingrg/all/function/internal_message.html?_=1695270972721&CODE_STATE=getMsg HTTP/1.1" 200 27
124.79.244.212 - - [21/Sep/2023:12:36:03 +0800] "GET /xingrg/all/function/internal_message.html?_=1695271261193&CODE_STATE=getMsg HTTP/1.1" 200 27
116.228.172.122 - - [21/Sep/2023:12:36:03 +0800] "GET /xingrg/all/function/internal_message.html?_=1695270608651&CODE_STATE=getMsg HTTP/1.1" 200 27
222.70.107.161 - - [21/Sep/2023:12:36:09 +0800] "GET /xingrg/all/function/internal_message.html?_=1695270973527&CODE_STATE=getMsg HTTP/1.1" 200 27
222.69.130.191 - - [21/Sep/2023:12:36:15 +0800] "GET /xingrg/all/function/internal_message.html?_=1695270975734&CODE_STATE=getMsg HTTP/1.1" 200 27
222.69.130.191 - - [21/Sep/2023:12:36:15 +0800] "GET /xingrg/check_reg.html?_=1695270975739 HTTP/1.1" 200 22
120.253.135.82 - - [21/Sep/2023:12:36:16 +0800] "GET /xingrg/all/function/internal_message.html?_=1695270779889&CODE_STATE=getMsg HTTP/1.1" 200 27
114.83.216.51 - - [21/Sep/2023:12:36:28 +0800] "GET /xingrg/all/function/internal_message.html?_=1695270986781&CODE_STATE=getMsg HTTP/1.1" 200 27
124.78.155.92 - - [21/Sep/2023:12:36:32 +0800] "GET /xingrg/all/function/internal_message.html?_=1695270990081&CODE_STATE=getMsg HTTP/1.1" 200 27
124.78.155.92 - - [21/Sep/2023:12:36:32 +0800] "GET /xingrg/check_reg.html?_=1695270990085 HTTP/1.1" 200 22
180.169.147.146 - - [21/Sep/2023:12:36:35 +0800] "GET /xingrg/all/function/internal_message.html?_=1695270996311&CODE_STATE=getMsg HTTP/1.1" 200 27
101.228.187.155 - - [21/Sep/2023:12:36:39 +0800] "GET /xingrg/all/function/internal_message.html?_=1695270999417&CODE_STATE=getMsg HTTP/1.1" 200 27
180.152.241.196 - - [21/Sep/2023:12:36:42 +0800] "GET /xingrg/login.html HTTP/1.1" 200 7641
180.152.241.196 - - [21/Sep/2023:12:36:43 +0800] "GET /favicon.ico HTTP/1.1" 404 -
218.81.73.231 - - [21/Sep/2023:12:36:43 +0800] "GET /xingrg/all/function/internal_message.html?_=1695271002484&CODE_STATE=getMsg HTTP/1.1" 200 27
124.78.155.92 - - [21/Sep/2023:12:36:44 +0800] "GET /xingrg/all/function/internal_message.html?_=1695271006251&CODE_STATE=getMsg HTTP/1.1" 200 27
180.152.241.196 - - [21/Sep/2023:12:36:44 +0800] "POST /xingrg/login.do HTTP/1.1" 302 -
180.152.241.196 - - [21/Sep/2023:12:36:44 +0800] "GET /xingrg/index.html?sysBaseUrl=http%3A%2F%2F180.169.147.146%3A18081%2Fxingrg%2F&costTime=802×tamp=1695271004441 HTTP/1.1" 200 17173
101.83.145.37 - - [21/Sep/2023:12:36:44 +0800] "GET /xingrg/all/function/internal_message.html?_=1695271004689&CODE_STATE=getMsg HTTP/1.1" 200 27
180.152.241.196 - - [21/Sep/2023:12:36:44 +0800] "GET /favicon.ico HTTP/1.1" 404 -
180.152.241.196 - - [21/Sep/2023:12:36:44 +0800] "GET /xingrg/all/function/internal_message.html?_=1695271023436&CODE_STATE=count HTTP/1.1" 200 11
180.152.241.196 - - [21/Sep/2023:12:36:44 +0800] "GET /xingrg/check_reg.html?_=1695271023438 HTTP/1.1" 200 22
180.165.48.189 - - [21/Sep/2023:12:36:44 +0800] "GET /xingrg/all/function/internal_message.html?_=1695271004362&CODE_STATE=getMsg HTTP/1.1" 200 27
180.152.241.196 - - [21/Sep/2023:12:36:44 +0800] "POST /xingrg/all/common/load_tree.html?tree=area_rest_tree_json&manage=1 HTTP/1.1" 200 342
180.152.241.196 - - [21/Sep/2023:12:36:45 +0800] "POST /xingrg/load_menu.html HTTP/1.1" 200 5138
114.95.241.104 - - [21/Sep/2023:12:36:45 +0800] "GET /xingrg/all/function/internal_message.html?_=1695271003445&CODE_STATE=getMsg HTTP/1.1" 200 27
180.152.241.196 - - [21/Sep/2023:12:36:47 +0800] "GET /xingrg/kc/buy/cgyd_order_list.html HTTP/1.1" 200 56046
180.152.241.196 - - [21/Sep/2023:12:36:47 +0800] "GET /xingrg/kc/buy/cgsh_order_list.html HTTP/1.1" 200 56579
180.152.241.196 - - [21/Sep/2023:12:36:51 +0800] "POST /xingrg/kc/buy/cgsh_list_operate.html HTTP/1.1" 200 986
124.78.69.58 - - [21/Sep/2023:12:36:58 +0800] "GET /xingrg/all/function/internal_message.html?_=1695270448242&CODE_STATE=getMsg HTTP/1.1" 200 27
124.79.244.212 - - [21/Sep/2023:12:37:02 +0800] "GET /xingrg/all/function/internal_message.html?_=1695271321193&CODE_STATE=getMsg HTTP/1.1" 200 27
124.77.241.134 - - [21/Sep/2023:12:37:03 +0800] "GET /xingrg/all/function/internal_message.html?_=1695271033461&CODE_STATE=getMsg HTTP/1.1" 200 27
116.228.172.122 - - [21/Sep/2023:12:37:03 +0800] "GET /xingrg/all/function/internal_message.html?_=1695270668668&CODE_STATE=getMsg HTTP/1.1" 200 27
101.83.145.37 - - [21/Sep/2023:12:37:08 +0800] "POST /xingrg/services/DataTransmitService HTTP/1.1" 200 524
101.83.145.37 - - [21/Sep/2023:12:37:09 +0800] "POST /xingrg/services/DataTransmitService HTTP/1.1" 200 501
101.83.145.37 - - [21/Sep/2023:12:37:09 +0800] "POST /xingrg/services/DataTransmitService HTTP/1.1" 200 501
222.70.107.161 - - [21/Sep/2023:12:37:09 +0800] "GET /xingrg/all/function/internal_message.html?_=1695271033530&CODE_STATE=getMsg HTTP/1.1" 200 27
101.83.145.37 - - [21/Sep/2023:12:37:09 +0800] "POST /xingrg/services/DataTransmitService HTTP/1.1" 200 501
101.83.145.37 - - [21/Sep/2023:12:37:10 +0800] "POST /xingrg/services/DataTransmitService HTTP/1.1" 200 501
101.83.145.37 - - [21/Sep/2023:12:37:10 +0800] "POST /xingrg/services/DataTransmitService HTTP/1.1" 200 501
101.83.145.37 - - [21/Sep/2023:12:37:11 +0800] "POST /xingrg/services/DataTransmitService HTTP/1.1" 200 412
222.69.130.191 - - [21/Sep/2023:12:37:15 +0800] "GET /xingrg/all/function/internal_message.html?_=1695271035731&CODE_STATE=getMsg HTTP/1.1" 200 27
120.253.135.82 - - [21/Sep/2023:12:37:16 +0800] "GET /xingrg/all/function/internal_message.html?_=1695270839975&CODE_STATE=getMsg HTTP/1.1" 200 27
180.169.147.146 - - [21/Sep/2023:12:37:22 +0800] "GET /xingrg/index.html?sysBaseUrl=http%3A%2F%2F180.169.147.146%3A18081%2Fxingrg%2F&costTime=39×tamp=1592034574635 HTTP/1.1" 200 17509
180.169.147.146 - - [21/Sep/2023:12:37:23 +0800] "GET /xingrg/all/function/internal_message.html?_=1695271043668&CODE_STATE=count HTTP/1.1" 200 11
180.169.147.146 - - [21/Sep/2023:12:37:23 +0800] "GET /xingrg/check_reg.html?_=1695271043670 HTTP/1.1" 200 22
180.169.147.146 - - [21/Sep/2023:12:37:23 +0800] "POST /xingrg/all/common/load_tree.html?tree=area_rest_tree_json&manage=1 HTTP/1.1" 200 3499
180.169.147.146 - - [21/Sep/2023:12:37:23 +0800] "GET /favicon.ico HTTP/1.1" 404 -
180.169.147.146 - - [21/Sep/2023:12:37:23 +0800] "POST /xingrg/load_menu.html HTTP/1.1" 200 9959
180.169.147.146 - - [21/Sep/2023:12:37:25 +0800] "GET /xingrg/kc/report/report_main.html HTTP/1.1" 200 7340
114.83.216.51 - - [21/Sep/2023:12:37:28 +0800] "GET /xingrg/all/function/internal_message.html?_=1695271046764&CODE_STATE=getMsg HTTP/1.1" 200 27
180.169.147.146 - - [21/Sep/2023:12:37:30 +0800] "GET /xingrg/all/report/report_query.html?fileName=kc/buy/gys_amount.xml&rh=99999 HTTP/1.1" 200 52006
180.169.147.146 - - [21/Sep/2023:12:37:30 +0800] "GET /xingrg/dwr/interface/AjaxReportQueryService.js HTTP/1.1" 200 13203
180.169.147.146 - - [21/Sep/2023:12:37:30 +0800] "GET /xingrg/dwr/engine.js HTTP/1.1" 200 43631
180.169.147.146 - - [21/Sep/2023:12:37:30 +0800] "GET /xingrg/dwr/util.js HTTP/1.1" 304 -
180.169.147.146 - - [21/Sep/2023:12:37:30 +0800] "POST /xingrg/dwr/call/plaincall/AjaxReportQueryService.getFixDate.dwr HTTP/1.1" 200 111
180.169.147.146 - - [21/Sep/2023:12:37:31 +0800] "POST /xingrg/dwr/call/plaincall/AjaxReportQueryService.getInitString.dwr HTTP/1.1" 200 1083
180.169.147.146 - - [21/Sep/2023:12:37:31 +0800] "POST /xingrg/all/common/load_tree.html?tree=materiel_sort_tree_json HTTP/1.1" 200 9500
180.169.147.146 - - [21/Sep/2023:12:37:31 +0800] "POST /xingrg/all/common/load_tree.html?tree=supplier_tree_json&manage=1 HTTP/1.1" 200 78115
180.163.29.212 - - [21/Sep/2023:12:37:32 +0800] "GET /xingrg/check_reg.html?_=1695270990085 HTTP/1.1" 302 -
180.163.29.212 - - [21/Sep/2023:12:37:32 +0800] "GET /xingrg/login.html HTTP/1.1" 200 7641
124.78.155.92 - - [21/Sep/2023:12:37:32 +0800] "GET /xingrg/all/function/internal_message.html?_=1695271050073&CODE_STATE=getMsg HTTP/1.1" 200 27
180.169.147.146 - - [21/Sep/2023:12:37:35 +0800] "GET /xingrg/all/function/internal_message.html?_=1695271056295&CODE_STATE=getMsg HTTP/1.1" 200 27
101.228.187.155 - - [21/Sep/2023:12:37:39 +0800] "GET /xingrg/all/function/internal_message.html?_=1695271059416&CODE_STATE=getMsg HTTP/1.1" 200 27
180.169.147.146 - - [21/Sep/2023:12:37:40 +0800] "POST /xingrg/dwr/call/plaincall/AjaxReportQueryService.refreshCache.dwr HTTP/1.1" 200 78
180.169.147.146 - - [21/Sep/2023:12:37:43 +0800] "GET /xingrg/kc/buy/cgsh_order_add.html HTTP/1.1" 200 72364
218.81.73.231 - - [21/Sep/2023:12:37:43 +0800] "GET /xingrg/all/function/internal_message.html?_=1695271062485&CODE_STATE=getMsg HTTP/1.1" 200 27
218.81.73.231 - - [21/Sep/2023:12:37:43 +0800] "GET /xingrg/check_reg.html?_=1695271062489 HTTP/1.1" 200 22
180.169.147.146 - - [21/Sep/2023:12:37:43 +0800] "GET /xingrg/words/20230921103221_words.js HTTP/1.1" 304 -
180.169.147.146 - - [21/Sep/2023:12:37:44 +0800] "GET /xingrg/javascript/easyui/themes/default/validatebox.css HTTP/1.1" 404 1104
180.169.147.146 - - [21/Sep/2023:12:37:44 +0800] "POST /xingrg/kc/buy/cgsh_order_operate.html HTTP/1.1" 200 8245
124.78.155.92 - - [21/Sep/2023:12:37:44 +0800] "GET /xingrg/all/function/internal_message.html?_=1695271066237&CODE_STATE=getMsg HTTP/1.1" 200 27
101.83.145.37 - - [21/Sep/2023:12:37:44 +0800] "GET /xingrg/all/function/internal_message.html?_=1695271064668&CODE_STATE=getMsg HTTP/1.1" 200 27
180.169.147.146 - - [21/Sep/2023:12:37:44 +0800] "POST /xingrg/all/report/load_report_page.html HTTP/1.1" 200 100486
180.169.147.146 - - [21/Sep/2023:12:37:44 +0800] "GET /xingrg/servlets/image?cache=0.3376143176602473&image=px HTTP/1.1" 200 807
180.165.48.189 - - [21/Sep/2023:12:37:44 +0800] "GET /xingrg/all/function/internal_message.html?_=1695271064338&CODE_STATE=getMsg HTTP/1.1" 200 27
180.152.241.196 - - [21/Sep/2023:12:37:44 +0800] "GET /xingrg/all/function/internal_message.html?_=1695271083447&CODE_STATE=getMsg HTTP/1.1" 200 27
114.95.241.104 - - [21/Sep/2023:12:37:45 +0800] "GET /xingrg/all/function/internal_message.html?_=1695271063453&CODE_STATE=getMsg HTTP/1.1" 200 27
124.77.241.134 - - [21/Sep/2023:12:37:53 +0800] "GET /xingrg/check_reg.html?_=1695271083452 HTTP/1.1" 200 22
180.169.147.146 - - [21/Sep/2023:12:37:54 +0800] "GET /xingrg/check_reg.html?_=1695271075865 HTTP/1.1" 200 22
124.78.69.58 - - [21/Sep/2023:12:37:58 +0800] "GET /xingrg/all/function/internal_message.html?_=1695270508242&CODE_STATE=getMsg HTTP/1.1" 200 27
124.79.244.212 - - [21/Sep/2023:12:38:02 +0800] "GET /xingrg/all/function/internal_message.html?_=1695271381191&CODE_STATE=getMsg HTTP/1.1" 200 27
124.77.241.134 - - [21/Sep/2023:12:38:03 +0800] "GET /xingrg/all/function/internal_message.html?_=1695271093465&CODE_STATE=getMsg HTTP/1.1" 200 27
180.169.147.146 - - [21/Sep/2023:12:38:03 +0800] "GET /xingrg/kc/buy/cgsh_order_operate.html?command=get_materiel&rest_code=00147&code=00101010820&supplier_code=00100481&order_time=2023-09-21 HTTP/1.1" 200 424
116.228.172.122 - - [21/Sep/2023:12:38:03 +0800] "GET /xingrg/check_reg.html?_=1695270728669 HTTP/1.1" 200 22
116.228.172.122 - - [21/Sep/2023:12:38:03 +0800] "GET /xingrg/all/function/internal_message.html?_=1695270728672&CODE_STATE=getMsg HTTP/1.1" 200 27
180.169.147.146 - - [21/Sep/2023:12:38:04 +0800] "GET /xingrg/all/report/report_query.html?isQuery=1&fileName=kc/buy/wlcg_cate_hz.xml&queryString=(CONVERT(char(10)%252Ca.order_time%252C%2520120)%253E%253D'2023-08-01')%2520and%2520(CONVERT(char(10)%252Ca.order_time%252C%2520120)%253C%253D'2023-08-15')%2520and%2520(a.number%253E0%2520and%2520a.supplier_code%253D'00100012')&queryText=%25E3%2580%2590%25E9%2587%2587%25E8%25B4%25AD%25E6%2597%25A5%25E6%259C%259F%253A2023-08-01%2520%25E8%2587%25B3%25202023-08-15%25E3%2580%2591%2520%25E5%25B9%25B6%25E4%25B8%2594%2520%25E3%2580%2590%25E4%25BE%259B%25E5%25BA%2594%25E5%2595%2586%253D%25E7%258C%25AA%25E8%2582%2589%25EF%25BC%2588%25E6%259D%258E%25E8%25B4%25BB%25E5%258D%258E%25EF%25BC%2589%25E3%2580%2591 HTTP/1.1" 200 54374
180.169.147.146 - - [21/Sep/2023:12:38:04 +0800] "GET /xingrg/dwr/interface/AjaxReportQueryService.js HTTP/1.1" 200 13203
180.169.147.146 - - [21/Sep/2023:12:38:04 +0800] "GET /xingrg/dwr/engine.js HTTP/1.1" 200 43631
180.169.147.146 - - [21/Sep/2023:12:38:07 +0800] "POST /xingrg/all/report/load_report_page.html HTTP/1.1" 200 8713
180.169.147.146 - - [21/Sep/2023:12:38:07 +0800] "GET /xingrg/servlets/image?cache=0.4607724933245195&image=px HTTP/1.1" 200 807
222.70.107.161 - - [21/Sep/2023:12:38:09 +0800] "GET /xingrg/all/function/internal_message.html?_=1695271093532&CODE_STATE=getMsg HTTP/1.1" 200 27
180.169.147.146 - - [21/Sep/2023:12:38:10 +0800] "POST /xingrg/all/report/load_report_page.html HTTP/1.1" 200 100716
180.169.147.146 - - [21/Sep/2023:12:38:10 +0800] "GET /xingrg/servlets/image?cache=0.06673791785357575&image=px HTTP/1.1" 200 807
180.152.241.196 - - [21/Sep/2023:12:38:10 +0800] "GET /xingrg/kc/buy/cgsh_order_add.html HTTP/1.1" 200 72402
180.152.241.196 - - [21/Sep/2023:12:38:11 +0800] "GET /xingrg/words/20230921103221_words.js HTTP/1.1" 200 987998
180.152.241.196 - - [21/Sep/2023:12:38:11 +0800] "POST /xingrg/kc/buy/cgsh_order_operate.html HTTP/1.1" 200 8245
180.152.241.196 - - [21/Sep/2023:12:38:11 +0800] "GET /xingrg/javascript/easyui/themes/default/validatebox.css HTTP/1.1" 404 1104
180.152.241.196 - - [21/Sep/2023:12:38:11 +0800] "GET /xingrg/all/common/auto_word.html?type=employee&rest_code=00102 HTTP/1.1" 200 189
180.152.241.196 - - [21/Sep/2023:12:38:11 +0800] "GET /xingrg/all/common/auto_word.html?type=employee&rest_code=00102 HTTP/1.1" 200 189
120.253.135.82 - - [21/Sep/2023:12:38:13 +0800] "GET /xingrg/check_reg.html?_=1695270896693 HTTP/1.1" 200 22
180.152.241.196 - - [21/Sep/2023:12:38:15 +0800] "GET /xingrg/javascript/easyui/themes/default/tree.css HTTP/1.1" 404 1090
222.69.130.191 - - [21/Sep/2023:12:38:15 +0800] "GET /xingrg/all/function/internal_message.html?_=1695271095738&CODE_STATE=getMsg HTTP/1.1" 200 27
180.169.147.146 - - [21/Sep/2023:12:38:15 +0800] "POST /xingrg/all/report/report_print.html HTTP/1.1" 200 10772
180.152.241.196 - - [21/Sep/2023:12:38:16 +0800] "POST /xingrg/all/common/load_tree.html?tree=supplier_tree_json&isDelete=1 HTTP/1.1" 200 75946
120.253.135.82 - - [21/Sep/2023:12:38:16 +0800] "GET /xingrg/all/function/internal_message.html?_=1695270899979&CODE_STATE=getMsg HTTP/1.1" 200 27
180.171.62.48 - - [21/Sep/2023:12:38:17 +0800] "GET /xingrg/login.html HTTP/1.1" 200 7641
180.171.62.48 - - [21/Sep/2023:12:38:19 +0800] "GET /favicon.ico HTTP/1.1" 404 -
180.152.241.196 - - [21/Sep/2023:12:38:19 +0800] "GET /xingrg/javascript/auto/indicator.gif HTTP/1.1" 404 1066
180.152.241.196 - - [21/Sep/2023:12:38:19 +0800] "GET /xingrg/javascript/jquery_tools/images/prev.gif HTTP/1.1" 404 1086
180.152.241.196 - - [21/Sep/2023:12:38:19 +0800] "GET /xingrg/javascript/jquery_tools/images/next.gif HTTP/1.1" 404 1086
180.169.147.146 - - [21/Sep/2023:12:38:23 +0800] "POST /xingrg/kc/buy/cgsh_order_operate.html HTTP/1.1" 200 37
180.163.28.109 - - [21/Sep/2023:12:38:23 +0800] "GET /xingrg/all/function/internal_message.html?_=1695271043668&CODE_STATE=count HTTP/1.1" 302 -
180.163.28.109 - - [21/Sep/2023:12:38:23 +0800] "GET /xingrg/login.html HTTP/1.1" 200 7641
180.169.147.146 - - [21/Sep/2023:12:38:23 +0800] "GET /xingrg/all/function/internal_message.html?_=1695271103688&CODE_STATE=getMsg HTTP/1.1" 200 27
180.152.241.196 - - [21/Sep/2023:12:38:25 +0800] "GET /xingrg/kc/buy/cgsh_order_operate.html?command=get_materiel&rest_code=00102&code=00101008091&supplier_code=00100008&order_time=2023-09-21 HTTP/1.1" 200 413
180.171.62.48 - - [21/Sep/2023:12:38:27 +0800] "POST /xingrg/login.do HTTP/1.1" 302 -
180.171.62.48 - - [21/Sep/2023:12:38:27 +0800] "GET /xingrg/index.html?sysBaseUrl=http%3A%2F%2F180.169.147.146%3A18081%2Fxingrg%2F&costTime=814×tamp=1695271107094 HTTP/1.1" 200 17179
180.171.62.48 - - [21/Sep/2023:12:38:27 +0800] "GET /favicon.ico HTTP/1.1" 404 -
180.171.62.48 - - [21/Sep/2023:12:38:27 +0800] "POST /xingrg/all/common/load_tree.html?tree=area_rest_tree_json&manage=1 HTTP/1.1" 200 351
180.171.62.48 - - [21/Sep/2023:12:38:27 +0800] "GET /xingrg/all/function/internal_message.html?_=1695271113158&CODE_STATE=count HTTP/1.1" 200 11
180.171.62.48 - - [21/Sep/2023:12:38:27 +0800] "GET /xingrg/check_reg.html?_=1695271113170 HTTP/1.1" 200 22
180.171.62.48 - - [21/Sep/2023:12:38:27 +0800] "POST /xingrg/load_menu.html HTTP/1.1" 200 5138
114.83.216.51 - - [21/Sep/2023:12:38:28 +0800] "GET /xingrg/all/function/internal_message.html?_=1695271106748&CODE_STATE=getMsg HTTP/1.1" 200 27
120.253.135.82 - - [21/Sep/2023:12:38:28 +0800] "GET /xingrg/kc/pszx/mdqp_order_list.html?state=10 HTTP/1.1" 200 12741
120.253.135.82 - - [21/Sep/2023:12:38:28 +0800] "GET /xingrg/dwr/interface/AjaxQqpsService.js HTTP/1.1" 200 16326
120.253.135.82 - - [21/Sep/2023:12:38:28 +0800] "GET /xingrg/dwr/interface/AjaxReportQueryService.js HTTP/1.1" 200 13203
120.253.135.82 - - [21/Sep/2023:12:38:28 +0800] "GET /xingrg/dwr/engine.js HTTP/1.1" 200 43631
180.171.62.48 - - [21/Sep/2023:12:38:30 +0800] "GET /xingrg/kc/buy/cgsh_order_list.html HTTP/1.1" 200 56585
124.78.155.92 - - [21/Sep/2023:12:38:32 +0800] "GET /xingrg/all/function/internal_message.html?_=1695271110072&CODE_STATE=getMsg HTTP/1.1" 200 27
180.171.62.48 - - [21/Sep/2023:12:38:33 +0800] "POST /xingrg/kc/buy/cgsh_list_operate.html HTTP/1.1" 200 986
180.152.241.196 - - [21/Sep/2023:12:38:33 +0800] "GET /xingrg/kc/buy/cgsh_order_operate.html?command=get_materiel&rest_code=00102&code=00101019949&supplier_code=00100008&order_time=2023-09-21 HTTP/1.1" 200 409
180.171.62.48 - - [21/Sep/2023:12:38:34 +0800] "GET /xingrg/kc/buy/cgsh_order_add.html HTTP/1.1" 200 71395
180.171.62.48 - - [21/Sep/2023:12:38:34 +0800] "GET /xingrg/words/20230921103221_words.js HTTP/1.1" 200 987998
180.171.62.48 - - [21/Sep/2023:12:38:34 +0800] "POST /xingrg/kc/buy/cgsh_order_operate.html HTTP/1.1" 200 8245
180.171.62.48 - - [21/Sep/2023:12:38:34 +0800] "GET /xingrg/javascript/easyui/themes/default/validatebox.css HTTP/1.1" 404 1104
180.171.62.48 - - [21/Sep/2023:12:38:34 +0800] "GET /xingrg/all/common/auto_word.html?type=employee&rest_code=00144 HTTP/1.1" 200 101
180.171.62.48 - - [21/Sep/2023:12:38:34 +0800] "GET /xingrg/all/common/auto_word.html?type=employee&rest_code=00144 HTTP/1.1" 200 101
180.171.62.48 - - [21/Sep/2023:12:38:36 +0800] "GET /xingrg/javascript/auto/indicator.gif HTTP/1.1" 404 1066
101.228.187.155 - - [21/Sep/2023:12:38:39 +0800] "GET /xingrg/all/function/internal_message.html?_=1695271119419&CODE_STATE=getMsg HTTP/1.1" 200 27
101.83.145.37 - - [21/Sep/2023:12:38:43 +0800] "GET /xingrg/check_reg.html?_=1695271123629 HTTP/1.1" 200 22
218.81.73.231 - - [21/Sep/2023:12:38:43 +0800] "GET /xingrg/all/function/internal_message.html?_=1695271122475&CODE_STATE=getMsg HTTP/1.1" 200 27
124.78.155.92 - - [21/Sep/2023:12:38:44 +0800] "GET /xingrg/all/function/internal_message.html?_=1695271126223&CODE_STATE=getMsg HTTP/1.1" 200 27
101.83.145.37 - - [21/Sep/2023:12:38:44 +0800] "GET /xingrg/all/function/internal_message.html?_=1695271124646&CODE_STATE=getMsg HTTP/1.1" 200 27
180.165.48.189 - - [21/Sep/2023:12:38:44 +0800] "GET /xingrg/all/function/internal_message.html?_=1695271124322&CODE_STATE=getMsg HTTP/1.1" 200 27
180.152.241.196 - - [21/Sep/2023:12:38:44 +0800] "GET /xingrg/all/function/internal_message.html?_=1695271143451&CODE_STATE=getMsg HTTP/1.1" 200 27
114.95.241.104 - - [21/Sep/2023:12:38:45 +0800] "GET /xingrg/all/function/internal_message.html?_=1695271123454&CODE_STATE=getMsg HTTP/1.1" 200 27
180.171.62.48 - - [21/Sep/2023:12:38:52 +0800] "GET /xingrg/kc/buy/cgsh_order_operate.html?command=get_materiel&rest_code=00144&code=00101027060&supplier_code=00100207&order_time=2023-09-21 HTTP/1.1" 200 446
124.78.69.58 - - [21/Sep/2023:12:38:58 +0800] "GET /xingrg/all/function/internal_message.html?_=1695270568242&CODE_STATE=getMsg HTTP/1.1" 200 27
180.152.241.196 - - [21/Sep/2023:12:39:02 +0800] "GET /xingrg/kc/buy/cgsh_order_operate.html?command=get_materiel&rest_code=00102&code=00101008055&supplier_code=00100008&order_time=2023-09-21 HTTP/1.1" 200 411
124.79.244.212 - - [21/Sep/2023:12:39:03 +0800] "GET /xingrg/all/function/internal_message.html?_=1695271441190&CODE_STATE=getMsg HTTP/1.1" 200 27
124.77.241.134 - - [21/Sep/2023:12:39:03 +0800] "GET /xingrg/all/function/internal_message.html?_=1695271153478&CODE_STATE=getMsg HTTP/1.1" 200 27
116.228.172.122 - - [21/Sep/2023:12:39:03 +0800] "GET /xingrg/all/function/internal_message.html?_=1695270788663&CODE_STATE=getMsg HTTP/1.1" 200 27
180.171.62.48 - - [21/Sep/2023:12:39:04 +0800] "GET /xingrg/kc/buy/cgsh_order_operate.html?command=get_materiel&rest_code=00144&code=00101027030&supplier_code=00100207&order_time=2023-09-21 HTTP/1.1" 200 441
180.152.241.196 - - [21/Sep/2023:12:39:08 +0800] "GET /xingrg/kc/buy/cgsh_order_operate.html?command=get_materiel&rest_code=00102&code=00101008080&supplier_code=00100008&order_time=2023-09-21 HTTP/1.1" 200 416
222.70.107.161 - - [21/Sep/2023:12:39:09 +0800] "GET /xingrg/all/function/internal_message.html?_=1695271153534&CODE_STATE=getMsg HTTP/1.1" 200 27
222.70.107.161 - - [21/Sep/2023:12:39:09 +0800] "GET /xingrg/check_reg.html?_=1695271153534 HTTP/1.1" 200 22
222.70.180.200 - - [21/Sep/2023:12:39:12 +0800] "GET /xingrg/login.html HTTP/1.1" 200 7641
222.70.180.200 - - [21/Sep/2023:12:39:12 +0800] "GET /favicon.ico HTTP/1.1" 404 -
180.152.241.196 - - [21/Sep/2023:12:39:14 +0800] "GET /xingrg/kc/buy/cgsh_order_operate.html?command=get_materiel&rest_code=00102&code=00101008331&supplier_code=00100008&order_time=2023-09-21 HTTP/1.1" 200 416
222.69.130.191 - - [21/Sep/2023:12:39:15 +0800] "GET /xingrg/all/function/internal_message.html?_=1695271155737&CODE_STATE=getMsg HTTP/1.1" 200 27
120.253.135.82 - - [21/Sep/2023:12:39:16 +0800] "GET /xingrg/all/function/internal_message.html?_=1695270959993&CODE_STATE=getMsg HTTP/1.1" 200 27
222.70.180.200 - - [21/Sep/2023:12:39:16 +0800] "POST /xingrg/login.do HTTP/1.1" 302 -
222.70.180.200 - - [21/Sep/2023:12:39:16 +0800] "GET /xingrg/index.html?sysBaseUrl=http%3A%2F%2F180.169.147.146%3A18081%2Fxingrg%2F&costTime=955×tamp=1695271156688 HTTP/1.1" 200 17173
222.70.180.200 - - [21/Sep/2023:12:39:16 +0800] "GET /favicon.ico HTTP/1.1" 404 -
222.70.180.200 - - [21/Sep/2023:12:39:17 +0800] "GET /xingrg/check_reg.html?_=1695271153845 HTTP/1.1" 200 22
222.70.180.200 - - [21/Sep/2023:12:39:17 +0800] "GET /xingrg/all/function/internal_message.html?_=1695271153843&CODE_STATE=count HTTP/1.1" 200 11
222.70.180.200 - - [21/Sep/2023:12:39:17 +0800] "POST /xingrg/all/common/load_tree.html?tree=area_rest_tree_json&manage=1 HTTP/1.1" 200 342
222.70.180.200 - - [21/Sep/2023:12:39:17 +0800] "POST /xingrg/load_menu.html HTTP/1.1" 200 5138
180.171.62.48 - - [21/Sep/2023:12:39:18 +0800] "GET /xingrg/kc/buy/cgsh_order_operate.html?command=get_materiel&rest_code=00144&code=00101025016&supplier_code=00100207&order_time=2023-09-21 HTTP/1.1" 200 461
180.152.241.196 - - [21/Sep/2023:12:39:21 +0800] "GET /xingrg/kc/buy/cgsh_order_operate.html?command=get_materiel&rest_code=00102&code=00101008185&supplier_code=00100008&order_time=2023-09-21 HTTP/1.1" 200 408
180.169.147.146 - - [21/Sep/2023:12:39:23 +0800] "GET /xingrg/all/function/internal_message.html?_=1695271163687&CODE_STATE=getMsg HTTP/1.1" 200 27
180.171.62.48 - - [21/Sep/2023:12:39:27 +0800] "GET /xingrg/all/function/internal_message.html?_=1695271173185&CODE_STATE=getMsg HTTP/1.1" 200 27
114.83.216.51 - - [21/Sep/2023:12:39:27 +0800] "GET /xingrg/check_reg.html?_=1695271166245 HTTP/1.1" 200 22
180.152.241.196 - - [21/Sep/2023:12:39:28 +0800] "GET /xingrg/kc/buy/cgsh_order_operate.html?command=get_materiel&rest_code=00102&code=00101008010&supplier_code=00100008&order_time=2023-09-21 HTTP/1.1" 200 412
114.83.216.51 - - [21/Sep/2023:12:39:28 +0800] "GET /xingrg/all/function/internal_message.html?_=1695271166732&CODE_STATE=getMsg HTTP/1.1" 200 27
124.78.155.92 - - [21/Sep/2023:12:39:32 +0800] "GET /xingrg/all/function/internal_message.html?_=1695271170075&CODE_STATE=getMsg HTTP/1.1" 200 27
180.152.241.196 - - [21/Sep/2023:12:39:35 +0800] "GET /xingrg/kc/buy/cgsh_order_operate.html?command=get_materiel&rest_code=00102&code=00101008110&supplier_code=00100008&order_time=2023-09-21 HTTP/1.1" 200 408
180.171.62.48 - - [21/Sep/2023:12:39:35 +0800] "GET /xingrg/kc/buy/cgsh_order_operate.html?command=get_materiel&rest_code=00144&code=00101025017&supplier_code=00100207&order_time=2023-09-21 HTTP/1.1" 200 462
101.228.187.155 - - [21/Sep/2023:12:39:39 +0800] "GET /xingrg/check_reg.html?_=1695271179419 HTTP/1.1" 200 22
101.228.187.155 - - [21/Sep/2023:12:39:39 +0800] "GET /xingrg/all/function/internal_message.html?_=1695271179422&CODE_STATE=getMsg HTTP/1.1" 200 27
180.152.241.196 - - [21/Sep/2023:12:39:42 +0800] "GET /xingrg/kc/buy/cgsh_order_operate.html?command=get_materiel&rest_code=00102&code=00101008096&supplier_code=00100008&order_time=2023-09-21 HTTP/1.1" 200 412
218.81.73.231 - - [21/Sep/2023:12:39:43 +0800] "GET /xingrg/all/function/internal_message.html?_=1695271182478&CODE_STATE=getMsg HTTP/1.1" 200 27
124.78.155.92 - - [21/Sep/2023:12:39:44 +0800] "GET /xingrg/all/function/internal_message.html?_=1695271186208&CODE_STATE=getMsg HTTP/1.1" 200 27
101.83.145.37 - - [21/Sep/2023:12:39:44 +0800] "GET /xingrg/all/function/internal_message.html?_=1695271184622&CODE_STATE=getMsg HTTP/1.1" 200 27
180.165.48.189 - - [21/Sep/2023:12:39:44 +0800] "GET /xingrg/all/function/internal_message.html?_=1695271184316&CODE_STATE=getMsg HTTP/1.1" 200 27
180.152.241.196 - - [21/Sep/2023:12:39:44 +0800] "GET /xingrg/all/function/internal_message.html?_=1695271203453&CODE_STATE=getMsg HTTP/1.1" 200 27
114.95.241.104 - - [21/Sep/2023:12:39:45 +0800] "GET /xingrg/check_reg.html?_=1695271183455 HTTP/1.1" 200 22
114.95.241.104 - - [21/Sep/2023:12:39:45 +0800] "GET /xingrg/all/function/internal_message.html?_=1695271183458&CODE_STATE=getMsg HTTP/1.1" 200 27
124.78.155.92 - - [21/Sep/2023:12:39:46 +0800] "GET /xingrg/check_reg.html?_=1695271188410 HTTP/1.1" 200 22
180.152.241.196 - - [21/Sep/2023:12:39:50 +0800] "GET /xingrg/kc/buy/cgsh_order_operate.html?command=get_materiel&rest_code=00102&code=00101008038&supplier_code=00100008&order_time=2023-09-21 HTTP/1.1" 200 412
180.152.241.196 - - [21/Sep/2023:12:39:58 +0800] "GET /xingrg/kc/buy/cgsh_order_operate.html?command=get_materiel&rest_code=00102&code=00101008403&supplier_code=00100008&order_time=2023-09-21 HTTP/1.1" 200 412
124.78.69.58 - - [21/Sep/2023:12:39:58 +0800] "GET /xingrg/all/function/internal_message.html?_=1695270628242&CODE_STATE=getMsg HTTP/1.1" 200 27
124.78.69.58 - - [21/Sep/2023:12:39:58 +0800] "GET /xingrg/check_reg.html?_=1695270628244 HTTP/1.1" 200 22
124.79.244.212 - - [21/Sep/2023:12:40:03 +0800] "GET /xingrg/check_reg.html?_=1695271501184 HTTP/1.1" 200 22
124.79.244.212 - - [21/Sep/2023:12:40:03 +0800] "GET /xingrg/all/function/internal_message.html?_=1695271501183&CODE_STATE=getMsg HTTP/1.1" 200 27
116.228.172.122 - - [21/Sep/2023:12:40:03 +0800] "GET /xingrg/all/function/internal_message.html?_=1695270848655&CODE_STATE=getMsg HTTP/1.1" 200 27
124.77.241.134 - - [21/Sep/2023:12:40:03 +0800] "GET /xingrg/all/function/internal_message.html?_=1695271214036&CODE_STATE=getMsg HTTP/1.1" 200 27
180.152.241.196 - - [21/Sep/2023:12:40:05 +0800] "GET /xingrg/kc/buy/cgsh_order_operate.html?command=get_materiel&rest_code=00102&code=00101008283&supplier_code=00100008&order_time=2023-09-21 HTTP/1.1" 200 408
124.79.244.212 - - [21/Sep/2023:12:40:08 +0800] "GET /xingrg/check_reg.html?_=1695271208190 HTTP/1.1" 302 -
116.228.172.122 - - [21/Sep/2023:12:40:08 +0800] "GET /xingrg/kc/buy/cgsh_order_operate.html?command=get_materiel&rest_code=00153&code=00101016051&supplier_code=00100590&order_time=2023-09-16 HTTP/1.1" 200 408
222.70.107.161 - - [21/Sep/2023:12:40:09 +0800] "GET /xingrg/all/function/internal_message.html?_=1695271213536&CODE_STATE=getMsg HTTP/1.1" 200 27
180.152.241.196 - - [21/Sep/2023:12:40:13 +0800] "GET /xingrg/kc/buy/cgsh_order_operate.html?command=get_materiel&rest_code=00102&code=00101008163&supplier_code=00100008&order_time=2023-09-21 HTTP/1.1" 200 409
116.228.172.122 - - [21/Sep/2023:12:40:15 +0800] "GET /xingrg/kc/buy/cgsh_order_operate.html?command=get_materiel&rest_code=00153&code=00101008046&supplier_code=00100590&order_time=2023-09-16 HTTP/1.1" 200 427
222.69.130.191 - - [21/Sep/2023:12:40:15 +0800] "GET /xingrg/all/function/internal_message.html?_=1695271215727&CODE_STATE=getMsg HTTP/1.1" 200 27
120.253.135.82 - - [21/Sep/2023:12:40:16 +0800] "GET /xingrg/all/function/internal_message.html?_=1695271020007&CODE_STATE=getMsg HTTP/1.1" 200 27
222.70.180.200 - - [21/Sep/2023:12:40:17 +0800] "GET /xingrg/all/function/internal_message.html?_=1695271213856&CODE_STATE=getMsg HTTP/1.1" 200 27
180.152.241.196 - - [21/Sep/2023:12:40:19 +0800] "GET /xingrg/kc/buy/cgsh_order_operate.html?command=get_materiel&rest_code=00102&code=00101008224&supplier_code=00100008&order_time=2023-09-21 HTTP/1.1" 200 435
180.163.29.103 - - [21/Sep/2023:12:40:23 +0800] "GET /xingrg/all/function/internal_message.html?_=1695271163687&CODE_STATE=getMsg HTTP/1.1" 302 -
180.169.147.146 - - [21/Sep/2023:12:40:23 +0800] "GET /xingrg/all/function/internal_message.html?_=1695271223689&CODE_STATE=getMsg HTTP/1.1" 200 27
116.228.172.122 - - [21/Sep/2023:12:40:24 +0800] "GET /xingrg/kc/buy/cgsh_order_operate.html?command=get_materiel&rest_code=00153&code=00101008300&supplier_code=00100590&order_time=2023-09-16 HTTP/1.1" 200 412
180.152.241.196 - - [21/Sep/2023:12:40:25 +0800] "GET /xingrg/kc/buy/cgsh_order_operate.html?command=get_materiel&rest_code=00102&code=00101008361&supplier_code=00100008&order_time=2023-09-21 HTTP/1.1" 200 408
180.163.29.103 - - [21/Sep/2023:12:40:26 +0800] "GET /xingrg/login.html HTTP/1.1" 200 7641
120.253.135.82 - - [21/Sep/2023:12:40:26 +0800] "GET /xingrg/kc/pszx/mdps_order_list.html?orderType=0 HTTP/1.1" 200 21108
120.253.135.82 - - [21/Sep/2023:12:40:27 +0800] "POST /xingrg/kc/pszx/mdps_list_operate.html HTTP/1.1" 200 5354
180.171.62.48 - - [21/Sep/2023:12:40:27 +0800] "GET /xingrg/all/function/internal_message.html?_=1695271233184&CODE_STATE=getMsg HTTP/1.1" 200 27
114.83.216.51 - - [21/Sep/2023:12:40:28 +0800] "GET /xingrg/all/function/internal_message.html?_=1695271226725&CODE_STATE=getMsg HTTP/1.1" 200 27
116.228.172.122 - - [21/Sep/2023:12:40:30 +0800] "GET /xingrg/kc/buy/cgsh_order_operate.html?command=get_materiel&rest_code=00153&code=00101016030&supplier_code=00100590&order_time=2023-09-16 HTTP/1.1" 200 412
120.253.135.82 - - [21/Sep/2023:12:40:31 +0800] "GET /xingrg/kc/report/report_main.html HTTP/1.1" 200 8599
180.152.241.196 - - [21/Sep/2023:12:40:32 +0800] "GET /xingrg/kc/buy/cgsh_order_operate.html?command=get_materiel&rest_code=00102&code=00101008355&supplier_code=00100008&order_time=2023-09-21 HTTP/1.1" 200 408
124.78.155.92 - - [21/Sep/2023:12:40:32 +0800] "GET /xingrg/all/function/internal_message.html?_=1695271230079&CODE_STATE=getMsg HTTP/1.1" 200 27
120.253.135.82 - - [21/Sep/2023:12:40:33 +0800] "GET /xingrg/kc/base/kc_stocks.html HTTP/1.1" 200 16506
120.253.135.82 - - [21/Sep/2023:12:40:33 +0800] "GET /xingrg/javascript/easyui/themes/default/tree.css HTTP/1.1" 404 1090
120.253.135.82 - - [21/Sep/2023:12:40:33 +0800] "POST /xingrg/all/common/load_tree.html?tree=materiel_sort_tree_json HTTP/1.1" 200 9500
120.253.135.82 - - [21/Sep/2023:12:40:34 +0800] "POST /xingrg/all/common/load_combo.html?type=base HTTP/1.1" 200 1169
116.228.172.122 - - [21/Sep/2023:12:40:35 +0800] "GET /xingrg/kc/buy/cgsh_order_operate.html?command=get_materiel&rest_code=00153&code=00101008244&supplier_code=00100590&order_time=2023-09-16 HTTP/1.1" 200 408
180.171.62.48 - - [21/Sep/2023:12:40:36 +0800] "GET /xingrg/kc/buy/cgsh_order_operate.html?command=get_materiel&rest_code=00144&code=00101007068&supplier_code=00100207&order_time=2023-09-21 HTTP/1.1" 200 409
180.152.241.196 - - [21/Sep/2023:12:40:38 +0800] "GET /xingrg/kc/buy/cgsh_order_operate.html?command=get_materiel&rest_code=00102&code=00101008004&supplier_code=00100008&order_time=2023-09-21 HTTP/1.1" 200 437
101.228.187.155 - - [21/Sep/2023:12:40:39 +0800] "GET /xingrg/all/function/internal_message.html?_=1695271239422&CODE_STATE=getMsg HTTP/1.1" 200 27
218.81.73.231 - - [21/Sep/2023:12:40:43 +0800] "GET /xingrg/all/function/internal_message.html?_=1695271242479&CODE_STATE=getMsg HTTP/1.1" 200 27
124.78.155.92 - - [21/Sep/2023:12:40:44 +0800] "GET /xingrg/all/function/internal_message.html?_=1695271246178&CODE_STATE=getMsg HTTP/1.1" 200 27
120.253.135.82 - - [21/Sep/2023:12:40:44 +0800] "POST /xingrg/kc/base/stock_operate.html HTTP/1.1" 200 1461
116.228.172.122 - - [21/Sep/2023:12:40:44 +0800] "GET /xingrg/kc/buy/cgsh_order_operate.html?command=get_materiel&rest_code=00153&code=00101008270&supplier_code=00100590&order_time=2023-09-16 HTTP/1.1" 200 432
101.83.145.37 - - [21/Sep/2023:12:40:44 +0800] "GET /xingrg/all/function/internal_message.html?_=1695271244590&CODE_STATE=getMsg HTTP/1.1" 200 27
180.165.48.189 - - [21/Sep/2023:12:40:44 +0800] "GET /xingrg/all/function/internal_message.html?_=1695271244300&CODE_STATE=getMsg HTTP/1.1" 200 27
180.152.241.196 - - [21/Sep/2023:12:40:44 +0800] "GET /xingrg/all/function/internal_message.html?_=1695271263443&CODE_STATE=getMsg HTTP/1.1" 200 27
180.152.241.196 - - [21/Sep/2023:12:40:45 +0800] "GET /xingrg/kc/buy/cgsh_order_operate.html?command=get_materiel&rest_code=00102&code=00101008264&supplier_code=00100008&order_time=2023-09-21 HTTP/1.1" 200 432
114.95.241.104 - - [21/Sep/2023:12:40:45 +0800] "GET /xingrg/all/function/internal_message.html?_=1695271243458&CODE_STATE=getMsg HTTP/1.1" 200 27
180.165.48.189 - - [21/Sep/2023:12:40:47 +0800] "GET /xingrg/check_reg.html?_=1695271246934 HTTP/1.1" 200 22
120.253.135.82 - - [21/Sep/2023:12:40:50 +0800] "GET /xingrg/kc/pszx/mdqp_order_list.html?state=10 HTTP/1.1" 200 12741
120.253.135.82 - - [21/Sep/2023:12:40:50 +0800] "GET /xingrg/dwr/interface/AjaxQqpsService.js HTTP/1.1" 200 16326
120.253.135.82 - - [21/Sep/2023:12:40:50 +0800] "GET /xingrg/dwr/interface/AjaxReportQueryService.js HTTP/1.1" 200 13203
120.253.135.82 - - [21/Sep/2023:12:40:50 +0800] "GET /xingrg/dwr/engine.js HTTP/1.1" 200 43631
116.228.172.122 - - [21/Sep/2023:12:40:51 +0800] "GET /xingrg/kc/buy/cgsh_order_operate.html?command=get_materiel&rest_code=00153&code=00101008521&supplier_code=00100590&order_time=2023-09-16 HTTP/1.1" 200 411
180.152.241.196 - - [21/Sep/2023:12:40:51 +0800] "GET /xingrg/kc/buy/cgsh_order_operate.html?command=get_materiel&rest_code=00102&code=00101008356&supplier_code=00100008&order_time=2023-09-21 HTTP/1.1" 200 428
180.171.62.48 - - [21/Sep/2023:12:40:54 +0800] "GET /xingrg/kc/buy/cgsh_order_operate.html?command=get_materiel&rest_code=00144&code=00101029085&supplier_code=00100207&order_time=2023-09-21 HTTP/1.1" 200 447
116.228.172.122 - - [21/Sep/2023:12:40:56 +0800] "GET /xingrg/kc/buy/cgsh_order_operate.html?command=get_materiel&rest_code=00153&code=00101008137&supplier_code=00100590&order_time=2023-09-16 HTTP/1.1" 200 408
124.78.69.58 - - [21/Sep/2023:12:40:58 +0800] "GET /xingrg/all/function/internal_message.html?_=1695270688243&CODE_STATE=getMsg HTTP/1.1" 200 27
124.79.244.212 - - [21/Sep/2023:12:41:02 +0800] "GET /xingrg/all/function/internal_message.html?_=1695271561182&CODE_STATE=getMsg HTTP/1.1" 200 27
116.228.172.122 - - [21/Sep/2023:12:41:03 +0800] "GET /xingrg/all/function/internal_message.html?_=1695270908661&CODE_STATE=getMsg HTTP/1.1" 200 27
