114.83.216.51 - - [21/Sep/2023:10:06:34 +0800] "GET /xingrg/javascript/easyui/themes/default/validatebox.css HTTP/1.1" 404 1104
180.163.29.79 - - [21/Sep/2023:10:06:34 +0800] "GET /xingrg/all/function/internal_message.html?_=1695261931892&CODE_STATE=getMsg HTTP/1.1" 302 -
180.163.29.79 - - [21/Sep/2023:10:06:34 +0800] "GET /xingrg/login.html HTTP/1.1" 200 7641
124.78.155.92 - - [21/Sep/2023:10:06:34 +0800] "GET /xingrg/all/function/internal_message.html?_=1695261991868&CODE_STATE=getMsg HTTP/1.1" 200 27
180.169.147.146 - - [21/Sep/2023:10:06:37 +0800] "GET /xingrg/all/function/internal_message.html?_=1695261998641&CODE_STATE=getMsg HTTP/1.1" 200 27
114.83.216.51 - - [21/Sep/2023:10:06:40 +0800] "GET /xingrg/check_reg.html?_=1695261998258 HTTP/1.1" 200 22
114.83.216.51 - - [21/Sep/2023:10:06:40 +0800] "GET /xingrg/all/function/internal_message.html?_=1695261998268&CODE_STATE=getMsg HTTP/1.1" 200 27
114.95.241.104 - - [21/Sep/2023:10:06:44 +0800] "GET /xingrg/all/function/internal_message.html?_=1695262002397&CODE_STATE=getMsg HTTP/1.1" 200 27
180.165.48.189 - - [21/Sep/2023:10:06:47 +0800] "GET /xingrg/all/function/internal_message.html?_=1695262006975&CODE_STATE=getMsg HTTP/1.1" 200 27
101.83.145.37 - - [21/Sep/2023:10:06:47 +0800] "GET /xingrg/all/function/internal_message.html?_=1695262007810&CODE_STATE=getMsg HTTP/1.1" 200 27
124.77.241.134 - - [21/Sep/2023:10:06:50 +0800] "GET /xingrg/all/function/internal_message.html?_=1695262020041&CODE_STATE=getMsg HTTP/1.1" 200 27
114.83.216.51 - - [21/Sep/2023:10:06:55 +0800] "GET /favicon.ico HTTP/1.1" 404 -
114.83.216.51 - - [21/Sep/2023:10:06:57 +0800] "GET /xingrg/kc/buy/cgsh_order_operate.html?command=get_materiel&rest_code=00149&code=00101012030&supplier_code=00100096&order_time=2023-09-21 HTTP/1.1" 200 416
180.152.241.196 - - [21/Sep/2023:10:07:10 +0800] "GET /xingrg/all/function/internal_message.html?_=1695262031187&CODE_STATE=getMsg HTTP/1.1" 200 27
120.253.135.82 - - [21/Sep/2023:10:07:12 +0800] "GET /xingrg/all/function/internal_message.html?_=1695261835869&CODE_STATE=getMsg HTTP/1.1" 200 27
114.83.216.51 - - [21/Sep/2023:10:07:12 +0800] "GET /xingrg/kc/buy/cgsh_order_operate.html?command=get_materiel&rest_code=00149&code=00101006074&supplier_code=00100096&order_time=2023-09-21 HTTP/1.1" 200 420
222.69.130.191 - - [21/Sep/2023:10:07:15 +0800] "GET /xingrg/all/function/internal_message.html?_=1695262037201&CODE_STATE=getMsg HTTP/1.1" 200 27
114.83.216.51 - - [21/Sep/2023:10:07:23 +0800] "GET /xingrg/kc/buy/cgsh_order_operate.html?command=get_materiel&rest_code=00149&code=00101006087&supplier_code=00100096&order_time=2023-09-21 HTTP/1.1" 200 432
222.70.107.161 - - [21/Sep/2023:10:07:27 +0800] "GET /xingrg/all/function/internal_message.html?_=1695262051031&CODE_STATE=getMsg HTTP/1.1" 200 27
180.163.29.103 - - [21/Sep/2023:10:07:34 +0800] "GET /xingrg/all/function/internal_message.html?_=1695261991868&CODE_STATE=getMsg HTTP/1.1" 302 -
180.163.29.103 - - [21/Sep/2023:10:07:34 +0800] "GET /xingrg/login.html HTTP/1.1" 200 7641
124.78.155.92 - - [21/Sep/2023:10:07:34 +0800] "GET /xingrg/all/function/internal_message.html?_=1695262051854&CODE_STATE=getMsg HTTP/1.1" 200 27
180.169.147.146 - - [21/Sep/2023:10:07:37 +0800] "GET /xingrg/all/function/internal_message.html?_=1695262058624&CODE_STATE=getMsg HTTP/1.1" 200 27
114.83.216.51 - - [21/Sep/2023:10:07:40 +0800] "GET /xingrg/all/function/internal_message.html?_=1695262058259&CODE_STATE=getMsg HTTP/1.1" 200 27
114.95.241.104 - - [21/Sep/2023:10:07:44 +0800] "GET /xingrg/all/function/internal_message.html?_=1695262062383&CODE_STATE=getMsg HTTP/1.1" 200 27
180.165.48.189 - - [21/Sep/2023:10:07:47 +0800] "GET /xingrg/all/function/internal_message.html?_=1695262066958&CODE_STATE=getMsg HTTP/1.1" 200 27
124.77.241.134 - - [21/Sep/2023:10:07:47 +0800] "GET /xingrg/check_reg.html?_=1695262077585 HTTP/1.1" 200 22
101.83.145.37 - - [21/Sep/2023:10:07:47 +0800] "GET /xingrg/all/function/internal_message.html?_=1695262067778&CODE_STATE=getMsg HTTP/1.1" 200 27
124.77.241.134 - - [21/Sep/2023:10:07:50 +0800] "GET /xingrg/all/function/internal_message.html?_=1695262080055&CODE_STATE=getMsg HTTP/1.1" 200 27
180.169.147.146 - - [21/Sep/2023:10:07:54 +0800] "GET /xingrg/check_reg.html?_=1695262075630 HTTP/1.1" 200 22
180.152.241.196 - - [21/Sep/2023:10:08:10 +0800] "GET /xingrg/all/function/internal_message.html?_=1695262091164&CODE_STATE=getMsg HTTP/1.1" 200 27
120.253.135.82 - - [21/Sep/2023:10:08:11 +0800] "GET /xingrg/check_reg.html?_=1695261895529 HTTP/1.1" 200 22
120.253.135.82 - - [21/Sep/2023:10:08:12 +0800] "GET /xingrg/all/function/internal_message.html?_=1695261895882&CODE_STATE=getMsg HTTP/1.1" 200 27
114.83.216.51 - - [21/Sep/2023:10:08:14 +0800] "GET /xingrg/kc/buy/cgsh_order_operate.html?command=get_materiel&rest_code=00149&code=00101006240&supplier_code=00100096&order_time=2023-09-21 HTTP/1.1" 200 442
222.69.130.191 - - [21/Sep/2023:10:08:15 +0800] "GET /xingrg/all/function/internal_message.html?_=1695262097189&CODE_STATE=getMsg HTTP/1.1" 200 27
222.70.107.161 - - [21/Sep/2023:10:08:27 +0800] "GET /xingrg/check_reg.html?_=1695262111020 HTTP/1.1" 200 22
222.70.107.161 - - [21/Sep/2023:10:08:27 +0800] "GET /xingrg/all/function/internal_message.html?_=1695262111029&CODE_STATE=getMsg HTTP/1.1" 200 27
180.163.28.109 - - [21/Sep/2023:10:08:34 +0800] "GET /xingrg/all/function/internal_message.html?_=1695262051854&CODE_STATE=getMsg HTTP/1.1" 302 -
180.163.28.109 - - [21/Sep/2023:10:08:34 +0800] "GET /xingrg/login.html HTTP/1.1" 200 7641
124.78.155.92 - - [21/Sep/2023:10:08:34 +0800] "GET /xingrg/all/function/internal_message.html?_=1695262111827&CODE_STATE=getMsg HTTP/1.1" 200 27
124.78.155.92 - - [21/Sep/2023:10:08:35 +0800] "GET /xingrg/check_reg.html?_=1695262112535 HTTP/1.1" 200 22
180.169.147.146 - - [21/Sep/2023:10:08:37 +0800] "GET /xingrg/all/function/internal_message.html?_=1695262118610&CODE_STATE=getMsg HTTP/1.1" 200 27
114.83.216.51 - - [21/Sep/2023:10:08:40 +0800] "GET /xingrg/all/function/internal_message.html?_=1695262118248&CODE_STATE=getMsg HTTP/1.1" 200 27
114.83.216.51 - - [21/Sep/2023:10:08:40 +0800] "GET /xingrg/kc/buy/cgsh_order_operate.html?command=get_materiel&rest_code=00149&code=00101006055&supplier_code=00100096&order_time=2023-09-21 HTTP/1.1" 200 411
101.83.145.37 - - [21/Sep/2023:10:08:44 +0800] "GET /xingrg/check_reg.html?_=1695262124134 HTTP/1.1" 200 22
114.95.241.104 - - [21/Sep/2023:10:08:44 +0800] "GET /xingrg/all/function/internal_message.html?_=1695262122352&CODE_STATE=getMsg HTTP/1.1" 200 27
114.95.241.104 - - [21/Sep/2023:10:08:44 +0800] "GET /xingrg/check_reg.html?_=1695262122543 HTTP/1.1" 200 22
180.165.48.189 - - [21/Sep/2023:10:08:47 +0800] "GET /xingrg/all/function/internal_message.html?_=1695262126943&CODE_STATE=getMsg HTTP/1.1" 200 27
101.83.145.37 - - [21/Sep/2023:10:08:47 +0800] "GET /xingrg/all/function/internal_message.html?_=1695262127747&CODE_STATE=getMsg HTTP/1.1" 200 27
124.77.241.134 - - [21/Sep/2023:10:08:50 +0800] "GET /xingrg/all/function/internal_message.html?_=1695262140069&CODE_STATE=getMsg HTTP/1.1" 200 27
114.83.216.51 - - [21/Sep/2023:10:08:55 +0800] "GET /xingrg/kc/buy/cgsh_order_operate.html?command=get_materiel&rest_code=00149&code=00102034012&supplier_code=00100096&order_time=2023-09-21 HTTP/1.1" 200 408
114.83.216.51 - - [21/Sep/2023:10:09:05 +0800] "GET /xingrg/kc/buy/cgsh_order_operate.html?command=get_materiel&rest_code=00149&code=00101006184&supplier_code=00100096&order_time=2023-09-21 HTTP/1.1" 200 427
180.152.241.196 - - [21/Sep/2023:10:09:10 +0800] "GET /xingrg/all/function/internal_message.html?_=1695262151143&CODE_STATE=getMsg HTTP/1.1" 200 27
120.253.135.82 - - [21/Sep/2023:10:09:12 +0800] "GET /xingrg/all/function/internal_message.html?_=1695261955896&CODE_STATE=getMsg HTTP/1.1" 200 27
222.69.130.191 - - [21/Sep/2023:10:09:15 +0800] "GET /xingrg/all/function/internal_message.html?_=1695262157180&CODE_STATE=getMsg HTTP/1.1" 200 27
222.70.107.161 - - [21/Sep/2023:10:09:27 +0800] "GET /xingrg/all/function/internal_message.html?_=1695262171022&CODE_STATE=getMsg HTTP/1.1" 200 27
114.83.216.51 - - [21/Sep/2023:10:09:28 +0800] "GET /xingrg/kc/buy/cgsh_order_operate.html?command=get_materiel&rest_code=00149&code=00101007106&supplier_code=00100096&order_time=2023-09-21 HTTP/1.1" 200 410
114.95.241.104 - - [21/Sep/2023:10:09:34 +0800] "GET /xingrg/kc/buy/cgsh_order_list.html HTTP/1.1" 200 56585
180.163.29.212 - - [21/Sep/2023:10:09:34 +0800] "GET /xingrg/all/function/internal_message.html?_=1695262111827&CODE_STATE=getMsg HTTP/1.1" 302 -
180.163.29.212 - - [21/Sep/2023:10:09:34 +0800] "GET /xingrg/login.html HTTP/1.1" 200 7641
124.78.155.92 - - [21/Sep/2023:10:09:34 +0800] "GET /xingrg/all/function/internal_message.html?_=1695262171807&CODE_STATE=getMsg HTTP/1.1" 200 27
114.95.241.104 - - [21/Sep/2023:10:09:36 +0800] "POST /xingrg/kc/buy/cgsh_list_operate.html HTTP/1.1" 200 986
180.169.147.146 - - [21/Sep/2023:10:09:37 +0800] "GET /xingrg/all/function/internal_message.html?_=1695262178620&CODE_STATE=getMsg HTTP/1.1" 200 27
114.95.241.104 - - [21/Sep/2023:10:09:39 +0800] "GET /xingrg/javascript/jquery_tools/images/prev.gif HTTP/1.1" 404 1086
114.95.241.104 - - [21/Sep/2023:10:09:39 +0800] "GET /xingrg/javascript/jquery_tools/images/next.gif HTTP/1.1" 404 1086
114.83.216.51 - - [21/Sep/2023:10:09:40 +0800] "GET /xingrg/all/function/internal_message.html?_=1695262178262&CODE_STATE=getMsg HTTP/1.1" 200 27
114.83.216.51 - - [21/Sep/2023:10:09:42 +0800] "GET /xingrg/kc/buy/cgsh_order_operate.html?command=get_materiel&rest_code=00149&code=00101007033&supplier_code=00100096&order_time=2023-09-21 HTTP/1.1" 200 418
114.95.241.104 - - [21/Sep/2023:10:09:44 +0800] "GET /xingrg/all/function/internal_message.html?_=1695262182387&CODE_STATE=getMsg HTTP/1.1" 200 27
180.165.48.189 - - [21/Sep/2023:10:09:47 +0800] "GET /xingrg/all/function/internal_message.html?_=1695262186926&CODE_STATE=getMsg HTTP/1.1" 200 27
101.83.145.37 - - [21/Sep/2023:10:09:47 +0800] "GET /xingrg/all/function/internal_message.html?_=1695262187723&CODE_STATE=getMsg HTTP/1.1" 200 27
124.77.241.134 - - [21/Sep/2023:10:09:50 +0800] "GET /xingrg/all/function/internal_message.html?_=1695262200082&CODE_STATE=getMsg HTTP/1.1" 200 27
114.95.241.104 - - [21/Sep/2023:10:09:50 +0800] "POST /xingrg/kc/buy/cgsh_list_operate.html HTTP/1.1" 200 1894
124.78.69.58 - - [21/Sep/2023:10:09:56 +0800] "GET /xingrg/kc/mdqp/qp_main.html HTTP/1.1" 302 -
124.78.69.58 - - [21/Sep/2023:10:09:56 +0800] "GET /xingrg/login.html HTTP/1.1" 200 7641
124.78.69.58 - - [21/Sep/2023:10:09:56 +0800] "GET /xingrg/login.html HTTP/1.1" 200 7641
124.78.69.58 - - [21/Sep/2023:10:09:56 +0800] "GET /favicon.ico HTTP/1.1" 404 -
124.78.69.58 - - [21/Sep/2023:10:09:58 +0800] "POST /xingrg/login.do HTTP/1.1" 302 -
124.78.69.58 - - [21/Sep/2023:10:09:58 +0800] "GET /xingrg/index.html?sysBaseUrl=http%3A%2F%2F180.169.147.146%3A18081%2Fxingrg%2F&costTime=839×tamp=1695262198351 HTTP/1.1" 200 17179
124.78.69.58 - - [21/Sep/2023:10:09:58 +0800] "GET /favicon.ico HTTP/1.1" 404 -
124.78.69.58 - - [21/Sep/2023:10:09:58 +0800] "GET /xingrg/all/function/internal_message.html?_=1695261627838&CODE_STATE=count HTTP/1.1" 200 11
124.78.69.58 - - [21/Sep/2023:10:09:58 +0800] "GET /xingrg/check_reg.html?_=1695261627839 HTTP/1.1" 200 22
124.78.69.58 - - [21/Sep/2023:10:09:58 +0800] "POST /xingrg/all/common/load_tree.html?tree=area_rest_tree_json&manage=1 HTTP/1.1" 200 351
124.78.69.58 - - [21/Sep/2023:10:09:58 +0800] "POST /xingrg/load_menu.html HTTP/1.1" 200 5138
114.95.241.104 - - [21/Sep/2023:10:09:59 +0800] "POST /xingrg/kc/buy/cgsh_list_operate.html HTTP/1.1" 200 573
114.95.241.104 - - [21/Sep/2023:10:10:01 +0800] "GET /xingrg/kc/buy/cgsh_order_info.html?code=212023092108339 HTTP/1.1" 200 67314
114.95.241.104 - - [21/Sep/2023:10:10:01 +0800] "GET /xingrg/javascript/easyui/themes/default/validatebox.css HTTP/1.1" 404 1104
114.95.241.104 - - [21/Sep/2023:10:10:02 +0800] "POST /xingrg/kc/buy/cgsh_order_operate.html HTTP/1.1" 200 31991
114.83.216.51 - - [21/Sep/2023:10:10:04 +0800] "GET /xingrg/kc/buy/cgsh_order_operate.html?command=get_materiel&rest_code=00149&code=00101007043&supplier_code=00100096&order_time=2023-09-21 HTTP/1.1" 200 408
124.79.244.212 - - [21/Sep/2023:10:10:08 +0800] "GET /xingrg/check_reg.html?_=1695262207020 HTTP/1.1" 302 -
180.152.241.196 - - [21/Sep/2023:10:10:10 +0800] "GET /xingrg/all/function/internal_message.html?_=1695262211129&CODE_STATE=getMsg HTTP/1.1" 200 27
120.253.135.82 - - [21/Sep/2023:10:10:12 +0800] "GET /xingrg/all/function/internal_message.html?_=1695262015909&CODE_STATE=getMsg HTTP/1.1" 200 27
114.95.241.104 - - [21/Sep/2023:10:10:12 +0800] "POST /xingrg/kc/buy/cgsh_order_operate.html HTTP/1.1" 200 12
124.78.69.58 - - [21/Sep/2023:10:10:13 +0800] "GET /xingrg/kc/mdqp/qp_main.html HTTP/1.1" 200 10633
124.78.69.58 - - [21/Sep/2023:10:10:13 +0800] "GET /xingrg/images/blue/button/qqpsd.gif HTTP/1.1" 200 2548
124.78.69.58 - - [21/Sep/2023:10:10:13 +0800] "GET /xingrg/images/blue/button/pszx.gif HTTP/1.1" 200 2648
124.78.69.58 - - [21/Sep/2023:10:10:13 +0800] "GET /xingrg/images/blue/button/psshd.gif HTTP/1.1" 200 2692
124.78.69.58 - - [21/Sep/2023:10:10:14 +0800] "GET /xingrg/images/yd/bt.gif HTTP/1.1" 404 1040
114.95.241.104 - - [21/Sep/2023:10:10:14 +0800] "GET /xingrg/kc/buy/cgsh_order_info.html?code=212023092108339 HTTP/1.1" 200 72414
114.95.241.104 - - [21/Sep/2023:10:10:15 +0800] "GET /xingrg/javascript/easyui/themes/default/validatebox.css HTTP/1.1" 404 1104
222.69.130.191 - - [21/Sep/2023:10:10:15 +0800] "GET /xingrg/all/function/internal_message.html?_=1695262217191&CODE_STATE=getMsg HTTP/1.1" 200 27
124.78.69.58 - - [21/Sep/2023:10:10:16 +0800] "GET /xingrg/kc/mdqp/qqps_order_list.html HTTP/1.1" 200 9222
124.78.69.58 - - [21/Sep/2023:10:10:16 +0800] "GET /xingrg/dwr/interface/AjaxQqpsService.js HTTP/1.1" 200 16326
124.78.69.58 - - [21/Sep/2023:10:10:16 +0800] "GET /xingrg/dwr/interface/AjaxReportQueryService.js HTTP/1.1" 200 13203
124.78.69.58 - - [21/Sep/2023:10:10:16 +0800] "GET /xingrg/dwr/engine.js HTTP/1.1" 200 43631
124.78.69.58 - - [21/Sep/2023:10:10:16 +0800] "GET /xingrg/dwr/util.js HTTP/1.1" 304 -
124.78.69.58 - - [21/Sep/2023:10:10:16 +0800] "GET /xingrg/javascript/jquery_easy_ui/themes/icons/cance_new.png HTTP/1.1" 200 3986
124.78.69.58 - - [21/Sep/2023:10:10:16 +0800] "GET /xingrg/javascript/jquery_easy_ui/themes/icons/uncheck_new.png HTTP/1.1" 200 3197
114.95.241.104 - - [21/Sep/2023:10:10:16 +0800] "POST /xingrg/kc/buy/cgsh_order_operate.html HTTP/1.1" 200 34053
124.78.69.58 - - [21/Sep/2023:10:10:18 +0800] "GET /xingrg/kc/mdqp/qqps_order_add.html HTTP/1.1" 200 28231
124.78.69.58 - - [21/Sep/2023:10:10:18 +0800] "GET /xingrg/javascript/tools/jquery.qtip-1.0.0-rc3.min.js HTTP/1.1" 200 38404
124.78.69.58 - - [21/Sep/2023:10:10:18 +0800] "GET /xingrg/dwr/interface/AjaxComOrderService.js HTTP/1.1" 200 18264
124.78.69.58 - - [21/Sep/2023:10:10:18 +0800] "GET /xingrg/dwr/interface/AjaxQqpsService.js HTTP/1.1" 200 16326
124.78.69.58 - - [21/Sep/2023:10:10:18 +0800] "GET /xingrg/dwr/engine.js HTTP/1.1" 200 43631
124.78.69.58 - - [21/Sep/2023:10:10:18 +0800] "GET /xingrg/words/20230920212025_words.js HTTP/1.1" 200 987944
124.78.69.58 - - [21/Sep/2023:10:10:18 +0800] "GET /xingrg/javascript/jquery_easy_ui/themes/icons/copy_new.png HTTP/1.1" 200 815
124.78.69.58 - - [21/Sep/2023:10:10:18 +0800] "GET /xingrg/javascript/jquery_easy_ui/themes/icons/ok.png HTTP/1.1" 200 883
124.78.69.58 - - [21/Sep/2023:10:10:18 +0800] "GET /xingrg/javascript/jquery_easy_ui/themes/icons/template_new.png HTTP/1.1" 200 3956
124.78.69.58 - - [21/Sep/2023:10:10:18 +0800] "GET /xingrg/images/blue/button/kc_tab_del.gif HTTP/1.1" 200 383
124.78.69.58 - - [21/Sep/2023:10:10:18 +0800] "GET /xingrg/images/blue/button/kc_tab_add.gif HTTP/1.1" 200 375
124.78.69.58 - - [21/Sep/2023:10:10:18 +0800] "GET /xingrg/images/blue/button/kc_tab_edit.gif HTTP/1.1" 200 551
124.78.69.58 - - [21/Sep/2023:10:10:18 +0800] "GET /xingrg/images/blue/button/kc_tab_save.gif HTTP/1.1" 200 777
124.78.69.58 - - [21/Sep/2023:10:10:18 +0800] "GET /xingrg/images/blue/kc_tab2_right.gif HTTP/1.1" 200 192
124.78.69.58 - - [21/Sep/2023:10:10:18 +0800] "GET /xingrg/images/blue/kc_tab2_left.gif HTTP/1.1" 200 625
222.70.107.161 - - [21/Sep/2023:10:10:27 +0800] "GET /xingrg/all/function/internal_message.html?_=1695262231055&CODE_STATE=getMsg HTTP/1.1" 200 27
124.78.69.58 - - [21/Sep/2023:10:10:30 +0800] "POST /xingrg/dwr/call/plaincall/AjaxQqpsService.saveOrder.dwr HTTP/1.1" 200 78
124.78.69.58 - - [21/Sep/2023:10:10:31 +0800] "GET /xingrg/javascript/auto/indicator.gif HTTP/1.1" 404 1066
114.83.216.51 - - [21/Sep/2023:10:10:32 +0800] "POST /xingrg/kc/buy/cgsh_order_operate.html HTTP/1.1" 200 37
124.78.155.92 - - [21/Sep/2023:10:10:34 +0800] "GET /xingrg/all/function/internal_message.html?_=1695262231793&CODE_STATE=getMsg HTTP/1.1" 200 27
124.78.69.58 - - [21/Sep/2023:10:10:36 +0800] "POST /xingrg/dwr/call/plaincall/AjaxQqpsService.getMaterielByCode.dwr HTTP/1.1" 200 2659
180.169.147.146 - - [21/Sep/2023:10:10:37 +0800] "GET /xingrg/all/function/internal_message.html?_=1695262238604&CODE_STATE=getMsg HTTP/1.1" 200 27
124.78.69.58 - - [21/Sep/2023:10:10:38 +0800] "POST /xingrg/dwr/call/plaincall/AjaxQqpsService.saveMaterielItem.dwr HTTP/1.1" 200 78
124.78.69.58 - - [21/Sep/2023:10:10:41 +0800] "POST /xingrg/dwr/call/plaincall/AjaxQqpsService.getMaterielByCode.dwr HTTP/1.1" 200 2672
114.95.241.104 - - [21/Sep/2023:10:10:44 +0800] "GET /xingrg/all/function/internal_message.html?_=1695262242361&CODE_STATE=getMsg HTTP/1.1" 200 27
124.78.69.58 - - [21/Sep/2023:10:10:45 +0800] "POST /xingrg/dwr/call/plaincall/AjaxQqpsService.saveMaterielItem.dwr HTTP/1.1" 200 78
180.165.48.189 - - [21/Sep/2023:10:10:47 +0800] "GET /xingrg/all/function/internal_message.html?_=1695262246911&CODE_STATE=getMsg HTTP/1.1" 200 27
101.83.145.37 - - [21/Sep/2023:10:10:47 +0800] "GET /xingrg/all/function/internal_message.html?_=1695262247692&CODE_STATE=getMsg HTTP/1.1" 200 27
180.165.48.189 - - [21/Sep/2023:10:10:47 +0800] "GET /xingrg/check_reg.html?_=1695262247339 HTTP/1.1" 200 22
124.77.241.134 - - [21/Sep/2023:10:10:50 +0800] "GET /xingrg/all/function/internal_message.html?_=1695262260431&CODE_STATE=getMsg HTTP/1.1" 200 27
124.78.69.58 - - [21/Sep/2023:10:10:58 +0800] "GET /xingrg/all/function/internal_message.html?_=1695261687870&CODE_STATE=getMsg HTTP/1.1" 200 27
124.78.69.58 - - [21/Sep/2023:10:10:58 +0800] "POST /xingrg/dwr/call/plaincall/AjaxQqpsService.getMaterielByCode.dwr HTTP/1.1" 200 2666
124.78.69.58 - - [21/Sep/2023:10:11:08 +0800] "POST /xingrg/dwr/call/plaincall/AjaxQqpsService.saveMaterielItem.dwr HTTP/1.1" 200 78
180.152.241.196 - - [21/Sep/2023:10:11:10 +0800] "GET /xingrg/all/function/internal_message.html?_=1695262271105&CODE_STATE=getMsg HTTP/1.1" 200 27
180.152.241.196 - - [21/Sep/2023:10:11:11 +0800] "GET /xingrg/check_reg.html?_=1695262271784 HTTP/1.1" 200 22
120.253.135.82 - - [21/Sep/2023:10:11:12 +0800] "GET /xingrg/all/function/internal_message.html?_=1695262075966&CODE_STATE=getMsg HTTP/1.1" 200 27
222.69.130.191 - - [21/Sep/2023:10:11:15 +0800] "GET /xingrg/all/function/internal_message.html?_=1695262277183&CODE_STATE=getMsg HTTP/1.1" 200 27
222.69.130.191 - - [21/Sep/2023:10:11:15 +0800] "GET /xingrg/check_reg.html?_=1695262277185 HTTP/1.1" 200 22
124.78.69.58 - - [21/Sep/2023:10:11:23 +0800] "POST /xingrg/dwr/call/plaincall/AjaxQqpsService.removeMaterielItem.dwr HTTP/1.1" 200 78
222.70.107.161 - - [21/Sep/2023:10:11:27 +0800] "GET /xingrg/all/function/internal_message.html?_=1695262291056&CODE_STATE=getMsg HTTP/1.1" 200 27
114.83.216.51 - - [21/Sep/2023:10:11:31 +0800] "POST /xingrg/kc/buy/cgsh_order_operate.html HTTP/1.1" 200 12
114.83.216.51 - - [21/Sep/2023:10:11:33 +0800] "GET /xingrg/kc/buy/cgsh_order_info.html?code=212023092108357 HTTP/1.1" 200 67348
114.83.216.51 - - [21/Sep/2023:10:11:34 +0800] "GET /xingrg/javascript/easyui/themes/default/validatebox.css HTTP/1.1" 404 1104
180.163.30.27 - - [21/Sep/2023:10:11:34 +0800] "GET /xingrg/all/function/internal_message.html?_=1695262231793&CODE_STATE=getMsg HTTP/1.1" 302 -
124.78.155.92 - - [21/Sep/2023:10:11:34 +0800] "GET /xingrg/all/function/internal_message.html?_=1695262291765&CODE_STATE=getMsg HTTP/1.1" 200 27
180.163.30.27 - - [21/Sep/2023:10:11:34 +0800] "GET /xingrg/login.html HTTP/1.1" 200 7641
114.83.216.51 - - [21/Sep/2023:10:11:35 +0800] "POST /xingrg/kc/buy/cgsh_order_operate.html HTTP/1.1" 200 5358
180.169.147.146 - - [21/Sep/2023:10:11:37 +0800] "GET /xingrg/all/function/internal_message.html?_=1695262298588&CODE_STATE=getMsg HTTP/1.1" 200 27
124.78.69.58 - - [21/Sep/2023:10:11:37 +0800] "POST /xingrg/dwr/call/plaincall/AjaxQqpsService.saveMaterielItem.dwr HTTP/1.1" 200 78
114.83.216.51 - - [21/Sep/2023:10:11:40 +0800] "GET /xingrg/check_reg.html?_=1695262298270 HTTP/1.1" 200 22
114.83.216.51 - - [21/Sep/2023:10:11:40 +0800] "GET /xingrg/all/function/internal_message.html?_=1695262298273&CODE_STATE=getMsg HTTP/1.1" 200 27
124.78.69.58 - - [21/Sep/2023:10:11:40 +0800] "POST /xingrg/dwr/call/plaincall/AjaxQqpsService.checkOrder.dwr HTTP/1.1" 200 78
124.78.69.58 - - [21/Sep/2023:10:11:42 +0800] "GET /xingrg/kc/mdqp/qqps_order_info.html?code=302023092100420 HTTP/1.1" 200 26634
124.78.69.58 - - [21/Sep/2023:10:11:42 +0800] "GET /xingrg/dwr/interface/AjaxQqpsService.js HTTP/1.1" 200 16326
124.78.69.58 - - [21/Sep/2023:10:11:42 +0800] "GET /xingrg/dwr/interface/AjaxComOrderService.js HTTP/1.1" 200 18264
124.78.69.58 - - [21/Sep/2023:10:11:42 +0800] "GET /xingrg/dwr/engine.js HTTP/1.1" 200 43631
124.78.69.58 - - [21/Sep/2023:10:11:43 +0800] "POST /xingrg/dwr/call/plaincall/AjaxQqpsService.loadMaterielItems.dwr HTTP/1.1" 200 847
114.95.241.104 - - [21/Sep/2023:10:11:44 +0800] "GET /xingrg/all/function/internal_message.html?_=1695262302335&CODE_STATE=getMsg HTTP/1.1" 200 27
114.83.216.51 - - [21/Sep/2023:10:11:46 +0800] "GET /xingrg/kc/print/load_data.html?order_code=212023092108357&kc_code=cgsh&condition= HTTP/1.1" 200 2505
180.165.48.189 - - [21/Sep/2023:10:11:47 +0800] "GET /xingrg/all/function/internal_message.html?_=1695262306893&CODE_STATE=getMsg HTTP/1.1" 200 27
101.83.145.37 - - [21/Sep/2023:10:11:47 +0800] "GET /xingrg/all/function/internal_message.html?_=1695262307669&CODE_STATE=getMsg HTTP/1.1" 200 27
124.77.241.134 - - [21/Sep/2023:10:11:50 +0800] "GET /xingrg/all/function/internal_message.html?_=1695262320437&CODE_STATE=getMsg HTTP/1.1" 200 27
124.78.69.58 - - [21/Sep/2023:10:11:50 +0800] "GET /xingrg/kc/mdqp/qqps_order_add.html HTTP/1.1" 200 28231
124.78.69.58 - - [21/Sep/2023:10:11:50 +0800] "GET /xingrg/dwr/interface/AjaxComOrderService.js HTTP/1.1" 200 18264
124.78.69.58 - - [21/Sep/2023:10:11:50 +0800] "GET /xingrg/dwr/interface/AjaxQqpsService.js HTTP/1.1" 200 16326
124.78.69.58 - - [21/Sep/2023:10:11:50 +0800] "GET /xingrg/dwr/engine.js HTTP/1.1" 200 43631
124.78.69.58 - - [21/Sep/2023:10:11:58 +0800] "GET /xingrg/all/function/internal_message.html?_=1695261747846&CODE_STATE=getMsg HTTP/1.1" 200 27
124.78.69.58 - - [21/Sep/2023:10:12:01 +0800] "POST /xingrg/dwr/call/plaincall/AjaxQqpsService.saveOrder.dwr HTTP/1.1" 200 78
124.78.69.58 - - [21/Sep/2023:10:12:07 +0800] "POST /xingrg/dwr/call/plaincall/AjaxQqpsService.getMaterielByCode.dwr HTTP/1.1" 200 2680
124.78.69.58 - - [21/Sep/2023:10:12:09 +0800] "POST /xingrg/dwr/call/plaincall/AjaxQqpsService.saveMaterielItem.dwr HTTP/1.1" 200 78
180.152.241.196 - - [21/Sep/2023:10:12:10 +0800] "GET /xingrg/all/function/internal_message.html?_=1695262331090&CODE_STATE=getMsg HTTP/1.1" 200 27
120.253.135.82 - - [21/Sep/2023:10:12:12 +0800] "GET /xingrg/all/function/internal_message.html?_=1695262135968&CODE_STATE=getMsg HTTP/1.1" 200 27
222.69.130.191 - - [21/Sep/2023:10:12:15 +0800] "GET /xingrg/all/function/internal_message.html?_=1695262337181&CODE_STATE=getMsg HTTP/1.1" 200 27
124.78.69.58 - - [21/Sep/2023:10:12:15 +0800] "POST /xingrg/dwr/call/plaincall/AjaxQqpsService.getMaterielByCode.dwr HTTP/1.1" 200 2665
124.78.69.58 - - [21/Sep/2023:10:12:18 +0800] "POST /xingrg/dwr/call/plaincall/AjaxQqpsService.saveMaterielItem.dwr HTTP/1.1" 200 78
124.78.69.58 - - [21/Sep/2023:10:12:23 +0800] "POST /xingrg/dwr/call/plaincall/AjaxQqpsService.getMaterielByCode.dwr HTTP/1.1" 200 2674
124.78.69.58 - - [21/Sep/2023:10:12:25 +0800] "POST /xingrg/dwr/call/plaincall/AjaxQqpsService.saveMaterielItem.dwr HTTP/1.1" 200 78
222.70.107.161 - - [21/Sep/2023:10:12:27 +0800] "GET /xingrg/all/function/internal_message.html?_=1695262351059&CODE_STATE=getMsg HTTP/1.1" 200 27
124.78.69.58 - - [21/Sep/2023:10:12:31 +0800] "POST /xingrg/dwr/call/plaincall/AjaxQqpsService.getMaterielByCode.dwr HTTP/1.1" 200 2666
124.78.155.92 - - [21/Sep/2023:10:12:34 +0800] "GET /xingrg/all/function/internal_message.html?_=1695262351735&CODE_STATE=getMsg HTTP/1.1" 200 27
180.169.147.146 - - [21/Sep/2023:10:12:37 +0800] "GET /xingrg/all/function/internal_message.html?_=1695262358572&CODE_STATE=getMsg HTTP/1.1" 200 27
114.83.216.51 - - [21/Sep/2023:10:12:40 +0800] "GET /xingrg/all/function/internal_message.html?_=1695262358245&CODE_STATE=getMsg HTTP/1.1" 200 27
124.78.69.58 - - [21/Sep/2023:10:12:42 +0800] "POST /xingrg/dwr/call/plaincall/AjaxQqpsService.getMaterielByCode.dwr HTTP/1.1" 200 2666
114.95.241.104 - - [21/Sep/2023:10:12:44 +0800] "GET /xingrg/all/function/internal_message.html?_=1695262362318&CODE_STATE=getMsg HTTP/1.1" 200 27
124.78.69.58 - - [21/Sep/2023:10:12:45 +0800] "POST /xingrg/dwr/call/plaincall/AjaxQqpsService.saveMaterielItem.dwr HTTP/1.1" 200 78
180.165.48.189 - - [21/Sep/2023:10:12:47 +0800] "GET /xingrg/all/function/internal_message.html?_=1695262366886&CODE_STATE=getMsg HTTP/1.1" 200 27
101.83.145.37 - - [21/Sep/2023:10:12:47 +0800] "GET /xingrg/all/function/internal_message.html?_=1695262367645&CODE_STATE=getMsg HTTP/1.1" 200 27
124.77.241.134 - - [21/Sep/2023:10:12:48 +0800] "GET /xingrg/check_reg.html?_=1695262377950 HTTP/1.1" 200 22
124.77.241.134 - - [21/Sep/2023:10:12:50 +0800] "GET /xingrg/all/function/internal_message.html?_=1695262380450&CODE_STATE=getMsg HTTP/1.1" 200 27
124.78.69.58 - - [21/Sep/2023:10:12:50 +0800] "POST /xingrg/dwr/call/plaincall/AjaxQqpsService.getMaterielByCode.dwr HTTP/1.1" 200 2682
124.78.69.58 - - [21/Sep/2023:10:12:54 +0800] "POST /xingrg/dwr/call/plaincall/AjaxQqpsService.saveMaterielItem.dwr HTTP/1.1" 200 79
180.169.147.146 - - [21/Sep/2023:10:12:54 +0800] "GET /xingrg/check_reg.html?_=1695262375655 HTTP/1.1" 200 22
124.78.69.58 - - [21/Sep/2023:10:12:58 +0800] "GET /xingrg/all/function/internal_message.html?_=1695261807874&CODE_STATE=getMsg HTTP/1.1" 200 27
124.78.69.58 - - [21/Sep/2023:10:13:02 +0800] "POST /xingrg/dwr/call/plaincall/AjaxQqpsService.getMaterielByCode.dwr HTTP/1.1" 200 2688
114.95.241.104 - - [21/Sep/2023:10:13:05 +0800] "POST /xingrg/kc/buy/cgsh_order_operate.html HTTP/1.1" 200 37
124.78.69.58 - - [21/Sep/2023:10:13:06 +0800] "POST /xingrg/dwr/call/plaincall/AjaxQqpsService.saveMaterielItem.dwr HTTP/1.1" 200 79
114.95.241.104 - - [21/Sep/2023:10:13:09 +0800] "POST /xingrg/kc/buy/cgsh_order_operate.html HTTP/1.1" 200 33463
180.152.241.196 - - [21/Sep/2023:10:13:10 +0800] "GET /xingrg/all/function/internal_message.html?_=1695262391079&CODE_STATE=getMsg HTTP/1.1" 200 27
120.253.135.82 - - [21/Sep/2023:10:13:12 +0800] "GET /xingrg/check_reg.html?_=1695262195577 HTTP/1.1" 200 22
120.253.135.82 - - [21/Sep/2023:10:13:12 +0800] "GET /xingrg/all/function/internal_message.html?_=1695262195981&CODE_STATE=getMsg HTTP/1.1" 200 27
124.78.69.58 - - [21/Sep/2023:10:13:13 +0800] "POST /xingrg/dwr/call/plaincall/AjaxQqpsService.getMaterielByCode.dwr HTTP/1.1" 200 2667
222.69.130.191 - - [21/Sep/2023:10:13:15 +0800] "GET /xingrg/all/function/internal_message.html?_=1695262397170&CODE_STATE=getMsg HTTP/1.1" 200 27
124.78.69.58 - - [21/Sep/2023:10:13:15 +0800] "POST /xingrg/dwr/call/plaincall/AjaxQqpsService.saveMaterielItem.dwr HTTP/1.1" 200 79
124.78.69.58 - - [21/Sep/2023:10:13:19 +0800] "POST /xingrg/dwr/call/plaincall/AjaxQqpsService.getMaterielByCode.dwr HTTP/1.1" 200 2729
222.70.107.161 - - [21/Sep/2023:10:13:27 +0800] "GET /xingrg/check_reg.html?_=1695262411049 HTTP/1.1" 200 22
222.70.107.161 - - [21/Sep/2023:10:13:27 +0800] "GET /xingrg/all/function/internal_message.html?_=1695262411058&CODE_STATE=getMsg HTTP/1.1" 200 27
124.78.155.92 - - [21/Sep/2023:10:13:34 +0800] "GET /xingrg/all/function/internal_message.html?_=1695262411709&CODE_STATE=getMsg HTTP/1.1" 200 27
124.78.155.92 - - [21/Sep/2023:10:13:35 +0800] "GET /xingrg/check_reg.html?_=1695262412523 HTTP/1.1" 200 22
124.78.69.58 - - [21/Sep/2023:10:13:36 +0800] "POST /xingrg/dwr/call/plaincall/AjaxQqpsService.saveMaterielItem.dwr HTTP/1.1" 200 79
180.169.147.146 - - [21/Sep/2023:10:13:37 +0800] "GET /xingrg/all/function/internal_message.html?_=1695262418556&CODE_STATE=getMsg HTTP/1.1" 200 27
124.78.69.58 - - [21/Sep/2023:10:13:39 +0800] "POST /xingrg/dwr/call/plaincall/AjaxQqpsService.checkOrder.dwr HTTP/1.1" 200 79
114.83.216.51 - - [21/Sep/2023:10:13:40 +0800] "GET /xingrg/all/function/internal_message.html?_=1695262418229&CODE_STATE=getMsg HTTP/1.1" 200 27
124.78.69.58 - - [21/Sep/2023:10:13:41 +0800] "GET /xingrg/kc/mdqp/qqps_order_info.html?code=302023092100421 HTTP/1.1" 200 26634
124.78.69.58 - - [21/Sep/2023:10:13:41 +0800] "GET /xingrg/dwr/interface/AjaxComOrderService.js HTTP/1.1" 200 18264
124.78.69.58 - - [21/Sep/2023:10:13:41 +0800] "GET /xingrg/dwr/interface/AjaxQqpsService.js HTTP/1.1" 200 16326
124.78.69.58 - - [21/Sep/2023:10:13:41 +0800] "GET /xingrg/dwr/engine.js HTTP/1.1" 200 43631
124.78.69.58 - - [21/Sep/2023:10:13:42 +0800] "POST /xingrg/dwr/call/plaincall/AjaxQqpsService.loadMaterielItems.dwr HTTP/1.1" 200 2230
101.83.145.37 - - [21/Sep/2023:10:13:44 +0800] "GET /xingrg/check_reg.html?_=1695262424103 HTTP/1.1" 200 22
114.95.241.104 - - [21/Sep/2023:10:13:44 +0800] "GET /xingrg/all/function/internal_message.html?_=1695262422301&CODE_STATE=getMsg HTTP/1.1" 200 27
114.95.241.104 - - [21/Sep/2023:10:13:44 +0800] "GET /xingrg/check_reg.html?_=1695262422548 HTTP/1.1" 200 22
124.78.69.58 - - [21/Sep/2023:10:13:45 +0800] "GET /xingrg/kc/mdqp/qqps_order_add.html HTTP/1.1" 200 28231
124.78.69.58 - - [21/Sep/2023:10:13:45 +0800] "GET /xingrg/dwr/interface/AjaxComOrderService.js HTTP/1.1" 200 18264
124.78.69.58 - - [21/Sep/2023:10:13:45 +0800] "GET /xingrg/dwr/interface/AjaxQqpsService.js HTTP/1.1" 200 16326
124.78.69.58 - - [21/Sep/2023:10:13:45 +0800] "GET /xingrg/dwr/engine.js HTTP/1.1" 200 43631
180.165.48.189 - - [21/Sep/2023:10:13:47 +0800] "GET /xingrg/all/function/internal_message.html?_=1695262426871&CODE_STATE=getMsg HTTP/1.1" 200 27
101.83.145.37 - - [21/Sep/2023:10:13:47 +0800] "GET /xingrg/all/function/internal_message.html?_=1695262427627&CODE_STATE=getMsg HTTP/1.1" 200 27
114.95.241.104 - - [21/Sep/2023:10:13:49 +0800] "POST /xingrg/kc/buy/cgsh_order_operate.html HTTP/1.1" 200 37
124.77.241.134 - - [21/Sep/2023:10:13:50 +0800] "GET /xingrg/all/function/internal_message.html?_=1695262440464&CODE_STATE=getMsg HTTP/1.1" 200 27
114.95.241.104 - - [21/Sep/2023:10:13:51 +0800] "POST /xingrg/kc/buy/cgsh_order_operate.html HTTP/1.1" 200 33463
124.78.69.58 - - [21/Sep/2023:10:13:56 +0800] "POST /xingrg/dwr/call/plaincall/AjaxQqpsService.saveOrder.dwr HTTP/1.1" 200 78
124.78.69.58 - - [21/Sep/2023:10:13:58 +0800] "GET /xingrg/all/function/internal_message.html?_=1695261867861&CODE_STATE=getMsg HTTP/1.1" 200 27
124.78.69.58 - - [21/Sep/2023:10:14:00 +0800] "GET /xingrg/javascript/auto/indicator.gif HTTP/1.1" 404 1066
124.78.69.58 - - [21/Sep/2023:10:14:02 +0800] "POST /xingrg/dwr/call/plaincall/AjaxQqpsService.getMaterielByCode.dwr HTTP/1.1" 200 2735
124.78.69.58 - - [21/Sep/2023:10:14:04 +0800] "POST /xingrg/dwr/call/plaincall/AjaxQqpsService.saveMaterielItem.dwr HTTP/1.1" 200 78
124.78.69.58 - - [21/Sep/2023:10:14:06 +0800] "POST /xingrg/dwr/call/plaincall/AjaxQqpsService.getMaterielByCode.dwr HTTP/1.1" 200 2705
124.78.69.58 - - [21/Sep/2023:10:14:09 +0800] "POST /xingrg/dwr/call/plaincall/AjaxQqpsService.saveMaterielItem.dwr HTTP/1.1" 200 78
180.152.241.196 - - [21/Sep/2023:10:14:10 +0800] "GET /xingrg/all/function/internal_message.html?_=1695262451062&CODE_STATE=getMsg HTTP/1.1" 200 27
124.78.69.58 - - [21/Sep/2023:10:14:11 +0800] "POST /xingrg/dwr/call/plaincall/AjaxQqpsService.getMaterielByCode.dwr HTTP/1.1" 200 2704
120.253.135.82 - - [21/Sep/2023:10:14:12 +0800] "GET /xingrg/all/function/internal_message.html?_=1695262255995&CODE_STATE=getMsg HTTP/1.1" 200 27
124.78.69.58 - - [21/Sep/2023:10:14:14 +0800] "POST /xingrg/dwr/call/plaincall/AjaxQqpsService.saveMaterielItem.dwr HTTP/1.1" 200 78
222.69.130.191 - - [21/Sep/2023:10:14:15 +0800] "GET /xingrg/all/function/internal_message.html?_=1695262457181&CODE_STATE=getMsg HTTP/1.1" 200 27
124.78.69.58 - - [21/Sep/2023:10:14:16 +0800] "POST /xingrg/dwr/call/plaincall/AjaxQqpsService.getMaterielByCode.dwr HTTP/1.1" 200 2728
124.78.69.58 - - [21/Sep/2023:10:14:18 +0800] "POST /xingrg/dwr/call/plaincall/AjaxQqpsService.saveMaterielItem.dwr HTTP/1.1" 200 78
222.70.107.161 - - [21/Sep/2023:10:14:27 +0800] "GET /xingrg/all/function/internal_message.html?_=1695262471057&CODE_STATE=getMsg HTTP/1.1" 200 27
124.78.69.58 - - [21/Sep/2023:10:14:32 +0800] "POST /xingrg/dwr/call/plaincall/AjaxQqpsService.getMaterielByCode.dwr HTTP/1.1" 200 2714
124.78.69.58 - - [21/Sep/2023:10:14:34 +0800] "POST /xingrg/dwr/call/plaincall/AjaxQqpsService.saveMaterielItem.dwr HTTP/1.1" 200 79
124.78.155.92 - - [21/Sep/2023:10:14:34 +0800] "GET /xingrg/all/function/internal_message.html?_=1695262471681&CODE_STATE=getMsg HTTP/1.1" 200 27
180.163.29.219 - - [21/Sep/2023:10:14:34 +0800] "GET /xingrg/all/function/internal_message.html?_=1695262411709&CODE_STATE=getMsg HTTP/1.1" 302 -
180.163.29.219 - - [21/Sep/2023:10:14:34 +0800] "GET /xingrg/login.html HTTP/1.1" 200 7641
180.169.147.146 - - [21/Sep/2023:10:14:37 +0800] "GET /xingrg/all/function/internal_message.html?_=1695262478540&CODE_STATE=getMsg HTTP/1.1" 200 27
124.78.69.58 - - [21/Sep/2023:10:14:38 +0800] "POST /xingrg/dwr/call/plaincall/AjaxQqpsService.getMaterielByCode.dwr HTTP/1.1" 200 2746
114.83.216.51 - - [21/Sep/2023:10:14:39 +0800] "GET /xingrg/all/function/internal_message.html?_=1695262478199&CODE_STATE=getMsg HTTP/1.1" 200 27
124.78.69.58 - - [21/Sep/2023:10:14:41 +0800] "POST /xingrg/dwr/call/plaincall/AjaxQqpsService.saveMaterielItem.dwr HTTP/1.1" 200 79
114.95.241.104 - - [21/Sep/2023:10:14:44 +0800] "GET /xingrg/all/function/internal_message.html?_=1695262482282&CODE_STATE=getMsg HTTP/1.1" 200 27
120.253.135.82 - - [21/Sep/2023:10:14:45 +0800] "GET /xingrg/kc/report/report_main.html HTTP/1.1" 200 8599
120.253.135.82 - - [21/Sep/2023:10:14:45 +0800] "GET /xingrg/javascript/jquery_ui/themes/humanity/humanity.css HTTP/1.1" 304 -
124.78.69.58 - - [21/Sep/2023:10:14:45 +0800] "POST /xingrg/dwr/call/plaincall/AjaxQqpsService.getMaterielByCode.dwr HTTP/1.1" 200 2739
120.253.135.82 - - [21/Sep/2023:10:14:47 +0800] "GET /xingrg/kc/base/kc_stocks.html HTTP/1.1" 200 16506
120.253.135.82 - - [21/Sep/2023:10:14:47 +0800] "GET /xingrg/javascript/easyui/themes/sunny/easyui.css HTTP/1.1" 304 -
180.165.48.189 - - [21/Sep/2023:10:14:47 +0800] "GET /xingrg/all/function/internal_message.html?_=1695262486855&CODE_STATE=getMsg HTTP/1.1" 200 27
120.253.135.82 - - [21/Sep/2023:10:14:47 +0800] "GET /xingrg/javascript/easyui/themes/icons/print_new.png HTTP/1.1" 304 -
120.253.135.82 - - [21/Sep/2023:10:14:47 +0800] "GET /xingrg/javascript/easyui/themes/icons/refresh_new.png HTTP/1.1" 304 -
120.253.135.82 - - [21/Sep/2023:10:14:47 +0800] "GET /xingrg/javascript/easyui/themes/icons/filter_new.png HTTP/1.1" 304 -
120.253.135.82 - - [21/Sep/2023:10:14:47 +0800] "GET /xingrg/javascript/easyui/plugins/jquery.draggable.js HTTP/1.1" 304 -
120.253.135.82 - - [21/Sep/2023:10:14:47 +0800] "GET /xingrg/javascript/easyui/plugins/jquery.droppable.js HTTP/1.1" 304 -
101.83.145.37 - - [21/Sep/2023:10:14:47 +0800] "GET /xingrg/all/function/internal_message.html?_=1695262487601&CODE_STATE=getMsg HTTP/1.1" 200 27
120.253.135.82 - - [21/Sep/2023:10:14:47 +0800] "GET /xingrg/javascript/easyui/themes/default/tree.css HTTP/1.1" 404 1090
120.253.135.82 - - [21/Sep/2023:10:14:47 +0800] "GET /xingrg/javascript/easyui/plugins/jquery.tree.js HTTP/1.1" 304 -
124.78.69.58 - - [21/Sep/2023:10:14:47 +0800] "POST /xingrg/dwr/call/plaincall/AjaxQqpsService.saveMaterielItem.dwr HTTP/1.1" 200 79
120.253.135.82 - - [21/Sep/2023:10:14:47 +0800] "POST /xingrg/all/common/load_tree.html?tree=materiel_sort_tree_json HTTP/1.1" 200 9500
120.253.135.82 - - [21/Sep/2023:10:14:47 +0800] "GET /xingrg/javascript/easyui/themes/sunny/images/tree_arrows.gif HTTP/1.1" 304 -
120.253.135.82 - - [21/Sep/2023:10:14:47 +0800] "GET /xingrg/javascript/easyui/themes/sunny/images/tree_folder_open.gif HTTP/1.1" 304 -
120.253.135.82 - - [21/Sep/2023:10:14:47 +0800] "GET /xingrg/javascript/easyui/themes/sunny/images/tree_folder.gif HTTP/1.1" 304 -
120.253.135.82 - - [21/Sep/2023:10:14:47 +0800] "GET /xingrg/javascript/easyui/themes/sunny/images/tree_file.gif HTTP/1.1" 304 -
120.253.135.82 - - [21/Sep/2023:10:14:48 +0800] "GET /xingrg/css/images/panel_loading.gif HTTP/1.1" 304 -
120.253.135.82 - - [21/Sep/2023:10:14:48 +0800] "POST /xingrg/all/common/load_combo.html?type=base HTTP/1.1" 200 1169
124.77.241.134 - - [21/Sep/2023:10:14:50 +0800] "GET /xingrg/all/function/internal_message.html?_=1695262500477&CODE_STATE=getMsg HTTP/1.1" 200 27
124.78.69.58 - - [21/Sep/2023:10:14:51 +0800] "POST /xingrg/dwr/call/plaincall/AjaxQqpsService.getMaterielByCode.dwr HTTP/1.1" 200 2737
124.78.69.58 - - [21/Sep/2023:10:14:54 +0800] "POST /xingrg/dwr/call/plaincall/AjaxQqpsService.saveMaterielItem.dwr HTTP/1.1" 200 79
120.253.135.82 - - [21/Sep/2023:10:14:55 +0800] "POST /xingrg/kc/base/stock_operate.html HTTP/1.1" 200 2282
120.253.135.82 - - [21/Sep/2023:10:14:56 +0800] "GET /xingrg/javascript/jquery_tools/fix_table.js HTTP/1.1" 304 -
124.78.69.58 - - [21/Sep/2023:10:14:58 +0800] "GET /xingrg/check_reg.html?_=1695261927887 HTTP/1.1" 200 22
124.78.69.58 - - [21/Sep/2023:10:14:58 +0800] "GET /xingrg/all/function/internal_message.html?_=1695261927888&CODE_STATE=getMsg HTTP/1.1" 200 27
124.78.69.58 - - [21/Sep/2023:10:15:01 +0800] "POST /xingrg/dwr/call/plaincall/AjaxQqpsService.checkOrder.dwr HTTP/1.1" 200 79
124.78.69.58 - - [21/Sep/2023:10:15:03 +0800] "GET /xingrg/kc/mdqp/qqps_order_info.html?code=302023092100422 HTTP/1.1" 200 26634
124.78.69.58 - - [21/Sep/2023:10:15:03 +0800] "GET /xingrg/dwr/interface/AjaxComOrderService.js HTTP/1.1" 200 18264
124.78.69.58 - - [21/Sep/2023:10:15:03 +0800] "GET /xingrg/dwr/interface/AjaxQqpsService.js HTTP/1.1" 200 16326
124.78.69.58 - - [21/Sep/2023:10:15:03 +0800] "GET /xingrg/dwr/engine.js HTTP/1.1" 200 43631
124.78.69.58 - - [21/Sep/2023:10:15:04 +0800] "POST /xingrg/dwr/call/plaincall/AjaxQqpsService.loadMaterielItems.dwr HTTP/1.1" 200 2464
124.79.244.212 - - [21/Sep/2023:10:15:08 +0800] "GET /xingrg/check_reg.html?_=1695262507014 HTTP/1.1" 302 -
180.152.241.196 - - [21/Sep/2023:10:15:10 +0800] "GET /xingrg/all/function/internal_message.html?_=1695262511046&CODE_STATE=getMsg HTTP/1.1" 200 27
124.78.69.58 - - [21/Sep/2023:10:15:10 +0800] "GET /xingrg/kc/buy/buy_main.html HTTP/1.1" 200 12412
124.78.69.58 - - [21/Sep/2023:10:15:10 +0800] "GET /xingrg/css/new_ie.css HTTP/1.1" 404 1036
120.253.135.82 - - [21/Sep/2023:10:15:10 +0800] "GET /xingrg/javascript/easyui/themes/sunny/images/ui-bg_gloss-wave_60_fece2f_500x100.png HTTP/1.1" 304 -
124.78.69.58 - - [21/Sep/2023:10:15:12 +0800] "GET /xingrg/kc/buy/cgsh_order_list.html HTTP/1.1" 200 56585
120.253.135.82 - - [21/Sep/2023:10:15:12 +0800] "GET /xingrg/kc/pszx/mdqp_order_list.html?state=10 HTTP/1.1" 200 11932
120.253.135.82 - - [21/Sep/2023:10:15:12 +0800] "GET /xingrg/dwr/interface/AjaxQqpsService.js HTTP/1.1" 200 16326
120.253.135.82 - - [21/Sep/2023:10:15:12 +0800] "GET /xingrg/dwr/interface/AjaxReportQueryService.js HTTP/1.1" 200 13203
120.253.135.82 - - [21/Sep/2023:10:15:12 +0800] "GET /xingrg/dwr/engine.js HTTP/1.1" 200 43631
120.253.135.82 - - [21/Sep/2023:10:15:12 +0800] "GET /xingrg/all/function/internal_message.html?_=1695262316009&CODE_STATE=getMsg HTTP/1.1" 200 27
124.78.69.58 - - [21/Sep/2023:10:15:14 +0800] "POST /xingrg/kc/buy/cgsh_list_operate.html HTTP/1.1" 200 986
222.69.130.191 - - [21/Sep/2023:10:15:15 +0800] "GET /xingrg/all/function/internal_message.html?_=1695262517190&CODE_STATE=getMsg HTTP/1.1" 200 27
124.78.69.58 - - [21/Sep/2023:10:15:17 +0800] "GET /xingrg/kc/mdqp/qp_main.html HTTP/1.1" 200 10633
124.78.69.58 - - [21/Sep/2023:10:15:18 +0800] "GET /xingrg/images/yd/bt.gif HTTP/1.1" 404 1040
120.253.135.82 - - [21/Sep/2023:10:15:18 +0800] "GET /xingrg/kc/pszx/mdqp_order_info.html?code=302023092100420 HTTP/1.1" 200 13350
120.253.135.82 - - [21/Sep/2023:10:15:18 +0800] "GET /xingrg/javascript/tools/jquery.qtip-1.0.0-rc3.min.js HTTP/1.1" 304 -
120.253.135.82 - - [21/Sep/2023:10:15:18 +0800] "GET /xingrg/dwr/interface/AjaxComOrderService.js HTTP/1.1" 200 18264
120.253.135.82 - - [21/Sep/2023:10:15:18 +0800] "GET /xingrg/dwr/interface/AjaxQqpsService.js HTTP/1.1" 200 16326
120.253.135.82 - - [21/Sep/2023:10:15:18 +0800] "GET /xingrg/javascript/checkform.js HTTP/1.1" 304 -
120.253.135.82 - - [21/Sep/2023:10:15:18 +0800] "GET /xingrg/javascript/Grid.js HTTP/1.1" 304 -
120.253.135.82 - - [21/Sep/2023:10:15:18 +0800] "GET /xingrg/javascript/AjaxInfoList.js HTTP/1.1" 304 -
120.253.135.82 - - [21/Sep/2023:10:15:18 +0800] "GET /xingrg/dwr/engine.js HTTP/1.1" 200 43631
120.253.135.82 - - [21/Sep/2023:10:15:18 +0800] "GET /xingrg/javascript/jquery_easy_ui/themes/default/images/menu_downarrow.png HTTP/1.1" 304 -
120.253.135.82 - - [21/Sep/2023:10:15:18 +0800] "GET /xingrg/javascript/jquery_easy_ui/themes/icons/print.png HTTP/1.1" 304 -
120.253.135.82 - - [21/Sep/2023:10:15:18 +0800] "GET /xingrg/images/blue/button/kc_tab_save.gif HTTP/1.1" 304 -
120.253.135.82 - - [21/Sep/2023:10:15:18 +0800] "GET /xingrg/images/blue/button/kc_tab_edit.gif HTTP/1.1" 304 -
120.253.135.82 - - [21/Sep/2023:10:15:18 +0800] "GET /xingrg/images/blue/kc_tab_left.gif HTTP/1.1" 304 -
120.253.135.82 - - [21/Sep/2023:10:15:18 +0800] "GET /xingrg/images/blue/kc_tab2_right.gif HTTP/1.1" 304 -
120.253.135.82 - - [21/Sep/2023:10:15:18 +0800] "GET /xingrg/images/blue/kc_tab2_left.gif HTTP/1.1" 304 -
120.253.135.82 - - [21/Sep/2023:10:15:18 +0800] "GET /xingrg/images/blue/kc_tab_right.gif HTTP/1.1" 304 -
120.253.135.82 - - [21/Sep/2023:10:15:18 +0800] "GET /xingrg/images/blue/kc_tab_mid.gif HTTP/1.1" 304 -
120.253.135.82 - - [21/Sep/2023:10:15:18 +0800] "GET /xingrg/images/blue/wait.gif HTTP/1.1" 304 -
120.253.135.82 - - [21/Sep/2023:10:15:19 +0800] "POST /xingrg/dwr/call/plaincall/AjaxQqpsService.loadMaterielItems.dwr HTTP/1.1" 200 847
124.78.69.58 - - [21/Sep/2023:10:15:19 +0800] "GET /xingrg/kc/mdqp/qqps_order_list.html HTTP/1.1" 200 10488
124.78.69.58 - - [21/Sep/2023:10:15:19 +0800] "GET /xingrg/dwr/interface/AjaxQqpsService.js HTTP/1.1" 200 16326
124.78.69.58 - - [21/Sep/2023:10:15:19 +0800] "GET /xingrg/dwr/interface/AjaxReportQueryService.js HTTP/1.1" 200 13203
124.78.69.58 - - [21/Sep/2023:10:15:19 +0800] "GET /xingrg/dwr/engine.js HTTP/1.1" 200 43631
124.78.69.58 - - [21/Sep/2023:10:15:20 +0800] "GET /xingrg/kc/mdqp/qqps_order_add.html HTTP/1.1" 200 28231
124.78.69.58 - - [21/Sep/2023:10:15:20 +0800] "GET /xingrg/dwr/interface/AjaxQqpsService.js HTTP/1.1" 200 16326
124.78.69.58 - - [21/Sep/2023:10:15:20 +0800] "GET /xingrg/dwr/interface/AjaxComOrderService.js HTTP/1.1" 200 18264
124.78.69.58 - - [21/Sep/2023:10:15:20 +0800] "GET /xingrg/dwr/engine.js HTTP/1.1" 200 43631
114.95.241.104 - - [21/Sep/2023:10:15:24 +0800] "GET /xingrg/kc/buy/cgsh_order_list.html HTTP/1.1" 200 56585
222.70.107.161 - - [21/Sep/2023:10:15:27 +0800] "GET /xingrg/all/function/internal_message.html?_=1695262531045&CODE_STATE=getMsg HTTP/1.1" 200 27
114.95.241.104 - - [21/Sep/2023:10:15:28 +0800] "POST /xingrg/kc/buy/cgsh_list_operate.html HTTP/1.1" 200 1869
114.95.241.104 - - [21/Sep/2023:10:15:30 +0800] "POST /xingrg/kc/buy/cgsh_list_operate.html HTTP/1.1" 200 573
114.95.241.104 - - [21/Sep/2023:10:15:32 +0800] "GET /xingrg/kc/buy/cgsh_order_info.html?code=212023092108339 HTTP/1.1" 200 72414
114.95.241.104 - - [21/Sep/2023:10:15:32 +0800] "GET /xingrg/words/20230920212025_words.js HTTP/1.1" 304 -
114.95.241.104 - - [21/Sep/2023:10:15:32 +0800] "GET /xingrg/javascript/easyui/themes/default/validatebox.css HTTP/1.1" 404 1104
124.78.69.58 - - [21/Sep/2023:10:15:32 +0800] "POST /xingrg/dwr/call/plaincall/AjaxQqpsService.saveOrder.dwr HTTP/1.1" 200 78
124.78.69.58 - - [21/Sep/2023:10:15:33 +0800] "GET /xingrg/javascript/auto/indicator.gif HTTP/1.1" 404 1066
114.95.241.104 - - [21/Sep/2023:10:15:33 +0800] "POST /xingrg/kc/buy/cgsh_order_operate.html HTTP/1.1" 200 33463
124.78.155.92 - - [21/Sep/2023:10:15:34 +0800] "GET /xingrg/all/function/internal_message.html?_=1695262531667&CODE_STATE=getMsg HTTP/1.1" 200 27
124.78.69.58 - - [21/Sep/2023:10:15:35 +0800] "POST /xingrg/dwr/call/plaincall/AjaxQqpsService.getMaterielByCode.dwr HTTP/1.1" 200 2665
180.169.147.146 - - [21/Sep/2023:10:15:37 +0800] "GET /xingrg/all/function/internal_message.html?_=1695262538525&CODE_STATE=getMsg HTTP/1.1" 200 27
124.78.69.58 - - [21/Sep/2023:10:15:37 +0800] "POST /xingrg/dwr/call/plaincall/AjaxQqpsService.saveMaterielItem.dwr HTTP/1.1" 200 78
114.83.216.51 - - [21/Sep/2023:10:15:39 +0800] "GET /xingrg/all/function/internal_message.html?_=1695262538184&CODE_STATE=getMsg HTTP/1.1" 200 27
124.78.69.58 - - [21/Sep/2023:10:15:40 +0800] "POST /xingrg/dwr/call/plaincall/AjaxQqpsService.getMaterielByCode.dwr HTTP/1.1" 200 2665
124.78.69.58 - - [21/Sep/2023:10:15:43 +0800] "POST /xingrg/dwr/call/plaincall/AjaxQqpsService.saveMaterielItem.dwr HTTP/1.1" 200 78
114.95.241.104 - - [21/Sep/2023:10:15:44 +0800] "GET /xingrg/all/function/internal_message.html?_=1695262542264&CODE_STATE=getMsg HTTP/1.1" 200 27
124.78.69.58 - - [21/Sep/2023:10:15:45 +0800] "POST /xingrg/dwr/call/plaincall/AjaxQqpsService.checkOrder.dwr HTTP/1.1" 200 78
124.78.69.58 - - [21/Sep/2023:10:15:46 +0800] "GET /xingrg/kc/mdqp/qqps_order_info.html?code=302023092100423 HTTP/1.1" 200 26634
124.78.69.58 - - [21/Sep/2023:10:15:46 +0800] "GET /xingrg/dwr/interface/AjaxComOrderService.js HTTP/1.1" 200 18264
124.78.69.58 - - [21/Sep/2023:10:15:46 +0800] "GET /xingrg/dwr/interface/AjaxQqpsService.js HTTP/1.1" 200 16326
124.78.69.58 - - [21/Sep/2023:10:15:46 +0800] "GET /xingrg/dwr/engine.js HTTP/1.1" 200 43631
180.165.48.189 - - [21/Sep/2023:10:15:47 +0800] "GET /xingrg/all/function/internal_message.html?_=1695262546837&CODE_STATE=getMsg HTTP/1.1" 200 27
101.83.145.37 - - [21/Sep/2023:10:15:47 +0800] "GET /xingrg/all/function/internal_message.html?_=1695262547607&CODE_STATE=getMsg HTTP/1.1" 200 27
124.78.69.58 - - [21/Sep/2023:10:15:47 +0800] "POST /xingrg/dwr/call/plaincall/AjaxQqpsService.loadMaterielItems.dwr HTTP/1.1" 200 583
180.165.48.189 - - [21/Sep/2023:10:15:47 +0800] "GET /xingrg/check_reg.html?_=1695262547334 HTTP/1.1" 200 22
124.78.69.58 - - [21/Sep/2023:10:15:50 +0800] "GET /xingrg/kc/buy/buy_main.html HTTP/1.1" 200 12412
124.78.69.58 - - [21/Sep/2023:10:15:50 +0800] "GET /xingrg/css/new_ie.css HTTP/1.1" 404 1036
124.77.241.134 - - [21/Sep/2023:10:15:51 +0800] "GET /xingrg/all/function/internal_message.html?_=1695262560738&CODE_STATE=getMsg HTTP/1.1" 200 27
124.78.69.58 - - [21/Sep/2023:10:15:52 +0800] "GET /xingrg/kc/buy/cgsh_order_list.html HTTP/1.1" 200 56585
124.78.69.58 - - [21/Sep/2023:10:15:54 +0800] "POST /xingrg/kc/buy/cgsh_list_operate.html HTTP/1.1" 200 986
124.78.69.58 - - [21/Sep/2023:10:15:58 +0800] "GET /xingrg/all/function/internal_message.html?_=1695261987868&CODE_STATE=getMsg HTTP/1.1" 200 27
124.78.69.58 - - [21/Sep/2023:10:16:00 +0800] "GET /xingrg/kc/buy/cgsh_order_add.html HTTP/1.1" 200 72361
124.78.69.58 - - [21/Sep/2023:10:16:00 +0800] "POST /xingrg/kc/buy/cgsh_order_operate.html HTTP/1.1" 200 8245
124.78.69.58 - - [21/Sep/2023:10:16:00 +0800] "GET /xingrg/javascript/easyui/themes/default/validatebox.css HTTP/1.1" 404 1104
124.78.69.58 - - [21/Sep/2023:10:16:00 +0800] "GET /xingrg/all/common/auto_word.html?type=employee&rest_code=00141 HTTP/1.1" 200 201
124.78.69.58 - - [21/Sep/2023:10:16:00 +0800] "GET /xingrg/all/common/auto_word.html?type=employee&rest_code=00141 HTTP/1.1" 200 201
124.78.69.58 - - [21/Sep/2023:10:16:01 +0800] "GET /xingrg/javascript/auto/indicator.gif HTTP/1.1" 404 1066
114.95.241.104 - - [21/Sep/2023:10:16:02 +0800] "GET /xingrg/login.html HTTP/1.1" 200 7641
114.95.241.104 - - [21/Sep/2023:10:16:02 +0800] "GET /favicon.ico HTTP/1.1" 404 -
124.78.69.58 - - [21/Sep/2023:10:16:05 +0800] "GET /xingrg/javascript/jquery_tools/images/next.gif HTTP/1.1" 404 1086
124.78.69.58 - - [21/Sep/2023:10:16:05 +0800] "GET /xingrg/javascript/jquery_tools/images/prev.gif HTTP/1.1" 404 1086
114.95.241.104 - - [21/Sep/2023:10:16:08 +0800] "POST /xingrg/login.do HTTP/1.1" 302 -
114.95.241.104 - - [21/Sep/2023:10:16:08 +0800] "GET /xingrg/index.html?sysBaseUrl=http%3A%2F%2F180.169.147.146%3A18081%2Fxingrg%2F&costTime=874×tamp=1695262568377 HTTP/1.1" 200 17177
114.95.241.104 - - [21/Sep/2023:10:16:08 +0800] "GET /xingrg/all/function/internal_message.html?_=1695262566722&CODE_STATE=count HTTP/1.1" 200 11
114.95.241.104 - - [21/Sep/2023:10:16:08 +0800] "GET /xingrg/check_reg.html?_=1695262566724 HTTP/1.1" 200 22
114.95.241.104 - - [21/Sep/2023:10:16:08 +0800] "POST /xingrg/all/common/load_tree.html?tree=area_rest_tree_json&manage=1 HTTP/1.1" 200 476
114.95.241.104 - - [21/Sep/2023:10:16:08 +0800] "GET /favicon.ico HTTP/1.1" 404 -
114.95.241.104 - - [21/Sep/2023:10:16:08 +0800] "POST /xingrg/load_menu.html HTTP/1.1" 200 5138
180.152.241.196 - - [21/Sep/2023:10:16:10 +0800] "GET /xingrg/all/function/internal_message.html?_=1695262571017&CODE_STATE=getMsg HTTP/1.1" 200 27
