218.81.73.231 - - [21/Sep/2023:12:09:39 +0800] "POST /xingrg/all/report/load_report_page.html HTTP/1.1" 200 53512
218.81.73.231 - - [21/Sep/2023:12:09:39 +0800] "GET /xingrg/servlets/image?cache=0.9247094490897498&image=px HTTP/1.1" 200 807
101.228.187.155 - - [21/Sep/2023:12:09:39 +0800] "GET /xingrg/check_reg.html?_=1695269379373 HTTP/1.1" 200 22
101.228.187.155 - - [21/Sep/2023:12:09:39 +0800] "GET /xingrg/all/function/internal_message.html?_=1695269379376&CODE_STATE=getMsg HTTP/1.1" 200 27
218.81.73.231 - - [21/Sep/2023:12:09:40 +0800] "POST /xingrg/all/report/load_report_page.html HTTP/1.1" 200 43895
218.81.73.231 - - [21/Sep/2023:12:09:40 +0800] "GET /xingrg/servlets/image?cache=0.47337751564351194&image=px HTTP/1.1" 200 807
222.70.180.200 - - [21/Sep/2023:12:09:41 +0800] "POST /xingrg/services/DataTransmitService HTTP/1.1" 200 524
180.169.147.146 - - [21/Sep/2023:12:09:41 +0800] "GET /xingrg/kc/buy/cgsh_order_operate.html?command=get_materiel&rest_code=00147&code=00101008248&supplier_code=00100007&order_time=2023-09-21 HTTP/1.1" 200 412
218.81.73.231 - - [21/Sep/2023:12:09:43 +0800] "GET /xingrg/all/function/internal_message.html?_=1695269382422&CODE_STATE=getMsg HTTP/1.1" 200 27
222.70.180.200 - - [21/Sep/2023:12:09:44 +0800] "POST /xingrg/services/DataTransmitService HTTP/1.1" 200 2499
124.78.155.92 - - [21/Sep/2023:12:09:44 +0800] "GET /xingrg/all/function/internal_message.html?_=1695269386683&CODE_STATE=getMsg HTTP/1.1" 200 27
114.95.241.104 - - [21/Sep/2023:12:09:44 +0800] "POST /xingrg/all/user/operate.html HTTP/1.1" 200 36
114.95.241.104 - - [21/Sep/2023:12:09:45 +0800] "GET /xingrg/index.html?sysBaseUrl=http%3A%2F%2F180.169.147.146%3A18081%2Fxingrg%2F&costTime=849×tamp=1695263255726 HTTP/1.1" 200 17179
114.95.241.104 - - [21/Sep/2023:12:09:45 +0800] "GET /xingrg/javascript/jquery_easy_ui/themes/default/easyui.css HTTP/1.1" 304 -
114.95.241.104 - - [21/Sep/2023:12:09:45 +0800] "GET /xingrg/javascript/jquery_easy_ui/themes/icon.css HTTP/1.1" 304 -
114.95.241.104 - - [21/Sep/2023:12:09:45 +0800] "GET /xingrg/css/form.css HTTP/1.1" 304 -
114.95.241.104 - - [21/Sep/2023:12:09:45 +0800] "GET /xingrg/javascript/jquery-1.4.2.min.js HTTP/1.1" 304 -
114.95.241.104 - - [21/Sep/2023:12:09:45 +0800] "GET /xingrg/javascript/jquery_easy_ui/jquery.easyui.min.js HTTP/1.1" 304 -
114.95.241.104 - - [21/Sep/2023:12:09:45 +0800] "GET /xingrg/javascript/jquery_easy_ui/easyui-lang-zh_CN.js HTTP/1.1" 304 -
101.83.145.37 - - [21/Sep/2023:12:09:45 +0800] "GET /xingrg/all/function/internal_message.html?_=1695269385319&CODE_STATE=getMsg HTTP/1.1" 200 27
114.95.241.104 - - [21/Sep/2023:12:09:45 +0800] "GET /xingrg/javascript/jquery.form.js HTTP/1.1" 304 -
114.95.241.104 - - [21/Sep/2023:12:09:45 +0800] "GET /xingrg/javascript/jquery.utils.js HTTP/1.1" 304 -
114.95.241.104 - - [21/Sep/2023:12:09:45 +0800] "GET /xingrg/javascript/jquery.timers.js HTTP/1.1" 304 -
114.95.241.104 - - [21/Sep/2023:12:09:45 +0800] "GET /xingrg/images/blue/jxLogo.png HTTP/1.1" 304 -
114.95.241.104 - - [21/Sep/2023:12:09:45 +0800] "GET /xingrg/images/blue/navBackgound.jpg HTTP/1.1" 304 -
114.95.241.104 - - [21/Sep/2023:12:09:45 +0800] "GET /xingrg/javascript/jquery_easy_ui/themes/icons/settle_new.png HTTP/1.1" 304 -
114.95.241.104 - - [21/Sep/2023:12:09:45 +0800] "GET /xingrg/all/function/internal_message.html?_=1695269383380&CODE_STATE=count HTTP/1.1" 200 11
114.95.241.104 - - [21/Sep/2023:12:09:45 +0800] "GET /xingrg/check_reg.html?_=1695269383381 HTTP/1.1" 200 22
180.165.48.189 - - [21/Sep/2023:12:09:45 +0800] "GET /xingrg/all/function/internal_message.html?_=1695269384854&CODE_STATE=getMsg HTTP/1.1" 200 27
114.95.241.104 - - [21/Sep/2023:12:09:45 +0800] "GET /xingrg/images/blue/pingpu.png HTTP/1.1" 304 -
114.95.241.104 - - [21/Sep/2023:12:09:45 +0800] "GET /xingrg/javascript/jquery_easy_ui/themes/default/images/tabs_rightarrow.png HTTP/1.1" 304 -
114.95.241.104 - - [21/Sep/2023:12:09:45 +0800] "GET /xingrg/javascript/jquery_easy_ui/themes/default/images/panel_tool_collapse.gif HTTP/1.1" 304 -
114.95.241.104 - - [21/Sep/2023:12:09:45 +0800] "GET /xingrg/javascript/jquery_easy_ui/themes/default/images/tabs_leftarrow.png HTTP/1.1" 304 -
222.70.180.200 - - [21/Sep/2023:12:09:45 +0800] "POST /xingrg/services/DataTransmitService HTTP/1.1" 200 201404
114.95.241.104 - - [21/Sep/2023:12:09:45 +0800] "POST /xingrg/all/common/load_tree.html?tree=area_rest_tree_json&manage=1 HTTP/1.1" 200 476
114.95.241.104 - - [21/Sep/2023:12:09:45 +0800] "POST /xingrg/load_menu.html HTTP/1.1" 200 5138
124.78.155.92 - - [21/Sep/2023:12:09:46 +0800] "GET /xingrg/check_reg.html?_=1695269388370 HTTP/1.1" 200 22
114.95.241.104 - - [21/Sep/2023:12:09:47 +0800] "GET /xingrg/kc/buy/cgsh_order_list.html HTTP/1.1" 200 56585
114.95.241.104 - - [21/Sep/2023:12:09:49 +0800] "POST /xingrg/kc/buy/cgsh_list_operate.html HTTP/1.1" 200 986
101.228.187.155 - - [21/Sep/2023:12:09:50 +0800] "GET /xingrg/kc/buy/cgsh_order_operate.html?command=get_materiel&rest_code=00142&code=00101002017&supplier_code=00100207&order_time=2023-09-20 HTTP/1.1" 200 411
114.95.241.104 - - [21/Sep/2023:12:09:51 +0800] "GET /xingrg/kc/buy/cgsh_order_add.html HTTP/1.1" 200 72405
114.95.241.104 - - [21/Sep/2023:12:09:51 +0800] "POST /xingrg/kc/buy/cgsh_order_operate.html HTTP/1.1" 200 8245
114.95.241.104 - - [21/Sep/2023:12:09:51 +0800] "GET /xingrg/javascript/easyui/themes/default/validatebox.css HTTP/1.1" 404 1104
180.169.147.146 - - [21/Sep/2023:12:09:53 +0800] "GET /xingrg/kc/buy/cgsh_order_operate.html?command=get_materiel&rest_code=00147&code=00101008261&supplier_code=00100007&order_time=2023-09-21 HTTP/1.1" 200 429
114.95.241.104 - - [21/Sep/2023:12:09:54 +0800] "GET /xingrg/javascript/auto/indicator.gif HTTP/1.1" 404 1066
180.169.147.146 - - [21/Sep/2023:12:09:55 +0800] "POST /xingrg/kc/buy/cgsh_order_operate.html HTTP/1.1" 200 2065
124.77.241.134 - - [21/Sep/2023:12:09:57 +0800] "GET /xingrg/all/function/internal_message.html?_=1695269407796&CODE_STATE=getMsg HTTP/1.1" 200 27
124.78.69.58 - - [21/Sep/2023:12:09:58 +0800] "GET /xingrg/all/function/internal_message.html?_=1695268828164&CODE_STATE=getMsg HTTP/1.1" 200 27
124.78.69.58 - - [21/Sep/2023:12:09:58 +0800] "GET /xingrg/check_reg.html?_=1695268828165 HTTP/1.1" 200 22
180.169.147.146 - - [21/Sep/2023:12:10:01 +0800] "GET /xingrg/kc/buy/cgsh_order_operate.html?command=get_materiel&rest_code=00147&code=00101008155&supplier_code=00100007&order_time=2023-09-21 HTTP/1.1" 200 428
101.228.187.155 - - [21/Sep/2023:12:10:02 +0800] "POST /xingrg/kc/buy/cgsh_order_operate.html HTTP/1.1" 200 2065
116.228.172.122 - - [21/Sep/2023:12:10:03 +0800] "GET /xingrg/all/function/internal_message.html?_=1695269048223&CODE_STATE=getMsg HTTP/1.1" 200 27
116.228.172.122 - - [21/Sep/2023:12:10:06 +0800] "POST /xingrg/kc/buy/cgsh_order_operate.html HTTP/1.1" 200 37
114.95.241.104 - - [21/Sep/2023:12:10:06 +0800] "GET /xingrg/kc/buy/cgsh_order_operate.html?command=get_materiel&rest_code=00150&code=00101015017&supplier_code=00100054&order_time=2023-09-21 HTTP/1.1" 200 412
124.79.244.212 - - [21/Sep/2023:12:10:08 +0800] "GET /xingrg/check_reg.html?_=1695269406750 HTTP/1.1" 302 -
116.228.172.122 - - [21/Sep/2023:12:10:08 +0800] "POST /xingrg/kc/buy/cgsh_order_operate.html HTTP/1.1" 200 7980
222.70.107.161 - - [21/Sep/2023:12:10:09 +0800] "GET /xingrg/all/function/internal_message.html?_=1695269413473&CODE_STATE=getMsg HTTP/1.1" 200 27
180.169.147.146 - - [21/Sep/2023:12:10:10 +0800] "GET /xingrg/kc/buy/cgsh_order_operate.html?command=get_materiel&rest_code=00147&code=00101008350&supplier_code=00100007&order_time=2023-09-21 HTTP/1.1" 200 408
116.228.172.122 - - [21/Sep/2023:12:10:11 +0800] "GET /xingrg/kc/print/load_data.html?order_code=212023092108403&kc_code=cgsh&condition= HTTP/1.1" 200 2687
114.95.241.104 - - [21/Sep/2023:12:10:15 +0800] "GET /xingrg/kc/buy/cgsh_order_operate.html?command=get_materiel&rest_code=00150&code=00101015014&supplier_code=00100054&order_time=2023-09-21 HTTP/1.1" 200 412
120.253.135.82 - - [21/Sep/2023:12:10:15 +0800] "GET /xingrg/all/function/internal_message.html?_=1695269219100&CODE_STATE=getMsg HTTP/1.1" 200 27
222.69.130.191 - - [21/Sep/2023:12:10:15 +0800] "GET /xingrg/all/function/internal_message.html?_=1695269415736&CODE_STATE=getMsg HTTP/1.1" 200 27
180.169.147.146 - - [21/Sep/2023:12:10:18 +0800] "GET /xingrg/kc/buy/cgsh_order_operate.html?command=get_materiel&rest_code=00147&code=00101008087&supplier_code=00100007&order_time=2023-09-21 HTTP/1.1" 200 412
114.95.241.104 - - [21/Sep/2023:12:10:24 +0800] "POST /xingrg/kc/buy/cgsh_order_operate.html HTTP/1.1" 200 37
180.169.147.146 - - [21/Sep/2023:12:10:26 +0800] "GET /xingrg/kc/buy/cgsh_order_operate.html?command=get_materiel&rest_code=00147&code=00101008059&supplier_code=00100007&order_time=2023-09-21 HTTP/1.1" 200 427
101.228.187.155 - - [21/Sep/2023:12:10:26 +0800] "GET /xingrg/kc/buy/cgsh_order_operate.html?command=get_materiel&rest_code=00142&code=00101003002&supplier_code=00100207&order_time=2023-09-20 HTTP/1.1" 200 411
114.83.216.51 - - [21/Sep/2023:12:10:29 +0800] "GET /xingrg/all/function/internal_message.html?_=1695269427290&CODE_STATE=getMsg HTTP/1.1" 200 27
114.95.241.104 - - [21/Sep/2023:12:10:31 +0800] "POST /xingrg/kc/buy/cgsh_order_operate.html HTTP/1.1" 200 12
124.78.155.92 - - [21/Sep/2023:12:10:33 +0800] "GET /xingrg/all/function/internal_message.html?_=1695269430478&CODE_STATE=getMsg HTTP/1.1" 200 27
114.95.241.104 - - [21/Sep/2023:12:10:33 +0800] "GET /xingrg/kc/buy/cgsh_order_info.html?code=212023092108404 HTTP/1.1" 200 67312
114.95.241.104 - - [21/Sep/2023:12:10:34 +0800] "GET /xingrg/javascript/easyui/themes/default/validatebox.css HTTP/1.1" 404 1104
114.95.241.104 - - [21/Sep/2023:12:10:35 +0800] "POST /xingrg/kc/buy/cgsh_order_operate.html HTTP/1.1" 200 1195
180.169.147.146 - - [21/Sep/2023:12:10:35 +0800] "GET /xingrg/all/function/internal_message.html?_=1695269436699&CODE_STATE=getMsg HTTP/1.1" 200 27
180.169.147.146 - - [21/Sep/2023:12:10:35 +0800] "POST /xingrg/kc/buy/cgsh_order_operate.html HTTP/1.1" 200 2065
114.95.241.104 - - [21/Sep/2023:12:10:37 +0800] "GET /xingrg/kc/print/load_data.html?order_code=212023092108404&kc_code=cgsh&condition= HTTP/1.1" 200 922
101.228.187.155 - - [21/Sep/2023:12:10:39 +0800] "GET /xingrg/all/function/internal_message.html?_=1695269439362&CODE_STATE=getMsg HTTP/1.1" 200 27
101.228.187.155 - - [21/Sep/2023:12:10:41 +0800] "GET /xingrg/javascript/jquery_tools/images/prev.gif HTTP/1.1" 404 1086
101.228.187.155 - - [21/Sep/2023:12:10:41 +0800] "GET /xingrg/javascript/jquery_tools/images/next.gif HTTP/1.1" 404 1086
218.81.73.231 - - [21/Sep/2023:12:10:43 +0800] "GET /xingrg/all/function/internal_message.html?_=1695269442427&CODE_STATE=getMsg HTTP/1.1" 200 27
124.78.155.92 - - [21/Sep/2023:12:10:44 +0800] "GET /xingrg/all/function/internal_message.html?_=1695269446654&CODE_STATE=getMsg HTTP/1.1" 200 27
101.83.145.37 - - [21/Sep/2023:12:10:45 +0800] "GET /xingrg/all/function/internal_message.html?_=1695269445298&CODE_STATE=getMsg HTTP/1.1" 200 27
180.165.48.189 - - [21/Sep/2023:12:10:45 +0800] "GET /xingrg/all/function/internal_message.html?_=1695269444850&CODE_STATE=getMsg HTTP/1.1" 200 27
114.95.241.104 - - [21/Sep/2023:12:10:45 +0800] "GET /xingrg/all/function/internal_message.html?_=1695269443388&CODE_STATE=getMsg HTTP/1.1" 200 27
180.165.48.189 - - [21/Sep/2023:12:10:47 +0800] "GET /xingrg/check_reg.html?_=1695269447044 HTTP/1.1" 200 22
101.228.187.155 - - [21/Sep/2023:12:10:50 +0800] "POST /xingrg/kc/buy/cgsh_order_operate.html HTTP/1.1" 200 37
180.169.147.146 - - [21/Sep/2023:12:10:52 +0800] "GET /xingrg/kc/buy/cgsh_order_operate.html?command=get_materiel&rest_code=00147&code=00101006011&supplier_code=00100007&order_time=2023-09-21 HTTP/1.1" 200 411
124.77.241.134 - - [21/Sep/2023:12:10:58 +0800] "GET /xingrg/all/function/internal_message.html?_=1695269467810&CODE_STATE=getMsg HTTP/1.1" 200 27
124.78.69.58 - - [21/Sep/2023:12:10:58 +0800] "GET /xingrg/all/function/internal_message.html?_=1695268888169&CODE_STATE=getMsg HTTP/1.1" 200 27
101.228.187.155 - - [21/Sep/2023:12:11:01 +0800] "POST /xingrg/kc/buy/cgsh_order_operate.html HTTP/1.1" 200 6798
116.228.172.122 - - [21/Sep/2023:12:11:03 +0800] "GET /xingrg/all/function/internal_message.html?_=1695269108232&CODE_STATE=getMsg HTTP/1.1" 200 27
180.169.147.146 - - [21/Sep/2023:12:11:03 +0800] "GET /xingrg/kc/buy/cgsh_order_operate.html?command=get_materiel&rest_code=00147&code=00101008368&supplier_code=00100007&order_time=2023-09-21 HTTP/1.1" 200 408
101.228.187.155 - - [21/Sep/2023:12:11:04 +0800] "GET /xingrg/javascript/jquery_easy_ui/themes/default/images/tabs_active.png HTTP/1.1" 304 -
222.70.107.161 - - [21/Sep/2023:12:11:09 +0800] "GET /xingrg/all/function/internal_message.html?_=1695269473475&CODE_STATE=getMsg HTTP/1.1" 200 27
101.228.187.155 - - [21/Sep/2023:12:11:12 +0800] "POST /xingrg/kc/buy/cgsh_list_operate.html HTTP/1.1" 200 2306
222.69.130.191 - - [21/Sep/2023:12:11:15 +0800] "GET /xingrg/all/function/internal_message.html?_=1695269475725&CODE_STATE=getMsg HTTP/1.1" 200 27
222.69.130.191 - - [21/Sep/2023:12:11:15 +0800] "GET /xingrg/check_reg.html?_=1695269475729 HTTP/1.1" 200 22
120.253.135.82 - - [21/Sep/2023:12:11:15 +0800] "GET /xingrg/all/function/internal_message.html?_=1695269279201&CODE_STATE=getMsg HTTP/1.1" 200 27
180.169.147.146 - - [21/Sep/2023:12:11:19 +0800] "POST /xingrg/kc/buy/cgsh_order_operate.html HTTP/1.1" 200 37
180.169.147.146 - - [21/Sep/2023:12:11:28 +0800] "POST /xingrg/kc/buy/cgsh_order_operate.html HTTP/1.1" 200 20399
114.83.216.51 - - [21/Sep/2023:12:11:29 +0800] "GET /xingrg/all/function/internal_message.html?_=1695269487271&CODE_STATE=getMsg HTTP/1.1" 200 27
124.78.155.92 - - [21/Sep/2023:12:11:32 +0800] "GET /xingrg/check_reg.html?_=1695269490059 HTTP/1.1" 200 22
180.163.29.79 - - [21/Sep/2023:12:11:33 +0800] "GET /xingrg/all/function/internal_message.html?_=1695269430478&CODE_STATE=getMsg HTTP/1.1" 302 -
180.163.29.79 - - [21/Sep/2023:12:11:33 +0800] "GET /xingrg/login.html HTTP/1.1" 200 7641
124.78.155.92 - - [21/Sep/2023:12:11:33 +0800] "GET /xingrg/all/function/internal_message.html?_=1695269490452&CODE_STATE=getMsg HTTP/1.1" 200 27
180.169.147.146 - - [21/Sep/2023:12:11:35 +0800] "GET /xingrg/all/function/internal_message.html?_=1695269496676&CODE_STATE=getMsg HTTP/1.1" 200 27
180.169.147.146 - - [21/Sep/2023:12:11:37 +0800] "GET /xingrg/kc/buy/cgsh_order_operate.html?command=get_materiel&rest_code=00147&code=00101008005&supplier_code=00100007&order_time=2023-09-21 HTTP/1.1" 200 433
101.228.187.155 - - [21/Sep/2023:12:11:39 +0800] "GET /xingrg/all/function/internal_message.html?_=1695269499365&CODE_STATE=getMsg HTTP/1.1" 200 27
218.81.73.231 - - [21/Sep/2023:12:11:43 +0800] "GET /xingrg/all/function/internal_message.html?_=1695269502425&CODE_STATE=getMsg HTTP/1.1" 200 27
124.78.155.92 - - [21/Sep/2023:12:11:44 +0800] "GET /xingrg/all/function/internal_message.html?_=1695269506639&CODE_STATE=getMsg HTTP/1.1" 200 27
101.83.145.37 - - [21/Sep/2023:12:11:45 +0800] "GET /xingrg/all/function/internal_message.html?_=1695269505305&CODE_STATE=getMsg HTTP/1.1" 200 27
180.165.48.189 - - [21/Sep/2023:12:11:45 +0800] "GET /xingrg/all/function/internal_message.html?_=1695269504833&CODE_STATE=getMsg HTTP/1.1" 200 27
114.95.241.104 - - [21/Sep/2023:12:11:45 +0800] "GET /xingrg/all/function/internal_message.html?_=1695269503387&CODE_STATE=getMsg HTTP/1.1" 200 27
124.77.241.134 - - [21/Sep/2023:12:11:58 +0800] "GET /xingrg/all/function/internal_message.html?_=1695269528462&CODE_STATE=getMsg HTTP/1.1" 200 27
124.78.69.58 - - [21/Sep/2023:12:11:58 +0800] "GET /xingrg/all/function/internal_message.html?_=1695268948178&CODE_STATE=getMsg HTTP/1.1" 200 27
116.228.172.122 - - [21/Sep/2023:12:12:03 +0800] "GET /xingrg/all/function/internal_message.html?_=1695269168226&CODE_STATE=getMsg HTTP/1.1" 200 27
222.70.107.161 - - [21/Sep/2023:12:12:09 +0800] "GET /xingrg/all/function/internal_message.html?_=1695269533477&CODE_STATE=getMsg HTTP/1.1" 200 27
222.69.130.191 - - [21/Sep/2023:12:12:15 +0800] "GET /xingrg/all/function/internal_message.html?_=1695269535736&CODE_STATE=getMsg HTTP/1.1" 200 27
120.253.135.82 - - [21/Sep/2023:12:12:15 +0800] "GET /xingrg/all/function/internal_message.html?_=1695269339206&CODE_STATE=getMsg HTTP/1.1" 200 27
120.253.135.82 - - [21/Sep/2023:12:12:17 +0800] "GET /xingrg/kc/pszx/mdqp_order_list.html?state=10 HTTP/1.1" 200 12741
120.253.135.82 - - [21/Sep/2023:12:12:17 +0800] "GET /xingrg/dwr/interface/AjaxQqpsService.js HTTP/1.1" 200 16326
120.253.135.82 - - [21/Sep/2023:12:12:17 +0800] "GET /xingrg/dwr/interface/AjaxReportQueryService.js HTTP/1.1" 200 13203
120.253.135.82 - - [21/Sep/2023:12:12:17 +0800] "GET /xingrg/dwr/engine.js HTTP/1.1" 200 43631
222.70.107.161 - - [21/Sep/2023:12:12:17 +0800] "GET /xingrg/kc/buy/cgsh_order_operate.html?command=get_materiel&rest_code=00156&code=00101008541&supplier_code=00100007&order_time=2023-09-21 HTTP/1.1" 200 409
222.70.107.161 - - [21/Sep/2023:12:12:25 +0800] "GET /xingrg/kc/buy/cgsh_order_operate.html?command=get_materiel&rest_code=00156&code=00101008110&supplier_code=00100007&order_time=2023-09-21 HTTP/1.1" 200 408
222.70.180.200 - - [21/Sep/2023:12:12:25 +0800] "GET /favicon.ico HTTP/1.1" 404 -
114.83.216.51 - - [21/Sep/2023:12:12:28 +0800] "GET /xingrg/all/function/internal_message.html?_=1695269547245&CODE_STATE=getMsg HTTP/1.1" 200 27
180.163.29.219 - - [21/Sep/2023:12:12:32 +0800] "GET /xingrg/check_reg.html?_=1695269490059 HTTP/1.1" 302 -
180.163.29.219 - - [21/Sep/2023:12:12:32 +0800] "GET /xingrg/login.html HTTP/1.1" 200 7641
222.70.107.161 - - [21/Sep/2023:12:12:32 +0800] "GET /xingrg/kc/buy/cgsh_order_operate.html?command=get_materiel&rest_code=00156&code=00101008095&supplier_code=00100007&order_time=2023-09-21 HTTP/1.1" 200 412
124.78.155.92 - - [21/Sep/2023:12:12:33 +0800] "GET /xingrg/all/function/internal_message.html?_=1695269550423&CODE_STATE=getMsg HTTP/1.1" 200 27
180.169.147.146 - - [21/Sep/2023:12:12:35 +0800] "GET /xingrg/all/function/internal_message.html?_=1695269556647&CODE_STATE=getMsg HTTP/1.1" 200 27
101.228.187.155 - - [21/Sep/2023:12:12:39 +0800] "GET /xingrg/all/function/internal_message.html?_=1695269559365&CODE_STATE=getMsg HTTP/1.1" 200 27
222.70.107.161 - - [21/Sep/2023:12:12:43 +0800] "GET /xingrg/kc/buy/cgsh_order_operate.html?command=get_materiel&rest_code=00156&code=00101008268&supplier_code=00100007&order_time=2023-09-21 HTTP/1.1" 200 408
218.81.73.231 - - [21/Sep/2023:12:12:43 +0800] "GET /xingrg/check_reg.html?_=1695269562424 HTTP/1.1" 200 22
218.81.73.231 - - [21/Sep/2023:12:12:43 +0800] "GET /xingrg/all/function/internal_message.html?_=1695269562427&CODE_STATE=getMsg HTTP/1.1" 200 27
124.78.155.92 - - [21/Sep/2023:12:12:44 +0800] "GET /xingrg/all/function/internal_message.html?_=1695269566624&CODE_STATE=getMsg HTTP/1.1" 200 27
101.83.145.37 - - [21/Sep/2023:12:12:45 +0800] "GET /xingrg/all/function/internal_message.html?_=1695269565277&CODE_STATE=getMsg HTTP/1.1" 200 27
180.165.48.189 - - [21/Sep/2023:12:12:45 +0800] "GET /xingrg/all/function/internal_message.html?_=1695269564807&CODE_STATE=getMsg HTTP/1.1" 200 27
114.95.241.104 - - [21/Sep/2023:12:12:45 +0800] "GET /xingrg/all/function/internal_message.html?_=1695269563389&CODE_STATE=getMsg HTTP/1.1" 200 27
124.77.241.134 - - [21/Sep/2023:12:12:52 +0800] "GET /xingrg/check_reg.html?_=1695269582221 HTTP/1.1" 200 22
222.70.107.161 - - [21/Sep/2023:12:12:54 +0800] "GET /xingrg/kc/buy/cgsh_order_operate.html?command=get_materiel&rest_code=00156&code=00101008694&supplier_code=00100007&order_time=2023-09-21 HTTP/1.1" 200 420
120.253.135.82 - - [21/Sep/2023:12:12:54 +0800] "GET /xingrg/kc/pszx/mdqp_order_list.html?state=10 HTTP/1.1" 200 12741
120.253.135.82 - - [21/Sep/2023:12:12:54 +0800] "GET /xingrg/dwr/interface/AjaxQqpsService.js HTTP/1.1" 200 16326
120.253.135.82 - - [21/Sep/2023:12:12:54 +0800] "GET /xingrg/dwr/interface/AjaxReportQueryService.js HTTP/1.1" 200 13203
120.253.135.82 - - [21/Sep/2023:12:12:54 +0800] "GET /xingrg/dwr/engine.js HTTP/1.1" 200 43631
180.169.147.146 - - [21/Sep/2023:12:12:54 +0800] "GET /xingrg/check_reg.html?_=1695269575853 HTTP/1.1" 200 22
124.77.241.134 - - [21/Sep/2023:12:12:58 +0800] "GET /xingrg/all/function/internal_message.html?_=1695269588476&CODE_STATE=getMsg HTTP/1.1" 200 27
124.78.69.58 - - [21/Sep/2023:12:12:58 +0800] "GET /xingrg/all/function/internal_message.html?_=1695269008163&CODE_STATE=getMsg HTTP/1.1" 200 27
120.253.135.82 - - [21/Sep/2023:12:12:59 +0800] "GET /xingrg/javascript/jquery_easy_ui/themes/default/images/tabs_active.png HTTP/1.1" 304 -
116.228.172.122 - - [21/Sep/2023:12:13:03 +0800] "GET /xingrg/check_reg.html?_=1695269228220 HTTP/1.1" 200 22
116.228.172.122 - - [21/Sep/2023:12:13:03 +0800] "GET /xingrg/all/function/internal_message.html?_=1695269228222&CODE_STATE=getMsg HTTP/1.1" 200 27
222.70.107.161 - - [21/Sep/2023:12:13:03 +0800] "GET /xingrg/kc/buy/cgsh_order_operate.html?command=get_materiel&rest_code=00156&code=00101008318&supplier_code=00100007&order_time=2023-09-21 HTTP/1.1" 200 408
222.70.107.161 - - [21/Sep/2023:12:13:09 +0800] "GET /xingrg/all/function/internal_message.html?_=1695269593478&CODE_STATE=getMsg HTTP/1.1" 200 27
222.70.107.161 - - [21/Sep/2023:12:13:11 +0800] "GET /xingrg/kc/buy/cgsh_order_operate.html?command=get_materiel&rest_code=00156&code=00101008197&supplier_code=00100007&order_time=2023-09-21 HTTP/1.1" 200 416
120.253.135.82 - - [21/Sep/2023:12:13:13 +0800] "GET /xingrg/check_reg.html?_=1695269396595 HTTP/1.1" 200 22
222.69.130.191 - - [21/Sep/2023:12:13:15 +0800] "GET /xingrg/all/function/internal_message.html?_=1695269595730&CODE_STATE=getMsg HTTP/1.1" 200 27
120.253.135.82 - - [21/Sep/2023:12:13:15 +0800] "GET /xingrg/all/function/internal_message.html?_=1695269399218&CODE_STATE=getMsg HTTP/1.1" 200 27
120.253.135.82 - - [21/Sep/2023:12:13:19 +0800] "GET /xingrg/kc/pszx/mdqp_order_list.html?state=10 HTTP/1.1" 200 12741
120.253.135.82 - - [21/Sep/2023:12:13:19 +0800] "GET /xingrg/dwr/interface/AjaxQqpsService.js HTTP/1.1" 200 16326
120.253.135.82 - - [21/Sep/2023:12:13:19 +0800] "GET /xingrg/dwr/interface/AjaxReportQueryService.js HTTP/1.1" 200 13203
120.253.135.82 - - [21/Sep/2023:12:13:19 +0800] "GET /xingrg/dwr/engine.js HTTP/1.1" 200 43631
222.70.107.161 - - [21/Sep/2023:12:13:21 +0800] "GET /xingrg/kc/buy/cgsh_order_operate.html?command=get_materiel&rest_code=00156&code=00101008223&supplier_code=00100007&order_time=2023-09-21 HTTP/1.1" 200 412
180.169.147.146 - - [21/Sep/2023:12:13:21 +0800] "GET /xingrg/kc/buy/cgsh_order_operate.html?command=get_materiel&rest_code=00147&code=00101008224&supplier_code=00100007&order_time=2023-09-21 HTTP/1.1" 200 435
120.253.135.82 - - [21/Sep/2023:12:13:27 +0800] "GET /xingrg/kc/pszx/mdqp_order_list.html?state=10 HTTP/1.1" 200 12741
120.253.135.82 - - [21/Sep/2023:12:13:27 +0800] "GET /xingrg/dwr/interface/AjaxReportQueryService.js HTTP/1.1" 200 13203
120.253.135.82 - - [21/Sep/2023:12:13:27 +0800] "GET /xingrg/dwr/interface/AjaxQqpsService.js HTTP/1.1" 200 16326
120.253.135.82 - - [21/Sep/2023:12:13:27 +0800] "GET /xingrg/dwr/engine.js HTTP/1.1" 200 43631
114.83.216.51 - - [21/Sep/2023:12:13:28 +0800] "GET /xingrg/all/function/internal_message.html?_=1695269607223&CODE_STATE=getMsg HTTP/1.1" 200 27
222.70.107.161 - - [21/Sep/2023:12:13:29 +0800] "GET /xingrg/kc/buy/cgsh_order_operate.html?command=get_materiel&rest_code=00156&code=00101008264&supplier_code=00100007&order_time=2023-09-21 HTTP/1.1" 200 432
124.78.155.92 - - [21/Sep/2023:12:13:33 +0800] "GET /xingrg/all/function/internal_message.html?_=1695269610396&CODE_STATE=getMsg HTTP/1.1" 200 27
180.169.147.146 - - [21/Sep/2023:12:13:33 +0800] "GET /xingrg/kc/buy/cgsh_order_operate.html?command=get_materiel&rest_code=00147&code=00101008061&supplier_code=00100007&order_time=2023-09-21 HTTP/1.1" 200 422
180.169.147.146 - - [21/Sep/2023:12:13:35 +0800] "GET /xingrg/all/function/internal_message.html?_=1695269616626&CODE_STATE=getMsg HTTP/1.1" 200 27
222.70.107.161 - - [21/Sep/2023:12:13:36 +0800] "GET /xingrg/kc/buy/cgsh_order_operate.html?command=get_materiel&rest_code=00156&code=00101008270&supplier_code=00100007&order_time=2023-09-21 HTTP/1.1" 200 432
101.228.187.155 - - [21/Sep/2023:12:13:39 +0800] "GET /xingrg/all/function/internal_message.html?_=1695269619365&CODE_STATE=getMsg HTTP/1.1" 200 27
180.169.147.146 - - [21/Sep/2023:12:13:42 +0800] "GET /favicon.ico HTTP/1.1" 404 -
101.83.145.37 - - [21/Sep/2023:12:13:43 +0800] "GET /xingrg/check_reg.html?_=1695269623718 HTTP/1.1" 200 22
218.81.73.231 - - [21/Sep/2023:12:13:43 +0800] "GET /xingrg/all/function/internal_message.html?_=1695269622423&CODE_STATE=getMsg HTTP/1.1" 200 27
124.78.155.92 - - [21/Sep/2023:12:13:44 +0800] "GET /xingrg/all/function/internal_message.html?_=1695269626609&CODE_STATE=getMsg HTTP/1.1" 200 27
101.83.145.37 - - [21/Sep/2023:12:13:45 +0800] "GET /xingrg/all/function/internal_message.html?_=1695269625248&CODE_STATE=getMsg HTTP/1.1" 200 27
180.165.48.189 - - [21/Sep/2023:12:13:45 +0800] "GET /xingrg/all/function/internal_message.html?_=1695269624781&CODE_STATE=getMsg HTTP/1.1" 200 27
114.95.241.104 - - [21/Sep/2023:12:13:45 +0800] "GET /xingrg/all/function/internal_message.html?_=1695269623396&CODE_STATE=getMsg HTTP/1.1" 200 27
222.70.107.161 - - [21/Sep/2023:12:13:45 +0800] "GET /xingrg/kc/buy/cgsh_order_operate.html?command=get_materiel&rest_code=00156&code=00101008357&supplier_code=00100007&order_time=2023-09-21 HTTP/1.1" 200 408
180.169.147.146 - - [21/Sep/2023:12:13:52 +0800] "GET /xingrg/kc/buy/cgsh_order_operate.html?command=get_materiel&rest_code=00147&code=00101008095&supplier_code=00100007&order_time=2023-09-21 HTTP/1.1" 200 412
120.253.135.82 - - [21/Sep/2023:12:13:53 +0800] "GET /xingrg/kc/pszx/mdqp_order_list.html?state=10 HTTP/1.1" 200 12741
120.253.135.82 - - [21/Sep/2023:12:13:53 +0800] "GET /xingrg/dwr/interface/AjaxQqpsService.js HTTP/1.1" 200 16326
120.253.135.82 - - [21/Sep/2023:12:13:53 +0800] "GET /xingrg/dwr/interface/AjaxReportQueryService.js HTTP/1.1" 200 13203
120.253.135.82 - - [21/Sep/2023:12:13:53 +0800] "GET /xingrg/dwr/engine.js HTTP/1.1" 200 43631
180.169.147.146 - - [21/Sep/2023:12:13:54 +0800] "POST /xingrg/kc/buy/cgsh_order_operate.html HTTP/1.1" 200 2065
222.70.107.161 - - [21/Sep/2023:12:13:54 +0800] "GET /xingrg/kc/buy/cgsh_order_operate.html?command=get_materiel&rest_code=00156&code=00101008286&supplier_code=00100007&order_time=2023-09-21 HTTP/1.1" 200 428
120.253.135.82 - - [21/Sep/2023:12:13:57 +0800] "GET /xingrg/kc/pszx/jzcl_ps.html HTTP/1.1" 200 7683
120.253.135.82 - - [21/Sep/2023:12:13:57 +0800] "POST /xingrg/all/common/load_tree.html?tree=area_rest_tree_json HTTP/1.1" 200 3499
124.77.241.134 - - [21/Sep/2023:12:13:58 +0800] "GET /xingrg/all/function/internal_message.html?_=1695269648490&CODE_STATE=getMsg HTTP/1.1" 200 27
120.253.135.82 - - [21/Sep/2023:12:13:58 +0800] "POST /xingrg/kc/pszx/jzcl_ps_operate.html HTTP/1.1" 200 2478
120.253.135.82 - - [21/Sep/2023:12:13:58 +0800] "POST /xingrg/kc/pszx/jzcl_ps_operate.html HTTP/1.1" 200 2478
124.78.69.58 - - [21/Sep/2023:12:13:58 +0800] "GET /xingrg/all/function/internal_message.html?_=1695269068164&CODE_STATE=getMsg HTTP/1.1" 200 27
222.70.107.161 - - [21/Sep/2023:12:14:01 +0800] "GET /xingrg/kc/buy/cgsh_order_operate.html?command=get_materiel&rest_code=00156&code=00101008069&supplier_code=00100007&order_time=2023-09-21 HTTP/1.1" 200 412
116.228.172.122 - - [21/Sep/2023:12:14:03 +0800] "GET /xingrg/all/function/internal_message.html?_=1695269288215&CODE_STATE=getMsg HTTP/1.1" 200 27
120.253.135.82 - - [21/Sep/2023:12:14:03 +0800] "GET /xingrg/kc/pszx/mdqp_order_list.html?state=10 HTTP/1.1" 200 12741
120.253.135.82 - - [21/Sep/2023:12:14:03 +0800] "GET /xingrg/dwr/interface/AjaxReportQueryService.js HTTP/1.1" 200 13203
120.253.135.82 - - [21/Sep/2023:12:14:03 +0800] "GET /xingrg/dwr/engine.js HTTP/1.1" 200 43631
120.253.135.82 - - [21/Sep/2023:12:14:03 +0800] "GET /xingrg/dwr/interface/AjaxQqpsService.js HTTP/1.1" 200 16326
180.169.147.146 - - [21/Sep/2023:12:14:03 +0800] "GET /xingrg/kc/buy/cgsh_order_operate.html?command=get_materiel&rest_code=00147&code=00101008119&supplier_code=00100007&order_time=2023-09-21 HTTP/1.1" 200 412
222.70.107.161 - - [21/Sep/2023:12:14:09 +0800] "GET /xingrg/kc/buy/cgsh_order_operate.html?command=get_materiel&rest_code=00156&code=00101008696&supplier_code=00100007&order_time=2023-09-21 HTTP/1.1" 200 412
222.70.107.161 - - [21/Sep/2023:12:14:09 +0800] "GET /xingrg/all/function/internal_message.html?_=1695269653483&CODE_STATE=getMsg HTTP/1.1" 200 27
222.70.107.161 - - [21/Sep/2023:12:14:09 +0800] "GET /xingrg/check_reg.html?_=1695269653485 HTTP/1.1" 200 22
116.228.172.122 - - [21/Sep/2023:12:14:12 +0800] "GET /xingrg/kc/buy/cgsh_order_add.html HTTP/1.1" 200 71414
116.228.172.122 - - [21/Sep/2023:12:14:12 +0800] "POST /xingrg/kc/buy/cgsh_order_operate.html HTTP/1.1" 200 8245
116.228.172.122 - - [21/Sep/2023:12:14:12 +0800] "GET /xingrg/javascript/easyui/themes/default/validatebox.css HTTP/1.1" 404 1104
180.169.147.146 - - [21/Sep/2023:12:14:13 +0800] "GET /xingrg/kc/buy/cgsh_order_operate.html?command=get_materiel&rest_code=00147&code=00101008223&supplier_code=00100007&order_time=2023-09-21 HTTP/1.1" 200 412
120.253.135.82 - - [21/Sep/2023:12:14:13 +0800] "GET /xingrg/kc/pszx/mdps_order_list.html?orderType=0 HTTP/1.1" 200 21108
120.253.135.82 - - [21/Sep/2023:12:14:13 +0800] "POST /xingrg/kc/pszx/mdps_list_operate.html HTTP/1.1" 200 5354
222.69.130.191 - - [21/Sep/2023:12:14:15 +0800] "GET /xingrg/all/function/internal_message.html?_=1695269655746&CODE_STATE=getMsg HTTP/1.1" 200 27
120.253.135.82 - - [21/Sep/2023:12:14:15 +0800] "GET /xingrg/all/function/internal_message.html?_=1695269459232&CODE_STATE=getMsg HTTP/1.1" 200 27
222.70.107.161 - - [21/Sep/2023:12:14:16 +0800] "GET /xingrg/kc/buy/cgsh_order_operate.html?command=get_materiel&rest_code=00156&code=00101008131&supplier_code=00100007&order_time=2023-09-21 HTTP/1.1" 200 409
120.253.135.82 - - [21/Sep/2023:12:14:16 +0800] "GET /xingrg/kc/pszx/mdqp_order_list.html?state=10 HTTP/1.1" 200 12741
120.253.135.82 - - [21/Sep/2023:12:14:16 +0800] "GET /xingrg/dwr/interface/AjaxReportQueryService.js HTTP/1.1" 200 13203
120.253.135.82 - - [21/Sep/2023:12:14:16 +0800] "GET /xingrg/dwr/interface/AjaxQqpsService.js HTTP/1.1" 200 16326
120.253.135.82 - - [21/Sep/2023:12:14:16 +0800] "GET /xingrg/dwr/engine.js HTTP/1.1" 200 43631
180.169.147.146 - - [21/Sep/2023:12:14:21 +0800] "GET /xingrg/kc/buy/cgsh_order_operate.html?command=get_materiel&rest_code=00147&code=00101008182&supplier_code=00100007&order_time=2023-09-21 HTTP/1.1" 200 412
120.253.135.82 - - [21/Sep/2023:12:14:24 +0800] "GET /xingrg/kc/pszx/mdqp_order_list.html?state=10 HTTP/1.1" 200 12741
120.253.135.82 - - [21/Sep/2023:12:14:24 +0800] "GET /xingrg/dwr/interface/AjaxReportQueryService.js HTTP/1.1" 200 13203
120.253.135.82 - - [21/Sep/2023:12:14:24 +0800] "GET /xingrg/dwr/interface/AjaxQqpsService.js HTTP/1.1" 200 16326
120.253.135.82 - - [21/Sep/2023:12:14:24 +0800] "GET /xingrg/dwr/engine.js HTTP/1.1" 200 43631
222.70.107.161 - - [21/Sep/2023:12:14:25 +0800] "GET /xingrg/kc/buy/cgsh_order_operate.html?command=get_materiel&rest_code=00156&code=00101009174&supplier_code=00100007&order_time=2023-09-21 HTTP/1.1" 200 394
114.83.216.51 - - [21/Sep/2023:12:14:28 +0800] "GET /xingrg/check_reg.html?_=1695269666313 HTTP/1.1" 200 22
114.83.216.51 - - [21/Sep/2023:12:14:28 +0800] "GET /xingrg/all/function/internal_message.html?_=1695269667209&CODE_STATE=getMsg HTTP/1.1" 200 27
180.169.147.146 - - [21/Sep/2023:12:14:29 +0800] "GET /xingrg/kc/buy/cgsh_order_operate.html?command=get_materiel&rest_code=00147&code=00101008283&supplier_code=00100007&order_time=2023-09-21 HTTP/1.1" 200 408
124.78.155.92 - - [21/Sep/2023:12:14:33 +0800] "GET /xingrg/all/function/internal_message.html?_=1695269670367&CODE_STATE=getMsg HTTP/1.1" 200 27
180.169.147.146 - - [21/Sep/2023:12:14:35 +0800] "GET /xingrg/all/function/internal_message.html?_=1695269676606&CODE_STATE=getMsg HTTP/1.1" 200 27
222.70.107.161 - - [21/Sep/2023:12:14:38 +0800] "GET /xingrg/kc/buy/cgsh_order_operate.html?command=get_materiel&rest_code=00156&code=00101008558&supplier_code=00100007&order_time=2023-09-21 HTTP/1.1" 200 409
101.228.187.155 - - [21/Sep/2023:12:14:39 +0800] "GET /xingrg/all/function/internal_message.html?_=1695269679366&CODE_STATE=getMsg HTTP/1.1" 200 27
101.228.187.155 - - [21/Sep/2023:12:14:39 +0800] "GET /xingrg/check_reg.html?_=1695269679368 HTTP/1.1" 200 22
180.169.147.146 - - [21/Sep/2023:12:14:42 +0800] "POST /xingrg/kc/buy/cgsh_order_operate.html HTTP/1.1" 200 2065
218.81.73.231 - - [21/Sep/2023:12:14:43 +0800] "GET /xingrg/all/function/internal_message.html?_=1695269682431&CODE_STATE=getMsg HTTP/1.1" 200 27
124.78.155.92 - - [21/Sep/2023:12:14:44 +0800] "GET /xingrg/all/function/internal_message.html?_=1695269686594&CODE_STATE=getMsg HTTP/1.1" 200 27
101.83.145.37 - - [21/Sep/2023:12:14:45 +0800] "GET /xingrg/all/function/internal_message.html?_=1695269685215&CODE_STATE=getMsg HTTP/1.1" 200 27
180.165.48.189 - - [21/Sep/2023:12:14:45 +0800] "GET /xingrg/all/function/internal_message.html?_=1695269684753&CODE_STATE=getMsg HTTP/1.1" 200 27
114.95.241.104 - - [21/Sep/2023:12:14:45 +0800] "GET /xingrg/check_reg.html?_=1695269683399 HTTP/1.1" 200 22
114.95.241.104 - - [21/Sep/2023:12:14:45 +0800] "GET /xingrg/all/function/internal_message.html?_=1695269683402&CODE_STATE=getMsg HTTP/1.1" 200 27
124.78.155.92 - - [21/Sep/2023:12:14:46 +0800] "GET /xingrg/check_reg.html?_=1695269688359 HTTP/1.1" 200 22
222.70.107.161 - - [21/Sep/2023:12:14:46 +0800] "GET /xingrg/kc/buy/cgsh_order_operate.html?command=get_materiel&rest_code=00156&code=00101008356&supplier_code=00100007&order_time=2023-09-21 HTTP/1.1" 200 428
180.169.147.146 - - [21/Sep/2023:12:14:51 +0800] "GET /xingrg/kc/buy/cgsh_order_operate.html?command=get_materiel&rest_code=00147&code=00101008136&supplier_code=00100007&order_time=2023-09-21 HTTP/1.1" 200 413
222.70.107.161 - - [21/Sep/2023:12:14:53 +0800] "GET /xingrg/kc/buy/cgsh_order_operate.html?command=get_materiel&rest_code=00156&code=00101009113&supplier_code=00100007&order_time=2023-09-21 HTTP/1.1" 200 431
222.70.107.161 - - [21/Sep/2023:12:14:55 +0800] "POST /xingrg/kc/buy/cgsh_order_operate.html HTTP/1.1" 200 2065
124.77.241.134 - - [21/Sep/2023:12:14:58 +0800] "GET /xingrg/all/function/internal_message.html?_=1695269708925&CODE_STATE=getMsg HTTP/1.1" 200 27
124.78.69.58 - - [21/Sep/2023:12:14:58 +0800] "GET /xingrg/all/function/internal_message.html?_=1695269128196&CODE_STATE=getMsg HTTP/1.1" 200 27
124.78.69.58 - - [21/Sep/2023:12:14:58 +0800] "GET /xingrg/check_reg.html?_=1695269128197 HTTP/1.1" 200 22
222.70.107.161 - - [21/Sep/2023:12:15:01 +0800] "GET /xingrg/kc/buy/cgsh_order_operate.html?command=get_materiel&rest_code=00156&code=00101009044&supplier_code=00100007&order_time=2023-09-21 HTTP/1.1" 200 412
116.228.172.122 - - [21/Sep/2023:12:15:03 +0800] "GET /xingrg/all/function/internal_message.html?_=1695269348228&CODE_STATE=getMsg HTTP/1.1" 200 27
124.79.244.212 - - [21/Sep/2023:12:15:08 +0800] "GET /xingrg/check_reg.html?_=1695269706734 HTTP/1.1" 302 -
222.70.107.161 - - [21/Sep/2023:12:15:09 +0800] "GET /xingrg/all/function/internal_message.html?_=1695269713485&CODE_STATE=getMsg HTTP/1.1" 200 27
222.70.107.161 - - [21/Sep/2023:12:15:13 +0800] "GET /xingrg/kc/buy/cgsh_order_operate.html?command=get_materiel&rest_code=00156&code=00101012005&supplier_code=00100007&order_time=2023-09-21 HTTP/1.1" 200 412
222.69.130.191 - - [21/Sep/2023:12:15:15 +0800] "GET /xingrg/all/function/internal_message.html?_=1695269715737&CODE_STATE=getMsg HTTP/1.1" 200 27
120.253.135.82 - - [21/Sep/2023:12:15:15 +0800] "GET /xingrg/all/function/internal_message.html?_=1695269519246&CODE_STATE=getMsg HTTP/1.1" 200 27
180.169.147.146 - - [21/Sep/2023:12:15:16 +0800] "GET /xingrg/kc/buy/cgsh_order_operate.html?command=get_materiel&rest_code=00147&code=00101015022&supplier_code=00100007&order_time=2023-09-21 HTTP/1.1" 200 408
222.70.107.161 - - [21/Sep/2023:12:15:20 +0800] "GET /xingrg/kc/buy/cgsh_order_operate.html?command=get_materiel&rest_code=00156&code=00101008271&supplier_code=00100007&order_time=2023-09-21 HTTP/1.1" 200 408
114.83.216.51 - - [21/Sep/2023:12:15:28 +0800] "GET /xingrg/all/function/internal_message.html?_=1695269727191&CODE_STATE=getMsg HTTP/1.1" 200 27
180.163.30.85 - - [21/Sep/2023:12:15:33 +0800] "GET /xingrg/all/function/internal_message.html?_=1695269670367&CODE_STATE=getMsg HTTP/1.1" 302 -
124.78.155.92 - - [21/Sep/2023:12:15:33 +0800] "GET /xingrg/all/function/internal_message.html?_=1695269730339&CODE_STATE=getMsg HTTP/1.1" 200 27
180.163.30.85 - - [21/Sep/2023:12:15:33 +0800] "GET /xingrg/login.html HTTP/1.1" 200 7641
180.169.147.146 - - [21/Sep/2023:12:15:34 +0800] "GET /xingrg/kc/buy/cgsh_order_operate.html?command=get_materiel&rest_code=00147&code=00101015110&supplier_code=00100007&order_time=2023-09-21 HTTP/1.1" 200 413
180.169.147.146 - - [21/Sep/2023:12:15:35 +0800] "GET /xingrg/all/function/internal_message.html?_=1695269736588&CODE_STATE=getMsg HTTP/1.1" 200 27
101.228.187.155 - - [21/Sep/2023:12:15:39 +0800] "GET /xingrg/all/function/internal_message.html?_=1695269739368&CODE_STATE=getMsg HTTP/1.1" 200 27
218.81.73.231 - - [21/Sep/2023:12:15:43 +0800] "GET /xingrg/all/function/internal_message.html?_=1695269742421&CODE_STATE=getMsg HTTP/1.1" 200 27
124.78.155.92 - - [21/Sep/2023:12:15:44 +0800] "GET /xingrg/all/function/internal_message.html?_=1695269746565&CODE_STATE=getMsg HTTP/1.1" 200 27
101.83.145.37 - - [21/Sep/2023:12:15:45 +0800] "GET /xingrg/all/function/internal_message.html?_=1695269745192&CODE_STATE=getMsg HTTP/1.1" 200 27
180.165.48.189 - - [21/Sep/2023:12:15:45 +0800] "GET /xingrg/all/function/internal_message.html?_=1695269744732&CODE_STATE=getMsg HTTP/1.1" 200 27
114.95.241.104 - - [21/Sep/2023:12:15:45 +0800] "GET /xingrg/all/function/internal_message.html?_=1695269743402&CODE_STATE=getMsg HTTP/1.1" 200 27
120.253.135.82 - - [21/Sep/2023:12:15:45 +0800] "GET /xingrg/kc/pszx/mdqp_order_list.html?state=10 HTTP/1.1" 200 12741
120.253.135.82 - - [21/Sep/2023:12:15:45 +0800] "GET /xingrg/dwr/interface/AjaxQqpsService.js HTTP/1.1" 200 16326
120.253.135.82 - - [21/Sep/2023:12:15:45 +0800] "GET /xingrg/dwr/interface/AjaxReportQueryService.js HTTP/1.1" 200 13203
120.253.135.82 - - [21/Sep/2023:12:15:45 +0800] "GET /xingrg/dwr/engine.js HTTP/1.1" 200 43631
180.165.48.189 - - [21/Sep/2023:12:15:47 +0800] "GET /xingrg/check_reg.html?_=1695269747025 HTTP/1.1" 200 22
180.169.147.146 - - [21/Sep/2023:12:15:56 +0800] "GET /xingrg/kc/buy/cgsh_order_operate.html?command=get_materiel&rest_code=00147&code=00101009021&supplier_code=00100007&order_time=2023-09-21 HTTP/1.1" 200 417
124.77.241.134 - - [21/Sep/2023:12:15:58 +0800] "GET /xingrg/all/function/internal_message.html?_=1695269768938&CODE_STATE=getMsg HTTP/1.1" 200 27
124.78.69.58 - - [21/Sep/2023:12:15:58 +0800] "GET /xingrg/all/function/internal_message.html?_=1695269188194&CODE_STATE=getMsg HTTP/1.1" 200 27
180.169.147.146 - - [21/Sep/2023:12:16:00 +0800] "POST /xingrg/kc/buy/cgsh_order_operate.html HTTP/1.1" 200 2065
116.228.172.122 - - [21/Sep/2023:12:16:03 +0800] "GET /xingrg/all/function/internal_message.html?_=1695269408219&CODE_STATE=getMsg HTTP/1.1" 200 27
180.169.147.146 - - [21/Sep/2023:12:16:07 +0800] "GET /xingrg/kc/buy/cgsh_order_operate.html?command=get_materiel&rest_code=00147&code=00101009044&supplier_code=00100007&order_time=2023-09-21 HTTP/1.1" 200 412
222.70.107.161 - - [21/Sep/2023:12:16:09 +0800] "GET /xingrg/all/function/internal_message.html?_=1695269773485&CODE_STATE=getMsg HTTP/1.1" 200 27
222.69.130.191 - - [21/Sep/2023:12:16:15 +0800] "GET /xingrg/check_reg.html?_=1695269775726 HTTP/1.1" 200 22
222.69.130.191 - - [21/Sep/2023:12:16:15 +0800] "GET /xingrg/all/function/internal_message.html?_=1695269775730&CODE_STATE=getMsg HTTP/1.1" 200 27
120.253.135.82 - - [21/Sep/2023:12:16:15 +0800] "GET /xingrg/all/function/internal_message.html?_=1695269579260&CODE_STATE=getMsg HTTP/1.1" 200 27
180.169.147.146 - - [21/Sep/2023:12:16:17 +0800] "GET /xingrg/kc/buy/cgsh_order_operate.html?command=get_materiel&rest_code=00147&code=00101008100&supplier_code=00100007&order_time=2023-09-21 HTTP/1.1" 200 408
114.83.216.51 - - [21/Sep/2023:12:16:28 +0800] "GET /xingrg/all/function/internal_message.html?_=1695269787171&CODE_STATE=getMsg HTTP/1.1" 200 27
124.78.155.92 - - [21/Sep/2023:12:16:32 +0800] "GET /xingrg/check_reg.html?_=1695269790059 HTTP/1.1" 200 22
124.78.155.92 - - [21/Sep/2023:12:16:33 +0800] "GET /xingrg/all/function/internal_message.html?_=1695269790314&CODE_STATE=getMsg HTTP/1.1" 200 27
180.169.147.146 - - [21/Sep/2023:12:16:35 +0800] "GET /xingrg/all/function/internal_message.html?_=1695269796559&CODE_STATE=getMsg HTTP/1.1" 200 27
101.228.187.155 - - [21/Sep/2023:12:16:39 +0800] "GET /xingrg/all/function/internal_message.html?_=1695269799364&CODE_STATE=getMsg HTTP/1.1" 200 27
218.81.73.231 - - [21/Sep/2023:12:16:43 +0800] "GET /xingrg/all/function/internal_message.html?_=1695269802423&CODE_STATE=getMsg HTTP/1.1" 200 27
124.78.155.92 - - [21/Sep/2023:12:16:44 +0800] "GET /xingrg/all/function/internal_message.html?_=1695269806550&CODE_STATE=getMsg HTTP/1.1" 200 27
101.83.145.37 - - [21/Sep/2023:12:16:45 +0800] "GET /xingrg/all/function/internal_message.html?_=1695269805162&CODE_STATE=getMsg HTTP/1.1" 200 27
180.165.48.189 - - [21/Sep/2023:12:16:45 +0800] "GET /xingrg/all/function/internal_message.html?_=1695269804728&CODE_STATE=getMsg HTTP/1.1" 200 27
114.95.241.104 - - [21/Sep/2023:12:16:45 +0800] "GET /xingrg/all/function/internal_message.html?_=1695269803403&CODE_STATE=getMsg HTTP/1.1" 200 27
124.78.69.58 - - [21/Sep/2023:12:16:58 +0800] "GET /xingrg/all/function/internal_message.html?_=1695269248199&CODE_STATE=getMsg HTTP/1.1" 200 27
124.77.241.134 - - [21/Sep/2023:12:16:59 +0800] "GET /xingrg/all/function/internal_message.html?_=1695269829517&CODE_STATE=getMsg HTTP/1.1" 200 27
222.70.107.161 - - [21/Sep/2023:12:17:00 +0800] "GET /xingrg/kc/buy/cgsh_order_operate.html?command=get_materiel&rest_code=00156&code=00101008072&supplier_code=00100007&order_time=2023-09-21 HTTP/1.1" 200 408
116.228.172.122 - - [21/Sep/2023:12:17:03 +0800] "GET /xingrg/all/function/internal_message.html?_=1695269468226&CODE_STATE=getMsg HTTP/1.1" 200 27
222.70.107.161 - - [21/Sep/2023:12:17:09 +0800] "GET /xingrg/all/function/internal_message.html?_=1695269833487&CODE_STATE=getMsg HTTP/1.1" 200 27
120.253.135.82 - - [21/Sep/2023:12:17:09 +0800] "GET /xingrg/kc/pszx/mdqp_order_list.html?state=10 HTTP/1.1" 200 12741
120.253.135.82 - - [21/Sep/2023:12:17:09 +0800] "GET /xingrg/dwr/interface/AjaxQqpsService.js HTTP/1.1" 200 16326
120.253.135.82 - - [21/Sep/2023:12:17:09 +0800] "GET /xingrg/dwr/interface/AjaxReportQueryService.js HTTP/1.1" 200 13203
120.253.135.82 - - [21/Sep/2023:12:17:09 +0800] "GET /xingrg/dwr/engine.js HTTP/1.1" 200 43631
222.70.107.161 - - [21/Sep/2023:12:17:12 +0800] "POST /xingrg/kc/buy/cgsh_order_operate.html HTTP/1.1" 200 37
222.69.130.191 - - [21/Sep/2023:12:17:15 +0800] "GET /xingrg/all/function/internal_message.html?_=1695269835748&CODE_STATE=getMsg HTTP/1.1" 200 27
120.253.135.82 - - [21/Sep/2023:12:17:15 +0800] "GET /xingrg/all/function/internal_message.html?_=1695269639273&CODE_STATE=getMsg HTTP/1.1" 200 27
180.169.147.146 - - [21/Sep/2023:12:17:18 +0800] "POST /xingrg/kc/buy/cgsh_order_operate.html HTTP/1.1" 200 37
120.253.135.82 - - [21/Sep/2023:12:17:18 +0800] "GET /xingrg/kc/pszx/mdqp_order_list.html?state=10 HTTP/1.1" 200 12741
120.253.135.82 - - [21/Sep/2023:12:17:18 +0800] "GET /xingrg/dwr/engine.js HTTP/1.1" 200 43631
120.253.135.82 - - [21/Sep/2023:12:17:18 +0800] "GET /xingrg/dwr/interface/AjaxQqpsService.js HTTP/1.1" 200 16326
120.253.135.82 - - [21/Sep/2023:12:17:18 +0800] "GET /xingrg/dwr/interface/AjaxReportQueryService.js HTTP/1.1" 200 13203
124.78.69.58 - - [21/Sep/2023:12:17:23 +0800] "GET /favicon.ico HTTP/1.1" 404 -
114.83.216.51 - - [21/Sep/2023:12:17:28 +0800] "GET /xingrg/all/function/internal_message.html?_=1695269847141&CODE_STATE=getMsg HTTP/1.1" 200 27
124.78.155.92 - - [21/Sep/2023:12:17:33 +0800] "GET /xingrg/all/function/internal_message.html?_=1695269850284&CODE_STATE=getMsg HTTP/1.1" 200 27
101.228.187.155 - - [21/Sep/2023:12:17:39 +0800] "GET /xingrg/all/function/internal_message.html?_=1695269859363&CODE_STATE=getMsg HTTP/1.1" 200 27
218.81.73.231 - - [21/Sep/2023:12:17:43 +0800] "GET /xingrg/all/function/internal_message.html?_=1695269862428&CODE_STATE=getMsg HTTP/1.1" 200 27
218.81.73.231 - - [21/Sep/2023:12:17:43 +0800] "GET /xingrg/check_reg.html?_=1695269862432 HTTP/1.1" 200 22
124.78.155.92 - - [21/Sep/2023:12:17:44 +0800] "GET /xingrg/all/function/internal_message.html?_=1695269866535&CODE_STATE=getMsg HTTP/1.1" 200 27
101.83.145.37 - - [21/Sep/2023:12:17:45 +0800] "GET /xingrg/all/function/internal_message.html?_=1695269865134&CODE_STATE=getMsg HTTP/1.1" 200 27
180.165.48.189 - - [21/Sep/2023:12:17:45 +0800] "GET /xingrg/all/function/internal_message.html?_=1695269864704&CODE_STATE=getMsg HTTP/1.1" 200 27
114.95.241.104 - - [21/Sep/2023:12:17:45 +0800] "GET /xingrg/all/function/internal_message.html?_=1695269863404&CODE_STATE=getMsg HTTP/1.1" 200 27
124.77.241.134 - - [21/Sep/2023:12:17:52 +0800] "GET /xingrg/check_reg.html?_=1695269882834 HTTP/1.1" 200 22
124.78.69.58 - - [21/Sep/2023:12:17:58 +0800] "GET /xingrg/all/function/internal_message.html?_=1695269308199&CODE_STATE=getMsg HTTP/1.1" 200 27
124.77.241.134 - - [21/Sep/2023:12:17:59 +0800] "GET /xingrg/all/function/internal_message.html?_=1695269889527&CODE_STATE=getMsg HTTP/1.1" 200 27
116.228.172.122 - - [21/Sep/2023:12:18:03 +0800] "GET /xingrg/check_reg.html?_=1695269528228 HTTP/1.1" 200 22
116.228.172.122 - - [21/Sep/2023:12:18:03 +0800] "GET /xingrg/all/function/internal_message.html?_=1695269528230&CODE_STATE=getMsg HTTP/1.1" 200 27
124.77.241.134 - - [21/Sep/2023:12:18:06 +0800] "GET /xingrg/kc/base/wldb_order_operate.html?command=get_materiel&rest_code=00146&base_code=0010063&code=00101019267 HTTP/1.1" 200 479
120.253.135.82 - - [21/Sep/2023:12:18:13 +0800] "GET /xingrg/check_reg.html?_=1695269696592 HTTP/1.1" 200 22
222.69.130.191 - - [21/Sep/2023:12:18:15 +0800] "GET /xingrg/all/function/internal_message.html?_=1695269895737&CODE_STATE=getMsg HTTP/1.1" 200 27
120.253.135.82 - - [21/Sep/2023:12:18:15 +0800] "GET /xingrg/all/function/internal_message.html?_=1695269699287&CODE_STATE=getMsg HTTP/1.1" 200 27
124.77.241.134 - - [21/Sep/2023:12:18:20 +0800] "GET /xingrg/kc/base/wldb_order_operate.html?command=get_materiel&rest_code=00146&base_code=0010063&code=00101019133 HTTP/1.1" 200 480
114.83.216.51 - - [21/Sep/2023:12:18:28 +0800] "GET /xingrg/all/function/internal_message.html?_=1695269907114&CODE_STATE=getMsg HTTP/1.1" 200 27
124.78.155.92 - - [21/Sep/2023:12:18:33 +0800] "GET /xingrg/all/function/internal_message.html?_=1695269910256&CODE_STATE=getMsg HTTP/1.1" 200 27
101.228.187.155 - - [21/Sep/2023:12:18:39 +0800] "GET /xingrg/all/function/internal_message.html?_=1695269919364&CODE_STATE=getMsg HTTP/1.1" 200 27
101.83.145.37 - - [21/Sep/2023:12:18:43 +0800] "GET /xingrg/check_reg.html?_=1695269923693 HTTP/1.1" 200 22
218.81.73.231 - - [21/Sep/2023:12:18:43 +0800] "GET /xingrg/all/function/internal_message.html?_=1695269922433&CODE_STATE=getMsg HTTP/1.1" 200 27
124.78.155.92 - - [21/Sep/2023:12:18:44 +0800] "GET /xingrg/all/function/internal_message.html?_=1695269926520&CODE_STATE=getMsg HTTP/1.1" 200 27
101.83.145.37 - - [21/Sep/2023:12:18:45 +0800] "GET /xingrg/all/function/internal_message.html?_=1695269925116&CODE_STATE=getMsg HTTP/1.1" 200 27
180.165.48.189 - - [21/Sep/2023:12:18:45 +0800] "GET /xingrg/all/function/internal_message.html?_=1695269924676&CODE_STATE=getMsg HTTP/1.1" 200 27
114.95.241.104 - - [21/Sep/2023:12:18:45 +0800] "GET /xingrg/all/function/internal_message.html?_=1695269923415&CODE_STATE=getMsg HTTP/1.1" 200 27
124.77.241.134 - - [21/Sep/2023:12:18:47 +0800] "POST /xingrg/kc/base/wldb_order_operate.html HTTP/1.1" 200 37
124.77.241.134 - - [21/Sep/2023:12:18:48 +0800] "POST /xingrg/kc/base/wldb_order_operate.html HTTP/1.1" 200 3737
124.77.241.134 - - [21/Sep/2023:12:18:48 +0800] "GET /xingrg/kc/base/wldb_order_info.html?code=422023092102080 HTTP/1.1" 200 30478
124.77.241.134 - - [21/Sep/2023:12:18:50 +0800] "GET /xingrg/javascript/easyui/themes/default/validatebox.css HTTP/1.1" 404 1104
124.77.241.134 - - [21/Sep/2023:12:18:50 +0800] "POST /xingrg/kc/base/wldb_order_operate.html HTTP/1.1" 200 3737
124.77.241.134 - - [21/Sep/2023:12:18:53 +0800] "GET /xingrg/kc/base/wldb_order_add.html HTTP/1.1" 200 30463
124.77.241.134 - - [21/Sep/2023:12:18:55 +0800] "POST /xingrg/kc/base/wldb_order_operate.html HTTP/1.1" 200 6806
124.77.241.134 - - [21/Sep/2023:12:18:55 +0800] "GET /xingrg/javascript/easyui/themes/default/validatebox.css HTTP/1.1" 404 1104
124.78.69.58 - - [21/Sep/2023:12:18:58 +0800] "GET /xingrg/all/function/internal_message.html?_=1695269368184&CODE_STATE=getMsg HTTP/1.1" 200 27
124.77.241.134 - - [21/Sep/2023:12:18:59 +0800] "GET /xingrg/all/function/internal_message.html?_=1695269949541&CODE_STATE=getMsg HTTP/1.1" 200 27
180.169.147.146 - - [21/Sep/2023:12:19:00 +0800] "POST /xingrg/kc/buy/cgsh_order_operate.html HTTP/1.1" 200 29272
116.228.172.122 - - [21/Sep/2023:12:19:03 +0800] "GET /xingrg/all/function/internal_message.html?_=1695269588214&CODE_STATE=getMsg HTTP/1.1" 200 27
180.169.147.146 - - [21/Sep/2023:12:19:03 +0800] "GET /xingrg/kc/print/load_data.html?order_code=212023092108405&kc_code=cgsh&condition= HTTP/1.1" 200 10795
124.77.241.134 - - [21/Sep/2023:12:19:06 +0800] "GET /xingrg/kc/base/wldb_order_add.html HTTP/1.1" 200 30463
124.77.241.134 - - [21/Sep/2023:12:19:07 +0800] "POST /xingrg/kc/base/wldb_order_operate.html HTTP/1.1" 200 6806
