221.239.166.189 - - [21/Sep/2023:13:24:46 +0800] "GET /xingrg/all/function/internal_message.html?_=1695273885279&CODE_STATE=getMsg HTTP/1.1" 200 27
120.253.135.82 - - [21/Sep/2023:13:24:47 +0800] "POST /xingrg/kc/buy/cgsh_order_operate.html HTTP/1.1" 200 37
180.169.147.146 - - [21/Sep/2023:13:24:49 +0800] "POST /xingrg/dwr/call/plaincall/AjaxReportQueryService.refreshCache.dwr HTTP/1.1" 200 78
101.228.187.155 - - [21/Sep/2023:13:24:49 +0800] "GET /xingrg/kc/base/wldb_order_operate.html?command=get_materiel&rest_code=00142&base_code=0010169&code=00101022082 HTTP/1.1" 200 447
120.253.135.82 - - [21/Sep/2023:13:24:54 +0800] "POST /xingrg/kc/buy/cgsh_order_operate.html HTTP/1.1" 200 37
120.253.135.82 - - [21/Sep/2023:13:24:56 +0800] "POST /xingrg/kc/buy/cgsh_order_operate.html HTTP/1.1" 200 12
180.169.147.146 - - [21/Sep/2023:13:24:56 +0800] "POST /xingrg/all/report/load_report_page.html HTTP/1.1" 200 109918
180.169.147.146 - - [21/Sep/2023:13:24:56 +0800] "GET /xingrg/servlets/image?cache=0.2821067573440207&image=px HTTP/1.1" 200 807
120.253.135.82 - - [21/Sep/2023:13:24:57 +0800] "POST /xingrg/kc/buy/cgsh_order_operate.html HTTP/1.1" 200 3864
120.253.135.82 - - [21/Sep/2023:13:24:58 +0800] "GET /xingrg/check_reg.html?_=1695273702816 HTTP/1.1" 200 22
120.253.135.82 - - [21/Sep/2023:13:24:58 +0800] "GET /xingrg/all/function/internal_message.html?_=1695273702972&CODE_STATE=getMsg HTTP/1.1" 200 27
124.78.69.58 - - [21/Sep/2023:13:24:59 +0800] "GET /xingrg/check_reg.html?_=1695273328387 HTTP/1.1" 200 22
124.78.69.58 - - [21/Sep/2023:13:24:59 +0800] "GET /xingrg/all/function/internal_message.html?_=1695273328388&CODE_STATE=getMsg HTTP/1.1" 200 27
120.253.135.82 - - [21/Sep/2023:13:24:59 +0800] "GET /xingrg/kc/buy/cgsh_order_info.html?code=212023092108424 HTTP/1.1" 200 66330
120.253.135.82 - - [21/Sep/2023:13:24:59 +0800] "GET /xingrg/javascript/easyui/themes/default/validatebox.css HTTP/1.1" 404 1104
120.253.135.82 - - [21/Sep/2023:13:25:00 +0800] "POST /xingrg/kc/buy/cgsh_order_operate.html HTTP/1.1" 200 641
101.228.187.155 - - [21/Sep/2023:13:25:01 +0800] "POST /xingrg/kc/base/wldb_order_operate.html HTTP/1.1" 200 37
180.169.147.146 - - [21/Sep/2023:13:25:02 +0800] "GET /xingrg/all/report/report_query.html?isQuery=1&fileName=kc/buy/wlcg_cate_hz.xml&queryString=(CONVERT(char(10)%252Ca.order_time%252C%2520120)%253E%253D'2023-08-01')%2520and%2520(CONVERT(char(10)%252Ca.order_time%252C%2520120)%253C%253D'2023-08-31')%2520and%2520(a.number%253E0%2520and%2520a.supplier_code%253D'00100450')&queryText=%25E3%2580%2590%25E9%2587%2587%25E8%25B4%25AD%25E6%2597%25A5%25E6%259C%259F%253A2023-08-01%2520%25E8%2587%25B3%25202023-08-31%25E3%2580%2591%2520%25E5%25B9%25B6%25E4%25B8%2594%2520%25E3%2580%2590%25E4%25BE%259B%25E5%25BA%2594%25E5%2595%2586%253D%25E4%25B8%258A%25E6%25B5%25B7%25E7%2599%25BE%25E8%2594%25AC%25E7%25BA%25B3%25E5%2586%259C%25E4%25B8%259A%25E7%25A7%2591%25E6%258A%2580%25E6%259C%2589%25E9%2599%2590%25E5%2585%25AC%25E5%258F%25B8%25E3%2580%2591 HTTP/1.1" 200 54398
101.228.187.155 - - [21/Sep/2023:13:25:02 +0800] "POST /xingrg/kc/base/wldb_order_operate.html HTTP/1.1" 200 9143
180.169.147.146 - - [21/Sep/2023:13:25:02 +0800] "GET /xingrg/dwr/interface/AjaxReportQueryService.js HTTP/1.1" 200 13203
180.169.147.146 - - [21/Sep/2023:13:25:02 +0800] "GET /xingrg/dwr/engine.js HTTP/1.1" 200 43631
124.79.244.212 - - [21/Sep/2023:13:25:03 +0800] "GET /xingrg/check_reg.html?_=1695274201264 HTTP/1.1" 200 22
124.79.244.212 - - [21/Sep/2023:13:25:03 +0800] "GET /xingrg/all/function/internal_message.html?_=1695274201266&CODE_STATE=getMsg HTTP/1.1" 200 27
116.228.172.122 - - [21/Sep/2023:13:25:03 +0800] "GET /xingrg/all/function/internal_message.html?_=1695273548672&CODE_STATE=getMsg HTTP/1.1" 200 27
101.228.187.155 - - [21/Sep/2023:13:25:03 +0800] "GET /xingrg/kc/base/wldb_order_info.html?code=422023092102085 HTTP/1.1" 200 30482
101.228.187.155 - - [21/Sep/2023:13:25:04 +0800] "GET /xingrg/javascript/easyui/themes/default/validatebox.css HTTP/1.1" 404 1104
101.228.187.155 - - [21/Sep/2023:13:25:05 +0800] "POST /xingrg/kc/base/wldb_order_operate.html HTTP/1.1" 200 9143
180.169.147.146 - - [21/Sep/2023:13:25:05 +0800] "POST /xingrg/all/report/load_report_page.html HTTP/1.1" 200 8711
180.169.147.146 - - [21/Sep/2023:13:25:05 +0800] "GET /xingrg/servlets/image?cache=0.2558740235329676&image=px HTTP/1.1" 200 807
120.253.135.82 - - [21/Sep/2023:13:25:05 +0800] "POST /xingrg/kc/buy/cgsh_order_operate.html HTTP/1.1" 200 37
120.253.135.82 - - [21/Sep/2023:13:25:07 +0800] "GET /xingrg/all/function/internal_message.html?_=1695274048000&CODE_STATE=getMsg HTTP/1.1" 200 27
120.253.135.82 - - [21/Sep/2023:13:25:07 +0800] "GET /xingrg/check_reg.html?_=1695274048002 HTTP/1.1" 200 22
180.169.147.146 - - [21/Sep/2023:13:25:07 +0800] "POST /xingrg/all/report/load_report_page.html HTTP/1.1" 200 53419
180.169.147.146 - - [21/Sep/2023:13:25:07 +0800] "GET /xingrg/servlets/image?cache=0.5808237576619286&image=px HTTP/1.1" 200 807
124.79.244.212 - - [21/Sep/2023:13:25:08 +0800] "GET /xingrg/check_reg.html?_=1695273908050 HTTP/1.1" 302 -
120.253.135.82 - - [21/Sep/2023:13:25:08 +0800] "POST /xingrg/kc/buy/cgsh_order_operate.html HTTP/1.1" 200 3864
101.228.187.155 - - [21/Sep/2023:13:25:09 +0800] "GET /xingrg/all/function/internal_message.html?_=1695273908896&CODE_STATE=getMsg HTTP/1.1" 200 27
120.253.135.82 - - [21/Sep/2023:13:25:09 +0800] "GET /xingrg/kc/buy/cgsh_order_add.html HTTP/1.1" 200 71419
120.253.135.82 - - [21/Sep/2023:13:25:09 +0800] "GET /xingrg/words/20230921103221_words.js HTTP/1.1" 304 -
120.253.135.82 - - [21/Sep/2023:13:25:09 +0800] "POST /xingrg/kc/buy/cgsh_order_operate.html HTTP/1.1" 200 8245
120.253.135.82 - - [21/Sep/2023:13:25:09 +0800] "GET /xingrg/javascript/easyui/themes/default/validatebox.css HTTP/1.1" 404 1104
120.253.135.82 - - [21/Sep/2023:13:25:09 +0800] "GET /xingrg/all/common/auto_word.html?type=employee&rest_code=00101 HTTP/1.1" 200 973
120.253.135.82 - - [21/Sep/2023:13:25:09 +0800] "GET /xingrg/all/common/auto_word.html?type=employee&rest_code=00101 HTTP/1.1" 200 973
120.253.135.82 - - [21/Sep/2023:13:25:11 +0800] "POST /xingrg/all/common/load_combo.html?type=employee HTTP/1.1" 200 1749
180.169.147.146 - - [21/Sep/2023:13:25:11 +0800] "POST /xingrg/all/report/report_print.html HTTP/1.1" 200 7680
124.77.241.134 - - [21/Sep/2023:13:25:13 +0800] "GET /xingrg/all/function/internal_message.html?_=1695273923898&CODE_STATE=getMsg HTTP/1.1" 200 27
120.253.135.82 - - [21/Sep/2023:13:25:13 +0800] "POST /xingrg/kc/buy/cgsh_list_operate.html HTTP/1.1" 200 3094
222.69.130.191 - - [21/Sep/2023:13:25:15 +0800] "GET /xingrg/all/function/internal_message.html?_=1695273915737&CODE_STATE=getMsg HTTP/1.1" 200 27
120.253.135.82 - - [21/Sep/2023:13:25:15 +0800] "POST /xingrg/kc/buy/cgsh_list_operate.html HTTP/1.1" 200 198
222.70.180.200 - - [21/Sep/2023:13:25:16 +0800] "GET /xingrg/kc/buy/cgsh_order_operate.html?command=get_materiel&rest_code=00111&code=00101011004&supplier_code=00100037&order_time=2023-09-21 HTTP/1.1" 200 412
120.253.135.82 - - [21/Sep/2023:13:25:17 +0800] "GET /xingrg/kc/buy/cgsh_order_info.html?code=212023092108425 HTTP/1.1" 200 71442
120.253.135.82 - - [21/Sep/2023:13:25:17 +0800] "GET /xingrg/javascript/easyui/themes/default/validatebox.css HTTP/1.1" 404 1104
120.253.135.82 - - [21/Sep/2023:13:25:18 +0800] "POST /xingrg/kc/buy/cgsh_order_operate.html HTTP/1.1" 200 2658
120.253.135.82 - - [21/Sep/2023:13:25:20 +0800] "GET /xingrg/kc/print/load_data.html?order_code=212023092108425&kc_code=cgsh&condition= HTTP/1.1" 200 708
222.70.180.200 - - [21/Sep/2023:13:25:21 +0800] "GET /xingrg/all/function/internal_message.html?_=1695273918272&CODE_STATE=getMsg HTTP/1.1" 200 27
101.228.187.155 - - [21/Sep/2023:13:25:21 +0800] "POST /xingrg/kc/base/wldb_list_operate.html HTTP/1.1" 200 1787
180.169.147.146 - - [21/Sep/2023:13:25:23 +0800] "GET /xingrg/all/function/internal_message.html?_=1695273923701&CODE_STATE=getMsg HTTP/1.1" 200 27
114.83.216.51 - - [21/Sep/2023:13:25:28 +0800] "GET /xingrg/all/function/internal_message.html?_=1695273926550&CODE_STATE=getMsg HTTP/1.1" 200 27
124.78.155.92 - - [21/Sep/2023:13:25:32 +0800] "GET /xingrg/all/function/internal_message.html?_=1695273930131&CODE_STATE=getMsg HTTP/1.1" 200 27
180.169.147.146 - - [21/Sep/2023:13:25:34 +0800] "GET /xingrg/all/function/internal_message.html?_=1695273935634&CODE_STATE=getMsg HTTP/1.1" 200 27
120.253.135.82 - - [21/Sep/2023:13:25:37 +0800] "GET /xingrg/kc/buy/cgsh_order_operate.html?command=get_materiel&rest_code=00101&code=00101008709&supplier_code=00100106&order_time=2023-09-21 HTTP/1.1" 200 444
222.70.107.161 - - [21/Sep/2023:13:25:39 +0800] "GET /xingrg/all/function/internal_message.html?_=1695273943066&CODE_STATE=getMsg HTTP/1.1" 200 27
124.78.69.58 - - [21/Sep/2023:13:25:42 +0800] "POST /xingrg/services/DataTransmitService HTTP/1.1" 200 524
101.83.145.37 - - [21/Sep/2023:13:25:43 +0800] "GET /xingrg/all/function/internal_message.html?_=1695273943545&CODE_STATE=getMsg HTTP/1.1" 200 27
218.81.73.231 - - [21/Sep/2023:13:25:43 +0800] "GET /xingrg/all/function/internal_message.html?_=1695273942587&CODE_STATE=getMsg HTTP/1.1" 200 27
180.165.48.189 - - [21/Sep/2023:13:25:44 +0800] "GET /xingrg/all/function/internal_message.html?_=1695273943438&CODE_STATE=getMsg HTTP/1.1" 200 27
124.78.69.58 - - [21/Sep/2023:13:25:44 +0800] "POST /xingrg/services/DataTransmitService HTTP/1.1" 200 501
124.78.69.58 - - [21/Sep/2023:13:25:44 +0800] "POST /xingrg/services/DataTransmitService HTTP/1.1" 200 501
120.253.135.82 - - [21/Sep/2023:13:25:44 +0800] "POST /xingrg/kc/buy/cgsh_order_operate.html HTTP/1.1" 200 37
114.95.241.104 - - [21/Sep/2023:13:25:45 +0800] "GET /xingrg/all/function/internal_message.html?_=1695273943555&CODE_STATE=getMsg HTTP/1.1" 200 27
221.239.166.189 - - [21/Sep/2023:13:25:46 +0800] "GET /xingrg/all/function/internal_message.html?_=1695273945283&CODE_STATE=getMsg HTTP/1.1" 200 27
124.78.69.58 - - [21/Sep/2023:13:25:46 +0800] "POST /xingrg/services/DataTransmitService HTTP/1.1" 200 501
180.165.48.189 - - [21/Sep/2023:13:25:47 +0800] "GET /xingrg/check_reg.html?_=1695273946773 HTTP/1.1" 200 22
124.78.69.58 - - [21/Sep/2023:13:25:49 +0800] "POST /xingrg/services/DataTransmitService HTTP/1.1" 200 501
124.78.69.58 - - [21/Sep/2023:13:25:50 +0800] "POST /xingrg/services/DataTransmitService HTTP/1.1" 200 501
124.78.69.58 - - [21/Sep/2023:13:25:50 +0800] "POST /xingrg/services/DataTransmitService HTTP/1.1" 200 501
124.78.69.58 - - [21/Sep/2023:13:25:51 +0800] "POST /xingrg/services/DataTransmitService HTTP/1.1" 200 501
124.78.69.58 - - [21/Sep/2023:13:25:52 +0800] "POST /xingrg/services/DataTransmitService HTTP/1.1" 200 501
124.78.69.58 - - [21/Sep/2023:13:25:52 +0800] "POST /xingrg/services/DataTransmitService HTTP/1.1" 200 501
124.78.69.58 - - [21/Sep/2023:13:25:52 +0800] "POST /xingrg/services/DataTransmitService HTTP/1.1" 200 412
120.253.135.82 - - [21/Sep/2023:13:25:53 +0800] "POST /xingrg/kc/buy/cgsh_order_operate.html HTTP/1.1" 200 12
101.228.187.155 - - [21/Sep/2023:13:25:54 +0800] "POST /xingrg/kc/base/wldb_list_operate.html HTTP/1.1" 200 608
101.228.187.155 - - [21/Sep/2023:13:25:55 +0800] "GET /xingrg/kc/base/wldb_order_info.html?code=422023092102085 HTTP/1.1" 200 30482
101.228.187.155 - - [21/Sep/2023:13:25:56 +0800] "GET /xingrg/javascript/easyui/themes/default/validatebox.css HTTP/1.1" 404 1104
120.253.135.82 - - [21/Sep/2023:13:25:56 +0800] "GET /xingrg/kc/buy/cgsh_order_info.html?code=212023092108425 HTTP/1.1" 200 66342
120.253.135.82 - - [21/Sep/2023:13:25:56 +0800] "GET /xingrg/kc/buy/cgsh_order_operate.html?command=get_materiel&rest_code=00101&code=00101013226&supplier_code=00100106&order_time=2023-09-21 HTTP/1.1" 200 443
101.228.187.155 - - [21/Sep/2023:13:25:56 +0800] "POST /xingrg/kc/base/wldb_order_operate.html HTTP/1.1" 200 9143
120.253.135.82 - - [21/Sep/2023:13:25:56 +0800] "GET /xingrg/javascript/easyui/themes/default/validatebox.css HTTP/1.1" 404 1104
120.253.135.82 - - [21/Sep/2023:13:25:57 +0800] "POST /xingrg/kc/buy/cgsh_order_operate.html HTTP/1.1" 200 608
120.253.135.82 - - [21/Sep/2023:13:25:58 +0800] "GET /xingrg/all/function/internal_message.html?_=1695273762987&CODE_STATE=getMsg HTTP/1.1" 200 27
124.78.69.58 - - [21/Sep/2023:13:25:59 +0800] "GET /xingrg/all/function/internal_message.html?_=1695273388379&CODE_STATE=getMsg HTTP/1.1" 200 27
124.79.244.212 - - [21/Sep/2023:13:26:03 +0800] "GET /xingrg/all/function/internal_message.html?_=1695274261263&CODE_STATE=getMsg HTTP/1.1" 200 27
116.228.172.122 - - [21/Sep/2023:13:26:03 +0800] "GET /xingrg/all/function/internal_message.html?_=1695273608671&CODE_STATE=getMsg HTTP/1.1" 200 27
120.253.135.82 - - [21/Sep/2023:13:26:05 +0800] "POST /xingrg/kc/buy/cgsh_list_operate.html HTTP/1.1" 200 2667
120.253.135.82 - - [21/Sep/2023:13:26:07 +0800] "GET /xingrg/all/function/internal_message.html?_=1695274107954&CODE_STATE=getMsg HTTP/1.1" 200 27
101.228.187.155 - - [21/Sep/2023:13:26:09 +0800] "GET /xingrg/all/function/internal_message.html?_=1695273968912&CODE_STATE=getMsg HTTP/1.1" 200 27
120.253.135.82 - - [21/Sep/2023:13:26:09 +0800] "POST /xingrg/kc/buy/cgsh_list_operate.html HTTP/1.1" 200 303
120.253.135.82 - - [21/Sep/2023:13:26:10 +0800] "GET /xingrg/kc/buy/cgsh_order_info.html?code=212023092108426 HTTP/1.1" 200 71418
120.253.135.82 - - [21/Sep/2023:13:26:11 +0800] "GET /xingrg/javascript/easyui/themes/default/validatebox.css HTTP/1.1" 404 1104
120.253.135.82 - - [21/Sep/2023:13:26:12 +0800] "POST /xingrg/kc/buy/cgsh_order_operate.html HTTP/1.1" 200 3323
124.77.241.134 - - [21/Sep/2023:13:26:13 +0800] "GET /xingrg/all/function/internal_message.html?_=1695273983899&CODE_STATE=getMsg HTTP/1.1" 200 27
120.253.135.82 - - [21/Sep/2023:13:26:14 +0800] "GET /xingrg/kc/buy/cgsh_order_operate.html?command=get_materiel&rest_code=00101&code=00101019028&supplier_code=00100106&order_time=2023-09-21 HTTP/1.1" 200 413
120.253.135.82 - - [21/Sep/2023:13:26:14 +0800] "GET /xingrg/kc/print/load_data.html?order_code=212023092108426&kc_code=cgsh&condition= HTTP/1.1" 200 938
222.69.130.191 - - [21/Sep/2023:13:26:15 +0800] "GET /xingrg/all/function/internal_message.html?_=1695273975727&CODE_STATE=getMsg HTTP/1.1" 200 27
222.69.130.191 - - [21/Sep/2023:13:26:15 +0800] "GET /xingrg/check_reg.html?_=1695273975731 HTTP/1.1" 200 22
222.70.180.200 - - [21/Sep/2023:13:26:18 +0800] "GET /xingrg/kc/buy/cgsh_order_operate.html?command=get_materiel&rest_code=00111&code=00101016025&supplier_code=00100037&order_time=2023-09-21 HTTP/1.1" 200 408
222.70.180.200 - - [21/Sep/2023:13:26:21 +0800] "GET /xingrg/all/function/internal_message.html?_=1695273978274&CODE_STATE=getMsg HTTP/1.1" 200 27
222.70.180.200 - - [21/Sep/2023:13:26:21 +0800] "GET /xingrg/check_reg.html?_=1695273978277 HTTP/1.1" 200 22
101.228.187.155 - - [21/Sep/2023:13:26:22 +0800] "POST /xingrg/kc/base/wldb_order_operate.html HTTP/1.1" 200 37
180.169.147.146 - - [21/Sep/2023:13:26:23 +0800] "GET /xingrg/all/function/internal_message.html?_=1695273983711&CODE_STATE=getMsg HTTP/1.1" 200 27
114.83.216.51 - - [21/Sep/2023:13:26:28 +0800] "GET /xingrg/all/function/internal_message.html?_=1695273986551&CODE_STATE=getMsg HTTP/1.1" 200 27
120.253.135.82 - - [21/Sep/2023:13:26:29 +0800] "GET /xingrg/kc/buy/cgsh_order_operate.html?command=get_materiel&rest_code=00101&code=00101019173&supplier_code=00100106&order_time=2023-09-21 HTTP/1.1" 200 413
101.228.187.155 - - [21/Sep/2023:13:26:29 +0800] "POST /xingrg/kc/base/wldb_order_operate.html HTTP/1.1" 200 12
101.228.187.155 - - [21/Sep/2023:13:26:29 +0800] "POST /xingrg/kc/base/wldb_order_operate.html HTTP/1.1" 200 9141
101.228.187.155 - - [21/Sep/2023:13:26:31 +0800] "GET /xingrg/kc/base/wldb_order_info.html?code=422023092102085 HTTP/1.1" 200 26348
101.228.187.155 - - [21/Sep/2023:13:26:31 +0800] "GET /xingrg/javascript/easyui/themes/default/validatebox.css HTTP/1.1" 404 1104
101.228.187.155 - - [21/Sep/2023:13:26:31 +0800] "POST /xingrg/kc/base/wldb_order_operate.html HTTP/1.1" 200 7261
124.78.155.92 - - [21/Sep/2023:13:26:32 +0800] "GET /xingrg/check_reg.html?_=1695273990132 HTTP/1.1" 200 22
124.78.155.92 - - [21/Sep/2023:13:26:32 +0800] "GET /xingrg/all/function/internal_message.html?_=1695273990133&CODE_STATE=getMsg HTTP/1.1" 200 27
180.169.147.146 - - [21/Sep/2023:13:26:34 +0800] "GET /xingrg/all/function/internal_message.html?_=1695273995617&CODE_STATE=getMsg HTTP/1.1" 200 27
222.70.180.200 - - [21/Sep/2023:13:26:36 +0800] "GET /xingrg/kc/buy/cgsh_order_operate.html?command=get_materiel&rest_code=00111&code=00101012025&supplier_code=00100037&order_time=2023-09-21 HTTP/1.1" 200 412
222.70.107.161 - - [21/Sep/2023:13:26:39 +0800] "GET /xingrg/all/function/internal_message.html?_=1695274003057&CODE_STATE=getMsg HTTP/1.1" 200 27
120.253.135.82 - - [21/Sep/2023:13:26:40 +0800] "POST /xingrg/kc/buy/cgsh_order_operate.html HTTP/1.1" 200 37
120.253.135.82 - - [21/Sep/2023:13:26:40 +0800] "GET /xingrg/kc/buy/cgsh_order_operate.html?command=get_materiel&rest_code=00101&code=00101013107&supplier_code=00100106&order_time=2023-09-21 HTTP/1.1" 200 413
101.83.145.37 - - [21/Sep/2023:13:26:43 +0800] "GET /xingrg/all/function/internal_message.html?_=1695274003514&CODE_STATE=getMsg HTTP/1.1" 200 27
218.81.73.231 - - [21/Sep/2023:13:26:43 +0800] "GET /xingrg/all/function/internal_message.html?_=1695274002616&CODE_STATE=getMsg HTTP/1.1" 200 27
180.165.48.189 - - [21/Sep/2023:13:26:44 +0800] "GET /xingrg/all/function/internal_message.html?_=1695274003420&CODE_STATE=getMsg HTTP/1.1" 200 27
114.95.241.104 - - [21/Sep/2023:13:26:45 +0800] "GET /xingrg/all/function/internal_message.html?_=1695274003557&CODE_STATE=getMsg HTTP/1.1" 200 27
221.239.166.189 - - [21/Sep/2023:13:26:46 +0800] "GET /xingrg/all/function/internal_message.html?_=1695274005296&CODE_STATE=getMsg HTTP/1.1" 200 27
120.253.135.82 - - [21/Sep/2023:13:26:46 +0800] "POST /xingrg/kc/buy/cgsh_order_operate.html HTTP/1.1" 200 12
120.253.135.82 - - [21/Sep/2023:13:26:50 +0800] "GET /xingrg/kc/buy/cgsh_order_operate.html?command=get_materiel&rest_code=00101&code=00101010092&supplier_code=00100106&order_time=2023-09-21 HTTP/1.1" 200 451
222.70.180.200 - - [21/Sep/2023:13:26:52 +0800] "GET /xingrg/kc/buy/cgsh_order_operate.html?command=get_materiel&rest_code=00111&code=00101007109&supplier_code=00100037&order_time=2023-09-21 HTTP/1.1" 200 408
120.253.135.82 - - [21/Sep/2023:13:26:53 +0800] "POST /xingrg/all/common/load_select.html HTTP/1.1" 200 25
120.253.135.82 - - [21/Sep/2023:13:26:53 +0800] "GET /xingrg/kc/buy/cgsh_order_info.html?code=212023092108426 HTTP/1.1" 200 66318
101.228.187.155 - - [21/Sep/2023:13:26:54 +0800] "POST /xingrg/kc/base/wldb_list_operate.html HTTP/1.1" 200 928
120.253.135.82 - - [21/Sep/2023:13:26:54 +0800] "GET /xingrg/javascript/easyui/themes/default/validatebox.css HTTP/1.1" 404 1104
120.253.135.82 - - [21/Sep/2023:13:26:55 +0800] "POST /xingrg/kc/buy/cgsh_order_operate.html HTTP/1.1" 200 1273
120.253.135.82 - - [21/Sep/2023:13:26:58 +0800] "GET /xingrg/kc/buy/cgsh_order_operate.html?command=get_materiel_price&rest_code=00101&code=00101010092&unit_code=00100043&supplier_code=00100106&order_time=2023-09-21 HTTP/1.1" 200 29
120.253.135.82 - - [21/Sep/2023:13:26:58 +0800] "GET /xingrg/all/function/internal_message.html?_=1695273823000&CODE_STATE=getMsg HTTP/1.1" 200 27
124.78.69.58 - - [21/Sep/2023:13:26:59 +0800] "GET /xingrg/all/function/internal_message.html?_=1695273448385&CODE_STATE=getMsg HTTP/1.1" 200 27
120.253.135.82 - - [21/Sep/2023:13:27:02 +0800] "POST /xingrg/kc/buy/cgsh_list_operate.html HTTP/1.1" 200 2270
124.79.244.212 - - [21/Sep/2023:13:27:03 +0800] "GET /xingrg/all/function/internal_message.html?_=1695274321261&CODE_STATE=getMsg HTTP/1.1" 200 27
116.228.172.122 - - [21/Sep/2023:13:27:03 +0800] "GET /xingrg/all/function/internal_message.html?_=1695273668660&CODE_STATE=getMsg HTTP/1.1" 200 27
120.253.135.82 - - [21/Sep/2023:13:27:04 +0800] "POST /xingrg/kc/buy/cgsh_list_operate.html HTTP/1.1" 200 284
120.253.135.82 - - [21/Sep/2023:13:27:06 +0800] "GET /xingrg/kc/buy/cgsh_order_info.html?code=212023092108428 HTTP/1.1" 200 71432
120.253.135.82 - - [21/Sep/2023:13:27:06 +0800] "GET /xingrg/javascript/easyui/themes/default/validatebox.css HTTP/1.1" 404 1104
120.253.135.82 - - [21/Sep/2023:13:27:07 +0800] "GET /xingrg/all/function/internal_message.html?_=1695274167958&CODE_STATE=getMsg HTTP/1.1" 200 27
120.253.135.82 - - [21/Sep/2023:13:27:07 +0800] "POST /xingrg/kc/buy/cgsh_order_operate.html HTTP/1.1" 200 3271
101.228.187.155 - - [21/Sep/2023:13:27:09 +0800] "GET /xingrg/all/function/internal_message.html?_=1695274028902&CODE_STATE=getMsg HTTP/1.1" 200 27
120.253.135.82 - - [21/Sep/2023:13:27:11 +0800] "GET /xingrg/kc/print/load_data.html?order_code=212023092108428&kc_code=cgsh&condition= HTTP/1.1" 200 965
124.77.241.134 - - [21/Sep/2023:13:27:14 +0800] "GET /xingrg/all/function/internal_message.html?_=1695274044556&CODE_STATE=getMsg HTTP/1.1" 200 27
222.69.130.191 - - [21/Sep/2023:13:27:15 +0800] "GET /xingrg/all/function/internal_message.html?_=1695274035746&CODE_STATE=getMsg HTTP/1.1" 200 27
222.70.180.200 - - [21/Sep/2023:13:27:21 +0800] "GET /xingrg/all/function/internal_message.html?_=1695274038274&CODE_STATE=getMsg HTTP/1.1" 200 27
120.253.135.82 - - [21/Sep/2023:13:27:22 +0800] "GET /xingrg/kc/buy/cgsh_order_operate.html?command=get_materiel&rest_code=00101&code=00101019345&supplier_code=00100106&order_time=2023-09-21 HTTP/1.1" 200 446
180.169.147.146 - - [21/Sep/2023:13:27:23 +0800] "GET /xingrg/all/function/internal_message.html?_=1695274043704&CODE_STATE=getMsg HTTP/1.1" 200 27
180.169.147.146 - - [21/Sep/2023:13:27:23 +0800] "GET /xingrg/check_reg.html?_=1695274043706 HTTP/1.1" 200 22
120.253.135.82 - - [21/Sep/2023:13:27:25 +0800] "POST /xingrg/kc/buy/cgsh_order_operate.html HTTP/1.1" 200 37
114.83.216.51 - - [21/Sep/2023:13:27:28 +0800] "GET /xingrg/all/function/internal_message.html?_=1695274046544&CODE_STATE=getMsg HTTP/1.1" 200 27
124.78.155.92 - - [21/Sep/2023:13:27:32 +0800] "GET /xingrg/all/function/internal_message.html?_=1695274050134&CODE_STATE=getMsg HTTP/1.1" 200 27
180.169.147.146 - - [21/Sep/2023:13:27:34 +0800] "GET /xingrg/all/function/internal_message.html?_=1695274055602&CODE_STATE=getMsg HTTP/1.1" 200 27
222.70.107.161 - - [21/Sep/2023:13:27:39 +0800] "GET /xingrg/all/function/internal_message.html?_=1695274063064&CODE_STATE=getMsg HTTP/1.1" 200 27
101.83.145.37 - - [21/Sep/2023:13:27:43 +0800] "GET /xingrg/all/function/internal_message.html?_=1695274063493&CODE_STATE=getMsg HTTP/1.1" 200 27
218.81.73.231 - - [21/Sep/2023:13:27:43 +0800] "GET /xingrg/check_reg.html?_=1695274062616 HTTP/1.1" 200 22
218.81.73.231 - - [21/Sep/2023:13:27:43 +0800] "GET /xingrg/all/function/internal_message.html?_=1695274062619&CODE_STATE=getMsg HTTP/1.1" 200 27
180.165.48.189 - - [21/Sep/2023:13:27:44 +0800] "GET /xingrg/all/function/internal_message.html?_=1695274063404&CODE_STATE=getMsg HTTP/1.1" 200 27
120.253.135.82 - - [21/Sep/2023:13:27:44 +0800] "GET /xingrg/kc/buy/cgsh_order_operate.html?command=get_materiel&rest_code=00101&code=00101019429&supplier_code=00100106&order_time=2023-09-21 HTTP/1.1" 200 455
120.253.135.82 - - [21/Sep/2023:13:27:45 +0800] "POST /xingrg/all/common/load_select.html HTTP/1.1" 200 25
114.95.241.104 - - [21/Sep/2023:13:27:45 +0800] "GET /xingrg/all/function/internal_message.html?_=1695274063558&CODE_STATE=getMsg HTTP/1.1" 200 27
221.239.166.189 - - [21/Sep/2023:13:27:46 +0800] "GET /xingrg/all/function/internal_message.html?_=1695274065280&CODE_STATE=getMsg HTTP/1.1" 200 27
120.253.135.82 - - [21/Sep/2023:13:27:49 +0800] "GET /xingrg/kc/buy/cgsh_order_operate.html?command=get_materiel_price&rest_code=00101&code=00101019429&unit_code=00100142&supplier_code=00100106&order_time=2023-09-21 HTTP/1.1" 200 28
124.77.241.134 - - [21/Sep/2023:13:27:53 +0800] "GET /xingrg/check_reg.html?_=1695274083504 HTTP/1.1" 200 22
180.169.147.146 - - [21/Sep/2023:13:27:54 +0800] "GET /xingrg/check_reg.html?_=1695274075728 HTTP/1.1" 200 22
124.78.69.58 - - [21/Sep/2023:13:27:59 +0800] "GET /xingrg/all/function/internal_message.html?_=1695273508384&CODE_STATE=getMsg HTTP/1.1" 200 27
124.79.244.212 - - [21/Sep/2023:13:28:03 +0800] "GET /xingrg/all/function/internal_message.html?_=1695274381287&CODE_STATE=getMsg HTTP/1.1" 200 27
116.228.172.122 - - [21/Sep/2023:13:28:03 +0800] "GET /xingrg/all/function/internal_message.html?_=1695273728650&CODE_STATE=getMsg HTTP/1.1" 200 27
116.228.172.122 - - [21/Sep/2023:13:28:03 +0800] "GET /xingrg/check_reg.html?_=1695273728654 HTTP/1.1" 200 22
120.253.135.82 - - [21/Sep/2023:13:28:07 +0800] "GET /xingrg/all/function/internal_message.html?_=1695274227962&CODE_STATE=getMsg HTTP/1.1" 200 27
101.228.187.155 - - [21/Sep/2023:13:28:09 +0800] "GET /xingrg/all/function/internal_message.html?_=1695274088902&CODE_STATE=getMsg HTTP/1.1" 200 27
101.228.187.155 - - [21/Sep/2023:13:28:09 +0800] "GET /xingrg/check_reg.html?_=1695274088905 HTTP/1.1" 200 22
124.77.241.134 - - [21/Sep/2023:13:28:14 +0800] "GET /xingrg/all/function/internal_message.html?_=1695274104564&CODE_STATE=getMsg HTTP/1.1" 200 27
120.253.135.82 - - [21/Sep/2023:13:28:14 +0800] "POST /xingrg/kc/buy/cgsh_order_operate.html HTTP/1.1" 200 37
222.69.130.191 - - [21/Sep/2023:13:28:15 +0800] "GET /xingrg/all/function/internal_message.html?_=1695274095737&CODE_STATE=getMsg HTTP/1.1" 200 27
120.253.135.82 - - [21/Sep/2023:13:28:17 +0800] "POST /xingrg/kc/buy/cgsh_order_operate.html HTTP/1.1" 200 6920
222.70.180.200 - - [21/Sep/2023:13:28:21 +0800] "GET /xingrg/all/function/internal_message.html?_=1695274098270&CODE_STATE=getMsg HTTP/1.1" 200 27
180.169.147.146 - - [21/Sep/2023:13:28:23 +0800] "GET /xingrg/all/function/internal_message.html?_=1695274103723&CODE_STATE=getMsg HTTP/1.1" 200 27
120.253.135.82 - - [21/Sep/2023:13:28:24 +0800] "POST /xingrg/kc/buy/cgsh_order_operate.html HTTP/1.1" 200 12
114.83.216.51 - - [21/Sep/2023:13:28:28 +0800] "GET /xingrg/all/function/internal_message.html?_=1695274106554&CODE_STATE=getMsg HTTP/1.1" 200 27
124.78.155.92 - - [21/Sep/2023:13:28:32 +0800] "GET /xingrg/all/function/internal_message.html?_=1695274110133&CODE_STATE=getMsg HTTP/1.1" 200 27
180.169.147.146 - - [21/Sep/2023:13:28:34 +0800] "GET /xingrg/all/function/internal_message.html?_=1695274115572&CODE_STATE=getMsg HTTP/1.1" 200 27
120.253.135.82 - - [21/Sep/2023:13:28:34 +0800] "POST /xingrg/kc/buy/cgsh_order_operate.html HTTP/1.1" 200 37
120.253.135.82 - - [21/Sep/2023:13:28:37 +0800] "POST /xingrg/kc/buy/cgsh_order_operate.html HTTP/1.1" 200 6920
222.70.107.161 - - [21/Sep/2023:13:28:39 +0800] "GET /xingrg/all/function/internal_message.html?_=1695274123058&CODE_STATE=getMsg HTTP/1.1" 200 27
120.253.135.82 - - [21/Sep/2023:13:28:39 +0800] "GET /xingrg/kc/buy/cgsh_order_add.html HTTP/1.1" 200 71419
120.253.135.82 - - [21/Sep/2023:13:28:39 +0800] "POST /xingrg/kc/buy/cgsh_order_operate.html HTTP/1.1" 200 8245
120.253.135.82 - - [21/Sep/2023:13:28:39 +0800] "GET /xingrg/all/common/auto_word.html?type=employee&rest_code=00101 HTTP/1.1" 200 973
120.253.135.82 - - [21/Sep/2023:13:28:39 +0800] "GET /xingrg/javascript/easyui/themes/default/validatebox.css HTTP/1.1" 404 1104
120.253.135.82 - - [21/Sep/2023:13:28:39 +0800] "GET /xingrg/all/common/auto_word.html?type=employee&rest_code=00101 HTTP/1.1" 200 973
120.253.135.82 - - [21/Sep/2023:13:28:40 +0800] "POST /xingrg/all/common/load_combo.html?type=employee HTTP/1.1" 200 1749
101.83.145.37 - - [21/Sep/2023:13:28:43 +0800] "GET /xingrg/all/function/internal_message.html?_=1695274123475&CODE_STATE=getMsg HTTP/1.1" 200 27
101.83.145.37 - - [21/Sep/2023:13:28:43 +0800] "GET /xingrg/check_reg.html?_=1695274123480 HTTP/1.1" 200 22
218.81.73.231 - - [21/Sep/2023:13:28:43 +0800] "GET /xingrg/all/function/internal_message.html?_=1695274122605&CODE_STATE=getMsg HTTP/1.1" 200 27
180.165.48.189 - - [21/Sep/2023:13:28:43 +0800] "GET /xingrg/all/function/internal_message.html?_=1695274123383&CODE_STATE=getMsg HTTP/1.1" 200 27
114.95.241.104 - - [21/Sep/2023:13:28:45 +0800] "GET /xingrg/all/function/internal_message.html?_=1695274123558&CODE_STATE=getMsg HTTP/1.1" 200 27
221.239.166.189 - - [21/Sep/2023:13:28:46 +0800] "GET /xingrg/check_reg.html?_=1695274125290 HTTP/1.1" 200 22
221.239.166.189 - - [21/Sep/2023:13:28:46 +0800] "GET /xingrg/all/function/internal_message.html?_=1695274125300&CODE_STATE=getMsg HTTP/1.1" 200 27
120.253.135.82 - - [21/Sep/2023:13:28:53 +0800] "GET /xingrg/kc/buy/cgsh_order_operate.html?command=get_materiel&rest_code=00101&code=00101013008&supplier_code=00100100&order_time=2023-09-21 HTTP/1.1" 200 432
124.78.69.58 - - [21/Sep/2023:13:28:59 +0800] "GET /xingrg/all/function/internal_message.html?_=1695273568383&CODE_STATE=getMsg HTTP/1.1" 200 27
124.79.244.212 - - [21/Sep/2023:13:29:03 +0800] "GET /xingrg/all/function/internal_message.html?_=1695274441284&CODE_STATE=getMsg HTTP/1.1" 200 27
116.228.172.122 - - [21/Sep/2023:13:29:03 +0800] "GET /xingrg/all/function/internal_message.html?_=1695273788663&CODE_STATE=getMsg HTTP/1.1" 200 27
120.253.135.82 - - [21/Sep/2023:13:29:07 +0800] "GET /xingrg/all/function/internal_message.html?_=1695274287966&CODE_STATE=getMsg HTTP/1.1" 200 27
120.253.135.82 - - [21/Sep/2023:13:29:08 +0800] "POST /xingrg/kc/buy/cgsh_order_operate.html HTTP/1.1" 200 37
101.228.187.155 - - [21/Sep/2023:13:29:09 +0800] "GET /xingrg/all/function/internal_message.html?_=1695274148905&CODE_STATE=getMsg HTTP/1.1" 200 27
120.253.135.82 - - [21/Sep/2023:13:29:10 +0800] "POST /xingrg/kc/buy/cgsh_order_operate.html HTTP/1.1" 200 2662
124.77.241.134 - - [21/Sep/2023:13:29:14 +0800] "GET /xingrg/all/function/internal_message.html?_=1695274164579&CODE_STATE=getMsg HTTP/1.1" 200 27
222.69.130.191 - - [21/Sep/2023:13:29:15 +0800] "GET /xingrg/all/function/internal_message.html?_=1695274155730&CODE_STATE=getMsg HTTP/1.1" 200 27
222.70.180.200 - - [21/Sep/2023:13:29:21 +0800] "GET /xingrg/all/function/internal_message.html?_=1695274158280&CODE_STATE=getMsg HTTP/1.1" 200 27
222.70.180.200 - - [21/Sep/2023:13:29:21 +0800] "GET /xingrg/kc/buy/cgsh_order_operate.html?command=get_materiel&rest_code=00111&code=00101008005&supplier_code=00100037&order_time=2023-09-21 HTTP/1.1" 200 433
180.169.147.146 - - [21/Sep/2023:13:29:23 +0800] "GET /xingrg/all/function/internal_message.html?_=1695274163712&CODE_STATE=getMsg HTTP/1.1" 200 27
114.83.216.51 - - [21/Sep/2023:13:29:27 +0800] "GET /xingrg/check_reg.html?_=1695274166172 HTTP/1.1" 200 22
114.83.216.51 - - [21/Sep/2023:13:29:28 +0800] "GET /xingrg/all/function/internal_message.html?_=1695274166551&CODE_STATE=getMsg HTTP/1.1" 200 27
124.78.155.92 - - [21/Sep/2023:13:29:32 +0800] "GET /xingrg/all/function/internal_message.html?_=1695274170127&CODE_STATE=getMsg HTTP/1.1" 200 27
120.253.135.82 - - [21/Sep/2023:13:29:34 +0800] "GET /xingrg/kc/buy/cgsh_order_operate.html?command=get_materiel&rest_code=00101&code=00101019444&supplier_code=00100100&order_time=2023-09-21 HTTP/1.1" 200 436
180.169.147.146 - - [21/Sep/2023:13:29:34 +0800] "GET /xingrg/all/function/internal_message.html?_=1695274175555&CODE_STATE=getMsg HTTP/1.1" 200 27
120.253.135.82 - - [21/Sep/2023:13:29:37 +0800] "POST /xingrg/all/common/load_select.html HTTP/1.1" 200 25
222.70.107.161 - - [21/Sep/2023:13:29:39 +0800] "GET /xingrg/check_reg.html?_=1695274183073 HTTP/1.1" 200 22
222.70.107.161 - - [21/Sep/2023:13:29:39 +0800] "GET /xingrg/all/function/internal_message.html?_=1695274183065&CODE_STATE=getMsg HTTP/1.1" 200 27
120.253.135.82 - - [21/Sep/2023:13:29:42 +0800] "GET /xingrg/kc/buy/cgsh_order_operate.html?command=get_materiel_price&rest_code=00101&code=00101019444&unit_code=00100017&supplier_code=00100100&order_time=2023-09-21 HTTP/1.1" 200 28
222.70.180.200 - - [21/Sep/2023:13:29:42 +0800] "GET /xingrg/kc/buy/cgsh_order_operate.html?command=get_materiel&rest_code=00111&code=00101008727&supplier_code=00100037&order_time=2023-09-21 HTTP/1.1" 200 394
101.83.145.37 - - [21/Sep/2023:13:29:43 +0800] "GET /xingrg/all/function/internal_message.html?_=1695274183455&CODE_STATE=getMsg HTTP/1.1" 200 27
218.81.73.231 - - [21/Sep/2023:13:29:43 +0800] "GET /xingrg/all/function/internal_message.html?_=1695274182606&CODE_STATE=getMsg HTTP/1.1" 200 27
180.165.48.189 - - [21/Sep/2023:13:29:43 +0800] "GET /xingrg/all/function/internal_message.html?_=1695274183357&CODE_STATE=getMsg HTTP/1.1" 200 27
114.95.241.104 - - [21/Sep/2023:13:29:45 +0800] "GET /xingrg/all/function/internal_message.html?_=1695274183559&CODE_STATE=getMsg HTTP/1.1" 200 27
114.95.241.104 - - [21/Sep/2023:13:29:45 +0800] "GET /xingrg/check_reg.html?_=1695274183563 HTTP/1.1" 200 22
221.239.166.189 - - [21/Sep/2023:13:29:50 +0800] "GET /xingrg/all/function/internal_message.html?_=1695274189219&CODE_STATE=getMsg HTTP/1.1" 200 27
222.70.180.200 - - [21/Sep/2023:13:29:51 +0800] "GET /xingrg/kc/buy/cgsh_order_operate.html?command=get_materiel&rest_code=00111&code=00101015044&supplier_code=00100037&order_time=2023-09-21 HTTP/1.1" 200 408
124.78.69.58 - - [21/Sep/2023:13:29:59 +0800] "GET /xingrg/all/function/internal_message.html?_=1695273628382&CODE_STATE=getMsg HTTP/1.1" 200 27
124.78.69.58 - - [21/Sep/2023:13:29:59 +0800] "GET /xingrg/check_reg.html?_=1695273628383 HTTP/1.1" 200 22
124.79.244.212 - - [21/Sep/2023:13:30:03 +0800] "GET /xingrg/all/function/internal_message.html?_=1695274501282&CODE_STATE=getMsg HTTP/1.1" 200 27
124.79.244.212 - - [21/Sep/2023:13:30:03 +0800] "GET /xingrg/check_reg.html?_=1695274501283 HTTP/1.1" 200 22
116.228.172.122 - - [21/Sep/2023:13:30:03 +0800] "GET /xingrg/all/function/internal_message.html?_=1695273848658&CODE_STATE=getMsg HTTP/1.1" 200 27
120.253.135.82 - - [21/Sep/2023:13:30:06 +0800] "GET /xingrg/kc/buy/cgsh_order_operate.html?command=get_materiel&rest_code=00101&code=00101013143&supplier_code=00100100&order_time=2023-09-21 HTTP/1.1" 200 451
120.253.135.82 - - [21/Sep/2023:13:30:07 +0800] "GET /xingrg/all/function/internal_message.html?_=1695274347971&CODE_STATE=getMsg HTTP/1.1" 200 27
120.253.135.82 - - [21/Sep/2023:13:30:07 +0800] "GET /xingrg/check_reg.html?_=1695274347973 HTTP/1.1" 200 22
124.79.244.212 - - [21/Sep/2023:13:30:08 +0800] "GET /xingrg/check_reg.html?_=1695274208044 HTTP/1.1" 302 -
101.228.187.155 - - [21/Sep/2023:13:30:09 +0800] "GET /xingrg/all/function/internal_message.html?_=1695274208905&CODE_STATE=getMsg HTTP/1.1" 200 27
124.77.241.134 - - [21/Sep/2023:13:30:14 +0800] "GET /xingrg/all/function/internal_message.html?_=1695274225127&CODE_STATE=getMsg HTTP/1.1" 200 27
222.69.130.191 - - [21/Sep/2023:13:30:15 +0800] "GET /xingrg/all/function/internal_message.html?_=1695274215742&CODE_STATE=getMsg HTTP/1.1" 200 27
222.70.180.200 - - [21/Sep/2023:13:30:21 +0800] "GET /xingrg/all/function/internal_message.html?_=1695274218264&CODE_STATE=getMsg HTTP/1.1" 200 27
180.169.147.146 - - [21/Sep/2023:13:30:23 +0800] "GET /xingrg/all/function/internal_message.html?_=1695274223702&CODE_STATE=getMsg HTTP/1.1" 200 27
114.83.216.51 - - [21/Sep/2023:13:30:28 +0800] "GET /xingrg/all/function/internal_message.html?_=1695274226556&CODE_STATE=getMsg HTTP/1.1" 200 27
120.253.135.82 - - [21/Sep/2023:13:30:28 +0800] "GET /xingrg/kc/buy/cgsh_order_operate.html?command=get_materiel&rest_code=00101&code=00101019743&supplier_code=00100100&order_time=2023-09-21 HTTP/1.1" 200 418
180.163.28.55 - - [21/Sep/2023:13:30:32 +0800] "GET /xingrg/all/function/internal_message.html?_=1695274170127&CODE_STATE=getMsg HTTP/1.1" 302 -
180.163.28.55 - - [21/Sep/2023:13:30:32 +0800] "GET /xingrg/login.html HTTP/1.1" 200 7641
124.78.155.92 - - [21/Sep/2023:13:30:32 +0800] "GET /xingrg/all/function/internal_message.html?_=1695274230129&CODE_STATE=getMsg HTTP/1.1" 200 27
180.169.147.146 - - [21/Sep/2023:13:30:34 +0800] "GET /xingrg/all/function/internal_message.html?_=1695274235540&CODE_STATE=getMsg HTTP/1.1" 200 27
221.239.166.189 - - [21/Sep/2023:13:30:35 +0800] "GET /xingrg/javascript/jquery_easy_ui/themes/default/images/tabs_close.gif HTTP/1.1" 200 829
221.239.166.189 - - [21/Sep/2023:13:30:35 +0800] "GET /xingrg/kc/buy/cgsh_order_list.html HTTP/1.1" 200 56585
221.239.166.189 - - [21/Sep/2023:13:30:36 +0800] "GET /xingrg/css/base.css HTTP/1.1" 200 2811
221.239.166.189 - - [21/Sep/2023:13:30:36 +0800] "GET /xingrg/css/site.css HTTP/1.1" 200 7541
222.70.180.200 - - [21/Sep/2023:13:30:36 +0800] "GET /xingrg/kc/buy/cgsh_order_operate.html?command=get_materiel&rest_code=00111&code=00101008744&supplier_code=00100037&order_time=2023-09-21 HTTP/1.1" 200 403
221.239.166.189 - - [21/Sep/2023:13:30:36 +0800] "GET /xingrg/javascript/jquery_tools/datebox.css HTTP/1.1" 200 2597
221.239.166.189 - - [21/Sep/2023:13:30:36 +0800] "GET /xingrg/javascript/easyui/themes/icon.css HTTP/1.1" 200 4483
221.239.166.189 - - [21/Sep/2023:13:30:36 +0800] "GET /xingrg/javascript/easyui/themes/default/easyui.css HTTP/1.1" 200 30432
221.239.166.189 - - [21/Sep/2023:13:30:36 +0800] "GET /xingrg/javascript/jquery_tools/fix.css HTTP/1.1" 200 1702
221.239.166.189 - - [21/Sep/2023:13:30:36 +0800] "GET /xingrg/javascript/auto/jquery.autocomplete.css HTTP/1.1" 200 587
221.239.166.189 - - [21/Sep/2023:13:30:36 +0800] "GET /xingrg/javascript/jquery_tools/table.css HTTP/1.1" 200 1032
221.239.166.189 - - [21/Sep/2023:13:30:36 +0800] "GET /xingrg/javascript/jquery_tools/jquery.tools.hotkey.js HTTP/1.1" 200 3242
221.239.166.189 - - [21/Sep/2023:13:30:36 +0800] "GET /xingrg/javascript/jquery_tools/jquery.tools.min.js HTTP/1.1" 200 138801
221.239.166.189 - - [21/Sep/2023:13:30:36 +0800] "GET /xingrg/javascript/jquery_tools/jquery.tools.extend.js HTTP/1.1" 200 15385
221.239.166.189 - - [21/Sep/2023:13:30:36 +0800] "GET /xingrg/javascript/jquery_tools/jquery.tools.table.js HTTP/1.1" 200 6994
221.239.166.189 - - [21/Sep/2023:13:30:36 +0800] "GET /xingrg/javascript/jquery_tools/list_manager.js HTTP/1.1" 200 3652
221.239.166.189 - - [21/Sep/2023:13:30:36 +0800] "GET /xingrg/javascript/auto/jquery.autocomplete.js HTTP/1.1" 200 21624
221.239.166.189 - - [21/Sep/2023:13:30:36 +0800] "GET /xingrg/javascript/easyui/easyloader.js HTTP/1.1" 200 5975
221.239.166.189 - - [21/Sep/2023:13:30:36 +0800] "GET /xingrg/javascript/jquery.cookie.js HTTP/1.1" 200 5513
221.239.166.189 - - [21/Sep/2023:13:30:36 +0800] "GET /xingrg/javascript/print/LodopFuncs.js HTTP/1.1" 200 5121
222.70.107.161 - - [21/Sep/2023:13:30:39 +0800] "GET /xingrg/all/function/internal_message.html?_=1695274243057&CODE_STATE=getMsg HTTP/1.1" 200 27
221.239.166.189 - - [21/Sep/2023:13:30:40 +0800] "GET /xingrg/javascript/easyui/themes/icons/edit_add_new.png HTTP/1.1" 200 2997
221.239.166.189 - - [21/Sep/2023:13:30:40 +0800] "GET /xingrg/javascript/easyui/themes/icons/cance_new.png HTTP/1.1" 200 3986
221.239.166.189 - - [21/Sep/2023:13:30:40 +0800] "GET /xingrg/javascript/easyui/themes/icons/check_new.png HTTP/1.1" 200 3224
221.239.166.189 - - [21/Sep/2023:13:30:40 +0800] "GET /xingrg/javascript/easyui/themes/icons/field_new.png HTTP/1.1" 200 1097
221.239.166.189 - - [21/Sep/2023:13:30:40 +0800] "GET /xingrg/javascript/easyui/themes/icons/import_new.png HTTP/1.1" 200 1247
221.239.166.189 - - [21/Sep/2023:13:30:41 +0800] "GET /xingrg/javascript/easyui/plugins/jquery.parser.js HTTP/1.1" 200 1142
221.239.166.189 - - [21/Sep/2023:13:30:41 +0800] "GET /xingrg/images/control/ajaxLoader.gif HTTP/1.1" 200 4659
101.83.145.37 - - [21/Sep/2023:13:30:43 +0800] "GET /xingrg/all/function/internal_message.html?_=1695274243428&CODE_STATE=getMsg HTTP/1.1" 200 27
221.239.166.189 - - [21/Sep/2023:13:30:43 +0800] "POST /xingrg/kc/buy/cgsh_list_operate.html HTTP/1.1" 200 986
218.81.73.231 - - [21/Sep/2023:13:30:43 +0800] "GET /xingrg/all/function/internal_message.html?_=1695274242607&CODE_STATE=getMsg HTTP/1.1" 200 27
180.165.48.189 - - [21/Sep/2023:13:30:43 +0800] "GET /xingrg/all/function/internal_message.html?_=1695274243330&CODE_STATE=getMsg HTTP/1.1" 200 27
221.239.166.189 - - [21/Sep/2023:13:30:44 +0800] "GET /xingrg/javascript/easyui/themes/default/images/button_plain_hover.png HTTP/1.1" 200 144
114.95.241.104 - - [21/Sep/2023:13:30:45 +0800] "GET /xingrg/all/function/internal_message.html?_=1695274243564&CODE_STATE=getMsg HTTP/1.1" 200 27
221.239.166.189 - - [21/Sep/2023:13:30:45 +0800] "GET /xingrg/kc/buy/cgsh_order_add.html HTTP/1.1" 200 71556
221.239.166.189 - - [21/Sep/2023:13:30:45 +0800] "GET /xingrg/javascript/pic_change.js HTTP/1.1" 200 4739
221.239.166.189 - - [21/Sep/2023:13:30:45 +0800] "GET /xingrg/javascript/convert.js HTTP/1.1" 200 1239
221.239.166.189 - - [21/Sep/2023:13:30:45 +0800] "GET /xingrg/javascript/jquery_tools/order_manager.js HTTP/1.1" 200 11183
221.239.166.189 - - [21/Sep/2023:13:30:45 +0800] "GET /xingrg/javascript/json2.js HTTP/1.1" 200 11259
221.239.166.189 - - [21/Sep/2023:13:30:45 +0800] "GET /xingrg/javascript/print/kc_print.js HTTP/1.1" 200 11415
221.239.166.189 - - [21/Sep/2023:13:30:45 +0800] "GET /xingrg/words/20230921103221_words.js HTTP/1.1" 200 987998
221.239.166.189 - - [21/Sep/2023:13:30:46 +0800] "GET /xingrg/javascript/easyui/themes/icons/copy_new.png HTTP/1.1" 200 815
221.239.166.189 - - [21/Sep/2023:13:30:46 +0800] "GET /xingrg/javascript/easyui/themes/icons/template_new.png HTTP/1.1" 200 3956
222.70.180.200 - - [21/Sep/2023:13:30:46 +0800] "GET /xingrg/kc/buy/cgsh_order_operate.html?command=get_materiel&rest_code=00111&code=00101013014&supplier_code=00100037&order_time=2023-09-21 HTTP/1.1" 200 413
221.239.166.189 - - [21/Sep/2023:13:30:46 +0800] "GET /xingrg/javascript/easyui/themes/icons/ok.png HTTP/1.1" 200 883
221.239.166.189 - - [21/Sep/2023:13:30:46 +0800] "GET /xingrg/javascript/easyui/themes/icons/print.png HTTP/1.1" 200 1057
221.239.166.189 - - [21/Sep/2023:13:30:46 +0800] "GET /xingrg/javascript/easyui/themes/default/images/menu_downarrow.png HTTP/1.1" 200 173
221.239.166.189 - - [21/Sep/2023:13:30:46 +0800] "GET /xingrg/javascript/easyui/themes/icons/cancel.png HTTP/1.1" 200 1133
221.239.166.189 - - [21/Sep/2023:13:30:46 +0800] "POST /xingrg/kc/buy/cgsh_order_operate.html HTTP/1.1" 200 8245
221.239.166.189 - - [21/Sep/2023:13:30:46 +0800] "GET /xingrg/javascript/easyui/themes/default/validatebox.css HTTP/1.1" 404 1104
221.239.166.189 - - [21/Sep/2023:13:30:46 +0800] "GET /xingrg/javascript/easyui/plugins/jquery.validatebox.js HTTP/1.1" 200 6103
221.239.166.189 - - [21/Sep/2023:13:30:46 +0800] "GET /xingrg/all/common/auto_word.html?type=employee&rest_code=00145 HTTP/1.1" 200 151
221.239.166.189 - - [21/Sep/2023:13:30:46 +0800] "GET /xingrg/all/common/auto_word.html?type=employee&rest_code=00145 HTTP/1.1" 200 151
221.239.166.189 - - [21/Sep/2023:13:30:46 +0800] "GET /xingrg/javascript/easyui/plugins/jquery.numberbox.js HTTP/1.1" 200 5213
221.239.166.189 - - [21/Sep/2023:13:30:46 +0800] "GET /xingrg/javascript/easyui/themes/icons/edit_remove.png HTTP/1.1" 200 625
120.253.135.82 - - [21/Sep/2023:13:30:46 +0800] "GET /xingrg/all/function/internal_message.html?_=1695274051042&CODE_STATE=getMsg HTTP/1.1" 200 27
120.253.135.82 - - [21/Sep/2023:13:30:46 +0800] "GET /xingrg/check_reg.html?_=1695274051045 HTTP/1.1" 200 22
120.253.135.82 - - [21/Sep/2023:13:30:47 +0800] "GET /xingrg/kc/buy/cgsh_order_info.html?code=212023092108428 HTTP/1.1" 200 66332
180.165.48.189 - - [21/Sep/2023:13:30:47 +0800] "GET /xingrg/check_reg.html?_=1695274246752 HTTP/1.1" 200 22
120.253.135.82 - - [21/Sep/2023:13:30:47 +0800] "GET /xingrg/javascript/easyui/themes/default/validatebox.css HTTP/1.1" 404 1104
120.253.135.82 - - [21/Sep/2023:13:30:48 +0800] "POST /xingrg/kc/buy/cgsh_order_operate.html HTTP/1.1" 200 1221
120.253.135.82 - - [21/Sep/2023:13:30:50 +0800] "GET /xingrg/kc/buy/cgsh_order_operate.html?command=get_materiel&rest_code=00101&code=00101019347&supplier_code=00100100&order_time=2023-09-21 HTTP/1.1" 200 432
221.239.166.189 - - [21/Sep/2023:13:30:50 +0800] "GET /xingrg/all/function/internal_message.html?_=1695274249204&CODE_STATE=getMsg HTTP/1.1" 200 27
120.253.135.82 - - [21/Sep/2023:13:30:53 +0800] "POST /xingrg/kc/buy/cgsh_order_operate.html HTTP/1.1" 200 2065
124.78.69.58 - - [21/Sep/2023:13:30:59 +0800] "GET /xingrg/all/function/internal_message.html?_=1695273688382&CODE_STATE=getMsg HTTP/1.1" 200 27
222.70.180.200 - - [21/Sep/2023:13:30:59 +0800] "GET /xingrg/kc/buy/cgsh_order_operate.html?command=get_materiel&rest_code=00111&code=00101013328&supplier_code=00100037&order_time=2023-09-21 HTTP/1.1" 200 409
120.253.135.82 - - [21/Sep/2023:13:31:01 +0800] "POST /xingrg/kc/buy/cgsh_list_operate.html HTTP/1.1" 200 2682
124.79.244.212 - - [21/Sep/2023:13:31:03 +0800] "GET /xingrg/all/function/internal_message.html?_=1695274561282&CODE_STATE=getMsg HTTP/1.1" 200 27
120.253.135.82 - - [21/Sep/2023:13:31:03 +0800] "GET /xingrg/kc/buy/cgsh_order_operate.html?command=get_materiel&rest_code=00101&code=00101013130&supplier_code=00100100&order_time=2023-09-21 HTTP/1.1" 200 413
116.228.172.122 - - [21/Sep/2023:13:31:03 +0800] "GET /xingrg/all/function/internal_message.html?_=1695273908655&CODE_STATE=getMsg HTTP/1.1" 200 27
120.253.135.82 - - [21/Sep/2023:13:31:04 +0800] "POST /xingrg/kc/buy/cgsh_list_operate.html HTTP/1.1" 200 354
120.253.135.82 - - [21/Sep/2023:13:31:06 +0800] "GET /xingrg/kc/buy/cgsh_order_info.html?code=212023092108429 HTTP/1.1" 200 71428
120.253.135.82 - - [21/Sep/2023:13:31:06 +0800] "GET /xingrg/javascript/easyui/themes/default/validatebox.css HTTP/1.1" 404 1104
120.253.135.82 - - [21/Sep/2023:13:31:07 +0800] "GET /xingrg/all/function/internal_message.html?_=1695274407975&CODE_STATE=getMsg HTTP/1.1" 200 27
120.253.135.82 - - [21/Sep/2023:13:31:07 +0800] "POST /xingrg/kc/buy/cgsh_order_operate.html HTTP/1.1" 200 3864
101.228.187.155 - - [21/Sep/2023:13:31:09 +0800] "GET /xingrg/all/function/internal_message.html?_=1695274268906&CODE_STATE=getMsg HTTP/1.1" 200 27
222.70.180.200 - - [21/Sep/2023:13:31:10 +0800] "GET /xingrg/kc/buy/cgsh_order_operate.html?command=get_materiel&rest_code=00111&code=00101013096&supplier_code=00100037&order_time=2023-09-21 HTTP/1.1" 200 412
120.253.135.82 - - [21/Sep/2023:13:31:14 +0800] "GET /xingrg/kc/print/load_data.html?order_code=212023092108429&kc_code=cgsh&condition= HTTP/1.1" 200 1188
124.77.241.134 - - [21/Sep/2023:13:31:14 +0800] "GET /xingrg/all/function/internal_message.html?_=1695274285136&CODE_STATE=getMsg HTTP/1.1" 200 27
222.69.130.191 - - [21/Sep/2023:13:31:15 +0800] "GET /xingrg/check_reg.html?_=1695274275735 HTTP/1.1" 200 22
222.69.130.191 - - [21/Sep/2023:13:31:15 +0800] "GET /xingrg/all/function/internal_message.html?_=1695274275739&CODE_STATE=getMsg HTTP/1.1" 200 27
222.70.180.200 - - [21/Sep/2023:13:31:21 +0800] "GET /xingrg/all/function/internal_message.html?_=1695274278262&CODE_STATE=getMsg HTTP/1.1" 200 27
222.70.180.200 - - [21/Sep/2023:13:31:21 +0800] "GET /xingrg/check_reg.html?_=1695274278265 HTTP/1.1" 200 22
180.169.147.146 - - [21/Sep/2023:13:31:23 +0800] "GET /xingrg/all/function/internal_message.html?_=1695274283712&CODE_STATE=getMsg HTTP/1.1" 200 27
114.83.216.51 - - [21/Sep/2023:13:31:28 +0800] "GET /xingrg/all/function/internal_message.html?_=1695274286559&CODE_STATE=getMsg HTTP/1.1" 200 27
120.253.135.82 - - [21/Sep/2023:13:31:29 +0800] "GET /xingrg/kc/buy/cgsh_order_operate.html?command=get_materiel&rest_code=00101&code=00101019264&supplier_code=00100100&order_time=2023-09-21 HTTP/1.1" 200 433
221.239.166.189 - - [21/Sep/2023:13:31:32 +0800] "GET /xingrg/javascript/auto/indicator.gif HTTP/1.1" 404 1066
124.78.155.92 - - [21/Sep/2023:13:31:32 +0800] "GET /xingrg/check_reg.html?_=1695274290135 HTTP/1.1" 200 22
124.78.155.92 - - [21/Sep/2023:13:31:32 +0800] "GET /xingrg/all/function/internal_message.html?_=1695274290131&CODE_STATE=getMsg HTTP/1.1" 200 27
180.169.147.146 - - [21/Sep/2023:13:31:34 +0800] "GET /xingrg/all/function/internal_message.html?_=1695274295525&CODE_STATE=getMsg HTTP/1.1" 200 27
222.70.107.161 - - [21/Sep/2023:13:31:39 +0800] "GET /xingrg/all/function/internal_message.html?_=1695274303063&CODE_STATE=getMsg HTTP/1.1" 200 27
101.83.145.37 - - [21/Sep/2023:13:31:43 +0800] "GET /xingrg/all/function/internal_message.html?_=1695274303400&CODE_STATE=getMsg HTTP/1.1" 200 27
218.81.73.231 - - [21/Sep/2023:13:31:43 +0800] "GET /xingrg/all/function/internal_message.html?_=1695274302609&CODE_STATE=getMsg HTTP/1.1" 200 27
180.165.48.189 - - [21/Sep/2023:13:31:43 +0800] "GET /xingrg/all/function/internal_message.html?_=1695274303313&CODE_STATE=getMsg HTTP/1.1" 200 27
120.253.135.82 - - [21/Sep/2023:13:31:45 +0800] "GET /xingrg/kc/buy/cgsh_order_operate.html?command=get_materiel&rest_code=00101&code=00101020143&supplier_code=00100100&order_time=2023-09-21 HTTP/1.1" 200 433
114.95.241.104 - - [21/Sep/2023:13:31:45 +0800] "GET /xingrg/all/function/internal_message.html?_=1695274303576&CODE_STATE=getMsg HTTP/1.1" 200 27
222.70.180.200 - - [21/Sep/2023:13:31:46 +0800] "GET /xingrg/kc/buy/cgsh_order_operate.html?command=get_materiel&rest_code=00111&code=00101016105&supplier_code=00100037&order_time=2023-09-21 HTTP/1.1" 200 409
120.253.135.82 - - [21/Sep/2023:13:31:47 +0800] "GET /xingrg/all/function/internal_message.html?_=1695274111088&CODE_STATE=getMsg HTTP/1.1" 200 27
221.239.166.189 - - [21/Sep/2023:13:31:50 +0800] "GET /xingrg/all/function/internal_message.html?_=1695274309190&CODE_STATE=getMsg HTTP/1.1" 200 27
124.78.69.58 - - [21/Sep/2023:13:31:59 +0800] "GET /xingrg/all/function/internal_message.html?_=1695273748385&CODE_STATE=getMsg HTTP/1.1" 200 27
124.79.244.212 - - [21/Sep/2023:13:32:03 +0800] "GET /xingrg/all/function/internal_message.html?_=1695274621281&CODE_STATE=getMsg HTTP/1.1" 200 27
120.253.135.82 - - [21/Sep/2023:13:32:03 +0800] "GET /xingrg/kc/buy/cgsh_order_operate.html?command=get_materiel&rest_code=00101&code=00101019023&supplier_code=00100100&order_time=2023-09-21 HTTP/1.1" 200 439
116.228.172.122 - - [21/Sep/2023:13:32:03 +0800] "GET /xingrg/all/function/internal_message.html?_=1695273968667&CODE_STATE=getMsg HTTP/1.1" 200 27
