114.83.216.51 - - [21/Sep/2023:09:26:50 +0800] "GET /xingrg/kc/buy/cgsh_order_operate.html?command=get_materiel&rest_code=00149&code=00101015054&supplier_code=00100008&order_time=2023-09-21 HTTP/1.1" 200 423
124.78.155.92 - - [21/Sep/2023:09:26:55 +0800] "POST /xingrg/kc/buy/cgsh_order_operate.html HTTP/1.1" 200 15057
114.83.216.51 - - [21/Sep/2023:09:26:58 +0800] "GET /xingrg/kc/buy/cgsh_order_operate.html?command=get_materiel&rest_code=00149&code=00101008010&supplier_code=00100008&order_time=2023-09-21 HTTP/1.1" 200 412
180.152.241.196 - - [21/Sep/2023:09:27:11 +0800] "GET /xingrg/all/function/internal_message.html?_=1695259631787&CODE_STATE=getMsg HTTP/1.1" 200 27
222.69.130.191 - - [21/Sep/2023:09:27:15 +0800] "GET /xingrg/all/function/internal_message.html?_=1695259637185&CODE_STATE=getMsg HTTP/1.1" 200 27
114.83.216.51 - - [21/Sep/2023:09:27:17 +0800] "GET /xingrg/kc/buy/cgsh_order_operate.html?command=get_materiel&rest_code=00149&code=00101008220&supplier_code=00100008&order_time=2023-09-21 HTTP/1.1" 200 412
114.95.241.104 - - [21/Sep/2023:09:27:19 +0800] "GET /xingrg/all/function/internal_message.html?_=1695259637885&CODE_STATE=getMsg HTTP/1.1" 200 27
114.83.216.51 - - [21/Sep/2023:09:27:21 +0800] "POST /xingrg/kc/buy/cgsh_order_operate.html HTTP/1.1" 200 2065
222.70.107.161 - - [21/Sep/2023:09:27:27 +0800] "GET /xingrg/all/function/internal_message.html?_=1695259650951&CODE_STATE=getMsg HTTP/1.1" 200 27
114.83.216.51 - - [21/Sep/2023:09:27:28 +0800] "GET /xingrg/kc/buy/cgsh_order_operate.html?command=get_materiel&rest_code=00149&code=00101008370&supplier_code=00100008&order_time=2023-09-21 HTTP/1.1" 200 412
124.78.155.92 - - [21/Sep/2023:09:27:35 +0800] "GET /xingrg/all/function/internal_message.html?_=1695259652619&CODE_STATE=getMsg HTTP/1.1" 200 27
180.169.147.146 - - [21/Sep/2023:09:27:38 +0800] "GET /xingrg/all/function/internal_message.html?_=1695259659240&CODE_STATE=getMsg HTTP/1.1" 200 27
114.83.216.51 - - [21/Sep/2023:09:27:40 +0800] "GET /xingrg/all/function/internal_message.html?_=1695259658209&CODE_STATE=getMsg HTTP/1.1" 200 27
114.83.216.51 - - [21/Sep/2023:09:27:41 +0800] "GET /xingrg/kc/buy/cgsh_order_operate.html?command=get_materiel&rest_code=00149&code=00101008355&supplier_code=00100008&order_time=2023-09-21 HTTP/1.1" 200 408
124.77.241.134 - - [21/Sep/2023:09:27:46 +0800] "GET /xingrg/check_reg.html?_=1695259675829 HTTP/1.1" 200 22
124.77.241.134 - - [21/Sep/2023:09:27:47 +0800] "GET /xingrg/all/function/internal_message.html?_=1695259676906&CODE_STATE=getMsg HTTP/1.1" 200 27
180.165.48.189 - - [21/Sep/2023:09:27:47 +0800] "GET /xingrg/all/function/internal_message.html?_=1695259667420&CODE_STATE=getMsg HTTP/1.1" 200 27
101.83.145.37 - - [21/Sep/2023:09:27:48 +0800] "GET /xingrg/all/function/internal_message.html?_=1695259668652&CODE_STATE=getMsg HTTP/1.1" 200 27
180.169.147.146 - - [21/Sep/2023:09:27:54 +0800] "GET /xingrg/check_reg.html?_=1695259675575 HTTP/1.1" 200 22
180.169.147.146 - - [21/Sep/2023:09:27:57 +0800] "GET /xingrg/check_reg.html?_=1695259677502 HTTP/1.1" 200 22
114.83.216.51 - - [21/Sep/2023:09:28:09 +0800] "GET /xingrg/kc/buy/cgsh_order_operate.html?command=get_materiel&rest_code=00149&code=00101008004&supplier_code=00100008&order_time=2023-09-21 HTTP/1.1" 200 437
180.152.241.196 - - [21/Sep/2023:09:28:11 +0800] "GET /xingrg/all/function/internal_message.html?_=1695259691791&CODE_STATE=getMsg HTTP/1.1" 200 27
222.69.130.191 - - [21/Sep/2023:09:28:15 +0800] "GET /xingrg/all/function/internal_message.html?_=1695259697191&CODE_STATE=getMsg HTTP/1.1" 200 27
114.95.241.104 - - [21/Sep/2023:09:28:19 +0800] "GET /xingrg/all/function/internal_message.html?_=1695259697886&CODE_STATE=getMsg HTTP/1.1" 200 27
114.83.216.51 - - [21/Sep/2023:09:28:23 +0800] "GET /xingrg/kc/buy/cgsh_order_operate.html?command=get_materiel&rest_code=00149&code=00101008372&supplier_code=00100008&order_time=2023-09-21 HTTP/1.1" 200 408
222.70.107.161 - - [21/Sep/2023:09:28:27 +0800] "GET /xingrg/check_reg.html?_=1695259710950 HTTP/1.1" 200 22
222.70.107.161 - - [21/Sep/2023:09:28:27 +0800] "GET /xingrg/all/function/internal_message.html?_=1695259710954&CODE_STATE=getMsg HTTP/1.1" 200 27
124.78.155.92 - - [21/Sep/2023:09:28:34 +0800] "GET /xingrg/kc/buy/cgsh_order_operate.html?command=get_materiel&rest_code=00106&code=00101008219&supplier_code=00100007&order_time=2023-09-21 HTTP/1.1" 200 412
180.163.30.100 - - [21/Sep/2023:09:28:35 +0800] "GET /xingrg/all/function/internal_message.html?_=1695259652619&CODE_STATE=getMsg HTTP/1.1" 302 -
180.163.30.100 - - [21/Sep/2023:09:28:35 +0800] "GET /xingrg/login.html HTTP/1.1" 200 7641
124.78.155.92 - - [21/Sep/2023:09:28:35 +0800] "GET /xingrg/all/function/internal_message.html?_=1695259712604&CODE_STATE=getMsg HTTP/1.1" 200 27
124.78.155.92 - - [21/Sep/2023:09:28:35 +0800] "GET /xingrg/check_reg.html?_=1695259712610 HTTP/1.1" 200 22
114.83.216.51 - - [21/Sep/2023:09:28:36 +0800] "GET /xingrg/kc/buy/cgsh_order_operate.html?command=get_materiel&rest_code=00149&code=00101008356&supplier_code=00100008&order_time=2023-09-21 HTTP/1.1" 200 428
180.165.48.189 - - [21/Sep/2023:09:28:37 +0800] "POST /xingrg/kc/buy/cgsh_list_operate.html HTTP/1.1" 200 4
180.169.147.146 - - [21/Sep/2023:09:28:38 +0800] "GET /xingrg/all/function/internal_message.html?_=1695259719224&CODE_STATE=getMsg HTTP/1.1" 200 27
114.83.216.51 - - [21/Sep/2023:09:28:40 +0800] "GET /xingrg/all/function/internal_message.html?_=1695259718182&CODE_STATE=getMsg HTTP/1.1" 200 27
101.83.145.37 - - [21/Sep/2023:09:28:44 +0800] "GET /xingrg/check_reg.html?_=1695259724253 HTTP/1.1" 200 22
124.78.155.92 - - [21/Sep/2023:09:28:45 +0800] "GET /xingrg/kc/buy/cgsh_order_operate.html?command=get_materiel&rest_code=00106&code=00101008027&supplier_code=00100007&order_time=2023-09-21 HTTP/1.1" 200 409
124.77.241.134 - - [21/Sep/2023:09:28:47 +0800] "GET /xingrg/all/function/internal_message.html?_=1695259737139&CODE_STATE=getMsg HTTP/1.1" 200 27
101.83.145.37 - - [21/Sep/2023:09:28:48 +0800] "GET /xingrg/all/function/internal_message.html?_=1695259728632&CODE_STATE=getMsg HTTP/1.1" 200 27
114.83.216.51 - - [21/Sep/2023:09:28:51 +0800] "POST /xingrg/kc/buy/cgsh_order_operate.html HTTP/1.1" 200 2065
114.83.216.51 - - [21/Sep/2023:09:28:57 +0800] "GET /xingrg/kc/buy/cgsh_order_operate.html?command=get_materiel&rest_code=00149&code=00101008059&supplier_code=00100008&order_time=2023-09-21 HTTP/1.1" 200 427
218.81.73.231 - - [21/Sep/2023:09:29:05 +0800] "GET /favicon.ico HTTP/1.1" 404 -
180.152.241.196 - - [21/Sep/2023:09:29:11 +0800] "GET /xingrg/all/function/internal_message.html?_=1695259751800&CODE_STATE=getMsg HTTP/1.1" 200 27
114.83.216.51 - - [21/Sep/2023:09:29:12 +0800] "GET /xingrg/kc/buy/cgsh_order_operate.html?command=get_materiel&rest_code=00149&code=00101008077&supplier_code=00100008&order_time=2023-09-21 HTTP/1.1" 200 416
222.69.130.191 - - [21/Sep/2023:09:29:15 +0800] "GET /xingrg/all/function/internal_message.html?_=1695259757181&CODE_STATE=getMsg HTTP/1.1" 200 27
114.95.241.104 - - [21/Sep/2023:09:29:19 +0800] "GET /xingrg/all/function/internal_message.html?_=1695259757887&CODE_STATE=getMsg HTTP/1.1" 200 27
124.78.155.92 - - [21/Sep/2023:09:29:23 +0800] "GET /xingrg/kc/buy/cgsh_order_operate.html?command=get_materiel&rest_code=00106&code=00101008096&supplier_code=00100007&order_time=2023-09-21 HTTP/1.1" 200 412
124.78.155.92 - - [21/Sep/2023:09:29:26 +0800] "POST /xingrg/kc/buy/cgsh_order_operate.html HTTP/1.1" 200 2065
114.83.216.51 - - [21/Sep/2023:09:29:27 +0800] "GET /xingrg/kc/buy/cgsh_order_operate.html?command=get_materiel&rest_code=00149&code=00101008223&supplier_code=00100008&order_time=2023-09-21 HTTP/1.1" 200 412
222.70.107.161 - - [21/Sep/2023:09:29:27 +0800] "GET /xingrg/all/function/internal_message.html?_=1695259770937&CODE_STATE=getMsg HTTP/1.1" 200 27
124.78.155.92 - - [21/Sep/2023:09:29:33 +0800] "GET /xingrg/kc/buy/cgsh_order_operate.html?command=get_materiel&rest_code=00106&code=00101008224&supplier_code=00100007&order_time=2023-09-21 HTTP/1.1" 200 435
124.78.155.92 - - [21/Sep/2023:09:29:35 +0800] "GET /xingrg/all/function/internal_message.html?_=1695259772587&CODE_STATE=getMsg HTTP/1.1" 200 27
180.169.147.146 - - [21/Sep/2023:09:29:38 +0800] "GET /xingrg/all/function/internal_message.html?_=1695259779208&CODE_STATE=getMsg HTTP/1.1" 200 27
114.83.216.51 - - [21/Sep/2023:09:29:40 +0800] "GET /xingrg/all/function/internal_message.html?_=1695259778193&CODE_STATE=getMsg HTTP/1.1" 200 27
180.163.29.234 - - [21/Sep/2023:09:29:42 +0800] "GET /xingrg/kc/buy/cgsh_order_operate.html?command=get_materiel&rest_code=00106&code=00101008027&supplier_code=00100007&order_time=2023-09-21 HTTP/1.1" 302 -
180.163.29.234 - - [21/Sep/2023:09:29:45 +0800] "GET /xingrg/login.html HTTP/1.1" 200 7641
124.78.155.92 - - [21/Sep/2023:09:29:45 +0800] "GET /xingrg/kc/buy/cgsh_order_operate.html?command=get_materiel&rest_code=00106&code=00101008370&supplier_code=00100007&order_time=2023-09-21 HTTP/1.1" 200 412
124.77.241.134 - - [21/Sep/2023:09:29:47 +0800] "GET /xingrg/all/function/internal_message.html?_=1695259797151&CODE_STATE=getMsg HTTP/1.1" 200 27
101.83.145.37 - - [21/Sep/2023:09:29:48 +0800] "GET /xingrg/all/function/internal_message.html?_=1695259788614&CODE_STATE=getMsg HTTP/1.1" 200 27
124.78.155.92 - - [21/Sep/2023:09:29:53 +0800] "GET /xingrg/kc/buy/cgsh_order_operate.html?command=get_materiel&rest_code=00106&code=00101008126&supplier_code=00100007&order_time=2023-09-21 HTTP/1.1" 200 412
124.78.155.92 - - [21/Sep/2023:09:30:01 +0800] "GET /xingrg/kc/buy/cgsh_order_operate.html?command=get_materiel&rest_code=00106&code=00101008361&supplier_code=00100007&order_time=2023-09-21 HTTP/1.1" 200 408
114.83.216.51 - - [21/Sep/2023:09:30:06 +0800] "GET /xingrg/kc/buy/cgsh_order_operate.html?command=get_materiel&rest_code=00149&code=00101008513&supplier_code=00100008&order_time=2023-09-21 HTTP/1.1" 200 412
124.79.244.212 - - [21/Sep/2023:09:30:08 +0800] "GET /xingrg/check_reg.html?_=1695259807154 HTTP/1.1" 302 -
180.152.241.196 - - [21/Sep/2023:09:30:11 +0800] "GET /xingrg/all/function/internal_message.html?_=1695259811798&CODE_STATE=getMsg HTTP/1.1" 200 27
124.78.155.92 - - [21/Sep/2023:09:30:12 +0800] "POST /xingrg/kc/buy/cgsh_order_operate.html HTTP/1.1" 200 2065
222.69.130.191 - - [21/Sep/2023:09:30:15 +0800] "GET /xingrg/all/function/internal_message.html?_=1695259817191&CODE_STATE=getMsg HTTP/1.1" 200 27
124.78.155.92 - - [21/Sep/2023:09:30:18 +0800] "GET /xingrg/kc/buy/cgsh_order_operate.html?command=get_materiel&rest_code=00106&code=00101008108&supplier_code=00100007&order_time=2023-09-21 HTTP/1.1" 200 412
114.83.216.51 - - [21/Sep/2023:09:30:18 +0800] "GET /xingrg/kc/buy/cgsh_order_operate.html?command=get_materiel&rest_code=00149&code=00101008330&supplier_code=00100008&order_time=2023-09-21 HTTP/1.1" 200 408
114.95.241.104 - - [21/Sep/2023:09:30:19 +0800] "GET /xingrg/check_reg.html?_=1695259817888 HTTP/1.1" 200 22
114.95.241.104 - - [21/Sep/2023:09:30:19 +0800] "GET /xingrg/all/function/internal_message.html?_=1695259817892&CODE_STATE=getMsg HTTP/1.1" 200 27
114.83.216.51 - - [21/Sep/2023:09:30:23 +0800] "POST /xingrg/kc/buy/cgsh_order_operate.html HTTP/1.1" 200 2065
124.78.155.92 - - [21/Sep/2023:09:30:26 +0800] "GET /xingrg/kc/buy/cgsh_order_operate.html?command=get_materiel&rest_code=00106&code=00101008213&supplier_code=00100007&order_time=2023-09-21 HTTP/1.1" 200 412
222.70.107.161 - - [21/Sep/2023:09:30:27 +0800] "GET /xingrg/all/function/internal_message.html?_=1695259830938&CODE_STATE=getMsg HTTP/1.1" 200 27
114.83.216.51 - - [21/Sep/2023:09:30:29 +0800] "GET /xingrg/kc/buy/cgsh_order_operate.html?command=get_materiel&rest_code=00149&code=00101008357&supplier_code=00100008&order_time=2023-09-21 HTTP/1.1" 200 408
124.78.69.58 - - [21/Sep/2023:09:30:33 +0800] "GET /xingrg/check_reg.html?_=1695259263061 HTTP/1.1" 302 -
124.78.155.92 - - [21/Sep/2023:09:30:35 +0800] "GET /xingrg/all/function/internal_message.html?_=1695259832594&CODE_STATE=getMsg HTTP/1.1" 200 27
180.169.147.146 - - [21/Sep/2023:09:30:38 +0800] "GET /xingrg/all/function/internal_message.html?_=1695259839192&CODE_STATE=getMsg HTTP/1.1" 200 27
114.83.216.51 - - [21/Sep/2023:09:30:40 +0800] "GET /xingrg/all/function/internal_message.html?_=1695259838189&CODE_STATE=getMsg HTTP/1.1" 200 27
124.78.155.92 - - [21/Sep/2023:09:30:40 +0800] "GET /xingrg/kc/buy/cgsh_order_operate.html?command=get_materiel&rest_code=00106&code=00101020005&supplier_code=00100007&order_time=2023-09-21 HTTP/1.1" 200 409
124.77.241.134 - - [21/Sep/2023:09:30:47 +0800] "GET /xingrg/all/function/internal_message.html?_=1695259857483&CODE_STATE=getMsg HTTP/1.1" 200 27
101.83.145.37 - - [21/Sep/2023:09:30:48 +0800] "GET /xingrg/all/function/internal_message.html?_=1695259848608&CODE_STATE=getMsg HTTP/1.1" 200 27
114.83.216.51 - - [21/Sep/2023:09:30:49 +0800] "GET /xingrg/kc/buy/cgsh_order_operate.html?command=get_materiel&rest_code=00149&code=00101008069&supplier_code=00100008&order_time=2023-09-21 HTTP/1.1" 200 412
114.83.216.51 - - [21/Sep/2023:09:31:02 +0800] "GET /xingrg/kc/buy/cgsh_order_operate.html?command=get_materiel&rest_code=00149&code=00101008286&supplier_code=00100008&order_time=2023-09-21 HTTP/1.1" 200 428
124.78.155.92 - - [21/Sep/2023:09:31:03 +0800] "GET /xingrg/kc/buy/cgsh_order_operate.html?command=get_materiel&rest_code=00106&code=00101008186&supplier_code=00100007&order_time=2023-09-21 HTTP/1.1" 200 408
114.83.216.51 - - [21/Sep/2023:09:31:10 +0800] "POST /xingrg/kc/buy/cgsh_order_operate.html HTTP/1.1" 200 2065
180.152.241.196 - - [21/Sep/2023:09:31:11 +0800] "GET /xingrg/check_reg.html?_=1695259871782 HTTP/1.1" 200 22
180.152.241.196 - - [21/Sep/2023:09:31:11 +0800] "GET /xingrg/all/function/internal_message.html?_=1695259871786&CODE_STATE=getMsg HTTP/1.1" 200 27
180.163.29.79 - - [21/Sep/2023:09:31:15 +0800] "GET /xingrg/kc/buy/cgsh_order_operate.html?command=get_materiel&rest_code=00106&code=00101008108&supplier_code=00100007&order_time=2023-09-21 HTTP/1.1" 302 -
180.163.29.79 - - [21/Sep/2023:09:31:15 +0800] "GET /xingrg/login.html HTTP/1.1" 200 7641
222.69.130.191 - - [21/Sep/2023:09:31:15 +0800] "GET /xingrg/all/function/internal_message.html?_=1695259877180&CODE_STATE=getMsg HTTP/1.1" 200 27
222.69.130.191 - - [21/Sep/2023:09:31:15 +0800] "GET /xingrg/check_reg.html?_=1695259877185 HTTP/1.1" 200 22
114.95.241.104 - - [21/Sep/2023:09:31:19 +0800] "GET /xingrg/all/function/internal_message.html?_=1695259877893&CODE_STATE=getMsg HTTP/1.1" 200 27
222.70.107.161 - - [21/Sep/2023:09:31:27 +0800] "GET /xingrg/all/function/internal_message.html?_=1695259890968&CODE_STATE=getMsg HTTP/1.1" 200 27
114.83.216.51 - - [21/Sep/2023:09:31:31 +0800] "GET /xingrg/kc/buy/cgsh_order_operate.html?command=get_materiel&rest_code=00149&code=00101008368&supplier_code=00100008&order_time=2023-09-21 HTTP/1.1" 200 408
124.78.155.92 - - [21/Sep/2023:09:31:35 +0800] "GET /xingrg/all/function/internal_message.html?_=1695259892566&CODE_STATE=getMsg HTTP/1.1" 200 27
180.169.147.146 - - [21/Sep/2023:09:31:38 +0800] "GET /xingrg/all/function/internal_message.html?_=1695259899175&CODE_STATE=getMsg HTTP/1.1" 200 27
114.83.216.51 - - [21/Sep/2023:09:31:40 +0800] "GET /xingrg/check_reg.html?_=1695259898205 HTTP/1.1" 200 22
114.83.216.51 - - [21/Sep/2023:09:31:40 +0800] "GET /xingrg/all/function/internal_message.html?_=1695259898210&CODE_STATE=getMsg HTTP/1.1" 200 27
114.83.216.51 - - [21/Sep/2023:09:31:46 +0800] "GET /xingrg/kc/buy/cgsh_order_operate.html?command=get_materiel&rest_code=00149&code=00101008131&supplier_code=00100008&order_time=2023-09-21 HTTP/1.1" 200 409
124.77.241.134 - - [21/Sep/2023:09:31:47 +0800] "GET /xingrg/all/function/internal_message.html?_=1695259917491&CODE_STATE=getMsg HTTP/1.1" 200 27
101.83.145.37 - - [21/Sep/2023:09:31:48 +0800] "GET /xingrg/all/function/internal_message.html?_=1695259908579&CODE_STATE=getMsg HTTP/1.1" 200 27
114.83.216.51 - - [21/Sep/2023:09:31:57 +0800] "GET /xingrg/kc/buy/cgsh_order_operate.html?command=get_materiel&rest_code=00149&code=00101008296&supplier_code=00100008&order_time=2023-09-21 HTTP/1.1" 200 416
180.152.241.196 - - [21/Sep/2023:09:32:01 +0800] "POST /xingrg/kc/buy/cgsh_order_operate.html HTTP/1.1" 200 37
114.83.216.51 - - [21/Sep/2023:09:32:06 +0800] "GET /xingrg/kc/buy/cgsh_order_operate.html?command=get_materiel&rest_code=00149&code=00101008169&supplier_code=00100008&order_time=2023-09-21 HTTP/1.1" 200 412
180.152.241.196 - - [21/Sep/2023:09:32:08 +0800] "POST /xingrg/kc/buy/cgsh_order_operate.html HTTP/1.1" 200 12
180.152.241.196 - - [21/Sep/2023:09:32:12 +0800] "GET /xingrg/kc/buy/cgsh_order_info.html?code=212023092108347 HTTP/1.1" 200 67293
180.152.241.196 - - [21/Sep/2023:09:32:12 +0800] "GET /xingrg/javascript/easyui/themes/default/validatebox.css HTTP/1.1" 404 1104
180.152.241.196 - - [21/Sep/2023:09:32:13 +0800] "POST /xingrg/kc/buy/cgsh_order_operate.html HTTP/1.1" 200 4775
222.69.130.191 - - [21/Sep/2023:09:32:15 +0800] "GET /xingrg/all/function/internal_message.html?_=1695259937181&CODE_STATE=getMsg HTTP/1.1" 200 27
114.95.241.104 - - [21/Sep/2023:09:32:19 +0800] "GET /xingrg/all/function/internal_message.html?_=1695259937899&CODE_STATE=getMsg HTTP/1.1" 200 27
222.70.107.161 - - [21/Sep/2023:09:32:27 +0800] "GET /xingrg/all/function/internal_message.html?_=1695259950969&CODE_STATE=getMsg HTTP/1.1" 200 27
180.152.241.196 - - [21/Sep/2023:09:32:28 +0800] "GET /xingrg/kc/print/load_data.html?order_code=212023092108347&kc_code=cgsh&condition= HTTP/1.1" 200 2259
124.78.155.92 - - [21/Sep/2023:09:32:35 +0800] "GET /xingrg/all/function/internal_message.html?_=1695259952539&CODE_STATE=getMsg HTTP/1.1" 200 27
180.169.147.146 - - [21/Sep/2023:09:32:38 +0800] "GET /xingrg/all/function/internal_message.html?_=1695259959159&CODE_STATE=getMsg HTTP/1.1" 200 27
114.83.216.51 - - [21/Sep/2023:09:32:40 +0800] "GET /xingrg/all/function/internal_message.html?_=1695259958196&CODE_STATE=getMsg HTTP/1.1" 200 27
124.77.241.134 - - [21/Sep/2023:09:32:46 +0800] "GET /xingrg/check_reg.html?_=1695259976103 HTTP/1.1" 200 22
124.77.241.134 - - [21/Sep/2023:09:32:47 +0800] "GET /xingrg/all/function/internal_message.html?_=1695259977504&CODE_STATE=getMsg HTTP/1.1" 200 27
101.83.145.37 - - [21/Sep/2023:09:32:48 +0800] "GET /xingrg/all/function/internal_message.html?_=1695259968553&CODE_STATE=getMsg HTTP/1.1" 200 27
180.169.147.146 - - [21/Sep/2023:09:32:54 +0800] "GET /xingrg/check_reg.html?_=1695259975571 HTTP/1.1" 200 22
180.169.147.146 - - [21/Sep/2023:09:32:57 +0800] "GET /xingrg/check_reg.html?_=1695259977500 HTTP/1.1" 200 22
180.152.241.196 - - [21/Sep/2023:09:33:11 +0800] "GET /xingrg/all/function/internal_message.html?_=1695259991818&CODE_STATE=getMsg HTTP/1.1" 200 27
124.78.155.92 - - [21/Sep/2023:09:33:13 +0800] "POST /xingrg/kc/buy/cgsh_order_operate.html HTTP/1.1" 200 37
222.69.130.191 - - [21/Sep/2023:09:33:15 +0800] "GET /xingrg/all/function/internal_message.html?_=1695259997188&CODE_STATE=getMsg HTTP/1.1" 200 27
114.95.241.104 - - [21/Sep/2023:09:33:19 +0800] "GET /xingrg/all/function/internal_message.html?_=1695259997901&CODE_STATE=getMsg HTTP/1.1" 200 27
222.70.107.161 - - [21/Sep/2023:09:33:27 +0800] "GET /xingrg/all/function/internal_message.html?_=1695260010972&CODE_STATE=getMsg HTTP/1.1" 200 27
222.70.107.161 - - [21/Sep/2023:09:33:27 +0800] "GET /xingrg/check_reg.html?_=1695260010979 HTTP/1.1" 200 22
114.83.216.51 - - [21/Sep/2023:09:33:30 +0800] "POST /xingrg/kc/buy/cgsh_order_operate.html HTTP/1.1" 200 2065
114.83.216.51 - - [21/Sep/2023:09:33:35 +0800] "GET /xingrg/kc/buy/cgsh_order_operate.html?command=get_materiel&rest_code=00149&code=00101008318&supplier_code=00100008&order_time=2023-09-21 HTTP/1.1" 200 408
180.169.147.146 - - [21/Sep/2023:09:33:38 +0800] "GET /xingrg/all/function/internal_message.html?_=1695260019144&CODE_STATE=getMsg HTTP/1.1" 200 27
114.83.216.51 - - [21/Sep/2023:09:33:40 +0800] "GET /xingrg/all/function/internal_message.html?_=1695260018221&CODE_STATE=getMsg HTTP/1.1" 200 27
101.83.145.37 - - [21/Sep/2023:09:33:44 +0800] "GET /xingrg/check_reg.html?_=1695260024250 HTTP/1.1" 200 22
114.83.216.51 - - [21/Sep/2023:09:33:46 +0800] "GET /xingrg/kc/buy/cgsh_order_operate.html?command=get_materiel&rest_code=00149&code=00101008098&supplier_code=00100008&order_time=2023-09-21 HTTP/1.1" 200 412
124.77.241.134 - - [21/Sep/2023:09:33:47 +0800] "GET /xingrg/all/function/internal_message.html?_=1695260037518&CODE_STATE=getMsg HTTP/1.1" 200 27
101.83.145.37 - - [21/Sep/2023:09:33:48 +0800] "GET /xingrg/all/function/internal_message.html?_=1695260028523&CODE_STATE=getMsg HTTP/1.1" 200 27
124.78.155.92 - - [21/Sep/2023:09:33:57 +0800] "POST /xingrg/kc/buy/cgsh_order_operate.html HTTP/1.1" 200 22734
114.83.216.51 - - [21/Sep/2023:09:33:57 +0800] "GET /xingrg/kc/buy/cgsh_order_operate.html?command=get_materiel&rest_code=00149&code=00101008005&supplier_code=00100008&order_time=2023-09-21 HTTP/1.1" 200 433
101.80.225.121 - - [21/Sep/2023:09:34:04 +0800] "GET /favicon.ico HTTP/1.1" 404 -
180.152.241.196 - - [21/Sep/2023:09:34:11 +0800] "GET /xingrg/all/function/internal_message.html?_=1695260051805&CODE_STATE=getMsg HTTP/1.1" 200 27
114.83.216.51 - - [21/Sep/2023:09:34:13 +0800] "GET /xingrg/kc/buy/cgsh_order_operate.html?command=get_materiel&rest_code=00149&code=00101008353&supplier_code=00100008&order_time=2023-09-21 HTTP/1.1" 200 408
222.69.130.191 - - [21/Sep/2023:09:34:15 +0800] "GET /xingrg/all/function/internal_message.html?_=1695260057188&CODE_STATE=getMsg HTTP/1.1" 200 27
114.95.241.104 - - [21/Sep/2023:09:34:19 +0800] "GET /xingrg/all/function/internal_message.html?_=1695260057904&CODE_STATE=getMsg HTTP/1.1" 200 27
114.83.216.51 - - [21/Sep/2023:09:34:22 +0800] "POST /xingrg/kc/buy/cgsh_order_operate.html HTTP/1.1" 200 2065
124.78.155.92 - - [21/Sep/2023:09:34:27 +0800] "GET /xingrg/kc/buy/cgsh_order_operate.html?command=get_materiel&rest_code=00106&code=00101008085&supplier_code=00100007&order_time=2023-09-21 HTTP/1.1" 200 412
222.70.107.161 - - [21/Sep/2023:09:34:27 +0800] "GET /xingrg/all/function/internal_message.html?_=1695260070976&CODE_STATE=getMsg HTTP/1.1" 200 27
114.83.216.51 - - [21/Sep/2023:09:34:28 +0800] "GET /xingrg/kc/buy/cgsh_order_operate.html?command=get_materiel&rest_code=00149&code=00101008359&supplier_code=00100008&order_time=2023-09-21 HTTP/1.1" 200 408
124.78.155.92 - - [21/Sep/2023:09:34:35 +0800] "GET /xingrg/all/function/internal_message.html?_=1695260072556&CODE_STATE=getMsg HTTP/1.1" 200 27
114.83.216.51 - - [21/Sep/2023:09:34:37 +0800] "GET /xingrg/kc/buy/cgsh_order_operate.html?command=get_materiel&rest_code=00149&code=00101008213&supplier_code=00100008&order_time=2023-09-21 HTTP/1.1" 200 412
180.169.147.146 - - [21/Sep/2023:09:34:38 +0800] "GET /xingrg/all/function/internal_message.html?_=1695260079114&CODE_STATE=getMsg HTTP/1.1" 200 27
114.83.216.51 - - [21/Sep/2023:09:34:40 +0800] "GET /xingrg/all/function/internal_message.html?_=1695260078197&CODE_STATE=getMsg HTTP/1.1" 200 27
124.77.241.134 - - [21/Sep/2023:09:34:47 +0800] "GET /xingrg/all/function/internal_message.html?_=1695260097531&CODE_STATE=getMsg HTTP/1.1" 200 27
101.83.145.37 - - [21/Sep/2023:09:34:48 +0800] "GET /xingrg/all/function/internal_message.html?_=1695260088499&CODE_STATE=getMsg HTTP/1.1" 200 27
114.83.216.51 - - [21/Sep/2023:09:34:51 +0800] "GET /xingrg/kc/buy/cgsh_order_operate.html?command=get_materiel&rest_code=00149&code=00101008095&supplier_code=00100008&order_time=2023-09-21 HTTP/1.1" 200 412
124.78.155.92 - - [21/Sep/2023:09:34:53 +0800] "GET /xingrg/kc/buy/cgsh_order_operate.html?command=get_materiel&rest_code=00106&code=00101008298&supplier_code=00100007&order_time=2023-09-21 HTTP/1.1" 200 432
114.83.216.51 - - [21/Sep/2023:09:35:00 +0800] "GET /xingrg/kc/buy/cgsh_order_operate.html?command=get_materiel&rest_code=00149&code=00101008674&supplier_code=00100008&order_time=2023-09-21 HTTP/1.1" 200 412
114.83.216.51 - - [21/Sep/2023:09:35:07 +0800] "POST /xingrg/kc/buy/cgsh_order_operate.html HTTP/1.1" 200 2065
124.79.244.212 - - [21/Sep/2023:09:35:08 +0800] "GET /xingrg/check_reg.html?_=1695260107132 HTTP/1.1" 302 -
180.152.241.196 - - [21/Sep/2023:09:35:11 +0800] "GET /xingrg/all/function/internal_message.html?_=1695260111788&CODE_STATE=getMsg HTTP/1.1" 200 27
124.78.155.92 - - [21/Sep/2023:09:35:11 +0800] "POST /xingrg/kc/buy/cgsh_order_operate.html HTTP/1.1" 200 2065
114.83.216.51 - - [21/Sep/2023:09:35:12 +0800] "GET /xingrg/kc/buy/cgsh_order_operate.html?command=get_materiel&rest_code=00149&code=00101008041&supplier_code=00100008&order_time=2023-09-21 HTTP/1.1" 200 408
222.69.130.191 - - [21/Sep/2023:09:35:15 +0800] "GET /xingrg/all/function/internal_message.html?_=1695260117188&CODE_STATE=getMsg HTTP/1.1" 200 27
114.95.241.104 - - [21/Sep/2023:09:35:19 +0800] "GET /xingrg/check_reg.html?_=1695260117905 HTTP/1.1" 200 22
114.95.241.104 - - [21/Sep/2023:09:35:19 +0800] "GET /xingrg/all/function/internal_message.html?_=1695260117909&CODE_STATE=getMsg HTTP/1.1" 200 27
114.83.216.51 - - [21/Sep/2023:09:35:24 +0800] "GET /xingrg/kc/buy/cgsh_order_operate.html?command=get_materiel&rest_code=00149&code=00101008314&supplier_code=00100008&order_time=2023-09-21 HTTP/1.1" 200 413
222.70.107.161 - - [21/Sep/2023:09:35:27 +0800] "GET /xingrg/all/function/internal_message.html?_=1695260130978&CODE_STATE=getMsg HTTP/1.1" 200 27
124.78.69.58 - - [21/Sep/2023:09:35:33 +0800] "GET /xingrg/check_reg.html?_=1695259563062 HTTP/1.1" 302 -
124.78.155.92 - - [21/Sep/2023:09:35:35 +0800] "GET /xingrg/all/function/internal_message.html?_=1695260132529&CODE_STATE=getMsg HTTP/1.1" 200 27
114.83.216.51 - - [21/Sep/2023:09:35:36 +0800] "GET /xingrg/kc/buy/cgsh_order_operate.html?command=get_materiel&rest_code=00149&code=00101009113&supplier_code=00100008&order_time=2023-09-21 HTTP/1.1" 200 433
180.169.147.146 - - [21/Sep/2023:09:35:38 +0800] "GET /xingrg/all/function/internal_message.html?_=1695260139098&CODE_STATE=getMsg HTTP/1.1" 200 27
114.83.216.51 - - [21/Sep/2023:09:35:40 +0800] "GET /xingrg/all/function/internal_message.html?_=1695260138195&CODE_STATE=getMsg HTTP/1.1" 200 27
114.83.216.51 - - [21/Sep/2023:09:35:47 +0800] "GET /xingrg/kc/buy/cgsh_order_operate.html?command=get_materiel&rest_code=00149&code=00101008060&supplier_code=00100008&order_time=2023-09-21 HTTP/1.1" 200 416
124.77.241.134 - - [21/Sep/2023:09:35:48 +0800] "GET /xingrg/all/function/internal_message.html?_=1695260157844&CODE_STATE=getMsg HTTP/1.1" 200 27
101.83.145.37 - - [21/Sep/2023:09:35:48 +0800] "GET /xingrg/all/function/internal_message.html?_=1695260148480&CODE_STATE=getMsg HTTP/1.1" 200 27
114.83.216.51 - - [21/Sep/2023:09:36:02 +0800] "GET /xingrg/kc/buy/cgsh_order_operate.html?command=get_materiel&rest_code=00149&code=00101008284&supplier_code=00100008&order_time=2023-09-21 HTTP/1.1" 200 412
114.83.216.51 - - [21/Sep/2023:09:36:04 +0800] "POST /xingrg/kc/buy/cgsh_order_operate.html HTTP/1.1" 200 2065
180.152.241.196 - - [21/Sep/2023:09:36:11 +0800] "GET /xingrg/check_reg.html?_=1695260171766 HTTP/1.1" 200 22
180.152.241.196 - - [21/Sep/2023:09:36:11 +0800] "GET /xingrg/all/function/internal_message.html?_=1695260171769&CODE_STATE=getMsg HTTP/1.1" 200 27
114.83.216.51 - - [21/Sep/2023:09:36:11 +0800] "GET /xingrg/kc/buy/cgsh_order_operate.html?command=get_materiel&rest_code=00149&code=00101008731&supplier_code=00100008&order_time=2023-09-21 HTTP/1.1" 200 398
222.69.130.191 - - [21/Sep/2023:09:36:15 +0800] "GET /xingrg/check_reg.html?_=1695260177197 HTTP/1.1" 200 22
222.69.130.191 - - [21/Sep/2023:09:36:15 +0800] "GET /xingrg/all/function/internal_message.html?_=1695260177205&CODE_STATE=getMsg HTTP/1.1" 200 27
124.78.155.92 - - [21/Sep/2023:09:36:16 +0800] "POST /xingrg/kc/buy/cgsh_order_operate.html HTTP/1.1" 200 2065
114.83.216.51 - - [21/Sep/2023:09:36:19 +0800] "GET /xingrg/kc/buy/cgsh_order_operate.html?command=get_materiel&rest_code=00149&code=00101008288&supplier_code=00100008&order_time=2023-09-21 HTTP/1.1" 200 408
114.95.241.104 - - [21/Sep/2023:09:36:19 +0800] "GET /xingrg/all/function/internal_message.html?_=1695260177902&CODE_STATE=getMsg HTTP/1.1" 200 27
124.78.155.92 - - [21/Sep/2023:09:36:24 +0800] "GET /xingrg/kc/buy/cgsh_order_operate.html?command=get_materiel&rest_code=00106&code=00101008041&supplier_code=00100007&order_time=2023-09-21 HTTP/1.1" 200 408
114.95.241.104 - - [21/Sep/2023:09:36:26 +0800] "GET /xingrg/kc/buy/cgsh_order_operate.html?command=get_materiel&rest_code=00150&code=00101008087&supplier_code=00100008&order_time=2023-09-21 HTTP/1.1" 200 412
114.83.216.51 - - [21/Sep/2023:09:36:27 +0800] "GET /xingrg/kc/buy/cgsh_order_operate.html?command=get_materiel&rest_code=00149&code=00101012026&supplier_code=00100008&order_time=2023-09-21 HTTP/1.1" 200 408
222.70.107.161 - - [21/Sep/2023:09:36:27 +0800] "GET /xingrg/all/function/internal_message.html?_=1695260190966&CODE_STATE=getMsg HTTP/1.1" 200 27
180.163.29.212 - - [21/Sep/2023:09:36:35 +0800] "GET /xingrg/all/function/internal_message.html?_=1695260132529&CODE_STATE=getMsg HTTP/1.1" 302 -
180.163.29.212 - - [21/Sep/2023:09:36:35 +0800] "GET /xingrg/login.html HTTP/1.1" 200 7641
124.78.155.92 - - [21/Sep/2023:09:36:35 +0800] "GET /xingrg/all/function/internal_message.html?_=1695260192504&CODE_STATE=getMsg HTTP/1.1" 200 27
124.78.155.92 - - [21/Sep/2023:09:36:35 +0800] "GET /xingrg/kc/buy/cgsh_order_operate.html?command=get_materiel&rest_code=00106&code=00101009011&supplier_code=00100007&order_time=2023-09-21 HTTP/1.1" 200 416
180.169.147.146 - - [21/Sep/2023:09:36:38 +0800] "GET /xingrg/all/function/internal_message.html?_=1695260199082&CODE_STATE=getMsg HTTP/1.1" 200 27
114.83.216.51 - - [21/Sep/2023:09:36:40 +0800] "GET /xingrg/all/function/internal_message.html?_=1695260198204&CODE_STATE=getMsg HTTP/1.1" 200 27
114.83.216.51 - - [21/Sep/2023:09:36:40 +0800] "GET /xingrg/check_reg.html?_=1695260198208 HTTP/1.1" 200 22
114.83.216.51 - - [21/Sep/2023:09:36:47 +0800] "POST /xingrg/kc/buy/cgsh_order_operate.html HTTP/1.1" 200 37
124.77.241.134 - - [21/Sep/2023:09:36:48 +0800] "GET /xingrg/all/function/internal_message.html?_=1695260217855&CODE_STATE=getMsg HTTP/1.1" 200 27
101.83.145.37 - - [21/Sep/2023:09:36:48 +0800] "GET /xingrg/all/function/internal_message.html?_=1695260208449&CODE_STATE=getMsg HTTP/1.1" 200 27
114.95.241.104 - - [21/Sep/2023:09:36:48 +0800] "GET /xingrg/kc/buy/cgsh_order_operate.html?command=get_materiel&rest_code=00150&code=00101008361&supplier_code=00100008&order_time=2023-09-21 HTTP/1.1" 200 408
124.78.155.92 - - [21/Sep/2023:09:36:49 +0800] "GET /xingrg/kc/buy/cgsh_order_operate.html?command=get_materiel&rest_code=00106&code=00101009015&supplier_code=00100007&order_time=2023-09-21 HTTP/1.1" 200 416
114.95.241.104 - - [21/Sep/2023:09:36:57 +0800] "GET /xingrg/kc/buy/cgsh_order_operate.html?command=get_materiel&rest_code=00150&code=00101008355&supplier_code=00100008&order_time=2023-09-21 HTTP/1.1" 200 408
114.83.216.51 - - [21/Sep/2023:09:37:04 +0800] "POST /xingrg/kc/buy/cgsh_order_operate.html HTTP/1.1" 200 12
101.83.145.37 - - [21/Sep/2023:09:37:06 +0800] "POST /xingrg/services/DataTransmitService HTTP/1.1" 200 524
124.78.155.92 - - [21/Sep/2023:09:37:06 +0800] "GET /xingrg/kc/buy/cgsh_order_operate.html?command=get_materiel&rest_code=00106&code=00101008168&supplier_code=00100007&order_time=2023-09-21 HTTP/1.1" 200 412
114.95.241.104 - - [21/Sep/2023:09:37:06 +0800] "GET /xingrg/kc/buy/cgsh_order_operate.html?command=get_materiel&rest_code=00150&code=00101008264&supplier_code=00100008&order_time=2023-09-21 HTTP/1.1" 200 432
180.152.241.196 - - [21/Sep/2023:09:37:11 +0800] "GET /xingrg/all/function/internal_message.html?_=1695260231761&CODE_STATE=getMsg HTTP/1.1" 200 27
222.69.130.191 - - [21/Sep/2023:09:37:15 +0800] "GET /xingrg/all/function/internal_message.html?_=1695260237195&CODE_STATE=getMsg HTTP/1.1" 200 27
114.95.241.104 - - [21/Sep/2023:09:37:16 +0800] "GET /xingrg/kc/buy/cgsh_order_operate.html?command=get_materiel&rest_code=00150&code=00101008321&supplier_code=00100008&order_time=2023-09-21 HTTP/1.1" 200 412
124.78.155.92 - - [21/Sep/2023:09:37:16 +0800] "GET /xingrg/kc/buy/cgsh_order_operate.html?command=get_materiel&rest_code=00106&code=00101008061&supplier_code=00100007&order_time=2023-09-21 HTTP/1.1" 200 422
114.95.241.104 - - [21/Sep/2023:09:37:17 +0800] "POST /xingrg/kc/buy/cgsh_order_operate.html HTTP/1.1" 200 2065
124.78.155.92 - - [21/Sep/2023:09:37:19 +0800] "POST /xingrg/kc/buy/cgsh_order_operate.html HTTP/1.1" 200 2065
114.95.241.104 - - [21/Sep/2023:09:37:20 +0800] "GET /xingrg/all/function/internal_message.html?_=1695260238029&CODE_STATE=getMsg HTTP/1.1" 200 27
180.163.29.206 - - [21/Sep/2023:09:37:21 +0800] "GET /xingrg/kc/buy/cgsh_order_operate.html?command=get_materiel&rest_code=00106&code=00101008041&supplier_code=00100007&order_time=2023-09-21 HTTP/1.1" 302 -
180.163.29.206 - - [21/Sep/2023:09:37:21 +0800] "GET /xingrg/login.html HTTP/1.1" 200 7641
114.95.241.104 - - [21/Sep/2023:09:37:24 +0800] "GET /xingrg/kc/buy/cgsh_order_operate.html?command=get_materiel&rest_code=00150&code=00101008356&supplier_code=00100008&order_time=2023-09-21 HTTP/1.1" 200 428
124.78.155.92 - - [21/Sep/2023:09:37:25 +0800] "GET /xingrg/kc/buy/cgsh_order_operate.html?command=get_materiel&rest_code=00106&code=00101008114&supplier_code=00100007&order_time=2023-09-21 HTTP/1.1" 200 412
114.83.216.51 - - [21/Sep/2023:09:37:25 +0800] "GET /xingrg/kc/buy/cgsh_order_info.html?code=212023092108348 HTTP/1.1" 200 67358
114.83.216.51 - - [21/Sep/2023:09:37:26 +0800] "GET /xingrg/javascript/easyui/themes/default/validatebox.css HTTP/1.1" 404 1104
114.83.216.51 - - [21/Sep/2023:09:37:27 +0800] "POST /xingrg/kc/buy/cgsh_order_operate.html HTTP/1.1" 200 33723
222.70.107.161 - - [21/Sep/2023:09:37:27 +0800] "GET /xingrg/all/function/internal_message.html?_=1695260250970&CODE_STATE=getMsg HTTP/1.1" 200 27
114.83.216.51 - - [21/Sep/2023:09:37:31 +0800] "GET /xingrg/kc/print/load_config.html?kc_code=cgsh HTTP/1.1" 200 1927
114.95.241.104 - - [21/Sep/2023:09:37:31 +0800] "GET /xingrg/kc/buy/cgsh_order_operate.html?command=get_materiel&rest_code=00150&code=00101008301&supplier_code=00100008&order_time=2023-09-21 HTTP/1.1" 200 422
114.83.216.51 - - [21/Sep/2023:09:37:32 +0800] "GET /xingrg/kc/print/load_data.html?order_code=212023092108348&kc_code=cgsh&condition= HTTP/1.1" 200 13221
124.78.155.92 - - [21/Sep/2023:09:37:35 +0800] "GET /xingrg/all/function/internal_message.html?_=1695260252475&CODE_STATE=getMsg HTTP/1.1" 200 27
180.169.147.146 - - [21/Sep/2023:09:37:38 +0800] "GET /xingrg/all/function/internal_message.html?_=1695260259065&CODE_STATE=getMsg HTTP/1.1" 200 27
114.83.216.51 - - [21/Sep/2023:09:37:40 +0800] "GET /xingrg/all/function/internal_message.html?_=1695260258216&CODE_STATE=getMsg HTTP/1.1" 200 27
114.95.241.104 - - [21/Sep/2023:09:37:40 +0800] "GET /xingrg/kc/buy/cgsh_order_operate.html?command=get_materiel&rest_code=00150&code=00101008063&supplier_code=00100008&order_time=2023-09-21 HTTP/1.1" 200 412
124.77.241.134 - - [21/Sep/2023:09:37:46 +0800] "GET /xingrg/check_reg.html?_=1695260276387 HTTP/1.1" 200 22
114.95.241.104 - - [21/Sep/2023:09:37:47 +0800] "GET /xingrg/kc/buy/cgsh_order_operate.html?command=get_materiel&rest_code=00150&code=00101008077&supplier_code=00100008&order_time=2023-09-21 HTTP/1.1" 200 416
124.77.241.134 - - [21/Sep/2023:09:37:48 +0800] "GET /xingrg/all/function/internal_message.html?_=1695260277869&CODE_STATE=getMsg HTTP/1.1" 200 27
101.83.145.37 - - [21/Sep/2023:09:37:48 +0800] "GET /xingrg/all/function/internal_message.html?_=1695260268421&CODE_STATE=getMsg HTTP/1.1" 200 27
124.77.241.134 - - [21/Sep/2023:09:37:52 +0800] "POST /xingrg/services/DataTransmitService HTTP/1.1" 200 524
124.77.241.134 - - [21/Sep/2023:09:37:53 +0800] "POST /xingrg/services/DataTransmitService HTTP/1.1" 200 2335
124.77.241.134 - - [21/Sep/2023:09:37:54 +0800] "POST /xingrg/services/DataTransmitService HTTP/1.1" 200 172499
114.95.241.104 - - [21/Sep/2023:09:37:54 +0800] "POST /xingrg/kc/buy/cgsh_order_operate.html HTTP/1.1" 200 2065
180.169.147.146 - - [21/Sep/2023:09:37:54 +0800] "GET /xingrg/check_reg.html?_=1695260275572 HTTP/1.1" 200 22
124.78.155.92 - - [21/Sep/2023:09:37:55 +0800] "GET /xingrg/kc/buy/cgsh_order_operate.html?command=get_materiel&rest_code=00106&code=00101008229&supplier_code=00100007&order_time=2023-09-21 HTTP/1.1" 200 420
180.169.147.146 - - [21/Sep/2023:09:37:57 +0800] "GET /xingrg/check_reg.html?_=1695260277496 HTTP/1.1" 200 22
114.95.241.104 - - [21/Sep/2023:09:38:00 +0800] "GET /xingrg/kc/buy/cgsh_order_operate.html?command=get_materiel&rest_code=00150&code=00101008357&supplier_code=00100008&order_time=2023-09-21 HTTP/1.1" 200 408
180.152.241.196 - - [21/Sep/2023:09:38:11 +0800] "GET /xingrg/all/function/internal_message.html?_=1695260291738&CODE_STATE=getMsg HTTP/1.1" 200 27
124.78.155.92 - - [21/Sep/2023:09:38:13 +0800] "POST /xingrg/kc/buy/cgsh_order_operate.html HTTP/1.1" 200 37
222.69.130.191 - - [21/Sep/2023:09:38:15 +0800] "GET /xingrg/all/function/internal_message.html?_=1695260297185&CODE_STATE=getMsg HTTP/1.1" 200 27
114.95.241.104 - - [21/Sep/2023:09:38:16 +0800] "GET /xingrg/kc/buy/cgsh_order_operate.html?command=get_materiel&rest_code=00150&code=00101008069&supplier_code=00100008&order_time=2023-09-21 HTTP/1.1" 200 23
114.95.241.104 - - [21/Sep/2023:09:38:20 +0800] "GET /xingrg/all/function/internal_message.html?_=1695260298223&CODE_STATE=getMsg HTTP/1.1" 200 27
124.77.241.134 - - [21/Sep/2023:09:38:22 +0800] "POST /xingrg/services/DataTransmitService HTTP/1.1" 200 524
180.163.28.55 - - [21/Sep/2023:09:38:23 +0800] "GET /xingrg/kc/buy/cgsh_order_operate.html?command=get_materiel&rest_code=00106&code=00101008114&supplier_code=00100007&order_time=2023-09-21 HTTP/1.1" 302 -
180.163.28.55 - - [21/Sep/2023:09:38:23 +0800] "GET /xingrg/login.html HTTP/1.1" 200 7641
114.95.241.104 - - [21/Sep/2023:09:38:26 +0800] "POST /xingrg/kc/buy/cgsh_order_operate.html HTTP/1.1" 200 37
222.70.107.161 - - [21/Sep/2023:09:38:27 +0800] "GET /xingrg/all/function/internal_message.html?_=1695260310971&CODE_STATE=getMsg HTTP/1.1" 200 27
222.70.107.161 - - [21/Sep/2023:09:38:27 +0800] "GET /xingrg/check_reg.html?_=1695260310973 HTTP/1.1" 200 22
114.95.241.104 - - [21/Sep/2023:09:38:28 +0800] "POST /xingrg/kc/buy/cgsh_order_operate.html HTTP/1.1" 200 22218
124.78.155.92 - - [21/Sep/2023:09:38:30 +0800] "POST /xingrg/kc/buy/cgsh_order_operate.html HTTP/1.1" 200 32204
124.77.241.134 - - [21/Sep/2023:09:38:33 +0800] "POST /xingrg/services/DataTransmitService HTTP/1.1" 200 501
114.95.241.104 - - [21/Sep/2023:09:38:33 +0800] "GET /xingrg/login.html HTTP/1.1" 200 7641
114.95.241.104 - - [21/Sep/2023:09:38:34 +0800] "GET /favicon.ico HTTP/1.1" 404 -
124.78.155.92 - - [21/Sep/2023:09:38:35 +0800] "GET /xingrg/all/function/internal_message.html?_=1695260312488&CODE_STATE=getMsg HTTP/1.1" 200 27
124.78.155.92 - - [21/Sep/2023:09:38:35 +0800] "GET /xingrg/check_reg.html?_=1695260312631 HTTP/1.1" 200 22
180.169.147.146 - - [21/Sep/2023:09:38:38 +0800] "GET /xingrg/all/function/internal_message.html?_=1695260319051&CODE_STATE=getMsg HTTP/1.1" 200 27
114.95.241.104 - - [21/Sep/2023:09:38:39 +0800] "POST /xingrg/login.do HTTP/1.1" 302 -
114.83.216.51 - - [21/Sep/2023:09:38:40 +0800] "GET /xingrg/all/function/internal_message.html?_=1695260318201&CODE_STATE=getMsg HTTP/1.1" 200 27
114.95.241.104 - - [21/Sep/2023:09:38:40 +0800] "GET /xingrg/index.html?sysBaseUrl=http%3A%2F%2F180.169.147.146%3A18081%2Fxingrg%2F&costTime=885×tamp=1695260319929 HTTP/1.1" 200 17177
114.95.241.104 - - [21/Sep/2023:09:38:40 +0800] "GET /xingrg/all/function/internal_message.html?_=1695260318262&CODE_STATE=count HTTP/1.1" 200 11
114.95.241.104 - - [21/Sep/2023:09:38:40 +0800] "GET /xingrg/check_reg.html?_=1695260318263 HTTP/1.1" 200 22
114.95.241.104 - - [21/Sep/2023:09:38:40 +0800] "POST /xingrg/all/common/load_tree.html?tree=area_rest_tree_json&manage=1 HTTP/1.1" 200 476
114.95.241.104 - - [21/Sep/2023:09:38:40 +0800] "GET /favicon.ico HTTP/1.1" 404 -
114.95.241.104 - - [21/Sep/2023:09:38:40 +0800] "POST /xingrg/load_menu.html HTTP/1.1" 200 5138
114.95.241.104 - - [21/Sep/2023:09:38:43 +0800] "POST /xingrg/all/user/operate.html HTTP/1.1" 200 36
114.95.241.104 - - [21/Sep/2023:09:38:43 +0800] "GET /xingrg/index.html?sysBaseUrl=http%3A%2F%2F180.169.147.146%3A18081%2Fxingrg%2F&costTime=885×tamp=1695260319929 HTTP/1.1" 200 17179
114.95.241.104 - - [21/Sep/2023:09:38:43 +0800] "GET /xingrg/javascript/jquery_easy_ui/themes/default/easyui.css HTTP/1.1" 304 -
114.95.241.104 - - [21/Sep/2023:09:38:43 +0800] "GET /xingrg/javascript/jquery_easy_ui/themes/icon.css HTTP/1.1" 304 -
114.95.241.104 - - [21/Sep/2023:09:38:43 +0800] "GET /xingrg/css/form.css HTTP/1.1" 304 -
114.95.241.104 - - [21/Sep/2023:09:38:43 +0800] "GET /xingrg/javascript/jquery-1.4.2.min.js HTTP/1.1" 304 -
114.95.241.104 - - [21/Sep/2023:09:38:43 +0800] "GET /xingrg/javascript/jquery_easy_ui/jquery.easyui.min.js HTTP/1.1" 304 -
114.95.241.104 - - [21/Sep/2023:09:38:43 +0800] "GET /xingrg/javascript/jquery_easy_ui/easyui-lang-zh_CN.js HTTP/1.1" 304 -
114.95.241.104 - - [21/Sep/2023:09:38:43 +0800] "GET /xingrg/javascript/jquery.form.js HTTP/1.1" 304 -
114.95.241.104 - - [21/Sep/2023:09:38:43 +0800] "GET /xingrg/javascript/jquery.utils.js HTTP/1.1" 304 -
114.95.241.104 - - [21/Sep/2023:09:38:43 +0800] "GET /xingrg/javascript/jquery.timers.js HTTP/1.1" 304 -
114.95.241.104 - - [21/Sep/2023:09:38:43 +0800] "GET /xingrg/images/blue/jxLogo.png HTTP/1.1" 304 -
114.95.241.104 - - [21/Sep/2023:09:38:43 +0800] "GET /xingrg/images/blue/navBackgound.jpg HTTP/1.1" 304 -
114.95.241.104 - - [21/Sep/2023:09:38:43 +0800] "GET /xingrg/javascript/jquery_easy_ui/themes/icons/settle_new.png HTTP/1.1" 304 -
114.95.241.104 - - [21/Sep/2023:09:38:43 +0800] "GET /xingrg/all/function/internal_message.html?_=1695260321934&CODE_STATE=count HTTP/1.1" 200 11
114.95.241.104 - - [21/Sep/2023:09:38:43 +0800] "GET /xingrg/images/blue/pingpu.png HTTP/1.1" 304 -
114.95.241.104 - - [21/Sep/2023:09:38:43 +0800] "GET /xingrg/check_reg.html?_=1695260321936 HTTP/1.1" 200 22
114.95.241.104 - - [21/Sep/2023:09:38:43 +0800] "GET /xingrg/javascript/jquery_easy_ui/themes/default/images/tabs_rightarrow.png HTTP/1.1" 304 -
114.95.241.104 - - [21/Sep/2023:09:38:43 +0800] "GET /xingrg/javascript/jquery_easy_ui/themes/default/images/tabs_leftarrow.png HTTP/1.1" 304 -
114.95.241.104 - - [21/Sep/2023:09:38:43 +0800] "GET /xingrg/javascript/jquery_easy_ui/themes/default/images/panel_tool_collapse.gif HTTP/1.1" 304 -
114.95.241.104 - - [21/Sep/2023:09:38:43 +0800] "POST /xingrg/all/common/load_tree.html?tree=area_rest_tree_json&manage=1 HTTP/1.1" 200 476
114.95.241.104 - - [21/Sep/2023:09:38:44 +0800] "POST /xingrg/load_menu.html HTTP/1.1" 200 5138
101.83.145.37 - - [21/Sep/2023:09:38:44 +0800] "GET /xingrg/check_reg.html?_=1695260324219 HTTP/1.1" 200 22
114.95.241.104 - - [21/Sep/2023:09:38:46 +0800] "GET /xingrg/kc/buy/cgsh_order_list.html HTTP/1.1" 200 56585
124.77.241.134 - - [21/Sep/2023:09:38:48 +0800] "GET /xingrg/all/function/internal_message.html?_=1695260337883&CODE_STATE=getMsg HTTP/1.1" 200 27
101.83.145.37 - - [21/Sep/2023:09:38:48 +0800] "GET /xingrg/all/function/internal_message.html?_=1695260328395&CODE_STATE=getMsg HTTP/1.1" 200 27
114.95.241.104 - - [21/Sep/2023:09:38:50 +0800] "POST /xingrg/kc/buy/cgsh_list_operate.html HTTP/1.1" 200 1869
114.95.241.104 - - [21/Sep/2023:09:38:52 +0800] "POST /xingrg/kc/buy/cgsh_list_operate.html HTTP/1.1" 200 573
114.95.241.104 - - [21/Sep/2023:09:38:53 +0800] "GET /xingrg/kc/buy/cgsh_order_info.html?code=212023092108339 HTTP/1.1" 200 72414
114.95.241.104 - - [21/Sep/2023:09:38:54 +0800] "GET /xingrg/javascript/easyui/themes/default/validatebox.css HTTP/1.1" 404 1104
114.95.241.104 - - [21/Sep/2023:09:38:54 +0800] "GET /xingrg/all/common/auto_word.html?type=employee&rest_code=00150 HTTP/1.1" 200 159
114.95.241.104 - - [21/Sep/2023:09:38:54 +0800] "GET /xingrg/all/common/auto_word.html?type=employee&rest_code=00150 HTTP/1.1" 200 159
114.95.241.104 - - [21/Sep/2023:09:38:55 +0800] "POST /xingrg/kc/buy/cgsh_order_operate.html HTTP/1.1" 200 22218
124.77.241.134 - - [21/Sep/2023:09:38:55 +0800] "POST /xingrg/services/DataTransmitService HTTP/1.1" 200 524
114.95.241.104 - - [21/Sep/2023:09:38:59 +0800] "GET /xingrg/javascript/auto/indicator.gif HTTP/1.1" 404 1066
114.95.241.104 - - [21/Sep/2023:09:39:04 +0800] "GET /xingrg/kc/buy/cgsh_order_operate.html?command=get_materiel&rest_code=00150&code=00101008069&supplier_code=00100008&order_time=2023-09-21 HTTP/1.1" 200 412
180.152.241.196 - - [21/Sep/2023:09:39:11 +0800] "GET /xingrg/all/function/internal_message.html?_=1695260351725&CODE_STATE=getMsg HTTP/1.1" 200 27
222.69.130.191 - - [21/Sep/2023:09:39:15 +0800] "GET /xingrg/all/function/internal_message.html?_=1695260357185&CODE_STATE=getMsg HTTP/1.1" 200 27
114.95.241.104 - - [21/Sep/2023:09:39:18 +0800] "GET /xingrg/kc/buy/cgsh_order_operate.html?command=get_materiel&rest_code=00150&code=00101008286&supplier_code=00100008&order_time=2023-09-21 HTTP/1.1" 200 428
114.83.216.51 - - [21/Sep/2023:09:39:24 +0800] "GET /xingrg/kc/buy/cgsh_order_add.html HTTP/1.1" 200 72449
114.83.216.51 - - [21/Sep/2023:09:39:25 +0800] "POST /xingrg/kc/buy/cgsh_order_operate.html HTTP/1.1" 200 8245
114.83.216.51 - - [21/Sep/2023:09:39:25 +0800] "GET /xingrg/javascript/easyui/themes/default/validatebox.css HTTP/1.1" 404 1104
114.95.241.104 - - [21/Sep/2023:09:39:25 +0800] "GET /xingrg/kc/buy/cgsh_order_operate.html?command=get_materiel&rest_code=00150&code=00101008131&supplier_code=00100008&order_time=2023-09-21 HTTP/1.1" 200 409
222.70.107.161 - - [21/Sep/2023:09:39:27 +0800] "GET /xingrg/all/function/internal_message.html?_=1695260370971&CODE_STATE=getMsg HTTP/1.1" 200 27
180.152.241.196 - - [21/Sep/2023:09:39:32 +0800] "GET /xingrg/javascript/jquery_easy_ui/themes/default/images/tabs_active.png HTTP/1.1" 200 2894
114.95.241.104 - - [21/Sep/2023:09:39:33 +0800] "GET /xingrg/kc/buy/cgsh_order_operate.html?command=get_materiel&rest_code=00150&code=00101008694&supplier_code=00100008&order_time=2023-09-21 HTTP/1.1" 200 420
114.95.241.104 - - [21/Sep/2023:09:39:34 +0800] "POST /xingrg/kc/buy/cgsh_order_operate.html HTTP/1.1" 200 2065
180.152.241.196 - - [21/Sep/2023:09:39:35 +0800] "GET /xingrg/kc/buy/cgsh_order_add.html HTTP/1.1" 200 72396
124.78.155.92 - - [21/Sep/2023:09:39:35 +0800] "GET /xingrg/all/function/internal_message.html?_=1695260372444&CODE_STATE=getMsg HTTP/1.1" 200 27
180.152.241.196 - - [21/Sep/2023:09:39:35 +0800] "POST /xingrg/kc/buy/cgsh_order_operate.html HTTP/1.1" 200 8245
180.152.241.196 - - [21/Sep/2023:09:39:35 +0800] "GET /xingrg/javascript/easyui/themes/default/validatebox.css HTTP/1.1" 404 1104
180.152.241.196 - - [21/Sep/2023:09:39:36 +0800] "GET /xingrg/javascript/easyui/themes/default/tree.css HTTP/1.1" 404 1090
180.152.241.196 - - [21/Sep/2023:09:39:37 +0800] "POST /xingrg/all/common/load_tree.html?tree=supplier_tree_json&isDelete=1 HTTP/1.1" 200 75946
180.169.147.146 - - [21/Sep/2023:09:39:38 +0800] "GET /xingrg/all/function/internal_message.html?_=1695260379061&CODE_STATE=getMsg HTTP/1.1" 200 27
124.77.241.134 - - [21/Sep/2023:09:39:39 +0800] "POST /xingrg/services/DataTransmitService HTTP/1.1" 200 501
114.83.216.51 - - [21/Sep/2023:09:39:40 +0800] "GET /xingrg/all/function/internal_message.html?_=1695260378197&CODE_STATE=getMsg HTTP/1.1" 200 27
114.95.241.104 - - [21/Sep/2023:09:39:40 +0800] "GET /xingrg/kc/buy/cgsh_order_operate.html?command=get_materiel&rest_code=00150&code=00101008318&supplier_code=00100008&order_time=2023-09-21 HTTP/1.1" 200 408
114.95.241.104 - - [21/Sep/2023:09:39:43 +0800] "GET /xingrg/all/function/internal_message.html?_=1695260381953&CODE_STATE=getMsg HTTP/1.1" 200 27
124.77.241.134 - - [21/Sep/2023:09:39:48 +0800] "GET /xingrg/all/function/internal_message.html?_=1695260397896&CODE_STATE=getMsg HTTP/1.1" 200 27
101.83.145.37 - - [21/Sep/2023:09:39:48 +0800] "GET /xingrg/all/function/internal_message.html?_=1695260388373&CODE_STATE=getMsg HTTP/1.1" 200 27
114.95.241.104 - - [21/Sep/2023:09:39:49 +0800] "GET /xingrg/kc/buy/cgsh_order_operate.html?command=get_materiel&rest_code=00150&code=00101008005&supplier_code=00100008&order_time=2023-09-21 HTTP/1.1" 200 433
124.77.241.134 - - [21/Sep/2023:09:39:51 +0800] "POST /xingrg/services/DataTransmitService HTTP/1.1" 200 524
124.77.241.134 - - [21/Sep/2023:09:39:52 +0800] "POST /xingrg/services/DataTransmitService HTTP/1.1" 200 2335
124.77.241.134 - - [21/Sep/2023:09:39:54 +0800] "POST /xingrg/services/DataTransmitService HTTP/1.1" 200 524
124.77.241.134 - - [21/Sep/2023:09:39:55 +0800] "POST /xingrg/services/DataTransmitService HTTP/1.1" 200 2335
124.78.155.92 - - [21/Sep/2023:09:39:57 +0800] "GET /xingrg/kc/print/load_data.html?order_code=212023092108346&kc_code=cgsh HTTP/1.1" 200 11886
124.77.241.134 - - [21/Sep/2023:09:39:58 +0800] "POST /xingrg/services/DataTransmitService HTTP/1.1" 200 524
114.95.241.104 - - [21/Sep/2023:09:39:59 +0800] "GET /xingrg/kc/buy/cgsh_order_operate.html?command=get_materiel&rest_code=00150&code=00101008353&supplier_code=00100008&order_time=2023-09-21 HTTP/1.1" 200 408
124.77.241.134 - - [21/Sep/2023:09:39:59 +0800] "POST /xingrg/services/DataTransmitService HTTP/1.1" 200 2335
124.77.241.134 - - [21/Sep/2023:09:40:00 +0800] "POST /xingrg/services/DataTransmitService HTTP/1.1" 200 524
124.77.241.134 - - [21/Sep/2023:09:40:01 +0800] "POST /xingrg/services/DataTransmitService HTTP/1.1" 200 412
124.77.241.134 - - [21/Sep/2023:09:40:02 +0800] "POST /xingrg/services/DataTransmitService HTTP/1.1" 200 524
124.77.241.134 - - [21/Sep/2023:09:40:03 +0800] "POST /xingrg/services/DataTransmitService HTTP/1.1" 200 2335
124.77.241.134 - - [21/Sep/2023:09:40:06 +0800] "POST /xingrg/services/DataTransmitService HTTP/1.1" 200 524
124.77.241.134 - - [21/Sep/2023:09:40:07 +0800] "POST /xingrg/services/DataTransmitService HTTP/1.1" 200 2335
