124.77.241.134 - - [21/Sep/2023:10:43:39 +0800] "GET /xingrg/javascript/Calendar.js HTTP/1.1" 304 -
124.77.241.134 - - [21/Sep/2023:10:43:40 +0800] "GET /xingrg/javascript/jquery_easy_ui/themes/icons/edit_add_new.png HTTP/1.1" 304 -
124.77.241.134 - - [21/Sep/2023:10:43:40 +0800] "GET /xingrg/javascript/jquery_easy_ui/themes/icons/check_new.png HTTP/1.1" 304 -
124.77.241.134 - - [21/Sep/2023:10:43:40 +0800] "GET /xingrg/javascript/jquery_easy_ui/themes/icons/uncheck_new.png HTTP/1.1" 304 -
124.77.241.134 - - [21/Sep/2023:10:43:40 +0800] "GET /xingrg/javascript/jquery_easy_ui/themes/icons/cance_new.png HTTP/1.1" 304 -
101.83.145.37 - - [21/Sep/2023:10:43:43 +0800] "GET /xingrg/check_reg.html?_=1695264224005 HTTP/1.1" 200 22
124.77.241.134 - - [21/Sep/2023:10:43:44 +0800] "GET /xingrg/kc/mdqp/qqps_order_add.html HTTP/1.1" 200 28069
124.77.241.134 - - [21/Sep/2023:10:43:44 +0800] "GET /xingrg/javascript/tools/jquery.qtip-1.0.0-rc3.min.js HTTP/1.1" 304 -
124.77.241.134 - - [21/Sep/2023:10:43:44 +0800] "GET /xingrg/dwr/interface/AjaxComOrderService.js HTTP/1.1" 200 18264
124.77.241.134 - - [21/Sep/2023:10:43:44 +0800] "GET /xingrg/dwr/interface/AjaxQqpsService.js HTTP/1.1" 200 16326
124.77.241.134 - - [21/Sep/2023:10:43:44 +0800] "GET /xingrg/javascript/AjaxInfoList.js HTTP/1.1" 304 -
124.77.241.134 - - [21/Sep/2023:10:43:44 +0800] "GET /xingrg/javascript/Grid.js HTTP/1.1" 304 -
124.77.241.134 - - [21/Sep/2023:10:43:44 +0800] "GET /xingrg/dwr/engine.js HTTP/1.1" 200 43631
180.152.241.196 - - [21/Sep/2023:10:43:44 +0800] "POST /xingrg/dwr/call/plaincall/AjaxQqpsService.saveOrder.dwr HTTP/1.1" 200 78
124.77.241.134 - - [21/Sep/2023:10:43:45 +0800] "GET /xingrg/javascript/jquery_easy_ui/themes/icons/template_new.png HTTP/1.1" 304 -
124.77.241.134 - - [21/Sep/2023:10:43:45 +0800] "GET /xingrg/javascript/jquery_easy_ui/themes/icons/copy_new.png HTTP/1.1" 304 -
124.77.241.134 - - [21/Sep/2023:10:43:45 +0800] "GET /xingrg/javascript/jquery_easy_ui/themes/icons/ok.png HTTP/1.1" 304 -
124.77.241.134 - - [21/Sep/2023:10:43:45 +0800] "GET /xingrg/javascript/jquery_easy_ui/themes/default/images/combo_arrow_dot.gif HTTP/1.1" 304 -
124.77.241.134 - - [21/Sep/2023:10:43:45 +0800] "GET /xingrg/images/blue/button/kc_tab_add.gif HTTP/1.1" 304 -
124.77.241.134 - - [21/Sep/2023:10:43:45 +0800] "GET /xingrg/images/blue/button/kc_tab_edit.gif HTTP/1.1" 304 -
124.77.241.134 - - [21/Sep/2023:10:43:45 +0800] "GET /xingrg/images/blue/button/kc_tab_del.gif HTTP/1.1" 304 -
124.77.241.134 - - [21/Sep/2023:10:43:45 +0800] "GET /xingrg/images/blue/button/kc_tab_save.gif HTTP/1.1" 304 -
124.77.241.134 - - [21/Sep/2023:10:43:45 +0800] "GET /xingrg/images/blue/kc_tab_mid.gif HTTP/1.1" 304 -
124.77.241.134 - - [21/Sep/2023:10:43:45 +0800] "GET /xingrg/images/blue/kc_tab_right.gif HTTP/1.1" 304 -
124.77.241.134 - - [21/Sep/2023:10:43:45 +0800] "GET /xingrg/images/blue/kc_tab_left.gif HTTP/1.1" 304 -
124.77.241.134 - - [21/Sep/2023:10:43:45 +0800] "GET /xingrg/images/blue/kc_tab2_left.gif HTTP/1.1" 304 -
124.77.241.134 - - [21/Sep/2023:10:43:45 +0800] "GET /xingrg/images/blue/kc_tab2_right.gif HTTP/1.1" 304 -
180.165.48.189 - - [21/Sep/2023:10:43:46 +0800] "GET /xingrg/all/function/internal_message.html?_=1695264226351&CODE_STATE=getMsg HTTP/1.1" 200 27
101.83.145.37 - - [21/Sep/2023:10:43:46 +0800] "GET /xingrg/all/function/internal_message.html?_=1695264226928&CODE_STATE=getMsg HTTP/1.1" 200 27
124.78.155.92 - - [21/Sep/2023:10:43:49 +0800] "POST /xingrg/kc/base/wldb_order_operate.html HTTP/1.1" 200 37
124.78.155.92 - - [21/Sep/2023:10:43:50 +0800] "POST /xingrg/kc/base/wldb_order_operate.html HTTP/1.1" 200 6753
124.78.155.92 - - [21/Sep/2023:10:43:51 +0800] "GET /xingrg/kc/base/wldb_order_info.html?code=422023092102055 HTTP/1.1" 200 30472
124.78.155.92 - - [21/Sep/2023:10:43:51 +0800] "GET /xingrg/words/20230921103221_words.js HTTP/1.1" 304 -
124.78.155.92 - - [21/Sep/2023:10:43:51 +0800] "GET /xingrg/javascript/easyui/themes/default/validatebox.css HTTP/1.1" 404 1104
124.77.241.134 - - [21/Sep/2023:10:43:51 +0800] "GET /xingrg/all/function/internal_message.html?_=1695264241934&CODE_STATE=getMsg HTTP/1.1" 200 27
180.152.241.196 - - [21/Sep/2023:10:43:51 +0800] "POST /xingrg/dwr/call/plaincall/AjaxQqpsService.saveOrder.dwr HTTP/1.1" 200 78
124.78.155.92 - - [21/Sep/2023:10:43:51 +0800] "POST /xingrg/kc/base/wldb_order_operate.html HTTP/1.1" 200 6753
124.78.155.92 - - [21/Sep/2023:10:43:54 +0800] "GET /xingrg/kc/base/wldb_order_add.html HTTP/1.1" 200 30457
124.78.155.92 - - [21/Sep/2023:10:43:55 +0800] "POST /xingrg/kc/base/wldb_order_operate.html HTTP/1.1" 200 6806
124.78.155.92 - - [21/Sep/2023:10:43:55 +0800] "GET /xingrg/javascript/easyui/themes/default/validatebox.css HTTP/1.1" 404 1104
124.78.155.92 - - [21/Sep/2023:10:43:56 +0800] "POST /xingrg/all/common/load_combo.html?type=base HTTP/1.1" 200 3227
124.77.241.134 - - [21/Sep/2023:10:43:57 +0800] "GET /xingrg/images/blue/wait.gif HTTP/1.1" 304 -
124.77.241.134 - - [21/Sep/2023:10:43:58 +0800] "POST /xingrg/dwr/call/plaincall/AjaxQqpsService.saveOrder.dwr HTTP/1.1" 200 78
124.78.69.58 - - [21/Sep/2023:10:43:58 +0800] "GET /xingrg/all/function/internal_message.html?_=1695263667938&CODE_STATE=getMsg HTTP/1.1" 200 27
124.78.155.92 - - [21/Sep/2023:10:44:01 +0800] "POST /xingrg/all/common/load_combo.html?type=base HTTP/1.1" 200 3227
180.152.241.196 - - [21/Sep/2023:10:44:02 +0800] "POST /xingrg/dwr/call/plaincall/AjaxQqpsService.getMaterielByCode.dwr HTTP/1.1" 200 2729
124.77.241.134 - - [21/Sep/2023:10:44:07 +0800] "POST /xingrg/dwr/call/plaincall/AjaxQqpsService.getMaterielByCode.dwr HTTP/1.1" 200 2745
114.95.241.104 - - [21/Sep/2023:10:44:08 +0800] "GET /xingrg/kc/buy/cgsh_order_add.html HTTP/1.1" 200 71959
114.95.241.104 - - [21/Sep/2023:10:44:09 +0800] "GET /xingrg/words/20230921103221_words.js HTTP/1.1" 304 -
114.95.241.104 - - [21/Sep/2023:10:44:09 +0800] "POST /xingrg/kc/buy/cgsh_order_operate.html HTTP/1.1" 200 8245
114.95.241.104 - - [21/Sep/2023:10:44:09 +0800] "GET /xingrg/javascript/easyui/themes/default/validatebox.css HTTP/1.1" 404 1104
180.152.241.196 - - [21/Sep/2023:10:44:10 +0800] "POST /xingrg/dwr/call/plaincall/AjaxQqpsService.saveMaterielItem.dwr HTTP/1.1" 200 78
124.77.241.134 - - [21/Sep/2023:10:44:12 +0800] "POST /xingrg/dwr/call/plaincall/AjaxQqpsService.saveMaterielItem.dwr HTTP/1.1" 200 78
120.253.135.82 - - [21/Sep/2023:10:44:13 +0800] "GET /xingrg/all/function/internal_message.html?_=1695264056685&CODE_STATE=getMsg HTTP/1.1" 200 27
114.95.241.104 - - [21/Sep/2023:10:44:15 +0800] "GET /xingrg/all/function/internal_message.html?_=1695264253599&CODE_STATE=getMsg HTTP/1.1" 200 27
222.69.130.191 - - [21/Sep/2023:10:44:15 +0800] "GET /xingrg/all/function/internal_message.html?_=1695264257186&CODE_STATE=getMsg HTTP/1.1" 200 27
180.152.241.196 - - [21/Sep/2023:10:44:16 +0800] "POST /xingrg/dwr/call/plaincall/AjaxQqpsService.getMaterielByCode.dwr HTTP/1.1" 200 2762
124.77.241.134 - - [21/Sep/2023:10:44:18 +0800] "POST /xingrg/dwr/call/plaincall/AjaxQqpsService.getMaterielByCode.dwr HTTP/1.1" 200 2768
116.228.172.122 - - [21/Sep/2023:10:44:20 +0800] "GET /favicon.ico HTTP/1.1" 404 -
180.152.241.196 - - [21/Sep/2023:10:44:21 +0800] "POST /xingrg/dwr/call/plaincall/AjaxQqpsService.saveMaterielItem.dwr HTTP/1.1" 200 78
114.95.241.104 - - [21/Sep/2023:10:44:25 +0800] "GET /xingrg/kc/buy/cgsh_order_operate.html?command=get_materiel&rest_code=00151&code=00102013063&supplier_code=00100075&order_time=2023-09-21 HTTP/1.1" 200 399
124.77.241.134 - - [21/Sep/2023:10:44:25 +0800] "POST /xingrg/dwr/call/plaincall/AjaxQqpsService.saveMaterielItem.dwr HTTP/1.1" 200 78
222.70.107.161 - - [21/Sep/2023:10:44:27 +0800] "GET /xingrg/all/function/internal_message.html?_=1695264271103&CODE_STATE=getMsg HTTP/1.1" 200 27
180.163.30.100 - - [21/Sep/2023:10:44:33 +0800] "GET /xingrg/all/function/internal_message.html?_=1695264211037&CODE_STATE=getMsg HTTP/1.1" 302 -
180.163.30.100 - - [21/Sep/2023:10:44:33 +0800] "GET /xingrg/login.html HTTP/1.1" 200 7641
124.78.155.92 - - [21/Sep/2023:10:44:33 +0800] "GET /xingrg/all/function/internal_message.html?_=1695264271008&CODE_STATE=getMsg HTTP/1.1" 200 27
180.169.147.146 - - [21/Sep/2023:10:44:37 +0800] "GET /xingrg/all/function/internal_message.html?_=1695264278096&CODE_STATE=getMsg HTTP/1.1" 200 27
124.78.155.92 - - [21/Sep/2023:10:44:46 +0800] "GET /xingrg/all/function/internal_message.html?_=1695264288165&CODE_STATE=getMsg HTTP/1.1" 200 27
124.78.155.92 - - [21/Sep/2023:10:44:46 +0800] "GET /xingrg/check_reg.html?_=1695264288225 HTTP/1.1" 200 22
180.165.48.189 - - [21/Sep/2023:10:44:46 +0800] "GET /xingrg/all/function/internal_message.html?_=1695264286335&CODE_STATE=getMsg HTTP/1.1" 200 27
101.83.145.37 - - [21/Sep/2023:10:44:46 +0800] "GET /xingrg/all/function/internal_message.html?_=1695264286909&CODE_STATE=getMsg HTTP/1.1" 200 27
124.77.241.134 - - [21/Sep/2023:10:44:48 +0800] "POST /xingrg/dwr/call/plaincall/AjaxQqpsService.getMaterielByCode.dwr HTTP/1.1" 200 2759
124.77.241.134 - - [21/Sep/2023:10:44:51 +0800] "GET /xingrg/all/function/internal_message.html?_=1695264301946&CODE_STATE=getMsg HTTP/1.1" 200 27
124.77.241.134 - - [21/Sep/2023:10:44:53 +0800] "POST /xingrg/dwr/call/plaincall/AjaxQqpsService.saveMaterielItem.dwr HTTP/1.1" 200 78
124.78.69.58 - - [21/Sep/2023:10:44:58 +0800] "GET /xingrg/check_reg.html?_=1695263727938 HTTP/1.1" 200 22
124.78.69.58 - - [21/Sep/2023:10:44:58 +0800] "GET /xingrg/all/function/internal_message.html?_=1695263727940&CODE_STATE=getMsg HTTP/1.1" 200 27
114.95.241.104 - - [21/Sep/2023:10:45:00 +0800] "GET /xingrg/kc/buy/cgsh_order_operate.html?command=get_materiel&rest_code=00151&code=00102013080&supplier_code=00100075&order_time=2023-09-21 HTTP/1.1" 200 403
124.78.155.92 - - [21/Sep/2023:10:45:06 +0800] "GET /xingrg/kc/base/wldb_order_operate.html?command=get_materiel&rest_code=00106&base_code=0010396&code=00101016044 HTTP/1.1" 200 465
180.152.241.196 - - [21/Sep/2023:10:45:08 +0800] "POST /xingrg/dwr/call/plaincall/AjaxQqpsService.checkOrder.dwr HTTP/1.1" 200 78
124.79.244.212 - - [21/Sep/2023:10:45:08 +0800] "GET /xingrg/check_reg.html?_=1695264306938 HTTP/1.1" 302 -
180.152.241.196 - - [21/Sep/2023:10:45:09 +0800] "GET /xingrg/kc/mdqp/qqps_order_info.html?code=302023092100424 HTTP/1.1" 200 26706
180.152.241.196 - - [21/Sep/2023:10:45:09 +0800] "GET /xingrg/dwr/interface/AjaxComOrderService.js HTTP/1.1" 200 18264
180.152.241.196 - - [21/Sep/2023:10:45:09 +0800] "GET /xingrg/dwr/interface/AjaxQqpsService.js HTTP/1.1" 200 16326
180.152.241.196 - - [21/Sep/2023:10:45:09 +0800] "GET /xingrg/dwr/engine.js HTTP/1.1" 200 43631
180.152.241.196 - - [21/Sep/2023:10:45:09 +0800] "GET /xingrg/words/20230921103221_words.js HTTP/1.1" 304 -
180.152.241.196 - - [21/Sep/2023:10:45:10 +0800] "POST /xingrg/dwr/call/plaincall/AjaxQqpsService.loadMaterielItems.dwr HTTP/1.1" 200 662
120.253.135.82 - - [21/Sep/2023:10:45:13 +0800] "GET /xingrg/all/function/internal_message.html?_=1695264116697&CODE_STATE=getMsg HTTP/1.1" 200 27
222.69.130.191 - - [21/Sep/2023:10:45:15 +0800] "GET /xingrg/all/function/internal_message.html?_=1695264317187&CODE_STATE=getMsg HTTP/1.1" 200 27
114.95.241.104 - - [21/Sep/2023:10:45:21 +0800] "POST /xingrg/kc/buy/cgsh_order_operate.html HTTP/1.1" 200 37
222.70.107.161 - - [21/Sep/2023:10:45:27 +0800] "GET /xingrg/all/function/internal_message.html?_=1695264331106&CODE_STATE=getMsg HTTP/1.1" 200 27
114.95.241.104 - - [21/Sep/2023:10:45:29 +0800] "POST /xingrg/kc/buy/cgsh_order_operate.html HTTP/1.1" 200 12
124.78.155.92 - - [21/Sep/2023:10:45:33 +0800] "GET /xingrg/all/function/internal_message.html?_=1695264330999&CODE_STATE=getMsg HTTP/1.1" 200 27
124.77.241.134 - - [21/Sep/2023:10:45:34 +0800] "POST /xingrg/dwr/call/plaincall/AjaxQqpsService.getMaterielByCode.dwr HTTP/1.1" 200 2759
180.169.147.146 - - [21/Sep/2023:10:45:37 +0800] "GET /xingrg/all/function/internal_message.html?_=1695264338080&CODE_STATE=getMsg HTTP/1.1" 200 27
120.253.135.82 - - [21/Sep/2023:10:45:38 +0800] "GET /xingrg/kc/pszx/mdqp_order_list.html?state=10 HTTP/1.1" 200 12733
120.253.135.82 - - [21/Sep/2023:10:45:38 +0800] "GET /xingrg/dwr/interface/AjaxQqpsService.js HTTP/1.1" 200 16326
120.253.135.82 - - [21/Sep/2023:10:45:38 +0800] "GET /xingrg/dwr/interface/AjaxReportQueryService.js HTTP/1.1" 200 13203
120.253.135.82 - - [21/Sep/2023:10:45:38 +0800] "GET /xingrg/dwr/engine.js HTTP/1.1" 200 43631
124.77.241.134 - - [21/Sep/2023:10:45:40 +0800] "POST /xingrg/dwr/call/plaincall/AjaxQqpsService.saveMaterielItem.dwr HTTP/1.1" 200 78
120.253.135.82 - - [21/Sep/2023:10:45:43 +0800] "GET /xingrg/kc/pszx/mdqp_order_info.html?code=302023092100424 HTTP/1.1" 200 13338
120.253.135.82 - - [21/Sep/2023:10:45:43 +0800] "GET /xingrg/dwr/interface/AjaxComOrderService.js HTTP/1.1" 200 18264
120.253.135.82 - - [21/Sep/2023:10:45:43 +0800] "GET /xingrg/dwr/interface/AjaxQqpsService.js HTTP/1.1" 200 16326
120.253.135.82 - - [21/Sep/2023:10:45:43 +0800] "GET /xingrg/dwr/engine.js HTTP/1.1" 200 43631
120.253.135.82 - - [21/Sep/2023:10:45:44 +0800] "POST /xingrg/dwr/call/plaincall/AjaxQqpsService.loadMaterielItems.dwr HTTP/1.1" 200 662
124.78.155.92 - - [21/Sep/2023:10:45:45 +0800] "GET /xingrg/all/function/internal_message.html?_=1695264348138&CODE_STATE=getMsg HTTP/1.1" 200 27
180.165.48.189 - - [21/Sep/2023:10:45:46 +0800] "GET /xingrg/all/function/internal_message.html?_=1695264346317&CODE_STATE=getMsg HTTP/1.1" 200 27
101.83.145.37 - - [21/Sep/2023:10:45:46 +0800] "GET /xingrg/all/function/internal_message.html?_=1695264346914&CODE_STATE=getMsg HTTP/1.1" 200 27
180.165.48.189 - - [21/Sep/2023:10:45:47 +0800] "GET /xingrg/check_reg.html?_=1695264347267 HTTP/1.1" 200 22
124.77.241.134 - - [21/Sep/2023:10:45:51 +0800] "GET /xingrg/all/function/internal_message.html?_=1695264361960&CODE_STATE=getMsg HTTP/1.1" 200 27
124.78.69.58 - - [21/Sep/2023:10:45:58 +0800] "GET /xingrg/all/function/internal_message.html?_=1695263787944&CODE_STATE=getMsg HTTP/1.1" 200 27
124.78.155.92 - - [21/Sep/2023:10:46:09 +0800] "POST /xingrg/kc/base/wldb_order_operate.html HTTP/1.1" 200 37
124.78.155.92 - - [21/Sep/2023:10:46:10 +0800] "POST /xingrg/kc/base/wldb_order_operate.html HTTP/1.1" 200 4219
124.78.155.92 - - [21/Sep/2023:10:46:11 +0800] "GET /xingrg/kc/base/wldb_order_info.html?code=422023092102056 HTTP/1.1" 200 30472
124.78.155.92 - - [21/Sep/2023:10:46:11 +0800] "GET /xingrg/words/20230921103221_words.js HTTP/1.1" 304 -
124.78.155.92 - - [21/Sep/2023:10:46:12 +0800] "GET /xingrg/javascript/easyui/themes/default/validatebox.css HTTP/1.1" 404 1104
124.78.155.92 - - [21/Sep/2023:10:46:13 +0800] "POST /xingrg/kc/base/wldb_order_operate.html HTTP/1.1" 200 4219
120.253.135.82 - - [21/Sep/2023:10:46:13 +0800] "GET /xingrg/all/function/internal_message.html?_=1695264176711&CODE_STATE=getMsg HTTP/1.1" 200 27
222.69.130.191 - - [21/Sep/2023:10:46:15 +0800] "GET /xingrg/all/function/internal_message.html?_=1695264377177&CODE_STATE=getMsg HTTP/1.1" 200 27
222.69.130.191 - - [21/Sep/2023:10:46:15 +0800] "GET /xingrg/check_reg.html?_=1695264377181 HTTP/1.1" 200 22
124.78.155.92 - - [21/Sep/2023:10:46:19 +0800] "GET /xingrg/kc/base/wldb_order_add.html HTTP/1.1" 200 30457
124.78.155.92 - - [21/Sep/2023:10:46:19 +0800] "POST /xingrg/kc/base/wldb_order_operate.html HTTP/1.1" 200 6806
124.78.155.92 - - [21/Sep/2023:10:46:19 +0800] "GET /xingrg/javascript/easyui/themes/default/validatebox.css HTTP/1.1" 404 1104
124.78.155.92 - - [21/Sep/2023:10:46:20 +0800] "POST /xingrg/all/common/load_combo.html?type=base HTTP/1.1" 200 3227
180.152.241.196 - - [21/Sep/2023:10:46:21 +0800] "GET /xingrg/images/yd/bt2.gif HTTP/1.1" 404 1042
124.78.155.92 - - [21/Sep/2023:10:46:24 +0800] "POST /xingrg/all/common/load_combo.html?type=base HTTP/1.1" 200 3227
180.152.241.196 - - [21/Sep/2023:10:46:26 +0800] "GET /xingrg/kc/mdqp/qqps_order_list.html HTTP/1.1" 200 9664
180.152.241.196 - - [21/Sep/2023:10:46:26 +0800] "GET /xingrg/dwr/interface/AjaxQqpsService.js HTTP/1.1" 200 16326
180.152.241.196 - - [21/Sep/2023:10:46:26 +0800] "GET /xingrg/dwr/interface/AjaxReportQueryService.js HTTP/1.1" 200 13203
180.152.241.196 - - [21/Sep/2023:10:46:26 +0800] "GET /xingrg/dwr/engine.js HTTP/1.1" 200 43631
222.70.107.161 - - [21/Sep/2023:10:46:27 +0800] "GET /xingrg/all/function/internal_message.html?_=1695264391111&CODE_STATE=getMsg HTTP/1.1" 200 27
124.78.155.92 - - [21/Sep/2023:10:46:33 +0800] "GET /xingrg/all/function/internal_message.html?_=1695264390973&CODE_STATE=getMsg HTTP/1.1" 200 27
180.152.241.196 - - [21/Sep/2023:10:46:35 +0800] "GET /xingrg/kc/buy/cgsh_order_list.html HTTP/1.1" 200 56579
180.169.147.146 - - [21/Sep/2023:10:46:37 +0800] "GET /xingrg/all/function/internal_message.html?_=1695264398064&CODE_STATE=getMsg HTTP/1.1" 200 27
180.152.241.196 - - [21/Sep/2023:10:46:37 +0800] "POST /xingrg/kc/buy/cgsh_list_operate.html HTTP/1.1" 200 986
180.152.241.196 - - [21/Sep/2023:10:46:38 +0800] "GET /xingrg/kc/buy/cgsh_order_add.html HTTP/1.1" 200 72396
180.152.241.196 - - [21/Sep/2023:10:46:38 +0800] "GET /xingrg/words/20230921103221_words.js HTTP/1.1" 304 -
180.152.241.196 - - [21/Sep/2023:10:46:38 +0800] "POST /xingrg/kc/buy/cgsh_order_operate.html HTTP/1.1" 200 8245
180.152.241.196 - - [21/Sep/2023:10:46:38 +0800] "GET /xingrg/javascript/easyui/themes/default/validatebox.css HTTP/1.1" 404 1104
124.78.155.92 - - [21/Sep/2023:10:46:45 +0800] "GET /xingrg/all/function/internal_message.html?_=1695264408117&CODE_STATE=getMsg HTTP/1.1" 200 27
101.83.145.37 - - [21/Sep/2023:10:46:46 +0800] "GET /xingrg/all/function/internal_message.html?_=1695264406883&CODE_STATE=getMsg HTTP/1.1" 200 27
180.165.48.189 - - [21/Sep/2023:10:46:46 +0800] "GET /xingrg/all/function/internal_message.html?_=1695264406302&CODE_STATE=getMsg HTTP/1.1" 200 27
124.78.155.92 - - [21/Sep/2023:10:46:46 +0800] "GET /xingrg/kc/base/wldb_order_operate.html?command=get_materiel&rest_code=00106&base_code=0010396&code=00101019430 HTTP/1.1" 200 478
124.77.241.134 - - [21/Sep/2023:10:46:51 +0800] "GET /xingrg/all/function/internal_message.html?_=1695264421973&CODE_STATE=getMsg HTTP/1.1" 200 27
124.78.155.92 - - [21/Sep/2023:10:46:58 +0800] "POST /xingrg/kc/base/wldb_order_operate.html HTTP/1.1" 200 37
124.78.69.58 - - [21/Sep/2023:10:46:58 +0800] "GET /xingrg/all/function/internal_message.html?_=1695263847934&CODE_STATE=getMsg HTTP/1.1" 200 27
124.78.155.92 - - [21/Sep/2023:10:46:59 +0800] "POST /xingrg/kc/base/wldb_order_operate.html HTTP/1.1" 200 2221
124.78.155.92 - - [21/Sep/2023:10:47:00 +0800] "GET /xingrg/kc/base/wldb_order_info.html?code=422023092102057 HTTP/1.1" 200 30471
124.78.155.92 - - [21/Sep/2023:10:47:00 +0800] "GET /xingrg/javascript/easyui/themes/default/validatebox.css HTTP/1.1" 404 1104
124.78.155.92 - - [21/Sep/2023:10:47:01 +0800] "POST /xingrg/kc/base/wldb_order_operate.html HTTP/1.1" 200 2221
180.152.241.196 - - [21/Sep/2023:10:47:05 +0800] "GET /xingrg/check_reg.html?_=1695264426128 HTTP/1.1" 200 22
120.253.135.82 - - [21/Sep/2023:10:47:13 +0800] "GET /xingrg/all/function/internal_message.html?_=1695264236724&CODE_STATE=getMsg HTTP/1.1" 200 27
124.77.241.134 - - [21/Sep/2023:10:47:15 +0800] "POST /xingrg/dwr/call/plaincall/AjaxQqpsService.getMaterielByCode.dwr HTTP/1.1" 200 2754
124.78.155.92 - - [21/Sep/2023:10:47:15 +0800] "GET /xingrg/kc/base/base_main.html HTTP/1.1" 200 12142
222.69.130.191 - - [21/Sep/2023:10:47:15 +0800] "GET /xingrg/all/function/internal_message.html?_=1695264437189&CODE_STATE=getMsg HTTP/1.1" 200 27
124.78.155.92 - - [21/Sep/2023:10:47:17 +0800] "GET /xingrg/kc/base/wldb_order_list.html HTTP/1.1" 200 19174
124.78.155.92 - - [21/Sep/2023:10:47:18 +0800] "POST /xingrg/kc/base/wldb_list_operate.html HTTP/1.1" 200 2952
124.77.241.134 - - [21/Sep/2023:10:47:18 +0800] "POST /xingrg/dwr/call/plaincall/AjaxQqpsService.saveMaterielItem.dwr HTTP/1.1" 200 79
124.78.155.92 - - [21/Sep/2023:10:47:23 +0800] "GET /xingrg/kc/base/wldb_order_add.html HTTP/1.1" 200 30457
124.78.155.92 - - [21/Sep/2023:10:47:24 +0800] "POST /xingrg/kc/base/wldb_order_operate.html HTTP/1.1" 200 6806
124.78.155.92 - - [21/Sep/2023:10:47:24 +0800] "GET /xingrg/javascript/easyui/themes/default/validatebox.css HTTP/1.1" 404 1104
124.78.155.92 - - [21/Sep/2023:10:47:25 +0800] "POST /xingrg/all/common/load_combo.html?type=base HTTP/1.1" 200 3227
222.70.107.161 - - [21/Sep/2023:10:47:27 +0800] "GET /xingrg/all/function/internal_message.html?_=1695264451099&CODE_STATE=getMsg HTTP/1.1" 200 27
124.78.155.92 - - [21/Sep/2023:10:47:29 +0800] "POST /xingrg/all/common/load_combo.html?type=base HTTP/1.1" 200 3227
180.163.28.143 - - [21/Sep/2023:10:47:33 +0800] "GET /xingrg/all/function/internal_message.html?_=1695264390973&CODE_STATE=getMsg HTTP/1.1" 302 -
180.163.28.143 - - [21/Sep/2023:10:47:33 +0800] "GET /xingrg/login.html HTTP/1.1" 200 7641
124.78.155.92 - - [21/Sep/2023:10:47:33 +0800] "GET /xingrg/all/function/internal_message.html?_=1695264450943&CODE_STATE=getMsg HTTP/1.1" 200 27
180.169.147.146 - - [21/Sep/2023:10:47:37 +0800] "GET /xingrg/all/function/internal_message.html?_=1695264458048&CODE_STATE=getMsg HTTP/1.1" 200 27
180.157.174.225 - - [21/Sep/2023:10:47:38 +0800] "GET /xingrg/login_supplier.html HTTP/1.1" 200 3208
180.157.174.225 - - [21/Sep/2023:10:47:39 +0800] "GET /favicon.ico HTTP/1.1" 404 -
124.78.155.92 - - [21/Sep/2023:10:47:45 +0800] "GET /xingrg/all/function/internal_message.html?_=1695264468102&CODE_STATE=getMsg HTTP/1.1" 200 27
180.157.174.225 - - [21/Sep/2023:10:47:46 +0800] "POST /xingrg/login_supplier.html HTTP/1.1" 302 -
101.83.145.37 - - [21/Sep/2023:10:47:46 +0800] "GET /xingrg/all/function/internal_message.html?_=1695264466865&CODE_STATE=getMsg HTTP/1.1" 200 27
180.157.174.225 - - [21/Sep/2023:10:47:46 +0800] "GET /xingrg/supplier_index.html?sysBaseUrl=http%3A%2F%2F180.169.147.146%3A18081%2Fxingrg%2F&costTime=239×tamp=1695264466787 HTTP/1.1" 200 9061
180.165.48.189 - - [21/Sep/2023:10:47:46 +0800] "GET /xingrg/all/function/internal_message.html?_=1695264466287&CODE_STATE=getMsg HTTP/1.1" 200 27
180.157.174.225 - - [21/Sep/2023:10:47:47 +0800] "GET /favicon.ico HTTP/1.1" 404 -
124.77.241.134 - - [21/Sep/2023:10:47:49 +0800] "GET /xingrg/check_reg.html?_=1695264479334 HTTP/1.1" 200 22
180.157.174.225 - - [21/Sep/2023:10:47:49 +0800] "GET /xingrg/supplier/cgsh_order_list.html HTTP/1.1" 200 10896
124.77.241.134 - - [21/Sep/2023:10:47:51 +0800] "GET /xingrg/all/function/internal_message.html?_=1695264481987&CODE_STATE=getMsg HTTP/1.1" 200 27
180.157.174.225 - - [21/Sep/2023:10:47:53 +0800] "POST /xingrg/supplier/cgsh_list_operate.html HTTP/1.1" 200 6895
180.169.147.146 - - [21/Sep/2023:10:47:54 +0800] "GET /xingrg/check_reg.html?_=1695264475708 HTTP/1.1" 200 22
180.152.241.196 - - [21/Sep/2023:10:47:56 +0800] "GET /xingrg/kc/mdqp/qqps_order_list.html HTTP/1.1" 200 9664
180.152.241.196 - - [21/Sep/2023:10:47:56 +0800] "GET /xingrg/dwr/interface/AjaxQqpsService.js HTTP/1.1" 200 16326
180.152.241.196 - - [21/Sep/2023:10:47:56 +0800] "GET /xingrg/dwr/interface/AjaxReportQueryService.js HTTP/1.1" 200 13203
180.152.241.196 - - [21/Sep/2023:10:47:56 +0800] "GET /xingrg/dwr/engine.js HTTP/1.1" 200 43631
180.157.174.225 - - [21/Sep/2023:10:47:57 +0800] "GET /xingrg/javascript/jquery_tools/images/prev.gif HTTP/1.1" 404 1086
180.157.174.225 - - [21/Sep/2023:10:47:57 +0800] "GET /xingrg/javascript/jquery_tools/images/next.gif HTTP/1.1" 404 1086
124.78.69.58 - - [21/Sep/2023:10:47:58 +0800] "GET /xingrg/all/function/internal_message.html?_=1695263907934&CODE_STATE=getMsg HTTP/1.1" 200 27
180.152.241.196 - - [21/Sep/2023:10:47:59 +0800] "GET /xingrg/kc/mdqp/qqps_order_info.html?code=302023092100424 HTTP/1.1" 200 8212
180.152.241.196 - - [21/Sep/2023:10:47:59 +0800] "GET /xingrg/kc/mdqp/qqps_order_info.html?code=302023092100424 HTTP/1.1" 200 8212
180.152.241.196 - - [21/Sep/2023:10:47:59 +0800] "GET /xingrg/kc/mdqp/qqps_order_info.html?code=302023092100424 HTTP/1.1" 200 26706
180.152.241.196 - - [21/Sep/2023:10:47:59 +0800] "GET /xingrg/dwr/interface/AjaxComOrderService.js HTTP/1.1" 200 18264
180.152.241.196 - - [21/Sep/2023:10:47:59 +0800] "GET /xingrg/dwr/interface/AjaxQqpsService.js HTTP/1.1" 200 16326
180.152.241.196 - - [21/Sep/2023:10:47:59 +0800] "GET /xingrg/dwr/engine.js HTTP/1.1" 200 43631
180.152.241.196 - - [21/Sep/2023:10:48:00 +0800] "POST /xingrg/dwr/call/plaincall/AjaxQqpsService.loadMaterielItems.dwr HTTP/1.1" 200 662
180.152.241.196 - - [21/Sep/2023:10:48:05 +0800] "POST /xingrg/dwr/call/plaincall/AjaxQqpsService.uncheckOrder.dwr HTTP/1.1" 200 78
180.152.241.196 - - [21/Sep/2023:10:48:06 +0800] "GET /xingrg/kc/mdqp/qqps_order_info.html?code=302023092100424 HTTP/1.1" 200 28467
180.152.241.196 - - [21/Sep/2023:10:48:06 +0800] "GET /xingrg/css/blue.css HTTP/1.1" 304 -
180.152.241.196 - - [21/Sep/2023:10:48:06 +0800] "GET /xingrg/javascript/jquery_easy_ui/themes/icon.css HTTP/1.1" 304 -
180.152.241.196 - - [21/Sep/2023:10:48:06 +0800] "GET /xingrg/javascript/auto/jquery.autocomplete.css HTTP/1.1" 304 -
180.152.241.196 - - [21/Sep/2023:10:48:06 +0800] "GET /xingrg/javascript/jquery-1.4.2.min.js HTTP/1.1" 304 -
180.152.241.196 - - [21/Sep/2023:10:48:06 +0800] "GET /xingrg/javascript/jquery_easy_ui/jquery.easyui.min.js HTTP/1.1" 304 -
180.152.241.196 - - [21/Sep/2023:10:48:06 +0800] "GET /xingrg/javascript/jquery_easy_ui/easyui-lang-zh_CN.js HTTP/1.1" 304 -
180.152.241.196 - - [21/Sep/2023:10:48:06 +0800] "GET /xingrg/javascript/auto/jquery.autocomplete.js HTTP/1.1" 304 -
180.152.241.196 - - [21/Sep/2023:10:48:06 +0800] "GET /xingrg/javascript/tools/jquery.qtip-1.0.0-rc3.min.js HTTP/1.1" 304 -
180.152.241.196 - - [21/Sep/2023:10:48:06 +0800] "GET /xingrg/javascript/jquery.utils.js HTTP/1.1" 304 -
180.152.241.196 - - [21/Sep/2023:10:48:06 +0800] "GET /xingrg/javascript/pic_change.js HTTP/1.1" 304 -
180.152.241.196 - - [21/Sep/2023:10:48:06 +0800] "GET /xingrg/dwr/interface/AjaxComOrderService.js HTTP/1.1" 200 18264
180.152.241.196 - - [21/Sep/2023:10:48:06 +0800] "GET /xingrg/dwr/interface/AjaxQqpsService.js HTTP/1.1" 200 16326
180.152.241.196 - - [21/Sep/2023:10:48:06 +0800] "GET /xingrg/dwr/engine.js HTTP/1.1" 200 43631
180.152.241.196 - - [21/Sep/2023:10:48:07 +0800] "GET /xingrg/dwr/util.js HTTP/1.1" 304 -
180.152.241.196 - - [21/Sep/2023:10:48:07 +0800] "GET /xingrg/javascript/Calendar.js HTTP/1.1" 304 -
180.152.241.196 - - [21/Sep/2023:10:48:07 +0800] "GET /xingrg/javascript/myfunction.js HTTP/1.1" 304 -
180.152.241.196 - - [21/Sep/2023:10:48:07 +0800] "GET /xingrg/javascript/AjaxInfoList.js HTTP/1.1" 304 -
180.152.241.196 - - [21/Sep/2023:10:48:07 +0800] "GET /xingrg/javascript/Grid.js HTTP/1.1" 304 -
180.152.241.196 - - [21/Sep/2023:10:48:07 +0800] "GET /xingrg/javascript/ToolTips.js HTTP/1.1" 304 -
180.152.241.196 - - [21/Sep/2023:10:48:07 +0800] "GET /xingrg/javascript/print/kc_print.js HTTP/1.1" 304 -
180.152.241.196 - - [21/Sep/2023:10:48:07 +0800] "GET /xingrg/javascript/print/LodopFuncs.js HTTP/1.1" 304 -
180.152.241.196 - - [21/Sep/2023:10:48:07 +0800] "GET /xingrg/javascript/jquery_easy_ui/themes/default/easyui.css HTTP/1.1" 304 -
180.152.241.196 - - [21/Sep/2023:10:48:07 +0800] "GET /xingrg/javascript/jquery_easy_ui/themes/icon.css HTTP/1.1" 304 -
180.152.241.196 - - [21/Sep/2023:10:48:07 +0800] "GET /xingrg/words/20230921103221_words.js HTTP/1.1" 304 -
180.152.241.196 - - [21/Sep/2023:10:48:07 +0800] "GET /xingrg/images/blue/button/kc_tab_add.gif HTTP/1.1" 304 -
180.152.241.196 - - [21/Sep/2023:10:48:07 +0800] "GET /xingrg/images/blue/button/kc_tab_edit.gif HTTP/1.1" 304 -
180.152.241.196 - - [21/Sep/2023:10:48:07 +0800] "GET /xingrg/images/blue/button/kc_tab_save.gif HTTP/1.1" 304 -
180.152.241.196 - - [21/Sep/2023:10:48:07 +0800] "GET /xingrg/images/blue/button/kc_tab_del.gif HTTP/1.1" 304 -
180.152.241.196 - - [21/Sep/2023:10:48:07 +0800] "GET /xingrg/images/blue/wait.gif HTTP/1.1" 304 -
180.152.241.196 - - [21/Sep/2023:10:48:07 +0800] "POST /xingrg/dwr/call/plaincall/AjaxQqpsService.loadMaterielItems.dwr HTTP/1.1" 200 662
120.253.135.82 - - [21/Sep/2023:10:48:12 +0800] "GET /xingrg/check_reg.html?_=1695264295710 HTTP/1.1" 200 22
120.253.135.82 - - [21/Sep/2023:10:48:13 +0800] "GET /xingrg/all/function/internal_message.html?_=1695264296738&CODE_STATE=getMsg HTTP/1.1" 200 27
180.152.241.196 - - [21/Sep/2023:10:48:14 +0800] "POST /xingrg/dwr/call/plaincall/AjaxQqpsService.getMaterielByCode.dwr HTTP/1.1" 200 2777
222.69.130.191 - - [21/Sep/2023:10:48:15 +0800] "GET /xingrg/all/function/internal_message.html?_=1695264497189&CODE_STATE=getMsg HTTP/1.1" 200 27
180.152.241.196 - - [21/Sep/2023:10:48:16 +0800] "POST /xingrg/dwr/call/plaincall/AjaxQqpsService.saveMaterielItem.dwr HTTP/1.1" 200 78
180.157.174.225 - - [21/Sep/2023:10:48:17 +0800] "POST /xingrg/supplier/cgsh_list_operate.html HTTP/1.1" 200 6414
120.253.135.82 - - [21/Sep/2023:10:48:17 +0800] "GET /xingrg/kc/pszx/mdqp_order_list.html?isBack=1 HTTP/1.1" 302 -
120.253.135.82 - - [21/Sep/2023:10:48:17 +0800] "GET /xingrg/images/yd/bt.gif HTTP/1.1" 404 1040
120.253.135.82 - - [21/Sep/2023:10:48:17 +0800] "GET /xingrg/images/yd/bt2.gif HTTP/1.1" 404 1042
120.253.135.82 - - [21/Sep/2023:10:48:18 +0800] "GET /xingrg/kc/pszx/mdqp_order_list.html?state=10 HTTP/1.1" 200 12336
120.253.135.82 - - [21/Sep/2023:10:48:18 +0800] "GET /xingrg/dwr/interface/AjaxQqpsService.js HTTP/1.1" 200 16326
120.253.135.82 - - [21/Sep/2023:10:48:18 +0800] "GET /xingrg/dwr/interface/AjaxReportQueryService.js HTTP/1.1" 200 13203
120.253.135.82 - - [21/Sep/2023:10:48:18 +0800] "GET /xingrg/dwr/engine.js HTTP/1.1" 200 43631
180.152.241.196 - - [21/Sep/2023:10:48:20 +0800] "POST /xingrg/dwr/call/plaincall/AjaxQqpsService.getMaterielByCode.dwr HTTP/1.1" 200 2775
180.152.241.196 - - [21/Sep/2023:10:48:23 +0800] "POST /xingrg/dwr/call/plaincall/AjaxQqpsService.saveMaterielItem.dwr HTTP/1.1" 200 78
120.253.135.82 - - [21/Sep/2023:10:48:24 +0800] "GET /xingrg/kc/pszx/mdqp_order_list.html?state=10 HTTP/1.1" 200 12336
120.253.135.82 - - [21/Sep/2023:10:48:24 +0800] "GET /xingrg/dwr/interface/AjaxQqpsService.js HTTP/1.1" 200 16326
120.253.135.82 - - [21/Sep/2023:10:48:24 +0800] "GET /xingrg/dwr/interface/AjaxReportQueryService.js HTTP/1.1" 200 13203
120.253.135.82 - - [21/Sep/2023:10:48:24 +0800] "GET /xingrg/dwr/engine.js HTTP/1.1" 200 43631
180.152.241.196 - - [21/Sep/2023:10:48:26 +0800] "POST /xingrg/dwr/call/plaincall/AjaxQqpsService.checkOrder.dwr HTTP/1.1" 200 78
222.70.107.161 - - [21/Sep/2023:10:48:27 +0800] "GET /xingrg/all/function/internal_message.html?_=1695264511106&CODE_STATE=getMsg HTTP/1.1" 200 27
222.70.107.161 - - [21/Sep/2023:10:48:27 +0800] "GET /xingrg/check_reg.html?_=1695264511136 HTTP/1.1" 200 22
180.152.241.196 - - [21/Sep/2023:10:48:30 +0800] "GET /xingrg/kc/mdqp/qqps_order_info.html?code=302023092100424 HTTP/1.1" 200 26706
180.152.241.196 - - [21/Sep/2023:10:48:30 +0800] "GET /xingrg/dwr/interface/AjaxComOrderService.js HTTP/1.1" 200 18264
180.152.241.196 - - [21/Sep/2023:10:48:30 +0800] "GET /xingrg/dwr/interface/AjaxQqpsService.js HTTP/1.1" 200 16326
180.152.241.196 - - [21/Sep/2023:10:48:30 +0800] "GET /xingrg/dwr/engine.js HTTP/1.1" 200 43631
180.152.241.196 - - [21/Sep/2023:10:48:31 +0800] "POST /xingrg/dwr/call/plaincall/AjaxQqpsService.loadMaterielItems.dwr HTTP/1.1" 200 1311
120.253.135.82 - - [21/Sep/2023:10:48:32 +0800] "GET /xingrg/kc/pszx/mdps_order_list.html?orderType=0 HTTP/1.1" 200 21108
120.253.135.82 - - [21/Sep/2023:10:48:32 +0800] "POST /xingrg/kc/pszx/mdps_list_operate.html HTTP/1.1" 200 5285
124.78.155.92 - - [21/Sep/2023:10:48:33 +0800] "GET /xingrg/all/function/internal_message.html?_=1695264510917&CODE_STATE=getMsg HTTP/1.1" 200 27
124.78.155.92 - - [21/Sep/2023:10:48:35 +0800] "GET /xingrg/check_reg.html?_=1695264512404 HTTP/1.1" 200 22
180.169.147.146 - - [21/Sep/2023:10:48:37 +0800] "GET /xingrg/all/function/internal_message.html?_=1695264518032&CODE_STATE=getMsg HTTP/1.1" 200 27
120.253.135.82 - - [21/Sep/2023:10:48:37 +0800] "POST /xingrg/kc/pszx/mdps_list_operate.html HTTP/1.1" 200 4592
120.253.135.82 - - [21/Sep/2023:10:48:39 +0800] "POST /xingrg/kc/pszx/mdps_list_operate.html HTTP/1.1" 200 205
120.253.135.82 - - [21/Sep/2023:10:48:41 +0800] "POST /xingrg/kc/pszx/mdps_list_operate.html HTTP/1.1" 200 636
124.77.241.134 - - [21/Sep/2023:10:48:42 +0800] "POST /xingrg/dwr/call/plaincall/AjaxQqpsService.removeMaterielItem.dwr HTTP/1.1" 200 79
120.253.135.82 - - [21/Sep/2023:10:48:42 +0800] "POST /xingrg/kc/pszx/mdps_list_operate.html HTTP/1.1" 200 217
101.83.145.37 - - [21/Sep/2023:10:48:43 +0800] "GET /xingrg/check_reg.html?_=1695264524014 HTTP/1.1" 200 22
120.253.135.82 - - [21/Sep/2023:10:48:44 +0800] "POST /xingrg/kc/pszx/mdps_list_operate.html HTTP/1.1" 200 600
124.78.155.92 - - [21/Sep/2023:10:48:45 +0800] "GET /xingrg/all/function/internal_message.html?_=1695264528081&CODE_STATE=getMsg HTTP/1.1" 200 27
101.83.145.37 - - [21/Sep/2023:10:48:46 +0800] "GET /xingrg/all/function/internal_message.html?_=1695264526834&CODE_STATE=getMsg HTTP/1.1" 200 27
180.165.48.189 - - [21/Sep/2023:10:48:46 +0800] "GET /xingrg/all/function/internal_message.html?_=1695264526261&CODE_STATE=getMsg HTTP/1.1" 200 27
124.77.241.134 - - [21/Sep/2023:10:48:47 +0800] "POST /xingrg/dwr/call/plaincall/AjaxQqpsService.removeMaterielItem.dwr HTTP/1.1" 200 79
120.253.135.82 - - [21/Sep/2023:10:48:47 +0800] "POST /xingrg/kc/pszx/mdps_list_operate.html HTTP/1.1" 200 628
120.253.135.82 - - [21/Sep/2023:10:48:50 +0800] "POST /xingrg/kc/pszx/mdps_list_operate.html HTTP/1.1" 200 278
124.77.241.134 - - [21/Sep/2023:10:48:51 +0800] "GET /xingrg/all/function/internal_message.html?_=1695264542001&CODE_STATE=getMsg HTTP/1.1" 200 27
120.253.135.82 - - [21/Sep/2023:10:48:52 +0800] "POST /xingrg/kc/pszx/mdps_list_operate.html HTTP/1.1" 200 275
180.157.174.225 - - [21/Sep/2023:10:48:52 +0800] "POST /xingrg/supplier/cgsh_list_operate.html HTTP/1.1" 200 5752
180.152.241.196 - - [21/Sep/2023:10:48:52 +0800] "GET /xingrg/kc/mdqp/qqps_order_list.html?isBack=1 HTTP/1.1" 200 9673
180.152.241.196 - - [21/Sep/2023:10:48:53 +0800] "GET /xingrg/dwr/interface/AjaxQqpsService.js HTTP/1.1" 200 16326
180.152.241.196 - - [21/Sep/2023:10:48:53 +0800] "GET /xingrg/dwr/interface/AjaxReportQueryService.js HTTP/1.1" 200 13203
180.152.241.196 - - [21/Sep/2023:10:48:53 +0800] "GET /xingrg/dwr/engine.js HTTP/1.1" 200 43631
120.253.135.82 - - [21/Sep/2023:10:48:53 +0800] "POST /xingrg/kc/pszx/mdps_list_operate.html HTTP/1.1" 200 658
120.253.135.82 - - [21/Sep/2023:10:48:55 +0800] "POST /xingrg/kc/pszx/mdps_list_operate.html HTTP/1.1" 200 205
180.152.241.196 - - [21/Sep/2023:10:48:56 +0800] "GET /xingrg/kc/mdqp/qqps_order_info.html?code=302023092100424 HTTP/1.1" 200 8212
180.152.241.196 - - [21/Sep/2023:10:48:56 +0800] "GET /xingrg/kc/mdqp/qqps_order_info.html?code=302023092100424 HTTP/1.1" 200 26706
180.152.241.196 - - [21/Sep/2023:10:48:56 +0800] "GET /xingrg/dwr/interface/AjaxComOrderService.js HTTP/1.1" 200 18264
180.152.241.196 - - [21/Sep/2023:10:48:56 +0800] "GET /xingrg/dwr/interface/AjaxQqpsService.js HTTP/1.1" 200 16326
180.152.241.196 - - [21/Sep/2023:10:48:56 +0800] "GET /xingrg/dwr/engine.js HTTP/1.1" 200 43631
180.152.241.196 - - [21/Sep/2023:10:48:57 +0800] "POST /xingrg/dwr/call/plaincall/AjaxQqpsService.loadMaterielItems.dwr HTTP/1.1" 200 1311
222.69.130.191 - - [21/Sep/2023:10:48:57 +0800] "GET /xingrg/kc/buy/cgsh_order_add.html HTTP/1.1" 200 71565
222.69.130.191 - - [21/Sep/2023:10:48:57 +0800] "GET /xingrg/words/20230921103221_words.js HTTP/1.1" 200 987998
222.69.130.191 - - [21/Sep/2023:10:48:58 +0800] "POST /xingrg/kc/buy/cgsh_order_operate.html HTTP/1.1" 200 8245
222.69.130.191 - - [21/Sep/2023:10:48:58 +0800] "GET /xingrg/javascript/easyui/themes/default/validatebox.css HTTP/1.1" 404 1104
124.78.69.58 - - [21/Sep/2023:10:48:58 +0800] "GET /xingrg/all/function/internal_message.html?_=1695263967934&CODE_STATE=getMsg HTTP/1.1" 200 27
120.253.135.82 - - [21/Sep/2023:10:49:02 +0800] "GET /xingrg/kc/pszx/mdqp_order_list.html?state=10 HTTP/1.1" 200 12733
120.253.135.82 - - [21/Sep/2023:10:49:02 +0800] "GET /xingrg/dwr/interface/AjaxQqpsService.js HTTP/1.1" 200 16326
120.253.135.82 - - [21/Sep/2023:10:49:02 +0800] "GET /xingrg/dwr/interface/AjaxReportQueryService.js HTTP/1.1" 200 13203
120.253.135.82 - - [21/Sep/2023:10:49:02 +0800] "GET /xingrg/dwr/engine.js HTTP/1.1" 200 43631
180.152.241.196 - - [21/Sep/2023:10:49:03 +0800] "GET /xingrg/kc/mdqp/qqps_order_list.html?isBack=1 HTTP/1.1" 200 9673
180.152.241.196 - - [21/Sep/2023:10:49:03 +0800] "GET /xingrg/dwr/interface/AjaxQqpsService.js HTTP/1.1" 200 16326
180.152.241.196 - - [21/Sep/2023:10:49:03 +0800] "GET /xingrg/dwr/interface/AjaxReportQueryService.js HTTP/1.1" 200 13203
180.152.241.196 - - [21/Sep/2023:10:49:03 +0800] "GET /xingrg/dwr/engine.js HTTP/1.1" 200 43631
120.253.135.82 - - [21/Sep/2023:10:49:05 +0800] "GET /xingrg/kc/pszx/mdqp_order_info.html?code=302023092100424 HTTP/1.1" 200 13338
120.253.135.82 - - [21/Sep/2023:10:49:05 +0800] "GET /xingrg/dwr/interface/AjaxComOrderService.js HTTP/1.1" 200 18264
120.253.135.82 - - [21/Sep/2023:10:49:05 +0800] "GET /xingrg/dwr/interface/AjaxQqpsService.js HTTP/1.1" 200 16326
120.253.135.82 - - [21/Sep/2023:10:49:05 +0800] "GET /xingrg/dwr/engine.js HTTP/1.1" 200 43631
120.253.135.82 - - [21/Sep/2023:10:49:05 +0800] "POST /xingrg/dwr/call/plaincall/AjaxQqpsService.loadMaterielItems.dwr HTTP/1.1" 200 1311
120.253.135.82 - - [21/Sep/2023:10:49:13 +0800] "GET /xingrg/all/function/internal_message.html?_=1695264356751&CODE_STATE=getMsg HTTP/1.1" 200 27
222.69.130.191 - - [21/Sep/2023:10:49:15 +0800] "GET /xingrg/all/function/internal_message.html?_=1695264557189&CODE_STATE=getMsg HTTP/1.1" 200 27
180.157.174.225 - - [21/Sep/2023:10:49:16 +0800] "POST /xingrg/supplier/cgsh_list_operate.html HTTP/1.1" 200 5279
222.69.130.191 - - [21/Sep/2023:10:49:22 +0800] "GET /xingrg/kc/buy/cgsh_order_operate.html?command=get_materiel&rest_code=00154&code=00101023064&supplier_code=00100151&order_time=2023-09-21 HTTP/1.1" 200 429
120.253.135.82 - - [21/Sep/2023:10:49:26 +0800] "GET /xingrg/images/yd/bt.gif HTTP/1.1" 404 1040
222.70.107.161 - - [21/Sep/2023:10:49:27 +0800] "GET /xingrg/all/function/internal_message.html?_=1695264571125&CODE_STATE=getMsg HTTP/1.1" 200 27
180.157.174.225 - - [21/Sep/2023:10:49:28 +0800] "POST /xingrg/supplier/cgsh_list_operate.html HTTP/1.1" 200 5751
120.253.135.82 - - [21/Sep/2023:10:49:29 +0800] "GET /xingrg/kc/pszx/mdqp_order_list.html?isBack=1 HTTP/1.1" 302 -
120.253.135.82 - - [21/Sep/2023:10:49:29 +0800] "GET /xingrg/images/yd/bt2.gif HTTP/1.1" 404 1042
120.253.135.82 - - [21/Sep/2023:10:49:29 +0800] "GET /xingrg/kc/pszx/mdqp_order_list.html?state=10 HTTP/1.1" 200 12733
120.253.135.82 - - [21/Sep/2023:10:49:29 +0800] "GET /xingrg/dwr/interface/AjaxQqpsService.js HTTP/1.1" 200 16326
120.253.135.82 - - [21/Sep/2023:10:49:29 +0800] "GET /xingrg/dwr/interface/AjaxReportQueryService.js HTTP/1.1" 200 13203
120.253.135.82 - - [21/Sep/2023:10:49:29 +0800] "GET /xingrg/dwr/engine.js HTTP/1.1" 200 43631
124.78.155.92 - - [21/Sep/2023:10:49:33 +0800] "GET /xingrg/all/function/internal_message.html?_=1695264570892&CODE_STATE=getMsg HTTP/1.1" 200 27
180.169.147.146 - - [21/Sep/2023:10:49:37 +0800] "GET /xingrg/all/function/internal_message.html?_=1695264578015&CODE_STATE=getMsg HTTP/1.1" 200 27
120.253.135.82 - - [21/Sep/2023:10:49:39 +0800] "GET /xingrg/kc/pszx/jzcl_ps.html HTTP/1.1" 200 7683
120.253.135.82 - - [21/Sep/2023:10:49:39 +0800] "GET /xingrg/javascript/step/step.css HTTP/1.1" 304 -
120.253.135.82 - - [21/Sep/2023:10:49:39 +0800] "GET /xingrg/css/table.css HTTP/1.1" 304 -
120.253.135.82 - - [21/Sep/2023:10:49:39 +0800] "GET /xingrg/javascript/step/images/navCurrentBtn.gif HTTP/1.1" 304 -
120.253.135.82 - - [21/Sep/2023:10:49:39 +0800] "GET /xingrg/javascript/jquery_easy_ui/themes/default/images/button_a_bg.gif HTTP/1.1" 304 -
120.253.135.82 - - [21/Sep/2023:10:49:39 +0800] "GET /xingrg/javascript/jquery_easy_ui/themes/default/images/button_span_bg.gif HTTP/1.1" 304 -
120.253.135.82 - - [21/Sep/2023:10:49:39 +0800] "GET /xingrg/javascript/jquery_easy_ui/themes/icons/search.png HTTP/1.1" 304 -
120.253.135.82 - - [21/Sep/2023:10:49:39 +0800] "GET /xingrg/javascript/jquery_easy_ui/themes/default/images/combo_arrow_dot.gif HTTP/1.1" 304 -
120.253.135.82 - - [21/Sep/2023:10:49:39 +0800] "GET /xingrg/javascript/jquery_easy_ui/themes/default/images/calendar_prevmonth.gif HTTP/1.1" 304 -
120.253.135.82 - - [21/Sep/2023:10:49:39 +0800] "GET /xingrg/javascript/jquery_easy_ui/themes/default/images/calendar_prevyear.gif HTTP/1.1" 304 -
120.253.135.82 - - [21/Sep/2023:10:49:39 +0800] "GET /xingrg/javascript/jquery_easy_ui/themes/default/images/calendar_nextmonth.gif HTTP/1.1" 304 -
120.253.135.82 - - [21/Sep/2023:10:49:39 +0800] "GET /xingrg/javascript/jquery_easy_ui/themes/default/images/calendar_nextyear.gif HTTP/1.1" 304 -
120.253.135.82 - - [21/Sep/2023:10:49:39 +0800] "POST /xingrg/all/common/load_tree.html?tree=area_rest_tree_json HTTP/1.1" 200 3499
120.253.135.82 - - [21/Sep/2023:10:49:39 +0800] "GET /xingrg/javascript/jquery_easy_ui/themes/default/images/datagrid_header_bg.gif HTTP/1.1" 304 -
120.253.135.82 - - [21/Sep/2023:10:49:39 +0800] "GET /xingrg/javascript/jquery_easy_ui/themes/default/images/pagination_loading.gif HTTP/1.1" 304 -
120.253.135.82 - - [21/Sep/2023:10:49:39 +0800] "GET /xingrg/javascript/jquery_easy_ui/themes/default/images/tree_checkbox_0.gif HTTP/1.1" 304 -
120.253.135.82 - - [21/Sep/2023:10:49:40 +0800] "GET /xingrg/javascript/jquery_easy_ui/themes/icons/rest.png HTTP/1.1" 304 -
120.253.135.82 - - [21/Sep/2023:10:49:40 +0800] "POST /xingrg/kc/pszx/jzcl_ps_operate.html HTTP/1.1" 200 2531
120.253.135.82 - - [21/Sep/2023:10:49:40 +0800] "POST /xingrg/kc/pszx/jzcl_ps_operate.html HTTP/1.1" 200 2531
124.78.155.92 - - [21/Sep/2023:10:49:45 +0800] "GET /xingrg/all/function/internal_message.html?_=1695264588054&CODE_STATE=getMsg HTTP/1.1" 200 27
124.78.155.92 - - [21/Sep/2023:10:49:46 +0800] "GET /xingrg/check_reg.html?_=1695264588229 HTTP/1.1" 200 22
180.165.48.189 - - [21/Sep/2023:10:49:46 +0800] "GET /xingrg/all/function/internal_message.html?_=1695264586239&CODE_STATE=getMsg HTTP/1.1" 200 27
101.83.145.37 - - [21/Sep/2023:10:49:46 +0800] "GET /xingrg/all/function/internal_message.html?_=1695264586803&CODE_STATE=getMsg HTTP/1.1" 200 27
120.253.135.82 - - [21/Sep/2023:10:49:50 +0800] "POST /xingrg/kc/pszx/jzcl_ps_operate.html HTTP/1.1" 200 4
120.253.135.82 - - [21/Sep/2023:10:49:50 +0800] "GET /xingrg/javascript/step/images/navBtn.gif HTTP/1.1" 200 361
120.253.135.82 - - [21/Sep/2023:10:49:50 +0800] "GET /xingrg/javascript/step/images/navDoneBtn.gif HTTP/1.1" 304 -
120.253.135.82 - - [21/Sep/2023:10:49:50 +0800] "GET /xingrg/javascript/step/images/navBtn.gif HTTP/1.1" 200 361
120.253.135.82 - - [21/Sep/2023:10:49:50 +0800] "GET /xingrg/javascript/step/images/navLastDoneBtn.gif HTTP/1.1" 304 -
124.77.241.134 - - [21/Sep/2023:10:49:51 +0800] "GET /xingrg/all/function/internal_message.html?_=1695264602014&CODE_STATE=getMsg HTTP/1.1" 200 27
120.253.135.82 - - [21/Sep/2023:10:49:52 +0800] "GET /xingrg/kc/pszx/mdps_order_list.html HTTP/1.1" 200 21108
120.253.135.82 - - [21/Sep/2023:10:49:52 +0800] "POST /xingrg/kc/pszx/jzcl_ps_operate.html HTTP/1.1" 200 2098
120.253.135.82 - - [21/Sep/2023:10:49:52 +0800] "POST /xingrg/kc/pszx/mdps_list_operate.html HTTP/1.1" 200 5285
124.77.241.134 - - [21/Sep/2023:10:49:55 +0800] "POST /xingrg/dwr/call/plaincall/AjaxQqpsService.saveOrder.dwr HTTP/1.1" 200 79
120.253.135.82 - - [21/Sep/2023:10:49:57 +0800] "POST /xingrg/kc/pszx/mdps_list_operate.html HTTP/1.1" 200 4955
124.78.69.58 - - [21/Sep/2023:10:49:58 +0800] "GET /xingrg/all/function/internal_message.html?_=1695264027934&CODE_STATE=getMsg HTTP/1.1" 200 27
124.78.69.58 - - [21/Sep/2023:10:49:58 +0800] "GET /xingrg/check_reg.html?_=1695264027936 HTTP/1.1" 200 22
120.253.135.82 - - [21/Sep/2023:10:50:00 +0800] "POST /xingrg/kc/pszx/mdps_list_operate.html HTTP/1.1" 200 465
120.253.135.82 - - [21/Sep/2023:10:50:02 +0800] "POST /xingrg/kc/pszx/mdps_list_operate.html HTTP/1.1" 200 205
120.253.135.82 - - [21/Sep/2023:10:50:05 +0800] "GET /xingrg/kc/pszx/mdps_order_info.html?code=312023092100500 HTTP/1.1" 200 23972
120.253.135.82 - - [21/Sep/2023:10:50:05 +0800] "GET /xingrg/javascript/easyui/themes/default/validatebox.css HTTP/1.1" 404 1104
120.253.135.82 - - [21/Sep/2023:10:50:06 +0800] "POST /xingrg/kc/pszx/mdps_order_operate.html HTTP/1.1" 200 3807
124.79.244.212 - - [21/Sep/2023:10:50:08 +0800] "GET /xingrg/check_reg.html?_=1695264606932 HTTP/1.1" 302 -
120.253.135.82 - - [21/Sep/2023:10:50:09 +0800] "POST /xingrg/kc/pszx/mdps_order_operate.html HTTP/1.1" 200 37
124.77.241.134 - - [21/Sep/2023:10:50:10 +0800] "POST /xingrg/dwr/call/plaincall/AjaxQqpsService.checkOrder.dwr HTTP/1.1" 200 79
120.253.135.82 - - [21/Sep/2023:10:50:11 +0800] "GET /xingrg/kc/pszx/mdps_order_info.html?code=312023092100500 HTTP/1.1" 200 23972
120.253.135.82 - - [21/Sep/2023:10:50:11 +0800] "GET /xingrg/javascript/easyui/themes/default/validatebox.css HTTP/1.1" 404 1104
120.253.135.82 - - [21/Sep/2023:10:50:12 +0800] "POST /xingrg/kc/pszx/mdps_order_operate.html HTTP/1.1" 200 3837
124.77.241.134 - - [21/Sep/2023:10:50:12 +0800] "GET /xingrg/kc/mdqp/qqps_order_info.html?code=302023092100425 HTTP/1.1" 200 26472
124.77.241.134 - - [21/Sep/2023:10:50:12 +0800] "GET /xingrg/dwr/interface/AjaxComOrderService.js HTTP/1.1" 200 18264
124.77.241.134 - - [21/Sep/2023:10:50:12 +0800] "GET /xingrg/dwr/interface/AjaxQqpsService.js HTTP/1.1" 200 16326
124.77.241.134 - - [21/Sep/2023:10:50:12 +0800] "GET /xingrg/dwr/engine.js HTTP/1.1" 200 43631
120.253.135.82 - - [21/Sep/2023:10:50:13 +0800] "GET /xingrg/all/function/internal_message.html?_=1695264416773&CODE_STATE=getMsg HTTP/1.1" 200 27
124.77.241.134 - - [21/Sep/2023:10:50:14 +0800] "POST /xingrg/dwr/call/plaincall/AjaxQqpsService.loadMaterielItems.dwr HTTP/1.1" 200 1393
222.69.130.191 - - [21/Sep/2023:10:50:15 +0800] "GET /xingrg/all/function/internal_message.html?_=1695264617191&CODE_STATE=getMsg HTTP/1.1" 200 27
222.69.130.191 - - [21/Sep/2023:10:50:19 +0800] "GET /xingrg/kc/buy/cgsh_order_operate.html?command=get_materiel&rest_code=00154&code=00101010092&supplier_code=00100151&order_time=2023-09-21 HTTP/1.1" 200 451
120.253.135.82 - - [21/Sep/2023:10:50:24 +0800] "POST /xingrg/kc/pszx/mdps_order_operate.html HTTP/1.1" 200 37
120.253.135.82 - - [21/Sep/2023:10:50:25 +0800] "GET /xingrg/kc/pszx/mdps_order_info.html?code=312023092100500 HTTP/1.1" 200 23972
120.253.135.82 - - [21/Sep/2023:10:50:26 +0800] "GET /xingrg/javascript/easyui/themes/default/validatebox.css HTTP/1.1" 404 1104
222.69.130.191 - - [21/Sep/2023:10:50:26 +0800] "POST /xingrg/all/common/load_select.html HTTP/1.1" 200 25
120.253.135.82 - - [21/Sep/2023:10:50:26 +0800] "POST /xingrg/kc/pszx/mdps_order_operate.html HTTP/1.1" 200 3317
222.70.107.161 - - [21/Sep/2023:10:50:27 +0800] "GET /xingrg/all/function/internal_message.html?_=1695264631128&CODE_STATE=getMsg HTTP/1.1" 200 27
222.69.130.191 - - [21/Sep/2023:10:50:31 +0800] "GET /xingrg/kc/buy/cgsh_order_operate.html?command=get_materiel_price&rest_code=00154&code=00101010092&unit_code=00100043&supplier_code=00100151&order_time=2023-09-21 HTTP/1.1" 200 29
124.78.155.92 - - [21/Sep/2023:10:50:33 +0800] "GET /xingrg/all/function/internal_message.html?_=1695264630877&CODE_STATE=getMsg HTTP/1.1" 200 27
120.253.135.82 - - [21/Sep/2023:10:50:35 +0800] "GET /xingrg/kc/pszx/mdps_order_info.html?code=312023092100500 HTTP/1.1" 200 23972
120.253.135.82 - - [21/Sep/2023:10:50:35 +0800] "GET /xingrg/javascript/easyui/themes/default/validatebox.css HTTP/1.1" 404 1104
120.253.135.82 - - [21/Sep/2023:10:50:36 +0800] "POST /xingrg/kc/pszx/mdps_order_operate.html HTTP/1.1" 200 3317
180.169.147.146 - - [21/Sep/2023:10:50:37 +0800] "GET /xingrg/all/function/internal_message.html?_=1695264637999&CODE_STATE=getMsg HTTP/1.1" 200 27
120.253.135.82 - - [21/Sep/2023:10:50:41 +0800] "GET /xingrg/kc/print/load_data.html?order_code=312023092100500&kc_code=mdps&condition= HTTP/1.1" 200 1172
124.78.155.92 - - [21/Sep/2023:10:50:45 +0800] "GET /xingrg/all/function/internal_message.html?_=1695264648038&CODE_STATE=getMsg HTTP/1.1" 200 27
101.83.145.37 - - [21/Sep/2023:10:50:46 +0800] "GET /xingrg/all/function/internal_message.html?_=1695264646771&CODE_STATE=getMsg HTTP/1.1" 200 27
180.165.48.189 - - [21/Sep/2023:10:50:46 +0800] "GET /xingrg/all/function/internal_message.html?_=1695264646219&CODE_STATE=getMsg HTTP/1.1" 200 27
180.165.48.189 - - [21/Sep/2023:10:50:47 +0800] "GET /xingrg/check_reg.html?_=1695264647251 HTTP/1.1" 200 22
124.77.241.134 - - [21/Sep/2023:10:50:51 +0800] "GET /xingrg/all/function/internal_message.html?_=1695264662027&CODE_STATE=getMsg HTTP/1.1" 200 27
124.78.69.58 - - [21/Sep/2023:10:50:58 +0800] "GET /xingrg/all/function/internal_message.html?_=1695264087934&CODE_STATE=getMsg HTTP/1.1" 200 27
222.69.130.191 - - [21/Sep/2023:10:51:04 +0800] "GET /xingrg/kc/buy/cgsh_order_operate.html?command=get_materiel&rest_code=00154&code=00101010174&supplier_code=00100151&order_time=2023-09-21 HTTP/1.1" 200 421
124.78.155.92 - - [21/Sep/2023:10:51:08 +0800] "GET /xingrg/kc/buy/buy_main.html HTTP/1.1" 200 12412
124.78.155.92 - - [21/Sep/2023:10:51:08 +0800] "GET /xingrg/css/new_ie.css HTTP/1.1" 404 1036
124.78.155.92 - - [21/Sep/2023:10:51:09 +0800] "GET /xingrg/kc/mdqp/qp_main.html HTTP/1.1" 200 10633
120.253.135.82 - - [21/Sep/2023:10:51:13 +0800] "GET /xingrg/all/function/internal_message.html?_=1695264476834&CODE_STATE=getMsg HTTP/1.1" 200 27
222.69.130.191 - - [21/Sep/2023:10:51:15 +0800] "GET /xingrg/check_reg.html?_=1695264677196 HTTP/1.1" 200 22
222.69.130.191 - - [21/Sep/2023:10:51:15 +0800] "GET /xingrg/all/function/internal_message.html?_=1695264677201&CODE_STATE=getMsg HTTP/1.1" 200 27
124.78.155.92 - - [21/Sep/2023:10:51:17 +0800] "GET /xingrg/login.html HTTP/1.1" 200 7641
124.78.155.92 - - [21/Sep/2023:10:51:19 +0800] "GET /favicon.ico HTTP/1.1" 404 -
