101.83.145.37 - - [21/Sep/2023:08:48:19 +0800] "GET /xingrg/kc/buy/cgsh_order_operate.html?command=get_materiel&rest_code=00105&code=00101008041&supplier_code=00100005&order_time=2023-09-21 HTTP/1.1" 200 408
124.77.241.134 - - [21/Sep/2023:08:48:23 +0800] "GET /xingrg/kc/buy/cgsh_order_operate.html?command=get_materiel&rest_code=00146&code=00101008257&supplier_code=00100635&order_time=2023-09-21 HTTP/1.1" 200 416
101.83.145.37 - - [21/Sep/2023:08:48:31 +0800] "POST /xingrg/kc/buy/cgsh_order_operate.html HTTP/1.1" 200 2065
101.83.145.37 - - [21/Sep/2023:08:48:32 +0800] "POST /xingrg/kc/buy/cgsh_order_operate.html HTTP/1.1" 200 2065
124.78.155.92 - - [21/Sep/2023:08:48:33 +0800] "GET /xingrg/check_reg.html?_=1695257310878 HTTP/1.1" 200 22
101.83.145.37 - - [21/Sep/2023:08:48:33 +0800] "POST /xingrg/kc/buy/cgsh_order_operate.html HTTP/1.1" 200 2065
124.78.155.92 - - [21/Sep/2023:08:48:35 +0800] "GET /xingrg/all/function/internal_message.html?_=1695257312398&CODE_STATE=getMsg HTTP/1.1" 200 27
180.163.29.234 - - [21/Sep/2023:08:48:38 +0800] "GET /xingrg/all/function/internal_message.html?_=1695257252417&CODE_STATE=getMsg HTTP/1.1" 302 -
180.163.29.234 - - [21/Sep/2023:08:48:38 +0800] "GET /xingrg/login.html HTTP/1.1" 200 7641
180.169.147.146 - - [21/Sep/2023:08:48:38 +0800] "GET /xingrg/all/function/internal_message.html?_=1695257319800&CODE_STATE=getMsg HTTP/1.1" 200 27
124.77.241.134 - - [21/Sep/2023:08:48:40 +0800] "GET /xingrg/kc/buy/cgsh_order_operate.html?command=get_materiel&rest_code=00146&code=00101008350&supplier_code=00100635&order_time=2023-09-21 HTTP/1.1" 200 408
101.83.145.37 - - [21/Sep/2023:08:48:42 +0800] "GET /xingrg/kc/buy/cgsh_order_operate.html?command=get_materiel&rest_code=00105&code=00101008261&supplier_code=00100005&order_time=2023-09-21 HTTP/1.1" 200 429
124.77.241.134 - - [21/Sep/2023:08:48:45 +0800] "GET /xingrg/all/function/internal_message.html?_=1695257335284&CODE_STATE=getMsg HTTP/1.1" 200 27
101.83.145.37 - - [21/Sep/2023:08:48:49 +0800] "GET /xingrg/kc/buy/cgsh_order_operate.html?command=get_materiel&rest_code=00105&code=00101008155&supplier_code=00100005&order_time=2023-09-21 HTTP/1.1" 200 428
124.77.241.134 - - [21/Sep/2023:08:49:03 +0800] "POST /xingrg/kc/buy/cgsh_order_operate.html HTTP/1.1" 200 37
101.83.145.37 - - [21/Sep/2023:08:49:04 +0800] "GET /xingrg/kc/buy/cgsh_order_operate.html?command=get_materiel&rest_code=00105&code=00101008331&supplier_code=00100005&order_time=2023-09-21 HTTP/1.1" 200 416
124.77.241.134 - - [21/Sep/2023:08:49:07 +0800] "POST /xingrg/kc/buy/cgsh_order_operate.html HTTP/1.1" 200 17461
101.83.145.37 - - [21/Sep/2023:08:49:08 +0800] "GET /xingrg/all/function/internal_message.html?_=1695257348931&CODE_STATE=getMsg HTTP/1.1" 200 27
222.69.130.191 - - [21/Sep/2023:08:49:16 +0800] "GET /xingrg/all/function/internal_message.html?_=1695257357179&CODE_STATE=getMsg HTTP/1.1" 200 27
101.83.145.37 - - [21/Sep/2023:08:49:16 +0800] "GET /xingrg/kc/buy/cgsh_order_operate.html?command=get_materiel&rest_code=00105&code=00101008351&supplier_code=00100005&order_time=2023-09-21 HTTP/1.1" 200 428
101.83.145.37 - - [21/Sep/2023:08:49:25 +0800] "GET /xingrg/kc/buy/cgsh_order_operate.html?command=get_materiel&rest_code=00105&code=00101008502&supplier_code=00100005&order_time=2023-09-21 HTTP/1.1" 200 412
101.83.145.37 - - [21/Sep/2023:08:49:34 +0800] "GET /xingrg/kc/buy/cgsh_order_operate.html?command=get_materiel&rest_code=00105&code=00101008003&supplier_code=00100005&order_time=2023-09-21 HTTP/1.1" 200 408
124.78.155.92 - - [21/Sep/2023:08:49:35 +0800] "GET /xingrg/all/function/internal_message.html?_=1695257372368&CODE_STATE=getMsg HTTP/1.1" 200 27
180.169.147.146 - - [21/Sep/2023:08:49:38 +0800] "GET /xingrg/all/function/internal_message.html?_=1695257379783&CODE_STATE=getMsg HTTP/1.1" 200 27
101.83.145.37 - - [21/Sep/2023:08:49:43 +0800] "GET /xingrg/kc/buy/cgsh_order_operate.html?command=get_materiel&rest_code=00105&code=00101008087&supplier_code=00100005&order_time=2023-09-21 HTTP/1.1" 200 412
124.77.241.134 - - [21/Sep/2023:08:49:45 +0800] "GET /xingrg/all/function/internal_message.html?_=1695257395297&CODE_STATE=getMsg HTTP/1.1" 200 27
124.77.241.134 - - [21/Sep/2023:08:49:50 +0800] "GET /xingrg/kc/buy/cgsh_order_operate.html?command=get_materiel&rest_code=00146&code=00101008185&supplier_code=00100635&order_time=2023-09-21 HTTP/1.1" 200 408
124.77.241.134 - - [21/Sep/2023:08:50:05 +0800] "GET /xingrg/kc/buy/cgsh_order_operate.html?command=get_materiel&rest_code=00146&code=00101008096&supplier_code=00100635&order_time=2023-09-21 HTTP/1.1" 200 412
101.83.145.37 - - [21/Sep/2023:08:50:05 +0800] "GET /xingrg/kc/buy/cgsh_order_operate.html?command=get_materiel&rest_code=00105&code=00101008137&supplier_code=00100005&order_time=2023-09-21 HTTP/1.1" 200 408
124.79.244.212 - - [21/Sep/2023:08:50:08 +0800] "GET /xingrg/check_reg.html?_=1695257407265 HTTP/1.1" 302 -
101.83.145.37 - - [21/Sep/2023:08:50:08 +0800] "GET /xingrg/all/function/internal_message.html?_=1695257408929&CODE_STATE=getMsg HTTP/1.1" 200 27
222.69.130.191 - - [21/Sep/2023:08:50:16 +0800] "GET /xingrg/all/function/internal_message.html?_=1695257417189&CODE_STATE=getMsg HTTP/1.1" 200 27
124.77.241.134 - - [21/Sep/2023:08:50:20 +0800] "GET /xingrg/kc/buy/cgsh_order_operate.html?command=get_materiel&rest_code=00146&code=00101008038&supplier_code=00100635&order_time=2023-09-21 HTTP/1.1" 200 412
124.78.155.92 - - [21/Sep/2023:08:50:34 +0800] "GET /xingrg/all/function/internal_message.html?_=1695257432338&CODE_STATE=getMsg HTTP/1.1" 200 27
180.163.30.76 - - [21/Sep/2023:08:50:35 +0800] "GET /xingrg/all/function/internal_message.html?_=1695257372368&CODE_STATE=getMsg HTTP/1.1" 302 -
180.163.30.76 - - [21/Sep/2023:08:50:35 +0800] "GET /xingrg/login.html HTTP/1.1" 200 7641
101.83.145.37 - - [21/Sep/2023:08:50:36 +0800] "POST /xingrg/kc/buy/cgsh_order_operate.html HTTP/1.1" 200 37
180.169.147.146 - - [21/Sep/2023:08:50:38 +0800] "GET /xingrg/all/function/internal_message.html?_=1695257439767&CODE_STATE=getMsg HTTP/1.1" 200 27
120.253.135.82 - - [21/Sep/2023:08:50:45 +0800] "GET /xingrg/kc/pszx/mdps_order_add.html HTTP/1.1" 200 29177
124.77.241.134 - - [21/Sep/2023:08:50:45 +0800] "GET /xingrg/all/function/internal_message.html?_=1695257455312&CODE_STATE=getMsg HTTP/1.1" 200 27
120.253.135.82 - - [21/Sep/2023:08:50:45 +0800] "POST /xingrg/kc/pszx/mdps_order_operate.html HTTP/1.1" 200 7126
120.253.135.82 - - [21/Sep/2023:08:50:46 +0800] "GET /xingrg/javascript/easyui/themes/default/validatebox.css HTTP/1.1" 404 1104
120.253.135.82 - - [21/Sep/2023:08:50:51 +0800] "GET /xingrg/login.html HTTP/1.1" 200 7641
120.253.135.82 - - [21/Sep/2023:08:50:58 +0800] "GET /favicon.ico HTTP/1.1" 404 -
120.253.135.82 - - [21/Sep/2023:08:50:58 +0800] "POST /xingrg/all/common/load_combo.html?type=base HTTP/1.1" 200 1169
120.253.135.82 - - [21/Sep/2023:08:51:01 +0800] "POST /xingrg/login.do HTTP/1.1" 302 -
120.253.135.82 - - [21/Sep/2023:08:51:01 +0800] "GET /xingrg/index.html?sysBaseUrl=http%3A%2F%2F180.169.147.146%3A18081%2Fxingrg%2F&costTime=823×tamp=1695257461703 HTTP/1.1" 200 17173
120.253.135.82 - - [21/Sep/2023:08:51:03 +0800] "GET /favicon.ico HTTP/1.1" 404 -
120.253.135.82 - - [21/Sep/2023:08:51:03 +0800] "POST /xingrg/all/common/load_tree.html?tree=area_rest_tree_json&manage=1 HTTP/1.1" 200 3499
120.253.135.82 - - [21/Sep/2023:08:51:03 +0800] "GET /xingrg/check_reg.html?_=1695257461345 HTTP/1.1" 200 22
120.253.135.82 - - [21/Sep/2023:08:51:03 +0800] "GET /xingrg/all/function/internal_message.html?_=1695257461337&CODE_STATE=count HTTP/1.1" 200 11
120.253.135.82 - - [21/Sep/2023:08:51:03 +0800] "POST /xingrg/load_menu.html HTTP/1.1" 200 6743
120.253.135.82 - - [21/Sep/2023:08:51:04 +0800] "GET /xingrg/kc/pszx/mdps_order_operate.html?command=get_materiel&pszx_code=00101&rest_code=00150&base_code=0010246&code=00102015076 HTTP/1.1" 200 433
120.253.135.82 - - [21/Sep/2023:08:51:07 +0800] "GET /xingrg/kc/buy/buy_main.html HTTP/1.1" 200 12341
120.253.135.82 - - [21/Sep/2023:08:51:08 +0800] "GET /xingrg/css/new_ie.css HTTP/1.1" 404 1036
120.253.135.82 - - [21/Sep/2023:08:51:08 +0800] "GET /xingrg/images/yd/bt.gif HTTP/1.1" 404 1040
120.253.135.82 - - [21/Sep/2023:08:51:10 +0800] "GET /xingrg/kc/buy/cgsh_order_list.html HTTP/1.1" 200 56579
120.253.135.82 - - [21/Sep/2023:08:51:11 +0800] "POST /xingrg/kc/pszx/mdps_order_operate.html HTTP/1.1" 200 37
120.253.135.82 - - [21/Sep/2023:08:51:12 +0800] "GET /xingrg/kc/pszx/mdps_order_info.html?code=312023092100499 HTTP/1.1" 200 23978
120.253.135.82 - - [21/Sep/2023:08:51:13 +0800] "GET /xingrg/javascript/easyui/themes/default/validatebox.css HTTP/1.1" 404 1104
120.253.135.82 - - [21/Sep/2023:08:51:13 +0800] "POST /xingrg/kc/buy/cgsh_list_operate.html HTTP/1.1" 200 986
120.253.135.82 - - [21/Sep/2023:08:51:13 +0800] "POST /xingrg/kc/pszx/mdps_order_operate.html HTTP/1.1" 200 2278
120.253.135.82 - - [21/Sep/2023:08:51:15 +0800] "GET /xingrg/kc/print/load_config.html?kc_code=mdps HTTP/1.1" 200 2390
222.69.130.191 - - [21/Sep/2023:08:51:16 +0800] "GET /xingrg/check_reg.html?_=1695257477189 HTTP/1.1" 200 22
222.69.130.191 - - [21/Sep/2023:08:51:16 +0800] "GET /xingrg/all/function/internal_message.html?_=1695257477192&CODE_STATE=getMsg HTTP/1.1" 200 27
120.253.135.82 - - [21/Sep/2023:08:51:16 +0800] "GET /xingrg/kc/print/load_data.html?order_code=312023092100499&kc_code=mdps&condition= HTTP/1.1" 200 671
124.77.241.134 - - [21/Sep/2023:08:51:17 +0800] "GET /xingrg/kc/buy/cgsh_order_operate.html?command=get_materiel&rest_code=00146&code=00101008358&supplier_code=00100635&order_time=2023-09-21 HTTP/1.1" 200 412
120.253.135.82 - - [21/Sep/2023:08:51:20 +0800] "GET /xingrg/javascript/auto/indicator.gif HTTP/1.1" 404 1066
180.152.241.196 - - [21/Sep/2023:08:51:29 +0800] "GET /xingrg/check_reg.html?_=1695257489987 HTTP/1.1" 302 -
120.253.135.82 - - [21/Sep/2023:08:51:34 +0800] "POST /xingrg/kc/buy/cgsh_list_operate.html HTTP/1.1" 200 6483
124.78.155.92 - - [21/Sep/2023:08:51:34 +0800] "GET /xingrg/all/function/internal_message.html?_=1695257492309&CODE_STATE=getMsg HTTP/1.1" 200 27
180.163.29.217 - - [21/Sep/2023:08:51:35 +0800] "GET /xingrg/all/function/internal_message.html?_=1695257432338&CODE_STATE=getMsg HTTP/1.1" 302 -
180.163.29.217 - - [21/Sep/2023:08:51:35 +0800] "GET /xingrg/login.html HTTP/1.1" 200 7641
180.169.147.146 - - [21/Sep/2023:08:51:38 +0800] "GET /xingrg/all/function/internal_message.html?_=1695257499751&CODE_STATE=getMsg HTTP/1.1" 200 27
120.253.135.82 - - [21/Sep/2023:08:51:39 +0800] "POST /xingrg/kc/buy/cgsh_list_operate.html HTTP/1.1" 200 628
120.253.135.82 - - [21/Sep/2023:08:51:43 +0800] "POST /xingrg/kc/buy/cgsh_list_operate.html HTTP/1.1" 200 281
120.253.135.82 - - [21/Sep/2023:08:51:43 +0800] "GET /xingrg/check_reg.html?_=1695257307144 HTTP/1.1" 200 22
124.77.241.134 - - [21/Sep/2023:08:51:45 +0800] "GET /xingrg/all/function/internal_message.html?_=1695257515325&CODE_STATE=getMsg HTTP/1.1" 200 27
124.77.241.134 - - [21/Sep/2023:08:51:47 +0800] "POST /xingrg/kc/buy/cgsh_order_operate.html HTTP/1.1" 200 2065
120.253.135.82 - - [21/Sep/2023:08:51:51 +0800] "GET /xingrg/kc/buy/cgsh_order_info.html?code=212023090802793 HTTP/1.1" 200 66328
120.253.135.82 - - [21/Sep/2023:08:51:51 +0800] "GET /xingrg/words/20230920212025_words.js HTTP/1.1" 200 987944
120.253.135.82 - - [21/Sep/2023:08:51:51 +0800] "GET /xingrg/javascript/easyui/themes/default/validatebox.css HTTP/1.1" 404 1104
120.253.135.82 - - [21/Sep/2023:08:51:52 +0800] "POST /xingrg/kc/buy/cgsh_order_operate.html HTTP/1.1" 200 1220
124.77.241.134 - - [21/Sep/2023:08:51:57 +0800] "GET /xingrg/kc/buy/cgsh_order_operate.html?command=get_materiel&rest_code=00146&code=00101008355&supplier_code=00100635&order_time=2023-09-21 HTTP/1.1" 200 408
120.253.135.82 - - [21/Sep/2023:08:52:03 +0800] "GET /xingrg/all/function/internal_message.html?_=1695257521357&CODE_STATE=getMsg HTTP/1.1" 200 27
222.69.130.191 - - [21/Sep/2023:08:52:16 +0800] "GET /xingrg/all/function/internal_message.html?_=1695257537183&CODE_STATE=getMsg HTTP/1.1" 200 27
124.77.241.134 - - [21/Sep/2023:08:52:26 +0800] "GET /xingrg/kc/buy/cgsh_order_operate.html?command=get_materiel&rest_code=00146&code=00101008356&supplier_code=00100635&order_time=2023-09-21 HTTP/1.1" 200 428
120.253.135.82 - - [21/Sep/2023:08:52:31 +0800] "POST /xingrg/kc/pszx/mdps_list_operate.html HTTP/1.1" 200 2792
124.78.155.92 - - [21/Sep/2023:08:52:34 +0800] "GET /xingrg/all/function/internal_message.html?_=1695257552280&CODE_STATE=getMsg HTTP/1.1" 200 27
180.169.147.146 - - [21/Sep/2023:08:52:38 +0800] "GET /xingrg/all/function/internal_message.html?_=1695257559735&CODE_STATE=getMsg HTTP/1.1" 200 27
120.253.135.82 - - [21/Sep/2023:08:52:40 +0800] "POST /xingrg/kc/pszx/mdps_list_operate.html HTTP/1.1" 200 4661
124.77.241.134 - - [21/Sep/2023:08:52:40 +0800] "GET /xingrg/kc/buy/cgsh_order_operate.html?command=get_materiel&rest_code=00146&code=00101008077&supplier_code=00100635&order_time=2023-09-21 HTTP/1.1" 200 416
120.253.135.82 - - [21/Sep/2023:08:52:42 +0800] "POST /xingrg/kc/pszx/mdps_list_operate.html HTTP/1.1" 200 201
120.253.135.82 - - [21/Sep/2023:08:52:43 +0800] "POST /xingrg/kc/pszx/mdps_list_operate.html HTTP/1.1" 200 354
101.80.225.121 - - [21/Sep/2023:08:52:44 +0800] "POST /xingrg/services/DataTransmitService HTTP/1.1" 200 524
120.253.135.82 - - [21/Sep/2023:08:52:44 +0800] "POST /xingrg/kc/pszx/mdps_list_operate.html HTTP/1.1" 200 201
124.77.241.134 - - [21/Sep/2023:08:52:45 +0800] "GET /xingrg/check_reg.html?_=1695257575156 HTTP/1.1" 200 22
124.77.241.134 - - [21/Sep/2023:08:52:45 +0800] "GET /xingrg/all/function/internal_message.html?_=1695257575339&CODE_STATE=getMsg HTTP/1.1" 200 27
120.253.135.82 - - [21/Sep/2023:08:52:49 +0800] "GET /xingrg/kc/pszx/mdps_order_info.html?code=312023092100478 HTTP/1.1" 200 23978
120.253.135.82 - - [21/Sep/2023:08:52:49 +0800] "GET /xingrg/javascript/easyui/themes/default/validatebox.css HTTP/1.1" 404 1104
120.253.135.82 - - [21/Sep/2023:08:52:49 +0800] "POST /xingrg/kc/pszx/mdps_order_operate.html HTTP/1.1" 200 3253
120.253.135.82 - - [21/Sep/2023:08:52:53 +0800] "POST /xingrg/kc/pszx/mdps_list_operate.html HTTP/1.1" 200 4661
180.169.147.146 - - [21/Sep/2023:08:52:54 +0800] "GET /xingrg/check_reg.html?_=1695257575494 HTTP/1.1" 200 22
222.69.130.191 - - [21/Sep/2023:08:52:54 +0800] "GET /xingrg/kc/buy/cgsh_order_list.html HTTP/1.1" 200 56585
222.69.130.191 - - [21/Sep/2023:08:52:58 +0800] "POST /xingrg/kc/buy/cgsh_list_operate.html HTTP/1.1" 200 1855
124.77.241.134 - - [21/Sep/2023:08:52:59 +0800] "GET /xingrg/kc/buy/cgsh_order_operate.html?command=get_materiel&rest_code=00146&code=00101008079&supplier_code=00100635&order_time=2023-09-21 HTTP/1.1" 200 416
222.69.130.191 - - [21/Sep/2023:08:53:01 +0800] "POST /xingrg/kc/buy/cgsh_list_operate.html HTTP/1.1" 200 660
222.69.130.191 - - [21/Sep/2023:08:53:03 +0800] "GET /xingrg/kc/buy/cgsh_order_info.html?code=212023092008263 HTTP/1.1" 200 71564
222.69.130.191 - - [21/Sep/2023:08:53:03 +0800] "GET /xingrg/words/20230920212025_words.js HTTP/1.1" 200 987944
222.69.130.191 - - [21/Sep/2023:08:53:03 +0800] "GET /xingrg/javascript/easyui/themes/default/validatebox.css HTTP/1.1" 404 1104
222.69.130.191 - - [21/Sep/2023:08:53:03 +0800] "GET /xingrg/all/common/auto_word.html?type=employee&rest_code=00154 HTTP/1.1" 200 101
222.69.130.191 - - [21/Sep/2023:08:53:03 +0800] "GET /xingrg/all/common/auto_word.html?type=employee&rest_code=00154 HTTP/1.1" 200 101
120.253.135.82 - - [21/Sep/2023:08:53:03 +0800] "GET /xingrg/all/function/internal_message.html?_=1695257581395&CODE_STATE=getMsg HTTP/1.1" 200 27
222.69.130.191 - - [21/Sep/2023:08:53:04 +0800] "POST /xingrg/kc/buy/cgsh_order_operate.html HTTP/1.1" 200 11926
120.253.135.82 - - [21/Sep/2023:08:53:09 +0800] "POST /xingrg/kc/buy/cgsh_list_operate.html HTTP/1.1" 200 6540
120.253.135.82 - - [21/Sep/2023:08:53:13 +0800] "POST /xingrg/kc/buy/cgsh_list_operate.html HTTP/1.1" 200 275
124.77.241.134 - - [21/Sep/2023:08:53:14 +0800] "GET /xingrg/kc/buy/cgsh_order_operate.html?command=get_materiel&rest_code=00146&code=00101008069&supplier_code=00100635&order_time=2023-09-21 HTTP/1.1" 200 412
222.70.107.161 - - [21/Sep/2023:08:53:14 +0800] "GET /favicon.ico HTTP/1.1" 404 -
222.69.130.191 - - [21/Sep/2023:08:53:16 +0800] "GET /xingrg/all/function/internal_message.html?_=1695257597173&CODE_STATE=getMsg HTTP/1.1" 200 27
120.253.135.82 - - [21/Sep/2023:08:53:16 +0800] "POST /xingrg/kc/buy/cgsh_list_operate.html HTTP/1.1" 200 608
222.70.107.161 - - [21/Sep/2023:08:53:18 +0800] "GET /xingrg/login.html HTTP/1.1" 200 7641
222.70.107.161 - - [21/Sep/2023:08:53:19 +0800] "GET /favicon.ico HTTP/1.1" 404 -
124.77.241.134 - - [21/Sep/2023:08:53:20 +0800] "POST /xingrg/kc/buy/cgsh_order_operate.html HTTP/1.1" 200 2065
120.253.135.82 - - [21/Sep/2023:08:53:20 +0800] "POST /xingrg/kc/buy/cgsh_list_operate.html HTTP/1.1" 200 580
222.69.130.191 - - [21/Sep/2023:08:53:25 +0800] "GET /xingrg/javascript/auto/indicator.gif HTTP/1.1" 404 1066
120.253.135.82 - - [21/Sep/2023:08:53:27 +0800] "POST /xingrg/kc/buy/cgsh_list_operate.html HTTP/1.1" 200 601
222.70.107.161 - - [21/Sep/2023:08:53:27 +0800] "POST /xingrg/login.do HTTP/1.1" 302 -
222.70.107.161 - - [21/Sep/2023:08:53:27 +0800] "GET /xingrg/index.html?sysBaseUrl=http%3A%2F%2F180.169.147.146%3A18081%2Fxingrg%2F&costTime=830×tamp=1695257607424 HTTP/1.1" 200 17503
222.70.107.161 - - [21/Sep/2023:08:53:27 +0800] "GET /favicon.ico HTTP/1.1" 404 -
124.77.241.134 - - [21/Sep/2023:08:53:27 +0800] "GET /xingrg/kc/buy/cgsh_order_operate.html?command=get_materiel&rest_code=00146&code=00101008286&supplier_code=00100635&order_time=2023-09-21 HTTP/1.1" 200 428
222.70.107.161 - - [21/Sep/2023:08:53:27 +0800] "GET /xingrg/all/function/internal_message.html?_=1695257610884&CODE_STATE=count HTTP/1.1" 200 11
222.70.107.161 - - [21/Sep/2023:08:53:27 +0800] "GET /xingrg/check_reg.html?_=1695257610884 HTTP/1.1" 200 22
222.70.107.161 - - [21/Sep/2023:08:53:27 +0800] "POST /xingrg/all/common/load_tree.html?tree=area_rest_tree_json&manage=1 HTTP/1.1" 200 2231
222.70.107.161 - - [21/Sep/2023:08:53:27 +0800] "POST /xingrg/load_menu.html HTTP/1.1" 200 11564
222.69.130.191 - - [21/Sep/2023:08:53:30 +0800] "GET /xingrg/kc/buy/cgsh_order_operate.html?command=get_materiel&rest_code=00154&code=00101040103&supplier_code=00100466&order_time=2023-09-20 HTTP/1.1" 200 403
222.70.107.161 - - [21/Sep/2023:08:53:31 +0800] "POST /xingrg/load_menu.html HTTP/1.1" 200 10483
222.70.107.161 - - [21/Sep/2023:08:53:33 +0800] "GET /xingrg/all/report/report_query.html?fileName=dma/new_5.0/yingye/yy_hz.xml&rw=1600 HTTP/1.1" 200 56155
120.253.135.82 - - [21/Sep/2023:08:53:33 +0800] "POST /xingrg/kc/buy/cgsh_list_operate.html HTTP/1.1" 200 290
222.70.107.161 - - [21/Sep/2023:08:53:33 +0800] "GET /xingrg/dwr/interface/AjaxReportQueryService.js HTTP/1.1" 200 13203
222.70.107.161 - - [21/Sep/2023:08:53:33 +0800] "GET /xingrg/dwr/engine.js HTTP/1.1" 200 43631
222.70.107.161 - - [21/Sep/2023:08:53:33 +0800] "GET /xingrg/dwr/util.js HTTP/1.1" 304 -
222.70.107.161 - - [21/Sep/2023:08:53:33 +0800] "POST /xingrg/dwr/call/plaincall/AjaxReportQueryService.getFixDate.dwr HTTP/1.1" 200 111
124.78.155.92 - - [21/Sep/2023:08:53:33 +0800] "GET /xingrg/check_reg.html?_=1695257610883 HTTP/1.1" 200 22
222.70.107.161 - - [21/Sep/2023:08:53:33 +0800] "POST /xingrg/all/common/load_tree.html?tree=area_station_tree_json&manage=1 HTTP/1.1" 200 2159
124.78.155.92 - - [21/Sep/2023:08:53:34 +0800] "GET /xingrg/all/function/internal_message.html?_=1695257612261&CODE_STATE=getMsg HTTP/1.1" 200 27
180.163.28.180 - - [21/Sep/2023:08:53:34 +0800] "GET /xingrg/all/function/internal_message.html?_=1695257552280&CODE_STATE=getMsg HTTP/1.1" 302 -
180.163.28.180 - - [21/Sep/2023:08:53:34 +0800] "GET /xingrg/login.html HTTP/1.1" 200 7641
222.70.107.161 - - [21/Sep/2023:08:53:36 +0800] "POST /xingrg/dwr/call/plaincall/AjaxReportQueryService.getFixDate.dwr HTTP/1.1" 200 111
120.253.135.82 - - [21/Sep/2023:08:53:37 +0800] "POST /xingrg/kc/buy/cgsh_list_operate.html HTTP/1.1" 200 275
222.70.107.161 - - [21/Sep/2023:08:53:37 +0800] "POST /xingrg/dwr/call/plaincall/AjaxReportQueryService.refreshCache.dwr HTTP/1.1" 200 78
180.169.147.146 - - [21/Sep/2023:08:53:38 +0800] "GET /xingrg/all/function/internal_message.html?_=1695257619705&CODE_STATE=getMsg HTTP/1.1" 200 27
120.253.135.82 - - [21/Sep/2023:08:53:40 +0800] "POST /xingrg/kc/buy/cgsh_list_operate.html HTTP/1.1" 200 202
120.253.135.82 - - [21/Sep/2023:08:53:43 +0800] "POST /xingrg/kc/buy/cgsh_list_operate.html HTTP/1.1" 200 321
124.77.241.134 - - [21/Sep/2023:08:53:45 +0800] "GET /xingrg/kc/buy/cgsh_order_operate.html?command=get_materiel&rest_code=00146&code=00101008368&supplier_code=00100635&order_time=2023-09-21 HTTP/1.1" 200 408
124.77.241.134 - - [21/Sep/2023:08:53:45 +0800] "GET /xingrg/all/function/internal_message.html?_=1695257635353&CODE_STATE=getMsg HTTP/1.1" 200 27
120.253.135.82 - - [21/Sep/2023:08:53:48 +0800] "POST /xingrg/kc/buy/cgsh_list_operate.html HTTP/1.1" 200 204
124.77.241.134 - - [21/Sep/2023:08:53:57 +0800] "GET /xingrg/kc/buy/cgsh_order_operate.html?command=get_materiel&rest_code=00146&code=00101008131&supplier_code=00100635&order_time=2023-09-21 HTTP/1.1" 200 409
120.253.135.82 - - [21/Sep/2023:08:53:59 +0800] "POST /xingrg/kc/buy/cgsh_list_operate.html HTTP/1.1" 200 6661
222.70.107.161 - - [21/Sep/2023:08:54:00 +0800] "POST /xingrg/all/report/load_report_page.html HTTP/1.1" 200 145631
222.70.107.161 - - [21/Sep/2023:08:54:00 +0800] "GET /xingrg/servlets/image?cache=0.06801733497430618&image=px HTTP/1.1" 200 807
120.253.135.82 - - [21/Sep/2023:08:54:03 +0800] "GET /xingrg/all/function/internal_message.html?_=1695257641366&CODE_STATE=getMsg HTTP/1.1" 200 27
120.253.135.82 - - [21/Sep/2023:08:54:03 +0800] "POST /xingrg/kc/buy/cgsh_list_operate.html HTTP/1.1" 200 437
222.69.130.191 - - [21/Sep/2023:08:54:05 +0800] "GET /xingrg/kc/buy/cgsh_order_operate.html?command=get_materiel&rest_code=00154&code=00101023071&supplier_code=00100466&order_time=2023-09-20 HTTP/1.1" 200 433
120.253.135.82 - - [21/Sep/2023:08:54:08 +0800] "POST /xingrg/kc/buy/cgsh_list_operate.html HTTP/1.1" 200 615
124.77.241.134 - - [21/Sep/2023:08:54:09 +0800] "GET /xingrg/kc/buy/cgsh_order_operate.html?command=get_materiel&rest_code=00146&code=00101008318&supplier_code=00100635&order_time=2023-09-21 HTTP/1.1" 200 408
120.253.135.82 - - [21/Sep/2023:08:54:14 +0800] "POST /xingrg/kc/buy/cgsh_list_operate.html HTTP/1.1" 200 205
222.69.130.191 - - [21/Sep/2023:08:54:16 +0800] "GET /xingrg/all/function/internal_message.html?_=1695257657179&CODE_STATE=getMsg HTTP/1.1" 200 27
120.253.135.82 - - [21/Sep/2023:08:54:17 +0800] "POST /xingrg/kc/buy/cgsh_list_operate.html HTTP/1.1" 200 461
120.253.135.82 - - [21/Sep/2023:08:54:24 +0800] "POST /xingrg/kc/buy/cgsh_list_operate.html HTTP/1.1" 200 278
120.253.135.82 - - [21/Sep/2023:08:54:25 +0800] "POST /xingrg/kc/buy/cgsh_list_operate.html HTTP/1.1" 200 276
222.70.107.161 - - [21/Sep/2023:08:54:27 +0800] "GET /xingrg/all/function/internal_message.html?_=1695257670896&CODE_STATE=getMsg HTTP/1.1" 200 27
120.253.135.82 - - [21/Sep/2023:08:54:28 +0800] "POST /xingrg/kc/buy/cgsh_list_operate.html HTTP/1.1" 200 614
222.69.130.191 - - [21/Sep/2023:08:54:29 +0800] "GET /xingrg/kc/buy/cgsh_order_operate.html?command=get_materiel&rest_code=00154&code=00101010967&supplier_code=00100466&order_time=2023-09-20 HTTP/1.1" 200 401
124.77.241.134 - - [21/Sep/2023:08:54:31 +0800] "GET /xingrg/kc/buy/cgsh_order_operate.html?command=get_materiel&rest_code=00146&code=00101015070&supplier_code=00100635&order_time=2023-09-21 HTTP/1.1" 200 413
124.78.155.92 - - [21/Sep/2023:08:54:34 +0800] "GET /xingrg/all/function/internal_message.html?_=1695257672247&CODE_STATE=getMsg HTTP/1.1" 200 27
120.253.135.82 - - [21/Sep/2023:08:54:37 +0800] "POST /xingrg/kc/buy/cgsh_list_operate.html HTTP/1.1" 200 205
124.77.241.134 - - [21/Sep/2023:08:54:38 +0800] "POST /xingrg/kc/buy/cgsh_order_operate.html HTTP/1.1" 200 2065
180.169.147.146 - - [21/Sep/2023:08:54:38 +0800] "GET /xingrg/all/function/internal_message.html?_=1695257679716&CODE_STATE=getMsg HTTP/1.1" 200 27
120.253.135.82 - - [21/Sep/2023:08:54:40 +0800] "POST /xingrg/kc/buy/cgsh_list_operate.html HTTP/1.1" 200 292
124.77.241.134 - - [21/Sep/2023:08:54:45 +0800] "GET /xingrg/all/function/internal_message.html?_=1695257695365&CODE_STATE=getMsg HTTP/1.1" 200 27
124.77.241.134 - - [21/Sep/2023:08:54:46 +0800] "GET /xingrg/kc/buy/cgsh_order_operate.html?command=get_materiel&rest_code=00146&code=00101008005&supplier_code=00100635&order_time=2023-09-21 HTTP/1.1" 200 433
120.253.135.82 - - [21/Sep/2023:08:54:50 +0800] "POST /xingrg/kc/buy/cgsh_list_operate.html HTTP/1.1" 200 6663
222.69.130.191 - - [21/Sep/2023:08:54:50 +0800] "GET /xingrg/kc/buy/cgsh_order_operate.html?command=get_materiel&rest_code=00154&code=00101040101&supplier_code=00100466&order_time=2023-09-20 HTTP/1.1" 200 402
120.253.135.82 - - [21/Sep/2023:08:54:53 +0800] "POST /xingrg/kc/buy/cgsh_list_operate.html HTTP/1.1" 200 354
222.70.107.161 - - [21/Sep/2023:08:55:00 +0800] "POST /xingrg/dwr/call/plaincall/AjaxReportQueryService.getFixDate.dwr HTTP/1.1" 200 111
222.70.107.161 - - [21/Sep/2023:08:55:01 +0800] "POST /xingrg/dwr/call/plaincall/AjaxReportQueryService.refreshCache.dwr HTTP/1.1" 200 78
222.70.107.161 - - [21/Sep/2023:08:55:03 +0800] "POST /xingrg/all/report/load_report_page.html HTTP/1.1" 200 145702
222.70.107.161 - - [21/Sep/2023:08:55:03 +0800] "GET /xingrg/servlets/image?cache=0.9816241642377712&image=px HTTP/1.1" 200 807
120.253.135.82 - - [21/Sep/2023:08:55:03 +0800] "GET /xingrg/all/function/internal_message.html?_=1695257701359&CODE_STATE=getMsg HTTP/1.1" 200 27
124.77.241.134 - - [21/Sep/2023:08:55:06 +0800] "POST /xingrg/kc/buy/cgsh_order_operate.html HTTP/1.1" 200 37
124.79.244.212 - - [21/Sep/2023:08:55:08 +0800] "GET /xingrg/check_reg.html?_=1695257707252 HTTP/1.1" 302 -
120.253.135.82 - - [21/Sep/2023:08:55:08 +0800] "POST /xingrg/kc/buy/cgsh_list_operate.html HTTP/1.1" 200 1244
124.77.241.134 - - [21/Sep/2023:08:55:08 +0800] "POST /xingrg/kc/buy/cgsh_order_operate.html HTTP/1.1" 200 26316
222.69.130.191 - - [21/Sep/2023:08:55:16 +0800] "GET /xingrg/all/function/internal_message.html?_=1695257717185&CODE_STATE=getMsg HTTP/1.1" 200 27
120.253.135.82 - - [21/Sep/2023:08:55:16 +0800] "POST /xingrg/kc/buy/cgsh_list_operate.html HTTP/1.1" 200 366
120.253.135.82 - - [21/Sep/2023:08:55:21 +0800] "POST /xingrg/kc/buy/cgsh_list_operate.html HTTP/1.1" 200 592
124.77.241.134 - - [21/Sep/2023:08:55:23 +0800] "GET /xingrg/kc/buy/cgsh_order_operate.html?command=get_materiel&rest_code=00146&code=00101008092&supplier_code=00100635&order_time=2023-09-21 HTTP/1.1" 200 412
222.69.130.191 - - [21/Sep/2023:08:55:24 +0800] "GET /xingrg/kc/buy/cgsh_order_operate.html?command=get_materiel&rest_code=00154&code=00101012017&supplier_code=00100466&order_time=2023-09-20 HTTP/1.1" 200 426
120.253.135.82 - - [21/Sep/2023:08:55:26 +0800] "POST /xingrg/kc/buy/cgsh_list_operate.html HTTP/1.1" 200 294
222.70.107.161 - - [21/Sep/2023:08:55:27 +0800] "GET /xingrg/all/function/internal_message.html?_=1695257730894&CODE_STATE=getMsg HTTP/1.1" 200 27
120.253.135.82 - - [21/Sep/2023:08:55:29 +0800] "POST /xingrg/kc/buy/cgsh_list_operate.html HTTP/1.1" 200 199
120.253.135.82 - - [21/Sep/2023:08:55:30 +0800] "POST /xingrg/kc/buy/cgsh_list_operate.html HTTP/1.1" 200 373
124.78.155.92 - - [21/Sep/2023:08:55:34 +0800] "GET /xingrg/all/function/internal_message.html?_=1695257732217&CODE_STATE=getMsg HTTP/1.1" 200 27
120.253.135.82 - - [21/Sep/2023:08:55:36 +0800] "POST /xingrg/kc/buy/cgsh_list_operate.html HTTP/1.1" 200 282
180.169.147.146 - - [21/Sep/2023:08:55:38 +0800] "GET /xingrg/all/function/internal_message.html?_=1695257739700&CODE_STATE=getMsg HTTP/1.1" 200 27
222.69.130.191 - - [21/Sep/2023:08:55:41 +0800] "GET /xingrg/kc/buy/cgsh_order_operate.html?command=get_materiel&rest_code=00154&code=00101010527&supplier_code=00100466&order_time=2023-09-20 HTTP/1.1" 200 416
124.78.69.58 - - [21/Sep/2023:08:55:41 +0800] "POST /xingrg/services/DataTransmitService HTTP/1.1" 200 524
124.77.241.134 - - [21/Sep/2023:08:55:43 +0800] "GET /xingrg/kc/buy/cgsh_order_operate.html?command=get_materiel&rest_code=00146&code=00101008353&supplier_code=00100635&order_time=2023-09-21 HTTP/1.1" 200 408
124.77.241.134 - - [21/Sep/2023:08:55:45 +0800] "GET /xingrg/all/function/internal_message.html?_=1695257755379&CODE_STATE=getMsg HTTP/1.1" 200 27
222.69.130.191 - - [21/Sep/2023:08:55:51 +0800] "GET /xingrg/kc/buy/cgsh_order_operate.html?command=get_materiel&rest_code=00154&code=00101012121&supplier_code=00100466&order_time=2023-09-20 HTTP/1.1" 200 399
222.69.130.191 - - [21/Sep/2023:08:56:16 +0800] "GET /xingrg/all/function/internal_message.html?_=1695257777184&CODE_STATE=getMsg HTTP/1.1" 200 27
222.69.130.191 - - [21/Sep/2023:08:56:16 +0800] "GET /xingrg/check_reg.html?_=1695257777189 HTTP/1.1" 200 22
222.69.130.191 - - [21/Sep/2023:08:56:16 +0800] "POST /xingrg/kc/buy/cgsh_order_operate.html HTTP/1.1" 200 2065
124.77.241.134 - - [21/Sep/2023:08:56:18 +0800] "GET /xingrg/kc/buy/cgsh_order_operate.html?command=get_materiel&rest_code=00146&code=00101008010&supplier_code=00100635&order_time=2023-09-21 HTTP/1.1" 200 412
124.77.241.134 - - [21/Sep/2023:08:56:26 +0800] "POST /xingrg/kc/buy/cgsh_order_operate.html HTTP/1.1" 200 2065
222.70.107.161 - - [21/Sep/2023:08:56:27 +0800] "GET /xingrg/all/function/internal_message.html?_=1695257790885&CODE_STATE=getMsg HTTP/1.1" 200 27
180.152.241.196 - - [21/Sep/2023:08:56:29 +0800] "GET /xingrg/check_reg.html?_=1695257789969 HTTP/1.1" 302 -
124.78.155.92 - - [21/Sep/2023:08:56:34 +0800] "GET /xingrg/all/function/internal_message.html?_=1695257792191&CODE_STATE=getMsg HTTP/1.1" 200 27
180.169.147.146 - - [21/Sep/2023:08:56:38 +0800] "GET /xingrg/all/function/internal_message.html?_=1695257799684&CODE_STATE=getMsg HTTP/1.1" 200 27
222.69.130.191 - - [21/Sep/2023:08:56:41 +0800] "GET /xingrg/kc/buy/cgsh_order_operate.html?command=get_materiel&rest_code=00154&code=00101007055&supplier_code=00100466&order_time=2023-09-20 HTTP/1.1" 200 409
120.253.135.82 - - [21/Sep/2023:08:56:43 +0800] "GET /xingrg/check_reg.html?_=1695257607150 HTTP/1.1" 200 22
124.77.241.134 - - [21/Sep/2023:08:56:45 +0800] "GET /xingrg/all/function/internal_message.html?_=1695257815393&CODE_STATE=getMsg HTTP/1.1" 200 27
124.77.241.134 - - [21/Sep/2023:08:57:04 +0800] "GET /xingrg/kc/buy/cgsh_order_operate.html?command=get_materiel&rest_code=00146&code=00101008301&supplier_code=00100635&order_time=2023-09-21 HTTP/1.1" 200 422
222.69.130.191 - - [21/Sep/2023:08:57:13 +0800] "GET /xingrg/kc/buy/cgsh_order_operate.html?command=get_materiel&rest_code=00154&code=00101010965&supplier_code=00100466&order_time=2023-09-20 HTTP/1.1" 200 411
222.69.130.191 - - [21/Sep/2023:08:57:15 +0800] "GET /xingrg/all/function/internal_message.html?_=1695257837180&CODE_STATE=getMsg HTTP/1.1" 200 27
222.70.107.161 - - [21/Sep/2023:08:57:27 +0800] "GET /xingrg/all/function/internal_message.html?_=1695257850892&CODE_STATE=getMsg HTTP/1.1" 200 27
124.77.241.134 - - [21/Sep/2023:08:57:32 +0800] "GET /xingrg/kc/buy/cgsh_order_operate.html?command=get_materiel&rest_code=00146&code=00101008212&supplier_code=00100635&order_time=2023-09-21 HTTP/1.1" 200 412
180.163.30.100 - - [21/Sep/2023:08:57:34 +0800] "GET /xingrg/all/function/internal_message.html?_=1695257792191&CODE_STATE=getMsg HTTP/1.1" 302 -
180.163.30.100 - - [21/Sep/2023:08:57:34 +0800] "GET /xingrg/login.html HTTP/1.1" 200 7641
124.78.155.92 - - [21/Sep/2023:08:57:34 +0800] "GET /xingrg/all/function/internal_message.html?_=1695257852162&CODE_STATE=getMsg HTTP/1.1" 200 27
180.169.147.146 - - [21/Sep/2023:08:57:38 +0800] "GET /xingrg/all/function/internal_message.html?_=1695257859670&CODE_STATE=getMsg HTTP/1.1" 200 27
124.77.241.134 - - [21/Sep/2023:08:57:45 +0800] "GET /xingrg/check_reg.html?_=1695257875156 HTTP/1.1" 200 22
124.77.241.134 - - [21/Sep/2023:08:57:45 +0800] "GET /xingrg/all/function/internal_message.html?_=1695257875407&CODE_STATE=getMsg HTTP/1.1" 200 27
124.77.241.134 - - [21/Sep/2023:08:57:48 +0800] "GET /xingrg/kc/buy/cgsh_order_operate.html?command=get_materiel&rest_code=00146&code=00101008134&supplier_code=00100635&order_time=2023-09-21 HTTP/1.1" 200 412
180.169.147.146 - - [21/Sep/2023:08:57:54 +0800] "GET /xingrg/check_reg.html?_=1695257875522 HTTP/1.1" 200 22
124.77.241.134 - - [21/Sep/2023:08:58:06 +0800] "GET /xingrg/kc/buy/cgsh_order_operate.html?command=get_materiel&rest_code=00146&code=00101008330&supplier_code=00100635&order_time=2023-09-21 HTTP/1.1" 200 408
222.69.130.191 - - [21/Sep/2023:08:58:16 +0800] "GET /xingrg/all/function/internal_message.html?_=1695257897195&CODE_STATE=getMsg HTTP/1.1" 200 27
124.77.241.134 - - [21/Sep/2023:08:58:24 +0800] "GET /xingrg/kc/buy/cgsh_order_operate.html?command=get_materiel&rest_code=00146&code=00101008223&supplier_code=00100635&order_time=2023-09-21 HTTP/1.1" 200 414
222.70.107.161 - - [21/Sep/2023:08:58:27 +0800] "GET /xingrg/check_reg.html?_=1695257910895 HTTP/1.1" 200 22
222.70.107.161 - - [21/Sep/2023:08:58:27 +0800] "GET /xingrg/all/function/internal_message.html?_=1695257910900&CODE_STATE=getMsg HTTP/1.1" 200 27
124.78.155.92 - - [21/Sep/2023:08:58:33 +0800] "GET /xingrg/check_reg.html?_=1695257910885 HTTP/1.1" 200 22
124.78.155.92 - - [21/Sep/2023:08:58:34 +0800] "GET /xingrg/all/function/internal_message.html?_=1695257912144&CODE_STATE=getMsg HTTP/1.1" 200 27
180.169.147.146 - - [21/Sep/2023:08:58:38 +0800] "GET /xingrg/all/function/internal_message.html?_=1695257919655&CODE_STATE=getMsg HTTP/1.1" 200 27
120.253.135.82 - - [21/Sep/2023:08:58:42 +0800] "GET /xingrg/kc/pszx/mdqp_order_list.html?state=10 HTTP/1.1" 200 10719
120.253.135.82 - - [21/Sep/2023:08:58:42 +0800] "GET /xingrg/dwr/interface/AjaxQqpsService.js HTTP/1.1" 200 16326
120.253.135.82 - - [21/Sep/2023:08:58:42 +0800] "GET /xingrg/dwr/interface/AjaxReportQueryService.js HTTP/1.1" 200 13203
120.253.135.82 - - [21/Sep/2023:08:58:42 +0800] "GET /xingrg/dwr/engine.js HTTP/1.1" 200 43631
101.83.145.37 - - [21/Sep/2023:08:58:44 +0800] "GET /xingrg/check_reg.html?_=1695257924310 HTTP/1.1" 200 22
101.83.145.37 - - [21/Sep/2023:08:58:44 +0800] "GET /xingrg/all/function/internal_message.html?_=1695257924309&CODE_STATE=getMsg HTTP/1.1" 200 27
101.83.145.37 - - [21/Sep/2023:08:58:45 +0800] "POST /xingrg/kc/buy/cgsh_order_operate.html HTTP/1.1" 200 30448
120.253.135.82 - - [21/Sep/2023:08:58:45 +0800] "GET /xingrg/kc/pszx/mdps_order_list.html?orderType=0 HTTP/1.1" 200 21108
124.77.241.134 - - [21/Sep/2023:08:58:45 +0800] "GET /xingrg/all/function/internal_message.html?_=1695257935420&CODE_STATE=getMsg HTTP/1.1" 200 27
120.253.135.82 - - [21/Sep/2023:08:58:45 +0800] "POST /xingrg/kc/pszx/mdps_list_operate.html HTTP/1.1" 200 5362
124.77.241.134 - - [21/Sep/2023:08:58:50 +0800] "GET /xingrg/kc/buy/cgsh_order_operate.html?command=get_materiel&rest_code=00146&code=00101008060&supplier_code=00100635&order_time=2023-09-21 HTTP/1.1" 200 416
124.77.241.134 - - [21/Sep/2023:08:58:56 +0800] "POST /xingrg/kc/buy/cgsh_order_operate.html HTTP/1.1" 200 2065
101.83.145.37 - - [21/Sep/2023:08:58:56 +0800] "GET /xingrg/kc/buy/cgsh_order_operate.html?command=get_materiel&rest_code=00105&code=00101008059&supplier_code=00100005&order_time=2023-09-21 HTTP/1.1" 200 427
124.77.241.134 - - [21/Sep/2023:08:59:07 +0800] "GET /xingrg/kc/buy/cgsh_order_operate.html?command=get_materiel&rest_code=00146&code=00101008150&supplier_code=00100635&order_time=2023-09-21 HTTP/1.1" 200 409
101.83.145.37 - - [21/Sep/2023:08:59:07 +0800] "GET /xingrg/kc/buy/cgsh_order_operate.html?command=get_materiel&rest_code=00105&code=00101008357&supplier_code=00100005&order_time=2023-09-21 HTTP/1.1" 200 408
101.83.145.37 - - [21/Sep/2023:08:59:10 +0800] "POST /xingrg/kc/buy/cgsh_order_operate.html HTTP/1.1" 200 2065
222.69.130.191 - - [21/Sep/2023:08:59:11 +0800] "POST /xingrg/kc/buy/cgsh_order_operate.html HTTP/1.1" 200 37
101.83.145.37 - - [21/Sep/2023:08:59:11 +0800] "POST /xingrg/kc/buy/cgsh_order_operate.html HTTP/1.1" 200 2065
222.69.130.191 - - [21/Sep/2023:08:59:13 +0800] "POST /xingrg/kc/buy/cgsh_order_operate.html HTTP/1.1" 200 16151
222.69.130.191 - - [21/Sep/2023:08:59:15 +0800] "GET /xingrg/all/function/internal_message.html?_=1695257957184&CODE_STATE=getMsg HTTP/1.1" 200 27
101.83.145.37 - - [21/Sep/2023:08:59:20 +0800] "GET /xingrg/kc/buy/cgsh_order_operate.html?command=get_materiel&rest_code=00105&code=00101008131&supplier_code=00100005&order_time=2023-09-21 HTTP/1.1" 200 409
124.77.241.134 - - [21/Sep/2023:08:59:20 +0800] "GET /xingrg/kc/buy/cgsh_order_operate.html?command=get_materiel&rest_code=00146&code=00101008168&supplier_code=00100635&order_time=2023-09-21 HTTP/1.1" 200 412
222.70.107.161 - - [21/Sep/2023:08:59:27 +0800] "GET /xingrg/all/function/internal_message.html?_=1695257970898&CODE_STATE=getMsg HTTP/1.1" 200 27
101.83.145.37 - - [21/Sep/2023:08:59:28 +0800] "GET /xingrg/kc/buy/cgsh_order_operate.html?command=get_materiel&rest_code=00105&code=00101008169&supplier_code=00100005&order_time=2023-09-21 HTTP/1.1" 200 412
124.78.155.92 - - [21/Sep/2023:08:59:34 +0800] "GET /xingrg/all/function/internal_message.html?_=1695257972116&CODE_STATE=getMsg HTTP/1.1" 200 27
101.83.145.37 - - [21/Sep/2023:08:59:35 +0800] "GET /xingrg/kc/buy/cgsh_order_operate.html?command=get_materiel&rest_code=00105&code=00101008353&supplier_code=00100005&order_time=2023-09-21 HTTP/1.1" 200 408
124.77.241.134 - - [21/Sep/2023:08:59:36 +0800] "GET /xingrg/kc/buy/cgsh_order_operate.html?command=get_materiel&rest_code=00146&code=00101008563&supplier_code=00100635&order_time=2023-09-21 HTTP/1.1" 200 413
180.169.147.146 - - [21/Sep/2023:08:59:38 +0800] "GET /xingrg/all/function/internal_message.html?_=1695257979639&CODE_STATE=getMsg HTTP/1.1" 200 27
101.83.145.37 - - [21/Sep/2023:08:59:44 +0800] "GET /xingrg/all/function/internal_message.html?_=1695257984294&CODE_STATE=getMsg HTTP/1.1" 200 27
124.77.241.134 - - [21/Sep/2023:08:59:45 +0800] "GET /xingrg/all/function/internal_message.html?_=1695257995434&CODE_STATE=getMsg HTTP/1.1" 200 27
124.77.241.134 - - [21/Sep/2023:08:59:47 +0800] "GET /xingrg/kc/buy/cgsh_order_operate.html?command=get_materiel&rest_code=00146&code=00101008439&supplier_code=00100635&order_time=2023-09-21 HTTP/1.1" 200 413
124.77.241.134 - - [21/Sep/2023:09:00:02 +0800] "POST /xingrg/kc/buy/cgsh_order_operate.html HTTP/1.1" 200 37
124.79.244.212 - - [21/Sep/2023:09:00:08 +0800] "GET /xingrg/check_reg.html?_=1695258007246 HTTP/1.1" 302 -
101.83.145.37 - - [21/Sep/2023:09:00:09 +0800] "POST /xingrg/kc/buy/cgsh_order_operate.html HTTP/1.1" 200 37
114.95.241.104 - - [21/Sep/2023:09:00:10 +0800] "GET /xingrg/login.html HTTP/1.1" 200 7641
124.77.241.134 - - [21/Sep/2023:09:00:10 +0800] "POST /xingrg/kc/buy/cgsh_order_operate.html HTTP/1.1" 200 34007
114.95.241.104 - - [21/Sep/2023:09:00:11 +0800] "GET /favicon.ico HTTP/1.1" 404 -
114.95.241.104 - - [21/Sep/2023:09:00:14 +0800] "POST /xingrg/login.do HTTP/1.1" 302 -
114.95.241.104 - - [21/Sep/2023:09:00:14 +0800] "GET /xingrg/index.html?sysBaseUrl=http%3A%2F%2F180.169.147.146%3A18081%2Fxingrg%2F&costTime=800×tamp=1695258014885 HTTP/1.1" 200 17177
114.95.241.104 - - [21/Sep/2023:09:00:15 +0800] "GET /favicon.ico HTTP/1.1" 404 -
114.95.241.104 - - [21/Sep/2023:09:00:15 +0800] "POST /xingrg/all/common/load_tree.html?tree=area_rest_tree_json&manage=1 HTTP/1.1" 200 476
114.95.241.104 - - [21/Sep/2023:09:00:15 +0800] "GET /xingrg/all/function/internal_message.html?_=1695258013463&CODE_STATE=count HTTP/1.1" 200 11
114.95.241.104 - - [21/Sep/2023:09:00:15 +0800] "GET /xingrg/check_reg.html?_=1695258013465 HTTP/1.1" 200 22
114.95.241.104 - - [21/Sep/2023:09:00:15 +0800] "POST /xingrg/load_menu.html HTTP/1.1" 200 5138
222.69.130.191 - - [21/Sep/2023:09:00:15 +0800] "GET /xingrg/all/function/internal_message.html?_=1695258017181&CODE_STATE=getMsg HTTP/1.1" 200 27
101.83.145.37 - - [21/Sep/2023:09:00:18 +0800] "POST /xingrg/kc/buy/cgsh_order_operate.html HTTP/1.1" 200 33410
114.95.241.104 - - [21/Sep/2023:09:00:19 +0800] "POST /xingrg/all/user/operate.html HTTP/1.1" 200 36
114.95.241.104 - - [21/Sep/2023:09:00:19 +0800] "GET /xingrg/index.html?sysBaseUrl=http%3A%2F%2F180.169.147.146%3A18081%2Fxingrg%2F&costTime=800×tamp=1695258014885 HTTP/1.1" 200 17179
114.95.241.104 - - [21/Sep/2023:09:00:19 +0800] "GET /xingrg/javascript/jquery_easy_ui/themes/default/easyui.css HTTP/1.1" 304 -
114.95.241.104 - - [21/Sep/2023:09:00:19 +0800] "GET /xingrg/javascript/jquery_easy_ui/themes/icon.css HTTP/1.1" 304 -
114.95.241.104 - - [21/Sep/2023:09:00:19 +0800] "GET /xingrg/css/form.css HTTP/1.1" 304 -
114.95.241.104 - - [21/Sep/2023:09:00:19 +0800] "GET /xingrg/javascript/jquery-1.4.2.min.js HTTP/1.1" 304 -
114.95.241.104 - - [21/Sep/2023:09:00:19 +0800] "GET /xingrg/javascript/jquery_easy_ui/jquery.easyui.min.js HTTP/1.1" 304 -
114.95.241.104 - - [21/Sep/2023:09:00:19 +0800] "GET /xingrg/javascript/jquery_easy_ui/easyui-lang-zh_CN.js HTTP/1.1" 304 -
114.95.241.104 - - [21/Sep/2023:09:00:19 +0800] "GET /xingrg/javascript/jquery.form.js HTTP/1.1" 304 -
114.95.241.104 - - [21/Sep/2023:09:00:19 +0800] "GET /xingrg/javascript/jquery.utils.js HTTP/1.1" 304 -
114.95.241.104 - - [21/Sep/2023:09:00:19 +0800] "GET /xingrg/javascript/jquery.timers.js HTTP/1.1" 304 -
114.95.241.104 - - [21/Sep/2023:09:00:19 +0800] "GET /xingrg/images/blue/jxLogo.png HTTP/1.1" 304 -
114.95.241.104 - - [21/Sep/2023:09:00:19 +0800] "GET /xingrg/images/blue/navBackgound.jpg HTTP/1.1" 304 -
114.95.241.104 - - [21/Sep/2023:09:00:19 +0800] "GET /xingrg/javascript/jquery_easy_ui/themes/icons/settle_new.png HTTP/1.1" 304 -
114.95.241.104 - - [21/Sep/2023:09:00:19 +0800] "GET /xingrg/all/function/internal_message.html?_=1695258017821&CODE_STATE=count HTTP/1.1" 200 11
114.95.241.104 - - [21/Sep/2023:09:00:19 +0800] "GET /xingrg/check_reg.html?_=1695258017823 HTTP/1.1" 200 22
114.95.241.104 - - [21/Sep/2023:09:00:19 +0800] "GET /xingrg/javascript/jquery_easy_ui/themes/default/images/tabs_leftarrow.png HTTP/1.1" 304 -
114.95.241.104 - - [21/Sep/2023:09:00:19 +0800] "GET /xingrg/javascript/jquery_easy_ui/themes/default/images/panel_tool_collapse.gif HTTP/1.1" 304 -
114.95.241.104 - - [21/Sep/2023:09:00:19 +0800] "GET /xingrg/javascript/jquery_easy_ui/themes/default/images/tabs_rightarrow.png HTTP/1.1" 304 -
114.95.241.104 - - [21/Sep/2023:09:00:19 +0800] "GET /xingrg/images/blue/pingpu.png HTTP/1.1" 304 -
114.95.241.104 - - [21/Sep/2023:09:00:19 +0800] "POST /xingrg/all/common/load_tree.html?tree=area_rest_tree_json&manage=1 HTTP/1.1" 200 476
114.95.241.104 - - [21/Sep/2023:09:00:19 +0800] "POST /xingrg/load_menu.html HTTP/1.1" 200 5138
114.95.241.104 - - [21/Sep/2023:09:00:22 +0800] "GET /xingrg/kc/buy/cgsh_order_list.html HTTP/1.1" 200 56585
114.95.241.104 - - [21/Sep/2023:09:00:24 +0800] "POST /xingrg/kc/buy/cgsh_list_operate.html HTTP/1.1" 200 986
114.95.241.104 - - [21/Sep/2023:09:00:26 +0800] "GET /xingrg/kc/buy/cgsh_order_add.html HTTP/1.1" 200 72405
114.95.241.104 - - [21/Sep/2023:09:00:26 +0800] "GET /xingrg/words/20230920212025_words.js HTTP/1.1" 200 987944
114.95.241.104 - - [21/Sep/2023:09:00:27 +0800] "GET /xingrg/javascript/easyui/themes/default/validatebox.css HTTP/1.1" 404 1104
114.95.241.104 - - [21/Sep/2023:09:00:27 +0800] "POST /xingrg/kc/buy/cgsh_order_operate.html HTTP/1.1" 200 8245
114.95.241.104 - - [21/Sep/2023:09:00:27 +0800] "GET /xingrg/all/common/auto_word.html?type=employee&rest_code=00150 HTTP/1.1" 200 159
114.95.241.104 - - [21/Sep/2023:09:00:27 +0800] "GET /xingrg/all/common/auto_word.html?type=employee&rest_code=00150 HTTP/1.1" 200 159
222.70.107.161 - - [21/Sep/2023:09:00:27 +0800] "GET /xingrg/all/function/internal_message.html?_=1695258030890&CODE_STATE=getMsg HTTP/1.1" 200 27
101.83.145.37 - - [21/Sep/2023:09:00:28 +0800] "POST /xingrg/kc/buy/cgsh_order_operate.html HTTP/1.1" 200 37
124.78.155.92 - - [21/Sep/2023:09:00:34 +0800] "GET /xingrg/all/function/internal_message.html?_=1695258032087&CODE_STATE=getMsg HTTP/1.1" 200 27
114.95.241.104 - - [21/Sep/2023:09:00:34 +0800] "GET /xingrg/javascript/auto/indicator.gif HTTP/1.1" 404 1066
180.169.147.146 - - [21/Sep/2023:09:00:38 +0800] "GET /xingrg/all/function/internal_message.html?_=1695258039623&CODE_STATE=getMsg HTTP/1.1" 200 27
114.95.241.104 - - [21/Sep/2023:09:00:44 +0800] "GET /xingrg/kc/buy/cgsh_order_operate.html?command=get_materiel&rest_code=00150&code=00101008175&supplier_code=00100008&order_time=2023-09-21 HTTP/1.1" 200 412
124.77.241.134 - - [21/Sep/2023:09:00:45 +0800] "GET /xingrg/all/function/internal_message.html?_=1695258055447&CODE_STATE=getMsg HTTP/1.1" 200 27
124.77.241.134 - - [21/Sep/2023:09:00:47 +0800] "GET /xingrg/kc/buy/cgsh_order_operate.html?command=get_materiel&rest_code=00146&code=00101008288&supplier_code=00100635&order_time=2023-09-21 HTTP/1.1" 200 408
101.83.145.37 - - [21/Sep/2023:09:00:49 +0800] "GET /xingrg/all/function/internal_message.html?_=1695258049252&CODE_STATE=getMsg HTTP/1.1" 200 27
101.83.145.37 - - [21/Sep/2023:09:00:50 +0800] "POST /xingrg/kc/buy/cgsh_order_operate.html HTTP/1.1" 200 33410
101.83.145.37 - - [21/Sep/2023:09:00:51 +0800] "GET /xingrg/kc/print/load_config.html?kc_code=cgsh HTTP/1.1" 200 1927
101.83.145.37 - - [21/Sep/2023:09:00:52 +0800] "GET /xingrg/kc/print/load_data.html?order_code=212023092108336&kc_code=cgsh&condition= HTTP/1.1" 200 12336
114.95.241.104 - - [21/Sep/2023:09:00:57 +0800] "GET /xingrg/kc/buy/cgsh_order_operate.html?command=get_materiel&rest_code=00150&code=00101008176&supplier_code=00100008&order_time=2023-09-21 HTTP/1.1" 200 413
101.83.145.37 - - [21/Sep/2023:09:00:58 +0800] "GET /xingrg/kc/buy/cgsh_order_add.html HTTP/1.1" 200 72443
101.83.145.37 - - [21/Sep/2023:09:00:59 +0800] "GET /xingrg/javascript/easyui/themes/default/validatebox.css HTTP/1.1" 404 1104
101.83.145.37 - - [21/Sep/2023:09:00:59 +0800] "POST /xingrg/kc/buy/cgsh_order_operate.html HTTP/1.1" 200 8245
114.95.241.104 - - [21/Sep/2023:09:01:05 +0800] "GET /xingrg/kc/buy/cgsh_order_operate.html?command=get_materiel&rest_code=00150&code=00101008091&supplier_code=00100008&order_time=2023-09-21 HTTP/1.1" 200 413
124.77.241.134 - - [21/Sep/2023:09:01:13 +0800] "GET /xingrg/kc/buy/cgsh_order_operate.html?command=get_materiel&rest_code=00146&code=00101008114&supplier_code=00100635&order_time=2023-09-21 HTTP/1.1" 200 412
222.69.130.191 - - [21/Sep/2023:09:01:15 +0800] "GET /xingrg/all/function/internal_message.html?_=1695258077176&CODE_STATE=getMsg HTTP/1.1" 200 27
222.69.130.191 - - [21/Sep/2023:09:01:15 +0800] "GET /xingrg/check_reg.html?_=1695258077182 HTTP/1.1" 200 22
114.95.241.104 - - [21/Sep/2023:09:01:16 +0800] "GET /xingrg/kc/buy/cgsh_order_operate.html?command=get_materiel&rest_code=00150&code=00101008256&supplier_code=00100008&order_time=2023-09-21 HTTP/1.1" 200 413
114.95.241.104 - - [21/Sep/2023:09:01:19 +0800] "GET /xingrg/all/function/internal_message.html?_=1695258077844&CODE_STATE=getMsg HTTP/1.1" 200 27
114.95.241.104 - - [21/Sep/2023:09:01:24 +0800] "GET /xingrg/kc/buy/cgsh_order_operate.html?command=get_materiel&rest_code=00150&code=00101008072&supplier_code=00100008&order_time=2023-09-21 HTTP/1.1" 200 408
222.70.107.161 - - [21/Sep/2023:09:01:27 +0800] "GET /xingrg/all/function/internal_message.html?_=1695258090893&CODE_STATE=getMsg HTTP/1.1" 200 27
180.152.241.196 - - [21/Sep/2023:09:01:29 +0800] "GET /xingrg/check_reg.html?_=1695258089954 HTTP/1.1" 302 -
101.83.145.37 - - [21/Sep/2023:09:01:30 +0800] "GET /xingrg/kc/buy/cgsh_order_operate.html?command=get_materiel&rest_code=00105&code=00101001299&supplier_code=00100635&order_time=2023-09-21 HTTP/1.1" 200 413
124.77.241.134 - - [21/Sep/2023:09:01:30 +0800] "GET /xingrg/kc/buy/cgsh_order_operate.html?command=get_materiel&rest_code=00146&code=00101009011&supplier_code=00100635&order_time=2023-09-21 HTTP/1.1" 200 416
124.78.155.92 - - [21/Sep/2023:09:01:34 +0800] "GET /xingrg/all/function/internal_message.html?_=1695258092066&CODE_STATE=getMsg HTTP/1.1" 200 27
124.77.241.134 - - [21/Sep/2023:09:01:36 +0800] "POST /xingrg/kc/buy/cgsh_order_operate.html HTTP/1.1" 200 2065
114.95.241.104 - - [21/Sep/2023:09:01:37 +0800] "GET /xingrg/kc/buy/cgsh_order_operate.html?command=get_materiel&rest_code=00150&code=00101008037&supplier_code=00100008&order_time=2023-09-21 HTTP/1.1" 200 415
180.169.147.146 - - [21/Sep/2023:09:01:38 +0800] "GET /xingrg/all/function/internal_message.html?_=1695258099607&CODE_STATE=getMsg HTTP/1.1" 200 27
120.253.135.82 - - [21/Sep/2023:09:01:43 +0800] "GET /xingrg/check_reg.html?_=1695257907156 HTTP/1.1" 200 22
124.77.241.134 - - [21/Sep/2023:09:01:44 +0800] "GET /xingrg/kc/buy/cgsh_order_operate.html?command=get_materiel&rest_code=00146&code=00101009015&supplier_code=00100635&order_time=2023-09-21 HTTP/1.1" 200 416
124.77.241.134 - - [21/Sep/2023:09:01:45 +0800] "GET /xingrg/all/function/internal_message.html?_=1695258115461&CODE_STATE=getMsg HTTP/1.1" 200 27
114.95.241.104 - - [21/Sep/2023:09:01:47 +0800] "GET /xingrg/kc/buy/cgsh_order_operate.html?command=get_materiel&rest_code=00150&code=00101008257&supplier_code=00100008&order_time=2023-09-21 HTTP/1.1" 200 416
101.83.145.37 - - [21/Sep/2023:09:01:49 +0800] "GET /xingrg/all/function/internal_message.html?_=1695258109394&CODE_STATE=getMsg HTTP/1.1" 200 27
114.95.241.104 - - [21/Sep/2023:09:01:54 +0800] "GET /xingrg/kc/buy/cgsh_order_operate.html?command=get_materiel&rest_code=00150&code=00101008080&supplier_code=00100008&order_time=2023-09-21 HTTP/1.1" 200 416
124.77.241.134 - - [21/Sep/2023:09:01:57 +0800] "GET /xingrg/kc/buy/cgsh_order_operate.html?command=get_materiel&rest_code=00146&code=00101009140&supplier_code=00100635&order_time=2023-09-21 HTTP/1.1" 200 412
114.95.241.104 - - [21/Sep/2023:09:02:08 +0800] "GET /xingrg/kc/buy/cgsh_order_operate.html?command=get_materiel&rest_code=00150&code=00101008331&supplier_code=00100008&order_time=2023-09-21 HTTP/1.1" 200 416
