222.70.180.200 - - [21/Sep/2023:13:32:04 +0800] "GET /xingrg/kc/buy/cgsh_order_operate.html?command=get_materiel&rest_code=00111&code=00101009113&supplier_code=00100037&order_time=2023-09-21 HTTP/1.1" 200 431
120.253.135.82 - - [21/Sep/2023:13:32:07 +0800] "GET /xingrg/all/function/internal_message.html?_=1695274467980&CODE_STATE=getMsg HTTP/1.1" 200 27
101.228.187.155 - - [21/Sep/2023:13:32:09 +0800] "GET /xingrg/all/function/internal_message.html?_=1695274328910&CODE_STATE=getMsg HTTP/1.1" 200 27
124.77.241.134 - - [21/Sep/2023:13:32:15 +0800] "GET /xingrg/all/function/internal_message.html?_=1695274345797&CODE_STATE=getMsg HTTP/1.1" 200 27
222.69.130.191 - - [21/Sep/2023:13:32:15 +0800] "GET /xingrg/all/function/internal_message.html?_=1695274335743&CODE_STATE=getMsg HTTP/1.1" 200 27
120.253.135.82 - - [21/Sep/2023:13:32:17 +0800] "GET /xingrg/kc/buy/cgsh_order_operate.html?command=get_materiel&rest_code=00101&code=00101019498&supplier_code=00100100&order_time=2023-09-21 HTTP/1.1" 200 475
120.253.135.82 - - [21/Sep/2023:13:32:19 +0800] "POST /xingrg/all/common/load_select.html HTTP/1.1" 200 25
222.70.180.200 - - [21/Sep/2023:13:32:21 +0800] "GET /xingrg/all/function/internal_message.html?_=1695274338274&CODE_STATE=getMsg HTTP/1.1" 200 27
120.253.135.82 - - [21/Sep/2023:13:32:23 +0800] "GET /xingrg/kc/buy/cgsh_order_operate.html?command=get_materiel_price&rest_code=00101&code=00101019498&unit_code=00100246&supplier_code=00100100&order_time=2023-09-21 HTTP/1.1" 200 29
180.169.147.146 - - [21/Sep/2023:13:32:23 +0800] "GET /xingrg/check_reg.html?_=1695274343709 HTTP/1.1" 200 22
180.169.147.146 - - [21/Sep/2023:13:32:23 +0800] "GET /xingrg/all/function/internal_message.html?_=1695274343712&CODE_STATE=getMsg HTTP/1.1" 200 27
101.83.145.37 - - [21/Sep/2023:13:32:25 +0800] "GET /xingrg/kc/buy/cgsh_order_add.html HTTP/1.1" 200 72443
101.83.145.37 - - [21/Sep/2023:13:32:26 +0800] "GET /xingrg/javascript/easyui/themes/default/validatebox.css HTTP/1.1" 404 1104
101.83.145.37 - - [21/Sep/2023:13:32:26 +0800] "POST /xingrg/kc/buy/cgsh_order_operate.html HTTP/1.1" 200 8245
120.253.135.82 - - [21/Sep/2023:13:32:27 +0800] "POST /xingrg/kc/buy/cgsh_order_operate.html HTTP/1.1" 200 2065
114.83.216.51 - - [21/Sep/2023:13:32:28 +0800] "GET /xingrg/all/function/internal_message.html?_=1695274346551&CODE_STATE=getMsg HTTP/1.1" 200 27
124.78.155.92 - - [21/Sep/2023:13:32:32 +0800] "GET /xingrg/all/function/internal_message.html?_=1695274350137&CODE_STATE=getMsg HTTP/1.1" 200 27
180.169.147.146 - - [21/Sep/2023:13:32:34 +0800] "GET /xingrg/all/function/internal_message.html?_=1695274355508&CODE_STATE=getMsg HTTP/1.1" 200 27
120.253.135.82 - - [21/Sep/2023:13:32:39 +0800] "GET /xingrg/kc/buy/cgsh_order_operate.html?command=get_materiel&rest_code=00101&code=00101019129&supplier_code=00100100&order_time=2023-09-21 HTTP/1.1" 200 470
222.70.107.161 - - [21/Sep/2023:13:32:39 +0800] "GET /xingrg/all/function/internal_message.html?_=1695274363097&CODE_STATE=getMsg HTTP/1.1" 200 27
120.253.135.82 - - [21/Sep/2023:13:32:42 +0800] "POST /xingrg/kc/buy/cgsh_order_operate.html HTTP/1.1" 200 37
222.70.180.200 - - [21/Sep/2023:13:32:43 +0800] "GET /xingrg/kc/buy/cgsh_order_operate.html?command=get_materiel&rest_code=00111&code=00101013172&supplier_code=00100037&order_time=2023-09-21 HTTP/1.1" 200 428
101.83.145.37 - - [21/Sep/2023:13:32:43 +0800] "GET /xingrg/all/function/internal_message.html?_=1695274363414&CODE_STATE=getMsg HTTP/1.1" 200 27
180.165.48.189 - - [21/Sep/2023:13:32:43 +0800] "GET /xingrg/all/function/internal_message.html?_=1695274363297&CODE_STATE=getMsg HTTP/1.1" 200 27
218.81.73.231 - - [21/Sep/2023:13:32:43 +0800] "GET /xingrg/all/function/internal_message.html?_=1695274362610&CODE_STATE=getMsg HTTP/1.1" 200 27
218.81.73.231 - - [21/Sep/2023:13:32:43 +0800] "GET /xingrg/check_reg.html?_=1695274362614 HTTP/1.1" 200 22
114.95.241.104 - - [21/Sep/2023:13:32:45 +0800] "GET /xingrg/all/function/internal_message.html?_=1695274363576&CODE_STATE=getMsg HTTP/1.1" 200 27
120.253.135.82 - - [21/Sep/2023:13:32:47 +0800] "GET /xingrg/all/function/internal_message.html?_=1695274171101&CODE_STATE=getMsg HTTP/1.1" 200 27
221.239.166.189 - - [21/Sep/2023:13:32:50 +0800] "GET /xingrg/all/function/internal_message.html?_=1695274369178&CODE_STATE=getMsg HTTP/1.1" 200 27
120.253.135.82 - - [21/Sep/2023:13:32:52 +0800] "POST /xingrg/kc/buy/cgsh_order_operate.html HTTP/1.1" 200 12
124.77.241.134 - - [21/Sep/2023:13:32:53 +0800] "GET /xingrg/check_reg.html?_=1695274383514 HTTP/1.1" 200 22
180.169.147.146 - - [21/Sep/2023:13:32:54 +0800] "GET /xingrg/check_reg.html?_=1695274375712 HTTP/1.1" 200 22
120.253.135.82 - - [21/Sep/2023:13:32:54 +0800] "GET /xingrg/kc/buy/cgsh_order_info.html?code=212023092108429 HTTP/1.1" 200 66328
120.253.135.82 - - [21/Sep/2023:13:32:55 +0800] "GET /xingrg/javascript/easyui/themes/default/validatebox.css HTTP/1.1" 404 1104
120.253.135.82 - - [21/Sep/2023:13:32:57 +0800] "POST /xingrg/kc/buy/cgsh_order_operate.html HTTP/1.1" 200 37
120.253.135.82 - - [21/Sep/2023:13:32:57 +0800] "POST /xingrg/kc/buy/cgsh_order_operate.html HTTP/1.1" 200 1814
124.78.69.58 - - [21/Sep/2023:13:32:59 +0800] "GET /xingrg/all/function/internal_message.html?_=1695273808409&CODE_STATE=getMsg HTTP/1.1" 200 27
222.70.180.200 - - [21/Sep/2023:13:32:59 +0800] "GET /xingrg/kc/buy/cgsh_order_operate.html?command=get_materiel&rest_code=00111&code=00101006006&supplier_code=00100037&order_time=2023-09-21 HTTP/1.1" 200 408
120.253.135.82 - - [21/Sep/2023:13:33:01 +0800] "POST /xingrg/kc/buy/cgsh_order_operate.html HTTP/1.1" 200 8829
124.79.244.212 - - [21/Sep/2023:13:33:03 +0800] "GET /xingrg/all/function/internal_message.html?_=1695274681281&CODE_STATE=getMsg HTTP/1.1" 200 27
116.228.172.122 - - [21/Sep/2023:13:33:03 +0800] "GET /xingrg/check_reg.html?_=1695274028658 HTTP/1.1" 200 22
116.228.172.122 - - [21/Sep/2023:13:33:03 +0800] "GET /xingrg/all/function/internal_message.html?_=1695274028660&CODE_STATE=getMsg HTTP/1.1" 200 27
120.253.135.82 - - [21/Sep/2023:13:33:03 +0800] "POST /xingrg/kc/buy/cgsh_list_operate.html HTTP/1.1" 200 2271
120.253.135.82 - - [21/Sep/2023:13:33:06 +0800] "POST /xingrg/kc/buy/cgsh_list_operate.html HTTP/1.1" 200 586
120.253.135.82 - - [21/Sep/2023:13:33:07 +0800] "GET /xingrg/all/function/internal_message.html?_=1695274527984&CODE_STATE=getMsg HTTP/1.1" 200 27
120.253.135.82 - - [21/Sep/2023:13:33:07 +0800] "GET /xingrg/kc/buy/cgsh_order_info.html?code=212023092108430 HTTP/1.1" 200 71430
120.253.135.82 - - [21/Sep/2023:13:33:08 +0800] "GET /xingrg/javascript/easyui/themes/default/validatebox.css HTTP/1.1" 404 1104
120.253.135.82 - - [21/Sep/2023:13:33:09 +0800] "POST /xingrg/kc/buy/cgsh_order_operate.html HTTP/1.1" 200 6920
101.228.187.155 - - [21/Sep/2023:13:33:09 +0800] "GET /xingrg/check_reg.html?_=1695274388914 HTTP/1.1" 200 22
101.228.187.155 - - [21/Sep/2023:13:33:09 +0800] "GET /xingrg/all/function/internal_message.html?_=1695274388916&CODE_STATE=getMsg HTTP/1.1" 200 27
222.70.180.200 - - [21/Sep/2023:13:33:11 +0800] "GET /xingrg/kc/buy/cgsh_order_operate.html?command=get_materiel&rest_code=00111&code=00101013225&supplier_code=00100037&order_time=2023-09-21 HTTP/1.1" 200 447
120.253.135.82 - - [21/Sep/2023:13:33:12 +0800] "GET /xingrg/kc/buy/cgsh_order_operate.html?command=get_materiel&rest_code=00101&code=00101019135&supplier_code=00100100&order_time=2023-09-21 HTTP/1.1" 200 474
120.253.135.82 - - [21/Sep/2023:13:33:12 +0800] "POST /xingrg/all/common/load_select.html HTTP/1.1" 200 25
222.69.130.191 - - [21/Sep/2023:13:33:15 +0800] "GET /xingrg/all/function/internal_message.html?_=1695274395744&CODE_STATE=getMsg HTTP/1.1" 200 27
120.253.135.82 - - [21/Sep/2023:13:33:18 +0800] "GET /xingrg/kc/buy/cgsh_order_operate.html?command=get_materiel_price&rest_code=00101&code=00101013226&unit_code=00100114&supplier_code=00100106&order_time=2023-09-21 HTTP/1.1" 200 28
221.239.166.189 - - [21/Sep/2023:13:33:19 +0800] "GET /xingrg/kc/buy/cgsh_order_operate.html?command=get_materiel&rest_code=00145&code=00101008024&supplier_code=00100556&order_time=2023-09-21 HTTP/1.1" 200 408
222.70.180.200 - - [21/Sep/2023:13:33:21 +0800] "GET /xingrg/all/function/internal_message.html?_=1695274398293&CODE_STATE=getMsg HTTP/1.1" 200 27
180.169.147.146 - - [21/Sep/2023:13:33:23 +0800] "GET /xingrg/all/function/internal_message.html?_=1695274403703&CODE_STATE=getMsg HTTP/1.1" 200 27
180.163.29.219 - - [21/Sep/2023:13:33:24 +0800] "GET /xingrg/all/function/internal_message.html?_=1695274343712&CODE_STATE=getMsg HTTP/1.1" 302 -
180.163.29.219 - - [21/Sep/2023:13:33:24 +0800] "GET /xingrg/login.html HTTP/1.1" 200 7641
114.83.216.51 - - [21/Sep/2023:13:33:28 +0800] "GET /xingrg/all/function/internal_message.html?_=1695274406576&CODE_STATE=getMsg HTTP/1.1" 200 27
124.77.241.134 - - [21/Sep/2023:13:33:32 +0800] "GET /xingrg/all/function/internal_message.html?_=1695274422597&CODE_STATE=getMsg HTTP/1.1" 200 27
124.78.155.92 - - [21/Sep/2023:13:33:32 +0800] "GET /xingrg/all/function/internal_message.html?_=1695274410124&CODE_STATE=getMsg HTTP/1.1" 200 27
180.169.147.146 - - [21/Sep/2023:13:33:34 +0800] "GET /xingrg/all/function/internal_message.html?_=1695274415495&CODE_STATE=getMsg HTTP/1.1" 200 27
222.70.180.200 - - [21/Sep/2023:13:33:35 +0800] "GET /xingrg/kc/buy/cgsh_order_operate.html?command=get_materiel&rest_code=00111&code=00101019435&supplier_code=00100037&order_time=2023-09-21 HTTP/1.1" 200 417
222.70.107.161 - - [21/Sep/2023:13:33:39 +0800] "GET /xingrg/all/function/internal_message.html?_=1695274423086&CODE_STATE=getMsg HTTP/1.1" 200 27
101.83.145.37 - - [21/Sep/2023:13:33:43 +0800] "GET /xingrg/all/function/internal_message.html?_=1695274423370&CODE_STATE=getMsg HTTP/1.1" 200 27
101.83.145.37 - - [21/Sep/2023:13:33:43 +0800] "GET /xingrg/check_reg.html?_=1695274423475 HTTP/1.1" 200 22
180.165.48.189 - - [21/Sep/2023:13:33:43 +0800] "GET /xingrg/all/function/internal_message.html?_=1695274423290&CODE_STATE=getMsg HTTP/1.1" 200 27
218.81.73.231 - - [21/Sep/2023:13:33:43 +0800] "GET /xingrg/all/function/internal_message.html?_=1695274422615&CODE_STATE=getMsg HTTP/1.1" 200 27
114.95.241.104 - - [21/Sep/2023:13:33:45 +0800] "GET /xingrg/all/function/internal_message.html?_=1695274423578&CODE_STATE=getMsg HTTP/1.1" 200 27
221.239.166.189 - - [21/Sep/2023:13:33:46 +0800] "GET /xingrg/check_reg.html?_=1695274425299 HTTP/1.1" 200 22
120.253.135.82 - - [21/Sep/2023:13:33:46 +0800] "GET /xingrg/kc/buy/cgsh_order_operate.html?command=get_materiel&rest_code=00101&code=00101019525&supplier_code=00100100&order_time=2023-09-21 HTTP/1.1" 200 421
120.253.135.82 - - [21/Sep/2023:13:33:47 +0800] "GET /xingrg/all/function/internal_message.html?_=1695274231128&CODE_STATE=getMsg HTTP/1.1" 200 27
221.239.166.189 - - [21/Sep/2023:13:33:50 +0800] "GET /xingrg/all/function/internal_message.html?_=1695274429158&CODE_STATE=getMsg HTTP/1.1" 200 27
120.253.135.82 - - [21/Sep/2023:13:33:51 +0800] "POST /xingrg/kc/buy/cgsh_order_operate.html HTTP/1.1" 200 37
120.253.135.82 - - [21/Sep/2023:13:33:53 +0800] "POST /xingrg/kc/buy/cgsh_order_operate.html HTTP/1.1" 200 6920
222.70.180.200 - - [21/Sep/2023:13:33:57 +0800] "GET /xingrg/kc/buy/cgsh_order_operate.html?command=get_materiel&rest_code=00111&code=00101009017&supplier_code=00100037&order_time=2023-09-21 HTTP/1.1" 200 418
124.78.69.58 - - [21/Sep/2023:13:33:59 +0800] "GET /xingrg/all/function/internal_message.html?_=1695273868408&CODE_STATE=getMsg HTTP/1.1" 200 27
120.253.135.82 - - [21/Sep/2023:13:33:59 +0800] "GET /xingrg/kc/print/load_data.html?order_code=212023092108430&kc_code=cgsh&condition= HTTP/1.1" 200 2428
221.239.166.189 - - [21/Sep/2023:13:34:02 +0800] "GET /xingrg/kc/buy/cgsh_order_operate.html?command=get_materiel&rest_code=00145&code=00101008355&supplier_code=00100556&order_time=2023-09-21 HTTP/1.1" 200 408
124.79.244.212 - - [21/Sep/2023:13:34:03 +0800] "GET /xingrg/all/function/internal_message.html?_=1695274741279&CODE_STATE=getMsg HTTP/1.1" 200 27
101.83.145.37 - - [21/Sep/2023:13:34:03 +0800] "GET /xingrg/kc/buy/cgsh_order_operate.html?command=get_materiel&rest_code=00105&code=00101001135&supplier_code=00100313&order_time=2023-09-21 HTTP/1.1" 200 434
116.228.172.122 - - [21/Sep/2023:13:34:03 +0800] "GET /xingrg/all/function/internal_message.html?_=1695274088655&CODE_STATE=getMsg HTTP/1.1" 200 27
120.253.135.82 - - [21/Sep/2023:13:34:07 +0800] "GET /xingrg/all/function/internal_message.html?_=1695274587985&CODE_STATE=getMsg HTTP/1.1" 200 27
101.228.187.155 - - [21/Sep/2023:13:34:09 +0800] "GET /xingrg/all/function/internal_message.html?_=1695274448914&CODE_STATE=getMsg HTTP/1.1" 200 27
120.253.135.82 - - [21/Sep/2023:13:34:13 +0800] "GET /xingrg/kc/buy/cgsh_order_operate.html?command=get_materiel&rest_code=00101&code=00101019415&supplier_code=00100100&order_time=2023-09-21 HTTP/1.1" 200 437
221.239.166.189 - - [21/Sep/2023:13:34:13 +0800] "GET /xingrg/kc/buy/cgsh_order_operate.html?command=get_materiel&rest_code=00145&code=00101008205&supplier_code=00100556&order_time=2023-09-21 HTTP/1.1" 200 412
222.69.130.191 - - [21/Sep/2023:13:34:15 +0800] "GET /xingrg/all/function/internal_message.html?_=1695274455745&CODE_STATE=getMsg HTTP/1.1" 200 27
222.70.180.200 - - [21/Sep/2023:13:34:15 +0800] "GET /xingrg/kc/buy/cgsh_order_operate.html?command=get_materiel&rest_code=00111&code=00101009013&supplier_code=00100037&order_time=2023-09-21 HTTP/1.1" 200 420
222.70.180.200 - - [21/Sep/2023:13:34:22 +0800] "GET /xingrg/all/function/internal_message.html?_=1695274458793&CODE_STATE=getMsg HTTP/1.1" 200 27
180.169.147.146 - - [21/Sep/2023:13:34:23 +0800] "GET /xingrg/all/function/internal_message.html?_=1695274463717&CODE_STATE=getMsg HTTP/1.1" 200 27
101.83.145.37 - - [21/Sep/2023:13:34:24 +0800] "GET /xingrg/kc/buy/cgsh_order_operate.html?command=get_materiel&rest_code=00105&code=00101001058&supplier_code=00100313&order_time=2023-09-21 HTTP/1.1" 200 416
114.83.216.51 - - [21/Sep/2023:13:34:27 +0800] "GET /xingrg/check_reg.html?_=1695274466155 HTTP/1.1" 200 22
114.83.216.51 - - [21/Sep/2023:13:34:28 +0800] "GET /xingrg/all/function/internal_message.html?_=1695274466563&CODE_STATE=getMsg HTTP/1.1" 200 27
120.253.135.82 - - [21/Sep/2023:13:34:29 +0800] "GET /xingrg/kc/buy/cgsh_order_operate.html?command=get_materiel&rest_code=00101&code=00101019323&supplier_code=00100100&order_time=2023-09-21 HTTP/1.1" 200 413
124.77.241.134 - - [21/Sep/2023:13:34:32 +0800] "GET /xingrg/all/function/internal_message.html?_=1695274482605&CODE_STATE=getMsg HTTP/1.1" 200 27
124.78.155.92 - - [21/Sep/2023:13:34:32 +0800] "GET /xingrg/all/function/internal_message.html?_=1695274470124&CODE_STATE=getMsg HTTP/1.1" 200 27
120.253.135.82 - - [21/Sep/2023:13:34:33 +0800] "POST /xingrg/kc/buy/cgsh_order_operate.html HTTP/1.1" 200 2065
101.83.145.37 - - [21/Sep/2023:13:34:34 +0800] "GET /xingrg/kc/buy/cgsh_order_operate.html?command=get_materiel&rest_code=00105&code=00101001022&supplier_code=00100313&order_time=2023-09-21 HTTP/1.1" 200 417
180.169.147.146 - - [21/Sep/2023:13:34:34 +0800] "GET /xingrg/all/function/internal_message.html?_=1695274475480&CODE_STATE=getMsg HTTP/1.1" 200 27
222.70.107.161 - - [21/Sep/2023:13:34:39 +0800] "GET /xingrg/all/function/internal_message.html?_=1695274483086&CODE_STATE=getMsg HTTP/1.1" 200 27
222.70.107.161 - - [21/Sep/2023:13:34:39 +0800] "GET /xingrg/check_reg.html?_=1695274483094 HTTP/1.1" 200 22
222.70.180.200 - - [21/Sep/2023:13:34:39 +0800] "GET /xingrg/kc/buy/cgsh_order_operate.html?command=get_materiel&rest_code=00111&code=00101009016&supplier_code=00100037&order_time=2023-09-21 HTTP/1.1" 200 420
101.83.145.37 - - [21/Sep/2023:13:34:43 +0800] "GET /xingrg/all/function/internal_message.html?_=1695274483368&CODE_STATE=getMsg HTTP/1.1" 200 27
180.165.48.189 - - [21/Sep/2023:13:34:43 +0800] "GET /xingrg/all/function/internal_message.html?_=1695274483269&CODE_STATE=getMsg HTTP/1.1" 200 27
218.81.73.231 - - [21/Sep/2023:13:34:43 +0800] "GET /xingrg/all/function/internal_message.html?_=1695274482616&CODE_STATE=getMsg HTTP/1.1" 200 27
114.95.241.104 - - [21/Sep/2023:13:34:45 +0800] "GET /xingrg/check_reg.html?_=1695274483580 HTTP/1.1" 200 22
114.95.241.104 - - [21/Sep/2023:13:34:45 +0800] "GET /xingrg/all/function/internal_message.html?_=1695274483591&CODE_STATE=getMsg HTTP/1.1" 200 27
120.253.135.82 - - [21/Sep/2023:13:34:47 +0800] "GET /xingrg/all/function/internal_message.html?_=1695274291144&CODE_STATE=getMsg HTTP/1.1" 200 27
101.83.145.37 - - [21/Sep/2023:13:34:48 +0800] "GET /xingrg/kc/buy/cgsh_order_operate.html?command=get_materiel&rest_code=00105&code=00101001027&supplier_code=00100313&order_time=2023-09-21 HTTP/1.1" 200 415
221.239.166.189 - - [21/Sep/2023:13:34:50 +0800] "GET /xingrg/all/function/internal_message.html?_=1695274489131&CODE_STATE=getMsg HTTP/1.1" 200 27
221.239.166.189 - - [21/Sep/2023:13:34:50 +0800] "GET /xingrg/kc/buy/cgsh_order_operate.html?command=get_materiel&rest_code=00145&code=00101008356&supplier_code=00100556&order_time=2023-09-21 HTTP/1.1" 200 428
124.78.69.58 - - [21/Sep/2023:13:34:59 +0800] "GET /xingrg/check_reg.html?_=1695273928407 HTTP/1.1" 200 22
124.78.69.58 - - [21/Sep/2023:13:34:59 +0800] "GET /xingrg/all/function/internal_message.html?_=1695273928409&CODE_STATE=getMsg HTTP/1.1" 200 27
221.239.166.189 - - [21/Sep/2023:13:35:02 +0800] "GET /xingrg/kc/buy/cgsh_order_operate.html?command=get_materiel&rest_code=00145&code=00101008264&supplier_code=00100556&order_time=2023-09-21 HTTP/1.1" 200 432
124.79.244.212 - - [21/Sep/2023:13:35:03 +0800] "GET /xingrg/all/function/internal_message.html?_=1695274801294&CODE_STATE=getMsg HTTP/1.1" 200 27
124.79.244.212 - - [21/Sep/2023:13:35:03 +0800] "GET /xingrg/check_reg.html?_=1695274801296 HTTP/1.1" 200 22
101.83.145.37 - - [21/Sep/2023:13:35:03 +0800] "GET /xingrg/kc/buy/cgsh_order_operate.html?command=get_materiel&rest_code=00105&code=00101002074&supplier_code=00100313&order_time=2023-09-21 HTTP/1.1" 200 413
116.228.172.122 - - [21/Sep/2023:13:35:03 +0800] "GET /xingrg/all/function/internal_message.html?_=1695274148670&CODE_STATE=getMsg HTTP/1.1" 200 27
120.253.135.82 - - [21/Sep/2023:13:35:07 +0800] "GET /xingrg/all/function/internal_message.html?_=1695274647989&CODE_STATE=getMsg HTTP/1.1" 200 27
120.253.135.82 - - [21/Sep/2023:13:35:07 +0800] "GET /xingrg/check_reg.html?_=1695274647991 HTTP/1.1" 200 22
124.79.244.212 - - [21/Sep/2023:13:35:08 +0800] "GET /xingrg/check_reg.html?_=1695274508041 HTTP/1.1" 302 -
101.228.187.155 - - [21/Sep/2023:13:35:09 +0800] "GET /xingrg/all/function/internal_message.html?_=1695274508915&CODE_STATE=getMsg HTTP/1.1" 200 27
101.83.145.37 - - [21/Sep/2023:13:35:11 +0800] "GET /xingrg/kc/buy/cgsh_order_operate.html?command=get_materiel&rest_code=00105&code=00101005066&supplier_code=00100313&order_time=2023-09-21 HTTP/1.1" 200 410
120.253.135.82 - - [21/Sep/2023:13:35:15 +0800] "GET /xingrg/kc/buy/cgsh_order_operate.html?command=get_materiel&rest_code=00101&code=00101019565&supplier_code=00100100&order_time=2023-09-21 HTTP/1.1" 200 422
222.69.130.191 - - [21/Sep/2023:13:35:15 +0800] "GET /xingrg/all/function/internal_message.html?_=1695274515742&CODE_STATE=getMsg HTTP/1.1" 200 27
101.83.145.37 - - [21/Sep/2023:13:35:19 +0800] "GET /xingrg/kc/buy/cgsh_order_operate.html?command=get_materiel&rest_code=00105&code=00101004061&supplier_code=00100313&order_time=2023-09-21 HTTP/1.1" 200 409
222.70.180.200 - - [21/Sep/2023:13:35:22 +0800] "GET /xingrg/all/function/internal_message.html?_=1695274518770&CODE_STATE=getMsg HTTP/1.1" 200 27
180.169.147.146 - - [21/Sep/2023:13:35:23 +0800] "GET /xingrg/all/function/internal_message.html?_=1695274523712&CODE_STATE=getMsg HTTP/1.1" 200 27
221.239.166.189 - - [21/Sep/2023:13:35:25 +0800] "GET /xingrg/kc/buy/cgsh_order_operate.html?command=get_materiel&rest_code=00145&code=00101008286&supplier_code=00100556&order_time=2023-09-21 HTTP/1.1" 200 428
101.83.145.37 - - [21/Sep/2023:13:35:26 +0800] "GET /xingrg/kc/buy/cgsh_order_operate.html?command=get_materiel&rest_code=00105&code=00102026001&supplier_code=00100313&order_time=2023-09-21 HTTP/1.1" 200 409
114.83.216.51 - - [21/Sep/2023:13:35:28 +0800] "GET /xingrg/all/function/internal_message.html?_=1695274526563&CODE_STATE=getMsg HTTP/1.1" 200 27
120.253.135.82 - - [21/Sep/2023:13:35:29 +0800] "POST /xingrg/kc/buy/cgsh_order_operate.html HTTP/1.1" 200 37
124.77.241.134 - - [21/Sep/2023:13:35:32 +0800] "GET /xingrg/all/function/internal_message.html?_=1695274543385&CODE_STATE=getMsg HTTP/1.1" 200 27
101.83.145.37 - - [21/Sep/2023:13:35:34 +0800] "GET /xingrg/kc/buy/cgsh_order_operate.html?command=get_materiel&rest_code=00105&code=00101004023&supplier_code=00100313&order_time=2023-09-21 HTTP/1.1" 200 409
180.169.147.146 - - [21/Sep/2023:13:35:34 +0800] "GET /xingrg/all/function/internal_message.html?_=1695274535463&CODE_STATE=getMsg HTTP/1.1" 200 27
120.253.135.82 - - [21/Sep/2023:13:35:35 +0800] "GET /xingrg/kc/buy/cgsh_order_operate.html?command=get_materiel&rest_code=00101&code=00101019179&supplier_code=00100100&order_time=2023-09-21 HTTP/1.1" 200 450
120.253.135.82 - - [21/Sep/2023:13:35:36 +0800] "POST /xingrg/all/common/load_select.html HTTP/1.1" 200 25
120.253.135.82 - - [21/Sep/2023:13:35:36 +0800] "POST /xingrg/kc/buy/cgsh_order_operate.html HTTP/1.1" 200 12
222.70.107.161 - - [21/Sep/2023:13:35:39 +0800] "GET /xingrg/all/function/internal_message.html?_=1695274543085&CODE_STATE=getMsg HTTP/1.1" 200 27
120.253.135.82 - - [21/Sep/2023:13:35:41 +0800] "GET /xingrg/kc/buy/cgsh_order_operate.html?command=get_materiel_price&rest_code=00101&code=00101019179&unit_code=00100161&supplier_code=00100100&order_time=2023-09-21 HTTP/1.1" 200 28
101.83.145.37 - - [21/Sep/2023:13:35:43 +0800] "GET /xingrg/all/function/internal_message.html?_=1695274543341&CODE_STATE=getMsg HTTP/1.1" 200 27
180.165.48.189 - - [21/Sep/2023:13:35:43 +0800] "GET /xingrg/all/function/internal_message.html?_=1695274543258&CODE_STATE=getMsg HTTP/1.1" 200 27
218.81.73.231 - - [21/Sep/2023:13:35:43 +0800] "GET /xingrg/all/function/internal_message.html?_=1695274542602&CODE_STATE=getMsg HTTP/1.1" 200 27
124.78.155.92 - - [21/Sep/2023:13:35:44 +0800] "GET /xingrg/all/function/internal_message.html?_=1695274530125&CODE_STATE=getMsg HTTP/1.1" 200 27
120.253.135.82 - - [21/Sep/2023:13:35:44 +0800] "GET /xingrg/kc/buy/cgsh_order_info.html?code=212023092108430 HTTP/1.1" 200 66330
120.253.135.82 - - [21/Sep/2023:13:35:45 +0800] "GET /xingrg/javascript/easyui/themes/default/validatebox.css HTTP/1.1" 404 1104
114.95.241.104 - - [21/Sep/2023:13:35:45 +0800] "GET /xingrg/all/function/internal_message.html?_=1695274543576&CODE_STATE=getMsg HTTP/1.1" 200 27
120.253.135.82 - - [21/Sep/2023:13:35:46 +0800] "POST /xingrg/kc/buy/cgsh_order_operate.html HTTP/1.1" 200 4866
120.253.135.82 - - [21/Sep/2023:13:35:46 +0800] "GET /xingrg/check_reg.html?_=1695274351047 HTTP/1.1" 200 22
120.253.135.82 - - [21/Sep/2023:13:35:47 +0800] "GET /xingrg/all/function/internal_message.html?_=1695274351189&CODE_STATE=getMsg HTTP/1.1" 200 27
180.165.48.189 - - [21/Sep/2023:13:35:47 +0800] "GET /xingrg/check_reg.html?_=1695274546734 HTTP/1.1" 200 22
221.239.166.189 - - [21/Sep/2023:13:35:50 +0800] "GET /xingrg/all/function/internal_message.html?_=1695274549114&CODE_STATE=getMsg HTTP/1.1" 200 27
101.83.145.37 - - [21/Sep/2023:13:35:53 +0800] "POST /xingrg/kc/buy/cgsh_order_operate.html HTTP/1.1" 200 37
221.239.166.189 - - [21/Sep/2023:13:35:54 +0800] "GET /xingrg/kc/buy/cgsh_order_operate.html?command=get_materiel&rest_code=00145&code=00101008268&supplier_code=00100556&order_time=2023-09-21 HTTP/1.1" 200 408
101.83.145.37 - - [21/Sep/2023:13:35:55 +0800] "POST /xingrg/kc/buy/cgsh_order_operate.html HTTP/1.1" 200 6815
120.253.135.82 - - [21/Sep/2023:13:35:55 +0800] "POST /xingrg/kc/buy/cgsh_list_operate.html HTTP/1.1" 200 1855
101.83.145.37 - - [21/Sep/2023:13:35:56 +0800] "GET /xingrg/kc/print/load_data.html?order_code=212023092108432&kc_code=cgsh&condition= HTTP/1.1" 200 2256
222.70.180.200 - - [21/Sep/2023:13:35:57 +0800] "GET /xingrg/kc/buy/cgsh_order_operate.html?command=get_materiel&rest_code=00111&code=00101008123&supplier_code=00100037&order_time=2023-09-21 HTTP/1.1" 200 412
120.253.135.82 - - [21/Sep/2023:13:35:57 +0800] "GET /xingrg/kc/buy/cgsh_order_operate.html?command=get_materiel&rest_code=00101&code=00101019514&supplier_code=00100100&order_time=2023-09-21 HTTP/1.1" 200 467
124.78.69.58 - - [21/Sep/2023:13:35:59 +0800] "GET /xingrg/all/function/internal_message.html?_=1695273988415&CODE_STATE=getMsg HTTP/1.1" 200 27
101.83.145.37 - - [21/Sep/2023:13:36:01 +0800] "GET /xingrg/kc/buy/cgsh_order_add.html HTTP/1.1" 200 72443
101.83.145.37 - - [21/Sep/2023:13:36:01 +0800] "GET /xingrg/javascript/easyui/themes/default/validatebox.css HTTP/1.1" 404 1104
101.83.145.37 - - [21/Sep/2023:13:36:01 +0800] "POST /xingrg/kc/buy/cgsh_order_operate.html HTTP/1.1" 200 8245
124.79.244.212 - - [21/Sep/2023:13:36:03 +0800] "GET /xingrg/all/function/internal_message.html?_=1695274861294&CODE_STATE=getMsg HTTP/1.1" 200 27
116.228.172.122 - - [21/Sep/2023:13:36:03 +0800] "GET /xingrg/all/function/internal_message.html?_=1695274208659&CODE_STATE=getMsg HTTP/1.1" 200 27
222.70.180.200 - - [21/Sep/2023:13:36:05 +0800] "GET /xingrg/kc/buy/cgsh_order_operate.html?command=get_materiel&rest_code=00111&code=00101015046&supplier_code=00100037&order_time=2023-09-21 HTTP/1.1" 200 412
120.253.135.82 - - [21/Sep/2023:13:36:07 +0800] "GET /xingrg/all/function/internal_message.html?_=1695274708041&CODE_STATE=getMsg HTTP/1.1" 200 27
101.228.187.155 - - [21/Sep/2023:13:36:09 +0800] "GET /xingrg/all/function/internal_message.html?_=1695274568914&CODE_STATE=getMsg HTTP/1.1" 200 27
120.253.135.82 - - [21/Sep/2023:13:36:14 +0800] "GET /xingrg/kc/buy/cgsh_order_operate.html?command=get_materiel&rest_code=00101&code=00101019071&supplier_code=00100100&order_time=2023-09-21 HTTP/1.1" 200 471
222.70.180.200 - - [21/Sep/2023:13:36:14 +0800] "GET /xingrg/kc/buy/cgsh_order_operate.html?command=get_materiel&rest_code=00111&code=00101015022&supplier_code=00100037&order_time=2023-09-21 HTTP/1.1" 200 408
222.69.130.191 - - [21/Sep/2023:13:36:15 +0800] "GET /xingrg/check_reg.html?_=1695274575744 HTTP/1.1" 200 22
222.69.130.191 - - [21/Sep/2023:13:36:15 +0800] "GET /xingrg/all/function/internal_message.html?_=1695274575747&CODE_STATE=getMsg HTTP/1.1" 200 27
120.253.135.82 - - [21/Sep/2023:13:36:18 +0800] "POST /xingrg/all/common/load_select.html HTTP/1.1" 200 25
222.70.180.200 - - [21/Sep/2023:13:36:21 +0800] "GET /xingrg/check_reg.html?_=1695274578299 HTTP/1.1" 200 22
222.70.180.200 - - [21/Sep/2023:13:36:22 +0800] "POST /xingrg/kc/buy/cgsh_order_operate.html HTTP/1.1" 200 2065
222.70.180.200 - - [21/Sep/2023:13:36:22 +0800] "GET /xingrg/all/function/internal_message.html?_=1695274578777&CODE_STATE=getMsg HTTP/1.1" 200 27
101.83.145.37 - - [21/Sep/2023:13:36:22 +0800] "GET /xingrg/kc/buy/cgsh_order_operate.html?command=get_materiel&rest_code=00105&code=00101008727&supplier_code=00100547&order_time=2023-09-21 HTTP/1.1" 200 395
120.253.135.82 - - [21/Sep/2023:13:36:22 +0800] "GET /xingrg/kc/buy/cgsh_order_operate.html?command=get_materiel_price&rest_code=00101&code=00101019071&unit_code=00100201&supplier_code=00100100&order_time=2023-09-21 HTTP/1.1" 200 29
120.253.135.82 - - [21/Sep/2023:13:36:23 +0800] "POST /xingrg/kc/buy/cgsh_list_operate.html HTTP/1.1" 200 593
180.169.147.146 - - [21/Sep/2023:13:36:23 +0800] "GET /xingrg/all/function/internal_message.html?_=1695274583713&CODE_STATE=getMsg HTTP/1.1" 200 27
120.253.135.82 - - [21/Sep/2023:13:36:25 +0800] "GET /xingrg/kc/buy/cgsh_order_info.html?code=212023092108431 HTTP/1.1" 200 71434
120.253.135.82 - - [21/Sep/2023:13:36:25 +0800] "GET /xingrg/javascript/easyui/themes/default/validatebox.css HTTP/1.1" 404 1104
120.253.135.82 - - [21/Sep/2023:13:36:26 +0800] "POST /xingrg/kc/buy/cgsh_order_operate.html HTTP/1.1" 200 8829
114.83.216.51 - - [21/Sep/2023:13:36:28 +0800] "GET /xingrg/all/function/internal_message.html?_=1695274586574&CODE_STATE=getMsg HTTP/1.1" 200 27
221.239.166.189 - - [21/Sep/2023:13:36:28 +0800] "GET /xingrg/kc/buy/cgsh_order_operate.html?command=get_materiel&rest_code=00145&code=00101008354&supplier_code=00100556&order_time=2023-09-21 HTTP/1.1" 200 432
101.83.145.37 - - [21/Sep/2023:13:36:31 +0800] "POST /xingrg/kc/buy/cgsh_order_operate.html HTTP/1.1" 200 37
124.77.241.134 - - [21/Sep/2023:13:36:32 +0800] "GET /xingrg/all/function/internal_message.html?_=1695274603393&CODE_STATE=getMsg HTTP/1.1" 200 27
124.78.155.92 - - [21/Sep/2023:13:36:32 +0800] "GET /xingrg/check_reg.html?_=1695274590142 HTTP/1.1" 200 22
124.78.155.92 - - [21/Sep/2023:13:36:32 +0800] "GET /xingrg/all/function/internal_message.html?_=1695274590128&CODE_STATE=getMsg HTTP/1.1" 200 27
180.169.147.146 - - [21/Sep/2023:13:36:34 +0800] "GET /xingrg/all/function/internal_message.html?_=1695274595449&CODE_STATE=getMsg HTTP/1.1" 200 27
222.70.107.161 - - [21/Sep/2023:13:36:39 +0800] "GET /xingrg/all/function/internal_message.html?_=1695274603090&CODE_STATE=getMsg HTTP/1.1" 200 27
180.165.48.189 - - [21/Sep/2023:13:36:43 +0800] "GET /xingrg/all/function/internal_message.html?_=1695274603232&CODE_STATE=getMsg HTTP/1.1" 200 27
218.81.73.231 - - [21/Sep/2023:13:36:43 +0800] "GET /xingrg/all/function/internal_message.html?_=1695274602603&CODE_STATE=getMsg HTTP/1.1" 200 27
114.95.241.104 - - [21/Sep/2023:13:36:45 +0800] "GET /xingrg/all/function/internal_message.html?_=1695274603578&CODE_STATE=getMsg HTTP/1.1" 200 27
120.253.135.82 - - [21/Sep/2023:13:36:46 +0800] "GET /xingrg/kc/buy/cgsh_order_operate.html?command=get_materiel&rest_code=00101&code=00101019174&supplier_code=00100100&order_time=2023-09-21 HTTP/1.1" 200 462
120.253.135.82 - - [21/Sep/2023:13:36:46 +0800] "POST /xingrg/all/common/load_select.html HTTP/1.1" 200 25
120.253.135.82 - - [21/Sep/2023:13:36:47 +0800] "GET /xingrg/all/function/internal_message.html?_=1695274411202&CODE_STATE=getMsg HTTP/1.1" 200 27
222.70.180.200 - - [21/Sep/2023:13:36:47 +0800] "GET /xingrg/kc/buy/cgsh_order_operate.html?command=get_materiel&rest_code=00111&code=00101015026&supplier_code=00100037&order_time=2023-09-21 HTTP/1.1" 200 412
221.239.166.189 - - [21/Sep/2023:13:36:48 +0800] "GET /xingrg/kc/buy/cgsh_order_operate.html?command=get_materiel&rest_code=00145&code=00101008350&supplier_code=00100556&order_time=2023-09-21 HTTP/1.1" 200 408
221.239.166.189 - - [21/Sep/2023:13:36:50 +0800] "GET /xingrg/all/function/internal_message.html?_=1695274609089&CODE_STATE=getMsg HTTP/1.1" 200 27
101.83.145.37 - - [21/Sep/2023:13:36:50 +0800] "POST /xingrg/kc/buy/cgsh_order_operate.html HTTP/1.1" 200 2654
120.253.135.82 - - [21/Sep/2023:13:36:51 +0800] "GET /xingrg/kc/buy/cgsh_order_operate.html?command=get_materiel_price&rest_code=00101&code=00101019174&unit_code=00100185&supplier_code=00100100&order_time=2023-09-21 HTTP/1.1" 200 30
101.83.145.37 - - [21/Sep/2023:13:36:52 +0800] "GET /xingrg/kc/print/load_data.html?order_code=212023092108433&kc_code=cgsh&condition= HTTP/1.1" 200 646
101.83.145.37 - - [21/Sep/2023:13:36:56 +0800] "GET /xingrg/kc/buy/cgsh_order_add.html HTTP/1.1" 200 72443
101.83.145.37 - - [21/Sep/2023:13:36:56 +0800] "GET /xingrg/javascript/easyui/themes/default/validatebox.css HTTP/1.1" 404 1104
101.83.145.37 - - [21/Sep/2023:13:36:56 +0800] "POST /xingrg/kc/buy/cgsh_order_operate.html HTTP/1.1" 200 8245
120.253.135.82 - - [21/Sep/2023:13:36:56 +0800] "POST /xingrg/kc/buy/cgsh_order_operate.html HTTP/1.1" 200 2065
120.253.135.82 - - [21/Sep/2023:13:36:58 +0800] "POST /xingrg/kc/buy/cgsh_list_operate.html HTTP/1.1" 200 1855
124.78.69.58 - - [21/Sep/2023:13:36:59 +0800] "GET /xingrg/all/function/internal_message.html?_=1695274048405&CODE_STATE=getMsg HTTP/1.1" 200 27
124.79.244.212 - - [21/Sep/2023:13:37:03 +0800] "GET /xingrg/all/function/internal_message.html?_=1695274921293&CODE_STATE=getMsg HTTP/1.1" 200 27
116.228.172.122 - - [21/Sep/2023:13:37:03 +0800] "GET /xingrg/all/function/internal_message.html?_=1695274268650&CODE_STATE=getMsg HTTP/1.1" 200 27
120.253.135.82 - - [21/Sep/2023:13:37:07 +0800] "GET /xingrg/all/function/internal_message.html?_=1695274768001&CODE_STATE=getMsg HTTP/1.1" 200 27
120.253.135.82 - - [21/Sep/2023:13:37:08 +0800] "GET /xingrg/kc/buy/cgsh_order_list.html HTTP/1.1" 200 56579
101.83.145.37 - - [21/Sep/2023:13:37:08 +0800] "GET /xingrg/kc/buy/cgsh_order_operate.html?command=get_materiel&rest_code=00105&code=00101003040&supplier_code=00100093&order_time=2023-09-21 HTTP/1.1" 200 418
221.239.166.189 - - [21/Sep/2023:13:37:08 +0800] "GET /xingrg/kc/buy/cgsh_order_operate.html?command=get_materiel&rest_code=00145&code=00101008108&supplier_code=00100556&order_time=2023-09-21 HTTP/1.1" 200 412
101.228.187.155 - - [21/Sep/2023:13:37:09 +0800] "GET /xingrg/all/function/internal_message.html?_=1695274628913&CODE_STATE=getMsg HTTP/1.1" 200 27
120.253.135.82 - - [21/Sep/2023:13:37:11 +0800] "POST /xingrg/kc/buy/cgsh_list_operate.html HTTP/1.1" 200 1855
222.69.130.191 - - [21/Sep/2023:13:37:15 +0800] "GET /xingrg/all/function/internal_message.html?_=1695274635744&CODE_STATE=getMsg HTTP/1.1" 200 27
120.253.135.82 - - [21/Sep/2023:13:37:20 +0800] "POST /xingrg/kc/buy/cgsh_order_operate.html HTTP/1.1" 200 37
180.171.62.48 - - [21/Sep/2023:13:37:21 +0800] "GET /favicon.ico HTTP/1.1" 404 -
222.70.180.200 - - [21/Sep/2023:13:37:22 +0800] "GET /xingrg/all/function/internal_message.html?_=1695274638754&CODE_STATE=getMsg HTTP/1.1" 200 27
101.83.145.37 - - [21/Sep/2023:13:37:23 +0800] "POST /xingrg/kc/buy/cgsh_order_operate.html HTTP/1.1" 200 37
180.169.147.146 - - [21/Sep/2023:13:37:23 +0800] "GET /xingrg/all/function/internal_message.html?_=1695274643717&CODE_STATE=getMsg HTTP/1.1" 200 27
180.169.147.146 - - [21/Sep/2023:13:37:23 +0800] "GET /xingrg/check_reg.html?_=1695274643713 HTTP/1.1" 200 22
221.239.166.189 - - [21/Sep/2023:13:37:25 +0800] "GET /xingrg/kc/buy/cgsh_order_operate.html?command=get_materiel&rest_code=00145&code=00101008283&supplier_code=00100556&order_time=2023-09-21 HTTP/1.1" 200 408
120.253.135.82 - - [21/Sep/2023:13:37:25 +0800] "POST /xingrg/kc/buy/cgsh_order_operate.html HTTP/1.1" 200 14391
101.83.145.37 - - [21/Sep/2023:13:37:28 +0800] "POST /xingrg/kc/buy/cgsh_order_operate.html HTTP/1.1" 200 2667
114.83.216.51 - - [21/Sep/2023:13:37:28 +0800] "GET /xingrg/all/function/internal_message.html?_=1695274646580&CODE_STATE=getMsg HTTP/1.1" 200 27
120.253.135.82 - - [21/Sep/2023:13:37:31 +0800] "GET /xingrg/kc/pszx/mdqp_order_list.html?state=10 HTTP/1.1" 200 13142
120.253.135.82 - - [21/Sep/2023:13:37:31 +0800] "GET /xingrg/dwr/interface/AjaxQqpsService.js HTTP/1.1" 200 16326
120.253.135.82 - - [21/Sep/2023:13:37:31 +0800] "GET /xingrg/dwr/interface/AjaxReportQueryService.js HTTP/1.1" 200 13203
120.253.135.82 - - [21/Sep/2023:13:37:31 +0800] "GET /xingrg/dwr/engine.js HTTP/1.1" 200 43631
101.83.145.37 - - [21/Sep/2023:13:37:31 +0800] "GET /xingrg/kc/print/load_data.html?order_code=212023092108434&kc_code=cgsh&condition= HTTP/1.1" 200 732
180.163.28.114 - - [21/Sep/2023:13:37:32 +0800] "GET /xingrg/all/function/internal_message.html?_=1695274590128&CODE_STATE=getMsg HTTP/1.1" 302 -
180.163.28.114 - - [21/Sep/2023:13:37:32 +0800] "GET /xingrg/login.html HTTP/1.1" 200 7641
124.78.155.92 - - [21/Sep/2023:13:37:32 +0800] "GET /xingrg/all/function/internal_message.html?_=1695274650133&CODE_STATE=getMsg HTTP/1.1" 200 27
124.77.241.134 - - [21/Sep/2023:13:37:33 +0800] "GET /xingrg/all/function/internal_message.html?_=1695274664038&CODE_STATE=getMsg HTTP/1.1" 200 27
180.169.147.146 - - [21/Sep/2023:13:37:34 +0800] "GET /xingrg/all/function/internal_message.html?_=1695274655461&CODE_STATE=getMsg HTTP/1.1" 200 27
101.83.145.37 - - [21/Sep/2023:13:37:34 +0800] "GET /xingrg/kc/buy/cgsh_order_add.html HTTP/1.1" 200 72443
101.83.145.37 - - [21/Sep/2023:13:37:35 +0800] "POST /xingrg/kc/buy/cgsh_order_operate.html HTTP/1.1" 200 8245
101.83.145.37 - - [21/Sep/2023:13:37:35 +0800] "GET /xingrg/javascript/easyui/themes/default/validatebox.css HTTP/1.1" 404 1104
180.169.147.146 - - [21/Sep/2023:13:37:37 +0800] "GET /xingrg/all/report/report_query.html?isQuery=1&fileName=kc/buy/wlcg_cate_hz.xml&queryString=(CONVERT(char(10)%252Ca.order_time%252C%2520120)%253E%253D'2023-08-01')%2520and%2520(CONVERT(char(10)%252Ca.order_time%252C%2520120)%253C%253D'2023-08-31')%2520and%2520(a.number%253E0%2520and%2520a.supplier_code%253D'00100075')&queryText=%25E3%2580%2590%25E9%2587%2587%25E8%25B4%25AD%25E6%2597%25A5%25E6%259C%259F%253A2023-08-01%2520%25E8%2587%25B3%25202023-08-31%25E3%2580%2591%2520%25E5%25B9%25B6%25E4%25B8%2594%2520%25E3%2580%2590%25E4%25BE%259B%25E5%25BA%2594%25E5%2595%2586%253D%25E8%2589%25BA%25E6%2589%25AC%25E5%25B9%25BF%25E5%2591%258A%25EF%25BC%2588%25E5%25BC%25A0%25E5%25B0%25A4%25E5%2582%25B2%25EF%25BC%2589%25E3%2580%2591 HTTP/1.1" 200 54382
180.169.147.146 - - [21/Sep/2023:13:37:37 +0800] "GET /xingrg/dwr/interface/AjaxReportQueryService.js HTTP/1.1" 200 13203
180.169.147.146 - - [21/Sep/2023:13:37:37 +0800] "GET /xingrg/dwr/engine.js HTTP/1.1" 200 43631
120.253.135.82 - - [21/Sep/2023:13:37:38 +0800] "GET /xingrg/javascript/jquery_easy_ui/themes/default/images/button_plain_hover.png HTTP/1.1" 304 -
222.70.107.161 - - [21/Sep/2023:13:37:39 +0800] "GET /xingrg/all/function/internal_message.html?_=1695274663097&CODE_STATE=getMsg HTTP/1.1" 200 27
180.169.147.146 - - [21/Sep/2023:13:37:40 +0800] "POST /xingrg/all/report/load_report_page.html HTTP/1.1" 200 8710
180.169.147.146 - - [21/Sep/2023:13:37:40 +0800] "GET /xingrg/servlets/image?cache=0.8961015223244848&image=px HTTP/1.1" 200 807
120.253.135.82 - - [21/Sep/2023:13:37:40 +0800] "GET /xingrg/kc/pszx/mdqp_order_list.html?state=10 HTTP/1.1" 200 13142
120.253.135.82 - - [21/Sep/2023:13:37:40 +0800] "GET /xingrg/dwr/interface/AjaxQqpsService.js HTTP/1.1" 200 16326
120.253.135.82 - - [21/Sep/2023:13:37:40 +0800] "GET /xingrg/dwr/interface/AjaxReportQueryService.js HTTP/1.1" 200 13203
120.253.135.82 - - [21/Sep/2023:13:37:40 +0800] "GET /xingrg/dwr/engine.js HTTP/1.1" 200 43631
180.169.147.146 - - [21/Sep/2023:13:37:43 +0800] "POST /xingrg/all/report/load_report_page.html HTTP/1.1" 200 29865
180.169.147.146 - - [21/Sep/2023:13:37:43 +0800] "GET /xingrg/servlets/image?cache=0.1647705759863447&image=px HTTP/1.1" 200 807
101.83.145.37 - - [21/Sep/2023:13:37:43 +0800] "GET /xingrg/all/function/internal_message.html?_=1695274663357&CODE_STATE=getMsg HTTP/1.1" 200 27
180.165.48.189 - - [21/Sep/2023:13:37:43 +0800] "GET /xingrg/all/function/internal_message.html?_=1695274663208&CODE_STATE=getMsg HTTP/1.1" 200 27
218.81.73.231 - - [21/Sep/2023:13:37:43 +0800] "GET /xingrg/all/function/internal_message.html?_=1695274662604&CODE_STATE=getMsg HTTP/1.1" 200 27
218.81.73.231 - - [21/Sep/2023:13:37:43 +0800] "GET /xingrg/check_reg.html?_=1695274662608 HTTP/1.1" 200 22
114.95.241.104 - - [21/Sep/2023:13:37:45 +0800] "GET /xingrg/all/function/internal_message.html?_=1695274663578&CODE_STATE=getMsg HTTP/1.1" 200 27
101.83.145.37 - - [21/Sep/2023:13:37:45 +0800] "GET /xingrg/kc/buy/cgsh_order_operate.html?command=get_materiel&rest_code=00105&code=00101001140&supplier_code=00100319&order_time=2023-09-21 HTTP/1.1" 200 417
120.253.135.82 - - [21/Sep/2023:13:37:45 +0800] "GET /xingrg/javascript/jquery_easy_ui/themes/default/images/button_plain_hover.png HTTP/1.1" 304 -
120.253.135.82 - - [21/Sep/2023:13:37:47 +0800] "GET /xingrg/all/function/internal_message.html?_=1695274471215&CODE_STATE=getMsg HTTP/1.1" 200 27
221.239.166.189 - - [21/Sep/2023:13:37:50 +0800] "GET /xingrg/all/function/internal_message.html?_=1695274669065&CODE_STATE=getMsg HTTP/1.1" 200 27
124.77.241.134 - - [21/Sep/2023:13:37:53 +0800] "GET /xingrg/check_reg.html?_=1695274683525 HTTP/1.1" 200 22
180.169.147.146 - - [21/Sep/2023:13:37:54 +0800] "GET /xingrg/check_reg.html?_=1695274675710 HTTP/1.1" 200 22
124.78.69.58 - - [21/Sep/2023:13:37:59 +0800] "GET /xingrg/all/function/internal_message.html?_=1695274108411&CODE_STATE=getMsg HTTP/1.1" 200 27
101.83.145.37 - - [21/Sep/2023:13:38:00 +0800] "GET /xingrg/kc/buy/cgsh_order_operate.html?command=get_materiel&rest_code=00105&code=00101001125&supplier_code=00100319&order_time=2023-09-21 HTTP/1.1" 200 417
180.169.147.146 - - [21/Sep/2023:13:38:01 +0800] "POST /xingrg/all/report/report_print.html HTTP/1.1" 200 6144
120.253.135.82 - - [21/Sep/2023:13:38:02 +0800] "GET /xingrg/kc/pszx/mdqp_order_info.html?code=302023092100429 HTTP/1.1" 200 13350
120.253.135.82 - - [21/Sep/2023:13:38:02 +0800] "GET /xingrg/javascript/tools/jquery.qtip-1.0.0-rc3.min.js HTTP/1.1" 304 -
120.253.135.82 - - [21/Sep/2023:13:38:02 +0800] "GET /xingrg/dwr/engine.js HTTP/1.1" 200 43631
120.253.135.82 - - [21/Sep/2023:13:38:02 +0800] "GET /xingrg/dwr/interface/AjaxQqpsService.js HTTP/1.1" 200 16326
120.253.135.82 - - [21/Sep/2023:13:38:02 +0800] "GET /xingrg/javascript/ToolTips.js HTTP/1.1" 304 -
120.253.135.82 - - [21/Sep/2023:13:38:02 +0800] "GET /xingrg/dwr/interface/AjaxComOrderService.js HTTP/1.1" 200 18264
120.253.135.82 - - [21/Sep/2023:13:38:02 +0800] "GET /xingrg/javascript/Grid.js HTTP/1.1" 304 -
120.253.135.82 - - [21/Sep/2023:13:38:02 +0800] "GET /xingrg/javascript/checkform.js HTTP/1.1" 304 -
120.253.135.82 - - [21/Sep/2023:13:38:02 +0800] "GET /xingrg/javascript/AjaxInfoList.js HTTP/1.1" 304 -
120.253.135.82 - - [21/Sep/2023:13:38:02 +0800] "GET /xingrg/javascript/jquery_easy_ui/themes/icons/print.png HTTP/1.1" 304 -
120.253.135.82 - - [21/Sep/2023:13:38:02 +0800] "GET /xingrg/javascript/jquery_easy_ui/themes/default/images/menu_downarrow.png HTTP/1.1" 304 -
120.253.135.82 - - [21/Sep/2023:13:38:02 +0800] "GET /xingrg/images/blue/button/kc_tab_save.gif HTTP/1.1" 304 -
120.253.135.82 - - [21/Sep/2023:13:38:02 +0800] "GET /xingrg/images/blue/button/kc_tab_edit.gif HTTP/1.1" 304 -
120.253.135.82 - - [21/Sep/2023:13:38:02 +0800] "GET /xingrg/images/blue/kc_tab_mid.gif HTTP/1.1" 304 -
120.253.135.82 - - [21/Sep/2023:13:38:02 +0800] "GET /xingrg/images/blue/kc_tab_left.gif HTTP/1.1" 304 -
120.253.135.82 - - [21/Sep/2023:13:38:02 +0800] "GET /xingrg/images/blue/kc_tab_right.gif HTTP/1.1" 304 -
120.253.135.82 - - [21/Sep/2023:13:38:02 +0800] "GET /xingrg/images/blue/kc_tab2_right.gif HTTP/1.1" 304 -
120.253.135.82 - - [21/Sep/2023:13:38:02 +0800] "GET /xingrg/images/blue/kc_tab2_left.gif HTTP/1.1" 304 -
120.253.135.82 - - [21/Sep/2023:13:38:02 +0800] "GET /xingrg/images/blue/wait.gif HTTP/1.1" 304 -
124.79.244.212 - - [21/Sep/2023:13:38:03 +0800] "GET /xingrg/all/function/internal_message.html?_=1695274981291&CODE_STATE=getMsg HTTP/1.1" 200 27
120.253.135.82 - - [21/Sep/2023:13:38:03 +0800] "POST /xingrg/dwr/call/plaincall/AjaxQqpsService.loadMaterielItems.dwr HTTP/1.1" 200 332
116.228.172.122 - - [21/Sep/2023:13:38:03 +0800] "GET /xingrg/all/function/internal_message.html?_=1695274328667&CODE_STATE=getMsg HTTP/1.1" 200 27
116.228.172.122 - - [21/Sep/2023:13:38:03 +0800] "GET /xingrg/check_reg.html?_=1695274328667 HTTP/1.1" 200 22
120.253.135.82 - - [21/Sep/2023:13:38:05 +0800] "GET /xingrg/javascript/jquery_easy_ui/themes/default/images/button_plain_hover.png HTTP/1.1" 304 -
120.253.135.82 - - [21/Sep/2023:13:38:05 +0800] "GET /xingrg/kc/pszx/mdqp_order_list.html?isBack=1 HTTP/1.1" 302 -
120.253.135.82 - - [21/Sep/2023:13:38:06 +0800] "GET /xingrg/images/yd/bt.gif HTTP/1.1" 404 1040
120.253.135.82 - - [21/Sep/2023:13:38:06 +0800] "GET /xingrg/images/yd/bt2.gif HTTP/1.1" 404 1042
120.253.135.82 - - [21/Sep/2023:13:38:06 +0800] "GET /xingrg/kc/pszx/mdqp_order_list.html?state=10 HTTP/1.1" 200 13142
120.253.135.82 - - [21/Sep/2023:13:38:06 +0800] "GET /xingrg/dwr/engine.js HTTP/1.1" 200 43631
120.253.135.82 - - [21/Sep/2023:13:38:06 +0800] "GET /xingrg/dwr/interface/AjaxReportQueryService.js HTTP/1.1" 200 13203
120.253.135.82 - - [21/Sep/2023:13:38:06 +0800] "GET /xingrg/dwr/interface/AjaxQqpsService.js HTTP/1.1" 200 16326
120.253.135.82 - - [21/Sep/2023:13:38:07 +0800] "GET /xingrg/all/function/internal_message.html?_=1695274828003&CODE_STATE=getMsg HTTP/1.1" 200 27
101.228.187.155 - - [21/Sep/2023:13:38:09 +0800] "GET /xingrg/all/function/internal_message.html?_=1695274688913&CODE_STATE=getMsg HTTP/1.1" 200 27
101.228.187.155 - - [21/Sep/2023:13:38:09 +0800] "GET /xingrg/check_reg.html?_=1695274688912 HTTP/1.1" 200 22
120.253.135.82 - - [21/Sep/2023:13:38:09 +0800] "GET /xingrg/kc/pszx/mdqp_order_list.html?state=10 HTTP/1.1" 200 13142
120.253.135.82 - - [21/Sep/2023:13:38:09 +0800] "GET /xingrg/dwr/interface/AjaxQqpsService.js HTTP/1.1" 200 16326
120.253.135.82 - - [21/Sep/2023:13:38:09 +0800] "GET /xingrg/dwr/interface/AjaxReportQueryService.js HTTP/1.1" 200 13203
120.253.135.82 - - [21/Sep/2023:13:38:09 +0800] "GET /xingrg/dwr/engine.js HTTP/1.1" 200 43631
120.253.135.82 - - [21/Sep/2023:13:38:12 +0800] "GET /xingrg/kc/buy/cgsh_order_list.html HTTP/1.1" 200 56579
222.69.130.191 - - [21/Sep/2023:13:38:15 +0800] "GET /xingrg/all/function/internal_message.html?_=1695274695742&CODE_STATE=getMsg HTTP/1.1" 200 27
120.253.135.82 - - [21/Sep/2023:13:38:15 +0800] "POST /xingrg/kc/buy/cgsh_list_operate.html HTTP/1.1" 200 1855
221.239.166.189 - - [21/Sep/2023:13:38:16 +0800] "GET /xingrg/kc/buy/cgsh_order_operate.html?command=get_materiel&rest_code=00145&code=00101008459&supplier_code=00100556&order_time=2023-09-21 HTTP/1.1" 200 409
101.83.145.37 - - [21/Sep/2023:13:38:19 +0800] "GET /xingrg/kc/buy/cgsh_order_operate.html?command=get_materiel&rest_code=00105&code=00101001169&supplier_code=00100319&order_time=2023-09-21 HTTP/1.1" 200 417
222.70.180.200 - - [21/Sep/2023:13:38:22 +0800] "GET /xingrg/all/function/internal_message.html?_=1695274698730&CODE_STATE=getMsg HTTP/1.1" 200 27
180.169.147.146 - - [21/Sep/2023:13:38:23 +0800] "GET /xingrg/all/function/internal_message.html?_=1695274703716&CODE_STATE=getMsg HTTP/1.1" 200 27
180.163.30.100 - - [21/Sep/2023:13:38:24 +0800] "GET /xingrg/check_reg.html?_=1695274643713 HTTP/1.1" 302 -
180.163.30.100 - - [21/Sep/2023:13:38:24 +0800] "GET /xingrg/login.html HTTP/1.1" 200 7641
114.83.216.51 - - [21/Sep/2023:13:38:28 +0800] "GET /xingrg/all/function/internal_message.html?_=1695274706569&CODE_STATE=getMsg HTTP/1.1" 200 27
101.83.145.37 - - [21/Sep/2023:13:38:29 +0800] "POST /xingrg/kc/buy/cgsh_order_operate.html HTTP/1.1" 200 37
101.83.145.37 - - [21/Sep/2023:13:38:31 +0800] "POST /xingrg/kc/buy/cgsh_order_operate.html HTTP/1.1" 200 3862
124.78.155.92 - - [21/Sep/2023:13:38:32 +0800] "GET /xingrg/all/function/internal_message.html?_=1695274710135&CODE_STATE=getMsg HTTP/1.1" 200 27
101.83.145.37 - - [21/Sep/2023:13:38:33 +0800] "GET /xingrg/kc/print/load_data.html?order_code=212023092108435&kc_code=cgsh&condition= HTTP/1.1" 200 1149
124.77.241.134 - - [21/Sep/2023:13:38:33 +0800] "GET /xingrg/all/function/internal_message.html?_=1695274724046&CODE_STATE=getMsg HTTP/1.1" 200 27
180.169.147.146 - - [21/Sep/2023:13:38:34 +0800] "GET /xingrg/all/function/internal_message.html?_=1695274715444&CODE_STATE=getMsg HTTP/1.1" 200 27
101.83.145.37 - - [21/Sep/2023:13:38:37 +0800] "GET /xingrg/kc/buy/cgsh_order_add.html HTTP/1.1" 200 72443
101.83.145.37 - - [21/Sep/2023:13:38:37 +0800] "GET /xingrg/javascript/easyui/themes/default/validatebox.css HTTP/1.1" 404 1104
101.83.145.37 - - [21/Sep/2023:13:38:37 +0800] "POST /xingrg/kc/buy/cgsh_order_operate.html HTTP/1.1" 200 8245
222.70.107.161 - - [21/Sep/2023:13:38:39 +0800] "GET /xingrg/all/function/internal_message.html?_=1695274723088&CODE_STATE=getMsg HTTP/1.1" 200 27
120.253.135.82 - - [21/Sep/2023:13:38:39 +0800] "POST /xingrg/kc/buy/cgsh_list_operate.html HTTP/1.1" 200 593
120.253.135.82 - - [21/Sep/2023:13:38:40 +0800] "GET /xingrg/kc/buy/cgsh_order_info.html?code=212023092108431 HTTP/1.1" 200 71434
120.253.135.82 - - [21/Sep/2023:13:38:41 +0800] "GET /xingrg/javascript/easyui/themes/default/validatebox.css HTTP/1.1" 404 1104
120.253.135.82 - - [21/Sep/2023:13:38:42 +0800] "POST /xingrg/kc/buy/cgsh_order_operate.html HTTP/1.1" 200 14391
101.83.145.37 - - [21/Sep/2023:13:38:43 +0800] "GET /xingrg/all/function/internal_message.html?_=1695274723335&CODE_STATE=getMsg HTTP/1.1" 200 27
101.83.145.37 - - [21/Sep/2023:13:38:43 +0800] "GET /xingrg/check_reg.html?_=1695274723476 HTTP/1.1" 200 22
180.165.48.189 - - [21/Sep/2023:13:38:43 +0800] "GET /xingrg/all/function/internal_message.html?_=1695274723189&CODE_STATE=getMsg HTTP/1.1" 200 27
218.81.73.231 - - [21/Sep/2023:13:38:43 +0800] "GET /xingrg/all/function/internal_message.html?_=1695274722636&CODE_STATE=getMsg HTTP/1.1" 200 27
114.95.241.104 - - [21/Sep/2023:13:38:45 +0800] "GET /xingrg/all/function/internal_message.html?_=1695274723579&CODE_STATE=getMsg HTTP/1.1" 200 27
221.239.166.189 - - [21/Sep/2023:13:38:46 +0800] "GET /xingrg/check_reg.html?_=1695274725315 HTTP/1.1" 200 22
120.253.135.82 - - [21/Sep/2023:13:38:47 +0800] "GET /xingrg/all/function/internal_message.html?_=1695274531229&CODE_STATE=getMsg HTTP/1.1" 200 27
101.83.145.37 - - [21/Sep/2023:13:38:48 +0800] "GET /xingrg/kc/buy/cgsh_order_operate.html?command=get_materiel&rest_code=00105&code=00101002006&supplier_code=00100091&order_time=2023-09-21 HTTP/1.1" 200 414
221.239.166.189 - - [21/Sep/2023:13:38:50 +0800] "GET /xingrg/all/function/internal_message.html?_=1695274729051&CODE_STATE=getMsg HTTP/1.1" 200 27
101.83.145.37 - - [21/Sep/2023:13:38:56 +0800] "POST /xingrg/kc/buy/cgsh_order_operate.html HTTP/1.1" 200 37
124.78.69.58 - - [21/Sep/2023:13:38:59 +0800] "GET /xingrg/all/function/internal_message.html?_=1695274168415&CODE_STATE=getMsg HTTP/1.1" 200 27
124.79.244.212 - - [21/Sep/2023:13:39:03 +0800] "GET /xingrg/all/function/internal_message.html?_=1695275041290&CODE_STATE=getMsg HTTP/1.1" 200 27
101.83.145.37 - - [21/Sep/2023:13:39:03 +0800] "POST /xingrg/kc/buy/cgsh_order_operate.html HTTP/1.1" 200 2661
116.228.172.122 - - [21/Sep/2023:13:39:03 +0800] "GET /xingrg/all/function/internal_message.html?_=1695274388663&CODE_STATE=getMsg HTTP/1.1" 200 27
