114.95.241.104 - - [21/Sep/2023:11:23:00 +0800] "GET /xingrg/all/function/internal_message.html?_=1695266578432&CODE_STATE=getMsg HTTP/1.1" 200 27
180.165.48.189 - - [21/Sep/2023:11:23:01 +0800] "POST /xingrg/kc/buy/cgsh_order_operate.html HTTP/1.1" 200 37
101.83.145.37 - - [21/Sep/2023:11:23:01 +0800] "GET /xingrg/kc/base/wldb_order_operate.html?command=get_materiel&rest_code=00105&base_code=0010507&code=00101019183 HTTP/1.1" 200 449
114.83.216.51 - - [21/Sep/2023:11:23:02 +0800] "POST /xingrg/kc/buy/cgsh_list_operate.html HTTP/1.1" 200 986
180.165.48.189 - - [21/Sep/2023:11:23:03 +0800] "POST /xingrg/kc/buy/cgsh_order_operate.html HTTP/1.1" 200 41123
114.83.216.51 - - [21/Sep/2023:11:23:04 +0800] "GET /xingrg/kc/buy/cgsh_order_add.html HTTP/1.1" 200 72449
114.83.216.51 - - [21/Sep/2023:11:23:04 +0800] "GET /xingrg/words/20230921103221_words.js HTTP/1.1" 304 -
114.83.216.51 - - [21/Sep/2023:11:23:04 +0800] "POST /xingrg/kc/buy/cgsh_order_operate.html HTTP/1.1" 200 8245
114.83.216.51 - - [21/Sep/2023:11:23:04 +0800] "GET /xingrg/javascript/easyui/themes/default/validatebox.css HTTP/1.1" 404 1104
114.83.216.51 - - [21/Sep/2023:11:23:04 +0800] "GET /xingrg/all/common/auto_word.html?type=employee&rest_code=00149 HTTP/1.1" 200 197
114.83.216.51 - - [21/Sep/2023:11:23:04 +0800] "GET /xingrg/all/common/auto_word.html?type=employee&rest_code=00149 HTTP/1.1" 200 197
101.83.145.37 - - [21/Sep/2023:11:23:08 +0800] "GET /xingrg/kc/base/wldb_order_operate.html?command=get_materiel&rest_code=00105&base_code=0010507&code=00101019175 HTTP/1.1" 200 439
120.253.135.82 - - [21/Sep/2023:11:23:12 +0800] "GET /xingrg/check_reg.html?_=1695266396044 HTTP/1.1" 200 22
120.253.135.82 - - [21/Sep/2023:11:23:14 +0800] "GET /xingrg/all/function/internal_message.html?_=1695266397844&CODE_STATE=getMsg HTTP/1.1" 200 27
101.83.145.37 - - [21/Sep/2023:11:23:14 +0800] "GET /xingrg/kc/base/wldb_order_operate.html?command=get_materiel&rest_code=00105&base_code=0010507&code=00101019222 HTTP/1.1" 200 454
222.69.130.191 - - [21/Sep/2023:11:23:15 +0800] "GET /xingrg/all/function/internal_message.html?_=1695266597181&CODE_STATE=getMsg HTTP/1.1" 200 27
101.83.145.37 - - [21/Sep/2023:11:23:22 +0800] "GET /xingrg/kc/base/wldb_order_operate.html?command=get_materiel&rest_code=00105&base_code=0010507&code=00101019187 HTTP/1.1" 200 479
222.70.107.161 - - [21/Sep/2023:11:23:27 +0800] "GET /xingrg/check_reg.html?_=1695266611186 HTTP/1.1" 200 22
222.70.107.161 - - [21/Sep/2023:11:23:27 +0800] "GET /xingrg/all/function/internal_message.html?_=1695266611182&CODE_STATE=getMsg HTTP/1.1" 200 27
114.83.216.51 - - [21/Sep/2023:11:23:29 +0800] "GET /xingrg/all/function/internal_message.html?_=1695266608172&CODE_STATE=getMsg HTTP/1.1" 200 27
124.78.155.92 - - [21/Sep/2023:11:23:32 +0800] "GET /xingrg/all/function/internal_message.html?_=1695266610016&CODE_STATE=getMsg HTTP/1.1" 200 27
180.169.147.146 - - [21/Sep/2023:11:23:36 +0800] "GET /xingrg/all/function/internal_message.html?_=1695266617509&CODE_STATE=getMsg HTTP/1.1" 200 27
120.253.135.82 - - [21/Sep/2023:11:23:39 +0800] "GET /xingrg/kc/pszx/mdqp_order_list.html?state=10 HTTP/1.1" 200 12741
120.253.135.82 - - [21/Sep/2023:11:23:39 +0800] "GET /xingrg/dwr/engine.js HTTP/1.1" 200 43631
120.253.135.82 - - [21/Sep/2023:11:23:39 +0800] "GET /xingrg/dwr/interface/AjaxQqpsService.js HTTP/1.1" 200 16326
120.253.135.82 - - [21/Sep/2023:11:23:39 +0800] "GET /xingrg/dwr/interface/AjaxReportQueryService.js HTTP/1.1" 200 13203
101.83.145.37 - - [21/Sep/2023:11:23:43 +0800] "GET /xingrg/check_reg.html?_=1695266623890 HTTP/1.1" 200 22
124.78.155.92 - - [21/Sep/2023:11:23:45 +0800] "GET /xingrg/all/function/internal_message.html?_=1695266627461&CODE_STATE=getMsg HTTP/1.1" 200 27
101.83.145.37 - - [21/Sep/2023:11:23:46 +0800] "GET /xingrg/all/function/internal_message.html?_=1695266626085&CODE_STATE=getMsg HTTP/1.1" 200 27
180.165.48.189 - - [21/Sep/2023:11:23:46 +0800] "GET /xingrg/all/function/internal_message.html?_=1695266625677&CODE_STATE=getMsg HTTP/1.1" 200 27
101.83.145.37 - - [21/Sep/2023:11:23:47 +0800] "GET /xingrg/kc/base/wldb_order_operate.html?command=get_materiel&rest_code=00105&base_code=0010507&code=00101016076 HTTP/1.1" 200 477
114.83.216.51 - - [21/Sep/2023:11:23:52 +0800] "POST /xingrg/services/DataTransmitService HTTP/1.1" 200 524
124.77.241.134 - - [21/Sep/2023:11:23:54 +0800] "GET /xingrg/all/function/internal_message.html?_=1695266644222&CODE_STATE=getMsg HTTP/1.1" 200 27
101.83.145.37 - - [21/Sep/2023:11:23:55 +0800] "GET /xingrg/kc/base/wldb_order_operate.html?command=get_materiel&rest_code=00105&base_code=0010507&code=00101019110 HTTP/1.1" 200 475
124.78.69.58 - - [21/Sep/2023:11:23:58 +0800] "GET /xingrg/all/function/internal_message.html?_=1695266068040&CODE_STATE=getMsg HTTP/1.1" 200 27
114.95.241.104 - - [21/Sep/2023:11:24:00 +0800] "GET /xingrg/all/function/internal_message.html?_=1695266638444&CODE_STATE=getMsg HTTP/1.1" 200 27
114.83.216.51 - - [21/Sep/2023:11:24:01 +0800] "GET /xingrg/javascript/easyui/plugins/jquery.draggable.js HTTP/1.1" 200 6121
114.83.216.51 - - [21/Sep/2023:11:24:01 +0800] "GET /xingrg/javascript/easyui/plugins/jquery.droppable.js HTTP/1.1" 200 1167
114.83.216.51 - - [21/Sep/2023:11:24:01 +0800] "GET /xingrg/javascript/easyui/themes/default/tree.css HTTP/1.1" 404 1090
114.83.216.51 - - [21/Sep/2023:11:24:01 +0800] "GET /xingrg/javascript/easyui/plugins/jquery.tree.js HTTP/1.1" 200 20874
114.83.216.51 - - [21/Sep/2023:11:24:02 +0800] "POST /xingrg/all/common/load_tree.html?tree=supplier_tree_json&isDelete=1 HTTP/1.1" 200 75946
101.83.145.37 - - [21/Sep/2023:11:24:02 +0800] "GET /xingrg/kc/base/wldb_order_operate.html?command=get_materiel&rest_code=00105&base_code=0010507&code=00101019185 HTTP/1.1" 200 469
114.83.216.51 - - [21/Sep/2023:11:24:03 +0800] "GET /xingrg/javascript/easyui/themes/default/images/tree_arrows.gif HTTP/1.1" 200 617
114.83.216.51 - - [21/Sep/2023:11:24:03 +0800] "GET /xingrg/javascript/easyui/themes/default/images/tree_folder_open.gif HTTP/1.1" 200 956
114.83.216.51 - - [21/Sep/2023:11:24:03 +0800] "GET /xingrg/javascript/easyui/themes/default/images/tree_folder.gif HTTP/1.1" 200 952
114.83.216.51 - - [21/Sep/2023:11:24:03 +0800] "GET /xingrg/javascript/easyui/themes/default/images/tree_file.gif HTTP/1.1" 200 118
124.79.244.212 - - [21/Sep/2023:11:24:10 +0800] "POST /xingrg/services/DataTransmitService HTTP/1.1" 200 524
101.83.145.37 - - [21/Sep/2023:11:24:11 +0800] "GET /xingrg/kc/base/wldb_order_operate.html?command=get_materiel&rest_code=00105&base_code=0010507&code=00101019543 HTTP/1.1" 200 469
124.79.244.212 - - [21/Sep/2023:11:24:12 +0800] "POST /xingrg/services/DataTransmitService HTTP/1.1" 200 412
120.253.135.82 - - [21/Sep/2023:11:24:14 +0800] "GET /xingrg/all/function/internal_message.html?_=1695266457851&CODE_STATE=getMsg HTTP/1.1" 200 27
222.69.130.191 - - [21/Sep/2023:11:24:15 +0800] "GET /xingrg/all/function/internal_message.html?_=1695266657193&CODE_STATE=getMsg HTTP/1.1" 200 27
101.83.145.37 - - [21/Sep/2023:11:24:18 +0800] "POST /xingrg/kc/base/wldb_order_operate.html HTTP/1.1" 200 37
101.83.145.37 - - [21/Sep/2023:11:24:19 +0800] "POST /xingrg/kc/base/wldb_order_operate.html HTTP/1.1" 200 7187
101.83.145.37 - - [21/Sep/2023:11:24:25 +0800] "GET /xingrg/kc/base/wldb_order_info.html?code=422023092102074 HTTP/1.1" 200 30472
101.83.145.37 - - [21/Sep/2023:11:24:25 +0800] "GET /xingrg/javascript/easyui/themes/default/validatebox.css HTTP/1.1" 404 1104
101.83.145.37 - - [21/Sep/2023:11:24:26 +0800] "POST /xingrg/kc/base/wldb_order_operate.html HTTP/1.1" 200 7187
222.70.107.161 - - [21/Sep/2023:11:24:27 +0800] "GET /xingrg/all/function/internal_message.html?_=1695266671185&CODE_STATE=getMsg HTTP/1.1" 200 27
114.83.216.51 - - [21/Sep/2023:11:24:28 +0800] "GET /xingrg/check_reg.html?_=1695266666329 HTTP/1.1" 200 22
114.83.216.51 - - [21/Sep/2023:11:24:29 +0800] "GET /xingrg/all/function/internal_message.html?_=1695266668160&CODE_STATE=getMsg HTTP/1.1" 200 27
101.83.145.37 - - [21/Sep/2023:11:24:31 +0800] "GET /xingrg/kc/base/wldb_order_add.html HTTP/1.1" 200 30457
101.83.145.37 - - [21/Sep/2023:11:24:31 +0800] "POST /xingrg/kc/base/wldb_order_operate.html HTTP/1.1" 200 6806
101.83.145.37 - - [21/Sep/2023:11:24:31 +0800] "GET /xingrg/javascript/easyui/themes/default/validatebox.css HTTP/1.1" 404 1104
101.83.145.37 - - [21/Sep/2023:11:24:31 +0800] "POST /xingrg/all/common/load_combo.html?type=base HTTP/1.1" 200 3409
180.163.28.143 - - [21/Sep/2023:11:24:32 +0800] "GET /xingrg/all/function/internal_message.html?_=1695266610016&CODE_STATE=getMsg HTTP/1.1" 302 -
180.163.28.143 - - [21/Sep/2023:11:24:32 +0800] "GET /xingrg/login.html HTTP/1.1" 200 7641
124.78.155.92 - - [21/Sep/2023:11:24:32 +0800] "GET /xingrg/all/function/internal_message.html?_=1695266670005&CODE_STATE=getMsg HTTP/1.1" 200 27
120.253.135.82 - - [21/Sep/2023:11:24:34 +0800] "GET /xingrg/kc/pszx/mdqp_order_list.html?state=10 HTTP/1.1" 200 12741
120.253.135.82 - - [21/Sep/2023:11:24:34 +0800] "GET /xingrg/dwr/interface/AjaxReportQueryService.js HTTP/1.1" 200 13203
120.253.135.82 - - [21/Sep/2023:11:24:34 +0800] "GET /xingrg/dwr/interface/AjaxQqpsService.js HTTP/1.1" 200 16326
120.253.135.82 - - [21/Sep/2023:11:24:34 +0800] "GET /xingrg/dwr/engine.js HTTP/1.1" 200 43631
180.169.147.146 - - [21/Sep/2023:11:24:36 +0800] "GET /xingrg/all/function/internal_message.html?_=1695266677520&CODE_STATE=getMsg HTTP/1.1" 200 27
101.83.145.37 - - [21/Sep/2023:11:24:41 +0800] "GET /xingrg/kc/base/wldb_order_operate.html?command=get_materiel&rest_code=00105&base_code=0010507&code=00101019313 HTTP/1.1" 200 456
124.78.155.92 - - [21/Sep/2023:11:24:45 +0800] "GET /xingrg/all/function/internal_message.html?_=1695266687446&CODE_STATE=getMsg HTTP/1.1" 200 27
101.83.145.37 - - [21/Sep/2023:11:24:46 +0800] "GET /xingrg/all/function/internal_message.html?_=1695266686048&CODE_STATE=getMsg HTTP/1.1" 200 27
124.78.155.92 - - [21/Sep/2023:11:24:46 +0800] "GET /xingrg/check_reg.html?_=1695266688291 HTTP/1.1" 200 22
180.165.48.189 - - [21/Sep/2023:11:24:46 +0800] "GET /xingrg/all/function/internal_message.html?_=1695266685659&CODE_STATE=getMsg HTTP/1.1" 200 27
101.83.145.37 - - [21/Sep/2023:11:24:48 +0800] "GET /xingrg/kc/base/wldb_order_operate.html?command=get_materiel&rest_code=00105&base_code=0010507&code=00101019015 HTTP/1.1" 200 451
124.77.241.134 - - [21/Sep/2023:11:24:54 +0800] "GET /xingrg/all/function/internal_message.html?_=1695266704236&CODE_STATE=getMsg HTTP/1.1" 200 27
124.78.69.58 - - [21/Sep/2023:11:24:58 +0800] "GET /xingrg/all/function/internal_message.html?_=1695266128045&CODE_STATE=getMsg HTTP/1.1" 200 27
124.78.69.58 - - [21/Sep/2023:11:24:58 +0800] "GET /xingrg/check_reg.html?_=1695266128047 HTTP/1.1" 200 22
114.95.241.104 - - [21/Sep/2023:11:25:00 +0800] "GET /xingrg/all/function/internal_message.html?_=1695266698440&CODE_STATE=getMsg HTTP/1.1" 200 27
101.83.145.37 - - [21/Sep/2023:11:25:02 +0800] "GET /xingrg/kc/base/wldb_order_operate.html?command=get_materiel&rest_code=00105&base_code=0010507&code=00101019295 HTTP/1.1" 200 475
124.79.244.212 - - [21/Sep/2023:11:25:08 +0800] "GET /xingrg/check_reg.html?_=1695266706807 HTTP/1.1" 302 -
101.83.145.37 - - [21/Sep/2023:11:25:08 +0800] "GET /xingrg/kc/base/wldb_order_operate.html?command=get_materiel&rest_code=00105&base_code=0010507&code=00101019438 HTTP/1.1" 200 462
120.253.135.82 - - [21/Sep/2023:11:25:14 +0800] "GET /xingrg/all/function/internal_message.html?_=1695266517865&CODE_STATE=getMsg HTTP/1.1" 200 27
222.69.130.191 - - [21/Sep/2023:11:25:15 +0800] "GET /xingrg/all/function/internal_message.html?_=1695266717192&CODE_STATE=getMsg HTTP/1.1" 200 27
101.83.145.37 - - [21/Sep/2023:11:25:19 +0800] "GET /xingrg/kc/base/wldb_order_operate.html?command=get_materiel&rest_code=00105&base_code=0010507&code=00101019258 HTTP/1.1" 200 483
222.70.107.161 - - [21/Sep/2023:11:25:27 +0800] "GET /xingrg/all/function/internal_message.html?_=1695266731185&CODE_STATE=getMsg HTTP/1.1" 200 27
114.83.216.51 - - [21/Sep/2023:11:25:29 +0800] "GET /xingrg/all/function/internal_message.html?_=1695266728134&CODE_STATE=getMsg HTTP/1.1" 200 27
124.78.155.92 - - [21/Sep/2023:11:25:32 +0800] "GET /xingrg/all/function/internal_message.html?_=1695266730007&CODE_STATE=getMsg HTTP/1.1" 200 27
180.169.147.146 - - [21/Sep/2023:11:25:36 +0800] "GET /xingrg/all/function/internal_message.html?_=1695266737504&CODE_STATE=getMsg HTTP/1.1" 200 27
124.78.155.92 - - [21/Sep/2023:11:25:45 +0800] "GET /xingrg/all/function/internal_message.html?_=1695266747417&CODE_STATE=getMsg HTTP/1.1" 200 27
101.83.145.37 - - [21/Sep/2023:11:25:45 +0800] "GET /xingrg/kc/base/wldb_order_operate.html?command=get_materiel&rest_code=00105&base_code=0010507&code=00101019469 HTTP/1.1" 200 455
101.83.145.37 - - [21/Sep/2023:11:25:45 +0800] "GET /xingrg/all/function/internal_message.html?_=1695266745972&CODE_STATE=getMsg HTTP/1.1" 200 27
180.165.48.189 - - [21/Sep/2023:11:25:46 +0800] "GET /xingrg/all/function/internal_message.html?_=1695266745644&CODE_STATE=getMsg HTTP/1.1" 200 27
114.95.241.104 - - [21/Sep/2023:11:25:47 +0800] "POST /xingrg/all/user/operate.html HTTP/1.1" 200 36
114.95.241.104 - - [21/Sep/2023:11:25:47 +0800] "GET /xingrg/index.html?sysBaseUrl=http%3A%2F%2F180.169.147.146%3A18081%2Fxingrg%2F&costTime=849×tamp=1695263255726 HTTP/1.1" 200 17179
114.95.241.104 - - [21/Sep/2023:11:25:47 +0800] "GET /xingrg/javascript/jquery_easy_ui/themes/default/easyui.css HTTP/1.1" 304 -
114.95.241.104 - - [21/Sep/2023:11:25:47 +0800] "GET /xingrg/javascript/jquery_easy_ui/themes/icon.css HTTP/1.1" 304 -
180.165.48.189 - - [21/Sep/2023:11:25:47 +0800] "GET /xingrg/check_reg.html?_=1695266747204 HTTP/1.1" 200 22
114.95.241.104 - - [21/Sep/2023:11:25:47 +0800] "GET /xingrg/css/form.css HTTP/1.1" 304 -
114.95.241.104 - - [21/Sep/2023:11:25:47 +0800] "GET /xingrg/javascript/jquery-1.4.2.min.js HTTP/1.1" 304 -
114.95.241.104 - - [21/Sep/2023:11:25:47 +0800] "GET /xingrg/javascript/jquery_easy_ui/jquery.easyui.min.js HTTP/1.1" 304 -
114.95.241.104 - - [21/Sep/2023:11:25:47 +0800] "GET /xingrg/javascript/jquery_easy_ui/easyui-lang-zh_CN.js HTTP/1.1" 304 -
114.95.241.104 - - [21/Sep/2023:11:25:47 +0800] "GET /xingrg/javascript/jquery.form.js HTTP/1.1" 304 -
114.95.241.104 - - [21/Sep/2023:11:25:47 +0800] "GET /xingrg/javascript/jquery.utils.js HTTP/1.1" 304 -
114.95.241.104 - - [21/Sep/2023:11:25:47 +0800] "GET /xingrg/javascript/jquery.timers.js HTTP/1.1" 304 -
114.95.241.104 - - [21/Sep/2023:11:25:47 +0800] "GET /xingrg/images/blue/jxLogo.png HTTP/1.1" 304 -
114.95.241.104 - - [21/Sep/2023:11:25:47 +0800] "GET /xingrg/images/blue/navBackgound.jpg HTTP/1.1" 304 -
114.95.241.104 - - [21/Sep/2023:11:25:47 +0800] "GET /xingrg/javascript/jquery_easy_ui/themes/icons/settle_new.png HTTP/1.1" 304 -
114.95.241.104 - - [21/Sep/2023:11:25:48 +0800] "GET /xingrg/all/function/internal_message.html?_=1695266745953&CODE_STATE=count HTTP/1.1" 200 11
114.95.241.104 - - [21/Sep/2023:11:25:48 +0800] "GET /xingrg/check_reg.html?_=1695266745955 HTTP/1.1" 200 22
114.95.241.104 - - [21/Sep/2023:11:25:48 +0800] "GET /xingrg/javascript/jquery_easy_ui/themes/default/images/panel_tool_collapse.gif HTTP/1.1" 304 -
114.95.241.104 - - [21/Sep/2023:11:25:48 +0800] "GET /xingrg/images/blue/pingpu.png HTTP/1.1" 304 -
114.95.241.104 - - [21/Sep/2023:11:25:48 +0800] "GET /xingrg/javascript/jquery_easy_ui/themes/default/images/tabs_rightarrow.png HTTP/1.1" 304 -
114.95.241.104 - - [21/Sep/2023:11:25:48 +0800] "GET /xingrg/javascript/jquery_easy_ui/themes/default/images/tabs_leftarrow.png HTTP/1.1" 304 -
114.95.241.104 - - [21/Sep/2023:11:25:48 +0800] "POST /xingrg/all/common/load_tree.html?tree=area_rest_tree_json&manage=1 HTTP/1.1" 200 476
114.95.241.104 - - [21/Sep/2023:11:25:48 +0800] "POST /xingrg/load_menu.html HTTP/1.1" 200 5138
114.95.241.104 - - [21/Sep/2023:11:25:49 +0800] "GET /xingrg/kc/base/wldb_order_list.html HTTP/1.1" 200 19180
114.95.241.104 - - [21/Sep/2023:11:25:50 +0800] "POST /xingrg/kc/base/wldb_list_operate.html HTTP/1.1" 200 928
114.95.241.104 - - [21/Sep/2023:11:25:51 +0800] "GET /xingrg/kc/base/wldb_order_add.html HTTP/1.1" 200 30463
114.95.241.104 - - [21/Sep/2023:11:25:51 +0800] "GET /xingrg/words/20230921103221_words.js HTTP/1.1" 304 -
114.95.241.104 - - [21/Sep/2023:11:25:51 +0800] "POST /xingrg/kc/base/wldb_order_operate.html HTTP/1.1" 200 6806
114.95.241.104 - - [21/Sep/2023:11:25:51 +0800] "GET /xingrg/javascript/easyui/themes/default/validatebox.css HTTP/1.1" 404 1104
114.95.241.104 - - [21/Sep/2023:11:25:52 +0800] "GET /xingrg/javascript/auto/indicator.gif HTTP/1.1" 404 1066
124.77.241.134 - - [21/Sep/2023:11:25:54 +0800] "GET /xingrg/all/function/internal_message.html?_=1695266764250&CODE_STATE=getMsg HTTP/1.1" 200 27
114.95.241.104 - - [21/Sep/2023:11:25:56 +0800] "GET /xingrg/kc/base/wldb_order_operate.html?command=get_materiel&rest_code=00150&base_code=0010445&code=00101016001 HTTP/1.1" 200 458
124.77.241.134 - - [21/Sep/2023:11:25:57 +0800] "GET /xingrg/kc/buy/cgsh_order_operate.html?command=get_materiel&rest_code=00146&code=00101005037&supplier_code=00100041&order_time=2023-09-21 HTTP/1.1" 200 409
124.78.69.58 - - [21/Sep/2023:11:25:58 +0800] "GET /xingrg/all/function/internal_message.html?_=1695266188049&CODE_STATE=getMsg HTTP/1.1" 200 27
101.83.145.37 - - [21/Sep/2023:11:26:09 +0800] "GET /xingrg/kc/base/wldb_order_operate.html?command=get_materiel&rest_code=00105&base_code=0010507&code=00101019306 HTTP/1.1" 200 478
114.95.241.104 - - [21/Sep/2023:11:26:09 +0800] "POST /xingrg/all/user/operate.html HTTP/1.1" 200 36
114.95.241.104 - - [21/Sep/2023:11:26:09 +0800] "GET /xingrg/index.html?sysBaseUrl=http%3A%2F%2F180.169.147.146%3A18081%2Fxingrg%2F&costTime=849×tamp=1695263255726 HTTP/1.1" 200 17177
114.95.241.104 - - [21/Sep/2023:11:26:09 +0800] "GET /xingrg/javascript/jquery_easy_ui/themes/default/easyui.css HTTP/1.1" 304 -
114.95.241.104 - - [21/Sep/2023:11:26:10 +0800] "GET /xingrg/javascript/jquery_easy_ui/themes/icon.css HTTP/1.1" 304 -
114.95.241.104 - - [21/Sep/2023:11:26:10 +0800] "GET /xingrg/css/form.css HTTP/1.1" 304 -
114.95.241.104 - - [21/Sep/2023:11:26:10 +0800] "GET /xingrg/javascript/jquery-1.4.2.min.js HTTP/1.1" 304 -
114.95.241.104 - - [21/Sep/2023:11:26:10 +0800] "GET /xingrg/javascript/jquery_easy_ui/jquery.easyui.min.js HTTP/1.1" 304 -
114.95.241.104 - - [21/Sep/2023:11:26:10 +0800] "GET /xingrg/javascript/jquery_easy_ui/easyui-lang-zh_CN.js HTTP/1.1" 304 -
114.95.241.104 - - [21/Sep/2023:11:26:10 +0800] "GET /xingrg/javascript/jquery.form.js HTTP/1.1" 304 -
114.95.241.104 - - [21/Sep/2023:11:26:10 +0800] "GET /xingrg/javascript/jquery.utils.js HTTP/1.1" 304 -
114.95.241.104 - - [21/Sep/2023:11:26:10 +0800] "GET /xingrg/javascript/jquery.timers.js HTTP/1.1" 304 -
114.95.241.104 - - [21/Sep/2023:11:26:10 +0800] "GET /xingrg/images/blue/jxLogo.png HTTP/1.1" 304 -
114.95.241.104 - - [21/Sep/2023:11:26:10 +0800] "GET /xingrg/javascript/jquery_easy_ui/themes/icons/settle_new.png HTTP/1.1" 304 -
114.95.241.104 - - [21/Sep/2023:11:26:10 +0800] "GET /xingrg/images/blue/navBackgound.jpg HTTP/1.1" 304 -
114.95.241.104 - - [21/Sep/2023:11:26:10 +0800] "GET /xingrg/all/function/internal_message.html?_=1695266768215&CODE_STATE=count HTTP/1.1" 200 11
114.95.241.104 - - [21/Sep/2023:11:26:10 +0800] "GET /xingrg/images/blue/pingpu.png HTTP/1.1" 304 -
114.95.241.104 - - [21/Sep/2023:11:26:10 +0800] "GET /xingrg/check_reg.html?_=1695266768215 HTTP/1.1" 200 22
114.95.241.104 - - [21/Sep/2023:11:26:10 +0800] "GET /xingrg/javascript/jquery_easy_ui/themes/default/images/tabs_leftarrow.png HTTP/1.1" 304 -
114.95.241.104 - - [21/Sep/2023:11:26:10 +0800] "GET /xingrg/javascript/jquery_easy_ui/themes/default/images/tabs_rightarrow.png HTTP/1.1" 304 -
114.95.241.104 - - [21/Sep/2023:11:26:10 +0800] "GET /xingrg/javascript/jquery_easy_ui/themes/default/images/panel_tool_collapse.gif HTTP/1.1" 304 -
114.95.241.104 - - [21/Sep/2023:11:26:10 +0800] "POST /xingrg/all/common/load_tree.html?tree=area_rest_tree_json&manage=1 HTTP/1.1" 200 476
114.95.241.104 - - [21/Sep/2023:11:26:10 +0800] "POST /xingrg/load_menu.html HTTP/1.1" 200 5138
114.95.241.104 - - [21/Sep/2023:11:26:12 +0800] "GET /xingrg/kc/base/yddb_order_list.html HTTP/1.1" 200 16784
114.95.241.104 - - [21/Sep/2023:11:26:13 +0800] "POST /xingrg/kc/base/yddb_list_operate.html HTTP/1.1" 200 636
120.253.135.82 - - [21/Sep/2023:11:26:14 +0800] "GET /xingrg/all/function/internal_message.html?_=1695266577878&CODE_STATE=getMsg HTTP/1.1" 200 27
114.95.241.104 - - [21/Sep/2023:11:26:14 +0800] "GET /xingrg/kc/base/yddb_order_add.html HTTP/1.1" 200 29953
114.95.241.104 - - [21/Sep/2023:11:26:14 +0800] "GET /xingrg/dwr/interface/AjaxComOrderService.js HTTP/1.1" 200 18264
114.95.241.104 - - [21/Sep/2023:11:26:14 +0800] "GET /xingrg/dwr/interface/AjaxYddbService.js HTTP/1.1" 200 13201
114.95.241.104 - - [21/Sep/2023:11:26:14 +0800] "GET /xingrg/dwr/engine.js HTTP/1.1" 200 43631
222.69.130.191 - - [21/Sep/2023:11:26:15 +0800] "GET /xingrg/check_reg.html?_=1695266777184 HTTP/1.1" 200 22
222.69.130.191 - - [21/Sep/2023:11:26:15 +0800] "GET /xingrg/all/function/internal_message.html?_=1695266777188&CODE_STATE=getMsg HTTP/1.1" 200 27
124.77.241.134 - - [21/Sep/2023:11:26:21 +0800] "GET /xingrg/kc/buy/cgsh_order_operate.html?command=get_materiel&rest_code=00146&code=00101001299&supplier_code=00100041&order_time=2023-09-21 HTTP/1.1" 200 413
114.95.241.104 - - [21/Sep/2023:11:26:22 +0800] "POST /xingrg/dwr/call/plaincall/AjaxYddbService.getRestBases.dwr HTTP/1.1" 200 1649
222.70.107.161 - - [21/Sep/2023:11:26:27 +0800] "GET /xingrg/all/function/internal_message.html?_=1695266791187&CODE_STATE=getMsg HTTP/1.1" 200 27
114.95.241.104 - - [21/Sep/2023:11:26:29 +0800] "POST /xingrg/dwr/call/plaincall/AjaxYddbService.saveOrder.dwr HTTP/1.1" 200 78
114.95.241.104 - - [21/Sep/2023:11:26:29 +0800] "GET /xingrg/images/yd/bt.gif HTTP/1.1" 404 1040
114.83.216.51 - - [21/Sep/2023:11:26:29 +0800] "GET /xingrg/all/function/internal_message.html?_=1695266788115&CODE_STATE=getMsg HTTP/1.1" 200 27
101.83.145.37 - - [21/Sep/2023:11:26:31 +0800] "POST /xingrg/kc/base/wldb_order_operate.html HTTP/1.1" 200 37
114.95.241.104 - - [21/Sep/2023:11:26:32 +0800] "POST /xingrg/dwr/call/plaincall/AjaxComOrderService.getMaterielSearchList.dwr HTTP/1.1" 200 17006
101.83.145.37 - - [21/Sep/2023:11:26:32 +0800] "POST /xingrg/kc/base/wldb_order_operate.html HTTP/1.1" 200 6704
124.78.155.92 - - [21/Sep/2023:11:26:32 +0800] "GET /xingrg/check_reg.html?_=1695266790009 HTTP/1.1" 200 22
124.78.155.92 - - [21/Sep/2023:11:26:32 +0800] "GET /xingrg/all/function/internal_message.html?_=1695266790013&CODE_STATE=getMsg HTTP/1.1" 200 27
114.95.241.104 - - [21/Sep/2023:11:26:32 +0800] "POST /xingrg/dwr/call/plaincall/AjaxComOrderService.getMaterielSearchList.dwr HTTP/1.1" 200 1595
101.83.145.37 - - [21/Sep/2023:11:26:34 +0800] "GET /xingrg/kc/base/wldb_order_info.html?code=422023092102075 HTTP/1.1" 200 30472
101.83.145.37 - - [21/Sep/2023:11:26:34 +0800] "GET /xingrg/javascript/easyui/themes/default/validatebox.css HTTP/1.1" 404 1104
114.95.241.104 - - [21/Sep/2023:11:26:34 +0800] "POST /xingrg/dwr/call/plaincall/AjaxYddbService.getMaterielByMap.dwr HTTP/1.1" 200 2343
101.83.145.37 - - [21/Sep/2023:11:26:35 +0800] "POST /xingrg/kc/base/wldb_order_operate.html HTTP/1.1" 200 6704
180.169.147.146 - - [21/Sep/2023:11:26:36 +0800] "GET /xingrg/all/function/internal_message.html?_=1695266797488&CODE_STATE=getMsg HTTP/1.1" 200 27
124.77.241.134 - - [21/Sep/2023:11:26:36 +0800] "GET /xingrg/kc/buy/cgsh_order_operate.html?command=get_materiel&rest_code=00146&code=00101003025&supplier_code=00100041&order_time=2023-09-21 HTTP/1.1" 200 409
114.95.241.104 - - [21/Sep/2023:11:26:37 +0800] "POST /xingrg/dwr/call/plaincall/AjaxYddbService.saveMaterielItem.dwr HTTP/1.1" 200 78
114.95.241.104 - - [21/Sep/2023:11:26:41 +0800] "POST /xingrg/dwr/call/plaincall/AjaxComOrderService.getMaterielSearchList.dwr HTTP/1.1" 200 7446
114.95.241.104 - - [21/Sep/2023:11:26:42 +0800] "POST /xingrg/dwr/call/plaincall/AjaxComOrderService.getMaterielSearchList.dwr HTTP/1.1" 200 1109
114.95.241.104 - - [21/Sep/2023:11:26:44 +0800] "POST /xingrg/dwr/call/plaincall/AjaxYddbService.getMaterielByMap.dwr HTTP/1.1" 200 2329
114.95.241.104 - - [21/Sep/2023:11:26:44 +0800] "GET /xingrg/images/yd/bt2.gif HTTP/1.1" 404 1042
124.78.155.92 - - [21/Sep/2023:11:26:45 +0800] "GET /xingrg/all/function/internal_message.html?_=1695266807401&CODE_STATE=getMsg HTTP/1.1" 200 27
101.83.145.37 - - [21/Sep/2023:11:26:45 +0800] "GET /xingrg/all/function/internal_message.html?_=1695266805999&CODE_STATE=getMsg HTTP/1.1" 200 27
180.165.48.189 - - [21/Sep/2023:11:26:46 +0800] "GET /xingrg/all/function/internal_message.html?_=1695266805640&CODE_STATE=getMsg HTTP/1.1" 200 27
114.95.241.104 - - [21/Sep/2023:11:26:47 +0800] "POST /xingrg/dwr/call/plaincall/AjaxYddbService.saveMaterielItem.dwr HTTP/1.1" 200 78
124.77.241.134 - - [21/Sep/2023:11:26:49 +0800] "GET /xingrg/kc/buy/cgsh_order_operate.html?command=get_materiel&rest_code=00146&code=00101004020&supplier_code=00100041&order_time=2023-09-21 HTTP/1.1" 200 409
114.95.241.104 - - [21/Sep/2023:11:26:49 +0800] "POST /xingrg/dwr/call/plaincall/AjaxComOrderService.getMaterielSearchList.dwr HTTP/1.1" 200 25070
114.95.241.104 - - [21/Sep/2023:11:26:50 +0800] "POST /xingrg/dwr/call/plaincall/AjaxComOrderService.getMaterielSearchList.dwr HTTP/1.1" 200 2311
114.95.241.104 - - [21/Sep/2023:11:26:51 +0800] "POST /xingrg/dwr/call/plaincall/AjaxYddbService.getMaterielByMap.dwr HTTP/1.1" 200 2343
114.95.241.104 - - [21/Sep/2023:11:26:53 +0800] "POST /xingrg/dwr/call/plaincall/AjaxYddbService.saveMaterielItem.dwr HTTP/1.1" 200 79
124.77.241.134 - - [21/Sep/2023:11:26:54 +0800] "GET /xingrg/all/function/internal_message.html?_=1695266824263&CODE_STATE=getMsg HTTP/1.1" 200 27
101.83.145.37 - - [21/Sep/2023:11:26:55 +0800] "GET /xingrg/kc/base/wldb_order_add.html HTTP/1.1" 200 30457
101.83.145.37 - - [21/Sep/2023:11:26:55 +0800] "POST /xingrg/kc/base/wldb_order_operate.html HTTP/1.1" 200 6806
101.83.145.37 - - [21/Sep/2023:11:26:55 +0800] "GET /xingrg/javascript/easyui/themes/default/validatebox.css HTTP/1.1" 404 1104
124.78.69.58 - - [21/Sep/2023:11:26:58 +0800] "GET /xingrg/all/function/internal_message.html?_=1695266248039&CODE_STATE=getMsg HTTP/1.1" 200 27
124.77.241.134 - - [21/Sep/2023:11:27:02 +0800] "GET /xingrg/kc/buy/cgsh_order_operate.html?command=get_materiel&rest_code=00146&code=00101002027&supplier_code=00100041&order_time=2023-09-21 HTTP/1.1" 200 413
116.228.172.122 - - [21/Sep/2023:11:27:03 +0800] "GET /xingrg/login.html HTTP/1.1" 200 7641
120.253.135.82 - - [21/Sep/2023:11:27:03 +0800] "GET /xingrg/kc/pszx/mdqp_order_list.html?state=10 HTTP/1.1" 200 12741
120.253.135.82 - - [21/Sep/2023:11:27:03 +0800] "GET /xingrg/dwr/interface/AjaxQqpsService.js HTTP/1.1" 200 16326
120.253.135.82 - - [21/Sep/2023:11:27:03 +0800] "GET /xingrg/dwr/interface/AjaxReportQueryService.js HTTP/1.1" 200 13203
120.253.135.82 - - [21/Sep/2023:11:27:03 +0800] "GET /xingrg/dwr/engine.js HTTP/1.1" 200 43631
116.228.172.122 - - [21/Sep/2023:11:27:04 +0800] "GET /favicon.ico HTTP/1.1" 404 -
101.83.145.37 - - [21/Sep/2023:11:27:05 +0800] "POST /xingrg/all/common/load_combo.html?type=base HTTP/1.1" 200 3409
180.152.241.196 - - [21/Sep/2023:11:27:05 +0800] "GET /xingrg/check_reg.html?_=1695266825999 HTTP/1.1" 200 22
116.228.172.122 - - [21/Sep/2023:11:27:07 +0800] "POST /xingrg/login.do HTTP/1.1" 302 -
116.228.172.122 - - [21/Sep/2023:11:27:07 +0800] "GET /xingrg/index.html?sysBaseUrl=http%3A%2F%2F180.169.147.146%3A18081%2Fxingrg%2F&costTime=848×tamp=1695266827029 HTTP/1.1" 200 17423
116.228.172.122 - - [21/Sep/2023:11:27:07 +0800] "GET /favicon.ico HTTP/1.1" 404 -
116.228.172.122 - - [21/Sep/2023:11:27:07 +0800] "POST /xingrg/all/common/load_tree.html?tree=area_rest_tree_json&manage=1 HTTP/1.1" 200 482
116.228.172.122 - - [21/Sep/2023:11:27:07 +0800] "GET /xingrg/all/function/internal_message.html?_=1695266472708&CODE_STATE=count HTTP/1.1" 200 11
116.228.172.122 - - [21/Sep/2023:11:27:07 +0800] "GET /xingrg/check_reg.html?_=1695266472708 HTTP/1.1" 200 22
116.228.172.122 - - [21/Sep/2023:11:27:07 +0800] "POST /xingrg/load_menu.html HTTP/1.1" 200 9959
114.95.241.104 - - [21/Sep/2023:11:27:10 +0800] "GET /xingrg/all/function/internal_message.html?_=1695266828221&CODE_STATE=getMsg HTTP/1.1" 200 27
120.253.135.82 - - [21/Sep/2023:11:27:14 +0800] "GET /xingrg/all/function/internal_message.html?_=1695266637892&CODE_STATE=getMsg HTTP/1.1" 200 27
222.69.130.191 - - [21/Sep/2023:11:27:15 +0800] "GET /xingrg/all/function/internal_message.html?_=1695266837182&CODE_STATE=getMsg HTTP/1.1" 200 27
101.83.145.37 - - [21/Sep/2023:11:27:17 +0800] "GET /xingrg/kc/base/wldb_order_operate.html?command=get_materiel&rest_code=00105&base_code=0010507&code=00101016029 HTTP/1.1" 200 462
101.83.145.37 - - [21/Sep/2023:11:27:22 +0800] "POST /xingrg/kc/base/wldb_order_operate.html HTTP/1.1" 200 37
101.83.145.37 - - [21/Sep/2023:11:27:23 +0800] "POST /xingrg/kc/base/wldb_order_operate.html HTTP/1.1" 200 2204
101.83.145.37 - - [21/Sep/2023:11:27:25 +0800] "GET /xingrg/kc/base/wldb_order_info.html?code=422023092102076 HTTP/1.1" 200 30471
101.83.145.37 - - [21/Sep/2023:11:27:25 +0800] "GET /xingrg/javascript/easyui/themes/default/validatebox.css HTTP/1.1" 404 1104
101.83.145.37 - - [21/Sep/2023:11:27:26 +0800] "POST /xingrg/kc/base/wldb_order_operate.html HTTP/1.1" 200 2204
222.70.107.161 - - [21/Sep/2023:11:27:27 +0800] "GET /xingrg/all/function/internal_message.html?_=1695266851217&CODE_STATE=getMsg HTTP/1.1" 200 27
114.83.216.51 - - [21/Sep/2023:11:27:29 +0800] "GET /xingrg/kc/buy/cgsh_order_operate.html?command=get_materiel&rest_code=00149&code=00102016731&supplier_code=00100151&order_time=2023-09-21 HTTP/1.1" 200 410
114.83.216.51 - - [21/Sep/2023:11:27:29 +0800] "GET /xingrg/all/function/internal_message.html?_=1695266848091&CODE_STATE=getMsg HTTP/1.1" 200 27
180.163.28.114 - - [21/Sep/2023:11:27:32 +0800] "GET /xingrg/all/function/internal_message.html?_=1695266790013&CODE_STATE=getMsg HTTP/1.1" 302 -
180.163.28.114 - - [21/Sep/2023:11:27:32 +0800] "GET /xingrg/login.html HTTP/1.1" 200 7641
124.78.155.92 - - [21/Sep/2023:11:27:32 +0800] "GET /xingrg/all/function/internal_message.html?_=1695266850003&CODE_STATE=getMsg HTTP/1.1" 200 27
180.169.147.146 - - [21/Sep/2023:11:27:36 +0800] "GET /xingrg/all/function/internal_message.html?_=1695266857471&CODE_STATE=getMsg HTTP/1.1" 200 27
114.95.241.104 - - [21/Sep/2023:11:27:39 +0800] "POST /xingrg/dwr/call/plaincall/AjaxComOrderService.getMaterielSearchList.dwr HTTP/1.1" 200 12462
114.95.241.104 - - [21/Sep/2023:11:27:40 +0800] "POST /xingrg/dwr/call/plaincall/AjaxComOrderService.getMaterielSearchList.dwr HTTP/1.1" 200 1566
114.95.241.104 - - [21/Sep/2023:11:27:42 +0800] "POST /xingrg/dwr/call/plaincall/AjaxYddbService.getMaterielByMap.dwr HTTP/1.1" 200 2365
124.78.155.92 - - [21/Sep/2023:11:27:45 +0800] "GET /xingrg/all/function/internal_message.html?_=1695266867386&CODE_STATE=getMsg HTTP/1.1" 200 27
101.83.145.37 - - [21/Sep/2023:11:27:45 +0800] "GET /xingrg/all/function/internal_message.html?_=1695266865981&CODE_STATE=getMsg HTTP/1.1" 200 27
180.165.48.189 - - [21/Sep/2023:11:27:46 +0800] "GET /xingrg/all/function/internal_message.html?_=1695266865624&CODE_STATE=getMsg HTTP/1.1" 200 27
114.95.241.104 - - [21/Sep/2023:11:27:47 +0800] "POST /xingrg/dwr/call/plaincall/AjaxYddbService.saveMaterielItem.dwr HTTP/1.1" 200 79
114.95.241.104 - - [21/Sep/2023:11:27:50 +0800] "POST /xingrg/dwr/call/plaincall/AjaxComOrderService.getMaterielSearchList.dwr HTTP/1.1" 200 3170
114.95.241.104 - - [21/Sep/2023:11:27:51 +0800] "POST /xingrg/dwr/call/plaincall/AjaxComOrderService.getMaterielSearchList.dwr HTTP/1.1" 200 303
124.77.241.134 - - [21/Sep/2023:11:27:51 +0800] "GET /xingrg/check_reg.html?_=1695266881798 HTTP/1.1" 200 22
114.95.241.104 - - [21/Sep/2023:11:27:52 +0800] "POST /xingrg/dwr/call/plaincall/AjaxComOrderService.getMaterielSearchList.dwr HTTP/1.1" 200 303
114.95.241.104 - - [21/Sep/2023:11:27:52 +0800] "POST /xingrg/dwr/call/plaincall/AjaxYddbService.getMaterielByMap.dwr HTTP/1.1" 200 2353
124.77.241.134 - - [21/Sep/2023:11:27:54 +0800] "GET /xingrg/all/function/internal_message.html?_=1695266884277&CODE_STATE=getMsg HTTP/1.1" 200 27
180.169.147.146 - - [21/Sep/2023:11:27:54 +0800] "GET /xingrg/check_reg.html?_=1695266875787 HTTP/1.1" 200 22
114.95.241.104 - - [21/Sep/2023:11:27:56 +0800] "POST /xingrg/dwr/call/plaincall/AjaxYddbService.saveMaterielItem.dwr HTTP/1.1" 200 79
124.78.69.58 - - [21/Sep/2023:11:27:58 +0800] "GET /xingrg/all/function/internal_message.html?_=1695266308045&CODE_STATE=getMsg HTTP/1.1" 200 27
114.95.241.104 - - [21/Sep/2023:11:27:59 +0800] "POST /xingrg/dwr/call/plaincall/AjaxComOrderService.getMaterielSearchList.dwr HTTP/1.1" 200 1003
114.95.241.104 - - [21/Sep/2023:11:28:00 +0800] "POST /xingrg/dwr/call/plaincall/AjaxYddbService.getMaterielByMap.dwr HTTP/1.1" 200 2352
116.228.172.122 - - [21/Sep/2023:11:28:02 +0800] "POST /xingrg/all/user/operate.html HTTP/1.1" 200 36
116.228.172.122 - - [21/Sep/2023:11:28:02 +0800] "GET /xingrg/index.html?sysBaseUrl=http%3A%2F%2F180.169.147.146%3A18081%2Fxingrg%2F&costTime=848×tamp=1695266827029 HTTP/1.1" 200 17417
116.228.172.122 - - [21/Sep/2023:11:28:02 +0800] "GET /xingrg/javascript/jquery_easy_ui/themes/default/easyui.css HTTP/1.1" 304 -
116.228.172.122 - - [21/Sep/2023:11:28:02 +0800] "GET /xingrg/javascript/jquery_easy_ui/themes/icon.css HTTP/1.1" 304 -
116.228.172.122 - - [21/Sep/2023:11:28:02 +0800] "GET /xingrg/css/form.css HTTP/1.1" 304 -
116.228.172.122 - - [21/Sep/2023:11:28:02 +0800] "GET /xingrg/javascript/jquery-1.4.2.min.js HTTP/1.1" 304 -
116.228.172.122 - - [21/Sep/2023:11:28:02 +0800] "GET /xingrg/javascript/jquery_easy_ui/jquery.easyui.min.js HTTP/1.1" 304 -
116.228.172.122 - - [21/Sep/2023:11:28:03 +0800] "GET /xingrg/javascript/jquery_easy_ui/easyui-lang-zh_CN.js HTTP/1.1" 304 -
116.228.172.122 - - [21/Sep/2023:11:28:03 +0800] "GET /xingrg/javascript/jquery.form.js HTTP/1.1" 304 -
116.228.172.122 - - [21/Sep/2023:11:28:03 +0800] "GET /xingrg/javascript/jquery.utils.js HTTP/1.1" 304 -
116.228.172.122 - - [21/Sep/2023:11:28:03 +0800] "GET /xingrg/javascript/jquery.timers.js HTTP/1.1" 304 -
116.228.172.122 - - [21/Sep/2023:11:28:03 +0800] "GET /xingrg/images/blue/jxLogo.png HTTP/1.1" 304 -
116.228.172.122 - - [21/Sep/2023:11:28:03 +0800] "GET /xingrg/javascript/jquery_easy_ui/themes/icons/settle_new.png HTTP/1.1" 304 -
116.228.172.122 - - [21/Sep/2023:11:28:03 +0800] "GET /xingrg/images/blue/navBackgound.jpg HTTP/1.1" 304 -
116.228.172.122 - - [21/Sep/2023:11:28:03 +0800] "GET /xingrg/all/function/internal_message.html?_=1695266528202&CODE_STATE=count HTTP/1.1" 200 11
116.228.172.122 - - [21/Sep/2023:11:28:03 +0800] "GET /xingrg/check_reg.html?_=1695266528203 HTTP/1.1" 200 22
116.228.172.122 - - [21/Sep/2023:11:28:03 +0800] "GET /xingrg/javascript/jquery_easy_ui/themes/default/images/tabs_rightarrow.png HTTP/1.1" 304 -
116.228.172.122 - - [21/Sep/2023:11:28:03 +0800] "GET /xingrg/javascript/jquery_easy_ui/themes/default/images/panel_tool_collapse.gif HTTP/1.1" 304 -
116.228.172.122 - - [21/Sep/2023:11:28:03 +0800] "GET /xingrg/javascript/jquery_easy_ui/themes/default/images/panel_tool_expand.gif HTTP/1.1" 304 -
116.228.172.122 - - [21/Sep/2023:11:28:03 +0800] "GET /xingrg/images/blue/pingpu.png HTTP/1.1" 304 -
116.228.172.122 - - [21/Sep/2023:11:28:03 +0800] "GET /xingrg/javascript/jquery_easy_ui/themes/default/images/tabs_leftarrow.png HTTP/1.1" 304 -
116.228.172.122 - - [21/Sep/2023:11:28:03 +0800] "POST /xingrg/load_menu.html HTTP/1.1" 200 9959
116.228.172.122 - - [21/Sep/2023:11:28:03 +0800] "POST /xingrg/all/common/load_tree.html?tree=area_rest_tree_json&manage=1 HTTP/1.1" 200 482
114.95.241.104 - - [21/Sep/2023:11:28:04 +0800] "POST /xingrg/dwr/call/plaincall/AjaxYddbService.saveMaterielItem.dwr HTTP/1.1" 200 79
116.228.172.122 - - [21/Sep/2023:11:28:05 +0800] "GET /xingrg/kc/buy/buy_main.html HTTP/1.1" 200 12412
116.228.172.122 - - [21/Sep/2023:11:28:05 +0800] "GET /xingrg/css/new_ie.css HTTP/1.1" 404 1036
116.228.172.122 - - [21/Sep/2023:11:28:06 +0800] "GET /xingrg/images/yd/bt.gif HTTP/1.1" 404 1040
116.228.172.122 - - [21/Sep/2023:11:28:07 +0800] "GET /xingrg/kc/buy/cgsh_order_list.html HTTP/1.1" 200 56583
116.228.172.122 - - [21/Sep/2023:11:28:09 +0800] "POST /xingrg/kc/buy/cgsh_list_operate.html HTTP/1.1" 200 986
114.95.241.104 - - [21/Sep/2023:11:28:09 +0800] "POST /xingrg/dwr/call/plaincall/AjaxComOrderService.getMaterielSearchList.dwr HTTP/1.1" 200 36238
114.95.241.104 - - [21/Sep/2023:11:28:10 +0800] "GET /xingrg/all/function/internal_message.html?_=1695266888237&CODE_STATE=getMsg HTTP/1.1" 200 27
114.95.241.104 - - [21/Sep/2023:11:28:10 +0800] "POST /xingrg/dwr/call/plaincall/AjaxComOrderService.getMaterielSearchList.dwr HTTP/1.1" 200 1868
120.253.135.82 - - [21/Sep/2023:11:28:12 +0800] "GET /xingrg/check_reg.html?_=1695266696049 HTTP/1.1" 200 22
124.77.241.134 - - [21/Sep/2023:11:28:14 +0800] "POST /xingrg/kc/buy/cgsh_order_operate.html HTTP/1.1" 200 37
114.95.241.104 - - [21/Sep/2023:11:28:14 +0800] "POST /xingrg/dwr/call/plaincall/AjaxYddbService.getMaterielByMap.dwr HTTP/1.1" 200 2332
120.253.135.82 - - [21/Sep/2023:11:28:14 +0800] "GET /xingrg/all/function/internal_message.html?_=1695266697906&CODE_STATE=getMsg HTTP/1.1" 200 27
222.69.130.191 - - [21/Sep/2023:11:28:15 +0800] "GET /xingrg/all/function/internal_message.html?_=1695266897173&CODE_STATE=getMsg HTTP/1.1" 200 27
124.77.241.134 - - [21/Sep/2023:11:28:17 +0800] "POST /xingrg/kc/buy/cgsh_order_operate.html HTTP/1.1" 200 5013
124.77.241.134 - - [21/Sep/2023:11:28:19 +0800] "GET /xingrg/kc/print/load_data.html?order_code=212023092108380&kc_code=cgsh&condition= HTTP/1.1" 200 1583
101.83.145.37 - - [21/Sep/2023:11:28:22 +0800] "GET /xingrg/kc/buy/cgsh_order_add.html HTTP/1.1" 200 72443
101.83.145.37 - - [21/Sep/2023:11:28:23 +0800] "POST /xingrg/kc/buy/cgsh_order_operate.html HTTP/1.1" 200 8245
101.83.145.37 - - [21/Sep/2023:11:28:23 +0800] "GET /xingrg/javascript/easyui/themes/default/validatebox.css HTTP/1.1" 404 1104
114.95.241.104 - - [21/Sep/2023:11:28:23 +0800] "POST /xingrg/dwr/call/plaincall/AjaxYddbService.saveMaterielItem.dwr HTTP/1.1" 200 79
222.70.107.161 - - [21/Sep/2023:11:28:27 +0800] "GET /xingrg/check_reg.html?_=1695266911218 HTTP/1.1" 200 22
222.70.107.161 - - [21/Sep/2023:11:28:27 +0800] "GET /xingrg/all/function/internal_message.html?_=1695266911221&CODE_STATE=getMsg HTTP/1.1" 200 27
114.95.241.104 - - [21/Sep/2023:11:28:28 +0800] "POST /xingrg/dwr/call/plaincall/AjaxComOrderService.getMaterielSearchList.dwr HTTP/1.1" 200 572
114.83.216.51 - - [21/Sep/2023:11:28:29 +0800] "GET /xingrg/all/function/internal_message.html?_=1695266908079&CODE_STATE=getMsg HTTP/1.1" 200 27
114.95.241.104 - - [21/Sep/2023:11:28:30 +0800] "POST /xingrg/dwr/call/plaincall/AjaxYddbService.getMaterielByMap.dwr HTTP/1.1" 200 2295
114.95.241.104 - - [21/Sep/2023:11:28:32 +0800] "POST /xingrg/dwr/call/plaincall/AjaxYddbService.saveMaterielItem.dwr HTTP/1.1" 200 79
124.78.155.92 - - [21/Sep/2023:11:28:32 +0800] "GET /xingrg/all/function/internal_message.html?_=1695266910001&CODE_STATE=getMsg HTTP/1.1" 200 27
101.83.145.37 - - [21/Sep/2023:11:28:34 +0800] "GET /xingrg/kc/buy/cgsh_order_operate.html?command=get_materiel&rest_code=00105&code=00101009109&supplier_code=&order_time=2023-09-21 HTTP/1.1" 200 413
114.83.216.51 - - [21/Sep/2023:11:28:35 +0800] "GET /xingrg/kc/buy/cgsh_order_operate.html?command=get_materiel&rest_code=00149&code=00102010900&supplier_code=00100151&order_time=2023-09-21 HTTP/1.1" 200 409
180.169.147.146 - - [21/Sep/2023:11:28:36 +0800] "GET /xingrg/all/function/internal_message.html?_=1695266917456&CODE_STATE=getMsg HTTP/1.1" 200 27
124.77.241.134 - - [21/Sep/2023:11:28:36 +0800] "GET /xingrg/kc/buy/cgsh_order_add.html HTTP/1.1" 200 72361
124.77.241.134 - - [21/Sep/2023:11:28:37 +0800] "POST /xingrg/kc/buy/cgsh_order_operate.html HTTP/1.1" 200 8245
124.77.241.134 - - [21/Sep/2023:11:28:38 +0800] "GET /xingrg/javascript/easyui/themes/default/validatebox.css HTTP/1.1" 404 1104
116.228.172.122 - - [21/Sep/2023:11:28:42 +0800] "GET /xingrg/kc/buy/cgsh_order_add.html HTTP/1.1" 200 71414
114.95.241.104 - - [21/Sep/2023:11:28:42 +0800] "POST /xingrg/dwr/call/plaincall/AjaxComOrderService.getMaterielSearchList.dwr HTTP/1.1" 200 32572
116.228.172.122 - - [21/Sep/2023:11:28:42 +0800] "GET /xingrg/words/20230921103221_words.js HTTP/1.1" 200 987998
116.228.172.122 - - [21/Sep/2023:11:28:42 +0800] "POST /xingrg/kc/buy/cgsh_order_operate.html HTTP/1.1" 200 8245
116.228.172.122 - - [21/Sep/2023:11:28:42 +0800] "GET /xingrg/javascript/easyui/themes/default/validatebox.css HTTP/1.1" 404 1104
101.83.145.37 - - [21/Sep/2023:11:28:42 +0800] "GET /xingrg/kc/buy/cgsh_order_operate.html?command=get_materiel&rest_code=00105&code=00101009062&supplier_code=&order_time=2023-09-21 HTTP/1.1" 200 412
116.228.172.122 - - [21/Sep/2023:11:28:43 +0800] "GET /xingrg/all/common/auto_word.html?type=employee&rest_code=00153 HTTP/1.1" 200 47
114.95.241.104 - - [21/Sep/2023:11:28:43 +0800] "POST /xingrg/dwr/call/plaincall/AjaxComOrderService.getMaterielSearchList.dwr HTTP/1.1" 200 2510
116.228.172.122 - - [21/Sep/2023:11:28:43 +0800] "GET /xingrg/all/common/auto_word.html?type=employee&rest_code=00153 HTTP/1.1" 200 47
101.83.145.37 - - [21/Sep/2023:11:28:43 +0800] "GET /xingrg/check_reg.html?_=1695266923869 HTTP/1.1" 200 22
116.228.172.122 - - [21/Sep/2023:11:28:43 +0800] "GET /xingrg/javascript/auto/indicator.gif HTTP/1.1" 404 1066
180.165.48.189 - - [21/Sep/2023:11:28:44 +0800] "POST /xingrg/services/DataTransmitService HTTP/1.1" 200 524
114.95.241.104 - - [21/Sep/2023:11:28:45 +0800] "POST /xingrg/dwr/call/plaincall/AjaxYddbService.getMaterielByMap.dwr HTTP/1.1" 200 2290
124.78.155.92 - - [21/Sep/2023:11:28:45 +0800] "GET /xingrg/all/function/internal_message.html?_=1695266927372&CODE_STATE=getMsg HTTP/1.1" 200 27
180.165.48.189 - - [21/Sep/2023:11:28:45 +0800] "POST /xingrg/services/DataTransmitService HTTP/1.1" 200 501
101.83.145.37 - - [21/Sep/2023:11:28:45 +0800] "GET /xingrg/all/function/internal_message.html?_=1695266925901&CODE_STATE=getMsg HTTP/1.1" 200 27
180.165.48.189 - - [21/Sep/2023:11:28:46 +0800] "GET /xingrg/all/function/internal_message.html?_=1695266925598&CODE_STATE=getMsg HTTP/1.1" 200 27
114.95.241.104 - - [21/Sep/2023:11:28:49 +0800] "POST /xingrg/dwr/call/plaincall/AjaxYddbService.saveMaterielItem.dwr HTTP/1.1" 200 79
114.95.241.104 - - [21/Sep/2023:11:28:52 +0800] "POST /xingrg/dwr/call/plaincall/AjaxComOrderService.getMaterielSearchList.dwr HTTP/1.1" 200 29459
114.95.241.104 - - [21/Sep/2023:11:28:53 +0800] "POST /xingrg/dwr/call/plaincall/AjaxComOrderService.getMaterielSearchList.dwr HTTP/1.1" 200 3362
124.77.241.134 - - [21/Sep/2023:11:28:54 +0800] "GET /xingrg/all/function/internal_message.html?_=1695266944290&CODE_STATE=getMsg HTTP/1.1" 200 27
114.95.241.104 - - [21/Sep/2023:11:28:54 +0800] "POST /xingrg/dwr/call/plaincall/AjaxYddbService.getMaterielByMap.dwr HTTP/1.1" 200 2385
114.95.241.104 - - [21/Sep/2023:11:28:56 +0800] "POST /xingrg/dwr/call/plaincall/AjaxYddbService.getUnitPrice.dwr HTTP/1.1" 200 87
124.78.69.58 - - [21/Sep/2023:11:28:58 +0800] "GET /xingrg/all/function/internal_message.html?_=1695266368049&CODE_STATE=getMsg HTTP/1.1" 200 27
114.95.241.104 - - [21/Sep/2023:11:28:59 +0800] "POST /xingrg/dwr/call/plaincall/AjaxYddbService.saveMaterielItem.dwr HTTP/1.1" 200 79
124.77.241.134 - - [21/Sep/2023:11:29:02 +0800] "GET /xingrg/kc/buy/cgsh_order_operate.html?command=get_materiel&rest_code=00146&code=00101019435&supplier_code=00100033&order_time=2023-09-21 HTTP/1.1" 200 417
114.95.241.104 - - [21/Sep/2023:11:29:02 +0800] "POST /xingrg/dwr/call/plaincall/AjaxComOrderService.getMaterielSearchList.dwr HTTP/1.1" 200 1992
116.228.172.122 - - [21/Sep/2023:11:29:03 +0800] "GET /xingrg/all/function/internal_message.html?_=1695266588210&CODE_STATE=getMsg HTTP/1.1" 200 27
114.95.241.104 - - [21/Sep/2023:11:29:04 +0800] "POST /xingrg/dwr/call/plaincall/AjaxYddbService.getMaterielByMap.dwr HTTP/1.1" 200 2361
114.95.241.104 - - [21/Sep/2023:11:29:06 +0800] "POST /xingrg/dwr/call/plaincall/AjaxYddbService.getUnitPrice.dwr HTTP/1.1" 200 87
114.95.241.104 - - [21/Sep/2023:11:29:09 +0800] "POST /xingrg/dwr/call/plaincall/AjaxYddbService.saveMaterielItem.dwr HTTP/1.1" 200 79
114.95.241.104 - - [21/Sep/2023:11:29:10 +0800] "GET /xingrg/all/function/internal_message.html?_=1695266948230&CODE_STATE=getMsg HTTP/1.1" 200 27
114.95.241.104 - - [21/Sep/2023:11:29:12 +0800] "POST /xingrg/dwr/call/plaincall/AjaxComOrderService.getMaterielSearchList.dwr HTTP/1.1" 200 303
114.95.241.104 - - [21/Sep/2023:11:29:13 +0800] "POST /xingrg/dwr/call/plaincall/AjaxComOrderService.getMaterielSearchList.dwr HTTP/1.1" 200 303
114.95.241.104 - - [21/Sep/2023:11:29:14 +0800] "POST /xingrg/dwr/call/plaincall/AjaxYddbService.getMaterielByMap.dwr HTTP/1.1" 200 2356
120.253.135.82 - - [21/Sep/2023:11:29:14 +0800] "GET /xingrg/all/function/internal_message.html?_=1695266757918&CODE_STATE=getMsg HTTP/1.1" 200 27
114.95.241.104 - - [21/Sep/2023:11:29:15 +0800] "POST /xingrg/dwr/call/plaincall/AjaxYddbService.getUnitPrice.dwr HTTP/1.1" 200 88
222.69.130.191 - - [21/Sep/2023:11:29:15 +0800] "GET /xingrg/all/function/internal_message.html?_=1695266957182&CODE_STATE=getMsg HTTP/1.1" 200 27
114.95.241.104 - - [21/Sep/2023:11:29:17 +0800] "POST /xingrg/dwr/call/plaincall/AjaxYddbService.saveMaterielItem.dwr HTTP/1.1" 200 79
114.95.241.104 - - [21/Sep/2023:11:29:19 +0800] "POST /xingrg/dwr/call/plaincall/AjaxComOrderService.getMaterielSearchList.dwr HTTP/1.1" 200 50764
114.95.241.104 - - [21/Sep/2023:11:29:20 +0800] "POST /xingrg/dwr/call/plaincall/AjaxComOrderService.getMaterielSearchList.dwr HTTP/1.1" 200 1758
114.95.241.104 - - [21/Sep/2023:11:29:21 +0800] "POST /xingrg/dwr/call/plaincall/AjaxComOrderService.getMaterielSearchList.dwr HTTP/1.1" 200 1758
114.95.241.104 - - [21/Sep/2023:11:29:22 +0800] "POST /xingrg/dwr/call/plaincall/AjaxYddbService.getMaterielByMap.dwr HTTP/1.1" 200 2373
114.95.241.104 - - [21/Sep/2023:11:29:23 +0800] "POST /xingrg/dwr/call/plaincall/AjaxYddbService.getUnitPrice.dwr HTTP/1.1" 200 88
114.95.241.104 - - [21/Sep/2023:11:29:26 +0800] "POST /xingrg/dwr/call/plaincall/AjaxYddbService.saveMaterielItem.dwr HTTP/1.1" 200 79
116.230.110.33 - - [21/Sep/2023:11:29:27 +0800] "GET /favicon.ico HTTP/1.1" 404 -
116.228.172.122 - - [21/Sep/2023:11:29:27 +0800] "GET /xingrg/javascript/jquery_tools/images/prev.gif HTTP/1.1" 404 1086
116.228.172.122 - - [21/Sep/2023:11:29:27 +0800] "GET /xingrg/javascript/jquery_tools/images/next.gif HTTP/1.1" 404 1086
222.70.107.161 - - [21/Sep/2023:11:29:27 +0800] "GET /xingrg/all/function/internal_message.html?_=1695266971207&CODE_STATE=getMsg HTTP/1.1" 200 27
114.83.216.51 - - [21/Sep/2023:11:29:28 +0800] "GET /xingrg/check_reg.html?_=1695266966344 HTTP/1.1" 200 22
114.83.216.51 - - [21/Sep/2023:11:29:28 +0800] "GET /xingrg/kc/buy/cgsh_order_operate.html?command=get_materiel&rest_code=00149&code=00102009595&supplier_code=00100151&order_time=2023-09-21 HTTP/1.1" 200 408
114.83.216.51 - - [21/Sep/2023:11:29:29 +0800] "GET /xingrg/all/function/internal_message.html?_=1695266968065&CODE_STATE=getMsg HTTP/1.1" 200 27
124.77.241.134 - - [21/Sep/2023:11:29:32 +0800] "GET /xingrg/kc/buy/cgsh_order_operate.html?command=get_materiel&rest_code=00146&code=00101016025&supplier_code=00100033&order_time=2023-09-21 HTTP/1.1" 200 408
124.78.155.92 - - [21/Sep/2023:11:29:32 +0800] "GET /xingrg/all/function/internal_message.html?_=1695266970002&CODE_STATE=getMsg HTTP/1.1" 200 27
180.169.147.146 - - [21/Sep/2023:11:29:36 +0800] "GET /xingrg/all/function/internal_message.html?_=1695266977439&CODE_STATE=getMsg HTTP/1.1" 200 27
116.228.172.122 - - [21/Sep/2023:11:29:38 +0800] "GET /xingrg/kc/buy/cgsh_order_operate.html?command=get_materiel&rest_code=00153&code=00101009049&supplier_code=00100476&order_time=2023-09-18 HTTP/1.1" 200 418
124.78.155.92 - - [21/Sep/2023:11:29:45 +0800] "GET /xingrg/all/function/internal_message.html?_=1695266987356&CODE_STATE=getMsg HTTP/1.1" 200 27
101.83.145.37 - - [21/Sep/2023:11:29:45 +0800] "GET /xingrg/all/function/internal_message.html?_=1695266985925&CODE_STATE=getMsg HTTP/1.1" 200 27
180.165.48.189 - - [21/Sep/2023:11:29:46 +0800] "GET /xingrg/all/function/internal_message.html?_=1695266985596&CODE_STATE=getMsg HTTP/1.1" 200 27
124.78.155.92 - - [21/Sep/2023:11:29:46 +0800] "GET /xingrg/check_reg.html?_=1695266988295 HTTP/1.1" 200 22
124.77.241.134 - - [21/Sep/2023:11:29:54 +0800] "GET /xingrg/all/function/internal_message.html?_=1695267004305&CODE_STATE=getMsg HTTP/1.1" 200 27
114.83.216.51 - - [21/Sep/2023:11:29:54 +0800] "GET /xingrg/kc/buy/cgsh_order_operate.html?command=get_materiel&rest_code=00149&code=00102010427&supplier_code=00100151&order_time=2023-09-21 HTTP/1.1" 200 414
124.77.241.134 - - [21/Sep/2023:11:29:55 +0800] "GET /xingrg/kc/buy/cgsh_order_operate.html?command=get_materiel&rest_code=00146&code=00101016105&supplier_code=00100033&order_time=2023-09-21 HTTP/1.1" 200 409
124.78.69.58 - - [21/Sep/2023:11:29:58 +0800] "GET /xingrg/check_reg.html?_=1695266428066 HTTP/1.1" 200 22
124.78.69.58 - - [21/Sep/2023:11:29:58 +0800] "GET /xingrg/all/function/internal_message.html?_=1695266428067&CODE_STATE=getMsg HTTP/1.1" 200 27
116.228.172.122 - - [21/Sep/2023:11:30:03 +0800] "GET /xingrg/all/function/internal_message.html?_=1695266648220&CODE_STATE=getMsg HTTP/1.1" 200 27
124.79.244.212 - - [21/Sep/2023:11:30:08 +0800] "GET /xingrg/check_reg.html?_=1695267006799 HTTP/1.1" 302 -
114.95.241.104 - - [21/Sep/2023:11:30:10 +0800] "GET /xingrg/all/function/internal_message.html?_=1695267008227&CODE_STATE=getMsg HTTP/1.1" 200 27
