116.230.116.69 - - [19/Sep/2023:08:34:38 +0800] "GET /xingrg/javascript/easyui/themes/default/validatebox.css HTTP/1.1" 404 1104
116.230.116.69 - - [19/Sep/2023:08:34:38 +0800] "GET /xingrg/javascript/easyui/plugins/jquery.validatebox.js HTTP/1.1" 304 -
116.230.116.69 - - [19/Sep/2023:08:34:38 +0800] "GET /xingrg/javascript/easyui/plugins/jquery.numberbox.js HTTP/1.1" 304 -
116.230.116.69 - - [19/Sep/2023:08:34:38 +0800] "GET /xingrg/all/common/auto_word.html?type=employee&rest_code=00146 HTTP/1.1" 200 101
116.230.116.69 - - [19/Sep/2023:08:34:38 +0800] "GET /xingrg/all/common/auto_word.html?type=employee&rest_code=00146 HTTP/1.1" 200 101
124.78.155.92 - - [19/Sep/2023:08:34:45 +0800] "GET /xingrg/kc/buy/cgsh_order_operate.html?command=get_materiel&rest_code=00106&code=00101006129&supplier_code=00100096&order_time=2023-09-19 HTTP/1.1" 200 440
116.230.116.69 - - [19/Sep/2023:08:34:47 +0800] "GET /xingrg/javascript/auto/indicator.gif HTTP/1.1" 404 1066
116.230.116.69 - - [19/Sep/2023:08:34:49 +0800] "GET /xingrg/javascript/jquery_tools/images/prev.gif HTTP/1.1" 404 1086
116.230.116.69 - - [19/Sep/2023:08:34:49 +0800] "GET /xingrg/javascript/jquery_tools/images/next.gif HTTP/1.1" 404 1086
116.230.116.69 - - [19/Sep/2023:08:35:05 +0800] "GET /xingrg/kc/buy/cgsh_order_operate.html?command=get_materiel&rest_code=00146&code=00101019738&supplier_code=00100005&order_time=2023-09-19 HTTP/1.1" 200 448
124.78.155.92 - - [19/Sep/2023:08:35:09 +0800] "GET /xingrg/kc/buy/cgsh_order_operate.html?command=get_materiel&rest_code=00106&code=00101006184&supplier_code=00100096&order_time=2023-09-19 HTTP/1.1" 200 427
162.142.125.221 - - [19/Sep/2023:08:35:12 +0800] "GET / HTTP/1.1" 404 -
162.142.125.221 - - [19/Sep/2023:08:35:13 +0800] "PRI * HTTP/2.0" 505 -
114.95.241.104 - - [19/Sep/2023:08:35:18 +0800] "POST /xingrg/kc/buy/cgsh_order_operate.html HTTP/1.1" 200 12
124.78.155.92 - - [19/Sep/2023:08:35:18 +0800] "POST /xingrg/kc/buy/cgsh_order_operate.html HTTP/1.1" 200 2065
114.95.241.104 - - [19/Sep/2023:08:35:20 +0800] "GET /xingrg/login.html HTTP/1.1" 200 7641
124.78.155.92 - - [19/Sep/2023:08:35:22 +0800] "GET /xingrg/all/function/internal_message.html?_=1695083720964&CODE_STATE=getMsg HTTP/1.1" 200 27
114.95.241.104 - - [19/Sep/2023:08:35:22 +0800] "GET /xingrg/images/blue/login_bg.png HTTP/1.1" 304 -
114.95.241.104 - - [19/Sep/2023:08:35:22 +0800] "GET /xingrg/images/blue/jxLogo.png HTTP/1.1" 304 -
114.95.241.104 - - [19/Sep/2023:08:35:22 +0800] "GET /xingrg/images/blue/hj.png HTTP/1.1" 304 -
114.95.241.104 - - [19/Sep/2023:08:35:22 +0800] "GET /xingrg/images/blue/srbg.png HTTP/1.1" 304 -
114.95.241.104 - - [19/Sep/2023:08:35:23 +0800] "GET /favicon.ico HTTP/1.1" 404 -
116.230.116.69 - - [19/Sep/2023:08:35:25 +0800] "GET /xingrg/all/function/internal_message.html?_=1695083726935&CODE_STATE=getMsg HTTP/1.1" 200 27
114.95.241.104 - - [19/Sep/2023:08:35:25 +0800] "POST /xingrg/login.do HTTP/1.1" 302 -
114.95.241.104 - - [19/Sep/2023:08:35:25 +0800] "GET /xingrg/index.html?sysBaseUrl=http%3A%2F%2F180.169.147.146%3A18081%2Fxingrg%2F&costTime=839×tamp=1695083725562 HTTP/1.1" 200 17179
114.95.241.104 - - [19/Sep/2023:08:35:25 +0800] "GET /xingrg/javascript/jquery_easy_ui/themes/default/easyui.css HTTP/1.1" 304 -
114.95.241.104 - - [19/Sep/2023:08:35:25 +0800] "GET /xingrg/javascript/jquery_easy_ui/themes/icon.css HTTP/1.1" 304 -
114.95.241.104 - - [19/Sep/2023:08:35:25 +0800] "GET /xingrg/css/form.css HTTP/1.1" 304 -
114.95.241.104 - - [19/Sep/2023:08:35:25 +0800] "GET /xingrg/javascript/jquery-1.4.2.min.js HTTP/1.1" 304 -
114.95.241.104 - - [19/Sep/2023:08:35:25 +0800] "GET /xingrg/javascript/jquery_easy_ui/easyui-lang-zh_CN.js HTTP/1.1" 304 -
114.95.241.104 - - [19/Sep/2023:08:35:25 +0800] "GET /xingrg/javascript/jquery_easy_ui/jquery.easyui.min.js HTTP/1.1" 304 -
114.95.241.104 - - [19/Sep/2023:08:35:25 +0800] "GET /xingrg/javascript/jquery.utils.js HTTP/1.1" 304 -
114.95.241.104 - - [19/Sep/2023:08:35:25 +0800] "GET /xingrg/javascript/jquery.form.js HTTP/1.1" 304 -
114.95.241.104 - - [19/Sep/2023:08:35:25 +0800] "GET /xingrg/javascript/jquery.timers.js HTTP/1.1" 304 -
114.95.241.104 - - [19/Sep/2023:08:35:26 +0800] "POST /xingrg/all/common/load_tree.html?tree=area_rest_tree_json&manage=1 HTTP/1.1" 200 476
114.95.241.104 - - [19/Sep/2023:08:35:27 +0800] "GET /xingrg/check_reg.html?_=1695083602820 HTTP/1.1" 200 22
114.95.241.104 - - [19/Sep/2023:08:35:27 +0800] "GET /favicon.ico HTTP/1.1" 404 -
114.95.241.104 - - [19/Sep/2023:08:35:27 +0800] "GET /xingrg/all/function/internal_message.html?_=1695083602819&CODE_STATE=count HTTP/1.1" 200 11
114.95.241.104 - - [19/Sep/2023:08:35:27 +0800] "POST /xingrg/load_menu.html HTTP/1.1" 200 5138
114.95.241.104 - - [19/Sep/2023:08:35:27 +0800] "GET /xingrg/kc/buy/cgsh_order_info.html?code=212023091907530 HTTP/1.1" 200 72404
114.95.241.104 - - [19/Sep/2023:08:35:28 +0800] "GET /xingrg/javascript/easyui/themes/default/validatebox.css HTTP/1.1" 404 1104
120.253.135.82 - - [19/Sep/2023:08:35:28 +0800] "GET /xingrg/all/function/internal_message.html?_=1695083869203&CODE_STATE=getMsg HTTP/1.1" 200 27
114.95.241.104 - - [19/Sep/2023:08:35:29 +0800] "POST /xingrg/kc/buy/cgsh_order_operate.html HTTP/1.1" 200 3843
114.95.241.104 - - [19/Sep/2023:08:35:30 +0800] "GET /xingrg/javascript/jquery_easy_ui/themes/default/images/tabs_close.gif HTTP/1.1" 304 -
114.95.241.104 - - [19/Sep/2023:08:35:30 +0800] "GET /xingrg/kc/buy/cgsh_order_list.html HTTP/1.1" 200 56585
114.95.241.104 - - [19/Sep/2023:08:35:31 +0800] "GET /xingrg/css/site.css HTTP/1.1" 304 -
114.95.241.104 - - [19/Sep/2023:08:35:31 +0800] "GET /xingrg/css/base.css HTTP/1.1" 304 -
114.95.241.104 - - [19/Sep/2023:08:35:31 +0800] "GET /xingrg/javascript/jquery_tools/datebox.css HTTP/1.1" 304 -
114.95.241.104 - - [19/Sep/2023:08:35:31 +0800] "GET /xingrg/javascript/easyui/themes/default/easyui.css HTTP/1.1" 304 -
114.95.241.104 - - [19/Sep/2023:08:35:31 +0800] "GET /xingrg/javascript/easyui/themes/icon.css HTTP/1.1" 304 -
114.95.241.104 - - [19/Sep/2023:08:35:31 +0800] "GET /xingrg/javascript/jquery_tools/fix.css HTTP/1.1" 304 -
114.95.241.104 - - [19/Sep/2023:08:35:31 +0800] "GET /xingrg/javascript/auto/jquery.autocomplete.css HTTP/1.1" 304 -
114.95.241.104 - - [19/Sep/2023:08:35:31 +0800] "GET /xingrg/javascript/jquery_tools/table.css HTTP/1.1" 304 -
114.95.241.104 - - [19/Sep/2023:08:35:31 +0800] "GET /xingrg/javascript/jquery_tools/jquery.tools.min.js HTTP/1.1" 304 -
114.95.241.104 - - [19/Sep/2023:08:35:31 +0800] "GET /xingrg/javascript/jquery_tools/jquery.tools.hotkey.js HTTP/1.1" 304 -
114.95.241.104 - - [19/Sep/2023:08:35:31 +0800] "GET /xingrg/javascript/jquery_tools/jquery.tools.table.js HTTP/1.1" 304 -
114.95.241.104 - - [19/Sep/2023:08:35:31 +0800] "GET /xingrg/javascript/jquery_tools/list_manager.js HTTP/1.1" 304 -
114.95.241.104 - - [19/Sep/2023:08:35:31 +0800] "GET /xingrg/javascript/jquery_tools/jquery.tools.extend.js HTTP/1.1" 304 -
114.95.241.104 - - [19/Sep/2023:08:35:31 +0800] "GET /xingrg/javascript/auto/jquery.autocomplete.js HTTP/1.1" 304 -
114.95.241.104 - - [19/Sep/2023:08:35:31 +0800] "GET /xingrg/javascript/easyui/easyloader.js HTTP/1.1" 304 -
114.95.241.104 - - [19/Sep/2023:08:35:31 +0800] "GET /xingrg/javascript/jquery.cookie.js HTTP/1.1" 304 -
114.95.241.104 - - [19/Sep/2023:08:35:31 +0800] "GET /xingrg/javascript/print/LodopFuncs.js HTTP/1.1" 304 -
114.95.241.104 - - [19/Sep/2023:08:35:32 +0800] "GET /xingrg/javascript/easyui/plugins/jquery.parser.js HTTP/1.1" 304 -
114.95.241.104 - - [19/Sep/2023:08:35:33 +0800] "GET /xingrg/check_reg.html?_=1695083731410 HTTP/1.1" 200 22
114.95.241.104 - - [19/Sep/2023:08:35:34 +0800] "GET /xingrg/all/function/internal_message.html?_=1695083732474&CODE_STATE=getMsg HTTP/1.1" 200 27
114.95.241.104 - - [19/Sep/2023:08:35:35 +0800] "POST /xingrg/kc/buy/cgsh_list_operate.html HTTP/1.1" 200 1852
114.95.241.104 - - [19/Sep/2023:08:35:38 +0800] "GET /xingrg/kc/buy/cgsh_order_add.html HTTP/1.1" 200 72417
114.95.241.104 - - [19/Sep/2023:08:35:38 +0800] "GET /xingrg/javascript/pic_change.js HTTP/1.1" 304 -
114.95.241.104 - - [19/Sep/2023:08:35:38 +0800] "GET /xingrg/javascript/jquery_tools/order_manager.js HTTP/1.1" 304 -
114.95.241.104 - - [19/Sep/2023:08:35:38 +0800] "GET /xingrg/javascript/convert.js HTTP/1.1" 304 -
114.95.241.104 - - [19/Sep/2023:08:35:38 +0800] "GET /xingrg/javascript/json2.js HTTP/1.1" 304 -
114.95.241.104 - - [19/Sep/2023:08:35:38 +0800] "GET /xingrg/javascript/print/kc_print.js HTTP/1.1" 304 -
114.95.241.104 - - [19/Sep/2023:08:35:38 +0800] "GET /xingrg/words/20230918165522_words.js HTTP/1.1" 304 -
114.95.241.104 - - [19/Sep/2023:08:35:38 +0800] "POST /xingrg/kc/buy/cgsh_order_operate.html HTTP/1.1" 200 8245
124.78.155.92 - - [19/Sep/2023:08:35:39 +0800] "GET /xingrg/kc/buy/cgsh_order_operate.html?command=get_materiel&rest_code=00106&code=00101007090&supplier_code=00100096&order_time=2023-09-19 HTTP/1.1" 200 413
114.95.241.104 - - [19/Sep/2023:08:35:39 +0800] "GET /xingrg/javascript/easyui/themes/default/validatebox.css HTTP/1.1" 404 1104
114.95.241.104 - - [19/Sep/2023:08:35:39 +0800] "GET /xingrg/all/common/auto_word.html?type=employee&rest_code=00150 HTTP/1.1" 200 159
114.95.241.104 - - [19/Sep/2023:08:35:39 +0800] "GET /xingrg/javascript/easyui/plugins/jquery.validatebox.js HTTP/1.1" 304 -
114.95.241.104 - - [19/Sep/2023:08:35:39 +0800] "GET /xingrg/all/common/auto_word.html?type=employee&rest_code=00150 HTTP/1.1" 200 159
114.95.241.104 - - [19/Sep/2023:08:35:39 +0800] "GET /xingrg/javascript/easyui/plugins/jquery.numberbox.js HTTP/1.1" 304 -
116.230.116.69 - - [19/Sep/2023:08:35:40 +0800] "GET /xingrg/kc/buy/cgsh_order_operate.html?command=get_materiel&rest_code=00146&code=00101008450&supplier_code=00100005&order_time=2023-09-19 HTTP/1.1" 200 405
180.163.29.103 - - [19/Sep/2023:08:35:42 +0800] "GET /xingrg/kc/buy/cgsh_order_operate.html?command=get_materiel&rest_code=00106&code=00101006129&supplier_code=00100096&order_time=2023-09-19 HTTP/1.1" 302 -
180.163.29.103 - - [19/Sep/2023:08:35:42 +0800] "GET /xingrg/login.html HTTP/1.1" 200 7641
114.95.241.104 - - [19/Sep/2023:08:35:43 +0800] "GET /xingrg/javascript/auto/indicator.gif HTTP/1.1" 404 1066
114.95.241.104 - - [19/Sep/2023:08:35:55 +0800] "GET /xingrg/kc/buy/cgsh_order_operate.html?command=get_materiel&rest_code=00150&code=00101008091&supplier_code=00100008&order_time=2023-09-19 HTTP/1.1" 200 413
114.95.241.104 - - [19/Sep/2023:08:36:09 +0800] "GET /xingrg/kc/buy/cgsh_order_operate.html?command=get_materiel&rest_code=00150&code=00101008261&supplier_code=00100008&order_time=2023-09-19 HTTP/1.1" 200 408
114.95.241.104 - - [19/Sep/2023:08:36:13 +0800] "POST /xingrg/all/user/operate.html HTTP/1.1" 200 36
124.78.155.92 - - [19/Sep/2023:08:36:13 +0800] "GET /xingrg/kc/buy/cgsh_order_operate.html?command=get_materiel&rest_code=00106&code=00101007027&supplier_code=00100096&order_time=2023-09-19 HTTP/1.1" 200 427
114.95.241.104 - - [19/Sep/2023:08:36:13 +0800] "GET /xingrg/index.html?sysBaseUrl=http%3A%2F%2F180.169.147.146%3A18081%2Fxingrg%2F&costTime=885×tamp=1695034416931 HTTP/1.1" 200 17177
114.95.241.104 - - [19/Sep/2023:08:36:13 +0800] "GET /xingrg/javascript/jquery_easy_ui/themes/default/easyui.css HTTP/1.1" 304 -
114.95.241.104 - - [19/Sep/2023:08:36:13 +0800] "GET /xingrg/javascript/jquery_easy_ui/themes/icon.css HTTP/1.1" 304 -
114.95.241.104 - - [19/Sep/2023:08:36:13 +0800] "GET /xingrg/css/form.css HTTP/1.1" 304 -
114.95.241.104 - - [19/Sep/2023:08:36:13 +0800] "GET /xingrg/javascript/jquery-1.4.2.min.js HTTP/1.1" 304 -
114.95.241.104 - - [19/Sep/2023:08:36:13 +0800] "GET /xingrg/javascript/jquery_easy_ui/jquery.easyui.min.js HTTP/1.1" 304 -
114.95.241.104 - - [19/Sep/2023:08:36:13 +0800] "GET /xingrg/javascript/jquery_easy_ui/easyui-lang-zh_CN.js HTTP/1.1" 304 -
114.95.241.104 - - [19/Sep/2023:08:36:13 +0800] "GET /xingrg/javascript/jquery.form.js HTTP/1.1" 304 -
114.95.241.104 - - [19/Sep/2023:08:36:13 +0800] "GET /xingrg/javascript/jquery.utils.js HTTP/1.1" 304 -
114.95.241.104 - - [19/Sep/2023:08:36:13 +0800] "GET /xingrg/javascript/jquery.timers.js HTTP/1.1" 304 -
114.95.241.104 - - [19/Sep/2023:08:36:13 +0800] "GET /xingrg/images/blue/jxLogo.png HTTP/1.1" 304 -
114.95.241.104 - - [19/Sep/2023:08:36:13 +0800] "GET /xingrg/images/blue/navBackgound.jpg HTTP/1.1" 304 -
114.95.241.104 - - [19/Sep/2023:08:36:13 +0800] "GET /xingrg/javascript/jquery_easy_ui/themes/icons/settle_new.png HTTP/1.1" 304 -
114.95.241.104 - - [19/Sep/2023:08:36:13 +0800] "GET /xingrg/all/function/internal_message.html?_=1695083772116&CODE_STATE=count HTTP/1.1" 200 11
114.95.241.104 - - [19/Sep/2023:08:36:13 +0800] "GET /xingrg/javascript/jquery_easy_ui/themes/default/images/tabs_leftarrow.png HTTP/1.1" 304 -
114.95.241.104 - - [19/Sep/2023:08:36:13 +0800] "GET /xingrg/images/blue/pingpu.png HTTP/1.1" 304 -
114.95.241.104 - - [19/Sep/2023:08:36:13 +0800] "GET /xingrg/javascript/jquery_easy_ui/themes/default/images/tabs_rightarrow.png HTTP/1.1" 304 -
114.95.241.104 - - [19/Sep/2023:08:36:13 +0800] "GET /xingrg/javascript/jquery_easy_ui/themes/default/images/panel_tool_collapse.gif HTTP/1.1" 304 -
114.95.241.104 - - [19/Sep/2023:08:36:13 +0800] "GET /xingrg/check_reg.html?_=1695083772118 HTTP/1.1" 200 22
114.95.241.104 - - [19/Sep/2023:08:36:13 +0800] "POST /xingrg/all/common/load_tree.html?tree=area_rest_tree_json&manage=1 HTTP/1.1" 200 476
114.95.241.104 - - [19/Sep/2023:08:36:14 +0800] "POST /xingrg/load_menu.html HTTP/1.1" 200 5138
114.95.241.104 - - [19/Sep/2023:08:36:18 +0800] "GET /xingrg/kc/buy/cgsh_order_list.html HTTP/1.1" 200 56583
114.95.241.104 - - [19/Sep/2023:08:36:18 +0800] "GET /xingrg/kc/buy/cgsh_order_operate.html?command=get_materiel&rest_code=00150&code=00101008132&supplier_code=00100008&order_time=2023-09-19 HTTP/1.1" 200 408
114.95.241.104 - - [19/Sep/2023:08:36:20 +0800] "POST /xingrg/kc/buy/cgsh_list_operate.html HTTP/1.1" 200 986
114.95.241.104 - - [19/Sep/2023:08:36:21 +0800] "GET /xingrg/kc/buy/cgsh_order_add.html HTTP/1.1" 200 71959
124.78.155.92 - - [19/Sep/2023:08:36:22 +0800] "GET /xingrg/all/function/internal_message.html?_=1695083780960&CODE_STATE=getMsg HTTP/1.1" 200 27
180.163.30.100 - - [19/Sep/2023:08:36:22 +0800] "GET /xingrg/all/function/internal_message.html?_=1695083720964&CODE_STATE=getMsg HTTP/1.1" 302 -
180.163.30.100 - - [19/Sep/2023:08:36:22 +0800] "GET /xingrg/login.html HTTP/1.1" 200 7641
114.95.241.104 - - [19/Sep/2023:08:36:22 +0800] "POST /xingrg/kc/buy/cgsh_order_operate.html HTTP/1.1" 200 8245
114.95.241.104 - - [19/Sep/2023:08:36:22 +0800] "GET /xingrg/javascript/easyui/themes/default/validatebox.css HTTP/1.1" 404 1104
114.95.241.104 - - [19/Sep/2023:08:36:22 +0800] "GET /xingrg/all/common/auto_word.html?type=employee&rest_code=00151 HTTP/1.1" 200 293
114.95.241.104 - - [19/Sep/2023:08:36:22 +0800] "GET /xingrg/all/common/auto_word.html?type=employee&rest_code=00151 HTTP/1.1" 200 293
114.95.241.104 - - [19/Sep/2023:08:36:23 +0800] "GET /xingrg/javascript/auto/indicator.gif HTTP/1.1" 404 1066
116.230.116.69 - - [19/Sep/2023:08:36:25 +0800] "GET /xingrg/all/function/internal_message.html?_=1695083786949&CODE_STATE=getMsg HTTP/1.1" 200 27
114.95.241.104 - - [19/Sep/2023:08:36:27 +0800] "GET /xingrg/all/function/internal_message.html?_=1695083662827&CODE_STATE=getMsg HTTP/1.1" 200 27
120.253.135.82 - - [19/Sep/2023:08:36:28 +0800] "GET /xingrg/all/function/internal_message.html?_=1695083929208&CODE_STATE=getMsg HTTP/1.1" 200 27
114.95.241.104 - - [19/Sep/2023:08:36:28 +0800] "GET /xingrg/kc/buy/cgsh_order_operate.html?command=get_materiel&rest_code=00150&code=00101008037&supplier_code=00100008&order_time=2023-09-19 HTTP/1.1" 200 415
116.230.116.69 - - [19/Sep/2023:08:36:32 +0800] "GET /xingrg/kc/buy/cgsh_order_operate.html?command=get_materiel&rest_code=00146&code=00101008403&supplier_code=00100005&order_time=2023-09-19 HTTP/1.1" 200 412
124.78.155.92 - - [19/Sep/2023:08:36:38 +0800] "POST /xingrg/kc/buy/cgsh_order_operate.html HTTP/1.1" 200 37
114.95.241.104 - - [19/Sep/2023:08:36:39 +0800] "GET /xingrg/kc/buy/cgsh_order_operate.html?command=get_materiel&rest_code=00151&code=00101008084&supplier_code=00100096&order_time=2023-09-19 HTTP/1.1" 200 412
114.95.241.104 - - [19/Sep/2023:08:36:44 +0800] "GET /xingrg/kc/buy/cgsh_order_operate.html?command=get_materiel&rest_code=00150&code=00101008331&supplier_code=00100008&order_time=2023-09-19 HTTP/1.1" 200 416
116.230.116.69 - - [19/Sep/2023:08:36:45 +0800] "GET /xingrg/kc/buy/cgsh_order_operate.html?command=get_materiel&rest_code=00146&code=00101008087&supplier_code=00100005&order_time=2023-09-19 HTTP/1.1" 200 412
114.95.241.104 - - [19/Sep/2023:08:36:54 +0800] "GET /xingrg/kc/buy/cgsh_order_operate.html?command=get_materiel&rest_code=00151&code=00101012039&supplier_code=00100096&order_time=2023-09-19 HTTP/1.1" 200 408
114.95.241.104 - - [19/Sep/2023:08:36:55 +0800] "GET /xingrg/kc/buy/cgsh_order_operate.html?command=get_materiel&rest_code=00150&code=00101008244&supplier_code=00100008&order_time=2023-09-19 HTTP/1.1" 200 408
116.230.116.69 - - [19/Sep/2023:08:36:56 +0800] "GET /xingrg/kc/buy/cgsh_order_operate.html?command=get_materiel&rest_code=00146&code=00101008361&supplier_code=00100005&order_time=2023-09-19 HTTP/1.1" 200 408
114.95.241.104 - - [19/Sep/2023:08:37:06 +0800] "GET /xingrg/kc/buy/cgsh_order_operate.html?command=get_materiel&rest_code=00150&code=00101008354&supplier_code=00100008&order_time=2023-09-19 HTTP/1.1" 200 412
124.78.155.92 - - [19/Sep/2023:08:37:11 +0800] "POST /xingrg/kc/buy/cgsh_order_operate.html HTTP/1.1" 200 8659
114.95.241.104 - - [19/Sep/2023:08:37:13 +0800] "GET /xingrg/all/function/internal_message.html?_=1695083832164&CODE_STATE=getMsg HTTP/1.1" 200 27
114.95.241.104 - - [19/Sep/2023:08:37:16 +0800] "GET /xingrg/kc/buy/cgsh_order_operate.html?command=get_materiel&rest_code=00150&code=00101008612&supplier_code=00100008&order_time=2023-09-19 HTTP/1.1" 200 420
114.95.241.104 - - [19/Sep/2023:08:37:16 +0800] "GET /xingrg/kc/buy/cgsh_order_operate.html?command=get_materiel&rest_code=00151&code=00101012060&supplier_code=00100096&order_time=2023-09-19 HTTP/1.1" 200 408
124.78.155.92 - - [19/Sep/2023:08:37:21 +0800] "GET /xingrg/all/function/internal_message.html?_=1695083840923&CODE_STATE=getMsg HTTP/1.1" 200 27
116.230.116.69 - - [19/Sep/2023:08:37:25 +0800] "GET /xingrg/all/function/internal_message.html?_=1695083846996&CODE_STATE=getMsg HTTP/1.1" 200 27
114.95.241.104 - - [19/Sep/2023:08:37:26 +0800] "GET /xingrg/kc/buy/cgsh_order_operate.html?command=get_materiel&rest_code=00151&code=00101016025&supplier_code=00100096&order_time=2023-09-19 HTTP/1.1" 200 410
114.95.241.104 - - [19/Sep/2023:08:37:26 +0800] "GET /xingrg/kc/buy/cgsh_order_operate.html?command=get_materiel&rest_code=00150&code=00101008308&supplier_code=00100008&order_time=2023-09-19 HTTP/1.1" 200 420
114.95.241.104 - - [19/Sep/2023:08:37:27 +0800] "GET /xingrg/all/function/internal_message.html?_=1695083722841&CODE_STATE=getMsg HTTP/1.1" 200 27
120.253.135.82 - - [19/Sep/2023:08:37:28 +0800] "GET /xingrg/all/function/internal_message.html?_=1695083989207&CODE_STATE=getMsg HTTP/1.1" 200 27
180.152.241.196 - - [19/Sep/2023:08:37:29 +0800] "GET /xingrg/check_reg.html?_=1695083850149 HTTP/1.1" 200 22
180.152.241.196 - - [19/Sep/2023:08:37:29 +0800] "GET /xingrg/all/function/internal_message.html?_=1695083850148&CODE_STATE=getMsg HTTP/1.1" 200 27
116.230.116.69 - - [19/Sep/2023:08:37:31 +0800] "GET /xingrg/kc/buy/cgsh_order_operate.html?command=get_materiel&rest_code=00146&code=00101008355&supplier_code=00100005&order_time=2023-09-19 HTTP/1.1" 200 408
124.78.155.92 - - [19/Sep/2023:08:37:35 +0800] "GET /xingrg/kc/print/load_data.html?order_code=212023091907531&kc_code=cgsh HTTP/1.1" 200 2956
114.95.241.104 - - [19/Sep/2023:08:37:36 +0800] "GET /xingrg/kc/buy/cgsh_order_operate.html?command=get_materiel&rest_code=00150&code=00101008096&supplier_code=00100008&order_time=2023-09-19 HTTP/1.1" 200 412
114.95.241.104 - - [19/Sep/2023:08:37:47 +0800] "GET /xingrg/kc/buy/cgsh_order_operate.html?command=get_materiel&rest_code=00150&code=00101008283&supplier_code=00100008&order_time=2023-09-19 HTTP/1.1" 200 408
114.95.241.104 - - [19/Sep/2023:08:37:50 +0800] "GET /xingrg/kc/buy/cgsh_order_operate.html?command=get_materiel&rest_code=00151&code=00101016038&supplier_code=00100096&order_time=2023-09-19 HTTP/1.1" 200 408
116.230.116.69 - - [19/Sep/2023:08:37:50 +0800] "POST /xingrg/services/DataTransmitService HTTP/1.1" 200 524
116.230.116.69 - - [19/Sep/2023:08:37:55 +0800] "POST /xingrg/kc/buy/cgsh_order_operate.html HTTP/1.1" 200 37
116.230.116.69 - - [19/Sep/2023:08:37:57 +0800] "POST /xingrg/kc/buy/cgsh_order_operate.html HTTP/1.1" 200 5018
114.95.241.104 - - [19/Sep/2023:08:37:59 +0800] "GET /xingrg/kc/buy/cgsh_order_operate.html?command=get_materiel&rest_code=00150&code=00101008163&supplier_code=00100008&order_time=2023-09-19 HTTP/1.1" 200 409
114.95.241.104 - - [19/Sep/2023:08:37:59 +0800] "GET /xingrg/kc/buy/cgsh_order_operate.html?command=get_materiel&rest_code=00151&code=00101016051&supplier_code=00100096&order_time=2023-09-19 HTTP/1.1" 200 408
116.230.116.69 - - [19/Sep/2023:08:38:04 +0800] "GET /xingrg/kc/buy/cgsh_order_operate.html?command=get_materiel&rest_code=00146&code=00101008321&supplier_code=00100005&order_time=2023-09-19 HTTP/1.1" 200 412
114.95.241.104 - - [19/Sep/2023:08:38:10 +0800] "GET /xingrg/kc/buy/cgsh_order_operate.html?command=get_materiel&rest_code=00150&code=00101008190&supplier_code=00100008&order_time=2023-09-19 HTTP/1.1" 200 412
114.95.241.104 - - [19/Sep/2023:08:38:13 +0800] "GET /xingrg/all/function/internal_message.html?_=1695083892144&CODE_STATE=getMsg HTTP/1.1" 200 27
116.230.116.69 - - [19/Sep/2023:08:38:16 +0800] "GET /xingrg/kc/buy/cgsh_order_operate.html?command=get_materiel&rest_code=00146&code=00101008137&supplier_code=00100005&order_time=2023-09-19 HTTP/1.1" 200 408
114.95.241.104 - - [19/Sep/2023:08:38:19 +0800] "GET /xingrg/kc/buy/cgsh_order_operate.html?command=get_materiel&rest_code=00150&code=00101008063&supplier_code=00100008&order_time=2023-09-19 HTTP/1.1" 200 415
114.95.241.104 - - [19/Sep/2023:08:38:20 +0800] "GET /xingrg/kc/buy/cgsh_order_operate.html?command=get_materiel&rest_code=00151&code=00101012051&supplier_code=00100096&order_time=2023-09-19 HTTP/1.1" 200 408
124.78.155.92 - - [19/Sep/2023:08:38:21 +0800] "GET /xingrg/check_reg.html?_=1695083900926 HTTP/1.1" 200 22
124.78.155.92 - - [19/Sep/2023:08:38:22 +0800] "GET /xingrg/all/function/internal_message.html?_=1695083900928&CODE_STATE=getMsg HTTP/1.1" 200 27
116.230.116.69 - - [19/Sep/2023:08:38:25 +0800] "GET /xingrg/all/function/internal_message.html?_=1695083907006&CODE_STATE=getMsg HTTP/1.1" 200 27
114.95.241.104 - - [19/Sep/2023:08:38:27 +0800] "GET /xingrg/all/function/internal_message.html?_=1695083782855&CODE_STATE=getMsg HTTP/1.1" 200 27
120.253.135.82 - - [19/Sep/2023:08:38:28 +0800] "GET /xingrg/all/function/internal_message.html?_=1695084049227&CODE_STATE=getMsg HTTP/1.1" 200 27
114.95.241.104 - - [19/Sep/2023:08:38:29 +0800] "GET /xingrg/kc/buy/cgsh_order_operate.html?command=get_materiel&rest_code=00151&code=00101012059&supplier_code=00100096&order_time=2023-09-19 HTTP/1.1" 200 412
116.230.116.69 - - [19/Sep/2023:08:38:29 +0800] "GET /xingrg/kc/buy/cgsh_order_operate.html?command=get_materiel&rest_code=00146&code=00101008357&supplier_code=00100005&order_time=2023-09-19 HTTP/1.1" 200 408
180.152.241.196 - - [19/Sep/2023:08:38:29 +0800] "GET /xingrg/all/function/internal_message.html?_=1695083910122&CODE_STATE=getMsg HTTP/1.1" 200 27
114.95.241.104 - - [19/Sep/2023:08:38:38 +0800] "GET /xingrg/kc/buy/cgsh_order_operate.html?command=get_materiel&rest_code=00150&code=00101008370&supplier_code=00100008&order_time=2023-09-19 HTTP/1.1" 200 412
116.230.116.69 - - [19/Sep/2023:08:38:43 +0800] "GET /xingrg/kc/buy/cgsh_order_operate.html?command=get_materiel&rest_code=00146&code=00101008244&supplier_code=00100005&order_time=2023-09-19 HTTP/1.1" 200 408
114.95.241.104 - - [19/Sep/2023:08:38:49 +0800] "GET /xingrg/kc/buy/cgsh_order_operate.html?command=get_materiel&rest_code=00150&code=00101008126&supplier_code=00100008&order_time=2023-09-19 HTTP/1.1" 200 412
116.230.116.69 - - [19/Sep/2023:08:38:55 +0800] "POST /xingrg/kc/buy/cgsh_order_operate.html HTTP/1.1" 200 37
116.230.116.69 - - [19/Sep/2023:08:38:57 +0800] "POST /xingrg/kc/buy/cgsh_order_operate.html HTTP/1.1" 200 7383
124.78.155.92 - - [19/Sep/2023:08:39:04 +0800] "POST /xingrg/kc/buy/cgsh_order_operate.html HTTP/1.1" 200 37
114.95.241.104 - - [19/Sep/2023:08:39:10 +0800] "GET /xingrg/kc/buy/cgsh_order_operate.html?command=get_materiel&rest_code=00151&code=00101010711&supplier_code=00100096&order_time=2023-09-19 HTTP/1.1" 200 427
114.95.241.104 - - [19/Sep/2023:08:39:10 +0800] "GET /xingrg/kc/buy/cgsh_order_operate.html?command=get_materiel&rest_code=00150&code=00101008361&supplier_code=00100008&order_time=2023-09-19 HTTP/1.1" 200 408
116.230.116.69 - - [19/Sep/2023:08:39:11 +0800] "GET /xingrg/kc/buy/cgsh_order_operate.html?command=get_materiel&rest_code=00146&code=00101008176&supplier_code=00100005&order_time=2023-09-19 HTTP/1.1" 200 413
114.95.241.104 - - [19/Sep/2023:08:39:13 +0800] "GET /xingrg/all/function/internal_message.html?_=1695083952129&CODE_STATE=getMsg HTTP/1.1" 200 27
124.78.155.92 - - [19/Sep/2023:08:39:21 +0800] "GET /xingrg/all/function/internal_message.html?_=1695083960916&CODE_STATE=getMsg HTTP/1.1" 200 27
114.95.241.104 - - [19/Sep/2023:08:39:24 +0800] "GET /xingrg/kc/buy/cgsh_order_operate.html?command=get_materiel&rest_code=00150&code=00101008355&supplier_code=00100008&order_time=2023-09-19 HTTP/1.1" 200 408
116.230.116.69 - - [19/Sep/2023:08:39:25 +0800] "GET /xingrg/check_reg.html?_=1695083966912 HTTP/1.1" 200 22
116.230.116.69 - - [19/Sep/2023:08:39:25 +0800] "GET /xingrg/all/function/internal_message.html?_=1695083967020&CODE_STATE=getMsg HTTP/1.1" 200 27
114.95.241.104 - - [19/Sep/2023:08:39:25 +0800] "GET /xingrg/kc/buy/cgsh_order_operate.html?command=get_materiel&rest_code=00151&code=00101007048&supplier_code=00100096&order_time=2023-09-19 HTTP/1.1" 200 408
124.78.155.92 - - [19/Sep/2023:08:39:25 +0800] "POST /xingrg/kc/buy/cgsh_order_operate.html HTTP/1.1" 200 12
114.95.241.104 - - [19/Sep/2023:08:39:27 +0800] "GET /xingrg/all/function/internal_message.html?_=1695083842868&CODE_STATE=getMsg HTTP/1.1" 200 27
124.78.155.92 - - [19/Sep/2023:08:39:28 +0800] "GET /xingrg/kc/buy/cgsh_order_info.html?code=212023091907531 HTTP/1.1" 200 67262
120.253.135.82 - - [19/Sep/2023:08:39:28 +0800] "GET /xingrg/all/function/internal_message.html?_=1695084109225&CODE_STATE=getMsg HTTP/1.1" 200 27
120.253.135.82 - - [19/Sep/2023:08:39:28 +0800] "GET /xingrg/check_reg.html?_=1695084109227 HTTP/1.1" 200 22
124.78.155.92 - - [19/Sep/2023:08:39:28 +0800] "GET /xingrg/javascript/easyui/themes/default/validatebox.css HTTP/1.1" 404 1104
180.152.241.196 - - [19/Sep/2023:08:39:29 +0800] "GET /xingrg/all/function/internal_message.html?_=1695083970107&CODE_STATE=getMsg HTTP/1.1" 200 27
124.78.155.92 - - [19/Sep/2023:08:39:29 +0800] "POST /xingrg/kc/buy/cgsh_order_operate.html HTTP/1.1" 200 6584
114.95.241.104 - - [19/Sep/2023:08:39:35 +0800] "GET /xingrg/kc/buy/cgsh_order_operate.html?command=get_materiel&rest_code=00150&code=00101008144&supplier_code=00100008&order_time=2023-09-19 HTTP/1.1" 200 412
124.78.155.92 - - [19/Sep/2023:08:39:37 +0800] "GET /xingrg/kc/print/load_data.html?order_code=212023091907531&kc_code=cgsh&condition= HTTP/1.1" 200 2988
116.230.116.69 - - [19/Sep/2023:08:39:46 +0800] "GET /xingrg/kc/buy/cgsh_order_operate.html?command=get_materiel&rest_code=00146&code=00101008027&supplier_code=00100005&order_time=2023-09-19 HTTP/1.1" 200 409
114.95.241.104 - - [19/Sep/2023:08:39:49 +0800] "GET /xingrg/kc/buy/cgsh_order_operate.html?command=get_materiel&rest_code=00150&code=00101008372&supplier_code=00100008&order_time=2023-09-19 HTTP/1.1" 200 408
116.230.116.69 - - [19/Sep/2023:08:39:59 +0800] "GET /xingrg/kc/buy/cgsh_order_operate.html?command=get_materiel&rest_code=00146&code=00101008112&supplier_code=00100005&order_time=2023-09-19 HTTP/1.1" 200 412
114.95.241.104 - - [19/Sep/2023:08:40:01 +0800] "GET /xingrg/kc/buy/cgsh_order_operate.html?command=get_materiel&rest_code=00150&code=00101008264&supplier_code=00100008&order_time=2023-09-19 HTTP/1.1" 200 412
114.95.241.104 - - [19/Sep/2023:08:40:07 +0800] "POST /xingrg/kc/buy/cgsh_order_operate.html HTTP/1.1" 200 37
114.95.241.104 - - [19/Sep/2023:08:40:13 +0800] "GET /xingrg/all/function/internal_message.html?_=1695084012135&CODE_STATE=getMsg HTTP/1.1" 200 27
114.95.241.104 - - [19/Sep/2023:08:40:17 +0800] "POST /xingrg/kc/buy/cgsh_order_operate.html HTTP/1.1" 200 37
114.95.241.104 - - [19/Sep/2023:08:40:18 +0800] "POST /xingrg/kc/buy/cgsh_order_operate.html HTTP/1.1" 200 12
116.230.116.69 - - [19/Sep/2023:08:40:19 +0800] "GET /xingrg/kc/buy/cgsh_order_operate.html?command=get_materiel&rest_code=00146&code=00101008354&supplier_code=00100005&order_time=2023-09-19 HTTP/1.1" 200 412
114.95.241.104 - - [19/Sep/2023:08:40:19 +0800] "POST /xingrg/kc/buy/cgsh_order_operate.html HTTP/1.1" 200 13911
114.95.241.104 - - [19/Sep/2023:08:40:24 +0800] "GET /xingrg/kc/buy/cgsh_order_info.html?code=212023091907533 HTTP/1.1" 200 66858
114.95.241.104 - - [19/Sep/2023:08:40:25 +0800] "GET /xingrg/javascript/easyui/themes/default/validatebox.css HTTP/1.1" 404 1104
116.230.116.69 - - [19/Sep/2023:08:40:25 +0800] "GET /xingrg/all/function/internal_message.html?_=1695084027035&CODE_STATE=getMsg HTTP/1.1" 200 27
114.95.241.104 - - [19/Sep/2023:08:40:26 +0800] "POST /xingrg/kc/buy/cgsh_order_operate.html HTTP/1.1" 200 5965
114.95.241.104 - - [19/Sep/2023:08:40:27 +0800] "GET /xingrg/check_reg.html?_=1695083902823 HTTP/1.1" 200 22
114.95.241.104 - - [19/Sep/2023:08:40:27 +0800] "GET /xingrg/all/function/internal_message.html?_=1695083902883&CODE_STATE=getMsg HTTP/1.1" 200 27
120.253.135.82 - - [19/Sep/2023:08:40:28 +0800] "GET /xingrg/all/function/internal_message.html?_=1695084169229&CODE_STATE=getMsg HTTP/1.1" 200 27
180.152.241.196 - - [19/Sep/2023:08:40:29 +0800] "GET /xingrg/all/function/internal_message.html?_=1695084030082&CODE_STATE=getMsg HTTP/1.1" 200 27
114.95.241.104 - - [19/Sep/2023:08:40:31 +0800] "GET /xingrg/kc/buy/cgsh_order_operate.html?command=get_materiel&rest_code=00150&code=00101008101&supplier_code=00100008&order_time=2023-09-19 HTTP/1.1" 200 412
114.95.241.104 - - [19/Sep/2023:08:40:32 +0800] "GET /xingrg/kc/print/load_data.html?order_code=212023091907533&kc_code=cgsh&condition= HTTP/1.1" 200 2736
124.78.155.92 - - [19/Sep/2023:08:40:34 +0800] "GET /xingrg/all/function/internal_message.html?_=1695084020923&CODE_STATE=getMsg HTTP/1.1" 200 27
116.230.116.69 - - [19/Sep/2023:08:40:36 +0800] "POST /xingrg/kc/buy/cgsh_order_operate.html HTTP/1.1" 200 2065
180.163.30.76 - - [19/Sep/2023:08:40:37 +0800] "GET /xingrg/kc/print/load_data.html?order_code=212023091907531&kc_code=cgsh&condition= HTTP/1.1" 302 -
180.163.30.76 - - [19/Sep/2023:08:40:40 +0800] "GET /xingrg/login.html HTTP/1.1" 200 7641
114.95.241.104 - - [19/Sep/2023:08:40:41 +0800] "GET /xingrg/kc/buy/cgsh_order_operate.html?command=get_materiel&rest_code=00150&code=00101008356&supplier_code=00100008&order_time=2023-09-19 HTTP/1.1" 200 408
116.230.116.69 - - [19/Sep/2023:08:40:45 +0800] "GET /xingrg/kc/buy/cgsh_order_operate.html?command=get_materiel&rest_code=00146&code=00101008370&supplier_code=00100005&order_time=2023-09-19 HTTP/1.1" 200 412
114.95.241.104 - - [19/Sep/2023:08:40:54 +0800] "POST /xingrg/all/user/operate.html HTTP/1.1" 200 36
114.95.241.104 - - [19/Sep/2023:08:40:54 +0800] "GET /xingrg/index.html?sysBaseUrl=http%3A%2F%2F180.169.147.146%3A18081%2Fxingrg%2F&costTime=885×tamp=1695034416931 HTTP/1.1" 200 17179
114.95.241.104 - - [19/Sep/2023:08:40:54 +0800] "GET /xingrg/javascript/jquery_easy_ui/themes/default/easyui.css HTTP/1.1" 304 -
114.95.241.104 - - [19/Sep/2023:08:40:54 +0800] "GET /xingrg/javascript/jquery_easy_ui/themes/icon.css HTTP/1.1" 304 -
114.95.241.104 - - [19/Sep/2023:08:40:54 +0800] "GET /xingrg/css/form.css HTTP/1.1" 304 -
114.95.241.104 - - [19/Sep/2023:08:40:54 +0800] "GET /xingrg/javascript/jquery-1.4.2.min.js HTTP/1.1" 304 -
114.95.241.104 - - [19/Sep/2023:08:40:55 +0800] "GET /xingrg/javascript/jquery_easy_ui/jquery.easyui.min.js HTTP/1.1" 304 -
114.95.241.104 - - [19/Sep/2023:08:40:55 +0800] "GET /xingrg/javascript/jquery_easy_ui/easyui-lang-zh_CN.js HTTP/1.1" 304 -
114.95.241.104 - - [19/Sep/2023:08:40:55 +0800] "GET /xingrg/javascript/jquery.form.js HTTP/1.1" 304 -
114.95.241.104 - - [19/Sep/2023:08:40:55 +0800] "GET /xingrg/javascript/jquery.utils.js HTTP/1.1" 304 -
114.95.241.104 - - [19/Sep/2023:08:40:55 +0800] "GET /xingrg/javascript/jquery.timers.js HTTP/1.1" 304 -
114.95.241.104 - - [19/Sep/2023:08:40:55 +0800] "GET /xingrg/images/blue/jxLogo.png HTTP/1.1" 304 -
114.95.241.104 - - [19/Sep/2023:08:40:55 +0800] "GET /xingrg/images/blue/navBackgound.jpg HTTP/1.1" 304 -
114.95.241.104 - - [19/Sep/2023:08:40:55 +0800] "GET /xingrg/javascript/jquery_easy_ui/themes/icons/settle_new.png HTTP/1.1" 304 -
114.95.241.104 - - [19/Sep/2023:08:40:55 +0800] "GET /xingrg/all/function/internal_message.html?_=1695084053388&CODE_STATE=count HTTP/1.1" 200 11
114.95.241.104 - - [19/Sep/2023:08:40:55 +0800] "GET /xingrg/check_reg.html?_=1695084053390 HTTP/1.1" 200 22
114.95.241.104 - - [19/Sep/2023:08:40:55 +0800] "GET /xingrg/javascript/jquery_easy_ui/themes/default/images/tabs_rightarrow.png HTTP/1.1" 304 -
114.95.241.104 - - [19/Sep/2023:08:40:55 +0800] "GET /xingrg/javascript/jquery_easy_ui/themes/default/images/panel_tool_collapse.gif HTTP/1.1" 304 -
114.95.241.104 - - [19/Sep/2023:08:40:55 +0800] "GET /xingrg/images/blue/pingpu.png HTTP/1.1" 304 -
114.95.241.104 - - [19/Sep/2023:08:40:55 +0800] "GET /xingrg/javascript/jquery_easy_ui/themes/default/images/tabs_leftarrow.png HTTP/1.1" 304 -
114.95.241.104 - - [19/Sep/2023:08:40:55 +0800] "POST /xingrg/all/common/load_tree.html?tree=area_rest_tree_json&manage=1 HTTP/1.1" 200 476
114.95.241.104 - - [19/Sep/2023:08:40:55 +0800] "POST /xingrg/load_menu.html HTTP/1.1" 200 5138
114.95.241.104 - - [19/Sep/2023:08:40:57 +0800] "GET /xingrg/kc/buy/cgsh_order_operate.html?command=get_materiel&rest_code=00150&code=00101008411&supplier_code=00100008&order_time=2023-09-19 HTTP/1.1" 200 413
114.95.241.104 - - [19/Sep/2023:08:40:58 +0800] "GET /xingrg/kc/buy/cgsh_order_list.html HTTP/1.1" 200 56585
116.230.116.69 - - [19/Sep/2023:08:41:04 +0800] "POST /xingrg/kc/buy/cgsh_order_operate.html HTTP/1.1" 200 37
114.95.241.104 - - [19/Sep/2023:08:41:05 +0800] "POST /xingrg/kc/buy/cgsh_list_operate.html HTTP/1.1" 200 2300
116.230.116.69 - - [19/Sep/2023:08:41:07 +0800] "POST /xingrg/kc/buy/cgsh_order_operate.html HTTP/1.1" 200 10356
114.95.241.104 - - [19/Sep/2023:08:41:09 +0800] "GET /xingrg/kc/buy/cgsh_order_operate.html?command=get_materiel&rest_code=00150&code=00101008639&supplier_code=00100008&order_time=2023-09-19 HTTP/1.1" 200 409
114.95.241.104 - - [19/Sep/2023:08:41:13 +0800] "POST /xingrg/kc/buy/cgsh_list_operate.html HTTP/1.1" 200 345
114.95.241.104 - - [19/Sep/2023:08:41:15 +0800] "GET /xingrg/kc/buy/cgsh_order_info.html?code=212023091907530 HTTP/1.1" 200 72404
114.95.241.104 - - [19/Sep/2023:08:41:16 +0800] "GET /xingrg/javascript/easyui/themes/default/validatebox.css HTTP/1.1" 404 1104
124.78.155.92 - - [19/Sep/2023:08:41:21 +0800] "GET /xingrg/all/function/internal_message.html?_=1695084080927&CODE_STATE=getMsg HTTP/1.1" 200 27
114.95.241.104 - - [19/Sep/2023:08:41:23 +0800] "POST /xingrg/kc/buy/cgsh_order_operate.html HTTP/1.1" 200 37
114.95.241.104 - - [19/Sep/2023:08:41:23 +0800] "POST /xingrg/kc/buy/cgsh_order_operate.html HTTP/1.1" 200 5623
116.230.116.69 - - [19/Sep/2023:08:41:25 +0800] "GET /xingrg/all/function/internal_message.html?_=1695084087096&CODE_STATE=getMsg HTTP/1.1" 200 27
120.253.135.82 - - [19/Sep/2023:08:41:28 +0800] "GET /xingrg/all/function/internal_message.html?_=1695084229226&CODE_STATE=getMsg HTTP/1.1" 200 27
180.152.241.196 - - [19/Sep/2023:08:41:29 +0800] "GET /xingrg/all/function/internal_message.html?_=1695084090064&CODE_STATE=getMsg HTTP/1.1" 200 27
114.95.241.104 - - [19/Sep/2023:08:41:30 +0800] "POST /xingrg/kc/buy/cgsh_order_operate.html HTTP/1.1" 200 16861
101.83.145.37 - - [19/Sep/2023:08:41:32 +0800] "GET /xingrg/index.html?sysBaseUrl=http%3A%2F%2F180.169.147.146%3A18081%2Fxingrg%2F&costTime=32×tamp=1585224308505 HTTP/1.1" 302 -
101.83.145.37 - - [19/Sep/2023:08:41:32 +0800] "GET /xingrg/login.html HTTP/1.1" 200 7641
101.83.145.37 - - [19/Sep/2023:08:41:33 +0800] "GET /favicon.ico HTTP/1.1" 404 -
116.230.116.69 - - [19/Sep/2023:08:41:36 +0800] "GET /xingrg/kc/buy/cgsh_order_operate.html?command=get_materiel&rest_code=00146&code=00101008264&supplier_code=00100005&order_time=2023-09-19 HTTP/1.1" 200 412
114.95.241.104 - - [19/Sep/2023:08:41:37 +0800] "POST /xingrg/kc/buy/cgsh_order_operate.html HTTP/1.1" 200 37
114.95.241.104 - - [19/Sep/2023:08:41:39 +0800] "POST /xingrg/kc/buy/cgsh_order_operate.html HTTP/1.1" 200 3843
114.95.241.104 - - [19/Sep/2023:08:41:51 +0800] "POST /xingrg/kc/buy/cgsh_order_operate.html HTTP/1.1" 200 37
114.95.241.104 - - [19/Sep/2023:08:41:54 +0800] "POST /xingrg/kc/buy/cgsh_order_operate.html HTTP/1.1" 200 3843
114.95.241.104 - - [19/Sep/2023:08:41:55 +0800] "GET /xingrg/all/function/internal_message.html?_=1695084113404&CODE_STATE=getMsg HTTP/1.1" 200 27
116.230.116.69 - - [19/Sep/2023:08:41:57 +0800] "GET /xingrg/kc/buy/cgsh_order_operate.html?command=get_materiel&rest_code=00146&code=00101008212&supplier_code=00100005&order_time=2023-09-19 HTTP/1.1" 200 412
114.95.241.104 - - [19/Sep/2023:08:41:57 +0800] "GET /xingrg/kc/buy/cgsh_order_list.html HTTP/1.1" 200 56585
114.95.241.104 - - [19/Sep/2023:08:42:02 +0800] "POST /xingrg/kc/buy/cgsh_list_operate.html HTTP/1.1" 200 2301
114.95.241.104 - - [19/Sep/2023:08:42:05 +0800] "POST /xingrg/kc/buy/cgsh_list_operate.html HTTP/1.1" 200 345
116.230.116.69 - - [19/Sep/2023:08:42:05 +0800] "POST /xingrg/services/DataTransmitService HTTP/1.1" 200 524
116.230.116.69 - - [19/Sep/2023:08:42:07 +0800] "POST /xingrg/services/DataTransmitService HTTP/1.1" 200 412
114.95.241.104 - - [19/Sep/2023:08:42:07 +0800] "GET /xingrg/kc/buy/cgsh_order_info.html?code=212023091907530 HTTP/1.1" 200 72404
114.95.241.104 - - [19/Sep/2023:08:42:07 +0800] "GET /xingrg/javascript/easyui/themes/default/validatebox.css HTTP/1.1" 404 1104
114.95.241.104 - - [19/Sep/2023:08:42:08 +0800] "POST /xingrg/kc/buy/cgsh_order_operate.html HTTP/1.1" 200 3843
114.95.241.104 - - [19/Sep/2023:08:42:10 +0800] "GET /xingrg/kc/buy/cgsh_order_operate.html?command=get_materiel&rest_code=00150&code=00101008360&supplier_code=00100008&order_time=2023-09-19 HTTP/1.1" 200 412
124.78.155.92 - - [19/Sep/2023:08:42:21 +0800] "GET /xingrg/all/function/internal_message.html?_=1695084140929&CODE_STATE=getMsg HTTP/1.1" 200 27
116.230.116.69 - - [19/Sep/2023:08:42:22 +0800] "GET /xingrg/kc/buy/cgsh_order_operate.html?command=get_materiel&rest_code=00146&code=00101008098&supplier_code=00100005&order_time=2023-09-19 HTTP/1.1" 200 412
101.83.145.37 - - [19/Sep/2023:08:42:25 +0800] "POST /xingrg/login.do HTTP/1.1" 302 -
101.83.145.37 - - [19/Sep/2023:08:42:25 +0800] "GET /xingrg/index.html?sysBaseUrl=http%3A%2F%2F180.169.147.146%3A18081%2Fxingrg%2F&costTime=874×tamp=1695084145228 HTTP/1.1" 200 17173
101.83.145.37 - - [19/Sep/2023:08:42:25 +0800] "GET /xingrg/javascript/jquery_easy_ui/themes/default/easyui.css HTTP/1.1" 304 -
101.83.145.37 - - [19/Sep/2023:08:42:25 +0800] "GET /xingrg/javascript/jquery_easy_ui/themes/icon.css HTTP/1.1" 304 -
101.83.145.37 - - [19/Sep/2023:08:42:25 +0800] "GET /xingrg/css/form.css HTTP/1.1" 304 -
101.83.145.37 - - [19/Sep/2023:08:42:25 +0800] "GET /xingrg/javascript/jquery-1.4.2.min.js HTTP/1.1" 304 -
101.83.145.37 - - [19/Sep/2023:08:42:25 +0800] "GET /xingrg/javascript/jquery_easy_ui/jquery.easyui.min.js HTTP/1.1" 304 -
116.230.116.69 - - [19/Sep/2023:08:42:25 +0800] "GET /xingrg/all/function/internal_message.html?_=1695084147189&CODE_STATE=getMsg HTTP/1.1" 200 27
101.83.145.37 - - [19/Sep/2023:08:42:25 +0800] "GET /xingrg/javascript/jquery_easy_ui/easyui-lang-zh_CN.js HTTP/1.1" 304 -
101.83.145.37 - - [19/Sep/2023:08:42:25 +0800] "GET /xingrg/javascript/jquery.form.js HTTP/1.1" 304 -
101.83.145.37 - - [19/Sep/2023:08:42:25 +0800] "GET /xingrg/javascript/jquery.utils.js HTTP/1.1" 304 -
101.83.145.37 - - [19/Sep/2023:08:42:25 +0800] "GET /xingrg/javascript/jquery.timers.js HTTP/1.1" 304 -
101.83.145.37 - - [19/Sep/2023:08:42:25 +0800] "GET /favicon.ico HTTP/1.1" 404 -
101.83.145.37 - - [19/Sep/2023:08:42:26 +0800] "GET /xingrg/javascript/jquery_easy_ui/themes/icons/settle_new.png HTTP/1.1" 304 -
101.83.145.37 - - [19/Sep/2023:08:42:26 +0800] "GET /xingrg/images/blue/navBackgound.jpg HTTP/1.1" 304 -
116.230.116.69 - - [19/Sep/2023:08:42:26 +0800] "POST /xingrg/kc/buy/cgsh_order_operate.html HTTP/1.1" 200 2065
101.83.145.37 - - [19/Sep/2023:08:42:26 +0800] "POST /xingrg/all/common/load_tree.html?tree=area_rest_tree_json&manage=1 HTTP/1.1" 200 342
101.83.145.37 - - [19/Sep/2023:08:42:27 +0800] "GET /xingrg/all/function/internal_message.html?_=1695083935156&CODE_STATE=count HTTP/1.1" 200 11
101.83.145.37 - - [19/Sep/2023:08:42:27 +0800] "GET /xingrg/check_reg.html?_=1695083935157 HTTP/1.1" 200 22
101.83.145.37 - - [19/Sep/2023:08:42:27 +0800] "GET /xingrg/images/blue/pingpu.png HTTP/1.1" 304 -
101.83.145.37 - - [19/Sep/2023:08:42:27 +0800] "GET /xingrg/javascript/jquery_easy_ui/themes/default/images/tabs_leftarrow.png HTTP/1.1" 304 -
101.83.145.37 - - [19/Sep/2023:08:42:27 +0800] "GET /xingrg/javascript/jquery_easy_ui/themes/default/images/panel_tool_collapse.gif HTTP/1.1" 304 -
101.83.145.37 - - [19/Sep/2023:08:42:27 +0800] "GET /xingrg/javascript/jquery_easy_ui/themes/default/images/tabs_rightarrow.png HTTP/1.1" 304 -
101.83.145.37 - - [19/Sep/2023:08:42:27 +0800] "POST /xingrg/load_menu.html HTTP/1.1" 200 5138
101.83.145.37 - - [19/Sep/2023:08:42:27 +0800] "GET /xingrg/javascript/jquery_easy_ui/themes/default/images/tree_arrows.gif HTTP/1.1" 304 -
114.95.241.104 - - [19/Sep/2023:08:42:27 +0800] "GET /xingrg/all/function/internal_message.html?_=1695084022955&CODE_STATE=getMsg HTTP/1.1" 200 27
101.83.145.37 - - [19/Sep/2023:08:42:27 +0800] "GET /xingrg/javascript/jquery_easy_ui/themes/default/images/tree_folder_open.gif HTTP/1.1" 304 -
101.83.145.37 - - [19/Sep/2023:08:42:27 +0800] "GET /xingrg/javascript/jquery_easy_ui/themes/icons/search_new.png HTTP/1.1" 304 -
101.83.145.37 - - [19/Sep/2023:08:42:27 +0800] "GET /xingrg/javascript/jquery_easy_ui/themes/default/images/tree_folder.gif HTTP/1.1" 304 -
101.83.145.37 - - [19/Sep/2023:08:42:27 +0800] "GET /xingrg/javascript/jquery_easy_ui/themes/icons/storage_new.png HTTP/1.1" 304 -
101.83.145.37 - - [19/Sep/2023:08:42:27 +0800] "GET /xingrg/javascript/jquery_easy_ui/themes/icons/forms_new.png HTTP/1.1" 304 -
101.83.145.37 - - [19/Sep/2023:08:42:27 +0800] "GET /xingrg/javascript/jquery_easy_ui/themes/default/images/tree_file.gif HTTP/1.1" 304 -
114.95.241.104 - - [19/Sep/2023:08:42:28 +0800] "GET /xingrg/kc/buy/cgsh_order_operate.html?command=get_materiel&rest_code=00150&code=00101008270&supplier_code=00100008&order_time=2023-09-19 HTTP/1.1" 200 431
120.253.135.82 - - [19/Sep/2023:08:42:28 +0800] "GET /xingrg/all/function/internal_message.html?_=1695084289236&CODE_STATE=getMsg HTTP/1.1" 200 27
180.152.241.196 - - [19/Sep/2023:08:42:29 +0800] "GET /xingrg/all/function/internal_message.html?_=1695084150045&CODE_STATE=getMsg HTTP/1.1" 200 27
180.152.241.196 - - [19/Sep/2023:08:42:29 +0800] "GET /xingrg/check_reg.html?_=1695084150136 HTTP/1.1" 200 22
116.230.116.69 - - [19/Sep/2023:08:42:33 +0800] "GET /xingrg/kc/buy/cgsh_order_operate.html?command=get_materiel&rest_code=00146&code=00101008213&supplier_code=00100005&order_time=2023-09-19 HTTP/1.1" 200 412
114.95.241.104 - - [19/Sep/2023:08:42:39 +0800] "POST /xingrg/kc/buy/cgsh_order_operate.html HTTP/1.1" 200 37
114.95.241.104 - - [19/Sep/2023:08:42:41 +0800] "GET /xingrg/kc/buy/cgsh_order_operate.html?command=get_materiel&rest_code=00150&code=00101008077&supplier_code=00100008&order_time=2023-09-19 HTTP/1.1" 200 416
114.95.241.104 - - [19/Sep/2023:08:42:45 +0800] "POST /xingrg/kc/buy/cgsh_order_operate.html HTTP/1.1" 200 12
114.95.241.104 - - [19/Sep/2023:08:42:47 +0800] "GET /xingrg/kc/buy/cgsh_order_info.html?code=212023091907530 HTTP/1.1" 200 67304
114.95.241.104 - - [19/Sep/2023:08:42:47 +0800] "GET /xingrg/javascript/easyui/themes/default/validatebox.css HTTP/1.1" 404 1104
114.95.241.104 - - [19/Sep/2023:08:42:48 +0800] "POST /xingrg/kc/buy/cgsh_order_operate.html HTTP/1.1" 200 1793
114.95.241.104 - - [19/Sep/2023:08:42:50 +0800] "GET /xingrg/kc/print/load_data.html?order_code=212023091907530&kc_code=cgsh&condition= HTTP/1.1" 200 1136
114.95.241.104 - - [19/Sep/2023:08:42:55 +0800] "GET /xingrg/all/function/internal_message.html?_=1695084173401&CODE_STATE=getMsg HTTP/1.1" 200 27
116.230.116.69 - - [19/Sep/2023:08:42:55 +0800] "GET /xingrg/kc/buy/cgsh_order_operate.html?command=get_materiel&rest_code=00146&code=00101016122&supplier_code=00100005&order_time=2023-09-19 HTTP/1.1" 200 409
114.95.241.104 - - [19/Sep/2023:08:42:59 +0800] "GET /xingrg/kc/base/wldb_order_list.html HTTP/1.1" 200 19180
114.95.241.104 - - [19/Sep/2023:08:42:59 +0800] "POST /xingrg/kc/base/wldb_list_operate.html HTTP/1.1" 200 928
114.95.241.104 - - [19/Sep/2023:08:43:01 +0800] "GET /xingrg/kc/base/wldb_order_add.html HTTP/1.1" 200 30463
114.95.241.104 - - [19/Sep/2023:08:43:01 +0800] "POST /xingrg/kc/base/wldb_order_operate.html HTTP/1.1" 200 6806
114.95.241.104 - - [19/Sep/2023:08:43:01 +0800] "GET /xingrg/all/common/auto_word.html?type=base&rest_code=00150 HTTP/1.1" 200 1853
114.95.241.104 - - [19/Sep/2023:08:43:01 +0800] "GET /xingrg/all/common/auto_word.html?type=base&rest_code=00150 HTTP/1.1" 200 1853
114.95.241.104 - - [19/Sep/2023:08:43:01 +0800] "GET /xingrg/javascript/easyui/themes/default/validatebox.css HTTP/1.1" 404 1104
114.95.241.104 - - [19/Sep/2023:08:43:02 +0800] "GET /xingrg/javascript/auto/indicator.gif HTTP/1.1" 404 1066
116.230.116.69 - - [19/Sep/2023:08:43:07 +0800] "GET /xingrg/kc/buy/cgsh_order_operate.html?command=get_materiel&rest_code=00146&code=00101008305&supplier_code=00100005&order_time=2023-09-19 HTTP/1.1" 200 412
114.95.241.104 - - [19/Sep/2023:08:43:09 +0800] "GET /xingrg/kc/buy/cgsh_order_operate.html?command=get_materiel&rest_code=00150&code=00101013174&supplier_code=00100008&order_time=2023-09-19 HTTP/1.1" 200 421
114.95.241.104 - - [19/Sep/2023:08:43:09 +0800] "GET /xingrg/kc/base/wldb_order_operate.html?command=get_materiel&rest_code=00150&base_code=0010450&code=00101001170 HTTP/1.1" 200 432
222.64.59.52 - - [19/Sep/2023:08:43:16 +0800] "POST /xingrg/services/DataTransmitService HTTP/1.1" 200 524
114.95.241.104 - - [19/Sep/2023:08:43:21 +0800] "GET /xingrg/kc/base/wldb_order_operate.html?command=get_materiel&rest_code=00150&base_code=0010450&code=00101001135 HTTP/1.1" 200 434
124.78.155.92 - - [19/Sep/2023:08:43:21 +0800] "GET /xingrg/check_reg.html?_=1695084200924 HTTP/1.1" 200 22
124.78.155.92 - - [19/Sep/2023:08:43:21 +0800] "GET /xingrg/all/function/internal_message.html?_=1695084200925&CODE_STATE=getMsg HTTP/1.1" 200 27
116.230.116.69 - - [19/Sep/2023:08:43:22 +0800] "GET /xingrg/kc/buy/cgsh_order_operate.html?command=get_materiel&rest_code=00146&code=00101008283&supplier_code=00100005&order_time=2023-09-19 HTTP/1.1" 200 408
116.230.116.69 - - [19/Sep/2023:08:43:25 +0800] "GET /xingrg/all/function/internal_message.html?_=1695084207199&CODE_STATE=getMsg HTTP/1.1" 200 27
101.83.145.37 - - [19/Sep/2023:08:43:27 +0800] "GET /xingrg/all/function/internal_message.html?_=1695083995160&CODE_STATE=getMsg HTTP/1.1" 200 27
114.95.241.104 - - [19/Sep/2023:08:43:27 +0800] "GET /xingrg/all/function/internal_message.html?_=1695084082968&CODE_STATE=getMsg HTTP/1.1" 200 27
120.253.135.82 - - [19/Sep/2023:08:43:28 +0800] "GET /xingrg/all/function/internal_message.html?_=1695084349244&CODE_STATE=getMsg HTTP/1.1" 200 27
114.95.241.104 - - [19/Sep/2023:08:43:29 +0800] "POST /xingrg/kc/buy/cgsh_order_operate.html HTTP/1.1" 200 37
180.152.241.196 - - [19/Sep/2023:08:43:29 +0800] "GET /xingrg/all/function/internal_message.html?_=1695084210029&CODE_STATE=getMsg HTTP/1.1" 200 27
114.95.241.104 - - [19/Sep/2023:08:43:29 +0800] "GET /xingrg/kc/base/wldb_order_operate.html?command=get_materiel&rest_code=00150&base_code=0010450&code=00101001082 HTTP/1.1" 200 434
114.95.241.104 - - [19/Sep/2023:08:43:31 +0800] "POST /xingrg/kc/buy/cgsh_order_operate.html HTTP/1.1" 200 19839
114.83.222.222 - - [19/Sep/2023:08:43:32 +0800] "POST /xingrg/services/DataTransmitService HTTP/1.1" 200 524
116.230.116.69 - - [19/Sep/2023:08:43:35 +0800] "GET /xingrg/kc/buy/cgsh_order_operate.html?command=get_materiel&rest_code=00146&code=00101008225&supplier_code=00100005&order_time=2023-09-19 HTTP/1.1" 200 416
222.70.180.200 - - [19/Sep/2023:08:43:39 +0800] "POST /xingrg/services/DataTransmitService HTTP/1.1" 200 524
116.230.116.69 - - [19/Sep/2023:08:43:39 +0800] "POST /xingrg/kc/buy/cgsh_order_operate.html HTTP/1.1" 200 2065
114.95.241.104 - - [19/Sep/2023:08:43:41 +0800] "GET /xingrg/kc/buy/cgsh_order_operate.html?command=get_materiel&rest_code=00150&code=00101008079&supplier_code=00100008&order_time=2023-09-19 HTTP/1.1" 200 416
114.95.241.104 - - [19/Sep/2023:08:43:54 +0800] "GET /xingrg/kc/base/wldb_order_operate.html?command=get_materiel&rest_code=00150&base_code=0010450&code=00101004101 HTTP/1.1" 200 434
114.95.241.104 - - [19/Sep/2023:08:43:55 +0800] "GET /xingrg/all/function/internal_message.html?_=1695084233405&CODE_STATE=getMsg HTTP/1.1" 200 27
116.230.116.69 - - [19/Sep/2023:08:43:57 +0800] "POST /xingrg/kc/buy/cgsh_order_operate.html HTTP/1.1" 200 37
116.230.116.69 - - [19/Sep/2023:08:44:00 +0800] "POST /xingrg/kc/buy/cgsh_order_operate.html HTTP/1.1" 200 16259
