116.230.110.33 - - [19/Sep/2023:12:52:16 +0800] "GET /xingrg/all/function/internal_message.html?_=1695098999541&CODE_STATE=getMsg HTTP/1.1" 200 27
120.253.135.82 - - [19/Sep/2023:12:52:17 +0800] "GET /xingrg/kc/buy/cgsh_order_operate.html?command=get_materiel&rest_code=00101&code=00101014075&supplier_code=00100246&order_time=2023-09-20 HTTP/1.1" 200 452
218.79.28.44 - - [19/Sep/2023:12:52:18 +0800] "GET /xingrg/all/function/internal_message.html?_=1695099141132&CODE_STATE=getMsg HTTP/1.1" 200 27
180.157.249.83 - - [19/Sep/2023:12:52:20 +0800] "GET /xingrg/check_reg.html?_=1695099139593 HTTP/1.1" 200 22
180.157.249.83 - - [19/Sep/2023:12:52:20 +0800] "GET /xingrg/all/function/internal_message.html?_=1695099139596&CODE_STATE=getMsg HTTP/1.1" 200 27
114.83.222.222 - - [19/Sep/2023:12:52:21 +0800] "GET /xingrg/check_reg.html?_=1695099141556 HTTP/1.1" 200 22
114.95.241.104 - - [19/Sep/2023:12:52:27 +0800] "GET /xingrg/all/function/internal_message.html?_=1695099145460&CODE_STATE=getMsg HTTP/1.1" 200 27
172.20.0.100 - - [19/Sep/2023:12:52:30 +0800] "GET /xingrg/all/function/internal_message.html?_=1695099149458&CODE_STATE=getMsg HTTP/1.1" 200 27
124.79.244.212 - - [19/Sep/2023:12:52:31 +0800] "GET /xingrg/check_reg.html?_=1695099151959 HTTP/1.1" 302 -
124.79.244.212 - - [19/Sep/2023:12:52:31 +0800] "GET /xingrg/all/function/internal_message.html?_=1695099151963&CODE_STATE=getMsg HTTP/1.1" 302 -
120.253.135.82 - - [19/Sep/2023:12:52:37 +0800] "POST /xingrg/kc/buy/cgsh_order_operate.html HTTP/1.1" 200 37
120.253.135.82 - - [19/Sep/2023:12:52:40 +0800] "POST /xingrg/kc/buy/cgsh_order_operate.html HTTP/1.1" 200 2685
120.253.135.82 - - [19/Sep/2023:12:52:41 +0800] "GET /xingrg/all/function/internal_message.html?_=1695099301969&CODE_STATE=getMsg HTTP/1.1" 200 27
222.70.180.200 - - [19/Sep/2023:12:52:45 +0800] "GET /xingrg/all/function/internal_message.html?_=1695099163172&CODE_STATE=getMsg HTTP/1.1" 200 27
116.230.110.33 - - [19/Sep/2023:12:52:48 +0800] "GET /xingrg/all/function/internal_message.html?_=1695099168590&CODE_STATE=getMsg HTTP/1.1" 200 27
180.169.147.146 - - [19/Sep/2023:12:52:53 +0800] "GET /xingrg/check_reg.html?_=1695099172528 HTTP/1.1" 200 22
180.169.147.146 - - [19/Sep/2023:12:52:53 +0800] "GET /xingrg/all/function/internal_message.html?_=1695099172526&CODE_STATE=getMsg HTTP/1.1" 200 27
222.70.107.161 - - [19/Sep/2023:12:52:54 +0800] "GET /xingrg/all/function/internal_message.html?_=1695099175669&CODE_STATE=getMsg HTTP/1.1" 200 27
180.163.29.103 - - [19/Sep/2023:12:52:56 +0800] "GET /xingrg/all/function/internal_message.html?_=1695099116242&CODE_STATE=getMsg HTTP/1.1" 302 -
180.163.29.103 - - [19/Sep/2023:12:52:56 +0800] "GET /xingrg/login.html HTTP/1.1" 200 7641
180.169.147.146 - - [19/Sep/2023:12:52:56 +0800] "GET /xingrg/all/function/internal_message.html?_=1695099176217&CODE_STATE=getMsg HTTP/1.1" 200 27
180.152.241.196 - - [19/Sep/2023:12:53:00 +0800] "GET /xingrg/all/function/internal_message.html?_=1695099180417&CODE_STATE=getMsg HTTP/1.1" 200 27
114.83.222.222 - - [19/Sep/2023:12:53:00 +0800] "GET /xingrg/all/function/internal_message.html?_=1695099180985&CODE_STATE=getMsg HTTP/1.1" 200 27
116.230.116.69 - - [19/Sep/2023:12:53:02 +0800] "GET /xingrg/all/function/internal_message.html?_=1695099184856&CODE_STATE=getMsg HTTP/1.1" 200 27
101.83.145.37 - - [19/Sep/2023:12:53:02 +0800] "GET /xingrg/all/function/internal_message.html?_=1695098970804&CODE_STATE=getMsg HTTP/1.1" 200 27
221.239.166.189 - - [19/Sep/2023:12:53:02 +0800] "GET /xingrg/all/function/internal_message.html?_=1695099182412&CODE_STATE=getMsg HTTP/1.1" 200 27
124.79.244.212 - - [19/Sep/2023:12:53:03 +0800] "GET /xingrg/all/function/internal_message.html?_=1695099480760&CODE_STATE=getMsg HTTP/1.1" 200 27
101.228.187.155 - - [19/Sep/2023:12:53:08 +0800] "GET /xingrg/all/function/internal_message.html?_=1695099188169&CODE_STATE=getMsg HTTP/1.1" 200 27
180.165.48.189 - - [19/Sep/2023:12:53:09 +0800] "GET /xingrg/all/function/internal_message.html?_=1695099189675&CODE_STATE=getMsg HTTP/1.1" 200 27
124.78.155.92 - - [19/Sep/2023:12:53:13 +0800] "GET /xingrg/all/function/internal_message.html?_=1695099192692&CODE_STATE=getMsg HTTP/1.1" 200 27
116.230.110.33 - - [19/Sep/2023:12:53:16 +0800] "GET /xingrg/all/function/internal_message.html?_=1695099059536&CODE_STATE=getMsg HTTP/1.1" 200 27
116.230.110.33 - - [19/Sep/2023:12:53:16 +0800] "GET /xingrg/check_reg.html?_=1695099059539 HTTP/1.1" 200 22
218.79.28.44 - - [19/Sep/2023:12:53:18 +0800] "GET /xingrg/all/function/internal_message.html?_=1695099201118&CODE_STATE=getMsg HTTP/1.1" 200 27
180.157.249.83 - - [19/Sep/2023:12:53:20 +0800] "GET /xingrg/all/function/internal_message.html?_=1695099199596&CODE_STATE=getMsg HTTP/1.1" 200 27
114.95.241.104 - - [19/Sep/2023:12:53:27 +0800] "GET /xingrg/all/function/internal_message.html?_=1695099205449&CODE_STATE=getMsg HTTP/1.1" 200 27
172.20.0.100 - - [19/Sep/2023:12:53:30 +0800] "GET /xingrg/all/function/internal_message.html?_=1695099209461&CODE_STATE=getMsg HTTP/1.1" 200 27
172.20.0.100 - - [19/Sep/2023:12:53:30 +0800] "GET /xingrg/check_reg.html?_=1695099209464 HTTP/1.1" 200 22
116.230.110.33 - - [19/Sep/2023:12:53:30 +0800] "GET /xingrg/kc/cost/cost_list.html HTTP/1.1" 200 6093
116.230.110.33 - - [19/Sep/2023:12:53:31 +0800] "GET /xingrg/dwr/interface/AjaxReportQueryService.js HTTP/1.1" 200 13203
116.230.110.33 - - [19/Sep/2023:12:53:31 +0800] "GET /xingrg/dwr/engine.js HTTP/1.1" 200 43631
116.230.110.33 - - [19/Sep/2023:12:53:31 +0800] "GET /xingrg/kc/cost/cost_operate.html?_=1695099211465&command=load_cost_list HTTP/1.1" 200 11111
124.79.244.212 - - [19/Sep/2023:12:53:31 +0800] "GET /xingrg/all/function/internal_message.html?_=1695099211961&CODE_STATE=getMsg HTTP/1.1" 302 -
120.253.135.82 - - [19/Sep/2023:12:53:32 +0800] "POST /xingrg/kc/buy/cgsh_order_operate.html HTTP/1.1" 200 37
120.253.135.82 - - [19/Sep/2023:12:53:34 +0800] "POST /xingrg/kc/buy/cgsh_order_operate.html HTTP/1.1" 200 2685
120.253.135.82 - - [19/Sep/2023:12:53:41 +0800] "GET /xingrg/all/function/internal_message.html?_=1695099361974&CODE_STATE=getMsg HTTP/1.1" 200 27
120.253.135.82 - - [19/Sep/2023:12:53:41 +0800] "POST /xingrg/kc/buy/cgsh_order_operate.html HTTP/1.1" 200 37
222.70.180.200 - - [19/Sep/2023:12:53:45 +0800] "GET /xingrg/all/function/internal_message.html?_=1695099223170&CODE_STATE=getMsg HTTP/1.1" 200 27
222.70.180.200 - - [19/Sep/2023:12:53:45 +0800] "GET /xingrg/check_reg.html?_=1695099223171 HTTP/1.1" 200 22
120.253.135.82 - - [19/Sep/2023:12:53:46 +0800] "POST /xingrg/kc/buy/cgsh_order_operate.html HTTP/1.1" 200 2685
116.230.110.33 - - [19/Sep/2023:12:53:48 +0800] "GET /xingrg/all/function/internal_message.html?_=1695099228585&CODE_STATE=getMsg HTTP/1.1" 200 27
116.230.110.33 - - [19/Sep/2023:12:53:49 +0800] "GET /xingrg/check_reg.html?_=1695099229014 HTTP/1.1" 200 22
180.169.147.146 - - [19/Sep/2023:12:53:53 +0800] "GET /xingrg/all/function/internal_message.html?_=1695099232499&CODE_STATE=getMsg HTTP/1.1" 200 27
222.70.107.161 - - [19/Sep/2023:12:53:54 +0800] "GET /xingrg/all/function/internal_message.html?_=1695099235662&CODE_STATE=getMsg HTTP/1.1" 200 27
180.169.147.146 - - [19/Sep/2023:12:53:56 +0800] "GET /xingrg/all/function/internal_message.html?_=1695099236204&CODE_STATE=getMsg HTTP/1.1" 200 27
180.169.147.146 - - [19/Sep/2023:12:53:58 +0800] "GET /xingrg/check_reg.html?_=1695099237957 HTTP/1.1" 200 22
180.152.241.196 - - [19/Sep/2023:12:54:00 +0800] "GET /xingrg/all/function/internal_message.html?_=1695099240402&CODE_STATE=getMsg HTTP/1.1" 200 27
116.230.116.69 - - [19/Sep/2023:12:54:00 +0800] "GET /xingrg/check_reg.html?_=1695099243002 HTTP/1.1" 200 22
114.83.222.222 - - [19/Sep/2023:12:54:00 +0800] "GET /xingrg/all/function/internal_message.html?_=1695099240963&CODE_STATE=getMsg HTTP/1.1" 200 27
116.230.110.33 - - [19/Sep/2023:12:54:01 +0800] "POST /xingrg/kc/cost/cost_operate.html HTTP/1.1" 200 4
116.230.116.69 - - [19/Sep/2023:12:54:02 +0800] "GET /xingrg/all/function/internal_message.html?_=1695099244869&CODE_STATE=getMsg HTTP/1.1" 200 27
101.83.145.37 - - [19/Sep/2023:12:54:02 +0800] "GET /xingrg/all/function/internal_message.html?_=1695099030774&CODE_STATE=getMsg HTTP/1.1" 200 27
221.239.166.189 - - [19/Sep/2023:12:54:02 +0800] "GET /xingrg/all/function/internal_message.html?_=1695099242395&CODE_STATE=getMsg HTTP/1.1" 200 27
124.79.244.212 - - [19/Sep/2023:12:54:03 +0800] "GET /xingrg/all/function/internal_message.html?_=1695099540731&CODE_STATE=getMsg HTTP/1.1" 200 27
124.79.244.212 - - [19/Sep/2023:12:54:03 +0800] "GET /xingrg/check_reg.html?_=1695099541188 HTTP/1.1" 200 22
116.230.110.33 - - [19/Sep/2023:12:54:04 +0800] "GET /xingrg/kc/cost/cost_operate.html?_=1695099244452&command=load_cost_list HTTP/1.1" 200 10913
101.228.187.155 - - [19/Sep/2023:12:54:08 +0800] "GET /xingrg/all/function/internal_message.html?_=1695099248153&CODE_STATE=getMsg HTTP/1.1" 200 27
180.165.48.189 - - [19/Sep/2023:12:54:09 +0800] "GET /xingrg/all/function/internal_message.html?_=1695099249675&CODE_STATE=getMsg HTTP/1.1" 200 27
124.78.155.92 - - [19/Sep/2023:12:54:13 +0800] "GET /xingrg/all/function/internal_message.html?_=1695099252680&CODE_STATE=getMsg HTTP/1.1" 200 27
116.230.110.33 - - [19/Sep/2023:12:54:16 +0800] "GET /xingrg/all/function/internal_message.html?_=1695099119556&CODE_STATE=getMsg HTTP/1.1" 200 27
218.79.28.44 - - [19/Sep/2023:12:54:18 +0800] "GET /xingrg/all/function/internal_message.html?_=1695099261120&CODE_STATE=getMsg HTTP/1.1" 200 27
180.157.249.83 - - [19/Sep/2023:12:54:20 +0800] "GET /xingrg/all/function/internal_message.html?_=1695099259597&CODE_STATE=getMsg HTTP/1.1" 200 27
114.95.241.104 - - [19/Sep/2023:12:54:27 +0800] "GET /xingrg/all/function/internal_message.html?_=1695099265420&CODE_STATE=getMsg HTTP/1.1" 200 27
172.20.0.100 - - [19/Sep/2023:12:54:30 +0800] "GET /xingrg/all/function/internal_message.html?_=1695099269469&CODE_STATE=getMsg HTTP/1.1" 200 27
124.79.244.212 - - [19/Sep/2023:12:54:31 +0800] "GET /xingrg/all/function/internal_message.html?_=1695099271954&CODE_STATE=getMsg HTTP/1.1" 302 -
120.253.135.82 - - [19/Sep/2023:12:54:41 +0800] "GET /xingrg/all/function/internal_message.html?_=1695099421975&CODE_STATE=getMsg HTTP/1.1" 200 27
222.70.180.200 - - [19/Sep/2023:12:54:45 +0800] "GET /xingrg/all/function/internal_message.html?_=1695099283169&CODE_STATE=getMsg HTTP/1.1" 200 27
120.253.135.82 - - [19/Sep/2023:12:54:47 +0800] "POST /xingrg/kc/buy/cgsh_order_operate.html HTTP/1.1" 200 37
116.230.110.33 - - [19/Sep/2023:12:54:48 +0800] "GET /xingrg/all/function/internal_message.html?_=1695099288573&CODE_STATE=getMsg HTTP/1.1" 200 27
120.253.135.82 - - [19/Sep/2023:12:54:50 +0800] "POST /xingrg/kc/buy/cgsh_order_operate.html HTTP/1.1" 200 2685
180.169.147.146 - - [19/Sep/2023:12:54:53 +0800] "GET /xingrg/all/function/internal_message.html?_=1695099292512&CODE_STATE=getMsg HTTP/1.1" 200 27
120.253.135.82 - - [19/Sep/2023:12:54:53 +0800] "GET /xingrg/kc/buy/cgsh_order_add.html HTTP/1.1" 200 71419
120.253.135.82 - - [19/Sep/2023:12:54:54 +0800] "POST /xingrg/kc/buy/cgsh_order_operate.html HTTP/1.1" 200 8245
120.253.135.82 - - [19/Sep/2023:12:54:54 +0800] "GET /xingrg/javascript/easyui/themes/default/validatebox.css HTTP/1.1" 404 1104
120.253.135.82 - - [19/Sep/2023:12:54:54 +0800] "GET /xingrg/all/common/auto_word.html?type=employee&rest_code=00101 HTTP/1.1" 200 973
120.253.135.82 - - [19/Sep/2023:12:54:54 +0800] "GET /xingrg/all/common/auto_word.html?type=employee&rest_code=00101 HTTP/1.1" 200 973
222.70.107.161 - - [19/Sep/2023:12:54:54 +0800] "GET /xingrg/all/function/internal_message.html?_=1695099295668&CODE_STATE=getMsg HTTP/1.1" 200 27
120.253.135.82 - - [19/Sep/2023:12:54:55 +0800] "POST /xingrg/all/common/load_combo.html?type=employee HTTP/1.1" 200 1749
180.169.147.146 - - [19/Sep/2023:12:54:56 +0800] "GET /xingrg/all/function/internal_message.html?_=1695099296184&CODE_STATE=getMsg HTTP/1.1" 200 27
180.152.241.196 - - [19/Sep/2023:12:55:00 +0800] "GET /xingrg/all/function/internal_message.html?_=1695099300374&CODE_STATE=getMsg HTTP/1.1" 200 27
114.83.222.222 - - [19/Sep/2023:12:55:00 +0800] "GET /xingrg/all/function/internal_message.html?_=1695099300934&CODE_STATE=getMsg HTTP/1.1" 200 27
116.230.116.69 - - [19/Sep/2023:12:55:02 +0800] "GET /xingrg/all/function/internal_message.html?_=1695099304882&CODE_STATE=getMsg HTTP/1.1" 200 27
101.83.145.37 - - [19/Sep/2023:12:55:02 +0800] "GET /xingrg/all/function/internal_message.html?_=1695099090744&CODE_STATE=getMsg HTTP/1.1" 200 27
221.239.166.189 - - [19/Sep/2023:12:55:02 +0800] "GET /xingrg/all/function/internal_message.html?_=1695099302380&CODE_STATE=getMsg HTTP/1.1" 200 27
124.79.244.212 - - [19/Sep/2023:12:55:03 +0800] "GET /xingrg/all/function/internal_message.html?_=1695099600699&CODE_STATE=getMsg HTTP/1.1" 200 27
101.228.187.155 - - [19/Sep/2023:12:55:08 +0800] "GET /xingrg/all/function/internal_message.html?_=1695099308129&CODE_STATE=getMsg HTTP/1.1" 200 27
180.165.48.189 - - [19/Sep/2023:12:55:09 +0800] "GET /xingrg/check_reg.html?_=1695099309663 HTTP/1.1" 200 22
180.165.48.189 - - [19/Sep/2023:12:55:09 +0800] "GET /xingrg/all/function/internal_message.html?_=1695099309667&CODE_STATE=getMsg HTTP/1.1" 200 27
180.163.28.55 - - [19/Sep/2023:12:55:13 +0800] "GET /xingrg/all/function/internal_message.html?_=1695099252680&CODE_STATE=getMsg HTTP/1.1" 302 -
180.163.28.55 - - [19/Sep/2023:12:55:13 +0800] "GET /xingrg/login.html HTTP/1.1" 200 7641
124.78.155.92 - - [19/Sep/2023:12:55:13 +0800] "GET /xingrg/all/function/internal_message.html?_=1695099312651&CODE_STATE=getMsg HTTP/1.1" 200 27
116.230.110.33 - - [19/Sep/2023:12:55:16 +0800] "GET /xingrg/all/function/internal_message.html?_=1695099179552&CODE_STATE=getMsg HTTP/1.1" 200 27
218.79.28.44 - - [19/Sep/2023:12:55:18 +0800] "GET /xingrg/all/function/internal_message.html?_=1695099321120&CODE_STATE=getMsg HTTP/1.1" 200 27
120.253.135.82 - - [19/Sep/2023:12:55:19 +0800] "GET /xingrg/kc/buy/cgsh_order_operate.html?command=get_materiel&rest_code=00101&code=00101013106&supplier_code=00100601&order_time=2023-09-19 HTTP/1.1" 200 413
180.157.249.83 - - [19/Sep/2023:12:55:20 +0800] "GET /xingrg/all/function/internal_message.html?_=1695099319608&CODE_STATE=getMsg HTTP/1.1" 200 27
114.95.241.104 - - [19/Sep/2023:12:55:27 +0800] "GET /xingrg/all/function/internal_message.html?_=1695099325406&CODE_STATE=getMsg HTTP/1.1" 200 27
114.95.241.104 - - [19/Sep/2023:12:55:27 +0800] "GET /xingrg/check_reg.html?_=1695099325508 HTTP/1.1" 200 22
172.20.0.100 - - [19/Sep/2023:12:55:30 +0800] "GET /xingrg/all/function/internal_message.html?_=1695099329471&CODE_STATE=getMsg HTTP/1.1" 200 27
124.79.244.212 - - [19/Sep/2023:12:55:31 +0800] "GET /xingrg/all/function/internal_message.html?_=1695099331954&CODE_STATE=getMsg HTTP/1.1" 302 -
120.253.135.82 - - [19/Sep/2023:12:55:38 +0800] "GET /xingrg/javascript/jquery_tools/images/prev.gif HTTP/1.1" 404 1086
120.253.135.82 - - [19/Sep/2023:12:55:38 +0800] "GET /xingrg/javascript/jquery_tools/images/next.gif HTTP/1.1" 404 1086
120.253.135.82 - - [19/Sep/2023:12:55:41 +0800] "GET /xingrg/all/function/internal_message.html?_=1695099482008&CODE_STATE=getMsg HTTP/1.1" 200 27
120.253.135.82 - - [19/Sep/2023:12:55:41 +0800] "GET /xingrg/check_reg.html?_=1695099482010 HTTP/1.1" 200 22
222.70.180.200 - - [19/Sep/2023:12:55:45 +0800] "GET /xingrg/all/function/internal_message.html?_=1695099343169&CODE_STATE=getMsg HTTP/1.1" 200 27
120.253.135.82 - - [19/Sep/2023:12:55:46 +0800] "POST /xingrg/kc/buy/cgsh_order_operate.html HTTP/1.1" 200 37
116.230.110.33 - - [19/Sep/2023:12:55:48 +0800] "GET /xingrg/all/function/internal_message.html?_=1695099348569&CODE_STATE=getMsg HTTP/1.1" 200 27
180.169.147.146 - - [19/Sep/2023:12:55:53 +0800] "GET /xingrg/all/function/internal_message.html?_=1695099352504&CODE_STATE=getMsg HTTP/1.1" 200 27
120.253.135.82 - - [19/Sep/2023:12:55:54 +0800] "POST /xingrg/kc/buy/cgsh_order_operate.html HTTP/1.1" 200 2667
222.70.107.161 - - [19/Sep/2023:12:55:54 +0800] "GET /xingrg/check_reg.html?_=1695099355659 HTTP/1.1" 200 22
222.70.107.161 - - [19/Sep/2023:12:55:54 +0800] "GET /xingrg/all/function/internal_message.html?_=1695099355667&CODE_STATE=getMsg HTTP/1.1" 200 27
180.169.147.146 - - [19/Sep/2023:12:55:56 +0800] "GET /xingrg/all/function/internal_message.html?_=1695099356162&CODE_STATE=getMsg HTTP/1.1" 200 27
180.152.241.196 - - [19/Sep/2023:12:56:00 +0800] "GET /xingrg/all/function/internal_message.html?_=1695099360374&CODE_STATE=getMsg HTTP/1.1" 200 27
114.83.222.222 - - [19/Sep/2023:12:56:00 +0800] "GET /xingrg/all/function/internal_message.html?_=1695099360904&CODE_STATE=getMsg HTTP/1.1" 200 27
180.152.241.196 - - [19/Sep/2023:12:56:01 +0800] "GET /xingrg/check_reg.html?_=1695099361617 HTTP/1.1" 200 22
116.230.116.69 - - [19/Sep/2023:12:56:02 +0800] "GET /xingrg/all/function/internal_message.html?_=1695099364897&CODE_STATE=getMsg HTTP/1.1" 200 27
101.83.145.37 - - [19/Sep/2023:12:56:02 +0800] "GET /xingrg/all/function/internal_message.html?_=1695099150728&CODE_STATE=getMsg HTTP/1.1" 200 27
221.239.166.189 - - [19/Sep/2023:12:56:02 +0800] "GET /xingrg/all/function/internal_message.html?_=1695099362365&CODE_STATE=getMsg HTTP/1.1" 200 27
124.79.244.212 - - [19/Sep/2023:12:56:03 +0800] "GET /xingrg/all/function/internal_message.html?_=1695099660673&CODE_STATE=getMsg HTTP/1.1" 200 27
101.228.187.155 - - [19/Sep/2023:12:56:08 +0800] "GET /xingrg/all/function/internal_message.html?_=1695099368112&CODE_STATE=getMsg HTTP/1.1" 200 27
120.253.135.82 - - [19/Sep/2023:12:56:08 +0800] "POST /xingrg/kc/buy/cgsh_order_operate.html HTTP/1.1" 200 37
180.165.48.189 - - [19/Sep/2023:12:56:09 +0800] "GET /xingrg/all/function/internal_message.html?_=1695099369682&CODE_STATE=getMsg HTTP/1.1" 200 27
120.253.135.82 - - [19/Sep/2023:12:56:12 +0800] "POST /xingrg/kc/buy/cgsh_order_operate.html HTTP/1.1" 200 2667
124.78.155.92 - - [19/Sep/2023:12:56:13 +0800] "GET /xingrg/all/function/internal_message.html?_=1695099372621&CODE_STATE=getMsg HTTP/1.1" 200 27
116.230.110.33 - - [19/Sep/2023:12:56:16 +0800] "GET /xingrg/all/function/internal_message.html?_=1695099239542&CODE_STATE=getMsg HTTP/1.1" 200 27
218.79.28.44 - - [19/Sep/2023:12:56:18 +0800] "GET /xingrg/check_reg.html?_=1695099381139 HTTP/1.1" 200 22
218.79.28.44 - - [19/Sep/2023:12:56:18 +0800] "GET /xingrg/all/function/internal_message.html?_=1695099381134&CODE_STATE=getMsg HTTP/1.1" 200 27
180.157.249.83 - - [19/Sep/2023:12:56:20 +0800] "GET /xingrg/all/function/internal_message.html?_=1695099379609&CODE_STATE=getMsg HTTP/1.1" 200 27
114.95.241.104 - - [19/Sep/2023:12:56:27 +0800] "GET /xingrg/all/function/internal_message.html?_=1695099385382&CODE_STATE=getMsg HTTP/1.1" 200 27
172.20.0.100 - - [19/Sep/2023:12:56:30 +0800] "GET /xingrg/all/function/internal_message.html?_=1695099389474&CODE_STATE=getMsg HTTP/1.1" 200 27
124.79.244.212 - - [19/Sep/2023:12:56:31 +0800] "GET /xingrg/all/function/internal_message.html?_=1695099391943&CODE_STATE=getMsg HTTP/1.1" 302 -
124.78.69.58 - - [19/Sep/2023:12:56:38 +0800] "GET /xingrg/check_reg.html?_=1695098828514 HTTP/1.1" 200 22
120.253.135.82 - - [19/Sep/2023:12:56:41 +0800] "GET /xingrg/all/function/internal_message.html?_=1695099541989&CODE_STATE=getMsg HTTP/1.1" 200 27
222.70.180.200 - - [19/Sep/2023:12:56:45 +0800] "GET /xingrg/all/function/internal_message.html?_=1695099403169&CODE_STATE=getMsg HTTP/1.1" 200 27
101.83.145.37 - - [19/Sep/2023:12:56:46 +0800] "POST /xingrg/services/DataTransmitService HTTP/1.1" 200 524
101.83.145.37 - - [19/Sep/2023:12:56:47 +0800] "POST /xingrg/services/DataTransmitService HTTP/1.1" 200 501
101.83.145.37 - - [19/Sep/2023:12:56:48 +0800] "POST /xingrg/services/DataTransmitService HTTP/1.1" 200 501
116.230.110.33 - - [19/Sep/2023:12:56:48 +0800] "GET /xingrg/all/function/internal_message.html?_=1695099408565&CODE_STATE=getMsg HTTP/1.1" 200 27
101.83.145.37 - - [19/Sep/2023:12:56:48 +0800] "POST /xingrg/services/DataTransmitService HTTP/1.1" 200 501
101.83.145.37 - - [19/Sep/2023:12:56:49 +0800] "POST /xingrg/services/DataTransmitService HTTP/1.1" 200 501
101.83.145.37 - - [19/Sep/2023:12:56:49 +0800] "POST /xingrg/services/DataTransmitService HTTP/1.1" 200 501
101.83.145.37 - - [19/Sep/2023:12:56:50 +0800] "POST /xingrg/services/DataTransmitService HTTP/1.1" 200 501
101.83.145.37 - - [19/Sep/2023:12:56:51 +0800] "POST /xingrg/services/DataTransmitService HTTP/1.1" 200 501
101.83.145.37 - - [19/Sep/2023:12:56:51 +0800] "POST /xingrg/services/DataTransmitService HTTP/1.1" 200 501
101.83.145.37 - - [19/Sep/2023:12:56:51 +0800] "POST /xingrg/services/DataTransmitService HTTP/1.1" 200 412
180.169.147.146 - - [19/Sep/2023:12:56:53 +0800] "GET /xingrg/all/function/internal_message.html?_=1695099412510&CODE_STATE=getMsg HTTP/1.1" 200 27
222.70.107.161 - - [19/Sep/2023:12:56:54 +0800] "GET /xingrg/all/function/internal_message.html?_=1695099415666&CODE_STATE=getMsg HTTP/1.1" 200 27
180.169.147.146 - - [19/Sep/2023:12:56:56 +0800] "GET /xingrg/all/function/internal_message.html?_=1695099416149&CODE_STATE=getMsg HTTP/1.1" 200 27
180.152.241.196 - - [19/Sep/2023:12:57:00 +0800] "GET /xingrg/all/function/internal_message.html?_=1695099420361&CODE_STATE=getMsg HTTP/1.1" 200 27
114.83.222.222 - - [19/Sep/2023:12:57:00 +0800] "GET /xingrg/all/function/internal_message.html?_=1695099420873&CODE_STATE=getMsg HTTP/1.1" 200 27
116.230.116.69 - - [19/Sep/2023:12:57:02 +0800] "GET /xingrg/all/function/internal_message.html?_=1695099425120&CODE_STATE=getMsg HTTP/1.1" 200 27
101.83.145.37 - - [19/Sep/2023:12:57:02 +0800] "GET /xingrg/all/function/internal_message.html?_=1695099210713&CODE_STATE=getMsg HTTP/1.1" 200 27
221.239.166.189 - - [19/Sep/2023:12:57:03 +0800] "GET /xingrg/all/function/internal_message.html?_=1695099422355&CODE_STATE=getMsg HTTP/1.1" 200 27
124.79.244.212 - - [19/Sep/2023:12:57:03 +0800] "GET /xingrg/all/function/internal_message.html?_=1695099720651&CODE_STATE=getMsg HTTP/1.1" 200 27
221.239.166.189 - - [19/Sep/2023:12:57:04 +0800] "GET /xingrg/check_reg.html?_=1695099423329 HTTP/1.1" 200 22
101.83.145.37 - - [19/Sep/2023:12:57:05 +0800] "GET /xingrg/check_reg.html?_=1695099213087 HTTP/1.1" 200 22
101.228.187.155 - - [19/Sep/2023:12:57:08 +0800] "GET /xingrg/all/function/internal_message.html?_=1695099428097&CODE_STATE=getMsg HTTP/1.1" 200 27
101.228.187.155 - - [19/Sep/2023:12:57:09 +0800] "GET /xingrg/check_reg.html?_=1695099428974 HTTP/1.1" 200 22
180.165.48.189 - - [19/Sep/2023:12:57:09 +0800] "GET /xingrg/all/function/internal_message.html?_=1695099429683&CODE_STATE=getMsg HTTP/1.1" 200 27
116.230.116.69 - - [19/Sep/2023:12:57:13 +0800] "POST /xingrg/services/DataTransmitService HTTP/1.1" 200 524
180.163.29.219 - - [19/Sep/2023:12:57:13 +0800] "GET /xingrg/all/function/internal_message.html?_=1695099372621&CODE_STATE=getMsg HTTP/1.1" 302 -
180.163.29.219 - - [19/Sep/2023:12:57:13 +0800] "GET /xingrg/login.html HTTP/1.1" 200 7641
124.78.155.92 - - [19/Sep/2023:12:57:13 +0800] "GET /xingrg/all/function/internal_message.html?_=1695099432592&CODE_STATE=getMsg HTTP/1.1" 200 27
124.78.155.92 - - [19/Sep/2023:12:57:15 +0800] "GET /xingrg/check_reg.html?_=1695099434284 HTTP/1.1" 200 22
116.230.110.33 - - [19/Sep/2023:12:57:16 +0800] "GET /xingrg/all/function/internal_message.html?_=1695099299531&CODE_STATE=getMsg HTTP/1.1" 200 27
218.79.28.44 - - [19/Sep/2023:12:57:18 +0800] "GET /xingrg/all/function/internal_message.html?_=1695099441123&CODE_STATE=getMsg HTTP/1.1" 200 27
180.157.249.83 - - [19/Sep/2023:12:57:20 +0800] "GET /xingrg/all/function/internal_message.html?_=1695099439610&CODE_STATE=getMsg HTTP/1.1" 200 27
180.157.249.83 - - [19/Sep/2023:12:57:20 +0800] "GET /xingrg/check_reg.html?_=1695099439614 HTTP/1.1" 200 22
114.83.222.222 - - [19/Sep/2023:12:57:21 +0800] "GET /xingrg/check_reg.html?_=1695099441556 HTTP/1.1" 200 22
101.228.187.155 - - [19/Sep/2023:12:57:25 +0800] "POST /xingrg/kc/buy/cgsh_list_operate.html HTTP/1.1" 200 3177
114.95.241.104 - - [19/Sep/2023:12:57:27 +0800] "GET /xingrg/all/function/internal_message.html?_=1695099445367&CODE_STATE=getMsg HTTP/1.1" 200 27
172.20.0.100 - - [19/Sep/2023:12:57:30 +0800] "GET /xingrg/all/function/internal_message.html?_=1695099449459&CODE_STATE=getMsg HTTP/1.1" 200 27
124.79.244.212 - - [19/Sep/2023:12:57:31 +0800] "GET /xingrg/all/function/internal_message.html?_=1695099451944&CODE_STATE=getMsg HTTP/1.1" 302 -
124.79.244.212 - - [19/Sep/2023:12:57:31 +0800] "GET /xingrg/check_reg.html?_=1695099451948 HTTP/1.1" 302 -
120.253.135.82 - - [19/Sep/2023:12:57:41 +0800] "GET /xingrg/all/function/internal_message.html?_=1695099602234&CODE_STATE=getMsg HTTP/1.1" 200 27
222.70.180.200 - - [19/Sep/2023:12:57:45 +0800] "GET /xingrg/all/function/internal_message.html?_=1695099463169&CODE_STATE=getMsg HTTP/1.1" 200 27
116.230.110.33 - - [19/Sep/2023:12:57:48 +0800] "GET /xingrg/all/function/internal_message.html?_=1695099468583&CODE_STATE=getMsg HTTP/1.1" 200 27
180.169.147.146 - - [19/Sep/2023:12:57:53 +0800] "GET /xingrg/all/function/internal_message.html?_=1695099472496&CODE_STATE=getMsg HTTP/1.1" 200 27
180.169.147.146 - - [19/Sep/2023:12:57:53 +0800] "GET /xingrg/check_reg.html?_=1695099472498 HTTP/1.1" 200 22
222.70.107.161 - - [19/Sep/2023:12:57:54 +0800] "GET /xingrg/all/function/internal_message.html?_=1695099475657&CODE_STATE=getMsg HTTP/1.1" 200 27
180.169.147.146 - - [19/Sep/2023:12:57:56 +0800] "GET /xingrg/all/function/internal_message.html?_=1695099476137&CODE_STATE=getMsg HTTP/1.1" 200 27
180.152.241.196 - - [19/Sep/2023:12:58:00 +0800] "GET /xingrg/all/function/internal_message.html?_=1695099480346&CODE_STATE=getMsg HTTP/1.1" 200 27
114.83.222.222 - - [19/Sep/2023:12:58:00 +0800] "GET /xingrg/all/function/internal_message.html?_=1695099480855&CODE_STATE=getMsg HTTP/1.1" 200 27
116.230.116.69 - - [19/Sep/2023:12:58:02 +0800] "GET /xingrg/all/function/internal_message.html?_=1695099485127&CODE_STATE=getMsg HTTP/1.1" 200 27
101.83.145.37 - - [19/Sep/2023:12:58:02 +0800] "GET /xingrg/all/function/internal_message.html?_=1695099270686&CODE_STATE=getMsg HTTP/1.1" 200 27
124.79.244.212 - - [19/Sep/2023:12:58:03 +0800] "GET /xingrg/all/function/internal_message.html?_=1695099780619&CODE_STATE=getMsg HTTP/1.1" 200 27
221.239.166.189 - - [19/Sep/2023:12:58:03 +0800] "GET /xingrg/all/function/internal_message.html?_=1695099482348&CODE_STATE=getMsg HTTP/1.1" 200 27
116.230.116.69 - - [19/Sep/2023:12:58:04 +0800] "POST /xingrg/services/DataTransmitService HTTP/1.1" 200 501
101.228.187.155 - - [19/Sep/2023:12:58:08 +0800] "GET /xingrg/all/function/internal_message.html?_=1695099488081&CODE_STATE=getMsg HTTP/1.1" 200 27
180.165.48.189 - - [19/Sep/2023:12:58:09 +0800] "GET /xingrg/all/function/internal_message.html?_=1695099489680&CODE_STATE=getMsg HTTP/1.1" 200 27
124.78.155.92 - - [19/Sep/2023:12:58:13 +0800] "GET /xingrg/all/function/internal_message.html?_=1695099492568&CODE_STATE=getMsg HTTP/1.1" 200 27
180.163.30.85 - - [19/Sep/2023:12:58:15 +0800] "GET /xingrg/check_reg.html?_=1695099434284 HTTP/1.1" 302 -
180.163.30.85 - - [19/Sep/2023:12:58:15 +0800] "GET /xingrg/login.html HTTP/1.1" 200 7641
116.230.110.33 - - [19/Sep/2023:12:58:16 +0800] "GET /xingrg/all/function/internal_message.html?_=1695099359538&CODE_STATE=getMsg HTTP/1.1" 200 27
116.230.110.33 - - [19/Sep/2023:12:58:16 +0800] "GET /xingrg/check_reg.html?_=1695099359540 HTTP/1.1" 200 22
218.79.28.44 - - [19/Sep/2023:12:58:18 +0800] "GET /xingrg/all/function/internal_message.html?_=1695099501123&CODE_STATE=getMsg HTTP/1.1" 200 27
180.157.249.83 - - [19/Sep/2023:12:58:20 +0800] "GET /xingrg/all/function/internal_message.html?_=1695099499615&CODE_STATE=getMsg HTTP/1.1" 200 27
114.95.241.104 - - [19/Sep/2023:12:58:27 +0800] "GET /xingrg/all/function/internal_message.html?_=1695099505355&CODE_STATE=getMsg HTTP/1.1" 200 27
172.20.0.100 - - [19/Sep/2023:12:58:30 +0800] "GET /xingrg/all/function/internal_message.html?_=1695099509463&CODE_STATE=getMsg HTTP/1.1" 200 27
172.20.0.100 - - [19/Sep/2023:12:58:30 +0800] "GET /xingrg/check_reg.html?_=1695099509465 HTTP/1.1" 200 22
124.79.244.212 - - [19/Sep/2023:12:58:31 +0800] "GET /xingrg/all/function/internal_message.html?_=1695099511951&CODE_STATE=getMsg HTTP/1.1" 302 -
180.169.147.146 - - [19/Sep/2023:12:58:44 +0800] "POST /xingrg/all/user/operate.html HTTP/1.1" 200 36
180.169.147.146 - - [19/Sep/2023:12:58:45 +0800] "GET /xingrg/index.html?sysBaseUrl=http%3A%2F%2F180.169.147.146%3A18081%2Fxingrg%2F&costTime=1023×tamp=1695087837640 HTTP/1.1" 200 17503
180.169.147.146 - - [19/Sep/2023:12:58:45 +0800] "GET /xingrg/javascript/jquery_easy_ui/themes/default/easyui.css HTTP/1.1" 304 -
222.70.180.200 - - [19/Sep/2023:12:58:45 +0800] "GET /xingrg/all/function/internal_message.html?_=1695099523168&CODE_STATE=getMsg HTTP/1.1" 200 27
180.169.147.146 - - [19/Sep/2023:12:58:45 +0800] "GET /xingrg/javascript/jquery_easy_ui/themes/icon.css HTTP/1.1" 304 -
222.70.180.200 - - [19/Sep/2023:12:58:45 +0800] "GET /xingrg/check_reg.html?_=1695099523176 HTTP/1.1" 200 22
180.169.147.146 - - [19/Sep/2023:12:58:45 +0800] "GET /xingrg/css/form.css HTTP/1.1" 304 -
180.169.147.146 - - [19/Sep/2023:12:58:45 +0800] "GET /xingrg/javascript/jquery-1.4.2.min.js HTTP/1.1" 304 -
180.169.147.146 - - [19/Sep/2023:12:58:45 +0800] "GET /xingrg/javascript/jquery_easy_ui/jquery.easyui.min.js HTTP/1.1" 304 -
180.169.147.146 - - [19/Sep/2023:12:58:45 +0800] "GET /xingrg/javascript/jquery_easy_ui/easyui-lang-zh_CN.js HTTP/1.1" 304 -
180.169.147.146 - - [19/Sep/2023:12:58:45 +0800] "GET /xingrg/javascript/jquery.form.js HTTP/1.1" 304 -
180.169.147.146 - - [19/Sep/2023:12:58:45 +0800] "GET /xingrg/javascript/jquery.utils.js HTTP/1.1" 304 -
180.169.147.146 - - [19/Sep/2023:12:58:45 +0800] "GET /xingrg/javascript/jquery.timers.js HTTP/1.1" 304 -
180.169.147.146 - - [19/Sep/2023:12:58:45 +0800] "GET /xingrg/images/blue/jxLogo.png HTTP/1.1" 304 -
180.169.147.146 - - [19/Sep/2023:12:58:45 +0800] "GET /xingrg/javascript/jquery_easy_ui/themes/icons/settle_new.png HTTP/1.1" 304 -
180.169.147.146 - - [19/Sep/2023:12:58:45 +0800] "GET /xingrg/images/blue/navBackgound.jpg HTTP/1.1" 304 -
180.169.147.146 - - [19/Sep/2023:12:58:45 +0800] "GET /xingrg/all/function/internal_message.html?_=1695099525168&CODE_STATE=count HTTP/1.1" 200 11
180.169.147.146 - - [19/Sep/2023:12:58:45 +0800] "GET /xingrg/check_reg.html?_=1695099525168 HTTP/1.1" 200 22
180.169.147.146 - - [19/Sep/2023:12:58:45 +0800] "GET /xingrg/javascript/jquery_easy_ui/themes/default/images/panel_tool_collapse.gif HTTP/1.1" 304 -
180.169.147.146 - - [19/Sep/2023:12:58:45 +0800] "GET /xingrg/javascript/jquery_easy_ui/themes/default/images/tabs_rightarrow.png HTTP/1.1" 304 -
180.169.147.146 - - [19/Sep/2023:12:58:45 +0800] "GET /xingrg/javascript/jquery_easy_ui/themes/default/images/panel_tool_expand.gif HTTP/1.1" 304 -
180.169.147.146 - - [19/Sep/2023:12:58:45 +0800] "GET /xingrg/images/blue/pingpu.png HTTP/1.1" 304 -
180.169.147.146 - - [19/Sep/2023:12:58:45 +0800] "GET /xingrg/javascript/jquery_easy_ui/themes/default/images/tabs_leftarrow.png HTTP/1.1" 304 -
180.169.147.146 - - [19/Sep/2023:12:58:45 +0800] "POST /xingrg/all/common/load_tree.html?tree=area_rest_tree_json&manage=1 HTTP/1.1" 200 3499
180.169.147.146 - - [19/Sep/2023:12:58:45 +0800] "POST /xingrg/load_menu.html HTTP/1.1" 200 9959
116.230.110.33 - - [19/Sep/2023:12:58:48 +0800] "GET /xingrg/all/function/internal_message.html?_=1695099528554&CODE_STATE=getMsg HTTP/1.1" 200 27
116.230.110.33 - - [19/Sep/2023:12:58:49 +0800] "GET /xingrg/check_reg.html?_=1695099529009 HTTP/1.1" 200 22
180.169.147.146 - - [19/Sep/2023:12:58:50 +0800] "GET /xingrg/kc/mdqp/psth_order_list1.html HTTP/1.1" 200 18028
180.169.147.146 - - [19/Sep/2023:12:58:50 +0800] "POST /xingrg/kc/mdqp/psth_list_operate.html HTTP/1.1" 200 749
180.169.147.146 - - [19/Sep/2023:12:58:53 +0800] "GET /xingrg/all/function/internal_message.html?_=1695099532511&CODE_STATE=getMsg HTTP/1.1" 200 27
222.70.107.161 - - [19/Sep/2023:12:58:54 +0800] "GET /xingrg/all/function/internal_message.html?_=1695099535684&CODE_STATE=getMsg HTTP/1.1" 200 27
180.152.241.196 - - [19/Sep/2023:12:59:00 +0800] "GET /xingrg/all/function/internal_message.html?_=1695099540318&CODE_STATE=getMsg HTTP/1.1" 200 27
114.83.222.222 - - [19/Sep/2023:12:59:00 +0800] "GET /xingrg/all/function/internal_message.html?_=1695099540826&CODE_STATE=getMsg HTTP/1.1" 200 27
180.169.147.146 - - [19/Sep/2023:12:59:00 +0800] "POST /xingrg/kc/mdqp/psth_list_operate.html HTTP/1.1" 200 1543
116.230.116.69 - - [19/Sep/2023:12:59:00 +0800] "GET /xingrg/check_reg.html?_=1695099543222 HTTP/1.1" 200 22
116.230.116.69 - - [19/Sep/2023:12:59:02 +0800] "GET /xingrg/all/function/internal_message.html?_=1695099545140&CODE_STATE=getMsg HTTP/1.1" 200 27
101.83.145.37 - - [19/Sep/2023:12:59:02 +0800] "GET /xingrg/all/function/internal_message.html?_=1695099330656&CODE_STATE=getMsg HTTP/1.1" 200 27
221.239.166.189 - - [19/Sep/2023:12:59:03 +0800] "GET /xingrg/all/function/internal_message.html?_=1695099542339&CODE_STATE=getMsg HTTP/1.1" 200 27
124.79.244.212 - - [19/Sep/2023:12:59:03 +0800] "GET /xingrg/all/function/internal_message.html?_=1695099840589&CODE_STATE=getMsg HTTP/1.1" 200 27
124.79.244.212 - - [19/Sep/2023:12:59:03 +0800] "GET /xingrg/check_reg.html?_=1695099841183 HTTP/1.1" 200 22
180.169.147.146 - - [19/Sep/2023:12:59:04 +0800] "POST /xingrg/kc/mdqp/psth_list_operate.html HTTP/1.1" 200 749
180.169.147.146 - - [19/Sep/2023:12:59:05 +0800] "POST /xingrg/kc/mdqp/psth_list_operate.html HTTP/1.1" 200 749
101.228.187.155 - - [19/Sep/2023:12:59:08 +0800] "GET /xingrg/all/function/internal_message.html?_=1695099548066&CODE_STATE=getMsg HTTP/1.1" 200 27
180.165.48.189 - - [19/Sep/2023:12:59:09 +0800] "GET /xingrg/all/function/internal_message.html?_=1695099549674&CODE_STATE=getMsg HTTP/1.1" 200 27
180.169.147.146 - - [19/Sep/2023:12:59:09 +0800] "POST /xingrg/kc/mdqp/psth_list_operate.html HTTP/1.1" 200 1543
180.169.147.146 - - [19/Sep/2023:12:59:10 +0800] "POST /xingrg/kc/mdqp/psth_list_operate.html HTTP/1.1" 200 205
180.169.147.146 - - [19/Sep/2023:12:59:13 +0800] "GET /xingrg/kc/mdqp/psth_order_info1.html?code=322023041200003 HTTP/1.1" 200 22487
180.169.147.146 - - [19/Sep/2023:12:59:13 +0800] "GET /xingrg/javascript/jquery_tools/jquery-1.4.2.min.js HTTP/1.1" 404 1094
180.169.147.146 - - [19/Sep/2023:12:59:13 +0800] "GET /xingrg/words/20230919093243_words.js HTTP/1.1" 304 -
124.78.155.92 - - [19/Sep/2023:12:59:13 +0800] "GET /xingrg/all/function/internal_message.html?_=1695099552541&CODE_STATE=getMsg HTTP/1.1" 200 27
180.169.147.146 - - [19/Sep/2023:12:59:13 +0800] "GET /xingrg/javascript/easyui/themes/default/validatebox.css HTTP/1.1" 404 1104
180.169.147.146 - - [19/Sep/2023:12:59:13 +0800] "POST /xingrg/kc/mdqp/psth_order_operate.html HTTP/1.1" 200 490
116.230.110.33 - - [19/Sep/2023:12:59:16 +0800] "GET /xingrg/all/function/internal_message.html?_=1695099419552&CODE_STATE=getMsg HTTP/1.1" 200 27
180.157.249.83 - - [19/Sep/2023:12:59:20 +0800] "GET /xingrg/all/function/internal_message.html?_=1695099559616&CODE_STATE=getMsg HTTP/1.1" 200 27
180.169.147.146 - - [19/Sep/2023:12:59:23 +0800] "POST /xingrg/all/user/operate.html HTTP/1.1" 200 36
180.169.147.146 - - [19/Sep/2023:12:59:23 +0800] "GET /xingrg/index.html?sysBaseUrl=http%3A%2F%2F180.169.147.146%3A18081%2Fxingrg%2F&costTime=1023×tamp=1695087837640 HTTP/1.1" 200 17503
180.169.147.146 - - [19/Sep/2023:12:59:23 +0800] "GET /xingrg/javascript/jquery_easy_ui/themes/default/easyui.css HTTP/1.1" 304 -
180.169.147.146 - - [19/Sep/2023:12:59:23 +0800] "GET /xingrg/javascript/jquery_easy_ui/themes/icon.css HTTP/1.1" 304 -
180.169.147.146 - - [19/Sep/2023:12:59:23 +0800] "GET /xingrg/css/form.css HTTP/1.1" 304 -
180.169.147.146 - - [19/Sep/2023:12:59:23 +0800] "GET /xingrg/javascript/jquery-1.4.2.min.js HTTP/1.1" 304 -
180.169.147.146 - - [19/Sep/2023:12:59:23 +0800] "GET /xingrg/javascript/jquery_easy_ui/jquery.easyui.min.js HTTP/1.1" 304 -
180.169.147.146 - - [19/Sep/2023:12:59:23 +0800] "GET /xingrg/javascript/jquery_easy_ui/easyui-lang-zh_CN.js HTTP/1.1" 304 -
180.169.147.146 - - [19/Sep/2023:12:59:23 +0800] "GET /xingrg/javascript/jquery.form.js HTTP/1.1" 304 -
180.169.147.146 - - [19/Sep/2023:12:59:23 +0800] "GET /xingrg/javascript/jquery.utils.js HTTP/1.1" 304 -
180.169.147.146 - - [19/Sep/2023:12:59:23 +0800] "GET /xingrg/javascript/jquery.timers.js HTTP/1.1" 304 -
180.169.147.146 - - [19/Sep/2023:12:59:23 +0800] "GET /xingrg/images/blue/jxLogo.png HTTP/1.1" 304 -
180.169.147.146 - - [19/Sep/2023:12:59:23 +0800] "GET /xingrg/javascript/jquery_easy_ui/themes/icons/settle_new.png HTTP/1.1" 304 -
180.169.147.146 - - [19/Sep/2023:12:59:23 +0800] "GET /xingrg/images/blue/navBackgound.jpg HTTP/1.1" 304 -
180.169.147.146 - - [19/Sep/2023:12:59:23 +0800] "GET /xingrg/all/function/internal_message.html?_=1695099563132&CODE_STATE=count HTTP/1.1" 200 11
180.169.147.146 - - [19/Sep/2023:12:59:23 +0800] "GET /xingrg/check_reg.html?_=1695099563133 HTTP/1.1" 200 22
180.169.147.146 - - [19/Sep/2023:12:59:23 +0800] "GET /xingrg/javascript/jquery_easy_ui/themes/default/images/tabs_leftarrow.png HTTP/1.1" 304 -
180.169.147.146 - - [19/Sep/2023:12:59:23 +0800] "GET /xingrg/javascript/jquery_easy_ui/themes/default/images/tabs_rightarrow.png HTTP/1.1" 304 -
180.169.147.146 - - [19/Sep/2023:12:59:23 +0800] "GET /xingrg/images/blue/pingpu.png HTTP/1.1" 304 -
180.169.147.146 - - [19/Sep/2023:12:59:23 +0800] "GET /xingrg/javascript/jquery_easy_ui/themes/default/images/panel_tool_expand.gif HTTP/1.1" 304 -
180.169.147.146 - - [19/Sep/2023:12:59:23 +0800] "GET /xingrg/javascript/jquery_easy_ui/themes/default/images/panel_tool_collapse.gif HTTP/1.1" 304 -
180.169.147.146 - - [19/Sep/2023:12:59:23 +0800] "POST /xingrg/all/common/load_tree.html?tree=area_rest_tree_json&manage=1 HTTP/1.1" 200 3499
180.169.147.146 - - [19/Sep/2023:12:59:23 +0800] "POST /xingrg/load_menu.html HTTP/1.1" 200 11564
114.95.241.104 - - [19/Sep/2023:12:59:27 +0800] "GET /xingrg/all/function/internal_message.html?_=1695099565324&CODE_STATE=getMsg HTTP/1.1" 200 27
172.20.0.100 - - [19/Sep/2023:12:59:30 +0800] "GET /xingrg/all/function/internal_message.html?_=1695099569468&CODE_STATE=getMsg HTTP/1.1" 200 27
124.79.244.212 - - [19/Sep/2023:12:59:31 +0800] "GET /xingrg/all/function/internal_message.html?_=1695099571944&CODE_STATE=getMsg HTTP/1.1" 302 -
180.169.147.146 - - [19/Sep/2023:12:59:32 +0800] "GET /xingrg/kc/pszx/mdth_order_list.html HTTP/1.1" 200 18532
180.169.147.146 - - [19/Sep/2023:12:59:32 +0800] "POST /xingrg/kc/pszx/mdth_order_new_list.html HTTP/1.1" 200 4739
180.169.147.146 - - [19/Sep/2023:12:59:37 +0800] "POST /xingrg/kc/pszx/mdth_order_new_list.html HTTP/1.1" 200 5312
180.169.147.146 - - [19/Sep/2023:12:59:40 +0800] "POST /xingrg/kc/pszx/mdth_order_new_list.html HTTP/1.1" 200 211
180.169.147.146 - - [19/Sep/2023:12:59:41 +0800] "POST /xingrg/kc/pszx/mdth_order_new_list.html HTTP/1.1" 200 296
222.70.180.200 - - [19/Sep/2023:12:59:45 +0800] "GET /xingrg/all/function/internal_message.html?_=1695099583176&CODE_STATE=getMsg HTTP/1.1" 200 27
116.230.110.33 - - [19/Sep/2023:12:59:48 +0800] "GET /xingrg/all/function/internal_message.html?_=1695099588561&CODE_STATE=getMsg HTTP/1.1" 200 27
180.163.28.109 - - [19/Sep/2023:12:59:49 +0800] "GET /xingrg/kc/mdqp/psth_order_list1.html HTTP/1.1" 302 -
180.163.28.109 - - [19/Sep/2023:12:59:49 +0800] "GET /xingrg/login.html HTTP/1.1" 200 7641
180.169.147.146 - - [19/Sep/2023:12:59:53 +0800] "GET /xingrg/all/function/internal_message.html?_=1695099592505&CODE_STATE=getMsg HTTP/1.1" 200 27
222.70.107.161 - - [19/Sep/2023:12:59:54 +0800] "GET /xingrg/all/function/internal_message.html?_=1695099595692&CODE_STATE=getMsg HTTP/1.1" 200 27
180.152.241.196 - - [19/Sep/2023:13:00:00 +0800] "GET /xingrg/all/function/internal_message.html?_=1695099600304&CODE_STATE=getMsg HTTP/1.1" 200 27
114.83.222.222 - - [19/Sep/2023:13:00:00 +0800] "GET /xingrg/all/function/internal_message.html?_=1695099600795&CODE_STATE=getMsg HTTP/1.1" 200 27
101.83.145.37 - - [19/Sep/2023:13:00:02 +0800] "GET /xingrg/all/function/internal_message.html?_=1695099390642&CODE_STATE=getMsg HTTP/1.1" 200 27
116.230.116.69 - - [19/Sep/2023:13:00:02 +0800] "GET /xingrg/all/function/internal_message.html?_=1695099605153&CODE_STATE=getMsg HTTP/1.1" 200 27
124.79.244.212 - - [19/Sep/2023:13:00:03 +0800] "GET /xingrg/all/function/internal_message.html?_=1695099900560&CODE_STATE=getMsg HTTP/1.1" 200 27
221.239.166.189 - - [19/Sep/2023:13:00:03 +0800] "GET /xingrg/all/function/internal_message.html?_=1695099602339&CODE_STATE=getMsg HTTP/1.1" 200 27
101.228.187.155 - - [19/Sep/2023:13:00:08 +0800] "GET /xingrg/all/function/internal_message.html?_=1695099608052&CODE_STATE=getMsg HTTP/1.1" 200 27
180.165.48.189 - - [19/Sep/2023:13:00:09 +0800] "GET /xingrg/check_reg.html?_=1695099609678 HTTP/1.1" 200 22
180.165.48.189 - - [19/Sep/2023:13:00:09 +0800] "GET /xingrg/all/function/internal_message.html?_=1695099609680&CODE_STATE=getMsg HTTP/1.1" 200 27
124.78.155.92 - - [19/Sep/2023:13:00:13 +0800] "GET /xingrg/all/function/internal_message.html?_=1695099612510&CODE_STATE=getMsg HTTP/1.1" 200 27
116.230.110.33 - - [19/Sep/2023:13:00:16 +0800] "GET /xingrg/all/function/internal_message.html?_=1695099479554&CODE_STATE=getMsg HTTP/1.1" 200 27
180.157.249.83 - - [19/Sep/2023:13:00:20 +0800] "GET /xingrg/all/function/internal_message.html?_=1695099619616&CODE_STATE=getMsg HTTP/1.1" 200 27
180.169.147.146 - - [19/Sep/2023:13:00:23 +0800] "GET /xingrg/all/function/internal_message.html?_=1695099623155&CODE_STATE=getMsg HTTP/1.1" 200 27
114.95.241.104 - - [19/Sep/2023:13:00:27 +0800] "GET /xingrg/all/function/internal_message.html?_=1695099625303&CODE_STATE=getMsg HTTP/1.1" 200 27
114.95.241.104 - - [19/Sep/2023:13:00:27 +0800] "GET /xingrg/check_reg.html?_=1695099625495 HTTP/1.1" 200 22
172.20.0.100 - - [19/Sep/2023:13:00:30 +0800] "GET /xingrg/all/function/internal_message.html?_=1695099629470&CODE_STATE=getMsg HTTP/1.1" 200 27
124.79.244.212 - - [19/Sep/2023:13:00:32 +0800] "GET /xingrg/all/function/internal_message.html?_=1695099631959&CODE_STATE=getMsg HTTP/1.1" 302 -
180.163.29.206 - - [19/Sep/2023:13:00:32 +0800] "GET /xingrg/kc/pszx/mdth_order_list.html HTTP/1.1" 302 -
180.163.29.206 - - [19/Sep/2023:13:00:32 +0800] "GET /xingrg/login.html HTTP/1.1" 200 7641
222.70.180.200 - - [19/Sep/2023:13:00:45 +0800] "GET /xingrg/all/function/internal_message.html?_=1695099643176&CODE_STATE=getMsg HTTP/1.1" 200 27
116.230.110.33 - - [19/Sep/2023:13:00:48 +0800] "GET /xingrg/all/function/internal_message.html?_=1695099648571&CODE_STATE=getMsg HTTP/1.1" 200 27
180.169.147.146 - - [19/Sep/2023:13:00:53 +0800] "GET /xingrg/all/function/internal_message.html?_=1695099652523&CODE_STATE=getMsg HTTP/1.1" 200 27
222.70.107.161 - - [19/Sep/2023:13:00:54 +0800] "GET /xingrg/all/function/internal_message.html?_=1695099655692&CODE_STATE=getMsg HTTP/1.1" 200 27
222.70.107.161 - - [19/Sep/2023:13:00:54 +0800] "GET /xingrg/check_reg.html?_=1695099655683 HTTP/1.1" 200 22
180.152.241.196 - - [19/Sep/2023:13:01:00 +0800] "GET /xingrg/all/function/internal_message.html?_=1695099660278&CODE_STATE=getMsg HTTP/1.1" 200 27
114.83.222.222 - - [19/Sep/2023:13:01:00 +0800] "GET /xingrg/all/function/internal_message.html?_=1695099660766&CODE_STATE=getMsg HTTP/1.1" 200 27
180.152.241.196 - - [19/Sep/2023:13:01:01 +0800] "GET /xingrg/check_reg.html?_=1695099661604 HTTP/1.1" 200 22
101.83.145.37 - - [19/Sep/2023:13:01:02 +0800] "GET /xingrg/all/function/internal_message.html?_=1695099450627&CODE_STATE=getMsg HTTP/1.1" 200 27
116.230.116.69 - - [19/Sep/2023:13:01:02 +0800] "GET /xingrg/all/function/internal_message.html?_=1695099665167&CODE_STATE=getMsg HTTP/1.1" 200 27
221.239.166.189 - - [19/Sep/2023:13:01:03 +0800] "GET /xingrg/all/function/internal_message.html?_=1695099662325&CODE_STATE=getMsg HTTP/1.1" 200 27
124.79.244.212 - - [19/Sep/2023:13:01:03 +0800] "GET /xingrg/all/function/internal_message.html?_=1695099960536&CODE_STATE=getMsg HTTP/1.1" 200 27
101.228.187.155 - - [19/Sep/2023:13:01:08 +0800] "GET /xingrg/all/function/internal_message.html?_=1695099668036&CODE_STATE=getMsg HTTP/1.1" 200 27
180.165.48.189 - - [19/Sep/2023:13:01:09 +0800] "GET /xingrg/all/function/internal_message.html?_=1695099669672&CODE_STATE=getMsg HTTP/1.1" 200 27
124.78.155.92 - - [19/Sep/2023:13:01:13 +0800] "GET /xingrg/all/function/internal_message.html?_=1695099672480&CODE_STATE=getMsg HTTP/1.1" 200 27
116.230.110.33 - - [19/Sep/2023:13:01:16 +0800] "GET /xingrg/all/function/internal_message.html?_=1695099539544&CODE_STATE=getMsg HTTP/1.1" 200 27
180.152.241.196 - - [19/Sep/2023:13:01:17 +0800] "GET /xingrg/login.html HTTP/1.1" 200 7641
180.152.241.196 - - [19/Sep/2023:13:01:17 +0800] "GET /favicon.ico HTTP/1.1" 404 -
180.157.249.83 - - [19/Sep/2023:13:01:20 +0800] "GET /xingrg/all/function/internal_message.html?_=1695099679617&CODE_STATE=getMsg HTTP/1.1" 200 27
180.169.147.146 - - [19/Sep/2023:13:01:23 +0800] "GET /xingrg/all/function/internal_message.html?_=1695099683153&CODE_STATE=getMsg HTTP/1.1" 200 27
114.95.241.104 - - [19/Sep/2023:13:01:27 +0800] "GET /xingrg/all/function/internal_message.html?_=1695099685278&CODE_STATE=getMsg HTTP/1.1" 200 27
172.20.0.100 - - [19/Sep/2023:13:01:30 +0800] "GET /xingrg/all/function/internal_message.html?_=1695099689472&CODE_STATE=getMsg HTTP/1.1" 200 27
180.152.241.196 - - [19/Sep/2023:13:01:31 +0800] "POST /xingrg/login.do HTTP/1.1" 302 -
180.152.241.196 - - [19/Sep/2023:13:01:31 +0800] "GET /xingrg/index.html?sysBaseUrl=http%3A%2F%2F180.169.147.146%3A18081%2Fxingrg%2F&costTime=950×tamp=1695099691047 HTTP/1.1" 200 17173
180.152.241.196 - - [19/Sep/2023:13:01:31 +0800] "GET /favicon.ico HTTP/1.1" 404 -
180.152.241.196 - - [19/Sep/2023:13:01:31 +0800] "GET /xingrg/check_reg.html?_=1695099699435 HTTP/1.1" 200 22
180.152.241.196 - - [19/Sep/2023:13:01:31 +0800] "GET /xingrg/all/function/internal_message.html?_=1695099699434&CODE_STATE=count HTTP/1.1" 200 11
180.152.241.196 - - [19/Sep/2023:13:01:31 +0800] "POST /xingrg/all/common/load_tree.html?tree=area_rest_tree_json&manage=1 HTTP/1.1" 200 342
180.152.241.196 - - [19/Sep/2023:13:01:31 +0800] "POST /xingrg/load_menu.html HTTP/1.1" 200 5138
124.79.244.212 - - [19/Sep/2023:13:01:31 +0800] "GET /xingrg/all/function/internal_message.html?_=1695099691957&CODE_STATE=getMsg HTTP/1.1" 302 -
180.152.241.196 - - [19/Sep/2023:13:01:36 +0800] "GET /xingrg/kc/mdqp/pssh_order_list.html HTTP/1.1" 200 17964
180.152.241.196 - - [19/Sep/2023:13:01:36 +0800] "POST /xingrg/kc/mdqp/pssh_list_operate.html HTTP/1.1" 200 5420
124.78.69.58 - - [19/Sep/2023:13:01:38 +0800] "GET /xingrg/check_reg.html?_=1695099128510 HTTP/1.1" 200 22
180.152.241.196 - - [19/Sep/2023:13:01:40 +0800] "POST /xingrg/kc/mdqp/pssh_list_operate.html HTTP/1.1" 200 260
116.230.110.33 - - [19/Sep/2023:13:01:40 +0800] "GET /xingrg/kc/base/base_main.html HTTP/1.1" 200 12142
120.253.135.82 - - [19/Sep/2023:13:01:41 +0800] "GET /xingrg/all/function/internal_message.html?_=1695099842247&CODE_STATE=getMsg HTTP/1.1" 200 27
116.230.110.33 - - [19/Sep/2023:13:01:42 +0800] "GET /xingrg/kc/base/check_order_list.html HTTP/1.1" 200 16560
180.152.241.196 - - [19/Sep/2023:13:01:42 +0800] "GET /xingrg/kc/mdqp/pssh_order_info.html?code=312023091800440 HTTP/1.1" 200 17250
180.152.241.196 - - [19/Sep/2023:13:01:42 +0800] "GET /xingrg/javascript/jquery_tools/jquery-1.4.2.min.js HTTP/1.1" 404 1094
180.152.241.196 - - [19/Sep/2023:13:01:42 +0800] "GET /xingrg/words/20230919093243_words.js HTTP/1.1" 200 987068
116.230.110.33 - - [19/Sep/2023:13:01:42 +0800] "POST /xingrg/kc/base/check_list_operate.html HTTP/1.1" 200 781
180.152.241.196 - - [19/Sep/2023:13:01:43 +0800] "GET /xingrg/javascript/easyui/themes/default/validatebox.css HTTP/1.1" 404 1104
180.152.241.196 - - [19/Sep/2023:13:01:43 +0800] "GET /xingrg/all/common/auto_word.html?type=employee&rest_code=00102 HTTP/1.1" 200 189
180.152.241.196 - - [19/Sep/2023:13:01:43 +0800] "POST /xingrg/kc/mdqp/pssh_order_operate.html HTTP/1.1" 200 530
180.152.241.196 - - [19/Sep/2023:13:01:43 +0800] "GET /xingrg/all/common/auto_word.html?type=base&rest_code=00102&rest_code=00102 HTTP/1.1" 200 1857
116.230.110.33 - - [19/Sep/2023:13:01:44 +0800] "POST /xingrg/kc/base/check_list_operate.html HTTP/1.1" 200 5508
180.152.241.196 - - [19/Sep/2023:13:01:44 +0800] "GET /xingrg/kc/mdqp/pssh_order_list.html HTTP/1.1" 200 17964
222.70.180.200 - - [19/Sep/2023:13:01:45 +0800] "GET /xingrg/all/function/internal_message.html?_=1695099703201&CODE_STATE=getMsg HTTP/1.1" 200 27
180.152.241.196 - - [19/Sep/2023:13:01:45 +0800] "POST /xingrg/kc/mdqp/pssh_list_operate.html HTTP/1.1" 200 5420
116.230.110.33 - - [19/Sep/2023:13:01:48 +0800] "GET /xingrg/all/function/internal_message.html?_=1695099708560&CODE_STATE=getMsg HTTP/1.1" 200 27
180.169.147.146 - - [19/Sep/2023:13:01:53 +0800] "GET /xingrg/all/function/internal_message.html?_=1695099712506&CODE_STATE=getMsg HTTP/1.1" 200 27
222.70.107.161 - - [19/Sep/2023:13:01:54 +0800] "GET /xingrg/all/function/internal_message.html?_=1695099715691&CODE_STATE=getMsg HTTP/1.1" 200 27
180.152.241.196 - - [19/Sep/2023:13:02:00 +0800] "GET /xingrg/all/function/internal_message.html?_=1695099720267&CODE_STATE=getMsg HTTP/1.1" 200 27
114.83.222.222 - - [19/Sep/2023:13:02:00 +0800] "GET /xingrg/all/function/internal_message.html?_=1695099720749&CODE_STATE=getMsg HTTP/1.1" 200 27
101.83.145.37 - - [19/Sep/2023:13:02:02 +0800] "GET /xingrg/all/function/internal_message.html?_=1695099510598&CODE_STATE=getMsg HTTP/1.1" 200 27
116.230.116.69 - - [19/Sep/2023:13:02:02 +0800] "GET /xingrg/all/function/internal_message.html?_=1695099725369&CODE_STATE=getMsg HTTP/1.1" 200 27
221.239.166.189 - - [19/Sep/2023:13:02:03 +0800] "GET /xingrg/all/function/internal_message.html?_=1695099722298&CODE_STATE=getMsg HTTP/1.1" 200 27
124.79.244.212 - - [19/Sep/2023:13:02:03 +0800] "GET /xingrg/all/function/internal_message.html?_=1695100020512&CODE_STATE=getMsg HTTP/1.1" 200 27
