124.78.155.92 - - [19/Sep/2023:11:22:15 +0800] "POST /xingrg/kc/base/wldb_order_operate.html HTTP/1.1" 200 2196
116.230.110.33 - - [19/Sep/2023:11:22:16 +0800] "GET /xingrg/all/function/internal_message.html?_=1695093599555&CODE_STATE=getMsg HTTP/1.1" 200 27
180.152.241.196 - - [19/Sep/2023:11:22:18 +0800] "GET /xingrg/kc/base/wldb_order_operate.html?command=get_materiel&rest_code=00102&base_code=0010476&code=00101019391 HTTP/1.1" 200 485
180.152.241.196 - - [19/Sep/2023:11:22:23 +0800] "GET /xingrg/kc/base/wldb_order_operate.html?command=get_materiel&rest_code=00102&base_code=0010476&code=00101019015 HTTP/1.1" 200 450
180.152.241.196 - - [19/Sep/2023:11:22:26 +0800] "GET /xingrg/kc/base/wldb_order_operate.html?command=get_materiel&rest_code=00102&base_code=0010476&code=00101019063 HTTP/1.1" 200 461
180.152.241.196 - - [19/Sep/2023:11:22:26 +0800] "GET /xingrg/all/function/internal_message.html?_=1695093747135&CODE_STATE=getMsg HTTP/1.1" 200 27
180.152.241.196 - - [19/Sep/2023:11:22:29 +0800] "GET /xingrg/check_reg.html?_=1695093749625 HTTP/1.1" 200 22
114.95.241.104 - - [19/Sep/2023:11:22:29 +0800] "POST /xingrg/all/user/operate.html HTTP/1.1" 200 36
114.95.241.104 - - [19/Sep/2023:11:22:30 +0800] "GET /xingrg/index.html?sysBaseUrl=http%3A%2F%2F180.169.147.146%3A18081%2Fxingrg%2F&costTime=837×tamp=1695084832195 HTTP/1.1" 200 17179
114.95.241.104 - - [19/Sep/2023:11:22:30 +0800] "GET /xingrg/javascript/jquery_easy_ui/themes/default/easyui.css HTTP/1.1" 304 -
114.95.241.104 - - [19/Sep/2023:11:22:30 +0800] "GET /xingrg/javascript/jquery_easy_ui/themes/icon.css HTTP/1.1" 304 -
114.95.241.104 - - [19/Sep/2023:11:22:30 +0800] "GET /xingrg/css/form.css HTTP/1.1" 304 -
114.95.241.104 - - [19/Sep/2023:11:22:30 +0800] "GET /xingrg/javascript/jquery-1.4.2.min.js HTTP/1.1" 304 -
114.95.241.104 - - [19/Sep/2023:11:22:30 +0800] "GET /xingrg/javascript/jquery_easy_ui/jquery.easyui.min.js HTTP/1.1" 304 -
114.95.241.104 - - [19/Sep/2023:11:22:30 +0800] "GET /xingrg/javascript/jquery_easy_ui/easyui-lang-zh_CN.js HTTP/1.1" 304 -
114.95.241.104 - - [19/Sep/2023:11:22:30 +0800] "GET /xingrg/javascript/jquery.form.js HTTP/1.1" 304 -
114.95.241.104 - - [19/Sep/2023:11:22:30 +0800] "GET /xingrg/javascript/jquery.utils.js HTTP/1.1" 304 -
114.95.241.104 - - [19/Sep/2023:11:22:30 +0800] "GET /xingrg/javascript/jquery.timers.js HTTP/1.1" 304 -
114.95.241.104 - - [19/Sep/2023:11:22:30 +0800] "GET /xingrg/images/blue/jxLogo.png HTTP/1.1" 304 -
114.95.241.104 - - [19/Sep/2023:11:22:30 +0800] "GET /xingrg/images/blue/navBackgound.jpg HTTP/1.1" 304 -
114.95.241.104 - - [19/Sep/2023:11:22:30 +0800] "GET /xingrg/javascript/jquery_easy_ui/themes/icons/settle_new.png HTTP/1.1" 304 -
114.95.241.104 - - [19/Sep/2023:11:22:30 +0800] "GET /xingrg/all/function/internal_message.html?_=1695093748580&CODE_STATE=count HTTP/1.1" 200 11
114.95.241.104 - - [19/Sep/2023:11:22:30 +0800] "GET /xingrg/check_reg.html?_=1695093748581 HTTP/1.1" 200 22
114.95.241.104 - - [19/Sep/2023:11:22:30 +0800] "GET /xingrg/javascript/jquery_easy_ui/themes/default/images/panel_tool_collapse.gif HTTP/1.1" 304 -
114.95.241.104 - - [19/Sep/2023:11:22:30 +0800] "GET /xingrg/images/blue/pingpu.png HTTP/1.1" 304 -
114.95.241.104 - - [19/Sep/2023:11:22:30 +0800] "POST /xingrg/all/common/load_tree.html?tree=area_rest_tree_json&manage=1 HTTP/1.1" 200 476
114.95.241.104 - - [19/Sep/2023:11:22:30 +0800] "POST /xingrg/load_menu.html HTTP/1.1" 200 5138
114.95.241.104 - - [19/Sep/2023:11:22:30 +0800] "GET /xingrg/javascript/jquery_easy_ui/themes/icons/forms_new.png HTTP/1.1" 304 -
114.95.241.104 - - [19/Sep/2023:11:22:30 +0800] "GET /xingrg/javascript/jquery_easy_ui/themes/default/images/tree_folder_open.gif HTTP/1.1" 304 -
114.95.241.104 - - [19/Sep/2023:11:22:30 +0800] "GET /xingrg/javascript/jquery_easy_ui/themes/icons/search_new.png HTTP/1.1" 304 -
114.95.241.104 - - [19/Sep/2023:11:22:30 +0800] "GET /xingrg/javascript/jquery_easy_ui/themes/default/images/tree_arrows.gif HTTP/1.1" 304 -
114.95.241.104 - - [19/Sep/2023:11:22:30 +0800] "GET /xingrg/javascript/jquery_easy_ui/themes/default/images/tree_file.gif HTTP/1.1" 304 -
180.152.241.196 - - [19/Sep/2023:11:22:30 +0800] "GET /xingrg/kc/base/wldb_order_operate.html?command=get_materiel&rest_code=00102&base_code=0010476&code=00101019134 HTTP/1.1" 200 478
114.95.241.104 - - [19/Sep/2023:11:22:30 +0800] "GET /xingrg/javascript/jquery_easy_ui/themes/default/images/tabs_leftarrow.png HTTP/1.1" 304 -
114.95.241.104 - - [19/Sep/2023:11:22:30 +0800] "GET /xingrg/javascript/jquery_easy_ui/themes/default/images/tabs_rightarrow.png HTTP/1.1" 304 -
114.95.241.104 - - [19/Sep/2023:11:22:30 +0800] "GET /xingrg/javascript/jquery_easy_ui/themes/default/images/tree_folder.gif HTTP/1.1" 304 -
124.79.244.212 - - [19/Sep/2023:11:22:31 +0800] "GET /xingrg/all/function/internal_message.html?_=1695093750429&CODE_STATE=getMsg HTTP/1.1" 302 -
124.79.244.212 - - [19/Sep/2023:11:22:31 +0800] "GET /xingrg/check_reg.html?_=1695093750432 HTTP/1.1" 302 -
114.95.241.104 - - [19/Sep/2023:11:22:32 +0800] "GET /xingrg/javascript/jquery_easy_ui/themes/default/images/tabs_close.gif HTTP/1.1" 304 -
114.95.241.104 - - [19/Sep/2023:11:22:32 +0800] "GET /xingrg/kc/base/wldb_order_list.html HTTP/1.1" 200 19180
114.95.241.104 - - [19/Sep/2023:11:22:32 +0800] "GET /xingrg/css/base.css HTTP/1.1" 304 -
114.95.241.104 - - [19/Sep/2023:11:22:32 +0800] "GET /xingrg/css/site.css HTTP/1.1" 304 -
114.95.241.104 - - [19/Sep/2023:11:22:32 +0800] "GET /xingrg/javascript/jquery_tools/datebox.css HTTP/1.1" 304 -
114.95.241.104 - - [19/Sep/2023:11:22:32 +0800] "GET /xingrg/javascript/auto/jquery.autocomplete.css HTTP/1.1" 304 -
114.95.241.104 - - [19/Sep/2023:11:22:32 +0800] "GET /xingrg/javascript/jquery_tools/fix.css HTTP/1.1" 304 -
114.95.241.104 - - [19/Sep/2023:11:22:32 +0800] "GET /xingrg/javascript/jquery_tools/jquery.tools.min.js HTTP/1.1" 304 -
114.95.241.104 - - [19/Sep/2023:11:22:32 +0800] "GET /xingrg/javascript/jquery_tools/table.css HTTP/1.1" 304 -
114.95.241.104 - - [19/Sep/2023:11:22:32 +0800] "GET /xingrg/javascript/jquery_tools/jquery.tools.extend.js HTTP/1.1" 304 -
114.95.241.104 - - [19/Sep/2023:11:22:32 +0800] "GET /xingrg/javascript/jquery_tools/jquery.tools.table.js HTTP/1.1" 304 -
114.95.241.104 - - [19/Sep/2023:11:22:32 +0800] "GET /xingrg/javascript/jquery_tools/list_manager.js HTTP/1.1" 304 -
114.95.241.104 - - [19/Sep/2023:11:22:32 +0800] "GET /xingrg/javascript/auto/jquery.autocomplete.js HTTP/1.1" 304 -
114.95.241.104 - - [19/Sep/2023:11:22:32 +0800] "GET /xingrg/javascript/easyui/easyloader.js HTTP/1.1" 304 -
114.95.241.104 - - [19/Sep/2023:11:22:32 +0800] "GET /xingrg/javascript/jquery.utils.js HTTP/1.1" 304 -
114.95.241.104 - - [19/Sep/2023:11:22:32 +0800] "GET /xingrg/javascript/jquery.cookie.js HTTP/1.1" 304 -
114.95.241.104 - - [19/Sep/2023:11:22:32 +0800] "GET /xingrg/javascript/print/LodopFuncs.js HTTP/1.1" 304 -
114.95.241.104 - - [19/Sep/2023:11:22:32 +0800] "GET /xingrg/javascript/easyui/themes/default/easyui.css HTTP/1.1" 304 -
114.95.241.104 - - [19/Sep/2023:11:22:32 +0800] "GET /xingrg/javascript/easyui/themes/icon.css HTTP/1.1" 304 -
114.95.241.104 - - [19/Sep/2023:11:22:32 +0800] "GET /xingrg/javascript/jquery_tools/jquery.tools.hotkey.js HTTP/1.1" 304 -
114.95.241.104 - - [19/Sep/2023:11:22:33 +0800] "GET /xingrg/javascript/easyui/themes/icons/field_new.png HTTP/1.1" 304 -
114.95.241.104 - - [19/Sep/2023:11:22:33 +0800] "GET /xingrg/javascript/easyui/themes/icons/import_new.png HTTP/1.1" 304 -
114.95.241.104 - - [19/Sep/2023:11:22:33 +0800] "GET /xingrg/javascript/easyui/themes/icons/cance_new.png HTTP/1.1" 304 -
114.95.241.104 - - [19/Sep/2023:11:22:33 +0800] "GET /xingrg/javascript/easyui/themes/icons/edit_add_new.png HTTP/1.1" 304 -
114.95.241.104 - - [19/Sep/2023:11:22:33 +0800] "GET /xingrg/javascript/easyui/themes/icons/check_new.png HTTP/1.1" 304 -
114.95.241.104 - - [19/Sep/2023:11:22:33 +0800] "GET /xingrg/javascript/easyui/plugins/jquery.parser.js HTTP/1.1" 304 -
114.95.241.104 - - [19/Sep/2023:11:22:33 +0800] "GET /xingrg/images/control/ajaxLoader.gif HTTP/1.1" 304 -
114.95.241.104 - - [19/Sep/2023:11:22:33 +0800] "POST /xingrg/kc/base/wldb_list_operate.html HTTP/1.1" 200 928
114.95.241.104 - - [19/Sep/2023:11:22:33 +0800] "GET /xingrg/javascript/jquery_easy_ui/themes/icons/storage_new.png HTTP/1.1" 304 -
114.95.241.104 - - [19/Sep/2023:11:22:34 +0800] "GET /xingrg/kc/base/wldb_order_add.html HTTP/1.1" 200 30463
114.95.241.104 - - [19/Sep/2023:11:22:34 +0800] "GET /xingrg/words/20230919093243_words.js HTTP/1.1" 304 -
114.95.241.104 - - [19/Sep/2023:11:22:34 +0800] "POST /xingrg/kc/base/wldb_order_operate.html HTTP/1.1" 200 6806
114.95.241.104 - - [19/Sep/2023:11:22:34 +0800] "GET /xingrg/javascript/easyui/themes/default/validatebox.css HTTP/1.1" 404 1104
180.152.241.196 - - [19/Sep/2023:11:22:35 +0800] "GET /xingrg/kc/base/wldb_order_operate.html?command=get_materiel&rest_code=00102&base_code=0010476&code=00101013003 HTTP/1.1" 200 429
114.95.241.104 - - [19/Sep/2023:11:22:37 +0800] "GET /xingrg/javascript/auto/indicator.gif HTTP/1.1" 404 1066
124.78.69.58 - - [19/Sep/2023:11:22:40 +0800] "GET /xingrg/all/function/internal_message.html?_=1695093190486&CODE_STATE=getMsg HTTP/1.1" 200 27
180.163.29.212 - - [19/Sep/2023:11:22:41 +0800] "GET /xingrg/kc/base/wldb_order_info.html?code=422023091901906 HTTP/1.1" 302 -
180.163.29.212 - - [19/Sep/2023:11:22:41 +0800] "GET /xingrg/login.html HTTP/1.1" 200 7641
222.70.180.200 - - [19/Sep/2023:11:22:45 +0800] "GET /xingrg/all/function/internal_message.html?_=1695093763069&CODE_STATE=getMsg HTTP/1.1" 200 27
124.78.155.92 - - [19/Sep/2023:11:22:46 +0800] "POST /xingrg/kc/base/wldb_list_operate.html HTTP/1.1" 200 3354
180.152.241.196 - - [19/Sep/2023:11:22:47 +0800] "GET /xingrg/kc/base/wldb_order_operate.html?command=get_materiel&rest_code=00102&base_code=0010476&code=00101016076 HTTP/1.1" 200 477
116.230.110.33 - - [19/Sep/2023:11:22:48 +0800] "GET /xingrg/all/function/internal_message.html?_=1695093768518&CODE_STATE=getMsg HTTP/1.1" 200 27
124.78.155.92 - - [19/Sep/2023:11:22:49 +0800] "GET /xingrg/kc/base/base_main.html HTTP/1.1" 200 12142
114.95.241.104 - - [19/Sep/2023:11:22:50 +0800] "POST /xingrg/kc/base/wldb_order_operate.html HTTP/1.1" 200 37
124.78.155.92 - - [19/Sep/2023:11:22:50 +0800] "GET /xingrg/kc/base/yddb_order_list.html HTTP/1.1" 200 16780
124.78.155.92 - - [19/Sep/2023:11:22:51 +0800] "POST /xingrg/kc/base/yddb_list_operate.html HTTP/1.1" 200 636
180.169.147.146 - - [19/Sep/2023:11:22:53 +0800] "GET /xingrg/all/function/internal_message.html?_=1695093772503&CODE_STATE=getMsg HTTP/1.1" 200 27
180.169.147.146 - - [19/Sep/2023:11:22:53 +0800] "GET /xingrg/check_reg.html?_=1695093772508 HTTP/1.1" 200 22
124.78.155.92 - - [19/Sep/2023:11:22:54 +0800] "POST /xingrg/kc/base/yddb_list_operate.html HTTP/1.1" 200 4312
222.70.107.161 - - [19/Sep/2023:11:22:55 +0800] "GET /xingrg/all/function/internal_message.html?_=1695093775471&CODE_STATE=getMsg HTTP/1.1" 200 27
124.78.155.92 - - [19/Sep/2023:11:22:55 +0800] "POST /xingrg/kc/base/yddb_list_operate.html HTTP/1.1" 200 218
114.95.241.104 - - [19/Sep/2023:11:22:55 +0800] "POST /xingrg/kc/base/wldb_order_operate.html HTTP/1.1" 200 12
180.152.241.196 - - [19/Sep/2023:11:22:55 +0800] "GET /xingrg/kc/base/wldb_order_operate.html?command=get_materiel&rest_code=00102&base_code=0010476&code=00101019527 HTTP/1.1" 200 474
114.95.241.104 - - [19/Sep/2023:11:22:56 +0800] "POST /xingrg/kc/base/wldb_order_operate.html HTTP/1.1" 200 2188
114.83.222.222 - - [19/Sep/2023:11:22:57 +0800] "GET /xingrg/all/function/internal_message.html?_=1695093777335&CODE_STATE=getMsg HTTP/1.1" 200 27
114.95.241.104 - - [19/Sep/2023:11:22:57 +0800] "GET /xingrg/kc/base/wldb_order_info.html?code=422023091901909 HTTP/1.1" 200 26339
180.169.147.146 - - [19/Sep/2023:11:22:57 +0800] "GET /xingrg/all/function/internal_message.html?_=1695093777560&CODE_STATE=getMsg HTTP/1.1" 200 27
114.95.241.104 - - [19/Sep/2023:11:22:57 +0800] "GET /xingrg/javascript/easyui/themes/default/validatebox.css HTTP/1.1" 404 1104
114.95.241.104 - - [19/Sep/2023:11:22:58 +0800] "POST /xingrg/kc/base/wldb_order_operate.html HTTP/1.1" 200 483
116.230.116.69 - - [19/Sep/2023:11:22:59 +0800] "GET /xingrg/all/function/internal_message.html?_=1695093781325&CODE_STATE=getMsg HTTP/1.1" 200 27
124.78.155.92 - - [19/Sep/2023:11:22:59 +0800] "GET /xingrg/kc/base/base_main.html HTTP/1.1" 200 12142
180.152.241.196 - - [19/Sep/2023:11:23:00 +0800] "GET /xingrg/kc/base/wldb_order_operate.html?command=get_materiel&rest_code=00102&base_code=0010476&code=00101019187 HTTP/1.1" 200 479
124.78.155.92 - - [19/Sep/2023:11:23:01 +0800] "GET /xingrg/kc/base/yddb_order_list.html HTTP/1.1" 200 16780
180.152.241.196 - - [19/Sep/2023:11:23:01 +0800] "GET /xingrg/all/function/internal_message.html?_=1695093781795&CODE_STATE=getMsg HTTP/1.1" 200 27
124.78.155.92 - - [19/Sep/2023:11:23:01 +0800] "POST /xingrg/kc/base/yddb_list_operate.html HTTP/1.1" 200 636
124.78.155.92 - - [19/Sep/2023:11:23:02 +0800] "GET /xingrg/kc/base/base_main.html HTTP/1.1" 200 12142
124.78.155.92 - - [19/Sep/2023:11:23:03 +0800] "GET /xingrg/kc/base/kc_stocks.html HTTP/1.1" 200 16506
124.79.244.212 - - [19/Sep/2023:11:23:03 +0800] "GET /xingrg/all/function/internal_message.html?_=1695094081120&CODE_STATE=getMsg HTTP/1.1" 200 27
124.78.155.92 - - [19/Sep/2023:11:23:03 +0800] "GET /xingrg/javascript/easyui/themes/default/tree.css HTTP/1.1" 404 1090
124.78.155.92 - - [19/Sep/2023:11:23:03 +0800] "POST /xingrg/all/common/load_tree.html?tree=materiel_sort_tree_json HTTP/1.1" 200 9500
180.152.241.196 - - [19/Sep/2023:11:23:04 +0800] "GET /xingrg/kc/base/wldb_order_operate.html?command=get_materiel&rest_code=00102&base_code=0010476&code=00101019535 HTTP/1.1" 200 476
101.83.145.37 - - [19/Sep/2023:11:23:04 +0800] "GET /xingrg/all/function/internal_message.html?_=1695093572638&CODE_STATE=getMsg HTTP/1.1" 200 27
124.78.155.92 - - [19/Sep/2023:11:23:06 +0800] "POST /xingrg/all/common/load_combo.html?type=base HTTP/1.1" 200 3227
180.163.30.27 - - [19/Sep/2023:11:23:07 +0800] "GET /xingrg/kc/base/wldb_order_operate.html?command=get_materiel&rest_code=00106&base_code=0010397&code=00102002208 HTTP/1.1" 302 -
180.163.30.27 - - [19/Sep/2023:11:23:07 +0800] "GET /xingrg/login.html HTTP/1.1" 200 7641
124.78.155.92 - - [19/Sep/2023:11:23:09 +0800] "POST /xingrg/kc/base/stock_operate.html HTTP/1.1" 200 4348
222.70.180.200 - - [19/Sep/2023:11:23:09 +0800] "GET /xingrg/all/function/internal_message.html?_=1695093893604&CODE_STATE=getMsg HTTP/1.1" 200 27
180.152.241.196 - - [19/Sep/2023:11:23:09 +0800] "GET /xingrg/kc/base/wldb_order_operate.html?command=get_materiel&rest_code=00102&base_code=0010476&code=00101016086 HTTP/1.1" 200 469
180.165.48.189 - - [19/Sep/2023:11:23:09 +0800] "GET /xingrg/all/function/internal_message.html?_=1695093789673&CODE_STATE=getMsg HTTP/1.1" 200 27
101.228.187.155 - - [19/Sep/2023:11:23:14 +0800] "GET /xingrg/all/function/internal_message.html?_=1695093794118&CODE_STATE=getMsg HTTP/1.1" 200 27
101.228.187.155 - - [19/Sep/2023:11:23:14 +0800] "GET /xingrg/check_reg.html?_=1695093794120 HTTP/1.1" 200 22
180.163.30.27 - - [19/Sep/2023:11:23:14 +0800] "GET /xingrg/kc/base/wldb_order_info.html?code=422023091901908 HTTP/1.1" 302 -
180.163.30.27 - - [19/Sep/2023:11:23:14 +0800] "GET /xingrg/login.html HTTP/1.1" 200 7641
180.152.241.196 - - [19/Sep/2023:11:23:14 +0800] "GET /xingrg/kc/base/wldb_order_operate.html?command=get_materiel&rest_code=00102&base_code=0010476&code=00101019310 HTTP/1.1" 200 477
180.163.29.79 - - [19/Sep/2023:11:23:15 +0800] "GET /xingrg/check_reg.html?_=1695093734213 HTTP/1.1" 302 -
180.163.29.79 - - [19/Sep/2023:11:23:15 +0800] "GET /xingrg/login.html HTTP/1.1" 200 7641
124.78.155.92 - - [19/Sep/2023:11:23:15 +0800] "GET /xingrg/all/function/internal_message.html?_=1695093794189&CODE_STATE=getMsg HTTP/1.1" 200 27
116.230.110.33 - - [19/Sep/2023:11:23:16 +0800] "GET /xingrg/check_reg.html?_=1695093659544 HTTP/1.1" 200 22
116.230.110.33 - - [19/Sep/2023:11:23:16 +0800] "GET /xingrg/all/function/internal_message.html?_=1695093659545&CODE_STATE=getMsg HTTP/1.1" 200 27
180.152.241.196 - - [19/Sep/2023:11:23:19 +0800] "GET /xingrg/kc/base/wldb_order_operate.html?command=get_materiel&rest_code=00102&base_code=0010476&code=00101020144 HTTP/1.1" 200 449
180.152.241.196 - - [19/Sep/2023:11:23:23 +0800] "GET /xingrg/kc/base/wldb_order_operate.html?command=get_materiel&rest_code=00102&base_code=0010476&code=00101019247 HTTP/1.1" 200 455
180.152.241.196 - - [19/Sep/2023:11:23:26 +0800] "GET /xingrg/all/function/internal_message.html?_=1695093807119&CODE_STATE=getMsg HTTP/1.1" 200 27
180.152.241.196 - - [19/Sep/2023:11:23:27 +0800] "GET /xingrg/kc/base/wldb_order_operate.html?command=get_materiel&rest_code=00102&base_code=0010476&code=00101019359 HTTP/1.1" 200 461
114.95.241.104 - - [19/Sep/2023:11:23:30 +0800] "GET /xingrg/all/function/internal_message.html?_=1695093808591&CODE_STATE=getMsg HTTP/1.1" 200 27
124.79.244.212 - - [19/Sep/2023:11:23:31 +0800] "GET /xingrg/all/function/internal_message.html?_=1695093810428&CODE_STATE=getMsg HTTP/1.1" 302 -
180.152.241.196 - - [19/Sep/2023:11:23:32 +0800] "GET /xingrg/kc/base/wldb_order_operate.html?command=get_materiel&rest_code=00102&base_code=0010476&code=00101019183 HTTP/1.1" 200 449
180.152.241.196 - - [19/Sep/2023:11:23:34 +0800] "GET /xingrg/javascript/jquery_easy_ui/themes/icons/area.png HTTP/1.1" 200 262
180.152.241.196 - - [19/Sep/2023:11:23:34 +0800] "GET /xingrg/javascript/jquery_easy_ui/themes/icons/rest.png HTTP/1.1" 200 695
180.152.241.196 - - [19/Sep/2023:11:23:40 +0800] "POST /xingrg/kc/base/wldb_order_operate.html HTTP/1.1" 200 37
124.78.69.58 - - [19/Sep/2023:11:23:40 +0800] "GET /xingrg/all/function/internal_message.html?_=1695093250454&CODE_STATE=getMsg HTTP/1.1" 200 27
180.152.241.196 - - [19/Sep/2023:11:23:40 +0800] "POST /xingrg/kc/base/wldb_order_operate.html HTTP/1.1" 200 10155
222.70.180.200 - - [19/Sep/2023:11:23:45 +0800] "GET /xingrg/check_reg.html?_=1695093823069 HTTP/1.1" 200 22
222.70.180.200 - - [19/Sep/2023:11:23:45 +0800] "GET /xingrg/all/function/internal_message.html?_=1695093823072&CODE_STATE=getMsg HTTP/1.1" 200 27
180.152.241.196 - - [19/Sep/2023:11:23:46 +0800] "GET /xingrg/kc/base/wldb_order_info.html?code=422023091901910 HTTP/1.1" 200 30468
180.152.241.196 - - [19/Sep/2023:11:23:46 +0800] "GET /xingrg/javascript/easyui/themes/default/validatebox.css HTTP/1.1" 404 1104
180.152.241.196 - - [19/Sep/2023:11:23:47 +0800] "POST /xingrg/kc/base/wldb_order_operate.html HTTP/1.1" 200 10155
116.230.110.33 - - [19/Sep/2023:11:23:48 +0800] "GET /xingrg/all/function/internal_message.html?_=1695093828512&CODE_STATE=getMsg HTTP/1.1" 200 27
116.230.110.33 - - [19/Sep/2023:11:23:48 +0800] "GET /xingrg/check_reg.html?_=1695093828514 HTTP/1.1" 200 22
180.169.147.146 - - [19/Sep/2023:11:23:53 +0800] "GET /xingrg/all/function/internal_message.html?_=1695093832502&CODE_STATE=getMsg HTTP/1.1" 200 27
222.70.107.161 - - [19/Sep/2023:11:23:55 +0800] "GET /xingrg/all/function/internal_message.html?_=1695093835477&CODE_STATE=getMsg HTTP/1.1" 200 27
116.230.116.69 - - [19/Sep/2023:11:23:56 +0800] "GET /xingrg/check_reg.html?_=1695093838791 HTTP/1.1" 200 22
114.83.222.222 - - [19/Sep/2023:11:23:57 +0800] "GET /xingrg/all/function/internal_message.html?_=1695093837333&CODE_STATE=getMsg HTTP/1.1" 200 27
180.169.147.146 - - [19/Sep/2023:11:23:57 +0800] "GET /xingrg/all/function/internal_message.html?_=1695093837544&CODE_STATE=getMsg HTTP/1.1" 200 27
180.169.147.146 - - [19/Sep/2023:11:23:58 +0800] "GET /xingrg/check_reg.html?_=1695093837948 HTTP/1.1" 200 22
116.230.116.69 - - [19/Sep/2023:11:23:59 +0800] "GET /xingrg/all/function/internal_message.html?_=1695093841340&CODE_STATE=getMsg HTTP/1.1" 200 27
180.152.241.196 - - [19/Sep/2023:11:24:01 +0800] "GET /xingrg/all/function/internal_message.html?_=1695093841779&CODE_STATE=getMsg HTTP/1.1" 200 27
180.163.29.217 - - [19/Sep/2023:11:24:03 +0800] "GET /xingrg/kc/base/kc_stocks.html HTTP/1.1" 302 -
180.163.29.217 - - [19/Sep/2023:11:24:03 +0800] "GET /xingrg/login.html HTTP/1.1" 200 7641
124.79.244.212 - - [19/Sep/2023:11:24:03 +0800] "GET /xingrg/all/function/internal_message.html?_=1695094141117&CODE_STATE=getMsg HTTP/1.1" 200 27
124.79.244.212 - - [19/Sep/2023:11:24:03 +0800] "GET /xingrg/check_reg.html?_=1695094141119 HTTP/1.1" 200 22
101.83.145.37 - - [19/Sep/2023:11:24:04 +0800] "GET /xingrg/all/function/internal_message.html?_=1695093632623&CODE_STATE=getMsg HTTP/1.1" 200 27
114.83.222.222 - - [19/Sep/2023:11:24:08 +0800] "GET /xingrg/kc/buy/cgsh_order_add.html HTTP/1.1" 200 72449
114.83.222.222 - - [19/Sep/2023:11:24:08 +0800] "POST /xingrg/kc/buy/cgsh_order_operate.html HTTP/1.1" 200 8245
114.83.222.222 - - [19/Sep/2023:11:24:08 +0800] "GET /xingrg/javascript/easyui/themes/default/validatebox.css HTTP/1.1" 404 1104
222.70.180.200 - - [19/Sep/2023:11:24:09 +0800] "GET /xingrg/check_reg.html?_=1695093953597 HTTP/1.1" 200 22
222.70.180.200 - - [19/Sep/2023:11:24:09 +0800] "GET /xingrg/all/function/internal_message.html?_=1695093953599&CODE_STATE=getMsg HTTP/1.1" 200 27
180.165.48.189 - - [19/Sep/2023:11:24:09 +0800] "GET /xingrg/all/function/internal_message.html?_=1695093849668&CODE_STATE=getMsg HTTP/1.1" 200 27
101.228.187.155 - - [19/Sep/2023:11:24:14 +0800] "GET /xingrg/all/function/internal_message.html?_=1695093854121&CODE_STATE=getMsg HTTP/1.1" 200 27
180.163.30.27 - - [19/Sep/2023:11:24:15 +0800] "GET /xingrg/all/function/internal_message.html?_=1695093794189&CODE_STATE=getMsg HTTP/1.1" 302 -
180.163.30.27 - - [19/Sep/2023:11:24:15 +0800] "GET /xingrg/login.html HTTP/1.1" 200 7641
124.78.155.92 - - [19/Sep/2023:11:24:15 +0800] "GET /xingrg/all/function/internal_message.html?_=1695093854194&CODE_STATE=getMsg HTTP/1.1" 200 27
116.230.110.33 - - [19/Sep/2023:11:24:16 +0800] "GET /xingrg/all/function/internal_message.html?_=1695093719540&CODE_STATE=getMsg HTTP/1.1" 200 27
180.152.241.196 - - [19/Sep/2023:11:24:19 +0800] "POST /xingrg/kc/base/wldb_order_operate.html HTTP/1.1" 200 37
114.83.222.222 - - [19/Sep/2023:11:24:23 +0800] "GET /xingrg/kc/buy/cgsh_order_operate.html?command=get_materiel&rest_code=00149&code=00102012036&supplier_code=00100151&order_time=2023-09-19 HTTP/1.1" 200 409
180.152.241.196 - - [19/Sep/2023:11:24:26 +0800] "GET /xingrg/all/function/internal_message.html?_=1695093867103&CODE_STATE=getMsg HTTP/1.1" 200 27
180.152.241.196 - - [19/Sep/2023:11:24:28 +0800] "POST /xingrg/kc/base/wldb_order_operate.html HTTP/1.1" 200 12
180.152.241.196 - - [19/Sep/2023:11:24:28 +0800] "POST /xingrg/kc/base/wldb_order_operate.html HTTP/1.1" 200 10153
180.152.241.196 - - [19/Sep/2023:11:24:29 +0800] "GET /xingrg/kc/base/wldb_order_info.html?code=422023091901910 HTTP/1.1" 200 26330
180.152.241.196 - - [19/Sep/2023:11:24:30 +0800] "GET /xingrg/javascript/easyui/themes/default/validatebox.css HTTP/1.1" 404 1104
180.152.241.196 - - [19/Sep/2023:11:24:30 +0800] "POST /xingrg/kc/base/wldb_order_operate.html HTTP/1.1" 200 8272
114.95.241.104 - - [19/Sep/2023:11:24:30 +0800] "GET /xingrg/all/function/internal_message.html?_=1695093868597&CODE_STATE=getMsg HTTP/1.1" 200 27
124.79.244.212 - - [19/Sep/2023:11:24:31 +0800] "GET /xingrg/all/function/internal_message.html?_=1695093870417&CODE_STATE=getMsg HTTP/1.1" 302 -
180.152.241.196 - - [19/Sep/2023:11:24:32 +0800] "GET /xingrg/kc/base/wldb_order_add.html HTTP/1.1" 200 30453
180.152.241.196 - - [19/Sep/2023:11:24:32 +0800] "POST /xingrg/kc/base/wldb_order_operate.html HTTP/1.1" 200 6806
180.152.241.196 - - [19/Sep/2023:11:24:32 +0800] "GET /xingrg/javascript/easyui/themes/default/validatebox.css HTTP/1.1" 404 1104
180.152.241.196 - - [19/Sep/2023:11:24:33 +0800] "POST /xingrg/all/common/load_combo.html?type=base HTTP/1.1" 200 3321
180.152.241.196 - - [19/Sep/2023:11:24:37 +0800] "POST /xingrg/all/common/load_combo.html?type=base HTTP/1.1" 200 3321
124.78.69.58 - - [19/Sep/2023:11:24:40 +0800] "GET /xingrg/all/function/internal_message.html?_=1695093310456&CODE_STATE=getMsg HTTP/1.1" 200 27
222.70.180.200 - - [19/Sep/2023:11:24:45 +0800] "GET /xingrg/all/function/internal_message.html?_=1695093883071&CODE_STATE=getMsg HTTP/1.1" 200 27
180.152.241.196 - - [19/Sep/2023:11:24:48 +0800] "GET /xingrg/kc/base/wldb_order_operate.html?command=get_materiel&rest_code=00102&base_code=0010476&code=00101027001 HTTP/1.1" 200 471
116.230.110.33 - - [19/Sep/2023:11:24:48 +0800] "GET /xingrg/all/function/internal_message.html?_=1695093888532&CODE_STATE=getMsg HTTP/1.1" 200 27
180.152.241.196 - - [19/Sep/2023:11:24:52 +0800] "GET /xingrg/kc/base/wldb_order_operate.html?command=get_materiel&rest_code=00102&base_code=0010476&code=00101019400 HTTP/1.1" 200 464
180.169.147.146 - - [19/Sep/2023:11:24:53 +0800] "GET /xingrg/all/function/internal_message.html?_=1695093892515&CODE_STATE=getMsg HTTP/1.1" 200 27
222.70.107.161 - - [19/Sep/2023:11:24:55 +0800] "GET /xingrg/all/function/internal_message.html?_=1695093895482&CODE_STATE=getMsg HTTP/1.1" 200 27
114.83.222.222 - - [19/Sep/2023:11:24:57 +0800] "GET /xingrg/all/function/internal_message.html?_=1695093897352&CODE_STATE=getMsg HTTP/1.1" 200 27
180.152.241.196 - - [19/Sep/2023:11:24:57 +0800] "GET /xingrg/kc/base/wldb_order_operate.html?command=get_materiel&rest_code=00102&base_code=0010476&code=00101019313 HTTP/1.1" 200 456
180.169.147.146 - - [19/Sep/2023:11:24:57 +0800] "GET /xingrg/all/function/internal_message.html?_=1695093897533&CODE_STATE=getMsg HTTP/1.1" 200 27
116.230.116.69 - - [19/Sep/2023:11:24:59 +0800] "GET /xingrg/all/function/internal_message.html?_=1695093901351&CODE_STATE=getMsg HTTP/1.1" 200 27
180.152.241.196 - - [19/Sep/2023:11:25:01 +0800] "GET /xingrg/all/function/internal_message.html?_=1695093901761&CODE_STATE=getMsg HTTP/1.1" 200 27
180.152.241.196 - - [19/Sep/2023:11:25:03 +0800] "GET /xingrg/kc/base/wldb_order_operate.html?command=get_materiel&rest_code=00102&base_code=0010476&code=00101019066 HTTP/1.1" 200 455
124.79.244.212 - - [19/Sep/2023:11:25:03 +0800] "GET /xingrg/all/function/internal_message.html?_=1695094201117&CODE_STATE=getMsg HTTP/1.1" 200 27
101.83.145.37 - - [19/Sep/2023:11:25:04 +0800] "GET /xingrg/all/function/internal_message.html?_=1695093692609&CODE_STATE=getMsg HTTP/1.1" 200 27
180.152.241.196 - - [19/Sep/2023:11:25:08 +0800] "GET /xingrg/kc/base/wldb_order_operate.html?command=get_materiel&rest_code=00102&base_code=0010476&code=00101019108 HTTP/1.1" 200 476
222.70.180.200 - - [19/Sep/2023:11:25:09 +0800] "GET /xingrg/all/function/internal_message.html?_=1695094013610&CODE_STATE=getMsg HTTP/1.1" 200 27
180.165.48.189 - - [19/Sep/2023:11:25:09 +0800] "GET /xingrg/all/function/internal_message.html?_=1695093909672&CODE_STATE=getMsg HTTP/1.1" 200 27
180.165.48.189 - - [19/Sep/2023:11:25:09 +0800] "GET /xingrg/check_reg.html?_=1695093909673 HTTP/1.1" 200 22
101.228.187.155 - - [19/Sep/2023:11:25:14 +0800] "GET /xingrg/all/function/internal_message.html?_=1695093914121&CODE_STATE=getMsg HTTP/1.1" 200 27
124.78.155.92 - - [19/Sep/2023:11:25:15 +0800] "GET /xingrg/all/function/internal_message.html?_=1695093914196&CODE_STATE=getMsg HTTP/1.1" 200 27
116.230.110.33 - - [19/Sep/2023:11:25:16 +0800] "GET /xingrg/all/function/internal_message.html?_=1695093779550&CODE_STATE=getMsg HTTP/1.1" 200 27
180.152.241.196 - - [19/Sep/2023:11:25:17 +0800] "GET /xingrg/kc/base/wldb_order_operate.html?command=get_materiel&rest_code=00102&base_code=0010476&code=00101019390 HTTP/1.1" 200 470
180.152.241.196 - - [19/Sep/2023:11:25:26 +0800] "GET /xingrg/all/function/internal_message.html?_=1695093927084&CODE_STATE=getMsg HTTP/1.1" 200 27
114.95.241.104 - - [19/Sep/2023:11:25:30 +0800] "GET /xingrg/all/function/internal_message.html?_=1695093928597&CODE_STATE=getMsg HTTP/1.1" 200 27
124.79.244.212 - - [19/Sep/2023:11:25:31 +0800] "GET /xingrg/all/function/internal_message.html?_=1695093930426&CODE_STATE=getMsg HTTP/1.1" 302 -
180.152.241.196 - - [19/Sep/2023:11:25:36 +0800] "POST /xingrg/kc/base/wldb_order_operate.html HTTP/1.1" 200 37
114.83.222.222 - - [19/Sep/2023:11:25:37 +0800] "GET /xingrg/kc/buy/cgsh_order_operate.html?command=get_materiel&rest_code=00149&code=00102034028&supplier_code=00100151&order_time=2023-09-19 HTTP/1.1" 200 405
124.78.69.58 - - [19/Sep/2023:11:25:40 +0800] "GET /xingrg/all/function/internal_message.html?_=1695093370437&CODE_STATE=getMsg HTTP/1.1" 200 27
124.78.69.58 - - [19/Sep/2023:11:25:42 +0800] "GET /xingrg/check_reg.html?_=1695093372675 HTTP/1.1" 200 22
180.152.241.196 - - [19/Sep/2023:11:25:43 +0800] "POST /xingrg/kc/base/wldb_order_operate.html HTTP/1.1" 200 12
180.152.241.196 - - [19/Sep/2023:11:25:43 +0800] "POST /xingrg/kc/base/wldb_order_operate.html HTTP/1.1" 200 4700
222.70.180.200 - - [19/Sep/2023:11:25:45 +0800] "GET /xingrg/all/function/internal_message.html?_=1695093943072&CODE_STATE=getMsg HTTP/1.1" 200 27
116.230.110.33 - - [19/Sep/2023:11:25:48 +0800] "GET /xingrg/all/function/internal_message.html?_=1695093948522&CODE_STATE=getMsg HTTP/1.1" 200 27
180.152.241.196 - - [19/Sep/2023:11:25:50 +0800] "GET /xingrg/kc/base/wldb_order_info.html?code=422023091901911 HTTP/1.1" 200 26330
180.152.241.196 - - [19/Sep/2023:11:25:50 +0800] "GET /xingrg/javascript/easyui/themes/default/validatebox.css HTTP/1.1" 404 1104
180.152.241.196 - - [19/Sep/2023:11:25:51 +0800] "POST /xingrg/kc/base/wldb_order_operate.html HTTP/1.1" 200 2939
180.169.147.146 - - [19/Sep/2023:11:25:53 +0800] "GET /xingrg/all/function/internal_message.html?_=1695093952502&CODE_STATE=getMsg HTTP/1.1" 200 27
222.70.107.161 - - [19/Sep/2023:11:25:55 +0800] "GET /xingrg/all/function/internal_message.html?_=1695093955483&CODE_STATE=getMsg HTTP/1.1" 200 27
222.70.107.161 - - [19/Sep/2023:11:25:55 +0800] "GET /xingrg/check_reg.html?_=1695093955481 HTTP/1.1" 200 22
114.83.222.222 - - [19/Sep/2023:11:25:57 +0800] "GET /xingrg/all/function/internal_message.html?_=1695093957346&CODE_STATE=getMsg HTTP/1.1" 200 27
114.83.222.222 - - [19/Sep/2023:11:25:57 +0800] "GET /xingrg/check_reg.html?_=1695093957351 HTTP/1.1" 200 22
180.169.147.146 - - [19/Sep/2023:11:25:57 +0800] "GET /xingrg/all/function/internal_message.html?_=1695093957507&CODE_STATE=getMsg HTTP/1.1" 200 27
116.230.116.69 - - [19/Sep/2023:11:25:59 +0800] "GET /xingrg/all/function/internal_message.html?_=1695093961366&CODE_STATE=getMsg HTTP/1.1" 200 27
101.83.145.37 - - [19/Sep/2023:11:26:00 +0800] "POST /xingrg/services/DataTransmitService HTTP/1.1" 200 524
180.152.241.196 - - [19/Sep/2023:11:26:01 +0800] "GET /xingrg/all/function/internal_message.html?_=1695093961741&CODE_STATE=getMsg HTTP/1.1" 200 27
180.152.241.196 - - [19/Sep/2023:11:26:01 +0800] "GET /xingrg/check_reg.html?_=1695093961911 HTTP/1.1" 200 22
124.79.244.212 - - [19/Sep/2023:11:26:03 +0800] "GET /xingrg/all/function/internal_message.html?_=1695094261132&CODE_STATE=getMsg HTTP/1.1" 200 27
101.83.145.37 - - [19/Sep/2023:11:26:04 +0800] "GET /xingrg/all/function/internal_message.html?_=1695093752595&CODE_STATE=getMsg HTTP/1.1" 200 27
222.70.180.200 - - [19/Sep/2023:11:26:09 +0800] "GET /xingrg/all/function/internal_message.html?_=1695094073607&CODE_STATE=getMsg HTTP/1.1" 200 27
180.165.48.189 - - [19/Sep/2023:11:26:09 +0800] "GET /xingrg/all/function/internal_message.html?_=1695093969682&CODE_STATE=getMsg HTTP/1.1" 200 27
101.228.187.155 - - [19/Sep/2023:11:26:14 +0800] "GET /xingrg/all/function/internal_message.html?_=1695093974118&CODE_STATE=getMsg HTTP/1.1" 200 27
180.163.29.103 - - [19/Sep/2023:11:26:15 +0800] "GET /xingrg/all/function/internal_message.html?_=1695093914196&CODE_STATE=getMsg HTTP/1.1" 302 -
180.163.29.103 - - [19/Sep/2023:11:26:15 +0800] "GET /xingrg/login.html HTTP/1.1" 200 7641
124.78.155.92 - - [19/Sep/2023:11:26:15 +0800] "GET /xingrg/all/function/internal_message.html?_=1695093974198&CODE_STATE=getMsg HTTP/1.1" 200 27
116.230.110.33 - - [19/Sep/2023:11:26:16 +0800] "GET /xingrg/all/function/internal_message.html?_=1695093839540&CODE_STATE=getMsg HTTP/1.1" 200 27
114.95.241.104 - - [19/Sep/2023:11:26:30 +0800] "GET /xingrg/all/function/internal_message.html?_=1695093988599&CODE_STATE=getMsg HTTP/1.1" 200 27
124.79.244.212 - - [19/Sep/2023:11:26:31 +0800] "GET /xingrg/all/function/internal_message.html?_=1695093990428&CODE_STATE=getMsg HTTP/1.1" 302 -
124.78.69.58 - - [19/Sep/2023:11:26:40 +0800] "GET /xingrg/all/function/internal_message.html?_=1695093430409&CODE_STATE=getMsg HTTP/1.1" 200 27
114.83.222.222 - - [19/Sep/2023:11:26:40 +0800] "GET /xingrg/kc/buy/cgsh_order_operate.html?command=get_materiel&rest_code=00149&code=00102002345&supplier_code=00100151&order_time=2023-09-19 HTTP/1.1" 200 413
222.70.180.200 - - [19/Sep/2023:11:26:45 +0800] "GET /xingrg/all/function/internal_message.html?_=1695094003072&CODE_STATE=getMsg HTTP/1.1" 200 27
101.83.145.37 - - [19/Sep/2023:11:26:46 +0800] "POST /xingrg/services/DataTransmitService HTTP/1.1" 200 501
116.230.110.33 - - [19/Sep/2023:11:26:48 +0800] "GET /xingrg/all/function/internal_message.html?_=1695094008526&CODE_STATE=getMsg HTTP/1.1" 200 27
180.169.147.146 - - [19/Sep/2023:11:26:53 +0800] "GET /xingrg/all/function/internal_message.html?_=1695094012509&CODE_STATE=getMsg HTTP/1.1" 200 27
222.70.107.161 - - [19/Sep/2023:11:26:55 +0800] "GET /xingrg/all/function/internal_message.html?_=1695094015480&CODE_STATE=getMsg HTTP/1.1" 200 27
114.83.222.222 - - [19/Sep/2023:11:26:57 +0800] "GET /xingrg/all/function/internal_message.html?_=1695094017412&CODE_STATE=getMsg HTTP/1.1" 200 27
180.169.147.146 - - [19/Sep/2023:11:26:57 +0800] "GET /xingrg/all/function/internal_message.html?_=1695094017479&CODE_STATE=getMsg HTTP/1.1" 200 27
116.230.116.69 - - [19/Sep/2023:11:26:59 +0800] "GET /xingrg/all/function/internal_message.html?_=1695094021445&CODE_STATE=getMsg HTTP/1.1" 200 27
180.152.241.196 - - [19/Sep/2023:11:27:01 +0800] "GET /xingrg/all/function/internal_message.html?_=1695094021727&CODE_STATE=getMsg HTTP/1.1" 200 27
124.79.244.212 - - [19/Sep/2023:11:27:03 +0800] "GET /xingrg/all/function/internal_message.html?_=1695094321119&CODE_STATE=getMsg HTTP/1.1" 200 27
101.83.145.37 - - [19/Sep/2023:11:27:04 +0800] "GET /xingrg/all/function/internal_message.html?_=1695093812565&CODE_STATE=getMsg HTTP/1.1" 200 27
101.83.145.37 - - [19/Sep/2023:11:27:05 +0800] "GET /xingrg/check_reg.html?_=1695093813020 HTTP/1.1" 200 22
114.83.222.222 - - [19/Sep/2023:11:27:07 +0800] "GET /xingrg/kc/buy/cgsh_order_operate.html?command=get_materiel&rest_code=00149&code=00102010661&supplier_code=00100151&order_time=2023-09-19 HTTP/1.1" 200 421
222.70.180.200 - - [19/Sep/2023:11:27:09 +0800] "GET /xingrg/all/function/internal_message.html?_=1695094133608&CODE_STATE=getMsg HTTP/1.1" 200 27
180.165.48.189 - - [19/Sep/2023:11:27:09 +0800] "GET /xingrg/all/function/internal_message.html?_=1695094029685&CODE_STATE=getMsg HTTP/1.1" 200 27
116.230.116.69 - - [19/Sep/2023:11:27:11 +0800] "POST /xingrg/services/DataTransmitService HTTP/1.1" 200 524
116.230.116.69 - - [19/Sep/2023:11:27:12 +0800] "POST /xingrg/services/DataTransmitService HTTP/1.1" 200 412
101.228.187.155 - - [19/Sep/2023:11:27:14 +0800] "GET /xingrg/all/function/internal_message.html?_=1695094034118&CODE_STATE=getMsg HTTP/1.1" 200 27
124.78.155.92 - - [19/Sep/2023:11:27:15 +0800] "GET /xingrg/all/function/internal_message.html?_=1695094034204&CODE_STATE=getMsg HTTP/1.1" 200 27
124.78.155.92 - - [19/Sep/2023:11:27:15 +0800] "GET /xingrg/check_reg.html?_=1695094034207 HTTP/1.1" 200 22
116.230.110.33 - - [19/Sep/2023:11:27:16 +0800] "GET /xingrg/all/function/internal_message.html?_=1695093899549&CODE_STATE=getMsg HTTP/1.1" 200 27
114.95.241.104 - - [19/Sep/2023:11:27:30 +0800] "GET /xingrg/check_reg.html?_=1695094048606 HTTP/1.1" 200 22
114.95.241.104 - - [19/Sep/2023:11:27:30 +0800] "GET /xingrg/all/function/internal_message.html?_=1695094048609&CODE_STATE=getMsg HTTP/1.1" 200 27
124.79.244.212 - - [19/Sep/2023:11:27:31 +0800] "GET /xingrg/all/function/internal_message.html?_=1695094050421&CODE_STATE=getMsg HTTP/1.1" 302 -
124.79.244.212 - - [19/Sep/2023:11:27:31 +0800] "GET /xingrg/check_reg.html?_=1695094050425 HTTP/1.1" 302 -
124.78.69.58 - - [19/Sep/2023:11:27:40 +0800] "GET /xingrg/all/function/internal_message.html?_=1695093490382&CODE_STATE=getMsg HTTP/1.1" 200 27
222.70.180.200 - - [19/Sep/2023:11:27:45 +0800] "GET /xingrg/all/function/internal_message.html?_=1695094063072&CODE_STATE=getMsg HTTP/1.1" 200 27
116.230.110.33 - - [19/Sep/2023:11:27:48 +0800] "GET /xingrg/all/function/internal_message.html?_=1695094068523&CODE_STATE=getMsg HTTP/1.1" 200 27
180.169.147.146 - - [19/Sep/2023:11:27:53 +0800] "GET /xingrg/check_reg.html?_=1695094072526 HTTP/1.1" 200 22
180.169.147.146 - - [19/Sep/2023:11:27:53 +0800] "GET /xingrg/all/function/internal_message.html?_=1695094072528&CODE_STATE=getMsg HTTP/1.1" 200 27
222.70.107.161 - - [19/Sep/2023:11:27:55 +0800] "GET /xingrg/all/function/internal_message.html?_=1695094075479&CODE_STATE=getMsg HTTP/1.1" 200 27
114.83.222.222 - - [19/Sep/2023:11:27:57 +0800] "GET /xingrg/all/function/internal_message.html?_=1695094077377&CODE_STATE=getMsg HTTP/1.1" 200 27
180.169.147.146 - - [19/Sep/2023:11:27:57 +0800] "GET /xingrg/all/function/internal_message.html?_=1695094077469&CODE_STATE=getMsg HTTP/1.1" 200 27
116.230.116.69 - - [19/Sep/2023:11:27:59 +0800] "GET /xingrg/all/function/internal_message.html?_=1695094081455&CODE_STATE=getMsg HTTP/1.1" 200 27
180.152.241.196 - - [19/Sep/2023:11:28:01 +0800] "GET /xingrg/all/function/internal_message.html?_=1695094081715&CODE_STATE=getMsg HTTP/1.1" 200 27
124.79.244.212 - - [19/Sep/2023:11:28:03 +0800] "GET /xingrg/all/function/internal_message.html?_=1695094381118&CODE_STATE=getMsg HTTP/1.1" 200 27
101.83.145.37 - - [19/Sep/2023:11:28:04 +0800] "GET /xingrg/all/function/internal_message.html?_=1695093872537&CODE_STATE=getMsg HTTP/1.1" 200 27
222.70.180.200 - - [19/Sep/2023:11:28:09 +0800] "GET /xingrg/all/function/internal_message.html?_=1695094193605&CODE_STATE=getMsg HTTP/1.1" 200 27
180.165.48.189 - - [19/Sep/2023:11:28:09 +0800] "GET /xingrg/all/function/internal_message.html?_=1695094089686&CODE_STATE=getMsg HTTP/1.1" 200 27
101.228.187.155 - - [19/Sep/2023:11:28:14 +0800] "GET /xingrg/all/function/internal_message.html?_=1695094094118&CODE_STATE=getMsg HTTP/1.1" 200 27
101.228.187.155 - - [19/Sep/2023:11:28:14 +0800] "GET /xingrg/check_reg.html?_=1695094094121 HTTP/1.1" 200 22
180.163.28.180 - - [19/Sep/2023:11:28:15 +0800] "GET /xingrg/check_reg.html?_=1695094034207 HTTP/1.1" 302 -
180.163.29.206 - - [19/Sep/2023:11:28:15 +0800] "GET /xingrg/all/function/internal_message.html?_=1695094034204&CODE_STATE=getMsg HTTP/1.1" 302 -
180.163.28.180 - - [19/Sep/2023:11:28:15 +0800] "GET /xingrg/login.html HTTP/1.1" 200 7641
180.163.29.206 - - [19/Sep/2023:11:28:15 +0800] "GET /xingrg/login.html HTTP/1.1" 200 7641
124.78.155.92 - - [19/Sep/2023:11:28:15 +0800] "GET /xingrg/all/function/internal_message.html?_=1695094094197&CODE_STATE=getMsg HTTP/1.1" 200 27
116.230.110.33 - - [19/Sep/2023:11:28:16 +0800] "GET /xingrg/check_reg.html?_=1695093959546 HTTP/1.1" 200 22
116.230.110.33 - - [19/Sep/2023:11:28:16 +0800] "GET /xingrg/all/function/internal_message.html?_=1695093959549&CODE_STATE=getMsg HTTP/1.1" 200 27
114.95.241.104 - - [19/Sep/2023:11:28:30 +0800] "GET /xingrg/all/function/internal_message.html?_=1695094108595&CODE_STATE=getMsg HTTP/1.1" 200 27
124.79.244.212 - - [19/Sep/2023:11:28:31 +0800] "GET /xingrg/all/function/internal_message.html?_=1695094110443&CODE_STATE=getMsg HTTP/1.1" 302 -
114.83.222.222 - - [19/Sep/2023:11:28:38 +0800] "GET /xingrg/kc/buy/cgsh_order_operate.html?command=get_materiel&rest_code=00149&code=00102011285&supplier_code=00100151&order_time=2023-09-19 HTTP/1.1" 200 410
124.78.69.58 - - [19/Sep/2023:11:28:40 +0800] "GET /xingrg/all/function/internal_message.html?_=1695093550356&CODE_STATE=getMsg HTTP/1.1" 200 27
222.70.180.200 - - [19/Sep/2023:11:28:45 +0800] "GET /xingrg/check_reg.html?_=1695094123070 HTTP/1.1" 200 22
222.70.180.200 - - [19/Sep/2023:11:28:45 +0800] "GET /xingrg/all/function/internal_message.html?_=1695094123079&CODE_STATE=getMsg HTTP/1.1" 200 27
116.230.110.33 - - [19/Sep/2023:11:28:48 +0800] "GET /xingrg/check_reg.html?_=1695094128516 HTTP/1.1" 200 22
116.230.110.33 - - [19/Sep/2023:11:28:48 +0800] "GET /xingrg/all/function/internal_message.html?_=1695094128519&CODE_STATE=getMsg HTTP/1.1" 200 27
180.169.147.146 - - [19/Sep/2023:11:28:53 +0800] "GET /xingrg/all/function/internal_message.html?_=1695094132525&CODE_STATE=getMsg HTTP/1.1" 200 27
222.70.107.161 - - [19/Sep/2023:11:28:55 +0800] "GET /xingrg/all/function/internal_message.html?_=1695094135478&CODE_STATE=getMsg HTTP/1.1" 200 27
116.230.116.69 - - [19/Sep/2023:11:28:56 +0800] "GET /xingrg/check_reg.html?_=1695094138877 HTTP/1.1" 200 22
114.83.222.222 - - [19/Sep/2023:11:28:57 +0800] "GET /xingrg/all/function/internal_message.html?_=1695094137379&CODE_STATE=getMsg HTTP/1.1" 200 27
180.169.147.146 - - [19/Sep/2023:11:28:57 +0800] "GET /xingrg/all/function/internal_message.html?_=1695094137460&CODE_STATE=getMsg HTTP/1.1" 200 27
180.169.147.146 - - [19/Sep/2023:11:28:58 +0800] "GET /xingrg/check_reg.html?_=1695094137945 HTTP/1.1" 200 22
116.230.116.69 - - [19/Sep/2023:11:28:59 +0800] "GET /xingrg/all/function/internal_message.html?_=1695094141468&CODE_STATE=getMsg HTTP/1.1" 200 27
180.152.241.196 - - [19/Sep/2023:11:29:01 +0800] "GET /xingrg/all/function/internal_message.html?_=1695094141710&CODE_STATE=getMsg HTTP/1.1" 200 27
124.79.244.212 - - [19/Sep/2023:11:29:03 +0800] "GET /xingrg/all/function/internal_message.html?_=1695094441116&CODE_STATE=getMsg HTTP/1.1" 200 27
124.79.244.212 - - [19/Sep/2023:11:29:03 +0800] "GET /xingrg/check_reg.html?_=1695094441118 HTTP/1.1" 200 22
101.83.145.37 - - [19/Sep/2023:11:29:04 +0800] "GET /xingrg/all/function/internal_message.html?_=1695093932522&CODE_STATE=getMsg HTTP/1.1" 200 27
222.70.180.200 - - [19/Sep/2023:11:29:09 +0800] "GET /xingrg/check_reg.html?_=1695094253595 HTTP/1.1" 200 22
222.70.180.200 - - [19/Sep/2023:11:29:09 +0800] "GET /xingrg/all/function/internal_message.html?_=1695094253597&CODE_STATE=getMsg HTTP/1.1" 200 27
180.165.48.189 - - [19/Sep/2023:11:29:09 +0800] "GET /xingrg/all/function/internal_message.html?_=1695094149678&CODE_STATE=getMsg HTTP/1.1" 200 27
114.83.222.222 - - [19/Sep/2023:11:29:11 +0800] "GET /xingrg/kc/buy/cgsh_order_operate.html?command=get_materiel&rest_code=00149&code=00102003426&supplier_code=00100151&order_time=2023-09-19 HTTP/1.1" 200 412
101.228.187.155 - - [19/Sep/2023:11:29:14 +0800] "GET /xingrg/all/function/internal_message.html?_=1695094154121&CODE_STATE=getMsg HTTP/1.1" 200 27
124.78.155.92 - - [19/Sep/2023:11:29:15 +0800] "GET /xingrg/all/function/internal_message.html?_=1695094154197&CODE_STATE=getMsg HTTP/1.1" 200 27
222.70.180.200 - - [19/Sep/2023:11:29:15 +0800] "GET /xingrg/kc/base/check_order_list.html HTTP/1.1" 200 16554
222.70.180.200 - - [19/Sep/2023:11:29:16 +0800] "POST /xingrg/kc/base/check_list_operate.html HTTP/1.1" 200 781
116.230.110.33 - - [19/Sep/2023:11:29:16 +0800] "GET /xingrg/all/function/internal_message.html?_=1695094019536&CODE_STATE=getMsg HTTP/1.1" 200 27
222.70.180.200 - - [19/Sep/2023:11:29:18 +0800] "POST /xingrg/kc/base/check_list_operate.html HTTP/1.1" 200 5361
222.70.180.200 - - [19/Sep/2023:11:29:22 +0800] "POST /xingrg/all/user/operate.html HTTP/1.1" 200 36
222.70.180.200 - - [19/Sep/2023:11:29:22 +0800] "GET /xingrg/index.html?sysBaseUrl=http%3A%2F%2F180.169.147.146%3A18081%2Fxingrg%2F&costTime=836×tamp=1695093236972 HTTP/1.1" 200 17509
222.70.180.200 - - [19/Sep/2023:11:29:22 +0800] "GET /xingrg/javascript/jquery_easy_ui/themes/default/easyui.css HTTP/1.1" 304 -
222.70.180.200 - - [19/Sep/2023:11:29:22 +0800] "GET /xingrg/javascript/jquery_easy_ui/themes/icon.css HTTP/1.1" 304 -
222.70.180.200 - - [19/Sep/2023:11:29:22 +0800] "GET /xingrg/css/form.css HTTP/1.1" 304 -
222.70.180.200 - - [19/Sep/2023:11:29:22 +0800] "GET /xingrg/javascript/jquery-1.4.2.min.js HTTP/1.1" 304 -
222.70.180.200 - - [19/Sep/2023:11:29:22 +0800] "GET /xingrg/javascript/jquery_easy_ui/jquery.easyui.min.js HTTP/1.1" 304 -
222.70.180.200 - - [19/Sep/2023:11:29:22 +0800] "GET /xingrg/javascript/jquery_easy_ui/easyui-lang-zh_CN.js HTTP/1.1" 304 -
222.70.180.200 - - [19/Sep/2023:11:29:22 +0800] "GET /xingrg/javascript/jquery.form.js HTTP/1.1" 304 -
222.70.180.200 - - [19/Sep/2023:11:29:23 +0800] "GET /xingrg/javascript/jquery.utils.js HTTP/1.1" 304 -
222.70.180.200 - - [19/Sep/2023:11:29:23 +0800] "GET /xingrg/javascript/jquery.timers.js HTTP/1.1" 304 -
222.70.180.200 - - [19/Sep/2023:11:29:23 +0800] "GET /xingrg/images/blue/jxLogo.png HTTP/1.1" 304 -
222.70.180.200 - - [19/Sep/2023:11:29:23 +0800] "GET /xingrg/javascript/jquery_easy_ui/themes/icons/settle_new.png HTTP/1.1" 304 -
222.70.180.200 - - [19/Sep/2023:11:29:23 +0800] "GET /xingrg/images/blue/navBackgound.jpg HTTP/1.1" 304 -
222.70.180.200 - - [19/Sep/2023:11:29:23 +0800] "GET /xingrg/all/function/internal_message.html?_=1695094267328&CODE_STATE=count HTTP/1.1" 200 11
222.70.180.200 - - [19/Sep/2023:11:29:23 +0800] "GET /xingrg/check_reg.html?_=1695094267329 HTTP/1.1" 200 22
222.70.180.200 - - [19/Sep/2023:11:29:23 +0800] "GET /xingrg/javascript/jquery_easy_ui/themes/default/images/tabs_rightarrow.png HTTP/1.1" 304 -
222.70.180.200 - - [19/Sep/2023:11:29:23 +0800] "GET /xingrg/images/blue/pingpu.png HTTP/1.1" 304 -
222.70.180.200 - - [19/Sep/2023:11:29:23 +0800] "GET /xingrg/javascript/jquery_easy_ui/themes/default/images/tabs_leftarrow.png HTTP/1.1" 304 -
222.70.180.200 - - [19/Sep/2023:11:29:23 +0800] "GET /xingrg/javascript/jquery_easy_ui/themes/default/images/panel_tool_expand.gif HTTP/1.1" 304 -
222.70.180.200 - - [19/Sep/2023:11:29:23 +0800] "GET /xingrg/javascript/jquery_easy_ui/themes/default/images/panel_tool_collapse.gif HTTP/1.1" 304 -
222.70.180.200 - - [19/Sep/2023:11:29:23 +0800] "POST /xingrg/all/common/load_tree.html?tree=area_rest_tree_json&manage=1 HTTP/1.1" 200 591
222.70.180.200 - - [19/Sep/2023:11:29:23 +0800] "POST /xingrg/load_menu.html HTTP/1.1" 200 9959
222.70.180.200 - - [19/Sep/2023:11:29:29 +0800] "GET /xingrg/kc/base/check_order_list.html HTTP/1.1" 200 16560
222.70.180.200 - - [19/Sep/2023:11:29:29 +0800] "POST /xingrg/kc/base/check_list_operate.html HTTP/1.1" 200 781
114.95.241.104 - - [19/Sep/2023:11:29:30 +0800] "GET /xingrg/all/function/internal_message.html?_=1695094168604&CODE_STATE=getMsg HTTP/1.1" 200 27
222.70.180.200 - - [19/Sep/2023:11:29:30 +0800] "GET /xingrg/kc/cost/cost_list.html HTTP/1.1" 200 6093
222.70.180.200 - - [19/Sep/2023:11:29:30 +0800] "GET /xingrg/dwr/interface/AjaxReportQueryService.js HTTP/1.1" 200 13203
222.70.180.200 - - [19/Sep/2023:11:29:30 +0800] "GET /xingrg/dwr/engine.js HTTP/1.1" 200 43631
222.70.180.200 - - [19/Sep/2023:11:29:30 +0800] "GET /xingrg/kc/cost/cost_operate.html?_=1695094274988&command=load_cost_list HTTP/1.1" 200 11075
124.79.244.212 - - [19/Sep/2023:11:29:31 +0800] "GET /xingrg/all/function/internal_message.html?_=1695094170419&CODE_STATE=getMsg HTTP/1.1" 302 -
124.78.69.58 - - [19/Sep/2023:11:29:40 +0800] "GET /xingrg/all/function/internal_message.html?_=1695093610325&CODE_STATE=getMsg HTTP/1.1" 200 27
114.95.241.104 - - [19/Sep/2023:11:29:42 +0800] "POST /xingrg/all/user/operate.html HTTP/1.1" 200 36
114.95.241.104 - - [19/Sep/2023:11:29:43 +0800] "GET /xingrg/index.html?sysBaseUrl=http%3A%2F%2F180.169.147.146%3A18081%2Fxingrg%2F&costTime=837×tamp=1695084832195 HTTP/1.1" 200 17177
114.95.241.104 - - [19/Sep/2023:11:29:43 +0800] "GET /xingrg/javascript/jquery_easy_ui/themes/default/easyui.css HTTP/1.1" 304 -
114.95.241.104 - - [19/Sep/2023:11:29:43 +0800] "GET /xingrg/javascript/jquery_easy_ui/themes/icon.css HTTP/1.1" 304 -
114.95.241.104 - - [19/Sep/2023:11:29:43 +0800] "GET /xingrg/css/form.css HTTP/1.1" 304 -
114.95.241.104 - - [19/Sep/2023:11:29:43 +0800] "GET /xingrg/javascript/jquery-1.4.2.min.js HTTP/1.1" 304 -
114.95.241.104 - - [19/Sep/2023:11:29:43 +0800] "GET /xingrg/javascript/jquery_easy_ui/jquery.easyui.min.js HTTP/1.1" 304 -
114.95.241.104 - - [19/Sep/2023:11:29:43 +0800] "GET /xingrg/javascript/jquery_easy_ui/easyui-lang-zh_CN.js HTTP/1.1" 304 -
114.95.241.104 - - [19/Sep/2023:11:29:43 +0800] "GET /xingrg/javascript/jquery.form.js HTTP/1.1" 304 -
114.95.241.104 - - [19/Sep/2023:11:29:43 +0800] "GET /xingrg/javascript/jquery.utils.js HTTP/1.1" 304 -
114.95.241.104 - - [19/Sep/2023:11:29:43 +0800] "GET /xingrg/javascript/jquery.timers.js HTTP/1.1" 304 -
114.95.241.104 - - [19/Sep/2023:11:29:43 +0800] "GET /xingrg/images/blue/jxLogo.png HTTP/1.1" 304 -
114.95.241.104 - - [19/Sep/2023:11:29:43 +0800] "GET /xingrg/javascript/jquery_easy_ui/themes/icons/settle_new.png HTTP/1.1" 304 -
114.95.241.104 - - [19/Sep/2023:11:29:43 +0800] "GET /xingrg/images/blue/navBackgound.jpg HTTP/1.1" 304 -
114.95.241.104 - - [19/Sep/2023:11:29:43 +0800] "GET /xingrg/all/function/internal_message.html?_=1695094181552&CODE_STATE=count HTTP/1.1" 200 11
114.95.241.104 - - [19/Sep/2023:11:29:43 +0800] "GET /xingrg/javascript/jquery_easy_ui/themes/default/images/panel_tool_collapse.gif HTTP/1.1" 304 -
114.95.241.104 - - [19/Sep/2023:11:29:43 +0800] "GET /xingrg/javascript/jquery_easy_ui/themes/default/images/tabs_leftarrow.png HTTP/1.1" 304 -
114.95.241.104 - - [19/Sep/2023:11:29:43 +0800] "GET /xingrg/check_reg.html?_=1695094181552 HTTP/1.1" 200 22
114.95.241.104 - - [19/Sep/2023:11:29:43 +0800] "GET /xingrg/javascript/jquery_easy_ui/themes/default/images/tabs_rightarrow.png HTTP/1.1" 304 -
114.95.241.104 - - [19/Sep/2023:11:29:43 +0800] "GET /xingrg/images/blue/pingpu.png HTTP/1.1" 304 -
114.95.241.104 - - [19/Sep/2023:11:29:43 +0800] "POST /xingrg/all/common/load_tree.html?tree=area_rest_tree_json&manage=1 HTTP/1.1" 200 476
114.95.241.104 - - [19/Sep/2023:11:29:43 +0800] "POST /xingrg/load_menu.html HTTP/1.1" 200 5138
