101.228.187.155 - - [19/Sep/2023:08:58:14 +0800] "GET /xingrg/javascript/jquery_easy_ui/themes/default/images/tree_folder_open.gif HTTP/1.1" 304 -
101.228.187.155 - - [19/Sep/2023:08:58:14 +0800] "GET /xingrg/javascript/jquery_easy_ui/themes/icons/search_new.png HTTP/1.1" 304 -
101.228.187.155 - - [19/Sep/2023:08:58:14 +0800] "GET /xingrg/javascript/jquery_easy_ui/themes/default/images/tree_folder.gif HTTP/1.1" 304 -
101.228.187.155 - - [19/Sep/2023:08:58:14 +0800] "GET /xingrg/javascript/jquery_easy_ui/themes/icons/storage_new.png HTTP/1.1" 304 -
101.228.187.155 - - [19/Sep/2023:08:58:14 +0800] "GET /xingrg/javascript/jquery_easy_ui/themes/icons/forms_new.png HTTP/1.1" 304 -
101.228.187.155 - - [19/Sep/2023:08:58:14 +0800] "GET /xingrg/javascript/jquery_easy_ui/themes/default/images/tree_file.gif HTTP/1.1" 304 -
114.83.222.222 - - [19/Sep/2023:08:58:17 +0800] "GET /xingrg/kc/buy/cgsh_order_operate.html?command=get_materiel&rest_code=00149&code=00101008349&supplier_code=00100008&order_time=2023-09-19 HTTP/1.1" 200 414
101.228.187.155 - - [19/Sep/2023:08:58:18 +0800] "GET /xingrg/javascript/jquery_easy_ui/themes/icons/area.png HTTP/1.1" 304 -
101.228.187.155 - - [19/Sep/2023:08:58:18 +0800] "GET /xingrg/javascript/jquery_easy_ui/themes/icons/rest.png HTTP/1.1" 304 -
124.78.155.92 - - [19/Sep/2023:08:58:22 +0800] "GET /xingrg/check_reg.html?_=1695085100948 HTTP/1.1" 200 22
124.78.155.92 - - [19/Sep/2023:08:58:22 +0800] "GET /xingrg/all/function/internal_message.html?_=1695085100947&CODE_STATE=getMsg HTTP/1.1" 200 27
101.228.187.155 - - [19/Sep/2023:08:58:23 +0800] "GET /xingrg/javascript/jquery_easy_ui/themes/default/images/tabs_close.gif HTTP/1.1" 304 -
101.228.187.155 - - [19/Sep/2023:08:58:23 +0800] "GET /xingrg/kc/buy/cgsh_order_list.html HTTP/1.1" 200 56585
101.228.187.155 - - [19/Sep/2023:08:58:23 +0800] "GET /xingrg/css/base.css HTTP/1.1" 304 -
101.228.187.155 - - [19/Sep/2023:08:58:23 +0800] "GET /xingrg/css/site.css HTTP/1.1" 304 -
101.228.187.155 - - [19/Sep/2023:08:58:23 +0800] "GET /xingrg/javascript/jquery_tools/datebox.css HTTP/1.1" 304 -
101.228.187.155 - - [19/Sep/2023:08:58:23 +0800] "GET /xingrg/javascript/easyui/themes/default/easyui.css HTTP/1.1" 304 -
101.228.187.155 - - [19/Sep/2023:08:58:23 +0800] "GET /xingrg/javascript/easyui/themes/icon.css HTTP/1.1" 304 -
101.228.187.155 - - [19/Sep/2023:08:58:23 +0800] "GET /xingrg/javascript/jquery_tools/table.css HTTP/1.1" 304 -
101.228.187.155 - - [19/Sep/2023:08:58:23 +0800] "GET /xingrg/javascript/jquery_tools/fix.css HTTP/1.1" 304 -
101.228.187.155 - - [19/Sep/2023:08:58:23 +0800] "GET /xingrg/javascript/jquery_tools/jquery.tools.min.js HTTP/1.1" 304 -
101.228.187.155 - - [19/Sep/2023:08:58:23 +0800] "GET /xingrg/javascript/auto/jquery.autocomplete.css HTTP/1.1" 304 -
101.228.187.155 - - [19/Sep/2023:08:58:23 +0800] "GET /xingrg/javascript/jquery_tools/jquery.tools.extend.js HTTP/1.1" 304 -
101.228.187.155 - - [19/Sep/2023:08:58:23 +0800] "GET /xingrg/javascript/jquery_tools/jquery.tools.hotkey.js HTTP/1.1" 304 -
101.228.187.155 - - [19/Sep/2023:08:58:23 +0800] "GET /xingrg/javascript/jquery_tools/jquery.tools.table.js HTTP/1.1" 304 -
101.228.187.155 - - [19/Sep/2023:08:58:23 +0800] "GET /xingrg/javascript/jquery_tools/list_manager.js HTTP/1.1" 304 -
101.228.187.155 - - [19/Sep/2023:08:58:23 +0800] "GET /xingrg/javascript/auto/jquery.autocomplete.js HTTP/1.1" 304 -
101.228.187.155 - - [19/Sep/2023:08:58:23 +0800] "GET /xingrg/javascript/easyui/easyloader.js HTTP/1.1" 304 -
101.228.187.155 - - [19/Sep/2023:08:58:23 +0800] "GET /xingrg/javascript/jquery.cookie.js HTTP/1.1" 304 -
101.228.187.155 - - [19/Sep/2023:08:58:23 +0800] "GET /xingrg/javascript/print/LodopFuncs.js HTTP/1.1" 304 -
101.228.187.155 - - [19/Sep/2023:08:58:24 +0800] "GET /xingrg/javascript/easyui/themes/icons/edit_add_new.png HTTP/1.1" 304 -
101.228.187.155 - - [19/Sep/2023:08:58:24 +0800] "GET /xingrg/javascript/easyui/themes/icons/cance_new.png HTTP/1.1" 304 -
101.228.187.155 - - [19/Sep/2023:08:58:24 +0800] "GET /xingrg/javascript/easyui/themes/icons/check_new.png HTTP/1.1" 304 -
101.228.187.155 - - [19/Sep/2023:08:58:24 +0800] "GET /xingrg/javascript/easyui/themes/icons/field_new.png HTTP/1.1" 304 -
101.228.187.155 - - [19/Sep/2023:08:58:24 +0800] "GET /xingrg/javascript/easyui/themes/icons/import_new.png HTTP/1.1" 304 -
101.228.187.155 - - [19/Sep/2023:08:58:24 +0800] "GET /xingrg/javascript/easyui/plugins/jquery.parser.js HTTP/1.1" 304 -
101.228.187.155 - - [19/Sep/2023:08:58:24 +0800] "GET /xingrg/images/control/ajaxLoader.gif HTTP/1.1" 304 -
101.83.145.37 - - [19/Sep/2023:08:58:25 +0800] "GET /xingrg/kc/buy/cgsh_order_operate.html?command=get_materiel&rest_code=00105&code=00101008264&supplier_code=00100005&order_time=2023-09-19 HTTP/1.1" 200 412
114.83.222.222 - - [19/Sep/2023:08:58:26 +0800] "GET /xingrg/kc/buy/cgsh_order_operate.html?command=get_materiel&rest_code=00149&code=00101008185&supplier_code=00100008&order_time=2023-09-19 HTTP/1.1" 200 408
120.253.135.82 - - [19/Sep/2023:08:58:28 +0800] "GET /xingrg/all/function/internal_message.html?_=1695085249312&CODE_STATE=getMsg HTTP/1.1" 200 27
180.152.241.196 - - [19/Sep/2023:08:58:29 +0800] "GET /xingrg/all/function/internal_message.html?_=1695085109750&CODE_STATE=getMsg HTTP/1.1" 200 27
101.228.187.155 - - [19/Sep/2023:08:58:31 +0800] "POST /xingrg/kc/buy/cgsh_list_operate.html HTTP/1.1" 200 2745
101.228.187.155 - - [19/Sep/2023:08:58:33 +0800] "GET /xingrg/javascript/easyui/themes/default/images/button_plain_hover.png HTTP/1.1" 304 -
101.228.187.155 - - [19/Sep/2023:08:58:34 +0800] "GET /xingrg/kc/buy/cgsh_order_add.html HTTP/1.1" 200 71480
101.228.187.155 - - [19/Sep/2023:08:58:34 +0800] "GET /xingrg/javascript/pic_change.js HTTP/1.1" 304 -
101.228.187.155 - - [19/Sep/2023:08:58:34 +0800] "GET /xingrg/javascript/jquery_tools/order_manager.js HTTP/1.1" 304 -
101.228.187.155 - - [19/Sep/2023:08:58:34 +0800] "GET /xingrg/javascript/convert.js HTTP/1.1" 304 -
101.228.187.155 - - [19/Sep/2023:08:58:34 +0800] "GET /xingrg/javascript/json2.js HTTP/1.1" 304 -
101.228.187.155 - - [19/Sep/2023:08:58:34 +0800] "GET /xingrg/javascript/print/kc_print.js HTTP/1.1" 304 -
114.95.241.104 - - [19/Sep/2023:08:58:35 +0800] "GET /xingrg/all/function/internal_message.html?_=1695084990450&CODE_STATE=getMsg HTTP/1.1" 200 27
101.228.187.155 - - [19/Sep/2023:08:58:35 +0800] "GET /xingrg/words/20230918165522_words.js HTTP/1.1" 200 987006
101.228.187.155 - - [19/Sep/2023:08:58:35 +0800] "GET /xingrg/javascript/easyui/themes/icons/copy_new.png HTTP/1.1" 304 -
101.228.187.155 - - [19/Sep/2023:08:58:35 +0800] "GET /xingrg/javascript/easyui/themes/icons/template_new.png HTTP/1.1" 304 -
101.228.187.155 - - [19/Sep/2023:08:58:35 +0800] "GET /xingrg/javascript/easyui/themes/icons/print.png HTTP/1.1" 304 -
101.228.187.155 - - [19/Sep/2023:08:58:35 +0800] "GET /xingrg/javascript/easyui/themes/icons/ok.png HTTP/1.1" 304 -
101.228.187.155 - - [19/Sep/2023:08:58:35 +0800] "GET /xingrg/javascript/easyui/themes/default/images/menu_downarrow.png HTTP/1.1" 304 -
101.228.187.155 - - [19/Sep/2023:08:58:35 +0800] "GET /xingrg/javascript/easyui/themes/icons/cancel.png HTTP/1.1" 304 -
101.228.187.155 - - [19/Sep/2023:08:58:35 +0800] "POST /xingrg/kc/buy/cgsh_order_operate.html HTTP/1.1" 200 8245
101.228.187.155 - - [19/Sep/2023:08:58:35 +0800] "GET /xingrg/javascript/easyui/themes/default/validatebox.css HTTP/1.1" 404 1104
101.228.187.155 - - [19/Sep/2023:08:58:35 +0800] "GET /xingrg/javascript/easyui/plugins/jquery.validatebox.js HTTP/1.1" 304 -
101.228.187.155 - - [19/Sep/2023:08:58:35 +0800] "GET /xingrg/all/common/auto_word.html?type=employee&rest_code=00142 HTTP/1.1" 200 105
101.228.187.155 - - [19/Sep/2023:08:58:35 +0800] "GET /xingrg/all/common/auto_word.html?type=employee&rest_code=00142 HTTP/1.1" 200 105
101.228.187.155 - - [19/Sep/2023:08:58:35 +0800] "GET /xingrg/javascript/easyui/themes/icons/edit_remove.png HTTP/1.1" 304 -
101.228.187.155 - - [19/Sep/2023:08:58:35 +0800] "GET /xingrg/javascript/easyui/plugins/jquery.numberbox.js HTTP/1.1" 304 -
116.230.116.69 - - [19/Sep/2023:08:58:37 +0800] "GET /xingrg/kc/buy/cgsh_order_operate.html?command=get_materiel&rest_code=00146&code=00101009160&supplier_code=00100005&order_time=2023-09-19 HTTP/1.1" 200 414
114.83.222.222 - - [19/Sep/2023:08:58:37 +0800] "GET /xingrg/kc/buy/cgsh_order_operate.html?command=get_materiel&rest_code=00149&code=00101008096&supplier_code=00100008&order_time=2023-09-19 HTTP/1.1" 200 412
101.228.187.155 - - [19/Sep/2023:08:58:39 +0800] "GET /xingrg/javascript/auto/indicator.gif HTTP/1.1" 404 1066
101.228.187.155 - - [19/Sep/2023:08:58:42 +0800] "GET /xingrg/javascript/jquery_tools/images/prev.gif HTTP/1.1" 404 1086
101.228.187.155 - - [19/Sep/2023:08:58:42 +0800] "GET /xingrg/javascript/jquery_tools/images/next.gif HTTP/1.1" 404 1086
114.83.222.222 - - [19/Sep/2023:08:58:42 +0800] "GET /xingrg/all/function/internal_message.html?_=1695085122905&CODE_STATE=getMsg HTTP/1.1" 200 27
101.83.145.37 - - [19/Sep/2023:08:58:44 +0800] "GET /xingrg/kc/buy/cgsh_order_operate.html?command=get_materiel&rest_code=00105&code=00101009030&supplier_code=00100005&order_time=2023-09-19 HTTP/1.1" 200 412
124.79.244.212 - - [19/Sep/2023:08:58:48 +0800] "GET /xingrg/login.html HTTP/1.1" 200 7641
124.79.244.212 - - [19/Sep/2023:08:58:50 +0800] "GET /favicon.ico HTTP/1.1" 404 -
116.230.116.69 - - [19/Sep/2023:08:58:51 +0800] "GET /xingrg/all/function/internal_message.html?_=1695085133690&CODE_STATE=getMsg HTTP/1.1" 200 27
114.83.222.222 - - [19/Sep/2023:08:58:52 +0800] "GET /xingrg/kc/buy/cgsh_order_operate.html?command=get_materiel&rest_code=00149&code=00101008038&supplier_code=00100008&order_time=2023-09-19 HTTP/1.1" 200 412
114.95.241.104 - - [19/Sep/2023:08:58:52 +0800] "GET /xingrg/check_reg.html?_=1695085130881 HTTP/1.1" 200 22
114.95.241.104 - - [19/Sep/2023:08:58:52 +0800] "GET /xingrg/all/function/internal_message.html?_=1695085130884&CODE_STATE=getMsg HTTP/1.1" 200 27
222.70.107.161 - - [19/Sep/2023:08:58:55 +0800] "GET /xingrg/all/function/internal_message.html?_=1695085135193&CODE_STATE=getMsg HTTP/1.1" 200 27
101.83.145.37 - - [19/Sep/2023:08:58:57 +0800] "GET /xingrg/all/function/internal_message.html?_=1695084925750&CODE_STATE=getMsg HTTP/1.1" 200 27
101.83.145.37 - - [19/Sep/2023:08:58:57 +0800] "GET /xingrg/check_reg.html?_=1695084925754 HTTP/1.1" 200 22
101.228.187.155 - - [19/Sep/2023:08:59:00 +0800] "GET /xingrg/kc/buy/cgsh_order_operate.html?command=get_materiel&rest_code=00142&code=00101011001&supplier_code=00100311&order_time=2023-09-19 HTTP/1.1" 200 423
101.83.145.37 - - [19/Sep/2023:08:59:02 +0800] "GET /xingrg/kc/buy/cgsh_order_operate.html?command=get_materiel&rest_code=00105&code=00101008196&supplier_code=00100005&order_time=2023-09-19 HTTP/1.1" 200 416
124.79.244.212 - - [19/Sep/2023:08:59:03 +0800] "POST /xingrg/login.do HTTP/1.1" 302 -
124.79.244.212 - - [19/Sep/2023:08:59:03 +0800] "GET /xingrg/index.html?sysBaseUrl=http%3A%2F%2F180.169.147.146%3A18081%2Fxingrg%2F&costTime=829×tamp=1695085143236 HTTP/1.1" 200 17179
124.79.244.212 - - [19/Sep/2023:08:59:03 +0800] "GET /favicon.ico HTTP/1.1" 404 -
124.79.244.212 - - [19/Sep/2023:08:59:03 +0800] "POST /xingrg/all/common/load_tree.html?tree=area_rest_tree_json&manage=1 HTTP/1.1" 200 351
124.79.244.212 - - [19/Sep/2023:08:59:03 +0800] "GET /xingrg/check_reg.html?_=1695085441039 HTTP/1.1" 200 22
124.79.244.212 - - [19/Sep/2023:08:59:03 +0800] "GET /xingrg/all/function/internal_message.html?_=1695085441039&CODE_STATE=count HTTP/1.1" 200 11
124.79.244.212 - - [19/Sep/2023:08:59:03 +0800] "POST /xingrg/load_menu.html HTTP/1.1" 200 5138
114.83.222.222 - - [19/Sep/2023:08:59:11 +0800] "GET /xingrg/kc/buy/cgsh_order_operate.html?command=get_materiel&rest_code=00149&code=00101008358&supplier_code=00100008&order_time=2023-09-19 HTTP/1.1" 200 412
101.228.187.155 - - [19/Sep/2023:08:59:14 +0800] "GET /xingrg/all/function/internal_message.html?_=1695085154021&CODE_STATE=getMsg HTTP/1.1" 200 27
101.83.145.37 - - [19/Sep/2023:08:59:17 +0800] "GET /xingrg/kc/buy/cgsh_order_operate.html?command=get_materiel&rest_code=00105&code=00101008136&supplier_code=00100005&order_time=2023-09-19 HTTP/1.1" 200 413
116.230.116.69 - - [19/Sep/2023:08:59:18 +0800] "GET /xingrg/kc/buy/cgsh_order_operate.html?command=get_materiel&rest_code=00146&code=00101009079&supplier_code=00100005&order_time=2023-09-19 HTTP/1.1" 200 409
114.83.222.222 - - [19/Sep/2023:08:59:20 +0800] "GET /xingrg/kc/buy/cgsh_order_operate.html?command=get_materiel&rest_code=00149&code=00101008163&supplier_code=00100008&order_time=2023-09-19 HTTP/1.1" 200 409
124.78.155.92 - - [19/Sep/2023:08:59:22 +0800] "GET /xingrg/all/function/internal_message.html?_=1695085160947&CODE_STATE=getMsg HTTP/1.1" 200 27
180.163.30.76 - - [19/Sep/2023:08:59:22 +0800] "GET /xingrg/all/function/internal_message.html?_=1695085100947&CODE_STATE=getMsg HTTP/1.1" 302 -
180.163.28.109 - - [19/Sep/2023:08:59:22 +0800] "GET /xingrg/check_reg.html?_=1695085100948 HTTP/1.1" 302 -
180.163.30.76 - - [19/Sep/2023:08:59:22 +0800] "GET /xingrg/login.html HTTP/1.1" 200 7641
180.163.28.109 - - [19/Sep/2023:08:59:22 +0800] "GET /xingrg/login.html HTTP/1.1" 200 7641
116.230.116.69 - - [19/Sep/2023:08:59:26 +0800] "POST /xingrg/kc/buy/cgsh_order_operate.html HTTP/1.1" 200 2065
120.253.135.82 - - [19/Sep/2023:08:59:28 +0800] "GET /xingrg/all/function/internal_message.html?_=1695085309311&CODE_STATE=getMsg HTTP/1.1" 200 27
120.253.135.82 - - [19/Sep/2023:08:59:28 +0800] "GET /xingrg/check_reg.html?_=1695085309317 HTTP/1.1" 200 22
180.152.241.196 - - [19/Sep/2023:08:59:29 +0800] "GET /xingrg/all/function/internal_message.html?_=1695085169736&CODE_STATE=getMsg HTTP/1.1" 200 27
114.83.222.222 - - [19/Sep/2023:08:59:33 +0800] "GET /xingrg/kc/buy/cgsh_order_operate.html?command=get_materiel&rest_code=00149&code=00101008224&supplier_code=00100008&order_time=2023-09-19 HTTP/1.1" 200 435
114.95.241.104 - - [19/Sep/2023:08:59:35 +0800] "GET /xingrg/all/function/internal_message.html?_=1695085050456&CODE_STATE=getMsg HTTP/1.1" 200 27
116.230.116.69 - - [19/Sep/2023:08:59:36 +0800] "GET /xingrg/kc/buy/cgsh_order_operate.html?command=get_materiel&rest_code=00146&code=00101009011&supplier_code=00100005&order_time=2023-09-19 HTTP/1.1" 200 416
114.83.222.222 - - [19/Sep/2023:08:59:42 +0800] "GET /xingrg/all/function/internal_message.html?_=1695085182908&CODE_STATE=getMsg HTTP/1.1" 200 27
114.83.222.222 - - [19/Sep/2023:08:59:44 +0800] "GET /xingrg/kc/buy/cgsh_order_operate.html?command=get_materiel&rest_code=00149&code=00101008639&supplier_code=00100008&order_time=2023-09-19 HTTP/1.1" 200 409
116.230.116.69 - - [19/Sep/2023:08:59:48 +0800] "GET /xingrg/kc/buy/cgsh_order_operate.html?command=get_materiel&rest_code=00146&code=00101009015&supplier_code=00100005&order_time=2023-09-19 HTTP/1.1" 200 416
116.230.116.69 - - [19/Sep/2023:08:59:51 +0800] "GET /xingrg/all/function/internal_message.html?_=1695085193704&CODE_STATE=getMsg HTTP/1.1" 200 27
114.95.241.104 - - [19/Sep/2023:08:59:52 +0800] "GET /xingrg/all/function/internal_message.html?_=1695085190876&CODE_STATE=getMsg HTTP/1.1" 200 27
222.70.107.161 - - [19/Sep/2023:08:59:55 +0800] "GET /xingrg/all/function/internal_message.html?_=1695085195188&CODE_STATE=getMsg HTTP/1.1" 200 27
101.83.145.37 - - [19/Sep/2023:08:59:57 +0800] "GET /xingrg/all/function/internal_message.html?_=1695084985760&CODE_STATE=getMsg HTTP/1.1" 200 27
124.79.244.212 - - [19/Sep/2023:09:00:03 +0800] "GET /xingrg/all/function/internal_message.html?_=1695085501043&CODE_STATE=getMsg HTTP/1.1" 200 27
116.230.116.69 - - [19/Sep/2023:09:00:06 +0800] "GET /xingrg/kc/buy/cgsh_order_operate.html?command=get_materiel&rest_code=00146&code=00101008134&supplier_code=00100005&order_time=2023-09-19 HTTP/1.1" 200 412
101.228.187.155 - - [19/Sep/2023:09:00:14 +0800] "GET /xingrg/all/function/internal_message.html?_=1695085214026&CODE_STATE=getMsg HTTP/1.1" 200 27
101.228.187.155 - - [19/Sep/2023:09:00:14 +0800] "GET /xingrg/kc/buy/cgsh_order_operate.html?command=get_materiel&rest_code=00142&code=00101011005&supplier_code=00100311&order_time=2023-09-19 HTTP/1.1" 200 408
114.83.222.222 - - [19/Sep/2023:09:00:16 +0800] "GET /xingrg/kc/buy/cgsh_order_operate.html?command=get_materiel&rest_code=00149&code=00101023033&supplier_code=00100008&order_time=2023-09-19 HTTP/1.1" 200 409
124.78.155.92 - - [19/Sep/2023:09:00:22 +0800] "GET /xingrg/all/function/internal_message.html?_=1695085220948&CODE_STATE=getMsg HTTP/1.1" 200 27
101.228.187.155 - - [19/Sep/2023:09:00:27 +0800] "POST /xingrg/kc/buy/cgsh_order_operate.html HTTP/1.1" 200 37
101.83.145.37 - - [19/Sep/2023:09:00:28 +0800] "GET /xingrg/kc/buy/cgsh_order_operate.html?command=get_materiel&rest_code=00105&code=00101008069&supplier_code=00100005&order_time=2023-09-19 HTTP/1.1" 200 412
120.253.135.82 - - [19/Sep/2023:09:00:28 +0800] "GET /xingrg/all/function/internal_message.html?_=1695085369315&CODE_STATE=getMsg HTTP/1.1" 200 27
116.230.116.69 - - [19/Sep/2023:09:00:29 +0800] "GET /xingrg/kc/buy/cgsh_order_operate.html?command=get_materiel&rest_code=00146&code=00101008704&supplier_code=00100005&order_time=2023-09-19 HTTP/1.1" 200 409
101.228.187.155 - - [19/Sep/2023:09:00:29 +0800] "POST /xingrg/kc/buy/cgsh_order_operate.html HTTP/1.1" 200 4457
180.152.241.196 - - [19/Sep/2023:09:00:29 +0800] "GET /xingrg/all/function/internal_message.html?_=1695085229721&CODE_STATE=getMsg HTTP/1.1" 200 27
114.95.241.104 - - [19/Sep/2023:09:00:34 +0800] "GET /xingrg/check_reg.html?_=1695085110254 HTTP/1.1" 200 22
114.95.241.104 - - [19/Sep/2023:09:00:35 +0800] "GET /xingrg/all/function/internal_message.html?_=1695085110470&CODE_STATE=getMsg HTTP/1.1" 200 27
114.83.222.222 - - [19/Sep/2023:09:00:42 +0800] "GET /xingrg/check_reg.html?_=1695085242900 HTTP/1.1" 200 22
114.83.222.222 - - [19/Sep/2023:09:00:42 +0800] "GET /xingrg/all/function/internal_message.html?_=1695085242903&CODE_STATE=getMsg HTTP/1.1" 200 27
116.230.116.69 - - [19/Sep/2023:09:00:46 +0800] "GET /xingrg/kc/buy/cgsh_order_operate.html?command=get_materiel&rest_code=00146&code=00101008509&supplier_code=00100005&order_time=2023-09-19 HTTP/1.1" 200 409
116.230.116.69 - - [19/Sep/2023:09:00:51 +0800] "GET /xingrg/all/function/internal_message.html?_=1695085253717&CODE_STATE=getMsg HTTP/1.1" 200 27
114.95.241.104 - - [19/Sep/2023:09:00:52 +0800] "GET /xingrg/all/function/internal_message.html?_=1695085250887&CODE_STATE=getMsg HTTP/1.1" 200 27
114.83.222.222 - - [19/Sep/2023:09:00:55 +0800] "GET /xingrg/kc/buy/cgsh_order_operate.html?command=get_materiel&rest_code=00149&code=00101008355&supplier_code=00100008&order_time=2023-09-19 HTTP/1.1" 200 408
222.70.107.161 - - [19/Sep/2023:09:00:55 +0800] "GET /xingrg/all/function/internal_message.html?_=1695085255184&CODE_STATE=getMsg HTTP/1.1" 200 27
222.70.107.161 - - [19/Sep/2023:09:00:55 +0800] "GET /xingrg/check_reg.html?_=1695085255187 HTTP/1.1" 200 22
101.83.145.37 - - [19/Sep/2023:09:00:57 +0800] "GET /xingrg/all/function/internal_message.html?_=1695085045751&CODE_STATE=getMsg HTTP/1.1" 200 27
116.230.116.69 - - [19/Sep/2023:09:01:01 +0800] "GET /xingrg/kc/buy/cgsh_order_operate.html?command=get_materiel&rest_code=00146&code=00102014106&supplier_code=00100005&order_time=2023-09-19 HTTP/1.1" 200 412
124.79.244.212 - - [19/Sep/2023:09:01:03 +0800] "GET /xingrg/all/function/internal_message.html?_=1695085561051&CODE_STATE=getMsg HTTP/1.1" 200 27
101.228.187.155 - - [19/Sep/2023:09:01:14 +0800] "GET /xingrg/all/function/internal_message.html?_=1695085274019&CODE_STATE=getMsg HTTP/1.1" 200 27
222.70.107.161 - - [19/Sep/2023:09:01:16 +0800] "POST /xingrg/kc/buy/cgsh_list_operate.html HTTP/1.1" 200 5904
124.78.155.92 - - [19/Sep/2023:09:01:22 +0800] "GET /xingrg/all/function/internal_message.html?_=1695085280949&CODE_STATE=getMsg HTTP/1.1" 200 27
116.230.116.69 - - [19/Sep/2023:09:01:22 +0800] "POST /xingrg/kc/buy/cgsh_order_operate.html HTTP/1.1" 200 2065
180.163.30.27 - - [19/Sep/2023:09:01:22 +0800] "GET /xingrg/all/function/internal_message.html?_=1695085220948&CODE_STATE=getMsg HTTP/1.1" 302 -
180.163.30.27 - - [19/Sep/2023:09:01:22 +0800] "GET /xingrg/login.html HTTP/1.1" 200 7641
101.228.187.155 - - [19/Sep/2023:09:01:25 +0800] "POST /xingrg/kc/buy/cgsh_order_operate.html HTTP/1.1" 200 37
120.253.135.82 - - [19/Sep/2023:09:01:28 +0800] "GET /xingrg/all/function/internal_message.html?_=1695085429319&CODE_STATE=getMsg HTTP/1.1" 200 27
180.152.241.196 - - [19/Sep/2023:09:01:29 +0800] "GET /xingrg/all/function/internal_message.html?_=1695085289706&CODE_STATE=getMsg HTTP/1.1" 200 27
114.83.222.222 - - [19/Sep/2023:09:01:30 +0800] "GET /xingrg/kc/buy/cgsh_order_operate.html?command=get_materiel&rest_code=00149&code=00101008004&supplier_code=00100008&order_time=2023-09-19 HTTP/1.1" 200 416
101.228.187.155 - - [19/Sep/2023:09:01:32 +0800] "POST /xingrg/kc/buy/cgsh_order_operate.html HTTP/1.1" 200 12
116.230.116.69 - - [19/Sep/2023:09:01:34 +0800] "GET /xingrg/kc/buy/cgsh_order_operate.html?command=get_materiel&rest_code=00146&code=00101015112&supplier_code=00100005&order_time=2023-09-19 HTTP/1.1" 200 417
101.228.187.155 - - [19/Sep/2023:09:01:34 +0800] "GET /xingrg/kc/buy/cgsh_order_info.html?code=212023091907536 HTTP/1.1" 200 66393
114.95.241.104 - - [19/Sep/2023:09:01:35 +0800] "GET /xingrg/all/function/internal_message.html?_=1695085170483&CODE_STATE=getMsg HTTP/1.1" 200 27
101.228.187.155 - - [19/Sep/2023:09:01:35 +0800] "GET /xingrg/javascript/easyui/themes/default/validatebox.css HTTP/1.1" 404 1104
101.228.187.155 - - [19/Sep/2023:09:01:36 +0800] "POST /xingrg/kc/buy/cgsh_order_operate.html HTTP/1.1" 200 2407
101.228.187.155 - - [19/Sep/2023:09:01:38 +0800] "GET /xingrg/kc/print/load_config.html?kc_code=cgsh HTTP/1.1" 200 1927
101.228.187.155 - - [19/Sep/2023:09:01:39 +0800] "GET /xingrg/kc/print/load_data.html?order_code=212023091907536&kc_code=cgsh&condition= HTTP/1.1" 200 1422
114.83.222.222 - - [19/Sep/2023:09:01:42 +0800] "GET /xingrg/all/function/internal_message.html?_=1695085302902&CODE_STATE=getMsg HTTP/1.1" 200 27
101.228.187.155 - - [19/Sep/2023:09:01:43 +0800] "GET /xingrg/javascript/jquery_easy_ui/themes/default/images/tabs_active.png HTTP/1.1" 304 -
114.83.222.222 - - [19/Sep/2023:09:01:44 +0800] "GET /xingrg/kc/buy/cgsh_order_operate.html?command=get_materiel&rest_code=00149&code=00101008356&supplier_code=00100008&order_time=2023-09-19 HTTP/1.1" 200 408
101.228.187.155 - - [19/Sep/2023:09:01:45 +0800] "GET /xingrg/kc/buy/cgsh_order_add.html HTTP/1.1" 200 71480
101.228.187.155 - - [19/Sep/2023:09:01:46 +0800] "POST /xingrg/kc/buy/cgsh_order_operate.html HTTP/1.1" 200 8245
101.228.187.155 - - [19/Sep/2023:09:01:46 +0800] "GET /xingrg/javascript/easyui/themes/default/validatebox.css HTTP/1.1" 404 1104
116.230.116.69 - - [19/Sep/2023:09:01:51 +0800] "GET /xingrg/check_reg.html?_=1695085313670 HTTP/1.1" 200 22
116.230.116.69 - - [19/Sep/2023:09:01:51 +0800] "GET /xingrg/all/function/internal_message.html?_=1695085313730&CODE_STATE=getMsg HTTP/1.1" 200 27
114.95.241.104 - - [19/Sep/2023:09:01:52 +0800] "GET /xingrg/all/function/internal_message.html?_=1695085310888&CODE_STATE=getMsg HTTP/1.1" 200 27
222.70.107.161 - - [19/Sep/2023:09:01:55 +0800] "GET /xingrg/all/function/internal_message.html?_=1695085315196&CODE_STATE=getMsg HTTP/1.1" 200 27
101.83.145.37 - - [19/Sep/2023:09:01:57 +0800] "GET /xingrg/all/function/internal_message.html?_=1695085105755&CODE_STATE=getMsg HTTP/1.1" 200 27
114.83.222.222 - - [19/Sep/2023:09:01:58 +0800] "POST /xingrg/kc/buy/cgsh_order_operate.html HTTP/1.1" 200 2065
101.228.187.155 - - [19/Sep/2023:09:02:01 +0800] "GET /xingrg/kc/buy/cgsh_order_operate.html?command=get_materiel&rest_code=00142&code=00101008005&supplier_code=00100161&order_time=2023-09-19 HTTP/1.1" 200 434
124.79.244.212 - - [19/Sep/2023:09:02:03 +0800] "GET /xingrg/all/function/internal_message.html?_=1695085621049&CODE_STATE=getMsg HTTP/1.1" 200 27
116.230.116.69 - - [19/Sep/2023:09:02:04 +0800] "GET /xingrg/kc/buy/cgsh_order_operate.html?command=get_materiel&rest_code=00146&code=00101009030&supplier_code=00100005&order_time=2023-09-19 HTTP/1.1" 200 412
114.83.222.222 - - [19/Sep/2023:09:02:05 +0800] "GET /xingrg/kc/buy/cgsh_order_operate.html?command=get_materiel&rest_code=00149&code=00101008137&supplier_code=00100008&order_time=2023-09-19 HTTP/1.1" 200 408
101.83.145.37 - - [19/Sep/2023:09:02:10 +0800] "GET /xingrg/kc/buy/cgsh_order_operate.html?command=get_materiel&rest_code=00105&code=00101008368&supplier_code=00100005&order_time=2023-09-19 HTTP/1.1" 200 408
101.228.187.155 - - [19/Sep/2023:09:02:14 +0800] "GET /xingrg/all/function/internal_message.html?_=1695085334020&CODE_STATE=getMsg HTTP/1.1" 200 27
114.83.222.222 - - [19/Sep/2023:09:02:14 +0800] "GET /xingrg/kc/buy/cgsh_order_operate.html?command=get_materiel&rest_code=00149&code=00101008059&supplier_code=00100008&order_time=2023-09-19 HTTP/1.1" 200 427
116.230.116.69 - - [19/Sep/2023:09:02:20 +0800] "POST /xingrg/kc/buy/cgsh_order_operate.html HTTP/1.1" 200 37
124.78.155.92 - - [19/Sep/2023:09:02:22 +0800] "GET /xingrg/all/function/internal_message.html?_=1695085340950&CODE_STATE=getMsg HTTP/1.1" 200 27
101.228.187.155 - - [19/Sep/2023:09:02:22 +0800] "GET /xingrg/kc/buy/cgsh_order_operate.html?command=get_materiel&rest_code=00142&code=00101008361&supplier_code=00100161&order_time=2023-09-19 HTTP/1.1" 200 408
114.83.222.222 - - [19/Sep/2023:09:02:25 +0800] "GET /xingrg/kc/buy/cgsh_order_operate.html?command=get_materiel&rest_code=00149&code=00101008077&supplier_code=00100008&order_time=2023-09-19 HTTP/1.1" 200 416
116.230.116.69 - - [19/Sep/2023:09:02:26 +0800] "POST /xingrg/kc/buy/cgsh_order_operate.html HTTP/1.1" 200 37537
120.253.135.82 - - [19/Sep/2023:09:02:28 +0800] "GET /xingrg/all/function/internal_message.html?_=1695085489325&CODE_STATE=getMsg HTTP/1.1" 200 27
180.152.241.196 - - [19/Sep/2023:09:02:29 +0800] "GET /xingrg/all/function/internal_message.html?_=1695085349681&CODE_STATE=getMsg HTTP/1.1" 200 27
180.152.241.196 - - [19/Sep/2023:09:02:29 +0800] "GET /xingrg/check_reg.html?_=1695085350081 HTTP/1.1" 200 22
101.228.187.155 - - [19/Sep/2023:09:02:34 +0800] "GET /xingrg/kc/buy/cgsh_order_operate.html?command=get_materiel&rest_code=00142&code=00101008371&supplier_code=00100161&order_time=2023-09-19 HTTP/1.1" 200 412
114.95.241.104 - - [19/Sep/2023:09:02:35 +0800] "GET /xingrg/all/function/internal_message.html?_=1695085230497&CODE_STATE=getMsg HTTP/1.1" 200 27
114.83.222.222 - - [19/Sep/2023:09:02:42 +0800] "GET /xingrg/all/function/internal_message.html?_=1695085362913&CODE_STATE=getMsg HTTP/1.1" 200 27
222.70.107.161 - - [19/Sep/2023:09:02:43 +0800] "POST /xingrg/kc/buy/cgsh_list_operate.html HTTP/1.1" 200 355
222.70.107.161 - - [19/Sep/2023:09:02:45 +0800] "GET /xingrg/kc/buy/cgsh_order_info.html?code=212023091807248 HTTP/1.1" 200 67351
222.70.107.161 - - [19/Sep/2023:09:02:45 +0800] "GET /xingrg/javascript/easyui/themes/default/validatebox.css HTTP/1.1" 404 1104
116.230.116.69 - - [19/Sep/2023:09:02:45 +0800] "POST /xingrg/kc/buy/cgsh_order_operate.html HTTP/1.1" 200 37
222.70.107.161 - - [19/Sep/2023:09:02:46 +0800] "POST /xingrg/kc/buy/cgsh_order_operate.html HTTP/1.1" 200 1806
222.70.107.161 - - [19/Sep/2023:09:02:47 +0800] "GET /xingrg/kc/print/load_data.html?order_code=212023091807248&kc_code=cgsh HTTP/1.1" 200 1228
101.228.187.155 - - [19/Sep/2023:09:02:48 +0800] "GET /xingrg/kc/buy/cgsh_order_operate.html?command=get_materiel&rest_code=00142&code=00101008355&supplier_code=00100161&order_time=2023-09-19 HTTP/1.1" 200 408
116.230.116.69 - - [19/Sep/2023:09:02:49 +0800] "POST /xingrg/kc/buy/cgsh_order_operate.html HTTP/1.1" 200 37537
116.230.116.69 - - [19/Sep/2023:09:02:50 +0800] "GET /xingrg/kc/print/load_config.html?kc_code=cgsh HTTP/1.1" 200 1927
116.230.116.69 - - [19/Sep/2023:09:02:51 +0800] "GET /xingrg/kc/print/load_data.html?order_code=212023091907532&kc_code=cgsh&condition= HTTP/1.1" 200 13898
116.230.116.69 - - [19/Sep/2023:09:02:52 +0800] "GET /xingrg/all/function/internal_message.html?_=1695085374159&CODE_STATE=getMsg HTTP/1.1" 200 27
114.95.241.104 - - [19/Sep/2023:09:02:52 +0800] "GET /xingrg/all/function/internal_message.html?_=1695085370876&CODE_STATE=getMsg HTTP/1.1" 200 27
222.70.107.161 - - [19/Sep/2023:09:02:54 +0800] "POST /xingrg/kc/buy/cgsh_list_operate.html HTTP/1.1" 200 5904
222.70.107.161 - - [19/Sep/2023:09:02:55 +0800] "GET /xingrg/all/function/internal_message.html?_=1695085375210&CODE_STATE=getMsg HTTP/1.1" 200 27
101.228.187.155 - - [19/Sep/2023:09:02:57 +0800] "GET /xingrg/kc/buy/cgsh_order_operate.html?command=get_materiel&rest_code=00142&code=00101008024&supplier_code=00100161&order_time=2023-09-19 HTTP/1.1" 200 408
101.83.145.37 - - [19/Sep/2023:09:02:57 +0800] "GET /xingrg/kc/buy/cgsh_order_operate.html?command=get_materiel&rest_code=00105&code=00101008131&supplier_code=00100005&order_time=2023-09-19 HTTP/1.1" 200 409
101.83.145.37 - - [19/Sep/2023:09:02:57 +0800] "GET /xingrg/all/function/internal_message.html?_=1695085165756&CODE_STATE=getMsg HTTP/1.1" 200 27
114.83.222.222 - - [19/Sep/2023:09:03:02 +0800] "GET /xingrg/kc/buy/cgsh_order_operate.html?command=get_materiel&rest_code=00149&code=00101008223&supplier_code=00100008&order_time=2023-09-19 HTTP/1.1" 200 412
124.79.244.212 - - [19/Sep/2023:09:03:03 +0800] "GET /xingrg/all/function/internal_message.html?_=1695085681047&CODE_STATE=getMsg HTTP/1.1" 200 27
101.228.187.155 - - [19/Sep/2023:09:03:09 +0800] "GET /xingrg/kc/buy/cgsh_order_operate.html?command=get_materiel&rest_code=00142&code=00101008356&supplier_code=00100161&order_time=2023-09-19 HTTP/1.1" 200 408
116.230.116.69 - - [19/Sep/2023:09:03:12 +0800] "GET /xingrg/kc/buy/cgsh_order_add.html HTTP/1.1" 200 72361
116.230.116.69 - - [19/Sep/2023:09:03:12 +0800] "POST /xingrg/kc/buy/cgsh_order_operate.html HTTP/1.1" 200 8245
116.230.116.69 - - [19/Sep/2023:09:03:12 +0800] "GET /xingrg/javascript/easyui/themes/default/validatebox.css HTTP/1.1" 404 1104
101.228.187.155 - - [19/Sep/2023:09:03:14 +0800] "GET /xingrg/check_reg.html?_=1695085394028 HTTP/1.1" 200 22
101.228.187.155 - - [19/Sep/2023:09:03:14 +0800] "GET /xingrg/all/function/internal_message.html?_=1695085394029&CODE_STATE=getMsg HTTP/1.1" 200 27
124.78.155.92 - - [19/Sep/2023:09:03:22 +0800] "GET /xingrg/check_reg.html?_=1695085400952 HTTP/1.1" 200 22
101.228.187.155 - - [19/Sep/2023:09:03:22 +0800] "GET /xingrg/kc/buy/cgsh_order_operate.html?command=get_materiel&rest_code=00142&code=00101008286&supplier_code=00100161&order_time=2023-09-19 HTTP/1.1" 200 408
124.78.155.92 - - [19/Sep/2023:09:03:22 +0800] "GET /xingrg/all/function/internal_message.html?_=1695085400955&CODE_STATE=getMsg HTTP/1.1" 200 27
180.163.28.55 - - [19/Sep/2023:09:03:22 +0800] "GET /xingrg/all/function/internal_message.html?_=1695085340950&CODE_STATE=getMsg HTTP/1.1" 302 -
180.163.28.55 - - [19/Sep/2023:09:03:22 +0800] "GET /xingrg/login.html HTTP/1.1" 200 7641
101.83.145.37 - - [19/Sep/2023:09:03:22 +0800] "GET /xingrg/kc/buy/cgsh_order_operate.html?command=get_materiel&rest_code=00105&code=00101008271&supplier_code=00100005&order_time=2023-09-19 HTTP/1.1" 200 408
114.83.222.222 - - [19/Sep/2023:09:03:26 +0800] "GET /xingrg/kc/buy/cgsh_order_operate.html?command=get_materiel&rest_code=00149&code=00101008357&supplier_code=00100008&order_time=2023-09-19 HTTP/1.1" 200 408
120.253.135.82 - - [19/Sep/2023:09:03:28 +0800] "GET /xingrg/all/function/internal_message.html?_=1695085549335&CODE_STATE=getMsg HTTP/1.1" 200 27
180.152.241.196 - - [19/Sep/2023:09:03:29 +0800] "GET /xingrg/all/function/internal_message.html?_=1695085409675&CODE_STATE=getMsg HTTP/1.1" 200 27
116.230.116.69 - - [19/Sep/2023:09:03:34 +0800] "GET /xingrg/javascript/jquery_tools/images/prev.gif HTTP/1.1" 404 1086
116.230.116.69 - - [19/Sep/2023:09:03:34 +0800] "GET /xingrg/javascript/jquery_tools/images/next.gif HTTP/1.1" 404 1086
101.228.187.155 - - [19/Sep/2023:09:03:34 +0800] "GET /xingrg/kc/buy/cgsh_order_operate.html?command=get_materiel&rest_code=00142&code=00101008351&supplier_code=00100161&order_time=2023-09-19 HTTP/1.1" 200 427
114.95.241.104 - - [19/Sep/2023:09:03:35 +0800] "GET /xingrg/all/function/internal_message.html?_=1695085290671&CODE_STATE=getMsg HTTP/1.1" 200 27
114.83.222.222 - - [19/Sep/2023:09:03:35 +0800] "POST /xingrg/kc/buy/cgsh_order_operate.html HTTP/1.1" 200 2065
114.83.222.222 - - [19/Sep/2023:09:03:42 +0800] "GET /xingrg/all/function/internal_message.html?_=1695085422911&CODE_STATE=getMsg HTTP/1.1" 200 27
114.83.222.222 - - [19/Sep/2023:09:03:43 +0800] "GET /xingrg/kc/buy/cgsh_order_operate.html?command=get_materiel&rest_code=00149&code=00101008286&supplier_code=00100008&order_time=2023-09-19 HTTP/1.1" 200 408
101.83.145.37 - - [19/Sep/2023:09:03:43 +0800] "GET /xingrg/kc/buy/cgsh_order_operate.html?command=get_materiel&rest_code=00105&code=00101008353&supplier_code=00100005&order_time=2023-09-19 HTTP/1.1" 200 408
116.230.116.69 - - [19/Sep/2023:09:03:44 +0800] "GET /xingrg/kc/buy/cgsh_order_operate.html?command=get_materiel&rest_code=00146&code=00101007049&supplier_code=00100002&order_time=2023-09-19 HTTP/1.1" 200 409
101.228.187.155 - - [19/Sep/2023:09:03:44 +0800] "GET /xingrg/kc/buy/cgsh_order_operate.html?command=get_materiel&rest_code=00142&code=00101008300&supplier_code=00100161&order_time=2023-09-19 HTTP/1.1" 200 412
222.70.107.161 - - [19/Sep/2023:09:03:45 +0800] "POST /xingrg/kc/buy/cgsh_list_operate.html HTTP/1.1" 200 276
222.70.107.161 - - [19/Sep/2023:09:03:47 +0800] "GET /xingrg/kc/buy/cgsh_order_info.html?code=212023091807258 HTTP/1.1" 200 67351
222.70.107.161 - - [19/Sep/2023:09:03:48 +0800] "GET /xingrg/javascript/easyui/themes/default/validatebox.css HTTP/1.1" 404 1104
222.70.107.161 - - [19/Sep/2023:09:03:48 +0800] "POST /xingrg/kc/buy/cgsh_order_operate.html HTTP/1.1" 200 1200
222.70.107.161 - - [19/Sep/2023:09:03:50 +0800] "GET /xingrg/kc/print/load_data.html?order_code=212023091807258&kc_code=cgsh HTTP/1.1" 200 921
116.230.116.69 - - [19/Sep/2023:09:03:52 +0800] "GET /xingrg/all/function/internal_message.html?_=1695085434163&CODE_STATE=getMsg HTTP/1.1" 200 27
114.95.241.104 - - [19/Sep/2023:09:03:52 +0800] "GET /xingrg/all/function/internal_message.html?_=1695085430893&CODE_STATE=getMsg HTTP/1.1" 200 27
114.95.241.104 - - [19/Sep/2023:09:03:52 +0800] "GET /xingrg/check_reg.html?_=1695085430897 HTTP/1.1" 200 22
222.70.107.161 - - [19/Sep/2023:09:03:55 +0800] "GET /xingrg/all/function/internal_message.html?_=1695085435210&CODE_STATE=getMsg HTTP/1.1" 200 27
222.70.107.161 - - [19/Sep/2023:09:03:57 +0800] "POST /xingrg/kc/buy/cgsh_list_operate.html HTTP/1.1" 200 5904
101.83.145.37 - - [19/Sep/2023:09:03:57 +0800] "GET /xingrg/check_reg.html?_=1695085225763 HTTP/1.1" 200 22
101.83.145.37 - - [19/Sep/2023:09:03:57 +0800] "GET /xingrg/all/function/internal_message.html?_=1695085225769&CODE_STATE=getMsg HTTP/1.1" 200 27
101.228.187.155 - - [19/Sep/2023:09:03:57 +0800] "GET /xingrg/kc/buy/cgsh_order_operate.html?command=get_materiel&rest_code=00142&code=00101008092&supplier_code=00100161&order_time=2023-09-19 HTTP/1.1" 200 412
124.79.244.212 - - [19/Sep/2023:09:04:03 +0800] "GET /xingrg/check_reg.html?_=1695085741043 HTTP/1.1" 200 22
124.79.244.212 - - [19/Sep/2023:09:04:03 +0800] "GET /xingrg/all/function/internal_message.html?_=1695085741045&CODE_STATE=getMsg HTTP/1.1" 200 27
116.230.116.69 - - [19/Sep/2023:09:04:04 +0800] "GET /xingrg/kc/buy/cgsh_order_operate.html?command=get_materiel&rest_code=00146&code=00101007032&supplier_code=00100002&order_time=2023-09-19 HTTP/1.1" 200 413
101.83.145.37 - - [19/Sep/2023:09:04:07 +0800] "GET /xingrg/kc/buy/cgsh_order_operate.html?command=get_materiel&rest_code=00105&code=00101008213&supplier_code=00100005&order_time=2023-09-19 HTTP/1.1" 200 412
101.228.187.155 - - [19/Sep/2023:09:04:08 +0800] "GET /xingrg/kc/buy/cgsh_order_operate.html?command=get_materiel&rest_code=00142&code=00101008275&supplier_code=00100161&order_time=2023-09-19 HTTP/1.1" 200 417
101.228.187.155 - - [19/Sep/2023:09:04:14 +0800] "GET /xingrg/all/function/internal_message.html?_=1695085454041&CODE_STATE=getMsg HTTP/1.1" 200 27
116.230.116.69 - - [19/Sep/2023:09:04:20 +0800] "POST /xingrg/kc/buy/cgsh_order_operate.html HTTP/1.1" 200 37
101.228.187.155 - - [19/Sep/2023:09:04:20 +0800] "GET /xingrg/kc/buy/cgsh_order_operate.html?command=get_materiel&rest_code=00142&code=00101008354&supplier_code=00100161&order_time=2023-09-19 HTTP/1.1" 200 412
222.70.107.161 - - [19/Sep/2023:09:04:20 +0800] "POST /xingrg/kc/buy/cgsh_list_operate.html HTTP/1.1" 200 202
124.78.155.92 - - [19/Sep/2023:09:04:22 +0800] "GET /xingrg/all/function/internal_message.html?_=1695085460949&CODE_STATE=getMsg HTTP/1.1" 200 27
180.163.29.79 - - [19/Sep/2023:09:04:22 +0800] "GET /xingrg/all/function/internal_message.html?_=1695085400955&CODE_STATE=getMsg HTTP/1.1" 302 -
180.163.29.79 - - [19/Sep/2023:09:04:22 +0800] "GET /xingrg/login.html HTTP/1.1" 200 7641
222.70.107.161 - - [19/Sep/2023:09:04:22 +0800] "GET /xingrg/kc/buy/cgsh_order_info.html?code=212023091807259 HTTP/1.1" 200 67351
116.230.116.69 - - [19/Sep/2023:09:04:23 +0800] "POST /xingrg/kc/buy/cgsh_order_operate.html HTTP/1.1" 200 3245
222.70.107.161 - - [19/Sep/2023:09:04:23 +0800] "GET /xingrg/javascript/easyui/themes/default/validatebox.css HTTP/1.1" 404 1104
222.70.107.161 - - [19/Sep/2023:09:04:24 +0800] "POST /xingrg/kc/buy/cgsh_order_operate.html HTTP/1.1" 200 614
116.230.116.69 - - [19/Sep/2023:09:04:25 +0800] "GET /xingrg/kc/print/load_data.html?order_code=212023091907537&kc_code=cgsh&condition= HTTP/1.1" 200 976
222.70.107.161 - - [19/Sep/2023:09:04:25 +0800] "GET /xingrg/kc/print/load_data.html?order_code=212023091807259&kc_code=cgsh HTTP/1.1" 200 770
120.253.135.82 - - [19/Sep/2023:09:04:28 +0800] "GET /xingrg/all/function/internal_message.html?_=1695085609334&CODE_STATE=getMsg HTTP/1.1" 200 27
120.253.135.82 - - [19/Sep/2023:09:04:28 +0800] "GET /xingrg/check_reg.html?_=1695085609340 HTTP/1.1" 200 22
101.228.187.155 - - [19/Sep/2023:09:04:29 +0800] "GET /xingrg/kc/buy/cgsh_order_operate.html?command=get_materiel&rest_code=00142&code=00101008352&supplier_code=00100161&order_time=2023-09-19 HTTP/1.1" 200 412
180.152.241.196 - - [19/Sep/2023:09:04:29 +0800] "GET /xingrg/all/function/internal_message.html?_=1695085469659&CODE_STATE=getMsg HTTP/1.1" 200 27
101.83.145.37 - - [19/Sep/2023:09:04:30 +0800] "GET /xingrg/kc/buy/cgsh_order_operate.html?command=get_materiel&rest_code=00105&code=00101008119&supplier_code=00100005&order_time=2023-09-19 HTTP/1.1" 200 412
222.70.107.161 - - [19/Sep/2023:09:04:33 +0800] "POST /xingrg/kc/buy/cgsh_list_operate.html HTTP/1.1" 200 5904
114.95.241.104 - - [19/Sep/2023:09:04:35 +0800] "GET /xingrg/all/function/internal_message.html?_=1695085350680&CODE_STATE=getMsg HTTP/1.1" 200 27
114.83.222.222 - - [19/Sep/2023:09:04:36 +0800] "GET /xingrg/kc/buy/cgsh_order_operate.html?command=get_materiel&rest_code=00149&code=00101008131&supplier_code=00100008&order_time=2023-09-19 HTTP/1.1" 200 409
101.228.187.155 - - [19/Sep/2023:09:04:39 +0800] "GET /xingrg/kc/buy/cgsh_order_operate.html?command=get_materiel&rest_code=00142&code=00101008323&supplier_code=00100161&order_time=2023-09-19 HTTP/1.1" 200 427
114.83.222.222 - - [19/Sep/2023:09:04:42 +0800] "GET /xingrg/all/function/internal_message.html?_=1695085482941&CODE_STATE=getMsg HTTP/1.1" 200 27
114.83.222.222 - - [19/Sep/2023:09:04:46 +0800] "GET /xingrg/kc/buy/cgsh_order_operate.html?command=get_materiel&rest_code=00149&code=00101008296&supplier_code=00100008&order_time=2023-09-19 HTTP/1.1" 200 416
222.70.107.161 - - [19/Sep/2023:09:04:47 +0800] "POST /xingrg/kc/buy/cgsh_list_operate.html HTTP/1.1" 200 202
101.228.187.155 - - [19/Sep/2023:09:04:49 +0800] "GET /xingrg/kc/buy/cgsh_order_operate.html?command=get_materiel&rest_code=00142&code=00101012029&supplier_code=00100161&order_time=2023-09-19 HTTP/1.1" 200 412
114.83.222.222 - - [19/Sep/2023:09:04:51 +0800] "POST /xingrg/kc/buy/cgsh_order_operate.html HTTP/1.1" 200 2065
101.83.145.37 - - [19/Sep/2023:09:04:51 +0800] "GET /xingrg/kc/buy/cgsh_order_operate.html?command=get_materiel&rest_code=00105&code=00101008185&supplier_code=00100005&order_time=2023-09-19 HTTP/1.1" 200 408
116.230.116.69 - - [19/Sep/2023:09:04:52 +0800] "GET /xingrg/all/function/internal_message.html?_=1695085494176&CODE_STATE=getMsg HTTP/1.1" 200 27
114.95.241.104 - - [19/Sep/2023:09:04:52 +0800] "GET /xingrg/all/function/internal_message.html?_=1695085490898&CODE_STATE=getMsg HTTP/1.1" 200 27
222.70.107.161 - - [19/Sep/2023:09:04:55 +0800] "GET /xingrg/all/function/internal_message.html?_=1695085495203&CODE_STATE=getMsg HTTP/1.1" 200 27
101.83.145.37 - - [19/Sep/2023:09:04:57 +0800] "GET /xingrg/all/function/internal_message.html?_=1695085285752&CODE_STATE=getMsg HTTP/1.1" 200 27
101.228.187.155 - - [19/Sep/2023:09:04:58 +0800] "GET /xingrg/kc/buy/cgsh_order_operate.html?command=get_materiel&rest_code=00142&code=00101012024&supplier_code=00100161&order_time=2023-09-19 HTTP/1.1" 200 408
114.83.222.222 - - [19/Sep/2023:09:04:59 +0800] "GET /xingrg/kc/buy/cgsh_order_operate.html?command=get_materiel&rest_code=00149&code=00101008318&supplier_code=00100008&order_time=2023-09-19 HTTP/1.1" 200 408
124.79.244.212 - - [19/Sep/2023:09:05:03 +0800] "GET /xingrg/all/function/internal_message.html?_=1695085801043&CODE_STATE=getMsg HTTP/1.1" 200 27
101.228.187.155 - - [19/Sep/2023:09:05:09 +0800] "POST /xingrg/kc/buy/cgsh_order_operate.html HTTP/1.1" 200 37
222.70.107.161 - - [19/Sep/2023:09:05:09 +0800] "POST /xingrg/kc/buy/cgsh_list_operate.html HTTP/1.1" 200 203
222.70.107.161 - - [19/Sep/2023:09:05:11 +0800] "GET /xingrg/kc/buy/cgsh_order_info.html?code=212023091807262 HTTP/1.1" 200 67349
222.70.107.161 - - [19/Sep/2023:09:05:12 +0800] "GET /xingrg/javascript/easyui/themes/default/validatebox.css HTTP/1.1" 404 1104
222.70.107.161 - - [19/Sep/2023:09:05:13 +0800] "POST /xingrg/kc/buy/cgsh_order_operate.html HTTP/1.1" 200 615
101.228.187.155 - - [19/Sep/2023:09:05:13 +0800] "POST /xingrg/kc/buy/cgsh_order_operate.html HTTP/1.1" 200 11509
101.228.187.155 - - [19/Sep/2023:09:05:14 +0800] "GET /xingrg/all/function/internal_message.html?_=1695085514024&CODE_STATE=getMsg HTTP/1.1" 200 27
222.70.107.161 - - [19/Sep/2023:09:05:15 +0800] "GET /xingrg/kc/print/load_data.html?order_code=212023091807262&kc_code=cgsh HTTP/1.1" 200 764
124.78.155.92 - - [19/Sep/2023:09:05:22 +0800] "GET /xingrg/all/function/internal_message.html?_=1695085520950&CODE_STATE=getMsg HTTP/1.1" 200 27
222.70.107.161 - - [19/Sep/2023:09:05:22 +0800] "POST /xingrg/kc/buy/cgsh_list_operate.html HTTP/1.1" 200 5904
101.228.187.155 - - [19/Sep/2023:09:05:23 +0800] "POST /xingrg/kc/buy/cgsh_list_operate.html HTTP/1.1" 200 3177
114.83.222.222 - - [19/Sep/2023:09:05:26 +0800] "GET /xingrg/kc/buy/cgsh_order_operate.html?command=get_materiel&rest_code=00149&code=00101008353&supplier_code=00100008&order_time=2023-09-19 HTTP/1.1" 200 408
120.253.135.82 - - [19/Sep/2023:09:05:28 +0800] "GET /xingrg/all/function/internal_message.html?_=1695085669339&CODE_STATE=getMsg HTTP/1.1" 200 27
180.152.241.196 - - [19/Sep/2023:09:05:29 +0800] "GET /xingrg/all/function/internal_message.html?_=1695085529632&CODE_STATE=getMsg HTTP/1.1" 200 27
114.95.241.104 - - [19/Sep/2023:09:05:35 +0800] "GET /xingrg/check_reg.html?_=1695085410436 HTTP/1.1" 200 22
114.95.241.104 - - [19/Sep/2023:09:05:35 +0800] "GET /xingrg/all/function/internal_message.html?_=1695085410693&CODE_STATE=getMsg HTTP/1.1" 200 27
114.83.222.222 - - [19/Sep/2023:09:05:42 +0800] "GET /xingrg/check_reg.html?_=1695085542920 HTTP/1.1" 200 22
114.83.222.222 - - [19/Sep/2023:09:05:42 +0800] "GET /xingrg/all/function/internal_message.html?_=1695085542923&CODE_STATE=getMsg HTTP/1.1" 200 27
222.70.107.161 - - [19/Sep/2023:09:05:44 +0800] "POST /xingrg/kc/buy/cgsh_list_operate.html HTTP/1.1" 200 197
222.70.107.161 - - [19/Sep/2023:09:05:46 +0800] "GET /xingrg/kc/buy/cgsh_order_info.html?code=212023091807294 HTTP/1.1" 200 67347
222.70.107.161 - - [19/Sep/2023:09:05:46 +0800] "GET /xingrg/javascript/easyui/themes/default/validatebox.css HTTP/1.1" 404 1104
222.70.107.161 - - [19/Sep/2023:09:05:47 +0800] "POST /xingrg/kc/buy/cgsh_order_operate.html HTTP/1.1" 200 601
222.70.107.161 - - [19/Sep/2023:09:05:49 +0800] "GET /xingrg/kc/print/load_data.html?order_code=212023091807294&kc_code=cgsh HTTP/1.1" 200 777
116.230.116.69 - - [19/Sep/2023:09:05:52 +0800] "GET /xingrg/all/function/internal_message.html?_=1695085554191&CODE_STATE=getMsg HTTP/1.1" 200 27
114.83.222.222 - - [19/Sep/2023:09:05:52 +0800] "GET /xingrg/kc/buy/cgsh_order_operate.html?command=get_materiel&rest_code=00149&code=00101008213&supplier_code=00100008&order_time=2023-09-19 HTTP/1.1" 200 412
114.95.241.104 - - [19/Sep/2023:09:05:52 +0800] "GET /xingrg/all/function/internal_message.html?_=1695085550884&CODE_STATE=getMsg HTTP/1.1" 200 27
222.70.107.161 - - [19/Sep/2023:09:05:55 +0800] "GET /xingrg/check_reg.html?_=1695085555205 HTTP/1.1" 200 22
222.70.107.161 - - [19/Sep/2023:09:05:55 +0800] "GET /xingrg/all/function/internal_message.html?_=1695085555214&CODE_STATE=getMsg HTTP/1.1" 200 27
222.70.107.161 - - [19/Sep/2023:09:05:55 +0800] "POST /xingrg/kc/buy/cgsh_list_operate.html HTTP/1.1" 200 5904
101.83.145.37 - - [19/Sep/2023:09:05:57 +0800] "GET /xingrg/all/function/internal_message.html?_=1695085345760&CODE_STATE=getMsg HTTP/1.1" 200 27
124.79.244.212 - - [19/Sep/2023:09:06:03 +0800] "GET /xingrg/all/function/internal_message.html?_=1695085861051&CODE_STATE=getMsg HTTP/1.1" 200 27
101.228.187.155 - - [19/Sep/2023:09:06:14 +0800] "GET /xingrg/all/function/internal_message.html?_=1695085574025&CODE_STATE=getMsg HTTP/1.1" 200 27
114.83.222.222 - - [19/Sep/2023:09:06:19 +0800] "GET /xingrg/kc/buy/cgsh_order_operate.html?command=get_materiel&rest_code=00149&code=00101008213&supplier_code=00100008&order_time=2023-09-19 HTTP/1.1" 200 412
124.78.155.92 - - [19/Sep/2023:09:06:22 +0800] "GET /xingrg/all/function/internal_message.html?_=1695085580951&CODE_STATE=getMsg HTTP/1.1" 200 27
180.163.29.219 - - [19/Sep/2023:09:06:24 +0800] "GET /xingrg/all/function/internal_message.html?_=1695085520950&CODE_STATE=getMsg HTTP/1.1" 302 -
180.163.29.219 - - [19/Sep/2023:09:06:25 +0800] "GET /xingrg/login.html HTTP/1.1" 200 7641
120.253.135.82 - - [19/Sep/2023:09:06:28 +0800] "GET /xingrg/all/function/internal_message.html?_=1695085729343&CODE_STATE=getMsg HTTP/1.1" 200 27
180.152.241.196 - - [19/Sep/2023:09:06:29 +0800] "GET /xingrg/all/function/internal_message.html?_=1695085589618&CODE_STATE=getMsg HTTP/1.1" 200 27
114.83.222.222 - - [19/Sep/2023:09:06:29 +0800] "GET /xingrg/kc/buy/cgsh_order_operate.html?command=get_materiel&rest_code=00149&code=00101008284&supplier_code=00100008&order_time=2023-09-19 HTTP/1.1" 200 412
114.95.241.104 - - [19/Sep/2023:09:06:35 +0800] "GET /xingrg/all/function/internal_message.html?_=1695085470707&CODE_STATE=getMsg HTTP/1.1" 200 27
114.83.222.222 - - [19/Sep/2023:09:06:37 +0800] "POST /xingrg/kc/buy/cgsh_order_operate.html HTTP/1.1" 200 2065
114.83.222.222 - - [19/Sep/2023:09:06:42 +0800] "GET /xingrg/all/function/internal_message.html?_=1695085602910&CODE_STATE=getMsg HTTP/1.1" 200 27
114.83.222.222 - - [19/Sep/2023:09:06:44 +0800] "GET /xingrg/kc/buy/cgsh_order_operate.html?command=get_materiel&rest_code=00149&code=00101008731&supplier_code=00100008&order_time=2023-09-19 HTTP/1.1" 200 398
116.230.116.69 - - [19/Sep/2023:09:06:51 +0800] "GET /xingrg/check_reg.html?_=1695085613728 HTTP/1.1" 200 22
116.230.116.69 - - [19/Sep/2023:09:06:52 +0800] "GET /xingrg/all/function/internal_message.html?_=1695085614203&CODE_STATE=getMsg HTTP/1.1" 200 27
114.83.222.222 - - [19/Sep/2023:09:06:52 +0800] "GET /xingrg/kc/buy/cgsh_order_operate.html?command=get_materiel&rest_code=00149&code=00101008167&supplier_code=00100008&order_time=2023-09-19 HTTP/1.1" 200 412
114.95.241.104 - - [19/Sep/2023:09:06:52 +0800] "GET /xingrg/all/function/internal_message.html?_=1695085610885&CODE_STATE=getMsg HTTP/1.1" 200 27
222.70.107.161 - - [19/Sep/2023:09:06:54 +0800] "POST /xingrg/kc/buy/cgsh_list_operate.html HTTP/1.1" 200 559
222.70.107.161 - - [19/Sep/2023:09:06:55 +0800] "GET /xingrg/all/function/internal_message.html?_=1695085615208&CODE_STATE=getMsg HTTP/1.1" 200 27
222.70.107.161 - - [19/Sep/2023:09:06:56 +0800] "GET /xingrg/kc/buy/cgsh_order_info.html?code=212023091807296 HTTP/1.1" 200 67347
222.70.107.161 - - [19/Sep/2023:09:06:56 +0800] "GET /xingrg/javascript/easyui/themes/default/validatebox.css HTTP/1.1" 404 1104
222.70.107.161 - - [19/Sep/2023:09:06:57 +0800] "POST /xingrg/kc/buy/cgsh_order_operate.html HTTP/1.1" 200 8284
101.83.145.37 - - [19/Sep/2023:09:06:57 +0800] "GET /xingrg/all/function/internal_message.html?_=1695085405754&CODE_STATE=getMsg HTTP/1.1" 200 27
222.70.107.161 - - [19/Sep/2023:09:07:00 +0800] "GET /xingrg/kc/print/load_data.html?order_code=212023091807296&kc_code=cgsh HTTP/1.1" 200 3646
124.79.244.212 - - [19/Sep/2023:09:07:03 +0800] "GET /xingrg/all/function/internal_message.html?_=1695085921049&CODE_STATE=getMsg HTTP/1.1" 200 27
114.83.222.222 - - [19/Sep/2023:09:07:06 +0800] "GET /xingrg/kc/buy/cgsh_order_operate.html?command=get_materiel&rest_code=00149&code=00101008150&supplier_code=00100008&order_time=2023-09-19 HTTP/1.1" 200 409
101.228.187.155 - - [19/Sep/2023:09:07:14 +0800] "GET /xingrg/all/function/internal_message.html?_=1695085634026&CODE_STATE=getMsg HTTP/1.1" 200 27
114.83.222.222 - - [19/Sep/2023:09:07:16 +0800] "GET /xingrg/kc/buy/cgsh_order_operate.html?command=get_materiel&rest_code=00149&code=00101008060&supplier_code=00100008&order_time=2023-09-19 HTTP/1.1" 200 416
124.78.155.92 - - [19/Sep/2023:09:07:22 +0800] "GET /xingrg/all/function/internal_message.html?_=1695085640958&CODE_STATE=getMsg HTTP/1.1" 200 27
101.83.145.37 - - [19/Sep/2023:09:07:23 +0800] "GET /xingrg/kc/buy/cgsh_order_operate.html?command=get_materiel&rest_code=00105&code=00101008101&supplier_code=00100005&order_time=2023-09-19 HTTP/1.1" 200 412
