101.83.145.37 - - [19/Sep/2023:10:48:05 +0800] "GET /xingrg/all/function/internal_message.html?_=1695091473213&CODE_STATE=getMsg HTTP/1.1" 200 27
124.78.155.92 - - [19/Sep/2023:10:48:05 +0800] "GET /xingrg/words/20230919093243_words.js HTTP/1.1" 200 987068
124.78.155.92 - - [19/Sep/2023:10:48:06 +0800] "GET /xingrg/javascript/easyui/themes/default/validatebox.css HTTP/1.1" 404 1104
124.78.155.92 - - [19/Sep/2023:10:48:06 +0800] "POST /xingrg/kc/buy/cgsh_order_operate.html HTTP/1.1" 200 8245
180.165.48.189 - - [19/Sep/2023:10:48:08 +0800] "POST /xingrg/kc/base/yddb_list_operate.html HTTP/1.1" 200 3478
180.169.147.146 - - [19/Sep/2023:10:48:08 +0800] "GET /xingrg/all/function/internal_message.html?_=1695091682523&CODE_STATE=getMsg HTTP/1.1" 200 27
222.70.180.200 - - [19/Sep/2023:10:48:09 +0800] "GET /xingrg/kc/base/wldb_order_info.html?code=422023091901888 HTTP/1.1" 200 26328
222.70.180.200 - - [19/Sep/2023:10:48:09 +0800] "GET /xingrg/javascript/easyui/themes/default/validatebox.css HTTP/1.1" 404 1104
180.165.48.189 - - [19/Sep/2023:10:48:09 +0800] "GET /xingrg/all/function/internal_message.html?_=1695091689685&CODE_STATE=getMsg HTTP/1.1" 200 27
222.70.180.200 - - [19/Sep/2023:10:48:09 +0800] "POST /xingrg/kc/base/wldb_order_operate.html HTTP/1.1" 200 505
116.230.110.33 - - [19/Sep/2023:10:48:11 +0800] "GET /xingrg/kc/buy/cgsh_order_operate.html?command=get_materiel&rest_code=00155&code=00101001052&supplier_code=00100199&order_time=2023-09-19 HTTP/1.1" 200 411
124.78.69.58 - - [19/Sep/2023:10:48:13 +0800] "GET /xingrg/kc/buy/cgsh_order_operate.html?command=get_materiel&rest_code=00141&code=00101009155&supplier_code=00100007&order_time=2023-09-19 HTTP/1.1" 200 417
180.165.48.189 - - [19/Sep/2023:10:48:13 +0800] "POST /xingrg/kc/base/yddb_list_operate.html HTTP/1.1" 200 202
101.228.187.155 - - [19/Sep/2023:10:48:14 +0800] "GET /xingrg/all/function/internal_message.html?_=1695091694105&CODE_STATE=getMsg HTTP/1.1" 200 27
101.228.187.155 - - [19/Sep/2023:10:48:14 +0800] "GET /xingrg/check_reg.html?_=1695091694106 HTTP/1.1" 200 22
180.165.48.189 - - [19/Sep/2023:10:48:15 +0800] "POST /xingrg/kc/base/yddb_list_operate.html HTTP/1.1" 200 199
124.78.155.92 - - [19/Sep/2023:10:48:15 +0800] "GET /xingrg/javascript/easyui/themes/default/tree.css HTTP/1.1" 404 1090
124.78.155.92 - - [19/Sep/2023:10:48:16 +0800] "POST /xingrg/all/common/load_tree.html?tree=supplier_tree_json&isDelete=1 HTTP/1.1" 200 75946
116.230.110.33 - - [19/Sep/2023:10:48:16 +0800] "GET /xingrg/all/function/internal_message.html?_=1695091559538&CODE_STATE=getMsg HTTP/1.1" 200 27
116.230.110.33 - - [19/Sep/2023:10:48:16 +0800] "GET /xingrg/check_reg.html?_=1695091559542 HTTP/1.1" 200 22
180.165.48.189 - - [19/Sep/2023:10:48:19 +0800] "GET /xingrg/kc/base/yddb_order_add.html HTTP/1.1" 200 29953
180.165.48.189 - - [19/Sep/2023:10:48:19 +0800] "GET /xingrg/css/blue.css HTTP/1.1" 200 15949
180.165.48.189 - - [19/Sep/2023:10:48:19 +0800] "GET /xingrg/javascript/myfunction.js HTTP/1.1" 200 24559
180.165.48.189 - - [19/Sep/2023:10:48:19 +0800] "GET /xingrg/dwr/util.js HTTP/1.1" 200 35990
180.165.48.189 - - [19/Sep/2023:10:48:19 +0800] "GET /xingrg/javascript/Calendar.js HTTP/1.1" 200 31561
180.165.48.189 - - [19/Sep/2023:10:48:19 +0800] "GET /xingrg/dwr/interface/AjaxComOrderService.js HTTP/1.1" 200 18264
180.165.48.189 - - [19/Sep/2023:10:48:19 +0800] "GET /xingrg/dwr/interface/AjaxYddbService.js HTTP/1.1" 200 13201
180.165.48.189 - - [19/Sep/2023:10:48:19 +0800] "GET /xingrg/dwr/engine.js HTTP/1.1" 200 43631
180.165.48.189 - - [19/Sep/2023:10:48:19 +0800] "GET /xingrg/javascript/checkform.js HTTP/1.1" 200 18351
180.165.48.189 - - [19/Sep/2023:10:48:19 +0800] "GET /xingrg/javascript/AjaxInfoList.js HTTP/1.1" 200 3774
180.165.48.189 - - [19/Sep/2023:10:48:19 +0800] "GET /xingrg/javascript/Grid.js HTTP/1.1" 200 58908
180.165.48.189 - - [19/Sep/2023:10:48:19 +0800] "GET /xingrg/javascript/ToolTips.js HTTP/1.1" 200 5615
180.165.48.189 - - [19/Sep/2023:10:48:19 +0800] "GET /xingrg/javascript/jquery_easy_ui/themes/icons/check_new.png HTTP/1.1" 200 3224
180.165.48.189 - - [19/Sep/2023:10:48:19 +0800] "GET /xingrg/javascript/jquery_easy_ui/themes/icons/edit_add_new.png HTTP/1.1" 200 2997
180.165.48.189 - - [19/Sep/2023:10:48:19 +0800] "GET /xingrg/javascript/jquery_easy_ui/themes/icons/print.png HTTP/1.1" 200 1057
180.165.48.189 - - [19/Sep/2023:10:48:19 +0800] "GET /xingrg/javascript/jquery_easy_ui/themes/default/images/menu_downarrow.png HTTP/1.1" 200 173
180.165.48.189 - - [19/Sep/2023:10:48:19 +0800] "GET /xingrg/javascript/jquery_easy_ui/themes/icons/cance_new.png HTTP/1.1" 200 3986
180.165.48.189 - - [19/Sep/2023:10:48:19 +0800] "GET /xingrg/javascript/jquery_easy_ui/themes/icons/back_new.png HTTP/1.1" 200 3414
180.165.48.189 - - [19/Sep/2023:10:48:19 +0800] "GET /xingrg/images/blue/button/kc_tab_add.gif HTTP/1.1" 200 375
180.165.48.189 - - [19/Sep/2023:10:48:19 +0800] "GET /xingrg/images/blue/button/kc_tab_edit.gif HTTP/1.1" 200 551
180.165.48.189 - - [19/Sep/2023:10:48:19 +0800] "GET /xingrg/images/blue/button/kc_tab_save.gif HTTP/1.1" 200 777
180.165.48.189 - - [19/Sep/2023:10:48:19 +0800] "GET /xingrg/images/blue/button/kc_tab_del.gif HTTP/1.1" 200 383
180.165.48.189 - - [19/Sep/2023:10:48:19 +0800] "GET /xingrg/images/blue/kc_tab_left.gif HTTP/1.1" 200 188
180.165.48.189 - - [19/Sep/2023:10:48:19 +0800] "GET /xingrg/images/blue/kc_tab_mid.gif HTTP/1.1" 200 44
180.165.48.189 - - [19/Sep/2023:10:48:19 +0800] "GET /xingrg/images/blue/kc_tab_right.gif HTTP/1.1" 200 643
180.165.48.189 - - [19/Sep/2023:10:48:19 +0800] "GET /xingrg/images/blue/kc_tab2_left.gif HTTP/1.1" 200 625
180.165.48.189 - - [19/Sep/2023:10:48:19 +0800] "GET /xingrg/images/blue/kc_tab2_right.gif HTTP/1.1" 200 192
180.163.28.55 - - [19/Sep/2023:10:48:20 +0800] "GET /xingrg/all/function/internal_message.html?_=1695091639271&CODE_STATE=getMsg HTTP/1.1" 302 -
180.163.28.55 - - [19/Sep/2023:10:48:20 +0800] "GET /xingrg/login.html HTTP/1.1" 200 7641
124.78.155.92 - - [19/Sep/2023:10:48:20 +0800] "GET /xingrg/all/function/internal_message.html?_=1695091699260&CODE_STATE=getMsg HTTP/1.1" 200 27
124.78.155.92 - - [19/Sep/2023:10:48:22 +0800] "GET /xingrg/check_reg.html?_=1695091701051 HTTP/1.1" 200 22
124.78.69.58 - - [19/Sep/2023:10:48:22 +0800] "GET /xingrg/kc/buy/cgsh_order_operate.html?command=get_materiel&rest_code=00141&code=00101008309&supplier_code=00100007&order_time=2023-09-19 HTTP/1.1" 200 421
222.70.180.200 - - [19/Sep/2023:10:48:24 +0800] "GET /xingrg/kc/base/wldb_order_add.html HTTP/1.1" 200 30453
222.70.180.200 - - [19/Sep/2023:10:48:24 +0800] "POST /xingrg/kc/base/wldb_order_operate.html HTTP/1.1" 200 6806
222.70.180.200 - - [19/Sep/2023:10:48:24 +0800] "GET /xingrg/javascript/easyui/themes/default/validatebox.css HTTP/1.1" 404 1104
180.152.241.196 - - [19/Sep/2023:10:48:27 +0800] "GET /xingrg/all/function/internal_message.html?_=1695091707796&CODE_STATE=getMsg HTTP/1.1" 200 27
116.230.110.33 - - [19/Sep/2023:10:48:27 +0800] "GET /xingrg/kc/buy/cgsh_order_operate.html?command=get_materiel&rest_code=00155&code=00101010161&supplier_code=00100199&order_time=2023-09-19 HTTP/1.1" 200 409
222.70.180.200 - - [19/Sep/2023:10:48:31 +0800] "GET /xingrg/all/function/internal_message.html?_=1695091709562&CODE_STATE=getMsg HTTP/1.1" 200 27
124.79.244.212 - - [19/Sep/2023:10:48:31 +0800] "GET /xingrg/all/function/internal_message.html?_=1695091710429&CODE_STATE=getMsg HTTP/1.1" 200 27
124.78.69.58 - - [19/Sep/2023:10:48:33 +0800] "GET /xingrg/kc/buy/cgsh_order_operate.html?command=get_materiel&rest_code=00141&code=00101019160&supplier_code=00100007&order_time=2023-09-19 HTTP/1.1" 200 413
222.70.180.200 - - [19/Sep/2023:10:48:36 +0800] "GET /xingrg/kc/base/wldb_order_operate.html?command=get_materiel&rest_code=00111&base_code=0010306&code=00102002432 HTTP/1.1" 200 431
124.78.69.58 - - [19/Sep/2023:10:48:41 +0800] "GET /xingrg/all/function/internal_message.html?_=1695091151253&CODE_STATE=getMsg HTTP/1.1" 200 27
222.70.180.200 - - [19/Sep/2023:10:48:42 +0800] "GET /xingrg/kc/base/wldb_order_operate.html?command=get_materiel&rest_code=00111&base_code=0010306&code=00102002390 HTTP/1.1" 200 438
222.70.180.200 - - [19/Sep/2023:10:48:44 +0800] "GET /xingrg/index.html?sysBaseUrl=http%3A%2F%2F180.169.147.146%3A18081%2Fxingrg%2F&costTime=844×tamp=1695087571836 HTTP/1.1" 200 17173
222.70.180.200 - - [19/Sep/2023:10:48:44 +0800] "GET /xingrg/javascript/jquery_easy_ui/themes/default/easyui.css HTTP/1.1" 304 -
222.70.180.200 - - [19/Sep/2023:10:48:44 +0800] "GET /xingrg/css/form.css HTTP/1.1" 304 -
222.70.180.200 - - [19/Sep/2023:10:48:44 +0800] "GET /xingrg/javascript/jquery_easy_ui/themes/icon.css HTTP/1.1" 304 -
222.70.180.200 - - [19/Sep/2023:10:48:44 +0800] "GET /xingrg/javascript/jquery_easy_ui/jquery.easyui.min.js HTTP/1.1" 304 -
222.70.180.200 - - [19/Sep/2023:10:48:44 +0800] "GET /xingrg/javascript/jquery.timers.js HTTP/1.1" 304 -
222.70.180.200 - - [19/Sep/2023:10:48:44 +0800] "GET /xingrg/javascript/jquery_easy_ui/easyui-lang-zh_CN.js HTTP/1.1" 304 -
222.70.180.200 - - [19/Sep/2023:10:48:44 +0800] "GET /xingrg/javascript/jquery-1.4.2.min.js HTTP/1.1" 304 -
222.70.180.200 - - [19/Sep/2023:10:48:44 +0800] "GET /xingrg/javascript/jquery.form.js HTTP/1.1" 304 -
222.70.180.200 - - [19/Sep/2023:10:48:44 +0800] "GET /xingrg/javascript/jquery.utils.js HTTP/1.1" 304 -
222.70.180.200 - - [19/Sep/2023:10:48:44 +0800] "GET /xingrg/images/blue/jxLogo.png HTTP/1.1" 304 -
222.70.180.200 - - [19/Sep/2023:10:48:44 +0800] "GET /xingrg/images/blue/navBackgound.jpg HTTP/1.1" 304 -
222.70.180.200 - - [19/Sep/2023:10:48:44 +0800] "GET /xingrg/javascript/jquery_easy_ui/themes/icons/settle_new.png HTTP/1.1" 304 -
222.70.180.200 - - [19/Sep/2023:10:48:44 +0800] "GET /xingrg/all/function/internal_message.html?_=1695091723032&CODE_STATE=count HTTP/1.1" 200 11
222.70.180.200 - - [19/Sep/2023:10:48:44 +0800] "GET /xingrg/check_reg.html?_=1695091723035 HTTP/1.1" 200 22
222.70.180.200 - - [19/Sep/2023:10:48:44 +0800] "GET /xingrg/javascript/jquery_easy_ui/themes/default/images/tabs_leftarrow.png HTTP/1.1" 304 -
222.70.180.200 - - [19/Sep/2023:10:48:44 +0800] "GET /xingrg/images/blue/pingpu.png HTTP/1.1" 304 -
222.70.180.200 - - [19/Sep/2023:10:48:44 +0800] "GET /xingrg/javascript/jquery_easy_ui/themes/default/images/tabs_rightarrow.png HTTP/1.1" 304 -
222.70.180.200 - - [19/Sep/2023:10:48:44 +0800] "GET /xingrg/javascript/jquery_easy_ui/themes/default/images/panel_tool_collapse.gif HTTP/1.1" 304 -
222.70.180.200 - - [19/Sep/2023:10:48:45 +0800] "POST /xingrg/all/common/load_tree.html?tree=area_rest_tree_json&manage=1 HTTP/1.1" 200 342
222.70.180.200 - - [19/Sep/2023:10:48:45 +0800] "POST /xingrg/load_menu.html HTTP/1.1" 200 5138
222.70.180.200 - - [19/Sep/2023:10:48:47 +0800] "GET /xingrg/kc/base/base_main.html HTTP/1.1" 200 12142
180.165.48.189 - - [19/Sep/2023:10:48:47 +0800] "GET /xingrg/images/blue/wait.gif HTTP/1.1" 200 1100
180.165.48.189 - - [19/Sep/2023:10:48:47 +0800] "POST /xingrg/dwr/call/plaincall/AjaxYddbService.getRestBases.dwr HTTP/1.1" 200 1199
222.70.180.200 - - [19/Sep/2023:10:48:48 +0800] "GET /xingrg/kc/base/wldb_order_list.html HTTP/1.1" 200 19174
116.230.110.33 - - [19/Sep/2023:10:48:48 +0800] "GET /xingrg/check_reg.html?_=1695091728473 HTTP/1.1" 200 22
116.230.110.33 - - [19/Sep/2023:10:48:48 +0800] "GET /xingrg/all/function/internal_message.html?_=1695091728469&CODE_STATE=getMsg HTTP/1.1" 200 27
222.70.180.200 - - [19/Sep/2023:10:48:49 +0800] "POST /xingrg/kc/base/wldb_list_operate.html HTTP/1.1" 200 928
222.70.180.200 - - [19/Sep/2023:10:48:49 +0800] "GET /xingrg/kc/base/wldb_order_add.html HTTP/1.1" 200 30453
222.70.180.200 - - [19/Sep/2023:10:48:50 +0800] "POST /xingrg/kc/base/wldb_order_operate.html HTTP/1.1" 200 6806
116.230.110.33 - - [19/Sep/2023:10:48:50 +0800] "POST /xingrg/kc/buy/cgsh_order_operate.html HTTP/1.1" 200 37
222.70.180.200 - - [19/Sep/2023:10:48:50 +0800] "GET /xingrg/javascript/easyui/themes/default/validatebox.css HTTP/1.1" 404 1104
222.70.180.200 - - [19/Sep/2023:10:48:51 +0800] "GET /xingrg/javascript/auto/indicator.gif HTTP/1.1" 404 1066
116.230.110.33 - - [19/Sep/2023:10:48:52 +0800] "POST /xingrg/kc/buy/cgsh_order_operate.html HTTP/1.1" 200 5030
180.169.147.146 - - [19/Sep/2023:10:48:53 +0800] "GET /xingrg/all/function/internal_message.html?_=1695091732504&CODE_STATE=getMsg HTTP/1.1" 200 27
180.165.48.189 - - [19/Sep/2023:10:48:53 +0800] "POST /xingrg/dwr/call/plaincall/AjaxYddbService.saveOrder.dwr HTTP/1.1" 200 78
116.230.110.33 - - [19/Sep/2023:10:48:53 +0800] "GET /xingrg/kc/print/load_config.html?kc_code=cgsh HTTP/1.1" 200 1927
116.230.110.33 - - [19/Sep/2023:10:48:54 +0800] "GET /xingrg/kc/print/load_data.html?order_code=212023091907578&kc_code=cgsh&condition= HTTP/1.1" 200 1576
222.70.107.161 - - [19/Sep/2023:10:48:55 +0800] "GET /xingrg/all/function/internal_message.html?_=1695091735406&CODE_STATE=getMsg HTTP/1.1" 200 27
116.230.116.69 - - [19/Sep/2023:10:48:56 +0800] "GET /xingrg/check_reg.html?_=1695091738470 HTTP/1.1" 200 22
222.70.180.200 - - [19/Sep/2023:10:48:57 +0800] "GET /xingrg/all/function/internal_message.html?_=1695091841373&CODE_STATE=getMsg HTTP/1.1" 302 -
116.230.116.69 - - [19/Sep/2023:10:48:58 +0800] "GET /xingrg/all/function/internal_message.html?_=1695091740160&CODE_STATE=getMsg HTTP/1.1" 200 27
180.169.147.146 - - [19/Sep/2023:10:48:58 +0800] "GET /xingrg/all/function/internal_message.html?_=1695091737943&CODE_STATE=getMsg HTTP/1.1" 200 27
180.169.147.146 - - [19/Sep/2023:10:48:58 +0800] "GET /xingrg/check_reg.html?_=1695091737944 HTTP/1.1" 200 22
114.95.241.104 - - [19/Sep/2023:10:48:58 +0800] "GET /xingrg/all/function/internal_message.html?_=1695091737051&CODE_STATE=getMsg HTTP/1.1" 200 27
124.78.155.92 - - [19/Sep/2023:10:48:59 +0800] "GET /xingrg/kc/buy/cgsh_order_operate.html?command=get_materiel&rest_code=00106&code=00101009034&supplier_code=00100151&order_time=2023-09-19 HTTP/1.1" 200 428
222.70.180.200 - - [19/Sep/2023:10:49:00 +0800] "GET /xingrg/javascript/jquery_tools/images/next.gif HTTP/1.1" 404 1086
222.70.180.200 - - [19/Sep/2023:10:49:00 +0800] "GET /xingrg/javascript/jquery_tools/images/prev.gif HTTP/1.1" 404 1086
180.152.241.196 - - [19/Sep/2023:10:49:00 +0800] "GET /xingrg/all/function/internal_message.html?_=1695091740983&CODE_STATE=getMsg HTTP/1.1" 200 27
124.78.69.58 - - [19/Sep/2023:10:49:01 +0800] "POST /xingrg/kc/buy/cgsh_order_operate.html HTTP/1.1" 200 2065
124.79.244.212 - - [19/Sep/2023:10:49:03 +0800] "GET /xingrg/all/function/internal_message.html?_=1695092041099&CODE_STATE=getMsg HTTP/1.1" 200 27
124.79.244.212 - - [19/Sep/2023:10:49:03 +0800] "GET /xingrg/check_reg.html?_=1695092041101 HTTP/1.1" 200 22
101.83.145.37 - - [19/Sep/2023:10:49:05 +0800] "GET /xingrg/all/function/internal_message.html?_=1695091533183&CODE_STATE=getMsg HTTP/1.1" 200 27
180.165.48.189 - - [19/Sep/2023:10:49:06 +0800] "POST /xingrg/dwr/call/plaincall/AjaxComOrderService.getMaterielSearchList.dwr HTTP/1.1" 200 93275
180.169.147.146 - - [19/Sep/2023:10:49:08 +0800] "GET /xingrg/all/function/internal_message.html?_=1695091742522&CODE_STATE=getMsg HTTP/1.1" 200 27
180.169.147.146 - - [19/Sep/2023:10:49:08 +0800] "GET /xingrg/check_reg.html?_=1695091742524 HTTP/1.1" 200 22
180.165.48.189 - - [19/Sep/2023:10:49:09 +0800] "GET /xingrg/all/function/internal_message.html?_=1695091749673&CODE_STATE=getMsg HTTP/1.1" 200 27
124.78.69.58 - - [19/Sep/2023:10:49:10 +0800] "GET /xingrg/kc/buy/cgsh_order_operate.html?command=get_materiel&rest_code=00141&code=00101008350&supplier_code=00100007&order_time=2023-09-19 HTTP/1.1" 200 408
180.165.48.189 - - [19/Sep/2023:10:49:10 +0800] "POST /xingrg/dwr/call/plaincall/AjaxComOrderService.getMaterielSearchList.dwr HTTP/1.1" 200 29796
116.230.110.33 - - [19/Sep/2023:10:49:10 +0800] "GET /xingrg/kc/buy/cgsh_order_add.html HTTP/1.1" 200 72408
180.165.48.189 - - [19/Sep/2023:10:49:10 +0800] "POST /xingrg/dwr/call/plaincall/AjaxComOrderService.getMaterielSearchList.dwr HTTP/1.1" 200 565055
116.230.110.33 - - [19/Sep/2023:10:49:10 +0800] "GET /xingrg/words/20230919093243_words.js HTTP/1.1" 200 987068
116.230.110.33 - - [19/Sep/2023:10:49:10 +0800] "POST /xingrg/kc/buy/cgsh_order_operate.html HTTP/1.1" 200 8245
116.230.110.33 - - [19/Sep/2023:10:49:10 +0800] "GET /xingrg/javascript/easyui/themes/default/validatebox.css HTTP/1.1" 404 1104
180.165.48.189 - - [19/Sep/2023:10:49:10 +0800] "POST /xingrg/dwr/call/plaincall/AjaxComOrderService.getMaterielSearchList.dwr HTTP/1.1" 200 1794
180.165.48.189 - - [19/Sep/2023:10:49:11 +0800] "POST /xingrg/dwr/call/plaincall/AjaxYddbService.getMaterielByMap.dwr HTTP/1.1" 200 3036
101.228.187.155 - - [19/Sep/2023:10:49:14 +0800] "GET /xingrg/all/function/internal_message.html?_=1695091754093&CODE_STATE=getMsg HTTP/1.1" 200 27
222.70.180.200 - - [19/Sep/2023:10:49:14 +0800] "GET /xingrg/kc/base/wldb_order_operate.html?command=get_materiel&rest_code=00111&base_code=0010306&code=00102002586 HTTP/1.1" 200 438
116.230.110.33 - - [19/Sep/2023:10:49:16 +0800] "GET /xingrg/all/function/internal_message.html?_=1695091619545&CODE_STATE=getMsg HTTP/1.1" 200 27
180.163.28.114 - - [19/Sep/2023:10:49:20 +0800] "GET /xingrg/all/function/internal_message.html?_=1695091699260&CODE_STATE=getMsg HTTP/1.1" 302 -
180.163.28.114 - - [19/Sep/2023:10:49:20 +0800] "GET /xingrg/login.html HTTP/1.1" 200 7641
124.78.155.92 - - [19/Sep/2023:10:49:20 +0800] "GET /xingrg/all/function/internal_message.html?_=1695091759236&CODE_STATE=getMsg HTTP/1.1" 200 27
180.163.29.234 - - [19/Sep/2023:10:49:22 +0800] "GET /xingrg/check_reg.html?_=1695091701051 HTTP/1.1" 302 -
180.163.29.234 - - [19/Sep/2023:10:49:22 +0800] "GET /xingrg/login.html HTTP/1.1" 200 7641
222.70.180.200 - - [19/Sep/2023:10:49:23 +0800] "GET /xingrg/kc/base/wldb_order_operate.html?command=get_materiel&rest_code=00111&base_code=0010306&code=00102002454 HTTP/1.1" 200 449
180.152.241.196 - - [19/Sep/2023:10:49:27 +0800] "GET /xingrg/all/function/internal_message.html?_=1695091767772&CODE_STATE=getMsg HTTP/1.1" 200 27
124.79.244.212 - - [19/Sep/2023:10:49:31 +0800] "GET /xingrg/all/function/internal_message.html?_=1695091770424&CODE_STATE=getMsg HTTP/1.1" 200 27
101.83.145.37 - - [19/Sep/2023:10:49:31 +0800] "POST /xingrg/kc/buy/cgsh_list_operate.html HTTP/1.1" 200 3131
101.83.145.37 - - [19/Sep/2023:10:49:32 +0800] "GET /xingrg/kc/base/base_main.html HTTP/1.1" 200 12142
101.83.145.37 - - [19/Sep/2023:10:49:32 +0800] "GET /xingrg/images/blue/button/wlsy.gif HTTP/1.1" 304 -
101.83.145.37 - - [19/Sep/2023:10:49:32 +0800] "GET /xingrg/images/blue/button/ckpd.gif HTTP/1.1" 304 -
101.83.145.37 - - [19/Sep/2023:10:49:32 +0800] "GET /xingrg/images/blue/button/ckdb.gif HTTP/1.1" 304 -
101.83.145.37 - - [19/Sep/2023:10:49:32 +0800] "GET /xingrg/images/blue/button/yddb.gif HTTP/1.1" 304 -
101.83.145.37 - - [19/Sep/2023:10:49:32 +0800] "GET /xingrg/images/blue/button/bottom_left.jpg HTTP/1.1" 304 -
101.83.145.37 - - [19/Sep/2023:10:49:32 +0800] "GET /xingrg/images/blue/button/bottom_right.jpg HTTP/1.1" 304 -
101.83.145.37 - - [19/Sep/2023:10:49:32 +0800] "GET /xingrg/images/blue/button/top_right.jpg HTTP/1.1" 304 -
101.83.145.37 - - [19/Sep/2023:10:49:32 +0800] "GET /xingrg/images/blue/button/down.jpg HTTP/1.1" 304 -
101.83.145.37 - - [19/Sep/2023:10:49:32 +0800] "GET /xingrg/images/blue/button/left_ah.jpg HTTP/1.1" 304 -
101.83.145.37 - - [19/Sep/2023:10:49:32 +0800] "GET /xingrg/images/blue/button/top_left.jpg HTTP/1.1" 304 -
222.70.180.200 - - [19/Sep/2023:10:49:32 +0800] "POST /xingrg/kc/base/wldb_order_operate.html HTTP/1.1" 200 37
101.83.145.37 - - [19/Sep/2023:10:49:34 +0800] "GET /xingrg/kc/base/wldb_order_list.html HTTP/1.1" 200 19174
180.165.48.189 - - [19/Sep/2023:10:49:36 +0800] "POST /xingrg/dwr/call/plaincall/AjaxYddbService.saveMaterielItem.dwr HTTP/1.1" 200 78
222.70.180.200 - - [19/Sep/2023:10:49:39 +0800] "POST /xingrg/kc/base/wldb_order_operate.html HTTP/1.1" 200 12
222.70.180.200 - - [19/Sep/2023:10:49:39 +0800] "POST /xingrg/kc/base/wldb_order_operate.html HTTP/1.1" 200 3616
101.83.145.37 - - [19/Sep/2023:10:49:39 +0800] "POST /xingrg/kc/base/wldb_list_operate.html HTTP/1.1" 200 928
124.78.155.92 - - [19/Sep/2023:10:49:39 +0800] "POST /xingrg/kc/buy/cgsh_order_operate.html HTTP/1.1" 200 37
124.78.69.58 - - [19/Sep/2023:10:49:41 +0800] "GET /xingrg/all/function/internal_message.html?_=1695091211249&CODE_STATE=getMsg HTTP/1.1" 200 27
222.70.180.200 - - [19/Sep/2023:10:49:41 +0800] "GET /xingrg/kc/base/wldb_order_info.html?code=422023091901889 HTTP/1.1" 200 26332
222.70.180.200 - - [19/Sep/2023:10:49:41 +0800] "GET /xingrg/javascript/easyui/themes/default/validatebox.css HTTP/1.1" 404 1104
222.70.180.200 - - [19/Sep/2023:10:49:41 +0800] "POST /xingrg/kc/base/wldb_order_operate.html HTTP/1.1" 200 1877
180.165.48.189 - - [19/Sep/2023:10:49:42 +0800] "GET /xingrg/javascript/jquery_easy_ui/themes/default/images/button_plain_hover.png HTTP/1.1" 200 252
124.78.69.58 - - [19/Sep/2023:10:49:42 +0800] "GET /xingrg/kc/buy/cgsh_order_operate.html?command=get_materiel&rest_code=00141&code=00101008223&supplier_code=00100007&order_time=2023-09-19 HTTP/1.1" 200 412
101.83.145.37 - - [19/Sep/2023:10:49:42 +0800] "GET /xingrg/kc/base/wldb_order_add.html HTTP/1.1" 200 30457
101.83.145.37 - - [19/Sep/2023:10:49:43 +0800] "POST /xingrg/kc/base/wldb_order_operate.html HTTP/1.1" 200 6806
101.83.145.37 - - [19/Sep/2023:10:49:43 +0800] "GET /xingrg/all/common/auto_word.html?type=base&rest_code=00105 HTTP/1.1" 200 1907
101.83.145.37 - - [19/Sep/2023:10:49:43 +0800] "GET /xingrg/all/common/auto_word.html?type=base&rest_code=00105 HTTP/1.1" 200 1907
101.83.145.37 - - [19/Sep/2023:10:49:43 +0800] "GET /xingrg/javascript/easyui/themes/default/validatebox.css HTTP/1.1" 404 1104
124.78.69.58 - - [19/Sep/2023:10:49:44 +0800] "POST /xingrg/kc/buy/cgsh_order_operate.html HTTP/1.1" 200 2065
222.70.180.200 - - [19/Sep/2023:10:49:44 +0800] "GET /xingrg/all/function/internal_message.html?_=1695091783052&CODE_STATE=getMsg HTTP/1.1" 200 27
180.165.48.189 - - [19/Sep/2023:10:49:47 +0800] "POST /xingrg/dwr/call/plaincall/AjaxYddbService.checkOrder.dwr HTTP/1.1" 200 78
116.230.110.33 - - [19/Sep/2023:10:49:48 +0800] "GET /xingrg/all/function/internal_message.html?_=1695091788455&CODE_STATE=getMsg HTTP/1.1" 200 27
124.78.69.58 - - [19/Sep/2023:10:49:51 +0800] "GET /xingrg/kc/buy/cgsh_order_operate.html?command=get_materiel&rest_code=00141&code=00101008168&supplier_code=00100007&order_time=2023-09-19 HTTP/1.1" 200 412
124.78.155.92 - - [19/Sep/2023:10:49:53 +0800] "POST /xingrg/kc/buy/cgsh_order_operate.html HTTP/1.1" 200 12
180.169.147.146 - - [19/Sep/2023:10:49:53 +0800] "GET /xingrg/all/function/internal_message.html?_=1695091792513&CODE_STATE=getMsg HTTP/1.1" 200 27
222.70.107.161 - - [19/Sep/2023:10:49:55 +0800] "GET /xingrg/all/function/internal_message.html?_=1695091795405&CODE_STATE=getMsg HTTP/1.1" 200 27
124.78.155.92 - - [19/Sep/2023:10:49:55 +0800] "GET /xingrg/kc/buy/cgsh_order_info.html?code=212023091907579 HTTP/1.1" 200 67262
124.78.155.92 - - [19/Sep/2023:10:49:56 +0800] "GET /xingrg/javascript/easyui/themes/default/validatebox.css HTTP/1.1" 404 1104
222.70.180.200 - - [19/Sep/2023:10:49:57 +0800] "GET /xingrg/all/function/internal_message.html?_=1695091901364&CODE_STATE=getMsg HTTP/1.1" 302 -
222.70.180.200 - - [19/Sep/2023:10:49:57 +0800] "GET /xingrg/check_reg.html?_=1695091901382 HTTP/1.1" 302 -
124.78.155.92 - - [19/Sep/2023:10:49:57 +0800] "POST /xingrg/kc/buy/cgsh_order_operate.html HTTP/1.1" 200 618
180.169.147.146 - - [19/Sep/2023:10:49:58 +0800] "GET /xingrg/all/function/internal_message.html?_=1695091797939&CODE_STATE=getMsg HTTP/1.1" 200 27
116.230.116.69 - - [19/Sep/2023:10:49:58 +0800] "GET /xingrg/all/function/internal_message.html?_=1695091800174&CODE_STATE=getMsg HTTP/1.1" 200 27
114.95.241.104 - - [19/Sep/2023:10:49:58 +0800] "GET /xingrg/all/function/internal_message.html?_=1695091797020&CODE_STATE=getMsg HTTP/1.1" 200 27
124.78.155.92 - - [19/Sep/2023:10:50:00 +0800] "GET /xingrg/kc/print/load_data.html?order_code=212023091907579&kc_code=cgsh&condition= HTTP/1.1" 200 706
180.152.241.196 - - [19/Sep/2023:10:50:00 +0800] "GET /xingrg/all/function/internal_message.html?_=1695091800985&CODE_STATE=getMsg HTTP/1.1" 200 27
124.79.244.212 - - [19/Sep/2023:10:50:03 +0800] "GET /xingrg/all/function/internal_message.html?_=1695092101098&CODE_STATE=getMsg HTTP/1.1" 200 27
124.78.69.58 - - [19/Sep/2023:10:50:03 +0800] "GET /xingrg/kc/buy/cgsh_order_operate.html?command=get_materiel&rest_code=00141&code=00101008114&supplier_code=00100007&order_time=2023-09-19 HTTP/1.1" 200 412
180.165.48.189 - - [19/Sep/2023:10:50:04 +0800] "GET /xingrg/kc/base/yddb_order_info.html?code=482023091900174 HTTP/1.1" 200 29786
180.165.48.189 - - [19/Sep/2023:10:50:04 +0800] "GET /xingrg/dwr/interface/AjaxYddbService.js HTTP/1.1" 200 13201
180.165.48.189 - - [19/Sep/2023:10:50:04 +0800] "GET /xingrg/dwr/interface/AjaxComOrderService.js HTTP/1.1" 200 18264
180.165.48.189 - - [19/Sep/2023:10:50:04 +0800] "GET /xingrg/dwr/engine.js HTTP/1.1" 200 43631
180.165.48.189 - - [19/Sep/2023:10:50:05 +0800] "POST /xingrg/dwr/call/plaincall/AjaxYddbService.loadMaterielItems.dwr HTTP/1.1" 200 397
101.83.145.37 - - [19/Sep/2023:10:50:05 +0800] "GET /xingrg/all/function/internal_message.html?_=1695091593158&CODE_STATE=getMsg HTTP/1.1" 200 27
180.169.147.146 - - [19/Sep/2023:10:50:08 +0800] "GET /xingrg/all/function/internal_message.html?_=1695091802522&CODE_STATE=getMsg HTTP/1.1" 200 27
180.165.48.189 - - [19/Sep/2023:10:50:09 +0800] "GET /xingrg/all/function/internal_message.html?_=1695091809670&CODE_STATE=getMsg HTTP/1.1" 200 27
180.165.48.189 - - [19/Sep/2023:10:50:09 +0800] "GET /xingrg/check_reg.html?_=1695091809673 HTTP/1.1" 200 22
180.165.48.189 - - [19/Sep/2023:10:50:10 +0800] "GET /xingrg/kc/base/yddb_order_list.html?isBack=1 HTTP/1.1" 200 16790
180.165.48.189 - - [19/Sep/2023:10:50:10 +0800] "POST /xingrg/kc/base/yddb_list_operate.html HTTP/1.1" 200 636
101.228.187.155 - - [19/Sep/2023:10:50:14 +0800] "GET /xingrg/all/function/internal_message.html?_=1695091814094&CODE_STATE=getMsg HTTP/1.1" 200 27
124.78.69.58 - - [19/Sep/2023:10:50:15 +0800] "GET /xingrg/kc/buy/cgsh_order_operate.html?command=get_materiel&rest_code=00141&code=00101008150&supplier_code=00100007&order_time=2023-09-19 HTTP/1.1" 200 409
116.230.110.33 - - [19/Sep/2023:10:50:16 +0800] "GET /xingrg/all/function/internal_message.html?_=1695091679538&CODE_STATE=getMsg HTTP/1.1" 200 27
180.163.28.114 - - [19/Sep/2023:10:50:20 +0800] "GET /xingrg/all/function/internal_message.html?_=1695091759236&CODE_STATE=getMsg HTTP/1.1" 302 -
124.78.155.92 - - [19/Sep/2023:10:50:20 +0800] "GET /xingrg/all/function/internal_message.html?_=1695091819213&CODE_STATE=getMsg HTTP/1.1" 200 27
180.163.28.114 - - [19/Sep/2023:10:50:20 +0800] "GET /xingrg/login.html HTTP/1.1" 200 7641
180.165.48.189 - - [19/Sep/2023:10:50:23 +0800] "POST /xingrg/kc/base/yddb_list_operate.html HTTP/1.1" 200 4412
180.152.241.196 - - [19/Sep/2023:10:50:27 +0800] "GET /xingrg/all/function/internal_message.html?_=1695091827754&CODE_STATE=getMsg HTTP/1.1" 200 27
124.79.244.212 - - [19/Sep/2023:10:50:31 +0800] "GET /xingrg/all/function/internal_message.html?_=1695091830425&CODE_STATE=getMsg HTTP/1.1" 200 27
124.78.69.58 - - [19/Sep/2023:10:50:41 +0800] "GET /xingrg/all/function/internal_message.html?_=1695091271232&CODE_STATE=getMsg HTTP/1.1" 200 27
124.78.69.58 - - [19/Sep/2023:10:50:42 +0800] "GET /xingrg/check_reg.html?_=1695091272784 HTTP/1.1" 200 22
222.70.180.200 - - [19/Sep/2023:10:50:44 +0800] "GET /xingrg/all/function/internal_message.html?_=1695091843039&CODE_STATE=getMsg HTTP/1.1" 200 27
114.83.222.222 - - [19/Sep/2023:10:50:47 +0800] "GET /xingrg/login.html HTTP/1.1" 200 7641
114.83.222.222 - - [19/Sep/2023:10:50:47 +0800] "GET /favicon.ico HTTP/1.1" 404 -
116.230.110.33 - - [19/Sep/2023:10:50:48 +0800] "GET /xingrg/all/function/internal_message.html?_=1695091848462&CODE_STATE=getMsg HTTP/1.1" 200 27
180.169.147.146 - - [19/Sep/2023:10:50:53 +0800] "GET /xingrg/all/function/internal_message.html?_=1695091852512&CODE_STATE=getMsg HTTP/1.1" 200 27
222.70.107.161 - - [19/Sep/2023:10:50:55 +0800] "GET /xingrg/all/function/internal_message.html?_=1695091855432&CODE_STATE=getMsg HTTP/1.1" 200 27
222.70.107.161 - - [19/Sep/2023:10:50:55 +0800] "GET /xingrg/check_reg.html?_=1695091855431 HTTP/1.1" 200 22
114.83.222.222 - - [19/Sep/2023:10:50:56 +0800] "POST /xingrg/login.do HTTP/1.1" 302 -
114.83.222.222 - - [19/Sep/2023:10:50:56 +0800] "GET /xingrg/index.html?sysBaseUrl=http%3A%2F%2F180.169.147.146%3A18081%2Fxingrg%2F&costTime=1690×tamp=1695091856590 HTTP/1.1" 200 17179
114.83.222.222 - - [19/Sep/2023:10:50:56 +0800] "GET /favicon.ico HTTP/1.1" 404 -
114.83.222.222 - - [19/Sep/2023:10:50:57 +0800] "GET /xingrg/check_reg.html?_=1695091857278 HTTP/1.1" 200 22
222.70.180.200 - - [19/Sep/2023:10:50:57 +0800] "GET /xingrg/all/function/internal_message.html?_=1695091961363&CODE_STATE=getMsg HTTP/1.1" 302 -
114.83.222.222 - - [19/Sep/2023:10:50:57 +0800] "GET /xingrg/all/function/internal_message.html?_=1695091857277&CODE_STATE=count HTTP/1.1" 200 11
114.83.222.222 - - [19/Sep/2023:10:50:57 +0800] "POST /xingrg/all/common/load_tree.html?tree=area_rest_tree_json&manage=1 HTTP/1.1" 200 351
114.83.222.222 - - [19/Sep/2023:10:50:57 +0800] "POST /xingrg/load_menu.html HTTP/1.1" 200 5138
180.169.147.146 - - [19/Sep/2023:10:50:58 +0800] "GET /xingrg/all/function/internal_message.html?_=1695091857956&CODE_STATE=getMsg HTTP/1.1" 200 27
116.230.116.69 - - [19/Sep/2023:10:50:58 +0800] "GET /xingrg/all/function/internal_message.html?_=1695091860274&CODE_STATE=getMsg HTTP/1.1" 200 27
114.95.241.104 - - [19/Sep/2023:10:50:58 +0800] "GET /xingrg/all/function/internal_message.html?_=1695091857007&CODE_STATE=getMsg HTTP/1.1" 200 27
180.165.48.189 - - [19/Sep/2023:10:50:59 +0800] "GET /xingrg/dwr/interface/AjaxYddbService.js HTTP/1.1" 200 13201
180.165.48.189 - - [19/Sep/2023:10:50:59 +0800] "GET /xingrg/dwr/interface/AjaxComOrderService.js HTTP/1.1" 200 18264
180.165.48.189 - - [19/Sep/2023:10:50:59 +0800] "GET /xingrg/kc/base/yddb_order_add.html HTTP/1.1" 200 29953
180.165.48.189 - - [19/Sep/2023:10:50:59 +0800] "GET /xingrg/dwr/engine.js HTTP/1.1" 200 43631
180.152.241.196 - - [19/Sep/2023:10:51:00 +0800] "GET /xingrg/all/function/internal_message.html?_=1695091860964&CODE_STATE=getMsg HTTP/1.1" 200 27
180.152.241.196 - - [19/Sep/2023:10:51:00 +0800] "GET /xingrg/check_reg.html?_=1695091860967 HTTP/1.1" 200 22
180.165.48.189 - - [19/Sep/2023:10:51:02 +0800] "POST /xingrg/dwr/call/plaincall/AjaxYddbService.getRestBases.dwr HTTP/1.1" 200 1199
114.83.222.222 - - [19/Sep/2023:10:51:03 +0800] "GET /xingrg/kc/base/wldb_order_list.html HTTP/1.1" 200 19180
124.79.244.212 - - [19/Sep/2023:10:51:03 +0800] "GET /xingrg/all/function/internal_message.html?_=1695092161096&CODE_STATE=getMsg HTTP/1.1" 200 27
114.83.222.222 - - [19/Sep/2023:10:51:04 +0800] "POST /xingrg/kc/base/wldb_list_operate.html HTTP/1.1" 200 928
101.83.145.37 - - [19/Sep/2023:10:51:05 +0800] "GET /xingrg/all/function/internal_message.html?_=1695091653200&CODE_STATE=getMsg HTTP/1.1" 200 27
114.83.222.222 - - [19/Sep/2023:10:51:07 +0800] "GET /xingrg/kc/base/wldb_order_add.html HTTP/1.1" 200 30463
114.83.222.222 - - [19/Sep/2023:10:51:07 +0800] "GET /xingrg/words/20230919093243_words.js HTTP/1.1" 304 -
114.83.222.222 - - [19/Sep/2023:10:51:07 +0800] "POST /xingrg/kc/base/wldb_order_operate.html HTTP/1.1" 200 6806
180.157.249.83 - - [19/Sep/2023:10:51:07 +0800] "POST /xingrg/services/DataTransmitService HTTP/1.1" 200 524
114.83.222.222 - - [19/Sep/2023:10:51:07 +0800] "GET /xingrg/javascript/easyui/themes/default/validatebox.css HTTP/1.1" 404 1104
114.83.222.222 - - [19/Sep/2023:10:51:07 +0800] "GET /xingrg/all/common/auto_word.html?type=base&rest_code=00149 HTTP/1.1" 200 1907
114.83.222.222 - - [19/Sep/2023:10:51:07 +0800] "GET /xingrg/all/common/auto_word.html?type=base&rest_code=00149 HTTP/1.1" 200 1907
180.157.249.83 - - [19/Sep/2023:10:51:08 +0800] "POST /xingrg/services/DataTransmitService HTTP/1.1" 200 412
180.165.48.189 - - [19/Sep/2023:10:51:09 +0800] "GET /xingrg/all/function/internal_message.html?_=1695091869675&CODE_STATE=getMsg HTTP/1.1" 200 27
114.83.222.222 - - [19/Sep/2023:10:51:11 +0800] "GET /xingrg/css/images/panel_loading.gif HTTP/1.1" 200 1737
114.83.222.222 - - [19/Sep/2023:10:51:11 +0800] "POST /xingrg/all/common/load_combo.html?type=base HTTP/1.1" 200 3409
101.228.187.155 - - [19/Sep/2023:10:51:14 +0800] "GET /xingrg/all/function/internal_message.html?_=1695091874094&CODE_STATE=getMsg HTTP/1.1" 200 27
180.165.48.189 - - [19/Sep/2023:10:51:14 +0800] "POST /xingrg/dwr/call/plaincall/AjaxYddbService.saveOrder.dwr HTTP/1.1" 200 78
116.230.110.33 - - [19/Sep/2023:10:51:16 +0800] "GET /xingrg/all/function/internal_message.html?_=1695091739554&CODE_STATE=getMsg HTTP/1.1" 200 27
124.78.155.92 - - [19/Sep/2023:10:51:20 +0800] "GET /xingrg/all/function/internal_message.html?_=1695091879197&CODE_STATE=getMsg HTTP/1.1" 200 27
180.165.48.189 - - [19/Sep/2023:10:51:21 +0800] "POST /xingrg/dwr/call/plaincall/AjaxComOrderService.getMaterielSearchList.dwr HTTP/1.1" 200 203
180.165.48.189 - - [19/Sep/2023:10:51:22 +0800] "POST /xingrg/dwr/call/plaincall/AjaxComOrderService.getMaterielSearchList.dwr HTTP/1.1" 200 203
180.165.48.189 - - [19/Sep/2023:10:51:23 +0800] "POST /xingrg/dwr/call/plaincall/AjaxComOrderService.getMaterielSearchList.dwr HTTP/1.1" 200 76
180.165.48.189 - - [19/Sep/2023:10:51:24 +0800] "POST /xingrg/dwr/call/plaincall/AjaxComOrderService.getMaterielSearchList.dwr HTTP/1.1" 200 76
180.165.48.189 - - [19/Sep/2023:10:51:25 +0800] "POST /xingrg/dwr/call/plaincall/AjaxComOrderService.getMaterielSearchList.dwr HTTP/1.1" 200 32599
180.165.48.189 - - [19/Sep/2023:10:51:25 +0800] "POST /xingrg/dwr/call/plaincall/AjaxComOrderService.getMaterielSearchList.dwr HTTP/1.1" 200 76
180.152.241.196 - - [19/Sep/2023:10:51:27 +0800] "GET /xingrg/all/function/internal_message.html?_=1695091887727&CODE_STATE=getMsg HTTP/1.1" 200 27
180.165.48.189 - - [19/Sep/2023:10:51:27 +0800] "POST /xingrg/dwr/call/plaincall/AjaxComOrderService.getMaterielSearchList.dwr HTTP/1.1" 200 581
180.165.48.189 - - [19/Sep/2023:10:51:28 +0800] "POST /xingrg/dwr/call/plaincall/AjaxComOrderService.getMaterielSearchList.dwr HTTP/1.1" 200 24624
114.83.222.222 - - [19/Sep/2023:10:51:28 +0800] "GET /xingrg/javascript/auto/indicator.gif HTTP/1.1" 404 1066
114.83.222.222 - - [19/Sep/2023:10:51:29 +0800] "GET /xingrg/javascript/jquery_tools/images/prev.gif HTTP/1.1" 404 1086
114.83.222.222 - - [19/Sep/2023:10:51:29 +0800] "GET /xingrg/javascript/jquery_tools/images/next.gif HTTP/1.1" 404 1086
124.79.244.212 - - [19/Sep/2023:10:51:31 +0800] "GET /xingrg/all/function/internal_message.html?_=1695091890429&CODE_STATE=getMsg HTTP/1.1" 200 27
101.83.145.37 - - [19/Sep/2023:10:51:33 +0800] "GET /xingrg/javascript/auto/indicator.gif HTTP/1.1" 404 1066
180.165.48.189 - - [19/Sep/2023:10:51:33 +0800] "POST /xingrg/dwr/call/plaincall/AjaxYddbService.getMaterielByMap.dwr HTTP/1.1" 200 3067
114.83.222.222 - - [19/Sep/2023:10:51:35 +0800] "GET /xingrg/kc/base/wldb_order_operate.html?command=get_materiel&rest_code=00149&base_code=0010394&code=00101016044 HTTP/1.1" 200 466
180.165.48.189 - - [19/Sep/2023:10:51:37 +0800] "POST /xingrg/dwr/call/plaincall/AjaxYddbService.saveMaterielItem.dwr HTTP/1.1" 200 79
180.165.48.189 - - [19/Sep/2023:10:51:39 +0800] "POST /xingrg/dwr/call/plaincall/AjaxComOrderService.getMaterielSearchList.dwr HTTP/1.1" 200 440
180.165.48.189 - - [19/Sep/2023:10:51:40 +0800] "POST /xingrg/dwr/call/plaincall/AjaxComOrderService.getMaterielSearchList.dwr HTTP/1.1" 200 204
124.78.69.58 - - [19/Sep/2023:10:51:41 +0800] "GET /xingrg/all/function/internal_message.html?_=1695091331343&CODE_STATE=getMsg HTTP/1.1" 200 27
180.165.48.189 - - [19/Sep/2023:10:51:43 +0800] "GET /xingrg/images/yd/bt.gif HTTP/1.1" 404 1040
180.165.48.189 - - [19/Sep/2023:10:51:44 +0800] "POST /xingrg/dwr/call/plaincall/AjaxComOrderService.getMaterielSearchList.dwr HTTP/1.1" 200 77
222.70.180.200 - - [19/Sep/2023:10:51:44 +0800] "GET /xingrg/all/function/internal_message.html?_=1695091903041&CODE_STATE=getMsg HTTP/1.1" 200 27
124.78.69.58 - - [19/Sep/2023:10:51:45 +0800] "POST /xingrg/kc/buy/cgsh_order_operate.html HTTP/1.1" 200 37
180.165.48.189 - - [19/Sep/2023:10:51:45 +0800] "POST /xingrg/dwr/call/plaincall/AjaxComOrderService.getMaterielSearchList.dwr HTTP/1.1" 200 77
180.165.48.189 - - [19/Sep/2023:10:51:46 +0800] "POST /xingrg/dwr/call/plaincall/AjaxComOrderService.getMaterielSearchList.dwr HTTP/1.1" 200 204
180.165.48.189 - - [19/Sep/2023:10:51:47 +0800] "POST /xingrg/dwr/call/plaincall/AjaxComOrderService.getMaterielSearchList.dwr HTTP/1.1" 200 204
114.83.222.222 - - [19/Sep/2023:10:51:48 +0800] "GET /xingrg/kc/base/wldb_order_operate.html?command=get_materiel&rest_code=00149&base_code=0010394&code=00101016095 HTTP/1.1" 200 462
116.230.110.33 - - [19/Sep/2023:10:51:48 +0800] "GET /xingrg/all/function/internal_message.html?_=1695091908474&CODE_STATE=getMsg HTTP/1.1" 200 27
180.165.48.189 - - [19/Sep/2023:10:51:50 +0800] "POST /xingrg/dwr/call/plaincall/AjaxComOrderService.getMaterielSearchList.dwr HTTP/1.1" 200 204
180.165.48.189 - - [19/Sep/2023:10:51:51 +0800] "POST /xingrg/dwr/call/plaincall/AjaxComOrderService.getMaterielSearchList.dwr HTTP/1.1" 200 204
180.165.48.189 - - [19/Sep/2023:10:51:51 +0800] "POST /xingrg/dwr/call/plaincall/AjaxComOrderService.getMaterielSearchList.dwr HTTP/1.1" 200 204
180.169.147.146 - - [19/Sep/2023:10:51:53 +0800] "GET /xingrg/all/function/internal_message.html?_=1695091912500&CODE_STATE=getMsg HTTP/1.1" 200 27
180.165.48.189 - - [19/Sep/2023:10:51:54 +0800] "POST /xingrg/dwr/call/plaincall/AjaxComOrderService.getMaterielSearchList.dwr HTTP/1.1" 200 204
222.70.107.161 - - [19/Sep/2023:10:51:55 +0800] "GET /xingrg/all/function/internal_message.html?_=1695091915430&CODE_STATE=getMsg HTTP/1.1" 200 27
180.165.48.189 - - [19/Sep/2023:10:51:56 +0800] "POST /xingrg/dwr/call/plaincall/AjaxComOrderService.getMaterielSearchList.dwr HTTP/1.1" 200 12692
114.83.222.222 - - [19/Sep/2023:10:51:57 +0800] "GET /xingrg/all/function/internal_message.html?_=1695091917283&CODE_STATE=getMsg HTTP/1.1" 200 27
222.70.180.200 - - [19/Sep/2023:10:51:57 +0800] "GET /xingrg/all/function/internal_message.html?_=1695092021363&CODE_STATE=getMsg HTTP/1.1" 302 -
180.169.147.146 - - [19/Sep/2023:10:51:58 +0800] "GET /xingrg/all/function/internal_message.html?_=1695091917947&CODE_STATE=getMsg HTTP/1.1" 200 27
116.230.116.69 - - [19/Sep/2023:10:51:58 +0800] "GET /xingrg/all/function/internal_message.html?_=1695091920279&CODE_STATE=getMsg HTTP/1.1" 200 27
114.95.241.104 - - [19/Sep/2023:10:51:58 +0800] "GET /xingrg/all/function/internal_message.html?_=1695091916977&CODE_STATE=getMsg HTTP/1.1" 200 27
114.83.222.222 - - [19/Sep/2023:10:51:59 +0800] "GET /xingrg/kc/base/wldb_order_operate.html?command=get_materiel&rest_code=00149&base_code=0010394&code=00101016094 HTTP/1.1" 200 469
180.152.241.196 - - [19/Sep/2023:10:52:00 +0800] "GET /xingrg/all/function/internal_message.html?_=1695091920975&CODE_STATE=getMsg HTTP/1.1" 200 27
124.78.69.58 - - [19/Sep/2023:10:52:03 +0800] "POST /xingrg/kc/buy/cgsh_order_operate.html HTTP/1.1" 200 12
101.83.145.37 - - [19/Sep/2023:10:52:03 +0800] "GET /xingrg/kc/base/wldb_order_operate.html?command=get_materiel&rest_code=00105&base_code=0010508&code=00102003177 HTTP/1.1" 200 433
124.79.244.212 - - [19/Sep/2023:10:52:03 +0800] "GET /xingrg/all/function/internal_message.html?_=1695092221094&CODE_STATE=getMsg HTTP/1.1" 200 27
180.165.48.189 - - [19/Sep/2023:10:52:03 +0800] "POST /xingrg/dwr/call/plaincall/AjaxComOrderService.getMaterielSearchList.dwr HTTP/1.1" 200 77
101.83.145.37 - - [19/Sep/2023:10:52:04 +0800] "GET /xingrg/check_reg.html?_=1695091713004 HTTP/1.1" 200 22
101.83.145.37 - - [19/Sep/2023:10:52:05 +0800] "GET /xingrg/all/function/internal_message.html?_=1695091713117&CODE_STATE=getMsg HTTP/1.1" 200 27
180.165.48.189 - - [19/Sep/2023:10:52:07 +0800] "POST /xingrg/dwr/call/plaincall/AjaxYddbService.deleteOrder.dwr HTTP/1.1" 200 79
180.165.48.189 - - [19/Sep/2023:10:52:09 +0800] "GET /xingrg/kc/base/yddb_order_list.html HTTP/1.1" 200 16790
124.78.69.58 - - [19/Sep/2023:10:52:09 +0800] "GET /xingrg/kc/buy/cgsh_order_info.html?code=212023091907580 HTTP/1.1" 200 67270
180.165.48.189 - - [19/Sep/2023:10:52:09 +0800] "GET /xingrg/all/function/internal_message.html?_=1695091929671&CODE_STATE=getMsg HTTP/1.1" 200 27
180.165.48.189 - - [19/Sep/2023:10:52:09 +0800] "POST /xingrg/kc/base/yddb_list_operate.html HTTP/1.1" 200 636
124.78.69.58 - - [19/Sep/2023:10:52:09 +0800] "GET /xingrg/javascript/easyui/themes/default/validatebox.css HTTP/1.1" 404 1104
124.78.69.58 - - [19/Sep/2023:10:52:11 +0800] "POST /xingrg/kc/buy/cgsh_order_operate.html HTTP/1.1" 200 36690
180.152.241.196 - - [19/Sep/2023:10:52:11 +0800] "GET /xingrg/kc/buy/cgsh_order_list.html HTTP/1.1" 200 56579
114.83.222.222 - - [19/Sep/2023:10:52:12 +0800] "GET /xingrg/kc/base/wldb_order_operate.html?command=get_materiel&rest_code=00149&base_code=0010394&code=00101019438 HTTP/1.1" 200 462
101.228.187.155 - - [19/Sep/2023:10:52:14 +0800] "GET /xingrg/all/function/internal_message.html?_=1695091934095&CODE_STATE=getMsg HTTP/1.1" 200 27
180.152.241.196 - - [19/Sep/2023:10:52:14 +0800] "POST /xingrg/kc/buy/cgsh_list_operate.html HTTP/1.1" 200 986
116.230.110.33 - - [19/Sep/2023:10:52:16 +0800] "GET /xingrg/all/function/internal_message.html?_=1695091799555&CODE_STATE=getMsg HTTP/1.1" 200 27
101.83.145.37 - - [19/Sep/2023:10:52:16 +0800] "GET /xingrg/kc/base/wldb_order_operate.html?command=get_materiel&rest_code=00105&base_code=0010508&code=00102002258 HTTP/1.1" 200 447
124.78.155.92 - - [19/Sep/2023:10:52:20 +0800] "GET /xingrg/all/function/internal_message.html?_=1695091939170&CODE_STATE=getMsg HTTP/1.1" 200 27
114.83.222.222 - - [19/Sep/2023:10:52:20 +0800] "GET /xingrg/kc/base/wldb_order_operate.html?command=get_materiel&rest_code=00149&base_code=0010394&code=00101019133 HTTP/1.1" 200 480
124.78.69.58 - - [19/Sep/2023:10:52:21 +0800] "GET /xingrg/kc/print/load_data.html?order_code=212023091907580&kc_code=cgsh&condition= HTTP/1.1" 200 14401
101.83.145.37 - - [19/Sep/2023:10:52:26 +0800] "GET /xingrg/kc/base/wldb_order_operate.html?command=get_materiel&rest_code=00105&base_code=0010508&code=00102002441 HTTP/1.1" 200 448
180.152.241.196 - - [19/Sep/2023:10:52:27 +0800] "GET /xingrg/all/function/internal_message.html?_=1695091947708&CODE_STATE=getMsg HTTP/1.1" 200 27
114.83.222.222 - - [19/Sep/2023:10:52:28 +0800] "GET /xingrg/kc/base/wldb_order_operate.html?command=get_materiel&rest_code=00149&base_code=0010394&code=00101013052 HTTP/1.1" 200 443
180.152.241.196 - - [19/Sep/2023:10:52:29 +0800] "GET /xingrg/check_reg.html?_=1695091949721 HTTP/1.1" 200 22
124.79.244.212 - - [19/Sep/2023:10:52:31 +0800] "GET /xingrg/all/function/internal_message.html?_=1695091950426&CODE_STATE=getMsg HTTP/1.1" 200 27
124.79.244.212 - - [19/Sep/2023:10:52:31 +0800] "GET /xingrg/check_reg.html?_=1695091950431 HTTP/1.1" 200 22
114.83.222.222 - - [19/Sep/2023:10:52:34 +0800] "GET /xingrg/kc/base/wldb_order_operate.html?command=get_materiel&rest_code=00149&base_code=0010394&code=00101019222 HTTP/1.1" 200 451
101.83.145.37 - - [19/Sep/2023:10:52:34 +0800] "POST /xingrg/kc/base/wldb_order_operate.html HTTP/1.1" 200 37
101.83.145.37 - - [19/Sep/2023:10:52:35 +0800] "POST /xingrg/kc/base/wldb_order_operate.html HTTP/1.1" 200 2675
101.83.145.37 - - [19/Sep/2023:10:52:36 +0800] "GET /xingrg/kc/base/wldb_order_info.html?code=422023091901890 HTTP/1.1" 200 30470
101.83.145.37 - - [19/Sep/2023:10:52:36 +0800] "GET /xingrg/javascript/easyui/themes/default/validatebox.css HTTP/1.1" 404 1104
101.83.145.37 - - [19/Sep/2023:10:52:37 +0800] "POST /xingrg/kc/base/wldb_order_operate.html HTTP/1.1" 200 2675
124.78.69.58 - - [19/Sep/2023:10:52:41 +0800] "GET /xingrg/all/function/internal_message.html?_=1695091391167&CODE_STATE=getMsg HTTP/1.1" 200 27
114.83.222.222 - - [19/Sep/2023:10:52:41 +0800] "GET /xingrg/kc/base/wldb_order_operate.html?command=get_materiel&rest_code=00149&base_code=0010394&code=00101019185 HTTP/1.1" 200 469
222.70.180.200 - - [19/Sep/2023:10:52:44 +0800] "GET /xingrg/all/function/internal_message.html?_=1695091963040&CODE_STATE=getMsg HTTP/1.1" 200 27
114.83.222.222 - - [19/Sep/2023:10:52:47 +0800] "GET /xingrg/kc/base/wldb_order_operate.html?command=get_materiel&rest_code=00149&base_code=0010394&code=00101019183 HTTP/1.1" 200 449
116.230.110.33 - - [19/Sep/2023:10:52:48 +0800] "GET /xingrg/all/function/internal_message.html?_=1695091968476&CODE_STATE=getMsg HTTP/1.1" 200 27
101.83.145.37 - - [19/Sep/2023:10:52:49 +0800] "GET /xingrg/kc/base/wldb_order_add.html HTTP/1.1" 200 30457
101.83.145.37 - - [19/Sep/2023:10:52:50 +0800] "GET /xingrg/words/20230919093243_words.js HTTP/1.1" 304 -
101.83.145.37 - - [19/Sep/2023:10:52:50 +0800] "POST /xingrg/kc/base/wldb_order_operate.html HTTP/1.1" 200 6806
101.83.145.37 - - [19/Sep/2023:10:52:50 +0800] "GET /xingrg/javascript/easyui/themes/default/validatebox.css HTTP/1.1" 404 1104
180.169.147.146 - - [19/Sep/2023:10:52:53 +0800] "GET /xingrg/all/function/internal_message.html?_=1695091972509&CODE_STATE=getMsg HTTP/1.1" 200 27
180.169.147.146 - - [19/Sep/2023:10:52:53 +0800] "GET /xingrg/check_reg.html?_=1695091972511 HTTP/1.1" 200 22
114.83.222.222 - - [19/Sep/2023:10:52:53 +0800] "GET /xingrg/kc/base/wldb_order_operate.html?command=get_materiel&rest_code=00149&base_code=0010394&code=00101019199 HTTP/1.1" 200 473
222.70.107.161 - - [19/Sep/2023:10:52:55 +0800] "GET /xingrg/all/function/internal_message.html?_=1695091975430&CODE_STATE=getMsg HTTP/1.1" 200 27
114.83.222.222 - - [19/Sep/2023:10:52:57 +0800] "GET /xingrg/all/function/internal_message.html?_=1695091977284&CODE_STATE=getMsg HTTP/1.1" 200 27
222.70.180.200 - - [19/Sep/2023:10:52:57 +0800] "GET /xingrg/all/function/internal_message.html?_=1695092081407&CODE_STATE=getMsg HTTP/1.1" 302 -
180.169.147.146 - - [19/Sep/2023:10:52:58 +0800] "GET /xingrg/all/function/internal_message.html?_=1695091977943&CODE_STATE=getMsg HTTP/1.1" 200 27
116.230.116.69 - - [19/Sep/2023:10:52:58 +0800] "GET /xingrg/all/function/internal_message.html?_=1695091980293&CODE_STATE=getMsg HTTP/1.1" 200 27
114.95.241.104 - - [19/Sep/2023:10:52:58 +0800] "GET /xingrg/all/function/internal_message.html?_=1695091976974&CODE_STATE=getMsg HTTP/1.1" 200 27
114.95.241.104 - - [19/Sep/2023:10:52:58 +0800] "GET /xingrg/check_reg.html?_=1695091977182 HTTP/1.1" 200 22
114.83.222.222 - - [19/Sep/2023:10:52:59 +0800] "GET /xingrg/kc/base/wldb_order_operate.html?command=get_materiel&rest_code=00149&base_code=0010394&code=00101019127 HTTP/1.1" 200 479
180.152.241.196 - - [19/Sep/2023:10:53:00 +0800] "GET /xingrg/all/function/internal_message.html?_=1695091980985&CODE_STATE=getMsg HTTP/1.1" 200 27
124.79.244.212 - - [19/Sep/2023:10:53:03 +0800] "GET /xingrg/all/function/internal_message.html?_=1695092281093&CODE_STATE=getMsg HTTP/1.1" 200 27
101.83.145.37 - - [19/Sep/2023:10:53:05 +0800] "GET /xingrg/all/function/internal_message.html?_=1695091773102&CODE_STATE=getMsg HTTP/1.1" 200 27
180.165.48.189 - - [19/Sep/2023:10:53:09 +0800] "GET /xingrg/all/function/internal_message.html?_=1695091989678&CODE_STATE=getMsg HTTP/1.1" 200 27
114.83.222.222 - - [19/Sep/2023:10:53:09 +0800] "GET /xingrg/kc/base/wldb_order_operate.html?command=get_materiel&rest_code=00149&base_code=0010394&code=00101019249 HTTP/1.1" 200 470
101.83.145.37 - - [19/Sep/2023:10:53:13 +0800] "GET /xingrg/javascript/jquery_tools/images/prev.gif HTTP/1.1" 404 1086
101.83.145.37 - - [19/Sep/2023:10:53:13 +0800] "GET /xingrg/javascript/jquery_tools/images/next.gif HTTP/1.1" 404 1086
101.228.187.155 - - [19/Sep/2023:10:53:14 +0800] "GET /xingrg/all/function/internal_message.html?_=1695091994095&CODE_STATE=getMsg HTTP/1.1" 200 27
101.228.187.155 - - [19/Sep/2023:10:53:14 +0800] "GET /xingrg/check_reg.html?_=1695091994098 HTTP/1.1" 200 22
114.83.222.222 - - [19/Sep/2023:10:53:15 +0800] "GET /xingrg/kc/base/wldb_order_operate.html?command=get_materiel&rest_code=00149&base_code=0010394&code=00101019376 HTTP/1.1" 200 476
116.230.110.33 - - [19/Sep/2023:10:53:16 +0800] "GET /xingrg/check_reg.html?_=1695091859544 HTTP/1.1" 200 22
116.230.110.33 - - [19/Sep/2023:10:53:16 +0800] "GET /xingrg/all/function/internal_message.html?_=1695091859548&CODE_STATE=getMsg HTTP/1.1" 200 27
124.78.155.92 - - [19/Sep/2023:10:53:20 +0800] "GET /xingrg/all/function/internal_message.html?_=1695091999140&CODE_STATE=getMsg HTTP/1.1" 200 27
124.78.155.92 - - [19/Sep/2023:10:53:22 +0800] "GET /xingrg/check_reg.html?_=1695092001063 HTTP/1.1" 200 22
180.152.241.196 - - [19/Sep/2023:10:53:27 +0800] "GET /xingrg/all/function/internal_message.html?_=1695092007682&CODE_STATE=getMsg HTTP/1.1" 200 27
114.83.222.222 - - [19/Sep/2023:10:53:29 +0800] "POST /xingrg/kc/base/wldb_order_operate.html HTTP/1.1" 200 37
124.79.244.212 - - [19/Sep/2023:10:53:31 +0800] "GET /xingrg/all/function/internal_message.html?_=1695092010430&CODE_STATE=getMsg HTTP/1.1" 200 27
180.152.241.196 - - [19/Sep/2023:10:53:33 +0800] "GET /xingrg/kc/buy/cgsh_order_add.html HTTP/1.1" 200 72396
180.152.241.196 - - [19/Sep/2023:10:53:33 +0800] "GET /xingrg/words/20230919093243_words.js HTTP/1.1" 304 -
180.152.241.196 - - [19/Sep/2023:10:53:34 +0800] "GET /xingrg/javascript/easyui/themes/icons/copy_new.png HTTP/1.1" 200 815
180.152.241.196 - - [19/Sep/2023:10:53:34 +0800] "POST /xingrg/kc/buy/cgsh_order_operate.html HTTP/1.1" 200 8245
180.152.241.196 - - [19/Sep/2023:10:53:34 +0800] "GET /xingrg/javascript/easyui/themes/default/validatebox.css HTTP/1.1" 404 1104
180.152.241.196 - - [19/Sep/2023:10:53:34 +0800] "GET /xingrg/all/common/auto_word.html?type=employee&rest_code=00102 HTTP/1.1" 200 189
180.152.241.196 - - [19/Sep/2023:10:53:34 +0800] "GET /xingrg/all/common/auto_word.html?type=employee&rest_code=00102 HTTP/1.1" 200 189
