114.83.222.222 - - [19/Sep/2023:11:57:34 +0800] "GET /xingrg/all/common/auto_word.html?type=base&rest_code=00149 HTTP/1.1" 200 1907
114.83.222.222 - - [19/Sep/2023:11:57:34 +0800] "GET /xingrg/all/common/auto_word.html?type=base&rest_code=00149 HTTP/1.1" 200 1907
116.230.116.69 - - [19/Sep/2023:11:57:34 +0800] "GET /xingrg/kc/buy/cgsh_order_add.html HTTP/1.1" 200 72361
116.230.116.69 - - [19/Sep/2023:11:57:35 +0800] "POST /xingrg/kc/buy/cgsh_order_operate.html HTTP/1.1" 200 8245
116.230.116.69 - - [19/Sep/2023:11:57:35 +0800] "GET /xingrg/javascript/easyui/themes/default/validatebox.css HTTP/1.1" 404 1104
114.83.222.222 - - [19/Sep/2023:11:57:37 +0800] "POST /xingrg/all/common/load_combo.html?type=base HTTP/1.1" 200 3409
114.83.222.222 - - [19/Sep/2023:11:57:42 +0800] "GET /xingrg/javascript/auto/indicator.gif HTTP/1.1" 404 1066
114.83.222.222 - - [19/Sep/2023:11:57:43 +0800] "GET /xingrg/javascript/jquery_tools/images/prev.gif HTTP/1.1" 404 1086
114.83.222.222 - - [19/Sep/2023:11:57:43 +0800] "GET /xingrg/javascript/jquery_tools/images/next.gif HTTP/1.1" 404 1086
222.70.180.200 - - [19/Sep/2023:11:57:45 +0800] "GET /xingrg/all/function/internal_message.html?_=1695095863118&CODE_STATE=getMsg HTTP/1.1" 200 27
221.239.166.189 - - [19/Sep/2023:11:57:46 +0800] "GET /xingrg/all/function/internal_message.html?_=1695095865853&CODE_STATE=getMsg HTTP/1.1" 200 27
116.230.110.33 - - [19/Sep/2023:11:57:48 +0800] "GET /xingrg/all/function/internal_message.html?_=1695095868545&CODE_STATE=getMsg HTTP/1.1" 200 27
114.83.222.222 - - [19/Sep/2023:11:57:49 +0800] "GET /xingrg/kc/base/wldb_order_operate.html?command=get_materiel&rest_code=00149&base_code=0010394&code=00101030018 HTTP/1.1" 200 448
101.80.225.121 - - [19/Sep/2023:11:57:50 +0800] "POST /xingrg/services/DataTransmitService HTTP/1.1" 200 524
180.169.147.146 - - [19/Sep/2023:11:57:53 +0800] "GET /xingrg/all/function/internal_message.html?_=1695095872507&CODE_STATE=getMsg HTTP/1.1" 200 27
180.169.147.146 - - [19/Sep/2023:11:57:53 +0800] "GET /xingrg/check_reg.html?_=1695095872509 HTTP/1.1" 200 22
222.70.107.161 - - [19/Sep/2023:11:57:55 +0800] "GET /xingrg/all/function/internal_message.html?_=1695095875551&CODE_STATE=getMsg HTTP/1.1" 200 27
116.230.116.69 - - [19/Sep/2023:11:57:55 +0800] "GET /xingrg/kc/buy/cgsh_order_operate.html?command=get_materiel&rest_code=00146&code=00101016094&supplier_code=00100049&order_time=2023-09-19 HTTP/1.1" 200 468
180.163.30.100 - - [19/Sep/2023:11:57:57 +0800] "GET /xingrg/all/function/internal_message.html?_=1695095816999&CODE_STATE=getMsg HTTP/1.1" 302 -
180.163.30.100 - - [19/Sep/2023:11:57:57 +0800] "GET /xingrg/login.html HTTP/1.1" 200 7641
180.169.147.146 - - [19/Sep/2023:11:57:57 +0800] "GET /xingrg/all/function/internal_message.html?_=1695095876980&CODE_STATE=getMsg HTTP/1.1" 200 27
114.83.222.222 - - [19/Sep/2023:11:57:58 +0800] "POST /xingrg/kc/base/wldb_order_operate.html HTTP/1.1" 200 37
114.83.222.222 - - [19/Sep/2023:11:57:58 +0800] "POST /xingrg/kc/base/wldb_order_operate.html HTTP/1.1" 200 2191
116.230.116.69 - - [19/Sep/2023:11:58:00 +0800] "GET /xingrg/all/function/internal_message.html?_=1695095882673&CODE_STATE=getMsg HTTP/1.1" 200 27
180.152.241.196 - - [19/Sep/2023:11:58:01 +0800] "GET /xingrg/all/function/internal_message.html?_=1695095881285&CODE_STATE=getMsg HTTP/1.1" 200 27
124.79.244.212 - - [19/Sep/2023:11:58:03 +0800] "GET /xingrg/all/function/internal_message.html?_=1695096181165&CODE_STATE=getMsg HTTP/1.1" 200 27
101.83.145.37 - - [19/Sep/2023:11:58:03 +0800] "GET /xingrg/all/function/internal_message.html?_=1695095671910&CODE_STATE=getMsg HTTP/1.1" 200 27
114.83.222.222 - - [19/Sep/2023:11:58:05 +0800] "POST /xingrg/kc/base/wldb_order_operate.html HTTP/1.1" 200 12
101.228.187.155 - - [19/Sep/2023:11:58:09 +0800] "GET /xingrg/all/function/internal_message.html?_=1695095888930&CODE_STATE=getMsg HTTP/1.1" 200 27
180.165.48.189 - - [19/Sep/2023:11:58:09 +0800] "GET /xingrg/all/function/internal_message.html?_=1695095889679&CODE_STATE=getMsg HTTP/1.1" 200 27
180.163.29.206 - - [19/Sep/2023:11:58:15 +0800] "GET /xingrg/all/function/internal_message.html?_=1695095834089&CODE_STATE=getMsg HTTP/1.1" 302 -
180.163.29.206 - - [19/Sep/2023:11:58:15 +0800] "GET /xingrg/login.html HTTP/1.1" 200 7641
124.78.155.92 - - [19/Sep/2023:11:58:15 +0800] "GET /xingrg/all/function/internal_message.html?_=1695095894063&CODE_STATE=getMsg HTTP/1.1" 200 27
180.163.29.217 - - [19/Sep/2023:11:58:15 +0800] "GET /xingrg/check_reg.html?_=1695095834435 HTTP/1.1" 302 -
180.163.29.217 - - [19/Sep/2023:11:58:15 +0800] "GET /xingrg/login.html HTTP/1.1" 200 7641
116.230.110.33 - - [19/Sep/2023:11:58:16 +0800] "GET /xingrg/check_reg.html?_=1695095759541 HTTP/1.1" 200 22
116.230.110.33 - - [19/Sep/2023:11:58:16 +0800] "GET /xingrg/all/function/internal_message.html?_=1695095759543&CODE_STATE=getMsg HTTP/1.1" 200 27
116.230.116.69 - - [19/Sep/2023:11:58:18 +0800] "GET /xingrg/kc/buy/cgsh_order_operate.html?command=get_materiel&rest_code=00146&code=00101016037&supplier_code=00100049&order_time=2023-09-19 HTTP/1.1" 200 432
180.157.249.83 - - [19/Sep/2023:11:58:20 +0800] "GET /xingrg/all/function/internal_message.html?_=1695095899493&CODE_STATE=getMsg HTTP/1.1" 200 27
180.169.147.146 - - [19/Sep/2023:11:58:20 +0800] "GET /xingrg/check_reg.html?_=1695095894504 HTTP/1.1" 200 22
180.169.147.146 - - [19/Sep/2023:11:58:21 +0800] "GET /xingrg/all/function/internal_message.html?_=1695095894708&CODE_STATE=getMsg HTTP/1.1" 200 27
114.83.222.222 - - [19/Sep/2023:11:58:22 +0800] "GET /xingrg/all/function/internal_message.html?_=1695095902789&CODE_STATE=getMsg HTTP/1.1" 200 27
114.83.222.222 - - [19/Sep/2023:11:58:23 +0800] "GET /xingrg/kc/base/wldb_order_info.html?code=422023091901914 HTTP/1.1" 200 26338
114.83.222.222 - - [19/Sep/2023:11:58:23 +0800] "GET /xingrg/javascript/easyui/themes/default/validatebox.css HTTP/1.1" 404 1104
114.83.222.222 - - [19/Sep/2023:11:58:23 +0800] "POST /xingrg/kc/base/wldb_order_operate.html HTTP/1.1" 200 486
114.83.222.222 - - [19/Sep/2023:11:58:26 +0800] "GET /xingrg/kc/base/wldb_order_add.html HTTP/1.1" 200 30463
114.95.241.104 - - [19/Sep/2023:11:58:27 +0800] "GET /xingrg/all/function/internal_message.html?_=1695095905372&CODE_STATE=getMsg HTTP/1.1" 200 27
114.83.222.222 - - [19/Sep/2023:11:58:27 +0800] "POST /xingrg/kc/base/wldb_order_operate.html HTTP/1.1" 200 6806
114.83.222.222 - - [19/Sep/2023:11:58:27 +0800] "GET /xingrg/javascript/easyui/themes/default/validatebox.css HTTP/1.1" 404 1104
101.80.225.121 - - [19/Sep/2023:11:58:27 +0800] "POST /xingrg/services/DataTransmitService HTTP/1.1" 200 501
114.83.222.222 - - [19/Sep/2023:11:58:28 +0800] "POST /xingrg/all/common/load_combo.html?type=base HTTP/1.1" 200 3409
124.79.244.212 - - [19/Sep/2023:11:58:31 +0800] "GET /xingrg/all/function/internal_message.html?_=1695095910421&CODE_STATE=getMsg HTTP/1.1" 302 -
114.83.222.222 - - [19/Sep/2023:11:58:42 +0800] "GET /xingrg/kc/base/wldb_order_operate.html?command=get_materiel&rest_code=00149&base_code=0010395&code=00102002275 HTTP/1.1" 200 451
222.70.180.200 - - [19/Sep/2023:11:58:45 +0800] "GET /xingrg/all/function/internal_message.html?_=1695095923118&CODE_STATE=getMsg HTTP/1.1" 200 27
222.70.180.200 - - [19/Sep/2023:11:58:45 +0800] "GET /xingrg/check_reg.html?_=1695095923126 HTTP/1.1" 200 22
221.239.166.189 - - [19/Sep/2023:11:58:46 +0800] "GET /xingrg/all/function/internal_message.html?_=1695095925838&CODE_STATE=getMsg HTTP/1.1" 200 27
116.230.110.33 - - [19/Sep/2023:11:58:48 +0800] "GET /xingrg/all/function/internal_message.html?_=1695095928536&CODE_STATE=getMsg HTTP/1.1" 200 27
116.230.110.33 - - [19/Sep/2023:11:58:48 +0800] "GET /xingrg/check_reg.html?_=1695095928539 HTTP/1.1" 200 22
180.169.147.146 - - [19/Sep/2023:11:58:53 +0800] "GET /xingrg/all/function/internal_message.html?_=1695095932525&CODE_STATE=getMsg HTTP/1.1" 200 27
222.70.107.161 - - [19/Sep/2023:11:58:55 +0800] "GET /xingrg/all/function/internal_message.html?_=1695095935551&CODE_STATE=getMsg HTTP/1.1" 200 27
114.83.222.222 - - [19/Sep/2023:11:58:55 +0800] "GET /xingrg/kc/base/wldb_order_operate.html?command=get_materiel&rest_code=00149&base_code=0010395&code=00102002556 HTTP/1.1" 200 443
116.230.116.69 - - [19/Sep/2023:11:58:55 +0800] "POST /xingrg/kc/buy/cgsh_order_operate.html HTTP/1.1" 200 37
101.228.187.155 - - [19/Sep/2023:11:58:55 +0800] "GET /xingrg/kc/buy/cgsh_order_operate.html?command=get_materiel&rest_code=00142&code=00102016362&supplier_code=00100207&order_time=2023-09-19 HTTP/1.1" 200 412
180.169.147.146 - - [19/Sep/2023:11:58:57 +0800] "GET /xingrg/all/function/internal_message.html?_=1695095936965&CODE_STATE=getMsg HTTP/1.1" 200 27
116.230.116.69 - - [19/Sep/2023:11:58:58 +0800] "POST /xingrg/kc/buy/cgsh_order_operate.html HTTP/1.1" 200 3305
180.169.147.146 - - [19/Sep/2023:11:58:58 +0800] "GET /xingrg/check_reg.html?_=1695095937949 HTTP/1.1" 200 22
116.230.116.69 - - [19/Sep/2023:11:58:59 +0800] "GET /xingrg/check_reg.html?_=1695095941377 HTTP/1.1" 200 22
116.230.116.69 - - [19/Sep/2023:11:59:00 +0800] "GET /xingrg/all/function/internal_message.html?_=1695095942686&CODE_STATE=getMsg HTTP/1.1" 200 27
180.152.241.196 - - [19/Sep/2023:11:59:01 +0800] "GET /xingrg/all/function/internal_message.html?_=1695095941282&CODE_STATE=getMsg HTTP/1.1" 200 27
116.230.116.69 - - [19/Sep/2023:11:59:02 +0800] "GET /xingrg/kc/print/load_data.html?order_code=212023091907595&kc_code=cgsh&condition= HTTP/1.1" 200 1004
124.79.244.212 - - [19/Sep/2023:11:59:03 +0800] "GET /xingrg/check_reg.html?_=1695096241164 HTTP/1.1" 200 22
124.79.244.212 - - [19/Sep/2023:11:59:03 +0800] "GET /xingrg/all/function/internal_message.html?_=1695096241164&CODE_STATE=getMsg HTTP/1.1" 200 27
101.83.145.37 - - [19/Sep/2023:11:59:03 +0800] "GET /xingrg/all/function/internal_message.html?_=1695095731896&CODE_STATE=getMsg HTTP/1.1" 200 27
114.83.222.222 - - [19/Sep/2023:11:59:08 +0800] "POST /xingrg/kc/base/wldb_order_operate.html HTTP/1.1" 200 37
101.228.187.155 - - [19/Sep/2023:11:59:09 +0800] "GET /xingrg/all/function/internal_message.html?_=1695095948929&CODE_STATE=getMsg HTTP/1.1" 200 27
180.165.48.189 - - [19/Sep/2023:11:59:09 +0800] "GET /xingrg/all/function/internal_message.html?_=1695095949679&CODE_STATE=getMsg HTTP/1.1" 200 27
114.83.222.222 - - [19/Sep/2023:11:59:13 +0800] "POST /xingrg/kc/base/wldb_order_operate.html HTTP/1.1" 200 12
114.83.222.222 - - [19/Sep/2023:11:59:14 +0800] "POST /xingrg/kc/base/wldb_order_operate.html HTTP/1.1" 200 2683
124.78.155.92 - - [19/Sep/2023:11:59:15 +0800] "GET /xingrg/all/function/internal_message.html?_=1695095954035&CODE_STATE=getMsg HTTP/1.1" 200 27
116.230.110.33 - - [19/Sep/2023:11:59:16 +0800] "GET /xingrg/all/function/internal_message.html?_=1695095819554&CODE_STATE=getMsg HTTP/1.1" 200 27
180.157.249.83 - - [19/Sep/2023:11:59:20 +0800] "GET /xingrg/all/function/internal_message.html?_=1695095959494&CODE_STATE=getMsg HTTP/1.1" 200 27
180.169.147.146 - - [19/Sep/2023:11:59:21 +0800] "GET /xingrg/all/function/internal_message.html?_=1695095954688&CODE_STATE=getMsg HTTP/1.1" 200 27
114.95.241.104 - - [19/Sep/2023:11:59:27 +0800] "GET /xingrg/all/function/internal_message.html?_=1695095965359&CODE_STATE=getMsg HTTP/1.1" 200 27
124.79.244.212 - - [19/Sep/2023:11:59:31 +0800] "GET /xingrg/all/function/internal_message.html?_=1695095970439&CODE_STATE=getMsg HTTP/1.1" 302 -
101.228.187.155 - - [19/Sep/2023:11:59:40 +0800] "GET /xingrg/kc/buy/cgsh_order_operate.html?command=get_materiel&rest_code=00142&code=00102002037&supplier_code=00100207&order_time=2023-09-19 HTTP/1.1" 200 412
116.230.110.33 - - [19/Sep/2023:11:59:44 +0800] "GET /xingrg/javascript/jquery_tools/images/prev.gif HTTP/1.1" 404 1086
116.230.110.33 - - [19/Sep/2023:11:59:44 +0800] "GET /xingrg/javascript/jquery_tools/images/next.gif HTTP/1.1" 404 1086
222.70.180.200 - - [19/Sep/2023:11:59:45 +0800] "GET /xingrg/all/function/internal_message.html?_=1695095983125&CODE_STATE=getMsg HTTP/1.1" 200 27
221.239.166.189 - - [19/Sep/2023:11:59:46 +0800] "GET /xingrg/all/function/internal_message.html?_=1695095985824&CODE_STATE=getMsg HTTP/1.1" 200 27
116.230.110.33 - - [19/Sep/2023:11:59:48 +0800] "GET /xingrg/all/function/internal_message.html?_=1695095988548&CODE_STATE=getMsg HTTP/1.1" 200 27
116.230.110.33 - - [19/Sep/2023:11:59:51 +0800] "GET /xingrg/kc/buy/buy_main.html HTTP/1.1" 200 12412
116.230.110.33 - - [19/Sep/2023:11:59:51 +0800] "GET /xingrg/css/new_ie.css HTTP/1.1" 404 1036
116.230.110.33 - - [19/Sep/2023:11:59:52 +0800] "GET /xingrg/images/yd/bt.gif HTTP/1.1" 404 1040
116.230.110.33 - - [19/Sep/2023:11:59:52 +0800] "GET /xingrg/kc/buy/cgsh_order_list.html HTTP/1.1" 200 56840
180.169.147.146 - - [19/Sep/2023:11:59:53 +0800] "GET /xingrg/all/function/internal_message.html?_=1695095992504&CODE_STATE=getMsg HTTP/1.1" 200 27
222.70.107.161 - - [19/Sep/2023:11:59:55 +0800] "GET /xingrg/all/function/internal_message.html?_=1695095995550&CODE_STATE=getMsg HTTP/1.1" 200 27
116.230.110.33 - - [19/Sep/2023:11:59:55 +0800] "POST /xingrg/kc/buy/cgsh_list_operate.html HTTP/1.1" 200 986
180.169.147.146 - - [19/Sep/2023:11:59:57 +0800] "GET /xingrg/all/function/internal_message.html?_=1695095996965&CODE_STATE=getMsg HTTP/1.1" 200 27
180.163.29.234 - - [19/Sep/2023:11:59:58 +0800] "GET /xingrg/check_reg.html?_=1695095937949 HTTP/1.1" 302 -
180.163.29.234 - - [19/Sep/2023:11:59:58 +0800] "GET /xingrg/login.html HTTP/1.1" 200 7641
116.230.116.69 - - [19/Sep/2023:12:00:00 +0800] "GET /xingrg/all/function/internal_message.html?_=1695096002700&CODE_STATE=getMsg HTTP/1.1" 200 27
180.152.241.196 - - [19/Sep/2023:12:00:01 +0800] "GET /xingrg/all/function/internal_message.html?_=1695096001275&CODE_STATE=getMsg HTTP/1.1" 200 27
116.230.110.33 - - [19/Sep/2023:12:00:01 +0800] "GET /xingrg/javascript/jquery_tools/images/prev.gif HTTP/1.1" 404 1086
116.230.110.33 - - [19/Sep/2023:12:00:01 +0800] "GET /xingrg/javascript/jquery_tools/images/next.gif HTTP/1.1" 404 1086
114.83.222.222 - - [19/Sep/2023:12:00:01 +0800] "GET /xingrg/all/function/internal_message.html?_=1695096002061&CODE_STATE=getMsg HTTP/1.1" 200 27
114.83.222.222 - - [19/Sep/2023:12:00:02 +0800] "GET /xingrg/kc/base/wldb_order_info.html?code=422023091901915 HTTP/1.1" 200 26341
114.83.222.222 - - [19/Sep/2023:12:00:02 +0800] "GET /xingrg/javascript/easyui/themes/default/validatebox.css HTTP/1.1" 404 1104
114.83.222.222 - - [19/Sep/2023:12:00:02 +0800] "POST /xingrg/kc/base/wldb_order_operate.html HTTP/1.1" 200 966
124.79.244.212 - - [19/Sep/2023:12:00:03 +0800] "GET /xingrg/all/function/internal_message.html?_=1695096301149&CODE_STATE=getMsg HTTP/1.1" 200 27
101.83.145.37 - - [19/Sep/2023:12:00:03 +0800] "GET /xingrg/all/function/internal_message.html?_=1695095791866&CODE_STATE=getMsg HTTP/1.1" 200 27
116.230.110.33 - - [19/Sep/2023:12:00:06 +0800] "GET /xingrg/javascript/auto/indicator.gif HTTP/1.1" 404 1066
101.228.187.155 - - [19/Sep/2023:12:00:09 +0800] "GET /xingrg/all/function/internal_message.html?_=1695096008928&CODE_STATE=getMsg HTTP/1.1" 200 27
180.165.48.189 - - [19/Sep/2023:12:00:09 +0800] "GET /xingrg/all/function/internal_message.html?_=1695096009672&CODE_STATE=getMsg HTTP/1.1" 200 27
180.165.48.189 - - [19/Sep/2023:12:00:09 +0800] "GET /xingrg/check_reg.html?_=1695096009674 HTTP/1.1" 200 22
124.78.155.92 - - [19/Sep/2023:12:00:15 +0800] "GET /xingrg/all/function/internal_message.html?_=1695096014006&CODE_STATE=getMsg HTTP/1.1" 200 27
116.230.110.33 - - [19/Sep/2023:12:00:16 +0800] "GET /xingrg/all/function/internal_message.html?_=1695095879541&CODE_STATE=getMsg HTTP/1.1" 200 27
116.230.116.69 - - [19/Sep/2023:12:00:17 +0800] "GET /xingrg/kc/buy/cgsh_order_add.html HTTP/1.1" 200 72361
116.230.116.69 - - [19/Sep/2023:12:00:18 +0800] "POST /xingrg/kc/buy/cgsh_order_operate.html HTTP/1.1" 200 8245
116.230.116.69 - - [19/Sep/2023:12:00:18 +0800] "GET /xingrg/javascript/easyui/themes/default/validatebox.css HTTP/1.1" 404 1104
116.230.116.69 - - [19/Sep/2023:12:00:19 +0800] "GET /xingrg/kc/base/base_main.html HTTP/1.1" 200 12142
116.230.116.69 - - [19/Sep/2023:12:00:19 +0800] "GET /xingrg/images/blue/button/wlsy.gif HTTP/1.1" 304 -
116.230.116.69 - - [19/Sep/2023:12:00:19 +0800] "GET /xingrg/images/blue/button/top_right.jpg HTTP/1.1" 304 -
116.230.116.69 - - [19/Sep/2023:12:00:19 +0800] "GET /xingrg/images/blue/button/ckpd.gif HTTP/1.1" 304 -
116.230.116.69 - - [19/Sep/2023:12:00:19 +0800] "GET /xingrg/images/blue/button/ckdb.gif HTTP/1.1" 304 -
116.230.116.69 - - [19/Sep/2023:12:00:19 +0800] "GET /xingrg/images/blue/button/yddb.gif HTTP/1.1" 304 -
116.230.116.69 - - [19/Sep/2023:12:00:19 +0800] "GET /xingrg/images/blue/button/top_left.jpg HTTP/1.1" 304 -
116.230.116.69 - - [19/Sep/2023:12:00:19 +0800] "GET /xingrg/images/blue/button/down.jpg HTTP/1.1" 304 -
116.230.116.69 - - [19/Sep/2023:12:00:19 +0800] "GET /xingrg/images/blue/button/bottom_left.jpg HTTP/1.1" 304 -
116.230.116.69 - - [19/Sep/2023:12:00:19 +0800] "GET /xingrg/images/blue/button/bottom_right.jpg HTTP/1.1" 304 -
116.230.116.69 - - [19/Sep/2023:12:00:19 +0800] "GET /xingrg/images/blue/button/left_ah.jpg HTTP/1.1" 304 -
180.157.249.83 - - [19/Sep/2023:12:00:20 +0800] "GET /xingrg/all/function/internal_message.html?_=1695096019480&CODE_STATE=getMsg HTTP/1.1" 200 27
180.169.147.146 - - [19/Sep/2023:12:00:21 +0800] "GET /xingrg/all/function/internal_message.html?_=1695096014659&CODE_STATE=getMsg HTTP/1.1" 200 27
116.230.116.69 - - [19/Sep/2023:12:00:21 +0800] "GET /xingrg/kc/base/wldb_order_list.html HTTP/1.1" 200 19180
116.230.116.69 - - [19/Sep/2023:12:00:22 +0800] "POST /xingrg/kc/base/wldb_list_operate.html HTTP/1.1" 200 928
116.230.110.33 - - [19/Sep/2023:12:00:23 +0800] "POST /xingrg/kc/buy/cgsh_list_operate.html HTTP/1.1" 200 1898
116.230.116.69 - - [19/Sep/2023:12:00:25 +0800] "GET /xingrg/kc/base/wldb_order_add.html HTTP/1.1" 200 30463
116.230.116.69 - - [19/Sep/2023:12:00:25 +0800] "POST /xingrg/kc/base/wldb_order_operate.html HTTP/1.1" 200 6806
116.230.116.69 - - [19/Sep/2023:12:00:26 +0800] "GET /xingrg/all/common/auto_word.html?type=base&rest_code=00146 HTTP/1.1" 200 1799
116.230.116.69 - - [19/Sep/2023:12:00:26 +0800] "GET /xingrg/all/common/auto_word.html?type=base&rest_code=00146 HTTP/1.1" 200 1799
116.230.116.69 - - [19/Sep/2023:12:00:26 +0800] "GET /xingrg/javascript/easyui/themes/default/validatebox.css HTTP/1.1" 404 1104
114.95.241.104 - - [19/Sep/2023:12:00:27 +0800] "GET /xingrg/all/function/internal_message.html?_=1695096025367&CODE_STATE=getMsg HTTP/1.1" 200 27
114.95.241.104 - - [19/Sep/2023:12:00:27 +0800] "GET /xingrg/check_reg.html?_=1695096025371 HTTP/1.1" 200 22
124.79.244.212 - - [19/Sep/2023:12:00:31 +0800] "GET /xingrg/all/function/internal_message.html?_=1695096030437&CODE_STATE=getMsg HTTP/1.1" 302 -
222.70.180.200 - - [19/Sep/2023:12:00:45 +0800] "GET /xingrg/all/function/internal_message.html?_=1695096043124&CODE_STATE=getMsg HTTP/1.1" 200 27
221.239.166.189 - - [19/Sep/2023:12:00:46 +0800] "GET /xingrg/all/function/internal_message.html?_=1695096045811&CODE_STATE=getMsg HTTP/1.1" 200 27
116.230.110.33 - - [19/Sep/2023:12:00:48 +0800] "GET /xingrg/all/function/internal_message.html?_=1695096048556&CODE_STATE=getMsg HTTP/1.1" 200 27
124.79.244.212 - - [19/Sep/2023:12:00:52 +0800] "GET /xingrg/kc/base/wldb_order_list.html HTTP/1.1" 200 19180
124.79.244.212 - - [19/Sep/2023:12:00:52 +0800] "POST /xingrg/kc/base/wldb_list_operate.html HTTP/1.1" 200 928
180.169.147.146 - - [19/Sep/2023:12:00:53 +0800] "GET /xingrg/all/function/internal_message.html?_=1695096052518&CODE_STATE=getMsg HTTP/1.1" 200 27
222.70.107.161 - - [19/Sep/2023:12:00:55 +0800] "GET /xingrg/all/function/internal_message.html?_=1695096055551&CODE_STATE=getMsg HTTP/1.1" 200 27
222.70.107.161 - - [19/Sep/2023:12:00:55 +0800] "GET /xingrg/check_reg.html?_=1695096055553 HTTP/1.1" 200 22
180.169.147.146 - - [19/Sep/2023:12:00:57 +0800] "GET /xingrg/all/function/internal_message.html?_=1695096056947&CODE_STATE=getMsg HTTP/1.1" 200 27
116.230.116.69 - - [19/Sep/2023:12:01:00 +0800] "GET /xingrg/all/function/internal_message.html?_=1695096062715&CODE_STATE=getMsg HTTP/1.1" 200 27
180.152.241.196 - - [19/Sep/2023:12:01:01 +0800] "GET /xingrg/all/function/internal_message.html?_=1695096061244&CODE_STATE=getMsg HTTP/1.1" 200 27
180.152.241.196 - - [19/Sep/2023:12:01:01 +0800] "GET /xingrg/check_reg.html?_=1695096061773 HTTP/1.1" 200 22
114.83.222.222 - - [19/Sep/2023:12:01:01 +0800] "GET /xingrg/all/function/internal_message.html?_=1695096062048&CODE_STATE=getMsg HTTP/1.1" 200 27
116.230.110.33 - - [19/Sep/2023:12:01:02 +0800] "POST /xingrg/kc/buy/cgsh_list_operate.html HTTP/1.1" 200 290
124.79.244.212 - - [19/Sep/2023:12:01:03 +0800] "GET /xingrg/all/function/internal_message.html?_=1695096361158&CODE_STATE=getMsg HTTP/1.1" 200 27
101.83.145.37 - - [19/Sep/2023:12:01:03 +0800] "GET /xingrg/all/function/internal_message.html?_=1695095851851&CODE_STATE=getMsg HTTP/1.1" 200 27
116.230.110.33 - - [19/Sep/2023:12:01:06 +0800] "POST /xingrg/kc/buy/cgsh_list_operate.html HTTP/1.1" 200 4
116.230.116.69 - - [19/Sep/2023:12:01:08 +0800] "GET /xingrg/kc/base/wldb_order_operate.html?command=get_materiel&rest_code=00146&base_code=0010063&code=00101019133 HTTP/1.1" 200 480
101.228.187.155 - - [19/Sep/2023:12:01:09 +0800] "GET /xingrg/all/function/internal_message.html?_=1695096068926&CODE_STATE=getMsg HTTP/1.1" 200 27
180.165.48.189 - - [19/Sep/2023:12:01:09 +0800] "GET /xingrg/all/function/internal_message.html?_=1695096069675&CODE_STATE=getMsg HTTP/1.1" 200 27
180.163.30.100 - - [19/Sep/2023:12:01:15 +0800] "GET /xingrg/all/function/internal_message.html?_=1695096014006&CODE_STATE=getMsg HTTP/1.1" 302 -
180.163.30.100 - - [19/Sep/2023:12:01:15 +0800] "GET /xingrg/login.html HTTP/1.1" 200 7641
124.78.155.92 - - [19/Sep/2023:12:01:15 +0800] "GET /xingrg/all/function/internal_message.html?_=1695096073977&CODE_STATE=getMsg HTTP/1.1" 200 27
116.230.110.33 - - [19/Sep/2023:12:01:16 +0800] "GET /xingrg/all/function/internal_message.html?_=1695095939552&CODE_STATE=getMsg HTTP/1.1" 200 27
180.157.249.83 - - [19/Sep/2023:12:01:20 +0800] "GET /xingrg/all/function/internal_message.html?_=1695096079481&CODE_STATE=getMsg HTTP/1.1" 200 27
180.169.147.146 - - [19/Sep/2023:12:01:21 +0800] "GET /xingrg/all/function/internal_message.html?_=1695096074644&CODE_STATE=getMsg HTTP/1.1" 200 27
116.230.116.69 - - [19/Sep/2023:12:01:24 +0800] "POST /xingrg/kc/base/wldb_order_operate.html HTTP/1.1" 200 37
116.230.116.69 - - [19/Sep/2023:12:01:25 +0800] "POST /xingrg/kc/base/wldb_order_operate.html HTTP/1.1" 200 2224
114.95.241.104 - - [19/Sep/2023:12:01:27 +0800] "GET /xingrg/all/function/internal_message.html?_=1695096085371&CODE_STATE=getMsg HTTP/1.1" 200 27
116.230.110.33 - - [19/Sep/2023:12:01:30 +0800] "POST /xingrg/kc/buy/cgsh_list_operate.html HTTP/1.1" 200 1873
116.230.116.69 - - [19/Sep/2023:12:01:31 +0800] "GET /xingrg/kc/base/wldb_order_info.html?code=422023091901916 HTTP/1.1" 200 30477
116.230.116.69 - - [19/Sep/2023:12:01:31 +0800] "GET /xingrg/javascript/easyui/themes/default/validatebox.css HTTP/1.1" 404 1104
124.79.244.212 - - [19/Sep/2023:12:01:31 +0800] "GET /xingrg/all/function/internal_message.html?_=1695096090427&CODE_STATE=getMsg HTTP/1.1" 302 -
116.230.116.69 - - [19/Sep/2023:12:01:32 +0800] "POST /xingrg/kc/base/wldb_order_operate.html HTTP/1.1" 200 2224
116.230.116.69 - - [19/Sep/2023:12:01:34 +0800] "GET /xingrg/kc/base/wldb_order_add.html HTTP/1.1" 200 30463
116.230.116.69 - - [19/Sep/2023:12:01:35 +0800] "POST /xingrg/kc/base/wldb_order_operate.html HTTP/1.1" 200 6806
116.230.116.69 - - [19/Sep/2023:12:01:35 +0800] "GET /xingrg/javascript/easyui/themes/default/validatebox.css HTTP/1.1" 404 1104
222.70.180.200 - - [19/Sep/2023:12:01:45 +0800] "GET /xingrg/all/function/internal_message.html?_=1695096103124&CODE_STATE=getMsg HTTP/1.1" 200 27
221.239.166.189 - - [19/Sep/2023:12:01:46 +0800] "GET /xingrg/all/function/internal_message.html?_=1695096105795&CODE_STATE=getMsg HTTP/1.1" 200 27
221.239.166.189 - - [19/Sep/2023:12:01:46 +0800] "GET /xingrg/check_reg.html?_=1695096105954 HTTP/1.1" 200 22
116.230.110.33 - - [19/Sep/2023:12:01:48 +0800] "GET /xingrg/all/function/internal_message.html?_=1695096108544&CODE_STATE=getMsg HTTP/1.1" 200 27
180.169.147.146 - - [19/Sep/2023:12:01:53 +0800] "GET /xingrg/all/function/internal_message.html?_=1695096112519&CODE_STATE=getMsg HTTP/1.1" 200 27
222.70.107.161 - - [19/Sep/2023:12:01:55 +0800] "GET /xingrg/all/function/internal_message.html?_=1695096115551&CODE_STATE=getMsg HTTP/1.1" 200 27
180.169.147.146 - - [19/Sep/2023:12:01:57 +0800] "GET /xingrg/all/function/internal_message.html?_=1695096116935&CODE_STATE=getMsg HTTP/1.1" 200 27
116.230.116.69 - - [19/Sep/2023:12:01:58 +0800] "GET /xingrg/kc/base/wldb_order_operate.html?command=get_materiel&rest_code=00146&base_code=0010063&code=00101019503 HTTP/1.1" 200 467
116.230.116.69 - - [19/Sep/2023:12:02:00 +0800] "GET /xingrg/all/function/internal_message.html?_=1695096122727&CODE_STATE=getMsg HTTP/1.1" 200 27
180.152.241.196 - - [19/Sep/2023:12:02:01 +0800] "GET /xingrg/all/function/internal_message.html?_=1695096121235&CODE_STATE=getMsg HTTP/1.1" 200 27
114.83.222.222 - - [19/Sep/2023:12:02:01 +0800] "GET /xingrg/all/function/internal_message.html?_=1695096122121&CODE_STATE=getMsg HTTP/1.1" 200 27
124.79.244.212 - - [19/Sep/2023:12:02:03 +0800] "GET /xingrg/all/function/internal_message.html?_=1695096421156&CODE_STATE=getMsg HTTP/1.1" 200 27
101.83.145.37 - - [19/Sep/2023:12:02:03 +0800] "GET /xingrg/all/function/internal_message.html?_=1695095911836&CODE_STATE=getMsg HTTP/1.1" 200 27
101.83.145.37 - - [19/Sep/2023:12:02:05 +0800] "GET /xingrg/check_reg.html?_=1695095913040 HTTP/1.1" 200 22
180.165.48.189 - - [19/Sep/2023:12:02:07 +0800] "POST /xingrg/services/DataTransmitService HTTP/1.1" 200 524
116.230.116.69 - - [19/Sep/2023:12:02:08 +0800] "POST /xingrg/kc/base/wldb_order_operate.html HTTP/1.1" 200 37
180.165.48.189 - - [19/Sep/2023:12:02:08 +0800] "POST /xingrg/services/DataTransmitService HTTP/1.1" 200 2003
116.230.116.69 - - [19/Sep/2023:12:02:08 +0800] "POST /xingrg/kc/base/wldb_order_operate.html HTTP/1.1" 200 2208
101.228.187.155 - - [19/Sep/2023:12:02:09 +0800] "GET /xingrg/all/function/internal_message.html?_=1695096128935&CODE_STATE=getMsg HTTP/1.1" 200 27
101.228.187.155 - - [19/Sep/2023:12:02:09 +0800] "GET /xingrg/check_reg.html?_=1695096128938 HTTP/1.1" 200 22
180.165.48.189 - - [19/Sep/2023:12:02:09 +0800] "GET /xingrg/all/function/internal_message.html?_=1695096129666&CODE_STATE=getMsg HTTP/1.1" 200 27
116.230.116.69 - - [19/Sep/2023:12:02:11 +0800] "GET /xingrg/kc/base/wldb_order_info.html?code=422023091901917 HTTP/1.1" 200 30476
116.230.116.69 - - [19/Sep/2023:12:02:11 +0800] "GET /xingrg/javascript/easyui/themes/default/validatebox.css HTTP/1.1" 404 1104
116.230.116.69 - - [19/Sep/2023:12:02:12 +0800] "POST /xingrg/kc/base/wldb_order_operate.html HTTP/1.1" 200 2208
116.230.116.69 - - [19/Sep/2023:12:02:14 +0800] "GET /xingrg/kc/base/wldb_order_add.html HTTP/1.1" 200 30463
116.230.116.69 - - [19/Sep/2023:12:02:14 +0800] "POST /xingrg/kc/base/wldb_order_operate.html HTTP/1.1" 200 6806
116.230.116.69 - - [19/Sep/2023:12:02:14 +0800] "GET /xingrg/javascript/easyui/themes/default/validatebox.css HTTP/1.1" 404 1104
124.78.155.92 - - [19/Sep/2023:12:02:15 +0800] "GET /xingrg/all/function/internal_message.html?_=1695096133946&CODE_STATE=getMsg HTTP/1.1" 200 27
124.78.155.92 - - [19/Sep/2023:12:02:15 +0800] "GET /xingrg/check_reg.html?_=1695096134423 HTTP/1.1" 200 22
116.230.110.33 - - [19/Sep/2023:12:02:16 +0800] "GET /xingrg/all/function/internal_message.html?_=1695095999548&CODE_STATE=getMsg HTTP/1.1" 200 27
180.157.249.83 - - [19/Sep/2023:12:02:20 +0800] "GET /xingrg/all/function/internal_message.html?_=1695096139505&CODE_STATE=getMsg HTTP/1.1" 200 27
180.157.249.83 - - [19/Sep/2023:12:02:20 +0800] "GET /xingrg/check_reg.html?_=1695096139507 HTTP/1.1" 200 22
180.169.147.146 - - [19/Sep/2023:12:02:20 +0800] "GET /xingrg/all/function/internal_message.html?_=1695096134628&CODE_STATE=getMsg HTTP/1.1" 200 27
114.83.222.222 - - [19/Sep/2023:12:02:21 +0800] "GET /xingrg/check_reg.html?_=1695096141478 HTTP/1.1" 200 22
114.95.241.104 - - [19/Sep/2023:12:02:27 +0800] "GET /xingrg/all/function/internal_message.html?_=1695096145374&CODE_STATE=getMsg HTTP/1.1" 200 27
124.79.244.212 - - [19/Sep/2023:12:02:31 +0800] "GET /xingrg/all/function/internal_message.html?_=1695096150416&CODE_STATE=getMsg HTTP/1.1" 302 -
124.79.244.212 - - [19/Sep/2023:12:02:31 +0800] "GET /xingrg/check_reg.html?_=1695096150420 HTTP/1.1" 302 -
114.83.222.222 - - [19/Sep/2023:12:02:34 +0800] "POST /xingrg/services/DataTransmitService HTTP/1.1" 200 524
114.83.222.222 - - [19/Sep/2023:12:02:35 +0800] "POST /xingrg/services/DataTransmitService HTTP/1.1" 200 2063
222.70.180.200 - - [19/Sep/2023:12:02:45 +0800] "GET /xingrg/all/function/internal_message.html?_=1695096163124&CODE_STATE=getMsg HTTP/1.1" 200 27
221.239.166.189 - - [19/Sep/2023:12:02:46 +0800] "GET /xingrg/all/function/internal_message.html?_=1695096165766&CODE_STATE=getMsg HTTP/1.1" 200 27
116.230.110.33 - - [19/Sep/2023:12:02:48 +0800] "GET /xingrg/all/function/internal_message.html?_=1695096168545&CODE_STATE=getMsg HTTP/1.1" 200 27
116.230.116.69 - - [19/Sep/2023:12:02:49 +0800] "GET /xingrg/kc/base/wldb_order_operate.html?command=get_materiel&rest_code=00146&base_code=0010064&code=00102002204 HTTP/1.1" 200 447
180.169.147.146 - - [19/Sep/2023:12:02:53 +0800] "GET /xingrg/all/function/internal_message.html?_=1695096172520&CODE_STATE=getMsg HTTP/1.1" 200 27
180.169.147.146 - - [19/Sep/2023:12:02:53 +0800] "GET /xingrg/check_reg.html?_=1695096172519 HTTP/1.1" 200 22
222.70.107.161 - - [19/Sep/2023:12:02:55 +0800] "GET /xingrg/all/function/internal_message.html?_=1695096175550&CODE_STATE=getMsg HTTP/1.1" 200 27
180.169.147.146 - - [19/Sep/2023:12:02:57 +0800] "GET /xingrg/all/function/internal_message.html?_=1695096176911&CODE_STATE=getMsg HTTP/1.1" 200 27
116.230.116.69 - - [19/Sep/2023:12:03:00 +0800] "GET /xingrg/all/function/internal_message.html?_=1695096182741&CODE_STATE=getMsg HTTP/1.1" 200 27
180.152.241.196 - - [19/Sep/2023:12:03:01 +0800] "GET /xingrg/all/function/internal_message.html?_=1695096181217&CODE_STATE=getMsg HTTP/1.1" 200 27
114.83.222.222 - - [19/Sep/2023:12:03:01 +0800] "GET /xingrg/all/function/internal_message.html?_=1695096181997&CODE_STATE=getMsg HTTP/1.1" 200 27
116.230.116.69 - - [19/Sep/2023:12:03:03 +0800] "GET /xingrg/kc/base/wldb_order_operate.html?command=get_materiel&rest_code=00146&base_code=0010064&code=00102002448 HTTP/1.1" 200 440
124.79.244.212 - - [19/Sep/2023:12:03:03 +0800] "GET /xingrg/all/function/internal_message.html?_=1695096481154&CODE_STATE=getMsg HTTP/1.1" 200 27
101.83.145.37 - - [19/Sep/2023:12:03:03 +0800] "GET /xingrg/all/function/internal_message.html?_=1695095971809&CODE_STATE=getMsg HTTP/1.1" 200 27
101.228.187.155 - - [19/Sep/2023:12:03:09 +0800] "GET /xingrg/all/function/internal_message.html?_=1695096188938&CODE_STATE=getMsg HTTP/1.1" 200 27
180.165.48.189 - - [19/Sep/2023:12:03:09 +0800] "GET /xingrg/all/function/internal_message.html?_=1695096189672&CODE_STATE=getMsg HTTP/1.1" 200 27
124.78.155.92 - - [19/Sep/2023:12:03:15 +0800] "GET /xingrg/all/function/internal_message.html?_=1695096193927&CODE_STATE=getMsg HTTP/1.1" 200 27
116.230.116.69 - - [19/Sep/2023:12:03:15 +0800] "POST /xingrg/kc/base/wldb_order_operate.html HTTP/1.1" 200 37
180.163.30.27 - - [19/Sep/2023:12:03:15 +0800] "GET /xingrg/check_reg.html?_=1695096134423 HTTP/1.1" 302 -
180.163.30.27 - - [19/Sep/2023:12:03:15 +0800] "GET /xingrg/login.html HTTP/1.1" 200 7641
116.230.116.69 - - [19/Sep/2023:12:03:15 +0800] "POST /xingrg/kc/base/wldb_order_operate.html HTTP/1.1" 200 2676
116.230.110.33 - - [19/Sep/2023:12:03:16 +0800] "GET /xingrg/check_reg.html?_=1695096059542 HTTP/1.1" 200 22
116.230.110.33 - - [19/Sep/2023:12:03:16 +0800] "GET /xingrg/all/function/internal_message.html?_=1695096059544&CODE_STATE=getMsg HTTP/1.1" 200 27
116.230.116.69 - - [19/Sep/2023:12:03:16 +0800] "GET /xingrg/kc/base/wldb_order_info.html?code=422023091901918 HTTP/1.1" 200 30477
116.230.116.69 - - [19/Sep/2023:12:03:17 +0800] "GET /xingrg/javascript/easyui/themes/default/validatebox.css HTTP/1.1" 404 1104
116.230.116.69 - - [19/Sep/2023:12:03:18 +0800] "POST /xingrg/kc/base/wldb_order_operate.html HTTP/1.1" 200 2676
180.157.249.83 - - [19/Sep/2023:12:03:20 +0800] "GET /xingrg/all/function/internal_message.html?_=1695096199481&CODE_STATE=getMsg HTTP/1.1" 200 27
180.169.147.146 - - [19/Sep/2023:12:03:20 +0800] "GET /xingrg/check_reg.html?_=1695096194487 HTTP/1.1" 200 22
180.169.147.146 - - [19/Sep/2023:12:03:20 +0800] "GET /xingrg/all/function/internal_message.html?_=1695096194599&CODE_STATE=getMsg HTTP/1.1" 200 27
116.230.116.69 - - [19/Sep/2023:12:03:22 +0800] "GET /xingrg/kc/base/wldb_order_add.html HTTP/1.1" 200 30463
116.230.116.69 - - [19/Sep/2023:12:03:23 +0800] "POST /xingrg/kc/base/wldb_order_operate.html HTTP/1.1" 200 6806
116.230.116.69 - - [19/Sep/2023:12:03:23 +0800] "GET /xingrg/javascript/easyui/themes/default/validatebox.css HTTP/1.1" 404 1104
114.95.241.104 - - [19/Sep/2023:12:03:27 +0800] "GET /xingrg/all/function/internal_message.html?_=1695096205378&CODE_STATE=getMsg HTTP/1.1" 200 27
124.79.244.212 - - [19/Sep/2023:12:03:31 +0800] "GET /xingrg/all/function/internal_message.html?_=1695096210428&CODE_STATE=getMsg HTTP/1.1" 302 -
222.70.180.200 - - [19/Sep/2023:12:03:45 +0800] "GET /xingrg/all/function/internal_message.html?_=1695096223124&CODE_STATE=getMsg HTTP/1.1" 200 27
222.70.180.200 - - [19/Sep/2023:12:03:45 +0800] "GET /xingrg/check_reg.html?_=1695096223127 HTTP/1.1" 200 22
221.239.166.189 - - [19/Sep/2023:12:03:46 +0800] "GET /xingrg/all/function/internal_message.html?_=1695096225738&CODE_STATE=getMsg HTTP/1.1" 200 27
116.230.110.33 - - [19/Sep/2023:12:03:48 +0800] "GET /xingrg/all/function/internal_message.html?_=1695096228556&CODE_STATE=getMsg HTTP/1.1" 200 27
116.230.110.33 - - [19/Sep/2023:12:03:48 +0800] "GET /xingrg/check_reg.html?_=1695096228559 HTTP/1.1" 200 22
180.165.48.189 - - [19/Sep/2023:12:03:51 +0800] "POST /xingrg/services/DataTransmitService HTTP/1.1" 200 524
180.165.48.189 - - [19/Sep/2023:12:03:52 +0800] "POST /xingrg/services/DataTransmitService HTTP/1.1" 200 2003
116.230.116.69 - - [19/Sep/2023:12:03:53 +0800] "GET /xingrg/kc/base/wldb_order_operate.html?command=get_materiel&rest_code=00146&base_code=0010063&code=00101019400 HTTP/1.1" 200 463
180.165.48.189 - - [19/Sep/2023:12:03:53 +0800] "POST /xingrg/services/DataTransmitService HTTP/1.1" 200 100923
180.169.147.146 - - [19/Sep/2023:12:03:53 +0800] "GET /xingrg/all/function/internal_message.html?_=1695096232518&CODE_STATE=getMsg HTTP/1.1" 200 27
222.70.107.161 - - [19/Sep/2023:12:03:55 +0800] "GET /xingrg/all/function/internal_message.html?_=1695096235550&CODE_STATE=getMsg HTTP/1.1" 200 27
180.169.147.146 - - [19/Sep/2023:12:03:57 +0800] "GET /xingrg/all/function/internal_message.html?_=1695096236895&CODE_STATE=getMsg HTTP/1.1" 200 27
180.169.147.146 - - [19/Sep/2023:12:03:58 +0800] "GET /xingrg/check_reg.html?_=1695096237936 HTTP/1.1" 200 22
116.230.116.69 - - [19/Sep/2023:12:03:59 +0800] "GET /xingrg/check_reg.html?_=1695096241386 HTTP/1.1" 200 22
116.230.116.69 - - [19/Sep/2023:12:04:00 +0800] "GET /xingrg/all/function/internal_message.html?_=1695096242755&CODE_STATE=getMsg HTTP/1.1" 200 27
180.152.241.196 - - [19/Sep/2023:12:04:01 +0800] "GET /xingrg/all/function/internal_message.html?_=1695096241201&CODE_STATE=getMsg HTTP/1.1" 200 27
114.83.222.222 - - [19/Sep/2023:12:04:01 +0800] "GET /xingrg/all/function/internal_message.html?_=1695096241964&CODE_STATE=getMsg HTTP/1.1" 200 27
124.79.244.212 - - [19/Sep/2023:12:04:03 +0800] "GET /xingrg/all/function/internal_message.html?_=1695096541153&CODE_STATE=getMsg HTTP/1.1" 200 27
124.79.244.212 - - [19/Sep/2023:12:04:03 +0800] "GET /xingrg/check_reg.html?_=1695096541154 HTTP/1.1" 200 22
101.83.145.37 - - [19/Sep/2023:12:04:03 +0800] "GET /xingrg/all/function/internal_message.html?_=1695096031794&CODE_STATE=getMsg HTTP/1.1" 200 27
101.228.187.155 - - [19/Sep/2023:12:04:05 +0800] "GET /xingrg/kc/buy/cgsh_order_operate.html?command=get_materiel&rest_code=00142&code=00101009066&supplier_code=00100207&order_time=2023-09-19 HTTP/1.1" 200 417
101.228.187.155 - - [19/Sep/2023:12:04:09 +0800] "GET /xingrg/all/function/internal_message.html?_=1695096248935&CODE_STATE=getMsg HTTP/1.1" 200 27
180.165.48.189 - - [19/Sep/2023:12:04:09 +0800] "GET /xingrg/all/function/internal_message.html?_=1695096249678&CODE_STATE=getMsg HTTP/1.1" 200 27
124.78.155.92 - - [19/Sep/2023:12:04:15 +0800] "GET /xingrg/all/function/internal_message.html?_=1695096253913&CODE_STATE=getMsg HTTP/1.1" 200 27
116.230.110.33 - - [19/Sep/2023:12:04:16 +0800] "GET /xingrg/all/function/internal_message.html?_=1695096119558&CODE_STATE=getMsg HTTP/1.1" 200 27
116.230.116.69 - - [19/Sep/2023:12:04:20 +0800] "GET /xingrg/kc/base/wldb_order_operate.html?command=get_materiel&rest_code=00146&base_code=0010063&code=00101019257 HTTP/1.1" 200 478
180.157.249.83 - - [19/Sep/2023:12:04:20 +0800] "GET /xingrg/all/function/internal_message.html?_=1695096259484&CODE_STATE=getMsg HTTP/1.1" 200 27
180.169.147.146 - - [19/Sep/2023:12:04:20 +0800] "GET /xingrg/all/function/internal_message.html?_=1695096254584&CODE_STATE=getMsg HTTP/1.1" 200 27
114.95.241.104 - - [19/Sep/2023:12:04:27 +0800] "GET /xingrg/all/function/internal_message.html?_=1695096265379&CODE_STATE=getMsg HTTP/1.1" 200 27
124.79.244.212 - - [19/Sep/2023:12:04:31 +0800] "GET /xingrg/all/function/internal_message.html?_=1695096270430&CODE_STATE=getMsg HTTP/1.1" 302 -
116.230.116.69 - - [19/Sep/2023:12:04:33 +0800] "POST /xingrg/kc/base/wldb_order_operate.html HTTP/1.1" 200 37
116.230.116.69 - - [19/Sep/2023:12:04:34 +0800] "POST /xingrg/kc/base/wldb_order_operate.html HTTP/1.1" 200 2718
116.230.116.69 - - [19/Sep/2023:12:04:35 +0800] "GET /xingrg/kc/base/wldb_order_info.html?code=422023091901919 HTTP/1.1" 200 30478
116.230.116.69 - - [19/Sep/2023:12:04:36 +0800] "GET /xingrg/javascript/easyui/themes/default/validatebox.css HTTP/1.1" 404 1104
116.230.116.69 - - [19/Sep/2023:12:04:36 +0800] "POST /xingrg/kc/base/wldb_order_operate.html HTTP/1.1" 200 2718
116.230.116.69 - - [19/Sep/2023:12:04:38 +0800] "GET /xingrg/kc/base/wldb_order_add.html HTTP/1.1" 200 30463
116.230.116.69 - - [19/Sep/2023:12:04:39 +0800] "POST /xingrg/kc/base/wldb_order_operate.html HTTP/1.1" 200 6806
116.230.116.69 - - [19/Sep/2023:12:04:39 +0800] "GET /xingrg/javascript/easyui/themes/default/validatebox.css HTTP/1.1" 404 1104
222.70.180.200 - - [19/Sep/2023:12:04:45 +0800] "GET /xingrg/all/function/internal_message.html?_=1695096283127&CODE_STATE=getMsg HTTP/1.1" 200 27
221.239.166.189 - - [19/Sep/2023:12:04:46 +0800] "GET /xingrg/all/function/internal_message.html?_=1695096285722&CODE_STATE=getMsg HTTP/1.1" 200 27
116.230.110.33 - - [19/Sep/2023:12:04:48 +0800] "GET /xingrg/all/function/internal_message.html?_=1695096288558&CODE_STATE=getMsg HTTP/1.1" 200 27
180.169.147.146 - - [19/Sep/2023:12:04:53 +0800] "GET /xingrg/all/function/internal_message.html?_=1695096292538&CODE_STATE=getMsg HTTP/1.1" 200 27
222.70.107.161 - - [19/Sep/2023:12:04:55 +0800] "GET /xingrg/all/function/internal_message.html?_=1695096295549&CODE_STATE=getMsg HTTP/1.1" 200 27
180.169.147.146 - - [19/Sep/2023:12:04:57 +0800] "GET /xingrg/all/function/internal_message.html?_=1695096296879&CODE_STATE=getMsg HTTP/1.1" 200 27
180.163.28.109 - - [19/Sep/2023:12:04:58 +0800] "GET /xingrg/check_reg.html?_=1695096237936 HTTP/1.1" 302 -
180.163.28.109 - - [19/Sep/2023:12:04:58 +0800] "GET /xingrg/login.html HTTP/1.1" 200 7641
101.228.187.155 - - [19/Sep/2023:12:05:00 +0800] "GET /xingrg/kc/buy/cgsh_order_operate.html?command=get_materiel&rest_code=00142&code=00102001174&supplier_code=00100207&order_time=2023-09-19 HTTP/1.1" 200 407
116.230.116.69 - - [19/Sep/2023:12:05:00 +0800] "GET /xingrg/all/function/internal_message.html?_=1695096302768&CODE_STATE=getMsg HTTP/1.1" 200 27
180.152.241.196 - - [19/Sep/2023:12:05:01 +0800] "GET /xingrg/all/function/internal_message.html?_=1695096301180&CODE_STATE=getMsg HTTP/1.1" 200 27
114.83.222.222 - - [19/Sep/2023:12:05:01 +0800] "GET /xingrg/all/function/internal_message.html?_=1695096301951&CODE_STATE=getMsg HTTP/1.1" 200 27
124.79.244.212 - - [19/Sep/2023:12:05:03 +0800] "GET /xingrg/all/function/internal_message.html?_=1695096601152&CODE_STATE=getMsg HTTP/1.1" 200 27
101.83.145.37 - - [19/Sep/2023:12:05:03 +0800] "GET /xingrg/all/function/internal_message.html?_=1695096091764&CODE_STATE=getMsg HTTP/1.1" 200 27
101.228.187.155 - - [19/Sep/2023:12:05:09 +0800] "GET /xingrg/all/function/internal_message.html?_=1695096308933&CODE_STATE=getMsg HTTP/1.1" 200 27
180.165.48.189 - - [19/Sep/2023:12:05:09 +0800] "GET /xingrg/check_reg.html?_=1695096309676 HTTP/1.1" 200 22
180.165.48.189 - - [19/Sep/2023:12:05:09 +0800] "GET /xingrg/all/function/internal_message.html?_=1695096309678&CODE_STATE=getMsg HTTP/1.1" 200 27
124.78.155.92 - - [19/Sep/2023:12:05:15 +0800] "GET /xingrg/all/function/internal_message.html?_=1695096313898&CODE_STATE=getMsg HTTP/1.1" 200 27
116.230.110.33 - - [19/Sep/2023:12:05:16 +0800] "GET /xingrg/all/function/internal_message.html?_=1695096179541&CODE_STATE=getMsg HTTP/1.1" 200 27
180.157.249.83 - - [19/Sep/2023:12:05:20 +0800] "GET /xingrg/all/function/internal_message.html?_=1695096319481&CODE_STATE=getMsg HTTP/1.1" 200 27
180.169.147.146 - - [19/Sep/2023:12:05:20 +0800] "GET /xingrg/all/function/internal_message.html?_=1695096314568&CODE_STATE=getMsg HTTP/1.1" 200 27
114.95.241.104 - - [19/Sep/2023:12:05:27 +0800] "GET /xingrg/check_reg.html?_=1695096325380 HTTP/1.1" 200 22
114.95.241.104 - - [19/Sep/2023:12:05:27 +0800] "GET /xingrg/all/function/internal_message.html?_=1695096325390&CODE_STATE=getMsg HTTP/1.1" 200 27
124.79.244.212 - - [19/Sep/2023:12:05:31 +0800] "GET /xingrg/all/function/internal_message.html?_=1695096330428&CODE_STATE=getMsg HTTP/1.1" 302 -
180.169.147.146 - - [19/Sep/2023:12:05:37 +0800] "POST /xingrg/kc/buy/cgsh_list_operate.html HTTP/1.1" 200 1873
180.169.147.146 - - [19/Sep/2023:12:05:39 +0800] "POST /xingrg/kc/buy/cgsh_list_operate.html HTTP/1.1" 200 290
180.169.147.146 - - [19/Sep/2023:12:05:40 +0800] "GET /xingrg/kc/buy/cgsh_order_info.html?code=212023091707118 HTTP/1.1" 200 72377
180.169.147.146 - - [19/Sep/2023:12:05:40 +0800] "GET /xingrg/words/20230919093243_words.js HTTP/1.1" 304 -
180.169.147.146 - - [19/Sep/2023:12:05:41 +0800] "GET /xingrg/javascript/easyui/themes/default/validatebox.css HTTP/1.1" 404 1104
180.169.147.146 - - [19/Sep/2023:12:05:41 +0800] "GET /xingrg/all/common/auto_word.html?type=employee&rest_code=00147 HTTP/1.1" 200 101
180.169.147.146 - - [19/Sep/2023:12:05:41 +0800] "GET /xingrg/all/common/auto_word.html?type=employee&rest_code=00147 HTTP/1.1" 200 101
180.169.147.146 - - [19/Sep/2023:12:05:41 +0800] "POST /xingrg/kc/buy/cgsh_order_operate.html HTTP/1.1" 200 3271
222.70.180.200 - - [19/Sep/2023:12:05:45 +0800] "GET /xingrg/all/function/internal_message.html?_=1695096343127&CODE_STATE=getMsg HTTP/1.1" 200 27
221.239.166.189 - - [19/Sep/2023:12:05:46 +0800] "GET /xingrg/all/function/internal_message.html?_=1695096345717&CODE_STATE=getMsg HTTP/1.1" 200 27
116.230.110.33 - - [19/Sep/2023:12:05:48 +0800] "GET /xingrg/all/function/internal_message.html?_=1695096348560&CODE_STATE=getMsg HTTP/1.1" 200 27
180.169.147.146 - - [19/Sep/2023:12:05:53 +0800] "GET /xingrg/all/function/internal_message.html?_=1695096352502&CODE_STATE=getMsg HTTP/1.1" 200 27
116.230.116.69 - - [19/Sep/2023:12:05:54 +0800] "GET /xingrg/kc/base/wldb_order_operate.html?command=get_materiel&rest_code=00146&base_code=0010063&code=00101019313 HTTP/1.1" 200 456
222.70.107.161 - - [19/Sep/2023:12:05:55 +0800] "GET /xingrg/all/function/internal_message.html?_=1695096355565&CODE_STATE=getMsg HTTP/1.1" 200 27
222.70.107.161 - - [19/Sep/2023:12:05:55 +0800] "GET /xingrg/check_reg.html?_=1695096355568 HTTP/1.1" 200 22
180.169.147.146 - - [19/Sep/2023:12:05:56 +0800] "POST /xingrg/kc/buy/cgsh_order_operate.html HTTP/1.1" 200 37
180.169.147.146 - - [19/Sep/2023:12:05:57 +0800] "GET /xingrg/all/function/internal_message.html?_=1695096356914&CODE_STATE=getMsg HTTP/1.1" 200 27
222.70.180.200 - - [19/Sep/2023:12:05:57 +0800] "GET /xingrg/index.html?sysBaseUrl=http%3A%2F%2F180.169.147.146%3A18081%2Fxingrg%2F&costTime=924×tamp=1693273611467 HTTP/1.1" 302 -
222.70.180.200 - - [19/Sep/2023:12:05:57 +0800] "GET /xingrg/login.html HTTP/1.1" 200 7641
180.169.147.146 - - [19/Sep/2023:12:05:57 +0800] "POST /xingrg/kc/buy/cgsh_order_operate.html HTTP/1.1" 200 3271
222.70.180.200 - - [19/Sep/2023:12:05:58 +0800] "GET /favicon.ico HTTP/1.1" 404 -
116.230.116.69 - - [19/Sep/2023:12:06:00 +0800] "GET /xingrg/all/function/internal_message.html?_=1695096362783&CODE_STATE=getMsg HTTP/1.1" 200 27
180.152.241.196 - - [19/Sep/2023:12:06:01 +0800] "GET /xingrg/all/function/internal_message.html?_=1695096361156&CODE_STATE=getMsg HTTP/1.1" 200 27
180.152.241.196 - - [19/Sep/2023:12:06:01 +0800] "GET /xingrg/check_reg.html?_=1695096361761 HTTP/1.1" 200 22
114.83.222.222 - - [19/Sep/2023:12:06:01 +0800] "GET /xingrg/all/function/internal_message.html?_=1695096361924&CODE_STATE=getMsg HTTP/1.1" 200 27
101.83.145.37 - - [19/Sep/2023:12:06:03 +0800] "GET /xingrg/all/function/internal_message.html?_=1695096151734&CODE_STATE=getMsg HTTP/1.1" 200 27
124.79.244.212 - - [19/Sep/2023:12:06:03 +0800] "GET /xingrg/all/function/internal_message.html?_=1695096661165&CODE_STATE=getMsg HTTP/1.1" 200 27
180.169.147.146 - - [19/Sep/2023:12:06:05 +0800] "POST /xingrg/kc/buy/cgsh_order_operate.html HTTP/1.1" 200 37
180.169.147.146 - - [19/Sep/2023:12:06:07 +0800] "POST /xingrg/kc/buy/cgsh_order_operate.html HTTP/1.1" 200 3271
101.228.187.155 - - [19/Sep/2023:12:06:09 +0800] "GET /xingrg/all/function/internal_message.html?_=1695096368936&CODE_STATE=getMsg HTTP/1.1" 200 27
180.165.48.189 - - [19/Sep/2023:12:06:09 +0800] "GET /xingrg/all/function/internal_message.html?_=1695096369667&CODE_STATE=getMsg HTTP/1.1" 200 27
180.169.147.146 - - [19/Sep/2023:12:06:12 +0800] "POST /xingrg/kc/buy/cgsh_order_operate.html HTTP/1.1" 200 37
180.163.28.114 - - [19/Sep/2023:12:06:15 +0800] "GET /xingrg/all/function/internal_message.html?_=1695096313898&CODE_STATE=getMsg HTTP/1.1" 302 -
124.78.155.92 - - [19/Sep/2023:12:06:15 +0800] "GET /xingrg/all/function/internal_message.html?_=1695096373872&CODE_STATE=getMsg HTTP/1.1" 200 27
180.163.28.114 - - [19/Sep/2023:12:06:15 +0800] "GET /xingrg/login.html HTTP/1.1" 200 7641
116.230.116.69 - - [19/Sep/2023:12:06:15 +0800] "GET /xingrg/kc/base/wldb_order_operate.html?command=get_materiel&rest_code=00146&base_code=0010063&code=00101019111 HTTP/1.1" 200 468
116.230.110.33 - - [19/Sep/2023:12:06:16 +0800] "GET /xingrg/all/function/internal_message.html?_=1695096239557&CODE_STATE=getMsg HTTP/1.1" 200 27
222.70.180.200 - - [19/Sep/2023:12:06:17 +0800] "POST /xingrg/login.do HTTP/1.1" 302 -
222.70.180.200 - - [19/Sep/2023:12:06:17 +0800] "GET /xingrg/index.html?sysBaseUrl=http%3A%2F%2F180.169.147.146%3A18081%2Fxingrg%2F&costTime=1513×tamp=1695096377022 HTTP/1.1" 200 17503
222.70.180.200 - - [19/Sep/2023:12:06:17 +0800] "GET /xingrg/all/function/internal_message.html?_=1695096481586&CODE_STATE=count HTTP/1.1" 200 11
222.70.180.200 - - [19/Sep/2023:12:06:17 +0800] "GET /xingrg/check_reg.html?_=1695096481587 HTTP/1.1" 200 22
222.70.180.200 - - [19/Sep/2023:12:06:17 +0800] "POST /xingrg/all/common/load_tree.html?tree=area_rest_tree_json&manage=1 HTTP/1.1" 200 591
222.70.180.200 - - [19/Sep/2023:12:06:17 +0800] "POST /xingrg/load_menu.html HTTP/1.1" 200 11564
180.169.147.146 - - [19/Sep/2023:12:06:20 +0800] "POST /xingrg/kc/buy/cgsh_order_operate.html HTTP/1.1" 200 12
180.157.249.83 - - [19/Sep/2023:12:06:20 +0800] "GET /xingrg/all/function/internal_message.html?_=1695096379488&CODE_STATE=getMsg HTTP/1.1" 200 27
222.70.180.200 - - [19/Sep/2023:12:06:21 +0800] "POST /xingrg/all/user/operate.html HTTP/1.1" 200 36
222.70.180.200 - - [19/Sep/2023:12:06:21 +0800] "GET /xingrg/index.html?sysBaseUrl=http%3A%2F%2F180.169.147.146%3A18081%2Fxingrg%2F&costTime=1513×tamp=1695096377022 HTTP/1.1" 200 17503
222.70.180.200 - - [19/Sep/2023:12:06:21 +0800] "GET /xingrg/javascript/jquery_easy_ui/themes/default/easyui.css HTTP/1.1" 304 -
222.70.180.200 - - [19/Sep/2023:12:06:21 +0800] "GET /xingrg/javascript/jquery_easy_ui/themes/icon.css HTTP/1.1" 304 -
222.70.180.200 - - [19/Sep/2023:12:06:21 +0800] "GET /xingrg/css/form.css HTTP/1.1" 304 -
222.70.180.200 - - [19/Sep/2023:12:06:21 +0800] "GET /xingrg/javascript/jquery-1.4.2.min.js HTTP/1.1" 304 -
222.70.180.200 - - [19/Sep/2023:12:06:21 +0800] "GET /xingrg/javascript/jquery_easy_ui/jquery.easyui.min.js HTTP/1.1" 304 -
222.70.180.200 - - [19/Sep/2023:12:06:21 +0800] "GET /xingrg/javascript/jquery_easy_ui/easyui-lang-zh_CN.js HTTP/1.1" 304 -
222.70.180.200 - - [19/Sep/2023:12:06:21 +0800] "GET /xingrg/javascript/jquery.form.js HTTP/1.1" 304 -
222.70.180.200 - - [19/Sep/2023:12:06:21 +0800] "GET /xingrg/javascript/jquery.utils.js HTTP/1.1" 304 -
222.70.180.200 - - [19/Sep/2023:12:06:21 +0800] "GET /xingrg/javascript/jquery.timers.js HTTP/1.1" 304 -
222.70.180.200 - - [19/Sep/2023:12:06:21 +0800] "GET /xingrg/images/blue/jxLogo.png HTTP/1.1" 304 -
222.70.180.200 - - [19/Sep/2023:12:06:21 +0800] "GET /xingrg/images/blue/navBackgound.jpg HTTP/1.1" 304 -
222.70.180.200 - - [19/Sep/2023:12:06:21 +0800] "GET /xingrg/javascript/jquery_easy_ui/themes/icons/settle_new.png HTTP/1.1" 304 -
222.70.180.200 - - [19/Sep/2023:12:06:21 +0800] "GET /xingrg/check_reg.html?_=1695096486145 HTTP/1.1" 200 22
222.70.180.200 - - [19/Sep/2023:12:06:21 +0800] "GET /xingrg/all/function/internal_message.html?_=1695096486144&CODE_STATE=count HTTP/1.1" 200 11
