180.165.48.189 - - [15/Sep/2023:09:49:58 +0800] "GET /xingrg/kc/buy/cgsh_order_operate.html?command=get_materiel&rest_code=00108&code=00101008136&supplier_code=00100007&order_time=2023-09-15 HTTP/1.1" 200 413
222.70.180.200 - - [15/Sep/2023:09:50:01 +0800] "GET /xingrg/check_reg.html?_=1694742603150 HTTP/1.1" 200 22
222.70.180.200 - - [15/Sep/2023:09:50:01 +0800] "GET /xingrg/all/function/internal_message.html?_=1694742603161&CODE_STATE=getMsg HTTP/1.1" 200 27
120.253.135.82 - - [15/Sep/2023:09:50:01 +0800] "GET /xingrg/all/function/internal_message.html?_=1694742406243&CODE_STATE=getMsg HTTP/1.1" 200 27
180.165.48.189 - - [15/Sep/2023:09:50:03 +0800] "GET /xingrg/check_reg.html?_=1694742602094 HTTP/1.1" 200 22
180.165.48.189 - - [15/Sep/2023:09:50:03 +0800] "GET /xingrg/all/function/internal_message.html?_=1694742602111&CODE_STATE=getMsg HTTP/1.1" 200 27
116.232.195.127 - - [15/Sep/2023:09:50:04 +0800] "GET /xingrg/all/function/internal_message.html?_=1694742476421&CODE_STATE=getMsg HTTP/1.1" 200 27
180.165.48.189 - - [15/Sep/2023:09:50:09 +0800] "GET /xingrg/kc/buy/cgsh_order_operate.html?command=get_materiel&rest_code=00108&code=00101009140&supplier_code=00100007&order_time=2023-09-15 HTTP/1.1" 200 412
114.83.217.74 - - [15/Sep/2023:09:50:13 +0800] "GET /xingrg/check_reg.html?_=1694742610960 HTTP/1.1" 200 22
114.83.217.74 - - [15/Sep/2023:09:50:13 +0800] "GET /xingrg/all/function/internal_message.html?_=1694742610965&CODE_STATE=getMsg HTTP/1.1" 200 27
180.165.48.189 - - [15/Sep/2023:09:50:19 +0800] "GET /xingrg/kc/buy/cgsh_order_operate.html?command=get_materiel&rest_code=00108&code=00101008041&supplier_code=00100007&order_time=2023-09-15 HTTP/1.1" 200 408
180.152.241.196 - - [15/Sep/2023:09:50:19 +0800] "GET /xingrg/all/function/internal_message.html?_=1694742621023&CODE_STATE=getMsg HTTP/1.1" 302 -
180.152.241.196 - - [15/Sep/2023:09:50:20 +0800] "GET /xingrg/check_reg.html?_=1694742621569 HTTP/1.1" 302 -
124.78.155.92 - - [15/Sep/2023:09:50:20 +0800] "GET /xingrg/check_reg.html?_=1694742617405 HTTP/1.1" 200 22
124.78.155.92 - - [15/Sep/2023:09:50:20 +0800] "GET /xingrg/all/function/internal_message.html?_=1694742617401&CODE_STATE=getMsg HTTP/1.1" 200 27
222.70.180.200 - - [15/Sep/2023:09:50:20 +0800] "GET /xingrg/kc/buy/cgsh_order_operate.html?command=get_materiel&rest_code=00111&code=00101006087&supplier_code=00100012&order_time=2023-09-15 HTTP/1.1" 200 409
180.165.48.189 - - [15/Sep/2023:09:50:22 +0800] "POST /xingrg/kc/buy/cgsh_order_operate.html HTTP/1.1" 200 2065
222.70.107.27 - - [15/Sep/2023:09:50:23 +0800] "GET /xingrg/all/function/internal_message.html?_=1694742629650&CODE_STATE=getMsg HTTP/1.1" 200 27
222.70.107.27 - - [15/Sep/2023:09:50:23 +0800] "GET /xingrg/check_reg.html?_=1694742629652 HTTP/1.1" 200 22
180.165.48.189 - - [15/Sep/2023:09:50:29 +0800] "GET /xingrg/kc/buy/cgsh_order_operate.html?command=get_materiel&rest_code=00108&code=00101015195&supplier_code=00100007&order_time=2023-09-15 HTTP/1.1" 200 412
114.95.241.104 - - [15/Sep/2023:09:50:41 +0800] "GET /xingrg/all/function/internal_message.html?_=1694742639702&CODE_STATE=getMsg HTTP/1.1" 200 27
116.230.112.9 - - [15/Sep/2023:09:50:44 +0800] "GET /xingrg/all/function/internal_message.html?_=1694742661977&CODE_STATE=getMsg HTTP/1.1" 200 27
180.165.48.189 - - [15/Sep/2023:09:50:45 +0800] "GET /xingrg/kc/buy/cgsh_order_operate.html?command=get_materiel&rest_code=00108&code=00101008286&supplier_code=00100007&order_time=2023-09-15 HTTP/1.1" 200 408
218.81.73.219 - - [15/Sep/2023:09:50:47 +0800] "GET /xingrg/all/function/internal_message.html?_=1694742647259&CODE_STATE=getMsg HTTP/1.1" 200 27
101.228.187.155 - - [15/Sep/2023:09:50:47 +0800] "GET /xingrg/check_reg.html?_=1694742646258 HTTP/1.1" 200 22
101.228.187.155 - - [15/Sep/2023:09:50:47 +0800] "GET /xingrg/all/function/internal_message.html?_=1694742646261&CODE_STATE=getMsg HTTP/1.1" 200 27
101.83.145.37 - - [15/Sep/2023:09:50:51 +0800] "GET /xingrg/all/function/internal_message.html?_=1694742441536&CODE_STATE=getMsg HTTP/1.1" 200 27
180.165.48.189 - - [15/Sep/2023:09:50:54 +0800] "GET /xingrg/kc/buy/cgsh_order_operate.html?command=get_materiel&rest_code=00108&code=00101008131&supplier_code=00100007&order_time=2023-09-15 HTTP/1.1" 200 409
124.78.69.58 - - [15/Sep/2023:09:50:54 +0800] "GET /xingrg/all/function/internal_message.html?_=1694742087360&CODE_STATE=getMsg HTTP/1.1" 200 27
180.169.147.146 - - [15/Sep/2023:09:50:57 +0800] "GET /xingrg/all/function/internal_message.html?_=1694742667582&CODE_STATE=getMsg HTTP/1.1" 200 27
222.70.180.200 - - [15/Sep/2023:09:51:01 +0800] "GET /xingrg/all/function/internal_message.html?_=1694742663157&CODE_STATE=getMsg HTTP/1.1" 200 27
120.253.135.82 - - [15/Sep/2023:09:51:01 +0800] "GET /xingrg/all/function/internal_message.html?_=1694742466256&CODE_STATE=getMsg HTTP/1.1" 200 27
180.165.48.189 - - [15/Sep/2023:09:51:02 +0800] "GET /xingrg/kc/buy/cgsh_order_operate.html?command=get_materiel&rest_code=00108&code=00101008563&supplier_code=00100007&order_time=2023-09-15 HTTP/1.1" 200 413
180.165.48.189 - - [15/Sep/2023:09:51:03 +0800] "GET /xingrg/all/function/internal_message.html?_=1694742662110&CODE_STATE=getMsg HTTP/1.1" 200 27
116.232.195.127 - - [15/Sep/2023:09:51:04 +0800] "GET /xingrg/all/function/internal_message.html?_=1694742536412&CODE_STATE=getMsg HTTP/1.1" 200 27
116.232.195.127 - - [15/Sep/2023:09:51:04 +0800] "GET /xingrg/check_reg.html?_=1694742536415 HTTP/1.1" 200 22
180.165.48.189 - - [15/Sep/2023:09:51:10 +0800] "GET /xingrg/kc/buy/cgsh_order_operate.html?command=get_materiel&rest_code=00108&code=00101008283&supplier_code=00100007&order_time=2023-09-15 HTTP/1.1" 200 408
114.83.217.74 - - [15/Sep/2023:09:51:13 +0800] "GET /xingrg/all/function/internal_message.html?_=1694742670956&CODE_STATE=getMsg HTTP/1.1" 200 27
180.165.48.189 - - [15/Sep/2023:09:51:16 +0800] "POST /xingrg/kc/buy/cgsh_order_operate.html HTTP/1.1" 200 2065
180.152.241.196 - - [15/Sep/2023:09:51:19 +0800] "GET /xingrg/all/function/internal_message.html?_=1694742681008&CODE_STATE=getMsg HTTP/1.1" 302 -
180.163.28.55 - - [15/Sep/2023:09:51:20 +0800] "GET /xingrg/check_reg.html?_=1694742617405 HTTP/1.1" 302 -
180.163.28.55 - - [15/Sep/2023:09:51:20 +0800] "GET /xingrg/login.html HTTP/1.1" 200 7641
124.78.155.92 - - [15/Sep/2023:09:51:20 +0800] "GET /xingrg/all/function/internal_message.html?_=1694742677402&CODE_STATE=getMsg HTTP/1.1" 200 27
222.70.107.27 - - [15/Sep/2023:09:51:23 +0800] "GET /xingrg/all/function/internal_message.html?_=1694742689650&CODE_STATE=getMsg HTTP/1.1" 200 27
180.165.48.189 - - [15/Sep/2023:09:51:29 +0800] "GET /xingrg/kc/buy/cgsh_order_operate.html?command=get_materiel&rest_code=00108&code=00101008175&supplier_code=00100007&order_time=2023-09-15 HTTP/1.1" 200 412
114.95.241.104 - - [15/Sep/2023:09:51:41 +0800] "GET /xingrg/check_reg.html?_=1694742699709 HTTP/1.1" 200 22
114.95.241.104 - - [15/Sep/2023:09:51:41 +0800] "GET /xingrg/all/function/internal_message.html?_=1694742699713&CODE_STATE=getMsg HTTP/1.1" 200 27
180.165.48.189 - - [15/Sep/2023:09:51:44 +0800] "GET /xingrg/kc/buy/cgsh_order_operate.html?command=get_materiel&rest_code=00108&code=00101009044&supplier_code=00100007&order_time=2023-09-15 HTTP/1.1" 200 412
116.230.112.9 - - [15/Sep/2023:09:51:44 +0800] "GET /xingrg/all/function/internal_message.html?_=1694742722319&CODE_STATE=getMsg HTTP/1.1" 200 27
218.81.73.219 - - [15/Sep/2023:09:51:47 +0800] "GET /xingrg/all/function/internal_message.html?_=1694742707260&CODE_STATE=getMsg HTTP/1.1" 200 27
101.228.187.155 - - [15/Sep/2023:09:51:47 +0800] "GET /xingrg/all/function/internal_message.html?_=1694742706260&CODE_STATE=getMsg HTTP/1.1" 200 27
101.83.145.37 - - [15/Sep/2023:09:51:51 +0800] "GET /xingrg/all/function/internal_message.html?_=1694742501564&CODE_STATE=getMsg HTTP/1.1" 200 27
124.78.69.58 - - [15/Sep/2023:09:51:54 +0800] "GET /xingrg/all/function/internal_message.html?_=1694742147360&CODE_STATE=getMsg HTTP/1.1" 200 27
221.239.166.189 - - [15/Sep/2023:09:51:55 +0800] "GET /xingrg/check_reg.html?_=1694742713390 HTTP/1.1" 200 22
180.169.147.146 - - [15/Sep/2023:09:51:57 +0800] "GET /xingrg/all/function/internal_message.html?_=1694742727617&CODE_STATE=getMsg HTTP/1.1" 200 27
180.165.48.189 - - [15/Sep/2023:09:51:59 +0800] "GET /xingrg/kc/buy/cgsh_order_operate.html?command=get_materiel&rest_code=00108&code=00101009112&supplier_code=00100007&order_time=2023-09-15 HTTP/1.1" 200 425
222.70.180.200 - - [15/Sep/2023:09:52:01 +0800] "GET /xingrg/all/function/internal_message.html?_=1694742723151&CODE_STATE=getMsg HTTP/1.1" 200 27
120.253.135.82 - - [15/Sep/2023:09:52:01 +0800] "GET /xingrg/all/function/internal_message.html?_=1694742526348&CODE_STATE=getMsg HTTP/1.1" 200 27
180.165.48.189 - - [15/Sep/2023:09:52:02 +0800] "POST /xingrg/kc/buy/cgsh_order_operate.html HTTP/1.1" 200 2065
180.165.48.189 - - [15/Sep/2023:09:52:03 +0800] "GET /xingrg/all/function/internal_message.html?_=1694742722095&CODE_STATE=getMsg HTTP/1.1" 200 27
116.232.195.127 - - [15/Sep/2023:09:52:04 +0800] "GET /xingrg/all/function/internal_message.html?_=1694742596409&CODE_STATE=getMsg HTTP/1.1" 200 27
180.165.48.189 - - [15/Sep/2023:09:52:11 +0800] "POST /xingrg/kc/buy/cgsh_order_operate.html HTTP/1.1" 200 37
114.83.217.74 - - [15/Sep/2023:09:52:13 +0800] "GET /xingrg/all/function/internal_message.html?_=1694742730959&CODE_STATE=getMsg HTTP/1.1" 200 27
180.165.48.189 - - [15/Sep/2023:09:52:13 +0800] "POST /xingrg/kc/buy/cgsh_order_operate.html HTTP/1.1" 200 36412
180.165.48.189 - - [15/Sep/2023:09:52:16 +0800] "GET /xingrg/kc/print/load_config.html?kc_code=cgsh HTTP/1.1" 200 1927
180.165.48.189 - - [15/Sep/2023:09:52:16 +0800] "GET /xingrg/kc/print/load_data.html?order_code=212023091505726&kc_code=cgsh&condition= HTTP/1.1" 200 13515
180.152.241.196 - - [15/Sep/2023:09:52:19 +0800] "GET /xingrg/all/function/internal_message.html?_=1694742741000&CODE_STATE=getMsg HTTP/1.1" 302 -
124.78.155.92 - - [15/Sep/2023:09:52:20 +0800] "GET /xingrg/all/function/internal_message.html?_=1694742737389&CODE_STATE=getMsg HTTP/1.1" 200 27
180.163.29.79 - - [15/Sep/2023:09:52:20 +0800] "GET /xingrg/all/function/internal_message.html?_=1694742677402&CODE_STATE=getMsg HTTP/1.1" 302 -
180.163.29.79 - - [15/Sep/2023:09:52:20 +0800] "GET /xingrg/login.html HTTP/1.1" 200 7641
222.70.107.27 - - [15/Sep/2023:09:52:23 +0800] "GET /xingrg/all/function/internal_message.html?_=1694742749650&CODE_STATE=getMsg HTTP/1.1" 200 27
116.230.112.9 - - [15/Sep/2023:09:52:28 +0800] "GET /xingrg/check_reg.html?_=1694742765596 HTTP/1.1" 200 22
120.253.135.82 - - [15/Sep/2023:09:52:33 +0800] "GET /xingrg/check_reg.html?_=1694742557860 HTTP/1.1" 200 22
180.169.147.146 - - [15/Sep/2023:09:52:39 +0800] "GET /xingrg/check_reg.html?_=1694742769481 HTTP/1.1" 200 22
114.95.241.104 - - [15/Sep/2023:09:52:41 +0800] "GET /xingrg/all/function/internal_message.html?_=1694742759699&CODE_STATE=getMsg HTTP/1.1" 200 27
116.230.112.9 - - [15/Sep/2023:09:52:44 +0800] "GET /xingrg/all/function/internal_message.html?_=1694742782333&CODE_STATE=getMsg HTTP/1.1" 200 27
218.81.73.219 - - [15/Sep/2023:09:52:47 +0800] "GET /xingrg/all/function/internal_message.html?_=1694742767260&CODE_STATE=getMsg HTTP/1.1" 200 27
101.228.187.155 - - [15/Sep/2023:09:52:47 +0800] "GET /xingrg/all/function/internal_message.html?_=1694742766254&CODE_STATE=getMsg HTTP/1.1" 200 27
101.83.145.37 - - [15/Sep/2023:09:52:51 +0800] "GET /xingrg/all/function/internal_message.html?_=1694742561564&CODE_STATE=getMsg HTTP/1.1" 200 27
124.78.69.58 - - [15/Sep/2023:09:52:54 +0800] "GET /xingrg/all/function/internal_message.html?_=1694742207367&CODE_STATE=getMsg HTTP/1.1" 200 27
180.169.147.146 - - [15/Sep/2023:09:52:57 +0800] "GET /xingrg/all/function/internal_message.html?_=1694742787624&CODE_STATE=getMsg HTTP/1.1" 200 27
222.70.180.200 - - [15/Sep/2023:09:53:01 +0800] "GET /xingrg/all/function/internal_message.html?_=1694742783152&CODE_STATE=getMsg HTTP/1.1" 200 27
120.253.135.82 - - [15/Sep/2023:09:53:01 +0800] "GET /xingrg/all/function/internal_message.html?_=1694742586362&CODE_STATE=getMsg HTTP/1.1" 200 27
124.78.155.92 - - [15/Sep/2023:09:53:03 +0800] "POST /xingrg/services/DataTransmitService HTTP/1.1" 200 524
180.165.48.189 - - [15/Sep/2023:09:53:03 +0800] "GET /xingrg/all/function/internal_message.html?_=1694742782103&CODE_STATE=getMsg HTTP/1.1" 200 27
116.232.195.127 - - [15/Sep/2023:09:53:04 +0800] "GET /xingrg/all/function/internal_message.html?_=1694742656402&CODE_STATE=getMsg HTTP/1.1" 200 27
124.78.69.58 - - [15/Sep/2023:09:53:06 +0800] "POST /xingrg/services/DataTransmitService HTTP/1.1" 200 524
222.70.180.200 - - [15/Sep/2023:09:53:11 +0800] "POST /xingrg/kc/buy/cgsh_order_operate.html HTTP/1.1" 200 37
114.83.217.74 - - [15/Sep/2023:09:53:13 +0800] "GET /xingrg/all/function/internal_message.html?_=1694742790959&CODE_STATE=getMsg HTTP/1.1" 200 27
101.93.222.145 - - [15/Sep/2023:09:53:15 +0800] "POST /xingrg/services/DataTransmitService HTTP/1.1" 200 524
101.93.222.145 - - [15/Sep/2023:09:53:15 +0800] "POST /xingrg/services/DataTransmitService HTTP/1.1" 200 412
116.230.112.9 - - [15/Sep/2023:09:53:17 +0800] "POST /xingrg/services/DataTransmitService HTTP/1.1" 200 524
222.70.180.200 - - [15/Sep/2023:09:53:17 +0800] "POST /xingrg/kc/buy/cgsh_order_operate.html HTTP/1.1" 200 4439
180.152.241.196 - - [15/Sep/2023:09:53:19 +0800] "GET /xingrg/all/function/internal_message.html?_=1694742800979&CODE_STATE=getMsg HTTP/1.1" 302 -
180.163.29.217 - - [15/Sep/2023:09:53:20 +0800] "GET /xingrg/all/function/internal_message.html?_=1694742737389&CODE_STATE=getMsg HTTP/1.1" 302 -
180.163.29.217 - - [15/Sep/2023:09:53:20 +0800] "GET /xingrg/login.html HTTP/1.1" 200 7641
116.230.112.9 - - [15/Sep/2023:09:53:20 +0800] "POST /xingrg/services/DataTransmitService HTTP/1.1" 200 2335
124.78.155.92 - - [15/Sep/2023:09:53:20 +0800] "GET /xingrg/all/function/internal_message.html?_=1694742797394&CODE_STATE=getMsg HTTP/1.1" 200 27
116.230.112.9 - - [15/Sep/2023:09:53:21 +0800] "POST /xingrg/services/DataTransmitService HTTP/1.1" 200 172024
222.70.107.27 - - [15/Sep/2023:09:53:23 +0800] "GET /xingrg/all/function/internal_message.html?_=1694742809649&CODE_STATE=getMsg HTTP/1.1" 200 27
180.169.147.146 - - [15/Sep/2023:09:53:39 +0800] "GET /xingrg/check_reg.html?_=1694742820420 HTTP/1.1" 200 22
114.95.241.104 - - [15/Sep/2023:09:53:41 +0800] "GET /xingrg/all/function/internal_message.html?_=1694742819703&CODE_STATE=getMsg HTTP/1.1" 200 27
116.230.112.9 - - [15/Sep/2023:09:53:44 +0800] "GET /xingrg/all/function/internal_message.html?_=1694742842346&CODE_STATE=getMsg HTTP/1.1" 200 27
218.81.73.219 - - [15/Sep/2023:09:53:47 +0800] "GET /xingrg/all/function/internal_message.html?_=1694742827261&CODE_STATE=getMsg HTTP/1.1" 200 27
101.228.187.155 - - [15/Sep/2023:09:53:47 +0800] "GET /xingrg/all/function/internal_message.html?_=1694742826262&CODE_STATE=getMsg HTTP/1.1" 200 27
101.83.145.37 - - [15/Sep/2023:09:53:51 +0800] "GET /xingrg/all/function/internal_message.html?_=1694742621563&CODE_STATE=getMsg HTTP/1.1" 200 27
101.83.145.37 - - [15/Sep/2023:09:53:51 +0800] "GET /xingrg/check_reg.html?_=1694742621566 HTTP/1.1" 200 22
114.83.221.29 - - [15/Sep/2023:09:53:53 +0800] "GET /xingrg/login.html HTTP/1.1" 200 7641
114.83.221.29 - - [15/Sep/2023:09:53:54 +0800] "GET /favicon.ico HTTP/1.1" 404 -
124.78.69.58 - - [15/Sep/2023:09:53:54 +0800] "GET /xingrg/check_reg.html?_=1694742267353 HTTP/1.1" 200 22
124.78.69.58 - - [15/Sep/2023:09:53:54 +0800] "GET /xingrg/all/function/internal_message.html?_=1694742267355&CODE_STATE=getMsg HTTP/1.1" 200 27
114.83.221.29 - - [15/Sep/2023:09:53:56 +0800] "POST /xingrg/login.do HTTP/1.1" 302 -
114.83.221.29 - - [15/Sep/2023:09:53:56 +0800] "GET /xingrg/index.html?sysBaseUrl=http%3A%2F%2F180.169.147.146%3A18081%2Fxingrg%2F&costTime=865×tamp=1694742836749 HTTP/1.1" 200 17179
114.83.221.29 - - [15/Sep/2023:09:53:56 +0800] "GET /favicon.ico HTTP/1.1" 404 -
114.83.221.29 - - [15/Sep/2023:09:53:57 +0800] "GET /xingrg/all/function/internal_message.html?_=1694742986684&CODE_STATE=count HTTP/1.1" 200 11
114.83.221.29 - - [15/Sep/2023:09:53:57 +0800] "GET /xingrg/check_reg.html?_=1694742986685 HTTP/1.1" 200 22
114.83.221.29 - - [15/Sep/2023:09:53:57 +0800] "POST /xingrg/all/common/load_tree.html?tree=area_rest_tree_json&manage=1 HTTP/1.1" 200 351
114.83.221.29 - - [15/Sep/2023:09:53:57 +0800] "POST /xingrg/load_menu.html HTTP/1.1" 200 5138
180.169.147.146 - - [15/Sep/2023:09:53:57 +0800] "GET /xingrg/all/function/internal_message.html?_=1694742847638&CODE_STATE=getMsg HTTP/1.1" 200 27
222.70.180.200 - - [15/Sep/2023:09:54:01 +0800] "GET /xingrg/all/function/internal_message.html?_=1694742843162&CODE_STATE=getMsg HTTP/1.1" 200 27
120.253.135.82 - - [15/Sep/2023:09:54:01 +0800] "GET /xingrg/all/function/internal_message.html?_=1694742646375&CODE_STATE=getMsg HTTP/1.1" 200 27
180.165.48.189 - - [15/Sep/2023:09:54:03 +0800] "GET /xingrg/all/function/internal_message.html?_=1694742842105&CODE_STATE=getMsg HTTP/1.1" 200 27
116.232.195.127 - - [15/Sep/2023:09:54:04 +0800] "GET /xingrg/all/function/internal_message.html?_=1694742716412&CODE_STATE=getMsg HTTP/1.1" 200 27
180.165.48.189 - - [15/Sep/2023:09:54:09 +0800] "GET /xingrg/kc/buy/cgsh_order_list.html HTTP/1.1" 200 56544
114.83.217.74 - - [15/Sep/2023:09:54:13 +0800] "GET /xingrg/all/function/internal_message.html?_=1694742850959&CODE_STATE=getMsg HTTP/1.1" 200 27
116.230.112.9 - - [15/Sep/2023:09:54:14 +0800] "POST /xingrg/services/DataTransmitService HTTP/1.1" 200 524
180.165.48.189 - - [15/Sep/2023:09:54:17 +0800] "POST /xingrg/kc/buy/cgsh_list_operate.html HTTP/1.1" 200 3187
180.152.241.196 - - [15/Sep/2023:09:54:19 +0800] "GET /xingrg/all/function/internal_message.html?_=1694742860965&CODE_STATE=getMsg HTTP/1.1" 302 -
124.78.155.92 - - [15/Sep/2023:09:54:20 +0800] "GET /xingrg/all/function/internal_message.html?_=1694742857394&CODE_STATE=getMsg HTTP/1.1" 200 27
180.163.29.79 - - [15/Sep/2023:09:54:20 +0800] "GET /xingrg/all/function/internal_message.html?_=1694742797394&CODE_STATE=getMsg HTTP/1.1" 302 -
180.163.29.79 - - [15/Sep/2023:09:54:20 +0800] "GET /xingrg/login.html HTTP/1.1" 200 7641
222.70.107.27 - - [15/Sep/2023:09:54:23 +0800] "GET /xingrg/all/function/internal_message.html?_=1694742869649&CODE_STATE=getMsg HTTP/1.1" 200 27
114.95.241.104 - - [15/Sep/2023:09:54:41 +0800] "GET /xingrg/all/function/internal_message.html?_=1694742879709&CODE_STATE=getMsg HTTP/1.1" 200 27
116.230.112.9 - - [15/Sep/2023:09:54:45 +0800] "GET /xingrg/all/function/internal_message.html?_=1694742902667&CODE_STATE=getMsg HTTP/1.1" 200 27
218.81.73.219 - - [15/Sep/2023:09:54:47 +0800] "GET /xingrg/all/function/internal_message.html?_=1694742887262&CODE_STATE=getMsg HTTP/1.1" 200 27
218.81.73.219 - - [15/Sep/2023:09:54:47 +0800] "GET /xingrg/check_reg.html?_=1694742887266 HTTP/1.1" 200 22
101.228.187.155 - - [15/Sep/2023:09:54:47 +0800] "GET /xingrg/all/function/internal_message.html?_=1694742886263&CODE_STATE=getMsg HTTP/1.1" 200 27
101.83.145.37 - - [15/Sep/2023:09:54:51 +0800] "GET /xingrg/all/function/internal_message.html?_=1694742681566&CODE_STATE=getMsg HTTP/1.1" 200 27
124.78.69.58 - - [15/Sep/2023:09:54:54 +0800] "GET /xingrg/all/function/internal_message.html?_=1694742327356&CODE_STATE=getMsg HTTP/1.1" 200 27
114.83.221.29 - - [15/Sep/2023:09:54:57 +0800] "GET /xingrg/all/function/internal_message.html?_=1694743046707&CODE_STATE=getMsg HTTP/1.1" 200 27
180.169.147.146 - - [15/Sep/2023:09:54:57 +0800] "GET /xingrg/all/function/internal_message.html?_=1694742907670&CODE_STATE=getMsg HTTP/1.1" 200 27
222.70.180.200 - - [15/Sep/2023:09:55:01 +0800] "GET /xingrg/check_reg.html?_=1694742903151 HTTP/1.1" 200 22
222.70.180.200 - - [15/Sep/2023:09:55:01 +0800] "GET /xingrg/all/function/internal_message.html?_=1694742903158&CODE_STATE=getMsg HTTP/1.1" 200 27
120.253.135.82 - - [15/Sep/2023:09:55:01 +0800] "GET /xingrg/all/function/internal_message.html?_=1694742706479&CODE_STATE=getMsg HTTP/1.1" 200 27
180.165.48.189 - - [15/Sep/2023:09:55:03 +0800] "GET /xingrg/check_reg.html?_=1694742902094 HTTP/1.1" 200 22
180.165.48.189 - - [15/Sep/2023:09:55:03 +0800] "GET /xingrg/all/function/internal_message.html?_=1694742902097&CODE_STATE=getMsg HTTP/1.1" 200 27
116.232.195.127 - - [15/Sep/2023:09:55:04 +0800] "GET /xingrg/all/function/internal_message.html?_=1694742776404&CODE_STATE=getMsg HTTP/1.1" 200 27
221.239.166.189 - - [15/Sep/2023:09:55:07 +0800] "GET /xingrg/kc/buy/cgsh_order_add.html HTTP/1.1" 200 71511
221.239.166.189 - - [15/Sep/2023:09:55:07 +0800] "GET /xingrg/css/base.css HTTP/1.1" 200 2811
221.239.166.189 - - [15/Sep/2023:09:55:07 +0800] "GET /xingrg/css/site.css HTTP/1.1" 200 7541
221.239.166.189 - - [15/Sep/2023:09:55:07 +0800] "GET /xingrg/javascript/jquery_tools/datebox.css HTTP/1.1" 200 2597
221.239.166.189 - - [15/Sep/2023:09:55:07 +0800] "GET /xingrg/javascript/easyui/themes/default/easyui.css HTTP/1.1" 200 30432
221.239.166.189 - - [15/Sep/2023:09:55:07 +0800] "GET /xingrg/javascript/easyui/themes/icon.css HTTP/1.1" 200 4483
221.239.166.189 - - [15/Sep/2023:09:55:08 +0800] "GET /xingrg/javascript/auto/jquery.autocomplete.css HTTP/1.1" 200 587
221.239.166.189 - - [15/Sep/2023:09:55:08 +0800] "GET /xingrg/javascript/jquery_tools/fix.css HTTP/1.1" 200 1702
221.239.166.189 - - [15/Sep/2023:09:55:08 +0800] "GET /xingrg/javascript/jquery_tools/table.css HTTP/1.1" 200 1032
221.239.166.189 - - [15/Sep/2023:09:55:08 +0800] "GET /xingrg/javascript/jquery_tools/jquery.tools.min.js HTTP/1.1" 200 138801
221.239.166.189 - - [15/Sep/2023:09:55:08 +0800] "GET /xingrg/javascript/pic_change.js HTTP/1.1" 200 4739
116.230.112.9 - - [15/Sep/2023:09:55:08 +0800] "POST /xingrg/services/DataTransmitService HTTP/1.1" 200 501
221.239.166.189 - - [15/Sep/2023:09:55:08 +0800] "GET /xingrg/javascript/jquery_tools/jquery.tools.extend.js HTTP/1.1" 200 15385
221.239.166.189 - - [15/Sep/2023:09:55:08 +0800] "GET /xingrg/javascript/jquery_tools/jquery.tools.hotkey.js HTTP/1.1" 200 3242
221.239.166.189 - - [15/Sep/2023:09:55:08 +0800] "GET /xingrg/javascript/jquery_tools/jquery.tools.table.js HTTP/1.1" 200 6994
221.239.166.189 - - [15/Sep/2023:09:55:08 +0800] "GET /xingrg/javascript/auto/jquery.autocomplete.js HTTP/1.1" 200 21624
221.239.166.189 - - [15/Sep/2023:09:55:08 +0800] "GET /xingrg/javascript/easyui/easyloader.js HTTP/1.1" 200 5975
221.239.166.189 - - [15/Sep/2023:09:55:08 +0800] "GET /xingrg/javascript/jquery.utils.js HTTP/1.1" 200 11805
221.239.166.189 - - [15/Sep/2023:09:55:08 +0800] "GET /xingrg/javascript/jquery_tools/order_manager.js HTTP/1.1" 200 11183
221.239.166.189 - - [15/Sep/2023:09:55:08 +0800] "GET /xingrg/javascript/convert.js HTTP/1.1" 200 1239
221.239.166.189 - - [15/Sep/2023:09:55:08 +0800] "GET /xingrg/javascript/json2.js HTTP/1.1" 200 11259
221.239.166.189 - - [15/Sep/2023:09:55:08 +0800] "GET /xingrg/javascript/jquery.cookie.js HTTP/1.1" 200 5513
221.239.166.189 - - [15/Sep/2023:09:55:08 +0800] "GET /xingrg/javascript/print/LodopFuncs.js HTTP/1.1" 200 5121
221.239.166.189 - - [15/Sep/2023:09:55:08 +0800] "GET /xingrg/javascript/print/kc_print.js HTTP/1.1" 200 11415
221.239.166.189 - - [15/Sep/2023:09:55:13 +0800] "GET /xingrg/words/20230914145318_words.js HTTP/1.1" 200 986475
114.83.217.74 - - [15/Sep/2023:09:55:13 +0800] "GET /xingrg/all/function/internal_message.html?_=1694742910961&CODE_STATE=getMsg HTTP/1.1" 200 27
114.83.217.74 - - [15/Sep/2023:09:55:13 +0800] "GET /xingrg/check_reg.html?_=1694742910973 HTTP/1.1" 200 22
116.230.112.9 - - [15/Sep/2023:09:55:14 +0800] "POST /xingrg/services/DataTransmitService HTTP/1.1" 200 524
116.230.112.9 - - [15/Sep/2023:09:55:16 +0800] "POST /xingrg/services/DataTransmitService HTTP/1.1" 200 412
116.230.112.9 - - [15/Sep/2023:09:55:17 +0800] "POST /xingrg/services/DataTransmitService HTTP/1.1" 200 524
221.239.166.189 - - [15/Sep/2023:09:55:17 +0800] "GET /xingrg/javascript/easyui/plugins/jquery.parser.js HTTP/1.1" 200 1142
116.230.112.9 - - [15/Sep/2023:09:55:18 +0800] "POST /xingrg/services/DataTransmitService HTTP/1.1" 200 412
221.239.166.189 - - [15/Sep/2023:09:55:18 +0800] "GET /xingrg/javascript/easyui/themes/default/validatebox.css HTTP/1.1" 404 1104
221.239.166.189 - - [15/Sep/2023:09:55:18 +0800] "GET /xingrg/javascript/easyui/plugins/jquery.validatebox.js HTTP/1.1" 200 6103
221.239.166.189 - - [15/Sep/2023:09:55:18 +0800] "GET /xingrg/all/common/auto_word.html?type=employee&rest_code=00145 HTTP/1.1" 200 151
221.239.166.189 - - [15/Sep/2023:09:55:18 +0800] "GET /xingrg/all/common/auto_word.html?type=employee&rest_code=00145 HTTP/1.1" 200 151
221.239.166.189 - - [15/Sep/2023:09:55:18 +0800] "GET /xingrg/javascript/easyui/plugins/jquery.numberbox.js HTTP/1.1" 200 5213
221.239.166.189 - - [15/Sep/2023:09:55:18 +0800] "POST /xingrg/kc/buy/cgsh_order_operate.html HTTP/1.1" 200 8245
180.152.241.196 - - [15/Sep/2023:09:55:19 +0800] "GET /xingrg/all/function/internal_message.html?_=1694742920939&CODE_STATE=getMsg HTTP/1.1" 302 -
116.230.112.9 - - [15/Sep/2023:09:55:19 +0800] "POST /xingrg/services/DataTransmitService HTTP/1.1" 200 524
180.152.241.196 - - [15/Sep/2023:09:55:20 +0800] "GET /xingrg/check_reg.html?_=1694742921561 HTTP/1.1" 302 -
124.78.155.92 - - [15/Sep/2023:09:55:20 +0800] "GET /xingrg/all/function/internal_message.html?_=1694742917395&CODE_STATE=getMsg HTTP/1.1" 200 27
124.78.155.92 - - [15/Sep/2023:09:55:20 +0800] "GET /xingrg/check_reg.html?_=1694742917398 HTTP/1.1" 200 22
116.230.112.9 - - [15/Sep/2023:09:55:22 +0800] "POST /xingrg/services/DataTransmitService HTTP/1.1" 200 2335
222.70.107.27 - - [15/Sep/2023:09:55:23 +0800] "GET /xingrg/all/function/internal_message.html?_=1694742929647&CODE_STATE=getMsg HTTP/1.1" 200 27
222.70.107.27 - - [15/Sep/2023:09:55:23 +0800] "GET /xingrg/check_reg.html?_=1694742929649 HTTP/1.1" 200 22
114.95.241.104 - - [15/Sep/2023:09:55:41 +0800] "GET /xingrg/all/function/internal_message.html?_=1694742939711&CODE_STATE=getMsg HTTP/1.1" 200 27
116.230.112.9 - - [15/Sep/2023:09:55:45 +0800] "GET /xingrg/all/function/internal_message.html?_=1694742962670&CODE_STATE=getMsg HTTP/1.1" 200 27
218.81.73.219 - - [15/Sep/2023:09:55:47 +0800] "GET /xingrg/all/function/internal_message.html?_=1694742947266&CODE_STATE=getMsg HTTP/1.1" 200 27
101.228.187.155 - - [15/Sep/2023:09:55:47 +0800] "GET /xingrg/check_reg.html?_=1694742946264 HTTP/1.1" 200 22
101.228.187.155 - - [15/Sep/2023:09:55:47 +0800] "GET /xingrg/all/function/internal_message.html?_=1694742946266&CODE_STATE=getMsg HTTP/1.1" 200 27
116.230.112.9 - - [15/Sep/2023:09:55:49 +0800] "POST /xingrg/services/DataTransmitService HTTP/1.1" 200 524
101.83.145.37 - - [15/Sep/2023:09:55:51 +0800] "GET /xingrg/all/function/internal_message.html?_=1694742741566&CODE_STATE=getMsg HTTP/1.1" 200 27
124.78.69.58 - - [15/Sep/2023:09:55:54 +0800] "GET /xingrg/all/function/internal_message.html?_=1694742387357&CODE_STATE=getMsg HTTP/1.1" 200 27
114.83.221.29 - - [15/Sep/2023:09:55:57 +0800] "GET /xingrg/all/function/internal_message.html?_=1694743106708&CODE_STATE=getMsg HTTP/1.1" 200 27
180.169.147.146 - - [15/Sep/2023:09:55:57 +0800] "GET /xingrg/all/function/internal_message.html?_=1694742967680&CODE_STATE=getMsg HTTP/1.1" 200 27
116.230.112.9 - - [15/Sep/2023:09:55:57 +0800] "POST /xingrg/services/DataTransmitService HTTP/1.1" 200 501
222.70.180.200 - - [15/Sep/2023:09:56:01 +0800] "GET /xingrg/all/function/internal_message.html?_=1694742963158&CODE_STATE=getMsg HTTP/1.1" 200 27
120.253.135.82 - - [15/Sep/2023:09:56:01 +0800] "GET /xingrg/all/function/internal_message.html?_=1694742766480&CODE_STATE=getMsg HTTP/1.1" 200 27
116.230.112.9 - - [15/Sep/2023:09:56:03 +0800] "POST /xingrg/services/DataTransmitService HTTP/1.1" 200 524
180.165.48.189 - - [15/Sep/2023:09:56:03 +0800] "GET /xingrg/all/function/internal_message.html?_=1694742962085&CODE_STATE=getMsg HTTP/1.1" 200 27
116.232.195.127 - - [15/Sep/2023:09:56:04 +0800] "GET /xingrg/all/function/internal_message.html?_=1694742836420&CODE_STATE=getMsg HTTP/1.1" 200 27
116.232.195.127 - - [15/Sep/2023:09:56:04 +0800] "GET /xingrg/check_reg.html?_=1694742836421 HTTP/1.1" 200 22
116.230.112.9 - - [15/Sep/2023:09:56:04 +0800] "POST /xingrg/services/DataTransmitService HTTP/1.1" 200 412
116.230.112.9 - - [15/Sep/2023:09:56:05 +0800] "POST /xingrg/services/DataTransmitService HTTP/1.1" 200 524
116.230.112.9 - - [15/Sep/2023:09:56:06 +0800] "POST /xingrg/services/DataTransmitService HTTP/1.1" 200 412
116.230.112.9 - - [15/Sep/2023:09:56:10 +0800] "POST /xingrg/services/DataTransmitService HTTP/1.1" 200 524
116.230.112.9 - - [15/Sep/2023:09:56:12 +0800] "POST /xingrg/services/DataTransmitService HTTP/1.1" 200 2335
114.83.217.74 - - [15/Sep/2023:09:56:13 +0800] "GET /xingrg/all/function/internal_message.html?_=1694742970973&CODE_STATE=getMsg HTTP/1.1" 200 27
180.152.241.196 - - [15/Sep/2023:09:56:19 +0800] "GET /xingrg/all/function/internal_message.html?_=1694742980934&CODE_STATE=getMsg HTTP/1.1" 302 -
124.78.155.92 - - [15/Sep/2023:09:56:20 +0800] "GET /xingrg/all/function/internal_message.html?_=1694742977399&CODE_STATE=getMsg HTTP/1.1" 200 27
222.70.107.27 - - [15/Sep/2023:09:56:23 +0800] "GET /xingrg/all/function/internal_message.html?_=1694742989647&CODE_STATE=getMsg HTTP/1.1" 200 27
180.152.241.196 - - [15/Sep/2023:09:56:26 +0800] "GET /xingrg/kc/buy/cgsh_order_list.html HTTP/1.1" 302 -
180.152.241.196 - - [15/Sep/2023:09:56:26 +0800] "GET /xingrg/login.html HTTP/1.1" 200 7641
180.152.241.196 - - [15/Sep/2023:09:56:26 +0800] "GET /xingrg/login.html HTTP/1.1" 200 7641
180.152.241.196 - - [15/Sep/2023:09:56:26 +0800] "GET /xingrg/images/blue/jxLogo.png HTTP/1.1" 200 6156
180.152.241.196 - - [15/Sep/2023:09:56:26 +0800] "GET /xingrg/images/blue/login_bg.png HTTP/1.1" 200 22101
180.152.241.196 - - [15/Sep/2023:09:56:26 +0800] "GET /xingrg/images/blue/hj.png HTTP/1.1" 200 1014
180.152.241.196 - - [15/Sep/2023:09:56:26 +0800] "GET /xingrg/images/blue/srbg.png HTTP/1.1" 200 138
180.152.241.196 - - [15/Sep/2023:09:56:26 +0800] "GET /favicon.ico HTTP/1.1" 404 -
116.230.112.9 - - [15/Sep/2023:09:56:27 +0800] "POST /xingrg/services/DataTransmitService HTTP/1.1" 200 524
180.152.241.196 - - [15/Sep/2023:09:56:28 +0800] "POST /xingrg/login.do HTTP/1.1" 302 -
180.152.241.196 - - [15/Sep/2023:09:56:28 +0800] "GET /xingrg/index.html?sysBaseUrl=http%3A%2F%2F180.169.147.146%3A18081%2Fxingrg%2F&costTime=933×tamp=1694742988504 HTTP/1.1" 200 17173
180.152.241.196 - - [15/Sep/2023:09:56:28 +0800] "GET /xingrg/css/form.css HTTP/1.1" 200 893
180.152.241.196 - - [15/Sep/2023:09:56:28 +0800] "GET /xingrg/javascript/jquery.form.js HTTP/1.1" 200 23110
180.152.241.196 - - [15/Sep/2023:09:56:28 +0800] "GET /xingrg/javascript/jquery.timers.js HTTP/1.1" 200 3532
180.152.241.196 - - [15/Sep/2023:09:56:28 +0800] "GET /favicon.ico HTTP/1.1" 404 -
180.152.241.196 - - [15/Sep/2023:09:56:28 +0800] "GET /xingrg/javascript/jquery_easy_ui/themes/icons/settle_new.png HTTP/1.1" 200 826
180.152.241.196 - - [15/Sep/2023:09:56:28 +0800] "GET /xingrg/images/blue/navBackgound.jpg HTTP/1.1" 200 12378
180.152.241.196 - - [15/Sep/2023:09:56:28 +0800] "GET /xingrg/all/function/internal_message.html?_=1694742990277&CODE_STATE=count HTTP/1.1" 200 11
180.152.241.196 - - [15/Sep/2023:09:56:28 +0800] "GET /xingrg/check_reg.html?_=1694742990278 HTTP/1.1" 200 22
180.152.241.196 - - [15/Sep/2023:09:56:28 +0800] "GET /xingrg/images/blue/pingpu.png HTTP/1.1" 200 231
180.152.241.196 - - [15/Sep/2023:09:56:28 +0800] "GET /xingrg/javascript/jquery_easy_ui/themes/default/images/panel_tool_collapse.gif HTTP/1.1" 200 246
180.152.241.196 - - [15/Sep/2023:09:56:28 +0800] "GET /xingrg/javascript/jquery_easy_ui/themes/default/images/tabs_leftarrow.png HTTP/1.1" 200 389
180.152.241.196 - - [15/Sep/2023:09:56:28 +0800] "GET /xingrg/javascript/jquery_easy_ui/themes/default/images/tabs_rightarrow.png HTTP/1.1" 200 395
180.152.241.196 - - [15/Sep/2023:09:56:28 +0800] "POST /xingrg/all/common/load_tree.html?tree=area_rest_tree_json&manage=1 HTTP/1.1" 200 342
180.152.241.196 - - [15/Sep/2023:09:56:28 +0800] "POST /xingrg/load_menu.html HTTP/1.1" 200 5138
180.152.241.196 - - [15/Sep/2023:09:56:29 +0800] "GET /xingrg/javascript/jquery_easy_ui/themes/icons/forms_new.png HTTP/1.1" 200 350
180.152.241.196 - - [15/Sep/2023:09:56:29 +0800] "GET /xingrg/javascript/jquery_easy_ui/themes/default/images/tree_arrows.gif HTTP/1.1" 200 1043
180.152.241.196 - - [15/Sep/2023:09:56:29 +0800] "GET /xingrg/javascript/jquery_easy_ui/themes/default/images/tree_folder_open.gif HTTP/1.1" 200 956
180.152.241.196 - - [15/Sep/2023:09:56:29 +0800] "GET /xingrg/javascript/jquery_easy_ui/themes/icons/search_new.png HTTP/1.1" 200 586
180.152.241.196 - - [15/Sep/2023:09:56:29 +0800] "GET /xingrg/javascript/jquery_easy_ui/themes/icons/storage_new.png HTTP/1.1" 200 853
180.152.241.196 - - [15/Sep/2023:09:56:29 +0800] "GET /xingrg/javascript/jquery_easy_ui/themes/default/images/tree_file.gif HTTP/1.1" 200 118
180.152.241.196 - - [15/Sep/2023:09:56:29 +0800] "GET /xingrg/javascript/jquery_easy_ui/themes/default/images/tree_folder.gif HTTP/1.1" 200 952
180.152.241.196 - - [15/Sep/2023:09:56:31 +0800] "GET /xingrg/javascript/jquery_easy_ui/themes/default/images/tabs_close.gif HTTP/1.1" 200 829
180.152.241.196 - - [15/Sep/2023:09:56:31 +0800] "GET /xingrg/kc/buy/cgsh_order_list.html HTTP/1.1" 200 56534
180.152.241.196 - - [15/Sep/2023:09:56:31 +0800] "GET /xingrg/css/base.css HTTP/1.1" 200 2811
180.152.241.196 - - [15/Sep/2023:09:56:31 +0800] "GET /xingrg/css/site.css HTTP/1.1" 200 7541
180.152.241.196 - - [15/Sep/2023:09:56:31 +0800] "GET /xingrg/javascript/jquery_tools/datebox.css HTTP/1.1" 200 2597
180.152.241.196 - - [15/Sep/2023:09:56:31 +0800] "GET /xingrg/javascript/easyui/themes/icon.css HTTP/1.1" 200 4483
180.152.241.196 - - [15/Sep/2023:09:56:31 +0800] "GET /xingrg/javascript/easyui/themes/default/easyui.css HTTP/1.1" 200 30432
180.152.241.196 - - [15/Sep/2023:09:56:31 +0800] "GET /xingrg/javascript/jquery_tools/fix.css HTTP/1.1" 200 1702
180.152.241.196 - - [15/Sep/2023:09:56:31 +0800] "GET /xingrg/javascript/jquery_tools/table.css HTTP/1.1" 200 1032
180.152.241.196 - - [15/Sep/2023:09:56:31 +0800] "GET /xingrg/javascript/jquery_tools/jquery.tools.min.js HTTP/1.1" 200 138801
180.152.241.196 - - [15/Sep/2023:09:56:31 +0800] "GET /xingrg/javascript/jquery_tools/jquery.tools.extend.js HTTP/1.1" 200 15385
180.152.241.196 - - [15/Sep/2023:09:56:31 +0800] "GET /xingrg/javascript/jquery_tools/jquery.tools.hotkey.js HTTP/1.1" 200 3242
180.152.241.196 - - [15/Sep/2023:09:56:31 +0800] "GET /xingrg/javascript/jquery_tools/jquery.tools.table.js HTTP/1.1" 200 6994
180.152.241.196 - - [15/Sep/2023:09:56:31 +0800] "GET /xingrg/javascript/jquery_tools/list_manager.js HTTP/1.1" 200 3652
180.152.241.196 - - [15/Sep/2023:09:56:31 +0800] "GET /xingrg/javascript/easyui/easyloader.js HTTP/1.1" 200 5975
180.152.241.196 - - [15/Sep/2023:09:56:31 +0800] "GET /xingrg/javascript/jquery.cookie.js HTTP/1.1" 200 5513
180.152.241.196 - - [15/Sep/2023:09:56:32 +0800] "GET /xingrg/javascript/easyui/themes/icons/field_new.png HTTP/1.1" 200 1097
180.152.241.196 - - [15/Sep/2023:09:56:32 +0800] "GET /xingrg/javascript/easyui/themes/icons/import_new.png HTTP/1.1" 200 1247
180.152.241.196 - - [15/Sep/2023:09:56:32 +0800] "GET /xingrg/javascript/easyui/themes/icons/edit_add_new.png HTTP/1.1" 200 2997
180.152.241.196 - - [15/Sep/2023:09:56:32 +0800] "GET /xingrg/javascript/easyui/themes/icons/cance_new.png HTTP/1.1" 200 3986
180.152.241.196 - - [15/Sep/2023:09:56:32 +0800] "GET /xingrg/javascript/easyui/themes/icons/check_new.png HTTP/1.1" 200 3224
180.152.241.196 - - [15/Sep/2023:09:56:32 +0800] "GET /xingrg/javascript/easyui/plugins/jquery.parser.js HTTP/1.1" 200 1142
180.152.241.196 - - [15/Sep/2023:09:56:32 +0800] "GET /xingrg/images/control/ajaxLoader.gif HTTP/1.1" 200 4659
180.152.241.196 - - [15/Sep/2023:09:56:34 +0800] "POST /xingrg/kc/buy/cgsh_list_operate.html HTTP/1.1" 200 986
180.152.241.196 - - [15/Sep/2023:09:56:34 +0800] "GET /xingrg/javascript/easyui/themes/default/images/button_plain_hover.png HTTP/1.1" 200 144
120.253.135.82 - - [15/Sep/2023:09:56:35 +0800] "GET /xingrg/kc/pszx/mdqp_order_list.html?state=10 HTTP/1.1" 200 10275
120.253.135.82 - - [15/Sep/2023:09:56:35 +0800] "GET /xingrg/dwr/interface/AjaxQqpsService.js HTTP/1.1" 200 16326
120.253.135.82 - - [15/Sep/2023:09:56:35 +0800] "GET /xingrg/dwr/interface/AjaxReportQueryService.js HTTP/1.1" 200 13203
120.253.135.82 - - [15/Sep/2023:09:56:35 +0800] "GET /xingrg/dwr/engine.js HTTP/1.1" 200 43631
120.253.135.82 - - [15/Sep/2023:09:56:38 +0800] "GET /xingrg/kc/buy/cgsh_order_list.html HTTP/1.1" 200 56534
120.253.135.82 - - [15/Sep/2023:09:56:39 +0800] "GET /xingrg/javascript/jquery_tools/images/prev.gif HTTP/1.1" 404 1086
120.253.135.82 - - [15/Sep/2023:09:56:39 +0800] "GET /xingrg/javascript/jquery_tools/images/next.gif HTTP/1.1" 404 1086
120.253.135.82 - - [15/Sep/2023:09:56:41 +0800] "POST /xingrg/kc/buy/cgsh_list_operate.html HTTP/1.1" 200 986
114.95.241.104 - - [15/Sep/2023:09:56:41 +0800] "GET /xingrg/all/function/internal_message.html?_=1694742999720&CODE_STATE=getMsg HTTP/1.1" 200 27
114.95.241.104 - - [15/Sep/2023:09:56:41 +0800] "GET /xingrg/check_reg.html?_=1694742999722 HTTP/1.1" 200 22
180.152.241.196 - - [15/Sep/2023:09:56:41 +0800] "GET /xingrg/kc/buy/cgsh_order_add.html HTTP/1.1" 200 72351
180.152.241.196 - - [15/Sep/2023:09:56:41 +0800] "GET /xingrg/javascript/convert.js HTTP/1.1" 200 1239
180.152.241.196 - - [15/Sep/2023:09:56:41 +0800] "GET /xingrg/javascript/jquery_tools/order_manager.js HTTP/1.1" 200 11183
180.152.241.196 - - [15/Sep/2023:09:56:41 +0800] "GET /xingrg/javascript/json2.js HTTP/1.1" 200 11259
180.152.241.196 - - [15/Sep/2023:09:56:41 +0800] "GET /xingrg/words/20230914145318_words.js HTTP/1.1" 304 -
180.152.241.196 - - [15/Sep/2023:09:56:41 +0800] "GET /xingrg/javascript/easyui/themes/icons/copy_new.png HTTP/1.1" 200 815
180.152.241.196 - - [15/Sep/2023:09:56:41 +0800] "GET /xingrg/javascript/easyui/themes/icons/template_new.png HTTP/1.1" 200 3956
180.152.241.196 - - [15/Sep/2023:09:56:41 +0800] "GET /xingrg/javascript/easyui/themes/icons/cancel.png HTTP/1.1" 200 1133
180.152.241.196 - - [15/Sep/2023:09:56:41 +0800] "GET /xingrg/javascript/easyui/themes/icons/print.png HTTP/1.1" 200 1057
180.152.241.196 - - [15/Sep/2023:09:56:41 +0800] "GET /xingrg/javascript/easyui/themes/icons/ok.png HTTP/1.1" 200 883
180.152.241.196 - - [15/Sep/2023:09:56:41 +0800] "GET /xingrg/javascript/easyui/themes/default/images/menu_downarrow.png HTTP/1.1" 200 173
180.152.241.196 - - [15/Sep/2023:09:56:42 +0800] "POST /xingrg/kc/buy/cgsh_order_operate.html HTTP/1.1" 200 8245
180.152.241.196 - - [15/Sep/2023:09:56:42 +0800] "GET /xingrg/javascript/easyui/themes/default/validatebox.css HTTP/1.1" 404 1104
180.152.241.196 - - [15/Sep/2023:09:56:42 +0800] "GET /xingrg/javascript/easyui/plugins/jquery.validatebox.js HTTP/1.1" 200 6103
180.152.241.196 - - [15/Sep/2023:09:56:42 +0800] "GET /xingrg/all/common/auto_word.html?type=employee&rest_code=00102 HTTP/1.1" 200 189
180.152.241.196 - - [15/Sep/2023:09:56:42 +0800] "GET /xingrg/javascript/easyui/themes/icons/edit_remove.png HTTP/1.1" 200 625
180.152.241.196 - - [15/Sep/2023:09:56:42 +0800] "GET /xingrg/javascript/easyui/plugins/jquery.numberbox.js HTTP/1.1" 200 5213
180.152.241.196 - - [15/Sep/2023:09:56:42 +0800] "GET /xingrg/all/common/auto_word.html?type=employee&rest_code=00102 HTTP/1.1" 200 189
180.152.241.196 - - [15/Sep/2023:09:56:42 +0800] "GET /xingrg/javascript/auto/indicator.gif HTTP/1.1" 404 1066
120.253.135.82 - - [15/Sep/2023:09:56:43 +0800] "GET /xingrg/kc/pszx/mdps_order_list.html?orderType=0 HTTP/1.1" 200 21108
120.253.135.82 - - [15/Sep/2023:09:56:43 +0800] "POST /xingrg/kc/pszx/mdps_list_operate.html HTTP/1.1" 200 5204
116.230.112.9 - - [15/Sep/2023:09:56:45 +0800] "GET /xingrg/all/function/internal_message.html?_=1694743022994&CODE_STATE=getMsg HTTP/1.1" 200 27
218.81.73.219 - - [15/Sep/2023:09:56:47 +0800] "GET /xingrg/all/function/internal_message.html?_=1694743007268&CODE_STATE=getMsg HTTP/1.1" 200 27
101.228.187.155 - - [15/Sep/2023:09:56:47 +0800] "GET /xingrg/all/function/internal_message.html?_=1694743006266&CODE_STATE=getMsg HTTP/1.1" 200 27
101.83.145.37 - - [15/Sep/2023:09:56:51 +0800] "GET /xingrg/all/function/internal_message.html?_=1694742801566&CODE_STATE=getMsg HTTP/1.1" 200 27
124.78.69.58 - - [15/Sep/2023:09:56:54 +0800] "GET /xingrg/all/function/internal_message.html?_=1694742447364&CODE_STATE=getMsg HTTP/1.1" 200 27
221.239.166.189 - - [15/Sep/2023:09:56:55 +0800] "GET /xingrg/check_reg.html?_=1694743013387 HTTP/1.1" 200 22
114.83.221.29 - - [15/Sep/2023:09:56:57 +0800] "GET /xingrg/all/function/internal_message.html?_=1694743166704&CODE_STATE=getMsg HTTP/1.1" 200 27
180.169.147.146 - - [15/Sep/2023:09:56:57 +0800] "GET /xingrg/all/function/internal_message.html?_=1694743027711&CODE_STATE=getMsg HTTP/1.1" 200 27
222.70.180.200 - - [15/Sep/2023:09:57:01 +0800] "GET /xingrg/all/function/internal_message.html?_=1694743023147&CODE_STATE=getMsg HTTP/1.1" 200 27
120.253.135.82 - - [15/Sep/2023:09:57:01 +0800] "GET /xingrg/all/function/internal_message.html?_=1694742826494&CODE_STATE=getMsg HTTP/1.1" 200 27
180.165.48.189 - - [15/Sep/2023:09:57:03 +0800] "GET /xingrg/all/function/internal_message.html?_=1694743022096&CODE_STATE=getMsg HTTP/1.1" 200 27
116.232.195.127 - - [15/Sep/2023:09:57:04 +0800] "GET /xingrg/all/function/internal_message.html?_=1694742896421&CODE_STATE=getMsg HTTP/1.1" 200 27
114.83.217.74 - - [15/Sep/2023:09:57:13 +0800] "GET /xingrg/all/function/internal_message.html?_=1694743030974&CODE_STATE=getMsg HTTP/1.1" 200 27
120.253.135.82 - - [15/Sep/2023:09:57:15 +0800] "POST /xingrg/kc/pszx/mdps_list_operate.html HTTP/1.1" 200 2440
221.239.166.189 - - [15/Sep/2023:09:57:18 +0800] "GET /xingrg/kc/buy/cgsh_order_add.html HTTP/1.1" 200 71511
221.239.166.189 - - [15/Sep/2023:09:57:18 +0800] "POST /xingrg/kc/buy/cgsh_order_operate.html HTTP/1.1" 200 8245
221.239.166.189 - - [15/Sep/2023:09:57:19 +0800] "GET /xingrg/javascript/easyui/themes/default/validatebox.css HTTP/1.1" 404 1104
180.163.30.76 - - [15/Sep/2023:09:57:20 +0800] "GET /xingrg/all/function/internal_message.html?_=1694742977399&CODE_STATE=getMsg HTTP/1.1" 302 -
180.163.30.76 - - [15/Sep/2023:09:57:20 +0800] "GET /xingrg/login.html HTTP/1.1" 200 7641
124.78.155.92 - - [15/Sep/2023:09:57:20 +0800] "GET /xingrg/all/function/internal_message.html?_=1694743037401&CODE_STATE=getMsg HTTP/1.1" 200 27
180.152.241.196 - - [15/Sep/2023:09:57:20 +0800] "GET /xingrg/kc/buy/cgsh_order_operate.html?command=get_materiel&rest_code=00102&code=00102006612&supplier_code=00100151&order_time=2023-09-15 HTTP/1.1" 200 415
221.239.166.189 - - [15/Sep/2023:09:57:22 +0800] "GET /xingrg/kc/buy/cgsh_order_add.html HTTP/1.1" 200 71511
221.239.166.189 - - [15/Sep/2023:09:57:22 +0800] "GET /xingrg/javascript/easyui/themes/default/validatebox.css HTTP/1.1" 404 1104
221.239.166.189 - - [15/Sep/2023:09:57:22 +0800] "POST /xingrg/kc/buy/cgsh_order_operate.html HTTP/1.1" 200 8245
222.70.107.27 - - [15/Sep/2023:09:57:23 +0800] "GET /xingrg/all/function/internal_message.html?_=1694743049645&CODE_STATE=getMsg HTTP/1.1" 200 27
120.253.135.82 - - [15/Sep/2023:09:57:24 +0800] "POST /xingrg/kc/pszx/mdps_list_operate.html HTTP/1.1" 200 2057
120.253.135.82 - - [15/Sep/2023:09:57:25 +0800] "POST /xingrg/kc/pszx/mdps_list_operate.html HTTP/1.1" 200 202
120.253.135.82 - - [15/Sep/2023:09:57:27 +0800] "GET /xingrg/kc/pszx/mdps_order_info.html?code=312023091400338 HTTP/1.1" 200 23976
120.253.135.82 - - [15/Sep/2023:09:57:27 +0800] "GET /xingrg/javascript/easyui/themes/default/validatebox.css HTTP/1.1" 404 1104
120.253.135.82 - - [15/Sep/2023:09:57:28 +0800] "POST /xingrg/kc/pszx/mdps_order_operate.html HTTP/1.1" 200 2277
116.230.112.9 - - [15/Sep/2023:09:57:28 +0800] "GET /xingrg/check_reg.html?_=1694743065599 HTTP/1.1" 200 22
180.152.241.196 - - [15/Sep/2023:09:57:28 +0800] "GET /xingrg/all/function/internal_message.html?_=1694743050300&CODE_STATE=getMsg HTTP/1.1" 200 27
120.253.135.82 - - [15/Sep/2023:09:57:33 +0800] "GET /xingrg/check_reg.html?_=1694742857926 HTTP/1.1" 200 22
180.169.147.146 - - [15/Sep/2023:09:57:39 +0800] "GET /xingrg/check_reg.html?_=1694743069487 HTTP/1.1" 200 22
114.95.241.104 - - [15/Sep/2023:09:57:41 +0800] "GET /xingrg/all/function/internal_message.html?_=1694743059721&CODE_STATE=getMsg HTTP/1.1" 200 27
120.253.135.82 - - [15/Sep/2023:09:57:44 +0800] "POST /xingrg/kc/pszx/mdps_order_operate.html HTTP/1.1" 200 37
116.230.112.9 - - [15/Sep/2023:09:57:45 +0800] "GET /xingrg/all/function/internal_message.html?_=1694743083009&CODE_STATE=getMsg HTTP/1.1" 200 27
120.253.135.82 - - [15/Sep/2023:09:57:46 +0800] "GET /xingrg/kc/pszx/mdps_order_info.html?code=312023091400338 HTTP/1.1" 200 23982
180.152.241.196 - - [15/Sep/2023:09:57:46 +0800] "POST /xingrg/kc/buy/cgsh_order_operate.html HTTP/1.1" 200 37
218.81.73.219 - - [15/Sep/2023:09:57:47 +0800] "GET /xingrg/all/function/internal_message.html?_=1694743067268&CODE_STATE=getMsg HTTP/1.1" 200 27
120.253.135.82 - - [15/Sep/2023:09:57:47 +0800] "GET /xingrg/javascript/easyui/themes/default/validatebox.css HTTP/1.1" 404 1104
101.228.187.155 - - [15/Sep/2023:09:57:47 +0800] "GET /xingrg/all/function/internal_message.html?_=1694743066251&CODE_STATE=getMsg HTTP/1.1" 200 27
120.253.135.82 - - [15/Sep/2023:09:57:47 +0800] "POST /xingrg/kc/pszx/mdps_order_operate.html HTTP/1.1" 200 2277
101.83.145.37 - - [15/Sep/2023:09:57:51 +0800] "GET /xingrg/all/function/internal_message.html?_=1694742861566&CODE_STATE=getMsg HTTP/1.1" 200 27
124.78.69.58 - - [15/Sep/2023:09:57:54 +0800] "GET /xingrg/all/function/internal_message.html?_=1694742507375&CODE_STATE=getMsg HTTP/1.1" 200 27
180.152.241.196 - - [15/Sep/2023:09:57:56 +0800] "POST /xingrg/kc/buy/cgsh_order_operate.html HTTP/1.1" 200 12
114.83.221.29 - - [15/Sep/2023:09:57:57 +0800] "GET /xingrg/all/function/internal_message.html?_=1694743226695&CODE_STATE=getMsg HTTP/1.1" 200 27
180.169.147.146 - - [15/Sep/2023:09:57:57 +0800] "GET /xingrg/all/function/internal_message.html?_=1694743087723&CODE_STATE=getMsg HTTP/1.1" 200 27
222.70.180.200 - - [15/Sep/2023:09:58:01 +0800] "GET /xingrg/all/function/internal_message.html?_=1694743083151&CODE_STATE=getMsg HTTP/1.1" 200 27
120.253.135.82 - - [15/Sep/2023:09:58:01 +0800] "GET /xingrg/all/function/internal_message.html?_=1694742886545&CODE_STATE=getMsg HTTP/1.1" 200 27
120.253.135.82 - - [15/Sep/2023:09:58:02 +0800] "POST /xingrg/kc/pszx/mdps_order_operate.html HTTP/1.1" 200 37
180.152.241.196 - - [15/Sep/2023:09:58:03 +0800] "GET /xingrg/kc/buy/cgsh_order_info.html?code=212023091505728 HTTP/1.1" 200 67248
180.152.241.196 - - [15/Sep/2023:09:58:03 +0800] "GET /xingrg/javascript/easyui/themes/default/validatebox.css HTTP/1.1" 404 1104
221.239.166.189 - - [15/Sep/2023:09:58:03 +0800] "GET /xingrg/kc/base/yddb_order_list.html HTTP/1.1" 200 16786
221.239.166.189 - - [15/Sep/2023:09:58:03 +0800] "GET /xingrg/javascript/jquery_tools/list_manager.js HTTP/1.1" 200 3652
180.165.48.189 - - [15/Sep/2023:09:58:03 +0800] "GET /xingrg/all/function/internal_message.html?_=1694743082098&CODE_STATE=getMsg HTTP/1.1" 200 27
221.239.166.189 - - [15/Sep/2023:09:58:04 +0800] "POST /xingrg/kc/base/yddb_list_operate.html HTTP/1.1" 200 636
180.152.241.196 - - [15/Sep/2023:09:58:04 +0800] "POST /xingrg/kc/buy/cgsh_order_operate.html HTTP/1.1" 200 609
116.232.195.127 - - [15/Sep/2023:09:58:04 +0800] "GET /xingrg/all/function/internal_message.html?_=1694742956418&CODE_STATE=getMsg HTTP/1.1" 200 27
120.253.135.82 - - [15/Sep/2023:09:58:05 +0800] "GET /xingrg/kc/pszx/mdps_order_info.html?code=312023091400338 HTTP/1.1" 200 23982
120.253.135.82 - - [15/Sep/2023:09:58:05 +0800] "GET /xingrg/javascript/easyui/themes/default/validatebox.css HTTP/1.1" 404 1104
120.253.135.82 - - [15/Sep/2023:09:58:06 +0800] "POST /xingrg/kc/pszx/mdps_order_operate.html HTTP/1.1" 200 2277
221.239.166.189 - - [15/Sep/2023:09:58:06 +0800] "GET /xingrg/kc/base/yddb_order_add.html HTTP/1.1" 200 29953
221.239.166.189 - - [15/Sep/2023:09:58:06 +0800] "GET /xingrg/css/blue.css HTTP/1.1" 200 15949
221.239.166.189 - - [15/Sep/2023:09:58:06 +0800] "GET /xingrg/dwr/interface/AjaxYddbService.js HTTP/1.1" 200 13201
221.239.166.189 - - [15/Sep/2023:09:58:06 +0800] "GET /xingrg/dwr/interface/AjaxComOrderService.js HTTP/1.1" 200 18264
221.239.166.189 - - [15/Sep/2023:09:58:06 +0800] "GET /xingrg/dwr/util.js HTTP/1.1" 200 35990
221.239.166.189 - - [15/Sep/2023:09:58:06 +0800] "GET /xingrg/dwr/engine.js HTTP/1.1" 200 43631
221.239.166.189 - - [15/Sep/2023:09:58:06 +0800] "GET /xingrg/javascript/checkform.js HTTP/1.1" 200 18351
221.239.166.189 - - [15/Sep/2023:09:58:06 +0800] "GET /xingrg/javascript/AjaxInfoList.js HTTP/1.1" 200 3774
221.239.166.189 - - [15/Sep/2023:09:58:06 +0800] "GET /xingrg/javascript/Calendar.js HTTP/1.1" 200 31561
221.239.166.189 - - [15/Sep/2023:09:58:06 +0800] "GET /xingrg/javascript/myfunction.js HTTP/1.1" 200 24559
221.239.166.189 - - [15/Sep/2023:09:58:06 +0800] "GET /xingrg/javascript/ToolTips.js HTTP/1.1" 200 5615
221.239.166.189 - - [15/Sep/2023:09:58:06 +0800] "GET /xingrg/javascript/Grid.js HTTP/1.1" 200 58908
221.239.166.189 - - [15/Sep/2023:09:58:06 +0800] "GET /xingrg/javascript/jquery_easy_ui/themes/icon.css HTTP/1.1" 200 3949
221.239.166.189 - - [15/Sep/2023:09:58:06 +0800] "GET /xingrg/javascript/jquery_easy_ui/themes/default/easyui.css HTTP/1.1" 200 26500
221.239.166.189 - - [15/Sep/2023:09:58:07 +0800] "GET /xingrg/javascript/jquery_easy_ui/themes/icons/edit_add_new.png HTTP/1.1" 200 2997
221.239.166.189 - - [15/Sep/2023:09:58:07 +0800] "GET /xingrg/javascript/jquery_easy_ui/themes/icons/check_new.png HTTP/1.1" 200 3224
221.239.166.189 - - [15/Sep/2023:09:58:07 +0800] "GET /xingrg/javascript/jquery_easy_ui/themes/icons/print.png HTTP/1.1" 200 1057
221.239.166.189 - - [15/Sep/2023:09:58:07 +0800] "GET /xingrg/javascript/jquery_easy_ui/themes/default/images/menu_downarrow.png HTTP/1.1" 200 173
