58.40.7.146 - - [15/Sep/2023:10:16:14 +0800] "GET /xingrg/javascript/jquery_tools/jquery-1.4.2.min.js HTTP/1.1" 404 1094
58.40.7.146 - - [15/Sep/2023:10:16:15 +0800] "GET /xingrg/javascript/easyui/themes/default/validatebox.css HTTP/1.1" 404 1104
58.40.7.146 - - [15/Sep/2023:10:16:15 +0800] "POST /xingrg/kc/mdqp/pssh_order_operate.html HTTP/1.1" 200 1031
124.78.69.58 - - [15/Sep/2023:10:16:18 +0800] "POST /xingrg/kc/buy/cgsh_order_operate.html HTTP/1.1" 200 37
180.163.28.180 - - [15/Sep/2023:10:16:20 +0800] "GET /xingrg/all/function/internal_message.html?_=1694744117417&CODE_STATE=getMsg HTTP/1.1" 302 -
180.163.28.180 - - [15/Sep/2023:10:16:20 +0800] "GET /xingrg/login.html HTTP/1.1" 200 7641
124.78.155.92 - - [15/Sep/2023:10:16:20 +0800] "GET /xingrg/all/function/internal_message.html?_=1694744177420&CODE_STATE=getMsg HTTP/1.1" 200 27
124.78.69.58 - - [15/Sep/2023:10:16:20 +0800] "POST /xingrg/kc/buy/cgsh_order_operate.html HTTP/1.1" 200 5028
222.70.107.27 - - [15/Sep/2023:10:16:23 +0800] "GET /xingrg/all/function/internal_message.html?_=1694744189709&CODE_STATE=getMsg HTTP/1.1" 200 27
124.78.69.58 - - [15/Sep/2023:10:16:25 +0800] "GET /xingrg/kc/print/load_data.html?order_code=212023091505734&kc_code=cgsh&condition= HTTP/1.1" 200 1664
180.152.241.196 - - [15/Sep/2023:10:16:29 +0800] "GET /xingrg/javascript/jquery_easy_ui/themes/icons/rest.png HTTP/1.1" 200 695
180.152.241.196 - - [15/Sep/2023:10:16:29 +0800] "GET /xingrg/javascript/jquery_easy_ui/themes/icons/area.png HTTP/1.1" 200 262
58.40.7.146 - - [15/Sep/2023:10:16:32 +0800] "GET /xingrg/all/report/report_query.html?isQuery=1&fileName=kc/base/crk_detail_by_small.xml&rh=99999&queryString=&queryText=%25E3%2580%2590%25E4%25BB%2593%25E5%25BA%2593%25E5%2590%258D%25E7%25A7%25B0%253A%25E5%258E%25A8%25E6%2588%25BF%25E5%25BA%2593%25E3%2580%2591%25E3%2580%2590%25E4%25B8%259A%25E5%258A%25A1%25E7%25B1%25BB%25E5%259E%258B%25EF%25BC%259A%25E5%2586%2585%25E9%2583%25A8%25E8%25B0%2583%25E5%2587%25BA%25E3%2580%2591%2520%253F%253F%253F%253F%253F2023-09-01%253F%253F2023-09-30%2520%253F%253F%253F%253F%253F%253F%253F%253F%253F&tableQueryString=crk_table%2524sp1%2524order_day%2520between%252020230901%2520and%252020230930%2520and%2520(base_code%253D'0010841')%2520and%2520(src_order_type%2520in%2520(42))%2520and%2520(is_rk%2520in%2520(0)) HTTP/1.1" 200 53786
58.40.7.146 - - [15/Sep/2023:10:16:32 +0800] "GET /xingrg/dwr/interface/AjaxReportQueryService.js HTTP/1.1" 200 13203
58.40.7.146 - - [15/Sep/2023:10:16:32 +0800] "GET /xingrg/dwr/engine.js HTTP/1.1" 200 43631
58.40.7.146 - - [15/Sep/2023:10:16:33 +0800] "POST /xingrg/all/report/load_report_page.html HTTP/1.1" 200 11751
58.40.7.146 - - [15/Sep/2023:10:16:33 +0800] "GET /xingrg/servlets/image?cache=0.29949991890956207&image=px HTTP/1.1" 200 807
58.40.7.146 - - [15/Sep/2023:10:16:36 +0800] "POST /xingrg/all/report/load_report_page.html HTTP/1.1" 200 16010
58.40.7.146 - - [15/Sep/2023:10:16:36 +0800] "GET /xingrg/servlets/image?cache=0.8923777122619946&image=px HTTP/1.1" 200 807
180.152.241.196 - - [15/Sep/2023:10:16:36 +0800] "POST /xingrg/kc/buy/cgsh_list_operate.html HTTP/1.1" 200 565
58.40.7.146 - - [15/Sep/2023:10:16:38 +0800] "GET /xingrg/all/report/report_query.html?isQuery=1&fileName=kc/base/crk_detail_by_list.xml&queryString=&queryText=%25E3%2580%2590%25E4%25BB%2593%25E5%25BA%2593%25E5%2590%258D%25E7%25A7%25B0%253A%25E5%258E%25A8%25E6%2588%25BF%25E5%25BA%2593%25E3%2580%2591%25E3%2580%2590%25E4%25B8%259A%25E5%258A%25A1%25E7%25B1%25BB%25E5%259E%258B%25EF%25BC%259A%25E5%2586%2585%25E9%2583%25A8%25E8%25B0%2583%25E5%2587%25BA%25E3%2580%2591%2520%253F%253F%253F%253F%253F2023-09-01%253F%253F2023-09-30%2520%253F%253F%253F%253F%253F%253F%253F%253F%253F&tableQueryString=crk_table%2524sp1%2524order_day%2520between%252020230901%2520and%252020230930%2520and%2520(base_code%253D'0010841')%2520and%2520(src_order_type%2520in%2520(42))%2520and%2520(is_rk%2520in%2520(0))%2520and%2520(a.materiel_code%253D'00102002095') HTTP/1.1" 200 51025
180.152.241.196 - - [15/Sep/2023:10:16:38 +0800] "GET /xingrg/kc/buy/cgsh_order_info.html?code=212023091505729 HTTP/1.1" 200 67248
58.40.7.146 - - [15/Sep/2023:10:16:38 +0800] "GET /xingrg/dwr/interface/AjaxReportQueryService.js HTTP/1.1" 200 13203
58.40.7.146 - - [15/Sep/2023:10:16:38 +0800] "GET /xingrg/dwr/engine.js HTTP/1.1" 200 43631
180.152.241.196 - - [15/Sep/2023:10:16:38 +0800] "GET /xingrg/javascript/easyui/themes/default/validatebox.css HTTP/1.1" 404 1104
58.40.7.146 - - [15/Sep/2023:10:16:39 +0800] "POST /xingrg/all/report/load_report_page.html HTTP/1.1" 200 15995
58.40.7.146 - - [15/Sep/2023:10:16:39 +0800] "GET /xingrg/servlets/image?cache=0.9900835995694643&image=px HTTP/1.1" 200 807
180.152.241.196 - - [15/Sep/2023:10:16:39 +0800] "POST /xingrg/kc/buy/cgsh_order_operate.html HTTP/1.1" 200 3557
58.40.7.146 - - [15/Sep/2023:10:16:41 +0800] "GET /xingrg/kc/guide/show_order.html?code=422023090500451&type=42 HTTP/1.1" 302 -
58.40.7.146 - - [15/Sep/2023:10:16:41 +0800] "GET /xingrg/kc/base/wldb_order_info.html?code=422023090500451&sysBaseUrl=http%3A%2F%2F180.169.147.146%3A18081%2Fxingrg%2F&costTime=1×tamp=1694744201612 HTTP/1.1" 200 26605
58.40.7.146 - - [15/Sep/2023:10:16:42 +0800] "GET /favicon.ico HTTP/1.1" 404 -
58.40.7.146 - - [15/Sep/2023:10:16:42 +0800] "GET /xingrg/javascript/easyui/themes/default/validatebox.css HTTP/1.1" 404 1104
101.83.145.37 - - [15/Sep/2023:10:16:42 +0800] "GET /xingrg/kc/buy/cgsh_order_operate.html?command=get_materiel&rest_code=00105&code=00101008356&supplier_code=00100005&order_time=2023-09-15 HTTP/1.1" 200 409
58.40.7.146 - - [15/Sep/2023:10:16:42 +0800] "POST /xingrg/kc/base/wldb_order_operate.html HTTP/1.1" 200 475
101.83.145.37 - - [15/Sep/2023:10:16:45 +0800] "GET /xingrg/all/function/internal_message.html?_=1694744204796&CODE_STATE=getMsg HTTP/1.1" 200 27
218.81.73.219 - - [15/Sep/2023:10:16:47 +0800] "GET /xingrg/all/function/internal_message.html?_=1694744207325&CODE_STATE=getMsg HTTP/1.1" 200 27
101.228.187.155 - - [15/Sep/2023:10:16:47 +0800] "GET /xingrg/all/function/internal_message.html?_=1694744206280&CODE_STATE=getMsg HTTP/1.1" 200 27
58.40.7.146 - - [15/Sep/2023:10:16:47 +0800] "GET /xingrg/all/function/internal_message.html?_=1694744208528&CODE_STATE=getMsg HTTP/1.1" 200 27
101.83.145.37 - - [15/Sep/2023:10:16:50 +0800] "GET /xingrg/kc/buy/cgsh_order_operate.html?command=get_materiel&rest_code=00105&code=00101008286&supplier_code=00100005&order_time=2023-09-15 HTTP/1.1" 200 408
58.40.7.146 - - [15/Sep/2023:10:16:50 +0800] "POST /xingrg/kc/base/wldb_order_operate.html HTTP/1.1" 200 12
116.230.112.9 - - [15/Sep/2023:10:16:50 +0800] "GET /xingrg/all/function/internal_message.html?_=1694744228075&CODE_STATE=getMsg HTTP/1.1" 200 27
101.83.145.37 - - [15/Sep/2023:10:16:51 +0800] "GET /xingrg/all/function/internal_message.html?_=1694744001592&CODE_STATE=getMsg HTTP/1.1" 200 27
58.40.7.146 - - [15/Sep/2023:10:16:51 +0800] "GET /xingrg/kc/base/wldb_order_info.html?code=422023090500451 HTTP/1.1" 200 30480
58.40.7.146 - - [15/Sep/2023:10:16:52 +0800] "GET /favicon.ico HTTP/1.1" 404 -
58.40.7.146 - - [15/Sep/2023:10:16:52 +0800] "GET /xingrg/javascript/easyui/themes/default/validatebox.css HTTP/1.1" 404 1104
58.40.7.146 - - [15/Sep/2023:10:16:52 +0800] "GET /xingrg/all/common/auto_word.html?type=base&rest_code=00150 HTTP/1.1" 200 1853
58.40.7.146 - - [15/Sep/2023:10:16:52 +0800] "GET /xingrg/all/common/auto_word.html?type=base&rest_code=00150 HTTP/1.1" 200 1853
58.40.7.146 - - [15/Sep/2023:10:16:52 +0800] "POST /xingrg/kc/base/wldb_order_operate.html HTTP/1.1" 200 2180
180.152.241.196 - - [15/Sep/2023:10:16:54 +0800] "GET /xingrg/all/function/internal_message.html?_=1694744215888&CODE_STATE=getMsg HTTP/1.1" 200 27
124.78.69.58 - - [15/Sep/2023:10:16:54 +0800] "GET /xingrg/all/function/internal_message.html?_=1694743647422&CODE_STATE=getMsg HTTP/1.1" 200 27
221.239.166.189 - - [15/Sep/2023:10:16:54 +0800] "GET /xingrg/check_reg.html?_=1694744213307 HTTP/1.1" 200 22
180.152.241.196 - - [15/Sep/2023:10:16:56 +0800] "GET /xingrg/kc/print/load_config.html?kc_code=cgsh HTTP/1.1" 200 1927
114.83.221.29 - - [15/Sep/2023:10:16:57 +0800] "GET /xingrg/all/function/internal_message.html?_=1694744366712&CODE_STATE=getMsg HTTP/1.1" 200 27
180.152.241.196 - - [15/Sep/2023:10:16:57 +0800] "GET /xingrg/kc/print/load_data.html?order_code=212023091505729&kc_code=cgsh&condition= HTTP/1.1" 200 1777
180.169.147.146 - - [15/Sep/2023:10:16:57 +0800] "GET /xingrg/all/function/internal_message.html?_=1694744228152&CODE_STATE=getMsg HTTP/1.1" 200 27
58.40.7.146 - - [15/Sep/2023:10:16:58 +0800] "GET /xingrg/javascript/auto/indicator.gif HTTP/1.1" 404 1066
101.83.145.37 - - [15/Sep/2023:10:17:00 +0800] "GET /xingrg/kc/buy/cgsh_order_operate.html?command=get_materiel&rest_code=00105&code=00101008275&supplier_code=00100005&order_time=2023-09-15 HTTP/1.1" 200 416
222.70.180.200 - - [15/Sep/2023:10:17:01 +0800] "GET /xingrg/all/function/internal_message.html?_=1694744223189&CODE_STATE=getMsg HTTP/1.1" 200 27
120.253.135.82 - - [15/Sep/2023:10:17:02 +0800] "GET /xingrg/all/function/internal_message.html?_=1694744027412&CODE_STATE=getMsg HTTP/1.1" 200 27
58.40.7.146 - - [15/Sep/2023:10:17:03 +0800] "POST /xingrg/kc/base/wldb_order_operate.html HTTP/1.1" 200 37
180.165.48.189 - - [15/Sep/2023:10:17:03 +0800] "GET /xingrg/all/function/internal_message.html?_=1694744223663&CODE_STATE=getMsg HTTP/1.1" 200 27
116.232.195.127 - - [15/Sep/2023:10:17:04 +0800] "GET /xingrg/all/function/internal_message.html?_=1694744096412&CODE_STATE=getMsg HTTP/1.1" 200 27
114.95.241.104 - - [15/Sep/2023:10:17:07 +0800] "GET /xingrg/all/function/internal_message.html?_=1694744225924&CODE_STATE=getMsg HTTP/1.1" 200 27
114.95.241.104 - - [15/Sep/2023:10:17:07 +0800] "GET /xingrg/check_reg.html?_=1694744225974 HTTP/1.1" 200 22
58.40.7.146 - - [15/Sep/2023:10:17:08 +0800] "POST /xingrg/kc/base/wldb_order_operate.html HTTP/1.1" 200 12
58.40.7.146 - - [15/Sep/2023:10:17:08 +0800] "POST /xingrg/kc/base/wldb_order_operate.html HTTP/1.1" 200 2180
180.152.241.196 - - [15/Sep/2023:10:17:10 +0800] "GET /xingrg/kc/buy/cgsh_order_add.html HTTP/1.1" 200 72351
180.152.241.196 - - [15/Sep/2023:10:17:10 +0800] "POST /xingrg/kc/buy/cgsh_order_operate.html HTTP/1.1" 200 8245
180.152.241.196 - - [15/Sep/2023:10:17:10 +0800] "GET /xingrg/javascript/easyui/themes/default/validatebox.css HTTP/1.1" 404 1104
180.152.241.196 - - [15/Sep/2023:10:17:10 +0800] "GET /xingrg/all/common/auto_word.html?type=employee&rest_code=00102 HTTP/1.1" 200 189
180.152.241.196 - - [15/Sep/2023:10:17:10 +0800] "GET /xingrg/all/common/auto_word.html?type=employee&rest_code=00102 HTTP/1.1" 200 189
114.83.217.74 - - [15/Sep/2023:10:17:13 +0800] "GET /xingrg/all/function/internal_message.html?_=1694744231015&CODE_STATE=getMsg HTTP/1.1" 200 27
124.78.155.92 - - [15/Sep/2023:10:17:20 +0800] "GET /xingrg/all/function/internal_message.html?_=1694744237421&CODE_STATE=getMsg HTTP/1.1" 200 27
222.70.107.27 - - [15/Sep/2023:10:17:23 +0800] "GET /xingrg/all/function/internal_message.html?_=1694744249700&CODE_STATE=getMsg HTTP/1.1" 200 27
116.230.112.9 - - [15/Sep/2023:10:17:28 +0800] "GET /xingrg/check_reg.html?_=1694744265621 HTTP/1.1" 200 22
222.70.180.200 - - [15/Sep/2023:10:17:28 +0800] "GET /xingrg/kc/buy/cgsh_order_operate.html?command=get_materiel&rest_code=00111&code=00101008685&supplier_code=00100005&order_time=2023-09-15 HTTP/1.1" 200 421
101.83.145.37 - - [15/Sep/2023:10:17:31 +0800] "GET /xingrg/kc/buy/cgsh_order_operate.html?command=get_materiel&rest_code=00105&code=00101008045&supplier_code=00100005&order_time=2023-09-15 HTTP/1.1" 200 412
120.253.135.82 - - [15/Sep/2023:10:17:33 +0800] "GET /xingrg/check_reg.html?_=1694744058093 HTTP/1.1" 200 22
58.40.7.146 - - [15/Sep/2023:10:17:33 +0800] "GET /xingrg/kc/base/wldb_order_info.html?code=422023090500451 HTTP/1.1" 200 26597
58.40.7.146 - - [15/Sep/2023:10:17:34 +0800] "GET /xingrg/javascript/easyui/themes/default/validatebox.css HTTP/1.1" 404 1104
58.40.7.146 - - [15/Sep/2023:10:17:34 +0800] "POST /xingrg/kc/base/wldb_order_operate.html HTTP/1.1" 200 475
180.169.147.146 - - [15/Sep/2023:10:17:39 +0800] "GET /xingrg/check_reg.html?_=1694744269509 HTTP/1.1" 200 22
101.83.145.37 - - [15/Sep/2023:10:17:45 +0800] "GET /xingrg/all/function/internal_message.html?_=1694744264809&CODE_STATE=getMsg HTTP/1.1" 200 27
101.83.145.37 - - [15/Sep/2023:10:17:46 +0800] "GET /xingrg/kc/buy/cgsh_order_operate.html?command=get_materiel&rest_code=00105&code=00101008163&supplier_code=00100005&order_time=2023-09-15 HTTP/1.1" 200 409
218.81.73.219 - - [15/Sep/2023:10:17:47 +0800] "GET /xingrg/all/function/internal_message.html?_=1694744267311&CODE_STATE=getMsg HTTP/1.1" 200 27
101.228.187.155 - - [15/Sep/2023:10:17:47 +0800] "GET /xingrg/all/function/internal_message.html?_=1694744266279&CODE_STATE=getMsg HTTP/1.1" 200 27
116.230.112.9 - - [15/Sep/2023:10:17:50 +0800] "GET /xingrg/all/function/internal_message.html?_=1694744288086&CODE_STATE=getMsg HTTP/1.1" 200 27
101.83.145.37 - - [15/Sep/2023:10:17:51 +0800] "GET /xingrg/all/function/internal_message.html?_=1694744061592&CODE_STATE=getMsg HTTP/1.1" 200 27
180.152.241.196 - - [15/Sep/2023:10:17:54 +0800] "GET /xingrg/all/function/internal_message.html?_=1694744275905&CODE_STATE=getMsg HTTP/1.1" 200 27
124.78.69.58 - - [15/Sep/2023:10:17:54 +0800] "GET /xingrg/all/function/internal_message.html?_=1694743707427&CODE_STATE=getMsg HTTP/1.1" 200 27
114.83.221.29 - - [15/Sep/2023:10:17:57 +0800] "GET /xingrg/all/function/internal_message.html?_=1694744426703&CODE_STATE=getMsg HTTP/1.1" 200 27
180.169.147.146 - - [15/Sep/2023:10:17:57 +0800] "GET /xingrg/all/function/internal_message.html?_=1694744288166&CODE_STATE=getMsg HTTP/1.1" 200 27
101.83.145.37 - - [15/Sep/2023:10:17:59 +0800] "GET /xingrg/kc/buy/cgsh_order_operate.html?command=get_materiel&rest_code=00105&code=00101008361&supplier_code=00100005&order_time=2023-09-15 HTTP/1.1" 200 408
222.70.180.200 - - [15/Sep/2023:10:18:01 +0800] "GET /xingrg/all/function/internal_message.html?_=1694744283185&CODE_STATE=getMsg HTTP/1.1" 200 27
120.253.135.82 - - [15/Sep/2023:10:18:02 +0800] "GET /xingrg/all/function/internal_message.html?_=1694744087419&CODE_STATE=getMsg HTTP/1.1" 200 27
180.165.48.189 - - [15/Sep/2023:10:18:03 +0800] "GET /xingrg/all/function/internal_message.html?_=1694744283672&CODE_STATE=getMsg HTTP/1.1" 200 27
116.232.195.127 - - [15/Sep/2023:10:18:04 +0800] "GET /xingrg/all/function/internal_message.html?_=1694744156407&CODE_STATE=getMsg HTTP/1.1" 200 27
101.83.145.37 - - [15/Sep/2023:10:18:06 +0800] "GET /xingrg/kc/buy/cgsh_order_operate.html?command=get_materiel&rest_code=00105&code=00101008355&supplier_code=00100005&order_time=2023-09-15 HTTP/1.1" 200 408
114.95.241.104 - - [15/Sep/2023:10:18:07 +0800] "POST /xingrg/dwr/call/plaincall/AjaxYddbService.saveOrder.dwr HTTP/1.1" 200 78
114.95.241.104 - - [15/Sep/2023:10:18:13 +0800] "POST /xingrg/dwr/call/plaincall/AjaxYddbService.objCheckOrder.dwr HTTP/1.1" 200 78
114.83.217.74 - - [15/Sep/2023:10:18:13 +0800] "GET /xingrg/all/function/internal_message.html?_=1694744291005&CODE_STATE=getMsg HTTP/1.1" 200 27
222.70.180.200 - - [15/Sep/2023:10:18:13 +0800] "GET /xingrg/kc/buy/cgsh_order_operate.html?command=get_materiel&rest_code=00111&code=00101008403&supplier_code=00100005&order_time=2023-09-15 HTTP/1.1" 200 412
101.83.145.37 - - [15/Sep/2023:10:18:14 +0800] "GET /xingrg/kc/buy/cgsh_order_operate.html?command=get_materiel&rest_code=00105&code=00101008264&supplier_code=00100005&order_time=2023-09-15 HTTP/1.1" 200 432
114.95.241.104 - - [15/Sep/2023:10:18:14 +0800] "GET /xingrg/kc/base/yddb_order_info.html?code=482023091500115 HTTP/1.1" 200 31429
114.95.241.104 - - [15/Sep/2023:10:18:14 +0800] "GET /xingrg/dwr/interface/AjaxComOrderService.js HTTP/1.1" 200 18264
114.95.241.104 - - [15/Sep/2023:10:18:14 +0800] "GET /xingrg/dwr/interface/AjaxYddbService.js HTTP/1.1" 200 13201
114.95.241.104 - - [15/Sep/2023:10:18:14 +0800] "GET /xingrg/dwr/engine.js HTTP/1.1" 200 43631
114.95.241.104 - - [15/Sep/2023:10:18:14 +0800] "POST /xingrg/dwr/call/plaincall/AjaxYddbService.loadMaterielItems.dwr HTTP/1.1" 200 758
124.78.155.92 - - [15/Sep/2023:10:18:20 +0800] "GET /xingrg/all/function/internal_message.html?_=1694744297425&CODE_STATE=getMsg HTTP/1.1" 200 27
222.70.107.27 - - [15/Sep/2023:10:18:23 +0800] "GET /xingrg/all/function/internal_message.html?_=1694744309706&CODE_STATE=getMsg HTTP/1.1" 200 27
101.83.145.37 - - [15/Sep/2023:10:18:26 +0800] "GET /xingrg/kc/buy/cgsh_order_operate.html?command=get_materiel&rest_code=00105&code=00101009030&supplier_code=00100005&order_time=2023-09-15 HTTP/1.1" 200 412
114.95.241.104 - - [15/Sep/2023:10:18:28 +0800] "POST /xingrg/all/user/operate.html HTTP/1.1" 200 36
114.95.241.104 - - [15/Sep/2023:10:18:28 +0800] "GET /xingrg/index.html?sysBaseUrl=http%3A%2F%2F180.169.147.146%3A18081%2Fxingrg%2F&costTime=804×tamp=1694740032382 HTTP/1.1" 200 17179
114.95.241.104 - - [15/Sep/2023:10:18:28 +0800] "GET /xingrg/javascript/jquery_easy_ui/themes/default/easyui.css HTTP/1.1" 304 -
114.95.241.104 - - [15/Sep/2023:10:18:28 +0800] "GET /xingrg/javascript/jquery_easy_ui/themes/icon.css HTTP/1.1" 304 -
114.95.241.104 - - [15/Sep/2023:10:18:28 +0800] "GET /xingrg/css/form.css HTTP/1.1" 304 -
114.95.241.104 - - [15/Sep/2023:10:18:28 +0800] "GET /xingrg/javascript/jquery-1.4.2.min.js HTTP/1.1" 304 -
114.95.241.104 - - [15/Sep/2023:10:18:28 +0800] "GET /xingrg/javascript/jquery_easy_ui/jquery.easyui.min.js HTTP/1.1" 304 -
114.95.241.104 - - [15/Sep/2023:10:18:28 +0800] "GET /xingrg/javascript/jquery_easy_ui/easyui-lang-zh_CN.js HTTP/1.1" 304 -
114.95.241.104 - - [15/Sep/2023:10:18:28 +0800] "GET /xingrg/javascript/jquery.form.js HTTP/1.1" 304 -
114.95.241.104 - - [15/Sep/2023:10:18:28 +0800] "GET /xingrg/javascript/jquery.utils.js HTTP/1.1" 304 -
114.95.241.104 - - [15/Sep/2023:10:18:28 +0800] "GET /xingrg/javascript/jquery.timers.js HTTP/1.1" 304 -
114.95.241.104 - - [15/Sep/2023:10:18:28 +0800] "GET /xingrg/images/blue/jxLogo.png HTTP/1.1" 304 -
114.95.241.104 - - [15/Sep/2023:10:18:28 +0800] "GET /xingrg/images/blue/navBackgound.jpg HTTP/1.1" 304 -
114.95.241.104 - - [15/Sep/2023:10:18:28 +0800] "GET /xingrg/javascript/jquery_easy_ui/themes/icons/settle_new.png HTTP/1.1" 304 -
114.95.241.104 - - [15/Sep/2023:10:18:28 +0800] "GET /xingrg/all/function/internal_message.html?_=1694744307207&CODE_STATE=count HTTP/1.1" 200 11
114.95.241.104 - - [15/Sep/2023:10:18:28 +0800] "GET /xingrg/check_reg.html?_=1694744307208 HTTP/1.1" 200 22
114.95.241.104 - - [15/Sep/2023:10:18:28 +0800] "GET /xingrg/javascript/jquery_easy_ui/themes/default/images/tabs_rightarrow.png HTTP/1.1" 304 -
114.95.241.104 - - [15/Sep/2023:10:18:28 +0800] "GET /xingrg/javascript/jquery_easy_ui/themes/default/images/panel_tool_collapse.gif HTTP/1.1" 304 -
114.95.241.104 - - [15/Sep/2023:10:18:28 +0800] "GET /xingrg/javascript/jquery_easy_ui/themes/default/images/tabs_leftarrow.png HTTP/1.1" 304 -
114.95.241.104 - - [15/Sep/2023:10:18:28 +0800] "GET /xingrg/images/blue/pingpu.png HTTP/1.1" 304 -
114.95.241.104 - - [15/Sep/2023:10:18:28 +0800] "POST /xingrg/all/common/load_tree.html?tree=area_rest_tree_json&manage=1 HTTP/1.1" 200 476
114.95.241.104 - - [15/Sep/2023:10:18:28 +0800] "POST /xingrg/load_menu.html HTTP/1.1" 200 5138
218.81.73.219 - - [15/Sep/2023:10:18:30 +0800] "GET /xingrg/kc/report/report_main.html HTTP/1.1" 200 7340
114.95.241.104 - - [15/Sep/2023:10:18:31 +0800] "GET /xingrg/kc/mdqp/qqps_order_list.html HTTP/1.1" 200 9222
114.95.241.104 - - [15/Sep/2023:10:18:31 +0800] "GET /xingrg/dwr/interface/AjaxQqpsService.js HTTP/1.1" 200 16326
114.95.241.104 - - [15/Sep/2023:10:18:31 +0800] "GET /xingrg/dwr/interface/AjaxReportQueryService.js HTTP/1.1" 200 13203
114.95.241.104 - - [15/Sep/2023:10:18:31 +0800] "GET /xingrg/dwr/engine.js HTTP/1.1" 200 43631
218.81.73.219 - - [15/Sep/2023:10:18:32 +0800] "GET /xingrg/all/report/report_query.html?fileName=kc/buy/gys_amount.xml&rh=99999 HTTP/1.1" 200 52006
218.81.73.219 - - [15/Sep/2023:10:18:32 +0800] "GET /xingrg/dwr/interface/AjaxReportQueryService.js HTTP/1.1" 200 13203
218.81.73.219 - - [15/Sep/2023:10:18:32 +0800] "GET /xingrg/dwr/engine.js HTTP/1.1" 200 43631
218.81.73.219 - - [15/Sep/2023:10:18:32 +0800] "POST /xingrg/dwr/call/plaincall/AjaxReportQueryService.getFixDate.dwr HTTP/1.1" 200 111
218.81.73.219 - - [15/Sep/2023:10:18:33 +0800] "POST /xingrg/all/common/load_tree.html?tree=supplier_tree_json&manage=1 HTTP/1.1" 200 78008
218.81.73.219 - - [15/Sep/2023:10:18:33 +0800] "POST /xingrg/dwr/call/plaincall/AjaxReportQueryService.getInitString.dwr HTTP/1.1" 200 1023
218.81.73.219 - - [15/Sep/2023:10:18:33 +0800] "POST /xingrg/all/common/load_tree.html?tree=materiel_sort_tree_json HTTP/1.1" 200 9500
114.95.241.104 - - [15/Sep/2023:10:18:35 +0800] "GET /xingrg/kc/mdqp/qqps_order_add.html HTTP/1.1" 200 28246
114.95.241.104 - - [15/Sep/2023:10:18:35 +0800] "GET /xingrg/dwr/interface/AjaxComOrderService.js HTTP/1.1" 200 18264
114.95.241.104 - - [15/Sep/2023:10:18:35 +0800] "GET /xingrg/dwr/interface/AjaxQqpsService.js HTTP/1.1" 200 16326
114.95.241.104 - - [15/Sep/2023:10:18:35 +0800] "GET /xingrg/dwr/engine.js HTTP/1.1" 200 43631
218.81.73.219 - - [15/Sep/2023:10:18:36 +0800] "GET /xingrg/javascript/jquery_easy_ui/themes/default/images/tree_checkbox_0.gif HTTP/1.1" 200 168
101.83.145.37 - - [15/Sep/2023:10:18:36 +0800] "GET /xingrg/kc/buy/cgsh_order_operate.html?command=get_materiel&rest_code=00105&code=00101015100&supplier_code=00100005&order_time=2023-09-15 HTTP/1.1" 200 426
180.169.147.146 - - [15/Sep/2023:10:18:39 +0800] "GET /xingrg/check_reg.html?_=1694744320321 HTTP/1.1" 200 22
101.83.145.37 - - [15/Sep/2023:10:18:45 +0800] "GET /xingrg/check_reg.html?_=1694744324731 HTTP/1.1" 200 22
101.83.145.37 - - [15/Sep/2023:10:18:45 +0800] "GET /xingrg/all/function/internal_message.html?_=1694744324736&CODE_STATE=getMsg HTTP/1.1" 200 27
218.81.73.219 - - [15/Sep/2023:10:18:47 +0800] "GET /xingrg/all/function/internal_message.html?_=1694744327322&CODE_STATE=getMsg HTTP/1.1" 200 27
101.228.187.155 - - [15/Sep/2023:10:18:47 +0800] "GET /xingrg/all/function/internal_message.html?_=1694744326277&CODE_STATE=getMsg HTTP/1.1" 200 27
222.70.180.200 - - [15/Sep/2023:10:18:48 +0800] "GET /xingrg/kc/buy/cgsh_order_operate.html?command=get_materiel&rest_code=00111&code=00101008005&supplier_code=00100005&order_time=2023-09-15 HTTP/1.1" 200 412
116.230.112.9 - - [15/Sep/2023:10:18:50 +0800] "GET /xingrg/all/function/internal_message.html?_=1694744348099&CODE_STATE=getMsg HTTP/1.1" 200 27
101.83.145.37 - - [15/Sep/2023:10:18:51 +0800] "GET /xingrg/check_reg.html?_=1694744121592 HTTP/1.1" 200 22
101.83.145.37 - - [15/Sep/2023:10:18:51 +0800] "GET /xingrg/all/function/internal_message.html?_=1694744121595&CODE_STATE=getMsg HTTP/1.1" 200 27
180.152.241.196 - - [15/Sep/2023:10:18:54 +0800] "GET /xingrg/all/function/internal_message.html?_=1694744335908&CODE_STATE=getMsg HTTP/1.1" 200 27
124.78.69.58 - - [15/Sep/2023:10:18:54 +0800] "GET /xingrg/check_reg.html?_=1694743767426 HTTP/1.1" 200 22
124.78.69.58 - - [15/Sep/2023:10:18:54 +0800] "GET /xingrg/all/function/internal_message.html?_=1694743767428&CODE_STATE=getMsg HTTP/1.1" 200 27
114.83.221.29 - - [15/Sep/2023:10:18:57 +0800] "GET /xingrg/check_reg.html?_=1694744486694 HTTP/1.1" 200 22
114.83.221.29 - - [15/Sep/2023:10:18:57 +0800] "GET /xingrg/all/function/internal_message.html?_=1694744486696&CODE_STATE=getMsg HTTP/1.1" 200 27
101.83.145.37 - - [15/Sep/2023:10:18:57 +0800] "GET /xingrg/kc/buy/cgsh_order_operate.html?command=get_materiel&rest_code=00105&code=00101008360&supplier_code=00100005&order_time=2023-09-15 HTTP/1.1" 200 412
180.169.147.146 - - [15/Sep/2023:10:18:57 +0800] "GET /xingrg/all/function/internal_message.html?_=1694744348180&CODE_STATE=getMsg HTTP/1.1" 200 27
114.95.241.104 - - [15/Sep/2023:10:18:58 +0800] "POST /xingrg/dwr/call/plaincall/AjaxQqpsService.saveOrder.dwr HTTP/1.1" 200 78
114.95.241.104 - - [15/Sep/2023:10:18:59 +0800] "GET /xingrg/javascript/auto/indicator.gif HTTP/1.1" 404 1066
222.70.180.200 - - [15/Sep/2023:10:19:01 +0800] "GET /xingrg/all/function/internal_message.html?_=1694744343191&CODE_STATE=getMsg HTTP/1.1" 200 27
120.253.135.82 - - [15/Sep/2023:10:19:02 +0800] "GET /xingrg/all/function/internal_message.html?_=1694744147432&CODE_STATE=getMsg HTTP/1.1" 200 27
114.95.241.104 - - [15/Sep/2023:10:19:03 +0800] "POST /xingrg/dwr/call/plaincall/AjaxQqpsService.getMaterielByCode.dwr HTTP/1.1" 200 3854
180.165.48.189 - - [15/Sep/2023:10:19:03 +0800] "GET /xingrg/all/function/internal_message.html?_=1694744343669&CODE_STATE=getMsg HTTP/1.1" 200 27
116.232.195.127 - - [15/Sep/2023:10:19:04 +0800] "GET /xingrg/all/function/internal_message.html?_=1694744216408&CODE_STATE=getMsg HTTP/1.1" 200 27
114.95.241.104 - - [15/Sep/2023:10:19:06 +0800] "POST /xingrg/dwr/call/plaincall/AjaxQqpsService.saveMaterielItem.dwr HTTP/1.1" 200 78
218.81.73.219 - - [15/Sep/2023:10:19:07 +0800] "GET /xingrg/javascript/jquery_easy_ui/themes/default/images/tree_checkbox_2.gif HTTP/1.1" 200 181
218.81.73.219 - - [15/Sep/2023:10:19:07 +0800] "GET /xingrg/javascript/jquery_easy_ui/themes/default/images/tree_checkbox_1.gif HTTP/1.1" 200 174
101.83.145.37 - - [15/Sep/2023:10:19:08 +0800] "GET /xingrg/kc/buy/cgsh_order_operate.html?command=get_materiel&rest_code=00105&code=00101008196&supplier_code=00100005&order_time=2023-09-15 HTTP/1.1" 200 416
222.70.180.200 - - [15/Sep/2023:10:19:09 +0800] "GET /xingrg/kc/buy/cgsh_order_operate.html?command=get_materiel&rest_code=00111&code=00101008026&supplier_code=00100005&order_time=2023-09-15 HTTP/1.1" 200 409
218.81.73.219 - - [15/Sep/2023:10:19:09 +0800] "POST /xingrg/dwr/call/plaincall/AjaxReportQueryService.refreshCache.dwr HTTP/1.1" 200 78
114.95.241.104 - - [15/Sep/2023:10:19:11 +0800] "POST /xingrg/dwr/call/plaincall/AjaxQqpsService.getMaterielByCode.dwr HTTP/1.1" 200 3854
218.81.73.219 - - [15/Sep/2023:10:19:11 +0800] "POST /xingrg/all/report/load_report_page.html HTTP/1.1" 200 8924
218.81.73.219 - - [15/Sep/2023:10:19:11 +0800] "GET /xingrg/servlets/image?cache=0.9103840073875855&image=px HTTP/1.1" 200 807
101.83.145.37 - - [15/Sep/2023:10:19:13 +0800] "POST /xingrg/kc/buy/cgsh_order_operate.html HTTP/1.1" 200 2065
114.83.217.74 - - [15/Sep/2023:10:19:13 +0800] "GET /xingrg/all/function/internal_message.html?_=1694744351006&CODE_STATE=getMsg HTTP/1.1" 200 27
101.83.145.37 - - [15/Sep/2023:10:19:14 +0800] "POST /xingrg/kc/buy/cgsh_order_operate.html HTTP/1.1" 200 2065
222.70.180.200 - - [15/Sep/2023:10:19:18 +0800] "POST /xingrg/kc/buy/cgsh_order_operate.html HTTP/1.1" 200 2065
124.78.155.92 - - [15/Sep/2023:10:19:20 +0800] "GET /xingrg/all/function/internal_message.html?_=1694744357426&CODE_STATE=getMsg HTTP/1.1" 200 27
101.83.145.37 - - [15/Sep/2023:10:19:23 +0800] "GET /xingrg/kc/buy/cgsh_order_operate.html?command=get_materiel&rest_code=00105&code=00101008136&supplier_code=00100005&order_time=2023-09-15 HTTP/1.1" 200 413
222.70.107.27 - - [15/Sep/2023:10:19:23 +0800] "GET /xingrg/all/function/internal_message.html?_=1694744369696&CODE_STATE=getMsg HTTP/1.1" 200 27
218.81.73.219 - - [15/Sep/2023:10:19:25 +0800] "GET /xingrg/all/report/report_query.html?isQuery=1&fileName=kc/buy/wlcg_cate_hz.xml&queryString=(CONVERT(char(10)%252Ca.order_time%252C%2520120)%253E%253D'2023-08-01')%2520and%2520(CONVERT(char(10)%252Ca.order_time%252C%2520120)%253C%253D'2023-08-31')%2520and%2520(a.supplier_code%2520in%2520('00100424'))%2520and%2520(a.supplier_code%253D'00100424')&queryText=%25E3%2580%2590%25E9%2587%2587%25E8%25B4%25AD%25E6%2597%25A5%25E6%259C%259F%253A2023-08-01%2520%25E8%2587%25B3%25202023-08-31%25E3%2580%2591%2520%25E5%25B9%25B6%25E4%25B8%2594%2520%2520%25E3%2580%2590%25E4%25BE%259B%25E5%25BA%2594%25E5%2595%2586%2520%253D%2520%25E6%25B0%25B4%25E6%259E%259C%25EF%25BC%2588%25E6%25AD%25A6%25E9%2587%2591%25E7%25BA%25A2%25EF%25BC%2589%25E3%2580%2591%2520%25E5%25B9%25B6%25E4%25B8%2594%2520%25E3%2580%2590%25E4%25BE%259B%25E5%25BA%2594%25E5%2595%2586%253D%25E6%25B0%25B4%25E6%259E%259C%25EF%25BC%2588%25E6%25AD%25A6%25E9%2587%2591%25E7%25BA%25A2%25EF%25BC%2589%25E3%2580%2591 HTTP/1.1" 200 54465
218.81.73.219 - - [15/Sep/2023:10:19:25 +0800] "GET /xingrg/dwr/interface/AjaxReportQueryService.js HTTP/1.1" 200 13203
218.81.73.219 - - [15/Sep/2023:10:19:25 +0800] "GET /xingrg/dwr/engine.js HTTP/1.1" 200 43631
218.81.73.219 - - [15/Sep/2023:10:19:28 +0800] "POST /xingrg/all/report/load_report_page.html HTTP/1.1" 200 8724
114.95.241.104 - - [15/Sep/2023:10:19:28 +0800] "GET /xingrg/all/function/internal_message.html?_=1694744367224&CODE_STATE=getMsg HTTP/1.1" 200 27
218.81.73.219 - - [15/Sep/2023:10:19:28 +0800] "GET /xingrg/servlets/image?cache=0.06566144192217205&image=px HTTP/1.1" 200 807
218.81.73.219 - - [15/Sep/2023:10:19:32 +0800] "POST /xingrg/all/report/load_report_page.html HTTP/1.1" 200 66470
218.81.73.219 - - [15/Sep/2023:10:19:32 +0800] "GET /xingrg/images/blue/button/back2.gif HTTP/1.1" 200 1339
218.81.73.219 - - [15/Sep/2023:10:19:32 +0800] "GET /xingrg/images/blue/button/back.gif HTTP/1.1" 200 1352
218.81.73.219 - - [15/Sep/2023:10:19:32 +0800] "GET /xingrg/servlets/image?cache=0.37452656321067934&image=px HTTP/1.1" 200 807
114.95.241.104 - - [15/Sep/2023:10:19:32 +0800] "GET /xingrg/login.html HTTP/1.1" 200 7641
114.95.241.104 - - [15/Sep/2023:10:19:33 +0800] "GET /xingrg/images/blue/jxLogo.png HTTP/1.1" 304 -
114.95.241.104 - - [15/Sep/2023:10:19:34 +0800] "GET /xingrg/images/blue/login_bg.png HTTP/1.1" 304 -
114.95.241.104 - - [15/Sep/2023:10:19:34 +0800] "GET /xingrg/images/blue/hj.png HTTP/1.1" 304 -
114.95.241.104 - - [15/Sep/2023:10:19:34 +0800] "GET /xingrg/images/blue/srbg.png HTTP/1.1" 304 -
114.95.241.104 - - [15/Sep/2023:10:19:36 +0800] "GET /favicon.ico HTTP/1.1" 404 -
218.81.73.219 - - [15/Sep/2023:10:19:36 +0800] "POST /xingrg/all/report/report_print.html HTTP/1.1" 302 -
218.81.73.219 - - [15/Sep/2023:10:19:36 +0800] "GET /xingrg/servlets/html?sysBaseUrl=http%3A%2F%2F180.169.147.146%3A18081%2Fxingrg%2F&costTime=1208×tamp=1694744376576 HTTP/1.1" 200 92976
218.81.73.219 - - [15/Sep/2023:10:19:36 +0800] "GET /xingrg/servlets/image?image=px HTTP/1.1" 200 807
218.81.73.219 - - [15/Sep/2023:10:19:36 +0800] "GET /favicon.ico HTTP/1.1" 404 -
114.95.241.104 - - [15/Sep/2023:10:19:39 +0800] "POST /xingrg/login.do HTTP/1.1" 302 -
101.83.145.37 - - [15/Sep/2023:10:19:39 +0800] "GET /xingrg/kc/buy/cgsh_order_operate.html?command=get_materiel&rest_code=00105&code=00101008230&supplier_code=00100005&order_time=2023-09-15 HTTP/1.1" 200 408
114.95.241.104 - - [15/Sep/2023:10:19:39 +0800] "GET /xingrg/index.html?sysBaseUrl=http%3A%2F%2F180.169.147.146%3A18081%2Fxingrg%2F&costTime=842×tamp=1694744379890 HTTP/1.1" 200 17179
114.95.241.104 - - [15/Sep/2023:10:19:40 +0800] "GET /xingrg/javascript/jquery_easy_ui/themes/default/easyui.css HTTP/1.1" 304 -
114.95.241.104 - - [15/Sep/2023:10:19:40 +0800] "GET /xingrg/javascript/jquery_easy_ui/themes/icon.css HTTP/1.1" 304 -
114.95.241.104 - - [15/Sep/2023:10:19:40 +0800] "GET /xingrg/css/form.css HTTP/1.1" 304 -
114.95.241.104 - - [15/Sep/2023:10:19:40 +0800] "GET /xingrg/javascript/jquery-1.4.2.min.js HTTP/1.1" 304 -
114.95.241.104 - - [15/Sep/2023:10:19:40 +0800] "GET /xingrg/javascript/jquery_easy_ui/jquery.easyui.min.js HTTP/1.1" 304 -
114.95.241.104 - - [15/Sep/2023:10:19:40 +0800] "GET /xingrg/javascript/jquery_easy_ui/easyui-lang-zh_CN.js HTTP/1.1" 304 -
114.95.241.104 - - [15/Sep/2023:10:19:40 +0800] "GET /xingrg/javascript/jquery.form.js HTTP/1.1" 304 -
114.95.241.104 - - [15/Sep/2023:10:19:40 +0800] "GET /xingrg/javascript/jquery.utils.js HTTP/1.1" 304 -
114.95.241.104 - - [15/Sep/2023:10:19:40 +0800] "GET /xingrg/javascript/jquery.timers.js HTTP/1.1" 304 -
114.95.241.104 - - [15/Sep/2023:10:19:41 +0800] "GET /favicon.ico HTTP/1.1" 404 -
114.95.241.104 - - [15/Sep/2023:10:19:42 +0800] "POST /xingrg/all/common/load_tree.html?tree=area_rest_tree_json&manage=1 HTTP/1.1" 200 476
114.95.241.104 - - [15/Sep/2023:10:19:44 +0800] "GET /xingrg/check_reg.html?_=1694744264291 HTTP/1.1" 200 22
114.95.241.104 - - [15/Sep/2023:10:19:44 +0800] "GET /xingrg/all/function/internal_message.html?_=1694744264289&CODE_STATE=count HTTP/1.1" 200 11
114.95.241.104 - - [15/Sep/2023:10:19:44 +0800] "POST /xingrg/load_menu.html HTTP/1.1" 200 5138
101.83.145.37 - - [15/Sep/2023:10:19:45 +0800] "GET /xingrg/all/function/internal_message.html?_=1694744384754&CODE_STATE=getMsg HTTP/1.1" 200 27
218.81.73.219 - - [15/Sep/2023:10:19:47 +0800] "GET /xingrg/all/function/internal_message.html?_=1694744387335&CODE_STATE=getMsg HTTP/1.1" 200 27
218.81.73.219 - - [15/Sep/2023:10:19:47 +0800] "GET /xingrg/check_reg.html?_=1694744387339 HTTP/1.1" 200 22
101.228.187.155 - - [15/Sep/2023:10:19:47 +0800] "GET /xingrg/all/function/internal_message.html?_=1694744386291&CODE_STATE=getMsg HTTP/1.1" 200 27
114.95.241.104 - - [15/Sep/2023:10:19:48 +0800] "GET /xingrg/kc/base/wldb_order_list.html HTTP/1.1" 200 19180
114.95.241.104 - - [15/Sep/2023:10:19:48 +0800] "GET /xingrg/css/base.css HTTP/1.1" 304 -
114.95.241.104 - - [15/Sep/2023:10:19:48 +0800] "GET /xingrg/css/site.css HTTP/1.1" 304 -
114.95.241.104 - - [15/Sep/2023:10:19:48 +0800] "GET /xingrg/javascript/jquery_tools/datebox.css HTTP/1.1" 304 -
114.95.241.104 - - [15/Sep/2023:10:19:48 +0800] "GET /xingrg/javascript/easyui/themes/default/easyui.css HTTP/1.1" 304 -
114.95.241.104 - - [15/Sep/2023:10:19:48 +0800] "GET /xingrg/javascript/easyui/themes/icon.css HTTP/1.1" 304 -
114.95.241.104 - - [15/Sep/2023:10:19:48 +0800] "GET /xingrg/javascript/auto/jquery.autocomplete.css HTTP/1.1" 304 -
114.95.241.104 - - [15/Sep/2023:10:19:48 +0800] "GET /xingrg/javascript/jquery_tools/fix.css HTTP/1.1" 304 -
114.95.241.104 - - [15/Sep/2023:10:19:48 +0800] "GET /xingrg/javascript/jquery_tools/table.css HTTP/1.1" 304 -
114.95.241.104 - - [15/Sep/2023:10:19:48 +0800] "GET /xingrg/javascript/jquery_tools/jquery.tools.extend.js HTTP/1.1" 304 -
114.95.241.104 - - [15/Sep/2023:10:19:48 +0800] "GET /xingrg/javascript/jquery_tools/jquery.tools.table.js HTTP/1.1" 304 -
114.95.241.104 - - [15/Sep/2023:10:19:48 +0800] "GET /xingrg/javascript/jquery_tools/list_manager.js HTTP/1.1" 304 -
114.95.241.104 - - [15/Sep/2023:10:19:48 +0800] "GET /xingrg/javascript/jquery_tools/jquery.tools.hotkey.js HTTP/1.1" 304 -
114.95.241.104 - - [15/Sep/2023:10:19:48 +0800] "GET /xingrg/javascript/jquery_tools/jquery.tools.min.js HTTP/1.1" 304 -
114.95.241.104 - - [15/Sep/2023:10:19:48 +0800] "GET /xingrg/javascript/auto/jquery.autocomplete.js HTTP/1.1" 304 -
114.95.241.104 - - [15/Sep/2023:10:19:48 +0800] "GET /xingrg/javascript/easyui/easyloader.js HTTP/1.1" 304 -
114.95.241.104 - - [15/Sep/2023:10:19:48 +0800] "GET /xingrg/javascript/jquery.cookie.js HTTP/1.1" 304 -
114.95.241.104 - - [15/Sep/2023:10:19:48 +0800] "GET /xingrg/javascript/print/LodopFuncs.js HTTP/1.1" 304 -
114.95.241.104 - - [15/Sep/2023:10:19:49 +0800] "GET /xingrg/javascript/easyui/plugins/jquery.parser.js HTTP/1.1" 304 -
114.95.241.104 - - [15/Sep/2023:10:19:50 +0800] "POST /xingrg/kc/base/wldb_list_operate.html HTTP/1.1" 200 928
101.83.145.37 - - [15/Sep/2023:10:19:50 +0800] "GET /xingrg/kc/buy/cgsh_order_operate.html?command=get_materiel&rest_code=00105&code=00101008368&supplier_code=00100005&order_time=2023-09-15 HTTP/1.1" 200 408
116.230.112.9 - - [15/Sep/2023:10:19:51 +0800] "GET /xingrg/all/function/internal_message.html?_=1694744408846&CODE_STATE=getMsg HTTP/1.1" 200 27
101.83.145.37 - - [15/Sep/2023:10:19:51 +0800] "GET /xingrg/all/function/internal_message.html?_=1694744181595&CODE_STATE=getMsg HTTP/1.1" 200 27
114.95.241.104 - - [15/Sep/2023:10:19:52 +0800] "GET /xingrg/kc/base/wldb_order_add.html HTTP/1.1" 200 30471
114.95.241.104 - - [15/Sep/2023:10:19:52 +0800] "GET /xingrg/javascript/pic_change.js HTTP/1.1" 304 -
114.95.241.104 - - [15/Sep/2023:10:19:52 +0800] "GET /xingrg/javascript/convert.js HTTP/1.1" 304 -
114.95.241.104 - - [15/Sep/2023:10:19:52 +0800] "GET /xingrg/javascript/jquery_tools/order_manager.js HTTP/1.1" 304 -
114.95.241.104 - - [15/Sep/2023:10:19:52 +0800] "GET /xingrg/javascript/json2.js HTTP/1.1" 304 -
114.95.241.104 - - [15/Sep/2023:10:19:52 +0800] "GET /xingrg/javascript/print/kc_print.js HTTP/1.1" 304 -
114.95.241.104 - - [15/Sep/2023:10:19:52 +0800] "GET /xingrg/words/20230914145318_words.js HTTP/1.1" 304 -
114.95.241.104 - - [15/Sep/2023:10:19:52 +0800] "POST /xingrg/kc/base/wldb_order_operate.html HTTP/1.1" 200 6806
114.95.241.104 - - [15/Sep/2023:10:19:52 +0800] "GET /xingrg/all/common/auto_word.html?type=base&rest_code=00150 HTTP/1.1" 200 1853
114.95.241.104 - - [15/Sep/2023:10:19:52 +0800] "GET /xingrg/all/common/auto_word.html?type=base&rest_code=00150 HTTP/1.1" 200 1853
114.95.241.104 - - [15/Sep/2023:10:19:52 +0800] "GET /xingrg/javascript/easyui/themes/default/validatebox.css HTTP/1.1" 404 1104
114.95.241.104 - - [15/Sep/2023:10:19:52 +0800] "GET /xingrg/javascript/easyui/plugins/jquery.validatebox.js HTTP/1.1" 304 -
114.95.241.104 - - [15/Sep/2023:10:19:52 +0800] "GET /xingrg/javascript/easyui/plugins/jquery.numberbox.js HTTP/1.1" 304 -
114.95.241.104 - - [15/Sep/2023:10:19:54 +0800] "POST /xingrg/all/common/load_combo.html?type=base HTTP/1.1" 200 3318
180.152.241.196 - - [15/Sep/2023:10:19:54 +0800] "GET /xingrg/all/function/internal_message.html?_=1694744395909&CODE_STATE=getMsg HTTP/1.1" 200 27
180.152.241.196 - - [15/Sep/2023:10:19:54 +0800] "GET /xingrg/check_reg.html?_=1694744395912 HTTP/1.1" 200 22
124.78.69.58 - - [15/Sep/2023:10:19:54 +0800] "GET /xingrg/all/function/internal_message.html?_=1694743827426&CODE_STATE=getMsg HTTP/1.1" 200 27
114.83.221.29 - - [15/Sep/2023:10:19:57 +0800] "GET /xingrg/all/function/internal_message.html?_=1694744546710&CODE_STATE=getMsg HTTP/1.1" 200 27
180.169.147.146 - - [15/Sep/2023:10:19:57 +0800] "GET /xingrg/all/function/internal_message.html?_=1694744408209&CODE_STATE=getMsg HTTP/1.1" 200 27
114.95.241.104 - - [15/Sep/2023:10:19:58 +0800] "GET /xingrg/javascript/auto/indicator.gif HTTP/1.1" 404 1066
101.83.145.37 - - [15/Sep/2023:10:20:00 +0800] "GET /xingrg/kc/buy/cgsh_order_operate.html?command=get_materiel&rest_code=00105&code=00101008352&supplier_code=00100005&order_time=2023-09-15 HTTP/1.1" 200 412
222.70.180.200 - - [15/Sep/2023:10:20:01 +0800] "GET /xingrg/all/function/internal_message.html?_=1694744403193&CODE_STATE=getMsg HTTP/1.1" 200 27
222.70.180.200 - - [15/Sep/2023:10:20:01 +0800] "GET /xingrg/check_reg.html?_=1694744403202 HTTP/1.1" 200 22
120.253.135.82 - - [15/Sep/2023:10:20:02 +0800] "GET /xingrg/all/function/internal_message.html?_=1694744207579&CODE_STATE=getMsg HTTP/1.1" 200 27
180.165.48.189 - - [15/Sep/2023:10:20:03 +0800] "GET /xingrg/check_reg.html?_=1694744403668 HTTP/1.1" 200 22
180.165.48.189 - - [15/Sep/2023:10:20:03 +0800] "GET /xingrg/all/function/internal_message.html?_=1694744403672&CODE_STATE=getMsg HTTP/1.1" 200 27
116.232.195.127 - - [15/Sep/2023:10:20:04 +0800] "GET /xingrg/all/function/internal_message.html?_=1694744276406&CODE_STATE=getMsg HTTP/1.1" 200 27
101.83.145.37 - - [15/Sep/2023:10:20:10 +0800] "GET /xingrg/kc/buy/cgsh_order_operate.html?command=get_materiel&rest_code=00105&code=00101008131&supplier_code=00100005&order_time=2023-09-15 HTTP/1.1" 200 409
114.95.241.104 - - [15/Sep/2023:10:20:11 +0800] "GET /xingrg/kc/base/wldb_order_operate.html?command=get_materiel&rest_code=00150&base_code=0010445&code=00101019133 HTTP/1.1" 200 479
101.83.145.37 - - [15/Sep/2023:10:20:12 +0800] "GET /xingrg/kc/buy/cgsh_order_operate.html?command=get_materiel&rest_code=00105&code=00101037019&supplier_code=00100005&order_time=2023-09-15 HTTP/1.1" 200 408
114.83.217.74 - - [15/Sep/2023:10:20:13 +0800] "GET /xingrg/all/function/internal_message.html?_=1694744411011&CODE_STATE=getMsg HTTP/1.1" 200 27
114.83.217.74 - - [15/Sep/2023:10:20:13 +0800] "GET /xingrg/check_reg.html?_=1694744411014 HTTP/1.1" 200 22
222.70.180.200 - - [15/Sep/2023:10:20:17 +0800] "GET /xingrg/kc/buy/cgsh_order_operate.html?command=get_materiel&rest_code=00111&code=00101008101&supplier_code=00100005&order_time=2023-09-15 HTTP/1.1" 200 412
124.78.155.92 - - [15/Sep/2023:10:20:20 +0800] "GET /xingrg/all/function/internal_message.html?_=1694744417431&CODE_STATE=getMsg HTTP/1.1" 200 27
124.78.155.92 - - [15/Sep/2023:10:20:20 +0800] "GET /xingrg/check_reg.html?_=1694744417427 HTTP/1.1" 200 22
222.70.107.27 - - [15/Sep/2023:10:20:23 +0800] "GET /xingrg/all/function/internal_message.html?_=1694744429702&CODE_STATE=getMsg HTTP/1.1" 200 27
222.70.107.27 - - [15/Sep/2023:10:20:23 +0800] "GET /xingrg/check_reg.html?_=1694744429710 HTTP/1.1" 200 22
114.95.241.104 - - [15/Sep/2023:10:20:28 +0800] "GET /xingrg/all/function/internal_message.html?_=1694744427224&CODE_STATE=getMsg HTTP/1.1" 200 27
101.83.145.37 - - [15/Sep/2023:10:20:30 +0800] "GET /xingrg/kc/buy/cgsh_order_operate.html?command=get_materiel&rest_code=00105&code=00101008271&supplier_code=00100005&order_time=2023-09-15 HTTP/1.1" 200 408
114.95.241.104 - - [15/Sep/2023:10:20:36 +0800] "POST /xingrg/dwr/call/plaincall/AjaxQqpsService.saveMaterielItem.dwr HTTP/1.1" 200 78
114.95.241.104 - - [15/Sep/2023:10:20:36 +0800] "GET /xingrg/kc/base/wldb_order_operate.html?command=get_materiel&rest_code=00150&base_code=0010445&code=00101019258 HTTP/1.1" 200 483
101.83.145.37 - - [15/Sep/2023:10:20:38 +0800] "GET /xingrg/kc/buy/cgsh_order_operate.html?command=get_materiel&rest_code=00105&code=00101008353&supplier_code=00100005&order_time=2023-09-15 HTTP/1.1" 200 408
114.95.241.104 - - [15/Sep/2023:10:20:44 +0800] "GET /xingrg/all/function/internal_message.html?_=1694744324304&CODE_STATE=getMsg HTTP/1.1" 200 27
114.95.241.104 - - [15/Sep/2023:10:20:44 +0800] "GET /xingrg/kc/base/wldb_order_operate.html?command=get_materiel&rest_code=00150&base_code=0010445&code=00101019267 HTTP/1.1" 200 480
101.83.145.37 - - [15/Sep/2023:10:20:45 +0800] "GET /xingrg/all/function/internal_message.html?_=1694744444743&CODE_STATE=getMsg HTTP/1.1" 200 27
114.95.241.104 - - [15/Sep/2023:10:20:46 +0800] "POST /xingrg/dwr/call/plaincall/AjaxQqpsService.checkOrder.dwr HTTP/1.1" 200 78
218.81.73.219 - - [15/Sep/2023:10:20:47 +0800] "GET /xingrg/all/function/internal_message.html?_=1694744447325&CODE_STATE=getMsg HTTP/1.1" 200 27
101.228.187.155 - - [15/Sep/2023:10:20:47 +0800] "GET /xingrg/check_reg.html?_=1694744446289 HTTP/1.1" 200 22
101.228.187.155 - - [15/Sep/2023:10:20:47 +0800] "GET /xingrg/all/function/internal_message.html?_=1694744446290&CODE_STATE=getMsg HTTP/1.1" 200 27
101.83.145.37 - - [15/Sep/2023:10:20:48 +0800] "GET /xingrg/kc/buy/cgsh_order_operate.html?command=get_materiel&rest_code=00105&code=00101008213&supplier_code=00100005&order_time=2023-09-15 HTTP/1.1" 200 412
114.95.241.104 - - [15/Sep/2023:10:20:51 +0800] "GET /xingrg/kc/mdqp/qqps_order_info.html?code=302023091500288 HTTP/1.1" 200 26649
114.95.241.104 - - [15/Sep/2023:10:20:51 +0800] "GET /xingrg/dwr/interface/AjaxComOrderService.js HTTP/1.1" 200 18264
114.95.241.104 - - [15/Sep/2023:10:20:51 +0800] "GET /xingrg/dwr/interface/AjaxQqpsService.js HTTP/1.1" 200 16326
114.95.241.104 - - [15/Sep/2023:10:20:51 +0800] "GET /xingrg/dwr/engine.js HTTP/1.1" 200 43631
116.230.112.9 - - [15/Sep/2023:10:20:51 +0800] "GET /xingrg/all/function/internal_message.html?_=1694744468859&CODE_STATE=getMsg HTTP/1.1" 200 27
101.83.145.37 - - [15/Sep/2023:10:20:51 +0800] "GET /xingrg/all/function/internal_message.html?_=1694744241595&CODE_STATE=getMsg HTTP/1.1" 200 27
114.95.241.104 - - [15/Sep/2023:10:20:52 +0800] "POST /xingrg/dwr/call/plaincall/AjaxQqpsService.loadMaterielItems.dwr HTTP/1.1" 200 605
180.152.241.196 - - [15/Sep/2023:10:20:54 +0800] "GET /xingrg/all/function/internal_message.html?_=1694744455883&CODE_STATE=getMsg HTTP/1.1" 200 27
124.78.69.58 - - [15/Sep/2023:10:20:54 +0800] "GET /xingrg/all/function/internal_message.html?_=1694743887424&CODE_STATE=getMsg HTTP/1.1" 200 27
114.83.221.29 - - [15/Sep/2023:10:20:57 +0800] "GET /xingrg/all/function/internal_message.html?_=1694744606697&CODE_STATE=getMsg HTTP/1.1" 200 27
180.169.147.146 - - [15/Sep/2023:10:20:57 +0800] "GET /xingrg/all/function/internal_message.html?_=1694744468224&CODE_STATE=getMsg HTTP/1.1" 200 27
101.83.145.37 - - [15/Sep/2023:10:20:58 +0800] "GET /xingrg/kc/buy/cgsh_order_operate.html?command=get_materiel&rest_code=00105&code=00101008105&supplier_code=00100005&order_time=2023-09-15 HTTP/1.1" 200 412
114.95.241.104 - - [15/Sep/2023:10:21:01 +0800] "GET /xingrg/kc/base/wldb_order_operate.html?command=get_materiel&rest_code=00150&base_code=0010445&code=00101019306 HTTP/1.1" 200 478
222.70.180.200 - - [15/Sep/2023:10:21:01 +0800] "GET /xingrg/all/function/internal_message.html?_=1694744463209&CODE_STATE=getMsg HTTP/1.1" 200 27
120.253.135.82 - - [15/Sep/2023:10:21:02 +0800] "GET /xingrg/all/function/internal_message.html?_=1694744267584&CODE_STATE=getMsg HTTP/1.1" 200 27
180.165.48.189 - - [15/Sep/2023:10:21:03 +0800] "GET /xingrg/all/function/internal_message.html?_=1694744463665&CODE_STATE=getMsg HTTP/1.1" 200 27
116.232.195.127 - - [15/Sep/2023:10:21:04 +0800] "GET /xingrg/check_reg.html?_=1694744336396 HTTP/1.1" 200 22
116.232.195.127 - - [15/Sep/2023:10:21:04 +0800] "GET /xingrg/all/function/internal_message.html?_=1694744336398&CODE_STATE=getMsg HTTP/1.1" 200 27
114.95.241.104 - - [15/Sep/2023:10:21:08 +0800] "GET /xingrg/kc/base/wldb_order_operate.html?command=get_materiel&rest_code=00150&base_code=0010445&code=00101019185 HTTP/1.1" 200 469
101.83.145.37 - - [15/Sep/2023:10:21:09 +0800] "GET /xingrg/kc/buy/cgsh_order_operate.html?command=get_materiel&rest_code=00105&code=00101008119&supplier_code=00100005&order_time=2023-09-15 HTTP/1.1" 200 412
222.70.180.200 - - [15/Sep/2023:10:21:10 +0800] "GET /xingrg/kc/buy/cgsh_order_operate.html?command=get_materiel&rest_code=00111&code=00101008353&supplier_code=00100005&order_time=2023-09-15 HTTP/1.1" 200 408
114.83.217.74 - - [15/Sep/2023:10:21:13 +0800] "GET /xingrg/all/function/internal_message.html?_=1694744471016&CODE_STATE=getMsg HTTP/1.1" 200 27
114.95.241.104 - - [15/Sep/2023:10:21:16 +0800] "GET /xingrg/kc/base/wldb_order_operate.html?command=get_materiel&rest_code=00150&base_code=0010445&code=00101019110 HTTP/1.1" 200 475
101.83.145.37 - - [15/Sep/2023:10:21:17 +0800] "GET /xingrg/kc/buy/cgsh_order_operate.html?command=get_materiel&rest_code=00105&code=00101008185&supplier_code=00100005&order_time=2023-09-15 HTTP/1.1" 200 408
180.163.29.79 - - [15/Sep/2023:10:21:20 +0800] "GET /xingrg/check_reg.html?_=1694744417427 HTTP/1.1" 302 -
124.78.155.92 - - [15/Sep/2023:10:21:20 +0800] "GET /xingrg/all/function/internal_message.html?_=1694744477419&CODE_STATE=getMsg HTTP/1.1" 200 27
180.163.29.79 - - [15/Sep/2023:10:21:20 +0800] "GET /xingrg/login.html HTTP/1.1" 200 7641
114.95.241.104 - - [15/Sep/2023:10:21:22 +0800] "GET /xingrg/kc/base/wldb_order_operate.html?command=get_materiel&rest_code=00150&base_code=0010445&code=00101019164 HTTP/1.1" 200 465
222.70.107.27 - - [15/Sep/2023:10:21:23 +0800] "GET /xingrg/all/function/internal_message.html?_=1694744489710&CODE_STATE=getMsg HTTP/1.1" 200 27
101.83.145.37 - - [15/Sep/2023:10:21:26 +0800] "GET /xingrg/kc/buy/cgsh_order_operate.html?command=get_materiel&rest_code=00105&code=00101015074&supplier_code=00100005&order_time=2023-09-15 HTTP/1.1" 200 408
114.95.241.104 - - [15/Sep/2023:10:21:28 +0800] "GET /xingrg/all/function/internal_message.html?_=1694744487219&CODE_STATE=getMsg HTTP/1.1" 200 27
114.95.241.104 - - [15/Sep/2023:10:21:31 +0800] "GET /xingrg/kc/base/wldb_order_operate.html?command=get_materiel&rest_code=00150&base_code=0010445&code=00101019391 HTTP/1.1" 200 485
222.70.180.200 - - [15/Sep/2023:10:21:32 +0800] "GET /xingrg/kc/buy/cgsh_order_operate.html?command=get_materiel&rest_code=00111&code=00101008185&supplier_code=00100005&order_time=2023-09-15 HTTP/1.1" 200 408
101.83.145.37 - - [15/Sep/2023:10:21:36 +0800] "GET /xingrg/kc/buy/cgsh_order_operate.html?command=get_materiel&rest_code=00105&code=00101008101&supplier_code=00100005&order_time=2023-09-15 HTTP/1.1" 200 412
114.95.241.104 - - [15/Sep/2023:10:21:38 +0800] "GET /xingrg/kc/base/wldb_order_operate.html?command=get_materiel&rest_code=00150&base_code=0010445&code=00101019253 HTTP/1.1" 200 481
116.232.195.127 - - [15/Sep/2023:10:21:40 +0800] "GET /xingrg/index.html?sysBaseUrl=http%3A%2F%2F180.169.147.146%3A18081%2Fxingrg%2F&costTime=1277×tamp=1606817596806 HTTP/1.1" 200 17179
116.232.195.127 - - [15/Sep/2023:10:21:42 +0800] "POST /xingrg/all/common/load_tree.html?tree=area_rest_tree_json&manage=1 HTTP/1.1" 200 351
116.232.195.127 - - [15/Sep/2023:10:21:42 +0800] "GET /xingrg/all/function/internal_message.html?_=1694744374053&CODE_STATE=count HTTP/1.1" 200 11
116.232.195.127 - - [15/Sep/2023:10:21:42 +0800] "GET /xingrg/check_reg.html?_=1694744374056 HTTP/1.1" 200 22
116.232.195.127 - - [15/Sep/2023:10:21:42 +0800] "POST /xingrg/load_menu.html HTTP/1.1" 200 5138
116.232.195.127 - - [15/Sep/2023:10:21:42 +0800] "GET /favicon.ico HTTP/1.1" 404 -
114.95.241.104 - - [15/Sep/2023:10:21:44 +0800] "GET /xingrg/all/function/internal_message.html?_=1694744384317&CODE_STATE=getMsg HTTP/1.1" 200 27
101.83.145.37 - - [15/Sep/2023:10:21:45 +0800] "GET /xingrg/all/function/internal_message.html?_=1694744504742&CODE_STATE=getMsg HTTP/1.1" 200 27
114.95.241.104 - - [15/Sep/2023:10:21:45 +0800] "GET /xingrg/kc/base/wldb_order_operate.html?command=get_materiel&rest_code=00150&base_code=0010445&code=00101019071 HTTP/1.1" 200 471
116.232.195.127 - - [15/Sep/2023:10:21:45 +0800] "GET /xingrg/kc/buy/buy_main.html HTTP/1.1" 200 12412
116.232.195.127 - - [15/Sep/2023:10:21:45 +0800] "GET /xingrg/css/new_ie.css HTTP/1.1" 404 1036
116.232.195.127 - - [15/Sep/2023:10:21:46 +0800] "GET /xingrg/images/yd/bt.gif HTTP/1.1" 404 1040
218.81.73.219 - - [15/Sep/2023:10:21:47 +0800] "GET /xingrg/all/function/internal_message.html?_=1694744507326&CODE_STATE=getMsg HTTP/1.1" 200 27
