180.163.28.109 - - [15/Sep/2023:08:33:14 +0800] "GET /xingrg/login.html HTTP/1.1" 200 7641
120.253.135.82 - - [15/Sep/2023:08:33:26 +0800] "GET /xingrg/javascript/jquery_easy_ui/themes/default/images/button_plain_hover.png HTTP/1.1" 304 -
120.253.135.82 - - [15/Sep/2023:08:33:26 +0800] "GET /xingrg/javascript/jquery_easy_ui/themes/default/images/button_plain_hover.png HTTP/1.1" 304 -
124.78.155.92 - - [15/Sep/2023:08:33:26 +0800] "GET /xingrg/kc/buy/cgsh_order_operate.html?command=get_materiel&rest_code=00106&code=00101012051&supplier_code=00100096&order_time=2023-09-15 HTTP/1.1" 200 408
180.169.147.146 - - [15/Sep/2023:08:33:29 +0800] "GET /favicon.ico HTTP/1.1" 404 -
116.230.112.9 - - [15/Sep/2023:08:33:38 +0800] "GET /xingrg/all/function/internal_message.html?_=1694738035643&CODE_STATE=getMsg HTTP/1.1" 200 27
114.95.241.104 - - [15/Sep/2023:08:33:38 +0800] "GET /xingrg/all/function/internal_message.html?_=1694738017229&CODE_STATE=getMsg HTTP/1.1" 200 27
180.169.147.146 - - [15/Sep/2023:08:33:39 +0800] "GET /xingrg/check_reg.html?_=1694738020769 HTTP/1.1" 200 22
124.78.155.92 - - [15/Sep/2023:08:33:41 +0800] "GET /xingrg/all/function/internal_message.html?_=1694738018592&CODE_STATE=getMsg HTTP/1.1" 200 27
120.253.135.82 - - [15/Sep/2023:08:33:42 +0800] "GET /xingrg/kc/buy/cgsh_order_list.html HTTP/1.1" 200 56534
222.70.180.200 - - [15/Sep/2023:08:33:43 +0800] "GET /xingrg/all/function/internal_message.html?_=1694738023968&CODE_STATE=getMsg HTTP/1.1" 200 27
116.230.112.9 - - [15/Sep/2023:08:33:45 +0800] "GET /xingrg/kc/buy/cgsh_order_operate.html?command=get_materiel&rest_code=00146&code=00101008246&supplier_code=00100005&order_time=2023-09-15 HTTP/1.1" 200 408
120.253.135.82 - - [15/Sep/2023:08:33:46 +0800] "POST /xingrg/kc/buy/cgsh_list_operate.html HTTP/1.1" 200 1856
120.253.135.82 - - [15/Sep/2023:08:33:49 +0800] "POST /xingrg/kc/buy/cgsh_list_operate.html HTTP/1.1" 200 291
124.78.155.92 - - [15/Sep/2023:08:33:50 +0800] "GET /xingrg/kc/buy/cgsh_order_operate.html?command=get_materiel&rest_code=00106&code=00101016105&supplier_code=00100096&order_time=2023-09-15 HTTP/1.1" 200 409
120.253.135.82 - - [15/Sep/2023:08:33:51 +0800] "GET /xingrg/kc/buy/cgsh_order_info.html?code=212023091505694 HTTP/1.1" 200 71385
120.253.135.82 - - [15/Sep/2023:08:33:52 +0800] "GET /xingrg/javascript/easyui/themes/default/validatebox.css HTTP/1.1" 404 1104
120.253.135.82 - - [15/Sep/2023:08:33:52 +0800] "POST /xingrg/kc/buy/cgsh_order_operate.html HTTP/1.1" 200 3297
180.169.147.146 - - [15/Sep/2023:08:33:56 +0800] "GET /xingrg/all/function/internal_message.html?_=1694738046098&CODE_STATE=getMsg HTTP/1.1" 200 27
180.169.147.146 - - [15/Sep/2023:08:33:56 +0800] "GET /xingrg/all/function/internal_message.html?_=1694738038153&CODE_STATE=getMsg HTTP/1.1" 200 27
120.253.135.82 - - [15/Sep/2023:08:33:58 +0800] "GET /xingrg/all/function/internal_message.html?_=1694737843261&CODE_STATE=getMsg HTTP/1.1" 200 27
116.230.112.9 - - [15/Sep/2023:08:34:00 +0800] "GET /xingrg/kc/buy/cgsh_order_operate.html?command=get_materiel&rest_code=00146&code=00101008361&supplier_code=00100005&order_time=2023-09-15 HTTP/1.1" 200 408
101.83.145.37 - - [15/Sep/2023:08:34:01 +0800] "GET /xingrg/all/function/internal_message.html?_=1694738149970&CODE_STATE=getMsg HTTP/1.1" 200 27
124.78.155.92 - - [15/Sep/2023:08:34:05 +0800] "GET /xingrg/kc/buy/cgsh_order_operate.html?command=get_materiel&rest_code=00106&code=00101012026&supplier_code=00100096&order_time=2023-09-15 HTTP/1.1" 200 409
120.253.135.82 - - [15/Sep/2023:08:34:08 +0800] "GET /xingrg/kc/print/load_data.html?order_code=212023091505694&kc_code=cgsh&condition= HTTP/1.1" 200 939
120.253.135.82 - - [15/Sep/2023:08:34:10 +0800] "GET /xingrg/all/function/internal_message.html?_=1694738191227&CODE_STATE=getMsg HTTP/1.1" 200 27
116.230.112.9 - - [15/Sep/2023:08:34:18 +0800] "GET /xingrg/kc/buy/cgsh_order_operate.html?command=get_materiel&rest_code=00146&code=00101008355&supplier_code=00100005&order_time=2023-09-15 HTTP/1.1" 200 408
116.230.112.9 - - [15/Sep/2023:08:34:31 +0800] "GET /xingrg/kc/buy/cgsh_order_operate.html?command=get_materiel&rest_code=00146&code=00101008321&supplier_code=00100005&order_time=2023-09-15 HTTP/1.1" 200 412
116.230.112.9 - - [15/Sep/2023:08:34:38 +0800] "GET /xingrg/all/function/internal_message.html?_=1694738095657&CODE_STATE=getMsg HTTP/1.1" 200 27
114.95.241.104 - - [15/Sep/2023:08:34:38 +0800] "GET /xingrg/all/function/internal_message.html?_=1694738077231&CODE_STATE=getMsg HTTP/1.1" 200 27
124.78.155.92 - - [15/Sep/2023:08:34:41 +0800] "GET /xingrg/all/function/internal_message.html?_=1694738078591&CODE_STATE=getMsg HTTP/1.1" 200 27
222.70.180.200 - - [15/Sep/2023:08:34:43 +0800] "GET /xingrg/all/function/internal_message.html?_=1694738083966&CODE_STATE=getMsg HTTP/1.1" 200 27
116.230.112.9 - - [15/Sep/2023:08:34:46 +0800] "GET /xingrg/kc/buy/cgsh_order_operate.html?command=get_materiel&rest_code=00146&code=00101008137&supplier_code=00100005&order_time=2023-09-15 HTTP/1.1" 200 408
180.169.147.146 - - [15/Sep/2023:08:34:56 +0800] "GET /xingrg/all/function/internal_message.html?_=1694738106127&CODE_STATE=getMsg HTTP/1.1" 200 27
180.169.147.146 - - [15/Sep/2023:08:34:56 +0800] "GET /xingrg/all/function/internal_message.html?_=1694738098137&CODE_STATE=getMsg HTTP/1.1" 200 27
120.253.135.82 - - [15/Sep/2023:08:34:58 +0800] "GET /xingrg/all/function/internal_message.html?_=1694737903327&CODE_STATE=getMsg HTTP/1.1" 200 27
101.83.145.37 - - [15/Sep/2023:08:35:01 +0800] "GET /xingrg/check_reg.html?_=1694738209959 HTTP/1.1" 200 22
101.83.145.37 - - [15/Sep/2023:08:35:01 +0800] "GET /xingrg/all/function/internal_message.html?_=1694738209966&CODE_STATE=getMsg HTTP/1.1" 200 27
116.230.112.9 - - [15/Sep/2023:08:35:07 +0800] "GET /xingrg/kc/buy/cgsh_order_operate.html?command=get_materiel&rest_code=00146&code=00101008059&supplier_code=00100005&order_time=2023-09-15 HTTP/1.1" 200 408
120.253.135.82 - - [15/Sep/2023:08:35:10 +0800] "GET /xingrg/all/function/internal_message.html?_=1694738251232&CODE_STATE=getMsg HTTP/1.1" 200 27
180.169.147.146 - - [15/Sep/2023:08:35:12 +0800] "GET /xingrg/check_reg.html?_=1694738113536 HTTP/1.1" 200 22
124.78.155.92 - - [15/Sep/2023:08:35:19 +0800] "GET /xingrg/kc/buy/cgsh_order_operate.html?command=get_materiel&rest_code=00106&code=00101001010&supplier_code=00100096&order_time=2023-09-15 HTTP/1.1" 200 411
116.230.112.9 - - [15/Sep/2023:08:35:38 +0800] "GET /xingrg/all/function/internal_message.html?_=1694738155670&CODE_STATE=getMsg HTTP/1.1" 200 27
114.95.241.104 - - [15/Sep/2023:08:35:38 +0800] "GET /xingrg/all/function/internal_message.html?_=1694738137237&CODE_STATE=getMsg HTTP/1.1" 200 27
116.230.112.9 - - [15/Sep/2023:08:35:39 +0800] "GET /xingrg/kc/buy/cgsh_order_operate.html?command=get_materiel&rest_code=00146&code=00101008072&supplier_code=00100005&order_time=2023-09-15 HTTP/1.1" 200 408
124.78.155.92 - - [15/Sep/2023:08:35:41 +0800] "GET /xingrg/all/function/internal_message.html?_=1694738138603&CODE_STATE=getMsg HTTP/1.1" 200 27
222.70.180.200 - - [15/Sep/2023:08:35:43 +0800] "GET /xingrg/all/function/internal_message.html?_=1694738143980&CODE_STATE=getMsg HTTP/1.1" 200 27
180.169.147.146 - - [15/Sep/2023:08:35:56 +0800] "GET /xingrg/all/function/internal_message.html?_=1694738166142&CODE_STATE=getMsg HTTP/1.1" 200 27
180.169.147.146 - - [15/Sep/2023:08:35:56 +0800] "GET /xingrg/all/function/internal_message.html?_=1694738158121&CODE_STATE=getMsg HTTP/1.1" 200 27
116.230.112.9 - - [15/Sep/2023:08:35:57 +0800] "POST /xingrg/kc/buy/cgsh_order_operate.html HTTP/1.1" 200 37
124.78.155.92 - - [15/Sep/2023:08:35:58 +0800] "GET /xingrg/kc/buy/cgsh_order_operate.html?command=get_materiel&rest_code=00106&code=00101006129&supplier_code=00100096&order_time=2023-09-15 HTTP/1.1" 200 439
120.253.135.82 - - [15/Sep/2023:08:35:58 +0800] "GET /xingrg/all/function/internal_message.html?_=1694737963335&CODE_STATE=getMsg HTTP/1.1" 200 27
116.230.112.9 - - [15/Sep/2023:08:35:59 +0800] "POST /xingrg/kc/buy/cgsh_order_operate.html HTTP/1.1" 200 7392
101.83.145.37 - - [15/Sep/2023:08:36:01 +0800] "GET /xingrg/all/function/internal_message.html?_=1694738269972&CODE_STATE=getMsg HTTP/1.1" 200 27
120.253.135.82 - - [15/Sep/2023:08:36:10 +0800] "GET /xingrg/all/function/internal_message.html?_=1694738311237&CODE_STATE=getMsg HTTP/1.1" 200 27
124.78.155.92 - - [15/Sep/2023:08:36:15 +0800] "GET /xingrg/kc/buy/cgsh_order_operate.html?command=get_materiel&rest_code=00106&code=00101006193&supplier_code=00100096&order_time=2023-09-15 HTTP/1.1" 200 409
116.230.112.9 - - [15/Sep/2023:08:36:18 +0800] "GET /xingrg/kc/buy/cgsh_order_operate.html?command=get_materiel&rest_code=00146&code=00101008175&supplier_code=00100005&order_time=2023-09-15 HTTP/1.1" 200 412
120.253.135.82 - - [15/Sep/2023:08:36:22 +0800] "POST /xingrg/kc/buy/cgsh_order_operate.html HTTP/1.1" 200 37
120.253.135.82 - - [15/Sep/2023:08:36:28 +0800] "POST /xingrg/kc/buy/cgsh_order_operate.html HTTP/1.1" 200 12
120.253.135.82 - - [15/Sep/2023:08:36:31 +0800] "GET /xingrg/kc/buy/cgsh_order_info.html?code=212023091505694 HTTP/1.1" 200 66285
120.253.135.82 - - [15/Sep/2023:08:36:32 +0800] "GET /xingrg/javascript/easyui/themes/default/validatebox.css HTTP/1.1" 404 1104
120.253.135.82 - - [15/Sep/2023:08:36:33 +0800] "POST /xingrg/kc/buy/cgsh_order_operate.html HTTP/1.1" 200 1247
124.78.155.92 - - [15/Sep/2023:08:36:37 +0800] "POST /xingrg/kc/buy/cgsh_order_operate.html HTTP/1.1" 200 37
116.230.112.9 - - [15/Sep/2023:08:36:38 +0800] "GET /xingrg/all/function/internal_message.html?_=1694738215684&CODE_STATE=getMsg HTTP/1.1" 200 27
120.253.135.82 - - [15/Sep/2023:08:36:38 +0800] "GET /xingrg/kc/buy/cgsh_order_info.html?code=212023091505694 HTTP/1.1" 200 66285
114.95.241.104 - - [15/Sep/2023:08:36:38 +0800] "GET /xingrg/all/function/internal_message.html?_=1694738197238&CODE_STATE=getMsg HTTP/1.1" 200 27
114.95.241.104 - - [15/Sep/2023:08:36:38 +0800] "GET /xingrg/check_reg.html?_=1694738197241 HTTP/1.1" 200 22
120.253.135.82 - - [15/Sep/2023:08:36:39 +0800] "GET /xingrg/javascript/easyui/themes/default/validatebox.css HTTP/1.1" 404 1104
116.230.112.9 - - [15/Sep/2023:08:36:39 +0800] "GET /xingrg/kc/buy/cgsh_order_operate.html?command=get_materiel&rest_code=00146&code=00101008027&supplier_code=00100005&order_time=2023-09-15 HTTP/1.1" 200 409
120.253.135.82 - - [15/Sep/2023:08:36:39 +0800] "POST /xingrg/kc/buy/cgsh_order_operate.html HTTP/1.1" 200 1247
222.70.180.200 - - [15/Sep/2023:08:36:43 +0800] "GET /xingrg/check_reg.html?_=1694738203978 HTTP/1.1" 200 22
222.70.180.200 - - [15/Sep/2023:08:36:43 +0800] "GET /xingrg/all/function/internal_message.html?_=1694738203981&CODE_STATE=getMsg HTTP/1.1" 200 27
120.253.135.82 - - [15/Sep/2023:08:36:43 +0800] "POST /xingrg/kc/buy/cgsh_list_operate.html HTTP/1.1" 200 986
124.78.155.92 - - [15/Sep/2023:08:36:47 +0800] "POST /xingrg/kc/buy/cgsh_order_operate.html HTTP/1.1" 200 7993
180.163.29.219 - - [15/Sep/2023:08:36:52 +0800] "GET /xingrg/kc/buy/cgsh_order_operate.html?command=get_materiel&rest_code=00106&code=00101006129&supplier_code=00100096&order_time=2023-09-15 HTTP/1.1" 302 -
180.163.29.219 - - [15/Sep/2023:08:36:52 +0800] "GET /xingrg/login.html HTTP/1.1" 200 7641
116.230.112.9 - - [15/Sep/2023:08:36:54 +0800] "GET /xingrg/kc/buy/cgsh_order_operate.html?command=get_materiel&rest_code=00146&code=00101008132&supplier_code=00100005&order_time=2023-09-15 HTTP/1.1" 200 408
221.239.166.189 - - [15/Sep/2023:08:36:55 +0800] "GET /xingrg/check_reg.html?_=1694738213587 HTTP/1.1" 200 22
180.169.147.146 - - [15/Sep/2023:08:36:56 +0800] "GET /xingrg/all/function/internal_message.html?_=1694738226169&CODE_STATE=getMsg HTTP/1.1" 200 27
180.169.147.146 - - [15/Sep/2023:08:36:56 +0800] "GET /xingrg/all/function/internal_message.html?_=1694738218105&CODE_STATE=getMsg HTTP/1.1" 200 27
120.253.135.82 - - [15/Sep/2023:08:36:58 +0800] "GET /xingrg/all/function/internal_message.html?_=1694738023348&CODE_STATE=getMsg HTTP/1.1" 200 27
101.83.145.37 - - [15/Sep/2023:08:37:01 +0800] "GET /xingrg/all/function/internal_message.html?_=1694738329973&CODE_STATE=getMsg HTTP/1.1" 200 27
120.253.135.82 - - [15/Sep/2023:08:37:10 +0800] "GET /xingrg/all/function/internal_message.html?_=1694738371242&CODE_STATE=getMsg HTTP/1.1" 200 27
120.253.135.82 - - [15/Sep/2023:08:37:10 +0800] "GET /xingrg/check_reg.html?_=1694738371244 HTTP/1.1" 200 22
116.230.112.9 - - [15/Sep/2023:08:37:11 +0800] "GET /xingrg/kc/buy/cgsh_order_operate.html?command=get_materiel&rest_code=00146&code=00101008244&supplier_code=00100005&order_time=2023-09-15 HTTP/1.1" 200 408
116.230.112.9 - - [15/Sep/2023:08:37:16 +0800] "POST /xingrg/kc/buy/cgsh_order_operate.html HTTP/1.1" 200 2065
116.230.112.9 - - [15/Sep/2023:08:37:25 +0800] "GET /xingrg/kc/buy/cgsh_order_operate.html?command=get_materiel&rest_code=00146&code=00101008354&supplier_code=00100005&order_time=2023-09-15 HTTP/1.1" 200 432
116.230.112.9 - - [15/Sep/2023:08:37:27 +0800] "GET /xingrg/check_reg.html?_=1694738264964 HTTP/1.1" 200 22
124.78.155.92 - - [15/Sep/2023:08:37:27 +0800] "GET /xingrg/kc/buy/cgsh_order_operate.html?command=get_materiel&rest_code=00106&code=00101006372&supplier_code=00100096&order_time=2023-09-15 HTTP/1.1" 200 409
120.253.135.82 - - [15/Sep/2023:08:37:33 +0800] "GET /xingrg/check_reg.html?_=1694738057761 HTTP/1.1" 200 22
116.230.112.9 - - [15/Sep/2023:08:37:38 +0800] "GET /xingrg/all/function/internal_message.html?_=1694738275698&CODE_STATE=getMsg HTTP/1.1" 200 27
114.95.241.104 - - [15/Sep/2023:08:37:38 +0800] "GET /xingrg/all/function/internal_message.html?_=1694738257242&CODE_STATE=getMsg HTTP/1.1" 200 27
180.169.147.146 - - [15/Sep/2023:08:37:39 +0800] "GET /xingrg/check_reg.html?_=1694738269406 HTTP/1.1" 200 22
124.78.155.92 - - [15/Sep/2023:08:37:41 +0800] "GET /xingrg/all/function/internal_message.html?_=1694738258611&CODE_STATE=getMsg HTTP/1.1" 200 27
222.70.180.200 - - [15/Sep/2023:08:37:43 +0800] "GET /xingrg/all/function/internal_message.html?_=1694738263979&CODE_STATE=getMsg HTTP/1.1" 200 27
124.78.155.92 - - [15/Sep/2023:08:37:51 +0800] "GET /xingrg/kc/buy/cgsh_order_operate.html?command=get_materiel&rest_code=00106&code=00101006123&supplier_code=00100096&order_time=2023-09-15 HTTP/1.1" 200 411
180.169.147.146 - - [15/Sep/2023:08:37:56 +0800] "GET /xingrg/all/function/internal_message.html?_=1694738286185&CODE_STATE=getMsg HTTP/1.1" 200 27
180.169.147.146 - - [15/Sep/2023:08:37:56 +0800] "GET /xingrg/all/function/internal_message.html?_=1694738278089&CODE_STATE=getMsg HTTP/1.1" 200 27
120.253.135.82 - - [15/Sep/2023:08:37:58 +0800] "GET /xingrg/all/function/internal_message.html?_=1694738083361&CODE_STATE=getMsg HTTP/1.1" 200 27
116.230.112.9 - - [15/Sep/2023:08:37:59 +0800] "POST /xingrg/kc/buy/cgsh_order_operate.html HTTP/1.1" 200 37
101.83.145.37 - - [15/Sep/2023:08:38:01 +0800] "GET /xingrg/all/function/internal_message.html?_=1694738389973&CODE_STATE=getMsg HTTP/1.1" 200 27
116.230.112.9 - - [15/Sep/2023:08:38:01 +0800] "POST /xingrg/kc/buy/cgsh_order_operate.html HTTP/1.1" 200 10355
124.78.155.92 - - [15/Sep/2023:08:38:03 +0800] "GET /xingrg/kc/buy/cgsh_order_operate.html?command=get_materiel&rest_code=00106&code=00101006109&supplier_code=00100096&order_time=2023-09-15 HTTP/1.1" 200 411
116.230.112.9 - - [15/Sep/2023:08:38:21 +0800] "GET /xingrg/kc/buy/cgsh_order_operate.html?command=get_materiel&rest_code=00146&code=00101008290&supplier_code=00100005&order_time=2023-09-15 HTTP/1.1" 200 412
124.78.155.92 - - [15/Sep/2023:08:38:22 +0800] "GET /xingrg/kc/buy/cgsh_order_operate.html?command=get_materiel&rest_code=00106&code=00101006240&supplier_code=00100096&order_time=2023-09-15 HTTP/1.1" 200 424
180.163.28.180 - - [15/Sep/2023:08:38:24 +0800] "GET /xingrg/kc/buy/cgsh_order_operate.html?command=get_materiel&rest_code=00106&code=00101006372&supplier_code=00100096&order_time=2023-09-15 HTTP/1.1" 302 -
180.163.28.180 - - [15/Sep/2023:08:38:24 +0800] "GET /xingrg/login.html HTTP/1.1" 200 7641
124.78.155.92 - - [15/Sep/2023:08:38:33 +0800] "POST /xingrg/kc/buy/cgsh_order_operate.html HTTP/1.1" 200 2065
116.230.112.9 - - [15/Sep/2023:08:38:38 +0800] "GET /xingrg/all/function/internal_message.html?_=1694738335712&CODE_STATE=getMsg HTTP/1.1" 200 27
114.95.241.104 - - [15/Sep/2023:08:38:38 +0800] "GET /xingrg/all/function/internal_message.html?_=1694738317243&CODE_STATE=getMsg HTTP/1.1" 200 27
116.230.112.9 - - [15/Sep/2023:08:38:39 +0800] "GET /xingrg/kc/buy/cgsh_order_operate.html?command=get_materiel&rest_code=00146&code=00101008264&supplier_code=00100005&order_time=2023-09-15 HTTP/1.1" 200 432
180.169.147.146 - - [15/Sep/2023:08:38:39 +0800] "GET /xingrg/check_reg.html?_=1694738320743 HTTP/1.1" 200 22
124.78.155.92 - - [15/Sep/2023:08:38:41 +0800] "GET /xingrg/all/function/internal_message.html?_=1694738318630&CODE_STATE=getMsg HTTP/1.1" 200 27
222.70.180.200 - - [15/Sep/2023:08:38:43 +0800] "GET /xingrg/all/function/internal_message.html?_=1694738323978&CODE_STATE=getMsg HTTP/1.1" 200 27
124.78.155.92 - - [15/Sep/2023:08:38:43 +0800] "GET /xingrg/kc/buy/cgsh_order_operate.html?command=get_materiel&rest_code=00106&code=00101006112&supplier_code=00100096&order_time=2023-09-15 HTTP/1.1" 200 409
180.169.147.146 - - [15/Sep/2023:08:38:56 +0800] "GET /xingrg/all/function/internal_message.html?_=1694738346197&CODE_STATE=getMsg HTTP/1.1" 200 27
116.230.112.9 - - [15/Sep/2023:08:38:56 +0800] "GET /xingrg/kc/buy/cgsh_order_operate.html?command=get_materiel&rest_code=00146&code=00101008357&supplier_code=00100005&order_time=2023-09-15 HTTP/1.1" 200 408
180.169.147.146 - - [15/Sep/2023:08:38:56 +0800] "GET /xingrg/all/function/internal_message.html?_=1694738338072&CODE_STATE=getMsg HTTP/1.1" 200 27
120.253.135.82 - - [15/Sep/2023:08:38:58 +0800] "GET /xingrg/all/function/internal_message.html?_=1694738143375&CODE_STATE=getMsg HTTP/1.1" 200 27
101.83.145.37 - - [15/Sep/2023:08:39:01 +0800] "GET /xingrg/all/function/internal_message.html?_=1694738449973&CODE_STATE=getMsg HTTP/1.1" 200 27
124.78.155.92 - - [15/Sep/2023:08:39:11 +0800] "GET /xingrg/kc/buy/cgsh_order_operate.html?command=get_materiel&rest_code=00106&code=00101006019&supplier_code=00100096&order_time=2023-09-15 HTTP/1.1" 200 419
116.230.112.9 - - [15/Sep/2023:08:39:11 +0800] "GET /xingrg/kc/buy/cgsh_order_operate.html?command=get_materiel&rest_code=00146&code=00101008296&supplier_code=00100005&order_time=2023-09-15 HTTP/1.1" 200 416
116.230.112.9 - - [15/Sep/2023:08:39:15 +0800] "POST /xingrg/kc/buy/cgsh_order_operate.html HTTP/1.1" 200 2065
116.230.112.9 - - [15/Sep/2023:08:39:24 +0800] "GET /xingrg/kc/buy/cgsh_order_operate.html?command=get_materiel&rest_code=00146&code=00101008213&supplier_code=00100005&order_time=2023-09-15 HTTP/1.1" 200 412
124.78.155.92 - - [15/Sep/2023:08:39:24 +0800] "GET /xingrg/kc/buy/cgsh_order_operate.html?command=get_materiel&rest_code=00106&code=00101006065&supplier_code=00100096&order_time=2023-09-15 HTTP/1.1" 200 409
116.232.195.127 - - [15/Sep/2023:08:39:28 +0800] "POST /xingrg/kc/buy/cgsh_order_operate.html HTTP/1.1" 302 -
116.232.195.127 - - [15/Sep/2023:08:39:28 +0800] "GET /xingrg/login.html HTTP/1.1" 200 7641
116.232.195.127 - - [15/Sep/2023:08:39:28 +0800] "GET /xingrg/kc/buy/images/blue/hj.png HTTP/1.1" 404 1058
116.232.195.127 - - [15/Sep/2023:08:39:28 +0800] "GET /xingrg/kc/buy/images/blue/login_bg.png HTTP/1.1" 404 1070
116.232.195.127 - - [15/Sep/2023:08:39:28 +0800] "GET /xingrg/kc/buy/images/blue/srbg.png HTTP/1.1" 404 1062
116.230.112.9 - - [15/Sep/2023:08:39:38 +0800] "GET /xingrg/all/function/internal_message.html?_=1694738395725&CODE_STATE=getMsg HTTP/1.1" 200 27
114.95.241.104 - - [15/Sep/2023:08:39:38 +0800] "GET /xingrg/all/function/internal_message.html?_=1694738377254&CODE_STATE=getMsg HTTP/1.1" 200 27
116.230.112.9 - - [15/Sep/2023:08:39:38 +0800] "GET /xingrg/kc/buy/cgsh_order_operate.html?command=get_materiel&rest_code=00146&code=00101008305&supplier_code=00100005&order_time=2023-09-15 HTTP/1.1" 200 412
180.163.30.76 - - [15/Sep/2023:08:39:41 +0800] "GET /xingrg/all/function/internal_message.html?_=1694738318630&CODE_STATE=getMsg HTTP/1.1" 302 -
180.163.30.76 - - [15/Sep/2023:08:39:41 +0800] "GET /xingrg/login.html HTTP/1.1" 200 7641
124.78.155.92 - - [15/Sep/2023:08:39:41 +0800] "GET /xingrg/all/function/internal_message.html?_=1694738378593&CODE_STATE=getMsg HTTP/1.1" 200 27
222.70.180.200 - - [15/Sep/2023:08:39:43 +0800] "GET /xingrg/all/function/internal_message.html?_=1694738383976&CODE_STATE=getMsg HTTP/1.1" 200 27
124.78.155.92 - - [15/Sep/2023:08:39:51 +0800] "GET /xingrg/kc/buy/cgsh_order_operate.html?command=get_materiel&rest_code=00106&code=00101006184&supplier_code=00100096&order_time=2023-09-15 HTTP/1.1" 200 409
116.230.112.9 - - [15/Sep/2023:08:39:53 +0800] "GET /xingrg/kc/buy/cgsh_order_operate.html?command=get_materiel&rest_code=00146&code=00101008283&supplier_code=00100005&order_time=2023-09-15 HTTP/1.1" 200 408
180.169.147.146 - - [15/Sep/2023:08:39:56 +0800] "GET /xingrg/all/function/internal_message.html?_=1694738406227&CODE_STATE=getMsg HTTP/1.1" 200 27
180.169.147.146 - - [15/Sep/2023:08:39:56 +0800] "GET /xingrg/all/function/internal_message.html?_=1694738398055&CODE_STATE=getMsg HTTP/1.1" 200 27
120.253.135.82 - - [15/Sep/2023:08:39:58 +0800] "GET /xingrg/all/function/internal_message.html?_=1694738203446&CODE_STATE=getMsg HTTP/1.1" 200 27
101.83.145.37 - - [15/Sep/2023:08:40:01 +0800] "GET /xingrg/all/function/internal_message.html?_=1694738509966&CODE_STATE=getMsg HTTP/1.1" 200 27
101.83.145.37 - - [15/Sep/2023:08:40:01 +0800] "GET /xingrg/check_reg.html?_=1694738509963 HTTP/1.1" 200 22
124.78.155.92 - - [15/Sep/2023:08:40:07 +0800] "POST /xingrg/kc/buy/cgsh_order_operate.html HTTP/1.1" 200 37
180.169.147.146 - - [15/Sep/2023:08:40:12 +0800] "GET /xingrg/check_reg.html?_=1694738413516 HTTP/1.1" 200 22
116.230.112.9 - - [15/Sep/2023:08:40:21 +0800] "POST /xingrg/kc/buy/cgsh_order_operate.html HTTP/1.1" 200 37
124.78.155.92 - - [15/Sep/2023:08:40:22 +0800] "POST /xingrg/kc/buy/cgsh_order_operate.html HTTP/1.1" 200 12782
116.230.112.9 - - [15/Sep/2023:08:40:24 +0800] "POST /xingrg/kc/buy/cgsh_order_operate.html HTTP/1.1" 200 14489
116.232.195.127 - - [15/Sep/2023:08:40:24 +0800] "GET /xingrg/all/function/internal_message.html?_=1694738296893&CODE_STATE=getMsg HTTP/1.1" 302 -
116.232.195.127 - - [15/Sep/2023:08:40:24 +0800] "GET /xingrg/login.html HTTP/1.1" 200 7641
116.232.195.127 - - [15/Sep/2023:08:40:32 +0800] "GET /xingrg/index.html?sysBaseUrl=http%3A%2F%2F180.169.147.146%3A18081%2Fxingrg%2F&costTime=1277×tamp=1606817596806 HTTP/1.1" 302 -
116.232.195.127 - - [15/Sep/2023:08:40:32 +0800] "GET /xingrg/login.html HTTP/1.1" 200 7641
116.232.195.127 - - [15/Sep/2023:08:40:32 +0800] "GET /favicon.ico HTTP/1.1" 404 -
116.230.112.9 - - [15/Sep/2023:08:40:38 +0800] "GET /xingrg/all/function/internal_message.html?_=1694738455738&CODE_STATE=getMsg HTTP/1.1" 200 27
114.95.241.104 - - [15/Sep/2023:08:40:38 +0800] "GET /xingrg/all/function/internal_message.html?_=1694738437257&CODE_STATE=getMsg HTTP/1.1" 200 27
124.78.155.92 - - [15/Sep/2023:08:40:41 +0800] "GET /xingrg/all/function/internal_message.html?_=1694738438577&CODE_STATE=getMsg HTTP/1.1" 200 27
222.70.180.200 - - [15/Sep/2023:08:40:43 +0800] "GET /xingrg/all/function/internal_message.html?_=1694738443973&CODE_STATE=getMsg HTTP/1.1" 200 27
116.232.195.127 - - [15/Sep/2023:08:40:46 +0800] "GET /xingrg/index.html?sysBaseUrl=http%3A%2F%2F180.169.147.146%3A18081%2Fxingrg%2F&costTime=1779×tamp=1684631389383 HTTP/1.1" 302 -
116.232.195.127 - - [15/Sep/2023:08:40:46 +0800] "GET /xingrg/login.html HTTP/1.1" 200 7641
116.232.195.127 - - [15/Sep/2023:08:40:46 +0800] "GET /xingrg/index.html?sysBaseUrl=http%3A%2F%2F180.169.147.146%3A18081%2Fxingrg%2F&costTime=1779×tamp=1684631389383 HTTP/1.1" 302 -
116.232.195.127 - - [15/Sep/2023:08:40:46 +0800] "GET /favicon.ico HTTP/1.1" 404 -
116.232.195.127 - - [15/Sep/2023:08:40:46 +0800] "GET /xingrg/login.html HTTP/1.1" 200 7641
116.232.195.127 - - [15/Sep/2023:08:40:47 +0800] "GET /favicon.ico HTTP/1.1" 404 -
124.78.155.92 - - [15/Sep/2023:08:40:54 +0800] "POST /xingrg/kc/buy/cgsh_order_operate.html HTTP/1.1" 200 37
180.169.147.146 - - [15/Sep/2023:08:40:56 +0800] "GET /xingrg/all/function/internal_message.html?_=1694738466242&CODE_STATE=getMsg HTTP/1.1" 200 27
180.169.147.146 - - [15/Sep/2023:08:40:56 +0800] "GET /xingrg/all/function/internal_message.html?_=1694738458039&CODE_STATE=getMsg HTTP/1.1" 200 27
120.253.135.82 - - [15/Sep/2023:08:40:58 +0800] "GET /xingrg/all/function/internal_message.html?_=1694738263449&CODE_STATE=getMsg HTTP/1.1" 200 27
101.83.145.37 - - [15/Sep/2023:08:41:01 +0800] "GET /xingrg/all/function/internal_message.html?_=1694738569967&CODE_STATE=getMsg HTTP/1.1" 200 27
116.232.195.127 - - [15/Sep/2023:08:41:03 +0800] "POST /xingrg/login.do HTTP/1.1" 302 -
116.232.195.127 - - [15/Sep/2023:08:41:03 +0800] "GET /xingrg/index.html?sysBaseUrl=http%3A%2F%2F180.169.147.146%3A18081%2Fxingrg%2F&costTime=808×tamp=1694738463820 HTTP/1.1" 200 17179
116.232.195.127 - - [15/Sep/2023:08:41:04 +0800] "GET /favicon.ico HTTP/1.1" 404 -
116.232.195.127 - - [15/Sep/2023:08:41:04 +0800] "POST /xingrg/all/common/load_tree.html?tree=area_rest_tree_json&manage=1 HTTP/1.1" 200 351
116.232.195.127 - - [15/Sep/2023:08:41:04 +0800] "GET /xingrg/all/function/internal_message.html?_=1694738336389&CODE_STATE=count HTTP/1.1" 200 11
116.232.195.127 - - [15/Sep/2023:08:41:04 +0800] "GET /xingrg/check_reg.html?_=1694738336392 HTTP/1.1" 200 22
116.232.195.127 - - [15/Sep/2023:08:41:04 +0800] "POST /xingrg/load_menu.html HTTP/1.1" 200 5138
124.78.155.92 - - [15/Sep/2023:08:41:07 +0800] "POST /xingrg/kc/buy/cgsh_order_operate.html HTTP/1.1" 200 12782
116.232.195.127 - - [15/Sep/2023:08:41:10 +0800] "GET /xingrg/kc/base/base_main.html HTTP/1.1" 200 12142
124.78.155.92 - - [15/Sep/2023:08:41:14 +0800] "GET /xingrg/kc/buy/cgsh_order_operate.html?command=get_materiel&rest_code=00106&code=00101007049&supplier_code=00100096&order_time=2023-09-15 HTTP/1.1" 200 409
116.232.195.127 - - [15/Sep/2023:08:41:16 +0800] "GET /xingrg/kc/mdqp/qp_main.html HTTP/1.1" 200 10633
116.232.195.127 - - [15/Sep/2023:08:41:18 +0800] "GET /xingrg/images/yd/bt.gif HTTP/1.1" 404 1040
116.232.195.127 - - [15/Sep/2023:08:41:21 +0800] "GET /xingrg/kc/report/report_main.html HTTP/1.1" 200 7340
124.78.155.92 - - [15/Sep/2023:08:41:26 +0800] "GET /xingrg/kc/buy/cgsh_order_operate.html?command=get_materiel&rest_code=00106&code=00101007048&supplier_code=00100096&order_time=2023-09-15 HTTP/1.1" 200 408
116.232.195.127 - - [15/Sep/2023:08:41:27 +0800] "GET /xingrg/all/report/report_query.html?fileName=kc/buy/gys_amount.xml&rh=99999 HTTP/1.1" 200 52006
116.232.195.127 - - [15/Sep/2023:08:41:27 +0800] "GET /xingrg/dwr/interface/AjaxReportQueryService.js HTTP/1.1" 200 13203
116.232.195.127 - - [15/Sep/2023:08:41:27 +0800] "GET /xingrg/dwr/engine.js HTTP/1.1" 200 43631
116.232.195.127 - - [15/Sep/2023:08:41:27 +0800] "GET /xingrg/dwr/util.js HTTP/1.1" 304 -
116.232.195.127 - - [15/Sep/2023:08:41:28 +0800] "POST /xingrg/dwr/call/plaincall/AjaxReportQueryService.getFixDate.dwr HTTP/1.1" 200 111
116.232.195.127 - - [15/Sep/2023:08:41:28 +0800] "POST /xingrg/dwr/call/plaincall/AjaxReportQueryService.getInitString.dwr HTTP/1.1" 200 1062
116.232.195.127 - - [15/Sep/2023:08:41:28 +0800] "POST /xingrg/all/common/load_tree.html?tree=materiel_sort_tree_json HTTP/1.1" 200 9500
116.232.195.127 - - [15/Sep/2023:08:41:28 +0800] "POST /xingrg/all/common/load_tree.html?tree=supplier_tree_json&manage=1 HTTP/1.1" 200 78008
124.78.155.92 - - [15/Sep/2023:08:41:37 +0800] "GET /xingrg/kc/buy/cgsh_order_operate.html?command=get_materiel&rest_code=00106&code=00101007033&supplier_code=00100096&order_time=2023-09-15 HTTP/1.1" 200 418
116.230.112.9 - - [15/Sep/2023:08:41:38 +0800] "GET /xingrg/all/function/internal_message.html?_=1694738515752&CODE_STATE=getMsg HTTP/1.1" 200 27
114.95.241.104 - - [15/Sep/2023:08:41:38 +0800] "GET /xingrg/check_reg.html?_=1694738497243 HTTP/1.1" 200 22
114.95.241.104 - - [15/Sep/2023:08:41:38 +0800] "GET /xingrg/all/function/internal_message.html?_=1694738497247&CODE_STATE=getMsg HTTP/1.1" 200 27
116.232.195.127 - - [15/Sep/2023:08:41:39 +0800] "POST /xingrg/dwr/call/plaincall/AjaxReportQueryService.getFixDate.dwr HTTP/1.1" 200 111
180.163.29.219 - - [15/Sep/2023:08:41:41 +0800] "GET /xingrg/all/function/internal_message.html?_=1694738438577&CODE_STATE=getMsg HTTP/1.1" 302 -
180.163.29.219 - - [15/Sep/2023:08:41:41 +0800] "GET /xingrg/login.html HTTP/1.1" 200 7641
124.78.155.92 - - [15/Sep/2023:08:41:41 +0800] "GET /xingrg/all/function/internal_message.html?_=1694738498558&CODE_STATE=getMsg HTTP/1.1" 200 27
124.78.155.92 - - [15/Sep/2023:08:41:41 +0800] "GET /xingrg/check_reg.html?_=1694738498608 HTTP/1.1" 200 22
222.70.180.200 - - [15/Sep/2023:08:41:43 +0800] "GET /xingrg/all/function/internal_message.html?_=1694738503971&CODE_STATE=getMsg HTTP/1.1" 200 27
222.70.180.200 - - [15/Sep/2023:08:41:43 +0800] "GET /xingrg/check_reg.html?_=1694738503979 HTTP/1.1" 200 22
221.239.166.189 - - [15/Sep/2023:08:41:55 +0800] "GET /xingrg/check_reg.html?_=1694738513567 HTTP/1.1" 200 22
180.169.147.146 - - [15/Sep/2023:08:41:56 +0800] "GET /xingrg/all/function/internal_message.html?_=1694738526271&CODE_STATE=getMsg HTTP/1.1" 200 27
180.169.147.146 - - [15/Sep/2023:08:41:56 +0800] "GET /xingrg/all/function/internal_message.html?_=1694738518022&CODE_STATE=getMsg HTTP/1.1" 200 27
120.253.135.82 - - [15/Sep/2023:08:41:58 +0800] "GET /xingrg/all/function/internal_message.html?_=1694738323522&CODE_STATE=getMsg HTTP/1.1" 200 27
101.83.145.37 - - [15/Sep/2023:08:42:01 +0800] "GET /xingrg/all/function/internal_message.html?_=1694738629971&CODE_STATE=getMsg HTTP/1.1" 200 27
124.78.155.92 - - [15/Sep/2023:08:42:01 +0800] "GET /xingrg/kc/buy/cgsh_order_operate.html?command=get_materiel&rest_code=00106&code=00101007038&supplier_code=00100096&order_time=2023-09-15 HTTP/1.1" 200 422
58.40.7.146 - - [15/Sep/2023:08:42:02 +0800] "GET /xingrg/check_reg.html?_=1694738523162 HTTP/1.1" 302 -
58.40.7.146 - - [15/Sep/2023:08:42:02 +0800] "GET /xingrg/login.html HTTP/1.1" 200 7641
116.232.195.127 - - [15/Sep/2023:08:42:04 +0800] "GET /xingrg/all/function/internal_message.html?_=1694738396405&CODE_STATE=getMsg HTTP/1.1" 200 27
124.78.155.92 - - [15/Sep/2023:08:42:05 +0800] "POST /xingrg/kc/buy/cgsh_order_operate.html HTTP/1.1" 200 2065
116.232.195.127 - - [15/Sep/2023:08:42:10 +0800] "POST /xingrg/dwr/call/plaincall/AjaxReportQueryService.refreshCache.dwr HTTP/1.1" 200 78
116.232.195.127 - - [15/Sep/2023:08:42:11 +0800] "POST /xingrg/all/report/load_report_page.html HTTP/1.1" 200 8916
116.232.195.127 - - [15/Sep/2023:08:42:11 +0800] "GET /xingrg/servlets/image?cache=0.9730781288264597&image=px HTTP/1.1" 200 807
180.163.29.234 - - [15/Sep/2023:08:42:12 +0800] "GET /xingrg/kc/buy/cgsh_order_operate.html?command=get_materiel&rest_code=00106&code=00101007049&supplier_code=00100096&order_time=2023-09-15 HTTP/1.1" 302 -
180.163.29.234 - - [15/Sep/2023:08:42:12 +0800] "GET /xingrg/login.html HTTP/1.1" 200 7641
116.232.195.127 - - [15/Sep/2023:08:42:13 +0800] "GET /xingrg/all/report/report_query.html?isQuery=1&fileName=kc/buy/wlcg_cate_hz.xml&queryString=(CONVERT(char(10)%252Ca.order_time%252C%2520120)%253E%253D'2022-11-01')%2520and%2520(CONVERT(char(10)%252Ca.order_time%252C%2520120)%253C%253D'2023-12-31')%2520and%2520(a.supplier_code%2520in%2520('00100199'))%2520and%2520(a.number%253E0%2520and%2520a.supplier_code%253D'00100199')&queryText=%25E3%2580%2590%25E9%2587%2587%25E8%25B4%25AD%25E6%2597%25A5%25E6%259C%259F%253A2022-11-01%2520%25E8%2587%25B3%25202023-12-31%25E3%2580%2591%2520%25E5%25B9%25B6%25E4%25B8%2594%2520%2520%25E3%2580%2590%25E4%25BE%259B%25E5%25BA%2594%25E5%2595%2586%2520%253D%2520%25E6%25B2%25B3%25E8%2599%25BE%25EF%25BC%2588%25E6%259D%258E%25E4%25B9%2590%25EF%25BC%2589%25E3%2580%2591%2520%25E5%25B9%25B6%25E4%25B8%2594%2520%25E3%2580%2590%25E4%25BE%259B%25E5%25BA%2594%25E5%2595%2586%253D%25E6%25B2%25B3%25E8%2599%25BE%25EF%25BC%2588%25E6%259D%258E%25E4%25B9%2590%25EF%25BC%2589%25E3%2580%2591 HTTP/1.1" 200 54472
116.232.195.127 - - [15/Sep/2023:08:42:13 +0800] "GET /xingrg/dwr/interface/AjaxReportQueryService.js HTTP/1.1" 200 13203
116.232.195.127 - - [15/Sep/2023:08:42:13 +0800] "GET /xingrg/dwr/engine.js HTTP/1.1" 200 43631
116.232.195.127 - - [15/Sep/2023:08:42:16 +0800] "POST /xingrg/all/report/load_report_page.html HTTP/1.1" 200 10893
116.232.195.127 - - [15/Sep/2023:08:42:16 +0800] "GET /xingrg/servlets/image?cache=0.7097584001020923&image=px HTTP/1.1" 200 807
116.232.195.127 - - [15/Sep/2023:08:42:19 +0800] "POST /xingrg/all/report/load_report_page.html HTTP/1.1" 200 117056
116.232.195.127 - - [15/Sep/2023:08:42:19 +0800] "GET /xingrg/servlets/image?cache=0.30132772101065763&image=px HTTP/1.1" 200 807
124.78.155.92 - - [15/Sep/2023:08:42:21 +0800] "GET /xingrg/kc/buy/cgsh_order_operate.html?command=get_materiel&rest_code=00106&code=00101007061&supplier_code=00100096&order_time=2023-09-15 HTTP/1.1" 200 411
116.230.112.9 - - [15/Sep/2023:08:42:27 +0800] "GET /xingrg/check_reg.html?_=1694738564979 HTTP/1.1" 200 22
116.232.195.127 - - [15/Sep/2023:08:42:28 +0800] "POST /xingrg/all/report/load_report_page.html HTTP/1.1" 200 116995
116.232.195.127 - - [15/Sep/2023:08:42:29 +0800] "GET /xingrg/servlets/image?cache=0.9921852513218462&image=px HTTP/1.1" 200 807
116.230.112.9 - - [15/Sep/2023:08:42:30 +0800] "GET /xingrg/kc/buy/cgsh_order_operate.html?command=get_materiel&rest_code=00146&code=00101013044&supplier_code=00100005&order_time=2023-09-15 HTTP/1.1" 200 449
120.253.135.82 - - [15/Sep/2023:08:42:33 +0800] "GET /xingrg/check_reg.html?_=1694738357767 HTTP/1.1" 200 22
116.230.112.9 - - [15/Sep/2023:08:42:38 +0800] "GET /xingrg/all/function/internal_message.html?_=1694738575766&CODE_STATE=getMsg HTTP/1.1" 200 27
114.95.241.104 - - [15/Sep/2023:08:42:38 +0800] "GET /xingrg/all/function/internal_message.html?_=1694738557251&CODE_STATE=getMsg HTTP/1.1" 200 27
180.169.147.146 - - [15/Sep/2023:08:42:39 +0800] "GET /xingrg/check_reg.html?_=1694738569404 HTTP/1.1" 200 22
180.163.30.76 - - [15/Sep/2023:08:42:41 +0800] "GET /xingrg/check_reg.html?_=1694738498608 HTTP/1.1" 302 -
180.163.30.76 - - [15/Sep/2023:08:42:41 +0800] "GET /xingrg/login.html HTTP/1.1" 200 7641
124.78.155.92 - - [15/Sep/2023:08:42:41 +0800] "GET /xingrg/kc/buy/cgsh_order_operate.html?command=get_materiel&rest_code=00106&code=00101007090&supplier_code=00100096&order_time=2023-09-15 HTTP/1.1" 200 413
116.232.195.127 - - [15/Sep/2023:08:42:41 +0800] "POST /xingrg/all/report/load_report_page.html HTTP/1.1" 200 13062
124.78.155.92 - - [15/Sep/2023:08:42:41 +0800] "GET /xingrg/all/function/internal_message.html?_=1694738558615&CODE_STATE=getMsg HTTP/1.1" 200 27
116.232.195.127 - - [15/Sep/2023:08:42:41 +0800] "GET /xingrg/servlets/image?cache=0.44997548125990117&image=px HTTP/1.1" 200 807
222.70.180.200 - - [15/Sep/2023:08:42:43 +0800] "GET /xingrg/all/function/internal_message.html?_=1694738564004&CODE_STATE=getMsg HTTP/1.1" 200 27
116.232.195.127 - - [15/Sep/2023:08:42:46 +0800] "POST /xingrg/all/report/load_report_page.html HTTP/1.1" 200 117008
116.232.195.127 - - [15/Sep/2023:08:42:46 +0800] "GET /xingrg/servlets/image?cache=0.18193759725578207&image=px HTTP/1.1" 200 807
114.95.241.104 - - [15/Sep/2023:08:42:52 +0800] "GET /xingrg/login.html HTTP/1.1" 200 7641
116.232.195.127 - - [15/Sep/2023:08:42:52 +0800] "POST /xingrg/all/report/load_report_page.html HTTP/1.1" 200 13076
116.232.195.127 - - [15/Sep/2023:08:42:52 +0800] "GET /xingrg/servlets/image?cache=0.021908883746844077&image=px HTTP/1.1" 200 807
124.78.155.92 - - [15/Sep/2023:08:42:53 +0800] "GET /xingrg/kc/buy/cgsh_order_operate.html?command=get_materiel&rest_code=00106&code=00101007081&supplier_code=00100096&order_time=2023-09-15 HTTP/1.1" 200 415
114.95.241.104 - - [15/Sep/2023:08:42:53 +0800] "GET /xingrg/images/blue/jxLogo.png HTTP/1.1" 304 -
114.95.241.104 - - [15/Sep/2023:08:42:53 +0800] "GET /xingrg/images/blue/login_bg.png HTTP/1.1" 304 -
114.95.241.104 - - [15/Sep/2023:08:42:53 +0800] "GET /xingrg/images/blue/hj.png HTTP/1.1" 304 -
114.95.241.104 - - [15/Sep/2023:08:42:53 +0800] "GET /xingrg/images/blue/srbg.png HTTP/1.1" 304 -
114.95.241.104 - - [15/Sep/2023:08:42:54 +0800] "GET /favicon.ico HTTP/1.1" 404 -
180.169.147.146 - - [15/Sep/2023:08:42:56 +0800] "GET /xingrg/all/function/internal_message.html?_=1694738586283&CODE_STATE=getMsg HTTP/1.1" 200 27
114.95.241.104 - - [15/Sep/2023:08:42:56 +0800] "POST /xingrg/login.do HTTP/1.1" 302 -
114.95.241.104 - - [15/Sep/2023:08:42:56 +0800] "GET /xingrg/index.html?sysBaseUrl=http%3A%2F%2F180.169.147.146%3A18081%2Fxingrg%2F&costTime=810×tamp=1694738576551 HTTP/1.1" 200 17179
114.95.241.104 - - [15/Sep/2023:08:42:56 +0800] "GET /xingrg/javascript/jquery_easy_ui/themes/icon.css HTTP/1.1" 304 -
114.95.241.104 - - [15/Sep/2023:08:42:56 +0800] "GET /xingrg/javascript/jquery_easy_ui/themes/default/easyui.css HTTP/1.1" 304 -
114.95.241.104 - - [15/Sep/2023:08:42:56 +0800] "GET /xingrg/css/form.css HTTP/1.1" 304 -
114.95.241.104 - - [15/Sep/2023:08:42:56 +0800] "GET /xingrg/javascript/jquery-1.4.2.min.js HTTP/1.1" 304 -
180.169.147.146 - - [15/Sep/2023:08:42:56 +0800] "GET /xingrg/all/function/internal_message.html?_=1694738578005&CODE_STATE=getMsg HTTP/1.1" 200 27
114.95.241.104 - - [15/Sep/2023:08:42:57 +0800] "GET /xingrg/javascript/jquery_easy_ui/easyui-lang-zh_CN.js HTTP/1.1" 304 -
114.95.241.104 - - [15/Sep/2023:08:42:57 +0800] "GET /xingrg/javascript/jquery_easy_ui/jquery.easyui.min.js HTTP/1.1" 304 -
114.95.241.104 - - [15/Sep/2023:08:42:57 +0800] "GET /xingrg/javascript/jquery.form.js HTTP/1.1" 304 -
114.95.241.104 - - [15/Sep/2023:08:42:57 +0800] "GET /xingrg/javascript/jquery.timers.js HTTP/1.1" 304 -
114.95.241.104 - - [15/Sep/2023:08:42:57 +0800] "GET /xingrg/javascript/jquery.utils.js HTTP/1.1" 304 -
114.95.241.104 - - [15/Sep/2023:08:42:57 +0800] "POST /xingrg/all/common/load_tree.html?tree=area_rest_tree_json&manage=1 HTTP/1.1" 200 476
114.95.241.104 - - [15/Sep/2023:08:42:58 +0800] "GET /xingrg/all/function/internal_message.html?_=1694738458012&CODE_STATE=count HTTP/1.1" 200 11
114.95.241.104 - - [15/Sep/2023:08:42:58 +0800] "GET /xingrg/check_reg.html?_=1694738458013 HTTP/1.1" 200 22
114.95.241.104 - - [15/Sep/2023:08:42:58 +0800] "POST /xingrg/load_menu.html HTTP/1.1" 200 5138
114.95.241.104 - - [15/Sep/2023:08:42:58 +0800] "GET /favicon.ico HTTP/1.1" 404 -
114.95.241.104 - - [15/Sep/2023:08:42:58 +0800] "GET /xingrg/javascript/jquery_easy_ui/themes/default/images/tree_arrows.gif HTTP/1.1" 304 -
114.95.241.104 - - [15/Sep/2023:08:42:58 +0800] "GET /xingrg/javascript/jquery_easy_ui/themes/default/images/tree_folder_open.gif HTTP/1.1" 304 -
114.95.241.104 - - [15/Sep/2023:08:42:58 +0800] "GET /xingrg/javascript/jquery_easy_ui/themes/icons/search_new.png HTTP/1.1" 304 -
114.95.241.104 - - [15/Sep/2023:08:42:58 +0800] "GET /xingrg/javascript/jquery_easy_ui/themes/icons/storage_new.png HTTP/1.1" 304 -
114.95.241.104 - - [15/Sep/2023:08:42:58 +0800] "GET /xingrg/javascript/jquery_easy_ui/themes/default/images/tree_folder.gif HTTP/1.1" 304 -
114.95.241.104 - - [15/Sep/2023:08:42:58 +0800] "GET /xingrg/javascript/jquery_easy_ui/themes/icons/forms_new.png HTTP/1.1" 304 -
114.95.241.104 - - [15/Sep/2023:08:42:58 +0800] "GET /xingrg/javascript/jquery_easy_ui/themes/default/images/tree_file.gif HTTP/1.1" 304 -
120.253.135.82 - - [15/Sep/2023:08:42:58 +0800] "GET /xingrg/all/function/internal_message.html?_=1694738383539&CODE_STATE=getMsg HTTP/1.1" 200 27
116.232.195.127 - - [15/Sep/2023:08:42:59 +0800] "POST /xingrg/all/report/load_report_page.html HTTP/1.1" 200 117047
116.232.195.127 - - [15/Sep/2023:08:42:59 +0800] "GET /xingrg/servlets/image?cache=0.2958039558716773&image=px HTTP/1.1" 200 807
101.83.145.37 - - [15/Sep/2023:08:43:01 +0800] "GET /xingrg/all/function/internal_message.html?_=1694738689962&CODE_STATE=getMsg HTTP/1.1" 200 27
116.230.112.9 - - [15/Sep/2023:08:43:01 +0800] "GET /xingrg/kc/buy/cgsh_order_operate.html?command=get_materiel&rest_code=00146&code=00101008225&supplier_code=00100005&order_time=2023-09-15 HTTP/1.1" 200 416
114.95.241.104 - - [15/Sep/2023:08:43:01 +0800] "GET /xingrg/kc/buy/cgsh_order_list.html HTTP/1.1" 200 56540
114.95.241.104 - - [15/Sep/2023:08:43:01 +0800] "GET /xingrg/css/base.css HTTP/1.1" 304 -
114.95.241.104 - - [15/Sep/2023:08:43:01 +0800] "GET /xingrg/css/site.css HTTP/1.1" 304 -
114.95.241.104 - - [15/Sep/2023:08:43:01 +0800] "GET /xingrg/javascript/jquery_tools/datebox.css HTTP/1.1" 304 -
114.95.241.104 - - [15/Sep/2023:08:43:01 +0800] "GET /xingrg/javascript/easyui/themes/default/easyui.css HTTP/1.1" 304 -
114.95.241.104 - - [15/Sep/2023:08:43:01 +0800] "GET /xingrg/javascript/easyui/themes/icon.css HTTP/1.1" 304 -
114.95.241.104 - - [15/Sep/2023:08:43:01 +0800] "GET /xingrg/javascript/jquery_tools/fix.css HTTP/1.1" 304 -
114.95.241.104 - - [15/Sep/2023:08:43:01 +0800] "GET /xingrg/javascript/auto/jquery.autocomplete.css HTTP/1.1" 304 -
114.95.241.104 - - [15/Sep/2023:08:43:01 +0800] "GET /xingrg/javascript/jquery_tools/table.css HTTP/1.1" 304 -
114.95.241.104 - - [15/Sep/2023:08:43:01 +0800] "GET /xingrg/javascript/jquery_tools/jquery.tools.extend.js HTTP/1.1" 304 -
114.95.241.104 - - [15/Sep/2023:08:43:01 +0800] "GET /xingrg/javascript/jquery_tools/jquery.tools.hotkey.js HTTP/1.1" 304 -
114.95.241.104 - - [15/Sep/2023:08:43:01 +0800] "GET /xingrg/javascript/jquery_tools/jquery.tools.min.js HTTP/1.1" 304 -
114.95.241.104 - - [15/Sep/2023:08:43:01 +0800] "GET /xingrg/javascript/jquery_tools/list_manager.js HTTP/1.1" 304 -
114.95.241.104 - - [15/Sep/2023:08:43:01 +0800] "GET /xingrg/javascript/jquery_tools/jquery.tools.table.js HTTP/1.1" 304 -
114.95.241.104 - - [15/Sep/2023:08:43:01 +0800] "GET /xingrg/javascript/auto/jquery.autocomplete.js HTTP/1.1" 304 -
114.95.241.104 - - [15/Sep/2023:08:43:01 +0800] "GET /xingrg/javascript/easyui/easyloader.js HTTP/1.1" 304 -
114.95.241.104 - - [15/Sep/2023:08:43:01 +0800] "GET /xingrg/javascript/jquery.cookie.js HTTP/1.1" 304 -
114.95.241.104 - - [15/Sep/2023:08:43:01 +0800] "GET /xingrg/javascript/print/LodopFuncs.js HTTP/1.1" 304 -
114.95.241.104 - - [15/Sep/2023:08:43:02 +0800] "GET /xingrg/javascript/easyui/plugins/jquery.parser.js HTTP/1.1" 304 -
116.232.195.127 - - [15/Sep/2023:08:43:04 +0800] "GET /xingrg/all/function/internal_message.html?_=1694738456405&CODE_STATE=getMsg HTTP/1.1" 200 27
114.95.241.104 - - [15/Sep/2023:08:43:04 +0800] "POST /xingrg/kc/buy/cgsh_list_operate.html HTTP/1.1" 200 986
124.78.155.92 - - [15/Sep/2023:08:43:12 +0800] "GET /xingrg/kc/buy/cgsh_order_operate.html?command=get_materiel&rest_code=00106&code=00101007027&supplier_code=00100096&order_time=2023-09-15 HTTP/1.1" 200 427
180.163.29.234 - - [15/Sep/2023:08:43:18 +0800] "GET /xingrg/kc/buy/cgsh_order_operate.html?command=get_materiel&rest_code=00106&code=00101007061&supplier_code=00100096&order_time=2023-09-15 HTTP/1.1" 302 -
180.163.29.234 - - [15/Sep/2023:08:43:18 +0800] "GET /xingrg/login.html HTTP/1.1" 200 7641
116.230.112.9 - - [15/Sep/2023:08:43:22 +0800] "GET /xingrg/kc/buy/cgsh_order_operate.html?command=get_materiel&rest_code=00146&code=00101015054&supplier_code=00100005&order_time=2023-09-15 HTTP/1.1" 200 423
124.78.155.92 - - [15/Sep/2023:08:43:26 +0800] "POST /xingrg/kc/buy/cgsh_order_operate.html HTTP/1.1" 200 37
116.232.195.127 - - [15/Sep/2023:08:43:32 +0800] "POST /xingrg/all/report/load_report_page.html HTTP/1.1" 200 116995
116.232.195.127 - - [15/Sep/2023:08:43:32 +0800] "GET /xingrg/servlets/image?cache=0.2748540248745841&image=px HTTP/1.1" 200 807
124.78.155.92 - - [15/Sep/2023:08:43:34 +0800] "POST /xingrg/kc/buy/cgsh_order_operate.html HTTP/1.1" 200 17544
116.230.112.9 - - [15/Sep/2023:08:43:38 +0800] "GET /xingrg/all/function/internal_message.html?_=1694738635780&CODE_STATE=getMsg HTTP/1.1" 200 27
114.95.241.104 - - [15/Sep/2023:08:43:38 +0800] "GET /xingrg/all/function/internal_message.html?_=1694738617251&CODE_STATE=getMsg HTTP/1.1" 200 27
180.169.147.146 - - [15/Sep/2023:08:43:39 +0800] "GET /xingrg/check_reg.html?_=1694738620719 HTTP/1.1" 200 22
114.95.241.104 - - [15/Sep/2023:08:43:40 +0800] "GET /xingrg/kc/buy/cgsh_order_add.html HTTP/1.1" 200 72372
114.95.241.104 - - [15/Sep/2023:08:43:40 +0800] "GET /xingrg/javascript/pic_change.js HTTP/1.1" 304 -
114.95.241.104 - - [15/Sep/2023:08:43:40 +0800] "GET /xingrg/javascript/jquery_tools/order_manager.js HTTP/1.1" 304 -
114.95.241.104 - - [15/Sep/2023:08:43:40 +0800] "GET /xingrg/javascript/convert.js HTTP/1.1" 304 -
114.95.241.104 - - [15/Sep/2023:08:43:40 +0800] "GET /xingrg/javascript/json2.js HTTP/1.1" 304 -
114.95.241.104 - - [15/Sep/2023:08:43:40 +0800] "GET /xingrg/javascript/print/kc_print.js HTTP/1.1" 304 -
114.95.241.104 - - [15/Sep/2023:08:43:40 +0800] "GET /xingrg/words/20230914145318_words.js HTTP/1.1" 304 -
114.95.241.104 - - [15/Sep/2023:08:43:41 +0800] "POST /xingrg/kc/buy/cgsh_order_operate.html HTTP/1.1" 200 8245
114.95.241.104 - - [15/Sep/2023:08:43:41 +0800] "GET /xingrg/all/common/auto_word.html?type=employee&rest_code=00150 HTTP/1.1" 200 159
114.95.241.104 - - [15/Sep/2023:08:43:41 +0800] "GET /xingrg/javascript/easyui/plugins/jquery.validatebox.js HTTP/1.1" 304 -
114.95.241.104 - - [15/Sep/2023:08:43:41 +0800] "GET /xingrg/javascript/easyui/themes/default/validatebox.css HTTP/1.1" 404 1104
114.95.241.104 - - [15/Sep/2023:08:43:41 +0800] "GET /xingrg/all/common/auto_word.html?type=employee&rest_code=00150 HTTP/1.1" 200 159
114.95.241.104 - - [15/Sep/2023:08:43:41 +0800] "GET /xingrg/javascript/easyui/plugins/jquery.numberbox.js HTTP/1.1" 304 -
124.78.155.92 - - [15/Sep/2023:08:43:41 +0800] "GET /xingrg/all/function/internal_message.html?_=1694738618667&CODE_STATE=getMsg HTTP/1.1" 200 27
222.70.180.200 - - [15/Sep/2023:08:43:43 +0800] "GET /xingrg/all/function/internal_message.html?_=1694738624003&CODE_STATE=getMsg HTTP/1.1" 200 27
116.232.195.127 - - [15/Sep/2023:08:43:46 +0800] "POST /xingrg/all/report/load_report_page.html HTTP/1.1" 200 117047
116.232.195.127 - - [15/Sep/2023:08:43:46 +0800] "GET /xingrg/servlets/image?cache=0.3654051166334471&image=px HTTP/1.1" 200 807
124.78.155.92 - - [15/Sep/2023:08:43:48 +0800] "POST /xingrg/kc/buy/cgsh_order_operate.html HTTP/1.1" 200 37
116.230.112.9 - - [15/Sep/2023:08:43:50 +0800] "GET /xingrg/kc/buy/cgsh_order_operate.html?command=get_materiel&rest_code=00146&code=00101008257&supplier_code=00100005&order_time=2023-09-15 HTTP/1.1" 200 416
114.95.241.104 - - [15/Sep/2023:08:43:52 +0800] "GET /xingrg/javascript/auto/indicator.gif HTTP/1.1" 404 1066
124.78.155.92 - - [15/Sep/2023:08:43:55 +0800] "POST /xingrg/kc/buy/cgsh_order_operate.html HTTP/1.1" 200 17544
180.169.147.146 - - [15/Sep/2023:08:43:56 +0800] "GET /xingrg/all/function/internal_message.html?_=1694738646297&CODE_STATE=getMsg HTTP/1.1" 200 27
180.169.147.146 - - [15/Sep/2023:08:43:56 +0800] "GET /xingrg/all/function/internal_message.html?_=1694738637989&CODE_STATE=getMsg HTTP/1.1" 200 27
114.95.241.104 - - [15/Sep/2023:08:43:58 +0800] "GET /xingrg/all/function/internal_message.html?_=1694738518024&CODE_STATE=getMsg HTTP/1.1" 200 27
120.253.135.82 - - [15/Sep/2023:08:43:58 +0800] "GET /xingrg/all/function/internal_message.html?_=1694738443553&CODE_STATE=getMsg HTTP/1.1" 200 27
101.83.145.37 - - [15/Sep/2023:08:44:01 +0800] "GET /xingrg/all/function/internal_message.html?_=1694738749966&CODE_STATE=getMsg HTTP/1.1" 200 27
114.95.241.104 - - [15/Sep/2023:08:44:03 +0800] "GET /xingrg/kc/buy/cgsh_order_operate.html?command=get_materiel&rest_code=00150&code=00101016030&supplier_code=00100096&order_time=2023-09-15 HTTP/1.1" 200 412
116.232.195.127 - - [15/Sep/2023:08:44:04 +0800] "GET /xingrg/all/function/internal_message.html?_=1694738516399&CODE_STATE=getMsg HTTP/1.1" 200 27
116.230.112.9 - - [15/Sep/2023:08:44:06 +0800] "GET /xingrg/kc/buy/cgsh_order_operate.html?command=get_materiel&rest_code=00146&code=00101008331&supplier_code=00100005&order_time=2023-09-15 HTTP/1.1" 200 416
180.163.29.234 - - [15/Sep/2023:08:44:09 +0800] "GET /xingrg/kc/buy/cgsh_order_operate.html?command=get_materiel&rest_code=00106&code=00101007027&supplier_code=00100096&order_time=2023-09-15 HTTP/1.1" 302 -
180.163.29.234 - - [15/Sep/2023:08:44:09 +0800] "GET /xingrg/login.html HTTP/1.1" 200 7641
116.230.112.9 - - [15/Sep/2023:08:44:12 +0800] "POST /xingrg/kc/buy/cgsh_order_operate.html HTTP/1.1" 200 2065
114.95.241.104 - - [15/Sep/2023:08:44:16 +0800] "GET /xingrg/kc/buy/cgsh_order_operate.html?command=get_materiel&rest_code=00150&code=00101012025&supplier_code=00100096&order_time=2023-09-15 HTTP/1.1" 200 412
116.230.112.9 - - [15/Sep/2023:08:44:22 +0800] "GET /xingrg/kc/buy/cgsh_order_operate.html?command=get_materiel&rest_code=00146&code=00101008350&supplier_code=00100005&order_time=2023-09-15 HTTP/1.1" 200 408
114.95.241.104 - - [15/Sep/2023:08:44:26 +0800] "GET /xingrg/kc/buy/cgsh_order_operate.html?command=get_materiel&rest_code=00150&code=00101012003&supplier_code=00100096&order_time=2023-09-15 HTTP/1.1" 200 412
116.230.112.9 - - [15/Sep/2023:08:44:38 +0800] "GET /xingrg/all/function/internal_message.html?_=1694738695793&CODE_STATE=getMsg HTTP/1.1" 200 27
114.95.241.104 - - [15/Sep/2023:08:44:38 +0800] "GET /xingrg/all/function/internal_message.html?_=1694738677252&CODE_STATE=getMsg HTTP/1.1" 200 27
116.230.112.9 - - [15/Sep/2023:08:44:40 +0800] "GET /xingrg/kc/buy/cgsh_order_operate.html?command=get_materiel&rest_code=00146&code=00101008185&supplier_code=00100005&order_time=2023-09-15 HTTP/1.1" 200 408
124.78.155.92 - - [15/Sep/2023:08:44:41 +0800] "GET /xingrg/all/function/internal_message.html?_=1694738678652&CODE_STATE=getMsg HTTP/1.1" 200 27
222.70.180.200 - - [15/Sep/2023:08:44:43 +0800] "GET /xingrg/all/function/internal_message.html?_=1694738684002&CODE_STATE=getMsg HTTP/1.1" 200 27
124.78.155.92 - - [15/Sep/2023:08:44:47 +0800] "POST /xingrg/kc/buy/cgsh_order_operate.html HTTP/1.1" 200 37
