180.162.115.178 - - [15/Sep/2023:10:58:16 +0800] "GET /xingrg/javascript/jquery_easy_ui/easyui-lang-zh_CN.js HTTP/1.1" 304 -
180.162.115.178 - - [15/Sep/2023:10:58:16 +0800] "GET /xingrg/javascript/jquery.form.js HTTP/1.1" 304 -
180.162.115.178 - - [15/Sep/2023:10:58:16 +0800] "GET /xingrg/javascript/jquery.utils.js HTTP/1.1" 304 -
180.162.115.178 - - [15/Sep/2023:10:58:16 +0800] "GET /xingrg/javascript/jquery.timers.js HTTP/1.1" 304 -
180.162.115.178 - - [15/Sep/2023:10:58:16 +0800] "GET /favicon.ico HTTP/1.1" 404 -
180.162.115.178 - - [15/Sep/2023:10:58:16 +0800] "GET /xingrg/javascript/jquery_easy_ui/themes/icons/settle_new.png HTTP/1.1" 304 -
180.162.115.178 - - [15/Sep/2023:10:58:16 +0800] "GET /xingrg/images/blue/navBackgound.jpg HTTP/1.1" 304 -
180.162.115.178 - - [15/Sep/2023:10:58:16 +0800] "POST /xingrg/all/common/load_tree.html?tree=area_rest_tree_json&manage=1 HTTP/1.1" 200 351
180.162.115.178 - - [15/Sep/2023:10:58:16 +0800] "GET /xingrg/all/function/internal_message.html?_=1694745355125&CODE_STATE=count HTTP/1.1" 200 11
180.162.115.178 - - [15/Sep/2023:10:58:16 +0800] "GET /xingrg/check_reg.html?_=1694745355126 HTTP/1.1" 200 22
180.162.115.178 - - [15/Sep/2023:10:58:16 +0800] "GET /xingrg/images/blue/pingpu.png HTTP/1.1" 304 -
180.162.115.178 - - [15/Sep/2023:10:58:16 +0800] "GET /xingrg/javascript/jquery_easy_ui/themes/default/images/tabs_leftarrow.png HTTP/1.1" 304 -
180.162.115.178 - - [15/Sep/2023:10:58:16 +0800] "GET /xingrg/javascript/jquery_easy_ui/themes/default/images/tabs_rightarrow.png HTTP/1.1" 304 -
180.162.115.178 - - [15/Sep/2023:10:58:16 +0800] "GET /xingrg/javascript/jquery_easy_ui/themes/default/images/panel_tool_collapse.gif HTTP/1.1" 304 -
180.162.115.178 - - [15/Sep/2023:10:58:16 +0800] "POST /xingrg/load_menu.html HTTP/1.1" 200 5138
180.162.115.178 - - [15/Sep/2023:10:58:16 +0800] "GET /xingrg/javascript/jquery_easy_ui/themes/default/images/tree_arrows.gif HTTP/1.1" 304 -
180.162.115.178 - - [15/Sep/2023:10:58:16 +0800] "GET /xingrg/javascript/jquery_easy_ui/themes/default/images/tree_folder_open.gif HTTP/1.1" 304 -
180.162.115.178 - - [15/Sep/2023:10:58:16 +0800] "GET /xingrg/javascript/jquery_easy_ui/themes/icons/search_new.png HTTP/1.1" 304 -
180.162.115.178 - - [15/Sep/2023:10:58:16 +0800] "GET /xingrg/javascript/jquery_easy_ui/themes/icons/storage_new.png HTTP/1.1" 304 -
180.162.115.178 - - [15/Sep/2023:10:58:16 +0800] "GET /xingrg/javascript/jquery_easy_ui/themes/default/images/tree_folder.gif HTTP/1.1" 304 -
180.162.115.178 - - [15/Sep/2023:10:58:16 +0800] "GET /xingrg/javascript/jquery_easy_ui/themes/icons/forms_new.png HTTP/1.1" 304 -
180.162.115.178 - - [15/Sep/2023:10:58:16 +0800] "GET /xingrg/javascript/jquery_easy_ui/themes/default/images/tree_file.gif HTTP/1.1" 304 -
114.83.217.74 - - [15/Sep/2023:10:58:18 +0800] "GET /xingrg/kc/base/wldb_order_add.html HTTP/1.1" 200 30463
114.95.241.104 - - [15/Sep/2023:10:58:18 +0800] "GET /xingrg/kc/base/wldb_order_add.html HTTP/1.1" 200 30463
114.83.217.74 - - [15/Sep/2023:10:58:18 +0800] "GET /xingrg/words/20230914145318_words.js HTTP/1.1" 304 -
114.83.217.74 - - [15/Sep/2023:10:58:18 +0800] "POST /xingrg/kc/base/wldb_order_operate.html HTTP/1.1" 200 6806
114.83.217.74 - - [15/Sep/2023:10:58:18 +0800] "GET /xingrg/all/common/auto_word.html?type=base&rest_code=00149 HTTP/1.1" 200 1907
114.83.217.74 - - [15/Sep/2023:10:58:18 +0800] "GET /xingrg/javascript/easyui/themes/default/validatebox.css HTTP/1.1" 404 1104
114.83.217.74 - - [15/Sep/2023:10:58:18 +0800] "GET /xingrg/all/common/auto_word.html?type=base&rest_code=00149 HTTP/1.1" 200 1907
180.162.115.178 - - [15/Sep/2023:10:58:18 +0800] "GET /xingrg/kc/buy/buy_main.html HTTP/1.1" 200 12412
180.162.115.178 - - [15/Sep/2023:10:58:18 +0800] "GET /xingrg/javascript/jquery_easy_ui/themes/default/images/tabs_close.gif HTTP/1.1" 304 -
180.162.115.178 - - [15/Sep/2023:10:58:18 +0800] "GET /xingrg/css/blue.css HTTP/1.1" 304 -
180.162.115.178 - - [15/Sep/2023:10:58:18 +0800] "GET /xingrg/css/new_ie.css HTTP/1.1" 404 1036
180.162.115.178 - - [15/Sep/2023:10:58:18 +0800] "GET /xingrg/javascript/jquery_ui/themes/humanity/humanity.css HTTP/1.1" 304 -
180.162.115.178 - - [15/Sep/2023:10:58:18 +0800] "GET /xingrg/javascript/pic_change.js HTTP/1.1" 304 -
180.162.115.178 - - [15/Sep/2023:10:58:18 +0800] "GET /xingrg/javascript/ToolTips.js HTTP/1.1" 304 -
180.162.115.178 - - [15/Sep/2023:10:58:18 +0800] "GET /xingrg/javascript/myfunction.js HTTP/1.1" 304 -
180.162.115.178 - - [15/Sep/2023:10:58:18 +0800] "GET /xingrg/javascript/jquery_ui/jquery-ui.min.js HTTP/1.1" 304 -
180.162.115.178 - - [15/Sep/2023:10:58:18 +0800] "GET /xingrg/images/blue/button/cgxqd.gif HTTP/1.1" 304 -
180.162.115.178 - - [15/Sep/2023:10:58:18 +0800] "GET /xingrg/images/blue/button/cgydd.gif HTTP/1.1" 304 -
180.162.115.178 - - [15/Sep/2023:10:58:18 +0800] "GET /xingrg/images/blue/button/cgshd.gif HTTP/1.1" 304 -
180.162.115.178 - - [15/Sep/2023:10:58:18 +0800] "GET /xingrg/images/blue/button/cgfkd.gif HTTP/1.1" 304 -
180.162.115.178 - - [15/Sep/2023:10:58:18 +0800] "GET /xingrg/images/blue/button/kc.gif HTTP/1.1" 304 -
180.162.115.178 - - [15/Sep/2023:10:58:18 +0800] "GET /xingrg/images/blue/button/ckthd.gif HTTP/1.1" 304 -
180.162.115.178 - - [15/Sep/2023:10:58:18 +0800] "GET /xingrg/images/blue/pic_form2.gif HTTP/1.1" 304 -
114.95.241.104 - - [15/Sep/2023:10:58:18 +0800] "POST /xingrg/kc/base/wldb_order_operate.html HTTP/1.1" 200 6806
180.162.115.178 - - [15/Sep/2023:10:58:18 +0800] "GET /xingrg/javascript/jquery_ui/themes/humanity/images/ui-bg_inset-soft_100_f4f0ec_1x100.png HTTP/1.1" 304 -
180.162.115.178 - - [15/Sep/2023:10:58:18 +0800] "GET /xingrg/images/blue/bg_dotted.jpg HTTP/1.1" 304 -
180.162.115.178 - - [15/Sep/2023:10:58:18 +0800] "GET /xingrg/images/blue/button/right_ah.jpg HTTP/1.1" 304 -
180.162.115.178 - - [15/Sep/2023:10:58:18 +0800] "GET /xingrg/images/blue/button/down_ah.jpg HTTP/1.1" 304 -
180.162.115.178 - - [15/Sep/2023:10:58:19 +0800] "GET /xingrg/javascript/jquery_ui/themes/humanity/images/ui-iconsnew.jpg HTTP/1.1" 304 -
180.162.115.178 - - [15/Sep/2023:10:58:19 +0800] "GET /xingrg/javascript/jquery_ui/themes/humanity/images/ui-icons_ffffff_256x240.png HTTP/1.1" 304 -
180.162.115.178 - - [15/Sep/2023:10:58:19 +0800] "GET /xingrg/javascript/jquery_ui/themes/humanity/images/ui-icons_c47a23_256x240.png HTTP/1.1" 304 -
180.162.115.178 - - [15/Sep/2023:10:58:19 +0800] "GET /xingrg/javascript/jquery_ui/themes/humanity/images/ui-bg_glass_70_ede4d4_1x400.png HTTP/1.1" 304 -
114.95.241.104 - - [15/Sep/2023:10:58:19 +0800] "GET /xingrg/javascript/easyui/themes/default/validatebox.css HTTP/1.1" 404 1104
180.162.115.178 - - [15/Sep/2023:10:58:19 +0800] "GET /xingrg/images/yd/bt.gif HTTP/1.1" 404 1040
180.162.115.178 - - [15/Sep/2023:10:58:20 +0800] "GET /xingrg/kc/buy/cgsh_order_list.html HTTP/1.1" 200 56540
180.162.115.178 - - [15/Sep/2023:10:58:20 +0800] "GET /xingrg/css/base.css HTTP/1.1" 304 -
180.162.115.178 - - [15/Sep/2023:10:58:20 +0800] "GET /xingrg/css/site.css HTTP/1.1" 304 -
124.78.155.92 - - [15/Sep/2023:10:58:20 +0800] "GET /xingrg/all/function/internal_message.html?_=1694746701012&CODE_STATE=getMsg HTTP/1.1" 200 27
180.162.115.178 - - [15/Sep/2023:10:58:20 +0800] "GET /xingrg/javascript/jquery_tools/datebox.css HTTP/1.1" 304 -
180.162.115.178 - - [15/Sep/2023:10:58:20 +0800] "GET /xingrg/javascript/easyui/themes/default/easyui.css HTTP/1.1" 304 -
180.162.115.178 - - [15/Sep/2023:10:58:20 +0800] "GET /xingrg/javascript/easyui/themes/icon.css HTTP/1.1" 304 -
180.162.115.178 - - [15/Sep/2023:10:58:20 +0800] "GET /xingrg/javascript/auto/jquery.autocomplete.css HTTP/1.1" 304 -
180.162.115.178 - - [15/Sep/2023:10:58:20 +0800] "GET /xingrg/javascript/jquery_tools/fix.css HTTP/1.1" 304 -
180.162.115.178 - - [15/Sep/2023:10:58:20 +0800] "GET /xingrg/javascript/jquery_tools/table.css HTTP/1.1" 304 -
180.162.115.178 - - [15/Sep/2023:10:58:20 +0800] "GET /xingrg/javascript/jquery_tools/jquery.tools.min.js HTTP/1.1" 304 -
180.162.115.178 - - [15/Sep/2023:10:58:20 +0800] "GET /xingrg/javascript/jquery_tools/jquery.tools.extend.js HTTP/1.1" 304 -
180.162.115.178 - - [15/Sep/2023:10:58:20 +0800] "GET /xingrg/javascript/jquery_tools/jquery.tools.hotkey.js HTTP/1.1" 304 -
180.162.115.178 - - [15/Sep/2023:10:58:20 +0800] "GET /xingrg/javascript/jquery_tools/jquery.tools.table.js HTTP/1.1" 304 -
180.162.115.178 - - [15/Sep/2023:10:58:20 +0800] "GET /xingrg/javascript/jquery_tools/list_manager.js HTTP/1.1" 304 -
180.162.115.178 - - [15/Sep/2023:10:58:20 +0800] "GET /xingrg/javascript/auto/jquery.autocomplete.js HTTP/1.1" 304 -
180.162.115.178 - - [15/Sep/2023:10:58:20 +0800] "GET /xingrg/javascript/easyui/easyloader.js HTTP/1.1" 304 -
180.162.115.178 - - [15/Sep/2023:10:58:20 +0800] "GET /xingrg/javascript/jquery.cookie.js HTTP/1.1" 304 -
180.162.115.178 - - [15/Sep/2023:10:58:20 +0800] "GET /xingrg/javascript/print/LodopFuncs.js HTTP/1.1" 304 -
114.83.217.74 - - [15/Sep/2023:10:58:21 +0800] "POST /xingrg/all/common/load_combo.html?type=base HTTP/1.1" 200 3409
180.162.115.178 - - [15/Sep/2023:10:58:21 +0800] "GET /xingrg/javascript/easyui/themes/icons/field_new.png HTTP/1.1" 304 -
180.162.115.178 - - [15/Sep/2023:10:58:21 +0800] "GET /xingrg/javascript/easyui/themes/icons/check_new.png HTTP/1.1" 304 -
180.162.115.178 - - [15/Sep/2023:10:58:21 +0800] "GET /xingrg/javascript/easyui/themes/icons/cance_new.png HTTP/1.1" 304 -
180.162.115.178 - - [15/Sep/2023:10:58:21 +0800] "GET /xingrg/javascript/easyui/themes/icons/edit_add_new.png HTTP/1.1" 304 -
180.169.147.146 - - [15/Sep/2023:10:58:21 +0800] "GET /xingrg/kc/buy/cgsh_order_operate.html?command=get_materiel&rest_code=00147&code=00101001167&supplier_code=00100314&order_time=2023-09-14 HTTP/1.1" 200 412
180.162.115.178 - - [15/Sep/2023:10:58:21 +0800] "GET /xingrg/javascript/easyui/themes/icons/import_new.png HTTP/1.1" 304 -
180.162.115.178 - - [15/Sep/2023:10:58:21 +0800] "GET /xingrg/javascript/easyui/plugins/jquery.parser.js HTTP/1.1" 304 -
180.162.115.178 - - [15/Sep/2023:10:58:21 +0800] "GET /xingrg/images/control/ajaxLoader.gif HTTP/1.1" 304 -
116.230.112.9 - - [15/Sep/2023:10:58:21 +0800] "GET /xingrg/all/function/internal_message.html?_=1694746719642&CODE_STATE=getMsg HTTP/1.1" 200 27
114.83.217.74 - - [15/Sep/2023:10:58:25 +0800] "GET /xingrg/javascript/auto/indicator.gif HTTP/1.1" 404 1066
180.162.115.178 - - [15/Sep/2023:10:58:26 +0800] "POST /xingrg/kc/buy/cgsh_list_operate.html HTTP/1.1" 200 2311
114.95.241.104 - - [15/Sep/2023:10:58:28 +0800] "GET /xingrg/check_reg.html?_=1694746707306 HTTP/1.1" 200 22
114.95.241.104 - - [15/Sep/2023:10:58:28 +0800] "GET /xingrg/all/function/internal_message.html?_=1694746707310&CODE_STATE=getMsg HTTP/1.1" 200 27
180.162.115.178 - - [15/Sep/2023:10:58:29 +0800] "GET /xingrg/javascript/easyui/themes/default/images/button_plain_hover.png HTTP/1.1" 304 -
180.162.115.178 - - [15/Sep/2023:10:58:31 +0800] "GET /xingrg/kc/buy/cgsh_order_add.html HTTP/1.1" 200 71397
180.162.115.178 - - [15/Sep/2023:10:58:31 +0800] "GET /xingrg/javascript/jquery_tools/order_manager.js HTTP/1.1" 304 -
180.162.115.178 - - [15/Sep/2023:10:58:31 +0800] "GET /xingrg/javascript/convert.js HTTP/1.1" 304 -
180.162.115.178 - - [15/Sep/2023:10:58:31 +0800] "GET /xingrg/javascript/json2.js HTTP/1.1" 304 -
180.162.115.178 - - [15/Sep/2023:10:58:31 +0800] "GET /xingrg/javascript/print/kc_print.js HTTP/1.1" 304 -
180.169.147.146 - - [15/Sep/2023:10:58:31 +0800] "POST /xingrg/kc/buy/cgsh_order_operate.html HTTP/1.1" 200 37
180.162.115.178 - - [15/Sep/2023:10:58:31 +0800] "GET /xingrg/words/20230914145318_words.js HTTP/1.1" 200 986475
180.162.115.178 - - [15/Sep/2023:10:58:31 +0800] "GET /xingrg/javascript/easyui/themes/icons/print.png HTTP/1.1" 304 -
180.162.115.178 - - [15/Sep/2023:10:58:31 +0800] "GET /xingrg/javascript/easyui/themes/icons/ok.png HTTP/1.1" 304 -
180.162.115.178 - - [15/Sep/2023:10:58:31 +0800] "GET /xingrg/javascript/easyui/themes/icons/template_new.png HTTP/1.1" 304 -
180.162.115.178 - - [15/Sep/2023:10:58:31 +0800] "GET /xingrg/javascript/easyui/themes/icons/copy_new.png HTTP/1.1" 304 -
180.162.115.178 - - [15/Sep/2023:10:58:31 +0800] "GET /xingrg/javascript/easyui/themes/default/images/menu_downarrow.png HTTP/1.1" 304 -
180.162.115.178 - - [15/Sep/2023:10:58:31 +0800] "GET /xingrg/javascript/easyui/themes/icons/cancel.png HTTP/1.1" 304 -
180.162.115.178 - - [15/Sep/2023:10:58:32 +0800] "POST /xingrg/kc/buy/cgsh_order_operate.html HTTP/1.1" 200 8245
180.162.115.178 - - [15/Sep/2023:10:58:32 +0800] "GET /xingrg/javascript/easyui/themes/default/validatebox.css HTTP/1.1" 404 1104
180.162.115.178 - - [15/Sep/2023:10:58:32 +0800] "GET /xingrg/javascript/easyui/plugins/jquery.validatebox.js HTTP/1.1" 304 -
180.162.115.178 - - [15/Sep/2023:10:58:32 +0800] "GET /xingrg/all/common/auto_word.html?type=employee&rest_code=00143 HTTP/1.1" 200 55
180.162.115.178 - - [15/Sep/2023:10:58:32 +0800] "GET /xingrg/javascript/easyui/plugins/jquery.numberbox.js HTTP/1.1" 304 -
180.162.115.178 - - [15/Sep/2023:10:58:32 +0800] "GET /xingrg/all/common/auto_word.html?type=employee&rest_code=00143 HTTP/1.1" 200 55
180.162.115.178 - - [15/Sep/2023:10:58:32 +0800] "GET /xingrg/javascript/easyui/themes/icons/edit_remove.png HTTP/1.1" 304 -
180.169.147.146 - - [15/Sep/2023:10:58:33 +0800] "POST /xingrg/kc/buy/cgsh_order_operate.html HTTP/1.1" 200 2659
180.162.115.178 - - [15/Sep/2023:10:58:33 +0800] "GET /xingrg/javascript/easyui/plugins/jquery.draggable.js HTTP/1.1" 304 -
180.162.115.178 - - [15/Sep/2023:10:58:33 +0800] "GET /xingrg/css/images/panel_loading.gif HTTP/1.1" 304 -
180.162.115.178 - - [15/Sep/2023:10:58:33 +0800] "GET /xingrg/javascript/easyui/plugins/jquery.droppable.js HTTP/1.1" 304 -
180.162.115.178 - - [15/Sep/2023:10:58:33 +0800] "GET /xingrg/javascript/easyui/themes/default/tree.css HTTP/1.1" 404 1090
180.162.115.178 - - [15/Sep/2023:10:58:33 +0800] "GET /xingrg/javascript/easyui/plugins/jquery.tree.js HTTP/1.1" 304 -
114.83.217.74 - - [15/Sep/2023:10:58:33 +0800] "GET /xingrg/kc/base/wldb_order_operate.html?command=get_materiel&rest_code=00149&base_code=0010394&code=00101016094 HTTP/1.1" 200 469
180.162.115.178 - - [15/Sep/2023:10:58:34 +0800] "POST /xingrg/all/common/load_tree.html?tree=supplier_tree_json&isDelete=1 HTTP/1.1" 200 75839
180.169.147.146 - - [15/Sep/2023:10:58:35 +0800] "GET /xingrg/kc/print/load_data.html?order_code=212023091505759&kc_code=cgsh&condition= HTTP/1.1" 200 681
180.162.115.178 - - [15/Sep/2023:10:58:36 +0800] "GET /xingrg/javascript/easyui/themes/default/images/tree_arrows.gif HTTP/1.1" 304 -
180.162.115.178 - - [15/Sep/2023:10:58:36 +0800] "GET /xingrg/javascript/easyui/themes/default/images/tree_folder.gif HTTP/1.1" 304 -
180.162.115.178 - - [15/Sep/2023:10:58:36 +0800] "GET /xingrg/javascript/easyui/themes/default/images/tree_folder_open.gif HTTP/1.1" 304 -
180.162.115.178 - - [15/Sep/2023:10:58:36 +0800] "GET /xingrg/javascript/easyui/themes/default/images/tree_file.gif HTTP/1.1" 304 -
180.169.147.146 - - [15/Sep/2023:10:58:36 +0800] "GET /xingrg/all/function/internal_message.html?_=1694746717785&CODE_STATE=getMsg HTTP/1.1" 200 27
180.169.147.146 - - [15/Sep/2023:10:58:41 +0800] "GET /xingrg/kc/buy/cgsh_order_add.html HTTP/1.1" 200 72319
180.169.147.146 - - [15/Sep/2023:10:58:41 +0800] "GET /xingrg/javascript/easyui/themes/default/validatebox.css HTTP/1.1" 404 1104
180.169.147.146 - - [15/Sep/2023:10:58:41 +0800] "POST /xingrg/kc/buy/cgsh_order_operate.html HTTP/1.1" 200 8245
116.232.195.127 - - [15/Sep/2023:10:58:42 +0800] "GET /xingrg/all/function/internal_message.html?_=1694746594736&CODE_STATE=getMsg HTTP/1.1" 200 27
114.95.241.104 - - [15/Sep/2023:10:58:43 +0800] "GET /xingrg/kc/base/wldb_order_operate.html?command=get_materiel&rest_code=00150&base_code=0010446&code=00102002410 HTTP/1.1" 200 440
114.95.241.104 - - [15/Sep/2023:10:58:45 +0800] "GET /xingrg/all/function/internal_message.html?_=1694746605305&CODE_STATE=getMsg HTTP/1.1" 200 27
101.83.145.37 - - [15/Sep/2023:10:58:45 +0800] "GET /xingrg/all/function/internal_message.html?_=1694746724982&CODE_STATE=getMsg HTTP/1.1" 200 27
101.83.145.37 - - [15/Sep/2023:10:58:45 +0800] "GET /xingrg/check_reg.html?_=1694746725387 HTTP/1.1" 200 22
114.83.217.74 - - [15/Sep/2023:10:58:47 +0800] "GET /xingrg/kc/base/wldb_order_operate.html?command=get_materiel&rest_code=00149&base_code=0010394&code=00101019222 HTTP/1.1" 200 451
101.228.187.155 - - [15/Sep/2023:10:58:47 +0800] "GET /xingrg/all/function/internal_message.html?_=1694746726342&CODE_STATE=getMsg HTTP/1.1" 200 27
114.95.241.104 - - [15/Sep/2023:10:58:49 +0800] "GET /xingrg/kc/base/wldb_order_operate.html?command=get_materiel&rest_code=00150&base_code=0010446&code=00102002556 HTTP/1.1" 200 444
101.83.145.37 - - [15/Sep/2023:10:58:51 +0800] "GET /xingrg/check_reg.html?_=1694746521645 HTTP/1.1" 200 22
101.83.145.37 - - [15/Sep/2023:10:58:51 +0800] "GET /xingrg/all/function/internal_message.html?_=1694746521649&CODE_STATE=getMsg HTTP/1.1" 200 27
222.70.180.200 - - [15/Sep/2023:10:58:51 +0800] "GET /xingrg/kc/buy/cgsh_order_operate.html?command=get_materiel&rest_code=00111&code=00101015022&supplier_code=00100005&order_time=2023-09-15 HTTP/1.1" 200 408
180.169.147.146 - - [15/Sep/2023:10:58:52 +0800] "GET /xingrg/kc/buy/cgsh_order_operate.html?command=get_materiel&rest_code=00147&code=00101013328&supplier_code=00100547&order_time=2023-09-14 HTTP/1.1" 200 409
114.83.217.74 - - [15/Sep/2023:10:58:53 +0800] "GET /xingrg/kc/base/wldb_order_operate.html?command=get_materiel&rest_code=00149&base_code=0010394&code=00101019384 HTTP/1.1" 200 471
180.152.241.196 - - [15/Sep/2023:10:58:54 +0800] "GET /xingrg/all/function/internal_message.html?_=1694746735694&CODE_STATE=getMsg HTTP/1.1" 200 27
114.95.241.104 - - [15/Sep/2023:10:58:54 +0800] "GET /xingrg/kc/base/wldb_order_operate.html?command=get_materiel&rest_code=00150&base_code=0010446&code=00102002679 HTTP/1.1" 200 457
180.162.115.178 - - [15/Sep/2023:10:58:54 +0800] "GET /xingrg/javascript/auto/indicator.gif HTTP/1.1" 404 1066
114.83.221.29 - - [15/Sep/2023:10:58:57 +0800] "GET /xingrg/check_reg.html?_=1694746886699 HTTP/1.1" 200 22
114.83.221.29 - - [15/Sep/2023:10:58:57 +0800] "GET /xingrg/all/function/internal_message.html?_=1694746886701&CODE_STATE=getMsg HTTP/1.1" 200 27
124.78.155.92 - - [15/Sep/2023:10:58:57 +0800] "GET /xingrg/kc/buy/buy_main.html HTTP/1.1" 200 12412
124.78.155.92 - - [15/Sep/2023:10:58:57 +0800] "GET /xingrg/css/new_ie.css HTTP/1.1" 404 1036
124.78.155.92 - - [15/Sep/2023:10:58:57 +0800] "GET /xingrg/images/blue/button/cgydd.gif HTTP/1.1" 304 -
124.78.155.92 - - [15/Sep/2023:10:58:57 +0800] "GET /xingrg/images/blue/button/cgshd.gif HTTP/1.1" 304 -
124.78.155.92 - - [15/Sep/2023:10:58:57 +0800] "GET /xingrg/images/blue/button/cgfkd.gif HTTP/1.1" 304 -
124.78.155.92 - - [15/Sep/2023:10:58:57 +0800] "GET /xingrg/images/blue/button/ckthd.gif HTTP/1.1" 304 -
180.169.147.146 - - [15/Sep/2023:10:58:58 +0800] "GET /xingrg/all/function/internal_message.html?_=1694746748989&CODE_STATE=getMsg HTTP/1.1" 200 27
124.78.155.92 - - [15/Sep/2023:10:58:58 +0800] "GET /xingrg/images/yd/bt.gif HTTP/1.1" 404 1040
124.78.155.92 - - [15/Sep/2023:10:58:59 +0800] "GET /xingrg/kc/buy/cgsh_order_list.html HTTP/1.1" 200 56534
180.169.147.146 - - [15/Sep/2023:10:59:00 +0800] "POST /xingrg/kc/buy/cgsh_order_operate.html HTTP/1.1" 200 37
222.70.180.200 - - [15/Sep/2023:10:59:01 +0800] "GET /xingrg/all/function/internal_message.html?_=1694746743256&CODE_STATE=getMsg HTTP/1.1" 200 27
180.169.147.146 - - [15/Sep/2023:10:59:02 +0800] "POST /xingrg/kc/buy/cgsh_order_operate.html HTTP/1.1" 200 2668
180.162.115.178 - - [15/Sep/2023:10:59:03 +0800] "GET /xingrg/kc/buy/cgsh_order_operate.html?command=get_materiel&rest_code=00143&code=00101008368&supplier_code=00100161&order_time=2023-09-15 HTTP/1.1" 200 408
180.165.48.189 - - [15/Sep/2023:10:59:03 +0800] "GET /xingrg/all/function/internal_message.html?_=1694746743659&CODE_STATE=getMsg HTTP/1.1" 200 27
124.78.155.92 - - [15/Sep/2023:10:59:03 +0800] "POST /xingrg/kc/buy/cgsh_list_operate.html HTTP/1.1" 200 1869
180.169.147.146 - - [15/Sep/2023:10:59:04 +0800] "GET /xingrg/kc/print/load_data.html?order_code=212023091505760&kc_code=cgsh&condition= HTTP/1.1" 200 669
116.232.195.127 - - [15/Sep/2023:10:59:04 +0800] "GET /xingrg/all/function/internal_message.html?_=1694746616402&CODE_STATE=getMsg HTTP/1.1" 200 27
114.83.217.74 - - [15/Sep/2023:10:59:04 +0800] "GET /xingrg/kc/base/wldb_order_operate.html?command=get_materiel&rest_code=00149&base_code=0010394&code=00101019438 HTTP/1.1" 200 462
114.95.241.104 - - [15/Sep/2023:10:59:06 +0800] "GET /xingrg/kc/base/wldb_order_operate.html?command=get_materiel&rest_code=00150&base_code=0010446&code=00102001130 HTTP/1.1" 200 443
120.253.135.82 - - [15/Sep/2023:10:59:06 +0800] "GET /xingrg/all/function/internal_message.html?_=1694746550285&CODE_STATE=getMsg HTTP/1.1" 200 27
222.70.107.27 - - [15/Sep/2023:10:59:07 +0800] "GET /xingrg/all/function/internal_message.html?_=1694746753405&CODE_STATE=getMsg HTTP/1.1" 200 27
222.70.107.27 - - [15/Sep/2023:10:59:07 +0800] "GET /xingrg/check_reg.html?_=1694746753408 HTTP/1.1" 200 22
114.83.217.74 - - [15/Sep/2023:10:59:08 +0800] "GET /xingrg/all/function/internal_message.html?_=1694746746126&CODE_STATE=getMsg HTTP/1.1" 200 27
180.169.147.146 - - [15/Sep/2023:10:59:08 +0800] "GET /xingrg/kc/buy/cgsh_order_add.html HTTP/1.1" 200 72319
180.169.147.146 - - [15/Sep/2023:10:59:09 +0800] "POST /xingrg/kc/buy/cgsh_order_operate.html HTTP/1.1" 200 8245
180.169.147.146 - - [15/Sep/2023:10:59:09 +0800] "GET /xingrg/javascript/easyui/themes/default/validatebox.css HTTP/1.1" 404 1104
114.83.217.74 - - [15/Sep/2023:10:59:09 +0800] "GET /xingrg/kc/base/wldb_order_operate.html?command=get_materiel&rest_code=00149&base_code=0010394&code=00101016076 HTTP/1.1" 200 477
114.83.217.74 - - [15/Sep/2023:10:59:15 +0800] "GET /xingrg/kc/base/wldb_order_operate.html?command=get_materiel&rest_code=00149&base_code=0010394&code=00101019391 HTTP/1.1" 200 485
114.95.241.104 - - [15/Sep/2023:10:59:15 +0800] "GET /xingrg/kc/base/wldb_order_operate.html?command=get_materiel&rest_code=00150&base_code=0010446&code=00102002543 HTTP/1.1" 200 441
180.162.115.178 - - [15/Sep/2023:10:59:16 +0800] "GET /xingrg/all/function/internal_message.html?_=1694745415172&CODE_STATE=getMsg HTTP/1.1" 200 27
124.78.155.92 - - [15/Sep/2023:10:59:20 +0800] "GET /xingrg/all/function/internal_message.html?_=1694746760992&CODE_STATE=getMsg HTTP/1.1" 200 27
114.83.217.74 - - [15/Sep/2023:10:59:22 +0800] "GET /xingrg/kc/base/wldb_order_operate.html?command=get_materiel&rest_code=00149&base_code=0010394&code=00101013052 HTTP/1.1" 200 442
180.169.147.146 - - [15/Sep/2023:10:59:22 +0800] "GET /xingrg/kc/buy/cgsh_order_operate.html?command=get_materiel&rest_code=00147&code=00101014131&supplier_code=00100326&order_time=2023-09-14 HTTP/1.1" 200 424
116.230.112.9 - - [15/Sep/2023:10:59:22 +0800] "GET /xingrg/all/function/internal_message.html?_=1694746780070&CODE_STATE=getMsg HTTP/1.1" 200 27
180.162.115.178 - - [15/Sep/2023:10:59:25 +0800] "GET /xingrg/kc/buy/cgsh_order_operate.html?command=get_materiel&rest_code=00143&code=00101008005&supplier_code=00100161&order_time=2023-09-15 HTTP/1.1" 200 412
114.95.241.104 - - [15/Sep/2023:10:59:26 +0800] "POST /xingrg/kc/base/wldb_order_operate.html HTTP/1.1" 200 37
114.95.241.104 - - [15/Sep/2023:10:59:27 +0800] "POST /xingrg/kc/base/wldb_order_operate.html HTTP/1.1" 200 4119
114.95.241.104 - - [15/Sep/2023:10:59:28 +0800] "GET /xingrg/all/function/internal_message.html?_=1694746767305&CODE_STATE=getMsg HTTP/1.1" 200 27
180.169.147.146 - - [15/Sep/2023:10:59:31 +0800] "POST /xingrg/kc/buy/cgsh_order_operate.html HTTP/1.1" 200 37
180.169.147.146 - - [15/Sep/2023:10:59:32 +0800] "POST /xingrg/kc/buy/cgsh_order_operate.html HTTP/1.1" 200 2668
114.95.241.104 - - [15/Sep/2023:10:59:33 +0800] "POST /xingrg/kc/base/wldb_order_operate.html HTTP/1.1" 200 12
114.83.217.74 - - [15/Sep/2023:10:59:33 +0800] "GET /xingrg/kc/base/wldb_order_operate.html?command=get_materiel&rest_code=00149&base_code=0010394&code=00101019063 HTTP/1.1" 200 461
180.169.147.146 - - [15/Sep/2023:10:59:33 +0800] "GET /xingrg/kc/print/load_data.html?order_code=212023091505761&kc_code=cgsh&condition= HTTP/1.1" 200 697
114.95.241.104 - - [15/Sep/2023:10:59:35 +0800] "GET /xingrg/kc/base/wldb_order_info.html?code=422023091501408 HTTP/1.1" 200 26342
114.95.241.104 - - [15/Sep/2023:10:59:36 +0800] "GET /xingrg/javascript/easyui/themes/default/validatebox.css HTTP/1.1" 404 1104
114.95.241.104 - - [15/Sep/2023:10:59:36 +0800] "POST /xingrg/kc/base/wldb_order_operate.html HTTP/1.1" 200 2367
180.169.147.146 - - [15/Sep/2023:10:59:36 +0800] "GET /xingrg/check_reg.html?_=1694746777776 HTTP/1.1" 200 22
180.169.147.146 - - [15/Sep/2023:10:59:36 +0800] "GET /xingrg/all/function/internal_message.html?_=1694746777777&CODE_STATE=getMsg HTTP/1.1" 200 27
180.169.147.146 - - [15/Sep/2023:10:59:38 +0800] "GET /xingrg/kc/buy/cgsh_order_add.html HTTP/1.1" 200 72319
180.169.147.146 - - [15/Sep/2023:10:59:38 +0800] "POST /xingrg/kc/buy/cgsh_order_operate.html HTTP/1.1" 200 8245
180.169.147.146 - - [15/Sep/2023:10:59:38 +0800] "GET /xingrg/javascript/easyui/themes/default/validatebox.css HTTP/1.1" 404 1104
114.83.217.74 - - [15/Sep/2023:10:59:41 +0800] "GET /xingrg/kc/base/wldb_order_operate.html?command=get_materiel&rest_code=00149&base_code=0010394&code=00101019183 HTTP/1.1" 200 449
116.232.195.127 - - [15/Sep/2023:10:59:42 +0800] "GET /xingrg/all/function/internal_message.html?_=1694746654710&CODE_STATE=getMsg HTTP/1.1" 200 27
114.95.241.104 - - [15/Sep/2023:10:59:44 +0800] "GET /xingrg/check_reg.html?_=1694746664839 HTTP/1.1" 200 22
101.83.145.37 - - [15/Sep/2023:10:59:45 +0800] "GET /xingrg/all/function/internal_message.html?_=1694746784959&CODE_STATE=getMsg HTTP/1.1" 200 27
114.95.241.104 - - [15/Sep/2023:10:59:45 +0800] "GET /xingrg/all/function/internal_message.html?_=1694746665318&CODE_STATE=getMsg HTTP/1.1" 200 27
180.162.115.178 - - [15/Sep/2023:10:59:46 +0800] "GET /xingrg/kc/buy/cgsh_order_operate.html?command=get_materiel&rest_code=00143&code=00101008049&supplier_code=00100161&order_time=2023-09-15 HTTP/1.1" 200 408
101.228.187.155 - - [15/Sep/2023:10:59:47 +0800] "GET /xingrg/all/function/internal_message.html?_=1694746786341&CODE_STATE=getMsg HTTP/1.1" 200 27
101.83.145.37 - - [15/Sep/2023:10:59:51 +0800] "GET /xingrg/all/function/internal_message.html?_=1694746581649&CODE_STATE=getMsg HTTP/1.1" 200 27
180.152.241.196 - - [15/Sep/2023:10:59:54 +0800] "GET /xingrg/all/function/internal_message.html?_=1694746795679&CODE_STATE=getMsg HTTP/1.1" 200 27
180.152.241.196 - - [15/Sep/2023:10:59:54 +0800] "GET /xingrg/check_reg.html?_=1694746795894 HTTP/1.1" 200 22
180.169.147.146 - - [15/Sep/2023:10:59:54 +0800] "GET /xingrg/kc/buy/cgsh_order_operate.html?command=get_materiel&rest_code=00147&code=00101010719&supplier_code=00100442&order_time=2023-09-14 HTTP/1.1" 200 406
114.83.221.29 - - [15/Sep/2023:10:59:57 +0800] "GET /xingrg/all/function/internal_message.html?_=1694746946700&CODE_STATE=getMsg HTTP/1.1" 200 27
180.162.115.178 - - [15/Sep/2023:10:59:57 +0800] "GET /xingrg/kc/buy/cgsh_order_operate.html?command=get_materiel&rest_code=00143&code=00101008268&supplier_code=00100161&order_time=2023-09-15 HTTP/1.1" 200 408
180.169.147.146 - - [15/Sep/2023:10:59:58 +0800] "GET /xingrg/all/function/internal_message.html?_=1694746809017&CODE_STATE=getMsg HTTP/1.1" 200 27
114.83.217.74 - - [15/Sep/2023:11:00:00 +0800] "POST /xingrg/kc/base/wldb_order_operate.html HTTP/1.1" 200 37
222.70.180.200 - - [15/Sep/2023:11:00:01 +0800] "GET /xingrg/all/function/internal_message.html?_=1694746803263&CODE_STATE=getMsg HTTP/1.1" 200 27
222.70.180.200 - - [15/Sep/2023:11:00:01 +0800] "GET /xingrg/check_reg.html?_=1694746803270 HTTP/1.1" 200 22
180.165.48.189 - - [15/Sep/2023:11:00:03 +0800] "GET /xingrg/check_reg.html?_=1694746803676 HTTP/1.1" 200 22
180.165.48.189 - - [15/Sep/2023:11:00:03 +0800] "GET /xingrg/all/function/internal_message.html?_=1694746803678&CODE_STATE=getMsg HTTP/1.1" 200 27
116.232.195.127 - - [15/Sep/2023:11:00:04 +0800] "GET /xingrg/all/function/internal_message.html?_=1694746676411&CODE_STATE=getMsg HTTP/1.1" 200 27
218.81.73.219 - - [15/Sep/2023:11:00:05 +0800] "GET /xingrg/all/function/internal_message.html?_=1694746805802&CODE_STATE=getMsg HTTP/1.1" 200 27
218.81.73.219 - - [15/Sep/2023:11:00:05 +0800] "GET /xingrg/check_reg.html?_=1694746805804 HTTP/1.1" 200 22
120.253.135.82 - - [15/Sep/2023:11:00:06 +0800] "GET /xingrg/all/function/internal_message.html?_=1694746610299&CODE_STATE=getMsg HTTP/1.1" 200 27
114.83.217.74 - - [15/Sep/2023:11:00:07 +0800] "POST /xingrg/kc/base/wldb_order_operate.html HTTP/1.1" 200 12
114.83.217.74 - - [15/Sep/2023:11:00:07 +0800] "POST /xingrg/kc/base/wldb_order_operate.html HTTP/1.1" 200 6179
222.70.107.27 - - [15/Sep/2023:11:00:07 +0800] "GET /xingrg/all/function/internal_message.html?_=1694746813406&CODE_STATE=getMsg HTTP/1.1" 200 27
114.83.217.74 - - [15/Sep/2023:11:00:08 +0800] "GET /xingrg/kc/base/wldb_order_info.html?code=422023091501409 HTTP/1.1" 200 26342
180.169.147.146 - - [15/Sep/2023:11:00:08 +0800] "GET /xingrg/kc/buy/cgsh_order_operate.html?command=get_materiel&rest_code=00147&code=00101007109&supplier_code=00100442&order_time=2023-09-14 HTTP/1.1" 200 408
114.83.217.74 - - [15/Sep/2023:11:00:08 +0800] "GET /xingrg/all/function/internal_message.html?_=1694746806231&CODE_STATE=getMsg HTTP/1.1" 200 27
114.83.217.74 - - [15/Sep/2023:11:00:08 +0800] "GET /xingrg/javascript/easyui/themes/default/validatebox.css HTTP/1.1" 404 1104
114.83.217.74 - - [15/Sep/2023:11:00:09 +0800] "POST /xingrg/kc/base/wldb_order_operate.html HTTP/1.1" 200 4381
114.83.217.74 - - [15/Sep/2023:11:00:11 +0800] "GET /xingrg/kc/base/wldb_order_add.html HTTP/1.1" 200 30463
114.83.217.74 - - [15/Sep/2023:11:00:11 +0800] "POST /xingrg/kc/base/wldb_order_operate.html HTTP/1.1" 200 6806
114.83.217.74 - - [15/Sep/2023:11:00:11 +0800] "GET /xingrg/javascript/easyui/themes/default/validatebox.css HTTP/1.1" 404 1104
180.162.115.178 - - [15/Sep/2023:11:00:12 +0800] "GET /xingrg/kc/buy/cgsh_order_operate.html?command=get_materiel&rest_code=00143&code=00101008361&supplier_code=00100161&order_time=2023-09-15 HTTP/1.1" 200 408
114.83.217.74 - - [15/Sep/2023:11:00:13 +0800] "POST /xingrg/all/common/load_combo.html?type=base HTTP/1.1" 200 3409
180.162.115.178 - - [15/Sep/2023:11:00:16 +0800] "GET /xingrg/all/function/internal_message.html?_=1694745475145&CODE_STATE=getMsg HTTP/1.1" 200 27
180.169.147.146 - - [15/Sep/2023:11:00:18 +0800] "GET /xingrg/kc/buy/cgsh_order_operate.html?command=get_materiel&rest_code=00147&code=00101019502&supplier_code=00100442&order_time=2023-09-14 HTTP/1.1" 200 408
124.78.155.92 - - [15/Sep/2023:11:00:19 +0800] "GET /xingrg/check_reg.html?_=1694746819307 HTTP/1.1" 200 22
222.70.180.200 - - [15/Sep/2023:11:00:19 +0800] "GET /xingrg/kc/buy/cgsh_order_operate.html?command=get_materiel&rest_code=00111&code=00101008348&supplier_code=00100005&order_time=2023-09-15 HTTP/1.1" 200 413
124.78.155.92 - - [15/Sep/2023:11:00:20 +0800] "GET /xingrg/all/function/internal_message.html?_=1694746820963&CODE_STATE=getMsg HTTP/1.1" 200 27
116.230.112.9 - - [15/Sep/2023:11:00:22 +0800] "GET /xingrg/all/function/internal_message.html?_=1694746840075&CODE_STATE=getMsg HTTP/1.1" 200 27
218.81.73.219 - - [15/Sep/2023:11:00:26 +0800] "POST /xingrg/kc/buy/cgsh_list_operate.html HTTP/1.1" 200 5844
180.162.115.178 - - [15/Sep/2023:11:00:27 +0800] "GET /xingrg/kc/buy/cgsh_order_operate.html?command=get_materiel&rest_code=00143&code=00101008155&supplier_code=00100161&order_time=2023-09-15 HTTP/1.1" 200 408
114.95.241.104 - - [15/Sep/2023:11:00:28 +0800] "GET /xingrg/all/function/internal_message.html?_=1694746827320&CODE_STATE=getMsg HTTP/1.1" 200 27
180.169.147.146 - - [15/Sep/2023:11:00:31 +0800] "GET /xingrg/kc/buy/cgsh_order_operate.html?command=get_materiel&rest_code=00147&code=00101010658&supplier_code=00100442&order_time=2023-09-14 HTTP/1.1" 200 409
114.83.217.74 - - [15/Sep/2023:11:00:34 +0800] "GET /xingrg/kc/base/wldb_order_operate.html?command=get_materiel&rest_code=00149&base_code=0010394&code=00101019503 HTTP/1.1" 200 467
180.169.147.146 - - [15/Sep/2023:11:00:36 +0800] "GET /xingrg/all/function/internal_message.html?_=1694746837752&CODE_STATE=getMsg HTTP/1.1" 200 27
180.162.115.178 - - [15/Sep/2023:11:00:38 +0800] "GET /xingrg/kc/buy/cgsh_order_operate.html?command=get_materiel&rest_code=00143&code=00101008355&supplier_code=00100161&order_time=2023-09-15 HTTP/1.1" 200 408
114.83.217.74 - - [15/Sep/2023:11:00:41 +0800] "GET /xingrg/kc/base/wldb_order_operate.html?command=get_materiel&rest_code=00149&base_code=0010394&code=00101019185 HTTP/1.1" 200 469
116.232.195.127 - - [15/Sep/2023:11:00:42 +0800] "GET /xingrg/all/function/internal_message.html?_=1694746714690&CODE_STATE=getMsg HTTP/1.1" 200 27
180.169.147.146 - - [15/Sep/2023:11:00:44 +0800] "GET /xingrg/kc/buy/cgsh_order_operate.html?command=get_materiel&rest_code=00147&code=00101006157&supplier_code=00100442&order_time=2023-09-14 HTTP/1.1" 200 415
101.83.145.37 - - [15/Sep/2023:11:00:45 +0800] "GET /xingrg/all/function/internal_message.html?_=1694746844930&CODE_STATE=getMsg HTTP/1.1" 200 27
114.95.241.104 - - [15/Sep/2023:11:00:45 +0800] "GET /xingrg/all/function/internal_message.html?_=1694746725330&CODE_STATE=getMsg HTTP/1.1" 200 27
101.228.187.155 - - [15/Sep/2023:11:00:47 +0800] "GET /xingrg/check_reg.html?_=1694746846341 HTTP/1.1" 200 22
101.228.187.155 - - [15/Sep/2023:11:00:47 +0800] "GET /xingrg/all/function/internal_message.html?_=1694746846344&CODE_STATE=getMsg HTTP/1.1" 200 27
101.83.145.37 - - [15/Sep/2023:11:00:51 +0800] "GET /xingrg/all/function/internal_message.html?_=1694746641650&CODE_STATE=getMsg HTTP/1.1" 200 27
114.83.217.74 - - [15/Sep/2023:11:00:52 +0800] "GET /xingrg/kc/base/wldb_order_operate.html?command=get_materiel&rest_code=00149&base_code=0010394&code=00101019184 HTTP/1.1" 200 456
180.152.241.196 - - [15/Sep/2023:11:00:54 +0800] "GET /xingrg/all/function/internal_message.html?_=1694746855666&CODE_STATE=getMsg HTTP/1.1" 200 27
114.83.221.29 - - [15/Sep/2023:11:00:57 +0800] "GET /xingrg/all/function/internal_message.html?_=1694747006712&CODE_STATE=getMsg HTTP/1.1" 200 27
114.83.217.74 - - [15/Sep/2023:11:00:57 +0800] "GET /xingrg/kc/base/wldb_order_operate.html?command=get_materiel&rest_code=00149&base_code=0010394&code=00101019376 HTTP/1.1" 200 476
180.169.147.146 - - [15/Sep/2023:11:00:57 +0800] "POST /xingrg/kc/buy/cgsh_order_operate.html HTTP/1.1" 200 37
180.162.115.178 - - [15/Sep/2023:11:00:58 +0800] "GET /xingrg/kc/buy/cgsh_order_operate.html?command=get_materiel&rest_code=00143&code=00101008024&supplier_code=00100161&order_time=2023-09-15 HTTP/1.1" 200 408
180.169.147.146 - - [15/Sep/2023:11:00:58 +0800] "GET /xingrg/all/function/internal_message.html?_=1694746869031&CODE_STATE=getMsg HTTP/1.1" 200 27
180.169.147.146 - - [15/Sep/2023:11:00:59 +0800] "POST /xingrg/kc/buy/cgsh_order_operate.html HTTP/1.1" 200 4421
180.169.147.146 - - [15/Sep/2023:11:01:01 +0800] "GET /xingrg/kc/print/load_data.html?order_code=212023091505762&kc_code=cgsh&condition= HTTP/1.1" 200 1352
222.70.180.200 - - [15/Sep/2023:11:01:01 +0800] "GET /xingrg/all/function/internal_message.html?_=1694746863255&CODE_STATE=getMsg HTTP/1.1" 200 27
222.70.180.200 - - [15/Sep/2023:11:01:02 +0800] "POST /xingrg/all/common/load_select.html HTTP/1.1" 200 12
180.165.48.189 - - [15/Sep/2023:11:01:03 +0800] "GET /xingrg/all/function/internal_message.html?_=1694746863674&CODE_STATE=getMsg HTTP/1.1" 200 27
114.83.217.74 - - [15/Sep/2023:11:01:03 +0800] "GET /xingrg/kc/base/wldb_order_operate.html?command=get_materiel&rest_code=00149&base_code=0010394&code=00101019127 HTTP/1.1" 200 479
116.232.195.127 - - [15/Sep/2023:11:01:04 +0800] "GET /xingrg/all/function/internal_message.html?_=1694746736408&CODE_STATE=getMsg HTTP/1.1" 200 27
116.232.195.127 - - [15/Sep/2023:11:01:04 +0800] "GET /xingrg/check_reg.html?_=1694746736417 HTTP/1.1" 200 22
218.81.73.219 - - [15/Sep/2023:11:01:05 +0800] "GET /xingrg/all/function/internal_message.html?_=1694746865790&CODE_STATE=getMsg HTTP/1.1" 200 27
120.253.135.82 - - [15/Sep/2023:11:01:06 +0800] "GET /xingrg/all/function/internal_message.html?_=1694746670311&CODE_STATE=getMsg HTTP/1.1" 200 27
222.70.107.27 - - [15/Sep/2023:11:01:07 +0800] "GET /xingrg/all/function/internal_message.html?_=1694746873406&CODE_STATE=getMsg HTTP/1.1" 200 27
180.169.147.146 - - [15/Sep/2023:11:01:08 +0800] "GET /xingrg/kc/buy/cgsh_order_add.html HTTP/1.1" 200 72319
180.169.147.146 - - [15/Sep/2023:11:01:08 +0800] "POST /xingrg/kc/buy/cgsh_order_operate.html HTTP/1.1" 200 8245
180.169.147.146 - - [15/Sep/2023:11:01:08 +0800] "GET /xingrg/javascript/easyui/themes/default/validatebox.css HTTP/1.1" 404 1104
114.83.217.74 - - [15/Sep/2023:11:01:08 +0800] "GET /xingrg/all/function/internal_message.html?_=1694746866218&CODE_STATE=getMsg HTTP/1.1" 200 27
114.83.217.74 - - [15/Sep/2023:11:01:10 +0800] "GET /xingrg/kc/base/wldb_order_operate.html?command=get_materiel&rest_code=00149&base_code=0010394&code=00101016120 HTTP/1.1" 200 455
222.70.180.200 - - [15/Sep/2023:11:01:10 +0800] "GET /xingrg/kc/buy/cgsh_order_operate.html?command=get_materiel_price&rest_code=00111&code=00101008348&unit_code=00100001&supplier_code=00100005&order_time=2023-09-15 HTTP/1.1" 200 28
180.162.115.178 - - [15/Sep/2023:11:01:10 +0800] "GET /xingrg/kc/buy/cgsh_order_operate.html?command=get_materiel&rest_code=00143&code=00101008356&supplier_code=00100161&order_time=2023-09-15 HTTP/1.1" 200 409
116.230.112.9 - - [15/Sep/2023:11:01:15 +0800] "GET /favicon.ico HTTP/1.1" 404 -
180.162.115.178 - - [15/Sep/2023:11:01:16 +0800] "GET /xingrg/all/function/internal_message.html?_=1694745535127&CODE_STATE=getMsg HTTP/1.1" 200 27
116.230.112.9 - - [15/Sep/2023:11:01:20 +0800] "GET /xingrg/check_reg.html?_=1694746898044 HTTP/1.1" 200 22
124.78.155.92 - - [15/Sep/2023:11:01:20 +0800] "GET /xingrg/all/function/internal_message.html?_=1694746880948&CODE_STATE=getMsg HTTP/1.1" 200 27
180.162.115.178 - - [15/Sep/2023:11:01:21 +0800] "GET /xingrg/kc/buy/cgsh_order_operate.html?command=get_materiel&rest_code=00143&code=00101008353&supplier_code=00100161&order_time=2023-09-15 HTTP/1.1" 200 408
116.230.112.9 - - [15/Sep/2023:11:01:22 +0800] "GET /xingrg/all/function/internal_message.html?_=1694746900088&CODE_STATE=getMsg HTTP/1.1" 200 27
114.83.217.74 - - [15/Sep/2023:11:01:25 +0800] "POST /xingrg/kc/base/wldb_order_operate.html HTTP/1.1" 200 37
180.169.147.146 - - [15/Sep/2023:11:01:28 +0800] "GET /xingrg/kc/buy/cgsh_order_operate.html?command=get_materiel&rest_code=00147&code=00101001119&supplier_code=00100316&order_time=2023-09-14 HTTP/1.1" 200 421
114.95.241.104 - - [15/Sep/2023:11:01:28 +0800] "GET /xingrg/all/function/internal_message.html?_=1694746887315&CODE_STATE=getMsg HTTP/1.1" 200 27
114.83.217.74 - - [15/Sep/2023:11:01:31 +0800] "POST /xingrg/kc/base/wldb_order_operate.html HTTP/1.1" 200 12
114.83.217.74 - - [15/Sep/2023:11:01:31 +0800] "POST /xingrg/kc/base/wldb_order_operate.html HTTP/1.1" 200 5706
114.83.217.74 - - [15/Sep/2023:11:01:33 +0800] "GET /xingrg/kc/base/wldb_order_info.html?code=422023091501410 HTTP/1.1" 200 26342
114.83.217.74 - - [15/Sep/2023:11:01:33 +0800] "GET /xingrg/javascript/easyui/themes/default/validatebox.css HTTP/1.1" 404 1104
114.83.217.74 - - [15/Sep/2023:11:01:34 +0800] "POST /xingrg/kc/base/wldb_order_operate.html HTTP/1.1" 200 3921
180.169.147.146 - - [15/Sep/2023:11:01:36 +0800] "GET /xingrg/all/function/internal_message.html?_=1694746897764&CODE_STATE=getMsg HTTP/1.1" 200 27
114.83.217.74 - - [15/Sep/2023:11:01:36 +0800] "GET /xingrg/kc/base/wldb_order_add.html HTTP/1.1" 200 30463
114.83.217.74 - - [15/Sep/2023:11:01:37 +0800] "GET /xingrg/javascript/easyui/themes/default/validatebox.css HTTP/1.1" 404 1104
114.83.217.74 - - [15/Sep/2023:11:01:37 +0800] "POST /xingrg/kc/base/wldb_order_operate.html HTTP/1.1" 200 6806
114.83.217.74 - - [15/Sep/2023:11:01:39 +0800] "POST /xingrg/all/common/load_combo.html?type=base HTTP/1.1" 200 3409
180.169.147.146 - - [15/Sep/2023:11:01:39 +0800] "POST /xingrg/kc/buy/cgsh_order_operate.html HTTP/1.1" 200 37
180.169.147.146 - - [15/Sep/2023:11:01:41 +0800] "POST /xingrg/kc/buy/cgsh_order_operate.html HTTP/1.1" 200 2668
116.232.195.127 - - [15/Sep/2023:11:01:42 +0800] "GET /xingrg/check_reg.html?_=1694746774115 HTTP/1.1" 200 22
180.169.147.146 - - [15/Sep/2023:11:01:42 +0800] "GET /xingrg/kc/print/load_data.html?order_code=212023091505763&kc_code=cgsh&condition= HTTP/1.1" 200 696
116.232.195.127 - - [15/Sep/2023:11:01:42 +0800] "GET /xingrg/all/function/internal_message.html?_=1694746774666&CODE_STATE=getMsg HTTP/1.1" 200 27
222.70.180.200 - - [15/Sep/2023:11:01:45 +0800] "GET /xingrg/kc/buy/cgsh_order_operate.html?command=get_materiel&rest_code=00111&code=00101008041&supplier_code=00100005&order_time=2023-09-15 HTTP/1.1" 200 408
101.83.145.37 - - [15/Sep/2023:11:01:45 +0800] "GET /xingrg/all/function/internal_message.html?_=1694746904909&CODE_STATE=getMsg HTTP/1.1" 200 27
114.95.241.104 - - [15/Sep/2023:11:01:45 +0800] "GET /xingrg/all/function/internal_message.html?_=1694746785344&CODE_STATE=getMsg HTTP/1.1" 200 27
180.169.147.146 - - [15/Sep/2023:11:01:47 +0800] "GET /xingrg/kc/buy/cgsh_order_add.html HTTP/1.1" 200 72319
180.169.147.146 - - [15/Sep/2023:11:01:47 +0800] "GET /xingrg/javascript/easyui/themes/default/validatebox.css HTTP/1.1" 404 1104
180.169.147.146 - - [15/Sep/2023:11:01:47 +0800] "POST /xingrg/kc/buy/cgsh_order_operate.html HTTP/1.1" 200 8245
101.228.187.155 - - [15/Sep/2023:11:01:47 +0800] "GET /xingrg/all/function/internal_message.html?_=1694746906343&CODE_STATE=getMsg HTTP/1.1" 200 27
101.83.145.37 - - [15/Sep/2023:11:01:51 +0800] "GET /xingrg/all/function/internal_message.html?_=1694746701650&CODE_STATE=getMsg HTTP/1.1" 200 27
114.83.217.74 - - [15/Sep/2023:11:01:54 +0800] "GET /xingrg/kc/base/wldb_order_operate.html?command=get_materiel&rest_code=00149&base_code=0010394&code=00101019133 HTTP/1.1" 200 480
180.152.241.196 - - [15/Sep/2023:11:01:54 +0800] "GET /xingrg/all/function/internal_message.html?_=1694746915662&CODE_STATE=getMsg HTTP/1.1" 200 27
221.239.166.189 - - [15/Sep/2023:11:01:54 +0800] "GET /xingrg/check_reg.html?_=1694746913177 HTTP/1.1" 200 22
114.83.221.29 - - [15/Sep/2023:11:01:57 +0800] "GET /xingrg/all/function/internal_message.html?_=1694747066702&CODE_STATE=getMsg HTTP/1.1" 200 27
180.169.147.146 - - [15/Sep/2023:11:01:58 +0800] "GET /xingrg/all/function/internal_message.html?_=1694746929072&CODE_STATE=getMsg HTTP/1.1" 200 27
180.169.147.146 - - [15/Sep/2023:11:01:59 +0800] "GET /xingrg/kc/buy/cgsh_order_operate.html?command=get_materiel&rest_code=00147&code=00101014065&supplier_code=00100339&order_time=2023-09-14 HTTP/1.1" 200 418
222.70.180.200 - - [15/Sep/2023:11:02:01 +0800] "GET /xingrg/all/function/internal_message.html?_=1694746923270&CODE_STATE=getMsg HTTP/1.1" 200 27
180.165.48.189 - - [15/Sep/2023:11:02:03 +0800] "GET /xingrg/all/function/internal_message.html?_=1694746923662&CODE_STATE=getMsg HTTP/1.1" 200 27
116.232.195.127 - - [15/Sep/2023:11:02:04 +0800] "GET /xingrg/all/function/internal_message.html?_=1694746796413&CODE_STATE=getMsg HTTP/1.1" 200 27
218.81.73.219 - - [15/Sep/2023:11:02:05 +0800] "GET /xingrg/all/function/internal_message.html?_=1694746925825&CODE_STATE=getMsg HTTP/1.1" 200 27
120.253.135.82 - - [15/Sep/2023:11:02:06 +0800] "GET /xingrg/all/function/internal_message.html?_=1694746730328&CODE_STATE=getMsg HTTP/1.1" 200 27
222.70.107.27 - - [15/Sep/2023:11:02:07 +0800] "GET /xingrg/all/function/internal_message.html?_=1694746933434&CODE_STATE=getMsg HTTP/1.1" 200 27
114.83.217.74 - - [15/Sep/2023:11:02:08 +0800] "GET /xingrg/all/function/internal_message.html?_=1694746926247&CODE_STATE=getMsg HTTP/1.1" 200 27
180.169.147.146 - - [15/Sep/2023:11:02:10 +0800] "GET /xingrg/kc/buy/cgsh_order_operate.html?command=get_materiel&rest_code=00147&code=00101008125&supplier_code=00100339&order_time=2023-09-14 HTTP/1.1" 200 413
180.162.115.178 - - [15/Sep/2023:11:02:16 +0800] "GET /xingrg/all/function/internal_message.html?_=1694745595194&CODE_STATE=getMsg HTTP/1.1" 200 27
180.169.147.146 - - [15/Sep/2023:11:02:18 +0800] "POST /xingrg/kc/buy/cgsh_order_operate.html HTTP/1.1" 200 37
124.78.155.92 - - [15/Sep/2023:11:02:20 +0800] "GET /xingrg/all/function/internal_message.html?_=1694746940932&CODE_STATE=getMsg HTTP/1.1" 200 27
180.169.147.146 - - [15/Sep/2023:11:02:20 +0800] "POST /xingrg/kc/buy/cgsh_order_operate.html HTTP/1.1" 200 3254
114.83.217.74 - - [15/Sep/2023:11:02:21 +0800] "GET /xingrg/kc/base/wldb_order_operate.html?command=get_materiel&rest_code=00149&base_code=0010394&code=00101016044 HTTP/1.1" 200 466
180.162.115.178 - - [15/Sep/2023:11:02:21 +0800] "GET /xingrg/kc/buy/cgsh_order_operate.html?command=get_materiel&rest_code=00143&code=00101008350&supplier_code=00100161&order_time=2023-09-15 HTTP/1.1" 200 408
116.230.112.9 - - [15/Sep/2023:11:02:22 +0800] "GET /xingrg/all/function/internal_message.html?_=1694746960102&CODE_STATE=getMsg HTTP/1.1" 200 27
180.169.147.146 - - [15/Sep/2023:11:02:22 +0800] "GET /xingrg/kc/print/load_data.html?order_code=212023091505764&kc_code=cgsh&condition= HTTP/1.1" 200 916
101.228.187.155 - - [15/Sep/2023:11:02:24 +0800] "GET /xingrg/kc/buy/cgsh_order_add.html HTTP/1.1" 200 71435
101.228.187.155 - - [15/Sep/2023:11:02:25 +0800] "POST /xingrg/kc/buy/cgsh_order_operate.html HTTP/1.1" 200 8245
101.228.187.155 - - [15/Sep/2023:11:02:25 +0800] "GET /xingrg/javascript/easyui/themes/default/validatebox.css HTTP/1.1" 404 1104
180.169.147.146 - - [15/Sep/2023:11:02:27 +0800] "GET /xingrg/kc/buy/cgsh_order_add.html HTTP/1.1" 200 72319
180.169.147.146 - - [15/Sep/2023:11:02:27 +0800] "POST /xingrg/kc/buy/cgsh_order_operate.html HTTP/1.1" 200 8245
180.169.147.146 - - [15/Sep/2023:11:02:27 +0800] "GET /xingrg/javascript/easyui/themes/default/validatebox.css HTTP/1.1" 404 1104
180.152.241.196 - - [15/Sep/2023:11:02:27 +0800] "POST /xingrg/kc/buy/cgsh_order_operate.html HTTP/1.1" 200 37
114.95.241.104 - - [15/Sep/2023:11:02:28 +0800] "GET /xingrg/all/function/internal_message.html?_=1694746947312&CODE_STATE=getMsg HTTP/1.1" 200 27
114.83.217.74 - - [15/Sep/2023:11:02:30 +0800] "GET /xingrg/kc/base/wldb_order_operate.html?command=get_materiel&rest_code=00149&base_code=0010394&code=00101019257 HTTP/1.1" 200 478
180.162.115.178 - - [15/Sep/2023:11:02:34 +0800] "GET /xingrg/kc/buy/cgsh_order_operate.html?command=get_materiel&rest_code=00143&code=00101008312&supplier_code=00100161&order_time=2023-09-15 HTTP/1.1" 200 412
180.169.147.146 - - [15/Sep/2023:11:02:36 +0800] "GET /xingrg/all/function/internal_message.html?_=1694746957753&CODE_STATE=getMsg HTTP/1.1" 200 27
120.253.135.82 - - [15/Sep/2023:11:02:37 +0800] "GET /xingrg/check_reg.html?_=1694746761763 HTTP/1.1" 200 22
180.169.147.146 - - [15/Sep/2023:11:02:39 +0800] "GET /xingrg/check_reg.html?_=1694746969558 HTTP/1.1" 200 22
101.228.187.155 - - [15/Sep/2023:11:02:42 +0800] "GET /xingrg/kc/buy/cgsh_order_operate.html?command=get_materiel&rest_code=00142&code=00101011001&supplier_code=00100311&order_time=2023-09-15 HTTP/1.1" 200 423
116.232.195.127 - - [15/Sep/2023:11:02:42 +0800] "GET /xingrg/all/function/internal_message.html?_=1694746834649&CODE_STATE=getMsg HTTP/1.1" 200 27
101.83.145.37 - - [15/Sep/2023:11:02:45 +0800] "GET /xingrg/all/function/internal_message.html?_=1694746964901&CODE_STATE=getMsg HTTP/1.1" 200 27
114.95.241.104 - - [15/Sep/2023:11:02:45 +0800] "GET /xingrg/all/function/internal_message.html?_=1694746845432&CODE_STATE=getMsg HTTP/1.1" 200 27
180.152.241.196 - - [15/Sep/2023:11:02:45 +0800] "POST /xingrg/kc/buy/cgsh_order_operate.html HTTP/1.1" 200 12
180.169.147.146 - - [15/Sep/2023:11:02:46 +0800] "GET /xingrg/kc/buy/cgsh_order_operate.html?command=get_materiel&rest_code=00147&code=00102002195&supplier_code=00100486&order_time=2023-09-15 HTTP/1.1" 200 413
180.162.115.178 - - [15/Sep/2023:11:02:46 +0800] "GET /xingrg/kc/buy/cgsh_order_operate.html?command=get_materiel&rest_code=00143&code=00101008264&supplier_code=00100161&order_time=2023-09-15 HTTP/1.1" 200 432
101.228.187.155 - - [15/Sep/2023:11:02:47 +0800] "GET /xingrg/all/function/internal_message.html?_=1694746966354&CODE_STATE=getMsg HTTP/1.1" 200 27
114.83.217.74 - - [15/Sep/2023:11:02:48 +0800] "POST /xingrg/kc/base/wldb_order_operate.html HTTP/1.1" 200 37
180.152.241.196 - - [15/Sep/2023:11:02:50 +0800] "GET /xingrg/kc/buy/cgsh_order_info.html?code=212023091505765 HTTP/1.1" 200 67248
180.152.241.196 - - [15/Sep/2023:11:02:50 +0800] "GET /xingrg/javascript/easyui/themes/default/validatebox.css HTTP/1.1" 404 1104
180.152.241.196 - - [15/Sep/2023:11:02:51 +0800] "POST /xingrg/kc/buy/cgsh_order_operate.html HTTP/1.1" 200 4194
101.83.145.37 - - [15/Sep/2023:11:02:51 +0800] "GET /xingrg/all/function/internal_message.html?_=1694746761650&CODE_STATE=getMsg HTTP/1.1" 200 27
180.152.241.196 - - [15/Sep/2023:11:02:54 +0800] "GET /xingrg/all/function/internal_message.html?_=1694746975641&CODE_STATE=getMsg HTTP/1.1" 200 27
114.83.217.74 - - [15/Sep/2023:11:02:55 +0800] "POST /xingrg/kc/base/wldb_order_operate.html HTTP/1.1" 200 12
114.83.217.74 - - [15/Sep/2023:11:02:55 +0800] "POST /xingrg/kc/base/wldb_order_operate.html HTTP/1.1" 200 5239
114.83.221.29 - - [15/Sep/2023:11:02:57 +0800] "GET /xingrg/all/function/internal_message.html?_=1694747126689&CODE_STATE=getMsg HTTP/1.1" 200 27
114.83.217.74 - - [15/Sep/2023:11:02:57 +0800] "GET /xingrg/kc/base/wldb_order_info.html?code=422023091501411 HTTP/1.1" 200 26342
114.83.217.74 - - [15/Sep/2023:11:02:57 +0800] "GET /xingrg/javascript/easyui/themes/default/validatebox.css HTTP/1.1" 404 1104
114.83.217.74 - - [15/Sep/2023:11:02:58 +0800] "POST /xingrg/kc/base/wldb_order_operate.html HTTP/1.1" 200 3465
180.169.147.146 - - [15/Sep/2023:11:02:58 +0800] "POST /xingrg/kc/buy/cgsh_order_operate.html HTTP/1.1" 200 37
