114.95.241.104 - - [13/Sep/2023:08:34:52 +0800] "POST /xingrg/all/common/load_tree.html?tree=area_rest_tree_json&manage=1 HTTP/1.1" 200 476
114.95.241.104 - - [13/Sep/2023:08:34:52 +0800] "GET /xingrg/all/function/internal_message.html?_=1694565290945&CODE_STATE=count HTTP/1.1" 200 11
114.95.241.104 - - [13/Sep/2023:08:34:52 +0800] "GET /xingrg/check_reg.html?_=1694565290946 HTTP/1.1" 200 22
114.95.241.104 - - [13/Sep/2023:08:34:52 +0800] "GET /favicon.ico HTTP/1.1" 404 -
114.95.241.104 - - [13/Sep/2023:08:34:52 +0800] "POST /xingrg/load_menu.html HTTP/1.1" 200 5138
114.95.241.104 - - [13/Sep/2023:08:34:55 +0800] "GET /xingrg/kc/buy/cgsh_order_list.html HTTP/1.1" 200 56538
114.95.241.104 - - [13/Sep/2023:08:34:59 +0800] "POST /xingrg/kc/buy/cgsh_list_operate.html HTTP/1.1" 200 1849
114.95.241.104 - - [13/Sep/2023:08:35:01 +0800] "GET /xingrg/kc/buy/cgsh_order_operate.html?command=get_materiel&rest_code=00150&code=00101008015&supplier_code=00100008&order_time=2023-09-13 HTTP/1.1" 200 414
114.95.241.104 - - [13/Sep/2023:08:35:01 +0800] "POST /xingrg/kc/buy/cgsh_list_operate.html HTTP/1.1" 200 509
114.95.241.104 - - [13/Sep/2023:08:35:02 +0800] "GET /xingrg/kc/buy/cgsh_order_info.html?code=212023091304904 HTTP/1.1" 200 71913
114.95.241.104 - - [13/Sep/2023:08:35:03 +0800] "GET /xingrg/javascript/easyui/themes/default/validatebox.css HTTP/1.1" 404 1104
114.95.241.104 - - [13/Sep/2023:08:35:03 +0800] "GET /xingrg/all/common/auto_word.html?type=employee&rest_code=00151 HTTP/1.1" 200 293
114.95.241.104 - - [13/Sep/2023:08:35:03 +0800] "GET /xingrg/all/common/auto_word.html?type=employee&rest_code=00151 HTTP/1.1" 200 293
114.95.241.104 - - [13/Sep/2023:08:35:04 +0800] "POST /xingrg/kc/buy/cgsh_order_operate.html HTTP/1.1" 200 5062
116.232.195.127 - - [13/Sep/2023:08:35:05 +0800] "GET /xingrg/all/function/internal_message.html?_=1694565181273&CODE_STATE=getMsg HTTP/1.1" 200 27
114.95.241.104 - - [13/Sep/2023:08:35:12 +0800] "GET /xingrg/kc/buy/cgsh_order_operate.html?command=get_materiel&rest_code=00150&code=00101008096&supplier_code=00100008&order_time=2023-09-13 HTTP/1.1" 200 412
114.95.241.104 - - [13/Sep/2023:08:35:14 +0800] "POST /xingrg/kc/buy/cgsh_order_operate.html HTTP/1.1" 200 37
114.95.241.104 - - [13/Sep/2023:08:35:19 +0800] "GET /xingrg/kc/buy/cgsh_order_operate.html?command=get_materiel&rest_code=00150&code=00101008221&supplier_code=00100008&order_time=2023-09-13 HTTP/1.1" 200 412
180.169.147.146 - - [13/Sep/2023:08:35:19 +0800] "GET /xingrg/check_reg.html?_=1694565322716 HTTP/1.1" 200 22
114.95.241.104 - - [13/Sep/2023:08:35:22 +0800] "POST /xingrg/kc/buy/cgsh_order_operate.html HTTP/1.1" 200 12
114.95.241.104 - - [13/Sep/2023:08:35:24 +0800] "GET /xingrg/kc/buy/cgsh_order_info.html?code=212023091304904 HTTP/1.1" 200 66813
114.95.241.104 - - [13/Sep/2023:08:35:24 +0800] "GET /xingrg/javascript/easyui/themes/default/validatebox.css HTTP/1.1" 404 1104
180.174.205.229 - - [13/Sep/2023:08:35:25 +0800] "GET /xingrg/all/function/internal_message.html?_=1694565324474&CODE_STATE=getMsg HTTP/1.1" 200 27
180.174.205.229 - - [13/Sep/2023:08:35:25 +0800] "GET /xingrg/check_reg.html?_=1694565324477 HTTP/1.1" 200 22
114.95.241.104 - - [13/Sep/2023:08:35:25 +0800] "POST /xingrg/kc/buy/cgsh_order_operate.html HTTP/1.1" 200 3011
114.95.241.104 - - [13/Sep/2023:08:35:27 +0800] "GET /xingrg/kc/buy/cgsh_order_operate.html?command=get_materiel&rest_code=00150&code=00101008163&supplier_code=00100008&order_time=2023-09-13 HTTP/1.1" 200 409
116.232.195.127 - - [13/Sep/2023:08:35:28 +0800] "GET /xingrg/all/function/internal_message.html?_=1694565328967&CODE_STATE=getMsg HTTP/1.1" 302 -
114.95.241.104 - - [13/Sep/2023:08:35:29 +0800] "GET /xingrg/kc/print/load_config.html?kc_code=cgsh HTTP/1.1" 200 1924
114.95.241.104 - - [13/Sep/2023:08:35:29 +0800] "GET /xingrg/kc/print/load_data.html?order_code=212023091304904&kc_code=cgsh&condition= HTTP/1.1" 200 1616
180.169.147.146 - - [13/Sep/2023:08:35:35 +0800] "GET /xingrg/all/function/internal_message.html?_=1694565338062&CODE_STATE=getMsg HTTP/1.1" 200 27
114.95.241.104 - - [13/Sep/2023:08:35:36 +0800] "GET /xingrg/kc/buy/cgsh_order_operate.html?command=get_materiel&rest_code=00150&code=00101008224&supplier_code=00100008&order_time=2023-09-13 HTTP/1.1" 200 416
114.95.241.104 - - [13/Sep/2023:08:35:37 +0800] "POST /xingrg/all/user/operate.html HTTP/1.1" 200 36
114.95.241.104 - - [13/Sep/2023:08:35:37 +0800] "GET /xingrg/index.html?sysBaseUrl=http%3A%2F%2F180.169.147.146%3A18081%2Fxingrg%2F&costTime=818×tamp=1694565292068 HTTP/1.1" 200 17179
114.95.241.104 - - [13/Sep/2023:08:35:37 +0800] "GET /xingrg/javascript/jquery_easy_ui/themes/default/easyui.css HTTP/1.1" 304 -
114.95.241.104 - - [13/Sep/2023:08:35:37 +0800] "GET /xingrg/javascript/jquery_easy_ui/themes/icon.css HTTP/1.1" 304 -
114.95.241.104 - - [13/Sep/2023:08:35:37 +0800] "GET /xingrg/css/form.css HTTP/1.1" 304 -
114.95.241.104 - - [13/Sep/2023:08:35:37 +0800] "GET /xingrg/javascript/jquery-1.4.2.min.js HTTP/1.1" 304 -
114.95.241.104 - - [13/Sep/2023:08:35:37 +0800] "GET /xingrg/javascript/jquery_easy_ui/jquery.easyui.min.js HTTP/1.1" 304 -
114.95.241.104 - - [13/Sep/2023:08:35:37 +0800] "GET /xingrg/javascript/jquery_easy_ui/easyui-lang-zh_CN.js HTTP/1.1" 304 -
114.95.241.104 - - [13/Sep/2023:08:35:37 +0800] "GET /xingrg/javascript/jquery.form.js HTTP/1.1" 304 -
114.95.241.104 - - [13/Sep/2023:08:35:37 +0800] "GET /xingrg/javascript/jquery.utils.js HTTP/1.1" 304 -
114.95.241.104 - - [13/Sep/2023:08:35:37 +0800] "GET /xingrg/javascript/jquery.timers.js HTTP/1.1" 304 -
114.95.241.104 - - [13/Sep/2023:08:35:37 +0800] "GET /xingrg/images/blue/jxLogo.png HTTP/1.1" 304 -
114.95.241.104 - - [13/Sep/2023:08:35:37 +0800] "GET /xingrg/images/blue/navBackgound.jpg HTTP/1.1" 304 -
114.95.241.104 - - [13/Sep/2023:08:35:37 +0800] "GET /xingrg/javascript/jquery_easy_ui/themes/icons/settle_new.png HTTP/1.1" 304 -
114.95.241.104 - - [13/Sep/2023:08:35:37 +0800] "GET /xingrg/all/function/internal_message.html?_=1694565336517&CODE_STATE=count HTTP/1.1" 200 11
114.95.241.104 - - [13/Sep/2023:08:35:37 +0800] "GET /xingrg/check_reg.html?_=1694565336518 HTTP/1.1" 200 22
114.95.241.104 - - [13/Sep/2023:08:35:38 +0800] "POST /xingrg/all/common/load_tree.html?tree=area_rest_tree_json&manage=1 HTTP/1.1" 200 476
114.95.241.104 - - [13/Sep/2023:08:35:38 +0800] "GET /xingrg/javascript/jquery_easy_ui/themes/default/images/tabs_rightarrow.png HTTP/1.1" 304 -
114.95.241.104 - - [13/Sep/2023:08:35:38 +0800] "GET /xingrg/javascript/jquery_easy_ui/themes/default/images/tabs_leftarrow.png HTTP/1.1" 304 -
114.95.241.104 - - [13/Sep/2023:08:35:38 +0800] "GET /xingrg/javascript/jquery_easy_ui/themes/default/images/panel_tool_collapse.gif HTTP/1.1" 304 -
114.95.241.104 - - [13/Sep/2023:08:35:38 +0800] "POST /xingrg/load_menu.html HTTP/1.1" 200 5138
114.95.241.104 - - [13/Sep/2023:08:35:38 +0800] "GET /xingrg/javascript/jquery_easy_ui/themes/default/images/tree_arrows.gif HTTP/1.1" 304 -
114.95.241.104 - - [13/Sep/2023:08:35:38 +0800] "GET /xingrg/javascript/jquery_easy_ui/themes/icons/forms_new.png HTTP/1.1" 304 -
114.95.241.104 - - [13/Sep/2023:08:35:38 +0800] "GET /xingrg/javascript/jquery_easy_ui/themes/default/images/tree_file.gif HTTP/1.1" 304 -
114.95.241.104 - - [13/Sep/2023:08:35:38 +0800] "GET /xingrg/javascript/jquery_easy_ui/themes/icons/search_new.png HTTP/1.1" 304 -
114.95.241.104 - - [13/Sep/2023:08:35:38 +0800] "GET /xingrg/javascript/jquery_easy_ui/themes/icons/storage_new.png HTTP/1.1" 304 -
114.95.241.104 - - [13/Sep/2023:08:35:38 +0800] "GET /xingrg/javascript/jquery_easy_ui/themes/default/images/tree_folder_open.gif HTTP/1.1" 304 -
114.95.241.104 - - [13/Sep/2023:08:35:38 +0800] "GET /xingrg/javascript/jquery_easy_ui/themes/default/images/tree_folder.gif HTTP/1.1" 304 -
114.95.241.104 - - [13/Sep/2023:08:35:40 +0800] "GET /xingrg/javascript/jquery_easy_ui/themes/default/images/tabs_close.gif HTTP/1.1" 304 -
114.95.241.104 - - [13/Sep/2023:08:35:40 +0800] "GET /xingrg/kc/buy/cgsh_order_list.html HTTP/1.1" 200 56540
114.95.241.104 - - [13/Sep/2023:08:35:40 +0800] "GET /xingrg/javascript/easyui/themes/icon.css HTTP/1.1" 304 -
114.95.241.104 - - [13/Sep/2023:08:35:40 +0800] "GET /xingrg/javascript/jquery_tools/fix.css HTTP/1.1" 304 -
114.95.241.104 - - [13/Sep/2023:08:35:40 +0800] "GET /xingrg/javascript/jquery_tools/table.css HTTP/1.1" 304 -
114.95.241.104 - - [13/Sep/2023:08:35:40 +0800] "GET /xingrg/javascript/jquery_tools/jquery.tools.hotkey.js HTTP/1.1" 304 -
114.95.241.104 - - [13/Sep/2023:08:35:40 +0800] "GET /xingrg/javascript/jquery_tools/jquery.tools.table.js HTTP/1.1" 304 -
114.95.241.104 - - [13/Sep/2023:08:35:40 +0800] "GET /xingrg/javascript/jquery_tools/list_manager.js HTTP/1.1" 304 -
114.95.241.104 - - [13/Sep/2023:08:35:40 +0800] "GET /xingrg/javascript/auto/jquery.autocomplete.js HTTP/1.1" 304 -
114.95.241.104 - - [13/Sep/2023:08:35:40 +0800] "GET /xingrg/javascript/easyui/easyloader.js HTTP/1.1" 304 -
114.95.241.104 - - [13/Sep/2023:08:35:40 +0800] "GET /xingrg/javascript/jquery.utils.js HTTP/1.1" 304 -
114.95.241.104 - - [13/Sep/2023:08:35:40 +0800] "GET /xingrg/javascript/jquery.cookie.js HTTP/1.1" 304 -
114.95.241.104 - - [13/Sep/2023:08:35:40 +0800] "GET /xingrg/images/blue/pingpu.png HTTP/1.1" 304 -
114.95.241.104 - - [13/Sep/2023:08:35:41 +0800] "GET /xingrg/css/base.css HTTP/1.1" 304 -
114.95.241.104 - - [13/Sep/2023:08:35:41 +0800] "GET /xingrg/javascript/easyui/themes/default/easyui.css HTTP/1.1" 304 -
114.95.241.104 - - [13/Sep/2023:08:35:41 +0800] "GET /xingrg/javascript/auto/jquery.autocomplete.css HTTP/1.1" 304 -
114.95.241.104 - - [13/Sep/2023:08:35:41 +0800] "GET /xingrg/css/site.css HTTP/1.1" 304 -
114.95.241.104 - - [13/Sep/2023:08:35:41 +0800] "GET /xingrg/javascript/jquery_tools/datebox.css HTTP/1.1" 304 -
114.95.241.104 - - [13/Sep/2023:08:35:41 +0800] "GET /xingrg/javascript/jquery_tools/jquery.tools.extend.js HTTP/1.1" 304 -
114.95.241.104 - - [13/Sep/2023:08:35:41 +0800] "GET /xingrg/javascript/jquery_tools/jquery.tools.min.js HTTP/1.1" 304 -
114.95.241.104 - - [13/Sep/2023:08:35:41 +0800] "GET /xingrg/javascript/print/LodopFuncs.js HTTP/1.1" 304 -
114.95.241.104 - - [13/Sep/2023:08:35:41 +0800] "GET /xingrg/javascript/easyui/themes/icons/check_new.png HTTP/1.1" 304 -
114.95.241.104 - - [13/Sep/2023:08:35:41 +0800] "GET /xingrg/javascript/easyui/themes/icons/cance_new.png HTTP/1.1" 304 -
114.95.241.104 - - [13/Sep/2023:08:35:41 +0800] "GET /xingrg/javascript/easyui/themes/icons/edit_add_new.png HTTP/1.1" 304 -
114.95.241.104 - - [13/Sep/2023:08:35:41 +0800] "GET /xingrg/javascript/easyui/themes/icons/field_new.png HTTP/1.1" 304 -
114.95.241.104 - - [13/Sep/2023:08:35:41 +0800] "GET /xingrg/javascript/easyui/themes/icons/import_new.png HTTP/1.1" 304 -
114.95.241.104 - - [13/Sep/2023:08:35:41 +0800] "GET /xingrg/javascript/easyui/plugins/jquery.parser.js HTTP/1.1" 304 -
114.95.241.104 - - [13/Sep/2023:08:35:41 +0800] "GET /xingrg/images/control/ajaxLoader.gif HTTP/1.1" 304 -
222.70.180.200 - - [13/Sep/2023:08:35:41 +0800] "GET /xingrg/check_reg.html?_=1694565341724 HTTP/1.1" 200 22
222.70.180.200 - - [13/Sep/2023:08:35:41 +0800] "GET /xingrg/all/function/internal_message.html?_=1694565341727&CODE_STATE=getMsg HTTP/1.1" 200 27
58.40.7.146 - - [13/Sep/2023:08:35:41 +0800] "GET /xingrg/all/function/internal_message.html?_=1694565341592&CODE_STATE=getMsg HTTP/1.1" 200 27
222.70.180.200 - - [13/Sep/2023:08:35:43 +0800] "POST /xingrg/kc/buy/cgsh_list_operate.html HTTP/1.1" 200 6215
114.95.241.104 - - [13/Sep/2023:08:35:43 +0800] "POST /xingrg/kc/buy/cgsh_list_operate.html HTTP/1.1" 200 986
114.95.241.104 - - [13/Sep/2023:08:35:44 +0800] "GET /xingrg/kc/buy/cgsh_order_add.html HTTP/1.1" 200 72360
114.95.241.104 - - [13/Sep/2023:08:35:45 +0800] "POST /xingrg/kc/buy/cgsh_order_operate.html HTTP/1.1" 200 8245
114.95.241.104 - - [13/Sep/2023:08:35:45 +0800] "GET /xingrg/javascript/easyui/themes/default/validatebox.css HTTP/1.1" 404 1104
114.95.241.104 - - [13/Sep/2023:08:35:45 +0800] "GET /xingrg/all/common/auto_word.html?type=employee&rest_code=00150 HTTP/1.1" 200 159
114.95.241.104 - - [13/Sep/2023:08:35:45 +0800] "GET /xingrg/all/common/auto_word.html?type=employee&rest_code=00150 HTTP/1.1" 200 159
114.95.241.104 - - [13/Sep/2023:08:35:45 +0800] "GET /xingrg/javascript/auto/indicator.gif HTTP/1.1" 404 1066
114.95.241.104 - - [13/Sep/2023:08:35:46 +0800] "GET /xingrg/all/function/internal_message.html?_=1694565228978&CODE_STATE=getMsg HTTP/1.1" 200 27
114.95.241.104 - - [13/Sep/2023:08:35:47 +0800] "GET /xingrg/kc/buy/cgsh_order_operate.html?command=get_materiel&rest_code=00150&code=00101008558&supplier_code=00100008&order_time=2023-09-13 HTTP/1.1" 200 409
114.95.241.104 - - [13/Sep/2023:08:35:58 +0800] "GET /xingrg/kc/buy/cgsh_order_operate.html?command=get_materiel&rest_code=00150&code=00101015128&supplier_code=00100008&order_time=2023-09-13 HTTP/1.1" 200 421
116.232.195.127 - - [13/Sep/2023:08:36:05 +0800] "GET /xingrg/all/function/internal_message.html?_=1694565241249&CODE_STATE=getMsg HTTP/1.1" 200 27
114.95.241.104 - - [13/Sep/2023:08:36:06 +0800] "GET /xingrg/kc/buy/cgsh_order_operate.html?command=get_materiel&rest_code=00150&code=00101020246&supplier_code=00100096&order_time=2023-09-13 HTTP/1.1" 200 405
116.230.112.9 - - [13/Sep/2023:08:36:08 +0800] "POST /xingrg/services/DataTransmitService HTTP/1.1" 200 524
114.95.241.104 - - [13/Sep/2023:08:36:09 +0800] "GET /xingrg/kc/buy/cgsh_order_operate.html?command=get_materiel&rest_code=00150&code=00101008361&supplier_code=00100008&order_time=2023-09-13 HTTP/1.1" 200 408
116.230.112.9 - - [13/Sep/2023:08:36:09 +0800] "POST /xingrg/services/DataTransmitService HTTP/1.1" 200 412
180.174.205.229 - - [13/Sep/2023:08:36:25 +0800] "GET /xingrg/all/function/internal_message.html?_=1694565384480&CODE_STATE=getMsg HTTP/1.1" 200 27
114.95.241.104 - - [13/Sep/2023:08:36:26 +0800] "GET /xingrg/kc/buy/cgsh_order_operate.html?command=get_materiel&rest_code=00150&code=00101008355&supplier_code=00100008&order_time=2023-09-13 HTTP/1.1" 200 408
114.95.241.104 - - [13/Sep/2023:08:36:27 +0800] "GET /xingrg/kc/buy/cgsh_order_operate.html?command=get_materiel&rest_code=00150&code=00101016030&supplier_code=00100096&order_time=2023-09-13 HTTP/1.1" 200 412
116.232.195.127 - - [13/Sep/2023:08:36:28 +0800] "GET /xingrg/all/function/internal_message.html?_=1694565388957&CODE_STATE=getMsg HTTP/1.1" 302 -
180.169.147.146 - - [13/Sep/2023:08:36:35 +0800] "GET /xingrg/all/function/internal_message.html?_=1694565398080&CODE_STATE=getMsg HTTP/1.1" 200 27
114.95.241.104 - - [13/Sep/2023:08:36:36 +0800] "GET /xingrg/kc/buy/cgsh_order_operate.html?command=get_materiel&rest_code=00150&code=00101008264&supplier_code=00100008&order_time=2023-09-13 HTTP/1.1" 200 432
114.95.241.104 - - [13/Sep/2023:08:36:37 +0800] "GET /xingrg/all/function/internal_message.html?_=1694565396537&CODE_STATE=getMsg HTTP/1.1" 200 27
222.70.180.200 - - [13/Sep/2023:08:36:41 +0800] "GET /xingrg/all/function/internal_message.html?_=1694565401713&CODE_STATE=getMsg HTTP/1.1" 200 27
58.40.7.146 - - [13/Sep/2023:08:36:41 +0800] "GET /xingrg/all/function/internal_message.html?_=1694565401578&CODE_STATE=getMsg HTTP/1.1" 200 27
114.95.241.104 - - [13/Sep/2023:08:36:44 +0800] "GET /xingrg/kc/buy/cgsh_order_operate.html?command=get_materiel&rest_code=00150&code=00101012039&supplier_code=00100096&order_time=2023-09-13 HTTP/1.1" 200 408
114.95.241.104 - - [13/Sep/2023:08:36:46 +0800] "GET /xingrg/kc/buy/cgsh_order_operate.html?command=get_materiel&rest_code=00150&code=00101008321&supplier_code=00100008&order_time=2023-09-13 HTTP/1.1" 200 412
114.95.241.104 - - [13/Sep/2023:08:36:46 +0800] "GET /xingrg/all/function/internal_message.html?_=1694565288991&CODE_STATE=getMsg HTTP/1.1" 200 27
114.95.241.104 - - [13/Sep/2023:08:36:59 +0800] "POST /xingrg/kc/buy/cgsh_order_operate.html HTTP/1.1" 200 37
114.95.241.104 - - [13/Sep/2023:08:37:02 +0800] "POST /xingrg/kc/buy/cgsh_order_operate.html HTTP/1.1" 200 13905
116.232.195.127 - - [13/Sep/2023:08:37:05 +0800] "GET /xingrg/all/function/internal_message.html?_=1694565301233&CODE_STATE=getMsg HTTP/1.1" 200 27
114.95.241.104 - - [13/Sep/2023:08:37:09 +0800] "GET /xingrg/kc/buy/cgsh_order_operate.html?command=get_materiel&rest_code=00150&code=00101008356&supplier_code=00100008&order_time=2023-09-13 HTTP/1.1" 200 408
114.95.241.104 - - [13/Sep/2023:08:37:13 +0800] "GET /xingrg/kc/buy/cgsh_order_operate.html?command=get_materiel&rest_code=00150&code=00101001299&supplier_code=00100096&order_time=2023-09-13 HTTP/1.1" 200 412
114.95.241.104 - - [13/Sep/2023:08:37:22 +0800] "GET /xingrg/kc/buy/cgsh_order_operate.html?command=get_materiel&rest_code=00150&code=00101008101&supplier_code=00100008&order_time=2023-09-13 HTTP/1.1" 200 412
180.174.205.229 - - [13/Sep/2023:08:37:25 +0800] "GET /xingrg/all/function/internal_message.html?_=1694565444474&CODE_STATE=getMsg HTTP/1.1" 200 27
116.232.195.127 - - [13/Sep/2023:08:37:28 +0800] "GET /xingrg/all/function/internal_message.html?_=1694565448969&CODE_STATE=getMsg HTTP/1.1" 302 -
116.232.195.127 - - [13/Sep/2023:08:37:28 +0800] "GET /xingrg/check_reg.html?_=1694565448973 HTTP/1.1" 302 -
180.169.147.146 - - [13/Sep/2023:08:37:35 +0800] "GET /xingrg/all/function/internal_message.html?_=1694565458104&CODE_STATE=getMsg HTTP/1.1" 200 27
114.95.241.104 - - [13/Sep/2023:08:37:35 +0800] "GET /xingrg/kc/buy/cgsh_order_operate.html?command=get_materiel&rest_code=00150&code=00101008411&supplier_code=00100008&order_time=2023-09-13 HTTP/1.1" 200 413
114.95.241.104 - - [13/Sep/2023:08:37:39 +0800] "GET /xingrg/kc/buy/cgsh_order_operate.html?command=get_materiel&rest_code=00150&code=00101006129&supplier_code=00100096&order_time=2023-09-13 HTTP/1.1" 200 441
114.95.241.104 - - [13/Sep/2023:08:37:40 +0800] "GET /xingrg/all/function/internal_message.html?_=1694565456529&CODE_STATE=getMsg HTTP/1.1" 200 27
222.70.180.200 - - [13/Sep/2023:08:37:41 +0800] "GET /xingrg/all/function/internal_message.html?_=1694565461710&CODE_STATE=getMsg HTTP/1.1" 200 27
58.40.7.146 - - [13/Sep/2023:08:37:41 +0800] "GET /xingrg/all/function/internal_message.html?_=1694565461564&CODE_STATE=getMsg HTTP/1.1" 200 27
222.70.180.200 - - [13/Sep/2023:08:37:41 +0800] "POST /xingrg/kc/buy/cgsh_list_operate.html HTTP/1.1" 200 6215
114.95.241.104 - - [13/Sep/2023:08:37:46 +0800] "GET /xingrg/check_reg.html?_=1694565348942 HTTP/1.1" 200 22
114.95.241.104 - - [13/Sep/2023:08:37:46 +0800] "GET /xingrg/all/function/internal_message.html?_=1694565349005&CODE_STATE=getMsg HTTP/1.1" 200 27
114.95.241.104 - - [13/Sep/2023:08:37:50 +0800] "GET /xingrg/kc/buy/cgsh_order_operate.html?command=get_materiel&rest_code=00150&code=00101008360&supplier_code=00100008&order_time=2023-09-13 HTTP/1.1" 200 412
120.253.135.82 - - [13/Sep/2023:08:38:00 +0800] "GET /xingrg/check_reg.html?_=1694565284815 HTTP/1.1" 200 22
114.95.241.104 - - [13/Sep/2023:08:38:01 +0800] "GET /xingrg/kc/buy/cgsh_order_operate.html?command=get_materiel&rest_code=00150&code=00101008077&supplier_code=00100008&order_time=2023-09-13 HTTP/1.1" 200 416
116.232.195.127 - - [13/Sep/2023:08:38:05 +0800] "GET /xingrg/all/function/internal_message.html?_=1694565361233&CODE_STATE=getMsg HTTP/1.1" 200 27
114.95.241.104 - - [13/Sep/2023:08:38:10 +0800] "POST /xingrg/kc/buy/cgsh_order_operate.html HTTP/1.1" 200 37
114.95.241.104 - - [13/Sep/2023:08:38:11 +0800] "GET /xingrg/kc/buy/cgsh_order_operate.html?command=get_materiel&rest_code=00150&code=00101006065&supplier_code=00100096&order_time=2023-09-13 HTTP/1.1" 200 411
114.95.241.104 - - [13/Sep/2023:08:38:12 +0800] "POST /xingrg/kc/buy/cgsh_order_operate.html HTTP/1.1" 200 16867
114.95.241.104 - - [13/Sep/2023:08:38:24 +0800] "GET /xingrg/kc/buy/cgsh_order_operate.html?command=get_materiel&rest_code=00150&code=00101006055&supplier_code=00100096&order_time=2023-09-13 HTTP/1.1" 200 411
180.174.205.229 - - [13/Sep/2023:08:38:25 +0800] "GET /xingrg/all/function/internal_message.html?_=1694565504474&CODE_STATE=getMsg HTTP/1.1" 200 27
114.95.241.104 - - [13/Sep/2023:08:38:27 +0800] "GET /xingrg/kc/buy/cgsh_order_operate.html?command=get_materiel&rest_code=00150&code=00101008079&supplier_code=00100008&order_time=2023-09-13 HTTP/1.1" 200 416
116.232.195.127 - - [13/Sep/2023:08:38:28 +0800] "GET /xingrg/all/function/internal_message.html?_=1694565508991&CODE_STATE=getMsg HTTP/1.1" 302 -
180.169.147.146 - - [13/Sep/2023:08:38:35 +0800] "GET /xingrg/all/function/internal_message.html?_=1694565518124&CODE_STATE=getMsg HTTP/1.1" 200 27
114.95.241.104 - - [13/Sep/2023:08:38:37 +0800] "GET /xingrg/all/function/internal_message.html?_=1694565516537&CODE_STATE=getMsg HTTP/1.1" 200 27
114.95.241.104 - - [13/Sep/2023:08:38:38 +0800] "GET /xingrg/kc/buy/cgsh_order_operate.html?command=get_materiel&rest_code=00150&code=00101008357&supplier_code=00100008&order_time=2023-09-13 HTTP/1.1" 200 408
222.70.180.200 - - [13/Sep/2023:08:38:41 +0800] "GET /xingrg/all/function/internal_message.html?_=1694565521703&CODE_STATE=getMsg HTTP/1.1" 200 27
58.40.7.146 - - [13/Sep/2023:08:38:41 +0800] "GET /xingrg/all/function/internal_message.html?_=1694565521534&CODE_STATE=getMsg HTTP/1.1" 200 27
58.40.7.146 - - [13/Sep/2023:08:38:42 +0800] "GET /xingrg/check_reg.html?_=1694565522645 HTTP/1.1" 200 22
114.95.241.104 - - [13/Sep/2023:08:38:46 +0800] "GET /xingrg/kc/buy/cgsh_order_operate.html?command=get_materiel&rest_code=00150&code=00101008069&supplier_code=00100008&order_time=2023-09-13 HTTP/1.1" 200 412
114.95.241.104 - - [13/Sep/2023:08:38:46 +0800] "GET /xingrg/all/function/internal_message.html?_=1694565409019&CODE_STATE=getMsg HTTP/1.1" 200 27
114.95.241.104 - - [13/Sep/2023:08:38:53 +0800] "GET /xingrg/kc/buy/cgsh_order_operate.html?command=get_materiel&rest_code=00150&code=00101008286&supplier_code=00100008&order_time=2023-09-13 HTTP/1.1" 200 408
114.95.241.104 - - [13/Sep/2023:08:38:54 +0800] "GET /xingrg/kc/buy/cgsh_order_operate.html?command=get_materiel&rest_code=00150&code=00101010711&supplier_code=00100096&order_time=2023-09-13 HTTP/1.1" 200 408
114.95.241.104 - - [13/Sep/2023:08:39:01 +0800] "POST /xingrg/kc/buy/cgsh_order_operate.html HTTP/1.1" 200 37
116.232.195.127 - - [13/Sep/2023:08:39:03 +0800] "GET /xingrg/index.html?sysBaseUrl=http%3A%2F%2F180.169.147.146%3A18081%2Fxingrg%2F&costTime=1277×tamp=1606817596806 HTTP/1.1" 200 17179
116.232.195.127 - - [13/Sep/2023:08:39:04 +0800] "POST /xingrg/all/common/load_tree.html?tree=area_rest_tree_json&manage=1 HTTP/1.1" 200 351
116.232.195.127 - - [13/Sep/2023:08:39:04 +0800] "GET /xingrg/all/function/internal_message.html?_=1694565420395&CODE_STATE=count HTTP/1.1" 200 11
116.232.195.127 - - [13/Sep/2023:08:39:04 +0800] "GET /xingrg/check_reg.html?_=1694565420396 HTTP/1.1" 200 22
116.232.195.127 - - [13/Sep/2023:08:39:04 +0800] "GET /favicon.ico HTTP/1.1" 404 -
116.232.195.127 - - [13/Sep/2023:08:39:04 +0800] "POST /xingrg/load_menu.html HTTP/1.1" 200 5138
116.232.195.127 - - [13/Sep/2023:08:39:04 +0800] "GET /xingrg/all/function/internal_message.html?_=1694565421204&CODE_STATE=getMsg HTTP/1.1" 200 27
114.95.241.104 - - [13/Sep/2023:08:39:08 +0800] "GET /xingrg/kc/buy/cgsh_order_operate.html?command=get_materiel&rest_code=00150&code=00101008152&supplier_code=00100096&order_time=2023-09-13 HTTP/1.1" 200 409
116.232.195.127 - - [13/Sep/2023:08:39:10 +0800] "GET /xingrg/kc/mdqp/qqps_order_add.html HTTP/1.1" 200 28408
116.232.195.127 - - [13/Sep/2023:08:39:10 +0800] "GET /xingrg/dwr/interface/AjaxComOrderService.js HTTP/1.1" 200 18264
116.232.195.127 - - [13/Sep/2023:08:39:10 +0800] "GET /xingrg/dwr/interface/AjaxQqpsService.js HTTP/1.1" 200 16326
116.232.195.127 - - [13/Sep/2023:08:39:10 +0800] "GET /xingrg/dwr/engine.js HTTP/1.1" 200 43631
116.232.195.127 - - [13/Sep/2023:08:39:10 +0800] "GET /xingrg/dwr/util.js HTTP/1.1" 304 -
116.232.195.127 - - [13/Sep/2023:08:39:10 +0800] "GET /xingrg/words/20230912174116_words.js HTTP/1.1" 304 -
114.95.241.104 - - [13/Sep/2023:08:39:10 +0800] "POST /xingrg/kc/buy/cgsh_order_operate.html HTTP/1.1" 200 19821
116.232.195.127 - - [13/Sep/2023:08:39:13 +0800] "GET /xingrg/kc/buy/buy_main.html HTTP/1.1" 200 12412
116.232.195.127 - - [13/Sep/2023:08:39:13 +0800] "GET /xingrg/css/new_ie.css HTTP/1.1" 404 1036
114.95.241.104 - - [13/Sep/2023:08:39:15 +0800] "GET /xingrg/kc/buy/cgsh_order_operate.html?command=get_materiel&rest_code=00150&code=00101007061&supplier_code=00100096&order_time=2023-09-13 HTTP/1.1" 200 411
116.232.195.127 - - [13/Sep/2023:08:39:15 +0800] "GET /xingrg/kc/buy/cgsh_order_list.html HTTP/1.1" 200 56540
116.232.195.127 - - [13/Sep/2023:08:39:16 +0800] "GET /xingrg/kc/buy/cgsh_order_list.html HTTP/1.1" 200 56540
116.232.195.127 - - [13/Sep/2023:08:39:18 +0800] "GET /xingrg/check_reg.html?_=1694565434297 HTTP/1.1" 200 22
116.232.195.127 - - [13/Sep/2023:08:39:18 +0800] "POST /xingrg/kc/buy/cgsh_list_operate.html HTTP/1.1" 200 986
114.95.241.104 - - [13/Sep/2023:08:39:20 +0800] "GET /xingrg/kc/buy/cgsh_order_operate.html?command=get_materiel&rest_code=00150&code=00101008131&supplier_code=00100008&order_time=2023-09-13 HTTP/1.1" 200 409
116.232.195.127 - - [13/Sep/2023:08:39:20 +0800] "GET /xingrg/kc/buy/cgsh_order_add.html HTTP/1.1" 200 72363
116.232.195.127 - - [13/Sep/2023:08:39:21 +0800] "POST /xingrg/kc/buy/cgsh_order_operate.html HTTP/1.1" 200 8245
116.232.195.127 - - [13/Sep/2023:08:39:21 +0800] "GET /xingrg/javascript/easyui/themes/default/validatebox.css HTTP/1.1" 404 1104
116.232.195.127 - - [13/Sep/2023:08:39:21 +0800] "GET /xingrg/all/common/auto_word.html?type=employee&rest_code=00155 HTTP/1.1" 200 255
116.232.195.127 - - [13/Sep/2023:08:39:21 +0800] "GET /xingrg/all/common/auto_word.html?type=employee&rest_code=00155 HTTP/1.1" 200 255
124.78.155.92 - - [13/Sep/2023:08:39:23 +0800] "GET /xingrg/login.html?r=1 HTTP/1.1" 200 7641
124.78.155.92 - - [13/Sep/2023:08:39:23 +0800] "GET /favicon.ico HTTP/1.1" 404 -
180.174.205.229 - - [13/Sep/2023:08:39:25 +0800] "GET /xingrg/all/function/internal_message.html?_=1694565564474&CODE_STATE=getMsg HTTP/1.1" 200 27
124.78.155.92 - - [13/Sep/2023:08:39:26 +0800] "POST /xingrg/login.do HTTP/1.1" 302 -
124.78.155.92 - - [13/Sep/2023:08:39:26 +0800] "GET /xingrg/index.html?sysBaseUrl=http%3A%2F%2F180.169.147.146%3A18081%2Fxingrg%2F&costTime=800×tamp=1694565566050 HTTP/1.1" 200 17173
124.78.155.92 - - [13/Sep/2023:08:39:26 +0800] "GET /favicon.ico HTTP/1.1" 404 -
124.78.155.92 - - [13/Sep/2023:08:39:26 +0800] "GET /xingrg/all/function/internal_message.html?_=1694565566870&CODE_STATE=count HTTP/1.1" 200 11
124.78.155.92 - - [13/Sep/2023:08:39:26 +0800] "GET /xingrg/check_reg.html?_=1694565566871 HTTP/1.1" 200 22
124.78.155.92 - - [13/Sep/2023:08:39:26 +0800] "POST /xingrg/all/common/load_tree.html?tree=area_rest_tree_json&manage=1 HTTP/1.1" 200 342
124.78.155.92 - - [13/Sep/2023:08:39:26 +0800] "POST /xingrg/load_menu.html HTTP/1.1" 200 5138
116.232.195.127 - - [13/Sep/2023:08:39:28 +0800] "GET /xingrg/all/function/internal_message.html?_=1694565568971&CODE_STATE=getMsg HTTP/1.1" 302 -
124.78.155.92 - - [13/Sep/2023:08:39:29 +0800] "GET /xingrg/kc/mdqp/qp_main.html HTTP/1.1" 200 10633
114.95.241.104 - - [13/Sep/2023:08:39:29 +0800] "GET /xingrg/kc/buy/cgsh_order_operate.html?command=get_materiel&rest_code=00150&code=00101008279&supplier_code=00100008&order_time=2023-09-13 HTTP/1.1" 200 413
124.78.155.92 - - [13/Sep/2023:08:39:30 +0800] "GET /xingrg/images/yd/bt.gif HTTP/1.1" 404 1040
124.78.155.92 - - [13/Sep/2023:08:39:31 +0800] "GET /xingrg/kc/mdqp/pssh_order_list.html HTTP/1.1" 200 17920
124.78.155.92 - - [13/Sep/2023:08:39:31 +0800] "POST /xingrg/kc/mdqp/pssh_list_operate.html HTTP/1.1" 200 5228
114.95.241.104 - - [13/Sep/2023:08:39:32 +0800] "GET /xingrg/kc/buy/cgsh_order_operate.html?command=get_materiel&rest_code=00150&code=00101007125&supplier_code=00100096&order_time=2023-09-13 HTTP/1.1" 200 407
124.78.155.92 - - [13/Sep/2023:08:39:33 +0800] "POST /xingrg/kc/mdqp/pssh_list_operate.html HTTP/1.1" 200 812
124.78.155.92 - - [13/Sep/2023:08:39:34 +0800] "GET /xingrg/kc/mdqp/pssh_order_info.html?code=312023091100261 HTTP/1.1" 200 17297
124.78.155.92 - - [13/Sep/2023:08:39:34 +0800] "GET /xingrg/javascript/jquery_tools/jquery-1.4.2.min.js HTTP/1.1" 404 1094
124.78.155.92 - - [13/Sep/2023:08:39:34 +0800] "GET /xingrg/words/20230912174116_words.js HTTP/1.1" 200 985973
124.78.155.92 - - [13/Sep/2023:08:39:34 +0800] "GET /xingrg/javascript/easyui/themes/default/validatebox.css HTTP/1.1" 404 1104
124.78.155.92 - - [13/Sep/2023:08:39:34 +0800] "GET /xingrg/all/common/auto_word.html?type=employee&rest_code=00106 HTTP/1.1" 200 205
124.78.155.92 - - [13/Sep/2023:08:39:34 +0800] "GET /xingrg/all/common/auto_word.html?type=base&rest_code=00106&rest_code=00106 HTTP/1.1" 200 1799
124.78.155.92 - - [13/Sep/2023:08:39:34 +0800] "POST /xingrg/kc/mdqp/pssh_order_operate.html HTTP/1.1" 200 7543
180.169.147.146 - - [13/Sep/2023:08:39:35 +0800] "GET /xingrg/all/function/internal_message.html?_=1694565578146&CODE_STATE=getMsg HTTP/1.1" 200 27
116.232.195.127 - - [13/Sep/2023:08:39:37 +0800] "GET /xingrg/javascript/auto/indicator.gif HTTP/1.1" 404 1066
114.95.241.104 - - [13/Sep/2023:08:39:38 +0800] "GET /xingrg/all/function/internal_message.html?_=1694565576559&CODE_STATE=getMsg HTTP/1.1" 200 27
124.78.155.92 - - [13/Sep/2023:08:39:38 +0800] "POST /xingrg/all/common/load_combo.html?type=employee HTTP/1.1" 200 365
58.40.7.146 - - [13/Sep/2023:08:39:41 +0800] "GET /xingrg/all/function/internal_message.html?_=1694565581506&CODE_STATE=getMsg HTTP/1.1" 200 27
222.70.180.200 - - [13/Sep/2023:08:39:41 +0800] "GET /xingrg/all/function/internal_message.html?_=1694565581707&CODE_STATE=getMsg HTTP/1.1" 200 27
124.78.155.92 - - [13/Sep/2023:08:39:42 +0800] "POST /xingrg/kc/mdqp/pssh_order_operate.html HTTP/1.1" 200 37
116.232.195.127 - - [13/Sep/2023:08:39:42 +0800] "GET /xingrg/kc/buy/cgsh_order_operate.html?command=get_materiel&rest_code=00155&code=00101010620&supplier_code=&order_time=2023-09-13 HTTP/1.1" 200 419
114.95.241.104 - - [13/Sep/2023:08:39:44 +0800] "GET /xingrg/kc/buy/cgsh_order_operate.html?command=get_materiel&rest_code=00150&code=00101007049&supplier_code=00100096&order_time=2023-09-13 HTTP/1.1" 200 409
124.78.155.92 - - [13/Sep/2023:08:39:46 +0800] "POST /xingrg/kc/mdqp/pssh_order_operate.html HTTP/1.1" 200 12
114.95.241.104 - - [13/Sep/2023:08:39:46 +0800] "GET /xingrg/all/function/internal_message.html?_=1694565469032&CODE_STATE=getMsg HTTP/1.1" 200 27
124.78.155.92 - - [13/Sep/2023:08:39:47 +0800] "GET /xingrg/kc/mdqp/pssh_order_info.html?code=312023091100261 HTTP/1.1" 200 14386
124.78.155.92 - - [13/Sep/2023:08:39:47 +0800] "GET /xingrg/javascript/jquery_tools/jquery-1.4.2.min.js HTTP/1.1" 404 1094
124.78.155.92 - - [13/Sep/2023:08:39:47 +0800] "GET /xingrg/javascript/easyui/themes/icons/uncheck_new.png HTTP/1.1" 200 3197
124.78.155.92 - - [13/Sep/2023:08:39:47 +0800] "GET /xingrg/javascript/easyui/themes/default/validatebox.css HTTP/1.1" 404 1104
124.78.155.92 - - [13/Sep/2023:08:39:47 +0800] "POST /xingrg/kc/mdqp/pssh_order_operate.html HTTP/1.1" 200 7543
124.78.155.92 - - [13/Sep/2023:08:39:50 +0800] "GET /xingrg/kc/print/load_config.html?kc_code=pssh HTTP/1.1" 200 2368
124.78.155.92 - - [13/Sep/2023:08:39:51 +0800] "GET /xingrg/kc/print/load_data.html?order_code=312023091100261&kc_code=pssh&condition= HTTP/1.1" 200 3202
124.78.155.92 - - [13/Sep/2023:08:40:01 +0800] "GET /xingrg/kc/mdqp/pssh_order_list.html?isBack=1 HTTP/1.1" 200 17920
124.78.155.92 - - [13/Sep/2023:08:40:02 +0800] "POST /xingrg/kc/mdqp/pssh_list_operate.html HTTP/1.1" 200 5253
116.232.195.127 - - [13/Sep/2023:08:40:04 +0800] "GET /xingrg/all/function/internal_message.html?_=1694565480419&CODE_STATE=getMsg HTTP/1.1" 200 27
116.232.195.127 - - [13/Sep/2023:08:40:04 +0800] "GET /xingrg/all/function/internal_message.html?_=1694565481183&CODE_STATE=getMsg HTTP/1.1" 200 27
124.78.155.92 - - [13/Sep/2023:08:40:06 +0800] "POST /xingrg/kc/mdqp/pssh_list_operate.html HTTP/1.1" 200 362
124.78.155.92 - - [13/Sep/2023:08:40:06 +0800] "GET /xingrg/kc/mdqp/pssh_order_info.html?code=312023091100258 HTTP/1.1" 200 17295
124.78.155.92 - - [13/Sep/2023:08:40:06 +0800] "GET /xingrg/javascript/jquery_tools/jquery-1.4.2.min.js HTTP/1.1" 404 1094
124.78.155.92 - - [13/Sep/2023:08:40:07 +0800] "GET /xingrg/javascript/easyui/themes/default/validatebox.css HTTP/1.1" 404 1104
124.78.155.92 - - [13/Sep/2023:08:40:07 +0800] "POST /xingrg/kc/mdqp/pssh_order_operate.html HTTP/1.1" 200 1063
124.78.155.92 - - [13/Sep/2023:08:40:09 +0800] "POST /xingrg/all/common/load_combo.html?type=employee HTTP/1.1" 200 365
124.78.155.92 - - [13/Sep/2023:08:40:14 +0800] "POST /xingrg/kc/mdqp/pssh_order_operate.html HTTP/1.1" 200 37
124.78.155.92 - - [13/Sep/2023:08:40:17 +0800] "POST /xingrg/kc/mdqp/pssh_order_operate.html HTTP/1.1" 200 12
180.169.147.146 - - [13/Sep/2023:08:40:19 +0800] "GET /xingrg/check_reg.html?_=1694565622717 HTTP/1.1" 200 22
124.78.155.92 - - [13/Sep/2023:08:40:22 +0800] "GET /xingrg/kc/mdqp/pssh_order_info.html?code=312023091100258 HTTP/1.1" 200 14384
124.78.155.92 - - [13/Sep/2023:08:40:22 +0800] "GET /xingrg/javascript/jquery_tools/jquery-1.4.2.min.js HTTP/1.1" 404 1094
124.78.155.92 - - [13/Sep/2023:08:40:22 +0800] "GET /xingrg/javascript/easyui/themes/default/validatebox.css HTTP/1.1" 404 1104
124.78.155.92 - - [13/Sep/2023:08:40:22 +0800] "POST /xingrg/kc/mdqp/pssh_order_operate.html HTTP/1.1" 200 1063
180.174.205.229 - - [13/Sep/2023:08:40:25 +0800] "GET /xingrg/all/function/internal_message.html?_=1694565624474&CODE_STATE=getMsg HTTP/1.1" 200 27
180.174.205.229 - - [13/Sep/2023:08:40:25 +0800] "GET /xingrg/check_reg.html?_=1694565624476 HTTP/1.1" 200 22
124.78.155.92 - - [13/Sep/2023:08:40:26 +0800] "GET /xingrg/all/function/internal_message.html?_=1694565626874&CODE_STATE=getMsg HTTP/1.1" 200 27
124.78.155.92 - - [13/Sep/2023:08:40:26 +0800] "GET /xingrg/kc/print/load_data.html?order_code=312023091100258&kc_code=pssh&condition= HTTP/1.1" 200 852
116.232.195.127 - - [13/Sep/2023:08:40:28 +0800] "GET /xingrg/all/function/internal_message.html?_=1694565628967&CODE_STATE=getMsg HTTP/1.1" 302 -
180.169.147.146 - - [13/Sep/2023:08:40:35 +0800] "GET /xingrg/all/function/internal_message.html?_=1694565638146&CODE_STATE=getMsg HTTP/1.1" 200 27
114.95.241.104 - - [13/Sep/2023:08:40:38 +0800] "GET /xingrg/check_reg.html?_=1694565636543 HTTP/1.1" 200 22
114.95.241.104 - - [13/Sep/2023:08:40:38 +0800] "GET /xingrg/all/function/internal_message.html?_=1694565636547&CODE_STATE=getMsg HTTP/1.1" 200 27
114.95.241.104 - - [13/Sep/2023:08:40:38 +0800] "GET /xingrg/kc/buy/cgsh_order_operate.html?command=get_materiel&rest_code=00150&code=00101008277&supplier_code=00100008&order_time=2023-09-13 HTTP/1.1" 200 412
58.40.7.146 - - [13/Sep/2023:08:40:41 +0800] "GET /xingrg/all/function/internal_message.html?_=1694565641491&CODE_STATE=getMsg HTTP/1.1" 200 27
222.70.180.200 - - [13/Sep/2023:08:40:41 +0800] "GET /xingrg/check_reg.html?_=1694565641715 HTTP/1.1" 200 22
222.70.180.200 - - [13/Sep/2023:08:40:41 +0800] "GET /xingrg/all/function/internal_message.html?_=1694565641708&CODE_STATE=getMsg HTTP/1.1" 200 27
124.78.155.92 - - [13/Sep/2023:08:40:43 +0800] "GET /xingrg/kc/mdqp/pssh_order_list.html?isBack=1 HTTP/1.1" 200 17920
124.78.155.92 - - [13/Sep/2023:08:40:44 +0800] "POST /xingrg/kc/mdqp/pssh_list_operate.html HTTP/1.1" 200 5278
114.95.241.104 - - [13/Sep/2023:08:40:46 +0800] "GET /xingrg/all/function/internal_message.html?_=1694565529046&CODE_STATE=getMsg HTTP/1.1" 200 27
124.78.155.92 - - [13/Sep/2023:08:40:48 +0800] "POST /xingrg/kc/mdqp/pssh_list_operate.html HTTP/1.1" 200 256
124.78.155.92 - - [13/Sep/2023:08:40:48 +0800] "POST /xingrg/kc/mdqp/pssh_list_operate.html HTTP/1.1" 200 814
124.78.155.92 - - [13/Sep/2023:08:40:48 +0800] "GET /xingrg/kc/mdqp/pssh_order_info.html?code=312023091100263 HTTP/1.1" 200 17266
124.78.155.92 - - [13/Sep/2023:08:40:48 +0800] "GET /xingrg/javascript/jquery_tools/jquery-1.4.2.min.js HTTP/1.1" 404 1094
124.78.155.92 - - [13/Sep/2023:08:40:49 +0800] "GET /xingrg/javascript/easyui/themes/default/validatebox.css HTTP/1.1" 404 1104
124.78.155.92 - - [13/Sep/2023:08:40:49 +0800] "POST /xingrg/kc/mdqp/pssh_order_operate.html HTTP/1.1" 200 526
114.95.241.104 - - [13/Sep/2023:08:40:50 +0800] "GET /xingrg/kc/buy/cgsh_order_operate.html?command=get_materiel&rest_code=00150&code=00101008005&supplier_code=00100008&order_time=2023-09-13 HTTP/1.1" 200 412
124.78.155.92 - - [13/Sep/2023:08:40:50 +0800] "POST /xingrg/all/common/load_combo.html?type=base&rest_code=00106 HTTP/1.1" 200 3227
101.83.145.37 - - [13/Sep/2023:08:40:53 +0800] "GET /xingrg/index.html?sysBaseUrl=http%3A%2F%2F180.169.147.146%3A18081%2Fxingrg%2F&costTime=32×tamp=1585224308505 HTTP/1.1" 302 -
101.83.145.37 - - [13/Sep/2023:08:40:54 +0800] "GET /xingrg/login.html HTTP/1.1" 200 7641
124.78.155.92 - - [13/Sep/2023:08:40:55 +0800] "POST /xingrg/all/common/load_combo.html?type=employee HTTP/1.1" 200 365
124.78.155.92 - - [13/Sep/2023:08:41:00 +0800] "POST /xingrg/kc/mdqp/pssh_order_operate.html HTTP/1.1" 200 37
124.78.155.92 - - [13/Sep/2023:08:41:03 +0800] "POST /xingrg/kc/mdqp/pssh_order_operate.html HTTP/1.1" 200 12
116.232.195.127 - - [13/Sep/2023:08:41:04 +0800] "GET /xingrg/all/function/internal_message.html?_=1694565540405&CODE_STATE=getMsg HTTP/1.1" 200 27
101.83.145.37 - - [13/Sep/2023:08:41:04 +0800] "GET /favicon.ico HTTP/1.1" 404 -
116.232.195.127 - - [13/Sep/2023:08:41:04 +0800] "GET /xingrg/all/function/internal_message.html?_=1694565541176&CODE_STATE=getMsg HTTP/1.1" 200 27
114.95.241.104 - - [13/Sep/2023:08:41:05 +0800] "POST /xingrg/kc/buy/cgsh_order_operate.html HTTP/1.1" 200 37
124.78.155.92 - - [13/Sep/2023:08:41:05 +0800] "GET /xingrg/kc/mdqp/pssh_order_info.html?code=312023091100263 HTTP/1.1" 200 14382
124.78.155.92 - - [13/Sep/2023:08:41:05 +0800] "GET /xingrg/javascript/jquery_tools/jquery-1.4.2.min.js HTTP/1.1" 404 1094
124.78.155.92 - - [13/Sep/2023:08:41:05 +0800] "GET /xingrg/javascript/easyui/themes/default/validatebox.css HTTP/1.1" 404 1104
124.78.155.92 - - [13/Sep/2023:08:41:05 +0800] "POST /xingrg/kc/mdqp/pssh_order_operate.html HTTP/1.1" 200 526
114.95.241.104 - - [13/Sep/2023:08:41:07 +0800] "POST /xingrg/kc/buy/cgsh_order_operate.html HTTP/1.1" 200 22777
124.78.155.92 - - [13/Sep/2023:08:41:10 +0800] "GET /xingrg/kc/print/load_data.html?order_code=312023091100263&kc_code=pssh&condition= HTTP/1.1" 200 646
114.95.241.104 - - [13/Sep/2023:08:41:15 +0800] "GET /xingrg/kc/buy/cgsh_order_operate.html?command=get_materiel&rest_code=00150&code=00101008353&supplier_code=00100008&order_time=2023-09-13 HTTP/1.1" 200 408
222.70.180.200 - - [13/Sep/2023:08:41:15 +0800] "POST /xingrg/kc/buy/cgsh_list_operate.html HTTP/1.1" 200 6087
124.78.155.92 - - [13/Sep/2023:08:41:16 +0800] "GET /xingrg/kc/mdqp/pssh_order_list.html?isBack=1 HTTP/1.1" 200 17920
124.78.155.92 - - [13/Sep/2023:08:41:16 +0800] "POST /xingrg/kc/mdqp/pssh_list_operate.html HTTP/1.1" 200 5309
124.78.155.92 - - [13/Sep/2023:08:41:19 +0800] "POST /xingrg/kc/mdqp/pssh_list_operate.html HTTP/1.1" 200 773
124.78.155.92 - - [13/Sep/2023:08:41:20 +0800] "POST /xingrg/kc/mdqp/pssh_list_operate.html HTTP/1.1" 200 814
124.78.155.92 - - [13/Sep/2023:08:41:20 +0800] "GET /xingrg/kc/mdqp/pssh_order_info.html?code=312023091100260 HTTP/1.1" 200 17293
124.78.155.92 - - [13/Sep/2023:08:41:20 +0800] "GET /xingrg/javascript/jquery_tools/jquery-1.4.2.min.js HTTP/1.1" 404 1094
124.78.155.92 - - [13/Sep/2023:08:41:20 +0800] "GET /xingrg/javascript/easyui/themes/default/validatebox.css HTTP/1.1" 404 1104
124.78.155.92 - - [13/Sep/2023:08:41:20 +0800] "POST /xingrg/kc/mdqp/pssh_order_operate.html HTTP/1.1" 200 6875
124.78.155.92 - - [13/Sep/2023:08:41:22 +0800] "POST /xingrg/all/common/load_combo.html?type=employee HTTP/1.1" 200 365
124.79.246.190 - - [13/Sep/2023:08:41:23 +0800] "GET /xingrg/login.html HTTP/1.1" 200 7641
180.174.205.229 - - [13/Sep/2023:08:41:25 +0800] "GET /xingrg/all/function/internal_message.html?_=1694565684479&CODE_STATE=getMsg HTTP/1.1" 200 27
124.79.246.190 - - [13/Sep/2023:08:41:26 +0800] "GET /favicon.ico HTTP/1.1" 404 -
116.232.195.127 - - [13/Sep/2023:08:41:28 +0800] "GET /xingrg/all/function/internal_message.html?_=1694565688971&CODE_STATE=getMsg HTTP/1.1" 302 -
124.78.155.92 - - [13/Sep/2023:08:41:28 +0800] "POST /xingrg/kc/mdqp/pssh_order_operate.html HTTP/1.1" 200 37
124.78.155.92 - - [13/Sep/2023:08:41:31 +0800] "POST /xingrg/kc/mdqp/pssh_order_operate.html HTTP/1.1" 200 12
124.78.155.92 - - [13/Sep/2023:08:41:32 +0800] "GET /xingrg/kc/mdqp/pssh_order_info.html?code=312023091100260 HTTP/1.1" 200 14382
124.78.155.92 - - [13/Sep/2023:08:41:32 +0800] "GET /xingrg/javascript/jquery_tools/jquery-1.4.2.min.js HTTP/1.1" 404 1094
124.78.155.92 - - [13/Sep/2023:08:41:33 +0800] "GET /xingrg/javascript/easyui/themes/default/validatebox.css HTTP/1.1" 404 1104
124.78.155.92 - - [13/Sep/2023:08:41:33 +0800] "POST /xingrg/kc/mdqp/pssh_order_operate.html HTTP/1.1" 200 6875
180.169.147.146 - - [13/Sep/2023:08:41:35 +0800] "GET /xingrg/all/function/internal_message.html?_=1694565698159&CODE_STATE=getMsg HTTP/1.1" 200 27
124.78.155.92 - - [13/Sep/2023:08:41:36 +0800] "GET /xingrg/kc/print/load_data.html?order_code=312023091100260&kc_code=pssh&condition= HTTP/1.1" 200 2859
114.95.241.104 - - [13/Sep/2023:08:41:38 +0800] "GET /xingrg/all/function/internal_message.html?_=1694565696543&CODE_STATE=getMsg HTTP/1.1" 200 27
58.40.7.146 - - [13/Sep/2023:08:41:41 +0800] "GET /xingrg/all/function/internal_message.html?_=1694565701477&CODE_STATE=getMsg HTTP/1.1" 200 27
222.70.180.200 - - [13/Sep/2023:08:41:41 +0800] "GET /xingrg/all/function/internal_message.html?_=1694565701704&CODE_STATE=getMsg HTTP/1.1" 200 27
114.95.241.104 - - [13/Sep/2023:08:41:45 +0800] "GET /xingrg/kc/buy/cgsh_order_operate.html?command=get_materiel&rest_code=00150&code=00101008312&supplier_code=00100008&order_time=2023-09-13 HTTP/1.1" 200 412
124.78.155.92 - - [13/Sep/2023:08:41:45 +0800] "GET /xingrg/kc/mdqp/pssh_order_list.html?isBack=1 HTTP/1.1" 200 17920
124.78.155.92 - - [13/Sep/2023:08:41:45 +0800] "POST /xingrg/kc/mdqp/pssh_list_operate.html HTTP/1.1" 200 5334
114.95.241.104 - - [13/Sep/2023:08:41:46 +0800] "GET /xingrg/all/function/internal_message.html?_=1694565589059&CODE_STATE=getMsg HTTP/1.1" 200 27
124.78.155.92 - - [13/Sep/2023:08:41:47 +0800] "POST /xingrg/kc/mdqp/pssh_list_operate.html HTTP/1.1" 200 460
124.78.155.92 - - [13/Sep/2023:08:41:48 +0800] "POST /xingrg/kc/mdqp/pssh_list_operate.html HTTP/1.1" 200 814
124.78.155.92 - - [13/Sep/2023:08:41:48 +0800] "GET /xingrg/kc/mdqp/pssh_order_info.html?code=312023091100259 HTTP/1.1" 200 17293
124.78.155.92 - - [13/Sep/2023:08:41:48 +0800] "GET /xingrg/javascript/jquery_tools/jquery-1.4.2.min.js HTTP/1.1" 404 1094
124.78.155.92 - - [13/Sep/2023:08:41:48 +0800] "GET /xingrg/javascript/easyui/themes/default/validatebox.css HTTP/1.1" 404 1104
124.78.155.92 - - [13/Sep/2023:08:41:49 +0800] "POST /xingrg/kc/mdqp/pssh_order_operate.html HTTP/1.1" 200 1593
124.78.155.92 - - [13/Sep/2023:08:41:52 +0800] "POST /xingrg/all/common/load_combo.html?type=employee HTTP/1.1" 200 365
101.83.145.37 - - [13/Sep/2023:08:41:52 +0800] "POST /xingrg/login.do HTTP/1.1" 302 -
101.83.145.37 - - [13/Sep/2023:08:41:52 +0800] "GET /xingrg/index.html?sysBaseUrl=http%3A%2F%2F180.169.147.146%3A18081%2Fxingrg%2F&costTime=824×tamp=1694565712735 HTTP/1.1" 200 17173
101.83.145.37 - - [13/Sep/2023:08:41:52 +0800] "GET /xingrg/javascript/jquery_easy_ui/themes/default/easyui.css HTTP/1.1" 304 -
101.83.145.37 - - [13/Sep/2023:08:41:52 +0800] "GET /xingrg/javascript/jquery_easy_ui/themes/icon.css HTTP/1.1" 304 -
101.83.145.37 - - [13/Sep/2023:08:41:52 +0800] "GET /xingrg/css/form.css HTTP/1.1" 304 -
101.83.145.37 - - [13/Sep/2023:08:41:52 +0800] "GET /xingrg/javascript/jquery-1.4.2.min.js HTTP/1.1" 304 -
101.83.145.37 - - [13/Sep/2023:08:41:53 +0800] "GET /xingrg/javascript/jquery_easy_ui/jquery.easyui.min.js HTTP/1.1" 304 -
101.83.145.37 - - [13/Sep/2023:08:41:53 +0800] "GET /xingrg/javascript/jquery_easy_ui/easyui-lang-zh_CN.js HTTP/1.1" 304 -
101.83.145.37 - - [13/Sep/2023:08:41:53 +0800] "GET /xingrg/javascript/jquery.form.js HTTP/1.1" 304 -
101.83.145.37 - - [13/Sep/2023:08:41:53 +0800] "GET /xingrg/javascript/jquery.utils.js HTTP/1.1" 304 -
101.83.145.37 - - [13/Sep/2023:08:41:53 +0800] "GET /xingrg/javascript/jquery.timers.js HTTP/1.1" 304 -
101.83.145.37 - - [13/Sep/2023:08:41:53 +0800] "GET /favicon.ico HTTP/1.1" 404 -
101.83.145.37 - - [13/Sep/2023:08:41:53 +0800] "GET /xingrg/javascript/jquery_easy_ui/themes/icons/settle_new.png HTTP/1.1" 304 -
101.83.145.37 - - [13/Sep/2023:08:41:53 +0800] "GET /xingrg/images/blue/navBackgound.jpg HTTP/1.1" 304 -
101.83.145.37 - - [13/Sep/2023:08:41:53 +0800] "POST /xingrg/all/common/load_tree.html?tree=area_rest_tree_json&manage=1 HTTP/1.1" 200 342
101.83.145.37 - - [13/Sep/2023:08:41:53 +0800] "GET /xingrg/all/function/internal_message.html?_=1694565504510&CODE_STATE=count HTTP/1.1" 200 11
101.83.145.37 - - [13/Sep/2023:08:41:53 +0800] "GET /xingrg/check_reg.html?_=1694565504511 HTTP/1.1" 200 22
101.83.145.37 - - [13/Sep/2023:08:41:53 +0800] "GET /xingrg/images/blue/pingpu.png HTTP/1.1" 304 -
101.83.145.37 - - [13/Sep/2023:08:41:54 +0800] "GET /xingrg/javascript/jquery_easy_ui/themes/default/images/tabs_leftarrow.png HTTP/1.1" 304 -
101.83.145.37 - - [13/Sep/2023:08:41:54 +0800] "GET /xingrg/javascript/jquery_easy_ui/themes/default/images/tabs_rightarrow.png HTTP/1.1" 304 -
101.83.145.37 - - [13/Sep/2023:08:41:54 +0800] "GET /xingrg/javascript/jquery_easy_ui/themes/default/images/panel_tool_collapse.gif HTTP/1.1" 304 -
101.83.145.37 - - [13/Sep/2023:08:41:54 +0800] "POST /xingrg/load_menu.html HTTP/1.1" 200 5138
101.83.145.37 - - [13/Sep/2023:08:41:54 +0800] "GET /xingrg/javascript/jquery_easy_ui/themes/default/images/tree_arrows.gif HTTP/1.1" 304 -
101.83.145.37 - - [13/Sep/2023:08:41:54 +0800] "GET /xingrg/javascript/jquery_easy_ui/themes/default/images/tree_folder_open.gif HTTP/1.1" 304 -
101.83.145.37 - - [13/Sep/2023:08:41:54 +0800] "GET /xingrg/javascript/jquery_easy_ui/themes/icons/search_new.png HTTP/1.1" 304 -
101.83.145.37 - - [13/Sep/2023:08:41:54 +0800] "GET /xingrg/javascript/jquery_easy_ui/themes/default/images/tree_folder.gif HTTP/1.1" 304 -
101.83.145.37 - - [13/Sep/2023:08:41:54 +0800] "GET /xingrg/javascript/jquery_easy_ui/themes/icons/storage_new.png HTTP/1.1" 304 -
101.83.145.37 - - [13/Sep/2023:08:41:54 +0800] "GET /xingrg/javascript/jquery_easy_ui/themes/icons/forms_new.png HTTP/1.1" 304 -
101.83.145.37 - - [13/Sep/2023:08:41:54 +0800] "GET /xingrg/javascript/jquery_easy_ui/themes/default/images/tree_file.gif HTTP/1.1" 304 -
114.95.241.104 - - [13/Sep/2023:08:41:55 +0800] "GET /xingrg/kc/buy/cgsh_order_operate.html?command=get_materiel&rest_code=00150&code=00101008095&supplier_code=00100008&order_time=2023-09-13 HTTP/1.1" 200 412
124.78.155.92 - - [13/Sep/2023:08:41:57 +0800] "POST /xingrg/kc/mdqp/pssh_order_operate.html HTTP/1.1" 200 37
101.83.145.37 - - [13/Sep/2023:08:41:58 +0800] "GET /favicon.ico HTTP/1.1" 404 -
101.83.145.37 - - [13/Sep/2023:08:41:58 +0800] "GET /xingrg/index.html?sysBaseUrl=http%3A%2F%2F180.169.147.146%3A18081%2Fxingrg%2F&costTime=36×tamp=1585223203754 HTTP/1.1" 302 -
101.83.145.37 - - [13/Sep/2023:08:41:58 +0800] "GET /xingrg/login.html HTTP/1.1" 200 7641
101.83.145.37 - - [13/Sep/2023:08:41:59 +0800] "GET /xingrg/images/blue/jxLogo.png HTTP/1.1" 304 -
101.83.145.37 - - [13/Sep/2023:08:41:59 +0800] "GET /xingrg/images/blue/login_bg.png HTTP/1.1" 304 -
101.83.145.37 - - [13/Sep/2023:08:41:59 +0800] "GET /xingrg/images/blue/srbg.png HTTP/1.1" 304 -
101.83.145.37 - - [13/Sep/2023:08:41:59 +0800] "GET /xingrg/images/blue/hj.png HTTP/1.1" 304 -
101.83.145.37 - - [13/Sep/2023:08:41:59 +0800] "GET /favicon.ico HTTP/1.1" 404 -
124.78.155.92 - - [13/Sep/2023:08:41:59 +0800] "POST /xingrg/kc/mdqp/pssh_order_operate.html HTTP/1.1" 200 12
101.83.145.37 - - [13/Sep/2023:08:42:00 +0800] "GET /xingrg/kc/mdqp/qp_main.html HTTP/1.1" 200 10633
101.83.145.37 - - [13/Sep/2023:08:42:00 +0800] "GET /xingrg/javascript/jquery_easy_ui/themes/default/images/tabs_close.gif HTTP/1.1" 304 -
101.83.145.37 - - [13/Sep/2023:08:42:00 +0800] "GET /xingrg/css/blue.css HTTP/1.1" 304 -
101.83.145.37 - - [13/Sep/2023:08:42:00 +0800] "GET /xingrg/javascript/jquery_ui/themes/humanity/humanity.css HTTP/1.1" 304 -
101.83.145.37 - - [13/Sep/2023:08:42:00 +0800] "GET /xingrg/javascript/pic_change.js HTTP/1.1" 304 -
101.83.145.37 - - [13/Sep/2023:08:42:00 +0800] "GET /xingrg/javascript/ToolTips.js HTTP/1.1" 304 -
101.83.145.37 - - [13/Sep/2023:08:42:00 +0800] "GET /xingrg/javascript/myfunction.js HTTP/1.1" 304 -
101.83.145.37 - - [13/Sep/2023:08:42:00 +0800] "GET /xingrg/javascript/jquery_ui/jquery-ui.min.js HTTP/1.1" 304 -
101.83.145.37 - - [13/Sep/2023:08:42:00 +0800] "GET /xingrg/images/blue/button/cgxqd.gif HTTP/1.1" 304 -
101.83.145.37 - - [13/Sep/2023:08:42:00 +0800] "GET /xingrg/images/blue/button/qqpsd.gif HTTP/1.1" 304 -
101.83.145.37 - - [13/Sep/2023:08:42:00 +0800] "GET /xingrg/images/blue/button/pszx.gif HTTP/1.1" 304 -
101.83.145.37 - - [13/Sep/2023:08:42:00 +0800] "GET /xingrg/images/blue/button/psshd.gif HTTP/1.1" 304 -
101.83.145.37 - - [13/Sep/2023:08:42:00 +0800] "GET /xingrg/images/blue/pic_form2.gif HTTP/1.1" 304 -
101.83.145.37 - - [13/Sep/2023:08:42:00 +0800] "GET /xingrg/javascript/jquery_ui/themes/humanity/images/ui-bg_inset-soft_100_f4f0ec_1x100.png HTTP/1.1" 304 -
101.83.145.37 - - [13/Sep/2023:08:42:00 +0800] "GET /xingrg/images/blue/bg_dotted.jpg HTTP/1.1" 304 -
101.83.145.37 - - [13/Sep/2023:08:42:00 +0800] "GET /xingrg/images/blue/button/right_ah.jpg HTTP/1.1" 304 -
101.83.145.37 - - [13/Sep/2023:08:42:00 +0800] "GET /xingrg/images/blue/button/down_ah.jpg HTTP/1.1" 304 -
101.83.145.37 - - [13/Sep/2023:08:42:00 +0800] "GET /xingrg/javascript/jquery_ui/themes/humanity/images/ui-iconsnew.jpg HTTP/1.1" 304 -
