116.232.195.127 - - [13/Sep/2023:08:55:04 +0800] "GET /xingrg/all/function/internal_message.html?_=1694566380959&CODE_STATE=getMsg HTTP/1.1" 200 27
180.169.147.146 - - [13/Sep/2023:08:55:19 +0800] "GET /xingrg/check_reg.html?_=1694566522734 HTTP/1.1" 200 22
180.174.205.229 - - [13/Sep/2023:08:55:25 +0800] "GET /xingrg/check_reg.html?_=1694566524500 HTTP/1.1" 200 22
180.174.205.229 - - [13/Sep/2023:08:55:25 +0800] "GET /xingrg/all/function/internal_message.html?_=1694566524494&CODE_STATE=getMsg HTTP/1.1" 200 27
116.232.195.127 - - [13/Sep/2023:08:55:28 +0800] "GET /xingrg/all/function/internal_message.html?_=1694566528965&CODE_STATE=getMsg HTTP/1.1" 302 -
124.79.246.190 - - [13/Sep/2023:08:55:28 +0800] "GET /xingrg/all/function/internal_message.html?_=1694566824839&CODE_STATE=getMsg HTTP/1.1" 200 27
222.70.107.27 - - [13/Sep/2023:08:55:32 +0800] "GET /xingrg/all/function/internal_message.html?_=1694566534329&CODE_STATE=getMsg HTTP/1.1" 200 27
101.83.145.37 - - [13/Sep/2023:08:55:33 +0800] "POST /xingrg/kc/mdqp/pssh_order_operate.html HTTP/1.1" 200 1626
180.169.147.146 - - [13/Sep/2023:08:55:35 +0800] "GET /xingrg/all/function/internal_message.html?_=1694566538412&CODE_STATE=getMsg HTTP/1.1" 200 27
114.95.241.104 - - [13/Sep/2023:08:55:40 +0800] "GET /xingrg/all/function/internal_message.html?_=1694566422521&CODE_STATE=getMsg HTTP/1.1" 200 27
222.70.180.200 - - [13/Sep/2023:08:55:41 +0800] "GET /xingrg/all/function/internal_message.html?_=1694566541702&CODE_STATE=getMsg HTTP/1.1" 200 27
222.70.180.200 - - [13/Sep/2023:08:55:41 +0800] "GET /xingrg/check_reg.html?_=1694566541705 HTTP/1.1" 200 22
58.40.7.146 - - [13/Sep/2023:08:55:41 +0800] "GET /xingrg/all/function/internal_message.html?_=1694566541863&CODE_STATE=getMsg HTTP/1.1" 200 27
101.83.145.37 - - [13/Sep/2023:08:55:42 +0800] "POST /xingrg/kc/mdqp/pssh_order_operate.html HTTP/1.1" 200 37
101.83.145.37 - - [13/Sep/2023:08:55:44 +0800] "POST /xingrg/kc/base/wldb_order_operate.html HTTP/1.1" 200 37
101.83.145.37 - - [13/Sep/2023:08:55:45 +0800] "POST /xingrg/kc/base/wldb_order_operate.html HTTP/1.1" 200 2207
101.83.145.37 - - [13/Sep/2023:08:55:46 +0800] "GET /xingrg/kc/base/wldb_order_info.html?code=422023091301210 HTTP/1.1" 200 30465
101.83.145.37 - - [13/Sep/2023:08:55:46 +0800] "GET /xingrg/javascript/easyui/themes/default/validatebox.css HTTP/1.1" 404 1104
101.83.145.37 - - [13/Sep/2023:08:55:47 +0800] "POST /xingrg/kc/mdqp/pssh_order_operate.html HTTP/1.1" 200 12
101.83.145.37 - - [13/Sep/2023:08:55:47 +0800] "POST /xingrg/kc/base/wldb_order_operate.html HTTP/1.1" 200 2207
114.95.241.104 - - [13/Sep/2023:08:55:48 +0800] "POST /xingrg/kc/buy/cgsh_order_operate.html HTTP/1.1" 200 37
101.83.145.37 - - [13/Sep/2023:08:55:51 +0800] "GET /xingrg/kc/mdqp/pssh_order_info.html?code=312023091100255 HTTP/1.1" 200 14382
101.83.145.37 - - [13/Sep/2023:08:55:51 +0800] "GET /xingrg/javascript/jquery_tools/jquery-1.4.2.min.js HTTP/1.1" 404 1094
101.83.145.37 - - [13/Sep/2023:08:55:51 +0800] "GET /xingrg/javascript/easyui/themes/default/validatebox.css HTTP/1.1" 404 1104
101.83.145.37 - - [13/Sep/2023:08:55:51 +0800] "POST /xingrg/kc/mdqp/pssh_order_operate.html HTTP/1.1" 200 1626
101.83.145.37 - - [13/Sep/2023:08:55:53 +0800] "GET /xingrg/kc/base/wldb_order_add.html HTTP/1.1" 200 30457
101.83.145.37 - - [13/Sep/2023:08:55:53 +0800] "POST /xingrg/kc/base/wldb_order_operate.html HTTP/1.1" 200 6806
101.83.145.37 - - [13/Sep/2023:08:55:53 +0800] "GET /xingrg/javascript/easyui/themes/default/validatebox.css HTTP/1.1" 404 1104
101.83.145.37 - - [13/Sep/2023:08:55:54 +0800] "GET /xingrg/kc/print/load_data.html?order_code=312023091100255&kc_code=pssh&condition= HTTP/1.1" 200 1065
101.83.145.37 - - [13/Sep/2023:08:55:54 +0800] "GET /xingrg/all/function/internal_message.html?_=1694566344827&CODE_STATE=getMsg HTTP/1.1" 200 27
114.95.241.104 - - [13/Sep/2023:08:55:56 +0800] "GET /xingrg/all/function/internal_message.html?_=1694566555337&CODE_STATE=getMsg HTTP/1.1" 200 27
114.95.241.104 - - [13/Sep/2023:08:55:58 +0800] "POST /xingrg/kc/buy/cgsh_order_operate.html HTTP/1.1" 200 12
114.95.241.104 - - [13/Sep/2023:08:56:00 +0800] "GET /xingrg/kc/buy/cgsh_order_info.html?code=212023091304909 HTTP/1.1" 200 66823
114.95.241.104 - - [13/Sep/2023:08:56:00 +0800] "GET /xingrg/javascript/easyui/themes/default/validatebox.css HTTP/1.1" 404 1104
114.95.241.104 - - [13/Sep/2023:08:56:01 +0800] "POST /xingrg/kc/buy/cgsh_order_operate.html HTTP/1.1" 200 17953
101.83.145.37 - - [13/Sep/2023:08:56:02 +0800] "GET /xingrg/kc/base/wldb_order_list.html HTTP/1.1" 200 19174
101.83.145.37 - - [13/Sep/2023:08:56:02 +0800] "POST /xingrg/kc/base/wldb_list_operate.html HTTP/1.1" 200 1766
116.232.195.127 - - [13/Sep/2023:08:56:04 +0800] "GET /xingrg/all/function/internal_message.html?_=1694566440412&CODE_STATE=getMsg HTTP/1.1" 200 27
116.232.195.127 - - [13/Sep/2023:08:56:04 +0800] "GET /xingrg/all/function/internal_message.html?_=1694566440951&CODE_STATE=getMsg HTTP/1.1" 200 27
114.95.241.104 - - [13/Sep/2023:08:56:07 +0800] "GET /xingrg/kc/print/load_data.html?order_code=212023091304909&kc_code=cgsh&condition= HTTP/1.1" 200 7383
101.83.145.37 - - [13/Sep/2023:08:56:07 +0800] "GET /xingrg/kc/base/wldb_order_list.html HTTP/1.1" 200 19174
101.83.145.37 - - [13/Sep/2023:08:56:08 +0800] "POST /xingrg/kc/base/wldb_list_operate.html HTTP/1.1" 200 1766
101.83.145.37 - - [13/Sep/2023:08:56:09 +0800] "GET /xingrg/javascript/jquery_tools/images/prev.gif HTTP/1.1" 404 1086
101.83.145.37 - - [13/Sep/2023:08:56:09 +0800] "GET /xingrg/javascript/jquery_tools/images/next.gif HTTP/1.1" 404 1086
101.83.145.37 - - [13/Sep/2023:08:56:10 +0800] "GET /xingrg/kc/base/wldb_order_add.html HTTP/1.1" 200 30457
101.83.145.37 - - [13/Sep/2023:08:56:11 +0800] "GET /xingrg/all/common/auto_word.html?type=base&rest_code=00105 HTTP/1.1" 200 1907
101.83.145.37 - - [13/Sep/2023:08:56:11 +0800] "GET /xingrg/all/common/auto_word.html?type=base&rest_code=00105 HTTP/1.1" 200 1907
101.83.145.37 - - [13/Sep/2023:08:56:11 +0800] "GET /xingrg/javascript/easyui/themes/default/validatebox.css HTTP/1.1" 404 1104
101.83.145.37 - - [13/Sep/2023:08:56:11 +0800] "POST /xingrg/kc/base/wldb_order_operate.html HTTP/1.1" 200 6806
101.83.145.37 - - [13/Sep/2023:08:56:18 +0800] "GET /xingrg/kc/base/wldb_order_operate.html?command=get_materiel&rest_code=00105&base_code=0010515&code=00101008500 HTTP/1.1" 200 441
101.83.145.37 - - [13/Sep/2023:08:56:18 +0800] "GET /xingrg/all/function/internal_message.html?_=1694566578548&CODE_STATE=getMsg HTTP/1.1" 200 27
180.174.205.229 - - [13/Sep/2023:08:56:25 +0800] "GET /xingrg/all/function/internal_message.html?_=1694566584497&CODE_STATE=getMsg HTTP/1.1" 200 27
116.232.195.127 - - [13/Sep/2023:08:56:28 +0800] "GET /xingrg/all/function/internal_message.html?_=1694566588955&CODE_STATE=getMsg HTTP/1.1" 302 -
124.79.246.190 - - [13/Sep/2023:08:56:28 +0800] "GET /xingrg/all/function/internal_message.html?_=1694566884837&CODE_STATE=getMsg HTTP/1.1" 200 27
218.81.69.69 - - [13/Sep/2023:08:56:30 +0800] "GET /xingrg/check_reg.html?_=1694566590917 HTTP/1.1" 200 22
222.70.107.27 - - [13/Sep/2023:08:56:32 +0800] "GET /xingrg/all/function/internal_message.html?_=1694566594343&CODE_STATE=getMsg HTTP/1.1" 200 27
218.81.69.69 - - [13/Sep/2023:08:56:33 +0800] "GET /xingrg/kc/mdqp/qp_main.html HTTP/1.1" 200 10633
180.169.147.146 - - [13/Sep/2023:08:56:35 +0800] "GET /xingrg/all/function/internal_message.html?_=1694566598425&CODE_STATE=getMsg HTTP/1.1" 200 27
218.81.69.69 - - [13/Sep/2023:08:56:35 +0800] "GET /xingrg/kc/mdqp/qqps_order_list.html HTTP/1.1" 200 9222
218.81.69.69 - - [13/Sep/2023:08:56:35 +0800] "GET /xingrg/dwr/interface/AjaxQqpsService.js HTTP/1.1" 200 16326
218.81.69.69 - - [13/Sep/2023:08:56:35 +0800] "GET /xingrg/dwr/interface/AjaxReportQueryService.js HTTP/1.1" 200 13203
218.81.69.69 - - [13/Sep/2023:08:56:35 +0800] "GET /xingrg/dwr/engine.js HTTP/1.1" 200 43631
218.81.69.69 - - [13/Sep/2023:08:56:35 +0800] "GET /xingrg/dwr/util.js HTTP/1.1" 304 -
218.81.69.69 - - [13/Sep/2023:08:56:37 +0800] "GET /xingrg/kc/mdqp/qqps_order_add.html HTTP/1.1" 200 28300
218.81.69.69 - - [13/Sep/2023:08:56:37 +0800] "GET /xingrg/dwr/interface/AjaxComOrderService.js HTTP/1.1" 200 18264
218.81.69.69 - - [13/Sep/2023:08:56:37 +0800] "GET /xingrg/dwr/interface/AjaxQqpsService.js HTTP/1.1" 200 16326
218.81.69.69 - - [13/Sep/2023:08:56:37 +0800] "GET /xingrg/dwr/engine.js HTTP/1.1" 200 43631
218.81.69.69 - - [13/Sep/2023:08:56:37 +0800] "GET /xingrg/words/20230912174116_words.js HTTP/1.1" 304 -
101.83.145.37 - - [13/Sep/2023:08:56:39 +0800] "GET /xingrg/kc/base/wldb_order_operate.html?command=get_materiel&rest_code=00105&base_code=0010515&code=00101013115 HTTP/1.1" 200 434
114.95.241.104 - - [13/Sep/2023:08:56:40 +0800] "GET /xingrg/all/function/internal_message.html?_=1694566482524&CODE_STATE=getMsg HTTP/1.1" 200 27
222.70.180.200 - - [13/Sep/2023:08:56:41 +0800] "GET /xingrg/all/function/internal_message.html?_=1694566601703&CODE_STATE=getMsg HTTP/1.1" 200 27
58.40.7.146 - - [13/Sep/2023:08:56:42 +0800] "GET /xingrg/all/function/internal_message.html?_=1694566601891&CODE_STATE=getMsg HTTP/1.1" 200 27
218.81.69.69 - - [13/Sep/2023:08:56:49 +0800] "POST /xingrg/dwr/call/plaincall/AjaxQqpsService.saveOrder.dwr HTTP/1.1" 200 78
101.83.145.37 - - [13/Sep/2023:08:56:49 +0800] "GET /xingrg/kc/base/wldb_order_operate.html?command=get_materiel&rest_code=00105&base_code=0010512&code=00102005099 HTTP/1.1" 200 438
101.83.145.37 - - [13/Sep/2023:08:56:54 +0800] "GET /xingrg/check_reg.html?_=1694566404532 HTTP/1.1" 200 22
101.83.145.37 - - [13/Sep/2023:08:56:54 +0800] "GET /xingrg/all/function/internal_message.html?_=1694566404801&CODE_STATE=getMsg HTTP/1.1" 200 27
114.95.241.104 - - [13/Sep/2023:08:56:56 +0800] "GET /xingrg/all/function/internal_message.html?_=1694566615322&CODE_STATE=getMsg HTTP/1.1" 200 27
101.83.145.37 - - [13/Sep/2023:08:56:59 +0800] "POST /xingrg/kc/base/wldb_order_operate.html HTTP/1.1" 200 37
101.83.145.37 - - [13/Sep/2023:08:57:01 +0800] "POST /xingrg/kc/base/wldb_order_operate.html HTTP/1.1" 200 2187
101.83.145.37 - - [13/Sep/2023:08:57:03 +0800] "GET /xingrg/kc/base/wldb_order_info.html?code=422023091301211 HTTP/1.1" 200 30471
101.83.145.37 - - [13/Sep/2023:08:57:04 +0800] "GET /xingrg/javascript/easyui/themes/default/validatebox.css HTTP/1.1" 404 1104
116.232.195.127 - - [13/Sep/2023:08:57:04 +0800] "GET /xingrg/all/function/internal_message.html?_=1694566500407&CODE_STATE=getMsg HTTP/1.1" 200 27
101.83.145.37 - - [13/Sep/2023:08:57:04 +0800] "GET /xingrg/kc/base/wldb_order_operate.html?command=get_materiel&rest_code=00105&base_code=0010515&code=00101019750 HTTP/1.1" 200 456
116.232.195.127 - - [13/Sep/2023:08:57:04 +0800] "GET /xingrg/all/function/internal_message.html?_=1694566500950&CODE_STATE=getMsg HTTP/1.1" 200 27
101.83.145.37 - - [13/Sep/2023:08:57:05 +0800] "POST /xingrg/kc/base/wldb_order_operate.html HTTP/1.1" 200 2187
101.83.145.37 - - [13/Sep/2023:08:57:12 +0800] "GET /xingrg/kc/base/wldb_order_add.html HTTP/1.1" 200 30457
218.81.69.69 - - [13/Sep/2023:08:57:12 +0800] "POST /xingrg/dwr/call/plaincall/AjaxQqpsService.getMaterielByCode.dwr HTTP/1.1" 200 2711
101.83.145.37 - - [13/Sep/2023:08:57:12 +0800] "GET /xingrg/javascript/easyui/themes/default/validatebox.css HTTP/1.1" 404 1104
101.83.145.37 - - [13/Sep/2023:08:57:12 +0800] "POST /xingrg/kc/base/wldb_order_operate.html HTTP/1.1" 200 6806
218.81.69.69 - - [13/Sep/2023:08:57:16 +0800] "POST /xingrg/dwr/call/plaincall/AjaxQqpsService.saveMaterielItem.dwr HTTP/1.1" 200 78
101.83.145.37 - - [13/Sep/2023:08:57:18 +0800] "GET /xingrg/all/function/internal_message.html?_=1694566638487&CODE_STATE=getMsg HTTP/1.1" 200 27
101.83.145.37 - - [13/Sep/2023:08:57:18 +0800] "GET /xingrg/check_reg.html?_=1694566638565 HTTP/1.1" 200 22
180.174.205.229 - - [13/Sep/2023:08:57:25 +0800] "GET /xingrg/all/function/internal_message.html?_=1694566644507&CODE_STATE=getMsg HTTP/1.1" 200 27
116.232.195.127 - - [13/Sep/2023:08:57:28 +0800] "GET /xingrg/check_reg.html?_=1694566648979 HTTP/1.1" 302 -
116.232.195.127 - - [13/Sep/2023:08:57:28 +0800] "GET /xingrg/all/function/internal_message.html?_=1694566648975&CODE_STATE=getMsg HTTP/1.1" 302 -
124.79.246.190 - - [13/Sep/2023:08:57:28 +0800] "GET /xingrg/all/function/internal_message.html?_=1694566944835&CODE_STATE=getMsg HTTP/1.1" 200 27
101.83.145.37 - - [13/Sep/2023:08:57:29 +0800] "GET /xingrg/kc/base/wldb_order_operate.html?command=get_materiel&rest_code=00105&base_code=0010524&code=00101030019 HTTP/1.1" 200 433
222.70.107.27 - - [13/Sep/2023:08:57:32 +0800] "GET /xingrg/all/function/internal_message.html?_=1694566654342&CODE_STATE=getMsg HTTP/1.1" 200 27
180.169.147.146 - - [13/Sep/2023:08:57:35 +0800] "GET /xingrg/all/function/internal_message.html?_=1694566658454&CODE_STATE=getMsg HTTP/1.1" 200 27
101.83.145.37 - - [13/Sep/2023:08:57:36 +0800] "POST /xingrg/kc/base/wldb_order_operate.html HTTP/1.1" 200 37
101.83.145.37 - - [13/Sep/2023:08:57:38 +0800] "POST /xingrg/kc/base/wldb_order_operate.html HTTP/1.1" 200 2182
218.81.69.69 - - [13/Sep/2023:08:57:39 +0800] "POST /xingrg/dwr/call/plaincall/AjaxQqpsService.getMaterielByCode.dwr HTTP/1.1" 200 2734
101.83.145.37 - - [13/Sep/2023:08:57:39 +0800] "GET /xingrg/kc/base/wldb_order_info.html?code=422023091301212 HTTP/1.1" 200 30467
101.83.145.37 - - [13/Sep/2023:08:57:39 +0800] "GET /xingrg/javascript/easyui/themes/default/validatebox.css HTTP/1.1" 404 1104
114.95.241.104 - - [13/Sep/2023:08:57:40 +0800] "GET /xingrg/all/function/internal_message.html?_=1694566542700&CODE_STATE=getMsg HTTP/1.1" 200 27
218.81.69.69 - - [13/Sep/2023:08:57:41 +0800] "POST /xingrg/dwr/call/plaincall/AjaxQqpsService.saveMaterielItem.dwr HTTP/1.1" 200 78
101.83.145.37 - - [13/Sep/2023:08:57:41 +0800] "POST /xingrg/kc/base/wldb_order_operate.html HTTP/1.1" 200 2182
222.70.180.200 - - [13/Sep/2023:08:57:41 +0800] "GET /xingrg/all/function/internal_message.html?_=1694566661709&CODE_STATE=getMsg HTTP/1.1" 200 27
58.40.7.146 - - [13/Sep/2023:08:57:43 +0800] "GET /xingrg/all/function/internal_message.html?_=1694566662560&CODE_STATE=getMsg HTTP/1.1" 200 27
101.83.145.37 - - [13/Sep/2023:08:57:43 +0800] "GET /xingrg/kc/base/wldb_order_add.html HTTP/1.1" 200 30457
101.83.145.37 - - [13/Sep/2023:08:57:44 +0800] "POST /xingrg/kc/base/wldb_order_operate.html HTTP/1.1" 200 6806
101.83.145.37 - - [13/Sep/2023:08:57:44 +0800] "GET /xingrg/javascript/easyui/themes/default/validatebox.css HTTP/1.1" 404 1104
218.81.69.69 - - [13/Sep/2023:08:57:44 +0800] "POST /xingrg/dwr/call/plaincall/AjaxQqpsService.getMaterielByCode.dwr HTTP/1.1" 200 2742
114.95.241.104 - - [13/Sep/2023:08:57:46 +0800] "GET /xingrg/check_reg.html?_=1694566548965 HTTP/1.1" 200 22
218.81.69.69 - - [13/Sep/2023:08:57:48 +0800] "POST /xingrg/dwr/call/plaincall/AjaxQqpsService.saveMaterielItem.dwr HTTP/1.1" 200 78
218.81.69.69 - - [13/Sep/2023:08:57:50 +0800] "POST /xingrg/dwr/call/plaincall/AjaxQqpsService.checkOrder.dwr HTTP/1.1" 200 78
101.83.145.37 - - [13/Sep/2023:08:57:54 +0800] "GET /xingrg/all/function/internal_message.html?_=1694566464780&CODE_STATE=getMsg HTTP/1.1" 200 27
218.81.69.69 - - [13/Sep/2023:08:57:55 +0800] "GET /xingrg/kc/mdqp/qqps_order_info.html?code=302023091300257 HTTP/1.1" 200 26701
218.81.69.69 - - [13/Sep/2023:08:57:55 +0800] "GET /xingrg/dwr/interface/AjaxComOrderService.js HTTP/1.1" 200 18264
218.81.69.69 - - [13/Sep/2023:08:57:55 +0800] "GET /xingrg/dwr/interface/AjaxQqpsService.js HTTP/1.1" 200 16326
218.81.69.69 - - [13/Sep/2023:08:57:55 +0800] "GET /xingrg/dwr/engine.js HTTP/1.1" 200 43631
114.95.241.104 - - [13/Sep/2023:08:57:56 +0800] "GET /xingrg/all/function/internal_message.html?_=1694566675325&CODE_STATE=getMsg HTTP/1.1" 200 27
218.81.69.69 - - [13/Sep/2023:08:57:57 +0800] "POST /xingrg/dwr/call/plaincall/AjaxQqpsService.loadMaterielItems.dwr HTTP/1.1" 200 977
101.83.145.37 - - [13/Sep/2023:08:57:58 +0800] "GET /xingrg/kc/base/wldb_order_operate.html?command=get_materiel&rest_code=00105&base_code=0010515&code=00101019812 HTTP/1.1" 200 465
101.83.145.37 - - [13/Sep/2023:08:57:58 +0800] "GET /xingrg/kc/base/wldb_order_operate.html?command=get_materiel&rest_code=00105&base_code=0010524&code=00101020351 HTTP/1.1" 200 453
120.253.135.82 - - [13/Sep/2023:08:58:00 +0800] "GET /xingrg/check_reg.html?_=1694566484838 HTTP/1.1" 200 22
116.232.195.127 - - [13/Sep/2023:08:58:04 +0800] "GET /xingrg/all/function/internal_message.html?_=1694566560419&CODE_STATE=getMsg HTTP/1.1" 200 27
116.232.195.127 - - [13/Sep/2023:08:58:04 +0800] "GET /xingrg/all/function/internal_message.html?_=1694566560938&CODE_STATE=getMsg HTTP/1.1" 200 27
101.83.145.37 - - [13/Sep/2023:08:58:09 +0800] "POST /xingrg/kc/base/wldb_order_operate.html HTTP/1.1" 200 37
101.83.145.37 - - [13/Sep/2023:08:58:10 +0800] "GET /xingrg/kc/base/wldb_order_info.html?code=422023091301213 HTTP/1.1" 200 30467
101.83.145.37 - - [13/Sep/2023:08:58:10 +0800] "POST /xingrg/kc/base/wldb_order_operate.html HTTP/1.1" 200 2196
101.83.145.37 - - [13/Sep/2023:08:58:10 +0800] "GET /xingrg/javascript/easyui/themes/default/validatebox.css HTTP/1.1" 404 1104
101.83.145.37 - - [13/Sep/2023:08:58:12 +0800] "POST /xingrg/kc/base/wldb_order_operate.html HTTP/1.1" 200 2196
101.83.145.37 - - [13/Sep/2023:08:58:18 +0800] "GET /xingrg/all/function/internal_message.html?_=1694566698460&CODE_STATE=getMsg HTTP/1.1" 200 27
101.83.145.37 - - [13/Sep/2023:08:58:18 +0800] "GET /xingrg/kc/buy/cgsh_order_list.html HTTP/1.1" 200 56534
101.83.145.37 - - [13/Sep/2023:08:58:24 +0800] "POST /xingrg/kc/buy/cgsh_list_operate.html HTTP/1.1" 200 2274
180.174.205.229 - - [13/Sep/2023:08:58:25 +0800] "GET /xingrg/all/function/internal_message.html?_=1694566704505&CODE_STATE=getMsg HTTP/1.1" 200 27
116.232.195.127 - - [13/Sep/2023:08:58:28 +0800] "GET /xingrg/all/function/internal_message.html?_=1694566708967&CODE_STATE=getMsg HTTP/1.1" 302 -
124.79.246.190 - - [13/Sep/2023:08:58:28 +0800] "GET /xingrg/all/function/internal_message.html?_=1694567004833&CODE_STATE=getMsg HTTP/1.1" 200 27
124.79.246.190 - - [13/Sep/2023:08:58:28 +0800] "GET /xingrg/check_reg.html?_=1694567004835 HTTP/1.1" 200 22
124.78.155.92 - - [13/Sep/2023:08:58:29 +0800] "GET /favicon.ico HTTP/1.1" 404 -
222.70.107.27 - - [13/Sep/2023:08:58:32 +0800] "GET /xingrg/all/function/internal_message.html?_=1694566714341&CODE_STATE=getMsg HTTP/1.1" 200 27
114.95.241.104 - - [13/Sep/2023:08:58:40 +0800] "GET /xingrg/all/function/internal_message.html?_=1694566602707&CODE_STATE=getMsg HTTP/1.1" 200 27
222.70.180.200 - - [13/Sep/2023:08:58:41 +0800] "GET /xingrg/all/function/internal_message.html?_=1694566721714&CODE_STATE=getMsg HTTP/1.1" 200 27
58.40.7.146 - - [13/Sep/2023:08:58:42 +0800] "GET /xingrg/check_reg.html?_=1694566722572 HTTP/1.1" 200 22
58.40.7.146 - - [13/Sep/2023:08:58:42 +0800] "GET /xingrg/all/function/internal_message.html?_=1694566722570&CODE_STATE=getMsg HTTP/1.1" 200 27
124.78.155.92 - - [13/Sep/2023:08:58:44 +0800] "GET /xingrg/login.html HTTP/1.1" 200 7641
124.78.155.92 - - [13/Sep/2023:08:58:46 +0800] "GET /favicon.ico HTTP/1.1" 404 -
124.78.155.92 - - [13/Sep/2023:08:58:48 +0800] "POST /xingrg/login.do HTTP/1.1" 302 -
124.78.155.92 - - [13/Sep/2023:08:58:49 +0800] "GET /xingrg/index.html?sysBaseUrl=http%3A%2F%2F180.169.147.146%3A18081%2Fxingrg%2F&costTime=802×tamp=1694566728958 HTTP/1.1" 200 17173
124.78.155.92 - - [13/Sep/2023:08:58:49 +0800] "GET /favicon.ico HTTP/1.1" 404 -
180.152.241.196 - - [13/Sep/2023:08:58:49 +0800] "GET /xingrg/check_reg.html?_=1694566730461 HTTP/1.1" 302 -
124.78.155.92 - - [13/Sep/2023:08:58:50 +0800] "POST /xingrg/all/common/load_tree.html?tree=area_rest_tree_json&manage=1 HTTP/1.1" 200 342
124.78.155.92 - - [13/Sep/2023:08:58:50 +0800] "GET /xingrg/all/function/internal_message.html?_=1694566729343&CODE_STATE=count HTTP/1.1" 200 11
124.78.155.92 - - [13/Sep/2023:08:58:50 +0800] "GET /xingrg/check_reg.html?_=1694566729344 HTTP/1.1" 200 22
124.78.155.92 - - [13/Sep/2023:08:58:51 +0800] "POST /xingrg/load_menu.html HTTP/1.1" 200 5138
101.83.145.37 - - [13/Sep/2023:08:58:54 +0800] "GET /xingrg/all/function/internal_message.html?_=1694566524765&CODE_STATE=getMsg HTTP/1.1" 200 27
124.78.155.92 - - [13/Sep/2023:08:58:54 +0800] "GET /xingrg/kc/buy/buy_main.html HTTP/1.1" 200 12412
124.78.155.92 - - [13/Sep/2023:08:58:54 +0800] "GET /xingrg/css/new_ie.css HTTP/1.1" 404 1036
124.78.155.92 - - [13/Sep/2023:08:58:56 +0800] "GET /xingrg/images/yd/bt.gif HTTP/1.1" 404 1040
114.95.241.104 - - [13/Sep/2023:08:58:56 +0800] "GET /xingrg/check_reg.html?_=1694566735317 HTTP/1.1" 200 22
114.95.241.104 - - [13/Sep/2023:08:58:56 +0800] "GET /xingrg/all/function/internal_message.html?_=1694566735327&CODE_STATE=getMsg HTTP/1.1" 200 27
124.78.155.92 - - [13/Sep/2023:08:58:57 +0800] "GET /xingrg/kc/buy/cgsh_order_list.html HTTP/1.1" 200 56534
124.78.155.92 - - [13/Sep/2023:08:59:00 +0800] "POST /xingrg/kc/buy/cgsh_list_operate.html HTTP/1.1" 200 986
116.232.195.127 - - [13/Sep/2023:08:59:04 +0800] "GET /xingrg/check_reg.html?_=1694566620412 HTTP/1.1" 200 22
116.232.195.127 - - [13/Sep/2023:08:59:04 +0800] "GET /xingrg/all/function/internal_message.html?_=1694566620414&CODE_STATE=getMsg HTTP/1.1" 200 27
116.232.195.127 - - [13/Sep/2023:08:59:04 +0800] "GET /xingrg/all/function/internal_message.html?_=1694566620918&CODE_STATE=getMsg HTTP/1.1" 200 27
124.78.155.92 - - [13/Sep/2023:08:59:08 +0800] "GET /xingrg/kc/mdqp/qp_main.html HTTP/1.1" 200 10633
124.78.155.92 - - [13/Sep/2023:08:59:09 +0800] "GET /xingrg/images/yd/bt.gif HTTP/1.1" 404 1040
124.78.155.92 - - [13/Sep/2023:08:59:10 +0800] "GET /xingrg/kc/mdqp/pssh_order_list.html HTTP/1.1" 200 17920
124.78.155.92 - - [13/Sep/2023:08:59:10 +0800] "POST /xingrg/kc/mdqp/pssh_list_operate.html HTTP/1.1" 200 5415
124.78.155.92 - - [13/Sep/2023:08:59:12 +0800] "POST /xingrg/kc/mdqp/pssh_list_operate.html HTTP/1.1" 200 759
124.78.155.92 - - [13/Sep/2023:08:59:13 +0800] "GET /xingrg/kc/mdqp/pssh_order_info.html?code=312023091100262 HTTP/1.1" 200 17297
124.78.155.92 - - [13/Sep/2023:08:59:13 +0800] "GET /xingrg/javascript/jquery_tools/jquery-1.4.2.min.js HTTP/1.1" 404 1094
124.78.155.92 - - [13/Sep/2023:08:59:13 +0800] "GET /xingrg/words/20230912174116_words.js HTTP/1.1" 200 985973
124.78.155.92 - - [13/Sep/2023:08:59:14 +0800] "GET /xingrg/javascript/easyui/themes/default/validatebox.css HTTP/1.1" 404 1104
124.78.155.92 - - [13/Sep/2023:08:59:14 +0800] "GET /xingrg/all/common/auto_word.html?type=base&rest_code=00106&rest_code=00106 HTTP/1.1" 200 1799
124.78.155.92 - - [13/Sep/2023:08:59:14 +0800] "POST /xingrg/kc/mdqp/pssh_order_operate.html HTTP/1.1" 200 10027
124.78.155.92 - - [13/Sep/2023:08:59:14 +0800] "GET /xingrg/all/common/auto_word.html?type=employee&rest_code=00106 HTTP/1.1" 200 205
101.83.145.37 - - [13/Sep/2023:08:59:15 +0800] "GET /xingrg/kc/base/wldb_order_operate.html?command=get_materiel&rest_code=00105&base_code=0010515&code=00101013067 HTTP/1.1" 200 435
114.83.222.222 - - [13/Sep/2023:08:59:16 +0800] "GET /xingrg/login.html HTTP/1.1" 200 7641
114.83.222.222 - - [13/Sep/2023:08:59:16 +0800] "GET /favicon.ico HTTP/1.1" 404 -
114.83.222.222 - - [13/Sep/2023:08:59:16 +0800] "GET /xingrg/login.html HTTP/1.1" 200 7641
124.78.155.92 - - [13/Sep/2023:08:59:17 +0800] "POST /xingrg/all/common/load_combo.html?type=employee HTTP/1.1" 200 365
114.83.222.222 - - [13/Sep/2023:08:59:17 +0800] "GET /favicon.ico HTTP/1.1" 404 -
116.232.195.127 - - [13/Sep/2023:08:59:18 +0800] "GET /xingrg/check_reg.html?_=1694566634316 HTTP/1.1" 200 22
101.83.145.37 - - [13/Sep/2023:08:59:18 +0800] "GET /xingrg/all/function/internal_message.html?_=1694566758429&CODE_STATE=getMsg HTTP/1.1" 200 27
124.78.155.92 - - [13/Sep/2023:08:59:21 +0800] "POST /xingrg/kc/mdqp/pssh_order_operate.html HTTP/1.1" 200 37
180.174.205.229 - - [13/Sep/2023:08:59:25 +0800] "GET /xingrg/all/function/internal_message.html?_=1694566764507&CODE_STATE=getMsg HTTP/1.1" 200 27
124.78.155.92 - - [13/Sep/2023:08:59:26 +0800] "POST /xingrg/kc/mdqp/pssh_order_operate.html HTTP/1.1" 200 12
114.83.222.222 - - [13/Sep/2023:08:59:26 +0800] "POST /xingrg/login.do HTTP/1.1" 302 -
114.83.222.222 - - [13/Sep/2023:08:59:26 +0800] "GET /xingrg/index.html?sysBaseUrl=http%3A%2F%2F180.169.147.146%3A18081%2Fxingrg%2F&costTime=1788×tamp=1694566766208 HTTP/1.1" 200 17179
114.83.222.222 - - [13/Sep/2023:08:59:26 +0800] "GET /favicon.ico HTTP/1.1" 404 -
114.83.222.222 - - [13/Sep/2023:08:59:26 +0800] "POST /xingrg/all/common/load_tree.html?tree=area_rest_tree_json&manage=1 HTTP/1.1" 200 351
114.83.222.222 - - [13/Sep/2023:08:59:26 +0800] "GET /xingrg/check_reg.html?_=1694566765281 HTTP/1.1" 200 22
114.83.222.222 - - [13/Sep/2023:08:59:26 +0800] "GET /xingrg/all/function/internal_message.html?_=1694566765280&CODE_STATE=count HTTP/1.1" 200 11
114.83.222.222 - - [13/Sep/2023:08:59:26 +0800] "POST /xingrg/load_menu.html HTTP/1.1" 200 5138
116.232.195.127 - - [13/Sep/2023:08:59:28 +0800] "GET /xingrg/all/function/internal_message.html?_=1694566768956&CODE_STATE=getMsg HTTP/1.1" 302 -
124.78.155.92 - - [13/Sep/2023:08:59:28 +0800] "GET /xingrg/kc/mdqp/pssh_order_info.html?code=312023091100262 HTTP/1.1" 200 14390
124.78.155.92 - - [13/Sep/2023:08:59:28 +0800] "GET /xingrg/javascript/jquery_tools/jquery-1.4.2.min.js HTTP/1.1" 404 1094
124.78.155.92 - - [13/Sep/2023:08:59:28 +0800] "GET /xingrg/javascript/easyui/themes/default/validatebox.css HTTP/1.1" 404 1104
124.78.155.92 - - [13/Sep/2023:08:59:28 +0800] "POST /xingrg/kc/mdqp/pssh_order_operate.html HTTP/1.1" 200 10027
124.79.246.190 - - [13/Sep/2023:08:59:28 +0800] "GET /xingrg/all/function/internal_message.html?_=1694567064924&CODE_STATE=getMsg HTTP/1.1" 200 27
101.83.145.37 - - [13/Sep/2023:08:59:29 +0800] "POST /xingrg/kc/buy/cgsh_list_operate.html HTTP/1.1" 200 4132
124.78.155.92 - - [13/Sep/2023:08:59:30 +0800] "GET /xingrg/kc/print/load_config.html?kc_code=pssh HTTP/1.1" 200 2368
124.78.155.92 - - [13/Sep/2023:08:59:30 +0800] "GET /xingrg/kc/print/load_data.html?order_code=312023091100262&kc_code=pssh&condition= HTTP/1.1" 200 3910
222.70.107.27 - - [13/Sep/2023:08:59:32 +0800] "GET /xingrg/check_reg.html?_=1694566774341 HTTP/1.1" 200 22
222.70.107.27 - - [13/Sep/2023:08:59:32 +0800] "GET /xingrg/all/function/internal_message.html?_=1694566774343&CODE_STATE=getMsg HTTP/1.1" 200 27
101.83.145.37 - - [13/Sep/2023:08:59:35 +0800] "POST /xingrg/kc/base/wldb_order_operate.html HTTP/1.1" 200 37
101.83.145.37 - - [13/Sep/2023:08:59:36 +0800] "POST /xingrg/kc/base/wldb_order_operate.html HTTP/1.1" 200 4117
114.83.222.222 - - [13/Sep/2023:08:59:37 +0800] "GET /xingrg/kc/buy/cgsh_order_list.html HTTP/1.1" 200 56540
101.83.145.37 - - [13/Sep/2023:08:59:38 +0800] "GET /xingrg/kc/base/wldb_order_info.html?code=422023091301214 HTTP/1.1" 200 30467
101.83.145.37 - - [13/Sep/2023:08:59:38 +0800] "GET /xingrg/javascript/easyui/themes/default/validatebox.css HTTP/1.1" 404 1104
101.83.145.37 - - [13/Sep/2023:08:59:39 +0800] "POST /xingrg/kc/base/wldb_order_operate.html HTTP/1.1" 200 4117
114.83.222.222 - - [13/Sep/2023:08:59:40 +0800] "POST /xingrg/kc/buy/cgsh_list_operate.html HTTP/1.1" 200 986
114.95.241.104 - - [13/Sep/2023:08:59:40 +0800] "GET /xingrg/all/function/internal_message.html?_=1694566662722&CODE_STATE=getMsg HTTP/1.1" 200 27
222.70.180.200 - - [13/Sep/2023:08:59:41 +0800] "GET /xingrg/all/function/internal_message.html?_=1694566781704&CODE_STATE=getMsg HTTP/1.1" 200 27
58.40.7.146 - - [13/Sep/2023:08:59:42 +0800] "GET /xingrg/all/function/internal_message.html?_=1694566782596&CODE_STATE=getMsg HTTP/1.1" 200 27
124.78.155.92 - - [13/Sep/2023:08:59:43 +0800] "POST /xingrg/kc/mdqp/pssh_list_operate.html HTTP/1.1" 200 449
124.78.155.92 - - [13/Sep/2023:08:59:45 +0800] "GET /xingrg/kc/mdqp/pssh_order_info.html?code=312023090900213 HTTP/1.1" 200 17266
124.78.155.92 - - [13/Sep/2023:08:59:45 +0800] "GET /xingrg/javascript/jquery_tools/jquery-1.4.2.min.js HTTP/1.1" 404 1094
124.78.155.92 - - [13/Sep/2023:08:59:45 +0800] "GET /xingrg/javascript/easyui/themes/default/validatebox.css HTTP/1.1" 404 1104
124.78.155.92 - - [13/Sep/2023:08:59:45 +0800] "POST /xingrg/kc/mdqp/pssh_order_operate.html HTTP/1.1" 200 1543
124.78.155.92 - - [13/Sep/2023:08:59:46 +0800] "POST /xingrg/all/common/load_combo.html?type=base&rest_code=00106 HTTP/1.1" 200 3227
101.83.145.37 - - [13/Sep/2023:08:59:47 +0800] "POST /xingrg/kc/buy/cgsh_list_operate.html HTTP/1.1" 200 348
124.78.155.92 - - [13/Sep/2023:08:59:49 +0800] "POST /xingrg/all/common/load_combo.html?type=employee HTTP/1.1" 200 365
180.163.29.217 - - [13/Sep/2023:08:59:50 +0800] "GET /xingrg/all/function/internal_message.html?_=1694566729343&CODE_STATE=count HTTP/1.1" 302 -
180.163.30.100 - - [13/Sep/2023:08:59:50 +0800] "GET /xingrg/check_reg.html?_=1694566729344 HTTP/1.1" 302 -
180.163.29.217 - - [13/Sep/2023:08:59:50 +0800] "GET /xingrg/login.html HTTP/1.1" 200 7641
180.163.30.100 - - [13/Sep/2023:08:59:50 +0800] "GET /xingrg/login.html HTTP/1.1" 200 7641
124.78.155.92 - - [13/Sep/2023:08:59:50 +0800] "GET /xingrg/all/function/internal_message.html?_=1694566789355&CODE_STATE=getMsg HTTP/1.1" 200 27
101.83.145.37 - - [13/Sep/2023:08:59:52 +0800] "GET /xingrg/kc/base/wldb_order_add.html HTTP/1.1" 200 30457
101.83.145.37 - - [13/Sep/2023:08:59:53 +0800] "POST /xingrg/kc/base/wldb_order_operate.html HTTP/1.1" 200 6806
101.83.145.37 - - [13/Sep/2023:08:59:53 +0800] "GET /xingrg/javascript/easyui/themes/default/validatebox.css HTTP/1.1" 404 1104
124.78.155.92 - - [13/Sep/2023:08:59:53 +0800] "POST /xingrg/kc/mdqp/pssh_order_operate.html HTTP/1.1" 200 37
101.83.145.37 - - [13/Sep/2023:08:59:54 +0800] "GET /xingrg/all/function/internal_message.html?_=1694566584744&CODE_STATE=getMsg HTTP/1.1" 200 27
180.163.28.143 - - [13/Sep/2023:08:59:54 +0800] "GET /xingrg/kc/buy/buy_main.html HTTP/1.1" 302 -
180.163.28.143 - - [13/Sep/2023:08:59:54 +0800] "GET /xingrg/login.html HTTP/1.1" 200 7641
124.78.155.92 - - [13/Sep/2023:08:59:54 +0800] "POST /xingrg/kc/mdqp/pssh_order_operate.html HTTP/1.1" 200 125
114.95.241.104 - - [13/Sep/2023:08:59:56 +0800] "GET /xingrg/all/function/internal_message.html?_=1694566795327&CODE_STATE=getMsg HTTP/1.1" 200 27
116.232.195.127 - - [13/Sep/2023:09:00:04 +0800] "GET /xingrg/all/function/internal_message.html?_=1694566680399&CODE_STATE=getMsg HTTP/1.1" 200 27
116.232.195.127 - - [13/Sep/2023:09:00:04 +0800] "GET /xingrg/all/function/internal_message.html?_=1694566680909&CODE_STATE=getMsg HTTP/1.1" 200 27
180.163.28.114 - - [13/Sep/2023:09:00:10 +0800] "GET /xingrg/kc/mdqp/pssh_order_list.html HTTP/1.1" 302 -
180.163.28.114 - - [13/Sep/2023:09:00:10 +0800] "GET /xingrg/login.html HTTP/1.1" 200 7641
222.70.180.200 - - [13/Sep/2023:09:00:13 +0800] "GET /xingrg/javascript/easyui/themes/default/images/button_plain_hover.png HTTP/1.1" 304 -
101.83.145.37 - - [13/Sep/2023:09:00:18 +0800] "GET /xingrg/all/function/internal_message.html?_=1694566818420&CODE_STATE=getMsg HTTP/1.1" 200 27
180.174.205.229 - - [13/Sep/2023:09:00:25 +0800] "GET /xingrg/check_reg.html?_=1694566824507 HTTP/1.1" 200 22
180.174.205.229 - - [13/Sep/2023:09:00:25 +0800] "GET /xingrg/all/function/internal_message.html?_=1694566824508&CODE_STATE=getMsg HTTP/1.1" 200 27
114.83.222.222 - - [13/Sep/2023:09:00:26 +0800] "GET /xingrg/all/function/internal_message.html?_=1694566825299&CODE_STATE=getMsg HTTP/1.1" 200 27
101.83.145.37 - - [13/Sep/2023:09:00:27 +0800] "GET /xingrg/kc/base/wldb_order_operate.html?command=get_materiel&rest_code=00105&base_code=0010515&code=00101008130 HTTP/1.1" 200 432
116.232.195.127 - - [13/Sep/2023:09:00:28 +0800] "GET /xingrg/all/function/internal_message.html?_=1694566828962&CODE_STATE=getMsg HTTP/1.1" 302 -
124.79.246.190 - - [13/Sep/2023:09:00:28 +0800] "GET /xingrg/all/function/internal_message.html?_=1694567124930&CODE_STATE=getMsg HTTP/1.1" 200 27
180.163.29.79 - - [13/Sep/2023:09:00:30 +0800] "GET /xingrg/kc/print/load_data.html?order_code=312023091100262&kc_code=pssh&condition= HTTP/1.1" 302 -
180.163.29.79 - - [13/Sep/2023:09:00:30 +0800] "GET /xingrg/kc/print/load_config.html?kc_code=pssh HTTP/1.1" 302 -
180.163.29.79 - - [13/Sep/2023:09:00:30 +0800] "GET /xingrg/login.html HTTP/1.1" 200 7641
180.163.29.79 - - [13/Sep/2023:09:00:30 +0800] "GET /xingrg/login.html HTTP/1.1" 200 7641
222.70.107.27 - - [13/Sep/2023:09:00:32 +0800] "GET /xingrg/all/function/internal_message.html?_=1694566834341&CODE_STATE=getMsg HTTP/1.1" 200 27
114.95.241.104 - - [13/Sep/2023:09:00:40 +0800] "GET /xingrg/all/function/internal_message.html?_=1694566722861&CODE_STATE=getMsg HTTP/1.1" 200 27
222.70.180.200 - - [13/Sep/2023:09:00:41 +0800] "GET /xingrg/all/function/internal_message.html?_=1694566841714&CODE_STATE=getMsg HTTP/1.1" 200 27
222.70.180.200 - - [13/Sep/2023:09:00:41 +0800] "GET /xingrg/check_reg.html?_=1694566841718 HTTP/1.1" 200 22
58.40.7.146 - - [13/Sep/2023:09:00:43 +0800] "GET /xingrg/all/function/internal_message.html?_=1694566842904&CODE_STATE=getMsg HTTP/1.1" 200 27
124.78.155.92 - - [13/Sep/2023:09:00:50 +0800] "GET /xingrg/all/function/internal_message.html?_=1694566849348&CODE_STATE=getMsg HTTP/1.1" 200 27
101.83.145.37 - - [13/Sep/2023:09:00:52 +0800] "GET /xingrg/kc/base/wldb_order_operate.html?command=get_materiel&rest_code=00105&base_code=0010515&code=00101013073 HTTP/1.1" 200 434
101.83.145.37 - - [13/Sep/2023:09:00:54 +0800] "GET /xingrg/all/function/internal_message.html?_=1694566644726&CODE_STATE=getMsg HTTP/1.1" 200 27
114.95.241.104 - - [13/Sep/2023:09:00:56 +0800] "GET /xingrg/all/function/internal_message.html?_=1694566855336&CODE_STATE=getMsg HTTP/1.1" 200 27
114.95.241.104 - - [13/Sep/2023:09:00:57 +0800] "GET /xingrg/kc/buy/cgsh_order_list.html HTTP/1.1" 200 56538
114.95.241.104 - - [13/Sep/2023:09:00:59 +0800] "POST /xingrg/kc/buy/cgsh_list_operate.html HTTP/1.1" 200 986
114.95.241.104 - - [13/Sep/2023:09:01:01 +0800] "GET /xingrg/javascript/jquery_tools/images/prev.gif HTTP/1.1" 404 1086
114.95.241.104 - - [13/Sep/2023:09:01:01 +0800] "GET /xingrg/javascript/jquery_tools/images/next.gif HTTP/1.1" 404 1086
116.232.195.127 - - [13/Sep/2023:09:01:04 +0800] "GET /xingrg/all/function/internal_message.html?_=1694566740411&CODE_STATE=getMsg HTTP/1.1" 200 27
116.232.195.127 - - [13/Sep/2023:09:01:04 +0800] "GET /xingrg/all/function/internal_message.html?_=1694566740896&CODE_STATE=getMsg HTTP/1.1" 200 27
114.95.241.104 - - [13/Sep/2023:09:01:08 +0800] "POST /xingrg/kc/buy/cgsh_list_operate.html HTTP/1.1" 200 2327
114.95.241.104 - - [13/Sep/2023:09:01:10 +0800] "POST /xingrg/kc/buy/cgsh_list_operate.html HTTP/1.1" 200 509
114.95.241.104 - - [13/Sep/2023:09:01:12 +0800] "GET /xingrg/kc/buy/cgsh_order_info.html?code=212023091304904 HTTP/1.1" 200 66813
114.95.241.104 - - [13/Sep/2023:09:01:13 +0800] "GET /xingrg/javascript/easyui/themes/default/validatebox.css HTTP/1.1" 404 1104
218.81.69.69 - - [13/Sep/2023:09:01:13 +0800] "POST /xingrg/dwr/call/plaincall/AjaxQqpsService.uncheckOrder.dwr HTTP/1.1" 200 78
114.95.241.104 - - [13/Sep/2023:09:01:14 +0800] "POST /xingrg/kc/buy/cgsh_order_operate.html HTTP/1.1" 200 3011
218.81.69.69 - - [13/Sep/2023:09:01:14 +0800] "GET /xingrg/kc/mdqp/qqps_order_info.html?code=302023091300257 HTTP/1.1" 200 28462
218.81.69.69 - - [13/Sep/2023:09:01:14 +0800] "GET /xingrg/javascript/jquery-1.4.2.min.js HTTP/1.1" 304 -
218.81.69.69 - - [13/Sep/2023:09:01:14 +0800] "GET /xingrg/javascript/auto/jquery.autocomplete.js HTTP/1.1" 304 -
218.81.69.69 - - [13/Sep/2023:09:01:14 +0800] "GET /xingrg/css/blue.css HTTP/1.1" 304 -
218.81.69.69 - - [13/Sep/2023:09:01:14 +0800] "GET /xingrg/javascript/jquery_easy_ui/themes/icon.css HTTP/1.1" 304 -
218.81.69.69 - - [13/Sep/2023:09:01:14 +0800] "GET /xingrg/javascript/auto/jquery.autocomplete.css HTTP/1.1" 304 -
218.81.69.69 - - [13/Sep/2023:09:01:14 +0800] "GET /xingrg/javascript/jquery_easy_ui/jquery.easyui.min.js HTTP/1.1" 304 -
218.81.69.69 - - [13/Sep/2023:09:01:14 +0800] "GET /xingrg/javascript/tools/jquery.qtip-1.0.0-rc3.min.js HTTP/1.1" 304 -
218.81.69.69 - - [13/Sep/2023:09:01:14 +0800] "GET /xingrg/javascript/jquery_easy_ui/easyui-lang-zh_CN.js HTTP/1.1" 304 -
218.81.69.69 - - [13/Sep/2023:09:01:14 +0800] "GET /xingrg/javascript/jquery.utils.js HTTP/1.1" 304 -
218.81.69.69 - - [13/Sep/2023:09:01:14 +0800] "GET /xingrg/javascript/pic_change.js HTTP/1.1" 304 -
218.81.69.69 - - [13/Sep/2023:09:01:14 +0800] "GET /xingrg/dwr/interface/AjaxQqpsService.js HTTP/1.1" 200 16326
218.81.69.69 - - [13/Sep/2023:09:01:14 +0800] "GET /xingrg/dwr/interface/AjaxComOrderService.js HTTP/1.1" 200 18264
218.81.69.69 - - [13/Sep/2023:09:01:14 +0800] "GET /xingrg/dwr/engine.js HTTP/1.1" 200 43631
218.81.69.69 - - [13/Sep/2023:09:01:14 +0800] "GET /xingrg/dwr/util.js HTTP/1.1" 304 -
218.81.69.69 - - [13/Sep/2023:09:01:14 +0800] "GET /xingrg/javascript/Calendar.js HTTP/1.1" 304 -
218.81.69.69 - - [13/Sep/2023:09:01:14 +0800] "GET /xingrg/javascript/myfunction.js HTTP/1.1" 304 -
218.81.69.69 - - [13/Sep/2023:09:01:14 +0800] "GET /xingrg/javascript/jquery_easy_ui/themes/icon.css HTTP/1.1" 304 -
218.81.69.69 - - [13/Sep/2023:09:01:14 +0800] "GET /xingrg/javascript/jquery_easy_ui/themes/default/easyui.css HTTP/1.1" 304 -
218.81.69.69 - - [13/Sep/2023:09:01:14 +0800] "GET /xingrg/javascript/AjaxInfoList.js HTTP/1.1" 304 -
218.81.69.69 - - [13/Sep/2023:09:01:14 +0800] "GET /xingrg/javascript/Grid.js HTTP/1.1" 304 -
218.81.69.69 - - [13/Sep/2023:09:01:14 +0800] "GET /xingrg/javascript/ToolTips.js HTTP/1.1" 304 -
218.81.69.69 - - [13/Sep/2023:09:01:14 +0800] "GET /xingrg/javascript/print/kc_print.js HTTP/1.1" 304 -
218.81.69.69 - - [13/Sep/2023:09:01:14 +0800] "GET /xingrg/javascript/print/LodopFuncs.js HTTP/1.1" 304 -
218.81.69.69 - - [13/Sep/2023:09:01:14 +0800] "GET /xingrg/words/20230912174116_words.js HTTP/1.1" 304 -
218.81.69.69 - - [13/Sep/2023:09:01:15 +0800] "GET /xingrg/images/blue/button/kc_tab_add.gif HTTP/1.1" 304 -
218.81.69.69 - - [13/Sep/2023:09:01:15 +0800] "GET /xingrg/images/blue/button/kc_tab_edit.gif HTTP/1.1" 304 -
218.81.69.69 - - [13/Sep/2023:09:01:15 +0800] "GET /xingrg/images/blue/button/kc_tab_save.gif HTTP/1.1" 304 -
218.81.69.69 - - [13/Sep/2023:09:01:15 +0800] "GET /xingrg/images/blue/button/kc_tab_del.gif HTTP/1.1" 304 -
218.81.69.69 - - [13/Sep/2023:09:01:15 +0800] "GET /xingrg/images/blue/wait.gif HTTP/1.1" 304 -
218.81.69.69 - - [13/Sep/2023:09:01:15 +0800] "POST /xingrg/dwr/call/plaincall/AjaxQqpsService.loadMaterielItems.dwr HTTP/1.1" 200 977
101.83.145.37 - - [13/Sep/2023:09:01:18 +0800] "GET /xingrg/all/function/internal_message.html?_=1694566878392&CODE_STATE=getMsg HTTP/1.1" 200 27
218.81.69.69 - - [13/Sep/2023:09:01:22 +0800] "GET /xingrg/javascript/auto/indicator.gif HTTP/1.1" 404 1066
180.174.205.229 - - [13/Sep/2023:09:01:25 +0800] "GET /xingrg/all/function/internal_message.html?_=1694566884508&CODE_STATE=getMsg HTTP/1.1" 200 27
218.81.69.69 - - [13/Sep/2023:09:01:26 +0800] "POST /xingrg/dwr/call/plaincall/AjaxQqpsService.getMaterielByCode.dwr HTTP/1.1" 200 2715
114.83.222.222 - - [13/Sep/2023:09:01:26 +0800] "GET /xingrg/all/function/internal_message.html?_=1694566885289&CODE_STATE=getMsg HTTP/1.1" 200 27
116.232.195.127 - - [13/Sep/2023:09:01:28 +0800] "GET /xingrg/all/function/internal_message.html?_=1694566888990&CODE_STATE=getMsg HTTP/1.1" 302 -
124.79.246.190 - - [13/Sep/2023:09:01:28 +0800] "GET /xingrg/all/function/internal_message.html?_=1694567184912&CODE_STATE=getMsg HTTP/1.1" 200 27
218.81.69.69 - - [13/Sep/2023:09:01:30 +0800] "GET /xingrg/check_reg.html?_=1694566890898 HTTP/1.1" 200 22
222.70.107.27 - - [13/Sep/2023:09:01:32 +0800] "GET /xingrg/all/function/internal_message.html?_=1694566894339&CODE_STATE=getMsg HTTP/1.1" 200 27
101.83.145.37 - - [13/Sep/2023:09:01:34 +0800] "GET /xingrg/kc/base/wldb_order_operate.html?command=get_materiel&rest_code=00105&base_code=0010515&code=00101019248 HTTP/1.1" 200 459
218.81.69.69 - - [13/Sep/2023:09:01:39 +0800] "GET /xingrg/images/yd/bt2.gif HTTP/1.1" 404 1042
218.81.69.69 - - [13/Sep/2023:09:01:40 +0800] "POST /xingrg/dwr/call/plaincall/AjaxQqpsService.saveMaterielItem.dwr HTTP/1.1" 200 78
114.95.241.104 - - [13/Sep/2023:09:01:40 +0800] "GET /xingrg/all/function/internal_message.html?_=1694566782873&CODE_STATE=getMsg HTTP/1.1" 200 27
222.70.180.200 - - [13/Sep/2023:09:01:41 +0800] "GET /xingrg/all/function/internal_message.html?_=1694566901703&CODE_STATE=getMsg HTTP/1.1" 200 27
58.40.7.146 - - [13/Sep/2023:09:01:43 +0800] "GET /xingrg/all/function/internal_message.html?_=1694566902915&CODE_STATE=getMsg HTTP/1.1" 200 27
218.81.69.69 - - [13/Sep/2023:09:01:43 +0800] "POST /xingrg/dwr/call/plaincall/AjaxQqpsService.checkOrder.dwr HTTP/1.1" 200 78
218.81.69.69 - - [13/Sep/2023:09:01:46 +0800] "GET /xingrg/kc/mdqp/qqps_order_info.html?code=302023091300257 HTTP/1.1" 200 26701
218.81.69.69 - - [13/Sep/2023:09:01:46 +0800] "GET /xingrg/dwr/interface/AjaxComOrderService.js HTTP/1.1" 200 18264
218.81.69.69 - - [13/Sep/2023:09:01:46 +0800] "GET /xingrg/dwr/interface/AjaxQqpsService.js HTTP/1.1" 200 16326
218.81.69.69 - - [13/Sep/2023:09:01:46 +0800] "GET /xingrg/dwr/engine.js HTTP/1.1" 200 43631
218.81.69.69 - - [13/Sep/2023:09:01:48 +0800] "POST /xingrg/dwr/call/plaincall/AjaxQqpsService.loadMaterielItems.dwr HTTP/1.1" 200 1286
180.163.29.234 - - [13/Sep/2023:09:01:50 +0800] "GET /xingrg/all/function/internal_message.html?_=1694566849348&CODE_STATE=getMsg HTTP/1.1" 302 -
180.163.29.234 - - [13/Sep/2023:09:01:50 +0800] "GET /xingrg/login.html HTTP/1.1" 200 7641
124.78.155.92 - - [13/Sep/2023:09:01:50 +0800] "GET /xingrg/all/function/internal_message.html?_=1694566909354&CODE_STATE=getMsg HTTP/1.1" 200 27
101.83.145.37 - - [13/Sep/2023:09:01:54 +0800] "GET /xingrg/check_reg.html?_=1694566704543 HTTP/1.1" 200 22
101.83.145.37 - - [13/Sep/2023:09:01:54 +0800] "GET /xingrg/all/function/internal_message.html?_=1694566704702&CODE_STATE=getMsg HTTP/1.1" 200 27
114.95.241.104 - - [13/Sep/2023:09:01:56 +0800] "GET /xingrg/all/function/internal_message.html?_=1694566915342&CODE_STATE=getMsg HTTP/1.1" 200 27
116.232.195.127 - - [13/Sep/2023:09:02:04 +0800] "GET /xingrg/all/function/internal_message.html?_=1694566800426&CODE_STATE=getMsg HTTP/1.1" 200 27
116.232.195.127 - - [13/Sep/2023:09:02:04 +0800] "GET /xingrg/all/function/internal_message.html?_=1694566800867&CODE_STATE=getMsg HTTP/1.1" 200 27
101.83.145.37 - - [13/Sep/2023:09:02:18 +0800] "GET /xingrg/all/function/internal_message.html?_=1694566938366&CODE_STATE=getMsg HTTP/1.1" 200 27
101.83.145.37 - - [13/Sep/2023:09:02:18 +0800] "GET /xingrg/check_reg.html?_=1694566938546 HTTP/1.1" 200 22
180.174.205.229 - - [13/Sep/2023:09:02:25 +0800] "GET /xingrg/all/function/internal_message.html?_=1694566944514&CODE_STATE=getMsg HTTP/1.1" 200 27
114.83.222.222 - - [13/Sep/2023:09:02:26 +0800] "GET /xingrg/all/function/internal_message.html?_=1694566945300&CODE_STATE=getMsg HTTP/1.1" 200 27
116.232.195.127 - - [13/Sep/2023:09:02:28 +0800] "GET /xingrg/check_reg.html?_=1694566948974 HTTP/1.1" 302 -
116.232.195.127 - - [13/Sep/2023:09:02:28 +0800] "GET /xingrg/all/function/internal_message.html?_=1694566948977&CODE_STATE=getMsg HTTP/1.1" 302 -
124.79.246.190 - - [13/Sep/2023:09:02:28 +0800] "GET /xingrg/all/function/internal_message.html?_=1694567244893&CODE_STATE=getMsg HTTP/1.1" 200 27
222.70.107.27 - - [13/Sep/2023:09:02:32 +0800] "GET /xingrg/all/function/internal_message.html?_=1694566954330&CODE_STATE=getMsg HTTP/1.1" 200 27
114.95.241.104 - - [13/Sep/2023:09:02:40 +0800] "GET /xingrg/all/function/internal_message.html?_=1694566843048&CODE_STATE=getMsg HTTP/1.1" 200 27
222.70.180.200 - - [13/Sep/2023:09:02:41 +0800] "GET /xingrg/all/function/internal_message.html?_=1694566961708&CODE_STATE=getMsg HTTP/1.1" 200 27
58.40.7.146 - - [13/Sep/2023:09:02:42 +0800] "GET /xingrg/all/function/internal_message.html?_=1694566962885&CODE_STATE=getMsg HTTP/1.1" 200 27
101.83.145.37 - - [13/Sep/2023:09:02:43 +0800] "POST /xingrg/kc/base/wldb_order_operate.html HTTP/1.1" 200 37
101.83.145.37 - - [13/Sep/2023:09:02:43 +0800] "POST /xingrg/kc/buy/cgsh_list_operate.html HTTP/1.1" 200 3683
101.83.145.37 - - [13/Sep/2023:09:02:44 +0800] "POST /xingrg/kc/base/wldb_order_operate.html HTTP/1.1" 200 3144
101.83.145.37 - - [13/Sep/2023:09:02:46 +0800] "GET /xingrg/kc/base/wldb_order_info.html?code=422023091301215 HTTP/1.1" 200 30465
114.95.241.104 - - [13/Sep/2023:09:02:46 +0800] "GET /xingrg/check_reg.html?_=1694566848971 HTTP/1.1" 200 22
101.83.145.37 - - [13/Sep/2023:09:02:46 +0800] "GET /xingrg/javascript/easyui/themes/default/validatebox.css HTTP/1.1" 404 1104
101.83.145.37 - - [13/Sep/2023:09:02:47 +0800] "POST /xingrg/kc/base/wldb_order_operate.html HTTP/1.1" 200 3144
124.78.155.92 - - [13/Sep/2023:09:02:50 +0800] "GET /xingrg/all/function/internal_message.html?_=1694566969359&CODE_STATE=getMsg HTTP/1.1" 200 27
101.83.145.37 - - [13/Sep/2023:09:02:54 +0800] "GET /xingrg/all/function/internal_message.html?_=1694566764686&CODE_STATE=getMsg HTTP/1.1" 200 27
114.95.241.104 - - [13/Sep/2023:09:02:56 +0800] "GET /xingrg/all/function/internal_message.html?_=1694566975339&CODE_STATE=getMsg HTTP/1.1" 200 27
120.253.135.82 - - [13/Sep/2023:09:03:00 +0800] "GET /xingrg/check_reg.html?_=1694566784845 HTTP/1.1" 200 22
116.232.195.127 - - [13/Sep/2023:09:03:04 +0800] "GET /xingrg/all/function/internal_message.html?_=1694566860411&CODE_STATE=getMsg HTTP/1.1" 200 27
116.232.195.127 - - [13/Sep/2023:09:03:04 +0800] "GET /xingrg/all/function/internal_message.html?_=1694566860852&CODE_STATE=getMsg HTTP/1.1" 200 27
101.83.145.37 - - [13/Sep/2023:09:03:10 +0800] "GET /xingrg/kc/base/wldb_order_add.html HTTP/1.1" 200 30457
101.83.145.37 - - [13/Sep/2023:09:03:10 +0800] "POST /xingrg/kc/base/wldb_order_operate.html HTTP/1.1" 200 6806
101.83.145.37 - - [13/Sep/2023:09:03:10 +0800] "GET /xingrg/javascript/easyui/themes/default/validatebox.css HTTP/1.1" 404 1104
120.253.135.82 - - [13/Sep/2023:09:03:14 +0800] "POST /xingrg/kc/pszx/mdps_list_operate.html HTTP/1.1" 200 2435
120.253.135.82 - - [13/Sep/2023:09:03:17 +0800] "POST /xingrg/kc/pszx/mdps_list_operate.html HTTP/1.1" 200 201
120.253.135.82 - - [13/Sep/2023:09:03:18 +0800] "GET /xingrg/kc/pszx/mdps_order_info.html?code=312023091300311 HTTP/1.1" 200 23978
120.253.135.82 - - [13/Sep/2023:09:03:18 +0800] "GET /xingrg/javascript/easyui/themes/default/validatebox.css HTTP/1.1" 404 1104
120.253.135.82 - - [13/Sep/2023:09:03:18 +0800] "POST /xingrg/kc/pszx/mdps_order_operate.html HTTP/1.1" 200 2275
101.83.145.37 - - [13/Sep/2023:09:03:19 +0800] "GET /xingrg/all/function/internal_message.html?_=1694566999235&CODE_STATE=getMsg HTTP/1.1" 200 27
120.253.135.82 - - [13/Sep/2023:09:03:21 +0800] "POST /xingrg/kc/pszx/mdps_order_operate.html HTTP/1.1" 200 12
120.253.135.82 - - [13/Sep/2023:09:03:23 +0800] "POST /xingrg/kc/pszx/mdps_list_operate.html HTTP/1.1" 200 2064
120.253.135.82 - - [13/Sep/2023:09:03:24 +0800] "POST /xingrg/kc/pszx/mdps_list_operate.html HTTP/1.1" 200 201
120.253.135.82 - - [13/Sep/2023:09:03:25 +0800] "GET /xingrg/kc/pszx/mdps_order_info.html?code=312023091300313 HTTP/1.1" 200 23978
180.174.205.229 - - [13/Sep/2023:09:03:25 +0800] "GET /xingrg/all/function/internal_message.html?_=1694567004511&CODE_STATE=getMsg HTTP/1.1" 200 27
120.253.135.82 - - [13/Sep/2023:09:03:25 +0800] "GET /xingrg/javascript/easyui/themes/default/validatebox.css HTTP/1.1" 404 1104
120.253.135.82 - - [13/Sep/2023:09:03:26 +0800] "POST /xingrg/kc/pszx/mdps_order_operate.html HTTP/1.1" 200 2275
114.83.222.222 - - [13/Sep/2023:09:03:26 +0800] "GET /xingrg/all/function/internal_message.html?_=1694567005298&CODE_STATE=getMsg HTTP/1.1" 200 27
114.95.241.104 - - [13/Sep/2023:09:03:27 +0800] "POST /xingrg/services/DataTransmitService HTTP/1.1" 200 524
116.232.195.127 - - [13/Sep/2023:09:03:28 +0800] "GET /xingrg/all/function/internal_message.html?_=1694567008978&CODE_STATE=getMsg HTTP/1.1" 302 -
124.79.246.190 - - [13/Sep/2023:09:03:28 +0800] "GET /xingrg/all/function/internal_message.html?_=1694567304862&CODE_STATE=getMsg HTTP/1.1" 200 27
124.79.246.190 - - [13/Sep/2023:09:03:28 +0800] "GET /xingrg/check_reg.html?_=1694567304860 HTTP/1.1" 200 22
120.253.135.82 - - [13/Sep/2023:09:03:28 +0800] "POST /xingrg/kc/pszx/mdps_order_operate.html HTTP/1.1" 200 37
120.253.135.82 - - [13/Sep/2023:09:03:30 +0800] "GET /xingrg/kc/pszx/mdps_order_info.html?code=312023091300313 HTTP/1.1" 200 23978
120.253.135.82 - - [13/Sep/2023:09:03:30 +0800] "GET /xingrg/javascript/easyui/themes/default/validatebox.css HTTP/1.1" 404 1104
120.253.135.82 - - [13/Sep/2023:09:03:31 +0800] "POST /xingrg/kc/pszx/mdps_order_operate.html HTTP/1.1" 200 2283
222.70.107.27 - - [13/Sep/2023:09:03:32 +0800] "GET /xingrg/all/function/internal_message.html?_=1694567014335&CODE_STATE=getMsg HTTP/1.1" 200 27
124.78.155.92 - - [13/Sep/2023:09:03:32 +0800] "GET /xingrg/login.html HTTP/1.1" 200 7641
124.78.155.92 - - [13/Sep/2023:09:03:33 +0800] "GET /favicon.ico HTTP/1.1" 404 -
124.78.155.92 - - [13/Sep/2023:09:03:33 +0800] "GET /favicon.ico HTTP/1.1" 404 -
120.253.135.82 - - [13/Sep/2023:09:03:37 +0800] "GET /xingrg/kc/print/load_data.html?order_code=312023091300313&kc_code=mdps&condition= HTTP/1.1" 200 686
124.78.155.92 - - [13/Sep/2023:09:03:39 +0800] "POST /xingrg/login.do HTTP/1.1" 302 -
124.78.155.92 - - [13/Sep/2023:09:03:40 +0800] "GET /xingrg/index.html?sysBaseUrl=http%3A%2F%2F180.169.147.146%3A18081%2Fxingrg%2F&costTime=821×tamp=1694567019973 HTTP/1.1" 200 17503
124.78.155.92 - - [13/Sep/2023:09:03:40 +0800] "GET /favicon.ico HTTP/1.1" 404 -
124.78.155.92 - - [13/Sep/2023:09:03:40 +0800] "POST /xingrg/all/common/load_tree.html?tree=area_rest_tree_json&manage=1 HTTP/1.1" 200 3499
124.78.155.92 - - [13/Sep/2023:09:03:40 +0800] "GET /xingrg/check_reg.html?_=1694567057858 HTTP/1.1" 200 22
124.78.155.92 - - [13/Sep/2023:09:03:40 +0800] "GET /xingrg/all/function/internal_message.html?_=1694567057857&CODE_STATE=count HTTP/1.1" 200 11
124.78.155.92 - - [13/Sep/2023:09:03:40 +0800] "POST /xingrg/load_menu.html HTTP/1.1" 200 11443
