101.83.145.37 - - [13/Sep/2023:10:55:56 +0800] "GET /xingrg/all/function/internal_message.html?_=1694573757208&CODE_STATE=getMsg HTTP/1.1" 200 27
222.70.180.200 - - [13/Sep/2023:10:55:59 +0800] "GET /xingrg/all/function/internal_message.html?_=1694573756765&CODE_STATE=getMsg HTTP/1.1" 200 27
116.232.195.127 - - [13/Sep/2023:10:56:03 +0800] "GET /xingrg/all/function/internal_message.html?_=1694573639548&CODE_STATE=getMsg HTTP/1.1" 200 27
180.157.248.18 - - [13/Sep/2023:10:56:07 +0800] "GET /xingrg/check_reg.html?_=1694573768029 HTTP/1.1" 200 22
180.157.248.18 - - [13/Sep/2023:10:56:07 +0800] "GET /xingrg/all/function/internal_message.html?_=1694573768038&CODE_STATE=getMsg HTTP/1.1" 200 27
120.253.135.82 - - [13/Sep/2023:10:56:11 +0800] "POST /xingrg/kc/pszx/mdps_list_operate.html HTTP/1.1" 200 531
120.253.135.82 - - [13/Sep/2023:10:56:13 +0800] "GET /xingrg/kc/pszx/mdps_order_info.html?code=312023091300320 HTTP/1.1" 200 23978
120.253.135.82 - - [13/Sep/2023:10:56:13 +0800] "GET /xingrg/javascript/easyui/themes/default/validatebox.css HTTP/1.1" 404 1104
120.253.135.82 - - [13/Sep/2023:10:56:14 +0800] "POST /xingrg/kc/pszx/mdps_order_operate.html HTTP/1.1" 200 4279
222.69.145.204 - - [13/Sep/2023:10:56:14 +0800] "GET /xingrg/all/function/internal_message.html?_=1694573923085&CODE_STATE=getMsg HTTP/1.1" 200 27
114.83.222.222 - - [13/Sep/2023:10:56:17 +0800] "GET /xingrg/kc/buy/cgsh_order_operate.html?command=get_materiel&rest_code=00149&code=00101015054&supplier_code=00100151&order_time=2023-09-13 HTTP/1.1" 200 404
101.228.187.155 - - [13/Sep/2023:10:56:19 +0800] "GET /xingrg/all/function/internal_message.html?_=1694573778295&CODE_STATE=getMsg HTTP/1.1" 200 27
222.70.180.200 - - [13/Sep/2023:10:56:20 +0800] "GET /xingrg/all/function/internal_message.html?_=1694573781845&CODE_STATE=getMsg HTTP/1.1" 200 27
116.228.172.122 - - [13/Sep/2023:10:56:21 +0800] "GET /xingrg/all/function/internal_message.html?_=1694573488032&CODE_STATE=getMsg HTTP/1.1" 200 27
114.95.241.104 - - [13/Sep/2023:10:56:23 +0800] "GET /xingrg/all/function/internal_message.html?_=1694573665913&CODE_STATE=getMsg HTTP/1.1" 200 27
180.174.205.229 - - [13/Sep/2023:10:56:25 +0800] "GET /xingrg/all/function/internal_message.html?_=1694573784631&CODE_STATE=getMsg HTTP/1.1" 200 27
116.232.195.127 - - [13/Sep/2023:10:56:27 +0800] "GET /xingrg/all/function/internal_message.html?_=1694573788975&CODE_STATE=getMsg HTTP/1.1" 302 -
124.79.246.190 - - [13/Sep/2023:10:56:28 +0800] "GET /xingrg/all/function/internal_message.html?_=1694574085023&CODE_STATE=getMsg HTTP/1.1" 200 27
180.169.147.146 - - [13/Sep/2023:10:56:28 +0800] "GET /xingrg/all/function/internal_message.html?_=1694573783855&CODE_STATE=getMsg HTTP/1.1" 200 27
222.70.107.27 - - [13/Sep/2023:10:56:32 +0800] "GET /xingrg/all/function/internal_message.html?_=1694573794621&CODE_STATE=getMsg HTTP/1.1" 200 27
120.253.135.82 - - [13/Sep/2023:10:56:40 +0800] "POST /xingrg/kc/pszx/mdps_order_operate.html HTTP/1.1" 200 37
222.70.180.200 - - [13/Sep/2023:10:56:41 +0800] "GET /xingrg/all/function/internal_message.html?_=1694573801133&CODE_STATE=getMsg HTTP/1.1" 200 27
58.40.7.146 - - [13/Sep/2023:10:56:41 +0800] "GET /xingrg/all/function/internal_message.html?_=1694573801528&CODE_STATE=getMsg HTTP/1.1" 200 27
120.253.135.82 - - [13/Sep/2023:10:56:42 +0800] "GET /xingrg/kc/pszx/mdps_order_info.html?code=312023091300320 HTTP/1.1" 200 23978
114.83.222.222 - - [13/Sep/2023:10:56:42 +0800] "GET /xingrg/all/function/internal_message.html?_=1694573801589&CODE_STATE=getMsg HTTP/1.1" 200 27
120.253.135.82 - - [13/Sep/2023:10:56:43 +0800] "GET /xingrg/javascript/easyui/themes/default/validatebox.css HTTP/1.1" 404 1104
120.253.135.82 - - [13/Sep/2023:10:56:43 +0800] "POST /xingrg/kc/pszx/mdps_order_operate.html HTTP/1.1" 200 3778
124.78.155.92 - - [13/Sep/2023:10:56:44 +0800] "GET /xingrg/all/function/internal_message.html?_=1694573841669&CODE_STATE=getMsg HTTP/1.1" 200 27
120.253.135.82 - - [13/Sep/2023:10:56:45 +0800] "POST /xingrg/kc/pszx/mdps_list_operate.html HTTP/1.1" 200 3177
180.152.241.196 - - [13/Sep/2023:10:56:46 +0800] "GET /xingrg/all/function/internal_message.html?_=1694573806713&CODE_STATE=getMsg HTTP/1.1" 200 27
114.95.241.104 - - [13/Sep/2023:10:56:46 +0800] "GET /xingrg/all/function/internal_message.html?_=1694573805329&CODE_STATE=getMsg HTTP/1.1" 200 27
120.253.135.82 - - [13/Sep/2023:10:56:46 +0800] "POST /xingrg/kc/pszx/mdps_list_operate.html HTTP/1.1" 200 202
120.253.135.82 - - [13/Sep/2023:10:56:48 +0800] "POST /xingrg/kc/pszx/mdps_list_operate.html HTTP/1.1" 200 454
120.253.135.82 - - [13/Sep/2023:10:56:49 +0800] "GET /xingrg/kc/pszx/mdps_order_info.html?code=312023091300326 HTTP/1.1" 200 23978
120.253.135.82 - - [13/Sep/2023:10:56:50 +0800] "GET /xingrg/javascript/easyui/themes/default/validatebox.css HTTP/1.1" 404 1104
120.253.135.82 - - [13/Sep/2023:10:56:50 +0800] "POST /xingrg/kc/pszx/mdps_order_operate.html HTTP/1.1" 200 3780
101.83.145.37 - - [13/Sep/2023:10:56:54 +0800] "GET /xingrg/all/function/internal_message.html?_=1694573604683&CODE_STATE=getMsg HTTP/1.1" 200 27
101.83.145.37 - - [13/Sep/2023:10:56:54 +0800] "GET /xingrg/check_reg.html?_=1694573604686 HTTP/1.1" 200 22
120.253.135.82 - - [13/Sep/2023:10:56:54 +0800] "POST /xingrg/kc/pszx/mdps_order_operate.html HTTP/1.1" 200 37
120.253.135.82 - - [13/Sep/2023:10:56:55 +0800] "GET /xingrg/kc/pszx/mdps_order_info.html?code=312023091300326 HTTP/1.1" 200 23978
120.253.135.82 - - [13/Sep/2023:10:56:56 +0800] "GET /xingrg/javascript/easyui/themes/default/validatebox.css HTTP/1.1" 404 1104
120.253.135.82 - - [13/Sep/2023:10:56:56 +0800] "POST /xingrg/kc/pszx/mdps_order_operate.html HTTP/1.1" 200 3811
101.83.145.37 - - [13/Sep/2023:10:56:56 +0800] "GET /xingrg/all/function/internal_message.html?_=1694573817187&CODE_STATE=getMsg HTTP/1.1" 200 27
114.83.222.222 - - [13/Sep/2023:10:56:57 +0800] "POST /xingrg/kc/buy/cgsh_order_operate.html HTTP/1.1" 200 37
222.70.180.200 - - [13/Sep/2023:10:56:59 +0800] "GET /xingrg/all/function/internal_message.html?_=1694573816769&CODE_STATE=getMsg HTTP/1.1" 200 27
116.232.195.127 - - [13/Sep/2023:10:57:03 +0800] "GET /xingrg/all/function/internal_message.html?_=1694573699536&CODE_STATE=getMsg HTTP/1.1" 200 27
124.78.155.92 - - [13/Sep/2023:10:57:04 +0800] "GET /xingrg/index.html?sysBaseUrl=http%3A%2F%2F180.169.147.146%3A18081%2Fxingrg%2F&costTime=831×tamp=1694570273240 HTTP/1.1" 200 17173
124.78.155.92 - - [13/Sep/2023:10:57:05 +0800] "GET /xingrg/all/function/internal_message.html?_=1694573824013&CODE_STATE=count HTTP/1.1" 200 11
124.78.155.92 - - [13/Sep/2023:10:57:05 +0800] "GET /xingrg/check_reg.html?_=1694573824014 HTTP/1.1" 200 22
124.78.155.92 - - [13/Sep/2023:10:57:05 +0800] "POST /xingrg/all/common/load_tree.html?tree=area_rest_tree_json&manage=1 HTTP/1.1" 200 342
124.78.155.92 - - [13/Sep/2023:10:57:05 +0800] "GET /favicon.ico HTTP/1.1" 404 -
124.78.155.92 - - [13/Sep/2023:10:57:05 +0800] "POST /xingrg/load_menu.html HTTP/1.1" 200 5138
124.78.155.92 - - [13/Sep/2023:10:57:05 +0800] "GET /xingrg/login.html HTTP/1.1" 200 7641
124.78.155.92 - - [13/Sep/2023:10:57:06 +0800] "GET /favicon.ico HTTP/1.1" 404 -
120.253.135.82 - - [13/Sep/2023:10:57:06 +0800] "POST /xingrg/kc/pszx/mdps_order_operate.html HTTP/1.1" 200 37
180.157.248.18 - - [13/Sep/2023:10:57:07 +0800] "GET /xingrg/all/function/internal_message.html?_=1694573828039&CODE_STATE=getMsg HTTP/1.1" 200 27
120.253.135.82 - - [13/Sep/2023:10:57:08 +0800] "GET /xingrg/kc/pszx/mdps_order_info.html?code=312023091300326 HTTP/1.1" 200 23978
120.253.135.82 - - [13/Sep/2023:10:57:09 +0800] "GET /xingrg/javascript/easyui/themes/default/validatebox.css HTTP/1.1" 404 1104
120.253.135.82 - - [13/Sep/2023:10:57:09 +0800] "POST /xingrg/kc/pszx/mdps_order_operate.html HTTP/1.1" 200 3313
222.69.145.204 - - [13/Sep/2023:10:57:14 +0800] "GET /xingrg/all/function/internal_message.html?_=1694573983078&CODE_STATE=getMsg HTTP/1.1" 200 27
222.69.145.204 - - [13/Sep/2023:10:57:14 +0800] "GET /xingrg/check_reg.html?_=1694573983080 HTTP/1.1" 200 22
101.228.187.155 - - [13/Sep/2023:10:57:19 +0800] "GET /xingrg/all/function/internal_message.html?_=1694573838285&CODE_STATE=getMsg HTTP/1.1" 200 27
222.70.180.200 - - [13/Sep/2023:10:57:20 +0800] "GET /xingrg/all/function/internal_message.html?_=1694573841832&CODE_STATE=getMsg HTTP/1.1" 200 27
116.228.172.122 - - [13/Sep/2023:10:57:21 +0800] "GET /xingrg/all/function/internal_message.html?_=1694573548031&CODE_STATE=getMsg HTTP/1.1" 200 27
114.95.241.104 - - [13/Sep/2023:10:57:23 +0800] "GET /xingrg/all/function/internal_message.html?_=1694573725915&CODE_STATE=getMsg HTTP/1.1" 200 27
120.253.135.82 - - [13/Sep/2023:10:57:24 +0800] "POST /xingrg/kc/pszx/mdps_list_operate.html HTTP/1.1" 200 3177
114.83.222.222 - - [13/Sep/2023:10:57:24 +0800] "POST /xingrg/kc/buy/cgsh_order_operate.html HTTP/1.1" 200 12
120.253.135.82 - - [13/Sep/2023:10:57:25 +0800] "POST /xingrg/kc/pszx/mdps_list_operate.html HTTP/1.1" 200 212
180.174.205.229 - - [13/Sep/2023:10:57:25 +0800] "GET /xingrg/all/function/internal_message.html?_=1694573844630&CODE_STATE=getMsg HTTP/1.1" 200 27
120.253.135.82 - - [13/Sep/2023:10:57:26 +0800] "GET /xingrg/kc/pszx/mdps_order_info.html?code=312023091000239 HTTP/1.1" 200 23978
120.253.135.82 - - [13/Sep/2023:10:57:27 +0800] "GET /xingrg/javascript/easyui/themes/default/validatebox.css HTTP/1.1" 404 1104
114.83.222.222 - - [13/Sep/2023:10:57:27 +0800] "GET /xingrg/kc/buy/cgsh_order_info.html?code=212023091304953 HTTP/1.1" 200 67303
120.253.135.82 - - [13/Sep/2023:10:57:27 +0800] "POST /xingrg/kc/pszx/mdps_order_operate.html HTTP/1.1" 200 2287
116.232.195.127 - - [13/Sep/2023:10:57:27 +0800] "GET /xingrg/check_reg.html?_=1694573848979 HTTP/1.1" 302 -
116.232.195.127 - - [13/Sep/2023:10:57:27 +0800] "GET /xingrg/all/function/internal_message.html?_=1694573848983&CODE_STATE=getMsg HTTP/1.1" 302 -
114.83.222.222 - - [13/Sep/2023:10:57:28 +0800] "GET /xingrg/javascript/easyui/themes/default/validatebox.css HTTP/1.1" 404 1104
180.169.147.146 - - [13/Sep/2023:10:57:28 +0800] "GET /xingrg/all/function/internal_message.html?_=1694573843858&CODE_STATE=getMsg HTTP/1.1" 200 27
124.79.246.190 - - [13/Sep/2023:10:57:28 +0800] "GET /xingrg/all/function/internal_message.html?_=1694574145037&CODE_STATE=getMsg HTTP/1.1" 200 27
114.83.222.222 - - [13/Sep/2023:10:57:28 +0800] "POST /xingrg/kc/buy/cgsh_order_operate.html HTTP/1.1" 200 2391
114.83.222.222 - - [13/Sep/2023:10:57:31 +0800] "GET /xingrg/kc/print/load_data.html?order_code=212023091304953&kc_code=cgsh&condition= HTTP/1.1" 200 1366
222.70.107.27 - - [13/Sep/2023:10:57:32 +0800] "GET /xingrg/all/function/internal_message.html?_=1694573854621&CODE_STATE=getMsg HTTP/1.1" 200 27
180.169.147.146 - - [13/Sep/2023:10:57:35 +0800] "GET /xingrg/check_reg.html?_=1694573858764 HTTP/1.1" 200 22
120.253.135.82 - - [13/Sep/2023:10:57:36 +0800] "POST /xingrg/kc/pszx/mdps_order_operate.html HTTP/1.1" 200 12
120.253.135.82 - - [13/Sep/2023:10:57:37 +0800] "POST /xingrg/kc/pszx/mdps_list_operate.html HTTP/1.1" 200 2806
120.253.135.82 - - [13/Sep/2023:10:57:40 +0800] "POST /xingrg/kc/pszx/mdps_list_operate.html HTTP/1.1" 200 443
222.70.180.200 - - [13/Sep/2023:10:57:41 +0800] "GET /xingrg/all/function/internal_message.html?_=1694573861117&CODE_STATE=getMsg HTTP/1.1" 200 27
58.40.7.146 - - [13/Sep/2023:10:57:41 +0800] "GET /xingrg/all/function/internal_message.html?_=1694573861498&CODE_STATE=getMsg HTTP/1.1" 200 27
120.253.135.82 - - [13/Sep/2023:10:57:41 +0800] "GET /xingrg/kc/pszx/mdps_order_info.html?code=312023091300320 HTTP/1.1" 200 23978
120.253.135.82 - - [13/Sep/2023:10:57:41 +0800] "GET /xingrg/javascript/easyui/themes/default/validatebox.css HTTP/1.1" 404 1104
120.253.135.82 - - [13/Sep/2023:10:57:42 +0800] "POST /xingrg/kc/pszx/mdps_order_operate.html HTTP/1.1" 200 3778
114.83.222.222 - - [13/Sep/2023:10:57:42 +0800] "GET /xingrg/check_reg.html?_=1694573861574 HTTP/1.1" 200 22
114.83.222.222 - - [13/Sep/2023:10:57:42 +0800] "GET /xingrg/all/function/internal_message.html?_=1694573861578&CODE_STATE=getMsg HTTP/1.1" 200 27
124.78.155.92 - - [13/Sep/2023:10:57:44 +0800] "GET /xingrg/all/function/internal_message.html?_=1694573901674&CODE_STATE=getMsg HTTP/1.1" 200 27
180.152.241.196 - - [13/Sep/2023:10:57:46 +0800] "GET /xingrg/all/function/internal_message.html?_=1694573866706&CODE_STATE=getMsg HTTP/1.1" 200 27
114.95.241.104 - - [13/Sep/2023:10:57:46 +0800] "GET /xingrg/all/function/internal_message.html?_=1694573865330&CODE_STATE=getMsg HTTP/1.1" 200 27
120.253.135.82 - - [13/Sep/2023:10:57:51 +0800] "POST /xingrg/kc/pszx/mdps_list_operate.html HTTP/1.1" 200 2806
101.83.145.37 - - [13/Sep/2023:10:57:54 +0800] "GET /xingrg/all/function/internal_message.html?_=1694573664687&CODE_STATE=getMsg HTTP/1.1" 200 27
101.83.145.37 - - [13/Sep/2023:10:57:56 +0800] "GET /xingrg/all/function/internal_message.html?_=1694573877166&CODE_STATE=getMsg HTTP/1.1" 200 27
101.83.145.37 - - [13/Sep/2023:10:57:57 +0800] "GET /xingrg/check_reg.html?_=1694573877856 HTTP/1.1" 200 22
222.70.180.200 - - [13/Sep/2023:10:57:59 +0800] "GET /xingrg/check_reg.html?_=1694573876745 HTTP/1.1" 200 22
222.70.180.200 - - [13/Sep/2023:10:57:59 +0800] "GET /xingrg/all/function/internal_message.html?_=1694573876750&CODE_STATE=getMsg HTTP/1.1" 200 27
120.253.135.82 - - [13/Sep/2023:10:58:00 +0800] "GET /xingrg/check_reg.html?_=1694573685187 HTTP/1.1" 200 22
120.253.135.82 - - [13/Sep/2023:10:58:01 +0800] "POST /xingrg/kc/pszx/mdps_list_operate.html HTTP/1.1" 200 2826
120.253.135.82 - - [13/Sep/2023:10:58:02 +0800] "POST /xingrg/kc/pszx/mdps_list_operate.html HTTP/1.1" 200 633
116.232.195.127 - - [13/Sep/2023:10:58:03 +0800] "GET /xingrg/all/function/internal_message.html?_=1694573759520&CODE_STATE=getMsg HTTP/1.1" 200 27
120.253.135.82 - - [13/Sep/2023:10:58:05 +0800] "POST /xingrg/kc/pszx/mdps_list_operate.html HTTP/1.1" 200 281
124.78.155.92 - - [13/Sep/2023:10:58:05 +0800] "GET /xingrg/all/function/internal_message.html?_=1694573884047&CODE_STATE=getMsg HTTP/1.1" 200 27
180.157.248.18 - - [13/Sep/2023:10:58:07 +0800] "GET /xingrg/all/function/internal_message.html?_=1694573888030&CODE_STATE=getMsg HTTP/1.1" 200 27
120.253.135.82 - - [13/Sep/2023:10:58:08 +0800] "POST /xingrg/kc/pszx/mdps_list_operate.html HTTP/1.1" 200 614
120.253.135.82 - - [13/Sep/2023:10:58:13 +0800] "POST /xingrg/kc/pszx/mdps_list_operate.html HTTP/1.1" 200 653
222.69.145.204 - - [13/Sep/2023:10:58:14 +0800] "GET /xingrg/all/function/internal_message.html?_=1694574043089&CODE_STATE=getMsg HTTP/1.1" 200 27
120.253.135.82 - - [13/Sep/2023:10:58:15 +0800] "GET /xingrg/kc/pszx/mdps_order_info.html?code=312023091300328 HTTP/1.1" 200 23978
120.253.135.82 - - [13/Sep/2023:10:58:15 +0800] "GET /xingrg/javascript/easyui/themes/default/validatebox.css HTTP/1.1" 404 1104
120.253.135.82 - - [13/Sep/2023:10:58:16 +0800] "POST /xingrg/kc/pszx/mdps_order_operate.html HTTP/1.1" 200 4851
180.165.48.189 - - [13/Sep/2023:10:58:17 +0800] "GET /xingrg/login.html HTTP/1.1" 200 7641
180.165.48.189 - - [13/Sep/2023:10:58:17 +0800] "GET /favicon.ico HTTP/1.1" 404 -
120.253.135.82 - - [13/Sep/2023:10:58:19 +0800] "POST /xingrg/kc/pszx/mdps_order_operate.html HTTP/1.1" 200 37
101.228.187.155 - - [13/Sep/2023:10:58:19 +0800] "GET /xingrg/all/function/internal_message.html?_=1694573898284&CODE_STATE=getMsg HTTP/1.1" 200 27
222.70.180.200 - - [13/Sep/2023:10:58:20 +0800] "GET /xingrg/all/function/internal_message.html?_=1694573901832&CODE_STATE=getMsg HTTP/1.1" 200 27
120.253.135.82 - - [13/Sep/2023:10:58:20 +0800] "GET /xingrg/kc/pszx/mdps_order_info.html?code=312023091300328 HTTP/1.1" 200 23978
120.253.135.82 - - [13/Sep/2023:10:58:21 +0800] "GET /xingrg/javascript/easyui/themes/default/validatebox.css HTTP/1.1" 404 1104
116.228.172.122 - - [13/Sep/2023:10:58:21 +0800] "GET /xingrg/check_reg.html?_=1694573608045 HTTP/1.1" 200 22
116.228.172.122 - - [13/Sep/2023:10:58:21 +0800] "GET /xingrg/all/function/internal_message.html?_=1694573608047&CODE_STATE=getMsg HTTP/1.1" 200 27
120.253.135.82 - - [13/Sep/2023:10:58:22 +0800] "POST /xingrg/kc/pszx/mdps_order_operate.html HTTP/1.1" 200 4898
114.95.241.104 - - [13/Sep/2023:10:58:23 +0800] "GET /xingrg/check_reg.html?_=1694573785437 HTTP/1.1" 200 22
114.95.241.104 - - [13/Sep/2023:10:58:23 +0800] "GET /xingrg/all/function/internal_message.html?_=1694573785929&CODE_STATE=getMsg HTTP/1.1" 200 27
180.174.205.229 - - [13/Sep/2023:10:58:25 +0800] "GET /xingrg/all/function/internal_message.html?_=1694573904629&CODE_STATE=getMsg HTTP/1.1" 200 27
116.232.195.127 - - [13/Sep/2023:10:58:27 +0800] "GET /xingrg/all/function/internal_message.html?_=1694573908978&CODE_STATE=getMsg HTTP/1.1" 302 -
180.169.147.146 - - [13/Sep/2023:10:58:28 +0800] "GET /xingrg/check_reg.html?_=1694573903844 HTTP/1.1" 200 22
124.79.246.190 - - [13/Sep/2023:10:58:28 +0800] "GET /xingrg/all/function/internal_message.html?_=1694574205037&CODE_STATE=getMsg HTTP/1.1" 200 27
124.79.246.190 - - [13/Sep/2023:10:58:28 +0800] "GET /xingrg/check_reg.html?_=1694574205036 HTTP/1.1" 200 22
180.169.147.146 - - [13/Sep/2023:10:58:28 +0800] "GET /xingrg/all/function/internal_message.html?_=1694573903884&CODE_STATE=getMsg HTTP/1.1" 200 27
222.70.107.27 - - [13/Sep/2023:10:58:32 +0800] "GET /xingrg/all/function/internal_message.html?_=1694573914647&CODE_STATE=getMsg HTTP/1.1" 200 27
180.165.48.189 - - [13/Sep/2023:10:58:32 +0800] "POST /xingrg/login.do HTTP/1.1" 302 -
180.165.48.189 - - [13/Sep/2023:10:58:32 +0800] "GET /xingrg/index.html?sysBaseUrl=http%3A%2F%2F180.169.147.146%3A18081%2Fxingrg%2F&costTime=858×tamp=1694573912182 HTTP/1.1" 200 17503
180.165.48.189 - - [13/Sep/2023:10:58:32 +0800] "GET /favicon.ico HTTP/1.1" 404 -
180.165.48.189 - - [13/Sep/2023:10:58:32 +0800] "GET /xingrg/all/function/internal_message.html?_=1694573912737&CODE_STATE=count HTTP/1.1" 200 11
180.165.48.189 - - [13/Sep/2023:10:58:32 +0800] "GET /xingrg/check_reg.html?_=1694573912737 HTTP/1.1" 200 22
180.165.48.189 - - [13/Sep/2023:10:58:32 +0800] "POST /xingrg/all/common/load_tree.html?tree=area_rest_tree_json&manage=1 HTTP/1.1" 200 3499
180.165.48.189 - - [13/Sep/2023:10:58:32 +0800] "POST /xingrg/load_menu.html HTTP/1.1" 200 11564
120.253.135.82 - - [13/Sep/2023:10:58:33 +0800] "POST /xingrg/kc/pszx/mdps_list_operate.html HTTP/1.1" 200 2826
120.253.135.82 - - [13/Sep/2023:10:58:38 +0800] "POST /xingrg/kc/pszx/mdps_list_operate.html HTTP/1.1" 200 633
120.253.135.82 - - [13/Sep/2023:10:58:40 +0800] "GET /xingrg/kc/pszx/mdps_order_info.html?code=312023091300323 HTTP/1.1" 200 23982
222.70.180.200 - - [13/Sep/2023:10:58:41 +0800] "GET /xingrg/all/function/internal_message.html?_=1694573921092&CODE_STATE=getMsg HTTP/1.1" 200 27
120.253.135.82 - - [13/Sep/2023:10:58:41 +0800] "GET /xingrg/javascript/easyui/themes/default/validatebox.css HTTP/1.1" 404 1104
58.40.7.146 - - [13/Sep/2023:10:58:41 +0800] "GET /xingrg/all/function/internal_message.html?_=1694573921485&CODE_STATE=getMsg HTTP/1.1" 200 27
120.253.135.82 - - [13/Sep/2023:10:58:41 +0800] "POST /xingrg/kc/pszx/mdps_order_operate.html HTTP/1.1" 200 12902
58.40.7.146 - - [13/Sep/2023:10:58:42 +0800] "GET /xingrg/check_reg.html?_=1694573922485 HTTP/1.1" 200 22
180.165.48.189 - - [13/Sep/2023:10:58:42 +0800] "POST /xingrg/all/user/operate.html HTTP/1.1" 200 36
180.165.48.189 - - [13/Sep/2023:10:58:42 +0800] "GET /xingrg/index.html?sysBaseUrl=http%3A%2F%2F180.169.147.146%3A18081%2Fxingrg%2F&costTime=858×tamp=1694573912182 HTTP/1.1" 200 17513
180.165.48.189 - - [13/Sep/2023:10:58:42 +0800] "GET /xingrg/javascript/jquery_easy_ui/themes/default/easyui.css HTTP/1.1" 304 -
180.165.48.189 - - [13/Sep/2023:10:58:42 +0800] "GET /xingrg/javascript/jquery_easy_ui/themes/icon.css HTTP/1.1" 304 -
180.165.48.189 - - [13/Sep/2023:10:58:42 +0800] "GET /xingrg/css/form.css HTTP/1.1" 304 -
180.165.48.189 - - [13/Sep/2023:10:58:42 +0800] "GET /xingrg/javascript/jquery-1.4.2.min.js HTTP/1.1" 304 -
180.165.48.189 - - [13/Sep/2023:10:58:42 +0800] "GET /xingrg/javascript/jquery_easy_ui/jquery.easyui.min.js HTTP/1.1" 304 -
180.165.48.189 - - [13/Sep/2023:10:58:42 +0800] "GET /xingrg/javascript/jquery_easy_ui/easyui-lang-zh_CN.js HTTP/1.1" 304 -
180.165.48.189 - - [13/Sep/2023:10:58:42 +0800] "GET /xingrg/javascript/jquery.form.js HTTP/1.1" 304 -
180.165.48.189 - - [13/Sep/2023:10:58:42 +0800] "GET /xingrg/javascript/jquery.utils.js HTTP/1.1" 304 -
180.165.48.189 - - [13/Sep/2023:10:58:42 +0800] "GET /xingrg/javascript/jquery.timers.js HTTP/1.1" 304 -
180.165.48.189 - - [13/Sep/2023:10:58:42 +0800] "GET /xingrg/images/blue/jxLogo.png HTTP/1.1" 304 -
180.165.48.189 - - [13/Sep/2023:10:58:42 +0800] "GET /xingrg/images/blue/navBackgound.jpg HTTP/1.1" 304 -
180.165.48.189 - - [13/Sep/2023:10:58:42 +0800] "GET /xingrg/javascript/jquery_easy_ui/themes/icons/settle_new.png HTTP/1.1" 304 -
180.165.48.189 - - [13/Sep/2023:10:58:42 +0800] "GET /xingrg/all/function/internal_message.html?_=1694573923253&CODE_STATE=count HTTP/1.1" 200 11
180.165.48.189 - - [13/Sep/2023:10:58:42 +0800] "GET /xingrg/check_reg.html?_=1694573923254 HTTP/1.1" 200 22
180.165.48.189 - - [13/Sep/2023:10:58:42 +0800] "GET /xingrg/javascript/jquery_easy_ui/themes/default/images/panel_tool_collapse.gif HTTP/1.1" 304 -
180.165.48.189 - - [13/Sep/2023:10:58:42 +0800] "GET /xingrg/javascript/jquery_easy_ui/themes/default/images/tabs_leftarrow.png HTTP/1.1" 304 -
180.165.48.189 - - [13/Sep/2023:10:58:42 +0800] "GET /xingrg/javascript/jquery_easy_ui/themes/default/images/panel_tool_expand.gif HTTP/1.1" 304 -
180.165.48.189 - - [13/Sep/2023:10:58:42 +0800] "GET /xingrg/javascript/jquery_easy_ui/themes/default/images/tabs_rightarrow.png HTTP/1.1" 304 -
180.165.48.189 - - [13/Sep/2023:10:58:42 +0800] "GET /xingrg/images/blue/pingpu.png HTTP/1.1" 304 -
114.83.222.222 - - [13/Sep/2023:10:58:43 +0800] "GET /xingrg/all/function/internal_message.html?_=1694573921592&CODE_STATE=getMsg HTTP/1.1" 200 27
180.165.48.189 - - [13/Sep/2023:10:58:43 +0800] "POST /xingrg/all/common/load_tree.html?tree=area_rest_tree_json&manage=1 HTTP/1.1" 200 3499
180.165.48.189 - - [13/Sep/2023:10:58:43 +0800] "POST /xingrg/load_menu.html HTTP/1.1" 200 9959
124.78.155.92 - - [13/Sep/2023:10:58:44 +0800] "GET /xingrg/all/function/internal_message.html?_=1694573961688&CODE_STATE=getMsg HTTP/1.1" 200 27
124.78.155.92 - - [13/Sep/2023:10:58:44 +0800] "GET /xingrg/check_reg.html?_=1694573961690 HTTP/1.1" 200 22
180.152.241.196 - - [13/Sep/2023:10:58:46 +0800] "GET /xingrg/all/function/internal_message.html?_=1694573926717&CODE_STATE=getMsg HTTP/1.1" 200 27
114.95.241.104 - - [13/Sep/2023:10:58:46 +0800] "GET /xingrg/all/function/internal_message.html?_=1694573925331&CODE_STATE=getMsg HTTP/1.1" 200 27
180.165.48.189 - - [13/Sep/2023:10:58:51 +0800] "GET /xingrg/kc/buy/cgsh_order_list.html HTTP/1.1" 200 56799
180.165.48.189 - - [13/Sep/2023:10:58:53 +0800] "POST /xingrg/kc/buy/cgsh_list_operate.html HTTP/1.1" 200 986
101.83.145.37 - - [13/Sep/2023:10:58:54 +0800] "GET /xingrg/all/function/internal_message.html?_=1694573724687&CODE_STATE=getMsg HTTP/1.1" 200 27
101.83.145.37 - - [13/Sep/2023:10:58:56 +0800] "GET /xingrg/all/function/internal_message.html?_=1694573937149&CODE_STATE=getMsg HTTP/1.1" 200 27
222.70.180.200 - - [13/Sep/2023:10:58:59 +0800] "GET /xingrg/all/function/internal_message.html?_=1694573936764&CODE_STATE=getMsg HTTP/1.1" 200 27
180.165.48.189 - - [13/Sep/2023:10:59:00 +0800] "GET /xingrg/javascript/jquery_tools/images/prev.gif HTTP/1.1" 404 1086
180.165.48.189 - - [13/Sep/2023:10:59:00 +0800] "GET /xingrg/javascript/jquery_tools/images/next.gif HTTP/1.1" 404 1086
116.232.195.127 - - [13/Sep/2023:10:59:03 +0800] "GET /xingrg/all/function/internal_message.html?_=1694573819500&CODE_STATE=getMsg HTTP/1.1" 200 27
124.78.155.92 - - [13/Sep/2023:10:59:05 +0800] "GET /xingrg/all/function/internal_message.html?_=1694573944034&CODE_STATE=getMsg HTTP/1.1" 200 27
116.228.172.122 - - [13/Sep/2023:10:59:07 +0800] "POST /xingrg/all/user/operate.html HTTP/1.1" 200 36
116.228.172.122 - - [13/Sep/2023:10:59:07 +0800] "GET /xingrg/index.html?sysBaseUrl=http%3A%2F%2F180.169.147.146%3A18081%2Fxingrg%2F&costTime=907×tamp=1694573601233 HTTP/1.1" 200 17417
116.228.172.122 - - [13/Sep/2023:10:59:07 +0800] "GET /xingrg/javascript/jquery_easy_ui/themes/default/easyui.css HTTP/1.1" 304 -
116.228.172.122 - - [13/Sep/2023:10:59:07 +0800] "GET /xingrg/javascript/jquery_easy_ui/themes/icon.css HTTP/1.1" 304 -
116.228.172.122 - - [13/Sep/2023:10:59:07 +0800] "GET /xingrg/css/form.css HTTP/1.1" 304 -
116.228.172.122 - - [13/Sep/2023:10:59:07 +0800] "GET /xingrg/javascript/jquery-1.4.2.min.js HTTP/1.1" 304 -
116.228.172.122 - - [13/Sep/2023:10:59:07 +0800] "GET /xingrg/javascript/jquery_easy_ui/jquery.easyui.min.js HTTP/1.1" 304 -
116.228.172.122 - - [13/Sep/2023:10:59:07 +0800] "GET /xingrg/javascript/jquery_easy_ui/easyui-lang-zh_CN.js HTTP/1.1" 304 -
116.228.172.122 - - [13/Sep/2023:10:59:07 +0800] "GET /xingrg/javascript/jquery.form.js HTTP/1.1" 304 -
116.228.172.122 - - [13/Sep/2023:10:59:07 +0800] "GET /xingrg/javascript/jquery.utils.js HTTP/1.1" 304 -
116.228.172.122 - - [13/Sep/2023:10:59:07 +0800] "GET /xingrg/javascript/jquery.timers.js HTTP/1.1" 304 -
116.228.172.122 - - [13/Sep/2023:10:59:07 +0800] "GET /xingrg/images/blue/jxLogo.png HTTP/1.1" 304 -
116.228.172.122 - - [13/Sep/2023:10:59:07 +0800] "GET /xingrg/javascript/jquery_easy_ui/themes/icons/settle_new.png HTTP/1.1" 304 -
116.228.172.122 - - [13/Sep/2023:10:59:07 +0800] "GET /xingrg/images/blue/navBackgound.jpg HTTP/1.1" 304 -
116.228.172.122 - - [13/Sep/2023:10:59:07 +0800] "GET /xingrg/all/function/internal_message.html?_=1694573653846&CODE_STATE=count HTTP/1.1" 200 11
116.228.172.122 - - [13/Sep/2023:10:59:07 +0800] "GET /xingrg/check_reg.html?_=1694573653847 HTTP/1.1" 200 22
116.228.172.122 - - [13/Sep/2023:10:59:07 +0800] "GET /xingrg/javascript/jquery_easy_ui/themes/default/images/tabs_rightarrow.png HTTP/1.1" 304 -
116.228.172.122 - - [13/Sep/2023:10:59:07 +0800] "GET /xingrg/javascript/jquery_easy_ui/themes/default/images/panel_tool_collapse.gif HTTP/1.1" 304 -
116.228.172.122 - - [13/Sep/2023:10:59:07 +0800] "GET /xingrg/javascript/jquery_easy_ui/themes/default/images/panel_tool_expand.gif HTTP/1.1" 304 -
116.228.172.122 - - [13/Sep/2023:10:59:07 +0800] "GET /xingrg/images/blue/pingpu.png HTTP/1.1" 304 -
116.228.172.122 - - [13/Sep/2023:10:59:07 +0800] "POST /xingrg/all/common/load_tree.html?tree=area_rest_tree_json&manage=1 HTTP/1.1" 200 482
116.228.172.122 - - [13/Sep/2023:10:59:07 +0800] "GET /xingrg/javascript/jquery_easy_ui/themes/default/images/tabs_leftarrow.png HTTP/1.1" 304 -
116.228.172.122 - - [13/Sep/2023:10:59:07 +0800] "POST /xingrg/load_menu.html HTTP/1.1" 200 9959
180.157.248.18 - - [13/Sep/2023:10:59:07 +0800] "GET /xingrg/all/function/internal_message.html?_=1694573948032&CODE_STATE=getMsg HTTP/1.1" 200 27
116.228.172.122 - - [13/Sep/2023:10:59:08 +0800] "GET /xingrg/kc/buy/buy_main.html HTTP/1.1" 200 12412
116.228.172.122 - - [13/Sep/2023:10:59:08 +0800] "GET /xingrg/css/new_ie.css HTTP/1.1" 404 1036
116.228.172.122 - - [13/Sep/2023:10:59:09 +0800] "GET /xingrg/images/yd/bt.gif HTTP/1.1" 404 1040
116.228.172.122 - - [13/Sep/2023:10:59:10 +0800] "GET /xingrg/kc/buy/cgsh_order_list.html HTTP/1.1" 200 56538
180.165.48.189 - - [13/Sep/2023:10:59:11 +0800] "POST /xingrg/kc/buy/cgsh_list_operate.html HTTP/1.1" 200 1889
116.228.172.122 - - [13/Sep/2023:10:59:13 +0800] "POST /xingrg/kc/buy/cgsh_list_operate.html HTTP/1.1" 200 986
222.69.145.204 - - [13/Sep/2023:10:59:14 +0800] "GET /xingrg/all/function/internal_message.html?_=1694574103084&CODE_STATE=getMsg HTTP/1.1" 200 27
120.253.135.82 - - [13/Sep/2023:10:59:15 +0800] "POST /xingrg/kc/pszx/mdps_list_operate.html HTTP/1.1" 200 2826
120.253.135.82 - - [13/Sep/2023:10:59:16 +0800] "POST /xingrg/kc/pszx/mdps_list_operate.html HTTP/1.1" 200 281
120.253.135.82 - - [13/Sep/2023:10:59:18 +0800] "GET /xingrg/kc/pszx/mdps_order_info.html?code=312023091300324 HTTP/1.1" 200 23982
116.232.195.127 - - [13/Sep/2023:10:59:18 +0800] "GET /xingrg/check_reg.html?_=1694573834316 HTTP/1.1" 200 22
120.253.135.82 - - [13/Sep/2023:10:59:18 +0800] "GET /xingrg/javascript/easyui/themes/default/validatebox.css HTTP/1.1" 404 1104
120.253.135.82 - - [13/Sep/2023:10:59:19 +0800] "POST /xingrg/kc/pszx/mdps_order_operate.html HTTP/1.1" 200 2773
101.228.187.155 - - [13/Sep/2023:10:59:19 +0800] "GET /xingrg/all/function/internal_message.html?_=1694573958285&CODE_STATE=getMsg HTTP/1.1" 200 27
101.228.187.155 - - [13/Sep/2023:10:59:20 +0800] "GET /xingrg/check_reg.html?_=1694573958289 HTTP/1.1" 200 22
222.70.180.200 - - [13/Sep/2023:10:59:20 +0800] "GET /xingrg/all/function/internal_message.html?_=1694573961832&CODE_STATE=getMsg HTTP/1.1" 200 27
120.253.135.82 - - [13/Sep/2023:10:59:21 +0800] "POST /xingrg/kc/pszx/mdps_list_operate.html HTTP/1.1" 200 2826
180.165.48.189 - - [13/Sep/2023:10:59:22 +0800] "POST /xingrg/kc/buy/cgsh_list_operate.html HTTP/1.1" 200 202
114.95.241.104 - - [13/Sep/2023:10:59:23 +0800] "GET /xingrg/all/function/internal_message.html?_=1694573845943&CODE_STATE=getMsg HTTP/1.1" 200 27
120.253.135.82 - - [13/Sep/2023:10:59:23 +0800] "POST /xingrg/kc/pszx/mdps_list_operate.html HTTP/1.1" 200 614
180.165.48.189 - - [13/Sep/2023:10:59:24 +0800] "GET /xingrg/kc/buy/cgsh_order_info.html?code=212023091304931 HTTP/1.1" 200 67568
180.165.48.189 - - [13/Sep/2023:10:59:24 +0800] "GET /xingrg/javascript/easyui/themes/default/validatebox.css HTTP/1.1" 404 1104
120.253.135.82 - - [13/Sep/2023:10:59:25 +0800] "GET /xingrg/kc/pszx/mdps_order_info.html?code=312023091300325 HTTP/1.1" 200 23982
180.165.48.189 - - [13/Sep/2023:10:59:25 +0800] "POST /xingrg/kc/buy/cgsh_order_operate.html HTTP/1.1" 200 610
180.174.205.229 - - [13/Sep/2023:10:59:25 +0800] "GET /xingrg/all/function/internal_message.html?_=1694573964631&CODE_STATE=getMsg HTTP/1.1" 200 27
120.253.135.82 - - [13/Sep/2023:10:59:25 +0800] "GET /xingrg/javascript/easyui/themes/default/validatebox.css HTTP/1.1" 404 1104
120.253.135.82 - - [13/Sep/2023:10:59:26 +0800] "POST /xingrg/kc/pszx/mdps_order_operate.html HTTP/1.1" 200 7310
116.232.195.127 - - [13/Sep/2023:10:59:27 +0800] "GET /xingrg/all/function/internal_message.html?_=1694573968979&CODE_STATE=getMsg HTTP/1.1" 302 -
180.169.147.146 - - [13/Sep/2023:10:59:28 +0800] "GET /xingrg/all/function/internal_message.html?_=1694573963861&CODE_STATE=getMsg HTTP/1.1" 200 27
124.79.246.190 - - [13/Sep/2023:10:59:28 +0800] "GET /xingrg/all/function/internal_message.html?_=1694574265035&CODE_STATE=getMsg HTTP/1.1" 200 27
180.165.48.189 - - [13/Sep/2023:10:59:31 +0800] "POST /xingrg/kc/buy/cgsh_order_operate.html HTTP/1.1" 200 12
222.70.107.27 - - [13/Sep/2023:10:59:32 +0800] "GET /xingrg/check_reg.html?_=1694573974647 HTTP/1.1" 200 22
222.70.107.27 - - [13/Sep/2023:10:59:32 +0800] "GET /xingrg/all/function/internal_message.html?_=1694573974650&CODE_STATE=getMsg HTTP/1.1" 200 27
120.253.135.82 - - [13/Sep/2023:10:59:34 +0800] "POST /xingrg/kc/pszx/mdps_list_operate.html HTTP/1.1" 200 2826
180.165.48.189 - - [13/Sep/2023:10:59:34 +0800] "GET /xingrg/kc/buy/cgsh_order_info.html?code=212023091304931 HTTP/1.1" 200 72413
180.165.48.189 - - [13/Sep/2023:10:59:34 +0800] "GET /xingrg/javascript/easyui/themes/default/validatebox.css HTTP/1.1" 404 1104
180.165.48.189 - - [13/Sep/2023:10:59:34 +0800] "GET /xingrg/all/common/auto_word.html?type=employee&rest_code=00108 HTTP/1.1" 200 101
180.165.48.189 - - [13/Sep/2023:10:59:34 +0800] "GET /xingrg/all/common/auto_word.html?type=employee&rest_code=00108 HTTP/1.1" 200 101
120.253.135.82 - - [13/Sep/2023:10:59:35 +0800] "POST /xingrg/kc/pszx/mdps_list_operate.html HTTP/1.1" 200 653
180.165.48.189 - - [13/Sep/2023:10:59:35 +0800] "POST /xingrg/kc/buy/cgsh_order_operate.html HTTP/1.1" 200 2660
120.253.135.82 - - [13/Sep/2023:10:59:36 +0800] "GET /xingrg/kc/pszx/mdps_order_info.html?code=312023091300328 HTTP/1.1" 200 23978
120.253.135.82 - - [13/Sep/2023:10:59:36 +0800] "GET /xingrg/javascript/easyui/themes/default/validatebox.css HTTP/1.1" 404 1104
120.253.135.82 - - [13/Sep/2023:10:59:37 +0800] "POST /xingrg/kc/pszx/mdps_order_operate.html HTTP/1.1" 200 4898
101.83.145.37 - - [13/Sep/2023:10:59:37 +0800] "GET /xingrg/kc/buy/cgsh_order_list.html HTTP/1.1" 200 56534
120.253.135.82 - - [13/Sep/2023:10:59:39 +0800] "POST /xingrg/kc/pszx/mdps_list_operate.html HTTP/1.1" 200 2826
222.70.180.200 - - [13/Sep/2023:10:59:40 +0800] "GET /xingrg/all/function/internal_message.html?_=1694573981067&CODE_STATE=getMsg HTTP/1.1" 200 27
58.40.7.146 - - [13/Sep/2023:10:59:41 +0800] "GET /xingrg/all/function/internal_message.html?_=1694573981455&CODE_STATE=getMsg HTTP/1.1" 200 27
180.165.48.189 - - [13/Sep/2023:10:59:42 +0800] "GET /xingrg/all/function/internal_message.html?_=1694573983258&CODE_STATE=getMsg HTTP/1.1" 200 27
114.83.222.222 - - [13/Sep/2023:10:59:42 +0800] "GET /xingrg/all/function/internal_message.html?_=1694573981582&CODE_STATE=getMsg HTTP/1.1" 200 27
101.83.145.37 - - [13/Sep/2023:10:59:43 +0800] "GET /xingrg/kc/base/wldb_order_list.html HTTP/1.1" 200 19174
101.83.145.37 - - [13/Sep/2023:10:59:44 +0800] "POST /xingrg/kc/base/wldb_list_operate.html HTTP/1.1" 200 4102
124.78.155.92 - - [13/Sep/2023:10:59:44 +0800] "GET /xingrg/all/function/internal_message.html?_=1694574021690&CODE_STATE=getMsg HTTP/1.1" 200 27
101.83.145.37 - - [13/Sep/2023:10:59:45 +0800] "GET /xingrg/kc/base/wldb_order_add.html HTTP/1.1" 200 30457
101.83.145.37 - - [13/Sep/2023:10:59:45 +0800] "GET /xingrg/all/common/auto_word.html?type=base&rest_code=00105 HTTP/1.1" 200 1907
101.83.145.37 - - [13/Sep/2023:10:59:45 +0800] "GET /xingrg/javascript/easyui/themes/default/validatebox.css HTTP/1.1" 404 1104
101.83.145.37 - - [13/Sep/2023:10:59:45 +0800] "GET /xingrg/all/common/auto_word.html?type=base&rest_code=00105 HTTP/1.1" 200 1907
101.83.145.37 - - [13/Sep/2023:10:59:45 +0800] "POST /xingrg/kc/base/wldb_order_operate.html HTTP/1.1" 200 6806
180.152.241.196 - - [13/Sep/2023:10:59:46 +0800] "GET /xingrg/all/function/internal_message.html?_=1694573986718&CODE_STATE=getMsg HTTP/1.1" 200 27
114.95.241.104 - - [13/Sep/2023:10:59:46 +0800] "GET /xingrg/all/function/internal_message.html?_=1694573985331&CODE_STATE=getMsg HTTP/1.1" 200 27
114.95.241.104 - - [13/Sep/2023:10:59:46 +0800] "GET /xingrg/check_reg.html?_=1694573985336 HTTP/1.1" 200 22
116.228.172.122 - - [13/Sep/2023:10:59:49 +0800] "GET /xingrg/kc/buy/cgsh_order_add.html HTTP/1.1" 200 71369
116.228.172.122 - - [13/Sep/2023:10:59:49 +0800] "GET /xingrg/words/20230912174116_words.js HTTP/1.1" 200 985973
116.228.172.122 - - [13/Sep/2023:10:59:50 +0800] "POST /xingrg/kc/buy/cgsh_order_operate.html HTTP/1.1" 200 8245
116.228.172.122 - - [13/Sep/2023:10:59:50 +0800] "GET /xingrg/javascript/easyui/themes/default/validatebox.css HTTP/1.1" 404 1104
116.228.172.122 - - [13/Sep/2023:10:59:50 +0800] "GET /xingrg/all/common/auto_word.html?type=employee&rest_code=00153 HTTP/1.1" 200 47
116.228.172.122 - - [13/Sep/2023:10:59:50 +0800] "GET /xingrg/all/common/auto_word.html?type=employee&rest_code=00153 HTTP/1.1" 200 47
116.228.172.122 - - [13/Sep/2023:10:59:51 +0800] "GET /xingrg/javascript/auto/indicator.gif HTTP/1.1" 404 1066
101.83.145.37 - - [13/Sep/2023:10:59:52 +0800] "POST /xingrg/kc/buy/cgsh_list_operate.html HTTP/1.1" 200 4802
101.83.145.37 - - [13/Sep/2023:10:59:54 +0800] "GET /xingrg/all/function/internal_message.html?_=1694573784688&CODE_STATE=getMsg HTTP/1.1" 200 27
101.83.145.37 - - [13/Sep/2023:10:59:56 +0800] "GET /xingrg/all/function/internal_message.html?_=1694573997148&CODE_STATE=getMsg HTTP/1.1" 200 27
222.70.180.200 - - [13/Sep/2023:10:59:59 +0800] "GET /xingrg/all/function/internal_message.html?_=1694573996762&CODE_STATE=getMsg HTTP/1.1" 200 27
116.232.195.127 - - [13/Sep/2023:11:00:03 +0800] "GET /xingrg/all/function/internal_message.html?_=1694573879482&CODE_STATE=getMsg HTTP/1.1" 200 27
124.78.155.92 - - [13/Sep/2023:11:00:05 +0800] "GET /xingrg/all/function/internal_message.html?_=1694574004039&CODE_STATE=getMsg HTTP/1.1" 200 27
116.228.172.122 - - [13/Sep/2023:11:00:07 +0800] "GET /xingrg/all/function/internal_message.html?_=1694573713864&CODE_STATE=getMsg HTTP/1.1" 200 27
180.157.248.18 - - [13/Sep/2023:11:00:07 +0800] "GET /xingrg/all/function/internal_message.html?_=1694574008036&CODE_STATE=getMsg HTTP/1.1" 200 27
124.79.246.190 - - [13/Sep/2023:11:00:08 +0800] "POST /xingrg/services/DataTransmitService HTTP/1.1" 200 524
116.228.172.122 - - [13/Sep/2023:11:00:14 +0800] "GET /xingrg/javascript/jquery_tools/images/prev.gif HTTP/1.1" 404 1086
116.228.172.122 - - [13/Sep/2023:11:00:14 +0800] "GET /xingrg/javascript/jquery_tools/images/next.gif HTTP/1.1" 404 1086
222.69.145.204 - - [13/Sep/2023:11:00:14 +0800] "GET /xingrg/all/function/internal_message.html?_=1694574163078&CODE_STATE=getMsg HTTP/1.1" 200 27
180.165.48.189 - - [13/Sep/2023:11:00:17 +0800] "GET /xingrg/javascript/auto/indicator.gif HTTP/1.1" 404 1066
101.228.187.155 - - [13/Sep/2023:11:00:19 +0800] "GET /xingrg/all/function/internal_message.html?_=1694574018288&CODE_STATE=getMsg HTTP/1.1" 200 27
180.165.48.189 - - [13/Sep/2023:11:00:20 +0800] "GET /xingrg/kc/buy/cgsh_order_operate.html?command=get_materiel&rest_code=00108&code=00102011026&supplier_code=00100636&order_time=2023-09-13 HTTP/1.1" 200 412
222.70.180.200 - - [13/Sep/2023:11:00:20 +0800] "GET /xingrg/all/function/internal_message.html?_=1694574021833&CODE_STATE=getMsg HTTP/1.1" 200 27
222.70.180.200 - - [13/Sep/2023:11:00:20 +0800] "GET /xingrg/check_reg.html?_=1694574021835 HTTP/1.1" 200 22
116.228.172.122 - - [13/Sep/2023:11:00:22 +0800] "GET /xingrg/kc/buy/cgsh_order_operate.html?command=get_materiel&rest_code=00153&code=00101008155&supplier_code=00100590&order_time=2023-09-12 HTTP/1.1" 200 408
114.95.241.104 - - [13/Sep/2023:11:00:23 +0800] "GET /xingrg/all/function/internal_message.html?_=1694573905956&CODE_STATE=getMsg HTTP/1.1" 200 27
180.165.48.189 - - [13/Sep/2023:11:00:25 +0800] "GET /xingrg/kc/buy/cgsh_order_operate.html?command=get_materiel&rest_code=00108&code=00101007187&supplier_code=00100636&order_time=2023-09-13 HTTP/1.1" 200 415
180.174.205.229 - - [13/Sep/2023:11:00:25 +0800] "GET /xingrg/all/function/internal_message.html?_=1694574024629&CODE_STATE=getMsg HTTP/1.1" 200 27
180.174.205.229 - - [13/Sep/2023:11:00:25 +0800] "GET /xingrg/check_reg.html?_=1694574024632 HTTP/1.1" 200 22
116.232.195.127 - - [13/Sep/2023:11:00:27 +0800] "GET /xingrg/all/function/internal_message.html?_=1694574028965&CODE_STATE=getMsg HTTP/1.1" 302 -
180.169.147.146 - - [13/Sep/2023:11:00:28 +0800] "GET /xingrg/all/function/internal_message.html?_=1694574023847&CODE_STATE=getMsg HTTP/1.1" 200 27
124.79.246.190 - - [13/Sep/2023:11:00:28 +0800] "GET /xingrg/all/function/internal_message.html?_=1694574325034&CODE_STATE=getMsg HTTP/1.1" 200 27
116.228.172.122 - - [13/Sep/2023:11:00:31 +0800] "GET /xingrg/kc/buy/cgsh_order_operate.html?command=get_materiel&rest_code=00153&code=00101008350&supplier_code=00100590&order_time=2023-09-12 HTTP/1.1" 200 408
222.70.107.27 - - [13/Sep/2023:11:00:31 +0800] "GET /xingrg/all/function/internal_message.html?_=1694574034634&CODE_STATE=getMsg HTTP/1.1" 200 27
116.228.172.122 - - [13/Sep/2023:11:00:35 +0800] "GET /xingrg/kc/buy/cgsh_order_operate.html?command=get_materiel&rest_code=00153&code=00101016051&supplier_code=00100590&order_time=2023-09-12 HTTP/1.1" 200 408
222.70.180.200 - - [13/Sep/2023:11:00:40 +0800] "GET /xingrg/all/function/internal_message.html?_=1694574041047&CODE_STATE=getMsg HTTP/1.1" 200 27
58.40.7.146 - - [13/Sep/2023:11:00:41 +0800] "GET /xingrg/all/function/internal_message.html?_=1694574041443&CODE_STATE=getMsg HTTP/1.1" 200 27
222.70.180.200 - - [13/Sep/2023:11:00:41 +0800] "GET /xingrg/check_reg.html?_=1694574041641 HTTP/1.1" 200 22
116.228.172.122 - - [13/Sep/2023:11:00:41 +0800] "GET /xingrg/kc/buy/cgsh_order_operate.html?command=get_materiel&rest_code=00153&code=00101008046&supplier_code=00100590&order_time=2023-09-12 HTTP/1.1" 200 408
114.83.222.222 - - [13/Sep/2023:11:00:42 +0800] "GET /xingrg/all/function/internal_message.html?_=1694574041570&CODE_STATE=getMsg HTTP/1.1" 200 27
180.165.48.189 - - [13/Sep/2023:11:00:42 +0800] "GET /xingrg/all/function/internal_message.html?_=1694574043259&CODE_STATE=getMsg HTTP/1.1" 200 27
124.78.155.92 - - [13/Sep/2023:11:00:44 +0800] "GET /xingrg/all/function/internal_message.html?_=1694574081678&CODE_STATE=getMsg HTTP/1.1" 200 27
180.152.241.196 - - [13/Sep/2023:11:00:46 +0800] "GET /xingrg/all/function/internal_message.html?_=1694574046715&CODE_STATE=getMsg HTTP/1.1" 200 27
180.152.241.196 - - [13/Sep/2023:11:00:46 +0800] "GET /xingrg/check_reg.html?_=1694574046717 HTTP/1.1" 200 22
116.228.172.122 - - [13/Sep/2023:11:00:46 +0800] "GET /xingrg/kc/buy/cgsh_order_operate.html?command=get_materiel&rest_code=00153&code=00101016025&supplier_code=00100590&order_time=2023-09-12 HTTP/1.1" 200 410
114.95.241.104 - - [13/Sep/2023:11:00:46 +0800] "GET /xingrg/all/function/internal_message.html?_=1694574045339&CODE_STATE=getMsg HTTP/1.1" 200 27
101.83.145.37 - - [13/Sep/2023:11:00:54 +0800] "GET /xingrg/all/function/internal_message.html?_=1694573844688&CODE_STATE=getMsg HTTP/1.1" 200 27
101.83.145.37 - - [13/Sep/2023:11:00:56 +0800] "GET /xingrg/all/function/internal_message.html?_=1694574057141&CODE_STATE=getMsg HTTP/1.1" 200 27
222.70.180.200 - - [13/Sep/2023:11:00:59 +0800] "GET /xingrg/all/function/internal_message.html?_=1694574056764&CODE_STATE=getMsg HTTP/1.1" 200 27
116.232.195.127 - - [13/Sep/2023:11:01:03 +0800] "GET /xingrg/all/function/internal_message.html?_=1694573939466&CODE_STATE=getMsg HTTP/1.1" 200 27
124.78.155.92 - - [13/Sep/2023:11:01:05 +0800] "GET /xingrg/all/function/internal_message.html?_=1694574064024&CODE_STATE=getMsg HTTP/1.1" 200 27
116.228.172.122 - - [13/Sep/2023:11:01:07 +0800] "GET /xingrg/all/function/internal_message.html?_=1694573773860&CODE_STATE=getMsg HTTP/1.1" 200 27
180.157.248.18 - - [13/Sep/2023:11:01:07 +0800] "GET /xingrg/check_reg.html?_=1694574068025 HTTP/1.1" 200 22
180.157.248.18 - - [13/Sep/2023:11:01:07 +0800] "GET /xingrg/all/function/internal_message.html?_=1694574068033&CODE_STATE=getMsg HTTP/1.1" 200 27
222.69.145.204 - - [13/Sep/2023:11:01:14 +0800] "GET /xingrg/all/function/internal_message.html?_=1694574223083&CODE_STATE=getMsg HTTP/1.1" 200 27
116.228.172.122 - - [13/Sep/2023:11:01:17 +0800] "GET /xingrg/kc/buy/cgsh_order_operate.html?command=get_materiel&rest_code=00153&code=00101008368&supplier_code=00100590&order_time=2023-09-12 HTTP/1.1" 200 408
101.228.187.155 - - [13/Sep/2023:11:01:19 +0800] "GET /xingrg/all/function/internal_message.html?_=1694574078288&CODE_STATE=getMsg HTTP/1.1" 200 27
222.70.180.200 - - [13/Sep/2023:11:01:20 +0800] "GET /xingrg/all/function/internal_message.html?_=1694574081835&CODE_STATE=getMsg HTTP/1.1" 200 27
114.95.241.104 - - [13/Sep/2023:11:01:23 +0800] "GET /xingrg/all/function/internal_message.html?_=1694573966020&CODE_STATE=getMsg HTTP/1.1" 200 27
180.174.205.229 - - [13/Sep/2023:11:01:25 +0800] "GET /xingrg/all/function/internal_message.html?_=1694574084640&CODE_STATE=getMsg HTTP/1.1" 200 27
116.232.195.127 - - [13/Sep/2023:11:01:27 +0800] "GET /xingrg/all/function/internal_message.html?_=1694574088959&CODE_STATE=getMsg HTTP/1.1" 302 -
180.169.147.146 - - [13/Sep/2023:11:01:28 +0800] "GET /xingrg/all/function/internal_message.html?_=1694574083838&CODE_STATE=getMsg HTTP/1.1" 200 27
124.79.246.190 - - [13/Sep/2023:11:01:28 +0800] "GET /xingrg/all/function/internal_message.html?_=1694574385033&CODE_STATE=getMsg HTTP/1.1" 200 27
180.165.48.189 - - [13/Sep/2023:11:01:30 +0800] "POST /xingrg/kc/buy/cgsh_order_operate.html HTTP/1.1" 200 37
222.70.107.27 - - [13/Sep/2023:11:01:31 +0800] "GET /xingrg/all/function/internal_message.html?_=1694574094635&CODE_STATE=getMsg HTTP/1.1" 200 27
180.165.48.189 - - [13/Sep/2023:11:01:34 +0800] "POST /xingrg/kc/buy/cgsh_order_operate.html HTTP/1.1" 200 3255
180.165.48.189 - - [13/Sep/2023:11:01:36 +0800] "GET /xingrg/kc/print/load_config.html?kc_code=cgsh HTTP/1.1" 200 1924
180.165.48.189 - - [13/Sep/2023:11:01:37 +0800] "GET /xingrg/kc/print/load_data.html?order_code=212023091304931&kc_code=cgsh&condition= HTTP/1.1" 200 897
116.228.172.122 - - [13/Sep/2023:11:01:39 +0800] "GET /xingrg/kc/buy/cgsh_order_operate.html?command=get_materiel&rest_code=00153&code=00101012029&supplier_code=00100590&order_time=2023-09-12 HTTP/1.1" 200 412
222.70.180.200 - - [13/Sep/2023:11:01:40 +0800] "GET /xingrg/all/function/internal_message.html?_=1694574101030&CODE_STATE=getMsg HTTP/1.1" 200 27
58.40.7.146 - - [13/Sep/2023:11:01:41 +0800] "GET /xingrg/all/function/internal_message.html?_=1694574101430&CODE_STATE=getMsg HTTP/1.1" 200 27
114.83.222.222 - - [13/Sep/2023:11:01:42 +0800] "GET /xingrg/all/function/internal_message.html?_=1694574101576&CODE_STATE=getMsg HTTP/1.1" 200 27
180.165.48.189 - - [13/Sep/2023:11:01:43 +0800] "GET /xingrg/all/function/internal_message.html?_=1694574103282&CODE_STATE=getMsg HTTP/1.1" 200 27
124.78.155.92 - - [13/Sep/2023:11:01:44 +0800] "GET /xingrg/login.html?r=1 HTTP/1.1" 200 7641
124.78.155.92 - - [13/Sep/2023:11:01:44 +0800] "GET /xingrg/all/function/internal_message.html?_=1694574141675&CODE_STATE=getMsg HTTP/1.1" 200 27
124.78.155.92 - - [13/Sep/2023:11:01:44 +0800] "GET /favicon.ico HTTP/1.1" 404 -
116.228.172.122 - - [13/Sep/2023:11:01:46 +0800] "GET /xingrg/kc/buy/cgsh_order_operate.html?command=get_materiel&rest_code=00153&code=00101007109&supplier_code=00100590&order_time=2023-09-12 HTTP/1.1" 200 408
180.152.241.196 - - [13/Sep/2023:11:01:46 +0800] "GET /xingrg/all/function/internal_message.html?_=1694574106717&CODE_STATE=getMsg HTTP/1.1" 200 27
114.95.241.104 - - [13/Sep/2023:11:01:46 +0800] "GET /xingrg/all/function/internal_message.html?_=1694574105340&CODE_STATE=getMsg HTTP/1.1" 200 27
124.78.155.92 - - [13/Sep/2023:11:01:47 +0800] "POST /xingrg/login.do HTTP/1.1" 302 -
124.78.155.92 - - [13/Sep/2023:11:01:47 +0800] "GET /xingrg/index.html?sysBaseUrl=http%3A%2F%2F180.169.147.146%3A18081%2Fxingrg%2F&costTime=848×tamp=1694574107385 HTTP/1.1" 200 17173
124.78.155.92 - - [13/Sep/2023:11:01:47 +0800] "GET /favicon.ico HTTP/1.1" 404 -
124.78.155.92 - - [13/Sep/2023:11:01:47 +0800] "GET /xingrg/check_reg.html?_=1694574108787 HTTP/1.1" 200 22
124.78.155.92 - - [13/Sep/2023:11:01:47 +0800] "GET /xingrg/all/function/internal_message.html?_=1694574108786&CODE_STATE=count HTTP/1.1" 200 11
124.78.155.92 - - [13/Sep/2023:11:01:47 +0800] "POST /xingrg/all/common/load_tree.html?tree=area_rest_tree_json&manage=1 HTTP/1.1" 200 342
124.78.155.92 - - [13/Sep/2023:11:01:47 +0800] "POST /xingrg/load_menu.html HTTP/1.1" 200 5138
124.78.155.92 - - [13/Sep/2023:11:01:50 +0800] "GET /xingrg/kc/base/base_main.html HTTP/1.1" 200 12142
116.228.172.122 - - [13/Sep/2023:11:01:51 +0800] "GET /xingrg/kc/buy/cgsh_order_operate.html?command=get_materiel&rest_code=00153&code=00101008201&supplier_code=00100590&order_time=2023-09-12 HTTP/1.1" 200 412
124.78.155.92 - - [13/Sep/2023:11:01:51 +0800] "GET /xingrg/kc/base/wldb_order_list.html HTTP/1.1" 200 19174
124.78.155.92 - - [13/Sep/2023:11:01:52 +0800] "POST /xingrg/kc/base/wldb_list_operate.html HTTP/1.1" 200 928
101.83.145.37 - - [13/Sep/2023:11:01:54 +0800] "GET /xingrg/check_reg.html?_=1694573904689 HTTP/1.1" 200 22
101.83.145.37 - - [13/Sep/2023:11:01:54 +0800] "GET /xingrg/all/function/internal_message.html?_=1694573904692&CODE_STATE=getMsg HTTP/1.1" 200 27
124.78.155.92 - - [13/Sep/2023:11:01:56 +0800] "GET /xingrg/kc/base/wldb_order_add.html HTTP/1.1" 200 30457
124.78.155.92 - - [13/Sep/2023:11:01:56 +0800] "GET /xingrg/words/20230912174116_words.js HTTP/1.1" 304 -
101.83.145.37 - - [13/Sep/2023:11:01:56 +0800] "GET /xingrg/all/function/internal_message.html?_=1694574117104&CODE_STATE=getMsg HTTP/1.1" 200 27
124.78.155.92 - - [13/Sep/2023:11:01:56 +0800] "GET /xingrg/all/common/auto_word.html?type=base&rest_code=00106 HTTP/1.1" 200 1799
124.78.155.92 - - [13/Sep/2023:11:01:56 +0800] "GET /xingrg/all/common/auto_word.html?type=base&rest_code=00106 HTTP/1.1" 200 1799
124.78.155.92 - - [13/Sep/2023:11:01:56 +0800] "GET /xingrg/javascript/easyui/themes/default/validatebox.css HTTP/1.1" 404 1104
124.78.155.92 - - [13/Sep/2023:11:01:56 +0800] "POST /xingrg/kc/base/wldb_order_operate.html HTTP/1.1" 200 6806
116.228.172.122 - - [13/Sep/2023:11:01:57 +0800] "GET /xingrg/kc/buy/cgsh_order_operate.html?command=get_materiel&rest_code=00153&code=00101008357&supplier_code=00100590&order_time=2023-09-12 HTTP/1.1" 200 408
124.78.155.92 - - [13/Sep/2023:11:01:58 +0800] "POST /xingrg/all/common/load_combo.html?type=base HTTP/1.1" 200 3227
222.70.180.200 - - [13/Sep/2023:11:01:59 +0800] "GET /xingrg/all/function/internal_message.html?_=1694574116754&CODE_STATE=getMsg HTTP/1.1" 200 27
124.78.155.92 - - [13/Sep/2023:11:02:02 +0800] "POST /xingrg/all/common/load_combo.html?type=base HTTP/1.1" 200 3227
116.228.172.122 - - [13/Sep/2023:11:02:02 +0800] "GET /xingrg/kc/buy/cgsh_order_operate.html?command=get_materiel&rest_code=00153&code=00101008270&supplier_code=00100590&order_time=2023-09-12 HTTP/1.1" 200 412
116.232.195.127 - - [13/Sep/2023:11:02:03 +0800] "GET /xingrg/all/function/internal_message.html?_=1694573999440&CODE_STATE=getMsg HTTP/1.1" 200 27
124.78.155.92 - - [13/Sep/2023:11:02:05 +0800] "GET /xingrg/check_reg.html?_=1694574124026 HTTP/1.1" 200 22
124.78.155.92 - - [13/Sep/2023:11:02:05 +0800] "GET /xingrg/all/function/internal_message.html?_=1694574124031&CODE_STATE=getMsg HTTP/1.1" 200 27
116.228.172.122 - - [13/Sep/2023:11:02:07 +0800] "GET /xingrg/all/function/internal_message.html?_=1694573833876&CODE_STATE=getMsg HTTP/1.1" 200 27
116.228.172.122 - - [13/Sep/2023:11:02:07 +0800] "GET /xingrg/kc/buy/cgsh_order_operate.html?command=get_materiel&rest_code=00153&code=00101008150&supplier_code=00100590&order_time=2023-09-12 HTTP/1.1" 200 409
180.157.248.18 - - [13/Sep/2023:11:02:07 +0800] "GET /xingrg/all/function/internal_message.html?_=1694574128060&CODE_STATE=getMsg HTTP/1.1" 200 27
