114.95.241.104 - - [13/Sep/2023:10:13:28 +0800] "GET /xingrg/javascript/pic_change.js HTTP/1.1" 304 -
114.95.241.104 - - [13/Sep/2023:10:13:28 +0800] "GET /xingrg/javascript/jquery_tools/order_manager.js HTTP/1.1" 304 -
114.95.241.104 - - [13/Sep/2023:10:13:28 +0800] "GET /xingrg/javascript/json2.js HTTP/1.1" 304 -
114.95.241.104 - - [13/Sep/2023:10:13:28 +0800] "GET /xingrg/javascript/convert.js HTTP/1.1" 304 -
114.95.241.104 - - [13/Sep/2023:10:13:28 +0800] "GET /xingrg/javascript/print/kc_print.js HTTP/1.1" 304 -
114.95.241.104 - - [13/Sep/2023:10:13:28 +0800] "GET /xingrg/words/20230912174116_words.js HTTP/1.1" 304 -
114.95.241.104 - - [13/Sep/2023:10:13:28 +0800] "POST /xingrg/kc/base/wldb_order_operate.html HTTP/1.1" 200 6806
114.95.241.104 - - [13/Sep/2023:10:13:28 +0800] "GET /xingrg/all/common/auto_word.html?type=base&rest_code=00150 HTTP/1.1" 200 1853
114.95.241.104 - - [13/Sep/2023:10:13:29 +0800] "GET /xingrg/all/common/auto_word.html?type=base&rest_code=00150 HTTP/1.1" 200 1853
114.95.241.104 - - [13/Sep/2023:10:13:29 +0800] "GET /xingrg/javascript/easyui/plugins/jquery.validatebox.js HTTP/1.1" 304 -
114.95.241.104 - - [13/Sep/2023:10:13:29 +0800] "GET /xingrg/javascript/easyui/themes/default/validatebox.css HTTP/1.1" 404 1104
114.95.241.104 - - [13/Sep/2023:10:13:29 +0800] "GET /xingrg/javascript/easyui/plugins/jquery.numberbox.js HTTP/1.1" 304 -
222.70.107.27 - - [13/Sep/2023:10:13:32 +0800] "GET /xingrg/all/function/internal_message.html?_=1694571214523&CODE_STATE=getMsg HTTP/1.1" 200 27
114.95.241.104 - - [13/Sep/2023:10:13:32 +0800] "POST /xingrg/all/common/load_combo.html?type=base HTTP/1.1" 200 3318
114.95.241.104 - - [13/Sep/2023:10:13:36 +0800] "GET /xingrg/javascript/auto/indicator.gif HTTP/1.1" 404 1066
116.230.112.9 - - [13/Sep/2023:10:13:38 +0800] "GET /xingrg/kc/buy/cgsh_order_operate.html?command=get_materiel&rest_code=00146&code=00101023022&supplier_code=00100033&order_time=2023-09-13 HTTP/1.1" 200 406
180.152.241.196 - - [13/Sep/2023:10:13:38 +0800] "GET /xingrg/all/function/internal_message.html?_=1694571218964&CODE_STATE=getMsg HTTP/1.1" 200 27
222.70.180.200 - - [13/Sep/2023:10:13:41 +0800] "GET /xingrg/all/function/internal_message.html?_=1694571221768&CODE_STATE=getMsg HTTP/1.1" 200 27
58.40.7.146 - - [13/Sep/2023:10:13:42 +0800] "GET /xingrg/all/function/internal_message.html?_=1694571222246&CODE_STATE=getMsg HTTP/1.1" 200 27
58.40.7.146 - - [13/Sep/2023:10:13:42 +0800] "GET /xingrg/check_reg.html?_=1694571222670 HTTP/1.1" 200 22
124.78.155.92 - - [13/Sep/2023:10:13:44 +0800] "GET /xingrg/all/function/internal_message.html?_=1694571261687&CODE_STATE=getMsg HTTP/1.1" 200 27
124.78.155.92 - - [13/Sep/2023:10:13:44 +0800] "GET /xingrg/check_reg.html?_=1694571261690 HTTP/1.1" 200 22
114.95.241.104 - - [13/Sep/2023:10:13:47 +0800] "GET /xingrg/kc/base/wldb_order_operate.html?command=get_materiel&rest_code=00150&base_code=0010445&code=00101019258 HTTP/1.1" 200 483
116.230.112.9 - - [13/Sep/2023:10:13:50 +0800] "POST /xingrg/kc/buy/cgsh_order_operate.html HTTP/1.1" 200 37
180.163.29.206 - - [13/Sep/2023:10:13:53 +0800] "GET /xingrg/check_reg.html?_=1694571172169 HTTP/1.1" 302 -
180.163.29.206 - - [13/Sep/2023:10:13:53 +0800] "GET /xingrg/login.html HTTP/1.1" 200 7641
124.78.155.92 - - [13/Sep/2023:10:13:53 +0800] "GET /xingrg/all/function/internal_message.html?_=1694571232108&CODE_STATE=getMsg HTTP/1.1" 200 27
101.83.145.37 - - [13/Sep/2023:10:13:54 +0800] "GET /xingrg/all/function/internal_message.html?_=1694571024632&CODE_STATE=getMsg HTTP/1.1" 200 27
114.95.241.104 - - [13/Sep/2023:10:13:55 +0800] "GET /xingrg/kc/base/wldb_order_operate.html?command=get_materiel&rest_code=00150&base_code=0010445&code=00101019185 HTTP/1.1" 200 469
101.83.145.37 - - [13/Sep/2023:10:13:57 +0800] "GET /xingrg/all/function/internal_message.html?_=1694571237958&CODE_STATE=getMsg HTTP/1.1" 200 27
116.232.195.127 - - [13/Sep/2023:10:13:59 +0800] "POST /xingrg/kc/buy/cgsh_list_operate.html HTTP/1.1" 200 3592
180.152.241.196 - - [13/Sep/2023:10:14:03 +0800] "POST /xingrg/kc/buy/cgsh_order_operate.html HTTP/1.1" 200 37
116.232.195.127 - - [13/Sep/2023:10:14:04 +0800] "GET /xingrg/all/function/internal_message.html?_=1694571120277&CODE_STATE=getMsg HTTP/1.1" 200 27
116.230.112.9 - - [13/Sep/2023:10:14:05 +0800] "POST /xingrg/kc/buy/cgsh_order_operate.html HTTP/1.1" 200 5611
180.152.241.196 - - [13/Sep/2023:10:14:06 +0800] "POST /xingrg/kc/buy/cgsh_order_operate.html HTTP/1.1" 200 2652
114.95.241.104 - - [13/Sep/2023:10:14:07 +0800] "GET /xingrg/kc/base/wldb_order_operate.html?command=get_materiel&rest_code=00150&base_code=0010445&code=00101019164 HTTP/1.1" 200 466
114.95.241.104 - - [13/Sep/2023:10:14:11 +0800] "GET /xingrg/check_reg.html?_=1694571250116 HTTP/1.1" 200 22
114.95.241.104 - - [13/Sep/2023:10:14:11 +0800] "GET /xingrg/all/function/internal_message.html?_=1694571250119&CODE_STATE=getMsg HTTP/1.1" 200 27
222.69.145.204 - - [13/Sep/2023:10:14:14 +0800] "GET /xingrg/all/function/internal_message.html?_=1694571403073&CODE_STATE=getMsg HTTP/1.1" 200 27
114.95.241.104 - - [13/Sep/2023:10:14:15 +0800] "GET /xingrg/kc/base/wldb_order_operate.html?command=get_materiel&rest_code=00150&base_code=0010445&code=00101019175 HTTP/1.1" 200 439
116.230.112.9 - - [13/Sep/2023:10:14:17 +0800] "GET /xingrg/all/function/internal_message.html?_=1694571266862&CODE_STATE=getMsg HTTP/1.1" 200 27
116.230.112.9 - - [13/Sep/2023:10:14:17 +0800] "GET /xingrg/kc/buy/cgsh_order_add.html HTTP/1.1" 200 72316
116.230.112.9 - - [13/Sep/2023:10:14:18 +0800] "POST /xingrg/kc/buy/cgsh_order_operate.html HTTP/1.1" 200 8245
116.232.195.127 - - [13/Sep/2023:10:14:18 +0800] "GET /xingrg/check_reg.html?_=1694571134312 HTTP/1.1" 200 22
116.230.112.9 - - [13/Sep/2023:10:14:18 +0800] "GET /xingrg/javascript/easyui/themes/default/validatebox.css HTTP/1.1" 404 1104
114.95.241.104 - - [13/Sep/2023:10:14:22 +0800] "GET /xingrg/all/function/internal_message.html?_=1694571144957&CODE_STATE=getMsg HTTP/1.1" 200 27
180.174.205.229 - - [13/Sep/2023:10:14:25 +0800] "GET /xingrg/all/function/internal_message.html?_=1694571264577&CODE_STATE=getMsg HTTP/1.1" 200 27
114.95.241.104 - - [13/Sep/2023:10:14:25 +0800] "GET /xingrg/kc/base/wldb_order_operate.html?command=get_materiel&rest_code=00150&base_code=0010445&code=00101019391 HTTP/1.1" 200 485
116.232.195.127 - - [13/Sep/2023:10:14:27 +0800] "GET /xingrg/all/function/internal_message.html?_=1694571268966&CODE_STATE=getMsg HTTP/1.1" 302 -
172.20.0.100 - - [13/Sep/2023:10:14:28 +0800] "GET /favicon.ico HTTP/1.1" 404 -
124.79.246.190 - - [13/Sep/2023:10:14:28 +0800] "GET /xingrg/all/function/internal_message.html?_=1694571564954&CODE_STATE=getMsg HTTP/1.1" 200 27
180.169.147.146 - - [13/Sep/2023:10:14:28 +0800] "GET /xingrg/all/function/internal_message.html?_=1694571263757&CODE_STATE=getMsg HTTP/1.1" 200 27
172.20.0.100 - - [13/Sep/2023:10:14:28 +0800] "GET /favicon.ico HTTP/1.1" 404 -
172.20.0.100 - - [13/Sep/2023:10:14:29 +0800] "GET /favicon.ico HTTP/1.1" 404 -
116.230.112.9 - - [13/Sep/2023:10:14:29 +0800] "POST /xingrg/kc/buy/cgsh_list_operate.html HTTP/1.1" 200 2303
222.70.107.27 - - [13/Sep/2023:10:14:32 +0800] "GET /xingrg/all/function/internal_message.html?_=1694571274529&CODE_STATE=getMsg HTTP/1.1" 200 27
222.70.107.27 - - [13/Sep/2023:10:14:32 +0800] "GET /xingrg/check_reg.html?_=1694571274537 HTTP/1.1" 200 22
114.95.241.104 - - [13/Sep/2023:10:14:34 +0800] "GET /xingrg/kc/base/wldb_order_operate.html?command=get_materiel&rest_code=00150&base_code=0010445&code=00101019071 HTTP/1.1" 200 471
116.230.112.9 - - [13/Sep/2023:10:14:36 +0800] "POST /xingrg/kc/buy/cgsh_list_operate.html HTTP/1.1" 200 573
116.230.112.9 - - [13/Sep/2023:10:14:39 +0800] "GET /xingrg/kc/buy/cgsh_order_info.html?code=212023091304936 HTTP/1.1" 200 72327
116.230.112.9 - - [13/Sep/2023:10:14:39 +0800] "GET /xingrg/javascript/easyui/themes/default/validatebox.css HTTP/1.1" 404 1104
116.230.112.9 - - [13/Sep/2023:10:14:40 +0800] "POST /xingrg/kc/buy/cgsh_order_operate.html HTTP/1.1" 200 5611
222.70.180.200 - - [13/Sep/2023:10:14:41 +0800] "GET /xingrg/all/function/internal_message.html?_=1694571281763&CODE_STATE=getMsg HTTP/1.1" 200 27
114.95.241.104 - - [13/Sep/2023:10:14:41 +0800] "GET /xingrg/kc/base/wldb_order_operate.html?command=get_materiel&rest_code=00150&base_code=0010445&code=00101019535 HTTP/1.1" 200 477
58.40.7.146 - - [13/Sep/2023:10:14:42 +0800] "GET /xingrg/all/function/internal_message.html?_=1694571282219&CODE_STATE=getMsg HTTP/1.1" 200 27
116.230.112.9 - - [13/Sep/2023:10:14:44 +0800] "GET /xingrg/kc/print/load_data.html?order_code=212023091304936&kc_code=cgsh&condition= HTTP/1.1" 200 1838
124.78.155.92 - - [13/Sep/2023:10:14:44 +0800] "GET /xingrg/all/function/internal_message.html?_=1694571321686&CODE_STATE=getMsg HTTP/1.1" 200 27
114.95.241.104 - - [13/Sep/2023:10:14:50 +0800] "GET /xingrg/kc/base/wldb_order_operate.html?command=get_materiel&rest_code=00150&base_code=0010445&code=00101019438 HTTP/1.1" 200 460
116.230.112.9 - - [13/Sep/2023:10:14:52 +0800] "GET /xingrg/kc/buy/cgsh_order_add.html HTTP/1.1" 200 72316
116.230.112.9 - - [13/Sep/2023:10:14:53 +0800] "POST /xingrg/kc/buy/cgsh_order_operate.html HTTP/1.1" 200 8245
116.230.112.9 - - [13/Sep/2023:10:14:53 +0800] "GET /xingrg/javascript/easyui/themes/default/validatebox.css HTTP/1.1" 404 1104
124.78.155.92 - - [13/Sep/2023:10:14:53 +0800] "GET /xingrg/all/function/internal_message.html?_=1694571292079&CODE_STATE=getMsg HTTP/1.1" 200 27
101.83.145.37 - - [13/Sep/2023:10:14:54 +0800] "GET /xingrg/all/function/internal_message.html?_=1694571084632&CODE_STATE=getMsg HTTP/1.1" 200 27
114.95.241.104 - - [13/Sep/2023:10:14:57 +0800] "GET /xingrg/kc/base/wldb_order_operate.html?command=get_materiel&rest_code=00150&base_code=0010445&code=00101019400 HTTP/1.1" 200 464
101.83.145.37 - - [13/Sep/2023:10:14:57 +0800] "GET /xingrg/all/function/internal_message.html?_=1694571297955&CODE_STATE=getMsg HTTP/1.1" 200 27
114.95.241.104 - - [13/Sep/2023:10:15:03 +0800] "GET /xingrg/kc/base/wldb_order_operate.html?command=get_materiel&rest_code=00150&base_code=0010445&code=00101019183 HTTP/1.1" 200 449
116.232.195.127 - - [13/Sep/2023:10:15:04 +0800] "GET /xingrg/all/function/internal_message.html?_=1694571180256&CODE_STATE=getMsg HTTP/1.1" 200 27
114.95.241.104 - - [13/Sep/2023:10:15:11 +0800] "GET /xingrg/kc/base/wldb_order_operate.html?command=get_materiel&rest_code=00150&base_code=0010445&code=00101019222 HTTP/1.1" 200 454
114.95.241.104 - - [13/Sep/2023:10:15:11 +0800] "GET /xingrg/all/function/internal_message.html?_=1694571310105&CODE_STATE=getMsg HTTP/1.1" 200 27
222.70.180.200 - - [13/Sep/2023:10:15:13 +0800] "GET /xingrg/kc/buy/cgsh_order_operate.html?command=get_materiel&rest_code=00111&code=00101011005&supplier_code=00100012&order_time=2023-09-13 HTTP/1.1" 200 429
222.69.145.204 - - [13/Sep/2023:10:15:14 +0800] "GET /xingrg/all/function/internal_message.html?_=1694571463076&CODE_STATE=getMsg HTTP/1.1" 200 27
116.230.112.9 - - [13/Sep/2023:10:15:17 +0800] "GET /xingrg/all/function/internal_message.html?_=1694571326875&CODE_STATE=getMsg HTTP/1.1" 200 27
114.95.241.104 - - [13/Sep/2023:10:15:21 +0800] "GET /xingrg/kc/base/wldb_order_operate.html?command=get_materiel&rest_code=00150&base_code=0010445&code=00101016094 HTTP/1.1" 200 469
114.95.241.104 - - [13/Sep/2023:10:15:22 +0800] "GET /xingrg/all/function/internal_message.html?_=1694571204971&CODE_STATE=getMsg HTTP/1.1" 200 27
180.174.205.229 - - [13/Sep/2023:10:15:25 +0800] "GET /xingrg/all/function/internal_message.html?_=1694571324577&CODE_STATE=getMsg HTTP/1.1" 200 27
180.174.205.229 - - [13/Sep/2023:10:15:25 +0800] "GET /xingrg/check_reg.html?_=1694571324578 HTTP/1.1" 200 22
116.232.195.127 - - [13/Sep/2023:10:15:27 +0800] "GET /xingrg/all/function/internal_message.html?_=1694571328972&CODE_STATE=getMsg HTTP/1.1" 302 -
124.79.246.190 - - [13/Sep/2023:10:15:28 +0800] "GET /xingrg/all/function/internal_message.html?_=1694571624951&CODE_STATE=getMsg HTTP/1.1" 200 27
116.230.112.9 - - [13/Sep/2023:10:15:28 +0800] "GET /xingrg/kc/buy/cgsh_order_operate.html?command=get_materiel&rest_code=00146&code=00101001032&supplier_code=00100041&order_time=2023-09-13 HTTP/1.1" 200 415
180.169.147.146 - - [13/Sep/2023:10:15:28 +0800] "GET /xingrg/all/function/internal_message.html?_=1694571323758&CODE_STATE=getMsg HTTP/1.1" 200 27
114.95.241.104 - - [13/Sep/2023:10:15:30 +0800] "POST /xingrg/kc/base/wldb_order_operate.html HTTP/1.1" 200 37
222.70.107.27 - - [13/Sep/2023:10:15:32 +0800] "GET /xingrg/all/function/internal_message.html?_=1694571334521&CODE_STATE=getMsg HTTP/1.1" 200 27
114.95.241.104 - - [13/Sep/2023:10:15:36 +0800] "POST /xingrg/kc/base/wldb_order_operate.html HTTP/1.1" 200 12
114.95.241.104 - - [13/Sep/2023:10:15:37 +0800] "POST /xingrg/kc/base/wldb_order_operate.html HTTP/1.1" 200 7703
114.95.241.104 - - [13/Sep/2023:10:15:38 +0800] "GET /xingrg/kc/base/wldb_order_info.html?code=422023091301219 HTTP/1.1" 200 26354
114.95.241.104 - - [13/Sep/2023:10:15:38 +0800] "GET /xingrg/javascript/easyui/themes/default/validatebox.css HTTP/1.1" 404 1104
114.95.241.104 - - [13/Sep/2023:10:15:39 +0800] "POST /xingrg/kc/base/wldb_order_operate.html HTTP/1.1" 200 5871
114.95.241.104 - - [13/Sep/2023:10:15:41 +0800] "GET /xingrg/kc/base/wldb_order_add.html HTTP/1.1" 200 30471
222.70.180.200 - - [13/Sep/2023:10:15:41 +0800] "GET /xingrg/check_reg.html?_=1694571341776 HTTP/1.1" 200 22
222.70.180.200 - - [13/Sep/2023:10:15:41 +0800] "GET /xingrg/all/function/internal_message.html?_=1694571341768&CODE_STATE=getMsg HTTP/1.1" 200 27
114.95.241.104 - - [13/Sep/2023:10:15:41 +0800] "POST /xingrg/kc/base/wldb_order_operate.html HTTP/1.1" 200 6806
114.95.241.104 - - [13/Sep/2023:10:15:42 +0800] "GET /xingrg/javascript/easyui/themes/default/validatebox.css HTTP/1.1" 404 1104
58.40.7.146 - - [13/Sep/2023:10:15:42 +0800] "GET /xingrg/all/function/internal_message.html?_=1694571342218&CODE_STATE=getMsg HTTP/1.1" 200 27
114.95.241.104 - - [13/Sep/2023:10:15:42 +0800] "POST /xingrg/all/common/load_combo.html?type=base HTTP/1.1" 200 3318
180.152.241.196 - - [13/Sep/2023:10:15:43 +0800] "GET /xingrg/login.html HTTP/1.1" 200 7641
180.152.241.196 - - [13/Sep/2023:10:15:44 +0800] "GET /favicon.ico HTTP/1.1" 404 -
124.78.155.92 - - [13/Sep/2023:10:15:44 +0800] "GET /xingrg/all/function/internal_message.html?_=1694571381678&CODE_STATE=getMsg HTTP/1.1" 200 27
180.152.241.196 - - [13/Sep/2023:10:15:45 +0800] "POST /xingrg/login.do HTTP/1.1" 302 -
180.152.241.196 - - [13/Sep/2023:10:15:46 +0800] "GET /xingrg/index.html?sysBaseUrl=http%3A%2F%2F180.169.147.146%3A18081%2Fxingrg%2F&costTime=901×tamp=1694571345976 HTTP/1.1" 200 17173
180.152.241.196 - - [13/Sep/2023:10:15:46 +0800] "GET /favicon.ico HTTP/1.1" 404 -
180.152.241.196 - - [13/Sep/2023:10:15:46 +0800] "GET /xingrg/check_reg.html?_=1694571346694 HTTP/1.1" 200 22
180.152.241.196 - - [13/Sep/2023:10:15:46 +0800] "GET /xingrg/all/function/internal_message.html?_=1694571346693&CODE_STATE=count HTTP/1.1" 200 11
180.152.241.196 - - [13/Sep/2023:10:15:46 +0800] "POST /xingrg/all/common/load_tree.html?tree=area_rest_tree_json&manage=1 HTTP/1.1" 200 342
180.152.241.196 - - [13/Sep/2023:10:15:46 +0800] "POST /xingrg/load_menu.html HTTP/1.1" 200 5138
180.152.241.196 - - [13/Sep/2023:10:15:50 +0800] "GET /xingrg/kc/buy/cgsh_order_list.html HTTP/1.1" 200 56534
180.163.28.180 - - [13/Sep/2023:10:15:53 +0800] "GET /xingrg/all/function/internal_message.html?_=1694571292079&CODE_STATE=getMsg HTTP/1.1" 302 -
180.163.28.180 - - [13/Sep/2023:10:15:53 +0800] "GET /xingrg/login.html HTTP/1.1" 200 7641
124.78.155.92 - - [13/Sep/2023:10:15:53 +0800] "GET /xingrg/all/function/internal_message.html?_=1694571352065&CODE_STATE=getMsg HTTP/1.1" 200 27
101.83.145.37 - - [13/Sep/2023:10:15:54 +0800] "GET /xingrg/all/function/internal_message.html?_=1694571144633&CODE_STATE=getMsg HTTP/1.1" 200 27
180.152.241.196 - - [13/Sep/2023:10:15:54 +0800] "POST /xingrg/kc/buy/cgsh_list_operate.html HTTP/1.1" 200 1844
101.83.145.37 - - [13/Sep/2023:10:15:57 +0800] "GET /xingrg/all/function/internal_message.html?_=1694571357949&CODE_STATE=getMsg HTTP/1.1" 200 27
180.152.241.196 - - [13/Sep/2023:10:15:57 +0800] "POST /xingrg/kc/buy/cgsh_list_operate.html HTTP/1.1" 200 198
114.95.241.104 - - [13/Sep/2023:10:15:58 +0800] "GET /xingrg/kc/base/wldb_order_operate.html?command=get_materiel&rest_code=00150&base_code=0010446&code=00102002448 HTTP/1.1" 200 440
180.152.241.196 - - [13/Sep/2023:10:15:59 +0800] "GET /xingrg/kc/buy/cgsh_order_info.html?code=212023091304937 HTTP/1.1" 200 72358
180.152.241.196 - - [13/Sep/2023:10:15:59 +0800] "GET /xingrg/javascript/easyui/themes/default/validatebox.css HTTP/1.1" 404 1104
180.152.241.196 - - [13/Sep/2023:10:15:59 +0800] "GET /xingrg/all/common/auto_word.html?type=employee&rest_code=00102 HTTP/1.1" 200 189
180.152.241.196 - - [13/Sep/2023:10:16:00 +0800] "GET /xingrg/all/common/auto_word.html?type=employee&rest_code=00102 HTTP/1.1" 200 189
180.152.241.196 - - [13/Sep/2023:10:16:00 +0800] "POST /xingrg/kc/buy/cgsh_order_operate.html HTTP/1.1" 200 2652
180.152.241.196 - - [13/Sep/2023:10:16:03 +0800] "GET /xingrg/javascript/auto/indicator.gif HTTP/1.1" 404 1066
116.232.195.127 - - [13/Sep/2023:10:16:04 +0800] "GET /xingrg/all/function/internal_message.html?_=1694571240232&CODE_STATE=getMsg HTTP/1.1" 200 27
116.230.112.9 - - [13/Sep/2023:10:16:07 +0800] "GET /xingrg/kc/buy/cgsh_order_operate.html?command=get_materiel&rest_code=00146&code=00101006067&supplier_code=00100041&order_time=2023-09-13 HTTP/1.1" 200 409
114.95.241.104 - - [13/Sep/2023:10:16:10 +0800] "POST /xingrg/kc/base/wldb_order_operate.html HTTP/1.1" 200 37
114.95.241.104 - - [13/Sep/2023:10:16:11 +0800] "GET /xingrg/all/function/internal_message.html?_=1694571370110&CODE_STATE=getMsg HTTP/1.1" 200 27
222.69.145.204 - - [13/Sep/2023:10:16:14 +0800] "GET /xingrg/all/function/internal_message.html?_=1694571523088&CODE_STATE=getMsg HTTP/1.1" 200 27
114.95.241.104 - - [13/Sep/2023:10:16:15 +0800] "POST /xingrg/kc/base/wldb_order_operate.html HTTP/1.1" 200 12
114.95.241.104 - - [13/Sep/2023:10:16:15 +0800] "POST /xingrg/kc/base/wldb_order_operate.html HTTP/1.1" 200 2190
114.95.241.104 - - [13/Sep/2023:10:16:16 +0800] "GET /xingrg/kc/base/wldb_order_info.html?code=422023091301220 HTTP/1.1" 200 26353
114.95.241.104 - - [13/Sep/2023:10:16:17 +0800] "GET /xingrg/javascript/easyui/themes/default/validatebox.css HTTP/1.1" 404 1104
114.95.241.104 - - [13/Sep/2023:10:16:17 +0800] "POST /xingrg/kc/base/wldb_order_operate.html HTTP/1.1" 200 484
116.230.112.9 - - [13/Sep/2023:10:16:17 +0800] "GET /xingrg/all/function/internal_message.html?_=1694571386889&CODE_STATE=getMsg HTTP/1.1" 200 27
114.95.241.104 - - [13/Sep/2023:10:16:22 +0800] "GET /xingrg/all/function/internal_message.html?_=1694571264985&CODE_STATE=getMsg HTTP/1.1" 200 27
116.230.112.9 - - [13/Sep/2023:10:16:22 +0800] "POST /xingrg/kc/buy/cgsh_order_operate.html HTTP/1.1" 200 37
180.152.241.196 - - [13/Sep/2023:10:16:25 +0800] "GET /xingrg/kc/buy/cgsh_order_operate.html?command=get_materiel&rest_code=00102&code=00101019579&supplier_code=00100022&order_time=2023-09-13 HTTP/1.1" 200 418
180.174.205.229 - - [13/Sep/2023:10:16:25 +0800] "GET /xingrg/all/function/internal_message.html?_=1694571384578&CODE_STATE=getMsg HTTP/1.1" 200 27
116.230.112.9 - - [13/Sep/2023:10:16:26 +0800] "POST /xingrg/kc/buy/cgsh_order_operate.html HTTP/1.1" 200 3245
116.232.195.127 - - [13/Sep/2023:10:16:27 +0800] "GET /xingrg/all/function/internal_message.html?_=1694571388971&CODE_STATE=getMsg HTTP/1.1" 302 -
124.79.246.190 - - [13/Sep/2023:10:16:28 +0800] "GET /xingrg/all/function/internal_message.html?_=1694571684975&CODE_STATE=getMsg HTTP/1.1" 200 27
180.169.147.146 - - [13/Sep/2023:10:16:28 +0800] "GET /xingrg/all/function/internal_message.html?_=1694571383758&CODE_STATE=getMsg HTTP/1.1" 200 27
116.230.112.9 - - [13/Sep/2023:10:16:28 +0800] "GET /xingrg/kc/print/load_data.html?order_code=212023091304938&kc_code=cgsh&condition= HTTP/1.1" 200 911
180.157.248.18 - - [13/Sep/2023:10:16:30 +0800] "GET /xingrg/check_reg.html?_=1694571390717 HTTP/1.1" 200 22
222.70.107.27 - - [13/Sep/2023:10:16:32 +0800] "GET /xingrg/all/function/internal_message.html?_=1694571394527&CODE_STATE=getMsg HTTP/1.1" 200 27
222.70.180.200 - - [13/Sep/2023:10:16:32 +0800] "GET /xingrg/kc/buy/cgsh_order_operate.html?command=get_materiel&rest_code=00111&code=00101006240&supplier_code=00100012&order_time=2023-09-13 HTTP/1.1" 200 424
116.230.112.9 - - [13/Sep/2023:10:16:35 +0800] "GET /xingrg/kc/buy/cgsh_order_add.html HTTP/1.1" 200 72316
116.230.112.9 - - [13/Sep/2023:10:16:35 +0800] "POST /xingrg/kc/buy/cgsh_order_operate.html HTTP/1.1" 200 8245
116.230.112.9 - - [13/Sep/2023:10:16:36 +0800] "GET /xingrg/javascript/easyui/themes/default/validatebox.css HTTP/1.1" 404 1104
180.152.241.196 - - [13/Sep/2023:10:16:36 +0800] "GET /xingrg/kc/buy/cgsh_order_operate.html?command=get_materiel&rest_code=00102&code=00101009079&supplier_code=00100022&order_time=2023-09-13 HTTP/1.1" 200 409
222.70.180.200 - - [13/Sep/2023:10:16:41 +0800] "GET /xingrg/all/function/internal_message.html?_=1694571401780&CODE_STATE=getMsg HTTP/1.1" 200 27
58.40.7.146 - - [13/Sep/2023:10:16:42 +0800] "GET /xingrg/all/function/internal_message.html?_=1694571402205&CODE_STATE=getMsg HTTP/1.1" 200 27
124.78.155.92 - - [13/Sep/2023:10:16:44 +0800] "GET /xingrg/all/function/internal_message.html?_=1694571441678&CODE_STATE=getMsg HTTP/1.1" 200 27
180.152.241.196 - - [13/Sep/2023:10:16:46 +0800] "GET /xingrg/all/function/internal_message.html?_=1694571406700&CODE_STATE=getMsg HTTP/1.1" 200 27
180.152.241.196 - - [13/Sep/2023:10:16:48 +0800] "GET /xingrg/kc/buy/cgsh_order_operate.html?command=get_materiel&rest_code=00102&code=00101009160&supplier_code=00100022&order_time=2023-09-13 HTTP/1.1" 200 415
180.163.28.180 - - [13/Sep/2023:10:16:53 +0800] "GET /xingrg/all/function/internal_message.html?_=1694571352065&CODE_STATE=getMsg HTTP/1.1" 302 -
180.163.28.180 - - [13/Sep/2023:10:16:53 +0800] "GET /xingrg/login.html HTTP/1.1" 200 7641
124.78.155.92 - - [13/Sep/2023:10:16:53 +0800] "GET /xingrg/all/function/internal_message.html?_=1694571412041&CODE_STATE=getMsg HTTP/1.1" 200 27
101.83.145.37 - - [13/Sep/2023:10:16:54 +0800] "GET /xingrg/all/function/internal_message.html?_=1694571204634&CODE_STATE=getMsg HTTP/1.1" 200 27
101.83.145.37 - - [13/Sep/2023:10:16:54 +0800] "GET /xingrg/check_reg.html?_=1694571204637 HTTP/1.1" 200 22
101.83.145.37 - - [13/Sep/2023:10:16:57 +0800] "GET /xingrg/all/function/internal_message.html?_=1694571417946&CODE_STATE=getMsg HTTP/1.1" 200 27
180.152.241.196 - - [13/Sep/2023:10:17:01 +0800] "GET /xingrg/kc/buy/cgsh_order_operate.html?command=get_materiel&rest_code=00102&code=00101009011&supplier_code=00100022&order_time=2023-09-13 HTTP/1.1" 200 418
116.232.195.127 - - [13/Sep/2023:10:17:04 +0800] "GET /xingrg/all/function/internal_message.html?_=1694571300213&CODE_STATE=getMsg HTTP/1.1" 200 27
180.152.241.196 - - [13/Sep/2023:10:17:06 +0800] "POST /xingrg/kc/buy/cgsh_order_operate.html HTTP/1.1" 200 2065
114.95.241.104 - - [13/Sep/2023:10:17:11 +0800] "GET /xingrg/all/function/internal_message.html?_=1694571430113&CODE_STATE=getMsg HTTP/1.1" 200 27
222.69.145.204 - - [13/Sep/2023:10:17:14 +0800] "GET /xingrg/all/function/internal_message.html?_=1694571583085&CODE_STATE=getMsg HTTP/1.1" 200 27
222.69.145.204 - - [13/Sep/2023:10:17:14 +0800] "GET /xingrg/check_reg.html?_=1694571583087 HTTP/1.1" 200 22
116.230.112.9 - - [13/Sep/2023:10:17:14 +0800] "GET /xingrg/check_reg.html?_=1694571444519 HTTP/1.1" 200 22
180.152.241.196 - - [13/Sep/2023:10:17:16 +0800] "GET /xingrg/kc/buy/cgsh_order_operate.html?command=get_materiel&rest_code=00102&code=00101009062&supplier_code=00100022&order_time=2023-09-13 HTTP/1.1" 200 413
222.70.180.200 - - [13/Sep/2023:10:17:17 +0800] "GET /xingrg/kc/buy/cgsh_order_operate.html?command=get_materiel&rest_code=00111&code=00101006111&supplier_code=00100012&order_time=2023-09-13 HTTP/1.1" 200 409
116.230.112.9 - - [13/Sep/2023:10:17:17 +0800] "GET /xingrg/all/function/internal_message.html?_=1694571446902&CODE_STATE=getMsg HTTP/1.1" 200 27
114.95.241.104 - - [13/Sep/2023:10:17:22 +0800] "GET /xingrg/all/function/internal_message.html?_=1694571324998&CODE_STATE=getMsg HTTP/1.1" 200 27
180.152.241.196 - - [13/Sep/2023:10:17:25 +0800] "GET /xingrg/kc/buy/cgsh_order_operate.html?command=get_materiel&rest_code=00102&code=00101009109&supplier_code=00100022&order_time=2023-09-13 HTTP/1.1" 200 415
180.174.205.229 - - [13/Sep/2023:10:17:25 +0800] "GET /xingrg/all/function/internal_message.html?_=1694571444594&CODE_STATE=getMsg HTTP/1.1" 200 27
116.232.195.127 - - [13/Sep/2023:10:17:27 +0800] "GET /xingrg/check_reg.html?_=1694571448964 HTTP/1.1" 302 -
116.232.195.127 - - [13/Sep/2023:10:17:27 +0800] "GET /xingrg/all/function/internal_message.html?_=1694571448969&CODE_STATE=getMsg HTTP/1.1" 302 -
124.79.246.190 - - [13/Sep/2023:10:17:28 +0800] "GET /xingrg/all/function/internal_message.html?_=1694571744973&CODE_STATE=getMsg HTTP/1.1" 200 27
180.169.147.146 - - [13/Sep/2023:10:17:28 +0800] "GET /xingrg/all/function/internal_message.html?_=1694571443758&CODE_STATE=getMsg HTTP/1.1" 200 27
222.70.107.27 - - [13/Sep/2023:10:17:32 +0800] "GET /xingrg/all/function/internal_message.html?_=1694571454517&CODE_STATE=getMsg HTTP/1.1" 200 27
180.169.147.146 - - [13/Sep/2023:10:17:35 +0800] "GET /xingrg/check_reg.html?_=1694571458715 HTTP/1.1" 200 22
222.70.180.200 - - [13/Sep/2023:10:17:41 +0800] "GET /xingrg/all/function/internal_message.html?_=1694571461760&CODE_STATE=getMsg HTTP/1.1" 200 27
58.40.7.146 - - [13/Sep/2023:10:17:42 +0800] "GET /xingrg/all/function/internal_message.html?_=1694571462184&CODE_STATE=getMsg HTTP/1.1" 200 27
124.78.155.92 - - [13/Sep/2023:10:17:44 +0800] "GET /xingrg/all/function/internal_message.html?_=1694571501685&CODE_STATE=getMsg HTTP/1.1" 200 27
180.152.241.196 - - [13/Sep/2023:10:17:46 +0800] "GET /xingrg/all/function/internal_message.html?_=1694571466722&CODE_STATE=getMsg HTTP/1.1" 200 27
180.163.29.217 - - [13/Sep/2023:10:17:53 +0800] "GET /xingrg/all/function/internal_message.html?_=1694571412041&CODE_STATE=getMsg HTTP/1.1" 302 -
180.163.29.217 - - [13/Sep/2023:10:17:53 +0800] "GET /xingrg/login.html HTTP/1.1" 200 7641
124.78.155.92 - - [13/Sep/2023:10:17:53 +0800] "GET /xingrg/all/function/internal_message.html?_=1694571472013&CODE_STATE=getMsg HTTP/1.1" 200 27
124.78.155.92 - - [13/Sep/2023:10:17:53 +0800] "GET /xingrg/check_reg.html?_=1694571472158 HTTP/1.1" 200 22
101.83.145.37 - - [13/Sep/2023:10:17:54 +0800] "GET /xingrg/all/function/internal_message.html?_=1694571264637&CODE_STATE=getMsg HTTP/1.1" 200 27
101.83.145.37 - - [13/Sep/2023:10:17:57 +0800] "GET /xingrg/all/function/internal_message.html?_=1694571477942&CODE_STATE=getMsg HTTP/1.1" 200 27
101.83.145.37 - - [13/Sep/2023:10:17:57 +0800] "GET /xingrg/check_reg.html?_=1694571477946 HTTP/1.1" 200 22
120.253.135.82 - - [13/Sep/2023:10:18:00 +0800] "GET /xingrg/check_reg.html?_=1694571285146 HTTP/1.1" 200 22
180.152.241.196 - - [13/Sep/2023:10:18:00 +0800] "POST /xingrg/kc/buy/cgsh_order_operate.html HTTP/1.1" 200 37
222.70.180.200 - - [13/Sep/2023:10:18:02 +0800] "GET /xingrg/kc/buy/cgsh_order_operate.html?command=get_materiel&rest_code=00111&code=00101006136&supplier_code=00100012&order_time=2023-09-13 HTTP/1.1" 200 417
116.232.195.127 - - [13/Sep/2023:10:18:04 +0800] "GET /xingrg/all/function/internal_message.html?_=1694571360195&CODE_STATE=getMsg HTTP/1.1" 200 27
180.152.241.196 - - [13/Sep/2023:10:18:08 +0800] "POST /xingrg/kc/buy/cgsh_order_operate.html HTTP/1.1" 200 12
180.152.241.196 - - [13/Sep/2023:10:18:10 +0800] "GET /xingrg/kc/buy/cgsh_order_info.html?code=212023091304937 HTTP/1.1" 200 67256
180.152.241.196 - - [13/Sep/2023:10:18:11 +0800] "GET /xingrg/javascript/easyui/themes/default/validatebox.css HTTP/1.1" 404 1104
114.95.241.104 - - [13/Sep/2023:10:18:11 +0800] "GET /xingrg/all/function/internal_message.html?_=1694571490117&CODE_STATE=getMsg HTTP/1.1" 200 27
180.152.241.196 - - [13/Sep/2023:10:18:12 +0800] "POST /xingrg/kc/buy/cgsh_order_operate.html HTTP/1.1" 200 2980
180.152.241.196 - - [13/Sep/2023:10:18:13 +0800] "GET /xingrg/kc/print/load_config.html?kc_code=cgsh HTTP/1.1" 200 1924
180.152.241.196 - - [13/Sep/2023:10:18:14 +0800] "GET /xingrg/kc/print/load_data.html?order_code=212023091304937&kc_code=cgsh&condition= HTTP/1.1" 200 1620
222.69.145.204 - - [13/Sep/2023:10:18:14 +0800] "GET /xingrg/all/function/internal_message.html?_=1694571643087&CODE_STATE=getMsg HTTP/1.1" 200 27
116.230.112.9 - - [13/Sep/2023:10:18:17 +0800] "GET /xingrg/all/function/internal_message.html?_=1694571506916&CODE_STATE=getMsg HTTP/1.1" 200 27
116.230.112.9 - - [13/Sep/2023:10:18:20 +0800] "GET /xingrg/kc/buy/cgsh_order_operate.html?command=get_materiel&rest_code=00146&code=00101007022&supplier_code=00100002&order_time=2023-09-13 HTTP/1.1" 200 415
180.152.241.196 - - [13/Sep/2023:10:18:20 +0800] "GET /xingrg/kc/buy/cgsh_order_add.html HTTP/1.1" 200 72351
180.152.241.196 - - [13/Sep/2023:10:18:21 +0800] "POST /xingrg/kc/buy/cgsh_order_operate.html HTTP/1.1" 200 8245
180.152.241.196 - - [13/Sep/2023:10:18:21 +0800] "GET /xingrg/javascript/easyui/themes/default/validatebox.css HTTP/1.1" 404 1104
180.152.241.196 - - [13/Sep/2023:10:18:22 +0800] "GET /xingrg/javascript/easyui/themes/default/tree.css HTTP/1.1" 404 1090
222.70.180.200 - - [13/Sep/2023:10:18:23 +0800] "POST /xingrg/services/DataTransmitService HTTP/1.1" 200 524
114.95.241.104 - - [13/Sep/2023:10:18:23 +0800] "GET /xingrg/all/function/internal_message.html?_=1694571385011&CODE_STATE=getMsg HTTP/1.1" 200 27
180.152.241.196 - - [13/Sep/2023:10:18:23 +0800] "POST /xingrg/all/common/load_tree.html?tree=supplier_tree_json&isDelete=1 HTTP/1.1" 200 75839
180.174.205.229 - - [13/Sep/2023:10:18:25 +0800] "GET /xingrg/all/function/internal_message.html?_=1694571504581&CODE_STATE=getMsg HTTP/1.1" 200 27
114.95.241.104 - - [13/Sep/2023:10:18:25 +0800] "GET /xingrg/check_reg.html?_=1694571385002 HTTP/1.1" 200 22
116.232.195.127 - - [13/Sep/2023:10:18:27 +0800] "GET /xingrg/all/function/internal_message.html?_=1694571508964&CODE_STATE=getMsg HTTP/1.1" 302 -
124.79.246.190 - - [13/Sep/2023:10:18:28 +0800] "GET /xingrg/all/function/internal_message.html?_=1694571804971&CODE_STATE=getMsg HTTP/1.1" 200 27
124.79.246.190 - - [13/Sep/2023:10:18:28 +0800] "GET /xingrg/check_reg.html?_=1694571804972 HTTP/1.1" 200 22
180.169.147.146 - - [13/Sep/2023:10:18:28 +0800] "GET /xingrg/check_reg.html?_=1694571503757 HTTP/1.1" 200 22
180.169.147.146 - - [13/Sep/2023:10:18:28 +0800] "GET /xingrg/all/function/internal_message.html?_=1694571503761&CODE_STATE=getMsg HTTP/1.1" 200 27
222.70.107.27 - - [13/Sep/2023:10:18:32 +0800] "GET /xingrg/all/function/internal_message.html?_=1694571514523&CODE_STATE=getMsg HTTP/1.1" 200 27
222.70.180.200 - - [13/Sep/2023:10:18:41 +0800] "GET /xingrg/all/function/internal_message.html?_=1694571521766&CODE_STATE=getMsg HTTP/1.1" 200 27
58.40.7.146 - - [13/Sep/2023:10:18:42 +0800] "GET /xingrg/all/function/internal_message.html?_=1694571522156&CODE_STATE=getMsg HTTP/1.1" 200 27
58.40.7.146 - - [13/Sep/2023:10:18:42 +0800] "GET /xingrg/check_reg.html?_=1694571522659 HTTP/1.1" 200 22
124.78.155.92 - - [13/Sep/2023:10:18:44 +0800] "GET /xingrg/all/function/internal_message.html?_=1694571561683&CODE_STATE=getMsg HTTP/1.1" 200 27
124.78.155.92 - - [13/Sep/2023:10:18:44 +0800] "GET /xingrg/check_reg.html?_=1694571561685 HTTP/1.1" 200 22
180.152.241.196 - - [13/Sep/2023:10:18:46 +0800] "GET /xingrg/all/function/internal_message.html?_=1694571526702&CODE_STATE=getMsg HTTP/1.1" 200 27
124.78.155.92 - - [13/Sep/2023:10:18:53 +0800] "GET /xingrg/all/function/internal_message.html?_=1694571531989&CODE_STATE=getMsg HTTP/1.1" 200 27
180.163.29.217 - - [13/Sep/2023:10:18:54 +0800] "GET /xingrg/all/function/internal_message.html?_=1694571472013&CODE_STATE=getMsg HTTP/1.1" 302 -
180.163.29.217 - - [13/Sep/2023:10:18:54 +0800] "GET /xingrg/login.html HTTP/1.1" 200 7641
101.83.145.37 - - [13/Sep/2023:10:18:54 +0800] "GET /xingrg/all/function/internal_message.html?_=1694571324644&CODE_STATE=getMsg HTTP/1.1" 200 27
180.152.241.196 - - [13/Sep/2023:10:18:56 +0800] "GET /xingrg/kc/buy/cgsh_order_operate.html?command=get_materiel&rest_code=00102&code=00101002027&supplier_code=00100400&order_time=2023-09-13 HTTP/1.1" 200 413
101.83.145.37 - - [13/Sep/2023:10:18:57 +0800] "GET /xingrg/all/function/internal_message.html?_=1694571537956&CODE_STATE=getMsg HTTP/1.1" 200 27
222.70.180.200 - - [13/Sep/2023:10:18:58 +0800] "POST /xingrg/services/DataTransmitService HTTP/1.1" 200 501
116.230.112.9 - - [13/Sep/2023:10:18:59 +0800] "GET /xingrg/kc/buy/cgsh_order_operate.html?command=get_materiel&rest_code=00146&code=00101007076&supplier_code=00100002&order_time=2023-09-13 HTTP/1.1" 200 408
222.70.180.200 - - [13/Sep/2023:10:19:00 +0800] "POST /xingrg/services/DataTransmitService HTTP/1.1" 200 501
116.232.195.127 - - [13/Sep/2023:10:19:04 +0800] "GET /xingrg/all/function/internal_message.html?_=1694571420191&CODE_STATE=getMsg HTTP/1.1" 200 27
180.152.241.196 - - [13/Sep/2023:10:19:07 +0800] "GET /xingrg/kc/buy/cgsh_order_operate.html?command=get_materiel&rest_code=00102&code=00101002022&supplier_code=00100400&order_time=2023-09-13 HTTP/1.1" 200 410
101.83.145.37 - - [13/Sep/2023:10:19:11 +0800] "GET /xingrg/kc/buy/cgsh_order_operate.html?command=get_materiel&rest_code=00105&code=00101009041&supplier_code=00100024&order_time=2023-09-13 HTTP/1.1" 200 408
114.95.241.104 - - [13/Sep/2023:10:19:11 +0800] "GET /xingrg/all/function/internal_message.html?_=1694571550117&CODE_STATE=getMsg HTTP/1.1" 200 27
114.95.241.104 - - [13/Sep/2023:10:19:11 +0800] "GET /xingrg/check_reg.html?_=1694571550122 HTTP/1.1" 200 22
222.69.145.204 - - [13/Sep/2023:10:19:14 +0800] "GET /xingrg/all/function/internal_message.html?_=1694571703077&CODE_STATE=getMsg HTTP/1.1" 200 27
116.230.112.9 - - [13/Sep/2023:10:19:17 +0800] "GET /xingrg/all/function/internal_message.html?_=1694571566929&CODE_STATE=getMsg HTTP/1.1" 200 27
116.232.195.127 - - [13/Sep/2023:10:19:18 +0800] "GET /xingrg/check_reg.html?_=1694571434304 HTTP/1.1" 200 22
222.70.180.200 - - [13/Sep/2023:10:19:20 +0800] "POST /xingrg/services/DataTransmitService HTTP/1.1" 200 501
180.152.241.196 - - [13/Sep/2023:10:19:21 +0800] "GET /xingrg/kc/buy/cgsh_order_operate.html?command=get_materiel&rest_code=00102&code=00101010161&supplier_code=00100400&order_time=2023-09-13 HTTP/1.1" 200 408
114.95.241.104 - - [13/Sep/2023:10:19:22 +0800] "GET /xingrg/all/function/internal_message.html?_=1694571445025&CODE_STATE=getMsg HTTP/1.1" 200 27
180.174.205.229 - - [13/Sep/2023:10:19:25 +0800] "GET /xingrg/all/function/internal_message.html?_=1694571564580&CODE_STATE=getMsg HTTP/1.1" 200 27
116.232.195.127 - - [13/Sep/2023:10:19:27 +0800] "GET /xingrg/all/function/internal_message.html?_=1694571568966&CODE_STATE=getMsg HTTP/1.1" 302 -
124.79.246.190 - - [13/Sep/2023:10:19:28 +0800] "GET /xingrg/all/function/internal_message.html?_=1694571864985&CODE_STATE=getMsg HTTP/1.1" 200 27
180.169.147.146 - - [13/Sep/2023:10:19:28 +0800] "GET /xingrg/all/function/internal_message.html?_=1694571563779&CODE_STATE=getMsg HTTP/1.1" 200 27
222.70.107.27 - - [13/Sep/2023:10:19:32 +0800] "GET /xingrg/all/function/internal_message.html?_=1694571574528&CODE_STATE=getMsg HTTP/1.1" 200 27
222.70.107.27 - - [13/Sep/2023:10:19:32 +0800] "GET /xingrg/check_reg.html?_=1694571574537 HTTP/1.1" 200 22
116.230.112.9 - - [13/Sep/2023:10:19:33 +0800] "POST /xingrg/kc/buy/cgsh_order_operate.html HTTP/1.1" 200 37
180.152.241.196 - - [13/Sep/2023:10:19:33 +0800] "GET /xingrg/kc/buy/cgsh_order_operate.html?command=get_materiel&rest_code=00102&code=00101001069&supplier_code=00100400&order_time=2023-09-13 HTTP/1.1" 200 409
116.230.112.9 - - [13/Sep/2023:10:19:35 +0800] "POST /xingrg/kc/buy/cgsh_order_operate.html HTTP/1.1" 200 3252
116.230.112.9 - - [13/Sep/2023:10:19:37 +0800] "GET /xingrg/kc/print/load_data.html?order_code=212023091304939&kc_code=cgsh&condition= HTTP/1.1" 200 980
101.83.145.37 - - [13/Sep/2023:10:19:40 +0800] "GET /xingrg/kc/buy/cgsh_order_operate.html?command=get_materiel&rest_code=00105&code=00101009011&supplier_code=00100024&order_time=2023-09-13 HTTP/1.1" 200 416
222.70.180.200 - - [13/Sep/2023:10:19:41 +0800] "GET /xingrg/all/function/internal_message.html?_=1694571581757&CODE_STATE=getMsg HTTP/1.1" 200 27
180.152.241.196 - - [13/Sep/2023:10:19:41 +0800] "GET /xingrg/kc/buy/cgsh_order_operate.html?command=get_materiel&rest_code=00102&code=00101005037&supplier_code=00100400&order_time=2023-09-13 HTTP/1.1" 200 409
58.40.7.146 - - [13/Sep/2023:10:19:42 +0800] "GET /xingrg/all/function/internal_message.html?_=1694571582131&CODE_STATE=getMsg HTTP/1.1" 200 27
222.70.180.200 - - [13/Sep/2023:10:19:42 +0800] "POST /xingrg/services/DataTransmitService HTTP/1.1" 200 501
180.174.205.229 - - [13/Sep/2023:10:19:42 +0800] "GET /xingrg/kc/buy/cgsh_order_add.html HTTP/1.1" 200 71511
180.174.205.229 - - [13/Sep/2023:10:19:43 +0800] "GET /xingrg/css/base.css HTTP/1.1" 200 2811
180.174.205.229 - - [13/Sep/2023:10:19:43 +0800] "GET /xingrg/css/site.css HTTP/1.1" 200 7541
180.174.205.229 - - [13/Sep/2023:10:19:43 +0800] "GET /xingrg/javascript/jquery_tools/datebox.css HTTP/1.1" 200 2597
180.174.205.229 - - [13/Sep/2023:10:19:43 +0800] "GET /xingrg/javascript/easyui/themes/default/easyui.css HTTP/1.1" 200 30432
180.174.205.229 - - [13/Sep/2023:10:19:43 +0800] "GET /xingrg/javascript/easyui/themes/icon.css HTTP/1.1" 200 4483
180.174.205.229 - - [13/Sep/2023:10:19:43 +0800] "GET /xingrg/javascript/auto/jquery.autocomplete.css HTTP/1.1" 200 587
180.174.205.229 - - [13/Sep/2023:10:19:43 +0800] "GET /xingrg/javascript/jquery_tools/fix.css HTTP/1.1" 200 1702
180.174.205.229 - - [13/Sep/2023:10:19:43 +0800] "GET /xingrg/javascript/jquery_tools/table.css HTTP/1.1" 200 1032
180.174.205.229 - - [13/Sep/2023:10:19:43 +0800] "GET /xingrg/javascript/pic_change.js HTTP/1.1" 200 4739
180.174.205.229 - - [13/Sep/2023:10:19:43 +0800] "GET /xingrg/javascript/jquery_tools/jquery.tools.min.js HTTP/1.1" 200 138801
180.174.205.229 - - [13/Sep/2023:10:19:43 +0800] "GET /xingrg/javascript/jquery_tools/jquery.tools.extend.js HTTP/1.1" 200 15385
180.174.205.229 - - [13/Sep/2023:10:19:43 +0800] "GET /xingrg/javascript/jquery_tools/jquery.tools.hotkey.js HTTP/1.1" 200 3242
180.174.205.229 - - [13/Sep/2023:10:19:43 +0800] "GET /xingrg/javascript/jquery_tools/jquery.tools.table.js HTTP/1.1" 200 6994
180.174.205.229 - - [13/Sep/2023:10:19:43 +0800] "GET /xingrg/javascript/auto/jquery.autocomplete.js HTTP/1.1" 200 21624
180.174.205.229 - - [13/Sep/2023:10:19:43 +0800] "GET /xingrg/javascript/easyui/easyloader.js HTTP/1.1" 200 5975
180.174.205.229 - - [13/Sep/2023:10:19:43 +0800] "GET /xingrg/javascript/jquery.utils.js HTTP/1.1" 200 11805
180.174.205.229 - - [13/Sep/2023:10:19:43 +0800] "GET /xingrg/javascript/jquery_tools/order_manager.js HTTP/1.1" 200 11183
180.174.205.229 - - [13/Sep/2023:10:19:43 +0800] "GET /xingrg/javascript/jquery.cookie.js HTTP/1.1" 200 5513
180.174.205.229 - - [13/Sep/2023:10:19:43 +0800] "GET /xingrg/javascript/json2.js HTTP/1.1" 200 11259
180.174.205.229 - - [13/Sep/2023:10:19:43 +0800] "GET /xingrg/javascript/convert.js HTTP/1.1" 200 1239
180.174.205.229 - - [13/Sep/2023:10:19:43 +0800] "GET /xingrg/javascript/print/LodopFuncs.js HTTP/1.1" 200 5121
180.174.205.229 - - [13/Sep/2023:10:19:43 +0800] "GET /xingrg/javascript/print/kc_print.js HTTP/1.1" 200 11415
124.78.155.92 - - [13/Sep/2023:10:19:44 +0800] "GET /xingrg/all/function/internal_message.html?_=1694571621682&CODE_STATE=getMsg HTTP/1.1" 200 27
222.70.180.200 - - [13/Sep/2023:10:19:44 +0800] "POST /xingrg/services/DataTransmitService HTTP/1.1" 200 501
222.70.180.200 - - [13/Sep/2023:10:19:44 +0800] "POST /xingrg/services/DataTransmitService HTTP/1.1" 200 501
180.152.241.196 - - [13/Sep/2023:10:19:46 +0800] "GET /xingrg/all/function/internal_message.html?_=1694571586754&CODE_STATE=getMsg HTTP/1.1" 200 27
180.174.205.229 - - [13/Sep/2023:10:19:48 +0800] "GET /xingrg/words/20230912174116_words.js HTTP/1.1" 200 985973
180.152.241.196 - - [13/Sep/2023:10:19:50 +0800] "GET /xingrg/kc/buy/cgsh_order_operate.html?command=get_materiel&rest_code=00102&code=00101001191&supplier_code=00100400&order_time=2023-09-13 HTTP/1.1" 200 413
222.70.180.200 - - [13/Sep/2023:10:19:50 +0800] "POST /xingrg/services/DataTransmitService HTTP/1.1" 200 501
222.70.180.200 - - [13/Sep/2023:10:19:53 +0800] "POST /xingrg/services/DataTransmitService HTTP/1.1" 200 501
101.83.145.37 - - [13/Sep/2023:10:19:54 +0800] "GET /xingrg/all/function/internal_message.html?_=1694571384643&CODE_STATE=getMsg HTTP/1.1" 200 27
180.174.205.229 - - [13/Sep/2023:10:19:54 +0800] "GET /xingrg/kc/buy/cgsh_order_add.html HTTP/1.1" 200 71511
222.70.180.200 - - [13/Sep/2023:10:19:54 +0800] "POST /xingrg/services/DataTransmitService HTTP/1.1" 200 501
180.174.205.229 - - [13/Sep/2023:10:19:55 +0800] "GET /xingrg/javascript/easyui/plugins/jquery.parser.js HTTP/1.1" 200 1142
222.70.180.200 - - [13/Sep/2023:10:19:55 +0800] "POST /xingrg/kc/buy/cgsh_order_operate.html HTTP/1.1" 200 37
180.174.205.229 - - [13/Sep/2023:10:19:55 +0800] "GET /xingrg/javascript/easyui/plugins/jquery.validatebox.js HTTP/1.1" 200 6103
180.174.205.229 - - [13/Sep/2023:10:19:55 +0800] "GET /xingrg/javascript/easyui/themes/default/validatebox.css HTTP/1.1" 404 1104
180.174.205.229 - - [13/Sep/2023:10:19:55 +0800] "GET /xingrg/all/common/auto_word.html?type=employee&rest_code=00145 HTTP/1.1" 200 151
180.174.205.229 - - [13/Sep/2023:10:19:55 +0800] "GET /xingrg/all/common/auto_word.html?type=employee&rest_code=00145 HTTP/1.1" 200 151
180.174.205.229 - - [13/Sep/2023:10:19:55 +0800] "GET /xingrg/javascript/easyui/plugins/jquery.numberbox.js HTTP/1.1" 200 5213
180.174.205.229 - - [13/Sep/2023:10:19:55 +0800] "POST /xingrg/kc/buy/cgsh_order_operate.html HTTP/1.1" 200 8245
222.70.180.200 - - [13/Sep/2023:10:19:57 +0800] "POST /xingrg/services/DataTransmitService HTTP/1.1" 200 412
101.83.145.37 - - [13/Sep/2023:10:19:57 +0800] "GET /xingrg/all/function/internal_message.html?_=1694571597949&CODE_STATE=getMsg HTTP/1.1" 200 27
180.174.205.229 - - [13/Sep/2023:10:19:58 +0800] "GET /xingrg/kc/buy/cgsh_order_list.html HTTP/1.1" 200 56540
180.174.205.229 - - [13/Sep/2023:10:19:58 +0800] "GET /xingrg/javascript/jquery_tools/list_manager.js HTTP/1.1" 200 3652
124.78.155.92 - - [13/Sep/2023:10:19:58 +0800] "POST /xingrg/kc/buy/cgsh_order_operate.html HTTP/1.1" 200 37
180.174.205.229 - - [13/Sep/2023:10:20:01 +0800] "POST /xingrg/kc/buy/cgsh_list_operate.html HTTP/1.1" 200 986
116.232.195.127 - - [13/Sep/2023:10:20:04 +0800] "GET /xingrg/all/function/internal_message.html?_=1694571480172&CODE_STATE=getMsg HTTP/1.1" 200 27
180.174.205.229 - - [13/Sep/2023:10:20:06 +0800] "GET /xingrg/kc/buy/cgsh_order_add.html HTTP/1.1" 200 71511
180.174.205.229 - - [13/Sep/2023:10:20:06 +0800] "POST /xingrg/kc/buy/cgsh_order_operate.html HTTP/1.1" 200 8245
180.174.205.229 - - [13/Sep/2023:10:20:06 +0800] "GET /xingrg/javascript/easyui/themes/default/validatebox.css HTTP/1.1" 404 1104
101.83.145.37 - - [13/Sep/2023:10:20:09 +0800] "GET /xingrg/kc/buy/cgsh_order_operate.html?command=get_materiel&rest_code=00105&code=00101009113&supplier_code=00100024&order_time=2023-09-13 HTTP/1.1" 200 412
116.230.112.9 - - [13/Sep/2023:10:20:10 +0800] "GET /xingrg/kc/buy/cgsh_order_add.html HTTP/1.1" 200 72316
114.95.241.104 - - [13/Sep/2023:10:20:11 +0800] "GET /xingrg/all/function/internal_message.html?_=1694571610129&CODE_STATE=getMsg HTTP/1.1" 200 27
116.230.112.9 - - [13/Sep/2023:10:20:11 +0800] "POST /xingrg/kc/buy/cgsh_order_operate.html HTTP/1.1" 200 8245
116.230.112.9 - - [13/Sep/2023:10:20:12 +0800] "GET /xingrg/javascript/easyui/themes/default/validatebox.css HTTP/1.1" 404 1104
222.69.145.204 - - [13/Sep/2023:10:20:14 +0800] "GET /xingrg/all/function/internal_message.html?_=1694571763080&CODE_STATE=getMsg HTTP/1.1" 200 27
180.152.241.196 - - [13/Sep/2023:10:20:15 +0800] "POST /xingrg/kc/buy/cgsh_order_operate.html HTTP/1.1" 200 37
116.230.112.9 - - [13/Sep/2023:10:20:17 +0800] "GET /xingrg/all/function/internal_message.html?_=1694571626943&CODE_STATE=getMsg HTTP/1.1" 200 27
114.95.241.104 - - [13/Sep/2023:10:20:22 +0800] "GET /xingrg/all/function/internal_message.html?_=1694571505038&CODE_STATE=getMsg HTTP/1.1" 200 27
180.174.205.229 - - [13/Sep/2023:10:20:25 +0800] "GET /xingrg/all/function/internal_message.html?_=1694571624597&CODE_STATE=getMsg HTTP/1.1" 200 27
180.174.205.229 - - [13/Sep/2023:10:20:25 +0800] "GET /xingrg/check_reg.html?_=1694571624598 HTTP/1.1" 200 22
124.78.155.92 - - [13/Sep/2023:10:20:25 +0800] "POST /xingrg/kc/buy/cgsh_order_operate.html HTTP/1.1" 200 12
116.232.195.127 - - [13/Sep/2023:10:20:27 +0800] "GET /xingrg/all/function/internal_message.html?_=1694571628967&CODE_STATE=getMsg HTTP/1.1" 302 -
124.79.246.190 - - [13/Sep/2023:10:20:28 +0800] "GET /xingrg/all/function/internal_message.html?_=1694571924984&CODE_STATE=getMsg HTTP/1.1" 200 27
180.169.147.146 - - [13/Sep/2023:10:20:28 +0800] "GET /xingrg/all/function/internal_message.html?_=1694571623786&CODE_STATE=getMsg HTTP/1.1" 200 27
180.152.241.196 - - [13/Sep/2023:10:20:31 +0800] "POST /xingrg/kc/buy/cgsh_order_operate.html HTTP/1.1" 200 12
222.70.107.27 - - [13/Sep/2023:10:20:32 +0800] "GET /xingrg/all/function/internal_message.html?_=1694571634521&CODE_STATE=getMsg HTTP/1.1" 200 27
124.78.155.92 - - [13/Sep/2023:10:20:36 +0800] "GET /xingrg/kc/buy/cgsh_order_info.html?code=212023091304927 HTTP/1.1" 200 67227
180.152.241.196 - - [13/Sep/2023:10:20:36 +0800] "GET /xingrg/kc/buy/cgsh_order_info.html?code=212023091304941 HTTP/1.1" 200 67256
114.95.241.104 - - [13/Sep/2023:10:20:36 +0800] "POST /xingrg/all/user/operate.html HTTP/1.1" 200 36
180.152.241.196 - - [13/Sep/2023:10:20:36 +0800] "GET /xingrg/javascript/easyui/themes/default/validatebox.css HTTP/1.1" 404 1104
124.78.155.92 - - [13/Sep/2023:10:20:36 +0800] "GET /xingrg/javascript/easyui/themes/default/validatebox.css HTTP/1.1" 404 1104
114.95.241.104 - - [13/Sep/2023:10:20:37 +0800] "GET /xingrg/javascript/jquery_easy_ui/themes/default/easyui.css HTTP/1.1" 304 -
114.95.241.104 - - [13/Sep/2023:10:20:37 +0800] "GET /xingrg/index.html?sysBaseUrl=http%3A%2F%2F180.169.147.146%3A18081%2Fxingrg%2F&costTime=818×tamp=1694565292068 HTTP/1.1" 200 17179
114.95.241.104 - - [13/Sep/2023:10:20:37 +0800] "GET /xingrg/javascript/jquery_easy_ui/themes/icon.css HTTP/1.1" 304 -
114.95.241.104 - - [13/Sep/2023:10:20:37 +0800] "GET /xingrg/css/form.css HTTP/1.1" 304 -
114.95.241.104 - - [13/Sep/2023:10:20:37 +0800] "GET /xingrg/javascript/jquery-1.4.2.min.js HTTP/1.1" 304 -
114.95.241.104 - - [13/Sep/2023:10:20:37 +0800] "GET /xingrg/javascript/jquery_easy_ui/jquery.easyui.min.js HTTP/1.1" 304 -
114.95.241.104 - - [13/Sep/2023:10:20:37 +0800] "GET /xingrg/javascript/jquery_easy_ui/easyui-lang-zh_CN.js HTTP/1.1" 304 -
114.95.241.104 - - [13/Sep/2023:10:20:37 +0800] "GET /xingrg/javascript/jquery.form.js HTTP/1.1" 304 -
114.95.241.104 - - [13/Sep/2023:10:20:37 +0800] "GET /xingrg/javascript/jquery.utils.js HTTP/1.1" 304 -
114.95.241.104 - - [13/Sep/2023:10:20:37 +0800] "GET /xingrg/javascript/jquery.timers.js HTTP/1.1" 304 -
114.95.241.104 - - [13/Sep/2023:10:20:37 +0800] "GET /xingrg/images/blue/jxLogo.png HTTP/1.1" 304 -
114.95.241.104 - - [13/Sep/2023:10:20:37 +0800] "GET /xingrg/images/blue/navBackgound.jpg HTTP/1.1" 304 -
114.95.241.104 - - [13/Sep/2023:10:20:37 +0800] "GET /xingrg/javascript/jquery_easy_ui/themes/icons/settle_new.png HTTP/1.1" 304 -
114.95.241.104 - - [13/Sep/2023:10:20:37 +0800] "GET /xingrg/all/function/internal_message.html?_=1694571635903&CODE_STATE=count HTTP/1.1" 200 11
114.95.241.104 - - [13/Sep/2023:10:20:37 +0800] "GET /xingrg/check_reg.html?_=1694571635904 HTTP/1.1" 200 22
114.95.241.104 - - [13/Sep/2023:10:20:37 +0800] "GET /xingrg/images/blue/pingpu.png HTTP/1.1" 304 -
114.95.241.104 - - [13/Sep/2023:10:20:37 +0800] "GET /xingrg/javascript/jquery_easy_ui/themes/default/images/tabs_leftarrow.png HTTP/1.1" 304 -
114.95.241.104 - - [13/Sep/2023:10:20:37 +0800] "GET /xingrg/javascript/jquery_easy_ui/themes/default/images/panel_tool_collapse.gif HTTP/1.1" 304 -
114.95.241.104 - - [13/Sep/2023:10:20:37 +0800] "GET /xingrg/javascript/jquery_easy_ui/themes/default/images/tabs_rightarrow.png HTTP/1.1" 304 -
114.95.241.104 - - [13/Sep/2023:10:20:37 +0800] "POST /xingrg/all/common/load_tree.html?tree=area_rest_tree_json&manage=1 HTTP/1.1" 200 476
114.95.241.104 - - [13/Sep/2023:10:20:37 +0800] "POST /xingrg/load_menu.html HTTP/1.1" 200 5138
180.152.241.196 - - [13/Sep/2023:10:20:38 +0800] "POST /xingrg/kc/buy/cgsh_order_operate.html HTTP/1.1" 200 3559
124.78.155.92 - - [13/Sep/2023:10:20:38 +0800] "POST /xingrg/kc/buy/cgsh_order_operate.html HTTP/1.1" 200 33723
114.95.241.104 - - [13/Sep/2023:10:20:39 +0800] "GET /xingrg/kc/base/wldb_order_list.html HTTP/1.1" 200 19180
124.78.155.92 - - [13/Sep/2023:10:20:39 +0800] "GET /xingrg/kc/print/load_config.html?kc_code=cgsh HTTP/1.1" 200 1924
124.78.155.92 - - [13/Sep/2023:10:20:40 +0800] "GET /xingrg/kc/print/load_data.html?order_code=212023091304927&kc_code=cgsh&condition= HTTP/1.1" 200 13279
114.95.241.104 - - [13/Sep/2023:10:20:41 +0800] "POST /xingrg/kc/base/wldb_list_operate.html HTTP/1.1" 200 928
180.152.241.196 - - [13/Sep/2023:10:20:41 +0800] "GET /xingrg/kc/print/load_data.html?order_code=212023091304941&kc_code=cgsh&condition= HTTP/1.1" 200 1802
58.40.7.146 - - [13/Sep/2023:10:20:42 +0800] "GET /xingrg/all/function/internal_message.html?_=1694571642104&CODE_STATE=getMsg HTTP/1.1" 200 27
114.95.241.104 - - [13/Sep/2023:10:20:42 +0800] "GET /xingrg/kc/base/wldb_order_add.html HTTP/1.1" 200 30463
114.95.241.104 - - [13/Sep/2023:10:20:42 +0800] "GET /xingrg/words/20230912174116_words.js HTTP/1.1" 304 -
