101.83.145.37 - - [13/Sep/2023:09:57:50 +0800] "GET /xingrg/index.html?sysBaseUrl=http%3A%2F%2F180.169.147.146%3A18081%2Fxingrg%2F&costTime=36×tamp=1585223203754 HTTP/1.1" 302 -
101.83.145.37 - - [13/Sep/2023:09:57:50 +0800] "GET /xingrg/login.html HTTP/1.1" 200 7641
101.83.145.37 - - [13/Sep/2023:09:57:51 +0800] "GET /favicon.ico HTTP/1.1" 404 -
124.78.155.92 - - [13/Sep/2023:09:57:53 +0800] "POST /xingrg/login.do HTTP/1.1" 302 -
124.78.155.92 - - [13/Sep/2023:09:57:53 +0800] "GET /xingrg/index.html?sysBaseUrl=http%3A%2F%2F180.169.147.146%3A18081%2Fxingrg%2F&costTime=831×tamp=1694570273240 HTTP/1.1" 200 17173
124.78.155.92 - - [13/Sep/2023:09:57:53 +0800] "GET /favicon.ico HTTP/1.1" 404 -
124.78.155.92 - - [13/Sep/2023:09:57:53 +0800] "GET /xingrg/all/function/internal_message.html?_=1694570272124&CODE_STATE=count HTTP/1.1" 200 11
124.78.155.92 - - [13/Sep/2023:09:57:53 +0800] "GET /xingrg/check_reg.html?_=1694570272128 HTTP/1.1" 200 22
124.78.155.92 - - [13/Sep/2023:09:57:53 +0800] "POST /xingrg/all/common/load_tree.html?tree=area_rest_tree_json&manage=1 HTTP/1.1" 200 342
124.78.155.92 - - [13/Sep/2023:09:57:53 +0800] "POST /xingrg/load_menu.html HTTP/1.1" 200 5138
101.83.145.37 - - [13/Sep/2023:09:57:53 +0800] "POST /xingrg/login.do HTTP/1.1" 200 2421
101.83.145.37 - - [13/Sep/2023:09:57:54 +0800] "GET /xingrg/all/function/internal_message.html?_=1694570064608&CODE_STATE=getMsg HTTP/1.1" 200 27
101.83.145.37 - - [13/Sep/2023:09:57:54 +0800] "GET /favicon.ico HTTP/1.1" 404 -
101.83.145.37 - - [13/Sep/2023:09:57:54 +0800] "GET /xingrg/login.html HTTP/1.1" 200 7641
101.83.145.37 - - [13/Sep/2023:09:57:54 +0800] "GET /favicon.ico HTTP/1.1" 404 -
101.83.145.37 - - [13/Sep/2023:09:57:57 +0800] "POST /xingrg/login.do HTTP/1.1" 302 -
101.83.145.37 - - [13/Sep/2023:09:57:57 +0800] "GET /xingrg/index.html?sysBaseUrl=http%3A%2F%2F180.169.147.146%3A18081%2Fxingrg%2F&costTime=854×tamp=1694570277365 HTTP/1.1" 200 17173
101.83.145.37 - - [13/Sep/2023:09:57:57 +0800] "GET /favicon.ico HTTP/1.1" 404 -
101.83.145.37 - - [13/Sep/2023:09:57:57 +0800] "GET /xingrg/check_reg.html?_=1694570277920 HTTP/1.1" 200 22
101.83.145.37 - - [13/Sep/2023:09:57:57 +0800] "GET /xingrg/all/function/internal_message.html?_=1694570277919&CODE_STATE=count HTTP/1.1" 200 11
101.83.145.37 - - [13/Sep/2023:09:57:57 +0800] "POST /xingrg/all/common/load_tree.html?tree=area_rest_tree_json&manage=1 HTTP/1.1" 200 3499
101.83.145.37 - - [13/Sep/2023:09:57:57 +0800] "POST /xingrg/load_menu.html HTTP/1.1" 200 5138
120.253.135.82 - - [13/Sep/2023:09:58:00 +0800] "GET /xingrg/check_reg.html?_=1694570085124 HTTP/1.1" 200 22
116.232.195.127 - - [13/Sep/2023:09:58:00 +0800] "GET /xingrg/kc/buy/cgsh_order_operate.html?command=get_materiel&rest_code=00155&code=00101007061&supplier_code=00100002&order_time=2023-09-13 HTTP/1.1" 200 409
101.83.145.37 - - [13/Sep/2023:09:58:02 +0800] "GET /xingrg/kc/buy/cgsh_order_list.html HTTP/1.1" 200 56534
116.232.195.127 - - [13/Sep/2023:09:58:03 +0800] "GET /xingrg/all/function/internal_message.html?_=1694570159910&CODE_STATE=getMsg HTTP/1.1" 200 27
180.165.48.189 - - [13/Sep/2023:09:58:04 +0800] "GET /xingrg/all/function/internal_message.html?_=1694570285246&CODE_STATE=getMsg HTTP/1.1" 200 27
124.78.155.92 - - [13/Sep/2023:09:58:05 +0800] "GET /xingrg/kc/buy/buy_main.html HTTP/1.1" 200 12412
124.78.155.92 - - [13/Sep/2023:09:58:05 +0800] "GET /xingrg/css/new_ie.css HTTP/1.1" 404 1036
124.78.155.92 - - [13/Sep/2023:09:58:05 +0800] "GET /xingrg/images/yd/bt.gif HTTP/1.1" 404 1040
124.78.155.92 - - [13/Sep/2023:09:58:07 +0800] "GET /xingrg/kc/buy/cgsh_order_list.html HTTP/1.1" 200 56534
180.165.48.189 - - [13/Sep/2023:09:58:10 +0800] "GET /xingrg/kc/buy/cgsh_order_list.html HTTP/1.1" 200 56544
180.165.48.189 - - [13/Sep/2023:09:58:10 +0800] "GET /xingrg/javascript/jquery_tools/list_manager.js HTTP/1.1" 200 3652
180.165.48.189 - - [13/Sep/2023:09:58:10 +0800] "GET /xingrg/javascript/easyui/themes/icons/field_new.png HTTP/1.1" 200 1097
180.165.48.189 - - [13/Sep/2023:09:58:10 +0800] "GET /xingrg/javascript/easyui/themes/icons/import_new.png HTTP/1.1" 200 1247
180.165.48.189 - - [13/Sep/2023:09:58:10 +0800] "GET /xingrg/javascript/easyui/themes/icons/cance_new.png HTTP/1.1" 200 3986
180.165.48.189 - - [13/Sep/2023:09:58:10 +0800] "GET /xingrg/javascript/easyui/themes/icons/check_new.png HTTP/1.1" 200 3224
180.165.48.189 - - [13/Sep/2023:09:58:10 +0800] "GET /xingrg/javascript/easyui/themes/icons/edit_add_new.png HTTP/1.1" 200 2997
180.165.48.189 - - [13/Sep/2023:09:58:10 +0800] "GET /xingrg/images/control/ajaxLoader.gif HTTP/1.1" 200 4659
124.78.155.92 - - [13/Sep/2023:09:58:11 +0800] "POST /xingrg/kc/buy/cgsh_list_operate.html HTTP/1.1" 200 1869
114.95.241.104 - - [13/Sep/2023:09:58:11 +0800] "GET /xingrg/all/function/internal_message.html?_=1694570290072&CODE_STATE=getMsg HTTP/1.1" 200 27
180.165.48.189 - - [13/Sep/2023:09:58:12 +0800] "POST /xingrg/kc/buy/cgsh_list_operate.html HTTP/1.1" 200 986
101.83.145.37 - - [13/Sep/2023:09:58:14 +0800] "POST /xingrg/kc/buy/cgsh_list_operate.html HTTP/1.1" 200 3959
124.78.155.92 - - [13/Sep/2023:09:58:14 +0800] "POST /xingrg/kc/buy/cgsh_list_operate.html HTTP/1.1" 200 572
222.69.145.204 - - [13/Sep/2023:09:58:14 +0800] "GET /xingrg/all/function/internal_message.html?_=1694570443084&CODE_STATE=getMsg HTTP/1.1" 200 27
124.78.155.92 - - [13/Sep/2023:09:58:16 +0800] "GET /xingrg/kc/buy/cgsh_order_info.html?code=212023091304927 HTTP/1.1" 200 72325
124.78.155.92 - - [13/Sep/2023:09:58:16 +0800] "GET /xingrg/javascript/easyui/themes/default/validatebox.css HTTP/1.1" 404 1104
124.78.155.92 - - [13/Sep/2023:09:58:16 +0800] "GET /xingrg/all/common/auto_word.html?type=employee&rest_code=00106 HTTP/1.1" 200 205
116.230.112.9 - - [13/Sep/2023:09:58:16 +0800] "GET /xingrg/all/function/internal_message.html?_=1694570306191&CODE_STATE=getMsg HTTP/1.1" 200 27
124.78.155.92 - - [13/Sep/2023:09:58:16 +0800] "GET /xingrg/all/common/auto_word.html?type=employee&rest_code=00106 HTTP/1.1" 200 205
180.165.48.189 - - [13/Sep/2023:09:58:16 +0800] "GET /xingrg/javascript/jquery_tools/images/next.gif HTTP/1.1" 404 1086
180.165.48.189 - - [13/Sep/2023:09:58:16 +0800] "GET /xingrg/javascript/jquery_tools/images/prev.gif HTTP/1.1" 404 1086
101.83.145.37 - - [13/Sep/2023:09:58:16 +0800] "POST /xingrg/kc/buy/cgsh_list_operate.html HTTP/1.1" 200 566
116.232.195.127 - - [13/Sep/2023:09:58:17 +0800] "POST /xingrg/kc/buy/cgsh_order_operate.html HTTP/1.1" 200 37
124.78.155.92 - - [13/Sep/2023:09:58:17 +0800] "POST /xingrg/kc/buy/cgsh_order_operate.html HTTP/1.1" 200 23957
101.83.145.37 - - [13/Sep/2023:09:58:18 +0800] "GET /xingrg/kc/buy/cgsh_order_info.html?code=212023091304924 HTTP/1.1" 200 72407
101.83.145.37 - - [13/Sep/2023:09:58:18 +0800] "GET /xingrg/javascript/easyui/themes/default/validatebox.css HTTP/1.1" 404 1104
101.83.145.37 - - [13/Sep/2023:09:58:18 +0800] "GET /xingrg/all/common/auto_word.html?type=employee&rest_code=00105 HTTP/1.1" 200 193
101.83.145.37 - - [13/Sep/2023:09:58:19 +0800] "GET /xingrg/all/common/auto_word.html?type=employee&rest_code=00105 HTTP/1.1" 200 193
101.83.145.37 - - [13/Sep/2023:09:58:19 +0800] "POST /xingrg/kc/buy/cgsh_order_operate.html HTTP/1.1" 200 18029
101.83.145.37 - - [13/Sep/2023:09:58:22 +0800] "POST /xingrg/kc/buy/cgsh_order_operate.html HTTP/1.1" 200 2065
180.163.29.234 - - [13/Sep/2023:09:58:23 +0800] "GET /xingrg/all/function/internal_message.html?_=1694570241929&CODE_STATE=getMsg HTTP/1.1" 302 -
180.163.29.234 - - [13/Sep/2023:09:58:23 +0800] "GET /xingrg/login.html HTTP/1.1" 200 7641
180.165.48.189 - - [13/Sep/2023:09:58:24 +0800] "POST /xingrg/kc/buy/cgsh_list_operate.html HTTP/1.1" 200 1894
101.83.145.37 - - [13/Sep/2023:09:58:25 +0800] "POST /xingrg/kc/buy/cgsh_order_operate.html HTTP/1.1" 200 2065
180.174.205.229 - - [13/Sep/2023:09:58:25 +0800] "GET /xingrg/all/function/internal_message.html?_=1694570304566&CODE_STATE=getMsg HTTP/1.1" 200 27
101.83.145.37 - - [13/Sep/2023:09:58:27 +0800] "GET /xingrg/javascript/auto/indicator.gif HTTP/1.1" 404 1066
116.232.195.127 - - [13/Sep/2023:09:58:27 +0800] "GET /xingrg/all/function/internal_message.html?_=1694570308977&CODE_STATE=getMsg HTTP/1.1" 302 -
124.79.246.190 - - [13/Sep/2023:09:58:28 +0800] "GET /xingrg/check_reg.html?_=1694570604932 HTTP/1.1" 200 22
124.79.246.190 - - [13/Sep/2023:09:58:28 +0800] "GET /xingrg/all/function/internal_message.html?_=1694570604933&CODE_STATE=getMsg HTTP/1.1" 200 27
180.165.48.189 - - [13/Sep/2023:09:58:28 +0800] "POST /xingrg/kc/buy/cgsh_list_operate.html HTTP/1.1" 200 278
180.169.147.146 - - [13/Sep/2023:09:58:28 +0800] "GET /xingrg/all/function/internal_message.html?_=1694570303724&CODE_STATE=getMsg HTTP/1.1" 200 27
180.169.147.146 - - [13/Sep/2023:09:58:28 +0800] "GET /xingrg/check_reg.html?_=1694570303726 HTTP/1.1" 200 22
116.232.195.127 - - [13/Sep/2023:09:58:31 +0800] "POST /xingrg/kc/buy/cgsh_order_operate.html HTTP/1.1" 200 3253
180.165.48.189 - - [13/Sep/2023:09:58:31 +0800] "GET /xingrg/kc/buy/cgsh_order_info.html?code=212023091304931 HTTP/1.1" 200 67313
180.165.48.189 - - [13/Sep/2023:09:58:31 +0800] "GET /xingrg/javascript/easyui/themes/default/validatebox.css HTTP/1.1" 404 1104
222.70.107.27 - - [13/Sep/2023:09:58:32 +0800] "GET /xingrg/all/function/internal_message.html?_=1694570314467&CODE_STATE=getMsg HTTP/1.1" 200 27
180.165.48.189 - - [13/Sep/2023:09:58:32 +0800] "POST /xingrg/kc/buy/cgsh_order_operate.html HTTP/1.1" 200 1205
116.232.195.127 - - [13/Sep/2023:09:58:35 +0800] "GET /xingrg/kc/buy/cgsh_order_add.html HTTP/1.1" 200 72363
116.232.195.127 - - [13/Sep/2023:09:58:35 +0800] "POST /xingrg/kc/buy/cgsh_order_operate.html HTTP/1.1" 200 8245
116.232.195.127 - - [13/Sep/2023:09:58:35 +0800] "GET /xingrg/javascript/easyui/themes/default/validatebox.css HTTP/1.1" 404 1104
180.152.241.196 - - [13/Sep/2023:09:58:38 +0800] "GET /xingrg/all/function/internal_message.html?_=1694570318971&CODE_STATE=getMsg HTTP/1.1" 200 27
222.70.180.200 - - [13/Sep/2023:09:58:41 +0800] "GET /xingrg/all/function/internal_message.html?_=1694570321741&CODE_STATE=getMsg HTTP/1.1" 200 27
58.40.7.146 - - [13/Sep/2023:09:58:42 +0800] "GET /xingrg/all/function/internal_message.html?_=1694570322575&CODE_STATE=getMsg HTTP/1.1" 200 27
58.40.7.146 - - [13/Sep/2023:09:58:42 +0800] "GET /xingrg/check_reg.html?_=1694570322734 HTTP/1.1" 200 22
124.78.155.92 - - [13/Sep/2023:09:58:44 +0800] "GET /xingrg/check_reg.html?_=1694570361674 HTTP/1.1" 200 22
124.78.155.92 - - [13/Sep/2023:09:58:44 +0800] "GET /xingrg/all/function/internal_message.html?_=1694570361678&CODE_STATE=getMsg HTTP/1.1" 200 27
124.78.155.92 - - [13/Sep/2023:09:58:44 +0800] "GET /xingrg/javascript/auto/indicator.gif HTTP/1.1" 404 1066
124.78.155.92 - - [13/Sep/2023:09:58:50 +0800] "GET /xingrg/kc/buy/cgsh_order_operate.html?command=get_materiel&rest_code=00106&code=00101008283&supplier_code=00100007&order_time=2023-09-13 HTTP/1.1" 200 408
124.78.155.92 - - [13/Sep/2023:09:58:53 +0800] "GET /xingrg/all/function/internal_message.html?_=1694570332167&CODE_STATE=getMsg HTTP/1.1" 200 27
101.83.145.37 - - [13/Sep/2023:09:58:54 +0800] "GET /xingrg/all/function/internal_message.html?_=1694570124608&CODE_STATE=getMsg HTTP/1.1" 200 27
101.83.145.37 - - [13/Sep/2023:09:58:57 +0800] "GET /xingrg/all/function/internal_message.html?_=1694570337946&CODE_STATE=getMsg HTTP/1.1" 200 27
116.232.195.127 - - [13/Sep/2023:09:59:03 +0800] "GET /xingrg/all/function/internal_message.html?_=1694570219881&CODE_STATE=getMsg HTTP/1.1" 200 27
180.165.48.189 - - [13/Sep/2023:09:59:04 +0800] "GET /xingrg/javascript/easyui/themes/default/images/button_plain_hover.png HTTP/1.1" 200 144
180.165.48.189 - - [13/Sep/2023:09:59:04 +0800] "GET /xingrg/check_reg.html?_=1694570345242 HTTP/1.1" 200 22
180.165.48.189 - - [13/Sep/2023:09:59:04 +0800] "GET /xingrg/all/function/internal_message.html?_=1694570345240&CODE_STATE=getMsg HTTP/1.1" 200 27
114.95.241.104 - - [13/Sep/2023:09:59:11 +0800] "GET /xingrg/all/function/internal_message.html?_=1694570350074&CODE_STATE=getMsg HTTP/1.1" 200 27
114.95.241.104 - - [13/Sep/2023:09:59:11 +0800] "GET /xingrg/check_reg.html?_=1694570350089 HTTP/1.1" 200 22
124.78.155.92 - - [13/Sep/2023:09:59:12 +0800] "GET /xingrg/kc/buy/cgsh_order_operate.html?command=get_materiel&rest_code=00106&code=00101008101&supplier_code=00100007&order_time=2023-09-13 HTTP/1.1" 200 412
222.69.145.204 - - [13/Sep/2023:09:59:14 +0800] "GET /xingrg/all/function/internal_message.html?_=1694570503070&CODE_STATE=getMsg HTTP/1.1" 200 27
116.230.112.9 - - [13/Sep/2023:09:59:16 +0800] "GET /xingrg/all/function/internal_message.html?_=1694570366205&CODE_STATE=getMsg HTTP/1.1" 200 27
116.232.195.127 - - [13/Sep/2023:09:59:18 +0800] "GET /xingrg/check_reg.html?_=1694570234333 HTTP/1.1" 200 22
124.78.155.92 - - [13/Sep/2023:09:59:25 +0800] "GET /xingrg/kc/buy/cgsh_order_operate.html?command=get_materiel&rest_code=00106&code=00101008010&supplier_code=00100007&order_time=2023-09-13 HTTP/1.1" 200 412
180.174.205.229 - - [13/Sep/2023:09:59:25 +0800] "GET /xingrg/all/function/internal_message.html?_=1694570364564&CODE_STATE=getMsg HTTP/1.1" 200 27
116.232.195.127 - - [13/Sep/2023:09:59:27 +0800] "GET /xingrg/all/function/internal_message.html?_=1694570368972&CODE_STATE=getMsg HTTP/1.1" 302 -
124.79.246.190 - - [13/Sep/2023:09:59:28 +0800] "GET /xingrg/all/function/internal_message.html?_=1694570664957&CODE_STATE=getMsg HTTP/1.1" 200 27
180.169.147.146 - - [13/Sep/2023:09:59:28 +0800] "GET /xingrg/all/function/internal_message.html?_=1694570363724&CODE_STATE=getMsg HTTP/1.1" 200 27
222.70.107.27 - - [13/Sep/2023:09:59:32 +0800] "GET /xingrg/all/function/internal_message.html?_=1694570374473&CODE_STATE=getMsg HTTP/1.1" 200 27
222.70.107.27 - - [13/Sep/2023:09:59:32 +0800] "GET /xingrg/check_reg.html?_=1694570374481 HTTP/1.1" 200 22
180.165.48.189 - - [13/Sep/2023:09:59:33 +0800] "GET /xingrg/login.html HTTP/1.1" 200 7641
180.165.48.189 - - [13/Sep/2023:09:59:33 +0800] "GET /xingrg/images/blue/jxLogo.png HTTP/1.1" 200 6156
180.165.48.189 - - [13/Sep/2023:09:59:33 +0800] "GET /xingrg/images/blue/login_bg.png HTTP/1.1" 200 22101
180.165.48.189 - - [13/Sep/2023:09:59:33 +0800] "GET /xingrg/images/blue/hj.png HTTP/1.1" 200 1014
180.165.48.189 - - [13/Sep/2023:09:59:33 +0800] "GET /xingrg/images/blue/srbg.png HTTP/1.1" 200 138
180.165.48.189 - - [13/Sep/2023:09:59:33 +0800] "GET /favicon.ico HTTP/1.1" 404 -
180.152.241.196 - - [13/Sep/2023:09:59:38 +0800] "GET /xingrg/all/function/internal_message.html?_=1694570378968&CODE_STATE=getMsg HTTP/1.1" 200 27
222.70.180.200 - - [13/Sep/2023:09:59:41 +0800] "GET /xingrg/all/function/internal_message.html?_=1694570381743&CODE_STATE=getMsg HTTP/1.1" 200 27
58.40.7.146 - - [13/Sep/2023:09:59:42 +0800] "GET /xingrg/all/function/internal_message.html?_=1694570382546&CODE_STATE=getMsg HTTP/1.1" 200 27
124.78.155.92 - - [13/Sep/2023:09:59:44 +0800] "GET /xingrg/all/function/internal_message.html?_=1694570421665&CODE_STATE=getMsg HTTP/1.1" 200 27
180.165.48.189 - - [13/Sep/2023:09:59:45 +0800] "POST /xingrg/login.do HTTP/1.1" 302 -
180.165.48.189 - - [13/Sep/2023:09:59:45 +0800] "GET /xingrg/index.html?sysBaseUrl=http%3A%2F%2F180.169.147.146%3A18081%2Fxingrg%2F&costTime=851×tamp=1694570385421 HTTP/1.1" 200 17503
180.165.48.189 - - [13/Sep/2023:09:59:45 +0800] "GET /xingrg/javascript/jquery_easy_ui/themes/default/easyui.css HTTP/1.1" 200 26500
180.165.48.189 - - [13/Sep/2023:09:59:45 +0800] "GET /xingrg/javascript/jquery_easy_ui/themes/icon.css HTTP/1.1" 200 3949
180.165.48.189 - - [13/Sep/2023:09:59:45 +0800] "GET /xingrg/css/form.css HTTP/1.1" 200 893
180.165.48.189 - - [13/Sep/2023:09:59:45 +0800] "GET /xingrg/javascript/jquery_easy_ui/jquery.easyui.min.js HTTP/1.1" 200 213662
180.165.48.189 - - [13/Sep/2023:09:59:45 +0800] "GET /xingrg/javascript/jquery_easy_ui/easyui-lang-zh_CN.js HTTP/1.1" 200 1900
180.165.48.189 - - [13/Sep/2023:09:59:45 +0800] "GET /xingrg/javascript/jquery-1.4.2.min.js HTTP/1.1" 200 72205
180.165.48.189 - - [13/Sep/2023:09:59:45 +0800] "GET /xingrg/javascript/jquery.timers.js HTTP/1.1" 200 3532
180.165.48.189 - - [13/Sep/2023:09:59:45 +0800] "GET /xingrg/javascript/jquery.form.js HTTP/1.1" 200 23110
180.165.48.189 - - [13/Sep/2023:09:59:45 +0800] "GET /favicon.ico HTTP/1.1" 404 -
180.165.48.189 - - [13/Sep/2023:09:59:45 +0800] "GET /xingrg/images/blue/navBackgound.jpg HTTP/1.1" 200 12378
180.165.48.189 - - [13/Sep/2023:09:59:45 +0800] "GET /xingrg/javascript/jquery_easy_ui/themes/icons/settle_new.png HTTP/1.1" 200 826
180.165.48.189 - - [13/Sep/2023:09:59:45 +0800] "POST /xingrg/all/common/load_tree.html?tree=area_rest_tree_json&manage=1 HTTP/1.1" 200 3499
180.165.48.189 - - [13/Sep/2023:09:59:45 +0800] "GET /xingrg/all/function/internal_message.html?_=1694570386288&CODE_STATE=count HTTP/1.1" 200 11
180.165.48.189 - - [13/Sep/2023:09:59:45 +0800] "GET /xingrg/images/blue/pingpu.png HTTP/1.1" 200 231
180.165.48.189 - - [13/Sep/2023:09:59:45 +0800] "GET /xingrg/check_reg.html?_=1694570386289 HTTP/1.1" 200 22
180.165.48.189 - - [13/Sep/2023:09:59:46 +0800] "GET /xingrg/javascript/jquery_easy_ui/themes/default/images/tabs_leftarrow.png HTTP/1.1" 200 389
180.165.48.189 - - [13/Sep/2023:09:59:46 +0800] "GET /xingrg/javascript/jquery_easy_ui/themes/default/images/tabs_rightarrow.png HTTP/1.1" 200 395
180.165.48.189 - - [13/Sep/2023:09:59:46 +0800] "GET /xingrg/javascript/jquery_easy_ui/themes/default/images/panel_tool_expand.gif HTTP/1.1" 200 247
180.165.48.189 - - [13/Sep/2023:09:59:46 +0800] "GET /xingrg/javascript/jquery_easy_ui/themes/default/images/panel_tool_collapse.gif HTTP/1.1" 200 246
180.165.48.189 - - [13/Sep/2023:09:59:46 +0800] "POST /xingrg/load_menu.html HTTP/1.1" 200 11564
180.165.48.189 - - [13/Sep/2023:09:59:46 +0800] "GET /xingrg/javascript/jquery_easy_ui/themes/default/images/tree_arrows.gif HTTP/1.1" 200 1043
180.165.48.189 - - [13/Sep/2023:09:59:46 +0800] "GET /xingrg/javascript/jquery_easy_ui/themes/default/images/tree_folder_open.gif HTTP/1.1" 200 956
180.165.48.189 - - [13/Sep/2023:09:59:46 +0800] "GET /xingrg/javascript/jquery_easy_ui/themes/icons/search_new.png HTTP/1.1" 200 586
180.165.48.189 - - [13/Sep/2023:09:59:46 +0800] "GET /xingrg/javascript/jquery_easy_ui/themes/icons/delivery_new.png HTTP/1.1" 200 700
180.165.48.189 - - [13/Sep/2023:09:59:46 +0800] "GET /xingrg/javascript/jquery_easy_ui/themes/icons/storage_new.png HTTP/1.1" 200 853
180.165.48.189 - - [13/Sep/2023:09:59:46 +0800] "GET /xingrg/javascript/jquery_easy_ui/themes/icons/checkout_new.png HTTP/1.1" 200 744
180.165.48.189 - - [13/Sep/2023:09:59:46 +0800] "GET /xingrg/javascript/jquery_easy_ui/themes/icons/forms_new.png HTTP/1.1" 200 350
180.165.48.189 - - [13/Sep/2023:09:59:46 +0800] "GET /xingrg/javascript/jquery_easy_ui/themes/icons/setting_new.png HTTP/1.1" 200 450
180.165.48.189 - - [13/Sep/2023:09:59:46 +0800] "GET /xingrg/javascript/jquery_easy_ui/themes/default/images/tree_folder.gif HTTP/1.1" 200 952
180.165.48.189 - - [13/Sep/2023:09:59:46 +0800] "GET /xingrg/javascript/jquery_easy_ui/themes/icons/systemset_new.png HTTP/1.1" 200 606
180.165.48.189 - - [13/Sep/2023:09:59:46 +0800] "GET /xingrg/javascript/jquery_easy_ui/themes/default/images/tree_file.gif HTTP/1.1" 200 118
180.165.48.189 - - [13/Sep/2023:09:59:47 +0800] "GET /xingrg/javascript/jquery_easy_ui/themes/icons/area.png HTTP/1.1" 200 262
180.165.48.189 - - [13/Sep/2023:09:59:47 +0800] "GET /xingrg/javascript/jquery_easy_ui/themes/icons/manage.png HTTP/1.1" 200 696
180.165.48.189 - - [13/Sep/2023:09:59:47 +0800] "GET /xingrg/javascript/jquery_easy_ui/themes/default/images/button_a_bg.gif HTTP/1.1" 200 1194
180.165.48.189 - - [13/Sep/2023:09:59:47 +0800] "GET /xingrg/javascript/jquery_easy_ui/themes/default/images/button_span_bg.gif HTTP/1.1" 200 2061
180.165.48.189 - - [13/Sep/2023:09:59:47 +0800] "GET /xingrg/javascript/jquery_easy_ui/themes/icons/rest.png HTTP/1.1" 200 695
180.165.48.189 - - [13/Sep/2023:09:59:47 +0800] "GET /xingrg/javascript/jquery_easy_ui/themes/icons/ok.png HTTP/1.1" 200 883
180.165.48.189 - - [13/Sep/2023:09:59:47 +0800] "GET /xingrg/javascript/jquery_easy_ui/themes/default/images/panel_title.png HTTP/1.1" 200 266
180.165.48.189 - - [13/Sep/2023:09:59:47 +0800] "GET /xingrg/javascript/jquery_easy_ui/themes/default/images/panel_tools.gif HTTP/1.1" 200 737
180.165.48.189 - - [13/Sep/2023:09:59:50 +0800] "POST /xingrg/all/user/operate.html HTTP/1.1" 200 36
180.165.48.189 - - [13/Sep/2023:09:59:50 +0800] "GET /xingrg/index.html?sysBaseUrl=http%3A%2F%2F180.169.147.146%3A18081%2Fxingrg%2F&costTime=851×tamp=1694570385421 HTTP/1.1" 200 17513
180.165.48.189 - - [13/Sep/2023:09:59:50 +0800] "GET /xingrg/javascript/jquery_easy_ui/themes/default/easyui.css HTTP/1.1" 304 -
180.165.48.189 - - [13/Sep/2023:09:59:50 +0800] "GET /xingrg/javascript/jquery_easy_ui/themes/icon.css HTTP/1.1" 304 -
180.165.48.189 - - [13/Sep/2023:09:59:51 +0800] "GET /xingrg/css/form.css HTTP/1.1" 304 -
180.165.48.189 - - [13/Sep/2023:09:59:51 +0800] "GET /xingrg/javascript/jquery-1.4.2.min.js HTTP/1.1" 304 -
180.165.48.189 - - [13/Sep/2023:09:59:51 +0800] "GET /xingrg/javascript/jquery_easy_ui/jquery.easyui.min.js HTTP/1.1" 304 -
180.165.48.189 - - [13/Sep/2023:09:59:51 +0800] "GET /xingrg/javascript/jquery_easy_ui/easyui-lang-zh_CN.js HTTP/1.1" 304 -
180.165.48.189 - - [13/Sep/2023:09:59:51 +0800] "GET /xingrg/javascript/jquery.form.js HTTP/1.1" 304 -
180.165.48.189 - - [13/Sep/2023:09:59:51 +0800] "GET /xingrg/javascript/jquery.utils.js HTTP/1.1" 304 -
180.165.48.189 - - [13/Sep/2023:09:59:51 +0800] "GET /xingrg/javascript/jquery.timers.js HTTP/1.1" 304 -
180.165.48.189 - - [13/Sep/2023:09:59:51 +0800] "GET /xingrg/images/blue/jxLogo.png HTTP/1.1" 304 -
180.165.48.189 - - [13/Sep/2023:09:59:51 +0800] "GET /xingrg/images/blue/navBackgound.jpg HTTP/1.1" 304 -
180.165.48.189 - - [13/Sep/2023:09:59:51 +0800] "GET /xingrg/javascript/jquery_easy_ui/themes/icons/settle_new.png HTTP/1.1" 304 -
180.165.48.189 - - [13/Sep/2023:09:59:51 +0800] "GET /xingrg/javascript/jquery_easy_ui/themes/default/images/tabs_leftarrow.png HTTP/1.1" 304 -
180.165.48.189 - - [13/Sep/2023:09:59:51 +0800] "GET /xingrg/javascript/jquery_easy_ui/themes/default/images/panel_tool_expand.gif HTTP/1.1" 304 -
180.165.48.189 - - [13/Sep/2023:09:59:51 +0800] "GET /xingrg/all/function/internal_message.html?_=1694570391918&CODE_STATE=count HTTP/1.1" 200 11
180.165.48.189 - - [13/Sep/2023:09:59:51 +0800] "GET /xingrg/check_reg.html?_=1694570391919 HTTP/1.1" 200 22
180.165.48.189 - - [13/Sep/2023:09:59:51 +0800] "GET /xingrg/javascript/jquery_easy_ui/themes/default/images/panel_tool_collapse.gif HTTP/1.1" 304 -
180.165.48.189 - - [13/Sep/2023:09:59:51 +0800] "GET /xingrg/javascript/jquery_easy_ui/themes/default/images/tabs_rightarrow.png HTTP/1.1" 304 -
180.165.48.189 - - [13/Sep/2023:09:59:51 +0800] "GET /xingrg/images/blue/pingpu.png HTTP/1.1" 304 -
180.165.48.189 - - [13/Sep/2023:09:59:51 +0800] "POST /xingrg/all/common/load_tree.html?tree=area_rest_tree_json&manage=1 HTTP/1.1" 200 3499
180.165.48.189 - - [13/Sep/2023:09:59:51 +0800] "POST /xingrg/load_menu.html HTTP/1.1" 200 9959
124.78.155.92 - - [13/Sep/2023:09:59:53 +0800] "GET /xingrg/all/function/internal_message.html?_=1694570392151&CODE_STATE=getMsg HTTP/1.1" 200 27
180.165.48.189 - - [13/Sep/2023:09:59:53 +0800] "GET /xingrg/javascript/jquery_easy_ui/themes/default/images/tabs_close.gif HTTP/1.1" 200 829
101.83.145.37 - - [13/Sep/2023:09:59:54 +0800] "GET /xingrg/all/function/internal_message.html?_=1694570184608&CODE_STATE=getMsg HTTP/1.1" 200 27
180.165.48.189 - - [13/Sep/2023:09:59:54 +0800] "GET /xingrg/kc/buy/cgsh_order_list.html HTTP/1.1" 200 56799
180.165.48.189 - - [13/Sep/2023:09:59:54 +0800] "GET /xingrg/javascript/easyui/themes/icons/uncheck_new.png HTTP/1.1" 200 3197
180.165.48.189 - - [13/Sep/2023:09:59:56 +0800] "POST /xingrg/kc/buy/cgsh_list_operate.html HTTP/1.1" 200 986
101.83.145.37 - - [13/Sep/2023:09:59:57 +0800] "GET /xingrg/all/function/internal_message.html?_=1694570397923&CODE_STATE=getMsg HTTP/1.1" 200 27
180.165.48.189 - - [13/Sep/2023:10:00:00 +0800] "GET /xingrg/javascript/jquery_tools/images/next.gif HTTP/1.1" 404 1086
180.165.48.189 - - [13/Sep/2023:10:00:00 +0800] "GET /xingrg/javascript/jquery_tools/images/prev.gif HTTP/1.1" 404 1086
116.232.195.127 - - [13/Sep/2023:10:00:03 +0800] "GET /xingrg/all/function/internal_message.html?_=1694570279852&CODE_STATE=getMsg HTTP/1.1" 200 27
180.165.48.189 - - [13/Sep/2023:10:00:08 +0800] "POST /xingrg/kc/buy/cgsh_list_operate.html HTTP/1.1" 200 1894
180.163.28.143 - - [13/Sep/2023:10:00:09 +0800] "GET /xingrg/kc/buy/cgsh_order_operate.html?command=get_materiel&rest_code=00106&code=00101008101&supplier_code=00100007&order_time=2023-09-13 HTTP/1.1" 302 -
180.163.28.143 - - [13/Sep/2023:10:00:09 +0800] "GET /xingrg/login.html HTTP/1.1" 200 7641
180.165.48.189 - - [13/Sep/2023:10:00:11 +0800] "POST /xingrg/kc/buy/cgsh_list_operate.html HTTP/1.1" 200 278
114.95.241.104 - - [13/Sep/2023:10:00:11 +0800] "GET /xingrg/all/function/internal_message.html?_=1694570410074&CODE_STATE=getMsg HTTP/1.1" 200 27
116.232.195.127 - - [13/Sep/2023:10:00:12 +0800] "GET /xingrg/kc/buy/cgsh_order_operate.html?command=get_materiel&rest_code=00155&code=00101011007&supplier_code=00100012&order_time=2023-09-13 HTTP/1.1" 200 414
180.165.48.189 - - [13/Sep/2023:10:00:13 +0800] "GET /xingrg/kc/buy/cgsh_order_info.html?code=212023091304931 HTTP/1.1" 200 67570
180.165.48.189 - - [13/Sep/2023:10:00:13 +0800] "GET /xingrg/javascript/easyui/themes/default/validatebox.css HTTP/1.1" 404 1104
180.165.48.189 - - [13/Sep/2023:10:00:14 +0800] "POST /xingrg/kc/buy/cgsh_order_operate.html HTTP/1.1" 200 1205
222.69.145.204 - - [13/Sep/2023:10:00:14 +0800] "GET /xingrg/all/function/internal_message.html?_=1694570563081&CODE_STATE=getMsg HTTP/1.1" 200 27
116.230.112.9 - - [13/Sep/2023:10:00:17 +0800] "GET /xingrg/all/function/internal_message.html?_=1694570426684&CODE_STATE=getMsg HTTP/1.1" 200 27
180.165.48.189 - - [13/Sep/2023:10:00:19 +0800] "POST /xingrg/kc/buy/cgsh_order_operate.html HTTP/1.1" 200 12
180.165.48.189 - - [13/Sep/2023:10:00:20 +0800] "GET /xingrg/kc/buy/cgsh_order_info.html?code=212023091304931 HTTP/1.1" 200 72413
180.165.48.189 - - [13/Sep/2023:10:00:21 +0800] "GET /xingrg/javascript/easyui/themes/default/validatebox.css HTTP/1.1" 404 1104
180.165.48.189 - - [13/Sep/2023:10:00:21 +0800] "GET /xingrg/all/common/auto_word.html?type=employee&rest_code=00108 HTTP/1.1" 200 101
180.165.48.189 - - [13/Sep/2023:10:00:21 +0800] "GET /xingrg/all/common/auto_word.html?type=employee&rest_code=00108 HTTP/1.1" 200 101
180.165.48.189 - - [13/Sep/2023:10:00:21 +0800] "POST /xingrg/kc/buy/cgsh_order_operate.html HTTP/1.1" 200 3255
124.78.155.92 - - [13/Sep/2023:10:00:22 +0800] "GET /xingrg/kc/buy/cgsh_order_operate.html?command=get_materiel&rest_code=00106&code=00101008185&supplier_code=00100007&order_time=2023-09-13 HTTP/1.1" 200 408
180.174.205.229 - - [13/Sep/2023:10:00:25 +0800] "GET /xingrg/all/function/internal_message.html?_=1694570424564&CODE_STATE=getMsg HTTP/1.1" 200 27
180.174.205.229 - - [13/Sep/2023:10:00:25 +0800] "GET /xingrg/check_reg.html?_=1694570424566 HTTP/1.1" 200 22
124.78.155.92 - - [13/Sep/2023:10:00:26 +0800] "POST /xingrg/kc/buy/cgsh_order_operate.html HTTP/1.1" 200 2065
116.232.195.127 - - [13/Sep/2023:10:00:27 +0800] "GET /xingrg/all/function/internal_message.html?_=1694570428971&CODE_STATE=getMsg HTTP/1.1" 302 -
124.79.246.190 - - [13/Sep/2023:10:00:28 +0800] "GET /xingrg/all/function/internal_message.html?_=1694570724955&CODE_STATE=getMsg HTTP/1.1" 200 27
180.169.147.146 - - [13/Sep/2023:10:00:28 +0800] "GET /xingrg/all/function/internal_message.html?_=1694570423738&CODE_STATE=getMsg HTTP/1.1" 200 27
180.165.48.189 - - [13/Sep/2023:10:00:31 +0800] "POST /xingrg/kc/buy/cgsh_order_operate.html HTTP/1.1" 200 37
222.70.107.27 - - [13/Sep/2023:10:00:32 +0800] "GET /xingrg/all/function/internal_message.html?_=1694570434490&CODE_STATE=getMsg HTTP/1.1" 200 27
180.165.48.189 - - [13/Sep/2023:10:00:33 +0800] "POST /xingrg/kc/buy/cgsh_order_operate.html HTTP/1.1" 200 2660
180.152.241.196 - - [13/Sep/2023:10:00:38 +0800] "GET /xingrg/all/function/internal_message.html?_=1694570438974&CODE_STATE=getMsg HTTP/1.1" 200 27
222.70.180.200 - - [13/Sep/2023:10:00:41 +0800] "GET /xingrg/check_reg.html?_=1694570441755 HTTP/1.1" 200 22
222.70.180.200 - - [13/Sep/2023:10:00:41 +0800] "GET /xingrg/all/function/internal_message.html?_=1694570441748&CODE_STATE=getMsg HTTP/1.1" 200 27
116.232.195.127 - - [13/Sep/2023:10:00:41 +0800] "GET /xingrg/kc/buy/cgsh_order_operate.html?command=get_materiel&rest_code=00155&code=00101011010&supplier_code=00100012&order_time=2023-09-13 HTTP/1.1" 200 418
58.40.7.146 - - [13/Sep/2023:10:00:42 +0800] "GET /xingrg/all/function/internal_message.html?_=1694570442534&CODE_STATE=getMsg HTTP/1.1" 200 27
124.78.155.92 - - [13/Sep/2023:10:00:44 +0800] "GET /xingrg/all/function/internal_message.html?_=1694570481677&CODE_STATE=getMsg HTTP/1.1" 200 27
180.165.48.189 - - [13/Sep/2023:10:00:46 +0800] "POST /xingrg/kc/buy/cgsh_order_operate.html HTTP/1.1" 200 37
180.165.48.189 - - [13/Sep/2023:10:00:48 +0800] "POST /xingrg/kc/buy/cgsh_order_operate.html HTTP/1.1" 200 2660
180.165.48.189 - - [13/Sep/2023:10:00:49 +0800] "GET /xingrg/kc/print/load_config.html?kc_code=cgsh HTTP/1.1" 200 1924
180.165.48.189 - - [13/Sep/2023:10:00:49 +0800] "GET /xingrg/kc/print/load_data.html?order_code=212023091304931&kc_code=cgsh&condition= HTTP/1.1" 200 671
180.165.48.189 - - [13/Sep/2023:10:00:51 +0800] "GET /xingrg/all/function/internal_message.html?_=1694570451918&CODE_STATE=getMsg HTTP/1.1" 200 27
124.78.155.92 - - [13/Sep/2023:10:00:53 +0800] "GET /xingrg/all/function/internal_message.html?_=1694570452147&CODE_STATE=getMsg HTTP/1.1" 200 27
101.83.145.37 - - [13/Sep/2023:10:00:54 +0800] "GET /xingrg/all/function/internal_message.html?_=1694570244608&CODE_STATE=getMsg HTTP/1.1" 200 27
101.83.145.37 - - [13/Sep/2023:10:00:57 +0800] "GET /xingrg/all/function/internal_message.html?_=1694570457936&CODE_STATE=getMsg HTTP/1.1" 200 27
180.165.48.189 - - [13/Sep/2023:10:00:59 +0800] "POST /xingrg/kc/buy/cgsh_order_operate.html HTTP/1.1" 200 37
116.232.195.127 - - [13/Sep/2023:10:01:02 +0800] "GET /xingrg/kc/buy/cgsh_order_operate.html?command=get_materiel&rest_code=00155&code=00101006019&supplier_code=00100012&order_time=2023-09-13 HTTP/1.1" 200 417
116.232.195.127 - - [13/Sep/2023:10:01:03 +0800] "GET /xingrg/all/function/internal_message.html?_=1694570339838&CODE_STATE=getMsg HTTP/1.1" 200 27
180.165.48.189 - - [13/Sep/2023:10:01:06 +0800] "POST /xingrg/kc/buy/cgsh_order_operate.html HTTP/1.1" 200 12
180.165.48.189 - - [13/Sep/2023:10:01:08 +0800] "GET /xingrg/kc/buy/cgsh_order_info.html?code=212023091304931 HTTP/1.1" 200 67568
180.165.48.189 - - [13/Sep/2023:10:01:08 +0800] "GET /xingrg/javascript/easyui/themes/default/validatebox.css HTTP/1.1" 404 1104
180.165.48.189 - - [13/Sep/2023:10:01:09 +0800] "POST /xingrg/kc/buy/cgsh_order_operate.html HTTP/1.1" 200 610
114.95.241.104 - - [13/Sep/2023:10:01:11 +0800] "GET /xingrg/all/function/internal_message.html?_=1694570470077&CODE_STATE=getMsg HTTP/1.1" 200 27
222.69.145.204 - - [13/Sep/2023:10:01:14 +0800] "GET /xingrg/all/function/internal_message.html?_=1694570623094&CODE_STATE=getMsg HTTP/1.1" 200 27
116.230.112.9 - - [13/Sep/2023:10:01:17 +0800] "GET /xingrg/all/function/internal_message.html?_=1694570486686&CODE_STATE=getMsg HTTP/1.1" 200 27
116.232.195.127 - - [13/Sep/2023:10:01:18 +0800] "GET /xingrg/kc/buy/cgsh_order_operate.html?command=get_materiel&rest_code=00155&code=00101006055&supplier_code=00100012&order_time=2023-09-13 HTTP/1.1" 200 409
180.163.28.109 - - [13/Sep/2023:10:01:20 +0800] "GET /xingrg/kc/buy/cgsh_order_operate.html?command=get_materiel&rest_code=00106&code=00101008185&supplier_code=00100007&order_time=2023-09-13 HTTP/1.1" 302 -
180.163.28.109 - - [13/Sep/2023:10:01:20 +0800] "GET /xingrg/login.html HTTP/1.1" 200 7641
180.174.205.229 - - [13/Sep/2023:10:01:25 +0800] "GET /xingrg/all/function/internal_message.html?_=1694570484569&CODE_STATE=getMsg HTTP/1.1" 200 27
116.232.195.127 - - [13/Sep/2023:10:01:27 +0800] "GET /xingrg/all/function/internal_message.html?_=1694570488966&CODE_STATE=getMsg HTTP/1.1" 302 -
124.79.246.190 - - [13/Sep/2023:10:01:28 +0800] "GET /xingrg/all/function/internal_message.html?_=1694570784952&CODE_STATE=getMsg HTTP/1.1" 200 27
180.169.147.146 - - [13/Sep/2023:10:01:28 +0800] "GET /xingrg/all/function/internal_message.html?_=1694570483737&CODE_STATE=getMsg HTTP/1.1" 200 27
116.232.195.127 - - [13/Sep/2023:10:01:29 +0800] "GET /xingrg/kc/buy/cgsh_order_operate.html?command=get_materiel&rest_code=00155&code=00101012029&supplier_code=00100012&order_time=2023-09-13 HTTP/1.1" 200 412
180.157.248.18 - - [13/Sep/2023:10:01:30 +0800] "GET /xingrg/check_reg.html?_=1694570490742 HTTP/1.1" 200 22
222.70.107.27 - - [13/Sep/2023:10:01:32 +0800] "GET /xingrg/all/function/internal_message.html?_=1694570494496&CODE_STATE=getMsg HTTP/1.1" 200 27
180.152.241.196 - - [13/Sep/2023:10:01:38 +0800] "GET /xingrg/all/function/internal_message.html?_=1694570498956&CODE_STATE=getMsg HTTP/1.1" 200 27
222.70.180.200 - - [13/Sep/2023:10:01:41 +0800] "GET /xingrg/all/function/internal_message.html?_=1694570501739&CODE_STATE=getMsg HTTP/1.1" 200 27
58.40.7.146 - - [13/Sep/2023:10:01:42 +0800] "GET /xingrg/all/function/internal_message.html?_=1694570502504&CODE_STATE=getMsg HTTP/1.1" 200 27
124.78.155.92 - - [13/Sep/2023:10:01:44 +0800] "GET /xingrg/all/function/internal_message.html?_=1694570541686&CODE_STATE=getMsg HTTP/1.1" 200 27
116.232.195.127 - - [13/Sep/2023:10:01:47 +0800] "GET /xingrg/kc/buy/cgsh_order_operate.html?command=get_materiel&rest_code=00155&code=00101016030&supplier_code=00100012&order_time=2023-09-13 HTTP/1.1" 200 412
180.163.30.100 - - [13/Sep/2023:10:01:53 +0800] "GET /xingrg/all/function/internal_message.html?_=1694570452147&CODE_STATE=getMsg HTTP/1.1" 302 -
124.78.155.92 - - [13/Sep/2023:10:01:53 +0800] "GET /xingrg/all/function/internal_message.html?_=1694570512139&CODE_STATE=getMsg HTTP/1.1" 200 27
101.83.145.37 - - [13/Sep/2023:10:01:54 +0800] "GET /xingrg/check_reg.html?_=1694570304608 HTTP/1.1" 200 22
101.83.145.37 - - [13/Sep/2023:10:01:54 +0800] "GET /xingrg/all/function/internal_message.html?_=1694570304612&CODE_STATE=getMsg HTTP/1.1" 200 27
180.163.30.100 - - [13/Sep/2023:10:01:56 +0800] "GET /xingrg/login.html HTTP/1.1" 200 7641
101.83.145.37 - - [13/Sep/2023:10:01:57 +0800] "GET /xingrg/all/function/internal_message.html?_=1694570517930&CODE_STATE=getMsg HTTP/1.1" 200 27
116.232.195.127 - - [13/Sep/2023:10:02:00 +0800] "GET /xingrg/kc/buy/cgsh_order_operate.html?command=get_materiel&rest_code=00155&code=00101006240&supplier_code=00100012&order_time=2023-09-13 HTTP/1.1" 200 422
116.232.195.127 - - [13/Sep/2023:10:02:03 +0800] "GET /xingrg/all/function/internal_message.html?_=1694570399824&CODE_STATE=getMsg HTTP/1.1" 200 27
114.95.241.104 - - [13/Sep/2023:10:02:11 +0800] "GET /xingrg/all/function/internal_message.html?_=1694570530084&CODE_STATE=getMsg HTTP/1.1" 200 27
116.232.195.127 - - [13/Sep/2023:10:02:11 +0800] "GET /xingrg/kc/buy/cgsh_order_operate.html?command=get_materiel&rest_code=00155&code=00101006111&supplier_code=00100012&order_time=2023-09-13 HTTP/1.1" 200 409
222.69.145.204 - - [13/Sep/2023:10:02:14 +0800] "GET /xingrg/check_reg.html?_=1694570683089 HTTP/1.1" 200 22
222.69.145.204 - - [13/Sep/2023:10:02:14 +0800] "GET /xingrg/all/function/internal_message.html?_=1694570683090&CODE_STATE=getMsg HTTP/1.1" 200 27
116.230.112.9 - - [13/Sep/2023:10:02:14 +0800] "GET /xingrg/check_reg.html?_=1694570544505 HTTP/1.1" 200 22
116.230.112.9 - - [13/Sep/2023:10:02:17 +0800] "GET /xingrg/all/function/internal_message.html?_=1694570546698&CODE_STATE=getMsg HTTP/1.1" 200 27
116.232.195.127 - - [13/Sep/2023:10:02:23 +0800] "GET /xingrg/kc/buy/cgsh_order_operate.html?command=get_materiel&rest_code=00155&code=00101006056&supplier_code=00100012&order_time=2023-09-13 HTTP/1.1" 200 413
180.174.205.229 - - [13/Sep/2023:10:02:25 +0800] "GET /xingrg/all/function/internal_message.html?_=1694570544568&CODE_STATE=getMsg HTTP/1.1" 200 27
116.232.195.127 - - [13/Sep/2023:10:02:27 +0800] "GET /xingrg/check_reg.html?_=1694570548965 HTTP/1.1" 302 -
116.232.195.127 - - [13/Sep/2023:10:02:28 +0800] "GET /xingrg/all/function/internal_message.html?_=1694570548970&CODE_STATE=getMsg HTTP/1.1" 302 -
124.79.246.190 - - [13/Sep/2023:10:02:28 +0800] "GET /xingrg/all/function/internal_message.html?_=1694570844952&CODE_STATE=getMsg HTTP/1.1" 200 27
180.169.147.146 - - [13/Sep/2023:10:02:28 +0800] "GET /xingrg/all/function/internal_message.html?_=1694570543762&CODE_STATE=getMsg HTTP/1.1" 200 27
222.70.107.27 - - [13/Sep/2023:10:02:32 +0800] "GET /xingrg/all/function/internal_message.html?_=1694570554495&CODE_STATE=getMsg HTTP/1.1" 200 27
116.232.195.127 - - [13/Sep/2023:10:02:35 +0800] "GET /xingrg/kc/buy/cgsh_order_operate.html?command=get_materiel&rest_code=00155&code=00101006109&supplier_code=00100012&order_time=2023-09-13 HTTP/1.1" 200 409
180.152.241.196 - - [13/Sep/2023:10:02:38 +0800] "GET /xingrg/all/function/internal_message.html?_=1694570558972&CODE_STATE=getMsg HTTP/1.1" 200 27
180.152.241.196 - - [13/Sep/2023:10:02:38 +0800] "GET /xingrg/check_reg.html?_=1694570558972 HTTP/1.1" 200 22
222.70.180.200 - - [13/Sep/2023:10:02:41 +0800] "GET /xingrg/all/function/internal_message.html?_=1694570561743&CODE_STATE=getMsg HTTP/1.1" 200 27
58.40.7.146 - - [13/Sep/2023:10:02:42 +0800] "GET /xingrg/all/function/internal_message.html?_=1694570562490&CODE_STATE=getMsg HTTP/1.1" 200 27
124.78.155.92 - - [13/Sep/2023:10:02:44 +0800] "GET /xingrg/all/function/internal_message.html?_=1694570601673&CODE_STATE=getMsg HTTP/1.1" 200 27
116.232.195.127 - - [13/Sep/2023:10:02:48 +0800] "GET /xingrg/kc/buy/cgsh_order_operate.html?command=get_materiel&rest_code=00155&code=00101016105&supplier_code=00100012&order_time=2023-09-13 HTTP/1.1" 200 409
124.78.155.92 - - [13/Sep/2023:10:02:48 +0800] "GET /xingrg/kc/buy/cgsh_order_operate.html?command=get_materiel&rest_code=00106&code=00101008350&supplier_code=00100007&order_time=2023-09-13 HTTP/1.1" 200 408
124.78.155.92 - - [13/Sep/2023:10:02:53 +0800] "GET /xingrg/check_reg.html?_=1694570572139 HTTP/1.1" 200 22
124.78.155.92 - - [13/Sep/2023:10:02:53 +0800] "GET /xingrg/all/function/internal_message.html?_=1694570572144&CODE_STATE=getMsg HTTP/1.1" 200 27
101.83.145.37 - - [13/Sep/2023:10:02:54 +0800] "GET /xingrg/all/function/internal_message.html?_=1694570364612&CODE_STATE=getMsg HTTP/1.1" 200 27
101.83.145.37 - - [13/Sep/2023:10:02:57 +0800] "GET /xingrg/all/function/internal_message.html?_=1694570577932&CODE_STATE=getMsg HTTP/1.1" 200 27
101.83.145.37 - - [13/Sep/2023:10:02:57 +0800] "GET /xingrg/check_reg.html?_=1694570577929 HTTP/1.1" 200 22
120.253.135.82 - - [13/Sep/2023:10:03:00 +0800] "GET /xingrg/check_reg.html?_=1694570385127 HTTP/1.1" 200 22
116.232.195.127 - - [13/Sep/2023:10:03:03 +0800] "GET /xingrg/all/function/internal_message.html?_=1694570459806&CODE_STATE=getMsg HTTP/1.1" 200 27
116.232.195.127 - - [13/Sep/2023:10:03:05 +0800] "POST /xingrg/kc/buy/cgsh_order_operate.html HTTP/1.1" 200 37
116.232.195.127 - - [13/Sep/2023:10:03:07 +0800] "POST /xingrg/kc/buy/cgsh_order_operate.html HTTP/1.1" 200 8616
116.232.195.127 - - [13/Sep/2023:10:03:09 +0800] "GET /xingrg/kc/print/load_data.html?order_code=212023091304933&kc_code=cgsh&condition= HTTP/1.1" 200 3043
124.78.155.92 - - [13/Sep/2023:10:03:10 +0800] "GET /xingrg/kc/buy/cgsh_order_operate.html?command=get_materiel&rest_code=00106&code=00101008368&supplier_code=00100007&order_time=2023-09-13 HTTP/1.1" 200 408
114.95.241.104 - - [13/Sep/2023:10:03:11 +0800] "GET /xingrg/all/function/internal_message.html?_=1694570590085&CODE_STATE=getMsg HTTP/1.1" 200 27
116.232.195.127 - - [13/Sep/2023:10:03:14 +0800] "GET /xingrg/kc/buy/cgsh_order_add.html HTTP/1.1" 200 72363
222.69.145.204 - - [13/Sep/2023:10:03:14 +0800] "GET /xingrg/all/function/internal_message.html?_=1694570743076&CODE_STATE=getMsg HTTP/1.1" 200 27
116.232.195.127 - - [13/Sep/2023:10:03:14 +0800] "POST /xingrg/kc/buy/cgsh_order_operate.html HTTP/1.1" 200 8245
116.232.195.127 - - [13/Sep/2023:10:03:14 +0800] "GET /xingrg/javascript/easyui/themes/default/validatebox.css HTTP/1.1" 404 1104
116.230.112.9 - - [13/Sep/2023:10:03:17 +0800] "GET /xingrg/all/function/internal_message.html?_=1694570606712&CODE_STATE=getMsg HTTP/1.1" 200 27
180.174.205.229 - - [13/Sep/2023:10:03:25 +0800] "GET /xingrg/all/function/internal_message.html?_=1694570604569&CODE_STATE=getMsg HTTP/1.1" 200 27
116.232.195.127 - - [13/Sep/2023:10:03:27 +0800] "GET /xingrg/all/function/internal_message.html?_=1694570608970&CODE_STATE=getMsg HTTP/1.1" 302 -
124.79.246.190 - - [13/Sep/2023:10:03:28 +0800] "GET /xingrg/all/function/internal_message.html?_=1694570904950&CODE_STATE=getMsg HTTP/1.1" 200 27
124.79.246.190 - - [13/Sep/2023:10:03:28 +0800] "GET /xingrg/check_reg.html?_=1694570904951 HTTP/1.1" 200 22
180.169.147.146 - - [13/Sep/2023:10:03:28 +0800] "GET /xingrg/check_reg.html?_=1694570603762 HTTP/1.1" 200 22
180.169.147.146 - - [13/Sep/2023:10:03:28 +0800] "GET /xingrg/all/function/internal_message.html?_=1694570603765&CODE_STATE=getMsg HTTP/1.1" 200 27
116.232.195.127 - - [13/Sep/2023:10:03:31 +0800] "GET /xingrg/kc/buy/cgsh_order_operate.html?command=get_materiel&rest_code=00155&code=00101002027&supplier_code=00100199&order_time=2023-09-13 HTTP/1.1" 200 413
222.70.107.27 - - [13/Sep/2023:10:03:32 +0800] "GET /xingrg/all/function/internal_message.html?_=1694570614501&CODE_STATE=getMsg HTTP/1.1" 200 27
180.152.241.196 - - [13/Sep/2023:10:03:38 +0800] "GET /xingrg/all/function/internal_message.html?_=1694570618972&CODE_STATE=getMsg HTTP/1.1" 200 27
222.70.180.200 - - [13/Sep/2023:10:03:41 +0800] "GET /xingrg/all/function/internal_message.html?_=1694570621748&CODE_STATE=getMsg HTTP/1.1" 200 27
58.40.7.146 - - [13/Sep/2023:10:03:42 +0800] "GET /xingrg/all/function/internal_message.html?_=1694570622475&CODE_STATE=getMsg HTTP/1.1" 200 27
58.40.7.146 - - [13/Sep/2023:10:03:42 +0800] "GET /xingrg/check_reg.html?_=1694570622710 HTTP/1.1" 200 22
124.78.155.92 - - [13/Sep/2023:10:03:44 +0800] "GET /xingrg/all/function/internal_message.html?_=1694570661689&CODE_STATE=getMsg HTTP/1.1" 200 27
124.78.155.92 - - [13/Sep/2023:10:03:44 +0800] "GET /xingrg/check_reg.html?_=1694570661691 HTTP/1.1" 200 22
116.232.195.127 - - [13/Sep/2023:10:03:49 +0800] "GET /xingrg/kc/buy/cgsh_order_operate.html?command=get_materiel&rest_code=00155&code=00101002016&supplier_code=00100199&order_time=2023-09-13 HTTP/1.1" 200 413
180.163.30.100 - - [13/Sep/2023:10:03:53 +0800] "GET /xingrg/all/function/internal_message.html?_=1694570572144&CODE_STATE=getMsg HTTP/1.1" 302 -
180.163.30.100 - - [13/Sep/2023:10:03:53 +0800] "GET /xingrg/login.html HTTP/1.1" 200 7641
124.78.155.92 - - [13/Sep/2023:10:03:53 +0800] "GET /xingrg/all/function/internal_message.html?_=1694570632139&CODE_STATE=getMsg HTTP/1.1" 200 27
101.83.145.37 - - [13/Sep/2023:10:03:54 +0800] "GET /xingrg/all/function/internal_message.html?_=1694570424612&CODE_STATE=getMsg HTTP/1.1" 200 27
101.83.145.37 - - [13/Sep/2023:10:03:57 +0800] "GET /xingrg/all/function/internal_message.html?_=1694570637929&CODE_STATE=getMsg HTTP/1.1" 200 27
116.232.195.127 - - [13/Sep/2023:10:04:01 +0800] "GET /xingrg/kc/buy/cgsh_order_operate.html?command=get_materiel&rest_code=00155&code=00101001052&supplier_code=00100199&order_time=2023-09-13 HTTP/1.1" 200 411
116.232.195.127 - - [13/Sep/2023:10:04:03 +0800] "GET /xingrg/all/function/internal_message.html?_=1694570519801&CODE_STATE=getMsg HTTP/1.1" 200 27
180.163.30.100 - - [13/Sep/2023:10:04:07 +0800] "GET /xingrg/kc/buy/cgsh_order_operate.html?command=get_materiel&rest_code=00106&code=00101008368&supplier_code=00100007&order_time=2023-09-13 HTTP/1.1" 302 -
180.163.30.100 - - [13/Sep/2023:10:04:07 +0800] "GET /xingrg/login.html HTTP/1.1" 200 7641
116.230.112.9 - - [13/Sep/2023:10:04:09 +0800] "GET /xingrg/kc/buy/buy_main.html HTTP/1.1" 200 12412
116.230.112.9 - - [13/Sep/2023:10:04:09 +0800] "GET /xingrg/css/new_ie.css HTTP/1.1" 404 1036
116.230.112.9 - - [13/Sep/2023:10:04:09 +0800] "GET /xingrg/images/yd/bt.gif HTTP/1.1" 404 1040
116.230.112.9 - - [13/Sep/2023:10:04:10 +0800] "GET /xingrg/kc/buy/cgsh_order_list.html HTTP/1.1" 200 56540
114.95.241.104 - - [13/Sep/2023:10:04:11 +0800] "GET /xingrg/all/function/internal_message.html?_=1694570650086&CODE_STATE=getMsg HTTP/1.1" 200 27
114.95.241.104 - - [13/Sep/2023:10:04:11 +0800] "GET /xingrg/check_reg.html?_=1694570650089 HTTP/1.1" 200 22
222.69.145.204 - - [13/Sep/2023:10:04:14 +0800] "GET /xingrg/all/function/internal_message.html?_=1694570803092&CODE_STATE=getMsg HTTP/1.1" 200 27
116.230.112.9 - - [13/Sep/2023:10:04:15 +0800] "POST /xingrg/kc/buy/cgsh_list_operate.html HTTP/1.1" 200 1870
116.230.112.9 - - [13/Sep/2023:10:04:17 +0800] "GET /xingrg/all/function/internal_message.html?_=1694570666726&CODE_STATE=getMsg HTTP/1.1" 200 27
222.70.180.200 - - [13/Sep/2023:10:04:18 +0800] "GET /xingrg/kc/buy/cgsh_order_add.html HTTP/1.1" 200 72266
116.232.195.127 - - [13/Sep/2023:10:04:18 +0800] "GET /xingrg/check_reg.html?_=1694570534327 HTTP/1.1" 200 22
222.70.180.200 - - [13/Sep/2023:10:04:18 +0800] "POST /xingrg/kc/buy/cgsh_order_operate.html HTTP/1.1" 200 8245
222.70.180.200 - - [13/Sep/2023:10:04:18 +0800] "GET /xingrg/javascript/easyui/themes/default/validatebox.css HTTP/1.1" 404 1104
116.232.195.127 - - [13/Sep/2023:10:04:18 +0800] "GET /xingrg/kc/buy/cgsh_order_operate.html?command=get_materiel&rest_code=00155&code=00101004038&supplier_code=00100199&order_time=2023-09-13 HTTP/1.1" 200 409
116.230.112.9 - - [13/Sep/2023:10:04:21 +0800] "GET /xingrg/kc/buy/buy_main.html HTTP/1.1" 200 12412
116.230.112.9 - - [13/Sep/2023:10:04:21 +0800] "GET /xingrg/css/new_ie.css HTTP/1.1" 404 1036
116.230.112.9 - - [13/Sep/2023:10:04:22 +0800] "GET /xingrg/images/yd/bt.gif HTTP/1.1" 404 1040
116.230.112.9 - - [13/Sep/2023:10:04:23 +0800] "GET /xingrg/kc/buy/cgsh_order_list.html HTTP/1.1" 200 56540
180.174.205.229 - - [13/Sep/2023:10:04:25 +0800] "GET /xingrg/all/function/internal_message.html?_=1694570664567&CODE_STATE=getMsg HTTP/1.1" 200 27
116.230.112.9 - - [13/Sep/2023:10:04:27 +0800] "POST /xingrg/kc/buy/cgsh_list_operate.html HTTP/1.1" 200 1870
116.232.195.127 - - [13/Sep/2023:10:04:27 +0800] "GET /xingrg/all/function/internal_message.html?_=1694570668972&CODE_STATE=getMsg HTTP/1.1" 302 -
124.79.246.190 - - [13/Sep/2023:10:04:28 +0800] "GET /xingrg/all/function/internal_message.html?_=1694570964949&CODE_STATE=getMsg HTTP/1.1" 200 27
180.169.147.146 - - [13/Sep/2023:10:04:28 +0800] "GET /xingrg/all/function/internal_message.html?_=1694570663749&CODE_STATE=getMsg HTTP/1.1" 200 27
116.230.112.9 - - [13/Sep/2023:10:04:30 +0800] "GET /xingrg/kc/buy/cgsh_order_add.html HTTP/1.1" 200 72316
116.230.112.9 - - [13/Sep/2023:10:04:31 +0800] "POST /xingrg/kc/buy/cgsh_order_operate.html HTTP/1.1" 200 8245
116.230.112.9 - - [13/Sep/2023:10:04:31 +0800] "GET /xingrg/javascript/easyui/themes/default/validatebox.css HTTP/1.1" 404 1104
222.70.107.27 - - [13/Sep/2023:10:04:32 +0800] "GET /xingrg/all/function/internal_message.html?_=1694570674492&CODE_STATE=getMsg HTTP/1.1" 200 27
222.70.107.27 - - [13/Sep/2023:10:04:32 +0800] "GET /xingrg/check_reg.html?_=1694570674500 HTTP/1.1" 200 22
124.78.155.92 - - [13/Sep/2023:10:04:34 +0800] "POST /xingrg/kc/buy/cgsh_order_operate.html HTTP/1.1" 200 37
124.78.155.92 - - [13/Sep/2023:10:04:36 +0800] "POST /xingrg/kc/buy/cgsh_order_operate.html HTTP/1.1" 200 28085
180.152.241.196 - - [13/Sep/2023:10:04:38 +0800] "GET /xingrg/all/function/internal_message.html?_=1694570678962&CODE_STATE=getMsg HTTP/1.1" 200 27
222.70.180.200 - - [13/Sep/2023:10:04:41 +0800] "GET /xingrg/all/function/internal_message.html?_=1694570681763&CODE_STATE=getMsg HTTP/1.1" 200 27
58.40.7.146 - - [13/Sep/2023:10:04:42 +0800] "GET /xingrg/all/function/internal_message.html?_=1694570682446&CODE_STATE=getMsg HTTP/1.1" 200 27
116.232.195.127 - - [13/Sep/2023:10:04:42 +0800] "GET /xingrg/kc/buy/cgsh_order_operate.html?command=get_materiel&rest_code=00155&code=00101010161&supplier_code=00100199&order_time=2023-09-13 HTTP/1.1" 200 411
124.78.155.92 - - [13/Sep/2023:10:04:44 +0800] "GET /xingrg/all/function/internal_message.html?_=1694570721678&CODE_STATE=getMsg HTTP/1.1" 200 27
124.78.155.92 - - [13/Sep/2023:10:04:53 +0800] "GET /xingrg/all/function/internal_message.html?_=1694570692139&CODE_STATE=getMsg HTTP/1.1" 200 27
101.83.145.37 - - [13/Sep/2023:10:04:54 +0800] "GET /xingrg/all/function/internal_message.html?_=1694570484612&CODE_STATE=getMsg HTTP/1.1" 200 27
116.232.195.127 - - [13/Sep/2023:10:04:57 +0800] "POST /xingrg/kc/buy/cgsh_order_operate.html HTTP/1.1" 200 37
101.83.145.37 - - [13/Sep/2023:10:04:57 +0800] "GET /xingrg/all/function/internal_message.html?_=1694570697924&CODE_STATE=getMsg HTTP/1.1" 200 27
116.232.195.127 - - [13/Sep/2023:10:04:59 +0800] "POST /xingrg/kc/buy/cgsh_order_operate.html HTTP/1.1" 200 5624
116.232.195.127 - - [13/Sep/2023:10:05:01 +0800] "GET /xingrg/kc/buy/cgsh_order_add.html HTTP/1.1" 200 72363
116.232.195.127 - - [13/Sep/2023:10:05:01 +0800] "POST /xingrg/kc/buy/cgsh_order_operate.html HTTP/1.1" 200 8245
116.232.195.127 - - [13/Sep/2023:10:05:01 +0800] "GET /xingrg/javascript/easyui/themes/default/validatebox.css HTTP/1.1" 404 1104
116.232.195.127 - - [13/Sep/2023:10:05:03 +0800] "GET /xingrg/all/function/internal_message.html?_=1694570579773&CODE_STATE=getMsg HTTP/1.1" 200 27
116.230.112.9 - - [13/Sep/2023:10:05:07 +0800] "GET /favicon.ico HTTP/1.1" 404 -
114.95.241.104 - - [13/Sep/2023:10:05:11 +0800] "GET /xingrg/all/function/internal_message.html?_=1694570710090&CODE_STATE=getMsg HTTP/1.1" 200 27
222.69.145.204 - - [13/Sep/2023:10:05:14 +0800] "GET /xingrg/all/function/internal_message.html?_=1694570863078&CODE_STATE=getMsg HTTP/1.1" 200 27
