222.69.145.204 - - [13/Sep/2023:11:02:14 +0800] "GET /xingrg/check_reg.html?_=1694574283084 HTTP/1.1" 200 22
222.69.145.204 - - [13/Sep/2023:11:02:14 +0800] "GET /xingrg/all/function/internal_message.html?_=1694574283085&CODE_STATE=getMsg HTTP/1.1" 200 27
101.228.187.155 - - [13/Sep/2023:11:02:19 +0800] "GET /xingrg/all/function/internal_message.html?_=1694574138286&CODE_STATE=getMsg HTTP/1.1" 200 27
222.70.180.200 - - [13/Sep/2023:11:02:20 +0800] "GET /xingrg/all/function/internal_message.html?_=1694574141835&CODE_STATE=getMsg HTTP/1.1" 200 27
124.78.155.92 - - [13/Sep/2023:11:02:21 +0800] "GET /xingrg/javascript/auto/indicator.gif HTTP/1.1" 404 1066
180.152.241.196 - - [13/Sep/2023:11:02:21 +0800] "GET /xingrg/kc/base/wldb_order_list.html HTTP/1.1" 200 19174
180.152.241.196 - - [13/Sep/2023:11:02:22 +0800] "POST /xingrg/kc/base/wldb_list_operate.html HTTP/1.1" 200 1771
101.83.145.37 - - [13/Sep/2023:11:02:23 +0800] "GET /xingrg/kc/buy/cgsh_order_list.html HTTP/1.1" 200 56534
180.152.241.196 - - [13/Sep/2023:11:02:23 +0800] "GET /xingrg/kc/base/wldb_order_add.html HTTP/1.1" 200 30453
180.152.241.196 - - [13/Sep/2023:11:02:23 +0800] "POST /xingrg/kc/base/wldb_order_operate.html HTTP/1.1" 200 6806
120.253.135.82 - - [13/Sep/2023:11:02:23 +0800] "POST /xingrg/kc/pszx/mdps_list_operate.html HTTP/1.1" 200 2072
180.152.241.196 - - [13/Sep/2023:11:02:23 +0800] "GET /xingrg/javascript/easyui/themes/default/validatebox.css HTTP/1.1" 404 1104
114.95.241.104 - - [13/Sep/2023:11:02:23 +0800] "GET /xingrg/all/function/internal_message.html?_=1694574026030&CODE_STATE=getMsg HTTP/1.1" 200 27
180.152.241.196 - - [13/Sep/2023:11:02:24 +0800] "POST /xingrg/all/common/load_combo.html?type=base HTTP/1.1" 200 3321
120.253.135.82 - - [13/Sep/2023:11:02:24 +0800] "POST /xingrg/kc/pszx/mdps_list_operate.html HTTP/1.1" 200 205
180.174.205.229 - - [13/Sep/2023:11:02:25 +0800] "GET /xingrg/all/function/internal_message.html?_=1694574144632&CODE_STATE=getMsg HTTP/1.1" 200 27
180.152.241.196 - - [13/Sep/2023:11:02:26 +0800] "POST /xingrg/all/common/load_combo.html?type=base HTTP/1.1" 200 3321
120.253.135.82 - - [13/Sep/2023:11:02:26 +0800] "GET /xingrg/kc/pszx/mdps_order_info.html?code=312023091100248 HTTP/1.1" 200 23984
120.253.135.82 - - [13/Sep/2023:11:02:26 +0800] "GET /xingrg/javascript/easyui/themes/default/validatebox.css HTTP/1.1" 404 1104
120.253.135.82 - - [13/Sep/2023:11:02:26 +0800] "POST /xingrg/kc/pszx/mdps_order_operate.html HTTP/1.1" 200 2285
116.232.195.127 - - [13/Sep/2023:11:02:27 +0800] "GET /xingrg/all/function/internal_message.html?_=1694574148979&CODE_STATE=getMsg HTTP/1.1" 302 -
116.232.195.127 - - [13/Sep/2023:11:02:27 +0800] "GET /xingrg/check_reg.html?_=1694574148983 HTTP/1.1" 302 -
180.169.147.146 - - [13/Sep/2023:11:02:28 +0800] "GET /xingrg/all/function/internal_message.html?_=1694574143839&CODE_STATE=getMsg HTTP/1.1" 200 27
116.228.172.122 - - [13/Sep/2023:11:02:28 +0800] "GET /xingrg/kc/buy/cgsh_order_operate.html?command=get_materiel&rest_code=00153&code=00101010248&supplier_code=00100590&order_time=2023-09-12 HTTP/1.1" 200 430
124.79.246.190 - - [13/Sep/2023:11:02:28 +0800] "GET /xingrg/all/function/internal_message.html?_=1694574445031&CODE_STATE=getMsg HTTP/1.1" 200 27
222.70.107.27 - - [13/Sep/2023:11:02:32 +0800] "GET /xingrg/all/function/internal_message.html?_=1694574154636&CODE_STATE=getMsg HTTP/1.1" 200 27
120.253.135.82 - - [13/Sep/2023:11:02:33 +0800] "POST /xingrg/kc/pszx/mdps_order_operate.html HTTP/1.1" 200 37
124.78.155.92 - - [13/Sep/2023:11:02:34 +0800] "GET /xingrg/kc/base/wldb_order_operate.html?command=get_materiel&rest_code=00106&base_code=0010396&code=00101019133 HTTP/1.1" 200 480
180.169.147.146 - - [13/Sep/2023:11:02:35 +0800] "GET /xingrg/check_reg.html?_=1694574158764 HTTP/1.1" 200 22
120.253.135.82 - - [13/Sep/2023:11:02:38 +0800] "POST /xingrg/kc/pszx/mdps_order_operate.html HTTP/1.1" 200 12
101.83.145.37 - - [13/Sep/2023:11:02:39 +0800] "POST /xingrg/kc/buy/cgsh_list_operate.html HTTP/1.1" 200 4802
120.253.135.82 - - [13/Sep/2023:11:02:40 +0800] "GET /xingrg/kc/pszx/mdps_order_info.html?code=312023091100248 HTTP/1.1" 200 19644
120.253.135.82 - - [13/Sep/2023:11:02:40 +0800] "GET /xingrg/javascript/easyui/themes/default/validatebox.css HTTP/1.1" 404 1104
222.70.180.200 - - [13/Sep/2023:11:02:40 +0800] "GET /xingrg/all/function/internal_message.html?_=1694574161004&CODE_STATE=getMsg HTTP/1.1" 200 27
120.253.135.82 - - [13/Sep/2023:11:02:41 +0800] "POST /xingrg/kc/pszx/mdps_order_operate.html HTTP/1.1" 200 506
58.40.7.146 - - [13/Sep/2023:11:02:41 +0800] "GET /xingrg/all/function/internal_message.html?_=1694574161417&CODE_STATE=getMsg HTTP/1.1" 200 27
120.253.135.82 - - [13/Sep/2023:11:02:42 +0800] "POST /xingrg/kc/pszx/mdps_list_operate.html HTTP/1.1" 200 1690
114.83.222.222 - - [13/Sep/2023:11:02:42 +0800] "GET /xingrg/all/function/internal_message.html?_=1694574161586&CODE_STATE=getMsg HTTP/1.1" 200 27
114.83.222.222 - - [13/Sep/2023:11:02:42 +0800] "GET /xingrg/check_reg.html?_=1694574161590 HTTP/1.1" 200 22
180.165.48.189 - - [13/Sep/2023:11:02:42 +0800] "GET /xingrg/all/function/internal_message.html?_=1694574163274&CODE_STATE=getMsg HTTP/1.1" 200 27
120.253.135.82 - - [13/Sep/2023:11:02:43 +0800] "POST /xingrg/kc/pszx/mdps_list_operate.html HTTP/1.1" 200 286
124.78.155.92 - - [13/Sep/2023:11:02:44 +0800] "GET /xingrg/all/function/internal_message.html?_=1694574201682&CODE_STATE=getMsg HTTP/1.1" 200 27
120.253.135.82 - - [13/Sep/2023:11:02:45 +0800] "GET /xingrg/kc/pszx/mdps_order_info.html?code=312023091300329 HTTP/1.1" 200 23978
120.253.135.82 - - [13/Sep/2023:11:02:45 +0800] "GET /xingrg/javascript/easyui/themes/default/validatebox.css HTTP/1.1" 404 1104
120.253.135.82 - - [13/Sep/2023:11:02:45 +0800] "POST /xingrg/kc/pszx/mdps_order_operate.html HTTP/1.1" 200 2800
124.78.155.92 - - [13/Sep/2023:11:02:46 +0800] "GET /xingrg/kc/base/wldb_order_operate.html?command=get_materiel&rest_code=00106&base_code=0010396&code=00101019127 HTTP/1.1" 200 480
180.152.241.196 - - [13/Sep/2023:11:02:46 +0800] "GET /xingrg/all/function/internal_message.html?_=1694574166717&CODE_STATE=getMsg HTTP/1.1" 200 27
114.95.241.104 - - [13/Sep/2023:11:02:46 +0800] "GET /xingrg/all/function/internal_message.html?_=1694574165340&CODE_STATE=getMsg HTTP/1.1" 200 27
124.78.155.92 - - [13/Sep/2023:11:02:47 +0800] "GET /xingrg/all/function/internal_message.html?_=1694574168800&CODE_STATE=getMsg HTTP/1.1" 200 27
120.253.135.82 - - [13/Sep/2023:11:02:50 +0800] "POST /xingrg/kc/pszx/mdps_order_operate.html HTTP/1.1" 200 37
101.83.145.37 - - [13/Sep/2023:11:02:54 +0800] "GET /xingrg/all/function/internal_message.html?_=1694573964692&CODE_STATE=getMsg HTTP/1.1" 200 27
120.253.135.82 - - [13/Sep/2023:11:02:55 +0800] "POST /xingrg/kc/pszx/mdps_order_operate.html HTTP/1.1" 200 12
101.83.145.37 - - [13/Sep/2023:11:02:56 +0800] "GET /xingrg/all/function/internal_message.html?_=1694574177091&CODE_STATE=getMsg HTTP/1.1" 200 27
101.83.145.37 - - [13/Sep/2023:11:02:57 +0800] "GET /xingrg/check_reg.html?_=1694574177858 HTTP/1.1" 200 22
222.70.180.200 - - [13/Sep/2023:11:02:59 +0800] "GET /xingrg/check_reg.html?_=1694574176765 HTTP/1.1" 200 22
222.70.180.200 - - [13/Sep/2023:11:02:59 +0800] "GET /xingrg/all/function/internal_message.html?_=1694574176767&CODE_STATE=getMsg HTTP/1.1" 200 27
124.78.155.92 - - [13/Sep/2023:11:03:00 +0800] "GET /xingrg/kc/base/wldb_order_operate.html?command=get_materiel&rest_code=00106&base_code=0010396&code=00101019071 HTTP/1.1" 200 471
180.152.241.196 - - [13/Sep/2023:11:03:01 +0800] "POST /xingrg/kc/base/wldb_order_operate.html HTTP/1.1" 200 37
180.152.241.196 - - [13/Sep/2023:11:03:01 +0800] "GET /xingrg/login.html HTTP/1.1" 200 7641
180.152.241.196 - - [13/Sep/2023:11:03:02 +0800] "POST /xingrg/kc/base/wldb_order_operate.html HTTP/1.1" 200 3225
180.152.241.196 - - [13/Sep/2023:11:03:02 +0800] "GET /favicon.ico HTTP/1.1" 404 -
116.232.195.127 - - [13/Sep/2023:11:03:03 +0800] "GET /xingrg/all/function/internal_message.html?_=1694574059438&CODE_STATE=getMsg HTTP/1.1" 200 27
124.78.155.92 - - [13/Sep/2023:11:03:05 +0800] "GET /xingrg/all/function/internal_message.html?_=1694574184032&CODE_STATE=getMsg HTTP/1.1" 200 27
116.228.172.122 - - [13/Sep/2023:11:03:05 +0800] "POST /xingrg/kc/buy/cgsh_order_operate.html HTTP/1.1" 200 37
180.152.241.196 - - [13/Sep/2023:11:03:06 +0800] "POST /xingrg/login.do HTTP/1.1" 302 -
180.152.241.196 - - [13/Sep/2023:11:03:06 +0800] "GET /xingrg/index.html?sysBaseUrl=http%3A%2F%2F180.169.147.146%3A18081%2Fxingrg%2F&costTime=1244×tamp=1694574186199 HTTP/1.1" 200 17173
180.152.241.196 - - [13/Sep/2023:11:03:06 +0800] "GET /favicon.ico HTTP/1.1" 404 -
180.152.241.196 - - [13/Sep/2023:11:03:06 +0800] "GET /xingrg/check_reg.html?_=1694574199578 HTTP/1.1" 200 22
180.152.241.196 - - [13/Sep/2023:11:03:06 +0800] "GET /xingrg/all/function/internal_message.html?_=1694574199576&CODE_STATE=count HTTP/1.1" 200 11
180.152.241.196 - - [13/Sep/2023:11:03:06 +0800] "POST /xingrg/all/common/load_tree.html?tree=area_rest_tree_json&manage=1 HTTP/1.1" 200 342
180.152.241.196 - - [13/Sep/2023:11:03:06 +0800] "POST /xingrg/load_menu.html HTTP/1.1" 200 5138
180.157.248.18 - - [13/Sep/2023:11:03:07 +0800] "GET /xingrg/all/function/internal_message.html?_=1694574188065&CODE_STATE=getMsg HTTP/1.1" 200 27
101.83.145.37 - - [13/Sep/2023:11:03:08 +0800] "GET /xingrg/kc/buy/cgsh_order_add.html HTTP/1.1" 200 72398
116.228.172.122 - - [13/Sep/2023:11:03:08 +0800] "GET /xingrg/all/function/internal_message.html?_=1694573894349&CODE_STATE=getMsg HTTP/1.1" 200 27
101.83.145.37 - - [13/Sep/2023:11:03:08 +0800] "POST /xingrg/kc/buy/cgsh_order_operate.html HTTP/1.1" 200 8245
101.83.145.37 - - [13/Sep/2023:11:03:08 +0800] "GET /xingrg/javascript/easyui/themes/default/validatebox.css HTTP/1.1" 404 1104
180.152.241.196 - - [13/Sep/2023:11:03:09 +0800] "GET /xingrg/kc/base/wldb_order_list.html HTTP/1.1" 200 19174
116.228.172.122 - - [13/Sep/2023:11:03:09 +0800] "POST /xingrg/kc/buy/cgsh_order_operate.html HTTP/1.1" 200 9195
180.152.241.196 - - [13/Sep/2023:11:03:09 +0800] "POST /xingrg/kc/base/wldb_order_operate.html HTTP/1.1" 200 12
180.152.241.196 - - [13/Sep/2023:11:03:10 +0800] "POST /xingrg/kc/base/wldb_list_operate.html HTTP/1.1" 200 1771
114.83.222.222 - - [13/Sep/2023:11:03:10 +0800] "POST /xingrg/services/DataTransmitService HTTP/1.1" 200 524
180.152.241.196 - - [13/Sep/2023:11:03:11 +0800] "GET /xingrg/kc/base/wldb_order_add.html HTTP/1.1" 200 30457
180.152.241.196 - - [13/Sep/2023:11:03:11 +0800] "GET /xingrg/words/20230912174116_words.js HTTP/1.1" 200 985973
124.78.155.92 - - [13/Sep/2023:11:03:11 +0800] "POST /xingrg/login.do HTTP/1.1" 302 -
124.78.155.92 - - [13/Sep/2023:11:03:11 +0800] "GET /xingrg/index.html?sysBaseUrl=http%3A%2F%2F180.169.147.146%3A18081%2Fxingrg%2F&costTime=980×tamp=1694574191901 HTTP/1.1" 200 17173
180.152.241.196 - - [13/Sep/2023:11:03:12 +0800] "POST /xingrg/kc/base/wldb_order_operate.html HTTP/1.1" 200 6806
180.152.241.196 - - [13/Sep/2023:11:03:12 +0800] "GET /xingrg/all/common/auto_word.html?type=base&rest_code=00102 HTTP/1.1" 200 1857
180.152.241.196 - - [13/Sep/2023:11:03:12 +0800] "GET /xingrg/all/common/auto_word.html?type=base&rest_code=00102 HTTP/1.1" 200 1857
180.152.241.196 - - [13/Sep/2023:11:03:12 +0800] "GET /xingrg/javascript/easyui/themes/default/validatebox.css HTTP/1.1" 404 1104
124.78.155.92 - - [13/Sep/2023:11:03:12 +0800] "GET /favicon.ico HTTP/1.1" 404 -
124.78.155.92 - - [13/Sep/2023:11:03:12 +0800] "GET /xingrg/all/function/internal_message.html?_=1694574190817&CODE_STATE=count HTTP/1.1" 200 11
124.78.155.92 - - [13/Sep/2023:11:03:12 +0800] "GET /xingrg/check_reg.html?_=1694574190818 HTTP/1.1" 200 22
124.78.155.92 - - [13/Sep/2023:11:03:12 +0800] "POST /xingrg/all/common/load_tree.html?tree=area_rest_tree_json&manage=1 HTTP/1.1" 200 342
124.78.155.92 - - [13/Sep/2023:11:03:12 +0800] "POST /xingrg/load_menu.html HTTP/1.1" 200 5138
180.152.241.196 - - [13/Sep/2023:11:03:12 +0800] "GET /xingrg/javascript/auto/indicator.gif HTTP/1.1" 404 1066
116.228.172.122 - - [13/Sep/2023:11:03:13 +0800] "GET /xingrg/kc/print/load_config.html?kc_code=cgsh HTTP/1.1" 200 1924
180.152.241.196 - - [13/Sep/2023:11:03:13 +0800] "GET /xingrg/kc/base/wldb_order_info.html?code=422023091301233 HTTP/1.1" 200 26329
180.152.241.196 - - [13/Sep/2023:11:03:13 +0800] "GET /xingrg/javascript/jquery_tools/images/prev.gif HTTP/1.1" 404 1086
180.152.241.196 - - [13/Sep/2023:11:03:13 +0800] "GET /xingrg/javascript/jquery_tools/images/next.gif HTTP/1.1" 404 1086
180.152.241.196 - - [13/Sep/2023:11:03:13 +0800] "GET /xingrg/javascript/easyui/themes/default/validatebox.css HTTP/1.1" 404 1104
116.228.172.122 - - [13/Sep/2023:11:03:13 +0800] "GET /xingrg/kc/print/load_data.html?order_code=212023091304954&kc_code=cgsh&condition= HTTP/1.1" 200 3144
180.152.241.196 - - [13/Sep/2023:11:03:14 +0800] "POST /xingrg/kc/base/wldb_order_operate.html HTTP/1.1" 200 1497
222.69.145.204 - - [13/Sep/2023:11:03:14 +0800] "GET /xingrg/all/function/internal_message.html?_=1694574343086&CODE_STATE=getMsg HTTP/1.1" 200 27
180.152.241.196 - - [13/Sep/2023:11:03:18 +0800] "GET /xingrg/kc/base/wldb_order_operate.html?command=get_materiel&rest_code=00102&base_code=0010477&code=00102002204 HTTP/1.1" 200 447
124.78.155.92 - - [13/Sep/2023:11:03:18 +0800] "GET /xingrg/kc/base/wldb_order_operate.html?command=get_materiel&rest_code=00106&base_code=0010396&code=00101019536 HTTP/1.1" 200 471
101.228.187.155 - - [13/Sep/2023:11:03:20 +0800] "GET /xingrg/all/function/internal_message.html?_=1694574198284&CODE_STATE=getMsg HTTP/1.1" 200 27
222.70.180.200 - - [13/Sep/2023:11:03:20 +0800] "GET /xingrg/all/function/internal_message.html?_=1694574201836&CODE_STATE=getMsg HTTP/1.1" 200 27
116.228.172.122 - - [13/Sep/2023:11:03:22 +0800] "GET /xingrg/kc/buy/cgsh_order_add.html HTTP/1.1" 200 71369
116.228.172.122 - - [13/Sep/2023:11:03:22 +0800] "POST /xingrg/kc/buy/cgsh_order_operate.html HTTP/1.1" 200 8245
116.228.172.122 - - [13/Sep/2023:11:03:22 +0800] "GET /xingrg/javascript/easyui/themes/default/validatebox.css HTTP/1.1" 404 1104
114.95.241.104 - - [13/Sep/2023:11:03:23 +0800] "GET /xingrg/check_reg.html?_=1694574085487 HTTP/1.1" 200 22
114.95.241.104 - - [13/Sep/2023:11:03:23 +0800] "GET /xingrg/all/function/internal_message.html?_=1694574086044&CODE_STATE=getMsg HTTP/1.1" 200 27
180.174.205.229 - - [13/Sep/2023:11:03:25 +0800] "GET /xingrg/all/function/internal_message.html?_=1694574204626&CODE_STATE=getMsg HTTP/1.1" 200 27
101.83.145.37 - - [13/Sep/2023:11:03:26 +0800] "GET /xingrg/kc/buy/cgsh_order_operate.html?command=get_materiel&rest_code=00105&code=00101010276&supplier_code=00100323&order_time=2023-09-13 HTTP/1.1" 200 416
116.232.195.127 - - [13/Sep/2023:11:03:27 +0800] "GET /xingrg/all/function/internal_message.html?_=1694574208958&CODE_STATE=getMsg HTTP/1.1" 302 -
180.165.48.189 - - [13/Sep/2023:11:03:27 +0800] "POST /xingrg/kc/buy/cgsh_order_operate.html HTTP/1.1" 200 37
180.169.147.146 - - [13/Sep/2023:11:03:28 +0800] "GET /xingrg/check_reg.html?_=1694574203854 HTTP/1.1" 200 22
124.79.246.190 - - [13/Sep/2023:11:03:28 +0800] "GET /xingrg/all/function/internal_message.html?_=1694574505028&CODE_STATE=getMsg HTTP/1.1" 200 27
124.79.246.190 - - [13/Sep/2023:11:03:28 +0800] "GET /xingrg/check_reg.html?_=1694574505030 HTTP/1.1" 200 22
180.169.147.146 - - [13/Sep/2023:11:03:28 +0800] "GET /xingrg/all/function/internal_message.html?_=1694574203858&CODE_STATE=getMsg HTTP/1.1" 200 27
222.70.107.27 - - [13/Sep/2023:11:03:32 +0800] "GET /xingrg/all/function/internal_message.html?_=1694574214636&CODE_STATE=getMsg HTTP/1.1" 200 27
101.80.225.121 - - [13/Sep/2023:11:03:33 +0800] "POST /xingrg/services/DataTransmitService HTTP/1.1" 200 524
101.80.225.121 - - [13/Sep/2023:11:03:33 +0800] "POST /xingrg/services/DataTransmitService HTTP/1.1" 200 501
101.80.225.121 - - [13/Sep/2023:11:03:34 +0800] "POST /xingrg/services/DataTransmitService HTTP/1.1" 200 501
101.80.225.121 - - [13/Sep/2023:11:03:34 +0800] "POST /xingrg/services/DataTransmitService HTTP/1.1" 200 501
101.80.225.121 - - [13/Sep/2023:11:03:34 +0800] "POST /xingrg/services/DataTransmitService HTTP/1.1" 200 501
101.80.225.121 - - [13/Sep/2023:11:03:35 +0800] "POST /xingrg/services/DataTransmitService HTTP/1.1" 200 412
180.165.48.189 - - [13/Sep/2023:11:03:36 +0800] "POST /xingrg/kc/buy/cgsh_order_operate.html HTTP/1.1" 200 12
124.78.155.92 - - [13/Sep/2023:11:03:36 +0800] "GET /xingrg/kc/base/wldb_order_operate.html?command=get_materiel&rest_code=00106&base_code=0010396&code=00101019253 HTTP/1.1" 200 482
180.165.48.189 - - [13/Sep/2023:11:03:38 +0800] "GET /xingrg/kc/buy/cgsh_order_info.html?code=212023091304931 HTTP/1.1" 200 67568
180.165.48.189 - - [13/Sep/2023:11:03:39 +0800] "GET /xingrg/javascript/easyui/themes/default/validatebox.css HTTP/1.1" 404 1104
180.165.48.189 - - [13/Sep/2023:11:03:40 +0800] "POST /xingrg/kc/buy/cgsh_order_operate.html HTTP/1.1" 200 1205
222.70.180.200 - - [13/Sep/2023:11:03:40 +0800] "GET /xingrg/all/function/internal_message.html?_=1694574220983&CODE_STATE=getMsg HTTP/1.1" 200 27
58.40.7.146 - - [13/Sep/2023:11:03:41 +0800] "GET /xingrg/all/function/internal_message.html?_=1694574221403&CODE_STATE=getMsg HTTP/1.1" 200 27
101.83.145.37 - - [13/Sep/2023:11:03:41 +0800] "GET /xingrg/kc/buy/cgsh_order_operate.html?command=get_materiel&rest_code=00105&code=00101019489&supplier_code=00100323&order_time=2023-09-13 HTTP/1.1" 200 410
58.40.7.146 - - [13/Sep/2023:11:03:42 +0800] "GET /xingrg/check_reg.html?_=1694574222466 HTTP/1.1" 200 22
114.83.222.222 - - [13/Sep/2023:11:03:42 +0800] "GET /xingrg/all/function/internal_message.html?_=1694574221580&CODE_STATE=getMsg HTTP/1.1" 200 27
180.165.48.189 - - [13/Sep/2023:11:03:43 +0800] "GET /xingrg/check_reg.html?_=1694574223281 HTTP/1.1" 200 22
180.165.48.189 - - [13/Sep/2023:11:03:43 +0800] "GET /xingrg/all/function/internal_message.html?_=1694574223283&CODE_STATE=getMsg HTTP/1.1" 200 27
116.228.172.122 - - [13/Sep/2023:11:03:43 +0800] "GET /xingrg/kc/buy/cgsh_order_operate.html?command=get_materiel&rest_code=00153&code=00101008084&supplier_code=00100590&order_time=2023-09-11 HTTP/1.1" 200 412
124.78.155.92 - - [13/Sep/2023:11:03:44 +0800] "GET /xingrg/all/function/internal_message.html?_=1694574261686&CODE_STATE=getMsg HTTP/1.1" 200 27
124.78.155.92 - - [13/Sep/2023:11:03:44 +0800] "GET /xingrg/check_reg.html?_=1694574261694 HTTP/1.1" 200 22
180.152.241.196 - - [13/Sep/2023:11:03:46 +0800] "GET /xingrg/all/function/internal_message.html?_=1694574226715&CODE_STATE=getMsg HTTP/1.1" 200 27
114.95.241.104 - - [13/Sep/2023:11:03:46 +0800] "GET /xingrg/all/function/internal_message.html?_=1694574225341&CODE_STATE=getMsg HTTP/1.1" 200 27
124.78.155.92 - - [13/Sep/2023:11:03:47 +0800] "GET /xingrg/all/function/internal_message.html?_=1694574228802&CODE_STATE=getMsg HTTP/1.1" 200 27
180.165.48.189 - - [13/Sep/2023:11:03:49 +0800] "GET /xingrg/login.html HTTP/1.1" 200 7641
180.165.48.189 - - [13/Sep/2023:11:03:49 +0800] "GET /favicon.ico HTTP/1.1" 404 -
180.165.48.189 - - [13/Sep/2023:11:03:52 +0800] "POST /xingrg/login.do HTTP/1.1" 302 -
180.165.48.189 - - [13/Sep/2023:11:03:52 +0800] "GET /xingrg/index.html?sysBaseUrl=http%3A%2F%2F180.169.147.146%3A18081%2Fxingrg%2F&costTime=835×tamp=1694574232073 HTTP/1.1" 200 17183
180.165.48.189 - - [13/Sep/2023:11:03:52 +0800] "GET /favicon.ico HTTP/1.1" 404 -
180.165.48.189 - - [13/Sep/2023:11:03:52 +0800] "GET /xingrg/all/function/internal_message.html?_=1694574232591&CODE_STATE=count HTTP/1.1" 200 11
180.165.48.189 - - [13/Sep/2023:11:03:52 +0800] "GET /xingrg/check_reg.html?_=1694574232592 HTTP/1.1" 200 22
124.78.155.92 - - [13/Sep/2023:11:03:52 +0800] "GET /xingrg/kc/base/base_main.html HTTP/1.1" 200 12142
180.165.48.189 - - [13/Sep/2023:11:03:52 +0800] "POST /xingrg/all/common/load_tree.html?tree=area_rest_tree_json&manage=1 HTTP/1.1" 200 357
180.165.48.189 - - [13/Sep/2023:11:03:52 +0800] "POST /xingrg/load_menu.html HTTP/1.1" 200 5138
101.83.145.37 - - [13/Sep/2023:11:03:54 +0800] "GET /xingrg/all/function/internal_message.html?_=1694574024693&CODE_STATE=getMsg HTTP/1.1" 200 27
124.78.155.92 - - [13/Sep/2023:11:03:54 +0800] "GET /xingrg/kc/base/wldb_order_operate.html?command=get_materiel&rest_code=00106&base_code=0010396&code=00101019184 HTTP/1.1" 200 456
116.228.172.122 - - [13/Sep/2023:11:03:55 +0800] "GET /xingrg/kc/buy/cgsh_order_operate.html?command=get_materiel&rest_code=00153&code=00101008270&supplier_code=00100590&order_time=2023-09-11 HTTP/1.1" 200 412
124.78.155.92 - - [13/Sep/2023:11:03:56 +0800] "GET /xingrg/kc/base/wldb_order_list.html HTTP/1.1" 200 19174
101.83.145.37 - - [13/Sep/2023:11:03:56 +0800] "GET /xingrg/all/function/internal_message.html?_=1694574237083&CODE_STATE=getMsg HTTP/1.1" 200 27
120.253.135.82 - - [13/Sep/2023:11:03:57 +0800] "GET /xingrg/kc/pszx/mdps_order_info.html?code=312023091300329 HTTP/1.1" 200 19638
180.165.48.189 - - [13/Sep/2023:11:03:57 +0800] "GET /xingrg/kc/base/yddb_order_list.html HTTP/1.1" 200 16790
124.78.155.92 - - [13/Sep/2023:11:03:58 +0800] "POST /xingrg/kc/base/wldb_list_operate.html HTTP/1.1" 200 928
180.165.48.189 - - [13/Sep/2023:11:03:58 +0800] "POST /xingrg/kc/base/yddb_list_operate.html HTTP/1.1" 200 636
120.253.135.82 - - [13/Sep/2023:11:03:58 +0800] "GET /xingrg/check_reg.html?_=1694574043191 HTTP/1.1" 200 22
120.253.135.82 - - [13/Sep/2023:11:03:58 +0800] "GET /xingrg/javascript/easyui/themes/default/validatebox.css HTTP/1.1" 404 1104
120.253.135.82 - - [13/Sep/2023:11:03:58 +0800] "POST /xingrg/kc/pszx/mdps_order_operate.html HTTP/1.1" 200 1017
124.78.155.92 - - [13/Sep/2023:11:03:59 +0800] "GET /xingrg/kc/base/wldb_order_add.html HTTP/1.1" 200 30461
222.70.180.200 - - [13/Sep/2023:11:03:59 +0800] "GET /xingrg/all/function/internal_message.html?_=1694574236768&CODE_STATE=getMsg HTTP/1.1" 200 27
124.78.155.92 - - [13/Sep/2023:11:03:59 +0800] "GET /xingrg/words/20230912174116_words.js HTTP/1.1" 304 -
124.78.155.92 - - [13/Sep/2023:11:03:59 +0800] "GET /xingrg/all/common/auto_word.html?type=base&rest_code=00106 HTTP/1.1" 200 1799
124.78.155.92 - - [13/Sep/2023:11:03:59 +0800] "GET /xingrg/all/common/auto_word.html?type=base&rest_code=00106 HTTP/1.1" 200 1799
124.78.155.92 - - [13/Sep/2023:11:03:59 +0800] "GET /xingrg/javascript/easyui/themes/default/validatebox.css HTTP/1.1" 404 1104
124.78.155.92 - - [13/Sep/2023:11:03:59 +0800] "POST /xingrg/kc/base/wldb_order_operate.html HTTP/1.1" 200 6806
124.78.155.92 - - [13/Sep/2023:11:04:00 +0800] "POST /xingrg/all/common/load_combo.html?type=base HTTP/1.1" 200 3227
120.253.135.82 - - [13/Sep/2023:11:04:00 +0800] "POST /xingrg/kc/pszx/mdps_list_operate.html HTTP/1.1" 200 868
180.165.48.189 - - [13/Sep/2023:11:04:02 +0800] "POST /xingrg/kc/base/yddb_list_operate.html HTTP/1.1" 200 4456
116.232.195.127 - - [13/Sep/2023:11:04:03 +0800] "GET /xingrg/all/function/internal_message.html?_=1694574119411&CODE_STATE=getMsg HTTP/1.1" 200 27
180.165.48.189 - - [13/Sep/2023:11:04:04 +0800] "GET /xingrg/kc/base/yddb_order_add.html HTTP/1.1" 200 29953
180.165.48.189 - - [13/Sep/2023:11:04:04 +0800] "GET /xingrg/css/blue.css HTTP/1.1" 200 15949
180.165.48.189 - - [13/Sep/2023:11:04:04 +0800] "GET /xingrg/dwr/interface/AjaxYddbService.js HTTP/1.1" 200 13201
180.165.48.189 - - [13/Sep/2023:11:04:04 +0800] "GET /xingrg/dwr/interface/AjaxComOrderService.js HTTP/1.1" 200 18264
180.165.48.189 - - [13/Sep/2023:11:04:04 +0800] "GET /xingrg/dwr/engine.js HTTP/1.1" 200 43631
180.165.48.189 - - [13/Sep/2023:11:04:04 +0800] "GET /xingrg/javascript/myfunction.js HTTP/1.1" 200 24559
180.165.48.189 - - [13/Sep/2023:11:04:04 +0800] "GET /xingrg/dwr/util.js HTTP/1.1" 200 35990
180.165.48.189 - - [13/Sep/2023:11:04:04 +0800] "GET /xingrg/javascript/Calendar.js HTTP/1.1" 200 31561
180.165.48.189 - - [13/Sep/2023:11:04:04 +0800] "GET /xingrg/javascript/checkform.js HTTP/1.1" 200 18351
180.165.48.189 - - [13/Sep/2023:11:04:04 +0800] "GET /xingrg/javascript/AjaxInfoList.js HTTP/1.1" 200 3774
180.165.48.189 - - [13/Sep/2023:11:04:04 +0800] "GET /xingrg/javascript/Grid.js HTTP/1.1" 200 58908
180.165.48.189 - - [13/Sep/2023:11:04:04 +0800] "GET /xingrg/javascript/ToolTips.js HTTP/1.1" 200 5615
124.78.155.92 - - [13/Sep/2023:11:04:05 +0800] "GET /xingrg/javascript/auto/indicator.gif HTTP/1.1" 404 1066
180.165.48.189 - - [13/Sep/2023:11:04:05 +0800] "GET /xingrg/javascript/jquery_easy_ui/themes/icons/edit_add_new.png HTTP/1.1" 200 2997
180.165.48.189 - - [13/Sep/2023:11:04:05 +0800] "GET /xingrg/javascript/jquery_easy_ui/themes/icons/print.png HTTP/1.1" 200 1057
180.165.48.189 - - [13/Sep/2023:11:04:05 +0800] "GET /xingrg/javascript/jquery_easy_ui/themes/icons/check_new.png HTTP/1.1" 200 3224
180.165.48.189 - - [13/Sep/2023:11:04:05 +0800] "GET /xingrg/javascript/jquery_easy_ui/themes/default/images/menu_downarrow.png HTTP/1.1" 200 173
180.165.48.189 - - [13/Sep/2023:11:04:05 +0800] "GET /xingrg/javascript/jquery_easy_ui/themes/icons/cance_new.png HTTP/1.1" 200 3986
180.165.48.189 - - [13/Sep/2023:11:04:05 +0800] "GET /xingrg/javascript/jquery_easy_ui/themes/icons/back_new.png HTTP/1.1" 200 3414
180.165.48.189 - - [13/Sep/2023:11:04:05 +0800] "GET /xingrg/images/blue/button/kc_tab_edit.gif HTTP/1.1" 200 551
180.165.48.189 - - [13/Sep/2023:11:04:05 +0800] "GET /xingrg/images/blue/button/kc_tab_add.gif HTTP/1.1" 200 375
180.165.48.189 - - [13/Sep/2023:11:04:05 +0800] "GET /xingrg/images/blue/button/kc_tab_save.gif HTTP/1.1" 200 777
180.165.48.189 - - [13/Sep/2023:11:04:05 +0800] "GET /xingrg/images/blue/button/kc_tab_del.gif HTTP/1.1" 200 383
180.165.48.189 - - [13/Sep/2023:11:04:05 +0800] "GET /xingrg/images/blue/kc_tab_left.gif HTTP/1.1" 200 188
180.165.48.189 - - [13/Sep/2023:11:04:05 +0800] "GET /xingrg/images/blue/kc_tab_mid.gif HTTP/1.1" 200 44
180.165.48.189 - - [13/Sep/2023:11:04:05 +0800] "GET /xingrg/images/blue/kc_tab2_right.gif HTTP/1.1" 200 192
180.165.48.189 - - [13/Sep/2023:11:04:05 +0800] "GET /xingrg/images/blue/kc_tab_right.gif HTTP/1.1" 200 643
180.165.48.189 - - [13/Sep/2023:11:04:05 +0800] "GET /xingrg/images/blue/kc_tab2_left.gif HTTP/1.1" 200 625
180.152.241.196 - - [13/Sep/2023:11:04:06 +0800] "GET /xingrg/all/function/internal_message.html?_=1694574259573&CODE_STATE=getMsg HTTP/1.1" 200 27
124.78.155.92 - - [13/Sep/2023:11:04:06 +0800] "GET /xingrg/kc/base/wldb_order_operate.html?command=get_materiel&rest_code=00106&base_code=0010397&code=00102012050 HTTP/1.1" 200 443
180.165.48.189 - - [13/Sep/2023:11:04:07 +0800] "GET /xingrg/images/blue/wait.gif HTTP/1.1" 200 1100
180.165.48.189 - - [13/Sep/2023:11:04:07 +0800] "POST /xingrg/dwr/call/plaincall/AjaxYddbService.getRestBases.dwr HTTP/1.1" 200 1199
116.228.172.122 - - [13/Sep/2023:11:04:07 +0800] "GET /xingrg/check_reg.html?_=1694573953854 HTTP/1.1" 200 22
116.228.172.122 - - [13/Sep/2023:11:04:07 +0800] "GET /xingrg/kc/buy/cgsh_order_operate.html?command=get_materiel&rest_code=00153&code=00101016051&supplier_code=00100590&order_time=2023-09-11 HTTP/1.1" 200 408
180.157.248.18 - - [13/Sep/2023:11:04:07 +0800] "GET /xingrg/all/function/internal_message.html?_=1694574248056&CODE_STATE=getMsg HTTP/1.1" 200 27
116.228.172.122 - - [13/Sep/2023:11:04:08 +0800] "GET /xingrg/all/function/internal_message.html?_=1694573954328&CODE_STATE=getMsg HTTP/1.1" 200 27
124.78.155.92 - - [13/Sep/2023:11:04:09 +0800] "GET /xingrg/kc/base/wldb_order_operate.html?command=get_materiel&rest_code=00106&base_code=0010396&code=00101019400 HTTP/1.1" 200 465
124.78.155.92 - - [13/Sep/2023:11:04:12 +0800] "GET /xingrg/all/function/internal_message.html?_=1694574250857&CODE_STATE=getMsg HTTP/1.1" 200 27
101.83.145.37 - - [13/Sep/2023:11:04:13 +0800] "GET /xingrg/kc/buy/cgsh_order_operate.html?command=get_materiel&rest_code=00105&code=00101010760&supplier_code=00100323&order_time=2023-09-13 HTTP/1.1" 200 468
222.69.145.204 - - [13/Sep/2023:11:04:14 +0800] "GET /xingrg/all/function/internal_message.html?_=1694574403076&CODE_STATE=getMsg HTTP/1.1" 200 27
180.165.48.189 - - [13/Sep/2023:11:04:14 +0800] "POST /xingrg/dwr/call/plaincall/AjaxYddbService.saveOrder.dwr HTTP/1.1" 200 78
116.228.172.122 - - [13/Sep/2023:11:04:15 +0800] "GET /xingrg/kc/buy/cgsh_order_operate.html?command=get_materiel&rest_code=00153&code=00101008046&supplier_code=00100590&order_time=2023-09-11 HTTP/1.1" 200 408
180.165.48.189 - - [13/Sep/2023:11:04:17 +0800] "POST /xingrg/dwr/call/plaincall/AjaxComOrderService.getMaterielSearchList.dwr HTTP/1.1" 200 1794
116.232.195.127 - - [13/Sep/2023:11:04:18 +0800] "GET /xingrg/check_reg.html?_=1694574134302 HTTP/1.1" 200 22
180.165.48.189 - - [13/Sep/2023:11:04:18 +0800] "POST /xingrg/dwr/call/plaincall/AjaxComOrderService.getMaterielSearchList.dwr HTTP/1.1" 200 1794
180.165.48.189 - - [13/Sep/2023:11:04:19 +0800] "POST /xingrg/dwr/call/plaincall/AjaxYddbService.getMaterielByMap.dwr HTTP/1.1" 200 3034
101.228.187.155 - - [13/Sep/2023:11:04:20 +0800] "GET /xingrg/check_reg.html?_=1694574258299 HTTP/1.1" 200 22
101.228.187.155 - - [13/Sep/2023:11:04:20 +0800] "GET /xingrg/all/function/internal_message.html?_=1694574258295&CODE_STATE=getMsg HTTP/1.1" 200 27
222.70.180.200 - - [13/Sep/2023:11:04:20 +0800] "GET /xingrg/all/function/internal_message.html?_=1694574261835&CODE_STATE=getMsg HTTP/1.1" 200 27
124.78.155.92 - - [13/Sep/2023:11:04:22 +0800] "GET /xingrg/kc/base/wldb_order_operate.html?command=get_materiel&rest_code=00106&base_code=0010396&code=00101016094 HTTP/1.1" 200 470
114.95.241.104 - - [13/Sep/2023:11:04:23 +0800] "GET /xingrg/all/function/internal_message.html?_=1694574146074&CODE_STATE=getMsg HTTP/1.1" 200 27
101.83.145.37 - - [13/Sep/2023:11:04:24 +0800] "GET /xingrg/kc/buy/cgsh_order_operate.html?command=get_materiel&rest_code=00105&code=00101010547&supplier_code=00100323&order_time=2023-09-13 HTTP/1.1" 200 421
116.228.172.122 - - [13/Sep/2023:11:04:25 +0800] "GET /xingrg/kc/buy/cgsh_order_operate.html?command=get_materiel&rest_code=00153&code=00101008521&supplier_code=00100590&order_time=2023-09-11 HTTP/1.1" 200 409
180.174.205.229 - - [13/Sep/2023:11:04:25 +0800] "GET /xingrg/all/function/internal_message.html?_=1694574264631&CODE_STATE=getMsg HTTP/1.1" 200 27
124.78.155.92 - - [13/Sep/2023:11:04:27 +0800] "GET /xingrg/kc/buy/buy_main.html HTTP/1.1" 200 12412
124.78.155.92 - - [13/Sep/2023:11:04:27 +0800] "GET /xingrg/css/new_ie.css HTTP/1.1" 404 1036
180.165.48.189 - - [13/Sep/2023:11:04:27 +0800] "POST /xingrg/dwr/call/plaincall/AjaxYddbService.saveMaterielItem.dwr HTTP/1.1" 200 78
116.232.195.127 - - [13/Sep/2023:11:04:27 +0800] "GET /xingrg/all/function/internal_message.html?_=1694574268974&CODE_STATE=getMsg HTTP/1.1" 302 -
180.169.147.146 - - [13/Sep/2023:11:04:28 +0800] "GET /xingrg/all/function/internal_message.html?_=1694574263836&CODE_STATE=getMsg HTTP/1.1" 200 27
124.79.246.190 - - [13/Sep/2023:11:04:28 +0800] "GET /xingrg/all/function/internal_message.html?_=1694574565028&CODE_STATE=getMsg HTTP/1.1" 200 27
124.78.155.92 - - [13/Sep/2023:11:04:28 +0800] "GET /xingrg/images/yd/bt.gif HTTP/1.1" 404 1040
124.78.155.92 - - [13/Sep/2023:11:04:29 +0800] "GET /xingrg/kc/buy/cgsh_order_list.html HTTP/1.1" 200 56534
180.165.48.189 - - [13/Sep/2023:11:04:31 +0800] "GET /xingrg/images/yd/bt.gif HTTP/1.1" 404 1040
124.78.155.92 - - [13/Sep/2023:11:04:31 +0800] "POST /xingrg/kc/buy/cgsh_list_operate.html HTTP/1.1" 200 986
180.165.48.189 - - [13/Sep/2023:11:04:32 +0800] "GET /xingrg/javascript/jquery_easy_ui/themes/default/images/button_plain_hover.png HTTP/1.1" 200 252
222.70.107.27 - - [13/Sep/2023:11:04:32 +0800] "GET /xingrg/all/function/internal_message.html?_=1694574274637&CODE_STATE=getMsg HTTP/1.1" 200 27
222.70.107.27 - - [13/Sep/2023:11:04:32 +0800] "GET /xingrg/check_reg.html?_=1694574274639 HTTP/1.1" 200 22
116.228.172.122 - - [13/Sep/2023:11:04:34 +0800] "GET /xingrg/kc/buy/cgsh_order_operate.html?command=get_materiel&rest_code=00153&code=00101008350&supplier_code=00100590&order_time=2023-09-11 HTTP/1.1" 200 408
124.78.155.92 - - [13/Sep/2023:11:04:35 +0800] "GET /xingrg/kc/buy/cgsh_order_add.html HTTP/1.1" 200 72316
124.78.155.92 - - [13/Sep/2023:11:04:35 +0800] "POST /xingrg/kc/buy/cgsh_order_operate.html HTTP/1.1" 200 8245
124.78.155.92 - - [13/Sep/2023:11:04:35 +0800] "GET /xingrg/javascript/easyui/themes/default/validatebox.css HTTP/1.1" 404 1104
124.78.155.92 - - [13/Sep/2023:11:04:35 +0800] "GET /xingrg/all/common/auto_word.html?type=employee&rest_code=00106 HTTP/1.1" 200 205
124.78.155.92 - - [13/Sep/2023:11:04:35 +0800] "GET /xingrg/all/common/auto_word.html?type=employee&rest_code=00106 HTTP/1.1" 200 205
124.78.155.92 - - [13/Sep/2023:11:04:36 +0800] "GET /xingrg/javascript/easyui/themes/default/tree.css HTTP/1.1" 404 1090
124.78.155.92 - - [13/Sep/2023:11:04:37 +0800] "POST /xingrg/all/common/load_tree.html?tree=supplier_tree_json&isDelete=1 HTTP/1.1" 200 75839
180.165.48.189 - - [13/Sep/2023:11:04:39 +0800] "POST /xingrg/dwr/call/plaincall/AjaxYddbService.checkOrder.dwr HTTP/1.1" 200 78
180.165.48.189 - - [13/Sep/2023:11:04:40 +0800] "GET /xingrg/kc/base/yddb_order_info.html?code=482023091300088 HTTP/1.1" 200 29785
222.70.180.200 - - [13/Sep/2023:11:04:40 +0800] "GET /xingrg/all/function/internal_message.html?_=1694574280953&CODE_STATE=getMsg HTTP/1.1" 200 27
180.165.48.189 - - [13/Sep/2023:11:04:40 +0800] "GET /xingrg/dwr/interface/AjaxComOrderService.js HTTP/1.1" 200 18264
180.165.48.189 - - [13/Sep/2023:11:04:40 +0800] "GET /xingrg/dwr/interface/AjaxYddbService.js HTTP/1.1" 200 13201
180.165.48.189 - - [13/Sep/2023:11:04:40 +0800] "GET /xingrg/dwr/engine.js HTTP/1.1" 200 43631
180.165.48.189 - - [13/Sep/2023:11:04:41 +0800] "POST /xingrg/dwr/call/plaincall/AjaxYddbService.loadMaterielItems.dwr HTTP/1.1" 200 395
58.40.7.146 - - [13/Sep/2023:11:04:41 +0800] "GET /xingrg/all/function/internal_message.html?_=1694574281374&CODE_STATE=getMsg HTTP/1.1" 200 27
114.83.222.222 - - [13/Sep/2023:11:04:42 +0800] "GET /xingrg/all/function/internal_message.html?_=1694574281580&CODE_STATE=getMsg HTTP/1.1" 200 27
124.78.155.92 - - [13/Sep/2023:11:04:44 +0800] "GET /xingrg/all/function/internal_message.html?_=1694574321689&CODE_STATE=getMsg HTTP/1.1" 200 27
180.152.241.196 - - [13/Sep/2023:11:04:46 +0800] "GET /xingrg/all/function/internal_message.html?_=1694574286706&CODE_STATE=getMsg HTTP/1.1" 200 27
180.165.48.189 - - [13/Sep/2023:11:04:46 +0800] "GET /xingrg/kc/base/yddb_order_report.html?fileType=servlets/html&code=482023091300088&reportName=ck_order_report&subName=yddb HTTP/1.1" 302 -
180.165.48.189 - - [13/Sep/2023:11:04:46 +0800] "GET /xingrg/servlets/html?sysBaseUrl=http%3A%2F%2F180.169.147.146%3A18081%2Fxingrg%2F&costTime=436×tamp=1694574286469 HTTP/1.1" 200 14770
180.165.48.189 - - [13/Sep/2023:11:04:46 +0800] "GET /xingrg/servlets/image?image=px HTTP/1.1" 200 807
180.165.48.189 - - [13/Sep/2023:11:04:46 +0800] "GET /favicon.ico HTTP/1.1" 404 -
116.228.172.122 - - [13/Sep/2023:11:04:46 +0800] "GET /xingrg/kc/buy/cgsh_order_operate.html?command=get_materiel&rest_code=00153&code=00101008300&supplier_code=00100590&order_time=2023-09-11 HTTP/1.1" 200 412
114.95.241.104 - - [13/Sep/2023:11:04:46 +0800] "GET /xingrg/all/function/internal_message.html?_=1694574285347&CODE_STATE=getMsg HTTP/1.1" 200 27
114.95.241.104 - - [13/Sep/2023:11:04:46 +0800] "GET /xingrg/check_reg.html?_=1694574285350 HTTP/1.1" 200 22
124.78.155.92 - - [13/Sep/2023:11:04:47 +0800] "GET /xingrg/all/function/internal_message.html?_=1694574288796&CODE_STATE=getMsg HTTP/1.1" 200 27
101.83.145.37 - - [13/Sep/2023:11:04:47 +0800] "GET /xingrg/kc/buy/cgsh_order_operate.html?command=get_materiel&rest_code=00105&code=00101010611&supplier_code=00100323&order_time=2023-09-13 HTTP/1.1" 200 414
124.78.155.92 - - [13/Sep/2023:11:04:49 +0800] "POST /xingrg/kc/base/wldb_order_operate.html HTTP/1.1" 200 37
124.78.155.92 - - [13/Sep/2023:11:04:49 +0800] "GET /xingrg/javascript/auto/indicator.gif HTTP/1.1" 404 1066
124.78.155.92 - - [13/Sep/2023:11:04:50 +0800] "POST /xingrg/kc/base/wldb_order_operate.html HTTP/1.1" 200 5745
124.78.155.92 - - [13/Sep/2023:11:04:50 +0800] "GET /xingrg/kc/base/wldb_order_info.html?code=422023091301234 HTTP/1.1" 200 30472
124.78.155.92 - - [13/Sep/2023:11:04:50 +0800] "GET /xingrg/javascript/easyui/themes/default/validatebox.css HTTP/1.1" 404 1104
124.78.155.92 - - [13/Sep/2023:11:04:51 +0800] "POST /xingrg/kc/base/wldb_order_operate.html HTTP/1.1" 200 5745
180.165.48.189 - - [13/Sep/2023:11:04:52 +0800] "GET /xingrg/all/function/internal_message.html?_=1694574292604&CODE_STATE=getMsg HTTP/1.1" 200 27
101.83.145.37 - - [13/Sep/2023:11:04:54 +0800] "GET /xingrg/all/function/internal_message.html?_=1694574084694&CODE_STATE=getMsg HTTP/1.1" 200 27
124.78.155.92 - - [13/Sep/2023:11:04:54 +0800] "GET /xingrg/kc/base/wldb_order_add.html HTTP/1.1" 200 30457
124.78.155.92 - - [13/Sep/2023:11:04:55 +0800] "POST /xingrg/kc/base/wldb_order_operate.html HTTP/1.1" 200 6806
124.78.155.92 - - [13/Sep/2023:11:04:55 +0800] "GET /xingrg/javascript/easyui/themes/default/validatebox.css HTTP/1.1" 404 1104
124.78.155.92 - - [13/Sep/2023:11:04:55 +0800] "GET /xingrg/kc/buy/cgsh_order_operate.html?command=get_materiel&rest_code=00106&code=00101005037&supplier_code=00100631&order_time=2023-09-13 HTTP/1.1" 200 409
180.152.241.196 - - [13/Sep/2023:11:04:55 +0800] "GET /xingrg/kc/mdqp/pssh_order_list.html HTTP/1.1" 200 17964
180.152.241.196 - - [13/Sep/2023:11:04:56 +0800] "POST /xingrg/kc/mdqp/pssh_list_operate.html HTTP/1.1" 200 5384
180.163.30.100 - - [13/Sep/2023:11:04:56 +0800] "GET /xingrg/kc/base/wldb_order_list.html HTTP/1.1" 302 -
180.163.30.100 - - [13/Sep/2023:11:04:56 +0800] "GET /xingrg/login.html HTTP/1.1" 200 7641
124.78.155.92 - - [13/Sep/2023:11:04:56 +0800] "POST /xingrg/all/common/load_combo.html?type=base HTTP/1.1" 200 3227
101.83.145.37 - - [13/Sep/2023:11:04:56 +0800] "GET /xingrg/all/function/internal_message.html?_=1694574297035&CODE_STATE=getMsg HTTP/1.1" 200 27
222.70.180.200 - - [13/Sep/2023:11:04:59 +0800] "GET /xingrg/all/function/internal_message.html?_=1694574296755&CODE_STATE=getMsg HTTP/1.1" 200 27
116.228.172.122 - - [13/Sep/2023:11:04:59 +0800] "GET /xingrg/kc/buy/cgsh_order_operate.html?command=get_materiel&rest_code=00153&code=00101008155&supplier_code=00100590&order_time=2023-09-11 HTTP/1.1" 200 408
124.78.155.92 - - [13/Sep/2023:11:05:01 +0800] "POST /xingrg/all/common/load_combo.html?type=base HTTP/1.1" 200 3227
180.165.48.189 - - [13/Sep/2023:11:05:02 +0800] "GET /xingrg/kc/base/yddb_order_list.html?isBack=1 HTTP/1.1" 200 16790
180.165.48.189 - - [13/Sep/2023:11:05:02 +0800] "POST /xingrg/kc/base/yddb_list_operate.html HTTP/1.1" 200 636
116.232.195.127 - - [13/Sep/2023:11:05:03 +0800] "GET /xingrg/all/function/internal_message.html?_=1694574179384&CODE_STATE=getMsg HTTP/1.1" 200 27
101.83.145.37 - - [13/Sep/2023:11:05:04 +0800] "GET /xingrg/kc/buy/cgsh_order_operate.html?command=get_materiel&rest_code=00105&code=00101016081&supplier_code=00100323&order_time=2023-09-13 HTTP/1.1" 200 447
180.163.28.143 - - [13/Sep/2023:11:05:06 +0800] "GET /xingrg/kc/base/wldb_order_operate.html?command=get_materiel&rest_code=00106&base_code=0010397&code=00102012050 HTTP/1.1" 302 -
180.163.28.143 - - [13/Sep/2023:11:05:06 +0800] "GET /xingrg/login.html HTTP/1.1" 200 7641
180.152.241.196 - - [13/Sep/2023:11:05:06 +0800] "GET /xingrg/all/function/internal_message.html?_=1694574319575&CODE_STATE=getMsg HTTP/1.1" 200 27
180.157.248.18 - - [13/Sep/2023:11:05:07 +0800] "GET /xingrg/all/function/internal_message.html?_=1694574308066&CODE_STATE=getMsg HTTP/1.1" 200 27
116.228.172.122 - - [13/Sep/2023:11:05:08 +0800] "GET /xingrg/all/function/internal_message.html?_=1694574014304&CODE_STATE=getMsg HTTP/1.1" 200 27
116.228.172.122 - - [13/Sep/2023:11:05:11 +0800] "GET /xingrg/kc/buy/cgsh_order_operate.html?command=get_materiel&rest_code=00153&code=00101008458&supplier_code=00100590&order_time=2023-09-11 HTTP/1.1" 200 410
222.69.145.204 - - [13/Sep/2023:11:05:14 +0800] "GET /xingrg/all/function/internal_message.html?_=1694574463081&CODE_STATE=getMsg HTTP/1.1" 200 27
124.78.155.92 - - [13/Sep/2023:11:05:16 +0800] "POST /xingrg/kc/buy/cgsh_order_operate.html HTTP/1.1" 200 37
101.228.187.155 - - [13/Sep/2023:11:05:20 +0800] "GET /xingrg/all/function/internal_message.html?_=1694574318297&CODE_STATE=getMsg HTTP/1.1" 200 27
222.70.180.200 - - [13/Sep/2023:11:05:20 +0800] "GET /xingrg/check_reg.html?_=1694574321834 HTTP/1.1" 200 22
222.70.180.200 - - [13/Sep/2023:11:05:20 +0800] "GET /xingrg/all/function/internal_message.html?_=1694574321837&CODE_STATE=getMsg HTTP/1.1" 200 27
101.83.145.37 - - [13/Sep/2023:11:05:23 +0800] "POST /xingrg/services/DataTransmitService HTTP/1.1" 200 524
124.78.155.92 - - [13/Sep/2023:11:05:23 +0800] "POST /xingrg/kc/buy/cgsh_order_operate.html HTTP/1.1" 200 12
114.95.241.104 - - [13/Sep/2023:11:05:23 +0800] "GET /xingrg/all/function/internal_message.html?_=1694574206087&CODE_STATE=getMsg HTTP/1.1" 200 27
180.174.205.229 - - [13/Sep/2023:11:05:25 +0800] "GET /xingrg/check_reg.html?_=1694574324660 HTTP/1.1" 200 22
180.174.205.229 - - [13/Sep/2023:11:05:25 +0800] "GET /xingrg/all/function/internal_message.html?_=1694574324644&CODE_STATE=getMsg HTTP/1.1" 200 27
116.232.195.127 - - [13/Sep/2023:11:05:27 +0800] "GET /xingrg/all/function/internal_message.html?_=1694574328965&CODE_STATE=getMsg HTTP/1.1" 302 -
180.169.147.146 - - [13/Sep/2023:11:05:28 +0800] "GET /xingrg/all/function/internal_message.html?_=1694574323848&CODE_STATE=getMsg HTTP/1.1" 200 27
124.79.246.190 - - [13/Sep/2023:11:05:28 +0800] "GET /xingrg/all/function/internal_message.html?_=1694574625025&CODE_STATE=getMsg HTTP/1.1" 200 27
124.78.155.92 - - [13/Sep/2023:11:05:29 +0800] "GET /xingrg/kc/buy/cgsh_order_info.html?code=212023091304955 HTTP/1.1" 200 67225
124.78.155.92 - - [13/Sep/2023:11:05:29 +0800] "GET /xingrg/kc/base/wldb_order_operate.html?command=get_materiel&rest_code=00106&base_code=0010396&code=00101019079 HTTP/1.1" 200 479
124.78.155.92 - - [13/Sep/2023:11:05:29 +0800] "GET /xingrg/javascript/easyui/themes/default/validatebox.css HTTP/1.1" 404 1104
124.78.155.92 - - [13/Sep/2023:11:05:30 +0800] "POST /xingrg/kc/buy/cgsh_order_operate.html HTTP/1.1" 200 603
222.70.107.27 - - [13/Sep/2023:11:05:32 +0800] "GET /xingrg/all/function/internal_message.html?_=1694574334639&CODE_STATE=getMsg HTTP/1.1" 200 27
124.78.155.92 - - [13/Sep/2023:11:05:34 +0800] "GET /xingrg/kc/print/load_config.html?kc_code=cgsh HTTP/1.1" 200 1924
124.78.155.92 - - [13/Sep/2023:11:05:35 +0800] "GET /xingrg/kc/print/load_data.html?order_code=212023091304955&kc_code=cgsh&condition= HTTP/1.1" 200 694
180.165.48.189 - - [13/Sep/2023:11:05:40 +0800] "GET /xingrg/kc/buy/cgsh_order_list.html HTTP/1.1" 200 56544
222.70.180.200 - - [13/Sep/2023:11:05:40 +0800] "GET /xingrg/all/function/internal_message.html?_=1694574340935&CODE_STATE=getMsg HTTP/1.1" 200 27
58.40.7.146 - - [13/Sep/2023:11:05:41 +0800] "GET /xingrg/all/function/internal_message.html?_=1694574341361&CODE_STATE=getMsg HTTP/1.1" 200 27
222.70.180.200 - - [13/Sep/2023:11:05:41 +0800] "GET /xingrg/check_reg.html?_=1694574341625 HTTP/1.1" 200 22
180.165.48.189 - - [13/Sep/2023:11:05:42 +0800] "POST /xingrg/kc/buy/cgsh_list_operate.html HTTP/1.1" 200 986
114.83.222.222 - - [13/Sep/2023:11:05:42 +0800] "GET /xingrg/all/function/internal_message.html?_=1694574341586&CODE_STATE=getMsg HTTP/1.1" 200 27
124.78.155.92 - - [13/Sep/2023:11:05:44 +0800] "GET /xingrg/kc/buy/cgsh_order_add.html HTTP/1.1" 200 72316
124.78.155.92 - - [13/Sep/2023:11:05:44 +0800] "GET /xingrg/all/function/internal_message.html?_=1694574381678&CODE_STATE=getMsg HTTP/1.1" 200 27
124.78.155.92 - - [13/Sep/2023:11:05:44 +0800] "POST /xingrg/kc/buy/cgsh_order_operate.html HTTP/1.1" 200 8245
124.78.155.92 - - [13/Sep/2023:11:05:44 +0800] "GET /xingrg/javascript/easyui/themes/default/validatebox.css HTTP/1.1" 404 1104
124.78.155.92 - - [13/Sep/2023:11:05:45 +0800] "GET /xingrg/javascript/easyui/themes/default/tree.css HTTP/1.1" 404 1090
180.152.241.196 - - [13/Sep/2023:11:05:46 +0800] "GET /xingrg/all/function/internal_message.html?_=1694574346701&CODE_STATE=getMsg HTTP/1.1" 200 27
180.152.241.196 - - [13/Sep/2023:11:05:46 +0800] "GET /xingrg/check_reg.html?_=1694574346702 HTTP/1.1" 200 22
124.78.155.92 - - [13/Sep/2023:11:05:46 +0800] "POST /xingrg/all/common/load_tree.html?tree=supplier_tree_json&isDelete=1 HTTP/1.1" 200 75839
114.95.241.104 - - [13/Sep/2023:11:05:46 +0800] "GET /xingrg/all/function/internal_message.html?_=1694574345353&CODE_STATE=getMsg HTTP/1.1" 200 27
124.78.155.92 - - [13/Sep/2023:11:05:47 +0800] "GET /xingrg/all/function/internal_message.html?_=1694574348817&CODE_STATE=getMsg HTTP/1.1" 200 27
180.165.48.189 - - [13/Sep/2023:11:05:50 +0800] "GET /xingrg/kc/buy/cgsh_order_add.html HTTP/1.1" 200 72408
180.165.48.189 - - [13/Sep/2023:11:05:50 +0800] "GET /xingrg/javascript/jquery_easy_ui/themes/default/images/tabs_active.png HTTP/1.1" 200 2894
180.165.48.189 - - [13/Sep/2023:11:05:50 +0800] "POST /xingrg/kc/buy/cgsh_order_operate.html HTTP/1.1" 200 8245
180.165.48.189 - - [13/Sep/2023:11:05:50 +0800] "GET /xingrg/javascript/easyui/themes/default/validatebox.css HTTP/1.1" 404 1104
180.165.48.189 - - [13/Sep/2023:11:05:50 +0800] "GET /xingrg/all/common/auto_word.html?type=employee&rest_code=00108 HTTP/1.1" 200 101
180.165.48.189 - - [13/Sep/2023:11:05:50 +0800] "GET /xingrg/all/common/auto_word.html?type=employee&rest_code=00108 HTTP/1.1" 200 101
180.165.48.189 - - [13/Sep/2023:11:05:52 +0800] "GET /xingrg/all/function/internal_message.html?_=1694574352606&CODE_STATE=getMsg HTTP/1.1" 200 27
180.165.48.189 - - [13/Sep/2023:11:05:53 +0800] "GET /xingrg/javascript/auto/indicator.gif HTTP/1.1" 404 1066
101.83.145.37 - - [13/Sep/2023:11:05:54 +0800] "GET /xingrg/all/function/internal_message.html?_=1694574144680&CODE_STATE=getMsg HTTP/1.1" 200 27
101.83.145.37 - - [13/Sep/2023:11:05:56 +0800] "GET /xingrg/all/function/internal_message.html?_=1694574357051&CODE_STATE=getMsg HTTP/1.1" 200 27
222.70.180.200 - - [13/Sep/2023:11:05:59 +0800] "GET /xingrg/all/function/internal_message.html?_=1694574356767&CODE_STATE=getMsg HTTP/1.1" 200 27
124.78.155.92 - - [13/Sep/2023:11:05:59 +0800] "GET /xingrg/kc/base/wldb_order_operate.html?command=get_materiel&rest_code=00106&base_code=0010396&code=00101019529 HTTP/1.1" 200 475
116.232.195.127 - - [13/Sep/2023:11:06:03 +0800] "GET /xingrg/all/function/internal_message.html?_=1694574239365&CODE_STATE=getMsg HTTP/1.1" 200 27
180.152.241.196 - - [13/Sep/2023:11:06:06 +0800] "GET /xingrg/all/function/internal_message.html?_=1694574379576&CODE_STATE=getMsg HTTP/1.1" 200 27
180.157.248.18 - - [13/Sep/2023:11:06:07 +0800] "GET /xingrg/check_reg.html?_=1694574368055 HTTP/1.1" 200 22
180.157.248.18 - - [13/Sep/2023:11:06:07 +0800] "GET /xingrg/all/function/internal_message.html?_=1694574368061&CODE_STATE=getMsg HTTP/1.1" 200 27
116.228.172.122 - - [13/Sep/2023:11:06:08 +0800] "GET /xingrg/all/function/internal_message.html?_=1694574074281&CODE_STATE=getMsg HTTP/1.1" 200 27
116.228.172.122 - - [13/Sep/2023:11:06:08 +0800] "POST /xingrg/kc/buy/cgsh_order_operate.html HTTP/1.1" 200 37
180.165.48.189 - - [13/Sep/2023:11:06:10 +0800] "GET /xingrg/kc/buy/cgsh_order_operate.html?command=get_materiel&rest_code=00108&code=00102013003&supplier_code=00100075&order_time=2023-09-13 HTTP/1.1" 200 409
124.78.155.92 - - [13/Sep/2023:11:06:10 +0800] "GET /xingrg/kc/buy/cgsh_order_operate.html?command=get_materiel&rest_code=00106&code=00101009109&supplier_code=00100022&order_time=2023-09-13 HTTP/1.1" 200 415
124.78.155.92 - - [13/Sep/2023:11:06:12 +0800] "GET /xingrg/all/function/internal_message.html?_=1694574370873&CODE_STATE=getMsg HTTP/1.1" 200 27
124.78.155.92 - - [13/Sep/2023:11:06:14 +0800] "GET /xingrg/kc/base/wldb_order_operate.html?command=get_materiel&rest_code=00106&base_code=0010396&code=00101019492 HTTP/1.1" 200 456
101.83.145.37 - - [13/Sep/2023:11:06:14 +0800] "POST /xingrg/services/DataTransmitService HTTP/1.1" 200 501
222.69.145.204 - - [13/Sep/2023:11:06:14 +0800] "GET /xingrg/all/function/internal_message.html?_=1694574523084&CODE_STATE=getMsg HTTP/1.1" 200 27
101.228.187.155 - - [13/Sep/2023:11:06:20 +0800] "GET /xingrg/all/function/internal_message.html?_=1694574378295&CODE_STATE=getMsg HTTP/1.1" 200 27
222.70.180.200 - - [13/Sep/2023:11:06:20 +0800] "GET /xingrg/all/function/internal_message.html?_=1694574381836&CODE_STATE=getMsg HTTP/1.1" 200 27
114.95.241.104 - - [13/Sep/2023:11:06:23 +0800] "GET /xingrg/all/function/internal_message.html?_=1694574266143&CODE_STATE=getMsg HTTP/1.1" 200 27
180.174.205.229 - - [13/Sep/2023:11:06:25 +0800] "GET /xingrg/all/function/internal_message.html?_=1694574384646&CODE_STATE=getMsg HTTP/1.1" 200 27
116.228.172.122 - - [13/Sep/2023:11:06:26 +0800] "POST /xingrg/kc/buy/cgsh_order_operate.html HTTP/1.1" 200 7386
116.232.195.127 - - [13/Sep/2023:11:06:27 +0800] "GET /xingrg/all/function/internal_message.html?_=1694574388963&CODE_STATE=getMsg HTTP/1.1" 302 -
180.169.147.146 - - [13/Sep/2023:11:06:28 +0800] "GET /xingrg/all/function/internal_message.html?_=1694574383839&CODE_STATE=getMsg HTTP/1.1" 200 27
124.79.246.190 - - [13/Sep/2023:11:06:28 +0800] "GET /xingrg/all/function/internal_message.html?_=1694574685023&CODE_STATE=getMsg HTTP/1.1" 200 27
124.78.155.92 - - [13/Sep/2023:11:06:29 +0800] "GET /xingrg/kc/base/wldb_order_operate.html?command=get_materiel&rest_code=00106&base_code=0010396&code=00101019295 HTTP/1.1" 200 475
222.70.107.27 - - [13/Sep/2023:11:06:32 +0800] "GET /xingrg/all/function/internal_message.html?_=1694574394638&CODE_STATE=getMsg HTTP/1.1" 200 27
116.228.172.122 - - [13/Sep/2023:11:06:32 +0800] "GET /xingrg/kc/print/load_data.html?order_code=212023091304956&kc_code=cgsh&condition= HTTP/1.1" 200 2464
180.163.29.206 - - [13/Sep/2023:11:06:35 +0800] "GET /xingrg/kc/print/load_data.html?order_code=212023091304955&kc_code=cgsh&condition= HTTP/1.1" 302 -
180.163.29.206 - - [13/Sep/2023:11:06:35 +0800] "GET /xingrg/login.html HTTP/1.1" 200 7641
