101.83.145.37 - - [13/Sep/2023:10:27:57 +0800] "GET /xingrg/all/function/internal_message.html?_=1694572077896&CODE_STATE=getMsg HTTP/1.1" 200 27
101.83.145.37 - - [13/Sep/2023:10:27:57 +0800] "GET /xingrg/check_reg.html?_=1694572077978 HTTP/1.1" 200 22
120.253.135.82 - - [13/Sep/2023:10:27:59 +0800] "POST /xingrg/kc/pszx/mdps_list_operate.html HTTP/1.1" 200 2073
120.253.135.82 - - [13/Sep/2023:10:28:00 +0800] "GET /xingrg/check_reg.html?_=1694571885156 HTTP/1.1" 200 22
120.253.135.82 - - [13/Sep/2023:10:28:01 +0800] "POST /xingrg/kc/pszx/mdps_list_operate.html HTTP/1.1" 200 286
120.253.135.82 - - [13/Sep/2023:10:28:02 +0800] "GET /xingrg/kc/pszx/mdps_order_info.html?code=312023091300329 HTTP/1.1" 200 23978
120.253.135.82 - - [13/Sep/2023:10:28:03 +0800] "GET /xingrg/javascript/easyui/themes/default/validatebox.css HTTP/1.1" 404 1104
120.253.135.82 - - [13/Sep/2023:10:28:03 +0800] "POST /xingrg/kc/pszx/mdps_order_operate.html HTTP/1.1" 200 2786
116.232.195.127 - - [13/Sep/2023:10:28:03 +0800] "GET /xingrg/all/function/internal_message.html?_=1694571960040&CODE_STATE=getMsg HTTP/1.1" 200 27
222.69.145.204 - - [13/Sep/2023:10:28:14 +0800] "GET /xingrg/all/function/internal_message.html?_=1694572243093&CODE_STATE=getMsg HTTP/1.1" 200 27
116.230.112.9 - - [13/Sep/2023:10:28:17 +0800] "GET /xingrg/all/function/internal_message.html?_=1694572107068&CODE_STATE=getMsg HTTP/1.1" 200 27
114.95.241.104 - - [13/Sep/2023:10:28:22 +0800] "GET /xingrg/check_reg.html?_=1694571985119 HTTP/1.1" 200 22
114.95.241.104 - - [13/Sep/2023:10:28:22 +0800] "GET /xingrg/all/function/internal_message.html?_=1694571985242&CODE_STATE=getMsg HTTP/1.1" 200 27
120.253.135.82 - - [13/Sep/2023:10:28:24 +0800] "POST /xingrg/kc/pszx/mdps_order_operate.html HTTP/1.1" 200 37
180.174.205.229 - - [13/Sep/2023:10:28:25 +0800] "GET /xingrg/all/function/internal_message.html?_=1694572104594&CODE_STATE=getMsg HTTP/1.1" 200 27
120.253.135.82 - - [13/Sep/2023:10:28:25 +0800] "GET /xingrg/kc/pszx/mdps_order_info.html?code=312023091300329 HTTP/1.1" 200 23978
120.253.135.82 - - [13/Sep/2023:10:28:26 +0800] "GET /xingrg/javascript/easyui/themes/default/validatebox.css HTTP/1.1" 404 1104
120.253.135.82 - - [13/Sep/2023:10:28:26 +0800] "POST /xingrg/kc/pszx/mdps_order_operate.html HTTP/1.1" 200 2802
116.232.195.127 - - [13/Sep/2023:10:28:27 +0800] "GET /xingrg/all/function/internal_message.html?_=1694572108981&CODE_STATE=getMsg HTTP/1.1" 302 -
124.79.246.190 - - [13/Sep/2023:10:28:28 +0800] "GET /xingrg/all/function/internal_message.html?_=1694572404976&CODE_STATE=getMsg HTTP/1.1" 200 27
124.79.246.190 - - [13/Sep/2023:10:28:28 +0800] "GET /xingrg/check_reg.html?_=1694572404977 HTTP/1.1" 200 22
180.169.147.146 - - [13/Sep/2023:10:28:28 +0800] "GET /xingrg/check_reg.html?_=1694572103777 HTTP/1.1" 200 22
180.169.147.146 - - [13/Sep/2023:10:28:28 +0800] "GET /xingrg/all/function/internal_message.html?_=1694572103792&CODE_STATE=getMsg HTTP/1.1" 200 27
222.70.107.27 - - [13/Sep/2023:10:28:32 +0800] "GET /xingrg/all/function/internal_message.html?_=1694572114544&CODE_STATE=getMsg HTTP/1.1" 200 27
114.95.241.104 - - [13/Sep/2023:10:28:33 +0800] "GET /xingrg/all/function/internal_message.html?_=1694572112313&CODE_STATE=getMsg HTTP/1.1" 200 27
120.253.135.82 - - [13/Sep/2023:10:28:37 +0800] "POST /xingrg/kc/pszx/mdps_order_operate.html HTTP/1.1" 200 37
120.253.135.82 - - [13/Sep/2023:10:28:39 +0800] "GET /xingrg/kc/pszx/mdps_order_info.html?code=312023091300329 HTTP/1.1" 200 23978
120.253.135.82 - - [13/Sep/2023:10:28:39 +0800] "GET /xingrg/javascript/easyui/themes/default/validatebox.css HTTP/1.1" 404 1104
120.253.135.82 - - [13/Sep/2023:10:28:40 +0800] "POST /xingrg/kc/pszx/mdps_order_operate.html HTTP/1.1" 200 2800
222.70.180.200 - - [13/Sep/2023:10:28:41 +0800] "GET /xingrg/all/function/internal_message.html?_=1694572121658&CODE_STATE=getMsg HTTP/1.1" 200 27
58.40.7.146 - - [13/Sep/2023:10:28:42 +0800] "GET /xingrg/all/function/internal_message.html?_=1694572122031&CODE_STATE=getMsg HTTP/1.1" 200 27
58.40.7.146 - - [13/Sep/2023:10:28:42 +0800] "GET /xingrg/check_reg.html?_=1694572122612 HTTP/1.1" 200 22
124.78.155.92 - - [13/Sep/2023:10:28:44 +0800] "GET /xingrg/all/function/internal_message.html?_=1694572161675&CODE_STATE=getMsg HTTP/1.1" 200 27
124.78.155.92 - - [13/Sep/2023:10:28:44 +0800] "GET /xingrg/check_reg.html?_=1694572161677 HTTP/1.1" 200 22
180.152.241.196 - - [13/Sep/2023:10:28:46 +0800] "GET /xingrg/all/function/internal_message.html?_=1694572126708&CODE_STATE=getMsg HTTP/1.1" 200 27
120.253.135.82 - - [13/Sep/2023:10:28:52 +0800] "POST /xingrg/kc/pszx/mdps_list_operate.html HTTP/1.1" 200 205
180.163.29.219 - - [13/Sep/2023:10:28:53 +0800] "GET /xingrg/all/function/internal_message.html?_=1694572071837&CODE_STATE=getMsg HTTP/1.1" 302 -
180.163.29.219 - - [13/Sep/2023:10:28:53 +0800] "GET /xingrg/login.html HTTP/1.1" 200 7641
124.78.155.92 - - [13/Sep/2023:10:28:53 +0800] "GET /xingrg/all/function/internal_message.html?_=1694572131811&CODE_STATE=getMsg HTTP/1.1" 200 27
120.253.135.82 - - [13/Sep/2023:10:28:53 +0800] "GET /xingrg/kc/pszx/mdps_order_info.html?code=312023091100248 HTTP/1.1" 200 23984
180.163.29.206 - - [13/Sep/2023:10:28:54 +0800] "GET /xingrg/check_reg.html?_=1694572072168 HTTP/1.1" 302 -
101.83.145.37 - - [13/Sep/2023:10:28:54 +0800] "GET /xingrg/all/function/internal_message.html?_=1694571924664&CODE_STATE=getMsg HTTP/1.1" 200 27
120.253.135.82 - - [13/Sep/2023:10:28:54 +0800] "GET /xingrg/javascript/easyui/themes/default/validatebox.css HTTP/1.1" 404 1104
180.163.29.206 - - [13/Sep/2023:10:28:54 +0800] "GET /xingrg/login.html HTTP/1.1" 200 7641
120.253.135.82 - - [13/Sep/2023:10:28:54 +0800] "POST /xingrg/kc/pszx/mdps_order_operate.html HTTP/1.1" 200 2285
120.253.135.82 - - [13/Sep/2023:10:28:57 +0800] "GET /xingrg/kc/print/load_data.html?order_code=312023091100248&kc_code=mdps&condition= HTTP/1.1" 200 703
101.83.145.37 - - [13/Sep/2023:10:28:57 +0800] "GET /xingrg/all/function/internal_message.html?_=1694572137872&CODE_STATE=getMsg HTTP/1.1" 200 27
116.232.195.127 - - [13/Sep/2023:10:29:03 +0800] "GET /xingrg/all/function/internal_message.html?_=1694572020017&CODE_STATE=getMsg HTTP/1.1" 200 27
120.253.135.82 - - [13/Sep/2023:10:29:05 +0800] "POST /xingrg/kc/pszx/mdps_list_operate.html HTTP/1.1" 200 2072
120.253.135.82 - - [13/Sep/2023:10:29:06 +0800] "POST /xingrg/kc/pszx/mdps_list_operate.html HTTP/1.1" 200 286
120.253.135.82 - - [13/Sep/2023:10:29:07 +0800] "GET /xingrg/kc/pszx/mdps_order_info.html?code=312023091300329 HTTP/1.1" 200 23978
120.253.135.82 - - [13/Sep/2023:10:29:08 +0800] "GET /xingrg/javascript/easyui/themes/default/validatebox.css HTTP/1.1" 404 1104
120.253.135.82 - - [13/Sep/2023:10:29:08 +0800] "POST /xingrg/kc/pszx/mdps_order_operate.html HTTP/1.1" 200 2800
222.70.180.200 - - [13/Sep/2023:10:29:09 +0800] "GET /favicon.ico HTTP/1.1" 404 -
120.253.135.82 - - [13/Sep/2023:10:29:11 +0800] "GET /xingrg/kc/print/load_data.html?order_code=312023091300329&kc_code=mdps&condition= HTTP/1.1" 200 932
222.69.145.204 - - [13/Sep/2023:10:29:14 +0800] "GET /xingrg/all/function/internal_message.html?_=1694572303086&CODE_STATE=getMsg HTTP/1.1" 200 27
180.152.241.196 - - [13/Sep/2023:10:29:15 +0800] "GET /xingrg/kc/base/wldb_order_add.html HTTP/1.1" 200 30453
180.152.241.196 - - [13/Sep/2023:10:29:15 +0800] "POST /xingrg/kc/base/wldb_order_operate.html HTTP/1.1" 200 6806
180.152.241.196 - - [13/Sep/2023:10:29:15 +0800] "GET /xingrg/javascript/easyui/themes/default/validatebox.css HTTP/1.1" 404 1104
180.152.241.196 - - [13/Sep/2023:10:29:16 +0800] "POST /xingrg/all/common/load_combo.html?type=base HTTP/1.1" 200 3321
116.230.112.9 - - [13/Sep/2023:10:29:17 +0800] "GET /xingrg/all/function/internal_message.html?_=1694572167081&CODE_STATE=getMsg HTTP/1.1" 200 27
120.253.135.82 - - [13/Sep/2023:10:29:17 +0800] "POST /xingrg/kc/pszx/mdps_list_operate.html HTTP/1.1" 200 2072
116.232.195.127 - - [13/Sep/2023:10:29:18 +0800] "GET /xingrg/check_reg.html?_=1694572034310 HTTP/1.1" 200 22
180.152.241.196 - - [13/Sep/2023:10:29:18 +0800] "POST /xingrg/all/common/load_combo.html?type=base HTTP/1.1" 200 3321
114.95.241.104 - - [13/Sep/2023:10:29:23 +0800] "GET /xingrg/all/function/internal_message.html?_=1694572045254&CODE_STATE=getMsg HTTP/1.1" 200 27
180.174.205.229 - - [13/Sep/2023:10:29:25 +0800] "GET /xingrg/all/function/internal_message.html?_=1694572164595&CODE_STATE=getMsg HTTP/1.1" 200 27
116.232.195.127 - - [13/Sep/2023:10:29:27 +0800] "GET /xingrg/all/function/internal_message.html?_=1694572168971&CODE_STATE=getMsg HTTP/1.1" 302 -
124.79.246.190 - - [13/Sep/2023:10:29:28 +0800] "GET /xingrg/all/function/internal_message.html?_=1694572464976&CODE_STATE=getMsg HTTP/1.1" 200 27
180.169.147.146 - - [13/Sep/2023:10:29:28 +0800] "GET /xingrg/all/function/internal_message.html?_=1694572163782&CODE_STATE=getMsg HTTP/1.1" 200 27
222.70.107.27 - - [13/Sep/2023:10:29:32 +0800] "GET /xingrg/all/function/internal_message.html?_=1694572174550&CODE_STATE=getMsg HTTP/1.1" 200 27
222.70.107.27 - - [13/Sep/2023:10:29:32 +0800] "GET /xingrg/check_reg.html?_=1694572174553 HTTP/1.1" 200 22
114.95.241.104 - - [13/Sep/2023:10:29:33 +0800] "GET /xingrg/all/function/internal_message.html?_=1694572172317&CODE_STATE=getMsg HTTP/1.1" 200 27
222.70.180.200 - - [13/Sep/2023:10:29:41 +0800] "GET /xingrg/all/function/internal_message.html?_=1694572181630&CODE_STATE=getMsg HTTP/1.1" 200 27
58.40.7.146 - - [13/Sep/2023:10:29:41 +0800] "GET /xingrg/all/function/internal_message.html?_=1694572182004&CODE_STATE=getMsg HTTP/1.1" 200 27
124.78.155.92 - - [13/Sep/2023:10:29:44 +0800] "GET /xingrg/all/function/internal_message.html?_=1694572221692&CODE_STATE=getMsg HTTP/1.1" 200 27
180.152.241.196 - - [13/Sep/2023:10:29:46 +0800] "GET /xingrg/all/function/internal_message.html?_=1694572186716&CODE_STATE=getMsg HTTP/1.1" 200 27
124.78.155.92 - - [13/Sep/2023:10:29:53 +0800] "GET /xingrg/all/function/internal_message.html?_=1694572191795&CODE_STATE=getMsg HTTP/1.1" 200 27
101.83.145.37 - - [13/Sep/2023:10:29:54 +0800] "GET /xingrg/all/function/internal_message.html?_=1694571984665&CODE_STATE=getMsg HTTP/1.1" 200 27
101.83.145.37 - - [13/Sep/2023:10:29:57 +0800] "GET /xingrg/all/function/internal_message.html?_=1694572197847&CODE_STATE=getMsg HTTP/1.1" 200 27
116.232.195.127 - - [13/Sep/2023:10:30:03 +0800] "GET /xingrg/all/function/internal_message.html?_=1694572080005&CODE_STATE=getMsg HTTP/1.1" 200 27
222.69.145.204 - - [13/Sep/2023:10:30:14 +0800] "GET /xingrg/all/function/internal_message.html?_=1694572363085&CODE_STATE=getMsg HTTP/1.1" 200 27
120.253.135.82 - - [13/Sep/2023:10:30:16 +0800] "GET /xingrg/kc/buy/cgsh_order_list.html HTTP/1.1" 200 56534
116.230.112.9 - - [13/Sep/2023:10:30:17 +0800] "GET /xingrg/all/function/internal_message.html?_=1694572227094&CODE_STATE=getMsg HTTP/1.1" 200 27
120.253.135.82 - - [13/Sep/2023:10:30:21 +0800] "POST /xingrg/kc/buy/cgsh_list_operate.html HTTP/1.1" 200 1853
114.95.241.104 - - [13/Sep/2023:10:30:23 +0800] "GET /xingrg/all/function/internal_message.html?_=1694572105268&CODE_STATE=getMsg HTTP/1.1" 200 27
180.174.205.229 - - [13/Sep/2023:10:30:25 +0800] "GET /xingrg/check_reg.html?_=1694572224593 HTTP/1.1" 200 22
180.174.205.229 - - [13/Sep/2023:10:30:25 +0800] "GET /xingrg/all/function/internal_message.html?_=1694572224595&CODE_STATE=getMsg HTTP/1.1" 200 27
120.253.135.82 - - [13/Sep/2023:10:30:25 +0800] "POST /xingrg/kc/buy/cgsh_list_operate.html HTTP/1.1" 200 505
120.253.135.82 - - [13/Sep/2023:10:30:27 +0800] "GET /xingrg/kc/buy/cgsh_order_info.html?code=212023091204833 HTTP/1.1" 200 71383
116.232.195.127 - - [13/Sep/2023:10:30:27 +0800] "GET /xingrg/all/function/internal_message.html?_=1694572228971&CODE_STATE=getMsg HTTP/1.1" 302 -
124.79.246.190 - - [13/Sep/2023:10:30:28 +0800] "GET /xingrg/all/function/internal_message.html?_=1694572524974&CODE_STATE=getMsg HTTP/1.1" 200 27
180.169.147.146 - - [13/Sep/2023:10:30:28 +0800] "GET /xingrg/all/function/internal_message.html?_=1694572223786&CODE_STATE=getMsg HTTP/1.1" 200 27
120.253.135.82 - - [13/Sep/2023:10:30:28 +0800] "GET /xingrg/javascript/easyui/themes/default/validatebox.css HTTP/1.1" 404 1104
120.253.135.82 - - [13/Sep/2023:10:30:28 +0800] "GET /xingrg/all/common/auto_word.html?type=employee&rest_code=00101 HTTP/1.1" 200 973
120.253.135.82 - - [13/Sep/2023:10:30:28 +0800] "GET /xingrg/all/common/auto_word.html?type=employee&rest_code=00101 HTTP/1.1" 200 973
120.253.135.82 - - [13/Sep/2023:10:30:30 +0800] "POST /xingrg/kc/buy/cgsh_order_operate.html HTTP/1.1" 200 4557
222.70.107.27 - - [13/Sep/2023:10:30:32 +0800] "GET /xingrg/all/function/internal_message.html?_=1694572234552&CODE_STATE=getMsg HTTP/1.1" 200 27
114.95.241.104 - - [13/Sep/2023:10:30:33 +0800] "GET /xingrg/all/function/internal_message.html?_=1694572232330&CODE_STATE=getMsg HTTP/1.1" 200 27
120.253.135.82 - - [13/Sep/2023:10:30:39 +0800] "POST /xingrg/kc/buy/cgsh_order_operate.html HTTP/1.1" 200 37
222.70.180.200 - - [13/Sep/2023:10:30:41 +0800] "GET /xingrg/all/function/internal_message.html?_=1694572241611&CODE_STATE=getMsg HTTP/1.1" 200 27
222.70.180.200 - - [13/Sep/2023:10:30:41 +0800] "GET /xingrg/check_reg.html?_=1694572241769 HTTP/1.1" 200 22
58.40.7.146 - - [13/Sep/2023:10:30:41 +0800] "GET /xingrg/all/function/internal_message.html?_=1694572241990&CODE_STATE=getMsg HTTP/1.1" 200 27
124.78.155.92 - - [13/Sep/2023:10:30:44 +0800] "GET /xingrg/all/function/internal_message.html?_=1694572281693&CODE_STATE=getMsg HTTP/1.1" 200 27
180.157.248.18 - - [13/Sep/2023:10:30:45 +0800] "GET /favicon.ico HTTP/1.1" 404 -
180.152.241.196 - - [13/Sep/2023:10:30:46 +0800] "GET /xingrg/check_reg.html?_=1694572246713 HTTP/1.1" 200 22
180.152.241.196 - - [13/Sep/2023:10:30:46 +0800] "GET /xingrg/all/function/internal_message.html?_=1694572246716&CODE_STATE=getMsg HTTP/1.1" 200 27
120.253.135.82 - - [13/Sep/2023:10:30:48 +0800] "POST /xingrg/kc/buy/cgsh_order_operate.html HTTP/1.1" 200 12
120.253.135.82 - - [13/Sep/2023:10:30:51 +0800] "GET /xingrg/kc/buy/cgsh_order_info.html?code=212023091204833 HTTP/1.1" 200 66283
120.253.135.82 - - [13/Sep/2023:10:30:52 +0800] "GET /xingrg/javascript/easyui/themes/default/validatebox.css HTTP/1.1" 404 1104
180.163.30.85 - - [13/Sep/2023:10:30:53 +0800] "GET /xingrg/all/function/internal_message.html?_=1694572191795&CODE_STATE=getMsg HTTP/1.1" 302 -
180.163.30.85 - - [13/Sep/2023:10:30:53 +0800] "GET /xingrg/login.html HTTP/1.1" 200 7641
120.253.135.82 - - [13/Sep/2023:10:30:53 +0800] "POST /xingrg/kc/buy/cgsh_order_operate.html HTTP/1.1" 200 2507
124.78.155.92 - - [13/Sep/2023:10:30:53 +0800] "GET /xingrg/all/function/internal_message.html?_=1694572251783&CODE_STATE=getMsg HTTP/1.1" 200 27
101.83.145.37 - - [13/Sep/2023:10:30:54 +0800] "GET /xingrg/all/function/internal_message.html?_=1694572044666&CODE_STATE=getMsg HTTP/1.1" 200 27
101.83.145.37 - - [13/Sep/2023:10:30:57 +0800] "GET /xingrg/all/function/internal_message.html?_=1694572257829&CODE_STATE=getMsg HTTP/1.1" 200 27
120.253.135.82 - - [13/Sep/2023:10:30:58 +0800] "GET /xingrg/kc/buy/cgsh_order_add.html HTTP/1.1" 200 71380
120.253.135.82 - - [13/Sep/2023:10:30:59 +0800] "POST /xingrg/kc/buy/cgsh_order_operate.html HTTP/1.1" 200 8245
120.253.135.82 - - [13/Sep/2023:10:30:59 +0800] "GET /xingrg/javascript/easyui/themes/default/validatebox.css HTTP/1.1" 404 1104
120.253.135.82 - - [13/Sep/2023:10:31:02 +0800] "POST /xingrg/all/common/load_combo.html?type=employee HTTP/1.1" 200 1749
116.232.195.127 - - [13/Sep/2023:10:31:03 +0800] "GET /xingrg/all/function/internal_message.html?_=1694572139986&CODE_STATE=getMsg HTTP/1.1" 200 27
222.69.145.204 - - [13/Sep/2023:10:31:14 +0800] "GET /xingrg/all/function/internal_message.html?_=1694572423077&CODE_STATE=getMsg HTTP/1.1" 200 27
120.253.135.82 - - [13/Sep/2023:10:31:15 +0800] "GET /xingrg/kc/buy/cgsh_order_operate.html?command=get_materiel&rest_code=00101&code=00101013106&supplier_code=00100096&order_time=2023-09-13 HTTP/1.1" 200 415
116.230.112.9 - - [13/Sep/2023:10:31:17 +0800] "GET /xingrg/all/function/internal_message.html?_=1694572287365&CODE_STATE=getMsg HTTP/1.1" 200 27
114.95.241.104 - - [13/Sep/2023:10:31:23 +0800] "GET /xingrg/all/function/internal_message.html?_=1694572165334&CODE_STATE=getMsg HTTP/1.1" 200 27
180.174.205.229 - - [13/Sep/2023:10:31:25 +0800] "GET /xingrg/all/function/internal_message.html?_=1694572284593&CODE_STATE=getMsg HTTP/1.1" 200 27
116.232.195.127 - - [13/Sep/2023:10:31:27 +0800] "GET /xingrg/all/function/internal_message.html?_=1694572288989&CODE_STATE=getMsg HTTP/1.1" 302 -
180.169.147.146 - - [13/Sep/2023:10:31:28 +0800] "GET /xingrg/all/function/internal_message.html?_=1694572283796&CODE_STATE=getMsg HTTP/1.1" 200 27
124.79.246.190 - - [13/Sep/2023:10:31:28 +0800] "GET /xingrg/all/function/internal_message.html?_=1694572584972&CODE_STATE=getMsg HTTP/1.1" 200 27
180.157.248.18 - - [13/Sep/2023:10:31:30 +0800] "GET /xingrg/check_reg.html?_=1694572290688 HTTP/1.1" 200 22
222.70.107.27 - - [13/Sep/2023:10:31:31 +0800] "GET /xingrg/all/function/internal_message.html?_=1694572294543&CODE_STATE=getMsg HTTP/1.1" 200 27
114.95.241.104 - - [13/Sep/2023:10:31:33 +0800] "GET /xingrg/all/function/internal_message.html?_=1694572292318&CODE_STATE=getMsg HTTP/1.1" 200 27
120.253.135.82 - - [13/Sep/2023:10:31:33 +0800] "POST /xingrg/kc/buy/cgsh_order_operate.html HTTP/1.1" 200 37
120.253.135.82 - - [13/Sep/2023:10:31:36 +0800] "POST /xingrg/kc/buy/cgsh_order_operate.html HTTP/1.1" 200 2665
222.70.180.200 - - [13/Sep/2023:10:31:36 +0800] "GET /favicon.ico HTTP/1.1" 404 -
120.253.135.82 - - [13/Sep/2023:10:31:38 +0800] "GET /xingrg/kc/print/load_config.html?kc_code=cgsh HTTP/1.1" 200 1924
120.253.135.82 - - [13/Sep/2023:10:31:39 +0800] "GET /xingrg/kc/print/load_data.html?order_code=212023091304947&kc_code=cgsh&condition= HTTP/1.1" 200 658
222.70.180.200 - - [13/Sep/2023:10:31:41 +0800] "GET /xingrg/all/function/internal_message.html?_=1694572301595&CODE_STATE=getMsg HTTP/1.1" 200 27
58.40.7.146 - - [13/Sep/2023:10:31:41 +0800] "GET /xingrg/all/function/internal_message.html?_=1694572301975&CODE_STATE=getMsg HTTP/1.1" 200 27
124.78.155.92 - - [13/Sep/2023:10:31:44 +0800] "GET /xingrg/all/function/internal_message.html?_=1694572341683&CODE_STATE=getMsg HTTP/1.1" 200 27
180.152.241.196 - - [13/Sep/2023:10:31:46 +0800] "GET /xingrg/all/function/internal_message.html?_=1694572306709&CODE_STATE=getMsg HTTP/1.1" 200 27
180.163.29.234 - - [13/Sep/2023:10:31:53 +0800] "GET /xingrg/all/function/internal_message.html?_=1694572251783&CODE_STATE=getMsg HTTP/1.1" 302 -
180.163.29.234 - - [13/Sep/2023:10:31:53 +0800] "GET /xingrg/login.html HTTP/1.1" 200 7641
101.83.145.37 - - [13/Sep/2023:10:31:54 +0800] "GET /xingrg/check_reg.html?_=1694572104666 HTTP/1.1" 200 22
101.83.145.37 - - [13/Sep/2023:10:31:54 +0800] "GET /xingrg/all/function/internal_message.html?_=1694572104669&CODE_STATE=getMsg HTTP/1.1" 200 27
120.253.135.82 - - [13/Sep/2023:10:31:56 +0800] "POST /xingrg/kc/buy/cgsh_order_operate.html HTTP/1.1" 200 37
101.83.145.37 - - [13/Sep/2023:10:31:57 +0800] "GET /xingrg/all/function/internal_message.html?_=1694572317801&CODE_STATE=getMsg HTTP/1.1" 200 27
116.232.195.127 - - [13/Sep/2023:10:32:03 +0800] "GET /xingrg/all/function/internal_message.html?_=1694572199968&CODE_STATE=getMsg HTTP/1.1" 200 27
120.253.135.82 - - [13/Sep/2023:10:32:04 +0800] "POST /xingrg/kc/buy/cgsh_order_operate.html HTTP/1.1" 200 12
101.83.145.37 - - [13/Sep/2023:10:32:08 +0800] "GET /xingrg/kc/buy/cgsh_order_operate.html?command=get_materiel&rest_code=00105&code=00101008168&supplier_code=00100005&order_time=2023-09-13 HTTP/1.1" 200 412
222.70.180.200 - - [13/Sep/2023:10:32:14 +0800] "GET /xingrg/index.html?sysBaseUrl=http%3A%2F%2F180.169.147.146%3A18081%2Fxingrg%2F&costTime=924×tamp=1693273611467 HTTP/1.1" 302 -
222.70.180.200 - - [13/Sep/2023:10:32:14 +0800] "GET /xingrg/login.html HTTP/1.1" 200 7641
222.70.180.200 - - [13/Sep/2023:10:32:14 +0800] "GET /xingrg/images/blue/jxLogo.png HTTP/1.1" 200 6156
222.69.145.204 - - [13/Sep/2023:10:32:14 +0800] "GET /xingrg/all/function/internal_message.html?_=1694572483082&CODE_STATE=getMsg HTTP/1.1" 200 27
222.70.180.200 - - [13/Sep/2023:10:32:14 +0800] "GET /xingrg/images/blue/srbg.png HTTP/1.1" 200 138
222.70.180.200 - - [13/Sep/2023:10:32:14 +0800] "GET /xingrg/images/blue/login_bg.png HTTP/1.1" 200 22101
222.69.145.204 - - [13/Sep/2023:10:32:14 +0800] "GET /xingrg/check_reg.html?_=1694572483086 HTTP/1.1" 200 22
222.70.180.200 - - [13/Sep/2023:10:32:14 +0800] "GET /xingrg/images/blue/hj.png HTTP/1.1" 200 1014
116.230.112.9 - - [13/Sep/2023:10:32:15 +0800] "GET /xingrg/check_reg.html?_=1694572344750 HTTP/1.1" 200 22
222.70.180.200 - - [13/Sep/2023:10:32:15 +0800] "GET /favicon.ico HTTP/1.1" 404 -
116.230.112.9 - - [13/Sep/2023:10:32:17 +0800] "GET /xingrg/all/function/internal_message.html?_=1694572347624&CODE_STATE=getMsg HTTP/1.1" 200 27
222.70.180.200 - - [13/Sep/2023:10:32:20 +0800] "POST /xingrg/login.do HTTP/1.1" 302 -
222.70.180.200 - - [13/Sep/2023:10:32:20 +0800] "GET /xingrg/index.html?sysBaseUrl=http%3A%2F%2F180.169.147.146%3A18081%2Fxingrg%2F&costTime=1263×tamp=1694572340340 HTTP/1.1" 200 17503
222.70.180.200 - - [13/Sep/2023:10:32:20 +0800] "GET /xingrg/javascript/jquery_easy_ui/themes/default/easyui.css HTTP/1.1" 200 26500
222.70.180.200 - - [13/Sep/2023:10:32:20 +0800] "GET /xingrg/javascript/jquery_easy_ui/themes/icon.css HTTP/1.1" 200 3949
222.70.180.200 - - [13/Sep/2023:10:32:20 +0800] "GET /xingrg/css/form.css HTTP/1.1" 200 893
222.70.180.200 - - [13/Sep/2023:10:32:20 +0800] "GET /xingrg/javascript/jquery-1.4.2.min.js HTTP/1.1" 200 72205
222.70.180.200 - - [13/Sep/2023:10:32:20 +0800] "GET /xingrg/javascript/jquery_easy_ui/jquery.easyui.min.js HTTP/1.1" 200 213662
222.70.180.200 - - [13/Sep/2023:10:32:20 +0800] "GET /xingrg/javascript/jquery_easy_ui/easyui-lang-zh_CN.js HTTP/1.1" 200 1900
222.70.180.200 - - [13/Sep/2023:10:32:20 +0800] "GET /xingrg/javascript/jquery.form.js HTTP/1.1" 200 23110
222.70.180.200 - - [13/Sep/2023:10:32:20 +0800] "GET /xingrg/javascript/jquery.utils.js HTTP/1.1" 200 11805
222.70.180.200 - - [13/Sep/2023:10:32:20 +0800] "GET /xingrg/javascript/jquery.timers.js HTTP/1.1" 200 3532
120.253.135.82 - - [13/Sep/2023:10:32:21 +0800] "GET /xingrg/kc/buy/cgsh_order_info.html?code=212023091304947 HTTP/1.1" 200 66277
222.70.180.200 - - [13/Sep/2023:10:32:21 +0800] "GET /xingrg/images/blue/navBackgound.jpg HTTP/1.1" 200 12378
222.70.180.200 - - [13/Sep/2023:10:32:21 +0800] "GET /xingrg/javascript/jquery_easy_ui/themes/icons/settle_new.png HTTP/1.1" 200 826
222.70.180.200 - - [13/Sep/2023:10:32:21 +0800] "POST /xingrg/all/common/load_tree.html?tree=area_rest_tree_json&manage=1 HTTP/1.1" 200 591
222.70.180.200 - - [13/Sep/2023:10:32:21 +0800] "GET /xingrg/all/function/internal_message.html?_=1694572338879&CODE_STATE=count HTTP/1.1" 200 11
222.70.180.200 - - [13/Sep/2023:10:32:21 +0800] "GET /xingrg/images/blue/pingpu.png HTTP/1.1" 200 231
222.70.180.200 - - [13/Sep/2023:10:32:21 +0800] "GET /xingrg/check_reg.html?_=1694572338880 HTTP/1.1" 200 22
222.70.180.200 - - [13/Sep/2023:10:32:21 +0800] "GET /xingrg/javascript/jquery_easy_ui/themes/default/images/tabs_rightarrow.png HTTP/1.1" 200 395
222.70.180.200 - - [13/Sep/2023:10:32:21 +0800] "GET /xingrg/javascript/jquery_easy_ui/themes/default/images/tabs_leftarrow.png HTTP/1.1" 200 389
222.70.180.200 - - [13/Sep/2023:10:32:21 +0800] "GET /xingrg/javascript/jquery_easy_ui/themes/default/images/panel_tool_expand.gif HTTP/1.1" 200 247
222.70.180.200 - - [13/Sep/2023:10:32:21 +0800] "GET /xingrg/javascript/jquery_easy_ui/themes/default/images/panel_tool_collapse.gif HTTP/1.1" 200 246
222.70.180.200 - - [13/Sep/2023:10:32:21 +0800] "POST /xingrg/load_menu.html HTTP/1.1" 200 11564
222.70.180.200 - - [13/Sep/2023:10:32:21 +0800] "GET /xingrg/javascript/jquery_easy_ui/themes/default/images/tree_arrows.gif HTTP/1.1" 200 1043
222.70.180.200 - - [13/Sep/2023:10:32:21 +0800] "GET /xingrg/javascript/jquery_easy_ui/themes/default/images/tree_folder_open.gif HTTP/1.1" 200 956
222.70.180.200 - - [13/Sep/2023:10:32:21 +0800] "GET /xingrg/javascript/jquery_easy_ui/themes/icons/delivery_new.png HTTP/1.1" 200 700
222.70.180.200 - - [13/Sep/2023:10:32:21 +0800] "GET /xingrg/javascript/jquery_easy_ui/themes/icons/search_new.png HTTP/1.1" 200 586
222.70.180.200 - - [13/Sep/2023:10:32:21 +0800] "GET /xingrg/javascript/jquery_easy_ui/themes/icons/checkout_new.png HTTP/1.1" 200 744
222.70.180.200 - - [13/Sep/2023:10:32:21 +0800] "GET /xingrg/javascript/jquery_easy_ui/themes/icons/forms_new.png HTTP/1.1" 200 350
222.70.180.200 - - [13/Sep/2023:10:32:21 +0800] "GET /xingrg/javascript/jquery_easy_ui/themes/icons/storage_new.png HTTP/1.1" 200 853
222.70.180.200 - - [13/Sep/2023:10:32:21 +0800] "GET /xingrg/javascript/jquery_easy_ui/themes/icons/systemset_new.png HTTP/1.1" 200 606
222.70.180.200 - - [13/Sep/2023:10:32:21 +0800] "GET /xingrg/javascript/jquery_easy_ui/themes/default/images/tree_file.gif HTTP/1.1" 200 118
222.70.180.200 - - [13/Sep/2023:10:32:21 +0800] "GET /xingrg/javascript/jquery_easy_ui/themes/icons/setting_new.png HTTP/1.1" 200 450
222.70.180.200 - - [13/Sep/2023:10:32:21 +0800] "GET /xingrg/javascript/jquery_easy_ui/themes/default/images/tree_folder.gif HTTP/1.1" 200 952
120.253.135.82 - - [13/Sep/2023:10:32:22 +0800] "GET /xingrg/javascript/easyui/themes/default/validatebox.css HTTP/1.1" 404 1104
120.253.135.82 - - [13/Sep/2023:10:32:23 +0800] "POST /xingrg/kc/buy/cgsh_order_operate.html HTTP/1.1" 200 615
114.95.241.104 - - [13/Sep/2023:10:32:23 +0800] "GET /xingrg/all/function/internal_message.html?_=1694572225342&CODE_STATE=getMsg HTTP/1.1" 200 27
222.70.180.200 - - [13/Sep/2023:10:32:23 +0800] "GET /xingrg/javascript/jquery_easy_ui/themes/default/images/tabs_close.gif HTTP/1.1" 200 829
222.70.180.200 - - [13/Sep/2023:10:32:23 +0800] "GET /xingrg/kc/report/report_main.html HTTP/1.1" 200 8599
222.70.180.200 - - [13/Sep/2023:10:32:24 +0800] "GET /xingrg/css/blue.css HTTP/1.1" 200 15949
222.70.180.200 - - [13/Sep/2023:10:32:24 +0800] "GET /xingrg/javascript/jquery_ui/themes/humanity/humanity.css HTTP/1.1" 200 27801
222.70.180.200 - - [13/Sep/2023:10:32:24 +0800] "GET /xingrg/javascript/pic_change.js HTTP/1.1" 200 4739
222.70.180.200 - - [13/Sep/2023:10:32:24 +0800] "GET /xingrg/javascript/myfunction.js HTTP/1.1" 200 24559
222.70.180.200 - - [13/Sep/2023:10:32:24 +0800] "GET /xingrg/javascript/json2.js HTTP/1.1" 200 11259
222.70.180.200 - - [13/Sep/2023:10:32:24 +0800] "GET /xingrg/javascript/jquery_easy_ui/themes/icons/back_new.png HTTP/1.1" 200 3414
180.174.205.229 - - [13/Sep/2023:10:32:25 +0800] "GET /xingrg/all/function/internal_message.html?_=1694572344593&CODE_STATE=getMsg HTTP/1.1" 200 27
222.70.180.200 - - [13/Sep/2023:10:32:26 +0800] "GET /xingrg/all/report/report_query.html?fileName=kc/base/rk_by_base.xml&rh=9999 HTTP/1.1" 200 51953
222.70.180.200 - - [13/Sep/2023:10:32:26 +0800] "GET /xingrg/javascript/multi_select/jqueryMultiSelect.css HTTP/1.1" 200 951
222.70.180.200 - - [13/Sep/2023:10:32:26 +0800] "GET /xingrg/javascript/calendar/timePicker.css HTTP/1.1" 200 523
222.70.180.200 - - [13/Sep/2023:10:32:26 +0800] "GET /xingrg/javascript/bigrid/fix.css HTTP/1.1" 200 1702
222.70.180.200 - - [13/Sep/2023:10:32:26 +0800] "GET /xingrg/dwr/interface/AjaxReportQueryService.js HTTP/1.1" 200 13203
222.70.180.200 - - [13/Sep/2023:10:32:26 +0800] "GET /xingrg/dwr/util.js HTTP/1.1" 200 35990
222.70.180.200 - - [13/Sep/2023:10:32:26 +0800] "GET /xingrg/dwr/engine.js HTTP/1.1" 200 43631
222.70.180.200 - - [13/Sep/2023:10:32:26 +0800] "GET /xingrg/javascript/jqueryMultiSelect.js HTTP/1.1" 200 11866
222.70.180.200 - - [13/Sep/2023:10:32:26 +0800] "GET /xingrg/javascript/Calendar.js HTTP/1.1" 200 31561
222.70.180.200 - - [13/Sep/2023:10:32:26 +0800] "GET /xingrg/javascript/calendar/jquery.timePicker.min.js HTTP/1.1" 200 2997
222.70.180.200 - - [13/Sep/2023:10:32:26 +0800] "GET /xingrg/javascript/bigrid/fix.js HTTP/1.1" 200 6439
222.70.180.200 - - [13/Sep/2023:10:32:26 +0800] "GET /xingrg/images/control/loading.gif HTTP/1.1" 200 13463
222.70.180.200 - - [13/Sep/2023:10:32:26 +0800] "GET /xingrg/images/blue/button/advanceover.gif HTTP/1.1" 200 1347
222.70.180.200 - - [13/Sep/2023:10:32:26 +0800] "GET /xingrg/images/blue/button/advance2over.gif HTTP/1.1" 200 1336
222.70.180.200 - - [13/Sep/2023:10:32:26 +0800] "GET /xingrg/images/blue/button/back2over.gif HTTP/1.1" 200 1335
222.70.180.200 - - [13/Sep/2023:10:32:26 +0800] "GET /xingrg/images/blue/button/backover.gif HTTP/1.1" 200 1348
222.70.180.200 - - [13/Sep/2023:10:32:26 +0800] "GET /xingrg/javascript/jquery_easy_ui/themes/icons/help.png HTTP/1.1" 200 1187
222.70.180.200 - - [13/Sep/2023:10:32:27 +0800] "GET /xingrg/javascript/jquery_easy_ui/themes/default/images/menu_downarrow.png HTTP/1.1" 200 173
222.70.180.200 - - [13/Sep/2023:10:32:27 +0800] "GET /xingrg/javascript/jquery_easy_ui/themes/default/images/button_a_bg.gif HTTP/1.1" 200 1194
222.70.180.200 - - [13/Sep/2023:10:32:27 +0800] "GET /xingrg/javascript/jquery_easy_ui/themes/default/images/menu.gif HTTP/1.1" 200 834
222.70.180.200 - - [13/Sep/2023:10:32:27 +0800] "GET /xingrg/javascript/jquery_easy_ui/themes/icons/print.png HTTP/1.1" 200 1057
222.70.180.200 - - [13/Sep/2023:10:32:27 +0800] "GET /xingrg/javascript/jquery_easy_ui/themes/icons/pencil.png HTTP/1.1" 200 713
222.70.180.200 - - [13/Sep/2023:10:32:27 +0800] "GET /xingrg/javascript/jquery_easy_ui/themes/default/images/menu_rightarrow.png HTTP/1.1" 200 3617
222.70.180.200 - - [13/Sep/2023:10:32:27 +0800] "POST /xingrg/dwr/call/plaincall/AjaxReportQueryService.getFixDate.dwr HTTP/1.1" 200 111
222.70.180.200 - - [13/Sep/2023:10:32:27 +0800] "GET /xingrg/javascript/jquery_easy_ui/themes/default/images/combo_arrow_dot.gif HTTP/1.1" 200 79
222.70.180.200 - - [13/Sep/2023:10:32:27 +0800] "POST /xingrg/all/common/load_tree.html?tree=materiel_sort_tree_json HTTP/1.1" 200 9500
222.70.180.200 - - [13/Sep/2023:10:32:27 +0800] "POST /xingrg/dwr/call/plaincall/AjaxReportQueryService.getInitString.dwr HTTP/1.1" 200 489
222.70.180.200 - - [13/Sep/2023:10:32:27 +0800] "GET /xingrg/javascript/jquery_easy_ui/themes/default/images/tree_checkbox_0.gif HTTP/1.1" 200 168
222.70.180.200 - - [13/Sep/2023:10:32:27 +0800] "GET /xingrg/javascript/multi_select/dropdown.gif HTTP/1.1" 200 61
116.232.195.127 - - [13/Sep/2023:10:32:27 +0800] "GET /xingrg/check_reg.html?_=1694572348970 HTTP/1.1" 302 -
116.232.195.127 - - [13/Sep/2023:10:32:27 +0800] "GET /xingrg/all/function/internal_message.html?_=1694572348975&CODE_STATE=getMsg HTTP/1.1" 302 -
124.79.246.190 - - [13/Sep/2023:10:32:28 +0800] "GET /xingrg/all/function/internal_message.html?_=1694572644970&CODE_STATE=getMsg HTTP/1.1" 200 27
180.169.147.146 - - [13/Sep/2023:10:32:28 +0800] "GET /xingrg/all/function/internal_message.html?_=1694572343791&CODE_STATE=getMsg HTTP/1.1" 200 27
101.83.145.37 - - [13/Sep/2023:10:32:31 +0800] "POST /xingrg/kc/buy/cgsh_order_operate.html HTTP/1.1" 200 37
222.70.180.200 - - [13/Sep/2023:10:32:31 +0800] "POST /xingrg/dwr/call/plaincall/AjaxReportQueryService.getFixDate.dwr HTTP/1.1" 200 111
222.70.107.27 - - [13/Sep/2023:10:32:32 +0800] "GET /xingrg/all/function/internal_message.html?_=1694572354576&CODE_STATE=getMsg HTTP/1.1" 200 27
222.70.180.200 - - [13/Sep/2023:10:32:33 +0800] "POST /xingrg/dwr/call/plaincall/AjaxReportQueryService.getFixDate.dwr HTTP/1.1" 200 111
114.95.241.104 - - [13/Sep/2023:10:32:33 +0800] "GET /xingrg/all/function/internal_message.html?_=1694572352333&CODE_STATE=getMsg HTTP/1.1" 200 27
114.95.241.104 - - [13/Sep/2023:10:32:33 +0800] "GET /xingrg/check_reg.html?_=1694572352337 HTTP/1.1" 200 22
101.83.145.37 - - [13/Sep/2023:10:32:34 +0800] "POST /xingrg/kc/buy/cgsh_order_operate.html HTTP/1.1" 200 33431
180.169.147.146 - - [13/Sep/2023:10:32:35 +0800] "GET /xingrg/check_reg.html?_=1694572358731 HTTP/1.1" 200 22
222.70.180.200 - - [13/Sep/2023:10:32:36 +0800] "GET /xingrg/javascript/multi_select/dropdown_hover.gif HTTP/1.1" 200 61
222.70.180.200 - - [13/Sep/2023:10:32:36 +0800] "GET /xingrg/javascript/multi_select/dropdown_active.gif HTTP/1.1" 200 61
101.83.145.37 - - [13/Sep/2023:10:32:38 +0800] "GET /xingrg/kc/print/load_data.html?order_code=212023091304924&kc_code=cgsh&condition= HTTP/1.1" 200 12357
222.70.180.200 - - [13/Sep/2023:10:32:39 +0800] "GET /xingrg/javascript/jquery_easy_ui/themes/default/images/tree_checkbox_1.gif HTTP/1.1" 200 174
222.70.180.200 - - [13/Sep/2023:10:32:39 +0800] "GET /xingrg/javascript/jquery_easy_ui/themes/default/images/tree_checkbox_2.gif HTTP/1.1" 200 181
222.70.180.200 - - [13/Sep/2023:10:32:41 +0800] "GET /xingrg/all/function/internal_message.html?_=1694572361575&CODE_STATE=getMsg HTTP/1.1" 200 27
58.40.7.146 - - [13/Sep/2023:10:32:41 +0800] "GET /xingrg/all/function/internal_message.html?_=1694572361962&CODE_STATE=getMsg HTTP/1.1" 200 27
124.78.155.92 - - [13/Sep/2023:10:32:44 +0800] "GET /xingrg/all/function/internal_message.html?_=1694572401681&CODE_STATE=getMsg HTTP/1.1" 200 27
222.70.180.200 - - [13/Sep/2023:10:32:45 +0800] "GET /xingrg/javascript/jquery_easy_ui/themes/default/images/tabs_active.png HTTP/1.1" 200 2894
180.152.241.196 - - [13/Sep/2023:10:32:46 +0800] "GET /xingrg/all/function/internal_message.html?_=1694572366705&CODE_STATE=getMsg HTTP/1.1" 200 27
222.70.180.200 - - [13/Sep/2023:10:32:50 +0800] "GET /xingrg/kc/base/crk_hz.html HTTP/1.1" 200 11247
222.70.180.200 - - [13/Sep/2023:10:32:50 +0800] "GET /xingrg/javascript/step/step.css HTTP/1.1" 200 999
222.70.180.200 - - [13/Sep/2023:10:32:50 +0800] "GET /xingrg/css/table.css HTTP/1.1" 200 3684
222.70.180.200 - - [13/Sep/2023:10:32:50 +0800] "POST /xingrg/kc/cost/cost_operate.html?command=get_base_tree HTTP/1.1" 200 1008
222.70.180.200 - - [13/Sep/2023:10:32:50 +0800] "GET /xingrg/images/control/ajaxLoader.gif HTTP/1.1" 200 4659
222.70.180.200 - - [13/Sep/2023:10:32:50 +0800] "GET /xingrg/javascript/jquery_easy_ui/themes/default/images/button_span_bg.gif HTTP/1.1" 200 2061
222.70.180.200 - - [13/Sep/2023:10:32:50 +0800] "GET /xingrg/javascript/jquery_easy_ui/themes/icons/search.png HTTP/1.1" 200 813
222.70.180.200 - - [13/Sep/2023:10:32:50 +0800] "GET /xingrg/javascript/jquery_easy_ui/themes/default/images/calendar_prevmonth.gif HTTP/1.1" 200 66
222.70.180.200 - - [13/Sep/2023:10:32:50 +0800] "GET /xingrg/javascript/jquery_easy_ui/themes/default/images/calendar_nextmonth.gif HTTP/1.1" 200 64
222.70.180.200 - - [13/Sep/2023:10:32:50 +0800] "GET /xingrg/javascript/jquery_easy_ui/themes/default/images/calendar_prevyear.gif HTTP/1.1" 200 76
222.70.180.200 - - [13/Sep/2023:10:32:50 +0800] "GET /xingrg/javascript/jquery_easy_ui/themes/default/images/calendar_nextyear.gif HTTP/1.1" 200 75
222.70.180.200 - - [13/Sep/2023:10:32:50 +0800] "POST /xingrg/all/common/load_tree.html?tree=materiel_sort_tree_json HTTP/1.1" 200 9500
222.70.180.200 - - [13/Sep/2023:10:32:52 +0800] "GET /xingrg/all/common/get_data_part.html?part=previousMonth&_=1694572370406 HTTP/1.1" 200 41
101.83.145.37 - - [13/Sep/2023:10:32:54 +0800] "GET /xingrg/all/function/internal_message.html?_=1694572164669&CODE_STATE=getMsg HTTP/1.1" 200 27
222.70.180.200 - - [13/Sep/2023:10:32:56 +0800] "GET /xingrg/javascript/jquery_easy_ui/themes/icons/area.png HTTP/1.1" 200 262
222.70.180.200 - - [13/Sep/2023:10:32:56 +0800] "GET /xingrg/javascript/jquery_easy_ui/themes/icons/rest.png HTTP/1.1" 200 695
222.70.180.200 - - [13/Sep/2023:10:32:56 +0800] "GET /xingrg/javascript/jquery_easy_ui/themes/icons/manage.png HTTP/1.1" 200 696
222.70.180.200 - - [13/Sep/2023:10:32:56 +0800] "GET /xingrg/javascript/jquery_easy_ui/themes/icons/ok.png HTTP/1.1" 200 883
222.70.180.200 - - [13/Sep/2023:10:32:56 +0800] "GET /xingrg/javascript/jquery_easy_ui/themes/default/images/panel_title.png HTTP/1.1" 200 266
222.70.180.200 - - [13/Sep/2023:10:32:56 +0800] "GET /xingrg/javascript/jquery_easy_ui/themes/default/images/panel_tools.gif HTTP/1.1" 200 737
101.83.145.37 - - [13/Sep/2023:10:32:57 +0800] "GET /xingrg/all/function/internal_message.html?_=1694572377780&CODE_STATE=getMsg HTTP/1.1" 200 27
101.83.145.37 - - [13/Sep/2023:10:32:57 +0800] "GET /xingrg/check_reg.html?_=1694572377960 HTTP/1.1" 200 22
222.70.180.200 - - [13/Sep/2023:10:32:58 +0800] "POST /xingrg/all/user/operate.html HTTP/1.1" 200 36
222.70.180.200 - - [13/Sep/2023:10:32:58 +0800] "GET /xingrg/index.html?sysBaseUrl=http%3A%2F%2F180.169.147.146%3A18081%2Fxingrg%2F&costTime=1263×tamp=1694572340340 HTTP/1.1" 200 17503
222.70.180.200 - - [13/Sep/2023:10:32:58 +0800] "GET /xingrg/javascript/jquery_easy_ui/themes/default/easyui.css HTTP/1.1" 304 -
222.70.180.200 - - [13/Sep/2023:10:32:58 +0800] "GET /xingrg/javascript/jquery_easy_ui/themes/icon.css HTTP/1.1" 304 -
222.70.180.200 - - [13/Sep/2023:10:32:58 +0800] "GET /xingrg/css/form.css HTTP/1.1" 304 -
222.70.180.200 - - [13/Sep/2023:10:32:58 +0800] "GET /xingrg/javascript/jquery-1.4.2.min.js HTTP/1.1" 304 -
222.70.180.200 - - [13/Sep/2023:10:32:58 +0800] "GET /xingrg/javascript/jquery_easy_ui/jquery.easyui.min.js HTTP/1.1" 304 -
222.70.180.200 - - [13/Sep/2023:10:32:58 +0800] "GET /xingrg/javascript/jquery_easy_ui/easyui-lang-zh_CN.js HTTP/1.1" 304 -
222.70.180.200 - - [13/Sep/2023:10:32:58 +0800] "GET /xingrg/javascript/jquery.form.js HTTP/1.1" 304 -
222.70.180.200 - - [13/Sep/2023:10:32:58 +0800] "GET /xingrg/javascript/jquery.utils.js HTTP/1.1" 304 -
222.70.180.200 - - [13/Sep/2023:10:32:58 +0800] "GET /xingrg/javascript/jquery.timers.js HTTP/1.1" 304 -
222.70.180.200 - - [13/Sep/2023:10:32:59 +0800] "GET /xingrg/images/blue/jxLogo.png HTTP/1.1" 304 -
222.70.180.200 - - [13/Sep/2023:10:32:59 +0800] "GET /xingrg/images/blue/navBackgound.jpg HTTP/1.1" 304 -
222.70.180.200 - - [13/Sep/2023:10:32:59 +0800] "GET /xingrg/javascript/jquery_easy_ui/themes/icons/settle_new.png HTTP/1.1" 304 -
222.70.180.200 - - [13/Sep/2023:10:32:59 +0800] "GET /xingrg/all/function/internal_message.html?_=1694572376746&CODE_STATE=count HTTP/1.1" 200 11
222.70.180.200 - - [13/Sep/2023:10:32:59 +0800] "GET /xingrg/check_reg.html?_=1694572376748 HTTP/1.1" 200 22
222.70.180.200 - - [13/Sep/2023:10:32:59 +0800] "GET /xingrg/javascript/jquery_easy_ui/themes/default/images/tabs_rightarrow.png HTTP/1.1" 304 -
222.70.180.200 - - [13/Sep/2023:10:32:59 +0800] "GET /xingrg/javascript/jquery_easy_ui/themes/default/images/panel_tool_expand.gif HTTP/1.1" 304 -
222.70.180.200 - - [13/Sep/2023:10:32:59 +0800] "GET /xingrg/javascript/jquery_easy_ui/themes/default/images/panel_tool_collapse.gif HTTP/1.1" 304 -
222.70.180.200 - - [13/Sep/2023:10:32:59 +0800] "GET /xingrg/images/blue/pingpu.png HTTP/1.1" 304 -
222.70.180.200 - - [13/Sep/2023:10:32:59 +0800] "GET /xingrg/javascript/jquery_easy_ui/themes/default/images/tabs_leftarrow.png HTTP/1.1" 304 -
222.70.180.200 - - [13/Sep/2023:10:32:59 +0800] "POST /xingrg/all/common/load_tree.html?tree=area_rest_tree_json&manage=1 HTTP/1.1" 200 591
222.70.180.200 - - [13/Sep/2023:10:32:59 +0800] "POST /xingrg/load_menu.html HTTP/1.1" 200 9959
120.253.135.82 - - [13/Sep/2023:10:33:00 +0800] "GET /xingrg/check_reg.html?_=1694572185160 HTTP/1.1" 200 22
222.70.180.200 - - [13/Sep/2023:10:33:00 +0800] "GET /xingrg/kc/report/report_main.html HTTP/1.1" 200 7340
222.70.180.200 - - [13/Sep/2023:10:33:03 +0800] "GET /xingrg/all/report/report_query.html?fileName=kc/base/rk_by_base.xml&rh=9999 HTTP/1.1" 200 51953
222.70.180.200 - - [13/Sep/2023:10:33:03 +0800] "GET /xingrg/dwr/interface/AjaxReportQueryService.js HTTP/1.1" 200 13203
222.70.180.200 - - [13/Sep/2023:10:33:03 +0800] "GET /xingrg/dwr/engine.js HTTP/1.1" 200 43631
222.70.180.200 - - [13/Sep/2023:10:33:03 +0800] "POST /xingrg/dwr/call/plaincall/AjaxReportQueryService.getFixDate.dwr HTTP/1.1" 200 111
116.232.195.127 - - [13/Sep/2023:10:33:03 +0800] "GET /xingrg/all/function/internal_message.html?_=1694572259946&CODE_STATE=getMsg HTTP/1.1" 200 27
222.70.180.200 - - [13/Sep/2023:10:33:03 +0800] "POST /xingrg/all/common/load_tree.html?tree=materiel_sort_tree_json HTTP/1.1" 200 9500
222.70.180.200 - - [13/Sep/2023:10:33:03 +0800] "POST /xingrg/dwr/call/plaincall/AjaxReportQueryService.getInitString.dwr HTTP/1.1" 200 1002
222.70.180.200 - - [13/Sep/2023:10:33:05 +0800] "POST /xingrg/dwr/call/plaincall/AjaxReportQueryService.getFixDate.dwr HTTP/1.1" 200 111
222.70.180.200 - - [13/Sep/2023:10:33:14 +0800] "POST /xingrg/dwr/call/plaincall/AjaxReportQueryService.refreshCache.dwr HTTP/1.1" 200 78
222.69.145.204 - - [13/Sep/2023:10:33:14 +0800] "GET /xingrg/all/function/internal_message.html?_=1694572543087&CODE_STATE=getMsg HTTP/1.1" 200 27
222.70.180.200 - - [13/Sep/2023:10:33:15 +0800] "POST /xingrg/all/report/load_report_page.html HTTP/1.1" 200 7461
222.70.180.200 - - [13/Sep/2023:10:33:15 +0800] "GET /xingrg/servlets/image?cache=0.31025145746309524&image=px HTTP/1.1" 200 807
116.230.112.9 - - [13/Sep/2023:10:33:17 +0800] "GET /xingrg/all/function/internal_message.html?_=1694572407635&CODE_STATE=getMsg HTTP/1.1" 200 27
120.253.135.82 - - [13/Sep/2023:10:33:18 +0800] "POST /xingrg/kc/buy/cgsh_list_operate.html HTTP/1.1" 200 986
120.253.135.82 - - [13/Sep/2023:10:33:22 +0800] "GET /xingrg/kc/pszx/mdqp_order_list.html?state=10 HTTP/1.1" 200 10713
120.253.135.82 - - [13/Sep/2023:10:33:22 +0800] "GET /xingrg/dwr/interface/AjaxQqpsService.js HTTP/1.1" 200 16326
120.253.135.82 - - [13/Sep/2023:10:33:22 +0800] "GET /xingrg/dwr/interface/AjaxReportQueryService.js HTTP/1.1" 200 13203
120.253.135.82 - - [13/Sep/2023:10:33:22 +0800] "GET /xingrg/dwr/engine.js HTTP/1.1" 200 43631
114.95.241.104 - - [13/Sep/2023:10:33:22 +0800] "GET /xingrg/check_reg.html?_=1694572285175 HTTP/1.1" 200 22
114.95.241.104 - - [13/Sep/2023:10:33:23 +0800] "GET /xingrg/all/function/internal_message.html?_=1694572285355&CODE_STATE=getMsg HTTP/1.1" 200 27
180.174.205.229 - - [13/Sep/2023:10:33:25 +0800] "GET /xingrg/all/function/internal_message.html?_=1694572404593&CODE_STATE=getMsg HTTP/1.1" 200 27
120.253.135.82 - - [13/Sep/2023:10:33:25 +0800] "GET /xingrg/kc/pszx/mdps_order_list.html?orderType=0 HTTP/1.1" 200 21108
120.253.135.82 - - [13/Sep/2023:10:33:26 +0800] "POST /xingrg/kc/pszx/mdps_list_operate.html HTTP/1.1" 200 5484
114.95.241.104 - - [13/Sep/2023:10:33:27 +0800] "POST /xingrg/services/DataTransmitService HTTP/1.1" 200 524
116.232.195.127 - - [13/Sep/2023:10:33:27 +0800] "GET /xingrg/all/function/internal_message.html?_=1694572408974&CODE_STATE=getMsg HTTP/1.1" 302 -
124.79.246.190 - - [13/Sep/2023:10:33:28 +0800] "GET /xingrg/all/function/internal_message.html?_=1694572705012&CODE_STATE=getMsg HTTP/1.1" 200 27
124.79.246.190 - - [13/Sep/2023:10:33:28 +0800] "GET /xingrg/check_reg.html?_=1694572705013 HTTP/1.1" 200 22
180.169.147.146 - - [13/Sep/2023:10:33:28 +0800] "GET /xingrg/check_reg.html?_=1694572403809 HTTP/1.1" 200 22
114.95.241.104 - - [13/Sep/2023:10:33:28 +0800] "POST /xingrg/services/DataTransmitService HTTP/1.1" 200 412
180.169.147.146 - - [13/Sep/2023:10:33:28 +0800] "GET /xingrg/all/function/internal_message.html?_=1694572404182&CODE_STATE=getMsg HTTP/1.1" 200 27
222.70.107.27 - - [13/Sep/2023:10:33:32 +0800] "GET /xingrg/all/function/internal_message.html?_=1694572414582&CODE_STATE=getMsg HTTP/1.1" 200 27
114.95.241.104 - - [13/Sep/2023:10:33:33 +0800] "GET /xingrg/all/function/internal_message.html?_=1694572412338&CODE_STATE=getMsg HTTP/1.1" 200 27
114.95.241.104 - - [13/Sep/2023:10:33:35 +0800] "GET /xingrg/kc/buy/cgsh_order_list.html HTTP/1.1" 200 56540
114.95.241.104 - - [13/Sep/2023:10:33:37 +0800] "POST /xingrg/kc/buy/cgsh_list_operate.html HTTP/1.1" 200 986
114.95.241.104 - - [13/Sep/2023:10:33:38 +0800] "GET /xingrg/kc/buy/cgsh_order_add.html HTTP/1.1" 200 72360
114.95.241.104 - - [13/Sep/2023:10:33:39 +0800] "GET /xingrg/javascript/easyui/themes/default/validatebox.css HTTP/1.1" 404 1104
114.95.241.104 - - [13/Sep/2023:10:33:39 +0800] "POST /xingrg/kc/buy/cgsh_order_operate.html HTTP/1.1" 200 8245
222.70.180.200 - - [13/Sep/2023:10:33:41 +0800] "GET /xingrg/all/function/internal_message.html?_=1694572421559&CODE_STATE=getMsg HTTP/1.1" 200 27
58.40.7.146 - - [13/Sep/2023:10:33:41 +0800] "GET /xingrg/all/function/internal_message.html?_=1694572421950&CODE_STATE=getMsg HTTP/1.1" 200 27
58.40.7.146 - - [13/Sep/2023:10:33:42 +0800] "GET /xingrg/check_reg.html?_=1694572422592 HTTP/1.1" 200 22
124.78.155.92 - - [13/Sep/2023:10:33:44 +0800] "GET /xingrg/check_reg.html?_=1694572461671 HTTP/1.1" 200 22
124.78.155.92 - - [13/Sep/2023:10:33:44 +0800] "GET /xingrg/all/function/internal_message.html?_=1694572461674&CODE_STATE=getMsg HTTP/1.1" 200 27
180.152.241.196 - - [13/Sep/2023:10:33:46 +0800] "GET /xingrg/all/function/internal_message.html?_=1694572426696&CODE_STATE=getMsg HTTP/1.1" 200 27
101.83.145.37 - - [13/Sep/2023:10:33:54 +0800] "GET /xingrg/all/function/internal_message.html?_=1694572224669&CODE_STATE=getMsg HTTP/1.1" 200 27
101.83.145.37 - - [13/Sep/2023:10:33:57 +0800] "GET /xingrg/all/function/internal_message.html?_=1694572437753&CODE_STATE=getMsg HTTP/1.1" 200 27
222.70.180.200 - - [13/Sep/2023:10:33:59 +0800] "GET /xingrg/all/function/internal_message.html?_=1694572436770&CODE_STATE=getMsg HTTP/1.1" 200 27
116.232.195.127 - - [13/Sep/2023:10:34:03 +0800] "GET /xingrg/all/function/internal_message.html?_=1694572319920&CODE_STATE=getMsg HTTP/1.1" 200 27
222.70.180.200 - - [13/Sep/2023:10:34:03 +0800] "POST /xingrg/dwr/call/plaincall/AjaxReportQueryService.getFixDate.dwr HTTP/1.1" 200 111
222.70.180.200 - - [13/Sep/2023:10:34:06 +0800] "POST /xingrg/dwr/call/plaincall/AjaxReportQueryService.refreshCache.dwr HTTP/1.1" 200 78
222.70.180.200 - - [13/Sep/2023:10:34:07 +0800] "POST /xingrg/all/report/load_report_page.html HTTP/1.1" 200 7431
222.70.180.200 - - [13/Sep/2023:10:34:07 +0800] "GET /xingrg/servlets/image?cache=0.31167537324205463&image=px HTTP/1.1" 200 807
222.70.180.200 - - [13/Sep/2023:10:34:14 +0800] "GET /xingrg/kc/buy/cgsh_order_operate.html?command=get_materiel&rest_code=00111&code=00101002027&supplier_code=00100199&order_time=2023-09-13 HTTP/1.1" 200 413
222.69.145.204 - - [13/Sep/2023:10:34:14 +0800] "GET /xingrg/all/function/internal_message.html?_=1694572603087&CODE_STATE=getMsg HTTP/1.1" 200 27
116.230.112.9 - - [13/Sep/2023:10:34:18 +0800] "GET /xingrg/all/function/internal_message.html?_=1694572467648&CODE_STATE=getMsg HTTP/1.1" 200 27
116.232.195.127 - - [13/Sep/2023:10:34:18 +0800] "GET /xingrg/check_reg.html?_=1694572334308 HTTP/1.1" 200 22
114.95.241.104 - - [13/Sep/2023:10:34:23 +0800] "GET /xingrg/all/function/internal_message.html?_=1694572345369&CODE_STATE=getMsg HTTP/1.1" 200 27
180.174.205.229 - - [13/Sep/2023:10:34:25 +0800] "GET /xingrg/all/function/internal_message.html?_=1694572464626&CODE_STATE=getMsg HTTP/1.1" 200 27
116.232.195.127 - - [13/Sep/2023:10:34:27 +0800] "GET /xingrg/all/function/internal_message.html?_=1694572468975&CODE_STATE=getMsg HTTP/1.1" 302 -
124.79.246.190 - - [13/Sep/2023:10:34:28 +0800] "GET /xingrg/all/function/internal_message.html?_=1694572765011&CODE_STATE=getMsg HTTP/1.1" 200 27
180.169.147.146 - - [13/Sep/2023:10:34:28 +0800] "GET /xingrg/all/function/internal_message.html?_=1694572464193&CODE_STATE=getMsg HTTP/1.1" 200 27
222.70.107.27 - - [13/Sep/2023:10:34:32 +0800] "GET /xingrg/check_reg.html?_=1694572474573 HTTP/1.1" 200 22
222.70.107.27 - - [13/Sep/2023:10:34:32 +0800] "GET /xingrg/all/function/internal_message.html?_=1694572474581&CODE_STATE=getMsg HTTP/1.1" 200 27
114.95.241.104 - - [13/Sep/2023:10:34:33 +0800] "GET /xingrg/all/function/internal_message.html?_=1694572472338&CODE_STATE=getMsg HTTP/1.1" 200 27
222.70.180.200 - - [13/Sep/2023:10:34:41 +0800] "GET /xingrg/all/function/internal_message.html?_=1694572481535&CODE_STATE=getMsg HTTP/1.1" 200 27
222.70.180.200 - - [13/Sep/2023:10:34:41 +0800] "GET /xingrg/kc/buy/cgsh_order_operate.html?command=get_materiel&rest_code=00111&code=00101001069&supplier_code=00100199&order_time=2023-09-13 HTTP/1.1" 200 409
58.40.7.146 - - [13/Sep/2023:10:34:41 +0800] "GET /xingrg/all/function/internal_message.html?_=1694572481924&CODE_STATE=getMsg HTTP/1.1" 200 27
124.78.155.92 - - [13/Sep/2023:10:34:44 +0800] "GET /xingrg/all/function/internal_message.html?_=1694572521681&CODE_STATE=getMsg HTTP/1.1" 200 27
180.152.241.196 - - [13/Sep/2023:10:34:46 +0800] "GET /xingrg/all/function/internal_message.html?_=1694572486721&CODE_STATE=getMsg HTTP/1.1" 200 27
114.95.241.104 - - [13/Sep/2023:10:34:47 +0800] "GET /xingrg/kc/buy/cgsh_order_operate.html?command=get_materiel&rest_code=00150&code=00101028016&supplier_code=00100017&order_time=2023-09-13 HTTP/1.1" 200 467
180.157.248.18 - - [13/Sep/2023:10:34:54 +0800] "POST /xingrg/services/DataTransmitService HTTP/1.1" 200 524
101.83.145.37 - - [13/Sep/2023:10:34:54 +0800] "GET /xingrg/all/function/internal_message.html?_=1694572284669&CODE_STATE=getMsg HTTP/1.1" 200 27
180.157.248.18 - - [13/Sep/2023:10:34:54 +0800] "POST /xingrg/services/DataTransmitService HTTP/1.1" 200 412
101.83.145.37 - - [13/Sep/2023:10:34:57 +0800] "GET /xingrg/all/function/internal_message.html?_=1694572497728&CODE_STATE=getMsg HTTP/1.1" 200 27
222.70.180.200 - - [13/Sep/2023:10:34:59 +0800] "GET /xingrg/all/function/internal_message.html?_=1694572496769&CODE_STATE=getMsg HTTP/1.1" 200 27
114.95.241.104 - - [13/Sep/2023:10:35:02 +0800] "GET /xingrg/kc/buy/cgsh_order_operate.html?command=get_materiel&rest_code=00150&code=00101028012&supplier_code=00100017&order_time=2023-09-13 HTTP/1.1" 200 456
116.232.195.127 - - [13/Sep/2023:10:35:03 +0800] "GET /xingrg/all/function/internal_message.html?_=1694572379908&CODE_STATE=getMsg HTTP/1.1" 200 27
180.152.241.196 - - [13/Sep/2023:10:35:07 +0800] "POST /xingrg/services/DataTransmitService HTTP/1.1" 200 524
222.69.145.204 - - [13/Sep/2023:10:35:14 +0800] "GET /xingrg/all/function/internal_message.html?_=1694572663087&CODE_STATE=getMsg HTTP/1.1" 200 27
