180.165.48.189 - - [12/Sep/2023:11:18:42 +0800] "GET /xingrg/javascript/easyui/themes/default/images/menu_downarrow.png HTTP/1.1" 200 173
180.165.48.189 - - [12/Sep/2023:11:18:42 +0800] "POST /xingrg/kc/base/wldb_order_operate.html HTTP/1.1" 200 6806
180.165.48.189 - - [12/Sep/2023:11:18:42 +0800] "GET /xingrg/all/common/auto_word.html?type=base&rest_code=00108 HTTP/1.1" 200 1907
180.165.48.189 - - [12/Sep/2023:11:18:42 +0800] "GET /xingrg/javascript/easyui/themes/default/validatebox.css HTTP/1.1" 404 1104
180.165.48.189 - - [12/Sep/2023:11:18:42 +0800] "GET /xingrg/all/common/auto_word.html?type=base&rest_code=00108 HTTP/1.1" 200 1907
180.165.48.189 - - [12/Sep/2023:11:18:42 +0800] "GET /xingrg/javascript/easyui/themes/icons/edit_remove.png HTTP/1.1" 200 625
124.79.246.190 - - [12/Sep/2023:11:18:43 +0800] "GET /xingrg/all/function/internal_message.html?_=1694488723151&CODE_STATE=getMsg HTTP/1.1" 200 27
180.165.48.189 - - [12/Sep/2023:11:18:43 +0800] "GET /xingrg/javascript/auto/indicator.gif HTTP/1.1" 404 1066
116.232.195.127 - - [12/Sep/2023:11:18:44 +0800] "GET /xingrg/kc/buy/cgsh_order_operate.html?command=get_materiel&rest_code=00155&code=00101011005&supplier_code=00100012&order_time=2023-09-12 HTTP/1.1" 200 428
124.79.246.190 - - [12/Sep/2023:11:18:45 +0800] "POST /xingrg/kc/base/check_list_operate.html HTTP/1.1" 200 4
124.78.69.58 - - [12/Sep/2023:11:18:47 +0800] "GET /xingrg/all/function/internal_message.html?_=1694488162134&CODE_STATE=getMsg HTTP/1.1" 200 27
124.78.69.58 - - [12/Sep/2023:11:18:47 +0800] "GET /xingrg/check_reg.html?_=1694488162804 HTTP/1.1" 200 22
180.165.48.189 - - [12/Sep/2023:11:18:49 +0800] "GET /xingrg/all/function/internal_message.html?_=1694488728174&CODE_STATE=getMsg HTTP/1.1" 200 27
180.165.48.189 - - [12/Sep/2023:11:18:52 +0800] "GET /xingrg/kc/base/wldb_order_operate.html?command=get_materiel&rest_code=00108&base_code=0010538&code=00101019019 HTTP/1.1" 200 476
114.95.241.104 - - [12/Sep/2023:11:18:55 +0800] "GET /xingrg/all/function/internal_message.html?_=1694488619196&CODE_STATE=getMsg HTTP/1.1" 302 -
180.169.147.146 - - [12/Sep/2023:11:18:55 +0800] "GET /xingrg/all/function/internal_message.html?_=1694488735817&CODE_STATE=getMsg HTTP/1.1" 200 27
180.163.29.79 - - [12/Sep/2023:11:18:56 +0800] "GET /xingrg/all/function/internal_message.html?_=1694488675580&CODE_STATE=getMsg HTTP/1.1" 302 -
124.79.246.190 - - [12/Sep/2023:11:18:56 +0800] "GET /xingrg/all/function/internal_message.html?_=1694489032544&CODE_STATE=getMsg HTTP/1.1" 200 27
124.78.155.92 - - [12/Sep/2023:11:18:56 +0800] "GET /xingrg/all/function/internal_message.html?_=1694488735565&CODE_STATE=getMsg HTTP/1.1" 200 27
180.163.29.79 - - [12/Sep/2023:11:18:56 +0800] "GET /xingrg/login.html HTTP/1.1" 200 7641
116.232.195.127 - - [12/Sep/2023:11:18:57 +0800] "GET /xingrg/all/function/internal_message.html?_=1694488615437&CODE_STATE=getMsg HTTP/1.1" 200 27
114.95.241.104 - - [12/Sep/2023:11:18:57 +0800] "GET /xingrg/check_reg.html?_=1694488736192 HTTP/1.1" 200 22
114.95.241.104 - - [12/Sep/2023:11:18:57 +0800] "GET /xingrg/all/function/internal_message.html?_=1694488736196&CODE_STATE=getMsg HTTP/1.1" 200 27
124.79.246.190 - - [12/Sep/2023:11:18:59 +0800] "POST /xingrg/kc/base/check_list_operate.html HTTP/1.1" 200 5348
180.169.147.146 - - [12/Sep/2023:11:19:00 +0800] "GET /xingrg/all/function/internal_message.html?_=1694488739388&CODE_STATE=getMsg HTTP/1.1" 200 27
222.70.107.27 - - [12/Sep/2023:11:19:01 +0800] "GET /xingrg/all/function/internal_message.html?_=1694488741429&CODE_STATE=getMsg HTTP/1.1" 302 -
180.165.48.189 - - [12/Sep/2023:11:19:04 +0800] "GET /xingrg/kc/base/wldb_order_operate.html?command=get_materiel&rest_code=00108&base_code=0010538&code=00101019017 HTTP/1.1" 200 443
116.232.195.127 - - [12/Sep/2023:11:19:07 +0800] "GET /xingrg/kc/buy/cgsh_order_operate.html?command=get_materiel&rest_code=00155&code=00101012032&supplier_code=00100012&order_time=2023-09-12 HTTP/1.1" 200 416
114.83.219.158 - - [12/Sep/2023:11:19:08 +0800] "GET /xingrg/all/function/internal_message.html?_=1694488747737&CODE_STATE=getMsg HTTP/1.1" 200 27
101.83.145.37 - - [12/Sep/2023:11:19:10 +0800] "GET /xingrg/all/function/internal_message.html?_=1694488540509&CODE_STATE=getMsg HTTP/1.1" 200 27
101.228.187.155 - - [12/Sep/2023:11:19:13 +0800] "GET /xingrg/all/function/internal_message.html?_=1694488752815&CODE_STATE=getMsg HTTP/1.1" 200 27
116.232.195.127 - - [12/Sep/2023:11:19:14 +0800] "GET /xingrg/kc/buy/cgsh_order_operate.html?command=get_materiel&rest_code=00155&code=00101012025&supplier_code=00100012&order_time=2023-09-12 HTTP/1.1" 200 412
124.79.246.190 - - [12/Sep/2023:11:19:16 +0800] "POST /xingrg/kc/base/check_list_operate.html HTTP/1.1" 200 4
124.78.155.92 - - [12/Sep/2023:11:19:17 +0800] "GET /xingrg/all/function/internal_message.html?_=1694488757616&CODE_STATE=getMsg HTTP/1.1" 200 27
180.152.241.196 - - [12/Sep/2023:11:19:19 +0800] "GET /xingrg/all/function/internal_message.html?_=1694488759204&CODE_STATE=getMsg HTTP/1.1" 200 27
114.95.241.104 - - [12/Sep/2023:11:19:19 +0800] "GET /xingrg/check_reg.html?_=1694488643371 HTTP/1.1" 302 -
114.83.219.158 - - [12/Sep/2023:11:19:22 +0800] "GET /xingrg/kc/base/wldb_order_list.html HTTP/1.1" 200 19180
180.152.241.196 - - [12/Sep/2023:11:19:23 +0800] "GET /favicon.ico HTTP/1.1" 404 -
120.253.135.82 - - [12/Sep/2023:11:19:23 +0800] "GET /xingrg/all/function/internal_message.html?_=1694488567448&CODE_STATE=getMsg HTTP/1.1" 200 27
114.83.219.158 - - [12/Sep/2023:11:19:23 +0800] "POST /xingrg/kc/base/wldb_list_operate.html HTTP/1.1" 200 928
222.70.180.200 - - [12/Sep/2023:11:19:24 +0800] "GET /xingrg/check_reg.html?_=1694488764527 HTTP/1.1" 200 22
222.70.180.200 - - [12/Sep/2023:11:19:24 +0800] "GET /xingrg/all/function/internal_message.html?_=1694488764534&CODE_STATE=getMsg HTTP/1.1" 200 27
124.79.246.190 - - [12/Sep/2023:11:19:26 +0800] "POST /xingrg/kc/base/check_list_operate.html HTTP/1.1" 200 5504
222.69.145.204 - - [12/Sep/2023:11:19:29 +0800] "POST /xingrg/kc/buy/cgsh_order_operate.html HTTP/1.1" 200 37
222.69.145.204 - - [12/Sep/2023:11:19:30 +0800] "GET /xingrg/check_reg.html?_=1694488918418 HTTP/1.1" 200 22
222.69.145.204 - - [12/Sep/2023:11:19:30 +0800] "GET /xingrg/all/function/internal_message.html?_=1694488918421&CODE_STATE=getMsg HTTP/1.1" 200 27
222.70.244.80 - - [12/Sep/2023:11:19:30 +0800] "GET /xingrg/all/function/internal_message.html?_=1694488776622&CODE_STATE=getMsg HTTP/1.1" 200 27
124.79.246.190 - - [12/Sep/2023:11:19:31 +0800] "POST /xingrg/all/user/operate.html HTTP/1.1" 200 36
124.79.246.190 - - [12/Sep/2023:11:19:31 +0800] "GET /xingrg/index.html?sysBaseUrl=http%3A%2F%2F180.169.147.146%3A18081%2Fxingrg%2F&costTime=862×tamp=1694488582434 HTTP/1.1" 200 17503
124.79.246.190 - - [12/Sep/2023:11:19:31 +0800] "GET /xingrg/javascript/jquery_easy_ui/themes/default/easyui.css HTTP/1.1" 304 -
124.79.246.190 - - [12/Sep/2023:11:19:31 +0800] "GET /xingrg/javascript/jquery_easy_ui/themes/icon.css HTTP/1.1" 304 -
124.79.246.190 - - [12/Sep/2023:11:19:31 +0800] "GET /xingrg/css/form.css HTTP/1.1" 304 -
124.79.246.190 - - [12/Sep/2023:11:19:31 +0800] "GET /xingrg/javascript/jquery-1.4.2.min.js HTTP/1.1" 304 -
124.79.246.190 - - [12/Sep/2023:11:19:31 +0800] "GET /xingrg/javascript/jquery_easy_ui/jquery.easyui.min.js HTTP/1.1" 304 -
124.79.246.190 - - [12/Sep/2023:11:19:31 +0800] "GET /xingrg/javascript/jquery_easy_ui/easyui-lang-zh_CN.js HTTP/1.1" 304 -
124.79.246.190 - - [12/Sep/2023:11:19:31 +0800] "GET /xingrg/javascript/jquery.form.js HTTP/1.1" 304 -
124.79.246.190 - - [12/Sep/2023:11:19:31 +0800] "GET /xingrg/javascript/jquery.utils.js HTTP/1.1" 304 -
124.79.246.190 - - [12/Sep/2023:11:19:31 +0800] "GET /xingrg/javascript/jquery.timers.js HTTP/1.1" 304 -
124.79.246.190 - - [12/Sep/2023:11:19:31 +0800] "GET /xingrg/images/blue/jxLogo.png HTTP/1.1" 304 -
124.79.246.190 - - [12/Sep/2023:11:19:31 +0800] "GET /xingrg/images/blue/navBackgound.jpg HTTP/1.1" 304 -
124.79.246.190 - - [12/Sep/2023:11:19:31 +0800] "GET /xingrg/javascript/jquery_easy_ui/themes/icons/settle_new.png HTTP/1.1" 304 -
124.79.246.190 - - [12/Sep/2023:11:19:31 +0800] "GET /xingrg/all/function/internal_message.html?_=1694488771893&CODE_STATE=count HTTP/1.1" 200 11
124.79.246.190 - - [12/Sep/2023:11:19:31 +0800] "GET /xingrg/check_reg.html?_=1694488771894 HTTP/1.1" 200 22
124.79.246.190 - - [12/Sep/2023:11:19:31 +0800] "GET /xingrg/javascript/jquery_easy_ui/themes/default/images/tabs_rightarrow.png HTTP/1.1" 304 -
124.79.246.190 - - [12/Sep/2023:11:19:31 +0800] "GET /xingrg/javascript/jquery_easy_ui/themes/default/images/panel_tool_collapse.gif HTTP/1.1" 304 -
124.79.246.190 - - [12/Sep/2023:11:19:31 +0800] "GET /xingrg/javascript/jquery_easy_ui/themes/default/images/panel_tool_expand.gif HTTP/1.1" 304 -
124.79.246.190 - - [12/Sep/2023:11:19:31 +0800] "GET /xingrg/javascript/jquery_easy_ui/themes/default/images/tabs_leftarrow.png HTTP/1.1" 304 -
124.79.246.190 - - [12/Sep/2023:11:19:31 +0800] "GET /xingrg/images/blue/pingpu.png HTTP/1.1" 304 -
124.79.246.190 - - [12/Sep/2023:11:19:32 +0800] "POST /xingrg/all/common/load_tree.html?tree=area_rest_tree_json&manage=1 HTTP/1.1" 200 591
124.79.246.190 - - [12/Sep/2023:11:19:32 +0800] "POST /xingrg/load_menu.html HTTP/1.1" 200 9959
114.83.219.158 - - [12/Sep/2023:11:19:34 +0800] "GET /xingrg/kc/base/wldb_order_add.html HTTP/1.1" 200 30463
114.83.219.158 - - [12/Sep/2023:11:19:34 +0800] "POST /xingrg/kc/base/wldb_order_operate.html HTTP/1.1" 200 6806
114.83.219.158 - - [12/Sep/2023:11:19:34 +0800] "GET /xingrg/all/common/auto_word.html?type=base&rest_code=00149 HTTP/1.1" 200 1907
114.83.219.158 - - [12/Sep/2023:11:19:34 +0800] "GET /xingrg/all/common/auto_word.html?type=base&rest_code=00149 HTTP/1.1" 200 1907
114.83.219.158 - - [12/Sep/2023:11:19:34 +0800] "GET /xingrg/javascript/easyui/themes/default/validatebox.css HTTP/1.1" 404 1104
124.79.246.190 - - [12/Sep/2023:11:19:35 +0800] "GET /xingrg/kc/cost/cost_list.html HTTP/1.1" 200 6093
124.79.246.190 - - [12/Sep/2023:11:19:35 +0800] "GET /xingrg/dwr/engine.js HTTP/1.1" 200 43631
124.79.246.190 - - [12/Sep/2023:11:19:35 +0800] "GET /xingrg/dwr/interface/AjaxReportQueryService.js HTTP/1.1" 200 13203
124.79.246.190 - - [12/Sep/2023:11:19:35 +0800] "GET /xingrg/kc/cost/cost_operate.html?_=1694488775245&command=load_cost_list HTTP/1.1" 200 11081
114.83.219.158 - - [12/Sep/2023:11:19:36 +0800] "GET /xingrg/javascript/auto/indicator.gif HTTP/1.1" 404 1066
222.69.145.204 - - [12/Sep/2023:11:19:37 +0800] "POST /xingrg/kc/buy/cgsh_order_operate.html HTTP/1.1" 200 12
114.83.219.158 - - [12/Sep/2023:11:19:38 +0800] "GET /xingrg/javascript/jquery_tools/images/prev.gif HTTP/1.1" 404 1086
114.83.219.158 - - [12/Sep/2023:11:19:38 +0800] "GET /xingrg/javascript/jquery_tools/images/next.gif HTTP/1.1" 404 1086
222.69.145.204 - - [12/Sep/2023:11:19:39 +0800] "GET /xingrg/kc/buy/cgsh_order_info.html?code=212023091204635 HTTP/1.1" 200 66371
222.69.145.204 - - [12/Sep/2023:11:19:40 +0800] "GET /xingrg/javascript/easyui/themes/default/validatebox.css HTTP/1.1" 404 1104
222.69.145.204 - - [12/Sep/2023:11:19:41 +0800] "POST /xingrg/kc/buy/cgsh_order_operate.html HTTP/1.1" 200 4810
114.83.219.158 - - [12/Sep/2023:11:19:42 +0800] "GET /xingrg/kc/base/wldb_order_operate.html?command=get_materiel&rest_code=00149&base_code=0010394&code=00101019063 HTTP/1.1" 200 461
222.69.145.204 - - [12/Sep/2023:11:19:43 +0800] "GET /xingrg/kc/print/load_config.html?kc_code=cgsh HTTP/1.1" 200 1924
222.70.244.80 - - [12/Sep/2023:11:19:43 +0800] "POST /xingrg/kc/mdqp/pssh_list_operate.html HTTP/1.1" 200 747
222.69.145.204 - - [12/Sep/2023:11:19:44 +0800] "GET /xingrg/kc/print/load_data.html?order_code=212023091204635&kc_code=cgsh&condition= HTTP/1.1" 200 2339
222.70.244.80 - - [12/Sep/2023:11:19:45 +0800] "GET /xingrg/kc/mdqp/pssh_order_info.html?code=312023091100270 HTTP/1.1" 200 17303
222.70.244.80 - - [12/Sep/2023:11:19:45 +0800] "GET /xingrg/javascript/jquery_tools/jquery-1.4.2.min.js HTTP/1.1" 404 1094
222.70.244.80 - - [12/Sep/2023:11:19:45 +0800] "GET /xingrg/javascript/easyui/themes/default/validatebox.css HTTP/1.1" 404 1104
222.70.244.80 - - [12/Sep/2023:11:19:45 +0800] "POST /xingrg/kc/mdqp/pssh_order_operate.html HTTP/1.1" 200 5737
218.81.69.69 - - [12/Sep/2023:11:19:46 +0800] "GET /favicon.ico HTTP/1.1" 404 -
124.78.69.58 - - [12/Sep/2023:11:19:47 +0800] "GET /xingrg/all/function/internal_message.html?_=1694488222106&CODE_STATE=getMsg HTTP/1.1" 200 27
114.83.219.158 - - [12/Sep/2023:11:19:48 +0800] "GET /xingrg/kc/base/wldb_order_operate.html?command=get_materiel&rest_code=00149&base_code=0010394&code=00101016094 HTTP/1.1" 200 469
180.165.48.189 - - [12/Sep/2023:11:19:49 +0800] "GET /xingrg/all/function/internal_message.html?_=1694488788162&CODE_STATE=getMsg HTTP/1.1" 200 27
116.232.195.127 - - [12/Sep/2023:11:19:51 +0800] "GET /xingrg/kc/buy/cgsh_order_operate.html?command=get_materiel&rest_code=00155&code=00101011013&supplier_code=00100012&order_time=2023-09-12 HTTP/1.1" 200 413
114.95.241.104 - - [12/Sep/2023:11:19:55 +0800] "GET /xingrg/all/function/internal_message.html?_=1694488679226&CODE_STATE=getMsg HTTP/1.1" 302 -
180.169.147.146 - - [12/Sep/2023:11:19:55 +0800] "GET /xingrg/all/function/internal_message.html?_=1694488795831&CODE_STATE=getMsg HTTP/1.1" 200 27
180.163.29.234 - - [12/Sep/2023:11:19:56 +0800] "GET /xingrg/all/function/internal_message.html?_=1694488735565&CODE_STATE=getMsg HTTP/1.1" 302 -
180.163.29.234 - - [12/Sep/2023:11:19:56 +0800] "GET /xingrg/login.html HTTP/1.1" 200 7641
124.78.155.92 - - [12/Sep/2023:11:19:56 +0800] "GET /xingrg/all/function/internal_message.html?_=1694488795537&CODE_STATE=getMsg HTTP/1.1" 200 27
124.79.246.190 - - [12/Sep/2023:11:19:56 +0800] "GET /xingrg/all/function/internal_message.html?_=1694489092526&CODE_STATE=getMsg HTTP/1.1" 200 27
116.232.195.127 - - [12/Sep/2023:11:19:57 +0800] "GET /xingrg/all/function/internal_message.html?_=1694488675439&CODE_STATE=getMsg HTTP/1.1" 200 27
114.95.241.104 - - [12/Sep/2023:11:19:57 +0800] "GET /xingrg/all/function/internal_message.html?_=1694488796193&CODE_STATE=getMsg HTTP/1.1" 200 27
120.253.135.82 - - [12/Sep/2023:11:19:58 +0800] "POST /xingrg/dwr/call/plaincall/AjaxCgthService.checkOrder.dwr HTTP/1.1" 200 79
180.169.147.146 - - [12/Sep/2023:11:20:00 +0800] "GET /xingrg/all/function/internal_message.html?_=1694488799359&CODE_STATE=getMsg HTTP/1.1" 200 27
222.70.107.27 - - [12/Sep/2023:11:20:01 +0800] "GET /xingrg/all/function/internal_message.html?_=1694488801428&CODE_STATE=getMsg HTTP/1.1" 302 -
114.83.219.158 - - [12/Sep/2023:11:20:01 +0800] "GET /xingrg/kc/base/wldb_order_operate.html?command=get_materiel&rest_code=00149&base_code=0010394&code=00101019132 HTTP/1.1" 200 472
222.70.244.80 - - [12/Sep/2023:11:20:03 +0800] "POST /xingrg/all/common/load_combo.html?type=employee HTTP/1.1" 200 186
218.81.69.69 - - [12/Sep/2023:11:20:06 +0800] "GET /xingrg/check_reg.html?_=1694488806895 HTTP/1.1" 200 22
124.79.246.190 - - [12/Sep/2023:11:20:07 +0800] "POST /xingrg/kc/cost/cost_operate.html HTTP/1.1" 200 4
114.83.219.158 - - [12/Sep/2023:11:20:07 +0800] "GET /xingrg/kc/base/wldb_order_operate.html?command=get_materiel&rest_code=00149&base_code=0010394&code=00101019184 HTTP/1.1" 200 456
114.83.219.158 - - [12/Sep/2023:11:20:08 +0800] "GET /xingrg/all/function/internal_message.html?_=1694488807718&CODE_STATE=getMsg HTTP/1.1" 200 27
222.70.244.80 - - [12/Sep/2023:11:20:09 +0800] "POST /xingrg/kc/mdqp/pssh_order_operate.html HTTP/1.1" 200 37
101.83.145.37 - - [12/Sep/2023:11:20:10 +0800] "GET /xingrg/all/function/internal_message.html?_=1694488600480&CODE_STATE=getMsg HTTP/1.1" 200 27
222.70.244.80 - - [12/Sep/2023:11:20:11 +0800] "POST /xingrg/kc/mdqp/pssh_order_operate.html HTTP/1.1" 200 5737
101.228.187.155 - - [12/Sep/2023:11:20:13 +0800] "GET /xingrg/all/function/internal_message.html?_=1694488812816&CODE_STATE=getMsg HTTP/1.1" 200 27
124.78.155.92 - - [12/Sep/2023:11:20:17 +0800] "GET /xingrg/all/function/internal_message.html?_=1694488817615&CODE_STATE=getMsg HTTP/1.1" 200 27
180.152.241.196 - - [12/Sep/2023:11:20:19 +0800] "GET /xingrg/all/function/internal_message.html?_=1694488819178&CODE_STATE=getMsg HTTP/1.1" 200 27
114.83.219.158 - - [12/Sep/2023:11:20:20 +0800] "GET /xingrg/kc/base/wldb_order_operate.html?command=get_materiel&rest_code=00149&base_code=0010394&code=00101019222 HTTP/1.1" 200 451
222.70.244.80 - - [12/Sep/2023:11:20:20 +0800] "GET /xingrg/kc/print/load_data.html?order_code=312023091100270&kc_code=pssh&condition= HTTP/1.1" 200 2347
180.152.241.196 - - [12/Sep/2023:11:20:21 +0800] "GET /xingrg/check_reg.html?_=1694488820942 HTTP/1.1" 200 22
124.79.246.190 - - [12/Sep/2023:11:20:22 +0800] "GET /xingrg/kc/cost/cost_operate.html?_=1694488822293&command=load_cost_list HTTP/1.1" 200 10883
116.232.195.127 - - [12/Sep/2023:11:20:22 +0800] "POST /xingrg/kc/buy/cgsh_order_operate.html HTTP/1.1" 200 37
222.70.180.200 - - [12/Sep/2023:11:20:24 +0800] "GET /xingrg/all/function/internal_message.html?_=1694488824534&CODE_STATE=getMsg HTTP/1.1" 200 27
116.232.195.127 - - [12/Sep/2023:11:20:25 +0800] "POST /xingrg/kc/buy/cgsh_order_operate.html HTTP/1.1" 200 9250
116.232.195.127 - - [12/Sep/2023:11:20:27 +0800] "GET /xingrg/kc/print/load_data.html?order_code=212023091204636&kc_code=cgsh&condition= HTTP/1.1" 200 3309
222.69.145.204 - - [12/Sep/2023:11:20:30 +0800] "GET /xingrg/all/function/internal_message.html?_=1694488978409&CODE_STATE=getMsg HTTP/1.1" 200 27
222.70.244.80 - - [12/Sep/2023:11:20:30 +0800] "GET /xingrg/all/function/internal_message.html?_=1694488836638&CODE_STATE=getMsg HTTP/1.1" 200 27
124.79.246.190 - - [12/Sep/2023:11:20:31 +0800] "GET /xingrg/kc/base/check_order_list.html HTTP/1.1" 200 16554
124.79.246.190 - - [12/Sep/2023:11:20:31 +0800] "POST /xingrg/kc/base/check_list_operate.html HTTP/1.1" 200 781
124.79.246.190 - - [12/Sep/2023:11:20:31 +0800] "GET /xingrg/all/function/internal_message.html?_=1694488831901&CODE_STATE=getMsg HTTP/1.1" 200 27
124.79.246.190 - - [12/Sep/2023:11:20:34 +0800] "POST /xingrg/kc/base/check_list_operate.html HTTP/1.1" 200 5349
116.232.195.127 - - [12/Sep/2023:11:20:36 +0800] "GET /xingrg/kc/buy/cgsh_order_add.html HTTP/1.1" 200 72315
116.232.195.127 - - [12/Sep/2023:11:20:37 +0800] "GET /xingrg/javascript/easyui/themes/default/validatebox.css HTTP/1.1" 404 1104
116.232.195.127 - - [12/Sep/2023:11:20:37 +0800] "POST /xingrg/kc/buy/cgsh_order_operate.html HTTP/1.1" 200 8245
114.83.219.158 - - [12/Sep/2023:11:20:39 +0800] "GET /xingrg/kc/base/wldb_order_operate.html?command=get_materiel&rest_code=00149&base_code=0010394&code=00101019187 HTTP/1.1" 200 479
120.253.135.82 - - [12/Sep/2023:11:20:41 +0800] "GET /xingrg/all/function/internal_message.html?_=1694488645387&CODE_STATE=getMsg HTTP/1.1" 200 27
120.253.135.82 - - [12/Sep/2023:11:20:41 +0800] "GET /xingrg/kc/buy/cgth_order_info.html?code=232023091200004&part=buyck HTTP/1.1" 200 71435
120.253.135.82 - - [12/Sep/2023:11:20:41 +0800] "GET /xingrg/dwr/interface/AjaxComOrderService.js HTTP/1.1" 200 18264
120.253.135.82 - - [12/Sep/2023:11:20:41 +0800] "GET /xingrg/dwr/interface/AjaxCgthService.js HTTP/1.1" 200 14519
120.253.135.82 - - [12/Sep/2023:11:20:41 +0800] "GET /xingrg/dwr/engine.js HTTP/1.1" 200 43631
120.253.135.82 - - [12/Sep/2023:11:20:43 +0800] "POST /xingrg/all/common/load_tree.html?tree=supplier_tree_json&isDelete=1 HTTP/1.1" 200 75729
124.78.69.58 - - [12/Sep/2023:11:20:47 +0800] "GET /xingrg/all/function/internal_message.html?_=1694488282079&CODE_STATE=getMsg HTTP/1.1" 200 27
114.83.219.158 - - [12/Sep/2023:11:20:47 +0800] "GET /xingrg/kc/base/wldb_order_operate.html?command=get_materiel&rest_code=00149&base_code=0010394&code=00101022087 HTTP/1.1" 200 473
180.165.48.189 - - [12/Sep/2023:11:20:49 +0800] "GET /xingrg/all/function/internal_message.html?_=1694488848162&CODE_STATE=getMsg HTTP/1.1" 200 27
222.70.244.80 - - [12/Sep/2023:11:20:52 +0800] "GET /xingrg/kc/mdqp/pssh_order_list.html?isBack=1 HTTP/1.1" 200 17920
222.70.244.80 - - [12/Sep/2023:11:20:54 +0800] "POST /xingrg/kc/mdqp/pssh_list_operate.html HTTP/1.1" 200 5246
120.253.135.82 - - [12/Sep/2023:11:20:54 +0800] "POST /xingrg/dwr/call/plaincall/AjaxCgthService.loadMaterielItems.dwr HTTP/1.1" 200 1500
114.95.241.104 - - [12/Sep/2023:11:20:55 +0800] "GET /xingrg/all/function/internal_message.html?_=1694488739238&CODE_STATE=getMsg HTTP/1.1" 302 -
180.169.147.146 - - [12/Sep/2023:11:20:55 +0800] "GET /xingrg/check_reg.html?_=1694488855827 HTTP/1.1" 200 22
180.169.147.146 - - [12/Sep/2023:11:20:55 +0800] "GET /xingrg/all/function/internal_message.html?_=1694488855834&CODE_STATE=getMsg HTTP/1.1" 200 27
180.163.29.217 - - [12/Sep/2023:11:20:56 +0800] "GET /xingrg/all/function/internal_message.html?_=1694488795831&CODE_STATE=getMsg HTTP/1.1" 302 -
180.163.29.217 - - [12/Sep/2023:11:20:56 +0800] "GET /xingrg/login.html HTTP/1.1" 200 7641
180.163.28.180 - - [12/Sep/2023:11:20:56 +0800] "GET /xingrg/all/function/internal_message.html?_=1694488795537&CODE_STATE=getMsg HTTP/1.1" 302 -
124.78.155.92 - - [12/Sep/2023:11:20:56 +0800] "GET /xingrg/all/function/internal_message.html?_=1694488855509&CODE_STATE=getMsg HTTP/1.1" 200 27
124.79.246.190 - - [12/Sep/2023:11:20:56 +0800] "GET /xingrg/all/function/internal_message.html?_=1694489152507&CODE_STATE=getMsg HTTP/1.1" 200 27
116.232.195.127 - - [12/Sep/2023:11:20:56 +0800] "GET /xingrg/kc/buy/cgsh_order_operate.html?command=get_materiel&rest_code=00155&code=00101008261&supplier_code=00100005&order_time=2023-09-12 HTTP/1.1" 200 429
180.163.28.180 - - [12/Sep/2023:11:20:56 +0800] "GET /xingrg/login.html HTTP/1.1" 200 7641
116.232.195.127 - - [12/Sep/2023:11:20:57 +0800] "GET /xingrg/all/function/internal_message.html?_=1694488735452&CODE_STATE=getMsg HTTP/1.1" 200 27
114.95.241.104 - - [12/Sep/2023:11:20:57 +0800] "GET /xingrg/all/function/internal_message.html?_=1694488856189&CODE_STATE=getMsg HTTP/1.1" 200 27
180.169.147.146 - - [12/Sep/2023:11:21:00 +0800] "GET /xingrg/all/function/internal_message.html?_=1694488859331&CODE_STATE=getMsg HTTP/1.1" 200 27
222.70.107.27 - - [12/Sep/2023:11:21:01 +0800] "GET /xingrg/all/function/internal_message.html?_=1694488861427&CODE_STATE=getMsg HTTP/1.1" 302 -
120.253.135.82 - - [12/Sep/2023:11:21:01 +0800] "GET /xingrg/kc/buy/cgth_order_list.html?isBack=1 HTTP/1.1" 200 55889
120.253.135.82 - - [12/Sep/2023:11:21:02 +0800] "POST /xingrg/kc/buy/cgth_list_operate.html HTTP/1.1" 200 1035
222.70.180.200 - - [12/Sep/2023:11:21:03 +0800] "GET /xingrg/kc/buy/buy_main.html HTTP/1.1" 200 12412
222.70.180.200 - - [12/Sep/2023:11:21:03 +0800] "GET /xingrg/css/new_ie.css HTTP/1.1" 404 1036
222.70.180.200 - - [12/Sep/2023:11:21:04 +0800] "GET /xingrg/images/yd/bt.gif HTTP/1.1" 404 1040
222.70.180.200 - - [12/Sep/2023:11:21:06 +0800] "GET /xingrg/kc/buy/cgsh_order_list.html HTTP/1.1" 200 56486
222.70.244.80 - - [12/Sep/2023:11:21:07 +0800] "POST /xingrg/kc/mdqp/pssh_list_operate.html HTTP/1.1" 200 372
114.83.219.158 - - [12/Sep/2023:11:21:08 +0800] "GET /xingrg/all/function/internal_message.html?_=1694488867701&CODE_STATE=getMsg HTTP/1.1" 200 27
222.70.244.80 - - [12/Sep/2023:11:21:08 +0800] "POST /xingrg/kc/mdqp/pssh_list_operate.html HTTP/1.1" 200 1586
222.70.244.80 - - [12/Sep/2023:11:21:08 +0800] "GET /xingrg/kc/mdqp/pssh_order_info.html?code=312023091100269 HTTP/1.1" 200 17299
222.70.244.80 - - [12/Sep/2023:11:21:08 +0800] "GET /xingrg/javascript/jquery_tools/jquery-1.4.2.min.js HTTP/1.1" 404 1094
222.70.244.80 - - [12/Sep/2023:11:21:08 +0800] "GET /xingrg/javascript/easyui/themes/default/validatebox.css HTTP/1.1" 404 1104
222.70.244.80 - - [12/Sep/2023:11:21:08 +0800] "POST /xingrg/kc/mdqp/pssh_order_operate.html HTTP/1.1" 200 1075
116.232.195.127 - - [12/Sep/2023:11:21:09 +0800] "GET /xingrg/kc/buy/cgsh_order_operate.html?command=get_materiel&rest_code=00155&code=00101008332&supplier_code=00100005&order_time=2023-09-12 HTTP/1.1" 200 412
101.83.145.37 - - [12/Sep/2023:11:21:10 +0800] "GET /xingrg/all/function/internal_message.html?_=1694488660466&CODE_STATE=getMsg HTTP/1.1" 200 27
120.253.135.82 - - [12/Sep/2023:11:21:11 +0800] "GET /xingrg/kc/pszx/mdqp_order_list.html?state=10 HTTP/1.1" 200 11922
120.253.135.82 - - [12/Sep/2023:11:21:11 +0800] "GET /xingrg/dwr/interface/AjaxReportQueryService.js HTTP/1.1" 200 13203
120.253.135.82 - - [12/Sep/2023:11:21:11 +0800] "GET /xingrg/dwr/interface/AjaxQqpsService.js HTTP/1.1" 200 16326
120.253.135.82 - - [12/Sep/2023:11:21:11 +0800] "GET /xingrg/dwr/engine.js HTTP/1.1" 200 43631
124.79.246.190 - - [12/Sep/2023:11:21:13 +0800] "POST /xingrg/kc/base/check_list_operate.html HTTP/1.1" 200 4
222.70.244.80 - - [12/Sep/2023:11:21:13 +0800] "POST /xingrg/all/common/load_combo.html?type=employee HTTP/1.1" 200 186
101.228.187.155 - - [12/Sep/2023:11:21:13 +0800] "GET /xingrg/all/function/internal_message.html?_=1694488872816&CODE_STATE=getMsg HTTP/1.1" 200 27
124.79.246.190 - - [12/Sep/2023:11:21:15 +0800] "POST /xingrg/kc/base/check_list_operate.html HTTP/1.1" 200 5217
120.253.135.82 - - [12/Sep/2023:11:21:15 +0800] "GET /xingrg/kc/pszx/jzcl_ps.html HTTP/1.1" 200 7683
120.253.135.82 - - [12/Sep/2023:11:21:15 +0800] "POST /xingrg/all/common/load_tree.html?tree=area_rest_tree_json HTTP/1.1" 200 3499
120.253.135.82 - - [12/Sep/2023:11:21:16 +0800] "POST /xingrg/kc/pszx/jzcl_ps_operate.html HTTP/1.1" 200 1559
120.253.135.82 - - [12/Sep/2023:11:21:16 +0800] "POST /xingrg/kc/pszx/jzcl_ps_operate.html HTTP/1.1" 200 1559
222.70.180.200 - - [12/Sep/2023:11:21:16 +0800] "POST /xingrg/kc/buy/cgsh_list_operate.html HTTP/1.1" 200 3498
124.78.155.92 - - [12/Sep/2023:11:21:17 +0800] "GET /xingrg/check_reg.html?_=1694488877615 HTTP/1.1" 200 22
124.78.155.92 - - [12/Sep/2023:11:21:17 +0800] "GET /xingrg/all/function/internal_message.html?_=1694488877618&CODE_STATE=getMsg HTTP/1.1" 200 27
180.152.241.196 - - [12/Sep/2023:11:21:19 +0800] "GET /xingrg/all/function/internal_message.html?_=1694488879157&CODE_STATE=getMsg HTTP/1.1" 200 27
116.232.195.127 - - [12/Sep/2023:11:21:19 +0800] "GET /xingrg/kc/buy/cgsh_order_operate.html?command=get_materiel&rest_code=00155&code=00101008370&supplier_code=00100005&order_time=2023-09-12 HTTP/1.1" 200 412
222.70.244.80 - - [12/Sep/2023:11:21:19 +0800] "POST /xingrg/kc/mdqp/pssh_order_operate.html HTTP/1.1" 200 37
222.70.244.80 - - [12/Sep/2023:11:21:21 +0800] "POST /xingrg/kc/mdqp/pssh_order_operate.html HTTP/1.1" 200 1075
222.70.180.200 - - [12/Sep/2023:11:21:24 +0800] "GET /xingrg/all/function/internal_message.html?_=1694488884547&CODE_STATE=getMsg HTTP/1.1" 200 27
222.70.244.80 - - [12/Sep/2023:11:21:24 +0800] "GET /xingrg/kc/print/load_data.html?order_code=312023091100269&kc_code=pssh&condition= HTTP/1.1" 200 797
120.253.135.82 - - [12/Sep/2023:11:21:25 +0800] "POST /xingrg/kc/pszx/jzcl_ps_operate.html HTTP/1.1" 200 4
120.253.135.82 - - [12/Sep/2023:11:21:26 +0800] "GET /xingrg/kc/pszx/mdps_order_list.html HTTP/1.1" 200 21108
120.253.135.82 - - [12/Sep/2023:11:21:26 +0800] "POST /xingrg/kc/pszx/jzcl_ps_operate.html HTTP/1.1" 200 1179
120.253.135.82 - - [12/Sep/2023:11:21:27 +0800] "POST /xingrg/kc/pszx/mdps_list_operate.html HTTP/1.1" 200 5345
124.79.246.190 - - [12/Sep/2023:11:21:30 +0800] "POST /xingrg/kc/base/check_list_operate.html HTTP/1.1" 200 4
222.69.145.204 - - [12/Sep/2023:11:21:30 +0800] "GET /xingrg/all/function/internal_message.html?_=1694489038391&CODE_STATE=getMsg HTTP/1.1" 200 27
222.70.244.80 - - [12/Sep/2023:11:21:30 +0800] "GET /xingrg/all/function/internal_message.html?_=1694488896649&CODE_STATE=getMsg HTTP/1.1" 200 27
120.253.135.82 - - [12/Sep/2023:11:21:32 +0800] "POST /xingrg/kc/pszx/mdps_list_operate.html HTTP/1.1" 200 1687
114.83.219.158 - - [12/Sep/2023:11:21:32 +0800] "POST /xingrg/kc/base/wldb_order_operate.html HTTP/1.1" 200 37
114.83.219.158 - - [12/Sep/2023:11:21:33 +0800] "POST /xingrg/kc/base/wldb_order_operate.html HTTP/1.1" 200 5192
116.232.195.127 - - [12/Sep/2023:11:21:33 +0800] "GET /xingrg/kc/buy/cgsh_order_operate.html?command=get_materiel&rest_code=00155&code=00101008137&supplier_code=00100005&order_time=2023-09-12 HTTP/1.1" 200 408
120.253.135.82 - - [12/Sep/2023:11:21:34 +0800] "POST /xingrg/kc/pszx/mdps_list_operate.html HTTP/1.1" 200 205
124.79.246.190 - - [12/Sep/2023:11:21:34 +0800] "GET /xingrg/all/function/internal_message.html?_=1694488894282&CODE_STATE=getMsg HTTP/1.1" 200 27
124.79.246.190 - - [12/Sep/2023:11:21:34 +0800] "POST /xingrg/kc/base/check_list_operate.html HTTP/1.1" 200 5361
114.83.219.158 - - [12/Sep/2023:11:21:34 +0800] "GET /xingrg/kc/base/wldb_order_info.html?code=422023091201156 HTTP/1.1" 200 30477
114.83.219.158 - - [12/Sep/2023:11:21:35 +0800] "GET /xingrg/javascript/easyui/themes/default/validatebox.css HTTP/1.1" 404 1104
120.253.135.82 - - [12/Sep/2023:11:21:35 +0800] "GET /xingrg/kc/pszx/mdps_order_info.html?code=312023091200306 HTTP/1.1" 200 23976
114.83.219.158 - - [12/Sep/2023:11:21:35 +0800] "POST /xingrg/kc/base/wldb_order_operate.html HTTP/1.1" 200 5192
120.253.135.82 - - [12/Sep/2023:11:21:35 +0800] "GET /xingrg/javascript/easyui/themes/default/validatebox.css HTTP/1.1" 404 1104
120.253.135.82 - - [12/Sep/2023:11:21:36 +0800] "POST /xingrg/kc/pszx/mdps_order_operate.html HTTP/1.1" 200 2280
120.253.135.82 - - [12/Sep/2023:11:21:39 +0800] "POST /xingrg/kc/pszx/mdps_order_operate.html HTTP/1.1" 200 37
120.253.135.82 - - [12/Sep/2023:11:21:41 +0800] "GET /xingrg/kc/pszx/mdps_order_info.html?code=312023091200306 HTTP/1.1" 200 23976
120.253.135.82 - - [12/Sep/2023:11:21:41 +0800] "GET /xingrg/all/function/internal_message.html?_=1694488705551&CODE_STATE=getMsg HTTP/1.1" 200 27
120.253.135.82 - - [12/Sep/2023:11:21:41 +0800] "GET /xingrg/javascript/easyui/themes/default/validatebox.css HTTP/1.1" 404 1104
114.83.219.158 - - [12/Sep/2023:11:21:42 +0800] "GET /xingrg/kc/base/wldb_order_add.html HTTP/1.1" 200 30463
120.253.135.82 - - [12/Sep/2023:11:21:42 +0800] "POST /xingrg/kc/pszx/mdps_order_operate.html HTTP/1.1" 200 2288
114.83.219.158 - - [12/Sep/2023:11:21:42 +0800] "POST /xingrg/kc/base/wldb_order_operate.html HTTP/1.1" 200 6806
114.83.219.158 - - [12/Sep/2023:11:21:42 +0800] "GET /xingrg/javascript/easyui/themes/default/validatebox.css HTTP/1.1" 404 1104
116.232.195.127 - - [12/Sep/2023:11:21:43 +0800] "GET /xingrg/kc/buy/cgsh_order_operate.html?command=get_materiel&rest_code=00155&code=00101008352&supplier_code=00100005&order_time=2023-09-12 HTTP/1.1" 200 412
120.253.135.82 - - [12/Sep/2023:11:21:44 +0800] "GET /xingrg/kc/print/load_config.html?kc_code=mdps HTTP/1.1" 200 2390
120.253.135.82 - - [12/Sep/2023:11:21:45 +0800] "GET /xingrg/kc/print/load_data.html?order_code=312023091200306&kc_code=mdps&condition= HTTP/1.1" 200 671
222.70.244.80 - - [12/Sep/2023:11:21:45 +0800] "GET /xingrg/kc/mdqp/pssh_order_list.html?isBack=1 HTTP/1.1" 200 17920
222.70.244.80 - - [12/Sep/2023:11:21:47 +0800] "POST /xingrg/kc/mdqp/pssh_list_operate.html HTTP/1.1" 200 5255
124.78.69.58 - - [12/Sep/2023:11:21:47 +0800] "GET /xingrg/all/function/internal_message.html?_=1694488342050&CODE_STATE=getMsg HTTP/1.1" 200 27
180.165.48.189 - - [12/Sep/2023:11:21:49 +0800] "GET /xingrg/all/function/internal_message.html?_=1694488908178&CODE_STATE=getMsg HTTP/1.1" 200 27
116.232.195.127 - - [12/Sep/2023:11:21:52 +0800] "GET /xingrg/kc/buy/cgsh_order_operate.html?command=get_materiel&rest_code=00155&code=00101008091&supplier_code=00100005&order_time=2023-09-12 HTTP/1.1" 200 413
222.70.244.80 - - [12/Sep/2023:11:21:53 +0800] "POST /xingrg/kc/mdqp/pssh_list_operate.html HTTP/1.1" 200 262
222.70.244.80 - - [12/Sep/2023:11:21:54 +0800] "POST /xingrg/kc/mdqp/pssh_list_operate.html HTTP/1.1" 200 1586
222.70.244.80 - - [12/Sep/2023:11:21:54 +0800] "GET /xingrg/kc/mdqp/pssh_order_info.html?code=312023091100268 HTTP/1.1" 200 17301
222.70.244.80 - - [12/Sep/2023:11:21:55 +0800] "GET /xingrg/javascript/jquery_tools/jquery-1.4.2.min.js HTTP/1.1" 404 1094
124.78.155.92 - - [12/Sep/2023:11:21:55 +0800] "GET /xingrg/check_reg.html?_=1694488914484 HTTP/1.1" 200 22
222.70.244.80 - - [12/Sep/2023:11:21:55 +0800] "GET /xingrg/javascript/easyui/themes/default/validatebox.css HTTP/1.1" 404 1104
222.70.244.80 - - [12/Sep/2023:11:21:55 +0800] "POST /xingrg/kc/mdqp/pssh_order_operate.html HTTP/1.1" 200 541
114.95.241.104 - - [12/Sep/2023:11:21:55 +0800] "GET /xingrg/all/function/internal_message.html?_=1694488799270&CODE_STATE=getMsg HTTP/1.1" 302 -
180.169.147.146 - - [12/Sep/2023:11:21:55 +0800] "GET /xingrg/all/function/internal_message.html?_=1694488915823&CODE_STATE=getMsg HTTP/1.1" 200 27
180.163.28.143 - - [12/Sep/2023:11:21:56 +0800] "GET /xingrg/all/function/internal_message.html?_=1694488855509&CODE_STATE=getMsg HTTP/1.1" 302 -
180.163.28.143 - - [12/Sep/2023:11:21:56 +0800] "GET /xingrg/login.html HTTP/1.1" 200 7641
124.78.155.92 - - [12/Sep/2023:11:21:56 +0800] "GET /xingrg/all/function/internal_message.html?_=1694488915485&CODE_STATE=getMsg HTTP/1.1" 200 27
124.79.246.190 - - [12/Sep/2023:11:21:56 +0800] "GET /xingrg/all/function/internal_message.html?_=1694489212475&CODE_STATE=getMsg HTTP/1.1" 200 27
116.232.195.127 - - [12/Sep/2023:11:21:57 +0800] "GET /xingrg/all/function/internal_message.html?_=1694488795453&CODE_STATE=getMsg HTTP/1.1" 200 27
114.95.241.104 - - [12/Sep/2023:11:21:57 +0800] "GET /xingrg/all/function/internal_message.html?_=1694488916191&CODE_STATE=getMsg HTTP/1.1" 200 27
222.70.244.80 - - [12/Sep/2023:11:21:58 +0800] "POST /xingrg/all/common/load_combo.html?type=employee HTTP/1.1" 200 186
114.83.219.158 - - [12/Sep/2023:11:21:59 +0800] "GET /xingrg/kc/base/wldb_order_operate.html?command=get_materiel&rest_code=00149&base_code=0010394&code=00101019391 HTTP/1.1" 200 485
180.169.147.146 - - [12/Sep/2023:11:22:00 +0800] "GET /xingrg/all/function/internal_message.html?_=1694488919304&CODE_STATE=getMsg HTTP/1.1" 200 27
222.70.107.27 - - [12/Sep/2023:11:22:01 +0800] "GET /xingrg/all/function/internal_message.html?_=1694488921427&CODE_STATE=getMsg HTTP/1.1" 302 -
222.70.107.27 - - [12/Sep/2023:11:22:01 +0800] "GET /xingrg/check_reg.html?_=1694488921430 HTTP/1.1" 302 -
114.83.219.158 - - [12/Sep/2023:11:22:03 +0800] "GET /xingrg/kc/base/wldb_order_operate.html?command=get_materiel&rest_code=00149&base_code=0010394&code=00101019438 HTTP/1.1" 200 462
222.70.244.80 - - [12/Sep/2023:11:22:06 +0800] "POST /xingrg/kc/mdqp/pssh_order_operate.html HTTP/1.1" 200 37
114.83.219.158 - - [12/Sep/2023:11:22:07 +0800] "GET /xingrg/kc/base/wldb_order_operate.html?command=get_materiel&rest_code=00149&base_code=0010394&code=00101019199 HTTP/1.1" 200 472
114.83.219.158 - - [12/Sep/2023:11:22:08 +0800] "GET /xingrg/all/function/internal_message.html?_=1694488927666&CODE_STATE=getMsg HTTP/1.1" 200 27
116.232.195.127 - - [12/Sep/2023:11:22:10 +0800] "GET /xingrg/kc/buy/cgsh_order_operate.html?command=get_materiel&rest_code=00155&code=00101008132&supplier_code=00100005&order_time=2023-09-12 HTTP/1.1" 200 408
101.83.145.37 - - [12/Sep/2023:11:22:10 +0800] "GET /xingrg/all/function/internal_message.html?_=1694488720451&CODE_STATE=getMsg HTTP/1.1" 200 27
114.83.219.158 - - [12/Sep/2023:11:22:10 +0800] "GET /xingrg/kc/base/wldb_order_operate.html?command=get_materiel&rest_code=00149&base_code=0010394&code=00101019400 HTTP/1.1" 200 464
101.228.187.155 - - [12/Sep/2023:11:22:13 +0800] "GET /xingrg/all/function/internal_message.html?_=1694488932816&CODE_STATE=getMsg HTTP/1.1" 200 27
180.169.147.146 - - [12/Sep/2023:11:22:16 +0800] "GET /xingrg/check_reg.html?_=1694488935563 HTTP/1.1" 200 22
124.78.155.92 - - [12/Sep/2023:11:22:17 +0800] "GET /xingrg/all/function/internal_message.html?_=1694488937645&CODE_STATE=getMsg HTTP/1.1" 200 27
222.70.244.80 - - [12/Sep/2023:11:22:17 +0800] "POST /xingrg/kc/mdqp/pssh_order_operate.html HTTP/1.1" 200 541
180.152.241.196 - - [12/Sep/2023:11:22:19 +0800] "GET /xingrg/all/function/internal_message.html?_=1694488939136&CODE_STATE=getMsg HTTP/1.1" 200 27
222.70.244.80 - - [12/Sep/2023:11:22:20 +0800] "GET /xingrg/check_reg.html?_=1694488946584 HTTP/1.1" 200 22
116.232.195.127 - - [12/Sep/2023:11:22:20 +0800] "GET /xingrg/kc/buy/cgsh_order_operate.html?command=get_materiel&rest_code=00155&code=00101008080&supplier_code=00100005&order_time=2023-09-12 HTTP/1.1" 200 416
222.70.244.80 - - [12/Sep/2023:11:22:21 +0800] "GET /xingrg/kc/print/load_data.html?order_code=312023091100268&kc_code=pssh&condition= HTTP/1.1" 200 612
222.70.180.200 - - [12/Sep/2023:11:22:24 +0800] "GET /xingrg/all/function/internal_message.html?_=1694488944547&CODE_STATE=getMsg HTTP/1.1" 200 27
116.232.195.127 - - [12/Sep/2023:11:22:30 +0800] "GET /xingrg/kc/buy/cgsh_order_operate.html?command=get_materiel&rest_code=00155&code=00101008331&supplier_code=00100005&order_time=2023-09-12 HTTP/1.1" 200 416
222.69.145.204 - - [12/Sep/2023:11:22:30 +0800] "GET /xingrg/all/function/internal_message.html?_=1694489098386&CODE_STATE=getMsg HTTP/1.1" 200 27
222.70.244.80 - - [12/Sep/2023:11:22:30 +0800] "GET /xingrg/all/function/internal_message.html?_=1694488956662&CODE_STATE=getMsg HTTP/1.1" 200 27
124.79.246.190 - - [12/Sep/2023:11:22:34 +0800] "GET /xingrg/all/function/internal_message.html?_=1694488954289&CODE_STATE=getMsg HTTP/1.1" 200 27
222.70.180.200 - - [12/Sep/2023:11:22:34 +0800] "GET /xingrg/kc/buy/cgsh_order_add.html HTTP/1.1" 200 72218
222.70.180.200 - - [12/Sep/2023:11:22:35 +0800] "POST /xingrg/kc/buy/cgsh_order_operate.html HTTP/1.1" 200 8245
222.70.180.200 - - [12/Sep/2023:11:22:35 +0800] "GET /xingrg/javascript/easyui/themes/default/validatebox.css HTTP/1.1" 404 1104
222.70.180.200 - - [12/Sep/2023:11:22:35 +0800] "GET /xingrg/all/common/auto_word.html?type=employee&rest_code=00111 HTTP/1.1" 200 201
222.70.180.200 - - [12/Sep/2023:11:22:35 +0800] "GET /xingrg/all/common/auto_word.html?type=employee&rest_code=00111 HTTP/1.1" 200 201
116.232.195.127 - - [12/Sep/2023:11:22:40 +0800] "GET /xingrg/kc/buy/cgsh_order_operate.html?command=get_materiel&rest_code=00155&code=00101008096&supplier_code=00100005&order_time=2023-09-12 HTTP/1.1" 200 412
120.253.135.82 - - [12/Sep/2023:11:22:41 +0800] "GET /xingrg/all/function/internal_message.html?_=1694488765555&CODE_STATE=getMsg HTTP/1.1" 200 27
114.83.219.158 - - [12/Sep/2023:11:22:43 +0800] "POST /xingrg/kc/base/wldb_order_operate.html HTTP/1.1" 200 37
114.83.219.158 - - [12/Sep/2023:11:22:44 +0800] "POST /xingrg/kc/base/wldb_order_operate.html HTTP/1.1" 200 4707
114.83.219.158 - - [12/Sep/2023:11:22:44 +0800] "GET /xingrg/kc/base/wldb_order_info.html?code=422023091201157 HTTP/1.1" 200 30478
114.83.219.158 - - [12/Sep/2023:11:22:45 +0800] "GET /xingrg/javascript/easyui/themes/default/validatebox.css HTTP/1.1" 404 1104
114.83.219.158 - - [12/Sep/2023:11:22:46 +0800] "POST /xingrg/kc/base/wldb_order_operate.html HTTP/1.1" 200 4707
124.78.69.58 - - [12/Sep/2023:11:22:47 +0800] "GET /xingrg/all/function/internal_message.html?_=1694488402027&CODE_STATE=getMsg HTTP/1.1" 200 27
222.70.244.80 - - [12/Sep/2023:11:22:47 +0800] "POST /xingrg/kc/mdqp/pssh_list_operate.html HTTP/1.1" 200 1586
180.165.48.189 - - [12/Sep/2023:11:22:49 +0800] "GET /xingrg/check_reg.html?_=1694488968150 HTTP/1.1" 200 22
180.165.48.189 - - [12/Sep/2023:11:22:49 +0800] "GET /xingrg/all/function/internal_message.html?_=1694488968155&CODE_STATE=getMsg HTTP/1.1" 200 27
114.83.219.158 - - [12/Sep/2023:11:22:50 +0800] "GET /xingrg/kc/base/wldb_order_add.html HTTP/1.1" 200 30463
114.83.219.158 - - [12/Sep/2023:11:22:50 +0800] "POST /xingrg/kc/base/wldb_order_operate.html HTTP/1.1" 200 6806
114.83.219.158 - - [12/Sep/2023:11:22:50 +0800] "GET /xingrg/javascript/easyui/themes/default/validatebox.css HTTP/1.1" 404 1104
120.253.135.82 - - [12/Sep/2023:11:22:52 +0800] "POST /xingrg/kc/pszx/mdps_order_operate.html HTTP/1.1" 200 37
116.232.195.127 - - [12/Sep/2023:11:22:54 +0800] "GET /xingrg/kc/buy/cgsh_order_operate.html?command=get_materiel&rest_code=00155&code=00101008163&supplier_code=00100005&order_time=2023-09-12 HTTP/1.1" 200 409
114.95.241.104 - - [12/Sep/2023:11:22:55 +0800] "GET /xingrg/all/function/internal_message.html?_=1694488859281&CODE_STATE=getMsg HTTP/1.1" 302 -
180.169.147.146 - - [12/Sep/2023:11:22:55 +0800] "GET /xingrg/all/function/internal_message.html?_=1694488975818&CODE_STATE=getMsg HTTP/1.1" 200 27
124.78.155.92 - - [12/Sep/2023:11:22:56 +0800] "GET /xingrg/all/function/internal_message.html?_=1694488975471&CODE_STATE=getMsg HTTP/1.1" 200 27
124.79.246.190 - - [12/Sep/2023:11:22:56 +0800] "GET /xingrg/all/function/internal_message.html?_=1694489272459&CODE_STATE=getMsg HTTP/1.1" 200 27
120.253.135.82 - - [12/Sep/2023:11:22:57 +0800] "POST /xingrg/kc/pszx/mdps_order_operate.html HTTP/1.1" 200 12
114.83.219.158 - - [12/Sep/2023:11:22:57 +0800] "GET /xingrg/kc/base/wldb_order_operate.html?command=get_materiel&rest_code=00149&base_code=0010394&code=00101016046 HTTP/1.1" 200 458
116.232.195.127 - - [12/Sep/2023:11:22:57 +0800] "GET /xingrg/check_reg.html?_=1694488855458 HTTP/1.1" 200 22
116.232.195.127 - - [12/Sep/2023:11:22:57 +0800] "GET /xingrg/all/function/internal_message.html?_=1694488855461&CODE_STATE=getMsg HTTP/1.1" 200 27
114.95.241.104 - - [12/Sep/2023:11:22:57 +0800] "GET /xingrg/all/function/internal_message.html?_=1694488976189&CODE_STATE=getMsg HTTP/1.1" 200 27
120.253.135.82 - - [12/Sep/2023:11:22:58 +0800] "GET /xingrg/kc/pszx/mdps_order_info.html?code=312023091200306 HTTP/1.1" 200 19636
120.253.135.82 - - [12/Sep/2023:11:22:59 +0800] "GET /xingrg/javascript/easyui/themes/default/validatebox.css HTTP/1.1" 404 1104
120.253.135.82 - - [12/Sep/2023:11:22:59 +0800] "POST /xingrg/kc/pszx/mdps_order_operate.html HTTP/1.1" 200 509
180.169.147.146 - - [12/Sep/2023:11:23:00 +0800] "GET /xingrg/all/function/internal_message.html?_=1694488979295&CODE_STATE=getMsg HTTP/1.1" 200 27
222.70.107.27 - - [12/Sep/2023:11:23:01 +0800] "GET /xingrg/all/function/internal_message.html?_=1694488981429&CODE_STATE=getMsg HTTP/1.1" 302 -
114.83.219.158 - - [12/Sep/2023:11:23:01 +0800] "GET /xingrg/kc/base/wldb_order_operate.html?command=get_materiel&rest_code=00149&base_code=0010394&code=00101016044 HTTP/1.1" 200 466
114.83.219.158 - - [12/Sep/2023:11:23:02 +0800] "GET /xingrg/check_reg.html?_=1694488982609 HTTP/1.1" 200 22
116.232.195.127 - - [12/Sep/2023:11:23:04 +0800] "GET /xingrg/kc/buy/cgsh_order_operate.html?command=get_materiel&rest_code=00155&code=00101008224&supplier_code=00100005&order_time=2023-09-12 HTTP/1.1" 200 416
120.253.135.82 - - [12/Sep/2023:11:23:04 +0800] "GET /xingrg/kc/pszx/mdps_order_info.html?code=312023091200306 HTTP/1.1" 200 19636
120.253.135.82 - - [12/Sep/2023:11:23:04 +0800] "GET /xingrg/javascript/easyui/themes/default/validatebox.css HTTP/1.1" 404 1104
120.253.135.82 - - [12/Sep/2023:11:23:04 +0800] "POST /xingrg/kc/pszx/mdps_order_operate.html HTTP/1.1" 200 509
120.253.135.82 - - [12/Sep/2023:11:23:06 +0800] "POST /xingrg/kc/pszx/mdps_list_operate.html HTTP/1.1" 200 868
114.83.219.158 - - [12/Sep/2023:11:23:07 +0800] "GET /xingrg/all/function/internal_message.html?_=1694488987649&CODE_STATE=getMsg HTTP/1.1" 200 27
120.253.135.82 - - [12/Sep/2023:11:23:09 +0800] "POST /xingrg/kc/pszx/mdps_list_operate.html HTTP/1.1" 200 868
120.253.135.82 - - [12/Sep/2023:11:23:09 +0800] "GET /xingrg/kc/pszx/mdqp_order_list.html?state=10 HTTP/1.1" 200 11519
120.253.135.82 - - [12/Sep/2023:11:23:09 +0800] "GET /xingrg/dwr/interface/AjaxQqpsService.js HTTP/1.1" 200 16326
120.253.135.82 - - [12/Sep/2023:11:23:09 +0800] "GET /xingrg/dwr/interface/AjaxReportQueryService.js HTTP/1.1" 200 13203
120.253.135.82 - - [12/Sep/2023:11:23:09 +0800] "GET /xingrg/dwr/engine.js HTTP/1.1" 200 43631
101.83.145.37 - - [12/Sep/2023:11:23:10 +0800] "GET /xingrg/all/function/internal_message.html?_=1694488780436&CODE_STATE=getMsg HTTP/1.1" 200 27
101.83.145.37 - - [12/Sep/2023:11:23:10 +0800] "GET /xingrg/check_reg.html?_=1694488780782 HTTP/1.1" 200 22
120.253.135.82 - - [12/Sep/2023:11:23:11 +0800] "GET /xingrg/kc/pszx/mdqp_order_info.html?code=302023091200240 HTTP/1.1" 200 13350
120.253.135.82 - - [12/Sep/2023:11:23:11 +0800] "GET /xingrg/dwr/interface/AjaxComOrderService.js HTTP/1.1" 200 18264
120.253.135.82 - - [12/Sep/2023:11:23:11 +0800] "GET /xingrg/dwr/interface/AjaxQqpsService.js HTTP/1.1" 200 16326
120.253.135.82 - - [12/Sep/2023:11:23:11 +0800] "GET /xingrg/dwr/engine.js HTTP/1.1" 200 43631
120.253.135.82 - - [12/Sep/2023:11:23:12 +0800] "POST /xingrg/dwr/call/plaincall/AjaxQqpsService.loadMaterielItems.dwr HTTP/1.1" 200 380
101.228.187.155 - - [12/Sep/2023:11:23:13 +0800] "GET /xingrg/all/function/internal_message.html?_=1694488992817&CODE_STATE=getMsg HTTP/1.1" 200 27
101.228.187.155 - - [12/Sep/2023:11:23:13 +0800] "GET /xingrg/check_reg.html?_=1694488992819 HTTP/1.1" 200 22
116.232.195.127 - - [12/Sep/2023:11:23:14 +0800] "GET /xingrg/kc/buy/cgsh_order_operate.html?command=get_materiel&rest_code=00155&code=00101008559&supplier_code=00100005&order_time=2023-09-12 HTTP/1.1" 200 413
120.253.135.82 - - [12/Sep/2023:11:23:15 +0800] "GET /xingrg/kc/pszx/mdqp_order_list.html?isBack=1 HTTP/1.1" 302 -
120.253.135.82 - - [12/Sep/2023:11:23:15 +0800] "GET /xingrg/kc/pszx/mdqp_order_list.html?state=10 HTTP/1.1" 200 11519
120.253.135.82 - - [12/Sep/2023:11:23:15 +0800] "GET /xingrg/dwr/interface/AjaxQqpsService.js HTTP/1.1" 200 16326
120.253.135.82 - - [12/Sep/2023:11:23:15 +0800] "GET /xingrg/dwr/interface/AjaxReportQueryService.js HTTP/1.1" 200 13203
120.253.135.82 - - [12/Sep/2023:11:23:15 +0800] "GET /xingrg/dwr/engine.js HTTP/1.1" 200 43631
124.78.155.92 - - [12/Sep/2023:11:23:17 +0800] "GET /xingrg/all/function/internal_message.html?_=1694488997645&CODE_STATE=getMsg HTTP/1.1" 200 27
114.83.219.158 - - [12/Sep/2023:11:23:17 +0800] "POST /xingrg/kc/base/wldb_order_operate.html HTTP/1.1" 200 37
180.165.48.189 - - [12/Sep/2023:11:23:17 +0800] "GET /xingrg/javascript/jquery_easy_ui/themes/default/images/tabs_active.png HTTP/1.1" 200 2894
114.83.219.158 - - [12/Sep/2023:11:23:18 +0800] "POST /xingrg/kc/base/wldb_order_operate.html HTTP/1.1" 200 2699
222.69.145.204 - - [12/Sep/2023:11:23:18 +0800] "GET /xingrg/kc/buy/cgsh_order_add.html HTTP/1.1" 200 71472
222.69.145.204 - - [12/Sep/2023:11:23:19 +0800] "POST /xingrg/kc/buy/cgsh_order_operate.html HTTP/1.1" 200 8245
120.253.135.82 - - [12/Sep/2023:11:23:19 +0800] "GET /xingrg/kc/pszx/mdps_order_list.html?orderType=0 HTTP/1.1" 200 21108
222.69.145.204 - - [12/Sep/2023:11:23:19 +0800] "GET /xingrg/javascript/easyui/themes/default/validatebox.css HTTP/1.1" 404 1104
180.152.241.196 - - [12/Sep/2023:11:23:19 +0800] "GET /xingrg/all/function/internal_message.html?_=1694488999124&CODE_STATE=getMsg HTTP/1.1" 200 27
120.253.135.82 - - [12/Sep/2023:11:23:19 +0800] "POST /xingrg/kc/pszx/mdps_list_operate.html HTTP/1.1" 200 5345
124.79.246.190 - - [12/Sep/2023:11:23:20 +0800] "GET /xingrg/check_reg.html?_=1694489296547 HTTP/1.1" 200 22
114.83.219.158 - - [12/Sep/2023:11:23:21 +0800] "GET /xingrg/kc/base/wldb_order_info.html?code=422023091201158 HTTP/1.1" 200 30478
114.83.219.158 - - [12/Sep/2023:11:23:21 +0800] "GET /xingrg/javascript/easyui/themes/default/validatebox.css HTTP/1.1" 404 1104
222.70.180.200 - - [12/Sep/2023:11:23:21 +0800] "GET /xingrg/kc/buy/cgsh_order_operate.html?command=get_materiel&rest_code=00111&code=00101001075&supplier_code=00100042&order_time=2023-09-12 HTTP/1.1" 200 409
114.83.219.158 - - [12/Sep/2023:11:23:22 +0800] "POST /xingrg/kc/base/wldb_order_operate.html HTTP/1.1" 200 2699
120.253.135.82 - - [12/Sep/2023:11:23:23 +0800] "GET /xingrg/check_reg.html?_=1694488807253 HTTP/1.1" 200 22
116.232.195.127 - - [12/Sep/2023:11:23:23 +0800] "GET /xingrg/kc/buy/cgsh_order_operate.html?command=get_materiel&rest_code=00155&code=00101008361&supplier_code=00100005&order_time=2023-09-12 HTTP/1.1" 200 408
222.70.180.200 - - [12/Sep/2023:11:23:24 +0800] "GET /xingrg/all/function/internal_message.html?_=1694489004548&CODE_STATE=getMsg HTTP/1.1" 200 27
114.83.219.158 - - [12/Sep/2023:11:23:26 +0800] "GET /xingrg/kc/base/wldb_order_add.html HTTP/1.1" 200 30463
180.165.48.189 - - [12/Sep/2023:11:23:27 +0800] "POST /xingrg/kc/buy/cgsh_list_operate.html HTTP/1.1" 200 3187
114.83.219.158 - - [12/Sep/2023:11:23:27 +0800] "POST /xingrg/kc/base/wldb_order_operate.html HTTP/1.1" 200 6806
114.83.219.158 - - [12/Sep/2023:11:23:27 +0800] "GET /xingrg/javascript/easyui/themes/default/validatebox.css HTTP/1.1" 404 1104
120.253.135.82 - - [12/Sep/2023:11:23:27 +0800] "POST /xingrg/kc/pszx/mdps_list_operate.html HTTP/1.1" 200 3552
222.69.145.204 - - [12/Sep/2023:11:23:30 +0800] "GET /xingrg/all/function/internal_message.html?_=1694489158372&CODE_STATE=getMsg HTTP/1.1" 200 27
222.70.244.80 - - [12/Sep/2023:11:23:31 +0800] "GET /xingrg/all/function/internal_message.html?_=1694489016929&CODE_STATE=getMsg HTTP/1.1" 200 27
120.253.135.82 - - [12/Sep/2023:11:23:33 +0800] "GET /xingrg/kc/pszx/jzcl_ps.html HTTP/1.1" 200 7683
120.253.135.82 - - [12/Sep/2023:11:23:33 +0800] "POST /xingrg/all/common/load_tree.html?tree=area_rest_tree_json HTTP/1.1" 200 3499
120.253.135.82 - - [12/Sep/2023:11:23:34 +0800] "POST /xingrg/kc/pszx/jzcl_ps_operate.html HTTP/1.1" 200 1179
124.79.246.190 - - [12/Sep/2023:11:23:34 +0800] "GET /xingrg/all/function/internal_message.html?_=1694489014275&CODE_STATE=getMsg HTTP/1.1" 200 27
120.253.135.82 - - [12/Sep/2023:11:23:34 +0800] "POST /xingrg/kc/pszx/jzcl_ps_operate.html HTTP/1.1" 200 1179
116.232.195.127 - - [12/Sep/2023:11:23:35 +0800] "GET /xingrg/kc/buy/cgsh_order_operate.html?command=get_materiel&rest_code=00155&code=00101008004&supplier_code=00100005&order_time=2023-09-12 HTTP/1.1" 200 416
222.69.145.204 - - [12/Sep/2023:11:23:40 +0800] "GET /xingrg/kc/buy/cgsh_order_operate.html?command=get_materiel&rest_code=00154&code=00101006199&supplier_code=00100611&order_time=2023-09-12 HTTP/1.1" 200 414
120.253.135.82 - - [12/Sep/2023:11:23:41 +0800] "POST /xingrg/kc/pszx/jzcl_ps_operate.html HTTP/1.1" 200 4
120.253.135.82 - - [12/Sep/2023:11:23:42 +0800] "GET /xingrg/kc/pszx/mdps_order_list.html HTTP/1.1" 200 21108
