120.253.135.82 - - [12/Sep/2023:11:23:42 +0800] "POST /xingrg/kc/pszx/jzcl_ps_operate.html HTTP/1.1" 200 794
120.253.135.82 - - [12/Sep/2023:11:23:43 +0800] "GET /xingrg/all/function/internal_message.html?_=1694488827377&CODE_STATE=getMsg HTTP/1.1" 200 27
120.253.135.82 - - [12/Sep/2023:11:23:43 +0800] "POST /xingrg/kc/pszx/mdps_list_operate.html HTTP/1.1" 200 5345
124.79.246.190 - - [12/Sep/2023:11:23:43 +0800] "GET /xingrg/kc/buy/cgsh_order_list.html HTTP/1.1" 200 56492
114.95.241.104 - - [12/Sep/2023:11:23:44 +0800] "GET /xingrg/kc/base/wldb_order_operate.html?command=get_materiel&rest_code=00150&base_code=0010445&code=00101016037 HTTP/1.1" 200 450
124.79.246.190 - - [12/Sep/2023:11:23:46 +0800] "POST /xingrg/kc/buy/cgsh_list_operate.html HTTP/1.1" 200 986
124.78.69.58 - - [12/Sep/2023:11:23:47 +0800] "GET /xingrg/all/function/internal_message.html?_=1694488462005&CODE_STATE=getMsg HTTP/1.1" 200 27
116.232.195.127 - - [12/Sep/2023:11:23:47 +0800] "GET /xingrg/kc/buy/cgsh_order_operate.html?command=get_materiel&rest_code=00155&code=00101008356&supplier_code=00100005&order_time=2023-09-12 HTTP/1.1" 200 409
124.78.69.58 - - [12/Sep/2023:11:23:47 +0800] "GET /xingrg/check_reg.html?_=1694488462785 HTTP/1.1" 200 22
180.165.48.189 - - [12/Sep/2023:11:23:49 +0800] "GET /xingrg/all/function/internal_message.html?_=1694489028171&CODE_STATE=getMsg HTTP/1.1" 200 27
114.83.219.158 - - [12/Sep/2023:11:23:50 +0800] "GET /xingrg/kc/base/wldb_order_operate.html?command=get_materiel&rest_code=00149&base_code=0010395&code=00102002497 HTTP/1.1" 200 439
114.95.241.104 - - [12/Sep/2023:11:23:55 +0800] "POST /xingrg/kc/base/wldb_order_operate.html HTTP/1.1" 200 37
180.163.28.109 - - [12/Sep/2023:11:23:55 +0800] "GET /xingrg/all/function/internal_message.html?_=1694488975818&CODE_STATE=getMsg HTTP/1.1" 302 -
180.163.28.109 - - [12/Sep/2023:11:23:55 +0800] "GET /xingrg/login.html HTTP/1.1" 200 7641
114.95.241.104 - - [12/Sep/2023:11:23:55 +0800] "GET /xingrg/all/function/internal_message.html?_=1694488919314&CODE_STATE=getMsg HTTP/1.1" 302 -
180.163.28.143 - - [12/Sep/2023:11:23:56 +0800] "GET /xingrg/all/function/internal_message.html?_=1694488975471&CODE_STATE=getMsg HTTP/1.1" 302 -
124.78.155.92 - - [12/Sep/2023:11:23:56 +0800] "GET /xingrg/all/function/internal_message.html?_=1694489035442&CODE_STATE=getMsg HTTP/1.1" 200 27
124.79.246.190 - - [12/Sep/2023:11:23:56 +0800] "GET /xingrg/all/function/internal_message.html?_=1694489332450&CODE_STATE=getMsg HTTP/1.1" 200 27
180.163.28.143 - - [12/Sep/2023:11:23:56 +0800] "GET /xingrg/login.html HTTP/1.1" 200 7641
116.232.195.127 - - [12/Sep/2023:11:23:57 +0800] "GET /xingrg/all/function/internal_message.html?_=1694488915439&CODE_STATE=getMsg HTTP/1.1" 200 27
114.95.241.104 - - [12/Sep/2023:11:23:57 +0800] "GET /xingrg/all/function/internal_message.html?_=1694489036211&CODE_STATE=getMsg HTTP/1.1" 200 27
114.95.241.104 - - [12/Sep/2023:11:23:57 +0800] "GET /xingrg/check_reg.html?_=1694489036214 HTTP/1.1" 200 22
222.69.145.204 - - [12/Sep/2023:11:23:58 +0800] "POST /xingrg/kc/buy/cgsh_order_operate.html HTTP/1.1" 200 37
116.232.195.127 - - [12/Sep/2023:11:23:59 +0800] "GET /xingrg/kc/buy/cgsh_order_operate.html?command=get_materiel&rest_code=00155&code=00101008360&supplier_code=00100005&order_time=2023-09-12 HTTP/1.1" 200 412
180.169.147.146 - - [12/Sep/2023:11:24:00 +0800] "GET /xingrg/all/function/internal_message.html?_=1694489039278&CODE_STATE=getMsg HTTP/1.1" 200 27
222.70.107.27 - - [12/Sep/2023:11:24:01 +0800] "GET /xingrg/all/function/internal_message.html?_=1694489041455&CODE_STATE=getMsg HTTP/1.1" 302 -
114.95.241.104 - - [12/Sep/2023:11:24:01 +0800] "POST /xingrg/kc/base/wldb_order_operate.html HTTP/1.1" 200 12
114.83.219.158 - - [12/Sep/2023:11:24:01 +0800] "GET /xingrg/kc/base/wldb_order_operate.html?command=get_materiel&rest_code=00149&base_code=0010395&code=00102002992 HTTP/1.1" 200 436
114.95.241.104 - - [12/Sep/2023:11:24:01 +0800] "POST /xingrg/kc/base/wldb_order_operate.html HTTP/1.1" 200 2193
114.95.241.104 - - [12/Sep/2023:11:24:03 +0800] "GET /xingrg/kc/base/wldb_order_info.html?code=422023091201159 HTTP/1.1" 200 26339
114.95.241.104 - - [12/Sep/2023:11:24:04 +0800] "GET /xingrg/javascript/easyui/themes/default/validatebox.css HTTP/1.1" 404 1104
114.95.241.104 - - [12/Sep/2023:11:24:04 +0800] "POST /xingrg/kc/base/wldb_order_operate.html HTTP/1.1" 200 486
114.95.241.104 - - [12/Sep/2023:11:24:06 +0800] "GET /xingrg/kc/base/wldb_order_add.html HTTP/1.1" 200 30463
114.95.241.104 - - [12/Sep/2023:11:24:06 +0800] "POST /xingrg/kc/base/wldb_order_operate.html HTTP/1.1" 200 6806
114.95.241.104 - - [12/Sep/2023:11:24:06 +0800] "GET /xingrg/javascript/easyui/themes/default/validatebox.css HTTP/1.1" 404 1104
222.69.145.204 - - [12/Sep/2023:11:24:07 +0800] "POST /xingrg/kc/buy/cgsh_order_operate.html HTTP/1.1" 200 12
114.83.219.158 - - [12/Sep/2023:11:24:07 +0800] "GET /xingrg/all/function/internal_message.html?_=1694489047644&CODE_STATE=getMsg HTTP/1.1" 200 27
222.69.145.204 - - [12/Sep/2023:11:24:09 +0800] "GET /xingrg/kc/buy/cgsh_order_info.html?code=212023091204637 HTTP/1.1" 200 66387
222.69.145.204 - - [12/Sep/2023:11:24:09 +0800] "GET /xingrg/javascript/easyui/themes/default/validatebox.css HTTP/1.1" 404 1104
101.83.145.37 - - [12/Sep/2023:11:24:10 +0800] "GET /xingrg/all/function/internal_message.html?_=1694488840408&CODE_STATE=getMsg HTTP/1.1" 200 27
116.232.195.127 - - [12/Sep/2023:11:24:10 +0800] "GET /xingrg/kc/buy/cgsh_order_operate.html?command=get_materiel&rest_code=00155&code=00101008059&supplier_code=00100005&order_time=2023-09-12 HTTP/1.1" 200 408
222.70.180.200 - - [12/Sep/2023:11:24:10 +0800] "GET /xingrg/kc/buy/cgsh_order_operate.html?command=get_materiel&rest_code=00111&code=00101005037&supplier_code=00100042&order_time=2023-09-12 HTTP/1.1" 200 409
222.69.145.204 - - [12/Sep/2023:11:24:11 +0800] "POST /xingrg/kc/buy/cgsh_order_operate.html HTTP/1.1" 200 610
222.69.145.204 - - [12/Sep/2023:11:24:13 +0800] "GET /xingrg/kc/print/load_data.html?order_code=212023091204637&kc_code=cgsh&condition= HTTP/1.1" 200 718
101.228.187.155 - - [12/Sep/2023:11:24:13 +0800] "GET /xingrg/all/function/internal_message.html?_=1694489052825&CODE_STATE=getMsg HTTP/1.1" 200 27
120.253.135.82 - - [12/Sep/2023:11:24:13 +0800] "GET /xingrg/kc/pszx/mdqp_order_list.html?state=10 HTTP/1.1" 200 11116
120.253.135.82 - - [12/Sep/2023:11:24:13 +0800] "GET /xingrg/dwr/interface/AjaxQqpsService.js HTTP/1.1" 200 16326
120.253.135.82 - - [12/Sep/2023:11:24:13 +0800] "GET /xingrg/dwr/interface/AjaxReportQueryService.js HTTP/1.1" 200 13203
120.253.135.82 - - [12/Sep/2023:11:24:13 +0800] "GET /xingrg/dwr/engine.js HTTP/1.1" 200 43631
120.253.135.82 - - [12/Sep/2023:11:24:16 +0800] "GET /xingrg/kc/pszx/mdqp_order_info.html?code=302023091200239 HTTP/1.1" 200 13346
120.253.135.82 - - [12/Sep/2023:11:24:16 +0800] "GET /xingrg/dwr/interface/AjaxComOrderService.js HTTP/1.1" 200 18264
120.253.135.82 - - [12/Sep/2023:11:24:16 +0800] "GET /xingrg/dwr/interface/AjaxQqpsService.js HTTP/1.1" 200 16326
120.253.135.82 - - [12/Sep/2023:11:24:16 +0800] "GET /xingrg/dwr/engine.js HTTP/1.1" 200 43631
120.253.135.82 - - [12/Sep/2023:11:24:17 +0800] "POST /xingrg/dwr/call/plaincall/AjaxQqpsService.loadMaterielItems.dwr HTTP/1.1" 200 893
124.78.155.92 - - [12/Sep/2023:11:24:17 +0800] "GET /xingrg/all/function/internal_message.html?_=1694489057645&CODE_STATE=getMsg HTTP/1.1" 200 27
180.152.241.196 - - [12/Sep/2023:11:24:19 +0800] "GET /xingrg/all/function/internal_message.html?_=1694489059099&CODE_STATE=getMsg HTTP/1.1" 200 27
114.95.241.104 - - [12/Sep/2023:11:24:19 +0800] "GET /xingrg/check_reg.html?_=1694488943368 HTTP/1.1" 302 -
116.232.195.127 - - [12/Sep/2023:11:24:20 +0800] "GET /xingrg/kc/buy/cgsh_order_operate.html?command=get_materiel&rest_code=00155&code=00101008196&supplier_code=00100005&order_time=2023-09-12 HTTP/1.1" 200 416
114.83.219.158 - - [12/Sep/2023:11:24:20 +0800] "POST /xingrg/kc/base/wldb_order_operate.html HTTP/1.1" 200 37
114.83.219.158 - - [12/Sep/2023:11:24:21 +0800] "POST /xingrg/kc/base/wldb_order_operate.html HTTP/1.1" 200 2661
114.83.219.158 - - [12/Sep/2023:11:24:22 +0800] "GET /xingrg/kc/base/wldb_order_info.html?code=422023091201160 HTTP/1.1" 200 30477
114.83.219.158 - - [12/Sep/2023:11:24:23 +0800] "GET /xingrg/javascript/easyui/themes/default/validatebox.css HTTP/1.1" 404 1104
116.232.195.127 - - [12/Sep/2023:11:24:23 +0800] "POST /xingrg/kc/buy/cgsh_order_operate.html HTTP/1.1" 200 2065
114.83.219.158 - - [12/Sep/2023:11:24:23 +0800] "POST /xingrg/kc/base/wldb_order_operate.html HTTP/1.1" 200 2661
222.70.180.200 - - [12/Sep/2023:11:24:24 +0800] "GET /xingrg/check_reg.html?_=1694489064539 HTTP/1.1" 200 22
222.70.180.200 - - [12/Sep/2023:11:24:24 +0800] "GET /xingrg/all/function/internal_message.html?_=1694489064546&CODE_STATE=getMsg HTTP/1.1" 200 27
114.95.241.104 - - [12/Sep/2023:11:24:24 +0800] "GET /xingrg/kc/base/wldb_order_operate.html?command=get_materiel&rest_code=00150&base_code=0010445&code=00101019438 HTTP/1.1" 200 460
114.83.219.158 - - [12/Sep/2023:11:24:26 +0800] "GET /xingrg/kc/base/wldb_order_add.html HTTP/1.1" 200 30463
114.83.219.158 - - [12/Sep/2023:11:24:26 +0800] "POST /xingrg/kc/base/wldb_order_operate.html HTTP/1.1" 200 6806
114.83.219.158 - - [12/Sep/2023:11:24:27 +0800] "GET /xingrg/javascript/easyui/themes/default/validatebox.css HTTP/1.1" 404 1104
114.95.241.104 - - [12/Sep/2023:11:24:30 +0800] "GET /xingrg/kc/base/wldb_order_operate.html?command=get_materiel&rest_code=00150&base_code=0010445&code=00101016076 HTTP/1.1" 200 477
222.69.145.204 - - [12/Sep/2023:11:24:30 +0800] "GET /xingrg/all/function/internal_message.html?_=1694489218358&CODE_STATE=getMsg HTTP/1.1" 200 27
222.69.145.204 - - [12/Sep/2023:11:24:30 +0800] "GET /xingrg/check_reg.html?_=1694489218398 HTTP/1.1" 200 22
222.70.244.80 - - [12/Sep/2023:11:24:31 +0800] "GET /xingrg/all/function/internal_message.html?_=1694489076940&CODE_STATE=getMsg HTTP/1.1" 200 27
116.232.195.127 - - [12/Sep/2023:11:24:31 +0800] "GET /xingrg/kc/buy/cgsh_order_operate.html?command=get_materiel&rest_code=00155&code=00101008286&supplier_code=00100005&order_time=2023-09-12 HTTP/1.1" 200 408
124.79.246.190 - - [12/Sep/2023:11:24:31 +0800] "GET /xingrg/check_reg.html?_=1694489071918 HTTP/1.1" 200 22
124.79.246.190 - - [12/Sep/2023:11:24:34 +0800] "GET /xingrg/all/function/internal_message.html?_=1694489074254&CODE_STATE=getMsg HTTP/1.1" 200 27
114.95.241.104 - - [12/Sep/2023:11:24:35 +0800] "GET /xingrg/kc/base/wldb_order_operate.html?command=get_materiel&rest_code=00150&base_code=0010445&code=00101019185 HTTP/1.1" 200 469
114.95.241.104 - - [12/Sep/2023:11:24:40 +0800] "GET /xingrg/kc/base/wldb_order_operate.html?command=get_materiel&rest_code=00150&base_code=0010445&code=00101019247 HTTP/1.1" 200 454
114.83.219.158 - - [12/Sep/2023:11:24:40 +0800] "GET /xingrg/kc/base/wldb_order_operate.html?command=get_materiel&rest_code=00149&base_code=0010395&code=00102004030 HTTP/1.1" 200 442
116.232.195.127 - - [12/Sep/2023:11:24:41 +0800] "GET /xingrg/kc/buy/cgsh_order_operate.html?command=get_materiel&rest_code=00155&code=00101008036&supplier_code=00100005&order_time=2023-09-12 HTTP/1.1" 200 408
120.253.135.82 - - [12/Sep/2023:11:24:43 +0800] "GET /xingrg/all/function/internal_message.html?_=1694488887391&CODE_STATE=getMsg HTTP/1.1" 200 27
114.83.219.158 - - [12/Sep/2023:11:24:46 +0800] "GET /xingrg/kc/base/wldb_order_operate.html?command=get_materiel&rest_code=00149&base_code=0010395&code=00102004018 HTTP/1.1" 200 444
114.95.241.104 - - [12/Sep/2023:11:24:46 +0800] "GET /xingrg/kc/base/wldb_order_operate.html?command=get_materiel&rest_code=00150&base_code=0010445&code=00101019529 HTTP/1.1" 200 476
124.78.69.58 - - [12/Sep/2023:11:24:47 +0800] "GET /xingrg/all/function/internal_message.html?_=1694488521979&CODE_STATE=getMsg HTTP/1.1" 200 27
222.70.180.200 - - [12/Sep/2023:11:24:48 +0800] "GET /xingrg/kc/buy/cgsh_order_operate.html?command=get_materiel&rest_code=00111&code=00101006067&supplier_code=00100042&order_time=2023-09-12 HTTP/1.1" 200 409
180.165.48.189 - - [12/Sep/2023:11:24:49 +0800] "GET /xingrg/all/function/internal_message.html?_=1694489088160&CODE_STATE=getMsg HTTP/1.1" 200 27
120.253.135.82 - - [12/Sep/2023:11:24:51 +0800] "GET /xingrg/images/yd/bt.gif HTTP/1.1" 404 1040
120.253.135.82 - - [12/Sep/2023:11:24:51 +0800] "GET /xingrg/images/yd/bt2.gif HTTP/1.1" 404 1042
114.95.241.104 - - [12/Sep/2023:11:24:51 +0800] "GET /xingrg/kc/base/wldb_order_operate.html?command=get_materiel&rest_code=00150&base_code=0010445&code=00101019637 HTTP/1.1" 200 449
116.232.195.127 - - [12/Sep/2023:11:24:52 +0800] "GET /xingrg/kc/buy/cgsh_order_operate.html?command=get_materiel&rest_code=00155&code=00101008131&supplier_code=00100005&order_time=2023-09-12 HTTP/1.1" 200 409
120.253.135.82 - - [12/Sep/2023:11:24:54 +0800] "GET /xingrg/kc/pszx/mdqp_order_list.html?state=10 HTTP/1.1" 200 11116
120.253.135.82 - - [12/Sep/2023:11:24:54 +0800] "GET /xingrg/dwr/interface/AjaxQqpsService.js HTTP/1.1" 200 16326
120.253.135.82 - - [12/Sep/2023:11:24:54 +0800] "GET /xingrg/dwr/interface/AjaxReportQueryService.js HTTP/1.1" 200 13203
120.253.135.82 - - [12/Sep/2023:11:24:54 +0800] "GET /xingrg/dwr/engine.js HTTP/1.1" 200 43631
114.95.241.104 - - [12/Sep/2023:11:24:55 +0800] "GET /xingrg/all/function/internal_message.html?_=1694488979324&CODE_STATE=getMsg HTTP/1.1" 302 -
124.78.155.92 - - [12/Sep/2023:11:24:56 +0800] "GET /xingrg/all/function/internal_message.html?_=1694489095414&CODE_STATE=getMsg HTTP/1.1" 200 27
124.79.246.190 - - [12/Sep/2023:11:24:56 +0800] "GET /xingrg/all/function/internal_message.html?_=1694489392412&CODE_STATE=getMsg HTTP/1.1" 200 27
116.232.195.127 - - [12/Sep/2023:11:24:57 +0800] "GET /xingrg/all/function/internal_message.html?_=1694488975451&CODE_STATE=getMsg HTTP/1.1" 200 27
114.95.241.104 - - [12/Sep/2023:11:24:57 +0800] "GET /xingrg/all/function/internal_message.html?_=1694489096203&CODE_STATE=getMsg HTTP/1.1" 200 27
114.95.241.104 - - [12/Sep/2023:11:24:58 +0800] "GET /xingrg/kc/base/wldb_order_operate.html?command=get_materiel&rest_code=00150&base_code=0010445&code=00101019108 HTTP/1.1" 200 477
120.253.135.82 - - [12/Sep/2023:11:24:58 +0800] "GET /xingrg/kc/pszx/mdps_order_list.html?orderType=0 HTTP/1.1" 200 21108
120.253.135.82 - - [12/Sep/2023:11:24:58 +0800] "POST /xingrg/kc/pszx/mdps_list_operate.html HTTP/1.1" 200 5345
180.169.147.146 - - [12/Sep/2023:11:25:00 +0800] "GET /xingrg/all/function/internal_message.html?_=1694489099256&CODE_STATE=getMsg HTTP/1.1" 200 27
222.70.107.27 - - [12/Sep/2023:11:25:01 +0800] "GET /xingrg/all/function/internal_message.html?_=1694489101454&CODE_STATE=getMsg HTTP/1.1" 302 -
116.232.195.127 - - [12/Sep/2023:11:25:03 +0800] "GET /xingrg/kc/buy/cgsh_order_operate.html?command=get_materiel&rest_code=00155&code=00101008108&supplier_code=00100005&order_time=2023-09-12 HTTP/1.1" 200 412
114.83.219.158 - - [12/Sep/2023:11:25:05 +0800] "POST /xingrg/kc/base/wldb_order_operate.html HTTP/1.1" 200 37
218.81.69.69 - - [12/Sep/2023:11:25:06 +0800] "GET /xingrg/check_reg.html?_=1694489106882 HTTP/1.1" 200 22
114.83.219.158 - - [12/Sep/2023:11:25:06 +0800] "POST /xingrg/kc/base/wldb_order_operate.html HTTP/1.1" 200 2671
114.83.219.158 - - [12/Sep/2023:11:25:07 +0800] "GET /xingrg/kc/base/wldb_order_info.html?code=422023091201161 HTTP/1.1" 200 30477
114.83.219.158 - - [12/Sep/2023:11:25:07 +0800] "GET /xingrg/javascript/easyui/themes/default/validatebox.css HTTP/1.1" 404 1104
120.253.135.82 - - [12/Sep/2023:11:25:07 +0800] "POST /xingrg/kc/pszx/mdps_list_operate.html HTTP/1.1" 200 3924
114.83.219.158 - - [12/Sep/2023:11:25:07 +0800] "GET /xingrg/all/function/internal_message.html?_=1694489107610&CODE_STATE=getMsg HTTP/1.1" 200 27
114.83.219.158 - - [12/Sep/2023:11:25:08 +0800] "POST /xingrg/kc/base/wldb_order_operate.html HTTP/1.1" 200 2671
222.70.244.80 - - [12/Sep/2023:11:25:09 +0800] "GET /xingrg/kc/mdqp/qp_main.html HTTP/1.1" 200 10633
114.95.241.104 - - [12/Sep/2023:11:25:09 +0800] "POST /xingrg/kc/base/wldb_order_operate.html HTTP/1.1" 200 37
101.83.145.37 - - [12/Sep/2023:11:25:10 +0800] "GET /xingrg/all/function/internal_message.html?_=1694488900378&CODE_STATE=getMsg HTTP/1.1" 200 27
222.70.244.80 - - [12/Sep/2023:11:25:10 +0800] "GET /xingrg/images/yd/bt.gif HTTP/1.1" 404 1040
222.70.244.80 - - [12/Sep/2023:11:25:11 +0800] "GET /xingrg/kc/mdqp/pssh_order_list.html HTTP/1.1" 200 17920
120.253.135.82 - - [12/Sep/2023:11:25:11 +0800] "POST /xingrg/kc/pszx/mdps_list_operate.html HTTP/1.1" 200 369
222.70.244.80 - - [12/Sep/2023:11:25:12 +0800] "POST /xingrg/kc/mdqp/pssh_list_operate.html HTTP/1.1" 200 5264
114.83.219.158 - - [12/Sep/2023:11:25:13 +0800] "GET /xingrg/kc/base/wldb_order_add.html HTTP/1.1" 200 30463
120.253.135.82 - - [12/Sep/2023:11:25:13 +0800] "GET /xingrg/kc/pszx/mdps_order_info.html?code=312023091200288 HTTP/1.1" 200 23978
114.83.219.158 - - [12/Sep/2023:11:25:13 +0800] "POST /xingrg/kc/base/wldb_order_operate.html HTTP/1.1" 200 6806
114.83.219.158 - - [12/Sep/2023:11:25:13 +0800] "GET /xingrg/javascript/easyui/themes/default/validatebox.css HTTP/1.1" 404 1104
101.228.187.155 - - [12/Sep/2023:11:25:13 +0800] "GET /xingrg/all/function/internal_message.html?_=1694489112816&CODE_STATE=getMsg HTTP/1.1" 200 27
120.253.135.82 - - [12/Sep/2023:11:25:13 +0800] "GET /xingrg/javascript/easyui/themes/default/validatebox.css HTTP/1.1" 404 1104
116.232.195.127 - - [12/Sep/2023:11:25:14 +0800] "GET /xingrg/kc/buy/cgsh_order_operate.html?command=get_materiel&rest_code=00155&code=00101008318&supplier_code=00100005&order_time=2023-09-12 HTTP/1.1" 200 408
116.232.195.127 - - [12/Sep/2023:11:25:16 +0800] "POST /xingrg/kc/buy/cgsh_order_operate.html HTTP/1.1" 200 2065
124.78.155.92 - - [12/Sep/2023:11:25:17 +0800] "GET /xingrg/all/function/internal_message.html?_=1694489117645&CODE_STATE=getMsg HTTP/1.1" 200 27
114.95.241.104 - - [12/Sep/2023:11:25:18 +0800] "POST /xingrg/kc/base/wldb_order_operate.html HTTP/1.1" 200 12
120.253.135.82 - - [12/Sep/2023:11:25:18 +0800] "POST /xingrg/kc/pszx/mdps_order_operate.html HTTP/1.1" 200 3291
114.95.241.104 - - [12/Sep/2023:11:25:18 +0800] "POST /xingrg/kc/base/wldb_order_operate.html HTTP/1.1" 200 5202
180.152.241.196 - - [12/Sep/2023:11:25:19 +0800] "GET /xingrg/all/function/internal_message.html?_=1694489119072&CODE_STATE=getMsg HTTP/1.1" 200 27
180.152.241.196 - - [12/Sep/2023:11:25:21 +0800] "GET /xingrg/check_reg.html?_=1694489120924 HTTP/1.1" 200 22
114.95.241.104 - - [12/Sep/2023:11:25:21 +0800] "GET /xingrg/kc/base/wldb_order_info.html?code=422023091201162 HTTP/1.1" 200 26341
114.95.241.104 - - [12/Sep/2023:11:25:21 +0800] "GET /xingrg/javascript/easyui/themes/default/validatebox.css HTTP/1.1" 404 1104
114.95.241.104 - - [12/Sep/2023:11:25:22 +0800] "POST /xingrg/kc/base/wldb_order_operate.html HTTP/1.1" 200 3428
120.253.135.82 - - [12/Sep/2023:11:25:23 +0800] "GET /xingrg/kc/print/load_data.html?order_code=312023091200288&kc_code=mdps&condition= HTTP/1.1" 200 1146
222.70.180.200 - - [12/Sep/2023:11:25:24 +0800] "GET /xingrg/all/function/internal_message.html?_=1694489124545&CODE_STATE=getMsg HTTP/1.1" 200 27
114.95.241.104 - - [12/Sep/2023:11:25:24 +0800] "GET /xingrg/kc/base/wldb_order_add.html HTTP/1.1" 200 30463
116.232.195.127 - - [12/Sep/2023:11:25:24 +0800] "GET /xingrg/kc/buy/cgsh_order_operate.html?command=get_materiel&rest_code=00155&code=00101008098&supplier_code=00100005&order_time=2023-09-12 HTTP/1.1" 200 412
114.95.241.104 - - [12/Sep/2023:11:25:25 +0800] "POST /xingrg/kc/base/wldb_order_operate.html HTTP/1.1" 200 6806
114.95.241.104 - - [12/Sep/2023:11:25:25 +0800] "GET /xingrg/javascript/easyui/themes/default/validatebox.css HTTP/1.1" 404 1104
114.83.219.158 - - [12/Sep/2023:11:25:26 +0800] "GET /xingrg/kc/base/wldb_order_operate.html?command=get_materiel&rest_code=00149&base_code=0010394&code=00101019339 HTTP/1.1" 200 469
222.70.244.80 - - [12/Sep/2023:11:25:29 +0800] "POST /xingrg/kc/mdqp/pssh_list_operate.html HTTP/1.1" 200 761
222.70.244.80 - - [12/Sep/2023:11:25:30 +0800] "GET /xingrg/kc/mdqp/pssh_order_info.html?code=312023091100267 HTTP/1.1" 200 17299
222.70.244.80 - - [12/Sep/2023:11:25:30 +0800] "GET /xingrg/javascript/jquery_tools/jquery-1.4.2.min.js HTTP/1.1" 404 1094
222.70.244.80 - - [12/Sep/2023:11:25:30 +0800] "GET /xingrg/javascript/easyui/themes/default/validatebox.css HTTP/1.1" 404 1104
222.69.145.204 - - [12/Sep/2023:11:25:30 +0800] "GET /xingrg/all/function/internal_message.html?_=1694489278333&CODE_STATE=getMsg HTTP/1.1" 200 27
222.70.244.80 - - [12/Sep/2023:11:25:30 +0800] "POST /xingrg/kc/mdqp/pssh_order_operate.html HTTP/1.1" 200 3626
222.70.244.80 - - [12/Sep/2023:11:25:31 +0800] "GET /xingrg/all/function/internal_message.html?_=1694489136952&CODE_STATE=getMsg HTTP/1.1" 200 27
124.79.246.190 - - [12/Sep/2023:11:25:34 +0800] "GET /xingrg/all/function/internal_message.html?_=1694489134231&CODE_STATE=getMsg HTTP/1.1" 200 27
116.232.195.127 - - [12/Sep/2023:11:25:35 +0800] "GET /xingrg/kc/buy/cgsh_order_operate.html?command=get_materiel&rest_code=00155&code=00101008005&supplier_code=00100005&order_time=2023-09-12 HTTP/1.1" 200 412
114.95.241.104 - - [12/Sep/2023:11:25:36 +0800] "GET /xingrg/kc/base/wldb_order_operate.html?command=get_materiel&rest_code=00150&base_code=0010445&code=00101019373 HTTP/1.1" 200 466
222.70.244.80 - - [12/Sep/2023:11:25:36 +0800] "POST /xingrg/all/common/load_combo.html?type=employee HTTP/1.1" 200 186
222.70.244.80 - - [12/Sep/2023:11:25:43 +0800] "POST /xingrg/kc/mdqp/pssh_order_operate.html HTTP/1.1" 200 37
114.95.241.104 - - [12/Sep/2023:11:25:43 +0800] "GET /xingrg/kc/base/wldb_order_operate.html?command=get_materiel&rest_code=00150&base_code=0010445&code=00101019358 HTTP/1.1" 200 460
120.253.135.82 - - [12/Sep/2023:11:25:43 +0800] "GET /xingrg/all/function/internal_message.html?_=1694488947508&CODE_STATE=getMsg HTTP/1.1" 200 27
124.78.69.58 - - [12/Sep/2023:11:25:44 +0800] "GET /favicon.ico HTTP/1.1" 404 -
116.232.195.127 - - [12/Sep/2023:11:25:46 +0800] "GET /xingrg/kc/buy/cgsh_order_operate.html?command=get_materiel&rest_code=00155&code=00101008353&supplier_code=00100005&order_time=2023-09-12 HTTP/1.1" 200 408
124.78.69.58 - - [12/Sep/2023:11:25:47 +0800] "GET /xingrg/all/function/internal_message.html?_=1694488581957&CODE_STATE=getMsg HTTP/1.1" 200 27
180.165.48.189 - - [12/Sep/2023:11:25:49 +0800] "GET /xingrg/all/function/internal_message.html?_=1694489148169&CODE_STATE=getMsg HTTP/1.1" 200 27
222.70.244.80 - - [12/Sep/2023:11:25:49 +0800] "POST /xingrg/kc/mdqp/pssh_order_operate.html HTTP/1.1" 200 3626
222.70.244.80 - - [12/Sep/2023:11:25:55 +0800] "GET /xingrg/kc/print/load_data.html?order_code=312023091100267&kc_code=pssh&condition= HTTP/1.1" 200 1618
114.95.241.104 - - [12/Sep/2023:11:25:55 +0800] "GET /xingrg/all/function/internal_message.html?_=1694489039355&CODE_STATE=getMsg HTTP/1.1" 302 -
124.78.155.92 - - [12/Sep/2023:11:25:56 +0800] "GET /xingrg/all/function/internal_message.html?_=1694489155385&CODE_STATE=getMsg HTTP/1.1" 200 27
124.79.246.190 - - [12/Sep/2023:11:25:56 +0800] "GET /xingrg/all/function/internal_message.html?_=1694489452380&CODE_STATE=getMsg HTTP/1.1" 200 27
116.232.195.127 - - [12/Sep/2023:11:25:57 +0800] "GET /xingrg/all/function/internal_message.html?_=1694489035439&CODE_STATE=getMsg HTTP/1.1" 200 27
114.95.241.104 - - [12/Sep/2023:11:25:57 +0800] "GET /xingrg/all/function/internal_message.html?_=1694489156216&CODE_STATE=getMsg HTTP/1.1" 200 27
180.169.147.146 - - [12/Sep/2023:11:26:00 +0800] "GET /xingrg/all/function/internal_message.html?_=1694489159239&CODE_STATE=getMsg HTTP/1.1" 200 27
222.70.107.27 - - [12/Sep/2023:11:26:01 +0800] "GET /xingrg/all/function/internal_message.html?_=1694489161453&CODE_STATE=getMsg HTTP/1.1" 302 -
116.232.195.127 - - [12/Sep/2023:11:26:04 +0800] "GET /xingrg/kc/buy/cgsh_order_operate.html?command=get_materiel&rest_code=00155&code=00101008213&supplier_code=00100005&order_time=2023-09-12 HTTP/1.1" 200 412
114.83.219.158 - - [12/Sep/2023:11:26:07 +0800] "GET /xingrg/all/function/internal_message.html?_=1694489167587&CODE_STATE=getMsg HTTP/1.1" 200 27
114.95.241.104 - - [12/Sep/2023:11:26:08 +0800] "POST /xingrg/kc/base/wldb_order_operate.html HTTP/1.1" 200 37
101.83.145.37 - - [12/Sep/2023:11:26:10 +0800] "GET /xingrg/all/function/internal_message.html?_=1694488960363&CODE_STATE=getMsg HTTP/1.1" 200 27
101.228.187.155 - - [12/Sep/2023:11:26:13 +0800] "GET /xingrg/all/function/internal_message.html?_=1694489172817&CODE_STATE=getMsg HTTP/1.1" 200 27
114.95.241.104 - - [12/Sep/2023:11:26:14 +0800] "POST /xingrg/kc/base/wldb_order_operate.html HTTP/1.1" 200 12
114.95.241.104 - - [12/Sep/2023:11:26:14 +0800] "POST /xingrg/kc/base/wldb_order_operate.html HTTP/1.1" 200 2698
114.95.241.104 - - [12/Sep/2023:11:26:15 +0800] "GET /xingrg/kc/base/wldb_order_info.html?code=422023091201163 HTTP/1.1" 200 26339
114.95.241.104 - - [12/Sep/2023:11:26:15 +0800] "GET /xingrg/javascript/easyui/themes/default/validatebox.css HTTP/1.1" 404 1104
114.95.241.104 - - [12/Sep/2023:11:26:16 +0800] "POST /xingrg/kc/base/wldb_order_operate.html HTTP/1.1" 200 982
124.78.155.92 - - [12/Sep/2023:11:26:17 +0800] "GET /xingrg/check_reg.html?_=1694489177645 HTTP/1.1" 200 22
124.78.155.92 - - [12/Sep/2023:11:26:17 +0800] "GET /xingrg/all/function/internal_message.html?_=1694489177648&CODE_STATE=getMsg HTTP/1.1" 200 27
114.95.241.104 - - [12/Sep/2023:11:26:17 +0800] "GET /xingrg/kc/base/wldb_order_add.html HTTP/1.1" 200 30463
114.95.241.104 - - [12/Sep/2023:11:26:18 +0800] "POST /xingrg/kc/base/wldb_order_operate.html HTTP/1.1" 200 6806
114.95.241.104 - - [12/Sep/2023:11:26:18 +0800] "GET /xingrg/javascript/easyui/themes/default/validatebox.css HTTP/1.1" 404 1104
180.152.241.196 - - [12/Sep/2023:11:26:19 +0800] "GET /xingrg/all/function/internal_message.html?_=1694489179065&CODE_STATE=getMsg HTTP/1.1" 200 27
222.70.180.200 - - [12/Sep/2023:11:26:24 +0800] "GET /xingrg/all/function/internal_message.html?_=1694489184560&CODE_STATE=getMsg HTTP/1.1" 200 27
114.83.219.158 - - [12/Sep/2023:11:26:27 +0800] "POST /xingrg/kc/base/wldb_order_operate.html HTTP/1.1" 200 37
114.95.241.104 - - [12/Sep/2023:11:26:28 +0800] "GET /xingrg/kc/base/wldb_order_operate.html?command=get_materiel&rest_code=00150&base_code=0010446&code=00102002258 HTTP/1.1" 200 447
120.253.135.82 - - [12/Sep/2023:11:26:28 +0800] "POST /xingrg/kc/pszx/mdps_list_operate.html HTTP/1.1" 200 207
114.83.219.158 - - [12/Sep/2023:11:26:28 +0800] "POST /xingrg/kc/base/wldb_order_operate.html HTTP/1.1" 200 2211
222.69.145.204 - - [12/Sep/2023:11:26:30 +0800] "GET /xingrg/all/function/internal_message.html?_=1694489338329&CODE_STATE=getMsg HTTP/1.1" 200 27
222.70.180.200 - - [12/Sep/2023:11:26:31 +0800] "POST /xingrg/kc/buy/cgsh_order_operate.html HTTP/1.1" 200 37
222.70.244.80 - - [12/Sep/2023:11:26:31 +0800] "GET /xingrg/all/function/internal_message.html?_=1694489197221&CODE_STATE=getMsg HTTP/1.1" 200 27
114.83.219.158 - - [12/Sep/2023:11:26:32 +0800] "GET /xingrg/kc/base/wldb_order_info.html?code=422023091201164 HTTP/1.1" 200 30479
114.83.219.158 - - [12/Sep/2023:11:26:32 +0800] "GET /xingrg/javascript/easyui/themes/default/validatebox.css HTTP/1.1" 404 1104
114.95.241.104 - - [12/Sep/2023:11:26:33 +0800] "GET /xingrg/kc/base/wldb_order_operate.html?command=get_materiel&rest_code=00150&base_code=0010446&code=00102002543 HTTP/1.1" 200 441
114.83.219.158 - - [12/Sep/2023:11:26:33 +0800] "POST /xingrg/kc/base/wldb_order_operate.html HTTP/1.1" 200 2211
120.253.135.82 - - [12/Sep/2023:11:26:33 +0800] "GET /xingrg/kc/pszx/mdps_order_info.html?code=312023091200307 HTTP/1.1" 200 23978
120.253.135.82 - - [12/Sep/2023:11:26:34 +0800] "GET /xingrg/javascript/easyui/themes/default/validatebox.css HTTP/1.1" 404 1104
124.79.246.190 - - [12/Sep/2023:11:26:34 +0800] "GET /xingrg/all/function/internal_message.html?_=1694489194213&CODE_STATE=getMsg HTTP/1.1" 200 27
120.253.135.82 - - [12/Sep/2023:11:26:34 +0800] "POST /xingrg/kc/pszx/mdps_order_operate.html HTTP/1.1" 200 2294
222.70.180.200 - - [12/Sep/2023:11:26:34 +0800] "POST /xingrg/kc/buy/cgsh_order_operate.html HTTP/1.1" 200 3827
120.253.135.82 - - [12/Sep/2023:11:26:36 +0800] "POST /xingrg/all/common/load_combo.html?type=base HTTP/1.1" 200 1169
222.70.180.200 - - [12/Sep/2023:11:26:36 +0800] "GET /xingrg/kc/print/load_config.html?kc_code=cgsh HTTP/1.1" 200 1924
222.70.180.200 - - [12/Sep/2023:11:26:37 +0800] "GET /xingrg/kc/print/load_data.html?order_code=212023091204638&kc_code=cgsh&condition= HTTP/1.1" 200 1133
114.83.219.158 - - [12/Sep/2023:11:26:38 +0800] "GET /xingrg/kc/base/wldb_order_add.html HTTP/1.1" 200 30463
114.83.219.158 - - [12/Sep/2023:11:26:38 +0800] "POST /xingrg/kc/base/wldb_order_operate.html HTTP/1.1" 200 6806
114.83.219.158 - - [12/Sep/2023:11:26:38 +0800] "GET /xingrg/javascript/easyui/themes/default/validatebox.css HTTP/1.1" 404 1104
116.232.195.127 - - [12/Sep/2023:11:26:39 +0800] "GET /xingrg/kc/buy/cgsh_order_operate.html?command=get_materiel&rest_code=00155&code=00101008291&supplier_code=00100005&order_time=2023-09-12 HTTP/1.1" 200 408
114.95.241.104 - - [12/Sep/2023:11:26:41 +0800] "GET /xingrg/kc/base/wldb_order_operate.html?command=get_materiel&rest_code=00150&base_code=0010446&code=00102002441 HTTP/1.1" 200 447
120.253.135.82 - - [12/Sep/2023:11:26:42 +0800] "POST /xingrg/kc/pszx/mdps_order_operate.html HTTP/1.1" 200 37
116.232.195.127 - - [12/Sep/2023:11:26:42 +0800] "POST /xingrg/kc/buy/cgsh_order_operate.html HTTP/1.1" 200 2065
120.253.135.82 - - [12/Sep/2023:11:26:43 +0800] "GET /xingrg/kc/pszx/mdps_order_info.html?code=312023091200307 HTTP/1.1" 200 23976
120.253.135.82 - - [12/Sep/2023:11:26:43 +0800] "GET /xingrg/all/function/internal_message.html?_=1694489007787&CODE_STATE=getMsg HTTP/1.1" 200 27
120.253.135.82 - - [12/Sep/2023:11:26:44 +0800] "GET /xingrg/javascript/easyui/themes/default/validatebox.css HTTP/1.1" 404 1104
120.253.135.82 - - [12/Sep/2023:11:26:44 +0800] "POST /xingrg/kc/pszx/mdps_order_operate.html HTTP/1.1" 200 2302
120.253.135.82 - - [12/Sep/2023:11:26:45 +0800] "POST /xingrg/all/common/load_select.html HTTP/1.1" 200 25
124.78.69.58 - - [12/Sep/2023:11:26:47 +0800] "GET /xingrg/all/function/internal_message.html?_=1694488641934&CODE_STATE=getMsg HTTP/1.1" 200 27
120.253.135.82 - - [12/Sep/2023:11:26:47 +0800] "GET /xingrg/kc/pszx/mdps_order_operate.html?command=get_materiel_price&pszx_code=00101&rest_code=00104&base_code=0010570&code=00101025014&unit_code=00100189&order_time=2023-09-13 HTTP/1.1" 200 35
114.83.219.158 - - [12/Sep/2023:11:26:48 +0800] "GET /xingrg/kc/base/wldb_order_operate.html?command=get_materiel&rest_code=00149&base_code=0010394&code=00101019306 HTTP/1.1" 200 479
180.165.48.189 - - [12/Sep/2023:11:26:49 +0800] "GET /xingrg/all/function/internal_message.html?_=1694489208157&CODE_STATE=getMsg HTTP/1.1" 200 27
116.232.195.127 - - [12/Sep/2023:11:26:51 +0800] "GET /xingrg/kc/buy/cgsh_order_operate.html?command=get_materiel&rest_code=00155&code=00101008095&supplier_code=00100005&order_time=2023-09-12 HTTP/1.1" 200 412
114.83.219.158 - - [12/Sep/2023:11:26:52 +0800] "GET /xingrg/kc/base/wldb_order_operate.html?command=get_materiel&rest_code=00149&base_code=0010394&code=00101019283 HTTP/1.1" 200 465
120.253.135.82 - - [12/Sep/2023:11:26:54 +0800] "POST /xingrg/kc/pszx/mdps_order_operate.html HTTP/1.1" 200 37
124.78.155.92 - - [12/Sep/2023:11:26:55 +0800] "GET /xingrg/check_reg.html?_=1694489214466 HTTP/1.1" 200 22
114.95.241.104 - - [12/Sep/2023:11:26:55 +0800] "GET /xingrg/all/function/internal_message.html?_=1694489099367&CODE_STATE=getMsg HTTP/1.1" 302 -
180.163.28.143 - - [12/Sep/2023:11:26:56 +0800] "GET /xingrg/all/function/internal_message.html?_=1694489155385&CODE_STATE=getMsg HTTP/1.1" 302 -
124.78.155.92 - - [12/Sep/2023:11:26:56 +0800] "GET /xingrg/all/function/internal_message.html?_=1694489215358&CODE_STATE=getMsg HTTP/1.1" 200 27
124.79.246.190 - - [12/Sep/2023:11:26:56 +0800] "GET /xingrg/all/function/internal_message.html?_=1694489512361&CODE_STATE=getMsg HTTP/1.1" 200 27
180.163.28.143 - - [12/Sep/2023:11:26:56 +0800] "GET /xingrg/login.html HTTP/1.1" 200 7641
120.253.135.82 - - [12/Sep/2023:11:26:56 +0800] "GET /xingrg/kc/pszx/mdps_order_info.html?code=312023091200307 HTTP/1.1" 200 23976
120.253.135.82 - - [12/Sep/2023:11:26:57 +0800] "GET /xingrg/javascript/easyui/themes/default/validatebox.css HTTP/1.1" 404 1104
116.232.195.127 - - [12/Sep/2023:11:26:57 +0800] "GET /xingrg/all/function/internal_message.html?_=1694489095455&CODE_STATE=getMsg HTTP/1.1" 200 27
120.253.135.82 - - [12/Sep/2023:11:26:57 +0800] "POST /xingrg/kc/pszx/mdps_order_operate.html HTTP/1.1" 200 2302
114.95.241.104 - - [12/Sep/2023:11:26:57 +0800] "GET /xingrg/all/function/internal_message.html?_=1694489216204&CODE_STATE=getMsg HTTP/1.1" 200 27
114.95.241.104 - - [12/Sep/2023:11:26:57 +0800] "POST /xingrg/kc/base/wldb_order_operate.html HTTP/1.1" 200 37
120.253.135.82 - - [12/Sep/2023:11:26:58 +0800] "POST /xingrg/kc/pszx/mdps_list_operate.html HTTP/1.1" 200 3921
180.169.147.146 - - [12/Sep/2023:11:27:00 +0800] "GET /xingrg/all/function/internal_message.html?_=1694489219217&CODE_STATE=getMsg HTTP/1.1" 200 27
222.70.107.27 - - [12/Sep/2023:11:27:01 +0800] "GET /xingrg/check_reg.html?_=1694489221454 HTTP/1.1" 302 -
222.70.107.27 - - [12/Sep/2023:11:27:01 +0800] "GET /xingrg/all/function/internal_message.html?_=1694489221452&CODE_STATE=getMsg HTTP/1.1" 302 -
114.95.241.104 - - [12/Sep/2023:11:27:04 +0800] "POST /xingrg/kc/base/wldb_order_operate.html HTTP/1.1" 200 12
114.95.241.104 - - [12/Sep/2023:11:27:04 +0800] "POST /xingrg/kc/base/wldb_order_operate.html HTTP/1.1" 200 3151
114.83.219.158 - - [12/Sep/2023:11:27:07 +0800] "GET /xingrg/all/function/internal_message.html?_=1694489227560&CODE_STATE=getMsg HTTP/1.1" 200 27
114.83.219.158 - - [12/Sep/2023:11:27:08 +0800] "POST /xingrg/kc/base/wldb_order_operate.html HTTP/1.1" 200 37
114.95.241.104 - - [12/Sep/2023:11:27:09 +0800] "GET /xingrg/kc/base/wldb_order_info.html?code=422023091201165 HTTP/1.1" 200 26342
114.83.219.158 - - [12/Sep/2023:11:27:09 +0800] "POST /xingrg/kc/base/wldb_order_operate.html HTTP/1.1" 200 3212
114.95.241.104 - - [12/Sep/2023:11:27:09 +0800] "GET /xingrg/javascript/easyui/themes/default/validatebox.css HTTP/1.1" 404 1104
114.95.241.104 - - [12/Sep/2023:11:27:09 +0800] "POST /xingrg/kc/base/wldb_order_operate.html HTTP/1.1" 200 1423
101.83.145.37 - - [12/Sep/2023:11:27:10 +0800] "GET /xingrg/all/function/internal_message.html?_=1694489020348&CODE_STATE=getMsg HTTP/1.1" 200 27
114.83.219.158 - - [12/Sep/2023:11:27:13 +0800] "GET /xingrg/kc/base/wldb_order_info.html?code=422023091201166 HTTP/1.1" 200 30477
114.83.219.158 - - [12/Sep/2023:11:27:13 +0800] "GET /xingrg/javascript/easyui/themes/default/validatebox.css HTTP/1.1" 404 1104
101.228.187.155 - - [12/Sep/2023:11:27:13 +0800] "GET /xingrg/all/function/internal_message.html?_=1694489232817&CODE_STATE=getMsg HTTP/1.1" 200 27
114.83.219.158 - - [12/Sep/2023:11:27:14 +0800] "POST /xingrg/kc/base/wldb_order_operate.html HTTP/1.1" 200 3212
180.169.147.146 - - [12/Sep/2023:11:27:16 +0800] "GET /xingrg/check_reg.html?_=1694489235551 HTTP/1.1" 200 22
124.78.155.92 - - [12/Sep/2023:11:27:17 +0800] "GET /xingrg/all/function/internal_message.html?_=1694489237648&CODE_STATE=getMsg HTTP/1.1" 200 27
120.253.135.82 - - [12/Sep/2023:11:27:18 +0800] "POST /xingrg/kc/pszx/mdps_list_operate.html HTTP/1.1" 200 641
180.152.241.196 - - [12/Sep/2023:11:27:19 +0800] "GET /xingrg/all/function/internal_message.html?_=1694489239039&CODE_STATE=getMsg HTTP/1.1" 200 27
120.253.135.82 - - [12/Sep/2023:11:27:20 +0800] "GET /xingrg/kc/pszx/mdps_order_info.html?code=312023091200289 HTTP/1.1" 200 23978
222.70.244.80 - - [12/Sep/2023:11:27:20 +0800] "GET /xingrg/check_reg.html?_=1694489246590 HTTP/1.1" 200 22
120.253.135.82 - - [12/Sep/2023:11:27:20 +0800] "GET /xingrg/javascript/easyui/themes/default/validatebox.css HTTP/1.1" 404 1104
120.253.135.82 - - [12/Sep/2023:11:27:21 +0800] "POST /xingrg/kc/pszx/mdps_order_operate.html HTTP/1.1" 200 10091
222.70.180.200 - - [12/Sep/2023:11:27:24 +0800] "GET /xingrg/all/function/internal_message.html?_=1694489244554&CODE_STATE=getMsg HTTP/1.1" 200 27
222.70.180.200 - - [12/Sep/2023:11:27:25 +0800] "POST /xingrg/kc/buy/cgsh_list_operate.html HTTP/1.1" 200 3910
222.70.180.200 - - [12/Sep/2023:11:27:25 +0800] "POST /xingrg/kc/buy/cgsh_list_operate.html HTTP/1.1" 200 3910
222.69.145.204 - - [12/Sep/2023:11:27:30 +0800] "GET /xingrg/all/function/internal_message.html?_=1694489398303&CODE_STATE=getMsg HTTP/1.1" 200 27
222.70.244.80 - - [12/Sep/2023:11:27:31 +0800] "GET /xingrg/all/function/internal_message.html?_=1694489257229&CODE_STATE=getMsg HTTP/1.1" 200 27
124.79.246.190 - - [12/Sep/2023:11:27:34 +0800] "GET /xingrg/all/function/internal_message.html?_=1694489254189&CODE_STATE=getMsg HTTP/1.1" 200 27
180.169.147.146 - - [12/Sep/2023:11:27:37 +0800] "GET /xingrg/index.html?sysBaseUrl=http%3A%2F%2F180.169.147.146%3A18081%2Fxingrg%2F&costTime=870×tamp=1694484355510 HTTP/1.1" 200 17503
120.253.135.82 - - [12/Sep/2023:11:27:39 +0800] "POST /xingrg/kc/pszx/mdps_list_operate.html HTTP/1.1" 200 3921
180.169.147.146 - - [12/Sep/2023:11:27:39 +0800] "GET /xingrg/all/function/internal_message.html?_=1694489259366&CODE_STATE=count HTTP/1.1" 200 11
180.169.147.146 - - [12/Sep/2023:11:27:39 +0800] "GET /xingrg/check_reg.html?_=1694489259367 HTTP/1.1" 200 22
180.169.147.146 - - [12/Sep/2023:11:27:39 +0800] "POST /xingrg/all/common/load_tree.html?tree=area_rest_tree_json&manage=1 HTTP/1.1" 200 3499
180.169.147.146 - - [12/Sep/2023:11:27:39 +0800] "GET /favicon.ico HTTP/1.1" 404 -
180.169.147.146 - - [12/Sep/2023:11:27:39 +0800] "POST /xingrg/load_menu.html HTTP/1.1" 200 11564
120.253.135.82 - - [12/Sep/2023:11:27:40 +0800] "POST /xingrg/kc/pszx/mdps_list_operate.html HTTP/1.1" 200 641
120.253.135.82 - - [12/Sep/2023:11:27:41 +0800] "GET /xingrg/kc/pszx/mdps_order_info.html?code=312023091200289 HTTP/1.1" 200 23978
120.253.135.82 - - [12/Sep/2023:11:27:41 +0800] "GET /xingrg/javascript/easyui/themes/default/validatebox.css HTTP/1.1" 404 1104
120.253.135.82 - - [12/Sep/2023:11:27:42 +0800] "POST /xingrg/kc/pszx/mdps_order_operate.html HTTP/1.1" 200 10091
120.253.135.82 - - [12/Sep/2023:11:27:43 +0800] "GET /xingrg/all/function/internal_message.html?_=1694489067791&CODE_STATE=getMsg HTTP/1.1" 200 27
114.83.219.158 - - [12/Sep/2023:11:27:45 +0800] "POST /xingrg/kc/base/wldb_list_operate.html HTTP/1.1" 200 4194
124.78.69.58 - - [12/Sep/2023:11:27:47 +0800] "GET /xingrg/all/function/internal_message.html?_=1694488701939&CODE_STATE=getMsg HTTP/1.1" 200 27
120.253.135.82 - - [12/Sep/2023:11:27:47 +0800] "POST /xingrg/kc/pszx/mdps_list_operate.html HTTP/1.1" 200 3921
120.253.135.82 - - [12/Sep/2023:11:27:48 +0800] "POST /xingrg/kc/pszx/mdps_list_operate.html HTTP/1.1" 200 594
180.165.48.189 - - [12/Sep/2023:11:27:49 +0800] "GET /xingrg/check_reg.html?_=1694489268173 HTTP/1.1" 200 22
180.165.48.189 - - [12/Sep/2023:11:27:49 +0800] "GET /xingrg/all/function/internal_message.html?_=1694489268176&CODE_STATE=getMsg HTTP/1.1" 200 27
120.253.135.82 - - [12/Sep/2023:11:27:50 +0800] "GET /xingrg/kc/pszx/mdps_order_info.html?code=312023091200290 HTTP/1.1" 200 23978
120.253.135.82 - - [12/Sep/2023:11:27:51 +0800] "GET /xingrg/javascript/easyui/themes/default/validatebox.css HTTP/1.1" 404 1104
120.253.135.82 - - [12/Sep/2023:11:27:51 +0800] "POST /xingrg/kc/pszx/mdps_order_operate.html HTTP/1.1" 200 4777
180.163.30.27 - - [12/Sep/2023:11:27:55 +0800] "GET /xingrg/check_reg.html?_=1694489214466 HTTP/1.1" 302 -
180.163.30.27 - - [12/Sep/2023:11:27:55 +0800] "GET /xingrg/login.html HTTP/1.1" 200 7641
114.95.241.104 - - [12/Sep/2023:11:27:55 +0800] "GET /xingrg/all/function/internal_message.html?_=1694489159398&CODE_STATE=getMsg HTTP/1.1" 302 -
124.78.155.92 - - [12/Sep/2023:11:27:56 +0800] "GET /xingrg/all/function/internal_message.html?_=1694489275346&CODE_STATE=getMsg HTTP/1.1" 200 27
124.79.246.190 - - [12/Sep/2023:11:27:56 +0800] "GET /xingrg/all/function/internal_message.html?_=1694489572338&CODE_STATE=getMsg HTTP/1.1" 200 27
116.232.195.127 - - [12/Sep/2023:11:27:57 +0800] "GET /xingrg/all/function/internal_message.html?_=1694489155455&CODE_STATE=getMsg HTTP/1.1" 200 27
116.232.195.127 - - [12/Sep/2023:11:27:57 +0800] "GET /xingrg/check_reg.html?_=1694489155458 HTTP/1.1" 200 22
114.95.241.104 - - [12/Sep/2023:11:27:57 +0800] "GET /xingrg/all/function/internal_message.html?_=1694489276203&CODE_STATE=getMsg HTTP/1.1" 200 27
180.169.147.146 - - [12/Sep/2023:11:28:00 +0800] "GET /xingrg/all/function/internal_message.html?_=1694489279196&CODE_STATE=getMsg HTTP/1.1" 200 27
222.70.107.27 - - [12/Sep/2023:11:28:01 +0800] "GET /xingrg/all/function/internal_message.html?_=1694489281452&CODE_STATE=getMsg HTTP/1.1" 302 -
114.83.219.158 - - [12/Sep/2023:11:28:02 +0800] "GET /xingrg/check_reg.html?_=1694489282616 HTTP/1.1" 200 22
120.253.135.82 - - [12/Sep/2023:11:28:05 +0800] "POST /xingrg/kc/pszx/mdps_list_operate.html HTTP/1.1" 200 3921
120.253.135.82 - - [12/Sep/2023:11:28:06 +0800] "POST /xingrg/kc/pszx/mdps_list_operate.html HTTP/1.1" 200 446
120.253.135.82 - - [12/Sep/2023:11:28:07 +0800] "GET /xingrg/kc/pszx/mdps_order_info.html?code=312023091200291 HTTP/1.1" 200 23978
114.83.219.158 - - [12/Sep/2023:11:28:07 +0800] "GET /xingrg/all/function/internal_message.html?_=1694489287539&CODE_STATE=getMsg HTTP/1.1" 200 27
120.253.135.82 - - [12/Sep/2023:11:28:07 +0800] "GET /xingrg/javascript/easyui/themes/default/validatebox.css HTTP/1.1" 404 1104
120.253.135.82 - - [12/Sep/2023:11:28:08 +0800] "POST /xingrg/kc/pszx/mdps_order_operate.html HTTP/1.1" 200 3784
101.83.145.37 - - [12/Sep/2023:11:28:10 +0800] "GET /xingrg/all/function/internal_message.html?_=1694489080367&CODE_STATE=getMsg HTTP/1.1" 200 27
101.83.145.37 - - [12/Sep/2023:11:28:10 +0800] "GET /xingrg/check_reg.html?_=1694489080789 HTTP/1.1" 200 22
101.228.187.155 - - [12/Sep/2023:11:28:13 +0800] "GET /xingrg/all/function/internal_message.html?_=1694489292818&CODE_STATE=getMsg HTTP/1.1" 200 27
101.228.187.155 - - [12/Sep/2023:11:28:13 +0800] "GET /xingrg/check_reg.html?_=1694489292821 HTTP/1.1" 200 22
120.253.135.82 - - [12/Sep/2023:11:28:15 +0800] "POST /xingrg/kc/pszx/mdps_list_operate.html HTTP/1.1" 200 3921
124.78.155.92 - - [12/Sep/2023:11:28:17 +0800] "GET /xingrg/all/function/internal_message.html?_=1694489297648&CODE_STATE=getMsg HTTP/1.1" 200 27
120.253.135.82 - - [12/Sep/2023:11:28:17 +0800] "POST /xingrg/kc/pszx/mdps_list_operate.html HTTP/1.1" 200 517
180.152.241.196 - - [12/Sep/2023:11:28:19 +0800] "GET /xingrg/all/function/internal_message.html?_=1694489299015&CODE_STATE=getMsg HTTP/1.1" 200 27
120.253.135.82 - - [12/Sep/2023:11:28:20 +0800] "GET /xingrg/kc/pszx/mdps_order_info.html?code=312023091200292 HTTP/1.1" 200 23978
124.79.246.190 - - [12/Sep/2023:11:28:20 +0800] "GET /xingrg/check_reg.html?_=1694489596568 HTTP/1.1" 200 22
120.253.135.82 - - [12/Sep/2023:11:28:20 +0800] "GET /xingrg/javascript/easyui/themes/default/validatebox.css HTTP/1.1" 404 1104
120.253.135.82 - - [12/Sep/2023:11:28:21 +0800] "POST /xingrg/kc/pszx/mdps_order_operate.html HTTP/1.1" 200 4260
180.169.147.146 - - [12/Sep/2023:11:28:21 +0800] "GET /xingrg/kc/mdqp/qqps_order_list.html?isBack=1 HTTP/1.1" 302 -
180.169.147.146 - - [12/Sep/2023:11:28:21 +0800] "GET /xingrg/login.html HTTP/1.1" 200 7641
180.169.147.146 - - [12/Sep/2023:11:28:21 +0800] "GET /xingrg/login.html HTTP/1.1" 200 7641
180.169.147.146 - - [12/Sep/2023:11:28:21 +0800] "GET /favicon.ico HTTP/1.1" 404 -
120.253.135.82 - - [12/Sep/2023:11:28:23 +0800] "GET /xingrg/check_reg.html?_=1694489107259 HTTP/1.1" 200 22
180.169.147.146 - - [12/Sep/2023:11:28:23 +0800] "POST /xingrg/login.do HTTP/1.1" 302 -
180.169.147.146 - - [12/Sep/2023:11:28:23 +0800] "GET /xingrg/index.html?sysBaseUrl=http%3A%2F%2F180.169.147.146%3A18081%2Fxingrg%2F&costTime=996×tamp=1694489303810 HTTP/1.1" 200 17179
180.169.147.146 - - [12/Sep/2023:11:28:23 +0800] "GET /favicon.ico HTTP/1.1" 404 -
180.169.147.146 - - [12/Sep/2023:11:28:24 +0800] "GET /xingrg/all/function/internal_message.html?_=1694489301653&CODE_STATE=count HTTP/1.1" 200 11
180.169.147.146 - - [12/Sep/2023:11:28:24 +0800] "GET /xingrg/check_reg.html?_=1694489301655 HTTP/1.1" 200 22
222.70.180.200 - - [12/Sep/2023:11:28:24 +0800] "GET /xingrg/all/function/internal_message.html?_=1694489304552&CODE_STATE=getMsg HTTP/1.1" 200 27
180.169.147.146 - - [12/Sep/2023:11:28:24 +0800] "POST /xingrg/all/common/load_tree.html?tree=area_rest_tree_json&manage=1 HTTP/1.1" 200 351
180.169.147.146 - - [12/Sep/2023:11:28:24 +0800] "POST /xingrg/load_menu.html HTTP/1.1" 200 5138
180.169.147.146 - - [12/Sep/2023:11:28:26 +0800] "GET /xingrg/kc/buy/buy_main.html HTTP/1.1" 200 12412
180.169.147.146 - - [12/Sep/2023:11:28:26 +0800] "GET /xingrg/css/new_ie.css HTTP/1.1" 404 1036
180.169.147.146 - - [12/Sep/2023:11:28:27 +0800] "GET /xingrg/images/yd/bt.gif HTTP/1.1" 404 1040
180.169.147.146 - - [12/Sep/2023:11:28:29 +0800] "GET /xingrg/kc/buy/cgsh_order_list.html HTTP/1.1" 200 56492
180.169.147.146 - - [12/Sep/2023:11:28:29 +0800] "GET /xingrg/kc/buy/cgsh_order_list.html HTTP/1.1" 200 8212
120.253.135.82 - - [12/Sep/2023:11:28:30 +0800] "POST /xingrg/kc/pszx/mdps_list_operate.html HTTP/1.1" 200 3921
222.69.145.204 - - [12/Sep/2023:11:28:30 +0800] "GET /xingrg/all/function/internal_message.html?_=1694489458277&CODE_STATE=getMsg HTTP/1.1" 200 27
222.70.244.80 - - [12/Sep/2023:11:28:31 +0800] "GET /xingrg/all/function/internal_message.html?_=1694489317243&CODE_STATE=getMsg HTTP/1.1" 200 27
120.253.135.82 - - [12/Sep/2023:11:28:31 +0800] "POST /xingrg/kc/pszx/mdps_list_operate.html HTTP/1.1" 200 202
116.232.195.127 - - [12/Sep/2023:11:28:32 +0800] "GET /xingrg/kc/buy/cgsh_order_operate.html?command=get_materiel&rest_code=00155&code=00101008674&supplier_code=00100005&order_time=2023-09-12 HTTP/1.1" 200 412
120.253.135.82 - - [12/Sep/2023:11:28:33 +0800] "POST /xingrg/kc/pszx/mdps_list_operate.html HTTP/1.1" 200 208
124.79.246.190 - - [12/Sep/2023:11:28:34 +0800] "GET /xingrg/all/function/internal_message.html?_=1694489314180&CODE_STATE=getMsg HTTP/1.1" 200 27
180.163.28.143 - - [12/Sep/2023:11:28:38 +0800] "GET /xingrg/index.html?sysBaseUrl=http://180.169.147.146:18081/xingrg/&costTime=870×tamp=1694484355510 HTTP/1.1" 302 -
180.163.28.143 - - [12/Sep/2023:11:28:38 +0800] "GET /xingrg/login.html HTTP/1.1" 200 7641
180.163.30.85 - - [12/Sep/2023:11:28:39 +0800] "GET /xingrg/all/function/internal_message.html?_=1694489259366&CODE_STATE=count HTTP/1.1" 302 -
180.163.30.85 - - [12/Sep/2023:11:28:39 +0800] "GET /xingrg/login.html HTTP/1.1" 200 7641
180.169.147.146 - - [12/Sep/2023:11:28:39 +0800] "GET /xingrg/all/function/internal_message.html?_=1694489319422&CODE_STATE=getMsg HTTP/1.1" 200 27
114.83.219.158 - - [12/Sep/2023:11:28:40 +0800] "POST /xingrg/kc/base/wldb_list_operate.html HTTP/1.1" 200 4
120.253.135.82 - - [12/Sep/2023:11:28:43 +0800] "GET /xingrg/all/function/internal_message.html?_=1694489127804&CODE_STATE=getMsg HTTP/1.1" 200 27
124.78.69.58 - - [12/Sep/2023:11:28:47 +0800] "GET /xingrg/all/function/internal_message.html?_=1694488761909&CODE_STATE=getMsg HTTP/1.1" 200 27
114.83.219.158 - - [12/Sep/2023:11:28:47 +0800] "POST /xingrg/kc/base/wldb_list_operate.html HTTP/1.1" 200 928
124.78.69.58 - - [12/Sep/2023:11:28:47 +0800] "GET /xingrg/check_reg.html?_=1694488762783 HTTP/1.1" 200 22
180.165.48.189 - - [12/Sep/2023:11:28:49 +0800] "GET /xingrg/all/function/internal_message.html?_=1694489328171&CODE_STATE=getMsg HTTP/1.1" 200 27
120.253.135.82 - - [12/Sep/2023:11:28:49 +0800] "POST /xingrg/kc/pszx/mdps_list_operate.html HTTP/1.1" 200 5032
120.253.135.82 - - [12/Sep/2023:11:28:51 +0800] "POST /xingrg/kc/pszx/mdps_list_operate.html HTTP/1.1" 200 365
120.253.135.82 - - [12/Sep/2023:11:28:51 +0800] "GET /xingrg/kc/pszx/mdps_order_info.html?code=312023091100276 HTTP/1.1" 200 23978
120.253.135.82 - - [12/Sep/2023:11:28:52 +0800] "GET /xingrg/javascript/easyui/themes/default/validatebox.css HTTP/1.1" 404 1104
120.253.135.82 - - [12/Sep/2023:11:28:52 +0800] "POST /xingrg/kc/pszx/mdps_order_operate.html HTTP/1.1" 200 3271
120.253.135.82 - - [12/Sep/2023:11:28:54 +0800] "POST /xingrg/kc/pszx/mdps_list_operate.html HTTP/1.1" 200 5032
120.253.135.82 - - [12/Sep/2023:11:28:55 +0800] "POST /xingrg/kc/pszx/mdps_list_operate.html HTTP/1.1" 200 393
114.95.241.104 - - [12/Sep/2023:11:28:56 +0800] "GET /xingrg/all/function/internal_message.html?_=1694489219409&CODE_STATE=getMsg HTTP/1.1" 302 -
124.79.246.190 - - [12/Sep/2023:11:28:56 +0800] "GET /xingrg/all/function/internal_message.html?_=1694489632319&CODE_STATE=getMsg HTTP/1.1" 200 27
124.78.155.92 - - [12/Sep/2023:11:28:56 +0800] "GET /xingrg/all/function/internal_message.html?_=1694489335327&CODE_STATE=getMsg HTTP/1.1" 200 27
120.253.135.82 - - [12/Sep/2023:11:28:56 +0800] "GET /xingrg/kc/pszx/mdps_order_info.html?code=312023091100277 HTTP/1.1" 200 23978
116.232.195.127 - - [12/Sep/2023:11:28:57 +0800] "GET /xingrg/all/function/internal_message.html?_=1694489215461&CODE_STATE=getMsg HTTP/1.1" 200 27
120.253.135.82 - - [12/Sep/2023:11:28:57 +0800] "GET /xingrg/javascript/easyui/themes/default/validatebox.css HTTP/1.1" 404 1104
114.95.241.104 - - [12/Sep/2023:11:28:57 +0800] "GET /xingrg/all/function/internal_message.html?_=1694489336208&CODE_STATE=getMsg HTTP/1.1" 200 27
114.95.241.104 - - [12/Sep/2023:11:28:57 +0800] "GET /xingrg/check_reg.html?_=1694489336211 HTTP/1.1" 200 22
120.253.135.82 - - [12/Sep/2023:11:28:57 +0800] "POST /xingrg/kc/pszx/mdps_order_operate.html HTTP/1.1" 200 3323
180.169.147.146 - - [12/Sep/2023:11:29:00 +0800] "GET /xingrg/all/function/internal_message.html?_=1694489339182&CODE_STATE=getMsg HTTP/1.1" 200 27
222.70.107.27 - - [12/Sep/2023:11:29:01 +0800] "GET /xingrg/all/function/internal_message.html?_=1694489341452&CODE_STATE=getMsg HTTP/1.1" 302 -
