124.78.155.92 - - [12/Sep/2023:09:33:17 +0800] "GET /xingrg/kc/buy/cgsh_order_operate.html?command=get_materiel&rest_code=00106&code=00101008131&supplier_code=00100007&order_time=2023-09-12 HTTP/1.1" 200 409
180.165.48.189 - - [12/Sep/2023:09:33:18 +0800] "GET /xingrg/kc/buy/cgsh_order_operate.html?command=get_materiel&rest_code=00108&code=00101008318&supplier_code=00100007&order_time=2023-09-12 HTTP/1.1" 200 408
120.253.135.82 - - [12/Sep/2023:09:33:19 +0800] "GET /xingrg/check_reg.html?_=1694482203080 HTTP/1.1" 200 22
120.253.135.82 - - [12/Sep/2023:09:33:19 +0800] "GET /xingrg/all/function/internal_message.html?_=1694482203342&CODE_STATE=getMsg HTTP/1.1" 200 27
180.174.205.229 - - [12/Sep/2023:09:33:20 +0800] "GET /xingrg/all/function/internal_message.html?_=1694482399688&CODE_STATE=getMsg HTTP/1.1" 302 -
180.152.241.196 - - [12/Sep/2023:09:33:20 +0800] "GET /xingrg/all/function/internal_message.html?_=1694482400840&CODE_STATE=getMsg HTTP/1.1" 200 27
114.95.241.104 - - [12/Sep/2023:09:33:22 +0800] "GET /xingrg/kc/buy/cgsh_order_operate.html?command=get_materiel&rest_code=00150&code=00101008371&supplier_code=00100008&order_time=2023-09-12 HTTP/1.1" 200 412
222.70.180.200 - - [12/Sep/2023:09:33:22 +0800] "GET /xingrg/kc/buy/cgsh_order_operate.html?command=get_materiel&rest_code=00111&code=00101006111&supplier_code=00100012&order_time=2023-09-12 HTTP/1.1" 200 409
114.95.241.104 - - [12/Sep/2023:09:33:26 +0800] "POST /xingrg/kc/buy/cgsh_order_operate.html HTTP/1.1" 200 2065
180.165.48.189 - - [12/Sep/2023:09:33:26 +0800] "GET /xingrg/kc/buy/cgsh_order_operate.html?command=get_materiel&rest_code=00108&code=00101008437&supplier_code=00100007&order_time=2023-09-12 HTTP/1.1" 200 410
124.78.155.92 - - [12/Sep/2023:09:33:26 +0800] "GET /xingrg/kc/buy/cgsh_order_operate.html?command=get_materiel&rest_code=00106&code=00101008318&supplier_code=00100007&order_time=2023-09-12 HTTP/1.1" 200 408
222.70.244.80 - - [12/Sep/2023:09:33:28 +0800] "GET /xingrg/kc/buy/cgsh_order_add.html HTTP/1.1" 200 72268
222.70.244.80 - - [12/Sep/2023:09:33:29 +0800] "POST /xingrg/kc/buy/cgsh_order_operate.html HTTP/1.1" 200 8245
222.70.244.80 - - [12/Sep/2023:09:33:29 +0800] "GET /xingrg/javascript/easyui/themes/default/validatebox.css HTTP/1.1" 404 1104
114.95.241.104 - - [12/Sep/2023:09:33:31 +0800] "GET /xingrg/kc/buy/cgsh_order_operate.html?command=get_materiel&rest_code=00150&code=00101008005&supplier_code=00100008&order_time=2023-09-12 HTTP/1.1" 200 412
114.95.241.104 - - [12/Sep/2023:09:33:34 +0800] "GET /xingrg/all/function/internal_message.html?_=1694482412645&CODE_STATE=getMsg HTTP/1.1" 200 27
124.78.155.92 - - [12/Sep/2023:09:33:37 +0800] "GET /xingrg/kc/buy/cgsh_order_operate.html?command=get_materiel&rest_code=00106&code=00101008312&supplier_code=00100007&order_time=2023-09-12 HTTP/1.1" 200 412
180.165.48.189 - - [12/Sep/2023:09:33:38 +0800] "GET /xingrg/kc/buy/cgsh_order_operate.html?command=get_materiel&rest_code=00108&code=00101008291&supplier_code=00100007&order_time=2023-09-12 HTTP/1.1" 200 408
114.95.241.104 - - [12/Sep/2023:09:33:42 +0800] "GET /xingrg/kc/buy/cgsh_order_operate.html?command=get_materiel&rest_code=00150&code=00101008353&supplier_code=00100008&order_time=2023-09-12 HTTP/1.1" 200 408
124.78.155.92 - - [12/Sep/2023:09:33:44 +0800] "GET /xingrg/kc/buy/cgsh_order_operate.html?command=get_materiel&rest_code=00106&code=00101008114&supplier_code=00100007&order_time=2023-09-12 HTTP/1.1" 200 412
180.165.48.189 - - [12/Sep/2023:09:33:45 +0800] "GET /xingrg/kc/buy/cgsh_order_operate.html?command=get_materiel&rest_code=00108&code=00101008371&supplier_code=00100007&order_time=2023-09-12 HTTP/1.1" 200 412
222.69.145.204 - - [12/Sep/2023:09:33:47 +0800] "GET /xingrg/check_reg.html?_=1694482574833 HTTP/1.1" 200 22
180.165.48.189 - - [12/Sep/2023:09:33:49 +0800] "GET /xingrg/all/function/internal_message.html?_=1694482428175&CODE_STATE=getMsg HTTP/1.1" 200 27
124.78.155.92 - - [12/Sep/2023:09:33:51 +0800] "POST /xingrg/kc/buy/cgsh_order_operate.html HTTP/1.1" 200 2065
114.95.241.104 - - [12/Sep/2023:09:33:53 +0800] "GET /xingrg/all/function/internal_message.html?_=1694482316983&CODE_STATE=getMsg HTTP/1.1" 302 -
180.165.48.189 - - [12/Sep/2023:09:33:54 +0800] "GET /xingrg/kc/buy/cgsh_order_operate.html?command=get_materiel&rest_code=00108&code=00101008288&supplier_code=00100007&order_time=2023-09-12 HTTP/1.1" 200 408
124.78.155.92 - - [12/Sep/2023:09:33:55 +0800] "GET /xingrg/all/function/internal_message.html?_=1694482434461&CODE_STATE=getMsg HTTP/1.1" 200 27
180.165.48.189 - - [12/Sep/2023:09:33:56 +0800] "POST /xingrg/kc/buy/cgsh_order_operate.html HTTP/1.1" 200 2065
180.169.147.146 - - [12/Sep/2023:09:33:56 +0800] "GET /xingrg/all/function/internal_message.html?_=1694482436377&CODE_STATE=getMsg HTTP/1.1" 302 -
222.69.145.204 - - [12/Sep/2023:09:33:57 +0800] "GET /xingrg/all/function/internal_message.html?_=1694482584645&CODE_STATE=getMsg HTTP/1.1" 200 27
114.95.241.104 - - [12/Sep/2023:09:33:58 +0800] "GET /xingrg/kc/buy/cgsh_order_operate.html?command=get_materiel&rest_code=00150&code=00101008150&supplier_code=00100008&order_time=2023-09-12 HTTP/1.1" 200 409
124.78.155.92 - - [12/Sep/2023:09:33:59 +0800] "GET /xingrg/kc/buy/cgsh_order_operate.html?command=get_materiel&rest_code=00106&code=00101008098&supplier_code=00100007&order_time=2023-09-12 HTTP/1.1" 200 412
222.70.180.200 - - [12/Sep/2023:09:34:00 +0800] "GET /xingrg/all/function/internal_message.html?_=1694482441370&CODE_STATE=getMsg HTTP/1.1" 200 27
222.70.107.27 - - [12/Sep/2023:09:34:01 +0800] "GET /xingrg/all/function/internal_message.html?_=1694482441165&CODE_STATE=getMsg HTTP/1.1" 200 27
180.165.48.189 - - [12/Sep/2023:09:34:02 +0800] "GET /xingrg/kc/buy/cgsh_order_operate.html?command=get_materiel&rest_code=00108&code=00101008036&supplier_code=00100007&order_time=2023-09-12 HTTP/1.1" 200 408
222.70.244.80 - - [12/Sep/2023:09:34:06 +0800] "GET /xingrg/kc/buy/cgsh_order_operate.html?command=get_materiel&rest_code=00146&code=00101002027&supplier_code=00100199&order_time=2023-09-12 HTTP/1.1" 200 415
124.78.155.92 - - [12/Sep/2023:09:34:09 +0800] "GET /xingrg/kc/buy/cgsh_order_operate.html?command=get_materiel&rest_code=00106&code=00101011005&supplier_code=00100007&order_time=2023-09-12 HTTP/1.1" 200 408
114.83.219.158 - - [12/Sep/2023:09:34:10 +0800] "GET /xingrg/all/function/internal_message.html?_=1694482449710&CODE_STATE=getMsg HTTP/1.1" 200 27
101.83.145.37 - - [12/Sep/2023:09:34:10 +0800] "GET /xingrg/all/function/internal_message.html?_=1694482240721&CODE_STATE=getMsg HTTP/1.1" 200 27
114.95.241.104 - - [12/Sep/2023:09:34:11 +0800] "GET /xingrg/kc/buy/cgsh_order_operate.html?command=get_materiel&rest_code=00150&code=00101008706&supplier_code=00100008&order_time=2023-09-12 HTTP/1.1" 200 413
180.165.48.189 - - [12/Sep/2023:09:34:11 +0800] "GET /xingrg/kc/buy/cgsh_order_operate.html?command=get_materiel&rest_code=00108&code=00101008350&supplier_code=00100007&order_time=2023-09-12 HTTP/1.1" 200 408
116.232.195.127 - - [12/Sep/2023:09:34:13 +0800] "GET /xingrg/all/function/internal_message.html?_=1694482331434&CODE_STATE=getMsg HTTP/1.1" 200 27
222.70.244.80 - - [12/Sep/2023:09:34:13 +0800] "GET /xingrg/all/function/internal_message.html?_=1694482458925&CODE_STATE=getMsg HTTP/1.1" 200 27
114.95.241.104 - - [12/Sep/2023:09:34:14 +0800] "POST /xingrg/kc/buy/cgsh_order_operate.html HTTP/1.1" 200 2065
124.78.155.92 - - [12/Sep/2023:09:34:19 +0800] "GET /xingrg/kc/buy/cgsh_order_operate.html?command=get_materiel&rest_code=00106&code=00101008083&supplier_code=00100007&order_time=2023-09-12 HTTP/1.1" 200 428
120.253.135.82 - - [12/Sep/2023:09:34:19 +0800] "GET /xingrg/all/function/internal_message.html?_=1694482263355&CODE_STATE=getMsg HTTP/1.1" 200 27
114.95.241.104 - - [12/Sep/2023:09:34:19 +0800] "GET /xingrg/check_reg.html?_=1694482343081 HTTP/1.1" 302 -
180.174.205.229 - - [12/Sep/2023:09:34:20 +0800] "GET /xingrg/all/function/internal_message.html?_=1694482459680&CODE_STATE=getMsg HTTP/1.1" 302 -
180.152.241.196 - - [12/Sep/2023:09:34:20 +0800] "GET /xingrg/all/function/internal_message.html?_=1694482460820&CODE_STATE=getMsg HTTP/1.1" 200 27
222.70.180.200 - - [12/Sep/2023:09:34:21 +0800] "GET /xingrg/kc/buy/cgsh_order_operate.html?command=get_materiel&rest_code=00111&code=00101006065&supplier_code=00100012&order_time=2023-09-12 HTTP/1.1" 200 409
124.78.155.92 - - [12/Sep/2023:09:34:22 +0800] "POST /xingrg/all/common/load_select.html HTTP/1.1" 200 25
180.165.48.189 - - [12/Sep/2023:09:34:32 +0800] "POST /xingrg/kc/buy/cgsh_order_operate.html HTTP/1.1" 200 37
124.78.155.92 - - [12/Sep/2023:09:34:33 +0800] "GET /xingrg/kc/buy/cgsh_order_operate.html?command=get_materiel_price&rest_code=00106&code=00101008083&unit_code=00100026&supplier_code=00100007&order_time=2023-09-12 HTTP/1.1" 200 27
114.95.241.104 - - [12/Sep/2023:09:34:33 +0800] "GET /xingrg/all/function/internal_message.html?_=1694482472619&CODE_STATE=getMsg HTTP/1.1" 200 27
222.70.244.80 - - [12/Sep/2023:09:34:34 +0800] "GET /xingrg/kc/buy/cgsh_order_operate.html?command=get_materiel&rest_code=00146&code=00101002007&supplier_code=00100199&order_time=2023-09-12 HTTP/1.1" 200 409
180.165.48.189 - - [12/Sep/2023:09:34:35 +0800] "POST /xingrg/kc/buy/cgsh_order_operate.html HTTP/1.1" 200 20405
114.95.241.104 - - [12/Sep/2023:09:34:36 +0800] "GET /xingrg/kc/buy/cgsh_order_operate.html?command=get_materiel&rest_code=00150&code=00101008619&supplier_code=00100008&order_time=2023-09-12 HTTP/1.1" 200 419
180.174.205.229 - - [12/Sep/2023:09:34:42 +0800] "GET /xingrg/check_reg.html?_=1694482481758 HTTP/1.1" 302 -
180.165.48.189 - - [12/Sep/2023:09:34:42 +0800] "GET /xingrg/kc/buy/cgsh_order_operate.html?command=get_materiel&rest_code=00108&code=00101008155&supplier_code=00100007&order_time=2023-09-12 HTTP/1.1" 200 408
180.165.48.189 - - [12/Sep/2023:09:34:49 +0800] "GET /xingrg/all/function/internal_message.html?_=1694482488170&CODE_STATE=getMsg HTTP/1.1" 200 27
222.70.180.200 - - [12/Sep/2023:09:34:51 +0800] "GET /xingrg/kc/buy/cgsh_order_operate.html?command=get_materiel&rest_code=00111&code=00101016030&supplier_code=00100012&order_time=2023-09-12 HTTP/1.1" 200 412
114.95.241.104 - - [12/Sep/2023:09:34:53 +0800] "GET /xingrg/all/function/internal_message.html?_=1694482376987&CODE_STATE=getMsg HTTP/1.1" 302 -
222.70.244.80 - - [12/Sep/2023:09:34:53 +0800] "GET /xingrg/kc/buy/cgsh_order_operate.html?command=get_materiel&rest_code=00146&code=00101004020&supplier_code=00100199&order_time=2023-09-12 HTTP/1.1" 200 409
114.95.241.104 - - [12/Sep/2023:09:34:53 +0800] "GET /xingrg/kc/buy/cgsh_order_operate.html?command=get_materiel&rest_code=00150&code=00101008095&supplier_code=00100008&order_time=2023-09-12 HTTP/1.1" 200 412
124.78.155.92 - - [12/Sep/2023:09:34:55 +0800] "GET /xingrg/all/function/internal_message.html?_=1694482494458&CODE_STATE=getMsg HTTP/1.1" 200 27
180.169.147.146 - - [12/Sep/2023:09:34:56 +0800] "GET /xingrg/all/function/internal_message.html?_=1694482496376&CODE_STATE=getMsg HTTP/1.1" 302 -
222.69.145.204 - - [12/Sep/2023:09:34:57 +0800] "GET /xingrg/all/function/internal_message.html?_=1694482644635&CODE_STATE=getMsg HTTP/1.1" 200 27
124.78.155.92 - - [12/Sep/2023:09:34:58 +0800] "GET /xingrg/kc/buy/cgsh_order_operate.html?command=get_materiel&rest_code=00106&code=00101008321&supplier_code=00100007&order_time=2023-09-12 HTTP/1.1" 200 412
222.70.180.200 - - [12/Sep/2023:09:35:00 +0800] "GET /xingrg/all/function/internal_message.html?_=1694482501373&CODE_STATE=getMsg HTTP/1.1" 200 27
222.70.180.200 - - [12/Sep/2023:09:35:00 +0800] "GET /xingrg/check_reg.html?_=1694482501382 HTTP/1.1" 200 22
180.165.48.189 - - [12/Sep/2023:09:35:00 +0800] "GET /xingrg/kc/buy/cgsh_order_operate.html?command=get_materiel&rest_code=00108&code=00101008271&supplier_code=00100007&order_time=2023-09-12 HTTP/1.1" 200 408
114.95.241.104 - - [12/Sep/2023:09:35:01 +0800] "POST /xingrg/kc/buy/cgsh_order_operate.html HTTP/1.1" 200 2065
222.70.107.27 - - [12/Sep/2023:09:35:01 +0800] "GET /xingrg/all/function/internal_message.html?_=1694482501165&CODE_STATE=getMsg HTTP/1.1" 200 27
124.78.155.92 - - [12/Sep/2023:09:35:01 +0800] "POST /xingrg/kc/buy/cgsh_order_operate.html HTTP/1.1" 200 2065
114.95.241.104 - - [12/Sep/2023:09:35:06 +0800] "GET /xingrg/kc/buy/cgsh_order_operate.html?command=get_materiel&rest_code=00150&code=00101008110&supplier_code=00100008&order_time=2023-09-12 HTTP/1.1" 200 408
218.81.69.69 - - [12/Sep/2023:09:35:06 +0800] "GET /xingrg/check_reg.html?_=1694482507148 HTTP/1.1" 200 22
124.78.155.92 - - [12/Sep/2023:09:35:06 +0800] "GET /xingrg/kc/buy/cgsh_order_operate.html?command=get_materiel&rest_code=00106&code=00101008300&supplier_code=00100007&order_time=2023-09-12 HTTP/1.1" 200 412
180.165.48.189 - - [12/Sep/2023:09:35:10 +0800] "GET /xingrg/kc/buy/cgsh_order_operate.html?command=get_materiel&rest_code=00108&code=00101008332&supplier_code=00100007&order_time=2023-09-12 HTTP/1.1" 200 412
114.83.219.158 - - [12/Sep/2023:09:35:10 +0800] "GET /xingrg/all/function/internal_message.html?_=1694482509682&CODE_STATE=getMsg HTTP/1.1" 200 27
101.83.145.37 - - [12/Sep/2023:09:35:10 +0800] "GET /xingrg/all/function/internal_message.html?_=1694482300722&CODE_STATE=getMsg HTTP/1.1" 200 27
116.232.195.127 - - [12/Sep/2023:09:35:13 +0800] "GET /xingrg/all/function/internal_message.html?_=1694482391439&CODE_STATE=getMsg HTTP/1.1" 200 27
218.81.69.69 - - [12/Sep/2023:09:35:13 +0800] "POST /xingrg/kc/buy/cgsh_list_operate.html HTTP/1.1" 200 6551
222.70.244.80 - - [12/Sep/2023:09:35:13 +0800] "GET /xingrg/all/function/internal_message.html?_=1694482518938&CODE_STATE=getMsg HTTP/1.1" 200 27
180.165.48.189 - - [12/Sep/2023:09:35:13 +0800] "POST /xingrg/kc/buy/cgsh_order_operate.html HTTP/1.1" 200 2065
218.81.69.69 - - [12/Sep/2023:09:35:15 +0800] "POST /xingrg/kc/buy/cgsh_list_operate.html HTTP/1.1" 200 559
222.70.180.200 - - [12/Sep/2023:09:35:16 +0800] "POST /xingrg/kc/buy/cgsh_order_operate.html HTTP/1.1" 200 37
218.81.69.69 - - [12/Sep/2023:09:35:19 +0800] "POST /xingrg/kc/buy/cgsh_list_operate.html HTTP/1.1" 200 342
120.253.135.82 - - [12/Sep/2023:09:35:19 +0800] "GET /xingrg/all/function/internal_message.html?_=1694482323368&CODE_STATE=getMsg HTTP/1.1" 200 27
222.70.180.200 - - [12/Sep/2023:09:35:19 +0800] "POST /xingrg/kc/buy/cgsh_order_operate.html HTTP/1.1" 200 5609
114.95.241.104 - - [12/Sep/2023:09:35:19 +0800] "GET /xingrg/kc/buy/cgsh_order_operate.html?command=get_materiel&rest_code=00150&code=00101008283&supplier_code=00100008&order_time=2023-09-12 HTTP/1.1" 200 408
124.78.155.92 - - [12/Sep/2023:09:35:19 +0800] "GET /xingrg/kc/buy/cgsh_order_operate.html?command=get_materiel&rest_code=00106&code=00101008137&supplier_code=00100007&order_time=2023-09-12 HTTP/1.1" 200 408
180.174.205.229 - - [12/Sep/2023:09:35:20 +0800] "GET /xingrg/all/function/internal_message.html?_=1694482519653&CODE_STATE=getMsg HTTP/1.1" 302 -
180.152.241.196 - - [12/Sep/2023:09:35:20 +0800] "GET /xingrg/all/function/internal_message.html?_=1694482520808&CODE_STATE=getMsg HTTP/1.1" 200 27
180.152.241.196 - - [12/Sep/2023:09:35:21 +0800] "GET /xingrg/check_reg.html?_=1694482521131 HTTP/1.1" 200 22
222.70.180.200 - - [12/Sep/2023:09:35:22 +0800] "GET /xingrg/kc/print/load_data.html?order_code=212023091204596&kc_code=cgsh&condition= HTTP/1.1" 200 1870
180.165.48.189 - - [12/Sep/2023:09:35:26 +0800] "GET /xingrg/kc/buy/cgsh_order_operate.html?command=get_materiel&rest_code=00108&code=00101009113&supplier_code=00100007&order_time=2023-09-12 HTTP/1.1" 200 412
114.95.241.104 - - [12/Sep/2023:09:35:28 +0800] "GET /xingrg/kc/buy/cgsh_order_operate.html?command=get_materiel&rest_code=00150&code=00101008298&supplier_code=00100008&order_time=2023-09-12 HTTP/1.1" 200 412
114.95.241.104 - - [12/Sep/2023:09:35:33 +0800] "GET /xingrg/all/function/internal_message.html?_=1694482532622&CODE_STATE=getMsg HTTP/1.1" 200 27
222.70.244.80 - - [12/Sep/2023:09:35:34 +0800] "POST /xingrg/kc/buy/cgsh_order_operate.html HTTP/1.1" 200 37
124.78.155.92 - - [12/Sep/2023:09:35:36 +0800] "GET /xingrg/kc/buy/cgsh_order_operate.html?command=get_materiel&rest_code=00106&code=00101008059&supplier_code=00100007&order_time=2023-09-12 HTTP/1.1" 200 408
222.70.244.80 - - [12/Sep/2023:09:35:38 +0800] "POST /xingrg/kc/buy/cgsh_order_operate.html HTTP/1.1" 200 3841
222.70.244.80 - - [12/Sep/2023:09:35:41 +0800] "GET /xingrg/kc/print/load_data.html?order_code=212023091204597&kc_code=cgsh&condition= HTTP/1.1" 200 1123
114.95.241.104 - - [12/Sep/2023:09:35:42 +0800] "GET /xingrg/kc/buy/cgsh_order_operate.html?command=get_materiel&rest_code=00150&code=00101008125&supplier_code=00100008&order_time=2023-09-12 HTTP/1.1" 200 413
172.20.0.100 - - [12/Sep/2023:09:35:47 +0800] "GET /xingrg/index.html?sysBaseUrl=http%3A%2F%2F172.17.0.8%3A18081%2Fxingrg%2F&costTime=213×tamp=1585200360465 HTTP/1.1" 302 -
172.20.0.100 - - [12/Sep/2023:09:35:47 +0800] "GET /xingrg/login.html HTTP/1.1" 200 7636
172.20.0.100 - - [12/Sep/2023:09:35:47 +0800] "GET /xingrg/images/blue/jxLogo.png HTTP/1.1" 200 6156
172.20.0.100 - - [12/Sep/2023:09:35:48 +0800] "GET /xingrg/images/blue/login_bg.png HTTP/1.1" 200 22101
172.20.0.100 - - [12/Sep/2023:09:35:48 +0800] "GET /xingrg/images/blue/srbg.png HTTP/1.1" 200 138
172.20.0.100 - - [12/Sep/2023:09:35:48 +0800] "GET /xingrg/images/blue/hj.png HTTP/1.1" 200 1014
172.20.0.100 - - [12/Sep/2023:09:35:48 +0800] "GET /favicon.ico HTTP/1.1" 404 -
124.78.155.92 - - [12/Sep/2023:09:35:48 +0800] "GET /xingrg/kc/buy/cgsh_order_operate.html?command=get_materiel&rest_code=00106&code=00101008108&supplier_code=00100007&order_time=2023-09-12 HTTP/1.1" 200 412
180.165.48.189 - - [12/Sep/2023:09:35:49 +0800] "GET /xingrg/all/function/internal_message.html?_=1694482548153&CODE_STATE=getMsg HTTP/1.1" 200 27
180.165.48.189 - - [12/Sep/2023:09:35:50 +0800] "GET /xingrg/kc/buy/cgsh_order_operate.html?command=get_materiel&rest_code=00108&code=00101009175&supplier_code=00100007&order_time=2023-09-12 HTTP/1.1" 200 401
172.20.0.100 - - [12/Sep/2023:09:35:51 +0800] "POST /xingrg/login.do HTTP/1.1" 302 -
172.20.0.100 - - [12/Sep/2023:09:35:51 +0800] "GET /xingrg/index.html?sysBaseUrl=http%3A%2F%2F172.20.0.8%3A18081%2Fxingrg%2F&costTime=1055×tamp=1694482551137 HTTP/1.1" 200 17448
172.20.0.100 - - [12/Sep/2023:09:35:51 +0800] "GET /xingrg/javascript/jquery_easy_ui/themes/default/easyui.css HTTP/1.1" 200 26500
172.20.0.100 - - [12/Sep/2023:09:35:51 +0800] "GET /xingrg/javascript/jquery_easy_ui/themes/icon.css HTTP/1.1" 200 3949
172.20.0.100 - - [12/Sep/2023:09:35:51 +0800] "GET /xingrg/css/form.css HTTP/1.1" 200 893
172.20.0.100 - - [12/Sep/2023:09:35:51 +0800] "GET /xingrg/javascript/jquery-1.4.2.min.js HTTP/1.1" 200 72205
172.20.0.100 - - [12/Sep/2023:09:35:51 +0800] "GET /xingrg/javascript/jquery_easy_ui/jquery.easyui.min.js HTTP/1.1" 200 213662
172.20.0.100 - - [12/Sep/2023:09:35:51 +0800] "GET /xingrg/javascript/jquery_easy_ui/easyui-lang-zh_CN.js HTTP/1.1" 200 1900
172.20.0.100 - - [12/Sep/2023:09:35:51 +0800] "GET /xingrg/javascript/jquery.form.js HTTP/1.1" 200 23110
172.20.0.100 - - [12/Sep/2023:09:35:51 +0800] "GET /xingrg/javascript/jquery.timers.js HTTP/1.1" 200 3532
172.20.0.100 - - [12/Sep/2023:09:35:51 +0800] "GET /xingrg/javascript/jquery.utils.js HTTP/1.1" 200 11805
172.20.0.100 - - [12/Sep/2023:09:35:51 +0800] "GET /favicon.ico HTTP/1.1" 404 -
172.20.0.100 - - [12/Sep/2023:09:35:51 +0800] "GET /xingrg/javascript/jquery_easy_ui/themes/icons/settle_new.png HTTP/1.1" 200 826
172.20.0.100 - - [12/Sep/2023:09:35:51 +0800] "GET /xingrg/images/blue/navBackgound.jpg HTTP/1.1" 200 12378
172.20.0.100 - - [12/Sep/2023:09:35:51 +0800] "GET /xingrg/check_reg.html?_=1694482550379 HTTP/1.1" 200 22
172.20.0.100 - - [12/Sep/2023:09:35:51 +0800] "GET /xingrg/images/blue/pingpu.png HTTP/1.1" 200 231
172.20.0.100 - - [12/Sep/2023:09:35:51 +0800] "GET /xingrg/javascript/jquery_easy_ui/themes/default/images/tabs_leftarrow.png HTTP/1.1" 200 389
172.20.0.100 - - [12/Sep/2023:09:35:51 +0800] "GET /xingrg/javascript/jquery_easy_ui/themes/default/images/panel_tool_expand.gif HTTP/1.1" 200 247
172.20.0.100 - - [12/Sep/2023:09:35:51 +0800] "GET /xingrg/javascript/jquery_easy_ui/themes/default/images/panel_tool_collapse.gif HTTP/1.1" 200 246
172.20.0.100 - - [12/Sep/2023:09:35:51 +0800] "GET /xingrg/javascript/jquery_easy_ui/themes/default/images/tabs_rightarrow.png HTTP/1.1" 200 395
172.20.0.100 - - [12/Sep/2023:09:35:51 +0800] "POST /xingrg/all/common/load_tree.html?tree=area_rest_tree_json&manage=1 HTTP/1.1" 200 3499
172.20.0.100 - - [12/Sep/2023:09:35:51 +0800] "GET /xingrg/all/function/internal_message.html?_=1694482550378&CODE_STATE=count HTTP/1.1" 200 11
172.20.0.100 - - [12/Sep/2023:09:35:51 +0800] "POST /xingrg/load_menu.html HTTP/1.1" 200 11529
172.20.0.100 - - [12/Sep/2023:09:35:51 +0800] "GET /xingrg/javascript/jquery_easy_ui/themes/default/images/tree_arrows.gif HTTP/1.1" 200 1043
172.20.0.100 - - [12/Sep/2023:09:35:51 +0800] "GET /xingrg/javascript/jquery_easy_ui/themes/default/images/tree_folder_open.gif HTTP/1.1" 200 956
172.20.0.100 - - [12/Sep/2023:09:35:51 +0800] "GET /xingrg/javascript/jquery_easy_ui/themes/icons/search_new.png HTTP/1.1" 200 586
172.20.0.100 - - [12/Sep/2023:09:35:51 +0800] "GET /xingrg/javascript/jquery_easy_ui/themes/icons/delivery_new.png HTTP/1.1" 200 700
172.20.0.100 - - [12/Sep/2023:09:35:51 +0800] "GET /xingrg/javascript/jquery_easy_ui/themes/icons/storage_new.png HTTP/1.1" 200 853
172.20.0.100 - - [12/Sep/2023:09:35:51 +0800] "GET /xingrg/javascript/jquery_easy_ui/themes/icons/checkout_new.png HTTP/1.1" 200 744
172.20.0.100 - - [12/Sep/2023:09:35:51 +0800] "GET /xingrg/javascript/jquery_easy_ui/themes/icons/forms_new.png HTTP/1.1" 200 350
172.20.0.100 - - [12/Sep/2023:09:35:51 +0800] "GET /xingrg/javascript/jquery_easy_ui/themes/icons/setting_new.png HTTP/1.1" 200 450
172.20.0.100 - - [12/Sep/2023:09:35:51 +0800] "GET /xingrg/javascript/jquery_easy_ui/themes/icons/systemset_new.png HTTP/1.1" 200 606
172.20.0.100 - - [12/Sep/2023:09:35:51 +0800] "GET /xingrg/javascript/jquery_easy_ui/themes/default/images/tree_file.gif HTTP/1.1" 200 118
172.20.0.100 - - [12/Sep/2023:09:35:51 +0800] "GET /xingrg/javascript/jquery_easy_ui/themes/default/images/tree_folder.gif HTTP/1.1" 200 952
172.20.0.100 - - [12/Sep/2023:09:35:52 +0800] "GET /xingrg/javascript/jquery_easy_ui/themes/icons/area.png HTTP/1.1" 200 262
172.20.0.100 - - [12/Sep/2023:09:35:52 +0800] "GET /xingrg/javascript/jquery_easy_ui/themes/icons/manage.png HTTP/1.1" 200 696
172.20.0.100 - - [12/Sep/2023:09:35:52 +0800] "GET /xingrg/javascript/jquery_easy_ui/themes/icons/rest.png HTTP/1.1" 200 695
172.20.0.100 - - [12/Sep/2023:09:35:52 +0800] "GET /xingrg/javascript/jquery_easy_ui/themes/default/images/button_a_bg.gif HTTP/1.1" 200 1194
172.20.0.100 - - [12/Sep/2023:09:35:52 +0800] "GET /xingrg/javascript/jquery_easy_ui/themes/default/images/button_span_bg.gif HTTP/1.1" 200 2061
172.20.0.100 - - [12/Sep/2023:09:35:52 +0800] "GET /xingrg/javascript/jquery_easy_ui/themes/icons/ok.png HTTP/1.1" 200 883
172.20.0.100 - - [12/Sep/2023:09:35:52 +0800] "GET /xingrg/javascript/jquery_easy_ui/themes/default/images/panel_title.png HTTP/1.1" 200 266
172.20.0.100 - - [12/Sep/2023:09:35:52 +0800] "GET /xingrg/javascript/jquery_easy_ui/themes/default/images/panel_tools.gif HTTP/1.1" 200 737
114.95.241.104 - - [12/Sep/2023:09:35:53 +0800] "GET /xingrg/all/function/internal_message.html?_=1694482437018&CODE_STATE=getMsg HTTP/1.1" 302 -
124.78.155.92 - - [12/Sep/2023:09:35:55 +0800] "GET /xingrg/all/function/internal_message.html?_=1694482554442&CODE_STATE=getMsg HTTP/1.1" 200 27
180.163.29.79 - - [12/Sep/2023:09:35:55 +0800] "GET /xingrg/all/function/internal_message.html?_=1694482494458&CODE_STATE=getMsg HTTP/1.1" 302 -
180.163.29.79 - - [12/Sep/2023:09:35:55 +0800] "GET /xingrg/login.html HTTP/1.1" 200 7641
180.169.147.146 - - [12/Sep/2023:09:35:56 +0800] "GET /xingrg/all/function/internal_message.html?_=1694482556368&CODE_STATE=getMsg HTTP/1.1" 302 -
180.169.147.146 - - [12/Sep/2023:09:35:56 +0800] "GET /xingrg/check_reg.html?_=1694482556371 HTTP/1.1" 302 -
222.69.145.204 - - [12/Sep/2023:09:35:57 +0800] "GET /xingrg/all/function/internal_message.html?_=1694482704619&CODE_STATE=getMsg HTTP/1.1" 200 27
124.78.155.92 - - [12/Sep/2023:09:35:57 +0800] "GET /xingrg/kc/buy/cgsh_order_operate.html?command=get_materiel&rest_code=00106&code=00101008169&supplier_code=00100007&order_time=2023-09-12 HTTP/1.1" 200 412
124.78.155.92 - - [12/Sep/2023:09:36:00 +0800] "POST /xingrg/kc/buy/cgsh_order_operate.html HTTP/1.1" 200 2065
172.20.0.100 - - [12/Sep/2023:09:36:00 +0800] "GET /xingrg/images/control/ajaxLoader.gif HTTP/1.1" 200 4659
172.20.0.100 - - [12/Sep/2023:09:36:00 +0800] "POST /xingrg/all/user/operate.html HTTP/1.1" 200 36
172.20.0.100 - - [12/Sep/2023:09:36:00 +0800] "GET /xingrg/index.html?sysBaseUrl=http%3A%2F%2F172.20.0.8%3A18081%2Fxingrg%2F&costTime=1055×tamp=1694482551137 HTTP/1.1" 200 17454
172.20.0.100 - - [12/Sep/2023:09:36:00 +0800] "GET /xingrg/javascript/jquery_easy_ui/themes/default/easyui.css HTTP/1.1" 304 -
172.20.0.100 - - [12/Sep/2023:09:36:00 +0800] "GET /xingrg/javascript/jquery_easy_ui/themes/icon.css HTTP/1.1" 304 -
172.20.0.100 - - [12/Sep/2023:09:36:00 +0800] "GET /xingrg/css/form.css HTTP/1.1" 304 -
172.20.0.100 - - [12/Sep/2023:09:36:00 +0800] "GET /xingrg/javascript/jquery-1.4.2.min.js HTTP/1.1" 304 -
172.20.0.100 - - [12/Sep/2023:09:36:00 +0800] "GET /xingrg/javascript/jquery_easy_ui/jquery.easyui.min.js HTTP/1.1" 304 -
172.20.0.100 - - [12/Sep/2023:09:36:00 +0800] "GET /xingrg/javascript/jquery_easy_ui/easyui-lang-zh_CN.js HTTP/1.1" 304 -
172.20.0.100 - - [12/Sep/2023:09:36:00 +0800] "GET /xingrg/javascript/jquery.form.js HTTP/1.1" 304 -
172.20.0.100 - - [12/Sep/2023:09:36:00 +0800] "GET /xingrg/javascript/jquery.utils.js HTTP/1.1" 304 -
172.20.0.100 - - [12/Sep/2023:09:36:00 +0800] "GET /xingrg/javascript/jquery.timers.js HTTP/1.1" 304 -
172.20.0.100 - - [12/Sep/2023:09:36:00 +0800] "GET /xingrg/images/blue/jxLogo.png HTTP/1.1" 304 -
172.20.0.100 - - [12/Sep/2023:09:36:00 +0800] "GET /xingrg/images/blue/navBackgound.jpg HTTP/1.1" 304 -
172.20.0.100 - - [12/Sep/2023:09:36:00 +0800] "GET /xingrg/javascript/jquery_easy_ui/themes/icons/settle_new.png HTTP/1.1" 304 -
172.20.0.100 - - [12/Sep/2023:09:36:00 +0800] "GET /xingrg/all/function/internal_message.html?_=1694482559424&CODE_STATE=count HTTP/1.1" 200 11
172.20.0.100 - - [12/Sep/2023:09:36:00 +0800] "GET /xingrg/check_reg.html?_=1694482559425 HTTP/1.1" 200 22
172.20.0.100 - - [12/Sep/2023:09:36:00 +0800] "GET /xingrg/javascript/jquery_easy_ui/themes/default/images/tabs_leftarrow.png HTTP/1.1" 304 -
172.20.0.100 - - [12/Sep/2023:09:36:00 +0800] "GET /xingrg/javascript/jquery_easy_ui/themes/default/images/panel_tool_expand.gif HTTP/1.1" 304 -
172.20.0.100 - - [12/Sep/2023:09:36:00 +0800] "GET /xingrg/javascript/jquery_easy_ui/themes/default/images/panel_tool_collapse.gif HTTP/1.1" 304 -
172.20.0.100 - - [12/Sep/2023:09:36:00 +0800] "GET /xingrg/javascript/jquery_easy_ui/themes/default/images/tabs_rightarrow.png HTTP/1.1" 304 -
172.20.0.100 - - [12/Sep/2023:09:36:00 +0800] "GET /xingrg/images/blue/pingpu.png HTTP/1.1" 304 -
172.20.0.100 - - [12/Sep/2023:09:36:00 +0800] "POST /xingrg/all/common/load_tree.html?tree=area_rest_tree_json&manage=1 HTTP/1.1" 200 3499
172.20.0.100 - - [12/Sep/2023:09:36:00 +0800] "POST /xingrg/load_menu.html HTTP/1.1" 200 9924
222.70.180.200 - - [12/Sep/2023:09:36:00 +0800] "GET /xingrg/all/function/internal_message.html?_=1694482561371&CODE_STATE=getMsg HTTP/1.1" 200 27
222.70.107.27 - - [12/Sep/2023:09:36:01 +0800] "GET /xingrg/all/function/internal_message.html?_=1694482561191&CODE_STATE=getMsg HTTP/1.1" 200 27
180.165.48.189 - - [12/Sep/2023:09:36:04 +0800] "GET /xingrg/kc/buy/cgsh_order_operate.html?command=get_materiel&rest_code=00108&code=00101009160&supplier_code=00100007&order_time=2023-09-12 HTTP/1.1" 200 415
172.20.0.100 - - [12/Sep/2023:09:36:04 +0800] "GET /xingrg/javascript/jquery_easy_ui/themes/default/images/tabs_close.gif HTTP/1.1" 200 829
172.20.0.100 - - [12/Sep/2023:09:36:04 +0800] "GET /xingrg/kc/report/report_main.html HTTP/1.1" 200 7320
172.20.0.100 - - [12/Sep/2023:09:36:04 +0800] "GET /xingrg/css/blue.css HTTP/1.1" 200 15949
172.20.0.100 - - [12/Sep/2023:09:36:04 +0800] "GET /xingrg/javascript/pic_change.js HTTP/1.1" 200 4739
172.20.0.100 - - [12/Sep/2023:09:36:04 +0800] "GET /xingrg/javascript/jquery_ui/themes/humanity/humanity.css HTTP/1.1" 200 27801
172.20.0.100 - - [12/Sep/2023:09:36:04 +0800] "GET /xingrg/javascript/myfunction.js HTTP/1.1" 200 24559
172.20.0.100 - - [12/Sep/2023:09:36:04 +0800] "GET /xingrg/javascript/json2.js HTTP/1.1" 200 11259
172.20.0.100 - - [12/Sep/2023:09:36:04 +0800] "GET /xingrg/javascript/jquery_easy_ui/themes/icons/back_new.png HTTP/1.1" 200 3414
222.70.244.80 - - [12/Sep/2023:09:36:05 +0800] "GET /xingrg/kc/buy/cgsh_order_add.html HTTP/1.1" 200 72268
222.70.244.80 - - [12/Sep/2023:09:36:06 +0800] "POST /xingrg/kc/buy/cgsh_order_operate.html HTTP/1.1" 200 8245
222.70.244.80 - - [12/Sep/2023:09:36:06 +0800] "GET /xingrg/javascript/easyui/themes/default/validatebox.css HTTP/1.1" 404 1104
172.20.0.100 - - [12/Sep/2023:09:36:08 +0800] "GET /xingrg/kc/buy/cgsh_order_list.html HTTP/1.1" 200 56727
172.20.0.100 - - [12/Sep/2023:09:36:08 +0800] "GET /xingrg/css/base.css HTTP/1.1" 200 2811
172.20.0.100 - - [12/Sep/2023:09:36:08 +0800] "GET /xingrg/css/site.css HTTP/1.1" 200 7541
172.20.0.100 - - [12/Sep/2023:09:36:08 +0800] "GET /xingrg/javascript/jquery_tools/datebox.css HTTP/1.1" 200 2597
172.20.0.100 - - [12/Sep/2023:09:36:08 +0800] "GET /xingrg/javascript/easyui/themes/default/easyui.css HTTP/1.1" 200 30432
172.20.0.100 - - [12/Sep/2023:09:36:08 +0800] "GET /xingrg/javascript/easyui/themes/icon.css HTTP/1.1" 200 4483
172.20.0.100 - - [12/Sep/2023:09:36:08 +0800] "GET /xingrg/javascript/jquery_tools/fix.css HTTP/1.1" 200 1702
172.20.0.100 - - [12/Sep/2023:09:36:08 +0800] "GET /xingrg/javascript/auto/jquery.autocomplete.css HTTP/1.1" 200 587
172.20.0.100 - - [12/Sep/2023:09:36:08 +0800] "GET /xingrg/javascript/jquery_tools/table.css HTTP/1.1" 200 1032
172.20.0.100 - - [12/Sep/2023:09:36:08 +0800] "GET /xingrg/javascript/jquery_tools/jquery.tools.min.js HTTP/1.1" 200 138801
172.20.0.100 - - [12/Sep/2023:09:36:08 +0800] "GET /xingrg/javascript/jquery_tools/jquery.tools.extend.js HTTP/1.1" 200 15385
172.20.0.100 - - [12/Sep/2023:09:36:08 +0800] "GET /xingrg/javascript/jquery_tools/jquery.tools.table.js HTTP/1.1" 200 6994
172.20.0.100 - - [12/Sep/2023:09:36:08 +0800] "GET /xingrg/javascript/jquery_tools/list_manager.js HTTP/1.1" 200 3652
172.20.0.100 - - [12/Sep/2023:09:36:08 +0800] "GET /xingrg/javascript/jquery_tools/jquery.tools.hotkey.js HTTP/1.1" 200 3242
172.20.0.100 - - [12/Sep/2023:09:36:08 +0800] "GET /xingrg/javascript/auto/jquery.autocomplete.js HTTP/1.1" 200 21624
172.20.0.100 - - [12/Sep/2023:09:36:08 +0800] "GET /xingrg/javascript/easyui/easyloader.js HTTP/1.1" 200 5975
172.20.0.100 - - [12/Sep/2023:09:36:08 +0800] "GET /xingrg/javascript/jquery.cookie.js HTTP/1.1" 200 5513
172.20.0.100 - - [12/Sep/2023:09:36:08 +0800] "GET /xingrg/javascript/print/LodopFuncs.js HTTP/1.1" 200 5121
172.20.0.100 - - [12/Sep/2023:09:36:08 +0800] "GET /xingrg/javascript/easyui/themes/icons/check_new.png HTTP/1.1" 200 3224
172.20.0.100 - - [12/Sep/2023:09:36:08 +0800] "GET /xingrg/javascript/easyui/themes/icons/cance_new.png HTTP/1.1" 200 3986
172.20.0.100 - - [12/Sep/2023:09:36:08 +0800] "GET /xingrg/javascript/easyui/themes/icons/uncheck_new.png HTTP/1.1" 200 3197
172.20.0.100 - - [12/Sep/2023:09:36:08 +0800] "GET /xingrg/javascript/easyui/themes/icons/field_new.png HTTP/1.1" 200 1097
172.20.0.100 - - [12/Sep/2023:09:36:08 +0800] "GET /xingrg/javascript/easyui/themes/icons/edit_add_new.png HTTP/1.1" 200 2997
172.20.0.100 - - [12/Sep/2023:09:36:08 +0800] "GET /xingrg/javascript/easyui/themes/icons/import_new.png HTTP/1.1" 200 1247
172.20.0.100 - - [12/Sep/2023:09:36:08 +0800] "GET /xingrg/javascript/easyui/plugins/jquery.parser.js HTTP/1.1" 200 1142
124.78.155.92 - - [12/Sep/2023:09:36:09 +0800] "POST /xingrg/kc/buy/cgsh_order_operate.html HTTP/1.1" 200 37
114.83.219.158 - - [12/Sep/2023:09:36:10 +0800] "GET /xingrg/all/function/internal_message.html?_=1694482569668&CODE_STATE=getMsg HTTP/1.1" 200 27
101.83.145.37 - - [12/Sep/2023:09:36:10 +0800] "GET /xingrg/all/function/internal_message.html?_=1694482360722&CODE_STATE=getMsg HTTP/1.1" 200 27
172.20.0.100 - - [12/Sep/2023:09:36:12 +0800] "POST /xingrg/kc/buy/cgsh_list_operate.html HTTP/1.1" 200 1853
124.78.155.92 - - [12/Sep/2023:09:36:12 +0800] "POST /xingrg/kc/buy/cgsh_order_operate.html HTTP/1.1" 200 13922
116.232.195.127 - - [12/Sep/2023:09:36:13 +0800] "GET /xingrg/all/function/internal_message.html?_=1694482451449&CODE_STATE=getMsg HTTP/1.1" 200 27
116.232.195.127 - - [12/Sep/2023:09:36:13 +0800] "GET /xingrg/check_reg.html?_=1694482451452 HTTP/1.1" 200 22
222.70.244.80 - - [12/Sep/2023:09:36:13 +0800] "GET /xingrg/all/function/internal_message.html?_=1694482578953&CODE_STATE=getMsg HTTP/1.1" 200 27
172.20.0.100 - - [12/Sep/2023:09:36:18 +0800] "GET /xingrg/javascript/auto/indicator.gif HTTP/1.1" 404 1066
120.253.135.82 - - [12/Sep/2023:09:36:19 +0800] "GET /xingrg/all/function/internal_message.html?_=1694482383386&CODE_STATE=getMsg HTTP/1.1" 200 27
180.165.48.189 - - [12/Sep/2023:09:36:20 +0800] "GET /xingrg/kc/buy/cgsh_order_operate.html?command=get_materiel&rest_code=00108&code=00101008558&supplier_code=00100007&order_time=2023-09-12 HTTP/1.1" 200 409
180.174.205.229 - - [12/Sep/2023:09:36:20 +0800] "GET /xingrg/all/function/internal_message.html?_=1694482579638&CODE_STATE=getMsg HTTP/1.1" 302 -
180.152.241.196 - - [12/Sep/2023:09:36:20 +0800] "GET /xingrg/all/function/internal_message.html?_=1694482580791&CODE_STATE=getMsg HTTP/1.1" 200 27
180.165.48.189 - - [12/Sep/2023:09:36:22 +0800] "POST /xingrg/kc/buy/cgsh_order_operate.html HTTP/1.1" 200 2065
124.78.155.92 - - [12/Sep/2023:09:36:26 +0800] "GET /xingrg/kc/buy/cgsh_order_operate.html?command=get_materiel&rest_code=00106&code=00101008176&supplier_code=00100007&order_time=2023-09-12 HTTP/1.1" 200 412
172.20.0.100 - - [12/Sep/2023:09:36:26 +0800] "GET /xingrg/javascript/jquery_tools/images/prev.gif HTTP/1.1" 404 1086
172.20.0.100 - - [12/Sep/2023:09:36:26 +0800] "GET /xingrg/javascript/jquery_tools/images/next.gif HTTP/1.1" 404 1086
180.165.48.189 - - [12/Sep/2023:09:36:29 +0800] "GET /xingrg/kc/buy/cgsh_order_operate.html?command=get_materiel&rest_code=00108&code=00101008150&supplier_code=00100007&order_time=2023-09-12 HTTP/1.1" 200 409
114.95.241.104 - - [12/Sep/2023:09:36:33 +0800] "GET /xingrg/check_reg.html?_=1694482592578 HTTP/1.1" 200 22
114.95.241.104 - - [12/Sep/2023:09:36:33 +0800] "GET /xingrg/all/function/internal_message.html?_=1694482592598&CODE_STATE=getMsg HTTP/1.1" 200 27
124.78.155.92 - - [12/Sep/2023:09:36:36 +0800] "GET /xingrg/kc/buy/cgsh_order_operate.html?command=get_materiel&rest_code=00106&code=00101008027&supplier_code=00100007&order_time=2023-09-12 HTTP/1.1" 200 409
172.20.0.100 - - [12/Sep/2023:09:36:37 +0800] "POST /xingrg/kc/buy/cgsh_list_operate.html HTTP/1.1" 200 2811
180.165.48.189 - - [12/Sep/2023:09:36:37 +0800] "GET /xingrg/kc/buy/cgsh_order_operate.html?command=get_materiel&rest_code=00108&code=00101008061&supplier_code=00100007&order_time=2023-09-12 HTTP/1.1" 200 422
124.78.155.92 - - [12/Sep/2023:09:36:44 +0800] "GET /xingrg/kc/buy/cgsh_order_operate.html?command=get_materiel&rest_code=00106&code=00101008244&supplier_code=00100007&order_time=2023-09-12 HTTP/1.1" 200 408
172.20.0.100 - - [12/Sep/2023:09:36:45 +0800] "POST /xingrg/kc/buy/cgsh_list_operate.html HTTP/1.1" 200 584
172.20.0.100 - - [12/Sep/2023:09:36:45 +0800] "GET /xingrg/javascript/easyui/themes/default/images/button_plain_hover.png HTTP/1.1" 200 144
180.165.48.189 - - [12/Sep/2023:09:36:49 +0800] "GET /xingrg/all/function/internal_message.html?_=1694482608154&CODE_STATE=getMsg HTTP/1.1" 200 27
180.165.48.189 - - [12/Sep/2023:09:36:49 +0800] "GET /xingrg/kc/buy/cgsh_order_operate.html?command=get_materiel&rest_code=00108&code=00101008095&supplier_code=00100007&order_time=2023-09-12 HTTP/1.1" 200 412
172.20.0.100 - - [12/Sep/2023:09:36:51 +0800] "POST /xingrg/kc/buy/cgsh_list_operate.html HTTP/1.1" 200 4
114.95.241.104 - - [12/Sep/2023:09:36:53 +0800] "GET /xingrg/all/function/internal_message.html?_=1694482497030&CODE_STATE=getMsg HTTP/1.1" 302 -
124.78.155.92 - - [12/Sep/2023:09:36:54 +0800] "GET /xingrg/kc/buy/cgsh_order_operate.html?command=get_materiel&rest_code=00106&code=00101008107&supplier_code=00100007&order_time=2023-09-12 HTTP/1.1" 200 412
124.78.155.92 - - [12/Sep/2023:09:36:55 +0800] "GET /xingrg/all/function/internal_message.html?_=1694482614415&CODE_STATE=getMsg HTTP/1.1" 200 27
124.78.155.92 - - [12/Sep/2023:09:36:55 +0800] "GET /xingrg/check_reg.html?_=1694482614790 HTTP/1.1" 200 22
180.169.147.146 - - [12/Sep/2023:09:36:56 +0800] "GET /xingrg/all/function/internal_message.html?_=1694482616385&CODE_STATE=getMsg HTTP/1.1" 302 -
222.69.145.204 - - [12/Sep/2023:09:36:57 +0800] "GET /xingrg/all/function/internal_message.html?_=1694482764598&CODE_STATE=getMsg HTTP/1.1" 200 27
124.78.155.92 - - [12/Sep/2023:09:36:57 +0800] "POST /xingrg/kc/buy/cgsh_order_operate.html HTTP/1.1" 200 2065
180.165.48.189 - - [12/Sep/2023:09:36:57 +0800] "GET /xingrg/kc/buy/cgsh_order_operate.html?command=get_materiel&rest_code=00108&code=00101008674&supplier_code=00100007&order_time=2023-09-12 HTTP/1.1" 200 412
172.20.0.100 - - [12/Sep/2023:09:37:00 +0800] "GET /xingrg/all/function/internal_message.html?_=1694482619435&CODE_STATE=getMsg HTTP/1.1" 200 27
222.70.180.200 - - [12/Sep/2023:09:37:00 +0800] "GET /xingrg/all/function/internal_message.html?_=1694482621375&CODE_STATE=getMsg HTTP/1.1" 200 27
222.70.107.27 - - [12/Sep/2023:09:37:01 +0800] "GET /xingrg/all/function/internal_message.html?_=1694482621190&CODE_STATE=getMsg HTTP/1.1" 200 27
222.70.107.27 - - [12/Sep/2023:09:37:01 +0800] "GET /xingrg/check_reg.html?_=1694482621192 HTTP/1.1" 200 22
172.20.0.100 - - [12/Sep/2023:09:37:03 +0800] "POST /xingrg/kc/buy/cgsh_list_operate.html HTTP/1.1" 200 2353
172.20.0.100 - - [12/Sep/2023:09:37:04 +0800] "GET /xingrg/system/info/materiel_manager.html HTTP/1.1" 200 19442
172.20.0.100 - - [12/Sep/2023:09:37:04 +0800] "GET /xingrg/css/xtree.css HTTP/1.1" 200 880
172.20.0.100 - - [12/Sep/2023:09:37:04 +0800] "GET /xingrg/javascript/jquery_ui/themes/base/base.css HTTP/1.1" 200 28568
172.20.0.100 - - [12/Sep/2023:09:37:04 +0800] "GET /xingrg/dwr/interface/AjaxComOrderService.js HTTP/1.1" 200 18264
172.20.0.100 - - [12/Sep/2023:09:37:04 +0800] "GET /xingrg/dwr/interface/AjaxBaseInfoService.js HTTP/1.1" 200 21363
172.20.0.100 - - [12/Sep/2023:09:37:04 +0800] "GET /xingrg/dwr/util.js HTTP/1.1" 200 35990
172.20.0.100 - - [12/Sep/2023:09:37:04 +0800] "GET /xingrg/dwr/engine.js HTTP/1.1" 200 43631
172.20.0.100 - - [12/Sep/2023:09:37:04 +0800] "GET /xingrg/javascript/Calendar.js HTTP/1.1" 200 31561
172.20.0.100 - - [12/Sep/2023:09:37:04 +0800] "GET /xingrg/javascript/Grid.js HTTP/1.1" 200 58908
172.20.0.100 - - [12/Sep/2023:09:37:04 +0800] "GET /xingrg/javascript/ToolTips.js HTTP/1.1" 200 5615
172.20.0.100 - - [12/Sep/2023:09:37:04 +0800] "GET /xingrg/javascript/xtree.js HTTP/1.1" 200 26582
172.20.0.100 - - [12/Sep/2023:09:37:04 +0800] "GET /xingrg/images/xtree/openfoldericon.png HTTP/1.1" 200 232
172.20.0.100 - - [12/Sep/2023:09:37:04 +0800] "GET /xingrg/javascript/jquery_easy_ui/themes/icons/import_new.png HTTP/1.1" 200 1247
172.20.0.100 - - [12/Sep/2023:09:37:04 +0800] "GET /xingrg/javascript/jquery_easy_ui/themes/icons/print_new.png HTTP/1.1" 200 3580
172.20.0.100 - - [12/Sep/2023:09:37:05 +0800] "GET /xingrg/images/blue/wait.gif HTTP/1.1" 200 1100
172.20.0.100 - - [12/Sep/2023:09:37:05 +0800] "POST /xingrg/dwr/call/plaincall/AjaxBaseInfoService.getSubMaterielSorts.dwr HTTP/1.1" 200 219
172.20.0.100 - - [12/Sep/2023:09:37:05 +0800] "GET /xingrg/images/xtree/Lplus.png HTTP/1.1" 200 224
172.20.0.100 - - [12/Sep/2023:09:37:05 +0800] "GET /xingrg/images/xtree/foldericon.png HTTP/1.1" 200 229
172.20.0.100 - - [12/Sep/2023:09:37:05 +0800] "GET /xingrg/images/xtree/Tplus.png HTTP/1.1" 200 222
172.20.0.100 - - [12/Sep/2023:09:37:05 +0800] "GET /xingrg/images/xtree/Lplus.png HTTP/1.1" 200 224
172.20.0.100 - - [12/Sep/2023:09:37:05 +0800] "POST /xingrg/dwr/call/plaincall/AjaxBaseInfoService.getMateriels.dwr HTTP/1.1" 200 2930
180.165.48.189 - - [12/Sep/2023:09:37:05 +0800] "GET /xingrg/kc/buy/cgsh_order_operate.html?command=get_materiel&rest_code=00108&code=00101008223&supplier_code=00100007&order_time=2023-09-12 HTTP/1.1" 200 412
180.165.48.189 - - [12/Sep/2023:09:37:08 +0800] "POST /xingrg/kc/buy/cgsh_order_operate.html HTTP/1.1" 200 2065
172.20.0.100 - - [12/Sep/2023:09:37:09 +0800] "POST /xingrg/dwr/call/plaincall/AjaxBaseInfoService.searchMateriels.dwr HTTP/1.1" 200 1402
114.83.219.158 - - [12/Sep/2023:09:37:10 +0800] "GET /xingrg/all/function/internal_message.html?_=1694482629654&CODE_STATE=getMsg HTTP/1.1" 200 27
101.83.145.37 - - [12/Sep/2023:09:37:10 +0800] "GET /xingrg/all/function/internal_message.html?_=1694482420723&CODE_STATE=getMsg HTTP/1.1" 200 27
222.70.244.80 - - [12/Sep/2023:09:37:12 +0800] "GET /xingrg/check_reg.html?_=1694482637499 HTTP/1.1" 200 22
116.232.195.127 - - [12/Sep/2023:09:37:13 +0800] "GET /xingrg/all/function/internal_message.html?_=1694482511445&CODE_STATE=getMsg HTTP/1.1" 200 27
222.70.244.80 - - [12/Sep/2023:09:37:13 +0800] "GET /xingrg/all/function/internal_message.html?_=1694482638966&CODE_STATE=getMsg HTTP/1.1" 200 27
180.165.48.189 - - [12/Sep/2023:09:37:19 +0800] "GET /xingrg/kc/buy/cgsh_order_operate.html?command=get_materiel&rest_code=00108&code=00101008290&supplier_code=00100007&order_time=2023-09-12 HTTP/1.1" 200 412
120.253.135.82 - - [12/Sep/2023:09:37:19 +0800] "GET /xingrg/all/function/internal_message.html?_=1694482443396&CODE_STATE=getMsg HTTP/1.1" 200 27
180.174.205.229 - - [12/Sep/2023:09:37:20 +0800] "GET /xingrg/all/function/internal_message.html?_=1694482639611&CODE_STATE=getMsg HTTP/1.1" 302 -
180.152.241.196 - - [12/Sep/2023:09:37:20 +0800] "GET /xingrg/all/function/internal_message.html?_=1694482640775&CODE_STATE=getMsg HTTP/1.1" 200 27
180.163.28.143 - - [12/Sep/2023:09:37:23 +0800] "GET /xingrg/kc/buy/cgsh_order_operate.html?command=get_materiel&rest_code=00106&code=00101008176&supplier_code=00100007&order_time=2023-09-12 HTTP/1.1" 302 -
180.163.28.143 - - [12/Sep/2023:09:37:23 +0800] "GET /xingrg/login.html HTTP/1.1" 200 7641
124.78.155.92 - - [12/Sep/2023:09:37:28 +0800] "GET /xingrg/kc/buy/cgsh_order_operate.html?command=get_materiel&rest_code=00106&code=00101008361&supplier_code=00100007&order_time=2023-09-12 HTTP/1.1" 200 408
180.165.48.189 - - [12/Sep/2023:09:37:28 +0800] "GET /xingrg/kc/buy/cgsh_order_operate.html?command=get_materiel&rest_code=00108&code=00101009044&supplier_code=00100007&order_time=2023-09-12 HTTP/1.1" 200 412
114.95.241.104 - - [12/Sep/2023:09:37:33 +0800] "GET /xingrg/all/function/internal_message.html?_=1694482652584&CODE_STATE=getMsg HTTP/1.1" 200 27
180.165.48.189 - - [12/Sep/2023:09:37:36 +0800] "GET /xingrg/kc/buy/cgsh_order_operate.html?command=get_materiel&rest_code=00108&code=00101015183&supplier_code=00100007&order_time=2023-09-12 HTTP/1.1" 200 421
180.165.48.189 - - [12/Sep/2023:09:37:48 +0800] "POST /xingrg/kc/buy/cgsh_order_operate.html HTTP/1.1" 200 37
180.165.48.189 - - [12/Sep/2023:09:37:49 +0800] "GET /xingrg/all/function/internal_message.html?_=1694482668154&CODE_STATE=getMsg HTTP/1.1" 200 27
180.165.48.189 - - [12/Sep/2023:09:37:49 +0800] "GET /xingrg/check_reg.html?_=1694482668155 HTTP/1.1" 200 22
180.165.48.189 - - [12/Sep/2023:09:37:49 +0800] "POST /xingrg/kc/buy/cgsh_order_operate.html HTTP/1.1" 200 31085
180.165.48.189 - - [12/Sep/2023:09:37:51 +0800] "GET /xingrg/kc/print/load_config.html?kc_code=cgsh HTTP/1.1" 200 1924
180.165.48.189 - - [12/Sep/2023:09:37:51 +0800] "GET /xingrg/kc/print/load_data.html?order_code=212023091204595&kc_code=cgsh&condition= HTTP/1.1" 200 11512
114.95.241.104 - - [12/Sep/2023:09:37:53 +0800] "GET /xingrg/all/function/internal_message.html?_=1694482557060&CODE_STATE=getMsg HTTP/1.1" 302 -
180.169.147.146 - - [12/Sep/2023:09:37:56 +0800] "GET /xingrg/all/function/internal_message.html?_=1694482676374&CODE_STATE=getMsg HTTP/1.1" 302 -
222.69.145.204 - - [12/Sep/2023:09:37:57 +0800] "GET /xingrg/all/function/internal_message.html?_=1694482824599&CODE_STATE=getMsg HTTP/1.1" 200 27
172.20.0.100 - - [12/Sep/2023:09:38:00 +0800] "GET /xingrg/all/function/internal_message.html?_=1694482679431&CODE_STATE=getMsg HTTP/1.1" 200 27
222.70.180.200 - - [12/Sep/2023:09:38:00 +0800] "GET /xingrg/all/function/internal_message.html?_=1694482681376&CODE_STATE=getMsg HTTP/1.1" 200 27
222.70.107.27 - - [12/Sep/2023:09:38:01 +0800] "GET /xingrg/all/function/internal_message.html?_=1694482681190&CODE_STATE=getMsg HTTP/1.1" 200 27
124.78.155.92 - - [12/Sep/2023:09:38:01 +0800] "POST /xingrg/kc/buy/cgsh_order_operate.html HTTP/1.1" 200 37
114.83.219.158 - - [12/Sep/2023:09:38:02 +0800] "GET /xingrg/check_reg.html?_=1694482682418 HTTP/1.1" 200 22
124.78.155.92 - - [12/Sep/2023:09:38:03 +0800] "POST /xingrg/kc/buy/cgsh_order_operate.html HTTP/1.1" 200 19230
114.83.219.158 - - [12/Sep/2023:09:38:10 +0800] "GET /xingrg/all/function/internal_message.html?_=1694482689631&CODE_STATE=getMsg HTTP/1.1" 200 27
101.83.145.37 - - [12/Sep/2023:09:38:10 +0800] "GET /xingrg/check_reg.html?_=1694482480723 HTTP/1.1" 200 22
101.83.145.37 - - [12/Sep/2023:09:38:10 +0800] "GET /xingrg/all/function/internal_message.html?_=1694482480726&CODE_STATE=getMsg HTTP/1.1" 200 27
124.78.155.92 - - [12/Sep/2023:09:38:13 +0800] "GET /xingrg/kc/buy/cgsh_order_operate.html?command=get_materiel&rest_code=00106&code=00101008213&supplier_code=00100007&order_time=2023-09-12 HTTP/1.1" 200 412
116.232.195.127 - - [12/Sep/2023:09:38:13 +0800] "GET /xingrg/all/function/internal_message.html?_=1694482571444&CODE_STATE=getMsg HTTP/1.1" 200 27
222.70.244.80 - - [12/Sep/2023:09:38:13 +0800] "GET /xingrg/all/function/internal_message.html?_=1694482698979&CODE_STATE=getMsg HTTP/1.1" 200 27
120.253.135.82 - - [12/Sep/2023:09:38:19 +0800] "GET /xingrg/check_reg.html?_=1694482503092 HTTP/1.1" 200 22
120.253.135.82 - - [12/Sep/2023:09:38:19 +0800] "GET /xingrg/all/function/internal_message.html?_=1694482503410&CODE_STATE=getMsg HTTP/1.1" 200 27
180.174.205.229 - - [12/Sep/2023:09:38:20 +0800] "GET /xingrg/all/function/internal_message.html?_=1694482699581&CODE_STATE=getMsg HTTP/1.1" 302 -
180.152.241.196 - - [12/Sep/2023:09:38:20 +0800] "GET /xingrg/all/function/internal_message.html?_=1694482700752&CODE_STATE=getMsg HTTP/1.1" 200 27
124.78.155.92 - - [12/Sep/2023:09:38:24 +0800] "GET /xingrg/kc/buy/cgsh_order_operate.html?command=get_materiel&rest_code=00106&code=00101008101&supplier_code=00100007&order_time=2023-09-12 HTTP/1.1" 200 412
114.95.241.104 - - [12/Sep/2023:09:38:33 +0800] "GET /xingrg/all/function/internal_message.html?_=1694482712586&CODE_STATE=getMsg HTTP/1.1" 200 27
124.78.155.92 - - [12/Sep/2023:09:38:34 +0800] "GET /xingrg/kc/buy/cgsh_order_operate.html?command=get_materiel&rest_code=00106&code=00101008298&supplier_code=00100007&order_time=2023-09-12 HTTP/1.1" 200 412
114.95.241.104 - - [12/Sep/2023:09:38:34 +0800] "GET /xingrg/kc/buy/cgsh_order_operate.html?command=get_materiel&rest_code=00150&code=00101008360&supplier_code=00100008&order_time=2023-09-12 HTTP/1.1" 200 412
124.78.155.92 - - [12/Sep/2023:09:38:42 +0800] "GET /xingrg/kc/buy/cgsh_order_operate.html?command=get_materiel&rest_code=00106&code=00101008283&supplier_code=00100007&order_time=2023-09-12 HTTP/1.1" 200 408
222.69.145.204 - - [12/Sep/2023:09:38:47 +0800] "GET /xingrg/check_reg.html?_=1694482874837 HTTP/1.1" 200 22
180.165.48.189 - - [12/Sep/2023:09:38:49 +0800] "GET /xingrg/all/function/internal_message.html?_=1694482728166&CODE_STATE=getMsg HTTP/1.1" 200 27
114.95.241.104 - - [12/Sep/2023:09:38:49 +0800] "POST /xingrg/kc/buy/cgsh_order_operate.html HTTP/1.1" 200 2065
222.70.244.80 - - [12/Sep/2023:09:38:52 +0800] "GET /xingrg/kc/buy/cgsh_order_operate.html?command=get_materiel&rest_code=00146&code=00101006372&supplier_code=00100012&order_time=2023-09-12 HTTP/1.1" 200 407
114.95.241.104 - - [12/Sep/2023:09:38:53 +0800] "GET /xingrg/all/function/internal_message.html?_=1694482617073&CODE_STATE=getMsg HTTP/1.1" 302 -
124.78.155.92 - - [12/Sep/2023:09:38:55 +0800] "GET /xingrg/all/function/internal_message.html?_=1694482734423&CODE_STATE=getMsg HTTP/1.1" 200 27
114.95.241.104 - - [12/Sep/2023:09:38:55 +0800] "GET /xingrg/kc/buy/cgsh_order_operate.html?command=get_materiel&rest_code=00150&code=00101008038&supplier_code=00100008&order_time=2023-09-12 HTTP/1.1" 200 412
180.169.147.146 - - [12/Sep/2023:09:38:56 +0800] "GET /xingrg/all/function/internal_message.html?_=1694482736377&CODE_STATE=getMsg HTTP/1.1" 302 -
222.69.145.204 - - [12/Sep/2023:09:38:57 +0800] "GET /xingrg/all/function/internal_message.html?_=1694482884575&CODE_STATE=getMsg HTTP/1.1" 200 27
124.78.155.92 - - [12/Sep/2023:09:38:57 +0800] "POST /xingrg/kc/buy/cgsh_order_operate.html HTTP/1.1" 200 2065
172.20.0.100 - - [12/Sep/2023:09:39:00 +0800] "GET /xingrg/all/function/internal_message.html?_=1694482739432&CODE_STATE=getMsg HTTP/1.1" 200 27
222.70.180.200 - - [12/Sep/2023:09:39:00 +0800] "GET /xingrg/all/function/internal_message.html?_=1694482741378&CODE_STATE=getMsg HTTP/1.1" 200 27
222.70.107.27 - - [12/Sep/2023:09:39:01 +0800] "GET /xingrg/all/function/internal_message.html?_=1694482741189&CODE_STATE=getMsg HTTP/1.1" 200 27
114.83.219.158 - - [12/Sep/2023:09:39:09 +0800] "GET /xingrg/all/function/internal_message.html?_=1694482749601&CODE_STATE=getMsg HTTP/1.1" 200 27
