114.83.219.158 - - [12/Sep/2023:09:25:46 +0800] "POST /xingrg/kc/buy/cgsh_order_operate.html HTTP/1.1" 200 12
180.165.48.189 - - [12/Sep/2023:09:25:49 +0800] "GET /xingrg/all/function/internal_message.html?_=1694481948166&CODE_STATE=getMsg HTTP/1.1" 200 27
222.69.145.204 - - [12/Sep/2023:09:25:50 +0800] "POST /xingrg/kc/base/wldb_order_operate.html HTTP/1.1" 200 37
114.83.219.158 - - [12/Sep/2023:09:25:52 +0800] "GET /xingrg/kc/buy/cgsh_order_info.html?code=212023091204591 HTTP/1.1" 200 67255
114.95.241.104 - - [12/Sep/2023:09:25:52 +0800] "POST /xingrg/kc/buy/cgsh_order_operate.html HTTP/1.1" 200 37
114.83.219.158 - - [12/Sep/2023:09:25:52 +0800] "GET /xingrg/javascript/easyui/themes/default/validatebox.css HTTP/1.1" 404 1104
114.95.241.104 - - [12/Sep/2023:09:25:53 +0800] "GET /xingrg/all/function/internal_message.html?_=1694481836821&CODE_STATE=getMsg HTTP/1.1" 302 -
114.83.219.158 - - [12/Sep/2023:09:25:53 +0800] "POST /xingrg/kc/buy/cgsh_order_operate.html HTTP/1.1" 200 5952
114.95.241.104 - - [12/Sep/2023:09:25:54 +0800] "POST /xingrg/kc/buy/cgsh_order_operate.html HTTP/1.1" 200 3835
180.163.29.206 - - [12/Sep/2023:09:25:55 +0800] "GET /xingrg/all/function/internal_message.html?_=1694481894468&CODE_STATE=getMsg HTTP/1.1" 302 -
180.163.29.206 - - [12/Sep/2023:09:25:55 +0800] "GET /xingrg/login.html HTTP/1.1" 200 7641
124.78.155.92 - - [12/Sep/2023:09:25:55 +0800] "GET /xingrg/all/function/internal_message.html?_=1694481954454&CODE_STATE=getMsg HTTP/1.1" 200 27
180.169.147.146 - - [12/Sep/2023:09:25:56 +0800] "GET /xingrg/all/function/internal_message.html?_=1694481956371&CODE_STATE=getMsg HTTP/1.1" 302 -
180.169.147.146 - - [12/Sep/2023:09:25:56 +0800] "GET /xingrg/check_reg.html?_=1694481956374 HTTP/1.1" 302 -
222.69.145.204 - - [12/Sep/2023:09:25:57 +0800] "GET /xingrg/all/function/internal_message.html?_=1694482104785&CODE_STATE=getMsg HTTP/1.1" 200 27
222.69.145.204 - - [12/Sep/2023:09:25:57 +0800] "POST /xingrg/kc/base/wldb_order_operate.html HTTP/1.1" 200 12
222.69.145.204 - - [12/Sep/2023:09:25:57 +0800] "POST /xingrg/kc/base/wldb_order_operate.html HTTP/1.1" 200 8289
114.95.241.104 - - [12/Sep/2023:09:25:58 +0800] "GET /xingrg/all/function/internal_message.html?_=1694481956875&CODE_STATE=getMsg HTTP/1.1" 200 27
222.69.145.204 - - [12/Sep/2023:09:25:59 +0800] "GET /xingrg/kc/base/wldb_order_info.html?code=422023091201140 HTTP/1.1" 200 26340
222.69.145.204 - - [12/Sep/2023:09:26:00 +0800] "GET /xingrg/javascript/easyui/themes/default/validatebox.css HTTP/1.1" 404 1104
222.69.145.204 - - [12/Sep/2023:09:26:00 +0800] "POST /xingrg/kc/base/wldb_order_operate.html HTTP/1.1" 200 6439
222.70.180.200 - - [12/Sep/2023:09:26:00 +0800] "GET /xingrg/all/function/internal_message.html?_=1694481961371&CODE_STATE=getMsg HTTP/1.1" 200 27
222.70.107.27 - - [12/Sep/2023:09:26:01 +0800] "GET /xingrg/all/function/internal_message.html?_=1694481961168&CODE_STATE=getMsg HTTP/1.1" 200 27
114.95.241.104 - - [12/Sep/2023:09:26:04 +0800] "GET /xingrg/kc/buy/cgsh_order_list.html HTTP/1.1" 200 56492
114.95.241.104 - - [12/Sep/2023:09:26:07 +0800] "POST /xingrg/kc/buy/cgsh_list_operate.html HTTP/1.1" 200 1865
114.83.219.158 - - [12/Sep/2023:09:26:10 +0800] "GET /xingrg/all/function/internal_message.html?_=1694481969861&CODE_STATE=getMsg HTTP/1.1" 200 27
101.83.145.37 - - [12/Sep/2023:09:26:10 +0800] "GET /xingrg/all/function/internal_message.html?_=1694481760716&CODE_STATE=getMsg HTTP/1.1" 200 27
222.70.244.80 - - [12/Sep/2023:09:26:12 +0800] "GET /xingrg/all/function/internal_message.html?_=1694481978005&CODE_STATE=getMsg HTTP/1.1" 200 27
116.232.195.127 - - [12/Sep/2023:09:26:13 +0800] "GET /xingrg/all/function/internal_message.html?_=1694481851435&CODE_STATE=getMsg HTTP/1.1" 200 27
116.232.195.127 - - [12/Sep/2023:09:26:13 +0800] "GET /xingrg/check_reg.html?_=1694481851438 HTTP/1.1" 200 22
120.253.135.82 - - [12/Sep/2023:09:26:19 +0800] "GET /xingrg/all/function/internal_message.html?_=1694481783251&CODE_STATE=getMsg HTTP/1.1" 200 27
180.174.205.229 - - [12/Sep/2023:09:26:20 +0800] "GET /xingrg/all/function/internal_message.html?_=1694481979836&CODE_STATE=getMsg HTTP/1.1" 302 -
180.152.241.196 - - [12/Sep/2023:09:26:20 +0800] "GET /xingrg/all/function/internal_message.html?_=1694481980903&CODE_STATE=getMsg HTTP/1.1" 200 27
114.95.241.104 - - [12/Sep/2023:09:26:21 +0800] "GET /xingrg/login.html HTTP/1.1" 200 7641
114.95.241.104 - - [12/Sep/2023:09:26:23 +0800] "GET /favicon.ico HTTP/1.1" 404 -
114.95.241.104 - - [12/Sep/2023:09:26:29 +0800] "POST /xingrg/login.do HTTP/1.1" 302 -
114.95.241.104 - - [12/Sep/2023:09:26:29 +0800] "GET /xingrg/index.html?sysBaseUrl=http%3A%2F%2F180.169.147.146%3A18081%2Fxingrg%2F&costTime=847×tamp=1694481989396 HTTP/1.1" 200 17177
114.95.241.104 - - [12/Sep/2023:09:26:29 +0800] "POST /xingrg/all/common/load_tree.html?tree=area_rest_tree_json&manage=1 HTTP/1.1" 200 476
114.95.241.104 - - [12/Sep/2023:09:26:29 +0800] "GET /xingrg/check_reg.html?_=1694481988517 HTTP/1.1" 200 22
114.95.241.104 - - [12/Sep/2023:09:26:29 +0800] "GET /xingrg/all/function/internal_message.html?_=1694481988515&CODE_STATE=count HTTP/1.1" 200 11
114.95.241.104 - - [12/Sep/2023:09:26:29 +0800] "GET /favicon.ico HTTP/1.1" 404 -
114.95.241.104 - - [12/Sep/2023:09:26:29 +0800] "POST /xingrg/load_menu.html HTTP/1.1" 200 5138
114.95.241.104 - - [12/Sep/2023:09:26:33 +0800] "POST /xingrg/all/user/operate.html HTTP/1.1" 200 36
114.95.241.104 - - [12/Sep/2023:09:26:33 +0800] "GET /xingrg/index.html?sysBaseUrl=http%3A%2F%2F180.169.147.146%3A18081%2Fxingrg%2F&costTime=847×tamp=1694481989396 HTTP/1.1" 200 17179
114.95.241.104 - - [12/Sep/2023:09:26:33 +0800] "GET /xingrg/javascript/jquery_easy_ui/themes/default/easyui.css HTTP/1.1" 304 -
114.95.241.104 - - [12/Sep/2023:09:26:33 +0800] "GET /xingrg/javascript/jquery_easy_ui/themes/icon.css HTTP/1.1" 304 -
114.95.241.104 - - [12/Sep/2023:09:26:33 +0800] "GET /xingrg/css/form.css HTTP/1.1" 304 -
114.95.241.104 - - [12/Sep/2023:09:26:33 +0800] "GET /xingrg/javascript/jquery-1.4.2.min.js HTTP/1.1" 304 -
114.95.241.104 - - [12/Sep/2023:09:26:33 +0800] "GET /xingrg/javascript/jquery_easy_ui/jquery.easyui.min.js HTTP/1.1" 304 -
114.95.241.104 - - [12/Sep/2023:09:26:33 +0800] "GET /xingrg/javascript/jquery_easy_ui/easyui-lang-zh_CN.js HTTP/1.1" 304 -
114.95.241.104 - - [12/Sep/2023:09:26:33 +0800] "GET /xingrg/javascript/jquery.form.js HTTP/1.1" 304 -
114.95.241.104 - - [12/Sep/2023:09:26:33 +0800] "GET /xingrg/javascript/jquery.utils.js HTTP/1.1" 304 -
114.95.241.104 - - [12/Sep/2023:09:26:33 +0800] "GET /xingrg/javascript/jquery.timers.js HTTP/1.1" 304 -
114.95.241.104 - - [12/Sep/2023:09:26:33 +0800] "GET /xingrg/images/blue/jxLogo.png HTTP/1.1" 304 -
114.95.241.104 - - [12/Sep/2023:09:26:33 +0800] "GET /xingrg/images/blue/navBackgound.jpg HTTP/1.1" 304 -
114.95.241.104 - - [12/Sep/2023:09:26:33 +0800] "GET /xingrg/javascript/jquery_easy_ui/themes/icons/settle_new.png HTTP/1.1" 304 -
114.95.241.104 - - [12/Sep/2023:09:26:33 +0800] "GET /xingrg/all/function/internal_message.html?_=1694481992548&CODE_STATE=count HTTP/1.1" 200 11
114.95.241.104 - - [12/Sep/2023:09:26:33 +0800] "GET /xingrg/check_reg.html?_=1694481992550 HTTP/1.1" 200 22
114.95.241.104 - - [12/Sep/2023:09:26:33 +0800] "GET /xingrg/images/blue/pingpu.png HTTP/1.1" 304 -
114.95.241.104 - - [12/Sep/2023:09:26:33 +0800] "GET /xingrg/javascript/jquery_easy_ui/themes/default/images/tabs_leftarrow.png HTTP/1.1" 304 -
114.95.241.104 - - [12/Sep/2023:09:26:33 +0800] "POST /xingrg/all/common/load_tree.html?tree=area_rest_tree_json&manage=1 HTTP/1.1" 200 476
114.95.241.104 - - [12/Sep/2023:09:26:33 +0800] "POST /xingrg/load_menu.html HTTP/1.1" 200 5138
114.95.241.104 - - [12/Sep/2023:09:26:34 +0800] "GET /xingrg/javascript/jquery_easy_ui/themes/icons/forms_new.png HTTP/1.1" 304 -
114.95.241.104 - - [12/Sep/2023:09:26:34 +0800] "GET /xingrg/javascript/jquery_easy_ui/themes/icons/search_new.png HTTP/1.1" 304 -
114.95.241.104 - - [12/Sep/2023:09:26:34 +0800] "GET /xingrg/javascript/jquery_easy_ui/themes/default/images/tree_folder.gif HTTP/1.1" 304 -
114.95.241.104 - - [12/Sep/2023:09:26:34 +0800] "GET /xingrg/javascript/jquery_easy_ui/themes/icons/storage_new.png HTTP/1.1" 304 -
114.95.241.104 - - [12/Sep/2023:09:26:34 +0800] "GET /xingrg/javascript/jquery_easy_ui/themes/default/images/tree_file.gif HTTP/1.1" 304 -
114.95.241.104 - - [12/Sep/2023:09:26:34 +0800] "GET /xingrg/javascript/jquery_easy_ui/themes/default/images/tree_arrows.gif HTTP/1.1" 304 -
114.95.241.104 - - [12/Sep/2023:09:26:34 +0800] "GET /xingrg/javascript/jquery_easy_ui/themes/default/images/panel_tool_collapse.gif HTTP/1.1" 304 -
114.95.241.104 - - [12/Sep/2023:09:26:34 +0800] "GET /xingrg/javascript/jquery_easy_ui/themes/default/images/tabs_rightarrow.png HTTP/1.1" 304 -
114.95.241.104 - - [12/Sep/2023:09:26:34 +0800] "GET /xingrg/javascript/jquery_easy_ui/themes/default/images/tree_folder_open.gif HTTP/1.1" 304 -
114.83.219.158 - - [12/Sep/2023:09:26:36 +0800] "GET /xingrg/kc/print/load_data.html?order_code=212023091204591&kc_code=cgsh&condition= HTTP/1.1" 200 2727
114.95.241.104 - - [12/Sep/2023:09:26:36 +0800] "GET /xingrg/kc/buy/cgsh_order_list.html HTTP/1.1" 200 56492
114.95.241.104 - - [12/Sep/2023:09:26:40 +0800] "POST /xingrg/kc/buy/cgsh_list_operate.html HTTP/1.1" 200 1865
114.95.241.104 - - [12/Sep/2023:09:26:42 +0800] "POST /xingrg/kc/buy/cgsh_list_operate.html HTTP/1.1" 200 349
114.95.241.104 - - [12/Sep/2023:09:26:44 +0800] "GET /xingrg/kc/buy/cgsh_order_info.html?code=212023091204583 HTTP/1.1" 200 72321
114.95.241.104 - - [12/Sep/2023:09:26:44 +0800] "GET /xingrg/javascript/easyui/themes/default/validatebox.css HTTP/1.1" 404 1104
114.95.241.104 - - [12/Sep/2023:09:26:44 +0800] "GET /xingrg/all/common/auto_word.html?type=employee&rest_code=00150 HTTP/1.1" 200 159
114.95.241.104 - - [12/Sep/2023:09:26:44 +0800] "GET /xingrg/all/common/auto_word.html?type=employee&rest_code=00150 HTTP/1.1" 200 159
114.95.241.104 - - [12/Sep/2023:09:26:45 +0800] "POST /xingrg/kc/buy/cgsh_order_operate.html HTTP/1.1" 200 3835
222.70.180.200 - - [12/Sep/2023:09:26:46 +0800] "GET /xingrg/kc/buy/cgsh_order_add.html HTTP/1.1" 200 72218
222.70.180.200 - - [12/Sep/2023:09:26:46 +0800] "POST /xingrg/kc/buy/cgsh_order_operate.html HTTP/1.1" 200 8245
222.70.180.200 - - [12/Sep/2023:09:26:46 +0800] "GET /xingrg/javascript/easyui/themes/default/validatebox.css HTTP/1.1" 404 1104
180.165.48.189 - - [12/Sep/2023:09:26:49 +0800] "GET /xingrg/all/function/internal_message.html?_=1694482008158&CODE_STATE=getMsg HTTP/1.1" 200 27
114.95.241.104 - - [12/Sep/2023:09:26:52 +0800] "POST /xingrg/kc/buy/cgsh_order_operate.html HTTP/1.1" 200 12
114.95.241.104 - - [12/Sep/2023:09:26:53 +0800] "GET /xingrg/all/function/internal_message.html?_=1694481896832&CODE_STATE=getMsg HTTP/1.1" 302 -
124.78.155.92 - - [12/Sep/2023:09:26:55 +0800] "GET /xingrg/all/function/internal_message.html?_=1694482014426&CODE_STATE=getMsg HTTP/1.1" 200 27
124.78.155.92 - - [12/Sep/2023:09:26:55 +0800] "GET /xingrg/check_reg.html?_=1694482014822 HTTP/1.1" 200 22
114.95.241.104 - - [12/Sep/2023:09:26:56 +0800] "POST /xingrg/kc/buy/cgsh_list_operate.html HTTP/1.1" 200 986
180.163.29.217 - - [12/Sep/2023:09:26:56 +0800] "GET /xingrg/check_reg.html?_=1694481956374 HTTP/1.1" 302 -
180.163.29.217 - - [12/Sep/2023:09:26:56 +0800] "GET /xingrg/login.html HTTP/1.1" 200 7641
180.169.147.146 - - [12/Sep/2023:09:26:56 +0800] "GET /xingrg/all/function/internal_message.html?_=1694482016375&CODE_STATE=getMsg HTTP/1.1" 302 -
222.69.145.204 - - [12/Sep/2023:09:26:57 +0800] "GET /xingrg/all/function/internal_message.html?_=1694482164768&CODE_STATE=getMsg HTTP/1.1" 200 27
114.95.241.104 - - [12/Sep/2023:09:26:57 +0800] "GET /xingrg/kc/buy/cgsh_order_add.html HTTP/1.1" 200 72312
114.95.241.104 - - [12/Sep/2023:09:26:58 +0800] "POST /xingrg/kc/buy/cgsh_order_operate.html HTTP/1.1" 200 8245
114.95.241.104 - - [12/Sep/2023:09:26:58 +0800] "GET /xingrg/javascript/easyui/themes/default/validatebox.css HTTP/1.1" 404 1104
114.95.241.104 - - [12/Sep/2023:09:26:59 +0800] "GET /xingrg/javascript/auto/indicator.gif HTTP/1.1" 404 1066
222.70.180.200 - - [12/Sep/2023:09:27:00 +0800] "GET /xingrg/all/function/internal_message.html?_=1694482021360&CODE_STATE=getMsg HTTP/1.1" 200 27
222.70.107.27 - - [12/Sep/2023:09:27:01 +0800] "GET /xingrg/all/function/internal_message.html?_=1694482021168&CODE_STATE=getMsg HTTP/1.1" 200 27
222.70.107.27 - - [12/Sep/2023:09:27:01 +0800] "GET /xingrg/check_reg.html?_=1694482021169 HTTP/1.1" 200 22
114.83.219.158 - - [12/Sep/2023:09:27:10 +0800] "GET /xingrg/all/function/internal_message.html?_=1694482029853&CODE_STATE=getMsg HTTP/1.1" 200 27
101.83.145.37 - - [12/Sep/2023:09:27:10 +0800] "GET /xingrg/all/function/internal_message.html?_=1694481820717&CODE_STATE=getMsg HTTP/1.1" 200 27
222.70.244.80 - - [12/Sep/2023:09:27:12 +0800] "GET /xingrg/check_reg.html?_=1694482037494 HTTP/1.1" 200 22
222.70.244.80 - - [12/Sep/2023:09:27:13 +0800] "GET /xingrg/all/function/internal_message.html?_=1694482038314&CODE_STATE=getMsg HTTP/1.1" 200 27
116.232.195.127 - - [12/Sep/2023:09:27:13 +0800] "GET /xingrg/all/function/internal_message.html?_=1694481911449&CODE_STATE=getMsg HTTP/1.1" 200 27
114.95.241.104 - - [12/Sep/2023:09:27:14 +0800] "GET /xingrg/kc/buy/cgsh_order_operate.html?command=get_materiel&rest_code=00150&code=00101008175&supplier_code=00100008&order_time=2023-09-12 HTTP/1.1" 200 412
222.70.180.200 - - [12/Sep/2023:09:27:15 +0800] "GET /xingrg/javascript/jquery_tools/images/prev.gif HTTP/1.1" 404 1086
222.70.180.200 - - [12/Sep/2023:09:27:15 +0800] "GET /xingrg/javascript/jquery_tools/images/next.gif HTTP/1.1" 404 1086
120.253.135.82 - - [12/Sep/2023:09:27:19 +0800] "GET /xingrg/all/function/internal_message.html?_=1694481843260&CODE_STATE=getMsg HTTP/1.1" 200 27
180.174.205.229 - - [12/Sep/2023:09:27:20 +0800] "GET /xingrg/all/function/internal_message.html?_=1694482039809&CODE_STATE=getMsg HTTP/1.1" 302 -
180.152.241.196 - - [12/Sep/2023:09:27:20 +0800] "GET /xingrg/all/function/internal_message.html?_=1694482040896&CODE_STATE=getMsg HTTP/1.1" 200 27
124.79.246.190 - - [12/Sep/2023:09:27:21 +0800] "POST /xingrg/services/DataTransmitService HTTP/1.1" 200 524
114.95.241.104 - - [12/Sep/2023:09:27:33 +0800] "GET /xingrg/all/function/internal_message.html?_=1694482052569&CODE_STATE=getMsg HTTP/1.1" 200 27
222.70.180.200 - - [12/Sep/2023:09:27:41 +0800] "GET /xingrg/kc/buy/cgsh_order_operate.html?command=get_materiel&rest_code=00111&code=00101002027&supplier_code=00100199&order_time=2023-09-12 HTTP/1.1" 200 415
114.95.241.104 - - [12/Sep/2023:09:27:45 +0800] "GET /xingrg/kc/buy/cgsh_order_operate.html?command=get_materiel&rest_code=00150&code=00101008248&supplier_code=00100008&order_time=2023-09-12 HTTP/1.1" 200 412
180.165.48.189 - - [12/Sep/2023:09:27:49 +0800] "GET /xingrg/check_reg.html?_=1694482068177 HTTP/1.1" 200 22
180.165.48.189 - - [12/Sep/2023:09:27:49 +0800] "GET /xingrg/all/function/internal_message.html?_=1694482068174&CODE_STATE=getMsg HTTP/1.1" 200 27
114.95.241.104 - - [12/Sep/2023:09:27:53 +0800] "GET /xingrg/kc/buy/cgsh_order_operate.html?command=get_materiel&rest_code=00150&code=00101008261&supplier_code=00100008&order_time=2023-09-12 HTTP/1.1" 200 429
114.95.241.104 - - [12/Sep/2023:09:27:53 +0800] "GET /xingrg/all/function/internal_message.html?_=1694481956862&CODE_STATE=getMsg HTTP/1.1" 302 -
180.163.28.109 - - [12/Sep/2023:09:27:55 +0800] "GET /xingrg/all/function/internal_message.html?_=1694482014426&CODE_STATE=getMsg HTTP/1.1" 302 -
180.163.28.109 - - [12/Sep/2023:09:27:55 +0800] "GET /xingrg/login.html HTTP/1.1" 200 7641
124.78.155.92 - - [12/Sep/2023:09:27:55 +0800] "GET /xingrg/all/function/internal_message.html?_=1694482074402&CODE_STATE=getMsg HTTP/1.1" 200 27
180.163.29.206 - - [12/Sep/2023:09:27:55 +0800] "GET /xingrg/check_reg.html?_=1694482014822 HTTP/1.1" 302 -
180.163.29.206 - - [12/Sep/2023:09:27:55 +0800] "GET /xingrg/login.html HTTP/1.1" 200 7641
180.169.147.146 - - [12/Sep/2023:09:27:56 +0800] "GET /xingrg/all/function/internal_message.html?_=1694482076367&CODE_STATE=getMsg HTTP/1.1" 302 -
222.69.145.204 - - [12/Sep/2023:09:27:57 +0800] "GET /xingrg/all/function/internal_message.html?_=1694482224750&CODE_STATE=getMsg HTTP/1.1" 200 27
180.165.48.189 - - [12/Sep/2023:09:28:00 +0800] "GET /xingrg/kc/buy/cgsh_order_operate.html?command=get_materiel&rest_code=00108&code=00101009011&supplier_code=00100007&order_time=2023-09-12 HTTP/1.1" 200 416
222.70.180.200 - - [12/Sep/2023:09:28:00 +0800] "GET /xingrg/all/function/internal_message.html?_=1694482081368&CODE_STATE=getMsg HTTP/1.1" 200 27
222.70.107.27 - - [12/Sep/2023:09:28:01 +0800] "GET /xingrg/all/function/internal_message.html?_=1694482081167&CODE_STATE=getMsg HTTP/1.1" 200 27
114.95.241.104 - - [12/Sep/2023:09:28:01 +0800] "GET /xingrg/kc/buy/cgsh_order_operate.html?command=get_materiel&rest_code=00150&code=00101008337&supplier_code=00100008&order_time=2023-09-12 HTTP/1.1" 200 408
114.83.219.158 - - [12/Sep/2023:09:28:02 +0800] "GET /xingrg/check_reg.html?_=1694482082413 HTTP/1.1" 200 22
114.83.219.158 - - [12/Sep/2023:09:28:10 +0800] "GET /xingrg/all/function/internal_message.html?_=1694482089828&CODE_STATE=getMsg HTTP/1.1" 200 27
101.83.145.37 - - [12/Sep/2023:09:28:10 +0800] "GET /xingrg/check_reg.html?_=1694481880718 HTTP/1.1" 200 22
101.83.145.37 - - [12/Sep/2023:09:28:10 +0800] "GET /xingrg/all/function/internal_message.html?_=1694481880721&CODE_STATE=getMsg HTTP/1.1" 200 27
114.95.241.104 - - [12/Sep/2023:09:28:11 +0800] "GET /xingrg/kc/buy/cgsh_order_operate.html?command=get_materiel&rest_code=00150&code=00101008080&supplier_code=00100008&order_time=2023-09-12 HTTP/1.1" 200 416
180.165.48.189 - - [12/Sep/2023:09:28:11 +0800] "GET /xingrg/kc/buy/cgsh_order_operate.html?command=get_materiel&rest_code=00108&code=00101009124&supplier_code=00100007&order_time=2023-09-12 HTTP/1.1" 200 416
222.70.244.80 - - [12/Sep/2023:09:28:13 +0800] "GET /xingrg/all/function/internal_message.html?_=1694482098530&CODE_STATE=getMsg HTTP/1.1" 200 27
116.232.195.127 - - [12/Sep/2023:09:28:13 +0800] "GET /xingrg/all/function/internal_message.html?_=1694481971452&CODE_STATE=getMsg HTTP/1.1" 200 27
120.253.135.82 - - [12/Sep/2023:09:28:18 +0800] "GET /xingrg/check_reg.html?_=1694481903071 HTTP/1.1" 200 22
120.253.135.82 - - [12/Sep/2023:09:28:19 +0800] "GET /xingrg/all/function/internal_message.html?_=1694481903273&CODE_STATE=getMsg HTTP/1.1" 200 27
180.174.205.229 - - [12/Sep/2023:09:28:20 +0800] "GET /xingrg/all/function/internal_message.html?_=1694482099792&CODE_STATE=getMsg HTTP/1.1" 302 -
180.152.241.196 - - [12/Sep/2023:09:28:20 +0800] "GET /xingrg/all/function/internal_message.html?_=1694482100885&CODE_STATE=getMsg HTTP/1.1" 200 27
114.95.241.104 - - [12/Sep/2023:09:28:21 +0800] "GET /xingrg/kc/buy/cgsh_order_operate.html?command=get_materiel&rest_code=00150&code=00101008331&supplier_code=00100008&order_time=2023-09-12 HTTP/1.1" 200 416
222.70.180.200 - - [12/Sep/2023:09:28:26 +0800] "GET /xingrg/kc/buy/cgsh_order_operate.html?command=get_materiel&rest_code=00111&code=00101002022&supplier_code=00100199&order_time=2023-09-12 HTTP/1.1" 200 409
180.165.48.189 - - [12/Sep/2023:09:28:32 +0800] "GET /xingrg/kc/buy/cgsh_order_operate.html?command=get_materiel&rest_code=00108&code=00101009137&supplier_code=00100007&order_time=2023-09-12 HTTP/1.1" 200 410
114.95.241.104 - - [12/Sep/2023:09:28:33 +0800] "GET /xingrg/all/function/internal_message.html?_=1694482112554&CODE_STATE=getMsg HTTP/1.1" 200 27
114.95.241.104 - - [12/Sep/2023:09:28:36 +0800] "GET /xingrg/kc/buy/cgsh_order_operate.html?command=get_materiel&rest_code=00150&code=00101008350&supplier_code=00100008&order_time=2023-09-12 HTTP/1.1" 200 408
222.69.145.204 - - [12/Sep/2023:09:28:47 +0800] "GET /xingrg/check_reg.html?_=1694482274845 HTTP/1.1" 200 22
114.95.241.104 - - [12/Sep/2023:09:28:48 +0800] "GET /xingrg/kc/buy/cgsh_order_operate.html?command=get_materiel&rest_code=00150&code=00101008185&supplier_code=00100008&order_time=2023-09-12 HTTP/1.1" 200 408
180.165.48.189 - - [12/Sep/2023:09:28:49 +0800] "GET /xingrg/all/function/internal_message.html?_=1694482128153&CODE_STATE=getMsg HTTP/1.1" 200 27
114.83.219.158 - - [12/Sep/2023:09:28:49 +0800] "POST /xingrg/services/DataTransmitService HTTP/1.1" 401 565
114.83.219.158 - - [12/Sep/2023:09:28:49 +0800] "POST /xingrg/services/DataTransmitService HTTP/1.1" 200 478
114.83.219.158 - - [12/Sep/2023:09:28:49 +0800] "POST /xingrg/services/DataTransmitService HTTP/1.1" 200 1319
114.83.219.158 - - [12/Sep/2023:09:28:50 +0800] "POST /xingrg/services/DataTransmitService HTTP/1.1" 200 478
114.83.219.158 - - [12/Sep/2023:09:28:50 +0800] "POST /xingrg/services/DataTransmitService HTTP/1.1" 200 1319
114.83.219.158 - - [12/Sep/2023:09:28:50 +0800] "POST /xingrg/services/DataTransmitService HTTP/1.1" 200 524
114.83.219.158 - - [12/Sep/2023:09:28:50 +0800] "POST /xingrg/services/DataTransmitService HTTP/1.1" 200 2067
222.70.180.200 - - [12/Sep/2023:09:28:50 +0800] "GET /xingrg/kc/buy/cgsh_order_operate.html?command=get_materiel&rest_code=00111&code=00101001052&supplier_code=00100199&order_time=2023-09-12 HTTP/1.1" 200 409
180.165.48.189 - - [12/Sep/2023:09:28:50 +0800] "GET /xingrg/kc/buy/cgsh_order_operate.html?command=get_materiel&rest_code=00108&code=00101008125&supplier_code=00100007&order_time=2023-09-12 HTTP/1.1" 200 413
114.83.219.158 - - [12/Sep/2023:09:28:50 +0800] "POST /xingrg/services/DataTransmitService HTTP/1.1" 200 45454
114.83.219.158 - - [12/Sep/2023:09:28:51 +0800] "POST /xingrg/services/DataTransmitService HTTP/1.1" 200 19237
114.95.241.104 - - [12/Sep/2023:09:28:53 +0800] "GET /xingrg/all/function/internal_message.html?_=1694482016875&CODE_STATE=getMsg HTTP/1.1" 302 -
114.83.219.158 - - [12/Sep/2023:09:28:55 +0800] "POST /xingrg/services/DataTransmitService HTTP/1.1" 200 524
114.83.219.158 - - [12/Sep/2023:09:28:55 +0800] "POST /xingrg/services/DataTransmitService HTTP/1.1" 200 2067
180.169.147.146 - - [12/Sep/2023:09:28:56 +0800] "GET /xingrg/all/function/internal_message.html?_=1694482136389&CODE_STATE=getMsg HTTP/1.1" 302 -
222.69.145.204 - - [12/Sep/2023:09:28:57 +0800] "GET /xingrg/all/function/internal_message.html?_=1694482284722&CODE_STATE=getMsg HTTP/1.1" 200 27
114.95.241.104 - - [12/Sep/2023:09:28:58 +0800] "GET /xingrg/kc/buy/cgsh_order_operate.html?command=get_materiel&rest_code=00150&code=00101008612&supplier_code=00100008&order_time=2023-09-12 HTTP/1.1" 200 420
222.70.180.200 - - [12/Sep/2023:09:29:00 +0800] "GET /xingrg/all/function/internal_message.html?_=1694482141405&CODE_STATE=getMsg HTTP/1.1" 200 27
222.70.107.27 - - [12/Sep/2023:09:29:01 +0800] "GET /xingrg/all/function/internal_message.html?_=1694482141167&CODE_STATE=getMsg HTTP/1.1" 200 27
124.78.155.92 - - [12/Sep/2023:09:29:07 +0800] "GET /xingrg/all/function/internal_message.html?_=1694482134373&CODE_STATE=getMsg HTTP/1.1" 200 27
114.95.241.104 - - [12/Sep/2023:09:29:08 +0800] "GET /xingrg/kc/buy/cgsh_order_operate.html?command=get_materiel&rest_code=00150&code=00101008096&supplier_code=00100008&order_time=2023-09-12 HTTP/1.1" 200 412
114.83.219.158 - - [12/Sep/2023:09:29:10 +0800] "GET /xingrg/all/function/internal_message.html?_=1694482149817&CODE_STATE=getMsg HTTP/1.1" 200 27
101.83.145.37 - - [12/Sep/2023:09:29:10 +0800] "GET /xingrg/all/function/internal_message.html?_=1694481940722&CODE_STATE=getMsg HTTP/1.1" 200 27
222.70.244.80 - - [12/Sep/2023:09:29:13 +0800] "GET /xingrg/all/function/internal_message.html?_=1694482158545&CODE_STATE=getMsg HTTP/1.1" 200 27
116.232.195.127 - - [12/Sep/2023:09:29:13 +0800] "GET /xingrg/all/function/internal_message.html?_=1694482031443&CODE_STATE=getMsg HTTP/1.1" 200 27
120.253.135.82 - - [12/Sep/2023:09:29:19 +0800] "GET /xingrg/all/function/internal_message.html?_=1694481963287&CODE_STATE=getMsg HTTP/1.1" 200 27
114.95.241.104 - - [12/Sep/2023:09:29:19 +0800] "GET /xingrg/check_reg.html?_=1694482043069 HTTP/1.1" 302 -
180.174.205.229 - - [12/Sep/2023:09:29:20 +0800] "GET /xingrg/all/function/internal_message.html?_=1694482159780&CODE_STATE=getMsg HTTP/1.1" 302 -
180.152.241.196 - - [12/Sep/2023:09:29:20 +0800] "GET /xingrg/all/function/internal_message.html?_=1694482160871&CODE_STATE=getMsg HTTP/1.1" 200 27
114.95.241.104 - - [12/Sep/2023:09:29:26 +0800] "GET /xingrg/kc/buy/cgsh_order_operate.html?command=get_materiel&rest_code=00150&code=00101008221&supplier_code=00100008&order_time=2023-09-12 HTTP/1.1" 200 412
114.83.219.158 - - [12/Sep/2023:09:29:26 +0800] "POST /xingrg/services/DataTransmitService HTTP/1.1" 200 524
114.83.219.158 - - [12/Sep/2023:09:29:28 +0800] "POST /xingrg/services/DataTransmitService HTTP/1.1" 200 501
114.83.219.158 - - [12/Sep/2023:09:29:29 +0800] "POST /xingrg/services/DataTransmitService HTTP/1.1" 200 524
180.165.48.189 - - [12/Sep/2023:09:29:33 +0800] "GET /xingrg/kc/buy/cgsh_order_operate.html?command=get_materiel&rest_code=00108&code=00101008353&supplier_code=00100007&order_time=2023-09-12 HTTP/1.1" 200 408
114.95.241.104 - - [12/Sep/2023:09:29:33 +0800] "GET /xingrg/all/function/internal_message.html?_=1694482172567&CODE_STATE=getMsg HTTP/1.1" 200 27
114.95.241.104 - - [12/Sep/2023:09:29:35 +0800] "GET /xingrg/kc/buy/cgsh_order_operate.html?command=get_materiel&rest_code=00150&code=00101008163&supplier_code=00100008&order_time=2023-09-12 HTTP/1.1" 200 409
180.165.48.189 - - [12/Sep/2023:09:29:41 +0800] "GET /xingrg/kc/buy/cgsh_order_operate.html?command=get_materiel&rest_code=00108&code=00101008131&supplier_code=00100007&order_time=2023-09-12 HTTP/1.1" 200 409
180.174.205.229 - - [12/Sep/2023:09:29:42 +0800] "GET /xingrg/check_reg.html?_=1694482181750 HTTP/1.1" 302 -
114.95.241.104 - - [12/Sep/2023:09:29:42 +0800] "GET /xingrg/kc/buy/cgsh_order_operate.html?command=get_materiel&rest_code=00150&code=00101008010&supplier_code=00100008&order_time=2023-09-12 HTTP/1.1" 200 412
180.165.48.189 - - [12/Sep/2023:09:29:48 +0800] "GET /xingrg/kc/buy/cgsh_order_operate.html?command=get_materiel&rest_code=00108&code=00101008185&supplier_code=00100007&order_time=2023-09-12 HTTP/1.1" 200 408
180.165.48.189 - - [12/Sep/2023:09:29:49 +0800] "GET /xingrg/all/function/internal_message.html?_=1694482188170&CODE_STATE=getMsg HTTP/1.1" 200 27
114.95.241.104 - - [12/Sep/2023:09:29:53 +0800] "GET /xingrg/all/function/internal_message.html?_=1694482076905&CODE_STATE=getMsg HTTP/1.1" 302 -
222.70.180.200 - - [12/Sep/2023:09:29:54 +0800] "POST /xingrg/kc/buy/cgsh_order_operate.html HTTP/1.1" 200 37
114.95.241.104 - - [12/Sep/2023:09:29:54 +0800] "GET /xingrg/kc/buy/cgsh_order_operate.html?command=get_materiel&rest_code=00150&code=00101008558&supplier_code=00100008&order_time=2023-09-12 HTTP/1.1" 200 409
124.78.155.92 - - [12/Sep/2023:09:29:55 +0800] "GET /xingrg/all/function/internal_message.html?_=1694482194343&CODE_STATE=getMsg HTTP/1.1" 200 27
180.169.147.146 - - [12/Sep/2023:09:29:56 +0800] "GET /xingrg/all/function/internal_message.html?_=1694482196382&CODE_STATE=getMsg HTTP/1.1" 302 -
222.70.180.200 - - [12/Sep/2023:09:29:57 +0800] "POST /xingrg/kc/buy/cgsh_order_operate.html HTTP/1.1" 200 3843
222.69.145.204 - - [12/Sep/2023:09:29:57 +0800] "GET /xingrg/all/function/internal_message.html?_=1694482344699&CODE_STATE=getMsg HTTP/1.1" 200 27
180.165.48.189 - - [12/Sep/2023:09:29:57 +0800] "GET /xingrg/kc/buy/cgsh_order_operate.html?command=get_materiel&rest_code=00108&code=00101008077&supplier_code=00100007&order_time=2023-09-12 HTTP/1.1" 200 416
222.70.180.200 - - [12/Sep/2023:09:29:59 +0800] "GET /xingrg/kc/print/load_data.html?order_code=212023091204592&kc_code=cgsh&condition= HTTP/1.1" 200 1108
222.70.180.200 - - [12/Sep/2023:09:30:00 +0800] "GET /xingrg/check_reg.html?_=1694482201391 HTTP/1.1" 200 22
222.70.180.200 - - [12/Sep/2023:09:30:00 +0800] "GET /xingrg/all/function/internal_message.html?_=1694482201392&CODE_STATE=getMsg HTTP/1.1" 200 27
222.70.107.27 - - [12/Sep/2023:09:30:01 +0800] "GET /xingrg/all/function/internal_message.html?_=1694482201166&CODE_STATE=getMsg HTTP/1.1" 200 27
114.95.241.104 - - [12/Sep/2023:09:30:03 +0800] "GET /xingrg/kc/buy/cgsh_order_operate.html?command=get_materiel&rest_code=00150&code=00101008403&supplier_code=00100008&order_time=2023-09-12 HTTP/1.1" 200 412
180.165.48.189 - - [12/Sep/2023:09:30:04 +0800] "GET /xingrg/kc/buy/cgsh_order_operate.html?command=get_materiel&rest_code=00108&code=00101023033&supplier_code=00100007&order_time=2023-09-12 HTTP/1.1" 200 409
218.81.69.69 - - [12/Sep/2023:09:30:06 +0800] "GET /xingrg/check_reg.html?_=1694482207147 HTTP/1.1" 200 22
222.70.180.200 - - [12/Sep/2023:09:30:07 +0800] "GET /xingrg/kc/buy/cgsh_order_add.html HTTP/1.1" 200 72218
222.70.180.200 - - [12/Sep/2023:09:30:07 +0800] "POST /xingrg/kc/buy/cgsh_order_operate.html HTTP/1.1" 200 8245
222.70.180.200 - - [12/Sep/2023:09:30:07 +0800] "GET /xingrg/javascript/easyui/themes/default/validatebox.css HTTP/1.1" 404 1104
114.83.219.158 - - [12/Sep/2023:09:30:10 +0800] "GET /xingrg/all/function/internal_message.html?_=1694482209803&CODE_STATE=getMsg HTTP/1.1" 200 27
101.83.145.37 - - [12/Sep/2023:09:30:10 +0800] "GET /xingrg/all/function/internal_message.html?_=1694482000716&CODE_STATE=getMsg HTTP/1.1" 200 27
114.95.241.104 - - [12/Sep/2023:09:30:11 +0800] "GET /xingrg/kc/buy/cgsh_order_operate.html?command=get_materiel&rest_code=00150&code=00101013175&supplier_code=00100008&order_time=2023-09-12 HTTP/1.1" 200 412
116.232.195.127 - - [12/Sep/2023:09:30:13 +0800] "GET /xingrg/all/function/internal_message.html?_=1694482091442&CODE_STATE=getMsg HTTP/1.1" 200 27
222.70.244.80 - - [12/Sep/2023:09:30:13 +0800] "GET /xingrg/all/function/internal_message.html?_=1694482218792&CODE_STATE=getMsg HTTP/1.1" 200 27
180.165.48.189 - - [12/Sep/2023:09:30:13 +0800] "GET /xingrg/kc/buy/cgsh_order_operate.html?command=get_materiel&rest_code=00108&code=00101008286&supplier_code=00100007&order_time=2023-09-12 HTTP/1.1" 200 408
114.83.219.158 - - [12/Sep/2023:09:30:17 +0800] "POST /xingrg/services/DataTransmitService HTTP/1.1" 200 501
218.81.69.69 - - [12/Sep/2023:09:30:17 +0800] "POST /xingrg/kc/buy/cgsh_list_operate.html HTTP/1.1" 200 204
120.253.135.82 - - [12/Sep/2023:09:30:19 +0800] "GET /xingrg/all/function/internal_message.html?_=1694482023301&CODE_STATE=getMsg HTTP/1.1" 200 27
114.95.241.104 - - [12/Sep/2023:09:30:20 +0800] "GET /xingrg/kc/buy/cgsh_order_operate.html?command=get_materiel&rest_code=00150&code=00101008370&supplier_code=00100008&order_time=2023-09-12 HTTP/1.1" 200 412
180.174.205.229 - - [12/Sep/2023:09:30:20 +0800] "GET /xingrg/all/function/internal_message.html?_=1694482219761&CODE_STATE=getMsg HTTP/1.1" 302 -
180.152.241.196 - - [12/Sep/2023:09:30:20 +0800] "GET /xingrg/all/function/internal_message.html?_=1694482220872&CODE_STATE=getMsg HTTP/1.1" 200 27
180.152.241.196 - - [12/Sep/2023:09:30:21 +0800] "GET /xingrg/check_reg.html?_=1694482221151 HTTP/1.1" 200 22
180.165.48.189 - - [12/Sep/2023:09:30:22 +0800] "GET /xingrg/kc/buy/cgsh_order_operate.html?command=get_materiel&rest_code=00108&code=00101008024&supplier_code=00100007&order_time=2023-09-12 HTTP/1.1" 200 408
180.165.48.189 - - [12/Sep/2023:09:30:31 +0800] "GET /xingrg/kc/buy/cgsh_order_operate.html?command=get_materiel&rest_code=00108&code=00101008264&supplier_code=00100007&order_time=2023-09-12 HTTP/1.1" 200 432
114.95.241.104 - - [12/Sep/2023:09:30:33 +0800] "GET /xingrg/all/function/internal_message.html?_=1694482232561&CODE_STATE=getMsg HTTP/1.1" 200 27
114.95.241.104 - - [12/Sep/2023:09:30:38 +0800] "GET /xingrg/kc/buy/cgsh_order_operate.html?command=get_materiel&rest_code=00150&code=00101008087&supplier_code=00100008&order_time=2023-09-12 HTTP/1.1" 200 412
180.165.48.189 - - [12/Sep/2023:09:30:38 +0800] "GET /xingrg/kc/buy/cgsh_order_operate.html?command=get_materiel&rest_code=00108&code=00101008354&supplier_code=00100007&order_time=2023-09-12 HTTP/1.1" 200 432
114.95.241.104 - - [12/Sep/2023:09:30:46 +0800] "GET /xingrg/kc/buy/cgsh_order_operate.html?command=get_materiel&rest_code=00150&code=00101008361&supplier_code=00100008&order_time=2023-09-12 HTTP/1.1" 200 408
180.165.48.189 - - [12/Sep/2023:09:30:47 +0800] "GET /xingrg/kc/buy/cgsh_order_operate.html?command=get_materiel&rest_code=00108&code=00101008331&supplier_code=00100007&order_time=2023-09-12 HTTP/1.1" 200 416
180.165.48.189 - - [12/Sep/2023:09:30:49 +0800] "GET /xingrg/all/function/internal_message.html?_=1694482248170&CODE_STATE=getMsg HTTP/1.1" 200 27
114.95.241.104 - - [12/Sep/2023:09:30:50 +0800] "POST /xingrg/kc/buy/cgsh_order_operate.html HTTP/1.1" 200 2065
114.95.241.104 - - [12/Sep/2023:09:30:53 +0800] "GET /xingrg/all/function/internal_message.html?_=1694482136918&CODE_STATE=getMsg HTTP/1.1" 302 -
124.78.155.92 - - [12/Sep/2023:09:30:54 +0800] "GET /xingrg/kc/buy/cgsh_order_add.html HTTP/1.1" 200 72268
180.165.48.189 - - [12/Sep/2023:09:30:55 +0800] "GET /xingrg/kc/buy/cgsh_order_operate.html?command=get_materiel&rest_code=00108&code=00101008010&supplier_code=00100007&order_time=2023-09-12 HTTP/1.1" 200 412
124.78.155.92 - - [12/Sep/2023:09:30:55 +0800] "POST /xingrg/kc/buy/cgsh_order_operate.html HTTP/1.1" 200 8245
124.78.155.92 - - [12/Sep/2023:09:30:55 +0800] "GET /xingrg/all/function/internal_message.html?_=1694482254471&CODE_STATE=getMsg HTTP/1.1" 200 27
124.78.155.92 - - [12/Sep/2023:09:30:55 +0800] "GET /xingrg/javascript/easyui/themes/default/validatebox.css HTTP/1.1" 404 1104
180.169.147.146 - - [12/Sep/2023:09:30:56 +0800] "GET /xingrg/check_reg.html?_=1694482256380 HTTP/1.1" 302 -
180.169.147.146 - - [12/Sep/2023:09:30:56 +0800] "GET /xingrg/all/function/internal_message.html?_=1694482256387&CODE_STATE=getMsg HTTP/1.1" 302 -
222.69.145.204 - - [12/Sep/2023:09:30:57 +0800] "GET /xingrg/all/function/internal_message.html?_=1694482404697&CODE_STATE=getMsg HTTP/1.1" 200 27
124.78.155.92 - - [12/Sep/2023:09:30:57 +0800] "GET /xingrg/javascript/easyui/themes/default/tree.css HTTP/1.1" 404 1090
114.95.241.104 - - [12/Sep/2023:09:30:57 +0800] "GET /xingrg/kc/buy/cgsh_order_operate.html?command=get_materiel&rest_code=00150&code=00101008004&supplier_code=00100008&order_time=2023-09-12 HTTP/1.1" 200 416
124.78.155.92 - - [12/Sep/2023:09:30:57 +0800] "POST /xingrg/all/common/load_tree.html?tree=supplier_tree_json&isDelete=1 HTTP/1.1" 200 75729
222.70.180.200 - - [12/Sep/2023:09:31:00 +0800] "GET /xingrg/all/function/internal_message.html?_=1694482261375&CODE_STATE=getMsg HTTP/1.1" 200 27
222.70.107.27 - - [12/Sep/2023:09:31:01 +0800] "GET /xingrg/all/function/internal_message.html?_=1694482261166&CODE_STATE=getMsg HTTP/1.1" 200 27
114.95.241.104 - - [12/Sep/2023:09:31:06 +0800] "GET /xingrg/kc/buy/cgsh_order_operate.html?command=get_materiel&rest_code=00150&code=00101008372&supplier_code=00100008&order_time=2023-09-12 HTTP/1.1" 200 408
222.70.244.80 - - [12/Sep/2023:09:31:07 +0800] "GET /xingrg/javascript/jquery_easy_ui/themes/default/images/tabs_active.png HTTP/1.1" 304 -
222.70.244.80 - - [12/Sep/2023:09:31:09 +0800] "GET /xingrg/kc/buy/cgsh_order_add.html HTTP/1.1" 200 72268
114.83.219.158 - - [12/Sep/2023:09:31:10 +0800] "GET /xingrg/all/function/internal_message.html?_=1694482269792&CODE_STATE=getMsg HTTP/1.1" 200 27
101.83.145.37 - - [12/Sep/2023:09:31:10 +0800] "GET /xingrg/all/function/internal_message.html?_=1694482060717&CODE_STATE=getMsg HTTP/1.1" 200 27
222.70.244.80 - - [12/Sep/2023:09:31:10 +0800] "POST /xingrg/kc/buy/cgsh_order_operate.html HTTP/1.1" 200 8245
180.165.48.189 - - [12/Sep/2023:09:31:10 +0800] "GET /xingrg/kc/buy/cgsh_order_operate.html?command=get_materiel&rest_code=00108&code=00101008694&supplier_code=00100007&order_time=2023-09-12 HTTP/1.1" 200 420
222.70.244.80 - - [12/Sep/2023:09:31:10 +0800] "GET /xingrg/javascript/easyui/themes/default/validatebox.css HTTP/1.1" 404 1104
222.70.180.200 - - [12/Sep/2023:09:31:12 +0800] "GET /xingrg/kc/buy/cgsh_order_operate.html?command=get_materiel&rest_code=00111&code=00101006193&supplier_code=00100012&order_time=2023-09-12 HTTP/1.1" 200 409
116.232.195.127 - - [12/Sep/2023:09:31:13 +0800] "GET /xingrg/check_reg.html?_=1694482151442 HTTP/1.1" 200 22
116.232.195.127 - - [12/Sep/2023:09:31:13 +0800] "GET /xingrg/all/function/internal_message.html?_=1694482151444&CODE_STATE=getMsg HTTP/1.1" 200 27
222.70.244.80 - - [12/Sep/2023:09:31:13 +0800] "GET /xingrg/all/function/internal_message.html?_=1694482278884&CODE_STATE=getMsg HTTP/1.1" 200 27
114.95.241.104 - - [12/Sep/2023:09:31:14 +0800] "GET /xingrg/kc/buy/cgsh_order_operate.html?command=get_materiel&rest_code=00150&code=00101008264&supplier_code=00100008&order_time=2023-09-12 HTTP/1.1" 200 432
120.253.135.82 - - [12/Sep/2023:09:31:19 +0800] "GET /xingrg/all/function/internal_message.html?_=1694482083319&CODE_STATE=getMsg HTTP/1.1" 200 27
180.174.205.229 - - [12/Sep/2023:09:31:20 +0800] "GET /xingrg/all/function/internal_message.html?_=1694482279732&CODE_STATE=getMsg HTTP/1.1" 302 -
180.165.48.189 - - [12/Sep/2023:09:31:20 +0800] "GET /xingrg/kc/buy/cgsh_order_operate.html?command=get_materiel&rest_code=00108&code=00101008148&supplier_code=00100007&order_time=2023-09-12 HTTP/1.1" 200 416
180.152.241.196 - - [12/Sep/2023:09:31:20 +0800] "GET /xingrg/all/function/internal_message.html?_=1694482280865&CODE_STATE=getMsg HTTP/1.1" 200 27
218.81.69.69 - - [12/Sep/2023:09:31:21 +0800] "POST /xingrg/kc/buy/cgsh_list_operate.html HTTP/1.1" 200 4
114.95.241.104 - - [12/Sep/2023:09:31:23 +0800] "GET /xingrg/kc/buy/cgsh_order_operate.html?command=get_materiel&rest_code=00150&code=00101008411&supplier_code=00100008&order_time=2023-09-12 HTTP/1.1" 200 413
124.78.155.92 - - [12/Sep/2023:09:31:26 +0800] "GET /xingrg/kc/buy/cgsh_order_operate.html?command=get_materiel&rest_code=00106&code=00101008354&supplier_code=00100007&order_time=2023-09-12 HTTP/1.1" 200 432
114.95.241.104 - - [12/Sep/2023:09:31:32 +0800] "GET /xingrg/kc/buy/cgsh_order_operate.html?command=get_materiel&rest_code=00150&code=00101008137&supplier_code=00100008&order_time=2023-09-12 HTTP/1.1" 200 408
114.95.241.104 - - [12/Sep/2023:09:31:33 +0800] "GET /xingrg/check_reg.html?_=1694482292578 HTTP/1.1" 200 22
114.95.241.104 - - [12/Sep/2023:09:31:33 +0800] "GET /xingrg/all/function/internal_message.html?_=1694482292582&CODE_STATE=getMsg HTTP/1.1" 200 27
114.95.241.104 - - [12/Sep/2023:09:31:35 +0800] "POST /xingrg/kc/buy/cgsh_order_operate.html HTTP/1.1" 200 2065
124.78.155.92 - - [12/Sep/2023:09:31:40 +0800] "GET /xingrg/kc/buy/cgsh_order_operate.html?command=get_materiel&rest_code=00106&code=00101008351&supplier_code=00100007&order_time=2023-09-12 HTTP/1.1" 200 408
114.95.241.104 - - [12/Sep/2023:09:31:42 +0800] "GET /xingrg/kc/buy/cgsh_order_operate.html?command=get_materiel&rest_code=00150&code=00101008270&supplier_code=00100008&order_time=2023-09-12 HTTP/1.1" 200 412
222.70.244.80 - - [12/Sep/2023:09:31:44 +0800] "GET /xingrg/kc/buy/cgsh_order_operate.html?command=get_materiel&rest_code=00146&code=00101007022&supplier_code=00100002&order_time=2023-09-12 HTTP/1.1" 200 415
180.165.48.189 - - [12/Sep/2023:09:31:49 +0800] "GET /xingrg/all/function/internal_message.html?_=1694482308166&CODE_STATE=getMsg HTTP/1.1" 200 27
222.70.180.200 - - [12/Sep/2023:09:31:50 +0800] "GET /xingrg/kc/buy/cgsh_order_operate.html?command=get_materiel&rest_code=00111&code=00101006133&supplier_code=00100012&order_time=2023-09-12 HTTP/1.1" 200 413
124.78.155.92 - - [12/Sep/2023:09:31:51 +0800] "GET /xingrg/kc/buy/cgsh_order_operate.html?command=get_materiel&rest_code=00106&code=00101008355&supplier_code=00100007&order_time=2023-09-12 HTTP/1.1" 200 408
218.81.69.69 - - [12/Sep/2023:09:31:52 +0800] "POST /xingrg/kc/buy/cgsh_list_operate.html HTTP/1.1" 200 1864
101.80.225.121 - - [12/Sep/2023:09:31:53 +0800] "POST /xingrg/services/DataTransmitService HTTP/1.1" 200 524
114.95.241.104 - - [12/Sep/2023:09:31:53 +0800] "GET /xingrg/all/function/internal_message.html?_=1694482196949&CODE_STATE=getMsg HTTP/1.1" 302 -
218.81.69.69 - - [12/Sep/2023:09:31:54 +0800] "POST /xingrg/kc/buy/cgsh_list_operate.html HTTP/1.1" 200 607
180.163.29.212 - - [12/Sep/2023:09:31:55 +0800] "GET /xingrg/all/function/internal_message.html?_=1694482254471&CODE_STATE=getMsg HTTP/1.1" 302 -
180.163.29.212 - - [12/Sep/2023:09:31:55 +0800] "GET /xingrg/login.html HTTP/1.1" 200 7641
124.78.155.92 - - [12/Sep/2023:09:31:55 +0800] "GET /xingrg/all/function/internal_message.html?_=1694482314451&CODE_STATE=getMsg HTTP/1.1" 200 27
124.78.155.92 - - [12/Sep/2023:09:31:55 +0800] "GET /xingrg/check_reg.html?_=1694482314808 HTTP/1.1" 200 22
114.95.241.104 - - [12/Sep/2023:09:31:55 +0800] "GET /xingrg/kc/buy/cgsh_order_operate.html?command=get_materiel&rest_code=00150&code=00101008077&supplier_code=00100008&order_time=2023-09-12 HTTP/1.1" 200 416
180.169.147.146 - - [12/Sep/2023:09:31:56 +0800] "GET /xingrg/all/function/internal_message.html?_=1694482316371&CODE_STATE=getMsg HTTP/1.1" 302 -
222.69.145.204 - - [12/Sep/2023:09:31:57 +0800] "GET /xingrg/all/function/internal_message.html?_=1694482464678&CODE_STATE=getMsg HTTP/1.1" 200 27
124.78.155.92 - - [12/Sep/2023:09:31:59 +0800] "GET /xingrg/kc/buy/cgsh_order_operate.html?command=get_materiel&rest_code=00106&code=00101008004&supplier_code=00100007&order_time=2023-09-12 HTTP/1.1" 200 416
222.70.180.200 - - [12/Sep/2023:09:32:00 +0800] "GET /xingrg/all/function/internal_message.html?_=1694482321364&CODE_STATE=getMsg HTTP/1.1" 200 27
222.70.107.27 - - [12/Sep/2023:09:32:01 +0800] "GET /xingrg/all/function/internal_message.html?_=1694482321164&CODE_STATE=getMsg HTTP/1.1" 200 27
222.70.107.27 - - [12/Sep/2023:09:32:01 +0800] "GET /xingrg/check_reg.html?_=1694482321166 HTTP/1.1" 200 22
218.81.69.69 - - [12/Sep/2023:09:32:02 +0800] "POST /xingrg/kc/buy/cgsh_list_operate.html HTTP/1.1" 200 4
114.95.241.104 - - [12/Sep/2023:09:32:04 +0800] "GET /xingrg/kc/buy/cgsh_order_operate.html?command=get_materiel&rest_code=00150&code=00101008079&supplier_code=00100008&order_time=2023-09-12 HTTP/1.1" 200 416
124.78.155.92 - - [12/Sep/2023:09:32:09 +0800] "GET /xingrg/kc/buy/cgsh_order_operate.html?command=get_materiel&rest_code=00106&code=00101008264&supplier_code=00100007&order_time=2023-09-12 HTTP/1.1" 200 432
114.83.219.158 - - [12/Sep/2023:09:32:10 +0800] "GET /xingrg/all/function/internal_message.html?_=1694482329764&CODE_STATE=getMsg HTTP/1.1" 200 27
101.83.145.37 - - [12/Sep/2023:09:32:10 +0800] "GET /xingrg/all/function/internal_message.html?_=1694482120717&CODE_STATE=getMsg HTTP/1.1" 200 27
222.70.244.80 - - [12/Sep/2023:09:32:12 +0800] "GET /xingrg/check_reg.html?_=1694482337498 HTTP/1.1" 200 22
116.232.195.127 - - [12/Sep/2023:09:32:13 +0800] "GET /xingrg/all/function/internal_message.html?_=1694482211436&CODE_STATE=getMsg HTTP/1.1" 200 27
222.70.244.80 - - [12/Sep/2023:09:32:13 +0800] "GET /xingrg/all/function/internal_message.html?_=1694482338897&CODE_STATE=getMsg HTTP/1.1" 200 27
222.70.244.80 - - [12/Sep/2023:09:32:13 +0800] "GET /xingrg/kc/buy/cgsh_order_operate.html?command=get_materiel&rest_code=00146&code=00101007090&supplier_code=00100002&order_time=2023-09-12 HTTP/1.1" 200 413
180.165.48.189 - - [12/Sep/2023:09:32:14 +0800] "GET /xingrg/kc/buy/cgsh_order_operate.html?command=get_materiel&rest_code=00108&code=00101008301&supplier_code=00100007&order_time=2023-09-12 HTTP/1.1" 200 422
124.78.155.92 - - [12/Sep/2023:09:32:17 +0800] "GET /xingrg/kc/buy/cgsh_order_operate.html?command=get_materiel&rest_code=00106&code=00101008136&supplier_code=00100007&order_time=2023-09-12 HTTP/1.1" 200 413
114.95.241.104 - - [12/Sep/2023:09:32:17 +0800] "GET /xingrg/kc/buy/cgsh_order_operate.html?command=get_materiel&rest_code=00150&code=00101008357&supplier_code=00100008&order_time=2023-09-12 HTTP/1.1" 200 408
180.165.48.189 - - [12/Sep/2023:09:32:18 +0800] "POST /xingrg/kc/buy/cgsh_order_operate.html HTTP/1.1" 200 2065
120.253.135.82 - - [12/Sep/2023:09:32:19 +0800] "GET /xingrg/all/function/internal_message.html?_=1694482143330&CODE_STATE=getMsg HTTP/1.1" 200 27
180.174.205.229 - - [12/Sep/2023:09:32:20 +0800] "GET /xingrg/all/function/internal_message.html?_=1694482339704&CODE_STATE=getMsg HTTP/1.1" 302 -
180.152.241.196 - - [12/Sep/2023:09:32:20 +0800] "GET /xingrg/all/function/internal_message.html?_=1694482340853&CODE_STATE=getMsg HTTP/1.1" 200 27
124.78.155.92 - - [12/Sep/2023:09:32:26 +0800] "POST /xingrg/kc/buy/cgsh_order_operate.html HTTP/1.1" 200 37
180.165.48.189 - - [12/Sep/2023:09:32:28 +0800] "GET /xingrg/kc/buy/cgsh_order_operate.html?command=get_materiel&rest_code=00108&code=00101008357&supplier_code=00100007&order_time=2023-09-12 HTTP/1.1" 200 408
114.95.241.104 - - [12/Sep/2023:09:32:28 +0800] "GET /xingrg/kc/buy/cgsh_order_operate.html?command=get_materiel&rest_code=00150&code=00101008286&supplier_code=00100008&order_time=2023-09-12 HTTP/1.1" 200 408
114.95.241.104 - - [12/Sep/2023:09:32:32 +0800] "POST /xingrg/kc/buy/cgsh_order_operate.html HTTP/1.1" 200 2065
114.95.241.104 - - [12/Sep/2023:09:32:34 +0800] "GET /xingrg/all/function/internal_message.html?_=1694482352661&CODE_STATE=getMsg HTTP/1.1" 200 27
218.81.69.69 - - [12/Sep/2023:09:32:35 +0800] "POST /xingrg/kc/buy/cgsh_list_operate.html HTTP/1.1" 200 986
180.165.48.189 - - [12/Sep/2023:09:32:37 +0800] "GET /xingrg/kc/buy/cgsh_order_operate.html?command=get_materiel&rest_code=00108&code=00101008080&supplier_code=00100007&order_time=2023-09-12 HTTP/1.1" 200 416
114.95.241.104 - - [12/Sep/2023:09:32:38 +0800] "GET /xingrg/kc/buy/cgsh_order_operate.html?command=get_materiel&rest_code=00150&code=00101008036&supplier_code=00100008&order_time=2023-09-12 HTTP/1.1" 200 408
222.70.244.80 - - [12/Sep/2023:09:32:44 +0800] "GET /xingrg/kc/buy/cgsh_order_operate.html?command=get_materiel&rest_code=00146&code=00101007032&supplier_code=00100002&order_time=2023-09-12 HTTP/1.1" 200 413
180.165.48.189 - - [12/Sep/2023:09:32:45 +0800] "GET /xingrg/kc/buy/cgsh_order_operate.html?command=get_materiel&rest_code=00108&code=00101008176&supplier_code=00100007&order_time=2023-09-12 HTTP/1.1" 200 412
114.95.241.104 - - [12/Sep/2023:09:32:48 +0800] "GET /xingrg/kc/buy/cgsh_order_operate.html?command=get_materiel&rest_code=00150&code=00101008101&supplier_code=00100008&order_time=2023-09-12 HTTP/1.1" 200 412
180.165.48.189 - - [12/Sep/2023:09:32:49 +0800] "GET /xingrg/all/function/internal_message.html?_=1694482368157&CODE_STATE=getMsg HTTP/1.1" 200 27
180.165.48.189 - - [12/Sep/2023:09:32:49 +0800] "GET /xingrg/check_reg.html?_=1694482368161 HTTP/1.1" 200 22
114.95.241.104 - - [12/Sep/2023:09:32:53 +0800] "GET /xingrg/all/function/internal_message.html?_=1694482256960&CODE_STATE=getMsg HTTP/1.1" 302 -
180.163.28.55 - - [12/Sep/2023:09:32:55 +0800] "GET /xingrg/check_reg.html?_=1694482314808 HTTP/1.1" 302 -
180.163.28.55 - - [12/Sep/2023:09:32:55 +0800] "GET /xingrg/login.html HTTP/1.1" 200 7641
180.165.48.189 - - [12/Sep/2023:09:32:56 +0800] "GET /xingrg/kc/buy/cgsh_order_operate.html?command=get_materiel&rest_code=00108&code=00101008283&supplier_code=00100007&order_time=2023-09-12 HTTP/1.1" 200 408
180.169.147.146 - - [12/Sep/2023:09:32:56 +0800] "GET /xingrg/all/function/internal_message.html?_=1694482376386&CODE_STATE=getMsg HTTP/1.1" 302 -
222.69.145.204 - - [12/Sep/2023:09:32:57 +0800] "GET /xingrg/all/function/internal_message.html?_=1694482524651&CODE_STATE=getMsg HTTP/1.1" 200 27
222.70.180.200 - - [12/Sep/2023:09:32:57 +0800] "GET /xingrg/kc/buy/cgsh_order_operate.html?command=get_materiel&rest_code=00111&code=00101006026&supplier_code=00100012&order_time=2023-09-12 HTTP/1.1" 200 409
222.70.180.200 - - [12/Sep/2023:09:33:00 +0800] "GET /xingrg/all/function/internal_message.html?_=1694482381362&CODE_STATE=getMsg HTTP/1.1" 200 27
222.70.107.27 - - [12/Sep/2023:09:33:01 +0800] "GET /xingrg/all/function/internal_message.html?_=1694482381166&CODE_STATE=getMsg HTTP/1.1" 200 27
114.83.219.158 - - [12/Sep/2023:09:33:02 +0800] "GET /xingrg/check_reg.html?_=1694482382419 HTTP/1.1" 200 22
222.70.244.80 - - [12/Sep/2023:09:33:03 +0800] "POST /xingrg/kc/buy/cgsh_order_operate.html HTTP/1.1" 200 37
114.95.241.104 - - [12/Sep/2023:09:33:04 +0800] "GET /xingrg/kc/buy/cgsh_order_operate.html?command=get_materiel&rest_code=00150&code=00101008694&supplier_code=00100008&order_time=2023-09-12 HTTP/1.1" 200 420
180.165.48.189 - - [12/Sep/2023:09:33:05 +0800] "GET /xingrg/kc/buy/cgsh_order_operate.html?command=get_materiel&rest_code=00108&code=00101008360&supplier_code=00100007&order_time=2023-09-12 HTTP/1.1" 200 412
222.70.244.80 - - [12/Sep/2023:09:33:05 +0800] "POST /xingrg/kc/buy/cgsh_order_operate.html HTTP/1.1" 200 3847
101.83.145.37 - - [12/Sep/2023:09:33:06 +0800] "POST /xingrg/services/DataTransmitService HTTP/1.1" 200 524
222.70.244.80 - - [12/Sep/2023:09:33:07 +0800] "GET /xingrg/kc/print/load_data.html?order_code=212023091204594&kc_code=cgsh&condition= HTTP/1.1" 200 1209
124.78.155.92 - - [12/Sep/2023:09:33:07 +0800] "POST /xingrg/kc/buy/cgsh_order_operate.html HTTP/1.1" 200 5605
180.165.48.189 - - [12/Sep/2023:09:33:07 +0800] "POST /xingrg/kc/buy/cgsh_order_operate.html HTTP/1.1" 200 2065
114.83.219.158 - - [12/Sep/2023:09:33:10 +0800] "GET /xingrg/all/function/internal_message.html?_=1694482389739&CODE_STATE=getMsg HTTP/1.1" 200 27
101.83.145.37 - - [12/Sep/2023:09:33:10 +0800] "GET /xingrg/all/function/internal_message.html?_=1694482180717&CODE_STATE=getMsg HTTP/1.1" 200 27
101.83.145.37 - - [12/Sep/2023:09:33:10 +0800] "GET /xingrg/check_reg.html?_=1694482180720 HTTP/1.1" 200 22
116.232.195.127 - - [12/Sep/2023:09:33:13 +0800] "GET /xingrg/all/function/internal_message.html?_=1694482271444&CODE_STATE=getMsg HTTP/1.1" 200 27
222.70.244.80 - - [12/Sep/2023:09:33:13 +0800] "GET /xingrg/all/function/internal_message.html?_=1694482398911&CODE_STATE=getMsg HTTP/1.1" 200 27
114.95.241.104 - - [12/Sep/2023:09:33:13 +0800] "GET /xingrg/kc/buy/cgsh_order_operate.html?command=get_materiel&rest_code=00150&code=00101008318&supplier_code=00100008&order_time=2023-09-12 HTTP/1.1" 200 408
