222.70.107.27 - - [09/Sep/2023:09:33:21 +0800] "GET /xingrg/all/function/internal_message.html?_=1694223212865&CODE_STATE=getMsg HTTP/1.1" 200 27
124.78.155.92 - - [09/Sep/2023:09:33:22 +0800] "GET /xingrg/kc/buy/cgsh_order_operate.html?command=get_materiel&rest_code=00106&code=00101008619&supplier_code=00100007&order_time=2023-09-09 HTTP/1.1" 200 419
120.253.135.82 - - [09/Sep/2023:09:33:24 +0800] "GET /xingrg/all/function/internal_message.html?_=1694223009292&CODE_STATE=getMsg HTTP/1.1" 200 27
180.152.241.196 - - [09/Sep/2023:09:33:24 +0800] "GET /xingrg/all/function/internal_message.html?_=1694223204632&CODE_STATE=getMsg HTTP/1.1" 200 27
180.152.241.196 - - [09/Sep/2023:09:33:24 +0800] "GET /xingrg/check_reg.html?_=1694223204634 HTTP/1.1" 200 22
180.174.205.229 - - [09/Sep/2023:09:33:27 +0800] "GET /xingrg/all/function/internal_message.html?_=1694223204861&CODE_STATE=getMsg HTTP/1.1" 200 27
222.69.128.2 - - [09/Sep/2023:09:33:28 +0800] "GET /xingrg/all/function/internal_message.html?_=1694223207514&CODE_STATE=getMsg HTTP/1.1" 200 27
180.152.241.196 - - [09/Sep/2023:09:33:33 +0800] "GET /xingrg/kc/buy/cgsh_order_operate.html?command=get_materiel&rest_code=00102&code=00101009109&supplier_code=00100022&order_time=2023-09-09 HTTP/1.1" 200 415
124.78.155.92 - - [09/Sep/2023:09:33:39 +0800] "GET /xingrg/all/function/internal_message.html?_=1694223221292&CODE_STATE=getMsg HTTP/1.1" 200 27
218.79.28.44 - - [09/Sep/2023:09:33:41 +0800] "GET /xingrg/all/function/internal_message.html?_=1694223231405&CODE_STATE=getMsg HTTP/1.1" 302 -
222.70.244.80 - - [09/Sep/2023:09:33:45 +0800] "GET /xingrg/check_reg.html?_=1694223238742 HTTP/1.1" 200 22
124.78.155.92 - - [09/Sep/2023:09:33:46 +0800] "GET /xingrg/kc/buy/cgsh_order_operate.html?command=get_materiel&rest_code=00106&code=00101008041&supplier_code=00100007&order_time=2023-09-09 HTTP/1.1" 200 408
114.95.241.104 - - [09/Sep/2023:09:33:49 +0800] "GET /xingrg/all/function/internal_message.html?_=1694223116367&CODE_STATE=getMsg HTTP/1.1" 200 27
114.83.216.110 - - [09/Sep/2023:09:33:50 +0800] "GET /xingrg/all/function/internal_message.html?_=1694223375907&CODE_STATE=getMsg HTTP/1.1" 200 27
180.152.241.196 - - [09/Sep/2023:09:33:51 +0800] "GET /xingrg/kc/buy/cgsh_order_operate.html?command=get_materiel&rest_code=00102&code=00101009062&supplier_code=00100022&order_time=2023-09-09 HTTP/1.1" 200 414
222.70.244.80 - - [09/Sep/2023:09:33:56 +0800] "GET /xingrg/all/function/internal_message.html?_=1694223254218&CODE_STATE=getMsg HTTP/1.1" 200 27
180.157.252.149 - - [09/Sep/2023:09:33:58 +0800] "GET /xingrg/all/function/internal_message.html?_=1694223239956&CODE_STATE=getMsg HTTP/1.1" 200 27
124.78.155.92 - - [09/Sep/2023:09:34:04 +0800] "POST /xingrg/kc/buy/cgsh_order_operate.html HTTP/1.1" 200 37
124.78.155.92 - - [09/Sep/2023:09:34:05 +0800] "POST /xingrg/kc/buy/cgsh_order_operate.html HTTP/1.1" 200 44086
222.70.244.80 - - [09/Sep/2023:09:34:06 +0800] "GET /xingrg/all/function/internal_message.html?_=1694223259397&CODE_STATE=getMsg HTTP/1.1" 200 27
124.79.246.190 - - [09/Sep/2023:09:34:07 +0800] "GET /xingrg/all/function/internal_message.html?_=1694223543522&CODE_STATE=getMsg HTTP/1.1" 200 27
101.83.145.37 - - [09/Sep/2023:09:34:09 +0800] "GET /xingrg/all/function/internal_message.html?_=1694223249469&CODE_STATE=getMsg HTTP/1.1" 200 27
222.70.180.200 - - [09/Sep/2023:09:34:11 +0800] "GET /xingrg/all/function/internal_message.html?_=1694223252382&CODE_STATE=getMsg HTTP/1.1" 200 27
116.232.195.127 - - [09/Sep/2023:09:34:18 +0800] "GET /xingrg/all/function/internal_message.html?_=1694223142937&CODE_STATE=getMsg HTTP/1.1" 200 27
180.152.241.196 - - [09/Sep/2023:09:34:19 +0800] "GET /xingrg/kc/buy/cgsh_order_operate.html?command=get_materiel&rest_code=00102&code=00101009160&supplier_code=00100022&order_time=2023-09-09 HTTP/1.1" 200 415
101.83.145.37 - - [09/Sep/2023:09:34:20 +0800] "GET /xingrg/all/function/internal_message.html?_=1694223051746&CODE_STATE=getMsg HTTP/1.1" 200 27
222.70.107.27 - - [09/Sep/2023:09:34:21 +0800] "GET /xingrg/all/function/internal_message.html?_=1694223272863&CODE_STATE=getMsg HTTP/1.1" 200 27
120.253.135.82 - - [09/Sep/2023:09:34:24 +0800] "GET /xingrg/all/function/internal_message.html?_=1694223069307&CODE_STATE=getMsg HTTP/1.1" 200 27
180.152.241.196 - - [09/Sep/2023:09:34:24 +0800] "GET /xingrg/all/function/internal_message.html?_=1694223264608&CODE_STATE=getMsg HTTP/1.1" 200 27
222.69.128.2 - - [09/Sep/2023:09:34:27 +0800] "GET /xingrg/check_reg.html?_=1694223266471 HTTP/1.1" 200 22
180.174.205.229 - - [09/Sep/2023:09:34:27 +0800] "GET /xingrg/all/function/internal_message.html?_=1694223264872&CODE_STATE=getMsg HTTP/1.1" 200 27
222.69.128.2 - - [09/Sep/2023:09:34:28 +0800] "GET /xingrg/all/function/internal_message.html?_=1694223267490&CODE_STATE=getMsg HTTP/1.1" 200 27
222.70.180.200 - - [09/Sep/2023:09:34:39 +0800] "POST /xingrg/kc/buy/cgsh_order_operate.html HTTP/1.1" 200 37
124.78.155.92 - - [09/Sep/2023:09:34:39 +0800] "GET /xingrg/all/function/internal_message.html?_=1694223281262&CODE_STATE=getMsg HTTP/1.1" 200 27
180.152.241.196 - - [09/Sep/2023:09:34:41 +0800] "GET /xingrg/kc/buy/cgsh_order_operate.html?command=get_materiel&rest_code=00102&code=00101009175&supplier_code=00100022&order_time=2023-09-09 HTTP/1.1" 200 401
218.79.28.44 - - [09/Sep/2023:09:34:41 +0800] "GET /xingrg/all/function/internal_message.html?_=1694223291404&CODE_STATE=getMsg HTTP/1.1" 302 -
222.70.180.200 - - [09/Sep/2023:09:34:44 +0800] "POST /xingrg/kc/buy/cgsh_order_operate.html HTTP/1.1" 200 7988
114.95.241.104 - - [09/Sep/2023:09:34:49 +0800] "GET /xingrg/all/function/internal_message.html?_=1694223176428&CODE_STATE=getMsg HTTP/1.1" 200 27
114.83.216.110 - - [09/Sep/2023:09:34:50 +0800] "GET /xingrg/all/function/internal_message.html?_=1694223435906&CODE_STATE=getMsg HTTP/1.1" 200 27
180.152.241.196 - - [09/Sep/2023:09:34:51 +0800] "POST /xingrg/kc/buy/cgsh_order_operate.html HTTP/1.1" 200 37
222.70.244.80 - - [09/Sep/2023:09:34:56 +0800] "GET /xingrg/all/function/internal_message.html?_=1694223314230&CODE_STATE=getMsg HTTP/1.1" 200 27
222.69.128.2 - - [09/Sep/2023:09:34:56 +0800] "POST /xingrg/services/DataTransmitService HTTP/1.1" 401 565
222.69.128.2 - - [09/Sep/2023:09:34:56 +0800] "POST /xingrg/services/DataTransmitService HTTP/1.1" 200 478
222.69.128.2 - - [09/Sep/2023:09:34:56 +0800] "POST /xingrg/services/DataTransmitService HTTP/1.1" 200 1319
222.69.128.2 - - [09/Sep/2023:09:34:56 +0800] "POST /xingrg/services/DataTransmitService HTTP/1.1" 200 478
222.69.128.2 - - [09/Sep/2023:09:34:56 +0800] "POST /xingrg/services/DataTransmitService HTTP/1.1" 200 1319
222.69.128.2 - - [09/Sep/2023:09:34:56 +0800] "POST /xingrg/services/DataTransmitService HTTP/1.1" 200 524
222.69.128.2 - - [09/Sep/2023:09:34:57 +0800] "POST /xingrg/services/DataTransmitService HTTP/1.1" 200 2067
222.69.128.2 - - [09/Sep/2023:09:34:58 +0800] "POST /xingrg/services/DataTransmitService HTTP/1.1" 200 140215
180.157.252.149 - - [09/Sep/2023:09:34:58 +0800] "GET /xingrg/all/function/internal_message.html?_=1694223299926&CODE_STATE=getMsg HTTP/1.1" 200 27
180.152.241.196 - - [09/Sep/2023:09:35:03 +0800] "POST /xingrg/kc/buy/cgsh_order_operate.html HTTP/1.1" 200 12
222.70.244.80 - - [09/Sep/2023:09:35:06 +0800] "GET /xingrg/all/function/internal_message.html?_=1694223319411&CODE_STATE=getMsg HTTP/1.1" 200 27
180.152.241.196 - - [09/Sep/2023:09:35:06 +0800] "GET /xingrg/kc/buy/cgsh_order_info.html?code=212023090903246 HTTP/1.1" 200 67208
180.152.241.196 - - [09/Sep/2023:09:35:06 +0800] "GET /xingrg/javascript/easyui/themes/default/validatebox.css HTTP/1.1" 404 1104
124.79.246.190 - - [09/Sep/2023:09:35:07 +0800] "GET /xingrg/all/function/internal_message.html?_=1694223603521&CODE_STATE=getMsg HTTP/1.1" 200 27
180.152.241.196 - - [09/Sep/2023:09:35:07 +0800] "POST /xingrg/kc/buy/cgsh_order_operate.html HTTP/1.1" 200 3571
101.83.145.37 - - [09/Sep/2023:09:35:09 +0800] "GET /xingrg/all/function/internal_message.html?_=1694223309470&CODE_STATE=getMsg HTTP/1.1" 200 27
180.152.241.196 - - [09/Sep/2023:09:35:09 +0800] "GET /xingrg/kc/print/load_data.html?order_code=212023090903246&kc_code=cgsh&condition= HTTP/1.1" 200 1842
222.69.128.2 - - [09/Sep/2023:09:35:09 +0800] "POST /xingrg/services/DataTransmitService HTTP/1.1" 200 45454
222.69.128.2 - - [09/Sep/2023:09:35:09 +0800] "POST /xingrg/services/DataTransmitService HTTP/1.1" 200 19237
222.70.180.200 - - [09/Sep/2023:09:35:11 +0800] "GET /xingrg/check_reg.html?_=1694223312378 HTTP/1.1" 200 22
222.70.180.200 - - [09/Sep/2023:09:35:11 +0800] "GET /xingrg/all/function/internal_message.html?_=1694223312381&CODE_STATE=getMsg HTTP/1.1" 200 27
116.232.195.127 - - [09/Sep/2023:09:35:18 +0800] "GET /xingrg/all/function/internal_message.html?_=1694223202936&CODE_STATE=getMsg HTTP/1.1" 200 27
101.83.145.37 - - [09/Sep/2023:09:35:20 +0800] "GET /xingrg/all/function/internal_message.html?_=1694223111747&CODE_STATE=getMsg HTTP/1.1" 200 27
124.78.155.92 - - [09/Sep/2023:09:35:21 +0800] "POST /xingrg/kc/buy/cgsh_order_operate.html HTTP/1.1" 200 37
222.70.107.27 - - [09/Sep/2023:09:35:21 +0800] "GET /xingrg/all/function/internal_message.html?_=1694223332877&CODE_STATE=getMsg HTTP/1.1" 200 27
222.70.107.27 - - [09/Sep/2023:09:35:21 +0800] "GET /xingrg/check_reg.html?_=1694223332878 HTTP/1.1" 200 22
120.253.135.82 - - [09/Sep/2023:09:35:23 +0800] "GET /xingrg/check_reg.html?_=1694223128237 HTTP/1.1" 200 22
222.69.128.2 - - [09/Sep/2023:09:35:23 +0800] "POST /xingrg/services/DataTransmitService HTTP/1.1" 200 524
222.69.128.2 - - [09/Sep/2023:09:35:23 +0800] "POST /xingrg/services/DataTransmitService HTTP/1.1" 200 2067
124.78.155.92 - - [09/Sep/2023:09:35:24 +0800] "POST /xingrg/kc/buy/cgsh_order_operate.html HTTP/1.1" 200 44086
120.253.135.82 - - [09/Sep/2023:09:35:24 +0800] "GET /xingrg/all/function/internal_message.html?_=1694223129320&CODE_STATE=getMsg HTTP/1.1" 200 27
180.152.241.196 - - [09/Sep/2023:09:35:24 +0800] "GET /xingrg/all/function/internal_message.html?_=1694223324594&CODE_STATE=getMsg HTTP/1.1" 200 27
180.174.205.229 - - [09/Sep/2023:09:35:27 +0800] "GET /xingrg/check_reg.html?_=1694223324867 HTTP/1.1" 200 22
180.174.205.229 - - [09/Sep/2023:09:35:27 +0800] "GET /xingrg/all/function/internal_message.html?_=1694223324872&CODE_STATE=getMsg HTTP/1.1" 200 27
222.69.128.2 - - [09/Sep/2023:09:35:28 +0800] "GET /xingrg/all/function/internal_message.html?_=1694223327475&CODE_STATE=getMsg HTTP/1.1" 200 27
124.78.155.92 - - [09/Sep/2023:09:35:28 +0800] "GET /xingrg/kc/base/base_main.html HTTP/1.1" 200 12142
124.78.155.92 - - [09/Sep/2023:09:35:28 +0800] "GET /xingrg/images/blue/button/wlsy.gif HTTP/1.1" 200 2536
124.78.155.92 - - [09/Sep/2023:09:35:28 +0800] "GET /xingrg/images/blue/button/ckdb.gif HTTP/1.1" 200 1950
124.78.155.92 - - [09/Sep/2023:09:35:28 +0800] "GET /xingrg/images/blue/button/ckpd.gif HTTP/1.1" 200 2051
124.78.155.92 - - [09/Sep/2023:09:35:28 +0800] "GET /xingrg/images/blue/button/yddb.gif HTTP/1.1" 200 2040
124.78.155.92 - - [09/Sep/2023:09:35:28 +0800] "GET /xingrg/images/blue/button/top_left.jpg HTTP/1.1" 200 1632
124.78.155.92 - - [09/Sep/2023:09:35:28 +0800] "GET /xingrg/images/blue/button/down.jpg HTTP/1.1" 200 1560
124.78.155.92 - - [09/Sep/2023:09:35:28 +0800] "GET /xingrg/images/blue/button/top_right.jpg HTTP/1.1" 200 1708
124.78.155.92 - - [09/Sep/2023:09:35:28 +0800] "GET /xingrg/images/blue/button/left_ah.jpg HTTP/1.1" 200 1643
124.78.155.92 - - [09/Sep/2023:09:35:28 +0800] "GET /xingrg/images/blue/button/bottom_left.jpg HTTP/1.1" 200 1524
124.78.155.92 - - [09/Sep/2023:09:35:28 +0800] "GET /xingrg/images/blue/button/bottom_right.jpg HTTP/1.1" 200 1436
124.78.155.92 - - [09/Sep/2023:09:35:31 +0800] "GET /xingrg/kc/base/wldb_order_list.html HTTP/1.1" 200 19174
124.78.155.92 - - [09/Sep/2023:09:35:32 +0800] "POST /xingrg/kc/base/wldb_list_operate.html HTTP/1.1" 200 928
124.78.155.92 - - [09/Sep/2023:09:35:34 +0800] "GET /xingrg/kc/base/base_main.html HTTP/1.1" 200 12142
124.78.155.92 - - [09/Sep/2023:09:35:35 +0800] "GET /xingrg/kc/base/wldb_order_list.html HTTP/1.1" 200 19174
124.78.155.92 - - [09/Sep/2023:09:35:36 +0800] "POST /xingrg/kc/base/wldb_list_operate.html HTTP/1.1" 200 928
124.78.155.92 - - [09/Sep/2023:09:35:38 +0800] "GET /xingrg/kc/buy/buy_main.html HTTP/1.1" 200 12412
124.78.155.92 - - [09/Sep/2023:09:35:38 +0800] "GET /xingrg/css/new_ie.css HTTP/1.1" 404 1036
124.78.155.92 - - [09/Sep/2023:09:35:39 +0800] "GET /xingrg/check_reg.html?_=1694223340627 HTTP/1.1" 200 22
124.78.155.92 - - [09/Sep/2023:09:35:39 +0800] "GET /xingrg/images/yd/bt.gif HTTP/1.1" 404 1040
124.78.155.92 - - [09/Sep/2023:09:35:39 +0800] "GET /xingrg/all/function/internal_message.html?_=1694223341238&CODE_STATE=getMsg HTTP/1.1" 200 27
124.78.155.92 - - [09/Sep/2023:09:35:40 +0800] "GET /xingrg/kc/buy/cgsh_order_list.html HTTP/1.1" 200 56486
218.79.28.44 - - [09/Sep/2023:09:35:41 +0800] "GET /xingrg/all/function/internal_message.html?_=1694223351402&CODE_STATE=getMsg HTTP/1.1" 302 -
180.157.252.149 - - [09/Sep/2023:09:35:43 +0800] "GET /xingrg/check_reg.html?_=1694223345090 HTTP/1.1" 200 22
124.78.155.92 - - [09/Sep/2023:09:35:47 +0800] "POST /xingrg/kc/buy/cgsh_list_operate.html HTTP/1.1" 200 2694
114.95.241.104 - - [09/Sep/2023:09:35:49 +0800] "GET /xingrg/check_reg.html?_=1694223236192 HTTP/1.1" 200 22
114.95.241.104 - - [09/Sep/2023:09:35:49 +0800] "GET /xingrg/all/function/internal_message.html?_=1694223236441&CODE_STATE=getMsg HTTP/1.1" 200 27
114.83.216.110 - - [09/Sep/2023:09:35:50 +0800] "GET /xingrg/all/function/internal_message.html?_=1694223495894&CODE_STATE=getMsg HTTP/1.1" 200 27
222.70.244.80 - - [09/Sep/2023:09:35:56 +0800] "GET /xingrg/all/function/internal_message.html?_=1694223374248&CODE_STATE=getMsg HTTP/1.1" 200 27
180.157.252.149 - - [09/Sep/2023:09:35:58 +0800] "GET /xingrg/all/function/internal_message.html?_=1694223359896&CODE_STATE=getMsg HTTP/1.1" 200 27
222.70.244.80 - - [09/Sep/2023:09:36:06 +0800] "GET /xingrg/all/function/internal_message.html?_=1694223379553&CODE_STATE=getMsg HTTP/1.1" 200 27
124.79.246.190 - - [09/Sep/2023:09:36:07 +0800] "GET /xingrg/all/function/internal_message.html?_=1694223663519&CODE_STATE=getMsg HTTP/1.1" 200 27
101.83.145.37 - - [09/Sep/2023:09:36:09 +0800] "GET /xingrg/all/function/internal_message.html?_=1694223369470&CODE_STATE=getMsg HTTP/1.1" 200 27
101.83.145.37 - - [09/Sep/2023:09:36:09 +0800] "GET /xingrg/check_reg.html?_=1694223369523 HTTP/1.1" 200 22
222.70.180.200 - - [09/Sep/2023:09:36:11 +0800] "GET /xingrg/all/function/internal_message.html?_=1694223372387&CODE_STATE=getMsg HTTP/1.1" 200 27
116.232.195.127 - - [09/Sep/2023:09:36:14 +0800] "POST /xingrg/kc/buy/cgsh_list_operate.html HTTP/1.1" 200 986
116.232.195.127 - - [09/Sep/2023:09:36:18 +0800] "GET /xingrg/all/function/internal_message.html?_=1694223262922&CODE_STATE=getMsg HTTP/1.1" 200 27
101.83.145.37 - - [09/Sep/2023:09:36:20 +0800] "GET /xingrg/check_reg.html?_=1694223171746 HTTP/1.1" 200 22
101.83.145.37 - - [09/Sep/2023:09:36:20 +0800] "GET /xingrg/all/function/internal_message.html?_=1694223171749&CODE_STATE=getMsg HTTP/1.1" 200 27
222.70.107.27 - - [09/Sep/2023:09:36:21 +0800] "GET /xingrg/all/function/internal_message.html?_=1694223392876&CODE_STATE=getMsg HTTP/1.1" 200 27
120.253.135.82 - - [09/Sep/2023:09:36:24 +0800] "GET /xingrg/all/function/internal_message.html?_=1694223189335&CODE_STATE=getMsg HTTP/1.1" 200 27
180.152.241.196 - - [09/Sep/2023:09:36:24 +0800] "GET /xingrg/all/function/internal_message.html?_=1694223384576&CODE_STATE=getMsg HTTP/1.1" 200 27
180.174.205.229 - - [09/Sep/2023:09:36:27 +0800] "GET /xingrg/all/function/internal_message.html?_=1694223384871&CODE_STATE=getMsg HTTP/1.1" 200 27
222.69.128.2 - - [09/Sep/2023:09:36:28 +0800] "GET /xingrg/all/function/internal_message.html?_=1694223387459&CODE_STATE=getMsg HTTP/1.1" 200 27
222.70.180.200 - - [09/Sep/2023:09:36:32 +0800] "GET /xingrg/kc/buy/cgsh_order_operate.html?command=get_materiel&rest_code=00111&code=00101008101&supplier_code=00100005&order_time=2023-09-09 HTTP/1.1" 200 412
218.79.28.44 - - [09/Sep/2023:09:36:41 +0800] "GET /xingrg/all/function/internal_message.html?_=1694223411401&CODE_STATE=getMsg HTTP/1.1" 302 -
218.79.28.44 - - [09/Sep/2023:09:36:41 +0800] "GET /xingrg/check_reg.html?_=1694223411402 HTTP/1.1" 302 -
114.83.216.110 - - [09/Sep/2023:09:36:50 +0800] "GET /xingrg/all/function/internal_message.html?_=1694223555896&CODE_STATE=getMsg HTTP/1.1" 200 27
114.83.216.110 - - [09/Sep/2023:09:36:50 +0800] "GET /xingrg/check_reg.html?_=1694223555898 HTTP/1.1" 200 22
114.95.241.104 - - [09/Sep/2023:09:36:52 +0800] "GET /xingrg/all/function/internal_message.html?_=1694223296454&CODE_STATE=getMsg HTTP/1.1" 200 27
222.70.244.80 - - [09/Sep/2023:09:36:56 +0800] "GET /xingrg/all/function/internal_message.html?_=1694223434258&CODE_STATE=getMsg HTTP/1.1" 200 27
180.157.252.149 - - [09/Sep/2023:09:36:58 +0800] "GET /xingrg/all/function/internal_message.html?_=1694223419881&CODE_STATE=getMsg HTTP/1.1" 200 27
180.152.241.196 - - [09/Sep/2023:09:37:01 +0800] "GET /xingrg/kc/buy/cgsh_order_add.html HTTP/1.1" 200 72303
180.152.241.196 - - [09/Sep/2023:09:37:02 +0800] "POST /xingrg/kc/buy/cgsh_order_operate.html HTTP/1.1" 200 8245
180.152.241.196 - - [09/Sep/2023:09:37:02 +0800] "GET /xingrg/javascript/easyui/themes/default/validatebox.css HTTP/1.1" 404 1104
222.70.244.80 - - [09/Sep/2023:09:37:06 +0800] "GET /xingrg/all/function/internal_message.html?_=1694223439564&CODE_STATE=getMsg HTTP/1.1" 200 27
124.79.246.190 - - [09/Sep/2023:09:37:07 +0800] "GET /xingrg/all/function/internal_message.html?_=1694223723518&CODE_STATE=getMsg HTTP/1.1" 200 27
101.83.145.37 - - [09/Sep/2023:09:37:09 +0800] "GET /xingrg/all/function/internal_message.html?_=1694223429468&CODE_STATE=getMsg HTTP/1.1" 200 27
222.70.180.200 - - [09/Sep/2023:09:37:11 +0800] "GET /xingrg/all/function/internal_message.html?_=1694223432379&CODE_STATE=getMsg HTTP/1.1" 200 27
101.83.145.37 - - [09/Sep/2023:09:37:20 +0800] "GET /xingrg/all/function/internal_message.html?_=1694223231750&CODE_STATE=getMsg HTTP/1.1" 200 27
222.70.107.27 - - [09/Sep/2023:09:37:21 +0800] "GET /xingrg/all/function/internal_message.html?_=1694223452875&CODE_STATE=getMsg HTTP/1.1" 200 27
222.70.180.200 - - [09/Sep/2023:09:37:22 +0800] "GET /xingrg/kc/buy/cgsh_order_operate.html?command=get_materiel&rest_code=00111&code=00101008010&supplier_code=00100005&order_time=2023-09-09 HTTP/1.1" 200 412
120.253.135.82 - - [09/Sep/2023:09:37:24 +0800] "GET /xingrg/all/function/internal_message.html?_=1694223249348&CODE_STATE=getMsg HTTP/1.1" 200 27
180.152.241.196 - - [09/Sep/2023:09:37:24 +0800] "GET /xingrg/all/function/internal_message.html?_=1694223444589&CODE_STATE=getMsg HTTP/1.1" 200 27
180.174.205.229 - - [09/Sep/2023:09:37:27 +0800] "GET /xingrg/all/function/internal_message.html?_=1694223444874&CODE_STATE=getMsg HTTP/1.1" 200 27
222.69.128.2 - - [09/Sep/2023:09:37:28 +0800] "GET /xingrg/all/function/internal_message.html?_=1694223447448&CODE_STATE=getMsg HTTP/1.1" 200 27
218.79.28.44 - - [09/Sep/2023:09:37:41 +0800] "GET /xingrg/all/function/internal_message.html?_=1694223471401&CODE_STATE=getMsg HTTP/1.1" 302 -
222.70.180.200 - - [09/Sep/2023:09:37:42 +0800] "GET /xingrg/kc/buy/cgsh_order_operate.html?command=get_materiel&rest_code=00111&code=00101008312&supplier_code=00100005&order_time=2023-09-09 HTTP/1.1" 200 412
101.228.187.155 - - [09/Sep/2023:09:37:44 +0800] "GET /favicon.ico HTTP/1.1" 404 -
101.228.187.155 - - [09/Sep/2023:09:37:45 +0800] "GET /xingrg/login.html HTTP/1.1" 200 7641
101.228.187.155 - - [09/Sep/2023:09:37:47 +0800] "GET /xingrg/images/blue/jxLogo.png HTTP/1.1" 304 -
101.228.187.155 - - [09/Sep/2023:09:37:47 +0800] "GET /xingrg/images/blue/login_bg.png HTTP/1.1" 304 -
101.228.187.155 - - [09/Sep/2023:09:37:47 +0800] "GET /xingrg/images/blue/hj.png HTTP/1.1" 304 -
101.228.187.155 - - [09/Sep/2023:09:37:47 +0800] "GET /xingrg/images/blue/srbg.png HTTP/1.1" 304 -
101.228.187.155 - - [09/Sep/2023:09:37:47 +0800] "GET /favicon.ico HTTP/1.1" 404 -
116.232.195.127 - - [09/Sep/2023:09:37:48 +0800] "GET /xingrg/index.html?sysBaseUrl=http%3A%2F%2F180.169.147.146%3A18081%2Fxingrg%2F&costTime=1277×tamp=1606817596806 HTTP/1.1" 302 -
116.232.195.127 - - [09/Sep/2023:09:37:48 +0800] "GET /xingrg/login.html HTTP/1.1" 200 7641
116.232.195.127 - - [09/Sep/2023:09:37:48 +0800] "GET /favicon.ico HTTP/1.1" 404 -
114.95.241.104 - - [09/Sep/2023:09:37:49 +0800] "GET /xingrg/all/function/internal_message.html?_=1694223356468&CODE_STATE=getMsg HTTP/1.1" 200 27
114.83.216.110 - - [09/Sep/2023:09:37:50 +0800] "GET /xingrg/all/function/internal_message.html?_=1694223615914&CODE_STATE=getMsg HTTP/1.1" 200 27
222.70.244.80 - - [09/Sep/2023:09:37:56 +0800] "GET /xingrg/check_reg.html?_=1694223494150 HTTP/1.1" 200 22
222.70.244.80 - - [09/Sep/2023:09:37:56 +0800] "GET /xingrg/all/function/internal_message.html?_=1694223494271&CODE_STATE=getMsg HTTP/1.1" 200 27
116.232.195.127 - - [09/Sep/2023:09:37:56 +0800] "POST /xingrg/login.do HTTP/1.1" 200 2421
116.232.195.127 - - [09/Sep/2023:09:37:56 +0800] "GET /favicon.ico HTTP/1.1" 404 -
101.228.187.155 - - [09/Sep/2023:09:37:57 +0800] "POST /xingrg/login.do HTTP/1.1" 302 -
101.228.187.155 - - [09/Sep/2023:09:37:57 +0800] "GET /xingrg/index.html?sysBaseUrl=http%3A%2F%2F180.169.147.146%3A18081%2Fxingrg%2F&costTime=1047×tamp=1694223477134 HTTP/1.1" 200 17179
101.228.187.155 - - [09/Sep/2023:09:37:57 +0800] "GET /xingrg/javascript/jquery_easy_ui/themes/default/easyui.css HTTP/1.1" 304 -
101.228.187.155 - - [09/Sep/2023:09:37:57 +0800] "GET /xingrg/javascript/jquery_easy_ui/themes/icon.css HTTP/1.1" 304 -
101.228.187.155 - - [09/Sep/2023:09:37:57 +0800] "GET /xingrg/javascript/jquery_easy_ui/easyui-lang-zh_CN.js HTTP/1.1" 304 -
101.228.187.155 - - [09/Sep/2023:09:37:57 +0800] "GET /xingrg/javascript/jquery.form.js HTTP/1.1" 304 -
101.228.187.155 - - [09/Sep/2023:09:37:57 +0800] "GET /xingrg/css/form.css HTTP/1.1" 304 -
101.228.187.155 - - [09/Sep/2023:09:37:57 +0800] "GET /xingrg/javascript/jquery.utils.js HTTP/1.1" 304 -
101.228.187.155 - - [09/Sep/2023:09:37:57 +0800] "GET /xingrg/javascript/jquery-1.4.2.min.js HTTP/1.1" 304 -
101.228.187.155 - - [09/Sep/2023:09:37:57 +0800] "GET /xingrg/javascript/jquery_easy_ui/jquery.easyui.min.js HTTP/1.1" 304 -
101.228.187.155 - - [09/Sep/2023:09:37:57 +0800] "GET /xingrg/javascript/jquery.timers.js HTTP/1.1" 304 -
101.228.187.155 - - [09/Sep/2023:09:37:57 +0800] "GET /favicon.ico HTTP/1.1" 404 -
101.228.187.155 - - [09/Sep/2023:09:37:57 +0800] "GET /xingrg/javascript/jquery_easy_ui/themes/icons/settle_new.png HTTP/1.1" 304 -
101.228.187.155 - - [09/Sep/2023:09:37:57 +0800] "GET /xingrg/images/blue/navBackgound.jpg HTTP/1.1" 304 -
101.228.187.155 - - [09/Sep/2023:09:37:57 +0800] "POST /xingrg/all/common/load_tree.html?tree=area_rest_tree_json&manage=1 HTTP/1.1" 200 351
101.228.187.155 - - [09/Sep/2023:09:37:57 +0800] "GET /xingrg/images/blue/pingpu.png HTTP/1.1" 304 -
101.228.187.155 - - [09/Sep/2023:09:37:57 +0800] "GET /xingrg/javascript/jquery_easy_ui/themes/default/images/tabs_leftarrow.png HTTP/1.1" 304 -
101.228.187.155 - - [09/Sep/2023:09:37:57 +0800] "GET /xingrg/all/function/internal_message.html?_=1694223477931&CODE_STATE=count HTTP/1.1" 200 11
101.228.187.155 - - [09/Sep/2023:09:37:57 +0800] "GET /xingrg/javascript/jquery_easy_ui/themes/default/images/tabs_rightarrow.png HTTP/1.1" 304 -
101.228.187.155 - - [09/Sep/2023:09:37:57 +0800] "GET /xingrg/check_reg.html?_=1694223477932 HTTP/1.1" 200 22
101.228.187.155 - - [09/Sep/2023:09:37:57 +0800] "GET /xingrg/javascript/jquery_easy_ui/themes/default/images/panel_tool_collapse.gif HTTP/1.1" 304 -
101.228.187.155 - - [09/Sep/2023:09:37:58 +0800] "POST /xingrg/load_menu.html HTTP/1.1" 200 5138
101.228.187.155 - - [09/Sep/2023:09:37:58 +0800] "GET /xingrg/javascript/jquery_easy_ui/themes/default/images/tree_arrows.gif HTTP/1.1" 304 -
101.228.187.155 - - [09/Sep/2023:09:37:58 +0800] "GET /xingrg/javascript/jquery_easy_ui/themes/default/images/tree_folder_open.gif HTTP/1.1" 304 -
101.228.187.155 - - [09/Sep/2023:09:37:58 +0800] "GET /xingrg/javascript/jquery_easy_ui/themes/icons/search_new.png HTTP/1.1" 304 -
101.228.187.155 - - [09/Sep/2023:09:37:58 +0800] "GET /xingrg/javascript/jquery_easy_ui/themes/default/images/tree_folder.gif HTTP/1.1" 304 -
101.228.187.155 - - [09/Sep/2023:09:37:58 +0800] "GET /xingrg/javascript/jquery_easy_ui/themes/icons/storage_new.png HTTP/1.1" 304 -
101.228.187.155 - - [09/Sep/2023:09:37:58 +0800] "GET /xingrg/javascript/jquery_easy_ui/themes/icons/forms_new.png HTTP/1.1" 304 -
101.228.187.155 - - [09/Sep/2023:09:37:58 +0800] "GET /xingrg/javascript/jquery_easy_ui/themes/default/images/tree_file.gif HTTP/1.1" 304 -
180.157.252.149 - - [09/Sep/2023:09:37:58 +0800] "GET /xingrg/all/function/internal_message.html?_=1694223479851&CODE_STATE=getMsg HTTP/1.1" 200 27
116.232.195.127 - - [09/Sep/2023:09:38:00 +0800] "GET /xingrg/login.html HTTP/1.1" 200 7641
116.232.195.127 - - [09/Sep/2023:09:38:00 +0800] "GET /favicon.ico HTTP/1.1" 404 -
222.70.244.80 - - [09/Sep/2023:09:38:06 +0800] "GET /xingrg/all/function/internal_message.html?_=1694223499708&CODE_STATE=getMsg HTTP/1.1" 200 27
124.79.246.190 - - [09/Sep/2023:09:38:07 +0800] "GET /xingrg/all/function/internal_message.html?_=1694223783516&CODE_STATE=getMsg HTTP/1.1" 200 27
124.79.246.190 - - [09/Sep/2023:09:38:07 +0800] "GET /xingrg/check_reg.html?_=1694223783517 HTTP/1.1" 200 22
101.83.145.37 - - [09/Sep/2023:09:38:09 +0800] "GET /xingrg/all/function/internal_message.html?_=1694223489469&CODE_STATE=getMsg HTTP/1.1" 200 27
101.228.187.155 - - [09/Sep/2023:09:38:09 +0800] "GET /xingrg/javascript/jquery_easy_ui/themes/icons/area.png HTTP/1.1" 304 -
101.228.187.155 - - [09/Sep/2023:09:38:09 +0800] "GET /xingrg/javascript/jquery_easy_ui/themes/icons/rest.png HTTP/1.1" 304 -
222.70.180.200 - - [09/Sep/2023:09:38:11 +0800] "GET /xingrg/all/function/internal_message.html?_=1694223492380&CODE_STATE=getMsg HTTP/1.1" 200 27
116.232.195.127 - - [09/Sep/2023:09:38:12 +0800] "POST /xingrg/login.do HTTP/1.1" 302 -
116.232.195.127 - - [09/Sep/2023:09:38:12 +0800] "GET /xingrg/index.html?sysBaseUrl=http%3A%2F%2F180.169.147.146%3A18081%2Fxingrg%2F&costTime=802×tamp=1694223492901 HTTP/1.1" 200 17179
116.232.195.127 - - [09/Sep/2023:09:38:13 +0800] "GET /favicon.ico HTTP/1.1" 404 -
116.232.195.127 - - [09/Sep/2023:09:38:13 +0800] "POST /xingrg/all/common/load_tree.html?tree=area_rest_tree_json&manage=1 HTTP/1.1" 200 351
116.232.195.127 - - [09/Sep/2023:09:38:13 +0800] "GET /xingrg/all/function/internal_message.html?_=1694223377822&CODE_STATE=count HTTP/1.1" 200 11
116.232.195.127 - - [09/Sep/2023:09:38:13 +0800] "GET /xingrg/check_reg.html?_=1694223377823 HTTP/1.1" 200 22
116.232.195.127 - - [09/Sep/2023:09:38:13 +0800] "POST /xingrg/load_menu.html HTTP/1.1" 200 5138
116.232.195.127 - - [09/Sep/2023:09:38:18 +0800] "GET /xingrg/kc/base/base_main.html HTTP/1.1" 200 12142
101.228.187.155 - - [09/Sep/2023:09:38:19 +0800] "GET /xingrg/javascript/jquery_easy_ui/themes/default/images/tabs_close.gif HTTP/1.1" 304 -
116.232.195.127 - - [09/Sep/2023:09:38:19 +0800] "GET /xingrg/kc/base/wldb_order_list.html HTTP/1.1" 200 19180
101.228.187.155 - - [09/Sep/2023:09:38:19 +0800] "GET /xingrg/kc/buy/cgsh_order_list.html HTTP/1.1" 200 56492
101.228.187.155 - - [09/Sep/2023:09:38:19 +0800] "GET /xingrg/css/base.css HTTP/1.1" 304 -
101.228.187.155 - - [09/Sep/2023:09:38:19 +0800] "GET /xingrg/css/site.css HTTP/1.1" 304 -
101.228.187.155 - - [09/Sep/2023:09:38:19 +0800] "GET /xingrg/javascript/jquery_tools/datebox.css HTTP/1.1" 304 -
101.228.187.155 - - [09/Sep/2023:09:38:19 +0800] "GET /xingrg/javascript/easyui/themes/default/easyui.css HTTP/1.1" 304 -
101.228.187.155 - - [09/Sep/2023:09:38:19 +0800] "GET /xingrg/javascript/easyui/themes/icon.css HTTP/1.1" 304 -
101.228.187.155 - - [09/Sep/2023:09:38:19 +0800] "GET /xingrg/javascript/auto/jquery.autocomplete.css HTTP/1.1" 304 -
101.228.187.155 - - [09/Sep/2023:09:38:19 +0800] "GET /xingrg/javascript/jquery_tools/fix.css HTTP/1.1" 304 -
101.228.187.155 - - [09/Sep/2023:09:38:19 +0800] "GET /xingrg/javascript/jquery_tools/table.css HTTP/1.1" 304 -
101.228.187.155 - - [09/Sep/2023:09:38:19 +0800] "GET /xingrg/javascript/jquery_tools/jquery.tools.min.js HTTP/1.1" 304 -
101.228.187.155 - - [09/Sep/2023:09:38:19 +0800] "GET /xingrg/javascript/jquery_tools/jquery.tools.extend.js HTTP/1.1" 304 -
101.228.187.155 - - [09/Sep/2023:09:38:19 +0800] "GET /xingrg/javascript/jquery_tools/jquery.tools.hotkey.js HTTP/1.1" 304 -
101.228.187.155 - - [09/Sep/2023:09:38:19 +0800] "GET /xingrg/javascript/jquery_tools/jquery.tools.table.js HTTP/1.1" 304 -
101.228.187.155 - - [09/Sep/2023:09:38:19 +0800] "GET /xingrg/javascript/jquery_tools/list_manager.js HTTP/1.1" 304 -
101.228.187.155 - - [09/Sep/2023:09:38:19 +0800] "GET /xingrg/javascript/easyui/easyloader.js HTTP/1.1" 304 -
101.228.187.155 - - [09/Sep/2023:09:38:19 +0800] "GET /xingrg/javascript/auto/jquery.autocomplete.js HTTP/1.1" 304 -
101.228.187.155 - - [09/Sep/2023:09:38:19 +0800] "GET /xingrg/javascript/jquery.cookie.js HTTP/1.1" 304 -
101.228.187.155 - - [09/Sep/2023:09:38:19 +0800] "GET /xingrg/javascript/print/LodopFuncs.js HTTP/1.1" 304 -
101.83.145.37 - - [09/Sep/2023:09:38:20 +0800] "GET /xingrg/all/function/internal_message.html?_=1694223291736&CODE_STATE=getMsg HTTP/1.1" 200 27
101.228.187.155 - - [09/Sep/2023:09:38:20 +0800] "GET /xingrg/javascript/easyui/themes/icons/edit_add_new.png HTTP/1.1" 304 -
101.228.187.155 - - [09/Sep/2023:09:38:20 +0800] "GET /xingrg/javascript/easyui/themes/icons/cance_new.png HTTP/1.1" 304 -
101.228.187.155 - - [09/Sep/2023:09:38:20 +0800] "GET /xingrg/javascript/easyui/themes/icons/field_new.png HTTP/1.1" 304 -
101.228.187.155 - - [09/Sep/2023:09:38:20 +0800] "GET /xingrg/javascript/easyui/themes/icons/import_new.png HTTP/1.1" 304 -
101.228.187.155 - - [09/Sep/2023:09:38:20 +0800] "GET /xingrg/javascript/easyui/themes/icons/check_new.png HTTP/1.1" 304 -
101.228.187.155 - - [09/Sep/2023:09:38:20 +0800] "GET /xingrg/javascript/easyui/plugins/jquery.parser.js HTTP/1.1" 304 -
101.228.187.155 - - [09/Sep/2023:09:38:20 +0800] "GET /xingrg/images/control/ajaxLoader.gif HTTP/1.1" 304 -
116.232.195.127 - - [09/Sep/2023:09:38:20 +0800] "POST /xingrg/kc/base/wldb_list_operate.html HTTP/1.1" 200 928
222.70.107.27 - - [09/Sep/2023:09:38:21 +0800] "GET /xingrg/all/function/internal_message.html?_=1694223512901&CODE_STATE=getMsg HTTP/1.1" 200 27
116.232.195.127 - - [09/Sep/2023:09:38:23 +0800] "GET /xingrg/kc/base/wldb_order_add.html HTTP/1.1" 200 30463
116.232.195.127 - - [09/Sep/2023:09:38:23 +0800] "GET /xingrg/words/20230908171602_words.js HTTP/1.1" 200 985779
116.232.195.127 - - [09/Sep/2023:09:38:23 +0800] "POST /xingrg/kc/base/wldb_order_operate.html HTTP/1.1" 200 6806
116.232.195.127 - - [09/Sep/2023:09:38:23 +0800] "GET /xingrg/all/common/auto_word.html?type=base&rest_code=00155 HTTP/1.1" 200 1857
116.232.195.127 - - [09/Sep/2023:09:38:23 +0800] "GET /xingrg/all/common/auto_word.html?type=base&rest_code=00155 HTTP/1.1" 200 1857
116.232.195.127 - - [09/Sep/2023:09:38:23 +0800] "GET /xingrg/javascript/easyui/themes/default/validatebox.css HTTP/1.1" 404 1104
120.253.135.82 - - [09/Sep/2023:09:38:24 +0800] "GET /xingrg/all/function/internal_message.html?_=1694223309376&CODE_STATE=getMsg HTTP/1.1" 200 27
180.152.241.196 - - [09/Sep/2023:09:38:24 +0800] "GET /xingrg/all/function/internal_message.html?_=1694223504593&CODE_STATE=getMsg HTTP/1.1" 200 27
180.152.241.196 - - [09/Sep/2023:09:38:24 +0800] "GET /xingrg/check_reg.html?_=1694223504613 HTTP/1.1" 200 22
101.228.187.155 - - [09/Sep/2023:09:38:25 +0800] "POST /xingrg/kc/buy/cgsh_list_operate.html HTTP/1.1" 200 2306
180.174.205.229 - - [09/Sep/2023:09:38:27 +0800] "GET /xingrg/all/function/internal_message.html?_=1694223504872&CODE_STATE=getMsg HTTP/1.1" 200 27
222.69.128.2 - - [09/Sep/2023:09:38:28 +0800] "GET /xingrg/all/function/internal_message.html?_=1694223507433&CODE_STATE=getMsg HTTP/1.1" 200 27
116.232.195.127 - - [09/Sep/2023:09:38:30 +0800] "GET /xingrg/javascript/auto/indicator.gif HTTP/1.1" 404 1066
101.228.187.155 - - [09/Sep/2023:09:38:32 +0800] "GET /xingrg/javascript/easyui/themes/default/images/button_plain_hover.png HTTP/1.1" 304 -
101.228.187.155 - - [09/Sep/2023:09:38:33 +0800] "GET /xingrg/kc/buy/cgsh_order_add.html HTTP/1.1" 200 71387
101.228.187.155 - - [09/Sep/2023:09:38:33 +0800] "GET /xingrg/javascript/pic_change.js HTTP/1.1" 304 -
101.228.187.155 - - [09/Sep/2023:09:38:33 +0800] "GET /xingrg/javascript/jquery_tools/order_manager.js HTTP/1.1" 304 -
101.228.187.155 - - [09/Sep/2023:09:38:33 +0800] "GET /xingrg/javascript/convert.js HTTP/1.1" 304 -
101.228.187.155 - - [09/Sep/2023:09:38:33 +0800] "GET /xingrg/javascript/json2.js HTTP/1.1" 304 -
101.228.187.155 - - [09/Sep/2023:09:38:33 +0800] "GET /xingrg/javascript/print/kc_print.js HTTP/1.1" 304 -
101.228.187.155 - - [09/Sep/2023:09:38:33 +0800] "GET /xingrg/words/20230908171602_words.js HTTP/1.1" 200 985779
101.228.187.155 - - [09/Sep/2023:09:38:33 +0800] "GET /xingrg/javascript/easyui/themes/icons/copy_new.png HTTP/1.1" 304 -
101.228.187.155 - - [09/Sep/2023:09:38:33 +0800] "GET /xingrg/javascript/easyui/themes/icons/print.png HTTP/1.1" 304 -
101.228.187.155 - - [09/Sep/2023:09:38:33 +0800] "GET /xingrg/javascript/easyui/themes/icons/ok.png HTTP/1.1" 304 -
101.228.187.155 - - [09/Sep/2023:09:38:33 +0800] "GET /xingrg/javascript/easyui/themes/icons/template_new.png HTTP/1.1" 304 -
101.228.187.155 - - [09/Sep/2023:09:38:33 +0800] "GET /xingrg/javascript/easyui/themes/default/images/menu_downarrow.png HTTP/1.1" 304 -
101.228.187.155 - - [09/Sep/2023:09:38:33 +0800] "GET /xingrg/javascript/easyui/themes/icons/cancel.png HTTP/1.1" 304 -
101.228.187.155 - - [09/Sep/2023:09:38:34 +0800] "POST /xingrg/kc/buy/cgsh_order_operate.html HTTP/1.1" 200 8245
101.228.187.155 - - [09/Sep/2023:09:38:34 +0800] "GET /xingrg/javascript/easyui/themes/default/validatebox.css HTTP/1.1" 404 1104
101.228.187.155 - - [09/Sep/2023:09:38:34 +0800] "GET /xingrg/javascript/easyui/plugins/jquery.validatebox.js HTTP/1.1" 304 -
101.228.187.155 - - [09/Sep/2023:09:38:34 +0800] "GET /xingrg/javascript/easyui/plugins/jquery.numberbox.js HTTP/1.1" 304 -
101.228.187.155 - - [09/Sep/2023:09:38:34 +0800] "GET /xingrg/all/common/auto_word.html?type=employee&rest_code=00142 HTTP/1.1" 200 105
101.228.187.155 - - [09/Sep/2023:09:38:34 +0800] "GET /xingrg/all/common/auto_word.html?type=employee&rest_code=00142 HTTP/1.1" 200 105
101.228.187.155 - - [09/Sep/2023:09:38:34 +0800] "GET /xingrg/javascript/easyui/themes/icons/edit_remove.png HTTP/1.1" 304 -
101.228.187.155 - - [09/Sep/2023:09:38:39 +0800] "GET /xingrg/javascript/auto/indicator.gif HTTP/1.1" 404 1066
218.79.28.44 - - [09/Sep/2023:09:38:41 +0800] "GET /xingrg/all/function/internal_message.html?_=1694223531400&CODE_STATE=getMsg HTTP/1.1" 302 -
101.228.187.155 - - [09/Sep/2023:09:38:42 +0800] "GET /xingrg/javascript/jquery_tools/images/prev.gif HTTP/1.1" 404 1086
101.228.187.155 - - [09/Sep/2023:09:38:42 +0800] "GET /xingrg/javascript/jquery_tools/images/next.gif HTTP/1.1" 404 1086
222.70.244.80 - - [09/Sep/2023:09:38:45 +0800] "GET /xingrg/check_reg.html?_=1694223538757 HTTP/1.1" 200 22
116.232.195.127 - - [09/Sep/2023:09:38:46 +0800] "GET /xingrg/javascript/jquery_tools/images/prev.gif HTTP/1.1" 404 1086
116.232.195.127 - - [09/Sep/2023:09:38:46 +0800] "GET /xingrg/javascript/jquery_tools/images/next.gif HTTP/1.1" 404 1086
114.95.241.104 - - [09/Sep/2023:09:38:49 +0800] "GET /xingrg/all/function/internal_message.html?_=1694223416533&CODE_STATE=getMsg HTTP/1.1" 200 27
114.83.216.110 - - [09/Sep/2023:09:38:50 +0800] "GET /xingrg/all/function/internal_message.html?_=1694223675907&CODE_STATE=getMsg HTTP/1.1" 200 27
101.228.187.155 - - [09/Sep/2023:09:38:52 +0800] "GET /xingrg/kc/buy/cgsh_order_operate.html?command=get_materiel&rest_code=00142&code=00101008108&supplier_code=00100161&order_time=2023-09-09 HTTP/1.1" 200 412
222.70.244.80 - - [09/Sep/2023:09:38:56 +0800] "GET /xingrg/all/function/internal_message.html?_=1694223554286&CODE_STATE=getMsg HTTP/1.1" 200 27
101.228.187.155 - - [09/Sep/2023:09:38:57 +0800] "GET /xingrg/all/function/internal_message.html?_=1694223537944&CODE_STATE=getMsg HTTP/1.1" 200 27
180.157.252.149 - - [09/Sep/2023:09:38:58 +0800] "GET /xingrg/all/function/internal_message.html?_=1694223539835&CODE_STATE=getMsg HTTP/1.1" 200 27
116.232.195.127 - - [09/Sep/2023:09:39:00 +0800] "GET /xingrg/kc/base/wldb_order_operate.html?command=get_materiel&rest_code=00155&base_code=0010739&code=00101016040 HTTP/1.1" 200 458
222.70.244.80 - - [09/Sep/2023:09:39:06 +0800] "GET /xingrg/all/function/internal_message.html?_=1694223559715&CODE_STATE=getMsg HTTP/1.1" 200 27
124.79.246.190 - - [09/Sep/2023:09:39:07 +0800] "GET /xingrg/all/function/internal_message.html?_=1694223843515&CODE_STATE=getMsg HTTP/1.1" 200 27
116.232.195.127 - - [09/Sep/2023:09:39:08 +0800] "GET /xingrg/kc/base/wldb_order_operate.html?command=get_materiel&rest_code=00155&base_code=0010739&code=00101016011 HTTP/1.1" 200 431
101.83.145.37 - - [09/Sep/2023:09:39:09 +0800] "GET /xingrg/all/function/internal_message.html?_=1694223549470&CODE_STATE=getMsg HTTP/1.1" 200 27
101.228.187.155 - - [09/Sep/2023:09:39:09 +0800] "GET /xingrg/kc/buy/cgsh_order_operate.html?command=get_materiel&rest_code=00142&code=00101008368&supplier_code=00100161&order_time=2023-09-09 HTTP/1.1" 200 408
222.70.180.200 - - [09/Sep/2023:09:39:11 +0800] "GET /xingrg/all/function/internal_message.html?_=1694223552382&CODE_STATE=getMsg HTTP/1.1" 200 27
116.232.195.127 - - [09/Sep/2023:09:39:13 +0800] "GET /xingrg/all/function/internal_message.html?_=1694223437847&CODE_STATE=getMsg HTTP/1.1" 200 27
101.228.187.155 - - [09/Sep/2023:09:39:18 +0800] "GET /xingrg/kc/buy/cgsh_order_operate.html?command=get_materiel&rest_code=00142&code=00101008005&supplier_code=00100161&order_time=2023-09-09 HTTP/1.1" 200 433
101.83.145.37 - - [09/Sep/2023:09:39:20 +0800] "GET /xingrg/all/function/internal_message.html?_=1694223351735&CODE_STATE=getMsg HTTP/1.1" 200 27
222.70.107.27 - - [09/Sep/2023:09:39:21 +0800] "GET /xingrg/all/function/internal_message.html?_=1694223572899&CODE_STATE=getMsg HTTP/1.1" 200 27
120.253.135.82 - - [09/Sep/2023:09:39:24 +0800] "GET /xingrg/all/function/internal_message.html?_=1694223369390&CODE_STATE=getMsg HTTP/1.1" 200 27
180.152.241.196 - - [09/Sep/2023:09:39:24 +0800] "GET /xingrg/all/function/internal_message.html?_=1694223564584&CODE_STATE=getMsg HTTP/1.1" 200 27
222.69.128.2 - - [09/Sep/2023:09:39:27 +0800] "GET /xingrg/check_reg.html?_=1694223566486 HTTP/1.1" 200 22
180.174.205.229 - - [09/Sep/2023:09:39:27 +0800] "GET /xingrg/all/function/internal_message.html?_=1694223564869&CODE_STATE=getMsg HTTP/1.1" 200 27
222.69.128.2 - - [09/Sep/2023:09:39:28 +0800] "GET /xingrg/all/function/internal_message.html?_=1694223567410&CODE_STATE=getMsg HTTP/1.1" 200 27
222.70.180.200 - - [09/Sep/2023:09:39:30 +0800] "GET /xingrg/kc/buy/cgsh_order_operate.html?command=get_materiel&rest_code=00111&code=00101008351&supplier_code=00100005&order_time=2023-09-09 HTTP/1.1" 200 409
101.228.187.155 - - [09/Sep/2023:09:39:30 +0800] "GET /xingrg/kc/buy/cgsh_order_operate.html?command=get_materiel&rest_code=00142&code=00101008261&supplier_code=00100161&order_time=2023-09-09 HTTP/1.1" 200 408
120.253.135.82 - - [09/Sep/2023:09:39:30 +0800] "GET /xingrg/all/function/internal_message.html?_=1694223711213&CODE_STATE=getMsg HTTP/1.1" 200 27
101.228.187.155 - - [09/Sep/2023:09:39:40 +0800] "GET /xingrg/kc/buy/cgsh_order_operate.html?command=get_materiel&rest_code=00142&code=00101008268&supplier_code=00100161&order_time=2023-09-09 HTTP/1.1" 200 408
218.79.28.44 - - [09/Sep/2023:09:39:41 +0800] "GET /xingrg/all/function/internal_message.html?_=1694223591424&CODE_STATE=getMsg HTTP/1.1" 302 -
222.70.180.200 - - [09/Sep/2023:09:39:45 +0800] "POST /xingrg/kc/buy/cgsh_order_operate.html HTTP/1.1" 200 2065
101.228.187.155 - - [09/Sep/2023:09:39:49 +0800] "GET /xingrg/kc/buy/cgsh_order_operate.html?command=get_materiel&rest_code=00142&code=00101008059&supplier_code=00100161&order_time=2023-09-09 HTTP/1.1" 200 408
114.95.241.104 - - [09/Sep/2023:09:39:49 +0800] "GET /xingrg/all/function/internal_message.html?_=1694223476542&CODE_STATE=getMsg HTTP/1.1" 200 27
114.83.216.110 - - [09/Sep/2023:09:39:50 +0800] "GET /xingrg/all/function/internal_message.html?_=1694223735909&CODE_STATE=getMsg HTTP/1.1" 200 27
180.152.241.196 - - [09/Sep/2023:09:39:50 +0800] "GET /xingrg/kc/buy/cgsh_order_operate.html?command=get_materiel&rest_code=00102&code=00101006056&supplier_code=00100151&order_time=2023-09-09 HTTP/1.1" 200 415
222.70.244.80 - - [09/Sep/2023:09:39:56 +0800] "GET /xingrg/all/function/internal_message.html?_=1694223614298&CODE_STATE=getMsg HTTP/1.1" 200 27
101.228.187.155 - - [09/Sep/2023:09:39:57 +0800] "GET /xingrg/all/function/internal_message.html?_=1694223597949&CODE_STATE=getMsg HTTP/1.1" 200 27
116.232.195.127 - - [09/Sep/2023:09:39:58 +0800] "GET /xingrg/kc/buy/buy_main.html HTTP/1.1" 200 12412
116.232.195.127 - - [09/Sep/2023:09:39:58 +0800] "GET /xingrg/css/new_ie.css HTTP/1.1" 404 1036
180.157.252.149 - - [09/Sep/2023:09:39:58 +0800] "GET /xingrg/all/function/internal_message.html?_=1694223599820&CODE_STATE=getMsg HTTP/1.1" 200 27
180.152.241.196 - - [09/Sep/2023:09:40:00 +0800] "GET /xingrg/kc/buy/cgsh_order_operate.html?command=get_materiel&rest_code=00102&code=00101006109&supplier_code=00100151&order_time=2023-09-09 HTTP/1.1" 200 411
101.228.187.155 - - [09/Sep/2023:09:40:01 +0800] "GET /xingrg/kc/buy/cgsh_order_operate.html?command=get_materiel&rest_code=00142&code=00101008199&supplier_code=00100161&order_time=2023-09-09 HTTP/1.1" 200 408
222.70.244.80 - - [09/Sep/2023:09:40:06 +0800] "GET /xingrg/all/function/internal_message.html?_=1694223619728&CODE_STATE=getMsg HTTP/1.1" 200 27
124.79.246.190 - - [09/Sep/2023:09:40:07 +0800] "GET /xingrg/all/function/internal_message.html?_=1694223903513&CODE_STATE=getMsg HTTP/1.1" 200 27
101.83.145.37 - - [09/Sep/2023:09:40:09 +0800] "GET /xingrg/all/function/internal_message.html?_=1694223609470&CODE_STATE=getMsg HTTP/1.1" 200 27
101.228.187.155 - - [09/Sep/2023:09:40:11 +0800] "GET /xingrg/kc/buy/cgsh_order_operate.html?command=get_materiel&rest_code=00142&code=00101008361&supplier_code=00100161&order_time=2023-09-09 HTTP/1.1" 200 408
180.152.241.196 - - [09/Sep/2023:09:40:11 +0800] "GET /xingrg/kc/buy/cgsh_order_operate.html?command=get_materiel&rest_code=00102&code=00101006184&supplier_code=00100151&order_time=2023-09-09 HTTP/1.1" 200 408
222.70.180.200 - - [09/Sep/2023:09:40:11 +0800] "GET /xingrg/check_reg.html?_=1694223612378 HTTP/1.1" 200 22
222.70.180.200 - - [09/Sep/2023:09:40:11 +0800] "GET /xingrg/all/function/internal_message.html?_=1694223612382&CODE_STATE=getMsg HTTP/1.1" 200 27
116.232.195.127 - - [09/Sep/2023:09:40:13 +0800] "GET /xingrg/all/function/internal_message.html?_=1694223497826&CODE_STATE=getMsg HTTP/1.1" 200 27
222.70.180.200 - - [09/Sep/2023:09:40:14 +0800] "GET /xingrg/kc/buy/cgsh_order_operate.html?command=get_materiel&rest_code=00111&code=00101008685&supplier_code=00100005&order_time=2023-09-09 HTTP/1.1" 200 421
116.232.195.127 - - [09/Sep/2023:09:40:15 +0800] "GET /xingrg/images/yd/bt.gif HTTP/1.1" 404 1040
101.228.187.155 - - [09/Sep/2023:09:40:20 +0800] "GET /xingrg/kc/buy/cgsh_order_operate.html?command=get_materiel&rest_code=00142&code=00101008155&supplier_code=00100161&order_time=2023-09-09 HTTP/1.1" 200 408
101.83.145.37 - - [09/Sep/2023:09:40:20 +0800] "GET /xingrg/all/function/internal_message.html?_=1694223411736&CODE_STATE=getMsg HTTP/1.1" 200 27
180.152.241.196 - - [09/Sep/2023:09:40:20 +0800] "GET /xingrg/kc/buy/cgsh_order_operate.html?command=get_materiel&rest_code=00102&code=00101016105&supplier_code=00100151&order_time=2023-09-09 HTTP/1.1" 200 409
222.70.107.27 - - [09/Sep/2023:09:40:21 +0800] "GET /xingrg/all/function/internal_message.html?_=1694223632900&CODE_STATE=getMsg HTTP/1.1" 200 27
222.70.107.27 - - [09/Sep/2023:09:40:21 +0800] "GET /xingrg/check_reg.html?_=1694223632902 HTTP/1.1" 200 22
120.253.135.82 - - [09/Sep/2023:09:40:23 +0800] "GET /xingrg/check_reg.html?_=1694223428253 HTTP/1.1" 200 22
120.253.135.82 - - [09/Sep/2023:09:40:24 +0800] "GET /xingrg/all/function/internal_message.html?_=1694223429410&CODE_STATE=getMsg HTTP/1.1" 200 27
180.152.241.196 - - [09/Sep/2023:09:40:24 +0800] "GET /xingrg/all/function/internal_message.html?_=1694223624579&CODE_STATE=getMsg HTTP/1.1" 200 27
116.232.195.127 - - [09/Sep/2023:09:40:25 +0800] "GET /xingrg/kc/buy/cgsh_order_list.html HTTP/1.1" 200 56492
116.232.195.127 - - [09/Sep/2023:09:40:27 +0800] "POST /xingrg/kc/buy/cgsh_list_operate.html HTTP/1.1" 200 986
180.174.205.229 - - [09/Sep/2023:09:40:27 +0800] "GET /xingrg/all/function/internal_message.html?_=1694223624876&CODE_STATE=getMsg HTTP/1.1" 200 27
180.174.205.229 - - [09/Sep/2023:09:40:27 +0800] "GET /xingrg/check_reg.html?_=1694223624879 HTTP/1.1" 200 22
116.232.195.127 - - [09/Sep/2023:09:40:27 +0800] "GET /xingrg/kc/buy/buy_main.html HTTP/1.1" 200 12412
116.232.195.127 - - [09/Sep/2023:09:40:27 +0800] "GET /xingrg/css/new_ie.css HTTP/1.1" 404 1036
222.69.128.2 - - [09/Sep/2023:09:40:28 +0800] "GET /xingrg/all/function/internal_message.html?_=1694223627380&CODE_STATE=getMsg HTTP/1.1" 200 27
116.232.195.127 - - [09/Sep/2023:09:40:28 +0800] "GET /xingrg/images/yd/bt.gif HTTP/1.1" 404 1040
116.232.195.127 - - [09/Sep/2023:09:40:29 +0800] "GET /xingrg/kc/buy/cgsh_order_list.html HTTP/1.1" 200 56492
120.253.135.82 - - [09/Sep/2023:09:40:30 +0800] "GET /xingrg/all/function/internal_message.html?_=1694223771223&CODE_STATE=getMsg HTTP/1.1" 200 27
180.152.241.196 - - [09/Sep/2023:09:40:32 +0800] "POST /xingrg/kc/buy/cgsh_order_operate.html HTTP/1.1" 200 37
116.232.195.127 - - [09/Sep/2023:09:40:33 +0800] "POST /xingrg/kc/buy/cgsh_list_operate.html HTTP/1.1" 200 986
101.228.187.155 - - [09/Sep/2023:09:40:34 +0800] "GET /xingrg/kc/buy/cgsh_order_operate.html?command=get_materiel&rest_code=00142&code=00101008097&supplier_code=00100161&order_time=2023-09-09 HTTP/1.1" 200 408
116.232.195.127 - - [09/Sep/2023:09:40:36 +0800] "GET /xingrg/kc/buy/cgsh_order_add.html HTTP/1.1" 200 72315
116.232.195.127 - - [09/Sep/2023:09:40:36 +0800] "POST /xingrg/kc/buy/cgsh_order_operate.html HTTP/1.1" 200 8245
116.232.195.127 - - [09/Sep/2023:09:40:36 +0800] "GET /xingrg/javascript/easyui/themes/default/validatebox.css HTTP/1.1" 404 1104
116.232.195.127 - - [09/Sep/2023:09:40:36 +0800] "GET /xingrg/all/common/auto_word.html?type=employee&rest_code=00155 HTTP/1.1" 200 255
116.232.195.127 - - [09/Sep/2023:09:40:36 +0800] "GET /xingrg/all/common/auto_word.html?type=employee&rest_code=00155 HTTP/1.1" 200 255
222.70.180.200 - - [09/Sep/2023:09:40:40 +0800] "POST /xingrg/all/common/load_select.html HTTP/1.1" 200 12
218.79.28.44 - - [09/Sep/2023:09:40:41 +0800] "GET /xingrg/all/function/internal_message.html?_=1694223651425&CODE_STATE=getMsg HTTP/1.1" 302 -
180.157.252.149 - - [09/Sep/2023:09:40:43 +0800] "GET /xingrg/check_reg.html?_=1694223645078 HTTP/1.1" 200 22
101.228.187.155 - - [09/Sep/2023:09:40:44 +0800] "GET /xingrg/kc/buy/cgsh_order_operate.html?command=get_materiel&rest_code=00142&code=00101008355&supplier_code=00100161&order_time=2023-09-09 HTTP/1.1" 200 408
180.152.241.196 - - [09/Sep/2023:09:40:47 +0800] "POST /xingrg/kc/buy/cgsh_order_operate.html HTTP/1.1" 200 12
114.95.241.104 - - [09/Sep/2023:09:40:49 +0800] "GET /xingrg/check_reg.html?_=1694223536245 HTTP/1.1" 200 22
114.95.241.104 - - [09/Sep/2023:09:40:49 +0800] "GET /xingrg/all/function/internal_message.html?_=1694223536556&CODE_STATE=getMsg HTTP/1.1" 200 27
114.83.216.110 - - [09/Sep/2023:09:40:50 +0800] "GET /xingrg/all/function/internal_message.html?_=1694223795898&CODE_STATE=getMsg HTTP/1.1" 200 27
222.70.180.200 - - [09/Sep/2023:09:40:51 +0800] "GET /xingrg/kc/buy/cgsh_order_operate.html?command=get_materiel_price&rest_code=00111&code=00101008685&unit_code=00100079&supplier_code=00100005&order_time=2023-09-09 HTTP/1.1" 200 28
101.228.187.155 - - [09/Sep/2023:09:40:53 +0800] "GET /xingrg/kc/buy/cgsh_order_operate.html?command=get_materiel&rest_code=00142&code=00101008024&supplier_code=00100161&order_time=2023-09-09 HTTP/1.1" 200 408
180.152.241.196 - - [09/Sep/2023:09:40:56 +0800] "GET /xingrg/kc/buy/cgsh_order_info.html?code=212023090903247 HTTP/1.1" 200 67200
180.152.241.196 - - [09/Sep/2023:09:40:56 +0800] "GET /xingrg/javascript/easyui/themes/default/validatebox.css HTTP/1.1" 404 1104
222.70.244.80 - - [09/Sep/2023:09:40:56 +0800] "GET /xingrg/all/function/internal_message.html?_=1694223674316&CODE_STATE=getMsg HTTP/1.1" 200 27
180.152.241.196 - - [09/Sep/2023:09:40:57 +0800] "POST /xingrg/kc/buy/cgsh_order_operate.html HTTP/1.1" 200 2369
116.232.195.127 - - [09/Sep/2023:09:40:57 +0800] "GET /xingrg/javascript/auto/indicator.gif HTTP/1.1" 404 1066
101.228.187.155 - - [09/Sep/2023:09:40:58 +0800] "GET /xingrg/all/function/internal_message.html?_=1694223657956&CODE_STATE=getMsg HTTP/1.1" 200 27
180.157.252.149 - - [09/Sep/2023:09:40:58 +0800] "GET /xingrg/all/function/internal_message.html?_=1694223659792&CODE_STATE=getMsg HTTP/1.1" 200 27
180.152.241.196 - - [09/Sep/2023:09:41:02 +0800] "GET /xingrg/kc/print/load_data.html?order_code=212023090903247&kc_code=cgsh&condition= HTTP/1.1" 200 1327
101.228.187.155 - - [09/Sep/2023:09:41:02 +0800] "GET /xingrg/kc/buy/cgsh_order_operate.html?command=get_materiel&rest_code=00142&code=00101008356&supplier_code=00100161&order_time=2023-09-09 HTTP/1.1" 200 409
222.70.244.80 - - [09/Sep/2023:09:41:06 +0800] "GET /xingrg/all/function/internal_message.html?_=1694223679871&CODE_STATE=getMsg HTTP/1.1" 200 27
124.79.246.190 - - [09/Sep/2023:09:41:07 +0800] "GET /xingrg/all/function/internal_message.html?_=1694223963521&CODE_STATE=getMsg HTTP/1.1" 200 27
