116.228.172.122 - - [09/Sep/2023:11:15:12 +0800] "GET /xingrg/images/yd/bt.gif HTTP/1.1" 404 1040
116.228.172.122 - - [09/Sep/2023:11:15:13 +0800] "GET /xingrg/kc/buy/cgsh_order_list.html HTTP/1.1" 200 56490
222.70.180.200 - - [09/Sep/2023:11:15:14 +0800] "GET /xingrg/all/function/internal_message.html?_=1694229314715&CODE_STATE=getMsg HTTP/1.1" 200 27
222.70.107.27 - - [09/Sep/2023:11:15:19 +0800] "POST /xingrg/kc/buy/cgsh_order_operate.html HTTP/1.1" 200 37
124.78.69.58 - - [09/Sep/2023:11:15:20 +0800] "GET /xingrg/kc/buy/cgsh_order_operate.html?command=get_materiel&rest_code=00141&code=00101013098&supplier_code=00100036&order_time=2023-09-09 HTTP/1.1" 200 416
101.83.145.37 - - [09/Sep/2023:11:15:20 +0800] "GET /xingrg/all/function/internal_message.html?_=1694229111824&CODE_STATE=getMsg HTTP/1.1" 200 27
222.70.107.27 - - [09/Sep/2023:11:15:22 +0800] "POST /xingrg/kc/buy/cgsh_order_operate.html HTTP/1.1" 200 6819
120.253.135.82 - - [09/Sep/2023:11:15:23 +0800] "GET /xingrg/check_reg.html?_=1694229128498 HTTP/1.1" 200 22
180.152.241.196 - - [09/Sep/2023:11:15:24 +0800] "GET /xingrg/all/function/internal_message.html?_=1694229324588&CODE_STATE=getMsg HTTP/1.1" 200 27
116.228.172.122 - - [09/Sep/2023:11:15:24 +0800] "POST /xingrg/kc/buy/cgsh_list_operate.html HTTP/1.1" 200 3129
120.253.135.82 - - [09/Sep/2023:11:15:25 +0800] "GET /xingrg/all/function/internal_message.html?_=1694229130819&CODE_STATE=getMsg HTTP/1.1" 200 27
222.69.128.2 - - [09/Sep/2023:11:15:29 +0800] "GET /xingrg/check_reg.html?_=1694229327909 HTTP/1.1" 200 22
222.69.128.2 - - [09/Sep/2023:11:15:29 +0800] "GET /xingrg/all/function/internal_message.html?_=1694229327913&CODE_STATE=getMsg HTTP/1.1" 200 27
116.228.172.122 - - [09/Sep/2023:11:15:30 +0800] "GET /xingrg/kc/buy/cgsh_order_add.html HTTP/1.1" 200 71321
116.228.172.122 - - [09/Sep/2023:11:15:30 +0800] "GET /xingrg/words/20230908171602_words.js HTTP/1.1" 200 985779
116.228.172.122 - - [09/Sep/2023:11:15:30 +0800] "POST /xingrg/kc/buy/cgsh_order_operate.html HTTP/1.1" 200 8245
116.228.172.122 - - [09/Sep/2023:11:15:30 +0800] "GET /xingrg/javascript/easyui/themes/default/validatebox.css HTTP/1.1" 404 1104
116.228.172.122 - - [09/Sep/2023:11:15:30 +0800] "GET /xingrg/all/common/auto_word.html?type=employee&rest_code=00153 HTTP/1.1" 200 47
116.228.172.122 - - [09/Sep/2023:11:15:30 +0800] "GET /xingrg/all/common/auto_word.html?type=employee&rest_code=00153 HTTP/1.1" 200 47
222.70.244.80 - - [09/Sep/2023:11:15:31 +0800] "GET /xingrg/kc/buy/cgsh_order_operate.html?command=get_materiel&rest_code=00146&code=00101015107&supplier_code=00100005&order_time=2023-09-09 HTTP/1.1" 200 411
116.228.172.122 - - [09/Sep/2023:11:15:36 +0800] "GET /xingrg/javascript/auto/indicator.gif HTTP/1.1" 404 1066
222.70.180.200 - - [09/Sep/2023:11:15:36 +0800] "GET /xingrg/all/function/internal_message.html?_=1694229336362&CODE_STATE=getMsg HTTP/1.1" 200 27
218.79.28.44 - - [09/Sep/2023:11:15:41 +0800] "GET /xingrg/all/function/internal_message.html?_=1694229351528&CODE_STATE=getMsg HTTP/1.1" 302 -
222.70.244.80 - - [09/Sep/2023:11:15:42 +0800] "GET /xingrg/kc/buy/cgsh_order_operate.html?command=get_materiel&rest_code=00146&code=00101015026&supplier_code=00100005&order_time=2023-09-09 HTTP/1.1" 200 412
116.228.172.122 - - [09/Sep/2023:11:15:43 +0800] "GET /xingrg/javascript/jquery_tools/images/prev.gif HTTP/1.1" 404 1086
116.228.172.122 - - [09/Sep/2023:11:15:43 +0800] "GET /xingrg/javascript/jquery_tools/images/next.gif HTTP/1.1" 404 1086
222.70.107.27 - - [09/Sep/2023:11:15:43 +0800] "GET /xingrg/all/function/internal_message.html?_=1694229354869&CODE_STATE=getMsg HTTP/1.1" 200 27
222.70.107.27 - - [09/Sep/2023:11:15:43 +0800] "GET /xingrg/check_reg.html?_=1694229354870 HTTP/1.1" 200 22
124.78.69.58 - - [09/Sep/2023:11:15:43 +0800] "GET /xingrg/check_reg.html?_=1694228781579 HTTP/1.1" 200 22
124.78.69.58 - - [09/Sep/2023:11:15:43 +0800] "GET /xingrg/all/function/internal_message.html?_=1694228781582&CODE_STATE=getMsg HTTP/1.1" 200 27
180.157.252.149 - - [09/Sep/2023:11:15:44 +0800] "GET /xingrg/check_reg.html?_=1694229345289 HTTP/1.1" 200 22
222.70.107.27 - - [09/Sep/2023:11:15:45 +0800] "GET /xingrg/kc/buy/cgsh_order_operate.html?command=get_materiel&rest_code=00156&code=00101008095&supplier_code=00100007&order_time=2023-09-09 HTTP/1.1" 200 412
222.70.244.80 - - [09/Sep/2023:11:15:45 +0800] "POST /xingrg/kc/buy/cgsh_order_operate.html HTTP/1.1" 200 2065
222.70.180.200 - - [09/Sep/2023:11:15:49 +0800] "GET /xingrg/system/info/materiel_import.html?isSelect=1&singleSelect=false HTTP/1.1" 200 5600
222.70.180.200 - - [09/Sep/2023:11:15:49 +0800] "GET /xingrg/css/xtree.css HTTP/1.1" 200 880
222.70.180.200 - - [09/Sep/2023:11:15:49 +0800] "GET /xingrg/javascript/jquery_ui/themes/base/base.css HTTP/1.1" 200 28568
222.70.180.200 - - [09/Sep/2023:11:15:49 +0800] "GET /xingrg/javascript/jquery_easy_ui/themes/icons/check_new.png HTTP/1.1" 200 3224
222.70.180.200 - - [09/Sep/2023:11:15:49 +0800] "GET /xingrg/javascript/jquery_easy_ui/themes/default/images/button_span_bg.gif HTTP/1.1" 200 2061
222.70.180.200 - - [09/Sep/2023:11:15:49 +0800] "GET /xingrg/javascript/jquery_easy_ui/themes/icons/edit_add.png HTTP/1.1" 200 1088
222.70.180.200 - - [09/Sep/2023:11:15:49 +0800] "GET /xingrg/javascript/jquery_easy_ui/themes/default/images/pagination_last.gif HTTP/1.1" 200 923
222.70.180.200 - - [09/Sep/2023:11:15:49 +0800] "GET /xingrg/javascript/jquery_easy_ui/themes/default/images/button_a_bg.gif HTTP/1.1" 200 1194
222.70.180.200 - - [09/Sep/2023:11:15:49 +0800] "GET /xingrg/javascript/jquery_easy_ui/themes/default/images/pagination_next.gif HTTP/1.1" 200 875
222.70.180.200 - - [09/Sep/2023:11:15:49 +0800] "GET /xingrg/javascript/jquery_easy_ui/themes/default/images/datagrid_header_bg.gif HTTP/1.1" 200 97
222.70.180.200 - - [09/Sep/2023:11:15:49 +0800] "GET /xingrg/javascript/jquery_easy_ui/themes/icons/search.png HTTP/1.1" 200 813
222.70.180.200 - - [09/Sep/2023:11:15:49 +0800] "GET /xingrg/javascript/jquery_easy_ui/themes/default/images/pagination_first.gif HTTP/1.1" 200 925
222.70.180.200 - - [09/Sep/2023:11:15:49 +0800] "GET /xingrg/javascript/jquery_easy_ui/themes/default/images/pagination_prev.gif HTTP/1.1" 200 879
222.70.180.200 - - [09/Sep/2023:11:15:49 +0800] "GET /xingrg/javascript/jquery_easy_ui/themes/default/images/pagination_load.png HTTP/1.1" 200 827
222.70.180.200 - - [09/Sep/2023:11:15:49 +0800] "GET /favicon.ico HTTP/1.1" 404 -
222.70.180.200 - - [09/Sep/2023:11:15:49 +0800] "POST /xingrg/all/common/load_tree.html?tree=materiel_sort_tree_json HTTP/1.1" 200 9500
114.95.241.104 - - [09/Sep/2023:11:15:50 +0800] "GET /xingrg/check_reg.html?_=1694229237108 HTTP/1.1" 200 22
114.95.241.104 - - [09/Sep/2023:11:15:51 +0800] "GET /xingrg/all/function/internal_message.html?_=1694229238938&CODE_STATE=getMsg HTTP/1.1" 200 27
222.70.244.80 - - [09/Sep/2023:11:15:53 +0800] "GET /xingrg/kc/buy/cgsh_order_operate.html?command=get_materiel&rest_code=00146&code=00101015061&supplier_code=00100005&order_time=2023-09-09 HTTP/1.1" 200 412
180.174.205.229 - - [09/Sep/2023:11:15:53 +0800] "GET /xingrg/check_reg.html?_=1694229350427 HTTP/1.1" 200 22
180.174.205.229 - - [09/Sep/2023:11:15:53 +0800] "GET /xingrg/all/function/internal_message.html?_=1694229350443&CODE_STATE=getMsg HTTP/1.1" 200 27
116.228.172.122 - - [09/Sep/2023:11:15:54 +0800] "GET /xingrg/kc/buy/cgsh_order_operate.html?command=get_materiel&rest_code=00153&code=00101016011&supplier_code=00100049&order_time=2023-09-06 HTTP/1.1" 200 431
180.157.252.149 - - [09/Sep/2023:11:15:56 +0800] "GET /xingrg/all/function/internal_message.html?_=1694229358068&CODE_STATE=getMsg HTTP/1.1" 200 27
101.228.187.155 - - [09/Sep/2023:11:15:58 +0800] "GET /xingrg/all/function/internal_message.html?_=1694229358097&CODE_STATE=getMsg HTTP/1.1" 200 27
120.253.135.82 - - [09/Sep/2023:11:15:59 +0800] "GET /xingrg/check_reg.html?_=1694229241356 HTTP/1.1" 200 22
120.253.135.82 - - [09/Sep/2023:11:15:59 +0800] "GET /xingrg/all/function/internal_message.html?_=1694229241417&CODE_STATE=getMsg HTTP/1.1" 200 27
120.253.135.82 - - [09/Sep/2023:11:15:59 +0800] "GET /xingrg/kc/buy/cgsh_order_add.html HTTP/1.1" 200 71332
120.253.135.82 - - [09/Sep/2023:11:16:00 +0800] "POST /xingrg/kc/buy/cgsh_order_operate.html HTTP/1.1" 200 8245
120.253.135.82 - - [09/Sep/2023:11:16:00 +0800] "GET /xingrg/javascript/easyui/themes/default/validatebox.css HTTP/1.1" 404 1104
116.228.172.122 - - [09/Sep/2023:11:16:01 +0800] "GET /xingrg/kc/buy/cgsh_order_operate.html?command=get_materiel&rest_code=00153&code=00101011005&supplier_code=00100049&order_time=2023-09-06 HTTP/1.1" 200 430
116.232.195.127 - - [09/Sep/2023:11:16:01 +0800] "GET /xingrg/all/function/internal_message.html?_=1694229246457&CODE_STATE=getMsg HTTP/1.1" 200 27
124.78.69.58 - - [09/Sep/2023:11:16:04 +0800] "GET /xingrg/kc/buy/cgsh_order_operate.html?command=get_materiel&rest_code=00141&code=00101011005&supplier_code=00100036&order_time=2023-09-09 HTTP/1.1" 200 428
222.70.244.80 - - [09/Sep/2023:11:16:05 +0800] "GET /xingrg/kc/buy/cgsh_order_operate.html?command=get_materiel&rest_code=00146&code=00101015006&supplier_code=00100005&order_time=2023-09-09 HTTP/1.1" 200 413
124.79.246.190 - - [09/Sep/2023:11:16:07 +0800] "GET /xingrg/all/function/internal_message.html?_=1694229663622&CODE_STATE=getMsg HTTP/1.1" 200 27
222.70.180.200 - - [09/Sep/2023:11:16:09 +0800] "GET /xingrg/kc/buy/cgsh_order_operate.html?command=get_materiel&rest_code=00111&code=00101006006&supplier_code=00100012&order_time=2023-09-09 HTTP/1.1" 200 408
101.83.145.37 - - [09/Sep/2023:11:16:09 +0800] "GET /xingrg/all/function/internal_message.html?_=1694229369547&CODE_STATE=getMsg HTTP/1.1" 200 27
101.83.145.37 - - [09/Sep/2023:11:16:09 +0800] "GET /xingrg/check_reg.html?_=1694229369551 HTTP/1.1" 200 22
114.83.216.110 - - [09/Sep/2023:11:16:10 +0800] "GET /xingrg/all/function/internal_message.html?_=1694229515703&CODE_STATE=getMsg HTTP/1.1" 200 27
116.228.172.122 - - [09/Sep/2023:11:16:10 +0800] "GET /xingrg/all/function/internal_message.html?_=1694229077440&CODE_STATE=getMsg HTTP/1.1" 200 27
222.70.244.80 - - [09/Sep/2023:11:16:11 +0800] "GET /xingrg/all/function/internal_message.html?_=1694229385276&CODE_STATE=getMsg HTTP/1.1" 200 27
222.70.180.200 - - [09/Sep/2023:11:16:14 +0800] "GET /xingrg/all/function/internal_message.html?_=1694229374688&CODE_STATE=getMsg HTTP/1.1" 200 27
222.70.107.27 - - [09/Sep/2023:11:16:15 +0800] "GET /xingrg/kc/buy/cgsh_order_operate.html?command=get_materiel&rest_code=00156&code=00101008110&supplier_code=00100007&order_time=2023-09-09 HTTP/1.1" 200 408
124.78.69.58 - - [09/Sep/2023:11:16:15 +0800] "GET /xingrg/kc/buy/cgsh_order_operate.html?command=get_materiel&rest_code=00141&code=00101016010&supplier_code=00100036&order_time=2023-09-09 HTTP/1.1" 200 408
101.83.145.37 - - [09/Sep/2023:11:16:20 +0800] "GET /xingrg/check_reg.html?_=1694229171823 HTTP/1.1" 200 22
101.83.145.37 - - [09/Sep/2023:11:16:20 +0800] "GET /xingrg/all/function/internal_message.html?_=1694229171826&CODE_STATE=getMsg HTTP/1.1" 200 27
180.152.241.196 - - [09/Sep/2023:11:16:24 +0800] "GET /xingrg/all/function/internal_message.html?_=1694229384581&CODE_STATE=getMsg HTTP/1.1" 200 27
120.253.135.82 - - [09/Sep/2023:11:16:25 +0800] "GET /xingrg/all/function/internal_message.html?_=1694229190836&CODE_STATE=getMsg HTTP/1.1" 200 27
116.228.172.122 - - [09/Sep/2023:11:16:26 +0800] "POST /xingrg/kc/buy/cgsh_order_operate.html HTTP/1.1" 200 37
222.70.107.27 - - [09/Sep/2023:11:16:28 +0800] "GET /xingrg/kc/buy/cgsh_order_operate.html?command=get_materiel&rest_code=00156&code=00101009044&supplier_code=00100007&order_time=2023-09-09 HTTP/1.1" 200 412
116.228.172.122 - - [09/Sep/2023:11:16:28 +0800] "POST /xingrg/kc/buy/cgsh_order_operate.html HTTP/1.1" 200 3252
222.69.128.2 - - [09/Sep/2023:11:16:29 +0800] "GET /xingrg/all/function/internal_message.html?_=1694229387897&CODE_STATE=getMsg HTTP/1.1" 200 27
116.228.172.122 - - [09/Sep/2023:11:16:31 +0800] "GET /xingrg/kc/buy/cgsh_order_add.html HTTP/1.1" 200 71321
116.228.172.122 - - [09/Sep/2023:11:16:31 +0800] "POST /xingrg/kc/buy/cgsh_order_operate.html HTTP/1.1" 200 8245
116.228.172.122 - - [09/Sep/2023:11:16:32 +0800] "GET /xingrg/javascript/easyui/themes/default/validatebox.css HTTP/1.1" 404 1104
222.70.107.27 - - [09/Sep/2023:11:16:36 +0800] "GET /xingrg/kc/buy/cgsh_order_operate.html?command=get_materiel&rest_code=00156&code=00101008223&supplier_code=00100007&order_time=2023-09-09 HTTP/1.1" 200 412
222.70.180.200 - - [09/Sep/2023:11:16:36 +0800] "GET /xingrg/all/function/internal_message.html?_=1694229396354&CODE_STATE=getMsg HTTP/1.1" 200 27
222.70.107.27 - - [09/Sep/2023:11:16:38 +0800] "POST /xingrg/kc/buy/cgsh_order_operate.html HTTP/1.1" 200 2065
218.79.28.44 - - [09/Sep/2023:11:16:41 +0800] "GET /xingrg/all/function/internal_message.html?_=1694229411515&CODE_STATE=getMsg HTTP/1.1" 302 -
218.79.28.44 - - [09/Sep/2023:11:16:41 +0800] "GET /xingrg/check_reg.html?_=1694229411516 HTTP/1.1" 302 -
222.70.107.27 - - [09/Sep/2023:11:16:43 +0800] "GET /xingrg/all/function/internal_message.html?_=1694229414872&CODE_STATE=getMsg HTTP/1.1" 200 27
124.78.69.58 - - [09/Sep/2023:11:16:43 +0800] "GET /xingrg/all/function/internal_message.html?_=1694228841617&CODE_STATE=getMsg HTTP/1.1" 200 27
222.70.244.80 - - [09/Sep/2023:11:16:45 +0800] "POST /xingrg/kc/buy/cgsh_order_operate.html HTTP/1.1" 200 37
124.78.69.58 - - [09/Sep/2023:11:16:45 +0800] "GET /xingrg/kc/buy/cgsh_order_operate.html?command=get_materiel&rest_code=00141&code=00101010136&supplier_code=00100036&order_time=2023-09-09 HTTP/1.1" 200 408
222.70.107.27 - - [09/Sep/2023:11:16:47 +0800] "GET /xingrg/javascript/auto/indicator.gif HTTP/1.1" 404 1066
116.228.172.122 - - [09/Sep/2023:11:16:47 +0800] "GET /xingrg/kc/buy/cgsh_order_operate.html?command=get_materiel&rest_code=00153&code=00101009011&supplier_code=00100476&order_time=2023-09-07 HTTP/1.1" 200 417
222.70.107.27 - - [09/Sep/2023:11:16:47 +0800] "GET /xingrg/kc/buy/cgsh_order_operate.html?command=get_materiel&rest_code=00156&code=00101008356&supplier_code=00100007&order_time=2023-09-09 HTTP/1.1" 200 409
116.232.195.127 - - [09/Sep/2023:11:16:48 +0800] "GET /xingrg/kc/print/load_data.html?order_code=212023090903264&kc_code=cgsh HTTP/1.1" 200 13716
222.70.244.80 - - [09/Sep/2023:11:16:50 +0800] "POST /xingrg/kc/buy/cgsh_order_operate.html HTTP/1.1" 200 38183
114.83.216.110 - - [09/Sep/2023:11:16:50 +0800] "GET /xingrg/check_reg.html?_=1694229555869 HTTP/1.1" 200 22
114.95.241.104 - - [09/Sep/2023:11:16:51 +0800] "GET /xingrg/all/function/internal_message.html?_=1694229298952&CODE_STATE=getMsg HTTP/1.1" 200 27
222.70.244.80 - - [09/Sep/2023:11:16:52 +0800] "GET /xingrg/kc/print/load_data.html?order_code=212023090903283&kc_code=cgsh&condition= HTTP/1.1" 200 14168
180.174.205.229 - - [09/Sep/2023:11:16:53 +0800] "GET /xingrg/all/function/internal_message.html?_=1694229410467&CODE_STATE=getMsg HTTP/1.1" 200 27
180.157.252.149 - - [09/Sep/2023:11:16:56 +0800] "GET /xingrg/all/function/internal_message.html?_=1694229418037&CODE_STATE=getMsg HTTP/1.1" 200 27
116.228.172.122 - - [09/Sep/2023:11:16:57 +0800] "GET /xingrg/kc/buy/cgsh_order_operate.html?command=get_materiel&rest_code=00153&code=00101009049&supplier_code=00100476&order_time=2023-09-07 HTTP/1.1" 200 418
101.228.187.155 - - [09/Sep/2023:11:16:58 +0800] "GET /xingrg/all/function/internal_message.html?_=1694229418097&CODE_STATE=getMsg HTTP/1.1" 200 27
222.70.107.27 - - [09/Sep/2023:11:16:58 +0800] "GET /xingrg/kc/buy/cgsh_order_operate.html?command=get_materiel&rest_code=00156&code=00101008089&supplier_code=00100007&order_time=2023-09-09 HTTP/1.1" 200 408
120.253.135.82 - - [09/Sep/2023:11:16:59 +0800] "GET /xingrg/all/function/internal_message.html?_=1694229301470&CODE_STATE=getMsg HTTP/1.1" 200 27
124.78.69.58 - - [09/Sep/2023:11:17:03 +0800] "GET /xingrg/kc/buy/cgsh_order_operate.html?command=get_materiel&rest_code=00141&code=00101016105&supplier_code=00100036&order_time=2023-09-09 HTTP/1.1" 200 409
222.70.107.27 - - [09/Sep/2023:11:17:06 +0800] "GET /xingrg/kc/buy/cgsh_order_operate.html?command=get_materiel&rest_code=00156&code=00101008256&supplier_code=00100007&order_time=2023-09-09 HTTP/1.1" 200 413
124.79.246.190 - - [09/Sep/2023:11:17:07 +0800] "GET /xingrg/all/function/internal_message.html?_=1694229723606&CODE_STATE=getMsg HTTP/1.1" 200 27
116.232.195.127 - - [09/Sep/2023:11:17:08 +0800] "GET /xingrg/all/function/internal_message.html?_=1694229312920&CODE_STATE=getMsg HTTP/1.1" 200 27
101.83.145.37 - - [09/Sep/2023:11:17:09 +0800] "GET /xingrg/all/function/internal_message.html?_=1694229429552&CODE_STATE=getMsg HTTP/1.1" 200 27
114.83.216.110 - - [09/Sep/2023:11:17:10 +0800] "GET /xingrg/all/function/internal_message.html?_=1694229575684&CODE_STATE=getMsg HTTP/1.1" 200 27
116.228.172.122 - - [09/Sep/2023:11:17:10 +0800] "GET /xingrg/all/function/internal_message.html?_=1694229137447&CODE_STATE=getMsg HTTP/1.1" 200 27
222.70.244.80 - - [09/Sep/2023:11:17:11 +0800] "GET /xingrg/all/function/internal_message.html?_=1694229445550&CODE_STATE=getMsg HTTP/1.1" 200 27
222.70.107.27 - - [09/Sep/2023:11:17:13 +0800] "GET /xingrg/kc/buy/cgsh_order_operate.html?command=get_materiel&rest_code=00156&code=00101008155&supplier_code=00100007&order_time=2023-09-09 HTTP/1.1" 200 408
222.70.180.200 - - [09/Sep/2023:11:17:14 +0800] "GET /xingrg/all/function/internal_message.html?_=1694229434660&CODE_STATE=getMsg HTTP/1.1" 200 27
124.78.69.58 - - [09/Sep/2023:11:17:16 +0800] "GET /xingrg/kc/buy/cgsh_order_operate.html?command=get_materiel&rest_code=00141&code=00101011004&supplier_code=00100036&order_time=2023-09-09 HTTP/1.1" 200 412
101.83.145.37 - - [09/Sep/2023:11:17:20 +0800] "GET /xingrg/all/function/internal_message.html?_=1694229231812&CODE_STATE=getMsg HTTP/1.1" 200 27
222.70.180.200 - - [09/Sep/2023:11:17:20 +0800] "GET /xingrg/kc/buy/cgsh_order_operate.html?command=get_materiel&rest_code=00111&code=00101006026&supplier_code=00100012&order_time=2023-09-09 HTTP/1.1" 200 409
180.152.241.196 - - [09/Sep/2023:11:17:24 +0800] "GET /xingrg/all/function/internal_message.html?_=1694229444589&CODE_STATE=getMsg HTTP/1.1" 200 27
116.228.172.122 - - [09/Sep/2023:11:17:24 +0800] "POST /xingrg/kc/buy/cgsh_order_operate.html HTTP/1.1" 200 37
222.70.107.27 - - [09/Sep/2023:11:17:24 +0800] "GET /xingrg/kc/buy/cgsh_order_operate.html?command=get_materiel&rest_code=00156&code=00101008331&supplier_code=00100007&order_time=2023-09-09 HTTP/1.1" 200 416
120.253.135.82 - - [09/Sep/2023:11:17:25 +0800] "GET /xingrg/all/function/internal_message.html?_=1694229250846&CODE_STATE=getMsg HTTP/1.1" 200 27
222.70.107.27 - - [09/Sep/2023:11:17:26 +0800] "POST /xingrg/kc/buy/cgsh_order_operate.html HTTP/1.1" 200 2065
116.228.172.122 - - [09/Sep/2023:11:17:27 +0800] "POST /xingrg/kc/buy/cgsh_order_operate.html HTTP/1.1" 200 3263
222.69.128.2 - - [09/Sep/2023:11:17:29 +0800] "GET /xingrg/all/function/internal_message.html?_=1694229447902&CODE_STATE=getMsg HTTP/1.1" 200 27
116.228.172.122 - - [09/Sep/2023:11:17:29 +0800] "GET /xingrg/kc/print/load_config.html?kc_code=cgsh HTTP/1.1" 200 1924
124.78.69.58 - - [09/Sep/2023:11:17:32 +0800] "POST /xingrg/kc/buy/cgsh_order_operate.html HTTP/1.1" 200 37
116.228.172.122 - - [09/Sep/2023:11:17:32 +0800] "GET /xingrg/kc/print/load_data.html?order_code=212023090903297&kc_code=cgsh&condition= HTTP/1.1" 200 900
222.70.180.200 - - [09/Sep/2023:11:17:36 +0800] "GET /xingrg/all/function/internal_message.html?_=1694229456355&CODE_STATE=getMsg HTTP/1.1" 200 27
124.78.69.58 - - [09/Sep/2023:11:17:37 +0800] "POST /xingrg/kc/buy/cgsh_order_operate.html HTTP/1.1" 200 6808
218.79.28.44 - - [09/Sep/2023:11:17:41 +0800] "GET /xingrg/all/function/internal_message.html?_=1694229471529&CODE_STATE=getMsg HTTP/1.1" 302 -
222.70.107.27 - - [09/Sep/2023:11:17:43 +0800] "GET /xingrg/all/function/internal_message.html?_=1694229474875&CODE_STATE=getMsg HTTP/1.1" 200 27
124.78.69.58 - - [09/Sep/2023:11:17:43 +0800] "GET /xingrg/all/function/internal_message.html?_=1694228901632&CODE_STATE=getMsg HTTP/1.1" 200 27
222.70.107.27 - - [09/Sep/2023:11:17:51 +0800] "GET /xingrg/kc/buy/cgsh_order_operate.html?command=get_materiel&rest_code=00156&code=00101008088&supplier_code=00100007&order_time=2023-09-09 HTTP/1.1" 200 408
114.95.241.104 - - [09/Sep/2023:11:17:51 +0800] "GET /xingrg/all/function/internal_message.html?_=1694229358965&CODE_STATE=getMsg HTTP/1.1" 200 27
116.228.172.122 - - [09/Sep/2023:11:17:52 +0800] "POST /xingrg/kc/buy/cgsh_list_operate.html HTTP/1.1" 200 3982
180.174.205.229 - - [09/Sep/2023:11:17:53 +0800] "GET /xingrg/all/function/internal_message.html?_=1694229470439&CODE_STATE=getMsg HTTP/1.1" 200 27
180.157.252.149 - - [09/Sep/2023:11:17:56 +0800] "GET /xingrg/all/function/internal_message.html?_=1694229478022&CODE_STATE=getMsg HTTP/1.1" 200 27
101.228.187.155 - - [09/Sep/2023:11:17:58 +0800] "GET /xingrg/all/function/internal_message.html?_=1694229478097&CODE_STATE=getMsg HTTP/1.1" 200 27
101.228.187.155 - - [09/Sep/2023:11:17:58 +0800] "GET /xingrg/check_reg.html?_=1694229478100 HTTP/1.1" 200 22
120.253.135.82 - - [09/Sep/2023:11:17:59 +0800] "GET /xingrg/all/function/internal_message.html?_=1694229361475&CODE_STATE=getMsg HTTP/1.1" 200 27
116.228.172.122 - - [09/Sep/2023:11:17:59 +0800] "POST /xingrg/kc/buy/cgsh_list_operate.html HTTP/1.1" 200 271
222.70.107.27 - - [09/Sep/2023:11:18:00 +0800] "GET /xingrg/kc/buy/cgsh_order_operate.html?command=get_materiel&rest_code=00156&code=00101008372&supplier_code=00100007&order_time=2023-09-09 HTTP/1.1" 200 408
116.228.172.122 - - [09/Sep/2023:11:18:01 +0800] "GET /xingrg/kc/buy/cgsh_order_info.html?code=212023090903296 HTTP/1.1" 200 71330
116.228.172.122 - - [09/Sep/2023:11:18:01 +0800] "GET /xingrg/javascript/easyui/themes/default/validatebox.css HTTP/1.1" 404 1104
116.228.172.122 - - [09/Sep/2023:11:18:02 +0800] "POST /xingrg/kc/buy/cgsh_order_operate.html HTTP/1.1" 200 3252
124.79.246.190 - - [09/Sep/2023:11:18:07 +0800] "GET /xingrg/all/function/internal_message.html?_=1694229783617&CODE_STATE=getMsg HTTP/1.1" 200 27
124.79.246.190 - - [09/Sep/2023:11:18:07 +0800] "GET /xingrg/check_reg.html?_=1694229783618 HTTP/1.1" 200 22
116.228.172.122 - - [09/Sep/2023:11:18:08 +0800] "GET /xingrg/kc/print/load_data.html?order_code=212023090903296&kc_code=cgsh&condition= HTTP/1.1" 200 944
116.232.195.127 - - [09/Sep/2023:11:18:08 +0800] "GET /xingrg/all/function/internal_message.html?_=1694229372909&CODE_STATE=getMsg HTTP/1.1" 200 27
101.83.145.37 - - [09/Sep/2023:11:18:09 +0800] "GET /xingrg/all/function/internal_message.html?_=1694229489552&CODE_STATE=getMsg HTTP/1.1" 200 27
114.83.216.110 - - [09/Sep/2023:11:18:10 +0800] "GET /xingrg/all/function/internal_message.html?_=1694229635660&CODE_STATE=getMsg HTTP/1.1" 200 27
116.228.172.122 - - [09/Sep/2023:11:18:10 +0800] "GET /xingrg/all/function/internal_message.html?_=1694229197441&CODE_STATE=getMsg HTTP/1.1" 200 27
222.70.244.80 - - [09/Sep/2023:11:18:11 +0800] "GET /xingrg/all/function/internal_message.html?_=1694229505553&CODE_STATE=getMsg HTTP/1.1" 200 27
222.70.107.27 - - [09/Sep/2023:11:18:13 +0800] "GET /xingrg/kc/buy/cgsh_order_operate.html?command=get_materiel&rest_code=00156&code=00101008010&supplier_code=00100007&order_time=2023-09-09 HTTP/1.1" 200 412
222.70.180.200 - - [09/Sep/2023:11:18:13 +0800] "GET /xingrg/all/function/internal_message.html?_=1694229494635&CODE_STATE=getMsg HTTP/1.1" 200 27
101.83.145.37 - - [09/Sep/2023:11:18:20 +0800] "GET /xingrg/all/function/internal_message.html?_=1694229291813&CODE_STATE=getMsg HTTP/1.1" 200 27
222.70.107.27 - - [09/Sep/2023:11:18:22 +0800] "GET /xingrg/kc/buy/cgsh_order_operate.html?command=get_materiel&rest_code=00156&code=00101008541&supplier_code=00100007&order_time=2023-09-09 HTTP/1.1" 200 409
180.152.241.196 - - [09/Sep/2023:11:18:24 +0800] "GET /xingrg/check_reg.html?_=1694229504584 HTTP/1.1" 200 22
180.152.241.196 - - [09/Sep/2023:11:18:24 +0800] "GET /xingrg/all/function/internal_message.html?_=1694229504587&CODE_STATE=getMsg HTTP/1.1" 200 27
120.253.135.82 - - [09/Sep/2023:11:18:25 +0800] "GET /xingrg/all/function/internal_message.html?_=1694229310868&CODE_STATE=getMsg HTTP/1.1" 200 27
222.69.128.2 - - [09/Sep/2023:11:18:29 +0800] "GET /xingrg/all/function/internal_message.html?_=1694229507904&CODE_STATE=getMsg HTTP/1.1" 200 27
222.70.107.27 - - [09/Sep/2023:11:18:35 +0800] "GET /xingrg/kc/buy/cgsh_order_operate.html?command=get_materiel&rest_code=00156&code=00101008277&supplier_code=00100007&order_time=2023-09-09 HTTP/1.1" 200 412
222.70.180.200 - - [09/Sep/2023:11:18:36 +0800] "GET /xingrg/check_reg.html?_=1694229516358 HTTP/1.1" 200 22
222.70.180.200 - - [09/Sep/2023:11:18:37 +0800] "GET /xingrg/all/function/internal_message.html?_=1694229516399&CODE_STATE=getMsg HTTP/1.1" 200 27
218.79.28.44 - - [09/Sep/2023:11:18:41 +0800] "GET /xingrg/all/function/internal_message.html?_=1694229531529&CODE_STATE=getMsg HTTP/1.1" 302 -
222.70.107.27 - - [09/Sep/2023:11:18:43 +0800] "GET /xingrg/all/function/internal_message.html?_=1694229534877&CODE_STATE=getMsg HTTP/1.1" 200 27
124.78.69.58 - - [09/Sep/2023:11:18:43 +0800] "GET /xingrg/all/function/internal_message.html?_=1694228961581&CODE_STATE=getMsg HTTP/1.1" 200 27
222.70.107.27 - - [09/Sep/2023:11:18:44 +0800] "POST /xingrg/kc/buy/cgsh_order_operate.html HTTP/1.1" 200 2065
222.70.244.80 - - [09/Sep/2023:11:18:45 +0800] "GET /xingrg/check_reg.html?_=1694229539314 HTTP/1.1" 200 22
222.70.107.27 - - [09/Sep/2023:11:18:50 +0800] "GET /xingrg/kc/buy/cgsh_order_operate.html?command=get_materiel&rest_code=00156&code=00101008268&supplier_code=00100007&order_time=2023-09-09 HTTP/1.1" 200 408
114.95.241.104 - - [09/Sep/2023:11:18:52 +0800] "GET /xingrg/all/function/internal_message.html?_=1694229419031&CODE_STATE=getMsg HTTP/1.1" 200 27
180.174.205.229 - - [09/Sep/2023:11:18:53 +0800] "GET /xingrg/all/function/internal_message.html?_=1694229530454&CODE_STATE=getMsg HTTP/1.1" 200 27
180.157.252.149 - - [09/Sep/2023:11:18:56 +0800] "GET /xingrg/all/function/internal_message.html?_=1694229538006&CODE_STATE=getMsg HTTP/1.1" 200 27
101.228.187.155 - - [09/Sep/2023:11:18:58 +0800] "GET /xingrg/all/function/internal_message.html?_=1694229538100&CODE_STATE=getMsg HTTP/1.1" 200 27
120.253.135.82 - - [09/Sep/2023:11:18:59 +0800] "GET /xingrg/all/function/internal_message.html?_=1694229421490&CODE_STATE=getMsg HTTP/1.1" 200 27
222.70.107.27 - - [09/Sep/2023:11:19:00 +0800] "GET /xingrg/kc/buy/cgsh_order_operate.html?command=get_materiel&rest_code=00156&code=00101008318&supplier_code=00100007&order_time=2023-09-09 HTTP/1.1" 200 408
116.232.195.127 - - [09/Sep/2023:11:19:03 +0800] "GET /xingrg/check_reg.html?_=1694229427694 HTTP/1.1" 200 22
124.79.246.190 - - [09/Sep/2023:11:19:07 +0800] "GET /xingrg/all/function/internal_message.html?_=1694229843617&CODE_STATE=getMsg HTTP/1.1" 200 27
222.70.107.27 - - [09/Sep/2023:11:19:08 +0800] "GET /xingrg/kc/buy/cgsh_order_operate.html?command=get_materiel&rest_code=00156&code=00101008213&supplier_code=00100007&order_time=2023-09-09 HTTP/1.1" 200 412
116.232.195.127 - - [09/Sep/2023:11:19:08 +0800] "GET /xingrg/all/function/internal_message.html?_=1694229432898&CODE_STATE=getMsg HTTP/1.1" 200 27
101.83.145.37 - - [09/Sep/2023:11:19:09 +0800] "GET /xingrg/all/function/internal_message.html?_=1694229549553&CODE_STATE=getMsg HTTP/1.1" 200 27
101.83.145.37 - - [09/Sep/2023:11:19:09 +0800] "GET /xingrg/javascript/jquery_easy_ui/themes/default/images/tabs_active.png HTTP/1.1" 304 -
114.83.216.110 - - [09/Sep/2023:11:19:10 +0800] "GET /xingrg/all/function/internal_message.html?_=1694229695655&CODE_STATE=getMsg HTTP/1.1" 200 27
116.228.172.122 - - [09/Sep/2023:11:19:10 +0800] "GET /xingrg/all/function/internal_message.html?_=1694229257451&CODE_STATE=getMsg HTTP/1.1" 200 27
101.83.145.37 - - [09/Sep/2023:11:19:11 +0800] "GET /xingrg/kc/base/base_main.html HTTP/1.1" 200 12142
101.83.145.37 - - [09/Sep/2023:11:19:11 +0800] "GET /xingrg/javascript/jquery_easy_ui/themes/default/images/tabs_close.gif HTTP/1.1" 304 -
101.83.145.37 - - [09/Sep/2023:11:19:11 +0800] "GET /xingrg/css/blue.css HTTP/1.1" 304 -
101.83.145.37 - - [09/Sep/2023:11:19:11 +0800] "GET /xingrg/javascript/pic_change.js HTTP/1.1" 304 -
101.83.145.37 - - [09/Sep/2023:11:19:11 +0800] "GET /xingrg/javascript/myfunction.js HTTP/1.1" 304 -
101.83.145.37 - - [09/Sep/2023:11:19:11 +0800] "GET /xingrg/images/blue/button/wlsy.gif HTTP/1.1" 304 -
101.83.145.37 - - [09/Sep/2023:11:19:11 +0800] "GET /xingrg/images/blue/button/ckpd.gif HTTP/1.1" 304 -
101.83.145.37 - - [09/Sep/2023:11:19:11 +0800] "GET /xingrg/images/blue/button/kc.gif HTTP/1.1" 304 -
101.83.145.37 - - [09/Sep/2023:11:19:11 +0800] "GET /xingrg/images/blue/button/ckdb.gif HTTP/1.1" 304 -
101.83.145.37 - - [09/Sep/2023:11:19:11 +0800] "GET /xingrg/images/blue/button/yddb.gif HTTP/1.1" 304 -
101.83.145.37 - - [09/Sep/2023:11:19:11 +0800] "GET /xingrg/images/blue/pic_form2.gif HTTP/1.1" 304 -
101.83.145.37 - - [09/Sep/2023:11:19:11 +0800] "GET /xingrg/images/blue/bg_dotted.jpg HTTP/1.1" 304 -
101.83.145.37 - - [09/Sep/2023:11:19:11 +0800] "GET /xingrg/images/blue/button/top_left.jpg HTTP/1.1" 304 -
101.83.145.37 - - [09/Sep/2023:11:19:11 +0800] "GET /xingrg/images/blue/button/top_right.jpg HTTP/1.1" 304 -
101.83.145.37 - - [09/Sep/2023:11:19:11 +0800] "GET /xingrg/images/blue/button/down.jpg HTTP/1.1" 304 -
101.83.145.37 - - [09/Sep/2023:11:19:11 +0800] "GET /xingrg/images/blue/button/left_ah.jpg HTTP/1.1" 304 -
101.83.145.37 - - [09/Sep/2023:11:19:11 +0800] "GET /xingrg/images/blue/button/right_ah.jpg HTTP/1.1" 304 -
101.83.145.37 - - [09/Sep/2023:11:19:11 +0800] "GET /xingrg/images/blue/button/bottom_left.jpg HTTP/1.1" 304 -
101.83.145.37 - - [09/Sep/2023:11:19:11 +0800] "GET /xingrg/images/blue/button/bottom_right.jpg HTTP/1.1" 304 -
222.70.180.200 - - [09/Sep/2023:11:19:11 +0800] "GET /xingrg/kc/buy/cgsh_order_operate.html?command=get_materiel&rest_code=00111&code=00101016030&supplier_code=00100012&order_time=2023-09-09 HTTP/1.1" 200 412
222.70.244.80 - - [09/Sep/2023:11:19:12 +0800] "GET /xingrg/all/function/internal_message.html?_=1694229565567&CODE_STATE=getMsg HTTP/1.1" 200 27
101.83.145.37 - - [09/Sep/2023:11:19:12 +0800] "GET /xingrg/kc/base/wldb_order_list.html HTTP/1.1" 200 19174
101.83.145.37 - - [09/Sep/2023:11:19:12 +0800] "GET /xingrg/css/base.css HTTP/1.1" 304 -
101.83.145.37 - - [09/Sep/2023:11:19:12 +0800] "GET /xingrg/css/site.css HTTP/1.1" 304 -
101.83.145.37 - - [09/Sep/2023:11:19:12 +0800] "GET /xingrg/javascript/jquery_tools/datebox.css HTTP/1.1" 304 -
101.83.145.37 - - [09/Sep/2023:11:19:12 +0800] "GET /xingrg/javascript/easyui/themes/default/easyui.css HTTP/1.1" 304 -
101.83.145.37 - - [09/Sep/2023:11:19:12 +0800] "GET /xingrg/javascript/easyui/themes/icon.css HTTP/1.1" 304 -
101.83.145.37 - - [09/Sep/2023:11:19:12 +0800] "GET /xingrg/javascript/auto/jquery.autocomplete.css HTTP/1.1" 304 -
101.83.145.37 - - [09/Sep/2023:11:19:12 +0800] "GET /xingrg/javascript/jquery_tools/fix.css HTTP/1.1" 304 -
101.83.145.37 - - [09/Sep/2023:11:19:12 +0800] "GET /xingrg/javascript/jquery_tools/table.css HTTP/1.1" 304 -
101.83.145.37 - - [09/Sep/2023:11:19:12 +0800] "GET /xingrg/javascript/jquery_tools/jquery.tools.min.js HTTP/1.1" 304 -
101.83.145.37 - - [09/Sep/2023:11:19:12 +0800] "GET /xingrg/javascript/jquery_tools/jquery.tools.extend.js HTTP/1.1" 304 -
101.83.145.37 - - [09/Sep/2023:11:19:12 +0800] "GET /xingrg/javascript/jquery_tools/jquery.tools.hotkey.js HTTP/1.1" 304 -
101.83.145.37 - - [09/Sep/2023:11:19:12 +0800] "GET /xingrg/javascript/jquery_tools/jquery.tools.table.js HTTP/1.1" 304 -
101.83.145.37 - - [09/Sep/2023:11:19:12 +0800] "GET /xingrg/javascript/jquery_tools/list_manager.js HTTP/1.1" 304 -
101.83.145.37 - - [09/Sep/2023:11:19:12 +0800] "GET /xingrg/javascript/auto/jquery.autocomplete.js HTTP/1.1" 304 -
101.83.145.37 - - [09/Sep/2023:11:19:12 +0800] "GET /xingrg/javascript/easyui/easyloader.js HTTP/1.1" 304 -
101.83.145.37 - - [09/Sep/2023:11:19:13 +0800] "GET /xingrg/javascript/jquery.cookie.js HTTP/1.1" 304 -
101.83.145.37 - - [09/Sep/2023:11:19:13 +0800] "GET /xingrg/javascript/print/LodopFuncs.js HTTP/1.1" 304 -
222.70.180.200 - - [09/Sep/2023:11:19:13 +0800] "GET /xingrg/all/function/internal_message.html?_=1694229554612&CODE_STATE=getMsg HTTP/1.1" 200 27
101.83.145.37 - - [09/Sep/2023:11:19:14 +0800] "GET /xingrg/javascript/easyui/themes/icons/edit_add_new.png HTTP/1.1" 304 -
101.83.145.37 - - [09/Sep/2023:11:19:14 +0800] "GET /xingrg/javascript/easyui/themes/icons/field_new.png HTTP/1.1" 304 -
101.83.145.37 - - [09/Sep/2023:11:19:14 +0800] "GET /xingrg/javascript/easyui/themes/icons/import_new.png HTTP/1.1" 304 -
101.83.145.37 - - [09/Sep/2023:11:19:14 +0800] "GET /xingrg/javascript/easyui/themes/icons/check_new.png HTTP/1.1" 304 -
101.83.145.37 - - [09/Sep/2023:11:19:14 +0800] "GET /xingrg/javascript/easyui/themes/icons/cance_new.png HTTP/1.1" 304 -
101.83.145.37 - - [09/Sep/2023:11:19:14 +0800] "GET /xingrg/javascript/easyui/plugins/jquery.parser.js HTTP/1.1" 304 -
101.83.145.37 - - [09/Sep/2023:11:19:14 +0800] "GET /xingrg/images/control/ajaxLoader.gif HTTP/1.1" 304 -
101.83.145.37 - - [09/Sep/2023:11:19:15 +0800] "POST /xingrg/kc/base/wldb_list_operate.html HTTP/1.1" 200 928
101.83.145.37 - - [09/Sep/2023:11:19:15 +0800] "GET /xingrg/javascript/easyui/themes/default/images/button_plain_hover.png HTTP/1.1" 304 -
101.83.145.37 - - [09/Sep/2023:11:19:17 +0800] "GET /xingrg/kc/base/wldb_order_add.html HTTP/1.1" 200 30457
101.83.145.37 - - [09/Sep/2023:11:19:18 +0800] "GET /xingrg/javascript/jquery_tools/order_manager.js HTTP/1.1" 304 -
101.83.145.37 - - [09/Sep/2023:11:19:18 +0800] "GET /xingrg/javascript/convert.js HTTP/1.1" 304 -
101.83.145.37 - - [09/Sep/2023:11:19:18 +0800] "GET /xingrg/javascript/json2.js HTTP/1.1" 304 -
101.83.145.37 - - [09/Sep/2023:11:19:18 +0800] "GET /xingrg/javascript/print/kc_print.js HTTP/1.1" 304 -
101.83.145.37 - - [09/Sep/2023:11:19:18 +0800] "GET /xingrg/words/20230908171602_words.js HTTP/1.1" 200 985779
101.83.145.37 - - [09/Sep/2023:11:19:18 +0800] "GET /xingrg/javascript/easyui/themes/icons/ok.png HTTP/1.1" 304 -
101.83.145.37 - - [09/Sep/2023:11:19:18 +0800] "GET /xingrg/javascript/easyui/themes/icons/template_new.png HTTP/1.1" 304 -
101.83.145.37 - - [09/Sep/2023:11:19:18 +0800] "GET /xingrg/javascript/easyui/themes/icons/print.png HTTP/1.1" 304 -
101.83.145.37 - - [09/Sep/2023:11:19:18 +0800] "GET /xingrg/javascript/easyui/themes/default/images/menu_downarrow.png HTTP/1.1" 304 -
101.83.145.37 - - [09/Sep/2023:11:19:18 +0800] "GET /xingrg/javascript/easyui/themes/icons/cancel.png HTTP/1.1" 304 -
101.83.145.37 - - [09/Sep/2023:11:19:18 +0800] "POST /xingrg/kc/base/wldb_order_operate.html HTTP/1.1" 200 6806
101.83.145.37 - - [09/Sep/2023:11:19:18 +0800] "GET /xingrg/all/common/auto_word.html?type=base&rest_code=00105 HTTP/1.1" 200 1907
101.83.145.37 - - [09/Sep/2023:11:19:18 +0800] "GET /xingrg/all/common/auto_word.html?type=base&rest_code=00105 HTTP/1.1" 200 1907
101.83.145.37 - - [09/Sep/2023:11:19:18 +0800] "GET /xingrg/javascript/easyui/themes/default/validatebox.css HTTP/1.1" 404 1104
101.83.145.37 - - [09/Sep/2023:11:19:18 +0800] "GET /xingrg/javascript/easyui/plugins/jquery.validatebox.js HTTP/1.1" 304 -
101.83.145.37 - - [09/Sep/2023:11:19:18 +0800] "GET /xingrg/javascript/easyui/plugins/jquery.numberbox.js HTTP/1.1" 304 -
101.83.145.37 - - [09/Sep/2023:11:19:18 +0800] "GET /xingrg/javascript/easyui/themes/icons/edit_remove.png HTTP/1.1" 304 -
101.83.145.37 - - [09/Sep/2023:11:19:20 +0800] "GET /xingrg/all/function/internal_message.html?_=1694229351840&CODE_STATE=getMsg HTTP/1.1" 200 27
222.70.107.27 - - [09/Sep/2023:11:19:20 +0800] "GET /xingrg/kc/buy/cgsh_order_operate.html?command=get_materiel&rest_code=00156&code=00101008312&supplier_code=00100007&order_time=2023-09-09 HTTP/1.1" 200 412
180.152.241.196 - - [09/Sep/2023:11:19:24 +0800] "GET /xingrg/all/function/internal_message.html?_=1694229564574&CODE_STATE=getMsg HTTP/1.1" 200 27
120.253.135.82 - - [09/Sep/2023:11:19:25 +0800] "GET /xingrg/all/function/internal_message.html?_=1694229370876&CODE_STATE=getMsg HTTP/1.1" 200 27
101.83.145.37 - - [09/Sep/2023:11:19:28 +0800] "GET /xingrg/javascript/auto/indicator.gif HTTP/1.1" 404 1066
222.69.128.2 - - [09/Sep/2023:11:19:29 +0800] "GET /xingrg/all/function/internal_message.html?_=1694229567907&CODE_STATE=getMsg HTTP/1.1" 200 27
222.70.107.27 - - [09/Sep/2023:11:19:30 +0800] "GET /xingrg/kc/buy/cgsh_order_operate.html?command=get_materiel&rest_code=00156&code=00101008141&supplier_code=00100007&order_time=2023-09-09 HTTP/1.1" 200 412
222.70.107.27 - - [09/Sep/2023:11:19:36 +0800] "POST /xingrg/kc/buy/cgsh_order_operate.html HTTP/1.1" 200 2065
222.70.180.200 - - [09/Sep/2023:11:19:36 +0800] "GET /xingrg/all/function/internal_message.html?_=1694229576356&CODE_STATE=getMsg HTTP/1.1" 200 27
101.83.145.37 - - [09/Sep/2023:11:19:38 +0800] "GET /xingrg/javascript/jquery_tools/images/prev.gif HTTP/1.1" 404 1086
101.83.145.37 - - [09/Sep/2023:11:19:38 +0800] "GET /xingrg/javascript/jquery_tools/images/next.gif HTTP/1.1" 404 1086
218.79.28.44 - - [09/Sep/2023:11:19:41 +0800] "GET /xingrg/all/function/internal_message.html?_=1694229591528&CODE_STATE=getMsg HTTP/1.1" 302 -
116.232.195.127 - - [09/Sep/2023:11:19:42 +0800] "GET /xingrg/kc/base/base_main.html HTTP/1.1" 200 12142
222.70.107.27 - - [09/Sep/2023:11:19:42 +0800] "GET /xingrg/kc/buy/cgsh_order_operate.html?command=get_materiel&rest_code=00156&code=00101008361&supplier_code=00100007&order_time=2023-09-09 HTTP/1.1" 200 408
222.70.107.27 - - [09/Sep/2023:11:19:43 +0800] "GET /xingrg/all/function/internal_message.html?_=1694229594879&CODE_STATE=getMsg HTTP/1.1" 200 27
124.78.69.58 - - [09/Sep/2023:11:19:43 +0800] "GET /xingrg/all/function/internal_message.html?_=1694229021587&CODE_STATE=getMsg HTTP/1.1" 200 27
116.232.195.127 - - [09/Sep/2023:11:19:44 +0800] "GET /xingrg/kc/base/wldb_order_list.html HTTP/1.1" 200 19180
116.232.195.127 - - [09/Sep/2023:11:19:45 +0800] "POST /xingrg/kc/base/wldb_list_operate.html HTTP/1.1" 200 928
116.232.195.127 - - [09/Sep/2023:11:19:48 +0800] "GET /xingrg/kc/base/wldb_order_add.html HTTP/1.1" 200 30463
116.232.195.127 - - [09/Sep/2023:11:19:48 +0800] "GET /xingrg/words/20230908171602_words.js HTTP/1.1" 304 -
116.232.195.127 - - [09/Sep/2023:11:19:48 +0800] "POST /xingrg/kc/base/wldb_order_operate.html HTTP/1.1" 200 6806
116.232.195.127 - - [09/Sep/2023:11:19:48 +0800] "GET /xingrg/javascript/easyui/themes/default/validatebox.css HTTP/1.1" 404 1104
101.83.145.37 - - [09/Sep/2023:11:19:50 +0800] "GET /xingrg/kc/base/wldb_order_operate.html?command=get_materiel&rest_code=00105&base_code=0010507&code=00101013052 HTTP/1.1" 200 443
114.95.241.104 - - [09/Sep/2023:11:19:52 +0800] "GET /xingrg/all/function/internal_message.html?_=1694229479040&CODE_STATE=getMsg HTTP/1.1" 200 27
180.174.205.229 - - [09/Sep/2023:11:19:53 +0800] "GET /xingrg/all/function/internal_message.html?_=1694229590453&CODE_STATE=getMsg HTTP/1.1" 200 27
222.70.107.27 - - [09/Sep/2023:11:19:53 +0800] "GET /xingrg/kc/buy/cgsh_order_operate.html?command=get_materiel&rest_code=00156&code=00101008196&supplier_code=00100007&order_time=2023-09-09 HTTP/1.1" 200 416
180.157.252.149 - - [09/Sep/2023:11:19:56 +0800] "GET /xingrg/all/function/internal_message.html?_=1694229597991&CODE_STATE=getMsg HTTP/1.1" 200 27
101.228.187.155 - - [09/Sep/2023:11:19:58 +0800] "GET /xingrg/all/function/internal_message.html?_=1694229598103&CODE_STATE=getMsg HTTP/1.1" 200 27
120.253.135.82 - - [09/Sep/2023:11:19:59 +0800] "GET /xingrg/all/function/internal_message.html?_=1694229481534&CODE_STATE=getMsg HTTP/1.1" 200 27
222.70.107.27 - - [09/Sep/2023:11:20:01 +0800] "GET /xingrg/kc/buy/cgsh_order_operate.html?command=get_materiel&rest_code=00156&code=00101008197&supplier_code=00100007&order_time=2023-09-09 HTTP/1.1" 200 416
101.83.145.37 - - [09/Sep/2023:11:20:01 +0800] "GET /xingrg/kc/base/wldb_order_operate.html?command=get_materiel&rest_code=00105&base_code=0010507&code=00101019079 HTTP/1.1" 200 479
116.232.195.127 - - [09/Sep/2023:11:20:03 +0800] "GET /xingrg/kc/base/wldb_order_operate.html?command=get_materiel&rest_code=00155&base_code=0010740&code=00102002851 HTTP/1.1" 200 446
124.79.246.190 - - [09/Sep/2023:11:20:07 +0800] "GET /xingrg/all/function/internal_message.html?_=1694229903618&CODE_STATE=getMsg HTTP/1.1" 200 27
116.232.195.127 - - [09/Sep/2023:11:20:08 +0800] "GET /xingrg/all/function/internal_message.html?_=1694229492882&CODE_STATE=getMsg HTTP/1.1" 200 27
101.83.145.37 - - [09/Sep/2023:11:20:09 +0800] "GET /xingrg/all/function/internal_message.html?_=1694229609556&CODE_STATE=getMsg HTTP/1.1" 200 27
114.83.216.110 - - [09/Sep/2023:11:20:10 +0800] "GET /xingrg/all/function/internal_message.html?_=1694229755640&CODE_STATE=getMsg HTTP/1.1" 200 27
101.83.145.37 - - [09/Sep/2023:11:20:10 +0800] "POST /xingrg/kc/base/wldb_order_operate.html HTTP/1.1" 200 37
116.228.172.122 - - [09/Sep/2023:11:20:10 +0800] "GET /xingrg/check_reg.html?_=1694229317439 HTTP/1.1" 200 22
116.228.172.122 - - [09/Sep/2023:11:20:10 +0800] "GET /xingrg/all/function/internal_message.html?_=1694229317440&CODE_STATE=getMsg HTTP/1.1" 200 27
101.83.145.37 - - [09/Sep/2023:11:20:11 +0800] "POST /xingrg/kc/base/wldb_order_operate.html HTTP/1.1" 200 2705
222.70.180.200 - - [09/Sep/2023:11:20:11 +0800] "GET /xingrg/check_reg.html?_=1694229612553 HTTP/1.1" 200 22
222.70.244.80 - - [09/Sep/2023:11:20:12 +0800] "GET /xingrg/all/function/internal_message.html?_=1694229625580&CODE_STATE=getMsg HTTP/1.1" 200 27
101.83.145.37 - - [09/Sep/2023:11:20:12 +0800] "GET /xingrg/kc/base/wldb_order_info.html?code=422023090900828 HTTP/1.1" 200 30472
101.83.145.37 - - [09/Sep/2023:11:20:12 +0800] "GET /xingrg/javascript/easyui/themes/default/validatebox.css HTTP/1.1" 404 1104
101.83.145.37 - - [09/Sep/2023:11:20:13 +0800] "POST /xingrg/kc/base/wldb_order_operate.html HTTP/1.1" 200 2705
222.70.180.200 - - [09/Sep/2023:11:20:13 +0800] "GET /xingrg/all/function/internal_message.html?_=1694229614587&CODE_STATE=getMsg HTTP/1.1" 200 27
101.83.145.37 - - [09/Sep/2023:11:20:20 +0800] "GET /xingrg/all/function/internal_message.html?_=1694229411846&CODE_STATE=getMsg HTTP/1.1" 200 27
120.253.135.82 - - [09/Sep/2023:11:20:20 +0800] "GET /favicon.ico HTTP/1.1" 404 -
120.253.135.82 - - [09/Sep/2023:11:20:22 +0800] "GET /xingrg/index.html?sysBaseUrl=http%3A%2F%2F180.169.147.146%3A18081%2Fxingrg%2F&costTime=42×tamp=1677553372900 HTTP/1.1" 302 -
120.253.135.82 - - [09/Sep/2023:11:20:22 +0800] "GET /xingrg/login.html HTTP/1.1" 200 7641
120.253.135.82 - - [09/Sep/2023:11:20:22 +0800] "GET /xingrg/images/blue/jxLogo.png HTTP/1.1" 200 6156
120.253.135.82 - - [09/Sep/2023:11:20:23 +0800] "GET /xingrg/images/blue/login_bg.png HTTP/1.1" 200 22101
120.253.135.82 - - [09/Sep/2023:11:20:23 +0800] "GET /xingrg/images/blue/srbg.png HTTP/1.1" 200 138
120.253.135.82 - - [09/Sep/2023:11:20:23 +0800] "GET /xingrg/images/blue/hj.png HTTP/1.1" 200 1014
120.253.135.82 - - [09/Sep/2023:11:20:23 +0800] "GET /xingrg/check_reg.html?_=1694229428507 HTTP/1.1" 200 22
222.70.107.27 - - [09/Sep/2023:11:20:24 +0800] "GET /xingrg/kc/buy/cgsh_order_operate.html?command=get_materiel&rest_code=00156&code=00101008223&supplier_code=00100007&order_time=2023-09-09 HTTP/1.1" 200 412
180.152.241.196 - - [09/Sep/2023:11:20:24 +0800] "GET /xingrg/all/function/internal_message.html?_=1694229624585&CODE_STATE=getMsg HTTP/1.1" 200 27
120.253.135.82 - - [09/Sep/2023:11:20:24 +0800] "GET /favicon.ico HTTP/1.1" 404 -
120.253.135.82 - - [09/Sep/2023:11:20:25 +0800] "GET /xingrg/all/function/internal_message.html?_=1694229430888&CODE_STATE=getMsg HTTP/1.1" 200 27
222.69.128.2 - - [09/Sep/2023:11:20:29 +0800] "GET /xingrg/all/function/internal_message.html?_=1694229627906&CODE_STATE=getMsg HTTP/1.1" 200 27
222.69.128.2 - - [09/Sep/2023:11:20:29 +0800] "GET /xingrg/check_reg.html?_=1694229627910 HTTP/1.1" 200 22
120.253.135.82 - - [09/Sep/2023:11:20:33 +0800] "POST /xingrg/login.do HTTP/1.1" 302 -
120.253.135.82 - - [09/Sep/2023:11:20:33 +0800] "GET /xingrg/index.html?sysBaseUrl=http%3A%2F%2F180.169.147.146%3A18081%2Fxingrg%2F&costTime=800×tamp=1694229633136 HTTP/1.1" 200 17177
120.253.135.82 - - [09/Sep/2023:11:20:33 +0800] "GET /xingrg/css/form.css HTTP/1.1" 200 893
120.253.135.82 - - [09/Sep/2023:11:20:33 +0800] "GET /xingrg/javascript/jquery.form.js HTTP/1.1" 200 23110
120.253.135.82 - - [09/Sep/2023:11:20:33 +0800] "GET /xingrg/javascript/jquery.timers.js HTTP/1.1" 200 3532
120.253.135.82 - - [09/Sep/2023:11:20:33 +0800] "GET /favicon.ico HTTP/1.1" 404 -
120.253.135.82 - - [09/Sep/2023:11:20:33 +0800] "GET /xingrg/images/blue/navBackgound.jpg HTTP/1.1" 200 12378
120.253.135.82 - - [09/Sep/2023:11:20:33 +0800] "GET /xingrg/javascript/jquery_easy_ui/themes/icons/settle_new.png HTTP/1.1" 200 826
120.253.135.82 - - [09/Sep/2023:11:20:33 +0800] "POST /xingrg/all/common/load_tree.html?tree=area_rest_tree_json&manage=1 HTTP/1.1" 200 348
120.253.135.82 - - [09/Sep/2023:11:20:33 +0800] "GET /xingrg/all/function/internal_message.html?_=1694229633723&CODE_STATE=count HTTP/1.1" 200 11
120.253.135.82 - - [09/Sep/2023:11:20:33 +0800] "GET /xingrg/check_reg.html?_=1694229633725 HTTP/1.1" 200 22
120.253.135.82 - - [09/Sep/2023:11:20:33 +0800] "GET /xingrg/images/blue/pingpu.png HTTP/1.1" 200 231
120.253.135.82 - - [09/Sep/2023:11:20:33 +0800] "GET /xingrg/javascript/jquery_easy_ui/themes/default/images/tabs_leftarrow.png HTTP/1.1" 200 389
120.253.135.82 - - [09/Sep/2023:11:20:33 +0800] "GET /xingrg/javascript/jquery_easy_ui/themes/default/images/tabs_rightarrow.png HTTP/1.1" 200 395
120.253.135.82 - - [09/Sep/2023:11:20:33 +0800] "GET /xingrg/javascript/jquery_easy_ui/themes/default/images/panel_tool_collapse.gif HTTP/1.1" 200 246
120.253.135.82 - - [09/Sep/2023:11:20:33 +0800] "POST /xingrg/load_menu.html HTTP/1.1" 200 5138
120.253.135.82 - - [09/Sep/2023:11:20:34 +0800] "GET /xingrg/javascript/jquery_easy_ui/themes/default/images/tree_arrows.gif HTTP/1.1" 200 1043
120.253.135.82 - - [09/Sep/2023:11:20:34 +0800] "GET /xingrg/javascript/jquery_easy_ui/themes/default/images/tree_folder_open.gif HTTP/1.1" 200 956
120.253.135.82 - - [09/Sep/2023:11:20:34 +0800] "GET /xingrg/javascript/jquery_easy_ui/themes/icons/search_new.png HTTP/1.1" 200 586
120.253.135.82 - - [09/Sep/2023:11:20:34 +0800] "GET /xingrg/javascript/jquery_easy_ui/themes/default/images/tree_folder.gif HTTP/1.1" 200 952
120.253.135.82 - - [09/Sep/2023:11:20:34 +0800] "GET /xingrg/javascript/jquery_easy_ui/themes/icons/storage_new.png HTTP/1.1" 200 853
120.253.135.82 - - [09/Sep/2023:11:20:34 +0800] "GET /xingrg/javascript/jquery_easy_ui/themes/default/images/tree_file.gif HTTP/1.1" 200 118
120.253.135.82 - - [09/Sep/2023:11:20:34 +0800] "GET /xingrg/javascript/jquery_easy_ui/themes/icons/forms_new.png HTTP/1.1" 200 350
222.70.107.27 - - [09/Sep/2023:11:20:34 +0800] "GET /xingrg/kc/buy/cgsh_order_operate.html?command=get_materiel&rest_code=00156&code=00101008185&supplier_code=00100007&order_time=2023-09-09 HTTP/1.1" 200 408
120.253.135.82 - - [09/Sep/2023:11:20:35 +0800] "GET /xingrg/javascript/jquery_easy_ui/themes/icons/area.png HTTP/1.1" 200 262
120.253.135.82 - - [09/Sep/2023:11:20:35 +0800] "GET /xingrg/javascript/jquery_easy_ui/themes/icons/rest.png HTTP/1.1" 200 695
101.83.145.37 - - [09/Sep/2023:11:20:36 +0800] "GET /xingrg/kc/base/wldb_order_add.html HTTP/1.1" 200 30457
120.253.135.82 - - [09/Sep/2023:11:20:36 +0800] "GET /xingrg/kc/base/base_main.html HTTP/1.1" 200 12142
120.253.135.82 - - [09/Sep/2023:11:20:36 +0800] "GET /xingrg/javascript/jquery_easy_ui/themes/default/images/tabs_close.gif HTTP/1.1" 200 829
120.253.135.82 - - [09/Sep/2023:11:20:36 +0800] "GET /xingrg/images/blue/button/wlsy.gif HTTP/1.1" 200 2536
120.253.135.82 - - [09/Sep/2023:11:20:36 +0800] "GET /xingrg/images/blue/button/ckpd.gif HTTP/1.1" 200 2051
120.253.135.82 - - [09/Sep/2023:11:20:36 +0800] "GET /xingrg/images/blue/button/kc.gif HTTP/1.1" 200 2160
120.253.135.82 - - [09/Sep/2023:11:20:36 +0800] "GET /xingrg/images/blue/button/ckdb.gif HTTP/1.1" 200 1950
120.253.135.82 - - [09/Sep/2023:11:20:36 +0800] "GET /xingrg/images/blue/button/yddb.gif HTTP/1.1" 200 2040
120.253.135.82 - - [09/Sep/2023:11:20:36 +0800] "GET /xingrg/images/blue/button/top_left.jpg HTTP/1.1" 200 1632
120.253.135.82 - - [09/Sep/2023:11:20:36 +0800] "GET /xingrg/images/blue/button/top_right.jpg HTTP/1.1" 200 1708
120.253.135.82 - - [09/Sep/2023:11:20:36 +0800] "GET /xingrg/images/blue/button/down.jpg HTTP/1.1" 200 1560
120.253.135.82 - - [09/Sep/2023:11:20:36 +0800] "GET /xingrg/images/blue/button/bottom_left.jpg HTTP/1.1" 200 1524
120.253.135.82 - - [09/Sep/2023:11:20:36 +0800] "GET /xingrg/images/blue/button/left_ah.jpg HTTP/1.1" 200 1643
120.253.135.82 - - [09/Sep/2023:11:20:36 +0800] "GET /xingrg/images/blue/button/bottom_right.jpg HTTP/1.1" 200 1436
101.83.145.37 - - [09/Sep/2023:11:20:36 +0800] "POST /xingrg/kc/base/wldb_order_operate.html HTTP/1.1" 200 6806
101.83.145.37 - - [09/Sep/2023:11:20:36 +0800] "GET /xingrg/javascript/easyui/themes/default/validatebox.css HTTP/1.1" 404 1104
222.70.180.200 - - [09/Sep/2023:11:20:37 +0800] "GET /xingrg/all/function/internal_message.html?_=1694229636417&CODE_STATE=getMsg HTTP/1.1" 200 27
120.253.135.82 - - [09/Sep/2023:11:20:38 +0800] "GET /xingrg/kc/base/wldb_order_list.html HTTP/1.1" 200 19178
120.253.135.82 - - [09/Sep/2023:11:20:38 +0800] "GET /xingrg/css/base.css HTTP/1.1" 200 2811
120.253.135.82 - - [09/Sep/2023:11:20:38 +0800] "GET /xingrg/javascript/jquery_tools/datebox.css HTTP/1.1" 200 2597
120.253.135.82 - - [09/Sep/2023:11:20:38 +0800] "GET /xingrg/css/site.css HTTP/1.1" 200 7541
120.253.135.82 - - [09/Sep/2023:11:20:38 +0800] "GET /xingrg/javascript/easyui/themes/default/easyui.css HTTP/1.1" 200 30432
120.253.135.82 - - [09/Sep/2023:11:20:38 +0800] "GET /xingrg/javascript/easyui/themes/icon.css HTTP/1.1" 200 4483
