222.69.128.2 - - [09/Sep/2023:09:26:24 +0800] "POST /xingrg/kc/buy/cgsh_order_operate.html HTTP/1.1" 200 12
120.253.135.82 - - [09/Sep/2023:09:26:24 +0800] "GET /xingrg/all/function/internal_message.html?_=1694222589167&CODE_STATE=getMsg HTTP/1.1" 200 27
180.152.241.196 - - [09/Sep/2023:09:26:24 +0800] "GET /xingrg/all/function/internal_message.html?_=1694222784579&CODE_STATE=getMsg HTTP/1.1" 200 27
180.174.205.229 - - [09/Sep/2023:09:26:27 +0800] "GET /xingrg/all/function/internal_message.html?_=1694222784855&CODE_STATE=getMsg HTTP/1.1" 200 27
114.83.216.110 - - [09/Sep/2023:09:26:28 +0800] "GET /xingrg/login.html HTTP/1.1" 200 7641
222.70.180.200 - - [09/Sep/2023:09:26:28 +0800] "GET /xingrg/kc/buy/cgsh_order_operate.html?command=get_materiel&rest_code=00111&code=00101008371&supplier_code=00100005&order_time=2023-09-09 HTTP/1.1" 200 412
222.69.128.2 - - [09/Sep/2023:09:26:29 +0800] "GET /xingrg/kc/buy/cgsh_order_info.html?code=212023090903239 HTTP/1.1" 200 67265
114.83.216.110 - - [09/Sep/2023:09:26:29 +0800] "GET /favicon.ico HTTP/1.1" 404 -
222.69.128.2 - - [09/Sep/2023:09:26:29 +0800] "GET /xingrg/javascript/easyui/themes/default/validatebox.css HTTP/1.1" 404 1104
222.69.128.2 - - [09/Sep/2023:09:26:30 +0800] "POST /xingrg/kc/buy/cgsh_order_operate.html HTTP/1.1" 200 1243
120.253.135.82 - - [09/Sep/2023:09:26:30 +0800] "GET /xingrg/all/function/internal_message.html?_=1694222931162&CODE_STATE=getMsg HTTP/1.1" 200 27
222.69.128.2 - - [09/Sep/2023:09:26:31 +0800] "GET /xingrg/kc/print/load_data.html?order_code=212023090903239&kc_code=cgsh&condition= HTTP/1.1" 200 979
114.95.241.104 - - [09/Sep/2023:09:26:32 +0800] "GET /xingrg/kc/buy/cgsh_order_operate.html?command=get_materiel&rest_code=00150&code=00101009011&supplier_code=00100022&order_time=2023-09-09 HTTP/1.1" 200 416
222.69.128.2 - - [09/Sep/2023:09:26:36 +0800] "GET /xingrg/kc/buy/cgsh_order_add.html HTTP/1.1" 200 72356
222.69.128.2 - - [09/Sep/2023:09:26:36 +0800] "POST /xingrg/kc/buy/cgsh_order_operate.html HTTP/1.1" 200 8245
222.69.128.2 - - [09/Sep/2023:09:26:36 +0800] "GET /xingrg/javascript/easyui/themes/default/validatebox.css HTTP/1.1" 404 1104
124.78.155.92 - - [09/Sep/2023:09:26:39 +0800] "GET /xingrg/all/function/internal_message.html?_=1694222801245&CODE_STATE=getMsg HTTP/1.1" 200 27
218.79.28.44 - - [09/Sep/2023:09:26:41 +0800] "GET /xingrg/all/function/internal_message.html?_=1694222811402&CODE_STATE=getMsg HTTP/1.1" 302 -
218.79.28.44 - - [09/Sep/2023:09:26:41 +0800] "GET /xingrg/check_reg.html?_=1694222811404 HTTP/1.1" 302 -
114.95.241.104 - - [09/Sep/2023:09:26:41 +0800] "GET /xingrg/kc/buy/cgsh_order_operate.html?command=get_materiel&rest_code=00150&code=00101009006&supplier_code=00100022&order_time=2023-09-09 HTTP/1.1" 200 409
180.152.241.196 - - [09/Sep/2023:09:26:43 +0800] "GET /xingrg/kc/buy/cgsh_order_operate.html?command=get_materiel&rest_code=00102&code=00101006182&supplier_code=00100096&order_time=2023-09-09 HTTP/1.1" 200 413
114.95.241.104 - - [09/Sep/2023:09:26:49 +0800] "GET /xingrg/all/function/internal_message.html?_=1694222696194&CODE_STATE=getMsg HTTP/1.1" 200 27
114.83.216.110 - - [09/Sep/2023:09:26:50 +0800] "POST /xingrg/login.do HTTP/1.1" 302 -
114.83.216.110 - - [09/Sep/2023:09:26:50 +0800] "GET /xingrg/index.html?sysBaseUrl=http%3A%2F%2F180.169.147.146%3A18081%2Fxingrg%2F&costTime=798×tamp=1694222810113 HTTP/1.1" 200 17179
114.83.216.110 - - [09/Sep/2023:09:26:50 +0800] "GET /favicon.ico HTTP/1.1" 404 -
114.83.216.110 - - [09/Sep/2023:09:26:50 +0800] "GET /xingrg/all/function/internal_message.html?_=1694222955885&CODE_STATE=count HTTP/1.1" 200 11
114.83.216.110 - - [09/Sep/2023:09:26:50 +0800] "GET /xingrg/check_reg.html?_=1694222955886 HTTP/1.1" 200 22
114.83.216.110 - - [09/Sep/2023:09:26:50 +0800] "POST /xingrg/all/common/load_tree.html?tree=area_rest_tree_json&manage=1 HTTP/1.1" 200 351
114.83.216.110 - - [09/Sep/2023:09:26:50 +0800] "POST /xingrg/load_menu.html HTTP/1.1" 200 5138
114.95.241.104 - - [09/Sep/2023:09:26:50 +0800] "GET /xingrg/kc/buy/cgsh_order_operate.html?command=get_materiel&rest_code=00150&code=00101009012&supplier_code=00100022&order_time=2023-09-09 HTTP/1.1" 200 409
222.69.128.2 - - [09/Sep/2023:09:26:56 +0800] "GET /xingrg/kc/buy/cgsh_order_operate.html?command=get_materiel&rest_code=00149&code=00101011003&supplier_code=00100051&order_time=2023-09-09 HTTP/1.1" 200 413
114.95.241.104 - - [09/Sep/2023:09:26:58 +0800] "GET /xingrg/kc/buy/cgsh_order_operate.html?command=get_materiel&rest_code=00150&code=00101009059&supplier_code=00100022&order_time=2023-09-09 HTTP/1.1" 200 409
222.69.128.2 - - [09/Sep/2023:09:26:58 +0800] "GET /xingrg/all/function/internal_message.html?_=1694222817588&CODE_STATE=getMsg HTTP/1.1" 200 27
180.157.252.149 - - [09/Sep/2023:09:26:58 +0800] "GET /xingrg/all/function/internal_message.html?_=1694222820082&CODE_STATE=getMsg HTTP/1.1" 200 27
222.69.128.2 - - [09/Sep/2023:09:27:05 +0800] "GET /xingrg/kc/buy/cgsh_order_operate.html?command=get_materiel&rest_code=00149&code=00101011005&supplier_code=00100051&order_time=2023-09-09 HTTP/1.1" 200 428
222.70.244.80 - - [09/Sep/2023:09:27:05 +0800] "GET /xingrg/all/function/internal_message.html?_=1694222838943&CODE_STATE=getMsg HTTP/1.1" 200 27
124.79.246.190 - - [09/Sep/2023:09:27:07 +0800] "GET /xingrg/all/function/internal_message.html?_=1694223123488&CODE_STATE=getMsg HTTP/1.1" 200 27
124.78.155.92 - - [09/Sep/2023:09:27:08 +0800] "POST /xingrg/kc/buy/cgsh_order_operate.html HTTP/1.1" 200 2065
101.83.145.37 - - [09/Sep/2023:09:27:09 +0800] "GET /xingrg/all/function/internal_message.html?_=1694222829552&CODE_STATE=getMsg HTTP/1.1" 200 27
222.70.180.200 - - [09/Sep/2023:09:27:11 +0800] "GET /xingrg/all/function/internal_message.html?_=1694222832384&CODE_STATE=getMsg HTTP/1.1" 200 27
116.232.195.127 - - [09/Sep/2023:09:27:18 +0800] "GET /xingrg/all/function/internal_message.html?_=1694222722930&CODE_STATE=getMsg HTTP/1.1" 200 27
116.232.195.127 - - [09/Sep/2023:09:27:18 +0800] "GET /xingrg/check_reg.html?_=1694222722941 HTTP/1.1" 200 22
222.69.128.2 - - [09/Sep/2023:09:27:19 +0800] "POST /xingrg/kc/buy/cgsh_order_operate.html HTTP/1.1" 200 37
101.83.145.37 - - [09/Sep/2023:09:27:20 +0800] "GET /xingrg/all/function/internal_message.html?_=1694222631740&CODE_STATE=getMsg HTTP/1.1" 200 27
222.70.107.27 - - [09/Sep/2023:09:27:21 +0800] "GET /xingrg/all/function/internal_message.html?_=1694222852878&CODE_STATE=getMsg HTTP/1.1" 200 27
114.95.241.104 - - [09/Sep/2023:09:27:21 +0800] "GET /xingrg/kc/buy/cgsh_order_operate.html?command=get_materiel&rest_code=00150&code=00101009015&supplier_code=00100022&order_time=2023-09-09 HTTP/1.1" 200 416
124.78.155.92 - - [09/Sep/2023:09:27:21 +0800] "GET /xingrg/kc/buy/cgsh_order_operate.html?command=get_materiel&rest_code=00106&code=00101008067&supplier_code=00100007&order_time=2023-09-09 HTTP/1.1" 200 416
120.253.135.82 - - [09/Sep/2023:09:27:24 +0800] "GET /xingrg/all/function/internal_message.html?_=1694222649181&CODE_STATE=getMsg HTTP/1.1" 200 27
180.152.241.196 - - [09/Sep/2023:09:27:24 +0800] "GET /xingrg/all/function/internal_message.html?_=1694222844580&CODE_STATE=getMsg HTTP/1.1" 200 27
222.69.128.2 - - [09/Sep/2023:09:27:26 +0800] "POST /xingrg/kc/buy/cgsh_order_operate.html HTTP/1.1" 200 12
180.174.205.229 - - [09/Sep/2023:09:27:27 +0800] "GET /xingrg/all/function/internal_message.html?_=1694222844857&CODE_STATE=getMsg HTTP/1.1" 200 27
222.69.128.2 - - [09/Sep/2023:09:27:28 +0800] "GET /xingrg/kc/buy/cgsh_order_info.html?code=212023090903240 HTTP/1.1" 200 67265
222.69.128.2 - - [09/Sep/2023:09:27:28 +0800] "GET /xingrg/javascript/easyui/themes/default/validatebox.css HTTP/1.1" 404 1104
222.69.128.2 - - [09/Sep/2023:09:27:29 +0800] "POST /xingrg/kc/buy/cgsh_order_operate.html HTTP/1.1" 200 1199
120.253.135.82 - - [09/Sep/2023:09:27:30 +0800] "GET /xingrg/all/function/internal_message.html?_=1694222991172&CODE_STATE=getMsg HTTP/1.1" 200 27
114.95.241.104 - - [09/Sep/2023:09:27:31 +0800] "GET /xingrg/kc/buy/cgsh_order_operate.html?command=get_materiel&rest_code=00150&code=00101009140&supplier_code=00100022&order_time=2023-09-09 HTTP/1.1" 200 412
222.69.128.2 - - [09/Sep/2023:09:27:34 +0800] "GET /xingrg/kc/print/load_data.html?order_code=212023090903240&kc_code=cgsh&condition= HTTP/1.1" 200 950
124.78.155.92 - - [09/Sep/2023:09:27:36 +0800] "GET /xingrg/kc/buy/cgsh_order_operate.html?command=get_materiel&rest_code=00106&code=00101008357&supplier_code=00100007&order_time=2023-09-09 HTTP/1.1" 200 408
101.80.225.121 - - [09/Sep/2023:09:27:37 +0800] "POST /xingrg/services/DataTransmitService HTTP/1.1" 200 524
124.78.155.92 - - [09/Sep/2023:09:27:39 +0800] "GET /xingrg/all/function/internal_message.html?_=1694222861224&CODE_STATE=getMsg HTTP/1.1" 200 27
222.70.180.200 - - [09/Sep/2023:09:27:40 +0800] "GET /xingrg/kc/buy/cgsh_order_operate.html?command=get_materiel&rest_code=00111&code=00101008742&supplier_code=00100005&order_time=2023-09-09 HTTP/1.1" 200 399
114.95.241.104 - - [09/Sep/2023:09:27:41 +0800] "GET /xingrg/kc/buy/cgsh_order_operate.html?command=get_materiel&rest_code=00150&code=00101009175&supplier_code=00100022&order_time=2023-09-09 HTTP/1.1" 200 401
218.79.28.44 - - [09/Sep/2023:09:27:41 +0800] "GET /xingrg/all/function/internal_message.html?_=1694222871406&CODE_STATE=getMsg HTTP/1.1" 302 -
222.69.128.2 - - [09/Sep/2023:09:27:46 +0800] "GET /xingrg/kc/buy/cgsh_order_add.html HTTP/1.1" 200 72356
222.69.128.2 - - [09/Sep/2023:09:27:46 +0800] "POST /xingrg/kc/buy/cgsh_order_operate.html HTTP/1.1" 200 8245
222.69.128.2 - - [09/Sep/2023:09:27:46 +0800] "GET /xingrg/javascript/easyui/themes/default/validatebox.css HTTP/1.1" 404 1104
222.70.244.80 - - [09/Sep/2023:09:27:48 +0800] "GET /xingrg/login.html HTTP/1.1" 200 7641
222.70.244.80 - - [09/Sep/2023:09:27:48 +0800] "GET /xingrg/images/blue/jxLogo.png HTTP/1.1" 304 -
222.70.244.80 - - [09/Sep/2023:09:27:48 +0800] "GET /favicon.ico HTTP/1.1" 404 -
114.95.241.104 - - [09/Sep/2023:09:27:49 +0800] "GET /xingrg/all/function/internal_message.html?_=1694222756208&CODE_STATE=getMsg HTTP/1.1" 200 27
114.95.241.104 - - [09/Sep/2023:09:27:50 +0800] "GET /xingrg/kc/buy/cgsh_order_operate.html?command=get_materiel&rest_code=00150&code=00101009160&supplier_code=00100022&order_time=2023-09-09 HTTP/1.1" 200 415
114.83.216.110 - - [09/Sep/2023:09:27:50 +0800] "GET /xingrg/all/function/internal_message.html?_=1694223015914&CODE_STATE=getMsg HTTP/1.1" 200 27
124.78.155.92 - - [09/Sep/2023:09:27:51 +0800] "GET /xingrg/kc/buy/cgsh_order_operate.html?command=get_materiel&rest_code=00106&code=00101008098&supplier_code=00100007&order_time=2023-09-09 HTTP/1.1" 200 412
222.70.244.80 - - [09/Sep/2023:09:27:56 +0800] "POST /xingrg/login.do HTTP/1.1" 302 -
222.70.244.80 - - [09/Sep/2023:09:27:56 +0800] "GET /xingrg/index.html?sysBaseUrl=http%3A%2F%2F180.169.147.146%3A18081%2Fxingrg%2F&costTime=967×tamp=1694222876040 HTTP/1.1" 200 17179
222.70.244.80 - - [09/Sep/2023:09:27:56 +0800] "GET /xingrg/javascript/jquery_easy_ui/themes/default/easyui.css HTTP/1.1" 304 -
222.70.244.80 - - [09/Sep/2023:09:27:56 +0800] "GET /xingrg/javascript/jquery_easy_ui/themes/icon.css HTTP/1.1" 304 -
222.70.244.80 - - [09/Sep/2023:09:27:56 +0800] "GET /xingrg/javascript/jquery.timers.js HTTP/1.1" 304 -
222.70.244.80 - - [09/Sep/2023:09:27:56 +0800] "GET /xingrg/javascript/jquery_easy_ui/easyui-lang-zh_CN.js HTTP/1.1" 304 -
222.70.244.80 - - [09/Sep/2023:09:27:56 +0800] "GET /xingrg/javascript/jquery_easy_ui/jquery.easyui.min.js HTTP/1.1" 304 -
222.70.244.80 - - [09/Sep/2023:09:27:56 +0800] "GET /xingrg/javascript/jquery.form.js HTTP/1.1" 304 -
222.70.244.80 - - [09/Sep/2023:09:27:56 +0800] "GET /xingrg/javascript/jquery-1.4.2.min.js HTTP/1.1" 304 -
222.70.244.80 - - [09/Sep/2023:09:27:56 +0800] "GET /xingrg/css/form.css HTTP/1.1" 304 -
222.70.244.80 - - [09/Sep/2023:09:27:56 +0800] "GET /xingrg/javascript/jquery.utils.js HTTP/1.1" 304 -
222.70.244.80 - - [09/Sep/2023:09:27:56 +0800] "GET /favicon.ico HTTP/1.1" 404 -
222.70.244.80 - - [09/Sep/2023:09:27:56 +0800] "GET /xingrg/images/blue/navBackgound.jpg HTTP/1.1" 304 -
222.70.244.80 - - [09/Sep/2023:09:27:56 +0800] "GET /xingrg/javascript/jquery_easy_ui/themes/icons/settle_new.png HTTP/1.1" 304 -
222.70.244.80 - - [09/Sep/2023:09:27:56 +0800] "GET /xingrg/images/blue/pingpu.png HTTP/1.1" 304 -
222.70.244.80 - - [09/Sep/2023:09:27:56 +0800] "GET /xingrg/javascript/jquery_easy_ui/themes/default/images/tabs_leftarrow.png HTTP/1.1" 304 -
222.70.244.80 - - [09/Sep/2023:09:27:56 +0800] "GET /xingrg/javascript/jquery_easy_ui/themes/default/images/tabs_rightarrow.png HTTP/1.1" 304 -
222.70.244.80 - - [09/Sep/2023:09:27:56 +0800] "GET /xingrg/javascript/jquery_easy_ui/themes/default/images/panel_tool_collapse.gif HTTP/1.1" 304 -
222.70.244.80 - - [09/Sep/2023:09:27:56 +0800] "GET /xingrg/check_reg.html?_=1694222894135 HTTP/1.1" 200 22
222.70.244.80 - - [09/Sep/2023:09:27:56 +0800] "GET /xingrg/all/function/internal_message.html?_=1694222894134&CODE_STATE=count HTTP/1.1" 200 11
222.70.244.80 - - [09/Sep/2023:09:27:56 +0800] "POST /xingrg/all/common/load_tree.html?tree=area_rest_tree_json&manage=1 HTTP/1.1" 200 479
222.70.244.80 - - [09/Sep/2023:09:27:56 +0800] "POST /xingrg/load_menu.html HTTP/1.1" 200 5138
222.69.128.2 - - [09/Sep/2023:09:27:58 +0800] "GET /xingrg/all/function/internal_message.html?_=1694222877567&CODE_STATE=getMsg HTTP/1.1" 200 27
180.157.252.149 - - [09/Sep/2023:09:27:58 +0800] "GET /xingrg/all/function/internal_message.html?_=1694222880060&CODE_STATE=getMsg HTTP/1.1" 200 27
222.70.244.80 - - [09/Sep/2023:09:27:59 +0800] "GET /xingrg/kc/report/report_main.html HTTP/1.1" 200 7340
222.70.244.80 - - [09/Sep/2023:09:27:59 +0800] "GET /xingrg/css/blue.css HTTP/1.1" 304 -
222.70.244.80 - - [09/Sep/2023:09:27:59 +0800] "GET /xingrg/javascript/pic_change.js HTTP/1.1" 304 -
222.70.244.80 - - [09/Sep/2023:09:27:59 +0800] "GET /xingrg/javascript/myfunction.js HTTP/1.1" 304 -
222.70.244.80 - - [09/Sep/2023:09:27:59 +0800] "GET /xingrg/javascript/json2.js HTTP/1.1" 304 -
222.70.244.80 - - [09/Sep/2023:09:27:59 +0800] "GET /xingrg/javascript/jquery_ui/themes/humanity/humanity.css HTTP/1.1" 304 -
222.70.244.80 - - [09/Sep/2023:09:28:01 +0800] "GET /xingrg/all/report/report_query.html?fileName=kc/buy/wlcg_mx.xml HTTP/1.1" 200 51648
222.70.244.80 - - [09/Sep/2023:09:28:01 +0800] "GET /xingrg/javascript/multi_select/jqueryMultiSelect.css HTTP/1.1" 304 -
222.70.244.80 - - [09/Sep/2023:09:28:01 +0800] "GET /xingrg/javascript/calendar/timePicker.css HTTP/1.1" 304 -
222.70.244.80 - - [09/Sep/2023:09:28:01 +0800] "GET /xingrg/javascript/bigrid/fix.css HTTP/1.1" 304 -
222.70.244.80 - - [09/Sep/2023:09:28:01 +0800] "GET /xingrg/dwr/interface/AjaxReportQueryService.js HTTP/1.1" 200 13203
222.70.244.80 - - [09/Sep/2023:09:28:01 +0800] "GET /xingrg/dwr/util.js HTTP/1.1" 200 35990
222.70.244.80 - - [09/Sep/2023:09:28:01 +0800] "GET /xingrg/dwr/engine.js HTTP/1.1" 200 43631
222.70.244.80 - - [09/Sep/2023:09:28:01 +0800] "GET /xingrg/javascript/Calendar.js HTTP/1.1" 304 -
222.70.244.80 - - [09/Sep/2023:09:28:01 +0800] "GET /xingrg/javascript/bigrid/fix.js HTTP/1.1" 304 -
222.70.244.80 - - [09/Sep/2023:09:28:01 +0800] "GET /xingrg/javascript/calendar/jquery.timePicker.min.js HTTP/1.1" 304 -
222.70.244.80 - - [09/Sep/2023:09:28:01 +0800] "GET /xingrg/javascript/jqueryMultiSelect.js HTTP/1.1" 304 -
222.70.244.80 - - [09/Sep/2023:09:28:01 +0800] "GET /xingrg/javascript/jquery_easy_ui/themes/icons/pencil.png HTTP/1.1" 304 -
222.70.244.80 - - [09/Sep/2023:09:28:01 +0800] "POST /xingrg/dwr/call/plaincall/AjaxReportQueryService.getFixDate.dwr HTTP/1.1" 200 111
222.70.244.80 - - [09/Sep/2023:09:28:01 +0800] "POST /xingrg/dwr/call/plaincall/AjaxReportQueryService.getInitString.dwr HTTP/1.1" 200 35715
114.95.241.104 - - [09/Sep/2023:09:28:02 +0800] "POST /xingrg/kc/buy/cgsh_order_operate.html HTTP/1.1" 200 37
222.70.244.80 - - [09/Sep/2023:09:28:02 +0800] "POST /xingrg/dwr/call/plaincall/AjaxReportQueryService.getInitString.dwr HTTP/1.1" 200 1023
222.70.244.80 - - [09/Sep/2023:09:28:02 +0800] "POST /xingrg/dwr/call/plaincall/AjaxReportQueryService.getInitString.dwr HTTP/1.1" 200 125
222.70.244.80 - - [09/Sep/2023:09:28:05 +0800] "GET /xingrg/all/function/internal_message.html?_=1694222899083&CODE_STATE=getMsg HTTP/1.1" 200 27
114.95.241.104 - - [09/Sep/2023:09:28:05 +0800] "POST /xingrg/kc/buy/cgsh_order_operate.html HTTP/1.1" 200 8601
124.79.246.190 - - [09/Sep/2023:09:28:07 +0800] "GET /xingrg/check_reg.html?_=1694223183487 HTTP/1.1" 200 22
124.79.246.190 - - [09/Sep/2023:09:28:07 +0800] "GET /xingrg/all/function/internal_message.html?_=1694223183485&CODE_STATE=getMsg HTTP/1.1" 200 27
101.83.145.37 - - [09/Sep/2023:09:28:09 +0800] "GET /xingrg/all/function/internal_message.html?_=1694222889520&CODE_STATE=getMsg HTTP/1.1" 200 27
124.78.155.92 - - [09/Sep/2023:09:28:09 +0800] "GET /xingrg/kc/buy/cgsh_order_operate.html?command=get_materiel&rest_code=00106&code=00101008213&supplier_code=00100007&order_time=2023-09-09 HTTP/1.1" 200 412
222.70.180.200 - - [09/Sep/2023:09:28:10 +0800] "GET /xingrg/kc/buy/cgsh_order_operate.html?command=get_materiel&rest_code=00111&code=00101008298&supplier_code=00100005&order_time=2023-09-09 HTTP/1.1" 200 412
222.70.180.200 - - [09/Sep/2023:09:28:11 +0800] "GET /xingrg/all/function/internal_message.html?_=1694222892388&CODE_STATE=getMsg HTTP/1.1" 200 27
222.70.244.80 - - [09/Sep/2023:09:28:13 +0800] "POST /xingrg/dwr/call/plaincall/AjaxReportQueryService.refreshCache.dwr HTTP/1.1" 200 78
116.232.195.127 - - [09/Sep/2023:09:28:18 +0800] "GET /xingrg/all/function/internal_message.html?_=1694222782935&CODE_STATE=getMsg HTTP/1.1" 200 27
222.70.244.80 - - [09/Sep/2023:09:28:20 +0800] "POST /xingrg/all/report/load_report_page.html HTTP/1.1" 200 168198
222.70.244.80 - - [09/Sep/2023:09:28:20 +0800] "GET /xingrg/servlets/image?cache=0.8036497230880211&image=px HTTP/1.1" 200 807
101.83.145.37 - - [09/Sep/2023:09:28:20 +0800] "GET /xingrg/all/function/internal_message.html?_=1694222691741&CODE_STATE=getMsg HTTP/1.1" 200 27
222.69.128.2 - - [09/Sep/2023:09:28:20 +0800] "GET /xingrg/check_reg.html?_=1694222899253 HTTP/1.1" 200 22
222.70.107.27 - - [09/Sep/2023:09:28:21 +0800] "GET /xingrg/all/function/internal_message.html?_=1694222912875&CODE_STATE=getMsg HTTP/1.1" 200 27
222.70.244.80 - - [09/Sep/2023:09:28:22 +0800] "GET /xingrg/javascript/jquery_easy_ui/themes/icons/rest.png HTTP/1.1" 304 -
222.70.244.80 - - [09/Sep/2023:09:28:22 +0800] "GET /xingrg/javascript/jquery_easy_ui/themes/icons/area.png HTTP/1.1" 304 -
222.70.244.80 - - [09/Sep/2023:09:28:23 +0800] "GET /xingrg/javascript/jquery_easy_ui/themes/default/images/button_plain_hover.png HTTP/1.1" 304 -
120.253.135.82 - - [09/Sep/2023:09:28:24 +0800] "GET /xingrg/all/function/internal_message.html?_=1694222709210&CODE_STATE=getMsg HTTP/1.1" 200 27
180.152.241.196 - - [09/Sep/2023:09:28:24 +0800] "GET /xingrg/check_reg.html?_=1694222904604 HTTP/1.1" 200 22
180.152.241.196 - - [09/Sep/2023:09:28:24 +0800] "GET /xingrg/all/function/internal_message.html?_=1694222904606&CODE_STATE=getMsg HTTP/1.1" 200 27
180.174.205.229 - - [09/Sep/2023:09:28:27 +0800] "GET /xingrg/all/function/internal_message.html?_=1694222904858&CODE_STATE=getMsg HTTP/1.1" 200 27
101.83.145.37 - - [09/Sep/2023:09:28:29 +0800] "GET /xingrg/kc/buy/cgsh_order_add.html HTTP/1.1" 200 72350
222.70.180.200 - - [09/Sep/2023:09:28:29 +0800] "GET /xingrg/kc/buy/cgsh_order_operate.html?command=get_materiel&rest_code=00111&code=00101008403&supplier_code=00100005&order_time=2023-09-09 HTTP/1.1" 200 412
101.83.145.37 - - [09/Sep/2023:09:28:29 +0800] "GET /xingrg/javascript/easyui/themes/default/validatebox.css HTTP/1.1" 404 1104
101.83.145.37 - - [09/Sep/2023:09:28:30 +0800] "POST /xingrg/kc/buy/cgsh_order_operate.html HTTP/1.1" 200 8245
120.253.135.82 - - [09/Sep/2023:09:28:30 +0800] "GET /xingrg/all/function/internal_message.html?_=1694223051166&CODE_STATE=getMsg HTTP/1.1" 200 27
120.253.135.82 - - [09/Sep/2023:09:28:30 +0800] "GET /xingrg/check_reg.html?_=1694223051168 HTTP/1.1" 200 22
222.70.244.80 - - [09/Sep/2023:09:28:31 +0800] "POST /xingrg/all/report/report_print.html HTTP/1.1" 200 42548
114.95.241.104 - - [09/Sep/2023:09:28:35 +0800] "POST /xingrg/kc/buy/cgsh_order_operate.html HTTP/1.1" 200 37
124.78.155.92 - - [09/Sep/2023:09:28:39 +0800] "GET /xingrg/all/function/internal_message.html?_=1694222921345&CODE_STATE=getMsg HTTP/1.1" 200 27
218.79.28.44 - - [09/Sep/2023:09:28:41 +0800] "GET /xingrg/all/function/internal_message.html?_=1694222931405&CODE_STATE=getMsg HTTP/1.1" 302 -
222.69.128.2 - - [09/Sep/2023:09:28:42 +0800] "GET /xingrg/kc/buy/cgsh_order_operate.html?command=get_materiel&rest_code=00149&code=00101010092&supplier_code=00100096&order_time=2023-09-09 HTTP/1.1" 200 431
124.78.155.92 - - [09/Sep/2023:09:28:42 +0800] "GET /xingrg/kc/buy/cgsh_order_operate.html?command=get_materiel&rest_code=00106&code=00101020349&supplier_code=00100007&order_time=2023-09-09 HTTP/1.1" 200 409
114.95.241.104 - - [09/Sep/2023:09:28:44 +0800] "POST /xingrg/kc/buy/cgsh_order_operate.html HTTP/1.1" 200 8601
101.83.145.37 - - [09/Sep/2023:09:28:45 +0800] "GET /xingrg/kc/buy/cgsh_order_operate.html?command=get_materiel&rest_code=00105&code=00101002027&supplier_code=00100635&order_time=2023-09-09 HTTP/1.1" 200 413
222.70.244.80 - - [09/Sep/2023:09:28:45 +0800] "GET /xingrg/check_reg.html?_=1694222938737 HTTP/1.1" 200 22
124.78.155.92 - - [09/Sep/2023:09:28:48 +0800] "POST /xingrg/kc/buy/cgsh_order_operate.html HTTP/1.1" 200 2065
114.95.241.104 - - [09/Sep/2023:09:28:49 +0800] "GET /xingrg/all/function/internal_message.html?_=1694222816221&CODE_STATE=getMsg HTTP/1.1" 200 27
114.83.216.110 - - [09/Sep/2023:09:28:50 +0800] "GET /xingrg/all/function/internal_message.html?_=1694223075901&CODE_STATE=getMsg HTTP/1.1" 200 27
180.152.241.196 - - [09/Sep/2023:09:28:52 +0800] "GET /xingrg/kc/buy/cgsh_order_operate.html?command=get_materiel&rest_code=00102&code=00101006203&supplier_code=00100096&order_time=2023-09-09 HTTP/1.1" 200 410
222.70.244.80 - - [09/Sep/2023:09:28:56 +0800] "GET /xingrg/all/function/internal_message.html?_=1694222954155&CODE_STATE=getMsg HTTP/1.1" 200 27
222.69.128.2 - - [09/Sep/2023:09:28:58 +0800] "GET /xingrg/all/function/internal_message.html?_=1694222937556&CODE_STATE=getMsg HTTP/1.1" 200 27
180.157.252.149 - - [09/Sep/2023:09:28:58 +0800] "GET /xingrg/all/function/internal_message.html?_=1694222940031&CODE_STATE=getMsg HTTP/1.1" 200 27
222.70.244.80 - - [09/Sep/2023:09:29:05 +0800] "GET /xingrg/all/function/internal_message.html?_=1694222959095&CODE_STATE=getMsg HTTP/1.1" 200 27
222.70.180.200 - - [09/Sep/2023:09:29:06 +0800] "GET /xingrg/kc/buy/cgsh_order_operate.html?command=get_materiel&rest_code=00111&code=00101008353&supplier_code=00100005&order_time=2023-09-09 HTTP/1.1" 200 408
124.79.246.190 - - [09/Sep/2023:09:29:07 +0800] "GET /xingrg/all/function/internal_message.html?_=1694223243485&CODE_STATE=getMsg HTTP/1.1" 200 27
124.78.155.92 - - [09/Sep/2023:09:29:07 +0800] "POST /xingrg/kc/buy/cgsh_order_operate.html HTTP/1.1" 200 37
101.83.145.37 - - [09/Sep/2023:09:29:09 +0800] "GET /xingrg/kc/buy/cgsh_order_operate.html?command=get_materiel&rest_code=00105&code=00101001010&supplier_code=00100635&order_time=2023-09-09 HTTP/1.1" 200 409
101.83.145.37 - - [09/Sep/2023:09:29:09 +0800] "GET /xingrg/all/function/internal_message.html?_=1694222949496&CODE_STATE=getMsg HTTP/1.1" 200 27
222.69.128.2 - - [09/Sep/2023:09:29:10 +0800] "GET /xingrg/kc/buy/cgsh_order_operate.html?command=get_materiel&rest_code=00149&code=00101012028&supplier_code=00100096&order_time=2023-09-09 HTTP/1.1" 200 23
222.70.180.200 - - [09/Sep/2023:09:29:11 +0800] "GET /xingrg/all/function/internal_message.html?_=1694222952388&CODE_STATE=getMsg HTTP/1.1" 200 27
180.152.241.196 - - [09/Sep/2023:09:29:12 +0800] "GET /xingrg/kc/buy/cgsh_order_operate.html?command=get_materiel&rest_code=00102&code=00101007076&supplier_code=00100096&order_time=2023-09-09 HTTP/1.1" 200 410
124.78.155.92 - - [09/Sep/2023:09:29:13 +0800] "POST /xingrg/kc/buy/cgsh_order_operate.html HTTP/1.1" 200 34613
222.69.128.2 - - [09/Sep/2023:09:29:16 +0800] "GET /xingrg/login.html HTTP/1.1" 200 7641
222.69.128.2 - - [09/Sep/2023:09:29:16 +0800] "GET /favicon.ico HTTP/1.1" 404 -
116.232.195.127 - - [09/Sep/2023:09:29:18 +0800] "GET /xingrg/all/function/internal_message.html?_=1694222842928&CODE_STATE=getMsg HTTP/1.1" 200 27
101.83.145.37 - - [09/Sep/2023:09:29:20 +0800] "GET /xingrg/all/function/internal_message.html?_=1694222751742&CODE_STATE=getMsg HTTP/1.1" 200 27
222.70.107.27 - - [09/Sep/2023:09:29:21 +0800] "GET /xingrg/all/function/internal_message.html?_=1694222972873&CODE_STATE=getMsg HTTP/1.1" 200 27
120.253.135.82 - - [09/Sep/2023:09:29:24 +0800] "GET /xingrg/all/function/internal_message.html?_=1694222769223&CODE_STATE=getMsg HTTP/1.1" 200 27
180.152.241.196 - - [09/Sep/2023:09:29:24 +0800] "GET /xingrg/all/function/internal_message.html?_=1694222964580&CODE_STATE=getMsg HTTP/1.1" 200 27
222.69.128.2 - - [09/Sep/2023:09:29:27 +0800] "POST /xingrg/login.do HTTP/1.1" 302 -
222.69.128.2 - - [09/Sep/2023:09:29:27 +0800] "GET /xingrg/index.html?sysBaseUrl=http%3A%2F%2F180.169.147.146%3A18081%2Fxingrg%2F&costTime=867×tamp=1694222967257 HTTP/1.1" 200 17179
222.69.128.2 - - [09/Sep/2023:09:29:27 +0800] "GET /favicon.ico HTTP/1.1" 404 -
222.69.128.2 - - [09/Sep/2023:09:29:27 +0800] "GET /xingrg/check_reg.html?_=1694222966452 HTTP/1.1" 200 22
222.69.128.2 - - [09/Sep/2023:09:29:27 +0800] "GET /xingrg/all/function/internal_message.html?_=1694222966452&CODE_STATE=count HTTP/1.1" 200 11
222.69.128.2 - - [09/Sep/2023:09:29:27 +0800] "POST /xingrg/all/common/load_tree.html?tree=area_rest_tree_json&manage=1 HTTP/1.1" 200 351
222.69.128.2 - - [09/Sep/2023:09:29:27 +0800] "POST /xingrg/load_menu.html HTTP/1.1" 200 5138
180.174.205.229 - - [09/Sep/2023:09:29:27 +0800] "GET /xingrg/all/function/internal_message.html?_=1694222964845&CODE_STATE=getMsg HTTP/1.1" 200 27
180.152.241.196 - - [09/Sep/2023:09:29:29 +0800] "GET /xingrg/javascript/jquery_easy_ui/themes/default/images/tabs_active.png HTTP/1.1" 200 2894
124.78.155.92 - - [09/Sep/2023:09:29:29 +0800] "GET /xingrg/kc/buy/cgsh_order_operate.html?command=get_materiel&rest_code=00106&code=00101008175&supplier_code=00100007&order_time=2023-09-09 HTTP/1.1" 200 412
120.253.135.82 - - [09/Sep/2023:09:29:30 +0800] "GET /xingrg/all/function/internal_message.html?_=1694223111174&CODE_STATE=getMsg HTTP/1.1" 200 27
222.69.128.2 - - [09/Sep/2023:09:29:31 +0800] "GET /xingrg/kc/buy/cgsh_order_list.html HTTP/1.1" 200 56492
222.69.128.2 - - [09/Sep/2023:09:29:33 +0800] "POST /xingrg/kc/buy/cgsh_list_operate.html HTTP/1.1" 200 986
222.69.128.2 - - [09/Sep/2023:09:29:34 +0800] "GET /xingrg/kc/buy/cgsh_order_add.html HTTP/1.1" 200 72356
180.152.241.196 - - [09/Sep/2023:09:29:35 +0800] "GET /xingrg/kc/buy/cgsh_order_operate.html?command=get_materiel&rest_code=00102&code=00101016030&supplier_code=00100096&order_time=2023-09-09 HTTP/1.1" 200 412
222.69.128.2 - - [09/Sep/2023:09:29:35 +0800] "POST /xingrg/kc/buy/cgsh_order_operate.html HTTP/1.1" 200 8245
222.69.128.2 - - [09/Sep/2023:09:29:35 +0800] "GET /xingrg/javascript/easyui/themes/default/validatebox.css HTTP/1.1" 404 1104
222.69.128.2 - - [09/Sep/2023:09:29:35 +0800] "GET /xingrg/all/common/auto_word.html?type=employee&rest_code=00149 HTTP/1.1" 200 197
222.69.128.2 - - [09/Sep/2023:09:29:35 +0800] "GET /xingrg/all/common/auto_word.html?type=employee&rest_code=00149 HTTP/1.1" 200 197
222.69.128.2 - - [09/Sep/2023:09:29:36 +0800] "GET /xingrg/javascript/auto/indicator.gif HTTP/1.1" 404 1066
222.69.128.2 - - [09/Sep/2023:09:29:37 +0800] "GET /xingrg/javascript/jquery_tools/images/prev.gif HTTP/1.1" 404 1086
222.69.128.2 - - [09/Sep/2023:09:29:37 +0800] "GET /xingrg/javascript/jquery_tools/images/next.gif HTTP/1.1" 404 1086
124.78.155.92 - - [09/Sep/2023:09:29:39 +0800] "GET /xingrg/all/function/internal_message.html?_=1694222981329&CODE_STATE=getMsg HTTP/1.1" 200 27
101.83.145.37 - - [09/Sep/2023:09:29:41 +0800] "POST /xingrg/kc/buy/cgsh_order_operate.html HTTP/1.1" 200 37
218.79.28.44 - - [09/Sep/2023:09:29:41 +0800] "GET /xingrg/all/function/internal_message.html?_=1694222991403&CODE_STATE=getMsg HTTP/1.1" 302 -
222.70.180.200 - - [09/Sep/2023:09:29:42 +0800] "GET /xingrg/kc/buy/cgsh_order_operate.html?command=get_materiel&rest_code=00111&code=00101008087&supplier_code=00100005&order_time=2023-09-09 HTTP/1.1" 200 412
222.69.128.2 - - [09/Sep/2023:09:29:44 +0800] "GET /xingrg/kc/buy/cgsh_order_operate.html?command=get_materiel&rest_code=00149&code=00101010092&supplier_code=00100096&order_time=2023-09-09 HTTP/1.1" 200 431
101.83.145.37 - - [09/Sep/2023:09:29:44 +0800] "POST /xingrg/kc/buy/cgsh_order_operate.html HTTP/1.1" 200 3248
180.152.241.196 - - [09/Sep/2023:09:29:44 +0800] "GET /xingrg/kc/buy/cgsh_order_operate.html?command=get_materiel&rest_code=00102&code=00101012025&supplier_code=00100096&order_time=2023-09-09 HTTP/1.1" 200 412
114.95.241.104 - - [09/Sep/2023:09:29:49 +0800] "GET /xingrg/all/function/internal_message.html?_=1694222876235&CODE_STATE=getMsg HTTP/1.1" 200 27
101.83.145.37 - - [09/Sep/2023:09:29:50 +0800] "GET /xingrg/kc/print/load_data.html?order_code=212023090903242&kc_code=cgsh&condition= HTTP/1.1" 200 888
124.78.155.92 - - [09/Sep/2023:09:29:50 +0800] "GET /xingrg/kc/buy/cgsh_order_operate.html?command=get_materiel&rest_code=00106&code=00101008155&supplier_code=00100007&order_time=2023-09-09 HTTP/1.1" 200 408
114.83.216.110 - - [09/Sep/2023:09:29:50 +0800] "GET /xingrg/all/function/internal_message.html?_=1694223135895&CODE_STATE=getMsg HTTP/1.1" 200 27
222.70.244.80 - - [09/Sep/2023:09:29:56 +0800] "GET /xingrg/all/function/internal_message.html?_=1694223014163&CODE_STATE=getMsg HTTP/1.1" 200 27
222.69.128.2 - - [09/Sep/2023:09:29:58 +0800] "GET /xingrg/kc/buy/cgsh_order_operate.html?command=get_materiel&rest_code=00149&code=00101012028&supplier_code=00100096&order_time=2023-09-09 HTTP/1.1" 200 414
180.157.252.149 - - [09/Sep/2023:09:29:58 +0800] "GET /xingrg/all/function/internal_message.html?_=1694223000004&CODE_STATE=getMsg HTTP/1.1" 200 27
114.95.241.104 - - [09/Sep/2023:09:30:03 +0800] "POST /xingrg/kc/buy/cgsh_order_operate.html HTTP/1.1" 200 37
222.70.180.200 - - [09/Sep/2023:09:30:05 +0800] "GET /xingrg/kc/buy/cgsh_order_operate.html?command=get_materiel&rest_code=00111&code=00101008355&supplier_code=00100005&order_time=2023-09-09 HTTP/1.1" 200 408
222.70.244.80 - - [09/Sep/2023:09:30:05 +0800] "GET /xingrg/all/function/internal_message.html?_=1694223019109&CODE_STATE=getMsg HTTP/1.1" 200 27
124.79.246.190 - - [09/Sep/2023:09:30:07 +0800] "GET /xingrg/all/function/internal_message.html?_=1694223303511&CODE_STATE=getMsg HTTP/1.1" 200 27
101.83.145.37 - - [09/Sep/2023:09:30:09 +0800] "GET /xingrg/all/function/internal_message.html?_=1694223009498&CODE_STATE=getMsg HTTP/1.1" 200 27
114.95.241.104 - - [09/Sep/2023:09:30:10 +0800] "POST /xingrg/kc/buy/cgsh_order_operate.html HTTP/1.1" 200 12
222.70.180.200 - - [09/Sep/2023:09:30:11 +0800] "GET /xingrg/check_reg.html?_=1694223012374 HTTP/1.1" 200 22
222.70.180.200 - - [09/Sep/2023:09:30:11 +0800] "GET /xingrg/all/function/internal_message.html?_=1694223012376&CODE_STATE=getMsg HTTP/1.1" 200 27
114.95.241.104 - - [09/Sep/2023:09:30:13 +0800] "GET /xingrg/kc/buy/cgsh_order_info.html?code=212023090903241 HTTP/1.1" 200 67235
114.95.241.104 - - [09/Sep/2023:09:30:13 +0800] "GET /xingrg/javascript/easyui/themes/default/validatebox.css HTTP/1.1" 404 1104
222.69.128.2 - - [09/Sep/2023:09:30:14 +0800] "GET /xingrg/kc/buy/cgsh_order_operate.html?command=get_materiel&rest_code=00149&code=00101016030&supplier_code=00100096&order_time=2023-09-09 HTTP/1.1" 200 412
114.95.241.104 - - [09/Sep/2023:09:30:14 +0800] "POST /xingrg/kc/buy/cgsh_order_operate.html HTTP/1.1" 200 6526
114.95.241.104 - - [09/Sep/2023:09:30:16 +0800] "GET /xingrg/kc/print/load_data.html?order_code=212023090903241&kc_code=cgsh&condition= HTTP/1.1" 200 3025
116.232.195.127 - - [09/Sep/2023:09:30:18 +0800] "GET /xingrg/all/function/internal_message.html?_=1694222902943&CODE_STATE=getMsg HTTP/1.1" 200 27
124.78.155.92 - - [09/Sep/2023:09:30:18 +0800] "GET /xingrg/kc/buy/cgsh_order_operate.html?command=get_materiel&rest_code=00106&code=00101008229&supplier_code=00100007&order_time=2023-09-09 HTTP/1.1" 200 420
101.83.145.37 - - [09/Sep/2023:09:30:20 +0800] "GET /xingrg/all/function/internal_message.html?_=1694222811742&CODE_STATE=getMsg HTTP/1.1" 200 27
222.70.107.27 - - [09/Sep/2023:09:30:21 +0800] "GET /xingrg/check_reg.html?_=1694223032870 HTTP/1.1" 200 22
222.70.107.27 - - [09/Sep/2023:09:30:21 +0800] "GET /xingrg/all/function/internal_message.html?_=1694223032871&CODE_STATE=getMsg HTTP/1.1" 200 27
120.253.135.82 - - [09/Sep/2023:09:30:23 +0800] "GET /xingrg/check_reg.html?_=1694222828235 HTTP/1.1" 200 22
124.78.155.92 - - [09/Sep/2023:09:30:24 +0800] "POST /xingrg/kc/buy/cgsh_order_operate.html HTTP/1.1" 200 2065
120.253.135.82 - - [09/Sep/2023:09:30:24 +0800] "GET /xingrg/all/function/internal_message.html?_=1694222829237&CODE_STATE=getMsg HTTP/1.1" 200 27
180.152.241.196 - - [09/Sep/2023:09:30:24 +0800] "GET /xingrg/all/function/internal_message.html?_=1694223024597&CODE_STATE=getMsg HTTP/1.1" 200 27
222.70.180.200 - - [09/Sep/2023:09:30:24 +0800] "GET /xingrg/kc/buy/cgsh_order_operate.html?command=get_materiel&rest_code=00111&code=00101008137&supplier_code=00100005&order_time=2023-09-09 HTTP/1.1" 200 408
222.69.128.2 - - [09/Sep/2023:09:30:27 +0800] "GET /xingrg/kc/buy/cgsh_order_operate.html?command=get_materiel&rest_code=00149&code=00101012051&supplier_code=00100096&order_time=2023-09-09 HTTP/1.1" 200 408
222.69.128.2 - - [09/Sep/2023:09:30:27 +0800] "GET /xingrg/all/function/internal_message.html?_=1694223026482&CODE_STATE=getMsg HTTP/1.1" 200 27
180.174.205.229 - - [09/Sep/2023:09:30:27 +0800] "GET /xingrg/all/function/internal_message.html?_=1694223024861&CODE_STATE=getMsg HTTP/1.1" 200 27
180.174.205.229 - - [09/Sep/2023:09:30:27 +0800] "GET /xingrg/check_reg.html?_=1694223024865 HTTP/1.1" 200 22
180.152.241.196 - - [09/Sep/2023:09:30:28 +0800] "GET /xingrg/kc/buy/cgsh_order_operate.html?command=get_materiel&rest_code=00102&code=00101006133&supplier_code=00100096&order_time=2023-09-09 HTTP/1.1" 200 414
120.253.135.82 - - [09/Sep/2023:09:30:30 +0800] "GET /xingrg/all/function/internal_message.html?_=1694223171175&CODE_STATE=getMsg HTTP/1.1" 200 27
124.78.155.92 - - [09/Sep/2023:09:30:32 +0800] "GET /xingrg/kc/buy/cgsh_order_operate.html?command=get_materiel&rest_code=00106&code=00101008633&supplier_code=00100007&order_time=2023-09-09 HTTP/1.1" 200 414
124.78.155.92 - - [09/Sep/2023:09:30:39 +0800] "GET /xingrg/check_reg.html?_=1694223040600 HTTP/1.1" 200 22
124.78.155.92 - - [09/Sep/2023:09:30:39 +0800] "GET /xingrg/all/function/internal_message.html?_=1694223041307&CODE_STATE=getMsg HTTP/1.1" 200 27
218.79.28.44 - - [09/Sep/2023:09:30:41 +0800] "GET /xingrg/all/function/internal_message.html?_=1694223051401&CODE_STATE=getMsg HTTP/1.1" 302 -
180.152.241.196 - - [09/Sep/2023:09:30:42 +0800] "GET /xingrg/kc/buy/cgsh_order_operate.html?command=get_materiel&rest_code=00102&code=00101007022&supplier_code=00100096&order_time=2023-09-09 HTTP/1.1" 200 415
222.69.128.2 - - [09/Sep/2023:09:30:43 +0800] "GET /xingrg/kc/buy/cgsh_order_operate.html?command=get_materiel&rest_code=00149&code=00101006109&supplier_code=00100096&order_time=2023-09-09 HTTP/1.1" 200 409
180.157.252.149 - - [09/Sep/2023:09:30:43 +0800] "GET /xingrg/check_reg.html?_=1694223045085 HTTP/1.1" 200 22
114.95.241.104 - - [09/Sep/2023:09:30:49 +0800] "GET /xingrg/check_reg.html?_=1694222936190 HTTP/1.1" 200 22
114.95.241.104 - - [09/Sep/2023:09:30:49 +0800] "GET /xingrg/all/function/internal_message.html?_=1694222936278&CODE_STATE=getMsg HTTP/1.1" 200 27
114.83.216.110 - - [09/Sep/2023:09:30:50 +0800] "GET /xingrg/all/function/internal_message.html?_=1694223195900&CODE_STATE=getMsg HTTP/1.1" 200 27
222.69.128.2 - - [09/Sep/2023:09:30:52 +0800] "GET /xingrg/kc/buy/cgsh_order_operate.html?command=get_materiel&rest_code=00149&code=00101006112&supplier_code=00100096&order_time=2023-09-09 HTTP/1.1" 200 411
180.152.241.196 - - [09/Sep/2023:09:30:53 +0800] "GET /xingrg/kc/buy/cgsh_order_operate.html?command=get_materiel&rest_code=00102&code=00101012029&supplier_code=00100096&order_time=2023-09-09 HTTP/1.1" 200 414
222.70.244.80 - - [09/Sep/2023:09:30:56 +0800] "GET /xingrg/all/function/internal_message.html?_=1694223074179&CODE_STATE=getMsg HTTP/1.1" 200 27
180.157.252.149 - - [09/Sep/2023:09:30:58 +0800] "GET /xingrg/all/function/internal_message.html?_=1694223060001&CODE_STATE=getMsg HTTP/1.1" 200 27
222.70.244.80 - - [09/Sep/2023:09:31:05 +0800] "GET /xingrg/all/function/internal_message.html?_=1694223079248&CODE_STATE=getMsg HTTP/1.1" 200 27
124.79.246.190 - - [09/Sep/2023:09:31:07 +0800] "GET /xingrg/all/function/internal_message.html?_=1694223363525&CODE_STATE=getMsg HTTP/1.1" 200 27
101.83.145.37 - - [09/Sep/2023:09:31:09 +0800] "GET /xingrg/all/function/internal_message.html?_=1694223069477&CODE_STATE=getMsg HTTP/1.1" 200 27
101.83.145.37 - - [09/Sep/2023:09:31:09 +0800] "GET /xingrg/check_reg.html?_=1694223069554 HTTP/1.1" 200 22
222.70.180.200 - - [09/Sep/2023:09:31:09 +0800] "POST /xingrg/services/DataTransmitService HTTP/1.1" 200 524
222.70.180.200 - - [09/Sep/2023:09:31:11 +0800] "POST /xingrg/services/DataTransmitService HTTP/1.1" 200 412
222.70.180.200 - - [09/Sep/2023:09:31:11 +0800] "GET /xingrg/all/function/internal_message.html?_=1694223072377&CODE_STATE=getMsg HTTP/1.1" 200 27
222.69.128.2 - - [09/Sep/2023:09:31:11 +0800] "GET /xingrg/kc/buy/cgsh_order_operate.html?command=get_materiel&rest_code=00149&code=00101007174&supplier_code=00100096&order_time=2023-09-09 HTTP/1.1" 200 409
180.152.241.196 - - [09/Sep/2023:09:31:16 +0800] "POST /xingrg/kc/buy/cgsh_order_operate.html HTTP/1.1" 200 37
124.78.155.92 - - [09/Sep/2023:09:31:16 +0800] "GET /xingrg/kc/buy/cgsh_order_operate.html?command=get_materiel&rest_code=00106&code=00101008223&supplier_code=00100007&order_time=2023-09-09 HTTP/1.1" 200 412
116.232.195.127 - - [09/Sep/2023:09:31:18 +0800] "GET /xingrg/all/function/internal_message.html?_=1694222962933&CODE_STATE=getMsg HTTP/1.1" 200 27
101.83.145.37 - - [09/Sep/2023:09:31:20 +0800] "GET /xingrg/check_reg.html?_=1694222871743 HTTP/1.1" 200 22
101.83.145.37 - - [09/Sep/2023:09:31:20 +0800] "GET /xingrg/all/function/internal_message.html?_=1694222871746&CODE_STATE=getMsg HTTP/1.1" 200 27
222.70.107.27 - - [09/Sep/2023:09:31:21 +0800] "GET /xingrg/all/function/internal_message.html?_=1694223092869&CODE_STATE=getMsg HTTP/1.1" 200 27
120.253.135.82 - - [09/Sep/2023:09:31:24 +0800] "GET /xingrg/all/function/internal_message.html?_=1694222889250&CODE_STATE=getMsg HTTP/1.1" 200 27
180.152.241.196 - - [09/Sep/2023:09:31:24 +0800] "GET /xingrg/all/function/internal_message.html?_=1694223084579&CODE_STATE=getMsg HTTP/1.1" 200 27
222.69.128.2 - - [09/Sep/2023:09:31:27 +0800] "GET /xingrg/all/function/internal_message.html?_=1694223086533&CODE_STATE=getMsg HTTP/1.1" 200 27
180.174.205.229 - - [09/Sep/2023:09:31:27 +0800] "GET /xingrg/all/function/internal_message.html?_=1694223084860&CODE_STATE=getMsg HTTP/1.1" 200 27
180.152.241.196 - - [09/Sep/2023:09:31:29 +0800] "POST /xingrg/kc/buy/cgsh_order_operate.html HTTP/1.1" 200 12
180.152.241.196 - - [09/Sep/2023:09:31:31 +0800] "GET /xingrg/kc/buy/cgsh_order_info.html?code=212023090903243 HTTP/1.1" 200 67200
180.152.241.196 - - [09/Sep/2023:09:31:32 +0800] "GET /xingrg/javascript/easyui/themes/default/validatebox.css HTTP/1.1" 404 1104
180.152.241.196 - - [09/Sep/2023:09:31:33 +0800] "POST /xingrg/kc/buy/cgsh_order_operate.html HTTP/1.1" 200 5945
222.69.128.2 - - [09/Sep/2023:09:31:33 +0800] "GET /xingrg/kc/buy/cgsh_order_operate.html?command=get_materiel&rest_code=00149&code=00101007116&supplier_code=00100096&order_time=2023-09-09 HTTP/1.1" 200 421
180.152.241.196 - - [09/Sep/2023:09:31:34 +0800] "GET /xingrg/kc/print/load_config.html?kc_code=cgsh HTTP/1.1" 200 1924
180.152.241.196 - - [09/Sep/2023:09:31:35 +0800] "GET /xingrg/kc/print/load_data.html?order_code=212023090903243&kc_code=cgsh&condition= HTTP/1.1" 200 2689
124.78.155.92 - - [09/Sep/2023:09:31:36 +0800] "POST /xingrg/kc/buy/cgsh_order_operate.html HTTP/1.1" 200 2065
124.78.155.92 - - [09/Sep/2023:09:31:39 +0800] "GET /xingrg/all/function/internal_message.html?_=1694223101317&CODE_STATE=getMsg HTTP/1.1" 200 27
180.152.241.196 - - [09/Sep/2023:09:31:40 +0800] "GET /xingrg/kc/buy/cgsh_order_add.html HTTP/1.1" 200 72303
180.152.241.196 - - [09/Sep/2023:09:31:40 +0800] "POST /xingrg/kc/buy/cgsh_order_operate.html HTTP/1.1" 200 8245
180.152.241.196 - - [09/Sep/2023:09:31:40 +0800] "GET /xingrg/javascript/easyui/themes/default/validatebox.css HTTP/1.1" 404 1104
218.79.28.44 - - [09/Sep/2023:09:31:41 +0800] "GET /xingrg/check_reg.html?_=1694223111407 HTTP/1.1" 302 -
218.79.28.44 - - [09/Sep/2023:09:31:41 +0800] "GET /xingrg/all/function/internal_message.html?_=1694223111400&CODE_STATE=getMsg HTTP/1.1" 302 -
114.95.241.104 - - [09/Sep/2023:09:31:49 +0800] "GET /xingrg/all/function/internal_message.html?_=1694222996293&CODE_STATE=getMsg HTTP/1.1" 200 27
124.78.155.92 - - [09/Sep/2023:09:31:49 +0800] "GET /xingrg/kc/buy/cgsh_order_operate.html?command=get_materiel&rest_code=00106&code=00101008095&supplier_code=00100007&order_time=2023-09-09 HTTP/1.1" 200 412
114.83.216.110 - - [09/Sep/2023:09:31:50 +0800] "GET /xingrg/check_reg.html?_=1694223255902 HTTP/1.1" 200 22
114.83.216.110 - - [09/Sep/2023:09:31:50 +0800] "GET /xingrg/all/function/internal_message.html?_=1694223255904&CODE_STATE=getMsg HTTP/1.1" 200 27
180.152.241.196 - - [09/Sep/2023:09:31:54 +0800] "GET /xingrg/javascript/easyui/plugins/jquery.draggable.js HTTP/1.1" 200 6121
222.69.128.2 - - [09/Sep/2023:09:31:54 +0800] "GET /xingrg/kc/buy/cgsh_order_operate.html?command=get_materiel&rest_code=00149&code=00101007047&supplier_code=00100096&order_time=2023-09-09 HTTP/1.1" 200 409
180.152.241.196 - - [09/Sep/2023:09:31:54 +0800] "GET /xingrg/css/images/panel_loading.gif HTTP/1.1" 200 1737
180.152.241.196 - - [09/Sep/2023:09:31:54 +0800] "GET /xingrg/javascript/easyui/plugins/jquery.droppable.js HTTP/1.1" 200 1167
180.152.241.196 - - [09/Sep/2023:09:31:54 +0800] "GET /xingrg/javascript/easyui/themes/default/tree.css HTTP/1.1" 404 1090
180.152.241.196 - - [09/Sep/2023:09:31:54 +0800] "GET /xingrg/javascript/easyui/plugins/jquery.tree.js HTTP/1.1" 200 20874
180.152.241.196 - - [09/Sep/2023:09:31:55 +0800] "POST /xingrg/all/common/load_tree.html?tree=supplier_tree_json&isDelete=1 HTTP/1.1" 200 75729
180.152.241.196 - - [09/Sep/2023:09:31:56 +0800] "GET /xingrg/javascript/easyui/themes/default/images/tree_arrows.gif HTTP/1.1" 200 617
180.152.241.196 - - [09/Sep/2023:09:31:56 +0800] "GET /xingrg/javascript/easyui/themes/default/images/tree_folder.gif HTTP/1.1" 200 952
180.152.241.196 - - [09/Sep/2023:09:31:56 +0800] "GET /xingrg/javascript/easyui/themes/default/images/tree_file.gif HTTP/1.1" 200 118
180.152.241.196 - - [09/Sep/2023:09:31:56 +0800] "GET /xingrg/javascript/easyui/themes/default/images/tree_folder_open.gif HTTP/1.1" 200 956
222.70.244.80 - - [09/Sep/2023:09:31:56 +0800] "GET /xingrg/all/function/internal_message.html?_=1694223134190&CODE_STATE=getMsg HTTP/1.1" 200 27
180.157.252.149 - - [09/Sep/2023:09:31:58 +0800] "GET /xingrg/all/function/internal_message.html?_=1694223119985&CODE_STATE=getMsg HTTP/1.1" 200 27
124.78.155.92 - - [09/Sep/2023:09:32:05 +0800] "GET /xingrg/kc/buy/cgsh_order_operate.html?command=get_materiel&rest_code=00106&code=00101008110&supplier_code=00100007&order_time=2023-09-09 HTTP/1.1" 200 408
222.70.244.80 - - [09/Sep/2023:09:32:05 +0800] "GET /xingrg/all/function/internal_message.html?_=1694223139261&CODE_STATE=getMsg HTTP/1.1" 200 27
124.79.246.190 - - [09/Sep/2023:09:32:07 +0800] "GET /xingrg/all/function/internal_message.html?_=1694223423523&CODE_STATE=getMsg HTTP/1.1" 200 27
101.83.145.37 - - [09/Sep/2023:09:32:09 +0800] "GET /xingrg/all/function/internal_message.html?_=1694223129474&CODE_STATE=getMsg HTTP/1.1" 200 27
222.70.180.200 - - [09/Sep/2023:09:32:11 +0800] "GET /xingrg/all/function/internal_message.html?_=1694223132391&CODE_STATE=getMsg HTTP/1.1" 200 27
116.232.195.127 - - [09/Sep/2023:09:32:18 +0800] "GET /xingrg/all/function/internal_message.html?_=1694223022934&CODE_STATE=getMsg HTTP/1.1" 200 27
116.232.195.127 - - [09/Sep/2023:09:32:18 +0800] "GET /xingrg/check_reg.html?_=1694223022937 HTTP/1.1" 200 22
101.83.145.37 - - [09/Sep/2023:09:32:20 +0800] "GET /xingrg/all/function/internal_message.html?_=1694222931746&CODE_STATE=getMsg HTTP/1.1" 200 27
222.70.107.27 - - [09/Sep/2023:09:32:21 +0800] "GET /xingrg/all/function/internal_message.html?_=1694223152867&CODE_STATE=getMsg HTTP/1.1" 200 27
120.253.135.82 - - [09/Sep/2023:09:32:24 +0800] "GET /xingrg/all/function/internal_message.html?_=1694222949266&CODE_STATE=getMsg HTTP/1.1" 200 27
180.152.241.196 - - [09/Sep/2023:09:32:24 +0800] "GET /xingrg/all/function/internal_message.html?_=1694223144579&CODE_STATE=getMsg HTTP/1.1" 200 27
222.69.128.2 - - [09/Sep/2023:09:32:25 +0800] "POST /xingrg/kc/buy/cgsh_order_operate.html HTTP/1.1" 200 37
180.152.241.196 - - [09/Sep/2023:09:32:26 +0800] "GET /xingrg/kc/buy/cgsh_order_operate.html?command=get_materiel&rest_code=00102&code=00101009011&supplier_code=00100022&order_time=2023-09-09 HTTP/1.1" 200 416
180.174.205.229 - - [09/Sep/2023:09:32:27 +0800] "GET /xingrg/all/function/internal_message.html?_=1694223144866&CODE_STATE=getMsg HTTP/1.1" 200 27
222.69.128.2 - - [09/Sep/2023:09:32:28 +0800] "GET /xingrg/all/function/internal_message.html?_=1694223147536&CODE_STATE=getMsg HTTP/1.1" 200 27
222.70.180.200 - - [09/Sep/2023:09:32:28 +0800] "GET /xingrg/kc/buy/cgsh_order_operate.html?command=get_materiel&rest_code=00111&code=00101008096&supplier_code=00100005&order_time=2023-09-09 HTTP/1.1" 200 412
124.78.155.92 - - [09/Sep/2023:09:32:33 +0800] "GET /xingrg/kc/buy/cgsh_order_operate.html?command=get_materiel&rest_code=00106&code=00101008168&supplier_code=00100007&order_time=2023-09-09 HTTP/1.1" 200 412
222.69.128.2 - - [09/Sep/2023:09:32:34 +0800] "POST /xingrg/kc/buy/cgsh_order_operate.html HTTP/1.1" 200 12
222.69.128.2 - - [09/Sep/2023:09:32:36 +0800] "GET /xingrg/kc/buy/cgsh_order_info.html?code=212023090903244 HTTP/1.1" 200 67255
222.69.128.2 - - [09/Sep/2023:09:32:37 +0800] "GET /xingrg/javascript/easyui/themes/default/validatebox.css HTTP/1.1" 404 1104
222.69.128.2 - - [09/Sep/2023:09:32:38 +0800] "POST /xingrg/kc/buy/cgsh_order_operate.html HTTP/1.1" 200 5354
222.69.128.2 - - [09/Sep/2023:09:32:39 +0800] "GET /xingrg/kc/print/load_config.html?kc_code=cgsh HTTP/1.1" 200 1924
124.78.155.92 - - [09/Sep/2023:09:32:39 +0800] "GET /xingrg/all/function/internal_message.html?_=1694223161266&CODE_STATE=getMsg HTTP/1.1" 200 27
222.69.128.2 - - [09/Sep/2023:09:32:39 +0800] "GET /xingrg/kc/print/load_data.html?order_code=212023090903244&kc_code=cgsh&condition= HTTP/1.1" 200 2498
218.79.28.44 - - [09/Sep/2023:09:32:41 +0800] "GET /xingrg/all/function/internal_message.html?_=1694223171407&CODE_STATE=getMsg HTTP/1.1" 302 -
222.70.180.200 - - [09/Sep/2023:09:32:48 +0800] "GET /xingrg/kc/buy/cgsh_order_operate.html?command=get_materiel&rest_code=00111&code=00101008350&supplier_code=00100005&order_time=2023-09-09 HTTP/1.1" 200 428
114.95.241.104 - - [09/Sep/2023:09:32:49 +0800] "GET /xingrg/all/function/internal_message.html?_=1694223056306&CODE_STATE=getMsg HTTP/1.1" 200 27
124.78.155.92 - - [09/Sep/2023:09:32:49 +0800] "GET /xingrg/kc/buy/cgsh_order_operate.html?command=get_materiel&rest_code=00106&code=00101008061&supplier_code=00100007&order_time=2023-09-09 HTTP/1.1" 200 422
114.83.216.110 - - [09/Sep/2023:09:32:50 +0800] "GET /xingrg/all/function/internal_message.html?_=1694223315900&CODE_STATE=getMsg HTTP/1.1" 200 27
124.78.155.92 - - [09/Sep/2023:09:32:52 +0800] "POST /xingrg/kc/buy/cgsh_order_operate.html HTTP/1.1" 200 2065
222.70.244.80 - - [09/Sep/2023:09:32:56 +0800] "GET /xingrg/check_reg.html?_=1694223194146 HTTP/1.1" 200 22
222.70.244.80 - - [09/Sep/2023:09:32:56 +0800] "GET /xingrg/all/function/internal_message.html?_=1694223194204&CODE_STATE=getMsg HTTP/1.1" 200 27
180.157.252.149 - - [09/Sep/2023:09:32:58 +0800] "GET /xingrg/all/function/internal_message.html?_=1694223179971&CODE_STATE=getMsg HTTP/1.1" 200 27
124.78.155.92 - - [09/Sep/2023:09:33:05 +0800] "GET /xingrg/kc/buy/cgsh_order_operate.html?command=get_materiel&rest_code=00106&code=00101008314&supplier_code=00100007&order_time=2023-09-09 HTTP/1.1" 200 413
222.70.244.80 - - [09/Sep/2023:09:33:06 +0800] "GET /xingrg/all/function/internal_message.html?_=1694223199397&CODE_STATE=getMsg HTTP/1.1" 200 27
124.79.246.190 - - [09/Sep/2023:09:33:07 +0800] "GET /xingrg/check_reg.html?_=1694223483522 HTTP/1.1" 200 22
124.79.246.190 - - [09/Sep/2023:09:33:07 +0800] "GET /xingrg/all/function/internal_message.html?_=1694223483524&CODE_STATE=getMsg HTTP/1.1" 200 27
101.83.145.37 - - [09/Sep/2023:09:33:09 +0800] "GET /xingrg/all/function/internal_message.html?_=1694223189470&CODE_STATE=getMsg HTTP/1.1" 200 27
222.70.180.200 - - [09/Sep/2023:09:33:11 +0800] "GET /xingrg/all/function/internal_message.html?_=1694223192374&CODE_STATE=getMsg HTTP/1.1" 200 27
222.64.57.5 - - [09/Sep/2023:09:33:18 +0800] "POST /xingrg/services/DataTransmitService HTTP/1.1" 200 524
116.232.195.127 - - [09/Sep/2023:09:33:18 +0800] "GET /xingrg/all/function/internal_message.html?_=1694223082925&CODE_STATE=getMsg HTTP/1.1" 200 27
101.83.145.37 - - [09/Sep/2023:09:33:20 +0800] "GET /xingrg/all/function/internal_message.html?_=1694222991746&CODE_STATE=getMsg HTTP/1.1" 200 27
180.152.241.196 - - [09/Sep/2023:09:33:20 +0800] "GET /xingrg/kc/buy/cgsh_order_operate.html?command=get_materiel&rest_code=00102&code=00101009039&supplier_code=00100022&order_time=2023-09-09 HTTP/1.1" 200 410
