180.169.147.146 - - [05/Sep/2023:11:10:36 +0800] "GET /xingrg/all/function/internal_message.html?_=1693883436832&CODE_STATE=getMsg HTTP/1.1" 200 27
222.70.241.101 - - [05/Sep/2023:11:10:37 +0800] "GET /xingrg/all/function/internal_message.html?_=1693883443702&CODE_STATE=getMsg HTTP/1.1" 200 27
180.174.205.229 - - [05/Sep/2023:11:10:42 +0800] "GET /xingrg/check_reg.html?_=1693883440809 HTTP/1.1" 200 22
180.174.205.229 - - [05/Sep/2023:11:10:42 +0800] "GET /xingrg/all/function/internal_message.html?_=1693883440817&CODE_STATE=getMsg HTTP/1.1" 200 27
116.228.172.122 - - [05/Sep/2023:11:10:43 +0800] "GET /xingrg/kc/buy/cgsh_order_operate.html?command=get_materiel&rest_code=00153&code=00101013225&supplier_code=00100590&order_time=2023-09-04 HTTP/1.1" 200 431
58.40.7.146 - - [05/Sep/2023:11:10:47 +0800] "GET /xingrg/all/function/internal_message.html?_=1693883447481&CODE_STATE=getMsg HTTP/1.1" 200 27
116.228.172.122 - - [05/Sep/2023:11:10:48 +0800] "GET /xingrg/kc/buy/cgsh_order_operate.html?command=get_materiel&rest_code=00153&code=00101008244&supplier_code=00100590&order_time=2023-09-04 HTTP/1.1" 200 408
124.79.246.190 - - [05/Sep/2023:11:10:51 +0800] "GET /xingrg/all/function/internal_message.html?_=1693883746733&CODE_STATE=getMsg HTTP/1.1" 200 27
116.228.172.122 - - [05/Sep/2023:11:10:53 +0800] "GET /xingrg/kc/buy/cgsh_order_operate.html?command=get_materiel&rest_code=00153&code=00101012029&supplier_code=00100590&order_time=2023-09-04 HTTP/1.1" 200 412
180.169.147.146 - - [05/Sep/2023:11:10:55 +0800] "GET /xingrg/check_reg.html?_=1693883454315 HTTP/1.1" 200 22
222.70.180.200 - - [05/Sep/2023:11:10:56 +0800] "GET /xingrg/all/function/internal_message.html?_=1693883454346&CODE_STATE=getMsg HTTP/1.1" 200 27
116.228.172.122 - - [05/Sep/2023:11:10:58 +0800] "GET /xingrg/kc/buy/cgsh_order_operate.html?command=get_materiel&rest_code=00153&code=00101008270&supplier_code=00100590&order_time=2023-09-04 HTTP/1.1" 200 412
180.169.147.146 - - [05/Sep/2023:11:10:59 +0800] "GET /xingrg/all/function/internal_message.html?_=1693883458263&CODE_STATE=getMsg HTTP/1.1" 200 27
222.70.107.27 - - [05/Sep/2023:11:11:00 +0800] "GET /xingrg/all/function/internal_message.html?_=1693883464795&CODE_STATE=getMsg HTTP/1.1" 200 27
101.83.241.137 - - [05/Sep/2023:11:11:00 +0800] "GET /xingrg/all/function/internal_message.html?_=1693883603601&CODE_STATE=getMsg HTTP/1.1" 200 27
222.70.180.200 - - [05/Sep/2023:11:11:00 +0800] "GET /xingrg/kc/base/wldb_order_operate.html?command=get_materiel&rest_code=00111&base_code=0010283&code=00101019133 HTTP/1.1" 200 480
180.152.241.196 - - [05/Sep/2023:11:11:02 +0800] "GET /xingrg/all/function/internal_message.html?_=1693883463824&CODE_STATE=getMsg HTTP/1.1" 200 27
180.152.241.196 - - [05/Sep/2023:11:11:03 +0800] "GET /xingrg/check_reg.html?_=1693883465284 HTTP/1.1" 200 22
116.228.172.122 - - [05/Sep/2023:11:11:11 +0800] "GET /xingrg/check_reg.html?_=1693883179347 HTTP/1.1" 200 22
116.228.172.122 - - [05/Sep/2023:11:11:12 +0800] "GET /xingrg/all/function/internal_message.html?_=1693883179782&CODE_STATE=getMsg HTTP/1.1" 200 27
101.83.145.37 - - [05/Sep/2023:11:11:12 +0800] "GET /xingrg/all/function/internal_message.html?_=1693883474165&CODE_STATE=getMsg HTTP/1.1" 200 27
180.165.48.189 - - [05/Sep/2023:11:11:15 +0800] "GET /xingrg/all/function/internal_message.html?_=1693883474739&CODE_STATE=getMsg HTTP/1.1" 200 27
222.70.180.200 - - [05/Sep/2023:11:11:21 +0800] "GET /xingrg/kc/base/wldb_order_operate.html?command=get_materiel&rest_code=00111&base_code=0010283&code=00101019391 HTTP/1.1" 200 485
222.67.237.86 - - [05/Sep/2023:11:11:25 +0800] "GET /xingrg/all/function/internal_message.html?_=1693882924741&CODE_STATE=getMsg HTTP/1.1" 200 27
116.232.195.127 - - [05/Sep/2023:11:11:25 +0800] "GET /xingrg/all/function/internal_message.html?_=1693883378982&CODE_STATE=getMsg HTTP/1.1" 200 27
116.228.172.122 - - [05/Sep/2023:11:11:30 +0800] "POST /xingrg/all/common/load_select.html HTTP/1.1" 200 25
101.83.145.37 - - [05/Sep/2023:11:11:34 +0800] "GET /xingrg/all/function/internal_message.html?_=1693883287183&CODE_STATE=getMsg HTTP/1.1" 200 27
114.83.218.93 - - [05/Sep/2023:11:11:34 +0800] "GET /xingrg/all/function/internal_message.html?_=1693883494504&CODE_STATE=getMsg HTTP/1.1" 200 27
114.83.218.93 - - [05/Sep/2023:11:11:34 +0800] "GET /xingrg/check_reg.html?_=1693883494506 HTTP/1.1" 200 22
116.228.172.122 - - [05/Sep/2023:11:11:35 +0800] "GET /xingrg/kc/buy/cgsh_order_operate.html?command=get_materiel_price&rest_code=00153&code=00101013225&unit_code=00100112&supplier_code=00100590&order_time=2023-09-04 HTTP/1.1" 200 28
180.169.147.146 - - [05/Sep/2023:11:11:37 +0800] "GET /xingrg/all/function/internal_message.html?_=1693883496828&CODE_STATE=getMsg HTTP/1.1" 200 27
180.163.28.55 - - [05/Sep/2023:11:11:37 +0800] "GET /xingrg/all/function/internal_message.html?_=1693883436832&CODE_STATE=getMsg HTTP/1.1" 302 -
180.163.28.55 - - [05/Sep/2023:11:11:37 +0800] "GET /xingrg/login.html HTTP/1.1" 200 7641
222.70.241.101 - - [05/Sep/2023:11:11:38 +0800] "GET /xingrg/all/function/internal_message.html?_=1693883504140&CODE_STATE=getMsg HTTP/1.1" 200 27
116.232.195.127 - - [05/Sep/2023:11:11:41 +0800] "GET /xingrg/check_reg.html?_=1693883394065 HTTP/1.1" 200 22
222.70.180.200 - - [05/Sep/2023:11:11:42 +0800] "GET /xingrg/kc/base/wldb_order_operate.html?command=get_materiel&rest_code=00111&base_code=0010283&code=00101027001 HTTP/1.1" 200 471
180.174.205.229 - - [05/Sep/2023:11:11:42 +0800] "GET /xingrg/all/function/internal_message.html?_=1693883500804&CODE_STATE=getMsg HTTP/1.1" 200 27
58.40.7.146 - - [05/Sep/2023:11:11:45 +0800] "GET /xingrg/check_reg.html?_=1693883505436 HTTP/1.1" 200 22
180.152.241.196 - - [05/Sep/2023:11:11:45 +0800] "POST /xingrg/dwr/call/plaincall/AjaxCheckService.setItemNumber.dwr HTTP/1.1" 200 76
58.40.7.146 - - [05/Sep/2023:11:11:47 +0800] "GET /xingrg/all/function/internal_message.html?_=1693883507454&CODE_STATE=getMsg HTTP/1.1" 200 27
124.79.246.190 - - [05/Sep/2023:11:11:51 +0800] "GET /xingrg/check_reg.html?_=1693883806731 HTTP/1.1" 200 22
124.79.246.190 - - [05/Sep/2023:11:11:51 +0800] "GET /xingrg/all/function/internal_message.html?_=1693883806732&CODE_STATE=getMsg HTTP/1.1" 200 27
222.70.180.200 - - [05/Sep/2023:11:11:55 +0800] "GET /xingrg/all/function/internal_message.html?_=1693883514317&CODE_STATE=getMsg HTTP/1.1" 200 27
180.169.147.146 - - [05/Sep/2023:11:11:59 +0800] "GET /xingrg/all/function/internal_message.html?_=1693883518248&CODE_STATE=getMsg HTTP/1.1" 200 27
222.70.107.27 - - [05/Sep/2023:11:12:00 +0800] "GET /xingrg/all/function/internal_message.html?_=1693883524793&CODE_STATE=getMsg HTTP/1.1" 200 27
101.83.241.137 - - [05/Sep/2023:11:12:00 +0800] "GET /xingrg/all/function/internal_message.html?_=1693883663613&CODE_STATE=getMsg HTTP/1.1" 200 27
180.152.241.196 - - [05/Sep/2023:11:12:02 +0800] "GET /xingrg/all/function/internal_message.html?_=1693883523795&CODE_STATE=getMsg HTTP/1.1" 200 27
222.70.180.200 - - [05/Sep/2023:11:12:03 +0800] "GET /xingrg/kc/base/wldb_order_operate.html?command=get_materiel&rest_code=00111&base_code=0010283&code=00101019164 HTTP/1.1" 200 466
116.228.172.122 - - [05/Sep/2023:11:12:12 +0800] "GET /xingrg/all/function/internal_message.html?_=1693883239770&CODE_STATE=getMsg HTTP/1.1" 200 27
101.83.145.37 - - [05/Sep/2023:11:12:12 +0800] "GET /xingrg/all/function/internal_message.html?_=1693883534166&CODE_STATE=getMsg HTTP/1.1" 200 27
180.165.48.189 - - [05/Sep/2023:11:12:15 +0800] "GET /xingrg/all/function/internal_message.html?_=1693883534721&CODE_STATE=getMsg HTTP/1.1" 200 27
180.165.48.189 - - [05/Sep/2023:11:12:17 +0800] "GET /xingrg/check_reg.html?_=1693883536606 HTTP/1.1" 200 22
222.67.237.86 - - [05/Sep/2023:11:12:25 +0800] "GET /xingrg/all/function/internal_message.html?_=1693882984766&CODE_STATE=getMsg HTTP/1.1" 200 27
222.67.237.86 - - [05/Sep/2023:11:12:25 +0800] "GET /xingrg/check_reg.html?_=1693882984767 HTTP/1.1" 200 22
116.232.195.127 - - [05/Sep/2023:11:12:25 +0800] "GET /xingrg/all/function/internal_message.html?_=1693883438959&CODE_STATE=getMsg HTTP/1.1" 200 27
222.70.180.200 - - [05/Sep/2023:11:12:29 +0800] "GET /xingrg/kc/base/wldb_order_operate.html?command=get_materiel&rest_code=00111&base_code=0010283&code=00101019297 HTTP/1.1" 200 478
101.83.145.37 - - [05/Sep/2023:11:12:34 +0800] "GET /xingrg/all/function/internal_message.html?_=1693883347183&CODE_STATE=getMsg HTTP/1.1" 200 27
114.83.218.93 - - [05/Sep/2023:11:12:34 +0800] "GET /xingrg/all/function/internal_message.html?_=1693883554497&CODE_STATE=getMsg HTTP/1.1" 200 27
180.169.147.146 - - [05/Sep/2023:11:12:37 +0800] "GET /xingrg/all/function/internal_message.html?_=1693883556823&CODE_STATE=getMsg HTTP/1.1" 200 27
180.169.147.146 - - [05/Sep/2023:11:12:37 +0800] "GET /xingrg/check_reg.html?_=1693883556825 HTTP/1.1" 200 22
222.70.241.101 - - [05/Sep/2023:11:12:38 +0800] "GET /xingrg/all/function/internal_message.html?_=1693883564150&CODE_STATE=getMsg HTTP/1.1" 200 27
180.174.205.229 - - [05/Sep/2023:11:12:42 +0800] "GET /xingrg/all/function/internal_message.html?_=1693883560807&CODE_STATE=getMsg HTTP/1.1" 200 27
222.70.180.200 - - [05/Sep/2023:11:12:47 +0800] "POST /xingrg/kc/base/wldb_order_operate.html HTTP/1.1" 200 37
58.40.7.146 - - [05/Sep/2023:11:12:47 +0800] "GET /xingrg/all/function/internal_message.html?_=1693883567435&CODE_STATE=getMsg HTTP/1.1" 200 27
222.70.180.200 - - [05/Sep/2023:11:12:48 +0800] "POST /xingrg/kc/base/wldb_order_operate.html HTTP/1.1" 200 4247
222.70.180.200 - - [05/Sep/2023:11:12:49 +0800] "GET /xingrg/kc/base/wldb_order_info.html?code=422023090500418 HTTP/1.1" 200 30467
222.70.180.200 - - [05/Sep/2023:11:12:50 +0800] "GET /xingrg/javascript/easyui/themes/default/validatebox.css HTTP/1.1" 404 1104
222.70.180.200 - - [05/Sep/2023:11:12:50 +0800] "POST /xingrg/kc/base/wldb_order_operate.html HTTP/1.1" 200 4247
124.79.246.190 - - [05/Sep/2023:11:12:51 +0800] "GET /xingrg/all/function/internal_message.html?_=1693883866730&CODE_STATE=getMsg HTTP/1.1" 200 27
222.70.180.200 - - [05/Sep/2023:11:12:55 +0800] "GET /xingrg/kc/base/wldb_order_add.html HTTP/1.1" 200 30453
222.70.180.200 - - [05/Sep/2023:11:12:55 +0800] "GET /xingrg/all/function/internal_message.html?_=1693883574295&CODE_STATE=getMsg HTTP/1.1" 200 27
222.70.180.200 - - [05/Sep/2023:11:12:56 +0800] "POST /xingrg/kc/base/wldb_order_operate.html HTTP/1.1" 200 6806
222.70.180.200 - - [05/Sep/2023:11:12:56 +0800] "GET /xingrg/javascript/easyui/themes/default/validatebox.css HTTP/1.1" 404 1104
180.169.147.146 - - [05/Sep/2023:11:12:59 +0800] "GET /xingrg/all/function/internal_message.html?_=1693883578233&CODE_STATE=getMsg HTTP/1.1" 200 27
222.70.107.27 - - [05/Sep/2023:11:13:00 +0800] "GET /xingrg/all/function/internal_message.html?_=1693883584791&CODE_STATE=getMsg HTTP/1.1" 200 27
101.83.241.137 - - [05/Sep/2023:11:13:00 +0800] "GET /xingrg/all/function/internal_message.html?_=1693883723608&CODE_STATE=getMsg HTTP/1.1" 200 27
180.152.241.196 - - [05/Sep/2023:11:13:02 +0800] "GET /xingrg/all/function/internal_message.html?_=1693883583783&CODE_STATE=getMsg HTTP/1.1" 200 27
180.162.115.178 - - [05/Sep/2023:11:13:12 +0800] "GET /xingrg HTTP/1.1" 302 -
116.228.172.122 - - [05/Sep/2023:11:13:12 +0800] "GET /xingrg/all/function/internal_message.html?_=1693883299748&CODE_STATE=getMsg HTTP/1.1" 200 27
180.162.115.178 - - [05/Sep/2023:11:13:12 +0800] "GET /xingrg/ HTTP/1.1" 304 -
101.83.145.37 - - [05/Sep/2023:11:13:12 +0800] "GET /xingrg/check_reg.html?_=1693883594167 HTTP/1.1" 200 22
101.83.145.37 - - [05/Sep/2023:11:13:12 +0800] "GET /xingrg/all/function/internal_message.html?_=1693883594170&CODE_STATE=getMsg HTTP/1.1" 200 27
180.162.115.178 - - [05/Sep/2023:11:13:14 +0800] "GET /xingrg/index.html HTTP/1.1" 302 -
180.162.115.178 - - [05/Sep/2023:11:13:14 +0800] "GET /xingrg/login.html HTTP/1.1" 200 7641
180.162.115.178 - - [05/Sep/2023:11:13:14 +0800] "GET /xingrg/images/blue/jxLogo.png HTTP/1.1" 304 -
180.162.115.178 - - [05/Sep/2023:11:13:14 +0800] "GET /xingrg/images/blue/login_bg.png HTTP/1.1" 304 -
180.162.115.178 - - [05/Sep/2023:11:13:14 +0800] "GET /xingrg/images/blue/hj.png HTTP/1.1" 304 -
180.162.115.178 - - [05/Sep/2023:11:13:14 +0800] "GET /xingrg/images/blue/srbg.png HTTP/1.1" 304 -
180.165.48.189 - - [05/Sep/2023:11:13:15 +0800] "GET /xingrg/all/function/internal_message.html?_=1693883594711&CODE_STATE=getMsg HTTP/1.1" 200 27
180.162.115.178 - - [05/Sep/2023:11:13:16 +0800] "GET /favicon.ico HTTP/1.1" 404 -
222.67.237.86 - - [05/Sep/2023:11:13:25 +0800] "GET /xingrg/all/function/internal_message.html?_=1693883044766&CODE_STATE=getMsg HTTP/1.1" 200 27
116.232.195.127 - - [05/Sep/2023:11:13:25 +0800] "GET /xingrg/all/function/internal_message.html?_=1693883498941&CODE_STATE=getMsg HTTP/1.1" 200 27
101.83.145.37 - - [05/Sep/2023:11:13:34 +0800] "GET /xingrg/all/function/internal_message.html?_=1693883407183&CODE_STATE=getMsg HTTP/1.1" 200 27
114.83.218.93 - - [05/Sep/2023:11:13:34 +0800] "GET /xingrg/all/function/internal_message.html?_=1693883614496&CODE_STATE=getMsg HTTP/1.1" 200 27
180.162.115.178 - - [05/Sep/2023:11:13:35 +0800] "POST /xingrg/login.do HTTP/1.1" 302 -
180.162.115.178 - - [05/Sep/2023:11:13:35 +0800] "GET /xingrg/index.html?sysBaseUrl=http%3A%2F%2F180.169.147.146%3A18081%2Fxingrg%2F&costTime=801×tamp=1693883615061 HTTP/1.1" 200 17179
180.162.115.178 - - [05/Sep/2023:11:13:35 +0800] "GET /xingrg/javascript/jquery_easy_ui/themes/default/easyui.css HTTP/1.1" 304 -
180.162.115.178 - - [05/Sep/2023:11:13:35 +0800] "GET /xingrg/javascript/jquery_easy_ui/themes/icon.css HTTP/1.1" 304 -
180.162.115.178 - - [05/Sep/2023:11:13:35 +0800] "GET /xingrg/css/form.css HTTP/1.1" 304 -
180.162.115.178 - - [05/Sep/2023:11:13:35 +0800] "GET /xingrg/javascript/jquery_easy_ui/jquery.easyui.min.js HTTP/1.1" 304 -
180.162.115.178 - - [05/Sep/2023:11:13:35 +0800] "GET /xingrg/javascript/jquery_easy_ui/easyui-lang-zh_CN.js HTTP/1.1" 304 -
180.162.115.178 - - [05/Sep/2023:11:13:35 +0800] "GET /xingrg/javascript/jquery-1.4.2.min.js HTTP/1.1" 304 -
180.162.115.178 - - [05/Sep/2023:11:13:35 +0800] "GET /xingrg/javascript/jquery.form.js HTTP/1.1" 304 -
180.162.115.178 - - [05/Sep/2023:11:13:35 +0800] "GET /xingrg/javascript/jquery.utils.js HTTP/1.1" 304 -
180.162.115.178 - - [05/Sep/2023:11:13:35 +0800] "GET /xingrg/javascript/jquery.timers.js HTTP/1.1" 304 -
180.162.115.178 - - [05/Sep/2023:11:13:35 +0800] "GET /favicon.ico HTTP/1.1" 404 -
180.162.115.178 - - [05/Sep/2023:11:13:35 +0800] "GET /xingrg/javascript/jquery_easy_ui/themes/icons/settle_new.png HTTP/1.1" 304 -
180.162.115.178 - - [05/Sep/2023:11:13:35 +0800] "GET /xingrg/images/blue/navBackgound.jpg HTTP/1.1" 304 -
180.162.115.178 - - [05/Sep/2023:11:13:35 +0800] "GET /xingrg/all/function/internal_message.html?_=1693882289334&CODE_STATE=count HTTP/1.1" 200 11
180.162.115.178 - - [05/Sep/2023:11:13:35 +0800] "GET /xingrg/check_reg.html?_=1693882289335 HTTP/1.1" 200 22
180.162.115.178 - - [05/Sep/2023:11:13:35 +0800] "GET /xingrg/images/blue/pingpu.png HTTP/1.1" 304 -
180.162.115.178 - - [05/Sep/2023:11:13:35 +0800] "GET /xingrg/javascript/jquery_easy_ui/themes/default/images/tabs_leftarrow.png HTTP/1.1" 304 -
180.162.115.178 - - [05/Sep/2023:11:13:35 +0800] "POST /xingrg/all/common/load_tree.html?tree=area_rest_tree_json&manage=1 HTTP/1.1" 200 351
180.162.115.178 - - [05/Sep/2023:11:13:35 +0800] "GET /xingrg/javascript/jquery_easy_ui/themes/default/images/tabs_rightarrow.png HTTP/1.1" 304 -
180.162.115.178 - - [05/Sep/2023:11:13:35 +0800] "GET /xingrg/javascript/jquery_easy_ui/themes/default/images/panel_tool_collapse.gif HTTP/1.1" 304 -
180.162.115.178 - - [05/Sep/2023:11:13:35 +0800] "POST /xingrg/load_menu.html HTTP/1.1" 200 5138
180.162.115.178 - - [05/Sep/2023:11:13:35 +0800] "GET /xingrg/javascript/jquery_easy_ui/themes/default/images/tree_arrows.gif HTTP/1.1" 304 -
180.162.115.178 - - [05/Sep/2023:11:13:35 +0800] "GET /xingrg/javascript/jquery_easy_ui/themes/default/images/tree_folder_open.gif HTTP/1.1" 304 -
180.162.115.178 - - [05/Sep/2023:11:13:35 +0800] "GET /xingrg/javascript/jquery_easy_ui/themes/icons/search_new.png HTTP/1.1" 304 -
180.162.115.178 - - [05/Sep/2023:11:13:35 +0800] "GET /xingrg/javascript/jquery_easy_ui/themes/default/images/tree_folder.gif HTTP/1.1" 304 -
180.162.115.178 - - [05/Sep/2023:11:13:35 +0800] "GET /xingrg/javascript/jquery_easy_ui/themes/icons/storage_new.png HTTP/1.1" 304 -
180.162.115.178 - - [05/Sep/2023:11:13:35 +0800] "GET /xingrg/javascript/jquery_easy_ui/themes/icons/forms_new.png HTTP/1.1" 304 -
180.162.115.178 - - [05/Sep/2023:11:13:35 +0800] "GET /xingrg/javascript/jquery_easy_ui/themes/default/images/tree_file.gif HTTP/1.1" 304 -
180.169.147.146 - - [05/Sep/2023:11:13:37 +0800] "GET /xingrg/all/function/internal_message.html?_=1693883616834&CODE_STATE=getMsg HTTP/1.1" 200 27
180.163.30.85 - - [05/Sep/2023:11:13:37 +0800] "GET /xingrg/check_reg.html?_=1693883556825 HTTP/1.1" 302 -
180.163.30.85 - - [05/Sep/2023:11:13:37 +0800] "GET /xingrg/login.html HTTP/1.1" 200 7641
114.83.218.93 - - [05/Sep/2023:11:13:38 +0800] "GET /xingrg/login.html HTTP/1.1" 200 7641
222.70.241.101 - - [05/Sep/2023:11:13:38 +0800] "GET /xingrg/all/function/internal_message.html?_=1693883624164&CODE_STATE=getMsg HTTP/1.1" 200 27
114.83.218.93 - - [05/Sep/2023:11:13:38 +0800] "GET /favicon.ico HTTP/1.1" 404 -
222.70.241.101 - - [05/Sep/2023:11:13:40 +0800] "GET /xingrg/check_reg.html?_=1693883626224 HTTP/1.1" 200 22
180.174.205.229 - - [05/Sep/2023:11:13:42 +0800] "GET /xingrg/all/function/internal_message.html?_=1693883620810&CODE_STATE=getMsg HTTP/1.1" 200 27
222.70.180.200 - - [05/Sep/2023:11:13:44 +0800] "GET /xingrg/kc/base/wldb_order_operate.html?command=get_materiel&rest_code=00111&base_code=0010283&code=00101019056 HTTP/1.1" 200 477
58.40.7.146 - - [05/Sep/2023:11:13:47 +0800] "GET /xingrg/all/function/internal_message.html?_=1693883627407&CODE_STATE=getMsg HTTP/1.1" 200 27
124.79.246.190 - - [05/Sep/2023:11:13:51 +0800] "GET /xingrg/all/function/internal_message.html?_=1693883926749&CODE_STATE=getMsg HTTP/1.1" 200 27
180.162.115.178 - - [05/Sep/2023:11:13:52 +0800] "GET /xingrg/kc/buy/buy_main.html HTTP/1.1" 200 12412
180.162.115.178 - - [05/Sep/2023:11:13:52 +0800] "GET /xingrg/javascript/jquery_easy_ui/themes/default/images/tabs_close.gif HTTP/1.1" 304 -
180.162.115.178 - - [05/Sep/2023:11:13:52 +0800] "GET /xingrg/css/blue.css HTTP/1.1" 304 -
180.162.115.178 - - [05/Sep/2023:11:13:52 +0800] "GET /xingrg/css/new_ie.css HTTP/1.1" 404 1036
180.162.115.178 - - [05/Sep/2023:11:13:52 +0800] "GET /xingrg/javascript/jquery_ui/themes/humanity/humanity.css HTTP/1.1" 304 -
180.162.115.178 - - [05/Sep/2023:11:13:52 +0800] "GET /xingrg/javascript/pic_change.js HTTP/1.1" 304 -
180.162.115.178 - - [05/Sep/2023:11:13:52 +0800] "GET /xingrg/javascript/ToolTips.js HTTP/1.1" 304 -
180.162.115.178 - - [05/Sep/2023:11:13:52 +0800] "GET /xingrg/javascript/myfunction.js HTTP/1.1" 304 -
180.162.115.178 - - [05/Sep/2023:11:13:52 +0800] "GET /xingrg/images/blue/button/cgxqd.gif HTTP/1.1" 304 -
180.162.115.178 - - [05/Sep/2023:11:13:52 +0800] "GET /xingrg/javascript/jquery_ui/jquery-ui.min.js HTTP/1.1" 304 -
180.162.115.178 - - [05/Sep/2023:11:13:52 +0800] "GET /xingrg/images/blue/button/cgydd.gif HTTP/1.1" 304 -
180.162.115.178 - - [05/Sep/2023:11:13:52 +0800] "GET /xingrg/images/blue/button/cgshd.gif HTTP/1.1" 304 -
180.162.115.178 - - [05/Sep/2023:11:13:52 +0800] "GET /xingrg/images/blue/button/cgfkd.gif HTTP/1.1" 304 -
180.162.115.178 - - [05/Sep/2023:11:13:52 +0800] "GET /xingrg/images/blue/button/kc.gif HTTP/1.1" 304 -
180.162.115.178 - - [05/Sep/2023:11:13:52 +0800] "GET /xingrg/images/blue/button/ckthd.gif HTTP/1.1" 304 -
180.162.115.178 - - [05/Sep/2023:11:13:52 +0800] "GET /xingrg/images/blue/pic_form2.gif HTTP/1.1" 304 -
180.162.115.178 - - [05/Sep/2023:11:13:52 +0800] "GET /xingrg/javascript/jquery_ui/themes/humanity/images/ui-bg_inset-soft_100_f4f0ec_1x100.png HTTP/1.1" 304 -
180.162.115.178 - - [05/Sep/2023:11:13:52 +0800] "GET /xingrg/images/blue/bg_dotted.jpg HTTP/1.1" 304 -
180.162.115.178 - - [05/Sep/2023:11:13:52 +0800] "GET /xingrg/images/blue/button/right_ah.jpg HTTP/1.1" 304 -
180.162.115.178 - - [05/Sep/2023:11:13:52 +0800] "GET /xingrg/images/blue/button/down_ah.jpg HTTP/1.1" 304 -
180.162.115.178 - - [05/Sep/2023:11:13:52 +0800] "GET /xingrg/javascript/jquery_ui/themes/humanity/images/ui-iconsnew.jpg HTTP/1.1" 304 -
180.162.115.178 - - [05/Sep/2023:11:13:52 +0800] "GET /xingrg/javascript/jquery_ui/themes/humanity/images/ui-icons_ffffff_256x240.png HTTP/1.1" 304 -
180.162.115.178 - - [05/Sep/2023:11:13:52 +0800] "GET /xingrg/javascript/jquery_ui/themes/humanity/images/ui-icons_c47a23_256x240.png HTTP/1.1" 304 -
180.162.115.178 - - [05/Sep/2023:11:13:52 +0800] "GET /xingrg/javascript/jquery_ui/themes/humanity/images/ui-bg_glass_70_ede4d4_1x400.png HTTP/1.1" 304 -
180.162.115.178 - - [05/Sep/2023:11:13:52 +0800] "GET /xingrg/images/yd/bt.gif HTTP/1.1" 404 1040
180.162.115.178 - - [05/Sep/2023:11:13:54 +0800] "GET /xingrg/kc/buy/cgsh_order_list.html HTTP/1.1" 200 56492
180.162.115.178 - - [05/Sep/2023:11:13:54 +0800] "GET /xingrg/css/base.css HTTP/1.1" 304 -
180.162.115.178 - - [05/Sep/2023:11:13:54 +0800] "GET /xingrg/css/site.css HTTP/1.1" 304 -
180.162.115.178 - - [05/Sep/2023:11:13:54 +0800] "GET /xingrg/javascript/jquery_tools/datebox.css HTTP/1.1" 304 -
180.162.115.178 - - [05/Sep/2023:11:13:54 +0800] "GET /xingrg/javascript/easyui/themes/default/easyui.css HTTP/1.1" 304 -
180.162.115.178 - - [05/Sep/2023:11:13:54 +0800] "GET /xingrg/javascript/easyui/themes/icon.css HTTP/1.1" 304 -
180.162.115.178 - - [05/Sep/2023:11:13:54 +0800] "GET /xingrg/javascript/auto/jquery.autocomplete.css HTTP/1.1" 304 -
180.162.115.178 - - [05/Sep/2023:11:13:54 +0800] "GET /xingrg/javascript/jquery_tools/fix.css HTTP/1.1" 304 -
180.162.115.178 - - [05/Sep/2023:11:13:54 +0800] "GET /xingrg/javascript/jquery_tools/table.css HTTP/1.1" 304 -
180.162.115.178 - - [05/Sep/2023:11:13:54 +0800] "GET /xingrg/javascript/jquery_tools/jquery.tools.min.js HTTP/1.1" 304 -
180.162.115.178 - - [05/Sep/2023:11:13:54 +0800] "GET /xingrg/javascript/jquery_tools/jquery.tools.extend.js HTTP/1.1" 304 -
180.162.115.178 - - [05/Sep/2023:11:13:54 +0800] "GET /xingrg/javascript/jquery_tools/jquery.tools.hotkey.js HTTP/1.1" 304 -
180.162.115.178 - - [05/Sep/2023:11:13:54 +0800] "GET /xingrg/javascript/jquery_tools/jquery.tools.table.js HTTP/1.1" 304 -
180.162.115.178 - - [05/Sep/2023:11:13:54 +0800] "GET /xingrg/javascript/jquery_tools/list_manager.js HTTP/1.1" 304 -
180.162.115.178 - - [05/Sep/2023:11:13:54 +0800] "GET /xingrg/javascript/auto/jquery.autocomplete.js HTTP/1.1" 304 -
180.162.115.178 - - [05/Sep/2023:11:13:54 +0800] "GET /xingrg/javascript/easyui/easyloader.js HTTP/1.1" 304 -
180.162.115.178 - - [05/Sep/2023:11:13:54 +0800] "GET /xingrg/javascript/jquery.cookie.js HTTP/1.1" 304 -
180.162.115.178 - - [05/Sep/2023:11:13:54 +0800] "GET /xingrg/javascript/print/LodopFuncs.js HTTP/1.1" 304 -
180.162.115.178 - - [05/Sep/2023:11:13:54 +0800] "GET /xingrg/javascript/easyui/themes/icons/field_new.png HTTP/1.1" 304 -
180.162.115.178 - - [05/Sep/2023:11:13:54 +0800] "GET /xingrg/javascript/easyui/themes/icons/check_new.png HTTP/1.1" 304 -
180.162.115.178 - - [05/Sep/2023:11:13:54 +0800] "GET /xingrg/javascript/easyui/themes/icons/cance_new.png HTTP/1.1" 304 -
180.162.115.178 - - [05/Sep/2023:11:13:54 +0800] "GET /xingrg/javascript/easyui/themes/icons/edit_add_new.png HTTP/1.1" 304 -
180.162.115.178 - - [05/Sep/2023:11:13:54 +0800] "GET /xingrg/javascript/easyui/themes/icons/import_new.png HTTP/1.1" 304 -
180.162.115.178 - - [05/Sep/2023:11:13:54 +0800] "GET /xingrg/javascript/easyui/plugins/jquery.parser.js HTTP/1.1" 304 -
180.162.115.178 - - [05/Sep/2023:11:13:54 +0800] "GET /xingrg/images/control/ajaxLoader.gif HTTP/1.1" 304 -
222.70.180.200 - - [05/Sep/2023:11:13:55 +0800] "GET /xingrg/all/function/internal_message.html?_=1693883634280&CODE_STATE=getMsg HTTP/1.1" 200 27
116.228.172.122 - - [05/Sep/2023:11:13:57 +0800] "POST /xingrg/kc/buy/cgsh_order_operate.html HTTP/1.1" 200 37
116.228.172.122 - - [05/Sep/2023:11:13:59 +0800] "POST /xingrg/kc/buy/cgsh_order_operate.html HTTP/1.1" 200 6815
180.169.147.146 - - [05/Sep/2023:11:13:59 +0800] "GET /xingrg/all/function/internal_message.html?_=1693883638217&CODE_STATE=getMsg HTTP/1.1" 200 27
222.70.107.27 - - [05/Sep/2023:11:14:00 +0800] "GET /xingrg/all/function/internal_message.html?_=1693883644805&CODE_STATE=getMsg HTTP/1.1" 200 27
101.83.241.137 - - [05/Sep/2023:11:14:00 +0800] "GET /xingrg/all/function/internal_message.html?_=1693883783604&CODE_STATE=getMsg HTTP/1.1" 200 27
101.83.241.137 - - [05/Sep/2023:11:14:00 +0800] "GET /xingrg/check_reg.html?_=1693883783605 HTTP/1.1" 200 22
180.152.241.196 - - [05/Sep/2023:11:14:02 +0800] "GET /xingrg/all/function/internal_message.html?_=1693883643774&CODE_STATE=getMsg HTTP/1.1" 200 27
180.162.115.178 - - [05/Sep/2023:11:14:05 +0800] "POST /xingrg/kc/buy/cgsh_list_operate.html HTTP/1.1" 200 3607
116.228.172.122 - - [05/Sep/2023:11:14:05 +0800] "GET /xingrg/kc/print/load_data.html?order_code=212023090501596&kc_code=cgsh&condition= HTTP/1.1" 200 2258
114.95.241.104 - - [05/Sep/2023:11:14:06 +0800] "GET /xingrg/login.html HTTP/1.1" 200 7641
114.95.241.104 - - [05/Sep/2023:11:14:07 +0800] "GET /xingrg/images/blue/jxLogo.png HTTP/1.1" 304 -
114.95.241.104 - - [05/Sep/2023:11:14:07 +0800] "GET /xingrg/images/blue/login_bg.png HTTP/1.1" 304 -
114.95.241.104 - - [05/Sep/2023:11:14:07 +0800] "GET /xingrg/images/blue/hj.png HTTP/1.1" 304 -
114.95.241.104 - - [05/Sep/2023:11:14:07 +0800] "GET /xingrg/images/blue/srbg.png HTTP/1.1" 304 -
114.95.241.104 - - [05/Sep/2023:11:14:07 +0800] "GET /favicon.ico HTTP/1.1" 404 -
180.162.115.178 - - [05/Sep/2023:11:14:09 +0800] "GET /xingrg/javascript/easyui/themes/default/images/button_plain_hover.png HTTP/1.1" 304 -
114.95.241.104 - - [05/Sep/2023:11:14:11 +0800] "POST /xingrg/login.do HTTP/1.1" 302 -
116.228.172.122 - - [05/Sep/2023:11:14:11 +0800] "GET /xingrg/kc/buy/cgsh_order_add.html HTTP/1.1" 200 71321
180.162.115.178 - - [05/Sep/2023:11:14:11 +0800] "GET /xingrg/kc/buy/cgsh_order_add.html HTTP/1.1" 200 71349
180.162.115.178 - - [05/Sep/2023:11:14:11 +0800] "GET /xingrg/javascript/jquery_tools/order_manager.js HTTP/1.1" 304 -
180.162.115.178 - - [05/Sep/2023:11:14:11 +0800] "GET /xingrg/javascript/convert.js HTTP/1.1" 304 -
180.162.115.178 - - [05/Sep/2023:11:14:11 +0800] "GET /xingrg/javascript/json2.js HTTP/1.1" 304 -
180.162.115.178 - - [05/Sep/2023:11:14:11 +0800] "GET /xingrg/javascript/print/kc_print.js HTTP/1.1" 304 -
180.162.115.178 - - [05/Sep/2023:11:14:11 +0800] "GET /xingrg/words/20230904134932_words.js HTTP/1.1" 200 985533
180.162.115.178 - - [05/Sep/2023:11:14:12 +0800] "GET /xingrg/javascript/easyui/themes/icons/print.png HTTP/1.1" 304 -
180.162.115.178 - - [05/Sep/2023:11:14:12 +0800] "GET /xingrg/javascript/easyui/themes/icons/ok.png HTTP/1.1" 304 -
180.162.115.178 - - [05/Sep/2023:11:14:12 +0800] "GET /xingrg/javascript/easyui/themes/icons/template_new.png HTTP/1.1" 304 -
180.162.115.178 - - [05/Sep/2023:11:14:12 +0800] "GET /xingrg/javascript/easyui/themes/default/images/menu_downarrow.png HTTP/1.1" 304 -
180.162.115.178 - - [05/Sep/2023:11:14:12 +0800] "GET /xingrg/javascript/easyui/themes/icons/copy_new.png HTTP/1.1" 304 -
180.162.115.178 - - [05/Sep/2023:11:14:12 +0800] "GET /xingrg/javascript/easyui/themes/icons/cancel.png HTTP/1.1" 304 -
114.95.241.104 - - [05/Sep/2023:11:14:12 +0800] "POST /xingrg/login.do HTTP/1.1" 302 -
180.162.115.178 - - [05/Sep/2023:11:14:12 +0800] "POST /xingrg/kc/buy/cgsh_order_operate.html HTTP/1.1" 200 8245
116.228.172.122 - - [05/Sep/2023:11:14:12 +0800] "POST /xingrg/kc/buy/cgsh_order_operate.html HTTP/1.1" 200 8245
180.162.115.178 - - [05/Sep/2023:11:14:12 +0800] "GET /xingrg/javascript/easyui/themes/default/validatebox.css HTTP/1.1" 404 1104
180.162.115.178 - - [05/Sep/2023:11:14:12 +0800] "GET /xingrg/javascript/easyui/plugins/jquery.validatebox.js HTTP/1.1" 304 -
114.95.241.104 - - [05/Sep/2023:11:14:12 +0800] "GET /xingrg/index.html?sysBaseUrl=http%3A%2F%2F180.169.147.146%3A18081%2Fxingrg%2F&costTime=1439×tamp=1693883652212 HTTP/1.1" 200 8212
180.162.115.178 - - [05/Sep/2023:11:14:12 +0800] "GET /xingrg/all/common/auto_word.html?type=employee&rest_code=00143 HTTP/1.1" 200 55
180.162.115.178 - - [05/Sep/2023:11:14:12 +0800] "GET /xingrg/javascript/easyui/themes/icons/edit_remove.png HTTP/1.1" 304 -
180.162.115.178 - - [05/Sep/2023:11:14:12 +0800] "GET /xingrg/javascript/easyui/plugins/jquery.numberbox.js HTTP/1.1" 304 -
116.228.172.122 - - [05/Sep/2023:11:14:12 +0800] "GET /xingrg/javascript/easyui/themes/default/validatebox.css HTTP/1.1" 404 1104
116.228.172.122 - - [05/Sep/2023:11:14:12 +0800] "GET /xingrg/all/function/internal_message.html?_=1693883359754&CODE_STATE=getMsg HTTP/1.1" 200 27
180.162.115.178 - - [05/Sep/2023:11:14:12 +0800] "GET /xingrg/all/common/auto_word.html?type=employee&rest_code=00143 HTTP/1.1" 200 55
101.83.145.37 - - [05/Sep/2023:11:14:12 +0800] "GET /xingrg/all/function/internal_message.html?_=1693883654155&CODE_STATE=getMsg HTTP/1.1" 200 27
114.95.241.104 - - [05/Sep/2023:11:14:13 +0800] "POST /xingrg/login.do HTTP/1.1" 302 -
114.95.241.104 - - [05/Sep/2023:11:14:13 +0800] "GET /xingrg/index.html?sysBaseUrl=http%3A%2F%2F180.169.147.146%3A18081%2Fxingrg%2F&costTime=867×tamp=1693883653163 HTTP/1.1" 200 17179
114.95.241.104 - - [05/Sep/2023:11:14:13 +0800] "GET /xingrg/javascript/jquery_easy_ui/themes/default/easyui.css HTTP/1.1" 304 -
114.95.241.104 - - [05/Sep/2023:11:14:13 +0800] "GET /xingrg/javascript/jquery_easy_ui/themes/icon.css HTTP/1.1" 304 -
114.95.241.104 - - [05/Sep/2023:11:14:13 +0800] "GET /xingrg/css/form.css HTTP/1.1" 304 -
114.95.241.104 - - [05/Sep/2023:11:14:13 +0800] "GET /xingrg/javascript/jquery-1.4.2.min.js HTTP/1.1" 304 -
114.95.241.104 - - [05/Sep/2023:11:14:13 +0800] "GET /xingrg/javascript/jquery_easy_ui/jquery.easyui.min.js HTTP/1.1" 304 -
114.95.241.104 - - [05/Sep/2023:11:14:13 +0800] "GET /xingrg/javascript/jquery.timers.js HTTP/1.1" 304 -
114.95.241.104 - - [05/Sep/2023:11:14:13 +0800] "GET /xingrg/javascript/jquery_easy_ui/easyui-lang-zh_CN.js HTTP/1.1" 304 -
114.95.241.104 - - [05/Sep/2023:11:14:13 +0800] "GET /xingrg/javascript/jquery.utils.js HTTP/1.1" 304 -
114.95.241.104 - - [05/Sep/2023:11:14:13 +0800] "GET /xingrg/javascript/jquery.form.js HTTP/1.1" 304 -
114.95.241.104 - - [05/Sep/2023:11:14:14 +0800] "GET /favicon.ico HTTP/1.1" 404 -
180.162.115.178 - - [05/Sep/2023:11:14:15 +0800] "GET /xingrg/javascript/easyui/plugins/jquery.draggable.js HTTP/1.1" 304 -
180.162.115.178 - - [05/Sep/2023:11:14:15 +0800] "GET /xingrg/css/images/panel_loading.gif HTTP/1.1" 304 -
180.162.115.178 - - [05/Sep/2023:11:14:15 +0800] "GET /xingrg/javascript/easyui/plugins/jquery.droppable.js HTTP/1.1" 304 -
180.162.115.178 - - [05/Sep/2023:11:14:15 +0800] "GET /xingrg/javascript/easyui/themes/default/tree.css HTTP/1.1" 404 1090
180.162.115.178 - - [05/Sep/2023:11:14:15 +0800] "GET /xingrg/javascript/easyui/plugins/jquery.tree.js HTTP/1.1" 304 -
180.165.48.189 - - [05/Sep/2023:11:14:15 +0800] "GET /xingrg/all/function/internal_message.html?_=1693883654689&CODE_STATE=getMsg HTTP/1.1" 200 27
180.162.115.178 - - [05/Sep/2023:11:14:15 +0800] "POST /xingrg/all/common/load_tree.html?tree=supplier_tree_json&isDelete=1 HTTP/1.1" 200 75729
114.95.241.104 - - [05/Sep/2023:11:14:16 +0800] "POST /xingrg/all/common/load_tree.html?tree=area_rest_tree_json&manage=1 HTTP/1.1" 200 476
114.95.241.104 - - [05/Sep/2023:11:14:17 +0800] "GET /xingrg/all/function/internal_message.html?_=1693883549131&CODE_STATE=count HTTP/1.1" 200 11
114.95.241.104 - - [05/Sep/2023:11:14:17 +0800] "GET /xingrg/check_reg.html?_=1693883549132 HTTP/1.1" 200 22
180.162.115.178 - - [05/Sep/2023:11:14:17 +0800] "GET /xingrg/javascript/easyui/themes/default/images/tree_arrows.gif HTTP/1.1" 304 -
180.162.115.178 - - [05/Sep/2023:11:14:17 +0800] "GET /xingrg/javascript/easyui/themes/default/images/tree_folder.gif HTTP/1.1" 304 -
180.162.115.178 - - [05/Sep/2023:11:14:17 +0800] "GET /xingrg/javascript/easyui/themes/default/images/tree_folder_open.gif HTTP/1.1" 304 -
180.162.115.178 - - [05/Sep/2023:11:14:17 +0800] "GET /xingrg/javascript/easyui/themes/default/images/tree_file.gif HTTP/1.1" 304 -
114.95.241.104 - - [05/Sep/2023:11:14:17 +0800] "POST /xingrg/load_menu.html HTTP/1.1" 200 5138
114.95.241.104 - - [05/Sep/2023:11:14:20 +0800] "GET /xingrg/kc/base/wldb_order_list.html HTTP/1.1" 200 19180
114.95.241.104 - - [05/Sep/2023:11:14:20 +0800] "GET /xingrg/css/site.css HTTP/1.1" 304 -
114.95.241.104 - - [05/Sep/2023:11:14:20 +0800] "GET /xingrg/css/base.css HTTP/1.1" 304 -
114.95.241.104 - - [05/Sep/2023:11:14:20 +0800] "GET /xingrg/javascript/jquery_tools/datebox.css HTTP/1.1" 304 -
114.95.241.104 - - [05/Sep/2023:11:14:20 +0800] "GET /xingrg/javascript/easyui/themes/icon.css HTTP/1.1" 304 -
114.95.241.104 - - [05/Sep/2023:11:14:20 +0800] "GET /xingrg/javascript/jquery_tools/table.css HTTP/1.1" 304 -
114.95.241.104 - - [05/Sep/2023:11:14:20 +0800] "GET /xingrg/javascript/jquery_tools/fix.css HTTP/1.1" 304 -
114.95.241.104 - - [05/Sep/2023:11:14:20 +0800] "GET /xingrg/javascript/jquery_tools/jquery.tools.hotkey.js HTTP/1.1" 304 -
114.95.241.104 - - [05/Sep/2023:11:14:20 +0800] "GET /xingrg/javascript/easyui/themes/default/easyui.css HTTP/1.1" 304 -
114.95.241.104 - - [05/Sep/2023:11:14:20 +0800] "GET /xingrg/javascript/jquery_tools/jquery.tools.min.js HTTP/1.1" 304 -
114.95.241.104 - - [05/Sep/2023:11:14:20 +0800] "GET /xingrg/javascript/auto/jquery.autocomplete.js HTTP/1.1" 304 -
114.95.241.104 - - [05/Sep/2023:11:14:20 +0800] "GET /xingrg/javascript/jquery_tools/jquery.tools.extend.js HTTP/1.1" 304 -
114.95.241.104 - - [05/Sep/2023:11:14:20 +0800] "GET /xingrg/javascript/jquery_tools/jquery.tools.table.js HTTP/1.1" 304 -
114.95.241.104 - - [05/Sep/2023:11:14:20 +0800] "GET /xingrg/javascript/jquery_tools/list_manager.js HTTP/1.1" 304 -
114.95.241.104 - - [05/Sep/2023:11:14:20 +0800] "GET /xingrg/javascript/auto/jquery.autocomplete.css HTTP/1.1" 304 -
114.95.241.104 - - [05/Sep/2023:11:14:20 +0800] "GET /xingrg/javascript/print/LodopFuncs.js HTTP/1.1" 304 -
114.95.241.104 - - [05/Sep/2023:11:14:20 +0800] "GET /xingrg/javascript/jquery.cookie.js HTTP/1.1" 304 -
114.95.241.104 - - [05/Sep/2023:11:14:20 +0800] "GET /xingrg/javascript/easyui/easyloader.js HTTP/1.1" 304 -
114.95.241.104 - - [05/Sep/2023:11:14:21 +0800] "GET /xingrg/javascript/easyui/plugins/jquery.parser.js HTTP/1.1" 304 -
114.95.241.104 - - [05/Sep/2023:11:14:21 +0800] "POST /xingrg/kc/base/wldb_list_operate.html HTTP/1.1" 200 928
180.152.241.196 - - [05/Sep/2023:11:14:22 +0800] "POST /xingrg/dwr/call/plaincall/AjaxCheckService.setItemNumber.dwr HTTP/1.1" 200 76
58.40.7.146 - - [05/Sep/2023:11:14:24 +0800] "GET /xingrg/kc/base/crk_hz.html?_=1693883664766&command=get_cost_id&end_date=2023-08-31&start_date=2023-08-01 HTTP/1.1" 200 51
58.40.7.146 - - [05/Sep/2023:11:14:24 +0800] "GET /xingrg/all/report/report_query.html?isQuery=1&onlyBody=1&rh=99999&rw=1800&varString=start:20230801,cost_id:4505,mid:20230801&fileName=kc/base/crk_hz_type_by_base.xml&queryString=%20a.base_code%20in%20('0010610','0010611')%20%20and%20m.sort_code%20in%20('00101001','00101002','00101003','00101004','00101005','00101006','00101007','00101008','00101009','00101010','00101011','00101012','00101013','00101014','00101015','00101016','00101017','00101018','00101019','00101020','00101021','00101022','00101023','00101024','00101025','00101026','00101027','00101028','00101029','00101030','00101031','00101032','00101033','00101034','00101036','00101037','00101038','00101039','00101040','00101041','00101042','00101043')%20&queryText=ÈÕÆÚ£º2023-08-01ÖÁ2023-08-31%20²Ö¿â£º²ÍÒû³ø·¿²¿,²ÍÒû·þÎñ²¿&tableQueryString=materiel_table$sp1$$sp$before_table$sp1$$sp$crk_table$sp1$order_day%20between%2020230801%20and%2020230831 HTTP/1.1" 200 49909
58.40.7.146 - - [05/Sep/2023:11:14:24 +0800] "GET /xingrg/css/blue.css HTTP/1.1" 200 15949
58.40.7.146 - - [05/Sep/2023:11:14:24 +0800] "GET /xingrg/javascript/calendar/timePicker.css HTTP/1.1" 200 523
58.40.7.146 - - [05/Sep/2023:11:14:24 +0800] "GET /xingrg/javascript/jquery_easy_ui/themes/icon.css HTTP/1.1" 200 3949
58.40.7.146 - - [05/Sep/2023:11:14:24 +0800] "GET /xingrg/css/form.css HTTP/1.1" 200 893
58.40.7.146 - - [05/Sep/2023:11:14:24 +0800] "GET /xingrg/javascript/multi_select/jqueryMultiSelect.css HTTP/1.1" 200 951
58.40.7.146 - - [05/Sep/2023:11:14:24 +0800] "GET /xingrg/javascript/pic_change.js HTTP/1.1" 200 4739
58.40.7.146 - - [05/Sep/2023:11:14:24 +0800] "GET /xingrg/javascript/jquery_easy_ui/themes/default/easyui.css HTTP/1.1" 200 26500
58.40.7.146 - - [05/Sep/2023:11:14:24 +0800] "GET /xingrg/javascript/bigrid/fix.css HTTP/1.1" 200 1702
58.40.7.146 - - [05/Sep/2023:11:14:24 +0800] "GET /xingrg/dwr/interface/AjaxReportQueryService.js HTTP/1.1" 200 13203
58.40.7.146 - - [05/Sep/2023:11:14:24 +0800] "GET /xingrg/dwr/engine.js HTTP/1.1" 200 43631
58.40.7.146 - - [05/Sep/2023:11:14:24 +0800] "GET /xingrg/dwr/util.js HTTP/1.1" 200 35990
58.40.7.146 - - [05/Sep/2023:11:14:24 +0800] "GET /xingrg/javascript/myfunction.js HTTP/1.1" 200 24559
58.40.7.146 - - [05/Sep/2023:11:14:24 +0800] "GET /xingrg/javascript/jquery-1.4.2.min.js HTTP/1.1" 200 72205
58.40.7.146 - - [05/Sep/2023:11:14:24 +0800] "GET /xingrg/javascript/jquery_easy_ui/jquery.easyui.min.js HTTP/1.1" 200 213662
58.40.7.146 - - [05/Sep/2023:11:14:24 +0800] "GET /xingrg/javascript/jquery.utils.js HTTP/1.1" 200 11805
58.40.7.146 - - [05/Sep/2023:11:14:24 +0800] "GET /xingrg/javascript/jqueryMultiSelect.js HTTP/1.1" 200 11866
58.40.7.146 - - [05/Sep/2023:11:14:24 +0800] "GET /xingrg/javascript/calendar/jquery.timePicker.min.js HTTP/1.1" 200 2997
58.40.7.146 - - [05/Sep/2023:11:14:24 +0800] "GET /xingrg/javascript/Calendar.js HTTP/1.1" 200 31561
58.40.7.146 - - [05/Sep/2023:11:14:24 +0800] "GET /xingrg/javascript/bigrid/fix.js HTTP/1.1" 200 6439
58.40.7.146 - - [05/Sep/2023:11:14:25 +0800] "GET /xingrg/images/control/loading.gif HTTP/1.1" 200 13463
58.40.7.146 - - [05/Sep/2023:11:14:25 +0800] "GET /xingrg/images/blue/button/advanceover.gif HTTP/1.1" 200 1347
58.40.7.146 - - [05/Sep/2023:11:14:25 +0800] "GET /xingrg/images/blue/button/advance2over.gif HTTP/1.1" 200 1336
58.40.7.146 - - [05/Sep/2023:11:14:25 +0800] "GET /xingrg/images/blue/button/back2over.gif HTTP/1.1" 200 1335
58.40.7.146 - - [05/Sep/2023:11:14:25 +0800] "GET /xingrg/images/blue/button/backover.gif HTTP/1.1" 200 1348
222.67.237.86 - - [05/Sep/2023:11:14:25 +0800] "GET /xingrg/all/function/internal_message.html?_=1693883104765&CODE_STATE=getMsg HTTP/1.1" 200 27
116.232.195.127 - - [05/Sep/2023:11:14:25 +0800] "GET /xingrg/all/function/internal_message.html?_=1693883558925&CODE_STATE=getMsg HTTP/1.1" 200 27
58.40.7.146 - - [05/Sep/2023:11:14:28 +0800] "GET /xingrg/kc/base/crk_hz.html?_=1693883667955&command=get_cost_id&end_date=2023-08-31&start_date=2023-08-01 HTTP/1.1" 200 51
58.40.7.146 - - [05/Sep/2023:11:14:28 +0800] "GET /xingrg/all/report/report_query.html?isQuery=1&onlyBody=1&rh=99999&rw=1800&varString=start:20230801,cost_id:4505,mid:20230801&fileName=kc/base/crk_hz_type_by_base.xml&queryString=%20a.base_code%20in%20('0010610','0010611')%20%20and%20m.sort_code%20in%20('00101001','00101002','00101003','00101004','00101005','00101006','00101007','00101008','00101009','00101010','00101011','00101012','00101013','00101014','00101015','00101016','00101017','00101018','00101019','00101020','00101021','00101022','00101023','00101024','00101025','00101026','00101027','00101028','00101029','00101030','00101031','00101032','00101033','00101034','00101036','00101037','00101038','00101039','00101040','00101041','00101042','00101043')%20&queryText=ÈÕÆÚ£º2023-08-01ÖÁ2023-08-31%20²Ö¿â£º²ÍÒû³ø·¿²¿,²ÍÒû·þÎñ²¿&tableQueryString=materiel_table$sp1$$sp$before_table$sp1$$sp$crk_table$sp1$order_day%20between%2020230801%20and%2020230831 HTTP/1.1" 200 49909
58.40.7.146 - - [05/Sep/2023:11:14:28 +0800] "GET /xingrg/dwr/interface/AjaxReportQueryService.js HTTP/1.1" 200 13203
58.40.7.146 - - [05/Sep/2023:11:14:28 +0800] "GET /xingrg/dwr/engine.js HTTP/1.1" 200 43631
114.95.241.104 - - [05/Sep/2023:11:14:28 +0800] "GET /xingrg/kc/base/wldb_order_add.html HTTP/1.1" 200 30471
114.95.241.104 - - [05/Sep/2023:11:14:28 +0800] "GET /xingrg/javascript/pic_change.js HTTP/1.1" 304 -
114.95.241.104 - - [05/Sep/2023:11:14:28 +0800] "GET /xingrg/javascript/jquery_tools/order_manager.js HTTP/1.1" 304 -
114.95.241.104 - - [05/Sep/2023:11:14:28 +0800] "GET /xingrg/javascript/json2.js HTTP/1.1" 304 -
114.95.241.104 - - [05/Sep/2023:11:14:28 +0800] "GET /xingrg/javascript/print/kc_print.js HTTP/1.1" 304 -
114.95.241.104 - - [05/Sep/2023:11:14:28 +0800] "GET /xingrg/javascript/convert.js HTTP/1.1" 304 -
114.95.241.104 - - [05/Sep/2023:11:14:28 +0800] "GET /xingrg/words/20230904134932_words.js HTTP/1.1" 304 -
180.152.241.196 - - [05/Sep/2023:11:14:28 +0800] "POST /xingrg/dwr/call/plaincall/AjaxCheckService.setItemNumber.dwr HTTP/1.1" 200 76
114.95.241.104 - - [05/Sep/2023:11:14:28 +0800] "POST /xingrg/kc/base/wldb_order_operate.html HTTP/1.1" 200 6806
58.40.7.146 - - [05/Sep/2023:11:14:28 +0800] "POST /xingrg/all/report/load_report_page.html HTTP/1.1" 200 8212
114.95.241.104 - - [05/Sep/2023:11:14:29 +0800] "GET /xingrg/javascript/easyui/themes/default/validatebox.css HTTP/1.1" 404 1104
114.95.241.104 - - [05/Sep/2023:11:14:29 +0800] "GET /xingrg/javascript/easyui/plugins/jquery.validatebox.js HTTP/1.1" 304 -
114.95.241.104 - - [05/Sep/2023:11:14:29 +0800] "GET /xingrg/javascript/easyui/plugins/jquery.numberbox.js HTTP/1.1" 304 -
180.152.241.196 - - [05/Sep/2023:11:14:31 +0800] "POST /xingrg/dwr/call/plaincall/AjaxCheckService.setItemNumber.dwr HTTP/1.1" 200 76
114.95.241.104 - - [05/Sep/2023:11:14:31 +0800] "GET /xingrg/all/common/auto_word.html?type=base&rest_code=00150 HTTP/1.1" 200 1853
114.95.241.104 - - [05/Sep/2023:11:14:31 +0800] "GET /xingrg/all/common/auto_word.html?type=base&rest_code=00150 HTTP/1.1" 200 1853
58.40.7.146 - - [05/Sep/2023:11:14:31 +0800] "POST /xingrg/all/report/load_report_page.html HTTP/1.1" 200 119648
58.40.7.146 - - [05/Sep/2023:11:14:31 +0800] "GET /xingrg/servlets/image?cache=0.5974391741059593&image=px HTTP/1.1" 200 807
114.95.241.104 - - [05/Sep/2023:11:14:33 +0800] "POST /xingrg/all/common/load_combo.html?type=base HTTP/1.1" 200 3318
101.83.145.37 - - [05/Sep/2023:11:14:34 +0800] "GET /xingrg/all/function/internal_message.html?_=1693883467183&CODE_STATE=getMsg HTTP/1.1" 200 27
114.83.218.93 - - [05/Sep/2023:11:14:34 +0800] "GET /xingrg/all/function/internal_message.html?_=1693883674497&CODE_STATE=getMsg HTTP/1.1" 200 27
180.162.115.178 - - [05/Sep/2023:11:14:35 +0800] "GET /xingrg/all/function/internal_message.html?_=1693882349330&CODE_STATE=getMsg HTTP/1.1" 200 27
114.95.241.104 - - [05/Sep/2023:11:14:36 +0800] "GET /xingrg/javascript/auto/indicator.gif HTTP/1.1" 404 1066
180.169.147.146 - - [05/Sep/2023:11:14:37 +0800] "GET /xingrg/all/function/internal_message.html?_=1693883676835&CODE_STATE=getMsg HTTP/1.1" 200 27
222.70.180.200 - - [05/Sep/2023:11:14:38 +0800] "GET /xingrg/kc/base/wldb_order_operate.html?command=get_materiel&rest_code=00111&base_code=0010283&code=00101019527 HTTP/1.1" 200 474
222.70.241.101 - - [05/Sep/2023:11:14:38 +0800] "GET /xingrg/all/function/internal_message.html?_=1693883684180&CODE_STATE=getMsg HTTP/1.1" 200 27
180.174.205.229 - - [05/Sep/2023:11:14:42 +0800] "GET /xingrg/all/function/internal_message.html?_=1693883680815&CODE_STATE=getMsg HTTP/1.1" 200 27
114.95.241.104 - - [05/Sep/2023:11:14:42 +0800] "GET /xingrg/kc/base/wldb_order_operate.html?command=get_materiel&rest_code=00150&base_code=0010446&code=00102002940 HTTP/1.1" 200 444
180.162.115.178 - - [05/Sep/2023:11:14:45 +0800] "GET /xingrg/javascript/auto/indicator.gif HTTP/1.1" 404 1066
58.40.7.146 - - [05/Sep/2023:11:14:47 +0800] "GET /xingrg/all/function/internal_message.html?_=1693883687388&CODE_STATE=getMsg HTTP/1.1" 200 27
180.162.115.178 - - [05/Sep/2023:11:14:50 +0800] "GET /xingrg/kc/buy/cgsh_order_operate.html?command=get_materiel&rest_code=00143&code=00102002117&supplier_code=00100207&order_time=2023-09-05 HTTP/1.1" 200 413
124.79.246.190 - - [05/Sep/2023:11:14:51 +0800] "GET /xingrg/all/function/internal_message.html?_=1693883986733&CODE_STATE=getMsg HTTP/1.1" 200 27
114.95.241.104 - - [05/Sep/2023:11:14:53 +0800] "GET /xingrg/kc/base/wldb_order_operate.html?command=get_materiel&rest_code=00150&base_code=0010446&code=00102002022 HTTP/1.1" 200 472
101.228.187.155 - - [05/Sep/2023:11:14:55 +0800] "GET /favicon.ico HTTP/1.1" 404 -
222.70.180.200 - - [05/Sep/2023:11:14:55 +0800] "GET /xingrg/all/function/internal_message.html?_=1693883694256&CODE_STATE=getMsg HTTP/1.1" 200 27
222.70.180.200 - - [05/Sep/2023:11:14:57 +0800] "GET /xingrg/check_reg.html?_=1693883696293 HTTP/1.1" 200 22
101.228.187.155 - - [05/Sep/2023:11:14:58 +0800] "GET /xingrg/login.html HTTP/1.1" 200 7641
101.228.187.155 - - [05/Sep/2023:11:14:59 +0800] "GET /xingrg/images/blue/jxLogo.png HTTP/1.1" 304 -
101.228.187.155 - - [05/Sep/2023:11:14:59 +0800] "GET /xingrg/images/blue/login_bg.png HTTP/1.1" 304 -
101.228.187.155 - - [05/Sep/2023:11:14:59 +0800] "GET /xingrg/images/blue/hj.png HTTP/1.1" 304 -
101.228.187.155 - - [05/Sep/2023:11:14:59 +0800] "GET /xingrg/images/blue/srbg.png HTTP/1.1" 304 -
101.228.187.155 - - [05/Sep/2023:11:14:59 +0800] "GET /favicon.ico HTTP/1.1" 404 -
180.169.147.146 - - [05/Sep/2023:11:14:59 +0800] "GET /xingrg/all/function/internal_message.html?_=1693883698228&CODE_STATE=getMsg HTTP/1.1" 200 27
222.70.107.27 - - [05/Sep/2023:11:15:00 +0800] "GET /xingrg/check_reg.html?_=1693883704803 HTTP/1.1" 200 22
222.70.107.27 - - [05/Sep/2023:11:15:00 +0800] "GET /xingrg/all/function/internal_message.html?_=1693883704804&CODE_STATE=getMsg HTTP/1.1" 200 27
101.83.241.137 - - [05/Sep/2023:11:15:00 +0800] "GET /xingrg/all/function/internal_message.html?_=1693883843610&CODE_STATE=getMsg HTTP/1.1" 200 27
114.95.241.104 - - [05/Sep/2023:11:15:00 +0800] "POST /xingrg/kc/base/wldb_order_operate.html HTTP/1.1" 200 37
180.152.241.196 - - [05/Sep/2023:11:15:02 +0800] "GET /xingrg/all/function/internal_message.html?_=1693883703754&CODE_STATE=getMsg HTTP/1.1" 200 27
114.95.241.104 - - [05/Sep/2023:11:15:06 +0800] "POST /xingrg/kc/base/wldb_order_operate.html HTTP/1.1" 200 12
114.95.241.104 - - [05/Sep/2023:11:15:06 +0800] "POST /xingrg/kc/base/wldb_order_operate.html HTTP/1.1" 200 2693
114.95.241.104 - - [05/Sep/2023:11:15:08 +0800] "GET /xingrg/kc/base/wldb_order_info.html?code=422023090500419 HTTP/1.1" 200 26353
114.95.241.104 - - [05/Sep/2023:11:15:08 +0800] "GET /xingrg/javascript/easyui/themes/default/validatebox.css HTTP/1.1" 404 1104
114.95.241.104 - - [05/Sep/2023:11:15:08 +0800] "POST /xingrg/kc/base/wldb_order_operate.html HTTP/1.1" 200 977
101.228.187.155 - - [05/Sep/2023:11:15:09 +0800] "POST /xingrg/login.do HTTP/1.1" 302 -
101.228.187.155 - - [05/Sep/2023:11:15:09 +0800] "GET /xingrg/index.html?sysBaseUrl=http%3A%2F%2F180.169.147.146%3A18081%2Fxingrg%2F&costTime=847×tamp=1693883709327 HTTP/1.1" 200 17179
101.228.187.155 - - [05/Sep/2023:11:15:09 +0800] "GET /xingrg/javascript/jquery_easy_ui/themes/default/easyui.css HTTP/1.1" 304 -
101.228.187.155 - - [05/Sep/2023:11:15:09 +0800] "GET /xingrg/javascript/jquery_easy_ui/themes/icon.css HTTP/1.1" 304 -
101.228.187.155 - - [05/Sep/2023:11:15:09 +0800] "GET /xingrg/css/form.css HTTP/1.1" 304 -
101.228.187.155 - - [05/Sep/2023:11:15:09 +0800] "GET /xingrg/javascript/jquery-1.4.2.min.js HTTP/1.1" 304 -
101.228.187.155 - - [05/Sep/2023:11:15:09 +0800] "GET /xingrg/javascript/jquery_easy_ui/jquery.easyui.min.js HTTP/1.1" 304 -
101.228.187.155 - - [05/Sep/2023:11:15:09 +0800] "GET /xingrg/javascript/jquery_easy_ui/easyui-lang-zh_CN.js HTTP/1.1" 304 -
101.228.187.155 - - [05/Sep/2023:11:15:09 +0800] "GET /xingrg/javascript/jquery.form.js HTTP/1.1" 304 -
101.228.187.155 - - [05/Sep/2023:11:15:09 +0800] "GET /xingrg/javascript/jquery.utils.js HTTP/1.1" 304 -
101.228.187.155 - - [05/Sep/2023:11:15:09 +0800] "GET /xingrg/javascript/jquery.timers.js HTTP/1.1" 304 -
101.228.187.155 - - [05/Sep/2023:11:15:09 +0800] "GET /favicon.ico HTTP/1.1" 404 -
101.228.187.155 - - [05/Sep/2023:11:15:09 +0800] "GET /xingrg/javascript/jquery_easy_ui/themes/icons/settle_new.png HTTP/1.1" 304 -
101.228.187.155 - - [05/Sep/2023:11:15:09 +0800] "GET /xingrg/images/blue/navBackgound.jpg HTTP/1.1" 304 -
101.228.187.155 - - [05/Sep/2023:11:15:09 +0800] "POST /xingrg/all/common/load_tree.html?tree=area_rest_tree_json&manage=1 HTTP/1.1" 200 351
101.228.187.155 - - [05/Sep/2023:11:15:09 +0800] "GET /xingrg/images/blue/pingpu.png HTTP/1.1" 304 -
101.228.187.155 - - [05/Sep/2023:11:15:09 +0800] "GET /xingrg/javascript/jquery_easy_ui/themes/default/images/tabs_leftarrow.png HTTP/1.1" 304 -
101.228.187.155 - - [05/Sep/2023:11:15:09 +0800] "GET /xingrg/all/function/internal_message.html?_=1693883709884&CODE_STATE=count HTTP/1.1" 200 11
101.228.187.155 - - [05/Sep/2023:11:15:09 +0800] "GET /xingrg/check_reg.html?_=1693883709885 HTTP/1.1" 200 22
101.228.187.155 - - [05/Sep/2023:11:15:09 +0800] "GET /xingrg/javascript/jquery_easy_ui/themes/default/images/tabs_rightarrow.png HTTP/1.1" 304 -
101.228.187.155 - - [05/Sep/2023:11:15:09 +0800] "GET /xingrg/javascript/jquery_easy_ui/themes/default/images/panel_tool_collapse.gif HTTP/1.1" 304 -
101.228.187.155 - - [05/Sep/2023:11:15:10 +0800] "POST /xingrg/load_menu.html HTTP/1.1" 200 5138
101.228.187.155 - - [05/Sep/2023:11:15:10 +0800] "GET /xingrg/javascript/jquery_easy_ui/themes/default/images/tree_arrows.gif HTTP/1.1" 304 -
101.228.187.155 - - [05/Sep/2023:11:15:10 +0800] "GET /xingrg/javascript/jquery_easy_ui/themes/default/images/tree_folder_open.gif HTTP/1.1" 304 -
101.228.187.155 - - [05/Sep/2023:11:15:10 +0800] "GET /xingrg/javascript/jquery_easy_ui/themes/icons/search_new.png HTTP/1.1" 304 -
