222.70.241.101 - - [05/Sep/2023:09:16:24 +0800] "GET /xingrg/all/function/internal_message.html?_=1693876589509&CODE_STATE=getMsg HTTP/1.1" 200 27
101.83.145.37 - - [05/Sep/2023:09:16:34 +0800] "GET /xingrg/all/function/internal_message.html?_=1693876387003&CODE_STATE=getMsg HTTP/1.1" 200 27
180.165.48.189 - - [05/Sep/2023:09:16:38 +0800] "GET /xingrg/kc/print/load_data.html?order_code=212023090501552&kc_code=cgsh&condition= HTTP/1.1" 200 6545
116.232.195.127 - - [05/Sep/2023:09:16:41 +0800] "GET /xingrg/check_reg.html?_=1693876494387 HTTP/1.1" 200 22
180.174.205.229 - - [05/Sep/2023:09:16:42 +0800] "GET /xingrg/all/function/internal_message.html?_=1693876600681&CODE_STATE=getMsg HTTP/1.1" 200 27
58.40.7.146 - - [05/Sep/2023:09:16:45 +0800] "GET /xingrg/check_reg.html?_=1693876605015 HTTP/1.1" 200 22
58.40.7.146 - - [05/Sep/2023:09:16:45 +0800] "GET /xingrg/all/function/internal_message.html?_=1693876605510&CODE_STATE=getMsg HTTP/1.1" 200 27
180.165.48.189 - - [05/Sep/2023:09:16:46 +0800] "GET /xingrg/kc/buy/cgsh_order_add.html HTTP/1.1" 200 72360
180.165.48.189 - - [05/Sep/2023:09:16:46 +0800] "POST /xingrg/kc/buy/cgsh_order_operate.html HTTP/1.1" 200 8245
180.165.48.189 - - [05/Sep/2023:09:16:46 +0800] "GET /xingrg/javascript/easyui/themes/default/validatebox.css HTTP/1.1" 404 1104
124.79.246.190 - - [05/Sep/2023:09:16:51 +0800] "GET /xingrg/all/function/internal_message.html?_=1693876906632&CODE_STATE=getMsg HTTP/1.1" 200 27
124.79.246.190 - - [05/Sep/2023:09:16:51 +0800] "GET /xingrg/check_reg.html?_=1693876906633 HTTP/1.1" 200 22
222.70.180.200 - - [05/Sep/2023:09:16:57 +0800] "GET /xingrg/all/function/internal_message.html?_=1693876616079&CODE_STATE=getMsg HTTP/1.1" 200 27
114.95.241.104 - - [05/Sep/2023:09:16:58 +0800] "GET /xingrg/all/function/internal_message.html?_=1693876510084&CODE_STATE=getMsg HTTP/1.1" 200 27
222.70.107.27 - - [05/Sep/2023:09:17:00 +0800] "GET /xingrg/all/function/internal_message.html?_=1693876624564&CODE_STATE=getMsg HTTP/1.1" 200 27
180.165.48.189 - - [05/Sep/2023:09:17:11 +0800] "GET /xingrg/kc/buy/cgsh_order_operate.html?command=get_materiel&rest_code=00108&code=00101006293&supplier_code=00100012&order_time=2023-09-05 HTTP/1.1" 200 430
101.83.145.37 - - [05/Sep/2023:09:17:12 +0800] "GET /xingrg/all/function/internal_message.html?_=1693876634041&CODE_STATE=getMsg HTTP/1.1" 200 27
180.165.48.189 - - [05/Sep/2023:09:17:17 +0800] "GET /xingrg/check_reg.html?_=1693876636611 HTTP/1.1" 200 22
180.165.48.189 - - [05/Sep/2023:09:17:17 +0800] "GET /xingrg/all/function/internal_message.html?_=1693876636614&CODE_STATE=getMsg HTTP/1.1" 200 27
172.20.0.100 - - [05/Sep/2023:09:17:18 +0800] "GET /xingrg/all/function/internal_message.html?_=1693876638863&CODE_STATE=getMsg HTTP/1.1" 200 27
116.232.195.127 - - [05/Sep/2023:09:17:23 +0800] "GET /xingrg/all/function/internal_message.html?_=1693876536610&CODE_STATE=getMsg HTTP/1.1" 200 27
222.70.241.101 - - [05/Sep/2023:09:17:24 +0800] "GET /xingrg/all/function/internal_message.html?_=1693876649515&CODE_STATE=getMsg HTTP/1.1" 200 27
180.165.48.189 - - [05/Sep/2023:09:17:24 +0800] "GET /xingrg/kc/buy/cgsh_order_operate.html?command=get_materiel&rest_code=00108&code=00101006057&supplier_code=00100012&order_time=2023-09-05 HTTP/1.1" 200 413
101.83.145.37 - - [05/Sep/2023:09:17:34 +0800] "GET /xingrg/all/function/internal_message.html?_=1693876447002&CODE_STATE=getMsg HTTP/1.1" 200 27
180.165.48.189 - - [05/Sep/2023:09:17:35 +0800] "GET /xingrg/kc/buy/cgsh_order_operate.html?command=get_materiel&rest_code=00108&code=00101002027&supplier_code=00100012&order_time=2023-09-05 HTTP/1.1" 200 413
180.174.205.229 - - [05/Sep/2023:09:17:42 +0800] "GET /xingrg/all/function/internal_message.html?_=1693876660697&CODE_STATE=getMsg HTTP/1.1" 200 27
58.40.7.146 - - [05/Sep/2023:09:17:45 +0800] "GET /xingrg/all/function/internal_message.html?_=1693876665481&CODE_STATE=getMsg HTTP/1.1" 200 27
222.70.180.200 - - [05/Sep/2023:09:17:45 +0800] "GET /xingrg/kc/buy/cgsh_order_operate.html?command=get_materiel&rest_code=00111&code=00101006115&supplier_code=00100012&order_time=2023-09-05 HTTP/1.1" 200 409
124.79.246.190 - - [05/Sep/2023:09:17:51 +0800] "GET /xingrg/all/function/internal_message.html?_=1693876966634&CODE_STATE=getMsg HTTP/1.1" 200 27
222.70.180.200 - - [05/Sep/2023:09:17:57 +0800] "GET /xingrg/all/function/internal_message.html?_=1693876676080&CODE_STATE=getMsg HTTP/1.1" 200 27
114.95.241.104 - - [05/Sep/2023:09:17:58 +0800] "GET /xingrg/all/function/internal_message.html?_=1693876570143&CODE_STATE=getMsg HTTP/1.1" 200 27
222.70.107.27 - - [05/Sep/2023:09:18:00 +0800] "GET /xingrg/all/function/internal_message.html?_=1693876684562&CODE_STATE=getMsg HTTP/1.1" 200 27
180.165.48.189 - - [05/Sep/2023:09:18:08 +0800] "POST /xingrg/kc/buy/cgsh_order_operate.html HTTP/1.1" 200 37
180.165.48.189 - - [05/Sep/2023:09:18:12 +0800] "POST /xingrg/kc/buy/cgsh_order_operate.html HTTP/1.1" 200 3861
101.83.145.37 - - [05/Sep/2023:09:18:12 +0800] "GET /xingrg/all/function/internal_message.html?_=1693876694042&CODE_STATE=getMsg HTTP/1.1" 200 27
101.83.145.37 - - [05/Sep/2023:09:18:12 +0800] "GET /xingrg/check_reg.html?_=1693876694046 HTTP/1.1" 200 22
180.165.48.189 - - [05/Sep/2023:09:18:15 +0800] "GET /xingrg/kc/print/load_data.html?order_code=212023090501553&kc_code=cgsh&condition= HTTP/1.1" 200 1249
180.165.48.189 - - [05/Sep/2023:09:18:17 +0800] "GET /xingrg/all/function/internal_message.html?_=1693876696623&CODE_STATE=getMsg HTTP/1.1" 200 27
172.20.0.100 - - [05/Sep/2023:09:18:18 +0800] "GET /xingrg/all/function/internal_message.html?_=1693876698866&CODE_STATE=getMsg HTTP/1.1" 200 27
180.165.48.189 - - [05/Sep/2023:09:18:19 +0800] "GET /xingrg/kc/buy/cgsh_order_add.html HTTP/1.1" 200 72360
180.165.48.189 - - [05/Sep/2023:09:18:20 +0800] "POST /xingrg/kc/buy/cgsh_order_operate.html HTTP/1.1" 200 8245
180.165.48.189 - - [05/Sep/2023:09:18:20 +0800] "GET /xingrg/javascript/easyui/themes/default/validatebox.css HTTP/1.1" 404 1104
222.70.180.200 - - [05/Sep/2023:09:18:21 +0800] "GET /xingrg/kc/buy/cgsh_order_operate.html?command=get_materiel&rest_code=00111&code=00101006184&supplier_code=00100012&order_time=2023-09-05 HTTP/1.1" 200 408
116.232.195.127 - - [05/Sep/2023:09:18:23 +0800] "GET /xingrg/all/function/internal_message.html?_=1693876596610&CODE_STATE=getMsg HTTP/1.1" 200 27
222.70.241.101 - - [05/Sep/2023:09:18:24 +0800] "GET /xingrg/all/function/internal_message.html?_=1693876709764&CODE_STATE=getMsg HTTP/1.1" 200 27
180.165.48.189 - - [05/Sep/2023:09:18:31 +0800] "GET /xingrg/kc/buy/cgsh_order_operate.html?command=get_materiel&rest_code=00108&code=00101023022&supplier_code=00100036&order_time=2023-09-05 HTTP/1.1" 200 406
101.83.145.37 - - [05/Sep/2023:09:18:34 +0800] "GET /xingrg/all/function/internal_message.html?_=1693876507000&CODE_STATE=getMsg HTTP/1.1" 200 27
222.70.241.101 - - [05/Sep/2023:09:18:39 +0800] "GET /xingrg/check_reg.html?_=1693876724989 HTTP/1.1" 200 22
180.165.48.189 - - [05/Sep/2023:09:18:40 +0800] "GET /xingrg/kc/buy/cgsh_order_operate.html?command=get_materiel&rest_code=00108&code=00101011005&supplier_code=00100036&order_time=2023-09-05 HTTP/1.1" 200 408
180.174.205.229 - - [05/Sep/2023:09:18:42 +0800] "GET /xingrg/all/function/internal_message.html?_=1693876720697&CODE_STATE=getMsg HTTP/1.1" 200 27
58.40.7.146 - - [05/Sep/2023:09:18:45 +0800] "GET /xingrg/all/function/internal_message.html?_=1693876725456&CODE_STATE=getMsg HTTP/1.1" 200 27
124.79.246.190 - - [05/Sep/2023:09:18:51 +0800] "GET /xingrg/all/function/internal_message.html?_=1693877026633&CODE_STATE=getMsg HTTP/1.1" 200 27
222.70.180.200 - - [05/Sep/2023:09:18:57 +0800] "GET /xingrg/all/function/internal_message.html?_=1693876736086&CODE_STATE=getMsg HTTP/1.1" 200 27
114.95.241.104 - - [05/Sep/2023:09:18:58 +0800] "GET /xingrg/all/function/internal_message.html?_=1693876630144&CODE_STATE=getMsg HTTP/1.1" 200 27
222.70.107.27 - - [05/Sep/2023:09:19:00 +0800] "GET /xingrg/all/function/internal_message.html?_=1693876744560&CODE_STATE=getMsg HTTP/1.1" 200 27
101.83.145.37 - - [05/Sep/2023:09:19:12 +0800] "GET /xingrg/all/function/internal_message.html?_=1693876754045&CODE_STATE=getMsg HTTP/1.1" 200 27
180.165.48.189 - - [05/Sep/2023:09:19:17 +0800] "GET /xingrg/all/function/internal_message.html?_=1693876756603&CODE_STATE=getMsg HTTP/1.1" 200 27
172.20.0.100 - - [05/Sep/2023:09:19:18 +0800] "GET /xingrg/all/function/internal_message.html?_=1693876758869&CODE_STATE=getMsg HTTP/1.1" 200 27
116.232.195.127 - - [05/Sep/2023:09:19:23 +0800] "GET /xingrg/all/function/internal_message.html?_=1693876656593&CODE_STATE=getMsg HTTP/1.1" 200 27
222.70.241.101 - - [05/Sep/2023:09:19:24 +0800] "GET /xingrg/all/function/internal_message.html?_=1693876769777&CODE_STATE=getMsg HTTP/1.1" 200 27
180.165.48.189 - - [05/Sep/2023:09:19:34 +0800] "GET /xingrg/kc/buy/cgsh_order_operate.html?command=get_materiel&rest_code=00108&code=00102014054&supplier_code=00100036&order_time=2023-09-05 HTTP/1.1" 200 405
101.83.145.37 - - [05/Sep/2023:09:19:34 +0800] "GET /xingrg/all/function/internal_message.html?_=1693876566998&CODE_STATE=getMsg HTTP/1.1" 200 27
180.174.205.229 - - [05/Sep/2023:09:19:42 +0800] "GET /xingrg/all/function/internal_message.html?_=1693876780689&CODE_STATE=getMsg HTTP/1.1" 200 27
58.40.7.146 - - [05/Sep/2023:09:19:45 +0800] "GET /xingrg/all/function/internal_message.html?_=1693876785427&CODE_STATE=getMsg HTTP/1.1" 200 27
124.79.246.190 - - [05/Sep/2023:09:19:51 +0800] "GET /xingrg/all/function/internal_message.html?_=1693877086630&CODE_STATE=getMsg HTTP/1.1" 200 27
222.70.180.200 - - [05/Sep/2023:09:19:57 +0800] "GET /xingrg/all/function/internal_message.html?_=1693876796079&CODE_STATE=getMsg HTTP/1.1" 200 27
222.70.180.200 - - [05/Sep/2023:09:19:57 +0800] "GET /xingrg/check_reg.html?_=1693876796088 HTTP/1.1" 200 22
114.95.241.104 - - [05/Sep/2023:09:19:58 +0800] "GET /xingrg/check_reg.html?_=1693876689831 HTTP/1.1" 200 22
114.95.241.104 - - [05/Sep/2023:09:19:58 +0800] "GET /xingrg/all/function/internal_message.html?_=1693876690156&CODE_STATE=getMsg HTTP/1.1" 200 27
222.70.107.27 - - [05/Sep/2023:09:20:00 +0800] "GET /xingrg/all/function/internal_message.html?_=1693876804558&CODE_STATE=getMsg HTTP/1.1" 200 27
222.70.107.27 - - [05/Sep/2023:09:20:00 +0800] "GET /xingrg/check_reg.html?_=1693876804559 HTTP/1.1" 200 22
101.83.241.137 - - [05/Sep/2023:09:20:11 +0800] "GET /xingrg/login.html HTTP/1.1" 200 7641
101.83.241.137 - - [05/Sep/2023:09:20:11 +0800] "GET /favicon.ico HTTP/1.1" 404 -
180.169.147.146 - - [05/Sep/2023:09:20:12 +0800] "GET /xingrg/check_reg.html?_=1693876812289 HTTP/1.1" 200 22
101.83.145.37 - - [05/Sep/2023:09:20:12 +0800] "GET /xingrg/all/function/internal_message.html?_=1693876814049&CODE_STATE=getMsg HTTP/1.1" 200 27
101.83.241.137 - - [05/Sep/2023:09:20:13 +0800] "POST /xingrg/login.do HTTP/1.1" 302 -
101.83.241.137 - - [05/Sep/2023:09:20:13 +0800] "GET /xingrg/index.html?sysBaseUrl=http%3A%2F%2F180.169.147.146%3A18081%2Fxingrg%2F&costTime=878×tamp=1693876813819 HTTP/1.1" 200 17179
101.83.241.137 - - [05/Sep/2023:09:20:14 +0800] "GET /favicon.ico HTTP/1.1" 404 -
101.83.241.137 - - [05/Sep/2023:09:20:14 +0800] "POST /xingrg/all/common/load_tree.html?tree=area_rest_tree_json&manage=1 HTTP/1.1" 200 351
101.83.241.137 - - [05/Sep/2023:09:20:14 +0800] "GET /xingrg/all/function/internal_message.html?_=1693876957895&CODE_STATE=count HTTP/1.1" 200 11
101.83.241.137 - - [05/Sep/2023:09:20:14 +0800] "GET /xingrg/check_reg.html?_=1693876957895 HTTP/1.1" 200 22
101.83.241.137 - - [05/Sep/2023:09:20:15 +0800] "POST /xingrg/load_menu.html HTTP/1.1" 200 5138
180.165.48.189 - - [05/Sep/2023:09:20:17 +0800] "GET /xingrg/all/function/internal_message.html?_=1693876816589&CODE_STATE=getMsg HTTP/1.1" 200 27
222.70.180.200 - - [05/Sep/2023:09:20:18 +0800] "GET /xingrg/kc/buy/cgsh_order_operate.html?command=get_materiel&rest_code=00111&code=00101006129&supplier_code=00100012&order_time=2023-09-05 HTTP/1.1" 200 439
172.20.0.100 - - [05/Sep/2023:09:20:18 +0800] "GET /xingrg/all/function/internal_message.html?_=1693876818871&CODE_STATE=getMsg HTTP/1.1" 200 27
116.232.195.127 - - [05/Sep/2023:09:20:23 +0800] "GET /xingrg/all/function/internal_message.html?_=1693876716592&CODE_STATE=getMsg HTTP/1.1" 200 27
222.70.241.101 - - [05/Sep/2023:09:20:24 +0800] "GET /xingrg/all/function/internal_message.html?_=1693876829790&CODE_STATE=getMsg HTTP/1.1" 200 27
101.83.145.37 - - [05/Sep/2023:09:20:34 +0800] "GET /xingrg/all/function/internal_message.html?_=1693876627013&CODE_STATE=getMsg HTTP/1.1" 200 27
101.83.145.37 - - [05/Sep/2023:09:20:34 +0800] "GET /xingrg/check_reg.html?_=1693876627014 HTTP/1.1" 200 22
222.67.237.86 - - [05/Sep/2023:09:20:36 +0800] "GET /xingrg/kc/buy/cgsh_order_add.html HTTP/1.1" 302 -
222.67.237.86 - - [05/Sep/2023:09:20:36 +0800] "GET /xingrg/login.html HTTP/1.1" 200 7641
222.67.237.86 - - [05/Sep/2023:09:20:37 +0800] "GET /xingrg/login.html HTTP/1.1" 200 7641
222.67.237.86 - - [05/Sep/2023:09:20:37 +0800] "GET /favicon.ico HTTP/1.1" 404 -
222.67.237.86 - - [05/Sep/2023:09:20:40 +0800] "POST /xingrg/login.do HTTP/1.1" 302 -
222.67.237.86 - - [05/Sep/2023:09:20:40 +0800] "GET /xingrg/index.html?sysBaseUrl=http%3A%2F%2F180.169.147.146%3A18081%2Fxingrg%2F&costTime=851×tamp=1693876840280 HTTP/1.1" 200 17179
222.67.237.86 - - [05/Sep/2023:09:20:40 +0800] "GET /favicon.ico HTTP/1.1" 404 -
222.67.237.86 - - [05/Sep/2023:09:20:40 +0800] "GET /xingrg/all/function/internal_message.html?_=1693876280155&CODE_STATE=count HTTP/1.1" 200 11
222.67.237.86 - - [05/Sep/2023:09:20:40 +0800] "GET /xingrg/check_reg.html?_=1693876280156 HTTP/1.1" 200 22
222.67.237.86 - - [05/Sep/2023:09:20:40 +0800] "POST /xingrg/all/common/load_tree.html?tree=area_rest_tree_json&manage=1 HTTP/1.1" 200 351
222.67.237.86 - - [05/Sep/2023:09:20:40 +0800] "POST /xingrg/load_menu.html HTTP/1.1" 200 5138
180.174.205.229 - - [05/Sep/2023:09:20:42 +0800] "GET /xingrg/all/function/internal_message.html?_=1693876840688&CODE_STATE=getMsg HTTP/1.1" 200 27
180.174.205.229 - - [05/Sep/2023:09:20:42 +0800] "GET /xingrg/check_reg.html?_=1693876840924 HTTP/1.1" 200 22
222.67.237.86 - - [05/Sep/2023:09:20:43 +0800] "GET /xingrg/kc/buy/buy_main.html HTTP/1.1" 200 12412
222.67.237.86 - - [05/Sep/2023:09:20:43 +0800] "GET /xingrg/css/new_ie.css HTTP/1.1" 404 1036
58.40.7.146 - - [05/Sep/2023:09:20:45 +0800] "GET /xingrg/all/function/internal_message.html?_=1693876845397&CODE_STATE=getMsg HTTP/1.1" 200 27
180.165.48.189 - - [05/Sep/2023:09:20:51 +0800] "GET /xingrg/kc/buy/cgsh_order_operate.html?command=get_materiel&rest_code=00108&code=00102002268&supplier_code=00100036&order_time=2023-09-05 HTTP/1.1" 200 423
124.79.246.190 - - [05/Sep/2023:09:20:51 +0800] "GET /xingrg/all/function/internal_message.html?_=1693877146645&CODE_STATE=getMsg HTTP/1.1" 200 27
222.70.180.200 - - [05/Sep/2023:09:20:57 +0800] "GET /xingrg/all/function/internal_message.html?_=1693876856081&CODE_STATE=getMsg HTTP/1.1" 200 27
114.95.241.104 - - [05/Sep/2023:09:20:58 +0800] "GET /xingrg/all/function/internal_message.html?_=1693876750170&CODE_STATE=getMsg HTTP/1.1" 200 27
222.67.237.86 - - [05/Sep/2023:09:20:59 +0800] "GET /xingrg/images/yd/bt.gif HTTP/1.1" 404 1040
222.70.107.27 - - [05/Sep/2023:09:21:00 +0800] "GET /xingrg/all/function/internal_message.html?_=1693876864556&CODE_STATE=getMsg HTTP/1.1" 200 27
222.67.237.86 - - [05/Sep/2023:09:21:00 +0800] "GET /xingrg/kc/buy/cgsh_order_list.html HTTP/1.1" 200 56492
222.67.237.86 - - [05/Sep/2023:09:21:03 +0800] "POST /xingrg/kc/buy/cgsh_list_operate.html HTTP/1.1" 200 986
222.67.237.86 - - [05/Sep/2023:09:21:07 +0800] "GET /xingrg/kc/buy/cgsh_order_add.html HTTP/1.1" 200 72268
101.80.225.121 - - [05/Sep/2023:09:21:07 +0800] "POST /xingrg/services/DataTransmitService HTTP/1.1" 200 524
222.67.237.86 - - [05/Sep/2023:09:21:07 +0800] "GET /xingrg/words/20230904134932_words.js HTTP/1.1" 304 -
222.67.237.86 - - [05/Sep/2023:09:21:07 +0800] "POST /xingrg/kc/buy/cgsh_order_operate.html HTTP/1.1" 200 8245
222.67.237.86 - - [05/Sep/2023:09:21:07 +0800] "GET /xingrg/javascript/easyui/themes/default/validatebox.css HTTP/1.1" 404 1104
222.67.237.86 - - [05/Sep/2023:09:21:07 +0800] "GET /xingrg/all/common/auto_word.html?type=employee&rest_code=00141 HTTP/1.1" 200 201
222.67.237.86 - - [05/Sep/2023:09:21:07 +0800] "GET /xingrg/all/common/auto_word.html?type=employee&rest_code=00141 HTTP/1.1" 200 201
101.83.145.37 - - [05/Sep/2023:09:21:12 +0800] "GET /xingrg/all/function/internal_message.html?_=1693876874048&CODE_STATE=getMsg HTTP/1.1" 200 27
101.83.241.137 - - [05/Sep/2023:09:21:14 +0800] "GET /xingrg/all/function/internal_message.html?_=1693877017922&CODE_STATE=getMsg HTTP/1.1" 200 27
180.165.48.189 - - [05/Sep/2023:09:21:17 +0800] "GET /xingrg/all/function/internal_message.html?_=1693876876569&CODE_STATE=getMsg HTTP/1.1" 200 27
172.20.0.100 - - [05/Sep/2023:09:21:18 +0800] "GET /xingrg/check_reg.html?_=1693876878873 HTTP/1.1" 200 22
172.20.0.100 - - [05/Sep/2023:09:21:19 +0800] "GET /xingrg/all/function/internal_message.html?_=1693876878876&CODE_STATE=getMsg HTTP/1.1" 200 27
116.232.195.127 - - [05/Sep/2023:09:21:23 +0800] "GET /xingrg/all/function/internal_message.html?_=1693876776577&CODE_STATE=getMsg HTTP/1.1" 200 27
222.70.241.101 - - [05/Sep/2023:09:21:24 +0800] "GET /xingrg/all/function/internal_message.html?_=1693876890035&CODE_STATE=getMsg HTTP/1.1" 200 27
180.165.48.189 - - [05/Sep/2023:09:21:28 +0800] "POST /xingrg/kc/buy/cgsh_order_operate.html HTTP/1.1" 200 37
222.67.237.86 - - [05/Sep/2023:09:21:28 +0800] "GET /xingrg/javascript/auto/indicator.gif HTTP/1.1" 404 1066
180.165.48.189 - - [05/Sep/2023:09:21:30 +0800] "POST /xingrg/kc/buy/cgsh_order_operate.html HTTP/1.1" 200 3834
222.70.180.200 - - [05/Sep/2023:09:21:30 +0800] "GET /xingrg/kc/buy/cgsh_order_operate.html?command=get_materiel&rest_code=00111&code=00101006112&supplier_code=00100012&order_time=2023-09-05 HTTP/1.1" 200 409
180.165.48.189 - - [05/Sep/2023:09:21:31 +0800] "GET /xingrg/kc/print/load_data.html?order_code=212023090501554&kc_code=cgsh&condition= HTTP/1.1" 200 1220
222.67.237.86 - - [05/Sep/2023:09:21:33 +0800] "GET /xingrg/javascript/jquery_tools/images/prev.gif HTTP/1.1" 404 1086
222.67.237.86 - - [05/Sep/2023:09:21:33 +0800] "GET /xingrg/javascript/jquery_tools/images/next.gif HTTP/1.1" 404 1086
101.83.145.37 - - [05/Sep/2023:09:21:34 +0800] "GET /xingrg/all/function/internal_message.html?_=1693876687039&CODE_STATE=getMsg HTTP/1.1" 200 27
222.67.237.86 - - [05/Sep/2023:09:21:39 +0800] "GET /xingrg/kc/buy/cgsh_order_operate.html?command=get_materiel&rest_code=00141&code=00101006006&supplier_code=00100012&order_time=2023-09-05 HTTP/1.1" 200 408
222.67.237.86 - - [05/Sep/2023:09:21:40 +0800] "GET /xingrg/all/function/internal_message.html?_=1693876340175&CODE_STATE=getMsg HTTP/1.1" 200 27
116.232.195.127 - - [05/Sep/2023:09:21:41 +0800] "GET /xingrg/check_reg.html?_=1693876794368 HTTP/1.1" 200 22
180.174.205.229 - - [05/Sep/2023:09:21:42 +0800] "GET /xingrg/all/function/internal_message.html?_=1693876900694&CODE_STATE=getMsg HTTP/1.1" 200 27
58.40.7.146 - - [05/Sep/2023:09:21:45 +0800] "GET /xingrg/check_reg.html?_=1693876904992 HTTP/1.1" 200 22
58.40.7.146 - - [05/Sep/2023:09:21:45 +0800] "GET /xingrg/all/function/internal_message.html?_=1693876905370&CODE_STATE=getMsg HTTP/1.1" 200 27
222.67.237.86 - - [05/Sep/2023:09:21:50 +0800] "GET /xingrg/kc/buy/cgsh_order_operate.html?command=get_materiel&rest_code=00141&code=00101006193&supplier_code=00100012&order_time=2023-09-05 HTTP/1.1" 200 409
124.79.246.190 - - [05/Sep/2023:09:21:52 +0800] "GET /xingrg/all/function/internal_message.html?_=1693877206645&CODE_STATE=getMsg HTTP/1.1" 200 27
124.79.246.190 - - [05/Sep/2023:09:21:52 +0800] "GET /xingrg/check_reg.html?_=1693877206643 HTTP/1.1" 200 22
222.70.180.200 - - [05/Sep/2023:09:21:56 +0800] "GET /xingrg/kc/buy/cgsh_order_operate.html?command=get_materiel&rest_code=00111&code=00101006111&supplier_code=00100012&order_time=2023-09-05 HTTP/1.1" 200 409
222.70.180.200 - - [05/Sep/2023:09:21:57 +0800] "GET /xingrg/all/function/internal_message.html?_=1693876916086&CODE_STATE=getMsg HTTP/1.1" 200 27
114.95.241.104 - - [05/Sep/2023:09:21:58 +0800] "GET /xingrg/all/function/internal_message.html?_=1693876810184&CODE_STATE=getMsg HTTP/1.1" 200 27
222.70.107.27 - - [05/Sep/2023:09:22:00 +0800] "GET /xingrg/all/function/internal_message.html?_=1693876924554&CODE_STATE=getMsg HTTP/1.1" 200 27
222.67.237.86 - - [05/Sep/2023:09:22:04 +0800] "GET /xingrg/kc/buy/cgsh_order_operate.html?command=get_materiel&rest_code=00141&code=00101006111&supplier_code=00100012&order_time=2023-09-05 HTTP/1.1" 200 409
101.83.145.37 - - [05/Sep/2023:09:22:12 +0800] "GET /xingrg/all/function/internal_message.html?_=1693876934047&CODE_STATE=getMsg HTTP/1.1" 200 27
101.83.241.137 - - [05/Sep/2023:09:22:14 +0800] "GET /xingrg/all/function/internal_message.html?_=1693877077922&CODE_STATE=getMsg HTTP/1.1" 200 27
222.67.237.86 - - [05/Sep/2023:09:22:17 +0800] "POST /xingrg/kc/buy/cgsh_order_operate.html HTTP/1.1" 200 37
180.165.48.189 - - [05/Sep/2023:09:22:17 +0800] "GET /xingrg/all/function/internal_message.html?_=1693876936552&CODE_STATE=getMsg HTTP/1.1" 200 27
180.165.48.189 - - [05/Sep/2023:09:22:17 +0800] "GET /xingrg/check_reg.html?_=1693876936600 HTTP/1.1" 200 22
172.20.0.100 - - [05/Sep/2023:09:22:18 +0800] "GET /xingrg/all/function/internal_message.html?_=1693876938860&CODE_STATE=getMsg HTTP/1.1" 200 27
116.232.195.127 - - [05/Sep/2023:09:22:23 +0800] "GET /xingrg/all/function/internal_message.html?_=1693876836566&CODE_STATE=getMsg HTTP/1.1" 200 27
222.70.241.101 - - [05/Sep/2023:09:22:24 +0800] "GET /xingrg/all/function/internal_message.html?_=1693876950051&CODE_STATE=getMsg HTTP/1.1" 200 27
222.70.180.200 - - [05/Sep/2023:09:22:24 +0800] "GET /xingrg/kc/buy/cgsh_order_operate.html?command=get_materiel&rest_code=00111&code=00101016030&supplier_code=00100012&order_time=2023-09-05 HTTP/1.1" 200 412
222.67.237.86 - - [05/Sep/2023:09:22:26 +0800] "POST /xingrg/kc/buy/cgsh_order_operate.html HTTP/1.1" 200 12
222.67.237.86 - - [05/Sep/2023:09:22:29 +0800] "GET /xingrg/kc/buy/cgsh_order_info.html?code=212023090501555 HTTP/1.1" 200 67177
222.67.237.86 - - [05/Sep/2023:09:22:30 +0800] "GET /xingrg/javascript/easyui/themes/default/validatebox.css HTTP/1.1" 404 1104
222.67.237.86 - - [05/Sep/2023:09:22:30 +0800] "POST /xingrg/kc/buy/cgsh_order_operate.html HTTP/1.1" 200 1781
222.67.237.86 - - [05/Sep/2023:09:22:31 +0800] "GET /xingrg/kc/print/load_config.html?kc_code=cgsh HTTP/1.1" 200 1924
222.67.237.86 - - [05/Sep/2023:09:22:32 +0800] "GET /xingrg/kc/print/load_data.html?order_code=212023090501555&kc_code=cgsh&condition= HTTP/1.1" 200 1236
101.83.145.37 - - [05/Sep/2023:09:22:34 +0800] "GET /xingrg/all/function/internal_message.html?_=1693876747038&CODE_STATE=getMsg HTTP/1.1" 200 27
222.67.237.86 - - [05/Sep/2023:09:22:40 +0800] "GET /xingrg/all/function/internal_message.html?_=1693876400157&CODE_STATE=getMsg HTTP/1.1" 200 27
180.174.205.229 - - [05/Sep/2023:09:22:42 +0800] "GET /xingrg/all/function/internal_message.html?_=1693876960691&CODE_STATE=getMsg HTTP/1.1" 200 27
58.40.7.146 - - [05/Sep/2023:09:22:45 +0800] "GET /xingrg/all/function/internal_message.html?_=1693876965396&CODE_STATE=getMsg HTTP/1.1" 200 27
124.79.246.190 - - [05/Sep/2023:09:22:51 +0800] "GET /xingrg/all/function/internal_message.html?_=1693877266643&CODE_STATE=getMsg HTTP/1.1" 200 27
222.70.180.200 - - [05/Sep/2023:09:22:57 +0800] "GET /xingrg/all/function/internal_message.html?_=1693876976086&CODE_STATE=getMsg HTTP/1.1" 200 27
114.95.241.104 - - [05/Sep/2023:09:22:58 +0800] "GET /xingrg/all/function/internal_message.html?_=1693876870244&CODE_STATE=getMsg HTTP/1.1" 200 27
222.70.107.27 - - [05/Sep/2023:09:23:00 +0800] "GET /xingrg/all/function/internal_message.html?_=1693876984579&CODE_STATE=getMsg HTTP/1.1" 200 27
222.67.237.86 - - [05/Sep/2023:09:23:02 +0800] "GET /xingrg/kc/buy/cgsh_order_add.html HTTP/1.1" 200 72268
222.67.237.86 - - [05/Sep/2023:09:23:02 +0800] "POST /xingrg/kc/buy/cgsh_order_operate.html HTTP/1.1" 200 8245
222.67.237.86 - - [05/Sep/2023:09:23:02 +0800] "GET /xingrg/javascript/easyui/themes/default/validatebox.css HTTP/1.1" 404 1104
101.83.145.37 - - [05/Sep/2023:09:23:12 +0800] "GET /xingrg/check_reg.html?_=1693876994047 HTTP/1.1" 200 22
101.83.145.37 - - [05/Sep/2023:09:23:12 +0800] "GET /xingrg/all/function/internal_message.html?_=1693876994049&CODE_STATE=getMsg HTTP/1.1" 200 27
222.67.237.86 - - [05/Sep/2023:09:23:13 +0800] "GET /xingrg/kc/buy/cgsh_order_operate.html?command=get_materiel&rest_code=00141&code=00101001069&supplier_code=00100040&order_time=2023-09-05 HTTP/1.1" 200 409
101.83.241.137 - - [05/Sep/2023:09:23:14 +0800] "GET /xingrg/all/function/internal_message.html?_=1693877137917&CODE_STATE=getMsg HTTP/1.1" 200 27
180.165.48.189 - - [05/Sep/2023:09:23:17 +0800] "GET /xingrg/all/function/internal_message.html?_=1693876996545&CODE_STATE=getMsg HTTP/1.1" 200 27
172.20.0.100 - - [05/Sep/2023:09:23:18 +0800] "GET /xingrg/all/function/internal_message.html?_=1693876998862&CODE_STATE=getMsg HTTP/1.1" 200 27
116.232.195.127 - - [05/Sep/2023:09:23:23 +0800] "GET /xingrg/all/function/internal_message.html?_=1693876896542&CODE_STATE=getMsg HTTP/1.1" 200 27
222.70.241.101 - - [05/Sep/2023:09:23:24 +0800] "GET /xingrg/all/function/internal_message.html?_=1693877010309&CODE_STATE=getMsg HTTP/1.1" 200 27
222.67.237.86 - - [05/Sep/2023:09:23:26 +0800] "GET /xingrg/kc/buy/cgsh_order_operate.html?command=get_materiel&rest_code=00141&code=00101001010&supplier_code=00100040&order_time=2023-09-05 HTTP/1.1" 200 409
101.93.220.58 - - [05/Sep/2023:09:23:30 +0800] "POST /xingrg/services/DataTransmitService HTTP/1.1" 200 524
101.83.145.37 - - [05/Sep/2023:09:23:34 +0800] "GET /xingrg/all/function/internal_message.html?_=1693876807037&CODE_STATE=getMsg HTTP/1.1" 200 27
222.70.241.101 - - [05/Sep/2023:09:23:39 +0800] "GET /xingrg/check_reg.html?_=1693877024999 HTTP/1.1" 200 22
222.67.237.86 - - [05/Sep/2023:09:23:40 +0800] "GET /xingrg/kc/buy/cgsh_order_operate.html?command=get_materiel&rest_code=00141&code=00101005037&supplier_code=00100040&order_time=2023-09-05 HTTP/1.1" 200 409
222.67.237.86 - - [05/Sep/2023:09:23:40 +0800] "GET /xingrg/all/function/internal_message.html?_=1693876460198&CODE_STATE=getMsg HTTP/1.1" 200 27
180.174.205.229 - - [05/Sep/2023:09:23:42 +0800] "GET /xingrg/all/function/internal_message.html?_=1693877020697&CODE_STATE=getMsg HTTP/1.1" 200 27
58.40.7.146 - - [05/Sep/2023:09:23:45 +0800] "GET /xingrg/all/function/internal_message.html?_=1693877025366&CODE_STATE=getMsg HTTP/1.1" 200 27
222.70.180.200 - - [05/Sep/2023:09:23:49 +0800] "POST /xingrg/kc/buy/cgsh_order_operate.html HTTP/1.1" 200 37
124.79.246.190 - - [05/Sep/2023:09:23:51 +0800] "GET /xingrg/all/function/internal_message.html?_=1693877326642&CODE_STATE=getMsg HTTP/1.1" 200 27
222.70.180.200 - - [05/Sep/2023:09:23:52 +0800] "POST /xingrg/kc/buy/cgsh_order_operate.html HTTP/1.1" 200 6233
222.70.180.200 - - [05/Sep/2023:09:23:55 +0800] "GET /xingrg/kc/print/load_config.html?kc_code=cgsh HTTP/1.1" 200 1924
222.70.180.200 - - [05/Sep/2023:09:23:57 +0800] "GET /xingrg/all/function/internal_message.html?_=1693877036090&CODE_STATE=getMsg HTTP/1.1" 200 27
114.95.241.104 - - [05/Sep/2023:09:23:58 +0800] "GET /xingrg/all/function/internal_message.html?_=1693876930259&CODE_STATE=getMsg HTTP/1.1" 200 27
222.67.237.86 - - [05/Sep/2023:09:23:58 +0800] "POST /xingrg/kc/buy/cgsh_order_operate.html HTTP/1.1" 200 37
222.70.180.200 - - [05/Sep/2023:09:23:58 +0800] "GET /xingrg/kc/print/load_data.html?order_code=212023090501556&kc_code=cgsh&condition= HTTP/1.1" 200 2124
222.70.107.27 - - [05/Sep/2023:09:24:00 +0800] "GET /xingrg/all/function/internal_message.html?_=1693877044592&CODE_STATE=getMsg HTTP/1.1" 200 27
222.67.237.86 - - [05/Sep/2023:09:24:06 +0800] "POST /xingrg/kc/buy/cgsh_order_operate.html HTTP/1.1" 200 12
222.67.237.86 - - [05/Sep/2023:09:24:09 +0800] "GET /xingrg/kc/buy/cgsh_order_info.html?code=212023090501557 HTTP/1.1" 200 67177
222.67.237.86 - - [05/Sep/2023:09:24:10 +0800] "GET /xingrg/javascript/easyui/themes/default/validatebox.css HTTP/1.1" 404 1104
222.67.237.86 - - [05/Sep/2023:09:24:11 +0800] "POST /xingrg/kc/buy/cgsh_order_operate.html HTTP/1.1" 200 1783
101.83.145.37 - - [05/Sep/2023:09:24:12 +0800] "GET /xingrg/all/function/internal_message.html?_=1693877054048&CODE_STATE=getMsg HTTP/1.1" 200 27
222.67.237.86 - - [05/Sep/2023:09:24:13 +0800] "GET /xingrg/kc/print/load_data.html?order_code=212023090501557&kc_code=cgsh&condition= HTTP/1.1" 200 1230
101.83.241.137 - - [05/Sep/2023:09:24:14 +0800] "GET /xingrg/all/function/internal_message.html?_=1693877197909&CODE_STATE=getMsg HTTP/1.1" 200 27
180.165.48.189 - - [05/Sep/2023:09:24:17 +0800] "GET /xingrg/all/function/internal_message.html?_=1693877056525&CODE_STATE=getMsg HTTP/1.1" 200 27
222.67.237.86 - - [05/Sep/2023:09:24:17 +0800] "GET /xingrg/kc/buy/cgsh_order_add.html HTTP/1.1" 200 72268
222.70.180.200 - - [05/Sep/2023:09:24:17 +0800] "GET /xingrg/kc/buy/cgsh_order_add.html HTTP/1.1" 200 72218
222.70.180.200 - - [05/Sep/2023:09:24:18 +0800] "POST /xingrg/kc/buy/cgsh_order_operate.html HTTP/1.1" 200 8245
222.67.237.86 - - [05/Sep/2023:09:24:18 +0800] "POST /xingrg/kc/buy/cgsh_order_operate.html HTTP/1.1" 200 8245
222.70.180.200 - - [05/Sep/2023:09:24:18 +0800] "GET /xingrg/javascript/easyui/themes/default/validatebox.css HTTP/1.1" 404 1104
222.67.237.86 - - [05/Sep/2023:09:24:18 +0800] "GET /xingrg/javascript/easyui/themes/default/validatebox.css HTTP/1.1" 404 1104
172.20.0.100 - - [05/Sep/2023:09:24:18 +0800] "GET /xingrg/all/function/internal_message.html?_=1693877058865&CODE_STATE=getMsg HTTP/1.1" 200 27
116.232.195.127 - - [05/Sep/2023:09:24:23 +0800] "GET /xingrg/all/function/internal_message.html?_=1693876956528&CODE_STATE=getMsg HTTP/1.1" 200 27
222.70.241.101 - - [05/Sep/2023:09:24:24 +0800] "GET /xingrg/all/function/internal_message.html?_=1693877070312&CODE_STATE=getMsg HTTP/1.1" 200 27
101.83.145.37 - - [05/Sep/2023:09:24:34 +0800] "GET /xingrg/all/function/internal_message.html?_=1693876867038&CODE_STATE=getMsg HTTP/1.1" 200 27
222.67.237.86 - - [05/Sep/2023:09:24:35 +0800] "GET /xingrg/kc/buy/cgsh_order_operate.html?command=get_materiel&rest_code=00141&code=00101011001&supplier_code=00100036&order_time=2023-09-05 HTTP/1.1" 200 423
222.67.237.86 - - [05/Sep/2023:09:24:40 +0800] "GET /xingrg/all/function/internal_message.html?_=1693876520184&CODE_STATE=getMsg HTTP/1.1" 200 27
180.174.205.229 - - [05/Sep/2023:09:24:42 +0800] "GET /xingrg/all/function/internal_message.html?_=1693877080696&CODE_STATE=getMsg HTTP/1.1" 200 27
222.67.237.86 - - [05/Sep/2023:09:24:43 +0800] "GET /xingrg/kc/buy/cgsh_order_operate.html?command=get_materiel&rest_code=00141&code=00101010092&supplier_code=00100036&order_time=2023-09-05 HTTP/1.1" 200 431
58.40.7.146 - - [05/Sep/2023:09:24:45 +0800] "GET /xingrg/all/function/internal_message.html?_=1693877085352&CODE_STATE=getMsg HTTP/1.1" 200 27
124.79.246.190 - - [05/Sep/2023:09:24:51 +0800] "GET /xingrg/all/function/internal_message.html?_=1693877386643&CODE_STATE=getMsg HTTP/1.1" 200 27
222.67.237.86 - - [05/Sep/2023:09:24:57 +0800] "GET /xingrg/kc/buy/cgsh_order_operate.html?command=get_materiel&rest_code=00141&code=00101011005&supplier_code=00100036&order_time=2023-09-05 HTTP/1.1" 200 408
222.70.180.200 - - [05/Sep/2023:09:24:57 +0800] "GET /xingrg/all/function/internal_message.html?_=1693877096110&CODE_STATE=getMsg HTTP/1.1" 200 27
222.70.180.200 - - [05/Sep/2023:09:24:57 +0800] "GET /xingrg/check_reg.html?_=1693877096101 HTTP/1.1" 200 22
114.95.241.104 - - [05/Sep/2023:09:24:58 +0800] "GET /xingrg/check_reg.html?_=1693876989882 HTTP/1.1" 200 22
114.95.241.104 - - [05/Sep/2023:09:24:58 +0800] "GET /xingrg/all/function/internal_message.html?_=1693876990271&CODE_STATE=getMsg HTTP/1.1" 200 27
222.70.107.27 - - [05/Sep/2023:09:25:00 +0800] "GET /xingrg/check_reg.html?_=1693877104590 HTTP/1.1" 200 22
222.70.107.27 - - [05/Sep/2023:09:25:00 +0800] "GET /xingrg/all/function/internal_message.html?_=1693877104591&CODE_STATE=getMsg HTTP/1.1" 200 27
222.67.237.86 - - [05/Sep/2023:09:25:07 +0800] "GET /xingrg/kc/buy/cgsh_order_operate.html?command=get_materiel&rest_code=00141&code=00101010136&supplier_code=00100036&order_time=2023-09-05 HTTP/1.1" 200 408
180.169.147.146 - - [05/Sep/2023:09:25:12 +0800] "GET /xingrg/check_reg.html?_=1693877112281 HTTP/1.1" 200 22
101.83.145.37 - - [05/Sep/2023:09:25:12 +0800] "GET /xingrg/all/function/internal_message.html?_=1693877114049&CODE_STATE=getMsg HTTP/1.1" 200 27
101.83.241.137 - - [05/Sep/2023:09:25:14 +0800] "GET /xingrg/check_reg.html?_=1693877257917 HTTP/1.1" 200 22
101.83.241.137 - - [05/Sep/2023:09:25:14 +0800] "GET /xingrg/all/function/internal_message.html?_=1693877257919&CODE_STATE=getMsg HTTP/1.1" 200 27
222.70.180.200 - - [05/Sep/2023:09:25:16 +0800] "GET /xingrg/kc/buy/cgsh_order_operate.html?command=get_materiel&rest_code=00111&code=00101016100&supplier_code=00100037&order_time=2023-09-05 HTTP/1.1" 200 412
180.165.48.189 - - [05/Sep/2023:09:25:17 +0800] "GET /xingrg/all/function/internal_message.html?_=1693877116518&CODE_STATE=getMsg HTTP/1.1" 200 27
172.20.0.100 - - [05/Sep/2023:09:25:19 +0800] "GET /xingrg/all/function/internal_message.html?_=1693877118870&CODE_STATE=getMsg HTTP/1.1" 200 27
116.232.195.127 - - [05/Sep/2023:09:25:23 +0800] "GET /xingrg/all/function/internal_message.html?_=1693877016509&CODE_STATE=getMsg HTTP/1.1" 200 27
222.70.241.101 - - [05/Sep/2023:09:25:24 +0800] "GET /xingrg/all/function/internal_message.html?_=1693877130326&CODE_STATE=getMsg HTTP/1.1" 200 27
222.67.237.86 - - [05/Sep/2023:09:25:30 +0800] "POST /xingrg/kc/buy/cgsh_order_operate.html HTTP/1.1" 200 37
101.83.145.37 - - [05/Sep/2023:09:25:34 +0800] "GET /xingrg/all/function/internal_message.html?_=1693876927039&CODE_STATE=getMsg HTTP/1.1" 200 27
101.83.145.37 - - [05/Sep/2023:09:25:34 +0800] "GET /xingrg/check_reg.html?_=1693876927042 HTTP/1.1" 200 22
222.67.237.86 - - [05/Sep/2023:09:25:37 +0800] "POST /xingrg/kc/buy/cgsh_order_operate.html HTTP/1.1" 200 12
101.83.145.37 - - [05/Sep/2023:09:25:40 +0800] "POST /xingrg/services/DataTransmitService HTTP/1.1" 200 524
222.67.237.86 - - [05/Sep/2023:09:25:40 +0800] "GET /xingrg/kc/buy/cgsh_order_info.html?code=212023090501558 HTTP/1.1" 200 67179
222.67.237.86 - - [05/Sep/2023:09:25:40 +0800] "GET /xingrg/check_reg.html?_=1693876580265 HTTP/1.1" 200 22
222.67.237.86 - - [05/Sep/2023:09:25:40 +0800] "GET /xingrg/all/function/internal_message.html?_=1693876580266&CODE_STATE=getMsg HTTP/1.1" 200 27
222.67.237.86 - - [05/Sep/2023:09:25:40 +0800] "GET /xingrg/javascript/easyui/themes/default/validatebox.css HTTP/1.1" 404 1104
101.83.145.37 - - [05/Sep/2023:09:25:41 +0800] "POST /xingrg/services/DataTransmitService HTTP/1.1" 200 2319
222.67.237.86 - - [05/Sep/2023:09:25:41 +0800] "POST /xingrg/kc/buy/cgsh_order_operate.html HTTP/1.1" 200 2402
101.83.145.37 - - [05/Sep/2023:09:25:42 +0800] "POST /xingrg/services/DataTransmitService HTTP/1.1" 200 167775
180.174.205.229 - - [05/Sep/2023:09:25:42 +0800] "GET /xingrg/all/function/internal_message.html?_=1693877140691&CODE_STATE=getMsg HTTP/1.1" 200 27
180.174.205.229 - - [05/Sep/2023:09:25:42 +0800] "GET /xingrg/check_reg.html?_=1693877140914 HTTP/1.1" 200 22
222.67.237.86 - - [05/Sep/2023:09:25:44 +0800] "GET /xingrg/kc/print/load_data.html?order_code=212023090501558&kc_code=cgsh&condition= HTTP/1.1" 200 1481
58.40.7.146 - - [05/Sep/2023:09:25:45 +0800] "GET /xingrg/all/function/internal_message.html?_=1693877145334&CODE_STATE=getMsg HTTP/1.1" 200 27
124.79.246.190 - - [05/Sep/2023:09:25:51 +0800] "GET /xingrg/all/function/internal_message.html?_=1693877446644&CODE_STATE=getMsg HTTP/1.1" 200 27
222.70.180.200 - - [05/Sep/2023:09:25:57 +0800] "GET /xingrg/all/function/internal_message.html?_=1693877156110&CODE_STATE=getMsg HTTP/1.1" 200 27
114.95.241.104 - - [05/Sep/2023:09:25:58 +0800] "GET /xingrg/all/function/internal_message.html?_=1693877050285&CODE_STATE=getMsg HTTP/1.1" 200 27
222.70.107.27 - - [05/Sep/2023:09:26:00 +0800] "GET /xingrg/all/function/internal_message.html?_=1693877164589&CODE_STATE=getMsg HTTP/1.1" 200 27
180.152.241.196 - - [05/Sep/2023:09:26:03 +0800] "GET /xingrg/check_reg.html?_=1693877165596 HTTP/1.1" 200 22
180.152.241.196 - - [05/Sep/2023:09:26:03 +0800] "GET /xingrg/all/function/internal_message.html?_=1693877165594&CODE_STATE=getMsg HTTP/1.1" 200 27
222.70.180.200 - - [05/Sep/2023:09:26:09 +0800] "GET /xingrg/kc/buy/cgsh_order_operate.html?command=get_materiel&rest_code=00111&code=00101019435&supplier_code=00100037&order_time=2023-09-05 HTTP/1.1" 200 417
101.83.145.37 - - [05/Sep/2023:09:26:12 +0800] "GET /xingrg/all/function/internal_message.html?_=1693877174048&CODE_STATE=getMsg HTTP/1.1" 200 27
101.83.241.137 - - [05/Sep/2023:09:26:14 +0800] "GET /xingrg/all/function/internal_message.html?_=1693877317907&CODE_STATE=getMsg HTTP/1.1" 200 27
180.165.48.189 - - [05/Sep/2023:09:26:17 +0800] "GET /xingrg/all/function/internal_message.html?_=1693877176509&CODE_STATE=getMsg HTTP/1.1" 200 27
172.20.0.100 - - [05/Sep/2023:09:26:19 +0800] "GET /xingrg/all/function/internal_message.html?_=1693877178875&CODE_STATE=getMsg HTTP/1.1" 200 27
172.20.0.100 - - [05/Sep/2023:09:26:19 +0800] "GET /xingrg/check_reg.html?_=1693877178877 HTTP/1.1" 200 22
114.95.241.104 - - [05/Sep/2023:09:26:21 +0800] "GET /xingrg/kc/buy/cgsh_order_add.html HTTP/1.1" 200 72324
114.95.241.104 - - [05/Sep/2023:09:26:21 +0800] "POST /xingrg/kc/buy/cgsh_order_operate.html HTTP/1.1" 200 8245
114.95.241.104 - - [05/Sep/2023:09:26:21 +0800] "GET /xingrg/javascript/easyui/themes/default/validatebox.css HTTP/1.1" 404 1104
116.232.195.127 - - [05/Sep/2023:09:26:23 +0800] "GET /xingrg/all/function/internal_message.html?_=1693877076494&CODE_STATE=getMsg HTTP/1.1" 200 27
222.70.241.101 - - [05/Sep/2023:09:26:25 +0800] "GET /xingrg/all/function/internal_message.html?_=1693877190587&CODE_STATE=getMsg HTTP/1.1" 200 27
114.95.241.104 - - [05/Sep/2023:09:26:32 +0800] "GET /xingrg/kc/buy/cgsh_order_operate.html?command=get_materiel&rest_code=00150&code=00101009109&supplier_code=00100022&order_time=2023-09-05 HTTP/1.1" 200 413
101.83.145.37 - - [05/Sep/2023:09:26:34 +0800] "GET /xingrg/all/function/internal_message.html?_=1693876987027&CODE_STATE=getMsg HTTP/1.1" 200 27
222.67.237.86 - - [05/Sep/2023:09:26:40 +0800] "GET /xingrg/all/function/internal_message.html?_=1693876640237&CODE_STATE=getMsg HTTP/1.1" 200 27
116.232.195.127 - - [05/Sep/2023:09:26:41 +0800] "GET /xingrg/check_reg.html?_=1693877094347 HTTP/1.1" 200 22
180.174.205.229 - - [05/Sep/2023:09:26:42 +0800] "GET /xingrg/all/function/internal_message.html?_=1693877200699&CODE_STATE=getMsg HTTP/1.1" 200 27
58.40.7.146 - - [05/Sep/2023:09:26:44 +0800] "GET /xingrg/check_reg.html?_=1693877204963 HTTP/1.1" 200 22
58.40.7.146 - - [05/Sep/2023:09:26:45 +0800] "GET /xingrg/all/function/internal_message.html?_=1693877205308&CODE_STATE=getMsg HTTP/1.1" 200 27
114.95.241.104 - - [05/Sep/2023:09:26:46 +0800] "GET /xingrg/kc/buy/cgsh_order_operate.html?command=get_materiel&rest_code=00150&code=00101009006&supplier_code=00100022&order_time=2023-09-05 HTTP/1.1" 200 409
124.79.246.190 - - [05/Sep/2023:09:26:51 +0800] "GET /xingrg/check_reg.html?_=1693877506643 HTTP/1.1" 200 22
124.79.246.190 - - [05/Sep/2023:09:26:51 +0800] "GET /xingrg/all/function/internal_message.html?_=1693877506644&CODE_STATE=getMsg HTTP/1.1" 200 27
114.95.241.104 - - [05/Sep/2023:09:26:56 +0800] "GET /xingrg/kc/buy/cgsh_order_operate.html?command=get_materiel&rest_code=00150&code=00101009013&supplier_code=00100022&order_time=2023-09-05 HTTP/1.1" 200 420
222.70.180.200 - - [05/Sep/2023:09:26:57 +0800] "GET /xingrg/all/function/internal_message.html?_=1693877216101&CODE_STATE=getMsg HTTP/1.1" 200 27
114.95.241.104 - - [05/Sep/2023:09:26:58 +0800] "GET /xingrg/all/function/internal_message.html?_=1693877110298&CODE_STATE=getMsg HTTP/1.1" 200 27
222.70.107.27 - - [05/Sep/2023:09:27:00 +0800] "GET /xingrg/all/function/internal_message.html?_=1693877224588&CODE_STATE=getMsg HTTP/1.1" 200 27
180.152.241.196 - - [05/Sep/2023:09:27:03 +0800] "GET /xingrg/all/function/internal_message.html?_=1693877225576&CODE_STATE=getMsg HTTP/1.1" 200 27
101.83.145.37 - - [05/Sep/2023:09:27:12 +0800] "GET /xingrg/all/function/internal_message.html?_=1693877234049&CODE_STATE=getMsg HTTP/1.1" 200 27
101.83.241.137 - - [05/Sep/2023:09:27:14 +0800] "GET /xingrg/all/function/internal_message.html?_=1693877377910&CODE_STATE=getMsg HTTP/1.1" 200 27
180.165.48.189 - - [05/Sep/2023:09:27:17 +0800] "GET /xingrg/all/function/internal_message.html?_=1693877236486&CODE_STATE=getMsg HTTP/1.1" 200 27
180.165.48.189 - - [05/Sep/2023:09:27:17 +0800] "GET /xingrg/check_reg.html?_=1693877236611 HTTP/1.1" 200 22
172.20.0.100 - - [05/Sep/2023:09:27:18 +0800] "GET /xingrg/all/function/internal_message.html?_=1693877238863&CODE_STATE=getMsg HTTP/1.1" 200 27
116.232.195.127 - - [05/Sep/2023:09:27:23 +0800] "GET /xingrg/all/function/internal_message.html?_=1693877136487&CODE_STATE=getMsg HTTP/1.1" 200 27
222.70.241.101 - - [05/Sep/2023:09:27:25 +0800] "GET /xingrg/all/function/internal_message.html?_=1693877250587&CODE_STATE=getMsg HTTP/1.1" 200 27
180.169.147.146 - - [05/Sep/2023:09:27:29 +0800] "GET /xingrg/kc/report/report_main.html HTTP/1.1" 200 8599
180.169.147.146 - - [05/Sep/2023:09:27:30 +0800] "GET /xingrg/all/report/report_query.html?fileName=kc/buy/gys_amount_base_rest.xml HTTP/1.1" 200 51664
180.169.147.146 - - [05/Sep/2023:09:27:30 +0800] "GET /xingrg/dwr/interface/AjaxReportQueryService.js HTTP/1.1" 200 13203
180.169.147.146 - - [05/Sep/2023:09:27:30 +0800] "GET /xingrg/dwr/engine.js HTTP/1.1" 200 43631
180.169.147.146 - - [05/Sep/2023:09:27:30 +0800] "GET /xingrg/dwr/util.js HTTP/1.1" 304 -
180.169.147.146 - - [05/Sep/2023:09:27:30 +0800] "POST /xingrg/dwr/call/plaincall/AjaxReportQueryService.getFixDate.dwr HTTP/1.1" 200 111
180.169.147.146 - - [05/Sep/2023:09:27:31 +0800] "POST /xingrg/all/common/load_tree.html?tree=area_rest_tree_json&manage=1 HTTP/1.1" 200 3499
180.169.147.146 - - [05/Sep/2023:09:27:31 +0800] "POST /xingrg/all/common/load_tree.html?tree=supplier_tree_json&manage=1 HTTP/1.1" 200 77897
114.95.241.104 - - [05/Sep/2023:09:27:33 +0800] "POST /xingrg/kc/buy/cgsh_order_operate.html HTTP/1.1" 200 37
101.83.145.37 - - [05/Sep/2023:09:27:34 +0800] "GET /xingrg/all/function/internal_message.html?_=1693877047028&CODE_STATE=getMsg HTTP/1.1" 200 27
222.67.237.86 - - [05/Sep/2023:09:27:40 +0800] "GET /xingrg/all/function/internal_message.html?_=1693876700235&CODE_STATE=getMsg HTTP/1.1" 200 27
180.174.205.229 - - [05/Sep/2023:09:27:42 +0800] "GET /xingrg/all/function/internal_message.html?_=1693877260692&CODE_STATE=getMsg HTTP/1.1" 200 27
114.95.241.104 - - [05/Sep/2023:09:27:42 +0800] "POST /xingrg/kc/buy/cgsh_order_operate.html HTTP/1.1" 200 12
58.40.7.146 - - [05/Sep/2023:09:27:45 +0800] "GET /xingrg/all/function/internal_message.html?_=1693877265294&CODE_STATE=getMsg HTTP/1.1" 200 27
124.79.246.190 - - [05/Sep/2023:09:27:51 +0800] "GET /xingrg/all/function/internal_message.html?_=1693877566641&CODE_STATE=getMsg HTTP/1.1" 200 27
114.95.241.104 - - [05/Sep/2023:09:27:54 +0800] "GET /xingrg/kc/buy/cgsh_order_info.html?code=212023090501559 HTTP/1.1" 200 67235
114.95.241.104 - - [05/Sep/2023:09:27:55 +0800] "GET /xingrg/javascript/easyui/themes/default/validatebox.css HTTP/1.1" 404 1104
114.95.241.104 - - [05/Sep/2023:09:27:56 +0800] "POST /xingrg/kc/buy/cgsh_order_operate.html HTTP/1.1" 200 1795
222.70.180.200 - - [05/Sep/2023:09:27:57 +0800] "GET /xingrg/all/function/internal_message.html?_=1693877276101&CODE_STATE=getMsg HTTP/1.1" 200 27
114.95.241.104 - - [05/Sep/2023:09:27:58 +0800] "GET /xingrg/all/function/internal_message.html?_=1693877170312&CODE_STATE=getMsg HTTP/1.1" 200 27
222.70.107.27 - - [05/Sep/2023:09:28:00 +0800] "GET /xingrg/all/function/internal_message.html?_=1693877284586&CODE_STATE=getMsg HTTP/1.1" 200 27
180.152.241.196 - - [05/Sep/2023:09:28:03 +0800] "GET /xingrg/all/function/internal_message.html?_=1693877285549&CODE_STATE=getMsg HTTP/1.1" 200 27
114.95.241.104 - - [05/Sep/2023:09:28:10 +0800] "GET /xingrg/kc/print/load_data.html?order_code=212023090501559&kc_code=cgsh&condition= HTTP/1.1" 200 1224
101.83.145.37 - - [05/Sep/2023:09:28:12 +0800] "GET /xingrg/check_reg.html?_=1693877294050 HTTP/1.1" 200 22
101.83.145.37 - - [05/Sep/2023:09:28:12 +0800] "GET /xingrg/all/function/internal_message.html?_=1693877294053&CODE_STATE=getMsg HTTP/1.1" 200 27
101.83.241.137 - - [05/Sep/2023:09:28:14 +0800] "GET /xingrg/all/function/internal_message.html?_=1693877437915&CODE_STATE=getMsg HTTP/1.1" 200 27
180.165.48.189 - - [05/Sep/2023:09:28:17 +0800] "GET /xingrg/all/function/internal_message.html?_=1693877296465&CODE_STATE=getMsg HTTP/1.1" 200 27
172.20.0.100 - - [05/Sep/2023:09:28:18 +0800] "GET /xingrg/all/function/internal_message.html?_=1693877298866&CODE_STATE=getMsg HTTP/1.1" 200 27
114.95.241.104 - - [05/Sep/2023:09:28:19 +0800] "POST /xingrg/all/user/operate.html HTTP/1.1" 200 36
114.95.241.104 - - [05/Sep/2023:09:28:19 +0800] "GET /xingrg/index.html?sysBaseUrl=http%3A%2F%2F180.169.147.146%3A18081%2Fxingrg%2F&costTime=846×tamp=1693826260777 HTTP/1.1" 200 17177
114.95.241.104 - - [05/Sep/2023:09:28:19 +0800] "GET /xingrg/javascript/jquery_easy_ui/themes/default/easyui.css HTTP/1.1" 304 -
114.95.241.104 - - [05/Sep/2023:09:28:19 +0800] "GET /xingrg/javascript/jquery_easy_ui/themes/icon.css HTTP/1.1" 304 -
114.95.241.104 - - [05/Sep/2023:09:28:19 +0800] "GET /xingrg/css/form.css HTTP/1.1" 304 -
114.95.241.104 - - [05/Sep/2023:09:28:19 +0800] "GET /xingrg/javascript/jquery-1.4.2.min.js HTTP/1.1" 304 -
114.95.241.104 - - [05/Sep/2023:09:28:19 +0800] "GET /xingrg/javascript/jquery_easy_ui/jquery.easyui.min.js HTTP/1.1" 304 -
114.95.241.104 - - [05/Sep/2023:09:28:19 +0800] "GET /xingrg/javascript/jquery_easy_ui/easyui-lang-zh_CN.js HTTP/1.1" 304 -
114.95.241.104 - - [05/Sep/2023:09:28:19 +0800] "GET /xingrg/javascript/jquery.form.js HTTP/1.1" 304 -
114.95.241.104 - - [05/Sep/2023:09:28:19 +0800] "GET /xingrg/javascript/jquery.utils.js HTTP/1.1" 304 -
114.95.241.104 - - [05/Sep/2023:09:28:19 +0800] "GET /xingrg/javascript/jquery.timers.js HTTP/1.1" 304 -
114.95.241.104 - - [05/Sep/2023:09:28:19 +0800] "GET /xingrg/images/blue/navBackgound.jpg HTTP/1.1" 304 -
114.95.241.104 - - [05/Sep/2023:09:28:19 +0800] "GET /xingrg/images/blue/jxLogo.png HTTP/1.1" 304 -
114.95.241.104 - - [05/Sep/2023:09:28:19 +0800] "GET /xingrg/javascript/jquery_easy_ui/themes/icons/settle_new.png HTTP/1.1" 304 -
114.95.241.104 - - [05/Sep/2023:09:28:19 +0800] "GET /xingrg/images/blue/pingpu.png HTTP/1.1" 304 -
114.95.241.104 - - [05/Sep/2023:09:28:19 +0800] "GET /xingrg/javascript/jquery_easy_ui/themes/default/images/tabs_leftarrow.png HTTP/1.1" 304 -
114.95.241.104 - - [05/Sep/2023:09:28:19 +0800] "GET /xingrg/javascript/jquery_easy_ui/themes/default/images/tabs_rightarrow.png HTTP/1.1" 304 -
114.95.241.104 - - [05/Sep/2023:09:28:19 +0800] "GET /xingrg/javascript/jquery_easy_ui/themes/default/images/panel_tool_collapse.gif HTTP/1.1" 304 -
114.95.241.104 - - [05/Sep/2023:09:28:19 +0800] "GET /xingrg/all/function/internal_message.html?_=1693877191552&CODE_STATE=count HTTP/1.1" 200 11
114.95.241.104 - - [05/Sep/2023:09:28:19 +0800] "GET /xingrg/check_reg.html?_=1693877191553 HTTP/1.1" 200 22
114.95.241.104 - - [05/Sep/2023:09:28:19 +0800] "POST /xingrg/all/common/load_tree.html?tree=area_rest_tree_json&manage=1 HTTP/1.1" 200 476
114.95.241.104 - - [05/Sep/2023:09:28:19 +0800] "POST /xingrg/load_menu.html HTTP/1.1" 200 5138
116.232.195.127 - - [05/Sep/2023:09:28:23 +0800] "GET /xingrg/all/function/internal_message.html?_=1693877196459&CODE_STATE=getMsg HTTP/1.1" 200 27
114.95.241.104 - - [05/Sep/2023:09:28:24 +0800] "GET /xingrg/kc/buy/cgsh_order_list.html HTTP/1.1" 200 56490
222.70.241.101 - - [05/Sep/2023:09:28:25 +0800] "GET /xingrg/all/function/internal_message.html?_=1693877310844&CODE_STATE=getMsg HTTP/1.1" 200 27
114.95.241.104 - - [05/Sep/2023:09:28:26 +0800] "POST /xingrg/kc/buy/cgsh_list_operate.html HTTP/1.1" 200 986
114.95.241.104 - - [05/Sep/2023:09:28:27 +0800] "GET /xingrg/kc/buy/cgsh_order_add.html HTTP/1.1" 200 71878
114.95.241.104 - - [05/Sep/2023:09:28:27 +0800] "POST /xingrg/kc/buy/cgsh_order_operate.html HTTP/1.1" 200 8245
114.95.241.104 - - [05/Sep/2023:09:28:28 +0800] "GET /xingrg/javascript/easyui/themes/default/validatebox.css HTTP/1.1" 404 1104
114.95.241.104 - - [05/Sep/2023:09:28:28 +0800] "GET /xingrg/javascript/auto/indicator.gif HTTP/1.1" 404 1066
101.83.145.37 - - [05/Sep/2023:09:28:34 +0800] "GET /xingrg/all/function/internal_message.html?_=1693877107028&CODE_STATE=getMsg HTTP/1.1" 200 27
114.95.241.104 - - [05/Sep/2023:09:28:36 +0800] "GET /xingrg/kc/buy/cgsh_order_operate.html?command=get_materiel&rest_code=00151&code=00101009007&supplier_code=00100022&order_time=2023-09-05 HTTP/1.1" 200 408
222.70.241.101 - - [05/Sep/2023:09:28:39 +0800] "GET /xingrg/check_reg.html?_=1693877324999 HTTP/1.1" 200 22
222.67.237.86 - - [05/Sep/2023:09:28:40 +0800] "GET /xingrg/all/function/internal_message.html?_=1693876760213&CODE_STATE=getMsg HTTP/1.1" 200 27
180.174.205.229 - - [05/Sep/2023:09:28:42 +0800] "GET /xingrg/all/function/internal_message.html?_=1693877320694&CODE_STATE=getMsg HTTP/1.1" 200 27
58.40.7.146 - - [05/Sep/2023:09:28:45 +0800] "GET /xingrg/all/function/internal_message.html?_=1693877325265&CODE_STATE=getMsg HTTP/1.1" 200 27
114.95.241.104 - - [05/Sep/2023:09:28:50 +0800] "GET /xingrg/kc/buy/cgsh_order_operate.html?command=get_materiel&rest_code=00151&code=00101009053&supplier_code=00100022&order_time=2023-09-05 HTTP/1.1" 200 416
124.79.246.190 - - [05/Sep/2023:09:28:51 +0800] "GET /xingrg/all/function/internal_message.html?_=1693877626641&CODE_STATE=getMsg HTTP/1.1" 200 27
