222.70.241.101 - - [05/Sep/2023:10:23:40 +0800] "GET /xingrg/check_reg.html?_=1693880625575 HTTP/1.1" 200 22
222.67.237.86 - - [05/Sep/2023:10:23:41 +0800] "GET /xingrg/kc/buy/cgsh_order_operate.html?command=get_materiel&rest_code=00141&code=00101008300&supplier_code=00100007&order_time=2023-09-05 HTTP/1.1" 200 412
180.174.205.229 - - [05/Sep/2023:10:23:42 +0800] "GET /xingrg/all/function/internal_message.html?_=1693880620754&CODE_STATE=getMsg HTTP/1.1" 200 27
58.40.7.146 - - [05/Sep/2023:10:23:44 +0800] "GET /xingrg/all/function/internal_message.html?_=1693880624925&CODE_STATE=getMsg HTTP/1.1" 200 27
101.83.241.137 - - [05/Sep/2023:10:23:47 +0800] "POST /xingrg/kc/buy/cgsh_order_operate.html HTTP/1.1" 200 12
124.78.155.92 - - [05/Sep/2023:10:23:48 +0800] "GET /xingrg/kc/buy/cgsh_order_operate.html?command=get_materiel&rest_code=00106&code=00101008353&supplier_code=00100007&order_time=2023-09-05 HTTP/1.1" 200 408
124.78.155.92 - - [05/Sep/2023:10:23:50 +0800] "POST /xingrg/kc/buy/cgsh_order_operate.html HTTP/1.1" 200 2065
101.83.241.137 - - [05/Sep/2023:10:23:50 +0800] "GET /xingrg/kc/buy/cgsh_order_info.html?code=212023090501579 HTTP/1.1" 200 66383
101.83.241.137 - - [05/Sep/2023:10:23:51 +0800] "GET /xingrg/javascript/easyui/themes/default/validatebox.css HTTP/1.1" 404 1104
124.79.246.190 - - [05/Sep/2023:10:23:51 +0800] "GET /xingrg/all/function/internal_message.html?_=1693880926694&CODE_STATE=getMsg HTTP/1.1" 200 27
222.67.237.86 - - [05/Sep/2023:10:23:51 +0800] "GET /xingrg/kc/buy/cgsh_order_operate.html?command=get_materiel&rest_code=00141&code=00101008415&supplier_code=00100007&order_time=2023-09-05 HTTP/1.1" 200 412
101.83.241.137 - - [05/Sep/2023:10:23:52 +0800] "POST /xingrg/kc/buy/cgsh_order_operate.html HTTP/1.1" 200 11802
101.83.241.137 - - [05/Sep/2023:10:23:53 +0800] "GET /xingrg/kc/print/load_config.html?kc_code=cgsh HTTP/1.1" 200 1924
101.83.241.137 - - [05/Sep/2023:10:23:54 +0800] "GET /xingrg/kc/print/load_data.html?order_code=212023090501579&kc_code=cgsh&condition= HTTP/1.1" 200 4902
222.67.237.86 - - [05/Sep/2023:10:23:56 +0800] "POST /xingrg/kc/buy/cgsh_order_operate.html HTTP/1.1" 200 2065
222.70.180.200 - - [05/Sep/2023:10:23:56 +0800] "GET /xingrg/all/function/internal_message.html?_=1693880635278&CODE_STATE=getMsg HTTP/1.1" 200 27
222.70.180.200 - - [05/Sep/2023:10:24:00 +0800] "GET /xingrg/kc/buy/cgsh_order_operate.html?command=get_materiel&rest_code=00111&code=00101008198&supplier_code=00100005&order_time=2023-09-05 HTTP/1.1" 200 413
222.70.107.27 - - [05/Sep/2023:10:24:00 +0800] "GET /xingrg/all/function/internal_message.html?_=1693880644697&CODE_STATE=getMsg HTTP/1.1" 200 27
180.169.147.146 - - [05/Sep/2023:10:24:00 +0800] "GET /xingrg/all/function/internal_message.html?_=1693880638940&CODE_STATE=getMsg HTTP/1.1" 200 27
124.78.155.92 - - [05/Sep/2023:10:24:01 +0800] "GET /xingrg/kc/buy/cgsh_order_operate.html?command=get_materiel&rest_code=00106&code=00101011001&supplier_code=00100007&order_time=2023-09-05 HTTP/1.1" 200 423
180.152.241.196 - - [05/Sep/2023:10:24:02 +0800] "GET /xingrg/all/function/internal_message.html?_=1693880644545&CODE_STATE=getMsg HTTP/1.1" 200 27
101.83.241.137 - - [05/Sep/2023:10:24:04 +0800] "GET /xingrg/login.html HTTP/1.1" 200 7641
180.169.147.146 - - [05/Sep/2023:10:24:05 +0800] "POST /xingrg/kc/base/wldb_list_operate.html HTTP/1.1" 200 4
101.83.241.137 - - [05/Sep/2023:10:24:05 +0800] "GET /favicon.ico HTTP/1.1" 404 -
101.83.241.137 - - [05/Sep/2023:10:24:07 +0800] "POST /xingrg/login.do HTTP/1.1" 302 -
101.83.241.137 - - [05/Sep/2023:10:24:08 +0800] "GET /xingrg/index.html?sysBaseUrl=http%3A%2F%2F180.169.147.146%3A18081%2Fxingrg%2F&costTime=1077×tamp=1693880647820 HTTP/1.1" 200 17179
180.169.147.146 - - [05/Sep/2023:10:24:08 +0800] "POST /xingrg/kc/base/wldb_list_operate.html HTTP/1.1" 200 6206
101.83.241.137 - - [05/Sep/2023:10:24:08 +0800] "GET /favicon.ico HTTP/1.1" 404 -
101.83.241.137 - - [05/Sep/2023:10:24:08 +0800] "GET /xingrg/check_reg.html?_=1693880791340 HTTP/1.1" 200 22
101.83.241.137 - - [05/Sep/2023:10:24:08 +0800] "GET /xingrg/all/function/internal_message.html?_=1693880791339&CODE_STATE=count HTTP/1.1" 200 11
101.83.241.137 - - [05/Sep/2023:10:24:08 +0800] "POST /xingrg/all/common/load_tree.html?tree=area_rest_tree_json&manage=1 HTTP/1.1" 200 351
101.83.241.137 - - [05/Sep/2023:10:24:08 +0800] "POST /xingrg/load_menu.html HTTP/1.1" 200 5138
218.81.78.26 - - [05/Sep/2023:10:24:08 +0800] "GET /xingrg/all/function/internal_message.html?_=1693880649321&CODE_STATE=getMsg HTTP/1.1" 200 27
114.95.241.104 - - [05/Sep/2023:10:24:09 +0800] "GET /xingrg/kc/buy/cgsh_order_operate.html?command=get_materiel&rest_code=00150&code=00102003114&supplier_code=00100460&order_time=2023-09-05 HTTP/1.1" 200 408
222.67.237.86 - - [05/Sep/2023:10:24:10 +0800] "GET /xingrg/kc/buy/cgsh_order_operate.html?command=get_materiel&rest_code=00141&code=00101008344&supplier_code=00100007&order_time=2023-09-05 HTTP/1.1" 200 412
124.78.155.92 - - [05/Sep/2023:10:24:11 +0800] "GET /xingrg/all/function/internal_message.html?_=1693880653017&CODE_STATE=getMsg HTTP/1.1" 200 27
124.78.155.92 - - [05/Sep/2023:10:24:11 +0800] "GET /xingrg/check_reg.html?_=1693880653067 HTTP/1.1" 200 22
101.83.145.37 - - [05/Sep/2023:10:24:12 +0800] "GET /xingrg/all/function/internal_message.html?_=1693880654110&CODE_STATE=getMsg HTTP/1.1" 200 27
222.70.180.200 - - [05/Sep/2023:10:24:14 +0800] "GET /xingrg/kc/buy/cgsh_order_operate.html?command=get_materiel&rest_code=00111&code=00101008131&supplier_code=00100005&order_time=2023-09-05 HTTP/1.1" 200 409
180.165.48.189 - - [05/Sep/2023:10:24:16 +0800] "GET /xingrg/all/function/internal_message.html?_=1693880655501&CODE_STATE=getMsg HTTP/1.1" 200 27
180.169.147.146 - - [05/Sep/2023:10:24:16 +0800] "POST /xingrg/kc/base/wldb_list_operate.html HTTP/1.1" 200 6282
180.169.147.146 - - [05/Sep/2023:10:24:20 +0800] "POST /xingrg/kc/base/wldb_list_operate.html HTTP/1.1" 200 6359
116.232.195.127 - - [05/Sep/2023:10:24:22 +0800] "GET /xingrg/all/function/internal_message.html?_=1693880555792&CODE_STATE=getMsg HTTP/1.1" 200 27
124.78.155.92 - - [05/Sep/2023:10:24:24 +0800] "GET /xingrg/kc/buy/cgsh_order_operate.html?command=get_materiel&rest_code=00106&code=00101008375&supplier_code=00100007&order_time=2023-09-05 HTTP/1.1" 200 416
180.169.147.146 - - [05/Sep/2023:10:24:27 +0800] "POST /xingrg/kc/base/wldb_list_operate.html HTTP/1.1" 200 6356
222.67.237.86 - - [05/Sep/2023:10:24:28 +0800] "GET /xingrg/kc/buy/cgsh_order_operate.html?command=get_materiel&rest_code=00141&code=00101008265&supplier_code=00100007&order_time=2023-09-05 HTTP/1.1" 200 409
222.70.241.101 - - [05/Sep/2023:10:24:30 +0800] "GET /xingrg/all/function/internal_message.html?_=1693880675777&CODE_STATE=getMsg HTTP/1.1" 200 27
180.169.147.146 - - [05/Sep/2023:10:24:31 +0800] "POST /xingrg/kc/base/wldb_list_operate.html HTTP/1.1" 200 6357
101.83.145.37 - - [05/Sep/2023:10:24:34 +0800] "GET /xingrg/all/function/internal_message.html?_=1693880467102&CODE_STATE=getMsg HTTP/1.1" 200 27
114.95.241.104 - - [05/Sep/2023:10:24:35 +0800] "GET /xingrg/all/function/internal_message.html?_=1693880567234&CODE_STATE=getMsg HTTP/1.1" 200 27
222.70.180.200 - - [05/Sep/2023:10:24:36 +0800] "GET /xingrg/kc/buy/cgsh_order_operate.html?command=get_materiel&rest_code=00111&code=00101008271&supplier_code=00100005&order_time=2023-09-05 HTTP/1.1" 200 408
180.169.147.146 - - [05/Sep/2023:10:24:36 +0800] "GET /xingrg/all/function/internal_message.html?_=1693880676833&CODE_STATE=getMsg HTTP/1.1" 200 27
222.67.237.86 - - [05/Sep/2023:10:24:39 +0800] "GET /xingrg/all/function/internal_message.html?_=1693880119244&CODE_STATE=getMsg HTTP/1.1" 200 27
180.174.205.229 - - [05/Sep/2023:10:24:42 +0800] "GET /xingrg/all/function/internal_message.html?_=1693880680755&CODE_STATE=getMsg HTTP/1.1" 200 27
58.40.7.146 - - [05/Sep/2023:10:24:44 +0800] "GET /xingrg/all/function/internal_message.html?_=1693880684928&CODE_STATE=getMsg HTTP/1.1" 200 27
180.169.147.146 - - [05/Sep/2023:10:24:51 +0800] "POST /xingrg/kc/base/wldb_list_operate.html HTTP/1.1" 200 201
124.79.246.190 - - [05/Sep/2023:10:24:51 +0800] "GET /xingrg/all/function/internal_message.html?_=1693880986691&CODE_STATE=getMsg HTTP/1.1" 200 27
114.95.241.104 - - [05/Sep/2023:10:24:53 +0800] "GET /xingrg/kc/buy/cgsh_order_operate.html?command=get_materiel&rest_code=00150&code=00102006183&supplier_code=00100460&order_time=2023-09-05 HTTP/1.1" 200 419
124.78.155.92 - - [05/Sep/2023:10:24:53 +0800] "GET /xingrg/kc/buy/cgsh_order_operate.html?command=get_materiel&rest_code=00106&code=00101008223&supplier_code=00100007&order_time=2023-09-05 HTTP/1.1" 200 412
222.70.180.200 - - [05/Sep/2023:10:24:56 +0800] "GET /xingrg/all/function/internal_message.html?_=1693880695269&CODE_STATE=getMsg HTTP/1.1" 200 27
222.70.180.200 - - [05/Sep/2023:10:24:57 +0800] "GET /xingrg/check_reg.html?_=1693880696201 HTTP/1.1" 200 22
180.169.147.146 - - [05/Sep/2023:10:24:59 +0800] "POST /xingrg/kc/base/wldb_list_operate.html HTTP/1.1" 200 4
222.70.180.200 - - [05/Sep/2023:10:24:59 +0800] "GET /xingrg/kc/buy/cgsh_order_operate.html?command=get_materiel&rest_code=00111&code=00101008264&supplier_code=00100005&order_time=2023-09-05 HTTP/1.1" 200 412
222.70.107.27 - - [05/Sep/2023:10:25:00 +0800] "GET /xingrg/check_reg.html?_=1693880704695 HTTP/1.1" 200 22
222.70.107.27 - - [05/Sep/2023:10:25:00 +0800] "GET /xingrg/all/function/internal_message.html?_=1693880704695&CODE_STATE=getMsg HTTP/1.1" 200 27
180.169.147.146 - - [05/Sep/2023:10:25:00 +0800] "GET /xingrg/all/function/internal_message.html?_=1693880699049&CODE_STATE=getMsg HTTP/1.1" 200 27
180.169.147.146 - - [05/Sep/2023:10:25:01 +0800] "POST /xingrg/kc/base/wldb_list_operate.html HTTP/1.1" 200 6206
180.152.241.196 - - [05/Sep/2023:10:25:02 +0800] "GET /xingrg/all/function/internal_message.html?_=1693880704519&CODE_STATE=getMsg HTTP/1.1" 200 27
180.169.147.146 - - [05/Sep/2023:10:25:06 +0800] "GET /xingrg/javascript/jquery_tools/images/prev.gif HTTP/1.1" 404 1086
180.169.147.146 - - [05/Sep/2023:10:25:06 +0800] "GET /xingrg/javascript/jquery_tools/images/next.gif HTTP/1.1" 404 1086
101.83.241.137 - - [05/Sep/2023:10:25:08 +0800] "GET /xingrg/all/function/internal_message.html?_=1693880851373&CODE_STATE=getMsg HTTP/1.1" 200 27
218.81.78.26 - - [05/Sep/2023:10:25:08 +0800] "GET /xingrg/all/function/internal_message.html?_=1693880709327&CODE_STATE=getMsg HTTP/1.1" 200 27
124.78.155.92 - - [05/Sep/2023:10:25:11 +0800] "GET /xingrg/all/function/internal_message.html?_=1693880712979&CODE_STATE=getMsg HTTP/1.1" 200 27
101.83.241.137 - - [05/Sep/2023:10:25:12 +0800] "GET /xingrg/kc/buy/cgsh_order_list.html HTTP/1.1" 200 56492
101.83.145.37 - - [05/Sep/2023:10:25:12 +0800] "GET /xingrg/all/function/internal_message.html?_=1693880714107&CODE_STATE=getMsg HTTP/1.1" 200 27
101.83.241.137 - - [05/Sep/2023:10:25:14 +0800] "POST /xingrg/kc/buy/cgsh_list_operate.html HTTP/1.1" 200 986
101.83.241.137 - - [05/Sep/2023:10:25:15 +0800] "GET /xingrg/kc/buy/cgsh_order_add.html HTTP/1.1" 200 71472
101.83.241.137 - - [05/Sep/2023:10:25:16 +0800] "POST /xingrg/kc/buy/cgsh_order_operate.html HTTP/1.1" 200 8245
101.83.241.137 - - [05/Sep/2023:10:25:16 +0800] "GET /xingrg/javascript/easyui/themes/default/validatebox.css HTTP/1.1" 404 1104
101.83.241.137 - - [05/Sep/2023:10:25:16 +0800] "GET /xingrg/all/common/auto_word.html?type=employee&rest_code=00154 HTTP/1.1" 200 101
180.169.147.146 - - [05/Sep/2023:10:25:16 +0800] "POST /xingrg/kc/base/wldb_list_operate.html HTTP/1.1" 200 5558
101.83.241.137 - - [05/Sep/2023:10:25:16 +0800] "GET /xingrg/all/common/auto_word.html?type=employee&rest_code=00154 HTTP/1.1" 200 101
180.165.48.189 - - [05/Sep/2023:10:25:16 +0800] "GET /xingrg/all/function/internal_message.html?_=1693880715486&CODE_STATE=getMsg HTTP/1.1" 200 27
101.83.241.137 - - [05/Sep/2023:10:25:18 +0800] "GET /xingrg/javascript/auto/indicator.gif HTTP/1.1" 404 1066
124.78.155.92 - - [05/Sep/2023:10:25:19 +0800] "GET /xingrg/kc/buy/cgsh_order_operate.html?command=get_materiel&rest_code=00106&code=00101008286&supplier_code=00100007&order_time=2023-09-05 HTTP/1.1" 200 408
180.169.147.146 - - [05/Sep/2023:10:25:19 +0800] "POST /xingrg/kc/base/wldb_list_operate.html HTTP/1.1" 200 212
180.169.147.146 - - [05/Sep/2023:10:25:21 +0800] "POST /xingrg/kc/base/wldb_list_operate.html HTTP/1.1" 200 206
124.78.155.92 - - [05/Sep/2023:10:25:21 +0800] "POST /xingrg/kc/buy/cgsh_order_operate.html HTTP/1.1" 200 2065
222.67.237.86 - - [05/Sep/2023:10:25:21 +0800] "GET /xingrg/kc/buy/cgsh_order_operate.html?command=get_materiel&rest_code=00141&code=00101008323&supplier_code=00100007&order_time=2023-09-05 HTTP/1.1" 200 408
116.232.195.127 - - [05/Sep/2023:10:25:22 +0800] "GET /xingrg/all/function/internal_message.html?_=1693880615784&CODE_STATE=getMsg HTTP/1.1" 200 27
222.67.237.86 - - [05/Sep/2023:10:25:26 +0800] "POST /xingrg/kc/buy/cgsh_order_operate.html HTTP/1.1" 200 2065
101.83.241.137 - - [05/Sep/2023:10:25:29 +0800] "GET /xingrg/kc/buy/cgsh_order_operate.html?command=get_materiel&rest_code=00154&code=00101008261&supplier_code=00100417&order_time=2023-09-05 HTTP/1.1" 200 408
222.70.241.101 - - [05/Sep/2023:10:25:30 +0800] "GET /xingrg/all/function/internal_message.html?_=1693880735789&CODE_STATE=getMsg HTTP/1.1" 200 27
101.83.145.37 - - [05/Sep/2023:10:25:34 +0800] "GET /xingrg/all/function/internal_message.html?_=1693880527103&CODE_STATE=getMsg HTTP/1.1" 200 27
101.83.145.37 - - [05/Sep/2023:10:25:34 +0800] "GET /xingrg/check_reg.html?_=1693880527106 HTTP/1.1" 200 22
114.95.241.104 - - [05/Sep/2023:10:25:35 +0800] "GET /xingrg/all/function/internal_message.html?_=1693880627247&CODE_STATE=getMsg HTTP/1.1" 200 27
180.169.147.146 - - [05/Sep/2023:10:25:36 +0800] "GET /xingrg/all/function/internal_message.html?_=1693880736831&CODE_STATE=getMsg HTTP/1.1" 200 27
124.78.155.92 - - [05/Sep/2023:10:25:39 +0800] "GET /xingrg/kc/buy/cgsh_order_operate.html?command=get_materiel&rest_code=00106&code=00101008131&supplier_code=00100007&order_time=2023-09-05 HTTP/1.1" 200 409
222.67.237.86 - - [05/Sep/2023:10:25:39 +0800] "GET /xingrg/all/function/internal_message.html?_=1693880179231&CODE_STATE=getMsg HTTP/1.1" 200 27
222.67.237.86 - - [05/Sep/2023:10:25:40 +0800] "GET /xingrg/check_reg.html?_=1693880180409 HTTP/1.1" 200 22
180.174.205.229 - - [05/Sep/2023:10:25:42 +0800] "GET /xingrg/all/function/internal_message.html?_=1693880740756&CODE_STATE=getMsg HTTP/1.1" 200 27
180.174.205.229 - - [05/Sep/2023:10:25:42 +0800] "GET /xingrg/check_reg.html?_=1693880740814 HTTP/1.1" 200 22
58.40.7.146 - - [05/Sep/2023:10:25:44 +0800] "GET /xingrg/all/function/internal_message.html?_=1693880744930&CODE_STATE=getMsg HTTP/1.1" 200 27
101.83.241.137 - - [05/Sep/2023:10:25:47 +0800] "GET /xingrg/kc/buy/cgsh_order_operate.html?command=get_materiel&rest_code=00154&code=00101008003&supplier_code=00100417&order_time=2023-09-05 HTTP/1.1" 200 408
124.79.246.190 - - [05/Sep/2023:10:25:51 +0800] "GET /xingrg/all/function/internal_message.html?_=1693881046690&CODE_STATE=getMsg HTTP/1.1" 200 27
114.95.241.104 - - [05/Sep/2023:10:25:52 +0800] "POST /xingrg/kc/buy/cgsh_order_operate.html HTTP/1.1" 200 37
222.67.237.86 - - [05/Sep/2023:10:25:52 +0800] "GET /xingrg/kc/buy/cgsh_order_operate.html?command=get_materiel&rest_code=00141&code=00101008520&supplier_code=00100007&order_time=2023-09-05 HTTP/1.1" 200 426
124.78.155.92 - - [05/Sep/2023:10:25:54 +0800] "GET /xingrg/kc/buy/cgsh_order_operate.html?command=get_materiel&rest_code=00106&code=00101008114&supplier_code=00100007&order_time=2023-09-05 HTTP/1.1" 200 412
180.169.147.146 - - [05/Sep/2023:10:25:55 +0800] "GET /xingrg/check_reg.html?_=1693880754231 HTTP/1.1" 200 22
222.70.180.200 - - [05/Sep/2023:10:25:56 +0800] "GET /xingrg/all/function/internal_message.html?_=1693880755243&CODE_STATE=getMsg HTTP/1.1" 200 27
114.95.241.104 - - [05/Sep/2023:10:25:59 +0800] "POST /xingrg/kc/buy/cgsh_order_operate.html HTTP/1.1" 200 12
222.70.107.27 - - [05/Sep/2023:10:26:00 +0800] "GET /xingrg/all/function/internal_message.html?_=1693880764693&CODE_STATE=getMsg HTTP/1.1" 200 27
180.169.147.146 - - [05/Sep/2023:10:26:00 +0800] "GET /xingrg/all/function/internal_message.html?_=1693880759023&CODE_STATE=getMsg HTTP/1.1" 200 27
101.83.241.137 - - [05/Sep/2023:10:26:01 +0800] "GET /xingrg/kc/buy/cgsh_order_operate.html?command=get_materiel&rest_code=00154&code=00101012070&supplier_code=00100417&order_time=2023-09-05 HTTP/1.1" 200 412
114.95.241.104 - - [05/Sep/2023:10:26:01 +0800] "GET /xingrg/kc/buy/cgsh_order_info.html?code=212023090501580 HTTP/1.1" 200 67235
114.95.241.104 - - [05/Sep/2023:10:26:02 +0800] "GET /xingrg/javascript/easyui/themes/default/validatebox.css HTTP/1.1" 404 1104
180.152.241.196 - - [05/Sep/2023:10:26:02 +0800] "GET /xingrg/all/function/internal_message.html?_=1693880764509&CODE_STATE=getMsg HTTP/1.1" 200 27
222.67.237.86 - - [05/Sep/2023:10:26:02 +0800] "GET /xingrg/kc/buy/cgsh_order_operate.html?command=get_materiel&rest_code=00141&code=00101008087&supplier_code=00100007&order_time=2023-09-05 HTTP/1.1" 200 412
114.95.241.104 - - [05/Sep/2023:10:26:03 +0800] "POST /xingrg/kc/buy/cgsh_order_operate.html HTTP/1.1" 200 2391
180.152.241.196 - - [05/Sep/2023:10:26:03 +0800] "GET /xingrg/check_reg.html?_=1693880765452 HTTP/1.1" 200 22
114.95.241.104 - - [05/Sep/2023:10:26:06 +0800] "GET /xingrg/kc/print/load_data.html?order_code=212023090501580&kc_code=cgsh&condition= HTTP/1.1" 200 1400
101.83.241.137 - - [05/Sep/2023:10:26:08 +0800] "GET /xingrg/all/function/internal_message.html?_=1693880911350&CODE_STATE=getMsg HTTP/1.1" 200 27
218.81.78.26 - - [05/Sep/2023:10:26:08 +0800] "GET /xingrg/all/function/internal_message.html?_=1693880769328&CODE_STATE=getMsg HTTP/1.1" 200 27
124.78.155.92 - - [05/Sep/2023:10:26:10 +0800] "GET /xingrg/kc/buy/cgsh_order_operate.html?command=get_materiel&rest_code=00106&code=00101008558&supplier_code=00100007&order_time=2023-09-05 HTTP/1.1" 200 409
124.78.155.92 - - [05/Sep/2023:10:26:11 +0800] "GET /xingrg/all/function/internal_message.html?_=1693880772954&CODE_STATE=getMsg HTTP/1.1" 200 27
101.83.145.37 - - [05/Sep/2023:10:26:12 +0800] "GET /xingrg/all/function/internal_message.html?_=1693880774105&CODE_STATE=getMsg HTTP/1.1" 200 27
222.67.237.86 - - [05/Sep/2023:10:26:14 +0800] "GET /xingrg/kc/buy/cgsh_order_operate.html?command=get_materiel&rest_code=00141&code=00101008355&supplier_code=00100007&order_time=2023-09-05 HTTP/1.1" 200 408
180.165.48.189 - - [05/Sep/2023:10:26:16 +0800] "GET /xingrg/all/function/internal_message.html?_=1693880775484&CODE_STATE=getMsg HTTP/1.1" 200 27
180.169.147.146 - - [05/Sep/2023:10:26:17 +0800] "POST /xingrg/kc/base/wldb_list_operate.html HTTP/1.1" 200 4
180.169.147.146 - - [05/Sep/2023:10:26:22 +0800] "POST /xingrg/kc/base/wldb_list_operate.html HTTP/1.1" 200 5542
116.232.195.127 - - [05/Sep/2023:10:26:22 +0800] "GET /xingrg/all/function/internal_message.html?_=1693880675762&CODE_STATE=getMsg HTTP/1.1" 200 27
222.67.237.86 - - [05/Sep/2023:10:26:23 +0800] "GET /xingrg/kc/buy/cgsh_order_operate.html?command=get_materiel&rest_code=00141&code=00101008108&supplier_code=00100007&order_time=2023-09-05 HTTP/1.1" 200 412
124.78.155.92 - - [05/Sep/2023:10:26:23 +0800] "GET /xingrg/kc/buy/cgsh_order_operate.html?command=get_materiel&rest_code=00106&code=00101008633&supplier_code=00100007&order_time=2023-09-05 HTTP/1.1" 200 414
222.67.237.86 - - [05/Sep/2023:10:26:27 +0800] "POST /xingrg/kc/buy/cgsh_order_operate.html HTTP/1.1" 200 2065
101.83.241.137 - - [05/Sep/2023:10:26:30 +0800] "GET /xingrg/kc/buy/cgsh_order_operate.html?command=get_materiel&rest_code=00154&code=00101008024&supplier_code=00100417&order_time=2023-09-05 HTTP/1.1" 200 408
222.70.241.101 - - [05/Sep/2023:10:26:30 +0800] "GET /xingrg/all/function/internal_message.html?_=1693880796129&CODE_STATE=getMsg HTTP/1.1" 200 27
222.67.237.86 - - [05/Sep/2023:10:26:32 +0800] "GET /xingrg/kc/buy/cgsh_order_operate.html?command=get_materiel&rest_code=00141&code=00101008359&supplier_code=00100007&order_time=2023-09-05 HTTP/1.1" 200 408
101.83.145.37 - - [05/Sep/2023:10:26:34 +0800] "GET /xingrg/all/function/internal_message.html?_=1693880587110&CODE_STATE=getMsg HTTP/1.1" 200 27
114.95.241.104 - - [05/Sep/2023:10:26:35 +0800] "GET /xingrg/all/function/internal_message.html?_=1693880687261&CODE_STATE=getMsg HTTP/1.1" 200 27
180.169.147.146 - - [05/Sep/2023:10:26:37 +0800] "GET /xingrg/all/function/internal_message.html?_=1693880796835&CODE_STATE=getMsg HTTP/1.1" 200 27
222.67.237.86 - - [05/Sep/2023:10:26:39 +0800] "GET /xingrg/all/function/internal_message.html?_=1693880239213&CODE_STATE=getMsg HTTP/1.1" 200 27
124.78.155.92 - - [05/Sep/2023:10:26:39 +0800] "GET /xingrg/kc/buy/cgsh_order_operate.html?command=get_materiel&rest_code=00106&code=00101008061&supplier_code=00100007&order_time=2023-09-05 HTTP/1.1" 200 422
116.232.195.127 - - [05/Sep/2023:10:26:41 +0800] "GET /xingrg/check_reg.html?_=1693880694213 HTTP/1.1" 200 22
124.78.155.92 - - [05/Sep/2023:10:26:42 +0800] "POST /xingrg/kc/buy/cgsh_order_operate.html HTTP/1.1" 200 2065
180.174.205.229 - - [05/Sep/2023:10:26:42 +0800] "GET /xingrg/all/function/internal_message.html?_=1693880800760&CODE_STATE=getMsg HTTP/1.1" 200 27
58.40.7.146 - - [05/Sep/2023:10:26:44 +0800] "GET /xingrg/all/function/internal_message.html?_=1693880804932&CODE_STATE=getMsg HTTP/1.1" 200 27
58.40.7.146 - - [05/Sep/2023:10:26:44 +0800] "GET /xingrg/check_reg.html?_=1693880804934 HTTP/1.1" 200 22
124.79.246.190 - - [05/Sep/2023:10:26:51 +0800] "GET /xingrg/all/function/internal_message.html?_=1693881106689&CODE_STATE=getMsg HTTP/1.1" 200 27
124.79.246.190 - - [05/Sep/2023:10:26:51 +0800] "GET /xingrg/check_reg.html?_=1693881106691 HTTP/1.1" 200 22
222.70.180.200 - - [05/Sep/2023:10:26:56 +0800] "GET /xingrg/all/function/internal_message.html?_=1693880815224&CODE_STATE=getMsg HTTP/1.1" 200 27
124.78.155.92 - - [05/Sep/2023:10:26:58 +0800] "POST /xingrg/kc/buy/cgsh_order_operate.html HTTP/1.1" 200 37
222.70.107.27 - - [05/Sep/2023:10:27:00 +0800] "GET /xingrg/all/function/internal_message.html?_=1693880824718&CODE_STATE=getMsg HTTP/1.1" 200 27
180.169.147.146 - - [05/Sep/2023:10:27:00 +0800] "GET /xingrg/all/function/internal_message.html?_=1693880819007&CODE_STATE=getMsg HTTP/1.1" 200 27
222.67.237.86 - - [05/Sep/2023:10:27:01 +0800] "GET /xingrg/kc/buy/cgsh_order_operate.html?command=get_materiel&rest_code=00141&code=00101008100&supplier_code=00100007&order_time=2023-09-05 HTTP/1.1" 200 23
180.152.241.196 - - [05/Sep/2023:10:27:02 +0800] "GET /xingrg/all/function/internal_message.html?_=1693880824504&CODE_STATE=getMsg HTTP/1.1" 200 27
124.78.155.92 - - [05/Sep/2023:10:27:02 +0800] "POST /xingrg/kc/buy/cgsh_order_operate.html HTTP/1.1" 200 25170
101.83.241.137 - - [05/Sep/2023:10:27:08 +0800] "GET /xingrg/all/function/internal_message.html?_=1693880971346&CODE_STATE=getMsg HTTP/1.1" 200 27
218.81.78.26 - - [05/Sep/2023:10:27:08 +0800] "GET /xingrg/check_reg.html?_=1693880829319 HTTP/1.1" 200 22
218.81.78.26 - - [05/Sep/2023:10:27:08 +0800] "GET /xingrg/all/function/internal_message.html?_=1693880829322&CODE_STATE=getMsg HTTP/1.1" 200 27
124.78.155.92 - - [05/Sep/2023:10:27:11 +0800] "GET /xingrg/all/function/internal_message.html?_=1693880832937&CODE_STATE=getMsg HTTP/1.1" 200 27
101.83.145.37 - - [05/Sep/2023:10:27:12 +0800] "GET /xingrg/all/function/internal_message.html?_=1693880834113&CODE_STATE=getMsg HTTP/1.1" 200 27
222.67.237.86 - - [05/Sep/2023:10:27:14 +0800] "POST /xingrg/kc/buy/cgsh_order_operate.html HTTP/1.1" 200 37
180.165.48.189 - - [05/Sep/2023:10:27:16 +0800] "GET /xingrg/all/function/internal_message.html?_=1693880835480&CODE_STATE=getMsg HTTP/1.1" 200 27
222.67.237.86 - - [05/Sep/2023:10:27:17 +0800] "POST /xingrg/kc/buy/cgsh_order_operate.html HTTP/1.1" 200 32232
180.165.48.189 - - [05/Sep/2023:10:27:17 +0800] "GET /xingrg/check_reg.html?_=1693880836619 HTTP/1.1" 200 22
222.67.237.86 - - [05/Sep/2023:10:27:22 +0800] "GET /xingrg/login.html HTTP/1.1" 200 7641
116.232.195.127 - - [05/Sep/2023:10:27:22 +0800] "GET /xingrg/all/function/internal_message.html?_=1693880735737&CODE_STATE=getMsg HTTP/1.1" 200 27
222.67.237.86 - - [05/Sep/2023:10:27:22 +0800] "GET /favicon.ico HTTP/1.1" 404 -
222.67.237.86 - - [05/Sep/2023:10:27:24 +0800] "POST /xingrg/login.do HTTP/1.1" 302 -
222.67.237.86 - - [05/Sep/2023:10:27:24 +0800] "GET /xingrg/index.html?sysBaseUrl=http%3A%2F%2F180.169.147.146%3A18081%2Fxingrg%2F&costTime=856×tamp=1693880844680 HTTP/1.1" 200 17179
222.67.237.86 - - [05/Sep/2023:10:27:24 +0800] "GET /favicon.ico HTTP/1.1" 404 -
222.67.237.86 - - [05/Sep/2023:10:27:25 +0800] "GET /xingrg/check_reg.html?_=1693880284650 HTTP/1.1" 200 22
222.67.237.86 - - [05/Sep/2023:10:27:25 +0800] "GET /xingrg/all/function/internal_message.html?_=1693880284649&CODE_STATE=count HTTP/1.1" 200 11
222.67.237.86 - - [05/Sep/2023:10:27:25 +0800] "POST /xingrg/all/common/load_tree.html?tree=area_rest_tree_json&manage=1 HTTP/1.1" 200 351
222.67.237.86 - - [05/Sep/2023:10:27:25 +0800] "POST /xingrg/load_menu.html HTTP/1.1" 200 5138
222.67.237.86 - - [05/Sep/2023:10:27:28 +0800] "GET /xingrg/kc/buy/buy_main.html HTTP/1.1" 200 12412
222.67.237.86 - - [05/Sep/2023:10:27:28 +0800] "GET /xingrg/css/new_ie.css HTTP/1.1" 404 1036
222.67.237.86 - - [05/Sep/2023:10:27:29 +0800] "GET /xingrg/images/yd/bt.gif HTTP/1.1" 404 1040
222.67.237.86 - - [05/Sep/2023:10:27:30 +0800] "GET /xingrg/kc/buy/cgsh_order_list.html HTTP/1.1" 200 56492
222.70.241.101 - - [05/Sep/2023:10:27:30 +0800] "GET /xingrg/all/function/internal_message.html?_=1693880856129&CODE_STATE=getMsg HTTP/1.1" 200 27
222.67.237.86 - - [05/Sep/2023:10:27:34 +0800] "POST /xingrg/kc/buy/cgsh_list_operate.html HTTP/1.1" 200 1869
101.83.145.37 - - [05/Sep/2023:10:27:34 +0800] "GET /xingrg/all/function/internal_message.html?_=1693880647110&CODE_STATE=getMsg HTTP/1.1" 200 27
114.95.241.104 - - [05/Sep/2023:10:27:35 +0800] "GET /xingrg/check_reg.html?_=1693880746824 HTTP/1.1" 200 22
114.95.241.104 - - [05/Sep/2023:10:27:35 +0800] "GET /xingrg/all/function/internal_message.html?_=1693880747274&CODE_STATE=getMsg HTTP/1.1" 200 27
180.169.147.146 - - [05/Sep/2023:10:27:36 +0800] "GET /xingrg/check_reg.html?_=1693880856829 HTTP/1.1" 200 22
180.169.147.146 - - [05/Sep/2023:10:27:36 +0800] "GET /xingrg/all/function/internal_message.html?_=1693880856834&CODE_STATE=getMsg HTTP/1.1" 200 27
222.67.237.86 - - [05/Sep/2023:10:27:38 +0800] "POST /xingrg/kc/buy/cgsh_list_operate.html HTTP/1.1" 200 578
101.83.241.137 - - [05/Sep/2023:10:27:39 +0800] "GET /xingrg/kc/buy/cgsh_order_operate.html?command=get_materiel&rest_code=00154&code=00101012029&supplier_code=00100417&order_time=2023-09-05 HTTP/1.1" 200 412
222.67.237.86 - - [05/Sep/2023:10:27:39 +0800] "GET /xingrg/kc/buy/cgsh_order_info.html?code=212023090501581 HTTP/1.1" 200 72277
222.67.237.86 - - [05/Sep/2023:10:27:39 +0800] "GET /xingrg/javascript/easyui/themes/default/validatebox.css HTTP/1.1" 404 1104
222.67.237.86 - - [05/Sep/2023:10:27:39 +0800] "GET /xingrg/all/common/auto_word.html?type=employee&rest_code=00141 HTTP/1.1" 200 201
222.67.237.86 - - [05/Sep/2023:10:27:39 +0800] "GET /xingrg/all/common/auto_word.html?type=employee&rest_code=00141 HTTP/1.1" 200 201
222.67.237.86 - - [05/Sep/2023:10:27:40 +0800] "POST /xingrg/kc/buy/cgsh_order_operate.html HTTP/1.1" 200 32232
180.174.205.229 - - [05/Sep/2023:10:27:42 +0800] "GET /xingrg/all/function/internal_message.html?_=1693880860759&CODE_STATE=getMsg HTTP/1.1" 200 27
58.40.7.146 - - [05/Sep/2023:10:27:44 +0800] "GET /xingrg/all/function/internal_message.html?_=1693880864938&CODE_STATE=getMsg HTTP/1.1" 200 27
101.83.241.137 - - [05/Sep/2023:10:27:50 +0800] "GET /xingrg/kc/buy/cgsh_order_operate.html?command=get_materiel&rest_code=00154&code=00101008298&supplier_code=00100417&order_time=2023-09-05 HTTP/1.1" 200 412
222.67.237.86 - - [05/Sep/2023:10:27:50 +0800] "GET /xingrg/javascript/auto/indicator.gif HTTP/1.1" 404 1066
124.79.246.190 - - [05/Sep/2023:10:27:51 +0800] "GET /xingrg/all/function/internal_message.html?_=1693881166691&CODE_STATE=getMsg HTTP/1.1" 200 27
222.67.237.86 - - [05/Sep/2023:10:27:56 +0800] "GET /xingrg/kc/buy/cgsh_order_operate.html?command=get_materiel&rest_code=00141&code=00101008100&supplier_code=00100007&order_time=2023-09-05 HTTP/1.1" 200 408
222.70.180.200 - - [05/Sep/2023:10:27:56 +0800] "GET /xingrg/all/function/internal_message.html?_=1693880875195&CODE_STATE=getMsg HTTP/1.1" 200 27
222.70.107.27 - - [05/Sep/2023:10:28:00 +0800] "GET /xingrg/all/function/internal_message.html?_=1693880884716&CODE_STATE=getMsg HTTP/1.1" 200 27
180.169.147.146 - - [05/Sep/2023:10:28:00 +0800] "GET /xingrg/all/function/internal_message.html?_=1693880878993&CODE_STATE=getMsg HTTP/1.1" 200 27
180.152.241.196 - - [05/Sep/2023:10:28:02 +0800] "GET /xingrg/all/function/internal_message.html?_=1693880884495&CODE_STATE=getMsg HTTP/1.1" 200 27
101.83.241.137 - - [05/Sep/2023:10:28:08 +0800] "GET /xingrg/all/function/internal_message.html?_=1693881031348&CODE_STATE=getMsg HTTP/1.1" 200 27
218.81.78.26 - - [05/Sep/2023:10:28:08 +0800] "GET /xingrg/all/function/internal_message.html?_=1693880889316&CODE_STATE=getMsg HTTP/1.1" 200 27
124.78.155.92 - - [05/Sep/2023:10:28:11 +0800] "GET /xingrg/all/function/internal_message.html?_=1693880892922&CODE_STATE=getMsg HTTP/1.1" 200 27
101.83.145.37 - - [05/Sep/2023:10:28:12 +0800] "GET /xingrg/check_reg.html?_=1693880894108 HTTP/1.1" 200 22
101.83.145.37 - - [05/Sep/2023:10:28:12 +0800] "GET /xingrg/all/function/internal_message.html?_=1693880894110&CODE_STATE=getMsg HTTP/1.1" 200 27
180.169.147.146 - - [05/Sep/2023:10:28:13 +0800] "POST /xingrg/kc/buy/cgsh_list_operate.html HTTP/1.1" 302 -
180.169.147.146 - - [05/Sep/2023:10:28:13 +0800] "GET /xingrg/login.html HTTP/1.1" 200 7641
180.169.147.146 - - [05/Sep/2023:10:28:13 +0800] "GET /xingrg/kc/buy/images/blue/login_bg.png HTTP/1.1" 404 1070
180.169.147.146 - - [05/Sep/2023:10:28:13 +0800] "GET /xingrg/kc/buy/images/blue/hj.png HTTP/1.1" 404 1058
180.169.147.146 - - [05/Sep/2023:10:28:13 +0800] "GET /xingrg/kc/buy/images/blue/srbg.png HTTP/1.1" 404 1062
222.67.237.86 - - [05/Sep/2023:10:28:14 +0800] "GET /xingrg/kc/buy/cgsh_order_operate.html?command=get_materiel&rest_code=00141&code=00101008005&supplier_code=00100007&order_time=2023-09-05 HTTP/1.1" 200 412
180.169.147.146 - - [05/Sep/2023:10:28:15 +0800] "GET /xingrg/kc/buy/buy_main.html HTTP/1.1" 302 -
180.169.147.146 - - [05/Sep/2023:10:28:15 +0800] "GET /xingrg/login.html HTTP/1.1" 200 7641
180.169.147.146 - - [05/Sep/2023:10:28:15 +0800] "GET /xingrg/login.html HTTP/1.1" 200 7641
180.169.147.146 - - [05/Sep/2023:10:28:16 +0800] "GET /favicon.ico HTTP/1.1" 404 -
180.165.48.189 - - [05/Sep/2023:10:28:16 +0800] "GET /xingrg/all/function/internal_message.html?_=1693880895469&CODE_STATE=getMsg HTTP/1.1" 200 27
180.169.147.146 - - [05/Sep/2023:10:28:17 +0800] "POST /xingrg/login.do HTTP/1.1" 302 -
180.169.147.146 - - [05/Sep/2023:10:28:17 +0800] "GET /xingrg/index.html?sysBaseUrl=http%3A%2F%2F180.169.147.146%3A18081%2Fxingrg%2F&costTime=813×tamp=1693880897843 HTTP/1.1" 200 17179
180.169.147.146 - - [05/Sep/2023:10:28:17 +0800] "GET /favicon.ico HTTP/1.1" 404 -
180.169.147.146 - - [05/Sep/2023:10:28:18 +0800] "GET /xingrg/all/function/internal_message.html?_=1693880896335&CODE_STATE=count HTTP/1.1" 200 11
180.169.147.146 - - [05/Sep/2023:10:28:18 +0800] "GET /xingrg/check_reg.html?_=1693880896337 HTTP/1.1" 200 22
180.169.147.146 - - [05/Sep/2023:10:28:18 +0800] "POST /xingrg/all/common/load_tree.html?tree=area_rest_tree_json&manage=1 HTTP/1.1" 200 351
180.169.147.146 - - [05/Sep/2023:10:28:18 +0800] "POST /xingrg/load_menu.html HTTP/1.1" 200 5138
180.169.147.146 - - [05/Sep/2023:10:28:19 +0800] "GET /xingrg/kc/buy/buy_main.html HTTP/1.1" 200 12412
180.169.147.146 - - [05/Sep/2023:10:28:19 +0800] "GET /xingrg/css/new_ie.css HTTP/1.1" 404 1036
180.169.147.146 - - [05/Sep/2023:10:28:19 +0800] "GET /xingrg/images/yd/bt.gif HTTP/1.1" 404 1040
180.169.147.146 - - [05/Sep/2023:10:28:20 +0800] "GET /xingrg/kc/buy/cgsh_order_list.html HTTP/1.1" 200 56492
116.232.195.127 - - [05/Sep/2023:10:28:22 +0800] "GET /xingrg/all/function/internal_message.html?_=1693880795717&CODE_STATE=getMsg HTTP/1.1" 200 27
222.67.237.86 - - [05/Sep/2023:10:28:25 +0800] "GET /xingrg/all/function/internal_message.html?_=1693880344658&CODE_STATE=getMsg HTTP/1.1" 200 27
222.70.241.101 - - [05/Sep/2023:10:28:30 +0800] "GET /xingrg/all/function/internal_message.html?_=1693880916142&CODE_STATE=getMsg HTTP/1.1" 200 27
101.83.145.37 - - [05/Sep/2023:10:28:34 +0800] "GET /xingrg/all/function/internal_message.html?_=1693880707111&CODE_STATE=getMsg HTTP/1.1" 200 27
114.95.241.104 - - [05/Sep/2023:10:28:35 +0800] "GET /xingrg/all/function/internal_message.html?_=1693880807288&CODE_STATE=getMsg HTTP/1.1" 200 27
180.169.147.146 - - [05/Sep/2023:10:28:36 +0800] "GET /xingrg/all/function/internal_message.html?_=1693880916829&CODE_STATE=getMsg HTTP/1.1" 200 27
222.70.241.101 - - [05/Sep/2023:10:28:40 +0800] "GET /xingrg/check_reg.html?_=1693880925854 HTTP/1.1" 200 22
180.174.205.229 - - [05/Sep/2023:10:28:42 +0800] "GET /xingrg/all/function/internal_message.html?_=1693880920759&CODE_STATE=getMsg HTTP/1.1" 200 27
58.40.7.146 - - [05/Sep/2023:10:28:44 +0800] "GET /xingrg/all/function/internal_message.html?_=1693880924925&CODE_STATE=getMsg HTTP/1.1" 200 27
124.79.246.190 - - [05/Sep/2023:10:28:51 +0800] "GET /xingrg/all/function/internal_message.html?_=1693881226690&CODE_STATE=getMsg HTTP/1.1" 200 27
222.70.241.101 - - [05/Sep/2023:10:28:56 +0800] "POST /xingrg/kc/buy/cgsh_list_operate.html HTTP/1.1" 200 6209
222.70.180.200 - - [05/Sep/2023:10:28:56 +0800] "GET /xingrg/kc/buy/cgsh_order_operate.html?command=get_materiel&rest_code=00111&code=00101008185&supplier_code=00100005&order_time=2023-09-05 HTTP/1.1" 200 408
222.70.180.200 - - [05/Sep/2023:10:28:56 +0800] "GET /xingrg/all/function/internal_message.html?_=1693880935173&CODE_STATE=getMsg HTTP/1.1" 200 27
222.70.107.27 - - [05/Sep/2023:10:29:00 +0800] "GET /xingrg/all/function/internal_message.html?_=1693880944713&CODE_STATE=getMsg HTTP/1.1" 200 27
180.169.147.146 - - [05/Sep/2023:10:29:00 +0800] "GET /xingrg/all/function/internal_message.html?_=1693880938963&CODE_STATE=getMsg HTTP/1.1" 200 27
180.152.241.196 - - [05/Sep/2023:10:29:02 +0800] "GET /xingrg/all/function/internal_message.html?_=1693880944487&CODE_STATE=getMsg HTTP/1.1" 200 27
101.83.241.137 - - [05/Sep/2023:10:29:08 +0800] "GET /xingrg/check_reg.html?_=1693881091364 HTTP/1.1" 200 22
101.83.241.137 - - [05/Sep/2023:10:29:08 +0800] "GET /xingrg/all/function/internal_message.html?_=1693881091365&CODE_STATE=getMsg HTTP/1.1" 200 27
124.78.155.92 - - [05/Sep/2023:10:29:11 +0800] "GET /xingrg/all/function/internal_message.html?_=1693880952907&CODE_STATE=getMsg HTTP/1.1" 200 27
124.78.155.92 - - [05/Sep/2023:10:29:11 +0800] "GET /xingrg/check_reg.html?_=1693880953050 HTTP/1.1" 200 22
101.83.145.37 - - [05/Sep/2023:10:29:12 +0800] "GET /xingrg/all/function/internal_message.html?_=1693880954111&CODE_STATE=getMsg HTTP/1.1" 200 27
180.165.48.189 - - [05/Sep/2023:10:29:16 +0800] "GET /xingrg/all/function/internal_message.html?_=1693880955463&CODE_STATE=getMsg HTTP/1.1" 200 27
180.169.147.146 - - [05/Sep/2023:10:29:18 +0800] "GET /xingrg/all/function/internal_message.html?_=1693880956344&CODE_STATE=getMsg HTTP/1.1" 200 27
222.67.237.86 - - [05/Sep/2023:10:29:18 +0800] "POST /xingrg/kc/buy/cgsh_order_operate.html HTTP/1.1" 200 37
180.169.147.146 - - [05/Sep/2023:10:29:21 +0800] "GET /favicon.ico HTTP/1.1" 404 -
116.232.195.127 - - [05/Sep/2023:10:29:22 +0800] "GET /xingrg/all/function/internal_message.html?_=1693880855693&CODE_STATE=getMsg HTTP/1.1" 200 27
222.67.237.86 - - [05/Sep/2023:10:29:25 +0800] "GET /xingrg/all/function/internal_message.html?_=1693880404662&CODE_STATE=getMsg HTTP/1.1" 200 27
222.67.237.86 - - [05/Sep/2023:10:29:29 +0800] "POST /xingrg/kc/buy/cgsh_order_operate.html HTTP/1.1" 200 12
222.70.241.101 - - [05/Sep/2023:10:29:30 +0800] "GET /xingrg/all/function/internal_message.html?_=1693880976437&CODE_STATE=getMsg HTTP/1.1" 200 27
101.83.145.37 - - [05/Sep/2023:10:29:34 +0800] "GET /xingrg/all/function/internal_message.html?_=1693880767138&CODE_STATE=getMsg HTTP/1.1" 200 27
114.95.241.104 - - [05/Sep/2023:10:29:35 +0800] "GET /xingrg/all/function/internal_message.html?_=1693880867302&CODE_STATE=getMsg HTTP/1.1" 200 27
180.169.147.146 - - [05/Sep/2023:10:29:36 +0800] "GET /xingrg/all/function/internal_message.html?_=1693880976832&CODE_STATE=getMsg HTTP/1.1" 200 27
222.67.237.86 - - [05/Sep/2023:10:29:39 +0800] "GET /xingrg/kc/buy/cgsh_order_info.html?code=212023090501581 HTTP/1.1" 200 67177
222.67.237.86 - - [05/Sep/2023:10:29:39 +0800] "GET /xingrg/javascript/easyui/themes/default/validatebox.css HTTP/1.1" 404 1104
124.78.155.92 - - [05/Sep/2023:10:29:39 +0800] "POST /xingrg/kc/buy/cgsh_order_operate.html HTTP/1.1" 200 37
222.67.237.86 - - [05/Sep/2023:10:29:40 +0800] "POST /xingrg/kc/buy/cgsh_order_operate.html HTTP/1.1" 200 31356
180.174.205.229 - - [05/Sep/2023:10:29:42 +0800] "GET /xingrg/all/function/internal_message.html?_=1693880980768&CODE_STATE=getMsg HTTP/1.1" 200 27
222.67.237.86 - - [05/Sep/2023:10:29:42 +0800] "GET /xingrg/kc/print/load_config.html?kc_code=cgsh HTTP/1.1" 200 1924
222.67.237.86 - - [05/Sep/2023:10:29:43 +0800] "GET /xingrg/kc/print/load_data.html?order_code=212023090501581&kc_code=cgsh&condition= HTTP/1.1" 200 12394
58.40.7.146 - - [05/Sep/2023:10:29:44 +0800] "GET /xingrg/all/function/internal_message.html?_=1693880984926&CODE_STATE=getMsg HTTP/1.1" 200 27
124.79.246.190 - - [05/Sep/2023:10:29:45 +0800] "POST /xingrg/services/DataTransmitService HTTP/1.1" 200 524
124.79.246.190 - - [05/Sep/2023:10:29:46 +0800] "POST /xingrg/services/DataTransmitService HTTP/1.1" 200 2315
180.169.147.146 - - [05/Sep/2023:10:29:46 +0800] "POST /xingrg/kc/buy/cgsh_list_operate.html HTTP/1.1" 200 6090
124.79.246.190 - - [05/Sep/2023:10:29:51 +0800] "GET /xingrg/all/function/internal_message.html?_=1693881286689&CODE_STATE=getMsg HTTP/1.1" 200 27
222.70.180.200 - - [05/Sep/2023:10:29:56 +0800] "GET /xingrg/all/function/internal_message.html?_=1693880995148&CODE_STATE=getMsg HTTP/1.1" 200 27
222.70.180.200 - - [05/Sep/2023:10:29:57 +0800] "GET /xingrg/check_reg.html?_=1693880996202 HTTP/1.1" 200 22
222.70.107.27 - - [05/Sep/2023:10:30:00 +0800] "GET /xingrg/all/function/internal_message.html?_=1693881004712&CODE_STATE=getMsg HTTP/1.1" 200 27
222.70.107.27 - - [05/Sep/2023:10:30:00 +0800] "GET /xingrg/check_reg.html?_=1693881004713 HTTP/1.1" 200 22
180.169.147.146 - - [05/Sep/2023:10:30:00 +0800] "GET /xingrg/all/function/internal_message.html?_=1693880998949&CODE_STATE=getMsg HTTP/1.1" 200 27
222.70.241.101 - - [05/Sep/2023:10:30:01 +0800] "POST /xingrg/kc/buy/cgsh_list_operate.html HTTP/1.1" 200 6337
180.152.241.196 - - [05/Sep/2023:10:30:02 +0800] "GET /xingrg/all/function/internal_message.html?_=1693881004469&CODE_STATE=getMsg HTTP/1.1" 200 27
101.83.241.137 - - [05/Sep/2023:10:30:08 +0800] "GET /xingrg/all/function/internal_message.html?_=1693881151359&CODE_STATE=getMsg HTTP/1.1" 200 27
124.78.155.92 - - [05/Sep/2023:10:30:08 +0800] "POST /xingrg/kc/buy/cgsh_order_operate.html HTTP/1.1" 200 25170
222.70.180.200 - - [05/Sep/2023:10:30:10 +0800] "GET /xingrg/kc/buy/cgsh_order_operate.html?command=get_materiel&rest_code=00111&code=00101008004&supplier_code=00100005&order_time=2023-09-05 HTTP/1.1" 200 416
124.78.155.92 - - [05/Sep/2023:10:30:11 +0800] "GET /xingrg/all/function/internal_message.html?_=1693881012906&CODE_STATE=getMsg HTTP/1.1" 200 27
101.83.145.37 - - [05/Sep/2023:10:30:12 +0800] "GET /xingrg/all/function/internal_message.html?_=1693881014115&CODE_STATE=getMsg HTTP/1.1" 200 27
180.165.48.189 - - [05/Sep/2023:10:30:16 +0800] "GET /xingrg/all/function/internal_message.html?_=1693881015460&CODE_STATE=getMsg HTTP/1.1" 200 27
124.78.155.92 - - [05/Sep/2023:10:30:16 +0800] "GET /xingrg/kc/buy/buy_main.html HTTP/1.1" 200 12412
124.78.155.92 - - [05/Sep/2023:10:30:17 +0800] "GET /xingrg/css/new_ie.css HTTP/1.1" 404 1036
124.78.155.92 - - [05/Sep/2023:10:30:17 +0800] "GET /xingrg/images/yd/bt.gif HTTP/1.1" 404 1040
180.169.147.146 - - [05/Sep/2023:10:30:18 +0800] "GET /xingrg/all/function/internal_message.html?_=1693881016359&CODE_STATE=getMsg HTTP/1.1" 200 27
124.78.155.92 - - [05/Sep/2023:10:30:19 +0800] "GET /xingrg/kc/buy/cgsh_order_list.html HTTP/1.1" 200 56486
116.232.195.127 - - [05/Sep/2023:10:30:22 +0800] "GET /xingrg/all/function/internal_message.html?_=1693880915674&CODE_STATE=getMsg HTTP/1.1" 200 27
124.78.155.92 - - [05/Sep/2023:10:30:24 +0800] "POST /xingrg/kc/buy/cgsh_list_operate.html HTTP/1.1" 200 2267
222.67.237.86 - - [05/Sep/2023:10:30:25 +0800] "GET /xingrg/all/function/internal_message.html?_=1693880464669&CODE_STATE=getMsg HTTP/1.1" 200 27
124.78.155.92 - - [05/Sep/2023:10:30:29 +0800] "GET /xingrg/kc/base/base_main.html HTTP/1.1" 200 12142
222.70.241.101 - - [05/Sep/2023:10:30:30 +0800] "GET /xingrg/all/function/internal_message.html?_=1693881036451&CODE_STATE=getMsg HTTP/1.1" 200 27
124.78.155.92 - - [05/Sep/2023:10:30:31 +0800] "GET /xingrg/kc/base/wldb_order_list.html HTTP/1.1" 200 19174
124.78.155.92 - - [05/Sep/2023:10:30:32 +0800] "POST /xingrg/kc/base/wldb_list_operate.html HTTP/1.1" 200 928
124.78.155.92 - - [05/Sep/2023:10:30:34 +0800] "GET /xingrg/kc/base/wldb_order_add.html HTTP/1.1" 200 30457
124.78.155.92 - - [05/Sep/2023:10:30:34 +0800] "GET /xingrg/words/20230904134932_words.js HTTP/1.1" 304 -
124.78.155.92 - - [05/Sep/2023:10:30:34 +0800] "POST /xingrg/kc/base/wldb_order_operate.html HTTP/1.1" 200 6806
101.83.145.37 - - [05/Sep/2023:10:30:34 +0800] "GET /xingrg/check_reg.html?_=1693880827138 HTTP/1.1" 200 22
101.83.145.37 - - [05/Sep/2023:10:30:34 +0800] "GET /xingrg/all/function/internal_message.html?_=1693880827142&CODE_STATE=getMsg HTTP/1.1" 200 27
124.78.155.92 - - [05/Sep/2023:10:30:34 +0800] "GET /xingrg/all/common/auto_word.html?type=base&rest_code=00106 HTTP/1.1" 200 1799
124.78.155.92 - - [05/Sep/2023:10:30:34 +0800] "GET /xingrg/javascript/easyui/themes/default/validatebox.css HTTP/1.1" 404 1104
124.78.155.92 - - [05/Sep/2023:10:30:34 +0800] "GET /xingrg/all/common/auto_word.html?type=base&rest_code=00106 HTTP/1.1" 200 1799
124.78.155.92 - - [05/Sep/2023:10:30:34 +0800] "GET /xingrg/javascript/jquery_easy_ui/themes/default/images/tabs_active.png HTTP/1.1" 304 -
114.95.241.104 - - [05/Sep/2023:10:30:35 +0800] "GET /xingrg/all/function/internal_message.html?_=1693880927351&CODE_STATE=getMsg HTTP/1.1" 200 27
124.78.155.92 - - [05/Sep/2023:10:30:35 +0800] "POST /xingrg/all/common/load_combo.html?type=base HTTP/1.1" 200 3227
180.169.147.146 - - [05/Sep/2023:10:30:36 +0800] "GET /xingrg/all/function/internal_message.html?_=1693881036824&CODE_STATE=getMsg HTTP/1.1" 200 27
124.78.155.92 - - [05/Sep/2023:10:30:39 +0800] "POST /xingrg/all/common/load_combo.html?type=base HTTP/1.1" 200 3227
180.174.205.229 - - [05/Sep/2023:10:30:42 +0800] "GET /xingrg/all/function/internal_message.html?_=1693881040768&CODE_STATE=getMsg HTTP/1.1" 200 27
180.174.205.229 - - [05/Sep/2023:10:30:42 +0800] "GET /xingrg/check_reg.html?_=1693881040803 HTTP/1.1" 200 22
58.40.7.146 - - [05/Sep/2023:10:30:44 +0800] "GET /xingrg/all/function/internal_message.html?_=1693881044929&CODE_STATE=getMsg HTTP/1.1" 200 27
222.70.241.101 - - [05/Sep/2023:10:30:49 +0800] "POST /xingrg/kc/buy/cgsh_list_operate.html HTTP/1.1" 200 6210
124.79.246.190 - - [05/Sep/2023:10:30:51 +0800] "GET /xingrg/all/function/internal_message.html?_=1693881346686&CODE_STATE=getMsg HTTP/1.1" 200 27
180.169.147.146 - - [05/Sep/2023:10:30:55 +0800] "GET /xingrg/check_reg.html?_=1693881054238 HTTP/1.1" 200 22
222.70.180.200 - - [05/Sep/2023:10:30:56 +0800] "GET /xingrg/all/function/internal_message.html?_=1693881055156&CODE_STATE=getMsg HTTP/1.1" 200 27
124.78.155.92 - - [05/Sep/2023:10:30:59 +0800] "GET /xingrg/kc/base/wldb_order_operate.html?command=get_materiel&rest_code=00106&base_code=0010396&code=00101019071 HTTP/1.1" 200 471
222.70.107.27 - - [05/Sep/2023:10:31:00 +0800] "GET /xingrg/all/function/internal_message.html?_=1693881064710&CODE_STATE=getMsg HTTP/1.1" 200 27
180.169.147.146 - - [05/Sep/2023:10:31:00 +0800] "GET /xingrg/all/function/internal_message.html?_=1693881058921&CODE_STATE=getMsg HTTP/1.1" 200 27
180.152.241.196 - - [05/Sep/2023:10:31:02 +0800] "GET /xingrg/all/function/internal_message.html?_=1693881064459&CODE_STATE=getMsg HTTP/1.1" 200 27
180.152.241.196 - - [05/Sep/2023:10:31:03 +0800] "GET /xingrg/check_reg.html?_=1693881065436 HTTP/1.1" 200 22
101.83.241.137 - - [05/Sep/2023:10:31:08 +0800] "GET /xingrg/all/function/internal_message.html?_=1693881211357&CODE_STATE=getMsg HTTP/1.1" 200 27
124.78.155.92 - - [05/Sep/2023:10:31:11 +0800] "GET /xingrg/all/function/internal_message.html?_=1693881072878&CODE_STATE=getMsg HTTP/1.1" 200 27
101.83.145.37 - - [05/Sep/2023:10:31:12 +0800] "GET /xingrg/all/function/internal_message.html?_=1693881074103&CODE_STATE=getMsg HTTP/1.1" 200 27
180.165.48.189 - - [05/Sep/2023:10:31:16 +0800] "GET /xingrg/all/function/internal_message.html?_=1693881075431&CODE_STATE=getMsg HTTP/1.1" 200 27
180.169.147.146 - - [05/Sep/2023:10:31:18 +0800] "GET /xingrg/all/function/internal_message.html?_=1693881076339&CODE_STATE=getMsg HTTP/1.1" 200 27
116.232.195.127 - - [05/Sep/2023:10:31:22 +0800] "GET /xingrg/all/function/internal_message.html?_=1693880975675&CODE_STATE=getMsg HTTP/1.1" 200 27
222.67.237.86 - - [05/Sep/2023:10:31:25 +0800] "GET /xingrg/all/function/internal_message.html?_=1693880524663&CODE_STATE=getMsg HTTP/1.1" 200 27
222.70.241.101 - - [05/Sep/2023:10:31:25 +0800] "POST /xingrg/kc/buy/cgsh_list_operate.html HTTP/1.1" 200 566
222.70.241.101 - - [05/Sep/2023:10:31:28 +0800] "GET /xingrg/kc/buy/cgsh_order_info.html?code=212023082409590 HTTP/1.1" 200 67175
222.70.241.101 - - [05/Sep/2023:10:31:28 +0800] "GET /xingrg/javascript/easyui/themes/default/validatebox.css HTTP/1.1" 404 1104
222.70.241.101 - - [05/Sep/2023:10:31:29 +0800] "POST /xingrg/kc/buy/cgsh_order_operate.html HTTP/1.1" 200 3550
222.70.241.101 - - [05/Sep/2023:10:31:30 +0800] "GET /xingrg/all/function/internal_message.html?_=1693881096464&CODE_STATE=getMsg HTTP/1.1" 200 27
180.169.147.146 - - [05/Sep/2023:10:31:31 +0800] "POST /xingrg/kc/buy/cgsh_list_operate.html HTTP/1.1" 200 6276
101.83.145.37 - - [05/Sep/2023:10:31:34 +0800] "GET /xingrg/all/function/internal_message.html?_=1693880887141&CODE_STATE=getMsg HTTP/1.1" 200 27
124.78.155.92 - - [05/Sep/2023:10:31:35 +0800] "GET /xingrg/kc/base/wldb_order_operate.html?command=get_materiel&rest_code=00106&base_code=0010396&code=00101019405 HTTP/1.1" 200 482
114.95.241.104 - - [05/Sep/2023:10:31:35 +0800] "GET /xingrg/all/function/internal_message.html?_=1693880987360&CODE_STATE=getMsg HTTP/1.1" 200 27
218.81.78.26 - - [05/Sep/2023:10:31:36 +0800] "GET /favicon.ico HTTP/1.1" 404 -
180.169.147.146 - - [05/Sep/2023:10:31:36 +0800] "GET /xingrg/all/function/internal_message.html?_=1693881096815&CODE_STATE=getMsg HTTP/1.1" 200 27
101.83.145.37 - - [05/Sep/2023:10:31:39 +0800] "POST /xingrg/dwr/call/plaincall/AjaxQqpsService.getMaterielByCode.dwr HTTP/1.1" 200 2759
116.232.195.127 - - [05/Sep/2023:10:31:41 +0800] "GET /xingrg/check_reg.html?_=1693880994195 HTTP/1.1" 200 22
180.174.205.229 - - [05/Sep/2023:10:31:42 +0800] "GET /xingrg/all/function/internal_message.html?_=1693881100771&CODE_STATE=getMsg HTTP/1.1" 200 27
101.83.145.37 - - [05/Sep/2023:10:31:44 +0800] "POST /xingrg/dwr/call/plaincall/AjaxQqpsService.getMaterielByCode.dwr HTTP/1.1" 200 2807
58.40.7.146 - - [05/Sep/2023:10:31:44 +0800] "GET /xingrg/all/function/internal_message.html?_=1693881104931&CODE_STATE=getMsg HTTP/1.1" 200 27
58.40.7.146 - - [05/Sep/2023:10:31:44 +0800] "GET /xingrg/check_reg.html?_=1693881104932 HTTP/1.1" 200 22
101.83.145.37 - - [05/Sep/2023:10:31:46 +0800] "POST /xingrg/dwr/call/plaincall/AjaxQqpsService.saveMaterielItem.dwr HTTP/1.1" 200 78
124.78.155.92 - - [05/Sep/2023:10:31:50 +0800] "GET /xingrg/kc/base/wldb_order_operate.html?command=get_materiel&rest_code=00106&base_code=0010396&code=00101019243 HTTP/1.1" 200 465
101.83.145.37 - - [05/Sep/2023:10:31:51 +0800] "POST /xingrg/dwr/call/plaincall/AjaxQqpsService.getMaterielByCode.dwr HTTP/1.1" 200 2802
124.79.246.190 - - [05/Sep/2023:10:31:51 +0800] "GET /xingrg/all/function/internal_message.html?_=1693881406687&CODE_STATE=getMsg HTTP/1.1" 200 27
124.79.246.190 - - [05/Sep/2023:10:31:51 +0800] "GET /xingrg/check_reg.html?_=1693881406689 HTTP/1.1" 200 22
101.83.145.37 - - [05/Sep/2023:10:31:52 +0800] "POST /xingrg/dwr/call/plaincall/AjaxQqpsService.saveMaterielItem.dwr HTTP/1.1" 200 79
222.70.180.200 - - [05/Sep/2023:10:31:56 +0800] "GET /xingrg/all/function/internal_message.html?_=1693881115132&CODE_STATE=getMsg HTTP/1.1" 200 27
222.70.107.27 - - [05/Sep/2023:10:32:00 +0800] "GET /xingrg/all/function/internal_message.html?_=1693881124725&CODE_STATE=getMsg HTTP/1.1" 200 27
180.169.147.146 - - [05/Sep/2023:10:32:00 +0800] "GET /xingrg/all/function/internal_message.html?_=1693881118905&CODE_STATE=getMsg HTTP/1.1" 200 27
180.152.241.196 - - [05/Sep/2023:10:32:02 +0800] "GET /xingrg/all/function/internal_message.html?_=1693881124449&CODE_STATE=getMsg HTTP/1.1" 200 27
124.78.155.92 - - [05/Sep/2023:10:32:05 +0800] "GET /xingrg/kc/base/wldb_order_operate.html?command=get_materiel&rest_code=00106&base_code=0010396&code=00101019450 HTTP/1.1" 200 482
101.83.241.137 - - [05/Sep/2023:10:32:08 +0800] "GET /xingrg/all/function/internal_message.html?_=1693881271356&CODE_STATE=getMsg HTTP/1.1" 200 27
114.83.218.93 - - [05/Sep/2023:10:32:08 +0800] "GET /xingrg/login.html HTTP/1.1" 200 7641
114.83.218.93 - - [05/Sep/2023:10:32:08 +0800] "GET /favicon.ico HTTP/1.1" 404 -
124.78.155.92 - - [05/Sep/2023:10:32:11 +0800] "GET /xingrg/all/function/internal_message.html?_=1693881132868&CODE_STATE=getMsg HTTP/1.1" 200 27
