180.169.147.146 - - [05/Sep/2023:10:05:24 +0800] "GET /xingrg/all/function/internal_message.html?_=1693879524306&CODE_STATE=getMsg HTTP/1.1" 200 27
116.232.195.127 - - [05/Sep/2023:10:05:27 +0800] "GET /xingrg/kc/buy/cgsh_order_operate.html?command=get_materiel&rest_code=00155&code=00101008360&supplier_code=00100005&order_time=2023-09-05 HTTP/1.1" 200 412
222.70.241.101 - - [05/Sep/2023:10:05:28 +0800] "GET /xingrg/all/function/internal_message.html?_=1693879534240&CODE_STATE=getMsg HTTP/1.1" 200 27
101.83.145.37 - - [05/Sep/2023:10:05:34 +0800] "GET /xingrg/all/function/internal_message.html?_=1693879327077&CODE_STATE=getMsg HTTP/1.1" 200 27
101.83.145.37 - - [05/Sep/2023:10:05:34 +0800] "GET /xingrg/check_reg.html?_=1693879327080 HTTP/1.1" 200 22
114.95.241.104 - - [05/Sep/2023:10:05:35 +0800] "GET /xingrg/all/function/internal_message.html?_=1693879426851&CODE_STATE=getMsg HTTP/1.1" 200 27
116.232.195.127 - - [05/Sep/2023:10:05:38 +0800] "GET /xingrg/kc/buy/cgsh_order_operate.html?command=get_materiel&rest_code=00155&code=00101008059&supplier_code=00100005&order_time=2023-09-05 HTTP/1.1" 200 408
222.67.237.86 - - [05/Sep/2023:10:05:40 +0800] "GET /xingrg/all/function/internal_message.html?_=1693878979567&CODE_STATE=getMsg HTTP/1.1" 200 27
222.67.237.86 - - [05/Sep/2023:10:05:40 +0800] "GET /xingrg/check_reg.html?_=1693878980262 HTTP/1.1" 200 22
180.174.205.229 - - [05/Sep/2023:10:05:42 +0800] "GET /xingrg/all/function/internal_message.html?_=1693879540747&CODE_STATE=getMsg HTTP/1.1" 200 27
180.174.205.229 - - [05/Sep/2023:10:05:42 +0800] "GET /xingrg/check_reg.html?_=1693879540874 HTTP/1.1" 200 22
58.40.7.146 - - [05/Sep/2023:10:05:44 +0800] "GET /xingrg/all/function/internal_message.html?_=1693879544928&CODE_STATE=getMsg HTTP/1.1" 200 27
124.79.246.190 - - [05/Sep/2023:10:05:51 +0800] "GET /xingrg/all/function/internal_message.html?_=1693879846663&CODE_STATE=getMsg HTTP/1.1" 200 27
180.169.147.146 - - [05/Sep/2023:10:05:55 +0800] "GET /xingrg/all/function/internal_message.html?_=1693879554191&CODE_STATE=getMsg HTTP/1.1" 200 27
180.169.147.146 - - [05/Sep/2023:10:05:55 +0800] "GET /xingrg/check_reg.html?_=1693879554195 HTTP/1.1" 200 22
222.70.180.200 - - [05/Sep/2023:10:05:57 +0800] "GET /xingrg/all/function/internal_message.html?_=1693879555669&CODE_STATE=getMsg HTTP/1.1" 200 27
222.70.107.27 - - [05/Sep/2023:10:06:00 +0800] "GET /xingrg/all/function/internal_message.html?_=1693879564661&CODE_STATE=getMsg HTTP/1.1" 200 27
116.232.195.127 - - [05/Sep/2023:10:06:00 +0800] "GET /xingrg/kc/buy/cgsh_order_operate.html?command=get_materiel&rest_code=00155&code=00101008196&supplier_code=00100005&order_time=2023-09-05 HTTP/1.1" 200 416
180.152.241.196 - - [05/Sep/2023:10:06:03 +0800] "GET /xingrg/all/function/internal_message.html?_=1693879564804&CODE_STATE=getMsg HTTP/1.1" 200 27
180.152.241.196 - - [05/Sep/2023:10:06:03 +0800] "GET /xingrg/check_reg.html?_=1693879565501 HTTP/1.1" 200 22
180.169.147.146 - - [05/Sep/2023:10:06:05 +0800] "GET /favicon.ico HTTP/1.1" 404 -
101.83.145.37 - - [05/Sep/2023:10:06:12 +0800] "GET /xingrg/all/function/internal_message.html?_=1693879574093&CODE_STATE=getMsg HTTP/1.1" 200 27
101.83.241.137 - - [05/Sep/2023:10:06:14 +0800] "GET /xingrg/all/function/internal_message.html?_=1693879717914&CODE_STATE=getMsg HTTP/1.1" 200 27
116.232.195.127 - - [05/Sep/2023:10:06:15 +0800] "GET /xingrg/kc/buy/cgsh_order_operate.html?command=get_materiel&rest_code=00155&code=00101008286&supplier_code=00100005&order_time=2023-09-05 HTTP/1.1" 200 408
180.165.48.189 - - [05/Sep/2023:10:06:16 +0800] "GET /xingrg/all/function/internal_message.html?_=1693879575815&CODE_STATE=getMsg HTTP/1.1" 200 27
116.232.195.127 - - [05/Sep/2023:10:06:22 +0800] "GET /xingrg/all/function/internal_message.html?_=1693879476038&CODE_STATE=getMsg HTTP/1.1" 200 27
180.169.147.146 - - [05/Sep/2023:10:06:24 +0800] "GET /xingrg/all/function/internal_message.html?_=1693879584324&CODE_STATE=getMsg HTTP/1.1" 200 27
222.70.241.101 - - [05/Sep/2023:10:06:28 +0800] "GET /xingrg/all/function/internal_message.html?_=1693879594253&CODE_STATE=getMsg HTTP/1.1" 200 27
116.232.195.127 - - [05/Sep/2023:10:06:30 +0800] "GET /xingrg/kc/buy/cgsh_order_operate.html?command=get_materiel&rest_code=00155&code=00101008131&supplier_code=00100005&order_time=2023-09-05 HTTP/1.1" 200 409
116.232.195.127 - - [05/Sep/2023:10:06:32 +0800] "POST /xingrg/kc/buy/cgsh_order_operate.html HTTP/1.1" 200 2065
101.83.145.37 - - [05/Sep/2023:10:06:34 +0800] "GET /xingrg/all/function/internal_message.html?_=1693879387080&CODE_STATE=getMsg HTTP/1.1" 200 27
114.95.241.104 - - [05/Sep/2023:10:06:35 +0800] "GET /xingrg/all/function/internal_message.html?_=1693879486894&CODE_STATE=getMsg HTTP/1.1" 200 27
222.67.237.86 - - [05/Sep/2023:10:06:39 +0800] "GET /xingrg/all/function/internal_message.html?_=1693879039544&CODE_STATE=getMsg HTTP/1.1" 200 27
116.232.195.127 - - [05/Sep/2023:10:06:41 +0800] "GET /xingrg/check_reg.html?_=1693879494239 HTTP/1.1" 200 22
180.174.205.229 - - [05/Sep/2023:10:06:42 +0800] "GET /xingrg/all/function/internal_message.html?_=1693879600743&CODE_STATE=getMsg HTTP/1.1" 200 27
58.40.7.146 - - [05/Sep/2023:10:06:44 +0800] "GET /xingrg/check_reg.html?_=1693879604930 HTTP/1.1" 200 22
58.40.7.146 - - [05/Sep/2023:10:06:44 +0800] "GET /xingrg/all/function/internal_message.html?_=1693879604929&CODE_STATE=getMsg HTTP/1.1" 200 27
116.232.195.127 - - [05/Sep/2023:10:06:50 +0800] "GET /xingrg/kc/buy/cgsh_order_operate.html?command=get_materiel&rest_code=00155&code=00101008005&supplier_code=00100005&order_time=2023-09-05 HTTP/1.1" 200 412
124.79.246.190 - - [05/Sep/2023:10:06:51 +0800] "GET /xingrg/all/function/internal_message.html?_=1693879906662&CODE_STATE=getMsg HTTP/1.1" 200 27
124.79.246.190 - - [05/Sep/2023:10:06:51 +0800] "GET /xingrg/check_reg.html?_=1693879906663 HTTP/1.1" 200 22
180.169.147.146 - - [05/Sep/2023:10:06:55 +0800] "GET /xingrg/all/function/internal_message.html?_=1693879614179&CODE_STATE=getMsg HTTP/1.1" 200 27
222.70.180.200 - - [05/Sep/2023:10:06:57 +0800] "GET /xingrg/all/function/internal_message.html?_=1693879615654&CODE_STATE=getMsg HTTP/1.1" 200 27
222.70.107.27 - - [05/Sep/2023:10:07:00 +0800] "GET /xingrg/all/function/internal_message.html?_=1693879624661&CODE_STATE=getMsg HTTP/1.1" 200 27
116.232.195.127 - - [05/Sep/2023:10:07:01 +0800] "GET /xingrg/kc/buy/cgsh_order_operate.html?command=get_materiel&rest_code=00155&code=00101008353&supplier_code=00100005&order_time=2023-09-05 HTTP/1.1" 200 408
180.152.241.196 - - [05/Sep/2023:10:07:03 +0800] "GET /xingrg/all/function/internal_message.html?_=1693879624792&CODE_STATE=getMsg HTTP/1.1" 200 27
101.83.145.37 - - [05/Sep/2023:10:07:12 +0800] "GET /xingrg/all/function/internal_message.html?_=1693879634093&CODE_STATE=getMsg HTTP/1.1" 200 27
116.232.195.127 - - [05/Sep/2023:10:07:12 +0800] "GET /xingrg/kc/buy/cgsh_order_operate.html?command=get_materiel&rest_code=00155&code=00101008291&supplier_code=00100005&order_time=2023-09-05 HTTP/1.1" 200 408
101.83.241.137 - - [05/Sep/2023:10:07:14 +0800] "GET /xingrg/all/function/internal_message.html?_=1693879777901&CODE_STATE=getMsg HTTP/1.1" 200 27
180.165.48.189 - - [05/Sep/2023:10:07:16 +0800] "GET /xingrg/all/function/internal_message.html?_=1693879635810&CODE_STATE=getMsg HTTP/1.1" 200 27
180.165.48.189 - - [05/Sep/2023:10:07:17 +0800] "GET /xingrg/check_reg.html?_=1693879636621 HTTP/1.1" 200 22
116.232.195.127 - - [05/Sep/2023:10:07:22 +0800] "GET /xingrg/all/function/internal_message.html?_=1693879536050&CODE_STATE=getMsg HTTP/1.1" 200 27
180.169.147.146 - - [05/Sep/2023:10:07:24 +0800] "GET /xingrg/all/function/internal_message.html?_=1693879644314&CODE_STATE=getMsg HTTP/1.1" 200 27
222.70.241.101 - - [05/Sep/2023:10:07:28 +0800] "GET /xingrg/all/function/internal_message.html?_=1693879654266&CODE_STATE=getMsg HTTP/1.1" 200 27
222.70.180.200 - - [05/Sep/2023:10:07:32 +0800] "GET /xingrg/javascript/jquery_tools/images/next.gif HTTP/1.1" 404 1086
222.70.180.200 - - [05/Sep/2023:10:07:32 +0800] "GET /xingrg/javascript/jquery_tools/images/prev.gif HTTP/1.1" 404 1086
101.83.145.37 - - [05/Sep/2023:10:07:34 +0800] "GET /xingrg/all/function/internal_message.html?_=1693879447080&CODE_STATE=getMsg HTTP/1.1" 200 27
114.95.241.104 - - [05/Sep/2023:10:07:35 +0800] "GET /xingrg/check_reg.html?_=1693879546698 HTTP/1.1" 200 22
114.95.241.104 - - [05/Sep/2023:10:07:35 +0800] "GET /xingrg/all/function/internal_message.html?_=1693879546938&CODE_STATE=getMsg HTTP/1.1" 200 27
180.169.147.146 - - [05/Sep/2023:10:07:36 +0800] "POST /xingrg/all/user/operate.html HTTP/1.1" 200 36
116.232.195.127 - - [05/Sep/2023:10:07:36 +0800] "GET /xingrg/kc/buy/cgsh_order_operate.html?command=get_materiel&rest_code=00155&code=00101008312&supplier_code=00100005&order_time=2023-09-05 HTTP/1.1" 200 412
180.169.147.146 - - [05/Sep/2023:10:07:36 +0800] "GET /xingrg/index.html?sysBaseUrl=http%3A%2F%2F180.169.147.146%3A18081%2Fxingrg%2F&costTime=39×tamp=1592034574635 HTTP/1.1" 200 17503
180.169.147.146 - - [05/Sep/2023:10:07:36 +0800] "GET /xingrg/javascript/jquery_easy_ui/themes/default/easyui.css HTTP/1.1" 304 -
180.169.147.146 - - [05/Sep/2023:10:07:36 +0800] "GET /xingrg/javascript/jquery_easy_ui/themes/icon.css HTTP/1.1" 304 -
180.169.147.146 - - [05/Sep/2023:10:07:36 +0800] "GET /xingrg/css/form.css HTTP/1.1" 304 -
180.169.147.146 - - [05/Sep/2023:10:07:36 +0800] "GET /xingrg/javascript/jquery-1.4.2.min.js HTTP/1.1" 304 -
180.169.147.146 - - [05/Sep/2023:10:07:36 +0800] "GET /xingrg/javascript/jquery_easy_ui/jquery.easyui.min.js HTTP/1.1" 304 -
180.169.147.146 - - [05/Sep/2023:10:07:36 +0800] "GET /xingrg/javascript/jquery_easy_ui/easyui-lang-zh_CN.js HTTP/1.1" 304 -
180.169.147.146 - - [05/Sep/2023:10:07:36 +0800] "GET /xingrg/javascript/jquery.form.js HTTP/1.1" 304 -
180.169.147.146 - - [05/Sep/2023:10:07:36 +0800] "GET /xingrg/javascript/jquery.utils.js HTTP/1.1" 304 -
180.169.147.146 - - [05/Sep/2023:10:07:36 +0800] "GET /xingrg/javascript/jquery.timers.js HTTP/1.1" 304 -
180.169.147.146 - - [05/Sep/2023:10:07:36 +0800] "GET /xingrg/images/blue/jxLogo.png HTTP/1.1" 304 -
180.169.147.146 - - [05/Sep/2023:10:07:36 +0800] "GET /xingrg/images/blue/navBackgound.jpg HTTP/1.1" 304 -
180.169.147.146 - - [05/Sep/2023:10:07:36 +0800] "GET /xingrg/javascript/jquery_easy_ui/themes/icons/settle_new.png HTTP/1.1" 304 -
180.169.147.146 - - [05/Sep/2023:10:07:36 +0800] "GET /xingrg/all/function/internal_message.html?_=1693879656810&CODE_STATE=count HTTP/1.1" 200 11
180.169.147.146 - - [05/Sep/2023:10:07:36 +0800] "GET /xingrg/check_reg.html?_=1693879656811 HTTP/1.1" 200 22
180.169.147.146 - - [05/Sep/2023:10:07:36 +0800] "GET /xingrg/javascript/jquery_easy_ui/themes/default/images/tabs_rightarrow.png HTTP/1.1" 304 -
180.169.147.146 - - [05/Sep/2023:10:07:36 +0800] "GET /xingrg/images/blue/pingpu.png HTTP/1.1" 304 -
180.169.147.146 - - [05/Sep/2023:10:07:36 +0800] "GET /xingrg/javascript/jquery_easy_ui/themes/default/images/panel_tool_collapse.gif HTTP/1.1" 304 -
180.169.147.146 - - [05/Sep/2023:10:07:36 +0800] "GET /xingrg/javascript/jquery_easy_ui/themes/default/images/tabs_leftarrow.png HTTP/1.1" 304 -
180.169.147.146 - - [05/Sep/2023:10:07:36 +0800] "GET /xingrg/javascript/jquery_easy_ui/themes/default/images/panel_tool_expand.gif HTTP/1.1" 304 -
180.169.147.146 - - [05/Sep/2023:10:07:37 +0800] "POST /xingrg/all/common/load_tree.html?tree=area_rest_tree_json&manage=1 HTTP/1.1" 200 3499
180.169.147.146 - - [05/Sep/2023:10:07:37 +0800] "POST /xingrg/load_menu.html HTTP/1.1" 200 11564
116.232.195.127 - - [05/Sep/2023:10:07:39 +0800] "POST /xingrg/kc/buy/cgsh_order_operate.html HTTP/1.1" 200 2065
222.67.237.86 - - [05/Sep/2023:10:07:39 +0800] "GET /xingrg/all/function/internal_message.html?_=1693879099516&CODE_STATE=getMsg HTTP/1.1" 200 27
180.169.147.146 - - [05/Sep/2023:10:07:40 +0800] "GET /xingrg/kc/cost/cost_list.html HTTP/1.1" 200 6093
180.169.147.146 - - [05/Sep/2023:10:07:40 +0800] "GET /xingrg/dwr/interface/AjaxReportQueryService.js HTTP/1.1" 200 13203
180.169.147.146 - - [05/Sep/2023:10:07:40 +0800] "GET /xingrg/dwr/engine.js HTTP/1.1" 200 43631
180.169.147.146 - - [05/Sep/2023:10:07:41 +0800] "GET /xingrg/kc/cost/cost_operate.html?_=1693879660836&command=load_cost_list HTTP/1.1" 200 10989
180.174.205.229 - - [05/Sep/2023:10:07:42 +0800] "GET /xingrg/all/function/internal_message.html?_=1693879660742&CODE_STATE=getMsg HTTP/1.1" 200 27
58.40.7.146 - - [05/Sep/2023:10:07:44 +0800] "GET /xingrg/all/function/internal_message.html?_=1693879664933&CODE_STATE=getMsg HTTP/1.1" 200 27
116.232.195.127 - - [05/Sep/2023:10:07:47 +0800] "GET /xingrg/kc/buy/cgsh_order_operate.html?command=get_materiel&rest_code=00155&code=00101008283&supplier_code=00100005&order_time=2023-09-05 HTTP/1.1" 200 408
124.79.246.190 - - [05/Sep/2023:10:07:51 +0800] "GET /xingrg/all/function/internal_message.html?_=1693879966661&CODE_STATE=getMsg HTTP/1.1" 200 27
180.169.147.146 - - [05/Sep/2023:10:07:55 +0800] "GET /xingrg/all/function/internal_message.html?_=1693879674179&CODE_STATE=getMsg HTTP/1.1" 200 27
222.70.180.200 - - [05/Sep/2023:10:07:56 +0800] "GET /xingrg/kc/buy/cgsh_order_operate.html?command=get_materiel&rest_code=00111&code=00101007061&supplier_code=00100004&order_time=2023-09-05 HTTP/1.1" 200 409
222.70.180.200 - - [05/Sep/2023:10:07:57 +0800] "GET /xingrg/all/function/internal_message.html?_=1693879675630&CODE_STATE=getMsg HTTP/1.1" 200 27
222.70.241.101 - - [05/Sep/2023:10:07:57 +0800] "GET /xingrg/kc/buy/cgsh_order_operate.html?command=get_materiel&rest_code=00146&code=00101016122&supplier_code=00100005&order_time=2023-09-05 HTTP/1.1" 200 409
116.232.195.127 - - [05/Sep/2023:10:07:58 +0800] "GET /xingrg/kc/buy/cgsh_order_operate.html?command=get_materiel&rest_code=00155&code=00101015200&supplier_code=00100005&order_time=2023-09-05 HTTP/1.1" 200 404
222.70.107.27 - - [05/Sep/2023:10:08:00 +0800] "GET /xingrg/all/function/internal_message.html?_=1693879684661&CODE_STATE=getMsg HTTP/1.1" 200 27
180.152.241.196 - - [05/Sep/2023:10:08:03 +0800] "GET /xingrg/all/function/internal_message.html?_=1693879684767&CODE_STATE=getMsg HTTP/1.1" 200 27
101.83.145.37 - - [05/Sep/2023:10:08:12 +0800] "GET /xingrg/check_reg.html?_=1693879694093 HTTP/1.1" 200 22
101.83.145.37 - - [05/Sep/2023:10:08:12 +0800] "GET /xingrg/all/function/internal_message.html?_=1693879694096&CODE_STATE=getMsg HTTP/1.1" 200 27
101.83.241.137 - - [05/Sep/2023:10:08:14 +0800] "GET /xingrg/all/function/internal_message.html?_=1693879837907&CODE_STATE=getMsg HTTP/1.1" 200 27
114.83.218.93 - - [05/Sep/2023:10:08:16 +0800] "GET /favicon.ico HTTP/1.1" 404 -
180.165.48.189 - - [05/Sep/2023:10:08:16 +0800] "GET /xingrg/all/function/internal_message.html?_=1693879695803&CODE_STATE=getMsg HTTP/1.1" 200 27
116.232.195.127 - - [05/Sep/2023:10:08:22 +0800] "GET /xingrg/all/function/internal_message.html?_=1693879596024&CODE_STATE=getMsg HTTP/1.1" 200 27
116.232.195.127 - - [05/Sep/2023:10:08:24 +0800] "GET /xingrg/kc/buy/cgsh_order_operate.html?command=get_materiel&rest_code=00155&code=00101009057&supplier_code=00100005&order_time=2023-09-05 HTTP/1.1" 200 408
222.70.241.101 - - [05/Sep/2023:10:08:26 +0800] "GET /xingrg/kc/buy/cgsh_order_operate.html?command=get_materiel&rest_code=00146&code=00101008225&supplier_code=00100005&order_time=2023-09-05 HTTP/1.1" 200 416
222.70.241.101 - - [05/Sep/2023:10:08:28 +0800] "GET /xingrg/all/function/internal_message.html?_=1693879714279&CODE_STATE=getMsg HTTP/1.1" 200 27
222.70.241.101 - - [05/Sep/2023:10:08:29 +0800] "POST /xingrg/kc/buy/cgsh_order_operate.html HTTP/1.1" 200 2065
222.67.237.86 - - [05/Sep/2023:10:08:30 +0800] "GET /xingrg/kc/buy/cgsh_order_add.html HTTP/1.1" 200 72268
222.67.237.86 - - [05/Sep/2023:10:08:30 +0800] "POST /xingrg/kc/buy/cgsh_order_operate.html HTTP/1.1" 200 8245
222.67.237.86 - - [05/Sep/2023:10:08:30 +0800] "GET /xingrg/javascript/easyui/themes/default/validatebox.css HTTP/1.1" 404 1104
101.83.145.37 - - [05/Sep/2023:10:08:34 +0800] "GET /xingrg/all/function/internal_message.html?_=1693879507079&CODE_STATE=getMsg HTTP/1.1" 200 27
114.95.241.104 - - [05/Sep/2023:10:08:35 +0800] "GET /xingrg/all/function/internal_message.html?_=1693879606954&CODE_STATE=getMsg HTTP/1.1" 200 27
180.169.147.146 - - [05/Sep/2023:10:08:36 +0800] "GET /xingrg/all/function/internal_message.html?_=1693879716824&CODE_STATE=getMsg HTTP/1.1" 200 27
116.232.195.127 - - [05/Sep/2023:10:08:39 +0800] "GET /xingrg/kc/buy/cgsh_order_operate.html?command=get_materiel&rest_code=00155&code=00101008558&supplier_code=00100005&order_time=2023-09-05 HTTP/1.1" 200 409
222.70.241.101 - - [05/Sep/2023:10:08:39 +0800] "GET /xingrg/check_reg.html?_=1693879725263 HTTP/1.1" 200 22
222.67.237.86 - - [05/Sep/2023:10:08:39 +0800] "GET /xingrg/all/function/internal_message.html?_=1693879159515&CODE_STATE=getMsg HTTP/1.1" 200 27
222.70.241.101 - - [05/Sep/2023:10:08:40 +0800] "GET /xingrg/kc/buy/cgsh_order_operate.html?command=get_materiel&rest_code=00146&code=00101008354&supplier_code=00100005&order_time=2023-09-05 HTTP/1.1" 200 412
180.163.29.219 - - [05/Sep/2023:10:08:40 +0800] "GET /xingrg/kc/cost/cost_list.html HTTP/1.1" 302 -
180.163.29.219 - - [05/Sep/2023:10:08:40 +0800] "GET /xingrg/login.html HTTP/1.1" 200 7641
180.174.205.229 - - [05/Sep/2023:10:08:42 +0800] "GET /xingrg/all/function/internal_message.html?_=1693879720742&CODE_STATE=getMsg HTTP/1.1" 200 27
58.40.7.146 - - [05/Sep/2023:10:08:44 +0800] "GET /xingrg/all/function/internal_message.html?_=1693879724935&CODE_STATE=getMsg HTTP/1.1" 200 27
116.232.195.127 - - [05/Sep/2023:10:08:50 +0800] "GET /xingrg/kc/buy/cgsh_order_operate.html?command=get_materiel&rest_code=00155&code=00101009021&supplier_code=00100005&order_time=2023-09-05 HTTP/1.1" 200 417
124.79.246.190 - - [05/Sep/2023:10:08:51 +0800] "GET /xingrg/all/function/internal_message.html?_=1693880026659&CODE_STATE=getMsg HTTP/1.1" 200 27
180.169.147.146 - - [05/Sep/2023:10:08:55 +0800] "GET /xingrg/all/function/internal_message.html?_=1693879734179&CODE_STATE=getMsg HTTP/1.1" 200 27
222.70.241.101 - - [05/Sep/2023:10:08:56 +0800] "GET /xingrg/kc/buy/cgsh_order_operate.html?command=get_materiel&rest_code=00146&code=00101008213&supplier_code=00100005&order_time=2023-09-05 HTTP/1.1" 200 412
116.232.195.127 - - [05/Sep/2023:10:08:56 +0800] "POST /xingrg/kc/buy/cgsh_order_operate.html HTTP/1.1" 200 2065
222.70.180.200 - - [05/Sep/2023:10:08:57 +0800] "GET /xingrg/all/function/internal_message.html?_=1693879735611&CODE_STATE=getMsg HTTP/1.1" 200 27
222.70.107.27 - - [05/Sep/2023:10:09:00 +0800] "GET /xingrg/all/function/internal_message.html?_=1693879744662&CODE_STATE=getMsg HTTP/1.1" 200 27
222.70.180.200 - - [05/Sep/2023:10:09:00 +0800] "GET /xingrg/kc/buy/cgsh_order_operate.html?command=get_materiel&rest_code=00111&code=00101007072&supplier_code=00100004&order_time=2023-09-05 HTTP/1.1" 200 419
180.152.241.196 - - [05/Sep/2023:10:09:02 +0800] "GET /xingrg/all/function/internal_message.html?_=1693879744749&CODE_STATE=getMsg HTTP/1.1" 200 27
116.232.195.127 - - [05/Sep/2023:10:09:06 +0800] "GET /xingrg/kc/buy/cgsh_order_operate.html?command=get_materiel&rest_code=00155&code=00101008563&supplier_code=00100005&order_time=2023-09-05 HTTP/1.1" 200 413
124.78.155.92 - - [05/Sep/2023:10:09:06 +0800] "GET /xingrg/login.html?r=1 HTTP/1.1" 200 7641
124.78.155.92 - - [05/Sep/2023:10:09:06 +0800] "GET /favicon.ico HTTP/1.1" 404 -
222.70.241.101 - - [05/Sep/2023:10:09:09 +0800] "GET /xingrg/kc/buy/cgsh_order_operate.html?command=get_materiel&rest_code=00146&code=00101008244&supplier_code=00100005&order_time=2023-09-05 HTTP/1.1" 200 408
101.83.241.137 - - [05/Sep/2023:10:09:10 +0800] "GET /xingrg/kc/buy/cgsh_order_operate.html?command=get_materiel&rest_code=00154&code=00101008261&supplier_code=00100417&order_time=2023-09-05 HTTP/1.1" 200 408
124.78.155.92 - - [05/Sep/2023:10:09:10 +0800] "POST /xingrg/login.do HTTP/1.1" 302 -
124.78.155.92 - - [05/Sep/2023:10:09:10 +0800] "GET /xingrg/index.html?sysBaseUrl=http%3A%2F%2F180.169.147.146%3A18081%2Fxingrg%2F&costTime=896×tamp=1693879750770 HTTP/1.1" 200 17173
124.78.155.92 - - [05/Sep/2023:10:09:10 +0800] "GET /favicon.ico HTTP/1.1" 404 -
124.78.155.92 - - [05/Sep/2023:10:09:11 +0800] "GET /xingrg/all/function/internal_message.html?_=1693879752516&CODE_STATE=count HTTP/1.1" 200 11
124.78.155.92 - - [05/Sep/2023:10:09:11 +0800] "GET /xingrg/check_reg.html?_=1693879752517 HTTP/1.1" 200 22
124.78.155.92 - - [05/Sep/2023:10:09:11 +0800] "POST /xingrg/all/common/load_tree.html?tree=area_rest_tree_json&manage=1 HTTP/1.1" 200 342
124.78.155.92 - - [05/Sep/2023:10:09:11 +0800] "POST /xingrg/load_menu.html HTTP/1.1" 200 5138
101.83.145.37 - - [05/Sep/2023:10:09:12 +0800] "GET /xingrg/all/function/internal_message.html?_=1693879754095&CODE_STATE=getMsg HTTP/1.1" 200 27
101.83.241.137 - - [05/Sep/2023:10:09:14 +0800] "GET /xingrg/all/function/internal_message.html?_=1693879897917&CODE_STATE=getMsg HTTP/1.1" 200 27
180.165.48.189 - - [05/Sep/2023:10:09:16 +0800] "GET /xingrg/all/function/internal_message.html?_=1693879755781&CODE_STATE=getMsg HTTP/1.1" 200 27
116.232.195.127 - - [05/Sep/2023:10:09:22 +0800] "GET /xingrg/all/function/internal_message.html?_=1693879656011&CODE_STATE=getMsg HTTP/1.1" 200 27
222.70.241.101 - - [05/Sep/2023:10:09:24 +0800] "GET /xingrg/kc/buy/cgsh_order_operate.html?command=get_materiel&rest_code=00146&code=00101008357&supplier_code=00100005&order_time=2023-09-05 HTTP/1.1" 200 408
124.78.155.92 - - [05/Sep/2023:10:09:28 +0800] "GET /xingrg/kc/buy/buy_main.html HTTP/1.1" 200 12412
124.78.155.92 - - [05/Sep/2023:10:09:28 +0800] "GET /xingrg/css/new_ie.css HTTP/1.1" 404 1036
222.70.241.101 - - [05/Sep/2023:10:09:28 +0800] "GET /xingrg/all/function/internal_message.html?_=1693879774294&CODE_STATE=getMsg HTTP/1.1" 200 27
124.78.155.92 - - [05/Sep/2023:10:09:29 +0800] "GET /xingrg/images/yd/bt.gif HTTP/1.1" 404 1040
124.78.155.92 - - [05/Sep/2023:10:09:31 +0800] "GET /xingrg/kc/buy/cgsh_order_list.html HTTP/1.1" 200 56486
101.83.145.37 - - [05/Sep/2023:10:09:34 +0800] "GET /xingrg/all/function/internal_message.html?_=1693879567079&CODE_STATE=getMsg HTTP/1.1" 200 27
124.78.155.92 - - [05/Sep/2023:10:09:35 +0800] "POST /xingrg/kc/buy/cgsh_list_operate.html HTTP/1.1" 200 1843
114.95.241.104 - - [05/Sep/2023:10:09:35 +0800] "GET /xingrg/all/function/internal_message.html?_=1693879666967&CODE_STATE=getMsg HTTP/1.1" 200 27
180.169.147.146 - - [05/Sep/2023:10:09:36 +0800] "GET /xingrg/all/function/internal_message.html?_=1693879776822&CODE_STATE=getMsg HTTP/1.1" 200 27
101.83.145.37 - - [05/Sep/2023:10:09:38 +0800] "GET /xingrg/kc/buy/cgsh_order_add.html HTTP/1.1" 200 72350
101.83.145.37 - - [05/Sep/2023:10:09:38 +0800] "GET /xingrg/javascript/easyui/themes/default/validatebox.css HTTP/1.1" 404 1104
101.83.145.37 - - [05/Sep/2023:10:09:38 +0800] "POST /xingrg/kc/buy/cgsh_order_operate.html HTTP/1.1" 200 8245
222.67.237.86 - - [05/Sep/2023:10:09:39 +0800] "GET /xingrg/all/function/internal_message.html?_=1693879219499&CODE_STATE=getMsg HTTP/1.1" 200 27
222.70.180.200 - - [05/Sep/2023:10:09:40 +0800] "GET /xingrg/kc/buy/cgsh_order_operate.html?command=get_materiel&rest_code=00111&code=00101007090&supplier_code=00100004&order_time=2023-09-05 HTTP/1.1" 200 413
180.174.205.229 - - [05/Sep/2023:10:09:42 +0800] "GET /xingrg/all/function/internal_message.html?_=1693879780743&CODE_STATE=getMsg HTTP/1.1" 200 27
58.40.7.146 - - [05/Sep/2023:10:09:44 +0800] "GET /xingrg/all/function/internal_message.html?_=1693879784923&CODE_STATE=getMsg HTTP/1.1" 200 27
222.67.237.86 - - [05/Sep/2023:10:09:48 +0800] "GET /xingrg/kc/buy/cgsh_order_operate.html?command=get_materiel&rest_code=00141&code=00101008112&supplier_code=00100007&order_time=2023-09-05 HTTP/1.1" 200 412
124.79.246.190 - - [05/Sep/2023:10:09:51 +0800] "GET /xingrg/all/function/internal_message.html?_=1693880086661&CODE_STATE=getMsg HTTP/1.1" 200 27
222.70.241.101 - - [05/Sep/2023:10:09:52 +0800] "POST /xingrg/kc/buy/cgsh_order_operate.html HTTP/1.1" 200 2065
116.232.195.127 - - [05/Sep/2023:10:09:52 +0800] "GET /xingrg/kc/buy/cgsh_order_operate.html?command=get_materiel&rest_code=00155&code=00101008223&supplier_code=00100005&order_time=2023-09-05 HTTP/1.1" 200 412
124.78.155.92 - - [05/Sep/2023:10:09:55 +0800] "GET /xingrg/kc/buy/cgsh_order_add.html HTTP/1.1" 200 72262
124.78.155.92 - - [05/Sep/2023:10:09:55 +0800] "GET /xingrg/javascript/easyui/themes/default/validatebox.css HTTP/1.1" 404 1104
124.78.155.92 - - [05/Sep/2023:10:09:55 +0800] "POST /xingrg/kc/buy/cgsh_order_operate.html HTTP/1.1" 200 8245
124.78.155.92 - - [05/Sep/2023:10:09:55 +0800] "GET /xingrg/all/common/auto_word.html?type=employee&rest_code=00106 HTTP/1.1" 200 205
124.78.155.92 - - [05/Sep/2023:10:09:55 +0800] "GET /xingrg/all/common/auto_word.html?type=employee&rest_code=00106 HTTP/1.1" 200 205
180.169.147.146 - - [05/Sep/2023:10:09:55 +0800] "GET /xingrg/all/function/internal_message.html?_=1693879794179&CODE_STATE=getMsg HTTP/1.1" 200 27
101.83.145.37 - - [05/Sep/2023:10:09:56 +0800] "GET /xingrg/kc/buy/cgsh_order_operate.html?command=get_materiel&rest_code=00105&code=00101009109&supplier_code=00100024&order_time=2023-09-05 HTTP/1.1" 200 413
222.70.180.200 - - [05/Sep/2023:10:09:57 +0800] "GET /xingrg/all/function/internal_message.html?_=1693879795581&CODE_STATE=getMsg HTTP/1.1" 200 27
124.78.155.92 - - [05/Sep/2023:10:09:57 +0800] "GET /xingrg/javascript/easyui/themes/default/tree.css HTTP/1.1" 404 1090
222.70.180.200 - - [05/Sep/2023:10:09:57 +0800] "GET /xingrg/check_reg.html?_=1693879796182 HTTP/1.1" 200 22
124.78.155.92 - - [05/Sep/2023:10:09:58 +0800] "POST /xingrg/all/common/load_tree.html?tree=supplier_tree_json&isDelete=1 HTTP/1.1" 200 75729
101.83.241.137 - - [05/Sep/2023:10:09:59 +0800] "GET /xingrg/kc/buy/cgsh_order_operate.html?command=get_materiel&rest_code=00154&code=00101008268&supplier_code=00100417&order_time=2023-09-05 HTTP/1.1" 200 408
222.70.107.27 - - [05/Sep/2023:10:10:00 +0800] "GET /xingrg/check_reg.html?_=1693879804662 HTTP/1.1" 200 22
222.70.107.27 - - [05/Sep/2023:10:10:00 +0800] "GET /xingrg/all/function/internal_message.html?_=1693879804665&CODE_STATE=getMsg HTTP/1.1" 200 27
180.152.241.196 - - [05/Sep/2023:10:10:03 +0800] "GET /xingrg/all/function/internal_message.html?_=1693879804748&CODE_STATE=getMsg HTTP/1.1" 200 27
116.232.195.127 - - [05/Sep/2023:10:10:03 +0800] "GET /xingrg/kc/buy/cgsh_order_operate.html?command=get_materiel&rest_code=00155&code=00101008061&supplier_code=00100005&order_time=2023-09-05 HTTP/1.1" 200 422
222.70.241.101 - - [05/Sep/2023:10:10:06 +0800] "GET /xingrg/kc/buy/cgsh_order_operate.html?command=get_materiel&rest_code=00146&code=00101008098&supplier_code=00100005&order_time=2023-09-05 HTTP/1.1" 200 412
116.232.195.127 - - [05/Sep/2023:10:10:07 +0800] "POST /xingrg/kc/buy/cgsh_order_operate.html HTTP/1.1" 200 2065
101.83.145.37 - - [05/Sep/2023:10:10:09 +0800] "GET /xingrg/kc/buy/cgsh_order_operate.html?command=get_materiel&rest_code=00105&code=00101009041&supplier_code=00100024&order_time=2023-09-05 HTTP/1.1" 200 408
124.78.155.92 - - [05/Sep/2023:10:10:11 +0800] "GET /xingrg/all/function/internal_message.html?_=1693879812529&CODE_STATE=getMsg HTTP/1.1" 200 27
101.83.145.37 - - [05/Sep/2023:10:10:12 +0800] "GET /xingrg/all/function/internal_message.html?_=1693879814116&CODE_STATE=getMsg HTTP/1.1" 200 27
101.83.241.137 - - [05/Sep/2023:10:10:13 +0800] "GET /xingrg/kc/buy/cgsh_order_operate.html?command=get_materiel&rest_code=00154&code=00101008024&supplier_code=00100417&order_time=2023-09-05 HTTP/1.1" 200 408
101.83.241.137 - - [05/Sep/2023:10:10:14 +0800] "GET /xingrg/check_reg.html?_=1693879957916 HTTP/1.1" 200 22
101.83.241.137 - - [05/Sep/2023:10:10:14 +0800] "GET /xingrg/all/function/internal_message.html?_=1693879957917&CODE_STATE=getMsg HTTP/1.1" 200 27
116.232.195.127 - - [05/Sep/2023:10:10:15 +0800] "GET /xingrg/kc/buy/cgsh_order_operate.html?command=get_materiel&rest_code=00155&code=00101015061&supplier_code=00100005&order_time=2023-09-05 HTTP/1.1" 200 413
180.165.48.189 - - [05/Sep/2023:10:10:16 +0800] "GET /xingrg/all/function/internal_message.html?_=1693879815761&CODE_STATE=getMsg HTTP/1.1" 200 27
124.78.155.92 - - [05/Sep/2023:10:10:19 +0800] "GET /xingrg/javascript/auto/indicator.gif HTTP/1.1" 404 1066
101.83.145.37 - - [05/Sep/2023:10:10:21 +0800] "POST /xingrg/kc/buy/cgsh_order_operate.html HTTP/1.1" 200 37
116.232.195.127 - - [05/Sep/2023:10:10:22 +0800] "GET /xingrg/all/function/internal_message.html?_=1693879716015&CODE_STATE=getMsg HTTP/1.1" 200 27
222.67.237.86 - - [05/Sep/2023:10:10:23 +0800] "GET /xingrg/kc/buy/cgsh_order_operate.html?command=get_materiel&rest_code=00141&code=00101008096&supplier_code=00100007&order_time=2023-09-05 HTTP/1.1" 200 412
101.83.145.37 - - [05/Sep/2023:10:10:23 +0800] "POST /xingrg/kc/buy/cgsh_order_operate.html HTTP/1.1" 200 3244
101.83.145.37 - - [05/Sep/2023:10:10:25 +0800] "GET /xingrg/kc/print/load_data.html?order_code=212023090501570&kc_code=cgsh&condition= HTTP/1.1" 200 913
116.232.195.127 - - [05/Sep/2023:10:10:25 +0800] "GET /xingrg/kc/buy/cgsh_order_operate.html?command=get_materiel&rest_code=00155&code=00101009140&supplier_code=00100005&order_time=2023-09-05 HTTP/1.1" 200 412
222.70.241.101 - - [05/Sep/2023:10:10:28 +0800] "GET /xingrg/kc/buy/cgsh_order_operate.html?command=get_materiel&rest_code=00146&code=00101008210&supplier_code=00100005&order_time=2023-09-05 HTTP/1.1" 200 408
222.70.241.101 - - [05/Sep/2023:10:10:28 +0800] "GET /xingrg/all/function/internal_message.html?_=1693879834307&CODE_STATE=getMsg HTTP/1.1" 200 27
124.78.155.92 - - [05/Sep/2023:10:10:30 +0800] "GET /xingrg/kc/buy/cgsh_order_operate.html?command=get_materiel&rest_code=00106&code=00101008351&supplier_code=00100007&order_time=2023-09-05 HTTP/1.1" 200 408
101.83.145.37 - - [05/Sep/2023:10:10:32 +0800] "GET /xingrg/kc/base/wldb_order_list.html HTTP/1.1" 200 19174
222.67.237.86 - - [05/Sep/2023:10:10:32 +0800] "GET /xingrg/kc/buy/cgsh_order_operate.html?command=get_materiel&rest_code=00141&code=00101008141&supplier_code=00100007&order_time=2023-09-05 HTTP/1.1" 200 412
101.83.145.37 - - [05/Sep/2023:10:10:33 +0800] "POST /xingrg/kc/base/wldb_list_operate.html HTTP/1.1" 200 928
101.83.145.37 - - [05/Sep/2023:10:10:33 +0800] "GET /xingrg/kc/base/wldb_order_add.html HTTP/1.1" 200 30457
101.83.145.37 - - [05/Sep/2023:10:10:34 +0800] "GET /xingrg/all/common/auto_word.html?type=base&rest_code=00105 HTTP/1.1" 200 1907
101.83.145.37 - - [05/Sep/2023:10:10:34 +0800] "GET /xingrg/all/common/auto_word.html?type=base&rest_code=00105 HTTP/1.1" 200 1907
101.83.145.37 - - [05/Sep/2023:10:10:34 +0800] "GET /xingrg/javascript/easyui/themes/default/validatebox.css HTTP/1.1" 404 1104
101.83.145.37 - - [05/Sep/2023:10:10:34 +0800] "POST /xingrg/kc/base/wldb_order_operate.html HTTP/1.1" 200 6806
101.83.145.37 - - [05/Sep/2023:10:10:34 +0800] "GET /xingrg/check_reg.html?_=1693879627080 HTTP/1.1" 200 22
101.83.145.37 - - [05/Sep/2023:10:10:34 +0800] "GET /xingrg/all/function/internal_message.html?_=1693879627083&CODE_STATE=getMsg HTTP/1.1" 200 27
101.83.145.37 - - [05/Sep/2023:10:10:35 +0800] "GET /xingrg/css/images/panel_loading.gif HTTP/1.1" 304 -
101.83.145.37 - - [05/Sep/2023:10:10:35 +0800] "POST /xingrg/all/common/load_combo.html?type=base HTTP/1.1" 200 3409
114.95.241.104 - - [05/Sep/2023:10:10:35 +0800] "GET /xingrg/all/function/internal_message.html?_=1693879726997&CODE_STATE=getMsg HTTP/1.1" 200 27
180.169.147.146 - - [05/Sep/2023:10:10:36 +0800] "GET /xingrg/all/function/internal_message.html?_=1693879836829&CODE_STATE=getMsg HTTP/1.1" 200 27
222.67.237.86 - - [05/Sep/2023:10:10:39 +0800] "GET /xingrg/all/function/internal_message.html?_=1693879279473&CODE_STATE=getMsg HTTP/1.1" 200 27
222.67.237.86 - - [05/Sep/2023:10:10:40 +0800] "GET /xingrg/check_reg.html?_=1693879280276 HTTP/1.1" 200 22
180.174.205.229 - - [05/Sep/2023:10:10:42 +0800] "GET /xingrg/all/function/internal_message.html?_=1693879840748&CODE_STATE=getMsg HTTP/1.1" 200 27
180.174.205.229 - - [05/Sep/2023:10:10:42 +0800] "GET /xingrg/check_reg.html?_=1693879840860 HTTP/1.1" 200 22
116.232.195.127 - - [05/Sep/2023:10:10:44 +0800] "POST /xingrg/kc/buy/cgsh_order_operate.html HTTP/1.1" 200 37
58.40.7.146 - - [05/Sep/2023:10:10:44 +0800] "GET /xingrg/all/function/internal_message.html?_=1693879844925&CODE_STATE=getMsg HTTP/1.1" 200 27
222.67.237.86 - - [05/Sep/2023:10:10:46 +0800] "GET /xingrg/kc/buy/cgsh_order_operate.html?command=get_materiel&rest_code=00141&code=00101008148&supplier_code=00100007&order_time=2023-09-05 HTTP/1.1" 200 416
101.83.145.37 - - [05/Sep/2023:10:10:46 +0800] "GET /xingrg/kc/base/wldb_order_operate.html?command=get_materiel&rest_code=00105&base_code=0010508&code=00102002204 HTTP/1.1" 200 448
116.232.195.127 - - [05/Sep/2023:10:10:47 +0800] "POST /xingrg/kc/buy/cgsh_order_operate.html HTTP/1.1" 200 26349
116.232.195.127 - - [05/Sep/2023:10:10:49 +0800] "GET /xingrg/kc/print/load_data.html?order_code=212023090501571&kc_code=cgsh&condition= HTTP/1.1" 200 9704
101.83.241.137 - - [05/Sep/2023:10:10:50 +0800] "GET /xingrg/kc/buy/cgsh_order_operate.html?command=get_materiel&rest_code=00154&code=00101008003&supplier_code=00100417&order_time=2023-09-05 HTTP/1.1" 200 408
124.79.246.190 - - [05/Sep/2023:10:10:51 +0800] "GET /xingrg/all/function/internal_message.html?_=1693880146662&CODE_STATE=getMsg HTTP/1.1" 200 27
101.83.145.37 - - [05/Sep/2023:10:10:52 +0800] "GET /xingrg/kc/base/wldb_order_operate.html?command=get_materiel&rest_code=00105&base_code=0010508&code=00102002511 HTTP/1.1" 200 434
124.78.155.92 - - [05/Sep/2023:10:10:54 +0800] "GET /xingrg/kc/buy/cgsh_order_operate.html?command=get_materiel&rest_code=00106&code=00101008110&supplier_code=00100007&order_time=2023-09-05 HTTP/1.1" 200 408
180.169.147.146 - - [05/Sep/2023:10:10:55 +0800] "GET /xingrg/all/function/internal_message.html?_=1693879854205&CODE_STATE=getMsg HTTP/1.1" 200 27
180.169.147.146 - - [05/Sep/2023:10:10:55 +0800] "GET /xingrg/check_reg.html?_=1693879854208 HTTP/1.1" 200 22
222.70.180.200 - - [05/Sep/2023:10:10:57 +0800] "GET /xingrg/all/function/internal_message.html?_=1693879855551&CODE_STATE=getMsg HTTP/1.1" 200 27
101.83.145.37 - - [05/Sep/2023:10:10:57 +0800] "POST /xingrg/kc/base/wldb_order_operate.html HTTP/1.1" 200 37
101.83.145.37 - - [05/Sep/2023:10:10:58 +0800] "POST /xingrg/kc/base/wldb_order_operate.html HTTP/1.1" 200 2670
222.70.241.101 - - [05/Sep/2023:10:10:58 +0800] "GET /xingrg/kc/buy/cgsh_order_operate.html?command=get_materiel&rest_code=00146&code=00101008283&supplier_code=00100005&order_time=2023-09-05 HTTP/1.1" 200 408
222.70.107.27 - - [05/Sep/2023:10:11:00 +0800] "GET /xingrg/all/function/internal_message.html?_=1693879864664&CODE_STATE=getMsg HTTP/1.1" 200 27
180.152.241.196 - - [05/Sep/2023:10:11:02 +0800] "GET /xingrg/all/function/internal_message.html?_=1693879864731&CODE_STATE=getMsg HTTP/1.1" 200 27
116.232.195.127 - - [05/Sep/2023:10:11:03 +0800] "POST /xingrg/kc/buy/cgsh_list_operate.html HTTP/1.1" 200 3159
180.152.241.196 - - [05/Sep/2023:10:11:03 +0800] "GET /xingrg/check_reg.html?_=1693879865492 HTTP/1.1" 200 22
101.83.145.37 - - [05/Sep/2023:10:11:03 +0800] "GET /xingrg/kc/base/wldb_order_info.html?code=422023090500405 HTTP/1.1" 200 30471
101.83.145.37 - - [05/Sep/2023:10:11:04 +0800] "GET /xingrg/javascript/easyui/themes/default/validatebox.css HTTP/1.1" 404 1104
101.83.145.37 - - [05/Sep/2023:10:11:04 +0800] "POST /xingrg/kc/base/wldb_order_operate.html HTTP/1.1" 200 2670
222.67.237.86 - - [05/Sep/2023:10:11:07 +0800] "GET /xingrg/kc/buy/cgsh_order_operate.html?command=get_materiel&rest_code=00141&code=00101008264&supplier_code=00100007&order_time=2023-09-05 HTTP/1.1" 200 412
124.78.155.92 - - [05/Sep/2023:10:11:11 +0800] "GET /xingrg/all/function/internal_message.html?_=1693879872525&CODE_STATE=getMsg HTTP/1.1" 200 27
222.70.241.101 - - [05/Sep/2023:10:11:11 +0800] "GET /xingrg/kc/buy/cgsh_order_operate.html?command=get_materiel&rest_code=00146&code=00101008300&supplier_code=00100005&order_time=2023-09-05 HTTP/1.1" 200 412
124.78.155.92 - - [05/Sep/2023:10:11:12 +0800] "GET /xingrg/kc/buy/cgsh_order_operate.html?command=get_materiel&rest_code=00106&code=00101008096&supplier_code=00100007&order_time=2023-09-05 HTTP/1.1" 200 412
101.83.145.37 - - [05/Sep/2023:10:11:12 +0800] "GET /xingrg/all/function/internal_message.html?_=1693879874130&CODE_STATE=getMsg HTTP/1.1" 200 27
116.232.195.127 - - [05/Sep/2023:10:11:13 +0800] "GET /xingrg/kc/buy/cgsh_order_add.html HTTP/1.1" 200 72315
116.232.195.127 - - [05/Sep/2023:10:11:14 +0800] "POST /xingrg/kc/buy/cgsh_order_operate.html HTTP/1.1" 200 8245
116.232.195.127 - - [05/Sep/2023:10:11:14 +0800] "GET /xingrg/javascript/easyui/themes/default/validatebox.css HTTP/1.1" 404 1104
101.83.241.137 - - [05/Sep/2023:10:11:14 +0800] "GET /xingrg/kc/buy/cgsh_order_operate.html?command=get_materiel&rest_code=00154&code=00101008270&supplier_code=00100417&order_time=2023-09-05 HTTP/1.1" 200 412
101.83.241.137 - - [05/Sep/2023:10:11:14 +0800] "GET /xingrg/all/function/internal_message.html?_=1693880017912&CODE_STATE=getMsg HTTP/1.1" 200 27
222.67.237.86 - - [05/Sep/2023:10:11:16 +0800] "GET /xingrg/kc/buy/cgsh_order_operate.html?command=get_materiel&rest_code=00141&code=00101008077&supplier_code=00100007&order_time=2023-09-05 HTTP/1.1" 200 416
180.165.48.189 - - [05/Sep/2023:10:11:16 +0800] "GET /xingrg/all/function/internal_message.html?_=1693879875740&CODE_STATE=getMsg HTTP/1.1" 200 27
116.232.195.127 - - [05/Sep/2023:10:11:22 +0800] "GET /xingrg/all/function/internal_message.html?_=1693879775990&CODE_STATE=getMsg HTTP/1.1" 200 27
222.67.237.86 - - [05/Sep/2023:10:11:25 +0800] "GET /xingrg/kc/buy/cgsh_order_operate.html?command=get_materiel&rest_code=00141&code=00101008357&supplier_code=00100007&order_time=2023-09-05 HTTP/1.1" 200 408
222.70.241.101 - - [05/Sep/2023:10:11:29 +0800] "GET /xingrg/all/function/internal_message.html?_=1693879894588&CODE_STATE=getMsg HTTP/1.1" 200 27
116.232.195.127 - - [05/Sep/2023:10:11:29 +0800] "GET /xingrg/kc/buy/cgsh_order_operate.html?command=get_materiel&rest_code=00155&code=00101005004&supplier_code=00100627&order_time=2023-09-05 HTTP/1.1" 200 409
101.83.145.37 - - [05/Sep/2023:10:11:32 +0800] "GET /xingrg/kc/mdqp/qqps_order_list.html HTTP/1.1" 200 9222
101.83.145.37 - - [05/Sep/2023:10:11:32 +0800] "GET /xingrg/dwr/interface/AjaxQqpsService.js HTTP/1.1" 200 16326
101.83.145.37 - - [05/Sep/2023:10:11:32 +0800] "GET /xingrg/dwr/interface/AjaxReportQueryService.js HTTP/1.1" 200 13203
101.83.145.37 - - [05/Sep/2023:10:11:32 +0800] "GET /xingrg/dwr/util.js HTTP/1.1" 200 35990
101.83.145.37 - - [05/Sep/2023:10:11:32 +0800] "GET /xingrg/dwr/engine.js HTTP/1.1" 200 43631
101.83.145.37 - - [05/Sep/2023:10:11:32 +0800] "GET /xingrg/javascript/ToolTips.js HTTP/1.1" 304 -
101.83.145.37 - - [05/Sep/2023:10:11:32 +0800] "GET /xingrg/javascript/Calendar.js HTTP/1.1" 304 -
101.83.145.37 - - [05/Sep/2023:10:11:32 +0800] "GET /xingrg/javascript/jquery_easy_ui/themes/icons/edit_add_new.png HTTP/1.1" 304 -
101.83.145.37 - - [05/Sep/2023:10:11:32 +0800] "GET /xingrg/javascript/jquery_easy_ui/themes/icons/check_new.png HTTP/1.1" 304 -
101.83.145.37 - - [05/Sep/2023:10:11:32 +0800] "GET /xingrg/javascript/jquery_easy_ui/themes/icons/uncheck_new.png HTTP/1.1" 304 -
101.83.145.37 - - [05/Sep/2023:10:11:32 +0800] "GET /xingrg/javascript/jquery_easy_ui/themes/icons/cance_new.png HTTP/1.1" 304 -
101.83.145.37 - - [05/Sep/2023:10:11:33 +0800] "GET /xingrg/javascript/jquery_easy_ui/themes/default/images/button_plain_hover.png HTTP/1.1" 304 -
101.83.241.137 - - [05/Sep/2023:10:11:33 +0800] "GET /xingrg/kc/buy/cgsh_order_operate.html?command=get_materiel&rest_code=00154&code=00101008286&supplier_code=00100417&order_time=2023-09-05 HTTP/1.1" 200 408
124.78.155.92 - - [05/Sep/2023:10:11:33 +0800] "GET /xingrg/kc/buy/cgsh_order_operate.html?command=get_materiel&rest_code=00106&code=00101008004&supplier_code=00100007&order_time=2023-09-05 HTTP/1.1" 200 416
101.83.145.37 - - [05/Sep/2023:10:11:34 +0800] "GET /xingrg/kc/mdqp/qqps_order_add.html HTTP/1.1" 200 28393
101.83.145.37 - - [05/Sep/2023:10:11:34 +0800] "GET /xingrg/javascript/tools/jquery.qtip-1.0.0-rc3.min.js HTTP/1.1" 304 -
101.83.145.37 - - [05/Sep/2023:10:11:34 +0800] "GET /xingrg/dwr/interface/AjaxComOrderService.js HTTP/1.1" 200 18264
101.83.145.37 - - [05/Sep/2023:10:11:34 +0800] "GET /xingrg/dwr/interface/AjaxQqpsService.js HTTP/1.1" 200 16326
101.83.145.37 - - [05/Sep/2023:10:11:34 +0800] "GET /xingrg/javascript/Grid.js HTTP/1.1" 304 -
101.83.145.37 - - [05/Sep/2023:10:11:34 +0800] "GET /xingrg/javascript/AjaxInfoList.js HTTP/1.1" 304 -
101.83.145.37 - - [05/Sep/2023:10:11:34 +0800] "GET /xingrg/dwr/engine.js HTTP/1.1" 200 43631
101.83.145.37 - - [05/Sep/2023:10:11:34 +0800] "GET /xingrg/all/function/internal_message.html?_=1693879687082&CODE_STATE=getMsg HTTP/1.1" 200 27
101.83.145.37 - - [05/Sep/2023:10:11:34 +0800] "GET /xingrg/images/blue/button/kc_tab_add.gif HTTP/1.1" 304 -
101.83.145.37 - - [05/Sep/2023:10:11:34 +0800] "GET /xingrg/images/blue/button/kc_tab_edit.gif HTTP/1.1" 304 -
101.83.145.37 - - [05/Sep/2023:10:11:34 +0800] "GET /xingrg/images/blue/button/kc_tab_save.gif HTTP/1.1" 304 -
101.83.145.37 - - [05/Sep/2023:10:11:34 +0800] "GET /xingrg/images/blue/button/kc_tab_del.gif HTTP/1.1" 304 -
101.83.145.37 - - [05/Sep/2023:10:11:34 +0800] "GET /xingrg/javascript/jquery_easy_ui/themes/icons/template_new.png HTTP/1.1" 304 -
101.83.145.37 - - [05/Sep/2023:10:11:34 +0800] "GET /xingrg/javascript/jquery_easy_ui/themes/icons/copy_new.png HTTP/1.1" 304 -
101.83.145.37 - - [05/Sep/2023:10:11:34 +0800] "GET /xingrg/javascript/jquery_easy_ui/themes/icons/ok.png HTTP/1.1" 304 -
101.83.145.37 - - [05/Sep/2023:10:11:34 +0800] "GET /xingrg/javascript/jquery_easy_ui/themes/icons/print.png HTTP/1.1" 304 -
101.83.145.37 - - [05/Sep/2023:10:11:34 +0800] "GET /xingrg/javascript/jquery_easy_ui/themes/default/images/menu_downarrow.png HTTP/1.1" 304 -
101.83.145.37 - - [05/Sep/2023:10:11:34 +0800] "GET /xingrg/images/blue/kc_tab2_left.gif HTTP/1.1" 304 -
101.83.145.37 - - [05/Sep/2023:10:11:34 +0800] "GET /xingrg/javascript/jquery_easy_ui/themes/default/images/combo_arrow_dot.gif HTTP/1.1" 304 -
101.83.145.37 - - [05/Sep/2023:10:11:34 +0800] "GET /xingrg/javascript/jquery_easy_ui/themes/icons/back_new.png HTTP/1.1" 304 -
101.83.145.37 - - [05/Sep/2023:10:11:34 +0800] "GET /xingrg/images/blue/kc_tab_left.gif HTTP/1.1" 304 -
101.83.145.37 - - [05/Sep/2023:10:11:34 +0800] "GET /xingrg/images/blue/kc_tab_mid.gif HTTP/1.1" 304 -
101.83.145.37 - - [05/Sep/2023:10:11:34 +0800] "GET /xingrg/images/blue/kc_tab_right.gif HTTP/1.1" 304 -
101.83.145.37 - - [05/Sep/2023:10:11:34 +0800] "GET /xingrg/images/blue/kc_tab2_right.gif HTTP/1.1" 304 -
114.95.241.104 - - [05/Sep/2023:10:11:35 +0800] "GET /xingrg/all/function/internal_message.html?_=1693879787010&CODE_STATE=getMsg HTTP/1.1" 200 27
222.67.237.86 - - [05/Sep/2023:10:11:36 +0800] "GET /xingrg/kc/buy/cgsh_order_operate.html?command=get_materiel&rest_code=00141&code=00101008286&supplier_code=00100007&order_time=2023-09-05 HTTP/1.1" 200 408
180.169.147.146 - - [05/Sep/2023:10:11:36 +0800] "GET /xingrg/all/function/internal_message.html?_=1693879896831&CODE_STATE=getMsg HTTP/1.1" 200 27
222.67.237.86 - - [05/Sep/2023:10:11:39 +0800] "GET /xingrg/all/function/internal_message.html?_=1693879339455&CODE_STATE=getMsg HTTP/1.1" 200 27
120.253.135.82 - - [05/Sep/2023:10:11:40 +0800] "GET /xingrg/login.html HTTP/1.1" 200 7641
116.232.195.127 - - [05/Sep/2023:10:11:40 +0800] "POST /xingrg/kc/buy/cgsh_order_operate.html HTTP/1.1" 200 37
120.253.135.82 - - [05/Sep/2023:10:11:41 +0800] "GET /favicon.ico HTTP/1.1" 404 -
180.174.205.229 - - [05/Sep/2023:10:11:42 +0800] "GET /xingrg/all/function/internal_message.html?_=1693879900748&CODE_STATE=getMsg HTTP/1.1" 200 27
116.232.195.127 - - [05/Sep/2023:10:11:43 +0800] "POST /xingrg/kc/buy/cgsh_order_operate.html HTTP/1.1" 200 2655
120.253.135.82 - - [05/Sep/2023:10:11:43 +0800] "POST /xingrg/login.do HTTP/1.1" 302 -
120.253.135.82 - - [05/Sep/2023:10:11:43 +0800] "GET /xingrg/index.html?sysBaseUrl=http%3A%2F%2F180.169.147.146%3A18081%2Fxingrg%2F&costTime=877×tamp=1693879903626 HTTP/1.1" 200 17173
120.253.135.82 - - [05/Sep/2023:10:11:44 +0800] "GET /xingrg/all/function/internal_message.html?_=1693880044603&CODE_STATE=count HTTP/1.1" 200 11
120.253.135.82 - - [05/Sep/2023:10:11:44 +0800] "GET /xingrg/check_reg.html?_=1693880044603 HTTP/1.1" 200 22
120.253.135.82 - - [05/Sep/2023:10:11:44 +0800] "POST /xingrg/all/common/load_tree.html?tree=area_rest_tree_json&manage=1 HTTP/1.1" 200 344
120.253.135.82 - - [05/Sep/2023:10:11:44 +0800] "POST /xingrg/load_menu.html HTTP/1.1" 200 6743
116.232.195.127 - - [05/Sep/2023:10:11:44 +0800] "GET /xingrg/kc/print/load_data.html?order_code=212023090501572&kc_code=cgsh&condition= HTTP/1.1" 200 664
58.40.7.146 - - [05/Sep/2023:10:11:44 +0800] "GET /xingrg/all/function/internal_message.html?_=1693879904927&CODE_STATE=getMsg HTTP/1.1" 200 27
58.40.7.146 - - [05/Sep/2023:10:11:44 +0800] "GET /xingrg/check_reg.html?_=1693879904928 HTTP/1.1" 200 22
101.83.145.37 - - [05/Sep/2023:10:11:47 +0800] "GET /xingrg/images/blue/wait.gif HTTP/1.1" 304 -
101.83.241.137 - - [05/Sep/2023:10:11:47 +0800] "GET /xingrg/kc/buy/cgsh_order_operate.html?command=get_materiel&rest_code=00154&code=00101008207&supplier_code=00100417&order_time=2023-09-05 HTTP/1.1" 200 409
101.83.145.37 - - [05/Sep/2023:10:11:48 +0800] "POST /xingrg/dwr/call/plaincall/AjaxQqpsService.saveOrder.dwr HTTP/1.1" 200 78
222.70.241.101 - - [05/Sep/2023:10:11:51 +0800] "POST /xingrg/kc/buy/cgsh_order_operate.html HTTP/1.1" 200 2065
124.79.246.190 - - [05/Sep/2023:10:11:51 +0800] "GET /xingrg/all/function/internal_message.html?_=1693880206661&CODE_STATE=getMsg HTTP/1.1" 200 27
124.79.246.190 - - [05/Sep/2023:10:11:51 +0800] "GET /xingrg/check_reg.html?_=1693880206662 HTTP/1.1" 200 22
101.83.145.37 - - [05/Sep/2023:10:11:51 +0800] "POST /xingrg/dwr/call/plaincall/AjaxQqpsService.getMaterielByCode.dwr HTTP/1.1" 200 2763
222.70.180.200 - - [05/Sep/2023:10:11:52 +0800] "POST /xingrg/kc/buy/cgsh_order_operate.html HTTP/1.1" 200 37
124.78.155.92 - - [05/Sep/2023:10:11:52 +0800] "GET /xingrg/kc/buy/cgsh_order_operate.html?command=get_materiel&rest_code=00106&code=00101008360&supplier_code=00100007&order_time=2023-09-05 HTTP/1.1" 200 412
101.83.145.37 - - [05/Sep/2023:10:11:54 +0800] "POST /xingrg/dwr/call/plaincall/AjaxQqpsService.saveMaterielItem.dwr HTTP/1.1" 200 78
222.70.180.200 - - [05/Sep/2023:10:11:55 +0800] "POST /xingrg/kc/buy/cgsh_order_operate.html HTTP/1.1" 200 3847
120.253.135.82 - - [05/Sep/2023:10:11:55 +0800] "GET /xingrg/kc/pszx/mdqp_order_list.html?state=10 HTTP/1.1" 200 10275
120.253.135.82 - - [05/Sep/2023:10:11:55 +0800] "GET /xingrg/dwr/interface/AjaxQqpsService.js HTTP/1.1" 200 16326
120.253.135.82 - - [05/Sep/2023:10:11:55 +0800] "GET /xingrg/dwr/interface/AjaxReportQueryService.js HTTP/1.1" 200 13203
120.253.135.82 - - [05/Sep/2023:10:11:55 +0800] "GET /xingrg/dwr/engine.js HTTP/1.1" 200 43631
120.253.135.82 - - [05/Sep/2023:10:11:55 +0800] "GET /xingrg/dwr/util.js HTTP/1.1" 304 -
180.169.147.146 - - [05/Sep/2023:10:11:55 +0800] "GET /xingrg/all/function/internal_message.html?_=1693879914207&CODE_STATE=getMsg HTTP/1.1" 200 27
222.70.180.200 - - [05/Sep/2023:10:11:57 +0800] "GET /xingrg/all/function/internal_message.html?_=1693879915531&CODE_STATE=getMsg HTTP/1.1" 200 27
120.253.135.82 - - [05/Sep/2023:10:11:57 +0800] "GET /xingrg/kc/pszx/mdqp_order_list.html?state=10 HTTP/1.1" 200 10275
101.83.145.37 - - [05/Sep/2023:10:11:57 +0800] "POST /xingrg/dwr/call/plaincall/AjaxQqpsService.getMaterielByCode.dwr HTTP/1.1" 200 2744
120.253.135.82 - - [05/Sep/2023:10:11:58 +0800] "GET /xingrg/kc/pszx/mdqp_order_list.html?state=10 HTTP/1.1" 200 10275
120.253.135.82 - - [05/Sep/2023:10:11:58 +0800] "GET /xingrg/dwr/interface/AjaxQqpsService.js HTTP/1.1" 200 16326
120.253.135.82 - - [05/Sep/2023:10:11:58 +0800] "GET /xingrg/dwr/interface/AjaxReportQueryService.js HTTP/1.1" 200 13203
222.67.237.86 - - [05/Sep/2023:10:11:59 +0800] "GET /xingrg/kc/buy/cgsh_order_operate.html?command=get_materiel&rest_code=00141&code=00101008131&supplier_code=00100007&order_time=2023-09-05 HTTP/1.1" 200 409
222.70.107.27 - - [05/Sep/2023:10:12:00 +0800] "GET /xingrg/all/function/internal_message.html?_=1693879924666&CODE_STATE=getMsg HTTP/1.1" 200 27
116.232.195.127 - - [05/Sep/2023:10:12:01 +0800] "POST /xingrg/kc/buy/cgsh_list_operate.html HTTP/1.1" 200 3588
101.83.145.37 - - [05/Sep/2023:10:12:01 +0800] "POST /xingrg/dwr/call/plaincall/AjaxQqpsService.saveMaterielItem.dwr HTTP/1.1" 200 78
180.152.241.196 - - [05/Sep/2023:10:12:02 +0800] "GET /xingrg/all/function/internal_message.html?_=1693879924729&CODE_STATE=getMsg HTTP/1.1" 200 27
222.70.180.200 - - [05/Sep/2023:10:12:03 +0800] "POST /xingrg/kc/buy/cgsh_order_operate.html HTTP/1.1" 200 37
101.83.241.137 - - [05/Sep/2023:10:12:05 +0800] "GET /xingrg/kc/buy/cgsh_order_operate.html?command=get_materiel&rest_code=00154&code=00101012059&supplier_code=00100417&order_time=2023-09-05 HTTP/1.1" 200 413
222.70.180.200 - - [05/Sep/2023:10:12:06 +0800] "POST /xingrg/kc/buy/cgsh_order_operate.html HTTP/1.1" 200 3847
222.70.180.200 - - [05/Sep/2023:10:12:08 +0800] "GET /xingrg/kc/print/load_data.html?order_code=212023090501573&kc_code=cgsh&condition= HTTP/1.1" 200 1165
222.67.237.86 - - [05/Sep/2023:10:12:10 +0800] "GET /xingrg/kc/buy/cgsh_order_operate.html?command=get_materiel&rest_code=00141&code=00101008318&supplier_code=00100007&order_time=2023-09-05 HTTP/1.1" 200 408
124.78.155.92 - - [05/Sep/2023:10:12:11 +0800] "GET /xingrg/all/function/internal_message.html?_=1693879932527&CODE_STATE=getMsg HTTP/1.1" 200 27
101.83.145.37 - - [05/Sep/2023:10:12:12 +0800] "GET /xingrg/all/function/internal_message.html?_=1693879934106&CODE_STATE=getMsg HTTP/1.1" 200 27
