180.152.241.196 - - [05/Sep/2023:11:18:22 +0800] "GET /xingrg/kc/base/check_order_list.html HTTP/1.1" 200 16293
180.152.241.196 - - [05/Sep/2023:11:18:22 +0800] "POST /xingrg/kc/base/check_list_operate.html HTTP/1.1" 200 1554
180.152.241.196 - - [05/Sep/2023:11:18:24 +0800] "GET /xingrg/kc/base/check_order_info.html?code=452023083100389 HTTP/1.1" 200 26516
180.152.241.196 - - [05/Sep/2023:11:18:24 +0800] "GET /xingrg/dwr/interface/AjaxComOrderService.js HTTP/1.1" 200 18264
180.152.241.196 - - [05/Sep/2023:11:18:24 +0800] "GET /xingrg/dwr/interface/AjaxCheckService.js HTTP/1.1" 200 14003
180.152.241.196 - - [05/Sep/2023:11:18:24 +0800] "GET /xingrg/dwr/engine.js HTTP/1.1" 200 43631
180.152.241.196 - - [05/Sep/2023:11:18:25 +0800] "POST /xingrg/dwr/call/plaincall/AjaxCheckService.loadOrderItems.dwr HTTP/1.1" 200 6299
222.67.237.86 - - [05/Sep/2023:11:18:25 +0800] "GET /xingrg/all/function/internal_message.html?_=1693883344763&CODE_STATE=getMsg HTTP/1.1" 200 27
116.232.195.127 - - [05/Sep/2023:11:18:25 +0800] "GET /xingrg/all/function/internal_message.html?_=1693883798860&CODE_STATE=getMsg HTTP/1.1" 200 27
222.70.180.200 - - [05/Sep/2023:11:18:27 +0800] "GET /xingrg/kc/base/wldb_order_operate.html?command=get_materiel&rest_code=00111&base_code=0010306&code=00102002454 HTTP/1.1" 200 449
114.83.218.93 - - [05/Sep/2023:11:18:28 +0800] "GET /xingrg/kc/buy/cgsh_order_operate.html?command=get_materiel&rest_code=00149&code=00101008185&supplier_code=00100008&order_time=2023-09-05 HTTP/1.1" 200 408
114.95.241.104 - - [05/Sep/2023:11:18:31 +0800] "GET /xingrg/kc/base/wldb_order_operate.html?command=get_materiel&rest_code=00150&base_code=0010446&code=00102002448 HTTP/1.1" 200 438
101.83.145.37 - - [05/Sep/2023:11:18:34 +0800] "GET /xingrg/all/function/internal_message.html?_=1693883707188&CODE_STATE=getMsg HTTP/1.1" 200 27
114.83.218.93 - - [05/Sep/2023:11:18:34 +0800] "GET /xingrg/all/function/internal_message.html?_=1693883914498&CODE_STATE=getMsg HTTP/1.1" 200 27
180.162.115.178 - - [05/Sep/2023:11:18:35 +0800] "GET /xingrg/check_reg.html?_=1693882589350 HTTP/1.1" 200 22
180.162.115.178 - - [05/Sep/2023:11:18:35 +0800] "GET /xingrg/all/function/internal_message.html?_=1693882589353&CODE_STATE=getMsg HTTP/1.1" 200 27
101.228.187.155 - - [05/Sep/2023:11:18:36 +0800] "GET /xingrg/kc/buy/cgsh_order_operate.html?command=get_materiel&rest_code=00142&code=00101022009&supplier_code=00100207&order_time=2023-09-04 HTTP/1.1" 200 418
180.169.147.146 - - [05/Sep/2023:11:18:36 +0800] "GET /xingrg/all/function/internal_message.html?_=1693883916525&CODE_STATE=getMsg HTTP/1.1" 200 27
180.169.147.146 - - [05/Sep/2023:11:18:37 +0800] "GET /xingrg/all/function/internal_message.html?_=1693883916833&CODE_STATE=getMsg HTTP/1.1" 200 27
180.163.28.143 - - [05/Sep/2023:11:18:37 +0800] "GET /xingrg/check_reg.html?_=1693883856836 HTTP/1.1" 302 -
180.163.28.143 - - [05/Sep/2023:11:18:37 +0800] "GET /xingrg/login.html HTTP/1.1" 200 7641
180.163.28.114 - - [05/Sep/2023:11:18:37 +0800] "GET /xingrg/all/function/internal_message.html?_=1693883856838&CODE_STATE=getMsg HTTP/1.1" 302 -
180.163.28.114 - - [05/Sep/2023:11:18:37 +0800] "GET /xingrg/login.html HTTP/1.1" 200 7641
114.95.241.104 - - [05/Sep/2023:11:18:39 +0800] "GET /xingrg/kc/base/wldb_order_operate.html?command=get_materiel&rest_code=00150&base_code=0010446&code=00102002238 HTTP/1.1" 200 434
222.70.241.101 - - [05/Sep/2023:11:18:39 +0800] "GET /xingrg/all/function/internal_message.html?_=1693883925324&CODE_STATE=getMsg HTTP/1.1" 200 27
222.70.241.101 - - [05/Sep/2023:11:18:40 +0800] "GET /xingrg/check_reg.html?_=1693883926230 HTTP/1.1" 200 22
180.152.241.196 - - [05/Sep/2023:11:18:40 +0800] "POST /xingrg/dwr/call/plaincall/AjaxCheckService.setItemNumber.dwr HTTP/1.1" 200 76
180.174.205.229 - - [05/Sep/2023:11:18:42 +0800] "GET /xingrg/all/function/internal_message.html?_=1693883920809&CODE_STATE=getMsg HTTP/1.1" 200 27
58.40.7.146 - - [05/Sep/2023:11:18:47 +0800] "GET /xingrg/all/function/internal_message.html?_=1693883927477&CODE_STATE=getMsg HTTP/1.1" 200 27
114.95.241.104 - - [05/Sep/2023:11:18:47 +0800] "GET /xingrg/kc/base/wldb_order_operate.html?command=get_materiel&rest_code=00150&base_code=0010446&code=00102002451 HTTP/1.1" 200 433
114.83.218.93 - - [05/Sep/2023:11:18:50 +0800] "GET /xingrg/all/function/internal_message.html?_=1693883930546&CODE_STATE=getMsg HTTP/1.1" 200 27
124.79.246.190 - - [05/Sep/2023:11:18:51 +0800] "GET /xingrg/all/function/internal_message.html?_=1693884226741&CODE_STATE=getMsg HTTP/1.1" 200 27
222.70.180.200 - - [05/Sep/2023:11:18:53 +0800] "GET /xingrg/kc/base/wldb_order_operate.html?command=get_materiel&rest_code=00111&base_code=0010306&code=00102002586 HTTP/1.1" 200 438
58.40.7.146 - - [05/Sep/2023:11:18:55 +0800] "GET /xingrg/all/report/report_query.html?isQuery=1&fileName=kc/base/crk_detail_by_small.xml&rh=99999&queryString=&queryText=%25E3%2580%2590%25E4%25BB%2593%25E5%25BA%2593%25E5%2590%258D%25E7%25A7%25B0%253A%25E9%25A4%2590%25E9%25A5%25AE%25E5%258E%25A8%25E6%2588%25BF%25E9%2583%25A8%25E3%2580%2591%25E3%2580%2590%25E4%25B8%259A%25E5%258A%25A1%25E7%25B1%25BB%25E5%259E%258B%25EF%25BC%259A%25E8%25B0%2583%25E5%25BE%2580%25E5%25BC%2582%25E5%25BA%2597%25E3%2580%2591%2520%253F%253F%253F%253F%253F2023-08-01%253F%253F2023-08-31%2520%253F%253F%253F%253F%253F%253F%253F%253F%253F%253F%253F%253F%253F%252C%253F%253F%253F%253F%253F%253F%253F%253F&tableQueryString=crk_table%2524sp1%2524order_day%2520between%252020230801%2520and%252020230831%2520and%2520(base_code%253D'0010610')%2520and%2520(src_order_type%2520in%2520(48))%2520and%2520(is_rk%2520in%2520(0)) HTTP/1.1" 200 53820
180.169.147.146 - - [05/Sep/2023:11:18:55 +0800] "GET /xingrg/javascript/jquery_easy_ui/themes/default/images/button_span_bg.gif HTTP/1.1" 200 2061
180.169.147.146 - - [05/Sep/2023:11:18:55 +0800] "GET /xingrg/javascript/jquery_easy_ui/themes/icons/ok.png HTTP/1.1" 200 883
180.169.147.146 - - [05/Sep/2023:11:18:55 +0800] "GET /xingrg/javascript/jquery_easy_ui/themes/default/images/panel_title.png HTTP/1.1" 200 266
180.169.147.146 - - [05/Sep/2023:11:18:55 +0800] "GET /xingrg/javascript/jquery_easy_ui/themes/default/images/panel_tools.gif HTTP/1.1" 200 737
58.40.7.146 - - [05/Sep/2023:11:18:55 +0800] "GET /xingrg/dwr/interface/AjaxReportQueryService.js HTTP/1.1" 200 13203
58.40.7.146 - - [05/Sep/2023:11:18:55 +0800] "GET /xingrg/dwr/engine.js HTTP/1.1" 200 43631
58.40.7.146 - - [05/Sep/2023:11:18:55 +0800] "GET /xingrg/javascript/jquery_easy_ui/themes/default/images/menu_rightarrow.png HTTP/1.1" 200 3617
222.70.180.200 - - [05/Sep/2023:11:18:55 +0800] "GET /xingrg/all/function/internal_message.html?_=1693883934177&CODE_STATE=getMsg HTTP/1.1" 200 27
58.40.7.146 - - [05/Sep/2023:11:18:56 +0800] "POST /xingrg/all/report/load_report_page.html HTTP/1.1" 200 13921
58.40.7.146 - - [05/Sep/2023:11:18:56 +0800] "GET /xingrg/servlets/image?cache=0.4807147719933137&image=px HTTP/1.1" 200 807
180.169.147.146 - - [05/Sep/2023:11:18:56 +0800] "GET /xingrg/images/control/ajaxLoader.gif HTTP/1.1" 200 4659
180.169.147.146 - - [05/Sep/2023:11:18:57 +0800] "POST /xingrg/all/user/operate.html HTTP/1.1" 200 36
180.169.147.146 - - [05/Sep/2023:11:18:57 +0800] "GET /xingrg/index.html?sysBaseUrl=http%3A%2F%2F180.169.147.146%3A18081%2Fxingrg%2F&costTime=928×tamp=1693883856035 HTTP/1.1" 200 17503
180.169.147.146 - - [05/Sep/2023:11:18:57 +0800] "GET /xingrg/javascript/jquery_easy_ui/themes/default/easyui.css HTTP/1.1" 304 -
180.169.147.146 - - [05/Sep/2023:11:18:57 +0800] "GET /xingrg/javascript/jquery_easy_ui/themes/icon.css HTTP/1.1" 304 -
180.169.147.146 - - [05/Sep/2023:11:18:57 +0800] "GET /xingrg/css/form.css HTTP/1.1" 304 -
180.169.147.146 - - [05/Sep/2023:11:18:57 +0800] "GET /xingrg/javascript/jquery-1.4.2.min.js HTTP/1.1" 304 -
180.169.147.146 - - [05/Sep/2023:11:18:57 +0800] "GET /xingrg/javascript/jquery_easy_ui/jquery.easyui.min.js HTTP/1.1" 304 -
180.169.147.146 - - [05/Sep/2023:11:18:57 +0800] "GET /xingrg/javascript/jquery_easy_ui/easyui-lang-zh_CN.js HTTP/1.1" 304 -
180.169.147.146 - - [05/Sep/2023:11:18:57 +0800] "GET /xingrg/javascript/jquery.form.js HTTP/1.1" 304 -
180.169.147.146 - - [05/Sep/2023:11:18:57 +0800] "GET /xingrg/javascript/jquery.utils.js HTTP/1.1" 304 -
180.169.147.146 - - [05/Sep/2023:11:18:57 +0800] "GET /xingrg/javascript/jquery.timers.js HTTP/1.1" 304 -
180.169.147.146 - - [05/Sep/2023:11:18:57 +0800] "GET /xingrg/images/blue/jxLogo.png HTTP/1.1" 304 -
180.169.147.146 - - [05/Sep/2023:11:18:57 +0800] "GET /xingrg/images/blue/navBackgound.jpg HTTP/1.1" 304 -
180.169.147.146 - - [05/Sep/2023:11:18:57 +0800] "GET /xingrg/javascript/jquery_easy_ui/themes/icons/settle_new.png HTTP/1.1" 304 -
180.169.147.146 - - [05/Sep/2023:11:18:57 +0800] "GET /xingrg/all/function/internal_message.html?_=1693883937491&CODE_STATE=count HTTP/1.1" 200 11
180.169.147.146 - - [05/Sep/2023:11:18:57 +0800] "GET /xingrg/check_reg.html?_=1693883937492 HTTP/1.1" 200 22
180.169.147.146 - - [05/Sep/2023:11:18:57 +0800] "POST /xingrg/all/common/load_tree.html?tree=area_rest_tree_json&manage=1 HTTP/1.1" 200 2106
180.169.147.146 - - [05/Sep/2023:11:18:57 +0800] "POST /xingrg/load_menu.html HTTP/1.1" 200 9959
58.40.7.146 - - [05/Sep/2023:11:18:58 +0800] "POST /xingrg/all/report/load_report_page.html HTTP/1.1" 200 22861
58.40.7.146 - - [05/Sep/2023:11:18:58 +0800] "GET /xingrg/servlets/image?cache=0.6072472375083867&image=px HTTP/1.1" 200 807
180.169.147.146 - - [05/Sep/2023:11:18:59 +0800] "GET /xingrg/all/function/internal_message.html?_=1693883938151&CODE_STATE=getMsg HTTP/1.1" 200 27
222.70.107.27 - - [05/Sep/2023:11:19:00 +0800] "GET /xingrg/all/function/internal_message.html?_=1693883944822&CODE_STATE=getMsg HTTP/1.1" 302 -
58.40.7.146 - - [05/Sep/2023:11:19:00 +0800] "GET /xingrg/all/report/report_query.html?isQuery=1&fileName=kc/base/crk_detail_by_list.xml&queryString=&queryText=%25E3%2580%2590%25E4%25BB%2593%25E5%25BA%2593%25E5%2590%258D%25E7%25A7%25B0%253A%25E9%25A4%2590%25E9%25A5%25AE%25E5%258E%25A8%25E6%2588%25BF%25E9%2583%25A8%25E3%2580%2591%25E3%2580%2590%25E4%25B8%259A%25E5%258A%25A1%25E7%25B1%25BB%25E5%259E%258B%25EF%25BC%259A%25E8%25B0%2583%25E5%25BE%2580%25E5%25BC%2582%25E5%25BA%2597%25E3%2580%2591%2520%253F%253F%253F%253F%253F2023-08-01%253F%253F2023-08-31%2520%253F%253F%253F%253F%253F%253F%253F%253F%253F%253F%253F%253F%253F%252C%253F%253F%253F%253F%253F%253F%253F%253F&tableQueryString=crk_table%2524sp1%2524order_day%2520between%252020230801%2520and%252020230831%2520and%2520(base_code%253D'0010610')%2520and%2520(src_order_type%2520in%2520(48))%2520and%2520(is_rk%2520in%2520(0))%2520and%2520(a.materiel_code%253D'00101019067') HTTP/1.1" 200 51059
101.83.241.137 - - [05/Sep/2023:11:19:00 +0800] "GET /xingrg/check_reg.html?_=1693884083604 HTTP/1.1" 200 22
101.83.241.137 - - [05/Sep/2023:11:19:00 +0800] "GET /xingrg/all/function/internal_message.html?_=1693884083606&CODE_STATE=getMsg HTTP/1.1" 200 27
58.40.7.146 - - [05/Sep/2023:11:19:00 +0800] "GET /xingrg/dwr/interface/AjaxReportQueryService.js HTTP/1.1" 200 13203
58.40.7.146 - - [05/Sep/2023:11:19:00 +0800] "GET /xingrg/dwr/engine.js HTTP/1.1" 200 43631
101.228.187.155 - - [05/Sep/2023:11:19:01 +0800] "GET /xingrg/kc/buy/cgsh_order_operate.html?command=get_materiel&rest_code=00142&code=00101022025&supplier_code=00100207&order_time=2023-09-04 HTTP/1.1" 200 439
58.40.7.146 - - [05/Sep/2023:11:19:01 +0800] "POST /xingrg/all/report/load_report_page.html HTTP/1.1" 200 16013
58.40.7.146 - - [05/Sep/2023:11:19:01 +0800] "GET /xingrg/servlets/image?cache=0.7333871434338632&image=px HTTP/1.1" 200 807
180.152.241.196 - - [05/Sep/2023:11:19:01 +0800] "GET /xingrg/all/function/internal_message.html?_=1693883943690&CODE_STATE=getMsg HTTP/1.1" 200 27
124.78.155.92 - - [05/Sep/2023:11:19:04 +0800] "GET /xingrg/login.html?r=1 HTTP/1.1" 200 7641
124.78.155.92 - - [05/Sep/2023:11:19:04 +0800] "GET /favicon.ico HTTP/1.1" 404 -
58.40.7.146 - - [05/Sep/2023:11:19:04 +0800] "GET /xingrg/kc/guide/show_order.html?code=482023080800053&type=48 HTTP/1.1" 302 -
180.152.241.196 - - [05/Sep/2023:11:19:05 +0800] "GET /xingrg/kc/mdqp/pssh_order_list.html HTTP/1.1" 200 17964
58.40.7.146 - - [05/Sep/2023:11:19:06 +0800] "GET /xingrg/kc/base/yddb_order_info.html?code=482023080800053&sysBaseUrl=http%3A%2F%2F180.169.147.146%3A18081%2Fxingrg%2F&costTime=1×tamp=1693883944725 HTTP/1.1" 200 31468
58.40.7.146 - - [05/Sep/2023:11:19:06 +0800] "GET /xingrg/dwr/interface/AjaxYddbService.js HTTP/1.1" 200 13201
58.40.7.146 - - [05/Sep/2023:11:19:06 +0800] "GET /xingrg/dwr/interface/AjaxComOrderService.js HTTP/1.1" 200 18264
58.40.7.146 - - [05/Sep/2023:11:19:06 +0800] "GET /xingrg/dwr/engine.js HTTP/1.1" 200 43631
58.40.7.146 - - [05/Sep/2023:11:19:06 +0800] "GET /xingrg/javascript/checkform.js HTTP/1.1" 200 18351
58.40.7.146 - - [05/Sep/2023:11:19:06 +0800] "GET /xingrg/javascript/AjaxInfoList.js HTTP/1.1" 200 3774
58.40.7.146 - - [05/Sep/2023:11:19:06 +0800] "GET /favicon.ico HTTP/1.1" 404 -
58.40.7.146 - - [05/Sep/2023:11:19:06 +0800] "GET /xingrg/javascript/ToolTips.js HTTP/1.1" 200 5615
58.40.7.146 - - [05/Sep/2023:11:19:06 +0800] "GET /xingrg/javascript/Grid.js HTTP/1.1" 200 58908
58.40.7.146 - - [05/Sep/2023:11:19:06 +0800] "GET /xingrg/javascript/jquery_easy_ui/themes/icons/edit_add_new.png HTTP/1.1" 200 2997
58.40.7.146 - - [05/Sep/2023:11:19:06 +0800] "GET /xingrg/javascript/jquery_easy_ui/themes/icons/print.png HTTP/1.1" 200 1057
58.40.7.146 - - [05/Sep/2023:11:19:06 +0800] "GET /xingrg/javascript/jquery_easy_ui/themes/default/images/menu_downarrow.png HTTP/1.1" 200 173
58.40.7.146 - - [05/Sep/2023:11:19:06 +0800] "GET /xingrg/javascript/jquery_easy_ui/themes/icons/back_new.png HTTP/1.1" 200 3414
58.40.7.146 - - [05/Sep/2023:11:19:06 +0800] "GET /xingrg/images/blue/wait.gif HTTP/1.1" 200 1100
58.40.7.146 - - [05/Sep/2023:11:19:06 +0800] "GET /xingrg/images/blue/kc_tab_left.gif HTTP/1.1" 200 188
58.40.7.146 - - [05/Sep/2023:11:19:06 +0800] "GET /xingrg/images/blue/kc_tab_mid.gif HTTP/1.1" 200 44
58.40.7.146 - - [05/Sep/2023:11:19:06 +0800] "GET /xingrg/images/blue/kc_tab_right.gif HTTP/1.1" 200 643
180.152.241.196 - - [05/Sep/2023:11:19:06 +0800] "POST /xingrg/kc/mdqp/pssh_list_operate.html HTTP/1.1" 200 5215
114.95.241.104 - - [05/Sep/2023:11:19:06 +0800] "POST /xingrg/kc/base/wldb_order_operate.html HTTP/1.1" 200 37
180.169.147.146 - - [05/Sep/2023:11:19:07 +0800] "GET /xingrg/kc/report/report_main.html HTTP/1.1" 200 7340
180.169.147.146 - - [05/Sep/2023:11:19:07 +0800] "GET /xingrg/javascript/jquery_ui/themes/humanity/humanity.css HTTP/1.1" 200 27801
180.169.147.146 - - [05/Sep/2023:11:19:07 +0800] "GET /xingrg/javascript/json2.js HTTP/1.1" 200 11259
180.169.147.146 - - [05/Sep/2023:11:19:07 +0800] "GET /xingrg/javascript/jquery_easy_ui/themes/icons/back_new.png HTTP/1.1" 200 3414
114.95.241.104 - - [05/Sep/2023:11:19:07 +0800] "POST /xingrg/kc/base/wldb_order_operate.html HTTP/1.1" 200 3629
58.40.7.146 - - [05/Sep/2023:11:19:08 +0800] "POST /xingrg/dwr/call/plaincall/AjaxYddbService.loadMaterielItems.dwr HTTP/1.1" 200 442
180.169.147.146 - - [05/Sep/2023:11:19:08 +0800] "GET /xingrg/kc/cost/crk_report.html HTTP/1.1" 200 23793
180.169.147.146 - - [05/Sep/2023:11:19:08 +0800] "GET /xingrg/javascript/step/step.css HTTP/1.1" 200 999
180.169.147.146 - - [05/Sep/2023:11:19:08 +0800] "GET /xingrg/css/table.css HTTP/1.1" 200 3684
124.78.155.92 - - [05/Sep/2023:11:19:08 +0800] "POST /xingrg/login.do HTTP/1.1" 302 -
180.169.147.146 - - [05/Sep/2023:11:19:08 +0800] "GET /xingrg/javascript/jquery_easy_ui/themes/icons/search.png HTTP/1.1" 200 813
124.78.155.92 - - [05/Sep/2023:11:19:08 +0800] "GET /xingrg/index.html?sysBaseUrl=http%3A%2F%2F180.169.147.146%3A18081%2Fxingrg%2F&costTime=2862×tamp=1693883948736 HTTP/1.1" 200 17173
180.169.147.146 - - [05/Sep/2023:11:19:08 +0800] "POST /xingrg/kc/cost/cost_operate.html?command=get_base_tree HTTP/1.1" 200 2657
124.78.155.92 - - [05/Sep/2023:11:19:09 +0800] "GET /favicon.ico HTTP/1.1" 404 -
180.169.147.146 - - [05/Sep/2023:11:19:09 +0800] "GET /xingrg/javascript/jquery_easy_ui/themes/default/images/tree_checkbox_0.gif HTTP/1.1" 200 168
180.169.147.146 - - [05/Sep/2023:11:19:09 +0800] "POST /xingrg/all/common/load_tree.html?tree=materiel_sort_tree_json HTTP/1.1" 200 9500
124.78.155.92 - - [05/Sep/2023:11:19:09 +0800] "GET /xingrg/check_reg.html?_=1693883950595 HTTP/1.1" 200 22
124.78.155.92 - - [05/Sep/2023:11:19:09 +0800] "GET /xingrg/all/function/internal_message.html?_=1693883950594&CODE_STATE=count HTTP/1.1" 200 11
180.169.147.146 - - [05/Sep/2023:11:19:09 +0800] "POST /xingrg/kc/cost/cost_operate.html HTTP/1.1" 200 37
124.78.155.92 - - [05/Sep/2023:11:19:09 +0800] "POST /xingrg/all/common/load_tree.html?tree=area_rest_tree_json&manage=1 HTTP/1.1" 200 342
124.78.155.92 - - [05/Sep/2023:11:19:09 +0800] "POST /xingrg/load_menu.html HTTP/1.1" 200 5138
101.228.187.155 - - [05/Sep/2023:11:19:09 +0800] "GET /xingrg/all/function/internal_message.html?_=1693883949898&CODE_STATE=getMsg HTTP/1.1" 200 27
124.78.155.92 - - [05/Sep/2023:11:19:10 +0800] "GET /xingrg/kc/mdqp/qp_main.html HTTP/1.1" 200 10633
124.78.155.92 - - [05/Sep/2023:11:19:11 +0800] "GET /xingrg/images/yd/bt.gif HTTP/1.1" 404 1040
180.152.241.196 - - [05/Sep/2023:11:19:11 +0800] "POST /xingrg/kc/mdqp/pssh_list_operate.html HTTP/1.1" 200 5215
116.228.172.122 - - [05/Sep/2023:11:19:12 +0800] "GET /xingrg/all/function/internal_message.html?_=1693883659711&CODE_STATE=getMsg HTTP/1.1" 200 27
124.78.155.92 - - [05/Sep/2023:11:19:12 +0800] "GET /xingrg/kc/mdqp/qqps_order_list.html HTTP/1.1" 200 10027
124.78.155.92 - - [05/Sep/2023:11:19:12 +0800] "GET /xingrg/dwr/interface/AjaxQqpsService.js HTTP/1.1" 200 16326
124.78.155.92 - - [05/Sep/2023:11:19:12 +0800] "GET /xingrg/dwr/interface/AjaxReportQueryService.js HTTP/1.1" 200 13203
124.78.155.92 - - [05/Sep/2023:11:19:12 +0800] "GET /xingrg/dwr/engine.js HTTP/1.1" 200 43631
101.83.145.37 - - [05/Sep/2023:11:19:12 +0800] "GET /xingrg/all/function/internal_message.html?_=1693883954167&CODE_STATE=getMsg HTTP/1.1" 200 27
180.169.147.146 - - [05/Sep/2023:11:19:12 +0800] "GET /xingrg/javascript/jquery_easy_ui/themes/default/images/tree_checkbox_2.gif HTTP/1.1" 200 181
180.169.147.146 - - [05/Sep/2023:11:19:12 +0800] "GET /xingrg/javascript/jquery_easy_ui/themes/default/images/tree_checkbox_1.gif HTTP/1.1" 200 174
114.95.241.104 - - [05/Sep/2023:11:19:13 +0800] "POST /xingrg/kc/base/wldb_order_operate.html HTTP/1.1" 200 12
180.152.241.196 - - [05/Sep/2023:11:19:14 +0800] "POST /xingrg/kc/mdqp/pssh_list_operate.html HTTP/1.1" 200 5574
180.165.48.189 - - [05/Sep/2023:11:19:15 +0800] "GET /xingrg/all/function/internal_message.html?_=1693883954600&CODE_STATE=getMsg HTTP/1.1" 200 27
180.152.241.196 - - [05/Sep/2023:11:19:18 +0800] "POST /xingrg/kc/mdqp/pssh_list_operate.html HTTP/1.1" 200 5597
180.169.147.146 - - [05/Sep/2023:11:19:18 +0800] "GET /xingrg/all/report/report_query.html?isQuery=1&onlyBody=1&rh=999&varString=cost_id:4519,rk_cost:cgsh_rk_money-cgth_ck_money$add$pssh_rk_money-psth_ck_money$add$yddb_rk_money$add$qt_rk_money$add$wldb_rk_money$add$check_rk_money,ck_cost:cgsh_rk_money-cgth_ck_money$add$pssh_rk_money-psth_ck_money$add$yddb_rk_money$add$qt_rk_money$add$wldb_rk_money$add$check_rk_money,rk_nums:cgsh_rk_number-cgth_ck_number$add$pssh_rk_number-psth_ck_number$add$yddb_rk_number$add$qt_rk_number$add$wldb_rk_number$add$check_rk_number,ck_nums:cgsh_rk_number-cgth_ck_number$add$pssh_rk_number-psth_ck_number$add$yddb_rk_number$add$qt_rk_number$add$wldb_rk_number$add$check_rk_number&fileName=kc/cost/crk_define_by_materiel.xml&queryString=%20a.base_code%20in%20('0010512')%20%20and%20m.sort_code%20in%20('00101001','00101002','00101003','00101004','00101005','00101006','00101007','00101008','00101009','00101010','00101011','00101012','00101013','00101014','00101015','00101016','00101017','00101018','00101019','00101020','00101021','00101022','00101023','00101024','00101025','00101026','00101027','00101028','00101029','00101030','00101031','00101032','00101033','00101034','00101036','00101037','00101038','00101039','00101040','00101041','00101042','00101043')%20&queryText=Ô·ݣº2023Äê8ÔÂ%20²Ö¿â£ºº£ÏʳØ&tableQueryString=materiel_table$sp1$$sp$before_table$sp1$$sp$crk_table$sp1$order_day%20between%2020230801%20and%2020230831 HTTP/1.1" 200 49588
180.169.147.146 - - [05/Sep/2023:11:19:18 +0800] "GET /xingrg/dwr/interface/AjaxReportQueryService.js HTTP/1.1" 200 13203
180.169.147.146 - - [05/Sep/2023:11:19:18 +0800] "GET /xingrg/dwr/engine.js HTTP/1.1" 200 43631
180.165.48.189 - - [05/Sep/2023:11:19:18 +0800] "GET /xingrg/kc/buy/cgsh_order_list.html HTTP/1.1" 200 56496
114.83.218.93 - - [05/Sep/2023:11:19:20 +0800] "GET /xingrg/kc/buy/cgsh_order_operate.html?command=get_materiel&rest_code=00149&code=00101008010&supplier_code=00100008&order_time=2023-09-05 HTTP/1.1" 200 412
114.95.241.104 - - [05/Sep/2023:11:19:21 +0800] "GET /xingrg/check_reg.html?_=1693883852896 HTTP/1.1" 200 22
114.95.241.104 - - [05/Sep/2023:11:19:21 +0800] "GET /xingrg/all/function/internal_message.html?_=1693883852898&CODE_STATE=getMsg HTTP/1.1" 200 27
180.152.241.196 - - [05/Sep/2023:11:19:21 +0800] "POST /xingrg/kc/mdqp/pssh_list_operate.html HTTP/1.1" 200 5605
114.95.241.104 - - [05/Sep/2023:11:19:21 +0800] "GET /xingrg/kc/base/wldb_order_info.html?code=422023090500423 HTTP/1.1" 200 26354
114.95.241.104 - - [05/Sep/2023:11:19:22 +0800] "GET /xingrg/javascript/easyui/themes/default/validatebox.css HTTP/1.1" 404 1104
114.95.241.104 - - [05/Sep/2023:11:19:22 +0800] "POST /xingrg/kc/base/wldb_order_operate.html HTTP/1.1" 200 1892
180.169.147.146 - - [05/Sep/2023:11:19:22 +0800] "POST /xingrg/all/report/load_report_page.html HTTP/1.1" 200 217375
180.169.147.146 - - [05/Sep/2023:11:19:22 +0800] "GET /xingrg/servlets/image?cache=0.11101609977276516&image=px HTTP/1.1" 200 807
58.40.7.146 - - [05/Sep/2023:11:19:22 +0800] "GET /xingrg/all/report/report_query.html?isQuery=1&fileName=kc/base/crk_detail_by_list.xml&queryString=&queryText=%25E3%2580%2590%25E4%25BB%2593%25E5%25BA%2593%25E5%2590%258D%25E7%25A7%25B0%253A%25E9%25A4%2590%25E9%25A5%25AE%25E5%258E%25A8%25E6%2588%25BF%25E9%2583%25A8%25E3%2580%2591%25E3%2580%2590%25E4%25B8%259A%25E5%258A%25A1%25E7%25B1%25BB%25E5%259E%258B%25EF%25BC%259A%25E8%25B0%2583%25E5%25BE%2580%25E5%25BC%2582%25E5%25BA%2597%25E3%2580%2591%2520%253F%253F%253F%253F%253F2023-08-01%253F%253F2023-08-31%2520%253F%253F%253F%253F%253F%253F%253F%253F%253F%253F%253F%253F%253F%252C%253F%253F%253F%253F%253F%253F%253F%253F&tableQueryString=crk_table%2524sp1%2524order_day%2520between%252020230801%2520and%252020230831%2520and%2520(base_code%253D'0010610')%2520and%2520(src_order_type%2520in%2520(48))%2520and%2520(is_rk%2520in%2520(0))%2520and%2520(a.materiel_code%253D'00101031036') HTTP/1.1" 200 51059
58.40.7.146 - - [05/Sep/2023:11:19:23 +0800] "GET /xingrg/dwr/interface/AjaxReportQueryService.js HTTP/1.1" 200 13203
58.40.7.146 - - [05/Sep/2023:11:19:23 +0800] "GET /xingrg/dwr/engine.js HTTP/1.1" 200 43631
180.152.241.196 - - [05/Sep/2023:11:19:23 +0800] "POST /xingrg/kc/mdqp/pssh_list_operate.html HTTP/1.1" 200 849
58.40.7.146 - - [05/Sep/2023:11:19:24 +0800] "POST /xingrg/all/report/load_report_page.html HTTP/1.1" 200 28565
58.40.7.146 - - [05/Sep/2023:11:19:24 +0800] "GET /xingrg/servlets/image?cache=0.5425697347024353&image=px HTTP/1.1" 200 807
222.70.180.200 - - [05/Sep/2023:11:19:24 +0800] "GET /xingrg/kc/base/wldb_order_operate.html?command=get_materiel&rest_code=00111&base_code=0010306&code=00102002558 HTTP/1.1" 200 447
180.152.241.196 - - [05/Sep/2023:11:19:24 +0800] "GET /xingrg/kc/mdqp/pssh_order_info.html?code=312023082000481 HTTP/1.1" 200 14384
180.152.241.196 - - [05/Sep/2023:11:19:24 +0800] "GET /xingrg/javascript/jquery_tools/jquery-1.4.2.min.js HTTP/1.1" 404 1094
180.152.241.196 - - [05/Sep/2023:11:19:24 +0800] "GET /xingrg/javascript/easyui/themes/default/validatebox.css HTTP/1.1" 404 1104
180.152.241.196 - - [05/Sep/2023:11:19:25 +0800] "POST /xingrg/kc/mdqp/pssh_order_operate.html HTTP/1.1" 200 3703
222.67.237.86 - - [05/Sep/2023:11:19:25 +0800] "GET /xingrg/all/function/internal_message.html?_=1693883404762&CODE_STATE=getMsg HTTP/1.1" 200 27
116.232.195.127 - - [05/Sep/2023:11:19:25 +0800] "GET /xingrg/all/function/internal_message.html?_=1693883858846&CODE_STATE=getMsg HTTP/1.1" 200 27
180.169.147.146 - - [05/Sep/2023:11:19:28 +0800] "GET /xingrg/all/report/report_print.html?isPrint=1&fileName=kc/cost/crk_define_by_materiel.xml&condition=%20a.base_code%20in%20('0010512')%20%20and%20m.sort_code%20in%20('00101001','00101002','00101003','00101004','00101005','00101006','00101007','00101008','00101009','00101010','00101011','00101012','00101013','00101014','00101015','00101016','00101017','00101018','00101019','00101020','00101021','00101022','00101023','00101024','00101025','00101026','00101027','00101028','00101029','00101030','00101031','00101032','00101033','00101034','00101036','00101037','00101038','00101039','00101040','00101041','00101042','00101043')%20&condition_show=Ô·ݣº2023Äê8ÔÂ%20²Ö¿â£ºº£ÏʳØ&tableQueryString=materiel_table$sp1$$sp$before_table$sp1$$sp$crk_table$sp1$order_day%20between%2020230801%20and%2020230831&fileType=servlets/xls&varString=cost_id:4519,rk_cost:cgsh_rk_money-cgth_ck_money$add$pssh_rk_money-psth_ck_money$add$yddb_rk_money$add$qt_rk_money$add$wldb_rk_money$add$check_rk_money,ck_cost:cgsh_rk_money-cgth_ck_money$add$pssh_rk_money-psth_ck_money$add$yddb_rk_money$add$qt_rk_money$add$wldb_rk_money$add$check_rk_money,rk_nums:cgsh_rk_number-cgth_ck_number$add$pssh_rk_number-psth_ck_number$add$yddb_rk_number$add$qt_rk_number$add$wldb_rk_number$add$check_rk_number,ck_nums:cgsh_rk_number-cgth_ck_number$add$pssh_rk_number-psth_ck_number$add$yddb_rk_number$add$qt_rk_number$add$wldb_rk_number$add$check_rk_number HTTP/1.1" 200 45621
124.78.155.92 - - [05/Sep/2023:11:19:29 +0800] "GET /xingrg/kc/mdqp/qqps_order_info.html?code=302023090500082 HTTP/1.1" 200 28398
124.78.155.92 - - [05/Sep/2023:11:19:29 +0800] "GET /xingrg/dwr/interface/AjaxComOrderService.js HTTP/1.1" 200 18264
124.78.155.92 - - [05/Sep/2023:11:19:29 +0800] "GET /xingrg/dwr/interface/AjaxQqpsService.js HTTP/1.1" 200 16326
124.78.155.92 - - [05/Sep/2023:11:19:29 +0800] "GET /xingrg/dwr/engine.js HTTP/1.1" 200 43631
114.95.241.104 - - [05/Sep/2023:11:19:29 +0800] "GET /xingrg/kc/mdqp/qqps_order_list.html HTTP/1.1" 200 9222
114.95.241.104 - - [05/Sep/2023:11:19:29 +0800] "GET /xingrg/css/blue.css HTTP/1.1" 304 -
114.95.241.104 - - [05/Sep/2023:11:19:29 +0800] "GET /xingrg/dwr/interface/AjaxReportQueryService.js HTTP/1.1" 200 13203
114.95.241.104 - - [05/Sep/2023:11:19:29 +0800] "GET /xingrg/dwr/interface/AjaxQqpsService.js HTTP/1.1" 200 16326
114.95.241.104 - - [05/Sep/2023:11:19:29 +0800] "GET /xingrg/dwr/engine.js HTTP/1.1" 200 43631
114.95.241.104 - - [05/Sep/2023:11:19:29 +0800] "GET /xingrg/dwr/util.js HTTP/1.1" 304 -
114.95.241.104 - - [05/Sep/2023:11:19:29 +0800] "GET /xingrg/javascript/myfunction.js HTTP/1.1" 304 -
114.95.241.104 - - [05/Sep/2023:11:19:29 +0800] "GET /xingrg/javascript/Calendar.js HTTP/1.1" 304 -
114.95.241.104 - - [05/Sep/2023:11:19:29 +0800] "GET /xingrg/javascript/ToolTips.js HTTP/1.1" 304 -
180.165.48.189 - - [05/Sep/2023:11:19:29 +0800] "POST /xingrg/kc/buy/cgsh_list_operate.html HTTP/1.1" 200 3183
124.78.155.92 - - [05/Sep/2023:11:19:30 +0800] "POST /xingrg/dwr/call/plaincall/AjaxQqpsService.loadMaterielItems.dwr HTTP/1.1" 200 414
114.95.241.104 - - [05/Sep/2023:11:19:31 +0800] "GET /xingrg/kc/mdqp/qqps_order_add.html HTTP/1.1" 200 28250
114.95.241.104 - - [05/Sep/2023:11:19:31 +0800] "GET /xingrg/dwr/interface/AjaxQqpsService.js HTTP/1.1" 200 16326
114.95.241.104 - - [05/Sep/2023:11:19:31 +0800] "GET /xingrg/dwr/interface/AjaxComOrderService.js HTTP/1.1" 200 18264
114.95.241.104 - - [05/Sep/2023:11:19:31 +0800] "GET /xingrg/javascript/tools/jquery.qtip-1.0.0-rc3.min.js HTTP/1.1" 304 -
114.95.241.104 - - [05/Sep/2023:11:19:31 +0800] "GET /xingrg/javascript/Grid.js HTTP/1.1" 304 -
114.95.241.104 - - [05/Sep/2023:11:19:31 +0800] "GET /xingrg/javascript/AjaxInfoList.js HTTP/1.1" 304 -
114.95.241.104 - - [05/Sep/2023:11:19:31 +0800] "GET /xingrg/dwr/engine.js HTTP/1.1" 200 43631
114.83.218.93 - - [05/Sep/2023:11:19:32 +0800] "GET /xingrg/kc/buy/cgsh_order_operate.html?command=get_materiel&rest_code=00149&code=00101008312&supplier_code=00100008&order_time=2023-09-05 HTTP/1.1" 200 412
101.83.145.37 - - [05/Sep/2023:11:19:34 +0800] "GET /xingrg/all/function/internal_message.html?_=1693883767189&CODE_STATE=getMsg HTTP/1.1" 200 27
114.83.218.93 - - [05/Sep/2023:11:19:34 +0800] "GET /xingrg/all/function/internal_message.html?_=1693883974489&CODE_STATE=getMsg HTTP/1.1" 200 27
180.152.241.196 - - [05/Sep/2023:11:19:34 +0800] "GET /xingrg/kc/base/check_order_list.html HTTP/1.1" 200 16293
180.152.241.196 - - [05/Sep/2023:11:19:34 +0800] "POST /xingrg/kc/base/check_list_operate.html HTTP/1.1" 200 1554
180.162.115.178 - - [05/Sep/2023:11:19:35 +0800] "GET /xingrg/all/function/internal_message.html?_=1693882649345&CODE_STATE=getMsg HTTP/1.1" 200 27
124.78.155.92 - - [05/Sep/2023:11:19:35 +0800] "POST /xingrg/dwr/call/plaincall/AjaxQqpsService.removeMaterielItem.dwr HTTP/1.1" 200 78
180.152.241.196 - - [05/Sep/2023:11:19:36 +0800] "GET /xingrg/kc/base/check_order_info.html?code=452023083100389 HTTP/1.1" 200 26516
180.152.241.196 - - [05/Sep/2023:11:19:36 +0800] "GET /xingrg/dwr/interface/AjaxComOrderService.js HTTP/1.1" 200 18264
180.152.241.196 - - [05/Sep/2023:11:19:36 +0800] "GET /xingrg/dwr/interface/AjaxCheckService.js HTTP/1.1" 200 14003
180.152.241.196 - - [05/Sep/2023:11:19:36 +0800] "GET /xingrg/dwr/engine.js HTTP/1.1" 200 43631
180.169.147.146 - - [05/Sep/2023:11:19:37 +0800] "GET /xingrg/all/function/internal_message.html?_=1693883976830&CODE_STATE=getMsg HTTP/1.1" 200 27
180.169.147.146 - - [05/Sep/2023:11:19:37 +0800] "GET /xingrg/javascript/jquery_tools/images/prev.gif HTTP/1.1" 404 1086
180.169.147.146 - - [05/Sep/2023:11:19:37 +0800] "GET /xingrg/javascript/jquery_tools/images/next.gif HTTP/1.1" 404 1086
180.152.241.196 - - [05/Sep/2023:11:19:37 +0800] "POST /xingrg/dwr/call/plaincall/AjaxCheckService.loadOrderItems.dwr HTTP/1.1" 200 6300
101.228.187.155 - - [05/Sep/2023:11:19:39 +0800] "GET /xingrg/kc/buy/cgsh_order_operate.html?command=get_materiel&rest_code=00142&code=00101010136&supplier_code=00100207&order_time=2023-09-04 HTTP/1.1" 200 408
222.70.241.101 - - [05/Sep/2023:11:19:39 +0800] "GET /xingrg/all/function/internal_message.html?_=1693883985337&CODE_STATE=getMsg HTTP/1.1" 200 27
114.83.218.93 - - [05/Sep/2023:11:19:41 +0800] "GET /xingrg/kc/buy/cgsh_order_operate.html?command=get_materiel&rest_code=00149&code=00101008283&supplier_code=00100008&order_time=2023-09-05 HTTP/1.1" 200 408
180.174.205.229 - - [05/Sep/2023:11:19:42 +0800] "GET /xingrg/all/function/internal_message.html?_=1693883980811&CODE_STATE=getMsg HTTP/1.1" 200 27
180.169.147.146 - - [05/Sep/2023:11:19:43 +0800] "POST /xingrg/all/user/operate.html HTTP/1.1" 200 36
180.169.147.146 - - [05/Sep/2023:11:19:44 +0800] "GET /xingrg/index.html?sysBaseUrl=http%3A%2F%2F180.169.147.146%3A18081%2Fxingrg%2F&costTime=928×tamp=1693883856035 HTTP/1.1" 200 17509
180.169.147.146 - - [05/Sep/2023:11:19:44 +0800] "GET /xingrg/javascript/jquery_easy_ui/themes/default/easyui.css HTTP/1.1" 304 -
180.169.147.146 - - [05/Sep/2023:11:19:44 +0800] "GET /xingrg/javascript/jquery_easy_ui/themes/icon.css HTTP/1.1" 304 -
180.169.147.146 - - [05/Sep/2023:11:19:44 +0800] "GET /xingrg/css/form.css HTTP/1.1" 304 -
180.169.147.146 - - [05/Sep/2023:11:19:44 +0800] "GET /xingrg/javascript/jquery-1.4.2.min.js HTTP/1.1" 304 -
114.95.241.104 - - [05/Sep/2023:11:19:44 +0800] "POST /xingrg/dwr/call/plaincall/AjaxQqpsService.saveOrder.dwr HTTP/1.1" 200 78
180.169.147.146 - - [05/Sep/2023:11:19:44 +0800] "GET /xingrg/javascript/jquery_easy_ui/jquery.easyui.min.js HTTP/1.1" 304 -
180.169.147.146 - - [05/Sep/2023:11:19:44 +0800] "GET /xingrg/javascript/jquery_easy_ui/easyui-lang-zh_CN.js HTTP/1.1" 304 -
180.169.147.146 - - [05/Sep/2023:11:19:44 +0800] "GET /xingrg/javascript/jquery.form.js HTTP/1.1" 304 -
180.169.147.146 - - [05/Sep/2023:11:19:44 +0800] "GET /xingrg/javascript/jquery.utils.js HTTP/1.1" 304 -
180.169.147.146 - - [05/Sep/2023:11:19:44 +0800] "GET /xingrg/javascript/jquery.timers.js HTTP/1.1" 304 -
180.169.147.146 - - [05/Sep/2023:11:19:44 +0800] "GET /xingrg/images/blue/jxLogo.png HTTP/1.1" 304 -
180.169.147.146 - - [05/Sep/2023:11:19:44 +0800] "GET /xingrg/images/blue/navBackgound.jpg HTTP/1.1" 304 -
180.169.147.146 - - [05/Sep/2023:11:19:44 +0800] "GET /xingrg/javascript/jquery_easy_ui/themes/icons/settle_new.png HTTP/1.1" 304 -
180.169.147.146 - - [05/Sep/2023:11:19:44 +0800] "GET /xingrg/all/function/internal_message.html?_=1693883984294&CODE_STATE=count HTTP/1.1" 200 11
180.169.147.146 - - [05/Sep/2023:11:19:44 +0800] "GET /xingrg/check_reg.html?_=1693883984296 HTTP/1.1" 200 22
180.169.147.146 - - [05/Sep/2023:11:19:44 +0800] "POST /xingrg/all/common/load_tree.html?tree=area_rest_tree_json&manage=1 HTTP/1.1" 200 2106
180.169.147.146 - - [05/Sep/2023:11:19:44 +0800] "POST /xingrg/load_menu.html HTTP/1.1" 200 9959
180.169.147.146 - - [05/Sep/2023:11:19:44 +0800] "POST /xingrg/kc/buy/cgsh_list_operate.html HTTP/1.1" 200 986
180.169.147.146 - - [05/Sep/2023:11:19:45 +0800] "GET /xingrg/kc/report/report_main.html HTTP/1.1" 200 7340
180.169.147.146 - - [05/Sep/2023:11:19:46 +0800] "GET /xingrg/kc/cost/crk_report.html HTTP/1.1" 200 23793
180.169.147.146 - - [05/Sep/2023:11:19:46 +0800] "POST /xingrg/kc/cost/cost_operate.html?command=get_base_tree HTTP/1.1" 200 2583
180.169.147.146 - - [05/Sep/2023:11:19:46 +0800] "POST /xingrg/all/common/load_tree.html?tree=materiel_sort_tree_json HTTP/1.1" 200 9500
180.169.147.146 - - [05/Sep/2023:11:19:46 +0800] "POST /xingrg/kc/cost/cost_operate.html HTTP/1.1" 200 37
58.40.7.146 - - [05/Sep/2023:11:19:47 +0800] "GET /xingrg/all/function/internal_message.html?_=1693883987454&CODE_STATE=getMsg HTTP/1.1" 200 27
101.228.187.155 - - [05/Sep/2023:11:19:47 +0800] "GET /xingrg/javascript/jquery_tools/images/prev.gif HTTP/1.1" 404 1086
101.228.187.155 - - [05/Sep/2023:11:19:47 +0800] "GET /xingrg/javascript/jquery_tools/images/next.gif HTTP/1.1" 404 1086
114.95.241.104 - - [05/Sep/2023:11:19:48 +0800] "POST /xingrg/dwr/call/plaincall/AjaxQqpsService.getMaterielByCode.dwr HTTP/1.1" 200 3932
114.83.218.93 - - [05/Sep/2023:11:19:50 +0800] "GET /xingrg/all/function/internal_message.html?_=1693883990545&CODE_STATE=getMsg HTTP/1.1" 200 27
124.79.246.190 - - [05/Sep/2023:11:19:51 +0800] "GET /xingrg/all/function/internal_message.html?_=1693884286724&CODE_STATE=getMsg HTTP/1.1" 200 27
180.169.147.146 - - [05/Sep/2023:11:19:53 +0800] "GET /xingrg/all/report/report_query.html?isQuery=1&onlyBody=1&rh=999&varString=cost_id:4523,rk_cost:cgsh_rk_money-cgth_ck_money$add$pssh_rk_money-psth_ck_money$add$yddb_rk_money$add$qt_rk_money$add$wldb_rk_money$add$check_rk_money,ck_cost:cgsh_rk_money-cgth_ck_money$add$pssh_rk_money-psth_ck_money$add$yddb_rk_money$add$qt_rk_money$add$wldb_rk_money$add$check_rk_money,rk_nums:cgsh_rk_number-cgth_ck_number$add$pssh_rk_number-psth_ck_number$add$yddb_rk_number$add$qt_rk_number$add$wldb_rk_number$add$check_rk_number,ck_nums:cgsh_rk_number-cgth_ck_number$add$pssh_rk_number-psth_ck_number$add$yddb_rk_number$add$qt_rk_number$add$wldb_rk_number$add$check_rk_number&fileName=kc/cost/crk_define_by_materiel.xml&queryString=%20a.base_code%20in%20('0010068')%20%20and%20m.sort_code%20in%20('00101001','00101002','00101003','00101004','00101005','00101006','00101007','00101008','00101009','00101010','00101011','00101012','00101013','00101014','00101015','00101016','00101017','00101018','00101019','00101020','00101021','00101022','00101023','00101024','00101025','00101026','00101027','00101028','00101029','00101030','00101031','00101032','00101033','00101034','00101036','00101037','00101038','00101039','00101040','00101041','00101042','00101043')%20&queryText=Ô·ݣº2023Äê8ÔÂ%20²Ö¿â£ºº£ÏʳØ&tableQueryString=materiel_table$sp1$$sp$before_table$sp1$$sp$crk_table$sp1$order_day%20between%2020230801%20and%2020230831 HTTP/1.1" 200 49588
180.169.147.146 - - [05/Sep/2023:11:19:53 +0800] "GET /xingrg/dwr/interface/AjaxReportQueryService.js HTTP/1.1" 200 13203
180.169.147.146 - - [05/Sep/2023:11:19:53 +0800] "GET /xingrg/dwr/engine.js HTTP/1.1" 200 43631
114.95.241.104 - - [05/Sep/2023:11:19:53 +0800] "POST /xingrg/dwr/call/plaincall/AjaxQqpsService.saveMaterielItem.dwr HTTP/1.1" 200 78
222.70.180.200 - - [05/Sep/2023:11:19:55 +0800] "GET /xingrg/all/function/internal_message.html?_=1693883994169&CODE_STATE=getMsg HTTP/1.1" 200 27
116.228.172.122 - - [05/Sep/2023:11:19:56 +0800] "POST /xingrg/kc/buy/cgsh_order_operate.html HTTP/1.1" 200 37
180.169.147.146 - - [05/Sep/2023:11:19:57 +0800] "POST /xingrg/all/report/load_report_page.html HTTP/1.1" 200 217511
180.169.147.146 - - [05/Sep/2023:11:19:57 +0800] "GET /xingrg/servlets/image?cache=0.6956148758900514&image=px HTTP/1.1" 200 807
222.70.180.200 - - [05/Sep/2023:11:19:57 +0800] "GET /xingrg/check_reg.html?_=1693883996300 HTTP/1.1" 200 22
180.169.147.146 - - [05/Sep/2023:11:19:59 +0800] "GET /xingrg/all/function/internal_message.html?_=1693883998136&CODE_STATE=getMsg HTTP/1.1" 200 27
222.70.107.27 - - [05/Sep/2023:11:20:00 +0800] "GET /xingrg/all/function/internal_message.html?_=1693884004819&CODE_STATE=getMsg HTTP/1.1" 302 -
222.70.107.27 - - [05/Sep/2023:11:20:00 +0800] "GET /xingrg/check_reg.html?_=1693884004820 HTTP/1.1" 302 -
101.83.241.137 - - [05/Sep/2023:11:20:00 +0800] "GET /xingrg/all/function/internal_message.html?_=1693884143610&CODE_STATE=getMsg HTTP/1.1" 200 27
101.228.187.155 - - [05/Sep/2023:11:20:00 +0800] "POST /xingrg/kc/buy/cgsh_order_operate.html HTTP/1.1" 200 37
114.83.218.93 - - [05/Sep/2023:11:20:01 +0800] "GET /xingrg/kc/buy/cgsh_order_operate.html?command=get_materiel&rest_code=00149&code=00101008358&supplier_code=00100008&order_time=2023-09-05 HTTP/1.1" 200 412
180.152.241.196 - - [05/Sep/2023:11:20:01 +0800] "GET /xingrg/all/function/internal_message.html?_=1693884003675&CODE_STATE=getMsg HTTP/1.1" 200 27
101.228.187.155 - - [05/Sep/2023:11:20:02 +0800] "POST /xingrg/kc/buy/cgsh_order_operate.html HTTP/1.1" 200 16913
180.169.147.146 - - [05/Sep/2023:11:20:04 +0800] "GET /xingrg/all/report/report_print.html?isPrint=1&fileName=kc/cost/crk_define_by_materiel.xml&condition=%20a.base_code%20in%20('0010068')%20%20and%20m.sort_code%20in%20('00101001','00101002','00101003','00101004','00101005','00101006','00101007','00101008','00101009','00101010','00101011','00101012','00101013','00101014','00101015','00101016','00101017','00101018','00101019','00101020','00101021','00101022','00101023','00101024','00101025','00101026','00101027','00101028','00101029','00101030','00101031','00101032','00101033','00101034','00101036','00101037','00101038','00101039','00101040','00101041','00101042','00101043')%20&condition_show=Ô·ݣº2023Äê8ÔÂ%20²Ö¿â£ºº£ÏʳØ&tableQueryString=materiel_table$sp1$$sp$before_table$sp1$$sp$crk_table$sp1$order_day%20between%2020230801%20and%2020230831&fileType=servlets/xls&varString=cost_id:4523,rk_cost:cgsh_rk_money-cgth_ck_money$add$pssh_rk_money-psth_ck_money$add$yddb_rk_money$add$qt_rk_money$add$wldb_rk_money$add$check_rk_money,ck_cost:cgsh_rk_money-cgth_ck_money$add$pssh_rk_money-psth_ck_money$add$yddb_rk_money$add$qt_rk_money$add$wldb_rk_money$add$check_rk_money,rk_nums:cgsh_rk_number-cgth_ck_number$add$pssh_rk_number-psth_ck_number$add$yddb_rk_number$add$qt_rk_number$add$wldb_rk_number$add$check_rk_number,ck_nums:cgsh_rk_number-cgth_ck_number$add$pssh_rk_number-psth_ck_number$add$yddb_rk_number$add$qt_rk_number$add$wldb_rk_number$add$check_rk_number HTTP/1.1" 200 51772
114.95.241.104 - - [05/Sep/2023:11:20:04 +0800] "POST /xingrg/dwr/call/plaincall/AjaxQqpsService.getMaterielByCode.dwr HTTP/1.1" 200 3954
222.70.180.200 - - [05/Sep/2023:11:20:04 +0800] "GET /xingrg/kc/base/wldb_order_operate.html?command=get_materiel&rest_code=00111&base_code=0010306&code=00102002197 HTTP/1.1" 200 459
124.78.155.92 - - [05/Sep/2023:11:20:08 +0800] "GET /xingrg/javascript/auto/indicator.gif HTTP/1.1" 404 1066
124.78.155.92 - - [05/Sep/2023:11:20:09 +0800] "GET /xingrg/all/function/internal_message.html?_=1693884010599&CODE_STATE=getMsg HTTP/1.1" 200 27
101.228.187.155 - - [05/Sep/2023:11:20:09 +0800] "GET /xingrg/check_reg.html?_=1693884009889 HTTP/1.1" 200 22
101.228.187.155 - - [05/Sep/2023:11:20:09 +0800] "GET /xingrg/all/function/internal_message.html?_=1693884009892&CODE_STATE=getMsg HTTP/1.1" 200 27
114.95.241.104 - - [05/Sep/2023:11:20:10 +0800] "POST /xingrg/dwr/call/plaincall/AjaxQqpsService.saveMaterielItem.dwr HTTP/1.1" 200 78
101.83.145.37 - - [05/Sep/2023:11:20:12 +0800] "GET /xingrg/all/function/internal_message.html?_=1693884014155&CODE_STATE=getMsg HTTP/1.1" 200 27
114.83.218.93 - - [05/Sep/2023:11:20:13 +0800] "GET /xingrg/kc/buy/cgsh_order_operate.html?command=get_materiel&rest_code=00149&code=00101008163&supplier_code=00100008&order_time=2023-09-05 HTTP/1.1" 200 409
101.228.187.155 - - [05/Sep/2023:11:20:15 +0800] "POST /xingrg/kc/buy/cgsh_order_operate.html HTTP/1.1" 200 37
180.165.48.189 - - [05/Sep/2023:11:20:15 +0800] "GET /xingrg/all/function/internal_message.html?_=1693884014580&CODE_STATE=getMsg HTTP/1.1" 200 27
101.228.187.155 - - [05/Sep/2023:11:20:17 +0800] "POST /xingrg/kc/buy/cgsh_order_operate.html HTTP/1.1" 200 16913
101.228.187.155 - - [05/Sep/2023:11:20:18 +0800] "GET /xingrg/javascript/jquery_easy_ui/themes/default/images/tabs_active.png HTTP/1.1" 304 -
114.95.241.104 - - [05/Sep/2023:11:20:20 +0800] "POST /xingrg/dwr/call/plaincall/AjaxQqpsService.checkOrder.dwr HTTP/1.1" 200 78
114.95.241.104 - - [05/Sep/2023:11:20:21 +0800] "GET /xingrg/all/function/internal_message.html?_=1693883912912&CODE_STATE=getMsg HTTP/1.1" 200 27
114.95.241.104 - - [05/Sep/2023:11:20:21 +0800] "GET /xingrg/kc/mdqp/qqps_order_info.html?code=302023090500084 HTTP/1.1" 200 26657
114.95.241.104 - - [05/Sep/2023:11:20:21 +0800] "GET /xingrg/dwr/interface/AjaxComOrderService.js HTTP/1.1" 200 18264
114.95.241.104 - - [05/Sep/2023:11:20:21 +0800] "GET /xingrg/dwr/engine.js HTTP/1.1" 200 43631
114.95.241.104 - - [05/Sep/2023:11:20:21 +0800] "GET /xingrg/dwr/interface/AjaxQqpsService.js HTTP/1.1" 200 16326
114.95.241.104 - - [05/Sep/2023:11:20:22 +0800] "POST /xingrg/dwr/call/plaincall/AjaxQqpsService.loadMaterielItems.dwr HTTP/1.1" 200 732
114.83.218.93 - - [05/Sep/2023:11:20:24 +0800] "GET /xingrg/kc/buy/cgsh_order_operate.html?command=get_materiel&rest_code=00149&code=00101008304&supplier_code=00100008&order_time=2023-09-05 HTTP/1.1" 200 412
222.67.237.86 - - [05/Sep/2023:11:20:25 +0800] "GET /xingrg/all/function/internal_message.html?_=1693883464769&CODE_STATE=getMsg HTTP/1.1" 200 27
116.232.195.127 - - [05/Sep/2023:11:20:25 +0800] "GET /xingrg/all/function/internal_message.html?_=1693883918824&CODE_STATE=getMsg HTTP/1.1" 200 27
114.95.241.104 - - [05/Sep/2023:11:20:27 +0800] "GET /xingrg/kc/base/wldb_order_list.html HTTP/1.1" 200 19180
114.95.241.104 - - [05/Sep/2023:11:20:27 +0800] "POST /xingrg/kc/base/wldb_list_operate.html HTTP/1.1" 200 928
114.95.241.104 - - [05/Sep/2023:11:20:28 +0800] "GET /xingrg/kc/base/wldb_order_add.html HTTP/1.1" 200 30471
114.95.241.104 - - [05/Sep/2023:11:20:29 +0800] "POST /xingrg/kc/base/wldb_order_operate.html HTTP/1.1" 200 6806
114.83.218.93 - - [05/Sep/2023:11:20:29 +0800] "POST /xingrg/all/user/operate.html HTTP/1.1" 200 36
114.95.241.104 - - [05/Sep/2023:11:20:29 +0800] "GET /xingrg/javascript/easyui/themes/default/validatebox.css HTTP/1.1" 404 1104
114.83.218.93 - - [05/Sep/2023:11:20:29 +0800] "GET /xingrg/index.html?sysBaseUrl=http%3A%2F%2F180.169.147.146%3A18081%2Fxingrg%2F&costTime=845×tamp=1693882521117 HTTP/1.1" 200 17503
114.83.218.93 - - [05/Sep/2023:11:20:29 +0800] "GET /xingrg/javascript/jquery_easy_ui/themes/default/easyui.css HTTP/1.1" 304 -
114.83.218.93 - - [05/Sep/2023:11:20:29 +0800] "GET /xingrg/javascript/jquery_easy_ui/themes/icon.css HTTP/1.1" 304 -
114.83.218.93 - - [05/Sep/2023:11:20:29 +0800] "GET /xingrg/css/form.css HTTP/1.1" 304 -
114.83.218.93 - - [05/Sep/2023:11:20:29 +0800] "GET /xingrg/javascript/jquery-1.4.2.min.js HTTP/1.1" 304 -
114.83.218.93 - - [05/Sep/2023:11:20:29 +0800] "GET /xingrg/javascript/jquery_easy_ui/jquery.easyui.min.js HTTP/1.1" 304 -
114.83.218.93 - - [05/Sep/2023:11:20:29 +0800] "GET /xingrg/javascript/jquery_easy_ui/easyui-lang-zh_CN.js HTTP/1.1" 304 -
114.83.218.93 - - [05/Sep/2023:11:20:29 +0800] "GET /xingrg/javascript/jquery.form.js HTTP/1.1" 304 -
114.83.218.93 - - [05/Sep/2023:11:20:29 +0800] "GET /xingrg/javascript/jquery.utils.js HTTP/1.1" 304 -
114.83.218.93 - - [05/Sep/2023:11:20:29 +0800] "GET /xingrg/javascript/jquery.timers.js HTTP/1.1" 304 -
114.83.218.93 - - [05/Sep/2023:11:20:29 +0800] "GET /xingrg/images/blue/jxLogo.png HTTP/1.1" 304 -
114.83.218.93 - - [05/Sep/2023:11:20:29 +0800] "GET /xingrg/images/blue/navBackgound.jpg HTTP/1.1" 304 -
114.83.218.93 - - [05/Sep/2023:11:20:29 +0800] "GET /xingrg/javascript/jquery_easy_ui/themes/icons/settle_new.png HTTP/1.1" 304 -
114.83.218.93 - - [05/Sep/2023:11:20:29 +0800] "GET /xingrg/all/function/internal_message.html?_=1693884029543&CODE_STATE=count HTTP/1.1" 200 11
114.83.218.93 - - [05/Sep/2023:11:20:29 +0800] "GET /xingrg/check_reg.html?_=1693884029544 HTTP/1.1" 200 22
114.83.218.93 - - [05/Sep/2023:11:20:29 +0800] "POST /xingrg/all/common/load_tree.html?tree=area_rest_tree_json&manage=1 HTTP/1.1" 200 3499
114.83.218.93 - - [05/Sep/2023:11:20:29 +0800] "POST /xingrg/load_menu.html HTTP/1.1" 200 9959
114.95.241.104 - - [05/Sep/2023:11:20:30 +0800] "POST /xingrg/all/common/load_combo.html?type=base HTTP/1.1" 200 3318
124.78.155.92 - - [05/Sep/2023:11:20:31 +0800] "POST /xingrg/dwr/call/plaincall/AjaxQqpsService.getMaterielByCode.dwr HTTP/1.1" 200 2757
116.228.172.122 - - [05/Sep/2023:11:20:33 +0800] "POST /xingrg/kc/buy/cgsh_order_operate.html HTTP/1.1" 200 9778
114.83.218.93 - - [05/Sep/2023:11:20:33 +0800] "GET /xingrg/kc/base/check_order_list.html HTTP/1.1" 200 16554
114.83.218.93 - - [05/Sep/2023:11:20:33 +0800] "POST /xingrg/kc/base/check_list_operate.html HTTP/1.1" 200 1554
101.83.145.37 - - [05/Sep/2023:11:20:34 +0800] "GET /xingrg/check_reg.html?_=1693883827215 HTTP/1.1" 200 22
101.83.145.37 - - [05/Sep/2023:11:20:34 +0800] "GET /xingrg/all/function/internal_message.html?_=1693883827217&CODE_STATE=getMsg HTTP/1.1" 200 27
114.83.218.93 - - [05/Sep/2023:11:20:34 +0800] "GET /xingrg/kc/base/check_order_info.html?code=452023083100389 HTTP/1.1" 200 26516
114.83.218.93 - - [05/Sep/2023:11:20:34 +0800] "GET /xingrg/dwr/interface/AjaxComOrderService.js HTTP/1.1" 200 18264
114.83.218.93 - - [05/Sep/2023:11:20:34 +0800] "GET /xingrg/dwr/interface/AjaxCheckService.js HTTP/1.1" 200 14003
114.83.218.93 - - [05/Sep/2023:11:20:34 +0800] "GET /xingrg/dwr/engine.js HTTP/1.1" 200 43631
180.162.115.178 - - [05/Sep/2023:11:20:35 +0800] "GET /xingrg/all/function/internal_message.html?_=1693882709329&CODE_STATE=getMsg HTTP/1.1" 200 27
114.83.218.93 - - [05/Sep/2023:11:20:35 +0800] "POST /xingrg/dwr/call/plaincall/AjaxCheckService.loadOrderItems.dwr HTTP/1.1" 200 6300
180.169.147.146 - - [05/Sep/2023:11:20:37 +0800] "GET /xingrg/all/function/internal_message.html?_=1693884036853&CODE_STATE=getMsg HTTP/1.1" 200 27
124.78.155.92 - - [05/Sep/2023:11:20:37 +0800] "POST /xingrg/dwr/call/plaincall/AjaxQqpsService.saveMaterielItem.dwr HTTP/1.1" 200 78
101.228.187.155 - - [05/Sep/2023:11:20:38 +0800] "POST /xingrg/kc/buy/cgsh_list_operate.html HTTP/1.1" 200 4031
222.70.241.101 - - [05/Sep/2023:11:20:39 +0800] "GET /xingrg/all/function/internal_message.html?_=1693884045352&CODE_STATE=getMsg HTTP/1.1" 200 27
114.95.241.104 - - [05/Sep/2023:11:20:41 +0800] "GET /xingrg/kc/base/wldb_order_operate.html?command=get_materiel&rest_code=00150&base_code=0010446&code=00102002258 HTTP/1.1" 200 448
222.70.180.200 - - [05/Sep/2023:11:20:41 +0800] "POST /xingrg/kc/base/wldb_order_operate.html HTTP/1.1" 200 37
114.83.218.93 - - [05/Sep/2023:11:20:41 +0800] "GET /xingrg/kc/buy/cgsh_order_operate.html?command=get_materiel&rest_code=00149&code=00101008355&supplier_code=00100008&order_time=2023-09-05 HTTP/1.1" 200 408
222.70.180.200 - - [05/Sep/2023:11:20:42 +0800] "POST /xingrg/kc/base/wldb_order_operate.html HTTP/1.1" 200 5119
180.174.205.229 - - [05/Sep/2023:11:20:42 +0800] "GET /xingrg/all/function/internal_message.html?_=1693884040809&CODE_STATE=getMsg HTTP/1.1" 200 27
180.174.205.229 - - [05/Sep/2023:11:20:42 +0800] "GET /xingrg/check_reg.html?_=1693884040812 HTTP/1.1" 200 22
222.70.180.200 - - [05/Sep/2023:11:20:44 +0800] "GET /xingrg/kc/base/wldb_order_info.html?code=422023090500424 HTTP/1.1" 200 30470
180.169.147.146 - - [05/Sep/2023:11:20:44 +0800] "GET /xingrg/all/function/internal_message.html?_=1693884044309&CODE_STATE=getMsg HTTP/1.1" 200 27
222.70.180.200 - - [05/Sep/2023:11:20:44 +0800] "GET /xingrg/javascript/easyui/themes/default/validatebox.css HTTP/1.1" 404 1104
222.70.180.200 - - [05/Sep/2023:11:20:45 +0800] "POST /xingrg/kc/base/wldb_order_operate.html HTTP/1.1" 200 5119
58.40.7.146 - - [05/Sep/2023:11:20:47 +0800] "GET /xingrg/all/function/internal_message.html?_=1693884047510&CODE_STATE=getMsg HTTP/1.1" 200 27
222.70.180.200 - - [05/Sep/2023:11:20:48 +0800] "GET /xingrg/kc/base/wldb_order_add.html HTTP/1.1" 200 30453
222.70.180.200 - - [05/Sep/2023:11:20:48 +0800] "POST /xingrg/kc/base/wldb_order_operate.html HTTP/1.1" 200 6806
222.70.180.200 - - [05/Sep/2023:11:20:48 +0800] "GET /xingrg/javascript/easyui/themes/default/validatebox.css HTTP/1.1" 404 1104
114.83.218.93 - - [05/Sep/2023:11:20:49 +0800] "GET /xingrg/kc/buy/cgsh_order_operate.html?command=get_materiel&rest_code=00149&code=00101008004&supplier_code=00100008&order_time=2023-09-05 HTTP/1.1" 200 416
