101.83.241.137 - - [05/Sep/2023:10:37:47 +0800] "GET /xingrg/kc/buy/cgsh_order_operate.html?command=get_materiel&rest_code=00154&code=00101008155&supplier_code=00100417&order_time=2023-09-05 HTTP/1.1" 200 408
124.78.155.92 - - [05/Sep/2023:10:37:48 +0800] "POST /xingrg/dwr/call/plaincall/AjaxQqpsService.saveOrder.dwr HTTP/1.1" 200 78
124.79.246.190 - - [05/Sep/2023:10:37:51 +0800] "GET /xingrg/all/function/internal_message.html?_=1693881766710&CODE_STATE=getMsg HTTP/1.1" 200 27
222.70.180.200 - - [05/Sep/2023:10:37:56 +0800] "GET /xingrg/all/function/internal_message.html?_=1693881474993&CODE_STATE=getMsg HTTP/1.1" 200 27
124.78.155.92 - - [05/Sep/2023:10:37:57 +0800] "GET /xingrg/kc/mdqp/qqps_order_add.html HTTP/1.1" 200 28236
124.78.155.92 - - [05/Sep/2023:10:37:57 +0800] "GET /xingrg/dwr/interface/AjaxComOrderService.js HTTP/1.1" 200 18264
124.78.155.92 - - [05/Sep/2023:10:37:57 +0800] "GET /xingrg/dwr/interface/AjaxQqpsService.js HTTP/1.1" 200 16326
124.78.155.92 - - [05/Sep/2023:10:37:57 +0800] "GET /xingrg/dwr/engine.js HTTP/1.1" 200 43631
101.83.145.37 - - [05/Sep/2023:10:37:58 +0800] "POST /xingrg/kc/base/wldb_order_operate.html HTTP/1.1" 200 37
114.83.218.93 - - [05/Sep/2023:10:37:59 +0800] "POST /xingrg/kc/cost/cost_operate.html HTTP/1.1" 200 4
101.83.241.137 - - [05/Sep/2023:10:37:59 +0800] "GET /xingrg/kc/buy/cgsh_order_operate.html?command=get_materiel&rest_code=00154&code=00101008108&supplier_code=00100417&order_time=2023-09-05 HTTP/1.1" 200 412
101.83.145.37 - - [05/Sep/2023:10:37:59 +0800] "POST /xingrg/kc/base/wldb_order_operate.html HTTP/1.1" 200 2196
222.70.107.27 - - [05/Sep/2023:10:38:00 +0800] "GET /xingrg/all/function/internal_message.html?_=1693881484715&CODE_STATE=getMsg HTTP/1.1" 200 27
180.169.147.146 - - [05/Sep/2023:10:38:00 +0800] "GET /xingrg/all/function/internal_message.html?_=1693881478813&CODE_STATE=getMsg HTTP/1.1" 200 27
180.152.241.196 - - [05/Sep/2023:10:38:02 +0800] "GET /xingrg/all/function/internal_message.html?_=1693881484384&CODE_STATE=getMsg HTTP/1.1" 200 27
101.83.145.37 - - [05/Sep/2023:10:38:07 +0800] "GET /xingrg/kc/base/wldb_order_info.html?code=422023090500409 HTTP/1.1" 200 30470
124.78.155.92 - - [05/Sep/2023:10:38:07 +0800] "POST /xingrg/dwr/call/plaincall/AjaxQqpsService.saveOrder.dwr HTTP/1.1" 200 78
101.83.145.37 - - [05/Sep/2023:10:38:08 +0800] "GET /xingrg/javascript/easyui/themes/default/validatebox.css HTTP/1.1" 404 1104
101.83.241.137 - - [05/Sep/2023:10:38:08 +0800] "GET /xingrg/all/function/internal_message.html?_=1693881631351&CODE_STATE=getMsg HTTP/1.1" 200 27
101.83.145.37 - - [05/Sep/2023:10:38:09 +0800] "POST /xingrg/kc/base/wldb_order_operate.html HTTP/1.1" 200 2196
101.83.145.37 - - [05/Sep/2023:10:38:12 +0800] "GET /xingrg/check_reg.html?_=1693881494142 HTTP/1.1" 200 22
101.83.145.37 - - [05/Sep/2023:10:38:12 +0800] "GET /xingrg/all/function/internal_message.html?_=1693881494138&CODE_STATE=getMsg HTTP/1.1" 200 27
101.83.145.37 - - [05/Sep/2023:10:38:12 +0800] "GET /xingrg/kc/buy/cgsh_order_list.html HTTP/1.1" 200 56486
124.78.155.92 - - [05/Sep/2023:10:38:14 +0800] "GET /xingrg/all/function/internal_message.html?_=1693881496326&CODE_STATE=getMsg HTTP/1.1" 200 27
180.165.48.189 - - [05/Sep/2023:10:38:16 +0800] "GET /xingrg/all/function/internal_message.html?_=1693881495288&CODE_STATE=getMsg HTTP/1.1" 200 27
180.169.147.146 - - [05/Sep/2023:10:38:18 +0800] "GET /xingrg/all/function/internal_message.html?_=1693881496346&CODE_STATE=getMsg HTTP/1.1" 200 27
180.169.147.146 - - [05/Sep/2023:10:38:18 +0800] "GET /xingrg/check_reg.html?_=1693881496347 HTTP/1.1" 200 22
101.83.145.37 - - [05/Sep/2023:10:38:19 +0800] "POST /xingrg/kc/buy/cgsh_list_operate.html HTTP/1.1" 200 2702
101.83.241.137 - - [05/Sep/2023:10:38:21 +0800] "GET /xingrg/kc/buy/cgsh_order_operate.html?command=get_materiel&rest_code=00154&code=00101008321&supplier_code=00100417&order_time=2023-09-05 HTTP/1.1" 200 412
116.232.195.127 - - [05/Sep/2023:10:38:22 +0800] "GET /xingrg/all/function/internal_message.html?_=1693881395527&CODE_STATE=getMsg HTTP/1.1" 200 27
222.67.237.86 - - [05/Sep/2023:10:38:25 +0800] "GET /xingrg/all/function/internal_message.html?_=1693880944661&CODE_STATE=getMsg HTTP/1.1" 200 27
114.83.218.93 - - [05/Sep/2023:10:38:27 +0800] "GET /xingrg/kc/cost/cost_page.html HTTP/1.1" 200 4088
114.83.218.93 - - [05/Sep/2023:10:38:27 +0800] "GET /xingrg/css/blue.css HTTP/1.1" 304 -
114.83.218.93 - - [05/Sep/2023:10:38:27 +0800] "GET /xingrg/javascript/jquery_easy_ui/themes/default/easyui.css HTTP/1.1" 304 -
114.83.218.93 - - [05/Sep/2023:10:38:28 +0800] "GET /xingrg/javascript/jquery_easy_ui/themes/icon.css HTTP/1.1" 304 -
114.83.218.93 - - [05/Sep/2023:10:38:28 +0800] "GET /xingrg/javascript/step/step.css HTTP/1.1" 304 -
114.83.218.93 - - [05/Sep/2023:10:38:28 +0800] "GET /xingrg/css/table.css HTTP/1.1" 304 -
114.83.218.93 - - [05/Sep/2023:10:38:28 +0800] "GET /xingrg/dwr/interface/AjaxReportQueryService.js HTTP/1.1" 200 13203
114.83.218.93 - - [05/Sep/2023:10:38:28 +0800] "GET /xingrg/dwr/engine.js HTTP/1.1" 200 43631
114.83.218.93 - - [05/Sep/2023:10:38:28 +0800] "GET /xingrg/dwr/util.js HTTP/1.1" 304 -
114.83.218.93 - - [05/Sep/2023:10:38:28 +0800] "GET /xingrg/javascript/jquery-1.4.2.min.js HTTP/1.1" 304 -
114.83.218.93 - - [05/Sep/2023:10:38:28 +0800] "GET /xingrg/javascript/jquery_easy_ui/jquery.easyui.min.js HTTP/1.1" 304 -
114.83.218.93 - - [05/Sep/2023:10:38:28 +0800] "GET /xingrg/javascript/jquery_easy_ui/easyui-lang-zh_CN.js HTTP/1.1" 304 -
114.83.218.93 - - [05/Sep/2023:10:38:28 +0800] "GET /xingrg/javascript/jquery.utils.js HTTP/1.1" 304 -
114.83.218.93 - - [05/Sep/2023:10:38:28 +0800] "GET /xingrg/images/control/ajaxLoader.gif HTTP/1.1" 304 -
124.78.155.92 - - [05/Sep/2023:10:38:30 +0800] "POST /xingrg/dwr/call/plaincall/AjaxQqpsService.getMaterielByCode.dwr HTTP/1.1" 200 2691
222.70.241.101 - - [05/Sep/2023:10:38:31 +0800] "GET /xingrg/all/function/internal_message.html?_=1693881517058&CODE_STATE=getMsg HTTP/1.1" 200 27
101.83.145.37 - - [05/Sep/2023:10:38:34 +0800] "GET /xingrg/all/function/internal_message.html?_=1693881307130&CODE_STATE=getMsg HTTP/1.1" 200 27
114.95.241.104 - - [05/Sep/2023:10:38:35 +0800] "GET /xingrg/all/function/internal_message.html?_=1693881407472&CODE_STATE=getMsg HTTP/1.1" 200 27
180.169.147.146 - - [05/Sep/2023:10:38:36 +0800] "GET /xingrg/all/function/internal_message.html?_=1693881516831&CODE_STATE=getMsg HTTP/1.1" 200 27
101.83.241.137 - - [05/Sep/2023:10:38:37 +0800] "GET /xingrg/kc/buy/cgsh_order_operate.html?command=get_materiel&rest_code=00154&code=00101008270&supplier_code=00100417&order_time=2023-09-05 HTTP/1.1" 200 412
124.78.155.92 - - [05/Sep/2023:10:38:39 +0800] "POST /xingrg/dwr/call/plaincall/AjaxQqpsService.saveMaterielItem.dwr HTTP/1.1" 200 78
222.70.241.101 - - [05/Sep/2023:10:38:40 +0800] "GET /xingrg/check_reg.html?_=1693881525861 HTTP/1.1" 200 22
101.83.241.137 - - [05/Sep/2023:10:38:40 +0800] "POST /xingrg/kc/buy/cgsh_order_operate.html HTTP/1.1" 200 2065
180.174.205.229 - - [05/Sep/2023:10:38:42 +0800] "GET /xingrg/all/function/internal_message.html?_=1693881520773&CODE_STATE=getMsg HTTP/1.1" 200 27
58.40.7.146 - - [05/Sep/2023:10:38:44 +0800] "GET /xingrg/all/function/internal_message.html?_=1693881524969&CODE_STATE=getMsg HTTP/1.1" 200 27
124.79.246.190 - - [05/Sep/2023:10:38:51 +0800] "GET /xingrg/all/function/internal_message.html?_=1693881826708&CODE_STATE=getMsg HTTP/1.1" 200 27
101.83.241.137 - - [05/Sep/2023:10:38:53 +0800] "GET /xingrg/kc/buy/cgsh_order_operate.html?command=get_materiel&rest_code=00154&code=00101008300&supplier_code=00100417&order_time=2023-09-05 HTTP/1.1" 200 412
222.70.180.200 - - [05/Sep/2023:10:38:56 +0800] "GET /xingrg/all/function/internal_message.html?_=1693881534970&CODE_STATE=getMsg HTTP/1.1" 200 27
222.70.107.27 - - [05/Sep/2023:10:39:00 +0800] "GET /xingrg/all/function/internal_message.html?_=1693881544713&CODE_STATE=getMsg HTTP/1.1" 200 27
180.169.147.146 - - [05/Sep/2023:10:39:00 +0800] "GET /xingrg/all/function/internal_message.html?_=1693881538797&CODE_STATE=getMsg HTTP/1.1" 200 27
180.152.241.196 - - [05/Sep/2023:10:39:02 +0800] "GET /xingrg/all/function/internal_message.html?_=1693881544365&CODE_STATE=getMsg HTTP/1.1" 200 27
101.83.241.137 - - [05/Sep/2023:10:39:08 +0800] "GET /xingrg/all/function/internal_message.html?_=1693881691360&CODE_STATE=getMsg HTTP/1.1" 200 27
101.83.241.137 - - [05/Sep/2023:10:39:08 +0800] "GET /xingrg/check_reg.html?_=1693881691362 HTTP/1.1" 200 22
124.78.155.92 - - [05/Sep/2023:10:39:11 +0800] "GET /xingrg/check_reg.html?_=1693881553053 HTTP/1.1" 200 22
101.83.145.37 - - [05/Sep/2023:10:39:12 +0800] "GET /xingrg/all/function/internal_message.html?_=1693881554151&CODE_STATE=getMsg HTTP/1.1" 200 27
124.78.155.92 - - [05/Sep/2023:10:39:14 +0800] "GET /xingrg/all/function/internal_message.html?_=1693881556309&CODE_STATE=getMsg HTTP/1.1" 200 27
116.232.195.127 - - [05/Sep/2023:10:39:15 +0800] "GET /xingrg/kc/print/load_data.html?order_code=212023090501567&kc_code=cgsh HTTP/1.1" 200 984
222.70.180.200 - - [05/Sep/2023:10:39:16 +0800] "GET /xingrg/kc/buy/cgsh_order_operate.html?command=get_materiel&rest_code=00111&code=00101008350&supplier_code=00100005&order_time=2023-09-05 HTTP/1.1" 200 408
180.165.48.189 - - [05/Sep/2023:10:39:16 +0800] "GET /xingrg/all/function/internal_message.html?_=1693881555260&CODE_STATE=getMsg HTTP/1.1" 200 27
180.169.147.146 - - [05/Sep/2023:10:39:18 +0800] "GET /xingrg/all/function/internal_message.html?_=1693881556345&CODE_STATE=getMsg HTTP/1.1" 200 27
222.67.237.86 - - [05/Sep/2023:10:39:25 +0800] "GET /xingrg/all/function/internal_message.html?_=1693881004661&CODE_STATE=getMsg HTTP/1.1" 200 27
101.83.241.137 - - [05/Sep/2023:10:39:25 +0800] "GET /xingrg/kc/buy/cgsh_order_operate.html?command=get_materiel&rest_code=00154&code=00101008286&supplier_code=00100417&order_time=2023-09-05 HTTP/1.1" 200 408
116.232.195.127 - - [05/Sep/2023:10:39:26 +0800] "GET /xingrg/all/function/internal_message.html?_=1693881459485&CODE_STATE=getMsg HTTP/1.1" 200 27
222.70.241.101 - - [05/Sep/2023:10:39:31 +0800] "GET /xingrg/all/function/internal_message.html?_=1693881577072&CODE_STATE=getMsg HTTP/1.1" 200 27
101.83.145.37 - - [05/Sep/2023:10:39:34 +0800] "GET /xingrg/all/function/internal_message.html?_=1693881367131&CODE_STATE=getMsg HTTP/1.1" 200 27
114.95.241.104 - - [05/Sep/2023:10:39:35 +0800] "GET /xingrg/all/function/internal_message.html?_=1693881467484&CODE_STATE=getMsg HTTP/1.1" 200 27
180.169.147.146 - - [05/Sep/2023:10:39:36 +0800] "GET /xingrg/all/function/internal_message.html?_=1693881576820&CODE_STATE=getMsg HTTP/1.1" 200 27
116.232.195.127 - - [05/Sep/2023:10:39:37 +0800] "POST /xingrg/kc/buy/cgsh_list_operate.html HTTP/1.1" 200 3588
101.83.241.137 - - [05/Sep/2023:10:39:39 +0800] "GET /xingrg/kc/buy/cgsh_order_operate.html?command=get_materiel&rest_code=00154&code=00101008264&supplier_code=00100417&order_time=2023-09-05 HTTP/1.1" 200 412
124.78.155.92 - - [05/Sep/2023:10:39:39 +0800] "POST /xingrg/dwr/call/plaincall/AjaxQqpsService.getMaterielByCode.dwr HTTP/1.1" 200 2667
180.174.205.229 - - [05/Sep/2023:10:39:42 +0800] "GET /xingrg/all/function/internal_message.html?_=1693881580773&CODE_STATE=getMsg HTTP/1.1" 200 27
116.232.195.127 - - [05/Sep/2023:10:39:42 +0800] "POST /xingrg/kc/buy/cgsh_list_operate.html HTTP/1.1" 200 600
124.78.155.92 - - [05/Sep/2023:10:39:43 +0800] "POST /xingrg/dwr/call/plaincall/AjaxQqpsService.saveMaterielItem.dwr HTTP/1.1" 200 78
116.232.195.127 - - [05/Sep/2023:10:39:44 +0800] "POST /xingrg/kc/buy/cgsh_list_operate.html HTTP/1.1" 200 573
58.40.7.146 - - [05/Sep/2023:10:39:44 +0800] "GET /xingrg/all/function/internal_message.html?_=1693881584964&CODE_STATE=getMsg HTTP/1.1" 200 27
101.83.241.137 - - [05/Sep/2023:10:39:50 +0800] "GET /xingrg/kc/buy/cgsh_order_operate.html?command=get_materiel&rest_code=00154&code=00101008644&supplier_code=00100417&order_time=2023-09-05 HTTP/1.1" 200 420
222.70.180.200 - - [05/Sep/2023:10:39:51 +0800] "GET /xingrg/kc/buy/cgsh_order_operate.html?command=get_materiel&rest_code=00111&code=00101008746&supplier_code=00100005&order_time=2023-09-05 HTTP/1.1" 200 395
124.79.246.190 - - [05/Sep/2023:10:39:51 +0800] "GET /xingrg/all/function/internal_message.html?_=1693881886705&CODE_STATE=getMsg HTTP/1.1" 200 27
124.78.155.92 - - [05/Sep/2023:10:39:55 +0800] "POST /xingrg/dwr/call/plaincall/AjaxQqpsService.getMaterielByCode.dwr HTTP/1.1" 200 2660
222.70.180.200 - - [05/Sep/2023:10:39:56 +0800] "GET /xingrg/all/function/internal_message.html?_=1693881594948&CODE_STATE=getMsg HTTP/1.1" 200 27
222.70.180.200 - - [05/Sep/2023:10:39:57 +0800] "GET /xingrg/check_reg.html?_=1693881596262 HTTP/1.1" 200 22
116.232.195.127 - - [05/Sep/2023:10:39:58 +0800] "GET /xingrg/kc/buy/cgsh_order_info.html?code=212023090501569 HTTP/1.1" 200 72322
116.232.195.127 - - [05/Sep/2023:10:39:59 +0800] "GET /xingrg/javascript/easyui/themes/default/validatebox.css HTTP/1.1" 404 1104
124.78.155.92 - - [05/Sep/2023:10:39:59 +0800] "POST /xingrg/dwr/call/plaincall/AjaxQqpsService.saveMaterielItem.dwr HTTP/1.1" 200 78
116.232.195.127 - - [05/Sep/2023:10:39:59 +0800] "POST /xingrg/kc/buy/cgsh_order_operate.html HTTP/1.1" 200 6219
222.70.107.27 - - [05/Sep/2023:10:40:00 +0800] "GET /xingrg/all/function/internal_message.html?_=1693881604738&CODE_STATE=getMsg HTTP/1.1" 200 27
222.70.107.27 - - [05/Sep/2023:10:40:00 +0800] "GET /xingrg/check_reg.html?_=1693881604738 HTTP/1.1" 200 22
180.169.147.146 - - [05/Sep/2023:10:40:00 +0800] "GET /xingrg/all/function/internal_message.html?_=1693881598781&CODE_STATE=getMsg HTTP/1.1" 200 27
180.152.241.196 - - [05/Sep/2023:10:40:02 +0800] "GET /xingrg/all/function/internal_message.html?_=1693881604341&CODE_STATE=getMsg HTTP/1.1" 200 27
222.70.180.200 - - [05/Sep/2023:10:40:04 +0800] "POST /xingrg/kc/buy/cgsh_order_operate.html HTTP/1.1" 200 2065
116.232.195.127 - - [05/Sep/2023:10:40:05 +0800] "GET /xingrg/kc/print/load_data.html?order_code=212023090501569&kc_code=cgsh HTTP/1.1" 200 2046
101.83.241.137 - - [05/Sep/2023:10:40:08 +0800] "GET /xingrg/all/function/internal_message.html?_=1693881751359&CODE_STATE=getMsg HTTP/1.1" 200 27
101.83.145.37 - - [05/Sep/2023:10:40:12 +0800] "GET /xingrg/all/function/internal_message.html?_=1693881614136&CODE_STATE=getMsg HTTP/1.1" 200 27
124.78.155.92 - - [05/Sep/2023:10:40:14 +0800] "GET /xingrg/all/function/internal_message.html?_=1693881616275&CODE_STATE=getMsg HTTP/1.1" 200 27
124.78.155.92 - - [05/Sep/2023:10:40:15 +0800] "POST /xingrg/dwr/call/plaincall/AjaxQqpsService.getMaterielByCode.dwr HTTP/1.1" 200 2759
180.165.48.189 - - [05/Sep/2023:10:40:16 +0800] "GET /xingrg/all/function/internal_message.html?_=1693881615246&CODE_STATE=getMsg HTTP/1.1" 200 27
180.169.147.146 - - [05/Sep/2023:10:40:18 +0800] "GET /xingrg/all/function/internal_message.html?_=1693881616343&CODE_STATE=getMsg HTTP/1.1" 200 27
124.78.155.92 - - [05/Sep/2023:10:40:20 +0800] "POST /xingrg/dwr/call/plaincall/AjaxQqpsService.saveMaterielItem.dwr HTTP/1.1" 200 78
222.67.237.86 - - [05/Sep/2023:10:40:25 +0800] "GET /xingrg/all/function/internal_message.html?_=1693881064686&CODE_STATE=getMsg HTTP/1.1" 200 27
116.232.195.127 - - [05/Sep/2023:10:40:26 +0800] "GET /xingrg/all/function/internal_message.html?_=1693881519482&CODE_STATE=getMsg HTTP/1.1" 200 27
222.70.241.101 - - [05/Sep/2023:10:40:31 +0800] "GET /xingrg/all/function/internal_message.html?_=1693881637087&CODE_STATE=getMsg HTTP/1.1" 200 27
101.83.145.37 - - [05/Sep/2023:10:40:34 +0800] "GET /xingrg/all/function/internal_message.html?_=1693881427132&CODE_STATE=getMsg HTTP/1.1" 200 27
101.83.145.37 - - [05/Sep/2023:10:40:34 +0800] "GET /xingrg/check_reg.html?_=1693881427135 HTTP/1.1" 200 22
114.95.241.104 - - [05/Sep/2023:10:40:35 +0800] "GET /xingrg/all/function/internal_message.html?_=1693881527533&CODE_STATE=getMsg HTTP/1.1" 200 27
180.169.147.146 - - [05/Sep/2023:10:40:36 +0800] "GET /xingrg/all/function/internal_message.html?_=1693881636830&CODE_STATE=getMsg HTTP/1.1" 200 27
180.174.205.229 - - [05/Sep/2023:10:40:42 +0800] "GET /xingrg/check_reg.html?_=1693881640778 HTTP/1.1" 200 22
180.174.205.229 - - [05/Sep/2023:10:40:42 +0800] "GET /xingrg/all/function/internal_message.html?_=1693881640775&CODE_STATE=getMsg HTTP/1.1" 200 27
58.40.7.146 - - [05/Sep/2023:10:40:44 +0800] "GET /xingrg/all/function/internal_message.html?_=1693881644950&CODE_STATE=getMsg HTTP/1.1" 200 27
124.79.246.190 - - [05/Sep/2023:10:40:51 +0800] "GET /xingrg/all/function/internal_message.html?_=1693881946704&CODE_STATE=getMsg HTTP/1.1" 200 27
180.169.147.146 - - [05/Sep/2023:10:40:55 +0800] "GET /xingrg/check_reg.html?_=1693881654257 HTTP/1.1" 200 22
222.70.180.200 - - [05/Sep/2023:10:40:56 +0800] "GET /xingrg/all/function/internal_message.html?_=1693881654929&CODE_STATE=getMsg HTTP/1.1" 200 27
116.232.195.127 - - [05/Sep/2023:10:40:59 +0800] "POST /xingrg/kc/buy/cgsh_list_operate.html HTTP/1.1" 200 3588
222.70.107.27 - - [05/Sep/2023:10:41:00 +0800] "GET /xingrg/all/function/internal_message.html?_=1693881664751&CODE_STATE=getMsg HTTP/1.1" 200 27
180.169.147.146 - - [05/Sep/2023:10:41:00 +0800] "GET /xingrg/all/function/internal_message.html?_=1693881658752&CODE_STATE=getMsg HTTP/1.1" 200 27
124.78.155.92 - - [05/Sep/2023:10:41:02 +0800] "POST /xingrg/dwr/call/plaincall/AjaxQqpsService.getMaterielByCode.dwr HTTP/1.1" 200 2725
180.152.241.196 - - [05/Sep/2023:10:41:02 +0800] "GET /xingrg/all/function/internal_message.html?_=1693881664316&CODE_STATE=getMsg HTTP/1.1" 200 27
180.152.241.196 - - [05/Sep/2023:10:41:03 +0800] "GET /xingrg/check_reg.html?_=1693881665404 HTTP/1.1" 200 22
124.78.155.92 - - [05/Sep/2023:10:41:05 +0800] "POST /xingrg/dwr/call/plaincall/AjaxQqpsService.saveMaterielItem.dwr HTTP/1.1" 200 79
116.232.195.127 - - [05/Sep/2023:10:41:06 +0800] "POST /xingrg/kc/buy/cgsh_list_operate.html HTTP/1.1" 200 573
116.232.195.127 - - [05/Sep/2023:10:41:07 +0800] "POST /xingrg/kc/buy/cgsh_list_operate.html HTTP/1.1" 200 600
101.83.241.137 - - [05/Sep/2023:10:41:08 +0800] "GET /xingrg/all/function/internal_message.html?_=1693881811355&CODE_STATE=getMsg HTTP/1.1" 200 27
116.232.195.127 - - [05/Sep/2023:10:41:09 +0800] "GET /xingrg/kc/buy/cgsh_order_info.html?code=212023090501568 HTTP/1.1" 200 72324
116.232.195.127 - - [05/Sep/2023:10:41:09 +0800] "GET /xingrg/javascript/easyui/themes/default/validatebox.css HTTP/1.1" 404 1104
116.232.195.127 - - [05/Sep/2023:10:41:10 +0800] "POST /xingrg/kc/buy/cgsh_order_operate.html HTTP/1.1" 200 5657
101.83.145.37 - - [05/Sep/2023:10:41:12 +0800] "GET /xingrg/all/function/internal_message.html?_=1693881674136&CODE_STATE=getMsg HTTP/1.1" 200 27
124.78.155.92 - - [05/Sep/2023:10:41:14 +0800] "GET /xingrg/all/function/internal_message.html?_=1693881676257&CODE_STATE=getMsg HTTP/1.1" 200 27
180.165.48.189 - - [05/Sep/2023:10:41:16 +0800] "GET /xingrg/all/function/internal_message.html?_=1693881675228&CODE_STATE=getMsg HTTP/1.1" 200 27
180.169.147.146 - - [05/Sep/2023:10:41:18 +0800] "GET /xingrg/all/function/internal_message.html?_=1693881676342&CODE_STATE=getMsg HTTP/1.1" 200 27
124.78.155.92 - - [05/Sep/2023:10:41:21 +0800] "POST /xingrg/dwr/call/plaincall/AjaxQqpsService.getMaterielByCode.dwr HTTP/1.1" 200 2750
124.78.155.92 - - [05/Sep/2023:10:41:24 +0800] "POST /xingrg/dwr/call/plaincall/AjaxQqpsService.saveMaterielItem.dwr HTTP/1.1" 200 79
222.67.237.86 - - [05/Sep/2023:10:41:25 +0800] "GET /xingrg/all/function/internal_message.html?_=1693881124684&CODE_STATE=getMsg HTTP/1.1" 200 27
116.232.195.127 - - [05/Sep/2023:10:41:26 +0800] "GET /xingrg/all/function/internal_message.html?_=1693881579462&CODE_STATE=getMsg HTTP/1.1" 200 27
222.70.241.101 - - [05/Sep/2023:10:41:31 +0800] "GET /xingrg/all/function/internal_message.html?_=1693881697535&CODE_STATE=getMsg HTTP/1.1" 200 27
101.83.145.37 - - [05/Sep/2023:10:41:34 +0800] "GET /xingrg/all/function/internal_message.html?_=1693881487135&CODE_STATE=getMsg HTTP/1.1" 200 27
114.95.241.104 - - [05/Sep/2023:10:41:35 +0800] "GET /xingrg/all/function/internal_message.html?_=1693881587543&CODE_STATE=getMsg HTTP/1.1" 200 27
180.169.147.146 - - [05/Sep/2023:10:41:36 +0800] "GET /xingrg/all/function/internal_message.html?_=1693881696833&CODE_STATE=getMsg HTTP/1.1" 200 27
124.78.155.92 - - [05/Sep/2023:10:41:37 +0800] "POST /xingrg/dwr/call/plaincall/AjaxQqpsService.getMaterielByCode.dwr HTTP/1.1" 200 2667
222.70.180.200 - - [05/Sep/2023:10:41:39 +0800] "GET /xingrg/kc/buy/cgsh_order_operate.html?command=get_materiel&rest_code=00111&code=00101008742&supplier_code=00100005&order_time=2023-09-05 HTTP/1.1" 200 399
116.232.195.127 - - [05/Sep/2023:10:41:41 +0800] "GET /xingrg/check_reg.html?_=1693881594161 HTTP/1.1" 200 22
124.78.155.92 - - [05/Sep/2023:10:41:41 +0800] "POST /xingrg/dwr/call/plaincall/AjaxQqpsService.saveMaterielItem.dwr HTTP/1.1" 200 79
180.174.205.229 - - [05/Sep/2023:10:41:42 +0800] "GET /xingrg/all/function/internal_message.html?_=1693881700785&CODE_STATE=getMsg HTTP/1.1" 200 27
58.40.7.146 - - [05/Sep/2023:10:41:44 +0800] "GET /xingrg/all/function/internal_message.html?_=1693881704952&CODE_STATE=getMsg HTTP/1.1" 200 27
58.40.7.146 - - [05/Sep/2023:10:41:45 +0800] "GET /xingrg/check_reg.html?_=1693881705012 HTTP/1.1" 200 22
124.79.246.190 - - [05/Sep/2023:10:41:51 +0800] "GET /xingrg/check_reg.html?_=1693882006710 HTTP/1.1" 200 22
124.79.246.190 - - [05/Sep/2023:10:41:51 +0800] "GET /xingrg/all/function/internal_message.html?_=1693882006707&CODE_STATE=getMsg HTTP/1.1" 200 27
222.70.180.200 - - [05/Sep/2023:10:41:56 +0800] "GET /xingrg/all/function/internal_message.html?_=1693881714898&CODE_STATE=getMsg HTTP/1.1" 200 27
222.70.107.27 - - [05/Sep/2023:10:42:00 +0800] "GET /xingrg/all/function/internal_message.html?_=1693881724749&CODE_STATE=getMsg HTTP/1.1" 200 27
180.169.147.146 - - [05/Sep/2023:10:42:00 +0800] "GET /xingrg/all/function/internal_message.html?_=1693881718737&CODE_STATE=getMsg HTTP/1.1" 200 27
116.232.195.127 - - [05/Sep/2023:10:42:01 +0800] "GET /xingrg/kc/print/load_data.html?order_code=212023090501568&kc_code=cgsh HTTP/1.1" 200 1941
180.152.241.196 - - [05/Sep/2023:10:42:02 +0800] "GET /xingrg/all/function/internal_message.html?_=1693881724310&CODE_STATE=getMsg HTTP/1.1" 200 27
124.78.155.92 - - [05/Sep/2023:10:42:07 +0800] "POST /xingrg/dwr/call/plaincall/AjaxQqpsService.saveOrder.dwr HTTP/1.1" 200 79
101.83.241.137 - - [05/Sep/2023:10:42:08 +0800] "GET /xingrg/all/function/internal_message.html?_=1693881871356&CODE_STATE=getMsg HTTP/1.1" 200 27
101.83.145.37 - - [05/Sep/2023:10:42:12 +0800] "GET /xingrg/all/function/internal_message.html?_=1693881734138&CODE_STATE=getMsg HTTP/1.1" 200 27
124.78.155.92 - - [05/Sep/2023:10:42:14 +0800] "GET /xingrg/all/function/internal_message.html?_=1693881736237&CODE_STATE=getMsg HTTP/1.1" 200 27
180.165.48.189 - - [05/Sep/2023:10:42:16 +0800] "GET /xingrg/all/function/internal_message.html?_=1693881735213&CODE_STATE=getMsg HTTP/1.1" 200 27
180.165.48.189 - - [05/Sep/2023:10:42:17 +0800] "GET /xingrg/check_reg.html?_=1693881736611 HTTP/1.1" 200 22
180.169.147.146 - - [05/Sep/2023:10:42:18 +0800] "GET /xingrg/all/function/internal_message.html?_=1693881736341&CODE_STATE=getMsg HTTP/1.1" 200 27
222.67.237.86 - - [05/Sep/2023:10:42:25 +0800] "GET /xingrg/all/function/internal_message.html?_=1693881184682&CODE_STATE=getMsg HTTP/1.1" 200 27
222.67.237.86 - - [05/Sep/2023:10:42:25 +0800] "GET /xingrg/check_reg.html?_=1693881184683 HTTP/1.1" 200 22
116.232.195.127 - - [05/Sep/2023:10:42:26 +0800] "GET /xingrg/all/function/internal_message.html?_=1693881639458&CODE_STATE=getMsg HTTP/1.1" 200 27
124.78.155.92 - - [05/Sep/2023:10:42:26 +0800] "POST /xingrg/dwr/call/plaincall/AjaxQqpsService.saveOrder.dwr HTTP/1.1" 200 79
124.78.155.92 - - [05/Sep/2023:10:42:30 +0800] "GET /xingrg/kc/base/base_main.html HTTP/1.1" 200 12142
124.78.155.92 - - [05/Sep/2023:10:42:31 +0800] "GET /xingrg/kc/base/wldb_order_list.html HTTP/1.1" 200 19174
222.70.241.101 - - [05/Sep/2023:10:42:31 +0800] "GET /xingrg/all/function/internal_message.html?_=1693881757549&CODE_STATE=getMsg HTTP/1.1" 200 27
124.78.155.92 - - [05/Sep/2023:10:42:32 +0800] "POST /xingrg/kc/base/wldb_list_operate.html HTTP/1.1" 200 2558
101.83.145.37 - - [05/Sep/2023:10:42:34 +0800] "GET /xingrg/all/function/internal_message.html?_=1693881547135&CODE_STATE=getMsg HTTP/1.1" 200 27
114.95.241.104 - - [05/Sep/2023:10:42:35 +0800] "GET /xingrg/check_reg.html?_=1693881646939 HTTP/1.1" 200 22
114.95.241.104 - - [05/Sep/2023:10:42:35 +0800] "GET /xingrg/all/function/internal_message.html?_=1693881647556&CODE_STATE=getMsg HTTP/1.1" 200 27
180.169.147.146 - - [05/Sep/2023:10:42:36 +0800] "GET /xingrg/all/function/internal_message.html?_=1693881756829&CODE_STATE=getMsg HTTP/1.1" 200 27
180.169.147.146 - - [05/Sep/2023:10:42:36 +0800] "GET /xingrg/check_reg.html?_=1693881756831 HTTP/1.1" 200 22
101.83.241.137 - - [05/Sep/2023:10:42:39 +0800] "POST /xingrg/kc/buy/cgsh_order_operate.html HTTP/1.1" 200 37
180.174.205.229 - - [05/Sep/2023:10:42:42 +0800] "GET /xingrg/all/function/internal_message.html?_=1693881760773&CODE_STATE=getMsg HTTP/1.1" 200 27
124.78.155.92 - - [05/Sep/2023:10:42:44 +0800] "GET /xingrg/kc/base/wldb_order_add.html HTTP/1.1" 200 30457
124.78.155.92 - - [05/Sep/2023:10:42:44 +0800] "POST /xingrg/kc/base/wldb_order_operate.html HTTP/1.1" 200 6806
124.78.155.92 - - [05/Sep/2023:10:42:44 +0800] "GET /xingrg/javascript/easyui/themes/default/validatebox.css HTTP/1.1" 404 1104
58.40.7.146 - - [05/Sep/2023:10:42:44 +0800] "GET /xingrg/all/function/internal_message.html?_=1693881764951&CODE_STATE=getMsg HTTP/1.1" 200 27
124.78.155.92 - - [05/Sep/2023:10:42:45 +0800] "POST /xingrg/all/common/load_combo.html?type=base HTTP/1.1" 200 3227
101.83.241.137 - - [05/Sep/2023:10:42:47 +0800] "POST /xingrg/kc/buy/cgsh_order_operate.html HTTP/1.1" 200 12
124.78.155.92 - - [05/Sep/2023:10:42:49 +0800] "POST /xingrg/all/common/load_combo.html?type=base HTTP/1.1" 200 3227
101.83.241.137 - - [05/Sep/2023:10:42:50 +0800] "GET /xingrg/kc/buy/cgsh_order_info.html?code=212023090501583 HTTP/1.1" 200 66383
101.83.241.137 - - [05/Sep/2023:10:42:51 +0800] "GET /xingrg/javascript/easyui/themes/default/validatebox.css HTTP/1.1" 404 1104
124.79.246.190 - - [05/Sep/2023:10:42:51 +0800] "GET /xingrg/all/function/internal_message.html?_=1693882066711&CODE_STATE=getMsg HTTP/1.1" 200 27
101.83.241.137 - - [05/Sep/2023:10:42:51 +0800] "POST /xingrg/kc/buy/cgsh_order_operate.html HTTP/1.1" 200 14174
101.83.241.137 - - [05/Sep/2023:10:42:53 +0800] "GET /xingrg/kc/print/load_config.html?kc_code=cgsh HTTP/1.1" 200 1924
101.83.241.137 - - [05/Sep/2023:10:42:53 +0800] "GET /xingrg/kc/print/load_data.html?order_code=212023090501583&kc_code=cgsh&condition= HTTP/1.1" 200 5802
222.70.180.200 - - [05/Sep/2023:10:42:56 +0800] "GET /xingrg/all/function/internal_message.html?_=1693881774874&CODE_STATE=getMsg HTTP/1.1" 200 27
124.79.246.190 - - [05/Sep/2023:10:42:57 +0800] "POST /xingrg/services/DataTransmitService HTTP/1.1" 401 565
124.79.246.190 - - [05/Sep/2023:10:42:57 +0800] "POST /xingrg/services/DataTransmitService HTTP/1.1" 200 478
124.79.246.190 - - [05/Sep/2023:10:42:57 +0800] "POST /xingrg/services/DataTransmitService HTTP/1.1" 200 1319
124.79.246.190 - - [05/Sep/2023:10:42:57 +0800] "POST /xingrg/services/DataTransmitService HTTP/1.1" 200 478
124.79.246.190 - - [05/Sep/2023:10:42:57 +0800] "POST /xingrg/services/DataTransmitService HTTP/1.1" 200 1319
124.79.246.190 - - [05/Sep/2023:10:42:57 +0800] "POST /xingrg/services/DataTransmitService HTTP/1.1" 200 524
124.79.246.190 - - [05/Sep/2023:10:42:57 +0800] "POST /xingrg/services/DataTransmitService HTTP/1.1" 200 2315
124.79.246.190 - - [05/Sep/2023:10:42:58 +0800] "POST /xingrg/services/DataTransmitService HTTP/1.1" 200 45454
124.79.246.190 - - [05/Sep/2023:10:42:58 +0800] "POST /xingrg/services/DataTransmitService HTTP/1.1" 200 19237
124.78.155.92 - - [05/Sep/2023:10:42:58 +0800] "GET /xingrg/javascript/auto/indicator.gif HTTP/1.1" 404 1066
222.70.107.27 - - [05/Sep/2023:10:43:00 +0800] "GET /xingrg/all/function/internal_message.html?_=1693881784747&CODE_STATE=getMsg HTTP/1.1" 200 27
180.169.147.146 - - [05/Sep/2023:10:43:00 +0800] "GET /xingrg/all/function/internal_message.html?_=1693881778707&CODE_STATE=getMsg HTTP/1.1" 200 27
101.83.241.137 - - [05/Sep/2023:10:43:01 +0800] "GET /xingrg/login.html HTTP/1.1" 200 7641
101.83.241.137 - - [05/Sep/2023:10:43:02 +0800] "GET /favicon.ico HTTP/1.1" 404 -
180.152.241.196 - - [05/Sep/2023:10:43:02 +0800] "GET /xingrg/all/function/internal_message.html?_=1693881784291&CODE_STATE=getMsg HTTP/1.1" 200 27
124.78.155.92 - - [05/Sep/2023:10:43:03 +0800] "GET /xingrg/kc/base/wldb_order_operate.html?command=get_materiel&rest_code=00106&base_code=0010397&code=00102002118 HTTP/1.1" 200 466
101.83.241.137 - - [05/Sep/2023:10:43:05 +0800] "POST /xingrg/login.do HTTP/1.1" 302 -
101.83.241.137 - - [05/Sep/2023:10:43:05 +0800] "GET /xingrg/index.html?sysBaseUrl=http%3A%2F%2F180.169.147.146%3A18081%2Fxingrg%2F&costTime=1037×tamp=1693881785153 HTTP/1.1" 200 17179
101.83.241.137 - - [05/Sep/2023:10:43:05 +0800] "GET /favicon.ico HTTP/1.1" 404 -
101.83.241.137 - - [05/Sep/2023:10:43:05 +0800] "GET /xingrg/check_reg.html?_=1693881928674 HTTP/1.1" 200 22
101.83.241.137 - - [05/Sep/2023:10:43:05 +0800] "GET /xingrg/all/function/internal_message.html?_=1693881928672&CODE_STATE=count HTTP/1.1" 200 11
101.83.241.137 - - [05/Sep/2023:10:43:05 +0800] "POST /xingrg/all/common/load_tree.html?tree=area_rest_tree_json&manage=1 HTTP/1.1" 200 351
101.83.241.137 - - [05/Sep/2023:10:43:05 +0800] "POST /xingrg/load_menu.html HTTP/1.1" 200 5138
124.78.155.92 - - [05/Sep/2023:10:43:10 +0800] "POST /xingrg/kc/base/wldb_order_operate.html HTTP/1.1" 200 37
124.78.155.92 - - [05/Sep/2023:10:43:10 +0800] "POST /xingrg/kc/base/wldb_order_operate.html HTTP/1.1" 200 2210
101.83.145.37 - - [05/Sep/2023:10:43:12 +0800] "GET /xingrg/check_reg.html?_=1693881794139 HTTP/1.1" 200 22
101.83.145.37 - - [05/Sep/2023:10:43:12 +0800] "GET /xingrg/all/function/internal_message.html?_=1693881794137&CODE_STATE=getMsg HTTP/1.1" 200 27
124.78.155.92 - - [05/Sep/2023:10:43:14 +0800] "GET /xingrg/all/function/internal_message.html?_=1693881796428&CODE_STATE=getMsg HTTP/1.1" 200 27
124.78.155.92 - - [05/Sep/2023:10:43:15 +0800] "GET /xingrg/kc/base/wldb_order_info.html?code=422023090500410 HTTP/1.1" 200 30470
124.78.155.92 - - [05/Sep/2023:10:43:15 +0800] "GET /xingrg/javascript/easyui/themes/default/validatebox.css HTTP/1.1" 404 1104
124.78.155.92 - - [05/Sep/2023:10:43:16 +0800] "POST /xingrg/kc/base/wldb_order_operate.html HTTP/1.1" 200 2210
180.165.48.189 - - [05/Sep/2023:10:43:16 +0800] "GET /xingrg/all/function/internal_message.html?_=1693881795205&CODE_STATE=getMsg HTTP/1.1" 200 27
180.169.147.146 - - [05/Sep/2023:10:43:18 +0800] "GET /xingrg/all/function/internal_message.html?_=1693881796340&CODE_STATE=getMsg HTTP/1.1" 200 27
180.169.147.146 - - [05/Sep/2023:10:43:18 +0800] "GET /xingrg/check_reg.html?_=1693881796342 HTTP/1.1" 200 22
124.78.155.92 - - [05/Sep/2023:10:43:18 +0800] "GET /xingrg/kc/base/wldb_order_add.html HTTP/1.1" 200 30457
124.78.155.92 - - [05/Sep/2023:10:43:18 +0800] "POST /xingrg/kc/base/wldb_order_operate.html HTTP/1.1" 200 6806
124.78.155.92 - - [05/Sep/2023:10:43:19 +0800] "GET /xingrg/javascript/easyui/themes/default/validatebox.css HTTP/1.1" 404 1104
124.78.155.92 - - [05/Sep/2023:10:43:20 +0800] "POST /xingrg/all/common/load_combo.html?type=base HTTP/1.1" 200 3227
222.67.237.86 - - [05/Sep/2023:10:43:25 +0800] "GET /xingrg/all/function/internal_message.html?_=1693881244682&CODE_STATE=getMsg HTTP/1.1" 200 27
116.232.195.127 - - [05/Sep/2023:10:43:26 +0800] "GET /xingrg/all/function/internal_message.html?_=1693881699440&CODE_STATE=getMsg HTTP/1.1" 200 27
124.78.155.92 - - [05/Sep/2023:10:43:27 +0800] "POST /xingrg/all/common/load_combo.html?type=base HTTP/1.1" 200 3227
222.70.241.101 - - [05/Sep/2023:10:43:32 +0800] "GET /xingrg/all/function/internal_message.html?_=1693881817997&CODE_STATE=getMsg HTTP/1.1" 200 27
101.83.145.37 - - [05/Sep/2023:10:43:34 +0800] "GET /xingrg/all/function/internal_message.html?_=1693881607135&CODE_STATE=getMsg HTTP/1.1" 200 27
114.95.241.104 - - [05/Sep/2023:10:43:35 +0800] "GET /xingrg/all/function/internal_message.html?_=1693881707570&CODE_STATE=getMsg HTTP/1.1" 200 27
124.79.246.190 - - [05/Sep/2023:10:43:36 +0800] "POST /xingrg/services/DataTransmitService HTTP/1.1" 200 524
180.169.147.146 - - [05/Sep/2023:10:43:36 +0800] "GET /xingrg/all/function/internal_message.html?_=1693881816824&CODE_STATE=getMsg HTTP/1.1" 200 27
180.163.29.219 - - [05/Sep/2023:10:43:37 +0800] "GET /xingrg/check_reg.html?_=1693881756831 HTTP/1.1" 302 -
180.163.29.219 - - [05/Sep/2023:10:43:37 +0800] "GET /xingrg/login.html HTTP/1.1" 200 7641
124.79.246.190 - - [05/Sep/2023:10:43:37 +0800] "POST /xingrg/services/DataTransmitService HTTP/1.1" 200 501
222.70.241.101 - - [05/Sep/2023:10:43:40 +0800] "GET /xingrg/check_reg.html?_=1693881825866 HTTP/1.1" 200 22
101.83.145.37 - - [05/Sep/2023:10:43:41 +0800] "POST /xingrg/services/DataTransmitService HTTP/1.1" 200 524
180.174.205.229 - - [05/Sep/2023:10:43:42 +0800] "GET /xingrg/all/function/internal_message.html?_=1693881820776&CODE_STATE=getMsg HTTP/1.1" 200 27
58.40.7.146 - - [05/Sep/2023:10:43:48 +0800] "GET /xingrg/all/function/internal_message.html?_=1693881825903&CODE_STATE=getMsg HTTP/1.1" 200 27
124.79.246.190 - - [05/Sep/2023:10:43:51 +0800] "GET /xingrg/all/function/internal_message.html?_=1693882126711&CODE_STATE=getMsg HTTP/1.1" 200 27
101.83.241.137 - - [05/Sep/2023:10:43:53 +0800] "GET /xingrg/kc/buy/cgsh_order_list.html HTTP/1.1" 200 56492
222.70.180.200 - - [05/Sep/2023:10:43:56 +0800] "GET /xingrg/all/function/internal_message.html?_=1693881834871&CODE_STATE=getMsg HTTP/1.1" 200 27
101.83.241.137 - - [05/Sep/2023:10:43:56 +0800] "POST /xingrg/kc/buy/cgsh_list_operate.html HTTP/1.1" 200 986
101.83.241.137 - - [05/Sep/2023:10:43:59 +0800] "GET /xingrg/kc/buy/cgsh_order_add.html HTTP/1.1" 200 71472
101.83.241.137 - - [05/Sep/2023:10:43:59 +0800] "POST /xingrg/kc/buy/cgsh_order_operate.html HTTP/1.1" 200 8245
101.83.241.137 - - [05/Sep/2023:10:43:59 +0800] "GET /xingrg/javascript/easyui/themes/default/validatebox.css HTTP/1.1" 404 1104
101.83.241.137 - - [05/Sep/2023:10:43:59 +0800] "GET /xingrg/all/common/auto_word.html?type=employee&rest_code=00154 HTTP/1.1" 200 101
101.83.241.137 - - [05/Sep/2023:10:43:59 +0800] "GET /xingrg/all/common/auto_word.html?type=employee&rest_code=00154 HTTP/1.1" 200 101
222.70.107.27 - - [05/Sep/2023:10:44:00 +0800] "GET /xingrg/all/function/internal_message.html?_=1693881844745&CODE_STATE=getMsg HTTP/1.1" 200 27
180.169.147.146 - - [05/Sep/2023:10:44:00 +0800] "GET /xingrg/all/function/internal_message.html?_=1693881838693&CODE_STATE=getMsg HTTP/1.1" 200 27
101.83.241.137 - - [05/Sep/2023:10:44:01 +0800] "GET /xingrg/javascript/auto/indicator.gif HTTP/1.1" 404 1066
180.152.241.196 - - [05/Sep/2023:10:44:02 +0800] "GET /xingrg/all/function/internal_message.html?_=1693881844275&CODE_STATE=getMsg HTTP/1.1" 200 27
101.83.241.137 - - [05/Sep/2023:10:44:05 +0800] "GET /xingrg/all/function/internal_message.html?_=1693881988685&CODE_STATE=getMsg HTTP/1.1" 200 27
124.78.155.92 - - [05/Sep/2023:10:44:08 +0800] "POST /xingrg/kc/base/wldb_order_operate.html HTTP/1.1" 200 37
124.78.155.92 - - [05/Sep/2023:10:44:09 +0800] "POST /xingrg/kc/base/wldb_order_operate.html HTTP/1.1" 200 2716
124.78.155.92 - - [05/Sep/2023:10:44:11 +0800] "GET /xingrg/kc/base/wldb_order_info.html?code=422023090500411 HTTP/1.1" 200 30472
124.78.155.92 - - [05/Sep/2023:10:44:11 +0800] "GET /xingrg/javascript/easyui/themes/default/validatebox.css HTTP/1.1" 404 1104
124.78.155.92 - - [05/Sep/2023:10:44:11 +0800] "GET /xingrg/check_reg.html?_=1693881853143 HTTP/1.1" 200 22
124.78.155.92 - - [05/Sep/2023:10:44:12 +0800] "POST /xingrg/kc/base/wldb_order_operate.html HTTP/1.1" 200 2716
101.83.145.37 - - [05/Sep/2023:10:44:12 +0800] "GET /xingrg/all/function/internal_message.html?_=1693881854138&CODE_STATE=getMsg HTTP/1.1" 200 27
101.83.241.137 - - [05/Sep/2023:10:44:13 +0800] "GET /xingrg/kc/buy/cgsh_order_operate.html?command=get_materiel&rest_code=00154&code=00101008354&supplier_code=00100417&order_time=2023-09-05 HTTP/1.1" 200 412
124.78.155.92 - - [05/Sep/2023:10:44:14 +0800] "GET /xingrg/all/function/internal_message.html?_=1693881856410&CODE_STATE=getMsg HTTP/1.1" 200 27
180.165.48.189 - - [05/Sep/2023:10:44:16 +0800] "GET /xingrg/all/function/internal_message.html?_=1693881855189&CODE_STATE=getMsg HTTP/1.1" 200 27
180.169.147.146 - - [05/Sep/2023:10:44:18 +0800] "GET /xingrg/all/function/internal_message.html?_=1693881856366&CODE_STATE=getMsg HTTP/1.1" 200 27
222.67.237.86 - - [05/Sep/2023:10:44:25 +0800] "GET /xingrg/all/function/internal_message.html?_=1693881304696&CODE_STATE=getMsg HTTP/1.1" 200 27
116.232.195.127 - - [05/Sep/2023:10:44:26 +0800] "GET /xingrg/all/function/internal_message.html?_=1693881759428&CODE_STATE=getMsg HTTP/1.1" 200 27
101.83.145.37 - - [05/Sep/2023:10:44:27 +0800] "POST /xingrg/services/DataTransmitService HTTP/1.1" 200 501
101.83.241.137 - - [05/Sep/2023:10:44:28 +0800] "GET /xingrg/kc/buy/cgsh_order_operate.html?command=get_materiel&rest_code=00154&code=00101012070&supplier_code=00100417&order_time=2023-09-05 HTTP/1.1" 200 412
180.152.241.196 - - [05/Sep/2023:10:44:31 +0800] "GET /xingrg/kc/base/wldb_order_list.html HTTP/1.1" 200 19174
180.152.241.196 - - [05/Sep/2023:10:44:32 +0800] "POST /xingrg/kc/base/wldb_list_operate.html HTTP/1.1" 200 928
222.70.241.101 - - [05/Sep/2023:10:44:32 +0800] "GET /xingrg/all/function/internal_message.html?_=1693881878000&CODE_STATE=getMsg HTTP/1.1" 200 27
180.152.241.196 - - [05/Sep/2023:10:44:33 +0800] "GET /xingrg/kc/base/wldb_order_add.html HTTP/1.1" 200 30453
180.152.241.196 - - [05/Sep/2023:10:44:33 +0800] "POST /xingrg/kc/base/wldb_order_operate.html HTTP/1.1" 200 6806
180.152.241.196 - - [05/Sep/2023:10:44:33 +0800] "GET /xingrg/all/common/auto_word.html?type=base&rest_code=00102 HTTP/1.1" 200 1857
180.152.241.196 - - [05/Sep/2023:10:44:33 +0800] "GET /xingrg/javascript/easyui/themes/default/validatebox.css HTTP/1.1" 404 1104
180.152.241.196 - - [05/Sep/2023:10:44:33 +0800] "GET /xingrg/all/common/auto_word.html?type=base&rest_code=00102 HTTP/1.1" 200 1857
101.83.145.37 - - [05/Sep/2023:10:44:34 +0800] "GET /xingrg/all/function/internal_message.html?_=1693881667135&CODE_STATE=getMsg HTTP/1.1" 200 27
180.152.241.196 - - [05/Sep/2023:10:44:34 +0800] "POST /xingrg/all/common/load_combo.html?type=base HTTP/1.1" 200 3321
222.70.180.200 - - [05/Sep/2023:10:44:35 +0800] "GET /xingrg/kc/buy/cgsh_order_operate.html?command=get_materiel&rest_code=00111&code=00101008295&supplier_code=00100005&order_time=2023-09-05 HTTP/1.1" 200 412
114.95.241.104 - - [05/Sep/2023:10:44:35 +0800] "GET /xingrg/all/function/internal_message.html?_=1693881767583&CODE_STATE=getMsg HTTP/1.1" 200 27
180.152.241.196 - - [05/Sep/2023:10:44:36 +0800] "POST /xingrg/all/common/load_combo.html?type=base HTTP/1.1" 200 3321
180.169.147.146 - - [05/Sep/2023:10:44:36 +0800] "GET /xingrg/all/function/internal_message.html?_=1693881876821&CODE_STATE=getMsg HTTP/1.1" 200 27
180.163.28.180 - - [05/Sep/2023:10:44:37 +0800] "GET /xingrg/all/function/internal_message.html?_=1693881816824&CODE_STATE=getMsg HTTP/1.1" 302 -
180.163.28.180 - - [05/Sep/2023:10:44:37 +0800] "GET /xingrg/login.html HTTP/1.1" 200 7641
101.83.241.137 - - [05/Sep/2023:10:44:38 +0800] "GET /xingrg/kc/buy/cgsh_order_operate.html?command=get_materiel&rest_code=00154&code=00101008351&supplier_code=00100417&order_time=2023-09-05 HTTP/1.1" 200 408
180.152.241.196 - - [05/Sep/2023:10:44:39 +0800] "GET /xingrg/javascript/auto/indicator.gif HTTP/1.1" 404 1066
180.152.241.196 - - [05/Sep/2023:10:44:41 +0800] "GET /xingrg/kc/base/wldb_order_operate.html?command=get_materiel&rest_code=00102&base_code=0010476&code=00101019015 HTTP/1.1" 200 451
180.174.205.229 - - [05/Sep/2023:10:44:42 +0800] "GET /xingrg/all/function/internal_message.html?_=1693881880775&CODE_STATE=getMsg HTTP/1.1" 200 27
58.40.7.146 - - [05/Sep/2023:10:44:47 +0800] "GET /xingrg/all/function/internal_message.html?_=1693881886854&CODE_STATE=getMsg HTTP/1.1" 200 27
101.83.241.137 - - [05/Sep/2023:10:44:49 +0800] "GET /xingrg/kc/buy/cgsh_order_operate.html?command=get_materiel&rest_code=00154&code=00101008268&supplier_code=00100417&order_time=2023-09-05 HTTP/1.1" 200 408
180.152.241.196 - - [05/Sep/2023:10:44:50 +0800] "POST /xingrg/kc/base/wldb_order_operate.html HTTP/1.1" 200 37
124.79.246.190 - - [05/Sep/2023:10:44:50 +0800] "POST /xingrg/services/DataTransmitService HTTP/1.1" 200 524
124.79.246.190 - - [05/Sep/2023:10:44:51 +0800] "GET /xingrg/all/function/internal_message.html?_=1693882186708&CODE_STATE=getMsg HTTP/1.1" 200 27
124.79.246.190 - - [05/Sep/2023:10:44:55 +0800] "POST /xingrg/services/DataTransmitService HTTP/1.1" 200 501
222.70.180.200 - - [05/Sep/2023:10:44:56 +0800] "GET /xingrg/all/function/internal_message.html?_=1693881894832&CODE_STATE=getMsg HTTP/1.1" 200 27
124.79.246.190 - - [05/Sep/2023:10:44:56 +0800] "POST /xingrg/services/DataTransmitService HTTP/1.1" 200 501
180.152.241.196 - - [05/Sep/2023:10:44:57 +0800] "POST /xingrg/kc/base/wldb_order_operate.html HTTP/1.1" 200 12
180.152.241.196 - - [05/Sep/2023:10:44:57 +0800] "POST /xingrg/kc/base/wldb_order_operate.html HTTP/1.1" 200 2191
222.70.180.200 - - [05/Sep/2023:10:44:57 +0800] "GET /xingrg/check_reg.html?_=1693881896243 HTTP/1.1" 200 22
180.152.241.196 - - [05/Sep/2023:10:44:58 +0800] "GET /xingrg/kc/base/wldb_order_info.html?code=422023090500412 HTTP/1.1" 200 26328
180.152.241.196 - - [05/Sep/2023:10:44:58 +0800] "GET /xingrg/javascript/easyui/themes/default/validatebox.css HTTP/1.1" 404 1104
180.152.241.196 - - [05/Sep/2023:10:44:59 +0800] "POST /xingrg/kc/base/wldb_order_operate.html HTTP/1.1" 200 484
222.70.107.27 - - [05/Sep/2023:10:45:00 +0800] "GET /xingrg/check_reg.html?_=1693881904743 HTTP/1.1" 200 22
222.70.107.27 - - [05/Sep/2023:10:45:00 +0800] "GET /xingrg/all/function/internal_message.html?_=1693881904744&CODE_STATE=getMsg HTTP/1.1" 200 27
180.169.147.146 - - [05/Sep/2023:10:45:00 +0800] "GET /xingrg/all/function/internal_message.html?_=1693881898677&CODE_STATE=getMsg HTTP/1.1" 200 27
180.152.241.196 - - [05/Sep/2023:10:45:00 +0800] "GET /xingrg/kc/base/wldb_order_add.html HTTP/1.1" 200 30453
180.152.241.196 - - [05/Sep/2023:10:45:00 +0800] "POST /xingrg/kc/base/wldb_order_operate.html HTTP/1.1" 200 6806
180.152.241.196 - - [05/Sep/2023:10:45:00 +0800] "GET /xingrg/javascript/easyui/themes/default/validatebox.css HTTP/1.1" 404 1104
180.152.241.196 - - [05/Sep/2023:10:45:01 +0800] "POST /xingrg/all/common/load_combo.html?type=base HTTP/1.1" 200 3321
180.152.241.196 - - [05/Sep/2023:10:45:02 +0800] "GET /xingrg/all/function/internal_message.html?_=1693881904252&CODE_STATE=getMsg HTTP/1.1" 200 27
124.79.246.190 - - [05/Sep/2023:10:45:02 +0800] "POST /xingrg/services/DataTransmitService HTTP/1.1" 200 501
180.152.241.196 - - [05/Sep/2023:10:45:03 +0800] "POST /xingrg/all/common/load_combo.html?type=base HTTP/1.1" 200 3321
101.83.241.137 - - [05/Sep/2023:10:45:05 +0800] "GET /xingrg/all/function/internal_message.html?_=1693882048686&CODE_STATE=getMsg HTTP/1.1" 200 27
124.79.246.190 - - [05/Sep/2023:10:45:08 +0800] "POST /xingrg/services/DataTransmitService HTTP/1.1" 200 501
124.79.246.190 - - [05/Sep/2023:10:45:09 +0800] "POST /xingrg/services/DataTransmitService HTTP/1.1" 200 501
124.79.246.190 - - [05/Sep/2023:10:45:09 +0800] "POST /xingrg/services/DataTransmitService HTTP/1.1" 200 501
101.83.241.137 - - [05/Sep/2023:10:45:10 +0800] "GET /xingrg/kc/buy/cgsh_order_operate.html?command=get_materiel&rest_code=00154&code=00101008264&supplier_code=00100417&order_time=2023-09-05 HTTP/1.1" 200 412
124.79.246.190 - - [05/Sep/2023:10:45:11 +0800] "POST /xingrg/services/DataTransmitService HTTP/1.1" 200 501
124.79.246.190 - - [05/Sep/2023:10:45:12 +0800] "POST /xingrg/services/DataTransmitService HTTP/1.1" 200 501
101.83.145.37 - - [05/Sep/2023:10:45:12 +0800] "GET /xingrg/all/function/internal_message.html?_=1693881914138&CODE_STATE=getMsg HTTP/1.1" 200 27
124.79.246.190 - - [05/Sep/2023:10:45:12 +0800] "POST /xingrg/services/DataTransmitService HTTP/1.1" 200 501
180.152.241.196 - - [05/Sep/2023:10:45:13 +0800] "GET /xingrg/kc/base/wldb_order_operate.html?command=get_materiel&rest_code=00102&base_code=0010476&code=00101019079 HTTP/1.1" 200 479
124.79.246.190 - - [05/Sep/2023:10:45:14 +0800] "POST /xingrg/services/DataTransmitService HTTP/1.1" 200 412
222.70.180.200 - - [05/Sep/2023:10:45:14 +0800] "GET /xingrg/kc/buy/cgsh_order_operate.html?command=get_materiel&rest_code=00111&code=00101008213&supplier_code=00100005&order_time=2023-09-05 HTTP/1.1" 200 412
124.78.155.92 - - [05/Sep/2023:10:45:14 +0800] "GET /xingrg/all/function/internal_message.html?_=1693881916396&CODE_STATE=getMsg HTTP/1.1" 200 27
180.165.48.189 - - [05/Sep/2023:10:45:16 +0800] "GET /xingrg/all/function/internal_message.html?_=1693881915161&CODE_STATE=getMsg HTTP/1.1" 200 27
180.169.147.146 - - [05/Sep/2023:10:45:18 +0800] "GET /xingrg/all/function/internal_message.html?_=1693881916364&CODE_STATE=getMsg HTTP/1.1" 200 27
222.70.241.101 - - [05/Sep/2023:10:45:19 +0800] "GET /xingrg/kc/buy/cgsh_order_add.html HTTP/1.1" 200 72268
222.70.241.101 - - [05/Sep/2023:10:45:20 +0800] "POST /xingrg/kc/buy/cgsh_order_operate.html HTTP/1.1" 200 8245
222.70.241.101 - - [05/Sep/2023:10:45:20 +0800] "GET /xingrg/javascript/easyui/themes/default/validatebox.css HTTP/1.1" 404 1104
180.152.241.196 - - [05/Sep/2023:10:45:23 +0800] "GET /xingrg/kc/base/wldb_order_operate.html?command=get_materiel&rest_code=00102&base_code=0010476&code=00101019315 HTTP/1.1" 200 475
222.70.180.200 - - [05/Sep/2023:10:45:24 +0800] "POST /xingrg/kc/buy/cgsh_order_operate.html HTTP/1.1" 200 2065
222.67.237.86 - - [05/Sep/2023:10:45:25 +0800] "GET /xingrg/all/function/internal_message.html?_=1693881364694&CODE_STATE=getMsg HTTP/1.1" 200 27
116.232.195.127 - - [05/Sep/2023:10:45:26 +0800] "GET /xingrg/all/function/internal_message.html?_=1693881819407&CODE_STATE=getMsg HTTP/1.1" 200 27
180.152.241.196 - - [05/Sep/2023:10:45:29 +0800] "GET /xingrg/kc/base/wldb_order_operate.html?command=get_materiel&rest_code=00102&base_code=0010476&code=00101019195 HTTP/1.1" 200 472
222.70.241.101 - - [05/Sep/2023:10:45:32 +0800] "GET /xingrg/all/function/internal_message.html?_=1693881938012&CODE_STATE=getMsg HTTP/1.1" 200 27
101.83.145.37 - - [05/Sep/2023:10:45:34 +0800] "GET /xingrg/check_reg.html?_=1693881727135 HTTP/1.1" 200 22
101.83.145.37 - - [05/Sep/2023:10:45:34 +0800] "GET /xingrg/all/function/internal_message.html?_=1693881727138&CODE_STATE=getMsg HTTP/1.1" 200 27
180.152.241.196 - - [05/Sep/2023:10:45:34 +0800] "GET /xingrg/kc/base/wldb_order_operate.html?command=get_materiel&rest_code=00102&base_code=0010476&code=00101019391 HTTP/1.1" 200 485
101.83.241.137 - - [05/Sep/2023:10:45:35 +0800] "GET /xingrg/kc/buy/cgsh_order_operate.html?command=get_materiel&rest_code=00154&code=00101008298&supplier_code=00100417&order_time=2023-09-05 HTTP/1.1" 200 412
222.70.241.101 - - [05/Sep/2023:10:45:35 +0800] "GET /xingrg/kc/buy/cgsh_order_operate.html?command=get_materiel&rest_code=00146&code=00101012025&supplier_code=00100033&order_time=2023-09-05 HTTP/1.1" 200 412
114.95.241.104 - - [05/Sep/2023:10:45:35 +0800] "GET /xingrg/all/function/internal_message.html?_=1693881827631&CODE_STATE=getMsg HTTP/1.1" 200 27
180.169.147.146 - - [05/Sep/2023:10:45:36 +0800] "GET /xingrg/all/function/internal_message.html?_=1693881936826&CODE_STATE=getMsg HTTP/1.1" 200 27
180.163.28.143 - - [05/Sep/2023:10:45:37 +0800] "GET /xingrg/all/function/internal_message.html?_=1693881876821&CODE_STATE=getMsg HTTP/1.1" 302 -
180.163.28.143 - - [05/Sep/2023:10:45:37 +0800] "GET /xingrg/login.html HTTP/1.1" 200 7641
124.78.155.92 - - [05/Sep/2023:10:45:41 +0800] "GET /xingrg/kc/base/base_main.html HTTP/1.1" 200 12142
222.70.180.200 - - [05/Sep/2023:10:45:42 +0800] "GET /xingrg/kc/buy/cgsh_order_operate.html?command=get_materiel&rest_code=00111&code=00101008005&supplier_code=00100005&order_time=2023-09-05 HTTP/1.1" 200 412
180.174.205.229 - - [05/Sep/2023:10:45:42 +0800] "GET /xingrg/all/function/internal_message.html?_=1693881940775&CODE_STATE=getMsg HTTP/1.1" 200 27
180.174.205.229 - - [05/Sep/2023:10:45:42 +0800] "GET /xingrg/check_reg.html?_=1693881940782 HTTP/1.1" 200 22
124.78.155.92 - - [05/Sep/2023:10:45:43 +0800] "GET /xingrg/kc/base/wldb_order_list.html HTTP/1.1" 200 19174
180.152.241.196 - - [05/Sep/2023:10:45:44 +0800] "GET /xingrg/kc/base/wldb_order_operate.html?command=get_materiel&rest_code=00102&base_code=0010476&code=00101016029 HTTP/1.1" 200 460
124.78.155.92 - - [05/Sep/2023:10:45:44 +0800] "POST /xingrg/kc/base/wldb_list_operate.html HTTP/1.1" 200 3343
58.40.7.146 - - [05/Sep/2023:10:45:46 +0800] "GET /xingrg/all/function/internal_message.html?_=1693881946840&CODE_STATE=getMsg HTTP/1.1" 200 27
101.83.241.137 - - [05/Sep/2023:10:45:48 +0800] "GET /xingrg/kc/buy/cgsh_order_operate.html?command=get_materiel&rest_code=00154&code=00101008270&supplier_code=00100417&order_time=2023-09-05 HTTP/1.1" 200 412
180.152.241.196 - - [05/Sep/2023:10:45:51 +0800] "GET /xingrg/kc/base/wldb_order_operate.html?command=get_materiel&rest_code=00102&base_code=0010476&code=00101016046 HTTP/1.1" 200 458
124.79.246.190 - - [05/Sep/2023:10:45:51 +0800] "GET /xingrg/all/function/internal_message.html?_=1693882246708&CODE_STATE=getMsg HTTP/1.1" 200 27
222.70.241.101 - - [05/Sep/2023:10:45:53 +0800] "GET /xingrg/kc/buy/cgsh_order_operate.html?command=get_materiel&rest_code=00146&code=00101016030&supplier_code=00100033&order_time=2023-09-05 HTTP/1.1" 200 412
180.169.147.146 - - [05/Sep/2023:10:45:55 +0800] "GET /xingrg/check_reg.html?_=1693881954263 HTTP/1.1" 200 22
