180.152.241.196 - - [02/Sep/2023:10:17:42 +0800] "GET /xingrg/javascript/jquery_easy_ui/themes/default/easyui.css HTTP/1.1" 304 -
180.152.241.196 - - [02/Sep/2023:10:17:42 +0800] "GET /xingrg/javascript/jquery_easy_ui/themes/icon.css HTTP/1.1" 304 -
180.152.241.196 - - [02/Sep/2023:10:17:42 +0800] "GET /xingrg/css/form.css HTTP/1.1" 304 -
180.152.241.196 - - [02/Sep/2023:10:17:42 +0800] "GET /xingrg/javascript/jquery-1.4.2.min.js HTTP/1.1" 304 -
180.152.241.196 - - [02/Sep/2023:10:17:42 +0800] "GET /xingrg/javascript/jquery_easy_ui/jquery.easyui.min.js HTTP/1.1" 304 -
180.152.241.196 - - [02/Sep/2023:10:17:42 +0800] "GET /xingrg/javascript/jquery_easy_ui/easyui-lang-zh_CN.js HTTP/1.1" 304 -
180.152.241.196 - - [02/Sep/2023:10:17:42 +0800] "GET /xingrg/javascript/jquery.form.js HTTP/1.1" 304 -
180.152.241.196 - - [02/Sep/2023:10:17:42 +0800] "GET /xingrg/javascript/jquery.utils.js HTTP/1.1" 304 -
180.152.241.196 - - [02/Sep/2023:10:17:42 +0800] "GET /xingrg/javascript/jquery.timers.js HTTP/1.1" 304 -
180.152.241.196 - - [02/Sep/2023:10:17:42 +0800] "GET /xingrg/images/blue/jxLogo.png HTTP/1.1" 304 -
180.152.241.196 - - [02/Sep/2023:10:17:42 +0800] "GET /xingrg/images/blue/navBackgound.jpg HTTP/1.1" 304 -
180.152.241.196 - - [02/Sep/2023:10:17:42 +0800] "GET /xingrg/javascript/jquery_easy_ui/themes/icons/settle_new.png HTTP/1.1" 304 -
180.152.241.196 - - [02/Sep/2023:10:17:42 +0800] "GET /xingrg/all/function/internal_message.html?_=1693621067986&CODE_STATE=count HTTP/1.1" 200 11
180.152.241.196 - - [02/Sep/2023:10:17:42 +0800] "GET /xingrg/check_reg.html?_=1693621067987 HTTP/1.1" 200 22
180.152.241.196 - - [02/Sep/2023:10:17:42 +0800] "GET /xingrg/images/blue/pingpu.png HTTP/1.1" 304 -
180.152.241.196 - - [02/Sep/2023:10:17:42 +0800] "GET /xingrg/javascript/jquery_easy_ui/themes/default/images/panel_tool_collapse.gif HTTP/1.1" 304 -
180.152.241.196 - - [02/Sep/2023:10:17:42 +0800] "GET /xingrg/javascript/jquery_easy_ui/themes/default/images/tabs_leftarrow.png HTTP/1.1" 304 -
180.152.241.196 - - [02/Sep/2023:10:17:42 +0800] "GET /xingrg/javascript/jquery_easy_ui/themes/default/images/panel_tool_expand.gif HTTP/1.1" 304 -
180.152.241.196 - - [02/Sep/2023:10:17:42 +0800] "GET /xingrg/javascript/jquery_easy_ui/themes/default/images/tabs_rightarrow.png HTTP/1.1" 304 -
180.152.241.196 - - [02/Sep/2023:10:17:42 +0800] "POST /xingrg/all/common/load_tree.html?tree=area_rest_tree_json&manage=1 HTTP/1.1" 200 3499
180.152.241.196 - - [02/Sep/2023:10:17:42 +0800] "POST /xingrg/load_menu.html HTTP/1.1" 200 9959
124.78.155.92 - - [02/Sep/2023:10:17:43 +0800] "POST /xingrg/dwr/call/plaincall/AjaxReportQueryService.getFixDate.dwr HTTP/1.1" 200 111
180.152.241.196 - - [02/Sep/2023:10:17:43 +0800] "POST /xingrg/load_menu.html HTTP/1.1" 200 9695
101.83.241.234 - - [02/Sep/2023:10:17:43 +0800] "GET /xingrg/check_reg.html?_=1693621062082 HTTP/1.1" 200 22
180.152.241.196 - - [02/Sep/2023:10:17:44 +0800] "GET /xingrg/all/report/report_query.html?fileName=dma/new_5.0/menu/menu_category_hz.xml HTTP/1.1" 200 53064
180.152.241.196 - - [02/Sep/2023:10:17:44 +0800] "GET /xingrg/dwr/interface/AjaxReportQueryService.js HTTP/1.1" 200 13203
180.152.241.196 - - [02/Sep/2023:10:17:44 +0800] "GET /xingrg/dwr/engine.js HTTP/1.1" 200 43631
180.152.241.196 - - [02/Sep/2023:10:17:44 +0800] "GET /xingrg/dwr/util.js HTTP/1.1" 304 -
180.169.147.146 - - [02/Sep/2023:10:17:45 +0800] "GET /xingrg/all/function/internal_message.html?_=1693621065642&CODE_STATE=getMsg HTTP/1.1" 200 27
180.152.241.196 - - [02/Sep/2023:10:17:45 +0800] "POST /xingrg/dwr/call/plaincall/AjaxReportQueryService.getFixDate.dwr HTTP/1.1" 200 111
180.152.241.196 - - [02/Sep/2023:10:17:45 +0800] "POST /xingrg/all/common/load_tree.html?tree=area_station_tree_json&manage=1 HTTP/1.1" 200 3393
101.83.241.234 - - [02/Sep/2023:10:17:46 +0800] "GET /xingrg/all/function/internal_message.html?_=1693621064121&CODE_STATE=getMsg HTTP/1.1" 200 27
180.152.241.196 - - [02/Sep/2023:10:17:46 +0800] "GET /xingrg/all/report/report_query.html?fileName=dma/new_5.0/menu/menu_stca_hz.xml HTTP/1.1" 200 51418
180.152.241.196 - - [02/Sep/2023:10:17:46 +0800] "GET /xingrg/dwr/interface/AjaxReportQueryService.js HTTP/1.1" 200 13203
180.152.241.196 - - [02/Sep/2023:10:17:46 +0800] "GET /xingrg/dwr/engine.js HTTP/1.1" 200 43631
180.152.241.196 - - [02/Sep/2023:10:17:46 +0800] "POST /xingrg/dwr/call/plaincall/AjaxReportQueryService.getFixDate.dwr HTTP/1.1" 200 111
180.152.241.196 - - [02/Sep/2023:10:17:47 +0800] "POST /xingrg/all/common/load_tree.html?tree=area_station_tree_json&manage=1 HTTP/1.1" 200 3393
101.83.241.234 - - [02/Sep/2023:10:17:48 +0800] "GET /xingrg/all/function/internal_message.html?_=1693621067129&CODE_STATE=getMsg HTTP/1.1" 200 27
124.78.155.92 - - [02/Sep/2023:10:17:48 +0800] "POST /xingrg/dwr/call/plaincall/AjaxReportQueryService.refreshCache.dwr HTTP/1.1" 200 78
180.152.241.196 - - [02/Sep/2023:10:17:48 +0800] "POST /xingrg/dwr/call/plaincall/AjaxReportQueryService.getFixDate.dwr HTTP/1.1" 200 111
124.78.155.92 - - [02/Sep/2023:10:17:48 +0800] "POST /xingrg/all/report/load_report_page.html HTTP/1.1" 200 66634
124.78.155.92 - - [02/Sep/2023:10:17:48 +0800] "GET /xingrg/servlets/image?cache=0.8893795236631707&image=px HTTP/1.1" 200 807
180.152.241.196 - - [02/Sep/2023:10:17:51 +0800] "POST /xingrg/dwr/call/plaincall/AjaxReportQueryService.refreshCache.dwr HTTP/1.1" 200 78
180.152.241.196 - - [02/Sep/2023:10:17:51 +0800] "POST /xingrg/all/report/load_report_page.html HTTP/1.1" 200 61578
180.152.241.196 - - [02/Sep/2023:10:17:51 +0800] "GET /xingrg/servlets/image?cache=0.0459336229125622&image=px HTTP/1.1" 200 807
180.174.205.229 - - [02/Sep/2023:10:17:52 +0800] "GET /xingrg/all/function/internal_message.html?_=1693621071841&CODE_STATE=getMsg HTTP/1.1" 200 27
180.152.241.196 - - [02/Sep/2023:10:17:53 +0800] "GET /xingrg/all/report/report_query.html?fileName=dma/new_5.0/yingye/order_list.xml HTTP/1.1" 200 55281
180.152.241.196 - - [02/Sep/2023:10:17:53 +0800] "GET /xingrg/dwr/interface/AjaxReportQueryService.js HTTP/1.1" 200 13203
180.152.241.196 - - [02/Sep/2023:10:17:53 +0800] "GET /xingrg/dwr/engine.js HTTP/1.1" 200 43631
180.152.241.196 - - [02/Sep/2023:10:17:53 +0800] "POST /xingrg/dwr/call/plaincall/AjaxReportQueryService.getFixDate.dwr HTTP/1.1" 200 111
180.152.241.196 - - [02/Sep/2023:10:17:53 +0800] "POST /xingrg/dwr/call/plaincall/AjaxReportQueryService.getInitString.dwr HTTP/1.1" 200 76
180.152.241.196 - - [02/Sep/2023:10:17:53 +0800] "POST /xingrg/all/common/load_tree.html?tree=area_station_tree_json&manage=1 HTTP/1.1" 200 3393
180.162.114.7 - - [02/Sep/2023:10:17:54 +0800] "GET /xingrg/all/function/internal_message.html?_=1693619752796&CODE_STATE=getMsg HTTP/1.1" 200 27
222.70.180.200 - - [02/Sep/2023:10:17:54 +0800] "GET /xingrg/all/function/internal_message.html?_=1693621152286&CODE_STATE=getMsg HTTP/1.1" 200 27
180.152.241.196 - - [02/Sep/2023:10:17:54 +0800] "GET /xingrg/all/function/internal_message.html?_=1693621093936&CODE_STATE=getMsg HTTP/1.1" 200 27
124.78.155.92 - - [02/Sep/2023:10:17:55 +0800] "POST /xingrg/dwr/call/plaincall/AjaxReportQueryService.refreshCache.dwr HTTP/1.1" 200 78
124.79.247.70 - - [02/Sep/2023:10:17:55 +0800] "GET /xingrg/all/function/internal_message.html?_=1693621370602&CODE_STATE=getMsg HTTP/1.1" 200 27
124.78.155.92 - - [02/Sep/2023:10:17:56 +0800] "POST /xingrg/all/report/load_report_page.html HTTP/1.1" 200 89
180.152.241.196 - - [02/Sep/2023:10:17:56 +0800] "POST /xingrg/dwr/call/plaincall/AjaxReportQueryService.getFixDate.dwr HTTP/1.1" 200 111
101.83.145.37 - - [02/Sep/2023:10:17:57 +0800] "GET /xingrg/check_reg.html?_=1693620871545 HTTP/1.1" 200 22
101.83.145.37 - - [02/Sep/2023:10:17:57 +0800] "GET /xingrg/all/function/internal_message.html?_=1693620871548&CODE_STATE=getMsg HTTP/1.1" 200 27
180.152.241.196 - - [02/Sep/2023:10:17:59 +0800] "POST /xingrg/dwr/call/plaincall/AjaxReportQueryService.queryInitializeString.dwr HTTP/1.1" 200 391
116.232.195.127 - - [02/Sep/2023:10:18:00 +0800] "GET /xingrg/all/function/internal_message.html?_=1693620980158&CODE_STATE=getMsg HTTP/1.1" 200 27
180.152.241.196 - - [02/Sep/2023:10:18:03 +0800] "GET /xingrg/javascript/multi_select/dropdown_active.gif HTTP/1.1" 200 61
114.95.241.104 - - [02/Sep/2023:10:18:03 +0800] "GET /xingrg/all/function/internal_message.html?_=1693620978216&CODE_STATE=getMsg HTTP/1.1" 200 27
120.253.135.82 - - [02/Sep/2023:10:18:03 +0800] "GET /xingrg/all/function/internal_message.html?_=1693620889736&CODE_STATE=getMsg HTTP/1.1" 200 27
114.95.241.104 - - [02/Sep/2023:10:18:04 +0800] "GET /xingrg/all/function/internal_message.html?_=1693620979199&CODE_STATE=getMsg HTTP/1.1" 200 27
120.253.135.82 - - [02/Sep/2023:10:18:04 +0800] "GET /xingrg/kc/pszx/mdqp_order_list.html?state=10 HTTP/1.1" 200 10713
120.253.135.82 - - [02/Sep/2023:10:18:04 +0800] "GET /xingrg/dwr/interface/AjaxQqpsService.js HTTP/1.1" 200 16326
120.253.135.82 - - [02/Sep/2023:10:18:04 +0800] "GET /xingrg/dwr/interface/AjaxReportQueryService.js HTTP/1.1" 200 13203
120.253.135.82 - - [02/Sep/2023:10:18:04 +0800] "GET /xingrg/dwr/engine.js HTTP/1.1" 200 43631
58.40.7.146 - - [02/Sep/2023:10:18:05 +0800] "GET /xingrg/all/function/internal_message.html?_=1693621085226&CODE_STATE=getMsg HTTP/1.1" 200 27
180.152.241.196 - - [02/Sep/2023:10:18:05 +0800] "POST /xingrg/dwr/call/plaincall/AjaxReportQueryService.refreshCache.dwr HTTP/1.1" 200 78
124.78.155.92 - - [02/Sep/2023:10:18:06 +0800] "GET /xingrg/all/report/report_query.html?fileName=dma/new_5.0/menu/menu_hz_all.xml HTTP/1.1" 200 51795
124.78.155.92 - - [02/Sep/2023:10:18:06 +0800] "GET /xingrg/dwr/interface/AjaxReportQueryService.js HTTP/1.1" 200 13203
124.78.155.92 - - [02/Sep/2023:10:18:06 +0800] "GET /xingrg/dwr/engine.js HTTP/1.1" 200 43631
124.78.155.92 - - [02/Sep/2023:10:18:06 +0800] "POST /xingrg/dwr/call/plaincall/AjaxReportQueryService.getFixDate.dwr HTTP/1.1" 200 111
124.78.155.92 - - [02/Sep/2023:10:18:06 +0800] "POST /xingrg/all/common/load_tree.html?tree=area_station_tree_json&manage=1 HTTP/1.1" 200 3393
124.78.155.92 - - [02/Sep/2023:10:18:08 +0800] "POST /xingrg/dwr/call/plaincall/AjaxReportQueryService.getFixDate.dwr HTTP/1.1" 200 111
180.152.241.196 - - [02/Sep/2023:10:18:08 +0800] "POST /xingrg/all/report/load_report_page.html HTTP/1.1" 200 214590
180.152.241.196 - - [02/Sep/2023:10:18:08 +0800] "GET /xingrg/servlets/image?cache=0.848306476311376&image=px HTTP/1.1" 200 807
222.70.180.200 - - [02/Sep/2023:10:18:09 +0800] "GET /xingrg/all/function/internal_message.html?_=1693621089821&CODE_STATE=getMsg HTTP/1.1" 200 27
124.78.155.92 - - [02/Sep/2023:10:18:11 +0800] "POST /xingrg/dwr/call/plaincall/AjaxReportQueryService.refreshCache.dwr HTTP/1.1" 200 78
124.78.155.92 - - [02/Sep/2023:10:18:12 +0800] "POST /xingrg/all/report/load_report_page.html HTTP/1.1" 200 89
180.165.48.189 - - [02/Sep/2023:10:18:15 +0800] "GET /xingrg/all/function/internal_message.html?_=1693621094998&CODE_STATE=getMsg HTTP/1.1" 200 27
124.78.155.92 - - [02/Sep/2023:10:18:15 +0800] "POST /xingrg/services/DataTransmitService HTTP/1.1" 200 501
116.232.195.127 - - [02/Sep/2023:10:18:18 +0800] "GET /xingrg/check_reg.html?_=1693620997485 HTTP/1.1" 200 22
101.83.145.37 - - [02/Sep/2023:10:18:19 +0800] "GET /xingrg/all/function/internal_message.html?_=1693621100818&CODE_STATE=getMsg HTTP/1.1" 200 27
101.83.241.137 - - [02/Sep/2023:10:18:21 +0800] "GET /xingrg/all/function/internal_message.html?_=1693621244630&CODE_STATE=getMsg HTTP/1.1" 200 27
101.83.241.137 - - [02/Sep/2023:10:18:21 +0800] "GET /xingrg/check_reg.html?_=1693621244632 HTTP/1.1" 200 22
124.78.155.92 - - [02/Sep/2023:10:18:22 +0800] "POST /xingrg/services/DataTransmitService HTTP/1.1" 200 501
101.228.187.155 - - [02/Sep/2023:10:18:24 +0800] "GET /xingrg/all/function/internal_message.html?_=1693621103175&CODE_STATE=getMsg HTTP/1.1" 200 27
101.83.145.37 - - [02/Sep/2023:10:18:25 +0800] "GET /xingrg/kc/base/base_main.html HTTP/1.1" 200 12142
101.83.145.37 - - [02/Sep/2023:10:18:25 +0800] "GET /xingrg/images/blue/button/ckpd.gif HTTP/1.1" 304 -
101.83.145.37 - - [02/Sep/2023:10:18:25 +0800] "GET /xingrg/images/blue/button/wlsy.gif HTTP/1.1" 304 -
101.83.145.37 - - [02/Sep/2023:10:18:25 +0800] "GET /xingrg/images/blue/button/ckdb.gif HTTP/1.1" 304 -
101.83.145.37 - - [02/Sep/2023:10:18:25 +0800] "GET /xingrg/images/blue/button/yddb.gif HTTP/1.1" 304 -
124.78.155.92 - - [02/Sep/2023:10:18:25 +0800] "GET /xingrg/all/function/internal_message.html?_=1693621121717&CODE_STATE=getMsg HTTP/1.1" 200 27
101.83.145.37 - - [02/Sep/2023:10:18:25 +0800] "GET /xingrg/images/blue/button/bottom_left.jpg HTTP/1.1" 304 -
101.83.145.37 - - [02/Sep/2023:10:18:25 +0800] "GET /xingrg/images/blue/button/top_left.jpg HTTP/1.1" 304 -
101.83.145.37 - - [02/Sep/2023:10:18:25 +0800] "GET /xingrg/images/blue/button/top_right.jpg HTTP/1.1" 304 -
101.83.145.37 - - [02/Sep/2023:10:18:25 +0800] "GET /xingrg/images/blue/button/left_ah.jpg HTTP/1.1" 304 -
101.83.145.37 - - [02/Sep/2023:10:18:25 +0800] "GET /xingrg/images/blue/button/bottom_right.jpg HTTP/1.1" 304 -
101.83.145.37 - - [02/Sep/2023:10:18:25 +0800] "GET /xingrg/images/blue/button/down.jpg HTTP/1.1" 304 -
101.83.145.37 - - [02/Sep/2023:10:18:27 +0800] "GET /xingrg/kc/base/wldb_order_list.html HTTP/1.1" 200 19174
101.83.145.37 - - [02/Sep/2023:10:18:28 +0800] "POST /xingrg/kc/base/wldb_list_operate.html HTTP/1.1" 200 928
101.83.145.37 - - [02/Sep/2023:10:18:29 +0800] "GET /xingrg/javascript/easyui/themes/default/images/button_plain_hover.png HTTP/1.1" 304 -
101.83.145.37 - - [02/Sep/2023:10:18:31 +0800] "GET /xingrg/kc/base/wldb_order_add.html HTTP/1.1" 200 30457
101.83.145.37 - - [02/Sep/2023:10:18:31 +0800] "GET /xingrg/words/20230902100927_words.js HTTP/1.1" 200 985363
101.83.145.37 - - [02/Sep/2023:10:18:31 +0800] "GET /xingrg/javascript/easyui/themes/icons/template_new.png HTTP/1.1" 304 -
101.83.145.37 - - [02/Sep/2023:10:18:31 +0800] "GET /xingrg/javascript/easyui/themes/icons/ok.png HTTP/1.1" 304 -
101.83.145.37 - - [02/Sep/2023:10:18:31 +0800] "POST /xingrg/kc/base/wldb_order_operate.html HTTP/1.1" 200 6806
101.83.145.37 - - [02/Sep/2023:10:18:31 +0800] "GET /xingrg/javascript/easyui/themes/default/validatebox.css HTTP/1.1" 404 1104
101.83.145.37 - - [02/Sep/2023:10:18:31 +0800] "GET /xingrg/all/common/auto_word.html?type=base&rest_code=00105 HTTP/1.1" 200 1907
101.83.145.37 - - [02/Sep/2023:10:18:31 +0800] "GET /xingrg/all/common/auto_word.html?type=base&rest_code=00105 HTTP/1.1" 200 1907
101.83.145.37 - - [02/Sep/2023:10:18:33 +0800] "GET /xingrg/javascript/auto/indicator.gif HTTP/1.1" 404 1066
180.169.147.146 - - [02/Sep/2023:10:18:34 +0800] "GET /xingrg/all/function/internal_message.html?_=1693621113623&CODE_STATE=getMsg HTTP/1.1" 200 27
180.152.241.196 - - [02/Sep/2023:10:18:35 +0800] "GET /xingrg/all/function/internal_message.html?_=1693621115767&CODE_STATE=getMsg HTTP/1.1" 200 27
172.20.0.100 - - [02/Sep/2023:10:18:36 +0800] "GET /xingrg/all/function/internal_message.html?_=1693621116064&CODE_STATE=getMsg HTTP/1.1" 200 27
180.152.241.196 - - [02/Sep/2023:10:18:37 +0800] "POST /xingrg/all/report/load_report_page.html HTTP/1.1" 200 66723
180.152.241.196 - - [02/Sep/2023:10:18:37 +0800] "GET /xingrg/images/blue/button/advance2.gif HTTP/1.1" 200 1338
180.152.241.196 - - [02/Sep/2023:10:18:37 +0800] "GET /xingrg/images/blue/button/advance.gif HTTP/1.1" 200 1354
180.152.241.196 - - [02/Sep/2023:10:18:37 +0800] "GET /xingrg/servlets/image?cache=0.6443500298979238&image=px HTTP/1.1" 200 807
180.152.241.196 - - [02/Sep/2023:10:18:42 +0800] "GET /xingrg/all/function/internal_message.html?_=1693621128005&CODE_STATE=getMsg HTTP/1.1" 200 27
180.169.147.146 - - [02/Sep/2023:10:18:45 +0800] "GET /xingrg/all/function/internal_message.html?_=1693621125647&CODE_STATE=getMsg HTTP/1.1" 200 27
180.169.147.146 - - [02/Sep/2023:10:18:45 +0800] "GET /xingrg/check_reg.html?_=1693621125650 HTTP/1.1" 200 22
101.83.145.37 - - [02/Sep/2023:10:18:45 +0800] "GET /xingrg/javascript/jquery_tools/images/next.gif HTTP/1.1" 404 1086
101.83.145.37 - - [02/Sep/2023:10:18:45 +0800] "GET /xingrg/javascript/jquery_tools/images/prev.gif HTTP/1.1" 404 1086
101.83.241.234 - - [02/Sep/2023:10:18:45 +0800] "GET /xingrg/all/function/internal_message.html?_=1693621124098&CODE_STATE=getMsg HTTP/1.1" 200 27
101.83.241.234 - - [02/Sep/2023:10:18:48 +0800] "GET /xingrg/all/function/internal_message.html?_=1693621127132&CODE_STATE=getMsg HTTP/1.1" 200 27
101.83.241.234 - - [02/Sep/2023:10:18:50 +0800] "GET /xingrg/index.html?sysBaseUrl=http%3A%2F%2F180.169.147.146%3A18081%2Fxingrg%2F&costTime=1468×tamp=1693616563463 HTTP/1.1" 200 17179
101.83.241.234 - - [02/Sep/2023:10:18:51 +0800] "GET /xingrg/check_reg.html?_=1693621129291 HTTP/1.1" 200 22
101.83.241.234 - - [02/Sep/2023:10:18:51 +0800] "GET /xingrg/all/function/internal_message.html?_=1693621129287&CODE_STATE=count HTTP/1.1" 200 11
101.83.241.234 - - [02/Sep/2023:10:18:51 +0800] "GET /favicon.ico HTTP/1.1" 404 -
101.83.241.234 - - [02/Sep/2023:10:18:51 +0800] "POST /xingrg/all/common/load_tree.html?tree=area_rest_tree_json&manage=1 HTTP/1.1" 200 351
101.83.241.234 - - [02/Sep/2023:10:18:51 +0800] "POST /xingrg/load_menu.html HTTP/1.1" 200 5138
180.174.205.229 - - [02/Sep/2023:10:18:52 +0800] "GET /xingrg/all/function/internal_message.html?_=1693621131835&CODE_STATE=getMsg HTTP/1.1" 200 27
180.162.114.7 - - [02/Sep/2023:10:18:53 +0800] "GET /xingrg/all/function/internal_message.html?_=1693619812796&CODE_STATE=getMsg HTTP/1.1" 200 27
222.70.180.200 - - [02/Sep/2023:10:18:54 +0800] "GET /xingrg/all/function/internal_message.html?_=1693621212287&CODE_STATE=getMsg HTTP/1.1" 200 27
180.152.241.196 - - [02/Sep/2023:10:18:54 +0800] "GET /xingrg/all/function/internal_message.html?_=1693621153924&CODE_STATE=getMsg HTTP/1.1" 200 27
101.83.241.234 - - [02/Sep/2023:10:18:55 +0800] "GET /xingrg/kc/buy/cgsh_order_list.html HTTP/1.1" 200 56388
124.79.247.70 - - [02/Sep/2023:10:18:55 +0800] "GET /xingrg/all/function/internal_message.html?_=1693621430607&CODE_STATE=getMsg HTTP/1.1" 200 27
101.83.145.37 - - [02/Sep/2023:10:18:57 +0800] "GET /xingrg/all/function/internal_message.html?_=1693620931542&CODE_STATE=getMsg HTTP/1.1" 200 27
124.78.155.92 - - [02/Sep/2023:10:18:58 +0800] "GET /xingrg/all/report/report_query.html?fileName=dma/new_5.0/menu/menu_category_hz.xml HTTP/1.1" 200 53064
124.78.155.92 - - [02/Sep/2023:10:18:58 +0800] "GET /xingrg/dwr/interface/AjaxReportQueryService.js HTTP/1.1" 200 13203
124.78.155.92 - - [02/Sep/2023:10:18:58 +0800] "GET /xingrg/dwr/engine.js HTTP/1.1" 200 43631
124.78.155.92 - - [02/Sep/2023:10:18:58 +0800] "POST /xingrg/dwr/call/plaincall/AjaxReportQueryService.getFixDate.dwr HTTP/1.1" 200 111
124.78.155.92 - - [02/Sep/2023:10:18:58 +0800] "POST /xingrg/all/common/load_tree.html?tree=area_station_tree_json&manage=1 HTTP/1.1" 200 3393
116.232.195.127 - - [02/Sep/2023:10:19:00 +0800] "GET /xingrg/all/function/internal_message.html?_=1693621040151&CODE_STATE=getMsg HTTP/1.1" 200 27
180.152.241.196 - - [02/Sep/2023:10:19:02 +0800] "POST /xingrg/dwr/call/plaincall/AjaxReportQueryService.queryInitializeString.dwr HTTP/1.1" 200 541
101.83.241.234 - - [02/Sep/2023:10:19:02 +0800] "POST /xingrg/kc/buy/cgsh_list_operate.html HTTP/1.1" 200 1870
114.95.241.104 - - [02/Sep/2023:10:19:03 +0800] "GET /xingrg/all/function/internal_message.html?_=1693621038249&CODE_STATE=getMsg HTTP/1.1" 200 27
180.152.241.196 - - [02/Sep/2023:10:19:03 +0800] "POST /xingrg/dwr/call/plaincall/AjaxReportQueryService.refreshCache.dwr HTTP/1.1" 200 78
120.253.135.82 - - [02/Sep/2023:10:19:03 +0800] "GET /xingrg/all/function/internal_message.html?_=1693620949804&CODE_STATE=getMsg HTTP/1.1" 200 27
114.95.241.104 - - [02/Sep/2023:10:19:04 +0800] "GET /xingrg/all/function/internal_message.html?_=1693621039212&CODE_STATE=getMsg HTTP/1.1" 200 27
58.40.7.146 - - [02/Sep/2023:10:19:05 +0800] "GET /xingrg/all/function/internal_message.html?_=1693621145229&CODE_STATE=getMsg HTTP/1.1" 200 27
180.152.241.196 - - [02/Sep/2023:10:19:06 +0800] "POST /xingrg/all/report/load_report_page.html HTTP/1.1" 200 215288
180.152.241.196 - - [02/Sep/2023:10:19:06 +0800] "GET /xingrg/servlets/image?cache=0.9477456707446423&image=px HTTP/1.1" 200 807
222.70.180.200 - - [02/Sep/2023:10:19:09 +0800] "GET /xingrg/all/function/internal_message.html?_=1693621149794&CODE_STATE=getMsg HTTP/1.1" 200 27
222.70.180.200 - - [02/Sep/2023:10:19:10 +0800] "GET /xingrg/check_reg.html?_=1693621150487 HTTP/1.1" 200 22
101.83.241.234 - - [02/Sep/2023:10:19:12 +0800] "POST /xingrg/kc/buy/cgsh_list_operate.html HTTP/1.1" 200 420
101.83.241.234 - - [02/Sep/2023:10:19:14 +0800] "GET /xingrg/kc/buy/cgsh_order_info.html?code=212023090200472 HTTP/1.1" 200 72261
101.83.241.234 - - [02/Sep/2023:10:19:14 +0800] "GET /xingrg/words/20230902100927_words.js HTTP/1.1" 200 985363
101.83.241.234 - - [02/Sep/2023:10:19:15 +0800] "GET /xingrg/javascript/easyui/themes/default/validatebox.css HTTP/1.1" 404 1104
180.165.48.189 - - [02/Sep/2023:10:19:15 +0800] "GET /xingrg/all/function/internal_message.html?_=1693621155000&CODE_STATE=getMsg HTTP/1.1" 200 27
101.83.241.234 - - [02/Sep/2023:10:19:16 +0800] "POST /xingrg/kc/buy/cgsh_order_operate.html HTTP/1.1" 200 4431
101.83.145.37 - - [02/Sep/2023:10:19:19 +0800] "GET /xingrg/all/function/internal_message.html?_=1693621160800&CODE_STATE=getMsg HTTP/1.1" 200 27
101.83.241.137 - - [02/Sep/2023:10:19:21 +0800] "GET /xingrg/all/function/internal_message.html?_=1693621304641&CODE_STATE=getMsg HTTP/1.1" 200 27
101.228.187.155 - - [02/Sep/2023:10:19:24 +0800] "GET /xingrg/check_reg.html?_=1693621163175 HTTP/1.1" 200 22
101.228.187.155 - - [02/Sep/2023:10:19:24 +0800] "GET /xingrg/all/function/internal_message.html?_=1693621163178&CODE_STATE=getMsg HTTP/1.1" 200 27
124.78.155.92 - - [02/Sep/2023:10:19:25 +0800] "GET /xingrg/all/function/internal_message.html?_=1693621181734&CODE_STATE=getMsg HTTP/1.1" 200 27
116.232.195.127 - - [02/Sep/2023:10:19:25 +0800] "GET /favicon.ico HTTP/1.1" 404 -
180.169.147.146 - - [02/Sep/2023:10:19:34 +0800] "GET /xingrg/all/function/internal_message.html?_=1693621173623&CODE_STATE=getMsg HTTP/1.1" 200 27
180.152.241.196 - - [02/Sep/2023:10:19:35 +0800] "GET /xingrg/all/function/internal_message.html?_=1693621175753&CODE_STATE=getMsg HTTP/1.1" 200 27
101.83.241.234 - - [02/Sep/2023:10:19:35 +0800] "POST /xingrg/kc/buy/cgsh_order_operate.html HTTP/1.1" 200 37
172.20.0.100 - - [02/Sep/2023:10:19:36 +0800] "GET /xingrg/all/function/internal_message.html?_=1693621176069&CODE_STATE=getMsg HTTP/1.1" 200 27
172.20.0.100 - - [02/Sep/2023:10:19:36 +0800] "GET /xingrg/check_reg.html?_=1693621176071 HTTP/1.1" 200 22
180.152.241.196 - - [02/Sep/2023:10:19:42 +0800] "GET /xingrg/all/function/internal_message.html?_=1693621187999&CODE_STATE=getMsg HTTP/1.1" 200 27
180.163.29.103 - - [02/Sep/2023:10:19:45 +0800] "GET /xingrg/all/function/internal_message.html?_=1693621125647&CODE_STATE=getMsg HTTP/1.1" 302 -
180.163.29.103 - - [02/Sep/2023:10:19:45 +0800] "GET /xingrg/login.html HTTP/1.1" 200 7641
180.169.147.146 - - [02/Sep/2023:10:19:45 +0800] "GET /xingrg/all/function/internal_message.html?_=1693621185640&CODE_STATE=getMsg HTTP/1.1" 200 27
101.83.241.234 - - [02/Sep/2023:10:19:45 +0800] "POST /xingrg/kc/buy/cgsh_order_operate.html HTTP/1.1" 200 12
101.83.241.234 - - [02/Sep/2023:10:19:48 +0800] "GET /xingrg/all/function/internal_message.html?_=1693621187136&CODE_STATE=getMsg HTTP/1.1" 200 27
101.83.241.234 - - [02/Sep/2023:10:19:48 +0800] "GET /xingrg/check_reg.html?_=1693621187139 HTTP/1.1" 200 22
180.174.205.229 - - [02/Sep/2023:10:19:52 +0800] "GET /xingrg/all/function/internal_message.html?_=1693621191843&CODE_STATE=getMsg HTTP/1.1" 200 27
101.83.241.234 - - [02/Sep/2023:10:19:53 +0800] "GET /xingrg/kc/buy/cgsh_order_info.html?code=212023090200472 HTTP/1.1" 200 67161
101.83.241.234 - - [02/Sep/2023:10:19:53 +0800] "GET /xingrg/javascript/easyui/themes/default/validatebox.css HTTP/1.1" 404 1104
124.78.155.92 - - [02/Sep/2023:10:19:53 +0800] "GET /xingrg/all/report/report_query.html?fileName=dma/new_5.0/menu/menu_hz_all.xml HTTP/1.1" 200 51795
124.78.155.92 - - [02/Sep/2023:10:19:53 +0800] "GET /xingrg/dwr/interface/AjaxReportQueryService.js HTTP/1.1" 200 13203
124.78.155.92 - - [02/Sep/2023:10:19:53 +0800] "GET /xingrg/dwr/engine.js HTTP/1.1" 200 43631
180.162.114.7 - - [02/Sep/2023:10:19:54 +0800] "GET /xingrg/all/function/internal_message.html?_=1693619872791&CODE_STATE=getMsg HTTP/1.1" 200 27
124.78.155.92 - - [02/Sep/2023:10:19:54 +0800] "POST /xingrg/dwr/call/plaincall/AjaxReportQueryService.getFixDate.dwr HTTP/1.1" 200 111
222.70.180.200 - - [02/Sep/2023:10:19:54 +0800] "GET /xingrg/all/function/internal_message.html?_=1693621272269&CODE_STATE=getMsg HTTP/1.1" 200 27
124.78.155.92 - - [02/Sep/2023:10:19:54 +0800] "POST /xingrg/all/common/load_tree.html?tree=area_station_tree_json&manage=1 HTTP/1.1" 200 3393
180.152.241.196 - - [02/Sep/2023:10:19:54 +0800] "GET /xingrg/all/function/internal_message.html?_=1693621213915&CODE_STATE=getMsg HTTP/1.1" 200 27
124.78.155.92 - - [02/Sep/2023:10:19:55 +0800] "GET /xingrg/all/report/report_query.html?fileName=dma/new_5.0/yingye/order_list.xml HTTP/1.1" 200 55281
124.78.155.92 - - [02/Sep/2023:10:19:55 +0800] "GET /xingrg/dwr/interface/AjaxReportQueryService.js HTTP/1.1" 200 13203
124.78.155.92 - - [02/Sep/2023:10:19:55 +0800] "GET /xingrg/dwr/engine.js HTTP/1.1" 200 43631
124.78.155.92 - - [02/Sep/2023:10:19:55 +0800] "POST /xingrg/dwr/call/plaincall/AjaxReportQueryService.getFixDate.dwr HTTP/1.1" 200 111
101.83.241.234 - - [02/Sep/2023:10:19:55 +0800] "POST /xingrg/kc/buy/cgsh_order_operate.html HTTP/1.1" 200 2378
124.78.155.92 - - [02/Sep/2023:10:19:55 +0800] "POST /xingrg/all/common/load_tree.html?tree=area_station_tree_json&manage=1 HTTP/1.1" 200 3393
124.78.155.92 - - [02/Sep/2023:10:19:55 +0800] "POST /xingrg/dwr/call/plaincall/AjaxReportQueryService.getInitString.dwr HTTP/1.1" 200 76
124.79.247.70 - - [02/Sep/2023:10:19:55 +0800] "GET /xingrg/check_reg.html?_=1693621490598 HTTP/1.1" 200 22
124.79.247.70 - - [02/Sep/2023:10:19:55 +0800] "GET /xingrg/all/function/internal_message.html?_=1693621490599&CODE_STATE=getMsg HTTP/1.1" 200 27
124.78.155.92 - - [02/Sep/2023:10:19:57 +0800] "POST /xingrg/dwr/call/plaincall/AjaxReportQueryService.getFixDate.dwr HTTP/1.1" 200 111
101.83.145.37 - - [02/Sep/2023:10:19:57 +0800] "GET /xingrg/all/function/internal_message.html?_=1693620991548&CODE_STATE=getMsg HTTP/1.1" 200 27
101.83.241.234 - - [02/Sep/2023:10:19:57 +0800] "GET /xingrg/kc/print/load_data.html?order_code=212023090200472&kc_code=cgsh&condition= HTTP/1.1" 200 1400
124.78.155.92 - - [02/Sep/2023:10:20:00 +0800] "POST /xingrg/dwr/call/plaincall/AjaxReportQueryService.queryInitializeString.dwr HTTP/1.1" 200 76
116.232.195.127 - - [02/Sep/2023:10:20:00 +0800] "GET /xingrg/all/function/internal_message.html?_=1693621100157&CODE_STATE=getMsg HTTP/1.1" 200 27
124.78.155.92 - - [02/Sep/2023:10:20:02 +0800] "POST /xingrg/dwr/call/plaincall/AjaxReportQueryService.refreshCache.dwr HTTP/1.1" 200 78
114.95.241.104 - - [02/Sep/2023:10:20:03 +0800] "GET /xingrg/all/function/internal_message.html?_=1693621098259&CODE_STATE=getMsg HTTP/1.1" 200 27
120.253.135.82 - - [02/Sep/2023:10:20:03 +0800] "GET /xingrg/all/function/internal_message.html?_=1693621009810&CODE_STATE=getMsg HTTP/1.1" 200 27
222.70.180.200 - - [02/Sep/2023:10:20:04 +0800] "GET /xingrg/check_reg.html?_=1693621282043 HTTP/1.1" 200 22
114.95.241.104 - - [02/Sep/2023:10:20:04 +0800] "GET /xingrg/all/function/internal_message.html?_=1693621099235&CODE_STATE=getMsg HTTP/1.1" 200 27
58.40.7.146 - - [02/Sep/2023:10:20:05 +0800] "GET /xingrg/all/function/internal_message.html?_=1693621205219&CODE_STATE=getMsg HTTP/1.1" 200 27
101.83.241.234 - - [02/Sep/2023:10:20:05 +0800] "GET /xingrg/kc/buy/cgsh_order_add.html HTTP/1.1" 200 8212
180.152.241.196 - - [02/Sep/2023:10:20:06 +0800] "POST /xingrg/all/report/load_report_page.html HTTP/1.1" 200 60635
180.152.241.196 - - [02/Sep/2023:10:20:06 +0800] "GET /xingrg/servlets/image?cache=0.30411304348313695&image=px HTTP/1.1" 200 807
101.83.241.234 - - [02/Sep/2023:10:20:06 +0800] "GET /xingrg/kc/buy/cgsh_order_add.html HTTP/1.1" 200 72252
101.83.241.234 - - [02/Sep/2023:10:20:06 +0800] "POST /xingrg/kc/buy/cgsh_order_operate.html HTTP/1.1" 200 8245
124.78.155.92 - - [02/Sep/2023:10:20:06 +0800] "POST /xingrg/all/report/load_report_page.html HTTP/1.1" 200 214803
101.83.241.234 - - [02/Sep/2023:10:20:07 +0800] "GET /xingrg/javascript/easyui/themes/default/validatebox.css HTTP/1.1" 404 1104
124.78.155.92 - - [02/Sep/2023:10:20:07 +0800] "GET /xingrg/servlets/image?cache=0.13054176702681264&image=px HTTP/1.1" 200 807
101.83.241.234 - - [02/Sep/2023:10:20:08 +0800] "GET /xingrg/javascript/auto/indicator.gif HTTP/1.1" 404 1066
101.83.241.234 - - [02/Sep/2023:10:20:09 +0800] "GET /xingrg/javascript/jquery_tools/images/prev.gif HTTP/1.1" 404 1086
101.83.241.234 - - [02/Sep/2023:10:20:09 +0800] "GET /xingrg/javascript/jquery_tools/images/next.gif HTTP/1.1" 404 1086
222.70.180.200 - - [02/Sep/2023:10:20:09 +0800] "GET /xingrg/all/function/internal_message.html?_=1693621209769&CODE_STATE=getMsg HTTP/1.1" 200 27
180.165.48.189 - - [02/Sep/2023:10:20:15 +0800] "GET /xingrg/all/function/internal_message.html?_=1693621214998&CODE_STATE=getMsg HTTP/1.1" 200 27
101.83.145.37 - - [02/Sep/2023:10:20:19 +0800] "GET /xingrg/all/function/internal_message.html?_=1693621220776&CODE_STATE=getMsg HTTP/1.1" 200 27
101.83.241.137 - - [02/Sep/2023:10:20:21 +0800] "GET /xingrg/all/function/internal_message.html?_=1693621364639&CODE_STATE=getMsg HTTP/1.1" 200 27
101.228.187.155 - - [02/Sep/2023:10:20:24 +0800] "GET /xingrg/all/function/internal_message.html?_=1693621223177&CODE_STATE=getMsg HTTP/1.1" 200 27
124.78.155.92 - - [02/Sep/2023:10:20:25 +0800] "GET /xingrg/all/function/internal_message.html?_=1693621241722&CODE_STATE=getMsg HTTP/1.1" 200 27
180.169.147.146 - - [02/Sep/2023:10:20:34 +0800] "GET /xingrg/check_reg.html?_=1693621233624 HTTP/1.1" 200 22
180.169.147.146 - - [02/Sep/2023:10:20:34 +0800] "GET /xingrg/all/function/internal_message.html?_=1693621233626&CODE_STATE=getMsg HTTP/1.1" 200 27
124.78.155.92 - - [02/Sep/2023:10:20:34 +0800] "POST /xingrg/services/DataTransmitService HTTP/1.1" 200 501
180.152.241.196 - - [02/Sep/2023:10:20:35 +0800] "GET /xingrg/all/function/internal_message.html?_=1693621235765&CODE_STATE=getMsg HTTP/1.1" 200 27
172.20.0.100 - - [02/Sep/2023:10:20:36 +0800] "GET /xingrg/all/function/internal_message.html?_=1693621236074&CODE_STATE=getMsg HTTP/1.1" 200 27
180.152.241.196 - - [02/Sep/2023:10:20:42 +0800] "GET /xingrg/all/function/internal_message.html?_=1693621247997&CODE_STATE=getMsg HTTP/1.1" 200 27
180.169.147.146 - - [02/Sep/2023:10:20:45 +0800] "GET /xingrg/all/function/internal_message.html?_=1693621245646&CODE_STATE=getMsg HTTP/1.1" 200 27
101.83.241.234 - - [02/Sep/2023:10:20:48 +0800] "GET /xingrg/all/function/internal_message.html?_=1693621247125&CODE_STATE=getMsg HTTP/1.1" 200 27
101.83.241.234 - - [02/Sep/2023:10:20:51 +0800] "GET /xingrg/all/function/internal_message.html?_=1693621249307&CODE_STATE=getMsg HTTP/1.1" 200 27
180.174.205.229 - - [02/Sep/2023:10:20:52 +0800] "GET /xingrg/all/function/internal_message.html?_=1693621251846&CODE_STATE=getMsg HTTP/1.1" 200 27
180.162.114.7 - - [02/Sep/2023:10:20:53 +0800] "GET /xingrg/check_reg.html?_=1693619932787 HTTP/1.1" 200 22
180.162.114.7 - - [02/Sep/2023:10:20:54 +0800] "GET /xingrg/all/function/internal_message.html?_=1693619932785&CODE_STATE=getMsg HTTP/1.1" 200 27
222.70.180.200 - - [02/Sep/2023:10:20:54 +0800] "GET /xingrg/all/function/internal_message.html?_=1693621332249&CODE_STATE=getMsg HTTP/1.1" 200 27
180.152.241.196 - - [02/Sep/2023:10:20:54 +0800] "GET /xingrg/all/function/internal_message.html?_=1693621273912&CODE_STATE=getMsg HTTP/1.1" 200 27
124.78.155.92 - - [02/Sep/2023:10:20:55 +0800] "GET /xingrg/all/report/report_query.html?fileName=dma/new_5.0/menu/menu_category_hz.xml HTTP/1.1" 200 53064
124.78.155.92 - - [02/Sep/2023:10:20:55 +0800] "GET /xingrg/dwr/interface/AjaxReportQueryService.js HTTP/1.1" 200 13203
124.79.247.70 - - [02/Sep/2023:10:20:55 +0800] "GET /xingrg/all/function/internal_message.html?_=1693621550613&CODE_STATE=getMsg HTTP/1.1" 200 27
124.78.155.92 - - [02/Sep/2023:10:20:55 +0800] "GET /xingrg/dwr/engine.js HTTP/1.1" 200 43631
124.78.155.92 - - [02/Sep/2023:10:20:56 +0800] "POST /xingrg/dwr/call/plaincall/AjaxReportQueryService.getFixDate.dwr HTTP/1.1" 200 111
101.83.145.37 - - [02/Sep/2023:10:20:56 +0800] "GET /xingrg/kc/report/report_main.html HTTP/1.1" 200 7340
101.83.145.37 - - [02/Sep/2023:10:20:56 +0800] "GET /xingrg/javascript/jquery_easy_ui/themes/icons/back_new.png HTTP/1.1" 304 -
124.78.155.92 - - [02/Sep/2023:10:20:56 +0800] "POST /xingrg/all/common/load_tree.html?tree=area_station_tree_json&manage=1 HTTP/1.1" 200 3393
101.83.145.37 - - [02/Sep/2023:10:20:57 +0800] "GET /xingrg/all/function/internal_message.html?_=1693621051553&CODE_STATE=getMsg HTTP/1.1" 200 27
124.78.155.92 - - [02/Sep/2023:10:20:57 +0800] "GET /xingrg/all/report/report_query.html?fileName=dma/new_5.0/menu/menu_stca_hz.xml HTTP/1.1" 200 51418
124.78.155.92 - - [02/Sep/2023:10:20:57 +0800] "GET /xingrg/dwr/interface/AjaxReportQueryService.js HTTP/1.1" 200 13203
124.78.155.92 - - [02/Sep/2023:10:20:57 +0800] "GET /xingrg/dwr/engine.js HTTP/1.1" 200 43631
124.78.155.92 - - [02/Sep/2023:10:20:58 +0800] "POST /xingrg/dwr/call/plaincall/AjaxReportQueryService.getFixDate.dwr HTTP/1.1" 200 111
124.78.155.92 - - [02/Sep/2023:10:20:58 +0800] "POST /xingrg/all/common/load_tree.html?tree=area_station_tree_json&manage=1 HTTP/1.1" 200 3393
101.83.145.37 - - [02/Sep/2023:10:20:59 +0800] "GET /xingrg/kc/base/kc_stocks.html HTTP/1.1" 200 16506
101.83.145.37 - - [02/Sep/2023:10:20:59 +0800] "GET /xingrg/javascript/easyui/themes/sunny/easyui.css HTTP/1.1" 304 -
101.83.145.37 - - [02/Sep/2023:10:20:59 +0800] "GET /xingrg/javascript/easyui/themes/icons/refresh_new.png HTTP/1.1" 304 -
101.83.145.37 - - [02/Sep/2023:10:20:59 +0800] "GET /xingrg/javascript/easyui/themes/icons/filter_new.png HTTP/1.1" 304 -
101.83.145.37 - - [02/Sep/2023:10:20:59 +0800] "GET /xingrg/javascript/easyui/themes/icons/print_new.png HTTP/1.1" 304 -
101.83.145.37 - - [02/Sep/2023:10:20:59 +0800] "GET /xingrg/javascript/easyui/plugins/jquery.draggable.js HTTP/1.1" 304 -
101.83.145.37 - - [02/Sep/2023:10:20:59 +0800] "GET /xingrg/javascript/easyui/plugins/jquery.droppable.js HTTP/1.1" 304 -
101.83.145.37 - - [02/Sep/2023:10:20:59 +0800] "GET /xingrg/javascript/easyui/themes/default/tree.css HTTP/1.1" 404 1090
101.83.145.37 - - [02/Sep/2023:10:20:59 +0800] "GET /xingrg/javascript/easyui/plugins/jquery.tree.js HTTP/1.1" 304 -
101.83.145.37 - - [02/Sep/2023:10:20:59 +0800] "POST /xingrg/all/common/load_tree.html?tree=materiel_sort_tree_json HTTP/1.1" 200 9500
124.78.155.92 - - [02/Sep/2023:10:20:59 +0800] "POST /xingrg/dwr/call/plaincall/AjaxReportQueryService.getFixDate.dwr HTTP/1.1" 200 111
101.83.145.37 - - [02/Sep/2023:10:21:00 +0800] "GET /xingrg/javascript/easyui/themes/sunny/images/tree_folder.gif HTTP/1.1" 304 -
101.83.145.37 - - [02/Sep/2023:10:21:00 +0800] "GET /xingrg/javascript/easyui/themes/sunny/images/tree_folder_open.gif HTTP/1.1" 304 -
101.83.145.37 - - [02/Sep/2023:10:21:00 +0800] "GET /xingrg/javascript/easyui/themes/sunny/images/tree_file.gif HTTP/1.1" 304 -
101.83.145.37 - - [02/Sep/2023:10:21:00 +0800] "GET /xingrg/javascript/easyui/themes/sunny/images/tree_arrows.gif HTTP/1.1" 304 -
116.232.195.127 - - [02/Sep/2023:10:21:00 +0800] "GET /xingrg/all/function/internal_message.html?_=1693621160143&CODE_STATE=getMsg HTTP/1.1" 200 27
101.83.145.37 - - [02/Sep/2023:10:21:01 +0800] "GET /xingrg/javascript/easyui/themes/sunny/images/ui-bg_gloss-wave_60_fece2f_500x100.png HTTP/1.1" 304 -
180.174.205.229 - - [02/Sep/2023:10:21:01 +0800] "GET /xingrg/check_reg.html?_=1693621261200 HTTP/1.1" 200 22
101.83.145.37 - - [02/Sep/2023:10:21:02 +0800] "GET /xingrg/javascript/easyui/themes/sunny/images/ui-bg_gloss-wave_70_ffdd57_500x100.png HTTP/1.1" 304 -
114.95.241.104 - - [02/Sep/2023:10:21:03 +0800] "GET /xingrg/all/function/internal_message.html?_=1693621158292&CODE_STATE=getMsg HTTP/1.1" 200 27
120.253.135.82 - - [02/Sep/2023:10:21:03 +0800] "GET /xingrg/all/function/internal_message.html?_=1693621069865&CODE_STATE=getMsg HTTP/1.1" 200 27
114.95.241.104 - - [02/Sep/2023:10:21:04 +0800] "GET /xingrg/all/function/internal_message.html?_=1693621159239&CODE_STATE=getMsg HTTP/1.1" 200 27
101.83.145.37 - - [02/Sep/2023:10:21:04 +0800] "POST /xingrg/kc/base/stock_operate.html HTTP/1.1" 200 4211
124.78.155.92 - - [02/Sep/2023:10:21:04 +0800] "POST /xingrg/dwr/call/plaincall/AjaxReportQueryService.refreshCache.dwr HTTP/1.1" 200 78
101.83.145.37 - - [02/Sep/2023:10:21:04 +0800] "GET /xingrg/javascript/jquery_tools/fix_table.js HTTP/1.1" 304 -
124.78.155.92 - - [02/Sep/2023:10:21:05 +0800] "POST /xingrg/all/report/load_report_page.html HTTP/1.1" 200 66634
124.78.155.92 - - [02/Sep/2023:10:21:05 +0800] "GET /xingrg/servlets/image?cache=0.6121090433544711&image=px HTTP/1.1" 200 807
58.40.7.146 - - [02/Sep/2023:10:21:05 +0800] "GET /xingrg/check_reg.html?_=1693621265222 HTTP/1.1" 200 22
58.40.7.146 - - [02/Sep/2023:10:21:05 +0800] "GET /xingrg/all/function/internal_message.html?_=1693621265221&CODE_STATE=getMsg HTTP/1.1" 200 27
101.83.145.37 - - [02/Sep/2023:10:21:09 +0800] "GET /xingrg/css/images/panel_loading.gif HTTP/1.1" 304 -
101.83.145.37 - - [02/Sep/2023:10:21:09 +0800] "POST /xingrg/all/common/load_combo.html?type=base HTTP/1.1" 200 3409
222.70.180.200 - - [02/Sep/2023:10:21:09 +0800] "GET /xingrg/all/function/internal_message.html?_=1693621269742&CODE_STATE=getMsg HTTP/1.1" 200 27
180.165.48.189 - - [02/Sep/2023:10:21:15 +0800] "GET /xingrg/all/function/internal_message.html?_=1693621274987&CODE_STATE=getMsg HTTP/1.1" 200 27
180.165.48.189 - - [02/Sep/2023:10:21:15 +0800] "GET /xingrg/check_reg.html?_=1693621274989 HTTP/1.1" 200 22
101.83.145.37 - - [02/Sep/2023:10:21:16 +0800] "POST /xingrg/kc/base/stock_operate.html HTTP/1.1" 200 4267
101.83.145.37 - - [02/Sep/2023:10:21:19 +0800] "GET /xingrg/all/function/internal_message.html?_=1693621280746&CODE_STATE=getMsg HTTP/1.1" 200 27
101.83.145.37 - - [02/Sep/2023:10:21:21 +0800] "POST /xingrg/kc/base/stock_operate.html HTTP/1.1" 200 4372
101.83.241.137 - - [02/Sep/2023:10:21:21 +0800] "GET /xingrg/all/function/internal_message.html?_=1693621424638&CODE_STATE=getMsg HTTP/1.1" 200 27
101.228.187.155 - - [02/Sep/2023:10:21:24 +0800] "GET /xingrg/all/function/internal_message.html?_=1693621283177&CODE_STATE=getMsg HTTP/1.1" 200 27
124.78.155.92 - - [02/Sep/2023:10:21:25 +0800] "GET /xingrg/all/function/internal_message.html?_=1693621301721&CODE_STATE=getMsg HTTP/1.1" 200 27
101.83.145.37 - - [02/Sep/2023:10:21:27 +0800] "POST /xingrg/kc/base/stock_operate.html HTTP/1.1" 200 4384
101.83.145.37 - - [02/Sep/2023:10:21:32 +0800] "POST /xingrg/kc/base/stock_operate.html HTTP/1.1" 200 4467
180.169.147.146 - - [02/Sep/2023:10:21:34 +0800] "GET /xingrg/all/function/internal_message.html?_=1693621293624&CODE_STATE=getMsg HTTP/1.1" 200 27
180.152.241.196 - - [02/Sep/2023:10:21:35 +0800] "GET /xingrg/all/function/internal_message.html?_=1693621295768&CODE_STATE=getMsg HTTP/1.1" 200 27
172.20.0.100 - - [02/Sep/2023:10:21:36 +0800] "GET /xingrg/all/function/internal_message.html?_=1693621296076&CODE_STATE=getMsg HTTP/1.1" 200 27
101.83.145.37 - - [02/Sep/2023:10:21:37 +0800] "POST /xingrg/kc/base/stock_operate.html HTTP/1.1" 200 4586
180.152.241.196 - - [02/Sep/2023:10:21:42 +0800] "GET /xingrg/all/function/internal_message.html?_=1693621308001&CODE_STATE=getMsg HTTP/1.1" 200 27
101.83.145.37 - - [02/Sep/2023:10:21:44 +0800] "POST /xingrg/kc/base/stock_operate.html HTTP/1.1" 200 4617
180.169.147.146 - - [02/Sep/2023:10:21:45 +0800] "GET /xingrg/all/function/internal_message.html?_=1693621305650&CODE_STATE=getMsg HTTP/1.1" 200 27
114.95.241.104 - - [02/Sep/2023:10:21:46 +0800] "GET /xingrg/check_reg.html?_=1693621201141 HTTP/1.1" 200 22
101.83.145.37 - - [02/Sep/2023:10:21:47 +0800] "POST /xingrg/kc/base/stock_operate.html HTTP/1.1" 200 4631
101.83.241.234 - - [02/Sep/2023:10:21:48 +0800] "GET /xingrg/all/function/internal_message.html?_=1693621307129&CODE_STATE=getMsg HTTP/1.1" 200 27
124.79.247.70 - - [02/Sep/2023:10:21:49 +0800] "GET /xingrg/kc/base/check_order_list.html HTTP/1.1" 200 16299
124.79.247.70 - - [02/Sep/2023:10:21:50 +0800] "POST /xingrg/kc/base/check_list_operate.html HTTP/1.1" 200 1908
101.83.241.234 - - [02/Sep/2023:10:21:51 +0800] "GET /xingrg/all/function/internal_message.html?_=1693621309278&CODE_STATE=getMsg HTTP/1.1" 200 27
101.83.145.37 - - [02/Sep/2023:10:21:51 +0800] "POST /xingrg/kc/base/stock_operate.html HTTP/1.1" 200 4623
180.174.205.229 - - [02/Sep/2023:10:21:52 +0800] "GET /xingrg/all/function/internal_message.html?_=1693621311843&CODE_STATE=getMsg HTTP/1.1" 200 27
180.162.114.7 - - [02/Sep/2023:10:21:53 +0800] "GET /xingrg/all/function/internal_message.html?_=1693619992794&CODE_STATE=getMsg HTTP/1.1" 200 27
222.70.180.200 - - [02/Sep/2023:10:21:54 +0800] "GET /xingrg/all/function/internal_message.html?_=1693621392222&CODE_STATE=getMsg HTTP/1.1" 200 27
180.152.241.196 - - [02/Sep/2023:10:21:54 +0800] "GET /xingrg/check_reg.html?_=1693621333779 HTTP/1.1" 200 22
180.152.241.196 - - [02/Sep/2023:10:21:54 +0800] "GET /xingrg/all/function/internal_message.html?_=1693621333904&CODE_STATE=getMsg HTTP/1.1" 200 27
101.83.241.234 - - [02/Sep/2023:10:21:55 +0800] "GET /xingrg/kc/buy/cgsh_order_operate.html?command=get_materiel&rest_code=00149&code=00101009109&supplier_code=00100201&order_time=2023-09-02 HTTP/1.1" 200 413
124.79.247.70 - - [02/Sep/2023:10:21:55 +0800] "GET /xingrg/all/function/internal_message.html?_=1693621610608&CODE_STATE=getMsg HTTP/1.1" 200 27
180.169.147.146 - - [02/Sep/2023:10:21:55 +0800] "GET /xingrg/check_reg.html?_=1693621316794 HTTP/1.1" 302 -
101.83.145.37 - - [02/Sep/2023:10:21:56 +0800] "POST /xingrg/kc/base/stock_operate.html HTTP/1.1" 200 4672
101.83.145.37 - - [02/Sep/2023:10:21:57 +0800] "GET /xingrg/all/function/internal_message.html?_=1693621111556&CODE_STATE=getMsg HTTP/1.1" 200 27
124.79.247.70 - - [02/Sep/2023:10:21:57 +0800] "GET /xingrg/kc/base/check_order_info.html?code=452023083100556 HTTP/1.1" 200 26557
124.79.247.70 - - [02/Sep/2023:10:21:57 +0800] "GET /xingrg/dwr/interface/AjaxComOrderService.js HTTP/1.1" 200 18264
124.79.247.70 - - [02/Sep/2023:10:21:57 +0800] "GET /xingrg/dwr/interface/AjaxCheckService.js HTTP/1.1" 200 14003
124.79.247.70 - - [02/Sep/2023:10:21:57 +0800] "GET /xingrg/dwr/engine.js HTTP/1.1" 200 43631
124.79.247.70 - - [02/Sep/2023:10:21:58 +0800] "POST /xingrg/dwr/call/plaincall/AjaxCheckService.loadOrderItems.dwr HTTP/1.1" 200 172269
101.83.145.37 - - [02/Sep/2023:10:21:58 +0800] "POST /xingrg/kc/base/stock_operate.html HTTP/1.1" 200 4624
116.232.195.127 - - [02/Sep/2023:10:22:00 +0800] "GET /xingrg/all/function/internal_message.html?_=1693621220126&CODE_STATE=getMsg HTTP/1.1" 200 27
180.152.241.196 - - [02/Sep/2023:10:22:02 +0800] "GET /xingrg/all/report/report_query.html?fileName=dma/new_5.0/menu/menu_category_hz.xml HTTP/1.1" 200 53064
180.152.241.196 - - [02/Sep/2023:10:22:02 +0800] "GET /xingrg/dwr/interface/AjaxReportQueryService.js HTTP/1.1" 200 13203
180.152.241.196 - - [02/Sep/2023:10:22:02 +0800] "GET /xingrg/dwr/engine.js HTTP/1.1" 200 43631
180.152.241.196 - - [02/Sep/2023:10:22:03 +0800] "POST /xingrg/dwr/call/plaincall/AjaxReportQueryService.getFixDate.dwr HTTP/1.1" 200 111
101.83.145.37 - - [02/Sep/2023:10:22:03 +0800] "POST /xingrg/kc/base/stock_operate.html HTTP/1.1" 200 4634
114.95.241.104 - - [02/Sep/2023:10:22:03 +0800] "GET /xingrg/all/function/internal_message.html?_=1693621218301&CODE_STATE=getMsg HTTP/1.1" 200 27
120.253.135.82 - - [02/Sep/2023:10:22:03 +0800] "GET /xingrg/check_reg.html?_=1693621129467 HTTP/1.1" 200 22
180.152.241.196 - - [02/Sep/2023:10:22:03 +0800] "POST /xingrg/all/common/load_tree.html?tree=area_station_tree_json&manage=1 HTTP/1.1" 200 3393
120.253.135.82 - - [02/Sep/2023:10:22:03 +0800] "GET /xingrg/all/function/internal_message.html?_=1693621129913&CODE_STATE=getMsg HTTP/1.1" 200 27
114.95.241.104 - - [02/Sep/2023:10:22:03 +0800] "GET /xingrg/check_reg.html?_=1693621219012 HTTP/1.1" 200 22
114.95.241.104 - - [02/Sep/2023:10:22:04 +0800] "GET /xingrg/all/function/internal_message.html?_=1693621219253&CODE_STATE=getMsg HTTP/1.1" 200 27
180.152.241.196 - - [02/Sep/2023:10:22:04 +0800] "GET /xingrg/all/report/report_query.html?fileName=dma/new_5.0/menu/menu_stca_hz.xml HTTP/1.1" 200 51418
180.152.241.196 - - [02/Sep/2023:10:22:04 +0800] "GET /xingrg/dwr/interface/AjaxReportQueryService.js HTTP/1.1" 200 13203
180.152.241.196 - - [02/Sep/2023:10:22:04 +0800] "GET /xingrg/dwr/engine.js HTTP/1.1" 200 43631
180.152.241.196 - - [02/Sep/2023:10:22:04 +0800] "POST /xingrg/dwr/call/plaincall/AjaxReportQueryService.getFixDate.dwr HTTP/1.1" 200 111
180.152.241.196 - - [02/Sep/2023:10:22:04 +0800] "POST /xingrg/all/common/load_tree.html?tree=area_station_tree_json&manage=1 HTTP/1.1" 200 3393
58.40.7.146 - - [02/Sep/2023:10:22:05 +0800] "GET /xingrg/all/function/internal_message.html?_=1693621325223&CODE_STATE=getMsg HTTP/1.1" 200 27
180.152.241.196 - - [02/Sep/2023:10:22:07 +0800] "POST /xingrg/dwr/call/plaincall/AjaxReportQueryService.getFixDate.dwr HTTP/1.1" 200 111
101.83.145.37 - - [02/Sep/2023:10:22:07 +0800] "POST /xingrg/kc/base/stock_operate.html HTTP/1.1" 200 4606
180.152.241.196 - - [02/Sep/2023:10:22:08 +0800] "POST /xingrg/dwr/call/plaincall/AjaxReportQueryService.getFixDate.dwr HTTP/1.1" 200 111
222.70.180.200 - - [02/Sep/2023:10:22:09 +0800] "GET /xingrg/all/function/internal_message.html?_=1693621329714&CODE_STATE=getMsg HTTP/1.1" 200 27
101.83.145.37 - - [02/Sep/2023:10:22:10 +0800] "POST /xingrg/kc/base/stock_operate.html HTTP/1.1" 200 3390
124.78.155.92 - - [02/Sep/2023:10:22:12 +0800] "GET /xingrg/all/report/report_query.html?isQuery=1&fileName=dma/new_5.0/menu/menu_hz.xml&queryString=(a.sale_day%2520between%252020230801%2520and%252020230831)%2520and%2520(a.sid%2520in%2520(11))%2520and%2520(a.tj_code%253D18)&queryText=%25E3%2580%2590%25E8%2590%25A5%25E4%25B8%259A%25E6%2597%25A5%25E6%259C%259F%253A2023-08-01%2520%25E8%2587%25B3%25202023-08-31%25E3%2580%2591%2520%25E5%25B9%25B6%25E4%25B8%2594%2520%2520%25E3%2580%2590%25E9%2597%25A8%25E5%25BA%2597%25E5%2590%258D%25E7%25A7%25B0%2520%253D%2520%25E6%25B7%25B1%25E6%25B5%25B7%25E6%25B8%2594%25E6%25B8%25AF%25E9%2595%25BF%25E5%25AF%25BF%25E8%25B7%25AF%25E3%2580%2591%2520%25E5%25B9%25B6%25E4%25B8%2594%2520%25E3%2580%2590%25E7%25BB%259F%25E8%25AE%25A1%25E7%25B1%25BB%25E5%2588%25AB%2520%253D%2520%25E6%258A%25B5%25E7%2594%25A8%25E5%2588%25B8%25E3%2580%2591 HTTP/1.1" 200 54120
124.78.155.92 - - [02/Sep/2023:10:22:13 +0800] "GET /xingrg/dwr/engine.js HTTP/1.1" 200 43631
180.152.241.196 - - [02/Sep/2023:10:22:13 +0800] "POST /xingrg/dwr/call/plaincall/AjaxReportQueryService.refreshCache.dwr HTTP/1.1" 200 78
124.78.155.92 - - [02/Sep/2023:10:22:13 +0800] "GET /favicon.ico HTTP/1.1" 404 -
180.152.241.196 - - [02/Sep/2023:10:22:13 +0800] "POST /xingrg/all/report/load_report_page.html HTTP/1.1" 200 61591
180.152.241.196 - - [02/Sep/2023:10:22:13 +0800] "GET /xingrg/servlets/image?cache=0.13870829345390212&image=px HTTP/1.1" 200 807
124.78.155.92 - - [02/Sep/2023:10:22:14 +0800] "POST /xingrg/all/report/load_report_page.html HTTP/1.1" 200 68999
124.78.155.92 - - [02/Sep/2023:10:22:14 +0800] "GET /xingrg/servlets/image?cache=0.1777009631111257&image=px HTTP/1.1" 200 807
180.165.48.189 - - [02/Sep/2023:10:22:15 +0800] "GET /xingrg/all/function/internal_message.html?_=1693621334996&CODE_STATE=getMsg HTTP/1.1" 200 27
101.83.145.37 - - [02/Sep/2023:10:22:16 +0800] "POST /xingrg/kc/base/stock_operate.html HTTP/1.1" 200 4606
180.152.241.196 - - [02/Sep/2023:10:22:18 +0800] "GET /xingrg/all/report/report_query.html?isQuery=1&fileName=dma/new_5.0/menu/menu_hz.xml&queryString=(a.sale_day%2520between%252020230801%2520and%252020230831)%2520and%2520(a.sid%2520in%2520(1))%2520and%2520(a.tj_code%253D17)&queryText=%25E3%2580%2590%25E8%2590%25A5%25E4%25B8%259A%25E6%2597%25A5%25E6%259C%259F%253A2023-08-01%2520%25E8%2587%25B3%25202023-08-31%25E3%2580%2591%2520%25E5%25B9%25B6%25E4%25B8%2594%2520%2520%25E3%2580%2590%25E9%2597%25A8%25E5%25BA%2597%25E5%2590%258D%25E7%25A7%25B0%2520%253D%2520%25E6%259D%25BE%25E6%25B1%259F%25E6%25A6%2595%25E6%25B8%25AF%25E3%2580%2591%2520%25E5%25B9%25B6%25E4%25B8%2594%2520%25E3%2580%2590%25E7%25BB%259F%25E8%25AE%25A1%25E7%25B1%25BB%25E5%2588%25AB%2520%253D%2520%25E4%25BC%259A%25E5%2591%2598%25E5%258D%25A1%25E3%2580%2591 HTTP/1.1" 200 54107
180.152.241.196 - - [02/Sep/2023:10:22:18 +0800] "GET /xingrg/dwr/engine.js HTTP/1.1" 200 43631
180.152.241.196 - - [02/Sep/2023:10:22:19 +0800] "GET /favicon.ico HTTP/1.1" 404 -
101.83.145.37 - - [02/Sep/2023:10:22:19 +0800] "POST /xingrg/kc/base/stock_operate.html HTTP/1.1" 200 4634
180.152.241.196 - - [02/Sep/2023:10:22:19 +0800] "POST /xingrg/all/report/load_report_page.html HTTP/1.1" 200 17525
180.152.241.196 - - [02/Sep/2023:10:22:19 +0800] "GET /xingrg/servlets/image?cache=0.8853187701448532&image=px HTTP/1.1" 200 807
101.83.145.37 - - [02/Sep/2023:10:22:19 +0800] "GET /xingrg/all/function/internal_message.html?_=1693621340723&CODE_STATE=getMsg HTTP/1.1" 200 27
101.83.145.37 - - [02/Sep/2023:10:22:20 +0800] "GET /xingrg/check_reg.html?_=1693621340900 HTTP/1.1" 200 22
101.83.145.37 - - [02/Sep/2023:10:22:21 +0800] "POST /xingrg/kc/base/stock_operate.html HTTP/1.1" 200 4624
101.83.241.137 - - [02/Sep/2023:10:22:21 +0800] "GET /xingrg/all/function/internal_message.html?_=1693621484629&CODE_STATE=getMsg HTTP/1.1" 200 27
101.83.145.37 - - [02/Sep/2023:10:22:23 +0800] "POST /xingrg/kc/base/stock_operate.html HTTP/1.1" 200 4672
