180.152.241.196 - - [02/Sep/2023:09:49:35 +0800] "GET /xingrg/all/function/internal_message.html?_=1693619375755&CODE_STATE=getMsg HTTP/1.1" 200 27
180.165.48.189 - - [02/Sep/2023:09:49:35 +0800] "GET /xingrg/kc/buy/cgsh_order_operate.html?command=get_materiel&rest_code=00108&code=00101012032&supplier_code=00100036&order_time=2023-09-02 HTTP/1.1" 200 416
222.67.237.86 - - [02/Sep/2023:09:49:36 +0800] "GET /xingrg/kc/buy/cgsh_order_operate.html?command=get_materiel&rest_code=00141&code=00101008148&supplier_code=00100007&order_time=2023-09-02 HTTP/1.1" 200 416
180.169.147.146 - - [02/Sep/2023:09:49:41 +0800] "GET /xingrg/index.html?sysBaseUrl=http%3A%2F%2F180.169.147.146%3A18081%2Fxingrg%2F&costTime=39×tamp=1592034574635 HTTP/1.1" 302 -
180.169.147.146 - - [02/Sep/2023:09:49:41 +0800] "GET /xingrg/login.html HTTP/1.1" 200 7641
180.169.147.146 - - [02/Sep/2023:09:49:42 +0800] "GET /favicon.ico HTTP/1.1" 404 -
116.232.195.127 - - [02/Sep/2023:09:49:42 +0800] "GET /xingrg/kc/buy/cgsh_order_operate.html?command=get_materiel&rest_code=00155&code=00101005004&supplier_code=00100627&order_time=2023-09-02 HTTP/1.1" 200 409
114.95.241.104 - - [02/Sep/2023:09:49:43 +0800] "GET /xingrg/all/function/internal_message.html?_=1693619277930&CODE_STATE=getMsg HTTP/1.1" 200 27
180.169.147.146 - - [02/Sep/2023:09:49:44 +0800] "POST /xingrg/login.do HTTP/1.1" 302 -
180.169.147.146 - - [02/Sep/2023:09:49:44 +0800] "GET /xingrg/index.html?sysBaseUrl=http%3A%2F%2F180.169.147.146%3A18081%2Fxingrg%2F&costTime=881×tamp=1693619384503 HTTP/1.1" 200 17503
180.169.147.146 - - [02/Sep/2023:09:49:44 +0800] "GET /favicon.ico HTTP/1.1" 404 -
180.169.147.146 - - [02/Sep/2023:09:49:44 +0800] "GET /xingrg/check_reg.html?_=1693619384887 HTTP/1.1" 200 22
180.169.147.146 - - [02/Sep/2023:09:49:44 +0800] "POST /xingrg/all/common/load_tree.html?tree=area_rest_tree_json&manage=1 HTTP/1.1" 200 3499
180.169.147.146 - - [02/Sep/2023:09:49:44 +0800] "GET /xingrg/all/function/internal_message.html?_=1693619384885&CODE_STATE=count HTTP/1.1" 200 11
180.169.147.146 - - [02/Sep/2023:09:49:45 +0800] "POST /xingrg/load_menu.html HTTP/1.1" 200 11564
180.165.48.189 - - [02/Sep/2023:09:49:45 +0800] "GET /xingrg/kc/buy/cgsh_order_operate.html?command=get_materiel&rest_code=00108&code=00101011001&supplier_code=00100036&order_time=2023-09-02 HTTP/1.1" 200 423
180.169.147.146 - - [02/Sep/2023:09:49:46 +0800] "GET /xingrg/kc/report/report_main.html HTTP/1.1" 200 8599
101.83.241.234 - - [02/Sep/2023:09:49:46 +0800] "GET /xingrg/all/function/internal_message.html?_=1693619384661&CODE_STATE=getMsg HTTP/1.1" 200 27
180.169.147.146 - - [02/Sep/2023:09:49:47 +0800] "GET /xingrg/kc/base/kc_stocks.html HTTP/1.1" 200 16506
180.169.147.146 - - [02/Sep/2023:09:49:47 +0800] "GET /xingrg/javascript/easyui/themes/default/tree.css HTTP/1.1" 404 1090
180.169.147.146 - - [02/Sep/2023:09:49:47 +0800] "GET /xingrg/all/common/auto_word.html?type=base&rest_code=00101 HTTP/1.1" 200 671
180.169.147.146 - - [02/Sep/2023:09:49:47 +0800] "POST /xingrg/all/common/load_tree.html?tree=materiel_sort_tree_json HTTP/1.1" 200 9500
180.174.205.229 - - [02/Sep/2023:09:49:52 +0800] "GET /xingrg/all/function/internal_message.html?_=1693619391799&CODE_STATE=getMsg HTTP/1.1" 200 27
124.78.155.92 - - [02/Sep/2023:09:49:53 +0800] "GET /xingrg/check_reg.html?_=1693619409601 HTTP/1.1" 200 22
124.78.155.92 - - [02/Sep/2023:09:49:53 +0800] "GET /xingrg/all/function/internal_message.html?_=1693619409608&CODE_STATE=getMsg HTTP/1.1" 200 27
172.20.0.100 - - [02/Sep/2023:09:49:53 +0800] "GET /xingrg/all/function/internal_message.html?_=1693619393236&CODE_STATE=getMsg HTTP/1.1" 200 27
180.162.114.7 - - [02/Sep/2023:09:49:53 +0800] "GET /xingrg/all/function/internal_message.html?_=1693618072740&CODE_STATE=getMsg HTTP/1.1" 200 27
180.169.147.146 - - [02/Sep/2023:09:49:54 +0800] "POST /xingrg/kc/base/stock_operate.html HTTP/1.1" 200 1483
222.70.180.200 - - [02/Sep/2023:09:49:54 +0800] "GET /xingrg/all/function/internal_message.html?_=1693619472796&CODE_STATE=getMsg HTTP/1.1" 200 27
124.79.247.70 - - [02/Sep/2023:09:49:55 +0800] "GET /xingrg/check_reg.html?_=1693619690578 HTTP/1.1" 200 22
124.79.247.70 - - [02/Sep/2023:09:49:55 +0800] "GET /xingrg/all/function/internal_message.html?_=1693619690579&CODE_STATE=getMsg HTTP/1.1" 200 27
101.83.145.37 - - [02/Sep/2023:09:49:57 +0800] "GET /xingrg/all/function/internal_message.html?_=1693619191510&CODE_STATE=getMsg HTTP/1.1" 200 27
101.83.241.137 - - [02/Sep/2023:09:49:57 +0800] "GET /xingrg/kc/buy/cgsh_order_list.html HTTP/1.1" 200 56388
116.232.195.127 - - [02/Sep/2023:09:50:01 +0800] "GET /xingrg/all/function/internal_message.html?_=1693619300536&CODE_STATE=getMsg HTTP/1.1" 200 27
180.165.48.189 - - [02/Sep/2023:09:50:01 +0800] "POST /xingrg/kc/buy/cgsh_order_operate.html HTTP/1.1" 200 37
116.232.195.127 - - [02/Sep/2023:09:50:01 +0800] "POST /xingrg/kc/buy/cgsh_order_operate.html HTTP/1.1" 200 64
222.70.180.200 - - [02/Sep/2023:09:50:02 +0800] "GET /xingrg/kc/mdqp/pssh_order_list.html?isBack=1 HTTP/1.1" 200 17882
114.95.241.104 - - [02/Sep/2023:09:50:02 +0800] "GET /xingrg/all/function/internal_message.html?_=1693619297664&CODE_STATE=getMsg HTTP/1.1" 200 27
222.70.180.200 - - [02/Sep/2023:09:50:02 +0800] "POST /xingrg/kc/mdqp/pssh_list_operate.html HTTP/1.1" 200 5401
180.165.48.189 - - [02/Sep/2023:09:50:03 +0800] "POST /xingrg/kc/buy/cgsh_order_operate.html HTTP/1.1" 200 3850
222.70.180.200 - - [02/Sep/2023:09:50:04 +0800] "GET /xingrg/check_reg.html?_=1693619482057 HTTP/1.1" 200 22
222.67.237.86 - - [02/Sep/2023:09:50:04 +0800] "GET /xingrg/kc/buy/cgsh_order_operate.html?command=get_materiel&rest_code=00141&code=00101015056&supplier_code=00100007&order_time=2023-09-02 HTTP/1.1" 200 413
58.40.7.146 - - [02/Sep/2023:09:50:05 +0800] "GET /xingrg/all/function/internal_message.html?_=1693619405208&CODE_STATE=getMsg HTTP/1.1" 200 27
180.165.48.189 - - [02/Sep/2023:09:50:05 +0800] "GET /xingrg/kc/print/load_data.html?order_code=212023090200461&kc_code=cgsh&condition= HTTP/1.1" 200 1214
101.83.241.137 - - [02/Sep/2023:09:50:05 +0800] "POST /xingrg/kc/buy/cgsh_list_operate.html HTTP/1.1" 200 1856
180.165.48.189 - - [02/Sep/2023:09:50:09 +0800] "GET /xingrg/kc/buy/cgsh_order_add.html HTTP/1.1" 200 72256
180.165.48.189 - - [02/Sep/2023:09:50:09 +0800] "POST /xingrg/kc/buy/cgsh_order_operate.html HTTP/1.1" 200 8245
180.165.48.189 - - [02/Sep/2023:09:50:09 +0800] "GET /xingrg/javascript/easyui/themes/default/validatebox.css HTTP/1.1" 404 1104
222.70.180.200 - - [02/Sep/2023:09:50:10 +0800] "GET /xingrg/all/function/internal_message.html?_=1693619410399&CODE_STATE=getMsg HTTP/1.1" 200 27
180.169.147.146 - - [02/Sep/2023:09:50:10 +0800] "POST /xingrg/kc/base/stock_operate.html HTTP/1.1" 200 765
101.83.241.137 - - [02/Sep/2023:09:50:11 +0800] "GET /xingrg/kc/buy/cgsh_order_add.html HTTP/1.1" 200 71368
101.83.241.137 - - [02/Sep/2023:09:50:11 +0800] "POST /xingrg/kc/buy/cgsh_order_operate.html HTTP/1.1" 200 8245
101.83.241.137 - - [02/Sep/2023:09:50:11 +0800] "GET /xingrg/javascript/easyui/themes/default/validatebox.css HTTP/1.1" 404 1104
101.83.241.137 - - [02/Sep/2023:09:50:11 +0800] "GET /xingrg/all/common/auto_word.html?type=employee&rest_code=00154 HTTP/1.1" 200 101
101.83.241.137 - - [02/Sep/2023:09:50:11 +0800] "GET /xingrg/all/common/auto_word.html?type=employee&rest_code=00154 HTTP/1.1" 200 101
116.232.195.127 - - [02/Sep/2023:09:50:12 +0800] "POST /xingrg/kc/buy/cgsh_order_operate.html HTTP/1.1" 200 37
180.169.147.146 - - [02/Sep/2023:09:50:14 +0800] "POST /xingrg/kc/base/stock_operate.html HTTP/1.1" 200 3736
116.232.195.127 - - [02/Sep/2023:09:50:15 +0800] "POST /xingrg/kc/buy/cgsh_order_operate.html HTTP/1.1" 200 2655
222.70.180.200 - - [02/Sep/2023:09:50:15 +0800] "POST /xingrg/kc/mdqp/pssh_list_operate.html HTTP/1.1" 200 808
180.165.48.189 - - [02/Sep/2023:09:50:15 +0800] "GET /xingrg/all/function/internal_message.html?_=1693619414993&CODE_STATE=getMsg HTTP/1.1" 200 27
222.70.180.200 - - [02/Sep/2023:09:50:15 +0800] "POST /xingrg/kc/mdqp/pssh_list_operate.html HTTP/1.1" 200 814
222.70.180.200 - - [02/Sep/2023:09:50:16 +0800] "GET /xingrg/kc/mdqp/pssh_order_info.html?code=312023083100720 HTTP/1.1" 200 17297
222.70.180.200 - - [02/Sep/2023:09:50:16 +0800] "GET /xingrg/javascript/jquery_tools/jquery-1.4.2.min.js HTTP/1.1" 404 1094
222.67.237.86 - - [02/Sep/2023:09:50:16 +0800] "GET /xingrg/kc/buy/cgsh_order_operate.html?command=get_materiel&rest_code=00141&code=00101008264&supplier_code=00100007&order_time=2023-09-02 HTTP/1.1" 200 412
222.70.180.200 - - [02/Sep/2023:09:50:16 +0800] "GET /xingrg/javascript/easyui/themes/default/validatebox.css HTTP/1.1" 404 1104
222.70.180.200 - - [02/Sep/2023:09:50:16 +0800] "POST /xingrg/kc/mdqp/pssh_order_operate.html HTTP/1.1" 200 16491
116.232.195.127 - - [02/Sep/2023:09:50:17 +0800] "GET /xingrg/kc/print/load_data.html?order_code=212023090200462&kc_code=cgsh&condition= HTTP/1.1" 200 664
180.169.147.146 - - [02/Sep/2023:09:50:17 +0800] "POST /xingrg/kc/base/stock_operate.html HTTP/1.1" 200 1700
101.83.145.37 - - [02/Sep/2023:09:50:19 +0800] "GET /xingrg/all/function/internal_message.html?_=1693619420866&CODE_STATE=getMsg HTTP/1.1" 200 27
222.67.237.86 - - [02/Sep/2023:09:50:20 +0800] "GET /xingrg/check_reg.html?_=1693618861268 HTTP/1.1" 200 22
222.67.237.86 - - [02/Sep/2023:09:50:20 +0800] "GET /xingrg/all/function/internal_message.html?_=1693618861456&CODE_STATE=getMsg HTTP/1.1" 200 27
218.81.220.60 - - [02/Sep/2023:09:50:20 +0800] "POST /xingrg/services/DataTransmitService HTTP/1.1" 200 524
180.165.48.189 - - [02/Sep/2023:09:50:21 +0800] "GET /xingrg/kc/buy/cgsh_order_operate.html?command=get_materiel&rest_code=00108&code=00101002027&supplier_code=00100012&order_time=2023-09-02 HTTP/1.1" 200 413
101.83.241.137 - - [02/Sep/2023:09:50:21 +0800] "GET /xingrg/all/function/internal_message.html?_=1693619564627&CODE_STATE=getMsg HTTP/1.1" 200 27
218.81.220.60 - - [02/Sep/2023:09:50:22 +0800] "POST /xingrg/services/DataTransmitService HTTP/1.1" 200 412
218.81.220.60 - - [02/Sep/2023:09:50:23 +0800] "POST /xingrg/services/DataTransmitService HTTP/1.1" 200 524
116.232.195.127 - - [02/Sep/2023:09:50:23 +0800] "GET /xingrg/kc/buy/cgsh_order_add.html HTTP/1.1" 200 72211
218.81.220.60 - - [02/Sep/2023:09:50:23 +0800] "POST /xingrg/services/DataTransmitService HTTP/1.1" 200 412
116.232.195.127 - - [02/Sep/2023:09:50:24 +0800] "POST /xingrg/kc/buy/cgsh_order_operate.html HTTP/1.1" 200 8245
116.232.195.127 - - [02/Sep/2023:09:50:24 +0800] "GET /xingrg/javascript/easyui/themes/default/validatebox.css HTTP/1.1" 404 1104
101.228.187.155 - - [02/Sep/2023:09:50:24 +0800] "GET /xingrg/all/function/internal_message.html?_=1693619423149&CODE_STATE=getMsg HTTP/1.1" 200 27
218.81.220.60 - - [02/Sep/2023:09:50:26 +0800] "POST /xingrg/services/DataTransmitService HTTP/1.1" 200 524
222.67.237.86 - - [02/Sep/2023:09:50:26 +0800] "GET /xingrg/kc/buy/cgsh_order_operate.html?command=get_materiel&rest_code=00141&code=00101008740&supplier_code=00100007&order_time=2023-09-02 HTTP/1.1" 200 399
218.81.220.60 - - [02/Sep/2023:09:50:28 +0800] "POST /xingrg/services/DataTransmitService HTTP/1.1" 200 2335
180.169.147.146 - - [02/Sep/2023:09:50:34 +0800] "POST /xingrg/kc/base/stock_operate.html HTTP/1.1" 200 1483
180.165.48.189 - - [02/Sep/2023:09:50:35 +0800] "GET /xingrg/kc/buy/cgsh_order_operate.html?command=get_materiel&rest_code=00108&code=00101006065&supplier_code=00100012&order_time=2023-09-02 HTTP/1.1" 200 409
180.152.241.196 - - [02/Sep/2023:09:50:35 +0800] "GET /xingrg/all/function/internal_message.html?_=1693619435760&CODE_STATE=getMsg HTTP/1.1" 200 27
124.78.155.92 - - [02/Sep/2023:09:50:38 +0800] "POST /xingrg/services/DataTransmitService HTTP/1.1" 200 524
172.20.0.100 - - [02/Sep/2023:09:50:41 +0800] "GET /xingrg/check_reg.html?_=1693619440819 HTTP/1.1" 200 22
180.163.28.114 - - [02/Sep/2023:09:50:41 +0800] "GET /xingrg/index.html?sysBaseUrl=http://180.169.147.146:18081/xingrg/&costTime=39×tamp=1592034574635 HTTP/1.1" 302 -
180.163.28.114 - - [02/Sep/2023:09:50:41 +0800] "GET /xingrg/login.html HTTP/1.1" 200 7641
114.95.241.104 - - [02/Sep/2023:09:50:42 +0800] "GET /xingrg/all/function/internal_message.html?_=1693619337949&CODE_STATE=getMsg HTTP/1.1" 200 27
222.67.237.86 - - [02/Sep/2023:09:50:43 +0800] "GET /xingrg/kc/buy/cgsh_order_operate.html?command=get_materiel&rest_code=00141&code=00101008077&supplier_code=00100007&order_time=2023-09-02 HTTP/1.1" 200 416
180.169.147.146 - - [02/Sep/2023:09:50:44 +0800] "GET /xingrg/all/function/internal_message.html?_=1693619444907&CODE_STATE=getMsg HTTP/1.1" 200 27
101.83.241.234 - - [02/Sep/2023:09:50:46 +0800] "GET /xingrg/all/function/internal_message.html?_=1693619444643&CODE_STATE=getMsg HTTP/1.1" 200 27
180.165.48.189 - - [02/Sep/2023:09:50:47 +0800] "GET /xingrg/kc/buy/cgsh_order_operate.html?command=get_materiel&rest_code=00108&code=00101006055&supplier_code=00100012&order_time=2023-09-02 HTTP/1.1" 200 409
180.163.28.180 - - [02/Sep/2023:09:50:47 +0800] "GET /xingrg/all/common/auto_word.html?type=base&rest_code=00101 HTTP/1.1" 302 -
180.163.28.180 - - [02/Sep/2023:09:50:47 +0800] "GET /xingrg/login.html HTTP/1.1" 200 7641
116.232.195.127 - - [02/Sep/2023:09:50:48 +0800] "GET /xingrg/kc/buy/cgsh_order_operate.html?command=get_materiel&rest_code=00155&code=00101008358&supplier_code=00100005&order_time=2023-09-02 HTTP/1.1" 200 412
101.83.241.137 - - [02/Sep/2023:09:50:50 +0800] "GET /xingrg/kc/buy/cgsh_order_operate.html?command=get_materiel&rest_code=00154&code=00101027080&supplier_code=00100585&order_time=2023-09-02 HTTP/1.1" 200 424
180.174.205.229 - - [02/Sep/2023:09:50:52 +0800] "GET /xingrg/all/function/internal_message.html?_=1693619451809&CODE_STATE=getMsg HTTP/1.1" 200 27
124.78.155.92 - - [02/Sep/2023:09:50:53 +0800] "GET /xingrg/all/function/internal_message.html?_=1693619469596&CODE_STATE=getMsg HTTP/1.1" 200 27
172.20.0.100 - - [02/Sep/2023:09:50:53 +0800] "GET /xingrg/all/function/internal_message.html?_=1693619453213&CODE_STATE=getMsg HTTP/1.1" 200 27
180.162.114.7 - - [02/Sep/2023:09:50:53 +0800] "GET /xingrg/check_reg.html?_=1693618132722 HTTP/1.1" 200 22
180.162.114.7 - - [02/Sep/2023:09:50:53 +0800] "GET /xingrg/all/function/internal_message.html?_=1693618132725&CODE_STATE=getMsg HTTP/1.1" 200 27
222.70.180.200 - - [02/Sep/2023:09:50:54 +0800] "GET /xingrg/all/function/internal_message.html?_=1693619532784&CODE_STATE=getMsg HTTP/1.1" 200 27
124.79.247.70 - - [02/Sep/2023:09:50:55 +0800] "GET /xingrg/all/function/internal_message.html?_=1693619750580&CODE_STATE=getMsg HTTP/1.1" 200 27
180.165.48.189 - - [02/Sep/2023:09:50:56 +0800] "GET /xingrg/kc/buy/cgsh_order_operate.html?command=get_materiel&rest_code=00108&code=00101006111&supplier_code=00100012&order_time=2023-09-02 HTTP/1.1" 200 409
101.83.145.37 - - [02/Sep/2023:09:50:57 +0800] "GET /xingrg/all/function/internal_message.html?_=1693619251510&CODE_STATE=getMsg HTTP/1.1" 200 27
116.232.195.127 - - [02/Sep/2023:09:51:01 +0800] "GET /xingrg/all/function/internal_message.html?_=1693619360517&CODE_STATE=getMsg HTTP/1.1" 200 27
222.67.237.86 - - [02/Sep/2023:09:51:01 +0800] "GET /xingrg/kc/buy/cgsh_order_operate.html?command=get_materiel&rest_code=00141&code=00101008069&supplier_code=00100007&order_time=2023-09-02 HTTP/1.1" 200 412
180.174.205.229 - - [02/Sep/2023:09:51:01 +0800] "GET /xingrg/check_reg.html?_=1693619461237 HTTP/1.1" 200 22
116.232.195.127 - - [02/Sep/2023:09:51:02 +0800] "GET /xingrg/kc/buy/cgsh_order_operate.html?command=get_materiel&rest_code=00155&code=00101008087&supplier_code=00100005&order_time=2023-09-02 HTTP/1.1" 200 412
114.95.241.104 - - [02/Sep/2023:09:51:02 +0800] "GET /xingrg/all/function/internal_message.html?_=1693619357696&CODE_STATE=getMsg HTTP/1.1" 200 27
58.40.7.146 - - [02/Sep/2023:09:51:05 +0800] "GET /xingrg/check_reg.html?_=1693619465211 HTTP/1.1" 200 22
58.40.7.146 - - [02/Sep/2023:09:51:05 +0800] "GET /xingrg/all/function/internal_message.html?_=1693619465209&CODE_STATE=getMsg HTTP/1.1" 200 27
222.70.180.200 - - [02/Sep/2023:09:51:08 +0800] "POST /xingrg/all/common/load_combo.html?type=employee HTTP/1.1" 200 362
218.81.220.60 - - [02/Sep/2023:09:51:09 +0800] "POST /xingrg/services/DataTransmitService HTTP/1.1" 200 524
222.70.180.200 - - [02/Sep/2023:09:51:10 +0800] "GET /xingrg/all/function/internal_message.html?_=1693619470424&CODE_STATE=getMsg HTTP/1.1" 200 27
218.81.220.60 - - [02/Sep/2023:09:51:11 +0800] "POST /xingrg/services/DataTransmitService HTTP/1.1" 200 2335
222.67.237.86 - - [02/Sep/2023:09:51:12 +0800] "GET /xingrg/kc/buy/cgsh_order_operate.html?command=get_materiel&rest_code=00141&code=00101008286&supplier_code=00100007&order_time=2023-09-02 HTTP/1.1" 200 408
180.165.48.189 - - [02/Sep/2023:09:51:13 +0800] "GET /xingrg/kc/buy/cgsh_order_operate.html?command=get_materiel&rest_code=00108&code=00101001311&supplier_code=00100012&order_time=2023-09-02 HTTP/1.1" 200 399
218.81.220.60 - - [02/Sep/2023:09:51:14 +0800] "POST /xingrg/services/DataTransmitService HTTP/1.1" 200 524
116.232.195.127 - - [02/Sep/2023:09:51:15 +0800] "GET /xingrg/kc/buy/cgsh_order_operate.html?command=get_materiel&rest_code=00155&code=00101008318&supplier_code=00100005&order_time=2023-09-02 HTTP/1.1" 200 408
180.165.48.189 - - [02/Sep/2023:09:51:15 +0800] "GET /xingrg/all/function/internal_message.html?_=1693619475001&CODE_STATE=getMsg HTTP/1.1" 200 27
180.165.48.189 - - [02/Sep/2023:09:51:15 +0800] "GET /xingrg/check_reg.html?_=1693619475004 HTTP/1.1" 200 22
218.81.220.60 - - [02/Sep/2023:09:51:16 +0800] "POST /xingrg/services/DataTransmitService HTTP/1.1" 200 2335
218.81.220.60 - - [02/Sep/2023:09:51:18 +0800] "POST /xingrg/services/DataTransmitService HTTP/1.1" 200 524
101.83.241.137 - - [02/Sep/2023:09:51:19 +0800] "GET /xingrg/kc/buy/cgsh_order_operate.html?command=get_materiel&rest_code=00154&code=00101027071&supplier_code=00100585&order_time=2023-09-02 HTTP/1.1" 200 428
101.83.145.37 - - [02/Sep/2023:09:51:20 +0800] "GET /xingrg/all/function/internal_message.html?_=1693619480990&CODE_STATE=getMsg HTTP/1.1" 200 27
222.67.237.86 - - [02/Sep/2023:09:51:20 +0800] "GET /xingrg/all/function/internal_message.html?_=1693618921473&CODE_STATE=getMsg HTTP/1.1" 200 27
218.81.220.60 - - [02/Sep/2023:09:51:21 +0800] "POST /xingrg/services/DataTransmitService HTTP/1.1" 200 2335
101.83.241.137 - - [02/Sep/2023:09:51:21 +0800] "GET /xingrg/all/function/internal_message.html?_=1693619624643&CODE_STATE=getMsg HTTP/1.1" 200 27
222.70.180.200 - - [02/Sep/2023:09:51:22 +0800] "POST /xingrg/kc/mdqp/pssh_order_operate.html HTTP/1.1" 200 37
218.81.220.60 - - [02/Sep/2023:09:51:24 +0800] "POST /xingrg/services/DataTransmitService HTTP/1.1" 200 524
101.228.187.155 - - [02/Sep/2023:09:51:24 +0800] "GET /xingrg/all/function/internal_message.html?_=1693619483149&CODE_STATE=getMsg HTTP/1.1" 200 27
218.81.220.60 - - [02/Sep/2023:09:51:26 +0800] "POST /xingrg/services/DataTransmitService HTTP/1.1" 200 2335
222.67.237.86 - - [02/Sep/2023:09:51:27 +0800] "GET /xingrg/kc/buy/cgsh_order_operate.html?command=get_materiel&rest_code=00141&code=00101008131&supplier_code=00100007&order_time=2023-09-02 HTTP/1.1" 200 409
120.253.135.82 - - [02/Sep/2023:09:51:27 +0800] "GET /xingrg/check_reg.html?_=1693619291534 HTTP/1.1" 200 22
120.253.135.82 - - [02/Sep/2023:09:51:27 +0800] "GET /xingrg/all/function/internal_message.html?_=1693619285574&CODE_STATE=getMsg HTTP/1.1" 200 27
222.70.180.200 - - [02/Sep/2023:09:51:28 +0800] "POST /xingrg/kc/mdqp/pssh_order_operate.html HTTP/1.1" 200 12
180.165.48.189 - - [02/Sep/2023:09:51:35 +0800] "POST /xingrg/kc/buy/cgsh_order_operate.html HTTP/1.1" 200 37
116.232.195.127 - - [02/Sep/2023:09:51:35 +0800] "GET /xingrg/kc/buy/cgsh_order_operate.html?command=get_materiel&rest_code=00155&code=00101008091&supplier_code=00100005&order_time=2023-09-02 HTTP/1.1" 200 413
180.152.241.196 - - [02/Sep/2023:09:51:35 +0800] "GET /xingrg/all/function/internal_message.html?_=1693619495768&CODE_STATE=getMsg HTTP/1.1" 200 27
180.165.48.189 - - [02/Sep/2023:09:51:37 +0800] "POST /xingrg/kc/buy/cgsh_order_operate.html HTTP/1.1" 200 5015
180.165.48.189 - - [02/Sep/2023:09:51:38 +0800] "GET /xingrg/kc/print/load_data.html?order_code=212023090200463&kc_code=cgsh&condition= HTTP/1.1" 200 1668
222.70.180.200 - - [02/Sep/2023:09:51:40 +0800] "GET /xingrg/kc/mdqp/pssh_order_info.html?code=312023083100720 HTTP/1.1" 200 14382
222.70.180.200 - - [02/Sep/2023:09:51:40 +0800] "GET /xingrg/javascript/jquery_tools/jquery-1.4.2.min.js HTTP/1.1" 404 1094
222.70.180.200 - - [02/Sep/2023:09:51:40 +0800] "GET /xingrg/javascript/easyui/themes/default/validatebox.css HTTP/1.1" 404 1104
222.70.180.200 - - [02/Sep/2023:09:51:40 +0800] "POST /xingrg/kc/mdqp/pssh_order_operate.html HTTP/1.1" 200 16491
114.95.241.104 - - [02/Sep/2023:09:51:42 +0800] "GET /xingrg/all/function/internal_message.html?_=1693619397991&CODE_STATE=getMsg HTTP/1.1" 200 27
222.67.237.86 - - [02/Sep/2023:09:51:43 +0800] "GET /xingrg/kc/buy/cgsh_order_operate.html?command=get_materiel&rest_code=00141&code=00101008098&supplier_code=00100007&order_time=2023-09-02 HTTP/1.1" 200 412
222.70.180.200 - - [02/Sep/2023:09:51:44 +0800] "GET /xingrg/kc/print/load_data.html?order_code=312023083100720&kc_code=pssh&condition= HTTP/1.1" 200 6223
180.165.48.189 - - [02/Sep/2023:09:51:44 +0800] "GET /xingrg/kc/buy/cgsh_order_add.html HTTP/1.1" 200 72256
180.165.48.189 - - [02/Sep/2023:09:51:44 +0800] "GET /xingrg/javascript/easyui/themes/default/validatebox.css HTTP/1.1" 404 1104
180.165.48.189 - - [02/Sep/2023:09:51:44 +0800] "POST /xingrg/kc/buy/cgsh_order_operate.html HTTP/1.1" 200 8245
180.169.147.146 - - [02/Sep/2023:09:51:44 +0800] "GET /xingrg/all/function/internal_message.html?_=1693619504906&CODE_STATE=getMsg HTTP/1.1" 200 27
114.95.241.104 - - [02/Sep/2023:09:51:46 +0800] "GET /xingrg/check_reg.html?_=1693619401108 HTTP/1.1" 200 22
101.83.241.234 - - [02/Sep/2023:09:51:46 +0800] "GET /xingrg/all/function/internal_message.html?_=1693619504614&CODE_STATE=getMsg HTTP/1.1" 200 27
180.174.205.229 - - [02/Sep/2023:09:51:52 +0800] "GET /xingrg/all/function/internal_message.html?_=1693619511801&CODE_STATE=getMsg HTTP/1.1" 200 27
180.165.48.189 - - [02/Sep/2023:09:51:52 +0800] "GET /xingrg/javascript/jquery_tools/images/prev.gif HTTP/1.1" 404 1086
180.165.48.189 - - [02/Sep/2023:09:51:52 +0800] "GET /xingrg/javascript/jquery_tools/images/next.gif HTTP/1.1" 404 1086
124.78.155.92 - - [02/Sep/2023:09:51:53 +0800] "GET /xingrg/all/function/internal_message.html?_=1693619529608&CODE_STATE=getMsg HTTP/1.1" 200 27
172.20.0.100 - - [02/Sep/2023:09:51:53 +0800] "GET /xingrg/all/function/internal_message.html?_=1693619513183&CODE_STATE=getMsg HTTP/1.1" 200 27
180.162.114.7 - - [02/Sep/2023:09:51:53 +0800] "GET /xingrg/all/function/internal_message.html?_=1693618192737&CODE_STATE=getMsg HTTP/1.1" 200 27
116.232.195.127 - - [02/Sep/2023:09:51:53 +0800] "GET /xingrg/kc/buy/cgsh_order_operate.html?command=get_materiel&rest_code=00155&code=00101008132&supplier_code=00100005&order_time=2023-09-02 HTTP/1.1" 200 408
222.70.180.200 - - [02/Sep/2023:09:51:54 +0800] "GET /xingrg/all/function/internal_message.html?_=1693619592780&CODE_STATE=getMsg HTTP/1.1" 200 27
124.79.247.70 - - [02/Sep/2023:09:51:55 +0800] "GET /xingrg/all/function/internal_message.html?_=1693619810569&CODE_STATE=getMsg HTTP/1.1" 200 27
222.67.237.86 - - [02/Sep/2023:09:51:57 +0800] "GET /xingrg/kc/buy/cgsh_order_operate.html?command=get_materiel&rest_code=00141&code=00101008005&supplier_code=00100007&order_time=2023-09-02 HTTP/1.1" 200 412
101.83.145.37 - - [02/Sep/2023:09:51:57 +0800] "GET /xingrg/all/function/internal_message.html?_=1693619311511&CODE_STATE=getMsg HTTP/1.1" 200 27
116.232.195.127 - - [02/Sep/2023:09:52:01 +0800] "GET /xingrg/all/function/internal_message.html?_=1693619420501&CODE_STATE=getMsg HTTP/1.1" 200 27
180.165.48.189 - - [02/Sep/2023:09:52:02 +0800] "GET /xingrg/kc/buy/cgsh_order_operate.html?command=get_materiel&rest_code=00108&code=00101036008&supplier_code=00100151&order_time=2023-09-02 HTTP/1.1" 200 398
114.95.241.104 - - [02/Sep/2023:09:52:02 +0800] "GET /xingrg/all/function/internal_message.html?_=1693619417708&CODE_STATE=getMsg HTTP/1.1" 200 27
180.165.48.189 - - [02/Sep/2023:09:52:04 +0800] "POST /xingrg/all/common/load_select.html HTTP/1.1" 200 25
120.253.135.82 - - [02/Sep/2023:09:52:05 +0800] "POST /xingrg/kc/pszx/mdps_list_operate.html HTTP/1.1" 200 2065
58.40.7.146 - - [02/Sep/2023:09:52:05 +0800] "GET /xingrg/all/function/internal_message.html?_=1693619525212&CODE_STATE=getMsg HTTP/1.1" 200 27
120.253.135.82 - - [02/Sep/2023:09:52:07 +0800] "POST /xingrg/kc/pszx/mdps_list_operate.html HTTP/1.1" 200 380
180.165.48.189 - - [02/Sep/2023:09:52:10 +0800] "GET /xingrg/kc/buy/cgsh_order_operate.html?command=get_materiel_price&rest_code=00108&code=00101036008&unit_code=00100316&supplier_code=00100151&order_time=2023-09-02 HTTP/1.1" 200 27
222.70.180.200 - - [02/Sep/2023:09:52:10 +0800] "GET /xingrg/all/function/internal_message.html?_=1693619530412&CODE_STATE=getMsg HTTP/1.1" 200 27
120.253.135.82 - - [02/Sep/2023:09:52:11 +0800] "GET /xingrg/kc/pszx/mdps_order_info.html?code=312023090200046 HTTP/1.1" 200 23978
120.253.135.82 - - [02/Sep/2023:09:52:12 +0800] "GET /xingrg/javascript/easyui/themes/default/validatebox.css HTTP/1.1" 404 1104
120.253.135.82 - - [02/Sep/2023:09:52:12 +0800] "POST /xingrg/kc/pszx/mdps_order_operate.html HTTP/1.1" 200 3295
218.81.220.60 - - [02/Sep/2023:09:52:14 +0800] "POST /xingrg/services/DataTransmitService HTTP/1.1" 200 524
180.165.48.189 - - [02/Sep/2023:09:52:15 +0800] "GET /xingrg/kc/buy/cgsh_order_operate.html?command=get_materiel_price&rest_code=00108&code=00101036008&unit_code=00100317&supplier_code=00100151&order_time=2023-09-02 HTTP/1.1" 200 27
222.67.237.86 - - [02/Sep/2023:09:52:15 +0800] "GET /xingrg/kc/buy/cgsh_order_operate.html?command=get_materiel&rest_code=00141&code=00101008353&supplier_code=00100007&order_time=2023-09-02 HTTP/1.1" 200 408
180.165.48.189 - - [02/Sep/2023:09:52:15 +0800] "GET /xingrg/all/function/internal_message.html?_=1693619534994&CODE_STATE=getMsg HTTP/1.1" 200 27
101.83.241.137 - - [02/Sep/2023:09:52:16 +0800] "GET /xingrg/kc/buy/cgsh_order_operate.html?command=get_materiel&rest_code=00154&code=00101028025&supplier_code=00100585&order_time=2023-09-02 HTTP/1.1" 200 454
218.81.220.60 - - [02/Sep/2023:09:52:17 +0800] "POST /xingrg/services/DataTransmitService HTTP/1.1" 200 2335
218.81.220.60 - - [02/Sep/2023:09:52:17 +0800] "POST /xingrg/services/DataTransmitService HTTP/1.1" 200 524
120.253.135.82 - - [02/Sep/2023:09:52:17 +0800] "POST /xingrg/kc/pszx/mdps_order_operate.html HTTP/1.1" 200 37
101.83.241.137 - - [02/Sep/2023:09:52:18 +0800] "POST /xingrg/all/common/load_select.html HTTP/1.1" 200 25
218.81.220.60 - - [02/Sep/2023:09:52:18 +0800] "POST /xingrg/services/DataTransmitService HTTP/1.1" 200 412
101.83.145.37 - - [02/Sep/2023:09:52:19 +0800] "GET /xingrg/check_reg.html?_=1693619540873 HTTP/1.1" 200 22
101.83.145.37 - - [02/Sep/2023:09:52:19 +0800] "GET /xingrg/all/function/internal_message.html?_=1693619540870&CODE_STATE=getMsg HTTP/1.1" 200 27
222.67.237.86 - - [02/Sep/2023:09:52:20 +0800] "GET /xingrg/all/function/internal_message.html?_=1693618981873&CODE_STATE=getMsg HTTP/1.1" 200 27
101.83.241.137 - - [02/Sep/2023:09:52:21 +0800] "GET /xingrg/all/function/internal_message.html?_=1693619684627&CODE_STATE=getMsg HTTP/1.1" 200 27
101.83.145.37 - - [02/Sep/2023:09:52:23 +0800] "POST /xingrg/kc/buy/cgsh_order_operate.html HTTP/1.1" 200 37
101.228.187.155 - - [02/Sep/2023:09:52:24 +0800] "GET /xingrg/all/function/internal_message.html?_=1693619543149&CODE_STATE=getMsg HTTP/1.1" 200 27
120.253.135.82 - - [02/Sep/2023:09:52:24 +0800] "POST /xingrg/kc/pszx/mdps_order_operate.html HTTP/1.1" 200 12
101.83.241.137 - - [02/Sep/2023:09:52:25 +0800] "GET /xingrg/kc/buy/cgsh_order_operate.html?command=get_materiel_price&rest_code=00154&code=00101028025&unit_code=00100157&supplier_code=00100585&order_time=2023-09-02 HTTP/1.1" 200 28
120.253.135.82 - - [02/Sep/2023:09:52:26 +0800] "GET /xingrg/kc/pszx/mdps_order_info.html?code=312023090200046 HTTP/1.1" 200 19638
120.253.135.82 - - [02/Sep/2023:09:52:26 +0800] "GET /xingrg/javascript/easyui/themes/default/validatebox.css HTTP/1.1" 404 1104
120.253.135.82 - - [02/Sep/2023:09:52:26 +0800] "GET /xingrg/all/function/internal_message.html?_=1693619352829&CODE_STATE=getMsg HTTP/1.1" 200 27
120.253.135.82 - - [02/Sep/2023:09:52:27 +0800] "POST /xingrg/kc/pszx/mdps_order_operate.html HTTP/1.1" 200 1507
222.67.237.86 - - [02/Sep/2023:09:52:27 +0800] "GET /xingrg/kc/buy/cgsh_order_operate.html?command=get_materiel&rest_code=00141&code=00101008004&supplier_code=00100007&order_time=2023-09-02 HTTP/1.1" 200 416
101.83.145.37 - - [02/Sep/2023:09:52:28 +0800] "POST /xingrg/kc/buy/cgsh_order_operate.html HTTP/1.1" 200 32233
120.253.135.82 - - [02/Sep/2023:09:52:29 +0800] "POST /xingrg/kc/pszx/mdps_list_operate.html HTTP/1.1" 200 1694
120.253.135.82 - - [02/Sep/2023:09:52:31 +0800] "POST /xingrg/kc/pszx/mdps_list_operate.html HTTP/1.1" 200 594
218.81.220.60 - - [02/Sep/2023:09:52:32 +0800] "POST /xingrg/services/DataTransmitService HTTP/1.1" 200 524
120.253.135.82 - - [02/Sep/2023:09:52:34 +0800] "GET /xingrg/kc/pszx/mdps_order_info.html?code=312023090200042 HTTP/1.1" 200 23978
218.81.220.60 - - [02/Sep/2023:09:52:34 +0800] "POST /xingrg/services/DataTransmitService HTTP/1.1" 200 2335
120.253.135.82 - - [02/Sep/2023:09:52:34 +0800] "GET /xingrg/javascript/easyui/themes/default/validatebox.css HTTP/1.1" 404 1104
218.81.220.60 - - [02/Sep/2023:09:52:35 +0800] "POST /xingrg/services/DataTransmitService HTTP/1.1" 200 524
120.253.135.82 - - [02/Sep/2023:09:52:35 +0800] "POST /xingrg/kc/pszx/mdps_order_operate.html HTTP/1.1" 200 19611
180.152.241.196 - - [02/Sep/2023:09:52:35 +0800] "GET /xingrg/all/function/internal_message.html?_=1693619555763&CODE_STATE=getMsg HTTP/1.1" 200 27
180.152.241.196 - - [02/Sep/2023:09:52:35 +0800] "GET /xingrg/check_reg.html?_=1693619555765 HTTP/1.1" 200 22
218.81.220.60 - - [02/Sep/2023:09:52:37 +0800] "POST /xingrg/services/DataTransmitService HTTP/1.1" 200 2335
222.67.237.86 - - [02/Sep/2023:09:52:39 +0800] "GET /xingrg/kc/buy/cgsh_order_operate.html?command=get_materiel&rest_code=00141&code=00101008125&supplier_code=00100007&order_time=2023-09-02 HTTP/1.1" 200 413
218.81.220.60 - - [02/Sep/2023:09:52:42 +0800] "POST /xingrg/services/DataTransmitService HTTP/1.1" 200 524
114.95.241.104 - - [02/Sep/2023:09:52:42 +0800] "GET /xingrg/check_reg.html?_=1693619457820 HTTP/1.1" 200 22
114.95.241.104 - - [02/Sep/2023:09:52:42 +0800] "GET /xingrg/all/function/internal_message.html?_=1693619458002&CODE_STATE=getMsg HTTP/1.1" 200 27
101.83.241.234 - - [02/Sep/2023:09:52:43 +0800] "GET /xingrg/check_reg.html?_=1693619562034 HTTP/1.1" 200 22
218.81.220.60 - - [02/Sep/2023:09:52:44 +0800] "POST /xingrg/services/DataTransmitService HTTP/1.1" 200 2335
218.81.220.60 - - [02/Sep/2023:09:52:44 +0800] "POST /xingrg/services/DataTransmitService HTTP/1.1" 200 524
180.169.147.146 - - [02/Sep/2023:09:52:44 +0800] "GET /xingrg/all/function/internal_message.html?_=1693619564907&CODE_STATE=getMsg HTTP/1.1" 200 27
218.81.220.60 - - [02/Sep/2023:09:52:45 +0800] "POST /xingrg/services/DataTransmitService HTTP/1.1" 200 412
101.83.241.234 - - [02/Sep/2023:09:52:46 +0800] "GET /xingrg/all/function/internal_message.html?_=1693619564596&CODE_STATE=getMsg HTTP/1.1" 200 27
218.81.220.60 - - [02/Sep/2023:09:52:47 +0800] "POST /xingrg/services/DataTransmitService HTTP/1.1" 200 524
218.81.220.60 - - [02/Sep/2023:09:52:48 +0800] "POST /xingrg/services/DataTransmitService HTTP/1.1" 200 412
218.81.220.60 - - [02/Sep/2023:09:52:50 +0800] "POST /xingrg/services/DataTransmitService HTTP/1.1" 200 524
218.81.220.60 - - [02/Sep/2023:09:52:51 +0800] "POST /xingrg/services/DataTransmitService HTTP/1.1" 200 412
180.174.205.229 - - [02/Sep/2023:09:52:52 +0800] "GET /xingrg/all/function/internal_message.html?_=1693619571801&CODE_STATE=getMsg HTTP/1.1" 200 27
222.67.237.86 - - [02/Sep/2023:09:52:52 +0800] "GET /xingrg/kc/buy/cgsh_order_operate.html?command=get_materiel&rest_code=00141&code=00101023033&supplier_code=00100007&order_time=2023-09-02 HTTP/1.1" 200 409
218.81.220.60 - - [02/Sep/2023:09:52:53 +0800] "POST /xingrg/services/DataTransmitService HTTP/1.1" 200 524
124.78.155.92 - - [02/Sep/2023:09:52:53 +0800] "GET /xingrg/all/function/internal_message.html?_=1693619589603&CODE_STATE=getMsg HTTP/1.1" 200 27
172.20.0.100 - - [02/Sep/2023:09:52:53 +0800] "GET /xingrg/all/function/internal_message.html?_=1693619573171&CODE_STATE=getMsg HTTP/1.1" 200 27
180.162.114.7 - - [02/Sep/2023:09:52:53 +0800] "GET /xingrg/all/function/internal_message.html?_=1693618252726&CODE_STATE=getMsg HTTP/1.1" 200 27
218.81.220.60 - - [02/Sep/2023:09:52:54 +0800] "POST /xingrg/services/DataTransmitService HTTP/1.1" 200 412
222.70.180.200 - - [02/Sep/2023:09:52:54 +0800] "GET /xingrg/all/function/internal_message.html?_=1693619652757&CODE_STATE=getMsg HTTP/1.1" 200 27
218.81.220.60 - - [02/Sep/2023:09:52:55 +0800] "POST /xingrg/services/DataTransmitService HTTP/1.1" 200 524
124.79.247.70 - - [02/Sep/2023:09:52:55 +0800] "GET /xingrg/all/function/internal_message.html?_=1693619870574&CODE_STATE=getMsg HTTP/1.1" 200 27
218.81.220.60 - - [02/Sep/2023:09:52:56 +0800] "POST /xingrg/services/DataTransmitService HTTP/1.1" 200 412
101.83.145.37 - - [02/Sep/2023:09:52:57 +0800] "GET /xingrg/check_reg.html?_=1693619371511 HTTP/1.1" 200 22
101.83.145.37 - - [02/Sep/2023:09:52:57 +0800] "GET /xingrg/all/function/internal_message.html?_=1693619371514&CODE_STATE=getMsg HTTP/1.1" 200 27
218.81.220.60 - - [02/Sep/2023:09:52:59 +0800] "POST /xingrg/services/DataTransmitService HTTP/1.1" 200 524
116.232.195.127 - - [02/Sep/2023:09:53:01 +0800] "GET /xingrg/all/function/internal_message.html?_=1693619480495&CODE_STATE=getMsg HTTP/1.1" 200 27
218.81.220.60 - - [02/Sep/2023:09:53:02 +0800] "POST /xingrg/services/DataTransmitService HTTP/1.1" 200 2335
114.95.241.104 - - [02/Sep/2023:09:53:02 +0800] "GET /xingrg/all/function/internal_message.html?_=1693619477720&CODE_STATE=getMsg HTTP/1.1" 200 27
58.40.7.146 - - [02/Sep/2023:09:53:05 +0800] "GET /xingrg/all/function/internal_message.html?_=1693619585214&CODE_STATE=getMsg HTTP/1.1" 200 27
180.165.48.189 - - [02/Sep/2023:09:53:05 +0800] "POST /xingrg/kc/buy/cgsh_order_operate.html HTTP/1.1" 200 37
222.67.237.86 - - [02/Sep/2023:09:53:06 +0800] "GET /xingrg/kc/buy/cgsh_order_operate.html?command=get_materiel&rest_code=00141&code=00101008312&supplier_code=00100007&order_time=2023-09-02 HTTP/1.1" 200 412
180.165.48.189 - - [02/Sep/2023:09:53:08 +0800] "POST /xingrg/kc/buy/cgsh_order_operate.html HTTP/1.1" 200 2653
222.70.180.200 - - [02/Sep/2023:09:53:10 +0800] "GET /xingrg/all/function/internal_message.html?_=1693619590387&CODE_STATE=getMsg HTTP/1.1" 200 27
180.165.48.189 - - [02/Sep/2023:09:53:10 +0800] "GET /xingrg/kc/print/load_data.html?order_code=212023090200464&kc_code=cgsh&condition= HTTP/1.1" 200 671
218.81.220.60 - - [02/Sep/2023:09:53:15 +0800] "POST /xingrg/services/DataTransmitService HTTP/1.1" 200 524
180.165.48.189 - - [02/Sep/2023:09:53:15 +0800] "GET /xingrg/all/function/internal_message.html?_=1693619594993&CODE_STATE=getMsg HTTP/1.1" 200 27
120.253.135.82 - - [02/Sep/2023:09:53:17 +0800] "POST /xingrg/kc/pszx/mdps_order_operate.html HTTP/1.1" 200 37
116.232.195.127 - - [02/Sep/2023:09:53:17 +0800] "GET /xingrg/check_reg.html?_=1693619497422 HTTP/1.1" 200 22
222.67.237.86 - - [02/Sep/2023:09:53:18 +0800] "GET /xingrg/kc/buy/cgsh_order_operate.html?command=get_materiel&rest_code=00141&code=00101008036&supplier_code=00100007&order_time=2023-09-02 HTTP/1.1" 200 408
180.165.48.189 - - [02/Sep/2023:09:53:19 +0800] "GET /xingrg/kc/buy/cgsh_order_add.html HTTP/1.1" 200 72256
180.165.48.189 - - [02/Sep/2023:09:53:19 +0800] "POST /xingrg/kc/buy/cgsh_order_operate.html HTTP/1.1" 200 8245
180.165.48.189 - - [02/Sep/2023:09:53:19 +0800] "GET /xingrg/javascript/easyui/themes/default/validatebox.css HTTP/1.1" 404 1104
101.83.145.37 - - [02/Sep/2023:09:53:19 +0800] "GET /xingrg/all/function/internal_message.html?_=1693619600874&CODE_STATE=getMsg HTTP/1.1" 200 27
222.67.237.86 - - [02/Sep/2023:09:53:20 +0800] "GET /xingrg/all/function/internal_message.html?_=1693619041847&CODE_STATE=getMsg HTTP/1.1" 200 27
101.83.241.137 - - [02/Sep/2023:09:53:21 +0800] "GET /xingrg/all/function/internal_message.html?_=1693619744636&CODE_STATE=getMsg HTTP/1.1" 200 27
101.83.241.137 - - [02/Sep/2023:09:53:21 +0800] "GET /xingrg/check_reg.html?_=1693619744638 HTTP/1.1" 200 22
101.228.187.155 - - [02/Sep/2023:09:53:24 +0800] "GET /xingrg/all/function/internal_message.html?_=1693619603149&CODE_STATE=getMsg HTTP/1.1" 200 27
120.253.135.82 - - [02/Sep/2023:09:53:27 +0800] "GET /xingrg/all/function/internal_message.html?_=1693619412916&CODE_STATE=getMsg HTTP/1.1" 200 27
120.253.135.82 - - [02/Sep/2023:09:53:27 +0800] "POST /xingrg/kc/pszx/mdps_order_operate.html HTTP/1.1" 200 12
120.253.135.82 - - [02/Sep/2023:09:53:29 +0800] "GET /xingrg/kc/pszx/mdps_order_info.html?code=312023090200042 HTTP/1.1" 200 19638
120.253.135.82 - - [02/Sep/2023:09:53:30 +0800] "GET /xingrg/javascript/easyui/themes/default/validatebox.css HTTP/1.1" 404 1104
120.253.135.82 - - [02/Sep/2023:09:53:30 +0800] "POST /xingrg/kc/pszx/mdps_order_operate.html HTTP/1.1" 200 17687
222.67.237.86 - - [02/Sep/2023:09:53:34 +0800] "GET /xingrg/kc/buy/cgsh_order_operate.html?command=get_materiel&rest_code=00141&code=00101008350&supplier_code=00100007&order_time=2023-09-02 HTTP/1.1" 200 408
218.81.220.60 - - [02/Sep/2023:09:53:34 +0800] "POST /xingrg/services/DataTransmitService HTTP/1.1" 200 501
218.81.220.60 - - [02/Sep/2023:09:53:34 +0800] "POST /xingrg/services/DataTransmitService HTTP/1.1" 200 524
180.152.241.196 - - [02/Sep/2023:09:53:35 +0800] "GET /xingrg/all/function/internal_message.html?_=1693619615756&CODE_STATE=getMsg HTTP/1.1" 200 27
120.253.135.82 - - [02/Sep/2023:09:53:36 +0800] "POST /xingrg/kc/pszx/mdps_list_operate.html HTTP/1.1" 200 868
218.81.220.60 - - [02/Sep/2023:09:53:37 +0800] "POST /xingrg/services/DataTransmitService HTTP/1.1" 200 2335
218.81.220.60 - - [02/Sep/2023:09:53:37 +0800] "POST /xingrg/services/DataTransmitService HTTP/1.1" 200 524
218.81.220.60 - - [02/Sep/2023:09:53:39 +0800] "POST /xingrg/services/DataTransmitService HTTP/1.1" 200 412
218.81.220.60 - - [02/Sep/2023:09:53:40 +0800] "POST /xingrg/services/DataTransmitService HTTP/1.1" 200 524
218.81.220.60 - - [02/Sep/2023:09:53:42 +0800] "POST /xingrg/services/DataTransmitService HTTP/1.1" 200 412
114.95.241.104 - - [02/Sep/2023:09:53:42 +0800] "GET /xingrg/all/function/internal_message.html?_=1693619518015&CODE_STATE=getMsg HTTP/1.1" 200 27
218.81.220.60 - - [02/Sep/2023:09:53:43 +0800] "POST /xingrg/services/DataTransmitService HTTP/1.1" 200 524
180.169.147.146 - - [02/Sep/2023:09:53:44 +0800] "GET /xingrg/all/function/internal_message.html?_=1693619624916&CODE_STATE=getMsg HTTP/1.1" 200 27
180.169.147.146 - - [02/Sep/2023:09:53:45 +0800] "POST /xingrg/all/user/operate.html HTTP/1.1" 200 36
180.169.147.146 - - [02/Sep/2023:09:53:45 +0800] "GET /xingrg/index.html?sysBaseUrl=http%3A%2F%2F180.169.147.146%3A18081%2Fxingrg%2F&costTime=881×tamp=1693619384503 HTTP/1.1" 200 17509
180.169.147.146 - - [02/Sep/2023:09:53:45 +0800] "GET /xingrg/javascript/jquery_easy_ui/themes/default/easyui.css HTTP/1.1" 304 -
180.169.147.146 - - [02/Sep/2023:09:53:45 +0800] "GET /xingrg/javascript/jquery_easy_ui/themes/icon.css HTTP/1.1" 304 -
180.169.147.146 - - [02/Sep/2023:09:53:45 +0800] "GET /xingrg/css/form.css HTTP/1.1" 304 -
180.169.147.146 - - [02/Sep/2023:09:53:45 +0800] "GET /xingrg/javascript/jquery-1.4.2.min.js HTTP/1.1" 304 -
180.169.147.146 - - [02/Sep/2023:09:53:45 +0800] "GET /xingrg/javascript/jquery_easy_ui/jquery.easyui.min.js HTTP/1.1" 304 -
180.169.147.146 - - [02/Sep/2023:09:53:45 +0800] "GET /xingrg/javascript/jquery_easy_ui/easyui-lang-zh_CN.js HTTP/1.1" 304 -
180.169.147.146 - - [02/Sep/2023:09:53:45 +0800] "GET /xingrg/javascript/jquery.form.js HTTP/1.1" 304 -
180.169.147.146 - - [02/Sep/2023:09:53:45 +0800] "GET /xingrg/javascript/jquery.utils.js HTTP/1.1" 304 -
180.169.147.146 - - [02/Sep/2023:09:53:45 +0800] "GET /xingrg/javascript/jquery.timers.js HTTP/1.1" 304 -
180.169.147.146 - - [02/Sep/2023:09:53:45 +0800] "GET /xingrg/images/blue/jxLogo.png HTTP/1.1" 304 -
180.169.147.146 - - [02/Sep/2023:09:53:45 +0800] "GET /xingrg/javascript/jquery_easy_ui/themes/icons/settle_new.png HTTP/1.1" 304 -
180.169.147.146 - - [02/Sep/2023:09:53:45 +0800] "GET /xingrg/images/blue/navBackgound.jpg HTTP/1.1" 304 -
180.169.147.146 - - [02/Sep/2023:09:53:45 +0800] "GET /xingrg/all/function/internal_message.html?_=1693619625619&CODE_STATE=count HTTP/1.1" 200 11
180.169.147.146 - - [02/Sep/2023:09:53:45 +0800] "GET /xingrg/check_reg.html?_=1693619625619 HTTP/1.1" 200 22
180.169.147.146 - - [02/Sep/2023:09:53:45 +0800] "GET /xingrg/images/blue/pingpu.png HTTP/1.1" 304 -
180.169.147.146 - - [02/Sep/2023:09:53:45 +0800] "GET /xingrg/javascript/jquery_easy_ui/themes/default/images/panel_tool_expand.gif HTTP/1.1" 304 -
180.169.147.146 - - [02/Sep/2023:09:53:45 +0800] "GET /xingrg/javascript/jquery_easy_ui/themes/default/images/panel_tool_collapse.gif HTTP/1.1" 304 -
180.169.147.146 - - [02/Sep/2023:09:53:45 +0800] "GET /xingrg/javascript/jquery_easy_ui/themes/default/images/tabs_leftarrow.png HTTP/1.1" 304 -
180.169.147.146 - - [02/Sep/2023:09:53:45 +0800] "GET /xingrg/javascript/jquery_easy_ui/themes/default/images/tabs_rightarrow.png HTTP/1.1" 304 -
180.169.147.146 - - [02/Sep/2023:09:53:45 +0800] "POST /xingrg/all/common/load_tree.html?tree=area_rest_tree_json&manage=1 HTTP/1.1" 200 3499
180.169.147.146 - - [02/Sep/2023:09:53:46 +0800] "POST /xingrg/load_menu.html HTTP/1.1" 200 9959
218.81.220.60 - - [02/Sep/2023:09:53:46 +0800] "POST /xingrg/services/DataTransmitService HTTP/1.1" 200 2335
218.81.220.60 - - [02/Sep/2023:09:53:46 +0800] "POST /xingrg/services/DataTransmitService HTTP/1.1" 200 524
101.83.241.234 - - [02/Sep/2023:09:53:46 +0800] "GET /xingrg/all/function/internal_message.html?_=1693619624574&CODE_STATE=getMsg HTTP/1.1" 200 27
218.81.220.60 - - [02/Sep/2023:09:53:47 +0800] "POST /xingrg/services/DataTransmitService HTTP/1.1" 200 412
101.83.241.137 - - [02/Sep/2023:09:53:47 +0800] "GET /xingrg/kc/buy/cgsh_order_operate.html?command=get_materiel&rest_code=00154&code=00101028067&supplier_code=00100585&order_time=2023-09-02 HTTP/1.1" 200 434
180.169.147.146 - - [02/Sep/2023:09:53:48 +0800] "GET /xingrg/kc/buy/cgsh_order_list.html HTTP/1.1" 200 56643
218.81.220.60 - - [02/Sep/2023:09:53:50 +0800] "POST /xingrg/services/DataTransmitService HTTP/1.1" 200 524
180.169.147.146 - - [02/Sep/2023:09:53:50 +0800] "POST /xingrg/kc/buy/cgsh_list_operate.html HTTP/1.1" 200 986
218.81.220.60 - - [02/Sep/2023:09:53:51 +0800] "POST /xingrg/services/DataTransmitService HTTP/1.1" 200 412
180.174.205.229 - - [02/Sep/2023:09:53:52 +0800] "GET /xingrg/all/function/internal_message.html?_=1693619631805&CODE_STATE=getMsg HTTP/1.1" 200 27
218.81.220.60 - - [02/Sep/2023:09:53:52 +0800] "POST /xingrg/services/DataTransmitService HTTP/1.1" 200 524
124.78.155.92 - - [02/Sep/2023:09:53:53 +0800] "GET /xingrg/all/function/internal_message.html?_=1693619649605&CODE_STATE=getMsg HTTP/1.1" 200 27
172.20.0.100 - - [02/Sep/2023:09:53:53 +0800] "GET /xingrg/all/function/internal_message.html?_=1693619633142&CODE_STATE=getMsg HTTP/1.1" 200 27
180.169.147.146 - - [02/Sep/2023:09:53:53 +0800] "GET /xingrg/kc/report/report_main.html HTTP/1.1" 200 7340
218.81.220.60 - - [02/Sep/2023:09:53:53 +0800] "POST /xingrg/services/DataTransmitService HTTP/1.1" 200 412
180.162.114.7 - - [02/Sep/2023:09:53:53 +0800] "GET /xingrg/all/function/internal_message.html?_=1693618312730&CODE_STATE=getMsg HTTP/1.1" 200 27
222.70.180.200 - - [02/Sep/2023:09:53:54 +0800] "GET /xingrg/all/function/internal_message.html?_=1693619712729&CODE_STATE=getMsg HTTP/1.1" 200 27
116.232.195.127 - - [02/Sep/2023:09:53:54 +0800] "GET /xingrg/kc/buy/cgsh_order_operate.html?command=get_materiel&rest_code=00155&code=00101008055&supplier_code=00100005&order_time=2023-09-02 HTTP/1.1" 200 409
124.79.247.70 - - [02/Sep/2023:09:53:55 +0800] "GET /xingrg/all/function/internal_message.html?_=1693619930572&CODE_STATE=getMsg HTTP/1.1" 200 27
101.83.145.37 - - [02/Sep/2023:09:53:57 +0800] "GET /xingrg/all/function/internal_message.html?_=1693619431514&CODE_STATE=getMsg HTTP/1.1" 200 27
218.81.220.60 - - [02/Sep/2023:09:53:57 +0800] "POST /xingrg/services/DataTransmitService HTTP/1.1" 200 524
180.169.147.146 - - [02/Sep/2023:09:53:57 +0800] "GET /xingrg/kc/report/report_main.html HTTP/1.1" 200 7340
222.67.237.86 - - [02/Sep/2023:09:53:57 +0800] "GET /xingrg/kc/buy/cgsh_order_operate.html?command=get_materiel&rest_code=00141&code=00101008331&supplier_code=00100007&order_time=2023-09-02 HTTP/1.1" 200 416
180.169.147.146 - - [02/Sep/2023:09:53:58 +0800] "GET /xingrg/all/report/report_query.html?fileName=kc/buy/wlcg_mx.xml HTTP/1.1" 200 51648
180.169.147.146 - - [02/Sep/2023:09:53:58 +0800] "GET /xingrg/dwr/interface/AjaxReportQueryService.js HTTP/1.1" 200 13203
180.169.147.146 - - [02/Sep/2023:09:53:58 +0800] "GET /xingrg/dwr/util.js HTTP/1.1" 200 35990
180.169.147.146 - - [02/Sep/2023:09:53:58 +0800] "GET /xingrg/dwr/engine.js HTTP/1.1" 200 43631
180.169.147.146 - - [02/Sep/2023:09:53:58 +0800] "POST /xingrg/dwr/call/plaincall/AjaxReportQueryService.getFixDate.dwr HTTP/1.1" 200 111
180.169.147.146 - - [02/Sep/2023:09:53:58 +0800] "POST /xingrg/dwr/call/plaincall/AjaxReportQueryService.getInitString.dwr HTTP/1.1" 200 35623
180.169.147.146 - - [02/Sep/2023:09:53:59 +0800] "POST /xingrg/dwr/call/plaincall/AjaxReportQueryService.getInitString.dwr HTTP/1.1" 200 1023
180.169.147.146 - - [02/Sep/2023:09:53:59 +0800] "POST /xingrg/dwr/call/plaincall/AjaxReportQueryService.getInitString.dwr HTTP/1.1" 200 125
218.81.220.60 - - [02/Sep/2023:09:53:59 +0800] "POST /xingrg/services/DataTransmitService HTTP/1.1" 200 2335
180.169.147.146 - - [02/Sep/2023:09:54:00 +0800] "POST /xingrg/dwr/call/plaincall/AjaxReportQueryService.getFixDate.dwr HTTP/1.1" 200 111
218.81.220.60 - - [02/Sep/2023:09:54:00 +0800] "POST /xingrg/services/DataTransmitService HTTP/1.1" 200 524
116.232.195.127 - - [02/Sep/2023:09:54:00 +0800] "GET /xingrg/all/function/internal_message.html?_=1693619540474&CODE_STATE=getMsg HTTP/1.1" 200 27
218.81.220.60 - - [02/Sep/2023:09:54:01 +0800] "POST /xingrg/services/DataTransmitService HTTP/1.1" 200 412
218.81.220.60 - - [02/Sep/2023:09:54:02 +0800] "POST /xingrg/services/DataTransmitService HTTP/1.1" 200 524
114.95.241.104 - - [02/Sep/2023:09:54:02 +0800] "GET /xingrg/all/function/internal_message.html?_=1693619537751&CODE_STATE=getMsg HTTP/1.1" 200 27
222.67.237.86 - - [02/Sep/2023:09:54:03 +0800] "POST /xingrg/kc/buy/cgsh_order_operate.html HTTP/1.1" 200 2065
218.81.220.60 - - [02/Sep/2023:09:54:03 +0800] "POST /xingrg/services/DataTransmitService HTTP/1.1" 200 412
218.81.220.60 - - [02/Sep/2023:09:54:04 +0800] "POST /xingrg/services/DataTransmitService HTTP/1.1" 200 524
180.169.147.146 - - [02/Sep/2023:09:54:05 +0800] "POST /xingrg/dwr/call/plaincall/AjaxReportQueryService.refreshCache.dwr HTTP/1.1" 200 78
116.232.195.127 - - [02/Sep/2023:09:54:05 +0800] "GET /xingrg/kc/buy/cgsh_order_operate.html?command=get_materiel&rest_code=00155&code=00101008257&supplier_code=00100005&order_time=2023-09-02 HTTP/1.1" 200 416
218.81.220.60 - - [02/Sep/2023:09:54:05 +0800] "POST /xingrg/services/DataTransmitService HTTP/1.1" 200 412
58.40.7.146 - - [02/Sep/2023:09:54:05 +0800] "GET /xingrg/all/function/internal_message.html?_=1693619645218&CODE_STATE=getMsg HTTP/1.1" 200 27
218.81.220.60 - - [02/Sep/2023:09:54:06 +0800] "POST /xingrg/services/DataTransmitService HTTP/1.1" 200 524
218.81.220.60 - - [02/Sep/2023:09:54:07 +0800] "POST /xingrg/services/DataTransmitService HTTP/1.1" 200 412
218.81.220.60 - - [02/Sep/2023:09:54:08 +0800] "POST /xingrg/services/DataTransmitService HTTP/1.1" 200 524
222.70.180.200 - - [02/Sep/2023:09:54:10 +0800] "GET /xingrg/all/function/internal_message.html?_=1693619650361&CODE_STATE=getMsg HTTP/1.1" 200 27
222.70.180.200 - - [02/Sep/2023:09:54:10 +0800] "GET /xingrg/check_reg.html?_=1693619650565 HTTP/1.1" 200 22
218.81.220.60 - - [02/Sep/2023:09:54:11 +0800] "POST /xingrg/services/DataTransmitService HTTP/1.1" 200 2335
180.169.147.146 - - [02/Sep/2023:09:54:11 +0800] "POST /xingrg/all/report/load_report_page.html HTTP/1.1" 200 89
218.81.220.60 - - [02/Sep/2023:09:54:12 +0800] "POST /xingrg/services/DataTransmitService HTTP/1.1" 200 524
218.81.220.60 - - [02/Sep/2023:09:54:15 +0800] "POST /xingrg/services/DataTransmitService HTTP/1.1" 200 2335
116.232.195.127 - - [02/Sep/2023:09:54:15 +0800] "GET /xingrg/kc/buy/cgsh_order_operate.html?command=get_materiel&rest_code=00155&code=00101008331&supplier_code=00100005&order_time=2023-09-02 HTTP/1.1" 200 416
180.165.48.189 - - [02/Sep/2023:09:54:15 +0800] "GET /xingrg/all/function/internal_message.html?_=1693619654996&CODE_STATE=getMsg HTTP/1.1" 200 27
180.169.147.146 - - [02/Sep/2023:09:54:16 +0800] "POST /xingrg/dwr/call/plaincall/AjaxReportQueryService.refreshCache.dwr HTTP/1.1" 200 78
218.81.220.60 - - [02/Sep/2023:09:54:17 +0800] "POST /xingrg/services/DataTransmitService HTTP/1.1" 200 524
101.83.145.37 - - [02/Sep/2023:09:54:19 +0800] "GET /xingrg/all/function/internal_message.html?_=1693619660862&CODE_STATE=getMsg HTTP/1.1" 200 27
218.81.220.60 - - [02/Sep/2023:09:54:20 +0800] "POST /xingrg/services/DataTransmitService HTTP/1.1" 200 2335
222.67.237.86 - - [02/Sep/2023:09:54:20 +0800] "GET /xingrg/all/function/internal_message.html?_=1693619101879&CODE_STATE=getMsg HTTP/1.1" 200 27
101.83.241.137 - - [02/Sep/2023:09:54:22 +0800] "GET /xingrg/all/function/internal_message.html?_=1693619804639&CODE_STATE=getMsg HTTP/1.1" 200 27
