222.67.237.86 - - [02/Sep/2023:09:54:24 +0800] "GET /xingrg/kc/buy/cgsh_order_operate.html?command=get_materiel&rest_code=00141&code=00101008095&supplier_code=00100007&order_time=2023-09-02 HTTP/1.1" 200 412
101.228.187.155 - - [02/Sep/2023:09:54:24 +0800] "GET /xingrg/check_reg.html?_=1693619663149 HTTP/1.1" 200 22
101.228.187.155 - - [02/Sep/2023:09:54:24 +0800] "GET /xingrg/all/function/internal_message.html?_=1693619663152&CODE_STATE=getMsg HTTP/1.1" 200 27
180.169.147.146 - - [02/Sep/2023:09:54:25 +0800] "POST /xingrg/all/report/load_report_page.html HTTP/1.1" 200 89
116.232.195.127 - - [02/Sep/2023:09:54:25 +0800] "GET /xingrg/kc/buy/cgsh_order_operate.html?command=get_materiel&rest_code=00155&code=00101008436&supplier_code=00100005&order_time=2023-09-02 HTTP/1.1" 200 412
120.253.135.82 - - [02/Sep/2023:09:54:26 +0800] "GET /xingrg/all/function/internal_message.html?_=1693619473000&CODE_STATE=getMsg HTTP/1.1" 200 27
180.169.147.146 - - [02/Sep/2023:09:54:28 +0800] "POST /xingrg/dwr/call/plaincall/AjaxReportQueryService.getFixDate.dwr HTTP/1.1" 200 111
180.169.147.146 - - [02/Sep/2023:09:54:29 +0800] "POST /xingrg/dwr/call/plaincall/AjaxReportQueryService.refreshCache.dwr HTTP/1.1" 200 78
218.81.220.60 - - [02/Sep/2023:09:54:30 +0800] "POST /xingrg/services/DataTransmitService HTTP/1.1" 200 524
222.67.237.86 - - [02/Sep/2023:09:54:31 +0800] "GET /xingrg/kc/buy/cgsh_order_operate.html?command=get_materiel&rest_code=00141&code=00101008224&supplier_code=00100007&order_time=2023-09-02 HTTP/1.1" 200 416
120.253.135.82 - - [02/Sep/2023:09:54:32 +0800] "GET /xingrg/kc/pszx/mdqp_order_list.html?state=10 HTTP/1.1" 200 11118
120.253.135.82 - - [02/Sep/2023:09:54:32 +0800] "GET /xingrg/dwr/interface/AjaxReportQueryService.js HTTP/1.1" 200 13203
120.253.135.82 - - [02/Sep/2023:09:54:32 +0800] "GET /xingrg/dwr/interface/AjaxQqpsService.js HTTP/1.1" 200 16326
120.253.135.82 - - [02/Sep/2023:09:54:32 +0800] "GET /xingrg/dwr/engine.js HTTP/1.1" 200 43631
180.152.241.196 - - [02/Sep/2023:09:54:35 +0800] "GET /xingrg/all/function/internal_message.html?_=1693619675777&CODE_STATE=getMsg HTTP/1.1" 200 27
172.20.0.100 - - [02/Sep/2023:09:54:35 +0800] "POST /xingrg/all/user/operate.html HTTP/1.1" 200 36
172.20.0.100 - - [02/Sep/2023:09:54:36 +0800] "GET /xingrg/index.html?sysBaseUrl=http%3A%2F%2F172.17.0.8%3A18081%2Fxingrg%2F&costTime=213×tamp=1585200360465 HTTP/1.1" 200 17454
172.20.0.100 - - [02/Sep/2023:09:54:36 +0800] "GET /xingrg/javascript/jquery_easy_ui/themes/default/easyui.css HTTP/1.1" 304 -
172.20.0.100 - - [02/Sep/2023:09:54:36 +0800] "GET /xingrg/javascript/jquery_easy_ui/themes/icon.css HTTP/1.1" 304 -
172.20.0.100 - - [02/Sep/2023:09:54:36 +0800] "GET /xingrg/css/form.css HTTP/1.1" 304 -
172.20.0.100 - - [02/Sep/2023:09:54:36 +0800] "GET /xingrg/javascript/jquery-1.4.2.min.js HTTP/1.1" 304 -
172.20.0.100 - - [02/Sep/2023:09:54:36 +0800] "GET /xingrg/javascript/jquery_easy_ui/jquery.easyui.min.js HTTP/1.1" 304 -
172.20.0.100 - - [02/Sep/2023:09:54:36 +0800] "GET /xingrg/javascript/jquery_easy_ui/easyui-lang-zh_CN.js HTTP/1.1" 304 -
172.20.0.100 - - [02/Sep/2023:09:54:36 +0800] "GET /xingrg/javascript/jquery.form.js HTTP/1.1" 304 -
172.20.0.100 - - [02/Sep/2023:09:54:36 +0800] "GET /xingrg/javascript/jquery.utils.js HTTP/1.1" 304 -
172.20.0.100 - - [02/Sep/2023:09:54:36 +0800] "GET /xingrg/javascript/jquery.timers.js HTTP/1.1" 304 -
172.20.0.100 - - [02/Sep/2023:09:54:36 +0800] "GET /xingrg/images/blue/jxLogo.png HTTP/1.1" 304 -
172.20.0.100 - - [02/Sep/2023:09:54:36 +0800] "GET /xingrg/images/blue/navBackgound.jpg HTTP/1.1" 304 -
172.20.0.100 - - [02/Sep/2023:09:54:36 +0800] "GET /xingrg/javascript/jquery_easy_ui/themes/icons/settle_new.png HTTP/1.1" 304 -
172.20.0.100 - - [02/Sep/2023:09:54:36 +0800] "GET /xingrg/check_reg.html?_=1693619676058 HTTP/1.1" 200 22
172.20.0.100 - - [02/Sep/2023:09:54:36 +0800] "GET /xingrg/javascript/jquery_easy_ui/themes/default/images/panel_tool_expand.gif HTTP/1.1" 304 -
172.20.0.100 - - [02/Sep/2023:09:54:36 +0800] "GET /xingrg/javascript/jquery_easy_ui/themes/default/images/tabs_rightarrow.png HTTP/1.1" 304 -
172.20.0.100 - - [02/Sep/2023:09:54:36 +0800] "GET /xingrg/all/function/internal_message.html?_=1693619676057&CODE_STATE=count HTTP/1.1" 200 11
172.20.0.100 - - [02/Sep/2023:09:54:36 +0800] "GET /xingrg/javascript/jquery_easy_ui/themes/default/images/panel_tool_collapse.gif HTTP/1.1" 304 -
172.20.0.100 - - [02/Sep/2023:09:54:36 +0800] "GET /xingrg/javascript/jquery_easy_ui/themes/default/images/tabs_leftarrow.png HTTP/1.1" 304 -
172.20.0.100 - - [02/Sep/2023:09:54:36 +0800] "GET /xingrg/images/blue/pingpu.png HTTP/1.1" 304 -
172.20.0.100 - - [02/Sep/2023:09:54:36 +0800] "POST /xingrg/all/common/load_tree.html?tree=area_rest_tree_json&manage=1 HTTP/1.1" 200 3499
172.20.0.100 - - [02/Sep/2023:09:54:36 +0800] "POST /xingrg/load_menu.html HTTP/1.1" 200 9924
120.253.135.82 - - [02/Sep/2023:09:54:37 +0800] "GET /xingrg/kc/pszx/mdqp_order_info.html?code=302023090200034 HTTP/1.1" 200 13350
120.253.135.82 - - [02/Sep/2023:09:54:37 +0800] "GET /xingrg/dwr/interface/AjaxComOrderService.js HTTP/1.1" 200 18264
120.253.135.82 - - [02/Sep/2023:09:54:37 +0800] "GET /xingrg/dwr/interface/AjaxQqpsService.js HTTP/1.1" 200 16326
120.253.135.82 - - [02/Sep/2023:09:54:37 +0800] "GET /xingrg/dwr/engine.js HTTP/1.1" 200 43631
172.20.0.100 - - [02/Sep/2023:09:54:37 +0800] "GET /xingrg/kc/report/report_main.html HTTP/1.1" 200 7320
101.83.241.137 - - [02/Sep/2023:09:54:37 +0800] "GET /xingrg/kc/buy/cgsh_order_operate.html?command=get_materiel&rest_code=00154&code=00101028062&supplier_code=00100585&order_time=2023-09-02 HTTP/1.1" 200 445
120.253.135.82 - - [02/Sep/2023:09:54:38 +0800] "POST /xingrg/dwr/call/plaincall/AjaxQqpsService.loadMaterielItems.dwr HTTP/1.1" 200 345
116.232.195.127 - - [02/Sep/2023:09:54:38 +0800] "GET /xingrg/kc/buy/cgsh_order_operate.html?command=get_materiel&rest_code=00155&code=00101008354&supplier_code=00100005&order_time=2023-09-02 HTTP/1.1" 200 412
180.169.147.146 - - [02/Sep/2023:09:54:38 +0800] "POST /xingrg/all/report/load_report_page.html HTTP/1.1" 200 18863
180.169.147.146 - - [02/Sep/2023:09:54:38 +0800] "GET /xingrg/servlets/image?cache=0.6081617900964603&image=px HTTP/1.1" 200 807
222.67.237.86 - - [02/Sep/2023:09:54:39 +0800] "GET /xingrg/kc/buy/cgsh_order_operate.html?command=get_materiel&rest_code=00141&code=00101008223&supplier_code=00100007&order_time=2023-09-02 HTTP/1.1" 200 412
172.20.0.100 - - [02/Sep/2023:09:54:39 +0800] "GET /xingrg/kc/base/crk_hz.html HTTP/1.1" 200 11227
172.20.0.100 - - [02/Sep/2023:09:54:40 +0800] "POST /xingrg/kc/cost/cost_operate.html?command=get_base_tree HTTP/1.1" 200 1179
172.20.0.100 - - [02/Sep/2023:09:54:40 +0800] "POST /xingrg/all/common/load_tree.html?tree=materiel_sort_tree_json HTTP/1.1" 200 9500
172.20.0.100 - - [02/Sep/2023:09:54:41 +0800] "GET /xingrg/all/common/get_data_part.html?part=previousMonth&_=1693619681297 HTTP/1.1" 200 41
222.70.180.200 - - [02/Sep/2023:09:54:42 +0800] "GET /xingrg/kc/mdqp/pssh_order_list.html?isBack=1 HTTP/1.1" 200 17882
114.95.241.104 - - [02/Sep/2023:09:54:42 +0800] "GET /xingrg/all/function/internal_message.html?_=1693619578029&CODE_STATE=getMsg HTTP/1.1" 200 27
222.70.180.200 - - [02/Sep/2023:09:54:43 +0800] "POST /xingrg/kc/mdqp/pssh_list_operate.html HTTP/1.1" 200 5423
120.253.135.82 - - [02/Sep/2023:09:54:43 +0800] "GET /xingrg/kc/pszx/mdqp_order_list.html?isBack=1 HTTP/1.1" 302 -
172.20.0.100 - - [02/Sep/2023:09:54:44 +0800] "GET /xingrg/javascript/jquery_easy_ui/themes/default/images/tree_checkbox_1.gif HTTP/1.1" 200 174
172.20.0.100 - - [02/Sep/2023:09:54:44 +0800] "GET /xingrg/javascript/jquery_easy_ui/themes/default/images/tree_checkbox_2.gif HTTP/1.1" 200 181
120.253.135.82 - - [02/Sep/2023:09:54:44 +0800] "GET /xingrg/kc/pszx/mdqp_order_list.html?state=10 HTTP/1.1" 200 11118
120.253.135.82 - - [02/Sep/2023:09:54:44 +0800] "GET /xingrg/dwr/interface/AjaxReportQueryService.js HTTP/1.1" 200 13203
120.253.135.82 - - [02/Sep/2023:09:54:44 +0800] "GET /xingrg/dwr/interface/AjaxQqpsService.js HTTP/1.1" 200 16326
120.253.135.82 - - [02/Sep/2023:09:54:44 +0800] "GET /xingrg/dwr/engine.js HTTP/1.1" 200 43631
180.163.29.219 - - [02/Sep/2023:09:54:44 +0800] "GET /xingrg/all/function/internal_message.html?_=1693619624916&CODE_STATE=getMsg HTTP/1.1" 302 -
180.163.29.219 - - [02/Sep/2023:09:54:44 +0800] "GET /xingrg/login.html HTTP/1.1" 200 7641
172.20.0.100 - - [02/Sep/2023:09:54:44 +0800] "GET /xingrg/kc/base/crk_hz.html?_=1693619684607&command=get_cost_id&end_date=2023-08-31&start_date=2023-08-01 HTTP/1.1" 200 51
172.20.0.100 - - [02/Sep/2023:09:54:44 +0800] "GET /xingrg/all/report/report_query.html?isQuery=1&onlyBody=1&rh=99999&rw=1800&varString=start:20230801,cost_id:4509,mid:20230801&fileName=kc/base/crk_hz_type_by_base.xml&queryString=%20m.sort_code%20in%20('00101001','00101002','00101003','00101004','00101005','00101006','00101007','00101008','00101009','00101010','00101011','00101012','00101013','00101014','00101015','00101016','00101017','00101018','00101019','00101020','00101021','00101022','00101023','00101024','00101025','00101026','00101027','00101028','00101029','00101030','00101031','00101032','00101033','00101034','00101036','00101037','00101038','00101039','00101040','00101041','00101042','00101043')%20&queryText=ÈÕÆÚ£º2023-08-01ÖÁ2023-08-31&tableQueryString=materiel_table$sp1$$sp$before_table$sp1$$sp$crk_table$sp1$order_day%20between%2020230801%20and%2020230831 HTTP/1.1" 200 49769
172.20.0.100 - - [02/Sep/2023:09:54:45 +0800] "GET /xingrg/javascript/multi_select/jqueryMultiSelect.css HTTP/1.1" 200 951
172.20.0.100 - - [02/Sep/2023:09:54:45 +0800] "GET /xingrg/javascript/calendar/timePicker.css HTTP/1.1" 200 523
172.20.0.100 - - [02/Sep/2023:09:54:45 +0800] "GET /xingrg/javascript/bigrid/fix.css HTTP/1.1" 200 1702
172.20.0.100 - - [02/Sep/2023:09:54:45 +0800] "GET /xingrg/dwr/interface/AjaxReportQueryService.js HTTP/1.1" 200 13203
172.20.0.100 - - [02/Sep/2023:09:54:45 +0800] "GET /xingrg/dwr/util.js HTTP/1.1" 200 35990
172.20.0.100 - - [02/Sep/2023:09:54:45 +0800] "GET /xingrg/dwr/engine.js HTTP/1.1" 200 43631
172.20.0.100 - - [02/Sep/2023:09:54:45 +0800] "GET /xingrg/javascript/jqueryMultiSelect.js HTTP/1.1" 200 11866
172.20.0.100 - - [02/Sep/2023:09:54:45 +0800] "GET /xingrg/javascript/Calendar.js HTTP/1.1" 200 31561
172.20.0.100 - - [02/Sep/2023:09:54:45 +0800] "GET /xingrg/javascript/calendar/jquery.timePicker.min.js HTTP/1.1" 200 2997
172.20.0.100 - - [02/Sep/2023:09:54:45 +0800] "GET /xingrg/javascript/bigrid/fix.js HTTP/1.1" 200 6439
172.20.0.100 - - [02/Sep/2023:09:54:45 +0800] "GET /xingrg/images/control/loading.gif HTTP/1.1" 200 13463
172.20.0.100 - - [02/Sep/2023:09:54:45 +0800] "GET /xingrg/images/blue/button/advanceover.gif HTTP/1.1" 200 1347
172.20.0.100 - - [02/Sep/2023:09:54:45 +0800] "GET /xingrg/images/blue/button/advance2over.gif HTTP/1.1" 200 1336
172.20.0.100 - - [02/Sep/2023:09:54:45 +0800] "GET /xingrg/images/blue/button/back2over.gif HTTP/1.1" 200 1335
172.20.0.100 - - [02/Sep/2023:09:54:45 +0800] "GET /xingrg/images/blue/button/backover.gif HTTP/1.1" 200 1348
172.20.0.100 - - [02/Sep/2023:09:54:45 +0800] "GET /xingrg/javascript/jquery_easy_ui/themes/icons/help.png HTTP/1.1" 200 1187
180.169.147.146 - - [02/Sep/2023:09:54:45 +0800] "GET /xingrg/all/function/internal_message.html?_=1693619685641&CODE_STATE=getMsg HTTP/1.1" 200 27
101.83.241.234 - - [02/Sep/2023:09:54:46 +0800] "GET /xingrg/all/function/internal_message.html?_=1693619684551&CODE_STATE=getMsg HTTP/1.1" 200 27
180.163.30.85 - - [02/Sep/2023:09:54:47 +0800] "GET /xingrg/kc/buy/cgsh_order_list.html HTTP/1.1" 302 -
180.163.30.85 - - [02/Sep/2023:09:54:47 +0800] "GET /xingrg/login.html HTTP/1.1" 200 7641
120.253.135.82 - - [02/Sep/2023:09:54:47 +0800] "GET /xingrg/kc/pszx/jzcl_ps.html HTTP/1.1" 200 7683
222.70.180.200 - - [02/Sep/2023:09:54:48 +0800] "POST /xingrg/kc/mdqp/pssh_list_operate.html HTTP/1.1" 200 275
120.253.135.82 - - [02/Sep/2023:09:54:48 +0800] "POST /xingrg/kc/pszx/jzcl_ps_operate.html HTTP/1.1" 200 824
120.253.135.82 - - [02/Sep/2023:09:54:48 +0800] "POST /xingrg/all/common/load_tree.html?tree=area_rest_tree_json HTTP/1.1" 200 3499
120.253.135.82 - - [02/Sep/2023:09:54:48 +0800] "POST /xingrg/kc/pszx/jzcl_ps_operate.html HTTP/1.1" 200 824
218.81.220.60 - - [02/Sep/2023:09:54:48 +0800] "POST /xingrg/services/DataTransmitService HTTP/1.1" 200 501
172.20.0.100 - - [02/Sep/2023:09:54:49 +0800] "POST /xingrg/all/report/load_report_page.html HTTP/1.1" 200 429124
222.67.237.86 - - [02/Sep/2023:09:54:49 +0800] "POST /xingrg/kc/buy/cgsh_order_operate.html HTTP/1.1" 200 2065
172.20.0.100 - - [02/Sep/2023:09:54:49 +0800] "GET /xingrg/servlets/image?cache=0.8653836692304399&image=px HTTP/1.1" 200 807
180.174.205.229 - - [02/Sep/2023:09:54:52 +0800] "GET /xingrg/all/function/internal_message.html?_=1693619691813&CODE_STATE=getMsg HTTP/1.1" 200 27
124.78.155.92 - - [02/Sep/2023:09:54:53 +0800] "GET /xingrg/check_reg.html?_=1693619709606 HTTP/1.1" 200 22
124.78.155.92 - - [02/Sep/2023:09:54:53 +0800] "GET /xingrg/all/function/internal_message.html?_=1693619709608&CODE_STATE=getMsg HTTP/1.1" 200 27
180.162.114.7 - - [02/Sep/2023:09:54:53 +0800] "GET /xingrg/all/function/internal_message.html?_=1693618372771&CODE_STATE=getMsg HTTP/1.1" 200 27
222.70.180.200 - - [02/Sep/2023:09:54:54 +0800] "GET /xingrg/all/function/internal_message.html?_=1693619772720&CODE_STATE=getMsg HTTP/1.1" 200 27
222.67.237.86 - - [02/Sep/2023:09:54:54 +0800] "GET /xingrg/kc/buy/cgsh_order_operate.html?command=get_materiel&rest_code=00141&code=00101008168&supplier_code=00100007&order_time=2023-09-02 HTTP/1.1" 200 412
120.253.135.82 - - [02/Sep/2023:09:54:55 +0800] "POST /xingrg/kc/pszx/jzcl_ps_operate.html HTTP/1.1" 200 4
120.253.135.82 - - [02/Sep/2023:09:54:55 +0800] "GET /xingrg/javascript/step/images/navBtn.gif HTTP/1.1" 200 361
124.79.247.70 - - [02/Sep/2023:09:54:55 +0800] "GET /xingrg/check_reg.html?_=1693619990579 HTTP/1.1" 200 22
124.79.247.70 - - [02/Sep/2023:09:54:55 +0800] "GET /xingrg/all/function/internal_message.html?_=1693619990577&CODE_STATE=getMsg HTTP/1.1" 200 27
120.253.135.82 - - [02/Sep/2023:09:54:56 +0800] "GET /xingrg/kc/pszx/mdps_order_list.html HTTP/1.1" 200 21108
120.253.135.82 - - [02/Sep/2023:09:54:57 +0800] "POST /xingrg/kc/pszx/jzcl_ps_operate.html HTTP/1.1" 200 441
101.83.145.37 - - [02/Sep/2023:09:54:57 +0800] "GET /xingrg/all/function/internal_message.html?_=1693619491514&CODE_STATE=getMsg HTTP/1.1" 200 27
120.253.135.82 - - [02/Sep/2023:09:54:57 +0800] "POST /xingrg/kc/pszx/mdps_list_operate.html HTTP/1.1" 200 5524
116.232.195.127 - - [02/Sep/2023:09:54:58 +0800] "GET /xingrg/kc/buy/cgsh_order_operate.html?command=get_materiel&rest_code=00155&code=00101008010&supplier_code=00100005&order_time=2023-09-02 HTTP/1.1" 200 412
116.232.195.127 - - [02/Sep/2023:09:55:00 +0800] "GET /xingrg/all/function/internal_message.html?_=1693619600459&CODE_STATE=getMsg HTTP/1.1" 200 27
120.253.135.82 - - [02/Sep/2023:09:55:02 +0800] "GET /xingrg/kc/pszx/mdth_order_list.html HTTP/1.1" 200 18532
222.70.180.200 - - [02/Sep/2023:09:55:02 +0800] "POST /xingrg/kc/mdqp/pssh_list_operate.html HTTP/1.1" 200 814
114.95.241.104 - - [02/Sep/2023:09:55:02 +0800] "GET /xingrg/all/function/internal_message.html?_=1693619597763&CODE_STATE=getMsg HTTP/1.1" 200 27
120.253.135.82 - - [02/Sep/2023:09:55:02 +0800] "POST /xingrg/kc/pszx/mdth_order_new_list.html HTTP/1.1" 200 4736
120.253.135.82 - - [02/Sep/2023:09:55:02 +0800] "GET /favicon.ico HTTP/1.1" 404 -
222.70.180.200 - - [02/Sep/2023:09:55:03 +0800] "GET /xingrg/kc/mdqp/pssh_order_info.html?code=312023083100719 HTTP/1.1" 200 17297
222.70.180.200 - - [02/Sep/2023:09:55:03 +0800] "GET /xingrg/javascript/jquery_tools/jquery-1.4.2.min.js HTTP/1.1" 404 1094
222.70.180.200 - - [02/Sep/2023:09:55:03 +0800] "GET /xingrg/javascript/easyui/themes/default/validatebox.css HTTP/1.1" 404 1104
222.70.180.200 - - [02/Sep/2023:09:55:03 +0800] "POST /xingrg/kc/mdqp/pssh_order_operate.html HTTP/1.1" 200 562
222.70.180.200 - - [02/Sep/2023:09:55:04 +0800] "GET /xingrg/check_reg.html?_=1693619782049 HTTP/1.1" 200 22
58.40.7.146 - - [02/Sep/2023:09:55:05 +0800] "GET /xingrg/all/function/internal_message.html?_=1693619705221&CODE_STATE=getMsg HTTP/1.1" 200 27
222.67.237.86 - - [02/Sep/2023:09:55:06 +0800] "GET /xingrg/kc/buy/cgsh_order_operate.html?command=get_materiel&rest_code=00141&code=00101008114&supplier_code=00100007&order_time=2023-09-02 HTTP/1.1" 200 412
120.253.135.82 - - [02/Sep/2023:09:55:06 +0800] "POST /xingrg/kc/pszx/mdth_order_new_list.html HTTP/1.1" 200 203
120.253.135.82 - - [02/Sep/2023:09:55:08 +0800] "POST /xingrg/kc/pszx/mdth_order_new_list.html HTTP/1.1" 200 205
218.81.220.60 - - [02/Sep/2023:09:55:10 +0800] "POST /xingrg/services/DataTransmitService HTTP/1.1" 200 524
222.70.180.200 - - [02/Sep/2023:09:55:10 +0800] "GET /xingrg/all/function/internal_message.html?_=1693619710339&CODE_STATE=getMsg HTTP/1.1" 200 27
222.70.180.200 - - [02/Sep/2023:09:55:12 +0800] "POST /xingrg/all/common/load_combo.html?type=employee HTTP/1.1" 200 362
172.20.0.100 - - [02/Sep/2023:09:55:12 +0800] "GET /xingrg/all/report/report_query.html?isQuery=1&fileName=kc/base/crk_detail_by_small.xml&rh=99999&queryString=&queryText=%25E3%2580%2590%25E4%25BB%2593%25E5%25BA%2593%25E5%2590%258D%25E7%25A7%25B0%253A%25E7%2583%25A7%25E7%2583%25A4%25E5%25BA%2593%25E3%2580%2591%25E3%2580%2590%25E4%25B8%259A%25E5%258A%25A1%25E7%25B1%25BB%25E5%259E%258B%25EF%25BC%259A%25E7%259B%2598%25E4%25BA%258F%25E5%2587%25BA%25E5%25BA%2593%25E3%2580%2591%2520%253F%253F%253F%253F%253F2023-08-01%253F%253F2023-08-31&tableQueryString=crk_table%2524sp1%2524order_day%2520between%252020230801%2520and%252020230831%2520and%2520(base_code%253D'0010858')%2520and%2520(src_order_type%2520in%2520(45))%2520and%2520(is_rk%2520in%2520(0)) HTTP/1.1" 200 53691
172.20.0.100 - - [02/Sep/2023:09:55:13 +0800] "GET /xingrg/dwr/interface/AjaxReportQueryService.js HTTP/1.1" 200 13203
172.20.0.100 - - [02/Sep/2023:09:55:13 +0800] "GET /xingrg/dwr/engine.js HTTP/1.1" 200 43631
172.20.0.100 - - [02/Sep/2023:09:55:14 +0800] "GET /xingrg/javascript/jquery_easy_ui/themes/default/images/menu_rightarrow.png HTTP/1.1" 200 3617
172.20.0.100 - - [02/Sep/2023:09:55:14 +0800] "GET /xingrg/javascript/jquery_easy_ui/themes/icons/pencil.png HTTP/1.1" 200 713
172.20.0.100 - - [02/Sep/2023:09:55:15 +0800] "POST /xingrg/all/report/load_report_page.html HTTP/1.1" 200 47796
172.20.0.100 - - [02/Sep/2023:09:55:15 +0800] "GET /xingrg/servlets/image?cache=0.3944315830807169&image=px HTTP/1.1" 200 807
180.165.48.189 - - [02/Sep/2023:09:55:15 +0800] "GET /xingrg/all/function/internal_message.html?_=1693619715008&CODE_STATE=getMsg HTTP/1.1" 200 27
116.232.195.127 - - [02/Sep/2023:09:55:15 +0800] "GET /xingrg/kc/buy/cgsh_order_operate.html?command=get_materiel&rest_code=00155&code=00101008096&supplier_code=00100005&order_time=2023-09-02 HTTP/1.1" 200 412
101.83.145.37 - - [02/Sep/2023:09:55:19 +0800] "GET /xingrg/all/function/internal_message.html?_=1693619720854&CODE_STATE=getMsg HTTP/1.1" 200 27
222.67.237.86 - - [02/Sep/2023:09:55:20 +0800] "GET /xingrg/check_reg.html?_=1693619161269 HTTP/1.1" 200 22
222.67.237.86 - - [02/Sep/2023:09:55:20 +0800] "GET /xingrg/all/function/internal_message.html?_=1693619161794&CODE_STATE=getMsg HTTP/1.1" 200 27
101.83.241.137 - - [02/Sep/2023:09:55:22 +0800] "GET /xingrg/all/function/internal_message.html?_=1693619864623&CODE_STATE=getMsg HTTP/1.1" 200 27
101.228.187.155 - - [02/Sep/2023:09:55:24 +0800] "GET /xingrg/all/function/internal_message.html?_=1693619723152&CODE_STATE=getMsg HTTP/1.1" 200 27
222.70.180.200 - - [02/Sep/2023:09:55:25 +0800] "POST /xingrg/kc/mdqp/pssh_order_operate.html HTTP/1.1" 200 37
222.67.237.86 - - [02/Sep/2023:09:55:25 +0800] "GET /xingrg/kc/buy/cgsh_order_operate.html?command=get_materiel&rest_code=00141&code=00101008558&supplier_code=00100007&order_time=2023-09-02 HTTP/1.1" 200 409
120.253.135.82 - - [02/Sep/2023:09:55:26 +0800] "GET /xingrg/all/function/internal_message.html?_=1693619533011&CODE_STATE=getMsg HTTP/1.1" 200 27
222.70.180.200 - - [02/Sep/2023:09:55:28 +0800] "POST /xingrg/kc/mdqp/pssh_order_operate.html HTTP/1.1" 200 12
101.83.145.37 - - [02/Sep/2023:09:55:31 +0800] "GET /xingrg/javascript/jquery_easy_ui/themes/icons/rest.png HTTP/1.1" 304 -
101.83.145.37 - - [02/Sep/2023:09:55:31 +0800] "GET /xingrg/javascript/jquery_easy_ui/themes/icons/area.png HTTP/1.1" 304 -
101.83.145.37 - - [02/Sep/2023:09:55:31 +0800] "GET /xingrg/javascript/jquery_easy_ui/themes/icons/manage.png HTTP/1.1" 304 -
222.70.180.200 - - [02/Sep/2023:09:55:31 +0800] "GET /xingrg/kc/mdqp/pssh_order_info.html?code=312023083100719 HTTP/1.1" 200 14382
222.70.180.200 - - [02/Sep/2023:09:55:31 +0800] "GET /xingrg/javascript/jquery_tools/jquery-1.4.2.min.js HTTP/1.1" 404 1094
222.70.180.200 - - [02/Sep/2023:09:55:32 +0800] "GET /xingrg/javascript/easyui/themes/default/validatebox.css HTTP/1.1" 404 1104
222.70.180.200 - - [02/Sep/2023:09:55:32 +0800] "POST /xingrg/kc/mdqp/pssh_order_operate.html HTTP/1.1" 200 562
116.232.195.127 - - [02/Sep/2023:09:55:32 +0800] "GET /xingrg/kc/buy/cgsh_order_operate.html?command=get_materiel&rest_code=00155&code=00101008040&supplier_code=00100005&order_time=2023-09-02 HTTP/1.1" 200 412
180.152.241.196 - - [02/Sep/2023:09:55:35 +0800] "GET /xingrg/all/function/internal_message.html?_=1693619735766&CODE_STATE=getMsg HTTP/1.1" 200 27
172.20.0.100 - - [02/Sep/2023:09:55:36 +0800] "GET /xingrg/all/function/internal_message.html?_=1693619736073&CODE_STATE=getMsg HTTP/1.1" 200 27
172.20.0.100 - - [02/Sep/2023:09:55:36 +0800] "GET /xingrg/kc/base/crk_hz.html?_=1693619736094&command=get_cost_id&end_date=2023-08-31&start_date=2023-08-01 HTTP/1.1" 200 51
222.67.237.86 - - [02/Sep/2023:09:55:36 +0800] "GET /xingrg/kc/buy/cgsh_order_operate.html?command=get_materiel&rest_code=00141&code=00101008150&supplier_code=00100007&order_time=2023-09-02 HTTP/1.1" 200 409
172.20.0.100 - - [02/Sep/2023:09:55:36 +0800] "GET /xingrg/all/report/report_query.html?isQuery=1&onlyBody=1&rh=99999&rw=1800&varString=start:20230801,cost_id:4509,mid:20230801&fileName=kc/base/crk_hz_type_by_base.xml&queryString=%20m.sort_code%20in%20('00101001','00101002','00101003','00101004','00101005','00101006','00101007','00101008','00101009','00101010','00101011','00101012','00101013','00101014','00101015','00101016','00101017','00101018','00101019','00101020','00101021','00101022','00101023','00101024','00101025','00101026','00101027','00101028','00101029','00101030','00101031','00101032','00101033','00101034','00101036','00101037','00101038','00101039','00101040','00101041','00101042','00101043','00102001','00102002','00102003','00102004','00102005','00102006','00102007','00102008','00102009','00102010','00102011','00102012','00102013','00102014','00102015','00102016','00102017','00102018','00102019','00102020','00102021','00102022','00102023','00102024','00102025','00102026','00102027','00102028','00102029','00102030','00102031','00102032','00102033','00102034','00102035','00102036')%20&queryText=ÈÕÆÚ£º2023-08-01ÖÁ2023-08-31&tableQueryString=materiel_table$sp1$$sp$before_table$sp1$$sp$crk_table$sp1$order_day%20between%2020230801%20and%2020230831 HTTP/1.1" 200 50165
172.20.0.100 - - [02/Sep/2023:09:55:36 +0800] "GET /xingrg/dwr/interface/AjaxReportQueryService.js HTTP/1.1" 200 13203
172.20.0.100 - - [02/Sep/2023:09:55:36 +0800] "GET /xingrg/dwr/engine.js HTTP/1.1" 200 43631
172.20.0.100 - - [02/Sep/2023:09:55:41 +0800] "POST /xingrg/all/report/load_report_page.html HTTP/1.1" 200 429476
172.20.0.100 - - [02/Sep/2023:09:55:41 +0800] "GET /xingrg/servlets/image?cache=0.9889494620145454&image=px HTTP/1.1" 200 807
101.83.145.37 - - [02/Sep/2023:09:55:42 +0800] "POST /xingrg/kc/buy/cgsh_order_operate.html HTTP/1.1" 200 37
114.95.241.104 - - [02/Sep/2023:09:55:43 +0800] "GET /xingrg/all/function/internal_message.html?_=1693619638075&CODE_STATE=getMsg HTTP/1.1" 200 27
101.83.145.37 - - [02/Sep/2023:09:55:45 +0800] "POST /xingrg/kc/buy/cgsh_order_operate.html HTTP/1.1" 200 32233
180.169.147.146 - - [02/Sep/2023:09:55:45 +0800] "GET /xingrg/all/function/internal_message.html?_=1693619745635&CODE_STATE=getMsg HTTP/1.1" 200 27
101.83.241.234 - - [02/Sep/2023:09:55:46 +0800] "GET /xingrg/all/function/internal_message.html?_=1693619744538&CODE_STATE=getMsg HTTP/1.1" 200 27
222.67.237.86 - - [02/Sep/2023:09:55:48 +0800] "GET /xingrg/kc/buy/cgsh_order_operate.html?command=get_materiel&rest_code=00141&code=00101008100&supplier_code=00100007&order_time=2023-09-02 HTTP/1.1" 200 408
180.174.205.229 - - [02/Sep/2023:09:55:52 +0800] "GET /xingrg/all/function/internal_message.html?_=1693619751806&CODE_STATE=getMsg HTTP/1.1" 200 27
124.78.155.92 - - [02/Sep/2023:09:55:53 +0800] "GET /xingrg/all/function/internal_message.html?_=1693619769603&CODE_STATE=getMsg HTTP/1.1" 200 27
180.162.114.7 - - [02/Sep/2023:09:55:53 +0800] "GET /xingrg/all/function/internal_message.html?_=1693618432767&CODE_STATE=getMsg HTTP/1.1" 200 27
180.162.114.7 - - [02/Sep/2023:09:55:53 +0800] "GET /xingrg/check_reg.html?_=1693618432764 HTTP/1.1" 200 22
222.67.237.86 - - [02/Sep/2023:09:55:54 +0800] "POST /xingrg/kc/buy/cgsh_order_operate.html HTTP/1.1" 200 2065
222.70.180.200 - - [02/Sep/2023:09:55:54 +0800] "GET /xingrg/all/function/internal_message.html?_=1693619832698&CODE_STATE=getMsg HTTP/1.1" 200 27
101.83.145.37 - - [02/Sep/2023:09:55:55 +0800] "GET /xingrg/kc/print/load_config.html?kc_code=cgsh HTTP/1.1" 200 1924
124.79.247.70 - - [02/Sep/2023:09:55:55 +0800] "GET /xingrg/all/function/internal_message.html?_=1693620050578&CODE_STATE=getMsg HTTP/1.1" 200 27
101.83.145.37 - - [02/Sep/2023:09:55:55 +0800] "GET /xingrg/kc/print/load_data.html?order_code=212023090200456&kc_code=cgsh&condition= HTTP/1.1" 200 11895
101.83.145.37 - - [02/Sep/2023:09:55:57 +0800] "GET /xingrg/all/function/internal_message.html?_=1693619551514&CODE_STATE=getMsg HTTP/1.1" 200 27
116.232.195.127 - - [02/Sep/2023:09:56:00 +0800] "GET /xingrg/all/function/internal_message.html?_=1693619660444&CODE_STATE=getMsg HTTP/1.1" 200 27
180.174.205.229 - - [02/Sep/2023:09:56:01 +0800] "GET /xingrg/check_reg.html?_=1693619761236 HTTP/1.1" 200 22
114.95.241.104 - - [02/Sep/2023:09:56:02 +0800] "GET /xingrg/all/function/internal_message.html?_=1693619657795&CODE_STATE=getMsg HTTP/1.1" 200 27
222.70.180.200 - - [02/Sep/2023:09:56:04 +0800] "GET /xingrg/kc/print/load_data.html?order_code=312023083100719&kc_code=pssh&condition= HTTP/1.1" 200 689
58.40.7.146 - - [02/Sep/2023:09:56:05 +0800] "GET /xingrg/check_reg.html?_=1693619765209 HTTP/1.1" 200 22
58.40.7.146 - - [02/Sep/2023:09:56:05 +0800] "GET /xingrg/all/function/internal_message.html?_=1693619765210&CODE_STATE=getMsg HTTP/1.1" 200 27
222.67.237.86 - - [02/Sep/2023:09:56:10 +0800] "GET /xingrg/kc/buy/cgsh_order_operate.html?command=get_materiel&rest_code=00141&code=00101008132&supplier_code=00100007&order_time=2023-09-02 HTTP/1.1" 200 408
222.70.180.200 - - [02/Sep/2023:09:56:10 +0800] "GET /xingrg/all/function/internal_message.html?_=1693619770323&CODE_STATE=getMsg HTTP/1.1" 200 27
116.232.195.127 - - [02/Sep/2023:09:56:14 +0800] "GET /xingrg/kc/buy/cgsh_order_operate.html?command=get_materiel&rest_code=00155&code=00101013175&supplier_code=00100005&order_time=2023-09-02 HTTP/1.1" 200 412
180.165.48.189 - - [02/Sep/2023:09:56:15 +0800] "GET /xingrg/all/function/internal_message.html?_=1693619775003&CODE_STATE=getMsg HTTP/1.1" 200 27
180.165.48.189 - - [02/Sep/2023:09:56:15 +0800] "GET /xingrg/check_reg.html?_=1693619775006 HTTP/1.1" 200 22
120.253.135.82 - - [02/Sep/2023:09:56:19 +0800] "GET /xingrg/kc/pszx/mdqp_order_list.html?state=10 HTTP/1.1" 200 10713
120.253.135.82 - - [02/Sep/2023:09:56:19 +0800] "GET /xingrg/dwr/interface/AjaxQqpsService.js HTTP/1.1" 200 16326
120.253.135.82 - - [02/Sep/2023:09:56:19 +0800] "GET /xingrg/dwr/interface/AjaxReportQueryService.js HTTP/1.1" 200 13203
120.253.135.82 - - [02/Sep/2023:09:56:19 +0800] "GET /xingrg/dwr/engine.js HTTP/1.1" 200 43631
101.83.145.37 - - [02/Sep/2023:09:56:19 +0800] "GET /xingrg/all/function/internal_message.html?_=1693619780880&CODE_STATE=getMsg HTTP/1.1" 200 27
222.67.237.86 - - [02/Sep/2023:09:56:20 +0800] "GET /xingrg/all/function/internal_message.html?_=1693619221838&CODE_STATE=getMsg HTTP/1.1" 200 27
101.83.241.137 - - [02/Sep/2023:09:56:22 +0800] "GET /xingrg/all/function/internal_message.html?_=1693619924626&CODE_STATE=getMsg HTTP/1.1" 200 27
101.228.187.155 - - [02/Sep/2023:09:56:24 +0800] "GET /xingrg/all/function/internal_message.html?_=1693619783152&CODE_STATE=getMsg HTTP/1.1" 200 27
120.253.135.82 - - [02/Sep/2023:09:56:25 +0800] "GET /xingrg/check_reg.html?_=1693619591526 HTTP/1.1" 200 22
120.253.135.82 - - [02/Sep/2023:09:56:27 +0800] "GET /xingrg/all/function/internal_message.html?_=1693619593024&CODE_STATE=getMsg HTTP/1.1" 200 27
101.80.225.121 - - [02/Sep/2023:09:56:33 +0800] "POST /xingrg/services/DataTransmitService HTTP/1.1" 200 524
180.152.241.196 - - [02/Sep/2023:09:56:35 +0800] "GET /xingrg/all/function/internal_message.html?_=1693619795764&CODE_STATE=getMsg HTTP/1.1" 200 27
172.20.0.100 - - [02/Sep/2023:09:56:36 +0800] "GET /xingrg/all/function/internal_message.html?_=1693619796065&CODE_STATE=getMsg HTTP/1.1" 200 27
222.67.237.86 - - [02/Sep/2023:09:56:38 +0800] "GET /xingrg/kc/buy/cgsh_order_operate.html?command=get_materiel&rest_code=00141&code=00101008748&supplier_code=00100007&order_time=2023-09-02 HTTP/1.1" 200 402
114.95.241.104 - - [02/Sep/2023:09:56:43 +0800] "GET /xingrg/all/function/internal_message.html?_=1693619698087&CODE_STATE=getMsg HTTP/1.1" 200 27
180.169.147.146 - - [02/Sep/2023:09:56:45 +0800] "GET /xingrg/all/function/internal_message.html?_=1693619805635&CODE_STATE=getMsg HTTP/1.1" 200 27
114.95.241.104 - - [02/Sep/2023:09:56:46 +0800] "GET /xingrg/check_reg.html?_=1693619701118 HTTP/1.1" 200 22
101.83.241.234 - - [02/Sep/2023:09:56:46 +0800] "GET /xingrg/all/function/internal_message.html?_=1693619804513&CODE_STATE=getMsg HTTP/1.1" 200 27
222.67.237.86 - - [02/Sep/2023:09:56:51 +0800] "GET /xingrg/kc/buy/cgsh_order_operate.html?command=get_materiel&rest_code=00141&code=00101008010&supplier_code=00100007&order_time=2023-09-02 HTTP/1.1" 200 412
120.253.135.82 - - [02/Sep/2023:09:56:51 +0800] "GET /xingrg/login.html HTTP/1.1" 200 7641
180.174.205.229 - - [02/Sep/2023:09:56:52 +0800] "GET /xingrg/all/function/internal_message.html?_=1693619811808&CODE_STATE=getMsg HTTP/1.1" 200 27
120.253.135.82 - - [02/Sep/2023:09:56:53 +0800] "GET /xingrg/images/blue/jxLogo.png HTTP/1.1" 304 -
124.78.155.92 - - [02/Sep/2023:09:56:53 +0800] "GET /xingrg/all/function/internal_message.html?_=1693619829593&CODE_STATE=getMsg HTTP/1.1" 200 27
180.162.114.7 - - [02/Sep/2023:09:56:53 +0800] "GET /xingrg/all/function/internal_message.html?_=1693618492759&CODE_STATE=getMsg HTTP/1.1" 200 27
120.253.135.82 - - [02/Sep/2023:09:56:54 +0800] "GET /xingrg/images/blue/login_bg.png HTTP/1.1" 304 -
120.253.135.82 - - [02/Sep/2023:09:56:54 +0800] "GET /xingrg/images/blue/hj.png HTTP/1.1" 304 -
120.253.135.82 - - [02/Sep/2023:09:56:54 +0800] "GET /xingrg/images/blue/srbg.png HTTP/1.1" 304 -
222.70.180.200 - - [02/Sep/2023:09:56:54 +0800] "GET /xingrg/all/function/internal_message.html?_=1693619892686&CODE_STATE=getMsg HTTP/1.1" 200 27
120.253.135.82 - - [02/Sep/2023:09:56:55 +0800] "GET /favicon.ico HTTP/1.1" 404 -
124.79.247.70 - - [02/Sep/2023:09:56:56 +0800] "GET /xingrg/all/function/internal_message.html?_=1693620110576&CODE_STATE=getMsg HTTP/1.1" 200 27
101.83.145.37 - - [02/Sep/2023:09:56:57 +0800] "GET /xingrg/all/function/internal_message.html?_=1693619611514&CODE_STATE=getMsg HTTP/1.1" 200 27
120.253.135.82 - - [02/Sep/2023:09:56:59 +0800] "POST /xingrg/login.do HTTP/1.1" 302 -
222.67.237.86 - - [02/Sep/2023:09:56:59 +0800] "GET /xingrg/kc/buy/cgsh_order_operate.html?command=get_materiel&rest_code=00141&code=00101008038&supplier_code=00100007&order_time=2023-09-02 HTTP/1.1" 200 412
120.253.135.82 - - [02/Sep/2023:09:57:00 +0800] "GET /xingrg/index.html?sysBaseUrl=http%3A%2F%2F180.169.147.146%3A18081%2Fxingrg%2F&costTime=835×tamp=1693619819956 HTTP/1.1" 200 17173
120.253.135.82 - - [02/Sep/2023:09:57:00 +0800] "GET /xingrg/javascript/jquery_easy_ui/themes/default/easyui.css HTTP/1.1" 304 -
120.253.135.82 - - [02/Sep/2023:09:57:00 +0800] "GET /xingrg/javascript/jquery_easy_ui/themes/icon.css HTTP/1.1" 304 -
120.253.135.82 - - [02/Sep/2023:09:57:00 +0800] "GET /xingrg/css/form.css HTTP/1.1" 304 -
120.253.135.82 - - [02/Sep/2023:09:57:00 +0800] "GET /xingrg/javascript/jquery-1.4.2.min.js HTTP/1.1" 304 -
120.253.135.82 - - [02/Sep/2023:09:57:00 +0800] "GET /xingrg/javascript/jquery_easy_ui/easyui-lang-zh_CN.js HTTP/1.1" 304 -
120.253.135.82 - - [02/Sep/2023:09:57:00 +0800] "GET /xingrg/javascript/jquery_easy_ui/jquery.easyui.min.js HTTP/1.1" 304 -
120.253.135.82 - - [02/Sep/2023:09:57:00 +0800] "GET /xingrg/javascript/jquery.form.js HTTP/1.1" 304 -
120.253.135.82 - - [02/Sep/2023:09:57:00 +0800] "GET /xingrg/javascript/jquery.timers.js HTTP/1.1" 304 -
120.253.135.82 - - [02/Sep/2023:09:57:00 +0800] "GET /xingrg/javascript/jquery.utils.js HTTP/1.1" 304 -
120.253.135.82 - - [02/Sep/2023:09:57:00 +0800] "GET /favicon.ico HTTP/1.1" 404 -
120.253.135.82 - - [02/Sep/2023:09:57:00 +0800] "GET /xingrg/javascript/jquery_easy_ui/themes/icons/settle_new.png HTTP/1.1" 304 -
120.253.135.82 - - [02/Sep/2023:09:57:00 +0800] "GET /xingrg/images/blue/navBackgound.jpg HTTP/1.1" 304 -
116.232.195.127 - - [02/Sep/2023:09:57:00 +0800] "GET /xingrg/all/function/internal_message.html?_=1693619720409&CODE_STATE=getMsg HTTP/1.1" 200 27
120.253.135.82 - - [02/Sep/2023:09:57:01 +0800] "GET /xingrg/images/blue/pingpu.png HTTP/1.1" 304 -
120.253.135.82 - - [02/Sep/2023:09:57:01 +0800] "GET /xingrg/javascript/jquery_easy_ui/themes/default/images/tabs_rightarrow.png HTTP/1.1" 304 -
120.253.135.82 - - [02/Sep/2023:09:57:01 +0800] "GET /xingrg/javascript/jquery_easy_ui/themes/default/images/tabs_leftarrow.png HTTP/1.1" 304 -
120.253.135.82 - - [02/Sep/2023:09:57:01 +0800] "GET /xingrg/javascript/jquery_easy_ui/themes/default/images/panel_tool_collapse.gif HTTP/1.1" 304 -
120.253.135.82 - - [02/Sep/2023:09:57:01 +0800] "POST /xingrg/all/common/load_tree.html?tree=area_rest_tree_json&manage=1 HTTP/1.1" 200 344
222.70.180.200 - - [02/Sep/2023:09:57:01 +0800] "GET /xingrg/kc/mdqp/pssh_order_list.html?isBack=1 HTTP/1.1" 200 17882
222.70.180.200 - - [02/Sep/2023:09:57:02 +0800] "POST /xingrg/kc/mdqp/pssh_list_operate.html HTTP/1.1" 200 5445
114.95.241.104 - - [02/Sep/2023:09:57:02 +0800] "GET /xingrg/all/function/internal_message.html?_=1693619717807&CODE_STATE=getMsg HTTP/1.1" 200 27
120.253.135.82 - - [02/Sep/2023:09:57:03 +0800] "GET /xingrg/check_reg.html?_=1693619629447 HTTP/1.1" 200 22
120.253.135.82 - - [02/Sep/2023:09:57:03 +0800] "GET /xingrg/all/function/internal_message.html?_=1693619629446&CODE_STATE=count HTTP/1.1" 200 11
120.253.135.82 - - [02/Sep/2023:09:57:03 +0800] "POST /xingrg/load_menu.html HTTP/1.1" 200 6743
120.253.135.82 - - [02/Sep/2023:09:57:03 +0800] "GET /xingrg/javascript/jquery_easy_ui/themes/default/images/tree_arrows.gif HTTP/1.1" 304 -
120.253.135.82 - - [02/Sep/2023:09:57:04 +0800] "GET /xingrg/javascript/jquery_easy_ui/themes/default/images/tree_folder_open.gif HTTP/1.1" 304 -
120.253.135.82 - - [02/Sep/2023:09:57:04 +0800] "GET /xingrg/javascript/jquery_easy_ui/themes/icons/search_new.png HTTP/1.1" 304 -
120.253.135.82 - - [02/Sep/2023:09:57:04 +0800] "GET /xingrg/javascript/jquery_easy_ui/themes/icons/delivery_new.png HTTP/1.1" 304 -
120.253.135.82 - - [02/Sep/2023:09:57:04 +0800] "GET /xingrg/javascript/jquery_easy_ui/themes/icons/storage_new.png HTTP/1.1" 304 -
120.253.135.82 - - [02/Sep/2023:09:57:04 +0800] "GET /xingrg/javascript/jquery_easy_ui/themes/icons/forms_new.png HTTP/1.1" 304 -
120.253.135.82 - - [02/Sep/2023:09:57:04 +0800] "GET /xingrg/javascript/jquery_easy_ui/themes/default/images/tree_file.gif HTTP/1.1" 304 -
120.253.135.82 - - [02/Sep/2023:09:57:04 +0800] "GET /xingrg/javascript/jquery_easy_ui/themes/default/images/tree_folder.gif HTTP/1.1" 304 -
120.253.135.82 - - [02/Sep/2023:09:57:05 +0800] "GET /xingrg/javascript/jquery_easy_ui/themes/default/images/tabs_active.png HTTP/1.1" 304 -
58.40.7.146 - - [02/Sep/2023:09:57:05 +0800] "GET /xingrg/all/function/internal_message.html?_=1693619825212&CODE_STATE=getMsg HTTP/1.1" 200 27
222.70.180.200 - - [02/Sep/2023:09:57:05 +0800] "POST /xingrg/kc/mdqp/pssh_list_operate.html HTTP/1.1" 200 275
222.70.180.200 - - [02/Sep/2023:09:57:10 +0800] "GET /xingrg/all/function/internal_message.html?_=1693619830304&CODE_STATE=getMsg HTTP/1.1" 200 27
222.67.237.86 - - [02/Sep/2023:09:57:15 +0800] "GET /xingrg/kc/buy/cgsh_order_operate.html?command=get_materiel&rest_code=00141&code=00101008356&supplier_code=00100007&order_time=2023-09-02 HTTP/1.1" 200 409
180.165.48.189 - - [02/Sep/2023:09:57:15 +0800] "GET /xingrg/all/function/internal_message.html?_=1693619834995&CODE_STATE=getMsg HTTP/1.1" 200 27
222.67.237.86 - - [02/Sep/2023:09:57:17 +0800] "POST /xingrg/kc/buy/cgsh_order_operate.html HTTP/1.1" 200 2065
101.83.145.37 - - [02/Sep/2023:09:57:19 +0800] "GET /xingrg/all/function/internal_message.html?_=1693619840880&CODE_STATE=getMsg HTTP/1.1" 200 27
101.83.145.37 - - [02/Sep/2023:09:57:19 +0800] "GET /xingrg/check_reg.html?_=1693619840882 HTTP/1.1" 200 22
222.67.237.86 - - [02/Sep/2023:09:57:20 +0800] "GET /xingrg/all/function/internal_message.html?_=1693619281749&CODE_STATE=getMsg HTTP/1.1" 200 27
101.83.241.137 - - [02/Sep/2023:09:57:21 +0800] "GET /xingrg/all/function/internal_message.html?_=1693619984636&CODE_STATE=getMsg HTTP/1.1" 200 27
101.228.187.155 - - [02/Sep/2023:09:57:24 +0800] "GET /xingrg/all/function/internal_message.html?_=1693619843151&CODE_STATE=getMsg HTTP/1.1" 200 27
222.70.180.200 - - [02/Sep/2023:09:57:27 +0800] "POST /xingrg/kc/mdqp/pssh_list_operate.html HTTP/1.1" 200 814
222.70.180.200 - - [02/Sep/2023:09:57:27 +0800] "GET /xingrg/kc/mdqp/pssh_order_info.html?code=312023082800698 HTTP/1.1" 200 17272
222.70.180.200 - - [02/Sep/2023:09:57:27 +0800] "GET /xingrg/javascript/jquery_tools/jquery-1.4.2.min.js HTTP/1.1" 404 1094
222.70.180.200 - - [02/Sep/2023:09:57:28 +0800] "GET /xingrg/javascript/easyui/themes/default/validatebox.css HTTP/1.1" 404 1104
222.70.180.200 - - [02/Sep/2023:09:57:28 +0800] "POST /xingrg/kc/mdqp/pssh_order_operate.html HTTP/1.1" 200 545
101.83.241.137 - - [02/Sep/2023:09:57:35 +0800] "POST /xingrg/kc/buy/cgsh_order_operate.html HTTP/1.1" 200 37
180.152.241.196 - - [02/Sep/2023:09:57:35 +0800] "GET /xingrg/all/function/internal_message.html?_=1693619855758&CODE_STATE=getMsg HTTP/1.1" 200 27
180.152.241.196 - - [02/Sep/2023:09:57:35 +0800] "GET /xingrg/check_reg.html?_=1693619855761 HTTP/1.1" 200 22
172.20.0.100 - - [02/Sep/2023:09:57:36 +0800] "GET /xingrg/all/function/internal_message.html?_=1693619856062&CODE_STATE=getMsg HTTP/1.1" 200 27
101.83.241.137 - - [02/Sep/2023:09:57:38 +0800] "POST /xingrg/kc/buy/cgsh_order_operate.html HTTP/1.1" 200 4542
222.67.237.86 - - [02/Sep/2023:09:57:41 +0800] "GET /xingrg/kc/buy/cgsh_order_operate.html?command=get_materiel&rest_code=00141&code=00101008108&supplier_code=00100007&order_time=2023-09-02 HTTP/1.1" 200 412
114.95.241.104 - - [02/Sep/2023:09:57:42 +0800] "GET /xingrg/check_reg.html?_=1693619757852 HTTP/1.1" 200 22
222.70.180.200 - - [02/Sep/2023:09:57:42 +0800] "POST /xingrg/all/common/load_combo.html?type=base&rest_code=00111 HTTP/1.1" 200 3142
114.95.241.104 - - [02/Sep/2023:09:57:43 +0800] "GET /xingrg/all/function/internal_message.html?_=1693619758101&CODE_STATE=getMsg HTTP/1.1" 200 27
101.83.241.234 - - [02/Sep/2023:09:57:43 +0800] "GET /xingrg/check_reg.html?_=1693619862043 HTTP/1.1" 200 22
180.169.147.146 - - [02/Sep/2023:09:57:45 +0800] "GET /xingrg/all/function/internal_message.html?_=1693619865627&CODE_STATE=getMsg HTTP/1.1" 200 27
101.83.241.234 - - [02/Sep/2023:09:57:46 +0800] "GET /xingrg/all/function/internal_message.html?_=1693619864502&CODE_STATE=getMsg HTTP/1.1" 200 27
180.174.205.229 - - [02/Sep/2023:09:57:52 +0800] "GET /xingrg/all/function/internal_message.html?_=1693619871824&CODE_STATE=getMsg HTTP/1.1" 200 27
124.78.155.92 - - [02/Sep/2023:09:57:53 +0800] "GET /xingrg/all/function/internal_message.html?_=1693619889607&CODE_STATE=getMsg HTTP/1.1" 200 27
180.162.114.7 - - [02/Sep/2023:09:57:53 +0800] "GET /xingrg/all/function/internal_message.html?_=1693618552768&CODE_STATE=getMsg HTTP/1.1" 200 27
222.70.180.200 - - [02/Sep/2023:09:57:54 +0800] "GET /xingrg/all/function/internal_message.html?_=1693619952657&CODE_STATE=getMsg HTTP/1.1" 200 27
124.79.247.70 - - [02/Sep/2023:09:57:55 +0800] "GET /xingrg/all/function/internal_message.html?_=1693620170574&CODE_STATE=getMsg HTTP/1.1" 200 27
101.83.145.37 - - [02/Sep/2023:09:57:57 +0800] "GET /xingrg/check_reg.html?_=1693619671514 HTTP/1.1" 200 22
101.83.145.37 - - [02/Sep/2023:09:57:57 +0800] "GET /xingrg/all/function/internal_message.html?_=1693619671517&CODE_STATE=getMsg HTTP/1.1" 200 27
222.67.237.86 - - [02/Sep/2023:09:57:58 +0800] "GET /xingrg/kc/buy/cgsh_order_operate.html?command=get_materiel&rest_code=00141&code=00101008306&supplier_code=00100007&order_time=2023-09-02 HTTP/1.1" 200 412
218.81.220.60 - - [02/Sep/2023:09:57:59 +0800] "POST /xingrg/services/DataTransmitService HTTP/1.1" 200 501
116.232.195.127 - - [02/Sep/2023:09:58:00 +0800] "GET /xingrg/all/function/internal_message.html?_=1693619780399&CODE_STATE=getMsg HTTP/1.1" 200 27
218.81.220.60 - - [02/Sep/2023:09:58:01 +0800] "POST /xingrg/services/DataTransmitService HTTP/1.1" 200 501
114.95.241.104 - - [02/Sep/2023:09:58:02 +0800] "GET /xingrg/all/function/internal_message.html?_=1693619777820&CODE_STATE=getMsg HTTP/1.1" 200 27
120.253.135.82 - - [02/Sep/2023:09:58:03 +0800] "GET /xingrg/all/function/internal_message.html?_=1693619689451&CODE_STATE=getMsg HTTP/1.1" 200 27
58.40.7.146 - - [02/Sep/2023:09:58:05 +0800] "GET /xingrg/all/function/internal_message.html?_=1693619885214&CODE_STATE=getMsg HTTP/1.1" 200 27
222.67.237.86 - - [02/Sep/2023:09:58:08 +0800] "POST /xingrg/kc/buy/cgsh_order_operate.html HTTP/1.1" 200 2065
116.232.195.127 - - [02/Sep/2023:09:58:09 +0800] "GET /xingrg/kc/buy/cgsh_order_operate.html?command=get_materiel&rest_code=00155&code=00101008361&supplier_code=00100005&order_time=2023-09-02 HTTP/1.1" 200 408
222.70.180.200 - - [02/Sep/2023:09:58:10 +0800] "GET /xingrg/all/function/internal_message.html?_=1693619890276&CODE_STATE=getMsg HTTP/1.1" 200 27
222.67.237.86 - - [02/Sep/2023:09:58:13 +0800] "GET /xingrg/kc/buy/cgsh_order_operate.html?command=get_materiel&rest_code=00141&code=00101008309&supplier_code=00100007&order_time=2023-09-02 HTTP/1.1" 200 421
180.165.48.189 - - [02/Sep/2023:09:58:15 +0800] "GET /xingrg/all/function/internal_message.html?_=1693619894988&CODE_STATE=getMsg HTTP/1.1" 200 27
116.232.195.127 - - [02/Sep/2023:09:58:17 +0800] "GET /xingrg/check_reg.html?_=1693619797439 HTTP/1.1" 200 22
101.83.241.137 - - [02/Sep/2023:09:58:18 +0800] "GET /xingrg/kc/buy/cgsh_order_operate.html?command=get_materiel&rest_code=00154&code=00101029117&supplier_code=00100585&order_time=2023-09-02 HTTP/1.1" 200 440
101.83.145.37 - - [02/Sep/2023:09:58:20 +0800] "GET /xingrg/all/function/internal_message.html?_=1693619900890&CODE_STATE=getMsg HTTP/1.1" 200 27
222.67.237.86 - - [02/Sep/2023:09:58:20 +0800] "GET /xingrg/all/function/internal_message.html?_=1693619341842&CODE_STATE=getMsg HTTP/1.1" 200 27
101.83.241.137 - - [02/Sep/2023:09:58:21 +0800] "GET /xingrg/all/function/internal_message.html?_=1693620044629&CODE_STATE=getMsg HTTP/1.1" 200 27
101.83.241.137 - - [02/Sep/2023:09:58:21 +0800] "GET /xingrg/check_reg.html?_=1693620044631 HTTP/1.1" 200 22
101.228.187.155 - - [02/Sep/2023:09:58:24 +0800] "GET /xingrg/all/function/internal_message.html?_=1693619903152&CODE_STATE=getMsg HTTP/1.1" 200 27
222.70.180.200 - - [02/Sep/2023:09:58:27 +0800] "POST /xingrg/all/common/load_combo.html?type=employee HTTP/1.1" 200 362
116.232.195.127 - - [02/Sep/2023:09:58:29 +0800] "GET /xingrg/kc/buy/cgsh_order_operate.html?command=get_materiel&rest_code=00155&code=00101008411&supplier_code=00100005&order_time=2023-09-02 HTTP/1.1" 200 413
218.81.220.60 - - [02/Sep/2023:09:58:33 +0800] "POST /xingrg/services/DataTransmitService HTTP/1.1" 200 501
180.152.241.196 - - [02/Sep/2023:09:58:35 +0800] "GET /xingrg/all/function/internal_message.html?_=1693619915766&CODE_STATE=getMsg HTTP/1.1" 200 27
172.20.0.100 - - [02/Sep/2023:09:58:36 +0800] "GET /xingrg/all/function/internal_message.html?_=1693619916065&CODE_STATE=getMsg HTTP/1.1" 200 27
222.70.180.200 - - [02/Sep/2023:09:58:36 +0800] "POST /xingrg/kc/mdqp/pssh_order_operate.html HTTP/1.1" 200 37
101.83.241.137 - - [02/Sep/2023:09:58:36 +0800] "GET /xingrg/kc/buy/cgsh_order_operate.html?command=get_materiel&rest_code=00154&code=00101023040&supplier_code=00100585&order_time=2023-09-02 HTTP/1.1" 200 460
222.70.180.200 - - [02/Sep/2023:09:58:40 +0800] "POST /xingrg/kc/mdqp/pssh_order_operate.html HTTP/1.1" 200 12
116.232.195.127 - - [02/Sep/2023:09:58:42 +0800] "GET /xingrg/kc/buy/cgsh_order_operate.html?command=get_materiel&rest_code=00155&code=00101008360&supplier_code=00100005&order_time=2023-09-02 HTTP/1.1" 200 412
114.95.241.104 - - [02/Sep/2023:09:58:43 +0800] "GET /xingrg/all/function/internal_message.html?_=1693619818116&CODE_STATE=getMsg HTTP/1.1" 200 27
222.70.180.200 - - [02/Sep/2023:09:58:43 +0800] "GET /xingrg/kc/mdqp/pssh_order_info.html?code=312023082800698 HTTP/1.1" 200 14386
222.70.180.200 - - [02/Sep/2023:09:58:43 +0800] "GET /xingrg/javascript/jquery_tools/jquery-1.4.2.min.js HTTP/1.1" 404 1094
222.70.180.200 - - [02/Sep/2023:09:58:43 +0800] "GET /xingrg/javascript/easyui/themes/default/validatebox.css HTTP/1.1" 404 1104
222.70.180.200 - - [02/Sep/2023:09:58:43 +0800] "POST /xingrg/kc/mdqp/pssh_order_operate.html HTTP/1.1" 200 545
180.169.147.146 - - [02/Sep/2023:09:58:45 +0800] "GET /xingrg/check_reg.html?_=1693619925633 HTTP/1.1" 200 22
180.169.147.146 - - [02/Sep/2023:09:58:45 +0800] "GET /xingrg/all/function/internal_message.html?_=1693619925634&CODE_STATE=getMsg HTTP/1.1" 200 27
101.83.241.234 - - [02/Sep/2023:09:58:46 +0800] "GET /xingrg/all/function/internal_message.html?_=1693619924476&CODE_STATE=getMsg HTTP/1.1" 200 27
222.70.180.200 - - [02/Sep/2023:09:58:47 +0800] "GET /xingrg/kc/print/load_data.html?order_code=312023082800698&kc_code=pssh&condition= HTTP/1.1" 200 686
222.67.237.86 - - [02/Sep/2023:09:58:50 +0800] "GET /xingrg/kc/buy/cgsh_order_operate.html?command=get_materiel&rest_code=00141&code=00101008261&supplier_code=00100007&order_time=2023-09-02 HTTP/1.1" 200 408
180.174.205.229 - - [02/Sep/2023:09:58:52 +0800] "GET /xingrg/all/function/internal_message.html?_=1693619931813&CODE_STATE=getMsg HTTP/1.1" 200 27
124.78.155.92 - - [02/Sep/2023:09:58:53 +0800] "GET /xingrg/all/function/internal_message.html?_=1693619949598&CODE_STATE=getMsg HTTP/1.1" 200 27
180.162.114.7 - - [02/Sep/2023:09:58:53 +0800] "GET /xingrg/all/function/internal_message.html?_=1693618612767&CODE_STATE=getMsg HTTP/1.1" 200 27
222.70.180.200 - - [02/Sep/2023:09:58:54 +0800] "GET /xingrg/all/function/internal_message.html?_=1693620012646&CODE_STATE=getMsg HTTP/1.1" 200 27
116.232.195.127 - - [02/Sep/2023:09:58:55 +0800] "GET /xingrg/kc/buy/cgsh_order_operate.html?command=get_materiel&rest_code=00155&code=00101008059&supplier_code=00100005&order_time=2023-09-02 HTTP/1.1" 200 408
124.79.247.70 - - [02/Sep/2023:09:58:55 +0800] "GET /xingrg/all/function/internal_message.html?_=1693620230571&CODE_STATE=getMsg HTTP/1.1" 200 27
101.83.145.37 - - [02/Sep/2023:09:58:57 +0800] "GET /xingrg/all/function/internal_message.html?_=1693619731517&CODE_STATE=getMsg HTTP/1.1" 200 27
116.232.195.127 - - [02/Sep/2023:09:59:00 +0800] "GET /xingrg/all/function/internal_message.html?_=1693619840377&CODE_STATE=getMsg HTTP/1.1" 200 27
114.95.241.104 - - [02/Sep/2023:09:59:02 +0800] "GET /xingrg/all/function/internal_message.html?_=1693619837851&CODE_STATE=getMsg HTTP/1.1" 200 27
222.67.237.86 - - [02/Sep/2023:09:59:03 +0800] "GET /xingrg/kc/buy/cgsh_order_operate.html?command=get_materiel&rest_code=00141&code=00101008096&supplier_code=00100007&order_time=2023-09-02 HTTP/1.1" 200 412
120.253.135.82 - - [02/Sep/2023:09:59:03 +0800] "GET /xingrg/all/function/internal_message.html?_=1693619749462&CODE_STATE=getMsg HTTP/1.1" 200 27
116.232.195.127 - - [02/Sep/2023:09:59:04 +0800] "GET /xingrg/kc/buy/cgsh_order_operate.html?command=get_materiel&rest_code=00155&code=00101008196&supplier_code=00100005&order_time=2023-09-02 HTTP/1.1" 200 416
101.83.241.234 - - [02/Sep/2023:09:59:04 +0800] "POST /xingrg/services/DataTransmitService HTTP/1.1" 200 524
218.81.220.60 - - [02/Sep/2023:09:59:04 +0800] "POST /xingrg/services/DataTransmitService HTTP/1.1" 200 501
58.40.7.146 - - [02/Sep/2023:09:59:05 +0800] "GET /xingrg/all/function/internal_message.html?_=1693619945215&CODE_STATE=getMsg HTTP/1.1" 200 27
218.81.220.60 - - [02/Sep/2023:09:59:07 +0800] "POST /xingrg/services/DataTransmitService HTTP/1.1" 200 501
218.81.220.60 - - [02/Sep/2023:09:59:07 +0800] "POST /xingrg/services/DataTransmitService HTTP/1.1" 200 501
222.70.180.200 - - [02/Sep/2023:09:59:10 +0800] "GET /xingrg/all/function/internal_message.html?_=1693619950256&CODE_STATE=getMsg HTTP/1.1" 200 27
222.70.180.200 - - [02/Sep/2023:09:59:10 +0800] "GET /xingrg/check_reg.html?_=1693619950559 HTTP/1.1" 200 22
222.67.237.86 - - [02/Sep/2023:09:59:12 +0800] "GET /xingrg/kc/buy/cgsh_order_operate.html?command=get_materiel&rest_code=00141&code=00101008199&supplier_code=00100007&order_time=2023-09-02 HTTP/1.1" 200 408
101.83.241.137 - - [02/Sep/2023:09:59:13 +0800] "GET /xingrg/kc/buy/cgsh_order_operate.html?command=get_materiel&rest_code=00154&code=00101028069&supplier_code=00100585&order_time=2023-09-02 HTTP/1.1" 200 419
