101.83.241.234 - - [02/Sep/2023:08:59:18 +0800] "GET /xingrg/kc/buy/cgsh_order_operate.html?command=get_materiel&rest_code=00149&code=00101008639&supplier_code=00100008&order_time=2023-09-02 HTTP/1.1" 200 409
101.83.241.137 - - [02/Sep/2023:08:59:18 +0800] "POST /xingrg/all/common/load_select.html HTTP/1.1" 200 25
101.83.241.137 - - [02/Sep/2023:08:59:21 +0800] "GET /xingrg/kc/base/wldb_order_operate.html?command=get_materiel_price&rest_code=00154&base_code=0010724&code=00101040002&unit_code=00100619 HTTP/1.1" 200 37
101.83.145.37 - - [02/Sep/2023:08:59:21 +0800] "POST /xingrg/kc/buy/cgsh_list_operate.html HTTP/1.1" 200 6145
101.83.241.234 - - [02/Sep/2023:08:59:21 +0800] "POST /xingrg/kc/buy/cgsh_order_operate.html HTTP/1.1" 200 2065
101.83.241.234 - - [02/Sep/2023:08:59:21 +0800] "GET /xingrg/all/function/internal_message.html?_=1693616359684&CODE_STATE=getMsg HTTP/1.1" 200 27
101.83.241.137 - - [02/Sep/2023:08:59:22 +0800] "GET /xingrg/all/function/internal_message.html?_=1693616504633&CODE_STATE=getMsg HTTP/1.1" 200 27
101.228.187.155 - - [02/Sep/2023:08:59:24 +0800] "GET /xingrg/check_reg.html?_=1693616363098 HTTP/1.1" 200 22
101.228.187.155 - - [02/Sep/2023:08:59:24 +0800] "GET /xingrg/all/function/internal_message.html?_=1693616363101&CODE_STATE=getMsg HTTP/1.1" 200 27
101.83.241.137 - - [02/Sep/2023:08:59:26 +0800] "GET /xingrg/kc/base/wldb_order_operate.html?command=get_materiel&rest_code=00154&base_code=0010724&code=00101040040 HTTP/1.1" 200 457
124.79.247.70 - - [02/Sep/2023:08:59:27 +0800] "GET /xingrg/kc/base/wlsy_order_operate.html?command=get_materiel&rest_code=00104&base_code=0010032&code=00101037167 HTTP/1.1" 200 434
101.83.241.234 - - [02/Sep/2023:08:59:28 +0800] "GET /xingrg/kc/buy/cgsh_order_operate.html?command=get_materiel&rest_code=00149&code=00101023033&supplier_code=00100008&order_time=2023-09-02 HTTP/1.1" 200 409
120.253.135.82 - - [02/Sep/2023:08:59:33 +0800] "GET /xingrg/all/function/internal_message.html?_=1693616514267&CODE_STATE=getMsg HTTP/1.1" 302 -
120.253.135.82 - - [02/Sep/2023:08:59:33 +0800] "GET /xingrg/login.html HTTP/1.1" 200 7641
101.83.241.137 - - [02/Sep/2023:08:59:35 +0800] "GET /xingrg/kc/base/wldb_order_operate.html?command=get_materiel&rest_code=00154&base_code=0010724&code=00101019184 HTTP/1.1" 200 458
101.83.241.234 - - [02/Sep/2023:08:59:39 +0800] "GET /xingrg/kc/buy/cgsh_order_operate.html?command=get_materiel&rest_code=00149&code=00101008198&supplier_code=00100008&order_time=2023-09-02 HTTP/1.1" 200 413
114.95.241.104 - - [02/Sep/2023:08:59:42 +0800] "GET /xingrg/all/function/internal_message.html?_=1693616277921&CODE_STATE=getMsg HTTP/1.1" 200 27
120.253.135.82 - - [02/Sep/2023:08:59:46 +0800] "GET /xingrg/all/function/internal_message.html?_=1693616192249&CODE_STATE=getMsg HTTP/1.1" 200 27
101.83.241.137 - - [02/Sep/2023:08:59:48 +0800] "GET /xingrg/kc/base/wldb_order_operate.html?command=get_materiel&rest_code=00154&base_code=0010724&code=00101040001 HTTP/1.1" 200 469
101.83.241.234 - - [02/Sep/2023:08:59:50 +0800] "GET /xingrg/kc/buy/cgsh_order_operate.html?command=get_materiel&rest_code=00149&code=00101008136&supplier_code=00100008&order_time=2023-09-02 HTTP/1.1" 200 413
101.83.241.137 - - [02/Sep/2023:08:59:51 +0800] "POST /xingrg/all/common/load_select.html HTTP/1.1" 200 25
180.174.205.229 - - [02/Sep/2023:08:59:51 +0800] "GET /xingrg/all/function/internal_message.html?_=1693616391709&CODE_STATE=getMsg HTTP/1.1" 200 27
101.83.241.137 - - [02/Sep/2023:08:59:53 +0800] "GET /xingrg/kc/base/wldb_order_operate.html?command=get_materiel_price&rest_code=00154&base_code=0010724&code=00101040001&unit_code=00100619 HTTP/1.1" 200 36
124.79.247.70 - - [02/Sep/2023:08:59:55 +0800] "GET /xingrg/check_reg.html?_=1693616690543 HTTP/1.1" 200 22
124.79.247.70 - - [02/Sep/2023:08:59:55 +0800] "GET /xingrg/all/function/internal_message.html?_=1693616690544&CODE_STATE=getMsg HTTP/1.1" 200 27
101.83.145.37 - - [02/Sep/2023:08:59:57 +0800] "GET /xingrg/all/function/internal_message.html?_=1693616191491&CODE_STATE=getMsg HTTP/1.1" 200 27
172.20.0.100 - - [02/Sep/2023:08:59:58 +0800] "GET /xingrg/all/function/internal_message.html?_=1693616398667&CODE_STATE=getMsg HTTP/1.1" 200 27
222.70.180.200 - - [02/Sep/2023:09:00:01 +0800] "GET /xingrg/all/function/internal_message.html?_=1693616401536&CODE_STATE=getMsg HTTP/1.1" 200 27
114.95.241.104 - - [02/Sep/2023:09:00:01 +0800] "GET /xingrg/all/function/internal_message.html?_=1693616296704&CODE_STATE=getMsg HTTP/1.1" 200 27
116.232.195.127 - - [02/Sep/2023:09:00:01 +0800] "GET /xingrg/all/function/internal_message.html?_=1693616301400&CODE_STATE=getMsg HTTP/1.1" 200 27
101.83.241.234 - - [02/Sep/2023:09:00:03 +0800] "GET /xingrg/kc/buy/cgsh_order_operate.html?command=get_materiel&rest_code=00149&code=00101008304&supplier_code=00100008&order_time=2023-09-02 HTTP/1.1" 200 412
58.40.7.146 - - [02/Sep/2023:09:00:05 +0800] "GET /xingrg/all/function/internal_message.html?_=1693616405189&CODE_STATE=getMsg HTTP/1.1" 200 27
180.152.241.196 - - [02/Sep/2023:09:00:07 +0800] "GET /xingrg/all/function/internal_message.html?_=1693616407393&CODE_STATE=getMsg HTTP/1.1" 302 -
180.152.241.196 - - [02/Sep/2023:09:00:07 +0800] "GET /xingrg/check_reg.html?_=1693616407846 HTTP/1.1" 302 -
124.78.155.92 - - [02/Sep/2023:09:00:11 +0800] "GET /xingrg/kc/buy/cgsh_order_operate.html?command=get_materiel&rest_code=00106&code=00101008296&supplier_code=00100007&order_time=2023-09-02 HTTP/1.1" 200 416
101.83.241.137 - - [02/Sep/2023:09:00:11 +0800] "GET /xingrg/kc/base/wldb_order_operate.html?command=get_materiel&rest_code=00154&base_code=0010724&code=00101012077 HTTP/1.1" 200 436
101.83.241.234 - - [02/Sep/2023:09:00:12 +0800] "GET /xingrg/kc/buy/cgsh_order_operate.html?command=get_materiel&rest_code=00149&code=00101013175&supplier_code=00100008&order_time=2023-09-02 HTTP/1.1" 200 412
124.78.155.92 - - [02/Sep/2023:09:00:13 +0800] "GET /xingrg/all/function/internal_message.html?_=1693616413208&CODE_STATE=getMsg HTTP/1.1" 200 27
101.83.241.234 - - [02/Sep/2023:09:00:14 +0800] "POST /xingrg/kc/buy/cgsh_order_operate.html HTTP/1.1" 200 2065
101.83.241.137 - - [02/Sep/2023:09:00:20 +0800] "GET /xingrg/kc/base/wldb_order_operate.html?command=get_materiel&rest_code=00154&base_code=0010724&code=00101012015 HTTP/1.1" 200 468
101.83.241.234 - - [02/Sep/2023:09:00:21 +0800] "GET /xingrg/all/function/internal_message.html?_=1693616419672&CODE_STATE=getMsg HTTP/1.1" 200 27
101.83.241.137 - - [02/Sep/2023:09:00:22 +0800] "GET /xingrg/all/function/internal_message.html?_=1693616564651&CODE_STATE=getMsg HTTP/1.1" 200 27
101.83.241.234 - - [02/Sep/2023:09:00:23 +0800] "GET /xingrg/kc/buy/cgsh_order_operate.html?command=get_materiel&rest_code=00149&code=00101008125&supplier_code=00100008&order_time=2023-09-02 HTTP/1.1" 200 413
101.83.241.137 - - [02/Sep/2023:09:00:24 +0800] "POST /xingrg/all/common/load_select.html HTTP/1.1" 200 25
101.228.187.155 - - [02/Sep/2023:09:00:24 +0800] "GET /xingrg/all/function/internal_message.html?_=1693616423085&CODE_STATE=getMsg HTTP/1.1" 200 27
101.83.241.137 - - [02/Sep/2023:09:00:26 +0800] "GET /xingrg/kc/base/wldb_order_operate.html?command=get_materiel_price&rest_code=00154&base_code=0010724&code=00101012015&unit_code=00100057 HTTP/1.1" 200 35
124.78.155.92 - - [02/Sep/2023:09:00:29 +0800] "POST /xingrg/kc/buy/cgsh_order_operate.html HTTP/1.1" 200 2065
120.253.135.82 - - [02/Sep/2023:09:00:33 +0800] "GET /xingrg/all/function/internal_message.html?_=1693616574251&CODE_STATE=getMsg HTTP/1.1" 302 -
120.253.135.82 - - [02/Sep/2023:09:00:33 +0800] "GET /xingrg/login.html HTTP/1.1" 200 7641
101.83.241.137 - - [02/Sep/2023:09:00:36 +0800] "GET /xingrg/kc/base/wldb_order_operate.html?command=get_materiel&rest_code=00154&base_code=0010724&code=00101019739 HTTP/1.1" 200 469
101.83.241.234 - - [02/Sep/2023:09:00:36 +0800] "GET /xingrg/kc/buy/cgsh_order_operate.html?command=get_materiel&rest_code=00149&code=00101008010&supplier_code=00100008&order_time=2023-09-02 HTTP/1.1" 200 412
114.95.241.104 - - [02/Sep/2023:09:00:42 +0800] "GET /xingrg/all/function/internal_message.html?_=1693616337951&CODE_STATE=getMsg HTTP/1.1" 200 27
124.78.155.92 - - [02/Sep/2023:09:00:44 +0800] "GET /xingrg/kc/buy/cgsh_order_operate.html?command=get_materiel&rest_code=00106&code=00101008213&supplier_code=00100007&order_time=2023-09-02 HTTP/1.1" 200 412
101.83.241.137 - - [02/Sep/2023:09:00:45 +0800] "GET /xingrg/kc/base/wldb_order_operate.html?command=get_materiel&rest_code=00154&base_code=0010724&code=00101019359 HTTP/1.1" 200 461
101.83.241.234 - - [02/Sep/2023:09:00:45 +0800] "GET /xingrg/kc/buy/cgsh_order_operate.html?command=get_materiel&rest_code=00149&code=00101008361&supplier_code=00100008&order_time=2023-09-02 HTTP/1.1" 200 408
120.253.135.82 - - [02/Sep/2023:09:00:46 +0800] "GET /xingrg/all/function/internal_message.html?_=1693616252263&CODE_STATE=getMsg HTTP/1.1" 200 27
180.174.205.229 - - [02/Sep/2023:09:00:52 +0800] "GET /xingrg/all/function/internal_message.html?_=1693616451726&CODE_STATE=getMsg HTTP/1.1" 200 27
124.79.247.70 - - [02/Sep/2023:09:00:55 +0800] "GET /xingrg/all/function/internal_message.html?_=1693616750528&CODE_STATE=getMsg HTTP/1.1" 200 27
101.83.241.234 - - [02/Sep/2023:09:00:56 +0800] "GET /xingrg/kc/buy/cgsh_order_operate.html?command=get_materiel&rest_code=00149&code=00101008004&supplier_code=00100008&order_time=2023-09-02 HTTP/1.1" 200 416
101.83.145.37 - - [02/Sep/2023:09:00:57 +0800] "GET /xingrg/all/function/internal_message.html?_=1693616251483&CODE_STATE=getMsg HTTP/1.1" 200 27
116.232.195.127 - - [02/Sep/2023:09:00:58 +0800] "GET /xingrg/index.html?sysBaseUrl=http%3A%2F%2F180.169.147.146%3A18081%2Fxingrg%2F&costTime=1277×tamp=1606817596806 HTTP/1.1" 200 17179
172.20.0.100 - - [02/Sep/2023:09:00:58 +0800] "GET /xingrg/check_reg.html?_=1693616458669 HTTP/1.1" 200 22
172.20.0.100 - - [02/Sep/2023:09:00:58 +0800] "GET /xingrg/all/function/internal_message.html?_=1693616458670&CODE_STATE=getMsg HTTP/1.1" 200 27
101.83.241.137 - - [02/Sep/2023:09:00:59 +0800] "GET /xingrg/kc/base/wldb_order_operate.html?command=get_materiel&rest_code=00154&base_code=0010724&code=00101019249 HTTP/1.1" 200 470
116.232.195.127 - - [02/Sep/2023:09:01:00 +0800] "POST /xingrg/all/common/load_tree.html?tree=area_rest_tree_json&manage=1 HTTP/1.1" 200 351
116.232.195.127 - - [02/Sep/2023:09:01:00 +0800] "GET /xingrg/all/function/internal_message.html?_=1693616359657&CODE_STATE=count HTTP/1.1" 200 11
116.232.195.127 - - [02/Sep/2023:09:01:00 +0800] "GET /xingrg/check_reg.html?_=1693616359659 HTTP/1.1" 200 22
116.232.195.127 - - [02/Sep/2023:09:01:00 +0800] "POST /xingrg/load_menu.html HTTP/1.1" 200 5138
116.232.195.127 - - [02/Sep/2023:09:01:00 +0800] "GET /favicon.ico HTTP/1.1" 404 -
222.70.180.200 - - [02/Sep/2023:09:01:01 +0800] "GET /xingrg/all/function/internal_message.html?_=1693616461536&CODE_STATE=getMsg HTTP/1.1" 200 27
180.174.205.229 - - [02/Sep/2023:09:01:01 +0800] "GET /xingrg/check_reg.html?_=1693616461329 HTTP/1.1" 200 22
114.95.241.104 - - [02/Sep/2023:09:01:01 +0800] "GET /xingrg/all/function/internal_message.html?_=1693616356735&CODE_STATE=getMsg HTTP/1.1" 200 27
116.232.195.127 - - [02/Sep/2023:09:01:01 +0800] "GET /xingrg/all/function/internal_message.html?_=1693616361376&CODE_STATE=getMsg HTTP/1.1" 200 27
116.232.195.127 - - [02/Sep/2023:09:01:02 +0800] "GET /xingrg/kc/base/base_main.html HTTP/1.1" 200 12142
116.232.195.127 - - [02/Sep/2023:09:01:04 +0800] "GET /xingrg/kc/report/report_main.html HTTP/1.1" 200 7340
58.40.7.146 - - [02/Sep/2023:09:01:05 +0800] "GET /xingrg/check_reg.html?_=1693616465193 HTTP/1.1" 200 22
58.40.7.146 - - [02/Sep/2023:09:01:05 +0800] "GET /xingrg/all/function/internal_message.html?_=1693616465191&CODE_STATE=getMsg HTTP/1.1" 200 27
180.152.241.196 - - [02/Sep/2023:09:01:07 +0800] "GET /xingrg/all/function/internal_message.html?_=1693616467375&CODE_STATE=getMsg HTTP/1.1" 302 -
124.78.155.92 - - [02/Sep/2023:09:01:13 +0800] "GET /xingrg/all/function/internal_message.html?_=1693616473194&CODE_STATE=getMsg HTTP/1.1" 200 27
116.232.195.127 - - [02/Sep/2023:09:01:14 +0800] "GET /xingrg/all/report/report_query.html?fileName=kc/buy/gys_amount.xml&rh=99999 HTTP/1.1" 200 52006
116.232.195.127 - - [02/Sep/2023:09:01:14 +0800] "GET /xingrg/dwr/interface/AjaxReportQueryService.js HTTP/1.1" 200 13203
116.232.195.127 - - [02/Sep/2023:09:01:14 +0800] "GET /xingrg/dwr/engine.js HTTP/1.1" 200 43631
116.232.195.127 - - [02/Sep/2023:09:01:14 +0800] "GET /xingrg/dwr/util.js HTTP/1.1" 200 35990
116.232.195.127 - - [02/Sep/2023:09:01:15 +0800] "POST /xingrg/dwr/call/plaincall/AjaxReportQueryService.getFixDate.dwr HTTP/1.1" 200 111
116.232.195.127 - - [02/Sep/2023:09:01:15 +0800] "POST /xingrg/dwr/call/plaincall/AjaxReportQueryService.getInitString.dwr HTTP/1.1" 200 1062
116.232.195.127 - - [02/Sep/2023:09:01:15 +0800] "POST /xingrg/all/common/load_tree.html?tree=materiel_sort_tree_json HTTP/1.1" 200 9500
116.232.195.127 - - [02/Sep/2023:09:01:15 +0800] "POST /xingrg/all/common/load_tree.html?tree=supplier_tree_json&manage=1 HTTP/1.1" 200 77671
116.232.195.127 - - [02/Sep/2023:09:01:20 +0800] "POST /xingrg/dwr/call/plaincall/AjaxReportQueryService.getFixDate.dwr HTTP/1.1" 200 111
101.83.241.234 - - [02/Sep/2023:09:01:21 +0800] "GET /xingrg/kc/buy/cgsh_order_operate.html?command=get_materiel&rest_code=00149&code=00101008372&supplier_code=00100008&order_time=2023-09-02 HTTP/1.1" 200 408
101.83.241.234 - - [02/Sep/2023:09:01:21 +0800] "GET /xingrg/all/function/internal_message.html?_=1693616479644&CODE_STATE=getMsg HTTP/1.1" 200 27
101.83.241.137 - - [02/Sep/2023:09:01:22 +0800] "GET /xingrg/all/function/internal_message.html?_=1693616624632&CODE_STATE=getMsg HTTP/1.1" 200 27
101.228.187.155 - - [02/Sep/2023:09:01:24 +0800] "GET /xingrg/all/function/internal_message.html?_=1693616483101&CODE_STATE=getMsg HTTP/1.1" 200 27
101.83.241.234 - - [02/Sep/2023:09:01:25 +0800] "POST /xingrg/kc/buy/cgsh_order_operate.html HTTP/1.1" 200 2065
124.78.155.92 - - [02/Sep/2023:09:01:26 +0800] "GET /xingrg/kc/buy/cgsh_order_operate.html?command=get_materiel&rest_code=00106&code=00101008101&supplier_code=00100007&order_time=2023-09-02 HTTP/1.1" 200 412
101.83.145.37 - - [02/Sep/2023:09:01:27 +0800] "GET /xingrg/javascript/jquery_easy_ui/themes/icons/rest.png HTTP/1.1" 304 -
101.83.145.37 - - [02/Sep/2023:09:01:27 +0800] "GET /xingrg/javascript/jquery_easy_ui/themes/icons/area.png HTTP/1.1" 304 -
101.83.241.234 - - [02/Sep/2023:09:01:33 +0800] "GET /xingrg/kc/buy/cgsh_order_operate.html?command=get_materiel&rest_code=00149&code=00101008264&supplier_code=00100008&order_time=2023-09-02 HTTP/1.1" 200 412
120.253.135.82 - - [02/Sep/2023:09:01:33 +0800] "GET /xingrg/all/function/internal_message.html?_=1693616634251&CODE_STATE=getMsg HTTP/1.1" 302 -
120.253.135.82 - - [02/Sep/2023:09:01:33 +0800] "GET /xingrg/check_reg.html?_=1693616634254 HTTP/1.1" 302 -
120.253.135.82 - - [02/Sep/2023:09:01:33 +0800] "GET /xingrg/login.html HTTP/1.1" 200 7641
120.253.135.82 - - [02/Sep/2023:09:01:33 +0800] "GET /xingrg/login.html HTTP/1.1" 200 7641
116.232.195.127 - - [02/Sep/2023:09:01:33 +0800] "POST /xingrg/dwr/call/plaincall/AjaxReportQueryService.refreshCache.dwr HTTP/1.1" 200 78
116.232.195.127 - - [02/Sep/2023:09:01:34 +0800] "POST /xingrg/all/report/load_report_page.html HTTP/1.1" 200 8920
116.232.195.127 - - [02/Sep/2023:09:01:34 +0800] "GET /xingrg/servlets/image?cache=0.3326454917527921&image=px HTTP/1.1" 200 807
116.232.195.127 - - [02/Sep/2023:09:01:37 +0800] "GET /xingrg/all/report/report_query.html?isQuery=1&fileName=kc/buy/wlcg_cate_hz.xml&queryString=(CONVERT(char(10)%252Ca.order_time%252C%2520120)%253E%253D'2023-08-01')%2520and%2520(CONVERT(char(10)%252Ca.order_time%252C%2520120)%253C%253D'2023-08-31')%2520and%2520(a.supplier_code%2520in%2520('00100627'))%2520and%2520(a.number%253E0%2520and%2520a.supplier_code%253D'00100627')&queryText=%25E3%2580%2590%25E9%2587%2587%25E8%25B4%25AD%25E6%2597%25A5%25E6%259C%259F%253A2023-08-01%2520%25E8%2587%25B3%25202023-08-31%25E3%2580%2591%2520%25E5%25B9%25B6%25E4%25B8%2594%2520%2520%25E3%2580%2590%25E4%25BE%259B%25E5%25BA%2594%25E5%2595%2586%2520%253D%2520%25E5%2586%25B0%25E5%259D%2597%25EF%25BC%2588%25E6%259C%25B1%25E6%2588%2590%25E5%2588%259A%25EF%25BC%2589%25E3%2580%2591%2520%25E5%25B9%25B6%25E4%25B8%2594%2520%25E3%2580%2590%25E4%25BE%259B%25E5%25BA%2594%25E5%2595%2586%253D%25E5%2586%25B0%25E5%259D%2597%25EF%25BC%2588%25E6%259C%25B1%25E6%2588%2590%25E5%2588%259A%25EF%25BC%2589%25E3%2580%2591 HTTP/1.1" 200 54480
116.232.195.127 - - [02/Sep/2023:09:01:37 +0800] "GET /xingrg/dwr/interface/AjaxReportQueryService.js HTTP/1.1" 200 13203
116.232.195.127 - - [02/Sep/2023:09:01:37 +0800] "GET /xingrg/dwr/engine.js HTTP/1.1" 200 43631
114.95.241.104 - - [02/Sep/2023:09:01:42 +0800] "GET /xingrg/all/function/internal_message.html?_=1693616397964&CODE_STATE=getMsg HTTP/1.1" 200 27
114.95.241.104 - - [02/Sep/2023:09:01:45 +0800] "GET /xingrg/check_reg.html?_=1693616401057 HTTP/1.1" 200 22
120.253.135.82 - - [02/Sep/2023:09:01:46 +0800] "GET /xingrg/all/function/internal_message.html?_=1693616312277&CODE_STATE=getMsg HTTP/1.1" 200 27
116.232.195.127 - - [02/Sep/2023:09:01:51 +0800] "POST /xingrg/all/report/load_report_page.html HTTP/1.1" 200 183
180.174.205.229 - - [02/Sep/2023:09:01:51 +0800] "GET /xingrg/all/function/internal_message.html?_=1693616511722&CODE_STATE=getMsg HTTP/1.1" 200 27
124.78.155.92 - - [02/Sep/2023:09:01:53 +0800] "POST /xingrg/kc/buy/cgsh_order_operate.html HTTP/1.1" 200 37
124.79.247.70 - - [02/Sep/2023:09:01:55 +0800] "GET /xingrg/all/function/internal_message.html?_=1693616810522&CODE_STATE=getMsg HTTP/1.1" 200 27
101.83.241.234 - - [02/Sep/2023:09:01:56 +0800] "GET /xingrg/kc/buy/cgsh_order_operate.html?command=get_materiel&rest_code=00149&code=00101008356&supplier_code=00100008&order_time=2023-09-02 HTTP/1.1" 200 23
101.83.145.37 - - [02/Sep/2023:09:01:56 +0800] "GET /xingrg/kc/buy/buy_main.html HTTP/1.1" 200 12412
101.83.145.37 - - [02/Sep/2023:09:01:56 +0800] "GET /xingrg/css/new_ie.css HTTP/1.1" 404 1036
124.78.155.92 - - [02/Sep/2023:09:01:57 +0800] "POST /xingrg/kc/buy/cgsh_order_operate.html HTTP/1.1" 200 35181
101.83.145.37 - - [02/Sep/2023:09:01:57 +0800] "GET /xingrg/all/function/internal_message.html?_=1693616311504&CODE_STATE=getMsg HTTP/1.1" 200 27
101.83.145.37 - - [02/Sep/2023:09:01:57 +0800] "GET /xingrg/images/yd/bt.gif HTTP/1.1" 404 1040
101.83.145.37 - - [02/Sep/2023:09:01:59 +0800] "GET /xingrg/kc/buy/cgsh_order_list.html HTTP/1.1" 200 56382
124.79.247.70 - - [02/Sep/2023:09:01:59 +0800] "GET /xingrg/kc/mdqp/qqps_order_list.html HTTP/1.1" 200 9222
124.79.247.70 - - [02/Sep/2023:09:01:59 +0800] "GET /xingrg/dwr/interface/AjaxQqpsService.js HTTP/1.1" 200 16326
124.79.247.70 - - [02/Sep/2023:09:01:59 +0800] "GET /xingrg/dwr/interface/AjaxReportQueryService.js HTTP/1.1" 200 13203
124.79.247.70 - - [02/Sep/2023:09:02:00 +0800] "GET /xingrg/dwr/util.js HTTP/1.1" 304 -
124.79.247.70 - - [02/Sep/2023:09:02:00 +0800] "GET /xingrg/dwr/engine.js HTTP/1.1" 200 43631
116.232.195.127 - - [02/Sep/2023:09:02:00 +0800] "GET /xingrg/all/function/internal_message.html?_=1693616419699&CODE_STATE=getMsg HTTP/1.1" 200 27
116.232.195.127 - - [02/Sep/2023:09:02:00 +0800] "GET /xingrg/all/report/report_query.html?isQuery=1&fileName=kc/buy/wlcg_cate_hz.xml&queryString=(CONVERT(char(10)%252Ca.order_time%252C%2520120)%253E%253D'2023-08-01')%2520and%2520(CONVERT(char(10)%252Ca.order_time%252C%2520120)%253C%253D'2023-08-31')%2520and%2520(a.supplier_code%2520in%2520('00100627'))%2520and%2520(a.number%253E0%2520and%2520a.supplier_code%253D'00100627')&queryText=%25E3%2580%2590%25E9%2587%2587%25E8%25B4%25AD%25E6%2597%25A5%25E6%259C%259F%253A2023-08-01%2520%25E8%2587%25B3%25202023-08-31%25E3%2580%2591%2520%25E5%25B9%25B6%25E4%25B8%2594%2520%2520%25E3%2580%2590%25E4%25BE%259B%25E5%25BA%2594%25E5%2595%2586%2520%253D%2520%25E5%2586%25B0%25E5%259D%2597%25EF%25BC%2588%25E6%259C%25B1%25E6%2588%2590%25E5%2588%259A%25EF%25BC%2589%25E3%2580%2591%2520%25E5%25B9%25B6%25E4%25B8%2594%2520%25E3%2580%2590%25E4%25BE%259B%25E5%25BA%2594%25E5%2595%2586%253D%25E5%2586%25B0%25E5%259D%2597%25EF%25BC%2588%25E6%259C%25B1%25E6%2588%2590%25E5%2588%259A%25EF%25BC%2589%25E3%2580%2591 HTTP/1.1" 200 54480
116.232.195.127 - - [02/Sep/2023:09:02:00 +0800] "GET /xingrg/dwr/interface/AjaxReportQueryService.js HTTP/1.1" 200 13203
116.232.195.127 - - [02/Sep/2023:09:02:00 +0800] "GET /xingrg/dwr/engine.js HTTP/1.1" 200 43631
222.70.180.200 - - [02/Sep/2023:09:02:01 +0800] "GET /xingrg/all/function/internal_message.html?_=1693616521537&CODE_STATE=getMsg HTTP/1.1" 200 27
114.95.241.104 - - [02/Sep/2023:09:02:01 +0800] "GET /xingrg/all/function/internal_message.html?_=1693616416747&CODE_STATE=getMsg HTTP/1.1" 200 27
116.232.195.127 - - [02/Sep/2023:09:02:01 +0800] "POST /xingrg/all/report/load_report_page.html HTTP/1.1" 200 8713
116.232.195.127 - - [02/Sep/2023:09:02:01 +0800] "GET /xingrg/servlets/image?cache=0.7566922557523855&image=px HTTP/1.1" 200 807
116.232.195.127 - - [02/Sep/2023:09:02:01 +0800] "GET /xingrg/all/function/internal_message.html?_=1693616421366&CODE_STATE=getMsg HTTP/1.1" 200 27
101.83.145.37 - - [02/Sep/2023:09:02:03 +0800] "POST /xingrg/kc/buy/cgsh_list_operate.html HTTP/1.1" 200 986
172.20.0.100 - - [02/Sep/2023:09:02:03 +0800] "GET /xingrg/all/function/internal_message.html?_=1693616518673&CODE_STATE=getMsg HTTP/1.1" 200 27
101.83.145.37 - - [02/Sep/2023:09:02:04 +0800] "GET /xingrg/index.html?sysBaseUrl=http%3A%2F%2F180.169.147.146%3A18081%2Fxingrg%2F&costTime=36×tamp=1585223203754 HTTP/1.1" 302 -
101.83.145.37 - - [02/Sep/2023:09:02:04 +0800] "GET /favicon.ico HTTP/1.1" 404 -
101.83.145.37 - - [02/Sep/2023:09:02:04 +0800] "GET /xingrg/login.html HTTP/1.1" 200 7641
101.83.145.37 - - [02/Sep/2023:09:02:05 +0800] "GET /xingrg/images/blue/jxLogo.png HTTP/1.1" 304 -
58.40.7.146 - - [02/Sep/2023:09:02:05 +0800] "GET /xingrg/all/function/internal_message.html?_=1693616525193&CODE_STATE=getMsg HTTP/1.1" 200 27
101.83.145.37 - - [02/Sep/2023:09:02:05 +0800] "GET /xingrg/images/blue/login_bg.png HTTP/1.1" 304 -
101.83.145.37 - - [02/Sep/2023:09:02:05 +0800] "GET /xingrg/images/blue/hj.png HTTP/1.1" 304 -
101.83.145.37 - - [02/Sep/2023:09:02:05 +0800] "GET /favicon.ico HTTP/1.1" 404 -
101.83.145.37 - - [02/Sep/2023:09:02:05 +0800] "GET /xingrg/images/blue/srbg.png HTTP/1.1" 304 -
180.152.241.196 - - [02/Sep/2023:09:02:07 +0800] "GET /xingrg/all/function/internal_message.html?_=1693616527350&CODE_STATE=getMsg HTTP/1.1" 302 -
124.78.155.92 - - [02/Sep/2023:09:02:08 +0800] "GET /xingrg/check_reg.html?_=1693616528429 HTTP/1.1" 200 22
101.83.145.37 - - [02/Sep/2023:09:02:11 +0800] "GET /xingrg/javascript/jquery_tools/images/next.gif HTTP/1.1" 404 1086
101.83.145.37 - - [02/Sep/2023:09:02:11 +0800] "GET /xingrg/javascript/jquery_tools/images/prev.gif HTTP/1.1" 404 1086
101.83.241.234 - - [02/Sep/2023:09:02:12 +0800] "POST /xingrg/kc/buy/cgsh_order_operate.html HTTP/1.1" 200 37
116.232.195.127 - - [02/Sep/2023:09:02:12 +0800] "POST /xingrg/all/report/load_report_page.html HTTP/1.1" 200 16421
116.232.195.127 - - [02/Sep/2023:09:02:12 +0800] "GET /xingrg/servlets/image?cache=0.04028643559607137&image=px HTTP/1.1" 200 807
124.78.155.92 - - [02/Sep/2023:09:02:13 +0800] "GET /xingrg/all/function/internal_message.html?_=1693616533158&CODE_STATE=getMsg HTTP/1.1" 200 27
101.83.145.37 - - [02/Sep/2023:09:02:14 +0800] "POST /xingrg/login.do HTTP/1.1" 200 2421
101.83.145.37 - - [02/Sep/2023:09:02:14 +0800] "GET /xingrg/css/blue.css HTTP/1.1" 304 -
101.83.145.37 - - [02/Sep/2023:09:02:14 +0800] "GET /xingrg/images/blue/pic_notice.jpg HTTP/1.1" 304 -
101.83.145.37 - - [02/Sep/2023:09:02:14 +0800] "GET /xingrg/images/blue/pic_top.gif HTTP/1.1" 304 -
101.83.145.37 - - [02/Sep/2023:09:02:14 +0800] "GET /xingrg/javascript/myfunction.js HTTP/1.1" 304 -
101.83.145.37 - - [02/Sep/2023:09:02:14 +0800] "GET /xingrg/images/blue/error_buttom.gif HTTP/1.1" 304 -
101.83.145.37 - - [02/Sep/2023:09:02:14 +0800] "GET /xingrg/images/blue/error_mid.gif HTTP/1.1" 304 -
101.83.145.37 - - [02/Sep/2023:09:02:14 +0800] "GET /xingrg/images/blue/error_top.gif HTTP/1.1" 304 -
101.83.145.37 - - [02/Sep/2023:09:02:15 +0800] "GET /favicon.ico HTTP/1.1" 404 -
101.83.145.37 - - [02/Sep/2023:09:02:16 +0800] "GET /xingrg/login.html HTTP/1.1" 200 7641
101.83.145.37 - - [02/Sep/2023:09:02:16 +0800] "GET /favicon.ico HTTP/1.1" 404 -
101.83.241.137 - - [02/Sep/2023:09:02:16 +0800] "POST /xingrg/all/common/load_select.html HTTP/1.1" 200 25
101.83.145.37 - - [02/Sep/2023:09:02:19 +0800] "POST /xingrg/login.do HTTP/1.1" 302 -
101.83.241.234 - - [02/Sep/2023:09:02:19 +0800] "POST /xingrg/kc/buy/cgsh_order_operate.html HTTP/1.1" 200 22772
101.83.145.37 - - [02/Sep/2023:09:02:19 +0800] "GET /xingrg/index.html?sysBaseUrl=http%3A%2F%2F180.169.147.146%3A18081%2Fxingrg%2F&costTime=866×tamp=1693616539622 HTTP/1.1" 200 17173
101.83.145.37 - - [02/Sep/2023:09:02:19 +0800] "GET /xingrg/css/form.css HTTP/1.1" 304 -
101.83.145.37 - - [02/Sep/2023:09:02:19 +0800] "GET /xingrg/javascript/jquery_easy_ui/themes/default/easyui.css HTTP/1.1" 304 -
101.83.145.37 - - [02/Sep/2023:09:02:19 +0800] "GET /xingrg/javascript/jquery_easy_ui/themes/icon.css HTTP/1.1" 304 -
101.83.145.37 - - [02/Sep/2023:09:02:19 +0800] "GET /xingrg/javascript/jquery-1.4.2.min.js HTTP/1.1" 304 -
101.83.145.37 - - [02/Sep/2023:09:02:19 +0800] "GET /xingrg/javascript/jquery.utils.js HTTP/1.1" 304 -
101.83.145.37 - - [02/Sep/2023:09:02:19 +0800] "GET /xingrg/javascript/jquery_easy_ui/jquery.easyui.min.js HTTP/1.1" 304 -
101.83.145.37 - - [02/Sep/2023:09:02:19 +0800] "GET /xingrg/javascript/jquery_easy_ui/easyui-lang-zh_CN.js HTTP/1.1" 304 -
101.83.145.37 - - [02/Sep/2023:09:02:19 +0800] "GET /xingrg/javascript/jquery.form.js HTTP/1.1" 304 -
101.83.145.37 - - [02/Sep/2023:09:02:19 +0800] "GET /xingrg/javascript/jquery.timers.js HTTP/1.1" 304 -
101.83.145.37 - - [02/Sep/2023:09:02:19 +0800] "GET /favicon.ico HTTP/1.1" 404 -
101.83.145.37 - - [02/Sep/2023:09:02:19 +0800] "GET /xingrg/javascript/jquery_easy_ui/themes/icons/settle_new.png HTTP/1.1" 304 -
101.83.145.37 - - [02/Sep/2023:09:02:19 +0800] "GET /xingrg/images/blue/navBackgound.jpg HTTP/1.1" 304 -
101.83.145.37 - - [02/Sep/2023:09:02:19 +0800] "GET /xingrg/check_reg.html?_=1693616540801 HTTP/1.1" 200 22
101.83.145.37 - - [02/Sep/2023:09:02:19 +0800] "GET /xingrg/all/function/internal_message.html?_=1693616540800&CODE_STATE=count HTTP/1.1" 200 11
101.83.145.37 - - [02/Sep/2023:09:02:19 +0800] "GET /xingrg/javascript/jquery_easy_ui/themes/default/images/tabs_leftarrow.png HTTP/1.1" 304 -
101.83.145.37 - - [02/Sep/2023:09:02:19 +0800] "GET /xingrg/images/blue/pingpu.png HTTP/1.1" 304 -
101.83.145.37 - - [02/Sep/2023:09:02:19 +0800] "GET /xingrg/javascript/jquery_easy_ui/themes/default/images/tabs_rightarrow.png HTTP/1.1" 304 -
101.83.145.37 - - [02/Sep/2023:09:02:19 +0800] "GET /xingrg/javascript/jquery_easy_ui/themes/default/images/panel_tool_collapse.gif HTTP/1.1" 304 -
101.83.145.37 - - [02/Sep/2023:09:02:20 +0800] "POST /xingrg/all/common/load_tree.html?tree=area_rest_tree_json&manage=1 HTTP/1.1" 200 3499
101.83.145.37 - - [02/Sep/2023:09:02:20 +0800] "POST /xingrg/load_menu.html HTTP/1.1" 200 5138
101.83.145.37 - - [02/Sep/2023:09:02:20 +0800] "GET /xingrg/javascript/jquery_easy_ui/themes/default/images/tree_arrows.gif HTTP/1.1" 304 -
101.83.145.37 - - [02/Sep/2023:09:02:20 +0800] "GET /xingrg/javascript/jquery_easy_ui/themes/default/images/tree_folder_open.gif HTTP/1.1" 304 -
101.83.145.37 - - [02/Sep/2023:09:02:20 +0800] "GET /xingrg/javascript/jquery_easy_ui/themes/icons/forms_new.png HTTP/1.1" 304 -
101.83.145.37 - - [02/Sep/2023:09:02:20 +0800] "GET /xingrg/javascript/jquery_easy_ui/themes/default/images/tree_file.gif HTTP/1.1" 304 -
101.83.145.37 - - [02/Sep/2023:09:02:20 +0800] "GET /xingrg/javascript/jquery_easy_ui/themes/icons/storage_new.png HTTP/1.1" 304 -
101.83.145.37 - - [02/Sep/2023:09:02:20 +0800] "GET /xingrg/javascript/jquery_easy_ui/themes/default/images/tree_folder.gif HTTP/1.1" 304 -
101.83.145.37 - - [02/Sep/2023:09:02:20 +0800] "GET /xingrg/javascript/jquery_easy_ui/themes/icons/search_new.png HTTP/1.1" 304 -
101.83.241.234 - - [02/Sep/2023:09:02:21 +0800] "GET /xingrg/all/function/internal_message.html?_=1693616539624&CODE_STATE=getMsg HTTP/1.1" 200 27
101.83.241.234 - - [02/Sep/2023:09:02:21 +0800] "GET /xingrg/check_reg.html?_=1693616539657 HTTP/1.1" 200 22
101.83.241.137 - - [02/Sep/2023:09:02:22 +0800] "GET /xingrg/all/function/internal_message.html?_=1693616684634&CODE_STATE=getMsg HTTP/1.1" 200 27
101.83.145.37 - - [02/Sep/2023:09:02:23 +0800] "GET /xingrg/javascript/jquery_easy_ui/themes/default/images/tabs_close.gif HTTP/1.1" 304 -
101.83.145.37 - - [02/Sep/2023:09:02:23 +0800] "GET /xingrg/kc/buy/cgsh_order_list.html HTTP/1.1" 200 56382
101.83.145.37 - - [02/Sep/2023:09:02:23 +0800] "GET /xingrg/css/site.css HTTP/1.1" 304 -
101.83.145.37 - - [02/Sep/2023:09:02:23 +0800] "GET /xingrg/css/base.css HTTP/1.1" 304 -
101.83.145.37 - - [02/Sep/2023:09:02:23 +0800] "GET /xingrg/javascript/auto/jquery.autocomplete.css HTTP/1.1" 304 -
101.83.145.37 - - [02/Sep/2023:09:02:23 +0800] "GET /xingrg/javascript/easyui/themes/icon.css HTTP/1.1" 304 -
101.83.145.37 - - [02/Sep/2023:09:02:23 +0800] "GET /xingrg/javascript/easyui/themes/default/easyui.css HTTP/1.1" 304 -
101.83.145.37 - - [02/Sep/2023:09:02:23 +0800] "GET /xingrg/javascript/jquery_tools/fix.css HTTP/1.1" 304 -
101.83.145.37 - - [02/Sep/2023:09:02:23 +0800] "GET /xingrg/javascript/jquery_tools/table.css HTTP/1.1" 304 -
101.83.145.37 - - [02/Sep/2023:09:02:23 +0800] "GET /xingrg/javascript/jquery_tools/datebox.css HTTP/1.1" 304 -
101.83.145.37 - - [02/Sep/2023:09:02:23 +0800] "GET /xingrg/javascript/jquery_tools/jquery.tools.min.js HTTP/1.1" 304 -
101.83.145.37 - - [02/Sep/2023:09:02:23 +0800] "GET /xingrg/javascript/auto/jquery.autocomplete.js HTTP/1.1" 304 -
101.83.145.37 - - [02/Sep/2023:09:02:23 +0800] "GET /xingrg/javascript/jquery_tools/jquery.tools.extend.js HTTP/1.1" 304 -
101.83.145.37 - - [02/Sep/2023:09:02:23 +0800] "GET /xingrg/javascript/jquery_tools/list_manager.js HTTP/1.1" 304 -
101.83.145.37 - - [02/Sep/2023:09:02:23 +0800] "GET /xingrg/javascript/jquery_tools/jquery.tools.hotkey.js HTTP/1.1" 304 -
101.83.145.37 - - [02/Sep/2023:09:02:23 +0800] "GET /xingrg/javascript/easyui/easyloader.js HTTP/1.1" 304 -
101.83.145.37 - - [02/Sep/2023:09:02:23 +0800] "GET /xingrg/javascript/print/LodopFuncs.js HTTP/1.1" 304 -
101.83.145.37 - - [02/Sep/2023:09:02:23 +0800] "GET /xingrg/javascript/jquery.cookie.js HTTP/1.1" 304 -
101.83.145.37 - - [02/Sep/2023:09:02:23 +0800] "GET /xingrg/javascript/jquery_tools/jquery.tools.table.js HTTP/1.1" 304 -
101.83.145.37 - - [02/Sep/2023:09:02:24 +0800] "GET /xingrg/javascript/easyui/themes/icons/edit_add_new.png HTTP/1.1" 304 -
101.83.145.37 - - [02/Sep/2023:09:02:24 +0800] "GET /xingrg/javascript/easyui/themes/icons/cance_new.png HTTP/1.1" 304 -
101.83.145.37 - - [02/Sep/2023:09:02:24 +0800] "GET /xingrg/javascript/easyui/themes/icons/check_new.png HTTP/1.1" 304 -
101.83.145.37 - - [02/Sep/2023:09:02:24 +0800] "GET /xingrg/javascript/easyui/themes/icons/field_new.png HTTP/1.1" 304 -
101.83.145.37 - - [02/Sep/2023:09:02:24 +0800] "GET /xingrg/javascript/easyui/themes/icons/import_new.png HTTP/1.1" 304 -
101.83.145.37 - - [02/Sep/2023:09:02:24 +0800] "GET /xingrg/javascript/easyui/plugins/jquery.parser.js HTTP/1.1" 304 -
101.83.145.37 - - [02/Sep/2023:09:02:24 +0800] "GET /xingrg/images/control/ajaxLoader.gif HTTP/1.1" 304 -
101.228.187.155 - - [02/Sep/2023:09:02:24 +0800] "GET /xingrg/all/function/internal_message.html?_=1693616543086&CODE_STATE=getMsg HTTP/1.1" 200 27
101.83.145.37 - - [02/Sep/2023:09:02:26 +0800] "POST /xingrg/kc/buy/cgsh_list_operate.html HTTP/1.1" 200 6178
101.83.145.37 - - [02/Sep/2023:09:02:26 +0800] "POST /xingrg/kc/buy/cgsh_list_operate.html HTTP/1.1" 200 986
101.83.241.234 - - [02/Sep/2023:09:02:30 +0800] "GET /xingrg/login.html HTTP/1.1" 200 7641
101.83.241.234 - - [02/Sep/2023:09:02:30 +0800] "GET /xingrg/login.html HTTP/1.1" 200 7641
101.83.241.234 - - [02/Sep/2023:09:02:30 +0800] "GET /favicon.ico HTTP/1.1" 404 -
101.83.241.234 - - [02/Sep/2023:09:02:31 +0800] "GET /favicon.ico HTTP/1.1" 404 -
120.253.135.82 - - [02/Sep/2023:09:02:33 +0800] "GET /xingrg/all/function/internal_message.html?_=1693616694255&CODE_STATE=getMsg HTTP/1.1" 302 -
120.253.135.82 - - [02/Sep/2023:09:02:33 +0800] "GET /xingrg/login.html HTTP/1.1" 200 7641
101.83.145.37 - - [02/Sep/2023:09:02:34 +0800] "POST /xingrg/kc/buy/cgsh_list_operate.html HTTP/1.1" 200 564
101.83.145.37 - - [02/Sep/2023:09:02:36 +0800] "POST /xingrg/kc/buy/cgsh_list_operate.html HTTP/1.1" 200 986
101.83.145.37 - - [02/Sep/2023:09:02:37 +0800] "GET /xingrg/kc/buy/cgsh_order_info.html?code=212023090100022 HTTP/1.1" 200 67155
101.83.145.37 - - [02/Sep/2023:09:02:37 +0800] "GET /xingrg/javascript/jquery_tools/order_manager.js HTTP/1.1" 304 -
101.83.145.37 - - [02/Sep/2023:09:02:37 +0800] "GET /xingrg/javascript/convert.js HTTP/1.1" 304 -
101.83.145.37 - - [02/Sep/2023:09:02:37 +0800] "GET /xingrg/javascript/json2.js HTTP/1.1" 304 -
101.83.145.37 - - [02/Sep/2023:09:02:37 +0800] "GET /xingrg/javascript/print/kc_print.js HTTP/1.1" 304 -
101.83.145.37 - - [02/Sep/2023:09:02:37 +0800] "GET /xingrg/words/20230902001655_words.js HTTP/1.1" 200 985203
101.83.145.37 - - [02/Sep/2023:09:02:37 +0800] "GET /xingrg/javascript/easyui/themes/icons/print.png HTTP/1.1" 304 -
101.83.145.37 - - [02/Sep/2023:09:02:37 +0800] "GET /xingrg/javascript/easyui/themes/icons/cancel.png HTTP/1.1" 304 -
101.83.145.37 - - [02/Sep/2023:09:02:37 +0800] "GET /xingrg/javascript/easyui/themes/default/images/menu_downarrow.png HTTP/1.1" 304 -
101.83.145.37 - - [02/Sep/2023:09:02:37 +0800] "GET /xingrg/javascript/easyui/themes/icons/copy_new.png HTTP/1.1" 304 -
101.83.145.37 - - [02/Sep/2023:09:02:37 +0800] "GET /xingrg/javascript/easyui/themes/default/validatebox.css HTTP/1.1" 404 1104
101.83.145.37 - - [02/Sep/2023:09:02:37 +0800] "GET /xingrg/javascript/easyui/plugins/jquery.validatebox.js HTTP/1.1" 304 -
101.83.145.37 - - [02/Sep/2023:09:02:37 +0800] "GET /xingrg/javascript/easyui/plugins/jquery.numberbox.js HTTP/1.1" 304 -
101.83.241.137 - - [02/Sep/2023:09:02:38 +0800] "POST /xingrg/all/common/load_select.html HTTP/1.1" 200 25
101.83.145.37 - - [02/Sep/2023:09:02:39 +0800] "POST /xingrg/kc/buy/cgsh_order_operate.html HTTP/1.1" 200 37230
101.83.145.37 - - [02/Sep/2023:09:02:39 +0800] "GET /xingrg/javascript/easyui/themes/icons/edit_remove.png HTTP/1.1" 304 -
114.95.241.104 - - [02/Sep/2023:09:02:42 +0800] "GET /xingrg/all/function/internal_message.html?_=1693616457993&CODE_STATE=getMsg HTTP/1.1" 200 27
101.83.241.234 - - [02/Sep/2023:09:02:43 +0800] "POST /xingrg/login.do HTTP/1.1" 302 -
101.83.241.234 - - [02/Sep/2023:09:02:43 +0800] "POST /xingrg/login.do HTTP/1.1" 302 -
101.83.241.234 - - [02/Sep/2023:09:02:43 +0800] "GET /xingrg/index.html?sysBaseUrl=http%3A%2F%2F180.169.147.146%3A18081%2Fxingrg%2F&costTime=1468×tamp=1693616563463 HTTP/1.1" 200 17179
101.83.241.234 - - [02/Sep/2023:09:02:43 +0800] "GET /favicon.ico HTTP/1.1" 404 -
101.83.241.234 - - [02/Sep/2023:09:02:43 +0800] "GET /xingrg/check_reg.html?_=1693616561938 HTTP/1.1" 200 22
101.83.241.234 - - [02/Sep/2023:09:02:43 +0800] "POST /xingrg/all/common/load_tree.html?tree=area_rest_tree_json&manage=1 HTTP/1.1" 200 351
101.83.241.234 - - [02/Sep/2023:09:02:43 +0800] "GET /xingrg/all/function/internal_message.html?_=1693616561930&CODE_STATE=count HTTP/1.1" 200 11
101.83.241.234 - - [02/Sep/2023:09:02:44 +0800] "POST /xingrg/load_menu.html HTTP/1.1" 200 5138
120.253.135.82 - - [02/Sep/2023:09:02:45 +0800] "GET /xingrg/check_reg.html?_=1693616371374 HTTP/1.1" 200 22
120.253.135.82 - - [02/Sep/2023:09:02:46 +0800] "GET /xingrg/all/function/internal_message.html?_=1693616372305&CODE_STATE=getMsg HTTP/1.1" 200 27
101.83.145.37 - - [02/Sep/2023:09:02:49 +0800] "POST /xingrg/kc/buy/cgsh_list_operate.html HTTP/1.1" 200 986
101.83.145.37 - - [02/Sep/2023:09:02:49 +0800] "GET /xingrg/javascript/easyui/themes/default/images/button_plain_hover.png HTTP/1.1" 304 -
101.83.145.37 - - [02/Sep/2023:09:02:51 +0800] "GET /xingrg/kc/buy/cgsh_order_add.html HTTP/1.1" 200 72246
101.83.145.37 - - [02/Sep/2023:09:02:51 +0800] "GET /xingrg/javascript/pic_change.js HTTP/1.1" 304 -
101.83.145.37 - - [02/Sep/2023:09:02:51 +0800] "GET /xingrg/javascript/jquery_tools/order_manager.js HTTP/1.1" 304 -
101.83.145.37 - - [02/Sep/2023:09:02:51 +0800] "GET /xingrg/javascript/json2.js HTTP/1.1" 304 -
101.83.145.37 - - [02/Sep/2023:09:02:51 +0800] "GET /xingrg/javascript/print/kc_print.js HTTP/1.1" 304 -
101.83.145.37 - - [02/Sep/2023:09:02:51 +0800] "GET /xingrg/javascript/convert.js HTTP/1.1" 304 -
101.83.145.37 - - [02/Sep/2023:09:02:51 +0800] "GET /xingrg/words/20230902001655_words.js HTTP/1.1" 200 985203
101.83.145.37 - - [02/Sep/2023:09:02:51 +0800] "GET /xingrg/javascript/easyui/themes/icons/copy_new.png HTTP/1.1" 304 -
101.83.145.37 - - [02/Sep/2023:09:02:51 +0800] "GET /xingrg/javascript/easyui/themes/icons/template_new.png HTTP/1.1" 304 -
101.83.145.37 - - [02/Sep/2023:09:02:51 +0800] "GET /xingrg/javascript/easyui/themes/icons/print.png HTTP/1.1" 304 -
101.83.145.37 - - [02/Sep/2023:09:02:51 +0800] "GET /xingrg/javascript/easyui/themes/icons/ok.png HTTP/1.1" 304 -
101.83.145.37 - - [02/Sep/2023:09:02:51 +0800] "GET /xingrg/javascript/easyui/themes/default/images/menu_downarrow.png HTTP/1.1" 304 -
101.83.145.37 - - [02/Sep/2023:09:02:51 +0800] "GET /xingrg/javascript/easyui/themes/icons/cancel.png HTTP/1.1" 304 -
101.83.145.37 - - [02/Sep/2023:09:02:51 +0800] "GET /xingrg/javascript/easyui/themes/default/validatebox.css HTTP/1.1" 404 1104
101.83.145.37 - - [02/Sep/2023:09:02:51 +0800] "GET /xingrg/javascript/easyui/plugins/jquery.validatebox.js HTTP/1.1" 304 -
101.83.145.37 - - [02/Sep/2023:09:02:51 +0800] "GET /xingrg/javascript/easyui/plugins/jquery.numberbox.js HTTP/1.1" 304 -
101.83.145.37 - - [02/Sep/2023:09:02:51 +0800] "POST /xingrg/kc/buy/cgsh_order_operate.html HTTP/1.1" 200 8245
101.83.145.37 - - [02/Sep/2023:09:02:51 +0800] "GET /xingrg/all/common/auto_word.html?type=employee&rest_code=00105 HTTP/1.1" 200 193
101.83.145.37 - - [02/Sep/2023:09:02:51 +0800] "GET /xingrg/all/common/auto_word.html?type=employee&rest_code=00105 HTTP/1.1" 200 193
101.83.145.37 - - [02/Sep/2023:09:02:51 +0800] "GET /xingrg/javascript/easyui/themes/icons/edit_remove.png HTTP/1.1" 304 -
180.174.205.229 - - [02/Sep/2023:09:02:51 +0800] "GET /xingrg/all/function/internal_message.html?_=1693616571724&CODE_STATE=getMsg HTTP/1.1" 200 27
124.79.247.70 - - [02/Sep/2023:09:02:54 +0800] "GET /xingrg/kc/mdqp/qqps_order_add.html HTTP/1.1" 200 28386
124.79.247.70 - - [02/Sep/2023:09:02:54 +0800] "GET /xingrg/dwr/interface/AjaxQqpsService.js HTTP/1.1" 200 16326
124.79.247.70 - - [02/Sep/2023:09:02:54 +0800] "GET /xingrg/dwr/engine.js HTTP/1.1" 200 43631
124.79.247.70 - - [02/Sep/2023:09:02:54 +0800] "GET /xingrg/dwr/interface/AjaxComOrderService.js HTTP/1.1" 200 18264
101.83.145.37 - - [02/Sep/2023:09:02:54 +0800] "GET /xingrg/javascript/auto/indicator.gif HTTP/1.1" 404 1066
124.79.247.70 - - [02/Sep/2023:09:02:55 +0800] "GET /xingrg/all/function/internal_message.html?_=1693616870533&CODE_STATE=getMsg HTTP/1.1" 200 27
101.83.145.37 - - [02/Sep/2023:09:02:57 +0800] "GET /xingrg/check_reg.html?_=1693616371488 HTTP/1.1" 200 22
101.83.145.37 - - [02/Sep/2023:09:02:57 +0800] "GET /xingrg/all/function/internal_message.html?_=1693616371492&CODE_STATE=getMsg HTTP/1.1" 200 27
172.20.0.100 - - [02/Sep/2023:09:02:58 +0800] "GET /xingrg/all/function/internal_message.html?_=1693616578664&CODE_STATE=getMsg HTTP/1.1" 200 27
116.232.195.127 - - [02/Sep/2023:09:03:00 +0800] "GET /xingrg/all/function/internal_message.html?_=1693616479672&CODE_STATE=getMsg HTTP/1.1" 200 27
222.70.180.200 - - [02/Sep/2023:09:03:01 +0800] "GET /xingrg/all/function/internal_message.html?_=1693616581538&CODE_STATE=getMsg HTTP/1.1" 200 27
222.70.180.200 - - [02/Sep/2023:09:03:01 +0800] "GET /xingrg/check_reg.html?_=1693616581547 HTTP/1.1" 200 22
114.95.241.104 - - [02/Sep/2023:09:03:01 +0800] "GET /xingrg/all/function/internal_message.html?_=1693616476760&CODE_STATE=getMsg HTTP/1.1" 200 27
116.232.195.127 - - [02/Sep/2023:09:03:01 +0800] "GET /xingrg/all/function/internal_message.html?_=1693616481352&CODE_STATE=getMsg HTTP/1.1" 200 27
101.83.145.37 - - [02/Sep/2023:09:03:05 +0800] "GET /xingrg/kc/buy/cgsh_order_operate.html?command=get_materiel&rest_code=00105&code=00101008188&supplier_code=&order_time=2023-09-02 HTTP/1.1" 200 412
58.40.7.146 - - [02/Sep/2023:09:03:05 +0800] "GET /xingrg/all/function/internal_message.html?_=1693616585195&CODE_STATE=getMsg HTTP/1.1" 200 27
180.152.241.196 - - [02/Sep/2023:09:03:07 +0800] "GET /xingrg/all/function/internal_message.html?_=1693616587344&CODE_STATE=getMsg HTTP/1.1" 302 -
124.78.155.92 - - [02/Sep/2023:09:03:13 +0800] "GET /xingrg/all/function/internal_message.html?_=1693616593152&CODE_STATE=getMsg HTTP/1.1" 200 27
124.78.155.92 - - [02/Sep/2023:09:03:13 +0800] "POST /xingrg/kc/buy/cgsh_order_operate.html HTTP/1.1" 200 37
124.78.155.92 - - [02/Sep/2023:09:03:16 +0800] "POST /xingrg/kc/buy/cgsh_order_operate.html HTTP/1.1" 200 35181
116.232.195.127 - - [02/Sep/2023:09:03:17 +0800] "GET /xingrg/check_reg.html?_=1693616497446 HTTP/1.1" 200 22
116.232.195.127 - - [02/Sep/2023:09:03:19 +0800] "POST /xingrg/all/report/report_print.html HTTP/1.1" 302 -
116.232.195.127 - - [02/Sep/2023:09:03:19 +0800] "GET /xingrg/servlets/html?sysBaseUrl=http%3A%2F%2F180.169.147.146%3A18081%2Fxingrg%2F&costTime=997×tamp=1693616599759 HTTP/1.1" 200 17870
116.232.195.127 - - [02/Sep/2023:09:03:19 +0800] "GET /xingrg/servlets/image?image=px HTTP/1.1" 200 807
116.232.195.127 - - [02/Sep/2023:09:03:19 +0800] "GET /favicon.ico HTTP/1.1" 404 -
101.83.145.37 - - [02/Sep/2023:09:03:19 +0800] "GET /xingrg/all/function/internal_message.html?_=1693616600837&CODE_STATE=getMsg HTTP/1.1" 200 27
124.78.155.92 - - [02/Sep/2023:09:03:20 +0800] "GET /xingrg/kc/buy/cgsh_order_add.html HTTP/1.1" 200 72158
124.78.155.92 - - [02/Sep/2023:09:03:20 +0800] "POST /xingrg/kc/buy/cgsh_order_operate.html HTTP/1.1" 200 8245
124.78.155.92 - - [02/Sep/2023:09:03:20 +0800] "GET /xingrg/javascript/easyui/themes/default/validatebox.css HTTP/1.1" 404 1104
101.83.241.137 - - [02/Sep/2023:09:03:21 +0800] "GET /xingrg/check_reg.html?_=1693616744627 HTTP/1.1" 200 22
101.83.241.137 - - [02/Sep/2023:09:03:22 +0800] "GET /xingrg/all/function/internal_message.html?_=1693616744629&CODE_STATE=getMsg HTTP/1.1" 200 27
58.39.110.121 - - [02/Sep/2023:09:03:23 +0800] "GET /xingrg/login.html HTTP/1.1" 200 7641
101.228.187.155 - - [02/Sep/2023:09:03:24 +0800] "GET /xingrg/all/function/internal_message.html?_=1693616603086&CODE_STATE=getMsg HTTP/1.1" 200 27
58.39.110.121 - - [02/Sep/2023:09:03:24 +0800] "GET /favicon.ico HTTP/1.1" 404 -
120.253.135.82 - - [02/Sep/2023:09:03:33 +0800] "GET /xingrg/all/function/internal_message.html?_=1693616754266&CODE_STATE=getMsg HTTP/1.1" 302 -
120.253.135.82 - - [02/Sep/2023:09:03:33 +0800] "GET /xingrg/login.html HTTP/1.1" 200 7641
124.79.247.70 - - [02/Sep/2023:09:03:37 +0800] "POST /xingrg/dwr/call/plaincall/AjaxQqpsService.saveOrder.dwr HTTP/1.1" 200 78
114.95.241.104 - - [02/Sep/2023:09:03:42 +0800] "GET /xingrg/check_reg.html?_=1693616517853 HTTP/1.1" 200 22
114.95.241.104 - - [02/Sep/2023:09:03:42 +0800] "GET /xingrg/all/function/internal_message.html?_=1693616518007&CODE_STATE=getMsg HTTP/1.1" 200 27
101.83.241.234 - - [02/Sep/2023:09:03:43 +0800] "GET /xingrg/all/function/internal_message.html?_=1693616621942&CODE_STATE=getMsg HTTP/1.1" 200 27
124.79.247.70 - - [02/Sep/2023:09:03:45 +0800] "POST /xingrg/dwr/call/plaincall/AjaxQqpsService.getMaterielByCode.dwr HTTP/1.1" 200 2682
120.253.135.82 - - [02/Sep/2023:09:03:46 +0800] "GET /xingrg/all/function/internal_message.html?_=1693616432335&CODE_STATE=getMsg HTTP/1.1" 200 27
101.83.241.234 - - [02/Sep/2023:09:03:49 +0800] "GET /xingrg/kc/buy/cgsh_order_list.html HTTP/1.1" 200 56388
58.39.110.121 - - [02/Sep/2023:09:03:49 +0800] "POST /xingrg/login.do HTTP/1.1" 302 -
58.39.110.121 - - [02/Sep/2023:09:03:49 +0800] "GET /xingrg/index.html?sysBaseUrl=http%3A%2F%2F180.169.147.146%3A18081%2Fxingrg%2F&costTime=1758×tamp=1693616629093 HTTP/1.1" 200 17177
58.39.110.121 - - [02/Sep/2023:09:03:49 +0800] "GET /favicon.ico HTTP/1.1" 404 -
58.39.110.121 - - [02/Sep/2023:09:03:49 +0800] "GET /xingrg/all/function/internal_message.html?_=1693616629347&CODE_STATE=count HTTP/1.1" 200 11
58.39.110.121 - - [02/Sep/2023:09:03:49 +0800] "GET /xingrg/check_reg.html?_=1693616629347 HTTP/1.1" 200 22
124.79.247.70 - - [02/Sep/2023:09:03:49 +0800] "POST /xingrg/dwr/call/plaincall/AjaxQqpsService.saveMaterielItem.dwr HTTP/1.1" 200 78
58.39.110.121 - - [02/Sep/2023:09:03:49 +0800] "POST /xingrg/all/common/load_tree.html?tree=area_rest_tree_json&manage=1 HTTP/1.1" 200 348
58.39.110.121 - - [02/Sep/2023:09:03:49 +0800] "POST /xingrg/load_menu.html HTTP/1.1" 200 5138
58.39.110.121 - - [02/Sep/2023:09:03:51 +0800] "GET /xingrg/kc/buy/buy_main.html HTTP/1.1" 200 12412
58.39.110.121 - - [02/Sep/2023:09:03:51 +0800] "GET /xingrg/css/new_ie.css HTTP/1.1" 404 1036
58.39.110.121 - - [02/Sep/2023:09:03:51 +0800] "GET /xingrg/images/yd/bt.gif HTTP/1.1" 404 1040
180.174.205.229 - - [02/Sep/2023:09:03:52 +0800] "GET /xingrg/all/function/internal_message.html?_=1693616631729&CODE_STATE=getMsg HTTP/1.1" 200 27
124.79.247.70 - - [02/Sep/2023:09:03:52 +0800] "POST /xingrg/dwr/call/plaincall/AjaxQqpsService.checkOrder.dwr HTTP/1.1" 200 78
58.39.110.121 - - [02/Sep/2023:09:03:53 +0800] "GET /xingrg/kc/buy/cgsh_order_list.html HTTP/1.1" 200 8212
58.39.110.121 - - [02/Sep/2023:09:03:53 +0800] "GET /xingrg/kc/buy/cgsh_order_list.html HTTP/1.1" 200 56386
101.83.241.234 - - [02/Sep/2023:09:03:53 +0800] "POST /xingrg/kc/buy/cgsh_list_operate.html HTTP/1.1" 200 1869
124.79.247.70 - - [02/Sep/2023:09:03:53 +0800] "GET /xingrg/kc/mdqp/qqps_order_info.html?code=302023090200034 HTTP/1.1" 200 26780
124.79.247.70 - - [02/Sep/2023:09:03:54 +0800] "GET /xingrg/dwr/interface/AjaxComOrderService.js HTTP/1.1" 200 18264
124.79.247.70 - - [02/Sep/2023:09:03:54 +0800] "GET /xingrg/dwr/interface/AjaxQqpsService.js HTTP/1.1" 200 16326
124.79.247.70 - - [02/Sep/2023:09:03:54 +0800] "GET /xingrg/dwr/engine.js HTTP/1.1" 200 43631
124.79.247.70 - - [02/Sep/2023:09:03:55 +0800] "POST /xingrg/dwr/call/plaincall/AjaxQqpsService.loadMaterielItems.dwr HTTP/1.1" 200 345
124.79.247.70 - - [02/Sep/2023:09:03:55 +0800] "GET /xingrg/all/function/internal_message.html?_=1693616930544&CODE_STATE=getMsg HTTP/1.1" 200 27
58.39.110.121 - - [02/Sep/2023:09:03:56 +0800] "POST /xingrg/kc/buy/cgsh_list_operate.html HTTP/1.1" 200 986
101.83.145.37 - - [02/Sep/2023:09:03:57 +0800] "GET /xingrg/all/function/internal_message.html?_=1693616431491&CODE_STATE=getMsg HTTP/1.1" 200 27
101.83.241.137 - - [02/Sep/2023:09:03:58 +0800] "POST /xingrg/kc/base/wldb_order_operate.html HTTP/1.1" 200 37
58.39.110.121 - - [02/Sep/2023:09:03:58 +0800] "GET /xingrg/kc/buy/cgsh_order_add.html HTTP/1.1" 200 71287
58.39.110.121 - - [02/Sep/2023:09:03:58 +0800] "GET /xingrg/words/20230902001655_words.js HTTP/1.1" 200 985203
58.39.110.121 - - [02/Sep/2023:09:03:58 +0800] "POST /xingrg/kc/buy/cgsh_order_operate.html HTTP/1.1" 200 8245
58.39.110.121 - - [02/Sep/2023:09:03:58 +0800] "GET /xingrg/javascript/easyui/themes/default/validatebox.css HTTP/1.1" 404 1104
172.20.0.100 - - [02/Sep/2023:09:03:58 +0800] "GET /xingrg/all/function/internal_message.html?_=1693616638667&CODE_STATE=getMsg HTTP/1.1" 200 27
58.39.110.121 - - [02/Sep/2023:09:03:58 +0800] "GET /xingrg/all/common/auto_word.html?type=employee&rest_code=00157 HTTP/1.1" 200 51
58.39.110.121 - - [02/Sep/2023:09:03:58 +0800] "GET /xingrg/all/common/auto_word.html?type=employee&rest_code=00157 HTTP/1.1" 200 51
116.232.195.127 - - [02/Sep/2023:09:04:00 +0800] "GET /xingrg/all/function/internal_message.html?_=1693616539672&CODE_STATE=getMsg HTTP/1.1" 200 27
58.39.110.121 - - [02/Sep/2023:09:04:00 +0800] "GET /xingrg/javascript/auto/indicator.gif HTTP/1.1" 404 1066
124.79.247.70 - - [02/Sep/2023:09:04:01 +0800] "GET /xingrg/kc/base/check_order_list.html HTTP/1.1" 200 16299
124.79.247.70 - - [02/Sep/2023:09:04:01 +0800] "POST /xingrg/kc/base/check_list_operate.html HTTP/1.1" 200 1908
222.70.180.200 - - [02/Sep/2023:09:04:01 +0800] "GET /xingrg/all/function/internal_message.html?_=1693616641546&CODE_STATE=getMsg HTTP/1.1" 200 27
114.95.241.104 - - [02/Sep/2023:09:04:01 +0800] "GET /xingrg/all/function/internal_message.html?_=1693616536791&CODE_STATE=getMsg HTTP/1.1" 200 27
116.232.195.127 - - [02/Sep/2023:09:04:01 +0800] "GET /xingrg/all/function/internal_message.html?_=1693616541327&CODE_STATE=getMsg HTTP/1.1" 200 27
58.39.110.121 - - [02/Sep/2023:09:04:02 +0800] "GET /xingrg/javascript/jquery_tools/images/next.gif HTTP/1.1" 404 1086
58.39.110.121 - - [02/Sep/2023:09:04:02 +0800] "GET /xingrg/javascript/jquery_tools/images/prev.gif HTTP/1.1" 404 1086
101.83.241.137 - - [02/Sep/2023:09:04:04 +0800] "POST /xingrg/kc/base/wldb_order_operate.html HTTP/1.1" 200 12
101.83.241.137 - - [02/Sep/2023:09:04:05 +0800] "POST /xingrg/kc/base/wldb_order_operate.html HTTP/1.1" 200 7174
58.40.7.146 - - [02/Sep/2023:09:04:05 +0800] "GET /xingrg/all/function/internal_message.html?_=1693616645197&CODE_STATE=getMsg HTTP/1.1" 200 27
180.152.241.196 - - [02/Sep/2023:09:04:07 +0800] "GET /xingrg/all/function/internal_message.html?_=1693616647324&CODE_STATE=getMsg HTTP/1.1" 302 -
101.83.241.137 - - [02/Sep/2023:09:04:07 +0800] "GET /xingrg/kc/base/wldb_order_info.html?code=422023090200134 HTTP/1.1" 200 26341
101.83.241.137 - - [02/Sep/2023:09:04:08 +0800] "GET /xingrg/javascript/easyui/themes/default/validatebox.css HTTP/1.1" 404 1104
