180.152.241.196 - - [02/Sep/2023:09:22:35 +0800] "GET /xingrg/javascript/jquery_easy_ui/easyui-lang-zh_CN.js HTTP/1.1" 200 1900
180.152.241.196 - - [02/Sep/2023:09:22:35 +0800] "GET /xingrg/javascript/jquery_easy_ui/jquery.easyui.min.js HTTP/1.1" 200 213662
180.152.241.196 - - [02/Sep/2023:09:22:35 +0800] "GET /xingrg/javascript/jquery.form.js HTTP/1.1" 200 23110
180.152.241.196 - - [02/Sep/2023:09:22:35 +0800] "GET /xingrg/javascript/jquery.utils.js HTTP/1.1" 200 11805
180.152.241.196 - - [02/Sep/2023:09:22:35 +0800] "GET /xingrg/javascript/jquery.timers.js HTTP/1.1" 200 3532
180.152.241.196 - - [02/Sep/2023:09:22:35 +0800] "GET /favicon.ico HTTP/1.1" 404 -
180.152.241.196 - - [02/Sep/2023:09:22:35 +0800] "GET /xingrg/images/blue/navBackgound.jpg HTTP/1.1" 200 12378
180.152.241.196 - - [02/Sep/2023:09:22:35 +0800] "GET /xingrg/javascript/jquery_easy_ui/themes/icons/settle_new.png HTTP/1.1" 200 826
180.152.241.196 - - [02/Sep/2023:09:22:35 +0800] "GET /xingrg/images/blue/pingpu.png HTTP/1.1" 200 231
180.152.241.196 - - [02/Sep/2023:09:22:35 +0800] "GET /xingrg/check_reg.html?_=1693617755749 HTTP/1.1" 200 22
180.152.241.196 - - [02/Sep/2023:09:22:35 +0800] "GET /xingrg/javascript/jquery_easy_ui/themes/default/images/tabs_leftarrow.png HTTP/1.1" 200 389
180.152.241.196 - - [02/Sep/2023:09:22:35 +0800] "GET /xingrg/all/function/internal_message.html?_=1693617755748&CODE_STATE=count HTTP/1.1" 200 11
180.152.241.196 - - [02/Sep/2023:09:22:35 +0800] "GET /xingrg/javascript/jquery_easy_ui/themes/default/images/tabs_rightarrow.png HTTP/1.1" 200 395
180.152.241.196 - - [02/Sep/2023:09:22:35 +0800] "GET /xingrg/javascript/jquery_easy_ui/themes/default/images/panel_tool_collapse.gif HTTP/1.1" 200 246
180.152.241.196 - - [02/Sep/2023:09:22:35 +0800] "POST /xingrg/all/common/load_tree.html?tree=area_rest_tree_json&manage=1 HTTP/1.1" 200 342
180.152.241.196 - - [02/Sep/2023:09:22:35 +0800] "POST /xingrg/load_menu.html HTTP/1.1" 200 5138
180.152.241.196 - - [02/Sep/2023:09:22:35 +0800] "GET /xingrg/javascript/jquery_easy_ui/themes/default/images/tree_folder_open.gif HTTP/1.1" 200 956
180.152.241.196 - - [02/Sep/2023:09:22:35 +0800] "GET /xingrg/javascript/jquery_easy_ui/themes/icons/search_new.png HTTP/1.1" 200 586
180.152.241.196 - - [02/Sep/2023:09:22:35 +0800] "GET /xingrg/javascript/jquery_easy_ui/themes/default/images/tree_arrows.gif HTTP/1.1" 200 1043
180.152.241.196 - - [02/Sep/2023:09:22:35 +0800] "GET /xingrg/javascript/jquery_easy_ui/themes/default/images/tree_folder.gif HTTP/1.1" 200 952
180.152.241.196 - - [02/Sep/2023:09:22:35 +0800] "GET /xingrg/javascript/jquery_easy_ui/themes/icons/storage_new.png HTTP/1.1" 200 853
180.152.241.196 - - [02/Sep/2023:09:22:35 +0800] "GET /xingrg/javascript/jquery_easy_ui/themes/default/images/tree_file.gif HTTP/1.1" 200 118
180.152.241.196 - - [02/Sep/2023:09:22:35 +0800] "GET /xingrg/javascript/jquery_easy_ui/themes/icons/forms_new.png HTTP/1.1" 200 350
180.152.241.196 - - [02/Sep/2023:09:22:38 +0800] "GET /xingrg/javascript/jquery_easy_ui/themes/default/images/tabs_close.gif HTTP/1.1" 200 829
180.152.241.196 - - [02/Sep/2023:09:22:39 +0800] "GET /xingrg/kc/buy/cgsh_order_list.html HTTP/1.1" 200 56382
180.152.241.196 - - [02/Sep/2023:09:22:39 +0800] "GET /xingrg/css/base.css HTTP/1.1" 200 2811
180.152.241.196 - - [02/Sep/2023:09:22:39 +0800] "GET /xingrg/javascript/jquery_tools/datebox.css HTTP/1.1" 200 2597
180.152.241.196 - - [02/Sep/2023:09:22:39 +0800] "GET /xingrg/css/site.css HTTP/1.1" 200 7541
180.152.241.196 - - [02/Sep/2023:09:22:39 +0800] "GET /xingrg/javascript/easyui/themes/default/easyui.css HTTP/1.1" 200 30432
180.152.241.196 - - [02/Sep/2023:09:22:39 +0800] "GET /xingrg/javascript/auto/jquery.autocomplete.css HTTP/1.1" 200 587
180.152.241.196 - - [02/Sep/2023:09:22:39 +0800] "GET /xingrg/javascript/easyui/themes/icon.css HTTP/1.1" 200 4483
180.152.241.196 - - [02/Sep/2023:09:22:39 +0800] "GET /xingrg/javascript/jquery_tools/fix.css HTTP/1.1" 200 1702
180.152.241.196 - - [02/Sep/2023:09:22:39 +0800] "GET /xingrg/javascript/jquery_tools/jquery.tools.min.js HTTP/1.1" 200 138801
180.152.241.196 - - [02/Sep/2023:09:22:39 +0800] "GET /xingrg/javascript/jquery_tools/table.css HTTP/1.1" 200 1032
180.152.241.196 - - [02/Sep/2023:09:22:39 +0800] "GET /xingrg/javascript/jquery_tools/jquery.tools.extend.js HTTP/1.1" 200 15385
180.152.241.196 - - [02/Sep/2023:09:22:39 +0800] "GET /xingrg/javascript/jquery_tools/jquery.tools.hotkey.js HTTP/1.1" 200 3242
180.152.241.196 - - [02/Sep/2023:09:22:39 +0800] "GET /xingrg/javascript/jquery_tools/jquery.tools.table.js HTTP/1.1" 200 6994
180.152.241.196 - - [02/Sep/2023:09:22:39 +0800] "GET /xingrg/javascript/jquery_tools/list_manager.js HTTP/1.1" 200 3652
180.152.241.196 - - [02/Sep/2023:09:22:39 +0800] "GET /xingrg/javascript/auto/jquery.autocomplete.js HTTP/1.1" 200 21624
180.152.241.196 - - [02/Sep/2023:09:22:39 +0800] "GET /xingrg/javascript/easyui/easyloader.js HTTP/1.1" 200 5975
180.152.241.196 - - [02/Sep/2023:09:22:39 +0800] "GET /xingrg/javascript/jquery.cookie.js HTTP/1.1" 200 5513
180.152.241.196 - - [02/Sep/2023:09:22:39 +0800] "GET /xingrg/javascript/print/LodopFuncs.js HTTP/1.1" 200 5121
180.152.241.196 - - [02/Sep/2023:09:22:39 +0800] "GET /xingrg/javascript/easyui/themes/icons/field_new.png HTTP/1.1" 200 1097
180.152.241.196 - - [02/Sep/2023:09:22:39 +0800] "GET /xingrg/javascript/easyui/themes/icons/cance_new.png HTTP/1.1" 200 3986
180.152.241.196 - - [02/Sep/2023:09:22:39 +0800] "GET /xingrg/javascript/easyui/themes/icons/check_new.png HTTP/1.1" 200 3224
180.152.241.196 - - [02/Sep/2023:09:22:39 +0800] "GET /xingrg/javascript/easyui/themes/icons/import_new.png HTTP/1.1" 200 1247
180.152.241.196 - - [02/Sep/2023:09:22:39 +0800] "GET /xingrg/javascript/easyui/themes/icons/edit_add_new.png HTTP/1.1" 200 2997
180.152.241.196 - - [02/Sep/2023:09:22:39 +0800] "GET /xingrg/javascript/easyui/plugins/jquery.parser.js HTTP/1.1" 200 1142
180.152.241.196 - - [02/Sep/2023:09:22:39 +0800] "GET /xingrg/images/control/ajaxLoader.gif HTTP/1.1" 200 4659
180.152.241.196 - - [02/Sep/2023:09:22:42 +0800] "POST /xingrg/kc/buy/cgsh_list_operate.html HTTP/1.1" 200 986
114.95.241.104 - - [02/Sep/2023:09:22:43 +0800] "GET /xingrg/all/function/internal_message.html?_=1693617658344&CODE_STATE=getMsg HTTP/1.1" 200 27
101.83.241.234 - - [02/Sep/2023:09:22:43 +0800] "GET /xingrg/check_reg.html?_=1693617761975 HTTP/1.1" 200 22
120.253.135.82 - - [02/Sep/2023:09:22:45 +0800] "GET /xingrg/check_reg.html?_=1693617571394 HTTP/1.1" 200 22
101.83.241.234 - - [02/Sep/2023:09:22:47 +0800] "GET /xingrg/all/function/internal_message.html?_=1693617765263&CODE_STATE=getMsg HTTP/1.1" 200 27
120.253.135.82 - - [02/Sep/2023:09:22:47 +0800] "GET /xingrg/all/function/internal_message.html?_=1693617573342&CODE_STATE=getMsg HTTP/1.1" 200 27
180.174.205.229 - - [02/Sep/2023:09:22:52 +0800] "GET /xingrg/all/function/internal_message.html?_=1693617771756&CODE_STATE=getMsg HTTP/1.1" 200 27
124.79.247.70 - - [02/Sep/2023:09:22:55 +0800] "GET /xingrg/all/function/internal_message.html?_=1693618070536&CODE_STATE=getMsg HTTP/1.1" 200 27
101.83.145.37 - - [02/Sep/2023:09:22:57 +0800] "GET /xingrg/check_reg.html?_=1693617571495 HTTP/1.1" 200 22
101.83.145.37 - - [02/Sep/2023:09:22:57 +0800] "GET /xingrg/all/function/internal_message.html?_=1693617571498&CODE_STATE=getMsg HTTP/1.1" 200 27
222.67.237.86 - - [02/Sep/2023:09:22:58 +0800] "GET /xingrg/check_reg.html?_=1693617219550 HTTP/1.1" 302 -
172.20.0.100 - - [02/Sep/2023:09:22:58 +0800] "GET /xingrg/all/function/internal_message.html?_=1693617778671&CODE_STATE=getMsg HTTP/1.1" 200 27
116.232.195.127 - - [02/Sep/2023:09:23:00 +0800] "GET /xingrg/all/function/internal_message.html?_=1693617679676&CODE_STATE=getMsg HTTP/1.1" 200 27
116.232.195.127 - - [02/Sep/2023:09:23:01 +0800] "GET /xingrg/all/function/internal_message.html?_=1693617681008&CODE_STATE=getMsg HTTP/1.1" 200 27
222.70.180.200 - - [02/Sep/2023:09:23:01 +0800] "GET /xingrg/check_reg.html?_=1693617781565 HTTP/1.1" 200 22
222.70.180.200 - - [02/Sep/2023:09:23:01 +0800] "GET /xingrg/all/function/internal_message.html?_=1693617781563&CODE_STATE=getMsg HTTP/1.1" 200 27
114.95.241.104 - - [02/Sep/2023:09:23:02 +0800] "GET /xingrg/all/function/internal_message.html?_=1693617677156&CODE_STATE=getMsg HTTP/1.1" 200 27
58.40.7.146 - - [02/Sep/2023:09:23:05 +0800] "GET /xingrg/all/function/internal_message.html?_=1693617785203&CODE_STATE=getMsg HTTP/1.1" 200 27
116.232.195.127 - - [02/Sep/2023:09:23:17 +0800] "GET /xingrg/check_reg.html?_=1693617697445 HTTP/1.1" 200 22
101.83.145.37 - - [02/Sep/2023:09:23:19 +0800] "GET /xingrg/all/function/internal_message.html?_=1693617800843&CODE_STATE=getMsg HTTP/1.1" 200 27
101.83.241.137 - - [02/Sep/2023:09:23:21 +0800] "GET /xingrg/check_reg.html?_=1693617944640 HTTP/1.1" 200 22
101.83.241.137 - - [02/Sep/2023:09:23:21 +0800] "GET /xingrg/all/function/internal_message.html?_=1693617944641&CODE_STATE=getMsg HTTP/1.1" 200 27
101.228.187.155 - - [02/Sep/2023:09:23:24 +0800] "GET /xingrg/all/function/internal_message.html?_=1693617803119&CODE_STATE=getMsg HTTP/1.1" 200 27
180.152.241.196 - - [02/Sep/2023:09:23:35 +0800] "GET /xingrg/all/function/internal_message.html?_=1693617815757&CODE_STATE=getMsg HTTP/1.1" 200 27
114.95.241.104 - - [02/Sep/2023:09:23:42 +0800] "GET /xingrg/check_reg.html?_=1693617717928 HTTP/1.1" 200 22
114.95.241.104 - - [02/Sep/2023:09:23:43 +0800] "GET /xingrg/all/function/internal_message.html?_=1693617718357&CODE_STATE=getMsg HTTP/1.1" 200 27
101.83.241.234 - - [02/Sep/2023:09:23:47 +0800] "GET /xingrg/all/function/internal_message.html?_=1693617825233&CODE_STATE=getMsg HTTP/1.1" 200 27
120.253.135.82 - - [02/Sep/2023:09:23:47 +0800] "GET /xingrg/all/function/internal_message.html?_=1693617633356&CODE_STATE=getMsg HTTP/1.1" 200 27
180.174.205.229 - - [02/Sep/2023:09:23:52 +0800] "GET /xingrg/all/function/internal_message.html?_=1693617831744&CODE_STATE=getMsg HTTP/1.1" 200 27
124.79.247.70 - - [02/Sep/2023:09:23:55 +0800] "GET /xingrg/all/function/internal_message.html?_=1693618130535&CODE_STATE=getMsg HTTP/1.1" 200 27
101.83.145.37 - - [02/Sep/2023:09:23:57 +0800] "GET /xingrg/all/function/internal_message.html?_=1693617631483&CODE_STATE=getMsg HTTP/1.1" 200 27
172.20.0.100 - - [02/Sep/2023:09:23:58 +0800] "GET /xingrg/all/function/internal_message.html?_=1693617838657&CODE_STATE=getMsg HTTP/1.1" 200 27
116.232.195.127 - - [02/Sep/2023:09:24:00 +0800] "GET /xingrg/all/function/internal_message.html?_=1693617739665&CODE_STATE=getMsg HTTP/1.1" 200 27
116.232.195.127 - - [02/Sep/2023:09:24:01 +0800] "GET /xingrg/all/function/internal_message.html?_=1693617740982&CODE_STATE=getMsg HTTP/1.1" 200 27
222.70.180.200 - - [02/Sep/2023:09:24:01 +0800] "GET /xingrg/all/function/internal_message.html?_=1693617841589&CODE_STATE=getMsg HTTP/1.1" 200 27
114.95.241.104 - - [02/Sep/2023:09:24:02 +0800] "GET /xingrg/all/function/internal_message.html?_=1693617737195&CODE_STATE=getMsg HTTP/1.1" 200 27
58.40.7.146 - - [02/Sep/2023:09:24:05 +0800] "GET /xingrg/all/function/internal_message.html?_=1693617845204&CODE_STATE=getMsg HTTP/1.1" 200 27
101.83.145.37 - - [02/Sep/2023:09:24:19 +0800] "GET /xingrg/all/function/internal_message.html?_=1693617860842&CODE_STATE=getMsg HTTP/1.1" 200 27
101.83.241.137 - - [02/Sep/2023:09:24:21 +0800] "GET /xingrg/all/function/internal_message.html?_=1693618004640&CODE_STATE=getMsg HTTP/1.1" 200 27
101.228.187.155 - - [02/Sep/2023:09:24:24 +0800] "GET /xingrg/check_reg.html?_=1693617863119 HTTP/1.1" 200 22
101.228.187.155 - - [02/Sep/2023:09:24:24 +0800] "GET /xingrg/all/function/internal_message.html?_=1693617863122&CODE_STATE=getMsg HTTP/1.1" 200 27
180.152.241.196 - - [02/Sep/2023:09:24:35 +0800] "GET /xingrg/all/function/internal_message.html?_=1693617875762&CODE_STATE=getMsg HTTP/1.1" 200 27
114.95.241.104 - - [02/Sep/2023:09:24:43 +0800] "GET /xingrg/all/function/internal_message.html?_=1693617778371&CODE_STATE=getMsg HTTP/1.1" 200 27
101.83.241.234 - - [02/Sep/2023:09:24:47 +0800] "GET /xingrg/all/function/internal_message.html?_=1693617885210&CODE_STATE=getMsg HTTP/1.1" 200 27
120.253.135.82 - - [02/Sep/2023:09:24:47 +0800] "GET /xingrg/all/function/internal_message.html?_=1693617693369&CODE_STATE=getMsg HTTP/1.1" 200 27
180.174.205.229 - - [02/Sep/2023:09:24:52 +0800] "GET /xingrg/all/function/internal_message.html?_=1693617891756&CODE_STATE=getMsg HTTP/1.1" 200 27
124.79.247.70 - - [02/Sep/2023:09:24:55 +0800] "GET /xingrg/check_reg.html?_=1693618190551 HTTP/1.1" 200 22
124.79.247.70 - - [02/Sep/2023:09:24:55 +0800] "GET /xingrg/all/function/internal_message.html?_=1693618190549&CODE_STATE=getMsg HTTP/1.1" 200 27
101.83.145.37 - - [02/Sep/2023:09:24:57 +0800] "GET /xingrg/all/function/internal_message.html?_=1693617691483&CODE_STATE=getMsg HTTP/1.1" 200 27
172.20.0.100 - - [02/Sep/2023:09:24:58 +0800] "GET /xingrg/all/function/internal_message.html?_=1693617898660&CODE_STATE=getMsg HTTP/1.1" 200 27
116.232.195.127 - - [02/Sep/2023:09:25:00 +0800] "GET /xingrg/all/function/internal_message.html?_=1693617799669&CODE_STATE=getMsg HTTP/1.1" 200 27
116.232.195.127 - - [02/Sep/2023:09:25:01 +0800] "GET /xingrg/all/function/internal_message.html?_=1693617800967&CODE_STATE=getMsg HTTP/1.1" 200 27
222.70.180.200 - - [02/Sep/2023:09:25:01 +0800] "GET /xingrg/all/function/internal_message.html?_=1693617901593&CODE_STATE=getMsg HTTP/1.1" 200 27
180.152.241.196 - - [02/Sep/2023:09:25:01 +0800] "GET /xingrg/javascript/easyui/themes/default/images/button_plain_hover.png HTTP/1.1" 200 144
114.95.241.104 - - [02/Sep/2023:09:25:02 +0800] "GET /xingrg/all/function/internal_message.html?_=1693617797201&CODE_STATE=getMsg HTTP/1.1" 200 27
180.152.241.196 - - [02/Sep/2023:09:25:03 +0800] "GET /xingrg/kc/buy/cgsh_order_add.html HTTP/1.1" 200 72199
180.152.241.196 - - [02/Sep/2023:09:25:03 +0800] "GET /xingrg/javascript/pic_change.js HTTP/1.1" 200 4739
180.152.241.196 - - [02/Sep/2023:09:25:03 +0800] "GET /xingrg/javascript/convert.js HTTP/1.1" 200 1239
180.152.241.196 - - [02/Sep/2023:09:25:03 +0800] "GET /xingrg/javascript/json2.js HTTP/1.1" 200 11259
180.152.241.196 - - [02/Sep/2023:09:25:03 +0800] "GET /xingrg/javascript/jquery_tools/order_manager.js HTTP/1.1" 200 11183
180.152.241.196 - - [02/Sep/2023:09:25:03 +0800] "GET /xingrg/javascript/print/kc_print.js HTTP/1.1" 200 11415
180.152.241.196 - - [02/Sep/2023:09:25:03 +0800] "GET /xingrg/words/20230902001655_words.js HTTP/1.1" 200 985203
180.152.241.196 - - [02/Sep/2023:09:25:03 +0800] "GET /xingrg/javascript/easyui/themes/default/images/menu_downarrow.png HTTP/1.1" 200 173
180.152.241.196 - - [02/Sep/2023:09:25:03 +0800] "GET /xingrg/javascript/easyui/themes/icons/ok.png HTTP/1.1" 200 883
180.152.241.196 - - [02/Sep/2023:09:25:03 +0800] "GET /xingrg/javascript/easyui/themes/icons/print.png HTTP/1.1" 200 1057
180.152.241.196 - - [02/Sep/2023:09:25:03 +0800] "GET /xingrg/javascript/easyui/themes/icons/template_new.png HTTP/1.1" 200 3956
180.152.241.196 - - [02/Sep/2023:09:25:03 +0800] "GET /xingrg/javascript/easyui/themes/icons/copy_new.png HTTP/1.1" 200 815
180.152.241.196 - - [02/Sep/2023:09:25:03 +0800] "GET /xingrg/javascript/easyui/themes/icons/cancel.png HTTP/1.1" 200 1133
180.152.241.196 - - [02/Sep/2023:09:25:03 +0800] "POST /xingrg/kc/buy/cgsh_order_operate.html HTTP/1.1" 200 8245
180.152.241.196 - - [02/Sep/2023:09:25:03 +0800] "GET /xingrg/javascript/easyui/themes/default/validatebox.css HTTP/1.1" 404 1104
180.152.241.196 - - [02/Sep/2023:09:25:03 +0800] "GET /xingrg/javascript/easyui/plugins/jquery.validatebox.js HTTP/1.1" 200 6103
180.152.241.196 - - [02/Sep/2023:09:25:03 +0800] "GET /xingrg/all/common/auto_word.html?type=employee&rest_code=00102 HTTP/1.1" 200 189
180.152.241.196 - - [02/Sep/2023:09:25:03 +0800] "GET /xingrg/javascript/easyui/themes/icons/edit_remove.png HTTP/1.1" 200 625
180.152.241.196 - - [02/Sep/2023:09:25:03 +0800] "GET /xingrg/javascript/easyui/plugins/jquery.numberbox.js HTTP/1.1" 200 5213
180.152.241.196 - - [02/Sep/2023:09:25:03 +0800] "GET /xingrg/all/common/auto_word.html?type=employee&rest_code=00102 HTTP/1.1" 200 189
58.40.7.146 - - [02/Sep/2023:09:25:05 +0800] "GET /xingrg/all/function/internal_message.html?_=1693617905207&CODE_STATE=getMsg HTTP/1.1" 200 27
222.67.237.86 - - [02/Sep/2023:09:25:17 +0800] "GET /xingrg/kc/buy/cgsh_order_add.html HTTP/1.1" 302 -
222.67.237.86 - - [02/Sep/2023:09:25:17 +0800] "GET /xingrg/login.html HTTP/1.1" 200 7641
222.67.237.86 - - [02/Sep/2023:09:25:17 +0800] "GET /xingrg/login.html HTTP/1.1" 200 7641
222.67.237.86 - - [02/Sep/2023:09:25:17 +0800] "GET /favicon.ico HTTP/1.1" 404 -
101.83.145.37 - - [02/Sep/2023:09:25:19 +0800] "GET /xingrg/all/function/internal_message.html?_=1693617920842&CODE_STATE=getMsg HTTP/1.1" 200 27
222.67.237.86 - - [02/Sep/2023:09:25:19 +0800] "POST /xingrg/login.do HTTP/1.1" 302 -
222.67.237.86 - - [02/Sep/2023:09:25:20 +0800] "GET /xingrg/index.html?sysBaseUrl=http%3A%2F%2F180.169.147.146%3A18081%2Fxingrg%2F&costTime=1024×tamp=1693617919971 HTTP/1.1" 200 17179
222.67.237.86 - - [02/Sep/2023:09:25:20 +0800] "GET /favicon.ico HTTP/1.1" 404 -
222.67.237.86 - - [02/Sep/2023:09:25:20 +0800] "GET /xingrg/check_reg.html?_=1693617361206 HTTP/1.1" 200 22
222.67.237.86 - - [02/Sep/2023:09:25:20 +0800] "GET /xingrg/all/function/internal_message.html?_=1693617361205&CODE_STATE=count HTTP/1.1" 200 11
222.67.237.86 - - [02/Sep/2023:09:25:20 +0800] "POST /xingrg/all/common/load_tree.html?tree=area_rest_tree_json&manage=1 HTTP/1.1" 200 351
222.67.237.86 - - [02/Sep/2023:09:25:20 +0800] "POST /xingrg/load_menu.html HTTP/1.1" 200 5138
101.83.241.137 - - [02/Sep/2023:09:25:21 +0800] "GET /xingrg/all/function/internal_message.html?_=1693618064627&CODE_STATE=getMsg HTTP/1.1" 200 27
222.67.237.86 - - [02/Sep/2023:09:25:22 +0800] "GET /xingrg/kc/buy/buy_main.html HTTP/1.1" 200 12412
222.67.237.86 - - [02/Sep/2023:09:25:22 +0800] "GET /xingrg/css/new_ie.css HTTP/1.1" 404 1036
222.67.237.86 - - [02/Sep/2023:09:25:24 +0800] "GET /xingrg/images/yd/bt.gif HTTP/1.1" 404 1040
101.228.187.155 - - [02/Sep/2023:09:25:24 +0800] "GET /xingrg/all/function/internal_message.html?_=1693617923122&CODE_STATE=getMsg HTTP/1.1" 200 27
222.67.237.86 - - [02/Sep/2023:09:25:25 +0800] "GET /xingrg/kc/buy/cgsh_order_list.html HTTP/1.1" 200 56388
222.67.237.86 - - [02/Sep/2023:09:25:28 +0800] "POST /xingrg/kc/buy/cgsh_list_operate.html HTTP/1.1" 200 986
222.67.237.86 - - [02/Sep/2023:09:25:31 +0800] "GET /xingrg/kc/buy/cgsh_order_add.html HTTP/1.1" 200 72164
222.67.237.86 - - [02/Sep/2023:09:25:31 +0800] "GET /xingrg/words/20230902001655_words.js HTTP/1.1" 200 985203
222.67.237.86 - - [02/Sep/2023:09:25:32 +0800] "POST /xingrg/kc/buy/cgsh_order_operate.html HTTP/1.1" 200 8245
222.67.237.86 - - [02/Sep/2023:09:25:32 +0800] "GET /xingrg/javascript/easyui/themes/default/validatebox.css HTTP/1.1" 404 1104
222.67.237.86 - - [02/Sep/2023:09:25:32 +0800] "GET /xingrg/all/common/auto_word.html?type=employee&rest_code=00141 HTTP/1.1" 200 201
222.67.237.86 - - [02/Sep/2023:09:25:32 +0800] "GET /xingrg/all/common/auto_word.html?type=employee&rest_code=00141 HTTP/1.1" 200 201
180.152.241.196 - - [02/Sep/2023:09:25:35 +0800] "GET /xingrg/all/function/internal_message.html?_=1693617935765&CODE_STATE=getMsg HTTP/1.1" 200 27
114.95.241.104 - - [02/Sep/2023:09:25:43 +0800] "GET /xingrg/all/function/internal_message.html?_=1693617838384&CODE_STATE=getMsg HTTP/1.1" 200 27
222.70.180.200 - - [02/Sep/2023:09:25:43 +0800] "POST /xingrg/services/DataTransmitService HTTP/1.1" 200 524
101.83.145.37 - - [02/Sep/2023:09:25:45 +0800] "GET /xingrg/kc/buy/cgsh_order_operate.html?command=get_materiel&rest_code=00105&code=00101008275&supplier_code=00100203&order_time=2023-09-02 HTTP/1.1" 200 416
101.83.241.234 - - [02/Sep/2023:09:25:47 +0800] "GET /xingrg/all/function/internal_message.html?_=1693617945185&CODE_STATE=getMsg HTTP/1.1" 200 27
120.253.135.82 - - [02/Sep/2023:09:25:47 +0800] "GET /xingrg/all/function/internal_message.html?_=1693617753460&CODE_STATE=getMsg HTTP/1.1" 200 27
222.67.237.86 - - [02/Sep/2023:09:25:51 +0800] "GET /xingrg/javascript/auto/indicator.gif HTTP/1.1" 404 1066
222.70.180.200 - - [02/Sep/2023:09:25:51 +0800] "POST /xingrg/services/DataTransmitService HTTP/1.1" 200 501
180.174.205.229 - - [02/Sep/2023:09:25:52 +0800] "GET /xingrg/all/function/internal_message.html?_=1693617951746&CODE_STATE=getMsg HTTP/1.1" 200 27
222.67.237.86 - - [02/Sep/2023:09:25:53 +0800] "GET /xingrg/javascript/jquery_tools/images/prev.gif HTTP/1.1" 404 1086
222.67.237.86 - - [02/Sep/2023:09:25:53 +0800] "GET /xingrg/javascript/jquery_tools/images/next.gif HTTP/1.1" 404 1086
124.79.247.70 - - [02/Sep/2023:09:25:55 +0800] "GET /xingrg/all/function/internal_message.html?_=1693618250549&CODE_STATE=getMsg HTTP/1.1" 200 27
101.83.145.37 - - [02/Sep/2023:09:25:57 +0800] "GET /xingrg/all/function/internal_message.html?_=1693617751484&CODE_STATE=getMsg HTTP/1.1" 200 27
172.20.0.100 - - [02/Sep/2023:09:25:58 +0800] "GET /xingrg/all/function/internal_message.html?_=1693617958663&CODE_STATE=getMsg HTTP/1.1" 200 27
172.20.0.100 - - [02/Sep/2023:09:25:58 +0800] "GET /xingrg/check_reg.html?_=1693617958665 HTTP/1.1" 200 22
116.232.195.127 - - [02/Sep/2023:09:26:00 +0800] "GET /xingrg/all/function/internal_message.html?_=1693617859675&CODE_STATE=getMsg HTTP/1.1" 200 27
116.232.195.127 - - [02/Sep/2023:09:26:00 +0800] "GET /xingrg/check_reg.html?_=1693617859677 HTTP/1.1" 200 22
116.232.195.127 - - [02/Sep/2023:09:26:01 +0800] "GET /xingrg/all/function/internal_message.html?_=1693617860940&CODE_STATE=getMsg HTTP/1.1" 200 27
180.174.205.229 - - [02/Sep/2023:09:26:01 +0800] "GET /xingrg/check_reg.html?_=1693617961264 HTTP/1.1" 200 22
222.70.180.200 - - [02/Sep/2023:09:26:01 +0800] "GET /xingrg/all/function/internal_message.html?_=1693617961591&CODE_STATE=getMsg HTTP/1.1" 200 27
114.95.241.104 - - [02/Sep/2023:09:26:02 +0800] "GET /xingrg/all/function/internal_message.html?_=1693617857237&CODE_STATE=getMsg HTTP/1.1" 200 27
180.152.241.196 - - [02/Sep/2023:09:26:04 +0800] "GET /xingrg/javascript/auto/indicator.gif HTTP/1.1" 404 1066
58.40.7.146 - - [02/Sep/2023:09:26:05 +0800] "GET /xingrg/check_reg.html?_=1693617965195 HTTP/1.1" 200 22
58.40.7.146 - - [02/Sep/2023:09:26:05 +0800] "GET /xingrg/all/function/internal_message.html?_=1693617965196&CODE_STATE=getMsg HTTP/1.1" 200 27
222.67.237.86 - - [02/Sep/2023:09:26:14 +0800] "GET /xingrg/kc/buy/cgsh_order_operate.html?command=get_materiel&rest_code=00141&code=00102013013&supplier_code=00100073&order_time=2023-09-02 HTTP/1.1" 200 409
180.152.241.196 - - [02/Sep/2023:09:26:15 +0800] "GET /xingrg/kc/buy/cgsh_order_operate.html?command=get_materiel&rest_code=00102&code=00101016030&supplier_code=00100096&order_time=2023-09-02 HTTP/1.1" 200 412
101.83.145.37 - - [02/Sep/2023:09:26:19 +0800] "GET /xingrg/all/function/internal_message.html?_=1693617980871&CODE_STATE=getMsg HTTP/1.1" 200 27
222.67.237.86 - - [02/Sep/2023:09:26:20 +0800] "GET /xingrg/all/function/internal_message.html?_=1693617421208&CODE_STATE=getMsg HTTP/1.1" 200 27
101.83.241.137 - - [02/Sep/2023:09:26:21 +0800] "GET /xingrg/all/function/internal_message.html?_=1693618124632&CODE_STATE=getMsg HTTP/1.1" 200 27
222.70.180.200 - - [02/Sep/2023:09:26:22 +0800] "POST /xingrg/services/DataTransmitService HTTP/1.1" 200 524
101.228.187.155 - - [02/Sep/2023:09:26:24 +0800] "GET /xingrg/all/function/internal_message.html?_=1693617983125&CODE_STATE=getMsg HTTP/1.1" 200 27
222.70.180.200 - - [02/Sep/2023:09:26:30 +0800] "POST /xingrg/services/DataTransmitService HTTP/1.1" 200 501
180.152.241.196 - - [02/Sep/2023:09:26:35 +0800] "GET /xingrg/all/function/internal_message.html?_=1693617995766&CODE_STATE=getMsg HTTP/1.1" 200 27
222.67.237.86 - - [02/Sep/2023:09:26:37 +0800] "POST /xingrg/kc/buy/cgsh_order_operate.html HTTP/1.1" 200 37
222.70.180.200 - - [02/Sep/2023:09:26:41 +0800] "POST /xingrg/services/DataTransmitService HTTP/1.1" 200 524
180.152.241.196 - - [02/Sep/2023:09:26:43 +0800] "GET /xingrg/kc/buy/cgsh_order_operate.html?command=get_materiel&rest_code=00102&code=00101012025&supplier_code=00100096&order_time=2023-09-02 HTTP/1.1" 200 413
114.95.241.104 - - [02/Sep/2023:09:26:43 +0800] "GET /xingrg/all/function/internal_message.html?_=1693617898420&CODE_STATE=getMsg HTTP/1.1" 200 27
114.95.241.104 - - [02/Sep/2023:09:26:45 +0800] "GET /xingrg/check_reg.html?_=1693617901080 HTTP/1.1" 200 22
101.83.241.234 - - [02/Sep/2023:09:26:47 +0800] "GET /xingrg/all/function/internal_message.html?_=1693618005170&CODE_STATE=getMsg HTTP/1.1" 200 27
120.253.135.82 - - [02/Sep/2023:09:26:47 +0800] "GET /xingrg/all/function/internal_message.html?_=1693617813475&CODE_STATE=getMsg HTTP/1.1" 200 27
222.67.237.86 - - [02/Sep/2023:09:26:50 +0800] "POST /xingrg/kc/buy/cgsh_order_operate.html HTTP/1.1" 200 12
180.174.205.229 - - [02/Sep/2023:09:26:52 +0800] "GET /xingrg/all/function/internal_message.html?_=1693618011749&CODE_STATE=getMsg HTTP/1.1" 200 27
124.79.247.70 - - [02/Sep/2023:09:26:55 +0800] "GET /xingrg/all/function/internal_message.html?_=1693618310546&CODE_STATE=getMsg HTTP/1.1" 200 27
101.83.145.37 - - [02/Sep/2023:09:26:57 +0800] "GET /xingrg/all/function/internal_message.html?_=1693617811484&CODE_STATE=getMsg HTTP/1.1" 200 27
172.20.0.100 - - [02/Sep/2023:09:26:58 +0800] "GET /xingrg/all/function/internal_message.html?_=1693618018665&CODE_STATE=getMsg HTTP/1.1" 200 27
116.232.195.127 - - [02/Sep/2023:09:27:00 +0800] "GET /xingrg/all/function/internal_message.html?_=1693617919673&CODE_STATE=getMsg HTTP/1.1" 200 27
116.232.195.127 - - [02/Sep/2023:09:27:01 +0800] "GET /xingrg/all/function/internal_message.html?_=1693617920915&CODE_STATE=getMsg HTTP/1.1" 200 27
222.70.180.200 - - [02/Sep/2023:09:27:01 +0800] "GET /xingrg/all/function/internal_message.html?_=1693618021584&CODE_STATE=getMsg HTTP/1.1" 200 27
222.70.180.200 - - [02/Sep/2023:09:27:01 +0800] "POST /xingrg/kc/mdqp/pssh_list_operate.html HTTP/1.1" 200 764
114.95.241.104 - - [02/Sep/2023:09:27:02 +0800] "GET /xingrg/all/function/internal_message.html?_=1693617917242&CODE_STATE=getMsg HTTP/1.1" 200 27
58.40.7.146 - - [02/Sep/2023:09:27:05 +0800] "GET /xingrg/all/function/internal_message.html?_=1693618025198&CODE_STATE=getMsg HTTP/1.1" 200 27
222.70.180.200 - - [02/Sep/2023:09:27:08 +0800] "POST /xingrg/kc/mdqp/pssh_list_operate.html HTTP/1.1" 200 814
222.70.180.200 - - [02/Sep/2023:09:27:08 +0800] "GET /xingrg/kc/mdqp/pssh_order_info.html?code=312023083100721 HTTP/1.1" 200 17297
222.70.180.200 - - [02/Sep/2023:09:27:08 +0800] "GET /xingrg/javascript/jquery_tools/jquery-1.4.2.min.js HTTP/1.1" 404 1094
222.70.180.200 - - [02/Sep/2023:09:27:09 +0800] "GET /xingrg/javascript/easyui/themes/default/validatebox.css HTTP/1.1" 404 1104
222.70.180.200 - - [02/Sep/2023:09:27:09 +0800] "POST /xingrg/kc/mdqp/pssh_order_operate.html HTTP/1.1" 200 5743
180.152.241.196 - - [02/Sep/2023:09:27:16 +0800] "GET /xingrg/javascript/jquery_easy_ui/themes/icons/area.png HTTP/1.1" 200 262
180.152.241.196 - - [02/Sep/2023:09:27:16 +0800] "GET /xingrg/javascript/jquery_easy_ui/themes/icons/rest.png HTTP/1.1" 200 695
180.152.241.196 - - [02/Sep/2023:09:27:17 +0800] "GET /xingrg/kc/buy/cgsh_order_operate.html?command=get_materiel&rest_code=00102&code=00101006025&supplier_code=00100096&order_time=2023-09-02 HTTP/1.1" 200 419
101.83.145.37 - - [02/Sep/2023:09:27:20 +0800] "GET /xingrg/check_reg.html?_=1693618040835 HTTP/1.1" 200 22
101.83.145.37 - - [02/Sep/2023:09:27:20 +0800] "GET /xingrg/all/function/internal_message.html?_=1693618040838&CODE_STATE=getMsg HTTP/1.1" 200 27
101.83.241.137 - - [02/Sep/2023:09:27:22 +0800] "GET /xingrg/all/function/internal_message.html?_=1693618184635&CODE_STATE=getMsg HTTP/1.1" 200 27
101.228.187.155 - - [02/Sep/2023:09:27:24 +0800] "GET /xingrg/all/function/internal_message.html?_=1693618043123&CODE_STATE=getMsg HTTP/1.1" 200 27
222.70.180.200 - - [02/Sep/2023:09:27:29 +0800] "POST /xingrg/services/DataTransmitService HTTP/1.1" 200 501
222.70.180.200 - - [02/Sep/2023:09:27:31 +0800] "POST /xingrg/services/DataTransmitService HTTP/1.1" 200 501
222.67.237.86 - - [02/Sep/2023:09:27:34 +0800] "GET /xingrg/kc/buy/cgsh_order_info.html?code=212023090200443 HTTP/1.1" 200 67075
222.67.237.86 - - [02/Sep/2023:09:27:34 +0800] "GET /xingrg/javascript/easyui/themes/default/validatebox.css HTTP/1.1" 404 1104
180.152.241.196 - - [02/Sep/2023:09:27:35 +0800] "GET /xingrg/check_reg.html?_=1693618055766 HTTP/1.1" 200 22
180.152.241.196 - - [02/Sep/2023:09:27:35 +0800] "GET /xingrg/all/function/internal_message.html?_=1693618055769&CODE_STATE=getMsg HTTP/1.1" 200 27
222.67.237.86 - - [02/Sep/2023:09:27:36 +0800] "POST /xingrg/kc/buy/cgsh_order_operate.html HTTP/1.1" 200 603
222.67.237.86 - - [02/Sep/2023:09:27:39 +0800] "GET /xingrg/kc/print/load_config.html?kc_code=cgsh HTTP/1.1" 200 1924
222.67.237.86 - - [02/Sep/2023:09:27:40 +0800] "GET /xingrg/kc/print/load_data.html?order_code=212023090200443&kc_code=cgsh&condition= HTTP/1.1" 200 756
114.95.241.104 - - [02/Sep/2023:09:27:43 +0800] "GET /xingrg/all/function/internal_message.html?_=1693617958427&CODE_STATE=getMsg HTTP/1.1" 200 27
101.83.241.234 - - [02/Sep/2023:09:27:44 +0800] "GET /xingrg/check_reg.html?_=1693618061992 HTTP/1.1" 200 22
120.253.135.82 - - [02/Sep/2023:09:27:46 +0800] "GET /xingrg/check_reg.html?_=1693617871600 HTTP/1.1" 200 22
101.83.241.234 - - [02/Sep/2023:09:27:47 +0800] "GET /xingrg/all/function/internal_message.html?_=1693618065155&CODE_STATE=getMsg HTTP/1.1" 200 27
120.253.135.82 - - [02/Sep/2023:09:27:48 +0800] "GET /xingrg/all/function/internal_message.html?_=1693617873488&CODE_STATE=getMsg HTTP/1.1" 200 27
180.174.205.229 - - [02/Sep/2023:09:27:52 +0800] "GET /xingrg/all/function/internal_message.html?_=1693618071750&CODE_STATE=getMsg HTTP/1.1" 200 27
124.79.247.70 - - [02/Sep/2023:09:27:56 +0800] "GET /xingrg/all/function/internal_message.html?_=1693618370546&CODE_STATE=getMsg HTTP/1.1" 200 27
222.70.180.200 - - [02/Sep/2023:09:27:56 +0800] "POST /xingrg/services/DataTransmitService HTTP/1.1" 200 501
101.83.145.37 - - [02/Sep/2023:09:27:57 +0800] "GET /xingrg/all/function/internal_message.html?_=1693617871484&CODE_STATE=getMsg HTTP/1.1" 200 27
101.83.145.37 - - [02/Sep/2023:09:27:57 +0800] "GET /xingrg/check_reg.html?_=1693617871487 HTTP/1.1" 200 22
172.20.0.100 - - [02/Sep/2023:09:27:58 +0800] "GET /xingrg/all/function/internal_message.html?_=1693618078667&CODE_STATE=getMsg HTTP/1.1" 200 27
116.232.195.127 - - [02/Sep/2023:09:28:00 +0800] "GET /xingrg/all/function/internal_message.html?_=1693617979679&CODE_STATE=getMsg HTTP/1.1" 200 27
116.232.195.127 - - [02/Sep/2023:09:28:01 +0800] "GET /xingrg/all/function/internal_message.html?_=1693617980896&CODE_STATE=getMsg HTTP/1.1" 200 27
222.70.180.200 - - [02/Sep/2023:09:28:01 +0800] "GET /xingrg/check_reg.html?_=1693618081611 HTTP/1.1" 200 22
222.70.180.200 - - [02/Sep/2023:09:28:01 +0800] "GET /xingrg/all/function/internal_message.html?_=1693618081602&CODE_STATE=getMsg HTTP/1.1" 200 27
114.95.241.104 - - [02/Sep/2023:09:28:02 +0800] "GET /xingrg/all/function/internal_message.html?_=1693617977257&CODE_STATE=getMsg HTTP/1.1" 200 27
58.40.7.146 - - [02/Sep/2023:09:28:05 +0800] "GET /xingrg/all/function/internal_message.html?_=1693618085201&CODE_STATE=getMsg HTTP/1.1" 200 27
222.67.237.86 - - [02/Sep/2023:09:28:08 +0800] "GET /xingrg/kc/buy/cgsh_order_add.html HTTP/1.1" 200 72164
222.67.237.86 - - [02/Sep/2023:09:28:09 +0800] "POST /xingrg/kc/buy/cgsh_order_operate.html HTTP/1.1" 200 8245
222.67.237.86 - - [02/Sep/2023:09:28:09 +0800] "GET /xingrg/javascript/easyui/themes/default/validatebox.css HTTP/1.1" 404 1104
222.70.180.200 - - [02/Sep/2023:09:28:17 +0800] "POST /xingrg/services/DataTransmitService HTTP/1.1" 200 501
116.232.195.127 - - [02/Sep/2023:09:28:18 +0800] "GET /xingrg/check_reg.html?_=1693617997435 HTTP/1.1" 200 22
222.70.180.200 - - [02/Sep/2023:09:28:19 +0800] "POST /xingrg/services/DataTransmitService HTTP/1.1" 200 501
101.83.145.37 - - [02/Sep/2023:09:28:20 +0800] "GET /xingrg/all/function/internal_message.html?_=1693618100833&CODE_STATE=getMsg HTTP/1.1" 200 27
222.70.180.200 - - [02/Sep/2023:09:28:20 +0800] "POST /xingrg/services/DataTransmitService HTTP/1.1" 200 501
222.67.237.86 - - [02/Sep/2023:09:28:20 +0800] "GET /xingrg/all/function/internal_message.html?_=1693617541673&CODE_STATE=getMsg HTTP/1.1" 200 27
101.83.241.137 - - [02/Sep/2023:09:28:22 +0800] "GET /xingrg/all/function/internal_message.html?_=1693618244636&CODE_STATE=getMsg HTTP/1.1" 200 27
101.83.241.137 - - [02/Sep/2023:09:28:22 +0800] "GET /xingrg/check_reg.html?_=1693618244638 HTTP/1.1" 200 22
101.228.187.155 - - [02/Sep/2023:09:28:24 +0800] "GET /xingrg/all/function/internal_message.html?_=1693618103122&CODE_STATE=getMsg HTTP/1.1" 200 27
222.70.180.200 - - [02/Sep/2023:09:28:28 +0800] "GET /xingrg/css/images/panel_loading.gif HTTP/1.1" 304 -
222.70.180.200 - - [02/Sep/2023:09:28:28 +0800] "POST /xingrg/all/common/load_combo.html?type=employee HTTP/1.1" 200 362
222.70.180.200 - - [02/Sep/2023:09:28:31 +0800] "POST /xingrg/services/DataTransmitService HTTP/1.1" 200 501
222.70.180.200 - - [02/Sep/2023:09:28:33 +0800] "POST /xingrg/services/DataTransmitService HTTP/1.1" 200 501
222.70.180.200 - - [02/Sep/2023:09:28:35 +0800] "POST /xingrg/services/DataTransmitService HTTP/1.1" 200 501
180.152.241.196 - - [02/Sep/2023:09:28:35 +0800] "GET /xingrg/all/function/internal_message.html?_=1693618115766&CODE_STATE=getMsg HTTP/1.1" 200 27
222.67.237.86 - - [02/Sep/2023:09:28:36 +0800] "GET /xingrg/kc/buy/cgsh_order_operate.html?command=get_materiel&rest_code=00141&code=00101031001&supplier_code=00100240&order_time=2023-09-02 HTTP/1.1" 200 419
222.70.180.200 - - [02/Sep/2023:09:28:37 +0800] "POST /xingrg/services/DataTransmitService HTTP/1.1" 200 412
222.70.180.200 - - [02/Sep/2023:09:28:41 +0800] "POST /xingrg/kc/mdqp/pssh_order_operate.html HTTP/1.1" 200 37
114.95.241.104 - - [02/Sep/2023:09:28:43 +0800] "GET /xingrg/check_reg.html?_=1693618017948 HTTP/1.1" 200 22
114.95.241.104 - - [02/Sep/2023:09:28:43 +0800] "GET /xingrg/all/function/internal_message.html?_=1693618018440&CODE_STATE=getMsg HTTP/1.1" 200 27
222.70.180.200 - - [02/Sep/2023:09:28:44 +0800] "POST /xingrg/kc/mdqp/pssh_order_operate.html HTTP/1.1" 200 200
101.83.241.234 - - [02/Sep/2023:09:28:47 +0800] "GET /xingrg/all/function/internal_message.html?_=1693618125130&CODE_STATE=getMsg HTTP/1.1" 200 27
120.253.135.82 - - [02/Sep/2023:09:28:48 +0800] "GET /xingrg/all/function/internal_message.html?_=1693617933501&CODE_STATE=getMsg HTTP/1.1" 200 27
180.174.205.229 - - [02/Sep/2023:09:28:52 +0800] "GET /xingrg/all/function/internal_message.html?_=1693618131740&CODE_STATE=getMsg HTTP/1.1" 200 27
124.79.247.70 - - [02/Sep/2023:09:28:56 +0800] "GET /xingrg/all/function/internal_message.html?_=1693618430540&CODE_STATE=getMsg HTTP/1.1" 200 27
101.83.145.37 - - [02/Sep/2023:09:28:57 +0800] "GET /xingrg/all/function/internal_message.html?_=1693617931488&CODE_STATE=getMsg HTTP/1.1" 200 27
222.70.180.200 - - [02/Sep/2023:09:28:58 +0800] "POST /xingrg/kc/mdqp/pssh_order_operate.html HTTP/1.1" 200 37
172.20.0.100 - - [02/Sep/2023:09:28:58 +0800] "GET /xingrg/all/function/internal_message.html?_=1693618138669&CODE_STATE=getMsg HTTP/1.1" 200 27
116.232.195.127 - - [02/Sep/2023:09:29:00 +0800] "GET /xingrg/all/function/internal_message.html?_=1693618039679&CODE_STATE=getMsg HTTP/1.1" 200 27
222.70.180.200 - - [02/Sep/2023:09:29:01 +0800] "POST /xingrg/kc/mdqp/pssh_order_operate.html HTTP/1.1" 200 200
116.232.195.127 - - [02/Sep/2023:09:29:02 +0800] "GET /xingrg/all/function/internal_message.html?_=1693618040883&CODE_STATE=getMsg HTTP/1.1" 200 27
114.95.241.104 - - [02/Sep/2023:09:29:02 +0800] "GET /xingrg/all/function/internal_message.html?_=1693618037295&CODE_STATE=getMsg HTTP/1.1" 200 27
58.40.7.146 - - [02/Sep/2023:09:29:05 +0800] "GET /xingrg/all/function/internal_message.html?_=1693618145202&CODE_STATE=getMsg HTTP/1.1" 200 27
101.83.145.37 - - [02/Sep/2023:09:29:20 +0800] "GET /xingrg/all/function/internal_message.html?_=1693618160834&CODE_STATE=getMsg HTTP/1.1" 200 27
101.83.241.137 - - [02/Sep/2023:09:29:22 +0800] "GET /xingrg/all/function/internal_message.html?_=1693618304630&CODE_STATE=getMsg HTTP/1.1" 200 27
101.228.187.155 - - [02/Sep/2023:09:29:24 +0800] "GET /xingrg/check_reg.html?_=1693618163122 HTTP/1.1" 200 22
101.228.187.155 - - [02/Sep/2023:09:29:24 +0800] "GET /xingrg/all/function/internal_message.html?_=1693618163125&CODE_STATE=getMsg HTTP/1.1" 200 27
180.152.241.196 - - [02/Sep/2023:09:29:35 +0800] "GET /xingrg/all/function/internal_message.html?_=1693618175755&CODE_STATE=getMsg HTTP/1.1" 200 27
222.67.237.86 - - [02/Sep/2023:09:29:36 +0800] "POST /xingrg/kc/buy/cgsh_order_operate.html HTTP/1.1" 200 37
180.152.241.196 - - [02/Sep/2023:09:29:40 +0800] "GET /xingrg/kc/buy/cgsh_order_operate.html?command=get_materiel&rest_code=00102&code=00101006011&supplier_code=00100096&order_time=2023-09-02 HTTP/1.1" 200 409
124.79.247.70 - - [02/Sep/2023:09:29:42 +0800] "GET /xingrg/kc/print/load_config.html?kc_code=psth HTTP/1.1" 200 2351
114.95.241.104 - - [02/Sep/2023:09:29:43 +0800] "GET /xingrg/all/function/internal_message.html?_=1693618078455&CODE_STATE=getMsg HTTP/1.1" 200 27
124.79.247.70 - - [02/Sep/2023:09:29:43 +0800] "GET /xingrg/kc/print/load_data.html?order_code=322023082700009&kc_code=psth&condition= HTTP/1.1" 200 803
222.67.237.86 - - [02/Sep/2023:09:29:43 +0800] "POST /xingrg/kc/buy/cgsh_order_operate.html HTTP/1.1" 200 12
101.83.241.234 - - [02/Sep/2023:09:29:47 +0800] "GET /xingrg/all/function/internal_message.html?_=1693618185108&CODE_STATE=getMsg HTTP/1.1" 200 27
120.253.135.82 - - [02/Sep/2023:09:29:48 +0800] "GET /xingrg/all/function/internal_message.html?_=1693617993515&CODE_STATE=getMsg HTTP/1.1" 200 27
180.174.205.229 - - [02/Sep/2023:09:29:52 +0800] "GET /xingrg/all/function/internal_message.html?_=1693618191746&CODE_STATE=getMsg HTTP/1.1" 200 27
124.79.247.70 - - [02/Sep/2023:09:29:56 +0800] "GET /xingrg/check_reg.html?_=1693618490559 HTTP/1.1" 200 22
124.79.247.70 - - [02/Sep/2023:09:29:56 +0800] "GET /xingrg/all/function/internal_message.html?_=1693618490558&CODE_STATE=getMsg HTTP/1.1" 200 27
101.83.145.37 - - [02/Sep/2023:09:29:57 +0800] "GET /xingrg/all/function/internal_message.html?_=1693617991488&CODE_STATE=getMsg HTTP/1.1" 200 27
222.67.237.86 - - [02/Sep/2023:09:29:58 +0800] "GET /xingrg/kc/buy/cgsh_order_info.html?code=212023090200444 HTTP/1.1" 200 67071
172.20.0.100 - - [02/Sep/2023:09:29:58 +0800] "GET /xingrg/all/function/internal_message.html?_=1693618198673&CODE_STATE=getMsg HTTP/1.1" 200 27
222.67.237.86 - - [02/Sep/2023:09:30:00 +0800] "GET /xingrg/javascript/easyui/themes/default/validatebox.css HTTP/1.1" 404 1104
116.232.195.127 - - [02/Sep/2023:09:30:00 +0800] "GET /xingrg/all/function/internal_message.html?_=1693618099670&CODE_STATE=getMsg HTTP/1.1" 200 27
222.67.237.86 - - [02/Sep/2023:09:30:01 +0800] "POST /xingrg/kc/buy/cgsh_order_operate.html HTTP/1.1" 200 615
180.152.241.196 - - [02/Sep/2023:09:30:01 +0800] "GET /xingrg/kc/buy/cgsh_order_operate.html?command=get_materiel&rest_code=00102&code=00101006111&supplier_code=00100096&order_time=2023-09-02 HTTP/1.1" 200 410
116.232.195.127 - - [02/Sep/2023:09:30:01 +0800] "GET /xingrg/all/function/internal_message.html?_=1693618100856&CODE_STATE=getMsg HTTP/1.1" 200 27
114.95.241.104 - - [02/Sep/2023:09:30:02 +0800] "GET /xingrg/all/function/internal_message.html?_=1693618097299&CODE_STATE=getMsg HTTP/1.1" 200 27
58.40.7.146 - - [02/Sep/2023:09:30:05 +0800] "GET /xingrg/all/function/internal_message.html?_=1693618205204&CODE_STATE=getMsg HTTP/1.1" 200 27
101.83.145.37 - - [02/Sep/2023:09:30:20 +0800] "GET /xingrg/all/function/internal_message.html?_=1693618220834&CODE_STATE=getMsg HTTP/1.1" 200 27
222.67.237.86 - - [02/Sep/2023:09:30:20 +0800] "GET /xingrg/check_reg.html?_=1693617661227 HTTP/1.1" 200 22
222.67.237.86 - - [02/Sep/2023:09:30:21 +0800] "GET /xingrg/all/function/internal_message.html?_=1693617661682&CODE_STATE=getMsg HTTP/1.1" 200 27
101.83.241.137 - - [02/Sep/2023:09:30:22 +0800] "GET /xingrg/all/function/internal_message.html?_=1693618364640&CODE_STATE=getMsg HTTP/1.1" 200 27
101.228.187.155 - - [02/Sep/2023:09:30:24 +0800] "GET /xingrg/all/function/internal_message.html?_=1693618223125&CODE_STATE=getMsg HTTP/1.1" 200 27
172.20.0.100 - - [02/Sep/2023:09:30:30 +0800] "GET /xingrg/index.html?sysBaseUrl=http%3A%2F%2F172.17.0.8%3A18081%2Fxingrg%2F&costTime=213×tamp=1585200360465 HTTP/1.1" 200 17454
172.20.0.100 - - [02/Sep/2023:09:30:30 +0800] "GET /favicon.ico HTTP/1.1" 404 -
172.20.0.100 - - [02/Sep/2023:09:30:30 +0800] "GET /xingrg/check_reg.html?_=1693618230742 HTTP/1.1" 200 22
172.20.0.100 - - [02/Sep/2023:09:30:30 +0800] "GET /xingrg/all/function/internal_message.html?_=1693618230741&CODE_STATE=count HTTP/1.1" 200 11
172.20.0.100 - - [02/Sep/2023:09:30:31 +0800] "POST /xingrg/all/common/load_tree.html?tree=area_rest_tree_json&manage=1 HTTP/1.1" 200 3499
172.20.0.100 - - [02/Sep/2023:09:30:31 +0800] "POST /xingrg/load_menu.html HTTP/1.1" 200 9924
180.152.241.196 - - [02/Sep/2023:09:30:35 +0800] "GET /xingrg/all/function/internal_message.html?_=1693618235765&CODE_STATE=getMsg HTTP/1.1" 200 27
180.165.48.189 - - [02/Sep/2023:09:30:39 +0800] "GET /favicon.ico HTTP/1.1" 404 -
172.20.0.100 - - [02/Sep/2023:09:30:40 +0800] "POST /xingrg/all/user/operate.html HTTP/1.1" 200 36
172.20.0.100 - - [02/Sep/2023:09:30:40 +0800] "GET /xingrg/index.html?sysBaseUrl=http%3A%2F%2F172.17.0.8%3A18081%2Fxingrg%2F&costTime=213×tamp=1585200360465 HTTP/1.1" 200 17454
172.20.0.100 - - [02/Sep/2023:09:30:40 +0800] "GET /xingrg/javascript/jquery_easy_ui/themes/default/easyui.css HTTP/1.1" 304 -
172.20.0.100 - - [02/Sep/2023:09:30:40 +0800] "GET /xingrg/javascript/jquery_easy_ui/themes/icon.css HTTP/1.1" 304 -
172.20.0.100 - - [02/Sep/2023:09:30:40 +0800] "GET /xingrg/css/form.css HTTP/1.1" 304 -
172.20.0.100 - - [02/Sep/2023:09:30:40 +0800] "GET /xingrg/javascript/jquery-1.4.2.min.js HTTP/1.1" 304 -
172.20.0.100 - - [02/Sep/2023:09:30:40 +0800] "GET /xingrg/javascript/jquery_easy_ui/jquery.easyui.min.js HTTP/1.1" 304 -
172.20.0.100 - - [02/Sep/2023:09:30:40 +0800] "GET /xingrg/javascript/jquery_easy_ui/easyui-lang-zh_CN.js HTTP/1.1" 304 -
172.20.0.100 - - [02/Sep/2023:09:30:40 +0800] "GET /xingrg/javascript/jquery.form.js HTTP/1.1" 304 -
172.20.0.100 - - [02/Sep/2023:09:30:40 +0800] "GET /xingrg/javascript/jquery.utils.js HTTP/1.1" 304 -
172.20.0.100 - - [02/Sep/2023:09:30:40 +0800] "GET /xingrg/javascript/jquery.timers.js HTTP/1.1" 304 -
172.20.0.100 - - [02/Sep/2023:09:30:40 +0800] "GET /xingrg/images/blue/jxLogo.png HTTP/1.1" 304 -
172.20.0.100 - - [02/Sep/2023:09:30:40 +0800] "GET /xingrg/images/blue/navBackgound.jpg HTTP/1.1" 304 -
172.20.0.100 - - [02/Sep/2023:09:30:40 +0800] "GET /xingrg/javascript/jquery_easy_ui/themes/icons/settle_new.png HTTP/1.1" 304 -
172.20.0.100 - - [02/Sep/2023:09:30:41 +0800] "GET /xingrg/all/function/internal_message.html?_=1693618240807&CODE_STATE=count HTTP/1.1" 200 11
172.20.0.100 - - [02/Sep/2023:09:30:41 +0800] "GET /xingrg/check_reg.html?_=1693618240808 HTTP/1.1" 200 22
172.20.0.100 - - [02/Sep/2023:09:30:41 +0800] "GET /xingrg/images/blue/pingpu.png HTTP/1.1" 304 -
172.20.0.100 - - [02/Sep/2023:09:30:41 +0800] "GET /xingrg/javascript/jquery_easy_ui/themes/default/images/panel_tool_expand.gif HTTP/1.1" 304 -
172.20.0.100 - - [02/Sep/2023:09:30:41 +0800] "GET /xingrg/javascript/jquery_easy_ui/themes/default/images/panel_tool_collapse.gif HTTP/1.1" 304 -
172.20.0.100 - - [02/Sep/2023:09:30:41 +0800] "GET /xingrg/javascript/jquery_easy_ui/themes/default/images/tabs_rightarrow.png HTTP/1.1" 304 -
172.20.0.100 - - [02/Sep/2023:09:30:41 +0800] "GET /xingrg/javascript/jquery_easy_ui/themes/default/images/tabs_leftarrow.png HTTP/1.1" 304 -
172.20.0.100 - - [02/Sep/2023:09:30:41 +0800] "POST /xingrg/all/common/load_tree.html?tree=area_rest_tree_json&manage=1 HTTP/1.1" 200 3499
172.20.0.100 - - [02/Sep/2023:09:30:41 +0800] "POST /xingrg/load_menu.html HTTP/1.1" 200 9924
114.95.241.104 - - [02/Sep/2023:09:30:43 +0800] "GET /xingrg/all/function/internal_message.html?_=1693618138467&CODE_STATE=getMsg HTTP/1.1" 200 27
101.83.241.234 - - [02/Sep/2023:09:30:47 +0800] "GET /xingrg/all/function/internal_message.html?_=1693618245082&CODE_STATE=getMsg HTTP/1.1" 200 27
120.253.135.82 - - [02/Sep/2023:09:30:48 +0800] "GET /xingrg/all/function/internal_message.html?_=1693618053619&CODE_STATE=getMsg HTTP/1.1" 200 27
172.20.0.100 - - [02/Sep/2023:09:30:50 +0800] "GET /xingrg/kc/base/check_order_list.html HTTP/1.1" 200 16540
180.152.241.196 - - [02/Sep/2023:09:30:50 +0800] "GET /xingrg/kc/buy/cgsh_order_operate.html?command=get_materiel&rest_code=00102&code=00101006372&supplier_code=00100096&order_time=2023-09-02 HTTP/1.1" 200 407
172.20.0.100 - - [02/Sep/2023:09:30:50 +0800] "POST /xingrg/kc/base/check_list_operate.html HTTP/1.1" 200 781
180.174.205.229 - - [02/Sep/2023:09:30:52 +0800] "GET /xingrg/all/function/internal_message.html?_=1693618251771&CODE_STATE=getMsg HTTP/1.1" 200 27
172.20.0.100 - - [02/Sep/2023:09:30:53 +0800] "POST /xingrg/kc/base/check_list_operate.html HTTP/1.1" 200 5613
124.79.247.70 - - [02/Sep/2023:09:30:56 +0800] "GET /xingrg/all/function/internal_message.html?_=1693618550556&CODE_STATE=getMsg HTTP/1.1" 200 27
101.83.145.37 - - [02/Sep/2023:09:30:57 +0800] "GET /xingrg/all/function/internal_message.html?_=1693618051488&CODE_STATE=getMsg HTTP/1.1" 200 27
116.232.195.127 - - [02/Sep/2023:09:31:00 +0800] "GET /xingrg/all/function/internal_message.html?_=1693618159677&CODE_STATE=getMsg HTTP/1.1" 200 27
116.232.195.127 - - [02/Sep/2023:09:31:00 +0800] "GET /xingrg/check_reg.html?_=1693618159679 HTTP/1.1" 200 22
116.232.195.127 - - [02/Sep/2023:09:31:01 +0800] "GET /xingrg/all/function/internal_message.html?_=1693618160829&CODE_STATE=getMsg HTTP/1.1" 200 27
180.174.205.229 - - [02/Sep/2023:09:31:01 +0800] "GET /xingrg/check_reg.html?_=1693618261267 HTTP/1.1" 200 22
114.95.241.104 - - [02/Sep/2023:09:31:02 +0800] "GET /xingrg/all/function/internal_message.html?_=1693618157331&CODE_STATE=getMsg HTTP/1.1" 200 27
101.83.145.37 - - [02/Sep/2023:09:31:03 +0800] "GET /xingrg/kc/buy/cgsh_order_operate.html?command=get_materiel&rest_code=00105&code=00101008256&supplier_code=00100203&order_time=2023-09-02 HTTP/1.1" 200 413
172.20.0.100 - - [02/Sep/2023:09:31:04 +0800] "POST /xingrg/kc/base/check_list_operate.html HTTP/1.1" 200 4
58.40.7.146 - - [02/Sep/2023:09:31:05 +0800] "GET /xingrg/all/function/internal_message.html?_=1693618265208&CODE_STATE=getMsg HTTP/1.1" 200 27
58.40.7.146 - - [02/Sep/2023:09:31:05 +0800] "GET /xingrg/check_reg.html?_=1693618265206 HTTP/1.1" 200 22
180.165.48.189 - - [02/Sep/2023:09:31:10 +0800] "GET /xingrg/login.html HTTP/1.1" 200 7641
180.165.48.189 - - [02/Sep/2023:09:31:10 +0800] "GET /xingrg/images/blue/jxLogo.png HTTP/1.1" 304 -
180.165.48.189 - - [02/Sep/2023:09:31:10 +0800] "GET /xingrg/images/blue/login_bg.png HTTP/1.1" 304 -
180.165.48.189 - - [02/Sep/2023:09:31:11 +0800] "GET /xingrg/images/blue/hj.png HTTP/1.1" 304 -
180.165.48.189 - - [02/Sep/2023:09:31:11 +0800] "GET /xingrg/images/blue/srbg.png HTTP/1.1" 304 -
180.165.48.189 - - [02/Sep/2023:09:31:11 +0800] "GET /favicon.ico HTTP/1.1" 404 -
180.165.48.189 - - [02/Sep/2023:09:31:14 +0800] "POST /xingrg/login.do HTTP/1.1" 302 -
180.165.48.189 - - [02/Sep/2023:09:31:14 +0800] "GET /xingrg/index.html?sysBaseUrl=http%3A%2F%2F180.169.147.146%3A18081%2Fxingrg%2F&costTime=895×tamp=1693618274605 HTTP/1.1" 200 17183
180.165.48.189 - - [02/Sep/2023:09:31:15 +0800] "GET /xingrg/javascript/jquery_easy_ui/themes/default/easyui.css HTTP/1.1" 304 -
180.165.48.189 - - [02/Sep/2023:09:31:15 +0800] "GET /xingrg/javascript/jquery_easy_ui/themes/icon.css HTTP/1.1" 304 -
180.165.48.189 - - [02/Sep/2023:09:31:15 +0800] "GET /xingrg/javascript/jquery_easy_ui/jquery.easyui.min.js HTTP/1.1" 304 -
180.165.48.189 - - [02/Sep/2023:09:31:15 +0800] "GET /xingrg/javascript/jquery_easy_ui/easyui-lang-zh_CN.js HTTP/1.1" 304 -
180.165.48.189 - - [02/Sep/2023:09:31:15 +0800] "GET /xingrg/javascript/jquery.form.js HTTP/1.1" 304 -
180.165.48.189 - - [02/Sep/2023:09:31:15 +0800] "GET /xingrg/css/form.css HTTP/1.1" 304 -
180.165.48.189 - - [02/Sep/2023:09:31:15 +0800] "GET /xingrg/javascript/jquery-1.4.2.min.js HTTP/1.1" 304 -
180.165.48.189 - - [02/Sep/2023:09:31:15 +0800] "GET /favicon.ico HTTP/1.1" 404 -
180.165.48.189 - - [02/Sep/2023:09:31:15 +0800] "GET /xingrg/javascript/jquery.utils.js HTTP/1.1" 304 -
180.165.48.189 - - [02/Sep/2023:09:31:15 +0800] "GET /xingrg/javascript/jquery.timers.js HTTP/1.1" 304 -
180.165.48.189 - - [02/Sep/2023:09:31:15 +0800] "GET /xingrg/javascript/jquery_easy_ui/themes/icons/settle_new.png HTTP/1.1" 304 -
180.165.48.189 - - [02/Sep/2023:09:31:15 +0800] "GET /xingrg/images/blue/navBackgound.jpg HTTP/1.1" 304 -
180.165.48.189 - - [02/Sep/2023:09:31:16 +0800] "POST /xingrg/all/common/load_tree.html?tree=area_rest_tree_json&manage=1 HTTP/1.1" 200 357
180.165.48.189 - - [02/Sep/2023:09:31:16 +0800] "GET /xingrg/all/function/internal_message.html?_=1693618274978&CODE_STATE=count HTTP/1.1" 200 11
180.165.48.189 - - [02/Sep/2023:09:31:16 +0800] "GET /xingrg/check_reg.html?_=1693618274979 HTTP/1.1" 200 22
180.165.48.189 - - [02/Sep/2023:09:31:16 +0800] "GET /xingrg/images/blue/pingpu.png HTTP/1.1" 304 -
180.165.48.189 - - [02/Sep/2023:09:31:16 +0800] "GET /xingrg/javascript/jquery_easy_ui/themes/default/images/tabs_leftarrow.png HTTP/1.1" 304 -
180.165.48.189 - - [02/Sep/2023:09:31:16 +0800] "POST /xingrg/load_menu.html HTTP/1.1" 200 5138
180.165.48.189 - - [02/Sep/2023:09:31:16 +0800] "GET /xingrg/javascript/jquery_easy_ui/themes/default/images/tabs_rightarrow.png HTTP/1.1" 304 -
180.165.48.189 - - [02/Sep/2023:09:31:16 +0800] "GET /xingrg/javascript/jquery_easy_ui/themes/default/images/panel_tool_collapse.gif HTTP/1.1" 304 -
