101.83.145.37 - - [02/Sep/2023:10:45:12 +0800] "GET /xingrg/all/function/internal_message.html?_=1693622506687&CODE_STATE=getMsg HTTP/1.1" 200 27
101.83.145.37 - - [02/Sep/2023:10:45:12 +0800] "GET /xingrg/check_reg.html?_=1693622506688 HTTP/1.1" 200 22
101.83.145.37 - - [02/Sep/2023:10:45:13 +0800] "GET /xingrg/kc/base/wldb_order_info.html?code=422023090200139 HTTP/1.1" 200 30472
101.83.145.37 - - [02/Sep/2023:10:45:13 +0800] "GET /xingrg/words/20230902100927_words.js HTTP/1.1" 304 -
101.83.145.37 - - [02/Sep/2023:10:45:14 +0800] "GET /xingrg/javascript/easyui/themes/default/validatebox.css HTTP/1.1" 404 1104
180.169.147.146 - - [02/Sep/2023:10:45:14 +0800] "GET /xingrg/kc/guide/show_order.html?code=312022113000611&type=31 HTTP/1.1" 302 -
180.169.147.146 - - [02/Sep/2023:10:45:15 +0800] "GET /xingrg/kc/pszx/mdps_order_info.html?code=312022113000611&sysBaseUrl=http%3A%2F%2F180.169.147.146%3A18081%2Fxingrg%2F&costTime=1×tamp=1693622714734 HTTP/1.1" 200 19638
180.169.147.146 - - [02/Sep/2023:10:45:15 +0800] "GET /favicon.ico HTTP/1.1" 404 -
180.169.147.146 - - [02/Sep/2023:10:45:15 +0800] "GET /xingrg/javascript/easyui/themes/default/validatebox.css HTTP/1.1" 404 1104
180.165.48.189 - - [02/Sep/2023:10:45:15 +0800] "GET /xingrg/all/function/internal_message.html?_=1693622714992&CODE_STATE=getMsg HTTP/1.1" 200 27
180.169.147.146 - - [02/Sep/2023:10:45:15 +0800] "POST /xingrg/kc/pszx/mdps_order_operate.html HTTP/1.1" 200 1009
58.39.110.121 - - [02/Sep/2023:10:45:17 +0800] "GET /xingrg/all/function/internal_message.html?_=1693622717014&CODE_STATE=getMsg HTTP/1.1" 200 27
180.152.241.196 - - [02/Sep/2023:10:45:18 +0800] "POST /xingrg/kc/buy/cgsh_order_operate.html HTTP/1.1" 200 12
101.83.145.37 - - [02/Sep/2023:10:45:18 +0800] "POST /xingrg/kc/base/wldb_order_operate.html HTTP/1.1" 200 5735
101.83.145.37 - - [02/Sep/2023:10:45:19 +0800] "GET /xingrg/all/function/internal_message.html?_=1693622720152&CODE_STATE=getMsg HTTP/1.1" 200 27
180.152.241.196 - - [02/Sep/2023:10:45:20 +0800] "GET /xingrg/kc/buy/cgsh_order_info.html?code=212023083012271 HTTP/1.1" 200 72214
222.67.237.86 - - [02/Sep/2023:10:45:20 +0800] "GET /xingrg/check_reg.html?_=1693622161374 HTTP/1.1" 200 22
180.169.147.146 - - [02/Sep/2023:10:45:20 +0800] "GET /xingrg/kc/guide/show_order.html?code=312022110100014&type=31 HTTP/1.1" 302 -
180.152.241.196 - - [02/Sep/2023:10:45:20 +0800] "GET /xingrg/javascript/easyui/themes/icons/ok.png HTTP/1.1" 200 883
180.152.241.196 - - [02/Sep/2023:10:45:20 +0800] "GET /xingrg/javascript/easyui/themes/icons/template_new.png HTTP/1.1" 200 3956
222.67.237.86 - - [02/Sep/2023:10:45:20 +0800] "GET /xingrg/all/function/internal_message.html?_=1693622161583&CODE_STATE=getMsg HTTP/1.1" 200 27
180.152.241.196 - - [02/Sep/2023:10:45:20 +0800] "GET /xingrg/javascript/easyui/themes/default/validatebox.css HTTP/1.1" 404 1104
180.152.241.196 - - [02/Sep/2023:10:45:20 +0800] "GET /xingrg/all/common/auto_word.html?type=employee&rest_code=00102 HTTP/1.1" 200 189
180.152.241.196 - - [02/Sep/2023:10:45:20 +0800] "GET /xingrg/all/common/auto_word.html?type=employee&rest_code=00102 HTTP/1.1" 200 189
180.169.147.146 - - [02/Sep/2023:10:45:21 +0800] "GET /xingrg/kc/pszx/mdps_order_info.html?code=312022110100014&sysBaseUrl=http%3A%2F%2F180.169.147.146%3A18081%2Fxingrg%2F&costTime=3×tamp=1693622720510 HTTP/1.1" 200 19638
180.169.147.146 - - [02/Sep/2023:10:45:21 +0800] "GET /favicon.ico HTTP/1.1" 404 -
180.169.147.146 - - [02/Sep/2023:10:45:21 +0800] "GET /xingrg/javascript/easyui/themes/default/validatebox.css HTTP/1.1" 404 1104
180.169.147.146 - - [02/Sep/2023:10:45:21 +0800] "POST /xingrg/kc/pszx/mdps_order_operate.html HTTP/1.1" 200 525
180.169.147.146 - - [02/Sep/2023:10:45:22 +0800] "GET /xingrg/check_reg.html?_=1693622722587 HTTP/1.1" 200 22
180.152.241.196 - - [02/Sep/2023:10:45:22 +0800] "POST /xingrg/kc/buy/cgsh_order_operate.html HTTP/1.1" 200 8212
222.70.180.200 - - [02/Sep/2023:10:45:23 +0800] "GET /xingrg/kc/buy/cgsh_order_operate.html?command=get_materiel&rest_code=00111&code=00102025024&supplier_code=00100042&order_time=2023-09-02 HTTP/1.1" 200 412
101.228.187.155 - - [02/Sep/2023:10:45:24 +0800] "GET /xingrg/all/function/internal_message.html?_=1693622723197&CODE_STATE=getMsg HTTP/1.1" 200 27
180.169.147.146 - - [02/Sep/2023:10:45:26 +0800] "GET /xingrg/all/function/internal_message.html?_=1693622726668&CODE_STATE=getMsg HTTP/1.1" 200 27
180.169.147.146 - - [02/Sep/2023:10:45:27 +0800] "GET /xingrg/kc/guide/show_order.html?code=312022090100001&type=31 HTTP/1.1" 302 -
180.169.147.146 - - [02/Sep/2023:10:45:28 +0800] "GET /xingrg/kc/pszx/mdps_order_info.html?code=312022090100001&sysBaseUrl=http%3A%2F%2F180.169.147.146%3A18081%2Fxingrg%2F&costTime=0×tamp=1693622727679 HTTP/1.1" 200 19638
180.169.147.146 - - [02/Sep/2023:10:45:28 +0800] "GET /favicon.ico HTTP/1.1" 404 -
180.169.147.146 - - [02/Sep/2023:10:45:28 +0800] "GET /xingrg/javascript/easyui/themes/default/validatebox.css HTTP/1.1" 404 1104
180.169.147.146 - - [02/Sep/2023:10:45:28 +0800] "POST /xingrg/kc/pszx/mdps_order_operate.html HTTP/1.1" 200 526
180.152.241.196 - - [02/Sep/2023:10:45:29 +0800] "POST /xingrg/kc/buy/cgsh_list_operate.html HTTP/1.1" 200 6062
101.83.241.137 - - [02/Sep/2023:10:45:30 +0800] "GET /xingrg/all/function/internal_message.html?_=1693622872808&CODE_STATE=getMsg HTTP/1.1" 200 27
180.169.147.146 - - [02/Sep/2023:10:45:34 +0800] "GET /xingrg/all/function/internal_message.html?_=1693622733687&CODE_STATE=getMsg HTTP/1.1" 200 27
180.169.147.146 - - [02/Sep/2023:10:45:34 +0800] "GET /xingrg/check_reg.html?_=1693622733690 HTTP/1.1" 200 22
180.152.241.196 - - [02/Sep/2023:10:45:35 +0800] "GET /xingrg/all/function/internal_message.html?_=1693622735780&CODE_STATE=getMsg HTTP/1.1" 200 27
172.20.0.100 - - [02/Sep/2023:10:45:36 +0800] "GET /xingrg/all/function/internal_message.html?_=1693622736064&CODE_STATE=getMsg HTTP/1.1" 200 27
180.152.241.196 - - [02/Sep/2023:10:45:38 +0800] "POST /xingrg/kc/buy/cgsh_list_operate.html HTTP/1.1" 200 10524
180.163.30.100 - - [02/Sep/2023:10:45:39 +0800] "GET /xingrg/servlets/image?cache=0.20595563565353048&image=px HTTP/1.1" 200 807
180.152.241.196 - - [02/Sep/2023:10:45:41 +0800] "POST /xingrg/kc/buy/cgsh_list_operate.html HTTP/1.1" 200 274
124.78.155.92 - - [02/Sep/2023:10:45:43 +0800] "GET /xingrg/all/function/internal_message.html?_=1693622743879&CODE_STATE=getMsg HTTP/1.1" 200 27
180.152.241.196 - - [02/Sep/2023:10:45:44 +0800] "POST /xingrg/kc/buy/cgsh_list_operate.html HTTP/1.1" 200 272
101.83.241.234 - - [02/Sep/2023:10:45:48 +0800] "GET /xingrg/all/function/internal_message.html?_=1693622747132&CODE_STATE=getMsg HTTP/1.1" 200 27
180.152.241.196 - - [02/Sep/2023:10:45:50 +0800] "POST /xingrg/kc/buy/cgsh_list_operate.html HTTP/1.1" 200 4317
180.174.205.229 - - [02/Sep/2023:10:45:52 +0800] "GET /xingrg/all/function/internal_message.html?_=1693622751889&CODE_STATE=getMsg HTTP/1.1" 200 27
180.152.241.196 - - [02/Sep/2023:10:45:52 +0800] "POST /xingrg/kc/buy/cgsh_list_operate.html HTTP/1.1" 200 271
222.70.180.200 - - [02/Sep/2023:10:45:53 +0800] "GET /xingrg/all/function/internal_message.html?_=1693622831824&CODE_STATE=getMsg HTTP/1.1" 200 27
180.162.114.7 - - [02/Sep/2023:10:45:54 +0800] "GET /xingrg/check_reg.html?_=1693621432855 HTTP/1.1" 200 22
180.162.114.7 - - [02/Sep/2023:10:45:54 +0800] "GET /xingrg/all/function/internal_message.html?_=1693621432853&CODE_STATE=getMsg HTTP/1.1" 200 27
180.152.241.196 - - [02/Sep/2023:10:45:54 +0800] "GET /xingrg/all/function/internal_message.html?_=1693622773819&CODE_STATE=getMsg HTTP/1.1" 200 27
124.79.247.70 - - [02/Sep/2023:10:45:55 +0800] "GET /xingrg/all/function/internal_message.html?_=1693623050612&CODE_STATE=getMsg HTTP/1.1" 200 27
180.152.241.196 - - [02/Sep/2023:10:45:56 +0800] "GET /xingrg/kc/buy/cgsh_order_info.html?code=212023080501751 HTTP/1.1" 200 67375
180.152.241.196 - - [02/Sep/2023:10:45:56 +0800] "GET /xingrg/javascript/easyui/themes/default/validatebox.css HTTP/1.1" 404 1104
180.152.241.196 - - [02/Sep/2023:10:45:57 +0800] "POST /xingrg/kc/buy/cgsh_order_operate.html HTTP/1.1" 200 1198
180.174.205.229 - - [02/Sep/2023:10:46:01 +0800] "GET /xingrg/check_reg.html?_=1693622761137 HTTP/1.1" 200 22
180.169.147.146 - - [02/Sep/2023:10:46:02 +0800] "GET /xingrg/kc/guide/show_order.html?code=312022090100001&type=31 HTTP/1.1" 302 -
114.95.241.104 - - [02/Sep/2023:10:46:03 +0800] "GET /xingrg/all/function/internal_message.html?_=1693622658769&CODE_STATE=getMsg HTTP/1.1" 200 27
180.169.147.146 - - [02/Sep/2023:10:46:03 +0800] "GET /xingrg/kc/pszx/mdps_order_info.html?code=312022090100001&sysBaseUrl=http%3A%2F%2F180.169.147.146%3A18081%2Fxingrg%2F&costTime=0×tamp=1693622762718 HTTP/1.1" 200 19638
180.169.147.146 - - [02/Sep/2023:10:46:04 +0800] "GET /favicon.ico HTTP/1.1" 404 -
116.232.195.127 - - [02/Sep/2023:10:46:04 +0800] "GET /xingrg/all/function/internal_message.html?_=1693622663601&CODE_STATE=getMsg HTTP/1.1" 200 27
180.169.147.146 - - [02/Sep/2023:10:46:04 +0800] "GET /xingrg/javascript/easyui/themes/default/validatebox.css HTTP/1.1" 404 1104
180.169.147.146 - - [02/Sep/2023:10:46:04 +0800] "POST /xingrg/kc/pszx/mdps_order_operate.html HTTP/1.1" 200 526
120.253.135.82 - - [02/Sep/2023:10:46:04 +0800] "GET /xingrg/all/function/internal_message.html?_=1693622570834&CODE_STATE=getMsg HTTP/1.1" 200 27
58.40.7.146 - - [02/Sep/2023:10:46:05 +0800] "GET /xingrg/check_reg.html?_=1693622765235 HTTP/1.1" 200 22
58.40.7.146 - - [02/Sep/2023:10:46:05 +0800] "GET /xingrg/all/function/internal_message.html?_=1693622765234&CODE_STATE=getMsg HTTP/1.1" 200 27
124.78.155.92 - - [02/Sep/2023:10:46:08 +0800] "GET /xingrg/all/function/internal_message.html?_=1693622784521&CODE_STATE=getMsg HTTP/1.1" 200 27
222.70.180.200 - - [02/Sep/2023:10:46:09 +0800] "GET /xingrg/all/function/internal_message.html?_=1693622769183&CODE_STATE=getMsg HTTP/1.1" 200 27
180.152.241.196 - - [02/Sep/2023:10:46:10 +0800] "GET /xingrg/all/function/internal_message.html?_=1693622775413&CODE_STATE=getMsg HTTP/1.1" 200 27
180.152.241.196 - - [02/Sep/2023:10:46:10 +0800] "POST /xingrg/kc/buy/cgsh_order_operate.html HTTP/1.1" 200 12
180.152.241.196 - - [02/Sep/2023:10:46:12 +0800] "GET /xingrg/kc/buy/cgsh_order_info.html?code=212023080501751 HTTP/1.1" 200 72218
180.152.241.196 - - [02/Sep/2023:10:46:12 +0800] "GET /xingrg/javascript/easyui/themes/default/validatebox.css HTTP/1.1" 404 1104
101.83.145.37 - - [02/Sep/2023:10:46:12 +0800] "GET /xingrg/all/function/internal_message.html?_=1693622566667&CODE_STATE=getMsg HTTP/1.1" 200 27
180.152.241.196 - - [02/Sep/2023:10:46:14 +0800] "POST /xingrg/kc/buy/cgsh_order_operate.html HTTP/1.1" 200 3248
180.165.48.189 - - [02/Sep/2023:10:46:15 +0800] "GET /xingrg/check_reg.html?_=1693622774989 HTTP/1.1" 200 22
180.165.48.189 - - [02/Sep/2023:10:46:15 +0800] "GET /xingrg/all/function/internal_message.html?_=1693622774987&CODE_STATE=getMsg HTTP/1.1" 200 27
58.39.110.121 - - [02/Sep/2023:10:46:17 +0800] "GET /xingrg/all/function/internal_message.html?_=1693622777031&CODE_STATE=getMsg HTTP/1.1" 200 27
180.152.241.196 - - [02/Sep/2023:10:46:18 +0800] "POST /xingrg/kc/buy/cgsh_list_operate.html HTTP/1.1" 200 3865
101.83.145.37 - - [02/Sep/2023:10:46:19 +0800] "GET /xingrg/all/function/internal_message.html?_=1693622780129&CODE_STATE=getMsg HTTP/1.1" 200 27
180.163.30.76 - - [02/Sep/2023:10:46:20 +0800] "GET /xingrg/kc/guide/show_order.html?code=312022110100014&type=31 HTTP/1.1" 302 -
222.67.237.86 - - [02/Sep/2023:10:46:20 +0800] "GET /xingrg/all/function/internal_message.html?_=1693622221555&CODE_STATE=getMsg HTTP/1.1" 200 27
180.163.30.76 - - [02/Sep/2023:10:46:20 +0800] "GET /xingrg/login.html HTTP/1.1" 200 7641
101.228.187.155 - - [02/Sep/2023:10:46:24 +0800] "GET /xingrg/all/function/internal_message.html?_=1693622783197&CODE_STATE=getMsg HTTP/1.1" 200 27
180.152.241.196 - - [02/Sep/2023:10:46:25 +0800] "GET /xingrg/kc/base/wldb_order_list.html HTTP/1.1" 200 19174
180.169.147.146 - - [02/Sep/2023:10:46:26 +0800] "GET /xingrg/check_reg.html?_=1693622786668 HTTP/1.1" 200 22
180.169.147.146 - - [02/Sep/2023:10:46:26 +0800] "GET /xingrg/all/function/internal_message.html?_=1693622786672&CODE_STATE=getMsg HTTP/1.1" 200 27
180.152.241.196 - - [02/Sep/2023:10:46:26 +0800] "POST /xingrg/kc/base/wldb_list_operate.html HTTP/1.1" 200 928
180.152.241.196 - - [02/Sep/2023:10:46:28 +0800] "GET /xingrg/kc/base/wldb_order_add.html HTTP/1.1" 200 30453
180.152.241.196 - - [02/Sep/2023:10:46:28 +0800] "GET /xingrg/words/20230902100927_words.js HTTP/1.1" 200 985363
180.152.241.196 - - [02/Sep/2023:10:46:28 +0800] "POST /xingrg/kc/base/wldb_order_operate.html HTTP/1.1" 200 6806
180.152.241.196 - - [02/Sep/2023:10:46:28 +0800] "GET /xingrg/all/common/auto_word.html?type=base&rest_code=00102 HTTP/1.1" 200 1857
180.152.241.196 - - [02/Sep/2023:10:46:28 +0800] "GET /xingrg/javascript/easyui/themes/default/validatebox.css HTTP/1.1" 404 1104
180.152.241.196 - - [02/Sep/2023:10:46:28 +0800] "GET /xingrg/all/common/auto_word.html?type=base&rest_code=00102 HTTP/1.1" 200 1857
180.152.241.196 - - [02/Sep/2023:10:46:28 +0800] "POST /xingrg/kc/buy/cgsh_list_operate.html HTTP/1.1" 200 10529
180.152.241.196 - - [02/Sep/2023:10:46:29 +0800] "POST /xingrg/all/common/load_combo.html?type=base HTTP/1.1" 200 3321
101.83.241.137 - - [02/Sep/2023:10:46:30 +0800] "GET /xingrg/all/function/internal_message.html?_=1693622932794&CODE_STATE=getMsg HTTP/1.1" 200 27
180.152.241.196 - - [02/Sep/2023:10:46:31 +0800] "POST /xingrg/all/common/load_combo.html?type=base HTTP/1.1" 200 3321
180.169.147.146 - - [02/Sep/2023:10:46:34 +0800] "GET /xingrg/all/function/internal_message.html?_=1693622793689&CODE_STATE=getMsg HTTP/1.1" 200 27
180.152.241.196 - - [02/Sep/2023:10:46:35 +0800] "GET /xingrg/all/function/internal_message.html?_=1693622795752&CODE_STATE=getMsg HTTP/1.1" 200 27
172.20.0.100 - - [02/Sep/2023:10:46:36 +0800] "GET /xingrg/all/function/internal_message.html?_=1693622796068&CODE_STATE=getMsg HTTP/1.1" 200 27
180.152.241.196 - - [02/Sep/2023:10:46:38 +0800] "POST /xingrg/kc/buy/cgsh_list_operate.html HTTP/1.1" 200 7470
180.152.241.196 - - [02/Sep/2023:10:46:41 +0800] "POST /xingrg/kc/buy/cgsh_list_operate.html HTTP/1.1" 200 494
124.78.155.92 - - [02/Sep/2023:10:46:43 +0800] "GET /xingrg/all/function/internal_message.html?_=1693622803878&CODE_STATE=getMsg HTTP/1.1" 200 27
180.152.241.196 - - [02/Sep/2023:10:46:45 +0800] "POST /xingrg/kc/buy/cgsh_list_operate.html HTTP/1.1" 200 203
114.95.241.104 - - [02/Sep/2023:10:46:46 +0800] "GET /xingrg/check_reg.html?_=1693622701169 HTTP/1.1" 200 22
101.83.241.234 - - [02/Sep/2023:10:46:48 +0800] "GET /xingrg/all/function/internal_message.html?_=1693622807134&CODE_STATE=getMsg HTTP/1.1" 200 27
124.78.155.92 - - [02/Sep/2023:10:46:49 +0800] "POST /xingrg/dwr/call/plaincall/AjaxReportQueryService.refreshCache.dwr HTTP/1.1" 200 78
124.78.155.92 - - [02/Sep/2023:10:46:50 +0800] "POST /xingrg/all/report/load_report_page.html HTTP/1.1" 200 59050
124.78.155.92 - - [02/Sep/2023:10:46:50 +0800] "GET /xingrg/servlets/image?cache=0.7661197136303236&image=px HTTP/1.1" 200 807
180.174.205.229 - - [02/Sep/2023:10:46:52 +0800] "GET /xingrg/all/function/internal_message.html?_=1693622811873&CODE_STATE=getMsg HTTP/1.1" 200 27
218.81.220.60 - - [02/Sep/2023:10:46:52 +0800] "GET /xingrg/kc/base/wldb_order_info.html?code=422023090200133 HTTP/1.1" 200 26341
218.81.220.60 - - [02/Sep/2023:10:46:52 +0800] "GET /xingrg/css/base.css HTTP/1.1" 304 -
218.81.220.60 - - [02/Sep/2023:10:46:52 +0800] "GET /xingrg/css/site.css HTTP/1.1" 304 -
218.81.220.60 - - [02/Sep/2023:10:46:52 +0800] "GET /xingrg/javascript/easyui/themes/default/easyui.css HTTP/1.1" 304 -
218.81.220.60 - - [02/Sep/2023:10:46:52 +0800] "GET /xingrg/javascript/jquery_tools/datebox.css HTTP/1.1" 304 -
218.81.220.60 - - [02/Sep/2023:10:46:52 +0800] "GET /xingrg/javascript/easyui/themes/icon.css HTTP/1.1" 304 -
218.81.220.60 - - [02/Sep/2023:10:46:52 +0800] "GET /xingrg/javascript/jquery_tools/jquery.tools.min.js HTTP/1.1" 304 -
218.81.220.60 - - [02/Sep/2023:10:46:52 +0800] "GET /xingrg/javascript/auto/jquery.autocomplete.css HTTP/1.1" 304 -
218.81.220.60 - - [02/Sep/2023:10:46:52 +0800] "GET /xingrg/javascript/jquery_tools/table.css HTTP/1.1" 304 -
218.81.220.60 - - [02/Sep/2023:10:46:52 +0800] "GET /xingrg/javascript/jquery_tools/fix.css HTTP/1.1" 304 -
218.81.220.60 - - [02/Sep/2023:10:46:52 +0800] "GET /xingrg/javascript/jquery_tools/jquery.tools.hotkey.js HTTP/1.1" 304 -
218.81.220.60 - - [02/Sep/2023:10:46:52 +0800] "GET /xingrg/javascript/easyui/easyloader.js HTTP/1.1" 304 -
218.81.220.60 - - [02/Sep/2023:10:46:52 +0800] "GET /xingrg/javascript/jquery_tools/jquery.tools.table.js HTTP/1.1" 304 -
218.81.220.60 - - [02/Sep/2023:10:46:52 +0800] "GET /xingrg/javascript/jquery.utils.js HTTP/1.1" 304 -
218.81.220.60 - - [02/Sep/2023:10:46:52 +0800] "GET /xingrg/javascript/jquery_tools/order_manager.js HTTP/1.1" 304 -
218.81.220.60 - - [02/Sep/2023:10:46:52 +0800] "GET /xingrg/javascript/auto/jquery.autocomplete.js HTTP/1.1" 304 -
218.81.220.60 - - [02/Sep/2023:10:46:52 +0800] "GET /xingrg/javascript/pic_change.js HTTP/1.1" 304 -
218.81.220.60 - - [02/Sep/2023:10:46:52 +0800] "GET /xingrg/javascript/convert.js HTTP/1.1" 304 -
218.81.220.60 - - [02/Sep/2023:10:46:52 +0800] "GET /xingrg/javascript/jquery_tools/jquery.tools.extend.js HTTP/1.1" 304 -
218.81.220.60 - - [02/Sep/2023:10:46:52 +0800] "GET /xingrg/javascript/print/kc_print.js HTTP/1.1" 304 -
218.81.220.60 - - [02/Sep/2023:10:46:52 +0800] "GET /xingrg/javascript/json2.js HTTP/1.1" 304 -
218.81.220.60 - - [02/Sep/2023:10:46:52 +0800] "GET /xingrg/javascript/print/LodopFuncs.js HTTP/1.1" 304 -
218.81.220.60 - - [02/Sep/2023:10:46:52 +0800] "GET /xingrg/words/20230902100927_words.js HTTP/1.1" 200 985363
218.81.220.60 - - [02/Sep/2023:10:46:52 +0800] "GET /xingrg/javascript/easyui/plugins/jquery.parser.js HTTP/1.1" 304 -
218.81.220.60 - - [02/Sep/2023:10:46:53 +0800] "GET /xingrg/javascript/easyui/themes/default/validatebox.css HTTP/1.1" 404 1104
218.81.220.60 - - [02/Sep/2023:10:46:53 +0800] "GET /xingrg/javascript/easyui/plugins/jquery.validatebox.js HTTP/1.1" 304 -
218.81.220.60 - - [02/Sep/2023:10:46:53 +0800] "GET /xingrg/all/function/internal_message.html?_=1693622834775&CODE_STATE=getMsg HTTP/1.1" 200 27
218.81.220.60 - - [02/Sep/2023:10:46:53 +0800] "GET /xingrg/javascript/easyui/plugins/jquery.numberbox.js HTTP/1.1" 304 -
218.81.220.60 - - [02/Sep/2023:10:46:53 +0800] "GET /xingrg/check_reg.html?_=1693622834776 HTTP/1.1" 200 22
218.81.220.60 - - [02/Sep/2023:10:46:53 +0800] "POST /xingrg/kc/base/wldb_order_operate.html HTTP/1.1" 200 1434
101.83.145.37 - - [02/Sep/2023:10:46:53 +0800] "GET /xingrg/kc/base/base_main.html HTTP/1.1" 200 12142
222.70.180.200 - - [02/Sep/2023:10:46:53 +0800] "GET /xingrg/all/function/internal_message.html?_=1693622891813&CODE_STATE=getMsg HTTP/1.1" 200 27
180.162.114.7 - - [02/Sep/2023:10:46:54 +0800] "GET /xingrg/all/function/internal_message.html?_=1693621492846&CODE_STATE=getMsg HTTP/1.1" 200 27
180.152.241.196 - - [02/Sep/2023:10:46:54 +0800] "GET /xingrg/check_reg.html?_=1693622833683 HTTP/1.1" 200 22
180.152.241.196 - - [02/Sep/2023:10:46:54 +0800] "GET /xingrg/all/function/internal_message.html?_=1693622833813&CODE_STATE=getMsg HTTP/1.1" 200 27
101.83.145.37 - - [02/Sep/2023:10:46:55 +0800] "GET /xingrg/kc/base/wldb_order_list.html HTTP/1.1" 200 19174
180.169.147.146 - - [02/Sep/2023:10:46:55 +0800] "GET /xingrg/check_reg.html?_=1693622816428 HTTP/1.1" 302 -
124.79.247.70 - - [02/Sep/2023:10:46:55 +0800] "GET /xingrg/all/function/internal_message.html?_=1693623110612&CODE_STATE=getMsg HTTP/1.1" 200 27
101.83.145.37 - - [02/Sep/2023:10:46:56 +0800] "POST /xingrg/kc/base/wldb_list_operate.html HTTP/1.1" 200 2560
180.152.241.196 - - [02/Sep/2023:10:46:59 +0800] "POST /xingrg/kc/buy/cgsh_list_operate.html HTTP/1.1" 200 4
114.95.241.104 - - [02/Sep/2023:10:47:03 +0800] "GET /xingrg/all/function/internal_message.html?_=1693622718781&CODE_STATE=getMsg HTTP/1.1" 200 27
116.232.195.127 - - [02/Sep/2023:10:47:04 +0800] "GET /xingrg/all/function/internal_message.html?_=1693622723586&CODE_STATE=getMsg HTTP/1.1" 200 27
120.253.135.82 - - [02/Sep/2023:10:47:04 +0800] "GET /xingrg/check_reg.html?_=1693622630456 HTTP/1.1" 200 22
120.253.135.82 - - [02/Sep/2023:10:47:04 +0800] "GET /xingrg/all/function/internal_message.html?_=1693622630848&CODE_STATE=getMsg HTTP/1.1" 200 27
58.40.7.146 - - [02/Sep/2023:10:47:05 +0800] "GET /xingrg/all/function/internal_message.html?_=1693622825237&CODE_STATE=getMsg HTTP/1.1" 200 27
180.152.241.196 - - [02/Sep/2023:10:47:05 +0800] "GET /xingrg/kc/buy/cgsh_order_list.html HTTP/1.1" 200 56637
218.81.220.60 - - [02/Sep/2023:10:47:06 +0800] "GET /xingrg/kc/base/wldb_order_add.html HTTP/1.1" 200 30463
218.81.220.60 - - [02/Sep/2023:10:47:06 +0800] "POST /xingrg/kc/base/wldb_order_operate.html HTTP/1.1" 200 6806
218.81.220.60 - - [02/Sep/2023:10:47:06 +0800] "GET /xingrg/javascript/easyui/themes/default/validatebox.css HTTP/1.1" 404 1104
124.78.155.92 - - [02/Sep/2023:10:47:08 +0800] "GET /xingrg/all/function/internal_message.html?_=1693622844522&CODE_STATE=getMsg HTTP/1.1" 200 27
222.70.180.200 - - [02/Sep/2023:10:47:09 +0800] "GET /xingrg/all/function/internal_message.html?_=1693622829164&CODE_STATE=getMsg HTTP/1.1" 200 27
180.152.241.196 - - [02/Sep/2023:10:47:09 +0800] "POST /xingrg/kc/buy/cgsh_list_operate.html HTTP/1.1" 200 8212
180.152.241.196 - - [02/Sep/2023:10:47:09 +0800] "GET /xingrg/kc/buy/cgsh_order_add.html HTTP/1.1" 200 72205
180.152.241.196 - - [02/Sep/2023:10:47:10 +0800] "GET /xingrg/all/function/internal_message.html?_=1693622835421&CODE_STATE=getMsg HTTP/1.1" 200 27
180.152.241.196 - - [02/Sep/2023:10:47:10 +0800] "POST /xingrg/kc/buy/cgsh_order_operate.html HTTP/1.1" 200 8245
180.152.241.196 - - [02/Sep/2023:10:47:10 +0800] "GET /xingrg/javascript/easyui/themes/default/validatebox.css HTTP/1.1" 404 1104
180.152.241.196 - - [02/Sep/2023:10:47:11 +0800] "GET /xingrg/javascript/auto/indicator.gif HTTP/1.1" 404 1066
101.83.145.37 - - [02/Sep/2023:10:47:12 +0800] "GET /xingrg/all/function/internal_message.html?_=1693622626647&CODE_STATE=getMsg HTTP/1.1" 200 27
222.70.180.200 - - [02/Sep/2023:10:47:14 +0800] "GET /xingrg/kc/buy/cgsh_order_operate.html?command=get_materiel&rest_code=00111&code=00101010161&supplier_code=00100042&order_time=2023-09-02 HTTP/1.1" 200 409
180.165.48.189 - - [02/Sep/2023:10:47:15 +0800] "GET /xingrg/all/function/internal_message.html?_=1693622834992&CODE_STATE=getMsg HTTP/1.1" 200 27
180.152.241.196 - - [02/Sep/2023:10:47:16 +0800] "POST /xingrg/kc/buy/cgsh_list_operate.html HTTP/1.1" 200 2712
58.39.110.121 - - [02/Sep/2023:10:47:17 +0800] "GET /xingrg/check_reg.html?_=1693622837029 HTTP/1.1" 200 22
58.39.110.121 - - [02/Sep/2023:10:47:17 +0800] "GET /xingrg/all/function/internal_message.html?_=1693622837031&CODE_STATE=getMsg HTTP/1.1" 200 27
101.80.225.121 - - [02/Sep/2023:10:47:18 +0800] "POST /xingrg/services/DataTransmitService HTTP/1.1" 401 565
101.80.225.121 - - [02/Sep/2023:10:47:18 +0800] "POST /xingrg/services/DataTransmitService HTTP/1.1" 200 478
101.80.225.121 - - [02/Sep/2023:10:47:18 +0800] "POST /xingrg/services/DataTransmitService HTTP/1.1" 200 1319
101.80.225.121 - - [02/Sep/2023:10:47:18 +0800] "POST /xingrg/services/DataTransmitService HTTP/1.1" 200 478
101.80.225.121 - - [02/Sep/2023:10:47:18 +0800] "POST /xingrg/services/DataTransmitService HTTP/1.1" 200 1319
101.80.225.121 - - [02/Sep/2023:10:47:18 +0800] "POST /xingrg/services/DataTransmitService HTTP/1.1" 200 524
101.83.145.37 - - [02/Sep/2023:10:47:19 +0800] "GET /xingrg/all/function/internal_message.html?_=1693622840107&CODE_STATE=getMsg HTTP/1.1" 200 27
101.83.241.137 - - [02/Sep/2023:10:47:19 +0800] "GET /xingrg/check_reg.html?_=1693622982151 HTTP/1.1" 200 22
101.80.225.121 - - [02/Sep/2023:10:47:19 +0800] "POST /xingrg/services/DataTransmitService HTTP/1.1" 200 2055
101.80.225.121 - - [02/Sep/2023:10:47:19 +0800] "POST /xingrg/services/DataTransmitService HTTP/1.1" 200 45454
101.83.145.37 - - [02/Sep/2023:10:47:20 +0800] "GET /xingrg/check_reg.html?_=1693622840937 HTTP/1.1" 200 22
101.80.225.121 - - [02/Sep/2023:10:47:20 +0800] "POST /xingrg/services/DataTransmitService HTTP/1.1" 200 19237
222.67.237.86 - - [02/Sep/2023:10:47:20 +0800] "GET /xingrg/all/function/internal_message.html?_=1693622281558&CODE_STATE=getMsg HTTP/1.1" 200 27
124.79.247.70 - - [02/Sep/2023:10:47:21 +0800] "POST /xingrg/dwr/call/plaincall/AjaxCheckService.setItemNumber.dwr HTTP/1.1" 200 77
101.228.187.155 - - [02/Sep/2023:10:47:24 +0800] "GET /xingrg/all/function/internal_message.html?_=1693622843197&CODE_STATE=getMsg HTTP/1.1" 200 27
124.79.247.70 - - [02/Sep/2023:10:47:26 +0800] "POST /xingrg/dwr/call/plaincall/AjaxCheckService.setItemNumber.dwr HTTP/1.1" 200 77
218.81.220.60 - - [02/Sep/2023:10:47:26 +0800] "GET /xingrg/kc/base/wldb_order_operate.html?command=get_materiel&rest_code=00146&base_code=0010064&code=00102002118 HTTP/1.1" 200 466
180.169.147.146 - - [02/Sep/2023:10:47:26 +0800] "GET /xingrg/all/function/internal_message.html?_=1693622846668&CODE_STATE=getMsg HTTP/1.1" 200 27
101.83.241.137 - - [02/Sep/2023:10:47:29 +0800] "GET /xingrg/all/function/internal_message.html?_=1693622992784&CODE_STATE=getMsg HTTP/1.1" 200 27
180.169.147.146 - - [02/Sep/2023:10:47:34 +0800] "GET /xingrg/all/function/internal_message.html?_=1693622853689&CODE_STATE=getMsg HTTP/1.1" 200 27
180.152.241.196 - - [02/Sep/2023:10:47:34 +0800] "GET /xingrg/kc/buy/cgsh_order_operate.html?command=get_materiel&rest_code=00102&code=00101008323&supplier_code=00100008&order_time=2023-09-02 HTTP/1.1" 200 408
180.152.241.196 - - [02/Sep/2023:10:47:35 +0800] "GET /xingrg/all/function/internal_message.html?_=1693622855771&CODE_STATE=getMsg HTTP/1.1" 200 27
180.152.241.196 - - [02/Sep/2023:10:47:35 +0800] "GET /xingrg/check_reg.html?_=1693622855775 HTTP/1.1" 200 22
124.78.155.92 - - [02/Sep/2023:10:47:35 +0800] "GET /xingrg/all/report/report_query.html?fileName=dma/new_5.0/yingye/order_list.xml HTTP/1.1" 200 55281
124.78.155.92 - - [02/Sep/2023:10:47:35 +0800] "GET /xingrg/dwr/interface/AjaxReportQueryService.js HTTP/1.1" 200 13203
124.78.155.92 - - [02/Sep/2023:10:47:35 +0800] "GET /xingrg/dwr/engine.js HTTP/1.1" 200 43631
124.78.155.92 - - [02/Sep/2023:10:47:35 +0800] "POST /xingrg/dwr/call/plaincall/AjaxReportQueryService.getFixDate.dwr HTTP/1.1" 200 111
124.78.155.92 - - [02/Sep/2023:10:47:36 +0800] "POST /xingrg/all/common/load_tree.html?tree=area_station_tree_json&manage=1 HTTP/1.1" 200 3393
124.78.155.92 - - [02/Sep/2023:10:47:36 +0800] "POST /xingrg/dwr/call/plaincall/AjaxReportQueryService.getInitString.dwr HTTP/1.1" 200 76
172.20.0.100 - - [02/Sep/2023:10:47:36 +0800] "GET /xingrg/all/function/internal_message.html?_=1693622856069&CODE_STATE=getMsg HTTP/1.1" 200 27
180.169.147.146 - - [02/Sep/2023:10:47:37 +0800] "GET /xingrg/kc/report/report_main.html HTTP/1.1" 200 8599
180.169.147.146 - - [02/Sep/2023:10:47:41 +0800] "POST /xingrg/load_menu.html HTTP/1.1" 200 10797
124.78.155.92 - - [02/Sep/2023:10:47:42 +0800] "POST /xingrg/dwr/call/plaincall/AjaxReportQueryService.getFixDate.dwr HTTP/1.1" 200 111
180.169.147.146 - - [02/Sep/2023:10:47:42 +0800] "GET /xingrg/all/report/report_query.html?fileName=dma/new_5.0/menu/menu_hz_all.xml HTTP/1.1" 200 51795
180.169.147.146 - - [02/Sep/2023:10:47:42 +0800] "GET /xingrg/dwr/interface/AjaxReportQueryService.js HTTP/1.1" 200 13203
180.169.147.146 - - [02/Sep/2023:10:47:42 +0800] "GET /xingrg/dwr/engine.js HTTP/1.1" 200 43631
180.169.147.146 - - [02/Sep/2023:10:47:42 +0800] "POST /xingrg/dwr/call/plaincall/AjaxReportQueryService.getFixDate.dwr HTTP/1.1" 200 111
124.78.155.92 - - [02/Sep/2023:10:47:43 +0800] "GET /xingrg/all/function/internal_message.html?_=1693622863877&CODE_STATE=getMsg HTTP/1.1" 200 27
124.79.247.70 - - [02/Sep/2023:10:47:43 +0800] "POST /xingrg/dwr/call/plaincall/AjaxCheckService.setItemNumber.dwr HTTP/1.1" 200 77
180.169.147.146 - - [02/Sep/2023:10:47:43 +0800] "POST /xingrg/all/common/load_tree.html?tree=area_station_tree_json&manage=1 HTTP/1.1" 200 3393
180.169.147.146 - - [02/Sep/2023:10:47:45 +0800] "POST /xingrg/dwr/call/plaincall/AjaxReportQueryService.getFixDate.dwr HTTP/1.1" 200 111
124.78.155.92 - - [02/Sep/2023:10:47:46 +0800] "POST /xingrg/dwr/call/plaincall/AjaxReportQueryService.queryInitializeString.dwr HTTP/1.1" 200 365
124.79.247.70 - - [02/Sep/2023:10:47:46 +0800] "POST /xingrg/dwr/call/plaincall/AjaxCheckService.setItemNumber.dwr HTTP/1.1" 200 77
124.78.155.92 - - [02/Sep/2023:10:47:46 +0800] "POST /xingrg/dwr/call/plaincall/AjaxReportQueryService.refreshCache.dwr HTTP/1.1" 200 78
180.152.241.196 - - [02/Sep/2023:10:47:47 +0800] "GET /xingrg/kc/buy/cgsh_order_operate.html?command=get_materiel&rest_code=00102&code=00101008176&supplier_code=00100008&order_time=2023-09-02 HTTP/1.1" 200 413
101.83.241.234 - - [02/Sep/2023:10:47:48 +0800] "GET /xingrg/all/function/internal_message.html?_=1693622867138&CODE_STATE=getMsg HTTP/1.1" 200 27
124.78.155.92 - - [02/Sep/2023:10:47:49 +0800] "POST /xingrg/all/report/load_report_page.html HTTP/1.1" 200 214713
124.78.155.92 - - [02/Sep/2023:10:47:49 +0800] "GET /xingrg/servlets/image?cache=0.3795482255947247&image=px HTTP/1.1" 200 807
124.78.155.92 - - [02/Sep/2023:10:47:51 +0800] "POST /xingrg/all/report/load_report_page.html HTTP/1.1" 200 147056
124.78.155.92 - - [02/Sep/2023:10:47:52 +0800] "GET /xingrg/servlets/image?cache=0.46094179378547184&image=px HTTP/1.1" 200 807
180.174.205.229 - - [02/Sep/2023:10:47:52 +0800] "GET /xingrg/all/function/internal_message.html?_=1693622871882&CODE_STATE=getMsg HTTP/1.1" 200 27
124.79.247.70 - - [02/Sep/2023:10:47:52 +0800] "POST /xingrg/dwr/call/plaincall/AjaxCheckService.setItemNumber.dwr HTTP/1.1" 200 77
180.152.241.196 - - [02/Sep/2023:10:47:52 +0800] "POST /xingrg/kc/buy/cgsh_list_operate.html HTTP/1.1" 200 4
218.81.220.60 - - [02/Sep/2023:10:47:53 +0800] "GET /xingrg/all/function/internal_message.html?_=1693622894785&CODE_STATE=getMsg HTTP/1.1" 200 27
222.70.180.200 - - [02/Sep/2023:10:47:53 +0800] "GET /xingrg/all/function/internal_message.html?_=1693622951798&CODE_STATE=getMsg HTTP/1.1" 200 27
180.162.114.7 - - [02/Sep/2023:10:47:54 +0800] "GET /xingrg/all/function/internal_message.html?_=1693621552845&CODE_STATE=getMsg HTTP/1.1" 200 27
180.152.241.196 - - [02/Sep/2023:10:47:54 +0800] "GET /xingrg/all/function/internal_message.html?_=1693622893831&CODE_STATE=getMsg HTTP/1.1" 200 27
124.79.247.70 - - [02/Sep/2023:10:47:54 +0800] "POST /xingrg/dwr/call/plaincall/AjaxCheckService.setItemNumber.dwr HTTP/1.1" 200 77
180.152.241.196 - - [02/Sep/2023:10:47:55 +0800] "GET /xingrg/kc/buy/cgsh_order_operate.html?command=get_materiel&rest_code=00102&code=00101008256&supplier_code=00100008&order_time=2023-09-02 HTTP/1.1" 200 413
124.79.247.70 - - [02/Sep/2023:10:47:55 +0800] "GET /xingrg/all/function/internal_message.html?_=1693623170616&CODE_STATE=getMsg HTTP/1.1" 200 27
120.242.27.196 - - [02/Sep/2023:10:47:56 +0800] "GET /xingrg HTTP/1.1" 302 -
120.242.27.196 - - [02/Sep/2023:10:47:56 +0800] "GET /xingrg/ HTTP/1.1" 200 292
120.242.27.196 - - [02/Sep/2023:10:47:57 +0800] "GET /xingrg/index.html HTTP/1.1" 302 -
180.169.147.146 - - [02/Sep/2023:10:47:57 +0800] "POST /xingrg/dwr/call/plaincall/AjaxReportQueryService.refreshCache.dwr HTTP/1.1" 200 78
120.242.27.196 - - [02/Sep/2023:10:47:57 +0800] "GET /xingrg/login.html HTTP/1.1" 200 2139
120.242.27.196 - - [02/Sep/2023:10:47:57 +0800] "GET /xingrg/javascript/mobile/jquery.mobile-1.3.2.min.css HTTP/1.1" 200 94670
120.242.27.196 - - [02/Sep/2023:10:47:57 +0800] "GET /xingrg/javascript/mobile/jquery-1.8.3.min.js HTTP/1.1" 200 93637
120.242.27.196 - - [02/Sep/2023:10:47:57 +0800] "GET /xingrg/javascript/mobile/jquery.mobile-1.3.2.min.js HTTP/1.1" 200 145396
120.242.27.196 - - [02/Sep/2023:10:47:57 +0800] "GET /xingrg/javascript/mobile/images/ajax-loader.gif HTTP/1.1" 200 7825
180.152.241.196 - - [02/Sep/2023:10:47:57 +0800] "GET /xingrg/kc/base/wldb_order_operate.html?command=get_materiel&rest_code=00102&base_code=0010476&code=00101019079 HTTP/1.1" 200 479
120.242.27.196 - - [02/Sep/2023:10:47:57 +0800] "GET /favicon.ico HTTP/1.1" 404 -
180.169.147.146 - - [02/Sep/2023:10:47:58 +0800] "POST /xingrg/all/report/load_report_page.html HTTP/1.1" 200 77656
180.169.147.146 - - [02/Sep/2023:10:47:58 +0800] "GET /xingrg/servlets/image?cache=0.6343016364256951&image=px HTTP/1.1" 200 807
180.152.241.196 - - [02/Sep/2023:10:47:59 +0800] "POST /xingrg/kc/buy/cgsh_list_operate.html HTTP/1.1" 200 986
120.242.27.196 - - [02/Sep/2023:10:48:00 +0800] "POST /xingrg/login.do HTTP/1.1" 302 -
120.242.27.196 - - [02/Sep/2023:10:48:00 +0800] "GET /xingrg/index_mobile.html?sysBaseUrl=http%3A%2F%2F180.169.147.146%3A18081%2Fxingrg%2F&costTime=901×tamp=1693622880787 HTTP/1.1" 200 3182
120.242.27.196 - - [02/Sep/2023:10:48:01 +0800] "GET /xingrg/javascript/convert.js HTTP/1.1" 200 1239
120.242.27.196 - - [02/Sep/2023:10:48:01 +0800] "GET /xingrg/javascript/mobile/mobile.css HTTP/1.1" 200 347
120.242.27.196 - - [02/Sep/2023:10:48:01 +0800] "GET /xingrg/javascript/mobile/mobiscroll/mobiscroll.custom-2.6.2.min.css HTTP/1.1" 200 38004
120.242.27.196 - - [02/Sep/2023:10:48:01 +0800] "GET /xingrg/javascript/mobile/mobiscroll/mobiscroll.custom-2.6.2.min.js HTTP/1.1" 200 43737
120.242.27.196 - - [02/Sep/2023:10:48:01 +0800] "GET /xingrg/javascript/mobile/images/album-k.jpg HTTP/1.1" 200 4120
120.242.27.196 - - [02/Sep/2023:10:48:01 +0800] "GET /xingrg/javascript/mobile/images/icons-36-white.png HTTP/1.1" 200 3861
120.242.27.196 - - [02/Sep/2023:10:48:02 +0800] "GET /xingrg/dma/mobile/column_pie.html?type=yyfx&title=%D3%AA%D2%B5%B7%D6%CE%F6 HTTP/1.1" 200 10245
120.242.27.196 - - [02/Sep/2023:10:48:02 +0800] "GET /xingrg/javascript/mobile/js/highcharts.js HTTP/1.1" 200 134656
120.242.27.196 - - [02/Sep/2023:10:48:02 +0800] "GET /xingrg/javascript/mobile/mobile-common.js HTTP/1.1" 200 1484
120.242.27.196 - - [02/Sep/2023:10:48:02 +0800] "GET /xingrg/javascript/mobile/js/modules/exporting.js HTTP/1.1" 200 7123
120.242.27.196 - - [02/Sep/2023:10:48:02 +0800] "POST /xingrg/dma/mobile/report_query.html HTTP/1.1" 200 121
124.79.247.70 - - [02/Sep/2023:10:48:02 +0800] "POST /xingrg/dwr/call/plaincall/AjaxCheckService.setItemNumber.dwr HTTP/1.1" 200 77
180.152.241.196 - - [02/Sep/2023:10:48:03 +0800] "GET /xingrg/kc/base/wldb_order_operate.html?command=get_materiel&rest_code=00102&base_code=0010476&code=00101019391 HTTP/1.1" 200 485
114.95.241.104 - - [02/Sep/2023:10:48:03 +0800] "GET /xingrg/all/function/internal_message.html?_=1693622778795&CODE_STATE=getMsg HTTP/1.1" 200 27
120.253.135.82 - - [02/Sep/2023:10:48:04 +0800] "GET /xingrg/all/function/internal_message.html?_=1693622690860&CODE_STATE=getMsg HTTP/1.1" 200 27
180.152.241.196 - - [02/Sep/2023:10:48:05 +0800] "GET /xingrg/kc/buy/cgsh_order_operate.html?command=get_materiel&rest_code=00102&code=00101008132&supplier_code=00100008&order_time=2023-09-02 HTTP/1.1" 200 408
58.40.7.146 - - [02/Sep/2023:10:48:05 +0800] "GET /xingrg/all/function/internal_message.html?_=1693622885237&CODE_STATE=getMsg HTTP/1.1" 200 27
124.79.247.70 - - [02/Sep/2023:10:48:05 +0800] "POST /xingrg/dwr/call/plaincall/AjaxCheckService.setItemNumber.dwr HTTP/1.1" 200 77
124.79.247.70 - - [02/Sep/2023:10:48:08 +0800] "POST /xingrg/dwr/call/plaincall/AjaxCheckService.setItemNumber.dwr HTTP/1.1" 200 77
124.78.155.92 - - [02/Sep/2023:10:48:08 +0800] "GET /xingrg/all/function/internal_message.html?_=1693622904509&CODE_STATE=getMsg HTTP/1.1" 200 27
222.70.180.200 - - [02/Sep/2023:10:48:09 +0800] "GET /xingrg/all/function/internal_message.html?_=1693622889134&CODE_STATE=getMsg HTTP/1.1" 200 27
180.152.241.196 - - [02/Sep/2023:10:48:09 +0800] "POST /xingrg/kc/base/wldb_order_operate.html HTTP/1.1" 200 37
124.79.247.70 - - [02/Sep/2023:10:48:10 +0800] "POST /xingrg/dwr/call/plaincall/AjaxCheckService.setItemNumber.dwr HTTP/1.1" 200 77
124.79.247.70 - - [02/Sep/2023:10:48:12 +0800] "POST /xingrg/dwr/call/plaincall/AjaxCheckService.setItemNumber.dwr HTTP/1.1" 200 77
101.83.145.37 - - [02/Sep/2023:10:48:12 +0800] "GET /xingrg/all/function/internal_message.html?_=1693622686630&CODE_STATE=getMsg HTTP/1.1" 200 27
120.242.27.196 - - [02/Sep/2023:10:48:13 +0800] "POST /xingrg/dma/mobile/report_query.html HTTP/1.1" 200 591
124.79.247.70 - - [02/Sep/2023:10:48:14 +0800] "POST /xingrg/dwr/call/plaincall/AjaxCheckService.setItemNumber.dwr HTTP/1.1" 200 77
180.165.48.189 - - [02/Sep/2023:10:48:15 +0800] "GET /xingrg/all/function/internal_message.html?_=1693622894999&CODE_STATE=getMsg HTTP/1.1" 200 27
58.39.110.121 - - [02/Sep/2023:10:48:17 +0800] "GET /xingrg/all/function/internal_message.html?_=1693622897024&CODE_STATE=getMsg HTTP/1.1" 200 27
124.79.247.70 - - [02/Sep/2023:10:48:17 +0800] "POST /xingrg/dwr/call/plaincall/AjaxCheckService.setItemNumber.dwr HTTP/1.1" 200 77
180.152.241.196 - - [02/Sep/2023:10:48:18 +0800] "POST /xingrg/kc/base/wldb_order_operate.html HTTP/1.1" 200 12
180.152.241.196 - - [02/Sep/2023:10:48:18 +0800] "POST /xingrg/kc/base/wldb_order_operate.html HTTP/1.1" 200 2739
101.83.145.37 - - [02/Sep/2023:10:48:19 +0800] "GET /xingrg/all/function/internal_message.html?_=1693622900089&CODE_STATE=getMsg HTTP/1.1" 200 27
180.152.241.196 - - [02/Sep/2023:10:48:19 +0800] "GET /xingrg/kc/base/wldb_order_info.html?code=422023090200140 HTTP/1.1" 200 26329
180.152.241.196 - - [02/Sep/2023:10:48:20 +0800] "GET /xingrg/javascript/easyui/themes/default/validatebox.css HTTP/1.1" 404 1104
222.67.237.86 - - [02/Sep/2023:10:48:20 +0800] "GET /xingrg/all/function/internal_message.html?_=1693622341532&CODE_STATE=getMsg HTTP/1.1" 200 27
180.152.241.196 - - [02/Sep/2023:10:48:20 +0800] "POST /xingrg/kc/base/wldb_order_operate.html HTTP/1.1" 200 1022
124.79.247.70 - - [02/Sep/2023:10:48:20 +0800] "POST /xingrg/dwr/call/plaincall/AjaxCheckService.setItemNumber.dwr HTTP/1.1" 200 77
180.152.241.196 - - [02/Sep/2023:10:48:22 +0800] "GET /xingrg/kc/base/wldb_order_add.html HTTP/1.1" 200 30453
180.152.241.196 - - [02/Sep/2023:10:48:22 +0800] "POST /xingrg/kc/base/wldb_order_operate.html HTTP/1.1" 200 6806
124.79.247.70 - - [02/Sep/2023:10:48:22 +0800] "POST /xingrg/dwr/call/plaincall/AjaxCheckService.setItemNumber.dwr HTTP/1.1" 200 77
180.152.241.196 - - [02/Sep/2023:10:48:22 +0800] "GET /xingrg/javascript/easyui/themes/default/validatebox.css HTTP/1.1" 404 1104
180.152.241.196 - - [02/Sep/2023:10:48:23 +0800] "POST /xingrg/all/common/load_combo.html?type=base HTTP/1.1" 200 3321
101.228.187.155 - - [02/Sep/2023:10:48:24 +0800] "GET /xingrg/all/function/internal_message.html?_=1693622903198&CODE_STATE=getMsg HTTP/1.1" 200 27
180.169.147.146 - - [02/Sep/2023:10:48:26 +0800] "GET /xingrg/all/function/internal_message.html?_=1693622906663&CODE_STATE=getMsg HTTP/1.1" 200 27
180.152.241.196 - - [02/Sep/2023:10:48:28 +0800] "POST /xingrg/all/common/load_combo.html?type=base HTTP/1.1" 200 3321
180.169.147.146 - - [02/Sep/2023:10:48:29 +0800] "GET /xingrg/kc/report/report_main.html HTTP/1.1" 200 8599
124.79.247.70 - - [02/Sep/2023:10:48:29 +0800] "POST /xingrg/dwr/call/plaincall/AjaxCheckService.setItemNumber.dwr HTTP/1.1" 200 77
101.83.241.137 - - [02/Sep/2023:10:48:29 +0800] "GET /xingrg/all/function/internal_message.html?_=1693623052778&CODE_STATE=getMsg HTTP/1.1" 200 27
180.169.147.146 - - [02/Sep/2023:10:48:31 +0800] "GET /xingrg/kc/base/kc_stocks.html HTTP/1.1" 200 16506
180.169.147.146 - - [02/Sep/2023:10:48:31 +0800] "GET /xingrg/javascript/easyui/themes/default/tree.css HTTP/1.1" 404 1090
180.169.147.146 - - [02/Sep/2023:10:48:31 +0800] "POST /xingrg/all/common/load_tree.html?tree=materiel_sort_tree_json HTTP/1.1" 200 9500
124.79.247.70 - - [02/Sep/2023:10:48:32 +0800] "POST /xingrg/dwr/call/plaincall/AjaxCheckService.setItemNumber.dwr HTTP/1.1" 200 78
180.152.241.196 - - [02/Sep/2023:10:48:33 +0800] "GET /xingrg/kc/buy/cgsh_order_operate.html?command=get_materiel&rest_code=00102&code=00101008257&supplier_code=00100008&order_time=2023-09-02 HTTP/1.1" 200 416
180.169.147.146 - - [02/Sep/2023:10:48:34 +0800] "GET /xingrg/all/function/internal_message.html?_=1693622913689&CODE_STATE=getMsg HTTP/1.1" 200 27
124.79.247.70 - - [02/Sep/2023:10:48:34 +0800] "POST /xingrg/dwr/call/plaincall/AjaxCheckService.setItemNumber.dwr HTTP/1.1" 200 78
180.152.241.196 - - [02/Sep/2023:10:48:35 +0800] "GET /xingrg/all/function/internal_message.html?_=1693622915774&CODE_STATE=getMsg HTTP/1.1" 200 27
172.20.0.100 - - [02/Sep/2023:10:48:36 +0800] "GET /xingrg/all/function/internal_message.html?_=1693622916071&CODE_STATE=getMsg HTTP/1.1" 200 27
180.152.241.196 - - [02/Sep/2023:10:48:38 +0800] "GET /xingrg/kc/base/wldb_order_operate.html?command=get_materiel&rest_code=00102&base_code=0010480&code=00101025025 HTTP/1.1" 200 468
222.70.180.200 - - [02/Sep/2023:10:48:39 +0800] "POST /xingrg/kc/buy/cgsh_order_operate.html HTTP/1.1" 200 37
180.169.147.146 - - [02/Sep/2023:10:48:41 +0800] "POST /xingrg/all/user/operate.html HTTP/1.1" 200 36
180.169.147.146 - - [02/Sep/2023:10:48:42 +0800] "GET /xingrg/javascript/jquery_easy_ui/themes/default/easyui.css HTTP/1.1" 304 -
180.169.147.146 - - [02/Sep/2023:10:48:42 +0800] "GET /xingrg/javascript/jquery_easy_ui/themes/icon.css HTTP/1.1" 304 -
180.169.147.146 - - [02/Sep/2023:10:48:42 +0800] "GET /xingrg/css/form.css HTTP/1.1" 304 -
180.169.147.146 - - [02/Sep/2023:10:48:42 +0800] "GET /xingrg/index.html?sysBaseUrl=http%3A%2F%2F180.169.147.146%3A18081%2Fxingrg%2F&costTime=881×tamp=1693619384503 HTTP/1.1" 200 17509
180.169.147.146 - - [02/Sep/2023:10:48:42 +0800] "GET /xingrg/javascript/jquery-1.4.2.min.js HTTP/1.1" 304 -
180.169.147.146 - - [02/Sep/2023:10:48:42 +0800] "GET /xingrg/javascript/jquery_easy_ui/jquery.easyui.min.js HTTP/1.1" 304 -
180.169.147.146 - - [02/Sep/2023:10:48:42 +0800] "GET /xingrg/javascript/jquery_easy_ui/easyui-lang-zh_CN.js HTTP/1.1" 304 -
180.169.147.146 - - [02/Sep/2023:10:48:42 +0800] "GET /xingrg/javascript/jquery.form.js HTTP/1.1" 304 -
180.169.147.146 - - [02/Sep/2023:10:48:42 +0800] "GET /xingrg/javascript/jquery.utils.js HTTP/1.1" 304 -
180.169.147.146 - - [02/Sep/2023:10:48:42 +0800] "GET /xingrg/javascript/jquery.timers.js HTTP/1.1" 304 -
180.169.147.146 - - [02/Sep/2023:10:48:42 +0800] "GET /xingrg/images/blue/jxLogo.png HTTP/1.1" 304 -
180.169.147.146 - - [02/Sep/2023:10:48:42 +0800] "GET /xingrg/images/blue/navBackgound.jpg HTTP/1.1" 304 -
180.169.147.146 - - [02/Sep/2023:10:48:42 +0800] "GET /xingrg/javascript/jquery_easy_ui/themes/icons/settle_new.png HTTP/1.1" 304 -
222.70.180.200 - - [02/Sep/2023:10:48:42 +0800] "POST /xingrg/kc/buy/cgsh_order_operate.html HTTP/1.1" 200 3834
180.169.147.146 - - [02/Sep/2023:10:48:42 +0800] "GET /xingrg/check_reg.html?_=1693622922404 HTTP/1.1" 200 22
180.169.147.146 - - [02/Sep/2023:10:48:42 +0800] "GET /xingrg/all/function/internal_message.html?_=1693622922403&CODE_STATE=count HTTP/1.1" 200 11
180.169.147.146 - - [02/Sep/2023:10:48:42 +0800] "GET /xingrg/javascript/jquery_easy_ui/themes/default/images/panel_tool_expand.gif HTTP/1.1" 304 -
180.169.147.146 - - [02/Sep/2023:10:48:42 +0800] "GET /xingrg/javascript/jquery_easy_ui/themes/default/images/tabs_rightarrow.png HTTP/1.1" 304 -
180.169.147.146 - - [02/Sep/2023:10:48:42 +0800] "GET /xingrg/javascript/jquery_easy_ui/themes/default/images/panel_tool_collapse.gif HTTP/1.1" 304 -
180.169.147.146 - - [02/Sep/2023:10:48:42 +0800] "GET /xingrg/images/blue/pingpu.png HTTP/1.1" 304 -
180.169.147.146 - - [02/Sep/2023:10:48:42 +0800] "GET /xingrg/javascript/jquery_easy_ui/themes/default/images/tabs_leftarrow.png HTTP/1.1" 304 -
180.169.147.146 - - [02/Sep/2023:10:48:42 +0800] "POST /xingrg/all/common/load_tree.html?tree=area_rest_tree_json&manage=1 HTTP/1.1" 200 3499
180.169.147.146 - - [02/Sep/2023:10:48:42 +0800] "POST /xingrg/load_menu.html HTTP/1.1" 200 9959
124.78.155.92 - - [02/Sep/2023:10:48:43 +0800] "GET /xingrg/check_reg.html?_=1693622923878 HTTP/1.1" 200 22
124.78.155.92 - - [02/Sep/2023:10:48:43 +0800] "GET /xingrg/all/function/internal_message.html?_=1693622923877&CODE_STATE=getMsg HTTP/1.1" 200 27
180.169.147.146 - - [02/Sep/2023:10:48:43 +0800] "GET /xingrg/kc/report/report_main.html HTTP/1.1" 200 7340
180.152.241.196 - - [02/Sep/2023:10:48:43 +0800] "GET /xingrg/login.html HTTP/1.1" 200 7641
124.79.247.70 - - [02/Sep/2023:10:48:43 +0800] "POST /xingrg/dwr/call/plaincall/AjaxCheckService.setItemNumber.dwr HTTP/1.1" 200 78
180.152.241.196 - - [02/Sep/2023:10:48:44 +0800] "GET /favicon.ico HTTP/1.1" 404 -
180.169.147.146 - - [02/Sep/2023:10:48:44 +0800] "GET /xingrg/all/report/report_query.html?fileName=kc/buy/wlcg_mx.xml HTTP/1.1" 200 51648
180.169.147.146 - - [02/Sep/2023:10:48:44 +0800] "GET /xingrg/dwr/interface/AjaxReportQueryService.js HTTP/1.1" 200 13203
180.169.147.146 - - [02/Sep/2023:10:48:44 +0800] "GET /xingrg/dwr/engine.js HTTP/1.1" 200 43631
222.70.180.200 - - [02/Sep/2023:10:48:44 +0800] "GET /xingrg/kc/print/load_config.html?kc_code=cgsh HTTP/1.1" 200 1924
180.169.147.146 - - [02/Sep/2023:10:48:44 +0800] "POST /xingrg/dwr/call/plaincall/AjaxReportQueryService.getFixDate.dwr HTTP/1.1" 200 111
180.169.147.146 - - [02/Sep/2023:10:48:44 +0800] "POST /xingrg/dwr/call/plaincall/AjaxReportQueryService.getInitString.dwr HTTP/1.1" 200 35623
222.70.180.200 - - [02/Sep/2023:10:48:45 +0800] "GET /xingrg/kc/print/load_data.html?order_code=212023090200477&kc_code=cgsh&condition= HTTP/1.1" 200 1140
180.152.241.196 - - [02/Sep/2023:10:48:45 +0800] "GET /xingrg/kc/base/wldb_order_operate.html?command=get_materiel&rest_code=00102&base_code=0010480&code=00101025041 HTTP/1.1" 200 455
180.169.147.146 - - [02/Sep/2023:10:48:45 +0800] "POST /xingrg/dwr/call/plaincall/AjaxReportQueryService.getInitString.dwr HTTP/1.1" 200 1617
180.169.147.146 - - [02/Sep/2023:10:48:45 +0800] "POST /xingrg/dwr/call/plaincall/AjaxReportQueryService.getInitString.dwr HTTP/1.1" 200 125
124.79.247.70 - - [02/Sep/2023:10:48:46 +0800] "POST /xingrg/dwr/call/plaincall/AjaxCheckService.setItemNumber.dwr HTTP/1.1" 200 78
180.169.147.146 - - [02/Sep/2023:10:48:47 +0800] "POST /xingrg/dwr/call/plaincall/AjaxReportQueryService.getFixDate.dwr HTTP/1.1" 200 111
101.83.241.234 - - [02/Sep/2023:10:48:48 +0800] "GET /xingrg/all/function/internal_message.html?_=1693622927124&CODE_STATE=getMsg HTTP/1.1" 200 27
180.152.241.196 - - [02/Sep/2023:10:48:48 +0800] "POST /xingrg/login.do HTTP/1.1" 302 -
180.152.241.196 - - [02/Sep/2023:10:48:48 +0800] "GET /xingrg/index.html?sysBaseUrl=http%3A%2F%2F180.169.147.146%3A18081%2Fxingrg%2F&costTime=868×tamp=1693622928475 HTTP/1.1" 200 17503
180.152.241.196 - - [02/Sep/2023:10:48:48 +0800] "GET /favicon.ico HTTP/1.1" 404 -
180.152.241.196 - - [02/Sep/2023:10:48:48 +0800] "GET /xingrg/check_reg.html?_=1693622934150 HTTP/1.1" 200 22
180.152.241.196 - - [02/Sep/2023:10:48:48 +0800] "GET /xingrg/all/function/internal_message.html?_=1693622934149&CODE_STATE=count HTTP/1.1" 200 11
180.152.241.196 - - [02/Sep/2023:10:48:48 +0800] "POST /xingrg/all/common/load_tree.html?tree=area_rest_tree_json&manage=1 HTTP/1.1" 200 3499
180.152.241.196 - - [02/Sep/2023:10:48:48 +0800] "POST /xingrg/load_menu.html HTTP/1.1" 200 11443
124.79.247.70 - - [02/Sep/2023:10:48:49 +0800] "POST /xingrg/dwr/call/plaincall/AjaxCheckService.setItemNumber.dwr HTTP/1.1" 200 78
180.169.147.146 - - [02/Sep/2023:10:48:50 +0800] "POST /xingrg/dwr/call/plaincall/AjaxReportQueryService.getFixDate.dwr HTTP/1.1" 200 111
180.174.205.229 - - [02/Sep/2023:10:48:52 +0800] "GET /xingrg/all/function/internal_message.html?_=1693622931882&CODE_STATE=getMsg HTTP/1.1" 200 27
124.79.247.70 - - [02/Sep/2023:10:48:53 +0800] "POST /xingrg/dwr/call/plaincall/AjaxCheckService.setItemNumber.dwr HTTP/1.1" 200 78
218.81.220.60 - - [02/Sep/2023:10:48:53 +0800] "GET /xingrg/all/function/internal_message.html?_=1693622954799&CODE_STATE=getMsg HTTP/1.1" 200 27
222.70.180.200 - - [02/Sep/2023:10:48:53 +0800] "GET /xingrg/all/function/internal_message.html?_=1693623011777&CODE_STATE=getMsg HTTP/1.1" 200 27
180.162.114.7 - - [02/Sep/2023:10:48:54 +0800] "GET /xingrg/all/function/internal_message.html?_=1693621612829&CODE_STATE=getMsg HTTP/1.1" 200 27
180.152.241.196 - - [02/Sep/2023:10:48:54 +0800] "GET /xingrg/all/function/internal_message.html?_=1693622953826&CODE_STATE=getMsg HTTP/1.1" 200 27
124.79.247.70 - - [02/Sep/2023:10:48:55 +0800] "GET /xingrg/all/function/internal_message.html?_=1693623230621&CODE_STATE=getMsg HTTP/1.1" 200 27
124.78.155.92 - - [02/Sep/2023:10:48:56 +0800] "GET /xingrg/login.html HTTP/1.1" 200 7641
180.169.147.146 - - [02/Sep/2023:10:48:57 +0800] "POST /xingrg/dwr/call/plaincall/AjaxReportQueryService.refreshCache.dwr HTTP/1.1" 200 78
124.79.247.70 - - [02/Sep/2023:10:48:57 +0800] "POST /xingrg/dwr/call/plaincall/AjaxCheckService.setItemNumber.dwr HTTP/1.1" 200 78
124.78.155.92 - - [02/Sep/2023:10:48:57 +0800] "GET /favicon.ico HTTP/1.1" 404 -
124.79.247.70 - - [02/Sep/2023:10:48:58 +0800] "POST /xingrg/dwr/call/plaincall/AjaxCheckService.setItemNumber.dwr HTTP/1.1" 200 78
180.152.241.196 - - [02/Sep/2023:10:49:01 +0800] "POST /xingrg/kc/base/wldb_order_operate.html HTTP/1.1" 200 37
180.152.241.196 - - [02/Sep/2023:10:49:02 +0800] "POST /xingrg/kc/base/wldb_order_operate.html HTTP/1.1" 200 2702
124.78.155.92 - - [02/Sep/2023:10:49:03 +0800] "POST /xingrg/login.do HTTP/1.1" 302 -
124.79.247.70 - - [02/Sep/2023:10:49:03 +0800] "POST /xingrg/dwr/call/plaincall/AjaxCheckService.setItemNumber.dwr HTTP/1.1" 200 78
114.95.241.104 - - [02/Sep/2023:10:49:03 +0800] "GET /xingrg/all/function/internal_message.html?_=1693622838827&CODE_STATE=getMsg HTTP/1.1" 200 27
124.78.155.92 - - [02/Sep/2023:10:49:04 +0800] "GET /xingrg/index.html?sysBaseUrl=http%3A%2F%2F180.169.147.146%3A18081%2Fxingrg%2F&costTime=2435×tamp=1693622943390 HTTP/1.1" 200 17503
124.78.155.92 - - [02/Sep/2023:10:49:04 +0800] "GET /favicon.ico HTTP/1.1" 404 -
222.70.180.200 - - [02/Sep/2023:10:49:04 +0800] "GET /xingrg/kc/buy/cgsh_order_add.html HTTP/1.1" 200 72114
