101.83.241.234 - - [02/Sep/2023:10:09:17 +0800] "GET /xingrg/kc/buy/cgsh_order_add.html HTTP/1.1" 200 72252
101.83.241.234 - - [02/Sep/2023:10:09:17 +0800] "GET /xingrg/words/20230902100815_words.js HTTP/1.1" 304 -
101.83.241.234 - - [02/Sep/2023:10:09:17 +0800] "POST /xingrg/kc/buy/cgsh_order_operate.html HTTP/1.1" 200 8245
124.78.155.92 - - [02/Sep/2023:10:09:17 +0800] "POST /xingrg/all/report/load_report_page.html HTTP/1.1" 200 214893
101.83.241.234 - - [02/Sep/2023:10:09:17 +0800] "GET /xingrg/javascript/easyui/themes/default/validatebox.css HTTP/1.1" 404 1104
124.78.155.92 - - [02/Sep/2023:10:09:17 +0800] "GET /xingrg/servlets/image?cache=0.005502547789186019&image=px HTTP/1.1" 200 807
124.78.155.92 - - [02/Sep/2023:10:09:20 +0800] "POST /xingrg/all/report/load_report_page.html HTTP/1.1" 200 178027
101.83.145.37 - - [02/Sep/2023:10:09:20 +0800] "GET /xingrg/all/function/internal_message.html?_=1693620560920&CODE_STATE=getMsg HTTP/1.1" 200 27
124.78.155.92 - - [02/Sep/2023:10:09:20 +0800] "GET /xingrg/servlets/image?cache=0.7041274713255464&image=px HTTP/1.1" 200 807
172.20.0.100 - - [02/Sep/2023:10:09:21 +0800] "POST /xingrg/dwr/call/plaincall/AjaxBaseInfoService.changeUnitGroup.dwr HTTP/1.1" 200 310
101.83.241.137 - - [02/Sep/2023:10:09:21 +0800] "GET /xingrg/all/function/internal_message.html?_=1693620704643&CODE_STATE=getMsg HTTP/1.1" 200 27
101.228.187.155 - - [02/Sep/2023:10:09:24 +0800] "GET /xingrg/check_reg.html?_=1693620563167 HTTP/1.1" 200 22
101.228.187.155 - - [02/Sep/2023:10:09:24 +0800] "GET /xingrg/all/function/internal_message.html?_=1693620563170&CODE_STATE=getMsg HTTP/1.1" 200 27
172.20.0.100 - - [02/Sep/2023:10:09:27 +0800] "POST /xingrg/dwr/call/plaincall/AjaxBaseInfoService.saveMateriel.dwr HTTP/1.1" 200 109
172.20.0.100 - - [02/Sep/2023:10:09:27 +0800] "POST /xingrg/dwr/call/plaincall/AjaxBaseInfoService.getMateriels.dwr HTTP/1.1" 200 3001
120.253.135.82 - - [02/Sep/2023:10:09:31 +0800] "GET /xingrg/kc/pszx/mdqp_order_list.html?state=10 HTTP/1.1" 200 11122
120.253.135.82 - - [02/Sep/2023:10:09:31 +0800] "GET /xingrg/dwr/interface/AjaxQqpsService.js HTTP/1.1" 200 16326
120.253.135.82 - - [02/Sep/2023:10:09:31 +0800] "GET /xingrg/dwr/interface/AjaxReportQueryService.js HTTP/1.1" 200 13203
120.253.135.82 - - [02/Sep/2023:10:09:31 +0800] "GET /xingrg/dwr/engine.js HTTP/1.1" 200 43631
172.20.0.100 - - [02/Sep/2023:10:09:33 +0800] "GET /xingrg/system/info/materiel_info.html?code=00101020&isAdd=1 HTTP/1.1" 200 37456
172.20.0.100 - - [02/Sep/2023:10:09:33 +0800] "GET /xingrg/dwr/interface/AjaxGetFirstChart.js HTTP/1.1" 200 631
172.20.0.100 - - [02/Sep/2023:10:09:33 +0800] "GET /xingrg/dwr/interface/AjaxBaseInfoService.js HTTP/1.1" 200 21363
172.20.0.100 - - [02/Sep/2023:10:09:33 +0800] "GET /xingrg/dwr/interface/AjaxComOrderService.js HTTP/1.1" 200 18264
172.20.0.100 - - [02/Sep/2023:10:09:33 +0800] "GET /xingrg/dwr/engine.js HTTP/1.1" 200 43631
172.20.0.100 - - [02/Sep/2023:10:09:33 +0800] "POST /xingrg/all/common/load_tree.html?tree=area_rest_tree_json HTTP/1.1" 200 3499
172.20.0.100 - - [02/Sep/2023:10:09:34 +0800] "POST /xingrg/dwr/call/plaincall/AjaxBaseInfoService.getMaterielInfo.dwr HTTP/1.1" 200 210
172.20.0.100 - - [02/Sep/2023:10:09:34 +0800] "POST /xingrg/all/common/load_tree.html?tree=area_rest_tree_json&defaultRests=undefined HTTP/1.1" 200 3499
180.152.241.196 - - [02/Sep/2023:10:09:35 +0800] "GET /xingrg/all/function/internal_message.html?_=1693620575765&CODE_STATE=getMsg HTTP/1.1" 200 27
172.20.0.100 - - [02/Sep/2023:10:09:36 +0800] "GET /xingrg/check_reg.html?_=1693620576074 HTTP/1.1" 200 22
172.20.0.100 - - [02/Sep/2023:10:09:36 +0800] "GET /xingrg/all/function/internal_message.html?_=1693620576072&CODE_STATE=getMsg HTTP/1.1" 200 27
180.152.241.196 - - [02/Sep/2023:10:09:42 +0800] "GET /xingrg/kc/buy/cgsh_order_list.html HTTP/1.1" 200 56382
180.152.241.196 - - [02/Sep/2023:10:09:44 +0800] "GET /xingrg/kc/mdqp/pssh_order_list.html HTTP/1.1" 200 17964
180.152.241.196 - - [02/Sep/2023:10:09:45 +0800] "POST /xingrg/kc/mdqp/pssh_list_operate.html HTTP/1.1" 200 5335
180.152.241.196 - - [02/Sep/2023:10:09:45 +0800] "POST /xingrg/kc/buy/cgsh_list_operate.html HTTP/1.1" 200 986
180.169.147.146 - - [02/Sep/2023:10:09:45 +0800] "GET /xingrg/all/function/internal_message.html?_=1693620585647&CODE_STATE=getMsg HTTP/1.1" 200 27
180.152.241.196 - - [02/Sep/2023:10:09:46 +0800] "POST /xingrg/kc/mdqp/pssh_list_operate.html HTTP/1.1" 200 356
101.83.241.234 - - [02/Sep/2023:10:09:46 +0800] "GET /xingrg/all/function/internal_message.html?_=1693620584276&CODE_STATE=getMsg HTTP/1.1" 200 27
101.83.241.234 - - [02/Sep/2023:10:09:48 +0800] "GET /xingrg/check_reg.html?_=1693620587122 HTTP/1.1" 200 22
101.83.241.234 - - [02/Sep/2023:10:09:48 +0800] "GET /xingrg/all/function/internal_message.html?_=1693620587124&CODE_STATE=getMsg HTTP/1.1" 200 27
180.152.241.196 - - [02/Sep/2023:10:09:49 +0800] "POST /xingrg/kc/mdqp/pssh_list_operate.html HTTP/1.1" 200 5335
180.152.241.196 - - [02/Sep/2023:10:09:49 +0800] "POST /xingrg/kc/mdqp/pssh_list_operate.html HTTP/1.1" 200 355
58.39.110.121 - - [02/Sep/2023:10:09:51 +0800] "GET /xingrg/kc/base/yddb_order_info.html?code=482023083100208 HTTP/1.1" 200 30028
58.39.110.121 - - [02/Sep/2023:10:09:51 +0800] "GET /xingrg/dwr/interface/AjaxComOrderService.js HTTP/1.1" 200 18264
58.39.110.121 - - [02/Sep/2023:10:09:51 +0800] "GET /xingrg/dwr/interface/AjaxYddbService.js HTTP/1.1" 200 13201
58.39.110.121 - - [02/Sep/2023:10:09:51 +0800] "GET /xingrg/dwr/engine.js HTTP/1.1" 200 43631
58.39.110.121 - - [02/Sep/2023:10:09:51 +0800] "GET /xingrg/javascript/Grid.js HTTP/1.1" 200 58908
58.39.110.121 - - [02/Sep/2023:10:09:51 +0800] "GET /xingrg/javascript/checkform.js HTTP/1.1" 200 18351
58.39.110.121 - - [02/Sep/2023:10:09:51 +0800] "GET /xingrg/javascript/jquery_easy_ui/themes/icons/edit_add_new.png HTTP/1.1" 200 2997
58.39.110.121 - - [02/Sep/2023:10:09:51 +0800] "GET /xingrg/images/blue/wait.gif HTTP/1.1" 200 1100
58.39.110.121 - - [02/Sep/2023:10:09:51 +0800] "GET /xingrg/images/blue/kc_tab_left.gif HTTP/1.1" 200 188
58.39.110.121 - - [02/Sep/2023:10:09:51 +0800] "GET /xingrg/images/blue/kc_tab_right.gif HTTP/1.1" 200 643
58.39.110.121 - - [02/Sep/2023:10:09:51 +0800] "GET /xingrg/images/blue/kc_tab_mid.gif HTTP/1.1" 200 44
180.152.241.196 - - [02/Sep/2023:10:09:51 +0800] "GET /xingrg/kc/mdqp/pssh_order_info.html?code=312023083100735 HTTP/1.1" 200 17293
180.152.241.196 - - [02/Sep/2023:10:09:51 +0800] "GET /xingrg/javascript/jquery_tools/jquery-1.4.2.min.js HTTP/1.1" 404 1094
180.152.241.196 - - [02/Sep/2023:10:09:51 +0800] "GET /xingrg/words/20230902100927_words.js HTTP/1.1" 200 985363
58.39.110.121 - - [02/Sep/2023:10:09:51 +0800] "POST /xingrg/dwr/call/plaincall/AjaxYddbService.loadMaterielItems.dwr HTTP/1.1" 200 397
180.152.241.196 - - [02/Sep/2023:10:09:52 +0800] "GET /xingrg/javascript/easyui/themes/default/validatebox.css HTTP/1.1" 404 1104
180.174.205.229 - - [02/Sep/2023:10:09:52 +0800] "GET /xingrg/all/function/internal_message.html?_=1693620591824&CODE_STATE=getMsg HTTP/1.1" 200 27
180.152.241.196 - - [02/Sep/2023:10:09:52 +0800] "GET /xingrg/all/common/auto_word.html?type=base&rest_code=00102&rest_code=00102 HTTP/1.1" 200 1857
180.152.241.196 - - [02/Sep/2023:10:09:52 +0800] "GET /xingrg/all/common/auto_word.html?type=employee&rest_code=00102 HTTP/1.1" 200 189
180.152.241.196 - - [02/Sep/2023:10:09:52 +0800] "POST /xingrg/kc/mdqp/pssh_order_operate.html HTTP/1.1" 200 1053
180.162.114.7 - - [02/Sep/2023:10:09:53 +0800] "GET /xingrg/all/function/internal_message.html?_=1693619272761&CODE_STATE=getMsg HTTP/1.1" 200 27
180.152.241.196 - - [02/Sep/2023:10:09:54 +0800] "POST /xingrg/all/common/load_combo.html?type=employee HTTP/1.1" 200 353
222.70.180.200 - - [02/Sep/2023:10:09:54 +0800] "GET /xingrg/all/function/internal_message.html?_=1693620672434&CODE_STATE=getMsg HTTP/1.1" 200 27
180.152.241.196 - - [02/Sep/2023:10:09:54 +0800] "GET /xingrg/all/function/internal_message.html?_=1693620613821&CODE_STATE=getMsg HTTP/1.1" 200 27
58.39.110.121 - - [02/Sep/2023:10:09:55 +0800] "GET /xingrg/kc/base/yddb_order_report.html?fileType=printReport.do&code=482023083100208&reportName=ck_order_report&subName=yddb HTTP/1.1" 302 -
58.39.110.121 - - [02/Sep/2023:10:09:55 +0800] "GET /xingrg/printReport.do?sysBaseUrl=http%3A%2F%2F180.169.147.146%3A18081%2Fxingrg%2F&costTime=754×tamp=1693620595059 HTTP/1.1" 200 1138
58.39.110.121 - - [02/Sep/2023:10:09:55 +0800] "GET /favicon.ico HTTP/1.1" 404 -
124.78.155.92 - - [02/Sep/2023:10:09:55 +0800] "GET /xingrg/all/function/internal_message.html?_=1693620612110&CODE_STATE=getMsg HTTP/1.1" 200 27
124.79.247.70 - - [02/Sep/2023:10:09:55 +0800] "GET /xingrg/all/function/internal_message.html?_=1693620890601&CODE_STATE=getMsg HTTP/1.1" 200 27
124.79.247.70 - - [02/Sep/2023:10:09:55 +0800] "GET /xingrg/check_reg.html?_=1693620890602 HTTP/1.1" 200 22
58.39.110.121 - - [02/Sep/2023:10:09:56 +0800] "GET /xingrg/applets HTTP/1.1" 302 -
58.39.110.121 - - [02/Sep/2023:10:09:56 +0800] "GET /xingrg/applets/ HTTP/1.1" 404 992
101.83.145.37 - - [02/Sep/2023:10:09:57 +0800] "GET /xingrg/all/function/internal_message.html?_=1693620391537&CODE_STATE=getMsg HTTP/1.1" 200 27
180.152.241.196 - - [02/Sep/2023:10:09:58 +0800] "POST /xingrg/kc/mdqp/pssh_order_operate.html HTTP/1.1" 200 37
58.39.110.121 - - [02/Sep/2023:10:09:59 +0800] "GET /xingrg/all/function/internal_message.html?_=1693620599333&CODE_STATE=getMsg HTTP/1.1" 200 27
58.39.110.121 - - [02/Sep/2023:10:10:00 +0800] "GET /xingrg/kc/base/yddb_order_report.html?fileType=servlets/html&code=482023083100208&reportName=ck_order_report&subName=yddb HTTP/1.1" 302 -
58.39.110.121 - - [02/Sep/2023:10:10:00 +0800] "GET /xingrg/servlets/html?sysBaseUrl=http%3A%2F%2F180.169.147.146%3A18081%2Fxingrg%2F&costTime=956×tamp=1693620600446 HTTP/1.1" 200 14764
58.39.110.121 - - [02/Sep/2023:10:10:00 +0800] "GET /xingrg/servlets/image?image=px HTTP/1.1" 200 807
58.39.110.121 - - [02/Sep/2023:10:10:00 +0800] "GET /favicon.ico HTTP/1.1" 404 -
124.78.155.92 - - [02/Sep/2023:10:10:01 +0800] "POST /xingrg/all/report/load_report_page.html HTTP/1.1" 200 214873
124.78.155.92 - - [02/Sep/2023:10:10:02 +0800] "GET /xingrg/servlets/image?cache=0.9772375539830332&image=px HTTP/1.1" 200 807
180.152.241.196 - - [02/Sep/2023:10:10:02 +0800] "POST /xingrg/kc/mdqp/pssh_order_operate.html HTTP/1.1" 200 12
114.95.241.104 - - [02/Sep/2023:10:10:03 +0800] "GET /xingrg/all/function/internal_message.html?_=1693620498061&CODE_STATE=getMsg HTTP/1.1" 200 27
120.253.135.82 - - [02/Sep/2023:10:10:03 +0800] "GET /xingrg/all/function/internal_message.html?_=1693620409612&CODE_STATE=getMsg HTTP/1.1" 200 27
120.253.135.82 - - [02/Sep/2023:10:10:03 +0800] "GET /xingrg/kc/pszx/mdqp_order_list.html?state=10 HTTP/1.1" 200 11122
120.253.135.82 - - [02/Sep/2023:10:10:04 +0800] "GET /xingrg/dwr/interface/AjaxQqpsService.js HTTP/1.1" 200 16326
120.253.135.82 - - [02/Sep/2023:10:10:04 +0800] "GET /xingrg/dwr/engine.js HTTP/1.1" 200 43631
120.253.135.82 - - [02/Sep/2023:10:10:04 +0800] "GET /xingrg/dwr/interface/AjaxReportQueryService.js HTTP/1.1" 200 13203
222.70.180.200 - - [02/Sep/2023:10:10:04 +0800] "GET /xingrg/check_reg.html?_=1693620682062 HTTP/1.1" 200 22
114.95.241.104 - - [02/Sep/2023:10:10:04 +0800] "GET /xingrg/all/function/internal_message.html?_=1693620499098&CODE_STATE=getMsg HTTP/1.1" 200 27
58.40.7.146 - - [02/Sep/2023:10:10:05 +0800] "GET /xingrg/all/function/internal_message.html?_=1693620605221&CODE_STATE=getMsg HTTP/1.1" 200 27
124.78.155.92 - - [02/Sep/2023:10:10:06 +0800] "POST /xingrg/services/DataTransmitService HTTP/1.1" 200 501
124.78.155.92 - - [02/Sep/2023:10:10:06 +0800] "POST /xingrg/all/report/load_report_page.html HTTP/1.1" 200 214100
124.78.155.92 - - [02/Sep/2023:10:10:07 +0800] "GET /xingrg/servlets/image?cache=0.9954210824764488&image=px HTTP/1.1" 200 807
180.152.241.196 - - [02/Sep/2023:10:10:08 +0800] "GET /xingrg/kc/mdqp/pssh_order_info.html?code=312023083100735 HTTP/1.1" 200 14382
180.152.241.196 - - [02/Sep/2023:10:10:08 +0800] "GET /xingrg/javascript/jquery_tools/jquery-1.4.2.min.js HTTP/1.1" 404 1094
180.152.241.196 - - [02/Sep/2023:10:10:08 +0800] "GET /xingrg/javascript/easyui/themes/default/validatebox.css HTTP/1.1" 404 1104
180.152.241.196 - - [02/Sep/2023:10:10:08 +0800] "POST /xingrg/kc/mdqp/pssh_order_operate.html HTTP/1.1" 200 1053
101.83.241.234 - - [02/Sep/2023:10:10:09 +0800] "GET /xingrg/kc/buy/cgsh_order_operate.html?command=get_materiel&rest_code=00149&code=00101002027&supplier_code=00100039&order_time=2023-09-02 HTTP/1.1" 200 415
180.152.241.196 - - [02/Sep/2023:10:10:09 +0800] "GET /xingrg/kc/print/load_config.html?kc_code=pssh HTTP/1.1" 200 2368
222.70.180.200 - - [02/Sep/2023:10:10:09 +0800] "GET /xingrg/all/function/internal_message.html?_=1693620609968&CODE_STATE=getMsg HTTP/1.1" 200 27
180.152.241.196 - - [02/Sep/2023:10:10:10 +0800] "GET /xingrg/kc/print/load_data.html?order_code=312023083100735&kc_code=pssh&condition= HTTP/1.1" 200 825
120.253.135.82 - - [02/Sep/2023:10:10:10 +0800] "GET /xingrg/kc/pszx/mdqp_order_list.html?state=10 HTTP/1.1" 200 11122
120.253.135.82 - - [02/Sep/2023:10:10:10 +0800] "GET /xingrg/dwr/interface/AjaxReportQueryService.js HTTP/1.1" 200 13203
120.253.135.82 - - [02/Sep/2023:10:10:10 +0800] "GET /xingrg/dwr/interface/AjaxQqpsService.js HTTP/1.1" 200 16326
120.253.135.82 - - [02/Sep/2023:10:10:10 +0800] "GET /xingrg/dwr/engine.js HTTP/1.1" 200 43631
120.253.135.82 - - [02/Sep/2023:10:10:13 +0800] "GET /xingrg/kc/pszx/ps_main.html?isBack=1 HTTP/1.1" 200 13401
120.253.135.82 - - [02/Sep/2023:10:10:13 +0800] "GET /xingrg/images/blue/button/pszx.gif HTTP/1.1" 200 2648
120.253.135.82 - - [02/Sep/2023:10:10:13 +0800] "GET /xingrg/images/blue/button/ckpd.gif HTTP/1.1" 200 2051
120.253.135.82 - - [02/Sep/2023:10:10:13 +0800] "GET /xingrg/images/blue/button/fdqpd.gif HTTP/1.1" 200 2116
120.253.135.82 - - [02/Sep/2023:10:10:13 +0800] "GET /xingrg/images/blue/button/jzcgd.gif HTTP/1.1" 200 1976
120.253.135.82 - - [02/Sep/2023:10:10:13 +0800] "GET /xingrg/images/blue/bg_dotted.jpg HTTP/1.1" 304 -
120.253.135.82 - - [02/Sep/2023:10:10:13 +0800] "GET /xingrg/images/blue/pic_form2.gif HTTP/1.1" 304 -
120.253.135.82 - - [02/Sep/2023:10:10:13 +0800] "GET /xingrg/images/blue/button/fdps2.gif HTTP/1.1" 200 2548
120.253.135.82 - - [02/Sep/2023:10:10:13 +0800] "GET /xingrg/images/blue/button/down_ah.jpg HTTP/1.1" 304 -
120.253.135.82 - - [02/Sep/2023:10:10:13 +0800] "GET /xingrg/images/blue/button/cgydd.gif HTTP/1.1" 304 -
120.253.135.82 - - [02/Sep/2023:10:10:13 +0800] "GET /xingrg/images/blue/button/yddb.gif HTTP/1.1" 200 2040
120.253.135.82 - - [02/Sep/2023:10:10:13 +0800] "GET /xingrg/images/blue/button/left_down_ah.jpg HTTP/1.1" 200 1848
120.253.135.82 - - [02/Sep/2023:10:10:13 +0800] "GET /xingrg/images/blue/button/line.jpg HTTP/1.1" 200 1397
120.253.135.82 - - [02/Sep/2023:10:10:13 +0800] "GET /xingrg/images/blue/button/right_down_ah.jpg HTTP/1.1" 200 1842
120.253.135.82 - - [02/Sep/2023:10:10:14 +0800] "GET /xingrg/images/yd/bt.gif HTTP/1.1" 404 1040
180.165.48.189 - - [02/Sep/2023:10:10:15 +0800] "GET /xingrg/all/function/internal_message.html?_=1693620614984&CODE_STATE=getMsg HTTP/1.1" 200 27
180.152.241.196 - - [02/Sep/2023:10:10:16 +0800] "POST /xingrg/kc/mdqp/pssh_list_operate.html HTTP/1.1" 200 771
120.253.135.82 - - [02/Sep/2023:10:10:16 +0800] "GET /xingrg/kc/pszx/mdqp_order_list.html?state=10 HTTP/1.1" 200 11122
120.253.135.82 - - [02/Sep/2023:10:10:16 +0800] "GET /xingrg/dwr/interface/AjaxReportQueryService.js HTTP/1.1" 200 13203
120.253.135.82 - - [02/Sep/2023:10:10:16 +0800] "GET /xingrg/dwr/interface/AjaxQqpsService.js HTTP/1.1" 200 16326
120.253.135.82 - - [02/Sep/2023:10:10:16 +0800] "GET /xingrg/dwr/engine.js HTTP/1.1" 200 43631
180.152.241.196 - - [02/Sep/2023:10:10:17 +0800] "GET /xingrg/kc/mdqp/pssh_order_info.html?code=312023090100003 HTTP/1.1" 200 17293
180.152.241.196 - - [02/Sep/2023:10:10:17 +0800] "GET /xingrg/javascript/jquery_tools/jquery-1.4.2.min.js HTTP/1.1" 404 1094
180.152.241.196 - - [02/Sep/2023:10:10:18 +0800] "GET /xingrg/javascript/easyui/themes/default/validatebox.css HTTP/1.1" 404 1104
180.152.241.196 - - [02/Sep/2023:10:10:18 +0800] "POST /xingrg/kc/mdqp/pssh_order_operate.html HTTP/1.1" 200 3701
101.83.145.37 - - [02/Sep/2023:10:10:18 +0800] "GET /xingrg/kc/buy/cgsh_order_operate.html?command=get_materiel&rest_code=00105&code=00101007081&supplier_code=00100002&order_time=2023-09-02 HTTP/1.1" 200 413
180.152.241.196 - - [02/Sep/2023:10:10:19 +0800] "POST /xingrg/all/common/load_combo.html?type=employee HTTP/1.1" 200 353
124.78.155.92 - - [02/Sep/2023:10:10:20 +0800] "POST /xingrg/services/DataTransmitService HTTP/1.1" 200 412
101.83.145.37 - - [02/Sep/2023:10:10:20 +0800] "GET /xingrg/all/function/internal_message.html?_=1693620620896&CODE_STATE=getMsg HTTP/1.1" 200 27
101.83.241.137 - - [02/Sep/2023:10:10:21 +0800] "GET /xingrg/all/function/internal_message.html?_=1693620764639&CODE_STATE=getMsg HTTP/1.1" 200 27
124.78.155.92 - - [02/Sep/2023:10:10:23 +0800] "POST /xingrg/services/DataTransmitService HTTP/1.1" 200 524
180.169.147.146 - - [02/Sep/2023:10:10:23 +0800] "GET /xingrg/login.html HTTP/1.1" 200 7641
101.228.187.155 - - [02/Sep/2023:10:10:24 +0800] "GET /xingrg/all/function/internal_message.html?_=1693620623170&CODE_STATE=getMsg HTTP/1.1" 200 27
180.152.241.196 - - [02/Sep/2023:10:10:25 +0800] "POST /xingrg/kc/mdqp/pssh_order_operate.html HTTP/1.1" 200 37
180.169.147.146 - - [02/Sep/2023:10:10:26 +0800] "GET /favicon.ico HTTP/1.1" 404 -
101.83.241.234 - - [02/Sep/2023:10:10:28 +0800] "GET /xingrg/kc/buy/cgsh_order_operate.html?command=get_materiel&rest_code=00149&code=00101001075&supplier_code=00100039&order_time=2023-09-02 HTTP/1.1" 200 411
180.169.147.146 - - [02/Sep/2023:10:10:29 +0800] "POST /xingrg/login.do HTTP/1.1" 302 -
180.169.147.146 - - [02/Sep/2023:10:10:29 +0800] "GET /xingrg/index.html?sysBaseUrl=http%3A%2F%2F180.169.147.146%3A18081%2Fxingrg%2F&costTime=1212×tamp=1693620629190 HTTP/1.1" 200 17503
180.152.241.196 - - [02/Sep/2023:10:10:29 +0800] "POST /xingrg/kc/mdqp/pssh_order_operate.html HTTP/1.1" 200 12
180.169.147.146 - - [02/Sep/2023:10:10:29 +0800] "GET /favicon.ico HTTP/1.1" 404 -
58.39.110.121 - - [02/Sep/2023:10:10:30 +0800] "POST /xingrg/kc/base/yddb_list_operate.html HTTP/1.1" 200 205
180.169.147.146 - - [02/Sep/2023:10:10:30 +0800] "POST /xingrg/all/common/load_tree.html?tree=area_rest_tree_json&manage=1 HTTP/1.1" 200 3499
180.169.147.146 - - [02/Sep/2023:10:10:30 +0800] "GET /xingrg/all/function/internal_message.html?_=1693620629775&CODE_STATE=count HTTP/1.1" 200 11
180.169.147.146 - - [02/Sep/2023:10:10:30 +0800] "GET /xingrg/check_reg.html?_=1693620629776 HTTP/1.1" 200 22
180.152.241.196 - - [02/Sep/2023:10:10:30 +0800] "GET /xingrg/kc/mdqp/pssh_order_info.html?code=312023090100003 HTTP/1.1" 200 14382
180.152.241.196 - - [02/Sep/2023:10:10:30 +0800] "GET /xingrg/javascript/jquery_tools/jquery-1.4.2.min.js HTTP/1.1" 404 1094
180.169.147.146 - - [02/Sep/2023:10:10:30 +0800] "POST /xingrg/load_menu.html HTTP/1.1" 200 11443
180.152.241.196 - - [02/Sep/2023:10:10:31 +0800] "GET /xingrg/javascript/easyui/themes/default/validatebox.css HTTP/1.1" 404 1104
180.152.241.196 - - [02/Sep/2023:10:10:31 +0800] "POST /xingrg/kc/mdqp/pssh_order_operate.html HTTP/1.1" 200 3701
58.39.110.121 - - [02/Sep/2023:10:10:31 +0800] "GET /xingrg/kc/base/yddb_order_info.html?code=482023081900137 HTTP/1.1" 200 31043
58.39.110.121 - - [02/Sep/2023:10:10:31 +0800] "GET /xingrg/dwr/interface/AjaxYddbService.js HTTP/1.1" 200 13201
58.39.110.121 - - [02/Sep/2023:10:10:31 +0800] "GET /xingrg/dwr/interface/AjaxComOrderService.js HTTP/1.1" 200 18264
58.39.110.121 - - [02/Sep/2023:10:10:31 +0800] "GET /xingrg/dwr/engine.js HTTP/1.1" 200 43631
58.39.110.121 - - [02/Sep/2023:10:10:32 +0800] "POST /xingrg/dwr/call/plaincall/AjaxYddbService.loadMaterielItems.dwr HTTP/1.1" 200 397
180.152.241.196 - - [02/Sep/2023:10:10:32 +0800] "GET /xingrg/kc/print/load_data.html?order_code=312023090100003&kc_code=pssh&condition= HTTP/1.1" 200 1766
180.169.147.146 - - [02/Sep/2023:10:10:34 +0800] "POST /xingrg/all/user/operate.html HTTP/1.1" 200 36
180.169.147.146 - - [02/Sep/2023:10:10:34 +0800] "GET /xingrg/index.html?sysBaseUrl=http%3A%2F%2F180.169.147.146%3A18081%2Fxingrg%2F&costTime=1212×tamp=1693620629190 HTTP/1.1" 200 17509
180.169.147.146 - - [02/Sep/2023:10:10:34 +0800] "GET /xingrg/javascript/jquery_easy_ui/themes/default/easyui.css HTTP/1.1" 304 -
180.169.147.146 - - [02/Sep/2023:10:10:34 +0800] "GET /xingrg/javascript/jquery_easy_ui/themes/icon.css HTTP/1.1" 304 -
180.169.147.146 - - [02/Sep/2023:10:10:34 +0800] "GET /xingrg/css/form.css HTTP/1.1" 304 -
180.169.147.146 - - [02/Sep/2023:10:10:34 +0800] "GET /xingrg/javascript/jquery-1.4.2.min.js HTTP/1.1" 304 -
180.169.147.146 - - [02/Sep/2023:10:10:34 +0800] "GET /xingrg/javascript/jquery_easy_ui/jquery.easyui.min.js HTTP/1.1" 304 -
180.169.147.146 - - [02/Sep/2023:10:10:34 +0800] "GET /xingrg/javascript/jquery_easy_ui/easyui-lang-zh_CN.js HTTP/1.1" 304 -
180.169.147.146 - - [02/Sep/2023:10:10:34 +0800] "GET /xingrg/javascript/jquery.form.js HTTP/1.1" 304 -
180.169.147.146 - - [02/Sep/2023:10:10:34 +0800] "GET /xingrg/javascript/jquery.utils.js HTTP/1.1" 304 -
180.169.147.146 - - [02/Sep/2023:10:10:34 +0800] "GET /xingrg/javascript/jquery.timers.js HTTP/1.1" 304 -
180.169.147.146 - - [02/Sep/2023:10:10:34 +0800] "GET /xingrg/images/blue/jxLogo.png HTTP/1.1" 304 -
180.169.147.146 - - [02/Sep/2023:10:10:34 +0800] "GET /xingrg/images/blue/navBackgound.jpg HTTP/1.1" 304 -
180.169.147.146 - - [02/Sep/2023:10:10:34 +0800] "GET /xingrg/javascript/jquery_easy_ui/themes/icons/settle_new.png HTTP/1.1" 304 -
180.169.147.146 - - [02/Sep/2023:10:10:34 +0800] "GET /xingrg/all/function/internal_message.html?_=1693620633612&CODE_STATE=count HTTP/1.1" 200 11
180.169.147.146 - - [02/Sep/2023:10:10:34 +0800] "GET /xingrg/check_reg.html?_=1693620633612 HTTP/1.1" 200 22
180.169.147.146 - - [02/Sep/2023:10:10:34 +0800] "GET /xingrg/javascript/jquery_easy_ui/themes/default/images/tabs_rightarrow.png HTTP/1.1" 304 -
180.169.147.146 - - [02/Sep/2023:10:10:34 +0800] "GET /xingrg/javascript/jquery_easy_ui/themes/default/images/tabs_leftarrow.png HTTP/1.1" 304 -
180.169.147.146 - - [02/Sep/2023:10:10:34 +0800] "GET /xingrg/javascript/jquery_easy_ui/themes/default/images/panel_tool_expand.gif HTTP/1.1" 304 -
180.169.147.146 - - [02/Sep/2023:10:10:34 +0800] "GET /xingrg/javascript/jquery_easy_ui/themes/default/images/panel_tool_collapse.gif HTTP/1.1" 304 -
180.169.147.146 - - [02/Sep/2023:10:10:34 +0800] "GET /xingrg/images/blue/pingpu.png HTTP/1.1" 304 -
180.169.147.146 - - [02/Sep/2023:10:10:34 +0800] "POST /xingrg/all/common/load_tree.html?tree=area_rest_tree_json&manage=1 HTTP/1.1" 200 3499
180.169.147.146 - - [02/Sep/2023:10:10:34 +0800] "POST /xingrg/load_menu.html HTTP/1.1" 200 9959
180.169.147.146 - - [02/Sep/2023:10:10:35 +0800] "GET /xingrg/kc/base/base_main.html HTTP/1.1" 200 12142
180.152.241.196 - - [02/Sep/2023:10:10:35 +0800] "GET /xingrg/all/function/internal_message.html?_=1693620635762&CODE_STATE=getMsg HTTP/1.1" 200 27
58.39.110.121 - - [02/Sep/2023:10:10:36 +0800] "GET /xingrg/kc/base/yddb_order_report.html?fileType=servlets/html&code=482023081900137&reportName=ck_order_report&subName=yddb HTTP/1.1" 302 -
58.39.110.121 - - [02/Sep/2023:10:10:36 +0800] "GET /xingrg/servlets/html?sysBaseUrl=http%3A%2F%2F180.169.147.146%3A18081%2Fxingrg%2F&costTime=444×tamp=1693620636157 HTTP/1.1" 200 14770
58.39.110.121 - - [02/Sep/2023:10:10:36 +0800] "GET /favicon.ico HTTP/1.1" 404 -
172.20.0.100 - - [02/Sep/2023:10:10:36 +0800] "GET /xingrg/all/function/internal_message.html?_=1693620636073&CODE_STATE=getMsg HTTP/1.1" 200 27
180.152.241.196 - - [02/Sep/2023:10:10:36 +0800] "POST /xingrg/kc/mdqp/pssh_list_operate.html HTTP/1.1" 200 5385
180.152.241.196 - - [02/Sep/2023:10:10:37 +0800] "POST /xingrg/kc/mdqp/pssh_list_operate.html HTTP/1.1" 200 783
180.152.241.196 - - [02/Sep/2023:10:10:38 +0800] "GET /xingrg/kc/mdqp/pssh_order_info.html?code=312023090100001 HTTP/1.1" 200 17297
180.152.241.196 - - [02/Sep/2023:10:10:38 +0800] "GET /xingrg/javascript/jquery_tools/jquery-1.4.2.min.js HTTP/1.1" 404 1094
180.152.241.196 - - [02/Sep/2023:10:10:38 +0800] "GET /xingrg/javascript/easyui/themes/default/validatebox.css HTTP/1.1" 404 1104
180.152.241.196 - - [02/Sep/2023:10:10:39 +0800] "POST /xingrg/kc/mdqp/pssh_order_operate.html HTTP/1.1" 200 8372
120.253.135.82 - - [02/Sep/2023:10:10:39 +0800] "GET /xingrg/kc/pszx/mdps_order_list.html?orderType=0 HTTP/1.1" 200 21108
120.253.135.82 - - [02/Sep/2023:10:10:40 +0800] "POST /xingrg/kc/pszx/mdps_list_operate.html HTTP/1.1" 200 5524
172.20.0.100 - - [02/Sep/2023:10:10:40 +0800] "GET /xingrg/javascript/jquery_easy_ui/themes/default/images/button_plain_hover.png HTTP/1.1" 200 252
180.152.241.196 - - [02/Sep/2023:10:10:40 +0800] "POST /xingrg/all/common/load_combo.html?type=employee HTTP/1.1" 200 353
180.169.147.146 - - [02/Sep/2023:10:10:44 +0800] "GET /xingrg/kc/mdqp/psth_order_list1.html HTTP/1.1" 200 18028
180.152.241.196 - - [02/Sep/2023:10:10:44 +0800] "POST /xingrg/kc/mdqp/pssh_order_operate.html HTTP/1.1" 200 37
180.169.147.146 - - [02/Sep/2023:10:10:45 +0800] "GET /xingrg/all/function/internal_message.html?_=1693620645641&CODE_STATE=getMsg HTTP/1.1" 200 27
180.169.147.146 - - [02/Sep/2023:10:10:45 +0800] "POST /xingrg/kc/mdqp/psth_list_operate.html HTTP/1.1" 200 749
101.83.241.234 - - [02/Sep/2023:10:10:46 +0800] "GET /xingrg/all/function/internal_message.html?_=1693620644272&CODE_STATE=getMsg HTTP/1.1" 200 27
180.169.147.146 - - [02/Sep/2023:10:10:47 +0800] "POST /xingrg/kc/mdqp/psth_list_operate.html HTTP/1.1" 200 749
101.83.241.234 - - [02/Sep/2023:10:10:48 +0800] "GET /xingrg/all/function/internal_message.html?_=1693620647126&CODE_STATE=getMsg HTTP/1.1" 200 27
101.83.241.234 - - [02/Sep/2023:10:10:48 +0800] "GET /xingrg/kc/buy/cgsh_order_operate.html?command=get_materiel&rest_code=00149&code=00101005037&supplier_code=00100039&order_time=2023-09-02 HTTP/1.1" 200 409
180.152.241.196 - - [02/Sep/2023:10:10:49 +0800] "POST /xingrg/kc/mdqp/pssh_order_operate.html HTTP/1.1" 200 12
180.169.147.146 - - [02/Sep/2023:10:10:49 +0800] "POST /xingrg/kc/mdqp/psth_list_operate.html HTTP/1.1" 200 4876
180.152.241.196 - - [02/Sep/2023:10:10:50 +0800] "GET /xingrg/kc/mdqp/pssh_order_info.html?code=312023090100001 HTTP/1.1" 200 14386
180.152.241.196 - - [02/Sep/2023:10:10:50 +0800] "GET /xingrg/javascript/jquery_tools/jquery-1.4.2.min.js HTTP/1.1" 404 1094
180.152.241.196 - - [02/Sep/2023:10:10:50 +0800] "GET /xingrg/javascript/easyui/themes/default/validatebox.css HTTP/1.1" 404 1104
180.152.241.196 - - [02/Sep/2023:10:10:50 +0800] "POST /xingrg/kc/mdqp/pssh_order_operate.html HTTP/1.1" 200 8372
180.169.147.146 - - [02/Sep/2023:10:10:50 +0800] "POST /xingrg/kc/mdqp/psth_list_operate.html HTTP/1.1" 200 203
180.174.205.229 - - [02/Sep/2023:10:10:52 +0800] "GET /xingrg/all/function/internal_message.html?_=1693620651827&CODE_STATE=getMsg HTTP/1.1" 200 27
180.152.241.196 - - [02/Sep/2023:10:10:52 +0800] "GET /xingrg/kc/print/load_data.html?order_code=312023090100001&kc_code=pssh&condition= HTTP/1.1" 200 3277
101.83.145.37 - - [02/Sep/2023:10:10:52 +0800] "POST /xingrg/kc/buy/cgsh_order_operate.html HTTP/1.1" 200 37
180.162.114.7 - - [02/Sep/2023:10:10:53 +0800] "GET /xingrg/check_reg.html?_=1693619332800 HTTP/1.1" 200 22
180.162.114.7 - - [02/Sep/2023:10:10:54 +0800] "GET /xingrg/all/function/internal_message.html?_=1693619332802&CODE_STATE=getMsg HTTP/1.1" 200 27
222.70.180.200 - - [02/Sep/2023:10:10:54 +0800] "GET /xingrg/all/function/internal_message.html?_=1693620732419&CODE_STATE=getMsg HTTP/1.1" 200 27
101.83.145.37 - - [02/Sep/2023:10:10:54 +0800] "POST /xingrg/kc/buy/cgsh_order_operate.html HTTP/1.1" 200 2661
180.152.241.196 - - [02/Sep/2023:10:10:55 +0800] "GET /xingrg/all/function/internal_message.html?_=1693620674014&CODE_STATE=getMsg HTTP/1.1" 200 27
124.78.155.92 - - [02/Sep/2023:10:10:55 +0800] "GET /xingrg/all/function/internal_message.html?_=1693620672101&CODE_STATE=getMsg HTTP/1.1" 200 27
124.79.247.70 - - [02/Sep/2023:10:10:55 +0800] "GET /xingrg/all/function/internal_message.html?_=1693620950599&CODE_STATE=getMsg HTTP/1.1" 200 27
101.83.145.37 - - [02/Sep/2023:10:10:57 +0800] "GET /xingrg/kc/print/load_data.html?order_code=212023090200471&kc_code=cgsh&condition= HTTP/1.1" 200 750
180.152.241.196 - - [02/Sep/2023:10:10:57 +0800] "POST /xingrg/kc/mdqp/pssh_list_operate.html HTTP/1.1" 200 5410
101.83.145.37 - - [02/Sep/2023:10:10:57 +0800] "GET /xingrg/all/function/internal_message.html?_=1693620451537&CODE_STATE=getMsg HTTP/1.1" 200 27
180.152.241.196 - - [02/Sep/2023:10:10:57 +0800] "POST /xingrg/kc/mdqp/pssh_list_operate.html HTTP/1.1" 200 356
58.39.110.121 - - [02/Sep/2023:10:10:59 +0800] "GET /xingrg/all/function/internal_message.html?_=1693620659332&CODE_STATE=getMsg HTTP/1.1" 200 27
58.39.110.121 - - [02/Sep/2023:10:10:59 +0800] "POST /xingrg/kc/base/yddb_list_operate.html HTTP/1.1" 200 206
180.152.241.196 - - [02/Sep/2023:10:10:59 +0800] "GET /xingrg/kc/mdqp/pssh_order_info.html?code=312023082100506 HTTP/1.1" 200 17244
180.152.241.196 - - [02/Sep/2023:10:10:59 +0800] "GET /xingrg/javascript/jquery_tools/jquery-1.4.2.min.js HTTP/1.1" 404 1094
180.169.147.146 - - [02/Sep/2023:10:11:00 +0800] "GET /xingrg/kc/mdqp/psth_order_info1.html?code=322023071300007 HTTP/1.1" 200 22495
180.169.147.146 - - [02/Sep/2023:10:11:00 +0800] "GET /xingrg/javascript/jquery_tools/jquery-1.4.2.min.js HTTP/1.1" 404 1094
180.169.147.146 - - [02/Sep/2023:10:11:00 +0800] "GET /xingrg/words/20230902100927_words.js HTTP/1.1" 200 985363
180.152.241.196 - - [02/Sep/2023:10:11:00 +0800] "GET /xingrg/javascript/easyui/themes/default/validatebox.css HTTP/1.1" 404 1104
180.152.241.196 - - [02/Sep/2023:10:11:00 +0800] "POST /xingrg/kc/mdqp/pssh_order_operate.html HTTP/1.1" 200 1038
180.152.241.196 - - [02/Sep/2023:10:11:01 +0800] "POST /xingrg/kc/mdqp/pssh_list_operate.html HTTP/1.1" 200 5410
180.169.147.146 - - [02/Sep/2023:10:11:01 +0800] "GET /xingrg/javascript/easyui/themes/default/validatebox.css HTTP/1.1" 404 1104
180.174.205.229 - - [02/Sep/2023:10:11:01 +0800] "GET /xingrg/check_reg.html?_=1693620661225 HTTP/1.1" 200 22
180.169.147.146 - - [02/Sep/2023:10:11:01 +0800] "POST /xingrg/kc/mdqp/psth_order_operate.html HTTP/1.1" 200 498
58.39.110.121 - - [02/Sep/2023:10:11:02 +0800] "GET /xingrg/kc/base/yddb_order_info.html?code=482023081900127 HTTP/1.1" 200 30092
58.39.110.121 - - [02/Sep/2023:10:11:02 +0800] "GET /xingrg/dwr/interface/AjaxYddbService.js HTTP/1.1" 200 13201
58.39.110.121 - - [02/Sep/2023:10:11:02 +0800] "GET /xingrg/dwr/interface/AjaxComOrderService.js HTTP/1.1" 200 18264
58.39.110.121 - - [02/Sep/2023:10:11:02 +0800] "GET /xingrg/dwr/engine.js HTTP/1.1" 200 43631
180.152.241.196 - - [02/Sep/2023:10:11:02 +0800] "POST /xingrg/kc/mdqp/pssh_list_operate.html HTTP/1.1" 200 5517
58.39.110.121 - - [02/Sep/2023:10:11:02 +0800] "POST /xingrg/dwr/call/plaincall/AjaxYddbService.loadMaterielItems.dwr HTTP/1.1" 200 401
101.83.241.234 - - [02/Sep/2023:10:11:02 +0800] "GET /xingrg/kc/buy/cgsh_order_operate.html?command=get_materiel&rest_code=00149&code=00101001010&supplier_code=00100039&order_time=2023-09-02 HTTP/1.1" 200 411
114.95.241.104 - - [02/Sep/2023:10:11:03 +0800] "GET /xingrg/all/function/internal_message.html?_=1693620558092&CODE_STATE=getMsg HTTP/1.1" 200 27
180.152.241.196 - - [02/Sep/2023:10:11:03 +0800] "POST /xingrg/kc/mdqp/pssh_list_operate.html HTTP/1.1" 200 451
120.253.135.82 - - [02/Sep/2023:10:11:03 +0800] "GET /xingrg/all/function/internal_message.html?_=1693620469637&CODE_STATE=getMsg HTTP/1.1" 200 27
114.95.241.104 - - [02/Sep/2023:10:11:04 +0800] "GET /xingrg/all/function/internal_message.html?_=1693620559104&CODE_STATE=getMsg HTTP/1.1" 200 27
58.39.110.121 - - [02/Sep/2023:10:11:05 +0800] "GET /xingrg/kc/base/yddb_order_report.html?fileType=servlets/html&code=482023081900127&reportName=ck_order_report&subName=yddb HTTP/1.1" 302 -
58.39.110.121 - - [02/Sep/2023:10:11:05 +0800] "GET /xingrg/servlets/html?sysBaseUrl=http%3A%2F%2F180.169.147.146%3A18081%2Fxingrg%2F&costTime=650×tamp=1693620665011 HTTP/1.1" 200 14767
58.39.110.121 - - [02/Sep/2023:10:11:05 +0800] "GET /favicon.ico HTTP/1.1" 404 -
180.152.241.196 - - [02/Sep/2023:10:11:05 +0800] "GET /xingrg/kc/mdqp/pssh_order_info.html?code=312023083100734 HTTP/1.1" 200 17293
180.152.241.196 - - [02/Sep/2023:10:11:05 +0800] "GET /xingrg/javascript/jquery_tools/jquery-1.4.2.min.js HTTP/1.1" 404 1094
58.40.7.146 - - [02/Sep/2023:10:11:05 +0800] "GET /xingrg/all/function/internal_message.html?_=1693620665222&CODE_STATE=getMsg HTTP/1.1" 200 27
58.40.7.146 - - [02/Sep/2023:10:11:05 +0800] "GET /xingrg/check_reg.html?_=1693620665224 HTTP/1.1" 200 22
180.152.241.196 - - [02/Sep/2023:10:11:05 +0800] "GET /xingrg/javascript/easyui/themes/default/validatebox.css HTTP/1.1" 404 1104
180.152.241.196 - - [02/Sep/2023:10:11:05 +0800] "POST /xingrg/kc/mdqp/pssh_order_operate.html HTTP/1.1" 200 1576
222.70.180.200 - - [02/Sep/2023:10:11:09 +0800] "GET /xingrg/all/function/internal_message.html?_=1693620669953&CODE_STATE=getMsg HTTP/1.1" 200 27
120.253.135.82 - - [02/Sep/2023:10:11:12 +0800] "GET /xingrg/kc/pszx/mdqp_order_list.html?state=10 HTTP/1.1" 200 11122
120.253.135.82 - - [02/Sep/2023:10:11:12 +0800] "GET /xingrg/dwr/interface/AjaxQqpsService.js HTTP/1.1" 200 16326
120.253.135.82 - - [02/Sep/2023:10:11:12 +0800] "GET /xingrg/dwr/interface/AjaxReportQueryService.js HTTP/1.1" 200 13203
120.253.135.82 - - [02/Sep/2023:10:11:12 +0800] "GET /xingrg/dwr/engine.js HTTP/1.1" 200 43631
180.165.48.189 - - [02/Sep/2023:10:11:15 +0800] "GET /xingrg/all/function/internal_message.html?_=1693620674998&CODE_STATE=getMsg HTTP/1.1" 200 27
180.165.48.189 - - [02/Sep/2023:10:11:16 +0800] "GET /xingrg/check_reg.html?_=1693620675000 HTTP/1.1" 200 22
101.83.241.234 - - [02/Sep/2023:10:11:16 +0800] "POST /xingrg/kc/buy/cgsh_order_operate.html HTTP/1.1" 200 37
101.83.145.37 - - [02/Sep/2023:10:11:16 +0800] "GET /xingrg/kc/buy/cgsh_order_add.html HTTP/1.1" 200 72246
101.83.145.37 - - [02/Sep/2023:10:11:17 +0800] "GET /xingrg/words/20230902100927_words.js HTTP/1.1" 200 985363
101.83.145.37 - - [02/Sep/2023:10:11:17 +0800] "POST /xingrg/kc/buy/cgsh_order_operate.html HTTP/1.1" 200 8245
101.83.145.37 - - [02/Sep/2023:10:11:17 +0800] "GET /xingrg/javascript/easyui/themes/default/validatebox.css HTTP/1.1" 404 1104
58.39.110.121 - - [02/Sep/2023:10:11:18 +0800] "POST /xingrg/kc/base/yddb_list_operate.html HTTP/1.1" 200 206
101.83.145.37 - - [02/Sep/2023:10:11:20 +0800] "GET /xingrg/all/function/internal_message.html?_=1693620680924&CODE_STATE=getMsg HTTP/1.1" 200 27
58.39.110.121 - - [02/Sep/2023:10:11:20 +0800] "GET /xingrg/kc/base/yddb_order_info.html?code=482023081900126 HTTP/1.1" 200 30054
58.39.110.121 - - [02/Sep/2023:10:11:20 +0800] "GET /xingrg/dwr/interface/AjaxYddbService.js HTTP/1.1" 200 13201
58.39.110.121 - - [02/Sep/2023:10:11:20 +0800] "GET /xingrg/dwr/interface/AjaxComOrderService.js HTTP/1.1" 200 18264
58.39.110.121 - - [02/Sep/2023:10:11:20 +0800] "GET /xingrg/dwr/engine.js HTTP/1.1" 200 43631
58.39.110.121 - - [02/Sep/2023:10:11:21 +0800] "POST /xingrg/dwr/call/plaincall/AjaxYddbService.loadMaterielItems.dwr HTTP/1.1" 200 401
101.83.241.137 - - [02/Sep/2023:10:11:21 +0800] "GET /xingrg/all/function/internal_message.html?_=1693620824631&CODE_STATE=getMsg HTTP/1.1" 200 27
58.39.110.121 - - [02/Sep/2023:10:11:23 +0800] "GET /xingrg/kc/base/yddb_order_report.html?fileType=servlets/html&code=482023081900126&reportName=ck_order_report&subName=yddb HTTP/1.1" 302 -
58.39.110.121 - - [02/Sep/2023:10:11:23 +0800] "GET /xingrg/servlets/html?sysBaseUrl=http%3A%2F%2F180.169.147.146%3A18081%2Fxingrg%2F&costTime=475×tamp=1693620683159 HTTP/1.1" 200 14767
58.39.110.121 - - [02/Sep/2023:10:11:23 +0800] "GET /favicon.ico HTTP/1.1" 404 -
101.228.187.155 - - [02/Sep/2023:10:11:24 +0800] "GET /xingrg/all/function/internal_message.html?_=1693620683170&CODE_STATE=getMsg HTTP/1.1" 200 27
180.152.241.196 - - [02/Sep/2023:10:11:24 +0800] "POST /xingrg/all/common/load_combo.html?type=employee HTTP/1.1" 200 353
101.83.241.234 - - [02/Sep/2023:10:11:25 +0800] "POST /xingrg/kc/buy/cgsh_order_operate.html HTTP/1.1" 200 4431
180.152.241.196 - - [02/Sep/2023:10:11:28 +0800] "POST /xingrg/kc/mdqp/pssh_order_operate.html HTTP/1.1" 200 37
120.253.135.82 - - [02/Sep/2023:10:11:29 +0800] "GET /xingrg/javascript/jquery_easy_ui/themes/default/images/tabs_active.png HTTP/1.1" 304 -
180.152.241.196 - - [02/Sep/2023:10:11:31 +0800] "POST /xingrg/kc/mdqp/pssh_order_operate.html HTTP/1.1" 200 12
120.253.135.82 - - [02/Sep/2023:10:11:31 +0800] "GET /xingrg/kc/pszx/mdqp_order_list.html?state=10 HTTP/1.1" 200 11122
120.253.135.82 - - [02/Sep/2023:10:11:31 +0800] "GET /xingrg/dwr/interface/AjaxReportQueryService.js HTTP/1.1" 200 13203
120.253.135.82 - - [02/Sep/2023:10:11:31 +0800] "GET /xingrg/dwr/interface/AjaxQqpsService.js HTTP/1.1" 200 16326
120.253.135.82 - - [02/Sep/2023:10:11:31 +0800] "GET /xingrg/dwr/engine.js HTTP/1.1" 200 43631
180.152.241.196 - - [02/Sep/2023:10:11:32 +0800] "GET /xingrg/kc/mdqp/pssh_order_info.html?code=312023083100734 HTTP/1.1" 200 14382
180.152.241.196 - - [02/Sep/2023:10:11:33 +0800] "GET /xingrg/javascript/jquery_tools/jquery-1.4.2.min.js HTTP/1.1" 404 1094
180.152.241.196 - - [02/Sep/2023:10:11:33 +0800] "GET /xingrg/javascript/easyui/themes/default/validatebox.css HTTP/1.1" 404 1104
180.169.147.146 - - [02/Sep/2023:10:11:34 +0800] "GET /xingrg/all/function/internal_message.html?_=1693620693618&CODE_STATE=getMsg HTTP/1.1" 200 27
180.152.241.196 - - [02/Sep/2023:10:11:35 +0800] "GET /xingrg/all/function/internal_message.html?_=1693620695774&CODE_STATE=getMsg HTTP/1.1" 200 27
172.20.0.100 - - [02/Sep/2023:10:11:36 +0800] "GET /xingrg/all/function/internal_message.html?_=1693620696072&CODE_STATE=getMsg HTTP/1.1" 200 27
180.152.241.196 - - [02/Sep/2023:10:11:36 +0800] "POST /xingrg/kc/mdqp/pssh_order_operate.html HTTP/1.1" 200 1576
120.253.135.82 - - [02/Sep/2023:10:11:37 +0800] "GET /xingrg/kc/pszx/mdqp_order_list.html?state=10 HTTP/1.1" 200 11122
120.253.135.82 - - [02/Sep/2023:10:11:37 +0800] "GET /xingrg/dwr/interface/AjaxQqpsService.js HTTP/1.1" 200 16326
120.253.135.82 - - [02/Sep/2023:10:11:37 +0800] "GET /xingrg/dwr/interface/AjaxReportQueryService.js HTTP/1.1" 200 13203
120.253.135.82 - - [02/Sep/2023:10:11:37 +0800] "GET /xingrg/dwr/engine.js HTTP/1.1" 200 43631
180.152.241.196 - - [02/Sep/2023:10:11:38 +0800] "GET /xingrg/kc/print/load_data.html?order_code=312023083100734&kc_code=pssh&condition= HTTP/1.1" 200 1001
120.253.135.82 - - [02/Sep/2023:10:11:42 +0800] "GET /xingrg/kc/pszx/mdps_order_list.html?orderType=0 HTTP/1.1" 200 21108
120.253.135.82 - - [02/Sep/2023:10:11:43 +0800] "POST /xingrg/kc/pszx/mdps_list_operate.html HTTP/1.1" 200 5524
180.152.241.196 - - [02/Sep/2023:10:11:43 +0800] "POST /xingrg/kc/mdqp/pssh_list_operate.html HTTP/1.1" 200 5542
180.152.241.196 - - [02/Sep/2023:10:11:44 +0800] "POST /xingrg/kc/mdqp/pssh_list_operate.html HTTP/1.1" 200 348
180.152.241.196 - - [02/Sep/2023:10:11:45 +0800] "GET /xingrg/kc/mdqp/pssh_order_info.html?code=312023083100738 HTTP/1.1" 200 17295
180.169.147.146 - - [02/Sep/2023:10:11:45 +0800] "GET /xingrg/all/function/internal_message.html?_=1693620705653&CODE_STATE=getMsg HTTP/1.1" 200 27
180.152.241.196 - - [02/Sep/2023:10:11:45 +0800] "GET /xingrg/javascript/jquery_tools/jquery-1.4.2.min.js HTTP/1.1" 404 1094
114.95.241.104 - - [02/Sep/2023:10:11:46 +0800] "GET /xingrg/check_reg.html?_=1693620601130 HTTP/1.1" 200 22
180.152.241.196 - - [02/Sep/2023:10:11:46 +0800] "GET /xingrg/javascript/easyui/themes/default/validatebox.css HTTP/1.1" 404 1104
101.83.241.234 - - [02/Sep/2023:10:11:46 +0800] "GET /xingrg/all/function/internal_message.html?_=1693620704248&CODE_STATE=getMsg HTTP/1.1" 200 27
58.39.110.121 - - [02/Sep/2023:10:11:46 +0800] "POST /xingrg/kc/base/yddb_list_operate.html HTTP/1.1" 200 206
180.152.241.196 - - [02/Sep/2023:10:11:46 +0800] "POST /xingrg/kc/mdqp/pssh_order_operate.html HTTP/1.1" 200 1037
101.83.145.37 - - [02/Sep/2023:10:11:46 +0800] "GET /xingrg/kc/buy/cgsh_order_operate.html?command=get_materiel&rest_code=00105&code=00101007199&supplier_code=00100012&order_time=2023-09-02 HTTP/1.1" 200 435
180.152.241.196 - - [02/Sep/2023:10:11:46 +0800] "POST /xingrg/all/common/load_combo.html?type=employee HTTP/1.1" 200 353
58.39.110.121 - - [02/Sep/2023:10:11:47 +0800] "GET /xingrg/kc/base/yddb_order_info.html?code=482023081900125 HTTP/1.1" 200 30170
58.39.110.121 - - [02/Sep/2023:10:11:47 +0800] "GET /xingrg/dwr/interface/AjaxYddbService.js HTTP/1.1" 200 13201
58.39.110.121 - - [02/Sep/2023:10:11:47 +0800] "GET /xingrg/dwr/interface/AjaxComOrderService.js HTTP/1.1" 200 18264
58.39.110.121 - - [02/Sep/2023:10:11:47 +0800] "GET /xingrg/dwr/engine.js HTTP/1.1" 200 43631
58.39.110.121 - - [02/Sep/2023:10:11:48 +0800] "POST /xingrg/dwr/call/plaincall/AjaxYddbService.loadMaterielItems.dwr HTTP/1.1" 200 401
101.83.241.234 - - [02/Sep/2023:10:11:48 +0800] "GET /xingrg/all/function/internal_message.html?_=1693620707129&CODE_STATE=getMsg HTTP/1.1" 200 27
180.152.241.196 - - [02/Sep/2023:10:11:51 +0800] "POST /xingrg/kc/mdqp/pssh_order_operate.html HTTP/1.1" 200 37
58.39.110.121 - - [02/Sep/2023:10:11:51 +0800] "GET /xingrg/kc/base/yddb_order_report.html?fileType=servlets/html&code=482023081900125&reportName=ck_order_report&subName=yddb HTTP/1.1" 302 -
58.39.110.121 - - [02/Sep/2023:10:11:51 +0800] "GET /xingrg/servlets/html?sysBaseUrl=http%3A%2F%2F180.169.147.146%3A18081%2Fxingrg%2F&costTime=805×tamp=1693620711649 HTTP/1.1" 200 14767
58.39.110.121 - - [02/Sep/2023:10:11:51 +0800] "GET /favicon.ico HTTP/1.1" 404 -
180.174.205.229 - - [02/Sep/2023:10:11:52 +0800] "GET /xingrg/all/function/internal_message.html?_=1693620711821&CODE_STATE=getMsg HTTP/1.1" 200 27
120.253.135.82 - - [02/Sep/2023:10:11:53 +0800] "GET /xingrg/kc/pszx/mdqp_order_list.html?state=10 HTTP/1.1" 200 11122
120.253.135.82 - - [02/Sep/2023:10:11:53 +0800] "GET /xingrg/dwr/interface/AjaxReportQueryService.js HTTP/1.1" 200 13203
120.253.135.82 - - [02/Sep/2023:10:11:53 +0800] "GET /xingrg/dwr/interface/AjaxQqpsService.js HTTP/1.1" 200 16326
120.253.135.82 - - [02/Sep/2023:10:11:53 +0800] "GET /xingrg/dwr/engine.js HTTP/1.1" 200 43631
180.162.114.7 - - [02/Sep/2023:10:11:53 +0800] "GET /xingrg/all/function/internal_message.html?_=1693619392790&CODE_STATE=getMsg HTTP/1.1" 200 27
222.70.180.200 - - [02/Sep/2023:10:11:54 +0800] "GET /xingrg/all/function/internal_message.html?_=1693620792394&CODE_STATE=getMsg HTTP/1.1" 200 27
116.232.195.127 - - [02/Sep/2023:10:11:54 +0800] "POST /xingrg/kc/buy/cgsh_order_operate.html HTTP/1.1" 200 26316
180.152.241.196 - - [02/Sep/2023:10:11:54 +0800] "POST /xingrg/kc/mdqp/pssh_order_operate.html HTTP/1.1" 200 12
180.152.241.196 - - [02/Sep/2023:10:11:55 +0800] "GET /xingrg/all/function/internal_message.html?_=1693620734021&CODE_STATE=getMsg HTTP/1.1" 200 27
180.152.241.196 - - [02/Sep/2023:10:11:55 +0800] "GET /xingrg/kc/mdqp/pssh_order_info.html?code=312023083100738 HTTP/1.1" 200 14384
180.152.241.196 - - [02/Sep/2023:10:11:55 +0800] "GET /xingrg/javascript/jquery_tools/jquery-1.4.2.min.js HTTP/1.1" 404 1094
124.78.155.92 - - [02/Sep/2023:10:11:55 +0800] "GET /xingrg/all/function/internal_message.html?_=1693620732114&CODE_STATE=getMsg HTTP/1.1" 200 27
124.79.247.70 - - [02/Sep/2023:10:11:55 +0800] "GET /xingrg/all/function/internal_message.html?_=1693621010597&CODE_STATE=getMsg HTTP/1.1" 200 27
180.169.147.146 - - [02/Sep/2023:10:11:55 +0800] "GET /xingrg/check_reg.html?_=1693620716807 HTTP/1.1" 302 -
180.169.147.146 - - [02/Sep/2023:10:11:55 +0800] "GET /xingrg/login.html HTTP/1.1" 200 7641
180.152.241.196 - - [02/Sep/2023:10:11:56 +0800] "GET /xingrg/javascript/easyui/themes/default/validatebox.css HTTP/1.1" 404 1104
180.152.241.196 - - [02/Sep/2023:10:11:56 +0800] "POST /xingrg/kc/mdqp/pssh_order_operate.html HTTP/1.1" 200 1037
120.253.135.82 - - [02/Sep/2023:10:11:56 +0800] "GET /xingrg/kc/pszx/mdqp_order_info.html?code=302023090200035 HTTP/1.1" 200 13350
120.253.135.82 - - [02/Sep/2023:10:11:57 +0800] "GET /xingrg/dwr/interface/AjaxQqpsService.js HTTP/1.1" 200 16326
120.253.135.82 - - [02/Sep/2023:10:11:57 +0800] "GET /xingrg/dwr/interface/AjaxComOrderService.js HTTP/1.1" 200 18264
120.253.135.82 - - [02/Sep/2023:10:11:57 +0800] "GET /xingrg/dwr/engine.js HTTP/1.1" 200 43631
180.152.241.196 - - [02/Sep/2023:10:11:57 +0800] "GET /xingrg/kc/print/load_data.html?order_code=312023083100738&kc_code=pssh&condition= HTTP/1.1" 200 803
101.83.145.37 - - [02/Sep/2023:10:11:57 +0800] "GET /xingrg/all/function/internal_message.html?_=1693620511538&CODE_STATE=getMsg HTTP/1.1" 200 27
120.253.135.82 - - [02/Sep/2023:10:11:57 +0800] "POST /xingrg/dwr/call/plaincall/AjaxQqpsService.loadMaterielItems.dwr HTTP/1.1" 200 331
58.39.110.121 - - [02/Sep/2023:10:11:59 +0800] "GET /xingrg/all/function/internal_message.html?_=1693620719344&CODE_STATE=getMsg HTTP/1.1" 200 27
120.253.135.82 - - [02/Sep/2023:10:11:59 +0800] "GET /xingrg/kc/pszx/mdqp_order_list.html?isBack=1 HTTP/1.1" 302 -
120.253.135.82 - - [02/Sep/2023:10:12:00 +0800] "GET /xingrg/images/yd/bt2.gif HTTP/1.1" 404 1042
120.253.135.82 - - [02/Sep/2023:10:12:00 +0800] "GET /xingrg/images/yd/bt.gif HTTP/1.1" 404 1040
120.253.135.82 - - [02/Sep/2023:10:12:00 +0800] "GET /xingrg/kc/pszx/mdqp_order_list.html?state=10 HTTP/1.1" 200 11122
120.253.135.82 - - [02/Sep/2023:10:12:00 +0800] "GET /xingrg/dwr/interface/AjaxQqpsService.js HTTP/1.1" 200 16326
120.253.135.82 - - [02/Sep/2023:10:12:00 +0800] "GET /xingrg/dwr/interface/AjaxReportQueryService.js HTTP/1.1" 200 13203
120.253.135.82 - - [02/Sep/2023:10:12:00 +0800] "GET /xingrg/dwr/engine.js HTTP/1.1" 200 43631
116.232.195.127 - - [02/Sep/2023:10:12:00 +0800] "GET /xingrg/all/function/internal_message.html?_=1693620620280&CODE_STATE=getMsg HTTP/1.1" 200 27
101.83.145.37 - - [02/Sep/2023:10:12:01 +0800] "GET /xingrg/kc/buy/cgsh_order_operate.html?command=get_materiel&rest_code=00105&code=00101006122&supplier_code=00100012&order_time=2023-09-02 HTTP/1.1" 200 408
180.152.241.196 - - [02/Sep/2023:10:12:01 +0800] "POST /xingrg/kc/mdqp/pssh_list_operate.html HTTP/1.1" 200 5567
180.152.241.196 - - [02/Sep/2023:10:12:02 +0800] "POST /xingrg/kc/mdqp/pssh_list_operate.html HTTP/1.1" 200 351
120.253.135.82 - - [02/Sep/2023:10:12:02 +0800] "GET /xingrg/kc/pszx/mdps_order_list.html?orderType=0 HTTP/1.1" 200 21108
114.95.241.104 - - [02/Sep/2023:10:12:03 +0800] "GET /xingrg/all/function/internal_message.html?_=1693620618104&CODE_STATE=getMsg HTTP/1.1" 200 27
180.152.241.196 - - [02/Sep/2023:10:12:03 +0800] "GET /xingrg/kc/mdqp/pssh_order_info.html?code=312023090100004 HTTP/1.1" 200 17293
180.152.241.196 - - [02/Sep/2023:10:12:03 +0800] "GET /xingrg/javascript/jquery_tools/jquery-1.4.2.min.js HTTP/1.1" 404 1094
120.253.135.82 - - [02/Sep/2023:10:12:03 +0800] "GET /xingrg/check_reg.html?_=1693620529458 HTTP/1.1" 200 22
120.253.135.82 - - [02/Sep/2023:10:12:03 +0800] "POST /xingrg/kc/pszx/mdps_list_operate.html HTTP/1.1" 200 5524
180.152.241.196 - - [02/Sep/2023:10:12:03 +0800] "GET /xingrg/javascript/easyui/themes/default/validatebox.css HTTP/1.1" 404 1104
120.253.135.82 - - [02/Sep/2023:10:12:03 +0800] "GET /xingrg/all/function/internal_message.html?_=1693620529662&CODE_STATE=getMsg HTTP/1.1" 200 27
180.152.241.196 - - [02/Sep/2023:10:12:03 +0800] "POST /xingrg/kc/mdqp/pssh_order_operate.html HTTP/1.1" 200 1053
114.95.241.104 - - [02/Sep/2023:10:12:03 +0800] "GET /xingrg/check_reg.html?_=1693620619000 HTTP/1.1" 200 22
114.95.241.104 - - [02/Sep/2023:10:12:04 +0800] "GET /xingrg/all/function/internal_message.html?_=1693620619117&CODE_STATE=getMsg HTTP/1.1" 200 27
180.152.241.196 - - [02/Sep/2023:10:12:04 +0800] "POST /xingrg/all/common/load_combo.html?type=employee HTTP/1.1" 200 353
58.40.7.146 - - [02/Sep/2023:10:12:05 +0800] "GET /xingrg/all/function/internal_message.html?_=1693620725227&CODE_STATE=getMsg HTTP/1.1" 200 27
180.152.241.196 - - [02/Sep/2023:10:12:08 +0800] "POST /xingrg/kc/mdqp/pssh_order_operate.html HTTP/1.1" 200 37
120.253.135.82 - - [02/Sep/2023:10:12:09 +0800] "GET /xingrg/kc/pszx/mdth_order_list.html HTTP/1.1" 200 18532
120.253.135.82 - - [02/Sep/2023:10:12:10 +0800] "POST /xingrg/kc/pszx/mdth_order_new_list.html HTTP/1.1" 200 4736
222.70.180.200 - - [02/Sep/2023:10:12:10 +0800] "GET /xingrg/all/function/internal_message.html?_=1693620729926&CODE_STATE=getMsg HTTP/1.1" 200 27
101.83.145.37 - - [02/Sep/2023:10:12:11 +0800] "GET /xingrg/kc/buy/cgsh_order_operate.html?command=get_materiel&rest_code=00105&code=00101006193&supplier_code=00100012&order_time=2023-09-02 HTTP/1.1" 200 411
180.152.241.196 - - [02/Sep/2023:10:12:12 +0800] "POST /xingrg/kc/mdqp/pssh_order_operate.html HTTP/1.1" 200 12
120.253.135.82 - - [02/Sep/2023:10:12:12 +0800] "POST /xingrg/kc/pszx/mdth_order_new_list.html HTTP/1.1" 200 205
180.152.241.196 - - [02/Sep/2023:10:12:14 +0800] "GET /xingrg/kc/mdqp/pssh_order_info.html?code=312023090100004 HTTP/1.1" 200 14382
180.152.241.196 - - [02/Sep/2023:10:12:14 +0800] "GET /xingrg/javascript/jquery_tools/jquery-1.4.2.min.js HTTP/1.1" 404 1094
180.152.241.196 - - [02/Sep/2023:10:12:14 +0800] "GET /xingrg/javascript/easyui/themes/default/validatebox.css HTTP/1.1" 404 1104
180.152.241.196 - - [02/Sep/2023:10:12:14 +0800] "POST /xingrg/kc/mdqp/pssh_order_operate.html HTTP/1.1" 200 1053
180.165.48.189 - - [02/Sep/2023:10:12:16 +0800] "GET /xingrg/all/function/internal_message.html?_=1693620734991&CODE_STATE=getMsg HTTP/1.1" 200 27
180.152.241.196 - - [02/Sep/2023:10:12:16 +0800] "GET /xingrg/kc/print/load_data.html?order_code=312023090100004&kc_code=pssh&condition= HTTP/1.1" 200 823
120.253.135.82 - - [02/Sep/2023:10:12:17 +0800] "POST /xingrg/kc/pszx/mdth_order_new_list.html HTTP/1.1" 200 203
