114.95.241.104 - - [01/Sep/2023:08:09:14 +0800] "GET /xingrg/all/function/internal_message.html?_=1693526851050&CODE_STATE=getMsg HTTP/1.1" 200 27
222.70.180.200 - - [01/Sep/2023:08:09:15 +0800] "GET /xingrg/check_reg.html?_=1693526955755 HTTP/1.1" 302 -
218.81.220.60 - - [01/Sep/2023:08:09:19 +0800] "POST /xingrg/dwr/call/plaincall/AjaxCheckService.setItemRemark.dwr HTTP/1.1" 200 77
120.253.135.82 - - [01/Sep/2023:08:09:22 +0800] "GET /xingrg/all/function/internal_message.html?_=1693526768357&CODE_STATE=getMsg HTTP/1.1" 200 27
114.95.241.104 - - [01/Sep/2023:08:09:28 +0800] "GET /xingrg/kc/buy/cgsh_order_operate.html?command=get_materiel&rest_code=00150&code=00101008246&supplier_code=00100008&order_time=2023-09-01 HTTP/1.1" 200 408
218.81.220.60 - - [01/Sep/2023:08:09:29 +0800] "GET /xingrg/check_reg.html?_=1693526986716 HTTP/1.1" 200 22
218.81.220.60 - - [01/Sep/2023:08:09:29 +0800] "GET /xingrg/all/function/internal_message.html?_=1693526986776&CODE_STATE=getMsg HTTP/1.1" 200 27
180.163.30.27 - - [01/Sep/2023:08:09:34 +0800] "GET /xingrg/check_reg.html?_=1693526914522 HTTP/1.1" 302 -
180.163.30.27 - - [01/Sep/2023:08:09:34 +0800] "GET /xingrg/login.html HTTP/1.1" 200 7641
218.81.220.60 - - [01/Sep/2023:08:09:35 +0800] "POST /xingrg/dwr/call/plaincall/AjaxCheckService.setItemRemark.dwr HTTP/1.1" 200 77
218.81.220.60 - - [01/Sep/2023:08:09:39 +0800] "GET /xingrg/all/function/internal_message.html?_=1693526996993&CODE_STATE=getMsg HTTP/1.1" 200 27
114.95.241.104 - - [01/Sep/2023:08:09:44 +0800] "POST /xingrg/kc/buy/cgsh_order_operate.html HTTP/1.1" 200 37
114.95.241.104 - - [01/Sep/2023:08:09:47 +0800] "POST /xingrg/kc/buy/cgsh_order_operate.html HTTP/1.1" 200 46471
218.81.220.60 - - [01/Sep/2023:08:09:49 +0800] "POST /xingrg/dwr/call/plaincall/AjaxCheckService.setItemRemark.dwr HTTP/1.1" 200 77
114.95.241.104 - - [01/Sep/2023:08:09:56 +0800] "GET /xingrg/kc/buy/cgsh_order_operate.html?command=get_materiel&rest_code=00150&code=00101008358&supplier_code=00100008&order_time=2023-09-01 HTTP/1.1" 200 412
114.95.241.104 - - [01/Sep/2023:08:10:10 +0800] "POST /xingrg/kc/buy/cgsh_order_operate.html HTTP/1.1" 200 37
218.81.220.60 - - [01/Sep/2023:08:10:17 +0800] "POST /xingrg/dwr/call/plaincall/AjaxCheckService.setItemRemark.dwr HTTP/1.1" 200 77
120.253.135.82 - - [01/Sep/2023:08:10:21 +0800] "GET /xingrg/check_reg.html?_=1693526827465 HTTP/1.1" 200 22
120.253.135.82 - - [01/Sep/2023:08:10:22 +0800] "GET /xingrg/all/function/internal_message.html?_=1693526828370&CODE_STATE=getMsg HTTP/1.1" 200 27
218.81.220.60 - - [01/Sep/2023:08:10:29 +0800] "GET /xingrg/all/function/internal_message.html?_=1693527046790&CODE_STATE=getMsg HTTP/1.1" 200 27
218.81.220.60 - - [01/Sep/2023:08:10:36 +0800] "POST /xingrg/dwr/call/plaincall/AjaxCheckService.setItemRemark.dwr HTTP/1.1" 200 77
218.81.220.60 - - [01/Sep/2023:08:10:39 +0800] "GET /xingrg/all/function/internal_message.html?_=1693527057011&CODE_STATE=getMsg HTTP/1.1" 200 27
114.95.241.104 - - [01/Sep/2023:08:11:04 +0800] "POST /xingrg/kc/buy/cgsh_order_operate.html HTTP/1.1" 200 47065
218.81.220.60 - - [01/Sep/2023:08:11:05 +0800] "POST /xingrg/dwr/call/plaincall/AjaxCheckService.setItemRemark.dwr HTTP/1.1" 200 77
114.95.241.104 - - [01/Sep/2023:08:11:08 +0800] "GET /xingrg/check_reg.html?_=1693526964837 HTTP/1.1" 200 22
114.95.241.104 - - [01/Sep/2023:08:11:08 +0800] "GET /xingrg/all/function/internal_message.html?_=1693526964840&CODE_STATE=getMsg HTTP/1.1" 200 27
114.95.241.104 - - [01/Sep/2023:08:11:11 +0800] "POST /xingrg/all/user/operate.html HTTP/1.1" 200 36
58.40.7.146 - - [01/Sep/2023:08:11:12 +0800] "GET /xingrg/check_reg.html?_=1693527072806 HTTP/1.1" 302 -
114.95.241.104 - - [01/Sep/2023:08:11:14 +0800] "GET /xingrg/index.html?sysBaseUrl=http%3A%2F%2F180.169.147.146%3A18081%2Fxingrg%2F&costTime=1130×tamp=1693524031346 HTTP/1.1" 200 17177
114.95.241.104 - - [01/Sep/2023:08:11:14 +0800] "GET /xingrg/javascript/jquery_easy_ui/themes/default/easyui.css HTTP/1.1" 304 -
114.95.241.104 - - [01/Sep/2023:08:11:14 +0800] "GET /xingrg/javascript/jquery_easy_ui/themes/icon.css HTTP/1.1" 304 -
114.95.241.104 - - [01/Sep/2023:08:11:14 +0800] "GET /xingrg/css/form.css HTTP/1.1" 304 -
114.95.241.104 - - [01/Sep/2023:08:11:14 +0800] "GET /xingrg/javascript/jquery-1.4.2.min.js HTTP/1.1" 304 -
114.95.241.104 - - [01/Sep/2023:08:11:14 +0800] "GET /xingrg/javascript/jquery_easy_ui/jquery.easyui.min.js HTTP/1.1" 304 -
114.95.241.104 - - [01/Sep/2023:08:11:14 +0800] "GET /xingrg/javascript/jquery_easy_ui/easyui-lang-zh_CN.js HTTP/1.1" 304 -
114.95.241.104 - - [01/Sep/2023:08:11:14 +0800] "GET /xingrg/javascript/jquery.form.js HTTP/1.1" 304 -
114.95.241.104 - - [01/Sep/2023:08:11:14 +0800] "GET /xingrg/javascript/jquery.utils.js HTTP/1.1" 304 -
114.95.241.104 - - [01/Sep/2023:08:11:14 +0800] "GET /xingrg/javascript/jquery.timers.js HTTP/1.1" 304 -
114.95.241.104 - - [01/Sep/2023:08:11:14 +0800] "GET /xingrg/images/blue/jxLogo.png HTTP/1.1" 304 -
114.95.241.104 - - [01/Sep/2023:08:11:14 +0800] "GET /xingrg/images/blue/navBackgound.jpg HTTP/1.1" 304 -
114.95.241.104 - - [01/Sep/2023:08:11:14 +0800] "GET /xingrg/javascript/jquery_easy_ui/themes/icons/settle_new.png HTTP/1.1" 304 -
114.95.241.104 - - [01/Sep/2023:08:11:14 +0800] "GET /xingrg/images/blue/pingpu.png HTTP/1.1" 304 -
114.95.241.104 - - [01/Sep/2023:08:11:14 +0800] "GET /xingrg/javascript/jquery_easy_ui/themes/default/images/tabs_leftarrow.png HTTP/1.1" 304 -
114.95.241.104 - - [01/Sep/2023:08:11:14 +0800] "GET /xingrg/javascript/jquery_easy_ui/themes/default/images/panel_tool_collapse.gif HTTP/1.1" 304 -
114.95.241.104 - - [01/Sep/2023:08:11:14 +0800] "GET /xingrg/javascript/jquery_easy_ui/themes/default/images/tabs_rightarrow.png HTTP/1.1" 304 -
114.95.241.104 - - [01/Sep/2023:08:11:14 +0800] "GET /xingrg/all/function/internal_message.html?_=1693526970855&CODE_STATE=count HTTP/1.1" 200 11
114.95.241.104 - - [01/Sep/2023:08:11:14 +0800] "GET /xingrg/check_reg.html?_=1693526970856 HTTP/1.1" 200 22
114.95.241.104 - - [01/Sep/2023:08:11:14 +0800] "POST /xingrg/all/common/load_tree.html?tree=area_rest_tree_json&manage=1 HTTP/1.1" 200 476
114.95.241.104 - - [01/Sep/2023:08:11:14 +0800] "POST /xingrg/load_menu.html HTTP/1.1" 200 5138
114.95.241.104 - - [01/Sep/2023:08:11:18 +0800] "GET /xingrg/kc/buy/cgsh_order_list.html HTTP/1.1" 200 56386
120.253.135.82 - - [01/Sep/2023:08:11:22 +0800] "GET /xingrg/all/function/internal_message.html?_=1693526888385&CODE_STATE=getMsg HTTP/1.1" 200 27
114.95.241.104 - - [01/Sep/2023:08:11:22 +0800] "POST /xingrg/kc/buy/cgsh_list_operate.html HTTP/1.1" 200 986
180.152.241.196 - - [01/Sep/2023:08:11:23 +0800] "GET /xingrg/check_reg.html?_=1693527082757 HTTP/1.1" 302 -
218.81.220.60 - - [01/Sep/2023:08:11:29 +0800] "GET /xingrg/all/function/internal_message.html?_=1693527106805&CODE_STATE=getMsg HTTP/1.1" 200 27
114.95.241.104 - - [01/Sep/2023:08:11:29 +0800] "GET /xingrg/kc/buy/cgsh_order_add.html HTTP/1.1" 200 71774
114.95.241.104 - - [01/Sep/2023:08:11:29 +0800] "POST /xingrg/kc/buy/cgsh_order_operate.html HTTP/1.1" 200 8245
114.95.241.104 - - [01/Sep/2023:08:11:30 +0800] "GET /xingrg/javascript/easyui/themes/default/validatebox.css HTTP/1.1" 404 1104
114.95.241.104 - - [01/Sep/2023:08:11:30 +0800] "GET /xingrg/all/common/auto_word.html?type=employee&rest_code=00151 HTTP/1.1" 200 293
114.95.241.104 - - [01/Sep/2023:08:11:30 +0800] "GET /xingrg/all/common/auto_word.html?type=employee&rest_code=00151 HTTP/1.1" 200 293
114.95.241.104 - - [01/Sep/2023:08:11:31 +0800] "GET /xingrg/javascript/auto/indicator.gif HTTP/1.1" 404 1066
218.81.220.60 - - [01/Sep/2023:08:11:35 +0800] "GET /xingrg/check_reg.html?_=1693527112404 HTTP/1.1" 200 22
218.81.220.60 - - [01/Sep/2023:08:11:39 +0800] "GET /xingrg/all/function/internal_message.html?_=1693527117019&CODE_STATE=getMsg HTTP/1.1" 200 27
114.95.241.104 - - [01/Sep/2023:08:11:45 +0800] "GET /xingrg/kc/buy/cgsh_order_operate.html?command=get_materiel&rest_code=00151&code=00101008257&supplier_code=00100008&order_time=2023-09-01 HTTP/1.1" 200 416
114.95.241.104 - - [01/Sep/2023:08:11:59 +0800] "GET /xingrg/kc/buy/cgsh_order_operate.html?command=get_materiel&rest_code=00151&code=00101008186&supplier_code=00100008&order_time=2023-09-01 HTTP/1.1" 200 408
114.95.241.104 - - [01/Sep/2023:08:12:14 +0800] "GET /xingrg/all/function/internal_message.html?_=1693527030857&CODE_STATE=getMsg HTTP/1.1" 200 27
114.95.241.104 - - [01/Sep/2023:08:12:14 +0800] "GET /xingrg/kc/buy/cgsh_order_operate.html?command=get_materiel&rest_code=00151&code=00101008370&supplier_code=00100008&order_time=2023-09-01 HTTP/1.1" 200 412
120.253.135.82 - - [01/Sep/2023:08:12:22 +0800] "GET /xingrg/all/function/internal_message.html?_=1693526948397&CODE_STATE=getMsg HTTP/1.1" 200 27
124.79.247.130 - - [01/Sep/2023:08:12:26 +0800] "POST /xingrg/services/DataTransmitService HTTP/1.1" 200 524
218.81.220.60 - - [01/Sep/2023:08:12:29 +0800] "GET /xingrg/all/function/internal_message.html?_=1693527166817&CODE_STATE=getMsg HTTP/1.1" 200 27
114.95.241.104 - - [01/Sep/2023:08:12:30 +0800] "GET /xingrg/kc/buy/cgsh_order_operate.html?command=get_materiel&rest_code=00151&code=00101008087&supplier_code=00100008&order_time=2023-09-01 HTTP/1.1" 200 412
218.81.220.60 - - [01/Sep/2023:08:12:39 +0800] "GET /xingrg/all/function/internal_message.html?_=1693527177033&CODE_STATE=getMsg HTTP/1.1" 200 27
114.95.241.104 - - [01/Sep/2023:08:12:43 +0800] "GET /xingrg/kc/buy/cgsh_order_operate.html?command=get_materiel&rest_code=00151&code=00101008137&supplier_code=00100008&order_time=2023-09-01 HTTP/1.1" 200 408
114.95.241.104 - - [01/Sep/2023:08:12:51 +0800] "GET /xingrg/kc/buy/cgsh_order_operate.html?command=get_materiel&rest_code=00151&code=00101008362&supplier_code=00100008&order_time=2023-09-01 HTTP/1.1" 200 408
114.95.241.104 - - [01/Sep/2023:08:13:02 +0800] "GET /xingrg/kc/buy/cgsh_order_operate.html?command=get_materiel&rest_code=00151&code=00101008077&supplier_code=00100008&order_time=2023-09-01 HTTP/1.1" 200 416
114.95.241.104 - - [01/Sep/2023:08:13:12 +0800] "GET /xingrg/kc/buy/cgsh_order_operate.html?command=get_materiel&rest_code=00151&code=00101008357&supplier_code=00100008&order_time=2023-09-01 HTTP/1.1" 200 408
114.95.241.104 - - [01/Sep/2023:08:13:14 +0800] "GET /xingrg/all/function/internal_message.html?_=1693527090871&CODE_STATE=getMsg HTTP/1.1" 200 27
120.253.135.82 - - [01/Sep/2023:08:13:22 +0800] "GET /xingrg/all/function/internal_message.html?_=1693527008417&CODE_STATE=getMsg HTTP/1.1" 200 27
114.95.241.104 - - [01/Sep/2023:08:13:24 +0800] "GET /xingrg/kc/buy/cgsh_order_operate.html?command=get_materiel&rest_code=00151&code=00101008286&supplier_code=00100008&order_time=2023-09-01 HTTP/1.1" 200 408
218.81.220.60 - - [01/Sep/2023:08:13:29 +0800] "GET /xingrg/all/function/internal_message.html?_=1693527226832&CODE_STATE=getMsg HTTP/1.1" 200 27
114.95.241.104 - - [01/Sep/2023:08:13:33 +0800] "GET /xingrg/kc/buy/cgsh_order_operate.html?command=get_materiel&rest_code=00151&code=00101008169&supplier_code=00100008&order_time=2023-09-01 HTTP/1.1" 200 412
180.169.147.146 - - [01/Sep/2023:08:13:34 +0800] "GET /xingrg/check_reg.html?_=1693527214518 HTTP/1.1" 302 -
218.81.220.60 - - [01/Sep/2023:08:13:39 +0800] "GET /xingrg/all/function/internal_message.html?_=1693527237053&CODE_STATE=getMsg HTTP/1.1" 200 27
114.95.241.104 - - [01/Sep/2023:08:13:41 +0800] "GET /xingrg/kc/buy/cgsh_order_operate.html?command=get_materiel&rest_code=00151&code=00101008318&supplier_code=00100008&order_time=2023-09-01 HTTP/1.1" 200 408
114.95.241.104 - - [01/Sep/2023:08:13:48 +0800] "GET /xingrg/kc/buy/cgsh_order_operate.html?command=get_materiel&rest_code=00151&code=00101008352&supplier_code=00100008&order_time=2023-09-01 HTTP/1.1" 200 412
114.95.241.104 - - [01/Sep/2023:08:14:01 +0800] "GET /xingrg/kc/buy/cgsh_order_operate.html?command=get_materiel&rest_code=00151&code=00101008353&supplier_code=00100008&order_time=2023-09-01 HTTP/1.1" 200 408
180.157.251.62 - - [01/Sep/2023:08:14:09 +0800] "GET /xingrg/check_reg.html?_=1693527247621 HTTP/1.1" 302 -
114.95.241.104 - - [01/Sep/2023:08:14:14 +0800] "GET /xingrg/all/function/internal_message.html?_=1693527150884&CODE_STATE=getMsg HTTP/1.1" 200 27
114.95.241.104 - - [01/Sep/2023:08:14:15 +0800] "GET /xingrg/kc/buy/cgsh_order_operate.html?command=get_materiel&rest_code=00151&code=00101008100&supplier_code=00100008&order_time=2023-09-01 HTTP/1.1" 200 408
222.70.180.200 - - [01/Sep/2023:08:14:15 +0800] "GET /xingrg/check_reg.html?_=1693527255731 HTTP/1.1" 302 -
120.253.135.82 - - [01/Sep/2023:08:14:22 +0800] "GET /xingrg/all/function/internal_message.html?_=1693527068425&CODE_STATE=getMsg HTTP/1.1" 200 27
58.40.7.146 - - [01/Sep/2023:08:14:22 +0800] "POST /xingrg/services/DataTransmitService HTTP/1.1" 200 524
218.81.220.60 - - [01/Sep/2023:08:14:29 +0800] "GET /xingrg/check_reg.html?_=1693527286719 HTTP/1.1" 200 22
218.81.220.60 - - [01/Sep/2023:08:14:29 +0800] "GET /xingrg/all/function/internal_message.html?_=1693527286846&CODE_STATE=getMsg HTTP/1.1" 200 27
114.95.241.104 - - [01/Sep/2023:08:14:29 +0800] "GET /xingrg/kc/buy/cgsh_order_operate.html?command=get_materiel&rest_code=00151&code=00101015006&supplier_code=00100008&order_time=2023-09-01 HTTP/1.1" 200 413
180.163.28.109 - - [01/Sep/2023:08:14:34 +0800] "GET /xingrg/check_reg.html?_=1693527214518 HTTP/1.1" 302 -
180.163.28.109 - - [01/Sep/2023:08:14:34 +0800] "GET /xingrg/login.html HTTP/1.1" 200 7641
218.81.220.60 - - [01/Sep/2023:08:14:39 +0800] "GET /xingrg/all/function/internal_message.html?_=1693527297060&CODE_STATE=getMsg HTTP/1.1" 200 27
114.95.241.104 - - [01/Sep/2023:08:15:02 +0800] "POST /xingrg/kc/buy/cgsh_order_operate.html HTTP/1.1" 200 37
114.95.241.104 - - [01/Sep/2023:08:15:14 +0800] "GET /xingrg/all/function/internal_message.html?_=1693527210898&CODE_STATE=getMsg HTTP/1.1" 200 27
114.95.241.104 - - [01/Sep/2023:08:15:18 +0800] "POST /xingrg/kc/buy/cgsh_order_operate.html HTTP/1.1" 200 12
120.253.135.82 - - [01/Sep/2023:08:15:21 +0800] "GET /xingrg/check_reg.html?_=1693527127481 HTTP/1.1" 200 22
120.253.135.82 - - [01/Sep/2023:08:15:22 +0800] "GET /xingrg/all/function/internal_message.html?_=1693527128439&CODE_STATE=getMsg HTTP/1.1" 200 27
218.81.220.60 - - [01/Sep/2023:08:15:29 +0800] "GET /xingrg/all/function/internal_message.html?_=1693527346858&CODE_STATE=getMsg HTTP/1.1" 200 27
218.81.220.60 - - [01/Sep/2023:08:15:39 +0800] "GET /xingrg/all/function/internal_message.html?_=1693527357080&CODE_STATE=getMsg HTTP/1.1" 200 27
58.40.7.146 - - [01/Sep/2023:08:16:12 +0800] "GET /xingrg/check_reg.html?_=1693527372814 HTTP/1.1" 302 -
120.253.135.82 - - [01/Sep/2023:08:16:22 +0800] "GET /xingrg/all/function/internal_message.html?_=1693527188452&CODE_STATE=getMsg HTTP/1.1" 200 27
180.152.241.196 - - [01/Sep/2023:08:16:23 +0800] "GET /xingrg/check_reg.html?_=1693527382756 HTTP/1.1" 302 -
218.81.220.60 - - [01/Sep/2023:08:16:29 +0800] "GET /xingrg/all/function/internal_message.html?_=1693527406877&CODE_STATE=getMsg HTTP/1.1" 200 27
218.81.220.60 - - [01/Sep/2023:08:16:31 +0800] "POST /xingrg/dwr/call/plaincall/AjaxCheckService.setItemRemark.dwr HTTP/1.1" 200 77
218.81.220.60 - - [01/Sep/2023:08:16:35 +0800] "GET /xingrg/check_reg.html?_=1693527412411 HTTP/1.1" 200 22
218.81.220.60 - - [01/Sep/2023:08:16:39 +0800] "GET /xingrg/all/function/internal_message.html?_=1693527417088&CODE_STATE=getMsg HTTP/1.1" 200 27
120.253.135.82 - - [01/Sep/2023:08:17:22 +0800] "GET /xingrg/all/function/internal_message.html?_=1693527248466&CODE_STATE=getMsg HTTP/1.1" 200 27
218.81.220.60 - - [01/Sep/2023:08:17:29 +0800] "GET /xingrg/all/function/internal_message.html?_=1693527466887&CODE_STATE=getMsg HTTP/1.1" 200 27
218.81.220.60 - - [01/Sep/2023:08:17:39 +0800] "GET /xingrg/all/function/internal_message.html?_=1693527477101&CODE_STATE=getMsg HTTP/1.1" 200 27
120.253.135.82 - - [01/Sep/2023:08:18:22 +0800] "GET /xingrg/all/function/internal_message.html?_=1693527308485&CODE_STATE=getMsg HTTP/1.1" 200 27
218.81.220.60 - - [01/Sep/2023:08:18:29 +0800] "GET /xingrg/all/function/internal_message.html?_=1693527526898&CODE_STATE=getMsg HTTP/1.1" 200 27
180.169.147.146 - - [01/Sep/2023:08:18:34 +0800] "GET /xingrg/check_reg.html?_=1693527514510 HTTP/1.1" 302 -
218.81.220.60 - - [01/Sep/2023:08:18:39 +0800] "GET /xingrg/all/function/internal_message.html?_=1693527537118&CODE_STATE=getMsg HTTP/1.1" 200 27
180.157.251.62 - - [01/Sep/2023:08:19:09 +0800] "GET /xingrg/check_reg.html?_=1693527547603 HTTP/1.1" 302 -
222.70.180.200 - - [01/Sep/2023:08:19:15 +0800] "GET /xingrg/check_reg.html?_=1693527555706 HTTP/1.1" 302 -
120.253.135.82 - - [01/Sep/2023:08:19:22 +0800] "GET /xingrg/all/function/internal_message.html?_=1693527368493&CODE_STATE=getMsg HTTP/1.1" 200 27
222.70.180.200 - - [01/Sep/2023:08:19:28 +0800] "GET /xingrg/check_reg.html?_=1693527568714 HTTP/1.1" 302 -
218.81.220.60 - - [01/Sep/2023:08:19:29 +0800] "GET /xingrg/check_reg.html?_=1693527586729 HTTP/1.1" 200 22
218.81.220.60 - - [01/Sep/2023:08:19:29 +0800] "GET /xingrg/all/function/internal_message.html?_=1693527586912&CODE_STATE=getMsg HTTP/1.1" 200 27
180.163.28.109 - - [01/Sep/2023:08:19:34 +0800] "GET /xingrg/check_reg.html?_=1693527514510 HTTP/1.1" 302 -
180.163.28.109 - - [01/Sep/2023:08:19:34 +0800] "GET /xingrg/login.html HTTP/1.1" 200 7641
218.81.220.60 - - [01/Sep/2023:08:19:39 +0800] "GET /xingrg/all/function/internal_message.html?_=1693527597127&CODE_STATE=getMsg HTTP/1.1" 200 27
101.83.145.37 - - [01/Sep/2023:08:19:54 +0800] "POST /xingrg/services/DataTransmitService HTTP/1.1" 200 524
114.95.241.104 - - [01/Sep/2023:08:19:57 +0800] "GET /xingrg/all/function/internal_message.html?_=1693527494105&CODE_STATE=getMsg HTTP/1.1" 200 27
114.95.241.104 - - [01/Sep/2023:08:19:57 +0800] "GET /xingrg/check_reg.html?_=1693527494104 HTTP/1.1" 200 22
114.95.241.104 - - [01/Sep/2023:08:19:59 +0800] "GET /xingrg/kc/buy/cgsh_order_info.html?code=212023090100002 HTTP/1.1" 200 66687
114.95.241.104 - - [01/Sep/2023:08:19:59 +0800] "GET /xingrg/javascript/easyui/themes/default/validatebox.css HTTP/1.1" 404 1104
114.95.241.104 - - [01/Sep/2023:08:20:02 +0800] "POST /xingrg/kc/buy/cgsh_order_operate.html HTTP/1.1" 200 8983
114.95.241.104 - - [01/Sep/2023:08:20:03 +0800] "GET /xingrg/kc/print/load_config.html?kc_code=cgsh HTTP/1.1" 200 1924
114.95.241.104 - - [01/Sep/2023:08:20:04 +0800] "GET /xingrg/kc/print/load_data.html?order_code=212023090100002&kc_code=cgsh&condition= HTTP/1.1" 200 3965
120.253.135.82 - - [01/Sep/2023:08:20:21 +0800] "GET /xingrg/check_reg.html?_=1693527427488 HTTP/1.1" 200 22
120.253.135.82 - - [01/Sep/2023:08:20:22 +0800] "GET /xingrg/all/function/internal_message.html?_=1693527428507&CODE_STATE=getMsg HTTP/1.1" 200 27
218.81.220.60 - - [01/Sep/2023:08:20:29 +0800] "GET /xingrg/all/function/internal_message.html?_=1693527646925&CODE_STATE=getMsg HTTP/1.1" 200 27
218.81.220.60 - - [01/Sep/2023:08:20:39 +0800] "GET /xingrg/all/function/internal_message.html?_=1693527657152&CODE_STATE=getMsg HTTP/1.1" 200 27
114.95.241.104 - - [01/Sep/2023:08:20:57 +0800] "GET /xingrg/all/function/internal_message.html?_=1693527554116&CODE_STATE=getMsg HTTP/1.1" 200 27
58.40.7.146 - - [01/Sep/2023:08:21:12 +0800] "GET /xingrg/check_reg.html?_=1693527672820 HTTP/1.1" 302 -
120.253.135.82 - - [01/Sep/2023:08:21:22 +0800] "GET /xingrg/all/function/internal_message.html?_=1693527488521&CODE_STATE=getMsg HTTP/1.1" 200 27
180.152.241.196 - - [01/Sep/2023:08:21:23 +0800] "GET /xingrg/check_reg.html?_=1693527682750 HTTP/1.1" 302 -
218.81.220.60 - - [01/Sep/2023:08:21:29 +0800] "GET /xingrg/all/function/internal_message.html?_=1693527706939&CODE_STATE=getMsg HTTP/1.1" 200 27
218.81.220.60 - - [01/Sep/2023:08:21:35 +0800] "GET /xingrg/check_reg.html?_=1693527712415 HTTP/1.1" 200 22
218.81.220.60 - - [01/Sep/2023:08:21:39 +0800] "GET /xingrg/all/function/internal_message.html?_=1693527717157&CODE_STATE=getMsg HTTP/1.1" 200 27
114.95.241.104 - - [01/Sep/2023:08:21:57 +0800] "GET /xingrg/all/function/internal_message.html?_=1693527614176&CODE_STATE=getMsg HTTP/1.1" 200 27
120.253.135.82 - - [01/Sep/2023:08:22:22 +0800] "GET /xingrg/all/function/internal_message.html?_=1693527548533&CODE_STATE=getMsg HTTP/1.1" 200 27
218.81.220.60 - - [01/Sep/2023:08:22:29 +0800] "GET /xingrg/all/function/internal_message.html?_=1693527766955&CODE_STATE=getMsg HTTP/1.1" 200 27
114.95.241.104 - - [01/Sep/2023:08:22:35 +0800] "GET /xingrg/kc/buy/cgsh_order_add.html HTTP/1.1" 200 71774
114.95.241.104 - - [01/Sep/2023:08:22:36 +0800] "POST /xingrg/kc/buy/cgsh_order_operate.html HTTP/1.1" 200 8245
114.95.241.104 - - [01/Sep/2023:08:22:36 +0800] "GET /xingrg/javascript/easyui/themes/default/validatebox.css HTTP/1.1" 404 1104
218.81.220.60 - - [01/Sep/2023:08:22:39 +0800] "GET /xingrg/all/function/internal_message.html?_=1693527777168&CODE_STATE=getMsg HTTP/1.1" 200 27
114.95.241.104 - - [01/Sep/2023:08:22:49 +0800] "GET /xingrg/kc/buy/cgsh_order_operate.html?command=get_materiel&rest_code=00151&code=00101008084&supplier_code=00100096&order_time=2023-09-01 HTTP/1.1" 200 412
114.95.241.104 - - [01/Sep/2023:08:22:57 +0800] "GET /xingrg/all/function/internal_message.html?_=1693527674189&CODE_STATE=getMsg HTTP/1.1" 200 27
114.95.241.104 - - [01/Sep/2023:08:23:00 +0800] "GET /xingrg/kc/buy/cgsh_order_operate.html?command=get_materiel&rest_code=00151&code=00101012060&supplier_code=00100096&order_time=2023-09-01 HTTP/1.1" 200 408
114.95.241.104 - - [01/Sep/2023:08:23:12 +0800] "GET /xingrg/kc/buy/cgsh_order_operate.html?command=get_materiel&rest_code=00151&code=00101016025&supplier_code=00100096&order_time=2023-09-01 HTTP/1.1" 200 408
120.253.135.82 - - [01/Sep/2023:08:23:22 +0800] "GET /xingrg/all/function/internal_message.html?_=1693527608558&CODE_STATE=getMsg HTTP/1.1" 200 27
114.95.241.104 - - [01/Sep/2023:08:23:24 +0800] "GET /xingrg/kc/buy/cgsh_order_operate.html?command=get_materiel&rest_code=00151&code=00101012059&supplier_code=00100096&order_time=2023-09-01 HTTP/1.1" 200 412
218.81.220.60 - - [01/Sep/2023:08:23:29 +0800] "GET /xingrg/all/function/internal_message.html?_=1693527826966&CODE_STATE=getMsg HTTP/1.1" 200 27
180.169.147.146 - - [01/Sep/2023:08:23:34 +0800] "GET /xingrg/check_reg.html?_=1693527814498 HTTP/1.1" 302 -
114.95.241.104 - - [01/Sep/2023:08:23:36 +0800] "GET /xingrg/kc/buy/cgsh_order_operate.html?command=get_materiel&rest_code=00151&code=00101001075&supplier_code=00100096&order_time=2023-09-01 HTTP/1.1" 200 411
218.81.220.60 - - [01/Sep/2023:08:23:39 +0800] "GET /xingrg/all/function/internal_message.html?_=1693527837187&CODE_STATE=getMsg HTTP/1.1" 200 27
114.95.241.104 - - [01/Sep/2023:08:23:52 +0800] "GET /xingrg/kc/buy/cgsh_order_operate.html?command=get_materiel&rest_code=00151&code=00101006058&supplier_code=00100096&order_time=2023-09-01 HTTP/1.1" 200 413
114.95.241.104 - - [01/Sep/2023:08:23:57 +0800] "GET /xingrg/all/function/internal_message.html?_=1693527734203&CODE_STATE=getMsg HTTP/1.1" 200 27
180.157.251.62 - - [01/Sep/2023:08:24:09 +0800] "GET /xingrg/check_reg.html?_=1693527847582 HTTP/1.1" 302 -
114.95.241.104 - - [01/Sep/2023:08:24:12 +0800] "GET /xingrg/kc/buy/cgsh_order_operate.html?command=get_materiel&rest_code=00151&code=00101006129&supplier_code=00100096&order_time=2023-09-01 HTTP/1.1" 200 441
222.70.180.200 - - [01/Sep/2023:08:24:15 +0800] "GET /xingrg/check_reg.html?_=1693527855712 HTTP/1.1" 302 -
218.81.220.60 - - [01/Sep/2023:08:24:20 +0800] "POST /xingrg/services/DataTransmitService HTTP/1.1" 200 524
218.81.220.60 - - [01/Sep/2023:08:24:20 +0800] "POST /xingrg/services/DataTransmitService HTTP/1.1" 200 412
120.253.135.82 - - [01/Sep/2023:08:24:22 +0800] "GET /xingrg/all/function/internal_message.html?_=1693527668560&CODE_STATE=getMsg HTTP/1.1" 200 27
222.70.180.200 - - [01/Sep/2023:08:24:28 +0800] "GET /xingrg/check_reg.html?_=1693527868698 HTTP/1.1" 302 -
218.81.220.60 - - [01/Sep/2023:08:24:29 +0800] "GET /xingrg/check_reg.html?_=1693527886732 HTTP/1.1" 200 22
218.81.220.60 - - [01/Sep/2023:08:24:29 +0800] "GET /xingrg/all/function/internal_message.html?_=1693527886982&CODE_STATE=getMsg HTTP/1.1" 200 27
114.95.241.104 - - [01/Sep/2023:08:24:32 +0800] "GET /xingrg/kc/buy/cgsh_order_operate.html?command=get_materiel&rest_code=00151&code=00101010711&supplier_code=00100096&order_time=2023-09-01 HTTP/1.1" 200 408
180.163.29.212 - - [01/Sep/2023:08:24:34 +0800] "GET /xingrg/check_reg.html?_=1693527814498 HTTP/1.1" 302 -
180.163.29.212 - - [01/Sep/2023:08:24:34 +0800] "GET /xingrg/login.html HTTP/1.1" 200 7641
218.81.220.60 - - [01/Sep/2023:08:24:39 +0800] "GET /xingrg/all/function/internal_message.html?_=1693527897196&CODE_STATE=getMsg HTTP/1.1" 200 27
114.95.241.104 - - [01/Sep/2023:08:24:57 +0800] "GET /xingrg/check_reg.html?_=1693527794109 HTTP/1.1" 200 22
114.95.241.104 - - [01/Sep/2023:08:24:57 +0800] "GET /xingrg/all/function/internal_message.html?_=1693527794216&CODE_STATE=getMsg HTTP/1.1" 200 27
120.253.135.82 - - [01/Sep/2023:08:25:21 +0800] "GET /xingrg/check_reg.html?_=1693527727489 HTTP/1.1" 200 22
114.95.241.104 - - [01/Sep/2023:08:25:22 +0800] "POST /xingrg/kc/buy/cgsh_order_operate.html HTTP/1.1" 200 37
120.253.135.82 - - [01/Sep/2023:08:25:22 +0800] "GET /xingrg/all/function/internal_message.html?_=1693527728574&CODE_STATE=getMsg HTTP/1.1" 200 27
218.81.220.60 - - [01/Sep/2023:08:25:29 +0800] "GET /xingrg/all/function/internal_message.html?_=1693527946993&CODE_STATE=getMsg HTTP/1.1" 200 27
180.152.241.196 - - [01/Sep/2023:08:25:35 +0800] "POST /xingrg/services/DataTransmitService HTTP/1.1" 200 524
114.95.241.104 - - [01/Sep/2023:08:25:38 +0800] "POST /xingrg/kc/buy/cgsh_order_operate.html HTTP/1.1" 200 12
218.81.220.60 - - [01/Sep/2023:08:25:39 +0800] "GET /xingrg/all/function/internal_message.html?_=1693527957219&CODE_STATE=getMsg HTTP/1.1" 200 27
114.95.241.104 - - [01/Sep/2023:08:25:41 +0800] "GET /xingrg/kc/buy/cgsh_order_info.html?code=212023090100003 HTTP/1.1" 200 66677
114.95.241.104 - - [01/Sep/2023:08:25:41 +0800] "GET /xingrg/javascript/easyui/themes/default/validatebox.css HTTP/1.1" 404 1104
114.95.241.104 - - [01/Sep/2023:08:25:43 +0800] "POST /xingrg/kc/buy/cgsh_order_operate.html HTTP/1.1" 200 4818
114.95.241.104 - - [01/Sep/2023:08:25:45 +0800] "GET /xingrg/kc/print/load_data.html?order_code=212023090100003&kc_code=cgsh&condition= HTTP/1.1" 200 2344
114.95.241.104 - - [01/Sep/2023:08:25:54 +0800] "POST /xingrg/all/user/operate.html HTTP/1.1" 200 36
114.95.241.104 - - [01/Sep/2023:08:25:55 +0800] "GET /xingrg/index.html?sysBaseUrl=http%3A%2F%2F180.169.147.146%3A18081%2Fxingrg%2F&costTime=1130×tamp=1693524031346 HTTP/1.1" 200 17179
114.95.241.104 - - [01/Sep/2023:08:25:55 +0800] "GET /xingrg/javascript/jquery_easy_ui/themes/default/easyui.css HTTP/1.1" 304 -
114.95.241.104 - - [01/Sep/2023:08:25:55 +0800] "GET /xingrg/javascript/jquery_easy_ui/themes/icon.css HTTP/1.1" 304 -
114.95.241.104 - - [01/Sep/2023:08:25:55 +0800] "GET /xingrg/css/form.css HTTP/1.1" 304 -
114.95.241.104 - - [01/Sep/2023:08:25:55 +0800] "GET /xingrg/javascript/jquery-1.4.2.min.js HTTP/1.1" 304 -
114.95.241.104 - - [01/Sep/2023:08:25:55 +0800] "GET /xingrg/javascript/jquery_easy_ui/jquery.easyui.min.js HTTP/1.1" 304 -
114.95.241.104 - - [01/Sep/2023:08:25:55 +0800] "GET /xingrg/javascript/jquery_easy_ui/easyui-lang-zh_CN.js HTTP/1.1" 304 -
114.95.241.104 - - [01/Sep/2023:08:25:55 +0800] "GET /xingrg/javascript/jquery.form.js HTTP/1.1" 304 -
114.95.241.104 - - [01/Sep/2023:08:25:55 +0800] "GET /xingrg/javascript/jquery.utils.js HTTP/1.1" 304 -
114.95.241.104 - - [01/Sep/2023:08:25:55 +0800] "GET /xingrg/javascript/jquery.timers.js HTTP/1.1" 304 -
114.95.241.104 - - [01/Sep/2023:08:25:55 +0800] "GET /xingrg/images/blue/jxLogo.png HTTP/1.1" 304 -
114.95.241.104 - - [01/Sep/2023:08:25:55 +0800] "GET /xingrg/images/blue/navBackgound.jpg HTTP/1.1" 304 -
114.95.241.104 - - [01/Sep/2023:08:25:55 +0800] "GET /xingrg/javascript/jquery_easy_ui/themes/icons/settle_new.png HTTP/1.1" 304 -
114.95.241.104 - - [01/Sep/2023:08:25:55 +0800] "GET /xingrg/images/blue/pingpu.png HTTP/1.1" 304 -
114.95.241.104 - - [01/Sep/2023:08:25:55 +0800] "GET /xingrg/javascript/jquery_easy_ui/themes/default/images/tabs_leftarrow.png HTTP/1.1" 304 -
114.95.241.104 - - [01/Sep/2023:08:25:55 +0800] "GET /xingrg/javascript/jquery_easy_ui/themes/default/images/panel_tool_collapse.gif HTTP/1.1" 304 -
114.95.241.104 - - [01/Sep/2023:08:25:55 +0800] "GET /xingrg/javascript/jquery_easy_ui/themes/default/images/tabs_rightarrow.png HTTP/1.1" 304 -
114.95.241.104 - - [01/Sep/2023:08:25:55 +0800] "GET /xingrg/check_reg.html?_=1693527851902 HTTP/1.1" 200 22
114.95.241.104 - - [01/Sep/2023:08:25:55 +0800] "GET /xingrg/all/function/internal_message.html?_=1693527851901&CODE_STATE=count HTTP/1.1" 200 11
114.95.241.104 - - [01/Sep/2023:08:25:55 +0800] "POST /xingrg/all/common/load_tree.html?tree=area_rest_tree_json&manage=1 HTTP/1.1" 200 476
114.95.241.104 - - [01/Sep/2023:08:25:56 +0800] "POST /xingrg/load_menu.html HTTP/1.1" 200 5138
114.95.241.104 - - [01/Sep/2023:08:26:00 +0800] "GET /xingrg/kc/buy/cgsh_order_list.html HTTP/1.1" 200 56388
114.95.241.104 - - [01/Sep/2023:08:26:07 +0800] "POST /xingrg/kc/buy/cgsh_list_operate.html HTTP/1.1" 200 1888
114.95.241.104 - - [01/Sep/2023:08:26:09 +0800] "GET /xingrg/kc/buy/cgsh_order_add.html HTTP/1.1" 200 72220
114.95.241.104 - - [01/Sep/2023:08:26:10 +0800] "POST /xingrg/kc/buy/cgsh_order_operate.html HTTP/1.1" 200 8245
114.95.241.104 - - [01/Sep/2023:08:26:10 +0800] "GET /xingrg/javascript/easyui/themes/default/validatebox.css HTTP/1.1" 404 1104
114.95.241.104 - - [01/Sep/2023:08:26:11 +0800] "GET /xingrg/javascript/auto/indicator.gif HTTP/1.1" 404 1066
58.40.7.146 - - [01/Sep/2023:08:26:12 +0800] "GET /xingrg/check_reg.html?_=1693527972808 HTTP/1.1" 302 -
120.253.135.82 - - [01/Sep/2023:08:26:22 +0800] "GET /xingrg/all/function/internal_message.html?_=1693527788590&CODE_STATE=getMsg HTTP/1.1" 200 27
114.95.241.104 - - [01/Sep/2023:08:26:23 +0800] "GET /xingrg/kc/buy/cgsh_order_operate.html?command=get_materiel&rest_code=00150&code=00101016030&supplier_code=00100096&order_time=2023-09-01 HTTP/1.1" 200 412
180.152.241.196 - - [01/Sep/2023:08:26:23 +0800] "GET /xingrg/check_reg.html?_=1693527982749 HTTP/1.1" 302 -
218.81.220.60 - - [01/Sep/2023:08:26:29 +0800] "GET /xingrg/all/function/internal_message.html?_=1693528007007&CODE_STATE=getMsg HTTP/1.1" 200 27
114.95.241.104 - - [01/Sep/2023:08:26:34 +0800] "GET /xingrg/kc/buy/cgsh_order_operate.html?command=get_materiel&rest_code=00150&code=00101016025&supplier_code=00100096&order_time=2023-09-01 HTTP/1.1" 200 408
218.81.220.60 - - [01/Sep/2023:08:26:35 +0800] "GET /xingrg/check_reg.html?_=1693528012418 HTTP/1.1" 200 22
218.81.220.60 - - [01/Sep/2023:08:26:39 +0800] "GET /xingrg/all/function/internal_message.html?_=1693528017224&CODE_STATE=getMsg HTTP/1.1" 200 27
114.95.241.104 - - [01/Sep/2023:08:26:46 +0800] "GET /xingrg/kc/buy/cgsh_order_operate.html?command=get_materiel&rest_code=00150&code=00101012003&supplier_code=00100096&order_time=2023-09-01 HTTP/1.1" 200 414
114.95.241.104 - - [01/Sep/2023:08:26:55 +0800] "GET /xingrg/all/function/internal_message.html?_=1693527911943&CODE_STATE=getMsg HTTP/1.1" 200 27
114.95.241.104 - - [01/Sep/2023:08:27:02 +0800] "GET /xingrg/kc/buy/cgsh_order_operate.html?command=get_materiel&rest_code=00150&code=00101001075&supplier_code=00100096&order_time=2023-09-01 HTTP/1.1" 200 409
120.253.135.82 - - [01/Sep/2023:08:27:22 +0800] "GET /xingrg/all/function/internal_message.html?_=1693527848604&CODE_STATE=getMsg HTTP/1.1" 200 27
218.81.220.60 - - [01/Sep/2023:08:27:29 +0800] "GET /xingrg/all/function/internal_message.html?_=1693528067024&CODE_STATE=getMsg HTTP/1.1" 200 27
218.81.220.60 - - [01/Sep/2023:08:27:39 +0800] "GET /xingrg/all/function/internal_message.html?_=1693528077237&CODE_STATE=getMsg HTTP/1.1" 200 27
114.95.241.104 - - [01/Sep/2023:08:27:48 +0800] "GET /xingrg/kc/buy/cgsh_order_operate.html?command=get_materiel&rest_code=00150&code=00101006129&supplier_code=00100096&order_time=2023-09-01 HTTP/1.1" 200 441
114.95.241.104 - - [01/Sep/2023:08:27:55 +0800] "GET /xingrg/all/function/internal_message.html?_=1693527971949&CODE_STATE=getMsg HTTP/1.1" 200 27
114.95.241.104 - - [01/Sep/2023:08:28:07 +0800] "GET /xingrg/kc/buy/cgsh_order_operate.html?command=get_materiel&rest_code=00150&code=00101010711&supplier_code=00100096&order_time=2023-09-01 HTTP/1.1" 200 408
120.253.135.82 - - [01/Sep/2023:08:28:22 +0800] "GET /xingrg/all/function/internal_message.html?_=1693527908624&CODE_STATE=getMsg HTTP/1.1" 200 27
218.81.220.60 - - [01/Sep/2023:08:28:29 +0800] "GET /xingrg/all/function/internal_message.html?_=1693528127034&CODE_STATE=getMsg HTTP/1.1" 200 27
114.95.241.104 - - [01/Sep/2023:08:28:30 +0800] "GET /xingrg/kc/buy/cgsh_order_operate.html?command=get_materiel&rest_code=00150&code=00101006055&supplier_code=00100096&order_time=2023-09-01 HTTP/1.1" 200 411
180.169.147.146 - - [01/Sep/2023:08:28:34 +0800] "GET /xingrg/check_reg.html?_=1693528114492 HTTP/1.1" 302 -
218.81.220.60 - - [01/Sep/2023:08:28:39 +0800] "GET /xingrg/all/function/internal_message.html?_=1693528137256&CODE_STATE=getMsg HTTP/1.1" 200 27
114.95.241.104 - - [01/Sep/2023:08:28:55 +0800] "GET /xingrg/all/function/internal_message.html?_=1693528031962&CODE_STATE=getMsg HTTP/1.1" 200 27
114.95.241.104 - - [01/Sep/2023:08:28:56 +0800] "GET /xingrg/kc/buy/cgsh_order_operate.html?command=get_materiel&rest_code=00150&code=00101006109&supplier_code=00100096&order_time=2023-09-01 HTTP/1.1" 200 411
180.157.251.62 - - [01/Sep/2023:08:29:09 +0800] "GET /xingrg/check_reg.html?_=1693528147594 HTTP/1.1" 302 -
222.70.180.200 - - [01/Sep/2023:08:29:15 +0800] "GET /xingrg/check_reg.html?_=1693528155686 HTTP/1.1" 302 -
114.95.241.104 - - [01/Sep/2023:08:29:17 +0800] "GET /xingrg/kc/buy/cgsh_order_operate.html?command=get_materiel&rest_code=00150&code=00101006062&supplier_code=00100096&order_time=2023-09-01 HTTP/1.1" 200 410
120.253.135.82 - - [01/Sep/2023:08:29:22 +0800] "GET /xingrg/all/function/internal_message.html?_=1693527968628&CODE_STATE=getMsg HTTP/1.1" 200 27
222.70.180.200 - - [01/Sep/2023:08:29:28 +0800] "GET /xingrg/check_reg.html?_=1693528168675 HTTP/1.1" 302 -
218.81.220.60 - - [01/Sep/2023:08:29:29 +0800] "GET /xingrg/check_reg.html?_=1693528186740 HTTP/1.1" 200 22
218.81.220.60 - - [01/Sep/2023:08:29:29 +0800] "GET /xingrg/all/function/internal_message.html?_=1693528187049&CODE_STATE=getMsg HTTP/1.1" 200 27
218.81.220.60 - - [01/Sep/2023:08:29:39 +0800] "GET /xingrg/all/function/internal_message.html?_=1693528197263&CODE_STATE=getMsg HTTP/1.1" 200 27
114.95.241.104 - - [01/Sep/2023:08:29:42 +0800] "GET /xingrg/kc/buy/cgsh_order_operate.html?command=get_materiel&rest_code=00150&code=00101016104&supplier_code=00100096&order_time=2023-09-01 HTTP/1.1" 200 408
114.95.241.104 - - [01/Sep/2023:08:29:55 +0800] "GET /xingrg/all/function/internal_message.html?_=1693528091975&CODE_STATE=getMsg HTTP/1.1" 200 27
114.95.241.104 - - [01/Sep/2023:08:30:00 +0800] "GET /xingrg/kc/buy/cgsh_order_operate.html?command=get_materiel&rest_code=00150&code=00101006011&supplier_code=00100096&order_time=2023-09-01 HTTP/1.1" 200 409
101.83.145.37 - - [01/Sep/2023:08:30:19 +0800] "GET /favicon.ico HTTP/1.1" 404 -
101.83.145.37 - - [01/Sep/2023:08:30:20 +0800] "GET /xingrg/index.html?sysBaseUrl=http%3A%2F%2F180.169.147.146%3A18081%2Fxingrg%2F&costTime=36×tamp=1585223203754 HTTP/1.1" 302 -
101.83.145.37 - - [01/Sep/2023:08:30:20 +0800] "GET /xingrg/login.html HTTP/1.1" 200 7641
120.253.135.82 - - [01/Sep/2023:08:30:21 +0800] "GET /xingrg/check_reg.html?_=1693528027502 HTTP/1.1" 200 22
101.83.145.37 - - [01/Sep/2023:08:30:21 +0800] "GET /xingrg/images/blue/jxLogo.png HTTP/1.1" 304 -
120.253.135.82 - - [01/Sep/2023:08:30:22 +0800] "GET /xingrg/all/function/internal_message.html?_=1693528028642&CODE_STATE=getMsg HTTP/1.1" 200 27
114.95.241.104 - - [01/Sep/2023:08:30:22 +0800] "GET /xingrg/kc/buy/cgsh_order_operate.html?command=get_materiel&rest_code=00150&code=00101007061&supplier_code=00100096&order_time=2023-09-01 HTTP/1.1" 200 411
218.81.220.60 - - [01/Sep/2023:08:30:29 +0800] "GET /xingrg/all/function/internal_message.html?_=1693528247061&CODE_STATE=getMsg HTTP/1.1" 200 27
218.81.220.60 - - [01/Sep/2023:08:30:39 +0800] "GET /xingrg/all/function/internal_message.html?_=1693528257282&CODE_STATE=getMsg HTTP/1.1" 200 27
114.95.241.104 - - [01/Sep/2023:08:30:42 +0800] "GET /xingrg/kc/buy/cgsh_order_operate.html?command=get_materiel&rest_code=00150&code=00101007049&supplier_code=00100096&order_time=2023-09-01 HTTP/1.1" 200 410
114.95.241.104 - - [01/Sep/2023:08:30:55 +0800] "GET /xingrg/check_reg.html?_=1693528151900 HTTP/1.1" 200 22
114.95.241.104 - - [01/Sep/2023:08:30:55 +0800] "GET /xingrg/kc/buy/cgsh_order_operate.html?command=get_materiel&rest_code=00150&code=00101007081&supplier_code=00100096&order_time=2023-09-01 HTTP/1.1" 200 413
114.95.241.104 - - [01/Sep/2023:08:30:55 +0800] "GET /xingrg/all/function/internal_message.html?_=1693528152048&CODE_STATE=getMsg HTTP/1.1" 200 27
101.83.145.37 - - [01/Sep/2023:08:30:58 +0800] "GET /xingrg/images/blue/login_bg.png HTTP/1.1" 304 -
101.83.145.37 - - [01/Sep/2023:08:30:58 +0800] "GET /xingrg/images/blue/hj.png HTTP/1.1" 304 -
101.83.145.37 - - [01/Sep/2023:08:30:58 +0800] "GET /xingrg/images/blue/srbg.png HTTP/1.1" 304 -
101.83.145.37 - - [01/Sep/2023:08:31:00 +0800] "GET /favicon.ico HTTP/1.1" 404 -
101.83.145.37 - - [01/Sep/2023:08:31:06 +0800] "POST /xingrg/login.do HTTP/1.1" 302 -
101.83.145.37 - - [01/Sep/2023:08:31:06 +0800] "GET /xingrg/index.html?sysBaseUrl=http%3A%2F%2F180.169.147.146%3A18081%2Fxingrg%2F&costTime=1857×tamp=1693528266631 HTTP/1.1" 200 17173
101.83.145.37 - - [01/Sep/2023:08:31:07 +0800] "GET /xingrg/javascript/jquery_easy_ui/themes/default/easyui.css HTTP/1.1" 304 -
101.83.145.37 - - [01/Sep/2023:08:31:07 +0800] "GET /xingrg/javascript/jquery_easy_ui/themes/icon.css HTTP/1.1" 304 -
101.83.145.37 - - [01/Sep/2023:08:31:07 +0800] "GET /xingrg/css/form.css HTTP/1.1" 304 -
101.83.145.37 - - [01/Sep/2023:08:31:07 +0800] "GET /xingrg/javascript/jquery-1.4.2.min.js HTTP/1.1" 304 -
101.83.145.37 - - [01/Sep/2023:08:31:07 +0800] "GET /xingrg/javascript/jquery_easy_ui/jquery.easyui.min.js HTTP/1.1" 304 -
101.83.145.37 - - [01/Sep/2023:08:31:07 +0800] "GET /xingrg/javascript/jquery_easy_ui/easyui-lang-zh_CN.js HTTP/1.1" 304 -
101.83.145.37 - - [01/Sep/2023:08:31:07 +0800] "GET /xingrg/javascript/jquery.form.js HTTP/1.1" 304 -
101.83.145.37 - - [01/Sep/2023:08:31:07 +0800] "GET /xingrg/javascript/jquery.utils.js HTTP/1.1" 304 -
101.83.145.37 - - [01/Sep/2023:08:31:08 +0800] "GET /xingrg/javascript/jquery.timers.js HTTP/1.1" 304 -
101.83.145.37 - - [01/Sep/2023:08:31:08 +0800] "GET /favicon.ico HTTP/1.1" 404 -
101.83.145.37 - - [01/Sep/2023:08:31:09 +0800] "GET /xingrg/javascript/jquery_easy_ui/themes/icons/settle_new.png HTTP/1.1" 304 -
101.83.145.37 - - [01/Sep/2023:08:31:09 +0800] "GET /xingrg/images/blue/navBackgound.jpg HTTP/1.1" 304 -
101.83.145.37 - - [01/Sep/2023:08:31:10 +0800] "POST /xingrg/all/common/load_tree.html?tree=area_rest_tree_json&manage=1 HTTP/1.1" 200 3499
101.83.145.37 - - [01/Sep/2023:08:31:11 +0800] "GET /xingrg/check_reg.html?_=1693528271816 HTTP/1.1" 200 22
101.83.145.37 - - [01/Sep/2023:08:31:11 +0800] "GET /xingrg/all/function/internal_message.html?_=1693528271815&CODE_STATE=count HTTP/1.1" 200 11
101.83.145.37 - - [01/Sep/2023:08:31:12 +0800] "GET /xingrg/images/blue/pingpu.png HTTP/1.1" 304 -
101.83.145.37 - - [01/Sep/2023:08:31:12 +0800] "GET /xingrg/javascript/jquery_easy_ui/themes/default/images/tabs_leftarrow.png HTTP/1.1" 304 -
101.83.145.37 - - [01/Sep/2023:08:31:12 +0800] "GET /xingrg/javascript/jquery_easy_ui/themes/default/images/tabs_rightarrow.png HTTP/1.1" 304 -
101.83.145.37 - - [01/Sep/2023:08:31:12 +0800] "GET /xingrg/javascript/jquery_easy_ui/themes/default/images/panel_tool_collapse.gif HTTP/1.1" 304 -
101.83.145.37 - - [01/Sep/2023:08:31:12 +0800] "GET /xingrg/javascript/jquery_easy_ui/themes/default/images/tree_arrows.gif HTTP/1.1" 304 -
101.83.145.37 - - [01/Sep/2023:08:31:12 +0800] "POST /xingrg/load_menu.html HTTP/1.1" 200 5138
101.83.145.37 - - [01/Sep/2023:08:31:12 +0800] "GET /xingrg/javascript/jquery_easy_ui/themes/default/images/tree_folder_open.gif HTTP/1.1" 304 -
101.83.145.37 - - [01/Sep/2023:08:31:12 +0800] "GET /xingrg/javascript/jquery_easy_ui/themes/icons/search_new.png HTTP/1.1" 304 -
101.83.145.37 - - [01/Sep/2023:08:31:12 +0800] "GET /xingrg/javascript/jquery_easy_ui/themes/default/images/tree_folder.gif HTTP/1.1" 304 -
101.83.145.37 - - [01/Sep/2023:08:31:12 +0800] "GET /xingrg/javascript/jquery_easy_ui/themes/icons/storage_new.png HTTP/1.1" 304 -
58.40.7.146 - - [01/Sep/2023:08:31:12 +0800] "GET /xingrg/check_reg.html?_=1693528272812 HTTP/1.1" 302 -
101.83.145.37 - - [01/Sep/2023:08:31:12 +0800] "GET /xingrg/javascript/jquery_easy_ui/themes/icons/forms_new.png HTTP/1.1" 304 -
101.83.145.37 - - [01/Sep/2023:08:31:12 +0800] "GET /xingrg/javascript/jquery_easy_ui/themes/default/images/tree_file.gif HTTP/1.1" 304 -
114.95.241.104 - - [01/Sep/2023:08:31:13 +0800] "GET /xingrg/kc/buy/cgsh_order_operate.html?command=get_materiel&rest_code=00150&code=00101007134&supplier_code=00100096&order_time=2023-09-01 HTTP/1.1" 200 415
120.253.135.82 - - [01/Sep/2023:08:31:22 +0800] "GET /xingrg/all/function/internal_message.html?_=1693528088657&CODE_STATE=getMsg HTTP/1.1" 200 27
180.152.241.196 - - [01/Sep/2023:08:31:23 +0800] "GET /xingrg/check_reg.html?_=1693528282740 HTTP/1.1" 302 -
101.80.225.121 - - [01/Sep/2023:08:31:25 +0800] "POST /xingrg/services/DataTransmitService HTTP/1.1" 200 524
101.83.145.37 - - [01/Sep/2023:08:31:26 +0800] "GET /xingrg/javascript/jquery_easy_ui/themes/default/images/tabs_close.gif HTTP/1.1" 304 -
101.83.145.37 - - [01/Sep/2023:08:31:26 +0800] "GET /xingrg/kc/base/check_order_list.html HTTP/1.1" 200 16293
101.83.145.37 - - [01/Sep/2023:08:31:26 +0800] "GET /xingrg/css/base.css HTTP/1.1" 304 -
101.83.145.37 - - [01/Sep/2023:08:31:26 +0800] "GET /xingrg/css/site.css HTTP/1.1" 304 -
101.83.145.37 - - [01/Sep/2023:08:31:26 +0800] "GET /xingrg/javascript/easyui/themes/default/easyui.css HTTP/1.1" 304 -
101.83.145.37 - - [01/Sep/2023:08:31:26 +0800] "GET /xingrg/javascript/jquery_tools/datebox.css HTTP/1.1" 304 -
101.83.145.37 - - [01/Sep/2023:08:31:26 +0800] "GET /xingrg/javascript/easyui/themes/icon.css HTTP/1.1" 304 -
101.83.145.37 - - [01/Sep/2023:08:31:26 +0800] "GET /xingrg/javascript/auto/jquery.autocomplete.css HTTP/1.1" 304 -
101.83.145.37 - - [01/Sep/2023:08:31:26 +0800] "GET /xingrg/javascript/jquery_tools/fix.css HTTP/1.1" 304 -
101.83.145.37 - - [01/Sep/2023:08:31:26 +0800] "GET /xingrg/javascript/jquery_tools/table.css HTTP/1.1" 304 -
101.83.145.37 - - [01/Sep/2023:08:31:26 +0800] "GET /xingrg/javascript/jquery_tools/jquery.tools.min.js HTTP/1.1" 304 -
101.83.145.37 - - [01/Sep/2023:08:31:26 +0800] "GET /xingrg/javascript/jquery_tools/jquery.tools.extend.js HTTP/1.1" 304 -
101.83.145.37 - - [01/Sep/2023:08:31:26 +0800] "GET /xingrg/javascript/jquery_tools/jquery.tools.hotkey.js HTTP/1.1" 304 -
101.83.145.37 - - [01/Sep/2023:08:31:26 +0800] "GET /xingrg/javascript/jquery_tools/jquery.tools.table.js HTTP/1.1" 304 -
101.83.145.37 - - [01/Sep/2023:08:31:26 +0800] "GET /xingrg/javascript/jquery_tools/list_manager.js HTTP/1.1" 304 -
101.83.145.37 - - [01/Sep/2023:08:31:26 +0800] "GET /xingrg/javascript/auto/jquery.autocomplete.js HTTP/1.1" 304 -
101.83.145.37 - - [01/Sep/2023:08:31:26 +0800] "GET /xingrg/javascript/easyui/easyloader.js HTTP/1.1" 304 -
101.83.145.37 - - [01/Sep/2023:08:31:26 +0800] "GET /xingrg/javascript/jquery.cookie.js HTTP/1.1" 304 -
218.81.220.60 - - [01/Sep/2023:08:31:29 +0800] "GET /xingrg/all/function/internal_message.html?_=1693528307075&CODE_STATE=getMsg HTTP/1.1" 200 27
101.83.145.37 - - [01/Sep/2023:08:31:29 +0800] "GET /xingrg/javascript/easyui/themes/icons/edit_add_new.png HTTP/1.1" 304 -
101.83.145.37 - - [01/Sep/2023:08:31:29 +0800] "GET /xingrg/javascript/easyui/themes/icons/cance_new.png HTTP/1.1" 304 -
101.83.145.37 - - [01/Sep/2023:08:31:30 +0800] "GET /xingrg/javascript/easyui/themes/icons/field_new.png HTTP/1.1" 304 -
101.83.145.37 - - [01/Sep/2023:08:31:30 +0800] "GET /xingrg/javascript/easyui/themes/icons/check_new.png HTTP/1.1" 304 -
101.83.145.37 - - [01/Sep/2023:08:31:30 +0800] "GET /xingrg/javascript/easyui/plugins/jquery.parser.js HTTP/1.1" 304 -
101.83.145.37 - - [01/Sep/2023:08:31:30 +0800] "GET /xingrg/images/control/ajaxLoader.gif HTTP/1.1" 304 -
101.83.145.37 - - [01/Sep/2023:08:31:31 +0800] "POST /xingrg/kc/base/check_list_operate.html HTTP/1.1" 200 3855
218.81.220.60 - - [01/Sep/2023:08:31:35 +0800] "GET /xingrg/check_reg.html?_=1693528312423 HTTP/1.1" 200 22
218.81.220.60 - - [01/Sep/2023:08:31:39 +0800] "GET /xingrg/all/function/internal_message.html?_=1693528317291&CODE_STATE=getMsg HTTP/1.1" 200 27
114.95.241.104 - - [01/Sep/2023:08:31:55 +0800] "GET /xingrg/all/function/internal_message.html?_=1693528212083&CODE_STATE=getMsg HTTP/1.1" 200 27
101.83.145.37 - - [01/Sep/2023:08:32:11 +0800] "GET /xingrg/all/function/internal_message.html?_=1693528331824&CODE_STATE=getMsg HTTP/1.1" 200 27
120.253.135.82 - - [01/Sep/2023:08:32:22 +0800] "GET /xingrg/all/function/internal_message.html?_=1693528148670&CODE_STATE=getMsg HTTP/1.1" 200 27
218.81.220.60 - - [01/Sep/2023:08:32:29 +0800] "GET /xingrg/all/function/internal_message.html?_=1693528367091&CODE_STATE=getMsg HTTP/1.1" 200 27
101.83.145.37 - - [01/Sep/2023:08:32:29 +0800] "GET /xingrg/kc/base/check_order_info.html?code=452023083100438 HTTP/1.1" 200 26560
101.83.145.37 - - [01/Sep/2023:08:32:30 +0800] "GET /xingrg/css/blue.css HTTP/1.1" 304 -
101.83.145.37 - - [01/Sep/2023:08:32:30 +0800] "GET /xingrg/css/table.css HTTP/1.1" 304 -
101.83.145.37 - - [01/Sep/2023:08:32:30 +0800] "GET /xingrg/javascript/pic_change.js HTTP/1.1" 304 -
101.83.145.37 - - [01/Sep/2023:08:32:30 +0800] "GET /xingrg/dwr/interface/AjaxComOrderService.js HTTP/1.1" 200 18264
101.83.145.37 - - [01/Sep/2023:08:32:30 +0800] "GET /xingrg/dwr/interface/AjaxCheckService.js HTTP/1.1" 200 14003
101.83.145.37 - - [01/Sep/2023:08:32:30 +0800] "GET /xingrg/dwr/engine.js HTTP/1.1" 200 43631
101.83.145.37 - - [01/Sep/2023:08:32:30 +0800] "GET /xingrg/dwr/util.js HTTP/1.1" 200 35990
101.83.145.37 - - [01/Sep/2023:08:32:30 +0800] "GET /xingrg/javascript/AjaxInfoList.js HTTP/1.1" 304 -
101.83.145.37 - - [01/Sep/2023:08:32:30 +0800] "GET /xingrg/javascript/Calendar.js HTTP/1.1" 304 -
101.83.145.37 - - [01/Sep/2023:08:32:30 +0800] "GET /xingrg/javascript/myfunction.js HTTP/1.1" 304 -
101.83.145.37 - - [01/Sep/2023:08:32:30 +0800] "GET /xingrg/javascript/convert.js HTTP/1.1" 304 -
101.83.145.37 - - [01/Sep/2023:08:32:30 +0800] "GET /xingrg/javascript/print/kc_print.js HTTP/1.1" 304 -
101.83.145.37 - - [01/Sep/2023:08:32:30 +0800] "GET /xingrg/javascript/print/LodopFuncs.js HTTP/1.1" 304 -
101.83.145.37 - - [01/Sep/2023:08:32:31 +0800] "GET /xingrg/javascript/jquery_easy_ui/themes/icons/check_new.png HTTP/1.1" 304 -
101.83.145.37 - - [01/Sep/2023:08:32:31 +0800] "GET /xingrg/javascript/jquery_easy_ui/themes/icons/cance_new.png HTTP/1.1" 304 -
101.83.145.37 - - [01/Sep/2023:08:32:31 +0800] "GET /xingrg/javascript/jquery_easy_ui/themes/icons/print.png HTTP/1.1" 304 -
101.83.145.37 - - [01/Sep/2023:08:32:31 +0800] "GET /xingrg/javascript/jquery_easy_ui/themes/default/images/menu_downarrow.png HTTP/1.1" 304 -
101.83.145.37 - - [01/Sep/2023:08:32:31 +0800] "GET /xingrg/javascript/jquery_easy_ui/themes/icons/back_new.png HTTP/1.1" 304 -
101.83.145.37 - - [01/Sep/2023:08:32:31 +0800] "POST /xingrg/dwr/call/plaincall/AjaxCheckService.loadOrderItems.dwr HTTP/1.1" 200 149839
101.83.145.37 - - [01/Sep/2023:08:32:32 +0800] "GET /xingrg/javascript/jquery_easy_ui/themes/icons/no.png HTTP/1.1" 304 -
218.81.220.60 - - [01/Sep/2023:08:32:40 +0800] "GET /xingrg/all/function/internal_message.html?_=1693528377305&CODE_STATE=getMsg HTTP/1.1" 200 27
114.95.241.104 - - [01/Sep/2023:08:32:55 +0800] "GET /xingrg/all/function/internal_message.html?_=1693528272151&CODE_STATE=getMsg HTTP/1.1" 200 27
101.83.145.37 - - [01/Sep/2023:08:33:02 +0800] "POST /xingrg/dwr/call/plaincall/AjaxCheckService.setItemNumber.dwr HTTP/1.1" 200 76
114.95.241.104 - - [01/Sep/2023:08:33:03 +0800] "POST /xingrg/kc/buy/cgsh_order_operate.html HTTP/1.1" 200 37
101.83.145.37 - - [01/Sep/2023:08:33:04 +0800] "POST /xingrg/dwr/call/plaincall/AjaxCheckService.setItemNumber.dwr HTTP/1.1" 200 76
101.83.145.37 - - [01/Sep/2023:08:33:06 +0800] "POST /xingrg/dwr/call/plaincall/AjaxCheckService.setItemNumber.dwr HTTP/1.1" 200 76
101.83.145.37 - - [01/Sep/2023:08:33:07 +0800] "POST /xingrg/dwr/call/plaincall/AjaxCheckService.setItemNumber.dwr HTTP/1.1" 200 76
101.83.145.37 - - [01/Sep/2023:08:33:08 +0800] "POST /xingrg/dwr/call/plaincall/AjaxCheckService.setItemNumber.dwr HTTP/1.1" 200 76
101.83.145.37 - - [01/Sep/2023:08:33:10 +0800] "POST /xingrg/dwr/call/plaincall/AjaxCheckService.setItemNumber.dwr HTTP/1.1" 200 76
101.83.145.37 - - [01/Sep/2023:08:33:11 +0800] "POST /xingrg/dwr/call/plaincall/AjaxCheckService.setItemNumber.dwr HTTP/1.1" 200 76
101.83.145.37 - - [01/Sep/2023:08:33:11 +0800] "GET /xingrg/all/function/internal_message.html?_=1693528391845&CODE_STATE=getMsg HTTP/1.1" 200 27
101.83.145.37 - - [01/Sep/2023:08:33:12 +0800] "POST /xingrg/dwr/call/plaincall/AjaxCheckService.setItemNumber.dwr HTTP/1.1" 200 76
101.83.145.37 - - [01/Sep/2023:08:33:13 +0800] "POST /xingrg/dwr/call/plaincall/AjaxCheckService.setItemNumber.dwr HTTP/1.1" 200 76
101.83.145.37 - - [01/Sep/2023:08:33:14 +0800] "POST /xingrg/dwr/call/plaincall/AjaxCheckService.setItemNumber.dwr HTTP/1.1" 200 77
114.95.241.104 - - [01/Sep/2023:08:33:19 +0800] "POST /xingrg/kc/buy/cgsh_order_operate.html HTTP/1.1" 200 12
101.83.145.37 - - [01/Sep/2023:08:33:20 +0800] "POST /xingrg/dwr/call/plaincall/AjaxCheckService.setItemNumber.dwr HTTP/1.1" 200 77
