101.83.145.37 - - [29/Aug/2023:10:37:34 +0800] "GET /xingrg/kc/base/wldb_order_add.html HTTP/1.1" 200 30457
101.83.145.37 - - [29/Aug/2023:10:37:34 +0800] "POST /xingrg/kc/base/wldb_order_operate.html HTTP/1.1" 200 6806
101.83.145.37 - - [29/Aug/2023:10:37:34 +0800] "GET /xingrg/javascript/easyui/themes/default/validatebox.css HTTP/1.1" 404 1104
222.70.180.200 - - [29/Aug/2023:10:37:35 +0800] "GET /xingrg/all/function/internal_message.html?_=1693276654826&CODE_STATE=getMsg HTTP/1.1" 200 27
101.83.145.37 - - [29/Aug/2023:10:37:35 +0800] "POST /xingrg/all/common/load_combo.html?type=base HTTP/1.1" 200 3409
101.228.187.155 - - [29/Aug/2023:10:37:45 +0800] "GET /xingrg/all/function/internal_message.html?_=1693276663965&CODE_STATE=getMsg HTTP/1.1" 200 27
120.253.135.82 - - [29/Aug/2023:10:37:46 +0800] "GET /xingrg/all/function/internal_message.html?_=1693276473939&CODE_STATE=getMsg HTTP/1.1" 200 27
114.83.217.95 - - [29/Aug/2023:10:37:48 +0800] "GET /xingrg/kc/buy/cgsh_order_operate.html?command=get_materiel&rest_code=00149&code=00101028005&supplier_code=00100019&order_time=2023-08-29 HTTP/1.1" 200 434
101.83.145.37 - - [29/Aug/2023:10:37:48 +0800] "GET /xingrg/all/function/internal_message.html?_=1693276670089&CODE_STATE=getMsg HTTP/1.1" 200 27
222.70.180.200 - - [29/Aug/2023:10:37:48 +0800] "GET /xingrg/all/function/internal_message.html?_=1693276669273&CODE_STATE=getMsg HTTP/1.1" 200 27
222.70.180.200 - - [29/Aug/2023:10:37:48 +0800] "GET /xingrg/kc/buy/cgsh_order_list.html HTTP/1.1" 302 -
222.70.180.200 - - [29/Aug/2023:10:37:48 +0800] "GET /xingrg/login.html HTTP/1.1" 200 7641
222.70.180.200 - - [29/Aug/2023:10:37:48 +0800] "GET /xingrg/login.html HTTP/1.1" 200 7641
222.70.180.200 - - [29/Aug/2023:10:37:52 +0800] "POST /xingrg/login.do HTTP/1.1" 302 -
120.253.135.82 - - [29/Aug/2023:10:37:52 +0800] "GET /xingrg/kc/pszx/mdqp_order_list.html?state=10 HTTP/1.1" 200 11118
120.253.135.82 - - [29/Aug/2023:10:37:52 +0800] "GET /xingrg/dwr/interface/AjaxReportQueryService.js HTTP/1.1" 200 13203
120.253.135.82 - - [29/Aug/2023:10:37:52 +0800] "GET /xingrg/dwr/interface/AjaxQqpsService.js HTTP/1.1" 200 16326
120.253.135.82 - - [29/Aug/2023:10:37:52 +0800] "GET /xingrg/dwr/engine.js HTTP/1.1" 200 43631
222.70.180.200 - - [29/Aug/2023:10:37:53 +0800] "GET /xingrg/index.html?sysBaseUrl=http%3A%2F%2F180.169.147.146%3A18081%2Fxingrg%2F&costTime=1436×tamp=1693276672822 HTTP/1.1" 200 17503
222.70.180.200 - - [29/Aug/2023:10:37:53 +0800] "GET /xingrg/check_reg.html?_=1693276694571 HTTP/1.1" 200 22
222.70.180.200 - - [29/Aug/2023:10:37:53 +0800] "GET /xingrg/all/function/internal_message.html?_=1693276694571&CODE_STATE=count HTTP/1.1" 200 11
222.70.180.200 - - [29/Aug/2023:10:37:53 +0800] "POST /xingrg/all/common/load_tree.html?tree=area_rest_tree_json&manage=1 HTTP/1.1" 200 591
222.70.180.200 - - [29/Aug/2023:10:37:53 +0800] "POST /xingrg/load_menu.html HTTP/1.1" 200 11564
120.253.135.82 - - [29/Aug/2023:10:37:56 +0800] "GET /xingrg/kc/pszx/mdps_order_list.html?orderType=0 HTTP/1.1" 200 21108
120.253.135.82 - - [29/Aug/2023:10:37:56 +0800] "POST /xingrg/kc/pszx/mdps_list_operate.html HTTP/1.1" 200 5214
114.95.241.104 - - [29/Aug/2023:10:37:56 +0800] "GET /xingrg/all/function/internal_message.html?_=1693276576384&CODE_STATE=getMsg HTTP/1.1" 200 27
114.83.217.95 - - [29/Aug/2023:10:37:57 +0800] "GET /xingrg/kc/buy/cgsh_order_operate.html?command=get_materiel&rest_code=00149&code=00101029005&supplier_code=00100019&order_time=2023-08-29 HTTP/1.1" 200 436
124.78.155.92 - - [29/Aug/2023:10:37:58 +0800] "GET /xingrg/kc/base/base_main.html HTTP/1.1" 200 12142
124.78.155.92 - - [29/Aug/2023:10:37:58 +0800] "GET /xingrg/images/blue/button/wlsy.gif HTTP/1.1" 200 2536
124.78.155.92 - - [29/Aug/2023:10:37:58 +0800] "GET /xingrg/images/blue/button/ckpd.gif HTTP/1.1" 200 2051
124.78.155.92 - - [29/Aug/2023:10:37:58 +0800] "GET /xingrg/images/blue/button/yddb.gif HTTP/1.1" 200 2040
124.78.155.92 - - [29/Aug/2023:10:37:58 +0800] "GET /xingrg/images/blue/button/ckdb.gif HTTP/1.1" 200 1950
124.78.155.92 - - [29/Aug/2023:10:37:58 +0800] "GET /xingrg/images/blue/button/top_right.jpg HTTP/1.1" 200 1708
124.78.155.92 - - [29/Aug/2023:10:37:58 +0800] "GET /xingrg/images/blue/button/down.jpg HTTP/1.1" 200 1560
124.78.155.92 - - [29/Aug/2023:10:37:58 +0800] "GET /xingrg/images/blue/button/left_ah.jpg HTTP/1.1" 200 1643
124.78.155.92 - - [29/Aug/2023:10:37:58 +0800] "GET /xingrg/images/blue/button/top_left.jpg HTTP/1.1" 200 1632
124.78.155.92 - - [29/Aug/2023:10:37:58 +0800] "GET /xingrg/images/blue/button/bottom_left.jpg HTTP/1.1" 200 1524
124.78.155.92 - - [29/Aug/2023:10:37:58 +0800] "GET /xingrg/images/blue/button/bottom_right.jpg HTTP/1.1" 200 1436
222.67.237.86 - - [29/Aug/2023:10:37:58 +0800] "GET /xingrg/all/function/internal_message.html?_=1693276122759&CODE_STATE=getMsg HTTP/1.1" 200 27
116.235.94.33 - - [29/Aug/2023:10:37:59 +0800] "GET /xingrg/all/function/internal_message.html?_=1693276672432&CODE_STATE=getMsg HTTP/1.1" 302 -
124.78.155.92 - - [29/Aug/2023:10:38:00 +0800] "GET /xingrg/kc/base/wldb_order_list.html HTTP/1.1" 200 19174
124.78.155.92 - - [29/Aug/2023:10:38:00 +0800] "GET /xingrg/all/function/internal_message.html?_=1693276680706&CODE_STATE=getMsg HTTP/1.1" 200 27
124.78.155.92 - - [29/Aug/2023:10:38:00 +0800] "POST /xingrg/kc/base/wldb_list_operate.html HTTP/1.1" 200 928
101.83.145.37 - - [29/Aug/2023:10:38:02 +0800] "GET /xingrg/kc/base/wldb_order_operate.html?command=get_materiel&rest_code=00105&base_code=0010507&code=00101019185 HTTP/1.1" 200 469
180.163.29.219 - - [29/Aug/2023:10:38:03 +0800] "GET /xingrg/all/function/internal_message.html?_=1693276623621&CODE_STATE=getMsg HTTP/1.1" 302 -
180.163.29.219 - - [29/Aug/2023:10:38:03 +0800] "GET /xingrg/login.html HTTP/1.1" 200 7641
180.169.147.146 - - [29/Aug/2023:10:38:03 +0800] "GET /xingrg/all/function/internal_message.html?_=1693276683622&CODE_STATE=getMsg HTTP/1.1" 200 27
124.78.155.92 - - [29/Aug/2023:10:38:04 +0800] "GET /xingrg/kc/base/wldb_order_add.html HTTP/1.1" 200 30457
124.78.155.92 - - [29/Aug/2023:10:38:04 +0800] "POST /xingrg/kc/base/wldb_order_operate.html HTTP/1.1" 200 6806
120.253.135.82 - - [29/Aug/2023:10:38:04 +0800] "GET /xingrg/kc/pszx/mdqp_order_list.html?state=10 HTTP/1.1" 200 11118
124.78.155.92 - - [29/Aug/2023:10:38:04 +0800] "GET /xingrg/all/common/auto_word.html?type=base&rest_code=00106 HTTP/1.1" 200 1799
120.253.135.82 - - [29/Aug/2023:10:38:04 +0800] "GET /xingrg/dwr/interface/AjaxReportQueryService.js HTTP/1.1" 200 13203
120.253.135.82 - - [29/Aug/2023:10:38:04 +0800] "GET /xingrg/dwr/interface/AjaxQqpsService.js HTTP/1.1" 200 16326
120.253.135.82 - - [29/Aug/2023:10:38:04 +0800] "GET /xingrg/dwr/engine.js HTTP/1.1" 200 43631
124.78.155.92 - - [29/Aug/2023:10:38:04 +0800] "GET /xingrg/javascript/easyui/themes/default/validatebox.css HTTP/1.1" 404 1104
124.78.155.92 - - [29/Aug/2023:10:38:04 +0800] "GET /xingrg/all/common/auto_word.html?type=base&rest_code=00106 HTTP/1.1" 200 1799
58.40.7.146 - - [29/Aug/2023:10:38:04 +0800] "GET /xingrg/all/function/internal_message.html?_=1693276684945&CODE_STATE=getMsg HTTP/1.1" 200 27
124.78.155.92 - - [29/Aug/2023:10:38:07 +0800] "POST /xingrg/all/common/load_combo.html?type=base HTTP/1.1" 200 3227
114.83.217.95 - - [29/Aug/2023:10:38:08 +0800] "GET /xingrg/all/function/internal_message.html?_=1693276688249&CODE_STATE=getMsg HTTP/1.1" 200 27
120.253.135.82 - - [29/Aug/2023:10:38:09 +0800] "GET /xingrg/kc/pszx/mdqp_order_list.html?state=10 HTTP/1.1" 200 11118
120.253.135.82 - - [29/Aug/2023:10:38:09 +0800] "GET /xingrg/dwr/engine.js HTTP/1.1" 200 43631
120.253.135.82 - - [29/Aug/2023:10:38:09 +0800] "GET /xingrg/dwr/interface/AjaxQqpsService.js HTTP/1.1" 200 16326
120.253.135.82 - - [29/Aug/2023:10:38:09 +0800] "GET /xingrg/dwr/interface/AjaxReportQueryService.js HTTP/1.1" 200 13203
101.83.145.37 - - [29/Aug/2023:10:38:10 +0800] "GET /xingrg/kc/base/wldb_order_operate.html?command=get_materiel&rest_code=00105&base_code=0010507&code=00101019199 HTTP/1.1" 200 473
124.78.155.92 - - [29/Aug/2023:10:38:12 +0800] "POST /xingrg/all/common/load_combo.html?type=base HTTP/1.1" 200 3227
180.165.48.189 - - [29/Aug/2023:10:38:14 +0800] "GET /xingrg/all/function/internal_message.html?_=1693276693118&CODE_STATE=getMsg HTTP/1.1" 200 27
120.253.135.82 - - [29/Aug/2023:10:38:14 +0800] "GET /xingrg/kc/pszx/mdps_order_list.html?orderType=0 HTTP/1.1" 200 21108
120.253.135.82 - - [29/Aug/2023:10:38:15 +0800] "POST /xingrg/kc/pszx/mdps_list_operate.html HTTP/1.1" 200 5214
101.83.145.37 - - [29/Aug/2023:10:38:16 +0800] "GET /xingrg/kc/base/wldb_order_operate.html?command=get_materiel&rest_code=00105&base_code=0010507&code=00101019391 HTTP/1.1" 200 485
120.253.135.82 - - [29/Aug/2023:10:38:16 +0800] "GET /xingrg/javascript/auto/indicator.gif HTTP/1.1" 404 1066
120.253.135.82 - - [29/Aug/2023:10:38:21 +0800] "POST /xingrg/kc/pszx/mdps_list_operate.html HTTP/1.1" 200 868
114.83.217.95 - - [29/Aug/2023:10:38:22 +0800] "GET /xingrg/kc/buy/cgsh_order_operate.html?command=get_materiel&rest_code=00149&code=00101028016&supplier_code=00100019&order_time=2023-08-29 HTTP/1.1" 200 447
101.83.145.37 - - [29/Aug/2023:10:38:25 +0800] "GET /xingrg/kc/base/wldb_order_operate.html?command=get_materiel&rest_code=00105&base_code=0010507&code=00101019527 HTTP/1.1" 200 474
180.169.147.146 - - [29/Aug/2023:10:38:27 +0800] "GET /xingrg/all/function/internal_message.html?_=1693276707248&CODE_STATE=getMsg HTTP/1.1" 200 27
120.253.135.82 - - [29/Aug/2023:10:38:27 +0800] "POST /xingrg/kc/pszx/mdps_list_operate.html HTTP/1.1" 200 1709
218.81.66.95 - - [29/Aug/2023:10:38:28 +0800] "GET /xingrg/all/function/internal_message.html?_=1693276706654&CODE_STATE=getMsg HTTP/1.1" 200 27
180.169.147.146 - - [29/Aug/2023:10:38:28 +0800] "GET /xingrg/check_reg.html?_=1693276709637 HTTP/1.1" 200 22
180.169.147.146 - - [29/Aug/2023:10:38:28 +0800] "GET /xingrg/all/function/internal_message.html?_=1693276709639&CODE_STATE=getMsg HTTP/1.1" 200 27
120.253.135.82 - - [29/Aug/2023:10:38:29 +0800] "POST /xingrg/kc/pszx/mdps_list_operate.html HTTP/1.1" 200 512
222.70.180.200 - - [29/Aug/2023:10:38:35 +0800] "GET /xingrg/all/function/internal_message.html?_=1693276714828&CODE_STATE=getMsg HTTP/1.1" 200 27
124.78.155.92 - - [29/Aug/2023:10:38:38 +0800] "GET /xingrg/javascript/auto/indicator.gif HTTP/1.1" 404 1066
116.235.94.33 - - [29/Aug/2023:10:38:41 +0800] "GET /xingrg/check_reg.html?_=1693276713840 HTTP/1.1" 302 -
120.253.135.82 - - [29/Aug/2023:10:38:42 +0800] "POST /xingrg/kc/pszx/mdps_list_operate.html HTTP/1.1" 200 5453
114.83.217.95 - - [29/Aug/2023:10:38:43 +0800] "GET /xingrg/kc/buy/cgsh_order_operate.html?command=get_materiel&rest_code=00149&code=00101028045&supplier_code=00100019&order_time=2023-08-29 HTTP/1.1" 200 432
124.78.155.92 - - [29/Aug/2023:10:38:44 +0800] "GET /xingrg/kc/base/wldb_order_operate.html?command=get_materiel&rest_code=00106&base_code=0010396&code=00101019127 HTTP/1.1" 200 480
101.228.187.155 - - [29/Aug/2023:10:38:45 +0800] "GET /xingrg/all/function/internal_message.html?_=1693276723965&CODE_STATE=getMsg HTTP/1.1" 200 27
120.253.135.82 - - [29/Aug/2023:10:38:46 +0800] "GET /xingrg/all/function/internal_message.html?_=1693276533951&CODE_STATE=getMsg HTTP/1.1" 200 27
101.83.145.37 - - [29/Aug/2023:10:38:48 +0800] "GET /xingrg/check_reg.html?_=1693276730102 HTTP/1.1" 200 22
101.83.145.37 - - [29/Aug/2023:10:38:48 +0800] "GET /xingrg/all/function/internal_message.html?_=1693276730104&CODE_STATE=getMsg HTTP/1.1" 200 27
222.70.180.200 - - [29/Aug/2023:10:38:48 +0800] "GET /xingrg/all/function/internal_message.html?_=1693276729272&CODE_STATE=getMsg HTTP/1.1" 302 -
101.83.145.37 - - [29/Aug/2023:10:38:51 +0800] "GET /xingrg/kc/base/wldb_order_operate.html?command=get_materiel&rest_code=00105&base_code=0010507&code=00101019041 HTTP/1.1" 200 469
222.70.180.200 - - [29/Aug/2023:10:38:53 +0800] "GET /xingrg/all/function/internal_message.html?_=1693276754576&CODE_STATE=getMsg HTTP/1.1" 200 27
114.83.217.95 - - [29/Aug/2023:10:38:55 +0800] "GET /xingrg/kc/buy/cgsh_order_operate.html?command=get_materiel&rest_code=00149&code=00101026072&supplier_code=00100019&order_time=2023-08-29 HTTP/1.1" 200 458
114.95.241.104 - - [29/Aug/2023:10:38:56 +0800] "GET /xingrg/check_reg.html?_=1693276635844 HTTP/1.1" 200 22
114.95.241.104 - - [29/Aug/2023:10:38:56 +0800] "GET /xingrg/all/function/internal_message.html?_=1693276636398&CODE_STATE=getMsg HTTP/1.1" 200 27
120.253.135.82 - - [29/Aug/2023:10:38:57 +0800] "POST /xingrg/kc/pszx/mdps_list_operate.html HTTP/1.1" 200 868
180.152.241.196 - - [29/Aug/2023:10:38:57 +0800] "GET /xingrg/check_reg.html?_=1693276738102 HTTP/1.1" 200 22
222.67.237.86 - - [29/Aug/2023:10:38:58 +0800] "GET /xingrg/all/function/internal_message.html?_=1693276182764&CODE_STATE=getMsg HTTP/1.1" 200 27
116.235.94.33 - - [29/Aug/2023:10:38:59 +0800] "GET /xingrg/all/function/internal_message.html?_=1693276732441&CODE_STATE=getMsg HTTP/1.1" 302 -
124.78.155.92 - - [29/Aug/2023:10:38:59 +0800] "GET /xingrg/kc/base/wldb_order_operate.html?command=get_materiel&rest_code=00106&base_code=0010396&code=00101019492 HTTP/1.1" 200 457
124.78.155.92 - - [29/Aug/2023:10:39:00 +0800] "GET /xingrg/all/function/internal_message.html?_=1693276740712&CODE_STATE=getMsg HTTP/1.1" 200 27
180.169.147.146 - - [29/Aug/2023:10:39:03 +0800] "GET /xingrg/check_reg.html?_=1693276743343 HTTP/1.1" 200 22
180.169.147.146 - - [29/Aug/2023:10:39:03 +0800] "GET /xingrg/all/function/internal_message.html?_=1693276743615&CODE_STATE=getMsg HTTP/1.1" 200 27
120.253.135.82 - - [29/Aug/2023:10:39:04 +0800] "POST /xingrg/kc/pszx/mdps_list_operate.html HTTP/1.1" 200 5987
58.40.7.146 - - [29/Aug/2023:10:39:04 +0800] "GET /xingrg/all/function/internal_message.html?_=1693276744946&CODE_STATE=getMsg HTTP/1.1" 200 27
114.83.217.95 - - [29/Aug/2023:10:39:06 +0800] "GET /xingrg/kc/buy/cgsh_order_operate.html?command=get_materiel&rest_code=00149&code=00101029007&supplier_code=00100019&order_time=2023-08-29 HTTP/1.1" 200 458
114.83.217.95 - - [29/Aug/2023:10:39:08 +0800] "GET /xingrg/all/function/internal_message.html?_=1693276748278&CODE_STATE=getMsg HTTP/1.1" 200 27
101.83.145.37 - - [29/Aug/2023:10:39:12 +0800] "GET /xingrg/kc/base/wldb_order_operate.html?command=get_materiel&rest_code=00105&base_code=0010507&code=00101016096 HTTP/1.1" 200 450
120.253.135.82 - - [29/Aug/2023:10:39:13 +0800] "POST /xingrg/kc/pszx/mdps_list_operate.html HTTP/1.1" 200 213
180.165.48.189 - - [29/Aug/2023:10:39:14 +0800] "GET /xingrg/check_reg.html?_=1693276753130 HTTP/1.1" 200 22
180.165.48.189 - - [29/Aug/2023:10:39:14 +0800] "GET /xingrg/all/function/internal_message.html?_=1693276753132&CODE_STATE=getMsg HTTP/1.1" 200 27
120.253.135.82 - - [29/Aug/2023:10:39:19 +0800] "POST /xingrg/kc/pszx/mdps_list_operate.html HTTP/1.1" 200 5866
114.83.217.95 - - [29/Aug/2023:10:39:21 +0800] "POST /xingrg/kc/buy/cgsh_order_operate.html HTTP/1.1" 200 37
101.83.145.37 - - [29/Aug/2023:10:39:22 +0800] "GET /xingrg/kc/base/wldb_order_operate.html?command=get_materiel&rest_code=00105&base_code=0010507&code=00101016036 HTTP/1.1" 200 431
180.169.147.146 - - [29/Aug/2023:10:39:27 +0800] "GET /xingrg/all/function/internal_message.html?_=1693276767244&CODE_STATE=getMsg HTTP/1.1" 200 27
218.81.66.95 - - [29/Aug/2023:10:39:28 +0800] "GET /xingrg/all/function/internal_message.html?_=1693276766640&CODE_STATE=getMsg HTTP/1.1" 200 27
180.169.147.146 - - [29/Aug/2023:10:39:28 +0800] "GET /xingrg/all/function/internal_message.html?_=1693276769640&CODE_STATE=getMsg HTTP/1.1" 200 27
120.253.135.82 - - [29/Aug/2023:10:39:28 +0800] "POST /xingrg/kc/pszx/mdps_list_operate.html HTTP/1.1" 200 868
114.83.217.95 - - [29/Aug/2023:10:39:29 +0800] "POST /xingrg/kc/buy/cgsh_order_operate.html HTTP/1.1" 200 12
114.83.217.95 - - [29/Aug/2023:10:39:32 +0800] "GET /xingrg/kc/buy/cgsh_order_info.html?code=212023082911814 HTTP/1.1" 200 67030
114.83.217.95 - - [29/Aug/2023:10:39:33 +0800] "GET /xingrg/javascript/easyui/themes/default/validatebox.css HTTP/1.1" 404 1104
114.83.217.95 - - [29/Aug/2023:10:39:34 +0800] "POST /xingrg/kc/buy/cgsh_order_operate.html HTTP/1.1" 200 4358
222.70.180.200 - - [29/Aug/2023:10:39:35 +0800] "GET /xingrg/all/function/internal_message.html?_=1693276774836&CODE_STATE=getMsg HTTP/1.1" 200 27
101.83.145.37 - - [29/Aug/2023:10:39:35 +0800] "GET /xingrg/kc/base/wldb_order_operate.html?command=get_materiel&rest_code=00105&base_code=0010507&code=00101019542 HTTP/1.1" 200 448
124.78.155.92 - - [29/Aug/2023:10:39:38 +0800] "GET /xingrg/kc/base/wldb_order_operate.html?command=get_materiel&rest_code=00106&base_code=0010396&code=00101019187 HTTP/1.1" 200 479
180.169.147.146 - - [29/Aug/2023:10:39:41 +0800] "GET /xingrg/check_reg.html?_=1693276882117 HTTP/1.1" 302 -
120.253.135.82 - - [29/Aug/2023:10:39:42 +0800] "GET /xingrg/kc/pszx/mdqp_order_list.html?state=10 HTTP/1.1" 200 11118
120.253.135.82 - - [29/Aug/2023:10:39:42 +0800] "GET /xingrg/dwr/engine.js HTTP/1.1" 200 43631
120.253.135.82 - - [29/Aug/2023:10:39:42 +0800] "GET /xingrg/dwr/interface/AjaxReportQueryService.js HTTP/1.1" 200 13203
120.253.135.82 - - [29/Aug/2023:10:39:42 +0800] "GET /xingrg/dwr/interface/AjaxQqpsService.js HTTP/1.1" 200 16326
101.228.187.155 - - [29/Aug/2023:10:39:45 +0800] "GET /xingrg/all/function/internal_message.html?_=1693276783966&CODE_STATE=getMsg HTTP/1.1" 200 27
120.253.135.82 - - [29/Aug/2023:10:39:46 +0800] "GET /xingrg/all/function/internal_message.html?_=1693276593966&CODE_STATE=getMsg HTTP/1.1" 200 27
218.81.66.95 - - [29/Aug/2023:10:39:47 +0800] "GET /favicon.ico HTTP/1.1" 404 -
101.83.145.37 - - [29/Aug/2023:10:39:47 +0800] "GET /xingrg/kc/base/wldb_order_operate.html?command=get_materiel&rest_code=00105&base_code=0010507&code=00101019400 HTTP/1.1" 200 465
101.83.145.37 - - [29/Aug/2023:10:39:48 +0800] "GET /xingrg/all/function/internal_message.html?_=1693276790124&CODE_STATE=getMsg HTTP/1.1" 200 27
222.70.180.200 - - [29/Aug/2023:10:39:48 +0800] "GET /xingrg/all/function/internal_message.html?_=1693276789281&CODE_STATE=getMsg HTTP/1.1" 302 -
222.70.180.200 - - [29/Aug/2023:10:39:48 +0800] "GET /xingrg/check_reg.html?_=1693276789284 HTTP/1.1" 302 -
124.78.155.92 - - [29/Aug/2023:10:39:49 +0800] "GET /xingrg/kc/base/wldb_order_operate.html?command=get_materiel&rest_code=00106&base_code=0010396&code=00101019359 HTTP/1.1" 200 462
222.70.180.200 - - [29/Aug/2023:10:39:53 +0800] "GET /xingrg/all/function/internal_message.html?_=1693276814573&CODE_STATE=getMsg HTTP/1.1" 200 27
120.253.135.82 - - [29/Aug/2023:10:39:54 +0800] "GET /xingrg/kc/pszx/mdqp_order_list.html?state=10 HTTP/1.1" 200 11118
120.253.135.82 - - [29/Aug/2023:10:39:54 +0800] "GET /xingrg/dwr/interface/AjaxQqpsService.js HTTP/1.1" 200 16326
120.253.135.82 - - [29/Aug/2023:10:39:54 +0800] "GET /xingrg/dwr/interface/AjaxReportQueryService.js HTTP/1.1" 200 13203
120.253.135.82 - - [29/Aug/2023:10:39:54 +0800] "GET /xingrg/dwr/engine.js HTTP/1.1" 200 43631
114.95.241.104 - - [29/Aug/2023:10:39:56 +0800] "GET /xingrg/all/function/internal_message.html?_=1693276696411&CODE_STATE=getMsg HTTP/1.1" 200 27
101.83.145.37 - - [29/Aug/2023:10:39:57 +0800] "GET /xingrg/kc/base/wldb_order_operate.html?command=get_materiel&rest_code=00105&base_code=0010507&code=00101019222 HTTP/1.1" 200 454
222.67.237.86 - - [29/Aug/2023:10:39:58 +0800] "GET /xingrg/all/function/internal_message.html?_=1693276242733&CODE_STATE=getMsg HTTP/1.1" 200 27
116.235.94.33 - - [29/Aug/2023:10:39:59 +0800] "GET /xingrg/all/function/internal_message.html?_=1693276792431&CODE_STATE=getMsg HTTP/1.1" 302 -
124.78.155.92 - - [29/Aug/2023:10:40:00 +0800] "GET /xingrg/all/function/internal_message.html?_=1693276800713&CODE_STATE=getMsg HTTP/1.1" 200 27
124.78.155.92 - - [29/Aug/2023:10:40:00 +0800] "GET /xingrg/check_reg.html?_=1693276800716 HTTP/1.1" 200 22
124.78.155.92 - - [29/Aug/2023:10:40:01 +0800] "GET /xingrg/kc/base/wldb_order_operate.html?command=get_materiel&rest_code=00106&base_code=0010396&code=00101016094 HTTP/1.1" 200 470
180.163.29.79 - - [29/Aug/2023:10:40:03 +0800] "GET /xingrg/check_reg.html?_=1693276743343 HTTP/1.1" 302 -
180.163.29.79 - - [29/Aug/2023:10:40:03 +0800] "GET /xingrg/login.html HTTP/1.1" 200 7641
180.169.147.146 - - [29/Aug/2023:10:40:03 +0800] "GET /xingrg/all/function/internal_message.html?_=1693276803598&CODE_STATE=getMsg HTTP/1.1" 200 27
58.40.7.146 - - [29/Aug/2023:10:40:04 +0800] "GET /xingrg/all/function/internal_message.html?_=1693276804948&CODE_STATE=getMsg HTTP/1.1" 200 27
58.40.7.146 - - [29/Aug/2023:10:40:04 +0800] "GET /xingrg/check_reg.html?_=1693276804949 HTTP/1.1" 200 22
101.83.145.37 - - [29/Aug/2023:10:40:06 +0800] "GET /xingrg/kc/base/wldb_order_operate.html?command=get_materiel&rest_code=00105&base_code=0010507&code=00101013193 HTTP/1.1" 200 444
114.83.217.95 - - [29/Aug/2023:10:40:08 +0800] "GET /xingrg/all/function/internal_message.html?_=1693276808270&CODE_STATE=getMsg HTTP/1.1" 200 27
114.83.217.95 - - [29/Aug/2023:10:40:08 +0800] "GET /xingrg/kc/print/load_data.html?order_code=212023082911814&kc_code=cgsh&condition= HTTP/1.1" 200 2323
180.165.48.189 - - [29/Aug/2023:10:40:14 +0800] "GET /xingrg/all/function/internal_message.html?_=1693276813119&CODE_STATE=getMsg HTTP/1.1" 200 27
114.83.217.95 - - [29/Aug/2023:10:40:14 +0800] "GET /xingrg/kc/buy/cgsh_order_add.html HTTP/1.1" 200 72123
114.83.217.95 - - [29/Aug/2023:10:40:14 +0800] "POST /xingrg/kc/buy/cgsh_order_operate.html HTTP/1.1" 200 8245
114.83.217.95 - - [29/Aug/2023:10:40:14 +0800] "GET /xingrg/javascript/easyui/themes/default/validatebox.css HTTP/1.1" 404 1104
101.83.145.37 - - [29/Aug/2023:10:40:15 +0800] "GET /xingrg/kc/base/wldb_order_operate.html?command=get_materiel&rest_code=00105&base_code=0010507&code=00101016019 HTTP/1.1" 200 449
124.78.155.92 - - [29/Aug/2023:10:40:16 +0800] "POST /xingrg/kc/base/wldb_order_operate.html HTTP/1.1" 200 37
124.78.155.92 - - [29/Aug/2023:10:40:17 +0800] "POST /xingrg/kc/base/wldb_order_operate.html HTTP/1.1" 200 4225
222.70.180.200 - - [29/Aug/2023:10:40:18 +0800] "GET /xingrg/system/info/materiel_manager.html HTTP/1.1" 200 19497
222.70.180.200 - - [29/Aug/2023:10:40:18 +0800] "GET /xingrg/dwr/interface/AjaxBaseInfoService.js HTTP/1.1" 200 21363
222.70.180.200 - - [29/Aug/2023:10:40:18 +0800] "GET /xingrg/dwr/interface/AjaxComOrderService.js HTTP/1.1" 200 18264
222.70.180.200 - - [29/Aug/2023:10:40:18 +0800] "GET /xingrg/dwr/engine.js HTTP/1.1" 200 43631
222.67.237.86 - - [29/Aug/2023:10:40:18 +0800] "GET /favicon.ico HTTP/1.1" 404 -
124.78.155.92 - - [29/Aug/2023:10:40:18 +0800] "GET /xingrg/kc/base/wldb_order_info.html?code=422023082903119 HTTP/1.1" 200 30472
124.78.155.92 - - [29/Aug/2023:10:40:19 +0800] "GET /xingrg/javascript/easyui/themes/default/validatebox.css HTTP/1.1" 404 1104
218.81.66.95 - - [29/Aug/2023:10:40:19 +0800] "GET /xingrg/check_reg.html?_=1693276817968 HTTP/1.1" 200 22
124.78.155.92 - - [29/Aug/2023:10:40:19 +0800] "POST /xingrg/kc/base/wldb_order_operate.html HTTP/1.1" 200 4225
124.78.155.92 - - [29/Aug/2023:10:40:23 +0800] "GET /xingrg/kc/base/wldb_order_add.html HTTP/1.1" 200 30457
124.78.155.92 - - [29/Aug/2023:10:40:23 +0800] "POST /xingrg/kc/base/wldb_order_operate.html HTTP/1.1" 200 6806
124.78.155.92 - - [29/Aug/2023:10:40:23 +0800] "GET /xingrg/javascript/easyui/themes/default/validatebox.css HTTP/1.1" 404 1104
101.83.145.37 - - [29/Aug/2023:10:40:24 +0800] "GET /xingrg/kc/base/wldb_order_operate.html?command=get_materiel&rest_code=00105&base_code=0010507&code=00101011005 HTTP/1.1" 200 430
124.78.155.92 - - [29/Aug/2023:10:40:26 +0800] "POST /xingrg/all/common/load_combo.html?type=base HTTP/1.1" 200 3227
180.169.147.146 - - [29/Aug/2023:10:40:27 +0800] "GET /xingrg/all/function/internal_message.html?_=1693276827236&CODE_STATE=getMsg HTTP/1.1" 200 27
218.81.66.95 - - [29/Aug/2023:10:40:28 +0800] "GET /xingrg/all/function/internal_message.html?_=1693276826613&CODE_STATE=getMsg HTTP/1.1" 200 27
180.169.147.146 - - [29/Aug/2023:10:40:28 +0800] "GET /xingrg/all/function/internal_message.html?_=1693276829638&CODE_STATE=getMsg HTTP/1.1" 200 27
101.83.145.37 - - [29/Aug/2023:10:40:30 +0800] "POST /xingrg/kc/base/wldb_order_operate.html HTTP/1.1" 200 37
101.83.145.37 - - [29/Aug/2023:10:40:31 +0800] "POST /xingrg/kc/base/wldb_order_operate.html HTTP/1.1" 200 7628
222.70.180.200 - - [29/Aug/2023:10:40:32 +0800] "GET /xingrg/index.html?sysBaseUrl=http%3A%2F%2F180.169.147.146%3A18081%2Fxingrg%2F&costTime=1436×tamp=1693276672822 HTTP/1.1" 200 17503
222.70.180.200 - - [29/Aug/2023:10:40:32 +0800] "GET /xingrg/check_reg.html?_=1693276853925 HTTP/1.1" 200 22
222.70.180.200 - - [29/Aug/2023:10:40:32 +0800] "GET /xingrg/all/function/internal_message.html?_=1693276853924&CODE_STATE=count HTTP/1.1" 200 11
222.70.180.200 - - [29/Aug/2023:10:40:32 +0800] "POST /xingrg/all/common/load_tree.html?tree=area_rest_tree_json&manage=1 HTTP/1.1" 200 591
222.70.180.200 - - [29/Aug/2023:10:40:32 +0800] "POST /xingrg/load_menu.html HTTP/1.1" 200 11564
124.78.155.92 - - [29/Aug/2023:10:40:32 +0800] "POST /xingrg/all/common/load_combo.html?type=base HTTP/1.1" 200 3227
222.70.180.200 - - [29/Aug/2023:10:40:35 +0800] "GET /xingrg/check_reg.html?_=1693276834834 HTTP/1.1" 200 22
222.70.180.200 - - [29/Aug/2023:10:40:35 +0800] "GET /xingrg/all/function/internal_message.html?_=1693276834840&CODE_STATE=getMsg HTTP/1.1" 200 27
222.70.180.200 - - [29/Aug/2023:10:40:43 +0800] "GET /xingrg/kc/buy/cgsh_order_operate.html?command=get_materiel&rest_code=00111&code=00101008127&supplier_code=00100005&order_time=2023-08-29 HTTP/1.1" 200 413
101.83.145.37 - - [29/Aug/2023:10:40:44 +0800] "GET /xingrg/kc/base/wldb_order_info.html?code=422023082903120 HTTP/1.1" 200 30474
101.83.145.37 - - [29/Aug/2023:10:40:45 +0800] "GET /xingrg/javascript/easyui/themes/default/validatebox.css HTTP/1.1" 404 1104
124.78.155.92 - - [29/Aug/2023:10:40:45 +0800] "GET /xingrg/kc/base/wldb_order_operate.html?command=get_materiel&rest_code=00106&base_code=0010397&code=00102002448 HTTP/1.1" 200 440
101.228.187.155 - - [29/Aug/2023:10:40:45 +0800] "GET /xingrg/all/function/internal_message.html?_=1693276843968&CODE_STATE=getMsg HTTP/1.1" 200 27
101.83.145.37 - - [29/Aug/2023:10:40:45 +0800] "POST /xingrg/kc/base/wldb_order_operate.html HTTP/1.1" 200 7628
120.253.135.82 - - [29/Aug/2023:10:40:46 +0800] "GET /xingrg/check_reg.html?_=1693276653916 HTTP/1.1" 200 22
120.253.135.82 - - [29/Aug/2023:10:40:46 +0800] "GET /xingrg/all/function/internal_message.html?_=1693276653980&CODE_STATE=getMsg HTTP/1.1" 200 27
101.83.145.37 - - [29/Aug/2023:10:40:48 +0800] "GET /xingrg/all/function/internal_message.html?_=1693276850105&CODE_STATE=getMsg HTTP/1.1" 200 27
222.70.180.200 - - [29/Aug/2023:10:40:48 +0800] "GET /xingrg/all/function/internal_message.html?_=1693276849279&CODE_STATE=getMsg HTTP/1.1" 302 -
114.95.241.104 - - [29/Aug/2023:10:40:56 +0800] "GET /xingrg/all/function/internal_message.html?_=1693276756425&CODE_STATE=getMsg HTTP/1.1" 200 27
124.78.155.92 - - [29/Aug/2023:10:40:58 +0800] "GET /xingrg/kc/base/wldb_order_operate.html?command=get_materiel&rest_code=00106&base_code=0010397&code=00102002118 HTTP/1.1" 200 466
222.67.237.86 - - [29/Aug/2023:10:40:58 +0800] "GET /xingrg/all/function/internal_message.html?_=1693276302713&CODE_STATE=getMsg HTTP/1.1" 200 27
116.235.94.33 - - [29/Aug/2023:10:40:59 +0800] "GET /xingrg/all/function/internal_message.html?_=1693276852439&CODE_STATE=getMsg HTTP/1.1" 302 -
124.78.155.92 - - [29/Aug/2023:10:41:00 +0800] "GET /xingrg/all/function/internal_message.html?_=1693276860718&CODE_STATE=getMsg HTTP/1.1" 200 27
180.169.147.146 - - [29/Aug/2023:10:41:03 +0800] "GET /xingrg/all/function/internal_message.html?_=1693276863581&CODE_STATE=getMsg HTTP/1.1" 200 27
222.70.180.200 - - [29/Aug/2023:10:41:04 +0800] "GET /xingrg/kc/buy/cgsh_order_list.html HTTP/1.1" 200 56508
222.70.180.200 - - [29/Aug/2023:10:41:04 +0800] "GET /xingrg/javascript/easyui/themes/icons/import_new.png HTTP/1.1" 200 1247
58.40.7.146 - - [29/Aug/2023:10:41:04 +0800] "GET /xingrg/all/function/internal_message.html?_=1693276864952&CODE_STATE=getMsg HTTP/1.1" 200 27
222.70.180.200 - - [29/Aug/2023:10:41:07 +0800] "POST /xingrg/kc/buy/cgsh_list_operate.html HTTP/1.1" 200 986
114.83.217.95 - - [29/Aug/2023:10:41:08 +0800] "GET /xingrg/check_reg.html?_=1693276868258 HTTP/1.1" 200 22
114.83.217.95 - - [29/Aug/2023:10:41:08 +0800] "GET /xingrg/all/function/internal_message.html?_=1693276868262&CODE_STATE=getMsg HTTP/1.1" 200 27
124.78.155.92 - - [29/Aug/2023:10:41:08 +0800] "POST /xingrg/kc/base/wldb_order_operate.html HTTP/1.1" 200 37
124.78.155.92 - - [29/Aug/2023:10:41:09 +0800] "POST /xingrg/kc/base/wldb_order_operate.html HTTP/1.1" 200 2690
124.78.155.92 - - [29/Aug/2023:10:41:10 +0800] "GET /xingrg/kc/base/wldb_order_info.html?code=422023082903121 HTTP/1.1" 200 30471
124.78.155.92 - - [29/Aug/2023:10:41:10 +0800] "GET /xingrg/javascript/easyui/themes/default/validatebox.css HTTP/1.1" 404 1104
124.78.155.92 - - [29/Aug/2023:10:41:11 +0800] "POST /xingrg/kc/base/wldb_order_operate.html HTTP/1.1" 200 2690
180.165.48.189 - - [29/Aug/2023:10:41:14 +0800] "GET /xingrg/all/function/internal_message.html?_=1693276873115&CODE_STATE=getMsg HTTP/1.1" 200 27
124.78.155.92 - - [29/Aug/2023:10:41:15 +0800] "GET /xingrg/kc/base/base_main.html HTTP/1.1" 200 12142
124.78.155.92 - - [29/Aug/2023:10:41:16 +0800] "GET /xingrg/kc/base/wldb_order_list.html HTTP/1.1" 200 19174
124.78.155.92 - - [29/Aug/2023:10:41:17 +0800] "POST /xingrg/kc/base/wldb_list_operate.html HTTP/1.1" 200 2165
180.169.147.146 - - [29/Aug/2023:10:41:27 +0800] "GET /xingrg/check_reg.html?_=1693276887249 HTTP/1.1" 200 22
180.169.147.146 - - [29/Aug/2023:10:41:27 +0800] "GET /xingrg/all/function/internal_message.html?_=1693276887247&CODE_STATE=getMsg HTTP/1.1" 200 27
218.81.66.95 - - [29/Aug/2023:10:41:28 +0800] "GET /xingrg/all/function/internal_message.html?_=1693276886588&CODE_STATE=getMsg HTTP/1.1" 200 27
180.169.147.146 - - [29/Aug/2023:10:41:28 +0800] "GET /xingrg/all/function/internal_message.html?_=1693276889636&CODE_STATE=getMsg HTTP/1.1" 200 27
222.70.180.200 - - [29/Aug/2023:10:41:32 +0800] "GET /xingrg/all/function/internal_message.html?_=1693276913935&CODE_STATE=getMsg HTTP/1.1" 200 27
222.70.180.200 - - [29/Aug/2023:10:41:35 +0800] "GET /xingrg/all/function/internal_message.html?_=1693276894823&CODE_STATE=getMsg HTTP/1.1" 200 27
101.228.187.155 - - [29/Aug/2023:10:41:45 +0800] "GET /xingrg/all/function/internal_message.html?_=1693276903967&CODE_STATE=getMsg HTTP/1.1" 200 27
101.228.187.155 - - [29/Aug/2023:10:41:45 +0800] "GET /xingrg/check_reg.html?_=1693276903963 HTTP/1.1" 200 22
120.253.135.82 - - [29/Aug/2023:10:41:46 +0800] "GET /xingrg/all/function/internal_message.html?_=1693276713993&CODE_STATE=getMsg HTTP/1.1" 200 27
101.83.145.37 - - [29/Aug/2023:10:41:48 +0800] "GET /xingrg/all/function/internal_message.html?_=1693276910080&CODE_STATE=getMsg HTTP/1.1" 200 27
222.70.180.200 - - [29/Aug/2023:10:41:48 +0800] "GET /xingrg/all/function/internal_message.html?_=1693276909279&CODE_STATE=getMsg HTTP/1.1" 302 -
114.95.241.104 - - [29/Aug/2023:10:41:56 +0800] "GET /xingrg/all/function/internal_message.html?_=1693276816444&CODE_STATE=getMsg HTTP/1.1" 200 27
222.67.237.86 - - [29/Aug/2023:10:41:58 +0800] "GET /xingrg/all/function/internal_message.html?_=1693276362685&CODE_STATE=getMsg HTTP/1.1" 200 27
120.253.135.82 - - [29/Aug/2023:10:41:58 +0800] "GET /xingrg/kc/pszx/mdqp_order_list.html?state=10 HTTP/1.1" 200 11118
120.253.135.82 - - [29/Aug/2023:10:41:58 +0800] "GET /xingrg/dwr/interface/AjaxQqpsService.js HTTP/1.1" 200 16326
120.253.135.82 - - [29/Aug/2023:10:41:58 +0800] "GET /xingrg/dwr/interface/AjaxReportQueryService.js HTTP/1.1" 200 13203
120.253.135.82 - - [29/Aug/2023:10:41:58 +0800] "GET /xingrg/dwr/engine.js HTTP/1.1" 200 43631
222.67.237.86 - - [29/Aug/2023:10:41:58 +0800] "GET /xingrg/check_reg.html?_=1693276363342 HTTP/1.1" 200 22
116.235.94.33 - - [29/Aug/2023:10:41:59 +0800] "GET /xingrg/all/function/internal_message.html?_=1693276912472&CODE_STATE=getMsg HTTP/1.1" 302 -
180.169.147.146 - - [29/Aug/2023:10:42:03 +0800] "GET /xingrg/all/function/internal_message.html?_=1693276923565&CODE_STATE=getMsg HTTP/1.1" 200 27
58.40.7.146 - - [29/Aug/2023:10:42:04 +0800] "GET /xingrg/all/function/internal_message.html?_=1693276924953&CODE_STATE=getMsg HTTP/1.1" 200 27
114.83.217.95 - - [29/Aug/2023:10:42:08 +0800] "GET /xingrg/all/function/internal_message.html?_=1693276928257&CODE_STATE=getMsg HTTP/1.1" 200 27
180.165.48.189 - - [29/Aug/2023:10:42:14 +0800] "GET /xingrg/all/function/internal_message.html?_=1693276933129&CODE_STATE=getMsg HTTP/1.1" 200 27
120.253.135.82 - - [29/Aug/2023:10:42:18 +0800] "GET /xingrg/kc/pszx/ps_main.html?isBack=1 HTTP/1.1" 200 13401
120.253.135.82 - - [29/Aug/2023:10:42:19 +0800] "GET /xingrg/images/yd/bt.gif HTTP/1.1" 404 1040
180.169.147.146 - - [29/Aug/2023:10:42:27 +0800] "GET /xingrg/all/function/internal_message.html?_=1693276947233&CODE_STATE=getMsg HTTP/1.1" 200 27
218.81.66.95 - - [29/Aug/2023:10:42:28 +0800] "GET /xingrg/all/function/internal_message.html?_=1693276946600&CODE_STATE=getMsg HTTP/1.1" 200 27
180.169.147.146 - - [29/Aug/2023:10:42:28 +0800] "GET /xingrg/all/function/internal_message.html?_=1693276949650&CODE_STATE=getMsg HTTP/1.1" 200 27
222.70.180.200 - - [29/Aug/2023:10:42:32 +0800] "GET /xingrg/all/function/internal_message.html?_=1693276974024&CODE_STATE=getMsg HTTP/1.1" 200 27
222.70.180.200 - - [29/Aug/2023:10:42:35 +0800] "GET /xingrg/all/function/internal_message.html?_=1693276954858&CODE_STATE=getMsg HTTP/1.1" 200 27
101.228.187.155 - - [29/Aug/2023:10:42:45 +0800] "GET /xingrg/all/function/internal_message.html?_=1693276963967&CODE_STATE=getMsg HTTP/1.1" 200 27
120.253.135.82 - - [29/Aug/2023:10:42:46 +0800] "GET /xingrg/kc/pszx/mdqp_order_list.html?state=10 HTTP/1.1" 200 11118
120.253.135.82 - - [29/Aug/2023:10:42:46 +0800] "GET /xingrg/dwr/interface/AjaxReportQueryService.js HTTP/1.1" 200 13203
120.253.135.82 - - [29/Aug/2023:10:42:46 +0800] "GET /xingrg/dwr/interface/AjaxQqpsService.js HTTP/1.1" 200 16326
120.253.135.82 - - [29/Aug/2023:10:42:46 +0800] "GET /xingrg/dwr/engine.js HTTP/1.1" 200 43631
120.253.135.82 - - [29/Aug/2023:10:42:46 +0800] "GET /xingrg/all/function/internal_message.html?_=1693276774006&CODE_STATE=getMsg HTTP/1.1" 200 27
101.83.145.37 - - [29/Aug/2023:10:42:48 +0800] "GET /xingrg/all/function/internal_message.html?_=1693276970079&CODE_STATE=getMsg HTTP/1.1" 200 27
222.70.180.200 - - [29/Aug/2023:10:42:48 +0800] "GET /xingrg/all/function/internal_message.html?_=1693276969280&CODE_STATE=getMsg HTTP/1.1" 302 -
114.95.241.104 - - [29/Aug/2023:10:42:56 +0800] "GET /xingrg/all/function/internal_message.html?_=1693276876451&CODE_STATE=getMsg HTTP/1.1" 200 27
222.67.237.86 - - [29/Aug/2023:10:42:58 +0800] "GET /xingrg/all/function/internal_message.html?_=1693276422663&CODE_STATE=getMsg HTTP/1.1" 200 27
116.235.94.33 - - [29/Aug/2023:10:42:59 +0800] "GET /xingrg/all/function/internal_message.html?_=1693276972469&CODE_STATE=getMsg HTTP/1.1" 302 -
120.253.135.82 - - [29/Aug/2023:10:43:03 +0800] "GET /xingrg/kc/pszx/mdqp_order_list.html?state=10 HTTP/1.1" 200 11118
120.253.135.82 - - [29/Aug/2023:10:43:03 +0800] "GET /xingrg/dwr/interface/AjaxQqpsService.js HTTP/1.1" 200 16326
120.253.135.82 - - [29/Aug/2023:10:43:03 +0800] "GET /xingrg/dwr/interface/AjaxReportQueryService.js HTTP/1.1" 200 13203
120.253.135.82 - - [29/Aug/2023:10:43:03 +0800] "GET /xingrg/dwr/engine.js HTTP/1.1" 200 43631
180.163.30.100 - - [29/Aug/2023:10:43:03 +0800] "GET /xingrg/all/function/internal_message.html?_=1693276923565&CODE_STATE=getMsg HTTP/1.1" 302 -
180.163.30.100 - - [29/Aug/2023:10:43:03 +0800] "GET /xingrg/login.html HTTP/1.1" 200 7641
180.169.147.146 - - [29/Aug/2023:10:43:03 +0800] "GET /xingrg/all/function/internal_message.html?_=1693276983555&CODE_STATE=getMsg HTTP/1.1" 200 27
58.40.7.146 - - [29/Aug/2023:10:43:04 +0800] "GET /xingrg/all/function/internal_message.html?_=1693276984957&CODE_STATE=getMsg HTTP/1.1" 200 27
114.83.217.95 - - [29/Aug/2023:10:43:08 +0800] "GET /xingrg/all/function/internal_message.html?_=1693276988267&CODE_STATE=getMsg HTTP/1.1" 200 27
222.70.180.200 - - [29/Aug/2023:10:43:08 +0800] "GET /xingrg/kc/buy/cgsh_order_operate.html?command=get_materiel&rest_code=00111&code=00101013108&supplier_code=00100005&order_time=2023-08-29 HTTP/1.1" 200 413
222.70.180.200 - - [29/Aug/2023:10:43:12 +0800] "GET /xingrg/system/info/materiel_manager.html HTTP/1.1" 200 19497
222.70.180.200 - - [29/Aug/2023:10:43:12 +0800] "GET /xingrg/dwr/interface/AjaxComOrderService.js HTTP/1.1" 200 18264
222.70.180.200 - - [29/Aug/2023:10:43:12 +0800] "GET /xingrg/dwr/interface/AjaxBaseInfoService.js HTTP/1.1" 200 21363
222.70.180.200 - - [29/Aug/2023:10:43:12 +0800] "GET /xingrg/dwr/engine.js HTTP/1.1" 200 43631
180.165.48.189 - - [29/Aug/2023:10:43:14 +0800] "GET /xingrg/all/function/internal_message.html?_=1693276993122&CODE_STATE=getMsg HTTP/1.1" 200 27
180.169.147.146 - - [29/Aug/2023:10:43:27 +0800] "GET /xingrg/all/function/internal_message.html?_=1693277007245&CODE_STATE=getMsg HTTP/1.1" 200 27
218.81.66.95 - - [29/Aug/2023:10:43:28 +0800] "GET /xingrg/all/function/internal_message.html?_=1693277006584&CODE_STATE=getMsg HTTP/1.1" 200 27
180.169.147.146 - - [29/Aug/2023:10:43:28 +0800] "GET /xingrg/kc/buy/buy_main.html HTTP/1.1" 200 12412
180.169.147.146 - - [29/Aug/2023:10:43:28 +0800] "GET /xingrg/css/new_ie.css HTTP/1.1" 404 1036
180.169.147.146 - - [29/Aug/2023:10:43:28 +0800] "GET /xingrg/check_reg.html?_=1693277009649 HTTP/1.1" 200 22
180.169.147.146 - - [29/Aug/2023:10:43:28 +0800] "GET /xingrg/all/function/internal_message.html?_=1693277009652&CODE_STATE=getMsg HTTP/1.1" 200 27
222.70.180.200 - - [29/Aug/2023:10:43:32 +0800] "GET /xingrg/all/function/internal_message.html?_=1693277033936&CODE_STATE=getMsg HTTP/1.1" 200 27
222.70.180.200 - - [29/Aug/2023:10:43:35 +0800] "GET /xingrg/all/function/internal_message.html?_=1693277014857&CODE_STATE=getMsg HTTP/1.1" 200 27
120.253.135.82 - - [29/Aug/2023:10:43:37 +0800] "GET /xingrg/kc/pszx/mdqp_order_list.html?state=10 HTTP/1.1" 200 11118
120.253.135.82 - - [29/Aug/2023:10:43:37 +0800] "GET /xingrg/dwr/interface/AjaxQqpsService.js HTTP/1.1" 200 16326
120.253.135.82 - - [29/Aug/2023:10:43:37 +0800] "GET /xingrg/dwr/interface/AjaxReportQueryService.js HTTP/1.1" 200 13203
120.253.135.82 - - [29/Aug/2023:10:43:37 +0800] "GET /xingrg/dwr/engine.js HTTP/1.1" 200 43631
116.235.94.33 - - [29/Aug/2023:10:43:41 +0800] "GET /xingrg/check_reg.html?_=1693277013827 HTTP/1.1" 302 -
101.228.187.155 - - [29/Aug/2023:10:43:45 +0800] "GET /xingrg/all/function/internal_message.html?_=1693277023968&CODE_STATE=getMsg HTTP/1.1" 200 27
120.253.135.82 - - [29/Aug/2023:10:43:46 +0800] "GET /xingrg/all/function/internal_message.html?_=1693276834020&CODE_STATE=getMsg HTTP/1.1" 200 27
101.83.145.37 - - [29/Aug/2023:10:43:48 +0800] "GET /xingrg/check_reg.html?_=1693277030081 HTTP/1.1" 200 22
101.83.145.37 - - [29/Aug/2023:10:43:48 +0800] "GET /xingrg/all/function/internal_message.html?_=1693277030083&CODE_STATE=getMsg HTTP/1.1" 200 27
222.70.180.200 - - [29/Aug/2023:10:43:48 +0800] "GET /xingrg/all/function/internal_message.html?_=1693277029279&CODE_STATE=getMsg HTTP/1.1" 302 -
114.95.241.104 - - [29/Aug/2023:10:43:56 +0800] "GET /xingrg/check_reg.html?_=1693276935902 HTTP/1.1" 200 22
114.95.241.104 - - [29/Aug/2023:10:43:56 +0800] "POST /xingrg/all/user/operate.html HTTP/1.1" 200 36
114.95.241.104 - - [29/Aug/2023:10:43:56 +0800] "GET /xingrg/index.html?sysBaseUrl=http%3A%2F%2F180.169.147.146%3A18081%2Fxingrg%2F&costTime=903×tamp=1693266768807 HTTP/1.1" 200 17179
114.95.241.104 - - [29/Aug/2023:10:43:56 +0800] "GET /xingrg/javascript/jquery_easy_ui/themes/default/easyui.css HTTP/1.1" 304 -
114.95.241.104 - - [29/Aug/2023:10:43:56 +0800] "GET /xingrg/javascript/jquery_easy_ui/themes/icon.css HTTP/1.1" 304 -
114.95.241.104 - - [29/Aug/2023:10:43:56 +0800] "GET /xingrg/css/form.css HTTP/1.1" 304 -
114.95.241.104 - - [29/Aug/2023:10:43:56 +0800] "GET /xingrg/javascript/jquery-1.4.2.min.js HTTP/1.1" 304 -
114.95.241.104 - - [29/Aug/2023:10:43:56 +0800] "GET /xingrg/javascript/jquery_easy_ui/jquery.easyui.min.js HTTP/1.1" 304 -
114.95.241.104 - - [29/Aug/2023:10:43:56 +0800] "GET /xingrg/javascript/jquery_easy_ui/easyui-lang-zh_CN.js HTTP/1.1" 304 -
114.95.241.104 - - [29/Aug/2023:10:43:56 +0800] "GET /xingrg/javascript/jquery.form.js HTTP/1.1" 304 -
114.95.241.104 - - [29/Aug/2023:10:43:56 +0800] "GET /xingrg/javascript/jquery.utils.js HTTP/1.1" 304 -
114.95.241.104 - - [29/Aug/2023:10:43:56 +0800] "GET /xingrg/javascript/jquery.timers.js HTTP/1.1" 304 -
114.95.241.104 - - [29/Aug/2023:10:43:56 +0800] "GET /xingrg/images/blue/navBackgound.jpg HTTP/1.1" 304 -
114.95.241.104 - - [29/Aug/2023:10:43:56 +0800] "GET /xingrg/images/blue/jxLogo.png HTTP/1.1" 304 -
114.95.241.104 - - [29/Aug/2023:10:43:56 +0800] "GET /xingrg/javascript/jquery_easy_ui/themes/icons/settle_new.png HTTP/1.1" 304 -
114.95.241.104 - - [29/Aug/2023:10:43:56 +0800] "GET /xingrg/images/blue/pingpu.png HTTP/1.1" 304 -
114.95.241.104 - - [29/Aug/2023:10:43:56 +0800] "GET /xingrg/javascript/jquery_easy_ui/themes/default/images/tabs_leftarrow.png HTTP/1.1" 304 -
114.95.241.104 - - [29/Aug/2023:10:43:56 +0800] "GET /xingrg/javascript/jquery_easy_ui/themes/default/images/panel_tool_collapse.gif HTTP/1.1" 304 -
114.95.241.104 - - [29/Aug/2023:10:43:56 +0800] "GET /xingrg/javascript/jquery_easy_ui/themes/default/images/tabs_rightarrow.png HTTP/1.1" 304 -
114.95.241.104 - - [29/Aug/2023:10:43:56 +0800] "GET /xingrg/check_reg.html?_=1693276936468 HTTP/1.1" 200 22
114.95.241.104 - - [29/Aug/2023:10:43:56 +0800] "GET /xingrg/all/function/internal_message.html?_=1693276936467&CODE_STATE=count HTTP/1.1" 200 11
114.95.241.104 - - [29/Aug/2023:10:43:56 +0800] "POST /xingrg/all/common/load_tree.html?tree=area_rest_tree_json&manage=1 HTTP/1.1" 200 476
114.95.241.104 - - [29/Aug/2023:10:43:56 +0800] "POST /xingrg/load_menu.html HTTP/1.1" 200 5138
180.152.241.196 - - [29/Aug/2023:10:43:57 +0800] "GET /xingrg/check_reg.html?_=1693277038086 HTTP/1.1" 200 22
222.67.237.86 - - [29/Aug/2023:10:43:58 +0800] "GET /xingrg/all/function/internal_message.html?_=1693276482632&CODE_STATE=getMsg HTTP/1.1" 200 27
114.95.241.104 - - [29/Aug/2023:10:43:59 +0800] "GET /xingrg/kc/base/wldb_order_list.html HTTP/1.1" 200 19180
116.235.94.33 - - [29/Aug/2023:10:43:59 +0800] "GET /xingrg/all/function/internal_message.html?_=1693277032460&CODE_STATE=getMsg HTTP/1.1" 302 -
114.95.241.104 - - [29/Aug/2023:10:44:00 +0800] "POST /xingrg/kc/base/wldb_list_operate.html HTTP/1.1" 200 928
114.95.241.104 - - [29/Aug/2023:10:44:01 +0800] "GET /xingrg/kc/base/wldb_order_add.html HTTP/1.1" 200 30471
114.95.241.104 - - [29/Aug/2023:10:44:01 +0800] "POST /xingrg/kc/base/wldb_order_operate.html HTTP/1.1" 200 6806
114.95.241.104 - - [29/Aug/2023:10:44:01 +0800] "GET /xingrg/all/common/auto_word.html?type=base&rest_code=00150 HTTP/1.1" 200 1853
114.95.241.104 - - [29/Aug/2023:10:44:01 +0800] "GET /xingrg/all/common/auto_word.html?type=base&rest_code=00150 HTTP/1.1" 200 1853
114.95.241.104 - - [29/Aug/2023:10:44:01 +0800] "GET /xingrg/javascript/easyui/themes/default/validatebox.css HTTP/1.1" 404 1104
114.95.241.104 - - [29/Aug/2023:10:44:03 +0800] "POST /xingrg/all/common/load_combo.html?type=base HTTP/1.1" 200 3318
180.169.147.146 - - [29/Aug/2023:10:44:03 +0800] "GET /xingrg/check_reg.html?_=1693277043327 HTTP/1.1" 200 22
180.169.147.146 - - [29/Aug/2023:10:44:03 +0800] "GET /xingrg/all/function/internal_message.html?_=1693277043546&CODE_STATE=getMsg HTTP/1.1" 200 27
58.40.7.146 - - [29/Aug/2023:10:44:04 +0800] "GET /xingrg/all/function/internal_message.html?_=1693277044959&CODE_STATE=getMsg HTTP/1.1" 200 27
114.95.241.104 - - [29/Aug/2023:10:44:05 +0800] "GET /xingrg/javascript/auto/indicator.gif HTTP/1.1" 404 1066
120.253.135.82 - - [29/Aug/2023:10:44:07 +0800] "GET /xingrg/kc/pszx/mdqp_order_list.html?state=10 HTTP/1.1" 200 11118
120.253.135.82 - - [29/Aug/2023:10:44:07 +0800] "GET /xingrg/dwr/interface/AjaxReportQueryService.js HTTP/1.1" 200 13203
120.253.135.82 - - [29/Aug/2023:10:44:07 +0800] "GET /xingrg/dwr/interface/AjaxQqpsService.js HTTP/1.1" 200 16326
120.253.135.82 - - [29/Aug/2023:10:44:07 +0800] "GET /xingrg/dwr/engine.js HTTP/1.1" 200 43631
222.70.180.200 - - [29/Aug/2023:10:44:08 +0800] "GET /xingrg/index.html?sysBaseUrl=http%3A%2F%2F180.169.147.146%3A18081%2Fxingrg%2F&costTime=1436×tamp=1693276672822 HTTP/1.1" 200 17503
114.83.217.95 - - [29/Aug/2023:10:44:08 +0800] "GET /xingrg/all/function/internal_message.html?_=1693277048258&CODE_STATE=getMsg HTTP/1.1" 200 27
222.70.180.200 - - [29/Aug/2023:10:44:08 +0800] "GET /xingrg/all/function/internal_message.html?_=1693277069945&CODE_STATE=count HTTP/1.1" 200 11
222.70.180.200 - - [29/Aug/2023:10:44:08 +0800] "GET /xingrg/check_reg.html?_=1693277069946 HTTP/1.1" 200 22
222.70.180.200 - - [29/Aug/2023:10:44:08 +0800] "POST /xingrg/all/common/load_tree.html?tree=area_rest_tree_json&manage=1 HTTP/1.1" 200 591
222.70.180.200 - - [29/Aug/2023:10:44:08 +0800] "POST /xingrg/load_menu.html HTTP/1.1" 200 11564
180.169.147.146 - - [29/Aug/2023:10:44:12 +0800] "GET /xingrg/images/yd/bt.gif HTTP/1.1" 404 1040
114.95.241.104 - - [29/Aug/2023:10:44:12 +0800] "GET /xingrg/kc/base/wldb_order_operate.html?command=get_materiel&rest_code=00150&base_code=0010445&code=00101008472 HTTP/1.1" 200 465
180.165.48.189 - - [29/Aug/2023:10:44:14 +0800] "GET /xingrg/all/function/internal_message.html?_=1693277053119&CODE_STATE=getMsg HTTP/1.1" 200 27
180.165.48.189 - - [29/Aug/2023:10:44:14 +0800] "GET /xingrg/check_reg.html?_=1693277053123 HTTP/1.1" 200 22
222.70.180.200 - - [29/Aug/2023:10:44:25 +0800] "GET /xingrg/kc/buy/cgsh_order_operate.html?command=get_materiel&rest_code=00111&code=00101008223&supplier_code=00100005&order_time=2023-08-29 HTTP/1.1" 200 412
180.169.147.146 - - [29/Aug/2023:10:44:27 +0800] "GET /xingrg/all/function/internal_message.html?_=1693277067260&CODE_STATE=getMsg HTTP/1.1" 200 27
218.81.66.95 - - [29/Aug/2023:10:44:28 +0800] "GET /xingrg/all/function/internal_message.html?_=1693277066568&CODE_STATE=getMsg HTTP/1.1" 200 27
180.169.147.146 - - [29/Aug/2023:10:44:28 +0800] "GET /xingrg/all/function/internal_message.html?_=1693277069635&CODE_STATE=getMsg HTTP/1.1" 200 27
116.235.94.33 - - [29/Aug/2023:10:44:33 +0800] "GET /xingrg/system/info/materiel_manager.html HTTP/1.1" 302 -
116.235.94.33 - - [29/Aug/2023:10:44:33 +0800] "GET /xingrg/login.html HTTP/1.1" 200 7641
116.235.94.33 - - [29/Aug/2023:10:44:33 +0800] "GET /xingrg/login.html HTTP/1.1" 200 7641
116.235.94.33 - - [29/Aug/2023:10:44:34 +0800] "GET /favicon.ico HTTP/1.1" 404 -
222.70.180.200 - - [29/Aug/2023:10:44:35 +0800] "GET /xingrg/all/function/internal_message.html?_=1693277074848&CODE_STATE=getMsg HTTP/1.1" 200 27
116.235.94.33 - - [29/Aug/2023:10:44:36 +0800] "POST /xingrg/login.do HTTP/1.1" 302 -
116.235.94.33 - - [29/Aug/2023:10:44:36 +0800] "GET /xingrg/index.html?sysBaseUrl=http%3A%2F%2F180.169.147.146%3A18081%2Fxingrg%2F&costTime=916×tamp=1693277076480 HTTP/1.1" 200 17503
116.235.94.33 - - [29/Aug/2023:10:44:36 +0800] "GET /favicon.ico HTTP/1.1" 404 -
116.235.94.33 - - [29/Aug/2023:10:44:36 +0800] "GET /xingrg/all/function/internal_message.html?_=1693277069625&CODE_STATE=count HTTP/1.1" 200 11
116.235.94.33 - - [29/Aug/2023:10:44:36 +0800] "GET /xingrg/check_reg.html?_=1693277069626 HTTP/1.1" 200 22
116.235.94.33 - - [29/Aug/2023:10:44:36 +0800] "POST /xingrg/all/common/load_tree.html?tree=area_rest_tree_json&manage=1 HTTP/1.1" 200 591
116.235.94.33 - - [29/Aug/2023:10:44:37 +0800] "POST /xingrg/load_menu.html HTTP/1.1" 200 11564
116.235.94.33 - - [29/Aug/2023:10:44:39 +0800] "GET /xingrg/system/info/materiel_manager.html HTTP/1.1" 200 19497
116.235.94.33 - - [29/Aug/2023:10:44:39 +0800] "GET /xingrg/css/xtree.css HTTP/1.1" 200 880
116.235.94.33 - - [29/Aug/2023:10:44:39 +0800] "GET /xingrg/javascript/jquery_ui/themes/base/base.css HTTP/1.1" 200 28568
116.235.94.33 - - [29/Aug/2023:10:44:39 +0800] "GET /xingrg/dwr/interface/AjaxBaseInfoService.js HTTP/1.1" 200 21363
116.235.94.33 - - [29/Aug/2023:10:44:39 +0800] "GET /xingrg/dwr/interface/AjaxComOrderService.js HTTP/1.1" 200 18264
116.235.94.33 - - [29/Aug/2023:10:44:39 +0800] "GET /xingrg/dwr/util.js HTTP/1.1" 304 -
116.235.94.33 - - [29/Aug/2023:10:44:39 +0800] "GET /xingrg/javascript/Grid.js HTTP/1.1" 200 58908
116.235.94.33 - - [29/Aug/2023:10:44:39 +0800] "GET /xingrg/dwr/engine.js HTTP/1.1" 200 43631
116.235.94.33 - - [29/Aug/2023:10:44:39 +0800] "GET /xingrg/javascript/xtree.js HTTP/1.1" 200 26582
116.235.94.33 - - [29/Aug/2023:10:44:39 +0800] "GET /xingrg/javascript/ToolTips.js HTTP/1.1" 200 5615
116.235.94.33 - - [29/Aug/2023:10:44:40 +0800] "GET /xingrg/javascript/jquery_easy_ui/themes/icons/print_new.png HTTP/1.1" 200 3580
116.235.94.33 - - [29/Aug/2023:10:44:40 +0800] "GET /xingrg/javascript/jquery_easy_ui/themes/icons/import_new.png HTTP/1.1" 200 1247
180.169.147.146 - - [29/Aug/2023:10:44:41 +0800] "GET /xingrg/check_reg.html?_=1693277182138 HTTP/1.1" 302 -
101.228.187.155 - - [29/Aug/2023:10:44:45 +0800] "GET /xingrg/all/function/internal_message.html?_=1693277083970&CODE_STATE=getMsg HTTP/1.1" 200 27
222.70.180.200 - - [29/Aug/2023:10:44:46 +0800] "GET /xingrg/kc/buy/cgsh_order_operate.html?command=get_materiel&rest_code=00111&code=00101008061&supplier_code=00100005&order_time=2023-08-29 HTTP/1.1" 200 422
101.83.145.37 - - [29/Aug/2023:10:44:48 +0800] "GET /xingrg/all/function/internal_message.html?_=1693277090081&CODE_STATE=getMsg HTTP/1.1" 200 27
222.70.180.200 - - [29/Aug/2023:10:44:48 +0800] "GET /xingrg/all/function/internal_message.html?_=1693277089282&CODE_STATE=getMsg HTTP/1.1" 302 -
222.70.180.200 - - [29/Aug/2023:10:44:48 +0800] "GET /xingrg/check_reg.html?_=1693277089283 HTTP/1.1" 302 -
222.70.180.200 - - [29/Aug/2023:10:44:51 +0800] "POST /xingrg/kc/buy/cgsh_order_operate.html HTTP/1.1" 200 2065
