222.70.180.200 - - [29/Aug/2023:12:34:57 +0800] "POST /xingrg/services/DataTransmitService HTTP/1.1" 200 412
114.95.241.104 - - [29/Aug/2023:12:34:58 +0800] "GET /xingrg/all/function/internal_message.html?_=1693283598302&CODE_STATE=getMsg HTTP/1.1" 200 27
180.169.147.146 - - [29/Aug/2023:12:34:59 +0800] "POST /xingrg/kc/buy/cgsh_order_operate.html HTTP/1.1" 200 37
116.235.94.33 - - [29/Aug/2023:12:35:01 +0800] "GET /xingrg/all/function/internal_message.html?_=1693283694005&CODE_STATE=getMsg HTTP/1.1" 302 -
116.235.94.33 - - [29/Aug/2023:12:35:01 +0800] "GET /xingrg/check_reg.html?_=1693283694003 HTTP/1.1" 302 -
116.232.195.127 - - [29/Aug/2023:12:35:02 +0800] "GET /xingrg/kc/buy/cgsh_order_operate.html?command=get_materiel&rest_code=00155&code=00101008108&supplier_code=00100005&order_time=2023-08-29 HTTP/1.1" 200 412
58.40.7.146 - - [29/Aug/2023:12:35:04 +0800] "GET /xingrg/check_reg.html?_=1693283704964 HTTP/1.1" 200 22
58.40.7.146 - - [29/Aug/2023:12:35:04 +0800] "GET /xingrg/all/function/internal_message.html?_=1693283704966&CODE_STATE=getMsg HTTP/1.1" 200 27
116.232.195.127 - - [29/Aug/2023:12:35:12 +0800] "GET /xingrg/kc/buy/cgsh_order_operate.html?command=get_materiel&rest_code=00155&code=00101008318&supplier_code=00100005&order_time=2023-08-29 HTTP/1.1" 200 408
180.165.48.189 - - [29/Aug/2023:12:35:14 +0800] "GET /xingrg/all/function/internal_message.html?_=1693283713131&CODE_STATE=getMsg HTTP/1.1" 200 27
120.253.135.82 - - [29/Aug/2023:12:35:15 +0800] "GET /xingrg/check_reg.html?_=1693283522672 HTTP/1.1" 200 22
120.253.135.82 - - [29/Aug/2023:12:35:16 +0800] "GET /xingrg/all/function/internal_message.html?_=1693283523091&CODE_STATE=getMsg HTTP/1.1" 200 27
222.70.180.200 - - [29/Aug/2023:12:35:19 +0800] "GET /xingrg/all/function/internal_message.html?_=1693283740753&CODE_STATE=getMsg HTTP/1.1" 200 27
116.232.195.127 - - [29/Aug/2023:12:35:23 +0800] "GET /xingrg/kc/buy/cgsh_order_operate.html?command=get_materiel&rest_code=00155&code=00101008098&supplier_code=00100005&order_time=2023-08-29 HTTP/1.1" 200 412
222.70.107.27 - - [29/Aug/2023:12:35:31 +0800] "GET /xingrg/all/function/internal_message.html?_=1693283734734&CODE_STATE=getMsg HTTP/1.1" 200 27
222.70.107.27 - - [29/Aug/2023:12:35:31 +0800] "GET /xingrg/check_reg.html?_=1693283734735 HTTP/1.1" 200 22
116.232.195.127 - - [29/Aug/2023:12:35:33 +0800] "GET /xingrg/all/function/internal_message.html?_=1693283640748&CODE_STATE=getMsg HTTP/1.1" 200 27
116.232.195.127 - - [29/Aug/2023:12:35:33 +0800] "GET /xingrg/kc/buy/cgsh_order_operate.html?command=get_materiel&rest_code=00155&code=00101008353&supplier_code=00100005&order_time=2023-08-29 HTTP/1.1" 200 408
116.232.195.127 - - [29/Aug/2023:12:35:34 +0800] "GET /xingrg/check_reg.html?_=1693283641785 HTTP/1.1" 200 22
222.70.180.200 - - [29/Aug/2023:12:35:35 +0800] "GET /xingrg/check_reg.html?_=1693283734971 HTTP/1.1" 200 22
222.70.180.200 - - [29/Aug/2023:12:35:35 +0800] "GET /xingrg/all/function/internal_message.html?_=1693283734979&CODE_STATE=getMsg HTTP/1.1" 200 27
218.81.217.31 - - [29/Aug/2023:12:35:43 +0800] "GET /xingrg/all/function/internal_message.html?_=1693283749844&CODE_STATE=getMsg HTTP/1.1" 200 27
116.232.195.127 - - [29/Aug/2023:12:35:44 +0800] "GET /xingrg/kc/buy/cgsh_order_operate.html?command=get_materiel&rest_code=00155&code=00101008095&supplier_code=00100005&order_time=2023-08-29 HTTP/1.1" 200 412
101.228.187.155 - - [29/Aug/2023:12:35:45 +0800] "GET /xingrg/all/function/internal_message.html?_=1693283744092&CODE_STATE=getMsg HTTP/1.1" 200 27
116.232.195.127 - - [29/Aug/2023:12:35:46 +0800] "POST /xingrg/kc/buy/cgsh_order_operate.html HTTP/1.1" 200 2065
101.83.145.37 - - [29/Aug/2023:12:35:48 +0800] "GET /xingrg/all/function/internal_message.html?_=1693283750234&CODE_STATE=getMsg HTTP/1.1" 200 27
222.70.180.200 - - [29/Aug/2023:12:35:48 +0800] "GET /xingrg/all/function/internal_message.html?_=1693283749402&CODE_STATE=getMsg HTTP/1.1" 302 -
116.235.94.33 - - [29/Aug/2023:12:35:49 +0800] "GET /xingrg/all/function/internal_message.html?_=1693284042729&CODE_STATE=getMsg HTTP/1.1" 200 27
116.235.94.33 - - [29/Aug/2023:12:35:49 +0800] "GET /xingrg/check_reg.html?_=1693284042731 HTTP/1.1" 200 22
116.228.172.122 - - [29/Aug/2023:12:35:52 +0800] "GET /xingrg/all/function/internal_message.html?_=1693283520938&CODE_STATE=getMsg HTTP/1.1" 200 27
116.228.172.122 - - [29/Aug/2023:12:35:52 +0800] "GET /xingrg/check_reg.html?_=1693283520943 HTTP/1.1" 200 22
218.81.66.95 - - [29/Aug/2023:12:35:54 +0800] "GET /xingrg/all/function/internal_message.html?_=1693283752381&CODE_STATE=getMsg HTTP/1.1" 200 27
116.232.195.127 - - [29/Aug/2023:12:35:54 +0800] "GET /xingrg/kc/buy/cgsh_order_operate.html?command=get_materiel&rest_code=00155&code=00101008110&supplier_code=00100005&order_time=2023-08-29 HTTP/1.1" 200 408
124.78.155.92 - - [29/Aug/2023:12:35:55 +0800] "GET /xingrg/check_reg.html?_=1693283755221 HTTP/1.1" 200 22
124.78.155.92 - - [29/Aug/2023:12:35:55 +0800] "GET /xingrg/all/function/internal_message.html?_=1693283755225&CODE_STATE=getMsg HTTP/1.1" 200 27
222.67.237.86 - - [29/Aug/2023:12:35:55 +0800] "GET /xingrg/all/function/internal_message.html?_=1693283200124&CODE_STATE=getMsg HTTP/1.1" 200 27
114.95.241.104 - - [29/Aug/2023:12:35:58 +0800] "GET /xingrg/all/function/internal_message.html?_=1693283658315&CODE_STATE=getMsg HTTP/1.1" 200 27
222.70.180.200 - - [29/Aug/2023:12:35:59 +0800] "GET /xingrg/check_reg.html?_=1693283781188 HTTP/1.1" 200 22
116.235.94.33 - - [29/Aug/2023:12:36:01 +0800] "GET /xingrg/all/function/internal_message.html?_=1693283754006&CODE_STATE=getMsg HTTP/1.1" 302 -
58.40.7.146 - - [29/Aug/2023:12:36:04 +0800] "GET /xingrg/all/function/internal_message.html?_=1693283764970&CODE_STATE=getMsg HTTP/1.1" 200 27
116.232.195.127 - - [29/Aug/2023:12:36:05 +0800] "GET /xingrg/kc/buy/cgsh_order_operate.html?command=get_materiel&rest_code=00155&code=00101008283&supplier_code=00100005&order_time=2023-08-29 HTTP/1.1" 200 408
180.165.48.189 - - [29/Aug/2023:12:36:14 +0800] "GET /xingrg/all/function/internal_message.html?_=1693283773131&CODE_STATE=getMsg HTTP/1.1" 200 27
116.232.195.127 - - [29/Aug/2023:12:36:14 +0800] "GET /xingrg/kc/buy/cgsh_order_operate.html?command=get_materiel&rest_code=00155&code=00101008298&supplier_code=00100005&order_time=2023-08-29 HTTP/1.1" 200 412
120.253.135.82 - - [29/Aug/2023:12:36:16 +0800] "GET /xingrg/all/function/internal_message.html?_=1693283583107&CODE_STATE=getMsg HTTP/1.1" 200 27
222.70.180.200 - - [29/Aug/2023:12:36:19 +0800] "GET /xingrg/all/function/internal_message.html?_=1693283800752&CODE_STATE=getMsg HTTP/1.1" 200 27
116.232.195.127 - - [29/Aug/2023:12:36:28 +0800] "GET /xingrg/kc/buy/cgsh_order_operate.html?command=get_materiel&rest_code=00155&code=00101009021&supplier_code=00100005&order_time=2023-08-29 HTTP/1.1" 200 417
222.70.107.27 - - [29/Aug/2023:12:36:31 +0800] "GET /xingrg/all/function/internal_message.html?_=1693283794736&CODE_STATE=getMsg HTTP/1.1" 200 27
116.232.195.127 - - [29/Aug/2023:12:36:33 +0800] "GET /xingrg/all/function/internal_message.html?_=1693283700722&CODE_STATE=getMsg HTTP/1.1" 200 27
222.70.180.200 - - [29/Aug/2023:12:36:35 +0800] "GET /xingrg/all/function/internal_message.html?_=1693283794963&CODE_STATE=getMsg HTTP/1.1" 200 27
116.232.195.127 - - [29/Aug/2023:12:36:42 +0800] "GET /xingrg/kc/buy/cgsh_order_operate.html?command=get_materiel&rest_code=00155&code=00101009051&supplier_code=00100005&order_time=2023-08-29 HTTP/1.1" 200 408
218.81.217.31 - - [29/Aug/2023:12:36:42 +0800] "GET /xingrg/check_reg.html?_=1693283808442 HTTP/1.1" 200 22
218.81.217.31 - - [29/Aug/2023:12:36:43 +0800] "GET /xingrg/all/function/internal_message.html?_=1693283809857&CODE_STATE=getMsg HTTP/1.1" 200 27
101.228.187.155 - - [29/Aug/2023:12:36:45 +0800] "GET /xingrg/all/function/internal_message.html?_=1693283804091&CODE_STATE=getMsg HTTP/1.1" 200 27
101.228.187.155 - - [29/Aug/2023:12:36:45 +0800] "GET /xingrg/check_reg.html?_=1693283804093 HTTP/1.1" 200 22
116.232.195.127 - - [29/Aug/2023:12:36:48 +0800] "POST /xingrg/kc/buy/cgsh_order_operate.html HTTP/1.1" 200 2065
101.83.145.37 - - [29/Aug/2023:12:36:48 +0800] "GET /xingrg/all/function/internal_message.html?_=1693283810205&CODE_STATE=getMsg HTTP/1.1" 200 27
222.70.180.200 - - [29/Aug/2023:12:36:48 +0800] "GET /xingrg/all/function/internal_message.html?_=1693283809402&CODE_STATE=getMsg HTTP/1.1" 302 -
116.235.94.33 - - [29/Aug/2023:12:36:49 +0800] "GET /xingrg/all/function/internal_message.html?_=1693284102729&CODE_STATE=getMsg HTTP/1.1" 200 27
116.228.172.122 - - [29/Aug/2023:12:36:52 +0800] "GET /xingrg/all/function/internal_message.html?_=1693283580934&CODE_STATE=getMsg HTTP/1.1" 200 27
218.81.66.95 - - [29/Aug/2023:12:36:54 +0800] "GET /xingrg/all/function/internal_message.html?_=1693283812380&CODE_STATE=getMsg HTTP/1.1" 200 27
124.78.155.92 - - [29/Aug/2023:12:36:55 +0800] "GET /xingrg/all/function/internal_message.html?_=1693283815210&CODE_STATE=getMsg HTTP/1.1" 200 27
222.67.237.86 - - [29/Aug/2023:12:36:55 +0800] "GET /xingrg/all/function/internal_message.html?_=1693283260093&CODE_STATE=getMsg HTTP/1.1" 200 27
116.232.195.127 - - [29/Aug/2023:12:36:55 +0800] "GET /xingrg/kc/buy/cgsh_order_operate.html?command=get_materiel&rest_code=00155&code=00101009140&supplier_code=00100005&order_time=2023-08-29 HTTP/1.1" 200 412
114.95.241.104 - - [29/Aug/2023:12:36:58 +0800] "GET /xingrg/all/function/internal_message.html?_=1693283718348&CODE_STATE=getMsg HTTP/1.1" 200 27
222.67.237.86 - - [29/Aug/2023:12:36:59 +0800] "GET /xingrg/check_reg.html?_=1693283263702 HTTP/1.1" 200 22
116.235.94.33 - - [29/Aug/2023:12:37:01 +0800] "GET /xingrg/all/function/internal_message.html?_=1693283813994&CODE_STATE=getMsg HTTP/1.1" 302 -
58.40.7.146 - - [29/Aug/2023:12:37:04 +0800] "GET /xingrg/all/function/internal_message.html?_=1693283824971&CODE_STATE=getMsg HTTP/1.1" 200 27
180.169.147.146 - - [29/Aug/2023:12:37:05 +0800] "POST /xingrg/kc/buy/cgsh_order_operate.html HTTP/1.1" 200 22195
116.232.195.127 - - [29/Aug/2023:12:37:07 +0800] "GET /xingrg/kc/buy/cgsh_order_operate.html?command=get_materiel&rest_code=00155&code=00101008209&supplier_code=00100005&order_time=2023-08-29 HTTP/1.1" 200 409
180.165.48.189 - - [29/Aug/2023:12:37:14 +0800] "GET /xingrg/all/function/internal_message.html?_=1693283833124&CODE_STATE=getMsg HTTP/1.1" 200 27
120.253.135.82 - - [29/Aug/2023:12:37:16 +0800] "GET /xingrg/all/function/internal_message.html?_=1693283643121&CODE_STATE=getMsg HTTP/1.1" 200 27
222.70.180.200 - - [29/Aug/2023:12:37:19 +0800] "GET /xingrg/all/function/internal_message.html?_=1693283860737&CODE_STATE=getMsg HTTP/1.1" 200 27
116.232.195.127 - - [29/Aug/2023:12:37:27 +0800] "GET /xingrg/kc/buy/cgsh_order_operate.html?command=get_materiel&rest_code=00155&code=00101008301&supplier_code=00100005&order_time=2023-08-29 HTTP/1.1" 200 422
222.70.107.27 - - [29/Aug/2023:12:37:31 +0800] "GET /xingrg/all/function/internal_message.html?_=1693283854739&CODE_STATE=getMsg HTTP/1.1" 200 27
116.232.195.127 - - [29/Aug/2023:12:37:32 +0800] "GET /xingrg/all/function/internal_message.html?_=1693283760696&CODE_STATE=getMsg HTTP/1.1" 200 27
222.70.180.200 - - [29/Aug/2023:12:37:35 +0800] "GET /xingrg/all/function/internal_message.html?_=1693283854963&CODE_STATE=getMsg HTTP/1.1" 200 27
180.169.147.146 - - [29/Aug/2023:12:37:35 +0800] "GET /xingrg/all/function/internal_message.html?_=1693283856971&CODE_STATE=getMsg HTTP/1.1" 200 27
116.232.195.127 - - [29/Aug/2023:12:37:37 +0800] "GET /xingrg/kc/buy/cgsh_order_operate.html?command=get_materiel&rest_code=00155&code=00101008333&supplier_code=00100005&order_time=2023-08-29 HTTP/1.1" 200 412
218.81.217.31 - - [29/Aug/2023:12:37:43 +0800] "GET /xingrg/all/function/internal_message.html?_=1693283869871&CODE_STATE=getMsg HTTP/1.1" 200 27
101.228.187.155 - - [29/Aug/2023:12:37:45 +0800] "GET /xingrg/all/function/internal_message.html?_=1693283864091&CODE_STATE=getMsg HTTP/1.1" 200 27
116.228.172.122 - - [29/Aug/2023:12:37:47 +0800] "GET /xingrg/kc/buy/cgsh_order_operate.html?command=get_materiel&rest_code=00153&code=00101016030&supplier_code=00100590&order_time=2023-08-26 HTTP/1.1" 200 412
101.83.145.37 - - [29/Aug/2023:12:37:48 +0800] "GET /xingrg/all/function/internal_message.html?_=1693283870176&CODE_STATE=getMsg HTTP/1.1" 200 27
222.70.180.200 - - [29/Aug/2023:12:37:48 +0800] "GET /xingrg/all/function/internal_message.html?_=1693283869402&CODE_STATE=getMsg HTTP/1.1" 302 -
116.235.94.33 - - [29/Aug/2023:12:37:49 +0800] "GET /xingrg/all/function/internal_message.html?_=1693284162728&CODE_STATE=getMsg HTTP/1.1" 200 27
116.228.172.122 - - [29/Aug/2023:12:37:52 +0800] "GET /xingrg/all/function/internal_message.html?_=1693283640949&CODE_STATE=getMsg HTTP/1.1" 200 27
218.81.66.95 - - [29/Aug/2023:12:37:54 +0800] "GET /xingrg/all/function/internal_message.html?_=1693283872349&CODE_STATE=getMsg HTTP/1.1" 200 27
116.228.172.122 - - [29/Aug/2023:12:37:54 +0800] "GET /xingrg/kc/buy/cgsh_order_operate.html?command=get_materiel&rest_code=00153&code=00101008271&supplier_code=00100590&order_time=2023-08-26 HTTP/1.1" 200 408
124.78.155.92 - - [29/Aug/2023:12:37:55 +0800] "GET /xingrg/all/function/internal_message.html?_=1693283875209&CODE_STATE=getMsg HTTP/1.1" 200 27
218.81.66.95 - - [29/Aug/2023:12:37:55 +0800] "GET /xingrg/check_reg.html?_=1693283873725 HTTP/1.1" 200 22
222.67.237.86 - - [29/Aug/2023:12:37:55 +0800] "GET /xingrg/all/function/internal_message.html?_=1693283320061&CODE_STATE=getMsg HTTP/1.1" 200 27
116.232.195.127 - - [29/Aug/2023:12:37:58 +0800] "POST /xingrg/kc/buy/cgsh_order_operate.html HTTP/1.1" 200 2065
114.95.241.104 - - [29/Aug/2023:12:37:58 +0800] "GET /xingrg/all/function/internal_message.html?_=1693283778357&CODE_STATE=getMsg HTTP/1.1" 200 27
116.228.172.122 - - [29/Aug/2023:12:37:59 +0800] "GET /xingrg/kc/buy/cgsh_order_operate.html?command=get_materiel&rest_code=00153&code=00101008357&supplier_code=00100590&order_time=2023-08-26 HTTP/1.1" 200 408
116.235.94.33 - - [29/Aug/2023:12:38:01 +0800] "GET /xingrg/all/function/internal_message.html?_=1693283874008&CODE_STATE=getMsg HTTP/1.1" 302 -
116.228.172.122 - - [29/Aug/2023:12:38:04 +0800] "GET /xingrg/kc/buy/cgsh_order_operate.html?command=get_materiel&rest_code=00153&code=00101008144&supplier_code=00100590&order_time=2023-08-26 HTTP/1.1" 200 412
58.40.7.146 - - [29/Aug/2023:12:38:04 +0800] "GET /xingrg/all/function/internal_message.html?_=1693283884973&CODE_STATE=getMsg HTTP/1.1" 200 27
180.165.48.189 - - [29/Aug/2023:12:38:14 +0800] "GET /xingrg/all/function/internal_message.html?_=1693283893110&CODE_STATE=getMsg HTTP/1.1" 200 27
120.253.135.82 - - [29/Aug/2023:12:38:16 +0800] "GET /xingrg/all/function/internal_message.html?_=1693283703134&CODE_STATE=getMsg HTTP/1.1" 200 27
222.70.180.200 - - [29/Aug/2023:12:38:19 +0800] "GET /xingrg/all/function/internal_message.html?_=1693283920718&CODE_STATE=getMsg HTTP/1.1" 200 27
222.70.107.27 - - [29/Aug/2023:12:38:28 +0800] "GET /xingrg/kc/buy/cgsh_order_list.html HTTP/1.1" 200 56259
222.70.107.27 - - [29/Aug/2023:12:38:29 +0800] "POST /xingrg/kc/buy/cgsh_list_operate.html HTTP/1.1" 200 986
222.70.107.27 - - [29/Aug/2023:12:38:31 +0800] "GET /xingrg/all/function/internal_message.html?_=1693283914733&CODE_STATE=getMsg HTTP/1.1" 200 27
222.70.107.27 - - [29/Aug/2023:12:38:32 +0800] "GET /xingrg/kc/buy/cgsh_order_add.html HTTP/1.1" 200 72114
222.70.107.27 - - [29/Aug/2023:12:38:32 +0800] "GET /xingrg/words/20230829104626_words.js HTTP/1.1" 200 984905
222.70.107.27 - - [29/Aug/2023:12:38:32 +0800] "POST /xingrg/kc/buy/cgsh_order_operate.html HTTP/1.1" 200 8245
222.70.107.27 - - [29/Aug/2023:12:38:32 +0800] "GET /xingrg/javascript/easyui/themes/default/validatebox.css HTTP/1.1" 404 1104
222.70.107.27 - - [29/Aug/2023:12:38:32 +0800] "GET /xingrg/all/common/auto_word.html?type=employee&rest_code=00156 HTTP/1.1" 200 97
222.70.107.27 - - [29/Aug/2023:12:38:32 +0800] "GET /xingrg/all/common/auto_word.html?type=employee&rest_code=00156 HTTP/1.1" 200 97
116.232.195.127 - - [29/Aug/2023:12:38:32 +0800] "GET /xingrg/all/function/internal_message.html?_=1693283820677&CODE_STATE=getMsg HTTP/1.1" 200 27
222.70.180.200 - - [29/Aug/2023:12:38:35 +0800] "GET /xingrg/all/function/internal_message.html?_=1693283914971&CODE_STATE=getMsg HTTP/1.1" 200 27
180.169.147.146 - - [29/Aug/2023:12:38:35 +0800] "GET /xingrg/all/function/internal_message.html?_=1693283916954&CODE_STATE=getMsg HTTP/1.1" 200 27
222.70.107.27 - - [29/Aug/2023:12:38:42 +0800] "GET /xingrg/javascript/jquery_tools/images/prev.gif HTTP/1.1" 404 1086
222.70.107.27 - - [29/Aug/2023:12:38:42 +0800] "GET /xingrg/javascript/jquery_tools/images/next.gif HTTP/1.1" 404 1086
218.81.217.31 - - [29/Aug/2023:12:38:43 +0800] "GET /xingrg/all/function/internal_message.html?_=1693283929883&CODE_STATE=getMsg HTTP/1.1" 200 27
101.228.187.155 - - [29/Aug/2023:12:38:45 +0800] "GET /xingrg/all/function/internal_message.html?_=1693283924090&CODE_STATE=getMsg HTTP/1.1" 200 27
101.83.145.37 - - [29/Aug/2023:12:38:48 +0800] "GET /xingrg/check_reg.html?_=1693283930161 HTTP/1.1" 200 22
101.83.145.37 - - [29/Aug/2023:12:38:48 +0800] "GET /xingrg/all/function/internal_message.html?_=1693283930166&CODE_STATE=getMsg HTTP/1.1" 200 27
222.70.180.200 - - [29/Aug/2023:12:38:48 +0800] "GET /xingrg/all/function/internal_message.html?_=1693283929401&CODE_STATE=getMsg HTTP/1.1" 302 -
116.235.94.33 - - [29/Aug/2023:12:38:49 +0800] "GET /xingrg/all/function/internal_message.html?_=1693284222726&CODE_STATE=getMsg HTTP/1.1" 200 27
116.228.172.122 - - [29/Aug/2023:12:38:52 +0800] "GET /xingrg/all/function/internal_message.html?_=1693283700933&CODE_STATE=getMsg HTTP/1.1" 200 27
218.81.66.95 - - [29/Aug/2023:12:38:54 +0800] "GET /xingrg/all/function/internal_message.html?_=1693283932321&CODE_STATE=getMsg HTTP/1.1" 200 27
124.78.155.92 - - [29/Aug/2023:12:38:55 +0800] "GET /xingrg/all/function/internal_message.html?_=1693283935209&CODE_STATE=getMsg HTTP/1.1" 200 27
222.67.237.86 - - [29/Aug/2023:12:38:55 +0800] "GET /xingrg/all/function/internal_message.html?_=1693283380035&CODE_STATE=getMsg HTTP/1.1" 200 27
114.95.241.104 - - [29/Aug/2023:12:38:57 +0800] "GET /xingrg/check_reg.html?_=1693283836901 HTTP/1.1" 200 22
114.95.241.104 - - [29/Aug/2023:12:38:58 +0800] "GET /xingrg/all/function/internal_message.html?_=1693283838370&CODE_STATE=getMsg HTTP/1.1" 200 27
222.70.107.27 - - [29/Aug/2023:12:38:59 +0800] "GET /xingrg/kc/buy/cgsh_order_operate.html?command=get_materiel&rest_code=00156&code=00101007226&supplier_code=00100012&order_time=2023-08-29 HTTP/1.1" 200 403
116.235.94.33 - - [29/Aug/2023:12:39:01 +0800] "GET /xingrg/all/function/internal_message.html?_=1693283934009&CODE_STATE=getMsg HTTP/1.1" 302 -
116.228.172.122 - - [29/Aug/2023:12:39:03 +0800] "POST /xingrg/kc/buy/cgsh_order_operate.html HTTP/1.1" 200 37
58.40.7.146 - - [29/Aug/2023:12:39:04 +0800] "GET /xingrg/all/function/internal_message.html?_=1693283944976&CODE_STATE=getMsg HTTP/1.1" 200 27
116.228.172.122 - - [29/Aug/2023:12:39:06 +0800] "POST /xingrg/kc/buy/cgsh_order_operate.html HTTP/1.1" 200 8597
101.83.145.37 - - [29/Aug/2023:12:39:12 +0800] "GET /favicon.ico HTTP/1.1" 404 -
180.165.48.189 - - [29/Aug/2023:12:39:14 +0800] "GET /xingrg/all/function/internal_message.html?_=1693283953129&CODE_STATE=getMsg HTTP/1.1" 200 27
180.165.48.189 - - [29/Aug/2023:12:39:14 +0800] "GET /xingrg/check_reg.html?_=1693283953131 HTTP/1.1" 200 22
120.253.135.82 - - [29/Aug/2023:12:39:16 +0800] "GET /xingrg/all/function/internal_message.html?_=1693283763147&CODE_STATE=getMsg HTTP/1.1" 200 27
222.70.180.200 - - [29/Aug/2023:12:39:19 +0800] "GET /xingrg/all/function/internal_message.html?_=1693283980696&CODE_STATE=getMsg HTTP/1.1" 200 27
116.228.172.122 - - [29/Aug/2023:12:39:21 +0800] "GET /xingrg/kc/print/load_data.html?order_code=212023082911854&kc_code=cgsh&condition= HTTP/1.1" 200 2914
222.70.107.27 - - [29/Aug/2023:12:39:31 +0800] "GET /xingrg/all/function/internal_message.html?_=1693283974740&CODE_STATE=getMsg HTTP/1.1" 200 27
116.232.195.127 - - [29/Aug/2023:12:39:32 +0800] "GET /xingrg/all/function/internal_message.html?_=1693283880657&CODE_STATE=getMsg HTTP/1.1" 200 27
222.70.180.200 - - [29/Aug/2023:12:39:35 +0800] "GET /xingrg/all/function/internal_message.html?_=1693283974971&CODE_STATE=getMsg HTTP/1.1" 200 27
180.169.147.146 - - [29/Aug/2023:12:39:35 +0800] "GET /xingrg/all/function/internal_message.html?_=1693283976937&CODE_STATE=getMsg HTTP/1.1" 200 27
180.169.147.146 - - [29/Aug/2023:12:39:35 +0800] "GET /xingrg/check_reg.html?_=1693283976969 HTTP/1.1" 200 22
116.228.172.122 - - [29/Aug/2023:12:39:40 +0800] "POST /xingrg/kc/buy/cgsh_list_operate.html HTTP/1.1" 200 4398
180.169.147.146 - - [29/Aug/2023:12:39:41 +0800] "GET /xingrg/check_reg.html?_=1693284082065 HTTP/1.1" 302 -
218.81.217.31 - - [29/Aug/2023:12:39:43 +0800] "GET /xingrg/all/function/internal_message.html?_=1693283989986&CODE_STATE=getMsg HTTP/1.1" 200 27
101.228.187.155 - - [29/Aug/2023:12:39:45 +0800] "GET /xingrg/all/function/internal_message.html?_=1693283984089&CODE_STATE=getMsg HTTP/1.1" 200 27
101.83.145.37 - - [29/Aug/2023:12:39:48 +0800] "GET /xingrg/all/function/internal_message.html?_=1693283990166&CODE_STATE=getMsg HTTP/1.1" 200 27
222.70.180.200 - - [29/Aug/2023:12:39:48 +0800] "GET /xingrg/check_reg.html?_=1693283989401 HTTP/1.1" 302 -
222.70.180.200 - - [29/Aug/2023:12:39:48 +0800] "GET /xingrg/all/function/internal_message.html?_=1693283989403&CODE_STATE=getMsg HTTP/1.1" 302 -
116.235.94.33 - - [29/Aug/2023:12:39:49 +0800] "GET /xingrg/all/function/internal_message.html?_=1693284282726&CODE_STATE=getMsg HTTP/1.1" 200 27
180.165.48.189 - - [29/Aug/2023:12:39:50 +0800] "POST /xingrg/kc/buy/cgsh_list_operate.html HTTP/1.1" 200 601
116.232.195.127 - - [29/Aug/2023:12:39:52 +0800] "GET /xingrg/kc/buy/cgsh_order_operate.html?command=get_materiel&rest_code=00155&code=00101008196&supplier_code=00100005&order_time=2023-08-29 HTTP/1.1" 200 416
116.228.172.122 - - [29/Aug/2023:12:39:52 +0800] "GET /xingrg/all/function/internal_message.html?_=1693283760929&CODE_STATE=getMsg HTTP/1.1" 200 27
180.165.48.189 - - [29/Aug/2023:12:39:52 +0800] "GET /xingrg/kc/buy/cgsh_order_info.html?code=212023082811513 HTTP/1.1" 200 67036
180.165.48.189 - - [29/Aug/2023:12:39:52 +0800] "GET /xingrg/words/20230829104626_words.js HTTP/1.1" 200 984905
180.165.48.189 - - [29/Aug/2023:12:39:53 +0800] "GET /xingrg/javascript/easyui/themes/default/validatebox.css HTTP/1.1" 404 1104
116.228.172.122 - - [29/Aug/2023:12:39:53 +0800] "GET /xingrg/kc/buy/cgsh_order_add.html HTTP/1.1" 200 71088
116.228.172.122 - - [29/Aug/2023:12:39:53 +0800] "GET /xingrg/words/20230829104626_words.js HTTP/1.1" 304 -
218.81.66.95 - - [29/Aug/2023:12:39:53 +0800] "GET /xingrg/all/function/internal_message.html?_=1693283992292&CODE_STATE=getMsg HTTP/1.1" 200 27
116.228.172.122 - - [29/Aug/2023:12:39:54 +0800] "GET /xingrg/javascript/easyui/themes/default/validatebox.css HTTP/1.1" 404 1104
116.228.172.122 - - [29/Aug/2023:12:39:54 +0800] "POST /xingrg/kc/buy/cgsh_order_operate.html HTTP/1.1" 200 8245
180.165.48.189 - - [29/Aug/2023:12:39:54 +0800] "POST /xingrg/kc/buy/cgsh_order_operate.html HTTP/1.1" 200 4187
124.78.155.92 - - [29/Aug/2023:12:39:55 +0800] "GET /xingrg/all/function/internal_message.html?_=1693283995236&CODE_STATE=getMsg HTTP/1.1" 200 27
222.67.237.86 - - [29/Aug/2023:12:39:55 +0800] "GET /xingrg/all/function/internal_message.html?_=1693283440014&CODE_STATE=getMsg HTTP/1.1" 200 27
114.95.241.104 - - [29/Aug/2023:12:39:58 +0800] "GET /xingrg/all/function/internal_message.html?_=1693283898384&CODE_STATE=getMsg HTTP/1.1" 200 27
116.235.94.33 - - [29/Aug/2023:12:40:01 +0800] "GET /xingrg/all/function/internal_message.html?_=1693283994010&CODE_STATE=getMsg HTTP/1.1" 302 -
116.235.94.33 - - [29/Aug/2023:12:40:01 +0800] "GET /xingrg/check_reg.html?_=1693283994006 HTTP/1.1" 302 -
116.232.195.127 - - [29/Aug/2023:12:40:03 +0800] "GET /xingrg/kc/buy/cgsh_order_operate.html?command=get_materiel&rest_code=00155&code=00101008125&supplier_code=00100005&order_time=2023-08-29 HTTP/1.1" 200 413
58.40.7.146 - - [29/Aug/2023:12:40:04 +0800] "GET /xingrg/check_reg.html?_=1693284004977 HTTP/1.1" 200 22
58.40.7.146 - - [29/Aug/2023:12:40:04 +0800] "GET /xingrg/all/function/internal_message.html?_=1693284004978&CODE_STATE=getMsg HTTP/1.1" 200 27
116.228.172.122 - - [29/Aug/2023:12:40:08 +0800] "GET /xingrg/kc/buy/cgsh_order_operate.html?command=get_materiel&rest_code=00153&code=00101019435&supplier_code=00100151&order_time=2023-08-29 HTTP/1.1" 200 416
180.165.48.189 - - [29/Aug/2023:12:40:14 +0800] "GET /xingrg/all/function/internal_message.html?_=1693284013105&CODE_STATE=getMsg HTTP/1.1" 200 27
120.253.135.82 - - [29/Aug/2023:12:40:15 +0800] "GET /xingrg/check_reg.html?_=1693283822682 HTTP/1.1" 200 22
120.253.135.82 - - [29/Aug/2023:12:40:16 +0800] "GET /xingrg/all/function/internal_message.html?_=1693283823162&CODE_STATE=getMsg HTTP/1.1" 200 27
222.70.180.200 - - [29/Aug/2023:12:40:19 +0800] "GET /xingrg/all/function/internal_message.html?_=1693284040677&CODE_STATE=getMsg HTTP/1.1" 200 27
116.232.195.127 - - [29/Aug/2023:12:40:24 +0800] "POST /xingrg/kc/buy/cgsh_order_operate.html HTTP/1.1" 200 2065
116.228.172.122 - - [29/Aug/2023:12:40:29 +0800] "POST /xingrg/kc/buy/cgsh_order_operate.html HTTP/1.1" 200 37
222.70.107.27 - - [29/Aug/2023:12:40:31 +0800] "GET /xingrg/all/function/internal_message.html?_=1693284034743&CODE_STATE=getMsg HTTP/1.1" 200 27
222.70.107.27 - - [29/Aug/2023:12:40:31 +0800] "GET /xingrg/check_reg.html?_=1693284034744 HTTP/1.1" 200 22
116.228.172.122 - - [29/Aug/2023:12:40:32 +0800] "POST /xingrg/kc/buy/cgsh_order_operate.html HTTP/1.1" 200 2663
116.232.195.127 - - [29/Aug/2023:12:40:32 +0800] "GET /xingrg/all/function/internal_message.html?_=1693283940650&CODE_STATE=getMsg HTTP/1.1" 200 27
116.232.195.127 - - [29/Aug/2023:12:40:34 +0800] "GET /xingrg/check_reg.html?_=1693283941784 HTTP/1.1" 200 22
222.70.180.200 - - [29/Aug/2023:12:40:35 +0800] "GET /xingrg/check_reg.html?_=1693284034971 HTTP/1.1" 200 22
222.70.180.200 - - [29/Aug/2023:12:40:35 +0800] "GET /xingrg/all/function/internal_message.html?_=1693284034980&CODE_STATE=getMsg HTTP/1.1" 200 27
180.169.147.146 - - [29/Aug/2023:12:40:35 +0800] "GET /xingrg/all/function/internal_message.html?_=1693284036920&CODE_STATE=getMsg HTTP/1.1" 200 27
116.228.172.122 - - [29/Aug/2023:12:40:40 +0800] "GET /xingrg/kc/print/load_data.html?order_code=212023082911855&kc_code=cgsh&condition= HTTP/1.1" 200 654
116.232.195.127 - - [29/Aug/2023:12:40:40 +0800] "GET /xingrg/kc/buy/cgsh_order_operate.html?command=get_materiel&rest_code=00155&code=00101008223&supplier_code=00100005&order_time=2023-08-29 HTTP/1.1" 200 412
218.81.217.31 - - [29/Aug/2023:12:40:43 +0800] "GET /xingrg/all/function/internal_message.html?_=1693284049989&CODE_STATE=getMsg HTTP/1.1" 200 27
101.228.187.155 - - [29/Aug/2023:12:40:45 +0800] "GET /xingrg/all/function/internal_message.html?_=1693284044088&CODE_STATE=getMsg HTTP/1.1" 200 27
101.83.145.37 - - [29/Aug/2023:12:40:48 +0800] "GET /xingrg/all/function/internal_message.html?_=1693284050168&CODE_STATE=getMsg HTTP/1.1" 200 27
222.70.180.200 - - [29/Aug/2023:12:40:48 +0800] "GET /xingrg/all/function/internal_message.html?_=1693284049403&CODE_STATE=getMsg HTTP/1.1" 302 -
116.235.94.33 - - [29/Aug/2023:12:40:49 +0800] "GET /xingrg/all/function/internal_message.html?_=1693284342724&CODE_STATE=getMsg HTTP/1.1" 200 27
116.235.94.33 - - [29/Aug/2023:12:40:49 +0800] "GET /xingrg/check_reg.html?_=1693284342725 HTTP/1.1" 200 22
116.232.195.127 - - [29/Aug/2023:12:40:52 +0800] "GET /xingrg/kc/buy/cgsh_order_operate.html?command=get_materiel&rest_code=00155&code=00101008633&supplier_code=00100005&order_time=2023-08-29 HTTP/1.1" 200 414
116.228.172.122 - - [29/Aug/2023:12:40:52 +0800] "GET /xingrg/all/function/internal_message.html?_=1693283820937&CODE_STATE=getMsg HTTP/1.1" 200 27
116.228.172.122 - - [29/Aug/2023:12:40:52 +0800] "GET /xingrg/check_reg.html?_=1693283820940 HTTP/1.1" 200 22
218.81.66.95 - - [29/Aug/2023:12:40:53 +0800] "GET /xingrg/all/function/internal_message.html?_=1693284052262&CODE_STATE=getMsg HTTP/1.1" 200 27
124.78.155.92 - - [29/Aug/2023:12:40:55 +0800] "GET /xingrg/all/function/internal_message.html?_=1693284055236&CODE_STATE=getMsg HTTP/1.1" 200 27
124.78.155.92 - - [29/Aug/2023:12:40:55 +0800] "GET /xingrg/check_reg.html?_=1693284055239 HTTP/1.1" 200 22
222.67.237.86 - - [29/Aug/2023:12:40:55 +0800] "GET /xingrg/all/function/internal_message.html?_=1693283500012&CODE_STATE=getMsg HTTP/1.1" 200 27
222.70.107.27 - - [29/Aug/2023:12:40:57 +0800] "GET /xingrg/kc/buy/cgsh_order_operate.html?command=get_materiel&rest_code=00156&code=00101006068&supplier_code=00100012&order_time=2023-08-29 HTTP/1.1" 200 409
114.95.241.104 - - [29/Aug/2023:12:40:58 +0800] "GET /xingrg/all/function/internal_message.html?_=1693283958398&CODE_STATE=getMsg HTTP/1.1" 200 27
222.70.180.200 - - [29/Aug/2023:12:40:59 +0800] "GET /xingrg/check_reg.html?_=1693284081192 HTTP/1.1" 200 22
116.235.94.33 - - [29/Aug/2023:12:41:01 +0800] "GET /xingrg/all/function/internal_message.html?_=1693284054005&CODE_STATE=getMsg HTTP/1.1" 302 -
116.232.195.127 - - [29/Aug/2023:12:41:03 +0800] "GET /xingrg/kc/buy/cgsh_order_operate.html?command=get_materiel&rest_code=00155&code=00101008061&supplier_code=00100005&order_time=2023-08-29 HTTP/1.1" 200 422
58.40.7.146 - - [29/Aug/2023:12:41:04 +0800] "GET /xingrg/all/function/internal_message.html?_=1693284064982&CODE_STATE=getMsg HTTP/1.1" 200 27
222.70.107.27 - - [29/Aug/2023:12:41:08 +0800] "GET /xingrg/kc/buy/cgsh_order_operate.html?command=get_materiel&rest_code=00156&code=00101006130&supplier_code=00100012&order_time=2023-08-29 HTTP/1.1" 200 435
116.228.172.122 - - [29/Aug/2023:12:41:13 +0800] "POST /xingrg/kc/buy/cgsh_list_operate.html HTTP/1.1" 200 4809
180.165.48.189 - - [29/Aug/2023:12:41:14 +0800] "GET /xingrg/all/function/internal_message.html?_=1693284073127&CODE_STATE=getMsg HTTP/1.1" 200 27
222.70.107.27 - - [29/Aug/2023:12:41:16 +0800] "GET /xingrg/kc/buy/cgsh_order_operate.html?command=get_materiel&rest_code=00156&code=00101001160&supplier_code=00100012&order_time=2023-08-29 HTTP/1.1" 200 408
120.253.135.82 - - [29/Aug/2023:12:41:16 +0800] "GET /xingrg/all/function/internal_message.html?_=1693283883175&CODE_STATE=getMsg HTTP/1.1" 200 27
222.70.180.200 - - [29/Aug/2023:12:41:19 +0800] "GET /xingrg/all/function/internal_message.html?_=1693284100658&CODE_STATE=getMsg HTTP/1.1" 200 27
222.70.107.27 - - [29/Aug/2023:12:41:23 +0800] "GET /xingrg/kc/buy/cgsh_order_operate.html?command=get_materiel&rest_code=00156&code=00101012032&supplier_code=00100012&order_time=2023-08-29 HTTP/1.1" 200 416
116.232.195.127 - - [29/Aug/2023:12:41:30 +0800] "GET /xingrg/kc/buy/cgsh_order_operate.html?command=get_materiel&rest_code=00155&code=00101008563&supplier_code=00100005&order_time=2023-08-29 HTTP/1.1" 200 413
222.70.107.27 - - [29/Aug/2023:12:41:31 +0800] "GET /xingrg/kc/buy/cgsh_order_operate.html?command=get_materiel&rest_code=00156&code=00101012051&supplier_code=00100012&order_time=2023-08-29 HTTP/1.1" 200 408
222.70.107.27 - - [29/Aug/2023:12:41:31 +0800] "GET /xingrg/all/function/internal_message.html?_=1693284094745&CODE_STATE=getMsg HTTP/1.1" 200 27
116.232.195.127 - - [29/Aug/2023:12:41:32 +0800] "GET /xingrg/all/function/internal_message.html?_=1693284000638&CODE_STATE=getMsg HTTP/1.1" 200 27
222.70.180.200 - - [29/Aug/2023:12:41:35 +0800] "GET /xingrg/all/function/internal_message.html?_=1693284094968&CODE_STATE=getMsg HTTP/1.1" 200 27
180.169.147.146 - - [29/Aug/2023:12:41:35 +0800] "GET /xingrg/all/function/internal_message.html?_=1693284096903&CODE_STATE=getMsg HTTP/1.1" 200 27
218.81.217.31 - - [29/Aug/2023:12:41:42 +0800] "GET /xingrg/check_reg.html?_=1693284108534 HTTP/1.1" 200 22
222.70.107.27 - - [29/Aug/2023:12:41:43 +0800] "GET /xingrg/kc/buy/cgsh_order_operate.html?command=get_materiel&rest_code=00156&code=00101007109&supplier_code=00100012&order_time=2023-08-29 HTTP/1.1" 200 408
218.81.217.31 - - [29/Aug/2023:12:41:43 +0800] "GET /xingrg/all/function/internal_message.html?_=1693284110004&CODE_STATE=getMsg HTTP/1.1" 200 27
101.228.187.155 - - [29/Aug/2023:12:41:45 +0800] "GET /xingrg/all/function/internal_message.html?_=1693284104089&CODE_STATE=getMsg HTTP/1.1" 200 27
101.228.187.155 - - [29/Aug/2023:12:41:45 +0800] "GET /xingrg/check_reg.html?_=1693284104091 HTTP/1.1" 200 22
101.83.145.37 - - [29/Aug/2023:12:41:48 +0800] "GET /xingrg/all/function/internal_message.html?_=1693284110170&CODE_STATE=getMsg HTTP/1.1" 200 27
222.70.180.200 - - [29/Aug/2023:12:41:48 +0800] "GET /xingrg/all/function/internal_message.html?_=1693284109404&CODE_STATE=getMsg HTTP/1.1" 302 -
116.235.94.33 - - [29/Aug/2023:12:41:49 +0800] "GET /xingrg/all/function/internal_message.html?_=1693284402739&CODE_STATE=getMsg HTTP/1.1" 200 27
116.228.172.122 - - [29/Aug/2023:12:41:52 +0800] "GET /xingrg/all/function/internal_message.html?_=1693283880938&CODE_STATE=getMsg HTTP/1.1" 200 27
218.81.66.95 - - [29/Aug/2023:12:41:53 +0800] "GET /xingrg/all/function/internal_message.html?_=1693284112247&CODE_STATE=getMsg HTTP/1.1" 200 27
124.78.155.92 - - [29/Aug/2023:12:41:55 +0800] "GET /xingrg/all/function/internal_message.html?_=1693284115239&CODE_STATE=getMsg HTTP/1.1" 200 27
222.67.237.86 - - [29/Aug/2023:12:41:55 +0800] "GET /xingrg/all/function/internal_message.html?_=1693283559980&CODE_STATE=getMsg HTTP/1.1" 200 27
222.70.107.27 - - [29/Aug/2023:12:41:57 +0800] "POST /xingrg/kc/buy/cgsh_order_operate.html HTTP/1.1" 200 37
114.95.241.104 - - [29/Aug/2023:12:41:58 +0800] "GET /xingrg/all/function/internal_message.html?_=1693284018432&CODE_STATE=getMsg HTTP/1.1" 200 27
222.67.237.86 - - [29/Aug/2023:12:41:59 +0800] "GET /xingrg/check_reg.html?_=1693283563728 HTTP/1.1" 200 22
222.70.107.27 - - [29/Aug/2023:12:41:59 +0800] "POST /xingrg/kc/buy/cgsh_order_operate.html HTTP/1.1" 200 6227
116.235.94.33 - - [29/Aug/2023:12:42:01 +0800] "GET /xingrg/all/function/internal_message.html?_=1693284113994&CODE_STATE=getMsg HTTP/1.1" 302 -
116.232.195.127 - - [29/Aug/2023:12:42:02 +0800] "POST /xingrg/kc/buy/cgsh_order_operate.html HTTP/1.1" 200 2065
218.81.217.31 - - [29/Aug/2023:12:42:02 +0800] "POST /xingrg/kc/buy/cgsh_order_operate.html HTTP/1.1" 200 37
222.70.107.27 - - [29/Aug/2023:12:42:03 +0800] "GET /xingrg/kc/print/load_config.html?kc_code=cgsh HTTP/1.1" 200 1924
222.70.107.27 - - [29/Aug/2023:12:42:04 +0800] "GET /xingrg/kc/print/load_data.html?order_code=212023082911856&kc_code=cgsh&condition= HTTP/1.1" 200 2129
218.81.217.31 - - [29/Aug/2023:12:42:04 +0800] "POST /xingrg/kc/buy/cgsh_order_operate.html HTTP/1.1" 200 5632
58.40.7.146 - - [29/Aug/2023:12:42:04 +0800] "GET /xingrg/all/function/internal_message.html?_=1693284124970&CODE_STATE=getMsg HTTP/1.1" 200 27
218.81.217.31 - - [29/Aug/2023:12:42:06 +0800] "GET /xingrg/kc/buy/cgsh_order_add.html HTTP/1.1" 200 72035
218.81.217.31 - - [29/Aug/2023:12:42:07 +0800] "POST /xingrg/kc/buy/cgsh_order_operate.html HTTP/1.1" 200 8245
218.81.217.31 - - [29/Aug/2023:12:42:07 +0800] "GET /xingrg/javascript/easyui/themes/default/validatebox.css HTTP/1.1" 404 1104
222.70.107.27 - - [29/Aug/2023:12:42:08 +0800] "GET /xingrg/kc/buy/cgsh_order_add.html HTTP/1.1" 200 72114
222.70.107.27 - - [29/Aug/2023:12:42:08 +0800] "POST /xingrg/kc/buy/cgsh_order_operate.html HTTP/1.1" 200 8245
222.70.107.27 - - [29/Aug/2023:12:42:08 +0800] "GET /xingrg/javascript/easyui/themes/default/validatebox.css HTTP/1.1" 404 1104
116.228.172.122 - - [29/Aug/2023:12:42:08 +0800] "POST /xingrg/kc/buy/cgsh_list_operate.html HTTP/1.1" 200 4
222.70.107.27 - - [29/Aug/2023:12:42:08 +0800] "GET /xingrg/all/common/auto_word.html?type=employee&rest_code=00156 HTTP/1.1" 200 97
222.70.107.27 - - [29/Aug/2023:12:42:08 +0800] "GET /xingrg/all/common/auto_word.html?type=employee&rest_code=00156 HTTP/1.1" 200 97
116.228.172.122 - - [29/Aug/2023:12:42:14 +0800] "POST /xingrg/kc/buy/cgsh_list_operate.html HTTP/1.1" 200 986
180.165.48.189 - - [29/Aug/2023:12:42:14 +0800] "GET /xingrg/all/function/internal_message.html?_=1693284133119&CODE_STATE=getMsg HTTP/1.1" 200 27
120.253.135.82 - - [29/Aug/2023:12:42:16 +0800] "GET /xingrg/all/function/internal_message.html?_=1693283943190&CODE_STATE=getMsg HTTP/1.1" 200 27
222.70.180.200 - - [29/Aug/2023:12:42:19 +0800] "GET /xingrg/all/function/internal_message.html?_=1693284160656&CODE_STATE=getMsg HTTP/1.1" 200 27
222.70.107.27 - - [29/Aug/2023:12:42:27 +0800] "GET /xingrg/kc/buy/cgsh_order_operate.html?command=get_materiel&rest_code=00156&code=00101009006&supplier_code=00100007&order_time=2023-08-29 HTTP/1.1" 200 409
222.70.107.27 - - [29/Aug/2023:12:42:31 +0800] "GET /xingrg/all/function/internal_message.html?_=1693284154747&CODE_STATE=getMsg HTTP/1.1" 200 27
116.232.195.127 - - [29/Aug/2023:12:42:32 +0800] "GET /xingrg/all/function/internal_message.html?_=1693284060632&CODE_STATE=getMsg HTTP/1.1" 200 27
222.70.180.200 - - [29/Aug/2023:12:42:35 +0800] "GET /xingrg/all/function/internal_message.html?_=1693284154961&CODE_STATE=getMsg HTTP/1.1" 200 27
180.169.147.146 - - [29/Aug/2023:12:42:35 +0800] "GET /xingrg/all/function/internal_message.html?_=1693284156886&CODE_STATE=getMsg HTTP/1.1" 200 27
222.70.107.27 - - [29/Aug/2023:12:42:37 +0800] "GET /xingrg/kc/buy/cgsh_order_operate.html?command=get_materiel&rest_code=00156&code=00101008223&supplier_code=00100007&order_time=2023-08-29 HTTP/1.1" 200 412
218.81.217.31 - - [29/Aug/2023:12:42:44 +0800] "GET /xingrg/all/function/internal_message.html?_=1693284170017&CODE_STATE=getMsg HTTP/1.1" 200 27
101.228.187.155 - - [29/Aug/2023:12:42:45 +0800] "GET /xingrg/all/function/internal_message.html?_=1693284164110&CODE_STATE=getMsg HTTP/1.1" 200 27
222.70.107.27 - - [29/Aug/2023:12:42:46 +0800] "GET /xingrg/kc/buy/cgsh_order_operate.html?command=get_materiel&rest_code=00156&code=00101008150&supplier_code=00100007&order_time=2023-08-29 HTTP/1.1" 200 409
101.83.145.37 - - [29/Aug/2023:12:42:48 +0800] "GET /xingrg/all/function/internal_message.html?_=1693284170172&CODE_STATE=getMsg HTTP/1.1" 200 27
222.70.180.200 - - [29/Aug/2023:12:42:48 +0800] "GET /xingrg/all/function/internal_message.html?_=1693284169403&CODE_STATE=getMsg HTTP/1.1" 302 -
116.235.94.33 - - [29/Aug/2023:12:42:49 +0800] "GET /xingrg/all/function/internal_message.html?_=1693284462743&CODE_STATE=getMsg HTTP/1.1" 200 27
116.228.172.122 - - [29/Aug/2023:12:42:52 +0800] "GET /xingrg/all/function/internal_message.html?_=1693283940936&CODE_STATE=getMsg HTTP/1.1" 200 27
218.81.66.95 - - [29/Aug/2023:12:42:53 +0800] "GET /xingrg/all/function/internal_message.html?_=1693284172218&CODE_STATE=getMsg HTTP/1.1" 200 27
124.78.155.92 - - [29/Aug/2023:12:42:55 +0800] "GET /xingrg/all/function/internal_message.html?_=1693284175240&CODE_STATE=getMsg HTTP/1.1" 200 27
222.67.237.86 - - [29/Aug/2023:12:42:55 +0800] "GET /xingrg/all/function/internal_message.html?_=1693283619962&CODE_STATE=getMsg HTTP/1.1" 200 27
218.81.66.95 - - [29/Aug/2023:12:42:55 +0800] "GET /xingrg/check_reg.html?_=1693284173704 HTTP/1.1" 200 22
222.70.107.27 - - [29/Aug/2023:12:42:58 +0800] "GET /xingrg/kc/buy/cgsh_order_operate.html?command=get_materiel&rest_code=00156&code=00101008240&supplier_code=00100007&order_time=2023-08-29 HTTP/1.1" 200 413
114.95.241.104 - - [29/Aug/2023:12:42:58 +0800] "GET /xingrg/all/function/internal_message.html?_=1693284078440&CODE_STATE=getMsg HTTP/1.1" 200 27
116.232.195.127 - - [29/Aug/2023:12:43:01 +0800] "GET /xingrg/kc/buy/cgsh_order_operate.html?command=get_materiel&rest_code=00155&code=00101009175&supplier_code=00100005&order_time=2023-08-29 HTTP/1.1" 200 401
116.235.94.33 - - [29/Aug/2023:12:43:01 +0800] "GET /xingrg/all/function/internal_message.html?_=1693284173997&CODE_STATE=getMsg HTTP/1.1" 302 -
180.152.241.196 - - [29/Aug/2023:12:43:03 +0800] "POST /xingrg/services/DataTransmitService HTTP/1.1" 200 524
58.40.7.146 - - [29/Aug/2023:12:43:04 +0800] "GET /xingrg/all/function/internal_message.html?_=1693284184972&CODE_STATE=getMsg HTTP/1.1" 200 27
180.152.241.196 - - [29/Aug/2023:12:43:05 +0800] "POST /xingrg/services/DataTransmitService HTTP/1.1" 200 412
222.70.107.27 - - [29/Aug/2023:12:43:10 +0800] "GET /xingrg/kc/buy/cgsh_order_operate.html?command=get_materiel&rest_code=00156&code=00101008618&supplier_code=00100007&order_time=2023-08-29 HTTP/1.1" 200 425
180.165.48.189 - - [29/Aug/2023:12:43:14 +0800] "GET /xingrg/all/function/internal_message.html?_=1693284193111&CODE_STATE=getMsg HTTP/1.1" 200 27
120.253.135.82 - - [29/Aug/2023:12:43:16 +0800] "GET /xingrg/all/function/internal_message.html?_=1693284003214&CODE_STATE=getMsg HTTP/1.1" 200 27
222.70.107.27 - - [29/Aug/2023:12:43:18 +0800] "GET /xingrg/kc/buy/cgsh_order_operate.html?command=get_materiel&rest_code=00156&code=00101008089&supplier_code=00100007&order_time=2023-08-29 HTTP/1.1" 200 408
222.70.180.200 - - [29/Aug/2023:12:43:19 +0800] "GET /xingrg/all/function/internal_message.html?_=1693284220632&CODE_STATE=getMsg HTTP/1.1" 200 27
222.70.107.27 - - [29/Aug/2023:12:43:26 +0800] "GET /xingrg/kc/buy/cgsh_order_operate.html?command=get_materiel&rest_code=00156&code=00101008558&supplier_code=00100007&order_time=2023-08-29 HTTP/1.1" 200 409
222.70.107.27 - - [29/Aug/2023:12:43:31 +0800] "GET /xingrg/all/function/internal_message.html?_=1693284214749&CODE_STATE=getMsg HTTP/1.1" 200 27
116.232.195.127 - - [29/Aug/2023:12:43:32 +0800] "GET /xingrg/all/function/internal_message.html?_=1693284120625&CODE_STATE=getMsg HTTP/1.1" 200 27
222.70.180.200 - - [29/Aug/2023:12:43:35 +0800] "GET /xingrg/all/function/internal_message.html?_=1693284214962&CODE_STATE=getMsg HTTP/1.1" 200 27
180.169.147.146 - - [29/Aug/2023:12:43:35 +0800] "GET /xingrg/all/function/internal_message.html?_=1693284216869&CODE_STATE=getMsg HTTP/1.1" 200 27
116.232.195.127 - - [29/Aug/2023:12:43:37 +0800] "POST /xingrg/kc/buy/cgsh_order_operate.html HTTP/1.1" 200 37
222.70.107.27 - - [29/Aug/2023:12:43:39 +0800] "GET /xingrg/kc/buy/cgsh_order_operate.html?command=get_materiel&rest_code=00156&code=00101008256&supplier_code=00100007&order_time=2023-08-29 HTTP/1.1" 200 413
116.232.195.127 - - [29/Aug/2023:12:43:40 +0800] "POST /xingrg/kc/buy/cgsh_order_operate.html HTTP/1.1" 200 30473
116.232.195.127 - - [29/Aug/2023:12:43:42 +0800] "GET /xingrg/kc/print/load_data.html?order_code=212023082911857&kc_code=cgsh&condition= HTTP/1.1" 200 11254
218.81.217.31 - - [29/Aug/2023:12:43:44 +0800] "GET /xingrg/all/function/internal_message.html?_=1693284230030&CODE_STATE=getMsg HTTP/1.1" 200 27
101.228.187.155 - - [29/Aug/2023:12:43:45 +0800] "GET /xingrg/all/function/internal_message.html?_=1693284224094&CODE_STATE=getMsg HTTP/1.1" 200 27
101.83.145.37 - - [29/Aug/2023:12:43:48 +0800] "GET /xingrg/check_reg.html?_=1693284230160 HTTP/1.1" 200 22
101.83.145.37 - - [29/Aug/2023:12:43:48 +0800] "GET /xingrg/all/function/internal_message.html?_=1693284230164&CODE_STATE=getMsg HTTP/1.1" 200 27
222.70.180.200 - - [29/Aug/2023:12:43:48 +0800] "GET /xingrg/all/function/internal_message.html?_=1693284229402&CODE_STATE=getMsg HTTP/1.1" 302 -
116.232.195.127 - - [29/Aug/2023:12:43:49 +0800] "GET /xingrg/kc/buy/cgsh_order_add.html HTTP/1.1" 200 72082
116.232.195.127 - - [29/Aug/2023:12:43:49 +0800] "GET /xingrg/words/20230829104626_words.js HTTP/1.1" 304 -
116.235.94.33 - - [29/Aug/2023:12:43:49 +0800] "GET /xingrg/all/function/internal_message.html?_=1693284522726&CODE_STATE=getMsg HTTP/1.1" 200 27
116.232.195.127 - - [29/Aug/2023:12:43:49 +0800] "POST /xingrg/kc/buy/cgsh_order_operate.html HTTP/1.1" 200 8245
116.232.195.127 - - [29/Aug/2023:12:43:49 +0800] "GET /xingrg/javascript/easyui/themes/default/validatebox.css HTTP/1.1" 404 1104
222.70.107.27 - - [29/Aug/2023:12:43:49 +0800] "GET /xingrg/kc/buy/cgsh_order_operate.html?command=get_materiel&rest_code=00156&code=00101008098&supplier_code=00100007&order_time=2023-08-29 HTTP/1.1" 200 412
116.228.172.122 - - [29/Aug/2023:12:43:52 +0800] "GET /xingrg/all/function/internal_message.html?_=1693284000940&CODE_STATE=getMsg HTTP/1.1" 200 27
218.81.66.95 - - [29/Aug/2023:12:43:53 +0800] "GET /xingrg/all/function/internal_message.html?_=1693284232192&CODE_STATE=getMsg HTTP/1.1" 200 27
124.78.155.92 - - [29/Aug/2023:12:43:55 +0800] "GET /xingrg/all/function/internal_message.html?_=1693284235240&CODE_STATE=getMsg HTTP/1.1" 200 27
222.67.237.86 - - [29/Aug/2023:12:43:55 +0800] "GET /xingrg/all/function/internal_message.html?_=1693283679940&CODE_STATE=getMsg HTTP/1.1" 200 27
222.70.107.27 - - [29/Aug/2023:12:43:56 +0800] "GET /xingrg/kc/buy/cgsh_order_operate.html?command=get_materiel&rest_code=00156&code=00101008541&supplier_code=00100007&order_time=2023-08-29 HTTP/1.1" 200 409
114.95.241.104 - - [29/Aug/2023:12:43:57 +0800] "GET /xingrg/check_reg.html?_=1693284136927 HTTP/1.1" 200 22
114.95.241.104 - - [29/Aug/2023:12:43:58 +0800] "GET /xingrg/all/function/internal_message.html?_=1693284138454&CODE_STATE=getMsg HTTP/1.1" 200 27
116.235.94.33 - - [29/Aug/2023:12:44:01 +0800] "GET /xingrg/all/function/internal_message.html?_=1693284234009&CODE_STATE=getMsg HTTP/1.1" 302 -
58.40.7.146 - - [29/Aug/2023:12:44:04 +0800] "GET /xingrg/all/function/internal_message.html?_=1693284244975&CODE_STATE=getMsg HTTP/1.1" 200 27
222.70.107.27 - - [29/Aug/2023:12:44:06 +0800] "GET /xingrg/kc/buy/cgsh_order_operate.html?command=get_materiel&rest_code=00156&code=00101008356&supplier_code=00100007&order_time=2023-08-29 HTTP/1.1" 200 409
116.232.195.127 - - [29/Aug/2023:12:44:10 +0800] "GET /xingrg/kc/buy/cgsh_order_operate.html?command=get_materiel&rest_code=00155&code=00101006111&supplier_code=00100012&order_time=2023-08-29 HTTP/1.1" 200 409
180.165.48.189 - - [29/Aug/2023:12:44:14 +0800] "GET /xingrg/all/function/internal_message.html?_=1693284253113&CODE_STATE=getMsg HTTP/1.1" 200 27
180.165.48.189 - - [29/Aug/2023:12:44:14 +0800] "GET /xingrg/check_reg.html?_=1693284253116 HTTP/1.1" 200 22
222.70.107.27 - - [29/Aug/2023:12:44:14 +0800] "GET /xingrg/kc/buy/cgsh_order_operate.html?command=get_materiel&rest_code=00156&code=00101008318&supplier_code=00100007&order_time=2023-08-29 HTTP/1.1" 200 408
120.253.135.82 - - [29/Aug/2023:12:44:16 +0800] "GET /xingrg/all/function/internal_message.html?_=1693284063215&CODE_STATE=getMsg HTTP/1.1" 200 27
114.83.217.95 - - [29/Aug/2023:12:44:17 +0800] "POST /xingrg/services/DataTransmitService HTTP/1.1" 200 524
114.83.217.95 - - [29/Aug/2023:12:44:18 +0800] "POST /xingrg/services/DataTransmitService HTTP/1.1" 200 412
222.70.180.200 - - [29/Aug/2023:12:44:19 +0800] "GET /xingrg/all/function/internal_message.html?_=1693284280619&CODE_STATE=getMsg HTTP/1.1" 200 27
116.232.195.127 - - [29/Aug/2023:12:44:21 +0800] "GET /xingrg/kc/buy/cgsh_order_operate.html?command=get_materiel&rest_code=00155&code=00101016030&supplier_code=00100012&order_time=2023-08-29 HTTP/1.1" 200 412
222.70.180.200 - - [29/Aug/2023:12:44:27 +0800] "GET /xingrg/kc/base/wldb_order_list.html HTTP/1.1" 200 19174
222.70.107.27 - - [29/Aug/2023:12:44:27 +0800] "GET /xingrg/kc/buy/cgsh_order_operate.html?command=get_materiel&rest_code=00156&code=00101008312&supplier_code=00100007&order_time=2023-08-29 HTTP/1.1" 200 412
222.70.180.200 - - [29/Aug/2023:12:44:27 +0800] "POST /xingrg/kc/base/wldb_list_operate.html HTTP/1.1" 200 1767
116.232.195.127 - - [29/Aug/2023:12:44:29 +0800] "GET /xingrg/kc/buy/cgsh_order_operate.html?command=get_materiel&rest_code=00155&code=00101011005&supplier_code=00100012&order_time=2023-08-29 HTTP/1.1" 200 428
222.70.107.27 - - [29/Aug/2023:12:44:31 +0800] "GET /xingrg/all/function/internal_message.html?_=1693284274751&CODE_STATE=getMsg HTTP/1.1" 200 27
116.232.195.127 - - [29/Aug/2023:12:44:32 +0800] "GET /xingrg/all/function/internal_message.html?_=1693284180596&CODE_STATE=getMsg HTTP/1.1" 200 27
222.70.107.27 - - [29/Aug/2023:12:44:35 +0800] "GET /xingrg/kc/buy/cgsh_order_operate.html?command=get_materiel&rest_code=00156&code=00101008197&supplier_code=00100007&order_time=2023-08-29 HTTP/1.1" 200 416
222.70.180.200 - - [29/Aug/2023:12:44:35 +0800] "GET /xingrg/all/function/internal_message.html?_=1693284274982&CODE_STATE=getMsg HTTP/1.1" 200 27
180.169.147.146 - - [29/Aug/2023:12:44:35 +0800] "GET /xingrg/all/function/internal_message.html?_=1693284276854&CODE_STATE=getMsg HTTP/1.1" 200 27
180.169.147.146 - - [29/Aug/2023:12:44:35 +0800] "GET /xingrg/check_reg.html?_=1693284276964 HTTP/1.1" 200 22
116.232.195.127 - - [29/Aug/2023:12:44:40 +0800] "GET /xingrg/kc/buy/cgsh_order_operate.html?command=get_materiel&rest_code=00155&code=00101011004&supplier_code=00100012&order_time=2023-08-29 HTTP/1.1" 200 412
180.169.147.146 - - [29/Aug/2023:12:44:41 +0800] "GET /xingrg/check_reg.html?_=1693284382094 HTTP/1.1" 302 -
222.70.107.27 - - [29/Aug/2023:12:44:42 +0800] "GET /xingrg/kc/buy/cgsh_order_operate.html?command=get_materiel&rest_code=00156&code=00101008264&supplier_code=00100007&order_time=2023-08-29 HTTP/1.1" 200 412
218.81.217.31 - - [29/Aug/2023:12:44:44 +0800] "GET /xingrg/all/function/internal_message.html?_=1693284290134&CODE_STATE=getMsg HTTP/1.1" 200 27
101.228.187.155 - - [29/Aug/2023:12:44:45 +0800] "GET /xingrg/all/function/internal_message.html?_=1693284284092&CODE_STATE=getMsg HTTP/1.1" 200 27
222.70.107.27 - - [29/Aug/2023:12:44:48 +0800] "GET /xingrg/kc/buy/cgsh_order_operate.html?command=get_materiel&rest_code=00156&code=00101008024&supplier_code=00100007&order_time=2023-08-29 HTTP/1.1" 200 408
101.83.145.37 - - [29/Aug/2023:12:44:48 +0800] "GET /xingrg/all/function/internal_message.html?_=1693284290164&CODE_STATE=getMsg HTTP/1.1" 200 27
222.70.180.200 - - [29/Aug/2023:12:44:48 +0800] "GET /xingrg/check_reg.html?_=1693284289402 HTTP/1.1" 302 -
222.70.180.200 - - [29/Aug/2023:12:44:48 +0800] "GET /xingrg/all/function/internal_message.html?_=1693284289404&CODE_STATE=getMsg HTTP/1.1" 302 -
116.235.94.33 - - [29/Aug/2023:12:44:49 +0800] "GET /xingrg/all/function/internal_message.html?_=1693284582725&CODE_STATE=getMsg HTTP/1.1" 200 27
