116.232.195.127 - - [29/Aug/2023:11:21:33 +0800] "GET /xingrg/all/function/internal_message.html?_=1693279201769&CODE_STATE=getMsg HTTP/1.1" 200 27
114.83.217.95 - - [29/Aug/2023:11:21:35 +0800] "GET /xingrg/kc/base/wldb_order_operate.html?command=get_materiel&rest_code=00149&base_code=0010394&code=00101019133 HTTP/1.1" 200 480
222.70.180.200 - - [29/Aug/2023:11:21:35 +0800] "GET /xingrg/all/function/internal_message.html?_=1693279294870&CODE_STATE=getMsg HTTP/1.1" 200 27
124.78.155.92 - - [29/Aug/2023:11:21:37 +0800] "GET /xingrg/kc/buy/cgsh_order_operate.html?command=get_materiel&rest_code=00106&code=00101015147&supplier_code=00100450&order_time=2023-08-29 HTTP/1.1" 200 409
114.83.217.95 - - [29/Aug/2023:11:21:40 +0800] "GET /xingrg/kc/base/wldb_order_operate.html?command=get_materiel&rest_code=00149&base_code=0010394&code=00101019127 HTTP/1.1" 200 479
218.81.217.31 - - [29/Aug/2023:11:21:41 +0800] "GET /xingrg/check_reg.html?_=1693279307169 HTTP/1.1" 200 22
218.81.217.31 - - [29/Aug/2023:11:21:41 +0800] "GET /xingrg/all/function/internal_message.html?_=1693279307465&CODE_STATE=getMsg HTTP/1.1" 200 27
114.83.217.95 - - [29/Aug/2023:11:21:45 +0800] "GET /xingrg/kc/base/wldb_order_operate.html?command=get_materiel&rest_code=00149&base_code=0010394&code=00101019185 HTTP/1.1" 200 469
101.228.187.155 - - [29/Aug/2023:11:21:45 +0800] "GET /xingrg/check_reg.html?_=1693279304019 HTTP/1.1" 200 22
101.228.187.155 - - [29/Aug/2023:11:21:45 +0800] "GET /xingrg/all/function/internal_message.html?_=1693279304018&CODE_STATE=getMsg HTTP/1.1" 200 27
101.83.145.37 - - [29/Aug/2023:11:21:48 +0800] "GET /xingrg/all/function/internal_message.html?_=1693279310107&CODE_STATE=getMsg HTTP/1.1" 200 27
222.70.180.200 - - [29/Aug/2023:11:21:48 +0800] "GET /xingrg/all/function/internal_message.html?_=1693279309321&CODE_STATE=getMsg HTTP/1.1" 302 -
116.235.94.33 - - [29/Aug/2023:11:21:49 +0800] "GET /xingrg/all/function/internal_message.html?_=1693279602681&CODE_STATE=getMsg HTTP/1.1" 200 27
116.228.172.122 - - [29/Aug/2023:11:21:52 +0800] "GET /xingrg/all/function/internal_message.html?_=1693279080935&CODE_STATE=getMsg HTTP/1.1" 200 27
114.83.217.95 - - [29/Aug/2023:11:21:53 +0800] "GET /xingrg/kc/base/wldb_order_operate.html?command=get_materiel&rest_code=00149&base_code=0010394&code=00101019391 HTTP/1.1" 200 485
222.67.237.86 - - [29/Aug/2023:11:21:57 +0800] "GET /xingrg/all/function/internal_message.html?_=1693278761784&CODE_STATE=getMsg HTTP/1.1" 200 27
114.95.241.104 - - [29/Aug/2023:11:21:57 +0800] "GET /xingrg/all/function/internal_message.html?_=1693279217069&CODE_STATE=getMsg HTTP/1.1" 200 27
222.67.237.86 - - [29/Aug/2023:11:21:58 +0800] "GET /xingrg/check_reg.html?_=1693278763465 HTTP/1.1" 200 22
124.78.155.92 - - [29/Aug/2023:11:22:00 +0800] "GET /xingrg/kc/buy/cgsh_order_operate.html?command=get_materiel&rest_code=00106&code=00101015110&supplier_code=00100450&order_time=2023-08-29 HTTP/1.1" 200 413
116.235.94.33 - - [29/Aug/2023:11:22:01 +0800] "GET /xingrg/all/function/internal_message.html?_=1693279314008&CODE_STATE=getMsg HTTP/1.1" 302 -
114.83.217.95 - - [29/Aug/2023:11:22:03 +0800] "GET /xingrg/kc/base/wldb_order_operate.html?command=get_materiel&rest_code=00149&base_code=0010394&code=00101019438 HTTP/1.1" 200 461
58.40.7.146 - - [29/Aug/2023:11:22:04 +0800] "GET /xingrg/all/function/internal_message.html?_=1693279324970&CODE_STATE=getMsg HTTP/1.1" 200 27
114.83.217.95 - - [29/Aug/2023:11:22:08 +0800] "GET /xingrg/all/function/internal_message.html?_=1693279328315&CODE_STATE=getMsg HTTP/1.1" 200 27
114.83.217.95 - - [29/Aug/2023:11:22:08 +0800] "GET /xingrg/kc/base/wldb_order_operate.html?command=get_materiel&rest_code=00149&base_code=0010394&code=00101016094 HTTP/1.1" 200 469
114.83.217.95 - - [29/Aug/2023:11:22:13 +0800] "GET /xingrg/kc/base/wldb_order_operate.html?command=get_materiel&rest_code=00149&base_code=0010394&code=00101019183 HTTP/1.1" 200 449
180.169.147.146 - - [29/Aug/2023:11:22:14 +0800] "GET /xingrg/css/new_ie.css HTTP/1.1" 404 1036
180.169.147.146 - - [29/Aug/2023:11:22:14 +0800] "GET /favicon.ico HTTP/1.1" 404 -
180.165.48.189 - - [29/Aug/2023:11:22:14 +0800] "GET /xingrg/all/function/internal_message.html?_=1693279333131&CODE_STATE=getMsg HTTP/1.1" 200 27
180.169.147.146 - - [29/Aug/2023:11:22:17 +0800] "POST /xingrg/login.do HTTP/1.1" 302 -
180.169.147.146 - - [29/Aug/2023:11:22:18 +0800] "POST /xingrg/login.do HTTP/1.1" 302 -
180.169.147.146 - - [29/Aug/2023:11:22:18 +0800] "GET /xingrg/index.html?sysBaseUrl=http%3A%2F%2F180.169.147.146%3A18081%2Fxingrg%2F&costTime=1695×tamp=1693279338179 HTTP/1.1" 200 17179
180.169.147.146 - - [29/Aug/2023:11:22:18 +0800] "GET /favicon.ico HTTP/1.1" 404 -
180.169.147.146 - - [29/Aug/2023:11:22:18 +0800] "POST /xingrg/kc/buy/cgsh_list_operate.html HTTP/1.1" 200 2114
180.169.147.146 - - [29/Aug/2023:11:22:18 +0800] "GET /xingrg/all/function/internal_message.html?_=1693279339441&CODE_STATE=count HTTP/1.1" 200 11
180.169.147.146 - - [29/Aug/2023:11:22:18 +0800] "GET /xingrg/check_reg.html?_=1693279339442 HTTP/1.1" 200 22
180.169.147.146 - - [29/Aug/2023:11:22:18 +0800] "POST /xingrg/all/common/load_tree.html?tree=area_rest_tree_json&manage=1 HTTP/1.1" 200 351
180.169.147.146 - - [29/Aug/2023:11:22:18 +0800] "POST /xingrg/load_menu.html HTTP/1.1" 200 5138
180.169.147.146 - - [29/Aug/2023:11:22:19 +0800] "GET /xingrg/kc/buy/buy_main.html HTTP/1.1" 200 12412
180.169.147.146 - - [29/Aug/2023:11:22:19 +0800] "GET /xingrg/css/new_ie.css HTTP/1.1" 404 1036
180.169.147.146 - - [29/Aug/2023:11:22:19 +0800] "GET /xingrg/images/yd/bt.gif HTTP/1.1" 404 1040
114.83.217.95 - - [29/Aug/2023:11:22:20 +0800] "GET /xingrg/kc/base/wldb_order_operate.html?command=get_materiel&rest_code=00149&base_code=0010394&code=00101019222 HTTP/1.1" 200 451
222.70.180.200 - - [29/Aug/2023:11:22:20 +0800] "GET /xingrg/all/function/internal_message.html?_=1693279362144&CODE_STATE=getMsg HTTP/1.1" 200 27
180.169.147.146 - - [29/Aug/2023:11:22:21 +0800] "GET /xingrg/kc/buy/cgsh_order_list.html HTTP/1.1" 200 8212
218.81.217.31 - - [29/Aug/2023:11:22:21 +0800] "GET /xingrg/kc/buy/cgsh_order_operate.html?command=get_materiel&rest_code=00146&code=00101009010&supplier_code=00100023&order_time=2023-08-29 HTTP/1.1" 200 416
180.169.147.146 - - [29/Aug/2023:11:22:21 +0800] "GET /xingrg/kc/buy/cgsh_order_list.html HTTP/1.1" 200 56259
124.78.155.92 - - [29/Aug/2023:11:22:25 +0800] "GET /xingrg/all/function/internal_message.html?_=1693279345289&CODE_STATE=getMsg HTTP/1.1" 200 27
114.83.217.95 - - [29/Aug/2023:11:22:32 +0800] "GET /xingrg/kc/base/wldb_order_operate.html?command=get_materiel&rest_code=00149&base_code=0010394&code=00101019257 HTTP/1.1" 200 478
116.232.195.127 - - [29/Aug/2023:11:22:33 +0800] "GET /xingrg/all/function/internal_message.html?_=1693279261773&CODE_STATE=getMsg HTTP/1.1" 200 27
222.70.180.200 - - [29/Aug/2023:11:22:35 +0800] "GET /xingrg/all/function/internal_message.html?_=1693279354876&CODE_STATE=getMsg HTTP/1.1" 200 27
114.83.217.95 - - [29/Aug/2023:11:22:38 +0800] "GET /xingrg/kc/base/wldb_order_operate.html?command=get_materiel&rest_code=00149&base_code=0010394&code=00101019187 HTTP/1.1" 200 479
218.81.217.31 - - [29/Aug/2023:11:22:39 +0800] "GET /xingrg/kc/buy/cgsh_order_operate.html?command=get_materiel&rest_code=00146&code=00101009021&supplier_code=00100023&order_time=2023-08-29 HTTP/1.1" 200 417
218.81.217.31 - - [29/Aug/2023:11:22:41 +0800] "GET /xingrg/all/function/internal_message.html?_=1693279367479&CODE_STATE=getMsg HTTP/1.1" 200 27
114.83.217.95 - - [29/Aug/2023:11:22:45 +0800] "GET /xingrg/kc/base/wldb_order_operate.html?command=get_materiel&rest_code=00149&base_code=0010394&code=00101019199 HTTP/1.1" 200 473
101.228.187.155 - - [29/Aug/2023:11:22:45 +0800] "GET /xingrg/all/function/internal_message.html?_=1693279364017&CODE_STATE=getMsg HTTP/1.1" 200 27
101.83.145.37 - - [29/Aug/2023:11:22:48 +0800] "GET /xingrg/all/function/internal_message.html?_=1693279370108&CODE_STATE=getMsg HTTP/1.1" 200 27
222.70.180.200 - - [29/Aug/2023:11:22:48 +0800] "GET /xingrg/all/function/internal_message.html?_=1693279369319&CODE_STATE=getMsg HTTP/1.1" 302 -
116.235.94.33 - - [29/Aug/2023:11:22:49 +0800] "GET /xingrg/all/function/internal_message.html?_=1693279662662&CODE_STATE=getMsg HTTP/1.1" 200 27
114.83.217.95 - - [29/Aug/2023:11:22:50 +0800] "GET /xingrg/kc/base/wldb_order_operate.html?command=get_materiel&rest_code=00149&base_code=0010394&code=00101016044 HTTP/1.1" 200 466
116.228.172.122 - - [29/Aug/2023:11:22:52 +0800] "GET /xingrg/all/function/internal_message.html?_=1693279140934&CODE_STATE=getMsg HTTP/1.1" 200 27
218.81.66.95 - - [29/Aug/2023:11:22:55 +0800] "GET /xingrg/check_reg.html?_=1693279373917 HTTP/1.1" 200 22
218.81.66.95 - - [29/Aug/2023:11:22:55 +0800] "GET /xingrg/all/function/internal_message.html?_=1693279373916&CODE_STATE=getMsg HTTP/1.1" 200 27
124.78.155.92 - - [29/Aug/2023:11:22:55 +0800] "GET /xingrg/kc/buy/cgsh_order_operate.html?command=get_materiel&rest_code=00106&code=00101015112&supplier_code=00100450&order_time=2023-08-29 HTTP/1.1" 200 417
114.83.217.95 - - [29/Aug/2023:11:22:56 +0800] "GET /xingrg/kc/base/wldb_order_operate.html?command=get_materiel&rest_code=00149&base_code=0010394&code=00101019142 HTTP/1.1" 200 464
222.67.237.86 - - [29/Aug/2023:11:22:57 +0800] "GET /xingrg/all/function/internal_message.html?_=1693278821753&CODE_STATE=getMsg HTTP/1.1" 200 27
114.95.241.104 - - [29/Aug/2023:11:22:57 +0800] "GET /xingrg/all/function/internal_message.html?_=1693279277074&CODE_STATE=getMsg HTTP/1.1" 200 27
218.81.66.95 - - [29/Aug/2023:11:22:58 +0800] "POST /xingrg/kc/buy/cgsh_list_operate.html HTTP/1.1" 200 986
218.81.66.95 - - [29/Aug/2023:11:23:00 +0800] "GET /xingrg/kc/buy/buy_main.html HTTP/1.1" 200 12412
218.81.66.95 - - [29/Aug/2023:11:23:00 +0800] "GET /xingrg/css/new_ie.css HTTP/1.1" 404 1036
218.81.66.95 - - [29/Aug/2023:11:23:01 +0800] "GET /xingrg/images/yd/bt.gif HTTP/1.1" 404 1040
116.235.94.33 - - [29/Aug/2023:11:23:01 +0800] "GET /xingrg/all/function/internal_message.html?_=1693279373997&CODE_STATE=getMsg HTTP/1.1" 302 -
218.81.66.95 - - [29/Aug/2023:11:23:02 +0800] "GET /xingrg/kc/buy/cgsh_order_list.html HTTP/1.1" 200 56259
58.40.7.146 - - [29/Aug/2023:11:23:04 +0800] "GET /xingrg/all/function/internal_message.html?_=1693279384974&CODE_STATE=getMsg HTTP/1.1" 200 27
218.81.66.95 - - [29/Aug/2023:11:23:06 +0800] "POST /xingrg/kc/buy/cgsh_list_operate.html HTTP/1.1" 200 986
114.83.217.95 - - [29/Aug/2023:11:23:08 +0800] "GET /xingrg/all/function/internal_message.html?_=1693279388321&CODE_STATE=getMsg HTTP/1.1" 200 27
180.169.147.146 - - [29/Aug/2023:11:23:13 +0800] "POST /xingrg/kc/buy/cgsh_list_operate.html HTTP/1.1" 200 5989
180.165.48.189 - - [29/Aug/2023:11:23:14 +0800] "GET /xingrg/all/function/internal_message.html?_=1693279393114&CODE_STATE=getMsg HTTP/1.1" 200 27
180.169.147.146 - - [29/Aug/2023:11:23:18 +0800] "GET /xingrg/all/function/internal_message.html?_=1693279399450&CODE_STATE=getMsg HTTP/1.1" 200 27
222.70.180.200 - - [29/Aug/2023:11:23:20 +0800] "GET /xingrg/all/function/internal_message.html?_=1693279422127&CODE_STATE=getMsg HTTP/1.1" 200 27
124.78.155.92 - - [29/Aug/2023:11:23:21 +0800] "GET /xingrg/kc/buy/cgsh_order_operate.html?command=get_materiel&rest_code=00106&code=00101008591&supplier_code=00100450&order_time=2023-08-29 HTTP/1.1" 200 410
124.78.155.92 - - [29/Aug/2023:11:23:25 +0800] "GET /xingrg/all/function/internal_message.html?_=1693279405292&CODE_STATE=getMsg HTTP/1.1" 200 27
114.83.217.95 - - [29/Aug/2023:11:23:29 +0800] "POST /xingrg/kc/base/wldb_order_operate.html HTTP/1.1" 200 37
114.83.217.95 - - [29/Aug/2023:11:23:31 +0800] "POST /xingrg/kc/base/wldb_order_operate.html HTTP/1.1" 200 8271
114.83.217.95 - - [29/Aug/2023:11:23:32 +0800] "GET /xingrg/kc/base/wldb_order_info.html?code=422023082903125 HTTP/1.1" 200 30477
114.83.217.95 - - [29/Aug/2023:11:23:33 +0800] "GET /xingrg/words/20230829104626_words.js HTTP/1.1" 304 -
114.83.217.95 - - [29/Aug/2023:11:23:33 +0800] "GET /xingrg/javascript/easyui/themes/default/validatebox.css HTTP/1.1" 404 1104
116.232.195.127 - - [29/Aug/2023:11:23:33 +0800] "GET /xingrg/all/function/internal_message.html?_=1693279321770&CODE_STATE=getMsg HTTP/1.1" 200 27
114.83.217.95 - - [29/Aug/2023:11:23:34 +0800] "POST /xingrg/kc/base/wldb_order_operate.html HTTP/1.1" 200 8271
222.70.180.200 - - [29/Aug/2023:11:23:35 +0800] "GET /xingrg/all/function/internal_message.html?_=1693279414874&CODE_STATE=getMsg HTTP/1.1" 200 27
222.70.180.200 - - [29/Aug/2023:11:23:40 +0800] "GET /xingrg/kc/buy/cgsh_order_operate.html?command=get_materiel&rest_code=00111&code=00101006065&supplier_code=00100012&order_time=2023-08-29 HTTP/1.1" 200 409
218.81.217.31 - - [29/Aug/2023:11:23:41 +0800] "GET /xingrg/all/function/internal_message.html?_=1693279427492&CODE_STATE=getMsg HTTP/1.1" 200 27
114.83.217.95 - - [29/Aug/2023:11:23:43 +0800] "GET /xingrg/kc/base/wldb_order_add.html HTTP/1.1" 200 30463
114.83.217.95 - - [29/Aug/2023:11:23:43 +0800] "POST /xingrg/kc/base/wldb_order_operate.html HTTP/1.1" 200 6806
114.83.217.95 - - [29/Aug/2023:11:23:43 +0800] "GET /xingrg/javascript/easyui/themes/default/validatebox.css HTTP/1.1" 404 1104
101.228.187.155 - - [29/Aug/2023:11:23:45 +0800] "GET /xingrg/all/function/internal_message.html?_=1693279424020&CODE_STATE=getMsg HTTP/1.1" 200 27
101.83.145.37 - - [29/Aug/2023:11:23:48 +0800] "GET /xingrg/check_reg.html?_=1693279430109 HTTP/1.1" 200 22
101.83.145.37 - - [29/Aug/2023:11:23:48 +0800] "GET /xingrg/all/function/internal_message.html?_=1693279430112&CODE_STATE=getMsg HTTP/1.1" 200 27
222.70.180.200 - - [29/Aug/2023:11:23:48 +0800] "GET /xingrg/all/function/internal_message.html?_=1693279429319&CODE_STATE=getMsg HTTP/1.1" 302 -
116.235.94.33 - - [29/Aug/2023:11:23:49 +0800] "GET /xingrg/all/function/internal_message.html?_=1693279722661&CODE_STATE=getMsg HTTP/1.1" 200 27
114.83.217.95 - - [29/Aug/2023:11:23:50 +0800] "GET /xingrg/kc/base/wldb_order_operate.html?command=get_materiel&rest_code=00149&base_code=0010394&code=00101019058 HTTP/1.1" 200 453
116.228.172.122 - - [29/Aug/2023:11:23:52 +0800] "GET /xingrg/all/function/internal_message.html?_=1693279200938&CODE_STATE=getMsg HTTP/1.1" 200 27
218.81.66.95 - - [29/Aug/2023:11:23:55 +0800] "GET /xingrg/all/function/internal_message.html?_=1693279433889&CODE_STATE=getMsg HTTP/1.1" 200 27
114.95.241.104 - - [29/Aug/2023:11:23:57 +0800] "GET /xingrg/check_reg.html?_=1693279336595 HTTP/1.1" 200 22
180.152.241.196 - - [29/Aug/2023:11:23:57 +0800] "GET /xingrg/check_reg.html?_=1693279437951 HTTP/1.1" 200 22
222.67.237.86 - - [29/Aug/2023:11:23:57 +0800] "GET /xingrg/all/function/internal_message.html?_=1693278881752&CODE_STATE=getMsg HTTP/1.1" 200 27
114.95.241.104 - - [29/Aug/2023:11:23:57 +0800] "GET /xingrg/all/function/internal_message.html?_=1693279337086&CODE_STATE=getMsg HTTP/1.1" 200 27
114.83.217.95 - - [29/Aug/2023:11:23:59 +0800] "GET /xingrg/kc/base/wldb_order_operate.html?command=get_materiel&rest_code=00149&base_code=0010394&code=00101019066 HTTP/1.1" 200 455
116.235.94.33 - - [29/Aug/2023:11:24:01 +0800] "GET /xingrg/all/function/internal_message.html?_=1693279434011&CODE_STATE=getMsg HTTP/1.1" 302 -
124.78.155.92 - - [29/Aug/2023:11:24:01 +0800] "POST /xingrg/kc/buy/cgsh_order_operate.html HTTP/1.1" 200 37
218.81.217.31 - - [29/Aug/2023:11:24:01 +0800] "POST /xingrg/kc/buy/cgsh_order_operate.html HTTP/1.1" 200 64
58.40.7.146 - - [29/Aug/2023:11:24:04 +0800] "GET /xingrg/all/function/internal_message.html?_=1693279444960&CODE_STATE=getMsg HTTP/1.1" 200 27
124.78.155.92 - - [29/Aug/2023:11:24:07 +0800] "POST /xingrg/kc/buy/cgsh_order_operate.html HTTP/1.1" 200 6209
114.83.217.95 - - [29/Aug/2023:11:24:08 +0800] "GET /xingrg/all/function/internal_message.html?_=1693279448329&CODE_STATE=getMsg HTTP/1.1" 200 27
180.165.48.189 - - [29/Aug/2023:11:24:14 +0800] "GET /xingrg/all/function/internal_message.html?_=1693279453128&CODE_STATE=getMsg HTTP/1.1" 200 27
180.165.48.189 - - [29/Aug/2023:11:24:14 +0800] "GET /xingrg/check_reg.html?_=1693279453132 HTTP/1.1" 200 22
218.81.217.31 - - [29/Aug/2023:11:24:14 +0800] "POST /xingrg/kc/buy/cgsh_order_operate.html HTTP/1.1" 200 37
218.81.217.31 - - [29/Aug/2023:11:24:17 +0800] "POST /xingrg/kc/buy/cgsh_order_operate.html HTTP/1.1" 200 5632
180.169.147.146 - - [29/Aug/2023:11:24:18 +0800] "GET /xingrg/all/function/internal_message.html?_=1693279459446&CODE_STATE=getMsg HTTP/1.1" 200 27
222.70.180.200 - - [29/Aug/2023:11:24:20 +0800] "GET /xingrg/all/function/internal_message.html?_=1693279482105&CODE_STATE=getMsg HTTP/1.1" 200 27
218.81.217.31 - - [29/Aug/2023:11:24:21 +0800] "GET /xingrg/kc/print/load_data.html?order_code=212023082911824&kc_code=cgsh&condition= HTTP/1.1" 200 1827
124.78.155.92 - - [29/Aug/2023:11:24:25 +0800] "GET /xingrg/check_reg.html?_=1693279465287 HTTP/1.1" 200 22
124.78.155.92 - - [29/Aug/2023:11:24:25 +0800] "GET /xingrg/all/function/internal_message.html?_=1693279465289&CODE_STATE=getMsg HTTP/1.1" 200 27
124.78.155.92 - - [29/Aug/2023:11:24:32 +0800] "POST /xingrg/kc/buy/cgsh_order_operate.html HTTP/1.1" 200 37
180.169.147.146 - - [29/Aug/2023:11:24:33 +0800] "GET /xingrg/css/new_ie.css HTTP/1.1" 404 1036
180.169.147.146 - - [29/Aug/2023:11:24:33 +0800] "GET /favicon.ico HTTP/1.1" 404 -
116.232.195.127 - - [29/Aug/2023:11:24:33 +0800] "GET /xingrg/all/function/internal_message.html?_=1693279381776&CODE_STATE=getMsg HTTP/1.1" 200 27
124.78.155.92 - - [29/Aug/2023:11:24:34 +0800] "POST /xingrg/kc/buy/cgsh_order_operate.html HTTP/1.1" 200 6209
222.70.180.200 - - [29/Aug/2023:11:24:35 +0800] "GET /xingrg/all/function/internal_message.html?_=1693279474872&CODE_STATE=getMsg HTTP/1.1" 200 27
180.169.147.146 - - [29/Aug/2023:11:24:35 +0800] "POST /xingrg/login.do HTTP/1.1" 302 -
180.169.147.146 - - [29/Aug/2023:11:24:35 +0800] "GET /xingrg/index.html?sysBaseUrl=http%3A%2F%2F180.169.147.146%3A18081%2Fxingrg%2F&costTime=994×tamp=1693279475633 HTTP/1.1" 200 17179
180.169.147.146 - - [29/Aug/2023:11:24:35 +0800] "GET /favicon.ico HTTP/1.1" 404 -
180.169.147.146 - - [29/Aug/2023:11:24:35 +0800] "GET /xingrg/check_reg.html?_=1693279476869 HTTP/1.1" 200 22
180.169.147.146 - - [29/Aug/2023:11:24:35 +0800] "GET /xingrg/all/function/internal_message.html?_=1693279476868&CODE_STATE=count HTTP/1.1" 200 11
180.169.147.146 - - [29/Aug/2023:11:24:36 +0800] "POST /xingrg/all/common/load_tree.html?tree=area_rest_tree_json&manage=1 HTTP/1.1" 200 351
180.169.147.146 - - [29/Aug/2023:11:24:36 +0800] "POST /xingrg/load_menu.html HTTP/1.1" 200 5138
180.169.147.146 - - [29/Aug/2023:11:24:36 +0800] "POST /xingrg/kc/buy/cgsh_list_operate.html HTTP/1.1" 200 2114
180.169.147.146 - - [29/Aug/2023:11:24:37 +0800] "GET /xingrg/kc/buy/buy_main.html HTTP/1.1" 200 12412
180.169.147.146 - - [29/Aug/2023:11:24:37 +0800] "GET /xingrg/css/new_ie.css HTTP/1.1" 404 1036
218.81.66.95 - - [29/Aug/2023:11:24:37 +0800] "POST /xingrg/kc/buy/cgsh_list_operate.html HTTP/1.1" 200 6536
180.169.147.146 - - [29/Aug/2023:11:24:38 +0800] "GET /xingrg/images/yd/bt.gif HTTP/1.1" 404 1040
180.169.147.146 - - [29/Aug/2023:11:24:40 +0800] "GET /xingrg/kc/buy/cgsh_order_list.html HTTP/1.1" 200 8212
180.169.147.146 - - [29/Aug/2023:11:24:40 +0800] "GET /xingrg/kc/buy/cgsh_order_list.html HTTP/1.1" 200 56259
180.169.147.146 - - [29/Aug/2023:11:24:40 +0800] "GET /xingrg/kc/buy/cgsh_order_list.html HTTP/1.1" 200 8212
180.169.147.146 - - [29/Aug/2023:11:24:41 +0800] "GET /xingrg/check_reg.html?_=1693279582124 HTTP/1.1" 302 -
218.81.217.31 - - [29/Aug/2023:11:24:41 +0800] "GET /xingrg/all/function/internal_message.html?_=1693279487570&CODE_STATE=getMsg HTTP/1.1" 200 27
218.81.66.95 - - [29/Aug/2023:11:24:42 +0800] "POST /xingrg/kc/buy/cgsh_list_operate.html HTTP/1.1" 200 569
218.81.66.95 - - [29/Aug/2023:11:24:43 +0800] "GET /xingrg/kc/buy/cgsh_order_info.html?code=212023082811728 HTTP/1.1" 200 66936
218.81.66.95 - - [29/Aug/2023:11:24:44 +0800] "GET /xingrg/words/20230829104626_words.js HTTP/1.1" 200 984905
218.81.66.95 - - [29/Aug/2023:11:24:44 +0800] "GET /xingrg/javascript/easyui/themes/default/validatebox.css HTTP/1.1" 404 1104
101.228.187.155 - - [29/Aug/2023:11:24:45 +0800] "GET /xingrg/all/function/internal_message.html?_=1693279484021&CODE_STATE=getMsg HTTP/1.1" 200 27
218.81.66.95 - - [29/Aug/2023:11:24:46 +0800] "POST /xingrg/kc/buy/cgsh_order_operate.html HTTP/1.1" 200 10684
101.83.145.37 - - [29/Aug/2023:11:24:48 +0800] "GET /xingrg/all/function/internal_message.html?_=1693279490112&CODE_STATE=getMsg HTTP/1.1" 200 27
222.70.180.200 - - [29/Aug/2023:11:24:48 +0800] "GET /xingrg/all/function/internal_message.html?_=1693279489318&CODE_STATE=getMsg HTTP/1.1" 302 -
222.70.180.200 - - [29/Aug/2023:11:24:48 +0800] "GET /xingrg/check_reg.html?_=1693279489322 HTTP/1.1" 302 -
116.235.94.33 - - [29/Aug/2023:11:24:49 +0800] "GET /xingrg/all/function/internal_message.html?_=1693279782659&CODE_STATE=getMsg HTTP/1.1" 200 27
116.228.172.122 - - [29/Aug/2023:11:24:52 +0800] "GET /xingrg/all/function/internal_message.html?_=1693279260926&CODE_STATE=getMsg HTTP/1.1" 200 27
218.81.66.95 - - [29/Aug/2023:11:24:55 +0800] "GET /xingrg/all/function/internal_message.html?_=1693279493869&CODE_STATE=getMsg HTTP/1.1" 200 27
222.67.237.86 - - [29/Aug/2023:11:24:57 +0800] "GET /xingrg/all/function/internal_message.html?_=1693278941732&CODE_STATE=getMsg HTTP/1.1" 200 27
114.95.241.104 - - [29/Aug/2023:11:24:57 +0800] "GET /xingrg/all/function/internal_message.html?_=1693279397100&CODE_STATE=getMsg HTTP/1.1" 200 27
114.83.217.95 - - [29/Aug/2023:11:25:01 +0800] "GET /xingrg/kc/base/wldb_order_operate.html?command=get_materiel&rest_code=00149&base_code=0010394&code=00101019400 HTTP/1.1" 200 465
116.235.94.33 - - [29/Aug/2023:11:25:01 +0800] "GET /xingrg/check_reg.html?_=1693279494008 HTTP/1.1" 302 -
116.235.94.33 - - [29/Aug/2023:11:25:01 +0800] "GET /xingrg/all/function/internal_message.html?_=1693279494009&CODE_STATE=getMsg HTTP/1.1" 302 -
180.169.147.146 - - [29/Aug/2023:11:25:02 +0800] "POST /xingrg/kc/buy/cgsh_list_operate.html HTTP/1.1" 200 5964
58.40.7.146 - - [29/Aug/2023:11:25:04 +0800] "GET /xingrg/check_reg.html?_=1693279504964 HTTP/1.1" 200 22
58.40.7.146 - - [29/Aug/2023:11:25:04 +0800] "GET /xingrg/all/function/internal_message.html?_=1693279504963&CODE_STATE=getMsg HTTP/1.1" 200 27
124.78.155.92 - - [29/Aug/2023:11:25:04 +0800] "GET /xingrg/kc/buy/buy_main.html HTTP/1.1" 200 12412
124.78.155.92 - - [29/Aug/2023:11:25:04 +0800] "GET /xingrg/css/new_ie.css HTTP/1.1" 404 1036
124.78.155.92 - - [29/Aug/2023:11:25:05 +0800] "GET /xingrg/images/yd/bt.gif HTTP/1.1" 404 1040
124.78.155.92 - - [29/Aug/2023:11:25:07 +0800] "GET /xingrg/kc/buy/cgsh_order_list.html HTTP/1.1" 200 56253
114.83.217.95 - - [29/Aug/2023:11:25:08 +0800] "GET /xingrg/all/function/internal_message.html?_=1693279508321&CODE_STATE=getMsg HTTP/1.1" 200 27
114.83.217.95 - - [29/Aug/2023:11:25:08 +0800] "GET /xingrg/kc/base/wldb_order_operate.html?command=get_materiel&rest_code=00149&base_code=0010394&code=00101027001 HTTP/1.1" 200 471
180.165.48.189 - - [29/Aug/2023:11:25:14 +0800] "GET /xingrg/all/function/internal_message.html?_=1693279513132&CODE_STATE=getMsg HTTP/1.1" 200 27
222.70.180.200 - - [29/Aug/2023:11:25:20 +0800] "GET /xingrg/all/function/internal_message.html?_=1693279542079&CODE_STATE=getMsg HTTP/1.1" 200 27
124.78.155.92 - - [29/Aug/2023:11:25:25 +0800] "GET /xingrg/all/function/internal_message.html?_=1693279525304&CODE_STATE=getMsg HTTP/1.1" 200 27
218.81.66.95 - - [29/Aug/2023:11:25:26 +0800] "GET /favicon.ico HTTP/1.1" 404 -
114.83.217.95 - - [29/Aug/2023:11:25:33 +0800] "POST /xingrg/kc/base/wldb_order_operate.html HTTP/1.1" 200 37
116.232.195.127 - - [29/Aug/2023:11:25:33 +0800] "GET /xingrg/check_reg.html?_=1693279441773 HTTP/1.1" 200 22
116.232.195.127 - - [29/Aug/2023:11:25:33 +0800] "GET /xingrg/all/function/internal_message.html?_=1693279441775&CODE_STATE=getMsg HTTP/1.1" 200 27
114.83.217.95 - - [29/Aug/2023:11:25:34 +0800] "POST /xingrg/kc/base/wldb_order_operate.html HTTP/1.1" 200 4172
114.83.217.95 - - [29/Aug/2023:11:25:35 +0800] "GET /xingrg/kc/base/wldb_order_info.html?code=422023082903126 HTTP/1.1" 200 30478
222.70.180.200 - - [29/Aug/2023:11:25:35 +0800] "GET /xingrg/all/function/internal_message.html?_=1693279534871&CODE_STATE=getMsg HTTP/1.1" 200 27
222.70.180.200 - - [29/Aug/2023:11:25:35 +0800] "GET /xingrg/check_reg.html?_=1693279534877 HTTP/1.1" 200 22
114.83.217.95 - - [29/Aug/2023:11:25:35 +0800] "GET /xingrg/javascript/easyui/themes/default/validatebox.css HTTP/1.1" 404 1104
180.169.147.146 - - [29/Aug/2023:11:25:35 +0800] "GET /xingrg/all/function/internal_message.html?_=1693279536870&CODE_STATE=getMsg HTTP/1.1" 200 27
114.83.217.95 - - [29/Aug/2023:11:25:36 +0800] "POST /xingrg/kc/base/wldb_order_operate.html HTTP/1.1" 200 4172
114.83.217.95 - - [29/Aug/2023:11:25:38 +0800] "GET /xingrg/kc/base/wldb_order_add.html HTTP/1.1" 200 30463
114.83.217.95 - - [29/Aug/2023:11:25:38 +0800] "POST /xingrg/kc/base/wldb_order_operate.html HTTP/1.1" 200 6806
114.83.217.95 - - [29/Aug/2023:11:25:38 +0800] "GET /xingrg/javascript/easyui/themes/default/validatebox.css HTTP/1.1" 404 1104
218.81.217.31 - - [29/Aug/2023:11:25:41 +0800] "GET /xingrg/all/function/internal_message.html?_=1693279547582&CODE_STATE=getMsg HTTP/1.1" 200 27
101.228.187.155 - - [29/Aug/2023:11:25:45 +0800] "GET /xingrg/all/function/internal_message.html?_=1693279544021&CODE_STATE=getMsg HTTP/1.1" 200 27
101.83.145.37 - - [29/Aug/2023:11:25:48 +0800] "GET /xingrg/all/function/internal_message.html?_=1693279550113&CODE_STATE=getMsg HTTP/1.1" 200 27
222.70.180.200 - - [29/Aug/2023:11:25:48 +0800] "GET /xingrg/all/function/internal_message.html?_=1693279549321&CODE_STATE=getMsg HTTP/1.1" 302 -
116.235.94.33 - - [29/Aug/2023:11:25:49 +0800] "GET /xingrg/all/function/internal_message.html?_=1693279842661&CODE_STATE=getMsg HTTP/1.1" 200 27
116.235.94.33 - - [29/Aug/2023:11:25:49 +0800] "GET /xingrg/check_reg.html?_=1693279842658 HTTP/1.1" 200 22
116.228.172.122 - - [29/Aug/2023:11:25:52 +0800] "GET /xingrg/all/function/internal_message.html?_=1693279320940&CODE_STATE=getMsg HTTP/1.1" 200 27
116.228.172.122 - - [29/Aug/2023:11:25:52 +0800] "GET /xingrg/check_reg.html?_=1693279320942 HTTP/1.1" 200 22
218.81.66.95 - - [29/Aug/2023:11:25:55 +0800] "GET /xingrg/all/function/internal_message.html?_=1693279553840&CODE_STATE=getMsg HTTP/1.1" 200 27
222.67.237.86 - - [29/Aug/2023:11:25:57 +0800] "GET /xingrg/all/function/internal_message.html?_=1693279001700&CODE_STATE=getMsg HTTP/1.1" 200 27
114.95.241.104 - - [29/Aug/2023:11:25:57 +0800] "GET /xingrg/all/function/internal_message.html?_=1693279457114&CODE_STATE=getMsg HTTP/1.1" 200 27
222.70.180.200 - - [29/Aug/2023:11:25:59 +0800] "GET /xingrg/check_reg.html?_=1693279581183 HTTP/1.1" 200 22
116.235.94.33 - - [29/Aug/2023:11:26:01 +0800] "GET /xingrg/all/function/internal_message.html?_=1693279554010&CODE_STATE=getMsg HTTP/1.1" 302 -
58.40.7.146 - - [29/Aug/2023:11:26:04 +0800] "GET /xingrg/all/function/internal_message.html?_=1693279564965&CODE_STATE=getMsg HTTP/1.1" 200 27
114.83.217.95 - - [29/Aug/2023:11:26:08 +0800] "GET /xingrg/all/function/internal_message.html?_=1693279568338&CODE_STATE=getMsg HTTP/1.1" 200 27
114.83.217.95 - - [29/Aug/2023:11:26:08 +0800] "GET /xingrg/check_reg.html?_=1693279568342 HTTP/1.1" 200 22
114.83.217.95 - - [29/Aug/2023:11:26:10 +0800] "GET /xingrg/kc/base/wldb_order_operate.html?command=get_materiel&rest_code=00149&base_code=0010394&code=00101019184 HTTP/1.1" 200 456
180.165.48.189 - - [29/Aug/2023:11:26:14 +0800] "GET /xingrg/all/function/internal_message.html?_=1693279573112&CODE_STATE=getMsg HTTP/1.1" 200 27
101.83.145.37 - - [29/Aug/2023:11:26:15 +0800] "GET /xingrg/kc/base/wldb_order_list.html HTTP/1.1" 200 19174
101.83.145.37 - - [29/Aug/2023:11:26:17 +0800] "POST /xingrg/kc/base/wldb_list_operate.html HTTP/1.1" 200 2559
180.169.147.146 - - [29/Aug/2023:11:26:17 +0800] "POST /xingrg/kc/buy/cgsh_list_operate.html HTTP/1.1" 200 4
114.83.217.95 - - [29/Aug/2023:11:26:18 +0800] "GET /xingrg/kc/base/wldb_order_operate.html?command=get_materiel&rest_code=00149&base_code=0010394&code=00101019376 HTTP/1.1" 200 476
101.83.145.37 - - [29/Aug/2023:11:26:18 +0800] "GET /xingrg/kc/base/wldb_order_add.html HTTP/1.1" 200 30457
101.83.145.37 - - [29/Aug/2023:11:26:18 +0800] "GET /xingrg/words/20230829104626_words.js HTTP/1.1" 200 984905
101.83.145.37 - - [29/Aug/2023:11:26:18 +0800] "POST /xingrg/kc/base/wldb_order_operate.html HTTP/1.1" 200 6806
101.83.145.37 - - [29/Aug/2023:11:26:18 +0800] "GET /xingrg/javascript/easyui/themes/default/validatebox.css HTTP/1.1" 404 1104
101.83.145.37 - - [29/Aug/2023:11:26:19 +0800] "POST /xingrg/all/common/load_combo.html?type=base HTTP/1.1" 200 3409
222.70.180.200 - - [29/Aug/2023:11:26:20 +0800] "GET /xingrg/all/function/internal_message.html?_=1693279602074&CODE_STATE=getMsg HTTP/1.1" 200 27
124.78.155.92 - - [29/Aug/2023:11:26:22 +0800] "POST /xingrg/kc/buy/cgsh_list_operate.html HTTP/1.1" 200 3540
124.78.155.92 - - [29/Aug/2023:11:26:25 +0800] "GET /xingrg/all/function/internal_message.html?_=1693279585301&CODE_STATE=getMsg HTTP/1.1" 200 27
101.83.145.37 - - [29/Aug/2023:11:26:26 +0800] "GET /xingrg/kc/base/wldb_order_operate.html?command=get_materiel&rest_code=00105&base_code=0010508&code=00102002481 HTTP/1.1" 200 444
114.83.217.95 - - [29/Aug/2023:11:26:31 +0800] "POST /xingrg/kc/base/wldb_order_operate.html HTTP/1.1" 200 37
114.83.217.95 - - [29/Aug/2023:11:26:31 +0800] "POST /xingrg/kc/base/wldb_order_operate.html HTTP/1.1" 200 3722
114.83.217.95 - - [29/Aug/2023:11:26:32 +0800] "GET /xingrg/kc/base/wldb_order_info.html?code=422023082903127 HTTP/1.1" 200 30475
124.78.155.92 - - [29/Aug/2023:11:26:32 +0800] "POST /xingrg/kc/buy/cgsh_list_operate.html HTTP/1.1" 200 566
114.83.217.95 - - [29/Aug/2023:11:26:33 +0800] "GET /xingrg/javascript/easyui/themes/default/validatebox.css HTTP/1.1" 404 1104
114.83.217.95 - - [29/Aug/2023:11:26:33 +0800] "POST /xingrg/kc/base/wldb_order_operate.html HTTP/1.1" 200 3722
116.232.195.127 - - [29/Aug/2023:11:26:33 +0800] "GET /xingrg/all/function/internal_message.html?_=1693279501762&CODE_STATE=getMsg HTTP/1.1" 200 27
222.70.180.200 - - [29/Aug/2023:11:26:35 +0800] "GET /xingrg/all/function/internal_message.html?_=1693279594876&CODE_STATE=getMsg HTTP/1.1" 200 27
180.169.147.146 - - [29/Aug/2023:11:26:35 +0800] "GET /xingrg/all/function/internal_message.html?_=1693279596882&CODE_STATE=getMsg HTTP/1.1" 200 27
114.83.217.95 - - [29/Aug/2023:11:26:35 +0800] "GET /xingrg/kc/base/wldb_order_add.html HTTP/1.1" 200 30463
124.78.155.92 - - [29/Aug/2023:11:26:36 +0800] "GET /xingrg/kc/buy/cgsh_order_info.html?code=212023082911788 HTTP/1.1" 200 72038
124.78.155.92 - - [29/Aug/2023:11:26:36 +0800] "GET /xingrg/words/20230829104626_words.js HTTP/1.1" 304 -
124.78.155.92 - - [29/Aug/2023:11:26:36 +0800] "GET /xingrg/javascript/easyui/themes/default/validatebox.css HTTP/1.1" 404 1104
114.83.217.95 - - [29/Aug/2023:11:26:36 +0800] "POST /xingrg/kc/base/wldb_order_operate.html HTTP/1.1" 200 6806
114.83.217.95 - - [29/Aug/2023:11:26:36 +0800] "GET /xingrg/javascript/easyui/themes/default/validatebox.css HTTP/1.1" 404 1104
124.78.155.92 - - [29/Aug/2023:11:26:37 +0800] "POST /xingrg/kc/buy/cgsh_order_operate.html HTTP/1.1" 200 23339
180.169.147.146 - - [29/Aug/2023:11:26:38 +0800] "POST /xingrg/kc/buy/cgsh_list_operate.html HTTP/1.1" 200 2305
101.83.145.37 - - [29/Aug/2023:11:26:38 +0800] "GET /xingrg/kc/base/wldb_order_operate.html?command=get_materiel&rest_code=00105&base_code=0010508&code=00102002484 HTTP/1.1" 200 456
116.232.195.127 - - [29/Aug/2023:11:26:39 +0800] "GET /xingrg/kc/buy/buy_main.html HTTP/1.1" 200 12412
116.232.195.127 - - [29/Aug/2023:11:26:39 +0800] "GET /xingrg/css/new_ie.css HTTP/1.1" 404 1036
116.232.195.127 - - [29/Aug/2023:11:26:40 +0800] "GET /xingrg/images/yd/bt.gif HTTP/1.1" 404 1040
116.232.195.127 - - [29/Aug/2023:11:26:41 +0800] "GET /xingrg/kc/buy/cgsh_order_list.html HTTP/1.1" 200 56259
218.81.217.31 - - [29/Aug/2023:11:26:41 +0800] "GET /xingrg/check_reg.html?_=1693279607253 HTTP/1.1" 200 22
218.81.217.31 - - [29/Aug/2023:11:26:41 +0800] "GET /xingrg/all/function/internal_message.html?_=1693279607596&CODE_STATE=getMsg HTTP/1.1" 200 27
124.78.155.92 - - [29/Aug/2023:11:26:42 +0800] "GET /xingrg/kc/buy/buy_main.html HTTP/1.1" 200 12412
124.78.155.92 - - [29/Aug/2023:11:26:42 +0800] "GET /xingrg/css/new_ie.css HTTP/1.1" 404 1036
101.228.187.155 - - [29/Aug/2023:11:26:45 +0800] "GET /xingrg/check_reg.html?_=1693279604021 HTTP/1.1" 200 22
101.228.187.155 - - [29/Aug/2023:11:26:45 +0800] "GET /xingrg/all/function/internal_message.html?_=1693279604023&CODE_STATE=getMsg HTTP/1.1" 200 27
101.83.145.37 - - [29/Aug/2023:11:26:48 +0800] "GET /xingrg/all/function/internal_message.html?_=1693279610114&CODE_STATE=getMsg HTTP/1.1" 200 27
222.70.180.200 - - [29/Aug/2023:11:26:48 +0800] "GET /xingrg/all/function/internal_message.html?_=1693279609321&CODE_STATE=getMsg HTTP/1.1" 302 -
116.235.94.33 - - [29/Aug/2023:11:26:49 +0800] "GET /xingrg/all/function/internal_message.html?_=1693279902658&CODE_STATE=getMsg HTTP/1.1" 200 27
114.83.217.95 - - [29/Aug/2023:11:26:49 +0800] "GET /xingrg/kc/base/wldb_order_operate.html?command=get_materiel&rest_code=00149&base_code=0010436&code=00101014041 HTTP/1.1" 200 434
116.232.195.127 - - [29/Aug/2023:11:26:50 +0800] "POST /xingrg/kc/buy/cgsh_list_operate.html HTTP/1.1" 200 986
116.228.172.122 - - [29/Aug/2023:11:26:52 +0800] "GET /xingrg/all/function/internal_message.html?_=1693279380937&CODE_STATE=getMsg HTTP/1.1" 200 27
218.81.66.95 - - [29/Aug/2023:11:26:55 +0800] "GET /xingrg/all/function/internal_message.html?_=1693279613820&CODE_STATE=getMsg HTTP/1.1" 200 27
180.169.147.146 - - [29/Aug/2023:11:26:56 +0800] "POST /xingrg/kc/buy/cgsh_list_operate.html HTTP/1.1" 200 4
222.67.237.86 - - [29/Aug/2023:11:26:57 +0800] "GET /xingrg/all/function/internal_message.html?_=1693279061668&CODE_STATE=getMsg HTTP/1.1" 200 27
114.95.241.104 - - [29/Aug/2023:11:26:57 +0800] "GET /xingrg/all/function/internal_message.html?_=1693279517147&CODE_STATE=getMsg HTTP/1.1" 200 27
222.67.237.86 - - [29/Aug/2023:11:26:58 +0800] "GET /xingrg/check_reg.html?_=1693279063479 HTTP/1.1" 200 22
116.235.94.33 - - [29/Aug/2023:11:27:01 +0800] "GET /xingrg/all/function/internal_message.html?_=1693279613999&CODE_STATE=getMsg HTTP/1.1" 302 -
114.83.217.95 - - [29/Aug/2023:11:27:03 +0800] "POST /xingrg/kc/base/wldb_order_operate.html HTTP/1.1" 200 37
114.83.217.95 - - [29/Aug/2023:11:27:03 +0800] "POST /xingrg/kc/base/wldb_order_operate.html HTTP/1.1" 200 2184
116.228.172.122 - - [29/Aug/2023:11:27:04 +0800] "GET /xingrg/kc/buy/cgsh_order_add.html HTTP/1.1" 200 71088
116.228.172.122 - - [29/Aug/2023:11:27:04 +0800] "GET /xingrg/words/20230829104626_words.js HTTP/1.1" 200 984905
116.228.172.122 - - [29/Aug/2023:11:27:04 +0800] "POST /xingrg/kc/buy/cgsh_order_operate.html HTTP/1.1" 200 8245
58.40.7.146 - - [29/Aug/2023:11:27:04 +0800] "GET /xingrg/all/function/internal_message.html?_=1693279624967&CODE_STATE=getMsg HTTP/1.1" 200 27
116.228.172.122 - - [29/Aug/2023:11:27:04 +0800] "GET /xingrg/javascript/easyui/themes/default/validatebox.css HTTP/1.1" 404 1104
116.228.172.122 - - [29/Aug/2023:11:27:05 +0800] "GET /xingrg/all/common/auto_word.html?type=employee&rest_code=00153 HTTP/1.1" 200 47
116.228.172.122 - - [29/Aug/2023:11:27:05 +0800] "GET /xingrg/all/common/auto_word.html?type=employee&rest_code=00153 HTTP/1.1" 200 47
114.83.217.95 - - [29/Aug/2023:11:27:05 +0800] "GET /xingrg/kc/base/wldb_order_info.html?code=422023082903128 HTTP/1.1" 200 30477
114.83.217.95 - - [29/Aug/2023:11:27:05 +0800] "GET /xingrg/javascript/easyui/themes/default/validatebox.css HTTP/1.1" 404 1104
114.83.217.95 - - [29/Aug/2023:11:27:06 +0800] "POST /xingrg/kc/base/wldb_order_operate.html HTTP/1.1" 200 2184
116.228.172.122 - - [29/Aug/2023:11:27:06 +0800] "GET /xingrg/javascript/auto/indicator.gif HTTP/1.1" 404 1066
114.83.217.95 - - [29/Aug/2023:11:27:08 +0800] "GET /xingrg/all/function/internal_message.html?_=1693279628322&CODE_STATE=getMsg HTTP/1.1" 200 27
180.169.147.146 - - [29/Aug/2023:11:27:10 +0800] "POST /xingrg/kc/buy/cgsh_list_operate.html HTTP/1.1" 200 986
114.83.217.95 - - [29/Aug/2023:11:27:10 +0800] "POST /xingrg/kc/base/wldb_list_operate.html HTTP/1.1" 200 2991
116.232.195.127 - - [29/Aug/2023:11:27:11 +0800] "GET /xingrg/kc/buy/cgsh_order_add.html HTTP/1.1" 200 72082
116.232.195.127 - - [29/Aug/2023:11:27:11 +0800] "GET /xingrg/words/20230829104626_words.js HTTP/1.1" 200 984905
116.232.195.127 - - [29/Aug/2023:11:27:11 +0800] "POST /xingrg/kc/buy/cgsh_order_operate.html HTTP/1.1" 200 8245
116.232.195.127 - - [29/Aug/2023:11:27:11 +0800] "GET /xingrg/javascript/easyui/themes/default/validatebox.css HTTP/1.1" 404 1104
116.232.195.127 - - [29/Aug/2023:11:27:11 +0800] "GET /xingrg/all/common/auto_word.html?type=employee&rest_code=00155 HTTP/1.1" 200 255
116.232.195.127 - - [29/Aug/2023:11:27:11 +0800] "GET /xingrg/all/common/auto_word.html?type=employee&rest_code=00155 HTTP/1.1" 200 255
116.232.195.127 - - [29/Aug/2023:11:27:13 +0800] "GET /xingrg/javascript/auto/indicator.gif HTTP/1.1" 404 1066
180.165.48.189 - - [29/Aug/2023:11:27:14 +0800] "GET /xingrg/all/function/internal_message.html?_=1693279633119&CODE_STATE=getMsg HTTP/1.1" 200 27
116.228.172.122 - - [29/Aug/2023:11:27:14 +0800] "GET /xingrg/kc/buy/cgsh_order_operate.html?command=get_materiel&rest_code=00153&code=00101029011&supplier_code=00100151&order_time=2023-08-29 HTTP/1.1" 200 460
116.232.195.127 - - [29/Aug/2023:11:27:20 +0800] "GET /xingrg/javascript/jquery_tools/images/prev.gif HTTP/1.1" 404 1086
116.232.195.127 - - [29/Aug/2023:11:27:20 +0800] "GET /xingrg/javascript/jquery_tools/images/next.gif HTTP/1.1" 404 1086
222.70.180.200 - - [29/Aug/2023:11:27:20 +0800] "GET /xingrg/all/function/internal_message.html?_=1693279662047&CODE_STATE=getMsg HTTP/1.1" 200 27
116.232.195.127 - - [29/Aug/2023:11:27:33 +0800] "GET /xingrg/all/function/internal_message.html?_=1693279561761&CODE_STATE=getMsg HTTP/1.1" 200 27
222.70.180.200 - - [29/Aug/2023:11:27:35 +0800] "GET /xingrg/all/function/internal_message.html?_=1693279654869&CODE_STATE=getMsg HTTP/1.1" 200 27
180.169.147.146 - - [29/Aug/2023:11:27:35 +0800] "GET /xingrg/all/function/internal_message.html?_=1693279656875&CODE_STATE=getMsg HTTP/1.1" 200 27
114.83.217.95 - - [29/Aug/2023:11:27:38 +0800] "POST /xingrg/kc/base/wldb_list_operate.html HTTP/1.1" 200 4
114.83.217.95 - - [29/Aug/2023:11:27:40 +0800] "POST /xingrg/kc/base/wldb_list_operate.html HTTP/1.1" 200 928
218.81.217.31 - - [29/Aug/2023:11:27:41 +0800] "GET /xingrg/all/function/internal_message.html?_=1693279667610&CODE_STATE=getMsg HTTP/1.1" 200 27
101.228.187.155 - - [29/Aug/2023:11:27:45 +0800] "GET /xingrg/all/function/internal_message.html?_=1693279664022&CODE_STATE=getMsg HTTP/1.1" 200 27
101.83.145.37 - - [29/Aug/2023:11:27:48 +0800] "GET /xingrg/all/function/internal_message.html?_=1693279670124&CODE_STATE=getMsg HTTP/1.1" 200 27
222.70.180.200 - - [29/Aug/2023:11:27:48 +0800] "GET /xingrg/all/function/internal_message.html?_=1693279669321&CODE_STATE=getMsg HTTP/1.1" 302 -
116.235.94.33 - - [29/Aug/2023:11:27:49 +0800] "GET /xingrg/all/function/internal_message.html?_=1693279962682&CODE_STATE=getMsg HTTP/1.1" 200 27
116.228.172.122 - - [29/Aug/2023:11:27:52 +0800] "GET /xingrg/all/function/internal_message.html?_=1693279440949&CODE_STATE=getMsg HTTP/1.1" 200 27
218.81.66.95 - - [29/Aug/2023:11:27:55 +0800] "GET /xingrg/all/function/internal_message.html?_=1693279673801&CODE_STATE=getMsg HTTP/1.1" 200 27
218.81.66.95 - - [29/Aug/2023:11:27:55 +0800] "GET /xingrg/check_reg.html?_=1693279673898 HTTP/1.1" 200 22
116.232.195.127 - - [29/Aug/2023:11:27:56 +0800] "GET /xingrg/kc/buy/cgsh_order_operate.html?command=get_materiel&rest_code=00155&code=00102010171&supplier_code=00100151&order_time=2023-08-29 HTTP/1.1" 200 408
222.67.237.86 - - [29/Aug/2023:11:27:57 +0800] "GET /xingrg/all/function/internal_message.html?_=1693279121651&CODE_STATE=getMsg HTTP/1.1" 200 27
114.95.241.104 - - [29/Aug/2023:11:27:57 +0800] "GET /xingrg/all/function/internal_message.html?_=1693279577156&CODE_STATE=getMsg HTTP/1.1" 200 27
116.235.94.33 - - [29/Aug/2023:11:28:01 +0800] "GET /xingrg/all/function/internal_message.html?_=1693279674009&CODE_STATE=getMsg HTTP/1.1" 302 -
116.228.172.122 - - [29/Aug/2023:11:28:01 +0800] "POST /xingrg/kc/buy/cgsh_order_operate.html HTTP/1.1" 200 37
116.228.172.122 - - [29/Aug/2023:11:28:04 +0800] "POST /xingrg/kc/buy/cgsh_order_operate.html HTTP/1.1" 200 2703
58.40.7.146 - - [29/Aug/2023:11:28:04 +0800] "GET /xingrg/all/function/internal_message.html?_=1693279684970&CODE_STATE=getMsg HTTP/1.1" 200 27
116.228.172.122 - - [29/Aug/2023:11:28:06 +0800] "GET /xingrg/kc/print/load_config.html?kc_code=cgsh HTTP/1.1" 200 1924
116.228.172.122 - - [29/Aug/2023:11:28:07 +0800] "GET /xingrg/kc/print/load_data.html?order_code=212023082911825&kc_code=cgsh&condition= HTTP/1.1" 200 703
114.83.217.95 - - [29/Aug/2023:11:28:08 +0800] "GET /xingrg/all/function/internal_message.html?_=1693279688331&CODE_STATE=getMsg HTTP/1.1" 200 27
180.165.48.189 - - [29/Aug/2023:11:28:14 +0800] "GET /xingrg/all/function/internal_message.html?_=1693279693108&CODE_STATE=getMsg HTTP/1.1" 200 27
101.80.225.121 - - [29/Aug/2023:11:28:16 +0800] "POST /xingrg/services/DataTransmitService HTTP/1.1" 200 524
101.80.225.121 - - [29/Aug/2023:11:28:17 +0800] "POST /xingrg/services/DataTransmitService HTTP/1.1" 200 501
222.70.180.200 - - [29/Aug/2023:11:28:20 +0800] "GET /xingrg/all/function/internal_message.html?_=1693279722029&CODE_STATE=getMsg HTTP/1.1" 200 27
222.70.180.200 - - [29/Aug/2023:11:28:35 +0800] "GET /xingrg/all/function/internal_message.html?_=1693279714871&CODE_STATE=getMsg HTTP/1.1" 200 27
180.169.147.146 - - [29/Aug/2023:11:28:35 +0800] "GET /xingrg/all/function/internal_message.html?_=1693279716872&CODE_STATE=getMsg HTTP/1.1" 200 27
116.232.195.127 - - [29/Aug/2023:11:28:39 +0800] "POST /xingrg/kc/buy/cgsh_order_operate.html HTTP/1.1" 200 37
116.232.195.127 - - [29/Aug/2023:11:28:41 +0800] "POST /xingrg/kc/buy/cgsh_order_operate.html HTTP/1.1" 200 2655
218.81.217.31 - - [29/Aug/2023:11:28:41 +0800] "GET /xingrg/all/function/internal_message.html?_=1693279727622&CODE_STATE=getMsg HTTP/1.1" 200 27
116.232.195.127 - - [29/Aug/2023:11:28:42 +0800] "GET /xingrg/kc/print/load_config.html?kc_code=cgsh HTTP/1.1" 200 1924
116.232.195.127 - - [29/Aug/2023:11:28:43 +0800] "GET /xingrg/kc/print/load_data.html?order_code=212023082911826&kc_code=cgsh&condition= HTTP/1.1" 200 655
101.228.187.155 - - [29/Aug/2023:11:28:45 +0800] "GET /xingrg/all/function/internal_message.html?_=1693279724021&CODE_STATE=getMsg HTTP/1.1" 200 27
101.83.145.37 - - [29/Aug/2023:11:28:48 +0800] "GET /xingrg/check_reg.html?_=1693279730115 HTTP/1.1" 200 22
101.83.145.37 - - [29/Aug/2023:11:28:48 +0800] "GET /xingrg/all/function/internal_message.html?_=1693279730119&CODE_STATE=getMsg HTTP/1.1" 200 27
222.70.180.200 - - [29/Aug/2023:11:28:48 +0800] "GET /xingrg/all/function/internal_message.html?_=1693279729321&CODE_STATE=getMsg HTTP/1.1" 302 -
116.235.94.33 - - [29/Aug/2023:11:28:49 +0800] "GET /xingrg/all/function/internal_message.html?_=1693280022682&CODE_STATE=getMsg HTTP/1.1" 200 27
116.228.172.122 - - [29/Aug/2023:11:28:52 +0800] "GET /xingrg/all/function/internal_message.html?_=1693279500963&CODE_STATE=getMsg HTTP/1.1" 200 27
218.81.66.95 - - [29/Aug/2023:11:28:55 +0800] "GET /xingrg/all/function/internal_message.html?_=1693279733775&CODE_STATE=getMsg HTTP/1.1" 200 27
114.95.241.104 - - [29/Aug/2023:11:28:57 +0800] "GET /xingrg/check_reg.html?_=1693279636615 HTTP/1.1" 200 22
222.67.237.86 - - [29/Aug/2023:11:28:57 +0800] "GET /xingrg/all/function/internal_message.html?_=1693279181632&CODE_STATE=getMsg HTTP/1.1" 200 27
180.152.241.196 - - [29/Aug/2023:11:28:57 +0800] "GET /xingrg/check_reg.html?_=1693279737950 HTTP/1.1" 200 22
114.95.241.104 - - [29/Aug/2023:11:28:57 +0800] "GET /xingrg/all/function/internal_message.html?_=1693279637170&CODE_STATE=getMsg HTTP/1.1" 200 27
116.235.94.33 - - [29/Aug/2023:11:29:01 +0800] "GET /xingrg/all/function/internal_message.html?_=1693279733996&CODE_STATE=getMsg HTTP/1.1" 302 -
58.40.7.146 - - [29/Aug/2023:11:29:04 +0800] "GET /xingrg/all/function/internal_message.html?_=1693279744973&CODE_STATE=getMsg HTTP/1.1" 200 27
114.95.241.104 - - [29/Aug/2023:11:29:07 +0800] "POST /xingrg/services/DataTransmitService HTTP/1.1" 200 524
114.83.217.95 - - [29/Aug/2023:11:29:08 +0800] "GET /xingrg/all/function/internal_message.html?_=1693279748331&CODE_STATE=getMsg HTTP/1.1" 200 27
114.95.241.104 - - [29/Aug/2023:11:29:09 +0800] "POST /xingrg/services/DataTransmitService HTTP/1.1" 200 2079
114.95.241.104 - - [29/Aug/2023:11:29:10 +0800] "POST /xingrg/services/DataTransmitService HTTP/1.1" 200 126819
180.165.48.189 - - [29/Aug/2023:11:29:14 +0800] "GET /xingrg/all/function/internal_message.html?_=1693279753116&CODE_STATE=getMsg HTTP/1.1" 200 27
180.165.48.189 - - [29/Aug/2023:11:29:14 +0800] "GET /xingrg/check_reg.html?_=1693279753120 HTTP/1.1" 200 22
222.70.180.200 - - [29/Aug/2023:11:29:20 +0800] "GET /xingrg/all/function/internal_message.html?_=1693279782010&CODE_STATE=getMsg HTTP/1.1" 200 27
116.232.195.127 - - [29/Aug/2023:11:29:33 +0800] "GET /xingrg/all/function/internal_message.html?_=1693279681786&CODE_STATE=getMsg HTTP/1.1" 200 27
222.70.180.200 - - [29/Aug/2023:11:29:35 +0800] "GET /xingrg/all/function/internal_message.html?_=1693279774898&CODE_STATE=getMsg HTTP/1.1" 200 27
180.169.147.146 - - [29/Aug/2023:11:29:35 +0800] "GET /xingrg/check_reg.html?_=1693279776870 HTTP/1.1" 200 22
180.169.147.146 - - [29/Aug/2023:11:29:35 +0800] "GET /xingrg/all/function/internal_message.html?_=1693279776872&CODE_STATE=getMsg HTTP/1.1" 200 27
180.169.147.146 - - [29/Aug/2023:11:29:41 +0800] "GET /xingrg/check_reg.html?_=1693279882093 HTTP/1.1" 302 -
218.81.217.31 - - [29/Aug/2023:11:29:41 +0800] "GET /xingrg/all/function/internal_message.html?_=1693279787687&CODE_STATE=getMsg HTTP/1.1" 200 27
101.228.187.155 - - [29/Aug/2023:11:29:45 +0800] "GET /xingrg/all/function/internal_message.html?_=1693279784020&CODE_STATE=getMsg HTTP/1.1" 200 27
101.83.145.37 - - [29/Aug/2023:11:29:48 +0800] "GET /xingrg/all/function/internal_message.html?_=1693279790110&CODE_STATE=getMsg HTTP/1.1" 200 27
222.70.180.200 - - [29/Aug/2023:11:29:48 +0800] "GET /xingrg/check_reg.html?_=1693279789322 HTTP/1.1" 302 -
222.70.180.200 - - [29/Aug/2023:11:29:48 +0800] "GET /xingrg/all/function/internal_message.html?_=1693279789324&CODE_STATE=getMsg HTTP/1.1" 302 -
116.235.94.33 - - [29/Aug/2023:11:29:49 +0800] "GET /xingrg/all/function/internal_message.html?_=1693280082681&CODE_STATE=getMsg HTTP/1.1" 200 27
116.228.172.122 - - [29/Aug/2023:11:29:52 +0800] "GET /xingrg/all/function/internal_message.html?_=1693279560951&CODE_STATE=getMsg HTTP/1.1" 200 27
218.81.66.95 - - [29/Aug/2023:11:29:55 +0800] "GET /xingrg/all/function/internal_message.html?_=1693279793750&CODE_STATE=getMsg HTTP/1.1" 200 27
222.67.237.86 - - [29/Aug/2023:11:29:57 +0800] "GET /xingrg/all/function/internal_message.html?_=1693279241607&CODE_STATE=getMsg HTTP/1.1" 200 27
114.95.241.104 - - [29/Aug/2023:11:29:57 +0800] "GET /xingrg/all/function/internal_message.html?_=1693279697184&CODE_STATE=getMsg HTTP/1.1" 200 27
116.235.94.33 - - [29/Aug/2023:11:30:01 +0800] "GET /xingrg/check_reg.html?_=1693279794011 HTTP/1.1" 302 -
116.235.94.33 - - [29/Aug/2023:11:30:01 +0800] "GET /xingrg/all/function/internal_message.html?_=1693279794010&CODE_STATE=getMsg HTTP/1.1" 302 -
58.40.7.146 - - [29/Aug/2023:11:30:04 +0800] "GET /xingrg/check_reg.html?_=1693279804962 HTTP/1.1" 200 22
58.40.7.146 - - [29/Aug/2023:11:30:04 +0800] "GET /xingrg/all/function/internal_message.html?_=1693279804962&CODE_STATE=getMsg HTTP/1.1" 200 27
180.165.48.189 - - [29/Aug/2023:11:30:14 +0800] "GET /xingrg/all/function/internal_message.html?_=1693279813115&CODE_STATE=getMsg HTTP/1.1" 200 27
222.70.180.200 - - [29/Aug/2023:11:30:20 +0800] "GET /xingrg/all/function/internal_message.html?_=1693279841994&CODE_STATE=getMsg HTTP/1.1" 200 27
116.232.195.127 - - [29/Aug/2023:11:30:33 +0800] "GET /xingrg/check_reg.html?_=1693279741758 HTTP/1.1" 200 22
116.232.195.127 - - [29/Aug/2023:11:30:33 +0800] "GET /xingrg/all/function/internal_message.html?_=1693279741763&CODE_STATE=getMsg HTTP/1.1" 200 27
222.70.180.200 - - [29/Aug/2023:11:30:35 +0800] "GET /xingrg/all/function/internal_message.html?_=1693279834902&CODE_STATE=getMsg HTTP/1.1" 200 27
222.70.180.200 - - [29/Aug/2023:11:30:35 +0800] "GET /xingrg/check_reg.html?_=1693279834907 HTTP/1.1" 200 22
180.169.147.146 - - [29/Aug/2023:11:30:35 +0800] "GET /xingrg/all/function/internal_message.html?_=1693279836869&CODE_STATE=getMsg HTTP/1.1" 200 27
218.81.217.31 - - [29/Aug/2023:11:30:41 +0800] "GET /xingrg/all/function/internal_message.html?_=1693279847698&CODE_STATE=getMsg HTTP/1.1" 200 27
101.228.187.155 - - [29/Aug/2023:11:30:45 +0800] "GET /xingrg/all/function/internal_message.html?_=1693279844019&CODE_STATE=getMsg HTTP/1.1" 200 27
101.83.145.37 - - [29/Aug/2023:11:30:48 +0800] "GET /xingrg/all/function/internal_message.html?_=1693279850109&CODE_STATE=getMsg HTTP/1.1" 200 27
222.70.180.200 - - [29/Aug/2023:11:30:48 +0800] "GET /xingrg/all/function/internal_message.html?_=1693279849324&CODE_STATE=getMsg HTTP/1.1" 302 -
116.235.94.33 - - [29/Aug/2023:11:30:49 +0800] "GET /xingrg/all/function/internal_message.html?_=1693280142680&CODE_STATE=getMsg HTTP/1.1" 200 27
116.235.94.33 - - [29/Aug/2023:11:30:49 +0800] "GET /xingrg/check_reg.html?_=1693280142681 HTTP/1.1" 200 22
116.228.172.122 - - [29/Aug/2023:11:30:52 +0800] "GET /xingrg/check_reg.html?_=1693279620953 HTTP/1.1" 200 22
116.228.172.122 - - [29/Aug/2023:11:30:52 +0800] "GET /xingrg/all/function/internal_message.html?_=1693279620957&CODE_STATE=getMsg HTTP/1.1" 200 27
