101.83.145.37 - - [29/Aug/2023:09:04:43 +0800] "GET /xingrg/kc/buy/cgsh_order_operate.html?command=get_materiel&rest_code=00105&code=00101003025&supplier_code=00100397&order_time=2023-08-29 HTTP/1.1" 200 409
124.78.155.92 - - [29/Aug/2023:09:04:47 +0800] "GET /xingrg/javascript/jquery_easy_ui/themes/icons/rest.png HTTP/1.1" 304 -
124.78.155.92 - - [29/Aug/2023:09:04:47 +0800] "GET /xingrg/javascript/jquery_easy_ui/themes/icons/area.png HTTP/1.1" 304 -
114.95.241.104 - - [29/Aug/2023:09:04:49 +0800] "GET /xingrg/all/function/internal_message.html?_=1693270988880&CODE_STATE=getMsg HTTP/1.1" 200 27
124.78.155.92 - - [29/Aug/2023:09:04:49 +0800] "GET /xingrg/kc/buy/cgsh_order_add.html HTTP/1.1" 200 72029
124.78.155.92 - - [29/Aug/2023:09:04:49 +0800] "POST /xingrg/kc/buy/cgsh_order_operate.html HTTP/1.1" 200 8245
124.78.155.92 - - [29/Aug/2023:09:04:50 +0800] "GET /xingrg/javascript/easyui/themes/default/validatebox.css HTTP/1.1" 404 1104
180.169.147.146 - - [29/Aug/2023:09:04:50 +0800] "POST /xingrg/all/report/report_print.html HTTP/1.1" 200 305972
124.78.155.92 - - [29/Aug/2023:09:04:51 +0800] "GET /xingrg/javascript/easyui/themes/default/tree.css HTTP/1.1" 404 1090
124.78.155.92 - - [29/Aug/2023:09:04:52 +0800] "POST /xingrg/all/common/load_tree.html?tree=supplier_tree_json&isDelete=1 HTTP/1.1" 200 75253
180.163.29.212 - - [29/Aug/2023:09:04:58 +0800] "GET /xingrg/index.html?sysBaseUrl=http://180.169.147.146:18081/xingrg/&costTime=39×tamp=1592034574635 HTTP/1.1" 302 -
180.163.29.212 - - [29/Aug/2023:09:04:58 +0800] "GET /xingrg/login.html HTTP/1.1" 200 7641
116.235.94.33 - - [29/Aug/2023:09:04:59 +0800] "GET /xingrg/all/function/internal_message.html?_=1693271092530&CODE_STATE=getMsg HTTP/1.1" 200 27
180.163.28.109 - - [29/Aug/2023:09:05:03 +0800] "GET /xingrg/check_reg.html?_=1693271043275 HTTP/1.1" 302 -
180.163.29.206 - - [29/Aug/2023:09:05:03 +0800] "GET /xingrg/all/function/internal_message.html?_=1693271043274&CODE_STATE=count HTTP/1.1" 302 -
180.163.29.206 - - [29/Aug/2023:09:05:03 +0800] "GET /xingrg/login.html HTTP/1.1" 200 7641
180.169.147.146 - - [29/Aug/2023:09:05:03 +0800] "GET /xingrg/all/function/internal_message.html?_=1693271103298&CODE_STATE=getMsg HTTP/1.1" 200 27
180.163.28.109 - - [29/Aug/2023:09:05:03 +0800] "GET /xingrg/login.html HTTP/1.1" 200 7641
58.40.7.146 - - [29/Aug/2023:09:05:04 +0800] "GET /xingrg/all/function/internal_message.html?_=1693271104916&CODE_STATE=getMsg HTTP/1.1" 200 27
58.40.7.146 - - [29/Aug/2023:09:05:04 +0800] "GET /xingrg/check_reg.html?_=1693271104917 HTTP/1.1" 200 22
114.83.217.95 - - [29/Aug/2023:09:05:08 +0800] "GET /xingrg/all/function/internal_message.html?_=1693271108107&CODE_STATE=getMsg HTTP/1.1" 200 27
101.83.145.37 - - [29/Aug/2023:09:05:10 +0800] "POST /xingrg/kc/buy/cgsh_order_operate.html HTTP/1.1" 200 37
180.163.29.103 - - [29/Aug/2023:09:05:16 +0800] "GET /xingrg/all/report/report_query.html?fileName=kc/pszx/ps_report_mdps_hz_report.xml HTTP/1.1" 302 -
180.163.29.103 - - [29/Aug/2023:09:05:16 +0800] "GET /xingrg/login.html HTTP/1.1" 200 7641
218.81.217.31 - - [29/Aug/2023:09:05:17 +0800] "POST /xingrg/login.do HTTP/1.1" 302 -
218.81.217.31 - - [29/Aug/2023:09:05:18 +0800] "GET /xingrg/index.html?sysBaseUrl=http%3A%2F%2F180.169.147.146%3A18081%2Fxingrg%2F&costTime=904×tamp=1693271117965 HTTP/1.1" 200 17179
218.81.217.31 - - [29/Aug/2023:09:05:18 +0800] "GET /xingrg/javascript/jquery_easy_ui/themes/icon.css HTTP/1.1" 304 -
218.81.217.31 - - [29/Aug/2023:09:05:18 +0800] "GET /xingrg/javascript/jquery_easy_ui/jquery.easyui.min.js HTTP/1.1" 304 -
218.81.217.31 - - [29/Aug/2023:09:05:18 +0800] "GET /xingrg/javascript/jquery_easy_ui/easyui-lang-zh_CN.js HTTP/1.1" 304 -
218.81.217.31 - - [29/Aug/2023:09:05:18 +0800] "GET /xingrg/javascript/jquery-1.4.2.min.js HTTP/1.1" 304 -
218.81.217.31 - - [29/Aug/2023:09:05:18 +0800] "GET /xingrg/javascript/jquery.form.js HTTP/1.1" 304 -
218.81.217.31 - - [29/Aug/2023:09:05:18 +0800] "GET /xingrg/javascript/jquery.utils.js HTTP/1.1" 304 -
218.81.217.31 - - [29/Aug/2023:09:05:18 +0800] "GET /xingrg/javascript/jquery.timers.js HTTP/1.1" 304 -
218.81.217.31 - - [29/Aug/2023:09:05:18 +0800] "GET /xingrg/javascript/jquery_easy_ui/themes/default/easyui.css HTTP/1.1" 304 -
218.81.217.31 - - [29/Aug/2023:09:05:18 +0800] "GET /xingrg/css/form.css HTTP/1.1" 304 -
218.81.217.31 - - [29/Aug/2023:09:05:18 +0800] "GET /favicon.ico HTTP/1.1" 404 -
218.81.217.31 - - [29/Aug/2023:09:05:18 +0800] "GET /xingrg/images/blue/navBackgound.jpg HTTP/1.1" 304 -
218.81.217.31 - - [29/Aug/2023:09:05:18 +0800] "GET /xingrg/javascript/jquery_easy_ui/themes/icons/settle_new.png HTTP/1.1" 304 -
218.81.217.31 - - [29/Aug/2023:09:05:18 +0800] "GET /xingrg/images/blue/pingpu.png HTTP/1.1" 304 -
218.81.217.31 - - [29/Aug/2023:09:05:18 +0800] "GET /xingrg/javascript/jquery_easy_ui/themes/default/images/tabs_leftarrow.png HTTP/1.1" 304 -
218.81.217.31 - - [29/Aug/2023:09:05:18 +0800] "GET /xingrg/javascript/jquery_easy_ui/themes/default/images/tabs_rightarrow.png HTTP/1.1" 304 -
218.81.217.31 - - [29/Aug/2023:09:05:18 +0800] "GET /xingrg/javascript/jquery_easy_ui/themes/default/images/panel_tool_collapse.gif HTTP/1.1" 304 -
218.81.217.31 - - [29/Aug/2023:09:05:18 +0800] "GET /xingrg/check_reg.html?_=1693271123653 HTTP/1.1" 200 22
218.81.217.31 - - [29/Aug/2023:09:05:18 +0800] "GET /xingrg/all/function/internal_message.html?_=1693271123652&CODE_STATE=count HTTP/1.1" 200 11
218.81.217.31 - - [29/Aug/2023:09:05:18 +0800] "POST /xingrg/all/common/load_tree.html?tree=area_rest_tree_json&manage=1 HTTP/1.1" 200 479
218.81.217.31 - - [29/Aug/2023:09:05:18 +0800] "GET /xingrg/javascript/jquery_easy_ui/themes/default/images/tree_arrows.gif HTTP/1.1" 304 -
218.81.217.31 - - [29/Aug/2023:09:05:18 +0800] "POST /xingrg/load_menu.html HTTP/1.1" 200 5138
218.81.217.31 - - [29/Aug/2023:09:05:18 +0800] "GET /xingrg/javascript/jquery_easy_ui/themes/icons/search_new.png HTTP/1.1" 304 -
218.81.217.31 - - [29/Aug/2023:09:05:18 +0800] "GET /xingrg/javascript/jquery_easy_ui/themes/icons/forms_new.png HTTP/1.1" 304 -
218.81.217.31 - - [29/Aug/2023:09:05:18 +0800] "GET /xingrg/javascript/jquery_easy_ui/themes/default/images/tree_folder.gif HTTP/1.1" 304 -
218.81.217.31 - - [29/Aug/2023:09:05:18 +0800] "GET /xingrg/javascript/jquery_easy_ui/themes/default/images/tree_file.gif HTTP/1.1" 304 -
218.81.217.31 - - [29/Aug/2023:09:05:18 +0800] "GET /xingrg/javascript/jquery_easy_ui/themes/default/images/tree_folder_open.gif HTTP/1.1" 304 -
218.81.217.31 - - [29/Aug/2023:09:05:18 +0800] "GET /xingrg/javascript/jquery_easy_ui/themes/icons/storage_new.png HTTP/1.1" 304 -
218.81.217.31 - - [29/Aug/2023:09:05:20 +0800] "GET /xingrg/kc/buy/buy_main.html HTTP/1.1" 200 12412
218.81.217.31 - - [29/Aug/2023:09:05:20 +0800] "GET /xingrg/javascript/jquery_easy_ui/themes/default/images/tabs_close.gif HTTP/1.1" 304 -
218.81.217.31 - - [29/Aug/2023:09:05:20 +0800] "GET /xingrg/css/blue.css HTTP/1.1" 304 -
218.81.217.31 - - [29/Aug/2023:09:05:20 +0800] "GET /xingrg/css/new_ie.css HTTP/1.1" 404 1036
218.81.217.31 - - [29/Aug/2023:09:05:20 +0800] "GET /xingrg/javascript/jquery_ui/themes/humanity/humanity.css HTTP/1.1" 304 -
218.81.217.31 - - [29/Aug/2023:09:05:20 +0800] "GET /xingrg/javascript/pic_change.js HTTP/1.1" 304 -
218.81.217.31 - - [29/Aug/2023:09:05:20 +0800] "GET /xingrg/javascript/myfunction.js HTTP/1.1" 304 -
218.81.217.31 - - [29/Aug/2023:09:05:20 +0800] "GET /xingrg/javascript/ToolTips.js HTTP/1.1" 304 -
218.81.217.31 - - [29/Aug/2023:09:05:20 +0800] "GET /xingrg/javascript/jquery_ui/jquery-ui.min.js HTTP/1.1" 304 -
218.81.217.31 - - [29/Aug/2023:09:05:20 +0800] "GET /xingrg/images/blue/button/cgxqd.gif HTTP/1.1" 304 -
218.81.217.31 - - [29/Aug/2023:09:05:20 +0800] "GET /xingrg/images/blue/button/cgydd.gif HTTP/1.1" 304 -
218.81.217.31 - - [29/Aug/2023:09:05:20 +0800] "GET /xingrg/images/blue/button/cgshd.gif HTTP/1.1" 304 -
218.81.217.31 - - [29/Aug/2023:09:05:20 +0800] "GET /xingrg/images/blue/button/kc.gif HTTP/1.1" 304 -
218.81.217.31 - - [29/Aug/2023:09:05:20 +0800] "GET /xingrg/images/blue/button/cgfkd.gif HTTP/1.1" 304 -
218.81.217.31 - - [29/Aug/2023:09:05:20 +0800] "GET /xingrg/images/blue/pic_form2.gif HTTP/1.1" 304 -
218.81.217.31 - - [29/Aug/2023:09:05:20 +0800] "GET /xingrg/images/blue/button/ckthd.gif HTTP/1.1" 304 -
218.81.217.31 - - [29/Aug/2023:09:05:20 +0800] "GET /xingrg/javascript/jquery_ui/themes/humanity/images/ui-bg_inset-soft_100_f4f0ec_1x100.png HTTP/1.1" 304 -
218.81.217.31 - - [29/Aug/2023:09:05:20 +0800] "GET /xingrg/images/blue/bg_dotted.jpg HTTP/1.1" 304 -
218.81.217.31 - - [29/Aug/2023:09:05:20 +0800] "GET /xingrg/images/blue/button/right_ah.jpg HTTP/1.1" 304 -
218.81.217.31 - - [29/Aug/2023:09:05:20 +0800] "GET /xingrg/images/blue/button/down_ah.jpg HTTP/1.1" 304 -
218.81.217.31 - - [29/Aug/2023:09:05:20 +0800] "GET /xingrg/javascript/jquery_ui/themes/humanity/images/ui-iconsnew.jpg HTTP/1.1" 304 -
218.81.217.31 - - [29/Aug/2023:09:05:20 +0800] "GET /xingrg/javascript/jquery_ui/themes/humanity/images/ui-icons_ffffff_256x240.png HTTP/1.1" 304 -
218.81.217.31 - - [29/Aug/2023:09:05:20 +0800] "GET /xingrg/javascript/jquery_ui/themes/humanity/images/ui-icons_c47a23_256x240.png HTTP/1.1" 304 -
218.81.217.31 - - [29/Aug/2023:09:05:20 +0800] "GET /xingrg/javascript/jquery_ui/themes/humanity/images/ui-bg_glass_70_ede4d4_1x400.png HTTP/1.1" 304 -
124.78.155.92 - - [29/Aug/2023:09:05:20 +0800] "GET /xingrg/all/function/internal_message.html?_=1693271120592&CODE_STATE=getMsg HTTP/1.1" 200 27
218.81.217.31 - - [29/Aug/2023:09:05:20 +0800] "GET /xingrg/images/yd/bt.gif HTTP/1.1" 404 1040
218.81.217.31 - - [29/Aug/2023:09:05:22 +0800] "GET /xingrg/kc/buy/cgsh_order_list.html HTTP/1.1" 200 56259
218.81.217.31 - - [29/Aug/2023:09:05:22 +0800] "GET /xingrg/css/site.css HTTP/1.1" 304 -
218.81.217.31 - - [29/Aug/2023:09:05:22 +0800] "GET /xingrg/javascript/jquery_tools/datebox.css HTTP/1.1" 304 -
218.81.217.31 - - [29/Aug/2023:09:05:22 +0800] "GET /xingrg/javascript/auto/jquery.autocomplete.css HTTP/1.1" 304 -
218.81.217.31 - - [29/Aug/2023:09:05:22 +0800] "GET /xingrg/javascript/easyui/themes/icon.css HTTP/1.1" 304 -
218.81.217.31 - - [29/Aug/2023:09:05:22 +0800] "GET /xingrg/javascript/easyui/themes/default/easyui.css HTTP/1.1" 304 -
218.81.217.31 - - [29/Aug/2023:09:05:22 +0800] "GET /xingrg/javascript/jquery_tools/fix.css HTTP/1.1" 304 -
218.81.217.31 - - [29/Aug/2023:09:05:22 +0800] "GET /xingrg/javascript/jquery_tools/table.css HTTP/1.1" 304 -
218.81.217.31 - - [29/Aug/2023:09:05:22 +0800] "GET /xingrg/javascript/jquery_tools/jquery.tools.hotkey.js HTTP/1.1" 304 -
218.81.217.31 - - [29/Aug/2023:09:05:22 +0800] "GET /xingrg/javascript/jquery_tools/jquery.tools.table.js HTTP/1.1" 304 -
218.81.217.31 - - [29/Aug/2023:09:05:22 +0800] "GET /xingrg/javascript/jquery_tools/jquery.tools.min.js HTTP/1.1" 304 -
218.81.217.31 - - [29/Aug/2023:09:05:22 +0800] "GET /xingrg/javascript/jquery_tools/list_manager.js HTTP/1.1" 304 -
218.81.217.31 - - [29/Aug/2023:09:05:22 +0800] "GET /xingrg/javascript/auto/jquery.autocomplete.js HTTP/1.1" 304 -
218.81.217.31 - - [29/Aug/2023:09:05:22 +0800] "GET /xingrg/javascript/jquery_tools/jquery.tools.extend.js HTTP/1.1" 304 -
218.81.217.31 - - [29/Aug/2023:09:05:22 +0800] "GET /xingrg/javascript/easyui/easyloader.js HTTP/1.1" 304 -
218.81.217.31 - - [29/Aug/2023:09:05:22 +0800] "GET /xingrg/javascript/jquery.cookie.js HTTP/1.1" 304 -
218.81.217.31 - - [29/Aug/2023:09:05:22 +0800] "GET /xingrg/css/base.css HTTP/1.1" 304 -
218.81.217.31 - - [29/Aug/2023:09:05:22 +0800] "GET /xingrg/javascript/print/LodopFuncs.js HTTP/1.1" 304 -
218.81.217.31 - - [29/Aug/2023:09:05:22 +0800] "GET /xingrg/javascript/easyui/themes/icons/edit_add_new.png HTTP/1.1" 304 -
218.81.217.31 - - [29/Aug/2023:09:05:22 +0800] "GET /xingrg/javascript/easyui/themes/icons/cance_new.png HTTP/1.1" 304 -
218.81.217.31 - - [29/Aug/2023:09:05:22 +0800] "GET /xingrg/javascript/easyui/themes/icons/check_new.png HTTP/1.1" 304 -
218.81.217.31 - - [29/Aug/2023:09:05:22 +0800] "GET /xingrg/javascript/easyui/themes/icons/field_new.png HTTP/1.1" 304 -
218.81.217.31 - - [29/Aug/2023:09:05:22 +0800] "GET /xingrg/javascript/easyui/themes/icons/import_new.png HTTP/1.1" 304 -
218.81.217.31 - - [29/Aug/2023:09:05:22 +0800] "GET /xingrg/javascript/easyui/plugins/jquery.parser.js HTTP/1.1" 304 -
218.81.217.31 - - [29/Aug/2023:09:05:22 +0800] "GET /xingrg/images/control/ajaxLoader.gif HTTP/1.1" 304 -
218.81.217.31 - - [29/Aug/2023:09:05:22 +0800] "GET /xingrg/javascript/jquery_easy_ui/themes/icons/area.png HTTP/1.1" 304 -
218.81.217.31 - - [29/Aug/2023:09:05:22 +0800] "GET /xingrg/javascript/jquery_easy_ui/themes/icons/rest.png HTTP/1.1" 304 -
218.81.217.31 - - [29/Aug/2023:09:05:24 +0800] "POST /xingrg/kc/buy/cgsh_list_operate.html HTTP/1.1" 200 986
180.152.241.196 - - [29/Aug/2023:09:05:27 +0800] "GET /xingrg/all/function/internal_message.html?_=1693271128505&CODE_STATE=getMsg HTTP/1.1" 302 -
101.83.145.37 - - [29/Aug/2023:09:05:29 +0800] "GET /xingrg/all/function/internal_message.html?_=1693271130877&CODE_STATE=getMsg HTTP/1.1" 200 27
101.83.145.37 - - [29/Aug/2023:09:05:29 +0800] "POST /xingrg/kc/buy/cgsh_order_operate.html HTTP/1.1" 200 2652
180.163.28.143 - - [29/Aug/2023:09:05:31 +0800] "GET /xingrg/servlets/image?cache=0.7978619210764942&image=px HTTP/1.1" 200 807
120.253.135.82 - - [29/Aug/2023:09:05:33 +0800] "GET /xingrg/all/function/internal_message.html?_=1693270940973&CODE_STATE=getMsg HTTP/1.1" 200 27
124.78.155.92 - - [29/Aug/2023:09:05:38 +0800] "GET /xingrg/javascript/auto/indicator.gif HTTP/1.1" 404 1066
101.83.145.37 - - [29/Aug/2023:09:05:40 +0800] "GET /xingrg/kc/print/load_data.html?order_code=212023082911784&kc_code=cgsh&condition= HTTP/1.1" 200 655
116.232.195.127 - - [29/Aug/2023:09:05:40 +0800] "GET /xingrg/all/function/internal_message.html?_=1693271048588&CODE_STATE=getMsg HTTP/1.1" 200 27
120.253.135.82 - - [29/Aug/2023:09:05:44 +0800] "GET /xingrg/kc/pszx/mdps_order_list.html?orderType=0 HTTP/1.1" 200 21108
120.253.135.82 - - [29/Aug/2023:09:05:44 +0800] "POST /xingrg/kc/pszx/mdps_list_operate.html HTTP/1.1" 200 5273
114.83.217.95 - - [29/Aug/2023:09:05:45 +0800] "GET /xingrg/kc/buy/cgsh_order_operate.html?command=get_materiel&rest_code=00149&code=00101008072&supplier_code=00100008&order_time=2023-08-29 HTTP/1.1" 200 409
124.78.155.92 - - [29/Aug/2023:09:05:48 +0800] "GET /xingrg/kc/buy/cgsh_order_operate.html?command=get_materiel&rest_code=00106&code=00101008091&supplier_code=00100007&order_time=2023-08-29 HTTP/1.1" 200 413
114.95.241.104 - - [29/Aug/2023:09:05:49 +0800] "GET /xingrg/all/function/internal_message.html?_=1693271048894&CODE_STATE=getMsg HTTP/1.1" 200 27
120.253.135.82 - - [29/Aug/2023:09:05:54 +0800] "POST /xingrg/kc/pszx/mdps_list_operate.html HTTP/1.1" 200 3204
218.81.217.31 - - [29/Aug/2023:09:05:57 +0800] "GET /xingrg/javascript/easyui/themes/default/images/button_plain_hover.png HTTP/1.1" 304 -
218.81.217.31 - - [29/Aug/2023:09:05:57 +0800] "GET /xingrg/javascript/easyui/themes/default/images/button_plain_hover.png HTTP/1.1" 304 -
114.83.217.95 - - [29/Aug/2023:09:05:58 +0800] "GET /xingrg/kc/buy/cgsh_order_operate.html?command=get_materiel&rest_code=00149&code=00101008219&supplier_code=00100008&order_time=2023-08-29 HTTP/1.1" 200 414
218.81.217.31 - - [29/Aug/2023:09:05:59 +0800] "GET /xingrg/kc/buy/cgsh_order_add.html HTTP/1.1" 200 72035
218.81.217.31 - - [29/Aug/2023:09:05:59 +0800] "GET /xingrg/javascript/jquery_tools/order_manager.js HTTP/1.1" 304 -
218.81.217.31 - - [29/Aug/2023:09:05:59 +0800] "GET /xingrg/javascript/convert.js HTTP/1.1" 304 -
218.81.217.31 - - [29/Aug/2023:09:05:59 +0800] "GET /xingrg/javascript/json2.js HTTP/1.1" 304 -
218.81.217.31 - - [29/Aug/2023:09:05:59 +0800] "GET /xingrg/javascript/print/kc_print.js HTTP/1.1" 304 -
218.81.217.31 - - [29/Aug/2023:09:05:59 +0800] "GET /xingrg/words/20230828091756_words.js HTTP/1.1" 304 -
218.81.217.31 - - [29/Aug/2023:09:05:59 +0800] "GET /xingrg/javascript/easyui/themes/default/images/menu_downarrow.png HTTP/1.1" 304 -
218.81.217.31 - - [29/Aug/2023:09:05:59 +0800] "GET /xingrg/javascript/easyui/themes/icons/template_new.png HTTP/1.1" 304 -
218.81.217.31 - - [29/Aug/2023:09:05:59 +0800] "GET /xingrg/javascript/easyui/themes/icons/copy_new.png HTTP/1.1" 304 -
218.81.217.31 - - [29/Aug/2023:09:05:59 +0800] "GET /xingrg/javascript/easyui/themes/icons/ok.png HTTP/1.1" 304 -
218.81.217.31 - - [29/Aug/2023:09:05:59 +0800] "GET /xingrg/javascript/easyui/themes/icons/cancel.png HTTP/1.1" 304 -
218.81.217.31 - - [29/Aug/2023:09:05:59 +0800] "GET /xingrg/javascript/easyui/themes/icons/print.png HTTP/1.1" 304 -
218.81.217.31 - - [29/Aug/2023:09:05:59 +0800] "POST /xingrg/kc/buy/cgsh_order_operate.html HTTP/1.1" 200 8245
218.81.217.31 - - [29/Aug/2023:09:05:59 +0800] "GET /xingrg/javascript/easyui/themes/icons/edit_remove.png HTTP/1.1" 304 -
218.81.217.31 - - [29/Aug/2023:09:05:59 +0800] "GET /xingrg/javascript/easyui/themes/default/validatebox.css HTTP/1.1" 404 1104
218.81.217.31 - - [29/Aug/2023:09:05:59 +0800] "GET /xingrg/javascript/easyui/plugins/jquery.validatebox.js HTTP/1.1" 304 -
116.235.94.33 - - [29/Aug/2023:09:05:59 +0800] "GET /xingrg/all/function/internal_message.html?_=1693271152505&CODE_STATE=getMsg HTTP/1.1" 200 27
218.81.217.31 - - [29/Aug/2023:09:05:59 +0800] "GET /xingrg/javascript/easyui/plugins/jquery.numberbox.js HTTP/1.1" 304 -
218.81.217.31 - - [29/Aug/2023:09:05:59 +0800] "GET /xingrg/all/common/auto_word.html?type=employee&rest_code=00146 HTTP/1.1" 200 101
218.81.217.31 - - [29/Aug/2023:09:05:59 +0800] "GET /xingrg/all/common/auto_word.html?type=employee&rest_code=00146 HTTP/1.1" 200 101
120.253.135.82 - - [29/Aug/2023:09:06:01 +0800] "POST /xingrg/kc/pszx/mdps_list_operate.html HTTP/1.1" 200 622
120.253.135.82 - - [29/Aug/2023:09:06:02 +0800] "GET /xingrg/kc/pszx/mdps_order_info.html?code=312023082800685 HTTP/1.1" 200 23982
120.253.135.82 - - [29/Aug/2023:09:06:02 +0800] "GET /xingrg/javascript/easyui/themes/default/validatebox.css HTTP/1.1" 404 1104
218.81.217.31 - - [29/Aug/2023:09:06:03 +0800] "GET /xingrg/javascript/auto/indicator.gif HTTP/1.1" 404 1066
180.169.147.146 - - [29/Aug/2023:09:06:03 +0800] "GET /xingrg/all/function/internal_message.html?_=1693271163293&CODE_STATE=getMsg HTTP/1.1" 200 27
180.163.29.217 - - [29/Aug/2023:09:06:03 +0800] "GET /xingrg/all/function/internal_message.html?_=1693271103298&CODE_STATE=getMsg HTTP/1.1" 302 -
120.253.135.82 - - [29/Aug/2023:09:06:03 +0800] "POST /xingrg/kc/pszx/mdps_order_operate.html HTTP/1.1" 200 4835
180.163.29.217 - - [29/Aug/2023:09:06:03 +0800] "GET /xingrg/login.html HTTP/1.1" 200 7641
58.40.7.146 - - [29/Aug/2023:09:06:04 +0800] "GET /xingrg/all/function/internal_message.html?_=1693271164918&CODE_STATE=getMsg HTTP/1.1" 200 27
218.81.217.31 - - [29/Aug/2023:09:06:05 +0800] "GET /xingrg/javascript/jquery_tools/images/next.gif HTTP/1.1" 404 1086
218.81.217.31 - - [29/Aug/2023:09:06:05 +0800] "GET /xingrg/javascript/jquery_tools/images/prev.gif HTTP/1.1" 404 1086
114.83.217.95 - - [29/Aug/2023:09:06:08 +0800] "GET /xingrg/kc/buy/cgsh_order_operate.html?command=get_materiel&rest_code=00149&code=00101008331&supplier_code=00100008&order_time=2023-08-29 HTTP/1.1" 200 416
114.83.217.95 - - [29/Aug/2023:09:06:08 +0800] "GET /xingrg/check_reg.html?_=1693271168165 HTTP/1.1" 200 22
114.83.217.95 - - [29/Aug/2023:09:06:08 +0800] "GET /xingrg/all/function/internal_message.html?_=1693271168167&CODE_STATE=getMsg HTTP/1.1" 200 27
120.253.135.82 - - [29/Aug/2023:09:06:16 +0800] "POST /xingrg/kc/pszx/mdps_order_operate.html HTTP/1.1" 200 37
218.81.217.31 - - [29/Aug/2023:09:06:18 +0800] "GET /xingrg/all/function/internal_message.html?_=1693271183666&CODE_STATE=getMsg HTTP/1.1" 200 27
124.78.155.92 - - [29/Aug/2023:09:06:20 +0800] "GET /xingrg/all/function/internal_message.html?_=1693271180591&CODE_STATE=getMsg HTTP/1.1" 200 27
218.81.217.31 - - [29/Aug/2023:09:06:20 +0800] "GET /xingrg/kc/buy/cgsh_order_operate.html?command=get_materiel&rest_code=00146&code=00101008072&supplier_code=00100005&order_time=2023-08-29 HTTP/1.1" 200 408
120.253.135.82 - - [29/Aug/2023:09:06:22 +0800] "POST /xingrg/kc/pszx/mdps_order_operate.html HTTP/1.1" 200 12
120.253.135.82 - - [29/Aug/2023:09:06:24 +0800] "GET /xingrg/kc/pszx/mdps_order_info.html?code=312023082800685 HTTP/1.1" 200 19642
120.253.135.82 - - [29/Aug/2023:09:06:25 +0800] "GET /xingrg/javascript/easyui/themes/default/validatebox.css HTTP/1.1" 404 1104
120.253.135.82 - - [29/Aug/2023:09:06:25 +0800] "POST /xingrg/kc/pszx/mdps_order_operate.html HTTP/1.1" 200 3036
180.152.241.196 - - [29/Aug/2023:09:06:27 +0800] "GET /xingrg/all/function/internal_message.html?_=1693271188501&CODE_STATE=getMsg HTTP/1.1" 302 -
101.83.145.37 - - [29/Aug/2023:09:06:29 +0800] "GET /xingrg/all/function/internal_message.html?_=1693271190866&CODE_STATE=getMsg HTTP/1.1" 200 27
120.253.135.82 - - [29/Aug/2023:09:06:29 +0800] "POST /xingrg/kc/pszx/mdps_list_operate.html HTTP/1.1" 200 220
120.253.135.82 - - [29/Aug/2023:09:06:30 +0800] "GET /xingrg/kc/pszx/mdps_order_info.html?code=312023082800689 HTTP/1.1" 200 23984
120.253.135.82 - - [29/Aug/2023:09:06:31 +0800] "GET /xingrg/javascript/easyui/themes/default/validatebox.css HTTP/1.1" 404 1104
124.78.155.92 - - [29/Aug/2023:09:06:31 +0800] "GET /xingrg/kc/buy/cgsh_order_operate.html?command=get_materiel&rest_code=00106&code=00101008256&supplier_code=00100007&order_time=2023-08-29 HTTP/1.1" 200 413
120.253.135.82 - - [29/Aug/2023:09:06:31 +0800] "POST /xingrg/kc/pszx/mdps_order_operate.html HTTP/1.1" 200 2301
120.253.135.82 - - [29/Aug/2023:09:06:33 +0800] "GET /xingrg/all/function/internal_message.html?_=1693271000987&CODE_STATE=getMsg HTTP/1.1" 200 27
120.253.135.82 - - [29/Aug/2023:09:06:36 +0800] "POST /xingrg/kc/pszx/mdps_order_operate.html HTTP/1.1" 200 37
116.232.195.127 - - [29/Aug/2023:09:06:40 +0800] "GET /xingrg/all/function/internal_message.html?_=1693271108605&CODE_STATE=getMsg HTTP/1.1" 200 27
120.253.135.82 - - [29/Aug/2023:09:06:42 +0800] "POST /xingrg/kc/pszx/mdps_order_operate.html HTTP/1.1" 200 12
120.253.135.82 - - [29/Aug/2023:09:06:48 +0800] "GET /xingrg/kc/pszx/mdps_order_info.html?code=312023082800689 HTTP/1.1" 200 19644
114.95.241.104 - - [29/Aug/2023:09:06:49 +0800] "GET /xingrg/all/function/internal_message.html?_=1693271108936&CODE_STATE=getMsg HTTP/1.1" 200 27
120.253.135.82 - - [29/Aug/2023:09:06:49 +0800] "GET /xingrg/javascript/easyui/themes/default/validatebox.css HTTP/1.1" 404 1104
120.253.135.82 - - [29/Aug/2023:09:06:49 +0800] "POST /xingrg/kc/pszx/mdps_order_operate.html HTTP/1.1" 200 521
120.253.135.82 - - [29/Aug/2023:09:06:50 +0800] "POST /xingrg/kc/pszx/mdps_list_operate.html HTTP/1.1" 200 2444
114.83.217.95 - - [29/Aug/2023:09:06:51 +0800] "GET /xingrg/kc/buy/cgsh_order_operate.html?command=get_materiel&rest_code=00149&code=00101008185&supplier_code=00100008&order_time=2023-08-29 HTTP/1.1" 200 408
120.253.135.82 - - [29/Aug/2023:09:06:52 +0800] "POST /xingrg/kc/pszx/mdps_list_operate.html HTTP/1.1" 200 217
120.253.135.82 - - [29/Aug/2023:09:06:53 +0800] "GET /xingrg/kc/pszx/mdps_order_info.html?code=312023082800684 HTTP/1.1" 200 23976
120.253.135.82 - - [29/Aug/2023:09:06:53 +0800] "GET /xingrg/javascript/easyui/themes/default/validatebox.css HTTP/1.1" 404 1104
120.253.135.82 - - [29/Aug/2023:09:06:54 +0800] "POST /xingrg/kc/pszx/mdps_order_operate.html HTTP/1.1" 200 2301
180.169.147.146 - - [29/Aug/2023:09:06:54 +0800] "GET /xingrg/all/report/report_query.html?fileName=kc/buy/wlcg_mx.xml HTTP/1.1" 200 51648
180.169.147.146 - - [29/Aug/2023:09:06:54 +0800] "GET /xingrg/dwr/interface/AjaxReportQueryService.js HTTP/1.1" 200 13203
180.169.147.146 - - [29/Aug/2023:09:06:54 +0800] "GET /xingrg/dwr/engine.js HTTP/1.1" 200 43631
180.169.147.146 - - [29/Aug/2023:09:06:55 +0800] "POST /xingrg/dwr/call/plaincall/AjaxReportQueryService.getFixDate.dwr HTTP/1.1" 200 111
180.169.147.146 - - [29/Aug/2023:09:06:55 +0800] "POST /xingrg/dwr/call/plaincall/AjaxReportQueryService.getInitString.dwr HTTP/1.1" 200 35487
124.78.155.92 - - [29/Aug/2023:09:06:55 +0800] "GET /xingrg/kc/buy/cgsh_order_operate.html?command=get_materiel&rest_code=00106&code=00101008354&supplier_code=00100007&order_time=2023-08-29 HTTP/1.1" 200 412
180.169.147.146 - - [29/Aug/2023:09:06:56 +0800] "POST /xingrg/dwr/call/plaincall/AjaxReportQueryService.getInitString.dwr HTTP/1.1" 200 489
180.169.147.146 - - [29/Aug/2023:09:06:56 +0800] "POST /xingrg/dwr/call/plaincall/AjaxReportQueryService.getInitString.dwr HTTP/1.1" 200 125
180.169.147.146 - - [29/Aug/2023:09:06:57 +0800] "GET /xingrg/kc/report/report_main.html HTTP/1.1" 200 8599
120.253.135.82 - - [29/Aug/2023:09:06:57 +0800] "POST /xingrg/kc/pszx/mdps_order_operate.html HTTP/1.1" 200 37
116.235.94.33 - - [29/Aug/2023:09:06:59 +0800] "GET /xingrg/all/function/internal_message.html?_=1693271212507&CODE_STATE=getMsg HTTP/1.1" 200 27
218.81.217.31 - - [29/Aug/2023:09:07:00 +0800] "GET /xingrg/kc/buy/cgsh_order_operate.html?command=get_materiel&rest_code=00146&code=00101008155&supplier_code=00100005&order_time=2023-08-29 HTTP/1.1" 200 408
120.253.135.82 - - [29/Aug/2023:09:07:01 +0800] "POST /xingrg/kc/pszx/mdps_order_operate.html HTTP/1.1" 200 12
180.169.147.146 - - [29/Aug/2023:09:07:01 +0800] "GET /xingrg/all/report/report_query.html?fileName=kc/buy/wlcg_cate_hz.xml HTTP/1.1" 200 53941
180.169.147.146 - - [29/Aug/2023:09:07:01 +0800] "GET /xingrg/dwr/interface/AjaxReportQueryService.js HTTP/1.1" 200 13203
180.169.147.146 - - [29/Aug/2023:09:07:01 +0800] "GET /xingrg/dwr/engine.js HTTP/1.1" 200 43631
180.169.147.146 - - [29/Aug/2023:09:07:02 +0800] "POST /xingrg/dwr/call/plaincall/AjaxReportQueryService.getFixDate.dwr HTTP/1.1" 200 111
180.169.147.146 - - [29/Aug/2023:09:07:02 +0800] "POST /xingrg/all/common/load_tree.html?tree=base_tree_json HTTP/1.1" 200 1414
180.169.147.146 - - [29/Aug/2023:09:07:02 +0800] "POST /xingrg/all/common/load_tree.html?tree=materiel_sort_tree_json HTTP/1.1" 200 9500
180.169.147.146 - - [29/Aug/2023:09:07:02 +0800] "POST /xingrg/all/common/load_tree.html?tree=supplier_tree_json&manage=1 HTTP/1.1" 200 77421
180.169.147.146 - - [29/Aug/2023:09:07:04 +0800] "GET /xingrg/all/function/internal_message.html?_=1693271224696&CODE_STATE=getMsg HTTP/1.1" 200 27
58.40.7.146 - - [29/Aug/2023:09:07:04 +0800] "GET /xingrg/all/function/internal_message.html?_=1693271224923&CODE_STATE=getMsg HTTP/1.1" 200 27
120.253.135.82 - - [29/Aug/2023:09:07:05 +0800] "GET /xingrg/kc/pszx/mdps_order_info.html?code=312023082800684 HTTP/1.1" 200 19636
120.253.135.82 - - [29/Aug/2023:09:07:06 +0800] "GET /xingrg/javascript/easyui/themes/default/validatebox.css HTTP/1.1" 404 1104
120.253.135.82 - - [29/Aug/2023:09:07:06 +0800] "POST /xingrg/kc/pszx/mdps_order_operate.html HTTP/1.1" 200 522
114.83.217.95 - - [29/Aug/2023:09:07:08 +0800] "GET /xingrg/all/function/internal_message.html?_=1693271228143&CODE_STATE=getMsg HTTP/1.1" 200 27
120.253.135.82 - - [29/Aug/2023:09:07:09 +0800] "POST /xingrg/kc/pszx/mdps_list_operate.html HTTP/1.1" 200 2076
124.78.155.92 - - [29/Aug/2023:09:07:10 +0800] "GET /xingrg/kc/buy/cgsh_order_operate.html?command=get_materiel&rest_code=00106&code=00101008110&supplier_code=00100007&order_time=2023-08-29 HTTP/1.1" 200 408
120.253.135.82 - - [29/Aug/2023:09:07:12 +0800] "POST /xingrg/kc/pszx/mdps_list_operate.html HTTP/1.1" 200 654
120.253.135.82 - - [29/Aug/2023:09:07:13 +0800] "GET /xingrg/kc/pszx/mdps_order_info.html?code=312023082800682 HTTP/1.1" 200 23982
120.253.135.82 - - [29/Aug/2023:09:07:13 +0800] "GET /xingrg/javascript/easyui/themes/default/validatebox.css HTTP/1.1" 404 1104
120.253.135.82 - - [29/Aug/2023:09:07:14 +0800] "POST /xingrg/kc/pszx/mdps_order_operate.html HTTP/1.1" 200 8488
180.165.48.189 - - [29/Aug/2023:09:07:16 +0800] "GET /favicon.ico HTTP/1.1" 404 -
218.81.217.31 - - [29/Aug/2023:09:07:18 +0800] "GET /xingrg/all/function/internal_message.html?_=1693271243681&CODE_STATE=getMsg HTTP/1.1" 200 27
218.81.217.31 - - [29/Aug/2023:09:07:19 +0800] "GET /xingrg/kc/buy/cgsh_order_operate.html?command=get_materiel&rest_code=00146&code=00101008049&supplier_code=00100005&order_time=2023-08-29 HTTP/1.1" 200 408
120.253.135.82 - - [29/Aug/2023:09:07:19 +0800] "POST /xingrg/kc/pszx/mdps_order_operate.html HTTP/1.1" 200 37
124.78.155.92 - - [29/Aug/2023:09:07:20 +0800] "GET /xingrg/all/function/internal_message.html?_=1693271240580&CODE_STATE=getMsg HTTP/1.1" 200 27
114.83.217.95 - - [29/Aug/2023:09:07:26 +0800] "GET /xingrg/kc/buy/cgsh_order_operate.html?command=get_materiel&rest_code=00149&code=00101008612&supplier_code=00100008&order_time=2023-08-29 HTTP/1.1" 200 420
120.253.135.82 - - [29/Aug/2023:09:07:26 +0800] "POST /xingrg/kc/pszx/mdps_order_operate.html HTTP/1.1" 200 12
180.152.241.196 - - [29/Aug/2023:09:07:27 +0800] "GET /xingrg/all/function/internal_message.html?_=1693271248489&CODE_STATE=getMsg HTTP/1.1" 302 -
180.152.241.196 - - [29/Aug/2023:09:07:27 +0800] "GET /xingrg/check_reg.html?_=1693271249296 HTTP/1.1" 302 -
124.78.155.92 - - [29/Aug/2023:09:07:28 +0800] "GET /xingrg/kc/buy/cgsh_order_operate.html?command=get_materiel&rest_code=00106&code=00101008096&supplier_code=00100007&order_time=2023-08-29 HTTP/1.1" 200 412
180.169.147.146 - - [29/Aug/2023:09:07:28 +0800] "POST /xingrg/dwr/call/plaincall/AjaxReportQueryService.refreshCache.dwr HTTP/1.1" 200 78
101.83.145.37 - - [29/Aug/2023:09:07:29 +0800] "GET /xingrg/all/function/internal_message.html?_=1693271250824&CODE_STATE=getMsg HTTP/1.1" 200 27
120.253.135.82 - - [29/Aug/2023:09:07:31 +0800] "GET /xingrg/kc/pszx/mdps_order_info.html?code=312023082800682 HTTP/1.1" 200 19642
120.253.135.82 - - [29/Aug/2023:09:07:32 +0800] "GET /xingrg/javascript/easyui/themes/default/validatebox.css HTTP/1.1" 404 1104
120.253.135.82 - - [29/Aug/2023:09:07:32 +0800] "POST /xingrg/kc/pszx/mdps_order_operate.html HTTP/1.1" 200 6637
120.253.135.82 - - [29/Aug/2023:09:07:33 +0800] "GET /xingrg/all/function/internal_message.html?_=1693271061000&CODE_STATE=getMsg HTTP/1.1" 200 27
180.169.147.146 - - [29/Aug/2023:09:07:35 +0800] "POST /xingrg/all/report/load_report_page.html HTTP/1.1" 200 8723
180.169.147.146 - - [29/Aug/2023:09:07:35 +0800] "GET /xingrg/servlets/image?cache=0.7079064519487085&image=px HTTP/1.1" 200 807
120.253.135.82 - - [29/Aug/2023:09:07:38 +0800] "POST /xingrg/kc/pszx/mdps_list_operate.html HTTP/1.1" 200 1696
120.253.135.82 - - [29/Aug/2023:09:07:40 +0800] "POST /xingrg/kc/pszx/mdps_list_operate.html HTTP/1.1" 200 547
116.232.195.127 - - [29/Aug/2023:09:07:40 +0800] "GET /xingrg/check_reg.html?_=1693271168602 HTTP/1.1" 200 22
116.232.195.127 - - [29/Aug/2023:09:07:40 +0800] "GET /xingrg/all/function/internal_message.html?_=1693271168603&CODE_STATE=getMsg HTTP/1.1" 200 27
114.83.217.95 - - [29/Aug/2023:09:07:41 +0800] "GET /xingrg/kc/buy/cgsh_order_operate.html?command=get_materiel&rest_code=00149&code=00101008038&supplier_code=00100008&order_time=2023-08-29 HTTP/1.1" 200 412
120.253.135.82 - - [29/Aug/2023:09:07:41 +0800] "GET /xingrg/kc/pszx/mdps_order_info.html?code=312023082800683 HTTP/1.1" 200 23982
180.169.147.146 - - [29/Aug/2023:09:07:41 +0800] "POST /xingrg/all/report/load_report_page.html HTTP/1.1" 200 117817
180.169.147.146 - - [29/Aug/2023:09:07:41 +0800] "GET /xingrg/servlets/image?cache=0.382774750666369&image=px HTTP/1.1" 200 807
120.253.135.82 - - [29/Aug/2023:09:07:41 +0800] "GET /xingrg/javascript/easyui/themes/default/validatebox.css HTTP/1.1" 404 1104
120.253.135.82 - - [29/Aug/2023:09:07:42 +0800] "POST /xingrg/kc/pszx/mdps_order_operate.html HTTP/1.1" 200 4324
124.78.155.92 - - [29/Aug/2023:09:07:42 +0800] "GET /xingrg/kc/buy/cgsh_order_operate.html?command=get_materiel&rest_code=00106&code=00101008361&supplier_code=00100007&order_time=2023-08-29 HTTP/1.1" 200 408
218.81.217.31 - - [29/Aug/2023:09:07:43 +0800] "GET /xingrg/kc/buy/cgsh_order_operate.html?command=get_materiel&rest_code=00146&code=00101008087&supplier_code=00100005&order_time=2023-08-29 HTTP/1.1" 200 412
120.253.135.82 - - [29/Aug/2023:09:07:48 +0800] "POST /xingrg/kc/pszx/mdps_order_operate.html HTTP/1.1" 200 37
114.95.241.104 - - [29/Aug/2023:09:07:49 +0800] "GET /xingrg/all/function/internal_message.html?_=1693271168952&CODE_STATE=getMsg HTTP/1.1" 200 27
180.169.147.146 - - [29/Aug/2023:09:07:50 +0800] "POST /xingrg/all/report/load_report_page.html HTTP/1.1" 200 117479
180.169.147.146 - - [29/Aug/2023:09:07:50 +0800] "GET /xingrg/servlets/image?cache=0.41840178842982456&image=px HTTP/1.1" 200 807
114.83.217.95 - - [29/Aug/2023:09:07:52 +0800] "GET /xingrg/kc/buy/cgsh_order_operate.html?command=get_materiel&rest_code=00149&code=00101008163&supplier_code=00100008&order_time=2023-08-29 HTTP/1.1" 200 409
120.253.135.82 - - [29/Aug/2023:09:07:53 +0800] "POST /xingrg/kc/pszx/mdps_order_operate.html HTTP/1.1" 200 12
180.163.29.219 - - [29/Aug/2023:09:07:54 +0800] "GET /xingrg/all/report/report_query.html?fileName=kc/buy/wlcg_mx.xml HTTP/1.1" 302 -
180.163.29.219 - - [29/Aug/2023:09:07:54 +0800] "GET /xingrg/login.html HTTP/1.1" 200 7641
180.169.147.146 - - [29/Aug/2023:09:07:57 +0800] "POST /xingrg/all/report/load_report_page.html HTTP/1.1" 200 117639
180.169.147.146 - - [29/Aug/2023:09:07:57 +0800] "GET /xingrg/servlets/image?cache=0.05798351401404489&image=px HTTP/1.1" 200 807
218.81.217.31 - - [29/Aug/2023:09:07:58 +0800] "GET /xingrg/kc/buy/cgsh_order_operate.html?command=get_materiel&rest_code=00146&code=00101008321&supplier_code=00100005&order_time=2023-08-29 HTTP/1.1" 200 412
124.78.155.92 - - [29/Aug/2023:09:07:59 +0800] "GET /xingrg/kc/buy/cgsh_order_operate.html?command=get_materiel&rest_code=00106&code=00101008004&supplier_code=00100007&order_time=2023-08-29 HTTP/1.1" 200 416
116.235.94.33 - - [29/Aug/2023:09:07:59 +0800] "GET /xingrg/all/function/internal_message.html?_=1693271272504&CODE_STATE=getMsg HTTP/1.1" 200 27
180.169.147.146 - - [29/Aug/2023:09:08:03 +0800] "POST /xingrg/all/report/load_report_page.html HTTP/1.1" 200 118148
180.169.147.146 - - [29/Aug/2023:09:08:03 +0800] "GET /xingrg/servlets/image?cache=0.9759272268213276&image=px HTTP/1.1" 200 807
180.163.28.55 - - [29/Aug/2023:09:08:04 +0800] "GET /xingrg/all/function/internal_message.html?_=1693271224696&CODE_STATE=getMsg HTTP/1.1" 302 -
180.163.28.55 - - [29/Aug/2023:09:08:04 +0800] "GET /xingrg/login.html HTTP/1.1" 200 7641
180.169.147.146 - - [29/Aug/2023:09:08:04 +0800] "GET /xingrg/all/function/internal_message.html?_=1693271284783&CODE_STATE=getMsg HTTP/1.1" 200 27
58.40.7.146 - - [29/Aug/2023:09:08:04 +0800] "GET /xingrg/all/function/internal_message.html?_=1693271284911&CODE_STATE=getMsg HTTP/1.1" 200 27
114.83.217.95 - - [29/Aug/2023:09:08:05 +0800] "GET /xingrg/kc/buy/cgsh_order_operate.html?command=get_materiel&rest_code=00149&code=00101008083&supplier_code=00100008&order_time=2023-08-29 HTTP/1.1" 200 428
114.83.217.95 - - [29/Aug/2023:09:08:08 +0800] "POST /xingrg/all/common/load_select.html HTTP/1.1" 200 25
114.83.217.95 - - [29/Aug/2023:09:08:08 +0800] "GET /xingrg/all/function/internal_message.html?_=1693271288117&CODE_STATE=getMsg HTTP/1.1" 200 27
180.169.147.146 - - [29/Aug/2023:09:08:12 +0800] "POST /xingrg/all/report/report_print.html HTTP/1.1" 200 88669
114.83.217.95 - - [29/Aug/2023:09:08:12 +0800] "GET /xingrg/kc/buy/cgsh_order_operate.html?command=get_materiel_price&rest_code=00149&code=00101008083&unit_code=00100026&supplier_code=00100008&order_time=2023-08-29 HTTP/1.1" 200 27
218.81.217.31 - - [29/Aug/2023:09:08:16 +0800] "GET /xingrg/kc/buy/cgsh_order_operate.html?command=get_materiel&rest_code=00146&code=00101008004&supplier_code=00100005&order_time=2023-08-29 HTTP/1.1" 200 416
218.81.217.31 - - [29/Aug/2023:09:08:18 +0800] "GET /xingrg/all/function/internal_message.html?_=1693271303695&CODE_STATE=getMsg HTTP/1.1" 200 27
101.83.145.37 - - [29/Aug/2023:09:08:19 +0800] "GET /xingrg/check_reg.html?_=1693271300863 HTTP/1.1" 200 22
124.78.155.92 - - [29/Aug/2023:09:08:20 +0800] "GET /xingrg/all/function/internal_message.html?_=1693271300583&CODE_STATE=getMsg HTTP/1.1" 200 27
124.78.155.92 - - [29/Aug/2023:09:08:20 +0800] "GET /xingrg/kc/buy/cgsh_order_operate.html?command=get_materiel&rest_code=00106&code=00101008069&supplier_code=00100007&order_time=2023-08-29 HTTP/1.1" 200 412
114.83.217.95 - - [29/Aug/2023:09:08:24 +0800] "GET /xingrg/kc/buy/cgsh_order_operate.html?command=get_materiel&rest_code=00149&code=00101008639&supplier_code=00100008&order_time=2023-08-29 HTTP/1.1" 200 409
180.152.241.196 - - [29/Aug/2023:09:08:27 +0800] "GET /xingrg/all/function/internal_message.html?_=1693271308473&CODE_STATE=getMsg HTTP/1.1" 302 -
101.83.145.37 - - [29/Aug/2023:09:08:29 +0800] "GET /xingrg/all/function/internal_message.html?_=1693271310798&CODE_STATE=getMsg HTTP/1.1" 200 27
218.81.217.31 - - [29/Aug/2023:09:08:33 +0800] "GET /xingrg/kc/buy/cgsh_order_operate.html?command=get_materiel&rest_code=00146&code=00101012067&supplier_code=00100005&order_time=2023-08-29 HTTP/1.1" 200 405
114.83.217.95 - - [29/Aug/2023:09:08:33 +0800] "GET /xingrg/kc/buy/cgsh_order_operate.html?command=get_materiel&rest_code=00149&code=00101008198&supplier_code=00100008&order_time=2023-08-29 HTTP/1.1" 200 413
180.163.30.100 - - [29/Aug/2023:09:08:35 +0800] "GET /xingrg/servlets/image?cache=0.7079064519487085&image=px HTTP/1.1" 200 807
124.78.155.92 - - [29/Aug/2023:09:08:39 +0800] "GET /xingrg/kc/buy/cgsh_order_operate.html?command=get_materiel&rest_code=00106&code=00101008286&supplier_code=00100007&order_time=2023-08-29 HTTP/1.1" 200 408
116.232.195.127 - - [29/Aug/2023:09:08:40 +0800] "GET /xingrg/all/function/internal_message.html?_=1693271228597&CODE_STATE=getMsg HTTP/1.1" 200 27
116.235.94.33 - - [29/Aug/2023:09:08:40 +0800] "GET /xingrg/check_reg.html?_=1693271313839 HTTP/1.1" 200 22
114.83.217.95 - - [29/Aug/2023:09:08:42 +0800] "GET /xingrg/kc/buy/cgsh_order_operate.html?command=get_materiel&rest_code=00149&code=00101008010&supplier_code=00100008&order_time=2023-08-29 HTTP/1.1" 200 412
114.95.241.104 - - [29/Aug/2023:09:08:48 +0800] "GET /xingrg/check_reg.html?_=1693271228486 HTTP/1.1" 200 22
114.95.241.104 - - [29/Aug/2023:09:08:49 +0800] "GET /xingrg/all/function/internal_message.html?_=1693271228966&CODE_STATE=getMsg HTTP/1.1" 200 27
120.253.135.82 - - [29/Aug/2023:09:08:50 +0800] "GET /xingrg/kc/pszx/mdps_order_info.html?code=312023082800683 HTTP/1.1" 200 19642
120.253.135.82 - - [29/Aug/2023:09:08:50 +0800] "GET /xingrg/javascript/easyui/themes/default/validatebox.css HTTP/1.1" 404 1104
120.253.135.82 - - [29/Aug/2023:09:08:50 +0800] "GET /xingrg/all/function/internal_message.html?_=1693271138211&CODE_STATE=getMsg HTTP/1.1" 200 27
120.253.135.82 - - [29/Aug/2023:09:08:51 +0800] "POST /xingrg/kc/pszx/mdps_order_operate.html HTTP/1.1" 200 2527
218.81.217.31 - - [29/Aug/2023:09:08:52 +0800] "POST /xingrg/kc/buy/cgsh_order_operate.html HTTP/1.1" 200 37
124.78.155.92 - - [29/Aug/2023:09:08:55 +0800] "GET /xingrg/kc/buy/cgsh_order_operate.html?command=get_materiel&rest_code=00106&code=00101008131&supplier_code=00100007&order_time=2023-08-29 HTTP/1.1" 200 409
114.83.217.95 - - [29/Aug/2023:09:08:55 +0800] "GET /xingrg/kc/buy/cgsh_order_operate.html?command=get_materiel&rest_code=00149&code=00101008361&supplier_code=00100008&order_time=2023-08-29 HTTP/1.1" 200 408
218.81.217.31 - - [29/Aug/2023:09:08:58 +0800] "POST /xingrg/kc/buy/cgsh_order_operate.html HTTP/1.1" 200 6208
120.253.135.82 - - [29/Aug/2023:09:08:58 +0800] "POST /xingrg/kc/pszx/mdps_list_operate.html HTTP/1.1" 200 868
116.235.94.33 - - [29/Aug/2023:09:08:59 +0800] "GET /xingrg/all/function/internal_message.html?_=1693271332513&CODE_STATE=getMsg HTTP/1.1" 200 27
180.169.147.146 - - [29/Aug/2023:09:09:03 +0800] "GET /xingrg/check_reg.html?_=1693271343294 HTTP/1.1" 200 22
180.169.147.146 - - [29/Aug/2023:09:09:04 +0800] "GET /xingrg/all/function/internal_message.html?_=1693271344779&CODE_STATE=getMsg HTTP/1.1" 200 27
58.40.7.146 - - [29/Aug/2023:09:09:04 +0800] "GET /xingrg/all/function/internal_message.html?_=1693271344913&CODE_STATE=getMsg HTTP/1.1" 200 27
180.165.48.189 - - [29/Aug/2023:09:09:05 +0800] "GET /xingrg/login.html HTTP/1.1" 200 7641
180.165.48.189 - - [29/Aug/2023:09:09:05 +0800] "GET /xingrg/images/blue/jxLogo.png HTTP/1.1" 304 -
180.165.48.189 - - [29/Aug/2023:09:09:06 +0800] "GET /xingrg/images/blue/login_bg.png HTTP/1.1" 304 -
180.165.48.189 - - [29/Aug/2023:09:09:06 +0800] "GET /xingrg/images/blue/srbg.png HTTP/1.1" 304 -
180.165.48.189 - - [29/Aug/2023:09:09:06 +0800] "GET /xingrg/images/blue/hj.png HTTP/1.1" 304 -
180.165.48.189 - - [29/Aug/2023:09:09:06 +0800] "GET /favicon.ico HTTP/1.1" 404 -
114.83.217.95 - - [29/Aug/2023:09:09:08 +0800] "GET /xingrg/all/function/internal_message.html?_=1693271348126&CODE_STATE=getMsg HTTP/1.1" 200 27
124.78.155.92 - - [29/Aug/2023:09:09:09 +0800] "GET /xingrg/kc/buy/cgsh_order_operate.html?command=get_materiel&rest_code=00106&code=00101008318&supplier_code=00100007&order_time=2023-08-29 HTTP/1.1" 200 408
114.83.217.95 - - [29/Aug/2023:09:09:10 +0800] "GET /xingrg/kc/buy/cgsh_order_operate.html?command=get_materiel&rest_code=00149&code=00101008355&supplier_code=00100008&order_time=2023-08-29 HTTP/1.1" 200 408
180.165.48.189 - - [29/Aug/2023:09:09:13 +0800] "POST /xingrg/login.do HTTP/1.1" 302 -
180.165.48.189 - - [29/Aug/2023:09:09:13 +0800] "GET /xingrg/index.html?sysBaseUrl=http%3A%2F%2F180.169.147.146%3A18081%2Fxingrg%2F&costTime=889×tamp=1693271353703 HTTP/1.1" 200 17183
180.165.48.189 - - [29/Aug/2023:09:09:13 +0800] "GET /xingrg/javascript/jquery_easy_ui/themes/default/easyui.css HTTP/1.1" 304 -
180.165.48.189 - - [29/Aug/2023:09:09:13 +0800] "GET /xingrg/javascript/jquery_easy_ui/themes/icon.css HTTP/1.1" 304 -
180.165.48.189 - - [29/Aug/2023:09:09:13 +0800] "GET /xingrg/css/form.css HTTP/1.1" 304 -
180.165.48.189 - - [29/Aug/2023:09:09:13 +0800] "GET /xingrg/javascript/jquery-1.4.2.min.js HTTP/1.1" 304 -
180.165.48.189 - - [29/Aug/2023:09:09:13 +0800] "GET /favicon.ico HTTP/1.1" 404 -
180.165.48.189 - - [29/Aug/2023:09:09:13 +0800] "GET /xingrg/javascript/jquery_easy_ui/jquery.easyui.min.js HTTP/1.1" 304 -
180.165.48.189 - - [29/Aug/2023:09:09:13 +0800] "GET /xingrg/javascript/jquery_easy_ui/easyui-lang-zh_CN.js HTTP/1.1" 304 -
180.165.48.189 - - [29/Aug/2023:09:09:13 +0800] "GET /xingrg/javascript/jquery.form.js HTTP/1.1" 304 -
180.165.48.189 - - [29/Aug/2023:09:09:13 +0800] "GET /xingrg/javascript/jquery.utils.js HTTP/1.1" 304 -
180.165.48.189 - - [29/Aug/2023:09:09:13 +0800] "GET /xingrg/javascript/jquery.timers.js HTTP/1.1" 304 -
180.165.48.189 - - [29/Aug/2023:09:09:13 +0800] "GET /xingrg/javascript/jquery_easy_ui/themes/icons/settle_new.png HTTP/1.1" 304 -
180.165.48.189 - - [29/Aug/2023:09:09:13 +0800] "GET /xingrg/images/blue/navBackgound.jpg HTTP/1.1" 304 -
180.165.48.189 - - [29/Aug/2023:09:09:14 +0800] "POST /xingrg/all/common/load_tree.html?tree=area_rest_tree_json&manage=1 HTTP/1.1" 200 357
180.165.48.189 - - [29/Aug/2023:09:09:14 +0800] "GET /xingrg/all/function/internal_message.html?_=1693271353103&CODE_STATE=count HTTP/1.1" 200 11
180.165.48.189 - - [29/Aug/2023:09:09:14 +0800] "GET /xingrg/images/blue/pingpu.png HTTP/1.1" 304 -
180.165.48.189 - - [29/Aug/2023:09:09:14 +0800] "GET /xingrg/check_reg.html?_=1693271353103 HTTP/1.1" 200 22
180.165.48.189 - - [29/Aug/2023:09:09:14 +0800] "GET /xingrg/javascript/jquery_easy_ui/themes/default/images/tabs_leftarrow.png HTTP/1.1" 304 -
180.165.48.189 - - [29/Aug/2023:09:09:14 +0800] "GET /xingrg/javascript/jquery_easy_ui/themes/default/images/panel_tool_collapse.gif HTTP/1.1" 304 -
180.165.48.189 - - [29/Aug/2023:09:09:14 +0800] "GET /xingrg/javascript/jquery_easy_ui/themes/default/images/tabs_rightarrow.png HTTP/1.1" 304 -
180.165.48.189 - - [29/Aug/2023:09:09:14 +0800] "POST /xingrg/load_menu.html HTTP/1.1" 200 5138
180.165.48.189 - - [29/Aug/2023:09:09:14 +0800] "GET /xingrg/javascript/jquery_easy_ui/themes/default/images/tree_arrows.gif HTTP/1.1" 304 -
180.165.48.189 - - [29/Aug/2023:09:09:14 +0800] "GET /xingrg/javascript/jquery_easy_ui/themes/default/images/tree_folder_open.gif HTTP/1.1" 304 -
180.165.48.189 - - [29/Aug/2023:09:09:14 +0800] "GET /xingrg/javascript/jquery_easy_ui/themes/icons/search_new.png HTTP/1.1" 304 -
180.165.48.189 - - [29/Aug/2023:09:09:14 +0800] "GET /xingrg/javascript/jquery_easy_ui/themes/default/images/tree_folder.gif HTTP/1.1" 304 -
180.165.48.189 - - [29/Aug/2023:09:09:14 +0800] "GET /xingrg/javascript/jquery_easy_ui/themes/icons/storage_new.png HTTP/1.1" 304 -
180.165.48.189 - - [29/Aug/2023:09:09:14 +0800] "GET /xingrg/javascript/jquery_easy_ui/themes/icons/forms_new.png HTTP/1.1" 304 -
180.165.48.189 - - [29/Aug/2023:09:09:14 +0800] "GET /xingrg/javascript/jquery_easy_ui/themes/default/images/tree_file.gif HTTP/1.1" 304 -
218.81.217.31 - - [29/Aug/2023:09:09:18 +0800] "GET /xingrg/all/function/internal_message.html?_=1693271363706&CODE_STATE=getMsg HTTP/1.1" 200 27
124.78.155.92 - - [29/Aug/2023:09:09:20 +0800] "GET /xingrg/check_reg.html?_=1693271360585 HTTP/1.1" 200 22
124.78.155.92 - - [29/Aug/2023:09:09:20 +0800] "GET /xingrg/all/function/internal_message.html?_=1693271360589&CODE_STATE=getMsg HTTP/1.1" 200 27
114.83.217.95 - - [29/Aug/2023:09:09:23 +0800] "GET /xingrg/kc/buy/cgsh_order_operate.html?command=get_materiel&rest_code=00149&code=00101008004&supplier_code=00100008&order_time=2023-08-29 HTTP/1.1" 200 416
124.78.155.92 - - [29/Aug/2023:09:09:24 +0800] "GET /xingrg/kc/buy/cgsh_order_operate.html?command=get_materiel&rest_code=00106&code=00101008352&supplier_code=00100007&order_time=2023-08-29 HTTP/1.1" 200 412
180.165.48.189 - - [29/Aug/2023:09:09:25 +0800] "GET /xingrg/javascript/jquery_easy_ui/themes/default/images/tabs_close.gif HTTP/1.1" 304 -
180.165.48.189 - - [29/Aug/2023:09:09:25 +0800] "GET /xingrg/kc/base/wldb_order_list.html HTTP/1.1" 200 19184
180.165.48.189 - - [29/Aug/2023:09:09:25 +0800] "GET /xingrg/css/base.css HTTP/1.1" 304 -
180.165.48.189 - - [29/Aug/2023:09:09:25 +0800] "GET /xingrg/css/site.css HTTP/1.1" 304 -
180.165.48.189 - - [29/Aug/2023:09:09:25 +0800] "GET /xingrg/javascript/jquery_tools/datebox.css HTTP/1.1" 304 -
180.165.48.189 - - [29/Aug/2023:09:09:25 +0800] "GET /xingrg/javascript/easyui/themes/default/easyui.css HTTP/1.1" 304 -
180.165.48.189 - - [29/Aug/2023:09:09:25 +0800] "GET /xingrg/javascript/easyui/themes/icon.css HTTP/1.1" 304 -
180.165.48.189 - - [29/Aug/2023:09:09:25 +0800] "GET /xingrg/javascript/auto/jquery.autocomplete.css HTTP/1.1" 304 -
180.165.48.189 - - [29/Aug/2023:09:09:25 +0800] "GET /xingrg/javascript/jquery_tools/fix.css HTTP/1.1" 304 -
180.165.48.189 - - [29/Aug/2023:09:09:25 +0800] "GET /xingrg/javascript/jquery_tools/table.css HTTP/1.1" 304 -
180.165.48.189 - - [29/Aug/2023:09:09:25 +0800] "GET /xingrg/javascript/jquery_tools/jquery.tools.min.js HTTP/1.1" 304 -
180.165.48.189 - - [29/Aug/2023:09:09:25 +0800] "GET /xingrg/javascript/jquery_tools/jquery.tools.extend.js HTTP/1.1" 304 -
180.165.48.189 - - [29/Aug/2023:09:09:25 +0800] "GET /xingrg/javascript/jquery_tools/jquery.tools.hotkey.js HTTP/1.1" 304 -
180.165.48.189 - - [29/Aug/2023:09:09:25 +0800] "GET /xingrg/javascript/jquery_tools/jquery.tools.table.js HTTP/1.1" 304 -
180.165.48.189 - - [29/Aug/2023:09:09:25 +0800] "GET /xingrg/javascript/jquery_tools/list_manager.js HTTP/1.1" 304 -
180.165.48.189 - - [29/Aug/2023:09:09:25 +0800] "GET /xingrg/javascript/auto/jquery.autocomplete.js HTTP/1.1" 304 -
180.165.48.189 - - [29/Aug/2023:09:09:25 +0800] "GET /xingrg/javascript/easyui/easyloader.js HTTP/1.1" 304 -
180.165.48.189 - - [29/Aug/2023:09:09:25 +0800] "GET /xingrg/javascript/jquery.cookie.js HTTP/1.1" 304 -
180.165.48.189 - - [29/Aug/2023:09:09:25 +0800] "GET /xingrg/javascript/print/LodopFuncs.js HTTP/1.1" 304 -
180.165.48.189 - - [29/Aug/2023:09:09:26 +0800] "GET /xingrg/javascript/easyui/themes/icons/edit_add_new.png HTTP/1.1" 304 -
180.165.48.189 - - [29/Aug/2023:09:09:26 +0800] "GET /xingrg/javascript/easyui/themes/icons/cance_new.png HTTP/1.1" 304 -
180.165.48.189 - - [29/Aug/2023:09:09:26 +0800] "GET /xingrg/javascript/easyui/themes/icons/check_new.png HTTP/1.1" 304 -
180.165.48.189 - - [29/Aug/2023:09:09:26 +0800] "GET /xingrg/javascript/easyui/themes/icons/field_new.png HTTP/1.1" 304 -
180.165.48.189 - - [29/Aug/2023:09:09:26 +0800] "GET /xingrg/javascript/easyui/themes/icons/import_new.png HTTP/1.1" 304 -
180.165.48.189 - - [29/Aug/2023:09:09:26 +0800] "GET /xingrg/javascript/easyui/plugins/jquery.parser.js HTTP/1.1" 304 -
180.165.48.189 - - [29/Aug/2023:09:09:26 +0800] "GET /xingrg/images/control/ajaxLoader.gif HTTP/1.1" 304 -
180.165.48.189 - - [29/Aug/2023:09:09:26 +0800] "POST /xingrg/kc/base/wldb_list_operate.html HTTP/1.1" 200 3420
180.152.241.196 - - [29/Aug/2023:09:09:27 +0800] "GET /xingrg/all/function/internal_message.html?_=1693271368456&CODE_STATE=getMsg HTTP/1.1" 302 -
101.83.145.37 - - [29/Aug/2023:09:09:29 +0800] "GET /xingrg/all/function/internal_message.html?_=1693271370776&CODE_STATE=getMsg HTTP/1.1" 200 27
114.83.217.95 - - [29/Aug/2023:09:09:32 +0800] "GET /xingrg/kc/buy/cgsh_order_operate.html?command=get_materiel&rest_code=00149&code=00101008264&supplier_code=00100008&order_time=2023-08-29 HTTP/1.1" 200 412
120.253.135.82 - - [29/Aug/2023:09:09:32 +0800] "GET /xingrg/check_reg.html?_=1693271180082 HTTP/1.1" 200 22
101.83.145.37 - - [29/Aug/2023:09:09:33 +0800] "GET /xingrg/kc/buy/cgsh_order_add.html HTTP/1.1" 200 72117
101.83.145.37 - - [29/Aug/2023:09:09:34 +0800] "GET /xingrg/javascript/easyui/themes/default/validatebox.css HTTP/1.1" 404 1104
101.83.145.37 - - [29/Aug/2023:09:09:34 +0800] "POST /xingrg/kc/buy/cgsh_order_operate.html HTTP/1.1" 200 8245
218.81.217.31 - - [29/Aug/2023:09:09:37 +0800] "GET /xingrg/kc/buy/cgsh_order_operate.html?command=get_materiel&rest_code=00146&code=00101008257&supplier_code=00100005&order_time=2023-08-29 HTTP/1.1" 200 416
