218.81.217.31 - - [29/Aug/2023:11:04:29 +0800] "GET /xingrg/javascript/jquery_ui/themes/humanity/images/ui-bg_glass_70_ede4d4_1x400.png HTTP/1.1" 304 -
218.81.217.31 - - [29/Aug/2023:11:04:29 +0800] "GET /xingrg/images/yd/bt.gif HTTP/1.1" 404 1040
218.81.217.31 - - [29/Aug/2023:11:04:30 +0800] "GET /xingrg/kc/buy/cgsh_order_list.html HTTP/1.1" 200 56259
218.81.217.31 - - [29/Aug/2023:11:04:30 +0800] "GET /xingrg/css/base.css HTTP/1.1" 304 -
218.81.217.31 - - [29/Aug/2023:11:04:30 +0800] "GET /xingrg/css/site.css HTTP/1.1" 304 -
218.81.217.31 - - [29/Aug/2023:11:04:30 +0800] "GET /xingrg/javascript/jquery_tools/datebox.css HTTP/1.1" 304 -
218.81.217.31 - - [29/Aug/2023:11:04:30 +0800] "GET /xingrg/javascript/easyui/themes/default/easyui.css HTTP/1.1" 304 -
218.81.217.31 - - [29/Aug/2023:11:04:30 +0800] "GET /xingrg/javascript/easyui/themes/icon.css HTTP/1.1" 304 -
218.81.217.31 - - [29/Aug/2023:11:04:30 +0800] "GET /xingrg/javascript/auto/jquery.autocomplete.css HTTP/1.1" 304 -
218.81.217.31 - - [29/Aug/2023:11:04:30 +0800] "GET /xingrg/javascript/jquery_tools/fix.css HTTP/1.1" 304 -
218.81.217.31 - - [29/Aug/2023:11:04:30 +0800] "GET /xingrg/javascript/jquery_tools/jquery.tools.min.js HTTP/1.1" 304 -
218.81.217.31 - - [29/Aug/2023:11:04:30 +0800] "GET /xingrg/javascript/jquery_tools/jquery.tools.extend.js HTTP/1.1" 304 -
218.81.217.31 - - [29/Aug/2023:11:04:30 +0800] "GET /xingrg/javascript/jquery_tools/jquery.tools.hotkey.js HTTP/1.1" 304 -
218.81.217.31 - - [29/Aug/2023:11:04:30 +0800] "GET /xingrg/javascript/jquery_tools/jquery.tools.table.js HTTP/1.1" 304 -
218.81.217.31 - - [29/Aug/2023:11:04:30 +0800] "GET /xingrg/javascript/jquery_tools/list_manager.js HTTP/1.1" 304 -
218.81.217.31 - - [29/Aug/2023:11:04:30 +0800] "GET /xingrg/javascript/easyui/easyloader.js HTTP/1.1" 304 -
218.81.217.31 - - [29/Aug/2023:11:04:30 +0800] "GET /xingrg/javascript/auto/jquery.autocomplete.js HTTP/1.1" 304 -
218.81.217.31 - - [29/Aug/2023:11:04:30 +0800] "GET /xingrg/javascript/jquery_tools/table.css HTTP/1.1" 304 -
218.81.217.31 - - [29/Aug/2023:11:04:30 +0800] "GET /xingrg/javascript/jquery.cookie.js HTTP/1.1" 304 -
218.81.217.31 - - [29/Aug/2023:11:04:30 +0800] "GET /xingrg/javascript/print/LodopFuncs.js HTTP/1.1" 304 -
218.81.217.31 - - [29/Aug/2023:11:04:31 +0800] "GET /xingrg/javascript/easyui/themes/icons/edit_add_new.png HTTP/1.1" 304 -
218.81.217.31 - - [29/Aug/2023:11:04:31 +0800] "GET /xingrg/javascript/easyui/themes/icons/cance_new.png HTTP/1.1" 304 -
218.81.217.31 - - [29/Aug/2023:11:04:31 +0800] "GET /xingrg/javascript/easyui/themes/icons/check_new.png HTTP/1.1" 304 -
218.81.217.31 - - [29/Aug/2023:11:04:31 +0800] "GET /xingrg/javascript/easyui/themes/icons/field_new.png HTTP/1.1" 304 -
218.81.217.31 - - [29/Aug/2023:11:04:31 +0800] "GET /xingrg/javascript/easyui/themes/icons/import_new.png HTTP/1.1" 304 -
218.81.217.31 - - [29/Aug/2023:11:04:31 +0800] "GET /xingrg/javascript/jquery_easy_ui/themes/icons/rest.png HTTP/1.1" 304 -
218.81.217.31 - - [29/Aug/2023:11:04:31 +0800] "GET /xingrg/javascript/jquery_easy_ui/themes/icons/area.png HTTP/1.1" 304 -
218.81.217.31 - - [29/Aug/2023:11:04:31 +0800] "GET /xingrg/javascript/easyui/plugins/jquery.parser.js HTTP/1.1" 304 -
218.81.217.31 - - [29/Aug/2023:11:04:31 +0800] "GET /xingrg/images/control/ajaxLoader.gif HTTP/1.1" 304 -
222.70.180.200 - - [29/Aug/2023:11:04:35 +0800] "GET /xingrg/all/function/internal_message.html?_=1693278274880&CODE_STATE=getMsg HTTP/1.1" 200 27
218.81.217.31 - - [29/Aug/2023:11:04:39 +0800] "POST /xingrg/kc/buy/cgsh_list_operate.html HTTP/1.1" 200 2726
218.81.217.31 - - [29/Aug/2023:11:04:41 +0800] "GET /xingrg/javascript/easyui/themes/default/images/button_plain_hover.png HTTP/1.1" 304 -
180.169.147.146 - - [29/Aug/2023:11:04:41 +0800] "GET /xingrg/check_reg.html?_=1693278382136 HTTP/1.1" 302 -
218.81.217.31 - - [29/Aug/2023:11:04:41 +0800] "GET /xingrg/all/function/internal_message.html?_=1693278287189&CODE_STATE=getMsg HTTP/1.1" 200 27
218.81.217.31 - - [29/Aug/2023:11:04:43 +0800] "GET /xingrg/kc/buy/cgsh_order_add.html HTTP/1.1" 200 72035
218.81.217.31 - - [29/Aug/2023:11:04:43 +0800] "GET /xingrg/javascript/jquery_tools/order_manager.js HTTP/1.1" 304 -
218.81.217.31 - - [29/Aug/2023:11:04:43 +0800] "GET /xingrg/javascript/convert.js HTTP/1.1" 304 -
218.81.217.31 - - [29/Aug/2023:11:04:43 +0800] "GET /xingrg/javascript/json2.js HTTP/1.1" 304 -
218.81.217.31 - - [29/Aug/2023:11:04:43 +0800] "GET /xingrg/javascript/print/kc_print.js HTTP/1.1" 304 -
218.81.217.31 - - [29/Aug/2023:11:04:43 +0800] "GET /xingrg/words/20230829104626_words.js HTTP/1.1" 200 984905
218.81.217.31 - - [29/Aug/2023:11:04:43 +0800] "GET /xingrg/javascript/easyui/themes/icons/copy_new.png HTTP/1.1" 304 -
218.81.217.31 - - [29/Aug/2023:11:04:43 +0800] "GET /xingrg/javascript/easyui/themes/icons/ok.png HTTP/1.1" 304 -
218.81.217.31 - - [29/Aug/2023:11:04:43 +0800] "GET /xingrg/javascript/easyui/themes/icons/template_new.png HTTP/1.1" 304 -
218.81.217.31 - - [29/Aug/2023:11:04:43 +0800] "GET /xingrg/javascript/easyui/themes/default/images/menu_downarrow.png HTTP/1.1" 304 -
218.81.217.31 - - [29/Aug/2023:11:04:43 +0800] "GET /xingrg/javascript/easyui/themes/icons/print.png HTTP/1.1" 304 -
218.81.217.31 - - [29/Aug/2023:11:04:43 +0800] "GET /xingrg/javascript/easyui/themes/icons/cancel.png HTTP/1.1" 304 -
218.81.217.31 - - [29/Aug/2023:11:04:43 +0800] "POST /xingrg/kc/buy/cgsh_order_operate.html HTTP/1.1" 200 8245
218.81.217.31 - - [29/Aug/2023:11:04:43 +0800] "GET /xingrg/javascript/easyui/themes/icons/edit_remove.png HTTP/1.1" 304 -
218.81.217.31 - - [29/Aug/2023:11:04:43 +0800] "GET /xingrg/javascript/easyui/themes/default/validatebox.css HTTP/1.1" 404 1104
218.81.217.31 - - [29/Aug/2023:11:04:43 +0800] "GET /xingrg/javascript/easyui/plugins/jquery.validatebox.js HTTP/1.1" 304 -
218.81.217.31 - - [29/Aug/2023:11:04:43 +0800] "GET /xingrg/javascript/easyui/plugins/jquery.numberbox.js HTTP/1.1" 304 -
218.81.217.31 - - [29/Aug/2023:11:04:43 +0800] "GET /xingrg/all/common/auto_word.html?type=employee&rest_code=00146 HTTP/1.1" 200 101
218.81.217.31 - - [29/Aug/2023:11:04:43 +0800] "GET /xingrg/all/common/auto_word.html?type=employee&rest_code=00146 HTTP/1.1" 200 101
101.228.187.155 - - [29/Aug/2023:11:04:45 +0800] "GET /xingrg/all/function/internal_message.html?_=1693278283996&CODE_STATE=getMsg HTTP/1.1" 200 27
222.70.180.200 - - [29/Aug/2023:11:04:46 +0800] "POST /xingrg/services/DataTransmitService HTTP/1.1" 200 524
222.70.180.200 - - [29/Aug/2023:11:04:46 +0800] "POST /xingrg/services/DataTransmitService HTTP/1.1" 200 501
101.83.145.37 - - [29/Aug/2023:11:04:48 +0800] "GET /xingrg/all/function/internal_message.html?_=1693278290083&CODE_STATE=getMsg HTTP/1.1" 200 27
222.70.180.200 - - [29/Aug/2023:11:04:48 +0800] "GET /xingrg/check_reg.html?_=1693278289298 HTTP/1.1" 302 -
222.70.180.200 - - [29/Aug/2023:11:04:48 +0800] "GET /xingrg/all/function/internal_message.html?_=1693278289301&CODE_STATE=getMsg HTTP/1.1" 302 -
116.235.94.33 - - [29/Aug/2023:11:04:49 +0800] "GET /xingrg/all/function/internal_message.html?_=1693278583095&CODE_STATE=getMsg HTTP/1.1" 200 27
114.95.241.104 - - [29/Aug/2023:11:04:57 +0800] "GET /xingrg/all/function/internal_message.html?_=1693278196767&CODE_STATE=getMsg HTTP/1.1" 200 27
222.67.237.86 - - [29/Aug/2023:11:04:57 +0800] "GET /xingrg/all/function/internal_message.html?_=1693277742187&CODE_STATE=getMsg HTTP/1.1" 200 27
116.235.94.33 - - [29/Aug/2023:11:05:01 +0800] "GET /xingrg/all/function/internal_message.html?_=1693278294004&CODE_STATE=getMsg HTTP/1.1" 302 -
116.235.94.33 - - [29/Aug/2023:11:05:01 +0800] "GET /xingrg/check_reg.html?_=1693278294002 HTTP/1.1" 302 -
180.169.147.146 - - [29/Aug/2023:11:05:03 +0800] "GET /xingrg/all/function/internal_message.html?_=1693278303428&CODE_STATE=getMsg HTTP/1.1" 200 27
58.40.7.146 - - [29/Aug/2023:11:05:04 +0800] "GET /xingrg/all/function/internal_message.html?_=1693278304960&CODE_STATE=getMsg HTTP/1.1" 200 27
58.40.7.146 - - [29/Aug/2023:11:05:04 +0800] "GET /xingrg/check_reg.html?_=1693278304961 HTTP/1.1" 200 22
114.83.217.95 - - [29/Aug/2023:11:05:08 +0800] "GET /xingrg/all/function/internal_message.html?_=1693278308300&CODE_STATE=getMsg HTTP/1.1" 200 27
180.165.48.189 - - [29/Aug/2023:11:05:14 +0800] "GET /xingrg/all/function/internal_message.html?_=1693278313129&CODE_STATE=getMsg HTTP/1.1" 200 27
222.70.180.200 - - [29/Aug/2023:11:05:20 +0800] "GET /xingrg/all/function/internal_message.html?_=1693278342398&CODE_STATE=getMsg HTTP/1.1" 200 27
180.169.147.146 - - [29/Aug/2023:11:05:27 +0800] "GET /xingrg/all/function/internal_message.html?_=1693278327279&CODE_STATE=getMsg HTTP/1.1" 200 27
180.169.147.146 - - [29/Aug/2023:11:05:28 +0800] "GET /xingrg/all/function/internal_message.html?_=1693278329673&CODE_STATE=getMsg HTTP/1.1" 200 27
218.81.217.31 - - [29/Aug/2023:11:05:35 +0800] "GET /xingrg/javascript/auto/indicator.gif HTTP/1.1" 404 1066
222.70.180.200 - - [29/Aug/2023:11:05:35 +0800] "GET /xingrg/all/function/internal_message.html?_=1693278334882&CODE_STATE=getMsg HTTP/1.1" 200 27
222.70.180.200 - - [29/Aug/2023:11:05:35 +0800] "GET /xingrg/check_reg.html?_=1693278334915 HTTP/1.1" 200 22
218.81.217.31 - - [29/Aug/2023:11:05:41 +0800] "GET /xingrg/all/function/internal_message.html?_=1693278347201&CODE_STATE=getMsg HTTP/1.1" 200 27
101.228.187.155 - - [29/Aug/2023:11:05:45 +0800] "GET /xingrg/all/function/internal_message.html?_=1693278343997&CODE_STATE=getMsg HTTP/1.1" 200 27
101.83.145.37 - - [29/Aug/2023:11:05:48 +0800] "GET /xingrg/all/function/internal_message.html?_=1693278350084&CODE_STATE=getMsg HTTP/1.1" 200 27
222.70.180.200 - - [29/Aug/2023:11:05:48 +0800] "GET /xingrg/all/function/internal_message.html?_=1693278349300&CODE_STATE=getMsg HTTP/1.1" 302 -
116.235.94.33 - - [29/Aug/2023:11:05:49 +0800] "GET /xingrg/check_reg.html?_=1693278642656 HTTP/1.1" 200 22
116.235.94.33 - - [29/Aug/2023:11:05:49 +0800] "GET /xingrg/all/function/internal_message.html?_=1693278643062&CODE_STATE=getMsg HTTP/1.1" 200 27
218.81.217.31 - - [29/Aug/2023:11:05:51 +0800] "GET /xingrg/javascript/jquery_tools/images/next.gif HTTP/1.1" 404 1086
218.81.217.31 - - [29/Aug/2023:11:05:51 +0800] "GET /xingrg/javascript/jquery_tools/images/prev.gif HTTP/1.1" 404 1086
222.70.180.200 - - [29/Aug/2023:11:05:51 +0800] "GET /xingrg/kc/buy/cgsh_order_operate.html?command=get_materiel&rest_code=00111&code=00101006193&supplier_code=00100012&order_time=2023-08-29 HTTP/1.1" 200 409
114.95.241.104 - - [29/Aug/2023:11:05:57 +0800] "GET /xingrg/all/function/internal_message.html?_=1693278256780&CODE_STATE=getMsg HTTP/1.1" 200 27
222.67.237.86 - - [29/Aug/2023:11:05:57 +0800] "GET /xingrg/all/function/internal_message.html?_=1693277802163&CODE_STATE=getMsg HTTP/1.1" 200 27
222.70.180.200 - - [29/Aug/2023:11:05:59 +0800] "GET /xingrg/check_reg.html?_=1693278381189 HTTP/1.1" 200 22
116.235.94.33 - - [29/Aug/2023:11:06:01 +0800] "GET /xingrg/all/function/internal_message.html?_=1693278354046&CODE_STATE=getMsg HTTP/1.1" 302 -
180.169.147.146 - - [29/Aug/2023:11:06:03 +0800] "GET /xingrg/all/function/internal_message.html?_=1693278363416&CODE_STATE=getMsg HTTP/1.1" 200 27
58.40.7.146 - - [29/Aug/2023:11:06:04 +0800] "GET /xingrg/all/function/internal_message.html?_=1693278364962&CODE_STATE=getMsg HTTP/1.1" 200 27
114.83.217.95 - - [29/Aug/2023:11:06:08 +0800] "GET /xingrg/all/function/internal_message.html?_=1693278368308&CODE_STATE=getMsg HTTP/1.1" 200 27
114.83.217.95 - - [29/Aug/2023:11:06:08 +0800] "GET /xingrg/check_reg.html?_=1693278368313 HTTP/1.1" 200 22
180.165.48.189 - - [29/Aug/2023:11:06:14 +0800] "GET /xingrg/all/function/internal_message.html?_=1693278373123&CODE_STATE=getMsg HTTP/1.1" 200 27
222.70.180.200 - - [29/Aug/2023:11:06:20 +0800] "GET /xingrg/all/function/internal_message.html?_=1693278402382&CODE_STATE=getMsg HTTP/1.1" 200 27
180.169.147.146 - - [29/Aug/2023:11:06:27 +0800] "GET /xingrg/all/function/internal_message.html?_=1693278387279&CODE_STATE=getMsg HTTP/1.1" 200 27
180.169.147.146 - - [29/Aug/2023:11:06:27 +0800] "GET /xingrg/check_reg.html?_=1693278387281 HTTP/1.1" 200 22
180.169.147.146 - - [29/Aug/2023:11:06:28 +0800] "GET /xingrg/all/function/internal_message.html?_=1693278389698&CODE_STATE=getMsg HTTP/1.1" 200 27
222.70.180.200 - - [29/Aug/2023:11:06:35 +0800] "GET /xingrg/all/function/internal_message.html?_=1693278394879&CODE_STATE=getMsg HTTP/1.1" 200 27
218.81.217.31 - - [29/Aug/2023:11:06:41 +0800] "GET /xingrg/check_reg.html?_=1693278407152 HTTP/1.1" 200 22
218.81.217.31 - - [29/Aug/2023:11:06:41 +0800] "GET /xingrg/all/function/internal_message.html?_=1693278407214&CODE_STATE=getMsg HTTP/1.1" 200 27
180.169.147.146 - - [29/Aug/2023:11:06:42 +0800] "POST /xingrg/dwr/call/plaincall/AjaxReportQueryService.refreshCache.dwr HTTP/1.1" 200 78
101.228.187.155 - - [29/Aug/2023:11:06:45 +0800] "GET /xingrg/check_reg.html?_=1693278404002 HTTP/1.1" 200 22
101.228.187.155 - - [29/Aug/2023:11:06:45 +0800] "GET /xingrg/all/function/internal_message.html?_=1693278403999&CODE_STATE=getMsg HTTP/1.1" 200 27
180.169.147.146 - - [29/Aug/2023:11:06:46 +0800] "POST /xingrg/all/report/load_report_page.html HTTP/1.1" 200 51430
180.169.147.146 - - [29/Aug/2023:11:06:46 +0800] "GET /xingrg/servlets/image?cache=0.7997294043614337&image=px HTTP/1.1" 200 807
101.83.145.37 - - [29/Aug/2023:11:06:48 +0800] "GET /xingrg/all/function/internal_message.html?_=1693278410083&CODE_STATE=getMsg HTTP/1.1" 200 27
222.70.180.200 - - [29/Aug/2023:11:06:48 +0800] "GET /xingrg/all/function/internal_message.html?_=1693278409308&CODE_STATE=getMsg HTTP/1.1" 302 -
116.235.94.33 - - [29/Aug/2023:11:06:49 +0800] "GET /xingrg/all/function/internal_message.html?_=1693278703032&CODE_STATE=getMsg HTTP/1.1" 200 27
114.95.241.104 - - [29/Aug/2023:11:06:57 +0800] "GET /xingrg/all/function/internal_message.html?_=1693278316815&CODE_STATE=getMsg HTTP/1.1" 200 27
222.67.237.86 - - [29/Aug/2023:11:06:57 +0800] "GET /xingrg/all/function/internal_message.html?_=1693277862144&CODE_STATE=getMsg HTTP/1.1" 200 27
222.67.237.86 - - [29/Aug/2023:11:06:58 +0800] "GET /xingrg/check_reg.html?_=1693277863420 HTTP/1.1" 200 22
116.235.94.33 - - [29/Aug/2023:11:07:01 +0800] "GET /xingrg/all/function/internal_message.html?_=1693278414037&CODE_STATE=getMsg HTTP/1.1" 302 -
180.169.147.146 - - [29/Aug/2023:11:07:03 +0800] "GET /xingrg/all/function/internal_message.html?_=1693278423406&CODE_STATE=getMsg HTTP/1.1" 200 27
218.81.217.31 - - [29/Aug/2023:11:07:04 +0800] "GET /xingrg/kc/buy/cgsh_order_operate.html?command=get_materiel&rest_code=00146&code=00101012025&supplier_code=00100033&order_time=2023-08-29 HTTP/1.1" 200 412
58.40.7.146 - - [29/Aug/2023:11:07:04 +0800] "GET /xingrg/all/function/internal_message.html?_=1693278424965&CODE_STATE=getMsg HTTP/1.1" 200 27
114.83.217.95 - - [29/Aug/2023:11:07:08 +0800] "GET /xingrg/all/function/internal_message.html?_=1693278428302&CODE_STATE=getMsg HTTP/1.1" 200 27
180.165.48.189 - - [29/Aug/2023:11:07:14 +0800] "GET /xingrg/all/function/internal_message.html?_=1693278433123&CODE_STATE=getMsg HTTP/1.1" 200 27
222.70.180.200 - - [29/Aug/2023:11:07:20 +0800] "GET /xingrg/all/function/internal_message.html?_=1693278462368&CODE_STATE=getMsg HTTP/1.1" 200 27
180.169.147.146 - - [29/Aug/2023:11:07:27 +0800] "GET /xingrg/all/function/internal_message.html?_=1693278447282&CODE_STATE=getMsg HTTP/1.1" 200 27
180.169.147.146 - - [29/Aug/2023:11:07:28 +0800] "GET /xingrg/all/function/internal_message.html?_=1693278449695&CODE_STATE=getMsg HTTP/1.1" 200 27
222.70.180.200 - - [29/Aug/2023:11:07:35 +0800] "GET /xingrg/all/function/internal_message.html?_=1693278454874&CODE_STATE=getMsg HTTP/1.1" 200 27
222.70.180.200 - - [29/Aug/2023:11:07:37 +0800] "GET /xingrg/kc/buy/cgsh_order_operate.html?command=get_materiel&rest_code=00111&code=00101006109&supplier_code=00100012&order_time=2023-08-29 HTTP/1.1" 200 409
218.81.217.31 - - [29/Aug/2023:11:07:41 +0800] "GET /xingrg/kc/buy/cgsh_order_operate.html?command=get_materiel&rest_code=00146&code=00101007109&supplier_code=00100033&order_time=2023-08-29 HTTP/1.1" 200 408
218.81.217.31 - - [29/Aug/2023:11:07:41 +0800] "GET /xingrg/all/function/internal_message.html?_=1693278467229&CODE_STATE=getMsg HTTP/1.1" 200 27
101.228.187.155 - - [29/Aug/2023:11:07:45 +0800] "GET /xingrg/all/function/internal_message.html?_=1693278463989&CODE_STATE=getMsg HTTP/1.1" 200 27
180.163.29.206 - - [29/Aug/2023:11:07:46 +0800] "GET /xingrg/servlets/image?cache=0.7997294043614337&image=px HTTP/1.1" 200 807
101.83.145.37 - - [29/Aug/2023:11:07:48 +0800] "GET /xingrg/all/function/internal_message.html?_=1693278470083&CODE_STATE=getMsg HTTP/1.1" 200 27
222.70.180.200 - - [29/Aug/2023:11:07:48 +0800] "GET /xingrg/all/function/internal_message.html?_=1693278469307&CODE_STATE=getMsg HTTP/1.1" 302 -
116.235.94.33 - - [29/Aug/2023:11:07:49 +0800] "GET /xingrg/all/function/internal_message.html?_=1693278763001&CODE_STATE=getMsg HTTP/1.1" 200 27
114.95.241.104 - - [29/Aug/2023:11:07:57 +0800] "GET /xingrg/all/function/internal_message.html?_=1693278376823&CODE_STATE=getMsg HTTP/1.1" 200 27
222.67.237.86 - - [29/Aug/2023:11:07:57 +0800] "GET /xingrg/all/function/internal_message.html?_=1693277922125&CODE_STATE=getMsg HTTP/1.1" 200 27
116.235.94.33 - - [29/Aug/2023:11:08:01 +0800] "GET /xingrg/all/function/internal_message.html?_=1693278474019&CODE_STATE=getMsg HTTP/1.1" 302 -
180.169.147.146 - - [29/Aug/2023:11:08:03 +0800] "GET /xingrg/all/function/internal_message.html?_=1693278483396&CODE_STATE=getMsg HTTP/1.1" 200 27
58.40.7.146 - - [29/Aug/2023:11:08:04 +0800] "GET /xingrg/all/function/internal_message.html?_=1693278484967&CODE_STATE=getMsg HTTP/1.1" 200 27
218.81.217.31 - - [29/Aug/2023:11:08:08 +0800] "GET /xingrg/kc/buy/cgsh_order_operate.html?command=get_materiel&rest_code=00146&code=00101016025&supplier_code=00100033&order_time=2023-08-29 HTTP/1.1" 200 408
114.83.217.95 - - [29/Aug/2023:11:08:08 +0800] "GET /xingrg/all/function/internal_message.html?_=1693278488299&CODE_STATE=getMsg HTTP/1.1" 200 27
180.165.48.189 - - [29/Aug/2023:11:08:14 +0800] "GET /xingrg/all/function/internal_message.html?_=1693278493122&CODE_STATE=getMsg HTTP/1.1" 200 27
222.70.180.200 - - [29/Aug/2023:11:08:20 +0800] "GET /xingrg/all/function/internal_message.html?_=1693278522354&CODE_STATE=getMsg HTTP/1.1" 200 27
180.169.147.146 - - [29/Aug/2023:11:08:27 +0800] "GET /xingrg/all/function/internal_message.html?_=1693278507282&CODE_STATE=getMsg HTTP/1.1" 200 27
180.169.147.146 - - [29/Aug/2023:11:08:28 +0800] "GET /xingrg/all/function/internal_message.html?_=1693278509694&CODE_STATE=getMsg HTTP/1.1" 200 27
180.169.147.146 - - [29/Aug/2023:11:08:28 +0800] "GET /xingrg/check_reg.html?_=1693278509696 HTTP/1.1" 200 22
222.70.180.200 - - [29/Aug/2023:11:08:35 +0800] "GET /xingrg/all/function/internal_message.html?_=1693278514874&CODE_STATE=getMsg HTTP/1.1" 200 27
218.81.217.31 - - [29/Aug/2023:11:08:41 +0800] "GET /xingrg/all/function/internal_message.html?_=1693278527241&CODE_STATE=getMsg HTTP/1.1" 200 27
218.81.217.31 - - [29/Aug/2023:11:08:42 +0800] "GET /xingrg/kc/buy/cgsh_order_operate.html?command=get_materiel&rest_code=00146&code=00101016033&supplier_code=00100033&order_time=2023-08-29 HTTP/1.1" 200 412
101.228.187.155 - - [29/Aug/2023:11:08:45 +0800] "GET /xingrg/all/function/internal_message.html?_=1693278523991&CODE_STATE=getMsg HTTP/1.1" 200 27
101.83.145.37 - - [29/Aug/2023:11:08:48 +0800] "GET /xingrg/check_reg.html?_=1693278530082 HTTP/1.1" 200 22
101.83.145.37 - - [29/Aug/2023:11:08:48 +0800] "GET /xingrg/all/function/internal_message.html?_=1693278530083&CODE_STATE=getMsg HTTP/1.1" 200 27
222.70.180.200 - - [29/Aug/2023:11:08:48 +0800] "GET /xingrg/all/function/internal_message.html?_=1693278529306&CODE_STATE=getMsg HTTP/1.1" 302 -
116.235.94.33 - - [29/Aug/2023:11:08:49 +0800] "GET /xingrg/all/function/internal_message.html?_=1693278822987&CODE_STATE=getMsg HTTP/1.1" 200 27
114.95.241.104 - - [29/Aug/2023:11:08:56 +0800] "GET /xingrg/check_reg.html?_=1693278436532 HTTP/1.1" 200 22
114.95.241.104 - - [29/Aug/2023:11:08:57 +0800] "GET /xingrg/all/function/internal_message.html?_=1693278436837&CODE_STATE=getMsg HTTP/1.1" 200 27
180.152.241.196 - - [29/Aug/2023:11:08:57 +0800] "GET /xingrg/check_reg.html?_=1693278537996 HTTP/1.1" 200 22
222.67.237.86 - - [29/Aug/2023:11:08:57 +0800] "GET /xingrg/all/function/internal_message.html?_=1693277982092&CODE_STATE=getMsg HTTP/1.1" 200 27
116.235.94.33 - - [29/Aug/2023:11:09:01 +0800] "GET /xingrg/all/function/internal_message.html?_=1693278534007&CODE_STATE=getMsg HTTP/1.1" 302 -
180.169.147.146 - - [29/Aug/2023:11:09:03 +0800] "GET /xingrg/check_reg.html?_=1693278543345 HTTP/1.1" 200 22
180.169.147.146 - - [29/Aug/2023:11:09:03 +0800] "GET /xingrg/all/function/internal_message.html?_=1693278543394&CODE_STATE=getMsg HTTP/1.1" 200 27
58.40.7.146 - - [29/Aug/2023:11:09:04 +0800] "GET /xingrg/all/function/internal_message.html?_=1693278544955&CODE_STATE=getMsg HTTP/1.1" 200 27
114.83.217.95 - - [29/Aug/2023:11:09:08 +0800] "GET /xingrg/all/function/internal_message.html?_=1693278548299&CODE_STATE=getMsg HTTP/1.1" 200 27
180.165.48.189 - - [29/Aug/2023:11:09:14 +0800] "GET /xingrg/check_reg.html?_=1693278553113 HTTP/1.1" 200 22
180.165.48.189 - - [29/Aug/2023:11:09:14 +0800] "GET /xingrg/all/function/internal_message.html?_=1693278553115&CODE_STATE=getMsg HTTP/1.1" 200 27
222.70.180.200 - - [29/Aug/2023:11:09:20 +0800] "GET /xingrg/all/function/internal_message.html?_=1693278582346&CODE_STATE=getMsg HTTP/1.1" 200 27
180.169.147.146 - - [29/Aug/2023:11:09:27 +0800] "GET /xingrg/all/function/internal_message.html?_=1693278567285&CODE_STATE=getMsg HTTP/1.1" 200 27
222.70.180.200 - - [29/Aug/2023:11:09:28 +0800] "GET /xingrg/kc/buy/cgsh_order_operate.html?command=get_materiel&rest_code=00111&code=00101006111&supplier_code=00100012&order_time=2023-08-29 HTTP/1.1" 200 409
180.169.147.146 - - [29/Aug/2023:11:09:28 +0800] "GET /xingrg/all/function/internal_message.html?_=1693278569693&CODE_STATE=getMsg HTTP/1.1" 200 27
222.70.180.200 - - [29/Aug/2023:11:09:35 +0800] "GET /xingrg/all/function/internal_message.html?_=1693278574875&CODE_STATE=getMsg HTTP/1.1" 200 27
180.169.147.146 - - [29/Aug/2023:11:09:41 +0800] "GET /xingrg/check_reg.html?_=1693278682106 HTTP/1.1" 302 -
218.81.217.31 - - [29/Aug/2023:11:09:41 +0800] "GET /xingrg/all/function/internal_message.html?_=1693278587278&CODE_STATE=getMsg HTTP/1.1" 200 27
101.228.187.155 - - [29/Aug/2023:11:09:45 +0800] "GET /xingrg/all/function/internal_message.html?_=1693278584019&CODE_STATE=getMsg HTTP/1.1" 200 27
101.83.145.37 - - [29/Aug/2023:11:09:48 +0800] "GET /xingrg/all/function/internal_message.html?_=1693278590081&CODE_STATE=getMsg HTTP/1.1" 200 27
222.70.180.200 - - [29/Aug/2023:11:09:48 +0800] "GET /xingrg/check_reg.html?_=1693278589306 HTTP/1.1" 302 -
222.70.180.200 - - [29/Aug/2023:11:09:48 +0800] "GET /xingrg/all/function/internal_message.html?_=1693278589308&CODE_STATE=getMsg HTTP/1.1" 302 -
116.235.94.33 - - [29/Aug/2023:11:09:49 +0800] "GET /xingrg/all/function/internal_message.html?_=1693278882960&CODE_STATE=getMsg HTTP/1.1" 200 27
114.95.241.104 - - [29/Aug/2023:11:09:57 +0800] "GET /xingrg/all/function/internal_message.html?_=1693278496850&CODE_STATE=getMsg HTTP/1.1" 200 27
222.67.237.86 - - [29/Aug/2023:11:09:57 +0800] "GET /xingrg/all/function/internal_message.html?_=1693278042066&CODE_STATE=getMsg HTTP/1.1" 200 27
116.235.94.33 - - [29/Aug/2023:11:10:01 +0800] "GET /xingrg/check_reg.html?_=1693278594006 HTTP/1.1" 302 -
116.235.94.33 - - [29/Aug/2023:11:10:01 +0800] "GET /xingrg/all/function/internal_message.html?_=1693278594010&CODE_STATE=getMsg HTTP/1.1" 302 -
180.169.147.146 - - [29/Aug/2023:11:10:03 +0800] "GET /xingrg/all/function/internal_message.html?_=1693278603386&CODE_STATE=getMsg HTTP/1.1" 200 27
58.40.7.146 - - [29/Aug/2023:11:10:04 +0800] "GET /xingrg/all/function/internal_message.html?_=1693278604958&CODE_STATE=getMsg HTTP/1.1" 200 27
58.40.7.146 - - [29/Aug/2023:11:10:04 +0800] "GET /xingrg/check_reg.html?_=1693278604958 HTTP/1.1" 200 22
114.83.217.95 - - [29/Aug/2023:11:10:08 +0800] "GET /xingrg/all/function/internal_message.html?_=1693278608307&CODE_STATE=getMsg HTTP/1.1" 200 27
180.165.48.189 - - [29/Aug/2023:11:10:14 +0800] "GET /xingrg/all/function/internal_message.html?_=1693278613126&CODE_STATE=getMsg HTTP/1.1" 200 27
222.70.180.200 - - [29/Aug/2023:11:10:20 +0800] "GET /xingrg/all/function/internal_message.html?_=1693278642328&CODE_STATE=getMsg HTTP/1.1" 200 27
180.169.147.146 - - [29/Aug/2023:11:10:27 +0800] "GET /xingrg/all/function/internal_message.html?_=1693278627278&CODE_STATE=getMsg HTTP/1.1" 200 27
180.169.147.146 - - [29/Aug/2023:11:10:28 +0800] "GET /xingrg/all/function/internal_message.html?_=1693278629692&CODE_STATE=getMsg HTTP/1.1" 200 27
218.81.217.31 - - [29/Aug/2023:11:10:28 +0800] "POST /xingrg/kc/buy/cgsh_order_operate.html HTTP/1.1" 200 37
218.81.217.31 - - [29/Aug/2023:11:10:32 +0800] "POST /xingrg/kc/buy/cgsh_order_operate.html HTTP/1.1" 200 4420
116.232.195.127 - - [29/Aug/2023:11:10:33 +0800] "GET /xingrg/index.html?sysBaseUrl=http%3A%2F%2F180.169.147.146%3A18081%2Fxingrg%2F&costTime=1277×tamp=1606817596806 HTTP/1.1" 200 17179
116.232.195.127 - - [29/Aug/2023:11:10:33 +0800] "GET /xingrg/check_reg.html?_=1693278541754 HTTP/1.1" 200 22
116.232.195.127 - - [29/Aug/2023:11:10:33 +0800] "GET /xingrg/all/function/internal_message.html?_=1693278541753&CODE_STATE=count HTTP/1.1" 200 11
116.232.195.127 - - [29/Aug/2023:11:10:33 +0800] "GET /favicon.ico HTTP/1.1" 404 -
116.232.195.127 - - [29/Aug/2023:11:10:33 +0800] "POST /xingrg/all/common/load_tree.html?tree=area_rest_tree_json&manage=1 HTTP/1.1" 200 351
116.232.195.127 - - [29/Aug/2023:11:10:34 +0800] "POST /xingrg/load_menu.html HTTP/1.1" 200 5138
222.70.180.200 - - [29/Aug/2023:11:10:34 +0800] "GET /xingrg/kc/buy/cgsh_order_operate.html?command=get_materiel&rest_code=00111&code=00101006026&supplier_code=00100012&order_time=2023-08-29 HTTP/1.1" 200 409
222.70.180.200 - - [29/Aug/2023:11:10:35 +0800] "GET /xingrg/check_reg.html?_=1693278634888 HTTP/1.1" 200 22
222.70.180.200 - - [29/Aug/2023:11:10:35 +0800] "GET /xingrg/all/function/internal_message.html?_=1693278634881&CODE_STATE=getMsg HTTP/1.1" 200 27
116.232.195.127 - - [29/Aug/2023:11:10:36 +0800] "GET /xingrg/kc/base/base_main.html HTTP/1.1" 200 12142
116.232.195.127 - - [29/Aug/2023:11:10:37 +0800] "GET /xingrg/kc/base/wldb_order_list.html HTTP/1.1" 200 19180
218.81.217.31 - - [29/Aug/2023:11:10:38 +0800] "GET /xingrg/kc/print/load_config.html?kc_code=cgsh HTTP/1.1" 200 1924
116.232.195.127 - - [29/Aug/2023:11:10:39 +0800] "POST /xingrg/kc/base/wldb_list_operate.html HTTP/1.1" 200 928
218.81.217.31 - - [29/Aug/2023:11:10:39 +0800] "GET /xingrg/kc/print/load_data.html?order_code=212023082911818&kc_code=cgsh&condition= HTTP/1.1" 200 1380
218.81.217.31 - - [29/Aug/2023:11:10:41 +0800] "GET /xingrg/all/function/internal_message.html?_=1693278647284&CODE_STATE=getMsg HTTP/1.1" 200 27
116.232.195.127 - - [29/Aug/2023:11:10:44 +0800] "POST /xingrg/kc/base/wldb_list_operate.html HTTP/1.1" 200 6225
101.228.187.155 - - [29/Aug/2023:11:10:45 +0800] "GET /xingrg/all/function/internal_message.html?_=1693278644020&CODE_STATE=getMsg HTTP/1.1" 200 27
101.83.145.37 - - [29/Aug/2023:11:10:48 +0800] "GET /xingrg/all/function/internal_message.html?_=1693278650084&CODE_STATE=getMsg HTTP/1.1" 200 27
222.70.180.200 - - [29/Aug/2023:11:10:48 +0800] "GET /xingrg/all/function/internal_message.html?_=1693278649308&CODE_STATE=getMsg HTTP/1.1" 302 -
116.235.94.33 - - [29/Aug/2023:11:10:49 +0800] "GET /xingrg/check_reg.html?_=1693278942649 HTTP/1.1" 200 22
116.235.94.33 - - [29/Aug/2023:11:10:49 +0800] "GET /xingrg/all/function/internal_message.html?_=1693278942934&CODE_STATE=getMsg HTTP/1.1" 200 27
116.232.195.127 - - [29/Aug/2023:11:10:52 +0800] "POST /xingrg/kc/base/wldb_list_operate.html HTTP/1.1" 200 293
114.95.241.104 - - [29/Aug/2023:11:10:57 +0800] "GET /xingrg/all/function/internal_message.html?_=1693278556863&CODE_STATE=getMsg HTTP/1.1" 200 27
116.232.195.127 - - [29/Aug/2023:11:10:57 +0800] "POST /xingrg/kc/base/wldb_list_operate.html HTTP/1.1" 200 10419
222.67.237.86 - - [29/Aug/2023:11:10:57 +0800] "GET /xingrg/all/function/internal_message.html?_=1693278102036&CODE_STATE=getMsg HTTP/1.1" 200 27
218.81.217.31 - - [29/Aug/2023:11:10:58 +0800] "GET /xingrg/kc/buy/cgsh_order_add.html HTTP/1.1" 200 72035
218.81.217.31 - - [29/Aug/2023:11:10:58 +0800] "POST /xingrg/kc/buy/cgsh_order_operate.html HTTP/1.1" 200 8245
218.81.217.31 - - [29/Aug/2023:11:10:58 +0800] "GET /xingrg/javascript/easyui/themes/default/validatebox.css HTTP/1.1" 404 1104
222.70.180.200 - - [29/Aug/2023:11:10:59 +0800] "GET /xingrg/check_reg.html?_=1693278681183 HTTP/1.1" 200 22
116.232.195.127 - - [29/Aug/2023:11:10:59 +0800] "POST /xingrg/kc/base/wldb_list_operate.html HTTP/1.1" 200 209
116.235.94.33 - - [29/Aug/2023:11:11:01 +0800] "GET /xingrg/all/function/internal_message.html?_=1693278654010&CODE_STATE=getMsg HTTP/1.1" 302 -
180.169.147.146 - - [29/Aug/2023:11:11:03 +0800] "GET /xingrg/all/function/internal_message.html?_=1693278663372&CODE_STATE=getMsg HTTP/1.1" 200 27
116.232.195.127 - - [29/Aug/2023:11:11:03 +0800] "POST /xingrg/kc/base/wldb_list_operate.html HTTP/1.1" 200 293
222.70.180.200 - - [29/Aug/2023:11:11:03 +0800] "GET /xingrg/kc/buy/cgsh_order_operate.html?command=get_materiel&rest_code=00111&code=00101018007&supplier_code=00100012&order_time=2023-08-29 HTTP/1.1" 200 409
116.232.195.127 - - [29/Aug/2023:11:11:04 +0800] "POST /xingrg/kc/base/wldb_list_operate.html HTTP/1.1" 200 638
58.40.7.146 - - [29/Aug/2023:11:11:04 +0800] "GET /xingrg/all/function/internal_message.html?_=1693278664960&CODE_STATE=getMsg HTTP/1.1" 200 27
116.232.195.127 - - [29/Aug/2023:11:11:07 +0800] "POST /xingrg/kc/base/wldb_list_operate.html HTTP/1.1" 200 594
114.83.217.95 - - [29/Aug/2023:11:11:08 +0800] "GET /xingrg/all/function/internal_message.html?_=1693278668297&CODE_STATE=getMsg HTTP/1.1" 200 27
114.83.217.95 - - [29/Aug/2023:11:11:08 +0800] "GET /xingrg/check_reg.html?_=1693278668300 HTTP/1.1" 200 22
180.165.48.189 - - [29/Aug/2023:11:11:14 +0800] "GET /xingrg/all/function/internal_message.html?_=1693278673119&CODE_STATE=getMsg HTTP/1.1" 200 27
218.81.217.31 - - [29/Aug/2023:11:11:16 +0800] "GET /xingrg/kc/buy/cgsh_order_operate.html?command=get_materiel&rest_code=00146&code=00101010161&supplier_code=00100033&order_time=2023-08-29 HTTP/1.1" 200 409
116.232.195.127 - - [29/Aug/2023:11:11:16 +0800] "POST /xingrg/kc/base/wldb_list_operate.html HTTP/1.1" 200 622
116.232.195.127 - - [29/Aug/2023:11:11:19 +0800] "POST /xingrg/kc/base/wldb_list_operate.html HTTP/1.1" 200 203
222.70.180.200 - - [29/Aug/2023:11:11:20 +0800] "GET /xingrg/all/function/internal_message.html?_=1693278702325&CODE_STATE=getMsg HTTP/1.1" 200 27
116.232.195.127 - - [29/Aug/2023:11:11:21 +0800] "POST /xingrg/kc/base/wldb_list_operate.html HTTP/1.1" 200 308
116.232.195.127 - - [29/Aug/2023:11:11:21 +0800] "POST /xingrg/kc/base/wldb_list_operate.html HTTP/1.1" 200 360
180.169.147.146 - - [29/Aug/2023:11:11:27 +0800] "GET /xingrg/all/function/internal_message.html?_=1693278687311&CODE_STATE=getMsg HTTP/1.1" 200 27
180.169.147.146 - - [29/Aug/2023:11:11:27 +0800] "GET /xingrg/check_reg.html?_=1693278687319 HTTP/1.1" 200 22
180.169.147.146 - - [29/Aug/2023:11:11:28 +0800] "GET /xingrg/all/function/internal_message.html?_=1693278689690&CODE_STATE=getMsg HTTP/1.1" 200 27
116.232.195.127 - - [29/Aug/2023:11:11:33 +0800] "GET /xingrg/all/function/internal_message.html?_=1693278601760&CODE_STATE=getMsg HTTP/1.1" 200 27
222.70.180.200 - - [29/Aug/2023:11:11:35 +0800] "GET /xingrg/all/function/internal_message.html?_=1693278694872&CODE_STATE=getMsg HTTP/1.1" 200 27
218.81.217.31 - - [29/Aug/2023:11:11:41 +0800] "GET /xingrg/check_reg.html?_=1693278707159 HTTP/1.1" 200 22
218.81.217.31 - - [29/Aug/2023:11:11:41 +0800] "GET /xingrg/all/function/internal_message.html?_=1693278707298&CODE_STATE=getMsg HTTP/1.1" 200 27
218.81.217.31 - - [29/Aug/2023:11:11:42 +0800] "GET /xingrg/kc/buy/cgsh_order_operate.html?command=get_materiel&rest_code=00146&code=00101005037&supplier_code=00100033&order_time=2023-08-29 HTTP/1.1" 200 409
101.228.187.155 - - [29/Aug/2023:11:11:45 +0800] "GET /xingrg/check_reg.html?_=1693278704026 HTTP/1.1" 200 22
101.228.187.155 - - [29/Aug/2023:11:11:45 +0800] "GET /xingrg/all/function/internal_message.html?_=1693278704021&CODE_STATE=getMsg HTTP/1.1" 200 27
101.83.145.37 - - [29/Aug/2023:11:11:48 +0800] "GET /xingrg/all/function/internal_message.html?_=1693278710083&CODE_STATE=getMsg HTTP/1.1" 200 27
222.70.180.200 - - [29/Aug/2023:11:11:48 +0800] "GET /xingrg/all/function/internal_message.html?_=1693278709293&CODE_STATE=getMsg HTTP/1.1" 302 -
116.235.94.33 - - [29/Aug/2023:11:11:49 +0800] "GET /xingrg/all/function/internal_message.html?_=1693279002904&CODE_STATE=getMsg HTTP/1.1" 200 27
114.95.241.104 - - [29/Aug/2023:11:11:57 +0800] "GET /xingrg/all/function/internal_message.html?_=1693278616902&CODE_STATE=getMsg HTTP/1.1" 200 27
222.67.237.86 - - [29/Aug/2023:11:11:57 +0800] "GET /xingrg/all/function/internal_message.html?_=1693278162008&CODE_STATE=getMsg HTTP/1.1" 200 27
222.67.237.86 - - [29/Aug/2023:11:11:58 +0800] "GET /xingrg/check_reg.html?_=1693278163417 HTTP/1.1" 200 22
116.235.94.33 - - [29/Aug/2023:11:12:01 +0800] "GET /xingrg/all/function/internal_message.html?_=1693278714002&CODE_STATE=getMsg HTTP/1.1" 302 -
180.169.147.146 - - [29/Aug/2023:11:12:03 +0800] "GET /xingrg/all/function/internal_message.html?_=1693278723349&CODE_STATE=getMsg HTTP/1.1" 200 27
218.81.217.31 - - [29/Aug/2023:11:12:03 +0800] "GET /xingrg/kc/buy/cgsh_order_operate.html?command=get_materiel&rest_code=00146&code=00101001075&supplier_code=00100033&order_time=2023-08-29 HTTP/1.1" 200 410
180.163.30.85 - - [29/Aug/2023:11:12:04 +0800] "GET /xingrg/all/function/internal_message.html?_=1693278663372&CODE_STATE=getMsg HTTP/1.1" 302 -
180.163.30.85 - - [29/Aug/2023:11:12:04 +0800] "GET /xingrg/login.html HTTP/1.1" 200 7641
58.40.7.146 - - [29/Aug/2023:11:12:04 +0800] "GET /xingrg/all/function/internal_message.html?_=1693278724962&CODE_STATE=getMsg HTTP/1.1" 200 27
218.81.217.31 - - [29/Aug/2023:11:12:06 +0800] "POST /xingrg/services/DataTransmitService HTTP/1.1" 200 524
116.232.195.127 - - [29/Aug/2023:11:12:07 +0800] "POST /xingrg/kc/base/wldb_list_operate.html HTTP/1.1" 200 217
114.83.217.95 - - [29/Aug/2023:11:12:08 +0800] "GET /xingrg/all/function/internal_message.html?_=1693278728302&CODE_STATE=getMsg HTTP/1.1" 200 27
116.232.195.127 - - [29/Aug/2023:11:12:12 +0800] "POST /xingrg/kc/base/wldb_list_operate.html HTTP/1.1" 200 603
58.40.7.146 - - [29/Aug/2023:11:12:13 +0800] "GET /favicon.ico HTTP/1.1" 404 -
116.232.195.127 - - [29/Aug/2023:11:12:13 +0800] "POST /xingrg/kc/base/wldb_list_operate.html HTTP/1.1" 200 644
180.165.48.189 - - [29/Aug/2023:11:12:14 +0800] "GET /xingrg/all/function/internal_message.html?_=1693278733107&CODE_STATE=getMsg HTTP/1.1" 200 27
116.232.195.127 - - [29/Aug/2023:11:12:19 +0800] "POST /xingrg/kc/base/wldb_list_operate.html HTTP/1.1" 200 10554
218.81.217.31 - - [29/Aug/2023:11:12:19 +0800] "GET /xingrg/kc/buy/cgsh_order_operate.html?command=get_materiel&rest_code=00146&code=00101018011&supplier_code=00100033&order_time=2023-08-29 HTTP/1.1" 200 413
222.70.180.200 - - [29/Aug/2023:11:12:20 +0800] "GET /xingrg/all/function/internal_message.html?_=1693278762309&CODE_STATE=getMsg HTTP/1.1" 200 27
116.232.195.127 - - [29/Aug/2023:11:12:21 +0800] "POST /xingrg/kc/base/wldb_list_operate.html HTTP/1.1" 200 204
116.232.195.127 - - [29/Aug/2023:11:12:23 +0800] "POST /xingrg/kc/base/wldb_list_operate.html HTTP/1.1" 200 201
180.169.147.146 - - [29/Aug/2023:11:12:27 +0800] "GET /xingrg/all/function/internal_message.html?_=1693278747305&CODE_STATE=getMsg HTTP/1.1" 200 27
180.169.147.146 - - [29/Aug/2023:11:12:28 +0800] "GET /xingrg/all/function/internal_message.html?_=1693278749688&CODE_STATE=getMsg HTTP/1.1" 200 27
116.232.195.127 - - [29/Aug/2023:11:12:30 +0800] "POST /xingrg/kc/base/wldb_list_operate.html HTTP/1.1" 200 563
116.232.195.127 - - [29/Aug/2023:11:12:33 +0800] "GET /xingrg/all/function/internal_message.html?_=1693278661778&CODE_STATE=getMsg HTTP/1.1" 200 27
222.70.180.200 - - [29/Aug/2023:11:12:35 +0800] "GET /xingrg/all/function/internal_message.html?_=1693278754876&CODE_STATE=getMsg HTTP/1.1" 200 27
116.232.195.127 - - [29/Aug/2023:11:12:36 +0800] "POST /xingrg/kc/base/wldb_list_operate.html HTTP/1.1" 200 10538
116.232.195.127 - - [29/Aug/2023:11:12:39 +0800] "POST /xingrg/kc/base/wldb_list_operate.html HTTP/1.1" 200 292
218.81.217.31 - - [29/Aug/2023:11:12:41 +0800] "GET /xingrg/all/function/internal_message.html?_=1693278767312&CODE_STATE=getMsg HTTP/1.1" 200 27
180.169.147.146 - - [29/Aug/2023:11:12:41 +0800] "POST /xingrg/kc/buy/cgsh_list_operate.html HTTP/1.1" 200 530
116.232.195.127 - - [29/Aug/2023:11:12:42 +0800] "GET /xingrg/kc/report/report_main.html HTTP/1.1" 200 7340
101.228.187.155 - - [29/Aug/2023:11:12:45 +0800] "GET /xingrg/all/function/internal_message.html?_=1693278764022&CODE_STATE=getMsg HTTP/1.1" 200 27
101.83.145.37 - - [29/Aug/2023:11:12:48 +0800] "GET /xingrg/all/function/internal_message.html?_=1693278770109&CODE_STATE=getMsg HTTP/1.1" 200 27
222.70.180.200 - - [29/Aug/2023:11:12:48 +0800] "GET /xingrg/all/function/internal_message.html?_=1693278769294&CODE_STATE=getMsg HTTP/1.1" 302 -
116.235.94.33 - - [29/Aug/2023:11:12:49 +0800] "GET /xingrg/all/function/internal_message.html?_=1693279062882&CODE_STATE=getMsg HTTP/1.1" 200 27
218.81.217.31 - - [29/Aug/2023:11:12:53 +0800] "POST /xingrg/kc/buy/cgsh_order_operate.html HTTP/1.1" 200 37
116.232.195.127 - - [29/Aug/2023:11:12:54 +0800] "GET /xingrg/all/report/report_query.html?fileName=kc/base/wldb_base.xml HTTP/1.1" 200 51144
116.232.195.127 - - [29/Aug/2023:11:12:54 +0800] "GET /xingrg/dwr/interface/AjaxReportQueryService.js HTTP/1.1" 200 13203
116.232.195.127 - - [29/Aug/2023:11:12:54 +0800] "GET /xingrg/dwr/engine.js HTTP/1.1" 200 43631
116.232.195.127 - - [29/Aug/2023:11:12:54 +0800] "POST /xingrg/dwr/call/plaincall/AjaxReportQueryService.getFixDate.dwr HTTP/1.1" 200 111
116.232.195.127 - - [29/Aug/2023:11:12:54 +0800] "POST /xingrg/dwr/call/plaincall/AjaxReportQueryService.getInitString.dwr HTTP/1.1" 200 1062
116.232.195.127 - - [29/Aug/2023:11:12:54 +0800] "POST /xingrg/dwr/call/plaincall/AjaxReportQueryService.getInitString.dwr HTTP/1.1" 200 1062
116.232.195.127 - - [29/Aug/2023:11:12:55 +0800] "POST /xingrg/all/common/load_tree.html?tree=materiel_sort_tree_json HTTP/1.1" 200 9500
114.95.241.104 - - [29/Aug/2023:11:12:57 +0800] "GET /xingrg/all/function/internal_message.html?_=1693278676907&CODE_STATE=getMsg HTTP/1.1" 200 27
222.67.237.86 - - [29/Aug/2023:11:12:57 +0800] "GET /xingrg/all/function/internal_message.html?_=1693278222006&CODE_STATE=getMsg HTTP/1.1" 200 27
218.81.217.31 - - [29/Aug/2023:11:12:58 +0800] "POST /xingrg/kc/buy/cgsh_order_operate.html HTTP/1.1" 200 4421
116.235.94.33 - - [29/Aug/2023:11:13:01 +0800] "GET /xingrg/all/function/internal_message.html?_=1693278774016&CODE_STATE=getMsg HTTP/1.1" 302 -
180.152.241.196 - - [29/Aug/2023:11:13:01 +0800] "POST /xingrg/services/DataTransmitService HTTP/1.1" 200 524
180.152.241.196 - - [29/Aug/2023:11:13:03 +0800] "POST /xingrg/services/DataTransmitService HTTP/1.1" 200 501
180.169.147.146 - - [29/Aug/2023:11:13:03 +0800] "GET /xingrg/all/function/internal_message.html?_=1693278783343&CODE_STATE=getMsg HTTP/1.1" 200 27
58.40.7.146 - - [29/Aug/2023:11:13:04 +0800] "GET /xingrg/all/function/internal_message.html?_=1693278784963&CODE_STATE=getMsg HTTP/1.1" 200 27
114.83.217.95 - - [29/Aug/2023:11:13:08 +0800] "GET /xingrg/all/function/internal_message.html?_=1693278788314&CODE_STATE=getMsg HTTP/1.1" 200 27
180.165.48.189 - - [29/Aug/2023:11:13:14 +0800] "GET /xingrg/all/function/internal_message.html?_=1693278793115&CODE_STATE=getMsg HTTP/1.1" 200 27
222.70.180.200 - - [29/Aug/2023:11:13:20 +0800] "GET /xingrg/all/function/internal_message.html?_=1693278822283&CODE_STATE=getMsg HTTP/1.1" 200 27
180.169.147.146 - - [29/Aug/2023:11:13:27 +0800] "GET /xingrg/all/function/internal_message.html?_=1693278807311&CODE_STATE=getMsg HTTP/1.1" 200 27
180.169.147.146 - - [29/Aug/2023:11:13:28 +0800] "GET /xingrg/check_reg.html?_=1693278809691 HTTP/1.1" 200 22
180.169.147.146 - - [29/Aug/2023:11:13:28 +0800] "GET /xingrg/all/function/internal_message.html?_=1693278809690&CODE_STATE=getMsg HTTP/1.1" 200 27
116.232.195.127 - - [29/Aug/2023:11:13:33 +0800] "GET /xingrg/all/function/internal_message.html?_=1693278721759&CODE_STATE=getMsg HTTP/1.1" 200 27
222.70.180.200 - - [29/Aug/2023:11:13:35 +0800] "GET /xingrg/all/function/internal_message.html?_=1693278814875&CODE_STATE=getMsg HTTP/1.1" 200 27
218.81.217.31 - - [29/Aug/2023:11:13:41 +0800] "GET /xingrg/all/function/internal_message.html?_=1693278827367&CODE_STATE=getMsg HTTP/1.1" 200 27
101.228.187.155 - - [29/Aug/2023:11:13:45 +0800] "GET /xingrg/all/function/internal_message.html?_=1693278824022&CODE_STATE=getMsg HTTP/1.1" 200 27
101.83.145.37 - - [29/Aug/2023:11:13:48 +0800] "GET /xingrg/check_reg.html?_=1693278830108 HTTP/1.1" 200 22
101.83.145.37 - - [29/Aug/2023:11:13:48 +0800] "GET /xingrg/all/function/internal_message.html?_=1693278830111&CODE_STATE=getMsg HTTP/1.1" 200 27
222.70.180.200 - - [29/Aug/2023:11:13:48 +0800] "GET /xingrg/all/function/internal_message.html?_=1693278829293&CODE_STATE=getMsg HTTP/1.1" 302 -
116.235.94.33 - - [29/Aug/2023:11:13:49 +0800] "GET /xingrg/all/function/internal_message.html?_=1693279122858&CODE_STATE=getMsg HTTP/1.1" 200 27
180.169.147.146 - - [29/Aug/2023:11:13:54 +0800] "POST /xingrg/kc/buy/cgsh_list_operate.html HTTP/1.1" 200 4
114.95.241.104 - - [29/Aug/2023:11:13:56 +0800] "GET /xingrg/check_reg.html?_=1693278736548 HTTP/1.1" 200 22
180.152.241.196 - - [29/Aug/2023:11:13:57 +0800] "GET /xingrg/check_reg.html?_=1693278837972 HTTP/1.1" 200 22
114.95.241.104 - - [29/Aug/2023:11:13:57 +0800] "GET /xingrg/all/function/internal_message.html?_=1693278736919&CODE_STATE=getMsg HTTP/1.1" 200 27
222.67.237.86 - - [29/Aug/2023:11:13:57 +0800] "GET /xingrg/all/function/internal_message.html?_=1693278282126&CODE_STATE=getMsg HTTP/1.1" 200 27
222.70.180.200 - - [29/Aug/2023:11:13:58 +0800] "GET /xingrg/kc/buy/cgsh_order_operate.html?command=get_materiel&rest_code=00111&code=00101006087&supplier_code=00100012&order_time=2023-08-29 HTTP/1.1" 200 409
116.235.94.33 - - [29/Aug/2023:11:14:01 +0800] "GET /xingrg/all/function/internal_message.html?_=1693278834056&CODE_STATE=getMsg HTTP/1.1" 302 -
180.169.147.146 - - [29/Aug/2023:11:14:03 +0800] "GET /xingrg/all/function/internal_message.html?_=1693278843338&CODE_STATE=getMsg HTTP/1.1" 200 27
180.169.147.146 - - [29/Aug/2023:11:14:03 +0800] "GET /xingrg/check_reg.html?_=1693278843342 HTTP/1.1" 200 22
58.40.7.146 - - [29/Aug/2023:11:14:04 +0800] "GET /xingrg/all/function/internal_message.html?_=1693278844966&CODE_STATE=getMsg HTTP/1.1" 200 27
114.83.217.95 - - [29/Aug/2023:11:14:08 +0800] "GET /xingrg/all/function/internal_message.html?_=1693278848309&CODE_STATE=getMsg HTTP/1.1" 200 27
180.165.48.189 - - [29/Aug/2023:11:14:14 +0800] "GET /xingrg/check_reg.html?_=1693278853117 HTTP/1.1" 200 22
180.165.48.189 - - [29/Aug/2023:11:14:14 +0800] "GET /xingrg/all/function/internal_message.html?_=1693278853120&CODE_STATE=getMsg HTTP/1.1" 200 27
114.83.217.95 - - [29/Aug/2023:11:14:16 +0800] "POST /xingrg/services/DataTransmitService HTTP/1.1" 200 524
114.83.217.95 - - [29/Aug/2023:11:14:17 +0800] "POST /xingrg/services/DataTransmitService HTTP/1.1" 200 412
222.70.180.200 - - [29/Aug/2023:11:14:20 +0800] "GET /xingrg/all/function/internal_message.html?_=1693278882273&CODE_STATE=getMsg HTTP/1.1" 200 27
124.78.155.92 - - [29/Aug/2023:11:14:21 +0800] "GET /xingrg/login.html?r=1 HTTP/1.1" 200 7641
124.78.155.92 - - [29/Aug/2023:11:14:22 +0800] "GET /favicon.ico HTTP/1.1" 404 -
124.78.155.92 - - [29/Aug/2023:11:14:24 +0800] "POST /xingrg/login.do HTTP/1.1" 302 -
124.78.155.92 - - [29/Aug/2023:11:14:24 +0800] "GET /xingrg/index.html?sysBaseUrl=http%3A%2F%2F180.169.147.146%3A18081%2Fxingrg%2F&costTime=931×tamp=1693278864718 HTTP/1.1" 200 17173
124.78.155.92 - - [29/Aug/2023:11:14:24 +0800] "GET /favicon.ico HTTP/1.1" 404 -
124.78.155.92 - - [29/Aug/2023:11:14:25 +0800] "GET /xingrg/check_reg.html?_=1693278865268 HTTP/1.1" 200 22
124.78.155.92 - - [29/Aug/2023:11:14:25 +0800] "GET /xingrg/all/function/internal_message.html?_=1693278865267&CODE_STATE=count HTTP/1.1" 200 11
124.78.155.92 - - [29/Aug/2023:11:14:25 +0800] "POST /xingrg/all/common/load_tree.html?tree=area_rest_tree_json&manage=1 HTTP/1.1" 200 342
124.78.155.92 - - [29/Aug/2023:11:14:25 +0800] "POST /xingrg/load_menu.html HTTP/1.1" 200 5138
124.78.155.92 - - [29/Aug/2023:11:14:26 +0800] "GET /xingrg/kc/buy/buy_main.html HTTP/1.1" 200 12412
124.78.155.92 - - [29/Aug/2023:11:14:26 +0800] "GET /xingrg/css/new_ie.css HTTP/1.1" 404 1036
180.169.147.146 - - [29/Aug/2023:11:14:27 +0800] "GET /xingrg/all/function/internal_message.html?_=1693278867310&CODE_STATE=getMsg HTTP/1.1" 200 27
218.81.217.31 - - [29/Aug/2023:11:14:33 +0800] "POST /xingrg/kc/buy/cgsh_order_operate.html HTTP/1.1" 200 37
116.232.195.127 - - [29/Aug/2023:11:14:33 +0800] "GET /xingrg/all/function/internal_message.html?_=1693278781776&CODE_STATE=getMsg HTTP/1.1" 200 27
222.70.180.200 - - [29/Aug/2023:11:14:35 +0800] "GET /xingrg/all/function/internal_message.html?_=1693278874880&CODE_STATE=getMsg HTTP/1.1" 200 27
218.81.217.31 - - [29/Aug/2023:11:14:37 +0800] "POST /xingrg/kc/buy/cgsh_order_operate.html HTTP/1.1" 200 4421
218.81.217.31 - - [29/Aug/2023:11:14:39 +0800] "GET /xingrg/kc/print/load_data.html?order_code=212023082911819&kc_code=cgsh&condition= HTTP/1.1" 200 1390
180.169.147.146 - - [29/Aug/2023:11:14:41 +0800] "GET /xingrg/check_reg.html?_=1693278982133 HTTP/1.1" 302 -
218.81.217.31 - - [29/Aug/2023:11:14:41 +0800] "GET /xingrg/all/function/internal_message.html?_=1693278887370&CODE_STATE=getMsg HTTP/1.1" 200 27
124.78.155.92 - - [29/Aug/2023:11:14:43 +0800] "GET /xingrg/images/yd/bt.gif HTTP/1.1" 404 1040
124.78.155.92 - - [29/Aug/2023:11:14:45 +0800] "GET /xingrg/kc/buy/cgsh_order_list.html HTTP/1.1" 200 56253
101.228.187.155 - - [29/Aug/2023:11:14:45 +0800] "GET /xingrg/all/function/internal_message.html?_=1693278884027&CODE_STATE=getMsg HTTP/1.1" 200 27
101.83.145.37 - - [29/Aug/2023:11:14:48 +0800] "GET /xingrg/all/function/internal_message.html?_=1693278890110&CODE_STATE=getMsg HTTP/1.1" 200 27
222.70.180.200 - - [29/Aug/2023:11:14:48 +0800] "GET /xingrg/all/function/internal_message.html?_=1693278889309&CODE_STATE=getMsg HTTP/1.1" 302 -
222.70.180.200 - - [29/Aug/2023:11:14:48 +0800] "GET /xingrg/check_reg.html?_=1693278889312 HTTP/1.1" 302 -
116.235.94.33 - - [29/Aug/2023:11:14:49 +0800] "GET /xingrg/all/function/internal_message.html?_=1693279182835&CODE_STATE=getMsg HTTP/1.1" 200 27
114.95.241.104 - - [29/Aug/2023:11:14:57 +0800] "GET /xingrg/all/function/internal_message.html?_=1693278796933&CODE_STATE=getMsg HTTP/1.1" 200 27
222.67.237.86 - - [29/Aug/2023:11:14:57 +0800] "GET /xingrg/all/function/internal_message.html?_=1693278342113&CODE_STATE=getMsg HTTP/1.1" 200 27
116.235.94.33 - - [29/Aug/2023:11:15:01 +0800] "GET /xingrg/check_reg.html?_=1693278894011 HTTP/1.1" 302 -
116.235.94.33 - - [29/Aug/2023:11:15:01 +0800] "GET /xingrg/all/function/internal_message.html?_=1693278894039&CODE_STATE=getMsg HTTP/1.1" 302 -
218.81.217.31 - - [29/Aug/2023:11:15:01 +0800] "POST /xingrg/services/DataTransmitService HTTP/1.1" 200 524
180.163.28.55 - - [29/Aug/2023:11:15:03 +0800] "GET /xingrg/all/function/internal_message.html?_=1693278843338&CODE_STATE=getMsg HTTP/1.1" 302 -
180.163.28.55 - - [29/Aug/2023:11:15:03 +0800] "GET /xingrg/login.html HTTP/1.1" 200 7641
180.169.147.146 - - [29/Aug/2023:11:15:03 +0800] "GET /xingrg/all/function/internal_message.html?_=1693278903334&CODE_STATE=getMsg HTTP/1.1" 200 27
218.81.217.31 - - [29/Aug/2023:11:15:03 +0800] "POST /xingrg/services/DataTransmitService HTTP/1.1" 200 2339
58.40.7.146 - - [29/Aug/2023:11:15:04 +0800] "GET /xingrg/check_reg.html?_=1693278904968 HTTP/1.1" 200 22
58.40.7.146 - - [29/Aug/2023:11:15:04 +0800] "GET /xingrg/all/function/internal_message.html?_=1693278904969&CODE_STATE=getMsg HTTP/1.1" 200 27
218.81.217.31 - - [29/Aug/2023:11:15:05 +0800] "POST /xingrg/services/DataTransmitService HTTP/1.1" 200 176520
222.67.237.86 - - [29/Aug/2023:11:15:05 +0800] "POST /xingrg/kc/buy/cgsh_order_operate.html HTTP/1.1" 200 37
124.78.155.92 - - [29/Aug/2023:11:15:06 +0800] "POST /xingrg/kc/buy/cgsh_list_operate.html HTTP/1.1" 200 2683
114.83.217.95 - - [29/Aug/2023:11:15:08 +0800] "GET /xingrg/all/function/internal_message.html?_=1693278908316&CODE_STATE=getMsg HTTP/1.1" 200 27
180.165.48.189 - - [29/Aug/2023:11:15:14 +0800] "GET /xingrg/all/function/internal_message.html?_=1693278913116&CODE_STATE=getMsg HTTP/1.1" 200 27
222.70.180.200 - - [29/Aug/2023:11:15:20 +0800] "GET /xingrg/all/function/internal_message.html?_=1693278942256&CODE_STATE=getMsg HTTP/1.1" 200 27
124.78.155.92 - - [29/Aug/2023:11:15:25 +0800] "GET /xingrg/all/function/internal_message.html?_=1693278925284&CODE_STATE=getMsg HTTP/1.1" 200 27
180.169.147.146 - - [29/Aug/2023:11:15:28 +0800] "GET /xingrg/all/function/internal_message.html?_=1693278929704&CODE_STATE=getMsg HTTP/1.1" 200 27
124.78.155.92 - - [29/Aug/2023:11:15:32 +0800] "GET /xingrg/kc/buy/cgsh_order_add.html HTTP/1.1" 200 72029
124.78.155.92 - - [29/Aug/2023:11:15:32 +0800] "GET /xingrg/words/20230829104626_words.js HTTP/1.1" 304 -
124.78.155.92 - - [29/Aug/2023:11:15:32 +0800] "GET /xingrg/javascript/easyui/themes/default/validatebox.css HTTP/1.1" 404 1104
124.78.155.92 - - [29/Aug/2023:11:15:32 +0800] "POST /xingrg/kc/buy/cgsh_order_operate.html HTTP/1.1" 200 8245
