114.83.223.42 - - [27/Aug/2023:11:05:20 +0800] "GET /xingrg/words/20230827105955_words.js HTTP/1.1" 304 -
114.83.223.42 - - [27/Aug/2023:11:05:20 +0800] "GET /xingrg/javascript/easyui/themes/default/validatebox.css HTTP/1.1" 404 1104
101.83.145.37 - - [27/Aug/2023:11:05:20 +0800] "GET /xingrg/all/function/internal_message.html?_=1693105521845&CODE_STATE=getMsg HTTP/1.1" 200 27
101.229.170.135 - - [27/Aug/2023:11:05:20 +0800] "POST /xingrg/all/report/load_report_page.html HTTP/1.1" 200 19022
101.229.170.135 - - [27/Aug/2023:11:05:20 +0800] "GET /xingrg/servlets/image?cache=0.3304751582824591&image=px HTTP/1.1" 200 807
114.83.223.42 - - [27/Aug/2023:11:05:21 +0800] "POST /xingrg/kc/base/wldb_order_operate.html HTTP/1.1" 200 502
222.67.237.86 - - [27/Aug/2023:11:05:21 +0800] "GET /xingrg/all/function/internal_message.html?_=1693104967035&CODE_STATE=getMsg HTTP/1.1" 200 27
180.152.241.196 - - [27/Aug/2023:11:05:21 +0800] "GET /xingrg/all/function/internal_message.html?_=1693105521640&CODE_STATE=getMsg HTTP/1.1" 200 27
101.229.170.135 - - [27/Aug/2023:11:05:26 +0800] "GET /xingrg/all/report/report_query.html?isQuery=1&fileName=kc/base/crk_detail_by_list.xml&queryString=&queryText=%25E3%2580%2590%25E4%25BB%2593%25E5%25BA%2593%25E5%2590%258D%25E7%25A7%25B0%253A%25E5%258E%25A8%25E6%2588%25BF%25E3%2580%2591%25E3%2580%2590%25E4%25B8%259A%25E5%258A%25A1%25E7%25B1%25BB%25E5%259E%258B%25EF%25BC%259A%25E9%2587%2587%25E8%25B4%25AD%25E5%2585%25A5%25E5%25BA%2593%25E3%2580%2591%2520%253F%253F%253F%253F%253F2023-05-01%253F%253F2023-05-31%2520%253F%253F%253F%253F%253F%253F%253F&tableQueryString=crk_table%2524sp1%2524order_day%2520between%252020230501%2520and%252020230531%2520and%2520(base_code%253D%270010273%27)%2520and%2520(src_order_type%2520in%2520(21))%2520and%2520(is_rk%2520in%2520(1))%2520and%2520(m.sort_code%253D%2700101001%27)%2520and%2520(a.materiel_code%253D%2700101001053%27) HTTP/1.1" 200 51046
101.229.170.135 - - [27/Aug/2023:11:05:26 +0800] "GET /xingrg/dwr/interface/AjaxReportQueryService.js HTTP/1.1" 200 13203
101.228.187.155 - - [27/Aug/2023:11:05:26 +0800] "GET /xingrg/all/function/internal_message.html?_=1693105526743&CODE_STATE=getMsg HTTP/1.1" 200 27
101.229.170.135 - - [27/Aug/2023:11:05:27 +0800] "POST /xingrg/all/report/load_report_page.html HTTP/1.1" 200 49404
101.229.170.135 - - [27/Aug/2023:11:05:27 +0800] "GET /xingrg/servlets/image?cache=0.20439305576144629&image=px HTTP/1.1" 200 807
221.239.167.251 - - [27/Aug/2023:11:05:27 +0800] "GET /xingrg/all/function/internal_message.html?_=1693105526988&CODE_STATE=getMsg HTTP/1.1" 200 27
124.78.155.92 - - [27/Aug/2023:11:05:27 +0800] "GET /xingrg/kc/buy/cgsh_order_operate.html?command=get_materiel&rest_code=00106&code=00101008298&supplier_code=00100007&order_time=2023-08-27 HTTP/1.1" 200 412
114.95.241.104 - - [27/Aug/2023:11:05:29 +0800] "GET /xingrg/all/function/internal_message.html?_=1693105529315&CODE_STATE=getMsg HTTP/1.1" 200 27
180.152.241.196 - - [27/Aug/2023:11:05:29 +0800] "GET /xingrg/kc/base/wldb_order_list.html HTTP/1.1" 200 19215
180.152.241.196 - - [27/Aug/2023:11:05:30 +0800] "POST /xingrg/kc/base/wldb_list_operate.html HTTP/1.1" 200 928
180.152.241.196 - - [27/Aug/2023:11:05:31 +0800] "GET /xingrg/kc/base/wldb_order_add.html HTTP/1.1" 200 30494
180.152.241.196 - - [27/Aug/2023:11:05:31 +0800] "GET /xingrg/words/20230827105955_words.js HTTP/1.1" 304 -
180.152.241.196 - - [27/Aug/2023:11:05:31 +0800] "POST /xingrg/kc/base/wldb_order_operate.html HTTP/1.1" 200 6806
180.152.241.196 - - [27/Aug/2023:11:05:31 +0800] "GET /xingrg/all/common/auto_word.html?type=base&rest_code=00102 HTTP/1.1" 200 1857
180.152.241.196 - - [27/Aug/2023:11:05:31 +0800] "GET /xingrg/javascript/easyui/themes/default/validatebox.css HTTP/1.1" 404 1104
180.152.241.196 - - [27/Aug/2023:11:05:32 +0800] "GET /xingrg/all/common/auto_word.html?type=base&rest_code=00102 HTTP/1.1" 200 1857
180.152.241.196 - - [27/Aug/2023:11:05:32 +0800] "POST /xingrg/all/common/load_combo.html?type=base HTTP/1.1" 200 3321
114.83.223.42 - - [27/Aug/2023:11:05:33 +0800] "GET /xingrg/all/function/internal_message.html?_=1693105533563&CODE_STATE=getMsg HTTP/1.1" 200 27
114.83.217.3 - - [27/Aug/2023:11:05:36 +0800] "GET /xingrg/all/function/internal_message.html?_=1693105676890&CODE_STATE=getMsg HTTP/1.1" 200 27
222.70.107.27 - - [27/Aug/2023:11:05:41 +0800] "GET /xingrg/all/function/internal_message.html?_=1693105541399&CODE_STATE=getMsg HTTP/1.1" 200 27
222.70.107.27 - - [27/Aug/2023:11:05:41 +0800] "GET /xingrg/check_reg.html?_=1693105541401 HTTP/1.1" 200 22
180.163.30.85 - - [27/Aug/2023:11:05:42 +0800] "GET /xingrg/all/function/internal_message.html?_=1693105482922&CODE_STATE=getMsg HTTP/1.1" 302 -
180.152.241.196 - - [27/Aug/2023:11:05:42 +0800] "POST /xingrg/all/common/load_combo.html?type=base HTTP/1.1" 200 3321
180.163.30.85 - - [27/Aug/2023:11:05:42 +0800] "GET /xingrg/login.html HTTP/1.1" 200 7641
180.169.147.146 - - [27/Aug/2023:11:05:42 +0800] "GET /xingrg/all/function/internal_message.html?_=1693105542935&CODE_STATE=getMsg HTTP/1.1" 200 27
180.165.48.189 - - [27/Aug/2023:11:05:55 +0800] "GET /xingrg/all/function/internal_message.html?_=1693105554632&CODE_STATE=getMsg HTTP/1.1" 200 27
116.235.94.33 - - [27/Aug/2023:11:05:56 +0800] "GET /xingrg/all/function/internal_message.html?_=1693105849173&CODE_STATE=getMsg HTTP/1.1" 200 27
180.152.241.196 - - [27/Aug/2023:11:06:02 +0800] "GET /xingrg/javascript/auto/indicator.gif HTTP/1.1" 404 1066
124.78.155.92 - - [27/Aug/2023:11:06:03 +0800] "GET /xingrg/all/function/internal_message.html?_=1693105564061&CODE_STATE=getMsg HTTP/1.1" 200 27
180.152.241.196 - - [27/Aug/2023:11:06:04 +0800] "GET /xingrg/kc/base/wldb_order_operate.html?command=get_materiel&rest_code=00102&base_code=0010476&code=00101019071 HTTP/1.1" 200 471
180.152.241.196 - - [27/Aug/2023:11:06:05 +0800] "GET /xingrg/all/function/internal_message.html?_=1693105567530&CODE_STATE=getMsg HTTP/1.1" 200 27
114.95.241.104 - - [27/Aug/2023:11:06:06 +0800] "GET /xingrg/all/function/internal_message.html?_=1693105468531&CODE_STATE=getMsg HTTP/1.1" 200 27
101.229.170.135 - - [27/Aug/2023:11:06:09 +0800] "GET /xingrg/all/function/internal_message.html?_=1693105568512&CODE_STATE=getMsg HTTP/1.1" 200 27
222.70.173.75 - - [27/Aug/2023:11:06:10 +0800] "GET /xingrg/all/function/internal_message.html?_=1693105570512&CODE_STATE=getMsg HTTP/1.1" 200 27
124.78.155.92 - - [27/Aug/2023:11:06:11 +0800] "GET /xingrg/check_reg.html?_=1693105572531 HTTP/1.1" 200 22
180.169.147.146 - - [27/Aug/2023:11:06:12 +0800] "GET /xingrg/all/function/internal_message.html?_=1693105676033&CODE_STATE=getMsg HTTP/1.1" 302 -
116.232.195.127 - - [27/Aug/2023:11:06:14 +0800] "GET /xingrg/all/function/internal_message.html?_=1693105486289&CODE_STATE=getMsg HTTP/1.1" 200 27
180.152.241.196 - - [27/Aug/2023:11:06:16 +0800] "GET /xingrg/kc/base/wldb_order_operate.html?command=get_materiel&rest_code=00102&base_code=0010476&code=00101019066 HTTP/1.1" 200 455
120.253.135.82 - - [27/Aug/2023:11:06:17 +0800] "GET /xingrg/check_reg.html?_=1693105387334 HTTP/1.1" 200 22
120.253.135.82 - - [27/Aug/2023:11:06:17 +0800] "GET /xingrg/all/function/internal_message.html?_=1693105387709&CODE_STATE=getMsg HTTP/1.1" 200 27
222.70.180.200 - - [27/Aug/2023:11:06:18 +0800] "GET /xingrg/all/function/internal_message.html?_=1693105578745&CODE_STATE=getMsg HTTP/1.1" 200 27
222.70.180.200 - - [27/Aug/2023:11:06:18 +0800] "GET /xingrg/check_reg.html?_=1693105578748 HTTP/1.1" 200 22
101.83.145.37 - - [27/Aug/2023:11:06:20 +0800] "GET /xingrg/all/function/internal_message.html?_=1693105581815&CODE_STATE=getMsg HTTP/1.1" 200 27
222.67.237.86 - - [27/Aug/2023:11:06:21 +0800] "GET /xingrg/all/function/internal_message.html?_=1693105027035&CODE_STATE=getMsg HTTP/1.1" 200 27
222.67.237.86 - - [27/Aug/2023:11:06:21 +0800] "GET /xingrg/check_reg.html?_=1693105027036 HTTP/1.1" 200 22
180.152.241.196 - - [27/Aug/2023:11:06:21 +0800] "GET /xingrg/all/function/internal_message.html?_=1693105581639&CODE_STATE=getMsg HTTP/1.1" 200 27
180.152.241.196 - - [27/Aug/2023:11:06:23 +0800] "GET /xingrg/kc/base/wldb_order_operate.html?command=get_materiel&rest_code=00102&base_code=0010476&code=00101019056 HTTP/1.1" 200 477
114.95.241.104 - - [27/Aug/2023:11:06:24 +0800] "GET /xingrg/check_reg.html?_=1693105486314 HTTP/1.1" 200 22
101.228.187.155 - - [27/Aug/2023:11:06:26 +0800] "GET /xingrg/all/function/internal_message.html?_=1693105586743&CODE_STATE=getMsg HTTP/1.1" 200 27
221.239.167.251 - - [27/Aug/2023:11:06:27 +0800] "GET /xingrg/all/function/internal_message.html?_=1693105586972&CODE_STATE=getMsg HTTP/1.1" 200 27
114.95.241.104 - - [27/Aug/2023:11:06:29 +0800] "GET /xingrg/all/function/internal_message.html?_=1693105589297&CODE_STATE=getMsg HTTP/1.1" 200 27
114.95.241.104 - - [27/Aug/2023:11:06:30 +0800] "GET /xingrg/check_reg.html?_=1693105589635 HTTP/1.1" 200 22
180.152.241.196 - - [27/Aug/2023:11:06:30 +0800] "GET /xingrg/kc/base/wldb_order_operate.html?command=get_materiel&rest_code=00102&base_code=0010476&code=00101019391 HTTP/1.1" 200 485
114.83.223.42 - - [27/Aug/2023:11:06:33 +0800] "GET /xingrg/all/function/internal_message.html?_=1693105593538&CODE_STATE=getMsg HTTP/1.1" 200 27
124.78.155.92 - - [27/Aug/2023:11:06:35 +0800] "GET /xingrg/kc/buy/cgsh_order_operate.html?command=get_materiel&rest_code=00106&code=00101008359&supplier_code=00100007&order_time=2023-08-27 HTTP/1.1" 200 408
114.83.217.3 - - [27/Aug/2023:11:06:36 +0800] "GET /xingrg/all/function/internal_message.html?_=1693105736873&CODE_STATE=getMsg HTTP/1.1" 200 27
124.78.155.92 - - [27/Aug/2023:11:06:38 +0800] "POST /xingrg/kc/buy/cgsh_order_operate.html HTTP/1.1" 200 2065
222.70.107.27 - - [27/Aug/2023:11:06:41 +0800] "GET /xingrg/all/function/internal_message.html?_=1693105601399&CODE_STATE=getMsg HTTP/1.1" 200 27
180.169.147.146 - - [27/Aug/2023:11:06:42 +0800] "GET /xingrg/all/function/internal_message.html?_=1693105602927&CODE_STATE=getMsg HTTP/1.1" 200 27
180.163.29.103 - - [27/Aug/2023:11:06:43 +0800] "GET /xingrg/all/function/internal_message.html?_=1693105542935&CODE_STATE=getMsg HTTP/1.1" 302 -
180.163.29.103 - - [27/Aug/2023:11:06:43 +0800] "GET /xingrg/login.html HTTP/1.1" 200 7641
180.152.241.196 - - [27/Aug/2023:11:06:45 +0800] "POST /xingrg/kc/base/wldb_order_operate.html HTTP/1.1" 200 37
116.232.195.127 - - [27/Aug/2023:11:06:46 +0800] "GET /xingrg/kc/buy/cgsh_order_operate.html?command=get_materiel&rest_code=00155&code=00101008436&supplier_code=00100005&order_time=2023-08-27 HTTP/1.1" 200 412
124.78.155.92 - - [27/Aug/2023:11:06:52 +0800] "GET /xingrg/kc/buy/cgsh_order_operate.html?command=get_materiel&rest_code=00106&code=00101008095&supplier_code=00100007&order_time=2023-08-27 HTTP/1.1" 200 412
180.152.241.196 - - [27/Aug/2023:11:06:54 +0800] "POST /xingrg/kc/base/wldb_order_operate.html HTTP/1.1" 200 12
180.152.241.196 - - [27/Aug/2023:11:06:54 +0800] "POST /xingrg/kc/base/wldb_order_operate.html HTTP/1.1" 200 3725
180.152.241.196 - - [27/Aug/2023:11:06:55 +0800] "GET /xingrg/kc/base/wldb_order_info.html?code=422023082702900 HTTP/1.1" 200 26370
180.152.241.196 - - [27/Aug/2023:11:06:55 +0800] "GET /xingrg/words/20230827105955_words.js HTTP/1.1" 304 -
180.165.48.189 - - [27/Aug/2023:11:06:55 +0800] "GET /xingrg/all/function/internal_message.html?_=1693105614638&CODE_STATE=getMsg HTTP/1.1" 200 27
180.152.241.196 - - [27/Aug/2023:11:06:55 +0800] "GET /xingrg/javascript/easyui/themes/default/validatebox.css HTTP/1.1" 404 1104
180.152.241.196 - - [27/Aug/2023:11:06:56 +0800] "POST /xingrg/kc/base/wldb_order_operate.html HTTP/1.1" 200 1986
116.235.94.33 - - [27/Aug/2023:11:06:56 +0800] "GET /xingrg/all/function/internal_message.html?_=1693105909173&CODE_STATE=getMsg HTTP/1.1" 200 27
116.235.94.33 - - [27/Aug/2023:11:06:56 +0800] "GET /xingrg/check_reg.html?_=1693105909175 HTTP/1.1" 200 22
180.152.241.196 - - [27/Aug/2023:11:06:58 +0800] "GET /xingrg/kc/base/wldb_order_add.html HTTP/1.1" 200 30494
180.152.241.196 - - [27/Aug/2023:11:06:58 +0800] "POST /xingrg/kc/base/wldb_order_operate.html HTTP/1.1" 200 6806
180.152.241.196 - - [27/Aug/2023:11:06:58 +0800] "GET /xingrg/javascript/easyui/themes/default/validatebox.css HTTP/1.1" 404 1104
180.152.241.196 - - [27/Aug/2023:11:06:59 +0800] "POST /xingrg/all/common/load_combo.html?type=base HTTP/1.1" 200 3321
116.232.195.127 - - [27/Aug/2023:11:06:59 +0800] "GET /xingrg/kc/buy/cgsh_order_operate.html?command=get_materiel&rest_code=00155&code=00101008096&supplier_code=00100005&order_time=2023-08-27 HTTP/1.1" 200 412
180.152.241.196 - - [27/Aug/2023:11:07:01 +0800] "POST /xingrg/all/common/load_combo.html?type=base HTTP/1.1" 200 3321
124.78.155.92 - - [27/Aug/2023:11:07:03 +0800] "GET /xingrg/all/function/internal_message.html?_=1693105624056&CODE_STATE=getMsg HTTP/1.1" 200 27
124.78.155.92 - - [27/Aug/2023:11:07:03 +0800] "GET /xingrg/check_reg.html?_=1693105624058 HTTP/1.1" 200 22
180.152.241.196 - - [27/Aug/2023:11:07:05 +0800] "GET /xingrg/all/function/internal_message.html?_=1693105627529&CODE_STATE=getMsg HTTP/1.1" 200 27
114.95.241.104 - - [27/Aug/2023:11:07:06 +0800] "GET /xingrg/all/function/internal_message.html?_=1693105528541&CODE_STATE=getMsg HTTP/1.1" 200 27
101.229.170.135 - - [27/Aug/2023:11:07:09 +0800] "GET /xingrg/all/function/internal_message.html?_=1693105628512&CODE_STATE=getMsg HTTP/1.1" 200 27
101.83.145.37 - - [27/Aug/2023:11:07:09 +0800] "GET /xingrg/kc/buy/cgsh_order_operate.html?command=get_materiel&rest_code=00105&code=00101012102&supplier_code=00100487&order_time=2023-08-27 HTTP/1.1" 200 418
222.70.173.75 - - [27/Aug/2023:11:07:10 +0800] "GET /xingrg/all/function/internal_message.html?_=1693105630524&CODE_STATE=getMsg HTTP/1.1" 200 27
180.152.241.196 - - [27/Aug/2023:11:07:10 +0800] "GET /xingrg/kc/base/wldb_order_operate.html?command=get_materiel&rest_code=00102&base_code=0010476&code=00101013225 HTTP/1.1" 200 449
180.169.147.146 - - [27/Aug/2023:11:07:12 +0800] "GET /xingrg/all/function/internal_message.html?_=1693105736015&CODE_STATE=getMsg HTTP/1.1" 302 -
116.232.195.127 - - [27/Aug/2023:11:07:14 +0800] "GET /xingrg/all/function/internal_message.html?_=1693105546263&CODE_STATE=getMsg HTTP/1.1" 200 27
116.232.195.127 - - [27/Aug/2023:11:07:15 +0800] "GET /xingrg/kc/buy/cgsh_order_operate.html?command=get_materiel&rest_code=00155&code=00101008148&supplier_code=00100005&order_time=2023-08-27 HTTP/1.1" 200 416
101.83.145.37 - - [27/Aug/2023:11:07:15 +0800] "GET /xingrg/check_reg.html?_=1693105636246 HTTP/1.1" 200 22
120.253.135.82 - - [27/Aug/2023:11:07:17 +0800] "GET /xingrg/all/function/internal_message.html?_=1693105447723&CODE_STATE=getMsg HTTP/1.1" 200 27
180.152.241.196 - - [27/Aug/2023:11:07:17 +0800] "POST /xingrg/kc/base/wldb_order_operate.html HTTP/1.1" 200 37
222.70.180.200 - - [27/Aug/2023:11:07:18 +0800] "GET /xingrg/all/function/internal_message.html?_=1693105638742&CODE_STATE=getMsg HTTP/1.1" 200 27
124.78.155.92 - - [27/Aug/2023:11:07:18 +0800] "GET /xingrg/kc/buy/cgsh_order_operate.html?command=get_materiel&rest_code=00106&code=00101008114&supplier_code=00100007&order_time=2023-08-27 HTTP/1.1" 200 412
101.83.145.37 - - [27/Aug/2023:11:07:20 +0800] "GET /xingrg/all/function/internal_message.html?_=1693105641814&CODE_STATE=getMsg HTTP/1.1" 200 27
180.152.241.196 - - [27/Aug/2023:11:07:21 +0800] "GET /xingrg/all/function/internal_message.html?_=1693105641636&CODE_STATE=getMsg HTTP/1.1" 200 27
101.83.145.37 - - [27/Aug/2023:11:07:22 +0800] "GET /xingrg/kc/buy/cgsh_order_operate.html?command=get_materiel&rest_code=00105&code=00101012101&supplier_code=00100487&order_time=2023-08-27 HTTP/1.1" 200 418
180.152.241.196 - - [27/Aug/2023:11:07:25 +0800] "POST /xingrg/kc/base/wldb_order_operate.html HTTP/1.1" 200 12
180.152.241.196 - - [27/Aug/2023:11:07:26 +0800] "POST /xingrg/kc/base/wldb_order_operate.html HTTP/1.1" 200 2192
101.228.187.155 - - [27/Aug/2023:11:07:26 +0800] "GET /xingrg/check_reg.html?_=1693105646761 HTTP/1.1" 200 22
101.228.187.155 - - [27/Aug/2023:11:07:26 +0800] "GET /xingrg/all/function/internal_message.html?_=1693105646759&CODE_STATE=getMsg HTTP/1.1" 200 27
180.152.241.196 - - [27/Aug/2023:11:07:27 +0800] "GET /xingrg/kc/base/wldb_order_info.html?code=422023082702901 HTTP/1.1" 200 26372
221.239.167.251 - - [27/Aug/2023:11:07:27 +0800] "GET /xingrg/all/function/internal_message.html?_=1693105646954&CODE_STATE=getMsg HTTP/1.1" 200 27
180.152.241.196 - - [27/Aug/2023:11:07:27 +0800] "GET /xingrg/javascript/easyui/themes/default/validatebox.css HTTP/1.1" 404 1104
180.152.241.196 - - [27/Aug/2023:11:07:27 +0800] "POST /xingrg/kc/base/wldb_order_operate.html HTTP/1.1" 200 486
114.95.241.104 - - [27/Aug/2023:11:07:29 +0800] "GET /xingrg/all/function/internal_message.html?_=1693105649282&CODE_STATE=getMsg HTTP/1.1" 200 27
180.152.241.196 - - [27/Aug/2023:11:07:30 +0800] "GET /xingrg/kc/base/wldb_order_add.html HTTP/1.1" 200 30494
116.232.195.127 - - [27/Aug/2023:11:07:30 +0800] "GET /xingrg/check_reg.html?_=1693105562397 HTTP/1.1" 200 22
180.152.241.196 - - [27/Aug/2023:11:07:30 +0800] "POST /xingrg/kc/base/wldb_order_operate.html HTTP/1.1" 200 6806
180.152.241.196 - - [27/Aug/2023:11:07:30 +0800] "GET /xingrg/javascript/easyui/themes/default/validatebox.css HTTP/1.1" 404 1104
101.229.170.135 - - [27/Aug/2023:11:07:30 +0800] "GET /xingrg/javascript/jquery_easy_ui/themes/default/images/tabs_active.png HTTP/1.1" 200 2894
180.152.241.196 - - [27/Aug/2023:11:07:31 +0800] "POST /xingrg/all/common/load_combo.html?type=base HTTP/1.1" 200 3321
114.83.223.42 - - [27/Aug/2023:11:07:33 +0800] "GET /xingrg/all/function/internal_message.html?_=1693105653521&CODE_STATE=getMsg HTTP/1.1" 200 27
180.152.241.196 - - [27/Aug/2023:11:07:33 +0800] "POST /xingrg/all/common/load_combo.html?type=base HTTP/1.1" 200 3321
116.232.195.127 - - [27/Aug/2023:11:07:34 +0800] "GET /xingrg/kc/buy/cgsh_order_operate.html?command=get_materiel&rest_code=00155&code=00101008301&supplier_code=00100005&order_time=2023-08-27 HTTP/1.1" 200 422
114.83.223.42 - - [27/Aug/2023:11:07:35 +0800] "GET /xingrg/check_reg.html?_=1693105655724 HTTP/1.1" 200 22
114.83.217.3 - - [27/Aug/2023:11:07:36 +0800] "GET /xingrg/all/function/internal_message.html?_=1693105796852&CODE_STATE=getMsg HTTP/1.1" 200 27
114.83.217.3 - - [27/Aug/2023:11:07:37 +0800] "GET /xingrg/check_reg.html?_=1693105797849 HTTP/1.1" 200 22
124.78.155.92 - - [27/Aug/2023:11:07:40 +0800] "GET /xingrg/kc/buy/cgsh_order_operate.html?command=get_materiel&rest_code=00106&code=00101008168&supplier_code=00100007&order_time=2023-08-27 HTTP/1.1" 200 412
222.70.107.27 - - [27/Aug/2023:11:07:41 +0800] "GET /xingrg/all/function/internal_message.html?_=1693105661398&CODE_STATE=getMsg HTTP/1.1" 200 27
180.169.147.146 - - [27/Aug/2023:11:07:42 +0800] "GET /xingrg/check_reg.html?_=1693105662928 HTTP/1.1" 200 22
180.169.147.146 - - [27/Aug/2023:11:07:42 +0800] "GET /xingrg/all/function/internal_message.html?_=1693105662922&CODE_STATE=getMsg HTTP/1.1" 200 27
101.83.145.37 - - [27/Aug/2023:11:07:48 +0800] "POST /xingrg/kc/buy/cgsh_order_operate.html HTTP/1.1" 200 37
221.239.167.251 - - [27/Aug/2023:11:07:51 +0800] "GET /xingrg/check_reg.html?_=1693105671228 HTTP/1.1" 200 22
116.232.195.127 - - [27/Aug/2023:11:07:54 +0800] "GET /xingrg/kc/buy/cgsh_order_operate.html?command=get_materiel&rest_code=00155&code=00101008361&supplier_code=00100005&order_time=2023-08-27 HTTP/1.1" 200 408
180.165.48.189 - - [27/Aug/2023:11:07:55 +0800] "GET /xingrg/all/function/internal_message.html?_=1693105674636&CODE_STATE=getMsg HTTP/1.1" 200 27
180.152.241.196 - - [27/Aug/2023:11:07:55 +0800] "GET /xingrg/kc/base/wldb_order_operate.html?command=get_materiel&rest_code=00102&base_code=0010476&code=00101013076 HTTP/1.1" 200 442
116.235.94.33 - - [27/Aug/2023:11:07:56 +0800] "GET /xingrg/all/function/internal_message.html?_=1693105969172&CODE_STATE=getMsg HTTP/1.1" 200 27
101.83.145.37 - - [27/Aug/2023:11:07:58 +0800] "POST /xingrg/kc/buy/cgsh_order_operate.html HTTP/1.1" 200 3854
180.152.241.196 - - [27/Aug/2023:11:08:01 +0800] "GET /xingrg/kc/base/wldb_order_operate.html?command=get_materiel&rest_code=00102&base_code=0010476&code=00101013257 HTTP/1.1" 200 443
124.78.155.92 - - [27/Aug/2023:11:08:03 +0800] "GET /xingrg/all/function/internal_message.html?_=1693105684053&CODE_STATE=getMsg HTTP/1.1" 200 27
114.95.241.104 - - [27/Aug/2023:11:08:04 +0800] "POST /xingrg/kc/buy/cgsh_order_operate.html HTTP/1.1" 200 37
180.152.241.196 - - [27/Aug/2023:11:08:05 +0800] "GET /xingrg/all/function/internal_message.html?_=1693105687532&CODE_STATE=getMsg HTTP/1.1" 200 27
120.253.135.82 - - [27/Aug/2023:11:08:05 +0800] "GET /xingrg/kc/report/report_main.html HTTP/1.1" 200 8599
114.95.241.104 - - [27/Aug/2023:11:08:06 +0800] "GET /xingrg/all/function/internal_message.html?_=1693105588555&CODE_STATE=getMsg HTTP/1.1" 200 27
180.152.241.196 - - [27/Aug/2023:11:08:07 +0800] "GET /xingrg/kc/buy/cgsh_order_operate.html?command=get_materiel&rest_code=00102&code=00101008323&supplier_code=00100008&order_time=2023-08-26 HTTP/1.1" 200 408
120.253.135.82 - - [27/Aug/2023:11:08:07 +0800] "GET /xingrg/kc/base/kc_stocks.html HTTP/1.1" 200 16506
120.253.135.82 - - [27/Aug/2023:11:08:07 +0800] "GET /xingrg/javascript/easyui/themes/default/tree.css HTTP/1.1" 404 1090
120.253.135.82 - - [27/Aug/2023:11:08:08 +0800] "POST /xingrg/all/common/load_tree.html?tree=materiel_sort_tree_json HTTP/1.1" 200 9500
101.229.170.135 - - [27/Aug/2023:11:08:09 +0800] "GET /xingrg/all/function/internal_message.html?_=1693105688511&CODE_STATE=getMsg HTTP/1.1" 200 27
180.152.241.196 - - [27/Aug/2023:11:08:09 +0800] "GET /xingrg/kc/base/wldb_order_operate.html?command=get_materiel&rest_code=00102&base_code=0010476&code=00101019637 HTTP/1.1" 200 449
120.253.135.82 - - [27/Aug/2023:11:08:09 +0800] "POST /xingrg/all/common/load_combo.html?type=base HTTP/1.1" 200 1169
222.70.173.75 - - [27/Aug/2023:11:08:10 +0800] "GET /xingrg/check_reg.html?_=1693105690353 HTTP/1.1" 200 22
222.70.173.75 - - [27/Aug/2023:11:08:10 +0800] "GET /xingrg/all/function/internal_message.html?_=1693105690538&CODE_STATE=getMsg HTTP/1.1" 200 27
180.169.147.146 - - [27/Aug/2023:11:08:12 +0800] "GET /xingrg/all/function/internal_message.html?_=1693105796015&CODE_STATE=getMsg HTTP/1.1" 302 -
116.232.195.127 - - [27/Aug/2023:11:08:14 +0800] "GET /xingrg/all/function/internal_message.html?_=1693105606237&CODE_STATE=getMsg HTTP/1.1" 200 27
101.229.170.135 - - [27/Aug/2023:11:08:14 +0800] "GET /xingrg/kc/base/crk_hz.html?_=1693105693658&command=get_cost_id&end_date=2023-06-30&start_date=2023-06-01 HTTP/1.1" 200 51
101.229.170.135 - - [27/Aug/2023:11:08:14 +0800] "GET /xingrg/all/report/report_query.html?isQuery=1&onlyBody=1&rh=99999&rw=1800&varString=start:20230601,cost_id:4392,mid:20230601&fileName=kc/base/crk_hz_type_by_base.xml&queryString=%20a.base_code%20in%20(%270010273%27)%20&queryText=%C8%D5%C6%DA%A3%BA2023-06-01%D6%C12023-06-30%20%B2%D6%BF%E2%A3%BA%B3%F8%B7%BF&tableQueryString=materiel_table$sp1$$sp$before_table$sp1$$sp$crk_table$sp1$order_day%20between%2020230601%20and%2020230630 HTTP/1.1" 200 49399
101.229.170.135 - - [27/Aug/2023:11:08:14 +0800] "GET /xingrg/dwr/interface/AjaxReportQueryService.js HTTP/1.1" 200 13203
180.152.241.196 - - [27/Aug/2023:11:08:14 +0800] "GET /xingrg/kc/base/wldb_order_operate.html?command=get_materiel&rest_code=00102&base_code=0010476&code=00101019079 HTTP/1.1" 200 479
120.253.135.82 - - [27/Aug/2023:11:08:17 +0800] "GET /xingrg/all/function/internal_message.html?_=1693105507795&CODE_STATE=getMsg HTTP/1.1" 200 27
222.70.180.200 - - [27/Aug/2023:11:08:18 +0800] "GET /xingrg/all/function/internal_message.html?_=1693105698750&CODE_STATE=getMsg HTTP/1.1" 200 27
180.152.241.196 - - [27/Aug/2023:11:08:18 +0800] "GET /xingrg/kc/base/wldb_order_operate.html?command=get_materiel&rest_code=00102&base_code=0010476&code=00101019438 HTTP/1.1" 200 460
120.253.135.82 - - [27/Aug/2023:11:08:19 +0800] "POST /xingrg/kc/base/stock_operate.html HTTP/1.1" 200 1735
120.253.135.82 - - [27/Aug/2023:11:08:19 +0800] "GET /xingrg/javascript/jquery_tools/fix_table.js HTTP/1.1" 304 -
101.229.170.135 - - [27/Aug/2023:11:08:20 +0800] "POST /xingrg/all/report/load_report_page.html HTTP/1.1" 200 94592
101.229.170.135 - - [27/Aug/2023:11:08:20 +0800] "GET /xingrg/servlets/image?cache=0.6292645367117186&image=px HTTP/1.1" 200 807
124.78.155.92 - - [27/Aug/2023:11:08:20 +0800] "GET /xingrg/kc/buy/cgsh_order_operate.html?command=get_materiel&rest_code=00106&code=00101008633&supplier_code=00100007&order_time=2023-08-27 HTTP/1.1" 200 414
101.83.145.37 - - [27/Aug/2023:11:08:20 +0800] "GET /xingrg/all/function/internal_message.html?_=1693105701767&CODE_STATE=getMsg HTTP/1.1" 200 27
180.152.241.196 - - [27/Aug/2023:11:08:21 +0800] "GET /xingrg/check_reg.html?_=1693105701640 HTTP/1.1" 200 22
180.152.241.196 - - [27/Aug/2023:11:08:21 +0800] "GET /xingrg/all/function/internal_message.html?_=1693105701644&CODE_STATE=getMsg HTTP/1.1" 200 27
180.152.241.196 - - [27/Aug/2023:11:08:23 +0800] "GET /xingrg/kc/base/wldb_order_operate.html?command=get_materiel&rest_code=00102&base_code=0010476&code=00101016076 HTTP/1.1" 200 477
101.229.170.135 - - [27/Aug/2023:11:08:24 +0800] "GET /xingrg/all/report/report_query.html?isQuery=1&fileName=kc/base/crk_detail_by_small.xml&rh=99999&queryString=&queryText=%25E3%2580%2590%25E4%25BB%2593%25E5%25BA%2593%25E5%2590%258D%25E7%25A7%25B0%253A%25E5%258E%25A8%25E6%2588%25BF%25E3%2580%2591%25E3%2580%2590%25E4%25B8%259A%25E5%258A%25A1%25E7%25B1%25BB%25E5%259E%258B%25EF%25BC%259A%25E9%2587%2587%25E8%25B4%25AD%25E5%2585%25A5%25E5%25BA%2593%25E3%2580%2591%2520%253F%253F%253F%253F%253F2023-06-01%253F%253F2023-06-30%2520%253F%253F%253F%253F%253F%253F%253F&tableQueryString=crk_table%2524sp1%2524order_day%2520between%252020230601%2520and%252020230630%2520and%2520(base_code%253D%270010273%27)%2520and%2520(src_order_type%2520in%2520(21))%2520and%2520(is_rk%2520in%2520(1)) HTTP/1.1" 200 53778
101.229.170.135 - - [27/Aug/2023:11:08:24 +0800] "GET /xingrg/dwr/interface/AjaxReportQueryService.js HTTP/1.1" 200 13203
101.229.170.135 - - [27/Aug/2023:11:08:25 +0800] "POST /xingrg/all/report/load_report_page.html HTTP/1.1" 200 65169
101.229.170.135 - - [27/Aug/2023:11:08:25 +0800] "GET /xingrg/servlets/image?cache=0.5344999865746712&image=px HTTP/1.1" 200 807
120.253.135.82 - - [27/Aug/2023:11:08:25 +0800] "GET /xingrg/kc/base/stock_detail.html?m=00101034089 HTTP/1.1" 200 6441
120.253.135.82 - - [27/Aug/2023:11:08:25 +0800] "GET /xingrg/javascript/jquery_easy_ui/themes/default/images/menu.gif HTTP/1.1" 304 -
101.229.170.135 - - [27/Aug/2023:11:08:26 +0800] "GET /xingrg/all/report/report_query.html?isQuery=1&fileName=kc/base/crk_detail_by_materiel.xml&queryString=&queryText=%25E3%2580%2590%25E4%25BB%2593%25E5%25BA%2593%25E5%2590%258D%25E7%25A7%25B0%253A%25E5%258E%25A8%25E6%2588%25BF%25E3%2580%2591%25E3%2580%2590%25E4%25B8%259A%25E5%258A%25A1%25E7%25B1%25BB%25E5%259E%258B%25EF%25BC%259A%25E9%2587%2587%25E8%25B4%25AD%25E5%2585%25A5%25E5%25BA%2593%25E3%2580%2591%2520%253F%253F%253F%253F%253F2023-06-01%253F%253F2023-06-30%2520%253F%253F%253F%253F%253F%253F%253F&tableQueryString=crk_table%2524sp1%2524order_day%2520between%252020230601%2520and%252020230630%2520and%2520(base_code%253D%270010273%27)%2520and%2520(src_order_type%2520in%2520(21))%2520and%2520(is_rk%2520in%2520(1))%2520and%2520(m.sort_code%253D%2700101001%27) HTTP/1.1" 200 53805
101.229.170.135 - - [27/Aug/2023:11:08:26 +0800] "GET /xingrg/dwr/interface/AjaxReportQueryService.js HTTP/1.1" 200 13203
101.228.187.155 - - [27/Aug/2023:11:08:26 +0800] "GET /xingrg/all/function/internal_message.html?_=1693105706745&CODE_STATE=getMsg HTTP/1.1" 200 27
221.239.167.251 - - [27/Aug/2023:11:08:27 +0800] "GET /xingrg/all/function/internal_message.html?_=1693105706940&CODE_STATE=getMsg HTTP/1.1" 200 27
124.78.155.92 - - [27/Aug/2023:11:08:28 +0800] "POST /xingrg/kc/buy/cgsh_order_operate.html HTTP/1.1" 200 2065
101.229.170.135 - - [27/Aug/2023:11:08:28 +0800] "POST /xingrg/all/report/load_report_page.html HTTP/1.1" 200 16001
101.229.170.135 - - [27/Aug/2023:11:08:28 +0800] "GET /xingrg/servlets/image?cache=0.5843745709343561&image=px HTTP/1.1" 200 807
114.95.241.104 - - [27/Aug/2023:11:08:29 +0800] "GET /xingrg/all/function/internal_message.html?_=1693105709257&CODE_STATE=getMsg HTTP/1.1" 200 27
180.152.241.196 - - [27/Aug/2023:11:08:31 +0800] "GET /xingrg/kc/buy/cgsh_order_operate.html?command=get_materiel&rest_code=00102&code=00101008176&supplier_code=00100008&order_time=2023-08-26 HTTP/1.1" 200 23
116.232.195.127 - - [27/Aug/2023:11:08:31 +0800] "GET /xingrg/kc/buy/cgsh_order_operate.html?command=get_materiel&rest_code=00155&code=00101008264&supplier_code=00100005&order_time=2023-08-27 HTTP/1.1" 200 412
222.70.180.200 - - [27/Aug/2023:11:08:32 +0800] "GET /xingrg/kc/buy/cgsh_order_add.html HTTP/1.1" 200 71966
222.70.180.200 - - [27/Aug/2023:11:08:33 +0800] "POST /xingrg/kc/buy/cgsh_order_operate.html HTTP/1.1" 200 8245
222.70.180.200 - - [27/Aug/2023:11:08:33 +0800] "GET /xingrg/javascript/easyui/themes/default/validatebox.css HTTP/1.1" 404 1104
114.83.223.42 - - [27/Aug/2023:11:08:33 +0800] "GET /xingrg/all/function/internal_message.html?_=1693105713493&CODE_STATE=getMsg HTTP/1.1" 200 27
180.152.241.196 - - [27/Aug/2023:11:08:34 +0800] "GET /xingrg/kc/base/wldb_order_operate.html?command=get_materiel&rest_code=00102&base_code=0010476&code=00101019187 HTTP/1.1" 200 479
101.83.145.37 - - [27/Aug/2023:11:08:35 +0800] "POST /xingrg/kc/buy/cgsh_order_operate.html HTTP/1.1" 200 836
120.253.135.82 - - [27/Aug/2023:11:08:36 +0800] "GET /xingrg/kc/base/stock_operate.html?_=1693105526489&command=get_report_file&start_day=20210801 HTTP/1.1" 200 53
120.253.135.82 - - [27/Aug/2023:11:08:36 +0800] "GET /xingrg/all/report/report_query.html?isQuery=1&onlyBody=1&rh=2000&fileName=kc/base/kc_stock_detail_new.xml&queryString=(1=1)&queryText=&tableQueryString=init_table$sp1$$sp$crk_table$sp1$order_day%20between%2020210801%20and%2020230831&varString=start_day:20210801,materiel_code:00101034089,cost_id:3271,end_date:20210731 HTTP/1.1" 200 48701
120.253.135.82 - - [27/Aug/2023:11:08:36 +0800] "GET /xingrg/javascript/multi_select/jqueryMultiSelect.css HTTP/1.1" 304 -
120.253.135.82 - - [27/Aug/2023:11:08:36 +0800] "GET /xingrg/javascript/calendar/timePicker.css HTTP/1.1" 304 -
120.253.135.82 - - [27/Aug/2023:11:08:36 +0800] "GET /xingrg/javascript/bigrid/fix.js HTTP/1.1" 304 -
120.253.135.82 - - [27/Aug/2023:11:08:36 +0800] "GET /xingrg/javascript/bigrid/fix.css HTTP/1.1" 304 -
120.253.135.82 - - [27/Aug/2023:11:08:36 +0800] "GET /xingrg/javascript/jqueryMultiSelect.js HTTP/1.1" 304 -
120.253.135.82 - - [27/Aug/2023:11:08:36 +0800] "GET /xingrg/javascript/calendar/jquery.timePicker.min.js HTTP/1.1" 304 -
120.253.135.82 - - [27/Aug/2023:11:08:36 +0800] "GET /xingrg/dwr/interface/AjaxReportQueryService.js HTTP/1.1" 200 13203
120.253.135.82 - - [27/Aug/2023:11:08:36 +0800] "GET /xingrg/dwr/engine.js HTTP/1.1" 200 43631
120.253.135.82 - - [27/Aug/2023:11:08:36 +0800] "GET /xingrg/images/blue/button/advanceover.gif HTTP/1.1" 304 -
120.253.135.82 - - [27/Aug/2023:11:08:36 +0800] "GET /xingrg/images/blue/button/advance2over.gif HTTP/1.1" 304 -
120.253.135.82 - - [27/Aug/2023:11:08:36 +0800] "GET /xingrg/images/control/loading.gif HTTP/1.1" 304 -
120.253.135.82 - - [27/Aug/2023:11:08:36 +0800] "GET /xingrg/images/blue/button/back2over.gif HTTP/1.1" 304 -
120.253.135.82 - - [27/Aug/2023:11:08:36 +0800] "GET /xingrg/javascript/jquery_easy_ui/themes/icons/help.png HTTP/1.1" 304 -
120.253.135.82 - - [27/Aug/2023:11:08:36 +0800] "GET /xingrg/images/blue/button/backover.gif HTTP/1.1" 304 -
114.83.217.3 - - [27/Aug/2023:11:08:36 +0800] "GET /xingrg/all/function/internal_message.html?_=1693105856844&CODE_STATE=getMsg HTTP/1.1" 200 27
114.95.241.104 - - [27/Aug/2023:11:08:40 +0800] "POST /xingrg/kc/buy/cgsh_order_operate.html HTTP/1.1" 200 12
120.253.135.82 - - [27/Aug/2023:11:08:40 +0800] "POST /xingrg/all/report/load_report_page.html HTTP/1.1" 200 269580
120.253.135.82 - - [27/Aug/2023:11:08:40 +0800] "GET /xingrg/servlets/image?cache=0.07414514711826892&image=px HTTP/1.1" 200 807
222.70.107.27 - - [27/Aug/2023:11:08:41 +0800] "GET /xingrg/all/function/internal_message.html?_=1693105721425&CODE_STATE=getMsg HTTP/1.1" 200 27
180.163.29.103 - - [27/Aug/2023:11:08:42 +0800] "GET /xingrg/check_reg.html?_=1693105662928 HTTP/1.1" 302 -
180.163.29.103 - - [27/Aug/2023:11:08:42 +0800] "GET /xingrg/login.html HTTP/1.1" 200 7641
114.95.241.104 - - [27/Aug/2023:11:08:42 +0800] "GET /xingrg/kc/buy/cgsh_order_info.html?code=212023082710988 HTTP/1.1" 200 66959
114.95.241.104 - - [27/Aug/2023:11:08:42 +0800] "GET /xingrg/words/20230827105955_words.js HTTP/1.1" 304 -
180.152.241.196 - - [27/Aug/2023:11:08:42 +0800] "GET /xingrg/kc/base/wldb_order_operate.html?command=get_materiel&rest_code=00102&base_code=0010476&code=00101019134 HTTP/1.1" 200 478
180.169.147.146 - - [27/Aug/2023:11:08:42 +0800] "GET /xingrg/all/function/internal_message.html?_=1693105722932&CODE_STATE=getMsg HTTP/1.1" 200 27
114.95.241.104 - - [27/Aug/2023:11:08:43 +0800] "GET /xingrg/javascript/easyui/themes/default/validatebox.css HTTP/1.1" 404 1104
101.229.170.135 - - [27/Aug/2023:11:08:45 +0800] "GET /xingrg/kc/base/crk_hz.html HTTP/1.1" 200 11247
101.229.170.135 - - [27/Aug/2023:11:08:45 +0800] "POST /xingrg/kc/cost/cost_operate.html?command=get_base_tree HTTP/1.1" 200 969
101.229.170.135 - - [27/Aug/2023:11:08:45 +0800] "POST /xingrg/all/common/load_tree.html?tree=materiel_sort_tree_json HTTP/1.1" 200 9500
180.152.241.196 - - [27/Aug/2023:11:08:46 +0800] "GET /xingrg/login.html HTTP/1.1" 200 7641
180.152.241.196 - - [27/Aug/2023:11:08:47 +0800] "GET /favicon.ico HTTP/1.1" 404 -
101.83.145.37 - - [27/Aug/2023:11:08:47 +0800] "POST /xingrg/kc/buy/cgsh_order_operate.html HTTP/1.1" 200 37
124.78.155.92 - - [27/Aug/2023:11:08:47 +0800] "GET /xingrg/kc/buy/cgsh_order_operate.html?command=get_materiel&rest_code=00106&code=00101008061&supplier_code=00100007&order_time=2023-08-27 HTTP/1.1" 200 422
114.95.241.104 - - [27/Aug/2023:11:08:47 +0800] "POST /xingrg/kc/buy/cgsh_order_operate.html HTTP/1.1" 200 602
116.232.195.127 - - [27/Aug/2023:11:08:49 +0800] "GET /xingrg/kc/buy/cgsh_order_operate.html?command=get_materiel&rest_code=00155&code=00101008059&supplier_code=00100005&order_time=2023-08-27 HTTP/1.1" 200 408
114.95.241.104 - - [27/Aug/2023:11:08:49 +0800] "GET /xingrg/kc/print/load_data.html?order_code=212023082710988&kc_code=cgsh&condition= HTTP/1.1" 200 681
180.152.241.196 - - [27/Aug/2023:11:08:49 +0800] "POST /xingrg/login.do HTTP/1.1" 302 -
180.152.241.196 - - [27/Aug/2023:11:08:49 +0800] "GET /xingrg/index.html?sysBaseUrl=http%3A%2F%2F180.169.147.146%3A18081%2Fxingrg%2F&costTime=1648×tamp=1693105729802 HTTP/1.1" 200 17173
180.152.241.196 - - [27/Aug/2023:11:08:50 +0800] "GET /favicon.ico HTTP/1.1" 404 -
180.152.241.196 - - [27/Aug/2023:11:08:50 +0800] "GET /xingrg/all/function/internal_message.html?_=1693105732526&CODE_STATE=count HTTP/1.1" 200 11
180.152.241.196 - - [27/Aug/2023:11:08:50 +0800] "GET /xingrg/check_reg.html?_=1693105732527 HTTP/1.1" 200 22
180.152.241.196 - - [27/Aug/2023:11:08:50 +0800] "POST /xingrg/all/common/load_tree.html?tree=area_rest_tree_json&manage=1 HTTP/1.1" 200 342
180.152.241.196 - - [27/Aug/2023:11:08:50 +0800] "POST /xingrg/load_menu.html HTTP/1.1" 200 5138
101.83.145.37 - - [27/Aug/2023:11:08:50 +0800] "POST /xingrg/kc/buy/cgsh_order_operate.html HTTP/1.1" 200 3854
101.83.145.37 - - [27/Aug/2023:11:08:52 +0800] "GET /xingrg/kc/print/load_data.html?order_code=212023082710987&kc_code=cgsh&condition= HTTP/1.1" 200 1139
180.152.241.196 - - [27/Aug/2023:11:08:53 +0800] "GET /xingrg/kc/buy/cgsh_order_list.html HTTP/1.1" 200 56234
101.229.170.135 - - [27/Aug/2023:11:08:55 +0800] "GET /xingrg/kc/base/crk_hz.html?_=1693105734367&command=get_cost_id&end_date=2023-07-31&start_date=2023-07-01 HTTP/1.1" 200 51
101.229.170.135 - - [27/Aug/2023:11:08:55 +0800] "GET /xingrg/all/report/report_query.html?isQuery=1&onlyBody=1&rh=99999&rw=1800&varString=start:20230701,cost_id:4432,mid:20230701&fileName=kc/base/crk_hz_type_by_base.xml&queryString=%20a.base_code%20in%20(%270010273%27)%20&queryText=%C8%D5%C6%DA%A3%BA2023-07-01%D6%C12023-07-31%20%B2%D6%BF%E2%A3%BA%B3%F8%B7%BF&tableQueryString=materiel_table$sp1$$sp$before_table$sp1$$sp$crk_table$sp1$order_day%20between%2020230701%20and%2020230731 HTTP/1.1" 200 49399
101.229.170.135 - - [27/Aug/2023:11:08:55 +0800] "GET /xingrg/dwr/interface/AjaxReportQueryService.js HTTP/1.1" 200 13203
180.165.48.189 - - [27/Aug/2023:11:08:55 +0800] "GET /xingrg/all/function/internal_message.html?_=1693105734626&CODE_STATE=getMsg HTTP/1.1" 200 27
180.165.48.189 - - [27/Aug/2023:11:08:55 +0800] "GET /xingrg/check_reg.html?_=1693105734623 HTTP/1.1" 200 22
116.235.94.33 - - [27/Aug/2023:11:08:56 +0800] "GET /xingrg/all/function/internal_message.html?_=1693106029187&CODE_STATE=getMsg HTTP/1.1" 200 27
180.152.241.196 - - [27/Aug/2023:11:08:58 +0800] "POST /xingrg/kc/buy/cgsh_list_operate.html HTTP/1.1" 200 986
101.229.170.135 - - [27/Aug/2023:11:09:00 +0800] "POST /xingrg/all/report/load_report_page.html HTTP/1.1" 200 94590
101.229.170.135 - - [27/Aug/2023:11:09:00 +0800] "GET /xingrg/servlets/image?cache=0.9576199323431426&image=px HTTP/1.1" 200 807
101.83.145.37 - - [27/Aug/2023:11:09:00 +0800] "GET /xingrg/kc/buy/cgsh_order_add.html HTTP/1.1" 200 72098
180.152.241.196 - - [27/Aug/2023:11:09:00 +0800] "GET /xingrg/kc/buy/cgsh_order_add.html HTTP/1.1" 200 72057
180.152.241.196 - - [27/Aug/2023:11:09:01 +0800] "GET /xingrg/words/20230827105955_words.js HTTP/1.1" 200 984598
101.83.145.37 - - [27/Aug/2023:11:09:01 +0800] "GET /xingrg/javascript/easyui/themes/default/validatebox.css HTTP/1.1" 404 1104
101.83.145.37 - - [27/Aug/2023:11:09:01 +0800] "POST /xingrg/kc/buy/cgsh_order_operate.html HTTP/1.1" 200 8245
180.152.241.196 - - [27/Aug/2023:11:09:01 +0800] "POST /xingrg/kc/buy/cgsh_order_operate.html HTTP/1.1" 200 8245
180.152.241.196 - - [27/Aug/2023:11:09:01 +0800] "GET /xingrg/javascript/easyui/themes/default/validatebox.css HTTP/1.1" 404 1104
101.229.170.135 - - [27/Aug/2023:11:09:01 +0800] "GET /xingrg/all/report/report_query.html?isQuery=1&fileName=kc/base/crk_detail_by_small.xml&rh=99999&queryString=&queryText=%25E3%2580%2590%25E4%25BB%2593%25E5%25BA%2593%25E5%2590%258D%25E7%25A7%25B0%253A%25E5%258E%25A8%25E6%2588%25BF%25E3%2580%2591%25E3%2580%2590%25E4%25B8%259A%25E5%258A%25A1%25E7%25B1%25BB%25E5%259E%258B%25EF%25BC%259A%25E9%2587%2587%25E8%25B4%25AD%25E5%2585%25A5%25E5%25BA%2593%25E3%2580%2591%2520%253F%253F%253F%253F%253F2023-07-01%253F%253F2023-07-31%2520%253F%253F%253F%253F%253F%253F%253F&tableQueryString=crk_table%2524sp1%2524order_day%2520between%252020230701%2520and%252020230731%2520and%2520(base_code%253D%270010273%27)%2520and%2520(src_order_type%2520in%2520(21))%2520and%2520(is_rk%2520in%2520(1)) HTTP/1.1" 200 53778
180.152.241.196 - - [27/Aug/2023:11:09:01 +0800] "GET /xingrg/all/common/auto_word.html?type=employee&rest_code=00102 HTTP/1.1" 200 189
101.229.170.135 - - [27/Aug/2023:11:09:01 +0800] "GET /xingrg/dwr/interface/AjaxReportQueryService.js HTTP/1.1" 200 13203
180.152.241.196 - - [27/Aug/2023:11:09:01 +0800] "GET /xingrg/all/common/auto_word.html?type=employee&rest_code=00102 HTTP/1.1" 200 189
180.152.241.196 - - [27/Aug/2023:11:09:02 +0800] "GET /xingrg/javascript/auto/indicator.gif HTTP/1.1" 404 1066
180.152.241.196 - - [27/Aug/2023:11:09:02 +0800] "GET /xingrg/javascript/jquery_tools/images/prev.gif HTTP/1.1" 404 1086
180.152.241.196 - - [27/Aug/2023:11:09:02 +0800] "GET /xingrg/javascript/jquery_tools/images/next.gif HTTP/1.1" 404 1086
101.229.170.135 - - [27/Aug/2023:11:09:02 +0800] "POST /xingrg/all/report/load_report_page.html HTTP/1.1" 200 62999
101.229.170.135 - - [27/Aug/2023:11:09:02 +0800] "GET /xingrg/servlets/image?cache=0.0673384237140302&image=px HTTP/1.1" 200 807
124.78.155.92 - - [27/Aug/2023:11:09:03 +0800] "GET /xingrg/all/function/internal_message.html?_=1693105744087&CODE_STATE=getMsg HTTP/1.1" 200 27
101.229.170.135 - - [27/Aug/2023:11:09:03 +0800] "GET /xingrg/all/report/report_query.html?isQuery=1&fileName=kc/base/crk_detail_by_materiel.xml&queryString=&queryText=%25E3%2580%2590%25E4%25BB%2593%25E5%25BA%2593%25E5%2590%258D%25E7%25A7%25B0%253A%25E5%258E%25A8%25E6%2588%25BF%25E3%2580%2591%25E3%2580%2590%25E4%25B8%259A%25E5%258A%25A1%25E7%25B1%25BB%25E5%259E%258B%25EF%25BC%259A%25E9%2587%2587%25E8%25B4%25AD%25E5%2585%25A5%25E5%25BA%2593%25E3%2580%2591%2520%253F%253F%253F%253F%253F2023-07-01%253F%253F2023-07-31%2520%253F%253F%253F%253F%253F%253F%253F&tableQueryString=crk_table%2524sp1%2524order_day%2520between%252020230701%2520and%252020230731%2520and%2520(base_code%253D%270010273%27)%2520and%2520(src_order_type%2520in%2520(21))%2520and%2520(is_rk%2520in%2520(1))%2520and%2520(m.sort_code%253D%2700101001%27) HTTP/1.1" 200 53805
101.229.170.135 - - [27/Aug/2023:11:09:03 +0800] "GET /xingrg/dwr/interface/AjaxReportQueryService.js HTTP/1.1" 200 13203
101.229.170.135 - - [27/Aug/2023:11:09:04 +0800] "POST /xingrg/all/report/load_report_page.html HTTP/1.1" 200 16001
101.229.170.135 - - [27/Aug/2023:11:09:04 +0800] "GET /xingrg/servlets/image?cache=0.8119179437982379&image=px HTTP/1.1" 200 807
114.95.241.104 - - [27/Aug/2023:11:09:06 +0800] "GET /xingrg/all/function/internal_message.html?_=1693105648630&CODE_STATE=getMsg HTTP/1.1" 200 27
120.253.135.82 - - [27/Aug/2023:11:09:08 +0800] "GET /xingrg/kc/guide/show_order.html?code=212023012006359&type=21 HTTP/1.1" 302 -
124.78.155.92 - - [27/Aug/2023:11:09:08 +0800] "POST /xingrg/kc/buy/cgsh_order_operate.html HTTP/1.1" 200 37
116.232.195.127 - - [27/Aug/2023:11:09:09 +0800] "GET /xingrg/kc/buy/cgsh_order_operate.html?command=get_materiel&rest_code=00155&code=00101008196&supplier_code=00100005&order_time=2023-08-27 HTTP/1.1" 200 416
101.229.170.135 - - [27/Aug/2023:11:09:09 +0800] "GET /xingrg/all/function/internal_message.html?_=1693105748515&CODE_STATE=getMsg HTTP/1.1" 200 27
101.229.170.135 - - [27/Aug/2023:11:09:09 +0800] "GET /xingrg/check_reg.html?_=1693105748520 HTTP/1.1" 200 22
120.253.135.82 - - [27/Aug/2023:11:09:09 +0800] "GET /xingrg/kc/buy/cgsh_order_info.html?code=212023012006359&sysBaseUrl=http%3A%2F%2F180.169.147.146%3A18081%2Fxingrg%2F&costTime=0×tamp=1693105748090 HTTP/1.1" 200 65993
120.253.135.82 - - [27/Aug/2023:11:09:09 +0800] "GET /favicon.ico HTTP/1.1" 404 -
120.253.135.82 - - [27/Aug/2023:11:09:09 +0800] "GET /xingrg/words/20230827105955_words.js HTTP/1.1" 200 984598
120.253.135.82 - - [27/Aug/2023:11:09:10 +0800] "GET /xingrg/javascript/easyui/themes/default/validatebox.css HTTP/1.1" 404 1104
222.70.173.75 - - [27/Aug/2023:11:09:10 +0800] "GET /xingrg/all/function/internal_message.html?_=1693105750551&CODE_STATE=getMsg HTTP/1.1" 200 27
124.78.155.92 - - [27/Aug/2023:11:09:11 +0800] "POST /xingrg/kc/buy/cgsh_order_operate.html HTTP/1.1" 200 38747
120.253.135.82 - - [27/Aug/2023:11:09:11 +0800] "POST /xingrg/kc/buy/cgsh_order_operate.html HTTP/1.1" 200 1245
180.152.241.196 - - [27/Aug/2023:11:09:11 +0800] "GET /xingrg/kc/buy/cgsh_order_operate.html?command=get_materiel&rest_code=00102&code=00101008323&supplier_code=00100008&order_time=2023-08-26 HTTP/1.1" 200 408
180.169.147.146 - - [27/Aug/2023:11:09:12 +0800] "GET /xingrg/all/function/internal_message.html?_=1693105855982&CODE_STATE=getMsg HTTP/1.1" 302 -
116.232.195.127 - - [27/Aug/2023:11:09:14 +0800] "GET /xingrg/all/function/internal_message.html?_=1693105666220&CODE_STATE=getMsg HTTP/1.1" 200 27
180.152.241.196 - - [27/Aug/2023:11:09:15 +0800] "POST /xingrg/kc/base/wldb_order_operate.html HTTP/1.1" 200 37
180.152.241.196 - - [27/Aug/2023:11:09:16 +0800] "POST /xingrg/kc/base/wldb_order_operate.html HTTP/1.1" 200 6182
120.253.135.82 - - [27/Aug/2023:11:09:17 +0800] "GET /xingrg/all/function/internal_message.html?_=1693105567818&CODE_STATE=getMsg HTTP/1.1" 200 27
180.152.241.196 - - [27/Aug/2023:11:09:18 +0800] "GET /xingrg/kc/base/wldb_order_info.html?code=422023082702902 HTTP/1.1" 200 30509
222.70.180.200 - - [27/Aug/2023:11:09:18 +0800] "GET /xingrg/all/function/internal_message.html?_=1693105758761&CODE_STATE=getMsg HTTP/1.1" 200 27
180.152.241.196 - - [27/Aug/2023:11:09:18 +0800] "GET /xingrg/words/20230827105955_words.js HTTP/1.1" 304 -
180.152.241.196 - - [27/Aug/2023:11:09:18 +0800] "GET /xingrg/javascript/easyui/themes/default/validatebox.css HTTP/1.1" 404 1104
180.152.241.196 - - [27/Aug/2023:11:09:19 +0800] "POST /xingrg/kc/base/wldb_order_operate.html HTTP/1.1" 200 6182
101.83.145.37 - - [27/Aug/2023:11:09:20 +0800] "GET /xingrg/all/function/internal_message.html?_=1693105761760&CODE_STATE=getMsg HTTP/1.1" 200 27
101.229.170.135 - - [27/Aug/2023:11:09:21 +0800] "GET /xingrg/kc/base/base_main.html HTTP/1.1" 200 12142
101.229.170.135 - - [27/Aug/2023:11:09:21 +0800] "GET /xingrg/images/blue/button/wlsy.gif HTTP/1.1" 200 2536
101.229.170.135 - - [27/Aug/2023:11:09:21 +0800] "GET /xingrg/images/blue/button/ckpd.gif HTTP/1.1" 200 2051
180.152.241.196 - - [27/Aug/2023:11:09:21 +0800] "GET /xingrg/all/function/internal_message.html?_=1693105761652&CODE_STATE=getMsg HTTP/1.1" 200 27
101.229.170.135 - - [27/Aug/2023:11:09:21 +0800] "GET /xingrg/images/blue/button/kc.gif HTTP/1.1" 200 2160
101.229.170.135 - - [27/Aug/2023:11:09:21 +0800] "GET /xingrg/images/blue/button/ckdb.gif HTTP/1.1" 200 1950
101.229.170.135 - - [27/Aug/2023:11:09:21 +0800] "GET /xingrg/images/blue/button/yddb.gif HTTP/1.1" 200 2040
101.229.170.135 - - [27/Aug/2023:11:09:21 +0800] "GET /xingrg/images/blue/pic_form2.gif HTTP/1.1" 200 1853
101.229.170.135 - - [27/Aug/2023:11:09:21 +0800] "GET /xingrg/images/blue/button/top_left.jpg HTTP/1.1" 200 1632
101.229.170.135 - - [27/Aug/2023:11:09:21 +0800] "GET /xingrg/images/blue/button/down.jpg HTTP/1.1" 200 1560
101.229.170.135 - - [27/Aug/2023:11:09:21 +0800] "GET /xingrg/images/blue/button/top_right.jpg HTTP/1.1" 200 1708
101.229.170.135 - - [27/Aug/2023:11:09:21 +0800] "GET /xingrg/images/blue/button/right_ah.jpg HTTP/1.1" 200 1744
101.229.170.135 - - [27/Aug/2023:11:09:21 +0800] "GET /xingrg/images/blue/button/bottom_left.jpg HTTP/1.1" 200 1524
101.229.170.135 - - [27/Aug/2023:11:09:21 +0800] "GET /xingrg/images/blue/button/bottom_right.jpg HTTP/1.1" 200 1436
101.229.170.135 - - [27/Aug/2023:11:09:21 +0800] "GET /xingrg/images/blue/button/left_ah.jpg HTTP/1.1" 200 1643
101.229.170.135 - - [27/Aug/2023:11:09:21 +0800] "GET /xingrg/images/blue/bg_dotted.jpg HTTP/1.1" 200 319
180.152.241.196 - - [27/Aug/2023:11:09:22 +0800] "GET /xingrg/kc/buy/cgsh_order_operate.html?command=get_materiel&rest_code=00102&code=00101008176&supplier_code=00100008&order_time=2023-08-26 HTTP/1.1" 200 413
101.229.170.135 - - [27/Aug/2023:11:09:23 +0800] "GET /xingrg/kc/report/report_main.html HTTP/1.1" 200 7340
116.232.195.127 - - [27/Aug/2023:11:09:24 +0800] "GET /xingrg/kc/buy/cgsh_order_operate.html?command=get_materiel&rest_code=00155&code=00101008197&supplier_code=00100005&order_time=2023-08-27 HTTP/1.1" 200 416
101.228.187.155 - - [27/Aug/2023:11:09:26 +0800] "GET /xingrg/all/function/internal_message.html?_=1693105766743&CODE_STATE=getMsg HTTP/1.1" 200 27
221.239.167.251 - - [27/Aug/2023:11:09:27 +0800] "GET /xingrg/all/function/internal_message.html?_=1693105766946&CODE_STATE=getMsg HTTP/1.1" 200 27
101.229.170.135 - - [27/Aug/2023:11:09:28 +0800] "GET /xingrg/kc/base/check_order_list.html HTTP/1.1" 200 16340
101.229.170.135 - - [27/Aug/2023:11:09:28 +0800] "GET /xingrg/css/base.css HTTP/1.1" 200 2811
101.229.170.135 - - [27/Aug/2023:11:09:28 +0800] "GET /xingrg/css/site.css HTTP/1.1" 200 7541
101.229.170.135 - - [27/Aug/2023:11:09:28 +0800] "GET /xingrg/javascript/jquery_tools/datebox.css HTTP/1.1" 200 2597
101.229.170.135 - - [27/Aug/2023:11:09:28 +0800] "GET /xingrg/javascript/auto/jquery.autocomplete.css HTTP/1.1" 200 587
101.229.170.135 - - [27/Aug/2023:11:09:28 +0800] "GET /xingrg/javascript/easyui/themes/icon.css HTTP/1.1" 200 4483
101.229.170.135 - - [27/Aug/2023:11:09:28 +0800] "GET /xingrg/javascript/easyui/themes/default/easyui.css HTTP/1.1" 200 30432
101.229.170.135 - - [27/Aug/2023:11:09:28 +0800] "GET /xingrg/javascript/jquery_tools/fix.css HTTP/1.1" 200 1702
101.229.170.135 - - [27/Aug/2023:11:09:28 +0800] "GET /xingrg/javascript/jquery_tools/table.css HTTP/1.1" 200 1032
101.229.170.135 - - [27/Aug/2023:11:09:28 +0800] "GET /xingrg/javascript/jquery_tools/jquery.tools.min.js HTTP/1.1" 200 138801
101.229.170.135 - - [27/Aug/2023:11:09:28 +0800] "GET /xingrg/javascript/jquery_tools/jquery.tools.extend.js HTTP/1.1" 200 15385
101.229.170.135 - - [27/Aug/2023:11:09:28 +0800] "GET /xingrg/javascript/jquery_tools/jquery.tools.hotkey.js HTTP/1.1" 200 3242
101.229.170.135 - - [27/Aug/2023:11:09:28 +0800] "GET /xingrg/javascript/jquery_tools/list_manager.js HTTP/1.1" 200 3652
101.229.170.135 - - [27/Aug/2023:11:09:28 +0800] "GET /xingrg/javascript/jquery_tools/jquery.tools.table.js HTTP/1.1" 200 6994
101.229.170.135 - - [27/Aug/2023:11:09:28 +0800] "GET /xingrg/javascript/auto/jquery.autocomplete.js HTTP/1.1" 200 21624
101.229.170.135 - - [27/Aug/2023:11:09:28 +0800] "GET /xingrg/javascript/easyui/easyloader.js HTTP/1.1" 200 5975
101.229.170.135 - - [27/Aug/2023:11:09:28 +0800] "GET /xingrg/javascript/jquery.cookie.js HTTP/1.1" 200 5513
101.229.170.135 - - [27/Aug/2023:11:09:28 +0800] "GET /xingrg/javascript/easyui/themes/icons/check_new.png HTTP/1.1" 200 3224
101.229.170.135 - - [27/Aug/2023:11:09:28 +0800] "GET /xingrg/javascript/easyui/themes/icons/edit_add_new.png HTTP/1.1" 200 2997
101.229.170.135 - - [27/Aug/2023:11:09:28 +0800] "GET /xingrg/javascript/easyui/themes/icons/cance_new.png HTTP/1.1" 200 3986
101.229.170.135 - - [27/Aug/2023:11:09:28 +0800] "GET /xingrg/javascript/easyui/themes/icons/field_new.png HTTP/1.1" 200 1097
101.229.170.135 - - [27/Aug/2023:11:09:28 +0800] "GET /xingrg/javascript/easyui/plugins/jquery.parser.js HTTP/1.1" 200 1142
