114.83.217.3 - - [27/Aug/2023:09:22:53 +0800] "GET /xingrg/javascript/auto/indicator.gif HTTP/1.1" 404 1066
114.83.217.3 - - [27/Aug/2023:09:22:55 +0800] "GET /xingrg/kc/base/wldb_order_operate.html?command=get_materiel&rest_code=00154&base_code=0010724&code=00101040041 HTTP/1.1" 200 463
124.78.155.92 - - [27/Aug/2023:09:23:00 +0800] "GET /xingrg/all/function/internal_message.html?_=1693099381552&CODE_STATE=getMsg HTTP/1.1" 200 27
114.95.241.104 - - [27/Aug/2023:09:23:02 +0800] "GET /xingrg/all/function/internal_message.html?_=1693099284585&CODE_STATE=getMsg HTTP/1.1" 200 27
222.70.180.200 - - [27/Aug/2023:09:23:03 +0800] "GET /xingrg/all/function/internal_message.html?_=1693099383951&CODE_STATE=getMsg HTTP/1.1" 200 27
114.83.217.3 - - [27/Aug/2023:09:23:04 +0800] "GET /xingrg/kc/base/wldb_order_operate.html?command=get_materiel&rest_code=00154&base_code=0010724&code=00101040040 HTTP/1.1" 200 458
180.169.147.146 - - [27/Aug/2023:09:23:14 +0800] "GET /xingrg/all/function/internal_message.html?_=1693099498183&CODE_STATE=getMsg HTTP/1.1" 302 -
114.83.217.3 - - [27/Aug/2023:09:23:14 +0800] "GET /xingrg/kc/base/wldb_order_operate.html?command=get_materiel&rest_code=00154&base_code=0010724&code=00101040058 HTTP/1.1" 200 459
116.235.94.33 - - [27/Aug/2023:09:23:15 +0800] "GET /xingrg/all/function/internal_message.html?_=1693099391679&CODE_STATE=getMsg HTTP/1.1" 200 27
116.232.195.127 - - [27/Aug/2023:09:23:15 +0800] "GET /xingrg/all/function/internal_message.html?_=1693099308036&CODE_STATE=getMsg HTTP/1.1" 200 27
114.83.217.3 - - [27/Aug/2023:09:23:21 +0800] "GET /xingrg/all/function/internal_message.html?_=1693099541742&CODE_STATE=getMsg HTTP/1.1" 200 27
101.83.145.37 - - [27/Aug/2023:09:23:22 +0800] "GET /xingrg/all/function/internal_message.html?_=1693099403539&CODE_STATE=getMsg HTTP/1.1" 200 27
114.95.241.104 - - [27/Aug/2023:09:23:26 +0800] "GET /xingrg/all/function/internal_message.html?_=1693099406258&CODE_STATE=getMsg HTTP/1.1" 200 27
114.83.217.3 - - [27/Aug/2023:09:23:27 +0800] "GET /xingrg/kc/base/wldb_order_operate.html?command=get_materiel&rest_code=00154&base_code=0010724&code=00101040001 HTTP/1.1" 200 469
221.239.167.251 - - [27/Aug/2023:09:23:29 +0800] "GET /xingrg/all/function/internal_message.html?_=1693099409079&CODE_STATE=getMsg HTTP/1.1" 200 27
180.169.147.146 - - [27/Aug/2023:09:23:32 +0800] "GET /favicon.ico HTTP/1.1" 404 -
114.83.217.3 - - [27/Aug/2023:09:23:34 +0800] "POST /xingrg/all/common/load_select.html HTTP/1.1" 200 25
114.83.223.42 - - [27/Aug/2023:09:23:35 +0800] "GET /xingrg/all/function/internal_message.html?_=1693099415443&CODE_STATE=getMsg HTTP/1.1" 200 27
114.83.217.3 - - [27/Aug/2023:09:23:36 +0800] "GET /xingrg/kc/base/wldb_order_operate.html?command=get_materiel_price&rest_code=00154&base_code=0010724&code=00101040001&unit_code=00100619 HTTP/1.1" 200 36
222.70.180.200 - - [27/Aug/2023:09:23:37 +0800] "POST /xingrg/kc/buy/cgsh_order_operate.html HTTP/1.1" 200 37
114.83.217.3 - - [27/Aug/2023:09:23:45 +0800] "GET /xingrg/kc/base/wldb_order_operate.html?command=get_materiel&rest_code=00154&base_code=0010724&code=00101019184 HTTP/1.1" 200 458
114.95.241.104 - - [27/Aug/2023:09:23:47 +0800] "POST /xingrg/kc/buy/cgsh_order_operate.html HTTP/1.1" 200 37
222.70.173.75 - - [27/Aug/2023:09:23:49 +0800] "GET /xingrg/all/function/internal_message.html?_=1693099429297&CODE_STATE=getMsg HTTP/1.1" 200 27
222.70.180.200 - - [27/Aug/2023:09:23:49 +0800] "POST /xingrg/kc/buy/cgsh_order_operate.html HTTP/1.1" 200 12715
180.165.48.189 - - [27/Aug/2023:09:23:52 +0800] "GET /favicon.ico HTTP/1.1" 404 -
114.83.217.3 - - [27/Aug/2023:09:23:57 +0800] "GET /xingrg/kc/base/wldb_order_operate.html?command=get_materiel&rest_code=00154&base_code=0010724&code=00101019222 HTTP/1.1" 200 453
114.95.241.104 - - [27/Aug/2023:09:23:59 +0800] "POST /xingrg/kc/buy/cgsh_order_operate.html HTTP/1.1" 200 12
180.165.48.189 - - [27/Aug/2023:09:24:00 +0800] "GET /xingrg/login.html HTTP/1.1" 200 7641
180.165.48.189 - - [27/Aug/2023:09:24:00 +0800] "GET /xingrg/images/blue/jxLogo.png HTTP/1.1" 304 -
124.78.155.92 - - [27/Aug/2023:09:24:00 +0800] "GET /xingrg/check_reg.html?_=1693099441545 HTTP/1.1" 200 22
124.78.155.92 - - [27/Aug/2023:09:24:00 +0800] "GET /xingrg/all/function/internal_message.html?_=1693099441548&CODE_STATE=getMsg HTTP/1.1" 200 27
180.165.48.189 - - [27/Aug/2023:09:24:00 +0800] "GET /xingrg/images/blue/login_bg.png HTTP/1.1" 304 -
180.165.48.189 - - [27/Aug/2023:09:24:00 +0800] "GET /xingrg/images/blue/hj.png HTTP/1.1" 304 -
180.165.48.189 - - [27/Aug/2023:09:24:00 +0800] "GET /xingrg/images/blue/srbg.png HTTP/1.1" 304 -
180.165.48.189 - - [27/Aug/2023:09:24:00 +0800] "GET /favicon.ico HTTP/1.1" 404 -
114.95.241.104 - - [27/Aug/2023:09:24:02 +0800] "GET /xingrg/kc/buy/cgsh_order_info.html?code=212023082710926 HTTP/1.1" 200 66969
114.95.241.104 - - [27/Aug/2023:09:24:02 +0800] "GET /xingrg/all/function/internal_message.html?_=1693099344665&CODE_STATE=getMsg HTTP/1.1" 200 27
180.165.48.189 - - [27/Aug/2023:09:24:03 +0800] "POST /xingrg/login.do HTTP/1.1" 302 -
180.165.48.189 - - [27/Aug/2023:09:24:03 +0800] "GET /xingrg/index.html?sysBaseUrl=http%3A%2F%2F180.169.147.146%3A18081%2Fxingrg%2F&costTime=1225×tamp=1693099443058 HTTP/1.1" 200 17183
180.165.48.189 - - [27/Aug/2023:09:24:03 +0800] "GET /xingrg/javascript/jquery_easy_ui/themes/default/easyui.css HTTP/1.1" 304 -
180.165.48.189 - - [27/Aug/2023:09:24:03 +0800] "GET /xingrg/javascript/jquery_easy_ui/themes/icon.css HTTP/1.1" 304 -
222.70.180.200 - - [27/Aug/2023:09:24:03 +0800] "GET /xingrg/all/function/internal_message.html?_=1693099443925&CODE_STATE=getMsg HTTP/1.1" 200 27
180.165.48.189 - - [27/Aug/2023:09:24:03 +0800] "GET /xingrg/css/form.css HTTP/1.1" 304 -
180.165.48.189 - - [27/Aug/2023:09:24:03 +0800] "GET /xingrg/javascript/jquery-1.4.2.min.js HTTP/1.1" 304 -
180.165.48.189 - - [27/Aug/2023:09:24:03 +0800] "GET /xingrg/javascript/jquery_easy_ui/jquery.easyui.min.js HTTP/1.1" 304 -
180.165.48.189 - - [27/Aug/2023:09:24:03 +0800] "GET /xingrg/javascript/jquery_easy_ui/easyui-lang-zh_CN.js HTTP/1.1" 304 -
180.165.48.189 - - [27/Aug/2023:09:24:03 +0800] "GET /favicon.ico HTTP/1.1" 404 -
180.165.48.189 - - [27/Aug/2023:09:24:03 +0800] "GET /xingrg/javascript/jquery.form.js HTTP/1.1" 304 -
180.165.48.189 - - [27/Aug/2023:09:24:03 +0800] "GET /xingrg/javascript/jquery.utils.js HTTP/1.1" 304 -
180.165.48.189 - - [27/Aug/2023:09:24:03 +0800] "GET /xingrg/javascript/jquery.timers.js HTTP/1.1" 304 -
180.165.48.189 - - [27/Aug/2023:09:24:03 +0800] "GET /xingrg/javascript/jquery_easy_ui/themes/icons/settle_new.png HTTP/1.1" 304 -
180.165.48.189 - - [27/Aug/2023:09:24:03 +0800] "GET /xingrg/images/blue/navBackgound.jpg HTTP/1.1" 304 -
114.95.241.104 - - [27/Aug/2023:09:24:03 +0800] "GET /xingrg/javascript/easyui/themes/default/validatebox.css HTTP/1.1" 404 1104
180.165.48.189 - - [27/Aug/2023:09:24:03 +0800] "POST /xingrg/all/common/load_tree.html?tree=area_rest_tree_json&manage=1 HTTP/1.1" 200 357
180.165.48.189 - - [27/Aug/2023:09:24:03 +0800] "GET /xingrg/all/function/internal_message.html?_=1693099442756&CODE_STATE=count HTTP/1.1" 200 11
180.165.48.189 - - [27/Aug/2023:09:24:03 +0800] "GET /xingrg/check_reg.html?_=1693099442756 HTTP/1.1" 200 22
180.165.48.189 - - [27/Aug/2023:09:24:03 +0800] "GET /xingrg/images/blue/pingpu.png HTTP/1.1" 304 -
180.165.48.189 - - [27/Aug/2023:09:24:03 +0800] "GET /xingrg/javascript/jquery_easy_ui/themes/default/images/tabs_leftarrow.png HTTP/1.1" 304 -
180.165.48.189 - - [27/Aug/2023:09:24:03 +0800] "GET /xingrg/javascript/jquery_easy_ui/themes/default/images/tabs_rightarrow.png HTTP/1.1" 304 -
180.165.48.189 - - [27/Aug/2023:09:24:03 +0800] "GET /xingrg/javascript/jquery_easy_ui/themes/default/images/panel_tool_collapse.gif HTTP/1.1" 304 -
180.165.48.189 - - [27/Aug/2023:09:24:03 +0800] "POST /xingrg/load_menu.html HTTP/1.1" 200 5138
180.165.48.189 - - [27/Aug/2023:09:24:03 +0800] "GET /xingrg/javascript/jquery_easy_ui/themes/default/images/tree_arrows.gif HTTP/1.1" 304 -
180.165.48.189 - - [27/Aug/2023:09:24:03 +0800] "GET /xingrg/javascript/jquery_easy_ui/themes/default/images/tree_folder_open.gif HTTP/1.1" 304 -
180.165.48.189 - - [27/Aug/2023:09:24:03 +0800] "GET /xingrg/javascript/jquery_easy_ui/themes/icons/search_new.png HTTP/1.1" 304 -
180.165.48.189 - - [27/Aug/2023:09:24:03 +0800] "GET /xingrg/javascript/jquery_easy_ui/themes/default/images/tree_folder.gif HTTP/1.1" 304 -
180.165.48.189 - - [27/Aug/2023:09:24:03 +0800] "GET /xingrg/javascript/jquery_easy_ui/themes/icons/storage_new.png HTTP/1.1" 304 -
180.165.48.189 - - [27/Aug/2023:09:24:03 +0800] "GET /xingrg/javascript/jquery_easy_ui/themes/icons/forms_new.png HTTP/1.1" 304 -
180.165.48.189 - - [27/Aug/2023:09:24:03 +0800] "GET /xingrg/javascript/jquery_easy_ui/themes/default/images/tree_file.gif HTTP/1.1" 304 -
124.78.155.92 - - [27/Aug/2023:09:24:04 +0800] "GET /xingrg/kc/buy/cgsh_order_operate.html?command=get_materiel&rest_code=00106&code=00101007067&supplier_code=00100096&order_time=2023-08-27 HTTP/1.1" 200 411
114.95.241.104 - - [27/Aug/2023:09:24:05 +0800] "POST /xingrg/kc/buy/cgsh_order_operate.html HTTP/1.1" 200 27260
222.70.180.200 - - [27/Aug/2023:09:24:05 +0800] "GET /xingrg/kc/buy/cgsh_order_add.html HTTP/1.1" 200 8212
222.70.180.200 - - [27/Aug/2023:09:24:05 +0800] "GET /xingrg/kc/buy/cgsh_order_add.html HTTP/1.1" 200 71966
222.70.180.200 - - [27/Aug/2023:09:24:06 +0800] "POST /xingrg/kc/buy/cgsh_order_operate.html HTTP/1.1" 200 8245
222.70.180.200 - - [27/Aug/2023:09:24:06 +0800] "GET /xingrg/javascript/easyui/themes/default/validatebox.css HTTP/1.1" 404 1104
114.95.241.104 - - [27/Aug/2023:09:24:06 +0800] "GET /xingrg/kc/print/load_config.html?kc_code=cgsh HTTP/1.1" 200 1924
114.95.241.104 - - [27/Aug/2023:09:24:07 +0800] "GET /xingrg/kc/print/load_data.html?order_code=212023082710926&kc_code=cgsh&condition= HTTP/1.1" 200 10828
114.83.217.3 - - [27/Aug/2023:09:24:08 +0800] "GET /xingrg/kc/base/wldb_order_operate.html?command=get_materiel&rest_code=00154&base_code=0010724&code=00101019536 HTTP/1.1" 200 471
180.165.48.189 - - [27/Aug/2023:09:24:10 +0800] "GET /xingrg/javascript/jquery_easy_ui/themes/default/images/tabs_close.gif HTTP/1.1" 304 -
180.165.48.189 - - [27/Aug/2023:09:24:11 +0800] "GET /xingrg/kc/buy/cgsh_order_list.html HTTP/1.1" 200 56244
180.165.48.189 - - [27/Aug/2023:09:24:11 +0800] "GET /xingrg/css/base.css HTTP/1.1" 304 -
180.165.48.189 - - [27/Aug/2023:09:24:11 +0800] "GET /xingrg/css/site.css HTTP/1.1" 304 -
180.165.48.189 - - [27/Aug/2023:09:24:11 +0800] "GET /xingrg/javascript/jquery_tools/datebox.css HTTP/1.1" 304 -
180.165.48.189 - - [27/Aug/2023:09:24:11 +0800] "GET /xingrg/javascript/easyui/themes/default/easyui.css HTTP/1.1" 304 -
180.165.48.189 - - [27/Aug/2023:09:24:11 +0800] "GET /xingrg/javascript/easyui/themes/icon.css HTTP/1.1" 304 -
180.165.48.189 - - [27/Aug/2023:09:24:11 +0800] "GET /xingrg/javascript/auto/jquery.autocomplete.css HTTP/1.1" 304 -
180.165.48.189 - - [27/Aug/2023:09:24:11 +0800] "GET /xingrg/javascript/jquery_tools/fix.css HTTP/1.1" 304 -
180.165.48.189 - - [27/Aug/2023:09:24:11 +0800] "GET /xingrg/javascript/jquery_tools/table.css HTTP/1.1" 304 -
180.165.48.189 - - [27/Aug/2023:09:24:11 +0800] "GET /xingrg/javascript/jquery_tools/jquery.tools.min.js HTTP/1.1" 304 -
180.165.48.189 - - [27/Aug/2023:09:24:11 +0800] "GET /xingrg/javascript/jquery_tools/jquery.tools.extend.js HTTP/1.1" 304 -
180.165.48.189 - - [27/Aug/2023:09:24:11 +0800] "GET /xingrg/javascript/jquery_tools/jquery.tools.hotkey.js HTTP/1.1" 304 -
180.165.48.189 - - [27/Aug/2023:09:24:11 +0800] "GET /xingrg/javascript/jquery_tools/jquery.tools.table.js HTTP/1.1" 304 -
180.165.48.189 - - [27/Aug/2023:09:24:11 +0800] "GET /xingrg/javascript/jquery_tools/list_manager.js HTTP/1.1" 304 -
180.165.48.189 - - [27/Aug/2023:09:24:11 +0800] "GET /xingrg/javascript/auto/jquery.autocomplete.js HTTP/1.1" 304 -
180.165.48.189 - - [27/Aug/2023:09:24:11 +0800] "GET /xingrg/javascript/easyui/easyloader.js HTTP/1.1" 304 -
180.165.48.189 - - [27/Aug/2023:09:24:11 +0800] "GET /xingrg/javascript/jquery.cookie.js HTTP/1.1" 304 -
180.165.48.189 - - [27/Aug/2023:09:24:11 +0800] "GET /xingrg/javascript/print/LodopFuncs.js HTTP/1.1" 304 -
180.165.48.189 - - [27/Aug/2023:09:24:12 +0800] "GET /xingrg/javascript/easyui/themes/icons/edit_add_new.png HTTP/1.1" 304 -
180.165.48.189 - - [27/Aug/2023:09:24:12 +0800] "GET /xingrg/javascript/easyui/themes/icons/cance_new.png HTTP/1.1" 304 -
180.165.48.189 - - [27/Aug/2023:09:24:12 +0800] "GET /xingrg/javascript/easyui/themes/icons/check_new.png HTTP/1.1" 304 -
180.165.48.189 - - [27/Aug/2023:09:24:12 +0800] "GET /xingrg/javascript/easyui/themes/icons/field_new.png HTTP/1.1" 304 -
180.165.48.189 - - [27/Aug/2023:09:24:12 +0800] "GET /xingrg/javascript/easyui/themes/icons/import_new.png HTTP/1.1" 304 -
180.165.48.189 - - [27/Aug/2023:09:24:12 +0800] "GET /xingrg/javascript/easyui/plugins/jquery.parser.js HTTP/1.1" 304 -
180.165.48.189 - - [27/Aug/2023:09:24:12 +0800] "GET /xingrg/images/control/ajaxLoader.gif HTTP/1.1" 304 -
180.169.147.146 - - [27/Aug/2023:09:24:14 +0800] "GET /xingrg/all/function/internal_message.html?_=1693099558154&CODE_STATE=getMsg HTTP/1.1" 302 -
114.95.241.104 - - [27/Aug/2023:09:24:15 +0800] "GET /xingrg/kc/buy/cgsh_order_add.html HTTP/1.1" 200 72060
116.235.94.33 - - [27/Aug/2023:09:24:15 +0800] "GET /xingrg/all/function/internal_message.html?_=1693099451675&CODE_STATE=getMsg HTTP/1.1" 200 27
114.95.241.104 - - [27/Aug/2023:09:24:15 +0800] "POST /xingrg/kc/buy/cgsh_order_operate.html HTTP/1.1" 200 8245
114.95.241.104 - - [27/Aug/2023:09:24:15 +0800] "GET /xingrg/javascript/easyui/themes/default/validatebox.css HTTP/1.1" 404 1104
116.232.195.127 - - [27/Aug/2023:09:24:15 +0800] "GET /xingrg/all/function/internal_message.html?_=1693099368017&CODE_STATE=getMsg HTTP/1.1" 200 27
114.83.217.3 - - [27/Aug/2023:09:24:21 +0800] "GET /xingrg/all/function/internal_message.html?_=1693099601758&CODE_STATE=getMsg HTTP/1.1" 200 27
101.83.145.37 - - [27/Aug/2023:09:24:22 +0800] "GET /xingrg/all/function/internal_message.html?_=1693099463511&CODE_STATE=getMsg HTTP/1.1" 200 27
114.95.241.104 - - [27/Aug/2023:09:24:23 +0800] "GET /xingrg/kc/buy/cgsh_order_operate.html?command=get_materiel&rest_code=00150&code=00101011005&supplier_code=00100047&order_time=2023-08-27 HTTP/1.1" 200 428
114.83.217.3 - - [27/Aug/2023:09:24:26 +0800] "GET /xingrg/kc/base/wldb_order_operate.html?command=get_materiel&rest_code=00154&base_code=0010724&code=00101019074 HTTP/1.1" 200 471
114.95.241.104 - - [27/Aug/2023:09:24:26 +0800] "GET /xingrg/all/function/internal_message.html?_=1693099466238&CODE_STATE=getMsg HTTP/1.1" 200 27
221.239.167.251 - - [27/Aug/2023:09:24:29 +0800] "GET /xingrg/all/function/internal_message.html?_=1693099469056&CODE_STATE=getMsg HTTP/1.1" 200 27
222.70.180.200 - - [27/Aug/2023:09:24:31 +0800] "GET /xingrg/kc/buy/cgsh_order_operate.html?command=get_materiel&rest_code=00111&code=00101002027&supplier_code=00100199&order_time=2023-08-27 HTTP/1.1" 200 414
180.169.147.146 - - [27/Aug/2023:09:24:33 +0800] "GET /xingrg/check_reg.html?_=1693099576688 HTTP/1.1" 302 -
114.83.217.3 - - [27/Aug/2023:09:24:34 +0800] "GET /xingrg/kc/base/wldb_order_operate.html?command=get_materiel&rest_code=00154&base_code=0010724&code=00101019253 HTTP/1.1" 200 482
114.95.241.104 - - [27/Aug/2023:09:24:35 +0800] "GET /xingrg/kc/buy/cgsh_order_operate.html?command=get_materiel&rest_code=00150&code=00101011001&supplier_code=00100047&order_time=2023-08-27 HTTP/1.1" 200 423
114.83.223.42 - - [27/Aug/2023:09:24:35 +0800] "GET /xingrg/all/function/internal_message.html?_=1693099475413&CODE_STATE=getMsg HTTP/1.1" 200 27
114.83.217.3 - - [27/Aug/2023:09:24:43 +0800] "GET /xingrg/kc/base/wldb_order_operate.html?command=get_materiel&rest_code=00154&base_code=0010724&code=00101019164 HTTP/1.1" 200 466
222.70.173.75 - - [27/Aug/2023:09:24:49 +0800] "GET /xingrg/all/function/internal_message.html?_=1693099489384&CODE_STATE=getMsg HTTP/1.1" 200 27
222.70.180.200 - - [27/Aug/2023:09:24:50 +0800] "POST /xingrg/kc/buy/cgsh_order_operate.html HTTP/1.1" 200 64
114.95.241.104 - - [27/Aug/2023:09:24:50 +0800] "POST /xingrg/kc/buy/cgsh_order_operate.html HTTP/1.1" 200 37
124.78.155.92 - - [27/Aug/2023:09:24:52 +0800] "GET /xingrg/kc/buy/cgsh_order_operate.html?command=get_materiel&rest_code=00106&code=00101001010&supplier_code=00100096&order_time=2023-08-27 HTTP/1.1" 200 411
124.78.155.92 - - [27/Aug/2023:09:25:00 +0800] "GET /xingrg/all/function/internal_message.html?_=1693099501550&CODE_STATE=getMsg HTTP/1.1" 200 27
114.95.241.104 - - [27/Aug/2023:09:25:01 +0800] "POST /xingrg/kc/buy/cgsh_order_operate.html HTTP/1.1" 200 12
114.95.241.104 - - [27/Aug/2023:09:25:02 +0800] "GET /xingrg/all/function/internal_message.html?_=1693099404675&CODE_STATE=getMsg HTTP/1.1" 200 27
180.165.48.189 - - [27/Aug/2023:09:25:03 +0800] "GET /xingrg/all/function/internal_message.html?_=1693099502768&CODE_STATE=getMsg HTTP/1.1" 200 27
114.95.241.104 - - [27/Aug/2023:09:25:03 +0800] "GET /xingrg/kc/buy/cgsh_order_info.html?code=212023082710928 HTTP/1.1" 200 66969
114.95.241.104 - - [27/Aug/2023:09:25:04 +0800] "GET /xingrg/javascript/easyui/themes/default/validatebox.css HTTP/1.1" 404 1104
114.95.241.104 - - [27/Aug/2023:09:25:05 +0800] "POST /xingrg/kc/buy/cgsh_order_operate.html HTTP/1.1" 200 1207
114.95.241.104 - - [27/Aug/2023:09:25:06 +0800] "GET /xingrg/kc/print/load_data.html?order_code=212023082710928&kc_code=cgsh&condition= HTTP/1.1" 200 993
180.169.147.146 - - [27/Aug/2023:09:25:14 +0800] "GET /xingrg/all/function/internal_message.html?_=1693099618126&CODE_STATE=getMsg HTTP/1.1" 302 -
222.70.180.200 - - [27/Aug/2023:09:25:15 +0800] "POST /xingrg/kc/buy/cgsh_order_operate.html HTTP/1.1" 200 37
116.235.94.33 - - [27/Aug/2023:09:25:15 +0800] "GET /xingrg/all/function/internal_message.html?_=1693099511674&CODE_STATE=getMsg HTTP/1.1" 200 27
116.232.195.127 - - [27/Aug/2023:09:25:15 +0800] "GET /xingrg/all/function/internal_message.html?_=1693099428007&CODE_STATE=getMsg HTTP/1.1" 200 27
222.70.180.200 - - [27/Aug/2023:09:25:16 +0800] "POST /xingrg/kc/buy/cgsh_order_operate.html HTTP/1.1" 200 2662
222.70.180.200 - - [27/Aug/2023:09:25:18 +0800] "GET /xingrg/kc/print/load_data.html?order_code=212023082710930&kc_code=cgsh&condition= HTTP/1.1" 200 661
114.83.217.3 - - [27/Aug/2023:09:25:21 +0800] "GET /xingrg/all/function/internal_message.html?_=1693099661744&CODE_STATE=getMsg HTTP/1.1" 200 27
101.83.145.37 - - [27/Aug/2023:09:25:22 +0800] "POST /xingrg/kc/buy/cgsh_order_operate.html HTTP/1.1" 200 2065
101.83.145.37 - - [27/Aug/2023:09:25:22 +0800] "GET /xingrg/all/function/internal_message.html?_=1693099523523&CODE_STATE=getMsg HTTP/1.1" 200 27
101.83.145.37 - - [27/Aug/2023:09:25:23 +0800] "POST /xingrg/kc/buy/cgsh_order_operate.html HTTP/1.1" 200 2065
114.95.241.104 - - [27/Aug/2023:09:25:26 +0800] "GET /xingrg/all/function/internal_message.html?_=1693099526238&CODE_STATE=getMsg HTTP/1.1" 200 27
114.95.241.104 - - [27/Aug/2023:09:25:26 +0800] "GET /xingrg/check_reg.html?_=1693099526243 HTTP/1.1" 200 22
221.239.167.251 - - [27/Aug/2023:09:25:29 +0800] "GET /xingrg/all/function/internal_message.html?_=1693099529026&CODE_STATE=getMsg HTTP/1.1" 200 27
114.95.241.104 - - [27/Aug/2023:09:25:31 +0800] "GET /xingrg/kc/buy/cgsh_order_add.html HTTP/1.1" 200 72060
114.95.241.104 - - [27/Aug/2023:09:25:31 +0800] "POST /xingrg/kc/buy/cgsh_order_operate.html HTTP/1.1" 200 8245
114.95.241.104 - - [27/Aug/2023:09:25:31 +0800] "GET /xingrg/javascript/easyui/themes/default/validatebox.css HTTP/1.1" 404 1104
114.83.223.42 - - [27/Aug/2023:09:25:32 +0800] "POST /xingrg/services/DataTransmitService HTTP/1.1" 200 524
114.83.223.42 - - [27/Aug/2023:09:25:33 +0800] "POST /xingrg/services/DataTransmitService HTTP/1.1" 200 2067
124.78.155.92 - - [27/Aug/2023:09:25:33 +0800] "GET /xingrg/kc/buy/cgsh_order_operate.html?command=get_materiel&rest_code=00106&code=00101020153&supplier_code=00100096&order_time=2023-08-27 HTTP/1.1" 200 410
114.83.223.42 - - [27/Aug/2023:09:25:35 +0800] "GET /xingrg/all/function/internal_message.html?_=1693099535383&CODE_STATE=getMsg HTTP/1.1" 200 27
222.70.180.200 - - [27/Aug/2023:09:25:37 +0800] "GET /xingrg/kc/buy/cgsh_order_add.html HTTP/1.1" 200 71966
222.70.180.200 - - [27/Aug/2023:09:25:37 +0800] "POST /xingrg/kc/buy/cgsh_order_operate.html HTTP/1.1" 200 8245
222.70.180.200 - - [27/Aug/2023:09:25:37 +0800] "GET /xingrg/javascript/easyui/themes/default/validatebox.css HTTP/1.1" 404 1104
114.95.241.104 - - [27/Aug/2023:09:25:42 +0800] "GET /xingrg/kc/buy/cgsh_order_operate.html?command=get_materiel&rest_code=00150&code=00101016025&supplier_code=00100096&order_time=2023-08-27 HTTP/1.1" 200 410
114.83.217.3 - - [27/Aug/2023:09:25:44 +0800] "GET /xingrg/kc/base/wldb_order_operate.html?command=get_materiel&rest_code=00154&base_code=0010724&code=00101020361 HTTP/1.1" 200 437
180.165.48.189 - - [27/Aug/2023:09:25:45 +0800] "POST /xingrg/kc/buy/cgsh_list_operate.html HTTP/1.1" 200 6068
222.70.173.75 - - [27/Aug/2023:09:25:49 +0800] "GET /xingrg/all/function/internal_message.html?_=1693099549386&CODE_STATE=getMsg HTTP/1.1" 200 27
222.70.180.200 - - [27/Aug/2023:09:25:51 +0800] "GET /xingrg/kc/buy/cgsh_order_operate.html?command=get_materiel&rest_code=00111&code=00101006193&supplier_code=00100012&order_time=2023-08-27 HTTP/1.1" 200 409
101.83.145.37 - - [27/Aug/2023:09:25:55 +0800] "GET /xingrg/kc/buy/cgsh_order_operate.html?command=get_materiel&rest_code=00105&code=00101008233&supplier_code=00100203&order_time=2023-08-27 HTTP/1.1" 200 409
114.95.241.104 - - [27/Aug/2023:09:25:58 +0800] "GET /xingrg/kc/buy/cgsh_order_operate.html?command=get_materiel&rest_code=00150&code=00101012025&supplier_code=00100096&order_time=2023-08-27 HTTP/1.1" 200 413
124.78.155.92 - - [27/Aug/2023:09:26:00 +0800] "GET /xingrg/all/function/internal_message.html?_=1693099561549&CODE_STATE=getMsg HTTP/1.1" 200 27
114.95.241.104 - - [27/Aug/2023:09:26:02 +0800] "GET /xingrg/all/function/internal_message.html?_=1693099464759&CODE_STATE=getMsg HTTP/1.1" 200 27
222.70.180.200 - - [27/Aug/2023:09:26:03 +0800] "GET /xingrg/check_reg.html?_=1693099563841 HTTP/1.1" 200 22
222.70.180.200 - - [27/Aug/2023:09:26:03 +0800] "GET /xingrg/all/function/internal_message.html?_=1693099563935&CODE_STATE=getMsg HTTP/1.1" 200 27
180.165.48.189 - - [27/Aug/2023:09:26:03 +0800] "GET /xingrg/all/function/internal_message.html?_=1693099562775&CODE_STATE=getMsg HTTP/1.1" 200 27
101.83.145.37 - - [27/Aug/2023:09:26:03 +0800] "GET /xingrg/kc/buy/cgsh_order_operate.html?command=get_materiel&rest_code=00105&code=00101008108&supplier_code=00100203&order_time=2023-08-27 HTTP/1.1" 200 412
124.78.155.92 - - [27/Aug/2023:09:26:08 +0800] "GET /xingrg/kc/buy/cgsh_order_operate.html?command=get_materiel&rest_code=00106&code=00101010248&supplier_code=00100096&order_time=2023-08-27 HTTP/1.1" 200 432
180.169.147.146 - - [27/Aug/2023:09:26:14 +0800] "GET /xingrg/all/function/internal_message.html?_=1693099678105&CODE_STATE=getMsg HTTP/1.1" 302 -
101.83.145.37 - - [27/Aug/2023:09:26:14 +0800] "GET /xingrg/kc/buy/cgsh_order_operate.html?command=get_materiel&rest_code=00105&code=00101008353&supplier_code=00100203&order_time=2023-08-27 HTTP/1.1" 200 408
116.235.94.33 - - [27/Aug/2023:09:26:15 +0800] "GET /xingrg/all/function/internal_message.html?_=1693099571669&CODE_STATE=getMsg HTTP/1.1" 200 27
116.232.195.127 - - [27/Aug/2023:09:26:15 +0800] "GET /xingrg/all/function/internal_message.html?_=1693099487979&CODE_STATE=getMsg HTTP/1.1" 200 27
114.95.241.104 - - [27/Aug/2023:09:26:18 +0800] "GET /xingrg/kc/buy/cgsh_order_operate.html?command=get_materiel&rest_code=00150&code=00101001075&supplier_code=00100096&order_time=2023-08-27 HTTP/1.1" 200 409
114.83.217.3 - - [27/Aug/2023:09:26:21 +0800] "GET /xingrg/check_reg.html?_=1693099721751 HTTP/1.1" 200 22
114.83.217.3 - - [27/Aug/2023:09:26:21 +0800] "GET /xingrg/all/function/internal_message.html?_=1693099721753&CODE_STATE=getMsg HTTP/1.1" 200 27
101.83.145.37 - - [27/Aug/2023:09:26:22 +0800] "GET /xingrg/all/function/internal_message.html?_=1693099583589&CODE_STATE=getMsg HTTP/1.1" 200 27
114.95.241.104 - - [27/Aug/2023:09:26:24 +0800] "GET /xingrg/check_reg.html?_=1693099486201 HTTP/1.1" 200 22
101.83.145.37 - - [27/Aug/2023:09:26:24 +0800] "GET /xingrg/kc/buy/cgsh_order_operate.html?command=get_materiel&rest_code=00105&code=00101008213&supplier_code=00100203&order_time=2023-08-27 HTTP/1.1" 200 412
114.95.241.104 - - [27/Aug/2023:09:26:26 +0800] "GET /xingrg/all/function/internal_message.html?_=1693099586320&CODE_STATE=getMsg HTTP/1.1" 200 27
221.239.167.251 - - [27/Aug/2023:09:26:29 +0800] "GET /xingrg/all/function/internal_message.html?_=1693099589001&CODE_STATE=getMsg HTTP/1.1" 200 27
116.235.94.33 - - [27/Aug/2023:09:26:29 +0800] "GET /favicon.ico HTTP/1.1" 404 -
116.235.94.33 - - [27/Aug/2023:09:26:30 +0800] "GET /xingrg/login.html HTTP/1.1" 200 7641
116.235.94.33 - - [27/Aug/2023:09:26:31 +0800] "GET /favicon.ico HTTP/1.1" 404 -
101.83.145.37 - - [27/Aug/2023:09:26:33 +0800] "GET /xingrg/kc/buy/cgsh_order_operate.html?command=get_materiel&rest_code=00105&code=00101008004&supplier_code=00100203&order_time=2023-08-27 HTTP/1.1" 200 416
114.95.241.104 - - [27/Aug/2023:09:26:34 +0800] "GET /xingrg/kc/buy/cgsh_order_operate.html?command=get_materiel&rest_code=00150&code=00101006129&supplier_code=00100096&order_time=2023-08-27 HTTP/1.1" 200 441
114.83.217.3 - - [27/Aug/2023:09:26:34 +0800] "POST /xingrg/kc/base/wldb_order_operate.html HTTP/1.1" 200 37
114.83.223.42 - - [27/Aug/2023:09:26:35 +0800] "GET /xingrg/all/function/internal_message.html?_=1693099595377&CODE_STATE=getMsg HTTP/1.1" 200 27
116.235.94.33 - - [27/Aug/2023:09:26:39 +0800] "POST /xingrg/login.do HTTP/1.1" 200 2421
116.235.94.33 - - [27/Aug/2023:09:26:40 +0800] "GET /favicon.ico HTTP/1.1" 404 -
222.70.180.200 - - [27/Aug/2023:09:26:41 +0800] "GET /xingrg/kc/buy/cgsh_order_operate.html?command=get_materiel&rest_code=00111&code=00101006133&supplier_code=00100012&order_time=2023-08-27 HTTP/1.1" 200 413
114.83.217.3 - - [27/Aug/2023:09:26:41 +0800] "POST /xingrg/kc/base/wldb_order_operate.html HTTP/1.1" 200 12
114.83.217.3 - - [27/Aug/2023:09:26:41 +0800] "POST /xingrg/kc/base/wldb_order_operate.html HTTP/1.1" 200 7191
116.235.94.33 - - [27/Aug/2023:09:26:43 +0800] "GET /xingrg/login.html HTTP/1.1" 200 7641
116.235.94.33 - - [27/Aug/2023:09:26:43 +0800] "GET /favicon.ico HTTP/1.1" 404 -
101.83.145.37 - - [27/Aug/2023:09:26:44 +0800] "GET /xingrg/kc/buy/cgsh_order_operate.html?command=get_materiel&rest_code=00105&code=00101008188&supplier_code=00100203&order_time=2023-08-27 HTTP/1.1" 200 412
114.83.217.3 - - [27/Aug/2023:09:26:47 +0800] "GET /xingrg/kc/base/wldb_order_info.html?code=422023082702874 HTTP/1.1" 200 26383
114.83.217.3 - - [27/Aug/2023:09:26:47 +0800] "GET /xingrg/javascript/easyui/themes/default/validatebox.css HTTP/1.1" 404 1104
114.83.217.3 - - [27/Aug/2023:09:26:47 +0800] "POST /xingrg/kc/base/wldb_order_operate.html HTTP/1.1" 200 5372
222.70.173.75 - - [27/Aug/2023:09:26:49 +0800] "GET /xingrg/check_reg.html?_=1693099609015 HTTP/1.1" 200 22
222.70.173.75 - - [27/Aug/2023:09:26:49 +0800] "GET /xingrg/all/function/internal_message.html?_=1693099609400&CODE_STATE=getMsg HTTP/1.1" 200 27
114.83.217.3 - - [27/Aug/2023:09:26:54 +0800] "GET /xingrg/javascript/jquery_easy_ui/themes/default/images/tabs_active.png HTTP/1.1" 200 2894
116.235.94.33 - - [27/Aug/2023:09:26:55 +0800] "POST /xingrg/login.do HTTP/1.1" 302 -
116.235.94.33 - - [27/Aug/2023:09:26:55 +0800] "GET /xingrg/index.html?sysBaseUrl=http%3A%2F%2F180.169.147.146%3A18081%2Fxingrg%2F&costTime=876×tamp=1693099615132 HTTP/1.1" 200 17179
101.83.145.37 - - [27/Aug/2023:09:26:55 +0800] "GET /xingrg/kc/buy/cgsh_order_operate.html?command=get_materiel&rest_code=00105&code=00101008350&supplier_code=00100203&order_time=2023-08-27 HTTP/1.1" 200 408
116.235.94.33 - - [27/Aug/2023:09:26:55 +0800] "GET /xingrg/check_reg.html?_=1693099909050 HTTP/1.1" 200 22
116.235.94.33 - - [27/Aug/2023:09:26:55 +0800] "GET /xingrg/all/function/internal_message.html?_=1693099909049&CODE_STATE=count HTTP/1.1" 200 11
116.235.94.33 - - [27/Aug/2023:09:26:56 +0800] "POST /xingrg/all/common/load_tree.html?tree=area_rest_tree_json&manage=1 HTTP/1.1" 200 351
180.165.48.189 - - [27/Aug/2023:09:26:56 +0800] "GET /xingrg/javascript/easyui/themes/default/images/button_plain_hover.png HTTP/1.1" 304 -
116.235.94.33 - - [27/Aug/2023:09:26:56 +0800] "POST /xingrg/load_menu.html HTTP/1.1" 200 5138
116.235.94.33 - - [27/Aug/2023:09:26:57 +0800] "GET /favicon.ico HTTP/1.1" 404 -
124.78.155.92 - - [27/Aug/2023:09:27:00 +0800] "GET /xingrg/all/function/internal_message.html?_=1693099621548&CODE_STATE=getMsg HTTP/1.1" 200 27
114.83.217.3 - - [27/Aug/2023:09:27:01 +0800] "GET /xingrg/kc/buy/cgsh_order_list.html HTTP/1.1" 200 56240
114.95.241.104 - - [27/Aug/2023:09:27:02 +0800] "GET /xingrg/all/function/internal_message.html?_=1693099524765&CODE_STATE=getMsg HTTP/1.1" 200 27
222.70.180.200 - - [27/Aug/2023:09:27:03 +0800] "GET /xingrg/all/function/internal_message.html?_=1693099623914&CODE_STATE=getMsg HTTP/1.1" 200 27
180.165.48.189 - - [27/Aug/2023:09:27:03 +0800] "GET /xingrg/all/function/internal_message.html?_=1693099622767&CODE_STATE=getMsg HTTP/1.1" 200 27
114.95.241.104 - - [27/Aug/2023:09:27:05 +0800] "GET /xingrg/kc/buy/cgsh_order_operate.html?command=get_materiel&rest_code=00150&code=00101006111&supplier_code=00100096&order_time=2023-08-27 HTTP/1.1" 200 411
101.83.145.37 - - [27/Aug/2023:09:27:06 +0800] "GET /xingrg/kc/buy/cgsh_order_operate.html?command=get_materiel&rest_code=00105&code=00101008036&supplier_code=00100203&order_time=2023-08-27 HTTP/1.1" 200 408
180.169.147.146 - - [27/Aug/2023:09:27:14 +0800] "GET /xingrg/all/function/internal_message.html?_=1693099738079&CODE_STATE=getMsg HTTP/1.1" 302 -
101.83.145.37 - - [27/Aug/2023:09:27:15 +0800] "GET /xingrg/check_reg.html?_=1693099636143 HTTP/1.1" 200 22
116.235.94.33 - - [27/Aug/2023:09:27:15 +0800] "GET /xingrg/all/function/internal_message.html?_=1693099631671&CODE_STATE=getMsg HTTP/1.1" 200 27
116.235.94.33 - - [27/Aug/2023:09:27:15 +0800] "GET /xingrg/check_reg.html?_=1693099631673 HTTP/1.1" 200 22
116.232.195.127 - - [27/Aug/2023:09:27:15 +0800] "GET /xingrg/all/function/internal_message.html?_=1693099547965&CODE_STATE=getMsg HTTP/1.1" 200 27
114.95.241.104 - - [27/Aug/2023:09:27:20 +0800] "GET /xingrg/kc/buy/cgsh_order_operate.html?command=get_materiel&rest_code=00150&code=00101006133&supplier_code=00100096&order_time=2023-08-27 HTTP/1.1" 200 415
114.83.217.3 - - [27/Aug/2023:09:27:21 +0800] "GET /xingrg/all/function/internal_message.html?_=1693099781731&CODE_STATE=getMsg HTTP/1.1" 200 27
101.83.145.37 - - [27/Aug/2023:09:27:22 +0800] "GET /xingrg/all/function/internal_message.html?_=1693099643470&CODE_STATE=getMsg HTTP/1.1" 200 27
222.70.180.200 - - [27/Aug/2023:09:27:24 +0800] "GET /xingrg/kc/buy/cgsh_order_operate.html?command=get_materiel&rest_code=00111&code=00101006128&supplier_code=00100012&order_time=2023-08-27 HTTP/1.1" 200 437
114.95.241.104 - - [27/Aug/2023:09:27:26 +0800] "GET /xingrg/all/function/internal_message.html?_=1693099646296&CODE_STATE=getMsg HTTP/1.1" 200 27
221.239.167.251 - - [27/Aug/2023:09:27:29 +0800] "GET /xingrg/all/function/internal_message.html?_=1693099648983&CODE_STATE=getMsg HTTP/1.1" 200 27
101.83.145.37 - - [27/Aug/2023:09:27:29 +0800] "GET /xingrg/kc/buy/cgsh_order_operate.html?command=get_materiel&rest_code=00105&code=00101008355&supplier_code=00100203&order_time=2023-08-27 HTTP/1.1" 200 408
116.232.195.127 - - [27/Aug/2023:09:27:30 +0800] "GET /xingrg/check_reg.html?_=1693099562621 HTTP/1.1" 200 22
124.78.155.92 - - [27/Aug/2023:09:27:33 +0800] "POST /xingrg/kc/buy/cgsh_order_operate.html HTTP/1.1" 200 2065
114.83.223.42 - - [27/Aug/2023:09:27:35 +0800] "GET /xingrg/all/function/internal_message.html?_=1693099655349&CODE_STATE=getMsg HTTP/1.1" 200 27
114.83.223.42 - - [27/Aug/2023:09:27:35 +0800] "GET /xingrg/check_reg.html?_=1693099655886 HTTP/1.1" 200 22
114.95.241.104 - - [27/Aug/2023:09:27:38 +0800] "GET /xingrg/kc/buy/cgsh_order_operate.html?command=get_materiel&rest_code=00150&code=00101007061&supplier_code=00100096&order_time=2023-08-27 HTTP/1.1" 200 411
101.83.145.37 - - [27/Aug/2023:09:27:41 +0800] "POST /xingrg/kc/buy/cgsh_order_operate.html HTTP/1.1" 200 2065
101.83.145.37 - - [27/Aug/2023:09:27:42 +0800] "POST /xingrg/kc/buy/cgsh_order_operate.html HTTP/1.1" 200 2065
222.70.173.75 - - [27/Aug/2023:09:27:49 +0800] "GET /xingrg/all/function/internal_message.html?_=1693099669415&CODE_STATE=getMsg HTTP/1.1" 200 27
221.239.167.251 - - [27/Aug/2023:09:27:51 +0800] "GET /xingrg/check_reg.html?_=1693099671461 HTTP/1.1" 200 22
116.235.94.33 - - [27/Aug/2023:09:27:56 +0800] "GET /xingrg/all/function/internal_message.html?_=1693099969061&CODE_STATE=getMsg HTTP/1.1" 200 27
114.83.217.3 - - [27/Aug/2023:09:27:56 +0800] "POST /xingrg/kc/buy/cgsh_list_operate.html HTTP/1.1" 200 1852
124.78.155.92 - - [27/Aug/2023:09:28:00 +0800] "GET /xingrg/all/function/internal_message.html?_=1693099681573&CODE_STATE=getMsg HTTP/1.1" 200 27
114.95.241.104 - - [27/Aug/2023:09:28:02 +0800] "GET /xingrg/all/function/internal_message.html?_=1693099584780&CODE_STATE=getMsg HTTP/1.1" 200 27
222.70.180.200 - - [27/Aug/2023:09:28:03 +0800] "GET /xingrg/all/function/internal_message.html?_=1693099683898&CODE_STATE=getMsg HTTP/1.1" 200 27
114.95.241.104 - - [27/Aug/2023:09:28:03 +0800] "POST /xingrg/kc/buy/cgsh_order_operate.html HTTP/1.1" 200 37
180.165.48.189 - - [27/Aug/2023:09:28:03 +0800] "GET /xingrg/all/function/internal_message.html?_=1693099682767&CODE_STATE=getMsg HTTP/1.1" 200 27
114.83.217.3 - - [27/Aug/2023:09:28:10 +0800] "GET /xingrg/kc/buy/cgsh_order_add.html HTTP/1.1" 200 71220
114.83.217.3 - - [27/Aug/2023:09:28:10 +0800] "GET /xingrg/css/base.css HTTP/1.1" 200 2811
114.83.217.3 - - [27/Aug/2023:09:28:10 +0800] "GET /xingrg/css/site.css HTTP/1.1" 200 7541
114.83.217.3 - - [27/Aug/2023:09:28:10 +0800] "GET /xingrg/javascript/jquery_tools/datebox.css HTTP/1.1" 200 2597
114.83.217.3 - - [27/Aug/2023:09:28:10 +0800] "GET /xingrg/javascript/easyui/themes/icon.css HTTP/1.1" 200 4483
114.83.217.3 - - [27/Aug/2023:09:28:10 +0800] "GET /xingrg/javascript/jquery_tools/fix.css HTTP/1.1" 200 1702
114.83.217.3 - - [27/Aug/2023:09:28:10 +0800] "GET /xingrg/javascript/easyui/themes/default/easyui.css HTTP/1.1" 200 30432
114.83.217.3 - - [27/Aug/2023:09:28:10 +0800] "GET /xingrg/javascript/auto/jquery.autocomplete.css HTTP/1.1" 200 587
114.83.217.3 - - [27/Aug/2023:09:28:10 +0800] "GET /xingrg/javascript/jquery_tools/jquery.tools.extend.js HTTP/1.1" 200 15385
114.83.217.3 - - [27/Aug/2023:09:28:10 +0800] "GET /xingrg/javascript/jquery_tools/jquery.tools.hotkey.js HTTP/1.1" 200 3242
114.83.217.3 - - [27/Aug/2023:09:28:10 +0800] "GET /xingrg/javascript/jquery_tools/jquery.tools.min.js HTTP/1.1" 200 138801
114.83.217.3 - - [27/Aug/2023:09:28:10 +0800] "GET /xingrg/javascript/jquery_tools/table.css HTTP/1.1" 200 1032
114.83.217.3 - - [27/Aug/2023:09:28:10 +0800] "GET /xingrg/javascript/pic_change.js HTTP/1.1" 200 4739
114.83.217.3 - - [27/Aug/2023:09:28:10 +0800] "GET /xingrg/javascript/jquery_tools/jquery.tools.table.js HTTP/1.1" 200 6994
114.83.217.3 - - [27/Aug/2023:09:28:10 +0800] "GET /xingrg/javascript/easyui/easyloader.js HTTP/1.1" 200 5975
114.83.217.3 - - [27/Aug/2023:09:28:10 +0800] "GET /xingrg/javascript/jquery.utils.js HTTP/1.1" 200 11805
114.83.217.3 - - [27/Aug/2023:09:28:10 +0800] "GET /xingrg/javascript/convert.js HTTP/1.1" 200 1239
114.83.217.3 - - [27/Aug/2023:09:28:10 +0800] "GET /xingrg/javascript/auto/jquery.autocomplete.js HTTP/1.1" 200 21624
114.83.217.3 - - [27/Aug/2023:09:28:10 +0800] "GET /xingrg/javascript/json2.js HTTP/1.1" 200 11259
114.83.217.3 - - [27/Aug/2023:09:28:10 +0800] "GET /xingrg/javascript/jquery.cookie.js HTTP/1.1" 200 5513
114.83.217.3 - - [27/Aug/2023:09:28:10 +0800] "GET /xingrg/javascript/jquery_tools/order_manager.js HTTP/1.1" 200 11183
114.83.217.3 - - [27/Aug/2023:09:28:10 +0800] "GET /xingrg/javascript/print/kc_print.js HTTP/1.1" 200 11415
114.83.217.3 - - [27/Aug/2023:09:28:10 +0800] "GET /xingrg/javascript/print/LodopFuncs.js HTTP/1.1" 200 5121
114.83.217.3 - - [27/Aug/2023:09:28:10 +0800] "GET /xingrg/words/20230825132708_words.js HTTP/1.1" 200 984538
114.83.217.3 - - [27/Aug/2023:09:28:10 +0800] "GET /xingrg/javascript/easyui/themes/icons/copy_new.png HTTP/1.1" 200 815
114.83.217.3 - - [27/Aug/2023:09:28:11 +0800] "GET /xingrg/javascript/easyui/plugins/jquery.parser.js HTTP/1.1" 200 1142
114.83.217.3 - - [27/Aug/2023:09:28:11 +0800] "POST /xingrg/kc/buy/cgsh_order_operate.html HTTP/1.1" 200 8245
114.83.217.3 - - [27/Aug/2023:09:28:11 +0800] "GET /xingrg/javascript/easyui/themes/default/validatebox.css HTTP/1.1" 404 1104
114.83.217.3 - - [27/Aug/2023:09:28:11 +0800] "GET /xingrg/javascript/easyui/plugins/jquery.validatebox.js HTTP/1.1" 200 6103
114.83.217.3 - - [27/Aug/2023:09:28:11 +0800] "GET /xingrg/javascript/easyui/plugins/jquery.numberbox.js HTTP/1.1" 200 5213
114.83.217.3 - - [27/Aug/2023:09:28:11 +0800] "GET /xingrg/all/common/auto_word.html?type=employee&rest_code=00154 HTTP/1.1" 200 101
114.83.217.3 - - [27/Aug/2023:09:28:11 +0800] "GET /xingrg/all/common/auto_word.html?type=employee&rest_code=00154 HTTP/1.1" 200 101
114.95.241.104 - - [27/Aug/2023:09:28:13 +0800] "POST /xingrg/kc/buy/cgsh_order_operate.html HTTP/1.1" 200 12
180.169.147.146 - - [27/Aug/2023:09:28:14 +0800] "GET /xingrg/all/function/internal_message.html?_=1693099798078&CODE_STATE=getMsg HTTP/1.1" 302 -
116.235.94.33 - - [27/Aug/2023:09:28:15 +0800] "GET /xingrg/all/function/internal_message.html?_=1693099691670&CODE_STATE=getMsg HTTP/1.1" 200 27
116.232.195.127 - - [27/Aug/2023:09:28:15 +0800] "GET /xingrg/all/function/internal_message.html?_=1693099607949&CODE_STATE=getMsg HTTP/1.1" 200 27
180.165.48.189 - - [27/Aug/2023:09:28:16 +0800] "POST /xingrg/kc/buy/cgsh_list_operate.html HTTP/1.1" 200 4
222.70.180.200 - - [27/Aug/2023:09:28:16 +0800] "GET /xingrg/kc/buy/cgsh_order_operate.html?command=get_materiel&rest_code=00111&code=00101006127&supplier_code=00100012&order_time=2023-08-27 HTTP/1.1" 200 431
114.95.241.104 - - [27/Aug/2023:09:28:17 +0800] "GET /xingrg/kc/buy/cgsh_order_info.html?code=212023082710931 HTTP/1.1" 200 66959
114.95.241.104 - - [27/Aug/2023:09:28:17 +0800] "GET /xingrg/javascript/easyui/themes/default/validatebox.css HTTP/1.1" 404 1104
114.95.241.104 - - [27/Aug/2023:09:28:19 +0800] "POST /xingrg/kc/buy/cgsh_order_operate.html HTTP/1.1" 200 4799
114.95.241.104 - - [27/Aug/2023:09:28:21 +0800] "GET /xingrg/kc/print/load_data.html?order_code=212023082710931&kc_code=cgsh&condition= HTTP/1.1" 200 2300
114.83.217.3 - - [27/Aug/2023:09:28:21 +0800] "GET /xingrg/all/function/internal_message.html?_=1693099841756&CODE_STATE=getMsg HTTP/1.1" 200 27
101.83.145.37 - - [27/Aug/2023:09:28:22 +0800] "GET /xingrg/all/function/internal_message.html?_=1693099703442&CODE_STATE=getMsg HTTP/1.1" 200 27
101.83.145.37 - - [27/Aug/2023:09:28:25 +0800] "GET /xingrg/kc/buy/cgsh_order_operate.html?command=get_materiel&rest_code=00105&code=00101008175&supplier_code=00100203&order_time=2023-08-27 HTTP/1.1" 200 412
114.95.241.104 - - [27/Aug/2023:09:28:26 +0800] "GET /xingrg/all/function/internal_message.html?_=1693099706270&CODE_STATE=getMsg HTTP/1.1" 200 27
222.70.180.200 - - [27/Aug/2023:09:28:27 +0800] "GET /xingrg/kc/buy/cgsh_order_operate.html?command=get_materiel&rest_code=00111&code=00101006129&supplier_code=00100012&order_time=2023-08-27 HTTP/1.1" 200 439
221.239.167.251 - - [27/Aug/2023:09:28:29 +0800] "GET /xingrg/all/function/internal_message.html?_=1693099708959&CODE_STATE=getMsg HTTP/1.1" 200 27
101.228.187.155 - - [27/Aug/2023:09:28:31 +0800] "GET /favicon.ico HTTP/1.1" 404 -
114.95.241.104 - - [27/Aug/2023:09:28:32 +0800] "GET /xingrg/kc/buy/cgsh_order_add.html HTTP/1.1" 200 72060
114.95.241.104 - - [27/Aug/2023:09:28:32 +0800] "POST /xingrg/kc/buy/cgsh_order_operate.html HTTP/1.1" 200 8245
114.95.241.104 - - [27/Aug/2023:09:28:32 +0800] "GET /xingrg/javascript/easyui/themes/default/validatebox.css HTTP/1.1" 404 1104
114.83.223.42 - - [27/Aug/2023:09:28:35 +0800] "GET /xingrg/all/function/internal_message.html?_=1693099715324&CODE_STATE=getMsg HTTP/1.1" 200 27
101.228.187.155 - - [27/Aug/2023:09:28:36 +0800] "GET /xingrg/login.html HTTP/1.1" 200 7641
101.228.187.155 - - [27/Aug/2023:09:28:36 +0800] "GET /xingrg/images/blue/jxLogo.png HTTP/1.1" 304 -
101.228.187.155 - - [27/Aug/2023:09:28:36 +0800] "GET /xingrg/images/blue/login_bg.png HTTP/1.1" 304 -
101.228.187.155 - - [27/Aug/2023:09:28:36 +0800] "GET /xingrg/images/blue/hj.png HTTP/1.1" 304 -
101.228.187.155 - - [27/Aug/2023:09:28:36 +0800] "GET /xingrg/images/blue/srbg.png HTTP/1.1" 304 -
101.228.187.155 - - [27/Aug/2023:09:28:36 +0800] "GET /favicon.ico HTTP/1.1" 404 -
114.83.223.42 - - [27/Aug/2023:09:28:39 +0800] "POST /xingrg/services/DataTransmitService HTTP/1.1" 401 565
114.83.223.42 - - [27/Aug/2023:09:28:39 +0800] "POST /xingrg/services/DataTransmitService HTTP/1.1" 200 478
114.83.223.42 - - [27/Aug/2023:09:28:39 +0800] "POST /xingrg/services/DataTransmitService HTTP/1.1" 200 1319
114.83.223.42 - - [27/Aug/2023:09:28:39 +0800] "POST /xingrg/services/DataTransmitService HTTP/1.1" 200 478
114.83.223.42 - - [27/Aug/2023:09:28:39 +0800] "POST /xingrg/services/DataTransmitService HTTP/1.1" 200 1319
114.83.223.42 - - [27/Aug/2023:09:28:39 +0800] "POST /xingrg/services/DataTransmitService HTTP/1.1" 200 524
114.83.223.42 - - [27/Aug/2023:09:28:39 +0800] "POST /xingrg/services/DataTransmitService HTTP/1.1" 200 2067
114.83.223.42 - - [27/Aug/2023:09:28:40 +0800] "POST /xingrg/services/DataTransmitService HTTP/1.1" 200 45454
114.83.223.42 - - [27/Aug/2023:09:28:40 +0800] "POST /xingrg/services/DataTransmitService HTTP/1.1" 200 19237
222.70.180.200 - - [27/Aug/2023:09:28:41 +0800] "GET /xingrg/kc/buy/cgsh_order_operate.html?command=get_materiel&rest_code=00111&code=00101011005&supplier_code=00100012&order_time=2023-08-27 HTTP/1.1" 200 428
114.95.241.104 - - [27/Aug/2023:09:28:43 +0800] "GET /xingrg/kc/buy/cgsh_order_operate.html?command=get_materiel&rest_code=00150&code=00101009109&supplier_code=00100022&order_time=2023-08-27 HTTP/1.1" 200 413
124.78.155.92 - - [27/Aug/2023:09:28:43 +0800] "GET /xingrg/kc/buy/cgsh_order_operate.html?command=get_materiel&rest_code=00106&code=00101016030&supplier_code=00100096&order_time=2023-08-27 HTTP/1.1" 200 412
114.83.223.42 - - [27/Aug/2023:09:28:43 +0800] "POST /xingrg/services/DataTransmitService HTTP/1.1" 200 524
114.83.223.42 - - [27/Aug/2023:09:28:44 +0800] "POST /xingrg/services/DataTransmitService HTTP/1.1" 200 2067
222.70.173.75 - - [27/Aug/2023:09:28:49 +0800] "GET /xingrg/all/function/internal_message.html?_=1693099729427&CODE_STATE=getMsg HTTP/1.1" 200 27
114.83.217.3 - - [27/Aug/2023:09:28:51 +0800] "GET /xingrg/kc/buy/cgsh_order_operate.html?command=get_materiel&rest_code=00154&code=00101008261&supplier_code=00100417&order_time=2023-08-27 HTTP/1.1" 200 408
101.83.145.37 - - [27/Aug/2023:09:28:51 +0800] "GET /xingrg/kc/buy/cgsh_order_operate.html?command=get_materiel&rest_code=00105&code=00101008224&supplier_code=00100203&order_time=2023-08-27 HTTP/1.1" 200 416
116.235.94.33 - - [27/Aug/2023:09:28:55 +0800] "GET /xingrg/all/function/internal_message.html?_=1693100029052&CODE_STATE=getMsg HTTP/1.1" 200 27
114.95.241.104 - - [27/Aug/2023:09:28:56 +0800] "GET /xingrg/kc/buy/cgsh_order_operate.html?command=get_materiel&rest_code=00150&code=00101009006&supplier_code=00100022&order_time=2023-08-27 HTTP/1.1" 200 409
180.165.48.189 - - [27/Aug/2023:09:28:58 +0800] "POST /xingrg/kc/buy/cgsh_list_operate.html HTTP/1.1" 200 6000
222.70.180.200 - - [27/Aug/2023:09:28:59 +0800] "GET /xingrg/kc/buy/cgsh_order_operate.html?command=get_materiel&rest_code=00111&code=00101006062&supplier_code=00100012&order_time=2023-08-27 HTTP/1.1" 200 411
124.78.155.92 - - [27/Aug/2023:09:29:00 +0800] "GET /xingrg/check_reg.html?_=1693099741573 HTTP/1.1" 200 22
124.78.155.92 - - [27/Aug/2023:09:29:00 +0800] "GET /xingrg/all/function/internal_message.html?_=1693099741576&CODE_STATE=getMsg HTTP/1.1" 200 27
114.95.241.104 - - [27/Aug/2023:09:29:02 +0800] "GET /xingrg/all/function/internal_message.html?_=1693099644858&CODE_STATE=getMsg HTTP/1.1" 200 27
222.70.180.200 - - [27/Aug/2023:09:29:03 +0800] "GET /xingrg/all/function/internal_message.html?_=1693099743877&CODE_STATE=getMsg HTTP/1.1" 200 27
180.165.48.189 - - [27/Aug/2023:09:29:03 +0800] "GET /xingrg/check_reg.html?_=1693099742769 HTTP/1.1" 200 22
180.165.48.189 - - [27/Aug/2023:09:29:03 +0800] "GET /xingrg/all/function/internal_message.html?_=1693099742773&CODE_STATE=getMsg HTTP/1.1" 200 27
114.95.241.104 - - [27/Aug/2023:09:29:03 +0800] "GET /xingrg/kc/buy/cgsh_order_operate.html?command=get_materiel&rest_code=00150&code=00101009039&supplier_code=00100022&order_time=2023-08-27 HTTP/1.1" 200 408
180.165.48.189 - - [27/Aug/2023:09:29:06 +0800] "POST /xingrg/kc/buy/cgsh_list_operate.html HTTP/1.1" 200 199
180.165.48.189 - - [27/Aug/2023:09:29:08 +0800] "GET /xingrg/kc/buy/cgsh_order_info.html?code=212023082610789 HTTP/1.1" 200 72109
180.165.48.189 - - [27/Aug/2023:09:29:08 +0800] "GET /xingrg/javascript/pic_change.js HTTP/1.1" 304 -
180.165.48.189 - - [27/Aug/2023:09:29:08 +0800] "GET /xingrg/javascript/jquery_tools/order_manager.js HTTP/1.1" 304 -
180.165.48.189 - - [27/Aug/2023:09:29:08 +0800] "GET /xingrg/javascript/convert.js HTTP/1.1" 304 -
180.165.48.189 - - [27/Aug/2023:09:29:08 +0800] "GET /xingrg/javascript/json2.js HTTP/1.1" 304 -
180.165.48.189 - - [27/Aug/2023:09:29:08 +0800] "GET /xingrg/javascript/print/kc_print.js HTTP/1.1" 304 -
180.165.48.189 - - [27/Aug/2023:09:29:08 +0800] "GET /xingrg/words/20230825132708_words.js HTTP/1.1" 200 984538
180.165.48.189 - - [27/Aug/2023:09:29:08 +0800] "GET /xingrg/javascript/easyui/themes/icons/copy_new.png HTTP/1.1" 304 -
180.165.48.189 - - [27/Aug/2023:09:29:08 +0800] "GET /xingrg/javascript/easyui/themes/icons/template_new.png HTTP/1.1" 304 -
180.165.48.189 - - [27/Aug/2023:09:29:08 +0800] "GET /xingrg/javascript/easyui/themes/icons/ok.png HTTP/1.1" 304 -
180.165.48.189 - - [27/Aug/2023:09:29:08 +0800] "GET /xingrg/javascript/easyui/themes/icons/print.png HTTP/1.1" 304 -
180.165.48.189 - - [27/Aug/2023:09:29:08 +0800] "GET /xingrg/javascript/easyui/themes/default/images/menu_downarrow.png HTTP/1.1" 304 -
180.165.48.189 - - [27/Aug/2023:09:29:08 +0800] "GET /xingrg/javascript/easyui/themes/icons/cancel.png HTTP/1.1" 304 -
101.83.145.37 - - [27/Aug/2023:09:29:08 +0800] "GET /xingrg/kc/buy/cgsh_order_operate.html?command=get_materiel&rest_code=00105&code=00101008223&supplier_code=00100203&order_time=2023-08-27 HTTP/1.1" 200 412
180.165.48.189 - - [27/Aug/2023:09:29:08 +0800] "GET /xingrg/javascript/easyui/themes/default/validatebox.css HTTP/1.1" 404 1104
180.165.48.189 - - [27/Aug/2023:09:29:08 +0800] "GET /xingrg/javascript/easyui/plugins/jquery.validatebox.js HTTP/1.1" 304 -
180.165.48.189 - - [27/Aug/2023:09:29:08 +0800] "GET /xingrg/javascript/easyui/plugins/jquery.numberbox.js HTTP/1.1" 304 -
180.165.48.189 - - [27/Aug/2023:09:29:08 +0800] "GET /xingrg/all/common/auto_word.html?type=employee&rest_code=00108 HTTP/1.1" 200 101
180.165.48.189 - - [27/Aug/2023:09:29:08 +0800] "GET /xingrg/all/common/auto_word.html?type=employee&rest_code=00108 HTTP/1.1" 200 101
180.165.48.189 - - [27/Aug/2023:09:29:10 +0800] "POST /xingrg/kc/buy/cgsh_order_operate.html HTTP/1.1" 200 2652
180.165.48.189 - - [27/Aug/2023:09:29:10 +0800] "GET /xingrg/javascript/easyui/themes/icons/edit_remove.png HTTP/1.1" 304 -
114.83.217.3 - - [27/Aug/2023:09:29:11 +0800] "GET /xingrg/kc/buy/cgsh_order_operate.html?command=get_materiel&rest_code=00154&code=00101008155&supplier_code=00100417&order_time=2023-08-27 HTTP/1.1" 200 408
114.95.241.104 - - [27/Aug/2023:09:29:12 +0800] "GET /xingrg/kc/buy/cgsh_order_operate.html?command=get_materiel&rest_code=00150&code=00101009011&supplier_code=00100022&order_time=2023-08-27 HTTP/1.1" 200 416
180.169.147.146 - - [27/Aug/2023:09:29:14 +0800] "GET /xingrg/all/function/internal_message.html?_=1693099858057&CODE_STATE=getMsg HTTP/1.1" 302 -
116.235.94.33 - - [27/Aug/2023:09:29:15 +0800] "GET /xingrg/all/function/internal_message.html?_=1693099751664&CODE_STATE=getMsg HTTP/1.1" 200 27
116.232.195.127 - - [27/Aug/2023:09:29:15 +0800] "GET /xingrg/all/function/internal_message.html?_=1693099667947&CODE_STATE=getMsg HTTP/1.1" 200 27
114.83.223.42 - - [27/Aug/2023:09:29:21 +0800] "POST /xingrg/services/DataTransmitService HTTP/1.1" 200 524
114.83.217.3 - - [27/Aug/2023:09:29:21 +0800] "GET /xingrg/all/function/internal_message.html?_=1693099901734&CODE_STATE=getMsg HTTP/1.1" 200 27
101.83.145.37 - - [27/Aug/2023:09:29:22 +0800] "GET /xingrg/all/function/internal_message.html?_=1693099763541&CODE_STATE=getMsg HTTP/1.1" 200 27
114.83.223.42 - - [27/Aug/2023:09:29:23 +0800] "POST /xingrg/services/DataTransmitService HTTP/1.1" 200 501
114.95.241.104 - - [27/Aug/2023:09:29:24 +0800] "GET /xingrg/kc/buy/cgsh_order_operate.html?command=get_materiel&rest_code=00150&code=00101009059&supplier_code=00100022&order_time=2023-08-27 HTTP/1.1" 200 409
114.83.223.42 - - [27/Aug/2023:09:29:25 +0800] "POST /xingrg/services/DataTransmitService HTTP/1.1" 200 524
114.95.241.104 - - [27/Aug/2023:09:29:26 +0800] "GET /xingrg/all/function/internal_message.html?_=1693099766271&CODE_STATE=getMsg HTTP/1.1" 200 27
114.83.217.3 - - [27/Aug/2023:09:29:27 +0800] "GET /xingrg/kc/buy/cgsh_order_operate.html?command=get_materiel&rest_code=00154&code=00101008264&supplier_code=00100417&order_time=2023-08-27 HTTP/1.1" 200 412
221.239.167.251 - - [27/Aug/2023:09:29:29 +0800] "GET /xingrg/all/function/internal_message.html?_=1693099768936&CODE_STATE=getMsg HTTP/1.1" 200 27
