114.95.241.104 - - [27/Aug/2023:09:29:31 +0800] "GET /xingrg/kc/buy/cgsh_order_operate.html?command=get_materiel&rest_code=00150&code=00101009124&supplier_code=00100022&order_time=2023-08-27 HTTP/1.1" 200 416
180.169.147.146 - - [27/Aug/2023:09:29:33 +0800] "GET /xingrg/check_reg.html?_=1693099876699 HTTP/1.1" 302 -
114.83.223.42 - - [27/Aug/2023:09:29:35 +0800] "GET /xingrg/all/function/internal_message.html?_=1693099775309&CODE_STATE=getMsg HTTP/1.1" 200 27
101.228.187.155 - - [27/Aug/2023:09:29:35 +0800] "POST /xingrg/login.do HTTP/1.1" 302 -
101.228.187.155 - - [27/Aug/2023:09:29:35 +0800] "GET /xingrg/index.html?sysBaseUrl=http%3A%2F%2F180.169.147.146%3A18081%2Fxingrg%2F&costTime=1712×tamp=1693099775486 HTTP/1.1" 200 17179
101.228.187.155 - - [27/Aug/2023:09:29:35 +0800] "GET /xingrg/css/form.css HTTP/1.1" 304 -
101.228.187.155 - - [27/Aug/2023:09:29:35 +0800] "GET /xingrg/javascript/jquery_easy_ui/themes/default/easyui.css HTTP/1.1" 304 -
101.228.187.155 - - [27/Aug/2023:09:29:35 +0800] "GET /xingrg/javascript/jquery_easy_ui/themes/icon.css HTTP/1.1" 304 -
101.228.187.155 - - [27/Aug/2023:09:29:35 +0800] "GET /xingrg/javascript/jquery-1.4.2.min.js HTTP/1.1" 304 -
101.228.187.155 - - [27/Aug/2023:09:29:35 +0800] "GET /xingrg/javascript/jquery_easy_ui/jquery.easyui.min.js HTTP/1.1" 304 -
101.228.187.155 - - [27/Aug/2023:09:29:35 +0800] "GET /xingrg/javascript/jquery_easy_ui/easyui-lang-zh_CN.js HTTP/1.1" 304 -
101.228.187.155 - - [27/Aug/2023:09:29:35 +0800] "GET /xingrg/javascript/jquery.form.js HTTP/1.1" 304 -
101.228.187.155 - - [27/Aug/2023:09:29:35 +0800] "GET /xingrg/javascript/jquery.utils.js HTTP/1.1" 304 -
101.228.187.155 - - [27/Aug/2023:09:29:35 +0800] "GET /xingrg/javascript/jquery.timers.js HTTP/1.1" 304 -
101.228.187.155 - - [27/Aug/2023:09:29:35 +0800] "GET /favicon.ico HTTP/1.1" 404 -
101.228.187.155 - - [27/Aug/2023:09:29:36 +0800] "GET /xingrg/javascript/jquery_easy_ui/themes/icons/settle_new.png HTTP/1.1" 304 -
101.228.187.155 - - [27/Aug/2023:09:29:36 +0800] "GET /xingrg/images/blue/navBackgound.jpg HTTP/1.1" 304 -
101.228.187.155 - - [27/Aug/2023:09:29:36 +0800] "GET /xingrg/images/blue/pingpu.png HTTP/1.1" 304 -
101.228.187.155 - - [27/Aug/2023:09:29:36 +0800] "GET /xingrg/javascript/jquery_easy_ui/themes/default/images/tabs_leftarrow.png HTTP/1.1" 304 -
101.228.187.155 - - [27/Aug/2023:09:29:36 +0800] "GET /xingrg/all/function/internal_message.html?_=1693099776216&CODE_STATE=count HTTP/1.1" 200 11
101.228.187.155 - - [27/Aug/2023:09:29:36 +0800] "GET /xingrg/check_reg.html?_=1693099776217 HTTP/1.1" 200 22
101.228.187.155 - - [27/Aug/2023:09:29:36 +0800] "GET /xingrg/javascript/jquery_easy_ui/themes/default/images/panel_tool_collapse.gif HTTP/1.1" 304 -
101.228.187.155 - - [27/Aug/2023:09:29:36 +0800] "GET /xingrg/javascript/jquery_easy_ui/themes/default/images/tabs_rightarrow.png HTTP/1.1" 304 -
101.228.187.155 - - [27/Aug/2023:09:29:36 +0800] "POST /xingrg/all/common/load_tree.html?tree=area_rest_tree_json&manage=1 HTTP/1.1" 200 351
101.228.187.155 - - [27/Aug/2023:09:29:36 +0800] "POST /xingrg/load_menu.html HTTP/1.1" 200 5138
101.228.187.155 - - [27/Aug/2023:09:29:36 +0800] "GET /xingrg/javascript/jquery_easy_ui/themes/icons/search_new.png HTTP/1.1" 304 -
101.228.187.155 - - [27/Aug/2023:09:29:36 +0800] "GET /xingrg/javascript/jquery_easy_ui/themes/default/images/tree_folder.gif HTTP/1.1" 304 -
101.228.187.155 - - [27/Aug/2023:09:29:36 +0800] "GET /xingrg/javascript/jquery_easy_ui/themes/default/images/tree_arrows.gif HTTP/1.1" 304 -
101.228.187.155 - - [27/Aug/2023:09:29:36 +0800] "GET /xingrg/javascript/jquery_easy_ui/themes/icons/storage_new.png HTTP/1.1" 304 -
101.228.187.155 - - [27/Aug/2023:09:29:36 +0800] "GET /xingrg/javascript/jquery_easy_ui/themes/icons/forms_new.png HTTP/1.1" 304 -
101.228.187.155 - - [27/Aug/2023:09:29:36 +0800] "GET /xingrg/javascript/jquery_easy_ui/themes/default/images/tree_folder_open.gif HTTP/1.1" 304 -
101.228.187.155 - - [27/Aug/2023:09:29:36 +0800] "GET /xingrg/javascript/jquery_easy_ui/themes/default/images/tree_file.gif HTTP/1.1" 304 -
222.70.180.200 - - [27/Aug/2023:09:29:36 +0800] "GET /xingrg/kc/buy/cgsh_order_operate.html?command=get_materiel&rest_code=00111&code=00101006112&supplier_code=00100012&order_time=2023-08-27 HTTP/1.1" 200 409
114.83.217.3 - - [27/Aug/2023:09:29:38 +0800] "GET /xingrg/kc/buy/cgsh_order_operate.html?command=get_materiel&rest_code=00154&code=00101008354&supplier_code=00100417&order_time=2023-08-27 HTTP/1.1" 200 412
101.228.187.155 - - [27/Aug/2023:09:29:41 +0800] "GET /xingrg/javascript/jquery_easy_ui/themes/icons/area.png HTTP/1.1" 304 -
101.228.187.155 - - [27/Aug/2023:09:29:41 +0800] "GET /xingrg/javascript/jquery_easy_ui/themes/icons/rest.png HTTP/1.1" 304 -
101.83.145.37 - - [27/Aug/2023:09:29:43 +0800] "GET /xingrg/kc/buy/cgsh_order_operate.html?command=get_materiel&rest_code=00105&code=00101008105&supplier_code=00100203&order_time=2023-08-27 HTTP/1.1" 200 412
101.228.187.155 - - [27/Aug/2023:09:29:49 +0800] "GET /xingrg/javascript/jquery_easy_ui/themes/default/images/tabs_close.gif HTTP/1.1" 304 -
222.70.173.75 - - [27/Aug/2023:09:29:49 +0800] "GET /xingrg/all/function/internal_message.html?_=1693099789521&CODE_STATE=getMsg HTTP/1.1" 200 27
101.228.187.155 - - [27/Aug/2023:09:29:49 +0800] "GET /xingrg/kc/base/wldb_order_list.html HTTP/1.1" 200 19221
101.228.187.155 - - [27/Aug/2023:09:29:49 +0800] "GET /xingrg/css/base.css HTTP/1.1" 304 -
101.228.187.155 - - [27/Aug/2023:09:29:49 +0800] "GET /xingrg/css/site.css HTTP/1.1" 304 -
101.228.187.155 - - [27/Aug/2023:09:29:49 +0800] "GET /xingrg/javascript/jquery_tools/datebox.css HTTP/1.1" 304 -
101.228.187.155 - - [27/Aug/2023:09:29:49 +0800] "GET /xingrg/javascript/easyui/themes/icon.css HTTP/1.1" 304 -
101.228.187.155 - - [27/Aug/2023:09:29:49 +0800] "GET /xingrg/javascript/easyui/themes/default/easyui.css HTTP/1.1" 304 -
101.228.187.155 - - [27/Aug/2023:09:29:49 +0800] "GET /xingrg/javascript/auto/jquery.autocomplete.css HTTP/1.1" 304 -
101.228.187.155 - - [27/Aug/2023:09:29:49 +0800] "GET /xingrg/javascript/jquery_tools/fix.css HTTP/1.1" 304 -
101.228.187.155 - - [27/Aug/2023:09:29:49 +0800] "GET /xingrg/javascript/jquery_tools/table.css HTTP/1.1" 304 -
101.228.187.155 - - [27/Aug/2023:09:29:49 +0800] "GET /xingrg/javascript/jquery_tools/jquery.tools.min.js HTTP/1.1" 304 -
101.228.187.155 - - [27/Aug/2023:09:29:49 +0800] "GET /xingrg/javascript/jquery_tools/jquery.tools.extend.js HTTP/1.1" 304 -
101.228.187.155 - - [27/Aug/2023:09:29:49 +0800] "GET /xingrg/javascript/jquery_tools/jquery.tools.hotkey.js HTTP/1.1" 304 -
101.228.187.155 - - [27/Aug/2023:09:29:49 +0800] "GET /xingrg/javascript/jquery_tools/jquery.tools.table.js HTTP/1.1" 304 -
101.228.187.155 - - [27/Aug/2023:09:29:49 +0800] "GET /xingrg/javascript/jquery_tools/list_manager.js HTTP/1.1" 304 -
101.228.187.155 - - [27/Aug/2023:09:29:49 +0800] "GET /xingrg/javascript/auto/jquery.autocomplete.js HTTP/1.1" 304 -
101.228.187.155 - - [27/Aug/2023:09:29:49 +0800] "GET /xingrg/javascript/easyui/easyloader.js HTTP/1.1" 304 -
101.228.187.155 - - [27/Aug/2023:09:29:49 +0800] "GET /xingrg/javascript/jquery.cookie.js HTTP/1.1" 304 -
101.228.187.155 - - [27/Aug/2023:09:29:49 +0800] "GET /xingrg/javascript/print/LodopFuncs.js HTTP/1.1" 304 -
101.228.187.155 - - [27/Aug/2023:09:29:50 +0800] "GET /xingrg/javascript/easyui/themes/icons/edit_add_new.png HTTP/1.1" 304 -
101.228.187.155 - - [27/Aug/2023:09:29:50 +0800] "GET /xingrg/javascript/easyui/themes/icons/cance_new.png HTTP/1.1" 304 -
101.228.187.155 - - [27/Aug/2023:09:29:50 +0800] "GET /xingrg/javascript/easyui/themes/icons/check_new.png HTTP/1.1" 304 -
101.228.187.155 - - [27/Aug/2023:09:29:50 +0800] "GET /xingrg/javascript/easyui/themes/icons/field_new.png HTTP/1.1" 304 -
101.228.187.155 - - [27/Aug/2023:09:29:50 +0800] "GET /xingrg/javascript/easyui/themes/icons/import_new.png HTTP/1.1" 304 -
101.228.187.155 - - [27/Aug/2023:09:29:50 +0800] "GET /xingrg/javascript/easyui/plugins/jquery.parser.js HTTP/1.1" 304 -
101.228.187.155 - - [27/Aug/2023:09:29:50 +0800] "GET /xingrg/images/control/ajaxLoader.gif HTTP/1.1" 304 -
101.83.145.37 - - [27/Aug/2023:09:29:50 +0800] "POST /xingrg/kc/buy/cgsh_order_operate.html HTTP/1.1" 200 2065
222.67.237.86 - - [27/Aug/2023:09:29:51 +0800] "GET /xingrg/kc/buy/cgsh_order_add.html HTTP/1.1" 200 72016
101.228.187.155 - - [27/Aug/2023:09:29:51 +0800] "POST /xingrg/kc/base/wldb_list_operate.html HTTP/1.1" 200 1779
101.83.145.37 - - [27/Aug/2023:09:29:51 +0800] "POST /xingrg/kc/buy/cgsh_order_operate.html HTTP/1.1" 200 2065
222.67.237.86 - - [27/Aug/2023:09:29:51 +0800] "GET /xingrg/words/20230825132708_words.js HTTP/1.1" 304 -
222.67.237.86 - - [27/Aug/2023:09:29:52 +0800] "GET /xingrg/javascript/easyui/themes/default/validatebox.css HTTP/1.1" 404 1104
222.67.237.86 - - [27/Aug/2023:09:29:52 +0800] "POST /xingrg/kc/buy/cgsh_order_operate.html HTTP/1.1" 200 8245
222.67.237.86 - - [27/Aug/2023:09:29:52 +0800] "GET /xingrg/all/common/auto_word.html?type=employee&rest_code=00141 HTTP/1.1" 200 201
222.67.237.86 - - [27/Aug/2023:09:29:52 +0800] "GET /xingrg/all/common/auto_word.html?type=employee&rest_code=00141 HTTP/1.1" 200 201
114.83.217.3 - - [27/Aug/2023:09:29:52 +0800] "GET /xingrg/kc/buy/cgsh_order_operate.html?command=get_materiel&rest_code=00154&code=00101008003&supplier_code=00100417&order_time=2023-08-27 HTTP/1.1" 200 408
101.83.145.37 - - [27/Aug/2023:09:29:53 +0800] "POST /xingrg/kc/buy/cgsh_order_operate.html HTTP/1.1" 200 2065
116.235.94.33 - - [27/Aug/2023:09:29:56 +0800] "GET /xingrg/all/function/internal_message.html?_=1693100089066&CODE_STATE=getMsg HTTP/1.1" 200 27
114.95.241.104 - - [27/Aug/2023:09:29:59 +0800] "POST /xingrg/kc/buy/cgsh_order_operate.html HTTP/1.1" 200 37
124.78.155.92 - - [27/Aug/2023:09:30:00 +0800] "GET /xingrg/all/function/internal_message.html?_=1693099801571&CODE_STATE=getMsg HTTP/1.1" 200 27
222.70.180.200 - - [27/Aug/2023:09:30:00 +0800] "GET /xingrg/kc/buy/cgsh_order_operate.html?command=get_materiel&rest_code=00111&code=00101006109&supplier_code=00100012&order_time=2023-08-27 HTTP/1.1" 200 409
114.83.223.42 - - [27/Aug/2023:09:30:01 +0800] "GET /favicon.ico HTTP/1.1" 404 -
101.83.145.37 - - [27/Aug/2023:09:30:01 +0800] "GET /xingrg/kc/buy/cgsh_order_operate.html?command=get_materiel&rest_code=00105&code=00101008168&supplier_code=00100203&order_time=2023-08-27 HTTP/1.1" 200 412
124.78.155.92 - - [27/Aug/2023:09:30:02 +0800] "GET /xingrg/kc/buy/cgsh_order_operate.html?command=get_materiel&rest_code=00106&code=00101012025&supplier_code=00100096&order_time=2023-08-27 HTTP/1.1" 200 413
114.95.241.104 - - [27/Aug/2023:09:30:02 +0800] "GET /xingrg/all/function/internal_message.html?_=1693099704868&CODE_STATE=getMsg HTTP/1.1" 200 27
222.70.180.200 - - [27/Aug/2023:09:30:03 +0800] "GET /xingrg/all/function/internal_message.html?_=1693099803848&CODE_STATE=getMsg HTTP/1.1" 200 27
180.165.48.189 - - [27/Aug/2023:09:30:03 +0800] "GET /xingrg/all/function/internal_message.html?_=1693099802766&CODE_STATE=getMsg HTTP/1.1" 200 27
114.83.217.3 - - [27/Aug/2023:09:30:05 +0800] "GET /xingrg/kc/buy/cgsh_order_operate.html?command=get_materiel&rest_code=00154&code=00101008355&supplier_code=00100417&order_time=2023-08-27 HTTP/1.1" 200 408
222.67.237.86 - - [27/Aug/2023:09:30:11 +0800] "GET /xingrg/kc/buy/cgsh_order_operate.html?command=get_materiel&rest_code=00141&code=00101006177&supplier_code=00100012&order_time=2023-08-27 HTTP/1.1" 200 408
101.83.145.37 - - [27/Aug/2023:09:30:11 +0800] "GET /xingrg/kc/buy/cgsh_order_operate.html?command=get_materiel&rest_code=00105&code=00101008114&supplier_code=00100203&order_time=2023-08-27 HTTP/1.1" 200 412
180.169.147.146 - - [27/Aug/2023:09:30:14 +0800] "GET /xingrg/all/function/internal_message.html?_=1693099918037&CODE_STATE=getMsg HTTP/1.1" 302 -
116.235.94.33 - - [27/Aug/2023:09:30:15 +0800] "GET /xingrg/all/function/internal_message.html?_=1693099811673&CODE_STATE=getMsg HTTP/1.1" 200 27
116.232.195.127 - - [27/Aug/2023:09:30:15 +0800] "GET /xingrg/all/function/internal_message.html?_=1693099727925&CODE_STATE=getMsg HTTP/1.1" 200 27
101.83.145.37 - - [27/Aug/2023:09:30:19 +0800] "GET /xingrg/kc/buy/cgsh_order_operate.html?command=get_materiel&rest_code=00105&code=00101008061&supplier_code=00100203&order_time=2023-08-27 HTTP/1.1" 200 422
114.83.217.3 - - [27/Aug/2023:09:30:21 +0800] "GET /xingrg/all/function/internal_message.html?_=1693099961745&CODE_STATE=getMsg HTTP/1.1" 200 27
101.83.145.37 - - [27/Aug/2023:09:30:22 +0800] "GET /xingrg/all/function/internal_message.html?_=1693099823498&CODE_STATE=getMsg HTTP/1.1" 200 27
222.67.237.86 - - [27/Aug/2023:09:30:22 +0800] "GET /xingrg/kc/buy/cgsh_order_operate.html?command=get_materiel&rest_code=00141&code=00101006293&supplier_code=00100012&order_time=2023-08-27 HTTP/1.1" 200 430
180.152.241.196 - - [27/Aug/2023:09:30:23 +0800] "GET /xingrg/login.html HTTP/1.1" 200 7641
124.78.155.92 - - [27/Aug/2023:09:30:23 +0800] "GET /xingrg/kc/buy/cgsh_order_operate.html?command=get_materiel&rest_code=00106&code=00101012051&supplier_code=00100096&order_time=2023-08-27 HTTP/1.1" 200 410
180.152.241.196 - - [27/Aug/2023:09:30:24 +0800] "GET /favicon.ico HTTP/1.1" 404 -
114.95.241.104 - - [27/Aug/2023:09:30:26 +0800] "GET /xingrg/check_reg.html?_=1693099826245 HTTP/1.1" 200 22
114.95.241.104 - - [27/Aug/2023:09:30:26 +0800] "GET /xingrg/all/function/internal_message.html?_=1693099826249&CODE_STATE=getMsg HTTP/1.1" 200 27
101.83.145.37 - - [27/Aug/2023:09:30:27 +0800] "GET /xingrg/kc/buy/cgsh_order_operate.html?command=get_materiel&rest_code=00105&code=00101008405&supplier_code=00100203&order_time=2023-08-27 HTTP/1.1" 200 413
114.95.241.104 - - [27/Aug/2023:09:30:27 +0800] "POST /xingrg/kc/buy/cgsh_order_operate.html HTTP/1.1" 200 12
114.83.217.3 - - [27/Aug/2023:09:30:29 +0800] "GET /xingrg/kc/buy/cgsh_order_operate.html?command=get_materiel&rest_code=00154&code=00101008144&supplier_code=00100417&order_time=2023-08-27 HTTP/1.1" 200 412
221.239.167.251 - - [27/Aug/2023:09:30:29 +0800] "GET /xingrg/all/function/internal_message.html?_=1693099828908&CODE_STATE=getMsg HTTP/1.1" 200 27
114.95.241.104 - - [27/Aug/2023:09:30:33 +0800] "GET /xingrg/kc/buy/cgsh_order_info.html?code=212023082710932 HTTP/1.1" 200 66967
114.95.241.104 - - [27/Aug/2023:09:30:33 +0800] "GET /xingrg/javascript/easyui/themes/default/validatebox.css HTTP/1.1" 404 1104
114.95.241.104 - - [27/Aug/2023:09:30:34 +0800] "POST /xingrg/kc/buy/cgsh_order_operate.html HTTP/1.1" 200 3557
114.83.223.42 - - [27/Aug/2023:09:30:35 +0800] "GET /xingrg/all/function/internal_message.html?_=1693099835280&CODE_STATE=getMsg HTTP/1.1" 200 27
101.228.187.155 - - [27/Aug/2023:09:30:36 +0800] "GET /xingrg/all/function/internal_message.html?_=1693099836234&CODE_STATE=getMsg HTTP/1.1" 200 27
114.95.241.104 - - [27/Aug/2023:09:30:36 +0800] "GET /xingrg/kc/print/load_data.html?order_code=212023082710932&kc_code=cgsh&condition= HTTP/1.1" 200 1861
222.67.237.86 - - [27/Aug/2023:09:30:37 +0800] "GET /xingrg/kc/buy/cgsh_order_operate.html?command=get_materiel&rest_code=00141&code=00101006193&supplier_code=00100012&order_time=2023-08-27 HTTP/1.1" 200 409
222.70.180.200 - - [27/Aug/2023:09:30:39 +0800] "GET /xingrg/kc/buy/cgsh_order_operate.html?command=get_materiel&rest_code=00111&code=00101006136&supplier_code=00100012&order_time=2023-08-27 HTTP/1.1" 200 417
180.165.48.189 - - [27/Aug/2023:09:30:39 +0800] "POST /xingrg/kc/buy/cgsh_list_operate.html HTTP/1.1" 200 4
101.83.145.37 - - [27/Aug/2023:09:30:39 +0800] "GET /xingrg/kc/buy/cgsh_order_operate.html?command=get_materiel&rest_code=00105&code=00101008248&supplier_code=00100203&order_time=2023-08-27 HTTP/1.1" 200 412
114.83.223.42 - - [27/Aug/2023:09:30:44 +0800] "POST /xingrg/services/DataTransmitService HTTP/1.1" 200 501
114.95.241.104 - - [27/Aug/2023:09:30:46 +0800] "POST /xingrg/all/user/operate.html HTTP/1.1" 200 36
114.95.241.104 - - [27/Aug/2023:09:30:46 +0800] "GET /xingrg/javascript/jquery_easy_ui/themes/default/easyui.css HTTP/1.1" 304 -
114.95.241.104 - - [27/Aug/2023:09:30:46 +0800] "GET /xingrg/index.html?sysBaseUrl=http%3A%2F%2F180.169.147.146%3A18081%2Fxingrg%2F&costTime=882×tamp=1693095899489 HTTP/1.1" 200 17177
114.95.241.104 - - [27/Aug/2023:09:30:46 +0800] "GET /xingrg/javascript/jquery_easy_ui/themes/icon.css HTTP/1.1" 304 -
114.95.241.104 - - [27/Aug/2023:09:30:46 +0800] "GET /xingrg/css/form.css HTTP/1.1" 304 -
114.95.241.104 - - [27/Aug/2023:09:30:46 +0800] "GET /xingrg/javascript/jquery-1.4.2.min.js HTTP/1.1" 304 -
114.95.241.104 - - [27/Aug/2023:09:30:46 +0800] "GET /xingrg/javascript/jquery_easy_ui/jquery.easyui.min.js HTTP/1.1" 304 -
114.95.241.104 - - [27/Aug/2023:09:30:46 +0800] "GET /xingrg/javascript/jquery_easy_ui/easyui-lang-zh_CN.js HTTP/1.1" 304 -
114.95.241.104 - - [27/Aug/2023:09:30:46 +0800] "GET /xingrg/javascript/jquery.form.js HTTP/1.1" 304 -
114.95.241.104 - - [27/Aug/2023:09:30:46 +0800] "GET /xingrg/javascript/jquery.utils.js HTTP/1.1" 304 -
114.95.241.104 - - [27/Aug/2023:09:30:46 +0800] "GET /xingrg/javascript/jquery.timers.js HTTP/1.1" 304 -
114.95.241.104 - - [27/Aug/2023:09:30:46 +0800] "GET /xingrg/images/blue/jxLogo.png HTTP/1.1" 304 -
114.95.241.104 - - [27/Aug/2023:09:30:46 +0800] "GET /xingrg/javascript/jquery_easy_ui/themes/icons/settle_new.png HTTP/1.1" 304 -
114.95.241.104 - - [27/Aug/2023:09:30:46 +0800] "GET /xingrg/images/blue/navBackgound.jpg HTTP/1.1" 304 -
114.95.241.104 - - [27/Aug/2023:09:30:46 +0800] "GET /xingrg/images/blue/pingpu.png HTTP/1.1" 304 -
114.95.241.104 - - [27/Aug/2023:09:30:46 +0800] "GET /xingrg/javascript/jquery_easy_ui/themes/default/images/tabs_leftarrow.png HTTP/1.1" 304 -
114.95.241.104 - - [27/Aug/2023:09:30:46 +0800] "GET /xingrg/javascript/jquery_easy_ui/themes/default/images/panel_tool_collapse.gif HTTP/1.1" 304 -
114.95.241.104 - - [27/Aug/2023:09:30:46 +0800] "GET /xingrg/javascript/jquery_easy_ui/themes/default/images/tabs_rightarrow.png HTTP/1.1" 304 -
114.95.241.104 - - [27/Aug/2023:09:30:46 +0800] "GET /xingrg/check_reg.html?_=1693099846549 HTTP/1.1" 200 22
114.95.241.104 - - [27/Aug/2023:09:30:46 +0800] "GET /xingrg/all/function/internal_message.html?_=1693099846548&CODE_STATE=count HTTP/1.1" 200 11
114.95.241.104 - - [27/Aug/2023:09:30:47 +0800] "POST /xingrg/all/common/load_tree.html?tree=area_rest_tree_json&manage=1 HTTP/1.1" 200 476
114.95.241.104 - - [27/Aug/2023:09:30:47 +0800] "POST /xingrg/load_menu.html HTTP/1.1" 200 5138
124.78.155.92 - - [27/Aug/2023:09:30:48 +0800] "GET /xingrg/kc/buy/cgsh_order_operate.html?command=get_materiel&rest_code=00106&code=00101016105&supplier_code=00100096&order_time=2023-08-27 HTTP/1.1" 200 409
222.67.237.86 - - [27/Aug/2023:09:30:48 +0800] "GET /xingrg/kc/buy/cgsh_order_operate.html?command=get_materiel&rest_code=00141&code=00101006109&supplier_code=00100012&order_time=2023-08-27 HTTP/1.1" 200 409
222.70.173.75 - - [27/Aug/2023:09:30:49 +0800] "GET /xingrg/all/function/internal_message.html?_=1693099849533&CODE_STATE=getMsg HTTP/1.1" 200 27
114.95.241.104 - - [27/Aug/2023:09:30:50 +0800] "GET /xingrg/kc/buy/cgsh_order_list.html HTTP/1.1" 200 56238
180.152.241.196 - - [27/Aug/2023:09:30:50 +0800] "POST /xingrg/login.do HTTP/1.1" 302 -
180.152.241.196 - - [27/Aug/2023:09:30:50 +0800] "GET /xingrg/index.html?sysBaseUrl=http%3A%2F%2F180.169.147.146%3A18081%2Fxingrg%2F&costTime=1915×tamp=1693099850783 HTTP/1.1" 200 17173
180.152.241.196 - - [27/Aug/2023:09:30:51 +0800] "GET /favicon.ico HTTP/1.1" 404 -
180.152.241.196 - - [27/Aug/2023:09:30:51 +0800] "GET /xingrg/all/function/internal_message.html?_=1693099853209&CODE_STATE=count HTTP/1.1" 200 11
180.152.241.196 - - [27/Aug/2023:09:30:51 +0800] "GET /xingrg/check_reg.html?_=1693099853211 HTTP/1.1" 200 22
180.152.241.196 - - [27/Aug/2023:09:30:51 +0800] "POST /xingrg/all/common/load_tree.html?tree=area_rest_tree_json&manage=1 HTTP/1.1" 200 342
180.152.241.196 - - [27/Aug/2023:09:30:51 +0800] "POST /xingrg/load_menu.html HTTP/1.1" 200 5138
114.95.241.104 - - [27/Aug/2023:09:30:52 +0800] "POST /xingrg/kc/buy/cgsh_list_operate.html HTTP/1.1" 200 986
114.95.241.104 - - [27/Aug/2023:09:30:54 +0800] "GET /xingrg/kc/buy/cgsh_order_add.html HTTP/1.1" 200 71614
114.95.241.104 - - [27/Aug/2023:09:30:54 +0800] "POST /xingrg/kc/buy/cgsh_order_operate.html HTTP/1.1" 200 8245
114.95.241.104 - - [27/Aug/2023:09:30:54 +0800] "GET /xingrg/javascript/easyui/themes/default/validatebox.css HTTP/1.1" 404 1104
114.95.241.104 - - [27/Aug/2023:09:30:54 +0800] "GET /xingrg/all/common/auto_word.html?type=employee&rest_code=00151 HTTP/1.1" 200 293
114.95.241.104 - - [27/Aug/2023:09:30:54 +0800] "GET /xingrg/all/common/auto_word.html?type=employee&rest_code=00151 HTTP/1.1" 200 293
101.83.145.37 - - [27/Aug/2023:09:30:55 +0800] "GET /xingrg/kc/buy/cgsh_order_operate.html?command=get_materiel&rest_code=00105&code=00101008354&supplier_code=00100203&order_time=2023-08-27 HTTP/1.1" 200 412
116.235.94.33 - - [27/Aug/2023:09:30:56 +0800] "GET /xingrg/all/function/internal_message.html?_=1693100149058&CODE_STATE=getMsg HTTP/1.1" 200 27
180.165.48.189 - - [27/Aug/2023:09:30:58 +0800] "POST /xingrg/kc/buy/cgsh_list_operate.html HTTP/1.1" 200 5399
124.78.155.92 - - [27/Aug/2023:09:31:00 +0800] "GET /xingrg/all/function/internal_message.html?_=1693099861576&CODE_STATE=getMsg HTTP/1.1" 200 27
114.83.217.3 - - [27/Aug/2023:09:31:00 +0800] "GET /xingrg/kc/buy/cgsh_order_operate.html?command=get_materiel&rest_code=00154&code=00101008356&supplier_code=00100417&order_time=2023-08-27 HTTP/1.1" 200 409
101.83.145.37 - - [27/Aug/2023:09:31:02 +0800] "GET /xingrg/kc/buy/cgsh_order_operate.html?command=get_materiel&rest_code=00105&code=00101008096&supplier_code=00100203&order_time=2023-08-27 HTTP/1.1" 200 412
101.228.187.155 - - [27/Aug/2023:09:31:02 +0800] "GET /xingrg/javascript/easyui/themes/default/images/button_plain_hover.png HTTP/1.1" 304 -
114.95.241.104 - - [27/Aug/2023:09:31:02 +0800] "GET /xingrg/all/function/internal_message.html?_=1693099764948&CODE_STATE=getMsg HTTP/1.1" 200 27
222.70.180.200 - - [27/Aug/2023:09:31:03 +0800] "GET /xingrg/check_reg.html?_=1693099863825 HTTP/1.1" 200 22
222.70.180.200 - - [27/Aug/2023:09:31:03 +0800] "GET /xingrg/all/function/internal_message.html?_=1693099863828&CODE_STATE=getMsg HTTP/1.1" 200 27
180.165.48.189 - - [27/Aug/2023:09:31:03 +0800] "GET /xingrg/all/function/internal_message.html?_=1693099862775&CODE_STATE=getMsg HTTP/1.1" 200 27
101.228.187.155 - - [27/Aug/2023:09:31:03 +0800] "GET /xingrg/kc/base/wldb_order_add.html HTTP/1.1" 200 30508
101.228.187.155 - - [27/Aug/2023:09:31:03 +0800] "GET /xingrg/javascript/pic_change.js HTTP/1.1" 304 -
101.228.187.155 - - [27/Aug/2023:09:31:03 +0800] "GET /xingrg/javascript/jquery_tools/order_manager.js HTTP/1.1" 304 -
101.228.187.155 - - [27/Aug/2023:09:31:03 +0800] "GET /xingrg/javascript/convert.js HTTP/1.1" 304 -
101.228.187.155 - - [27/Aug/2023:09:31:03 +0800] "GET /xingrg/javascript/json2.js HTTP/1.1" 304 -
101.228.187.155 - - [27/Aug/2023:09:31:03 +0800] "GET /xingrg/javascript/print/kc_print.js HTTP/1.1" 304 -
101.228.187.155 - - [27/Aug/2023:09:31:03 +0800] "GET /xingrg/words/20230825132708_words.js HTTP/1.1" 200 984538
101.228.187.155 - - [27/Aug/2023:09:31:04 +0800] "GET /xingrg/javascript/easyui/themes/icons/template_new.png HTTP/1.1" 304 -
101.228.187.155 - - [27/Aug/2023:09:31:04 +0800] "GET /xingrg/javascript/easyui/themes/icons/ok.png HTTP/1.1" 304 -
101.228.187.155 - - [27/Aug/2023:09:31:04 +0800] "GET /xingrg/javascript/easyui/themes/icons/print.png HTTP/1.1" 304 -
101.228.187.155 - - [27/Aug/2023:09:31:04 +0800] "GET /xingrg/javascript/easyui/themes/icons/cancel.png HTTP/1.1" 304 -
101.228.187.155 - - [27/Aug/2023:09:31:04 +0800] "GET /xingrg/javascript/easyui/themes/default/images/menu_downarrow.png HTTP/1.1" 304 -
101.228.187.155 - - [27/Aug/2023:09:31:04 +0800] "POST /xingrg/kc/base/wldb_order_operate.html HTTP/1.1" 200 6806
101.228.187.155 - - [27/Aug/2023:09:31:04 +0800] "GET /xingrg/all/common/auto_word.html?type=base&rest_code=00142 HTTP/1.1" 200 719
101.228.187.155 - - [27/Aug/2023:09:31:04 +0800] "GET /xingrg/all/common/auto_word.html?type=base&rest_code=00142 HTTP/1.1" 200 719
101.228.187.155 - - [27/Aug/2023:09:31:04 +0800] "GET /xingrg/javascript/easyui/themes/default/validatebox.css HTTP/1.1" 404 1104
101.228.187.155 - - [27/Aug/2023:09:31:04 +0800] "GET /xingrg/javascript/easyui/plugins/jquery.validatebox.js HTTP/1.1" 304 -
101.228.187.155 - - [27/Aug/2023:09:31:04 +0800] "GET /xingrg/javascript/easyui/themes/icons/edit_remove.png HTTP/1.1" 304 -
101.228.187.155 - - [27/Aug/2023:09:31:04 +0800] "GET /xingrg/javascript/easyui/plugins/jquery.numberbox.js HTTP/1.1" 304 -
101.228.187.155 - - [27/Aug/2023:09:31:05 +0800] "GET /xingrg/javascript/auto/indicator.gif HTTP/1.1" 404 1066
222.67.237.86 - - [27/Aug/2023:09:31:08 +0800] "POST /xingrg/kc/buy/cgsh_order_operate.html HTTP/1.1" 200 37
101.83.145.37 - - [27/Aug/2023:09:31:12 +0800] "GET /xingrg/kc/buy/cgsh_order_operate.html?command=get_materiel&rest_code=00105&code=00101008126&supplier_code=00100203&order_time=2023-08-27 HTTP/1.1" 200 412
180.169.147.146 - - [27/Aug/2023:09:31:14 +0800] "GET /xingrg/all/function/internal_message.html?_=1693099978006&CODE_STATE=getMsg HTTP/1.1" 302 -
101.228.187.155 - - [27/Aug/2023:09:31:15 +0800] "GET /xingrg/javascript/jquery_tools/images/next.gif HTTP/1.1" 404 1086
101.228.187.155 - - [27/Aug/2023:09:31:15 +0800] "GET /xingrg/javascript/jquery_tools/images/prev.gif HTTP/1.1" 404 1086
116.235.94.33 - - [27/Aug/2023:09:31:15 +0800] "GET /xingrg/all/function/internal_message.html?_=1693099871672&CODE_STATE=getMsg HTTP/1.1" 200 27
116.232.195.127 - - [27/Aug/2023:09:31:15 +0800] "GET /xingrg/all/function/internal_message.html?_=1693099787904&CODE_STATE=getMsg HTTP/1.1" 200 27
222.67.237.86 - - [27/Aug/2023:09:31:15 +0800] "POST /xingrg/kc/buy/cgsh_order_operate.html HTTP/1.1" 200 12
114.83.217.3 - - [27/Aug/2023:09:31:17 +0800] "GET /xingrg/kc/buy/cgsh_order_operate.html?command=get_materiel&rest_code=00154&code=00101008286&supplier_code=00100417&order_time=2023-08-27 HTTP/1.1" 200 408
222.67.237.86 - - [27/Aug/2023:09:31:17 +0800] "GET /xingrg/kc/buy/cgsh_order_info.html?code=212023082710933 HTTP/1.1" 200 66925
222.67.237.86 - - [27/Aug/2023:09:31:18 +0800] "GET /xingrg/javascript/easyui/themes/default/validatebox.css HTTP/1.1" 404 1104
222.67.237.86 - - [27/Aug/2023:09:31:19 +0800] "POST /xingrg/kc/buy/cgsh_order_operate.html HTTP/1.1" 200 2389
222.67.237.86 - - [27/Aug/2023:09:31:20 +0800] "GET /xingrg/kc/print/load_config.html?kc_code=cgsh HTTP/1.1" 200 1924
101.228.187.155 - - [27/Aug/2023:09:31:21 +0800] "GET /xingrg/kc/base/wldb_order_operate.html?command=get_materiel&rest_code=00142&base_code=0010185&code=00101010914 HTTP/1.1" 200 457
101.83.145.37 - - [27/Aug/2023:09:31:21 +0800] "GET /xingrg/kc/buy/cgsh_order_operate.html?command=get_materiel&rest_code=00105&code=00101008361&supplier_code=00100203&order_time=2023-08-27 HTTP/1.1" 200 408
222.67.237.86 - - [27/Aug/2023:09:31:21 +0800] "GET /xingrg/kc/print/load_data.html?order_code=212023082710933&kc_code=cgsh&condition= HTTP/1.1" 200 1483
114.83.217.3 - - [27/Aug/2023:09:31:21 +0800] "GET /xingrg/all/function/internal_message.html?_=1693100021737&CODE_STATE=getMsg HTTP/1.1" 200 27
114.83.217.3 - - [27/Aug/2023:09:31:21 +0800] "GET /xingrg/check_reg.html?_=1693100021739 HTTP/1.1" 200 22
101.83.145.37 - - [27/Aug/2023:09:31:22 +0800] "GET /xingrg/all/function/internal_message.html?_=1693099883365&CODE_STATE=getMsg HTTP/1.1" 200 27
114.95.241.104 - - [27/Aug/2023:09:31:24 +0800] "GET /xingrg/check_reg.html?_=1693099786209 HTTP/1.1" 200 22
101.228.187.155 - - [27/Aug/2023:09:31:27 +0800] "POST /xingrg/all/common/load_select.html HTTP/1.1" 200 25
221.239.167.251 - - [27/Aug/2023:09:31:29 +0800] "GET /xingrg/all/function/internal_message.html?_=1693099888894&CODE_STATE=getMsg HTTP/1.1" 200 27
101.228.187.155 - - [27/Aug/2023:09:31:29 +0800] "GET /xingrg/kc/base/wldb_order_operate.html?command=get_materiel_price&rest_code=00142&base_code=0010185&code=00101010914&unit_code=00100009 HTTP/1.1" 200 35
114.83.217.3 - - [27/Aug/2023:09:31:29 +0800] "GET /xingrg/kc/buy/cgsh_order_operate.html?command=get_materiel&rest_code=00154&code=00101008108&supplier_code=00100417&order_time=2023-08-27 HTTP/1.1" 200 412
101.83.145.37 - - [27/Aug/2023:09:31:31 +0800] "GET /xingrg/kc/buy/cgsh_order_operate.html?command=get_materiel&rest_code=00105&code=00101008372&supplier_code=00100203&order_time=2023-08-27 HTTP/1.1" 200 408
114.83.223.42 - - [27/Aug/2023:09:31:35 +0800] "GET /xingrg/all/function/internal_message.html?_=1693099895254&CODE_STATE=getMsg HTTP/1.1" 200 27
222.70.180.200 - - [27/Aug/2023:09:31:36 +0800] "GET /xingrg/kc/buy/cgsh_order_operate.html?command=get_materiel&rest_code=00111&code=00101006177&supplier_code=00100012&order_time=2023-08-27 HTTP/1.1" 200 408
101.228.187.155 - - [27/Aug/2023:09:31:36 +0800] "GET /xingrg/all/function/internal_message.html?_=1693099896235&CODE_STATE=getMsg HTTP/1.1" 200 27
114.83.217.3 - - [27/Aug/2023:09:31:41 +0800] "GET /xingrg/kc/buy/cgsh_order_operate.html?command=get_materiel&rest_code=00154&code=00101012070&supplier_code=00100417&order_time=2023-08-27 HTTP/1.1" 200 412
101.83.145.37 - - [27/Aug/2023:09:31:43 +0800] "GET /xingrg/kc/buy/cgsh_order_operate.html?command=get_materiel&rest_code=00105&code=00101008321&supplier_code=00100203&order_time=2023-08-27 HTTP/1.1" 200 412
114.95.241.104 - - [27/Aug/2023:09:31:46 +0800] "GET /xingrg/all/function/internal_message.html?_=1693099906555&CODE_STATE=getMsg HTTP/1.1" 200 27
222.70.173.75 - - [27/Aug/2023:09:31:49 +0800] "GET /xingrg/check_reg.html?_=1693099909090 HTTP/1.1" 200 22
222.70.173.75 - - [27/Aug/2023:09:31:49 +0800] "GET /xingrg/all/function/internal_message.html?_=1693099909547&CODE_STATE=getMsg HTTP/1.1" 200 27
180.152.241.196 - - [27/Aug/2023:09:31:51 +0800] "GET /xingrg/all/function/internal_message.html?_=1693099913221&CODE_STATE=getMsg HTTP/1.1" 200 27
114.83.217.3 - - [27/Aug/2023:09:31:52 +0800] "GET /xingrg/kc/buy/cgsh_order_operate.html?command=get_materiel&rest_code=00154&code=00101008298&supplier_code=00100417&order_time=2023-08-27 HTTP/1.1" 200 412
222.70.180.200 - - [27/Aug/2023:09:31:54 +0800] "GET /xingrg/kc/buy/cgsh_order_operate.html?command=get_materiel&rest_code=00111&code=00101016030&supplier_code=00100012&order_time=2023-08-27 HTTP/1.1" 200 412
116.235.94.33 - - [27/Aug/2023:09:31:56 +0800] "GET /xingrg/check_reg.html?_=1693100209057 HTTP/1.1" 200 22
116.235.94.33 - - [27/Aug/2023:09:31:56 +0800] "GET /xingrg/all/function/internal_message.html?_=1693100209059&CODE_STATE=getMsg HTTP/1.1" 200 27
124.78.155.92 - - [27/Aug/2023:09:32:00 +0800] "GET /xingrg/all/function/internal_message.html?_=1693099921569&CODE_STATE=getMsg HTTP/1.1" 200 27
114.95.241.104 - - [27/Aug/2023:09:32:02 +0800] "GET /xingrg/all/function/internal_message.html?_=1693099824957&CODE_STATE=getMsg HTTP/1.1" 200 27
222.70.180.200 - - [27/Aug/2023:09:32:03 +0800] "GET /xingrg/all/function/internal_message.html?_=1693099923801&CODE_STATE=getMsg HTTP/1.1" 200 27
180.165.48.189 - - [27/Aug/2023:09:32:03 +0800] "GET /xingrg/all/function/internal_message.html?_=1693099922768&CODE_STATE=getMsg HTTP/1.1" 200 27
101.83.145.37 - - [27/Aug/2023:09:32:11 +0800] "GET /xingrg/kc/buy/cgsh_order_operate.html?command=get_materiel&rest_code=00105&code=00101008098&supplier_code=00100203&order_time=2023-08-27 HTTP/1.1" 200 412
114.83.217.3 - - [27/Aug/2023:09:32:14 +0800] "GET /xingrg/kc/buy/cgsh_order_operate.html?command=get_materiel&rest_code=00154&code=00101008372&supplier_code=00100417&order_time=2023-08-27 HTTP/1.1" 200 408
180.169.147.146 - - [27/Aug/2023:09:32:14 +0800] "GET /xingrg/all/function/internal_message.html?_=1693100037974&CODE_STATE=getMsg HTTP/1.1" 302 -
101.83.145.37 - - [27/Aug/2023:09:32:15 +0800] "GET /xingrg/check_reg.html?_=1693099936185 HTTP/1.1" 200 22
116.235.94.33 - - [27/Aug/2023:09:32:15 +0800] "GET /xingrg/all/function/internal_message.html?_=1693099931661&CODE_STATE=getMsg HTTP/1.1" 200 27
116.235.94.33 - - [27/Aug/2023:09:32:15 +0800] "GET /xingrg/check_reg.html?_=1693099931663 HTTP/1.1" 200 22
116.232.195.127 - - [27/Aug/2023:09:32:15 +0800] "GET /xingrg/all/function/internal_message.html?_=1693099847901&CODE_STATE=getMsg HTTP/1.1" 200 27
101.228.187.155 - - [27/Aug/2023:09:32:21 +0800] "GET /xingrg/kc/base/wldb_order_operate.html?command=get_materiel&rest_code=00142&base_code=0010185&code=00101010913 HTTP/1.1" 200 449
114.83.217.3 - - [27/Aug/2023:09:32:21 +0800] "GET /xingrg/all/function/internal_message.html?_=1693100081731&CODE_STATE=getMsg HTTP/1.1" 200 27
101.83.145.37 - - [27/Aug/2023:09:32:22 +0800] "GET /xingrg/all/function/internal_message.html?_=1693099943337&CODE_STATE=getMsg HTTP/1.1" 200 27
114.83.217.3 - - [27/Aug/2023:09:32:24 +0800] "GET /xingrg/kc/buy/cgsh_order_operate.html?command=get_materiel&rest_code=00154&code=00101008268&supplier_code=00100417&order_time=2023-08-27 HTTP/1.1" 200 408
101.228.187.155 - - [27/Aug/2023:09:32:25 +0800] "POST /xingrg/all/common/load_select.html HTTP/1.1" 200 25
221.239.167.251 - - [27/Aug/2023:09:32:29 +0800] "GET /xingrg/all/function/internal_message.html?_=1693099948881&CODE_STATE=getMsg HTTP/1.1" 200 27
180.165.48.189 - - [27/Aug/2023:09:32:29 +0800] "POST /xingrg/kc/buy/cgsh_list_operate.html HTTP/1.1" 200 4
101.228.187.155 - - [27/Aug/2023:09:32:29 +0800] "GET /xingrg/kc/base/wldb_order_operate.html?command=get_materiel_price&rest_code=00142&base_code=0010185&code=00101010913&unit_code=00100009 HTTP/1.1" 200 35
116.232.195.127 - - [27/Aug/2023:09:32:30 +0800] "GET /xingrg/check_reg.html?_=1693099862616 HTTP/1.1" 200 22
114.83.223.42 - - [27/Aug/2023:09:32:35 +0800] "GET /xingrg/all/function/internal_message.html?_=1693099955225&CODE_STATE=getMsg HTTP/1.1" 200 27
114.83.223.42 - - [27/Aug/2023:09:32:35 +0800] "GET /xingrg/check_reg.html?_=1693099955868 HTTP/1.1" 200 22
101.228.187.155 - - [27/Aug/2023:09:32:36 +0800] "GET /xingrg/all/function/internal_message.html?_=1693099956236&CODE_STATE=getMsg HTTP/1.1" 200 27
101.83.145.37 - - [27/Aug/2023:09:32:39 +0800] "POST /xingrg/kc/buy/cgsh_order_operate.html HTTP/1.1" 200 37
222.70.180.200 - - [27/Aug/2023:09:32:39 +0800] "GET /xingrg/kc/buy/cgsh_order_operate.html?command=get_materiel&rest_code=00111&code=00101011001&supplier_code=00100012&order_time=2023-08-27 HTTP/1.1" 200 423
180.165.48.189 - - [27/Aug/2023:09:32:40 +0800] "POST /xingrg/kc/buy/cgsh_list_operate.html HTTP/1.1" 200 986
114.83.217.3 - - [27/Aug/2023:09:32:41 +0800] "GET /xingrg/kc/buy/cgsh_order_operate.html?command=get_materiel&rest_code=00154&code=00101008350&supplier_code=00100417&order_time=2023-08-27 HTTP/1.1" 200 408
114.95.241.104 - - [27/Aug/2023:09:32:46 +0800] "GET /xingrg/all/function/internal_message.html?_=1693099966558&CODE_STATE=getMsg HTTP/1.1" 200 27
114.95.241.104 - - [27/Aug/2023:09:32:48 +0800] "GET /xingrg/javascript/auto/indicator.gif HTTP/1.1" 404 1066
222.70.173.75 - - [27/Aug/2023:09:32:49 +0800] "GET /xingrg/all/function/internal_message.html?_=1693099969560&CODE_STATE=getMsg HTTP/1.1" 200 27
180.152.241.196 - - [27/Aug/2023:09:32:51 +0800] "GET /xingrg/all/function/internal_message.html?_=1693099973226&CODE_STATE=getMsg HTTP/1.1" 200 27
221.239.167.251 - - [27/Aug/2023:09:32:51 +0800] "GET /xingrg/check_reg.html?_=1693099971447 HTTP/1.1" 200 22
180.165.48.189 - - [27/Aug/2023:09:32:55 +0800] "GET /xingrg/kc/buy/cgsh_order_add.html HTTP/1.1" 200 72108
180.165.48.189 - - [27/Aug/2023:09:32:55 +0800] "POST /xingrg/kc/buy/cgsh_order_operate.html HTTP/1.1" 200 8245
180.165.48.189 - - [27/Aug/2023:09:32:55 +0800] "GET /xingrg/javascript/easyui/themes/default/validatebox.css HTTP/1.1" 404 1104
116.235.94.33 - - [27/Aug/2023:09:32:56 +0800] "GET /xingrg/all/function/internal_message.html?_=1693100269056&CODE_STATE=getMsg HTTP/1.1" 200 27
114.95.241.104 - - [27/Aug/2023:09:32:56 +0800] "GET /xingrg/kc/buy/cgsh_order_operate.html?command=get_materiel&rest_code=00151&code=00101011005&supplier_code=00100047&order_time=2023-08-27 HTTP/1.1" 200 428
124.78.155.92 - - [27/Aug/2023:09:33:00 +0800] "GET /xingrg/all/function/internal_message.html?_=1693099981579&CODE_STATE=getMsg HTTP/1.1" 200 27
114.83.217.3 - - [27/Aug/2023:09:33:02 +0800] "GET /xingrg/kc/buy/cgsh_order_operate.html?command=get_materiel&rest_code=00154&code=00101008024&supplier_code=00100417&order_time=2023-08-27 HTTP/1.1" 200 408
114.95.241.104 - - [27/Aug/2023:09:33:02 +0800] "GET /xingrg/all/function/internal_message.html?_=1693099884971&CODE_STATE=getMsg HTTP/1.1" 200 27
222.70.180.200 - - [27/Aug/2023:09:33:03 +0800] "GET /xingrg/all/function/internal_message.html?_=1693099983779&CODE_STATE=getMsg HTTP/1.1" 200 27
180.165.48.189 - - [27/Aug/2023:09:33:03 +0800] "GET /xingrg/all/function/internal_message.html?_=1693099982763&CODE_STATE=getMsg HTTP/1.1" 200 27
114.95.241.104 - - [27/Aug/2023:09:33:08 +0800] "GET /xingrg/kc/buy/cgsh_order_operate.html?command=get_materiel&rest_code=00151&code=00101011007&supplier_code=00100047&order_time=2023-08-27 HTTP/1.1" 200 414
180.169.147.146 - - [27/Aug/2023:09:33:14 +0800] "GET /xingrg/all/function/internal_message.html?_=1693100097949&CODE_STATE=getMsg HTTP/1.1" 302 -
116.235.94.33 - - [27/Aug/2023:09:33:15 +0800] "GET /xingrg/all/function/internal_message.html?_=1693099991674&CODE_STATE=getMsg HTTP/1.1" 200 27
116.232.195.127 - - [27/Aug/2023:09:33:15 +0800] "GET /xingrg/all/function/internal_message.html?_=1693099907899&CODE_STATE=getMsg HTTP/1.1" 200 27
114.83.217.3 - - [27/Aug/2023:09:33:16 +0800] "GET /xingrg/kc/buy/cgsh_order_operate.html?command=get_materiel&rest_code=00154&code=00101008005&supplier_code=00100417&order_time=2023-08-27 HTTP/1.1" 200 412
222.70.180.200 - - [27/Aug/2023:09:33:21 +0800] "GET /xingrg/kc/buy/cgsh_order_operate.html?command=get_materiel&rest_code=00111&code=00101006038&supplier_code=00100012&order_time=2023-08-27 HTTP/1.1" 200 423
114.83.217.3 - - [27/Aug/2023:09:33:21 +0800] "GET /xingrg/all/function/internal_message.html?_=1693100141746&CODE_STATE=getMsg HTTP/1.1" 200 27
221.239.167.251 - - [27/Aug/2023:09:33:29 +0800] "GET /xingrg/all/function/internal_message.html?_=1693100008857&CODE_STATE=getMsg HTTP/1.1" 200 27
114.95.241.104 - - [27/Aug/2023:09:33:33 +0800] "POST /xingrg/kc/buy/cgsh_order_operate.html HTTP/1.1" 200 37
114.83.223.42 - - [27/Aug/2023:09:33:35 +0800] "GET /xingrg/all/function/internal_message.html?_=1693100015198&CODE_STATE=getMsg HTTP/1.1" 200 27
101.228.187.155 - - [27/Aug/2023:09:33:36 +0800] "GET /xingrg/all/function/internal_message.html?_=1693100016229&CODE_STATE=getMsg HTTP/1.1" 200 27
222.70.180.200 - - [27/Aug/2023:09:33:40 +0800] "POST /xingrg/kc/buy/cgsh_order_operate.html HTTP/1.1" 200 37
114.95.241.104 - - [27/Aug/2023:09:33:46 +0800] "GET /xingrg/all/function/internal_message.html?_=1693100026559&CODE_STATE=getMsg HTTP/1.1" 200 27
222.70.173.75 - - [27/Aug/2023:09:33:49 +0800] "GET /xingrg/all/function/internal_message.html?_=1693100029574&CODE_STATE=getMsg HTTP/1.1" 200 27
114.83.217.3 - - [27/Aug/2023:09:33:49 +0800] "POST /xingrg/kc/buy/cgsh_order_operate.html HTTP/1.1" 200 37
222.70.180.200 - - [27/Aug/2023:09:33:49 +0800] "POST /xingrg/kc/buy/cgsh_order_operate.html HTTP/1.1" 200 9229
180.152.241.196 - - [27/Aug/2023:09:33:51 +0800] "GET /xingrg/all/function/internal_message.html?_=1693100033226&CODE_STATE=getMsg HTTP/1.1" 200 27
114.95.241.104 - - [27/Aug/2023:09:33:51 +0800] "POST /xingrg/kc/buy/cgsh_order_operate.html HTTP/1.1" 200 12
101.83.145.37 - - [27/Aug/2023:09:33:52 +0800] "POST /xingrg/kc/buy/cgsh_order_operate.html HTTP/1.1" 200 39903
222.70.180.200 - - [27/Aug/2023:09:33:52 +0800] "GET /xingrg/kc/print/load_data.html?order_code=212023082710936&kc_code=cgsh&condition= HTTP/1.1" 200 3263
222.67.237.86 - - [27/Aug/2023:09:33:56 +0800] "GET /xingrg/check_reg.html?_=1693099481531 HTTP/1.1" 200 22
116.235.94.33 - - [27/Aug/2023:09:33:56 +0800] "GET /xingrg/all/function/internal_message.html?_=1693100329054&CODE_STATE=getMsg HTTP/1.1" 200 27
114.83.217.3 - - [27/Aug/2023:09:33:58 +0800] "POST /xingrg/kc/buy/cgsh_order_operate.html HTTP/1.1" 200 12
114.95.241.104 - - [27/Aug/2023:09:33:59 +0800] "GET /xingrg/kc/buy/cgsh_order_info.html?code=212023082710935 HTTP/1.1" 200 66523
114.95.241.104 - - [27/Aug/2023:09:33:59 +0800] "GET /xingrg/javascript/easyui/themes/default/validatebox.css HTTP/1.1" 404 1104
124.78.155.92 - - [27/Aug/2023:09:34:00 +0800] "GET /xingrg/check_reg.html?_=1693100041606 HTTP/1.1" 200 22
124.78.155.92 - - [27/Aug/2023:09:34:00 +0800] "GET /xingrg/all/function/internal_message.html?_=1693100041607&CODE_STATE=getMsg HTTP/1.1" 200 27
114.95.241.104 - - [27/Aug/2023:09:34:00 +0800] "POST /xingrg/kc/buy/cgsh_order_operate.html HTTP/1.1" 200 1205
222.70.180.200 - - [27/Aug/2023:09:34:03 +0800] "GET /xingrg/all/function/internal_message.html?_=1693100043758&CODE_STATE=getMsg HTTP/1.1" 200 27
114.95.241.104 - - [27/Aug/2023:09:34:03 +0800] "GET /xingrg/all/function/internal_message.html?_=1693099945043&CODE_STATE=getMsg HTTP/1.1" 200 27
114.95.241.104 - - [27/Aug/2023:09:34:03 +0800] "GET /xingrg/kc/print/load_data.html?order_code=212023082710935&kc_code=cgsh&condition= HTTP/1.1" 200 988
180.165.48.189 - - [27/Aug/2023:09:34:03 +0800] "GET /xingrg/all/function/internal_message.html?_=1693100042779&CODE_STATE=getMsg HTTP/1.1" 200 27
180.165.48.189 - - [27/Aug/2023:09:34:03 +0800] "GET /xingrg/check_reg.html?_=1693100042780 HTTP/1.1" 200 22
114.95.241.104 - - [27/Aug/2023:09:34:09 +0800] "GET /xingrg/kc/buy/cgsh_order_add.html HTTP/1.1" 200 71614
114.95.241.104 - - [27/Aug/2023:09:34:10 +0800] "POST /xingrg/kc/buy/cgsh_order_operate.html HTTP/1.1" 200 8245
114.95.241.104 - - [27/Aug/2023:09:34:10 +0800] "GET /xingrg/javascript/easyui/themes/default/validatebox.css HTTP/1.1" 404 1104
180.169.147.146 - - [27/Aug/2023:09:34:14 +0800] "GET /xingrg/all/function/internal_message.html?_=1693100157950&CODE_STATE=getMsg HTTP/1.1" 302 -
116.235.94.33 - - [27/Aug/2023:09:34:15 +0800] "GET /xingrg/all/function/internal_message.html?_=1693100051666&CODE_STATE=getMsg HTTP/1.1" 200 27
116.232.195.127 - - [27/Aug/2023:09:34:15 +0800] "GET /xingrg/all/function/internal_message.html?_=1693099967878&CODE_STATE=getMsg HTTP/1.1" 200 27
101.83.145.37 - - [27/Aug/2023:09:34:22 +0800] "GET /xingrg/all/function/internal_message.html?_=1693100063371&CODE_STATE=getMsg HTTP/1.1" 200 27
221.239.167.251 - - [27/Aug/2023:09:34:29 +0800] "GET /xingrg/all/function/internal_message.html?_=1693100068828&CODE_STATE=getMsg HTTP/1.1" 200 27
180.169.147.146 - - [27/Aug/2023:09:34:33 +0800] "GET /xingrg/check_reg.html?_=1693100176701 HTTP/1.1" 302 -
124.78.155.92 - - [27/Aug/2023:09:34:34 +0800] "POST /xingrg/kc/buy/cgsh_order_operate.html HTTP/1.1" 200 37
114.95.241.104 - - [27/Aug/2023:09:34:34 +0800] "GET /xingrg/kc/buy/cgsh_order_operate.html?command=get_materiel&rest_code=00151&code=00101009178&supplier_code=00100022&order_time=2023-08-27 HTTP/1.1" 200 399
114.83.223.42 - - [27/Aug/2023:09:34:35 +0800] "GET /xingrg/all/function/internal_message.html?_=1693100075182&CODE_STATE=getMsg HTTP/1.1" 200 27
101.228.187.155 - - [27/Aug/2023:09:34:36 +0800] "GET /xingrg/check_reg.html?_=1693100076237 HTTP/1.1" 200 22
101.228.187.155 - - [27/Aug/2023:09:34:36 +0800] "GET /xingrg/all/function/internal_message.html?_=1693100076240&CODE_STATE=getMsg HTTP/1.1" 200 27
124.78.155.92 - - [27/Aug/2023:09:34:37 +0800] "POST /xingrg/kc/buy/cgsh_order_operate.html HTTP/1.1" 200 12830
124.78.155.92 - - [27/Aug/2023:09:34:43 +0800] "GET /xingrg/kc/buy/buy_main.html HTTP/1.1" 200 12412
124.78.155.92 - - [27/Aug/2023:09:34:43 +0800] "GET /xingrg/css/new_ie.css HTTP/1.1" 404 1036
124.78.155.92 - - [27/Aug/2023:09:34:44 +0800] "GET /xingrg/images/yd/bt.gif HTTP/1.1" 404 1040
114.95.241.104 - - [27/Aug/2023:09:34:45 +0800] "GET /xingrg/kc/buy/cgsh_order_operate.html?command=get_materiel&rest_code=00151&code=00101009062&supplier_code=00100022&order_time=2023-08-27 HTTP/1.1" 200 412
124.78.155.92 - - [27/Aug/2023:09:34:45 +0800] "GET /xingrg/kc/buy/cgsh_order_list.html HTTP/1.1" 200 56234
114.95.241.104 - - [27/Aug/2023:09:34:46 +0800] "GET /xingrg/all/function/internal_message.html?_=1693100086560&CODE_STATE=getMsg HTTP/1.1" 200 27
222.70.173.75 - - [27/Aug/2023:09:34:49 +0800] "GET /xingrg/all/function/internal_message.html?_=1693100089678&CODE_STATE=getMsg HTTP/1.1" 200 27
180.152.241.196 - - [27/Aug/2023:09:34:51 +0800] "GET /xingrg/all/function/internal_message.html?_=1693100093230&CODE_STATE=getMsg HTTP/1.1" 200 27
124.78.155.92 - - [27/Aug/2023:09:34:54 +0800] "POST /xingrg/kc/buy/cgsh_list_operate.html HTTP/1.1" 200 2690
180.152.241.196 - - [27/Aug/2023:09:34:54 +0800] "GET /favicon.ico HTTP/1.1" 404 -
116.235.94.33 - - [27/Aug/2023:09:34:56 +0800] "GET /xingrg/all/function/internal_message.html?_=1693100389052&CODE_STATE=getMsg HTTP/1.1" 200 27
124.78.155.92 - - [27/Aug/2023:09:35:00 +0800] "GET /xingrg/all/function/internal_message.html?_=1693100101616&CODE_STATE=getMsg HTTP/1.1" 200 27
222.70.180.200 - - [27/Aug/2023:09:35:03 +0800] "GET /xingrg/all/function/internal_message.html?_=1693100103738&CODE_STATE=getMsg HTTP/1.1" 200 27
114.95.241.104 - - [27/Aug/2023:09:35:03 +0800] "GET /xingrg/all/function/internal_message.html?_=1693100005045&CODE_STATE=getMsg HTTP/1.1" 200 27
180.165.48.189 - - [27/Aug/2023:09:35:03 +0800] "GET /xingrg/all/function/internal_message.html?_=1693100102758&CODE_STATE=getMsg HTTP/1.1" 200 27
180.169.147.146 - - [27/Aug/2023:09:35:14 +0800] "GET /xingrg/all/function/internal_message.html?_=1693100217924&CODE_STATE=getMsg HTTP/1.1" 302 -
116.235.94.33 - - [27/Aug/2023:09:35:15 +0800] "GET /xingrg/all/function/internal_message.html?_=1693100111663&CODE_STATE=getMsg HTTP/1.1" 200 27
116.232.195.127 - - [27/Aug/2023:09:35:15 +0800] "GET /xingrg/all/function/internal_message.html?_=1693100027878&CODE_STATE=getMsg HTTP/1.1" 200 27
114.95.241.104 - - [27/Aug/2023:09:35:20 +0800] "GET /xingrg/kc/buy/cgsh_order_operate.html?command=get_materiel&rest_code=00151&code=00101009016&supplier_code=00100022&order_time=2023-08-27 HTTP/1.1" 200 420
222.67.237.86 - - [27/Aug/2023:09:35:22 +0800] "GET /xingrg/kc/buy/cgsh_order_add.html HTTP/1.1" 200 72016
101.83.145.37 - - [27/Aug/2023:09:35:22 +0800] "GET /xingrg/all/function/internal_message.html?_=1693100123341&CODE_STATE=getMsg HTTP/1.1" 200 27
222.67.237.86 - - [27/Aug/2023:09:35:22 +0800] "POST /xingrg/kc/buy/cgsh_order_operate.html HTTP/1.1" 200 8245
222.67.237.86 - - [27/Aug/2023:09:35:22 +0800] "GET /xingrg/javascript/easyui/themes/default/validatebox.css HTTP/1.1" 404 1104
116.235.94.33 - - [27/Aug/2023:09:35:25 +0800] "GET /xingrg/kc/mdqp/qqps_order_list.html HTTP/1.1" 200 9642
116.235.94.33 - - [27/Aug/2023:09:35:25 +0800] "GET /xingrg/dwr/interface/AjaxQqpsService.js HTTP/1.1" 200 16326
116.235.94.33 - - [27/Aug/2023:09:35:26 +0800] "GET /xingrg/dwr/interface/AjaxReportQueryService.js HTTP/1.1" 200 13203
116.235.94.33 - - [27/Aug/2023:09:35:26 +0800] "GET /xingrg/dwr/util.js HTTP/1.1" 304 -
116.235.94.33 - - [27/Aug/2023:09:35:26 +0800] "GET /xingrg/dwr/engine.js HTTP/1.1" 200 43631
116.235.94.33 - - [27/Aug/2023:09:35:28 +0800] "GET /xingrg/kc/mdqp/qqps_order_info.html?code=302023082600532 HTTP/1.1" 200 28548
116.235.94.33 - - [27/Aug/2023:09:35:28 +0800] "GET /xingrg/dwr/interface/AjaxComOrderService.js HTTP/1.1" 200 18264
116.235.94.33 - - [27/Aug/2023:09:35:28 +0800] "GET /xingrg/dwr/interface/AjaxQqpsService.js HTTP/1.1" 200 16326
116.235.94.33 - - [27/Aug/2023:09:35:28 +0800] "GET /xingrg/dwr/engine.js HTTP/1.1" 200 43631
116.235.94.33 - - [27/Aug/2023:09:35:28 +0800] "GET /xingrg/words/20230825132708_words.js HTTP/1.1" 304 -
221.239.167.251 - - [27/Aug/2023:09:35:29 +0800] "GET /xingrg/all/function/internal_message.html?_=1693100128813&CODE_STATE=getMsg HTTP/1.1" 200 27
116.235.94.33 - - [27/Aug/2023:09:35:30 +0800] "POST /xingrg/dwr/call/plaincall/AjaxQqpsService.loadMaterielItems.dwr HTTP/1.1" 200 1245
114.95.241.104 - - [27/Aug/2023:09:35:30 +0800] "GET /xingrg/kc/buy/cgsh_order_operate.html?command=get_materiel&rest_code=00151&code=00101009066&supplier_code=00100022&order_time=2023-08-27 HTTP/1.1" 200 416
114.83.223.42 - - [27/Aug/2023:09:35:35 +0800] "GET /xingrg/all/function/internal_message.html?_=1693100135167&CODE_STATE=getMsg HTTP/1.1" 200 27
116.235.94.33 - - [27/Aug/2023:09:35:35 +0800] "GET /xingrg/images/yd/bt.gif HTTP/1.1" 404 1040
116.235.94.33 - - [27/Aug/2023:09:35:35 +0800] "GET /xingrg/images/yd/bt2.gif HTTP/1.1" 404 1042
101.228.187.155 - - [27/Aug/2023:09:35:36 +0800] "GET /xingrg/all/function/internal_message.html?_=1693100136229&CODE_STATE=getMsg HTTP/1.1" 200 27
222.67.237.86 - - [27/Aug/2023:09:35:39 +0800] "GET /xingrg/kc/buy/cgsh_order_operate.html?command=get_materiel&rest_code=00141&code=00101016030&supplier_code=00100036&order_time=2023-08-27 HTTP/1.1" 200 412
180.165.48.189 - - [27/Aug/2023:09:35:45 +0800] "GET /xingrg/javascript/auto/indicator.gif HTTP/1.1" 404 1066
116.235.94.33 - - [27/Aug/2023:09:35:45 +0800] "POST /xingrg/dwr/call/plaincall/AjaxQqpsService.checkOrder.dwr HTTP/1.1" 200 78
114.95.241.104 - - [27/Aug/2023:09:35:46 +0800] "GET /xingrg/check_reg.html?_=1693100146560 HTTP/1.1" 200 22
114.95.241.104 - - [27/Aug/2023:09:35:46 +0800] "GET /xingrg/all/function/internal_message.html?_=1693100146563&CODE_STATE=getMsg HTTP/1.1" 200 27
116.235.94.33 - - [27/Aug/2023:09:35:47 +0800] "GET /xingrg/kc/mdqp/qqps_order_info.html?code=302023082600532 HTTP/1.1" 200 26789
116.235.94.33 - - [27/Aug/2023:09:35:47 +0800] "GET /xingrg/dwr/interface/AjaxComOrderService.js HTTP/1.1" 200 18264
116.235.94.33 - - [27/Aug/2023:09:35:47 +0800] "GET /xingrg/dwr/interface/AjaxQqpsService.js HTTP/1.1" 200 16326
116.235.94.33 - - [27/Aug/2023:09:35:47 +0800] "GET /xingrg/dwr/engine.js HTTP/1.1" 200 43631
116.235.94.33 - - [27/Aug/2023:09:35:48 +0800] "POST /xingrg/dwr/call/plaincall/AjaxQqpsService.loadMaterielItems.dwr HTTP/1.1" 200 1245
