180.152.241.196 - - [27/Aug/2023:10:36:51 +0800] "GET /xingrg/all/function/internal_message.html?_=1693103813258&CODE_STATE=getMsg HTTP/1.1" 200 27
222.70.180.200 - - [27/Aug/2023:10:36:51 +0800] "GET /xingrg/kc/buy/cgsh_order_info.html?code=212023082710924 HTTP/1.1" 200 71975
222.70.180.200 - - [27/Aug/2023:10:36:52 +0800] "GET /xingrg/javascript/easyui/themes/default/validatebox.css HTTP/1.1" 404 1104
222.70.180.200 - - [27/Aug/2023:10:36:52 +0800] "GET /xingrg/all/common/auto_word.html?type=employee&rest_code=00111 HTTP/1.1" 200 201
222.70.180.200 - - [27/Aug/2023:10:36:52 +0800] "GET /xingrg/all/common/auto_word.html?type=employee&rest_code=00111 HTTP/1.1" 200 201
222.70.180.200 - - [27/Aug/2023:10:36:53 +0800] "POST /xingrg/kc/buy/cgsh_order_operate.html HTTP/1.1" 200 25720
180.165.48.189 - - [27/Aug/2023:10:36:55 +0800] "GET /xingrg/all/function/internal_message.html?_=1693103814635&CODE_STATE=getMsg HTTP/1.1" 200 27
116.235.94.33 - - [27/Aug/2023:10:36:56 +0800] "GET /xingrg/check_reg.html?_=1693104109130 HTTP/1.1" 200 22
116.235.94.33 - - [27/Aug/2023:10:36:56 +0800] "GET /xingrg/all/function/internal_message.html?_=1693104109128&CODE_STATE=getMsg HTTP/1.1" 200 27
222.70.180.200 - - [27/Aug/2023:10:36:57 +0800] "GET /xingrg/kc/print/load_config.html?kc_code=cgsh HTTP/1.1" 200 1924
222.70.180.200 - - [27/Aug/2023:10:36:57 +0800] "GET /xingrg/kc/print/load_data.html?order_code=212023082710924&kc_code=cgsh&condition= HTTP/1.1" 200 9424
124.78.155.92 - - [27/Aug/2023:10:37:03 +0800] "GET /xingrg/check_reg.html?_=1693103823973 HTTP/1.1" 200 22
124.78.155.92 - - [27/Aug/2023:10:37:03 +0800] "GET /xingrg/all/function/internal_message.html?_=1693103823976&CODE_STATE=getMsg HTTP/1.1" 200 27
114.95.241.104 - - [27/Aug/2023:10:37:05 +0800] "GET /xingrg/all/function/internal_message.html?_=1693103727386&CODE_STATE=getMsg HTTP/1.1" 200 27
120.253.135.82 - - [27/Aug/2023:10:37:05 +0800] "GET /xingrg/kc/pszx/mdqp_order_list.html?state=10 HTTP/1.1" 200 10713
120.253.135.82 - - [27/Aug/2023:10:37:05 +0800] "GET /xingrg/dwr/util.js HTTP/1.1" 304 -
120.253.135.82 - - [27/Aug/2023:10:37:05 +0800] "GET /xingrg/dwr/interface/AjaxReportQueryService.js HTTP/1.1" 200 13203
120.253.135.82 - - [27/Aug/2023:10:37:05 +0800] "GET /xingrg/dwr/interface/AjaxQqpsService.js HTTP/1.1" 200 16326
120.253.135.82 - - [27/Aug/2023:10:37:05 +0800] "GET /xingrg/javascript/Calendar.js HTTP/1.1" 304 -
120.253.135.82 - - [27/Aug/2023:10:37:05 +0800] "GET /xingrg/dwr/engine.js HTTP/1.1" 200 43631
180.157.252.226 - - [27/Aug/2023:10:37:06 +0800] "GET /xingrg/all/function/internal_message.html?_=1693103826301&CODE_STATE=getMsg HTTP/1.1" 200 27
180.152.241.196 - - [27/Aug/2023:10:37:06 +0800] "GET /xingrg/check_reg.html?_=1693103826784 HTTP/1.1" 200 22
180.152.241.196 - - [27/Aug/2023:10:37:06 +0800] "GET /xingrg/all/function/internal_message.html?_=1693103826787&CODE_STATE=getMsg HTTP/1.1" 200 27
120.253.135.82 - - [27/Aug/2023:10:37:07 +0800] "POST /xingrg/kc/buy/cgsh_list_operate.html HTTP/1.1" 200 986
120.253.135.82 - - [27/Aug/2023:10:37:08 +0800] "GET /xingrg/kc/pszx/jzcl_ps.html HTTP/1.1" 200 7683
120.253.135.82 - - [27/Aug/2023:10:37:08 +0800] "GET /xingrg/javascript/step/step.css HTTP/1.1" 304 -
120.253.135.82 - - [27/Aug/2023:10:37:08 +0800] "GET /xingrg/css/table.css HTTP/1.1" 304 -
120.253.135.82 - - [27/Aug/2023:10:37:08 +0800] "GET /xingrg/javascript/tools/jquery.qtip-1.0.0-rc3.min.js HTTP/1.1" 304 -
120.253.135.82 - - [27/Aug/2023:10:37:09 +0800] "POST /xingrg/all/common/load_tree.html?tree=area_rest_tree_json HTTP/1.1" 200 3499
120.253.135.82 - - [27/Aug/2023:10:37:09 +0800] "POST /xingrg/kc/pszx/jzcl_ps_operate.html HTTP/1.1" 200 424
120.253.135.82 - - [27/Aug/2023:10:37:09 +0800] "POST /xingrg/kc/pszx/jzcl_ps_operate.html HTTP/1.1" 200 424
124.78.155.92 - - [27/Aug/2023:10:37:09 +0800] "GET /xingrg/kc/buy/cgsh_order_operate.html?command=get_materiel&rest_code=00106&code=00101008351&supplier_code=00100007&order_time=2023-08-27 HTTP/1.1" 200 408
180.169.147.146 - - [27/Aug/2023:10:37:13 +0800] "GET /xingrg/all/function/internal_message.html?_=1693103936639&CODE_STATE=getMsg HTTP/1.1" 302 -
116.232.195.127 - - [27/Aug/2023:10:37:14 +0800] "GET /xingrg/all/function/internal_message.html?_=1693103746764&CODE_STATE=getMsg HTTP/1.1" 200 27
101.83.145.37 - - [27/Aug/2023:10:37:15 +0800] "GET /xingrg/check_reg.html?_=1693103836179 HTTP/1.1" 200 22
120.253.135.82 - - [27/Aug/2023:10:37:17 +0800] "GET /xingrg/all/function/internal_message.html?_=1693103647284&CODE_STATE=getMsg HTTP/1.1" 200 27
114.95.241.104 - - [27/Aug/2023:10:37:19 +0800] "GET /xingrg/all/function/internal_message.html?_=1693103839174&CODE_STATE=getMsg HTTP/1.1" 200 27
101.83.145.37 - - [27/Aug/2023:10:37:20 +0800] "GET /xingrg/all/function/internal_message.html?_=1693103841983&CODE_STATE=getMsg HTTP/1.1" 200 27
180.152.241.196 - - [27/Aug/2023:10:37:21 +0800] "POST /xingrg/kc/buy/cgsh_order_operate.html HTTP/1.1" 200 2065
222.67.237.86 - - [27/Aug/2023:10:37:21 +0800] "GET /xingrg/all/function/internal_message.html?_=1693103286954&CODE_STATE=getMsg HTTP/1.1" 200 27
124.78.155.92 - - [27/Aug/2023:10:37:24 +0800] "GET /xingrg/kc/buy/cgsh_order_operate.html?command=get_materiel&rest_code=00106&code=00101008110&supplier_code=00100007&order_time=2023-08-27 HTTP/1.1" 200 408
101.228.187.155 - - [27/Aug/2023:10:37:26 +0800] "GET /xingrg/all/function/internal_message.html?_=1693103846693&CODE_STATE=getMsg HTTP/1.1" 200 27
101.228.187.155 - - [27/Aug/2023:10:37:26 +0800] "GET /xingrg/check_reg.html?_=1693103846695 HTTP/1.1" 200 22
221.239.167.251 - - [27/Aug/2023:10:37:27 +0800] "GET /xingrg/all/function/internal_message.html?_=1693103847424&CODE_STATE=getMsg HTTP/1.1" 200 27
116.232.195.127 - - [27/Aug/2023:10:37:30 +0800] "GET /xingrg/check_reg.html?_=1693103762489 HTTP/1.1" 200 22
114.83.223.42 - - [27/Aug/2023:10:37:34 +0800] "GET /xingrg/all/function/internal_message.html?_=1693103854187&CODE_STATE=getMsg HTTP/1.1" 200 27
180.152.241.196 - - [27/Aug/2023:10:37:34 +0800] "GET /xingrg/kc/buy/cgsh_order_operate.html?command=get_materiel&rest_code=00102&code=00101006055&supplier_code=00100096&order_time=2023-08-27 HTTP/1.1" 200 411
114.83.223.42 - - [27/Aug/2023:10:37:35 +0800] "GET /xingrg/check_reg.html?_=1693103855802 HTTP/1.1" 200 22
114.83.217.3 - - [27/Aug/2023:10:37:37 +0800] "GET /xingrg/all/function/internal_message.html?_=1693103997277&CODE_STATE=getMsg HTTP/1.1" 200 27
114.83.217.3 - - [27/Aug/2023:10:37:38 +0800] "GET /xingrg/check_reg.html?_=1693103997932 HTTP/1.1" 200 22
222.70.180.200 - - [27/Aug/2023:10:37:41 +0800] "GET /xingrg/check_reg.html?_=1693103862038 HTTP/1.1" 200 22
222.70.180.200 - - [27/Aug/2023:10:37:41 +0800] "GET /xingrg/all/function/internal_message.html?_=1693103862041&CODE_STATE=getMsg HTTP/1.1" 200 27
180.169.147.146 - - [27/Aug/2023:10:37:42 +0800] "GET /xingrg/check_reg.html?_=1693103862914 HTTP/1.1" 200 22
180.169.147.146 - - [27/Aug/2023:10:37:42 +0800] "GET /xingrg/all/function/internal_message.html?_=1693103862915&CODE_STATE=getMsg HTTP/1.1" 200 27
124.78.155.92 - - [27/Aug/2023:10:37:48 +0800] "GET /xingrg/kc/buy/cgsh_order_operate.html?command=get_materiel&rest_code=00106&code=00101008096&supplier_code=00100007&order_time=2023-08-27 HTTP/1.1" 200 412
58.40.7.146 - - [27/Aug/2023:10:37:50 +0800] "GET /xingrg/all/function/internal_message.html?_=1693103870124&CODE_STATE=getMsg HTTP/1.1" 200 27
180.152.241.196 - - [27/Aug/2023:10:37:51 +0800] "GET /xingrg/all/function/internal_message.html?_=1693103873257&CODE_STATE=getMsg HTTP/1.1" 200 27
221.239.167.251 - - [27/Aug/2023:10:37:51 +0800] "GET /xingrg/check_reg.html?_=1693103871263 HTTP/1.1" 200 22
114.83.217.3 - - [27/Aug/2023:10:37:52 +0800] "GET /xingrg/kc/buy/cgsh_order_operate.html?command=get_materiel&rest_code=00154&code=00101016022&supplier_code=00100466&order_time=2023-08-27 HTTP/1.1" 200 409
180.152.241.196 - - [27/Aug/2023:10:37:54 +0800] "GET /xingrg/kc/buy/cgsh_order_operate.html?command=get_materiel&rest_code=00102&code=00101007061&supplier_code=00100096&order_time=2023-08-27 HTTP/1.1" 200 409
180.165.48.189 - - [27/Aug/2023:10:37:55 +0800] "GET /xingrg/all/function/internal_message.html?_=1693103874634&CODE_STATE=getMsg HTTP/1.1" 200 27
116.235.94.33 - - [27/Aug/2023:10:37:56 +0800] "GET /xingrg/all/function/internal_message.html?_=1693104169153&CODE_STATE=getMsg HTTP/1.1" 200 27
124.78.155.92 - - [27/Aug/2023:10:38:03 +0800] "GET /xingrg/all/function/internal_message.html?_=1693103883976&CODE_STATE=getMsg HTTP/1.1" 200 27
114.95.241.104 - - [27/Aug/2023:10:38:05 +0800] "GET /xingrg/all/function/internal_message.html?_=1693103787398&CODE_STATE=getMsg HTTP/1.1" 200 27
124.78.155.92 - - [27/Aug/2023:10:38:05 +0800] "GET /xingrg/kc/buy/cgsh_order_operate.html?command=get_materiel&rest_code=00106&code=00101008038&supplier_code=00100007&order_time=2023-08-27 HTTP/1.1" 200 412
180.157.252.226 - - [27/Aug/2023:10:38:06 +0800] "GET /xingrg/check_reg.html?_=1693103886299 HTTP/1.1" 200 22
180.157.252.226 - - [27/Aug/2023:10:38:06 +0800] "GET /xingrg/all/function/internal_message.html?_=1693103886300&CODE_STATE=getMsg HTTP/1.1" 200 27
180.152.241.196 - - [27/Aug/2023:10:38:06 +0800] "GET /xingrg/all/function/internal_message.html?_=1693103886785&CODE_STATE=getMsg HTTP/1.1" 200 27
180.152.241.196 - - [27/Aug/2023:10:38:09 +0800] "GET /xingrg/kc/buy/cgsh_order_operate.html?command=get_materiel&rest_code=00102&code=00101007049&supplier_code=00100096&order_time=2023-08-27 HTTP/1.1" 200 409
180.157.252.226 - - [27/Aug/2023:10:38:11 +0800] "GET /favicon.ico HTTP/1.1" 404 -
180.169.147.146 - - [27/Aug/2023:10:38:13 +0800] "GET /xingrg/all/function/internal_message.html?_=1693103996620&CODE_STATE=getMsg HTTP/1.1" 302 -
116.232.195.127 - - [27/Aug/2023:10:38:14 +0800] "GET /xingrg/all/function/internal_message.html?_=1693103806749&CODE_STATE=getMsg HTTP/1.1" 200 27
120.253.135.82 - - [27/Aug/2023:10:38:17 +0800] "GET /xingrg/all/function/internal_message.html?_=1693103707298&CODE_STATE=getMsg HTTP/1.1" 200 27
114.95.241.104 - - [27/Aug/2023:10:38:19 +0800] "GET /xingrg/all/function/internal_message.html?_=1693103899173&CODE_STATE=getMsg HTTP/1.1" 200 27
101.83.145.37 - - [27/Aug/2023:10:38:20 +0800] "GET /xingrg/all/function/internal_message.html?_=1693103901963&CODE_STATE=getMsg HTTP/1.1" 200 27
222.67.237.86 - - [27/Aug/2023:10:38:21 +0800] "GET /xingrg/all/function/internal_message.html?_=1693103346969&CODE_STATE=getMsg HTTP/1.1" 200 27
124.78.155.92 - - [27/Aug/2023:10:38:23 +0800] "GET /xingrg/kc/buy/cgsh_order_operate.html?command=get_materiel&rest_code=00106&code=00101008163&supplier_code=00100007&order_time=2023-08-27 HTTP/1.1" 200 409
101.228.187.155 - - [27/Aug/2023:10:38:26 +0800] "GET /xingrg/all/function/internal_message.html?_=1693103906719&CODE_STATE=getMsg HTTP/1.1" 200 27
221.239.167.251 - - [27/Aug/2023:10:38:27 +0800] "GET /xingrg/all/function/internal_message.html?_=1693103907412&CODE_STATE=getMsg HTTP/1.1" 200 27
101.83.145.37 - - [27/Aug/2023:10:38:29 +0800] "GET /xingrg/kc/buy/cgsh_order_operate.html?command=get_materiel&rest_code=00105&code=00101009011&supplier_code=00100024&order_time=2023-08-27 HTTP/1.1" 200 416
114.83.223.42 - - [27/Aug/2023:10:38:34 +0800] "GET /xingrg/all/function/internal_message.html?_=1693103914166&CODE_STATE=getMsg HTTP/1.1" 200 27
114.83.217.3 - - [27/Aug/2023:10:38:37 +0800] "GET /xingrg/all/function/internal_message.html?_=1693104057264&CODE_STATE=getMsg HTTP/1.1" 200 27
114.83.217.3 - - [27/Aug/2023:10:38:38 +0800] "GET /xingrg/kc/buy/cgsh_order_operate.html?command=get_materiel&rest_code=00154&code=00101023091&supplier_code=00100466&order_time=2023-08-27 HTTP/1.1" 200 433
124.78.155.92 - - [27/Aug/2023:10:38:40 +0800] "GET /xingrg/kc/buy/cgsh_order_operate.html?command=get_materiel&rest_code=00106&code=00101008355&supplier_code=00100007&order_time=2023-08-27 HTTP/1.1" 200 408
222.70.180.200 - - [27/Aug/2023:10:38:41 +0800] "GET /xingrg/all/function/internal_message.html?_=1693103922035&CODE_STATE=getMsg HTTP/1.1" 200 27
180.163.28.55 - - [27/Aug/2023:10:38:42 +0800] "GET /xingrg/check_reg.html?_=1693103862914 HTTP/1.1" 302 -
180.163.28.55 - - [27/Aug/2023:10:38:42 +0800] "GET /xingrg/login.html HTTP/1.1" 200 7641
180.169.147.146 - - [27/Aug/2023:10:38:42 +0800] "GET /xingrg/all/function/internal_message.html?_=1693103922915&CODE_STATE=getMsg HTTP/1.1" 200 27
58.40.7.146 - - [27/Aug/2023:10:38:50 +0800] "GET /xingrg/check_reg.html?_=1693103930126 HTTP/1.1" 200 22
58.40.7.146 - - [27/Aug/2023:10:38:50 +0800] "GET /xingrg/all/function/internal_message.html?_=1693103930129&CODE_STATE=getMsg HTTP/1.1" 200 27
180.165.48.189 - - [27/Aug/2023:10:38:55 +0800] "GET /xingrg/all/function/internal_message.html?_=1693103934632&CODE_STATE=getMsg HTTP/1.1" 200 27
180.165.48.189 - - [27/Aug/2023:10:38:55 +0800] "GET /xingrg/check_reg.html?_=1693103934635 HTTP/1.1" 200 22
116.235.94.33 - - [27/Aug/2023:10:38:56 +0800] "GET /xingrg/all/function/internal_message.html?_=1693104229151&CODE_STATE=getMsg HTTP/1.1" 200 27
101.83.145.37 - - [27/Aug/2023:10:39:02 +0800] "POST /xingrg/kc/buy/cgsh_order_operate.html HTTP/1.1" 200 37
124.78.155.92 - - [27/Aug/2023:10:39:03 +0800] "GET /xingrg/all/function/internal_message.html?_=1693103943978&CODE_STATE=getMsg HTTP/1.1" 200 27
124.78.155.92 - - [27/Aug/2023:10:39:04 +0800] "GET /xingrg/kc/buy/cgsh_order_operate.html?command=get_materiel&rest_code=00106&code=00101008004&supplier_code=00100007&order_time=2023-08-27 HTTP/1.1" 200 416
114.95.241.104 - - [27/Aug/2023:10:39:05 +0800] "GET /xingrg/all/function/internal_message.html?_=1693103847477&CODE_STATE=getMsg HTTP/1.1" 200 27
180.157.252.226 - - [27/Aug/2023:10:39:06 +0800] "GET /xingrg/all/function/internal_message.html?_=1693103946297&CODE_STATE=getMsg HTTP/1.1" 200 27
180.152.241.196 - - [27/Aug/2023:10:39:06 +0800] "GET /xingrg/all/function/internal_message.html?_=1693103946775&CODE_STATE=getMsg HTTP/1.1" 200 27
180.169.147.146 - - [27/Aug/2023:10:39:13 +0800] "GET /xingrg/all/function/internal_message.html?_=1693104056616&CODE_STATE=getMsg HTTP/1.1" 302 -
116.232.195.127 - - [27/Aug/2023:10:39:14 +0800] "GET /xingrg/all/function/internal_message.html?_=1693103866730&CODE_STATE=getMsg HTTP/1.1" 200 27
120.253.135.82 - - [27/Aug/2023:10:39:17 +0800] "GET /xingrg/all/function/internal_message.html?_=1693103767328&CODE_STATE=getMsg HTTP/1.1" 200 27
114.95.241.104 - - [27/Aug/2023:10:39:19 +0800] "GET /xingrg/check_reg.html?_=1693103959172 HTTP/1.1" 200 22
114.95.241.104 - - [27/Aug/2023:10:39:19 +0800] "GET /xingrg/all/function/internal_message.html?_=1693103959173&CODE_STATE=getMsg HTTP/1.1" 200 27
124.78.155.92 - - [27/Aug/2023:10:39:20 +0800] "GET /xingrg/kc/buy/cgsh_order_operate.html?command=get_materiel&rest_code=00106&code=00101008264&supplier_code=00100007&order_time=2023-08-27 HTTP/1.1" 200 412
222.67.237.86 - - [27/Aug/2023:10:39:21 +0800] "GET /xingrg/all/function/internal_message.html?_=1693103406968&CODE_STATE=getMsg HTTP/1.1" 200 27
101.83.145.37 - - [27/Aug/2023:10:39:22 +0800] "POST /xingrg/kc/buy/cgsh_order_operate.html HTTP/1.1" 200 5615
101.228.187.155 - - [27/Aug/2023:10:39:26 +0800] "GET /xingrg/all/function/internal_message.html?_=1693103966728&CODE_STATE=getMsg HTTP/1.1" 200 27
221.239.167.251 - - [27/Aug/2023:10:39:27 +0800] "GET /xingrg/all/function/internal_message.html?_=1693103967388&CODE_STATE=getMsg HTTP/1.1" 200 27
180.169.147.146 - - [27/Aug/2023:10:39:33 +0800] "GET /xingrg/check_reg.html?_=1693104076699 HTTP/1.1" 302 -
114.83.223.42 - - [27/Aug/2023:10:39:34 +0800] "GET /xingrg/all/function/internal_message.html?_=1693103974144&CODE_STATE=getMsg HTTP/1.1" 200 27
114.83.217.3 - - [27/Aug/2023:10:39:37 +0800] "GET /xingrg/all/function/internal_message.html?_=1693104117238&CODE_STATE=getMsg HTTP/1.1" 200 27
101.83.145.37 - - [27/Aug/2023:10:39:37 +0800] "GET /xingrg/kc/print/load_data.html?order_code=212023082710959&kc_code=cgsh&condition= HTTP/1.1" 200 1814
124.78.155.92 - - [27/Aug/2023:10:39:38 +0800] "GET /xingrg/kc/buy/cgsh_order_operate.html?command=get_materiel&rest_code=00106&code=00101008356&supplier_code=00100007&order_time=2023-08-27 HTTP/1.1" 200 409
180.152.241.196 - - [27/Aug/2023:10:39:40 +0800] "POST /xingrg/services/DataTransmitService HTTP/1.1" 200 524
222.70.180.200 - - [27/Aug/2023:10:39:41 +0800] "GET /xingrg/all/function/internal_message.html?_=1693103982033&CODE_STATE=getMsg HTTP/1.1" 200 27
180.163.30.76 - - [27/Aug/2023:10:39:42 +0800] "GET /xingrg/all/function/internal_message.html?_=1693103922915&CODE_STATE=getMsg HTTP/1.1" 302 -
180.163.30.76 - - [27/Aug/2023:10:39:42 +0800] "GET /xingrg/login.html HTTP/1.1" 200 7641
180.169.147.146 - - [27/Aug/2023:10:39:42 +0800] "GET /xingrg/all/function/internal_message.html?_=1693103982918&CODE_STATE=getMsg HTTP/1.1" 200 27
180.152.241.196 - - [27/Aug/2023:10:39:43 +0800] "POST /xingrg/services/DataTransmitService HTTP/1.1" 200 412
101.83.145.37 - - [27/Aug/2023:10:39:46 +0800] "GET /xingrg/kc/buy/cgsh_order_add.html HTTP/1.1" 200 72098
101.83.145.37 - - [27/Aug/2023:10:39:47 +0800] "POST /xingrg/kc/buy/cgsh_order_operate.html HTTP/1.1" 200 8245
101.83.145.37 - - [27/Aug/2023:10:39:47 +0800] "GET /xingrg/javascript/easyui/themes/default/validatebox.css HTTP/1.1" 404 1104
58.40.7.146 - - [27/Aug/2023:10:39:50 +0800] "GET /xingrg/all/function/internal_message.html?_=1693103990131&CODE_STATE=getMsg HTTP/1.1" 200 27
180.165.48.189 - - [27/Aug/2023:10:39:55 +0800] "GET /xingrg/all/function/internal_message.html?_=1693103994629&CODE_STATE=getMsg HTTP/1.1" 200 27
124.78.155.92 - - [27/Aug/2023:10:39:55 +0800] "GET /xingrg/kc/buy/cgsh_order_operate.html?command=get_materiel&rest_code=00106&code=00101008357&supplier_code=00100007&order_time=2023-08-27 HTTP/1.1" 200 408
116.235.94.33 - - [27/Aug/2023:10:39:56 +0800] "GET /xingrg/all/function/internal_message.html?_=1693104289149&CODE_STATE=getMsg HTTP/1.1" 200 27
124.78.155.92 - - [27/Aug/2023:10:40:03 +0800] "GET /xingrg/all/function/internal_message.html?_=1693104003994&CODE_STATE=getMsg HTTP/1.1" 200 27
114.95.241.104 - - [27/Aug/2023:10:40:05 +0800] "GET /xingrg/all/function/internal_message.html?_=1693103907489&CODE_STATE=getMsg HTTP/1.1" 200 27
180.157.252.226 - - [27/Aug/2023:10:40:06 +0800] "GET /xingrg/all/function/internal_message.html?_=1693104006295&CODE_STATE=getMsg HTTP/1.1" 200 27
180.152.241.196 - - [27/Aug/2023:10:40:06 +0800] "GET /xingrg/all/function/internal_message.html?_=1693104006766&CODE_STATE=getMsg HTTP/1.1" 200 27
101.83.145.37 - - [27/Aug/2023:10:40:07 +0800] "GET /xingrg/kc/buy/cgsh_order_operate.html?command=get_materiel&rest_code=00105&code=00101007032&supplier_code=00100328&order_time=2023-08-27 HTTP/1.1" 200 413
180.169.147.146 - - [27/Aug/2023:10:40:13 +0800] "GET /xingrg/all/function/internal_message.html?_=1693104116585&CODE_STATE=getMsg HTTP/1.1" 302 -
116.232.195.127 - - [27/Aug/2023:10:40:14 +0800] "GET /xingrg/all/function/internal_message.html?_=1693103926710&CODE_STATE=getMsg HTTP/1.1" 200 27
120.253.135.82 - - [27/Aug/2023:10:40:17 +0800] "GET /xingrg/all/function/internal_message.html?_=1693103827340&CODE_STATE=getMsg HTTP/1.1" 200 27
180.152.241.196 - - [27/Aug/2023:10:40:18 +0800] "POST /xingrg/kc/buy/cgsh_order_operate.html HTTP/1.1" 200 37
124.78.155.92 - - [27/Aug/2023:10:40:18 +0800] "GET /xingrg/kc/buy/cgsh_order_operate.html?command=get_materiel&rest_code=00106&code=00101008286&supplier_code=00100007&order_time=2023-08-27 HTTP/1.1" 200 408
114.95.241.104 - - [27/Aug/2023:10:40:19 +0800] "GET /xingrg/all/function/internal_message.html?_=1693104019172&CODE_STATE=getMsg HTTP/1.1" 200 27
101.83.145.37 - - [27/Aug/2023:10:40:21 +0800] "GET /xingrg/all/function/internal_message.html?_=1693104022006&CODE_STATE=getMsg HTTP/1.1" 200 27
222.67.237.86 - - [27/Aug/2023:10:40:21 +0800] "GET /xingrg/all/function/internal_message.html?_=1693103466968&CODE_STATE=getMsg HTTP/1.1" 200 27
101.83.145.37 - - [27/Aug/2023:10:40:21 +0800] "GET /xingrg/kc/buy/cgsh_order_operate.html?command=get_materiel&rest_code=00105&code=00101007181&supplier_code=00100328&order_time=2023-08-27 HTTP/1.1" 200 412
101.228.187.155 - - [27/Aug/2023:10:40:26 +0800] "GET /xingrg/all/function/internal_message.html?_=1693104026724&CODE_STATE=getMsg HTTP/1.1" 200 27
221.239.167.251 - - [27/Aug/2023:10:40:27 +0800] "GET /xingrg/all/function/internal_message.html?_=1693104027363&CODE_STATE=getMsg HTTP/1.1" 200 27
101.83.145.37 - - [27/Aug/2023:10:40:30 +0800] "POST /xingrg/kc/buy/cgsh_order_operate.html HTTP/1.1" 200 37
180.152.241.196 - - [27/Aug/2023:10:40:32 +0800] "GET /xingrg/javascript/jquery_easy_ui/themes/icons/rest.png HTTP/1.1" 200 695
180.152.241.196 - - [27/Aug/2023:10:40:32 +0800] "GET /xingrg/javascript/jquery_easy_ui/themes/icons/area.png HTTP/1.1" 200 262
101.83.145.37 - - [27/Aug/2023:10:40:33 +0800] "POST /xingrg/kc/buy/cgsh_order_operate.html HTTP/1.1" 200 3251
114.83.223.42 - - [27/Aug/2023:10:40:34 +0800] "GET /xingrg/all/function/internal_message.html?_=1693104034117&CODE_STATE=getMsg HTTP/1.1" 200 27
101.83.145.37 - - [27/Aug/2023:10:40:35 +0800] "GET /xingrg/kc/print/load_data.html?order_code=212023082710960&kc_code=cgsh&condition= HTTP/1.1" 200 904
180.152.241.196 - - [27/Aug/2023:10:40:35 +0800] "POST /xingrg/kc/buy/cgsh_order_operate.html HTTP/1.1" 200 12
114.83.217.3 - - [27/Aug/2023:10:40:37 +0800] "GET /xingrg/all/function/internal_message.html?_=1693104177215&CODE_STATE=getMsg HTTP/1.1" 200 27
180.152.241.196 - - [27/Aug/2023:10:40:38 +0800] "GET /xingrg/kc/buy/cgsh_order_info.html?code=212023082710957 HTTP/1.1" 200 66948
180.152.241.196 - - [27/Aug/2023:10:40:38 +0800] "GET /xingrg/javascript/jquery_tools/datebox.css HTTP/1.1" 200 2597
180.152.241.196 - - [27/Aug/2023:10:40:38 +0800] "GET /xingrg/css/base.css HTTP/1.1" 200 2811
180.152.241.196 - - [27/Aug/2023:10:40:38 +0800] "GET /xingrg/css/site.css HTTP/1.1" 200 7541
180.152.241.196 - - [27/Aug/2023:10:40:38 +0800] "GET /xingrg/javascript/easyui/themes/default/easyui.css HTTP/1.1" 200 30432
180.152.241.196 - - [27/Aug/2023:10:40:38 +0800] "GET /xingrg/javascript/easyui/themes/icon.css HTTP/1.1" 200 4483
180.152.241.196 - - [27/Aug/2023:10:40:38 +0800] "GET /xingrg/javascript/auto/jquery.autocomplete.css HTTP/1.1" 200 587
180.152.241.196 - - [27/Aug/2023:10:40:38 +0800] "GET /xingrg/javascript/jquery_tools/fix.css HTTP/1.1" 200 1702
180.152.241.196 - - [27/Aug/2023:10:40:38 +0800] "GET /xingrg/javascript/jquery_tools/table.css HTTP/1.1" 200 1032
180.152.241.196 - - [27/Aug/2023:10:40:38 +0800] "GET /xingrg/javascript/pic_change.js HTTP/1.1" 200 4739
180.152.241.196 - - [27/Aug/2023:10:40:38 +0800] "GET /xingrg/javascript/jquery_tools/jquery.tools.min.js HTTP/1.1" 200 138801
180.152.241.196 - - [27/Aug/2023:10:40:38 +0800] "GET /xingrg/javascript/jquery_tools/jquery.tools.extend.js HTTP/1.1" 200 15385
180.152.241.196 - - [27/Aug/2023:10:40:38 +0800] "GET /xingrg/javascript/jquery_tools/jquery.tools.hotkey.js HTTP/1.1" 200 3242
180.152.241.196 - - [27/Aug/2023:10:40:38 +0800] "GET /xingrg/javascript/jquery_tools/jquery.tools.table.js HTTP/1.1" 200 6994
180.152.241.196 - - [27/Aug/2023:10:40:38 +0800] "GET /xingrg/javascript/auto/jquery.autocomplete.js HTTP/1.1" 200 21624
180.152.241.196 - - [27/Aug/2023:10:40:38 +0800] "GET /xingrg/javascript/jquery.utils.js HTTP/1.1" 200 11805
180.152.241.196 - - [27/Aug/2023:10:40:38 +0800] "GET /xingrg/javascript/easyui/easyloader.js HTTP/1.1" 200 5975
180.152.241.196 - - [27/Aug/2023:10:40:38 +0800] "GET /xingrg/javascript/jquery_tools/order_manager.js HTTP/1.1" 200 11183
180.152.241.196 - - [27/Aug/2023:10:40:38 +0800] "GET /xingrg/javascript/convert.js HTTP/1.1" 200 1239
180.152.241.196 - - [27/Aug/2023:10:40:38 +0800] "GET /xingrg/javascript/json2.js HTTP/1.1" 200 11259
180.152.241.196 - - [27/Aug/2023:10:40:38 +0800] "GET /xingrg/javascript/jquery.cookie.js HTTP/1.1" 200 5513
180.152.241.196 - - [27/Aug/2023:10:40:38 +0800] "GET /xingrg/javascript/print/kc_print.js HTTP/1.1" 200 11415
180.152.241.196 - - [27/Aug/2023:10:40:38 +0800] "GET /xingrg/javascript/print/LodopFuncs.js HTTP/1.1" 200 5121
180.152.241.196 - - [27/Aug/2023:10:40:38 +0800] "GET /xingrg/words/20230825132708_words.js HTTP/1.1" 200 984538
180.152.241.196 - - [27/Aug/2023:10:40:38 +0800] "GET /xingrg/javascript/easyui/plugins/jquery.parser.js HTTP/1.1" 200 1142
180.152.241.196 - - [27/Aug/2023:10:40:38 +0800] "GET /xingrg/javascript/easyui/themes/default/validatebox.css HTTP/1.1" 404 1104
180.152.241.196 - - [27/Aug/2023:10:40:38 +0800] "GET /xingrg/javascript/easyui/plugins/jquery.validatebox.js HTTP/1.1" 200 6103
180.152.241.196 - - [27/Aug/2023:10:40:38 +0800] "GET /xingrg/javascript/easyui/plugins/jquery.numberbox.js HTTP/1.1" 200 5213
180.152.241.196 - - [27/Aug/2023:10:40:39 +0800] "POST /xingrg/kc/buy/cgsh_order_operate.html HTTP/1.1" 200 8918
124.78.155.92 - - [27/Aug/2023:10:40:40 +0800] "GET /xingrg/kc/buy/cgsh_order_operate.html?command=get_materiel&rest_code=00106&code=00101008131&supplier_code=00100007&order_time=2023-08-27 HTTP/1.1" 200 409
222.70.180.200 - - [27/Aug/2023:10:40:41 +0800] "GET /xingrg/all/function/internal_message.html?_=1693104042032&CODE_STATE=getMsg HTTP/1.1" 200 27
180.152.241.196 - - [27/Aug/2023:10:40:41 +0800] "GET /xingrg/kc/print/load_config.html?kc_code=cgsh HTTP/1.1" 200 1924
180.152.241.196 - - [27/Aug/2023:10:40:42 +0800] "GET /xingrg/kc/print/load_data.html?order_code=212023082710957&kc_code=cgsh&condition= HTTP/1.1" 200 3806
180.169.147.146 - - [27/Aug/2023:10:40:42 +0800] "GET /xingrg/all/function/internal_message.html?_=1693104042913&CODE_STATE=getMsg HTTP/1.1" 200 27
114.83.217.3 - - [27/Aug/2023:10:40:46 +0800] "GET /xingrg/kc/buy/cgsh_order_operate.html?command=get_materiel&rest_code=00154&code=00101007048&supplier_code=00100466&order_time=2023-08-27 HTTP/1.1" 200 410
58.40.7.146 - - [27/Aug/2023:10:40:50 +0800] "GET /xingrg/all/function/internal_message.html?_=1693104050137&CODE_STATE=getMsg HTTP/1.1" 200 27
180.152.241.196 - - [27/Aug/2023:10:40:53 +0800] "GET /xingrg/kc/buy/cgsh_order_add.html HTTP/1.1" 200 72051
180.152.241.196 - - [27/Aug/2023:10:40:53 +0800] "POST /xingrg/kc/buy/cgsh_order_operate.html HTTP/1.1" 200 8245
180.152.241.196 - - [27/Aug/2023:10:40:53 +0800] "GET /xingrg/javascript/easyui/themes/default/validatebox.css HTTP/1.1" 404 1104
180.152.241.196 - - [27/Aug/2023:10:40:53 +0800] "GET /xingrg/all/common/auto_word.html?type=employee&rest_code=00102 HTTP/1.1" 200 189
180.152.241.196 - - [27/Aug/2023:10:40:53 +0800] "GET /xingrg/all/common/auto_word.html?type=employee&rest_code=00102 HTTP/1.1" 200 189
180.165.48.189 - - [27/Aug/2023:10:40:55 +0800] "GET /xingrg/all/function/internal_message.html?_=1693104054640&CODE_STATE=getMsg HTTP/1.1" 200 27
116.235.94.33 - - [27/Aug/2023:10:40:56 +0800] "GET /xingrg/all/function/internal_message.html?_=1693104349147&CODE_STATE=getMsg HTTP/1.1" 200 27
124.78.155.92 - - [27/Aug/2023:10:41:02 +0800] "GET /xingrg/kc/buy/cgsh_order_operate.html?command=get_materiel&rest_code=00106&code=00101008318&supplier_code=00100007&order_time=2023-08-27 HTTP/1.1" 200 408
124.78.155.92 - - [27/Aug/2023:10:41:03 +0800] "GET /xingrg/all/function/internal_message.html?_=1693104063975&CODE_STATE=getMsg HTTP/1.1" 200 27
114.95.241.104 - - [27/Aug/2023:10:41:05 +0800] "GET /xingrg/all/function/internal_message.html?_=1693103967566&CODE_STATE=getMsg HTTP/1.1" 200 27
180.157.252.226 - - [27/Aug/2023:10:41:06 +0800] "GET /xingrg/all/function/internal_message.html?_=1693104066293&CODE_STATE=getMsg HTTP/1.1" 200 27
180.152.241.196 - - [27/Aug/2023:10:41:06 +0800] "GET /xingrg/all/function/internal_message.html?_=1693104066786&CODE_STATE=getMsg HTTP/1.1" 200 27
124.78.155.92 - - [27/Aug/2023:10:41:11 +0800] "GET /xingrg/check_reg.html?_=1693104072547 HTTP/1.1" 200 22
180.169.147.146 - - [27/Aug/2023:10:41:13 +0800] "GET /xingrg/all/function/internal_message.html?_=1693104176553&CODE_STATE=getMsg HTTP/1.1" 302 -
116.232.195.127 - - [27/Aug/2023:10:41:14 +0800] "GET /xingrg/all/function/internal_message.html?_=1693103986680&CODE_STATE=getMsg HTTP/1.1" 200 27
120.253.135.82 - - [27/Aug/2023:10:41:17 +0800] "GET /xingrg/check_reg.html?_=1693103887293 HTTP/1.1" 200 22
120.253.135.82 - - [27/Aug/2023:10:41:17 +0800] "GET /xingrg/all/function/internal_message.html?_=1693103887354&CODE_STATE=getMsg HTTP/1.1" 200 27
101.83.145.37 - - [27/Aug/2023:10:41:19 +0800] "GET /xingrg/kc/buy/cgsh_order_add.html HTTP/1.1" 200 72098
114.95.241.104 - - [27/Aug/2023:10:41:19 +0800] "GET /xingrg/all/function/internal_message.html?_=1693104079177&CODE_STATE=getMsg HTTP/1.1" 200 27
101.83.145.37 - - [27/Aug/2023:10:41:19 +0800] "GET /xingrg/javascript/easyui/themes/default/validatebox.css HTTP/1.1" 404 1104
101.83.145.37 - - [27/Aug/2023:10:41:20 +0800] "POST /xingrg/kc/buy/cgsh_order_operate.html HTTP/1.1" 200 8245
101.83.145.37 - - [27/Aug/2023:10:41:20 +0800] "GET /xingrg/all/function/internal_message.html?_=1693104081983&CODE_STATE=getMsg HTTP/1.1" 200 27
222.67.237.86 - - [27/Aug/2023:10:41:21 +0800] "GET /xingrg/all/function/internal_message.html?_=1693103526967&CODE_STATE=getMsg HTTP/1.1" 200 27
222.67.237.86 - - [27/Aug/2023:10:41:21 +0800] "GET /xingrg/check_reg.html?_=1693103526969 HTTP/1.1" 200 22
124.78.155.92 - - [27/Aug/2023:10:41:23 +0800] "GET /xingrg/kc/buy/cgsh_order_operate.html?command=get_materiel&rest_code=00106&code=00101008352&supplier_code=00100007&order_time=2023-08-27 HTTP/1.1" 200 412
114.95.241.104 - - [27/Aug/2023:10:41:24 +0800] "GET /xingrg/check_reg.html?_=1693103986288 HTTP/1.1" 200 22
101.228.187.155 - - [27/Aug/2023:10:41:26 +0800] "GET /xingrg/all/function/internal_message.html?_=1693104086726&CODE_STATE=getMsg HTTP/1.1" 200 27
221.239.167.251 - - [27/Aug/2023:10:41:27 +0800] "GET /xingrg/all/function/internal_message.html?_=1693104087334&CODE_STATE=getMsg HTTP/1.1" 200 27
114.95.241.104 - - [27/Aug/2023:10:41:29 +0800] "POST /xingrg/all/user/operate.html HTTP/1.1" 200 36
114.95.241.104 - - [27/Aug/2023:10:41:29 +0800] "GET /xingrg/index.html?sysBaseUrl=http%3A%2F%2F180.169.147.146%3A18081%2Fxingrg%2F&costTime=882×tamp=1693095899489 HTTP/1.1" 200 17179
114.95.241.104 - - [27/Aug/2023:10:41:29 +0800] "GET /xingrg/javascript/jquery_easy_ui/themes/default/easyui.css HTTP/1.1" 304 -
114.95.241.104 - - [27/Aug/2023:10:41:29 +0800] "GET /xingrg/javascript/jquery_easy_ui/themes/icon.css HTTP/1.1" 304 -
114.95.241.104 - - [27/Aug/2023:10:41:29 +0800] "GET /xingrg/css/form.css HTTP/1.1" 304 -
114.95.241.104 - - [27/Aug/2023:10:41:29 +0800] "GET /xingrg/javascript/jquery-1.4.2.min.js HTTP/1.1" 304 -
114.95.241.104 - - [27/Aug/2023:10:41:29 +0800] "GET /xingrg/javascript/jquery_easy_ui/jquery.easyui.min.js HTTP/1.1" 304 -
114.95.241.104 - - [27/Aug/2023:10:41:29 +0800] "GET /xingrg/javascript/jquery_easy_ui/easyui-lang-zh_CN.js HTTP/1.1" 304 -
114.95.241.104 - - [27/Aug/2023:10:41:29 +0800] "GET /xingrg/javascript/jquery.form.js HTTP/1.1" 304 -
114.95.241.104 - - [27/Aug/2023:10:41:29 +0800] "GET /xingrg/javascript/jquery.utils.js HTTP/1.1" 304 -
114.95.241.104 - - [27/Aug/2023:10:41:29 +0800] "GET /xingrg/javascript/jquery.timers.js HTTP/1.1" 304 -
114.95.241.104 - - [27/Aug/2023:10:41:29 +0800] "GET /xingrg/images/blue/jxLogo.png HTTP/1.1" 304 -
114.95.241.104 - - [27/Aug/2023:10:41:29 +0800] "GET /xingrg/images/blue/navBackgound.jpg HTTP/1.1" 304 -
114.95.241.104 - - [27/Aug/2023:10:41:29 +0800] "GET /xingrg/javascript/jquery_easy_ui/themes/icons/settle_new.png HTTP/1.1" 304 -
114.95.241.104 - - [27/Aug/2023:10:41:29 +0800] "GET /xingrg/check_reg.html?_=1693104089573 HTTP/1.1" 200 22
114.95.241.104 - - [27/Aug/2023:10:41:29 +0800] "GET /xingrg/all/function/internal_message.html?_=1693104089572&CODE_STATE=count HTTP/1.1" 200 11
114.95.241.104 - - [27/Aug/2023:10:41:29 +0800] "GET /xingrg/javascript/jquery_easy_ui/themes/default/images/tabs_rightarrow.png HTTP/1.1" 304 -
114.95.241.104 - - [27/Aug/2023:10:41:29 +0800] "GET /xingrg/javascript/jquery_easy_ui/themes/default/images/tabs_leftarrow.png HTTP/1.1" 304 -
114.95.241.104 - - [27/Aug/2023:10:41:29 +0800] "GET /xingrg/javascript/jquery_easy_ui/themes/default/images/panel_tool_collapse.gif HTTP/1.1" 304 -
114.95.241.104 - - [27/Aug/2023:10:41:29 +0800] "GET /xingrg/images/blue/pingpu.png HTTP/1.1" 304 -
114.95.241.104 - - [27/Aug/2023:10:41:30 +0800] "POST /xingrg/all/common/load_tree.html?tree=area_rest_tree_json&manage=1 HTTP/1.1" 200 476
114.95.241.104 - - [27/Aug/2023:10:41:30 +0800] "POST /xingrg/load_menu.html HTTP/1.1" 200 5138
114.83.217.3 - - [27/Aug/2023:10:41:32 +0800] "GET /xingrg/kc/buy/cgsh_order_operate.html?command=get_materiel&rest_code=00154&code=00101040064&supplier_code=00100466&order_time=2023-08-27 HTTP/1.1" 200 419
114.95.241.104 - - [27/Aug/2023:10:41:33 +0800] "GET /xingrg/kc/base/wldb_order_list.html HTTP/1.1" 200 19221
114.83.223.42 - - [27/Aug/2023:10:41:34 +0800] "GET /xingrg/all/function/internal_message.html?_=1693104094093&CODE_STATE=getMsg HTTP/1.1" 200 27
114.95.241.104 - - [27/Aug/2023:10:41:34 +0800] "POST /xingrg/kc/base/wldb_list_operate.html HTTP/1.1" 200 928
114.95.241.104 - - [27/Aug/2023:10:41:35 +0800] "GET /xingrg/kc/base/wldb_order_add.html HTTP/1.1" 200 30504
114.83.217.3 - - [27/Aug/2023:10:41:35 +0800] "POST /xingrg/all/common/load_select.html HTTP/1.1" 200 25
114.95.241.104 - - [27/Aug/2023:10:41:35 +0800] "GET /xingrg/javascript/easyui/themes/default/validatebox.css HTTP/1.1" 404 1104
114.95.241.104 - - [27/Aug/2023:10:41:35 +0800] "POST /xingrg/kc/base/wldb_order_operate.html HTTP/1.1" 200 6806
114.83.217.3 - - [27/Aug/2023:10:41:37 +0800] "GET /xingrg/all/function/internal_message.html?_=1693104237212&CODE_STATE=getMsg HTTP/1.1" 200 27
180.152.241.196 - - [27/Aug/2023:10:41:39 +0800] "GET /xingrg/javascript/easyui/plugins/jquery.draggable.js HTTP/1.1" 200 6121
180.152.241.196 - - [27/Aug/2023:10:41:39 +0800] "GET /xingrg/css/images/panel_loading.gif HTTP/1.1" 200 1737
180.152.241.196 - - [27/Aug/2023:10:41:39 +0800] "GET /xingrg/javascript/easyui/plugins/jquery.droppable.js HTTP/1.1" 200 1167
180.152.241.196 - - [27/Aug/2023:10:41:39 +0800] "GET /xingrg/javascript/easyui/themes/default/tree.css HTTP/1.1" 404 1090
180.152.241.196 - - [27/Aug/2023:10:41:39 +0800] "GET /xingrg/javascript/easyui/plugins/jquery.tree.js HTTP/1.1" 200 20874
114.83.217.3 - - [27/Aug/2023:10:41:40 +0800] "GET /xingrg/kc/buy/cgsh_order_operate.html?command=get_materiel_price&rest_code=00154&code=00101040064&unit_code=00100630&supplier_code=00100466&order_time=2023-08-27 HTTP/1.1" 200 27
180.152.241.196 - - [27/Aug/2023:10:41:40 +0800] "POST /xingrg/all/common/load_tree.html?tree=supplier_tree_json&isDelete=1 HTTP/1.1" 200 75131
222.70.180.200 - - [27/Aug/2023:10:41:41 +0800] "GET /xingrg/all/function/internal_message.html?_=1693104102034&CODE_STATE=getMsg HTTP/1.1" 200 27
180.152.241.196 - - [27/Aug/2023:10:41:41 +0800] "GET /xingrg/javascript/easyui/themes/default/images/tree_arrows.gif HTTP/1.1" 200 617
180.152.241.196 - - [27/Aug/2023:10:41:41 +0800] "GET /xingrg/javascript/easyui/themes/default/images/tree_folder_open.gif HTTP/1.1" 200 956
180.152.241.196 - - [27/Aug/2023:10:41:41 +0800] "GET /xingrg/javascript/easyui/themes/default/images/tree_folder.gif HTTP/1.1" 200 952
180.152.241.196 - - [27/Aug/2023:10:41:41 +0800] "GET /xingrg/javascript/easyui/themes/default/images/tree_file.gif HTTP/1.1" 200 118
180.163.29.206 - - [27/Aug/2023:10:41:42 +0800] "GET /xingrg/all/function/internal_message.html?_=1693104042913&CODE_STATE=getMsg HTTP/1.1" 302 -
180.163.29.206 - - [27/Aug/2023:10:41:42 +0800] "GET /xingrg/login.html HTTP/1.1" 200 7641
180.169.147.146 - - [27/Aug/2023:10:41:42 +0800] "GET /xingrg/all/function/internal_message.html?_=1693104102913&CODE_STATE=getMsg HTTP/1.1" 200 27
124.78.155.92 - - [27/Aug/2023:10:41:43 +0800] "GET /xingrg/kc/buy/cgsh_order_operate.html?command=get_materiel&rest_code=00106&code=00101008005&supplier_code=00100007&order_time=2023-08-27 HTTP/1.1" 200 412
114.95.241.104 - - [27/Aug/2023:10:41:45 +0800] "GET /xingrg/javascript/auto/indicator.gif HTTP/1.1" 404 1066
58.40.7.146 - - [27/Aug/2023:10:41:50 +0800] "GET /xingrg/all/function/internal_message.html?_=1693104110123&CODE_STATE=getMsg HTTP/1.1" 200 27
180.152.241.196 - - [27/Aug/2023:10:41:55 +0800] "GET /xingrg/kc/buy/cgsh_order_operate.html?command=get_materiel&rest_code=00102&code=00101009015&supplier_code=00100022&order_time=2023-08-27 HTTP/1.1" 200 416
180.165.48.189 - - [27/Aug/2023:10:41:55 +0800] "GET /xingrg/all/function/internal_message.html?_=1693104114637&CODE_STATE=getMsg HTTP/1.1" 200 27
114.95.241.104 - - [27/Aug/2023:10:41:55 +0800] "GET /xingrg/kc/base/wldb_order_operate.html?command=get_materiel&rest_code=00150&base_code=0010445&code=00101019390 HTTP/1.1" 200 469
116.235.94.33 - - [27/Aug/2023:10:41:56 +0800] "GET /xingrg/check_reg.html?_=1693104409174 HTTP/1.1" 200 22
116.235.94.33 - - [27/Aug/2023:10:41:56 +0800] "GET /xingrg/all/function/internal_message.html?_=1693104409173&CODE_STATE=getMsg HTTP/1.1" 200 27
114.95.241.104 - - [27/Aug/2023:10:42:02 +0800] "GET /xingrg/kc/base/wldb_order_operate.html?command=get_materiel&rest_code=00150&base_code=0010445&code=00101019185 HTTP/1.1" 200 469
124.78.155.92 - - [27/Aug/2023:10:42:03 +0800] "GET /xingrg/check_reg.html?_=1693104123982 HTTP/1.1" 200 22
124.78.155.92 - - [27/Aug/2023:10:42:03 +0800] "GET /xingrg/all/function/internal_message.html?_=1693104123986&CODE_STATE=getMsg HTTP/1.1" 200 27
114.95.241.104 - - [27/Aug/2023:10:42:05 +0800] "GET /xingrg/all/function/internal_message.html?_=1693104027577&CODE_STATE=getMsg HTTP/1.1" 200 27
180.157.252.226 - - [27/Aug/2023:10:42:06 +0800] "GET /xingrg/all/function/internal_message.html?_=1693104126291&CODE_STATE=getMsg HTTP/1.1" 200 27
180.152.241.196 - - [27/Aug/2023:10:42:06 +0800] "GET /xingrg/check_reg.html?_=1693104126767 HTTP/1.1" 200 22
180.152.241.196 - - [27/Aug/2023:10:42:06 +0800] "GET /xingrg/all/function/internal_message.html?_=1693104126770&CODE_STATE=getMsg HTTP/1.1" 200 27
114.95.241.104 - - [27/Aug/2023:10:42:08 +0800] "GET /xingrg/kc/base/wldb_order_operate.html?command=get_materiel&rest_code=00150&base_code=0010445&code=00101019108 HTTP/1.1" 200 477
180.169.147.146 - - [27/Aug/2023:10:42:13 +0800] "GET /xingrg/all/function/internal_message.html?_=1693104236526&CODE_STATE=getMsg HTTP/1.1" 302 -
114.95.241.104 - - [27/Aug/2023:10:42:14 +0800] "GET /xingrg/kc/base/wldb_order_operate.html?command=get_materiel&rest_code=00150&base_code=0010445&code=00101016046 HTTP/1.1" 200 457
116.232.195.127 - - [27/Aug/2023:10:42:14 +0800] "GET /xingrg/all/function/internal_message.html?_=1693104046666&CODE_STATE=getMsg HTTP/1.1" 200 27
101.83.145.37 - - [27/Aug/2023:10:42:15 +0800] "GET /xingrg/check_reg.html?_=1693104136210 HTTP/1.1" 200 22
120.253.135.82 - - [27/Aug/2023:10:42:17 +0800] "GET /xingrg/all/function/internal_message.html?_=1693103947368&CODE_STATE=getMsg HTTP/1.1" 200 27
180.152.241.196 - - [27/Aug/2023:10:42:20 +0800] "GET /xingrg/kc/buy/cgsh_order_operate.html?command=get_materiel&rest_code=00102&code=00101009011&supplier_code=00100022&order_time=2023-08-27 HTTP/1.1" 200 416
101.83.145.37 - - [27/Aug/2023:10:42:20 +0800] "GET /xingrg/all/function/internal_message.html?_=1693104141958&CODE_STATE=getMsg HTTP/1.1" 200 27
222.67.237.86 - - [27/Aug/2023:10:42:21 +0800] "GET /xingrg/all/function/internal_message.html?_=1693103586968&CODE_STATE=getMsg HTTP/1.1" 200 27
101.228.187.155 - - [27/Aug/2023:10:42:26 +0800] "GET /xingrg/check_reg.html?_=1693104146726 HTTP/1.1" 200 22
101.228.187.155 - - [27/Aug/2023:10:42:26 +0800] "GET /xingrg/all/function/internal_message.html?_=1693104146728&CODE_STATE=getMsg HTTP/1.1" 200 27
221.239.167.251 - - [27/Aug/2023:10:42:27 +0800] "GET /xingrg/all/function/internal_message.html?_=1693104147304&CODE_STATE=getMsg HTTP/1.1" 200 27
114.95.241.104 - - [27/Aug/2023:10:42:29 +0800] "GET /xingrg/kc/base/wldb_order_operate.html?command=get_materiel&rest_code=00150&base_code=0010445&code=00101013225 HTTP/1.1" 200 449
114.95.241.104 - - [27/Aug/2023:10:42:29 +0800] "GET /xingrg/all/function/internal_message.html?_=1693104149612&CODE_STATE=getMsg HTTP/1.1" 200 27
116.232.195.127 - - [27/Aug/2023:10:42:30 +0800] "GET /xingrg/check_reg.html?_=1693104062477 HTTP/1.1" 200 22
180.152.241.196 - - [27/Aug/2023:10:42:32 +0800] "GET /xingrg/kc/buy/cgsh_order_operate.html?command=get_materiel&rest_code=00102&code=00101009066&supplier_code=00100022&order_time=2023-08-27 HTTP/1.1" 200 416
114.83.223.42 - - [27/Aug/2023:10:42:34 +0800] "GET /xingrg/all/function/internal_message.html?_=1693104154064&CODE_STATE=getMsg HTTP/1.1" 200 27
114.83.223.42 - - [27/Aug/2023:10:42:35 +0800] "GET /xingrg/check_reg.html?_=1693104155784 HTTP/1.1" 200 22
114.83.217.3 - - [27/Aug/2023:10:42:37 +0800] "GET /xingrg/all/function/internal_message.html?_=1693104297191&CODE_STATE=getMsg HTTP/1.1" 200 27
101.83.145.37 - - [27/Aug/2023:10:42:37 +0800] "GET /xingrg/kc/buy/cgsh_order_operate.html?command=get_materiel&rest_code=00105&code=00101002006&supplier_code=00100091&order_time=2023-08-27 HTTP/1.1" 200 414
114.83.217.3 - - [27/Aug/2023:10:42:37 +0800] "GET /xingrg/check_reg.html?_=1693104297918 HTTP/1.1" 200 22
124.78.155.92 - - [27/Aug/2023:10:42:40 +0800] "GET /xingrg/kc/buy/cgsh_order_operate.html?command=get_materiel&rest_code=00106&code=00101008201&supplier_code=00100007&order_time=2023-08-27 HTTP/1.1" 200 412
222.70.180.200 - - [27/Aug/2023:10:42:41 +0800] "GET /xingrg/all/function/internal_message.html?_=1693104162034&CODE_STATE=getMsg HTTP/1.1" 200 27
222.70.180.200 - - [27/Aug/2023:10:42:41 +0800] "GET /xingrg/check_reg.html?_=1693104162035 HTTP/1.1" 200 22
180.169.147.146 - - [27/Aug/2023:10:42:42 +0800] "GET /xingrg/check_reg.html?_=1693104162917 HTTP/1.1" 200 22
180.169.147.146 - - [27/Aug/2023:10:42:42 +0800] "GET /xingrg/all/function/internal_message.html?_=1693104162913&CODE_STATE=getMsg HTTP/1.1" 200 27
124.78.155.92 - - [27/Aug/2023:10:42:43 +0800] "POST /xingrg/kc/buy/cgsh_order_operate.html HTTP/1.1" 200 2065
101.83.145.37 - - [27/Aug/2023:10:42:49 +0800] "POST /xingrg/kc/buy/cgsh_order_operate.html HTTP/1.1" 200 37
58.40.7.146 - - [27/Aug/2023:10:42:50 +0800] "GET /xingrg/all/function/internal_message.html?_=1693104170126&CODE_STATE=getMsg HTTP/1.1" 200 27
221.239.167.251 - - [27/Aug/2023:10:42:51 +0800] "GET /xingrg/check_reg.html?_=1693104171246 HTTP/1.1" 200 22
114.83.217.3 - - [27/Aug/2023:10:42:51 +0800] "GET /xingrg/kc/buy/cgsh_order_operate.html?command=get_materiel&rest_code=00154&code=00101012032&supplier_code=00100466&order_time=2023-08-27 HTTP/1.1" 200 418
180.165.48.189 - - [27/Aug/2023:10:42:55 +0800] "GET /xingrg/all/function/internal_message.html?_=1693104174633&CODE_STATE=getMsg HTTP/1.1" 200 27
116.235.94.33 - - [27/Aug/2023:10:42:56 +0800] "GET /xingrg/all/function/internal_message.html?_=1693104469157&CODE_STATE=getMsg HTTP/1.1" 200 27
180.152.241.196 - - [27/Aug/2023:10:42:56 +0800] "GET /xingrg/kc/buy/cgsh_order_operate.html?command=get_materiel&rest_code=00102&code=00101009112&supplier_code=00100022&order_time=2023-08-27 HTTP/1.1" 200 425
101.83.145.37 - - [27/Aug/2023:10:42:58 +0800] "POST /xingrg/kc/buy/cgsh_order_operate.html HTTP/1.1" 200 2663
101.83.145.37 - - [27/Aug/2023:10:43:00 +0800] "GET /xingrg/kc/print/load_data.html?order_code=212023082710961&kc_code=cgsh&condition= HTTP/1.1" 200 740
124.78.155.92 - - [27/Aug/2023:10:43:02 +0800] "GET /xingrg/kc/buy/cgsh_order_operate.html?command=get_materiel&rest_code=00106&code=00101008010&supplier_code=00100007&order_time=2023-08-27 HTTP/1.1" 200 412
124.78.155.92 - - [27/Aug/2023:10:43:03 +0800] "GET /xingrg/all/function/internal_message.html?_=1693104183973&CODE_STATE=getMsg HTTP/1.1" 200 27
101.83.145.37 - - [27/Aug/2023:10:43:05 +0800] "GET /xingrg/kc/buy/cgsh_order_add.html HTTP/1.1" 200 72098
114.95.241.104 - - [27/Aug/2023:10:43:05 +0800] "GET /xingrg/kc/base/wldb_order_operate.html?command=get_materiel&rest_code=00150&base_code=0010445&code=00101019164 HTTP/1.1" 200 466
101.83.145.37 - - [27/Aug/2023:10:43:05 +0800] "GET /xingrg/javascript/easyui/themes/default/validatebox.css HTTP/1.1" 404 1104
101.83.145.37 - - [27/Aug/2023:10:43:05 +0800] "POST /xingrg/kc/buy/cgsh_order_operate.html HTTP/1.1" 200 8245
114.95.241.104 - - [27/Aug/2023:10:43:05 +0800] "GET /xingrg/all/function/internal_message.html?_=1693104087591&CODE_STATE=getMsg HTTP/1.1" 200 27
180.157.252.226 - - [27/Aug/2023:10:43:06 +0800] "GET /xingrg/all/function/internal_message.html?_=1693104186289&CODE_STATE=getMsg HTTP/1.1" 200 27
180.157.252.226 - - [27/Aug/2023:10:43:06 +0800] "GET /xingrg/check_reg.html?_=1693104186292 HTTP/1.1" 200 22
180.152.241.196 - - [27/Aug/2023:10:43:06 +0800] "GET /xingrg/all/function/internal_message.html?_=1693104186776&CODE_STATE=getMsg HTTP/1.1" 200 27
114.95.241.104 - - [27/Aug/2023:10:43:10 +0800] "GET /xingrg/kc/base/wldb_order_operate.html?command=get_materiel&rest_code=00150&base_code=0010445&code=00101016001 HTTP/1.1" 200 458
180.169.147.146 - - [27/Aug/2023:10:43:13 +0800] "GET /xingrg/all/function/internal_message.html?_=1693104296502&CODE_STATE=getMsg HTTP/1.1" 302 -
222.67.237.86 - - [27/Aug/2023:10:43:13 +0800] "POST /xingrg/services/DataTransmitService HTTP/1.1" 200 524
114.95.241.104 - - [27/Aug/2023:10:43:13 +0800] "POST /xingrg/services/DataTransmitService HTTP/1.1" 200 524
116.232.195.127 - - [27/Aug/2023:10:43:14 +0800] "GET /xingrg/all/function/internal_message.html?_=1693104106646&CODE_STATE=getMsg HTTP/1.1" 200 27
222.67.237.86 - - [27/Aug/2023:10:43:14 +0800] "POST /xingrg/services/DataTransmitService HTTP/1.1" 200 412
120.253.135.82 - - [27/Aug/2023:10:43:17 +0800] "GET /xingrg/all/function/internal_message.html?_=1693104007381&CODE_STATE=getMsg HTTP/1.1" 200 27
114.95.241.104 - - [27/Aug/2023:10:43:17 +0800] "GET /xingrg/kc/base/wldb_order_operate.html?command=get_materiel&rest_code=00150&base_code=0010445&code=00101019222 HTTP/1.1" 200 454
124.78.155.92 - - [27/Aug/2023:10:43:18 +0800] "GET /xingrg/kc/buy/cgsh_order_operate.html?command=get_materiel&rest_code=00106&code=00101008283&supplier_code=00100007&order_time=2023-08-27 HTTP/1.1" 200 408
180.152.241.196 - - [27/Aug/2023:10:43:19 +0800] "GET /xingrg/kc/buy/cgsh_order_operate.html?command=get_materiel&rest_code=00102&code=00101009124&supplier_code=00100022&order_time=2023-08-27 HTTP/1.1" 200 416
101.83.145.37 - - [27/Aug/2023:10:43:20 +0800] "GET /xingrg/all/function/internal_message.html?_=1693104201940&CODE_STATE=getMsg HTTP/1.1" 200 27
222.67.237.86 - - [27/Aug/2023:10:43:21 +0800] "GET /xingrg/all/function/internal_message.html?_=1693103646967&CODE_STATE=getMsg HTTP/1.1" 200 27
116.235.94.33 - - [27/Aug/2023:10:43:22 +0800] "POST /xingrg/services/DataTransmitService HTTP/1.1" 200 524
116.235.94.33 - - [27/Aug/2023:10:43:23 +0800] "POST /xingrg/services/DataTransmitService HTTP/1.1" 200 501
114.95.241.104 - - [27/Aug/2023:10:43:24 +0800] "GET /xingrg/kc/base/wldb_order_operate.html?command=get_materiel&rest_code=00150&base_code=0010445&code=00101016094 HTTP/1.1" 200 469
101.83.145.37 - - [27/Aug/2023:10:43:24 +0800] "GET /xingrg/kc/buy/cgsh_order_add.html HTTP/1.1" 200 72098
101.83.145.37 - - [27/Aug/2023:10:43:24 +0800] "POST /xingrg/kc/buy/cgsh_order_operate.html HTTP/1.1" 200 8245
101.83.145.37 - - [27/Aug/2023:10:43:24 +0800] "GET /xingrg/javascript/easyui/themes/default/validatebox.css HTTP/1.1" 404 1104
101.228.187.155 - - [27/Aug/2023:10:43:26 +0800] "GET /xingrg/all/function/internal_message.html?_=1693104206727&CODE_STATE=getMsg HTTP/1.1" 200 27
116.232.195.127 - - [27/Aug/2023:10:43:26 +0800] "POST /xingrg/services/DataTransmitService HTTP/1.1" 200 524
114.83.217.3 - - [27/Aug/2023:10:43:27 +0800] "GET /xingrg/kc/buy/cgsh_order_operate.html?command=get_materiel&rest_code=00154&code=00101008071&supplier_code=00100466&order_time=2023-08-27 HTTP/1.1" 200 412
221.239.167.251 - - [27/Aug/2023:10:43:27 +0800] "GET /xingrg/all/function/internal_message.html?_=1693104207286&CODE_STATE=getMsg HTTP/1.1" 200 27
114.95.241.104 - - [27/Aug/2023:10:43:29 +0800] "GET /xingrg/all/function/internal_message.html?_=1693104209592&CODE_STATE=getMsg HTTP/1.1" 200 27
114.83.223.42 - - [27/Aug/2023:10:43:34 +0800] "GET /xingrg/all/function/internal_message.html?_=1693104214047&CODE_STATE=getMsg HTTP/1.1" 200 27
124.78.155.92 - - [27/Aug/2023:10:43:35 +0800] "GET /xingrg/kc/buy/cgsh_order_operate.html?command=get_materiel&rest_code=00106&code=00101009011&supplier_code=00100007&order_time=2023-08-27 HTTP/1.1" 200 416
114.83.217.3 - - [27/Aug/2023:10:43:37 +0800] "GET /xingrg/all/function/internal_message.html?_=1693104357176&CODE_STATE=getMsg HTTP/1.1" 200 27
180.152.241.196 - - [27/Aug/2023:10:43:38 +0800] "GET /xingrg/kc/buy/cgsh_order_operate.html?command=get_materiel&rest_code=00102&code=00101009109&supplier_code=00100022&order_time=2023-08-27 HTTP/1.1" 200 415
114.95.241.104 - - [27/Aug/2023:10:43:39 +0800] "POST /xingrg/kc/base/wldb_order_operate.html HTTP/1.1" 200 37
222.70.180.200 - - [27/Aug/2023:10:43:41 +0800] "GET /xingrg/all/function/internal_message.html?_=1693104222033&CODE_STATE=getMsg HTTP/1.1" 200 27
180.163.30.76 - - [27/Aug/2023:10:43:42 +0800] "GET /xingrg/check_reg.html?_=1693104162917 HTTP/1.1" 302 -
180.163.30.76 - - [27/Aug/2023:10:43:42 +0800] "GET /xingrg/login.html HTTP/1.1" 200 7641
180.169.147.146 - - [27/Aug/2023:10:43:42 +0800] "GET /xingrg/all/function/internal_message.html?_=1693104222922&CODE_STATE=getMsg HTTP/1.1" 200 27
114.95.241.104 - - [27/Aug/2023:10:43:50 +0800] "POST /xingrg/kc/base/wldb_order_operate.html HTTP/1.1" 200 12
58.40.7.146 - - [27/Aug/2023:10:43:50 +0800] "GET /xingrg/all/function/internal_message.html?_=1693104230129&CODE_STATE=getMsg HTTP/1.1" 200 27
58.40.7.146 - - [27/Aug/2023:10:43:50 +0800] "GET /xingrg/check_reg.html?_=1693104230132 HTTP/1.1" 200 22
114.95.241.104 - - [27/Aug/2023:10:43:50 +0800] "POST /xingrg/kc/base/wldb_order_operate.html HTTP/1.1" 200 6681
