101.83.145.37 - - [27/Aug/2023:10:51:25 +0800] "GET /xingrg/kc/buy/cgsh_order_operate.html?command=get_materiel&rest_code=00105&code=00101019517&supplier_code=00100337&order_time=2023-08-27 HTTP/1.1" 200 472
101.228.187.155 - - [27/Aug/2023:10:51:26 +0800] "GET /xingrg/all/function/internal_message.html?_=1693104686722&CODE_STATE=getMsg HTTP/1.1" 200 27
221.239.167.251 - - [27/Aug/2023:10:51:27 +0800] "GET /xingrg/all/function/internal_message.html?_=1693104687159&CODE_STATE=getMsg HTTP/1.1" 200 27
114.95.241.104 - - [27/Aug/2023:10:51:28 +0800] "POST /xingrg/kc/base/wldb_order_operate.html HTTP/1.1" 200 37
114.95.241.104 - - [27/Aug/2023:10:51:29 +0800] "GET /xingrg/all/function/internal_message.html?_=1693104689546&CODE_STATE=getMsg HTTP/1.1" 200 27
114.95.241.104 - - [27/Aug/2023:10:51:29 +0800] "GET /xingrg/check_reg.html?_=1693104689613 HTTP/1.1" 200 22
114.83.223.42 - - [27/Aug/2023:10:51:33 +0800] "GET /xingrg/all/function/internal_message.html?_=1693104693855&CODE_STATE=getMsg HTTP/1.1" 200 27
114.95.241.104 - - [27/Aug/2023:10:51:35 +0800] "POST /xingrg/kc/base/wldb_order_operate.html HTTP/1.1" 200 12
114.95.241.104 - - [27/Aug/2023:10:51:36 +0800] "POST /xingrg/kc/base/wldb_order_operate.html HTTP/1.1" 200 3211
114.83.217.3 - - [27/Aug/2023:10:51:37 +0800] "GET /xingrg/all/function/internal_message.html?_=1693104837097&CODE_STATE=getMsg HTTP/1.1" 200 27
114.95.241.104 - - [27/Aug/2023:10:51:37 +0800] "GET /xingrg/kc/base/wldb_order_info.html?code=422023082702894 HTTP/1.1" 200 26382
114.95.241.104 - - [27/Aug/2023:10:51:37 +0800] "GET /xingrg/javascript/easyui/themes/default/validatebox.css HTTP/1.1" 404 1104
114.95.241.104 - - [27/Aug/2023:10:51:37 +0800] "POST /xingrg/kc/base/wldb_order_operate.html HTTP/1.1" 200 1484
222.70.180.200 - - [27/Aug/2023:10:51:41 +0800] "GET /xingrg/all/function/internal_message.html?_=1693104702039&CODE_STATE=getMsg HTTP/1.1" 200 27
180.163.29.234 - - [27/Aug/2023:10:51:42 +0800] "GET /xingrg/all/function/internal_message.html?_=1693104642918&CODE_STATE=getMsg HTTP/1.1" 302 -
180.163.29.234 - - [27/Aug/2023:10:51:42 +0800] "GET /xingrg/login.html HTTP/1.1" 200 7641
180.169.147.146 - - [27/Aug/2023:10:51:42 +0800] "GET /xingrg/all/function/internal_message.html?_=1693104702908&CODE_STATE=getMsg HTTP/1.1" 200 27
101.83.145.37 - - [27/Aug/2023:10:51:49 +0800] "POST /xingrg/kc/buy/cgsh_order_operate.html HTTP/1.1" 200 37
58.40.7.146 - - [27/Aug/2023:10:51:50 +0800] "GET /xingrg/all/function/internal_message.html?_=1693104710134&CODE_STATE=getMsg HTTP/1.1" 200 27
222.70.180.200 - - [27/Aug/2023:10:51:50 +0800] "GET /xingrg/javascript/auto/indicator.gif HTTP/1.1" 404 1066
101.83.145.37 - - [27/Aug/2023:10:51:53 +0800] "POST /xingrg/kc/buy/cgsh_order_operate.html HTTP/1.1" 200 3281
180.165.48.189 - - [27/Aug/2023:10:51:55 +0800] "GET /xingrg/all/function/internal_message.html?_=1693104714634&CODE_STATE=getMsg HTTP/1.1" 200 27
116.235.94.33 - - [27/Aug/2023:10:51:56 +0800] "GET /xingrg/all/function/internal_message.html?_=1693105009162&CODE_STATE=getMsg HTTP/1.1" 200 27
116.235.94.33 - - [27/Aug/2023:10:51:56 +0800] "GET /xingrg/check_reg.html?_=1693105009161 HTTP/1.1" 200 22
222.70.180.200 - - [27/Aug/2023:10:52:02 +0800] "GET /xingrg/kc/buy/cgsh_order_operate.html?command=get_materiel&rest_code=00111&code=00101008036&supplier_code=00100005&order_time=2023-08-27 HTTP/1.1" 200 410
124.78.155.92 - - [27/Aug/2023:10:52:03 +0800] "GET /xingrg/all/function/internal_message.html?_=1693104724024&CODE_STATE=getMsg HTTP/1.1" 200 27
124.78.155.92 - - [27/Aug/2023:10:52:03 +0800] "GET /xingrg/check_reg.html?_=1693104724026 HTTP/1.1" 200 22
114.95.241.104 - - [27/Aug/2023:10:52:06 +0800] "GET /xingrg/all/function/internal_message.html?_=1693104627963&CODE_STATE=getMsg HTTP/1.1" 200 27
180.157.252.226 - - [27/Aug/2023:10:52:06 +0800] "GET /xingrg/all/function/internal_message.html?_=1693104726323&CODE_STATE=getMsg HTTP/1.1" 200 27
180.169.147.146 - - [27/Aug/2023:10:52:12 +0800] "GET /xingrg/all/function/internal_message.html?_=1693104836327&CODE_STATE=getMsg HTTP/1.1" 302 -
116.232.195.127 - - [27/Aug/2023:10:52:14 +0800] "GET /xingrg/all/function/internal_message.html?_=1693104646492&CODE_STATE=getMsg HTTP/1.1" 200 27
101.83.145.37 - - [27/Aug/2023:10:52:15 +0800] "GET /xingrg/check_reg.html?_=1693104736234 HTTP/1.1" 200 22
120.253.135.82 - - [27/Aug/2023:10:52:17 +0800] "GET /xingrg/all/function/internal_message.html?_=1693104547519&CODE_STATE=getMsg HTTP/1.1" 200 27
180.152.241.196 - - [27/Aug/2023:10:52:19 +0800] "GET /xingrg/login.html HTTP/1.1" 200 7641
180.152.241.196 - - [27/Aug/2023:10:52:19 +0800] "GET /favicon.ico HTTP/1.1" 404 -
101.83.145.37 - - [27/Aug/2023:10:52:20 +0800] "GET /xingrg/all/function/internal_message.html?_=1693104741717&CODE_STATE=getMsg HTTP/1.1" 200 27
222.67.237.86 - - [27/Aug/2023:10:52:21 +0800] "GET /xingrg/all/function/internal_message.html?_=1693104187013&CODE_STATE=getMsg HTTP/1.1" 200 27
180.152.241.196 - - [27/Aug/2023:10:52:24 +0800] "POST /xingrg/login.do HTTP/1.1" 200 2421
180.152.241.196 - - [27/Aug/2023:10:52:25 +0800] "GET /favicon.ico HTTP/1.1" 404 -
101.228.187.155 - - [27/Aug/2023:10:52:26 +0800] "GET /xingrg/check_reg.html?_=1693104746721 HTTP/1.1" 200 22
101.228.187.155 - - [27/Aug/2023:10:52:26 +0800] "GET /xingrg/all/function/internal_message.html?_=1693104746723&CODE_STATE=getMsg HTTP/1.1" 200 27
222.70.180.200 - - [27/Aug/2023:10:52:26 +0800] "POST /xingrg/kc/buy/cgsh_order_operate.html HTTP/1.1" 200 37
221.239.167.251 - - [27/Aug/2023:10:52:27 +0800] "GET /xingrg/all/function/internal_message.html?_=1693104747181&CODE_STATE=getMsg HTTP/1.1" 200 27
114.95.241.104 - - [27/Aug/2023:10:52:29 +0800] "GET /xingrg/all/function/internal_message.html?_=1693104749528&CODE_STATE=getMsg HTTP/1.1" 200 27
222.70.180.200 - - [27/Aug/2023:10:52:29 +0800] "POST /xingrg/kc/buy/cgsh_order_operate.html HTTP/1.1" 200 26307
116.232.195.127 - - [27/Aug/2023:10:52:30 +0800] "GET /xingrg/check_reg.html?_=1693104662455 HTTP/1.1" 200 22
222.70.180.200 - - [27/Aug/2023:10:52:32 +0800] "GET /xingrg/login.html HTTP/1.1" 200 7641
222.70.180.200 - - [27/Aug/2023:10:52:33 +0800] "GET /favicon.ico HTTP/1.1" 404 -
114.83.223.42 - - [27/Aug/2023:10:52:33 +0800] "GET /xingrg/all/function/internal_message.html?_=1693104753840&CODE_STATE=getMsg HTTP/1.1" 200 27
180.152.241.196 - - [27/Aug/2023:10:52:34 +0800] "GET /xingrg/login.html HTTP/1.1" 200 7641
180.152.241.196 - - [27/Aug/2023:10:52:34 +0800] "GET /favicon.ico HTTP/1.1" 404 -
114.83.223.42 - - [27/Aug/2023:10:52:35 +0800] "GET /xingrg/check_reg.html?_=1693104755768 HTTP/1.1" 200 22
114.83.217.3 - - [27/Aug/2023:10:52:37 +0800] "GET /xingrg/all/function/internal_message.html?_=1693104897090&CODE_STATE=getMsg HTTP/1.1" 200 27
114.83.217.3 - - [27/Aug/2023:10:52:37 +0800] "GET /xingrg/check_reg.html?_=1693104897883 HTTP/1.1" 200 22
180.152.241.196 - - [27/Aug/2023:10:52:41 +0800] "POST /xingrg/login.do HTTP/1.1" 302 -
180.152.241.196 - - [27/Aug/2023:10:52:41 +0800] "GET /xingrg/index.html?sysBaseUrl=http%3A%2F%2F180.169.147.146%3A18081%2Fxingrg%2F&costTime=872×tamp=1693104761789 HTTP/1.1" 200 17173
180.152.241.196 - - [27/Aug/2023:10:52:41 +0800] "GET /xingrg/javascript/jquery_easy_ui/themes/default/easyui.css HTTP/1.1" 200 26500
180.152.241.196 - - [27/Aug/2023:10:52:41 +0800] "GET /xingrg/javascript/jquery_easy_ui/themes/icon.css HTTP/1.1" 200 3949
180.152.241.196 - - [27/Aug/2023:10:52:41 +0800] "GET /xingrg/javascript/jquery.timers.js HTTP/1.1" 200 3532
180.152.241.196 - - [27/Aug/2023:10:52:41 +0800] "GET /xingrg/css/form.css HTTP/1.1" 200 893
180.152.241.196 - - [27/Aug/2023:10:52:41 +0800] "GET /xingrg/javascript/jquery-1.4.2.min.js HTTP/1.1" 200 72205
180.152.241.196 - - [27/Aug/2023:10:52:41 +0800] "GET /xingrg/javascript/jquery_easy_ui/easyui-lang-zh_CN.js HTTP/1.1" 200 1900
180.152.241.196 - - [27/Aug/2023:10:52:41 +0800] "GET /xingrg/javascript/jquery.form.js HTTP/1.1" 200 23110
180.152.241.196 - - [27/Aug/2023:10:52:41 +0800] "GET /xingrg/javascript/jquery_easy_ui/jquery.easyui.min.js HTTP/1.1" 200 213662
180.152.241.196 - - [27/Aug/2023:10:52:42 +0800] "GET /favicon.ico HTTP/1.1" 404 -
180.152.241.196 - - [27/Aug/2023:10:52:42 +0800] "GET /xingrg/javascript/jquery_easy_ui/themes/icons/settle_new.png HTTP/1.1" 200 826
180.152.241.196 - - [27/Aug/2023:10:52:42 +0800] "GET /xingrg/images/blue/navBackgound.jpg HTTP/1.1" 200 12378
180.152.241.196 - - [27/Aug/2023:10:52:42 +0800] "GET /xingrg/images/blue/pingpu.png HTTP/1.1" 200 231
180.152.241.196 - - [27/Aug/2023:10:52:42 +0800] "GET /xingrg/javascript/jquery_easy_ui/themes/default/images/tabs_leftarrow.png HTTP/1.1" 200 389
180.152.241.196 - - [27/Aug/2023:10:52:42 +0800] "GET /xingrg/check_reg.html?_=1693104762121 HTTP/1.1" 200 22
180.152.241.196 - - [27/Aug/2023:10:52:42 +0800] "GET /xingrg/all/function/internal_message.html?_=1693104762120&CODE_STATE=count HTTP/1.1" 200 11
180.152.241.196 - - [27/Aug/2023:10:52:42 +0800] "GET /xingrg/javascript/jquery_easy_ui/themes/default/images/tabs_rightarrow.png HTTP/1.1" 200 395
180.152.241.196 - - [27/Aug/2023:10:52:42 +0800] "GET /xingrg/javascript/jquery_easy_ui/themes/default/images/panel_tool_collapse.gif HTTP/1.1" 200 246
180.152.241.196 - - [27/Aug/2023:10:52:42 +0800] "POST /xingrg/all/common/load_tree.html?tree=area_rest_tree_json&manage=1 HTTP/1.1" 200 342
180.152.241.196 - - [27/Aug/2023:10:52:42 +0800] "POST /xingrg/load_menu.html HTTP/1.1" 200 5138
180.152.241.196 - - [27/Aug/2023:10:52:42 +0800] "GET /xingrg/javascript/jquery_easy_ui/themes/icons/search_new.png HTTP/1.1" 200 586
180.152.241.196 - - [27/Aug/2023:10:52:42 +0800] "GET /xingrg/javascript/jquery_easy_ui/themes/default/images/tree_folder_open.gif HTTP/1.1" 200 956
180.152.241.196 - - [27/Aug/2023:10:52:42 +0800] "GET /xingrg/javascript/jquery_easy_ui/themes/default/images/tree_arrows.gif HTTP/1.1" 200 1043
180.152.241.196 - - [27/Aug/2023:10:52:42 +0800] "GET /xingrg/javascript/jquery_easy_ui/themes/default/images/tree_folder.gif HTTP/1.1" 200 952
180.152.241.196 - - [27/Aug/2023:10:52:42 +0800] "GET /xingrg/javascript/jquery_easy_ui/themes/icons/forms_new.png HTTP/1.1" 200 350
180.152.241.196 - - [27/Aug/2023:10:52:42 +0800] "GET /xingrg/javascript/jquery_easy_ui/themes/icons/storage_new.png HTTP/1.1" 200 853
180.152.241.196 - - [27/Aug/2023:10:52:42 +0800] "GET /xingrg/javascript/jquery_easy_ui/themes/default/images/tree_file.gif HTTP/1.1" 200 118
180.163.29.103 - - [27/Aug/2023:10:52:42 +0800] "GET /xingrg/all/function/internal_message.html?_=1693104702908&CODE_STATE=getMsg HTTP/1.1" 302 -
180.163.29.103 - - [27/Aug/2023:10:52:42 +0800] "GET /xingrg/login.html HTTP/1.1" 200 7641
180.169.147.146 - - [27/Aug/2023:10:52:42 +0800] "GET /xingrg/all/function/internal_message.html?_=1693104762922&CODE_STATE=getMsg HTTP/1.1" 200 27
180.169.147.146 - - [27/Aug/2023:10:52:42 +0800] "GET /xingrg/check_reg.html?_=1693104762926 HTTP/1.1" 200 22
180.152.241.196 - - [27/Aug/2023:10:52:46 +0800] "GET /xingrg/javascript/jquery_easy_ui/themes/default/images/tabs_close.gif HTTP/1.1" 200 829
180.152.241.196 - - [27/Aug/2023:10:52:47 +0800] "GET /xingrg/kc/buy/cgsh_order_list.html HTTP/1.1" 200 56234
180.152.241.196 - - [27/Aug/2023:10:52:47 +0800] "GET /xingrg/javascript/jquery_tools/list_manager.js HTTP/1.1" 200 3652
180.152.241.196 - - [27/Aug/2023:10:52:47 +0800] "GET /xingrg/javascript/easyui/themes/icons/cance_new.png HTTP/1.1" 200 3986
180.152.241.196 - - [27/Aug/2023:10:52:47 +0800] "GET /xingrg/javascript/easyui/themes/icons/edit_add_new.png HTTP/1.1" 200 2997
180.152.241.196 - - [27/Aug/2023:10:52:47 +0800] "GET /xingrg/javascript/easyui/themes/icons/check_new.png HTTP/1.1" 200 3224
180.152.241.196 - - [27/Aug/2023:10:52:47 +0800] "GET /xingrg/javascript/easyui/themes/icons/field_new.png HTTP/1.1" 200 1097
180.152.241.196 - - [27/Aug/2023:10:52:47 +0800] "GET /xingrg/javascript/easyui/themes/icons/import_new.png HTTP/1.1" 200 1247
180.152.241.196 - - [27/Aug/2023:10:52:47 +0800] "GET /xingrg/images/control/ajaxLoader.gif HTTP/1.1" 200 4659
101.83.145.37 - - [27/Aug/2023:10:52:49 +0800] "POST /xingrg/kc/buy/cgsh_order_operate.html HTTP/1.1" 200 37
180.152.241.196 - - [27/Aug/2023:10:52:49 +0800] "POST /xingrg/kc/buy/cgsh_list_operate.html HTTP/1.1" 200 986
58.40.7.146 - - [27/Aug/2023:10:52:50 +0800] "GET /xingrg/all/function/internal_message.html?_=1693104770136&CODE_STATE=getMsg HTTP/1.1" 200 27
221.239.167.251 - - [27/Aug/2023:10:52:51 +0800] "GET /xingrg/check_reg.html?_=1693104771240 HTTP/1.1" 200 22
101.83.145.37 - - [27/Aug/2023:10:52:51 +0800] "POST /xingrg/kc/buy/cgsh_order_operate.html HTTP/1.1" 200 3281
180.165.48.189 - - [27/Aug/2023:10:52:55 +0800] "GET /xingrg/all/function/internal_message.html?_=1693104774625&CODE_STATE=getMsg HTTP/1.1" 200 27
116.235.94.33 - - [27/Aug/2023:10:52:56 +0800] "GET /xingrg/all/function/internal_message.html?_=1693105069160&CODE_STATE=getMsg HTTP/1.1" 200 27
101.83.145.37 - - [27/Aug/2023:10:52:56 +0800] "GET /xingrg/kc/print/load_data.html?order_code=212023082710968&kc_code=cgsh&condition= HTTP/1.1" 200 928
180.152.241.196 - - [27/Aug/2023:10:53:00 +0800] "POST /xingrg/kc/buy/cgsh_list_operate.html HTTP/1.1" 200 6435
124.78.155.92 - - [27/Aug/2023:10:53:03 +0800] "GET /xingrg/all/function/internal_message.html?_=1693104784026&CODE_STATE=getMsg HTTP/1.1" 200 27
101.83.145.37 - - [27/Aug/2023:10:53:04 +0800] "GET /xingrg/kc/buy/cgsh_order_add.html HTTP/1.1" 200 72098
101.83.145.37 - - [27/Aug/2023:10:53:05 +0800] "GET /xingrg/javascript/easyui/themes/default/validatebox.css HTTP/1.1" 404 1104
101.83.145.37 - - [27/Aug/2023:10:53:05 +0800] "POST /xingrg/kc/buy/cgsh_order_operate.html HTTP/1.1" 200 8245
114.95.241.104 - - [27/Aug/2023:10:53:06 +0800] "GET /xingrg/all/function/internal_message.html?_=1693104687976&CODE_STATE=getMsg HTTP/1.1" 200 27
222.70.173.75 - - [27/Aug/2023:10:53:06 +0800] "GET /xingrg/login.html HTTP/1.1" 200 7641
180.157.252.226 - - [27/Aug/2023:10:53:06 +0800] "GET /xingrg/all/function/internal_message.html?_=1693104786322&CODE_STATE=getMsg HTTP/1.1" 200 27
180.157.252.226 - - [27/Aug/2023:10:53:06 +0800] "GET /xingrg/check_reg.html?_=1693104786325 HTTP/1.1" 200 22
222.70.173.75 - - [27/Aug/2023:10:53:06 +0800] "GET /xingrg/images/blue/jxLogo.png HTTP/1.1" 304 -
222.70.173.75 - - [27/Aug/2023:10:53:06 +0800] "GET /xingrg/images/blue/login_bg.png HTTP/1.1" 304 -
222.70.173.75 - - [27/Aug/2023:10:53:06 +0800] "GET /xingrg/images/blue/hj.png HTTP/1.1" 304 -
222.70.173.75 - - [27/Aug/2023:10:53:06 +0800] "GET /xingrg/images/blue/srbg.png HTTP/1.1" 304 -
222.70.173.75 - - [27/Aug/2023:10:53:06 +0800] "GET /favicon.ico HTTP/1.1" 404 -
180.152.241.196 - - [27/Aug/2023:10:53:06 +0800] "POST /xingrg/kc/buy/cgsh_list_operate.html HTTP/1.1" 200 595
180.152.241.196 - - [27/Aug/2023:10:53:09 +0800] "POST /xingrg/kc/buy/cgsh_list_operate.html HTTP/1.1" 200 360
222.70.173.75 - - [27/Aug/2023:10:53:09 +0800] "POST /xingrg/login.do HTTP/1.1" 302 -
222.70.173.75 - - [27/Aug/2023:10:53:10 +0800] "GET /xingrg/index.html?sysBaseUrl=http%3A%2F%2F180.169.147.146%3A18081%2Fxingrg%2F&costTime=913×tamp=1693104789947 HTTP/1.1" 200 17179
222.70.173.75 - - [27/Aug/2023:10:53:10 +0800] "GET /xingrg/javascript/jquery_easy_ui/themes/default/easyui.css HTTP/1.1" 304 -
222.70.173.75 - - [27/Aug/2023:10:53:10 +0800] "GET /xingrg/javascript/jquery_easy_ui/themes/icon.css HTTP/1.1" 304 -
222.70.173.75 - - [27/Aug/2023:10:53:10 +0800] "GET /xingrg/javascript/jquery_easy_ui/easyui-lang-zh_CN.js HTTP/1.1" 304 -
222.70.173.75 - - [27/Aug/2023:10:53:10 +0800] "GET /xingrg/css/form.css HTTP/1.1" 304 -
222.70.173.75 - - [27/Aug/2023:10:53:10 +0800] "GET /xingrg/javascript/jquery.form.js HTTP/1.1" 304 -
222.70.173.75 - - [27/Aug/2023:10:53:10 +0800] "GET /xingrg/javascript/jquery-1.4.2.min.js HTTP/1.1" 304 -
222.70.173.75 - - [27/Aug/2023:10:53:10 +0800] "GET /xingrg/javascript/jquery_easy_ui/jquery.easyui.min.js HTTP/1.1" 304 -
222.70.173.75 - - [27/Aug/2023:10:53:10 +0800] "GET /xingrg/javascript/jquery.utils.js HTTP/1.1" 304 -
222.70.173.75 - - [27/Aug/2023:10:53:10 +0800] "GET /xingrg/javascript/jquery.timers.js HTTP/1.1" 304 -
222.70.173.75 - - [27/Aug/2023:10:53:10 +0800] "GET /favicon.ico HTTP/1.1" 404 -
222.70.173.75 - - [27/Aug/2023:10:53:10 +0800] "GET /xingrg/images/blue/navBackgound.jpg HTTP/1.1" 304 -
222.70.173.75 - - [27/Aug/2023:10:53:10 +0800] "GET /xingrg/javascript/jquery_easy_ui/themes/icons/settle_new.png HTTP/1.1" 304 -
222.70.173.75 - - [27/Aug/2023:10:53:10 +0800] "GET /xingrg/images/blue/pingpu.png HTTP/1.1" 304 -
222.70.173.75 - - [27/Aug/2023:10:53:10 +0800] "GET /xingrg/javascript/jquery_easy_ui/themes/default/images/tabs_leftarrow.png HTTP/1.1" 304 -
222.70.173.75 - - [27/Aug/2023:10:53:10 +0800] "GET /xingrg/javascript/jquery_easy_ui/themes/default/images/tabs_rightarrow.png HTTP/1.1" 304 -
222.70.173.75 - - [27/Aug/2023:10:53:10 +0800] "GET /xingrg/javascript/jquery_easy_ui/themes/default/images/panel_tool_collapse.gif HTTP/1.1" 304 -
222.70.173.75 - - [27/Aug/2023:10:53:10 +0800] "GET /xingrg/all/function/internal_message.html?_=1693104790331&CODE_STATE=count HTTP/1.1" 200 11
222.70.173.75 - - [27/Aug/2023:10:53:10 +0800] "GET /xingrg/check_reg.html?_=1693104790332 HTTP/1.1" 200 22
222.70.173.75 - - [27/Aug/2023:10:53:10 +0800] "POST /xingrg/all/common/load_tree.html?tree=area_rest_tree_json&manage=1 HTTP/1.1" 200 479
222.70.173.75 - - [27/Aug/2023:10:53:10 +0800] "GET /xingrg/javascript/jquery_easy_ui/themes/default/images/tree_arrows.gif HTTP/1.1" 304 -
222.70.173.75 - - [27/Aug/2023:10:53:10 +0800] "POST /xingrg/load_menu.html HTTP/1.1" 200 5138
222.70.173.75 - - [27/Aug/2023:10:53:10 +0800] "GET /xingrg/javascript/jquery_easy_ui/themes/icons/search_new.png HTTP/1.1" 304 -
222.70.173.75 - - [27/Aug/2023:10:53:10 +0800] "GET /xingrg/javascript/jquery_easy_ui/themes/default/images/tree_folder_open.gif HTTP/1.1" 304 -
222.70.173.75 - - [27/Aug/2023:10:53:10 +0800] "GET /xingrg/javascript/jquery_easy_ui/themes/default/images/tree_folder.gif HTTP/1.1" 304 -
222.70.173.75 - - [27/Aug/2023:10:53:10 +0800] "GET /xingrg/javascript/jquery_easy_ui/themes/icons/storage_new.png HTTP/1.1" 304 -
222.70.173.75 - - [27/Aug/2023:10:53:10 +0800] "GET /xingrg/javascript/jquery_easy_ui/themes/icons/forms_new.png HTTP/1.1" 304 -
222.70.173.75 - - [27/Aug/2023:10:53:10 +0800] "GET /xingrg/javascript/jquery_easy_ui/themes/default/images/tree_file.gif HTTP/1.1" 304 -
180.152.241.196 - - [27/Aug/2023:10:53:12 +0800] "GET /xingrg/kc/buy/cgsh_order_info.html?code=212023082710963 HTTP/1.1" 200 66956
180.152.241.196 - - [27/Aug/2023:10:53:12 +0800] "GET /xingrg/javascript/easyui/themes/icons/copy_new.png HTTP/1.1" 200 815
180.152.241.196 - - [27/Aug/2023:10:53:12 +0800] "GET /xingrg/javascript/easyui/themes/icons/print.png HTTP/1.1" 200 1057
180.152.241.196 - - [27/Aug/2023:10:53:12 +0800] "GET /xingrg/javascript/easyui/themes/icons/cancel.png HTTP/1.1" 200 1133
180.152.241.196 - - [27/Aug/2023:10:53:12 +0800] "GET /xingrg/javascript/easyui/themes/default/images/menu_downarrow.png HTTP/1.1" 200 173
180.152.241.196 - - [27/Aug/2023:10:53:12 +0800] "GET /xingrg/javascript/easyui/themes/default/validatebox.css HTTP/1.1" 404 1104
180.169.147.146 - - [27/Aug/2023:10:53:12 +0800] "GET /xingrg/all/function/internal_message.html?_=1693104896298&CODE_STATE=getMsg HTTP/1.1" 302 -
180.152.241.196 - - [27/Aug/2023:10:53:14 +0800] "POST /xingrg/kc/buy/cgsh_order_operate.html HTTP/1.1" 200 1812
180.152.241.196 - - [27/Aug/2023:10:53:14 +0800] "GET /xingrg/javascript/easyui/themes/icons/edit_remove.png HTTP/1.1" 200 625
116.232.195.127 - - [27/Aug/2023:10:53:14 +0800] "GET /xingrg/all/function/internal_message.html?_=1693104706488&CODE_STATE=getMsg HTTP/1.1" 200 27
101.83.145.37 - - [27/Aug/2023:10:53:15 +0800] "GET /xingrg/kc/buy/cgsh_order_operate.html?command=get_materiel&rest_code=00105&code=00101018011&supplier_code=00100330&order_time=2023-08-27 HTTP/1.1" 200 413
120.253.135.82 - - [27/Aug/2023:10:53:17 +0800] "GET /xingrg/all/function/internal_message.html?_=1693104607533&CODE_STATE=getMsg HTTP/1.1" 200 27
101.83.145.37 - - [27/Aug/2023:10:53:20 +0800] "GET /xingrg/all/function/internal_message.html?_=1693104801698&CODE_STATE=getMsg HTTP/1.1" 200 27
222.67.237.86 - - [27/Aug/2023:10:53:21 +0800] "GET /xingrg/all/function/internal_message.html?_=1693104247016&CODE_STATE=getMsg HTTP/1.1" 200 27
101.228.187.155 - - [27/Aug/2023:10:53:26 +0800] "GET /xingrg/all/function/internal_message.html?_=1693104806722&CODE_STATE=getMsg HTTP/1.1" 200 27
101.83.145.37 - - [27/Aug/2023:10:53:26 +0800] "GET /xingrg/kc/buy/cgsh_order_operate.html?command=get_materiel&rest_code=00105&code=00101006199&supplier_code=00100330&order_time=2023-08-27 HTTP/1.1" 200 414
221.239.167.251 - - [27/Aug/2023:10:53:27 +0800] "GET /xingrg/all/function/internal_message.html?_=1693104807169&CODE_STATE=getMsg HTTP/1.1" 200 27
114.95.241.104 - - [27/Aug/2023:10:53:29 +0800] "GET /xingrg/all/function/internal_message.html?_=1693104809500&CODE_STATE=getMsg HTTP/1.1" 200 27
114.83.223.42 - - [27/Aug/2023:10:53:33 +0800] "GET /xingrg/all/function/internal_message.html?_=1693104813824&CODE_STATE=getMsg HTTP/1.1" 200 27
114.83.217.3 - - [27/Aug/2023:10:53:37 +0800] "GET /xingrg/all/function/internal_message.html?_=1693104957077&CODE_STATE=getMsg HTTP/1.1" 200 27
101.83.145.37 - - [27/Aug/2023:10:53:41 +0800] "GET /xingrg/kc/buy/cgsh_order_operate.html?command=get_materiel&rest_code=00105&code=00101018019&supplier_code=00100330&order_time=2023-08-27 HTTP/1.1" 200 421
180.152.241.196 - - [27/Aug/2023:10:53:42 +0800] "GET /xingrg/all/function/internal_message.html?_=1693104822146&CODE_STATE=getMsg HTTP/1.1" 200 27
180.152.241.196 - - [27/Aug/2023:10:53:42 +0800] "GET /xingrg/javascript/easyui/themes/default/images/button_plain_hover.png HTTP/1.1" 200 144
180.169.147.146 - - [27/Aug/2023:10:53:42 +0800] "GET /xingrg/all/function/internal_message.html?_=1693104822931&CODE_STATE=getMsg HTTP/1.1" 200 27
180.163.29.212 - - [27/Aug/2023:10:53:43 +0800] "GET /xingrg/check_reg.html?_=1693104762926 HTTP/1.1" 302 -
180.163.29.219 - - [27/Aug/2023:10:53:43 +0800] "GET /xingrg/all/function/internal_message.html?_=1693104762922&CODE_STATE=getMsg HTTP/1.1" 302 -
180.163.29.212 - - [27/Aug/2023:10:53:43 +0800] "GET /xingrg/login.html HTTP/1.1" 200 7641
180.163.29.219 - - [27/Aug/2023:10:53:43 +0800] "GET /xingrg/login.html HTTP/1.1" 200 7641
180.152.241.196 - - [27/Aug/2023:10:53:43 +0800] "GET /xingrg/kc/buy/cgsh_order_add.html HTTP/1.1" 200 72051
180.152.241.196 - - [27/Aug/2023:10:53:43 +0800] "GET /xingrg/javascript/easyui/themes/icons/ok.png HTTP/1.1" 200 883
180.152.241.196 - - [27/Aug/2023:10:53:43 +0800] "GET /xingrg/javascript/easyui/themes/icons/template_new.png HTTP/1.1" 200 3956
180.152.241.196 - - [27/Aug/2023:10:53:44 +0800] "POST /xingrg/kc/buy/cgsh_order_operate.html HTTP/1.1" 200 8245
180.152.241.196 - - [27/Aug/2023:10:53:44 +0800] "GET /xingrg/javascript/easyui/themes/default/validatebox.css HTTP/1.1" 404 1104
180.152.241.196 - - [27/Aug/2023:10:53:44 +0800] "GET /xingrg/all/common/auto_word.html?type=employee&rest_code=00102 HTTP/1.1" 200 189
180.152.241.196 - - [27/Aug/2023:10:53:44 +0800] "GET /xingrg/all/common/auto_word.html?type=employee&rest_code=00102 HTTP/1.1" 200 189
180.152.241.196 - - [27/Aug/2023:10:53:46 +0800] "GET /xingrg/javascript/easyui/themes/default/tree.css HTTP/1.1" 404 1090
180.152.241.196 - - [27/Aug/2023:10:53:46 +0800] "POST /xingrg/all/common/load_tree.html?tree=supplier_tree_json&isDelete=1 HTTP/1.1" 200 75131
58.40.7.146 - - [27/Aug/2023:10:53:50 +0800] "GET /xingrg/all/function/internal_message.html?_=1693104830142&CODE_STATE=getMsg HTTP/1.1" 200 27
58.40.7.146 - - [27/Aug/2023:10:53:50 +0800] "GET /xingrg/check_reg.html?_=1693104830145 HTTP/1.1" 200 22
180.165.48.189 - - [27/Aug/2023:10:53:55 +0800] "GET /xingrg/all/function/internal_message.html?_=1693104834630&CODE_STATE=getMsg HTTP/1.1" 200 27
180.165.48.189 - - [27/Aug/2023:10:53:55 +0800] "GET /xingrg/check_reg.html?_=1693104834633 HTTP/1.1" 200 22
101.83.145.37 - - [27/Aug/2023:10:53:55 +0800] "POST /xingrg/kc/buy/cgsh_order_operate.html HTTP/1.1" 200 37
116.235.94.33 - - [27/Aug/2023:10:53:56 +0800] "GET /xingrg/all/function/internal_message.html?_=1693105129159&CODE_STATE=getMsg HTTP/1.1" 200 27
101.83.145.37 - - [27/Aug/2023:10:53:57 +0800] "POST /xingrg/kc/buy/cgsh_order_operate.html HTTP/1.1" 200 3849
101.83.145.37 - - [27/Aug/2023:10:54:00 +0800] "GET /xingrg/kc/print/load_data.html?order_code=212023082710969&kc_code=cgsh&condition= HTTP/1.1" 200 1135
180.152.241.196 - - [27/Aug/2023:10:54:02 +0800] "GET /xingrg/login.html HTTP/1.1" 200 7641
180.152.241.196 - - [27/Aug/2023:10:54:02 +0800] "GET /favicon.ico HTTP/1.1" 404 -
124.78.155.92 - - [27/Aug/2023:10:54:03 +0800] "GET /xingrg/all/function/internal_message.html?_=1693104844026&CODE_STATE=getMsg HTTP/1.1" 200 27
101.83.145.37 - - [27/Aug/2023:10:54:03 +0800] "GET /xingrg/kc/buy/cgsh_order_add.html HTTP/1.1" 200 72098
101.83.145.37 - - [27/Aug/2023:10:54:03 +0800] "GET /xingrg/javascript/easyui/themes/default/validatebox.css HTTP/1.1" 404 1104
101.83.145.37 - - [27/Aug/2023:10:54:03 +0800] "POST /xingrg/kc/buy/cgsh_order_operate.html HTTP/1.1" 200 8245
180.152.241.196 - - [27/Aug/2023:10:54:04 +0800] "POST /xingrg/login.do HTTP/1.1" 302 -
180.152.241.196 - - [27/Aug/2023:10:54:04 +0800] "GET /xingrg/index.html?sysBaseUrl=http%3A%2F%2F180.169.147.146%3A18081%2Fxingrg%2F&costTime=876×tamp=1693104844630 HTTP/1.1" 200 17173
180.152.241.196 - - [27/Aug/2023:10:54:05 +0800] "GET /favicon.ico HTTP/1.1" 404 -
180.152.241.196 - - [27/Aug/2023:10:54:05 +0800] "GET /xingrg/all/function/internal_message.html?_=1693104847520&CODE_STATE=count HTTP/1.1" 200 11
180.152.241.196 - - [27/Aug/2023:10:54:05 +0800] "GET /xingrg/check_reg.html?_=1693104847522 HTTP/1.1" 200 22
180.152.241.196 - - [27/Aug/2023:10:54:05 +0800] "POST /xingrg/all/common/load_tree.html?tree=area_rest_tree_json&manage=1 HTTP/1.1" 200 342
180.152.241.196 - - [27/Aug/2023:10:54:05 +0800] "POST /xingrg/load_menu.html HTTP/1.1" 200 5138
114.95.241.104 - - [27/Aug/2023:10:54:06 +0800] "GET /xingrg/all/function/internal_message.html?_=1693104748057&CODE_STATE=getMsg HTTP/1.1" 200 27
180.157.252.226 - - [27/Aug/2023:10:54:06 +0800] "GET /xingrg/all/function/internal_message.html?_=1693104846328&CODE_STATE=getMsg HTTP/1.1" 200 27
180.152.241.196 - - [27/Aug/2023:10:54:07 +0800] "GET /xingrg/kc/buy/cgsh_order_list.html HTTP/1.1" 200 56234
222.70.173.75 - - [27/Aug/2023:10:54:10 +0800] "GET /xingrg/all/function/internal_message.html?_=1693104850348&CODE_STATE=getMsg HTTP/1.1" 200 27
180.152.241.196 - - [27/Aug/2023:10:54:11 +0800] "POST /xingrg/kc/buy/cgsh_list_operate.html HTTP/1.1" 200 986
180.152.241.196 - - [27/Aug/2023:10:54:12 +0800] "GET /xingrg/kc/buy/cgsh_order_add.html HTTP/1.1" 200 72057
180.169.147.146 - - [27/Aug/2023:10:54:12 +0800] "GET /xingrg/all/function/internal_message.html?_=1693104956280&CODE_STATE=getMsg HTTP/1.1" 302 -
180.152.241.196 - - [27/Aug/2023:10:54:13 +0800] "GET /xingrg/javascript/easyui/themes/default/validatebox.css HTTP/1.1" 404 1104
180.152.241.196 - - [27/Aug/2023:10:54:13 +0800] "GET /xingrg/all/common/auto_word.html?type=employee&rest_code=00102 HTTP/1.1" 200 189
180.152.241.196 - - [27/Aug/2023:10:54:13 +0800] "GET /xingrg/all/common/auto_word.html?type=employee&rest_code=00102 HTTP/1.1" 200 189
180.152.241.196 - - [27/Aug/2023:10:54:13 +0800] "POST /xingrg/kc/buy/cgsh_order_operate.html HTTP/1.1" 200 8245
116.232.195.127 - - [27/Aug/2023:10:54:14 +0800] "GET /xingrg/all/function/internal_message.html?_=1693104766480&CODE_STATE=getMsg HTTP/1.1" 200 27
180.152.241.196 - - [27/Aug/2023:10:54:14 +0800] "GET /xingrg/javascript/auto/indicator.gif HTTP/1.1" 404 1066
180.152.241.196 - - [27/Aug/2023:10:54:15 +0800] "GET /xingrg/javascript/auto/indicator.gif HTTP/1.1" 404 1066
120.253.135.82 - - [27/Aug/2023:10:54:17 +0800] "GET /xingrg/all/function/internal_message.html?_=1693104667548&CODE_STATE=getMsg HTTP/1.1" 200 27
180.152.241.196 - - [27/Aug/2023:10:54:19 +0800] "GET /xingrg/kc/buy/cgsh_order_operate.html?command=get_materiel&rest_code=00102&code=00101008353&supplier_code=&order_time=2023-08-27 HTTP/1.1" 200 408
180.152.241.196 - - [27/Aug/2023:10:54:20 +0800] "GET /xingrg/kc/buy/cgsh_order_operate.html?command=get_materiel&rest_code=00102&code=00101010161&supplier_code=00100400&order_time=2023-08-27 HTTP/1.1" 200 411
101.83.145.37 - - [27/Aug/2023:10:54:20 +0800] "GET /xingrg/all/function/internal_message.html?_=1693104861678&CODE_STATE=getMsg HTTP/1.1" 200 27
222.67.237.86 - - [27/Aug/2023:10:54:21 +0800] "GET /xingrg/all/function/internal_message.html?_=1693104307016&CODE_STATE=getMsg HTTP/1.1" 200 27
101.83.145.37 - - [27/Aug/2023:10:54:22 +0800] "GET /xingrg/kc/buy/cgsh_order_operate.html?command=get_materiel&rest_code=00105&code=00101006193&supplier_code=00100012&order_time=2023-08-27 HTTP/1.1" 200 409
101.228.187.155 - - [27/Aug/2023:10:54:26 +0800] "GET /xingrg/all/function/internal_message.html?_=1693104866748&CODE_STATE=getMsg HTTP/1.1" 200 27
221.239.167.251 - - [27/Aug/2023:10:54:27 +0800] "GET /xingrg/all/function/internal_message.html?_=1693104867155&CODE_STATE=getMsg HTTP/1.1" 200 27
114.95.241.104 - - [27/Aug/2023:10:54:29 +0800] "GET /xingrg/all/function/internal_message.html?_=1693104869491&CODE_STATE=getMsg HTTP/1.1" 200 27
180.169.147.146 - - [27/Aug/2023:10:54:33 +0800] "GET /xingrg/check_reg.html?_=1693104976648 HTTP/1.1" 302 -
114.83.223.42 - - [27/Aug/2023:10:54:33 +0800] "GET /xingrg/all/function/internal_message.html?_=1693104873801&CODE_STATE=getMsg HTTP/1.1" 200 27
180.152.241.196 - - [27/Aug/2023:10:54:36 +0800] "GET /xingrg/kc/buy/cgsh_order_operate.html?command=get_materiel&rest_code=00102&code=00101001069&supplier_code=00100400&order_time=2023-08-27 HTTP/1.1" 200 409
114.83.217.3 - - [27/Aug/2023:10:54:37 +0800] "GET /xingrg/all/function/internal_message.html?_=1693105017065&CODE_STATE=getMsg HTTP/1.1" 200 27
101.83.145.37 - - [27/Aug/2023:10:54:39 +0800] "GET /xingrg/kc/buy/cgsh_order_operate.html?command=get_materiel&rest_code=00105&code=00101006293&supplier_code=00100012&order_time=2023-08-27 HTTP/1.1" 200 430
180.152.241.196 - - [27/Aug/2023:10:54:42 +0800] "GET /xingrg/all/function/internal_message.html?_=1693104882136&CODE_STATE=getMsg HTTP/1.1" 200 27
180.169.147.146 - - [27/Aug/2023:10:54:42 +0800] "GET /xingrg/all/function/internal_message.html?_=1693104882922&CODE_STATE=getMsg HTTP/1.1" 200 27
180.152.241.196 - - [27/Aug/2023:10:54:46 +0800] "GET /xingrg/kc/buy/cgsh_order_operate.html?command=get_materiel&rest_code=00102&code=00101010847&supplier_code=00100400&order_time=2023-08-27 HTTP/1.1" 200 410
58.40.7.146 - - [27/Aug/2023:10:54:50 +0800] "GET /xingrg/all/function/internal_message.html?_=1693104890133&CODE_STATE=getMsg HTTP/1.1" 200 27
180.165.48.189 - - [27/Aug/2023:10:54:55 +0800] "GET /xingrg/all/function/internal_message.html?_=1693104894640&CODE_STATE=getMsg HTTP/1.1" 200 27
116.235.94.33 - - [27/Aug/2023:10:54:56 +0800] "GET /xingrg/all/function/internal_message.html?_=1693105189158&CODE_STATE=getMsg HTTP/1.1" 200 27
124.78.155.92 - - [27/Aug/2023:10:55:03 +0800] "GET /xingrg/all/function/internal_message.html?_=1693104904032&CODE_STATE=getMsg HTTP/1.1" 200 27
101.83.145.37 - - [27/Aug/2023:10:55:04 +0800] "GET /xingrg/kc/buy/cgsh_order_operate.html?command=get_materiel&rest_code=00105&code=00101010219&supplier_code=00100012&order_time=2023-08-27 HTTP/1.1" 200 419
180.152.241.196 - - [27/Aug/2023:10:55:05 +0800] "GET /xingrg/all/function/internal_message.html?_=1693104907529&CODE_STATE=getMsg HTTP/1.1" 200 27
114.95.241.104 - - [27/Aug/2023:10:55:06 +0800] "GET /xingrg/all/function/internal_message.html?_=1693104808066&CODE_STATE=getMsg HTTP/1.1" 200 27
180.157.252.226 - - [27/Aug/2023:10:55:06 +0800] "GET /xingrg/all/function/internal_message.html?_=1693104906326&CODE_STATE=getMsg HTTP/1.1" 200 27
180.152.241.196 - - [27/Aug/2023:10:55:09 +0800] "GET /xingrg/kc/buy/cgsh_order_operate.html?command=get_materiel&rest_code=00102&code=00101002027&supplier_code=00100400&order_time=2023-08-27 HTTP/1.1" 200 413
222.70.173.75 - - [27/Aug/2023:10:55:10 +0800] "GET /xingrg/all/function/internal_message.html?_=1693104910361&CODE_STATE=getMsg HTTP/1.1" 200 27
180.169.147.146 - - [27/Aug/2023:10:55:12 +0800] "GET /xingrg/all/function/internal_message.html?_=1693105016249&CODE_STATE=getMsg HTTP/1.1" 302 -
116.232.195.127 - - [27/Aug/2023:10:55:14 +0800] "GET /xingrg/all/function/internal_message.html?_=1693104826467&CODE_STATE=getMsg HTTP/1.1" 200 27
120.253.135.82 - - [27/Aug/2023:10:55:17 +0800] "GET /xingrg/all/function/internal_message.html?_=1693104727560&CODE_STATE=getMsg HTTP/1.1" 200 27
180.152.241.196 - - [27/Aug/2023:10:55:18 +0800] "GET /xingrg/kc/buy/cgsh_order_operate.html?command=get_materiel&rest_code=00102&code=00101002022&supplier_code=00100400&order_time=2023-08-27 HTTP/1.1" 200 410
101.83.145.37 - - [27/Aug/2023:10:55:20 +0800] "GET /xingrg/all/function/internal_message.html?_=1693104921651&CODE_STATE=getMsg HTTP/1.1" 200 27
222.67.237.86 - - [27/Aug/2023:10:55:21 +0800] "GET /xingrg/all/function/internal_message.html?_=1693104367017&CODE_STATE=getMsg HTTP/1.1" 200 27
101.83.145.37 - - [27/Aug/2023:10:55:22 +0800] "GET /xingrg/kc/buy/cgsh_order_operate.html?command=get_materiel&rest_code=00105&code=00101006129&supplier_code=00100012&order_time=2023-08-27 HTTP/1.1" 200 441
101.228.187.155 - - [27/Aug/2023:10:55:26 +0800] "GET /xingrg/all/function/internal_message.html?_=1693104926747&CODE_STATE=getMsg HTTP/1.1" 200 27
221.239.167.251 - - [27/Aug/2023:10:55:27 +0800] "GET /xingrg/all/function/internal_message.html?_=1693104927145&CODE_STATE=getMsg HTTP/1.1" 200 27
222.70.107.27 - - [27/Aug/2023:10:55:28 +0800] "POST /xingrg/login.do HTTP/1.1" 302 -
222.70.107.27 - - [27/Aug/2023:10:55:28 +0800] "GET /xingrg/index.html?sysBaseUrl=http%3A%2F%2F180.169.147.146%3A18081%2Fxingrg%2F&costTime=1050×tamp=1693104928193 HTTP/1.1" 200 17503
222.70.107.27 - - [27/Aug/2023:10:55:28 +0800] "GET /xingrg/all/function/internal_message.html?_=1693104928750&CODE_STATE=count HTTP/1.1" 200 11
222.70.107.27 - - [27/Aug/2023:10:55:28 +0800] "GET /xingrg/check_reg.html?_=1693104928751 HTTP/1.1" 200 22
222.70.107.27 - - [27/Aug/2023:10:55:28 +0800] "POST /xingrg/all/common/load_tree.html?tree=area_rest_tree_json&manage=1 HTTP/1.1" 200 2106
222.70.107.27 - - [27/Aug/2023:10:55:28 +0800] "POST /xingrg/load_menu.html HTTP/1.1" 200 11564
114.95.241.104 - - [27/Aug/2023:10:55:29 +0800] "GET /xingrg/all/function/internal_message.html?_=1693104929461&CODE_STATE=getMsg HTTP/1.1" 200 27
180.152.241.196 - - [27/Aug/2023:10:55:31 +0800] "POST /xingrg/kc/buy/cgsh_order_operate.html HTTP/1.1" 200 37
101.83.145.37 - - [27/Aug/2023:10:55:33 +0800] "GET /xingrg/kc/buy/cgsh_order_operate.html?command=get_materiel&rest_code=00105&code=00101010248&supplier_code=00100012&order_time=2023-08-27 HTTP/1.1" 200 430
114.83.223.42 - - [27/Aug/2023:10:55:33 +0800] "GET /xingrg/all/function/internal_message.html?_=1693104933774&CODE_STATE=getMsg HTTP/1.1" 200 27
222.70.107.27 - - [27/Aug/2023:10:55:33 +0800] "POST /xingrg/load_menu.html HTTP/1.1" 200 10483
222.70.107.27 - - [27/Aug/2023:10:55:35 +0800] "GET /xingrg/all/report/report_query.html?fileName=dma/new_5.0/yingye/yy_hz.xml&rw=1600 HTTP/1.1" 200 56155
222.70.107.27 - - [27/Aug/2023:10:55:35 +0800] "GET /xingrg/dwr/interface/AjaxReportQueryService.js HTTP/1.1" 200 13203
222.70.107.27 - - [27/Aug/2023:10:55:35 +0800] "GET /xingrg/dwr/util.js HTTP/1.1" 200 35990
222.70.107.27 - - [27/Aug/2023:10:55:35 +0800] "GET /xingrg/dwr/engine.js HTTP/1.1" 200 43631
222.70.107.27 - - [27/Aug/2023:10:55:36 +0800] "POST /xingrg/all/common/load_tree.html?tree=area_station_tree_json&manage=1 HTTP/1.1" 200 2036
114.83.217.3 - - [27/Aug/2023:10:55:37 +0800] "GET /xingrg/all/function/internal_message.html?_=1693105077046&CODE_STATE=getMsg HTTP/1.1" 200 27
222.70.107.27 - - [27/Aug/2023:10:55:38 +0800] "GET /xingrg/index.html?sysBaseUrl=http%3A%2F%2F180.169.147.146%3A18081%2Fxingrg%2F&costTime=1050×tamp=1693104928193 HTTP/1.1" 200 17503
222.70.107.27 - - [27/Aug/2023:10:55:38 +0800] "GET /xingrg/check_reg.html?_=1693104939027 HTTP/1.1" 200 22
222.70.107.27 - - [27/Aug/2023:10:55:38 +0800] "GET /xingrg/all/function/internal_message.html?_=1693104939026&CODE_STATE=count HTTP/1.1" 200 11
222.70.107.27 - - [27/Aug/2023:10:55:38 +0800] "POST /xingrg/all/common/load_tree.html?tree=area_rest_tree_json&manage=1 HTTP/1.1" 200 2106
222.70.107.27 - - [27/Aug/2023:10:55:38 +0800] "POST /xingrg/load_menu.html HTTP/1.1" 200 11564
222.70.107.27 - - [27/Aug/2023:10:55:40 +0800] "GET /xingrg/index.html?sysBaseUrl=http%3A%2F%2F180.169.147.146%3A18081%2Fxingrg%2F&costTime=1050×tamp=1693104928193 HTTP/1.1" 200 17503
222.70.107.27 - - [27/Aug/2023:10:55:41 +0800] "GET /xingrg/check_reg.html?_=1693104941393 HTTP/1.1" 200 22
222.70.107.27 - - [27/Aug/2023:10:55:41 +0800] "GET /xingrg/all/function/internal_message.html?_=1693104941393&CODE_STATE=count HTTP/1.1" 200 11
222.70.107.27 - - [27/Aug/2023:10:55:41 +0800] "POST /xingrg/all/common/load_tree.html?tree=area_rest_tree_json&manage=1 HTTP/1.1" 200 2106
222.70.107.27 - - [27/Aug/2023:10:55:41 +0800] "POST /xingrg/load_menu.html HTTP/1.1" 200 11564
180.152.241.196 - - [27/Aug/2023:10:55:41 +0800] "POST /xingrg/kc/buy/cgsh_order_operate.html HTTP/1.1" 200 12
222.70.107.27 - - [27/Aug/2023:10:55:42 +0800] "POST /xingrg/load_menu.html HTTP/1.1" 200 10483
180.169.147.146 - - [27/Aug/2023:10:55:42 +0800] "GET /xingrg/all/function/internal_message.html?_=1693104942927&CODE_STATE=getMsg HTTP/1.1" 200 27
180.152.241.196 - - [27/Aug/2023:10:55:43 +0800] "GET /xingrg/all/function/internal_message.html?_=1693104943144&CODE_STATE=getMsg HTTP/1.1" 200 27
222.70.107.27 - - [27/Aug/2023:10:55:43 +0800] "GET /xingrg/all/report/report_query.html?fileName=dma/new_5.0/yingye/yy_hz.xml&rw=1600 HTTP/1.1" 200 56155
222.70.107.27 - - [27/Aug/2023:10:55:43 +0800] "GET /xingrg/dwr/interface/AjaxReportQueryService.js HTTP/1.1" 200 13203
222.70.107.27 - - [27/Aug/2023:10:55:43 +0800] "GET /xingrg/dwr/util.js HTTP/1.1" 304 -
222.70.107.27 - - [27/Aug/2023:10:55:43 +0800] "GET /xingrg/dwr/engine.js HTTP/1.1" 200 43631
222.70.107.27 - - [27/Aug/2023:10:55:43 +0800] "POST /xingrg/dwr/call/plaincall/AjaxReportQueryService.getFixDate.dwr HTTP/1.1" 200 111
222.70.107.27 - - [27/Aug/2023:10:55:43 +0800] "POST /xingrg/all/common/load_tree.html?tree=area_station_tree_json&manage=1 HTTP/1.1" 200 2036
180.152.241.196 - - [27/Aug/2023:10:55:44 +0800] "GET /xingrg/login.html HTTP/1.1" 200 7641
180.152.241.196 - - [27/Aug/2023:10:55:44 +0800] "GET /xingrg/kc/buy/cgsh_order_info.html?code=212023082710970 HTTP/1.1" 200 66956
180.152.241.196 - - [27/Aug/2023:10:55:45 +0800] "GET /xingrg/javascript/easyui/themes/default/validatebox.css HTTP/1.1" 404 1104
180.152.241.196 - - [27/Aug/2023:10:55:46 +0800] "POST /xingrg/kc/buy/cgsh_order_operate.html HTTP/1.1" 200 2969
180.152.241.196 - - [27/Aug/2023:10:55:46 +0800] "GET /favicon.ico HTTP/1.1" 404 -
222.70.107.27 - - [27/Aug/2023:10:55:46 +0800] "POST /xingrg/dwr/call/plaincall/AjaxReportQueryService.getFixDate.dwr HTTP/1.1" 200 111
222.70.107.27 - - [27/Aug/2023:10:55:47 +0800] "POST /xingrg/dwr/call/plaincall/AjaxReportQueryService.refreshCache.dwr HTTP/1.1" 200 78
222.70.107.27 - - [27/Aug/2023:10:55:49 +0800] "POST /xingrg/all/report/load_report_page.html HTTP/1.1" 200 145508
222.70.107.27 - - [27/Aug/2023:10:55:49 +0800] "GET /xingrg/servlets/image?cache=0.3715200660081821&image=px HTTP/1.1" 200 807
58.40.7.146 - - [27/Aug/2023:10:55:50 +0800] "GET /xingrg/all/function/internal_message.html?_=1693104950135&CODE_STATE=getMsg HTTP/1.1" 200 27
180.165.48.189 - - [27/Aug/2023:10:55:55 +0800] "GET /xingrg/all/function/internal_message.html?_=1693104954639&CODE_STATE=getMsg HTTP/1.1" 200 27
116.235.94.33 - - [27/Aug/2023:10:55:56 +0800] "GET /xingrg/all/function/internal_message.html?_=1693105249157&CODE_STATE=getMsg HTTP/1.1" 200 27
180.157.252.226 - - [27/Aug/2023:10:55:56 +0800] "GET /favicon.ico HTTP/1.1" 404 -
101.83.145.37 - - [27/Aug/2023:10:55:59 +0800] "GET /xingrg/kc/buy/cgsh_order_operate.html?command=get_materiel&rest_code=00105&code=00101006120&supplier_code=00100012&order_time=2023-08-27 HTTP/1.1" 200 429
124.78.155.92 - - [27/Aug/2023:10:56:03 +0800] "GET /xingrg/all/function/internal_message.html?_=1693104964027&CODE_STATE=getMsg HTTP/1.1" 200 27
180.152.241.196 - - [27/Aug/2023:10:56:05 +0800] "GET /xingrg/all/function/internal_message.html?_=1693104967541&CODE_STATE=getMsg HTTP/1.1" 200 27
180.152.241.196 - - [27/Aug/2023:10:56:05 +0800] "GET /xingrg/kc/print/load_config.html?kc_code=cgsh HTTP/1.1" 200 1924
180.152.241.196 - - [27/Aug/2023:10:56:06 +0800] "GET /xingrg/kc/print/load_data.html?order_code=212023082710970&kc_code=cgsh&condition= HTTP/1.1" 200 1576
114.95.241.104 - - [27/Aug/2023:10:56:06 +0800] "GET /xingrg/all/function/internal_message.html?_=1693104868150&CODE_STATE=getMsg HTTP/1.1" 200 27
180.157.252.226 - - [27/Aug/2023:10:56:06 +0800] "GET /xingrg/all/function/internal_message.html?_=1693104966325&CODE_STATE=getMsg HTTP/1.1" 200 27
101.83.145.37 - - [27/Aug/2023:10:56:09 +0800] "GET /xingrg/kc/buy/cgsh_order_operate.html?command=get_materiel&rest_code=00105&code=00101006310&supplier_code=00100012&order_time=2023-08-27 HTTP/1.1" 200 415
222.70.173.75 - - [27/Aug/2023:10:56:10 +0800] "GET /xingrg/all/function/internal_message.html?_=1693104970375&CODE_STATE=getMsg HTTP/1.1" 200 27
114.95.241.104 - - [27/Aug/2023:10:56:10 +0800] "GET /xingrg/kc/base/wldb_order_add.html HTTP/1.1" 200 30504
114.95.241.104 - - [27/Aug/2023:10:56:10 +0800] "POST /xingrg/kc/base/wldb_order_operate.html HTTP/1.1" 200 6806
114.95.241.104 - - [27/Aug/2023:10:56:10 +0800] "GET /xingrg/javascript/easyui/themes/default/validatebox.css HTTP/1.1" 404 1104
124.78.155.92 - - [27/Aug/2023:10:56:11 +0800] "GET /xingrg/check_reg.html?_=1693104972541 HTTP/1.1" 200 22
180.169.147.146 - - [27/Aug/2023:10:56:12 +0800] "GET /xingrg/all/function/internal_message.html?_=1693105076248&CODE_STATE=getMsg HTTP/1.1" 302 -
116.232.195.127 - - [27/Aug/2023:10:56:14 +0800] "GET /xingrg/all/function/internal_message.html?_=1693104886444&CODE_STATE=getMsg HTTP/1.1" 200 27
120.253.135.82 - - [27/Aug/2023:10:56:17 +0800] "GET /xingrg/check_reg.html?_=1693104787328 HTTP/1.1" 200 22
120.253.135.82 - - [27/Aug/2023:10:56:17 +0800] "GET /xingrg/all/function/internal_message.html?_=1693104787573&CODE_STATE=getMsg HTTP/1.1" 200 27
222.70.180.200 - - [27/Aug/2023:10:56:17 +0800] "POST /xingrg/login.do HTTP/1.1" 302 -
222.70.180.200 - - [27/Aug/2023:10:56:17 +0800] "GET /xingrg/index.html?sysBaseUrl=http%3A%2F%2F180.169.147.146%3A18081%2Fxingrg%2F&costTime=1111×tamp=1693104977585 HTTP/1.1" 200 17173
222.70.180.200 - - [27/Aug/2023:10:56:17 +0800] "GET /favicon.ico HTTP/1.1" 404 -
222.70.180.200 - - [27/Aug/2023:10:56:18 +0800] "GET /xingrg/check_reg.html?_=1693104978733 HTTP/1.1" 200 22
222.70.180.200 - - [27/Aug/2023:10:56:18 +0800] "GET /xingrg/all/function/internal_message.html?_=1693104978732&CODE_STATE=count HTTP/1.1" 200 11
222.70.180.200 - - [27/Aug/2023:10:56:18 +0800] "POST /xingrg/all/common/load_tree.html?tree=area_rest_tree_json&manage=1 HTTP/1.1" 200 342
222.70.180.200 - - [27/Aug/2023:10:56:18 +0800] "POST /xingrg/load_menu.html HTTP/1.1" 200 5138
222.70.180.200 - - [27/Aug/2023:10:56:20 +0800] "GET /xingrg/kc/buy/buy_main.html HTTP/1.1" 200 12412
222.70.180.200 - - [27/Aug/2023:10:56:20 +0800] "GET /xingrg/css/new_ie.css HTTP/1.1" 404 1036
101.83.145.37 - - [27/Aug/2023:10:56:20 +0800] "GET /xingrg/all/function/internal_message.html?_=1693104981622&CODE_STATE=getMsg HTTP/1.1" 200 27
222.70.180.200 - - [27/Aug/2023:10:56:21 +0800] "GET /xingrg/images/yd/bt.gif HTTP/1.1" 404 1040
114.95.241.104 - - [27/Aug/2023:10:56:21 +0800] "GET /xingrg/kc/base/wldb_order_operate.html?command=get_materiel&rest_code=00150&base_code=0010446&code=00102001051 HTTP/1.1" 200 438
222.67.237.86 - - [27/Aug/2023:10:56:21 +0800] "GET /xingrg/check_reg.html?_=1693104427016 HTTP/1.1" 200 22
222.67.237.86 - - [27/Aug/2023:10:56:21 +0800] "GET /xingrg/all/function/internal_message.html?_=1693104427018&CODE_STATE=getMsg HTTP/1.1" 200 27
222.70.180.200 - - [27/Aug/2023:10:56:22 +0800] "GET /xingrg/kc/buy/cgsh_order_list.html HTTP/1.1" 200 56234
114.95.241.104 - - [27/Aug/2023:10:56:24 +0800] "GET /xingrg/check_reg.html?_=1693104886309 HTTP/1.1" 200 22
116.235.94.33 - - [27/Aug/2023:10:56:25 +0800] "GET /xingrg/kc/mdqp/qqps_order_list.html?isBack=1 HTTP/1.1" 200 9677
116.235.94.33 - - [27/Aug/2023:10:56:25 +0800] "GET /xingrg/dwr/interface/AjaxQqpsService.js HTTP/1.1" 200 16326
116.235.94.33 - - [27/Aug/2023:10:56:25 +0800] "GET /xingrg/dwr/interface/AjaxReportQueryService.js HTTP/1.1" 200 13203
116.235.94.33 - - [27/Aug/2023:10:56:25 +0800] "GET /xingrg/dwr/engine.js HTTP/1.1" 200 43631
114.95.241.104 - - [27/Aug/2023:10:56:25 +0800] "GET /xingrg/kc/base/wldb_order_operate.html?command=get_materiel&rest_code=00150&base_code=0010446&code=00102002410 HTTP/1.1" 200 440
101.228.187.155 - - [27/Aug/2023:10:56:26 +0800] "GET /xingrg/all/function/internal_message.html?_=1693104986746&CODE_STATE=getMsg HTTP/1.1" 200 27
221.239.167.251 - - [27/Aug/2023:10:56:27 +0800] "GET /xingrg/all/function/internal_message.html?_=1693104987130&CODE_STATE=getMsg HTTP/1.1" 200 27
101.83.145.37 - - [27/Aug/2023:10:56:28 +0800] "POST /xingrg/kc/buy/cgsh_order_operate.html HTTP/1.1" 200 37
116.235.94.33 - - [27/Aug/2023:10:56:29 +0800] "GET /xingrg/kc/mdqp/qqps_order_add.html HTTP/1.1" 200 28386
116.235.94.33 - - [27/Aug/2023:10:56:29 +0800] "GET /xingrg/dwr/interface/AjaxComOrderService.js HTTP/1.1" 200 18264
116.235.94.33 - - [27/Aug/2023:10:56:29 +0800] "GET /xingrg/dwr/interface/AjaxQqpsService.js HTTP/1.1" 200 16326
116.235.94.33 - - [27/Aug/2023:10:56:29 +0800] "GET /xingrg/dwr/engine.js HTTP/1.1" 200 43631
101.83.145.37 - - [27/Aug/2023:10:56:31 +0800] "POST /xingrg/kc/buy/cgsh_order_operate.html HTTP/1.1" 200 6894
114.95.241.104 - - [27/Aug/2023:10:56:32 +0800] "POST /xingrg/kc/base/wldb_order_operate.html HTTP/1.1" 200 37
114.83.223.42 - - [27/Aug/2023:10:56:33 +0800] "GET /xingrg/all/function/internal_message.html?_=1693104993752&CODE_STATE=getMsg HTTP/1.1" 200 27
114.95.241.104 - - [27/Aug/2023:10:56:33 +0800] "POST /xingrg/kc/base/wldb_order_operate.html HTTP/1.1" 200 2662
101.83.145.37 - - [27/Aug/2023:10:56:34 +0800] "GET /xingrg/kc/print/load_data.html?order_code=212023082710971&kc_code=cgsh&condition= HTTP/1.1" 200 2432
114.83.217.3 - - [27/Aug/2023:10:56:37 +0800] "GET /xingrg/all/function/internal_message.html?_=1693105137038&CODE_STATE=getMsg HTTP/1.1" 200 27
222.70.180.200 - - [27/Aug/2023:10:56:39 +0800] "POST /xingrg/kc/buy/cgsh_list_operate.html HTTP/1.1" 200 3499
222.70.107.27 - - [27/Aug/2023:10:56:41 +0800] "GET /xingrg/all/function/internal_message.html?_=1693105001410&CODE_STATE=getMsg HTTP/1.1" 200 27
180.163.30.27 - - [27/Aug/2023:10:56:42 +0800] "GET /xingrg/all/function/internal_message.html?_=1693104942927&CODE_STATE=getMsg HTTP/1.1" 302 -
180.163.30.27 - - [27/Aug/2023:10:56:42 +0800] "GET /xingrg/login.html HTTP/1.1" 200 7641
114.95.241.104 - - [27/Aug/2023:10:56:42 +0800] "POST /xingrg/kc/base/wldb_order_operate.html HTTP/1.1" 200 12
222.70.180.200 - - [27/Aug/2023:10:56:42 +0800] "POST /xingrg/kc/buy/cgsh_list_operate.html HTTP/1.1" 200 558
180.169.147.146 - - [27/Aug/2023:10:56:42 +0800] "GET /xingrg/all/function/internal_message.html?_=1693105002919&CODE_STATE=getMsg HTTP/1.1" 200 27
180.152.241.196 - - [27/Aug/2023:10:56:43 +0800] "GET /xingrg/all/function/internal_message.html?_=1693105003129&CODE_STATE=getMsg HTTP/1.1" 200 27
101.83.145.37 - - [27/Aug/2023:10:56:43 +0800] "GET /xingrg/kc/buy/cgsh_order_add.html HTTP/1.1" 200 72098
101.83.145.37 - - [27/Aug/2023:10:56:43 +0800] "GET /xingrg/javascript/easyui/themes/default/validatebox.css HTTP/1.1" 404 1104
101.83.145.37 - - [27/Aug/2023:10:56:43 +0800] "POST /xingrg/kc/buy/cgsh_order_operate.html HTTP/1.1" 200 8245
114.95.241.104 - - [27/Aug/2023:10:56:44 +0800] "GET /xingrg/kc/base/wldb_order_info.html?code=422023082702895 HTTP/1.1" 200 26381
222.70.180.200 - - [27/Aug/2023:10:56:44 +0800] "GET /xingrg/kc/buy/cgsh_order_info.html?code=212023082710924 HTTP/1.1" 200 71975
222.70.180.200 - - [27/Aug/2023:10:56:44 +0800] "GET /xingrg/javascript/easyui/themes/default/validatebox.css HTTP/1.1" 404 1104
222.70.180.200 - - [27/Aug/2023:10:56:45 +0800] "GET /xingrg/all/common/auto_word.html?type=employee&rest_code=00111 HTTP/1.1" 200 201
222.70.180.200 - - [27/Aug/2023:10:56:45 +0800] "GET /xingrg/all/common/auto_word.html?type=employee&rest_code=00111 HTTP/1.1" 200 201
114.95.241.104 - - [27/Aug/2023:10:56:45 +0800] "GET /xingrg/javascript/easyui/themes/default/validatebox.css HTTP/1.1" 404 1104
114.95.241.104 - - [27/Aug/2023:10:56:45 +0800] "POST /xingrg/kc/base/wldb_order_operate.html HTTP/1.1" 200 945
222.70.180.200 - - [27/Aug/2023:10:56:46 +0800] "POST /xingrg/kc/buy/cgsh_order_operate.html HTTP/1.1" 200 26307
58.40.7.146 - - [27/Aug/2023:10:56:50 +0800] "GET /xingrg/all/function/internal_message.html?_=1693105010138&CODE_STATE=getMsg HTTP/1.1" 200 27
180.165.48.189 - - [27/Aug/2023:10:56:55 +0800] "GET /xingrg/all/function/internal_message.html?_=1693105014641&CODE_STATE=getMsg HTTP/1.1" 200 27
222.70.180.200 - - [27/Aug/2023:10:56:55 +0800] "GET /xingrg/kc/print/load_config.html?kc_code=cgsh HTTP/1.1" 200 1924
116.235.94.33 - - [27/Aug/2023:10:56:56 +0800] "GET /xingrg/all/function/internal_message.html?_=1693105309175&CODE_STATE=getMsg HTTP/1.1" 200 27
116.235.94.33 - - [27/Aug/2023:10:56:56 +0800] "GET /xingrg/check_reg.html?_=1693105309177 HTTP/1.1" 200 22
222.70.180.200 - - [27/Aug/2023:10:56:56 +0800] "GET /xingrg/kc/print/load_data.html?order_code=212023082710924&kc_code=cgsh&condition= HTTP/1.1" 200 9643
