114.95.241.104 - - [27/Aug/2023:05:46:54 +0800] "GET /xingrg/all/function/internal_message.html?_=1693086316519&CODE_STATE=getMsg HTTP/1.1" 200 27
120.253.135.82 - - [27/Aug/2023:05:46:54 +0800] "GET /xingrg/kc/pszx/mdps_order_info.html?code=312023082700648 HTTP/1.1" 200 23978
120.253.135.82 - - [27/Aug/2023:05:46:55 +0800] "GET /xingrg/javascript/easyui/themes/default/validatebox.css HTTP/1.1" 404 1104
120.253.135.82 - - [27/Aug/2023:05:46:55 +0800] "POST /xingrg/kc/pszx/mdps_order_operate.html HTTP/1.1" 200 2298
222.70.173.75 - - [27/Aug/2023:05:46:58 +0800] "GET /xingrg/all/function/internal_message.html?_=1693086417610&CODE_STATE=getMsg HTTP/1.1" 200 27
120.253.135.82 - - [27/Aug/2023:05:46:58 +0800] "POST /xingrg/kc/pszx/mdps_list_operate.html HTTP/1.1" 200 297
120.253.135.82 - - [27/Aug/2023:05:46:59 +0800] "GET /xingrg/kc/pszx/mdps_order_info.html?code=312023082700649 HTTP/1.1" 200 23978
120.253.135.82 - - [27/Aug/2023:05:47:00 +0800] "GET /xingrg/javascript/easyui/themes/default/validatebox.css HTTP/1.1" 404 1104
120.253.135.82 - - [27/Aug/2023:05:47:00 +0800] "POST /xingrg/kc/pszx/mdps_order_operate.html HTTP/1.1" 200 2806
120.253.135.82 - - [27/Aug/2023:05:47:05 +0800] "POST /xingrg/kc/pszx/mdps_order_operate.html HTTP/1.1" 200 37
120.253.135.82 - - [27/Aug/2023:05:47:07 +0800] "GET /xingrg/kc/pszx/mdps_order_info.html?code=312023082700649 HTTP/1.1" 200 23978
120.253.135.82 - - [27/Aug/2023:05:47:07 +0800] "GET /xingrg/javascript/easyui/themes/default/validatebox.css HTTP/1.1" 404 1104
120.253.135.82 - - [27/Aug/2023:05:47:07 +0800] "GET /xingrg/all/function/internal_message.html?_=1693086238262&CODE_STATE=getMsg HTTP/1.1" 200 27
120.253.135.82 - - [27/Aug/2023:05:47:08 +0800] "POST /xingrg/kc/pszx/mdps_order_operate.html HTTP/1.1" 200 2820
116.235.94.33 - - [27/Aug/2023:05:47:15 +0800] "GET /xingrg/all/function/internal_message.html?_=1693086431687&CODE_STATE=getMsg HTTP/1.1" 200 27
116.235.94.33 - - [27/Aug/2023:05:47:15 +0800] "GET /xingrg/check_reg.html?_=1693086431683 HTTP/1.1" 200 22
180.169.147.146 - - [27/Aug/2023:05:47:18 +0800] "GET /xingrg/all/function/internal_message.html?_=1693086542546&CODE_STATE=getMsg HTTP/1.1" 302 -
116.232.195.127 - - [27/Aug/2023:05:47:18 +0800] "GET /xingrg/all/function/internal_message.html?_=1693086351463&CODE_STATE=getMsg HTTP/1.1" 200 27
120.253.135.82 - - [27/Aug/2023:05:47:30 +0800] "POST /xingrg/kc/pszx/mdps_list_operate.html HTTP/1.1" 200 3924
116.232.195.127 - - [27/Aug/2023:05:47:30 +0800] "GET /xingrg/check_reg.html?_=1693086363200 HTTP/1.1" 200 22
120.253.135.82 - - [27/Aug/2023:05:47:33 +0800] "POST /xingrg/kc/pszx/mdps_list_operate.html HTTP/1.1" 200 297
221.239.167.251 - - [27/Aug/2023:05:47:33 +0800] "GET /xingrg/all/function/internal_message.html?_=1693086453732&CODE_STATE=getMsg HTTP/1.1" 200 27
222.70.180.200 - - [27/Aug/2023:05:47:38 +0800] "GET /xingrg/all/function/internal_message.html?_=1693086459455&CODE_STATE=getMsg HTTP/1.1" 200 27
114.95.241.104 - - [27/Aug/2023:05:47:38 +0800] "GET /xingrg/all/function/internal_message.html?_=1693086458314&CODE_STATE=getMsg HTTP/1.1" 200 27
120.253.135.82 - - [27/Aug/2023:05:47:40 +0800] "POST /xingrg/kc/pszx/mdps_list_operate.html HTTP/1.1" 200 657
222.70.180.200 - - [27/Aug/2023:05:47:41 +0800] "POST /xingrg/services/DataTransmitService HTTP/1.1" 200 524
221.239.167.251 - - [27/Aug/2023:05:47:52 +0800] "GET /xingrg/check_reg.html?_=1693086472169 HTTP/1.1" 200 22
114.95.241.104 - - [27/Aug/2023:05:47:54 +0800] "GET /xingrg/all/function/internal_message.html?_=1693086376532&CODE_STATE=getMsg HTTP/1.1" 200 27
222.70.173.75 - - [27/Aug/2023:05:47:58 +0800] "GET /xingrg/all/function/internal_message.html?_=1693086477610&CODE_STATE=getMsg HTTP/1.1" 200 27
120.253.135.82 - - [27/Aug/2023:05:48:07 +0800] "GET /xingrg/all/function/internal_message.html?_=1693086298295&CODE_STATE=getMsg HTTP/1.1" 200 27
116.235.94.33 - - [27/Aug/2023:05:48:15 +0800] "GET /xingrg/all/function/internal_message.html?_=1693086491678&CODE_STATE=getMsg HTTP/1.1" 200 27
180.169.147.146 - - [27/Aug/2023:05:48:18 +0800] "GET /xingrg/all/function/internal_message.html?_=1693086602514&CODE_STATE=getMsg HTTP/1.1" 302 -
116.232.195.127 - - [27/Aug/2023:05:48:18 +0800] "GET /xingrg/all/function/internal_message.html?_=1693086411443&CODE_STATE=getMsg HTTP/1.1" 200 27
221.239.167.251 - - [27/Aug/2023:05:48:33 +0800] "GET /xingrg/all/function/internal_message.html?_=1693086513702&CODE_STATE=getMsg HTTP/1.1" 200 27
222.70.180.200 - - [27/Aug/2023:05:48:38 +0800] "GET /xingrg/all/function/internal_message.html?_=1693086519454&CODE_STATE=getMsg HTTP/1.1" 200 27
114.95.241.104 - - [27/Aug/2023:05:48:38 +0800] "GET /xingrg/all/function/internal_message.html?_=1693086518320&CODE_STATE=getMsg HTTP/1.1" 200 27
120.253.135.82 - - [27/Aug/2023:05:48:51 +0800] "POST /xingrg/kc/pszx/mdps_list_operate.html HTTP/1.1" 200 212
114.95.241.104 - - [27/Aug/2023:05:48:54 +0800] "GET /xingrg/all/function/internal_message.html?_=1693086436609&CODE_STATE=getMsg HTTP/1.1" 200 27
120.253.135.82 - - [27/Aug/2023:05:48:54 +0800] "GET /xingrg/kc/pszx/mdps_order_info.html?code=312023082700649 HTTP/1.1" 200 23978
120.253.135.82 - - [27/Aug/2023:05:48:55 +0800] "GET /xingrg/javascript/easyui/themes/default/validatebox.css HTTP/1.1" 404 1104
120.253.135.82 - - [27/Aug/2023:05:48:55 +0800] "POST /xingrg/kc/pszx/mdps_order_operate.html HTTP/1.1" 200 2820
124.78.155.92 - - [27/Aug/2023:05:48:57 +0800] "POST /xingrg/services/DataTransmitService HTTP/1.1" 200 524
120.253.135.82 - - [27/Aug/2023:05:48:57 +0800] "POST /xingrg/kc/pszx/mdps_list_operate.html HTTP/1.1" 200 3924
222.70.173.75 - - [27/Aug/2023:05:48:58 +0800] "GET /xingrg/all/function/internal_message.html?_=1693086537733&CODE_STATE=getMsg HTTP/1.1" 200 27
120.253.135.82 - - [27/Aug/2023:05:48:58 +0800] "POST /xingrg/kc/pszx/mdps_list_operate.html HTTP/1.1" 200 657
120.253.135.82 - - [27/Aug/2023:05:48:59 +0800] "GET /xingrg/kc/pszx/mdps_order_info.html?code=312023082700650 HTTP/1.1" 200 23978
120.253.135.82 - - [27/Aug/2023:05:49:00 +0800] "GET /xingrg/javascript/easyui/themes/default/validatebox.css HTTP/1.1" 404 1104
120.253.135.82 - - [27/Aug/2023:05:49:00 +0800] "POST /xingrg/kc/pszx/mdps_order_operate.html HTTP/1.1" 200 17905
120.253.135.82 - - [27/Aug/2023:05:49:03 +0800] "GET /xingrg/check_reg.html?_=1693086353936 HTTP/1.1" 200 22
120.253.135.82 - - [27/Aug/2023:05:49:07 +0800] "GET /xingrg/all/function/internal_message.html?_=1693086358302&CODE_STATE=getMsg HTTP/1.1" 200 27
120.253.135.82 - - [27/Aug/2023:05:49:08 +0800] "POST /xingrg/kc/pszx/mdps_order_operate.html HTTP/1.1" 200 37
120.253.135.82 - - [27/Aug/2023:05:49:09 +0800] "GET /xingrg/kc/pszx/mdps_order_info.html?code=312023082700650 HTTP/1.1" 200 23978
120.253.135.82 - - [27/Aug/2023:05:49:10 +0800] "GET /xingrg/javascript/easyui/themes/default/validatebox.css HTTP/1.1" 404 1104
120.253.135.82 - - [27/Aug/2023:05:49:10 +0800] "POST /xingrg/kc/pszx/mdps_order_operate.html HTTP/1.1" 200 18164
222.70.173.75 - - [27/Aug/2023:05:49:14 +0800] "GET /xingrg/check_reg.html?_=1693086553605 HTTP/1.1" 200 22
116.235.94.33 - - [27/Aug/2023:05:49:15 +0800] "GET /xingrg/all/function/internal_message.html?_=1693086551672&CODE_STATE=getMsg HTTP/1.1" 200 27
180.169.147.146 - - [27/Aug/2023:05:49:18 +0800] "GET /xingrg/all/function/internal_message.html?_=1693086662521&CODE_STATE=getMsg HTTP/1.1" 302 -
116.232.195.127 - - [27/Aug/2023:05:49:18 +0800] "GET /xingrg/all/function/internal_message.html?_=1693086471429&CODE_STATE=getMsg HTTP/1.1" 200 27
120.253.135.82 - - [27/Aug/2023:05:49:25 +0800] "POST /xingrg/all/common/load_select.html HTTP/1.1" 200 25
120.253.135.82 - - [27/Aug/2023:05:49:27 +0800] "GET /xingrg/kc/pszx/mdps_order_operate.html?command=get_materiel_price&pszx_code=00101&rest_code=00149&base_code=0010246&code=00101027001&unit_code=00100157&order_time=2023-08-28 HTTP/1.1" 200 35
180.169.147.146 - - [27/Aug/2023:05:49:33 +0800] "GET /xingrg/check_reg.html?_=1693086676769 HTTP/1.1" 302 -
221.239.167.251 - - [27/Aug/2023:05:49:33 +0800] "GET /xingrg/all/function/internal_message.html?_=1693086573675&CODE_STATE=getMsg HTTP/1.1" 200 27
120.253.135.82 - - [27/Aug/2023:05:49:34 +0800] "POST /xingrg/all/common/load_select.html HTTP/1.1" 200 25
120.253.135.82 - - [27/Aug/2023:05:49:36 +0800] "GET /xingrg/kc/pszx/mdps_order_operate.html?command=get_materiel_price&pszx_code=00101&rest_code=00149&base_code=0010246&code=00101019222&unit_code=00100130&order_time=2023-08-28 HTTP/1.1" 200 34
222.70.180.200 - - [27/Aug/2023:05:49:38 +0800] "GET /xingrg/all/function/internal_message.html?_=1693086579454&CODE_STATE=getMsg HTTP/1.1" 200 27
222.70.180.200 - - [27/Aug/2023:05:49:38 +0800] "GET /xingrg/check_reg.html?_=1693086579456 HTTP/1.1" 200 22
114.95.241.104 - - [27/Aug/2023:05:49:38 +0800] "GET /xingrg/all/function/internal_message.html?_=1693086578321&CODE_STATE=getMsg HTTP/1.1" 200 27
114.95.241.104 - - [27/Aug/2023:05:49:38 +0800] "GET /xingrg/check_reg.html?_=1693086578325 HTTP/1.1" 200 22
120.253.135.82 - - [27/Aug/2023:05:49:52 +0800] "POST /xingrg/kc/pszx/mdps_order_operate.html HTTP/1.1" 200 37
120.253.135.82 - - [27/Aug/2023:05:49:53 +0800] "GET /xingrg/kc/pszx/mdps_order_info.html?code=312023082700650 HTTP/1.1" 200 23978
120.253.135.82 - - [27/Aug/2023:05:49:54 +0800] "GET /xingrg/javascript/easyui/themes/default/validatebox.css HTTP/1.1" 404 1104
114.95.241.104 - - [27/Aug/2023:05:49:54 +0800] "GET /xingrg/all/function/internal_message.html?_=1693086496622&CODE_STATE=getMsg HTTP/1.1" 200 27
120.253.135.82 - - [27/Aug/2023:05:49:54 +0800] "POST /xingrg/kc/pszx/mdps_order_operate.html HTTP/1.1" 200 18159
222.70.173.75 - - [27/Aug/2023:05:49:58 +0800] "GET /xingrg/all/function/internal_message.html?_=1693086597747&CODE_STATE=getMsg HTTP/1.1" 200 27
120.253.135.82 - - [27/Aug/2023:05:50:07 +0800] "GET /xingrg/all/function/internal_message.html?_=1693086418315&CODE_STATE=getMsg HTTP/1.1" 200 27
116.235.94.33 - - [27/Aug/2023:05:50:15 +0800] "GET /xingrg/all/function/internal_message.html?_=1693086611667&CODE_STATE=getMsg HTTP/1.1" 200 27
180.169.147.146 - - [27/Aug/2023:05:50:18 +0800] "GET /xingrg/all/function/internal_message.html?_=1693086722499&CODE_STATE=getMsg HTTP/1.1" 302 -
116.232.195.127 - - [27/Aug/2023:05:50:18 +0800] "GET /xingrg/all/function/internal_message.html?_=1693086531399&CODE_STATE=getMsg HTTP/1.1" 200 27
221.239.167.251 - - [27/Aug/2023:05:50:33 +0800] "GET /xingrg/all/function/internal_message.html?_=1693086633648&CODE_STATE=getMsg HTTP/1.1" 200 27
222.70.180.200 - - [27/Aug/2023:05:50:38 +0800] "GET /xingrg/all/function/internal_message.html?_=1693086639455&CODE_STATE=getMsg HTTP/1.1" 200 27
114.95.241.104 - - [27/Aug/2023:05:50:38 +0800] "GET /xingrg/all/function/internal_message.html?_=1693086638325&CODE_STATE=getMsg HTTP/1.1" 200 27
114.95.241.104 - - [27/Aug/2023:05:50:54 +0800] "GET /xingrg/all/function/internal_message.html?_=1693086556706&CODE_STATE=getMsg HTTP/1.1" 200 27
101.93.221.2 - - [27/Aug/2023:05:50:55 +0800] "POST /xingrg/services/DataTransmitService HTTP/1.1" 200 524
222.70.173.75 - - [27/Aug/2023:05:50:58 +0800] "GET /xingrg/all/function/internal_message.html?_=1693086657761&CODE_STATE=getMsg HTTP/1.1" 200 27
120.253.135.82 - - [27/Aug/2023:05:51:07 +0800] "GET /xingrg/all/function/internal_message.html?_=1693086478329&CODE_STATE=getMsg HTTP/1.1" 200 27
116.235.94.33 - - [27/Aug/2023:05:51:15 +0800] "GET /xingrg/all/function/internal_message.html?_=1693086671657&CODE_STATE=getMsg HTTP/1.1" 200 27
180.169.147.146 - - [27/Aug/2023:05:51:18 +0800] "GET /xingrg/all/function/internal_message.html?_=1693086782476&CODE_STATE=getMsg HTTP/1.1" 302 -
116.232.195.127 - - [27/Aug/2023:05:51:18 +0800] "GET /xingrg/all/function/internal_message.html?_=1693086591388&CODE_STATE=getMsg HTTP/1.1" 200 27
114.95.241.104 - - [27/Aug/2023:05:51:23 +0800] "GET /xingrg/check_reg.html?_=1693086585972 HTTP/1.1" 200 22
221.239.167.251 - - [27/Aug/2023:05:51:33 +0800] "GET /xingrg/all/function/internal_message.html?_=1693086693625&CODE_STATE=getMsg HTTP/1.1" 200 27
222.70.180.200 - - [27/Aug/2023:05:51:38 +0800] "GET /xingrg/all/function/internal_message.html?_=1693086699455&CODE_STATE=getMsg HTTP/1.1" 200 27
114.95.241.104 - - [27/Aug/2023:05:51:38 +0800] "GET /xingrg/all/function/internal_message.html?_=1693086698325&CODE_STATE=getMsg HTTP/1.1" 200 27
114.95.241.104 - - [27/Aug/2023:05:51:54 +0800] "GET /xingrg/all/function/internal_message.html?_=1693086616711&CODE_STATE=getMsg HTTP/1.1" 200 27
222.70.173.75 - - [27/Aug/2023:05:51:58 +0800] "GET /xingrg/all/function/internal_message.html?_=1693086717909&CODE_STATE=getMsg HTTP/1.1" 200 27
120.253.135.82 - - [27/Aug/2023:05:52:08 +0800] "GET /xingrg/all/function/internal_message.html?_=1693086538385&CODE_STATE=getMsg HTTP/1.1" 200 27
116.235.94.33 - - [27/Aug/2023:05:52:15 +0800] "GET /xingrg/check_reg.html?_=1693086731677 HTTP/1.1" 200 22
116.235.94.33 - - [27/Aug/2023:05:52:15 +0800] "GET /xingrg/all/function/internal_message.html?_=1693086731673&CODE_STATE=getMsg HTTP/1.1" 200 27
180.169.147.146 - - [27/Aug/2023:05:52:18 +0800] "GET /xingrg/all/function/internal_message.html?_=1693086842444&CODE_STATE=getMsg HTTP/1.1" 302 -
116.232.195.127 - - [27/Aug/2023:05:52:18 +0800] "GET /xingrg/all/function/internal_message.html?_=1693086651367&CODE_STATE=getMsg HTTP/1.1" 200 27
116.232.195.127 - - [27/Aug/2023:05:52:30 +0800] "GET /xingrg/check_reg.html?_=1693086663189 HTTP/1.1" 200 22
221.239.167.251 - - [27/Aug/2023:05:52:33 +0800] "GET /xingrg/all/function/internal_message.html?_=1693086753599&CODE_STATE=getMsg HTTP/1.1" 200 27
222.70.180.200 - - [27/Aug/2023:05:52:38 +0800] "GET /xingrg/all/function/internal_message.html?_=1693086759453&CODE_STATE=getMsg HTTP/1.1" 200 27
114.95.241.104 - - [27/Aug/2023:05:52:38 +0800] "GET /xingrg/all/function/internal_message.html?_=1693086758336&CODE_STATE=getMsg HTTP/1.1" 200 27
221.239.167.251 - - [27/Aug/2023:05:52:52 +0800] "GET /xingrg/check_reg.html?_=1693086772136 HTTP/1.1" 200 22
114.95.241.104 - - [27/Aug/2023:05:52:54 +0800] "GET /xingrg/all/function/internal_message.html?_=1693086676725&CODE_STATE=getMsg HTTP/1.1" 200 27
120.253.135.82 - - [27/Aug/2023:05:52:55 +0800] "POST /xingrg/all/common/load_select.html HTTP/1.1" 200 25
120.253.135.82 - - [27/Aug/2023:05:52:57 +0800] "GET /xingrg/kc/pszx/mdps_order_operate.html?command=get_materiel_price&pszx_code=00101&rest_code=00149&base_code=0010246&code=00101019400&unit_code=00100111&order_time=2023-08-28 HTTP/1.1" 200 35
222.70.173.75 - - [27/Aug/2023:05:52:58 +0800] "GET /xingrg/all/function/internal_message.html?_=1693086777930&CODE_STATE=getMsg HTTP/1.1" 200 27
120.253.135.82 - - [27/Aug/2023:05:53:06 +0800] "POST /xingrg/all/common/load_select.html HTTP/1.1" 200 25
120.253.135.82 - - [27/Aug/2023:05:53:08 +0800] "GET /xingrg/all/function/internal_message.html?_=1693086598387&CODE_STATE=getMsg HTTP/1.1" 200 27
120.253.135.82 - - [27/Aug/2023:05:53:09 +0800] "GET /xingrg/kc/pszx/mdps_order_operate.html?command=get_materiel_price&pszx_code=00101&rest_code=00149&base_code=0010246&code=00101016046&unit_code=00100138&order_time=2023-08-28 HTTP/1.1" 200 35
116.235.94.33 - - [27/Aug/2023:05:53:15 +0800] "GET /xingrg/all/function/internal_message.html?_=1693086791676&CODE_STATE=getMsg HTTP/1.1" 200 27
180.169.147.146 - - [27/Aug/2023:05:53:18 +0800] "GET /xingrg/all/function/internal_message.html?_=1693086902419&CODE_STATE=getMsg HTTP/1.1" 302 -
116.232.195.127 - - [27/Aug/2023:05:53:18 +0800] "GET /xingrg/all/function/internal_message.html?_=1693086711354&CODE_STATE=getMsg HTTP/1.1" 200 27
120.253.135.82 - - [27/Aug/2023:05:53:19 +0800] "POST /xingrg/kc/pszx/mdps_order_operate.html HTTP/1.1" 200 37
120.253.135.82 - - [27/Aug/2023:05:53:21 +0800] "GET /xingrg/kc/pszx/mdps_order_info.html?code=312023082700650 HTTP/1.1" 200 23978
120.253.135.82 - - [27/Aug/2023:05:53:21 +0800] "GET /xingrg/javascript/easyui/themes/default/validatebox.css HTTP/1.1" 404 1104
120.253.135.82 - - [27/Aug/2023:05:53:22 +0800] "POST /xingrg/kc/pszx/mdps_order_operate.html HTTP/1.1" 200 18156
221.239.167.251 - - [27/Aug/2023:05:53:33 +0800] "GET /xingrg/all/function/internal_message.html?_=1693086813588&CODE_STATE=getMsg HTTP/1.1" 200 27
222.70.180.200 - - [27/Aug/2023:05:53:38 +0800] "GET /xingrg/all/function/internal_message.html?_=1693086819452&CODE_STATE=getMsg HTTP/1.1" 200 27
114.95.241.104 - - [27/Aug/2023:05:53:38 +0800] "GET /xingrg/all/function/internal_message.html?_=1693086818338&CODE_STATE=getMsg HTTP/1.1" 200 27
120.253.135.82 - - [27/Aug/2023:05:53:45 +0800] "POST /xingrg/kc/pszx/mdps_list_operate.html HTTP/1.1" 200 3924
120.253.135.82 - - [27/Aug/2023:05:53:47 +0800] "POST /xingrg/kc/pszx/mdps_list_operate.html HTTP/1.1" 200 622
120.253.135.82 - - [27/Aug/2023:05:53:49 +0800] "GET /xingrg/kc/pszx/mdps_order_info.html?code=312023082700651 HTTP/1.1" 200 23978
120.253.135.82 - - [27/Aug/2023:05:53:49 +0800] "GET /xingrg/javascript/easyui/themes/default/validatebox.css HTTP/1.1" 404 1104
120.253.135.82 - - [27/Aug/2023:05:53:49 +0800] "POST /xingrg/kc/pszx/mdps_order_operate.html HTTP/1.1" 200 8668
120.253.135.82 - - [27/Aug/2023:05:53:52 +0800] "POST /xingrg/kc/pszx/mdps_order_operate.html HTTP/1.1" 200 37
120.253.135.82 - - [27/Aug/2023:05:53:53 +0800] "GET /xingrg/kc/pszx/mdps_order_info.html?code=312023082700651 HTTP/1.1" 200 23978
120.253.135.82 - - [27/Aug/2023:05:53:54 +0800] "GET /xingrg/javascript/easyui/themes/default/validatebox.css HTTP/1.1" 404 1104
120.253.135.82 - - [27/Aug/2023:05:53:54 +0800] "POST /xingrg/kc/pszx/mdps_order_operate.html HTTP/1.1" 200 8766
114.95.241.104 - - [27/Aug/2023:05:53:54 +0800] "GET /xingrg/all/function/internal_message.html?_=1693086736805&CODE_STATE=getMsg HTTP/1.1" 200 27
120.253.135.82 - - [27/Aug/2023:05:53:57 +0800] "POST /xingrg/all/common/load_combo.html?type=base HTTP/1.1" 200 1169
222.70.173.75 - - [27/Aug/2023:05:53:58 +0800] "GET /xingrg/all/function/internal_message.html?_=1693086838040&CODE_STATE=getMsg HTTP/1.1" 200 27
120.253.135.82 - - [27/Aug/2023:05:54:01 +0800] "POST /xingrg/kc/pszx/mdps_order_operate.html HTTP/1.1" 200 37
120.253.135.82 - - [27/Aug/2023:05:54:02 +0800] "GET /xingrg/kc/pszx/mdps_order_info.html?code=312023082700651 HTTP/1.1" 200 23978
120.253.135.82 - - [27/Aug/2023:05:54:03 +0800] "GET /xingrg/javascript/easyui/themes/default/validatebox.css HTTP/1.1" 404 1104
120.253.135.82 - - [27/Aug/2023:05:54:03 +0800] "GET /xingrg/check_reg.html?_=1693086653939 HTTP/1.1" 200 22
120.253.135.82 - - [27/Aug/2023:05:54:03 +0800] "POST /xingrg/kc/pszx/mdps_order_operate.html HTTP/1.1" 200 8788
120.253.135.82 - - [27/Aug/2023:05:54:08 +0800] "GET /xingrg/all/function/internal_message.html?_=1693086658401&CODE_STATE=getMsg HTTP/1.1" 200 27
222.70.173.75 - - [27/Aug/2023:05:54:14 +0800] "GET /xingrg/check_reg.html?_=1693086853606 HTTP/1.1" 200 22
116.235.94.33 - - [27/Aug/2023:05:54:15 +0800] "GET /xingrg/all/function/internal_message.html?_=1693086851682&CODE_STATE=getMsg HTTP/1.1" 200 27
180.169.147.146 - - [27/Aug/2023:05:54:18 +0800] "GET /xingrg/all/function/internal_message.html?_=1693086962391&CODE_STATE=getMsg HTTP/1.1" 302 -
116.232.195.127 - - [27/Aug/2023:05:54:18 +0800] "GET /xingrg/all/function/internal_message.html?_=1693086771326&CODE_STATE=getMsg HTTP/1.1" 200 27
120.253.135.82 - - [27/Aug/2023:05:54:24 +0800] "POST /xingrg/all/common/load_select.html HTTP/1.1" 200 25
120.253.135.82 - - [27/Aug/2023:05:54:26 +0800] "GET /xingrg/kc/pszx/mdps_order_operate.html?command=get_materiel_price&pszx_code=00101&rest_code=00149&base_code=0010250&code=00102021018&unit_code=00100348&order_time=2023-08-28 HTTP/1.1" 200 36
180.169.147.146 - - [27/Aug/2023:05:54:33 +0800] "GET /xingrg/check_reg.html?_=1693086976748 HTTP/1.1" 302 -
221.239.167.251 - - [27/Aug/2023:05:54:33 +0800] "GET /xingrg/all/function/internal_message.html?_=1693086873569&CODE_STATE=getMsg HTTP/1.1" 200 27
120.253.135.82 - - [27/Aug/2023:05:54:37 +0800] "POST /xingrg/kc/pszx/mdps_order_operate.html HTTP/1.1" 200 37
120.253.135.82 - - [27/Aug/2023:05:54:38 +0800] "GET /xingrg/kc/pszx/mdps_order_info.html?code=312023082700651 HTTP/1.1" 200 23978
222.70.180.200 - - [27/Aug/2023:05:54:38 +0800] "GET /xingrg/all/function/internal_message.html?_=1693086879453&CODE_STATE=getMsg HTTP/1.1" 200 27
222.70.180.200 - - [27/Aug/2023:05:54:38 +0800] "GET /xingrg/check_reg.html?_=1693086879455 HTTP/1.1" 200 22
114.95.241.104 - - [27/Aug/2023:05:54:38 +0800] "GET /xingrg/check_reg.html?_=1693086878324 HTTP/1.1" 200 22
114.95.241.104 - - [27/Aug/2023:05:54:38 +0800] "GET /xingrg/all/function/internal_message.html?_=1693086878328&CODE_STATE=getMsg HTTP/1.1" 200 27
120.253.135.82 - - [27/Aug/2023:05:54:39 +0800] "GET /xingrg/javascript/easyui/themes/default/validatebox.css HTTP/1.1" 404 1104
120.253.135.82 - - [27/Aug/2023:05:54:39 +0800] "POST /xingrg/kc/pszx/mdps_order_operate.html HTTP/1.1" 200 8787
114.95.241.104 - - [27/Aug/2023:05:54:54 +0800] "GET /xingrg/all/function/internal_message.html?_=1693086796815&CODE_STATE=getMsg HTTP/1.1" 200 27
222.70.173.75 - - [27/Aug/2023:05:54:58 +0800] "GET /xingrg/all/function/internal_message.html?_=1693086898049&CODE_STATE=getMsg HTTP/1.1" 200 27
120.253.135.82 - - [27/Aug/2023:05:55:08 +0800] "GET /xingrg/all/function/internal_message.html?_=1693086718414&CODE_STATE=getMsg HTTP/1.1" 200 27
116.235.94.33 - - [27/Aug/2023:05:55:15 +0800] "GET /xingrg/all/function/internal_message.html?_=1693086911666&CODE_STATE=getMsg HTTP/1.1" 200 27
120.253.135.82 - - [27/Aug/2023:05:55:15 +0800] "POST /xingrg/kc/pszx/mdps_list_operate.html HTTP/1.1" 200 3924
120.253.135.82 - - [27/Aug/2023:05:55:17 +0800] "POST /xingrg/kc/pszx/mdps_list_operate.html HTTP/1.1" 200 622
180.169.147.146 - - [27/Aug/2023:05:55:18 +0800] "GET /xingrg/all/function/internal_message.html?_=1693087022393&CODE_STATE=getMsg HTTP/1.1" 302 -
120.253.135.82 - - [27/Aug/2023:05:55:18 +0800] "GET /xingrg/kc/pszx/mdps_order_info.html?code=312023082700651 HTTP/1.1" 200 23978
116.232.195.127 - - [27/Aug/2023:05:55:18 +0800] "GET /xingrg/all/function/internal_message.html?_=1693086831299&CODE_STATE=getMsg HTTP/1.1" 200 27
120.253.135.82 - - [27/Aug/2023:05:55:19 +0800] "GET /xingrg/javascript/easyui/themes/default/validatebox.css HTTP/1.1" 404 1104
120.253.135.82 - - [27/Aug/2023:05:55:19 +0800] "POST /xingrg/kc/pszx/mdps_order_operate.html HTTP/1.1" 200 8787
120.253.135.82 - - [27/Aug/2023:05:55:26 +0800] "POST /xingrg/kc/pszx/mdps_list_operate.html HTTP/1.1" 200 3924
120.253.135.82 - - [27/Aug/2023:05:55:28 +0800] "POST /xingrg/kc/pszx/mdps_list_operate.html HTTP/1.1" 200 626
120.253.135.82 - - [27/Aug/2023:05:55:29 +0800] "GET /xingrg/kc/pszx/mdps_order_info.html?code=312023082700652 HTTP/1.1" 200 23978
120.253.135.82 - - [27/Aug/2023:05:55:29 +0800] "GET /xingrg/javascript/easyui/themes/default/validatebox.css HTTP/1.1" 404 1104
120.253.135.82 - - [27/Aug/2023:05:55:30 +0800] "POST /xingrg/kc/pszx/mdps_order_operate.html HTTP/1.1" 200 7630
120.253.135.82 - - [27/Aug/2023:05:55:32 +0800] "POST /xingrg/kc/pszx/mdps_order_operate.html HTTP/1.1" 200 37
221.239.167.251 - - [27/Aug/2023:05:55:33 +0800] "GET /xingrg/all/function/internal_message.html?_=1693086933549&CODE_STATE=getMsg HTTP/1.1" 200 27
120.253.135.82 - - [27/Aug/2023:05:55:34 +0800] "GET /xingrg/kc/pszx/mdps_order_info.html?code=312023082700652 HTTP/1.1" 200 23978
120.253.135.82 - - [27/Aug/2023:05:55:34 +0800] "GET /xingrg/javascript/easyui/themes/default/validatebox.css HTTP/1.1" 404 1104
120.253.135.82 - - [27/Aug/2023:05:55:34 +0800] "POST /xingrg/kc/pszx/mdps_order_operate.html HTTP/1.1" 200 7719
222.70.180.200 - - [27/Aug/2023:05:55:38 +0800] "GET /xingrg/all/function/internal_message.html?_=1693086939454&CODE_STATE=getMsg HTTP/1.1" 200 27
114.95.241.104 - - [27/Aug/2023:05:55:38 +0800] "GET /xingrg/all/function/internal_message.html?_=1693086938328&CODE_STATE=getMsg HTTP/1.1" 200 27
114.95.241.104 - - [27/Aug/2023:05:55:54 +0800] "GET /xingrg/all/function/internal_message.html?_=1693086856893&CODE_STATE=getMsg HTTP/1.1" 200 27
222.70.173.75 - - [27/Aug/2023:05:55:58 +0800] "GET /xingrg/all/function/internal_message.html?_=1693086958063&CODE_STATE=getMsg HTTP/1.1" 200 27
120.253.135.82 - - [27/Aug/2023:05:56:08 +0800] "GET /xingrg/all/function/internal_message.html?_=1693086778428&CODE_STATE=getMsg HTTP/1.1" 200 27
120.253.135.82 - - [27/Aug/2023:05:56:08 +0800] "POST /xingrg/kc/pszx/mdps_order_operate.html HTTP/1.1" 200 37
120.253.135.82 - - [27/Aug/2023:05:56:09 +0800] "GET /xingrg/kc/pszx/mdps_order_info.html?code=312023082700652 HTTP/1.1" 200 23978
120.253.135.82 - - [27/Aug/2023:05:56:10 +0800] "GET /xingrg/javascript/easyui/themes/default/validatebox.css HTTP/1.1" 404 1104
120.253.135.82 - - [27/Aug/2023:05:56:10 +0800] "POST /xingrg/kc/pszx/mdps_order_operate.html HTTP/1.1" 200 7719
120.253.135.82 - - [27/Aug/2023:05:56:12 +0800] "POST /xingrg/kc/pszx/mdps_list_operate.html HTTP/1.1" 200 3924
120.253.135.82 - - [27/Aug/2023:05:56:14 +0800] "POST /xingrg/kc/pszx/mdps_list_operate.html HTTP/1.1" 200 626
116.235.94.33 - - [27/Aug/2023:05:56:15 +0800] "GET /xingrg/all/function/internal_message.html?_=1693086971672&CODE_STATE=getMsg HTTP/1.1" 200 27
120.253.135.82 - - [27/Aug/2023:05:56:15 +0800] "POST /xingrg/kc/pszx/mdps_list_operate.html HTTP/1.1" 200 279
222.70.173.75 - - [27/Aug/2023:05:56:17 +0800] "GET /xingrg/javascript/jquery_easy_ui/themes/default/images/tabs_active.png HTTP/1.1" 304 -
120.253.135.82 - - [27/Aug/2023:05:56:17 +0800] "GET /xingrg/kc/pszx/mdps_order_info.html?code=312023082700653 HTTP/1.1" 200 23978
120.253.135.82 - - [27/Aug/2023:05:56:18 +0800] "GET /xingrg/javascript/easyui/themes/default/validatebox.css HTTP/1.1" 404 1104
180.169.147.146 - - [27/Aug/2023:05:56:18 +0800] "GET /xingrg/all/function/internal_message.html?_=1693087082362&CODE_STATE=getMsg HTTP/1.1" 302 -
120.253.135.82 - - [27/Aug/2023:05:56:18 +0800] "POST /xingrg/kc/pszx/mdps_order_operate.html HTTP/1.1" 200 2754
116.232.195.127 - - [27/Aug/2023:05:56:18 +0800] "GET /xingrg/all/function/internal_message.html?_=1693086891284&CODE_STATE=getMsg HTTP/1.1" 200 27
120.253.135.82 - - [27/Aug/2023:05:56:19 +0800] "POST /xingrg/all/common/load_combo.html?type=base HTTP/1.1" 200 1169
222.70.173.75 - - [27/Aug/2023:05:56:21 +0800] "POST /xingrg/kc/buy/cgsh_list_operate.html HTTP/1.1" 200 572
114.95.241.104 - - [27/Aug/2023:05:56:23 +0800] "GET /xingrg/check_reg.html?_=1693086885969 HTTP/1.1" 200 22
120.253.135.82 - - [27/Aug/2023:05:56:24 +0800] "POST /xingrg/kc/pszx/mdps_order_operate.html HTTP/1.1" 200 37
222.70.173.75 - - [27/Aug/2023:05:56:25 +0800] "POST /xingrg/kc/buy/cgsh_list_operate.html HTTP/1.1" 200 516
120.253.135.82 - - [27/Aug/2023:05:56:25 +0800] "GET /xingrg/kc/pszx/mdps_order_info.html?code=312023082700653 HTTP/1.1" 200 23978
120.253.135.82 - - [27/Aug/2023:05:56:26 +0800] "GET /xingrg/javascript/easyui/themes/default/validatebox.css HTTP/1.1" 404 1104
120.253.135.82 - - [27/Aug/2023:05:56:26 +0800] "POST /xingrg/kc/pszx/mdps_order_operate.html HTTP/1.1" 200 2770
222.70.173.75 - - [27/Aug/2023:05:56:28 +0800] "POST /xingrg/kc/buy/cgsh_list_operate.html HTTP/1.1" 200 622
120.253.135.82 - - [27/Aug/2023:05:56:31 +0800] "POST /xingrg/kc/pszx/mdps_list_operate.html HTTP/1.1" 200 3924
222.70.173.75 - - [27/Aug/2023:05:56:32 +0800] "POST /xingrg/kc/buy/cgsh_list_operate.html HTTP/1.1" 200 208
221.239.167.251 - - [27/Aug/2023:05:56:33 +0800] "GET /xingrg/all/function/internal_message.html?_=1693086993529&CODE_STATE=getMsg HTTP/1.1" 200 27
120.253.135.82 - - [27/Aug/2023:05:56:34 +0800] "GET /xingrg/kc/pszx/mdqp_order_list.html?state=10 HTTP/1.1" 200 16371
120.253.135.82 - - [27/Aug/2023:05:56:34 +0800] "GET /xingrg/dwr/interface/AjaxQqpsService.js HTTP/1.1" 200 16326
120.253.135.82 - - [27/Aug/2023:05:56:34 +0800] "GET /xingrg/dwr/interface/AjaxReportQueryService.js HTTP/1.1" 200 13203
120.253.135.82 - - [27/Aug/2023:05:56:34 +0800] "GET /xingrg/dwr/engine.js HTTP/1.1" 200 43631
222.70.173.75 - - [27/Aug/2023:05:56:36 +0800] "POST /xingrg/kc/buy/cgsh_list_operate.html HTTP/1.1" 200 492
222.70.180.200 - - [27/Aug/2023:05:56:38 +0800] "GET /xingrg/all/function/internal_message.html?_=1693086999453&CODE_STATE=getMsg HTTP/1.1" 200 27
114.95.241.104 - - [27/Aug/2023:05:56:38 +0800] "GET /xingrg/all/function/internal_message.html?_=1693086998328&CODE_STATE=getMsg HTTP/1.1" 200 27
222.70.173.75 - - [27/Aug/2023:05:56:40 +0800] "POST /xingrg/kc/buy/cgsh_list_operate.html HTTP/1.1" 200 359
222.70.173.75 - - [27/Aug/2023:05:56:42 +0800] "POST /xingrg/kc/buy/cgsh_list_operate.html HTTP/1.1" 200 565
120.253.135.82 - - [27/Aug/2023:05:56:46 +0800] "GET /xingrg/kc/pszx/jzcl_ps.html HTTP/1.1" 200 7683
120.253.135.82 - - [27/Aug/2023:05:56:46 +0800] "POST /xingrg/all/common/load_tree.html?tree=area_rest_tree_json HTTP/1.1" 200 3499
120.253.135.82 - - [27/Aug/2023:05:56:47 +0800] "POST /xingrg/kc/pszx/jzcl_ps_operate.html HTTP/1.1" 200 6121
120.253.135.82 - - [27/Aug/2023:05:56:47 +0800] "POST /xingrg/kc/pszx/jzcl_ps_operate.html HTTP/1.1" 200 6121
222.70.173.75 - - [27/Aug/2023:05:56:47 +0800] "POST /xingrg/kc/buy/cgsh_list_operate.html HTTP/1.1" 200 574
222.70.173.75 - - [27/Aug/2023:05:56:50 +0800] "POST /xingrg/kc/buy/cgsh_list_operate.html HTTP/1.1" 200 591
222.70.173.75 - - [27/Aug/2023:05:56:54 +0800] "POST /xingrg/kc/buy/cgsh_list_operate.html HTTP/1.1" 200 530
114.95.241.104 - - [27/Aug/2023:05:56:54 +0800] "GET /xingrg/all/function/internal_message.html?_=1693086916904&CODE_STATE=getMsg HTTP/1.1" 200 27
120.253.135.82 - - [27/Aug/2023:05:56:57 +0800] "POST /xingrg/kc/pszx/jzcl_ps_operate.html HTTP/1.1" 200 4
222.70.173.75 - - [27/Aug/2023:05:56:58 +0800] "GET /xingrg/javascript/easyui/themes/default/images/button_plain_hover.png HTTP/1.1" 304 -
120.253.135.82 - - [27/Aug/2023:05:56:58 +0800] "GET /xingrg/kc/pszx/mdps_order_list.html HTTP/1.1" 200 21149
222.70.173.75 - - [27/Aug/2023:05:56:58 +0800] "GET /xingrg/all/function/internal_message.html?_=1693087018166&CODE_STATE=getMsg HTTP/1.1" 200 27
120.253.135.82 - - [27/Aug/2023:05:56:59 +0800] "POST /xingrg/kc/pszx/jzcl_ps_operate.html HTTP/1.1" 200 5728
120.253.135.82 - - [27/Aug/2023:05:56:59 +0800] "POST /xingrg/kc/pszx/mdps_list_operate.html HTTP/1.1" 200 5378
120.253.135.82 - - [27/Aug/2023:05:57:06 +0800] "POST /xingrg/kc/pszx/mdps_list_operate.html HTTP/1.1" 200 868
120.253.135.82 - - [27/Aug/2023:05:57:08 +0800] "GET /xingrg/all/function/internal_message.html?_=1693086838441&CODE_STATE=getMsg HTTP/1.1" 200 27
120.253.135.82 - - [27/Aug/2023:05:57:13 +0800] "POST /xingrg/kc/pszx/mdps_list_operate.html HTTP/1.1" 200 1690
120.253.135.82 - - [27/Aug/2023:05:57:15 +0800] "POST /xingrg/kc/pszx/mdps_list_operate.html HTTP/1.1" 200 215
116.235.94.33 - - [27/Aug/2023:05:57:15 +0800] "GET /xingrg/all/function/internal_message.html?_=1693087031673&CODE_STATE=getMsg HTTP/1.1" 200 27
116.235.94.33 - - [27/Aug/2023:05:57:15 +0800] "GET /xingrg/check_reg.html?_=1693087031676 HTTP/1.1" 200 22
120.253.135.82 - - [27/Aug/2023:05:57:16 +0800] "GET /xingrg/kc/pszx/mdps_order_info.html?code=312023082700654 HTTP/1.1" 200 23978
120.253.135.82 - - [27/Aug/2023:05:57:16 +0800] "GET /xingrg/javascript/easyui/themes/default/validatebox.css HTTP/1.1" 404 1104
120.253.135.82 - - [27/Aug/2023:05:57:18 +0800] "POST /xingrg/kc/pszx/mdps_order_operate.html HTTP/1.1" 200 2305
180.169.147.146 - - [27/Aug/2023:05:57:18 +0800] "GET /xingrg/all/function/internal_message.html?_=1693087142338&CODE_STATE=getMsg HTTP/1.1" 302 -
116.232.195.127 - - [27/Aug/2023:05:57:18 +0800] "GET /xingrg/all/function/internal_message.html?_=1693086951268&CODE_STATE=getMsg HTTP/1.1" 200 27
120.253.135.82 - - [27/Aug/2023:05:57:21 +0800] "POST /xingrg/kc/pszx/mdps_order_operate.html HTTP/1.1" 200 37
120.253.135.82 - - [27/Aug/2023:05:57:23 +0800] "GET /xingrg/kc/pszx/mdps_order_info.html?code=312023082700654 HTTP/1.1" 200 23978
120.253.135.82 - - [27/Aug/2023:05:57:23 +0800] "GET /xingrg/javascript/easyui/themes/default/validatebox.css HTTP/1.1" 404 1104
120.253.135.82 - - [27/Aug/2023:05:57:27 +0800] "POST /xingrg/kc/pszx/mdps_order_operate.html HTTP/1.1" 200 2312
116.232.195.127 - - [27/Aug/2023:05:57:30 +0800] "GET /xingrg/check_reg.html?_=1693086963169 HTTP/1.1" 200 22
221.239.167.251 - - [27/Aug/2023:05:57:33 +0800] "GET /xingrg/all/function/internal_message.html?_=1693087053496&CODE_STATE=getMsg HTTP/1.1" 200 27
120.253.135.82 - - [27/Aug/2023:05:57:37 +0800] "GET /xingrg/kc/pszx/mdqp_order_list.html?state=10 HTTP/1.1" 200 15968
120.253.135.82 - - [27/Aug/2023:05:57:37 +0800] "GET /xingrg/dwr/interface/AjaxQqpsService.js HTTP/1.1" 200 16326
120.253.135.82 - - [27/Aug/2023:05:57:37 +0800] "GET /xingrg/dwr/interface/AjaxReportQueryService.js HTTP/1.1" 200 13203
120.253.135.82 - - [27/Aug/2023:05:57:37 +0800] "GET /xingrg/dwr/engine.js HTTP/1.1" 200 43631
222.70.180.200 - - [27/Aug/2023:05:57:38 +0800] "GET /xingrg/all/function/internal_message.html?_=1693087059451&CODE_STATE=getMsg HTTP/1.1" 200 27
114.95.241.104 - - [27/Aug/2023:05:57:38 +0800] "GET /xingrg/all/function/internal_message.html?_=1693087058328&CODE_STATE=getMsg HTTP/1.1" 200 27
120.253.135.82 - - [27/Aug/2023:05:57:48 +0800] "GET /xingrg/kc/pszx/mdqp_order_info.html?code=302023082600529 HTTP/1.1" 200 13350
120.253.135.82 - - [27/Aug/2023:05:57:48 +0800] "GET /xingrg/dwr/interface/AjaxComOrderService.js HTTP/1.1" 200 18264
120.253.135.82 - - [27/Aug/2023:05:57:48 +0800] "GET /xingrg/dwr/interface/AjaxQqpsService.js HTTP/1.1" 200 16326
120.253.135.82 - - [27/Aug/2023:05:57:48 +0800] "GET /xingrg/dwr/engine.js HTTP/1.1" 200 43631
120.253.135.82 - - [27/Aug/2023:05:57:48 +0800] "POST /xingrg/dwr/call/plaincall/AjaxQqpsService.loadMaterielItems.dwr HTTP/1.1" 200 735
120.253.135.82 - - [27/Aug/2023:05:57:51 +0800] "GET /xingrg/kc/pszx/mdqp_order_list.html?isBack=1 HTTP/1.1" 302 -
120.253.135.82 - - [27/Aug/2023:05:57:52 +0800] "GET /xingrg/kc/pszx/mdqp_order_list.html?state=10 HTTP/1.1" 200 15968
120.253.135.82 - - [27/Aug/2023:05:57:52 +0800] "GET /xingrg/dwr/interface/AjaxReportQueryService.js HTTP/1.1" 200 13203
120.253.135.82 - - [27/Aug/2023:05:57:52 +0800] "GET /xingrg/dwr/interface/AjaxQqpsService.js HTTP/1.1" 200 16326
120.253.135.82 - - [27/Aug/2023:05:57:52 +0800] "GET /xingrg/dwr/engine.js HTTP/1.1" 200 43631
221.239.167.251 - - [27/Aug/2023:05:57:52 +0800] "GET /xingrg/check_reg.html?_=1693087072131 HTTP/1.1" 200 22
120.253.135.82 - - [27/Aug/2023:05:57:54 +0800] "GET /xingrg/kc/pszx/mdqp_order_info.html?code=302023082600530 HTTP/1.1" 200 13350
114.95.241.104 - - [27/Aug/2023:05:57:54 +0800] "GET /xingrg/all/function/internal_message.html?_=1693086976918&CODE_STATE=getMsg HTTP/1.1" 200 27
120.253.135.82 - - [27/Aug/2023:05:57:54 +0800] "GET /xingrg/dwr/interface/AjaxComOrderService.js HTTP/1.1" 200 18264
120.253.135.82 - - [27/Aug/2023:05:57:54 +0800] "GET /xingrg/dwr/interface/AjaxQqpsService.js HTTP/1.1" 200 16326
120.253.135.82 - - [27/Aug/2023:05:57:54 +0800] "GET /xingrg/dwr/engine.js HTTP/1.1" 200 43631
120.253.135.82 - - [27/Aug/2023:05:57:55 +0800] "POST /xingrg/dwr/call/plaincall/AjaxQqpsService.loadMaterielItems.dwr HTTP/1.1" 200 950
222.70.173.75 - - [27/Aug/2023:05:57:59 +0800] "GET /xingrg/all/function/internal_message.html?_=1693087078273&CODE_STATE=getMsg HTTP/1.1" 200 27
120.253.135.82 - - [27/Aug/2023:05:58:02 +0800] "GET /xingrg/kc/pszx/mdqp_order_list.html?isBack=1 HTTP/1.1" 302 -
120.253.135.82 - - [27/Aug/2023:05:58:03 +0800] "GET /xingrg/kc/pszx/mdqp_order_list.html?state=10 HTTP/1.1" 200 15968
120.253.135.82 - - [27/Aug/2023:05:58:03 +0800] "GET /xingrg/dwr/interface/AjaxReportQueryService.js HTTP/1.1" 200 13203
120.253.135.82 - - [27/Aug/2023:05:58:03 +0800] "GET /xingrg/dwr/interface/AjaxQqpsService.js HTTP/1.1" 200 16326
120.253.135.82 - - [27/Aug/2023:05:58:03 +0800] "GET /xingrg/dwr/engine.js HTTP/1.1" 200 43631
120.253.135.82 - - [27/Aug/2023:05:58:06 +0800] "GET /xingrg/kc/pszx/mdqp_order_info.html?code=302023082600531 HTTP/1.1" 200 13350
120.253.135.82 - - [27/Aug/2023:05:58:06 +0800] "GET /xingrg/dwr/interface/AjaxComOrderService.js HTTP/1.1" 200 18264
120.253.135.82 - - [27/Aug/2023:05:58:06 +0800] "GET /xingrg/dwr/interface/AjaxQqpsService.js HTTP/1.1" 200 16326
120.253.135.82 - - [27/Aug/2023:05:58:06 +0800] "GET /xingrg/dwr/engine.js HTTP/1.1" 200 43631
120.253.135.82 - - [27/Aug/2023:05:58:06 +0800] "POST /xingrg/dwr/call/plaincall/AjaxQqpsService.loadMaterielItems.dwr HTTP/1.1" 200 658
120.253.135.82 - - [27/Aug/2023:05:58:08 +0800] "GET /xingrg/all/function/internal_message.html?_=1693086898455&CODE_STATE=getMsg HTTP/1.1" 200 27
222.70.173.75 - - [27/Aug/2023:05:58:14 +0800] "POST /xingrg/kc/buy/cgsh_list_operate.html HTTP/1.1" 200 4
120.253.135.82 - - [27/Aug/2023:05:58:15 +0800] "GET /xingrg/kc/pszx/mdqp_order_list.html?isBack=1 HTTP/1.1" 302 -
120.253.135.82 - - [27/Aug/2023:05:58:15 +0800] "GET /xingrg/kc/pszx/mdqp_order_list.html?state=10 HTTP/1.1" 200 15968
116.235.94.33 - - [27/Aug/2023:05:58:15 +0800] "GET /xingrg/all/function/internal_message.html?_=1693087091663&CODE_STATE=getMsg HTTP/1.1" 200 27
120.253.135.82 - - [27/Aug/2023:05:58:15 +0800] "GET /xingrg/dwr/interface/AjaxQqpsService.js HTTP/1.1" 200 16326
120.253.135.82 - - [27/Aug/2023:05:58:15 +0800] "GET /xingrg/dwr/interface/AjaxReportQueryService.js HTTP/1.1" 200 13203
120.253.135.82 - - [27/Aug/2023:05:58:15 +0800] "GET /xingrg/dwr/engine.js HTTP/1.1" 200 43631
180.169.147.146 - - [27/Aug/2023:05:58:18 +0800] "GET /xingrg/all/function/internal_message.html?_=1693087202317&CODE_STATE=getMsg HTTP/1.1" 302 -
116.232.195.127 - - [27/Aug/2023:05:58:18 +0800] "GET /xingrg/all/function/internal_message.html?_=1693087011266&CODE_STATE=getMsg HTTP/1.1" 200 27
120.253.135.82 - - [27/Aug/2023:05:58:19 +0800] "GET /xingrg/kc/pszx/jzcl_ps.html HTTP/1.1" 200 7683
120.253.135.82 - - [27/Aug/2023:05:58:19 +0800] "POST /xingrg/all/common/load_tree.html?tree=area_rest_tree_json HTTP/1.1" 200 3499
120.253.135.82 - - [27/Aug/2023:05:58:19 +0800] "POST /xingrg/kc/pszx/jzcl_ps_operate.html HTTP/1.1" 200 5728
120.253.135.82 - - [27/Aug/2023:05:58:19 +0800] "POST /xingrg/kc/pszx/jzcl_ps_operate.html HTTP/1.1" 200 5728
221.239.167.251 - - [27/Aug/2023:05:58:33 +0800] "GET /xingrg/all/function/internal_message.html?_=1693087113470&CODE_STATE=getMsg HTTP/1.1" 200 27
120.253.135.82 - - [27/Aug/2023:05:58:34 +0800] "POST /xingrg/kc/pszx/jzcl_ps_operate.html HTTP/1.1" 200 4
120.253.135.82 - - [27/Aug/2023:05:58:34 +0800] "GET /xingrg/javascript/step/images/navBtn.gif HTTP/1.1" 304 -
222.70.180.200 - - [27/Aug/2023:05:58:38 +0800] "GET /xingrg/all/function/internal_message.html?_=1693087119450&CODE_STATE=getMsg HTTP/1.1" 200 27
114.95.241.104 - - [27/Aug/2023:05:58:38 +0800] "GET /xingrg/all/function/internal_message.html?_=1693087118328&CODE_STATE=getMsg HTTP/1.1" 200 27
120.253.135.82 - - [27/Aug/2023:05:58:46 +0800] "GET /xingrg/kc/pszx/mdps_order_list.html HTTP/1.1" 200 21149
120.253.135.82 - - [27/Aug/2023:05:58:47 +0800] "POST /xingrg/kc/pszx/jzcl_ps_operate.html HTTP/1.1" 200 4478
120.253.135.82 - - [27/Aug/2023:05:58:47 +0800] "POST /xingrg/kc/pszx/mdps_list_operate.html HTTP/1.1" 200 5463
114.95.241.104 - - [27/Aug/2023:05:58:54 +0800] "GET /xingrg/all/function/internal_message.html?_=1693087036980&CODE_STATE=getMsg HTTP/1.1" 200 27
120.253.135.82 - - [27/Aug/2023:05:58:55 +0800] "POST /xingrg/kc/pszx/mdps_list_operate.html HTTP/1.1" 200 2805
120.253.135.82 - - [27/Aug/2023:05:58:56 +0800] "POST /xingrg/kc/pszx/mdps_list_operate.html HTTP/1.1" 200 283
120.253.135.82 - - [27/Aug/2023:05:58:58 +0800] "GET /xingrg/kc/pszx/mdps_order_info.html?code=312023082700655 HTTP/1.1" 200 23978
120.253.135.82 - - [27/Aug/2023:05:58:58 +0800] "GET /xingrg/javascript/easyui/themes/default/validatebox.css HTTP/1.1" 404 1104
120.253.135.82 - - [27/Aug/2023:05:58:59 +0800] "POST /xingrg/kc/pszx/mdps_order_operate.html HTTP/1.1" 200 2775
120.253.135.82 - - [27/Aug/2023:05:59:04 +0800] "GET /xingrg/check_reg.html?_=1693086955192 HTTP/1.1" 200 22
120.253.135.82 - - [27/Aug/2023:05:59:04 +0800] "POST /xingrg/kc/pszx/mdps_order_operate.html HTTP/1.1" 200 37
120.253.135.82 - - [27/Aug/2023:05:59:06 +0800] "GET /xingrg/kc/pszx/mdps_order_info.html?code=312023082700655 HTTP/1.1" 200 23978
120.253.135.82 - - [27/Aug/2023:05:59:06 +0800] "GET /xingrg/javascript/easyui/themes/default/validatebox.css HTTP/1.1" 404 1104
120.253.135.82 - - [27/Aug/2023:05:59:07 +0800] "POST /xingrg/kc/pszx/mdps_order_operate.html HTTP/1.1" 200 2789
120.253.135.82 - - [27/Aug/2023:05:59:08 +0800] "GET /xingrg/all/function/internal_message.html?_=1693086958468&CODE_STATE=getMsg HTTP/1.1" 200 27
120.253.135.82 - - [27/Aug/2023:05:59:14 +0800] "POST /xingrg/kc/pszx/mdps_list_operate.html HTTP/1.1" 200 385
116.235.94.33 - - [27/Aug/2023:05:59:15 +0800] "GET /xingrg/all/function/internal_message.html?_=1693087151680&CODE_STATE=getMsg HTTP/1.1" 200 27
120.253.135.82 - - [27/Aug/2023:05:59:15 +0800] "GET /xingrg/kc/pszx/mdps_order_info.html?code=312023082700656 HTTP/1.1" 200 23978
120.253.135.82 - - [27/Aug/2023:05:59:16 +0800] "GET /xingrg/javascript/easyui/themes/default/validatebox.css HTTP/1.1" 404 1104
120.253.135.82 - - [27/Aug/2023:05:59:16 +0800] "POST /xingrg/kc/pszx/mdps_order_operate.html HTTP/1.1" 200 3288
120.253.135.82 - - [27/Aug/2023:05:59:17 +0800] "POST /xingrg/all/common/load_combo.html?type=base HTTP/1.1" 200 1169
180.169.147.146 - - [27/Aug/2023:05:59:18 +0800] "GET /xingrg/all/function/internal_message.html?_=1693087262300&CODE_STATE=getMsg HTTP/1.1" 302 -
116.232.195.127 - - [27/Aug/2023:05:59:18 +0800] "GET /xingrg/all/function/internal_message.html?_=1693087071260&CODE_STATE=getMsg HTTP/1.1" 200 27
120.253.135.82 - - [27/Aug/2023:05:59:22 +0800] "POST /xingrg/kc/pszx/mdps_order_operate.html HTTP/1.1" 200 37
120.253.135.82 - - [27/Aug/2023:05:59:23 +0800] "GET /xingrg/kc/pszx/mdps_order_info.html?code=312023082700656 HTTP/1.1" 200 23978
120.253.135.82 - - [27/Aug/2023:05:59:24 +0800] "GET /xingrg/javascript/easyui/themes/default/validatebox.css HTTP/1.1" 404 1104
120.253.135.82 - - [27/Aug/2023:05:59:24 +0800] "POST /xingrg/kc/pszx/mdps_order_operate.html HTTP/1.1" 200 3314
180.169.147.146 - - [27/Aug/2023:05:59:33 +0800] "GET /xingrg/check_reg.html?_=1693087276746 HTTP/1.1" 302 -
221.239.167.251 - - [27/Aug/2023:05:59:33 +0800] "GET /xingrg/all/function/internal_message.html?_=1693087173452&CODE_STATE=getMsg HTTP/1.1" 200 27
120.253.135.82 - - [27/Aug/2023:05:59:35 +0800] "GET /xingrg/kc/pszx/mdps_order_operate.html?command=get_materiel&pszx_code=00101&rest_code=00104&base_code=0010250&code=00102002232 HTTP/1.1" 200 447
222.70.180.200 - - [27/Aug/2023:05:59:38 +0800] "GET /xingrg/all/function/internal_message.html?_=1693087179450&CODE_STATE=getMsg HTTP/1.1" 200 27
222.70.180.200 - - [27/Aug/2023:05:59:38 +0800] "GET /xingrg/check_reg.html?_=1693087179452 HTTP/1.1" 200 22
114.95.241.104 - - [27/Aug/2023:05:59:38 +0800] "GET /xingrg/check_reg.html?_=1693087178329 HTTP/1.1" 200 22
114.95.241.104 - - [27/Aug/2023:05:59:38 +0800] "GET /xingrg/all/function/internal_message.html?_=1693087178332&CODE_STATE=getMsg HTTP/1.1" 200 27
120.253.135.82 - - [27/Aug/2023:05:59:43 +0800] "POST /xingrg/kc/pszx/mdps_order_operate.html HTTP/1.1" 200 37
120.253.135.82 - - [27/Aug/2023:05:59:44 +0800] "GET /xingrg/kc/pszx/mdps_order_info.html?code=312023082700656 HTTP/1.1" 200 23978
120.253.135.82 - - [27/Aug/2023:05:59:44 +0800] "GET /xingrg/javascript/easyui/themes/default/validatebox.css HTTP/1.1" 404 1104
120.253.135.82 - - [27/Aug/2023:05:59:45 +0800] "POST /xingrg/kc/pszx/mdps_order_operate.html HTTP/1.1" 200 3331
120.253.135.82 - - [27/Aug/2023:05:59:46 +0800] "POST /xingrg/kc/pszx/mdps_list_operate.html HTTP/1.1" 200 2805
120.253.135.82 - - [27/Aug/2023:05:59:48 +0800] "POST /xingrg/kc/pszx/mdps_list_operate.html HTTP/1.1" 200 446
120.253.135.82 - - [27/Aug/2023:05:59:51 +0800] "POST /xingrg/kc/pszx/mdps_list_operate.html HTTP/1.1" 200 311
120.253.135.82 - - [27/Aug/2023:05:59:52 +0800] "GET /xingrg/kc/pszx/mdps_order_info.html?code=312023082700657 HTTP/1.1" 200 23978
120.253.135.82 - - [27/Aug/2023:05:59:52 +0800] "GET /xingrg/javascript/easyui/themes/default/validatebox.css HTTP/1.1" 404 1104
120.253.135.82 - - [27/Aug/2023:05:59:53 +0800] "POST /xingrg/kc/pszx/mdps_order_operate.html HTTP/1.1" 200 2819
114.95.241.104 - - [27/Aug/2023:05:59:54 +0800] "GET /xingrg/all/function/internal_message.html?_=1693087096993&CODE_STATE=getMsg HTTP/1.1" 200 27
120.253.135.82 - - [27/Aug/2023:05:59:58 +0800] "POST /xingrg/kc/pszx/mdps_order_operate.html HTTP/1.1" 200 37
120.253.135.82 - - [27/Aug/2023:06:00:00 +0800] "GET /xingrg/kc/pszx/mdps_order_info.html?code=312023082700657 HTTP/1.1" 200 23978
120.253.135.82 - - [27/Aug/2023:06:00:00 +0800] "GET /xingrg/javascript/easyui/themes/default/validatebox.css HTTP/1.1" 404 1104
120.253.135.82 - - [27/Aug/2023:06:00:01 +0800] "POST /xingrg/kc/pszx/mdps_order_operate.html HTTP/1.1" 200 2838
120.253.135.82 - - [27/Aug/2023:06:00:05 +0800] "POST /xingrg/all/common/load_select.html HTTP/1.1" 200 25
120.253.135.82 - - [27/Aug/2023:06:00:07 +0800] "GET /xingrg/kc/pszx/mdps_order_operate.html?command=get_materiel_price&pszx_code=00101&rest_code=00104&base_code=0010246&code=00101029073&unit_code=00100179&order_time=2023-08-28 HTTP/1.1" 200 34
120.253.135.82 - - [27/Aug/2023:06:00:08 +0800] "GET /xingrg/all/function/internal_message.html?_=1693087018482&CODE_STATE=getMsg HTTP/1.1" 200 27
116.235.94.33 - - [27/Aug/2023:06:00:15 +0800] "GET /xingrg/all/function/internal_message.html?_=1693087211667&CODE_STATE=getMsg HTTP/1.1" 200 27
120.253.135.82 - - [27/Aug/2023:06:00:17 +0800] "POST /xingrg/kc/pszx/mdps_order_operate.html HTTP/1.1" 200 37
120.253.135.82 - - [27/Aug/2023:06:00:18 +0800] "GET /xingrg/kc/pszx/mdps_order_info.html?code=312023082700657 HTTP/1.1" 200 23978
116.232.195.127 - - [27/Aug/2023:06:00:18 +0800] "GET /xingrg/all/function/internal_message.html?_=1693087131243&CODE_STATE=getMsg HTTP/1.1" 200 27
120.253.135.82 - - [27/Aug/2023:06:00:19 +0800] "GET /xingrg/javascript/easyui/themes/default/validatebox.css HTTP/1.1" 404 1104
120.253.135.82 - - [27/Aug/2023:06:00:19 +0800] "POST /xingrg/kc/pszx/mdps_order_operate.html HTTP/1.1" 200 2836
120.253.135.82 - - [27/Aug/2023:06:00:20 +0800] "POST /xingrg/kc/pszx/mdps_list_operate.html HTTP/1.1" 200 2805
120.253.135.82 - - [27/Aug/2023:06:00:21 +0800] "POST /xingrg/kc/pszx/mdps_list_operate.html HTTP/1.1" 200 446
120.253.135.82 - - [27/Aug/2023:06:00:28 +0800] "GET /xingrg/kc/pszx/mdqp_order_list.html?state=10 HTTP/1.1" 200 14755
120.253.135.82 - - [27/Aug/2023:06:00:28 +0800] "GET /xingrg/dwr/interface/AjaxQqpsService.js HTTP/1.1" 200 16326
120.253.135.82 - - [27/Aug/2023:06:00:28 +0800] "GET /xingrg/dwr/interface/AjaxReportQueryService.js HTTP/1.1" 200 13203
120.253.135.82 - - [27/Aug/2023:06:00:28 +0800] "GET /xingrg/dwr/engine.js HTTP/1.1" 200 43631
120.253.135.82 - - [27/Aug/2023:06:00:32 +0800] "GET /xingrg/kc/pszx/mdqp_order_info.html?code=302023082600520 HTTP/1.1" 200 13350
120.253.135.82 - - [27/Aug/2023:06:00:32 +0800] "GET /xingrg/dwr/interface/AjaxQqpsService.js HTTP/1.1" 200 16326
120.253.135.82 - - [27/Aug/2023:06:00:32 +0800] "GET /xingrg/dwr/interface/AjaxComOrderService.js HTTP/1.1" 200 18264
120.253.135.82 - - [27/Aug/2023:06:00:32 +0800] "GET /xingrg/dwr/engine.js HTTP/1.1" 200 43631
120.253.135.82 - - [27/Aug/2023:06:00:33 +0800] "POST /xingrg/dwr/call/plaincall/AjaxQqpsService.loadMaterielItems.dwr HTTP/1.1" 200 3907
221.239.167.251 - - [27/Aug/2023:06:00:33 +0800] "GET /xingrg/all/function/internal_message.html?_=1693087233431&CODE_STATE=getMsg HTTP/1.1" 200 27
120.253.135.82 - - [27/Aug/2023:06:00:34 +0800] "GET /xingrg/images/yd/bt.gif HTTP/1.1" 404 1040
120.253.135.82 - - [27/Aug/2023:06:00:34 +0800] "GET /xingrg/images/yd/bt2.gif HTTP/1.1" 404 1042
222.70.180.200 - - [27/Aug/2023:06:00:38 +0800] "GET /xingrg/all/function/internal_message.html?_=1693087239451&CODE_STATE=getMsg HTTP/1.1" 200 27
114.95.241.104 - - [27/Aug/2023:06:00:38 +0800] "GET /xingrg/all/function/internal_message.html?_=1693087238333&CODE_STATE=getMsg HTTP/1.1" 200 27
120.253.135.82 - - [27/Aug/2023:06:00:51 +0800] "GET /xingrg/kc/pszx/mdqp_order_list.html?isBack=1 HTTP/1.1" 302 -
120.253.135.82 - - [27/Aug/2023:06:00:52 +0800] "GET /xingrg/kc/pszx/mdqp_order_list.html?state=10 HTTP/1.1" 200 14755
120.253.135.82 - - [27/Aug/2023:06:00:52 +0800] "GET /xingrg/dwr/interface/AjaxReportQueryService.js HTTP/1.1" 200 13203
120.253.135.82 - - [27/Aug/2023:06:00:52 +0800] "GET /xingrg/dwr/interface/AjaxQqpsService.js HTTP/1.1" 200 16326
120.253.135.82 - - [27/Aug/2023:06:00:52 +0800] "GET /xingrg/dwr/engine.js HTTP/1.1" 200 43631
114.95.241.104 - - [27/Aug/2023:06:00:54 +0800] "GET /xingrg/all/function/internal_message.html?_=1693087157069&CODE_STATE=getMsg HTTP/1.1" 200 27
180.169.147.146 - - [27/Aug/2023:06:01:00 +0800] "GET /xingrg/all/function/internal_message.html?_=1693087322274&CODE_STATE=getMsg HTTP/1.1" 302 -
120.253.135.82 - - [27/Aug/2023:06:01:08 +0800] "GET /xingrg/all/function/internal_message.html?_=1693087078496&CODE_STATE=getMsg HTTP/1.1" 200 27
116.235.94.33 - - [27/Aug/2023:06:01:15 +0800] "GET /xingrg/all/function/internal_message.html?_=1693087271674&CODE_STATE=getMsg HTTP/1.1" 200 27
180.169.147.146 - - [27/Aug/2023:06:01:18 +0800] "GET /xingrg/all/function/internal_message.html?_=1693087382280&CODE_STATE=getMsg HTTP/1.1" 302 -
116.232.195.127 - - [27/Aug/2023:06:01:18 +0800] "GET /xingrg/all/function/internal_message.html?_=1693087191216&CODE_STATE=getMsg HTTP/1.1" 200 27
114.95.241.104 - - [27/Aug/2023:06:01:23 +0800] "GET /xingrg/check_reg.html?_=1693087185984 HTTP/1.1" 200 22
221.239.167.251 - - [27/Aug/2023:06:01:33 +0800] "GET /xingrg/all/function/internal_message.html?_=1693087293400&CODE_STATE=getMsg HTTP/1.1" 200 27
222.70.180.200 - - [27/Aug/2023:06:01:38 +0800] "GET /xingrg/all/function/internal_message.html?_=1693087299477&CODE_STATE=getMsg HTTP/1.1" 200 27
