120.253.135.82 - - [27/Aug/2023:06:11:58 +0800] "POST /xingrg/kc/pszx/mdps_order_operate.html HTTP/1.1" 200 37
222.70.173.75 - - [27/Aug/2023:06:11:59 +0800] "GET /xingrg/all/function/internal_message.html?_=1693087918747&CODE_STATE=getMsg HTTP/1.1" 200 27
120.253.135.82 - - [27/Aug/2023:06:11:59 +0800] "GET /xingrg/kc/pszx/mdps_order_info.html?code=312023082700661 HTTP/1.1" 200 23978
120.253.135.82 - - [27/Aug/2023:06:12:00 +0800] "GET /xingrg/javascript/easyui/themes/default/validatebox.css HTTP/1.1" 404 1104
120.253.135.82 - - [27/Aug/2023:06:12:00 +0800] "POST /xingrg/kc/pszx/mdps_order_operate.html HTTP/1.1" 200 6828
120.253.135.82 - - [27/Aug/2023:06:12:01 +0800] "POST /xingrg/kc/pszx/mdps_list_operate.html HTTP/1.1" 200 5032
120.253.135.82 - - [27/Aug/2023:06:12:03 +0800] "POST /xingrg/kc/pszx/mdps_list_operate.html HTTP/1.1" 200 211
120.253.135.82 - - [27/Aug/2023:06:12:05 +0800] "GET /xingrg/kc/pszx/mdps_order_info.html?code=312023082700666 HTTP/1.1" 200 23978
120.253.135.82 - - [27/Aug/2023:06:12:05 +0800] "GET /xingrg/javascript/easyui/themes/default/validatebox.css HTTP/1.1" 404 1104
120.253.135.82 - - [27/Aug/2023:06:12:06 +0800] "POST /xingrg/kc/pszx/mdps_order_operate.html HTTP/1.1" 200 2285
120.253.135.82 - - [27/Aug/2023:06:12:08 +0800] "POST /xingrg/kc/pszx/mdps_order_operate.html HTTP/1.1" 200 12
120.253.135.82 - - [27/Aug/2023:06:12:09 +0800] "POST /xingrg/kc/pszx/mdps_list_operate.html HTTP/1.1" 200 4660
120.253.135.82 - - [27/Aug/2023:06:12:09 +0800] "GET /xingrg/all/function/internal_message.html?_=1693087740299&CODE_STATE=getMsg HTTP/1.1" 200 27
222.70.173.75 - - [27/Aug/2023:06:12:11 +0800] "GET /xingrg/kc/base/wldb_order_operate.html?command=get_materiel&rest_code=00146&base_code=0010063&code=00101019289 HTTP/1.1" 200 469
120.253.135.82 - - [27/Aug/2023:06:12:11 +0800] "POST /xingrg/kc/pszx/mdps_list_operate.html HTTP/1.1" 200 232
120.253.135.82 - - [27/Aug/2023:06:12:14 +0800] "POST /xingrg/kc/pszx/mdps_list_operate.html HTTP/1.1" 200 204
116.235.94.33 - - [27/Aug/2023:06:12:15 +0800] "GET /xingrg/all/function/internal_message.html?_=1693087931660&CODE_STATE=getMsg HTTP/1.1" 200 27
116.235.94.33 - - [27/Aug/2023:06:12:15 +0800] "GET /xingrg/check_reg.html?_=1693087931663 HTTP/1.1" 200 22
120.253.135.82 - - [27/Aug/2023:06:12:17 +0800] "GET /xingrg/kc/pszx/mdps_order_info.html?code=312023082700667 HTTP/1.1" 200 23978
120.253.135.82 - - [27/Aug/2023:06:12:17 +0800] "GET /xingrg/javascript/easyui/themes/default/validatebox.css HTTP/1.1" 404 1104
120.253.135.82 - - [27/Aug/2023:06:12:18 +0800] "POST /xingrg/kc/pszx/mdps_order_operate.html HTTP/1.1" 200 2320
180.169.147.146 - - [27/Aug/2023:06:12:18 +0800] "GET /xingrg/all/function/internal_message.html?_=1693088042048&CODE_STATE=getMsg HTTP/1.1" 302 -
116.232.195.127 - - [27/Aug/2023:06:12:18 +0800] "GET /xingrg/all/function/internal_message.html?_=1693087851031&CODE_STATE=getMsg HTTP/1.1" 200 27
120.253.135.82 - - [27/Aug/2023:06:12:21 +0800] "POST /xingrg/kc/pszx/mdps_order_operate.html HTTP/1.1" 200 37
120.253.135.82 - - [27/Aug/2023:06:12:22 +0800] "GET /xingrg/kc/pszx/mdps_order_info.html?code=312023082700667 HTTP/1.1" 200 23978
120.253.135.82 - - [27/Aug/2023:06:12:23 +0800] "GET /xingrg/javascript/easyui/themes/default/validatebox.css HTTP/1.1" 404 1104
120.253.135.82 - - [27/Aug/2023:06:12:23 +0800] "POST /xingrg/kc/pszx/mdps_order_operate.html HTTP/1.1" 200 2328
120.253.135.82 - - [27/Aug/2023:06:12:26 +0800] "POST /xingrg/kc/pszx/mdps_list_operate.html HTTP/1.1" 200 4660
120.253.135.82 - - [27/Aug/2023:06:12:28 +0800] "POST /xingrg/kc/pszx/mdps_list_operate.html HTTP/1.1" 200 204
116.232.195.127 - - [27/Aug/2023:06:12:30 +0800] "GET /xingrg/check_reg.html?_=1693087863134 HTTP/1.1" 200 22
120.253.135.82 - - [27/Aug/2023:06:12:33 +0800] "POST /xingrg/kc/pszx/mdps_list_operate.html HTTP/1.1" 200 279
221.239.167.251 - - [27/Aug/2023:06:12:33 +0800] "GET /xingrg/all/function/internal_message.html?_=1693087953167&CODE_STATE=getMsg HTTP/1.1" 200 27
222.70.173.75 - - [27/Aug/2023:06:12:34 +0800] "POST /xingrg/kc/base/wldb_order_operate.html HTTP/1.1" 200 37
120.253.135.82 - - [27/Aug/2023:06:12:35 +0800] "GET /xingrg/kc/pszx/mdps_order_info.html?code=312023082700659 HTTP/1.1" 200 23978
120.253.135.82 - - [27/Aug/2023:06:12:36 +0800] "GET /xingrg/javascript/easyui/themes/default/validatebox.css HTTP/1.1" 404 1104
120.253.135.82 - - [27/Aug/2023:06:12:36 +0800] "POST /xingrg/kc/pszx/mdps_order_operate.html HTTP/1.1" 200 2767
222.70.180.200 - - [27/Aug/2023:06:12:38 +0800] "GET /xingrg/all/function/internal_message.html?_=1693087959474&CODE_STATE=getMsg HTTP/1.1" 200 27
114.95.241.104 - - [27/Aug/2023:06:12:38 +0800] "GET /xingrg/all/function/internal_message.html?_=1693087958378&CODE_STATE=getMsg HTTP/1.1" 200 27
120.253.135.82 - - [27/Aug/2023:06:12:40 +0800] "POST /xingrg/kc/pszx/mdps_list_operate.html HTTP/1.1" 200 4660
120.253.135.82 - - [27/Aug/2023:06:12:41 +0800] "POST /xingrg/kc/pszx/mdps_list_operate.html HTTP/1.1" 200 655
222.70.173.75 - - [27/Aug/2023:06:12:42 +0800] "POST /xingrg/kc/base/wldb_order_operate.html HTTP/1.1" 200 12
222.70.173.75 - - [27/Aug/2023:06:12:42 +0800] "POST /xingrg/kc/base/wldb_order_operate.html HTTP/1.1" 200 6209
120.253.135.82 - - [27/Aug/2023:06:12:43 +0800] "GET /xingrg/kc/pszx/mdps_order_info.html?code=312023082700660 HTTP/1.1" 200 23978
120.253.135.82 - - [27/Aug/2023:06:12:44 +0800] "GET /xingrg/javascript/easyui/themes/default/validatebox.css HTTP/1.1" 404 1104
120.253.135.82 - - [27/Aug/2023:06:12:44 +0800] "POST /xingrg/kc/pszx/mdps_order_operate.html HTTP/1.1" 200 8008
222.70.173.75 - - [27/Aug/2023:06:12:44 +0800] "GET /xingrg/kc/base/wldb_order_info.html?code=422023082702867 HTTP/1.1" 200 26383
222.70.173.75 - - [27/Aug/2023:06:12:45 +0800] "GET /xingrg/javascript/easyui/themes/default/validatebox.css HTTP/1.1" 404 1104
222.70.173.75 - - [27/Aug/2023:06:12:45 +0800] "POST /xingrg/kc/base/wldb_order_operate.html HTTP/1.1" 200 4414
222.70.173.75 - - [27/Aug/2023:06:12:49 +0800] "GET /xingrg/kc/base/wldb_order_add.html HTTP/1.1" 200 30504
222.70.173.75 - - [27/Aug/2023:06:12:50 +0800] "POST /xingrg/kc/base/wldb_order_operate.html HTTP/1.1" 200 6806
222.70.173.75 - - [27/Aug/2023:06:12:50 +0800] "GET /xingrg/javascript/easyui/themes/default/validatebox.css HTTP/1.1" 404 1104
221.239.167.251 - - [27/Aug/2023:06:12:52 +0800] "GET /xingrg/check_reg.html?_=1693087972096 HTTP/1.1" 200 22
114.95.241.104 - - [27/Aug/2023:06:12:55 +0800] "GET /xingrg/all/function/internal_message.html?_=1693087877480&CODE_STATE=getMsg HTTP/1.1" 200 27
222.70.173.75 - - [27/Aug/2023:06:12:59 +0800] "GET /xingrg/all/function/internal_message.html?_=1693087978762&CODE_STATE=getMsg HTTP/1.1" 200 27
120.253.135.82 - - [27/Aug/2023:06:12:59 +0800] "POST /xingrg/kc/pszx/mdps_list_operate.html HTTP/1.1" 200 4660
120.253.135.82 - - [27/Aug/2023:06:13:00 +0800] "POST /xingrg/kc/pszx/mdps_list_operate.html HTTP/1.1" 200 614
120.253.135.82 - - [27/Aug/2023:06:13:03 +0800] "POST /xingrg/kc/pszx/mdps_list_operate.html HTTP/1.1" 200 274
222.70.173.75 - - [27/Aug/2023:06:13:05 +0800] "GET /xingrg/kc/base/wldb_order_operate.html?command=get_materiel&rest_code=00146&base_code=0010063&code=00101016019 HTTP/1.1" 200 451
120.253.135.82 - - [27/Aug/2023:06:13:05 +0800] "POST /xingrg/kc/pszx/mdps_list_operate.html HTTP/1.1" 200 273
120.253.135.82 - - [27/Aug/2023:06:13:10 +0800] "GET /xingrg/all/function/internal_message.html?_=1693087800478&CODE_STATE=getMsg HTTP/1.1" 200 27
222.67.237.86 - - [27/Aug/2023:06:13:13 +0800] "POST /xingrg/services/DataTransmitService HTTP/1.1" 200 524
114.95.241.104 - - [27/Aug/2023:06:13:13 +0800] "POST /xingrg/services/DataTransmitService HTTP/1.1" 200 524
222.70.173.75 - - [27/Aug/2023:06:13:13 +0800] "GET /xingrg/kc/base/wldb_order_operate.html?command=get_materiel&rest_code=00146&base_code=0010063&code=00101019133 HTTP/1.1" 200 480
116.235.94.33 - - [27/Aug/2023:06:13:15 +0800] "GET /xingrg/all/function/internal_message.html?_=1693087991668&CODE_STATE=getMsg HTTP/1.1" 200 27
180.169.147.146 - - [27/Aug/2023:06:13:18 +0800] "GET /xingrg/all/function/internal_message.html?_=1693088102056&CODE_STATE=getMsg HTTP/1.1" 302 -
116.232.195.127 - - [27/Aug/2023:06:13:18 +0800] "GET /xingrg/all/function/internal_message.html?_=1693087911015&CODE_STATE=getMsg HTTP/1.1" 200 27
116.235.94.33 - - [27/Aug/2023:06:13:22 +0800] "POST /xingrg/services/DataTransmitService HTTP/1.1" 200 524
116.232.195.127 - - [27/Aug/2023:06:13:26 +0800] "POST /xingrg/services/DataTransmitService HTTP/1.1" 200 524
222.70.173.75 - - [27/Aug/2023:06:13:26 +0800] "GET /xingrg/kc/base/wldb_order_operate.html?command=get_materiel&rest_code=00146&base_code=0010063&code=00101019391 HTTP/1.1" 200 485
221.239.167.251 - - [27/Aug/2023:06:13:33 +0800] "GET /xingrg/all/function/internal_message.html?_=1693088013148&CODE_STATE=getMsg HTTP/1.1" 200 27
120.253.135.82 - - [27/Aug/2023:06:13:34 +0800] "POST /xingrg/kc/pszx/mdps_list_operate.html HTTP/1.1" 200 198
120.253.135.82 - - [27/Aug/2023:06:13:36 +0800] "POST /xingrg/kc/pszx/mdps_list_operate.html HTTP/1.1" 200 212
222.70.173.75 - - [27/Aug/2023:06:13:37 +0800] "GET /xingrg/kc/base/wldb_order_operate.html?command=get_materiel&rest_code=00146&base_code=0010063&code=00101016094 HTTP/1.1" 200 469
120.253.135.82 - - [27/Aug/2023:06:13:38 +0800] "POST /xingrg/kc/pszx/mdps_list_operate.html HTTP/1.1" 200 232
222.70.180.200 - - [27/Aug/2023:06:13:38 +0800] "GET /xingrg/all/function/internal_message.html?_=1693088019474&CODE_STATE=getMsg HTTP/1.1" 200 27
114.95.241.104 - - [27/Aug/2023:06:13:38 +0800] "GET /xingrg/all/function/internal_message.html?_=1693088018380&CODE_STATE=getMsg HTTP/1.1" 200 27
120.253.135.82 - - [27/Aug/2023:06:13:40 +0800] "POST /xingrg/kc/pszx/mdps_list_operate.html HTTP/1.1" 200 204
120.253.135.82 - - [27/Aug/2023:06:13:43 +0800] "GET /xingrg/kc/pszx/mdqp_order_list.html?state=10 HTTP/1.1" 200 10713
120.253.135.82 - - [27/Aug/2023:06:13:43 +0800] "GET /xingrg/dwr/interface/AjaxQqpsService.js HTTP/1.1" 200 16326
120.253.135.82 - - [27/Aug/2023:06:13:43 +0800] "GET /xingrg/dwr/engine.js HTTP/1.1" 200 43631
120.253.135.82 - - [27/Aug/2023:06:13:44 +0800] "GET /xingrg/dwr/interface/AjaxReportQueryService.js HTTP/1.1" 200 13203
222.70.173.75 - - [27/Aug/2023:06:13:46 +0800] "GET /xingrg/kc/base/wldb_order_operate.html?command=get_materiel&rest_code=00146&base_code=0010063&code=00101019313 HTTP/1.1" 200 457
120.253.135.82 - - [27/Aug/2023:06:13:47 +0800] "GET /xingrg/kc/pszx/mdps_order_list.html?orderType=0 HTTP/1.1" 200 21149
120.253.135.82 - - [27/Aug/2023:06:13:47 +0800] "POST /xingrg/kc/pszx/mdps_list_operate.html HTTP/1.1" 200 5459
114.95.241.104 - - [27/Aug/2023:06:13:55 +0800] "GET /xingrg/all/function/internal_message.html?_=1693087937550&CODE_STATE=getMsg HTTP/1.1" 200 27
222.70.173.75 - - [27/Aug/2023:06:13:59 +0800] "GET /xingrg/all/function/internal_message.html?_=1693088038790&CODE_STATE=getMsg HTTP/1.1" 200 27
120.253.135.82 - - [27/Aug/2023:06:14:04 +0800] "GET /xingrg/check_reg.html?_=1693087855216 HTTP/1.1" 200 22
120.253.135.82 - - [27/Aug/2023:06:14:06 +0800] "POST /xingrg/kc/pszx/mdps_list_operate.html HTTP/1.1" 200 5035
120.253.135.82 - - [27/Aug/2023:06:14:08 +0800] "POST /xingrg/kc/pszx/mdps_list_operate.html HTTP/1.1" 200 288
120.253.135.82 - - [27/Aug/2023:06:14:10 +0800] "GET /xingrg/all/function/internal_message.html?_=1693087860482&CODE_STATE=getMsg HTTP/1.1" 200 27
120.253.135.82 - - [27/Aug/2023:06:14:10 +0800] "POST /xingrg/kc/pszx/mdps_list_operate.html HTTP/1.1" 200 290
222.70.173.75 - - [27/Aug/2023:06:14:12 +0800] "POST /xingrg/kc/base/wldb_order_operate.html HTTP/1.1" 200 37
116.235.94.33 - - [27/Aug/2023:06:14:15 +0800] "GET /xingrg/all/function/internal_message.html?_=1693088051660&CODE_STATE=getMsg HTTP/1.1" 200 27
180.169.147.146 - - [27/Aug/2023:06:14:18 +0800] "GET /xingrg/all/function/internal_message.html?_=1693088162031&CODE_STATE=getMsg HTTP/1.1" 302 -
116.232.195.127 - - [27/Aug/2023:06:14:18 +0800] "GET /xingrg/all/function/internal_message.html?_=1693087970988&CODE_STATE=getMsg HTTP/1.1" 200 27
222.70.173.75 - - [27/Aug/2023:06:14:20 +0800] "POST /xingrg/kc/base/wldb_order_operate.html HTTP/1.1" 200 12
222.70.173.75 - - [27/Aug/2023:06:14:20 +0800] "POST /xingrg/kc/base/wldb_order_operate.html HTTP/1.1" 200 4216
180.169.147.146 - - [27/Aug/2023:06:14:33 +0800] "GET /xingrg/check_reg.html?_=1693088176750 HTTP/1.1" 302 -
221.239.167.251 - - [27/Aug/2023:06:14:33 +0800] "GET /xingrg/all/function/internal_message.html?_=1693088073117&CODE_STATE=getMsg HTTP/1.1" 200 27
222.70.180.200 - - [27/Aug/2023:06:14:38 +0800] "GET /xingrg/check_reg.html?_=1693088079475 HTTP/1.1" 200 22
222.70.180.200 - - [27/Aug/2023:06:14:38 +0800] "GET /xingrg/all/function/internal_message.html?_=1693088079473&CODE_STATE=getMsg HTTP/1.1" 200 27
114.95.241.104 - - [27/Aug/2023:06:14:38 +0800] "GET /xingrg/check_reg.html?_=1693088078376 HTTP/1.1" 200 22
114.95.241.104 - - [27/Aug/2023:06:14:38 +0800] "GET /xingrg/all/function/internal_message.html?_=1693088078379&CODE_STATE=getMsg HTTP/1.1" 200 27
222.70.173.75 - - [27/Aug/2023:06:14:40 +0800] "GET /xingrg/kc/base/wldb_order_info.html?code=422023082702868 HTTP/1.1" 200 26383
222.70.173.75 - - [27/Aug/2023:06:14:40 +0800] "GET /xingrg/javascript/easyui/themes/default/validatebox.css HTTP/1.1" 404 1104
222.70.173.75 - - [27/Aug/2023:06:14:41 +0800] "POST /xingrg/kc/base/wldb_order_operate.html HTTP/1.1" 200 2465
222.70.173.75 - - [27/Aug/2023:06:14:44 +0800] "GET /xingrg/kc/base/wldb_order_add.html HTTP/1.1" 200 30504
222.70.173.75 - - [27/Aug/2023:06:14:45 +0800] "POST /xingrg/kc/base/wldb_order_operate.html HTTP/1.1" 200 6806
222.70.173.75 - - [27/Aug/2023:06:14:45 +0800] "GET /xingrg/javascript/easyui/themes/default/validatebox.css HTTP/1.1" 404 1104
114.95.241.104 - - [27/Aug/2023:06:14:55 +0800] "GET /xingrg/all/function/internal_message.html?_=1693087997554&CODE_STATE=getMsg HTTP/1.1" 200 27
222.70.173.75 - - [27/Aug/2023:06:14:59 +0800] "GET /xingrg/all/function/internal_message.html?_=1693088098804&CODE_STATE=getMsg HTTP/1.1" 200 27
222.70.173.75 - - [27/Aug/2023:06:15:02 +0800] "GET /xingrg/check_reg.html?_=1693088101908 HTTP/1.1" 200 22
222.70.173.75 - - [27/Aug/2023:06:15:06 +0800] "GET /xingrg/kc/base/wldb_order_operate.html?command=get_materiel&rest_code=00146&base_code=0010063&code=00101019529 HTTP/1.1" 200 475
120.253.135.82 - - [27/Aug/2023:06:15:09 +0800] "POST /xingrg/kc/pszx/mdps_list_operate.html HTTP/1.1" 200 3859
120.253.135.82 - - [27/Aug/2023:06:15:10 +0800] "GET /xingrg/all/function/internal_message.html?_=1693087920496&CODE_STATE=getMsg HTTP/1.1" 200 27
120.253.135.82 - - [27/Aug/2023:06:15:11 +0800] "POST /xingrg/kc/pszx/mdps_list_operate.html HTTP/1.1" 200 288
116.235.94.33 - - [27/Aug/2023:06:15:15 +0800] "GET /xingrg/all/function/internal_message.html?_=1693088111676&CODE_STATE=getMsg HTTP/1.1" 200 27
180.169.147.146 - - [27/Aug/2023:06:15:18 +0800] "GET /xingrg/all/function/internal_message.html?_=1693088222010&CODE_STATE=getMsg HTTP/1.1" 302 -
116.232.195.127 - - [27/Aug/2023:06:15:18 +0800] "GET /xingrg/all/function/internal_message.html?_=1693088030960&CODE_STATE=getMsg HTTP/1.1" 200 27
222.70.173.75 - - [27/Aug/2023:06:15:29 +0800] "POST /xingrg/kc/base/wldb_order_operate.html HTTP/1.1" 200 37
221.239.167.251 - - [27/Aug/2023:06:15:33 +0800] "GET /xingrg/all/function/internal_message.html?_=1693088133089&CODE_STATE=getMsg HTTP/1.1" 200 27
222.70.173.75 - - [27/Aug/2023:06:15:36 +0800] "POST /xingrg/kc/base/wldb_order_operate.html HTTP/1.1" 200 12
222.70.173.75 - - [27/Aug/2023:06:15:37 +0800] "POST /xingrg/kc/base/wldb_order_operate.html HTTP/1.1" 200 2720
222.70.180.200 - - [27/Aug/2023:06:15:38 +0800] "GET /xingrg/all/function/internal_message.html?_=1693088139473&CODE_STATE=getMsg HTTP/1.1" 200 27
114.95.241.104 - - [27/Aug/2023:06:15:38 +0800] "GET /xingrg/all/function/internal_message.html?_=1693088138380&CODE_STATE=getMsg HTTP/1.1" 200 27
222.70.173.75 - - [27/Aug/2023:06:15:39 +0800] "GET /xingrg/kc/base/wldb_order_info.html?code=422023082702869 HTTP/1.1" 200 26383
222.70.173.75 - - [27/Aug/2023:06:15:40 +0800] "GET /xingrg/javascript/easyui/themes/default/validatebox.css HTTP/1.1" 404 1104
222.70.173.75 - - [27/Aug/2023:06:15:40 +0800] "POST /xingrg/kc/base/wldb_order_operate.html HTTP/1.1" 200 1005
222.70.173.75 - - [27/Aug/2023:06:15:42 +0800] "GET /xingrg/kc/base/wldb_order_add.html HTTP/1.1" 200 30504
222.70.173.75 - - [27/Aug/2023:06:15:43 +0800] "POST /xingrg/kc/base/wldb_order_operate.html HTTP/1.1" 200 6806
222.70.173.75 - - [27/Aug/2023:06:15:43 +0800] "GET /xingrg/javascript/easyui/themes/default/validatebox.css HTTP/1.1" 404 1104
180.157.252.226 - - [27/Aug/2023:06:15:53 +0800] "POST /xingrg/services/DataTransmitService HTTP/1.1" 200 524
114.95.241.104 - - [27/Aug/2023:06:15:55 +0800] "GET /xingrg/all/function/internal_message.html?_=1693088057632&CODE_STATE=getMsg HTTP/1.1" 200 27
120.253.135.82 - - [27/Aug/2023:06:15:57 +0800] "POST /xingrg/kc/pszx/mdps_list_operate.html HTTP/1.1" 200 3855
222.70.173.75 - - [27/Aug/2023:06:15:59 +0800] "GET /xingrg/all/function/internal_message.html?_=1693088158817&CODE_STATE=getMsg HTTP/1.1" 200 27
222.70.173.75 - - [27/Aug/2023:06:16:01 +0800] "GET /xingrg/kc/base/wldb_order_operate.html?command=get_materiel&rest_code=00146&base_code=0010064&code=00102002448 HTTP/1.1" 200 440
120.253.135.82 - - [27/Aug/2023:06:16:10 +0800] "GET /xingrg/all/function/internal_message.html?_=1693087980509&CODE_STATE=getMsg HTTP/1.1" 200 27
222.70.173.75 - - [27/Aug/2023:06:16:15 +0800] "GET /xingrg/kc/base/wldb_order_operate.html?command=get_materiel&rest_code=00146&base_code=0010064&code=00102004030 HTTP/1.1" 200 444
116.235.94.33 - - [27/Aug/2023:06:16:15 +0800] "GET /xingrg/all/function/internal_message.html?_=1693088171666&CODE_STATE=getMsg HTTP/1.1" 200 27
180.169.147.146 - - [27/Aug/2023:06:16:18 +0800] "GET /xingrg/all/function/internal_message.html?_=1693088281981&CODE_STATE=getMsg HTTP/1.1" 302 -
116.232.195.127 - - [27/Aug/2023:06:16:18 +0800] "GET /xingrg/all/function/internal_message.html?_=1693088090943&CODE_STATE=getMsg HTTP/1.1" 200 27
114.95.241.104 - - [27/Aug/2023:06:16:23 +0800] "GET /xingrg/check_reg.html?_=1693088085991 HTTP/1.1" 200 22
222.70.173.75 - - [27/Aug/2023:06:16:27 +0800] "POST /xingrg/kc/base/wldb_order_operate.html HTTP/1.1" 200 37
221.239.167.251 - - [27/Aug/2023:06:16:33 +0800] "GET /xingrg/all/function/internal_message.html?_=1693088193060&CODE_STATE=getMsg HTTP/1.1" 200 27
222.70.173.75 - - [27/Aug/2023:06:16:35 +0800] "POST /xingrg/kc/base/wldb_order_operate.html HTTP/1.1" 200 12
222.70.173.75 - - [27/Aug/2023:06:16:35 +0800] "POST /xingrg/kc/base/wldb_order_operate.html HTTP/1.1" 200 2668
222.70.180.200 - - [27/Aug/2023:06:16:38 +0800] "GET /xingrg/all/function/internal_message.html?_=1693088199472&CODE_STATE=getMsg HTTP/1.1" 200 27
114.95.241.104 - - [27/Aug/2023:06:16:38 +0800] "GET /xingrg/all/function/internal_message.html?_=1693088198383&CODE_STATE=getMsg HTTP/1.1" 200 27
120.253.135.82 - - [27/Aug/2023:06:16:39 +0800] "POST /xingrg/kc/pszx/mdps_list_operate.html HTTP/1.1" 200 4665
120.253.135.82 - - [27/Aug/2023:06:16:41 +0800] "POST /xingrg/kc/pszx/mdps_list_operate.html HTTP/1.1" 200 279
222.70.173.75 - - [27/Aug/2023:06:16:41 +0800] "GET /xingrg/kc/base/wldb_order_info.html?code=422023082702870 HTTP/1.1" 200 26382
222.70.173.75 - - [27/Aug/2023:06:16:41 +0800] "GET /xingrg/javascript/easyui/themes/default/validatebox.css HTTP/1.1" 404 1104
222.70.173.75 - - [27/Aug/2023:06:16:42 +0800] "POST /xingrg/kc/base/wldb_order_operate.html HTTP/1.1" 200 952
222.70.173.75 - - [27/Aug/2023:06:16:45 +0800] "GET /xingrg/kc/base/wldb_order_add.html HTTP/1.1" 200 30504
222.70.173.75 - - [27/Aug/2023:06:16:45 +0800] "POST /xingrg/kc/base/wldb_order_operate.html HTTP/1.1" 200 6806
222.70.173.75 - - [27/Aug/2023:06:16:45 +0800] "GET /xingrg/javascript/easyui/themes/default/validatebox.css HTTP/1.1" 404 1104
114.95.241.104 - - [27/Aug/2023:06:16:55 +0800] "GET /xingrg/all/function/internal_message.html?_=1693088117644&CODE_STATE=getMsg HTTP/1.1" 200 27
222.70.173.75 - - [27/Aug/2023:06:16:59 +0800] "GET /xingrg/all/function/internal_message.html?_=1693088218832&CODE_STATE=getMsg HTTP/1.1" 200 27
222.70.173.75 - - [27/Aug/2023:06:17:03 +0800] "GET /xingrg/kc/base/wldb_order_operate.html?command=get_materiel&rest_code=00146&base_code=0010064&code=00102002238 HTTP/1.1" 200 434
120.253.135.82 - - [27/Aug/2023:06:17:05 +0800] "GET /xingrg/kc/pszx/mdqp_order_list.html?state=10 HTTP/1.1" 200 10713
120.253.135.82 - - [27/Aug/2023:06:17:05 +0800] "GET /xingrg/dwr/interface/AjaxReportQueryService.js HTTP/1.1" 200 13203
120.253.135.82 - - [27/Aug/2023:06:17:05 +0800] "GET /xingrg/dwr/interface/AjaxQqpsService.js HTTP/1.1" 200 16326
120.253.135.82 - - [27/Aug/2023:06:17:05 +0800] "GET /xingrg/dwr/engine.js HTTP/1.1" 200 43631
120.253.135.82 - - [27/Aug/2023:06:17:10 +0800] "GET /xingrg/all/function/internal_message.html?_=1693088040523&CODE_STATE=getMsg HTTP/1.1" 200 27
222.70.173.75 - - [27/Aug/2023:06:17:11 +0800] "GET /xingrg/kc/base/wldb_order_operate.html?command=get_materiel&rest_code=00146&base_code=0010064&code=00102002391 HTTP/1.1" 200 436
116.235.94.33 - - [27/Aug/2023:06:17:15 +0800] "GET /xingrg/all/function/internal_message.html?_=1693088231676&CODE_STATE=getMsg HTTP/1.1" 200 27
116.235.94.33 - - [27/Aug/2023:06:17:15 +0800] "GET /xingrg/check_reg.html?_=1693088231674 HTTP/1.1" 200 22
180.169.147.146 - - [27/Aug/2023:06:17:18 +0800] "GET /xingrg/all/function/internal_message.html?_=1693088341959&CODE_STATE=getMsg HTTP/1.1" 302 -
116.232.195.127 - - [27/Aug/2023:06:17:18 +0800] "GET /xingrg/all/function/internal_message.html?_=1693088150918&CODE_STATE=getMsg HTTP/1.1" 200 27
222.70.173.75 - - [27/Aug/2023:06:17:29 +0800] "GET /xingrg/kc/base/wldb_order_operate.html?command=get_materiel&rest_code=00146&base_code=0010064&code=00102002484 HTTP/1.1" 200 456
116.232.195.127 - - [27/Aug/2023:06:17:30 +0800] "GET /xingrg/check_reg.html?_=1693088163109 HTTP/1.1" 200 22
221.239.167.251 - - [27/Aug/2023:06:17:33 +0800] "GET /xingrg/all/function/internal_message.html?_=1693088253040&CODE_STATE=getMsg HTTP/1.1" 200 27
222.70.180.200 - - [27/Aug/2023:06:17:38 +0800] "GET /xingrg/all/function/internal_message.html?_=1693088259475&CODE_STATE=getMsg HTTP/1.1" 200 27
114.95.241.104 - - [27/Aug/2023:06:17:38 +0800] "GET /xingrg/all/function/internal_message.html?_=1693088258383&CODE_STATE=getMsg HTTP/1.1" 200 27
222.70.173.75 - - [27/Aug/2023:06:17:51 +0800] "POST /xingrg/kc/base/wldb_order_operate.html HTTP/1.1" 200 37
221.239.167.251 - - [27/Aug/2023:06:17:52 +0800] "GET /xingrg/check_reg.html?_=1693088272079 HTTP/1.1" 200 22
114.95.241.104 - - [27/Aug/2023:06:17:55 +0800] "GET /xingrg/all/function/internal_message.html?_=1693088177657&CODE_STATE=getMsg HTTP/1.1" 200 27
222.70.173.75 - - [27/Aug/2023:06:17:57 +0800] "POST /xingrg/kc/base/wldb_order_operate.html HTTP/1.1" 200 12
222.70.173.75 - - [27/Aug/2023:06:17:57 +0800] "POST /xingrg/kc/base/wldb_order_operate.html HTTP/1.1" 200 3150
222.70.173.75 - - [27/Aug/2023:06:17:58 +0800] "GET /xingrg/kc/base/wldb_order_info.html?code=422023082702871 HTTP/1.1" 200 26383
222.70.173.75 - - [27/Aug/2023:06:17:59 +0800] "GET /xingrg/javascript/easyui/themes/default/validatebox.css HTTP/1.1" 404 1104
222.70.173.75 - - [27/Aug/2023:06:17:59 +0800] "GET /xingrg/all/function/internal_message.html?_=1693088278979&CODE_STATE=getMsg HTTP/1.1" 200 27
222.70.173.75 - - [27/Aug/2023:06:17:59 +0800] "POST /xingrg/kc/base/wldb_order_operate.html HTTP/1.1" 200 1425
120.253.135.82 - - [27/Aug/2023:06:18:01 +0800] "GET /xingrg/kc/report/report_main.html HTTP/1.1" 200 8599
120.253.135.82 - - [27/Aug/2023:06:18:01 +0800] "GET /xingrg/javascript/jquery_ui/themes/humanity/humanity.css HTTP/1.1" 304 -
222.70.173.75 - - [27/Aug/2023:06:18:01 +0800] "GET /xingrg/kc/base/wldb_order_add.html HTTP/1.1" 200 30504
222.70.173.75 - - [27/Aug/2023:06:18:02 +0800] "POST /xingrg/kc/base/wldb_order_operate.html HTTP/1.1" 200 6806
222.70.173.75 - - [27/Aug/2023:06:18:02 +0800] "GET /xingrg/javascript/easyui/themes/default/validatebox.css HTTP/1.1" 404 1104
120.253.135.82 - - [27/Aug/2023:06:18:03 +0800] "GET /xingrg/kc/base/kc_stocks.html HTTP/1.1" 200 16506
120.253.135.82 - - [27/Aug/2023:06:18:03 +0800] "GET /xingrg/javascript/easyui/themes/sunny/easyui.css HTTP/1.1" 304 -
120.253.135.82 - - [27/Aug/2023:06:18:03 +0800] "GET /xingrg/javascript/easyui/plugins/jquery.draggable.js HTTP/1.1" 304 -
120.253.135.82 - - [27/Aug/2023:06:18:03 +0800] "GET /xingrg/javascript/easyui/plugins/jquery.droppable.js HTTP/1.1" 304 -
120.253.135.82 - - [27/Aug/2023:06:18:03 +0800] "GET /xingrg/javascript/easyui/themes/default/tree.css HTTP/1.1" 404 1090
120.253.135.82 - - [27/Aug/2023:06:18:03 +0800] "GET /xingrg/javascript/easyui/plugins/jquery.tree.js HTTP/1.1" 304 -
120.253.135.82 - - [27/Aug/2023:06:18:04 +0800] "POST /xingrg/all/common/load_tree.html?tree=materiel_sort_tree_json HTTP/1.1" 200 9500
120.253.135.82 - - [27/Aug/2023:06:18:05 +0800] "POST /xingrg/all/common/load_combo.html?type=base HTTP/1.1" 200 1169
120.253.135.82 - - [27/Aug/2023:06:18:10 +0800] "GET /xingrg/all/function/internal_message.html?_=1693088100537&CODE_STATE=getMsg HTTP/1.1" 200 27
116.235.94.33 - - [27/Aug/2023:06:18:15 +0800] "GET /xingrg/all/function/internal_message.html?_=1693088291664&CODE_STATE=getMsg HTTP/1.1" 200 27
120.253.135.82 - - [27/Aug/2023:06:18:16 +0800] "POST /xingrg/kc/base/stock_operate.html HTTP/1.1" 200 1466
120.253.135.82 - - [27/Aug/2023:06:18:16 +0800] "GET /xingrg/javascript/jquery_tools/fix_table.js HTTP/1.1" 304 -
180.169.147.146 - - [27/Aug/2023:06:18:18 +0800] "GET /xingrg/all/function/internal_message.html?_=1693088401938&CODE_STATE=getMsg HTTP/1.1" 302 -
116.232.195.127 - - [27/Aug/2023:06:18:18 +0800] "GET /xingrg/all/function/internal_message.html?_=1693088210906&CODE_STATE=getMsg HTTP/1.1" 200 27
222.70.173.75 - - [27/Aug/2023:06:18:19 +0800] "GET /xingrg/kc/base/wldb_order_operate.html?command=get_materiel&rest_code=00146&base_code=0010064&code=00102001036 HTTP/1.1" 200 432
120.253.135.82 - - [27/Aug/2023:06:18:25 +0800] "POST /xingrg/kc/base/stock_operate.html HTTP/1.1" 200 1471
180.165.48.189 - - [27/Aug/2023:06:18:26 +0800] "POST /xingrg/services/DataTransmitService HTTP/1.1" 200 524
222.70.173.75 - - [27/Aug/2023:06:18:30 +0800] "POST /xingrg/kc/base/wldb_order_operate.html HTTP/1.1" 200 37
221.239.167.251 - - [27/Aug/2023:06:18:33 +0800] "GET /xingrg/all/function/internal_message.html?_=1693088313020&CODE_STATE=getMsg HTTP/1.1" 200 27
222.70.173.75 - - [27/Aug/2023:06:18:37 +0800] "POST /xingrg/kc/base/wldb_order_operate.html HTTP/1.1" 200 12
222.70.173.75 - - [27/Aug/2023:06:18:37 +0800] "POST /xingrg/kc/base/wldb_order_operate.html HTTP/1.1" 200 2181
222.70.180.200 - - [27/Aug/2023:06:18:38 +0800] "GET /xingrg/all/function/internal_message.html?_=1693088319478&CODE_STATE=getMsg HTTP/1.1" 200 27
114.95.241.104 - - [27/Aug/2023:06:18:38 +0800] "GET /xingrg/all/function/internal_message.html?_=1693088318384&CODE_STATE=getMsg HTTP/1.1" 200 27
222.70.173.75 - - [27/Aug/2023:06:18:39 +0800] "GET /xingrg/kc/base/wldb_order_info.html?code=422023082702872 HTTP/1.1" 200 26379
222.70.173.75 - - [27/Aug/2023:06:18:40 +0800] "GET /xingrg/javascript/easyui/themes/default/validatebox.css HTTP/1.1" 404 1104
222.70.173.75 - - [27/Aug/2023:06:18:40 +0800] "POST /xingrg/kc/base/wldb_order_operate.html HTTP/1.1" 200 475
222.70.173.75 - - [27/Aug/2023:06:18:42 +0800] "GET /xingrg/kc/base/wldb_order_add.html HTTP/1.1" 200 30504
222.70.173.75 - - [27/Aug/2023:06:18:43 +0800] "POST /xingrg/kc/base/wldb_order_operate.html HTTP/1.1" 200 6806
222.70.173.75 - - [27/Aug/2023:06:18:43 +0800] "GET /xingrg/javascript/easyui/themes/default/validatebox.css HTTP/1.1" 404 1104
114.95.241.104 - - [27/Aug/2023:06:18:55 +0800] "GET /xingrg/all/function/internal_message.html?_=1693088237738&CODE_STATE=getMsg HTTP/1.1" 200 27
222.70.173.75 - - [27/Aug/2023:06:18:58 +0800] "GET /xingrg/kc/base/wldb_order_operate.html?command=get_materiel&rest_code=00146&base_code=0010332&code=00101029022 HTTP/1.1" 200 474
222.70.173.75 - - [27/Aug/2023:06:18:59 +0800] "GET /xingrg/all/function/internal_message.html?_=1693088338984&CODE_STATE=getMsg HTTP/1.1" 200 27
120.253.135.82 - - [27/Aug/2023:06:19:04 +0800] "GET /xingrg/check_reg.html?_=1693088155219 HTTP/1.1" 200 22
222.70.173.75 - - [27/Aug/2023:06:19:05 +0800] "POST /xingrg/kc/base/wldb_order_operate.html HTTP/1.1" 200 37
120.253.135.82 - - [27/Aug/2023:06:19:10 +0800] "GET /xingrg/all/function/internal_message.html?_=1693088160550&CODE_STATE=getMsg HTTP/1.1" 200 27
222.70.173.75 - - [27/Aug/2023:06:19:11 +0800] "POST /xingrg/kc/base/wldb_order_operate.html HTTP/1.1" 200 12
222.70.173.75 - - [27/Aug/2023:06:19:11 +0800] "POST /xingrg/kc/base/wldb_order_operate.html HTTP/1.1" 200 2215
120.253.135.82 - - [27/Aug/2023:06:19:11 +0800] "POST /xingrg/kc/base/stock_operate.html HTTP/1.1" 200 1481
116.235.94.33 - - [27/Aug/2023:06:19:15 +0800] "GET /xingrg/all/function/internal_message.html?_=1693088351685&CODE_STATE=getMsg HTTP/1.1" 200 27
120.253.135.82 - - [27/Aug/2023:06:19:18 +0800] "POST /xingrg/kc/base/stock_operate.html HTTP/1.1" 200 1469
180.169.147.146 - - [27/Aug/2023:06:19:18 +0800] "GET /xingrg/all/function/internal_message.html?_=1693088461948&CODE_STATE=getMsg HTTP/1.1" 302 -
116.232.195.127 - - [27/Aug/2023:06:19:18 +0800] "GET /xingrg/all/function/internal_message.html?_=1693088270884&CODE_STATE=getMsg HTTP/1.1" 200 27
120.253.135.82 - - [27/Aug/2023:06:19:25 +0800] "POST /xingrg/kc/base/stock_operate.html HTTP/1.1" 200 1473
180.169.147.146 - - [27/Aug/2023:06:19:33 +0800] "GET /xingrg/check_reg.html?_=1693088476757 HTTP/1.1" 302 -
221.239.167.251 - - [27/Aug/2023:06:19:33 +0800] "GET /xingrg/all/function/internal_message.html?_=1693088372989&CODE_STATE=getMsg HTTP/1.1" 200 27
120.253.135.82 - - [27/Aug/2023:06:19:35 +0800] "POST /xingrg/kc/base/stock_operate.html HTTP/1.1" 200 1965
222.70.180.200 - - [27/Aug/2023:06:19:38 +0800] "GET /xingrg/check_reg.html?_=1693088379478 HTTP/1.1" 200 22
222.70.180.200 - - [27/Aug/2023:06:19:38 +0800] "GET /xingrg/all/function/internal_message.html?_=1693088379484&CODE_STATE=getMsg HTTP/1.1" 200 27
114.95.241.104 - - [27/Aug/2023:06:19:38 +0800] "GET /xingrg/check_reg.html?_=1693088378384 HTTP/1.1" 200 22
114.95.241.104 - - [27/Aug/2023:06:19:38 +0800] "GET /xingrg/all/function/internal_message.html?_=1693088378387&CODE_STATE=getMsg HTTP/1.1" 200 27
222.70.173.75 - - [27/Aug/2023:06:19:42 +0800] "GET /xingrg/kc/base/wldb_order_info.html?code=422023082702873 HTTP/1.1" 200 26377
222.70.173.75 - - [27/Aug/2023:06:19:43 +0800] "GET /xingrg/javascript/easyui/themes/default/validatebox.css HTTP/1.1" 404 1104
222.70.173.75 - - [27/Aug/2023:06:19:43 +0800] "POST /xingrg/kc/base/wldb_order_operate.html HTTP/1.1" 200 507
114.95.241.104 - - [27/Aug/2023:06:19:55 +0800] "GET /xingrg/all/function/internal_message.html?_=1693088297747&CODE_STATE=getMsg HTTP/1.1" 200 27
222.70.173.75 - - [27/Aug/2023:06:19:59 +0800] "GET /xingrg/all/function/internal_message.html?_=1693088398997&CODE_STATE=getMsg HTTP/1.1" 200 27
222.70.173.75 - - [27/Aug/2023:06:20:02 +0800] "GET /xingrg/check_reg.html?_=1693088401916 HTTP/1.1" 200 22
120.253.135.82 - - [27/Aug/2023:06:20:05 +0800] "POST /xingrg/kc/base/stock_operate.html HTTP/1.1" 200 1731
120.253.135.82 - - [27/Aug/2023:06:20:10 +0800] "GET /xingrg/all/function/internal_message.html?_=1693088220565&CODE_STATE=getMsg HTTP/1.1" 200 27
116.235.94.33 - - [27/Aug/2023:06:20:15 +0800] "GET /xingrg/all/function/internal_message.html?_=1693088411679&CODE_STATE=getMsg HTTP/1.1" 200 27
180.169.147.146 - - [27/Aug/2023:06:20:18 +0800] "GET /xingrg/all/function/internal_message.html?_=1693088521927&CODE_STATE=getMsg HTTP/1.1" 302 -
116.232.195.127 - - [27/Aug/2023:06:20:18 +0800] "GET /xingrg/all/function/internal_message.html?_=1693088330862&CODE_STATE=getMsg HTTP/1.1" 200 27
120.253.135.82 - - [27/Aug/2023:06:20:24 +0800] "POST /xingrg/kc/base/stock_operate.html HTTP/1.1" 200 1471
221.239.167.251 - - [27/Aug/2023:06:20:33 +0800] "GET /xingrg/all/function/internal_message.html?_=1693088432970&CODE_STATE=getMsg HTTP/1.1" 200 27
120.253.135.82 - - [27/Aug/2023:06:20:35 +0800] "POST /xingrg/kc/base/stock_operate.html HTTP/1.1" 200 1483
222.70.180.200 - - [27/Aug/2023:06:20:38 +0800] "GET /xingrg/all/function/internal_message.html?_=1693088439484&CODE_STATE=getMsg HTTP/1.1" 200 27
114.95.241.104 - - [27/Aug/2023:06:20:38 +0800] "GET /xingrg/all/function/internal_message.html?_=1693088438389&CODE_STATE=getMsg HTTP/1.1" 200 27
114.95.241.104 - - [27/Aug/2023:06:20:55 +0800] "GET /xingrg/all/function/internal_message.html?_=1693088357830&CODE_STATE=getMsg HTTP/1.1" 200 27
222.70.173.75 - - [27/Aug/2023:06:20:59 +0800] "GET /xingrg/all/function/internal_message.html?_=1693088459010&CODE_STATE=getMsg HTTP/1.1" 200 27
120.253.135.82 - - [27/Aug/2023:06:21:10 +0800] "GET /xingrg/all/function/internal_message.html?_=1693088280577&CODE_STATE=getMsg HTTP/1.1" 200 27
116.235.94.33 - - [27/Aug/2023:06:21:15 +0800] "GET /xingrg/all/function/internal_message.html?_=1693088471660&CODE_STATE=getMsg HTTP/1.1" 200 27
180.169.147.146 - - [27/Aug/2023:06:21:18 +0800] "GET /xingrg/all/function/internal_message.html?_=1693088581902&CODE_STATE=getMsg HTTP/1.1" 302 -
116.232.195.127 - - [27/Aug/2023:06:21:18 +0800] "GET /xingrg/all/function/internal_message.html?_=1693088390855&CODE_STATE=getMsg HTTP/1.1" 200 27
120.253.135.82 - - [27/Aug/2023:06:21:23 +0800] "POST /xingrg/kc/base/stock_operate.html HTTP/1.1" 200 1475
114.95.241.104 - - [27/Aug/2023:06:21:23 +0800] "GET /xingrg/check_reg.html?_=1693088386001 HTTP/1.1" 200 22
221.239.167.251 - - [27/Aug/2023:06:21:33 +0800] "GET /xingrg/all/function/internal_message.html?_=1693088492947&CODE_STATE=getMsg HTTP/1.1" 200 27
222.70.180.200 - - [27/Aug/2023:06:21:38 +0800] "GET /xingrg/all/function/internal_message.html?_=1693088499483&CODE_STATE=getMsg HTTP/1.1" 200 27
114.95.241.104 - - [27/Aug/2023:06:21:38 +0800] "GET /xingrg/all/function/internal_message.html?_=1693088498377&CODE_STATE=getMsg HTTP/1.1" 200 27
114.95.241.104 - - [27/Aug/2023:06:21:55 +0800] "GET /xingrg/all/function/internal_message.html?_=1693088417837&CODE_STATE=getMsg HTTP/1.1" 200 27
222.70.173.75 - - [27/Aug/2023:06:21:59 +0800] "GET /xingrg/all/function/internal_message.html?_=1693088519024&CODE_STATE=getMsg HTTP/1.1" 200 27
120.253.135.82 - - [27/Aug/2023:06:22:10 +0800] "GET /xingrg/all/function/internal_message.html?_=1693088340591&CODE_STATE=getMsg HTTP/1.1" 200 27
116.235.94.33 - - [27/Aug/2023:06:22:15 +0800] "GET /xingrg/all/function/internal_message.html?_=1693088531681&CODE_STATE=getMsg HTTP/1.1" 200 27
116.235.94.33 - - [27/Aug/2023:06:22:15 +0800] "GET /xingrg/check_reg.html?_=1693088531683 HTTP/1.1" 200 22
180.169.147.146 - - [27/Aug/2023:06:22:18 +0800] "GET /xingrg/all/function/internal_message.html?_=1693088641871&CODE_STATE=getMsg HTTP/1.1" 302 -
116.232.195.127 - - [27/Aug/2023:06:22:18 +0800] "GET /xingrg/all/function/internal_message.html?_=1693088450841&CODE_STATE=getMsg HTTP/1.1" 200 27
116.232.195.127 - - [27/Aug/2023:06:22:30 +0800] "GET /xingrg/check_reg.html?_=1693088463090 HTTP/1.1" 200 22
221.239.167.251 - - [27/Aug/2023:06:22:33 +0800] "GET /xingrg/all/function/internal_message.html?_=1693088552927&CODE_STATE=getMsg HTTP/1.1" 200 27
222.70.180.200 - - [27/Aug/2023:06:22:38 +0800] "GET /xingrg/all/function/internal_message.html?_=1693088559472&CODE_STATE=getMsg HTTP/1.1" 200 27
114.95.241.104 - - [27/Aug/2023:06:22:38 +0800] "GET /xingrg/all/function/internal_message.html?_=1693088558393&CODE_STATE=getMsg HTTP/1.1" 200 27
221.239.167.251 - - [27/Aug/2023:06:22:52 +0800] "GET /xingrg/check_reg.html?_=1693088572074 HTTP/1.1" 200 22
114.95.241.104 - - [27/Aug/2023:06:22:55 +0800] "GET /xingrg/all/function/internal_message.html?_=1693088477850&CODE_STATE=getMsg HTTP/1.1" 200 27
222.70.173.75 - - [27/Aug/2023:06:22:59 +0800] "GET /xingrg/all/function/internal_message.html?_=1693088579203&CODE_STATE=getMsg HTTP/1.1" 200 27
120.253.135.82 - - [27/Aug/2023:06:23:10 +0800] "GET /xingrg/all/function/internal_message.html?_=1693088400604&CODE_STATE=getMsg HTTP/1.1" 200 27
116.235.94.33 - - [27/Aug/2023:06:23:15 +0800] "GET /xingrg/all/function/internal_message.html?_=1693088591664&CODE_STATE=getMsg HTTP/1.1" 200 27
180.169.147.146 - - [27/Aug/2023:06:23:18 +0800] "GET /xingrg/all/function/internal_message.html?_=1693088701848&CODE_STATE=getMsg HTTP/1.1" 302 -
116.232.195.127 - - [27/Aug/2023:06:23:18 +0800] "GET /xingrg/all/function/internal_message.html?_=1693088510828&CODE_STATE=getMsg HTTP/1.1" 200 27
221.239.167.251 - - [27/Aug/2023:06:23:33 +0800] "GET /xingrg/all/function/internal_message.html?_=1693088612916&CODE_STATE=getMsg HTTP/1.1" 200 27
222.70.180.200 - - [27/Aug/2023:06:23:38 +0800] "GET /xingrg/all/function/internal_message.html?_=1693088619475&CODE_STATE=getMsg HTTP/1.1" 200 27
114.95.241.104 - - [27/Aug/2023:06:23:38 +0800] "GET /xingrg/all/function/internal_message.html?_=1693088618395&CODE_STATE=getMsg HTTP/1.1" 200 27
114.95.241.104 - - [27/Aug/2023:06:23:55 +0800] "GET /xingrg/all/function/internal_message.html?_=1693088537930&CODE_STATE=getMsg HTTP/1.1" 200 27
222.70.173.75 - - [27/Aug/2023:06:23:59 +0800] "GET /xingrg/all/function/internal_message.html?_=1693088639208&CODE_STATE=getMsg HTTP/1.1" 200 27
120.253.135.82 - - [27/Aug/2023:06:24:05 +0800] "GET /xingrg/check_reg.html?_=1693088455385 HTTP/1.1" 200 22
120.253.135.82 - - [27/Aug/2023:06:24:10 +0800] "GET /xingrg/all/function/internal_message.html?_=1693088460618&CODE_STATE=getMsg HTTP/1.1" 200 27
116.235.94.33 - - [27/Aug/2023:06:24:15 +0800] "GET /xingrg/all/function/internal_message.html?_=1693088651662&CODE_STATE=getMsg HTTP/1.1" 200 27
180.169.147.146 - - [27/Aug/2023:06:24:18 +0800] "GET /xingrg/all/function/internal_message.html?_=1693088761825&CODE_STATE=getMsg HTTP/1.1" 302 -
116.232.195.127 - - [27/Aug/2023:06:24:18 +0800] "GET /xingrg/all/function/internal_message.html?_=1693088570813&CODE_STATE=getMsg HTTP/1.1" 200 27
180.169.147.146 - - [27/Aug/2023:06:24:33 +0800] "GET /xingrg/check_reg.html?_=1693088776726 HTTP/1.1" 302 -
221.239.167.251 - - [27/Aug/2023:06:24:33 +0800] "GET /xingrg/all/function/internal_message.html?_=1693088672907&CODE_STATE=getMsg HTTP/1.1" 200 27
222.70.180.200 - - [27/Aug/2023:06:24:38 +0800] "GET /xingrg/all/function/internal_message.html?_=1693088679475&CODE_STATE=getMsg HTTP/1.1" 200 27
222.70.180.200 - - [27/Aug/2023:06:24:38 +0800] "GET /xingrg/check_reg.html?_=1693088679478 HTTP/1.1" 200 22
114.95.241.104 - - [27/Aug/2023:06:24:38 +0800] "GET /xingrg/all/function/internal_message.html?_=1693088678398&CODE_STATE=getMsg HTTP/1.1" 200 27
114.95.241.104 - - [27/Aug/2023:06:24:38 +0800] "GET /xingrg/check_reg.html?_=1693088678401 HTTP/1.1" 200 22
114.95.241.104 - - [27/Aug/2023:06:24:55 +0800] "GET /xingrg/all/function/internal_message.html?_=1693088597940&CODE_STATE=getMsg HTTP/1.1" 200 27
222.70.173.75 - - [27/Aug/2023:06:25:00 +0800] "GET /xingrg/all/function/internal_message.html?_=1693088699414&CODE_STATE=getMsg HTTP/1.1" 200 27
222.70.173.75 - - [27/Aug/2023:06:25:02 +0800] "GET /xingrg/check_reg.html?_=1693088701920 HTTP/1.1" 200 22
120.253.135.82 - - [27/Aug/2023:06:25:10 +0800] "GET /xingrg/all/function/internal_message.html?_=1693088520632&CODE_STATE=getMsg HTTP/1.1" 200 27
116.235.94.33 - - [27/Aug/2023:06:25:15 +0800] "GET /xingrg/all/function/internal_message.html?_=1693088711677&CODE_STATE=getMsg HTTP/1.1" 200 27
180.169.147.146 - - [27/Aug/2023:06:25:18 +0800] "GET /xingrg/all/function/internal_message.html?_=1693088821833&CODE_STATE=getMsg HTTP/1.1" 302 -
116.232.195.127 - - [27/Aug/2023:06:25:18 +0800] "GET /xingrg/all/function/internal_message.html?_=1693088630813&CODE_STATE=getMsg HTTP/1.1" 200 27
221.239.167.251 - - [27/Aug/2023:06:25:33 +0800] "GET /xingrg/all/function/internal_message.html?_=1693088732886&CODE_STATE=getMsg HTTP/1.1" 200 27
222.70.180.200 - - [27/Aug/2023:06:25:38 +0800] "GET /xingrg/all/function/internal_message.html?_=1693088739477&CODE_STATE=getMsg HTTP/1.1" 200 27
114.95.241.104 - - [27/Aug/2023:06:25:38 +0800] "GET /xingrg/all/function/internal_message.html?_=1693088738410&CODE_STATE=getMsg HTTP/1.1" 200 27
114.95.241.104 - - [27/Aug/2023:06:25:55 +0800] "GET /xingrg/all/function/internal_message.html?_=1693088658002&CODE_STATE=getMsg HTTP/1.1" 200 27
222.70.173.75 - - [27/Aug/2023:06:26:00 +0800] "GET /xingrg/all/function/internal_message.html?_=1693088759421&CODE_STATE=getMsg HTTP/1.1" 200 27
120.253.135.82 - - [27/Aug/2023:06:26:10 +0800] "GET /xingrg/all/function/internal_message.html?_=1693088580810&CODE_STATE=getMsg HTTP/1.1" 200 27
116.235.94.33 - - [27/Aug/2023:06:26:15 +0800] "GET /xingrg/all/function/internal_message.html?_=1693088771671&CODE_STATE=getMsg HTTP/1.1" 200 27
180.169.147.146 - - [27/Aug/2023:06:26:18 +0800] "GET /xingrg/all/function/internal_message.html?_=1693088881815&CODE_STATE=getMsg HTTP/1.1" 302 -
116.232.195.127 - - [27/Aug/2023:06:26:18 +0800] "GET /xingrg/all/function/internal_message.html?_=1693088690800&CODE_STATE=getMsg HTTP/1.1" 200 27
114.95.241.104 - - [27/Aug/2023:06:26:23 +0800] "GET /xingrg/check_reg.html?_=1693088686002 HTTP/1.1" 200 22
221.239.167.251 - - [27/Aug/2023:06:26:33 +0800] "GET /xingrg/all/function/internal_message.html?_=1693088792854&CODE_STATE=getMsg HTTP/1.1" 200 27
222.70.180.200 - - [27/Aug/2023:06:26:38 +0800] "GET /xingrg/all/function/internal_message.html?_=1693088799477&CODE_STATE=getMsg HTTP/1.1" 200 27
114.95.241.104 - - [27/Aug/2023:06:26:38 +0800] "GET /xingrg/all/function/internal_message.html?_=1693088798410&CODE_STATE=getMsg HTTP/1.1" 200 27
114.95.241.104 - - [27/Aug/2023:06:26:55 +0800] "GET /xingrg/all/function/internal_message.html?_=1693088718015&CODE_STATE=getMsg HTTP/1.1" 200 27
222.70.173.75 - - [27/Aug/2023:06:27:00 +0800] "GET /xingrg/all/function/internal_message.html?_=1693088819435&CODE_STATE=getMsg HTTP/1.1" 200 27
120.253.135.82 - - [27/Aug/2023:06:27:10 +0800] "GET /xingrg/all/function/internal_message.html?_=1693088640814&CODE_STATE=getMsg HTTP/1.1" 200 27
120.253.135.82 - - [27/Aug/2023:06:27:11 +0800] "POST /xingrg/kc/base/stock_operate.html HTTP/1.1" 200 1489
116.235.94.33 - - [27/Aug/2023:06:27:15 +0800] "GET /xingrg/all/function/internal_message.html?_=1693088831664&CODE_STATE=getMsg HTTP/1.1" 200 27
116.235.94.33 - - [27/Aug/2023:06:27:15 +0800] "GET /xingrg/check_reg.html?_=1693088831668 HTTP/1.1" 200 22
180.169.147.146 - - [27/Aug/2023:06:27:18 +0800] "GET /xingrg/all/function/internal_message.html?_=1693088941783&CODE_STATE=getMsg HTTP/1.1" 302 -
116.232.195.127 - - [27/Aug/2023:06:27:18 +0800] "GET /xingrg/all/function/internal_message.html?_=1693088750772&CODE_STATE=getMsg HTTP/1.1" 200 27
116.232.195.127 - - [27/Aug/2023:06:27:30 +0800] "GET /xingrg/check_reg.html?_=1693088763078 HTTP/1.1" 200 22
221.239.167.251 - - [27/Aug/2023:06:27:33 +0800] "GET /xingrg/all/function/internal_message.html?_=1693088852818&CODE_STATE=getMsg HTTP/1.1" 200 27
222.70.180.200 - - [27/Aug/2023:06:27:38 +0800] "GET /xingrg/all/function/internal_message.html?_=1693088859501&CODE_STATE=getMsg HTTP/1.1" 200 27
114.95.241.104 - - [27/Aug/2023:06:27:38 +0800] "GET /xingrg/all/function/internal_message.html?_=1693088858413&CODE_STATE=getMsg HTTP/1.1" 200 27
120.253.135.82 - - [27/Aug/2023:06:27:44 +0800] "POST /xingrg/kc/base/stock_operate.html HTTP/1.1" 200 1494
221.239.167.251 - - [27/Aug/2023:06:27:52 +0800] "GET /xingrg/check_reg.html?_=1693088872042 HTTP/1.1" 200 22
114.95.241.104 - - [27/Aug/2023:06:27:55 +0800] "GET /xingrg/all/function/internal_message.html?_=1693088778027&CODE_STATE=getMsg HTTP/1.1" 200 27
222.70.173.75 - - [27/Aug/2023:06:28:00 +0800] "GET /xingrg/all/function/internal_message.html?_=1693088879687&CODE_STATE=getMsg HTTP/1.1" 200 27
120.253.135.82 - - [27/Aug/2023:06:28:10 +0800] "GET /xingrg/all/function/internal_message.html?_=1693088700828&CODE_STATE=getMsg HTTP/1.1" 200 27
116.235.94.33 - - [27/Aug/2023:06:28:15 +0800] "GET /xingrg/all/function/internal_message.html?_=1693088891669&CODE_STATE=getMsg HTTP/1.1" 200 27
180.169.147.146 - - [27/Aug/2023:06:28:18 +0800] "GET /xingrg/all/function/internal_message.html?_=1693089001811&CODE_STATE=getMsg HTTP/1.1" 302 -
116.232.195.127 - - [27/Aug/2023:06:28:18 +0800] "GET /xingrg/all/function/internal_message.html?_=1693088810755&CODE_STATE=getMsg HTTP/1.1" 200 27
120.253.135.82 - - [27/Aug/2023:06:28:22 +0800] "POST /xingrg/kc/base/stock_operate.html HTTP/1.1" 200 2764
221.239.167.251 - - [27/Aug/2023:06:28:33 +0800] "GET /xingrg/all/function/internal_message.html?_=1693088912788&CODE_STATE=getMsg HTTP/1.1" 200 27
222.70.180.200 - - [27/Aug/2023:06:28:38 +0800] "GET /xingrg/all/function/internal_message.html?_=1693088919500&CODE_STATE=getMsg HTTP/1.1" 200 27
114.95.241.104 - - [27/Aug/2023:06:28:38 +0800] "GET /xingrg/all/function/internal_message.html?_=1693088918417&CODE_STATE=getMsg HTTP/1.1" 200 27
114.95.241.104 - - [27/Aug/2023:06:28:55 +0800] "GET /xingrg/all/function/internal_message.html?_=1693088838104&CODE_STATE=getMsg HTTP/1.1" 200 27
222.70.173.75 - - [27/Aug/2023:06:29:00 +0800] "GET /xingrg/all/function/internal_message.html?_=1693088939698&CODE_STATE=getMsg HTTP/1.1" 200 27
120.253.135.82 - - [27/Aug/2023:06:29:05 +0800] "GET /xingrg/check_reg.html?_=1693088755385 HTTP/1.1" 200 22
120.253.135.82 - - [27/Aug/2023:06:29:10 +0800] "GET /xingrg/all/function/internal_message.html?_=1693088760908&CODE_STATE=getMsg HTTP/1.1" 200 27
120.253.135.82 - - [27/Aug/2023:06:29:11 +0800] "POST /xingrg/kc/base/stock_operate.html HTTP/1.1" 200 1483
116.235.94.33 - - [27/Aug/2023:06:29:15 +0800] "GET /xingrg/all/function/internal_message.html?_=1693088951659&CODE_STATE=getMsg HTTP/1.1" 200 27
180.169.147.146 - - [27/Aug/2023:06:29:18 +0800] "GET /xingrg/all/function/internal_message.html?_=1693089061730&CODE_STATE=getMsg HTTP/1.1" 302 -
116.232.195.127 - - [27/Aug/2023:06:29:18 +0800] "GET /xingrg/all/function/internal_message.html?_=1693088870736&CODE_STATE=getMsg HTTP/1.1" 200 27
221.239.167.251 - - [27/Aug/2023:06:29:33 +0800] "GET /xingrg/all/function/internal_message.html?_=1693088972766&CODE_STATE=getMsg HTTP/1.1" 200 27
180.169.147.146 - - [27/Aug/2023:06:29:33 +0800] "GET /xingrg/check_reg.html?_=1693089076729 HTTP/1.1" 302 -
222.70.180.200 - - [27/Aug/2023:06:29:38 +0800] "GET /xingrg/all/function/internal_message.html?_=1693088979499&CODE_STATE=getMsg HTTP/1.1" 200 27
222.70.180.200 - - [27/Aug/2023:06:29:38 +0800] "GET /xingrg/check_reg.html?_=1693088979501 HTTP/1.1" 200 22
114.95.241.104 - - [27/Aug/2023:06:29:38 +0800] "GET /xingrg/check_reg.html?_=1693088978421 HTTP/1.1" 200 22
114.95.241.104 - - [27/Aug/2023:06:29:38 +0800] "GET /xingrg/all/function/internal_message.html?_=1693088978424&CODE_STATE=getMsg HTTP/1.1" 200 27
114.95.241.104 - - [27/Aug/2023:06:29:55 +0800] "GET /xingrg/all/function/internal_message.html?_=1693088898117&CODE_STATE=getMsg HTTP/1.1" 200 27
222.70.173.75 - - [27/Aug/2023:06:30:00 +0800] "GET /xingrg/all/function/internal_message.html?_=1693088999932&CODE_STATE=getMsg HTTP/1.1" 200 27
222.70.173.75 - - [27/Aug/2023:06:30:02 +0800] "GET /xingrg/check_reg.html?_=1693089001925 HTTP/1.1" 200 22
120.253.135.82 - - [27/Aug/2023:06:30:10 +0800] "GET /xingrg/all/function/internal_message.html?_=1693088820918&CODE_STATE=getMsg HTTP/1.1" 200 27
116.235.94.33 - - [27/Aug/2023:06:30:15 +0800] "GET /xingrg/all/function/internal_message.html?_=1693089011665&CODE_STATE=getMsg HTTP/1.1" 200 27
180.169.147.146 - - [27/Aug/2023:06:30:18 +0800] "GET /xingrg/all/function/internal_message.html?_=1693089121709&CODE_STATE=getMsg HTTP/1.1" 302 -
116.232.195.127 - - [27/Aug/2023:06:30:18 +0800] "GET /xingrg/all/function/internal_message.html?_=1693088930706&CODE_STATE=getMsg HTTP/1.1" 200 27
221.239.167.251 - - [27/Aug/2023:06:30:33 +0800] "GET /xingrg/all/function/internal_message.html?_=1693089032737&CODE_STATE=getMsg HTTP/1.1" 200 27
222.70.180.200 - - [27/Aug/2023:06:30:38 +0800] "GET /xingrg/all/function/internal_message.html?_=1693089039499&CODE_STATE=getMsg HTTP/1.1" 200 27
114.95.241.104 - - [27/Aug/2023:06:30:38 +0800] "GET /xingrg/all/function/internal_message.html?_=1693089038411&CODE_STATE=getMsg HTTP/1.1" 200 27
114.95.241.104 - - [27/Aug/2023:06:30:56 +0800] "GET /xingrg/all/function/internal_message.html?_=1693088958196&CODE_STATE=getMsg HTTP/1.1" 200 27
222.70.173.75 - - [27/Aug/2023:06:31:00 +0800] "GET /xingrg/all/function/internal_message.html?_=1693089059942&CODE_STATE=getMsg HTTP/1.1" 200 27
120.253.135.82 - - [27/Aug/2023:06:31:10 +0800] "GET /xingrg/all/function/internal_message.html?_=1693088880932&CODE_STATE=getMsg HTTP/1.1" 200 27
116.235.94.33 - - [27/Aug/2023:06:31:15 +0800] "GET /xingrg/all/function/internal_message.html?_=1693089071676&CODE_STATE=getMsg HTTP/1.1" 200 27
180.169.147.146 - - [27/Aug/2023:06:31:18 +0800] "GET /xingrg/all/function/internal_message.html?_=1693089181713&CODE_STATE=getMsg HTTP/1.1" 302 -
116.232.195.127 - - [27/Aug/2023:06:31:18 +0800] "GET /xingrg/all/function/internal_message.html?_=1693088990684&CODE_STATE=getMsg HTTP/1.1" 200 27
114.95.241.104 - - [27/Aug/2023:06:31:23 +0800] "GET /xingrg/check_reg.html?_=1693088986008 HTTP/1.1" 200 22
221.239.167.251 - - [27/Aug/2023:06:31:32 +0800] "GET /xingrg/all/function/internal_message.html?_=1693089092736&CODE_STATE=getMsg HTTP/1.1" 200 27
222.70.180.200 - - [27/Aug/2023:06:31:38 +0800] "GET /xingrg/all/function/internal_message.html?_=1693089099498&CODE_STATE=getMsg HTTP/1.1" 200 27
114.95.241.104 - - [27/Aug/2023:06:31:38 +0800] "GET /xingrg/all/function/internal_message.html?_=1693089098410&CODE_STATE=getMsg HTTP/1.1" 200 27
