222.70.173.73 - - [24/Aug/2023:10:11:14 +0800] "GET /xingrg/all/function/internal_message.html?_=1692843062839&CODE_STATE=getMsg HTTP/1.1" 200 27
180.163.29.103 - - [24/Aug/2023:10:11:18 +0800] "GET /xingrg/all/function/internal_message.html?_=1692843015894&CODE_STATE=getMsg HTTP/1.1" 302 -
180.163.29.103 - - [24/Aug/2023:10:11:18 +0800] "GET /xingrg/login.html HTTP/1.1" 200 7641
124.78.155.92 - - [24/Aug/2023:10:11:18 +0800] "GET /xingrg/all/function/internal_message.html?_=1692843075878&CODE_STATE=getMsg HTTP/1.1" 200 27
222.70.180.200 - - [24/Aug/2023:10:11:22 +0800] "GET /xingrg/kc/buy/cgsh_order_operate.html?command=get_materiel&rest_code=00111&code=00101011005&supplier_code=00100012&order_time=2023-08-24 HTTP/1.1" 200 428
120.253.135.82 - - [24/Aug/2023:10:11:22 +0800] "GET /xingrg/kc/pszx/mdps_order_info.html?code=312023082400588 HTTP/1.1" 200 23976
120.253.135.82 - - [24/Aug/2023:10:11:23 +0800] "GET /xingrg/javascript/easyui/themes/default/validatebox.css HTTP/1.1" 404 1104
120.253.135.82 - - [24/Aug/2023:10:11:23 +0800] "GET /xingrg/all/common/auto_word.html?type=base&rest_code=00101 HTTP/1.1" 200 671
180.152.241.196 - - [24/Aug/2023:10:11:23 +0800] "GET /xingrg/all/function/internal_message.html?_=1692843088205&CODE_STATE=getMsg HTTP/1.1" 200 27
120.253.135.82 - - [24/Aug/2023:10:11:23 +0800] "POST /xingrg/kc/pszx/mdps_order_operate.html HTTP/1.1" 200 2815
116.232.195.127 - - [24/Aug/2023:10:11:23 +0800] "GET /xingrg/all/function/internal_message.html?_=1692843002383&CODE_STATE=getMsg HTTP/1.1" 200 27
222.70.180.200 - - [24/Aug/2023:10:11:27 +0800] "GET /xingrg/all/function/internal_message.html?_=1692843086851&CODE_STATE=getMsg HTTP/1.1" 200 27
120.253.135.82 - - [24/Aug/2023:10:11:29 +0800] "GET /xingrg/all/function/internal_message.html?_=1692842901332&CODE_STATE=getMsg HTTP/1.1" 200 27
180.152.241.196 - - [24/Aug/2023:10:11:29 +0800] "GET /xingrg/all/function/internal_message.html?_=1692843089107&CODE_STATE=getMsg HTTP/1.1" 200 27
114.95.241.104 - - [24/Aug/2023:10:11:30 +0800] "GET /xingrg/all/function/internal_message.html?_=1692843090571&CODE_STATE=getMsg HTTP/1.1" 200 27
222.70.173.73 - - [24/Aug/2023:10:11:34 +0800] "GET /xingrg/kc/buy/cgsh_order_operate.html?command=get_materiel&rest_code=00146&code=00101008137&supplier_code=00100005&order_time=2023-08-24 HTTP/1.1" 200 408
120.253.135.82 - - [24/Aug/2023:10:11:36 +0800] "GET /xingrg/kc/pszx/mdps_order_operate.html?command=get_materiel&pszx_code=00101&rest_code=00143&base_code=0010246&code=00101019133 HTTP/1.1" 200 493
58.40.7.146 - - [24/Aug/2023:10:11:37 +0800] "GET /xingrg/all/function/internal_message.html?_=1692843097216&CODE_STATE=getMsg HTTP/1.1" 200 27
114.83.221.186 - - [24/Aug/2023:10:11:38 +0800] "GET /xingrg/all/function/internal_message.html?_=1692843237295&CODE_STATE=getMsg HTTP/1.1" 200 27
114.83.221.186 - - [24/Aug/2023:10:11:38 +0800] "GET /xingrg/check_reg.html?_=1692843237609 HTTP/1.1" 200 22
120.253.135.82 - - [24/Aug/2023:10:11:40 +0800] "GET /xingrg/all/function/internal_message.html?_=1692843241490&CODE_STATE=getMsg HTTP/1.1" 200 27
120.253.135.82 - - [24/Aug/2023:10:11:40 +0800] "POST /xingrg/all/common/load_select.html HTTP/1.1" 200 25
120.253.135.82 - - [24/Aug/2023:10:11:42 +0800] "GET /xingrg/kc/pszx/mdps_order_operate.html?command=get_materiel_price&pszx_code=00101&rest_code=00143&base_code=0010246&code=00101019133&unit_code=00100189&order_time=2023-08-24 HTTP/1.1" 200 35
101.228.187.155 - - [24/Aug/2023:10:11:47 +0800] "GET /xingrg/all/function/internal_message.html?_=1692843105473&CODE_STATE=getMsg HTTP/1.1" 200 27
116.232.195.127 - - [24/Aug/2023:10:11:50 +0800] "GET /xingrg/all/function/internal_message.html?_=1692843029113&CODE_STATE=getMsg HTTP/1.1" 200 27
222.70.173.73 - - [24/Aug/2023:10:11:51 +0800] "GET /xingrg/kc/buy/cgsh_order_operate.html?command=get_materiel&rest_code=00146&code=00101008270&supplier_code=00100005&order_time=2023-08-24 HTTP/1.1" 200 412
180.165.48.189 - - [24/Aug/2023:10:11:51 +0800] "GET /xingrg/all/function/internal_message.html?_=1692843111950&CODE_STATE=getMsg HTTP/1.1" 200 27
221.239.167.251 - - [24/Aug/2023:10:11:53 +0800] "GET /xingrg/all/function/internal_message.html?_=1692843112227&CODE_STATE=getMsg HTTP/1.1" 200 27
222.70.180.200 - - [24/Aug/2023:10:11:53 +0800] "GET /xingrg/kc/buy/cgsh_order_operate.html?command=get_materiel&rest_code=00111&code=00101006112&supplier_code=00100012&order_time=2023-08-24 HTTP/1.1" 200 409
101.83.145.37 - - [24/Aug/2023:10:11:56 +0800] "GET /xingrg/all/function/internal_message.html?_=1692843116209&CODE_STATE=getMsg HTTP/1.1" 200 27
120.253.135.82 - - [24/Aug/2023:10:11:57 +0800] "GET /xingrg/kc/pszx/mdps_order_operate.html?command=get_materiel&pszx_code=00101&rest_code=00143&base_code=0010246&code=00101019272 HTTP/1.1" 200 485
120.253.135.82 - - [24/Aug/2023:10:12:00 +0800] "POST /xingrg/all/common/load_select.html HTTP/1.1" 200 25
120.253.135.82 - - [24/Aug/2023:10:12:02 +0800] "GET /xingrg/kc/pszx/mdps_order_operate.html?command=get_materiel_price&pszx_code=00101&rest_code=00143&base_code=0010246&code=00101019272&unit_code=00100157&order_time=2023-08-24 HTTP/1.1" 200 34
101.83.145.37 - - [24/Aug/2023:10:12:08 +0800] "GET /xingrg/kc/buy/cgsh_order_list.html HTTP/1.1" 200 56234
222.70.173.73 - - [24/Aug/2023:10:12:09 +0800] "GET /xingrg/kc/buy/cgsh_order_operate.html?command=get_materiel&rest_code=00146&code=00101008072&supplier_code=00100005&order_time=2023-08-24 HTTP/1.1" 200 408
222.70.173.73 - - [24/Aug/2023:10:12:14 +0800] "GET /xingrg/all/function/internal_message.html?_=1692843122852&CODE_STATE=getMsg HTTP/1.1" 200 27
124.78.155.92 - - [24/Aug/2023:10:12:18 +0800] "GET /xingrg/all/function/internal_message.html?_=1692843135867&CODE_STATE=getMsg HTTP/1.1" 200 27
222.69.128.227 - - [24/Aug/2023:10:12:18 +0800] "GET /xingrg/all/function/internal_message.html?_=1692843137591&CODE_STATE=getMsg HTTP/1.1" 200 27
120.253.135.82 - - [24/Aug/2023:10:12:19 +0800] "GET /xingrg/kc/pszx/mdps_order_operate.html?command=get_materiel&pszx_code=00101&rest_code=00143&base_code=0010246&code=00101019071 HTTP/1.1" 200 485
222.69.128.227 - - [24/Aug/2023:10:12:19 +0800] "GET /xingrg/kc/buy/cgsh_order_info.html?code=212023082409561 HTTP/1.1" 200 67013
222.69.128.227 - - [24/Aug/2023:10:12:20 +0800] "GET /xingrg/javascript/easyui/themes/default/validatebox.css HTTP/1.1" 404 1104
120.253.135.82 - - [24/Aug/2023:10:12:22 +0800] "POST /xingrg/all/common/load_select.html HTTP/1.1" 200 25
222.69.128.227 - - [24/Aug/2023:10:12:22 +0800] "POST /xingrg/kc/buy/cgsh_order_operate.html HTTP/1.1" 200 28429
180.152.241.196 - - [24/Aug/2023:10:12:23 +0800] "GET /xingrg/all/function/internal_message.html?_=1692843148205&CODE_STATE=getMsg HTTP/1.1" 200 27
116.232.195.127 - - [24/Aug/2023:10:12:23 +0800] "GET /xingrg/all/function/internal_message.html?_=1692843062372&CODE_STATE=getMsg HTTP/1.1" 200 27
120.253.135.82 - - [24/Aug/2023:10:12:24 +0800] "GET /xingrg/kc/pszx/mdps_order_operate.html?command=get_materiel_price&pszx_code=00101&rest_code=00143&base_code=0010246&code=00101019071&unit_code=00100201&order_time=2023-08-24 HTTP/1.1" 200 34
222.70.173.73 - - [24/Aug/2023:10:12:25 +0800] "GET /xingrg/kc/buy/cgsh_order_operate.html?command=get_materiel&rest_code=00146&code=00101008175&supplier_code=00100005&order_time=2023-08-24 HTTP/1.1" 200 412
101.83.145.37 - - [24/Aug/2023:10:12:27 +0800] "POST /xingrg/kc/buy/cgsh_list_operate.html HTTP/1.1" 200 3539
222.70.180.200 - - [24/Aug/2023:10:12:27 +0800] "GET /xingrg/all/function/internal_message.html?_=1692843146841&CODE_STATE=getMsg HTTP/1.1" 200 27
120.253.135.82 - - [24/Aug/2023:10:12:29 +0800] "GET /xingrg/all/function/internal_message.html?_=1692842961487&CODE_STATE=getMsg HTTP/1.1" 200 27
101.83.145.37 - - [24/Aug/2023:10:12:29 +0800] "GET /xingrg/kc/buy/cgsh_order_add.html HTTP/1.1" 200 72098
180.152.241.196 - - [24/Aug/2023:10:12:29 +0800] "GET /xingrg/all/function/internal_message.html?_=1692843149083&CODE_STATE=getMsg HTTP/1.1" 200 27
101.83.145.37 - - [24/Aug/2023:10:12:29 +0800] "POST /xingrg/kc/buy/cgsh_order_operate.html HTTP/1.1" 200 8245
101.83.145.37 - - [24/Aug/2023:10:12:29 +0800] "GET /xingrg/javascript/easyui/themes/default/validatebox.css HTTP/1.1" 404 1104
114.95.241.104 - - [24/Aug/2023:10:12:30 +0800] "GET /xingrg/all/function/internal_message.html?_=1692843150576&CODE_STATE=getMsg HTTP/1.1" 200 27
101.83.145.37 - - [24/Aug/2023:10:12:31 +0800] "GET /xingrg/javascript/auto/indicator.gif HTTP/1.1" 404 1066
101.83.145.37 - - [24/Aug/2023:10:12:32 +0800] "GET /xingrg/check_reg.html?_=1692843152734 HTTP/1.1" 200 22
222.70.180.200 - - [24/Aug/2023:10:12:36 +0800] "GET /xingrg/kc/buy/cgsh_order_operate.html?command=get_materiel&rest_code=00111&code=00101016030&supplier_code=00100012&order_time=2023-08-24 HTTP/1.1" 200 412
58.40.7.146 - - [24/Aug/2023:10:12:37 +0800] "GET /xingrg/all/function/internal_message.html?_=1692843157218&CODE_STATE=getMsg HTTP/1.1" 200 27
114.83.221.186 - - [24/Aug/2023:10:12:38 +0800] "GET /xingrg/all/function/internal_message.html?_=1692843297271&CODE_STATE=getMsg HTTP/1.1" 200 27
120.253.135.82 - - [24/Aug/2023:10:12:40 +0800] "GET /xingrg/all/function/internal_message.html?_=1692843301496&CODE_STATE=getMsg HTTP/1.1" 200 27
222.70.173.73 - - [24/Aug/2023:10:12:40 +0800] "GET /xingrg/kc/buy/cgsh_order_operate.html?command=get_materiel&rest_code=00146&code=00101008176&supplier_code=00100005&order_time=2023-08-24 HTTP/1.1" 200 412
101.228.187.155 - - [24/Aug/2023:10:12:47 +0800] "GET /xingrg/all/function/internal_message.html?_=1692843165446&CODE_STATE=getMsg HTTP/1.1" 200 27
116.232.195.127 - - [24/Aug/2023:10:12:50 +0800] "GET /xingrg/all/function/internal_message.html?_=1692843089088&CODE_STATE=getMsg HTTP/1.1" 200 27
180.165.48.189 - - [24/Aug/2023:10:12:51 +0800] "GET /xingrg/check_reg.html?_=1692843171949 HTTP/1.1" 200 22
180.165.48.189 - - [24/Aug/2023:10:12:51 +0800] "GET /xingrg/all/function/internal_message.html?_=1692843171950&CODE_STATE=getMsg HTTP/1.1" 200 27
222.70.173.73 - - [24/Aug/2023:10:12:52 +0800] "GET /xingrg/kc/buy/cgsh_order_operate.html?command=get_materiel&rest_code=00146&code=00101008210&supplier_code=00100005&order_time=2023-08-24 HTTP/1.1" 200 408
221.239.167.251 - - [24/Aug/2023:10:12:53 +0800] "GET /xingrg/all/function/internal_message.html?_=1692843172229&CODE_STATE=getMsg HTTP/1.1" 200 27
120.253.135.82 - - [24/Aug/2023:10:12:53 +0800] "GET /xingrg/kc/pszx/mdps_order_operate.html?command=get_materiel&pszx_code=00101&rest_code=00143&base_code=0010246&code=00101019536 HTTP/1.1" 200 484
101.83.145.37 - - [24/Aug/2023:10:12:54 +0800] "GET /xingrg/kc/buy/cgsh_order_operate.html?command=get_materiel&rest_code=00105&code=00101006193&supplier_code=00100012&order_time=2023-08-24 HTTP/1.1" 200 409
101.83.145.37 - - [24/Aug/2023:10:12:56 +0800] "GET /xingrg/all/function/internal_message.html?_=1692843176210&CODE_STATE=getMsg HTTP/1.1" 200 27
114.83.221.186 - - [24/Aug/2023:10:13:04 +0800] "POST /xingrg/dwr/call/plaincall/AjaxQqpsService.uncheckOrder.dwr HTTP/1.1" 200 338
222.70.173.73 - - [24/Aug/2023:10:13:07 +0800] "GET /xingrg/kc/buy/cgsh_order_operate.html?command=get_materiel&rest_code=00146&code=00101008132&supplier_code=00100005&order_time=2023-08-24 HTTP/1.1" 200 408
120.253.135.82 - - [24/Aug/2023:10:13:10 +0800] "POST /xingrg/all/common/load_select.html HTTP/1.1" 200 25
120.253.135.82 - - [24/Aug/2023:10:13:12 +0800] "GET /xingrg/kc/pszx/mdps_order_operate.html?command=get_materiel_price&pszx_code=00101&rest_code=00143&base_code=0010246&code=00101019536&unit_code=00100157&order_time=2023-08-24 HTTP/1.1" 200 34
222.69.128.227 - - [24/Aug/2023:10:13:14 +0800] "POST /xingrg/kc/buy/cgsh_list_operate.html HTTP/1.1" 200 1869
222.70.173.73 - - [24/Aug/2023:10:13:14 +0800] "GET /xingrg/all/function/internal_message.html?_=1692843182867&CODE_STATE=getMsg HTTP/1.1" 200 27
120.253.135.82 - - [24/Aug/2023:10:13:15 +0800] "POST /xingrg/kc/pszx/mdps_order_operate.html HTTP/1.1" 200 1790
101.83.145.37 - - [24/Aug/2023:10:13:16 +0800] "GET /xingrg/kc/buy/cgsh_order_operate.html?command=get_materiel&rest_code=00105&code=00101006111&supplier_code=00100012&order_time=2023-08-24 HTTP/1.1" 200 409
222.69.128.227 - - [24/Aug/2023:10:13:17 +0800] "POST /xingrg/kc/buy/cgsh_list_operate.html HTTP/1.1" 200 575
124.78.155.92 - - [24/Aug/2023:10:13:18 +0800] "GET /xingrg/all/function/internal_message.html?_=1692843195843&CODE_STATE=getMsg HTTP/1.1" 200 27
222.69.128.227 - - [24/Aug/2023:10:13:18 +0800] "GET /xingrg/all/function/internal_message.html?_=1692843197579&CODE_STATE=getMsg HTTP/1.1" 200 27
222.69.128.227 - - [24/Aug/2023:10:13:19 +0800] "GET /xingrg/kc/buy/cgsh_order_info.html?code=212023082309179 HTTP/1.1" 200 72113
222.69.128.227 - - [24/Aug/2023:10:13:19 +0800] "GET /xingrg/javascript/easyui/themes/default/validatebox.css HTTP/1.1" 404 1104
124.78.155.92 - - [24/Aug/2023:10:13:20 +0800] "GET /xingrg/check_reg.html?_=1692843197316 HTTP/1.1" 200 22
222.69.128.227 - - [24/Aug/2023:10:13:21 +0800] "POST /xingrg/kc/buy/cgsh_order_operate.html HTTP/1.1" 200 42861
114.83.221.186 - - [24/Aug/2023:10:13:21 +0800] "GET /xingrg/kc/mdqp/pssh_order_list.html HTTP/1.1" 200 17177
114.83.221.186 - - [24/Aug/2023:10:13:21 +0800] "POST /xingrg/kc/mdqp/pssh_list_operate.html HTTP/1.1" 200 5391
180.152.241.196 - - [24/Aug/2023:10:13:23 +0800] "GET /xingrg/all/function/internal_message.html?_=1692843208214&CODE_STATE=getMsg HTTP/1.1" 200 27
180.152.241.196 - - [24/Aug/2023:10:13:23 +0800] "GET /xingrg/check_reg.html?_=1692843208216 HTTP/1.1" 200 22
222.69.128.227 - - [24/Aug/2023:10:13:23 +0800] "POST /xingrg/kc/buy/cgsh_list_operate.html HTTP/1.1" 200 1869
116.232.195.127 - - [24/Aug/2023:10:13:23 +0800] "GET /xingrg/check_reg.html?_=1692843122375 HTTP/1.1" 200 22
116.232.195.127 - - [24/Aug/2023:10:13:23 +0800] "GET /xingrg/all/function/internal_message.html?_=1692843122380&CODE_STATE=getMsg HTTP/1.1" 200 27
222.70.180.200 - - [24/Aug/2023:10:13:27 +0800] "GET /xingrg/check_reg.html?_=1692843206860 HTTP/1.1" 200 22
222.70.180.200 - - [24/Aug/2023:10:13:27 +0800] "GET /xingrg/all/function/internal_message.html?_=1692843206852&CODE_STATE=getMsg HTTP/1.1" 200 27
120.253.135.82 - - [24/Aug/2023:10:13:29 +0800] "GET /xingrg/all/function/internal_message.html?_=1692843021499&CODE_STATE=getMsg HTTP/1.1" 200 27
180.152.241.196 - - [24/Aug/2023:10:13:29 +0800] "GET /xingrg/all/function/internal_message.html?_=1692843209092&CODE_STATE=getMsg HTTP/1.1" 200 27
120.253.135.82 - - [24/Aug/2023:10:13:30 +0800] "GET /xingrg/kc/pszx/mdps_order_operate.html?command=get_materiel&pszx_code=00101&rest_code=00143&base_code=0010246&code=00101019253 HTTP/1.1" 200 495
114.95.241.104 - - [24/Aug/2023:10:13:30 +0800] "GET /xingrg/all/function/internal_message.html?_=1692843210581&CODE_STATE=getMsg HTTP/1.1" 200 27
114.95.241.104 - - [24/Aug/2023:10:13:30 +0800] "GET /xingrg/check_reg.html?_=1692843210577 HTTP/1.1" 200 22
101.83.145.37 - - [24/Aug/2023:10:13:32 +0800] "GET /xingrg/kc/buy/cgsh_order_operate.html?command=get_materiel&rest_code=00105&code=00101006109&supplier_code=00100012&order_time=2023-08-24 HTTP/1.1" 200 409
120.253.135.82 - - [24/Aug/2023:10:13:34 +0800] "POST /xingrg/all/common/load_select.html HTTP/1.1" 200 25
222.70.173.73 - - [24/Aug/2023:10:13:35 +0800] "GET /xingrg/kc/buy/cgsh_order_operate.html?command=get_materiel&rest_code=00146&code=00101008244&supplier_code=00100005&order_time=2023-08-24 HTTP/1.1" 200 408
120.253.135.82 - - [24/Aug/2023:10:13:36 +0800] "GET /xingrg/kc/pszx/mdps_order_operate.html?command=get_materiel_price&pszx_code=00101&rest_code=00143&base_code=0010246&code=00101019253&unit_code=00100157&order_time=2023-08-24 HTTP/1.1" 200 36
58.40.7.146 - - [24/Aug/2023:10:13:37 +0800] "GET /xingrg/all/function/internal_message.html?_=1692843217219&CODE_STATE=getMsg HTTP/1.1" 200 27
114.83.221.186 - - [24/Aug/2023:10:13:38 +0800] "GET /xingrg/all/function/internal_message.html?_=1692843357266&CODE_STATE=getMsg HTTP/1.1" 200 27
120.253.135.82 - - [24/Aug/2023:10:13:40 +0800] "GET /xingrg/all/function/internal_message.html?_=1692843361502&CODE_STATE=getMsg HTTP/1.1" 200 27
222.69.128.227 - - [24/Aug/2023:10:13:43 +0800] "POST /xingrg/kc/buy/cgsh_order_operate.html HTTP/1.1" 200 37
101.228.187.155 - - [24/Aug/2023:10:13:47 +0800] "GET /xingrg/all/function/internal_message.html?_=1692843225430&CODE_STATE=getMsg HTTP/1.1" 200 27
101.228.187.155 - - [24/Aug/2023:10:13:47 +0800] "GET /xingrg/check_reg.html?_=1692843225666 HTTP/1.1" 200 22
222.70.173.73 - - [24/Aug/2023:10:13:47 +0800] "GET /xingrg/kc/buy/cgsh_order_operate.html?command=get_materiel&rest_code=00146&code=00101008354&supplier_code=00100005&order_time=2023-08-24 HTTP/1.1" 200 412
116.232.195.127 - - [24/Aug/2023:10:13:50 +0800] "GET /xingrg/all/function/internal_message.html?_=1692843149065&CODE_STATE=getMsg HTTP/1.1" 200 27
180.165.48.189 - - [24/Aug/2023:10:13:51 +0800] "GET /xingrg/all/function/internal_message.html?_=1692843231947&CODE_STATE=getMsg HTTP/1.1" 200 27
120.253.135.82 - - [24/Aug/2023:10:13:52 +0800] "GET /xingrg/kc/pszx/mdps_order_operate.html?command=get_materiel&pszx_code=00101&rest_code=00143&base_code=0010246&code=00101019128 HTTP/1.1" 200 458
221.239.167.251 - - [24/Aug/2023:10:13:53 +0800] "GET /xingrg/all/function/internal_message.html?_=1692843232228&CODE_STATE=getMsg HTTP/1.1" 200 27
221.239.167.251 - - [24/Aug/2023:10:13:53 +0800] "GET /xingrg/check_reg.html?_=1692843232232 HTTP/1.1" 200 22
101.83.145.37 - - [24/Aug/2023:10:13:56 +0800] "GET /xingrg/all/function/internal_message.html?_=1692843236214&CODE_STATE=getMsg HTTP/1.1" 200 27
222.70.173.73 - - [24/Aug/2023:10:14:00 +0800] "GET /xingrg/check_reg.html?_=1692843228143 HTTP/1.1" 200 22
222.69.128.227 - - [24/Aug/2023:10:14:01 +0800] "POST /xingrg/kc/buy/cgsh_order_operate.html HTTP/1.1" 200 12
222.70.173.73 - - [24/Aug/2023:10:14:03 +0800] "GET /xingrg/kc/buy/cgsh_order_operate.html?command=get_materiel&rest_code=00146&code=00101008028&supplier_code=00100005&order_time=2023-08-24 HTTP/1.1" 200 412
222.69.128.227 - - [24/Aug/2023:10:14:04 +0800] "GET /xingrg/kc/buy/cgsh_order_info.html?code=212023082309179 HTTP/1.1" 200 67013
222.69.128.227 - - [24/Aug/2023:10:14:05 +0800] "GET /xingrg/javascript/easyui/themes/default/validatebox.css HTTP/1.1" 404 1104
222.69.128.227 - - [24/Aug/2023:10:14:06 +0800] "POST /xingrg/kc/buy/cgsh_order_operate.html HTTP/1.1" 200 40202
116.232.195.127 - - [24/Aug/2023:10:14:06 +0800] "GET /xingrg/check_reg.html?_=1692843164961 HTTP/1.1" 200 22
222.69.128.227 - - [24/Aug/2023:10:14:08 +0800] "GET /xingrg/kc/buy/cgsh_order_add.html HTTP/1.1" 200 72104
222.69.128.227 - - [24/Aug/2023:10:14:08 +0800] "POST /xingrg/kc/buy/cgsh_order_operate.html HTTP/1.1" 200 8245
222.69.128.227 - - [24/Aug/2023:10:14:08 +0800] "GET /xingrg/javascript/easyui/themes/default/validatebox.css HTTP/1.1" 404 1104
222.70.173.73 - - [24/Aug/2023:10:14:14 +0800] "GET /xingrg/all/function/internal_message.html?_=1692843242879&CODE_STATE=getMsg HTTP/1.1" 200 27
101.83.145.37 - - [24/Aug/2023:10:14:16 +0800] "GET /xingrg/kc/buy/cgsh_order_operate.html?command=get_materiel&rest_code=00105&code=00101007198&supplier_code=00100012&order_time=2023-08-24 HTTP/1.1" 200 428
124.78.155.92 - - [24/Aug/2023:10:14:18 +0800] "GET /xingrg/all/function/internal_message.html?_=1692843255819&CODE_STATE=getMsg HTTP/1.1" 200 27
222.69.128.227 - - [24/Aug/2023:10:14:18 +0800] "GET /xingrg/all/function/internal_message.html?_=1692843257563&CODE_STATE=getMsg HTTP/1.1" 200 27
222.69.128.227 - - [24/Aug/2023:10:14:20 +0800] "GET /xingrg/kc/buy/cgsh_order_operate.html?command=get_materiel&rest_code=00149&code=00101009001&supplier_code=00100201&order_time=2023-08-24 HTTP/1.1" 200 416
180.152.241.196 - - [24/Aug/2023:10:14:23 +0800] "GET /xingrg/all/function/internal_message.html?_=1692843268217&CODE_STATE=getMsg HTTP/1.1" 200 27
116.232.195.127 - - [24/Aug/2023:10:14:23 +0800] "GET /xingrg/all/function/internal_message.html?_=1692843182376&CODE_STATE=getMsg HTTP/1.1" 200 27
222.70.180.200 - - [24/Aug/2023:10:14:27 +0800] "GET /xingrg/all/function/internal_message.html?_=1692843266855&CODE_STATE=getMsg HTTP/1.1" 200 27
222.70.173.73 - - [24/Aug/2023:10:14:27 +0800] "GET /xingrg/kc/buy/cgsh_order_operate.html?command=get_materiel&rest_code=00146&code=00101008003&supplier_code=00100005&order_time=2023-08-24 HTTP/1.1" 200 408
101.83.145.37 - - [24/Aug/2023:10:14:28 +0800] "GET /xingrg/kc/buy/cgsh_order_operate.html?command=get_materiel&rest_code=00105&code=00101006087&supplier_code=00100012&order_time=2023-08-24 HTTP/1.1" 200 409
180.152.241.196 - - [24/Aug/2023:10:14:29 +0800] "GET /xingrg/all/function/internal_message.html?_=1692843269083&CODE_STATE=getMsg HTTP/1.1" 200 27
120.253.135.82 - - [24/Aug/2023:10:14:29 +0800] "GET /xingrg/all/function/internal_message.html?_=1692843081729&CODE_STATE=getMsg HTTP/1.1" 200 27
114.95.241.104 - - [24/Aug/2023:10:14:30 +0800] "GET /xingrg/all/function/internal_message.html?_=1692843270569&CODE_STATE=getMsg HTTP/1.1" 200 27
120.253.135.82 - - [24/Aug/2023:10:14:31 +0800] "GET /xingrg/kc/pszx/mdps_order_operate.html?command=get_materiel&pszx_code=00101&rest_code=00143&base_code=0010246&code=00101022084 HTTP/1.1" 200 441
120.253.135.82 - - [24/Aug/2023:10:14:32 +0800] "GET /xingrg/check_reg.html?_=1692843084448 HTTP/1.1" 200 22
58.40.7.146 - - [24/Aug/2023:10:14:37 +0800] "GET /xingrg/all/function/internal_message.html?_=1692843277221&CODE_STATE=getMsg HTTP/1.1" 200 27
114.83.221.186 - - [24/Aug/2023:10:14:38 +0800] "GET /xingrg/all/function/internal_message.html?_=1692843417247&CODE_STATE=getMsg HTTP/1.1" 200 27
120.253.135.82 - - [24/Aug/2023:10:14:40 +0800] "GET /xingrg/check_reg.html?_=1692843421506 HTTP/1.1" 200 22
120.253.135.82 - - [24/Aug/2023:10:14:40 +0800] "GET /xingrg/all/function/internal_message.html?_=1692843421504&CODE_STATE=getMsg HTTP/1.1" 200 27
222.70.173.73 - - [24/Aug/2023:10:14:41 +0800] "GET /xingrg/kc/buy/cgsh_order_operate.html?command=get_materiel&rest_code=00146&code=00101008126&supplier_code=00100005&order_time=2023-08-24 HTTP/1.1" 200 412
101.83.145.37 - - [24/Aug/2023:10:14:46 +0800] "GET /xingrg/kc/buy/cgsh_order_operate.html?command=get_materiel&rest_code=00105&code=00101006040&supplier_code=00100012&order_time=2023-08-24 HTTP/1.1" 200 417
180.169.147.146 - - [24/Aug/2023:10:14:47 +0800] "GET /xingrg/login.html HTTP/1.1" 200 7641
180.169.147.146 - - [24/Aug/2023:10:14:47 +0800] "GET /xingrg/images/blue/jxLogo.png HTTP/1.1" 200 6156
101.228.187.155 - - [24/Aug/2023:10:14:47 +0800] "GET /xingrg/all/function/internal_message.html?_=1692843285417&CODE_STATE=getMsg HTTP/1.1" 200 27
180.169.147.146 - - [24/Aug/2023:10:14:47 +0800] "GET /xingrg/images/blue/login_bg.png HTTP/1.1" 200 22101
180.169.147.146 - - [24/Aug/2023:10:14:47 +0800] "GET /xingrg/images/blue/hj.png HTTP/1.1" 200 1014
180.169.147.146 - - [24/Aug/2023:10:14:47 +0800] "GET /xingrg/images/blue/srbg.png HTTP/1.1" 200 138
180.169.147.146 - - [24/Aug/2023:10:14:47 +0800] "GET /favicon.ico HTTP/1.1" 404 -
116.232.195.127 - - [24/Aug/2023:10:14:50 +0800] "GET /xingrg/all/function/internal_message.html?_=1692843209045&CODE_STATE=getMsg HTTP/1.1" 200 27
222.70.173.73 - - [24/Aug/2023:10:14:51 +0800] "GET /xingrg/kc/buy/cgsh_order_operate.html?command=get_materiel&rest_code=00146&code=00101008264&supplier_code=00100005&order_time=2023-08-24 HTTP/1.1" 200 412
180.165.48.189 - - [24/Aug/2023:10:14:51 +0800] "GET /xingrg/all/function/internal_message.html?_=1692843291946&CODE_STATE=getMsg HTTP/1.1" 200 27
180.169.147.146 - - [24/Aug/2023:10:14:52 +0800] "POST /xingrg/login.do HTTP/1.1" 302 -
180.169.147.146 - - [24/Aug/2023:10:14:52 +0800] "GET /xingrg/index.html?sysBaseUrl=http%3A%2F%2F180.169.147.146%3A18081%2Fxingrg%2F&costTime=1108×tamp=1692843292738 HTTP/1.1" 200 17503
180.169.147.146 - - [24/Aug/2023:10:14:52 +0800] "GET /xingrg/javascript/jquery_easy_ui/themes/default/easyui.css HTTP/1.1" 200 26500
180.169.147.146 - - [24/Aug/2023:10:14:52 +0800] "GET /xingrg/css/form.css HTTP/1.1" 200 893
180.169.147.146 - - [24/Aug/2023:10:14:52 +0800] "GET /xingrg/javascript/jquery_easy_ui/jquery.easyui.min.js HTTP/1.1" 200 213662
180.169.147.146 - - [24/Aug/2023:10:14:52 +0800] "GET /xingrg/javascript/jquery_easy_ui/easyui-lang-zh_CN.js HTTP/1.1" 200 1900
180.169.147.146 - - [24/Aug/2023:10:14:52 +0800] "GET /xingrg/javascript/jquery_easy_ui/themes/icon.css HTTP/1.1" 200 3949
180.169.147.146 - - [24/Aug/2023:10:14:52 +0800] "GET /xingrg/javascript/jquery-1.4.2.min.js HTTP/1.1" 200 72205
180.169.147.146 - - [24/Aug/2023:10:14:52 +0800] "GET /xingrg/javascript/jquery.timers.js HTTP/1.1" 200 3532
180.169.147.146 - - [24/Aug/2023:10:14:52 +0800] "GET /xingrg/javascript/jquery.form.js HTTP/1.1" 200 23110
180.169.147.146 - - [24/Aug/2023:10:14:52 +0800] "GET /xingrg/javascript/jquery.utils.js HTTP/1.1" 200 11805
180.169.147.146 - - [24/Aug/2023:10:14:52 +0800] "GET /favicon.ico HTTP/1.1" 404 -
180.169.147.146 - - [24/Aug/2023:10:14:53 +0800] "GET /xingrg/images/blue/navBackgound.jpg HTTP/1.1" 200 12378
180.169.147.146 - - [24/Aug/2023:10:14:53 +0800] "GET /xingrg/javascript/jquery_easy_ui/themes/icons/settle_new.png HTTP/1.1" 200 826
221.239.167.251 - - [24/Aug/2023:10:14:53 +0800] "GET /xingrg/all/function/internal_message.html?_=1692843292231&CODE_STATE=getMsg HTTP/1.1" 200 27
180.169.147.146 - - [24/Aug/2023:10:14:53 +0800] "GET /xingrg/check_reg.html?_=1692843294491 HTTP/1.1" 200 22
180.169.147.146 - - [24/Aug/2023:10:14:53 +0800] "GET /xingrg/images/blue/pingpu.png HTTP/1.1" 200 231
180.169.147.146 - - [24/Aug/2023:10:14:53 +0800] "POST /xingrg/all/common/load_tree.html?tree=area_rest_tree_json&manage=1 HTTP/1.1" 200 2106
180.169.147.146 - - [24/Aug/2023:10:14:53 +0800] "GET /xingrg/javascript/jquery_easy_ui/themes/default/images/tabs_leftarrow.png HTTP/1.1" 200 389
180.169.147.146 - - [24/Aug/2023:10:14:53 +0800] "GET /xingrg/javascript/jquery_easy_ui/themes/default/images/tabs_rightarrow.png HTTP/1.1" 200 395
180.169.147.146 - - [24/Aug/2023:10:14:53 +0800] "GET /xingrg/javascript/jquery_easy_ui/themes/default/images/panel_tool_expand.gif HTTP/1.1" 200 247
180.169.147.146 - - [24/Aug/2023:10:14:53 +0800] "GET /xingrg/javascript/jquery_easy_ui/themes/default/images/panel_tool_collapse.gif HTTP/1.1" 200 246
180.169.147.146 - - [24/Aug/2023:10:14:53 +0800] "GET /xingrg/all/function/internal_message.html?_=1692843294489&CODE_STATE=count HTTP/1.1" 200 11
180.169.147.146 - - [24/Aug/2023:10:14:53 +0800] "POST /xingrg/load_menu.html HTTP/1.1" 200 11564
180.169.147.146 - - [24/Aug/2023:10:14:53 +0800] "GET /xingrg/javascript/jquery_easy_ui/themes/default/images/tree_arrows.gif HTTP/1.1" 200 1043
180.169.147.146 - - [24/Aug/2023:10:14:53 +0800] "GET /xingrg/javascript/jquery_easy_ui/themes/icons/search_new.png HTTP/1.1" 200 586
180.169.147.146 - - [24/Aug/2023:10:14:53 +0800] "GET /xingrg/javascript/jquery_easy_ui/themes/default/images/tree_folder_open.gif HTTP/1.1" 200 956
180.169.147.146 - - [24/Aug/2023:10:14:53 +0800] "GET /xingrg/javascript/jquery_easy_ui/themes/icons/delivery_new.png HTTP/1.1" 200 700
180.169.147.146 - - [24/Aug/2023:10:14:53 +0800] "GET /xingrg/javascript/jquery_easy_ui/themes/icons/storage_new.png HTTP/1.1" 200 853
180.169.147.146 - - [24/Aug/2023:10:14:53 +0800] "GET /xingrg/javascript/jquery_easy_ui/themes/icons/checkout_new.png HTTP/1.1" 200 744
180.169.147.146 - - [24/Aug/2023:10:14:53 +0800] "GET /xingrg/javascript/jquery_easy_ui/themes/icons/forms_new.png HTTP/1.1" 200 350
180.169.147.146 - - [24/Aug/2023:10:14:53 +0800] "GET /xingrg/javascript/jquery_easy_ui/themes/icons/setting_new.png HTTP/1.1" 200 450
180.169.147.146 - - [24/Aug/2023:10:14:53 +0800] "GET /xingrg/javascript/jquery_easy_ui/themes/icons/systemset_new.png HTTP/1.1" 200 606
180.169.147.146 - - [24/Aug/2023:10:14:53 +0800] "GET /xingrg/javascript/jquery_easy_ui/themes/default/images/tree_file.gif HTTP/1.1" 200 118
180.169.147.146 - - [24/Aug/2023:10:14:53 +0800] "GET /xingrg/javascript/jquery_easy_ui/themes/default/images/tree_folder.gif HTTP/1.1" 200 952
180.169.147.146 - - [24/Aug/2023:10:14:54 +0800] "GET /xingrg/javascript/jquery_easy_ui/themes/icons/area.png HTTP/1.1" 200 262
180.169.147.146 - - [24/Aug/2023:10:14:54 +0800] "GET /xingrg/javascript/jquery_easy_ui/themes/icons/manage.png HTTP/1.1" 200 696
180.169.147.146 - - [24/Aug/2023:10:14:54 +0800] "GET /xingrg/javascript/jquery_easy_ui/themes/icons/rest.png HTTP/1.1" 200 695
180.169.147.146 - - [24/Aug/2023:10:14:54 +0800] "GET /xingrg/javascript/jquery_easy_ui/themes/default/images/button_a_bg.gif HTTP/1.1" 200 1194
180.169.147.146 - - [24/Aug/2023:10:14:54 +0800] "GET /xingrg/javascript/jquery_easy_ui/themes/default/images/button_span_bg.gif HTTP/1.1" 200 2061
180.169.147.146 - - [24/Aug/2023:10:14:54 +0800] "GET /xingrg/javascript/jquery_easy_ui/themes/icons/ok.png HTTP/1.1" 200 883
180.169.147.146 - - [24/Aug/2023:10:14:54 +0800] "GET /xingrg/javascript/jquery_easy_ui/themes/default/images/panel_title.png HTTP/1.1" 200 266
180.169.147.146 - - [24/Aug/2023:10:14:54 +0800] "GET /xingrg/javascript/jquery_easy_ui/themes/default/images/panel_tools.gif HTTP/1.1" 200 737
222.69.128.227 - - [24/Aug/2023:10:14:55 +0800] "GET /xingrg/kc/buy/cgsh_order_operate.html?command=get_materiel&rest_code=00149&code=00101009062&supplier_code=00100201&order_time=2023-08-24 HTTP/1.1" 200 412
101.83.145.37 - - [24/Aug/2023:10:14:56 +0800] "GET /xingrg/all/function/internal_message.html?_=1692843296158&CODE_STATE=getMsg HTTP/1.1" 200 27
120.253.135.82 - - [24/Aug/2023:10:14:56 +0800] "GET /xingrg/kc/pszx/mdps_order_operate.html?command=get_materiel&pszx_code=00101&rest_code=00143&base_code=0010246&code=00101012077 HTTP/1.1" 200 437
180.169.147.146 - - [24/Aug/2023:10:14:57 +0800] "GET /xingrg/images/control/ajaxLoader.gif HTTP/1.1" 200 4659
180.169.147.146 - - [24/Aug/2023:10:14:57 +0800] "POST /xingrg/all/user/operate.html HTTP/1.1" 200 36
180.169.147.146 - - [24/Aug/2023:10:14:57 +0800] "GET /xingrg/index.html?sysBaseUrl=http%3A%2F%2F180.169.147.146%3A18081%2Fxingrg%2F&costTime=1108×tamp=1692843292738 HTTP/1.1" 200 17503
180.169.147.146 - - [24/Aug/2023:10:14:57 +0800] "GET /xingrg/javascript/jquery_easy_ui/themes/default/easyui.css HTTP/1.1" 304 -
180.169.147.146 - - [24/Aug/2023:10:14:57 +0800] "GET /xingrg/javascript/jquery_easy_ui/themes/icon.css HTTP/1.1" 304 -
180.169.147.146 - - [24/Aug/2023:10:14:57 +0800] "GET /xingrg/css/form.css HTTP/1.1" 304 -
180.169.147.146 - - [24/Aug/2023:10:14:57 +0800] "GET /xingrg/javascript/jquery-1.4.2.min.js HTTP/1.1" 304 -
180.169.147.146 - - [24/Aug/2023:10:14:57 +0800] "GET /xingrg/javascript/jquery_easy_ui/jquery.easyui.min.js HTTP/1.1" 304 -
180.169.147.146 - - [24/Aug/2023:10:14:57 +0800] "GET /xingrg/javascript/jquery_easy_ui/easyui-lang-zh_CN.js HTTP/1.1" 304 -
180.169.147.146 - - [24/Aug/2023:10:14:57 +0800] "GET /xingrg/javascript/jquery.form.js HTTP/1.1" 304 -
180.169.147.146 - - [24/Aug/2023:10:14:57 +0800] "GET /xingrg/javascript/jquery.utils.js HTTP/1.1" 304 -
180.169.147.146 - - [24/Aug/2023:10:14:57 +0800] "GET /xingrg/javascript/jquery.timers.js HTTP/1.1" 304 -
180.169.147.146 - - [24/Aug/2023:10:14:57 +0800] "GET /xingrg/images/blue/jxLogo.png HTTP/1.1" 304 -
180.169.147.146 - - [24/Aug/2023:10:14:57 +0800] "GET /xingrg/images/blue/navBackgound.jpg HTTP/1.1" 304 -
180.169.147.146 - - [24/Aug/2023:10:14:57 +0800] "GET /xingrg/javascript/jquery_easy_ui/themes/icons/settle_new.png HTTP/1.1" 304 -
180.169.147.146 - - [24/Aug/2023:10:14:57 +0800] "GET /xingrg/all/function/internal_message.html?_=1692843299205&CODE_STATE=count HTTP/1.1" 200 11
180.169.147.146 - - [24/Aug/2023:10:14:57 +0800] "GET /xingrg/check_reg.html?_=1692843299206 HTTP/1.1" 200 22
180.169.147.146 - - [24/Aug/2023:10:14:57 +0800] "GET /xingrg/javascript/jquery_easy_ui/themes/default/images/tabs_leftarrow.png HTTP/1.1" 304 -
180.169.147.146 - - [24/Aug/2023:10:14:57 +0800] "GET /xingrg/javascript/jquery_easy_ui/themes/default/images/panel_tool_expand.gif HTTP/1.1" 304 -
180.169.147.146 - - [24/Aug/2023:10:14:57 +0800] "GET /xingrg/javascript/jquery_easy_ui/themes/default/images/panel_tool_collapse.gif HTTP/1.1" 304 -
180.169.147.146 - - [24/Aug/2023:10:14:57 +0800] "GET /xingrg/javascript/jquery_easy_ui/themes/default/images/tabs_rightarrow.png HTTP/1.1" 304 -
180.169.147.146 - - [24/Aug/2023:10:14:57 +0800] "GET /xingrg/images/blue/pingpu.png HTTP/1.1" 304 -
180.169.147.146 - - [24/Aug/2023:10:14:58 +0800] "POST /xingrg/all/common/load_tree.html?tree=area_rest_tree_json&manage=1 HTTP/1.1" 200 2106
180.169.147.146 - - [24/Aug/2023:10:14:58 +0800] "POST /xingrg/load_menu.html HTTP/1.1" 200 9959
101.83.145.37 - - [24/Aug/2023:10:14:59 +0800] "GET /xingrg/kc/buy/cgsh_order_operate.html?command=get_materiel&rest_code=00105&code=00101006129&supplier_code=00100012&order_time=2023-08-24 HTTP/1.1" 200 439
180.169.147.146 - - [24/Aug/2023:10:15:01 +0800] "GET /xingrg/javascript/jquery_easy_ui/themes/default/images/tabs_close.gif HTTP/1.1" 200 829
180.169.147.146 - - [24/Aug/2023:10:15:01 +0800] "GET /xingrg/kc/base/check_order_list.html HTTP/1.1" 200 16595
180.169.147.146 - - [24/Aug/2023:10:15:01 +0800] "GET /xingrg/css/site.css HTTP/1.1" 200 7541
180.169.147.146 - - [24/Aug/2023:10:15:01 +0800] "GET /xingrg/css/base.css HTTP/1.1" 200 2811
180.169.147.146 - - [24/Aug/2023:10:15:01 +0800] "GET /xingrg/javascript/easyui/themes/default/easyui.css HTTP/1.1" 200 30432
180.169.147.146 - - [24/Aug/2023:10:15:01 +0800] "GET /xingrg/javascript/easyui/themes/icon.css HTTP/1.1" 200 4483
180.169.147.146 - - [24/Aug/2023:10:15:01 +0800] "GET /xingrg/javascript/jquery_tools/datebox.css HTTP/1.1" 200 2597
180.169.147.146 - - [24/Aug/2023:10:15:01 +0800] "GET /xingrg/javascript/auto/jquery.autocomplete.css HTTP/1.1" 200 587
180.169.147.146 - - [24/Aug/2023:10:15:01 +0800] "GET /xingrg/javascript/jquery_tools/fix.css HTTP/1.1" 200 1702
180.169.147.146 - - [24/Aug/2023:10:15:01 +0800] "GET /xingrg/javascript/jquery_tools/table.css HTTP/1.1" 200 1032
180.169.147.146 - - [24/Aug/2023:10:15:01 +0800] "GET /xingrg/javascript/jquery_tools/jquery.tools.min.js HTTP/1.1" 200 138801
180.169.147.146 - - [24/Aug/2023:10:15:01 +0800] "GET /xingrg/javascript/jquery_tools/jquery.tools.extend.js HTTP/1.1" 200 15385
180.169.147.146 - - [24/Aug/2023:10:15:01 +0800] "GET /xingrg/javascript/jquery_tools/jquery.tools.hotkey.js HTTP/1.1" 200 3242
180.169.147.146 - - [24/Aug/2023:10:15:01 +0800] "GET /xingrg/javascript/jquery_tools/jquery.tools.table.js HTTP/1.1" 200 6994
180.169.147.146 - - [24/Aug/2023:10:15:01 +0800] "GET /xingrg/javascript/jquery_tools/list_manager.js HTTP/1.1" 200 3652
180.169.147.146 - - [24/Aug/2023:10:15:01 +0800] "GET /xingrg/javascript/auto/jquery.autocomplete.js HTTP/1.1" 200 21624
180.169.147.146 - - [24/Aug/2023:10:15:01 +0800] "GET /xingrg/javascript/jquery.cookie.js HTTP/1.1" 200 5513
180.169.147.146 - - [24/Aug/2023:10:15:01 +0800] "GET /xingrg/javascript/easyui/easyloader.js HTTP/1.1" 200 5975
180.169.147.146 - - [24/Aug/2023:10:15:01 +0800] "GET /xingrg/javascript/easyui/themes/icons/uncheck_new.png HTTP/1.1" 200 3197
180.169.147.146 - - [24/Aug/2023:10:15:01 +0800] "GET /xingrg/javascript/easyui/themes/icons/check_new.png HTTP/1.1" 200 3224
180.169.147.146 - - [24/Aug/2023:10:15:01 +0800] "GET /xingrg/javascript/easyui/themes/icons/field_new.png HTTP/1.1" 200 1097
180.169.147.146 - - [24/Aug/2023:10:15:01 +0800] "GET /xingrg/javascript/easyui/themes/icons/edit_add_new.png HTTP/1.1" 200 2997
180.169.147.146 - - [24/Aug/2023:10:15:01 +0800] "GET /xingrg/javascript/easyui/themes/icons/cance_new.png HTTP/1.1" 200 3986
180.169.147.146 - - [24/Aug/2023:10:15:01 +0800] "GET /xingrg/javascript/easyui/plugins/jquery.parser.js HTTP/1.1" 200 1142
180.169.147.146 - - [24/Aug/2023:10:15:02 +0800] "POST /xingrg/kc/base/check_list_operate.html HTTP/1.1" 200 781
180.169.147.146 - - [24/Aug/2023:10:15:05 +0800] "POST /xingrg/kc/base/check_list_operate.html HTTP/1.1" 200 5418
222.69.128.227 - - [24/Aug/2023:10:15:05 +0800] "GET /xingrg/kc/buy/cgsh_order_operate.html?command=get_materiel&rest_code=00149&code=00101009124&supplier_code=00100201&order_time=2023-08-24 HTTP/1.1" 200 416
120.253.135.82 - - [24/Aug/2023:10:15:09 +0800] "POST /xingrg/kc/pszx/mdps_order_operate.html HTTP/1.1" 200 37
222.70.173.73 - - [24/Aug/2023:10:15:10 +0800] "GET /xingrg/kc/buy/cgsh_order_operate.html?command=get_materiel&rest_code=00146&code=00101008357&supplier_code=00100005&order_time=2023-08-24 HTTP/1.1" 200 408
120.253.135.82 - - [24/Aug/2023:10:15:11 +0800] "GET /xingrg/kc/pszx/mdps_order_info.html?code=312023082400588 HTTP/1.1" 200 23976
120.253.135.82 - - [24/Aug/2023:10:15:11 +0800] "GET /xingrg/javascript/easyui/themes/default/validatebox.css HTTP/1.1" 404 1104
120.253.135.82 - - [24/Aug/2023:10:15:12 +0800] "GET /xingrg/all/common/auto_word.html?type=base&rest_code=00101 HTTP/1.1" 200 671
120.253.135.82 - - [24/Aug/2023:10:15:12 +0800] "POST /xingrg/kc/pszx/mdps_order_operate.html HTTP/1.1" 200 6937
222.70.173.73 - - [24/Aug/2023:10:15:14 +0800] "GET /xingrg/all/function/internal_message.html?_=1692843302894&CODE_STATE=getMsg HTTP/1.1" 200 27
222.69.128.227 - - [24/Aug/2023:10:15:16 +0800] "GET /xingrg/kc/buy/cgsh_order_operate.html?command=get_materiel&rest_code=00149&code=00101009011&supplier_code=00100201&order_time=2023-08-24 HTTP/1.1" 200 416
120.253.135.82 - - [24/Aug/2023:10:15:18 +0800] "GET /xingrg/kc/pszx/mdps_order_operate.html?command=get_materiel&pszx_code=00101&rest_code=00143&base_code=0010246&code=00101019816 HTTP/1.1" 200 447
124.78.155.92 - - [24/Aug/2023:10:15:18 +0800] "GET /xingrg/all/function/internal_message.html?_=1692843315798&CODE_STATE=getMsg HTTP/1.1" 200 27
101.83.145.37 - - [24/Aug/2023:10:15:18 +0800] "GET /xingrg/kc/buy/cgsh_order_operate.html?command=get_materiel&rest_code=00105&code=00101006177&supplier_code=00100012&order_time=2023-08-24 HTTP/1.1" 200 408
222.69.128.227 - - [24/Aug/2023:10:15:18 +0800] "GET /xingrg/all/function/internal_message.html?_=1692843317546&CODE_STATE=getMsg HTTP/1.1" 200 27
180.152.241.196 - - [24/Aug/2023:10:15:23 +0800] "GET /xingrg/all/function/internal_message.html?_=1692843328217&CODE_STATE=getMsg HTTP/1.1" 200 27
116.232.195.127 - - [24/Aug/2023:10:15:23 +0800] "GET /xingrg/all/function/internal_message.html?_=1692843242375&CODE_STATE=getMsg HTTP/1.1" 200 27
222.70.173.73 - - [24/Aug/2023:10:15:26 +0800] "GET /xingrg/kc/buy/cgsh_order_operate.html?command=get_materiel&rest_code=00146&code=00101008296&supplier_code=00100005&order_time=2023-08-24 HTTP/1.1" 200 416
222.70.180.200 - - [24/Aug/2023:10:15:27 +0800] "GET /xingrg/all/function/internal_message.html?_=1692843326843&CODE_STATE=getMsg HTTP/1.1" 200 27
180.152.241.196 - - [24/Aug/2023:10:15:29 +0800] "GET /xingrg/all/function/internal_message.html?_=1692843329095&CODE_STATE=getMsg HTTP/1.1" 200 27
180.152.241.196 - - [24/Aug/2023:10:15:29 +0800] "GET /xingrg/check_reg.html?_=1692843329097 HTTP/1.1" 200 22
120.253.135.82 - - [24/Aug/2023:10:15:29 +0800] "GET /xingrg/all/function/internal_message.html?_=1692843141746&CODE_STATE=getMsg HTTP/1.1" 200 27
222.69.128.227 - - [24/Aug/2023:10:15:30 +0800] "GET /xingrg/kc/buy/cgsh_order_operate.html?command=get_materiel&rest_code=00149&code=00101009059&supplier_code=00100201&order_time=2023-08-24 HTTP/1.1" 200 409
180.169.147.146 - - [24/Aug/2023:10:15:30 +0800] "GET /xingrg/javascript/easyui/themes/default/images/button_plain_hover.png HTTP/1.1" 200 144
114.95.241.104 - - [24/Aug/2023:10:15:30 +0800] "GET /xingrg/all/function/internal_message.html?_=1692843330569&CODE_STATE=getMsg HTTP/1.1" 200 27
222.70.173.73 - - [24/Aug/2023:10:15:30 +0800] "POST /xingrg/kc/buy/cgsh_order_operate.html HTTP/1.1" 200 2065
58.40.7.146 - - [24/Aug/2023:10:15:37 +0800] "GET /xingrg/all/function/internal_message.html?_=1692843337254&CODE_STATE=getMsg HTTP/1.1" 200 27
58.40.7.146 - - [24/Aug/2023:10:15:37 +0800] "GET /xingrg/check_reg.html?_=1692843337253 HTTP/1.1" 200 22
114.83.221.186 - - [24/Aug/2023:10:15:38 +0800] "GET /xingrg/all/function/internal_message.html?_=1692843477242&CODE_STATE=getMsg HTTP/1.1" 200 27
222.70.173.73 - - [24/Aug/2023:10:15:38 +0800] "GET /xingrg/kc/buy/cgsh_order_operate.html?command=get_materiel&rest_code=00146&code=00101008213&supplier_code=00100005&order_time=2023-08-24 HTTP/1.1" 200 412
120.253.135.82 - - [24/Aug/2023:10:15:40 +0800] "GET /xingrg/all/function/internal_message.html?_=1692843481507&CODE_STATE=getMsg HTTP/1.1" 200 27
101.228.187.155 - - [24/Aug/2023:10:15:47 +0800] "GET /xingrg/all/function/internal_message.html?_=1692843345400&CODE_STATE=getMsg HTTP/1.1" 200 27
116.232.195.127 - - [24/Aug/2023:10:15:50 +0800] "GET /xingrg/all/function/internal_message.html?_=1692843269021&CODE_STATE=getMsg HTTP/1.1" 200 27
180.165.48.189 - - [24/Aug/2023:10:15:51 +0800] "GET /xingrg/all/function/internal_message.html?_=1692843351938&CODE_STATE=getMsg HTTP/1.1" 200 27
221.239.167.251 - - [24/Aug/2023:10:15:53 +0800] "GET /xingrg/all/function/internal_message.html?_=1692843352239&CODE_STATE=getMsg HTTP/1.1" 200 27
222.70.173.73 - - [24/Aug/2023:10:15:54 +0800] "GET /xingrg/kc/buy/cgsh_order_operate.html?command=get_materiel&rest_code=00146&code=00101016122&supplier_code=00100005&order_time=2023-08-24 HTTP/1.1" 200 409
101.83.145.37 - - [24/Aug/2023:10:15:56 +0800] "GET /xingrg/all/function/internal_message.html?_=1692843356130&CODE_STATE=getMsg HTTP/1.1" 200 27
180.169.147.146 - - [24/Aug/2023:10:15:57 +0800] "GET /xingrg/all/function/internal_message.html?_=1692843359212&CODE_STATE=getMsg HTTP/1.1" 200 27
222.69.128.227 - - [24/Aug/2023:10:16:01 +0800] "GET /xingrg/kc/buy/cgsh_order_operate.html?command=get_materiel&rest_code=00149&code=00101009085&supplier_code=00100201&order_time=2023-08-24 HTTP/1.1" 200 409
222.70.173.73 - - [24/Aug/2023:10:16:12 +0800] "GET /xingrg/kc/buy/cgsh_order_operate.html?command=get_materiel&rest_code=00146&code=00101008283&supplier_code=00100005&order_time=2023-08-24 HTTP/1.1" 200 408
222.70.173.73 - - [24/Aug/2023:10:16:15 +0800] "GET /xingrg/all/function/internal_message.html?_=1692843362906&CODE_STATE=getMsg HTTP/1.1" 200 27
222.69.128.227 - - [24/Aug/2023:10:16:17 +0800] "GET /xingrg/check_reg.html?_=1692843376671 HTTP/1.1" 200 22
222.69.128.227 - - [24/Aug/2023:10:16:17 +0800] "GET /xingrg/kc/buy/cgsh_order_operate.html?command=get_materiel&rest_code=00149&code=00101009006&supplier_code=00100201&order_time=2023-08-24 HTTP/1.1" 200 409
124.78.155.92 - - [24/Aug/2023:10:16:18 +0800] "GET /xingrg/all/function/internal_message.html?_=1692843375785&CODE_STATE=getMsg HTTP/1.1" 200 27
222.69.128.227 - - [24/Aug/2023:10:16:18 +0800] "GET /xingrg/all/function/internal_message.html?_=1692843377531&CODE_STATE=getMsg HTTP/1.1" 200 27
180.152.241.196 - - [24/Aug/2023:10:16:23 +0800] "GET /xingrg/all/function/internal_message.html?_=1692843388217&CODE_STATE=getMsg HTTP/1.1" 200 27
116.232.195.127 - - [24/Aug/2023:10:16:23 +0800] "GET /xingrg/all/function/internal_message.html?_=1692843302366&CODE_STATE=getMsg HTTP/1.1" 200 27
222.70.180.200 - - [24/Aug/2023:10:16:27 +0800] "GET /xingrg/all/function/internal_message.html?_=1692843386849&CODE_STATE=getMsg HTTP/1.1" 200 27
120.253.135.82 - - [24/Aug/2023:10:16:27 +0800] "GET /xingrg/kc/pszx/mdps_order_operate.html?command=get_materiel&pszx_code=00101&rest_code=00143&base_code=0010246&code=00101020335 HTTP/1.1" 200 468
180.169.147.146 - - [24/Aug/2023:10:16:28 +0800] "POST /xingrg/kc/base/check_list_operate.html HTTP/1.1" 200 4
180.152.241.196 - - [24/Aug/2023:10:16:29 +0800] "GET /xingrg/all/function/internal_message.html?_=1692843389097&CODE_STATE=getMsg HTTP/1.1" 200 27
120.253.135.82 - - [24/Aug/2023:10:16:29 +0800] "GET /xingrg/all/function/internal_message.html?_=1692843201758&CODE_STATE=getMsg HTTP/1.1" 200 27
114.95.241.104 - - [24/Aug/2023:10:16:30 +0800] "GET /xingrg/all/function/internal_message.html?_=1692843390570&CODE_STATE=getMsg HTTP/1.1" 200 27
120.253.135.82 - - [24/Aug/2023:10:16:32 +0800] "POST /xingrg/all/common/load_select.html HTTP/1.1" 200 25
222.69.128.227 - - [24/Aug/2023:10:16:33 +0800] "GET /xingrg/kc/buy/cgsh_order_operate.html?command=get_materiel&rest_code=00149&code=00101034112&supplier_code=00100201&order_time=2023-08-24 HTTP/1.1" 200 415
120.253.135.82 - - [24/Aug/2023:10:16:34 +0800] "GET /xingrg/kc/pszx/mdps_order_operate.html?command=get_materiel_price&pszx_code=00101&rest_code=00143&base_code=0010246&code=00101020335&unit_code=00100179&order_time=2023-08-24 HTTP/1.1" 200 35
222.70.173.73 - - [24/Aug/2023:10:16:36 +0800] "GET /xingrg/kc/buy/cgsh_order_operate.html?command=get_materiel&rest_code=00146&code=00101008029&supplier_code=00100005&order_time=2023-08-24 HTTP/1.1" 200 416
58.40.7.146 - - [24/Aug/2023:10:16:37 +0800] "GET /xingrg/all/function/internal_message.html?_=1692843397301&CODE_STATE=getMsg HTTP/1.1" 200 27
114.83.221.186 - - [24/Aug/2023:10:16:38 +0800] "GET /xingrg/all/function/internal_message.html?_=1692843537227&CODE_STATE=getMsg HTTP/1.1" 200 27
114.83.221.186 - - [24/Aug/2023:10:16:38 +0800] "GET /xingrg/check_reg.html?_=1692843537624 HTTP/1.1" 200 22
120.253.135.82 - - [24/Aug/2023:10:16:40 +0800] "GET /xingrg/all/function/internal_message.html?_=1692843541514&CODE_STATE=getMsg HTTP/1.1" 200 27
101.228.187.155 - - [24/Aug/2023:10:16:47 +0800] "GET /xingrg/all/function/internal_message.html?_=1692843405410&CODE_STATE=getMsg HTTP/1.1" 200 27
116.232.195.127 - - [24/Aug/2023:10:16:50 +0800] "GET /xingrg/all/function/internal_message.html?_=1692843328997&CODE_STATE=getMsg HTTP/1.1" 200 27
180.165.48.189 - - [24/Aug/2023:10:16:51 +0800] "GET /xingrg/all/function/internal_message.html?_=1692843411949&CODE_STATE=getMsg HTTP/1.1" 200 27
120.253.135.82 - - [24/Aug/2023:10:16:52 +0800] "GET /xingrg/kc/pszx/mdps_order_operate.html?command=get_materiel&pszx_code=00101&rest_code=00143&base_code=0010246&code=00101019238 HTTP/1.1" 200 468
221.239.167.251 - - [24/Aug/2023:10:16:53 +0800] "GET /xingrg/all/function/internal_message.html?_=1692843412225&CODE_STATE=getMsg HTTP/1.1" 200 27
222.69.128.227 - - [24/Aug/2023:10:16:54 +0800] "POST /xingrg/kc/buy/cgsh_order_operate.html HTTP/1.1" 200 37
222.70.173.73 - - [24/Aug/2023:10:16:54 +0800] "GET /xingrg/kc/buy/cgsh_order_operate.html?command=get_materiel&rest_code=00146&code=00101008225&supplier_code=00100005&order_time=2023-08-24 HTTP/1.1" 200 416
101.83.145.37 - - [24/Aug/2023:10:16:56 +0800] "GET /xingrg/all/function/internal_message.html?_=1692843416102&CODE_STATE=getMsg HTTP/1.1" 200 27
120.253.135.82 - - [24/Aug/2023:10:16:56 +0800] "POST /xingrg/all/common/load_select.html HTTP/1.1" 200 25
222.70.173.73 - - [24/Aug/2023:10:16:57 +0800] "POST /xingrg/kc/buy/cgsh_order_operate.html HTTP/1.1" 200 2065
120.253.135.82 - - [24/Aug/2023:10:16:58 +0800] "GET /xingrg/kc/pszx/mdps_order_operate.html?command=get_materiel_price&pszx_code=00101&rest_code=00143&base_code=0010246&code=00101019238&unit_code=00100179&order_time=2023-08-24 HTTP/1.1" 200 36
222.70.173.73 - - [24/Aug/2023:10:17:08 +0800] "GET /xingrg/kc/buy/cgsh_order_operate.html?command=get_materiel&rest_code=00146&code=00101008257&supplier_code=00100005&order_time=2023-08-24 HTTP/1.1" 200 416
222.69.128.227 - - [24/Aug/2023:10:17:08 +0800] "POST /xingrg/kc/buy/cgsh_order_operate.html HTTP/1.1" 200 12
180.169.147.146 - - [24/Aug/2023:10:17:10 +0800] "GET /xingrg/all/function/internal_message.html?_=1692843431649&CODE_STATE=getMsg HTTP/1.1" 200 27
180.169.147.146 - - [24/Aug/2023:10:17:10 +0800] "POST /xingrg/kc/base/check_list_operate.html HTTP/1.1" 200 5218
180.169.147.146 - - [24/Aug/2023:10:17:14 +0800] "POST /xingrg/kc/base/check_list_operate.html HTTP/1.1" 200 3849
222.69.128.227 - - [24/Aug/2023:10:17:14 +0800] "GET /xingrg/kc/buy/cgsh_order_info.html?code=212023082409578 HTTP/1.1" 200 67013
222.69.128.227 - - [24/Aug/2023:10:17:14 +0800] "GET /xingrg/javascript/easyui/themes/default/validatebox.css HTTP/1.1" 404 1104
120.253.135.82 - - [24/Aug/2023:10:17:14 +0800] "GET /xingrg/kc/pszx/mdps_order_operate.html?command=get_materiel&pszx_code=00101&rest_code=00143&base_code=0010246&code=00101019828 HTTP/1.1" 200 458
222.70.173.73 - - [24/Aug/2023:10:17:15 +0800] "GET /xingrg/all/function/internal_message.html?_=1692843422920&CODE_STATE=getMsg HTTP/1.1" 200 27
222.69.128.227 - - [24/Aug/2023:10:17:16 +0800] "POST /xingrg/kc/buy/cgsh_order_operate.html HTTP/1.1" 200 5342
180.163.29.234 - - [24/Aug/2023:10:17:18 +0800] "GET /xingrg/all/function/internal_message.html?_=1692843375785&CODE_STATE=getMsg HTTP/1.1" 302 -
180.163.29.234 - - [24/Aug/2023:10:17:18 +0800] "GET /xingrg/login.html HTTP/1.1" 200 7641
120.253.135.82 - - [24/Aug/2023:10:17:18 +0800] "POST /xingrg/kc/pszx/mdps_order_operate.html HTTP/1.1" 200 1790
124.78.155.92 - - [24/Aug/2023:10:17:18 +0800] "GET /xingrg/all/function/internal_message.html?_=1692843435758&CODE_STATE=getMsg HTTP/1.1" 200 27
222.69.128.227 - - [24/Aug/2023:10:17:18 +0800] "GET /xingrg/kc/print/load_data.html?order_code=212023082409578&kc_code=cgsh&condition= HTTP/1.1" 200 2517
222.69.128.227 - - [24/Aug/2023:10:17:19 +0800] "GET /xingrg/all/function/internal_message.html?_=1692843437876&CODE_STATE=getMsg HTTP/1.1" 200 27
180.152.241.196 - - [24/Aug/2023:10:17:23 +0800] "GET /xingrg/all/function/internal_message.html?_=1692843448217&CODE_STATE=getMsg HTTP/1.1" 200 27
116.232.195.127 - - [24/Aug/2023:10:17:23 +0800] "GET /xingrg/all/function/internal_message.html?_=1692843362375&CODE_STATE=getMsg HTTP/1.1" 200 27
120.253.135.82 - - [24/Aug/2023:10:17:24 +0800] "GET /xingrg/kc/pszx/mdps_order_operate.html?command=get_materiel&pszx_code=00101&rest_code=00143&base_code=0010246&code=00101019829 HTTP/1.1" 200 458
222.70.180.200 - - [24/Aug/2023:10:17:27 +0800] "GET /xingrg/all/function/internal_message.html?_=1692843446843&CODE_STATE=getMsg HTTP/1.1" 200 27
180.169.147.146 - - [24/Aug/2023:10:17:28 +0800] "POST /xingrg/kc/base/check_list_operate.html HTTP/1.1" 200 4
