221.239.167.251 - - [24/Aug/2023:11:13:53 +0800] "GET /xingrg/check_reg.html?_=1692846832348 HTTP/1.1" 200 22
221.239.167.251 - - [24/Aug/2023:11:13:53 +0800] "GET /xingrg/all/function/internal_message.html?_=1692846832354&CODE_STATE=getMsg HTTP/1.1" 200 27
180.165.48.189 - - [24/Aug/2023:11:13:53 +0800] "GET /xingrg/javascript/easyui/themes/default/validatebox.css HTTP/1.1" 404 1104
222.70.107.27 - - [24/Aug/2023:11:13:55 +0800] "GET /xingrg/kc/base/yddb_order_list.html?isBack=1 HTTP/1.1" 200 16827
180.165.48.189 - - [24/Aug/2023:11:13:55 +0800] "POST /xingrg/kc/buy/cgsh_order_operate.html HTTP/1.1" 200 34002
101.83.145.37 - - [24/Aug/2023:11:13:55 +0800] "GET /xingrg/all/function/internal_message.html?_=1692846835630&CODE_STATE=getMsg HTTP/1.1" 200 27
222.70.107.27 - - [24/Aug/2023:11:13:55 +0800] "POST /xingrg/kc/base/yddb_list_operate.html HTTP/1.1" 200 636
180.152.241.196 - - [24/Aug/2023:11:13:58 +0800] "POST /xingrg/kc/base/wldb_order_operate.html HTTP/1.1" 200 37
222.70.107.27 - - [24/Aug/2023:11:13:58 +0800] "POST /xingrg/kc/base/yddb_list_operate.html HTTP/1.1" 200 4412
180.152.241.196 - - [24/Aug/2023:11:13:59 +0800] "POST /xingrg/kc/base/wldb_order_operate.html HTTP/1.1" 200 8716
222.70.107.27 - - [24/Aug/2023:11:14:00 +0800] "POST /xingrg/kc/base/yddb_list_operate.html HTTP/1.1" 200 206
222.70.173.73 - - [24/Aug/2023:11:14:01 +0800] "GET /xingrg/check_reg.html?_=1692846829873 HTTP/1.1" 200 22
222.70.107.27 - - [24/Aug/2023:11:14:02 +0800] "POST /xingrg/kc/base/yddb_list_operate.html HTTP/1.1" 200 432
180.152.241.196 - - [24/Aug/2023:11:14:02 +0800] "GET /xingrg/kc/base/wldb_order_info.html?code=422023082402537 HTTP/1.1" 200 30511
180.152.241.196 - - [24/Aug/2023:11:14:02 +0800] "GET /xingrg/javascript/easyui/themes/default/validatebox.css HTTP/1.1" 404 1104
222.67.237.86 - - [24/Aug/2023:11:14:02 +0800] "GET /xingrg/kc/buy/cgsh_order_operate.html?command=get_materiel&rest_code=00141&code=00101008119&supplier_code=00100007&order_time=2023-08-24 HTTP/1.1" 200 412
180.152.241.196 - - [24/Aug/2023:11:14:03 +0800] "POST /xingrg/kc/base/wldb_order_operate.html HTTP/1.1" 200 8716
222.67.237.86 - - [24/Aug/2023:11:14:05 +0800] "GET /xingrg/all/function/internal_message.html?_=1692846293452&CODE_STATE=getMsg HTTP/1.1" 200 27
222.70.107.27 - - [24/Aug/2023:11:14:06 +0800] "GET /xingrg/kc/base/yddb_order_info.html?code=482023081500104 HTTP/1.1" 200 31983
222.70.107.27 - - [24/Aug/2023:11:14:06 +0800] "GET /xingrg/dwr/interface/AjaxComOrderService.js HTTP/1.1" 200 18264
222.70.107.27 - - [24/Aug/2023:11:14:06 +0800] "GET /xingrg/dwr/interface/AjaxYddbService.js HTTP/1.1" 200 13201
222.70.107.27 - - [24/Aug/2023:11:14:06 +0800] "GET /xingrg/dwr/engine.js HTTP/1.1" 200 43631
222.70.107.27 - - [24/Aug/2023:11:14:06 +0800] "POST /xingrg/dwr/call/plaincall/AjaxYddbService.loadMaterielItems.dwr HTTP/1.1" 200 398
222.70.107.27 - - [24/Aug/2023:11:14:08 +0800] "GET /xingrg/kc/base/yddb_order_report.html?fileType=servlets/html&code=482023081500104&reportName=ck_order_report&subName=yddb HTTP/1.1" 302 -
222.70.107.27 - - [24/Aug/2023:11:14:08 +0800] "GET /xingrg/servlets/html?sysBaseUrl=http%3A%2F%2F180.169.147.146%3A18081%2Fxingrg%2F&costTime=483×tamp=1692846848144 HTTP/1.1" 200 14769
222.70.107.27 - - [24/Aug/2023:11:14:08 +0800] "GET /favicon.ico HTTP/1.1" 404 -
114.95.241.104 - - [24/Aug/2023:11:14:08 +0800] "GET /xingrg/all/function/internal_message.html?_=1692846848556&CODE_STATE=getMsg HTTP/1.1" 200 27
114.95.241.104 - - [24/Aug/2023:11:14:08 +0800] "GET /xingrg/check_reg.html?_=1692846848778 HTTP/1.1" 200 22
222.67.237.86 - - [24/Aug/2023:11:14:11 +0800] "GET /xingrg/kc/buy/cgsh_order_operate.html?command=get_materiel&rest_code=00141&code=00101008674&supplier_code=00100007&order_time=2023-08-24 HTTP/1.1" 200 412
222.70.107.27 - - [24/Aug/2023:11:14:18 +0800] "GET /xingrg/kc/base/yddb_order_report.html?fileType=servlets/html&code=482023081500104&reportName=ck_order_report&subName=yddb HTTP/1.1" 302 -
222.70.107.27 - - [24/Aug/2023:11:14:18 +0800] "GET /xingrg/servlets/html?sysBaseUrl=http%3A%2F%2F180.169.147.146%3A18081%2Fxingrg%2F&costTime=833×tamp=1692846858103 HTTP/1.1" 200 14769
222.70.107.27 - - [24/Aug/2023:11:14:18 +0800] "GET /favicon.ico HTTP/1.1" 404 -
222.70.173.73 - - [24/Aug/2023:11:14:21 +0800] "GET /xingrg/all/function/internal_message.html?_=1692846849326&CODE_STATE=getMsg HTTP/1.1" 200 27
222.69.128.227 - - [24/Aug/2023:11:14:22 +0800] "GET /xingrg/all/function/internal_message.html?_=1692846861411&CODE_STATE=getMsg HTTP/1.1" 200 27
222.70.107.27 - - [24/Aug/2023:11:14:23 +0800] "GET /xingrg/all/function/internal_message.html?_=1692846864086&CODE_STATE=getMsg HTTP/1.1" 200 27
180.165.48.189 - - [24/Aug/2023:11:14:24 +0800] "POST /xingrg/kc/buy/cgsh_order_operate.html HTTP/1.1" 200 37
180.152.241.196 - - [24/Aug/2023:11:14:26 +0800] "POST /xingrg/kc/base/wldb_order_operate.html HTTP/1.1" 200 37
222.67.237.86 - - [24/Aug/2023:11:14:26 +0800] "GET /xingrg/kc/buy/cgsh_order_operate.html?command=get_materiel&rest_code=00141&code=00101008095&supplier_code=00100007&order_time=2023-08-24 HTTP/1.1" 200 412
124.78.155.92 - - [24/Aug/2023:11:14:26 +0800] "GET /xingrg/all/function/internal_message.html?_=1692846864171&CODE_STATE=getMsg HTTP/1.1" 200 27
222.70.180.200 - - [24/Aug/2023:11:14:27 +0800] "GET /xingrg/all/function/internal_message.html?_=1692846866959&CODE_STATE=getMsg HTTP/1.1" 200 27
222.70.107.27 - - [24/Aug/2023:11:14:27 +0800] "GET /xingrg/kc/base/yddb_order_list.html?isBack=1 HTTP/1.1" 200 16827
222.70.107.27 - - [24/Aug/2023:11:14:28 +0800] "POST /xingrg/kc/base/yddb_list_operate.html HTTP/1.1" 200 636
180.152.241.196 - - [24/Aug/2023:11:14:29 +0800] "GET /xingrg/all/function/internal_message.html?_=1692846868936&CODE_STATE=getMsg HTTP/1.1" 200 27
180.165.48.189 - - [24/Aug/2023:11:14:29 +0800] "POST /xingrg/kc/buy/cgsh_order_operate.html HTTP/1.1" 200 33414
222.67.237.86 - - [24/Aug/2023:11:14:29 +0800] "POST /xingrg/kc/buy/cgsh_order_operate.html HTTP/1.1" 200 2065
222.70.107.27 - - [24/Aug/2023:11:14:30 +0800] "POST /xingrg/kc/base/yddb_list_operate.html HTTP/1.1" 200 4412
116.232.195.127 - - [24/Aug/2023:11:14:32 +0800] "GET /xingrg/all/function/internal_message.html?_=1692846790422&CODE_STATE=getMsg HTTP/1.1" 200 27
222.70.107.27 - - [24/Aug/2023:11:14:33 +0800] "POST /xingrg/kc/base/yddb_list_operate.html HTTP/1.1" 200 206
120.253.135.82 - - [24/Aug/2023:11:14:33 +0800] "GET /xingrg/check_reg.html?_=1692846685808 HTTP/1.1" 200 22
180.169.147.146 - - [24/Aug/2023:11:14:33 +0800] "GET /xingrg/all/function/internal_message.html?_=1692846875016&CODE_STATE=getMsg HTTP/1.1" 302 -
120.253.135.82 - - [24/Aug/2023:11:14:33 +0800] "GET /xingrg/all/function/internal_message.html?_=1692846686180&CODE_STATE=getMsg HTTP/1.1" 200 27
222.70.107.27 - - [24/Aug/2023:11:14:34 +0800] "POST /xingrg/kc/base/yddb_list_operate.html HTTP/1.1" 200 199
180.152.241.196 - - [24/Aug/2023:11:14:34 +0800] "POST /xingrg/kc/base/wldb_order_operate.html HTTP/1.1" 200 12
180.152.241.196 - - [24/Aug/2023:11:14:34 +0800] "POST /xingrg/kc/base/wldb_order_operate.html HTTP/1.1" 200 8714
222.67.237.86 - - [24/Aug/2023:11:14:35 +0800] "GET /xingrg/kc/buy/cgsh_order_operate.html?command=get_materiel&rest_code=00141&code=00101008224&supplier_code=00100007&order_time=2023-08-24 HTTP/1.1" 200 416
180.152.241.196 - - [24/Aug/2023:11:14:36 +0800] "GET /xingrg/kc/base/wldb_order_info.html?code=422023082402537 HTTP/1.1" 200 26373
222.70.107.27 - - [24/Aug/2023:11:14:36 +0800] "GET /xingrg/kc/base/yddb_order_info.html?code=482023081500097 HTTP/1.1" 200 31918
222.70.107.27 - - [24/Aug/2023:11:14:36 +0800] "GET /xingrg/dwr/interface/AjaxComOrderService.js HTTP/1.1" 200 18264
222.70.107.27 - - [24/Aug/2023:11:14:36 +0800] "GET /xingrg/dwr/interface/AjaxYddbService.js HTTP/1.1" 200 13201
222.70.107.27 - - [24/Aug/2023:11:14:36 +0800] "GET /xingrg/dwr/engine.js HTTP/1.1" 200 43631
180.152.241.196 - - [24/Aug/2023:11:14:37 +0800] "GET /xingrg/javascript/easyui/themes/default/validatebox.css HTTP/1.1" 404 1104
58.40.7.146 - - [24/Aug/2023:11:14:37 +0800] "GET /xingrg/all/function/internal_message.html?_=1692846877235&CODE_STATE=getMsg HTTP/1.1" 200 27
116.235.94.33 - - [24/Aug/2023:11:14:37 +0800] "GET /xingrg/all/function/internal_message.html?_=1692847169425&CODE_STATE=getMsg HTTP/1.1" 200 27
180.152.241.196 - - [24/Aug/2023:11:14:37 +0800] "POST /xingrg/kc/base/wldb_order_operate.html HTTP/1.1" 200 6845
114.83.221.186 - - [24/Aug/2023:11:14:37 +0800] "GET /xingrg/all/function/internal_message.html?_=1692847016302&CODE_STATE=getMsg HTTP/1.1" 200 27
222.70.107.27 - - [24/Aug/2023:11:14:37 +0800] "POST /xingrg/dwr/call/plaincall/AjaxYddbService.loadMaterielItems.dwr HTTP/1.1" 200 411
222.70.107.27 - - [24/Aug/2023:11:14:39 +0800] "GET /xingrg/kc/base/yddb_order_report.html?fileType=servlets/html&code=482023081500097&reportName=ck_order_report&subName=yddb HTTP/1.1" 302 -
222.70.107.27 - - [24/Aug/2023:11:14:39 +0800] "GET /xingrg/servlets/html?sysBaseUrl=http%3A%2F%2F180.169.147.146%3A18081%2Fxingrg%2F&costTime=463×tamp=1692846879768 HTTP/1.1" 200 14769
222.70.107.27 - - [24/Aug/2023:11:14:39 +0800] "GET /favicon.ico HTTP/1.1" 404 -
120.253.135.82 - - [24/Aug/2023:11:14:41 +0800] "GET /xingrg/all/function/internal_message.html?_=1692847021780&CODE_STATE=getMsg HTTP/1.1" 200 27
120.253.135.82 - - [24/Aug/2023:11:14:41 +0800] "GET /xingrg/check_reg.html?_=1692847021782 HTTP/1.1" 200 22
116.232.195.127 - - [24/Aug/2023:11:14:44 +0800] "GET /xingrg/kc/buy/cgsh_order_operate.html?command=get_materiel&rest_code=00155&code=00101006019&supplier_code=00100012&order_time=2023-08-24 HTTP/1.1" 200 417
180.169.147.146 - - [24/Aug/2023:11:14:46 +0800] "GET /xingrg/all/function/internal_message.html?_=1692846884468&CODE_STATE=getMsg HTTP/1.1" 200 27
101.228.187.155 - - [24/Aug/2023:11:14:47 +0800] "GET /xingrg/all/function/internal_message.html?_=1692846885300&CODE_STATE=getMsg HTTP/1.1" 200 27
222.67.237.86 - - [24/Aug/2023:11:14:47 +0800] "GET /xingrg/kc/buy/cgsh_order_operate.html?command=get_materiel&rest_code=00141&code=00101008356&supplier_code=00100007&order_time=2023-08-24 HTTP/1.1" 200 409
180.165.48.189 - - [24/Aug/2023:11:14:51 +0800] "GET /xingrg/all/function/internal_message.html?_=1692846891167&CODE_STATE=getMsg HTTP/1.1" 200 27
221.239.167.251 - - [24/Aug/2023:11:14:53 +0800] "GET /xingrg/all/function/internal_message.html?_=1692846892331&CODE_STATE=getMsg HTTP/1.1" 200 27
101.83.145.37 - - [24/Aug/2023:11:14:55 +0800] "GET /xingrg/all/function/internal_message.html?_=1692846895606&CODE_STATE=getMsg HTTP/1.1" 200 27
222.67.237.86 - - [24/Aug/2023:11:14:59 +0800] "GET /xingrg/kc/buy/cgsh_order_operate.html?command=get_materiel&rest_code=00141&code=00101008223&supplier_code=00100007&order_time=2023-08-24 HTTP/1.1" 200 412
222.67.237.86 - - [24/Aug/2023:11:15:05 +0800] "GET /xingrg/all/function/internal_message.html?_=1692846353553&CODE_STATE=getMsg HTTP/1.1" 200 27
114.95.241.104 - - [24/Aug/2023:11:15:08 +0800] "GET /xingrg/all/function/internal_message.html?_=1692846908533&CODE_STATE=getMsg HTTP/1.1" 200 27
222.67.237.86 - - [24/Aug/2023:11:15:10 +0800] "GET /xingrg/kc/buy/cgsh_order_operate.html?command=get_materiel&rest_code=00141&code=00101008168&supplier_code=00100007&order_time=2023-08-24 HTTP/1.1" 200 412
180.169.147.146 - - [24/Aug/2023:11:15:19 +0800] "POST /xingrg/all/user/operate.html HTTP/1.1" 200 36
180.169.147.146 - - [24/Aug/2023:11:15:19 +0800] "GET /xingrg/index.html?sysBaseUrl=http%3A%2F%2F180.169.147.146%3A18081%2Fxingrg%2F&costTime=916×tamp=1692846823128 HTTP/1.1" 200 17509
180.169.147.146 - - [24/Aug/2023:11:15:20 +0800] "GET /xingrg/javascript/jquery_easy_ui/themes/default/easyui.css HTTP/1.1" 304 -
180.169.147.146 - - [24/Aug/2023:11:15:20 +0800] "GET /xingrg/javascript/jquery_easy_ui/themes/icon.css HTTP/1.1" 304 -
180.169.147.146 - - [24/Aug/2023:11:15:20 +0800] "GET /xingrg/css/form.css HTTP/1.1" 304 -
180.169.147.146 - - [24/Aug/2023:11:15:20 +0800] "GET /xingrg/javascript/jquery-1.4.2.min.js HTTP/1.1" 304 -
180.169.147.146 - - [24/Aug/2023:11:15:20 +0800] "GET /xingrg/javascript/jquery_easy_ui/jquery.easyui.min.js HTTP/1.1" 304 -
180.169.147.146 - - [24/Aug/2023:11:15:20 +0800] "GET /xingrg/javascript/jquery_easy_ui/easyui-lang-zh_CN.js HTTP/1.1" 304 -
180.169.147.146 - - [24/Aug/2023:11:15:20 +0800] "GET /xingrg/javascript/jquery.form.js HTTP/1.1" 304 -
180.169.147.146 - - [24/Aug/2023:11:15:20 +0800] "GET /xingrg/javascript/jquery.utils.js HTTP/1.1" 304 -
180.169.147.146 - - [24/Aug/2023:11:15:20 +0800] "GET /xingrg/javascript/jquery.timers.js HTTP/1.1" 304 -
180.169.147.146 - - [24/Aug/2023:11:15:20 +0800] "GET /xingrg/images/blue/jxLogo.png HTTP/1.1" 304 -
180.169.147.146 - - [24/Aug/2023:11:15:20 +0800] "GET /xingrg/images/blue/navBackgound.jpg HTTP/1.1" 304 -
180.169.147.146 - - [24/Aug/2023:11:15:20 +0800] "GET /xingrg/javascript/jquery_easy_ui/themes/icons/settle_new.png HTTP/1.1" 304 -
180.169.147.146 - - [24/Aug/2023:11:15:20 +0800] "GET /xingrg/images/blue/pingpu.png HTTP/1.1" 304 -
180.169.147.146 - - [24/Aug/2023:11:15:20 +0800] "GET /xingrg/javascript/jquery_easy_ui/themes/default/images/tabs_leftarrow.png HTTP/1.1" 304 -
180.169.147.146 - - [24/Aug/2023:11:15:20 +0800] "GET /xingrg/javascript/jquery_easy_ui/themes/default/images/tabs_rightarrow.png HTTP/1.1" 304 -
180.169.147.146 - - [24/Aug/2023:11:15:20 +0800] "GET /xingrg/check_reg.html?_=1692846918248 HTTP/1.1" 200 22
180.169.147.146 - - [24/Aug/2023:11:15:20 +0800] "GET /xingrg/javascript/jquery_easy_ui/themes/default/images/panel_tool_expand.gif HTTP/1.1" 304 -
180.169.147.146 - - [24/Aug/2023:11:15:20 +0800] "GET /xingrg/all/function/internal_message.html?_=1692846918247&CODE_STATE=count HTTP/1.1" 200 11
180.169.147.146 - - [24/Aug/2023:11:15:20 +0800] "GET /xingrg/javascript/jquery_easy_ui/themes/default/images/panel_tool_collapse.gif HTTP/1.1" 304 -
180.169.147.146 - - [24/Aug/2023:11:15:20 +0800] "POST /xingrg/all/common/load_tree.html?tree=area_rest_tree_json&manage=1 HTTP/1.1" 200 3499
180.169.147.146 - - [24/Aug/2023:11:15:20 +0800] "POST /xingrg/load_menu.html HTTP/1.1" 200 9959
222.70.173.73 - - [24/Aug/2023:11:15:21 +0800] "GET /xingrg/all/function/internal_message.html?_=1692846909340&CODE_STATE=getMsg HTTP/1.1" 200 27
222.67.237.86 - - [24/Aug/2023:11:15:21 +0800] "GET /xingrg/kc/buy/cgsh_order_operate.html?command=get_materiel&rest_code=00141&code=00101008114&supplier_code=00100007&order_time=2023-08-24 HTTP/1.1" 200 412
222.69.128.227 - - [24/Aug/2023:11:15:22 +0800] "GET /xingrg/all/function/internal_message.html?_=1692846921410&CODE_STATE=getMsg HTTP/1.1" 200 27
222.69.128.227 - - [24/Aug/2023:11:15:22 +0800] "GET /xingrg/check_reg.html?_=1692846921412 HTTP/1.1" 200 22
180.169.147.146 - - [24/Aug/2023:11:15:23 +0800] "GET /xingrg/kc/base/base_main.html HTTP/1.1" 200 12142
222.70.107.27 - - [24/Aug/2023:11:15:23 +0800] "GET /xingrg/all/function/internal_message.html?_=1692846924059&CODE_STATE=getMsg HTTP/1.1" 200 27
180.169.147.146 - - [24/Aug/2023:11:15:24 +0800] "GET /xingrg/kc/base/check_order_list.html HTTP/1.1" 200 16601
222.67.237.86 - - [24/Aug/2023:11:15:24 +0800] "POST /xingrg/kc/buy/cgsh_order_operate.html HTTP/1.1" 200 2065
180.169.147.146 - - [24/Aug/2023:11:15:25 +0800] "POST /xingrg/kc/base/check_list_operate.html HTTP/1.1" 200 3585
124.78.155.92 - - [24/Aug/2023:11:15:26 +0800] "GET /xingrg/all/function/internal_message.html?_=1692846924147&CODE_STATE=getMsg HTTP/1.1" 200 27
222.70.180.200 - - [24/Aug/2023:11:15:27 +0800] "GET /xingrg/all/function/internal_message.html?_=1692846926961&CODE_STATE=getMsg HTTP/1.1" 200 27
180.152.241.196 - - [24/Aug/2023:11:15:29 +0800] "GET /xingrg/all/function/internal_message.html?_=1692846928915&CODE_STATE=getMsg HTTP/1.1" 200 27
180.152.241.196 - - [24/Aug/2023:11:15:29 +0800] "GET /xingrg/check_reg.html?_=1692846929101 HTTP/1.1" 200 22
116.232.195.127 - - [24/Aug/2023:11:15:32 +0800] "GET /xingrg/all/function/internal_message.html?_=1692846850422&CODE_STATE=getMsg HTTP/1.1" 200 27
222.70.107.27 - - [24/Aug/2023:11:15:32 +0800] "GET /xingrg/kc/buy/buy_main.html HTTP/1.1" 200 12412
222.70.107.27 - - [24/Aug/2023:11:15:32 +0800] "GET /xingrg/css/new_ie.css HTTP/1.1" 404 1036
222.70.107.27 - - [24/Aug/2023:11:15:32 +0800] "GET /xingrg/javascript/jquery-1.4.2.min.js HTTP/1.1" 200 72205
222.70.107.27 - - [24/Aug/2023:11:15:32 +0800] "GET /xingrg/javascript/jquery_ui/themes/humanity/humanity.css HTTP/1.1" 200 27801
222.70.107.27 - - [24/Aug/2023:11:15:32 +0800] "GET /xingrg/javascript/jquery_ui/jquery-ui.min.js HTTP/1.1" 200 186181
222.70.107.27 - - [24/Aug/2023:11:15:32 +0800] "GET /xingrg/javascript/jquery_ui/themes/humanity/images/ui-icons_ffffff_256x240.png HTTP/1.1" 200 4369
222.70.107.27 - - [24/Aug/2023:11:15:32 +0800] "GET /xingrg/javascript/jquery_ui/themes/humanity/images/ui-icons_c47a23_256x240.png HTTP/1.1" 200 5355
222.70.107.27 - - [24/Aug/2023:11:15:33 +0800] "GET /xingrg/images/yd/bt.gif HTTP/1.1" 404 1040
180.169.147.146 - - [24/Aug/2023:11:15:33 +0800] "GET /xingrg/all/function/internal_message.html?_=1692846935015&CODE_STATE=getMsg HTTP/1.1" 302 -
120.253.135.82 - - [24/Aug/2023:11:15:33 +0800] "GET /xingrg/all/function/internal_message.html?_=1692846746195&CODE_STATE=getMsg HTTP/1.1" 200 27
222.70.107.27 - - [24/Aug/2023:11:15:34 +0800] "GET /xingrg/kc/buy/cgsh_order_list.html HTTP/1.1" 200 56240
222.70.107.27 - - [24/Aug/2023:11:15:34 +0800] "GET /xingrg/javascript/easyui/themes/icons/check_new.png HTTP/1.1" 200 3224
222.70.107.27 - - [24/Aug/2023:11:15:34 +0800] "GET /xingrg/javascript/easyui/themes/icons/cance_new.png HTTP/1.1" 200 3986
116.235.94.33 - - [24/Aug/2023:11:15:37 +0800] "GET /xingrg/all/function/internal_message.html?_=1692847229431&CODE_STATE=getMsg HTTP/1.1" 200 27
58.40.7.146 - - [24/Aug/2023:11:15:37 +0800] "GET /xingrg/all/function/internal_message.html?_=1692846937237&CODE_STATE=getMsg HTTP/1.1" 200 27
58.40.7.146 - - [24/Aug/2023:11:15:37 +0800] "GET /xingrg/check_reg.html?_=1692846937238 HTTP/1.1" 200 22
114.83.221.186 - - [24/Aug/2023:11:15:37 +0800] "GET /xingrg/all/function/internal_message.html?_=1692847076288&CODE_STATE=getMsg HTTP/1.1" 200 27
116.232.195.127 - - [24/Aug/2023:11:15:37 +0800] "GET /xingrg/kc/buy/cgsh_order_operate.html?command=get_materiel&rest_code=00155&code=00101006184&supplier_code=00100012&order_time=2023-08-24 HTTP/1.1" 200 408
120.253.135.82 - - [24/Aug/2023:11:15:41 +0800] "GET /xingrg/all/function/internal_message.html?_=1692847081785&CODE_STATE=getMsg HTTP/1.1" 200 27
222.70.107.27 - - [24/Aug/2023:11:15:44 +0800] "GET /xingrg/index.html?sysBaseUrl=http%3A%2F%2F180.169.147.146%3A18081%2Fxingrg%2F&costTime=1180×tamp=1692846371072 HTTP/1.1" 200 17179
222.70.107.27 - - [24/Aug/2023:11:15:44 +0800] "GET /xingrg/all/function/internal_message.html?_=1692846944431&CODE_STATE=count HTTP/1.1" 200 11
222.70.107.27 - - [24/Aug/2023:11:15:44 +0800] "GET /xingrg/check_reg.html?_=1692846944431 HTTP/1.1" 200 22
222.70.107.27 - - [24/Aug/2023:11:15:44 +0800] "GET /favicon.ico HTTP/1.1" 404 -
222.70.107.27 - - [24/Aug/2023:11:15:44 +0800] "POST /xingrg/load_menu.html HTTP/1.1" 200 5138
222.70.107.27 - - [24/Aug/2023:11:15:44 +0800] "POST /xingrg/all/common/load_tree.html?tree=area_rest_tree_json&manage=1 HTTP/1.1" 200 351
222.70.107.27 - - [24/Aug/2023:11:15:44 +0800] "GET /xingrg/kc/buy/buy_main.html HTTP/1.1" 200 12412
222.70.107.27 - - [24/Aug/2023:11:15:45 +0800] "GET /xingrg/css/new_ie.css HTTP/1.1" 404 1036
222.70.107.27 - - [24/Aug/2023:11:15:46 +0800] "GET /xingrg/kc/buy/cgsh_order_list.html HTTP/1.1" 200 56240
101.228.187.155 - - [24/Aug/2023:11:15:47 +0800] "GET /xingrg/all/function/internal_message.html?_=1692846945303&CODE_STATE=getMsg HTTP/1.1" 200 27
180.169.147.146 - - [24/Aug/2023:11:15:49 +0800] "POST /xingrg/kc/base/check_list_operate.html HTTP/1.1" 200 4
180.165.48.189 - - [24/Aug/2023:11:15:51 +0800] "GET /xingrg/all/function/internal_message.html?_=1692846951145&CODE_STATE=getMsg HTTP/1.1" 200 27
222.67.237.86 - - [24/Aug/2023:11:15:51 +0800] "GET /xingrg/kc/buy/cgsh_order_operate.html?command=get_materiel&rest_code=00141&code=00101008150&supplier_code=00100007&order_time=2023-08-24 HTTP/1.1" 200 409
116.232.195.127 - - [24/Aug/2023:11:15:52 +0800] "GET /xingrg/kc/buy/cgsh_order_operate.html?command=get_materiel&rest_code=00155&code=00101006065&supplier_code=00100012&order_time=2023-08-24 HTTP/1.1" 200 409
221.239.167.251 - - [24/Aug/2023:11:15:53 +0800] "GET /xingrg/all/function/internal_message.html?_=1692846952334&CODE_STATE=getMsg HTTP/1.1" 200 27
180.169.147.146 - - [24/Aug/2023:11:15:53 +0800] "POST /xingrg/kc/base/check_list_operate.html HTTP/1.1" 200 3246
101.83.145.37 - - [24/Aug/2023:11:15:55 +0800] "GET /xingrg/all/function/internal_message.html?_=1692846955589&CODE_STATE=getMsg HTTP/1.1" 200 27
222.67.237.86 - - [24/Aug/2023:11:16:05 +0800] "GET /xingrg/check_reg.html?_=1692846413466 HTTP/1.1" 200 22
222.67.237.86 - - [24/Aug/2023:11:16:05 +0800] "GET /xingrg/all/function/internal_message.html?_=1692846413468&CODE_STATE=getMsg HTTP/1.1" 200 27
222.70.107.27 - - [24/Aug/2023:11:16:08 +0800] "POST /xingrg/kc/buy/cgsh_list_operate.html HTTP/1.1" 200 5677
114.95.241.104 - - [24/Aug/2023:11:16:08 +0800] "GET /xingrg/all/function/internal_message.html?_=1692846968503&CODE_STATE=getMsg HTTP/1.1" 200 27
222.67.237.86 - - [24/Aug/2023:11:16:10 +0800] "GET /xingrg/kc/buy/cgsh_order_operate.html?command=get_materiel&rest_code=00141&code=00101008229&supplier_code=00100007&order_time=2023-08-24 HTTP/1.1" 200 420
222.70.107.27 - - [24/Aug/2023:11:16:11 +0800] "POST /xingrg/kc/buy/cgsh_list_operate.html HTTP/1.1" 200 5677
116.232.195.127 - - [24/Aug/2023:11:16:13 +0800] "GET /xingrg/kc/buy/cgsh_order_operate.html?command=get_materiel&rest_code=00155&code=00101006367&supplier_code=00100012&order_time=2023-08-24 HTTP/1.1" 200 400
222.70.107.27 - - [24/Aug/2023:11:16:17 +0800] "GET /xingrg/javascript/jquery_tools/images/next.gif HTTP/1.1" 404 1086
222.70.107.27 - - [24/Aug/2023:11:16:17 +0800] "GET /xingrg/javascript/jquery_tools/images/prev.gif HTTP/1.1" 404 1086
180.169.147.146 - - [24/Aug/2023:11:16:20 +0800] "GET /xingrg/all/function/internal_message.html?_=1692846978256&CODE_STATE=getMsg HTTP/1.1" 200 27
222.70.173.73 - - [24/Aug/2023:11:16:21 +0800] "GET /xingrg/all/function/internal_message.html?_=1692846969741&CODE_STATE=getMsg HTTP/1.1" 200 27
222.69.128.227 - - [24/Aug/2023:11:16:22 +0800] "GET /xingrg/all/function/internal_message.html?_=1692846981416&CODE_STATE=getMsg HTTP/1.1" 200 27
116.232.195.127 - - [24/Aug/2023:11:16:24 +0800] "GET /xingrg/kc/buy/cgsh_order_operate.html?command=get_materiel&rest_code=00155&code=00101006186&supplier_code=00100012&order_time=2023-08-24 HTTP/1.1" 200 416
180.163.28.55 - - [24/Aug/2023:11:16:26 +0800] "GET /xingrg/all/function/internal_message.html?_=1692846924147&CODE_STATE=getMsg HTTP/1.1" 302 -
180.163.28.55 - - [24/Aug/2023:11:16:26 +0800] "GET /xingrg/login.html HTTP/1.1" 200 7641
124.78.155.92 - - [24/Aug/2023:11:16:26 +0800] "GET /xingrg/all/function/internal_message.html?_=1692846984118&CODE_STATE=getMsg HTTP/1.1" 200 27
222.70.180.200 - - [24/Aug/2023:11:16:27 +0800] "GET /xingrg/all/function/internal_message.html?_=1692846986959&CODE_STATE=getMsg HTTP/1.1" 200 27
180.152.241.196 - - [24/Aug/2023:11:16:29 +0800] "GET /xingrg/all/function/internal_message.html?_=1692846988905&CODE_STATE=getMsg HTTP/1.1" 200 27
222.67.237.86 - - [24/Aug/2023:11:16:30 +0800] "GET /xingrg/kc/buy/cgsh_order_operate.html?command=get_materiel&rest_code=00141&code=00101008036&supplier_code=00100007&order_time=2023-08-24 HTTP/1.1" 200 408
116.232.195.127 - - [24/Aug/2023:11:16:32 +0800] "GET /xingrg/all/function/internal_message.html?_=1692846910421&CODE_STATE=getMsg HTTP/1.1" 200 27
222.70.107.27 - - [24/Aug/2023:11:16:33 +0800] "POST /xingrg/kc/buy/cgsh_list_operate.html HTTP/1.1" 200 986
180.169.147.146 - - [24/Aug/2023:11:16:33 +0800] "GET /xingrg/all/function/internal_message.html?_=1692846995005&CODE_STATE=getMsg HTTP/1.1" 302 -
120.253.135.82 - - [24/Aug/2023:11:16:33 +0800] "GET /xingrg/all/function/internal_message.html?_=1692846806208&CODE_STATE=getMsg HTTP/1.1" 200 27
116.235.94.33 - - [24/Aug/2023:11:16:37 +0800] "GET /xingrg/all/function/internal_message.html?_=1692847289430&CODE_STATE=getMsg HTTP/1.1" 200 27
116.235.94.33 - - [24/Aug/2023:11:16:37 +0800] "GET /xingrg/check_reg.html?_=1692847289432 HTTP/1.1" 200 22
58.40.7.146 - - [24/Aug/2023:11:16:37 +0800] "GET /xingrg/all/function/internal_message.html?_=1692846997240&CODE_STATE=getMsg HTTP/1.1" 200 27
114.83.221.186 - - [24/Aug/2023:11:16:37 +0800] "GET /xingrg/all/function/internal_message.html?_=1692847136280&CODE_STATE=getMsg HTTP/1.1" 200 27
114.83.221.186 - - [24/Aug/2023:11:16:38 +0800] "GET /xingrg/check_reg.html?_=1692847137617 HTTP/1.1" 200 22
180.165.48.189 - - [24/Aug/2023:11:16:40 +0800] "POST /xingrg/kc/buy/cgsh_list_operate.html HTTP/1.1" 200 4069
120.253.135.82 - - [24/Aug/2023:11:16:41 +0800] "GET /xingrg/all/function/internal_message.html?_=1692847141789&CODE_STATE=getMsg HTTP/1.1" 200 27
222.70.107.27 - - [24/Aug/2023:11:16:44 +0800] "GET /xingrg/all/function/internal_message.html?_=1692847004440&CODE_STATE=getMsg HTTP/1.1" 200 27
222.70.107.27 - - [24/Aug/2023:11:16:46 +0800] "POST /xingrg/kc/buy/cgsh_list_operate.html HTTP/1.1" 200 6070
101.228.187.155 - - [24/Aug/2023:11:16:47 +0800] "GET /xingrg/all/function/internal_message.html?_=1692847005303&CODE_STATE=getMsg HTTP/1.1" 200 27
180.165.48.189 - - [24/Aug/2023:11:16:51 +0800] "GET /xingrg/all/function/internal_message.html?_=1692847011130&CODE_STATE=getMsg HTTP/1.1" 200 27
221.239.167.251 - - [24/Aug/2023:11:16:53 +0800] "GET /xingrg/all/function/internal_message.html?_=1692847012336&CODE_STATE=getMsg HTTP/1.1" 200 27
222.70.107.27 - - [24/Aug/2023:11:16:54 +0800] "POST /xingrg/kc/buy/cgsh_list_operate.html HTTP/1.1" 200 7215
222.70.173.73 - - [24/Aug/2023:11:16:54 +0800] "GET /xingrg/kc/buy/cgsh_order_operate.html?command=get_materiel&rest_code=00146&code=00101002007&supplier_code=00100199&order_time=2023-08-24 HTTP/1.1" 200 411
101.83.145.37 - - [24/Aug/2023:11:16:55 +0800] "GET /xingrg/all/function/internal_message.html?_=1692847015566&CODE_STATE=getMsg HTTP/1.1" 200 27
222.67.237.86 - - [24/Aug/2023:11:17:00 +0800] "GET /xingrg/kc/buy/cgsh_order_operate.html?command=get_materiel&rest_code=00141&code=00101008176&supplier_code=00100007&order_time=2023-08-24 HTTP/1.1" 200 412
222.67.237.86 - - [24/Aug/2023:11:17:05 +0800] "GET /xingrg/all/function/internal_message.html?_=1692846473572&CODE_STATE=getMsg HTTP/1.1" 200 27
222.67.237.86 - - [24/Aug/2023:11:17:07 +0800] "POST /xingrg/kc/buy/cgsh_order_operate.html HTTP/1.1" 200 2065
114.95.241.104 - - [24/Aug/2023:11:17:08 +0800] "GET /xingrg/all/function/internal_message.html?_=1692847028494&CODE_STATE=getMsg HTTP/1.1" 200 27
222.67.237.86 - - [24/Aug/2023:11:17:16 +0800] "GET /xingrg/kc/buy/cgsh_order_operate.html?command=get_materiel&rest_code=00141&code=00101008132&supplier_code=00100007&order_time=2023-08-24 HTTP/1.1" 200 408
222.70.173.73 - - [24/Aug/2023:11:17:18 +0800] "GET /xingrg/kc/buy/cgsh_order_operate.html?command=get_materiel&rest_code=00146&code=00101002006&supplier_code=00100199&order_time=2023-08-24 HTTP/1.1" 200 414
180.169.147.146 - - [24/Aug/2023:11:17:20 +0800] "GET /xingrg/all/function/internal_message.html?_=1692847038256&CODE_STATE=getMsg HTTP/1.1" 200 27
222.70.107.27 - - [24/Aug/2023:11:17:21 +0800] "POST /xingrg/kc/buy/cgsh_list_operate.html HTTP/1.1" 200 199
222.70.173.73 - - [24/Aug/2023:11:17:21 +0800] "GET /xingrg/all/function/internal_message.html?_=1692847029742&CODE_STATE=getMsg HTTP/1.1" 200 27
222.69.128.227 - - [24/Aug/2023:11:17:22 +0800] "GET /xingrg/all/function/internal_message.html?_=1692847041420&CODE_STATE=getMsg HTTP/1.1" 200 27
222.70.107.27 - - [24/Aug/2023:11:17:23 +0800] "GET /xingrg/kc/buy/cgsh_order_info.html?code=212023081405980 HTTP/1.1" 200 67005
222.70.107.27 - - [24/Aug/2023:11:17:23 +0800] "GET /xingrg/words/20230823115925_words.js HTTP/1.1" 200 984358
222.70.107.27 - - [24/Aug/2023:11:17:23 +0800] "GET /xingrg/javascript/easyui/themes/default/validatebox.css HTTP/1.1" 404 1104
222.70.107.27 - - [24/Aug/2023:11:17:24 +0800] "POST /xingrg/kc/buy/cgsh_order_operate.html HTTP/1.1" 200 604
222.70.107.27 - - [24/Aug/2023:11:17:26 +0800] "GET /xingrg/kc/print/load_config.html?kc_code=cgsh HTTP/1.1" 200 1924
124.78.155.92 - - [24/Aug/2023:11:17:26 +0800] "GET /xingrg/all/function/internal_message.html?_=1692847044089&CODE_STATE=getMsg HTTP/1.1" 200 27
222.70.107.27 - - [24/Aug/2023:11:17:26 +0800] "GET /xingrg/kc/print/load_data.html?order_code=212023081405980&kc_code=cgsh&condition= HTTP/1.1" 200 698
222.70.180.200 - - [24/Aug/2023:11:17:27 +0800] "GET /xingrg/all/function/internal_message.html?_=1692847046986&CODE_STATE=getMsg HTTP/1.1" 200 27
222.67.237.86 - - [24/Aug/2023:11:17:28 +0800] "GET /xingrg/kc/buy/cgsh_order_operate.html?command=get_materiel&rest_code=00141&code=00101008748&supplier_code=00100007&order_time=2023-08-24 HTTP/1.1" 200 402
180.152.241.196 - - [24/Aug/2023:11:17:29 +0800] "GET /xingrg/all/function/internal_message.html?_=1692847048886&CODE_STATE=getMsg HTTP/1.1" 200 27
116.232.195.127 - - [24/Aug/2023:11:17:32 +0800] "GET /xingrg/system/info/materiel_import.html?isSelect=1&singleSelect=false HTTP/1.1" 200 5600
116.232.195.127 - - [24/Aug/2023:11:17:32 +0800] "GET /xingrg/check_reg.html?_=1692846970579 HTTP/1.1" 200 22
116.232.195.127 - - [24/Aug/2023:11:17:32 +0800] "GET /xingrg/all/function/internal_message.html?_=1692846970573&CODE_STATE=getMsg HTTP/1.1" 200 27
116.232.195.127 - - [24/Aug/2023:11:17:32 +0800] "GET /favicon.ico HTTP/1.1" 404 -
116.232.195.127 - - [24/Aug/2023:11:17:32 +0800] "POST /xingrg/all/common/load_tree.html?tree=materiel_sort_tree_json HTTP/1.1" 200 9500
101.83.145.37 - - [24/Aug/2023:11:17:32 +0800] "GET /xingrg/check_reg.html?_=1692847052782 HTTP/1.1" 200 22
180.169.147.146 - - [24/Aug/2023:11:17:33 +0800] "GET /xingrg/all/function/internal_message.html?_=1692847055008&CODE_STATE=getMsg HTTP/1.1" 302 -
180.169.147.146 - - [24/Aug/2023:11:17:33 +0800] "GET /xingrg/check_reg.html?_=1692847055009 HTTP/1.1" 302 -
120.253.135.82 - - [24/Aug/2023:11:17:34 +0800] "GET /xingrg/all/function/internal_message.html?_=1692846866433&CODE_STATE=getMsg HTTP/1.1" 200 27
116.235.94.33 - - [24/Aug/2023:11:17:37 +0800] "GET /xingrg/all/function/internal_message.html?_=1692847349424&CODE_STATE=getMsg HTTP/1.1" 200 27
58.40.7.146 - - [24/Aug/2023:11:17:37 +0800] "GET /xingrg/all/function/internal_message.html?_=1692847057245&CODE_STATE=getMsg HTTP/1.1" 200 27
114.83.221.186 - - [24/Aug/2023:11:17:37 +0800] "GET /xingrg/all/function/internal_message.html?_=1692847196261&CODE_STATE=getMsg HTTP/1.1" 200 27
120.253.135.82 - - [24/Aug/2023:11:17:41 +0800] "GET /xingrg/all/function/internal_message.html?_=1692847201794&CODE_STATE=getMsg HTTP/1.1" 200 27
222.70.107.27 - - [24/Aug/2023:11:17:44 +0800] "GET /xingrg/all/function/internal_message.html?_=1692847064444&CODE_STATE=getMsg HTTP/1.1" 200 27
222.70.173.73 - - [24/Aug/2023:11:17:46 +0800] "GET /xingrg/kc/buy/cgsh_order_operate.html?command=get_materiel&rest_code=00146&code=00101001284&supplier_code=00100199&order_time=2023-08-24 HTTP/1.1" 200 409
101.228.187.155 - - [24/Aug/2023:11:17:47 +0800] "GET /xingrg/all/function/internal_message.html?_=1692847065304&CODE_STATE=getMsg HTTP/1.1" 200 27
222.67.237.86 - - [24/Aug/2023:11:17:51 +0800] "GET /xingrg/kc/buy/cgsh_order_operate.html?command=get_materiel&rest_code=00141&code=00101008096&supplier_code=00100007&order_time=2023-08-24 HTTP/1.1" 200 412
180.165.48.189 - - [24/Aug/2023:11:17:51 +0800] "GET /xingrg/all/function/internal_message.html?_=1692847071102&CODE_STATE=getMsg HTTP/1.1" 200 27
180.165.48.189 - - [24/Aug/2023:11:17:51 +0800] "GET /xingrg/check_reg.html?_=1692847071944 HTTP/1.1" 200 22
222.70.107.27 - - [24/Aug/2023:11:17:52 +0800] "POST /xingrg/kc/buy/cgsh_list_operate.html HTTP/1.1" 200 200
221.239.167.251 - - [24/Aug/2023:11:17:53 +0800] "GET /xingrg/all/function/internal_message.html?_=1692847072336&CODE_STATE=getMsg HTTP/1.1" 200 27
222.70.107.27 - - [24/Aug/2023:11:17:54 +0800] "GET /xingrg/kc/buy/cgsh_order_info.html?code=212023081405981 HTTP/1.1" 200 67004
222.70.107.27 - - [24/Aug/2023:11:17:55 +0800] "GET /xingrg/javascript/easyui/themes/default/validatebox.css HTTP/1.1" 404 1104
101.83.145.37 - - [24/Aug/2023:11:17:55 +0800] "GET /xingrg/all/function/internal_message.html?_=1692847075545&CODE_STATE=getMsg HTTP/1.1" 200 27
222.70.107.27 - - [24/Aug/2023:11:17:55 +0800] "POST /xingrg/kc/buy/cgsh_order_operate.html HTTP/1.1" 200 612
222.70.107.27 - - [24/Aug/2023:11:17:57 +0800] "GET /xingrg/kc/print/load_config.html?kc_code=cgsh HTTP/1.1" 200 1924
222.70.107.27 - - [24/Aug/2023:11:17:57 +0800] "GET /xingrg/kc/print/load_data.html?order_code=212023081405981&kc_code=cgsh&condition= HTTP/1.1" 200 756
222.67.237.86 - - [24/Aug/2023:11:18:00 +0800] "GET /xingrg/kc/buy/cgsh_order_operate.html?command=get_materiel&rest_code=00141&code=00101008038&supplier_code=00100007&order_time=2023-08-24 HTTP/1.1" 200 412
222.67.237.86 - - [24/Aug/2023:11:18:04 +0800] "POST /xingrg/kc/buy/cgsh_order_operate.html HTTP/1.1" 200 2065
222.67.237.86 - - [24/Aug/2023:11:18:05 +0800] "GET /xingrg/all/function/internal_message.html?_=1692846533457&CODE_STATE=getMsg HTTP/1.1" 200 27
222.70.107.27 - - [24/Aug/2023:11:18:06 +0800] "POST /xingrg/kc/buy/cgsh_list_operate.html HTTP/1.1" 200 7215
114.95.241.104 - - [24/Aug/2023:11:18:08 +0800] "GET /xingrg/all/function/internal_message.html?_=1692847088482&CODE_STATE=getMsg HTTP/1.1" 200 27
222.70.107.27 - - [24/Aug/2023:11:18:09 +0800] "POST /xingrg/kc/buy/cgsh_list_operate.html HTTP/1.1" 200 198
222.67.237.86 - - [24/Aug/2023:11:18:10 +0800] "GET /xingrg/kc/buy/cgsh_order_operate.html?command=get_materiel&rest_code=00141&code=00101008396&supplier_code=00100007&order_time=2023-08-24 HTTP/1.1" 200 412
222.70.107.27 - - [24/Aug/2023:11:18:11 +0800] "GET /xingrg/kc/buy/cgsh_order_info.html?code=212023081405982 HTTP/1.1" 200 66994
222.70.107.27 - - [24/Aug/2023:11:18:12 +0800] "GET /xingrg/javascript/easyui/themes/default/validatebox.css HTTP/1.1" 404 1104
222.70.107.27 - - [24/Aug/2023:11:18:12 +0800] "POST /xingrg/kc/buy/cgsh_order_operate.html HTTP/1.1" 200 602
222.70.107.27 - - [24/Aug/2023:11:18:14 +0800] "GET /xingrg/kc/print/load_config.html?kc_code=cgsh HTTP/1.1" 200 1924
222.70.107.27 - - [24/Aug/2023:11:18:15 +0800] "GET /xingrg/kc/print/load_data.html?order_code=212023081405982&kc_code=cgsh&condition= HTTP/1.1" 200 663
124.78.155.92 - - [24/Aug/2023:11:18:20 +0800] "GET /xingrg/check_reg.html?_=1692847097350 HTTP/1.1" 200 22
180.169.147.146 - - [24/Aug/2023:11:18:20 +0800] "GET /xingrg/all/function/internal_message.html?_=1692847098256&CODE_STATE=getMsg HTTP/1.1" 200 27
222.70.173.73 - - [24/Aug/2023:11:18:21 +0800] "GET /xingrg/all/function/internal_message.html?_=1692847089755&CODE_STATE=getMsg HTTP/1.1" 200 27
222.69.128.227 - - [24/Aug/2023:11:18:22 +0800] "GET /xingrg/all/function/internal_message.html?_=1692847101420&CODE_STATE=getMsg HTTP/1.1" 200 27
222.70.107.27 - - [24/Aug/2023:11:18:24 +0800] "POST /xingrg/kc/buy/cgsh_list_operate.html HTTP/1.1" 200 7215
222.70.107.27 - - [24/Aug/2023:11:18:26 +0800] "POST /xingrg/kc/buy/cgsh_list_operate.html HTTP/1.1" 200 212
124.78.155.92 - - [24/Aug/2023:11:18:26 +0800] "GET /xingrg/all/function/internal_message.html?_=1692847104062&CODE_STATE=getMsg HTTP/1.1" 200 27
222.70.180.200 - - [24/Aug/2023:11:18:27 +0800] "GET /xingrg/all/function/internal_message.html?_=1692847106984&CODE_STATE=getMsg HTTP/1.1" 200 27
222.70.180.200 - - [24/Aug/2023:11:18:27 +0800] "GET /xingrg/check_reg.html?_=1692847106988 HTTP/1.1" 200 22
222.67.237.86 - - [24/Aug/2023:11:18:27 +0800] "GET /xingrg/kc/buy/cgsh_order_operate.html?command=get_materiel&rest_code=00141&code=00101008370&supplier_code=00100007&order_time=2023-08-24 HTTP/1.1" 200 412
222.70.107.27 - - [24/Aug/2023:11:18:28 +0800] "GET /xingrg/kc/buy/cgsh_order_info.html?code=212023081405983 HTTP/1.1" 200 67008
222.70.107.27 - - [24/Aug/2023:11:18:28 +0800] "GET /xingrg/javascript/easyui/themes/default/validatebox.css HTTP/1.1" 404 1104
180.152.241.196 - - [24/Aug/2023:11:18:29 +0800] "GET /xingrg/all/function/internal_message.html?_=1692847108861&CODE_STATE=getMsg HTTP/1.1" 200 27
222.70.107.27 - - [24/Aug/2023:11:18:29 +0800] "POST /xingrg/kc/buy/cgsh_order_operate.html HTTP/1.1" 200 622
222.70.107.27 - - [24/Aug/2023:11:18:30 +0800] "GET /xingrg/kc/print/load_config.html?kc_code=cgsh HTTP/1.1" 200 1924
222.70.107.27 - - [24/Aug/2023:11:18:31 +0800] "GET /xingrg/kc/print/load_data.html?order_code=212023081405983&kc_code=cgsh&condition= HTTP/1.1" 200 721
116.232.195.127 - - [24/Aug/2023:11:18:32 +0800] "GET /xingrg/all/function/internal_message.html?_=1692847030544&CODE_STATE=getMsg HTTP/1.1" 200 27
180.169.147.146 - - [24/Aug/2023:11:18:33 +0800] "GET /xingrg/all/function/internal_message.html?_=1692847115018&CODE_STATE=getMsg HTTP/1.1" 302 -
120.253.135.82 - - [24/Aug/2023:11:18:34 +0800] "GET /xingrg/all/function/internal_message.html?_=1692846926438&CODE_STATE=getMsg HTTP/1.1" 200 27
116.235.94.33 - - [24/Aug/2023:11:18:37 +0800] "GET /xingrg/all/function/internal_message.html?_=1692847409426&CODE_STATE=getMsg HTTP/1.1" 200 27
58.40.7.146 - - [24/Aug/2023:11:18:37 +0800] "GET /xingrg/all/function/internal_message.html?_=1692847117230&CODE_STATE=getMsg HTTP/1.1" 200 27
114.83.221.186 - - [24/Aug/2023:11:18:37 +0800] "GET /xingrg/all/function/internal_message.html?_=1692847256260&CODE_STATE=getMsg HTTP/1.1" 200 27
222.70.173.73 - - [24/Aug/2023:11:18:39 +0800] "POST /xingrg/kc/buy/cgsh_order_operate.html HTTP/1.1" 200 37
120.253.135.82 - - [24/Aug/2023:11:18:41 +0800] "GET /xingrg/all/function/internal_message.html?_=1692847261799&CODE_STATE=getMsg HTTP/1.1" 200 27
222.70.173.73 - - [24/Aug/2023:11:18:41 +0800] "POST /xingrg/kc/buy/cgsh_order_operate.html HTTP/1.1" 200 4447
222.70.107.27 - - [24/Aug/2023:11:18:44 +0800] "GET /xingrg/all/function/internal_message.html?_=1692847124444&CODE_STATE=getMsg HTTP/1.1" 200 27
222.70.107.27 - - [24/Aug/2023:11:18:44 +0800] "POST /xingrg/kc/buy/cgsh_list_operate.html HTTP/1.1" 200 7215
222.67.237.86 - - [24/Aug/2023:11:18:46 +0800] "GET /xingrg/kc/buy/cgsh_order_operate.html?command=get_materiel&rest_code=00141&code=00101008300&supplier_code=00100007&order_time=2023-08-24 HTTP/1.1" 200 412
101.228.187.155 - - [24/Aug/2023:11:18:47 +0800] "GET /xingrg/all/function/internal_message.html?_=1692847125304&CODE_STATE=getMsg HTTP/1.1" 200 27
222.70.107.27 - - [24/Aug/2023:11:18:47 +0800] "POST /xingrg/kc/buy/cgsh_list_operate.html HTTP/1.1" 200 202
101.228.187.155 - - [24/Aug/2023:11:18:47 +0800] "GET /xingrg/check_reg.html?_=1692847125479 HTTP/1.1" 200 22
116.235.94.33 - - [24/Aug/2023:11:18:49 +0800] "POST /xingrg/services/DataTransmitService HTTP/1.1" 200 524
222.67.237.86 - - [24/Aug/2023:11:18:49 +0800] "POST /xingrg/kc/buy/cgsh_order_operate.html HTTP/1.1" 200 2065
222.70.107.27 - - [24/Aug/2023:11:18:50 +0800] "GET /xingrg/kc/buy/cgsh_order_info.html?code=212023081405984 HTTP/1.1" 200 67006
222.70.107.27 - - [24/Aug/2023:11:18:50 +0800] "GET /xingrg/javascript/easyui/themes/default/validatebox.css HTTP/1.1" 404 1104
116.235.94.33 - - [24/Aug/2023:11:18:51 +0800] "POST /xingrg/services/DataTransmitService HTTP/1.1" 200 412
180.165.48.189 - - [24/Aug/2023:11:18:51 +0800] "GET /xingrg/all/function/internal_message.html?_=1692847131097&CODE_STATE=getMsg HTTP/1.1" 200 27
222.70.107.27 - - [24/Aug/2023:11:18:52 +0800] "POST /xingrg/kc/buy/cgsh_order_operate.html HTTP/1.1" 200 608
221.239.167.251 - - [24/Aug/2023:11:18:53 +0800] "GET /xingrg/all/function/internal_message.html?_=1692847132350&CODE_STATE=getMsg HTTP/1.1" 200 27
221.239.167.251 - - [24/Aug/2023:11:18:53 +0800] "GET /xingrg/check_reg.html?_=1692847132354 HTTP/1.1" 200 22
222.70.107.27 - - [24/Aug/2023:11:18:55 +0800] "GET /xingrg/kc/print/load_config.html?kc_code=cgsh HTTP/1.1" 200 1924
101.83.145.37 - - [24/Aug/2023:11:18:55 +0800] "GET /xingrg/all/function/internal_message.html?_=1692847135522&CODE_STATE=getMsg HTTP/1.1" 200 27
222.70.107.27 - - [24/Aug/2023:11:18:56 +0800] "GET /xingrg/kc/print/load_data.html?order_code=212023081405984&kc_code=cgsh&condition= HTTP/1.1" 200 697
222.67.237.86 - - [24/Aug/2023:11:19:00 +0800] "GET /xingrg/kc/buy/cgsh_order_operate.html?command=get_materiel&rest_code=00141&code=00101015095&supplier_code=00100007&order_time=2023-08-24 HTTP/1.1" 200 409
222.70.173.73 - - [24/Aug/2023:11:19:01 +0800] "GET /xingrg/check_reg.html?_=1692847129881 HTTP/1.1" 200 22
222.67.237.86 - - [24/Aug/2023:11:19:05 +0800] "GET /xingrg/all/function/internal_message.html?_=1692846593451&CODE_STATE=getMsg HTTP/1.1" 200 27
114.95.241.104 - - [24/Aug/2023:11:19:08 +0800] "GET /xingrg/all/function/internal_message.html?_=1692847148453&CODE_STATE=getMsg HTTP/1.1" 200 27
114.95.241.104 - - [24/Aug/2023:11:19:08 +0800] "GET /xingrg/check_reg.html?_=1692847148770 HTTP/1.1" 200 22
222.67.237.86 - - [24/Aug/2023:11:19:11 +0800] "GET /xingrg/kc/buy/cgsh_order_operate.html?command=get_materiel&rest_code=00141&code=00101008415&supplier_code=00100007&order_time=2023-08-24 HTTP/1.1" 200 412
222.70.107.27 - - [24/Aug/2023:11:19:15 +0800] "POST /xingrg/kc/buy/cgsh_list_operate.html HTTP/1.1" 200 7215
222.70.107.27 - - [24/Aug/2023:11:19:18 +0800] "POST /xingrg/kc/buy/cgsh_list_operate.html HTTP/1.1" 200 203
180.169.147.146 - - [24/Aug/2023:11:19:20 +0800] "GET /xingrg/all/function/internal_message.html?_=1692847158250&CODE_STATE=getMsg HTTP/1.1" 200 27
116.232.195.127 - - [24/Aug/2023:11:19:21 +0800] "GET /xingrg/kc/buy/cgsh_order_operate.html?command=get_materiel&rest_code=00155&code=00101006372&supplier_code=00100012&order_time=2023-08-24 HTTP/1.1" 200 406
222.70.107.27 - - [24/Aug/2023:11:19:21 +0800] "GET /xingrg/kc/buy/cgsh_order_info.html?code=212023081405985 HTTP/1.1" 200 67004
222.70.107.27 - - [24/Aug/2023:11:19:21 +0800] "GET /xingrg/javascript/easyui/themes/default/validatebox.css HTTP/1.1" 404 1104
222.70.173.73 - - [24/Aug/2023:11:19:21 +0800] "GET /xingrg/all/function/internal_message.html?_=1692847149769&CODE_STATE=getMsg HTTP/1.1" 200 27
222.70.107.27 - - [24/Aug/2023:11:19:22 +0800] "POST /xingrg/kc/buy/cgsh_order_operate.html HTTP/1.1" 200 613
222.69.128.227 - - [24/Aug/2023:11:19:22 +0800] "GET /xingrg/all/function/internal_message.html?_=1692847161421&CODE_STATE=getMsg HTTP/1.1" 200 27
222.70.107.27 - - [24/Aug/2023:11:19:24 +0800] "GET /xingrg/kc/print/load_config.html?kc_code=cgsh HTTP/1.1" 200 1924
222.67.237.86 - - [24/Aug/2023:11:19:24 +0800] "GET /xingrg/kc/buy/cgsh_order_operate.html?command=get_materiel&rest_code=00141&code=00101008069&supplier_code=00100007&order_time=2023-08-24 HTTP/1.1" 200 412
222.70.107.27 - - [24/Aug/2023:11:19:25 +0800] "GET /xingrg/kc/print/load_data.html?order_code=212023081405985&kc_code=cgsh&condition= HTTP/1.1" 200 749
124.78.155.92 - - [24/Aug/2023:11:19:26 +0800] "GET /xingrg/all/function/internal_message.html?_=1692847164052&CODE_STATE=getMsg HTTP/1.1" 200 27
222.70.180.200 - - [24/Aug/2023:11:19:27 +0800] "GET /xingrg/all/function/internal_message.html?_=1692847166986&CODE_STATE=getMsg HTTP/1.1" 200 27
180.152.241.196 - - [24/Aug/2023:11:19:29 +0800] "GET /xingrg/all/function/internal_message.html?_=1692847168836&CODE_STATE=getMsg HTTP/1.1" 200 27
116.232.195.127 - - [24/Aug/2023:11:19:32 +0800] "GET /xingrg/all/function/internal_message.html?_=1692847090517&CODE_STATE=getMsg HTTP/1.1" 200 27
180.169.147.146 - - [24/Aug/2023:11:19:33 +0800] "GET /xingrg/all/function/internal_message.html?_=1692847175009&CODE_STATE=getMsg HTTP/1.1" 302 -
120.253.135.82 - - [24/Aug/2023:11:19:33 +0800] "GET /xingrg/check_reg.html?_=1692846986025 HTTP/1.1" 200 22
120.253.135.82 - - [24/Aug/2023:11:19:34 +0800] "GET /xingrg/all/function/internal_message.html?_=1692846986453&CODE_STATE=getMsg HTTP/1.1" 200 27
222.70.107.27 - - [24/Aug/2023:11:19:35 +0800] "POST /xingrg/kc/buy/cgsh_list_operate.html HTTP/1.1" 200 7215
116.235.94.33 - - [24/Aug/2023:11:19:37 +0800] "GET /xingrg/all/function/internal_message.html?_=1692847469421&CODE_STATE=getMsg HTTP/1.1" 200 27
58.40.7.146 - - [24/Aug/2023:11:19:37 +0800] "GET /xingrg/all/function/internal_message.html?_=1692847177233&CODE_STATE=getMsg HTTP/1.1" 200 27
114.83.221.186 - - [24/Aug/2023:11:19:37 +0800] "GET /xingrg/all/function/internal_message.html?_=1692847316247&CODE_STATE=getMsg HTTP/1.1" 200 27
222.70.107.27 - - [24/Aug/2023:11:19:38 +0800] "POST /xingrg/kc/buy/cgsh_list_operate.html HTTP/1.1" 200 202
120.253.135.82 - - [24/Aug/2023:11:19:41 +0800] "GET /xingrg/all/function/internal_message.html?_=1692847321804&CODE_STATE=getMsg HTTP/1.1" 200 27
120.253.135.82 - - [24/Aug/2023:11:19:41 +0800] "GET /xingrg/check_reg.html?_=1692847321805 HTTP/1.1" 200 22
222.70.107.27 - - [24/Aug/2023:11:19:42 +0800] "GET /xingrg/kc/buy/cgsh_order_info.html?code=212023081405986 HTTP/1.1" 200 67006
222.70.107.27 - - [24/Aug/2023:11:19:42 +0800] "GET /xingrg/javascript/easyui/themes/default/validatebox.css HTTP/1.1" 404 1104
222.70.107.27 - - [24/Aug/2023:11:19:43 +0800] "POST /xingrg/kc/buy/cgsh_order_operate.html HTTP/1.1" 200 614
222.70.107.27 - - [24/Aug/2023:11:19:44 +0800] "GET /xingrg/all/function/internal_message.html?_=1692847184440&CODE_STATE=getMsg HTTP/1.1" 200 27
222.70.107.27 - - [24/Aug/2023:11:19:45 +0800] "GET /xingrg/kc/print/load_config.html?kc_code=cgsh HTTP/1.1" 200 1924
222.70.107.27 - - [24/Aug/2023:11:19:46 +0800] "GET /xingrg/kc/print/load_data.html?order_code=212023081405986&kc_code=cgsh&condition= HTTP/1.1" 200 767
101.228.187.155 - - [24/Aug/2023:11:19:47 +0800] "GET /xingrg/all/function/internal_message.html?_=1692847185308&CODE_STATE=getMsg HTTP/1.1" 200 27
180.165.48.189 - - [24/Aug/2023:11:19:51 +0800] "GET /xingrg/all/function/internal_message.html?_=1692847191080&CODE_STATE=getMsg HTTP/1.1" 200 27
222.70.173.73 - - [24/Aug/2023:11:19:52 +0800] "POST /xingrg/kc/buy/cgsh_order_operate.html HTTP/1.1" 200 37
221.239.167.251 - - [24/Aug/2023:11:19:53 +0800] "GET /xingrg/all/function/internal_message.html?_=1692847192338&CODE_STATE=getMsg HTTP/1.1" 200 27
101.83.145.37 - - [24/Aug/2023:11:19:55 +0800] "GET /xingrg/all/function/internal_message.html?_=1692847195505&CODE_STATE=getMsg HTTP/1.1" 200 27
222.70.107.27 - - [24/Aug/2023:11:19:55 +0800] "POST /xingrg/kc/buy/cgsh_list_operate.html HTTP/1.1" 200 7215
222.70.173.73 - - [24/Aug/2023:11:19:55 +0800] "POST /xingrg/kc/buy/cgsh_order_operate.html HTTP/1.1" 200 4447
222.67.237.86 - - [24/Aug/2023:11:19:57 +0800] "GET /xingrg/kc/buy/cgsh_order_operate.html?command=get_materiel&rest_code=00141&code=00101008108&supplier_code=00100007&order_time=2023-08-24 HTTP/1.1" 200 412
222.70.107.27 - - [24/Aug/2023:11:20:01 +0800] "POST /xingrg/kc/buy/cgsh_list_operate.html HTTP/1.1" 200 208
222.67.237.86 - - [24/Aug/2023:11:20:01 +0800] "POST /xingrg/kc/buy/cgsh_order_operate.html HTTP/1.1" 200 2065
222.70.173.73 - - [24/Aug/2023:11:20:02 +0800] "GET /xingrg/kc/print/load_data.html?order_code=212023082409607&kc_code=cgsh&condition= HTTP/1.1" 200 1357
222.70.107.27 - - [24/Aug/2023:11:20:03 +0800] "GET /xingrg/kc/buy/cgsh_order_info.html?code=212023081405987 HTTP/1.1" 200 66994
222.70.107.27 - - [24/Aug/2023:11:20:03 +0800] "GET /xingrg/javascript/easyui/themes/default/validatebox.css HTTP/1.1" 404 1104
222.70.107.27 - - [24/Aug/2023:11:20:04 +0800] "POST /xingrg/kc/buy/cgsh_order_operate.html HTTP/1.1" 200 614
222.67.237.86 - - [24/Aug/2023:11:20:05 +0800] "GET /xingrg/all/function/internal_message.html?_=1692846653472&CODE_STATE=getMsg HTTP/1.1" 200 27
222.70.107.27 - - [24/Aug/2023:11:20:05 +0800] "GET /xingrg/kc/print/load_config.html?kc_code=cgsh HTTP/1.1" 200 1924
222.70.107.27 - - [24/Aug/2023:11:20:06 +0800] "GET /xingrg/kc/print/load_data.html?order_code=212023081405987&kc_code=cgsh&condition= HTTP/1.1" 200 681
114.95.241.104 - - [24/Aug/2023:11:20:08 +0800] "GET /xingrg/all/function/internal_message.html?_=1692847208428&CODE_STATE=getMsg HTTP/1.1" 200 27
101.83.145.37 - - [24/Aug/2023:11:20:09 +0800] "GET /xingrg/kc/buy/cgsh_order_operate.html?command=get_materiel&rest_code=00105&code=00102010944&supplier_code=00100151&order_time=2023-08-24 HTTP/1.1" 200 417
222.70.107.27 - - [24/Aug/2023:11:20:15 +0800] "POST /xingrg/kc/buy/cgsh_list_operate.html HTTP/1.1" 200 7215
222.70.107.27 - - [24/Aug/2023:11:20:18 +0800] "POST /xingrg/kc/buy/cgsh_list_operate.html HTTP/1.1" 200 198
222.67.237.86 - - [24/Aug/2023:11:20:19 +0800] "GET /xingrg/kc/buy/cgsh_order_operate.html?command=get_materiel&rest_code=00141&code=00101008359&supplier_code=00100007&order_time=2023-08-24 HTTP/1.1" 200 408
180.169.147.146 - - [24/Aug/2023:11:20:20 +0800] "GET /xingrg/check_reg.html?_=1692847218252 HTTP/1.1" 200 22
180.169.147.146 - - [24/Aug/2023:11:20:20 +0800] "GET /xingrg/all/function/internal_message.html?_=1692847218255&CODE_STATE=getMsg HTTP/1.1" 200 27
222.70.107.27 - - [24/Aug/2023:11:20:20 +0800] "GET /xingrg/kc/buy/cgsh_order_info.html?code=212023081405988 HTTP/1.1" 200 67004
222.70.107.27 - - [24/Aug/2023:11:20:20 +0800] "GET /xingrg/javascript/easyui/themes/default/validatebox.css HTTP/1.1" 404 1104
222.70.173.73 - - [24/Aug/2023:11:20:22 +0800] "GET /xingrg/all/function/internal_message.html?_=1692847210073&CODE_STATE=getMsg HTTP/1.1" 200 27
222.69.128.227 - - [24/Aug/2023:11:20:22 +0800] "GET /xingrg/check_reg.html?_=1692847221419 HTTP/1.1" 200 22
222.69.128.227 - - [24/Aug/2023:11:20:22 +0800] "GET /xingrg/all/function/internal_message.html?_=1692847221422&CODE_STATE=getMsg HTTP/1.1" 200 27
222.70.107.27 - - [24/Aug/2023:11:20:22 +0800] "POST /xingrg/kc/buy/cgsh_order_operate.html HTTP/1.1" 200 603
222.70.107.27 - - [24/Aug/2023:11:20:23 +0800] "GET /xingrg/kc/print/load_config.html?kc_code=cgsh HTTP/1.1" 200 1924
