101.83.145.37 - - [24/Aug/2023:08:51:27 +0800] "GET /xingrg/kc/buy/cgsh_order_operate.html?command=get_materiel&rest_code=00105&code=00101008119&supplier_code=00100203&order_time=2023-08-24 HTTP/1.1" 200 412
222.69.128.227 - - [24/Aug/2023:08:51:28 +0800] "GET /xingrg/kc/buy/cgsh_order_operate.html?command=get_materiel&rest_code=00149&code=00101008439&supplier_code=00100008&order_time=2023-08-24 HTTP/1.1" 200 413
180.152.241.196 - - [24/Aug/2023:08:51:29 +0800] "GET /xingrg/all/function/internal_message.html?_=1692838289090&CODE_STATE=getMsg HTTP/1.1" 200 27
114.95.241.104 - - [24/Aug/2023:08:51:29 +0800] "POST /xingrg/dwr/call/plaincall/AjaxQqpsService.getMaterielByCode.dwr HTTP/1.1" 200 3922
101.83.145.37 - - [24/Aug/2023:08:51:32 +0800] "GET /xingrg/all/function/internal_message.html?_=1692838292665&CODE_STATE=getMsg HTTP/1.1" 200 27
114.95.241.104 - - [24/Aug/2023:08:51:32 +0800] "POST /xingrg/dwr/call/plaincall/AjaxQqpsService.saveMaterielItem.dwr HTTP/1.1" 200 79
101.83.145.37 - - [24/Aug/2023:08:51:34 +0800] "GET /xingrg/kc/buy/cgsh_order_operate.html?command=get_materiel&rest_code=00105&code=00101008105&supplier_code=00100203&order_time=2023-08-24 HTTP/1.1" 200 412
101.83.145.37 - - [24/Aug/2023:08:51:43 +0800] "GET /xingrg/kc/buy/cgsh_order_operate.html?command=get_materiel&rest_code=00105&code=00101008185&supplier_code=00100203&order_time=2023-08-24 HTTP/1.1" 200 408
114.95.241.104 - - [24/Aug/2023:08:51:45 +0800] "GET /xingrg/all/function/internal_message.html?_=1692838210610&CODE_STATE=getMsg HTTP/1.1" 200 27
222.70.180.200 - - [24/Aug/2023:08:51:46 +0800] "GET /xingrg/kc/buy/cgsh_order_operate.html?command=get_materiel&rest_code=00111&code=00101015044&supplier_code=00100037&order_time=2023-08-24 HTTP/1.1" 200 408
222.69.128.227 - - [24/Aug/2023:08:51:50 +0800] "GET /xingrg/kc/buy/cgsh_order_operate.html?command=get_materiel&rest_code=00149&code=00101008077&supplier_code=00100008&order_time=2023-08-24 HTTP/1.1" 200 416
116.232.195.127 - - [24/Aug/2023:08:51:51 +0800] "GET /xingrg/all/function/internal_message.html?_=1692838230417&CODE_STATE=getMsg HTTP/1.1" 200 27
221.239.167.251 - - [24/Aug/2023:08:51:52 +0800] "GET /xingrg/all/function/internal_message.html?_=1692838312090&CODE_STATE=getMsg HTTP/1.1" 200 27
222.69.128.227 - - [24/Aug/2023:08:51:57 +0800] "POST /xingrg/kc/buy/cgsh_order_operate.html HTTP/1.1" 200 2065
101.83.145.37 - - [24/Aug/2023:08:51:58 +0800] "GET /xingrg/kc/buy/cgsh_order_operate.html?command=get_materiel&rest_code=00105&code=00101015038&supplier_code=00100203&order_time=2023-08-24 HTTP/1.1" 200 418
114.95.241.104 - - [24/Aug/2023:08:52:01 +0800] "GET /xingrg/check_reg.html?_=1692838320986 HTTP/1.1" 200 22
114.95.241.104 - - [24/Aug/2023:08:52:01 +0800] "GET /xingrg/all/function/internal_message.html?_=1692838320992&CODE_STATE=getMsg HTTP/1.1" 200 27
114.95.241.104 - - [24/Aug/2023:08:52:05 +0800] "POST /xingrg/dwr/call/plaincall/AjaxQqpsService.getMaterielByCode.dwr HTTP/1.1" 200 3861
222.69.128.227 - - [24/Aug/2023:08:52:06 +0800] "GET /xingrg/kc/buy/cgsh_order_operate.html?command=get_materiel&rest_code=00149&code=00101008223&supplier_code=00100008&order_time=2023-08-24 HTTP/1.1" 200 412
101.83.145.37 - - [24/Aug/2023:08:52:10 +0800] "GET /xingrg/kc/buy/cgsh_order_operate.html?command=get_materiel&rest_code=00105&code=00101008323&supplier_code=00100203&order_time=2023-08-24 HTTP/1.1" 200 408
222.70.173.73 - - [24/Aug/2023:08:52:10 +0800] "GET /xingrg/all/function/internal_message.html?_=1692838318240&CODE_STATE=getMsg HTTP/1.1" 200 27
114.95.241.104 - - [24/Aug/2023:08:52:10 +0800] "POST /xingrg/dwr/call/plaincall/AjaxQqpsService.saveMaterielItem.dwr HTTP/1.1" 200 79
114.95.241.104 - - [24/Aug/2023:08:52:15 +0800] "POST /xingrg/dwr/call/plaincall/AjaxQqpsService.getMaterielByCode.dwr HTTP/1.1" 200 3950
222.69.128.227 - - [24/Aug/2023:08:52:17 +0800] "GET /xingrg/all/function/internal_message.html?_=1692838336511&CODE_STATE=getMsg HTTP/1.1" 200 27
124.78.155.92 - - [24/Aug/2023:08:52:19 +0800] "GET /xingrg/all/function/internal_message.html?_=1692838337262&CODE_STATE=getMsg HTTP/1.1" 200 27
114.95.241.104 - - [24/Aug/2023:08:52:20 +0800] "POST /xingrg/dwr/call/plaincall/AjaxQqpsService.saveMaterielItem.dwr HTTP/1.1" 200 79
120.253.135.82 - - [24/Aug/2023:08:52:22 +0800] "GET /xingrg/all/function/internal_message.html?_=1692838154924&CODE_STATE=getMsg HTTP/1.1" 200 27
114.95.241.104 - - [24/Aug/2023:08:52:25 +0800] "POST /xingrg/kc/buy/cgsh_order_operate.html HTTP/1.1" 200 37
222.70.180.200 - - [24/Aug/2023:08:52:27 +0800] "GET /xingrg/all/function/internal_message.html?_=1692838346708&CODE_STATE=getMsg HTTP/1.1" 200 27
101.83.145.37 - - [24/Aug/2023:08:52:27 +0800] "GET /xingrg/kc/buy/cgsh_order_operate.html?command=get_materiel&rest_code=00105&code=00101008330&supplier_code=00100203&order_time=2023-08-24 HTTP/1.1" 200 408
222.69.128.227 - - [24/Aug/2023:08:52:27 +0800] "GET /xingrg/kc/buy/cgsh_order_operate.html?command=get_materiel&rest_code=00149&code=00101008739&supplier_code=00100008&order_time=2023-08-24 HTTP/1.1" 200 410
114.95.241.104 - - [24/Aug/2023:08:52:28 +0800] "POST /xingrg/dwr/call/plaincall/AjaxQqpsService.getMaterielByCode.dwr HTTP/1.1" 200 3934
180.152.241.196 - - [24/Aug/2023:08:52:29 +0800] "GET /xingrg/all/function/internal_message.html?_=1692838349098&CODE_STATE=getMsg HTTP/1.1" 200 27
101.83.145.37 - - [24/Aug/2023:08:52:32 +0800] "GET /xingrg/all/function/internal_message.html?_=1692838352662&CODE_STATE=getMsg HTTP/1.1" 200 27
101.83.145.37 - - [24/Aug/2023:08:52:32 +0800] "GET /xingrg/check_reg.html?_=1692838352665 HTTP/1.1" 200 22
114.95.241.104 - - [24/Aug/2023:08:52:34 +0800] "POST /xingrg/dwr/call/plaincall/AjaxQqpsService.saveMaterielItem.dwr HTTP/1.1" 200 79
101.83.145.37 - - [24/Aug/2023:08:52:34 +0800] "GET /xingrg/kc/buy/cgsh_order_operate.html?command=get_materiel&rest_code=00105&code=00101008219&supplier_code=00100203&order_time=2023-08-24 HTTP/1.1" 200 412
114.95.241.104 - - [24/Aug/2023:08:52:35 +0800] "POST /xingrg/kc/buy/cgsh_order_operate.html HTTP/1.1" 200 12
101.83.145.37 - - [24/Aug/2023:08:52:38 +0800] "POST /xingrg/kc/buy/cgsh_order_operate.html HTTP/1.1" 200 2065
114.95.241.104 - - [24/Aug/2023:08:52:38 +0800] "POST /xingrg/dwr/call/plaincall/AjaxQqpsService.getMaterielByCode.dwr HTTP/1.1" 200 3927
114.95.241.104 - - [24/Aug/2023:08:52:39 +0800] "GET /xingrg/kc/buy/cgsh_order_info.html?code=212023082409558 HTTP/1.1" 200 66959
222.69.128.227 - - [24/Aug/2023:08:52:39 +0800] "GET /xingrg/kc/buy/cgsh_order_operate.html?command=get_materiel&rest_code=00149&code=00101008330&supplier_code=00100008&order_time=2023-08-24 HTTP/1.1" 200 408
114.95.241.104 - - [24/Aug/2023:08:52:39 +0800] "GET /xingrg/javascript/easyui/themes/default/validatebox.css HTTP/1.1" 404 1104
101.83.145.37 - - [24/Aug/2023:08:52:40 +0800] "POST /xingrg/kc/buy/cgsh_order_operate.html HTTP/1.1" 200 2065
114.95.241.104 - - [24/Aug/2023:08:52:40 +0800] "POST /xingrg/kc/buy/cgsh_order_operate.html HTTP/1.1" 200 8383
114.95.241.104 - - [24/Aug/2023:08:52:42 +0800] "GET /xingrg/kc/print/load_config.html?kc_code=cgsh HTTP/1.1" 200 1924
222.70.180.200 - - [24/Aug/2023:08:52:42 +0800] "GET /xingrg/kc/buy/cgsh_order_operate.html?command=get_materiel&rest_code=00111&code=00101015046&supplier_code=00100037&order_time=2023-08-24 HTTP/1.1" 200 412
114.95.241.104 - - [24/Aug/2023:08:52:43 +0800] "GET /xingrg/kc/print/load_data.html?order_code=212023082409558&kc_code=cgsh&condition= HTTP/1.1" 200 3653
114.95.241.104 - - [24/Aug/2023:08:52:43 +0800] "POST /xingrg/dwr/call/plaincall/AjaxQqpsService.saveMaterielItem.dwr HTTP/1.1" 200 79
114.95.241.104 - - [24/Aug/2023:08:52:45 +0800] "GET /xingrg/all/function/internal_message.html?_=1692838270623&CODE_STATE=getMsg HTTP/1.1" 200 27
114.95.241.104 - - [24/Aug/2023:08:52:47 +0800] "POST /xingrg/dwr/call/plaincall/AjaxQqpsService.getMaterielByCode.dwr HTTP/1.1" 200 3925
114.95.241.104 - - [24/Aug/2023:08:52:50 +0800] "POST /xingrg/dwr/call/plaincall/AjaxQqpsService.saveMaterielItem.dwr HTTP/1.1" 200 79
114.95.241.104 - - [24/Aug/2023:08:52:51 +0800] "POST /xingrg/all/user/operate.html HTTP/1.1" 200 36
116.232.195.127 - - [24/Aug/2023:08:52:51 +0800] "GET /xingrg/all/function/internal_message.html?_=1692838290395&CODE_STATE=getMsg HTTP/1.1" 200 27
114.95.241.104 - - [24/Aug/2023:08:52:52 +0800] "GET /xingrg/index.html?sysBaseUrl=http%3A%2F%2F180.169.147.146%3A18081%2Fxingrg%2F&costTime=4900×tamp=1692763033631 HTTP/1.1" 200 17177
114.95.241.104 - - [24/Aug/2023:08:52:52 +0800] "GET /xingrg/javascript/jquery_easy_ui/themes/default/easyui.css HTTP/1.1" 304 -
114.95.241.104 - - [24/Aug/2023:08:52:52 +0800] "GET /xingrg/javascript/jquery_easy_ui/themes/icon.css HTTP/1.1" 304 -
114.95.241.104 - - [24/Aug/2023:08:52:52 +0800] "GET /xingrg/css/form.css HTTP/1.1" 304 -
114.95.241.104 - - [24/Aug/2023:08:52:52 +0800] "GET /xingrg/javascript/jquery-1.4.2.min.js HTTP/1.1" 304 -
114.95.241.104 - - [24/Aug/2023:08:52:52 +0800] "GET /xingrg/javascript/jquery_easy_ui/jquery.easyui.min.js HTTP/1.1" 304 -
114.95.241.104 - - [24/Aug/2023:08:52:52 +0800] "GET /xingrg/javascript/jquery_easy_ui/easyui-lang-zh_CN.js HTTP/1.1" 304 -
114.95.241.104 - - [24/Aug/2023:08:52:52 +0800] "GET /xingrg/javascript/jquery.form.js HTTP/1.1" 304 -
114.95.241.104 - - [24/Aug/2023:08:52:52 +0800] "GET /xingrg/javascript/jquery.utils.js HTTP/1.1" 304 -
114.95.241.104 - - [24/Aug/2023:08:52:52 +0800] "GET /xingrg/javascript/jquery.timers.js HTTP/1.1" 304 -
114.95.241.104 - - [24/Aug/2023:08:52:52 +0800] "GET /xingrg/images/blue/jxLogo.png HTTP/1.1" 304 -
114.95.241.104 - - [24/Aug/2023:08:52:52 +0800] "GET /xingrg/images/blue/navBackgound.jpg HTTP/1.1" 304 -
114.95.241.104 - - [24/Aug/2023:08:52:52 +0800] "GET /xingrg/javascript/jquery_easy_ui/themes/icons/settle_new.png HTTP/1.1" 304 -
114.95.241.104 - - [24/Aug/2023:08:52:52 +0800] "GET /xingrg/check_reg.html?_=1692838372219 HTTP/1.1" 200 22
114.95.241.104 - - [24/Aug/2023:08:52:52 +0800] "GET /xingrg/all/function/internal_message.html?_=1692838372218&CODE_STATE=count HTTP/1.1" 200 11
114.95.241.104 - - [24/Aug/2023:08:52:52 +0800] "GET /xingrg/images/blue/pingpu.png HTTP/1.1" 304 -
114.95.241.104 - - [24/Aug/2023:08:52:52 +0800] "GET /xingrg/javascript/jquery_easy_ui/themes/default/images/tabs_leftarrow.png HTTP/1.1" 304 -
114.95.241.104 - - [24/Aug/2023:08:52:52 +0800] "GET /xingrg/javascript/jquery_easy_ui/themes/default/images/panel_tool_collapse.gif HTTP/1.1" 304 -
114.95.241.104 - - [24/Aug/2023:08:52:52 +0800] "GET /xingrg/javascript/jquery_easy_ui/themes/default/images/tabs_rightarrow.png HTTP/1.1" 304 -
114.95.241.104 - - [24/Aug/2023:08:52:52 +0800] "POST /xingrg/all/common/load_tree.html?tree=area_rest_tree_json&manage=1 HTTP/1.1" 200 476
114.95.241.104 - - [24/Aug/2023:08:52:52 +0800] "POST /xingrg/load_menu.html HTTP/1.1" 200 5138
221.239.167.251 - - [24/Aug/2023:08:52:52 +0800] "GET /xingrg/all/function/internal_message.html?_=1692838372091&CODE_STATE=getMsg HTTP/1.1" 200 27
222.69.128.227 - - [24/Aug/2023:08:52:53 +0800] "GET /xingrg/kc/buy/cgsh_order_operate.html?command=get_materiel&rest_code=00149&code=00101008244&supplier_code=00100008&order_time=2023-08-24 HTTP/1.1" 200 408
114.95.241.104 - - [24/Aug/2023:08:52:55 +0800] "GET /xingrg/kc/buy/cgsh_order_list.html HTTP/1.1" 200 56238
114.95.241.104 - - [24/Aug/2023:08:52:55 +0800] "POST /xingrg/dwr/call/plaincall/AjaxQqpsService.getMaterielByCode.dwr HTTP/1.1" 200 3858
114.95.241.104 - - [24/Aug/2023:08:52:57 +0800] "POST /xingrg/kc/buy/cgsh_list_operate.html HTTP/1.1" 200 986
114.95.241.104 - - [24/Aug/2023:08:52:58 +0800] "POST /xingrg/dwr/call/plaincall/AjaxQqpsService.saveMaterielItem.dwr HTTP/1.1" 200 79
114.95.241.104 - - [24/Aug/2023:08:52:59 +0800] "GET /xingrg/kc/buy/cgsh_order_add.html HTTP/1.1" 200 71614
114.95.241.104 - - [24/Aug/2023:08:52:59 +0800] "POST /xingrg/kc/buy/cgsh_order_operate.html HTTP/1.1" 200 8245
114.95.241.104 - - [24/Aug/2023:08:52:59 +0800] "GET /xingrg/javascript/easyui/themes/default/validatebox.css HTTP/1.1" 404 1104
114.95.241.104 - - [24/Aug/2023:08:52:59 +0800] "GET /xingrg/all/common/auto_word.html?type=employee&rest_code=00151 HTTP/1.1" 200 293
114.95.241.104 - - [24/Aug/2023:08:52:59 +0800] "GET /xingrg/all/common/auto_word.html?type=employee&rest_code=00151 HTTP/1.1" 200 293
114.95.241.104 - - [24/Aug/2023:08:53:00 +0800] "GET /xingrg/javascript/auto/indicator.gif HTTP/1.1" 404 1066
222.70.180.200 - - [24/Aug/2023:08:53:03 +0800] "GET /xingrg/kc/buy/cgsh_order_operate.html?command=get_materiel&rest_code=00111&code=00101008123&supplier_code=00100037&order_time=2023-08-24 HTTP/1.1" 200 412
114.95.241.104 - - [24/Aug/2023:08:53:03 +0800] "POST /xingrg/dwr/call/plaincall/AjaxQqpsService.getMaterielByCode.dwr HTTP/1.1" 200 3854
222.69.128.227 - - [24/Aug/2023:08:53:06 +0800] "GET /xingrg/kc/buy/cgsh_order_operate.html?command=get_materiel&rest_code=00149&code=00101008357&supplier_code=00100008&order_time=2023-08-24 HTTP/1.1" 200 408
222.69.128.227 - - [24/Aug/2023:08:53:10 +0800] "POST /xingrg/kc/buy/cgsh_order_operate.html HTTP/1.1" 200 2065
222.70.173.73 - - [24/Aug/2023:08:53:10 +0800] "GET /xingrg/all/function/internal_message.html?_=1692838378362&CODE_STATE=getMsg HTTP/1.1" 200 27
114.95.241.104 - - [24/Aug/2023:08:53:12 +0800] "GET /xingrg/kc/buy/cgsh_order_operate.html?command=get_materiel&rest_code=00151&code=00101016025&supplier_code=00100096&order_time=2023-08-24 HTTP/1.1" 200 410
114.95.241.104 - - [24/Aug/2023:08:53:12 +0800] "POST /xingrg/dwr/call/plaincall/AjaxQqpsService.saveMaterielItem.dwr HTTP/1.1" 200 79
222.69.128.227 - - [24/Aug/2023:08:53:17 +0800] "GET /xingrg/all/function/internal_message.html?_=1692838396504&CODE_STATE=getMsg HTTP/1.1" 200 27
180.163.29.212 - - [24/Aug/2023:08:53:19 +0800] "GET /xingrg/all/function/internal_message.html?_=1692838337262&CODE_STATE=getMsg HTTP/1.1" 302 -
180.163.29.212 - - [24/Aug/2023:08:53:19 +0800] "GET /xingrg/login.html HTTP/1.1" 200 7641
124.78.155.92 - - [24/Aug/2023:08:53:19 +0800] "GET /xingrg/all/function/internal_message.html?_=1692838397235&CODE_STATE=getMsg HTTP/1.1" 200 27
114.95.241.104 - - [24/Aug/2023:08:53:19 +0800] "POST /xingrg/dwr/call/plaincall/AjaxQqpsService.checkOrder.dwr HTTP/1.1" 200 79
124.78.155.92 - - [24/Aug/2023:08:53:20 +0800] "GET /xingrg/check_reg.html?_=1692838397397 HTTP/1.1" 200 22
114.95.241.104 - - [24/Aug/2023:08:53:21 +0800] "GET /xingrg/kc/mdqp/qqps_order_info.html?code=302023082400461 HTTP/1.1" 200 26657
114.95.241.104 - - [24/Aug/2023:08:53:22 +0800] "GET /xingrg/dwr/interface/AjaxComOrderService.js HTTP/1.1" 200 18264
114.95.241.104 - - [24/Aug/2023:08:53:22 +0800] "GET /xingrg/dwr/interface/AjaxQqpsService.js HTTP/1.1" 200 16326
114.95.241.104 - - [24/Aug/2023:08:53:22 +0800] "GET /xingrg/dwr/engine.js HTTP/1.1" 200 43631
120.253.135.82 - - [24/Aug/2023:08:53:22 +0800] "GET /xingrg/all/function/internal_message.html?_=1692838214937&CODE_STATE=getMsg HTTP/1.1" 200 27
114.95.241.104 - - [24/Aug/2023:08:53:23 +0800] "POST /xingrg/dwr/call/plaincall/AjaxQqpsService.loadMaterielItems.dwr HTTP/1.1" 200 8239
114.95.241.104 - - [24/Aug/2023:08:53:26 +0800] "GET /xingrg/kc/mdqp/qqps_order_add.html HTTP/1.1" 200 28250
114.95.241.104 - - [24/Aug/2023:08:53:26 +0800] "GET /xingrg/dwr/interface/AjaxComOrderService.js HTTP/1.1" 200 18264
114.95.241.104 - - [24/Aug/2023:08:53:26 +0800] "GET /xingrg/dwr/interface/AjaxQqpsService.js HTTP/1.1" 200 16326
114.95.241.104 - - [24/Aug/2023:08:53:26 +0800] "GET /xingrg/dwr/engine.js HTTP/1.1" 200 43631
222.70.180.200 - - [24/Aug/2023:08:53:27 +0800] "GET /xingrg/check_reg.html?_=1692838406705 HTTP/1.1" 200 22
222.70.180.200 - - [24/Aug/2023:08:53:27 +0800] "GET /xingrg/all/function/internal_message.html?_=1692838406715&CODE_STATE=getMsg HTTP/1.1" 200 27
180.152.241.196 - - [24/Aug/2023:08:53:29 +0800] "GET /xingrg/all/function/internal_message.html?_=1692838409090&CODE_STATE=getMsg HTTP/1.1" 200 27
114.95.241.104 - - [24/Aug/2023:08:53:30 +0800] "GET /xingrg/kc/buy/cgsh_order_operate.html?command=get_materiel&rest_code=00151&code=00101012039&supplier_code=00100096&order_time=2023-08-24 HTTP/1.1" 200 408
101.83.145.37 - - [24/Aug/2023:08:53:32 +0800] "GET /xingrg/all/function/internal_message.html?_=1692838412666&CODE_STATE=getMsg HTTP/1.1" 200 27
114.95.241.104 - - [24/Aug/2023:08:53:35 +0800] "POST /xingrg/dwr/call/plaincall/AjaxQqpsService.saveOrder.dwr HTTP/1.1" 200 78
114.95.241.104 - - [24/Aug/2023:08:53:38 +0800] "GET /xingrg/kc/buy/cgsh_order_operate.html?command=get_materiel&rest_code=00151&code=00101016038&supplier_code=00100096&order_time=2023-08-24 HTTP/1.1" 200 408
114.95.241.104 - - [24/Aug/2023:08:53:44 +0800] "GET /xingrg/check_reg.html?_=1692838330249 HTTP/1.1" 200 22
114.95.241.104 - - [24/Aug/2023:08:53:45 +0800] "GET /xingrg/all/function/internal_message.html?_=1692838330637&CODE_STATE=getMsg HTTP/1.1" 200 27
114.95.241.104 - - [24/Aug/2023:08:53:49 +0800] "GET /xingrg/kc/buy/cgsh_order_operate.html?command=get_materiel&rest_code=00151&code=00101016051&supplier_code=00100096&order_time=2023-08-24 HTTP/1.1" 200 408
222.69.128.227 - - [24/Aug/2023:08:53:50 +0800] "GET /xingrg/kc/buy/cgsh_order_operate.html?command=get_materiel&rest_code=00149&code=00101008286&supplier_code=00100008&order_time=2023-08-24 HTTP/1.1" 200 408
116.232.195.127 - - [24/Aug/2023:08:53:51 +0800] "GET /xingrg/all/function/internal_message.html?_=1692838350379&CODE_STATE=getMsg HTTP/1.1" 200 27
114.95.241.104 - - [24/Aug/2023:08:53:52 +0800] "GET /xingrg/all/function/internal_message.html?_=1692838432229&CODE_STATE=getMsg HTTP/1.1" 200 27
221.239.167.251 - - [24/Aug/2023:08:53:52 +0800] "GET /xingrg/check_reg.html?_=1692838432095 HTTP/1.1" 200 22
221.239.167.251 - - [24/Aug/2023:08:53:52 +0800] "GET /xingrg/all/function/internal_message.html?_=1692838432092&CODE_STATE=getMsg HTTP/1.1" 200 27
222.70.180.200 - - [24/Aug/2023:08:53:57 +0800] "GET /xingrg/kc/buy/cgsh_order_operate.html?command=get_materiel&rest_code=00111&code=00101016025&supplier_code=00100037&order_time=2023-08-24 HTTP/1.1" 200 408
222.70.173.73 - - [24/Aug/2023:08:54:00 +0800] "GET /xingrg/check_reg.html?_=1692838428053 HTTP/1.1" 200 22
114.95.241.104 - - [24/Aug/2023:08:54:03 +0800] "POST /xingrg/dwr/call/plaincall/AjaxQqpsService.getMaterielByCode.dwr HTTP/1.1" 200 3873
116.232.195.127 - - [24/Aug/2023:08:54:06 +0800] "GET /xingrg/check_reg.html?_=1692838365218 HTTP/1.1" 200 22
222.70.173.73 - - [24/Aug/2023:08:54:10 +0800] "GET /xingrg/all/function/internal_message.html?_=1692838438376&CODE_STATE=getMsg HTTP/1.1" 200 27
222.69.128.227 - - [24/Aug/2023:08:54:17 +0800] "GET /xingrg/all/function/internal_message.html?_=1692838456512&CODE_STATE=getMsg HTTP/1.1" 200 27
180.163.29.79 - - [24/Aug/2023:08:54:19 +0800] "GET /xingrg/all/function/internal_message.html?_=1692838397235&CODE_STATE=getMsg HTTP/1.1" 302 -
180.163.29.79 - - [24/Aug/2023:08:54:19 +0800] "GET /xingrg/login.html HTTP/1.1" 200 7641
124.78.155.92 - - [24/Aug/2023:08:54:19 +0800] "GET /xingrg/all/function/internal_message.html?_=1692838457213&CODE_STATE=getMsg HTTP/1.1" 200 27
120.253.135.82 - - [24/Aug/2023:08:54:22 +0800] "GET /xingrg/all/function/internal_message.html?_=1692838275170&CODE_STATE=getMsg HTTP/1.1" 200 27
222.70.180.200 - - [24/Aug/2023:08:54:27 +0800] "GET /xingrg/all/function/internal_message.html?_=1692838466714&CODE_STATE=getMsg HTTP/1.1" 200 27
180.152.241.196 - - [24/Aug/2023:08:54:29 +0800] "GET /xingrg/all/function/internal_message.html?_=1692838469102&CODE_STATE=getMsg HTTP/1.1" 200 27
222.70.180.200 - - [24/Aug/2023:08:54:31 +0800] "GET /xingrg/kc/buy/cgsh_order_operate.html?command=get_materiel&rest_code=00111&code=00101016057&supplier_code=00100037&order_time=2023-08-24 HTTP/1.1" 200 409
120.253.135.82 - - [24/Aug/2023:08:54:31 +0800] "GET /xingrg/check_reg.html?_=1692838283967 HTTP/1.1" 200 22
101.83.145.37 - - [24/Aug/2023:08:54:32 +0800] "GET /xingrg/all/function/internal_message.html?_=1692838472661&CODE_STATE=getMsg HTTP/1.1" 200 27
222.69.128.227 - - [24/Aug/2023:08:54:36 +0800] "GET /xingrg/kc/buy/cgsh_order_operate.html?command=get_materiel&rest_code=00149&code=00101008131&supplier_code=00100008&order_time=2023-08-24 HTTP/1.1" 200 409
114.95.241.104 - - [24/Aug/2023:08:54:39 +0800] "POST /xingrg/dwr/call/plaincall/AjaxQqpsService.saveMaterielItem.dwr HTTP/1.1" 200 78
114.95.241.104 - - [24/Aug/2023:08:54:42 +0800] "POST /xingrg/dwr/call/plaincall/AjaxQqpsService.checkOrder.dwr HTTP/1.1" 200 78
114.95.241.104 - - [24/Aug/2023:08:54:44 +0800] "GET /xingrg/kc/mdqp/qqps_order_info.html?code=302023082400462 HTTP/1.1" 200 26657
114.95.241.104 - - [24/Aug/2023:08:54:44 +0800] "GET /xingrg/dwr/interface/AjaxComOrderService.js HTTP/1.1" 200 18264
114.95.241.104 - - [24/Aug/2023:08:54:44 +0800] "GET /xingrg/dwr/interface/AjaxQqpsService.js HTTP/1.1" 200 16326
114.95.241.104 - - [24/Aug/2023:08:54:44 +0800] "GET /xingrg/dwr/engine.js HTTP/1.1" 200 43631
114.95.241.104 - - [24/Aug/2023:08:54:45 +0800] "GET /xingrg/all/function/internal_message.html?_=1692838390662&CODE_STATE=getMsg HTTP/1.1" 200 27
114.95.241.104 - - [24/Aug/2023:08:54:45 +0800] "POST /xingrg/dwr/call/plaincall/AjaxQqpsService.loadMaterielItems.dwr HTTP/1.1" 200 377
222.69.128.227 - - [24/Aug/2023:08:54:50 +0800] "GET /xingrg/kc/buy/cgsh_order_operate.html?command=get_materiel&rest_code=00149&code=00101008296&supplier_code=00100008&order_time=2023-08-24 HTTP/1.1" 200 416
116.232.195.127 - - [24/Aug/2023:08:54:51 +0800] "GET /xingrg/all/function/internal_message.html?_=1692838410364&CODE_STATE=getMsg HTTP/1.1" 200 27
114.95.241.104 - - [24/Aug/2023:08:54:52 +0800] "GET /xingrg/all/function/internal_message.html?_=1692838492228&CODE_STATE=getMsg HTTP/1.1" 200 27
221.239.167.251 - - [24/Aug/2023:08:54:52 +0800] "GET /xingrg/all/function/internal_message.html?_=1692838492092&CODE_STATE=getMsg HTTP/1.1" 200 27
222.69.128.227 - - [24/Aug/2023:08:54:56 +0800] "POST /xingrg/kc/buy/cgsh_order_operate.html HTTP/1.1" 200 2065
222.69.128.227 - - [24/Aug/2023:08:55:04 +0800] "GET /xingrg/kc/buy/cgsh_order_operate.html?command=get_materiel&rest_code=00149&code=00101008005&supplier_code=00100008&order_time=2023-08-24 HTTP/1.1" 200 412
222.70.180.200 - - [24/Aug/2023:08:55:09 +0800] "GET /xingrg/kc/buy/cgsh_order_operate.html?command=get_materiel&rest_code=00111&code=00101016100&supplier_code=00100037&order_time=2023-08-24 HTTP/1.1" 200 412
222.70.173.73 - - [24/Aug/2023:08:55:10 +0800] "GET /xingrg/all/function/internal_message.html?_=1692838498390&CODE_STATE=getMsg HTTP/1.1" 200 27
114.95.241.104 - - [24/Aug/2023:08:55:17 +0800] "GET /xingrg/kc/mdqp/qqps_order_list.html?isBack=1 HTTP/1.1" 200 10104
114.95.241.104 - - [24/Aug/2023:08:55:17 +0800] "GET /xingrg/dwr/engine.js HTTP/1.1" 200 43631
114.95.241.104 - - [24/Aug/2023:08:55:17 +0800] "GET /xingrg/dwr/interface/AjaxReportQueryService.js HTTP/1.1" 200 13203
114.95.241.104 - - [24/Aug/2023:08:55:17 +0800] "GET /xingrg/dwr/interface/AjaxQqpsService.js HTTP/1.1" 200 16326
222.69.128.227 - - [24/Aug/2023:08:55:17 +0800] "GET /xingrg/all/function/internal_message.html?_=1692838516516&CODE_STATE=getMsg HTTP/1.1" 200 27
124.78.155.92 - - [24/Aug/2023:08:55:19 +0800] "GET /xingrg/all/function/internal_message.html?_=1692838517185&CODE_STATE=getMsg HTTP/1.1" 200 27
114.95.241.104 - - [24/Aug/2023:08:55:20 +0800] "GET /xingrg/kc/mdqp/qqps_order_info.html?code=302023082400461 HTTP/1.1" 200 26657
114.95.241.104 - - [24/Aug/2023:08:55:20 +0800] "GET /xingrg/dwr/interface/AjaxComOrderService.js HTTP/1.1" 200 18264
114.95.241.104 - - [24/Aug/2023:08:55:20 +0800] "GET /xingrg/dwr/interface/AjaxQqpsService.js HTTP/1.1" 200 16326
114.95.241.104 - - [24/Aug/2023:08:55:20 +0800] "GET /xingrg/dwr/engine.js HTTP/1.1" 200 43631
114.95.241.104 - - [24/Aug/2023:08:55:21 +0800] "POST /xingrg/dwr/call/plaincall/AjaxQqpsService.loadMaterielItems.dwr HTTP/1.1" 200 8239
114.95.241.104 - - [24/Aug/2023:08:55:21 +0800] "GET /xingrg/images/yd/bt.gif HTTP/1.1" 404 1040
114.95.241.104 - - [24/Aug/2023:08:55:21 +0800] "GET /xingrg/images/yd/bt2.gif HTTP/1.1" 404 1042
222.69.128.227 - - [24/Aug/2023:08:55:21 +0800] "GET /xingrg/kc/buy/cgsh_order_operate.html?command=get_materiel&rest_code=00149&code=00101008353&supplier_code=00100008&order_time=2023-08-24 HTTP/1.1" 200 408
120.253.135.82 - - [24/Aug/2023:08:55:22 +0800] "GET /xingrg/all/function/internal_message.html?_=1692838335182&CODE_STATE=getMsg HTTP/1.1" 200 27
114.95.241.104 - - [24/Aug/2023:08:55:24 +0800] "POST /xingrg/dwr/call/plaincall/AjaxQqpsService.uncheckOrder.dwr HTTP/1.1" 200 78
114.95.241.104 - - [24/Aug/2023:08:55:25 +0800] "GET /xingrg/kc/buy/cgsh_order_operate.html?command=get_materiel&rest_code=00151&code=00101006372&supplier_code=00100096&order_time=2023-08-24 HTTP/1.1" 200 407
114.95.241.104 - - [24/Aug/2023:08:55:25 +0800] "GET /xingrg/kc/mdqp/qqps_order_info.html?code=302023082400461 HTTP/1.1" 200 28412
114.95.241.104 - - [24/Aug/2023:08:55:25 +0800] "GET /xingrg/css/blue.css HTTP/1.1" 304 -
114.95.241.104 - - [24/Aug/2023:08:55:25 +0800] "GET /xingrg/javascript/jquery_easy_ui/themes/icon.css HTTP/1.1" 304 -
114.95.241.104 - - [24/Aug/2023:08:55:25 +0800] "GET /xingrg/javascript/jquery-1.4.2.min.js HTTP/1.1" 304 -
114.95.241.104 - - [24/Aug/2023:08:55:25 +0800] "GET /xingrg/dwr/interface/AjaxQqpsService.js HTTP/1.1" 200 16326
114.95.241.104 - - [24/Aug/2023:08:55:25 +0800] "GET /xingrg/javascript/pic_change.js HTTP/1.1" 304 -
114.95.241.104 - - [24/Aug/2023:08:55:25 +0800] "GET /xingrg/javascript/auto/jquery.autocomplete.css HTTP/1.1" 304 -
114.95.241.104 - - [24/Aug/2023:08:55:25 +0800] "GET /xingrg/javascript/jquery.utils.js HTTP/1.1" 304 -
114.95.241.104 - - [24/Aug/2023:08:55:25 +0800] "GET /xingrg/dwr/interface/AjaxComOrderService.js HTTP/1.1" 200 18264
114.95.241.104 - - [24/Aug/2023:08:55:25 +0800] "GET /xingrg/javascript/tools/jquery.qtip-1.0.0-rc3.min.js HTTP/1.1" 304 -
114.95.241.104 - - [24/Aug/2023:08:55:25 +0800] "GET /xingrg/javascript/jquery_easy_ui/jquery.easyui.min.js HTTP/1.1" 304 -
114.95.241.104 - - [24/Aug/2023:08:55:25 +0800] "GET /xingrg/javascript/jquery_easy_ui/easyui-lang-zh_CN.js HTTP/1.1" 304 -
114.95.241.104 - - [24/Aug/2023:08:55:25 +0800] "GET /xingrg/javascript/Calendar.js HTTP/1.1" 304 -
114.95.241.104 - - [24/Aug/2023:08:55:25 +0800] "GET /xingrg/javascript/auto/jquery.autocomplete.js HTTP/1.1" 304 -
114.95.241.104 - - [24/Aug/2023:08:55:25 +0800] "GET /xingrg/javascript/Grid.js HTTP/1.1" 304 -
114.95.241.104 - - [24/Aug/2023:08:55:25 +0800] "GET /xingrg/javascript/AjaxInfoList.js HTTP/1.1" 304 -
114.95.241.104 - - [24/Aug/2023:08:55:25 +0800] "GET /xingrg/dwr/util.js HTTP/1.1" 304 -
114.95.241.104 - - [24/Aug/2023:08:55:25 +0800] "GET /xingrg/javascript/myfunction.js HTTP/1.1" 304 -
114.95.241.104 - - [24/Aug/2023:08:55:25 +0800] "GET /xingrg/dwr/engine.js HTTP/1.1" 200 43631
114.95.241.104 - - [24/Aug/2023:08:55:25 +0800] "GET /xingrg/javascript/print/kc_print.js HTTP/1.1" 304 -
114.95.241.104 - - [24/Aug/2023:08:55:25 +0800] "GET /xingrg/javascript/ToolTips.js HTTP/1.1" 304 -
114.95.241.104 - - [24/Aug/2023:08:55:25 +0800] "GET /xingrg/javascript/print/LodopFuncs.js HTTP/1.1" 304 -
114.95.241.104 - - [24/Aug/2023:08:55:25 +0800] "GET /xingrg/javascript/jquery_easy_ui/themes/default/easyui.css HTTP/1.1" 304 -
114.95.241.104 - - [24/Aug/2023:08:55:26 +0800] "GET /xingrg/words/20230823115925_words.js HTTP/1.1" 304 -
114.95.241.104 - - [24/Aug/2023:08:55:26 +0800] "GET /xingrg/javascript/jquery_easy_ui/themes/icons/copy_new.png HTTP/1.1" 304 -
114.95.241.104 - - [24/Aug/2023:08:55:26 +0800] "GET /xingrg/javascript/jquery_easy_ui/themes/icons/template_new.png HTTP/1.1" 304 -
114.95.241.104 - - [24/Aug/2023:08:55:26 +0800] "GET /xingrg/javascript/jquery_easy_ui/themes/icons/edit_add_new.png HTTP/1.1" 304 -
114.95.241.104 - - [24/Aug/2023:08:55:26 +0800] "GET /xingrg/javascript/jquery_easy_ui/themes/icons/cance_new.png HTTP/1.1" 304 -
114.95.241.104 - - [24/Aug/2023:08:55:26 +0800] "GET /xingrg/javascript/jquery_easy_ui/themes/icons/ok.png HTTP/1.1" 304 -
114.95.241.104 - - [24/Aug/2023:08:55:26 +0800] "GET /xingrg/javascript/jquery_easy_ui/themes/icons/check_new.png HTTP/1.1" 304 -
114.95.241.104 - - [24/Aug/2023:08:55:26 +0800] "GET /xingrg/javascript/jquery_easy_ui/themes/icons/back_new.png HTTP/1.1" 304 -
114.95.241.104 - - [24/Aug/2023:08:55:26 +0800] "GET /xingrg/javascript/jquery_easy_ui/themes/icons/print.png HTTP/1.1" 304 -
114.95.241.104 - - [24/Aug/2023:08:55:26 +0800] "GET /xingrg/javascript/jquery_easy_ui/themes/default/images/menu_downarrow.png HTTP/1.1" 304 -
114.95.241.104 - - [24/Aug/2023:08:55:26 +0800] "GET /xingrg/javascript/jquery_easy_ui/themes/default/images/combo_arrow_dot.gif HTTP/1.1" 304 -
114.95.241.104 - - [24/Aug/2023:08:55:26 +0800] "GET /xingrg/images/blue/button/kc_tab_add.gif HTTP/1.1" 304 -
114.95.241.104 - - [24/Aug/2023:08:55:26 +0800] "GET /xingrg/images/blue/button/kc_tab_del.gif HTTP/1.1" 304 -
114.95.241.104 - - [24/Aug/2023:08:55:26 +0800] "GET /xingrg/images/blue/kc_tab_mid.gif HTTP/1.1" 304 -
114.95.241.104 - - [24/Aug/2023:08:55:26 +0800] "GET /xingrg/images/blue/button/kc_tab_save.gif HTTP/1.1" 304 -
114.95.241.104 - - [24/Aug/2023:08:55:26 +0800] "GET /xingrg/images/blue/kc_tab_left.gif HTTP/1.1" 304 -
114.95.241.104 - - [24/Aug/2023:08:55:26 +0800] "GET /xingrg/images/blue/button/kc_tab_edit.gif HTTP/1.1" 304 -
114.95.241.104 - - [24/Aug/2023:08:55:26 +0800] "GET /xingrg/images/blue/kc_tab2_left.gif HTTP/1.1" 304 -
114.95.241.104 - - [24/Aug/2023:08:55:26 +0800] "GET /xingrg/images/blue/kc_tab2_right.gif HTTP/1.1" 304 -
114.95.241.104 - - [24/Aug/2023:08:55:26 +0800] "GET /xingrg/images/blue/kc_tab_right.gif HTTP/1.1" 304 -
114.95.241.104 - - [24/Aug/2023:08:55:26 +0800] "GET /xingrg/images/blue/wait.gif HTTP/1.1" 304 -
114.95.241.104 - - [24/Aug/2023:08:55:26 +0800] "POST /xingrg/dwr/call/plaincall/AjaxQqpsService.loadMaterielItems.dwr HTTP/1.1" 200 8239
222.70.180.200 - - [24/Aug/2023:08:55:27 +0800] "GET /xingrg/all/function/internal_message.html?_=1692838526738&CODE_STATE=getMsg HTTP/1.1" 200 27
180.152.241.196 - - [24/Aug/2023:08:55:29 +0800] "GET /xingrg/check_reg.html?_=1692838529092 HTTP/1.1" 200 22
180.152.241.196 - - [24/Aug/2023:08:55:29 +0800] "GET /xingrg/all/function/internal_message.html?_=1692838529095&CODE_STATE=getMsg HTTP/1.1" 200 27
114.95.241.104 - - [24/Aug/2023:08:55:31 +0800] "GET /xingrg/javascript/auto/indicator.gif HTTP/1.1" 404 1066
101.83.145.37 - - [24/Aug/2023:08:55:32 +0800] "GET /xingrg/all/function/internal_message.html?_=1692838532662&CODE_STATE=getMsg HTTP/1.1" 200 27
114.95.241.104 - - [24/Aug/2023:08:55:32 +0800] "POST /xingrg/dwr/call/plaincall/AjaxQqpsService.getMaterielByCode.dwr HTTP/1.1" 200 3903
222.70.180.200 - - [24/Aug/2023:08:55:38 +0800] "GET /xingrg/kc/buy/cgsh_order_operate.html?command=get_materiel&rest_code=00111&code=00101006184&supplier_code=00100037&order_time=2023-08-24 HTTP/1.1" 200 408
222.69.128.227 - - [24/Aug/2023:08:55:38 +0800] "GET /xingrg/kc/buy/cgsh_order_operate.html?command=get_materiel&rest_code=00149&code=00101008213&supplier_code=00100008&order_time=2023-08-24 HTTP/1.1" 200 412
114.95.241.104 - - [24/Aug/2023:08:55:45 +0800] "GET /xingrg/all/function/internal_message.html?_=1692838450664&CODE_STATE=getMsg HTTP/1.1" 200 27
114.95.241.104 - - [24/Aug/2023:08:55:45 +0800] "GET /xingrg/images/yd/bt.gif HTTP/1.1" 404 1040
114.95.241.104 - - [24/Aug/2023:08:55:45 +0800] "GET /xingrg/images/yd/bt2.gif HTTP/1.1" 404 1042
116.232.195.127 - - [24/Aug/2023:08:55:51 +0800] "GET /xingrg/all/function/internal_message.html?_=1692838470347&CODE_STATE=getMsg HTTP/1.1" 200 27
114.95.241.104 - - [24/Aug/2023:08:55:52 +0800] "POST /xingrg/dwr/call/plaincall/AjaxQqpsService.saveMaterielItem.dwr HTTP/1.1" 200 78
114.95.241.104 - - [24/Aug/2023:08:55:52 +0800] "GET /xingrg/all/function/internal_message.html?_=1692838552244&CODE_STATE=getMsg HTTP/1.1" 200 27
221.239.167.251 - - [24/Aug/2023:08:55:52 +0800] "GET /xingrg/all/function/internal_message.html?_=1692838552092&CODE_STATE=getMsg HTTP/1.1" 200 27
180.152.241.196 - - [24/Aug/2023:08:55:56 +0800] "POST /xingrg/services/DataTransmitService HTTP/1.1" 200 524
222.69.128.227 - - [24/Aug/2023:08:55:58 +0800] "GET /xingrg/kc/buy/cgsh_order_operate.html?command=get_materiel&rest_code=00149&code=00101008095&supplier_code=00100008&order_time=2023-08-24 HTTP/1.1" 200 412
222.70.180.200 - - [24/Aug/2023:08:56:00 +0800] "GET /xingrg/kc/buy/cgsh_order_operate.html?command=get_materiel&rest_code=00111&code=00101007109&supplier_code=00100037&order_time=2023-08-24 HTTP/1.1" 200 408
114.95.241.104 - - [24/Aug/2023:08:56:08 +0800] "GET /xingrg/images/yd/bt2.gif HTTP/1.1" 404 1042
222.70.173.73 - - [24/Aug/2023:08:56:10 +0800] "GET /xingrg/all/function/internal_message.html?_=1692838558534&CODE_STATE=getMsg HTTP/1.1" 200 27
222.69.128.227 - - [24/Aug/2023:08:56:11 +0800] "GET /xingrg/kc/buy/cgsh_order_operate.html?command=get_materiel&rest_code=00149&code=00101008674&supplier_code=00100008&order_time=2023-08-24 HTTP/1.1" 200 412
114.95.241.104 - - [24/Aug/2023:08:56:12 +0800] "POST /xingrg/dwr/call/plaincall/AjaxQqpsService.checkOrder.dwr HTTP/1.1" 200 78
114.95.241.104 - - [24/Aug/2023:08:56:13 +0800] "GET /xingrg/kc/mdqp/qqps_order_info.html?code=302023082400461 HTTP/1.1" 200 26657
114.95.241.104 - - [24/Aug/2023:08:56:13 +0800] "GET /xingrg/dwr/interface/AjaxComOrderService.js HTTP/1.1" 200 18264
114.95.241.104 - - [24/Aug/2023:08:56:13 +0800] "GET /xingrg/dwr/interface/AjaxQqpsService.js HTTP/1.1" 200 16326
114.95.241.104 - - [24/Aug/2023:08:56:13 +0800] "GET /xingrg/dwr/engine.js HTTP/1.1" 200 43631
114.95.241.104 - - [24/Aug/2023:08:56:14 +0800] "POST /xingrg/dwr/call/plaincall/AjaxQqpsService.loadMaterielItems.dwr HTTP/1.1" 200 8543
114.95.241.104 - - [24/Aug/2023:08:56:15 +0800] "GET /xingrg/images/yd/bt.gif HTTP/1.1" 404 1040
222.69.128.227 - - [24/Aug/2023:08:56:16 +0800] "POST /xingrg/kc/buy/cgsh_order_operate.html HTTP/1.1" 200 2065
222.69.128.227 - - [24/Aug/2023:08:56:17 +0800] "GET /xingrg/all/function/internal_message.html?_=1692838576589&CODE_STATE=getMsg HTTP/1.1" 200 27
222.69.128.227 - - [24/Aug/2023:08:56:17 +0800] "GET /xingrg/check_reg.html?_=1692838576590 HTTP/1.1" 200 22
114.95.241.104 - - [24/Aug/2023:08:56:19 +0800] "GET /xingrg/kc/buy/cgsh_order_operate.html?command=get_materiel&rest_code=00151&code=00101006112&supplier_code=00100096&order_time=2023-08-24 HTTP/1.1" 200 411
114.95.241.104 - - [24/Aug/2023:08:56:19 +0800] "GET /xingrg/kc/mdqp/qqps_order_list.html?isBack=1 HTTP/1.1" 200 10104
114.95.241.104 - - [24/Aug/2023:08:56:19 +0800] "GET /xingrg/dwr/interface/AjaxReportQueryService.js HTTP/1.1" 200 13203
114.95.241.104 - - [24/Aug/2023:08:56:19 +0800] "GET /xingrg/dwr/interface/AjaxQqpsService.js HTTP/1.1" 200 16326
114.95.241.104 - - [24/Aug/2023:08:56:19 +0800] "GET /xingrg/dwr/engine.js HTTP/1.1" 200 43631
124.78.155.92 - - [24/Aug/2023:08:56:19 +0800] "GET /xingrg/all/function/internal_message.html?_=1692838577157&CODE_STATE=getMsg HTTP/1.1" 200 27
120.253.135.82 - - [24/Aug/2023:08:56:22 +0800] "GET /xingrg/all/function/internal_message.html?_=1692838395195&CODE_STATE=getMsg HTTP/1.1" 200 27
222.69.128.227 - - [24/Aug/2023:08:56:25 +0800] "GET /xingrg/kc/buy/cgsh_order_operate.html?command=get_materiel&rest_code=00149&code=00101008167&supplier_code=00100008&order_time=2023-08-24 HTTP/1.1" 200 412
222.70.180.200 - - [24/Aug/2023:08:56:27 +0800] "GET /xingrg/all/function/internal_message.html?_=1692838586700&CODE_STATE=getMsg HTTP/1.1" 200 27
180.152.241.196 - - [24/Aug/2023:08:56:29 +0800] "GET /xingrg/all/function/internal_message.html?_=1692838589097&CODE_STATE=getMsg HTTP/1.1" 200 27
101.83.145.37 - - [24/Aug/2023:08:56:32 +0800] "GET /xingrg/all/function/internal_message.html?_=1692838592661&CODE_STATE=getMsg HTTP/1.1" 200 27
222.69.128.227 - - [24/Aug/2023:08:56:34 +0800] "GET /xingrg/kc/buy/cgsh_order_operate.html?command=get_materiel&rest_code=00149&code=00101008589&supplier_code=00100008&order_time=2023-08-24 HTTP/1.1" 200 409
114.95.241.104 - - [24/Aug/2023:08:56:45 +0800] "GET /xingrg/all/function/internal_message.html?_=1692838510691&CODE_STATE=getMsg HTTP/1.1" 200 27
222.69.128.227 - - [24/Aug/2023:08:56:47 +0800] "GET /xingrg/kc/buy/cgsh_order_operate.html?command=get_materiel&rest_code=00149&code=00101008706&supplier_code=00100008&order_time=2023-08-24 HTTP/1.1" 200 413
116.232.195.127 - - [24/Aug/2023:08:56:51 +0800] "GET /xingrg/all/function/internal_message.html?_=1692838530318&CODE_STATE=getMsg HTTP/1.1" 200 27
221.239.167.251 - - [24/Aug/2023:08:56:53 +0800] "GET /xingrg/all/function/internal_message.html?_=1692838612118&CODE_STATE=getMsg HTTP/1.1" 200 27
222.69.128.227 - - [24/Aug/2023:08:56:59 +0800] "GET /xingrg/kc/buy/cgsh_order_operate.html?command=get_materiel&rest_code=00149&code=00101008060&supplier_code=00100008&order_time=2023-08-24 HTTP/1.1" 200 416
222.70.173.73 - - [24/Aug/2023:08:57:10 +0800] "GET /xingrg/all/function/internal_message.html?_=1692838618542&CODE_STATE=getMsg HTTP/1.1" 200 27
222.69.128.227 - - [24/Aug/2023:08:57:13 +0800] "GET /xingrg/kc/buy/cgsh_order_operate.html?command=get_materiel&rest_code=00149&code=00101009011&supplier_code=00100008&order_time=2023-08-24 HTTP/1.1" 200 416
222.69.128.227 - - [24/Aug/2023:08:57:17 +0800] "GET /xingrg/all/function/internal_message.html?_=1692838636564&CODE_STATE=getMsg HTTP/1.1" 200 27
114.95.241.104 - - [24/Aug/2023:08:57:19 +0800] "POST /xingrg/kc/buy/cgsh_order_operate.html HTTP/1.1" 200 37
124.78.155.92 - - [24/Aug/2023:08:57:19 +0800] "GET /xingrg/all/function/internal_message.html?_=1692838637128&CODE_STATE=getMsg HTTP/1.1" 200 27
222.69.128.227 - - [24/Aug/2023:08:57:19 +0800] "POST /xingrg/kc/buy/cgsh_order_operate.html HTTP/1.1" 200 2065
120.253.135.82 - - [24/Aug/2023:08:57:23 +0800] "GET /xingrg/all/function/internal_message.html?_=1692838455405&CODE_STATE=getMsg HTTP/1.1" 200 27
222.69.128.227 - - [24/Aug/2023:08:57:25 +0800] "GET /xingrg/kc/buy/cgsh_order_operate.html?command=get_materiel&rest_code=00149&code=00101009015&supplier_code=00100008&order_time=2023-08-24 HTTP/1.1" 200 416
114.95.241.104 - - [24/Aug/2023:08:57:26 +0800] "POST /xingrg/kc/buy/cgsh_order_operate.html HTTP/1.1" 200 12
222.70.180.200 - - [24/Aug/2023:08:57:27 +0800] "GET /xingrg/all/function/internal_message.html?_=1692838646694&CODE_STATE=getMsg HTTP/1.1" 200 27
114.95.241.104 - - [24/Aug/2023:08:57:28 +0800] "GET /xingrg/kc/buy/cgsh_order_info.html?code=212023082409559 HTTP/1.1" 200 66513
114.95.241.104 - - [24/Aug/2023:08:57:29 +0800] "GET /xingrg/javascript/easyui/themes/default/validatebox.css HTTP/1.1" 404 1104
180.152.241.196 - - [24/Aug/2023:08:57:29 +0800] "GET /xingrg/all/function/internal_message.html?_=1692838649092&CODE_STATE=getMsg HTTP/1.1" 200 27
114.95.241.104 - - [24/Aug/2023:08:57:30 +0800] "POST /xingrg/kc/buy/cgsh_order_operate.html HTTP/1.1" 200 3598
101.83.145.37 - - [24/Aug/2023:08:57:32 +0800] "GET /xingrg/all/function/internal_message.html?_=1692838652667&CODE_STATE=getMsg HTTP/1.1" 200 27
101.83.145.37 - - [24/Aug/2023:08:57:32 +0800] "GET /xingrg/check_reg.html?_=1692838652672 HTTP/1.1" 200 22
114.95.241.104 - - [24/Aug/2023:08:57:32 +0800] "GET /xingrg/kc/print/load_data.html?order_code=212023082409559&kc_code=cgsh&condition= HTTP/1.1" 200 1834
222.69.128.227 - - [24/Aug/2023:08:57:37 +0800] "GET /xingrg/kc/buy/cgsh_order_operate.html?command=get_materiel&rest_code=00149&code=00101008314&supplier_code=00100008&order_time=2023-08-24 HTTP/1.1" 200 413
114.95.241.104 - - [24/Aug/2023:08:57:45 +0800] "GET /xingrg/all/function/internal_message.html?_=1692838570707&CODE_STATE=getMsg HTTP/1.1" 200 27
222.70.180.200 - - [24/Aug/2023:08:57:47 +0800] "POST /xingrg/kc/buy/cgsh_order_operate.html HTTP/1.1" 200 37
222.69.128.227 - - [24/Aug/2023:08:57:50 +0800] "GET /xingrg/kc/buy/cgsh_order_operate.html?command=get_materiel&rest_code=00149&code=00101009113&supplier_code=00100008&order_time=2023-08-24 HTTP/1.1" 200 412
222.70.180.200 - - [24/Aug/2023:08:57:51 +0800] "POST /xingrg/kc/buy/cgsh_order_operate.html HTTP/1.1" 200 7948
116.232.195.127 - - [24/Aug/2023:08:57:51 +0800] "GET /xingrg/all/function/internal_message.html?_=1692838590312&CODE_STATE=getMsg HTTP/1.1" 200 27
114.95.241.104 - - [24/Aug/2023:08:57:52 +0800] "GET /xingrg/check_reg.html?_=1692838672233 HTTP/1.1" 200 22
114.95.241.104 - - [24/Aug/2023:08:57:52 +0800] "GET /xingrg/all/function/internal_message.html?_=1692838672250&CODE_STATE=getMsg HTTP/1.1" 200 27
221.239.167.251 - - [24/Aug/2023:08:57:52 +0800] "GET /xingrg/all/function/internal_message.html?_=1692838672113&CODE_STATE=getMsg HTTP/1.1" 200 27
222.70.180.200 - - [24/Aug/2023:08:57:54 +0800] "GET /xingrg/kc/print/load_data.html?order_code=212023082409560&kc_code=cgsh&condition= HTTP/1.1" 200 2697
222.67.237.86 - - [24/Aug/2023:08:57:59 +0800] "POST /xingrg/services/DataTransmitService HTTP/1.1" 200 524
222.70.173.73 - - [24/Aug/2023:08:58:10 +0800] "GET /xingrg/all/function/internal_message.html?_=1692838678662&CODE_STATE=getMsg HTTP/1.1" 200 27
222.70.180.200 - - [24/Aug/2023:08:58:15 +0800] "GET /xingrg/kc/buy/cgsh_order_add.html HTTP/1.1" 200 71966
222.70.180.200 - - [24/Aug/2023:08:58:16 +0800] "POST /xingrg/kc/buy/cgsh_order_operate.html HTTP/1.1" 200 8245
222.70.180.200 - - [24/Aug/2023:08:58:16 +0800] "GET /xingrg/javascript/easyui/themes/default/validatebox.css HTTP/1.1" 404 1104
114.95.241.104 - - [24/Aug/2023:08:58:17 +0800] "POST /xingrg/services/DataTransmitService HTTP/1.1" 200 524
222.69.128.227 - - [24/Aug/2023:08:58:19 +0800] "GET /xingrg/all/function/internal_message.html?_=1692838698321&CODE_STATE=getMsg HTTP/1.1" 200 27
124.78.155.92 - - [24/Aug/2023:08:58:19 +0800] "GET /xingrg/all/function/internal_message.html?_=1692838697114&CODE_STATE=getMsg HTTP/1.1" 200 27
124.78.155.92 - - [24/Aug/2023:08:58:20 +0800] "GET /xingrg/check_reg.html?_=1692838697416 HTTP/1.1" 200 22
120.253.135.82 - - [24/Aug/2023:08:58:23 +0800] "GET /xingrg/all/function/internal_message.html?_=1692838515410&CODE_STATE=getMsg HTTP/1.1" 200 27
116.235.94.33 - - [24/Aug/2023:08:58:23 +0800] "GET /xingrg/login.html HTTP/1.1" 200 7641
116.235.94.33 - - [24/Aug/2023:08:58:26 +0800] "GET /favicon.ico HTTP/1.1" 404 -
222.70.180.200 - - [24/Aug/2023:08:58:27 +0800] "GET /xingrg/all/function/internal_message.html?_=1692838706727&CODE_STATE=getMsg HTTP/1.1" 200 27
222.70.180.200 - - [24/Aug/2023:08:58:27 +0800] "GET /xingrg/check_reg.html?_=1692838706737 HTTP/1.1" 200 22
180.152.241.196 - - [24/Aug/2023:08:58:29 +0800] "GET /xingrg/all/function/internal_message.html?_=1692838709082&CODE_STATE=getMsg HTTP/1.1" 200 27
222.69.128.227 - - [24/Aug/2023:08:58:30 +0800] "POST /xingrg/kc/buy/cgsh_order_operate.html HTTP/1.1" 200 37
101.83.145.37 - - [24/Aug/2023:08:58:32 +0800] "GET /xingrg/all/function/internal_message.html?_=1692838712670&CODE_STATE=getMsg HTTP/1.1" 200 27
222.69.128.227 - - [24/Aug/2023:08:58:43 +0800] "POST /xingrg/kc/buy/cgsh_order_operate.html HTTP/1.1" 200 12
114.95.241.104 - - [24/Aug/2023:08:58:44 +0800] "GET /xingrg/check_reg.html?_=1692838630266 HTTP/1.1" 200 22
114.95.241.104 - - [24/Aug/2023:08:58:45 +0800] "GET /xingrg/all/function/internal_message.html?_=1692838630720&CODE_STATE=getMsg HTTP/1.1" 200 27
222.69.128.227 - - [24/Aug/2023:08:58:46 +0800] "GET /xingrg/kc/buy/cgsh_order_info.html?code=212023082409561 HTTP/1.1" 200 67013
222.69.128.227 - - [24/Aug/2023:08:58:46 +0800] "GET /xingrg/javascript/easyui/themes/default/validatebox.css HTTP/1.1" 404 1104
222.69.128.227 - - [24/Aug/2023:08:58:48 +0800] "POST /xingrg/kc/buy/cgsh_order_operate.html HTTP/1.1" 200 28430
116.232.195.127 - - [24/Aug/2023:08:58:51 +0800] "GET /xingrg/all/function/internal_message.html?_=1692838650281&CODE_STATE=getMsg HTTP/1.1" 200 27
114.95.241.104 - - [24/Aug/2023:08:58:52 +0800] "GET /xingrg/all/function/internal_message.html?_=1692838732224&CODE_STATE=getMsg HTTP/1.1" 200 27
222.70.180.200 - - [24/Aug/2023:08:58:52 +0800] "GET /xingrg/kc/buy/cgsh_order_operate.html?command=get_materiel&rest_code=00111&code=00101008403&supplier_code=00100005&order_time=2023-08-24 HTTP/1.1" 200 412
221.239.167.251 - - [24/Aug/2023:08:58:52 +0800] "GET /xingrg/all/function/internal_message.html?_=1692838732111&CODE_STATE=getMsg HTTP/1.1" 200 27
221.239.167.251 - - [24/Aug/2023:08:58:52 +0800] "GET /xingrg/check_reg.html?_=1692838732097 HTTP/1.1" 200 22
222.70.173.73 - - [24/Aug/2023:08:59:00 +0800] "GET /xingrg/check_reg.html?_=1692838728054 HTTP/1.1" 200 22
116.232.195.127 - - [24/Aug/2023:08:59:06 +0800] "GET /xingrg/check_reg.html?_=1692838665194 HTTP/1.1" 200 22
222.70.173.73 - - [24/Aug/2023:08:59:10 +0800] "GET /xingrg/all/function/internal_message.html?_=1692838738663&CODE_STATE=getMsg HTTP/1.1" 200 27
222.69.128.227 - - [24/Aug/2023:08:59:19 +0800] "GET /xingrg/all/function/internal_message.html?_=1692838758302&CODE_STATE=getMsg HTTP/1.1" 200 27
124.78.155.92 - - [24/Aug/2023:08:59:19 +0800] "GET /xingrg/all/function/internal_message.html?_=1692838757090&CODE_STATE=getMsg HTTP/1.1" 200 27
180.163.29.212 - - [24/Aug/2023:08:59:20 +0800] "GET /xingrg/check_reg.html?_=1692838697416 HTTP/1.1" 302 -
180.163.29.212 - - [24/Aug/2023:08:59:20 +0800] "GET /xingrg/login.html HTTP/1.1" 200 7641
222.69.128.227 - - [24/Aug/2023:08:59:22 +0800] "GET /xingrg/kc/print/load_config.html?kc_code=cgsh HTTP/1.1" 200 1924
222.69.128.227 - - [24/Aug/2023:08:59:22 +0800] "GET /xingrg/kc/print/load_data.html?order_code=212023082409561&kc_code=cgsh&condition= HTTP/1.1" 200 11260
120.253.135.82 - - [24/Aug/2023:08:59:23 +0800] "GET /xingrg/all/function/internal_message.html?_=1692838575631&CODE_STATE=getMsg HTTP/1.1" 200 27
222.70.180.200 - - [24/Aug/2023:08:59:27 +0800] "GET /xingrg/all/function/internal_message.html?_=1692838766725&CODE_STATE=getMsg HTTP/1.1" 200 27
222.69.128.227 - - [24/Aug/2023:08:59:28 +0800] "GET /xingrg/kc/buy/cgsh_order_add.html HTTP/1.1" 200 72104
222.69.128.227 - - [24/Aug/2023:08:59:28 +0800] "POST /xingrg/kc/buy/cgsh_order_operate.html HTTP/1.1" 200 8245
222.69.128.227 - - [24/Aug/2023:08:59:28 +0800] "GET /xingrg/javascript/easyui/themes/default/validatebox.css HTTP/1.1" 404 1104
180.152.241.196 - - [24/Aug/2023:08:59:29 +0800] "GET /xingrg/all/function/internal_message.html?_=1692838769096&CODE_STATE=getMsg HTTP/1.1" 200 27
120.253.135.82 - - [24/Aug/2023:08:59:31 +0800] "GET /xingrg/check_reg.html?_=1692838583977 HTTP/1.1" 200 22
101.83.145.37 - - [24/Aug/2023:08:59:32 +0800] "GET /xingrg/all/function/internal_message.html?_=1692838772664&CODE_STATE=getMsg HTTP/1.1" 200 27
114.95.241.104 - - [24/Aug/2023:08:59:45 +0800] "GET /xingrg/all/function/internal_message.html?_=1692838690734&CODE_STATE=getMsg HTTP/1.1" 200 27
116.232.195.127 - - [24/Aug/2023:08:59:51 +0800] "GET /xingrg/all/function/internal_message.html?_=1692838710274&CODE_STATE=getMsg HTTP/1.1" 200 27
114.95.241.104 - - [24/Aug/2023:08:59:52 +0800] "GET /xingrg/all/function/internal_message.html?_=1692838792208&CODE_STATE=getMsg HTTP/1.1" 200 27
222.70.180.200 - - [24/Aug/2023:08:59:52 +0800] "GET /xingrg/kc/buy/cgsh_order_operate.html?command=get_materiel&rest_code=00111&code=00101008108&supplier_code=00100005&order_time=2023-08-24 HTTP/1.1" 200 412
221.239.167.251 - - [24/Aug/2023:08:59:52 +0800] "GET /xingrg/all/function/internal_message.html?_=1692838792096&CODE_STATE=getMsg HTTP/1.1" 200 27
222.70.173.73 - - [24/Aug/2023:09:00:11 +0800] "GET /xingrg/all/function/internal_message.html?_=1692838798677&CODE_STATE=getMsg HTTP/1.1" 200 27
222.70.180.200 - - [24/Aug/2023:09:00:11 +0800] "GET /xingrg/kc/buy/cgsh_order_operate.html?command=get_materiel&rest_code=00111&code=00101008353&supplier_code=00100005&order_time=2023-08-24 HTTP/1.1" 200 408
101.83.145.37 - - [24/Aug/2023:09:00:13 +0800] "GET /xingrg/kc/buy/cgsh_order_operate.html?command=get_materiel&rest_code=00105&code=00101008257&supplier_code=00100203&order_time=2023-08-24 HTTP/1.1" 200 416
222.69.128.227 - - [24/Aug/2023:09:00:19 +0800] "GET /xingrg/all/function/internal_message.html?_=1692838818284&CODE_STATE=getMsg HTTP/1.1" 200 27
124.78.155.92 - - [24/Aug/2023:09:00:19 +0800] "GET /xingrg/all/function/internal_message.html?_=1692838817066&CODE_STATE=getMsg HTTP/1.1" 200 27
120.253.135.82 - - [24/Aug/2023:09:00:23 +0800] "GET /xingrg/all/function/internal_message.html?_=1692838635641&CODE_STATE=getMsg HTTP/1.1" 200 27
222.70.180.200 - - [24/Aug/2023:09:00:27 +0800] "GET /xingrg/all/function/internal_message.html?_=1692838826722&CODE_STATE=getMsg HTTP/1.1" 200 27
180.152.241.196 - - [24/Aug/2023:09:00:29 +0800] "GET /xingrg/check_reg.html?_=1692838829096 HTTP/1.1" 200 22
180.152.241.196 - - [24/Aug/2023:09:00:29 +0800] "GET /xingrg/all/function/internal_message.html?_=1692838829099&CODE_STATE=getMsg HTTP/1.1" 200 27
222.70.180.200 - - [24/Aug/2023:09:00:30 +0800] "GET /xingrg/kc/buy/cgsh_order_operate.html?command=get_materiel&rest_code=00111&code=00101008370&supplier_code=00100005&order_time=2023-08-24 HTTP/1.1" 200 414
101.83.145.37 - - [24/Aug/2023:09:00:32 +0800] "GET /xingrg/all/function/internal_message.html?_=1692838832728&CODE_STATE=getMsg HTTP/1.1" 200 27
114.95.241.104 - - [24/Aug/2023:09:00:45 +0800] "GET /xingrg/all/function/internal_message.html?_=1692838750747&CODE_STATE=getMsg HTTP/1.1" 200 27
116.232.195.127 - - [24/Aug/2023:09:00:51 +0800] "GET /xingrg/all/function/internal_message.html?_=1692838770262&CODE_STATE=getMsg HTTP/1.1" 200 27
114.95.241.104 - - [24/Aug/2023:09:00:52 +0800] "GET /xingrg/all/function/internal_message.html?_=1692838852188&CODE_STATE=getMsg HTTP/1.1" 200 27
221.239.167.251 - - [24/Aug/2023:09:00:52 +0800] "GET /xingrg/all/function/internal_message.html?_=1692838852103&CODE_STATE=getMsg HTTP/1.1" 200 27
222.70.180.200 - - [24/Aug/2023:09:01:02 +0800] "GET /xingrg/kc/buy/cgsh_order_operate.html?command=get_materiel&rest_code=00111&code=00101008126&supplier_code=00100005&order_time=2023-08-24 HTTP/1.1" 200 412
