101.83.145.37 - - [24/Aug/2023:09:22:24 +0800] "POST /xingrg/kc/buy/cgsh_list_operate.html HTTP/1.1" 200 1883
120.253.135.82 - - [24/Aug/2023:09:22:25 +0800] "GET /xingrg/all/function/internal_message.html?_=1692839957302&CODE_STATE=getMsg HTTP/1.1" 200 27
101.83.145.37 - - [24/Aug/2023:09:22:26 +0800] "POST /xingrg/kc/buy/cgsh_list_operate.html HTTP/1.1" 200 504
222.70.180.200 - - [24/Aug/2023:09:22:27 +0800] "GET /xingrg/all/function/internal_message.html?_=1692840146745&CODE_STATE=getMsg HTTP/1.1" 200 27
180.152.241.196 - - [24/Aug/2023:09:22:29 +0800] "GET /xingrg/all/function/internal_message.html?_=1692840149093&CODE_STATE=getMsg HTTP/1.1" 200 27
222.69.128.227 - - [24/Aug/2023:09:22:31 +0800] "POST /xingrg/services/DataTransmitService HTTP/1.1" 200 45454
222.69.128.227 - - [24/Aug/2023:09:22:31 +0800] "POST /xingrg/services/DataTransmitService HTTP/1.1" 200 19237
101.83.145.37 - - [24/Aug/2023:09:22:32 +0800] "GET /xingrg/check_reg.html?_=1692840152798 HTTP/1.1" 200 22
222.69.128.227 - - [24/Aug/2023:09:22:32 +0800] "POST /xingrg/services/DataTransmitService HTTP/1.1" 200 524
222.69.128.227 - - [24/Aug/2023:09:22:33 +0800] "POST /xingrg/services/DataTransmitService HTTP/1.1" 200 2067
114.83.221.186 - - [24/Aug/2023:09:22:39 +0800] "GET /xingrg/all/function/internal_message.html?_=1692840297617&CODE_STATE=getMsg HTTP/1.1" 200 27
101.83.145.37 - - [24/Aug/2023:09:22:49 +0800] "GET /xingrg/kc/buy/cgsh_order_add.html HTTP/1.1" 200 72098
101.83.145.37 - - [24/Aug/2023:09:22:50 +0800] "GET /xingrg/javascript/easyui/themes/default/validatebox.css HTTP/1.1" 404 1104
101.83.145.37 - - [24/Aug/2023:09:22:50 +0800] "POST /xingrg/kc/buy/cgsh_order_operate.html HTTP/1.1" 200 8245
116.232.195.127 - - [24/Aug/2023:09:22:51 +0800] "GET /xingrg/all/function/internal_message.html?_=1692840089903&CODE_STATE=getMsg HTTP/1.1" 200 27
114.95.241.104 - - [24/Aug/2023:09:22:51 +0800] "GET /xingrg/all/function/internal_message.html?_=1692840171837&CODE_STATE=getMsg HTTP/1.1" 200 27
114.95.241.104 - - [24/Aug/2023:09:22:52 +0800] "GET /xingrg/check_reg.html?_=1692840172295 HTTP/1.1" 200 22
221.239.167.251 - - [24/Aug/2023:09:22:52 +0800] "GET /xingrg/all/function/internal_message.html?_=1692840172136&CODE_STATE=getMsg HTTP/1.1" 200 27
222.70.180.200 - - [24/Aug/2023:09:22:53 +0800] "GET /xingrg/kc/buy/cgsh_order_operate.html?command=get_materiel&rest_code=00111&code=00101008286&supplier_code=00100005&order_time=2023-08-24 HTTP/1.1" 200 408
101.83.145.37 - - [24/Aug/2023:09:22:57 +0800] "GET /xingrg/all/function/internal_message.html?_=1692840177258&CODE_STATE=getMsg HTTP/1.1" 200 27
222.70.180.200 - - [24/Aug/2023:09:22:59 +0800] "POST /xingrg/kc/buy/cgsh_order_operate.html HTTP/1.1" 200 2065
101.83.145.37 - - [24/Aug/2023:09:23:03 +0800] "GET /xingrg/kc/buy/cgsh_order_operate.html?command=get_materiel&rest_code=00105&code=00101009109&supplier_code=&order_time=2023-08-24 HTTP/1.1" 200 413
222.70.173.73 - - [24/Aug/2023:09:23:12 +0800] "GET /xingrg/all/function/internal_message.html?_=1692840180196&CODE_STATE=getMsg HTTP/1.1" 200 27
124.78.155.92 - - [24/Aug/2023:09:23:19 +0800] "GET /xingrg/all/function/internal_message.html?_=1692840196488&CODE_STATE=getMsg HTTP/1.1" 200 27
101.83.145.37 - - [24/Aug/2023:09:23:19 +0800] "GET /xingrg/kc/buy/cgsh_order_operate.html?command=get_materiel&rest_code=00105&code=00101009062&supplier_code=&order_time=2023-08-24 HTTP/1.1" 200 412
222.69.128.227 - - [24/Aug/2023:09:23:19 +0800] "GET /xingrg/all/function/internal_message.html?_=1692840198476&CODE_STATE=getMsg HTTP/1.1" 200 27
124.78.155.92 - - [24/Aug/2023:09:23:20 +0800] "GET /xingrg/check_reg.html?_=1692840197443 HTTP/1.1" 200 22
120.253.135.82 - - [24/Aug/2023:09:23:25 +0800] "GET /xingrg/all/function/internal_message.html?_=1692840017310&CODE_STATE=getMsg HTTP/1.1" 200 27
222.70.180.200 - - [24/Aug/2023:09:23:27 +0800] "GET /xingrg/all/function/internal_message.html?_=1692840206748&CODE_STATE=getMsg HTTP/1.1" 200 27
222.70.180.200 - - [24/Aug/2023:09:23:27 +0800] "GET /xingrg/check_reg.html?_=1692840206749 HTTP/1.1" 200 22
180.152.241.196 - - [24/Aug/2023:09:23:29 +0800] "GET /xingrg/all/function/internal_message.html?_=1692840209093&CODE_STATE=getMsg HTTP/1.1" 200 27
222.70.180.200 - - [24/Aug/2023:09:23:37 +0800] "GET /xingrg/kc/buy/cgsh_order_operate.html?command=get_materiel&rest_code=00111&code=00101008295&supplier_code=00100005&order_time=2023-08-24 HTTP/1.1" 200 412
114.83.221.186 - - [24/Aug/2023:09:23:39 +0800] "GET /xingrg/all/function/internal_message.html?_=1692840357634&CODE_STATE=getMsg HTTP/1.1" 200 27
116.232.195.127 - - [24/Aug/2023:09:23:51 +0800] "GET /xingrg/all/function/internal_message.html?_=1692840149899&CODE_STATE=getMsg HTTP/1.1" 200 27
114.95.241.104 - - [24/Aug/2023:09:23:51 +0800] "GET /xingrg/all/function/internal_message.html?_=1692840231810&CODE_STATE=getMsg HTTP/1.1" 200 27
221.239.167.251 - - [24/Aug/2023:09:23:52 +0800] "GET /xingrg/all/function/internal_message.html?_=1692840232151&CODE_STATE=getMsg HTTP/1.1" 200 27
221.239.167.251 - - [24/Aug/2023:09:23:52 +0800] "GET /xingrg/check_reg.html?_=1692840232153 HTTP/1.1" 200 22
124.78.155.92 - - [24/Aug/2023:09:23:53 +0800] "GET /xingrg/kc/buy/cgsh_order_operate.html?command=get_materiel&rest_code=00106&code=00101006193&supplier_code=00100096&order_time=2023-08-24 HTTP/1.1" 200 409
101.83.145.37 - - [24/Aug/2023:09:23:57 +0800] "GET /xingrg/all/function/internal_message.html?_=1692840237265&CODE_STATE=getMsg HTTP/1.1" 200 27
222.70.173.73 - - [24/Aug/2023:09:24:00 +0800] "GET /xingrg/check_reg.html?_=1692840228082 HTTP/1.1" 200 22
116.232.195.127 - - [24/Aug/2023:09:24:06 +0800] "GET /xingrg/check_reg.html?_=1692840165113 HTTP/1.1" 200 22
124.78.155.92 - - [24/Aug/2023:09:24:08 +0800] "GET /xingrg/kc/buy/cgsh_order_operate.html?command=get_materiel&rest_code=00106&code=00101006109&supplier_code=00100096&order_time=2023-08-24 HTTP/1.1" 200 409
222.70.173.73 - - [24/Aug/2023:09:24:12 +0800] "GET /xingrg/all/function/internal_message.html?_=1692840240204&CODE_STATE=getMsg HTTP/1.1" 200 27
180.163.28.143 - - [24/Aug/2023:09:24:19 +0800] "GET /xingrg/all/function/internal_message.html?_=1692840196488&CODE_STATE=getMsg HTTP/1.1" 302 -
180.163.28.143 - - [24/Aug/2023:09:24:19 +0800] "GET /xingrg/login.html HTTP/1.1" 200 7641
124.78.155.92 - - [24/Aug/2023:09:24:19 +0800] "GET /xingrg/all/function/internal_message.html?_=1692840256470&CODE_STATE=getMsg HTTP/1.1" 200 27
222.69.128.227 - - [24/Aug/2023:09:24:19 +0800] "GET /xingrg/all/function/internal_message.html?_=1692840258471&CODE_STATE=getMsg HTTP/1.1" 200 27
120.253.135.82 - - [24/Aug/2023:09:24:25 +0800] "GET /xingrg/all/function/internal_message.html?_=1692840077517&CODE_STATE=getMsg HTTP/1.1" 200 27
222.70.180.200 - - [24/Aug/2023:09:24:27 +0800] "GET /xingrg/all/function/internal_message.html?_=1692840266764&CODE_STATE=getMsg HTTP/1.1" 200 27
180.152.241.196 - - [24/Aug/2023:09:24:29 +0800] "GET /xingrg/all/function/internal_message.html?_=1692840269093&CODE_STATE=getMsg HTTP/1.1" 200 27
120.253.135.82 - - [24/Aug/2023:09:24:31 +0800] "GET /xingrg/check_reg.html?_=1692840084203 HTTP/1.1" 200 22
114.83.221.186 - - [24/Aug/2023:09:24:39 +0800] "GET /xingrg/all/function/internal_message.html?_=1692840417623&CODE_STATE=getMsg HTTP/1.1" 200 27
222.70.180.200 - - [24/Aug/2023:09:24:46 +0800] "GET /xingrg/kc/buy/cgsh_order_operate.html?command=get_materiel&rest_code=00111&code=00101016081&supplier_code=00100005&order_time=2023-08-24 HTTP/1.1" 200 447
124.78.155.92 - - [24/Aug/2023:09:24:47 +0800] "GET /xingrg/kc/buy/cgsh_order_operate.html?command=get_materiel&rest_code=00106&code=00101006111&supplier_code=00100096&order_time=2023-08-24 HTTP/1.1" 200 411
116.232.195.127 - - [24/Aug/2023:09:24:51 +0800] "GET /xingrg/all/function/internal_message.html?_=1692840209881&CODE_STATE=getMsg HTTP/1.1" 200 27
114.95.241.104 - - [24/Aug/2023:09:24:51 +0800] "GET /xingrg/all/function/internal_message.html?_=1692840291796&CODE_STATE=getMsg HTTP/1.1" 200 27
221.239.167.251 - - [24/Aug/2023:09:24:52 +0800] "GET /xingrg/all/function/internal_message.html?_=1692840292151&CODE_STATE=getMsg HTTP/1.1" 200 27
101.83.145.37 - - [24/Aug/2023:09:24:57 +0800] "GET /xingrg/all/function/internal_message.html?_=1692840297214&CODE_STATE=getMsg HTTP/1.1" 200 27
124.78.155.92 - - [24/Aug/2023:09:25:11 +0800] "POST /xingrg/kc/buy/cgsh_order_operate.html HTTP/1.1" 200 2065
222.70.180.200 - - [24/Aug/2023:09:25:11 +0800] "GET /xingrg/kc/buy/cgsh_order_operate.html?command=get_materiel&rest_code=00111&code=00101009059&supplier_code=00100005&order_time=2023-08-24 HTTP/1.1" 200 409
222.70.173.73 - - [24/Aug/2023:09:25:12 +0800] "GET /xingrg/all/function/internal_message.html?_=1692840300217&CODE_STATE=getMsg HTTP/1.1" 200 27
222.70.180.200 - - [24/Aug/2023:09:25:16 +0800] "POST /xingrg/kc/buy/cgsh_order_operate.html HTTP/1.1" 200 2065
124.78.155.92 - - [24/Aug/2023:09:25:19 +0800] "GET /xingrg/all/function/internal_message.html?_=1692840316444&CODE_STATE=getMsg HTTP/1.1" 200 27
222.69.128.227 - - [24/Aug/2023:09:25:19 +0800] "GET /xingrg/all/function/internal_message.html?_=1692840318456&CODE_STATE=getMsg HTTP/1.1" 200 27
120.253.135.82 - - [24/Aug/2023:09:25:25 +0800] "GET /xingrg/all/function/internal_message.html?_=1692840137524&CODE_STATE=getMsg HTTP/1.1" 200 27
222.70.180.200 - - [24/Aug/2023:09:25:27 +0800] "GET /xingrg/all/function/internal_message.html?_=1692840326770&CODE_STATE=getMsg HTTP/1.1" 200 27
180.152.241.196 - - [24/Aug/2023:09:25:29 +0800] "GET /xingrg/all/function/internal_message.html?_=1692840329085&CODE_STATE=getMsg HTTP/1.1" 200 27
180.152.241.196 - - [24/Aug/2023:09:25:29 +0800] "GET /xingrg/check_reg.html?_=1692840329088 HTTP/1.1" 200 22
222.70.180.200 - - [24/Aug/2023:09:25:36 +0800] "GET /xingrg/kc/buy/cgsh_order_operate.html?command=get_materiel&rest_code=00111&code=00101008223&supplier_code=00100005&order_time=2023-08-24 HTTP/1.1" 200 412
114.83.221.186 - - [24/Aug/2023:09:25:39 +0800] "GET /xingrg/all/function/internal_message.html?_=1692840477617&CODE_STATE=getMsg HTTP/1.1" 200 27
180.163.28.55 - - [24/Aug/2023:09:25:41 +0800] "GET /xingrg/kc/buy/cgsh_order_operate.html?command=get_materiel&rest_code=00106&code=00101006111&supplier_code=00100096&order_time=2023-08-24 HTTP/1.1" 302 -
180.163.28.55 - - [24/Aug/2023:09:25:41 +0800] "GET /xingrg/login.html HTTP/1.1" 200 7641
116.232.195.127 - - [24/Aug/2023:09:25:51 +0800] "GET /xingrg/all/function/internal_message.html?_=1692840269869&CODE_STATE=getMsg HTTP/1.1" 200 27
114.95.241.104 - - [24/Aug/2023:09:25:51 +0800] "GET /xingrg/all/function/internal_message.html?_=1692840351772&CODE_STATE=getMsg HTTP/1.1" 200 27
221.239.167.251 - - [24/Aug/2023:09:25:52 +0800] "GET /xingrg/all/function/internal_message.html?_=1692840352154&CODE_STATE=getMsg HTTP/1.1" 200 27
124.78.155.92 - - [24/Aug/2023:09:25:54 +0800] "GET /xingrg/kc/buy/cgsh_order_operate.html?command=get_materiel&rest_code=00106&code=00101007090&supplier_code=00100096&order_time=2023-08-24 HTTP/1.1" 200 413
101.83.145.37 - - [24/Aug/2023:09:25:57 +0800] "GET /xingrg/all/function/internal_message.html?_=1692840357191&CODE_STATE=getMsg HTTP/1.1" 200 27
222.70.180.200 - - [24/Aug/2023:09:25:59 +0800] "GET /xingrg/kc/buy/cgsh_order_operate.html?command=get_materiel&rest_code=00111&code=00101008350&supplier_code=00100005&order_time=2023-08-24 HTTP/1.1" 200 408
222.70.173.73 - - [24/Aug/2023:09:26:12 +0800] "GET /xingrg/all/function/internal_message.html?_=1692840360340&CODE_STATE=getMsg HTTP/1.1" 200 27
222.69.128.227 - - [24/Aug/2023:09:26:17 +0800] "GET /xingrg/check_reg.html?_=1692840376570 HTTP/1.1" 200 22
124.78.155.92 - - [24/Aug/2023:09:26:19 +0800] "GET /xingrg/all/function/internal_message.html?_=1692840376423&CODE_STATE=getMsg HTTP/1.1" 200 27
222.69.128.227 - - [24/Aug/2023:09:26:19 +0800] "GET /xingrg/all/function/internal_message.html?_=1692840378426&CODE_STATE=getMsg HTTP/1.1" 200 27
120.253.135.82 - - [24/Aug/2023:09:26:25 +0800] "GET /xingrg/all/function/internal_message.html?_=1692840197538&CODE_STATE=getMsg HTTP/1.1" 200 27
124.78.155.92 - - [24/Aug/2023:09:26:26 +0800] "GET /xingrg/kc/buy/cgsh_order_operate.html?command=get_materiel&rest_code=00106&code=00101007081&supplier_code=00100096&order_time=2023-08-24 HTTP/1.1" 200 415
222.70.180.200 - - [24/Aug/2023:09:26:27 +0800] "GET /xingrg/all/function/internal_message.html?_=1692840386774&CODE_STATE=getMsg HTTP/1.1" 200 27
180.152.241.196 - - [24/Aug/2023:09:26:29 +0800] "GET /xingrg/all/function/internal_message.html?_=1692840389099&CODE_STATE=getMsg HTTP/1.1" 200 27
114.83.221.186 - - [24/Aug/2023:09:26:39 +0800] "GET /xingrg/all/function/internal_message.html?_=1692840537618&CODE_STATE=getMsg HTTP/1.1" 200 27
114.83.221.186 - - [24/Aug/2023:09:26:39 +0800] "GET /xingrg/check_reg.html?_=1692840537620 HTTP/1.1" 200 22
124.78.155.92 - - [24/Aug/2023:09:26:43 +0800] "GET /xingrg/kc/buy/cgsh_order_operate.html?command=get_materiel&rest_code=00106&code=00101007027&supplier_code=00100096&order_time=2023-08-24 HTTP/1.1" 200 427
180.163.28.143 - - [24/Aug/2023:09:26:49 +0800] "GET /xingrg/kc/buy/cgsh_order_operate.html?command=get_materiel&rest_code=00106&code=00101007090&supplier_code=00100096&order_time=2023-08-24 HTTP/1.1" 302 -
180.163.28.143 - - [24/Aug/2023:09:26:49 +0800] "GET /xingrg/login.html HTTP/1.1" 200 7641
222.70.180.200 - - [24/Aug/2023:09:26:51 +0800] "POST /xingrg/services/DataTransmitService HTTP/1.1" 200 524
116.232.195.127 - - [24/Aug/2023:09:26:51 +0800] "GET /xingrg/all/function/internal_message.html?_=1692840329864&CODE_STATE=getMsg HTTP/1.1" 200 27
114.95.241.104 - - [24/Aug/2023:09:26:51 +0800] "GET /xingrg/all/function/internal_message.html?_=1692840411752&CODE_STATE=getMsg HTTP/1.1" 200 27
221.239.167.251 - - [24/Aug/2023:09:26:53 +0800] "GET /xingrg/all/function/internal_message.html?_=1692840412160&CODE_STATE=getMsg HTTP/1.1" 200 27
101.83.145.37 - - [24/Aug/2023:09:26:57 +0800] "GET /xingrg/all/function/internal_message.html?_=1692840417174&CODE_STATE=getMsg HTTP/1.1" 200 27
124.78.155.92 - - [24/Aug/2023:09:26:58 +0800] "POST /xingrg/kc/buy/cgsh_order_operate.html HTTP/1.1" 200 37
124.78.155.92 - - [24/Aug/2023:09:27:00 +0800] "POST /xingrg/kc/buy/cgsh_order_operate.html HTTP/1.1" 200 8623
222.70.180.200 - - [24/Aug/2023:09:27:02 +0800] "GET /xingrg/kc/buy/cgsh_order_operate.html?command=get_materiel&rest_code=00111&code=00101008331&supplier_code=00100005&order_time=2023-08-24 HTTP/1.1" 200 416
222.70.173.73 - - [24/Aug/2023:09:27:12 +0800] "GET /xingrg/all/function/internal_message.html?_=1692840420353&CODE_STATE=getMsg HTTP/1.1" 200 27
101.83.145.37 - - [24/Aug/2023:09:27:18 +0800] "GET /xingrg/kc/buy/cgsh_order_operate.html?command=get_materiel&rest_code=00105&code=00101009041&supplier_code=00100024&order_time=2023-08-24 HTTP/1.1" 200 408
124.78.155.92 - - [24/Aug/2023:09:27:19 +0800] "GET /xingrg/all/function/internal_message.html?_=1692840436405&CODE_STATE=getMsg HTTP/1.1" 200 27
222.69.128.227 - - [24/Aug/2023:09:27:19 +0800] "GET /xingrg/all/function/internal_message.html?_=1692840438412&CODE_STATE=getMsg HTTP/1.1" 200 27
180.163.29.103 - - [24/Aug/2023:09:27:21 +0800] "GET /xingrg/kc/buy/cgsh_order_operate.html?command=get_materiel&rest_code=00106&code=00101007081&supplier_code=00100096&order_time=2023-08-24 HTTP/1.1" 302 -
180.163.29.103 - - [24/Aug/2023:09:27:21 +0800] "GET /xingrg/login.html HTTP/1.1" 200 7641
120.253.135.82 - - [24/Aug/2023:09:27:25 +0800] "GET /xingrg/all/function/internal_message.html?_=1692840257780&CODE_STATE=getMsg HTTP/1.1" 200 27
222.70.180.200 - - [24/Aug/2023:09:27:27 +0800] "GET /xingrg/all/function/internal_message.html?_=1692840446771&CODE_STATE=getMsg HTTP/1.1" 200 27
180.152.241.196 - - [24/Aug/2023:09:27:29 +0800] "GET /xingrg/all/function/internal_message.html?_=1692840449093&CODE_STATE=getMsg HTTP/1.1" 200 27
222.70.180.200 - - [24/Aug/2023:09:27:29 +0800] "POST /xingrg/services/DataTransmitService HTTP/1.1" 200 501
222.70.180.200 - - [24/Aug/2023:09:27:31 +0800] "POST /xingrg/services/DataTransmitService HTTP/1.1" 200 501
222.70.180.200 - - [24/Aug/2023:09:27:31 +0800] "POST /xingrg/kc/buy/cgsh_order_operate.html HTTP/1.1" 200 2065
101.83.145.37 - - [24/Aug/2023:09:27:32 +0800] "GET /xingrg/check_reg.html?_=1692840452761 HTTP/1.1" 200 22
101.83.145.37 - - [24/Aug/2023:09:27:34 +0800] "GET /xingrg/kc/buy/cgsh_order_operate.html?command=get_materiel&rest_code=00105&code=00101009015&supplier_code=00100024&order_time=2023-08-24 HTTP/1.1" 200 416
114.83.221.186 - - [24/Aug/2023:09:27:39 +0800] "GET /xingrg/all/function/internal_message.html?_=1692840597622&CODE_STATE=getMsg HTTP/1.1" 200 27
222.70.180.200 - - [24/Aug/2023:09:27:46 +0800] "GET /xingrg/kc/buy/cgsh_order_operate.html?command=get_materiel&rest_code=00111&code=00101008558&supplier_code=00100005&order_time=2023-08-24 HTTP/1.1" 200 409
222.70.180.200 - - [24/Aug/2023:09:27:51 +0800] "POST /xingrg/services/DataTransmitService HTTP/1.1" 200 501
116.232.195.127 - - [24/Aug/2023:09:27:51 +0800] "GET /xingrg/all/function/internal_message.html?_=1692840389862&CODE_STATE=getMsg HTTP/1.1" 200 27
114.95.241.104 - - [24/Aug/2023:09:27:51 +0800] "GET /xingrg/all/function/internal_message.html?_=1692840471734&CODE_STATE=getMsg HTTP/1.1" 200 27
114.95.241.104 - - [24/Aug/2023:09:27:52 +0800] "GET /xingrg/check_reg.html?_=1692840472298 HTTP/1.1" 200 22
221.239.167.251 - - [24/Aug/2023:09:27:52 +0800] "GET /xingrg/all/function/internal_message.html?_=1692840472144&CODE_STATE=getMsg HTTP/1.1" 200 27
101.83.145.37 - - [24/Aug/2023:09:27:57 +0800] "GET /xingrg/all/function/internal_message.html?_=1692840477153&CODE_STATE=getMsg HTTP/1.1" 200 27
222.70.180.200 - - [24/Aug/2023:09:28:11 +0800] "POST /xingrg/services/DataTransmitService HTTP/1.1" 200 501
222.70.173.73 - - [24/Aug/2023:09:28:12 +0800] "GET /xingrg/all/function/internal_message.html?_=1692840480492&CODE_STATE=getMsg HTTP/1.1" 200 27
222.70.180.200 - - [24/Aug/2023:09:28:13 +0800] "POST /xingrg/services/DataTransmitService HTTP/1.1" 200 501
222.70.180.200 - - [24/Aug/2023:09:28:13 +0800] "POST /xingrg/services/DataTransmitService HTTP/1.1" 200 501
222.69.128.227 - - [24/Aug/2023:09:28:19 +0800] "GET /xingrg/all/function/internal_message.html?_=1692840498401&CODE_STATE=getMsg HTTP/1.1" 200 27
222.70.180.200 - - [24/Aug/2023:09:28:22 +0800] "POST /xingrg/services/DataTransmitService HTTP/1.1" 200 501
222.70.180.200 - - [24/Aug/2023:09:28:23 +0800] "POST /xingrg/services/DataTransmitService HTTP/1.1" 200 501
222.70.180.200 - - [24/Aug/2023:09:28:24 +0800] "POST /xingrg/services/DataTransmitService HTTP/1.1" 200 501
222.70.180.200 - - [24/Aug/2023:09:28:25 +0800] "POST /xingrg/services/DataTransmitService HTTP/1.1" 200 412
120.253.135.82 - - [24/Aug/2023:09:28:25 +0800] "GET /xingrg/all/function/internal_message.html?_=1692840317786&CODE_STATE=getMsg HTTP/1.1" 200 27
222.70.180.200 - - [24/Aug/2023:09:28:27 +0800] "GET /xingrg/check_reg.html?_=1692840506775 HTTP/1.1" 200 22
222.70.180.200 - - [24/Aug/2023:09:28:27 +0800] "GET /xingrg/all/function/internal_message.html?_=1692840506767&CODE_STATE=getMsg HTTP/1.1" 200 27
180.152.241.196 - - [24/Aug/2023:09:28:29 +0800] "GET /xingrg/all/function/internal_message.html?_=1692840509087&CODE_STATE=getMsg HTTP/1.1" 200 27
124.78.155.92 - - [24/Aug/2023:09:28:34 +0800] "POST /xingrg/kc/buy/cgsh_order_operate.html HTTP/1.1" 200 37
101.228.187.155 - - [24/Aug/2023:09:28:34 +0800] "GET /favicon.ico HTTP/1.1" 404 -
101.228.187.155 - - [24/Aug/2023:09:28:34 +0800] "GET /xingrg/login.html HTTP/1.1" 200 7641
101.228.187.155 - - [24/Aug/2023:09:28:35 +0800] "GET /xingrg/images/blue/jxLogo.png HTTP/1.1" 304 -
101.228.187.155 - - [24/Aug/2023:09:28:35 +0800] "GET /xingrg/images/blue/login_bg.png HTTP/1.1" 304 -
101.228.187.155 - - [24/Aug/2023:09:28:35 +0800] "GET /xingrg/images/blue/hj.png HTTP/1.1" 304 -
101.228.187.155 - - [24/Aug/2023:09:28:35 +0800] "GET /xingrg/images/blue/srbg.png HTTP/1.1" 304 -
101.228.187.155 - - [24/Aug/2023:09:28:36 +0800] "GET /favicon.ico HTTP/1.1" 404 -
114.83.221.186 - - [24/Aug/2023:09:28:39 +0800] "GET /xingrg/all/function/internal_message.html?_=1692840657617&CODE_STATE=getMsg HTTP/1.1" 200 27
124.78.155.92 - - [24/Aug/2023:09:28:41 +0800] "POST /xingrg/kc/buy/cgsh_order_operate.html HTTP/1.1" 200 12
101.228.187.155 - - [24/Aug/2023:09:28:46 +0800] "POST /xingrg/login.do HTTP/1.1" 302 -
101.228.187.155 - - [24/Aug/2023:09:28:46 +0800] "GET /xingrg/index.html?sysBaseUrl=http%3A%2F%2F180.169.147.146%3A18081%2Fxingrg%2F&costTime=2316×tamp=1692840526214 HTTP/1.1" 200 17179
101.228.187.155 - - [24/Aug/2023:09:28:46 +0800] "GET /xingrg/javascript/jquery_easy_ui/themes/default/easyui.css HTTP/1.1" 304 -
101.228.187.155 - - [24/Aug/2023:09:28:46 +0800] "GET /xingrg/javascript/jquery_easy_ui/themes/icon.css HTTP/1.1" 304 -
101.228.187.155 - - [24/Aug/2023:09:28:46 +0800] "GET /xingrg/javascript/jquery-1.4.2.min.js HTTP/1.1" 304 -
101.228.187.155 - - [24/Aug/2023:09:28:46 +0800] "GET /xingrg/css/form.css HTTP/1.1" 304 -
101.228.187.155 - - [24/Aug/2023:09:28:46 +0800] "GET /xingrg/javascript/jquery_easy_ui/easyui-lang-zh_CN.js HTTP/1.1" 304 -
101.228.187.155 - - [24/Aug/2023:09:28:46 +0800] "GET /xingrg/javascript/jquery_easy_ui/jquery.easyui.min.js HTTP/1.1" 304 -
101.228.187.155 - - [24/Aug/2023:09:28:46 +0800] "GET /xingrg/javascript/jquery.utils.js HTTP/1.1" 304 -
101.228.187.155 - - [24/Aug/2023:09:28:46 +0800] "GET /xingrg/javascript/jquery.form.js HTTP/1.1" 304 -
101.228.187.155 - - [24/Aug/2023:09:28:46 +0800] "GET /xingrg/javascript/jquery.timers.js HTTP/1.1" 304 -
101.228.187.155 - - [24/Aug/2023:09:28:46 +0800] "GET /favicon.ico HTTP/1.1" 404 -
101.228.187.155 - - [24/Aug/2023:09:28:46 +0800] "GET /xingrg/images/blue/navBackgound.jpg HTTP/1.1" 304 -
101.228.187.155 - - [24/Aug/2023:09:28:46 +0800] "GET /xingrg/javascript/jquery_easy_ui/themes/icons/settle_new.png HTTP/1.1" 304 -
101.228.187.155 - - [24/Aug/2023:09:28:46 +0800] "GET /xingrg/check_reg.html?_=1692840525142 HTTP/1.1" 200 22
101.228.187.155 - - [24/Aug/2023:09:28:46 +0800] "GET /xingrg/all/function/internal_message.html?_=1692840525141&CODE_STATE=count HTTP/1.1" 200 11
101.228.187.155 - - [24/Aug/2023:09:28:46 +0800] "GET /xingrg/images/blue/pingpu.png HTTP/1.1" 304 -
101.228.187.155 - - [24/Aug/2023:09:28:46 +0800] "GET /xingrg/javascript/jquery_easy_ui/themes/default/images/tabs_leftarrow.png HTTP/1.1" 304 -
101.228.187.155 - - [24/Aug/2023:09:28:46 +0800] "GET /xingrg/javascript/jquery_easy_ui/themes/default/images/tabs_rightarrow.png HTTP/1.1" 304 -
101.228.187.155 - - [24/Aug/2023:09:28:46 +0800] "GET /xingrg/javascript/jquery_easy_ui/themes/default/images/panel_tool_collapse.gif HTTP/1.1" 304 -
101.228.187.155 - - [24/Aug/2023:09:28:47 +0800] "POST /xingrg/all/common/load_tree.html?tree=area_rest_tree_json&manage=1 HTTP/1.1" 200 351
101.228.187.155 - - [24/Aug/2023:09:28:47 +0800] "POST /xingrg/load_menu.html HTTP/1.1" 200 5138
101.228.187.155 - - [24/Aug/2023:09:28:47 +0800] "GET /xingrg/javascript/jquery_easy_ui/themes/default/images/tree_arrows.gif HTTP/1.1" 304 -
101.228.187.155 - - [24/Aug/2023:09:28:47 +0800] "GET /xingrg/javascript/jquery_easy_ui/themes/default/images/tree_folder.gif HTTP/1.1" 304 -
101.228.187.155 - - [24/Aug/2023:09:28:47 +0800] "GET /xingrg/javascript/jquery_easy_ui/themes/default/images/tree_folder_open.gif HTTP/1.1" 304 -
101.228.187.155 - - [24/Aug/2023:09:28:47 +0800] "GET /xingrg/javascript/jquery_easy_ui/themes/icons/search_new.png HTTP/1.1" 304 -
101.228.187.155 - - [24/Aug/2023:09:28:47 +0800] "GET /xingrg/javascript/jquery_easy_ui/themes/icons/forms_new.png HTTP/1.1" 304 -
101.228.187.155 - - [24/Aug/2023:09:28:47 +0800] "GET /xingrg/javascript/jquery_easy_ui/themes/icons/storage_new.png HTTP/1.1" 304 -
101.228.187.155 - - [24/Aug/2023:09:28:47 +0800] "GET /xingrg/javascript/jquery_easy_ui/themes/default/images/tree_file.gif HTTP/1.1" 304 -
116.232.195.127 - - [24/Aug/2023:09:28:51 +0800] "GET /xingrg/all/function/internal_message.html?_=1692840449830&CODE_STATE=getMsg HTTP/1.1" 200 27
101.228.187.155 - - [24/Aug/2023:09:28:51 +0800] "GET /xingrg/javascript/jquery_easy_ui/themes/icons/rest.png HTTP/1.1" 304 -
101.228.187.155 - - [24/Aug/2023:09:28:51 +0800] "GET /xingrg/javascript/jquery_easy_ui/themes/icons/area.png HTTP/1.1" 304 -
114.95.241.104 - - [24/Aug/2023:09:28:51 +0800] "GET /xingrg/all/function/internal_message.html?_=1692840531716&CODE_STATE=getMsg HTTP/1.1" 200 27
180.169.147.146 - - [24/Aug/2023:09:28:52 +0800] "GET /favicon.ico HTTP/1.1" 404 -
221.239.167.251 - - [24/Aug/2023:09:28:52 +0800] "GET /xingrg/all/function/internal_message.html?_=1692840532149&CODE_STATE=getMsg HTTP/1.1" 200 27
221.239.167.251 - - [24/Aug/2023:09:28:52 +0800] "GET /xingrg/check_reg.html?_=1692840532153 HTTP/1.1" 200 22
222.70.180.200 - - [24/Aug/2023:09:28:56 +0800] "POST /xingrg/kc/buy/cgsh_order_operate.html HTTP/1.1" 200 37
101.83.145.37 - - [24/Aug/2023:09:28:57 +0800] "GET /xingrg/all/function/internal_message.html?_=1692840537126&CODE_STATE=getMsg HTTP/1.1" 200 27
124.78.155.92 - - [24/Aug/2023:09:28:57 +0800] "GET /xingrg/kc/buy/cgsh_order_info.html?code=212023082409556 HTTP/1.1" 200 66917
124.78.155.92 - - [24/Aug/2023:09:28:57 +0800] "GET /xingrg/javascript/easyui/themes/default/validatebox.css HTTP/1.1" 404 1104
124.78.155.92 - - [24/Aug/2023:09:28:59 +0800] "POST /xingrg/kc/buy/cgsh_order_operate.html HTTP/1.1" 200 6548
222.70.173.73 - - [24/Aug/2023:09:29:00 +0800] "GET /xingrg/check_reg.html?_=1692840528093 HTTP/1.1" 200 22
222.70.180.200 - - [24/Aug/2023:09:29:01 +0800] "POST /xingrg/kc/buy/cgsh_order_operate.html HTTP/1.1" 200 34629
124.78.155.92 - - [24/Aug/2023:09:29:03 +0800] "GET /xingrg/kc/print/load_config.html?kc_code=cgsh HTTP/1.1" 200 1924
124.78.155.92 - - [24/Aug/2023:09:29:04 +0800] "GET /xingrg/kc/print/load_data.html?order_code=212023082409556&kc_code=cgsh&condition= HTTP/1.1" 200 2953
222.70.180.200 - - [24/Aug/2023:09:29:05 +0800] "GET /xingrg/kc/print/load_data.html?order_code=212023082409567&kc_code=cgsh&condition= HTTP/1.1" 200 12805
116.232.195.127 - - [24/Aug/2023:09:29:06 +0800] "GET /xingrg/check_reg.html?_=1692840465112 HTTP/1.1" 200 22
101.83.145.37 - - [24/Aug/2023:09:29:08 +0800] "GET /xingrg/kc/buy/cgsh_order_operate.html?command=get_materiel&rest_code=00105&code=00101009113&supplier_code=00100024&order_time=2023-08-24 HTTP/1.1" 200 412
222.70.173.73 - - [24/Aug/2023:09:29:12 +0800] "GET /xingrg/all/function/internal_message.html?_=1692840540507&CODE_STATE=getMsg HTTP/1.1" 200 27
124.78.155.92 - - [24/Aug/2023:09:29:15 +0800] "GET /xingrg/kc/print/load_data.html?order_code=212023082409556&kc_code=cgsh HTTP/1.1" 200 2953
124.78.155.92 - - [24/Aug/2023:09:29:19 +0800] "GET /xingrg/all/function/internal_message.html?_=1692840556692&CODE_STATE=getMsg HTTP/1.1" 200 27
222.69.128.227 - - [24/Aug/2023:09:29:19 +0800] "GET /xingrg/all/function/internal_message.html?_=1692840558387&CODE_STATE=getMsg HTTP/1.1" 200 27
120.253.135.82 - - [24/Aug/2023:09:29:25 +0800] "GET /xingrg/all/function/internal_message.html?_=1692840378043&CODE_STATE=getMsg HTTP/1.1" 200 27
222.70.180.200 - - [24/Aug/2023:09:29:27 +0800] "GET /xingrg/all/function/internal_message.html?_=1692840566783&CODE_STATE=getMsg HTTP/1.1" 200 27
180.152.241.196 - - [24/Aug/2023:09:29:29 +0800] "GET /xingrg/all/function/internal_message.html?_=1692840569094&CODE_STATE=getMsg HTTP/1.1" 200 27
120.253.135.82 - - [24/Aug/2023:09:29:31 +0800] "GET /xingrg/check_reg.html?_=1692840384211 HTTP/1.1" 200 22
101.83.145.37 - - [24/Aug/2023:09:29:32 +0800] "GET /xingrg/kc/buy/cgsh_order_operate.html?command=get_materiel&rest_code=00105&code=00101009112&supplier_code=00100024&order_time=2023-08-24 HTTP/1.1" 200 426
114.83.221.186 - - [24/Aug/2023:09:29:39 +0800] "GET /xingrg/all/function/internal_message.html?_=1692840717631&CODE_STATE=getMsg HTTP/1.1" 200 27
101.228.187.155 - - [24/Aug/2023:09:29:46 +0800] "GET /xingrg/all/function/internal_message.html?_=1692840585145&CODE_STATE=getMsg HTTP/1.1" 200 27
116.232.195.127 - - [24/Aug/2023:09:29:51 +0800] "GET /xingrg/all/function/internal_message.html?_=1692840509803&CODE_STATE=getMsg HTTP/1.1" 200 27
114.95.241.104 - - [24/Aug/2023:09:29:51 +0800] "GET /xingrg/all/function/internal_message.html?_=1692840591702&CODE_STATE=getMsg HTTP/1.1" 200 27
221.239.167.251 - - [24/Aug/2023:09:29:52 +0800] "GET /xingrg/all/function/internal_message.html?_=1692840592156&CODE_STATE=getMsg HTTP/1.1" 200 27
101.83.145.37 - - [24/Aug/2023:09:29:57 +0800] "GET /xingrg/all/function/internal_message.html?_=1692840597095&CODE_STATE=getMsg HTTP/1.1" 200 27
180.163.29.219 - - [24/Aug/2023:09:30:03 +0800] "GET /xingrg/kc/print/load_config.html?kc_code=cgsh HTTP/1.1" 302 -
180.163.29.219 - - [24/Aug/2023:09:30:03 +0800] "GET /xingrg/login.html HTTP/1.1" 200 7641
222.70.173.73 - - [24/Aug/2023:09:30:12 +0800] "GET /xingrg/all/function/internal_message.html?_=1692840600518&CODE_STATE=getMsg HTTP/1.1" 200 27
180.163.29.79 - - [24/Aug/2023:09:30:15 +0800] "GET /xingrg/kc/print/load_data.html?order_code=212023082409556&kc_code=cgsh HTTP/1.1" 302 -
180.163.29.79 - - [24/Aug/2023:09:30:15 +0800] "GET /xingrg/login.html HTTP/1.1" 200 7641
101.83.145.37 - - [24/Aug/2023:09:30:16 +0800] "POST /xingrg/kc/buy/cgsh_order_operate.html HTTP/1.1" 200 37
101.83.145.37 - - [24/Aug/2023:09:30:18 +0800] "POST /xingrg/kc/buy/cgsh_order_operate.html HTTP/1.1" 200 5033
124.78.155.92 - - [24/Aug/2023:09:30:19 +0800] "GET /xingrg/all/function/internal_message.html?_=1692840616680&CODE_STATE=getMsg HTTP/1.1" 200 27
222.69.128.227 - - [24/Aug/2023:09:30:19 +0800] "GET /xingrg/all/function/internal_message.html?_=1692840618374&CODE_STATE=getMsg HTTP/1.1" 200 27
101.83.145.37 - - [24/Aug/2023:09:30:20 +0800] "GET /xingrg/kc/print/load_config.html?kc_code=cgsh HTTP/1.1" 200 1924
101.83.145.37 - - [24/Aug/2023:09:30:21 +0800] "GET /xingrg/kc/print/load_data.html?order_code=212023082409568&kc_code=cgsh&condition= HTTP/1.1" 200 1600
101.228.187.155 - - [24/Aug/2023:09:30:21 +0800] "GET /xingrg/javascript/jquery_easy_ui/themes/default/images/tabs_close.gif HTTP/1.1" 304 -
101.228.187.155 - - [24/Aug/2023:09:30:21 +0800] "GET /xingrg/kc/mdqp/pssh_order_list.html HTTP/1.1" 200 17091
101.228.187.155 - - [24/Aug/2023:09:30:21 +0800] "GET /xingrg/css/base.css HTTP/1.1" 304 -
101.228.187.155 - - [24/Aug/2023:09:30:21 +0800] "GET /xingrg/css/site.css HTTP/1.1" 304 -
101.228.187.155 - - [24/Aug/2023:09:30:21 +0800] "GET /xingrg/javascript/jquery_tools/fix.css HTTP/1.1" 304 -
101.228.187.155 - - [24/Aug/2023:09:30:21 +0800] "GET /xingrg/javascript/jquery_tools/datebox.css HTTP/1.1" 304 -
101.228.187.155 - - [24/Aug/2023:09:30:21 +0800] "GET /xingrg/javascript/jquery_tools/table.css HTTP/1.1" 304 -
101.228.187.155 - - [24/Aug/2023:09:30:21 +0800] "GET /xingrg/javascript/easyui/themes/default/easyui.css HTTP/1.1" 304 -
101.228.187.155 - - [24/Aug/2023:09:30:21 +0800] "GET /xingrg/javascript/easyui/themes/icon.css HTTP/1.1" 304 -
101.228.187.155 - - [24/Aug/2023:09:30:21 +0800] "GET /xingrg/javascript/jquery_tools/jquery.tools.min.js HTTP/1.1" 304 -
101.228.187.155 - - [24/Aug/2023:09:30:21 +0800] "GET /xingrg/javascript/jquery_tools/jquery.tools.extend.js HTTP/1.1" 304 -
101.228.187.155 - - [24/Aug/2023:09:30:21 +0800] "GET /xingrg/javascript/auto/jquery.autocomplete.css HTTP/1.1" 304 -
101.228.187.155 - - [24/Aug/2023:09:30:21 +0800] "GET /xingrg/javascript/jquery_tools/jquery.tools.hotkey.js HTTP/1.1" 304 -
101.228.187.155 - - [24/Aug/2023:09:30:21 +0800] "GET /xingrg/javascript/jquery_tools/jquery.tools.table.js HTTP/1.1" 304 -
101.228.187.155 - - [24/Aug/2023:09:30:21 +0800] "GET /xingrg/javascript/jquery_tools/list_manager.js HTTP/1.1" 304 -
101.228.187.155 - - [24/Aug/2023:09:30:21 +0800] "GET /xingrg/javascript/auto/jquery.autocomplete.js HTTP/1.1" 304 -
101.228.187.155 - - [24/Aug/2023:09:30:21 +0800] "GET /xingrg/javascript/easyui/easyloader.js HTTP/1.1" 304 -
101.228.187.155 - - [24/Aug/2023:09:30:21 +0800] "GET /xingrg/javascript/jquery.cookie.js HTTP/1.1" 304 -
101.228.187.155 - - [24/Aug/2023:09:30:21 +0800] "GET /xingrg/javascript/easyui/plugins/jquery.parser.js HTTP/1.1" 304 -
101.228.187.155 - - [24/Aug/2023:09:30:21 +0800] "GET /xingrg/images/control/ajaxLoader.gif HTTP/1.1" 304 -
101.228.187.155 - - [24/Aug/2023:09:30:21 +0800] "GET /xingrg/javascript/easyui/themes/icons/field_new.png HTTP/1.1" 304 -
101.228.187.155 - - [24/Aug/2023:09:30:21 +0800] "POST /xingrg/kc/mdqp/pssh_list_operate.html HTTP/1.1" 200 5463
101.228.187.155 - - [24/Aug/2023:09:30:25 +0800] "POST /xingrg/kc/mdqp/pssh_list_operate.html HTTP/1.1" 200 765
120.253.135.82 - - [24/Aug/2023:09:30:25 +0800] "GET /xingrg/all/function/internal_message.html?_=1692840438045&CODE_STATE=getMsg HTTP/1.1" 200 27
101.228.187.155 - - [24/Aug/2023:09:30:25 +0800] "GET /xingrg/kc/mdqp/pssh_order_info.html?code=312023082400585 HTTP/1.1" 200 17277
101.228.187.155 - - [24/Aug/2023:09:30:25 +0800] "GET /xingrg/javascript/jquery_tools/jquery-1.4.2.min.js HTTP/1.1" 404 1094
101.228.187.155 - - [24/Aug/2023:09:30:25 +0800] "GET /xingrg/javascript/pic_change.js HTTP/1.1" 304 -
101.228.187.155 - - [24/Aug/2023:09:30:25 +0800] "GET /xingrg/javascript/jquery_tools/order_manager.js HTTP/1.1" 304 -
101.228.187.155 - - [24/Aug/2023:09:30:25 +0800] "GET /xingrg/javascript/convert.js HTTP/1.1" 304 -
101.228.187.155 - - [24/Aug/2023:09:30:25 +0800] "GET /xingrg/javascript/json2.js HTTP/1.1" 304 -
101.228.187.155 - - [24/Aug/2023:09:30:25 +0800] "GET /xingrg/javascript/print/kc_print.js HTTP/1.1" 304 -
101.228.187.155 - - [24/Aug/2023:09:30:25 +0800] "GET /xingrg/javascript/print/LodopFuncs.js HTTP/1.1" 304 -
101.228.187.155 - - [24/Aug/2023:09:30:25 +0800] "GET /xingrg/words/20230823115925_words.js HTTP/1.1" 200 984358
101.228.187.155 - - [24/Aug/2023:09:30:26 +0800] "GET /xingrg/javascript/easyui/themes/icons/cance_new.png HTTP/1.1" 304 -
101.228.187.155 - - [24/Aug/2023:09:30:26 +0800] "GET /xingrg/javascript/easyui/themes/icons/check_new.png HTTP/1.1" 304 -
101.228.187.155 - - [24/Aug/2023:09:30:26 +0800] "GET /xingrg/javascript/easyui/themes/icons/ok.png HTTP/1.1" 304 -
101.228.187.155 - - [24/Aug/2023:09:30:26 +0800] "GET /xingrg/javascript/easyui/themes/default/images/menu_downarrow.png HTTP/1.1" 304 -
101.228.187.155 - - [24/Aug/2023:09:30:26 +0800] "GET /xingrg/javascript/easyui/themes/icons/print.png HTTP/1.1" 304 -
101.228.187.155 - - [24/Aug/2023:09:30:26 +0800] "GET /xingrg/javascript/easyui/themes/icons/back_new.png HTTP/1.1" 304 -
101.228.187.155 - - [24/Aug/2023:09:30:26 +0800] "GET /xingrg/javascript/easyui/themes/default/validatebox.css HTTP/1.1" 404 1104
101.228.187.155 - - [24/Aug/2023:09:30:26 +0800] "GET /xingrg/javascript/easyui/plugins/jquery.validatebox.js HTTP/1.1" 304 -
101.228.187.155 - - [24/Aug/2023:09:30:26 +0800] "GET /xingrg/javascript/easyui/plugins/jquery.numberbox.js HTTP/1.1" 304 -
101.228.187.155 - - [24/Aug/2023:09:30:26 +0800] "GET /xingrg/all/common/auto_word.html?type=base&rest_code=00142&rest_code=00142 HTTP/1.1" 200 719
101.228.187.155 - - [24/Aug/2023:09:30:26 +0800] "GET /xingrg/all/common/auto_word.html?type=employee&rest_code=00142 HTTP/1.1" 200 105
101.228.187.155 - - [24/Aug/2023:09:30:26 +0800] "POST /xingrg/kc/mdqp/pssh_order_operate.html HTTP/1.1" 200 8497
222.70.180.200 - - [24/Aug/2023:09:30:27 +0800] "GET /xingrg/all/function/internal_message.html?_=1692840626775&CODE_STATE=getMsg HTTP/1.1" 200 27
180.152.241.196 - - [24/Aug/2023:09:30:29 +0800] "GET /xingrg/check_reg.html?_=1692840629091 HTTP/1.1" 200 22
180.152.241.196 - - [24/Aug/2023:09:30:29 +0800] "GET /xingrg/all/function/internal_message.html?_=1692840629096&CODE_STATE=getMsg HTTP/1.1" 200 27
101.83.145.37 - - [24/Aug/2023:09:30:35 +0800] "POST /xingrg/kc/buy/cgsh_list_operate.html HTTP/1.1" 200 1883
114.83.221.186 - - [24/Aug/2023:09:30:39 +0800] "GET /xingrg/all/function/internal_message.html?_=1692840777620&CODE_STATE=getMsg HTTP/1.1" 200 27
101.83.145.37 - - [24/Aug/2023:09:30:40 +0800] "GET /xingrg/kc/buy/cgsh_order_list.html HTTP/1.1" 200 56234
101.228.187.155 - - [24/Aug/2023:09:30:46 +0800] "GET /xingrg/all/function/internal_message.html?_=1692840645160&CODE_STATE=getMsg HTTP/1.1" 200 27
101.83.145.37 - - [24/Aug/2023:09:30:48 +0800] "POST /xingrg/kc/buy/cgsh_list_operate.html HTTP/1.1" 200 2271
124.78.155.92 - - [24/Aug/2023:09:30:49 +0800] "GET /xingrg/kc/buy/cgsh_order_add.html HTTP/1.1" 200 72016
124.78.155.92 - - [24/Aug/2023:09:30:50 +0800] "GET /xingrg/javascript/easyui/themes/default/validatebox.css HTTP/1.1" 404 1104
124.78.155.92 - - [24/Aug/2023:09:30:50 +0800] "POST /xingrg/kc/buy/cgsh_order_operate.html HTTP/1.1" 200 8245
116.232.195.127 - - [24/Aug/2023:09:30:51 +0800] "GET /xingrg/all/function/internal_message.html?_=1692840569786&CODE_STATE=getMsg HTTP/1.1" 200 27
114.95.241.104 - - [24/Aug/2023:09:30:51 +0800] "GET /xingrg/all/function/internal_message.html?_=1692840651682&CODE_STATE=getMsg HTTP/1.1" 200 27
221.239.167.251 - - [24/Aug/2023:09:30:52 +0800] "GET /xingrg/all/function/internal_message.html?_=1692840652159&CODE_STATE=getMsg HTTP/1.1" 200 27
124.78.155.92 - - [24/Aug/2023:09:30:54 +0800] "GET /xingrg/javascript/easyui/themes/default/tree.css HTTP/1.1" 404 1090
124.78.155.92 - - [24/Aug/2023:09:30:55 +0800] "POST /xingrg/all/common/load_tree.html?tree=supplier_tree_json&isDelete=1 HTTP/1.1" 200 75131
101.83.145.37 - - [24/Aug/2023:09:30:57 +0800] "GET /xingrg/all/function/internal_message.html?_=1692840657123&CODE_STATE=getMsg HTTP/1.1" 200 27
222.70.173.73 - - [24/Aug/2023:09:31:12 +0800] "GET /xingrg/all/function/internal_message.html?_=1692840660643&CODE_STATE=getMsg HTTP/1.1" 200 27
222.69.128.227 - - [24/Aug/2023:09:31:17 +0800] "GET /xingrg/check_reg.html?_=1692840676568 HTTP/1.1" 200 22
124.78.155.92 - - [24/Aug/2023:09:31:19 +0800] "GET /xingrg/all/function/internal_message.html?_=1692840676655&CODE_STATE=getMsg HTTP/1.1" 200 27
222.69.128.227 - - [24/Aug/2023:09:31:19 +0800] "GET /xingrg/all/function/internal_message.html?_=1692840678349&CODE_STATE=getMsg HTTP/1.1" 200 27
124.78.155.92 - - [24/Aug/2023:09:31:21 +0800] "GET /xingrg/kc/buy/cgsh_order_operate.html?command=get_materiel&rest_code=00106&code=00101008147&supplier_code=00100009&order_time=2023-08-24 HTTP/1.1" 200 416
120.253.135.82 - - [24/Aug/2023:09:31:26 +0800] "GET /xingrg/all/function/internal_message.html?_=1692840498062&CODE_STATE=getMsg HTTP/1.1" 200 27
222.70.180.200 - - [24/Aug/2023:09:31:27 +0800] "GET /xingrg/all/function/internal_message.html?_=1692840686779&CODE_STATE=getMsg HTTP/1.1" 200 27
101.83.145.37 - - [24/Aug/2023:09:31:27 +0800] "POST /xingrg/kc/buy/cgsh_list_operate.html HTTP/1.1" 200 570
101.83.145.37 - - [24/Aug/2023:09:31:29 +0800] "GET /xingrg/kc/buy/cgsh_order_info.html?code=212023082409566 HTTP/1.1" 200 72101
180.152.241.196 - - [24/Aug/2023:09:31:29 +0800] "GET /xingrg/all/function/internal_message.html?_=1692840689092&CODE_STATE=getMsg HTTP/1.1" 200 27
101.83.145.37 - - [24/Aug/2023:09:31:29 +0800] "GET /xingrg/javascript/easyui/themes/default/validatebox.css HTTP/1.1" 404 1104
101.83.145.37 - - [24/Aug/2023:09:31:30 +0800] "POST /xingrg/kc/buy/cgsh_order_operate.html HTTP/1.1" 200 28065
114.83.221.186 - - [24/Aug/2023:09:31:39 +0800] "GET /xingrg/check_reg.html?_=1692840837630 HTTP/1.1" 200 22
114.83.221.186 - - [24/Aug/2023:09:31:39 +0800] "GET /xingrg/all/function/internal_message.html?_=1692840837632&CODE_STATE=getMsg HTTP/1.1" 200 27
124.78.155.92 - - [24/Aug/2023:09:31:39 +0800] "GET /xingrg/kc/buy/cgsh_order_operate.html?command=get_materiel&rest_code=00106&code=00101008146&supplier_code=00100009&order_time=2023-08-24 HTTP/1.1" 200 416
101.83.145.37 - - [24/Aug/2023:09:31:39 +0800] "POST /xingrg/kc/buy/cgsh_order_operate.html HTTP/1.1" 200 2065
101.83.145.37 - - [24/Aug/2023:09:31:41 +0800] "POST /xingrg/kc/buy/cgsh_order_operate.html HTTP/1.1" 200 2065
101.228.187.155 - - [24/Aug/2023:09:31:46 +0800] "GET /xingrg/all/function/internal_message.html?_=1692840705149&CODE_STATE=getMsg HTTP/1.1" 200 27
116.232.195.127 - - [24/Aug/2023:09:31:51 +0800] "GET /xingrg/all/function/internal_message.html?_=1692840629765&CODE_STATE=getMsg HTTP/1.1" 200 27
114.95.241.104 - - [24/Aug/2023:09:31:51 +0800] "GET /xingrg/all/function/internal_message.html?_=1692840711662&CODE_STATE=getMsg HTTP/1.1" 200 27
221.239.167.251 - - [24/Aug/2023:09:31:52 +0800] "GET /xingrg/all/function/internal_message.html?_=1692840712164&CODE_STATE=getMsg HTTP/1.1" 200 27
101.83.145.37 - - [24/Aug/2023:09:31:57 +0800] "GET /xingrg/all/function/internal_message.html?_=1692840717055&CODE_STATE=getMsg HTTP/1.1" 200 27
124.78.155.92 - - [24/Aug/2023:09:31:57 +0800] "POST /xingrg/kc/buy/cgsh_order_operate.html HTTP/1.1" 200 37
101.83.145.37 - - [24/Aug/2023:09:31:57 +0800] "GET /xingrg/kc/buy/cgsh_order_operate.html?command=get_materiel&rest_code=00105&code=00101008096&supplier_code=00100203&order_time=2023-08-24 HTTP/1.1" 200 412
124.78.155.92 - - [24/Aug/2023:09:32:08 +0800] "POST /xingrg/kc/buy/cgsh_order_operate.html HTTP/1.1" 200 12
101.83.145.37 - - [24/Aug/2023:09:32:09 +0800] "GET /xingrg/kc/buy/cgsh_order_operate.html?command=get_materiel&rest_code=00105&code=00101008199&supplier_code=00100203&order_time=2023-08-24 HTTP/1.1" 200 408
124.78.155.92 - - [24/Aug/2023:09:32:11 +0800] "GET /xingrg/kc/buy/cgsh_order_info.html?code=212023082409569 HTTP/1.1" 200 66931
124.78.155.92 - - [24/Aug/2023:09:32:12 +0800] "GET /xingrg/javascript/easyui/themes/default/validatebox.css HTTP/1.1" 404 1104
222.70.173.73 - - [24/Aug/2023:09:32:12 +0800] "GET /xingrg/all/function/internal_message.html?_=1692840720656&CODE_STATE=getMsg HTTP/1.1" 200 27
124.78.155.92 - - [24/Aug/2023:09:32:13 +0800] "POST /xingrg/kc/buy/cgsh_order_operate.html HTTP/1.1" 200 1205
180.163.28.114 - - [24/Aug/2023:09:32:16 +0800] "GET /xingrg/kc/buy/cgsh_order_operate.html?command=get_materiel&rest_code=00106&code=00101008147&supplier_code=00100009&order_time=2023-08-24 HTTP/1.1" 302 -
180.163.28.114 - - [24/Aug/2023:09:32:16 +0800] "GET /xingrg/login.html HTTP/1.1" 200 7641
124.78.155.92 - - [24/Aug/2023:09:32:18 +0800] "GET /xingrg/kc/print/load_data.html?order_code=212023082409569&kc_code=cgsh&condition= HTTP/1.1" 200 1007
124.78.155.92 - - [24/Aug/2023:09:32:19 +0800] "GET /xingrg/all/function/internal_message.html?_=1692840736669&CODE_STATE=getMsg HTTP/1.1" 200 27
222.69.128.227 - - [24/Aug/2023:09:32:19 +0800] "GET /xingrg/all/function/internal_message.html?_=1692840738334&CODE_STATE=getMsg HTTP/1.1" 200 27
120.253.135.82 - - [24/Aug/2023:09:32:26 +0800] "GET /xingrg/all/function/internal_message.html?_=1692840558566&CODE_STATE=getMsg HTTP/1.1" 200 27
222.70.180.200 - - [24/Aug/2023:09:32:27 +0800] "GET /xingrg/all/function/internal_message.html?_=1692840746783&CODE_STATE=getMsg HTTP/1.1" 200 27
101.83.145.37 - - [24/Aug/2023:09:32:27 +0800] "GET /xingrg/kc/buy/cgsh_order_operate.html?command=get_materiel&rest_code=00105&code=00101008246&supplier_code=00100203&order_time=2023-08-24 HTTP/1.1" 200 408
180.152.241.196 - - [24/Aug/2023:09:32:29 +0800] "GET /xingrg/all/function/internal_message.html?_=1692840749084&CODE_STATE=getMsg HTTP/1.1" 200 27
101.83.145.37 - - [24/Aug/2023:09:32:32 +0800] "GET /xingrg/check_reg.html?_=1692840752751 HTTP/1.1" 200 22
101.83.145.37 - - [24/Aug/2023:09:32:35 +0800] "GET /xingrg/kc/buy/cgsh_order_operate.html?command=get_materiel&rest_code=00105&code=00101008003&supplier_code=00100203&order_time=2023-08-24 HTTP/1.1" 200 408
114.83.221.186 - - [24/Aug/2023:09:32:39 +0800] "GET /xingrg/all/function/internal_message.html?_=1692840897623&CODE_STATE=getMsg HTTP/1.1" 200 27
101.228.187.155 - - [24/Aug/2023:09:32:46 +0800] "GET /xingrg/all/function/internal_message.html?_=1692840765157&CODE_STATE=getMsg HTTP/1.1" 200 27
114.95.241.104 - - [24/Aug/2023:09:32:47 +0800] "POST /xingrg/all/user/operate.html HTTP/1.1" 200 36
114.95.241.104 - - [24/Aug/2023:09:32:47 +0800] "GET /xingrg/index.html?sysBaseUrl=http%3A%2F%2F180.169.147.146%3A18081%2Fxingrg%2F&costTime=4900×tamp=1692763033631 HTTP/1.1" 200 17179
114.95.241.104 - - [24/Aug/2023:09:32:47 +0800] "GET /xingrg/javascript/jquery_easy_ui/themes/default/easyui.css HTTP/1.1" 304 -
114.95.241.104 - - [24/Aug/2023:09:32:47 +0800] "GET /xingrg/javascript/jquery_easy_ui/themes/icon.css HTTP/1.1" 304 -
114.95.241.104 - - [24/Aug/2023:09:32:47 +0800] "GET /xingrg/css/form.css HTTP/1.1" 304 -
114.95.241.104 - - [24/Aug/2023:09:32:47 +0800] "GET /xingrg/javascript/jquery-1.4.2.min.js HTTP/1.1" 304 -
114.95.241.104 - - [24/Aug/2023:09:32:47 +0800] "GET /xingrg/javascript/jquery_easy_ui/jquery.easyui.min.js HTTP/1.1" 304 -
114.95.241.104 - - [24/Aug/2023:09:32:47 +0800] "GET /xingrg/javascript/jquery_easy_ui/easyui-lang-zh_CN.js HTTP/1.1" 304 -
114.95.241.104 - - [24/Aug/2023:09:32:47 +0800] "GET /xingrg/javascript/jquery.form.js HTTP/1.1" 304 -
114.95.241.104 - - [24/Aug/2023:09:32:47 +0800] "GET /xingrg/javascript/jquery.utils.js HTTP/1.1" 304 -
114.95.241.104 - - [24/Aug/2023:09:32:47 +0800] "GET /xingrg/javascript/jquery.timers.js HTTP/1.1" 304 -
114.95.241.104 - - [24/Aug/2023:09:32:47 +0800] "GET /xingrg/images/blue/jxLogo.png HTTP/1.1" 304 -
114.95.241.104 - - [24/Aug/2023:09:32:47 +0800] "GET /xingrg/images/blue/navBackgound.jpg HTTP/1.1" 304 -
114.95.241.104 - - [24/Aug/2023:09:32:47 +0800] "GET /xingrg/javascript/jquery_easy_ui/themes/icons/settle_new.png HTTP/1.1" 304 -
114.95.241.104 - - [24/Aug/2023:09:32:47 +0800] "GET /xingrg/check_reg.html?_=1692840767560 HTTP/1.1" 200 22
114.95.241.104 - - [24/Aug/2023:09:32:47 +0800] "GET /xingrg/all/function/internal_message.html?_=1692840767559&CODE_STATE=count HTTP/1.1" 200 11
114.95.241.104 - - [24/Aug/2023:09:32:47 +0800] "GET /xingrg/images/blue/pingpu.png HTTP/1.1" 304 -
114.95.241.104 - - [24/Aug/2023:09:32:47 +0800] "GET /xingrg/javascript/jquery_easy_ui/themes/default/images/tabs_rightarrow.png HTTP/1.1" 304 -
114.95.241.104 - - [24/Aug/2023:09:32:47 +0800] "GET /xingrg/javascript/jquery_easy_ui/themes/default/images/tabs_leftarrow.png HTTP/1.1" 304 -
114.95.241.104 - - [24/Aug/2023:09:32:47 +0800] "GET /xingrg/javascript/jquery_easy_ui/themes/default/images/panel_tool_collapse.gif HTTP/1.1" 304 -
114.95.241.104 - - [24/Aug/2023:09:32:47 +0800] "POST /xingrg/all/common/load_tree.html?tree=area_rest_tree_json&manage=1 HTTP/1.1" 200 476
114.95.241.104 - - [24/Aug/2023:09:32:47 +0800] "POST /xingrg/load_menu.html HTTP/1.1" 200 5138
101.83.145.37 - - [24/Aug/2023:09:32:49 +0800] "GET /xingrg/kc/buy/cgsh_order_operate.html?command=get_materiel&rest_code=00105&code=00101008361&supplier_code=00100203&order_time=2023-08-24 HTTP/1.1" 200 408
116.232.195.127 - - [24/Aug/2023:09:32:51 +0800] "GET /xingrg/all/function/internal_message.html?_=1692840689750&CODE_STATE=getMsg HTTP/1.1" 200 27
221.239.167.251 - - [24/Aug/2023:09:32:52 +0800] "GET /xingrg/all/function/internal_message.html?_=1692840772170&CODE_STATE=getMsg HTTP/1.1" 200 27
101.83.145.37 - - [24/Aug/2023:09:32:57 +0800] "GET /xingrg/all/function/internal_message.html?_=1692840777072&CODE_STATE=getMsg HTTP/1.1" 200 27
114.95.241.104 - - [24/Aug/2023:09:32:57 +0800] "GET /xingrg/kc/mdqp/qqps_order_list.html HTTP/1.1" 200 10095
114.95.241.104 - - [24/Aug/2023:09:32:57 +0800] "GET /xingrg/dwr/interface/AjaxReportQueryService.js HTTP/1.1" 200 13203
114.95.241.104 - - [24/Aug/2023:09:32:57 +0800] "GET /xingrg/dwr/interface/AjaxQqpsService.js HTTP/1.1" 200 16326
114.95.241.104 - - [24/Aug/2023:09:32:57 +0800] "GET /xingrg/dwr/engine.js HTTP/1.1" 200 43631
101.83.145.37 - - [24/Aug/2023:09:32:58 +0800] "GET /xingrg/kc/buy/cgsh_order_operate.html?command=get_materiel&rest_code=00105&code=00101008212&supplier_code=00100203&order_time=2023-08-24 HTTP/1.1" 200 412
114.95.241.104 - - [24/Aug/2023:09:32:58 +0800] "GET /xingrg/kc/mdqp/qqps_order_add.html HTTP/1.1" 200 28246
114.95.241.104 - - [24/Aug/2023:09:32:59 +0800] "GET /xingrg/dwr/interface/AjaxComOrderService.js HTTP/1.1" 200 18264
114.95.241.104 - - [24/Aug/2023:09:32:59 +0800] "GET /xingrg/dwr/interface/AjaxQqpsService.js HTTP/1.1" 200 16326
114.95.241.104 - - [24/Aug/2023:09:32:59 +0800] "GET /xingrg/dwr/engine.js HTTP/1.1" 200 43631
101.83.145.37 - - [24/Aug/2023:09:33:11 +0800] "GET /xingrg/kc/buy/cgsh_order_operate.html?command=get_materiel&rest_code=00105&code=00101008059&supplier_code=00100203&order_time=2023-08-24 HTTP/1.1" 200 408
222.70.173.73 - - [24/Aug/2023:09:33:13 +0800] "GET /xingrg/all/function/internal_message.html?_=1692840780788&CODE_STATE=getMsg HTTP/1.1" 200 27
114.95.241.104 - - [24/Aug/2023:09:33:14 +0800] "POST /xingrg/dwr/call/plaincall/AjaxQqpsService.saveOrder.dwr HTTP/1.1" 200 78
114.95.241.104 - - [24/Aug/2023:09:33:16 +0800] "GET /xingrg/javascript/auto/indicator.gif HTTP/1.1" 404 1066
124.78.155.92 - - [24/Aug/2023:09:33:19 +0800] "GET /xingrg/all/function/internal_message.html?_=1692840796648&CODE_STATE=getMsg HTTP/1.1" 200 27
222.69.128.227 - - [24/Aug/2023:09:33:19 +0800] "GET /xingrg/all/function/internal_message.html?_=1692840798305&CODE_STATE=getMsg HTTP/1.1" 200 27
124.78.155.92 - - [24/Aug/2023:09:33:20 +0800] "GET /xingrg/check_reg.html?_=1692840797461 HTTP/1.1" 200 22
114.95.241.104 - - [24/Aug/2023:09:33:21 +0800] "POST /xingrg/dwr/call/plaincall/AjaxQqpsService.getMaterielByCode.dwr HTTP/1.1" 200 3868
101.228.187.155 - - [24/Aug/2023:09:33:22 +0800] "GET /xingrg/javascript/jquery_easy_ui/themes/default/images/tabs_active.png HTTP/1.1" 304 -
114.95.241.104 - - [24/Aug/2023:09:33:24 +0800] "POST /xingrg/dwr/call/plaincall/AjaxQqpsService.saveMaterielItem.dwr HTTP/1.1" 200 78
120.253.135.82 - - [24/Aug/2023:09:33:26 +0800] "GET /xingrg/all/function/internal_message.html?_=1692840618569&CODE_STATE=getMsg HTTP/1.1" 200 27
222.70.180.200 - - [24/Aug/2023:09:33:27 +0800] "GET /xingrg/check_reg.html?_=1692840806785 HTTP/1.1" 200 22
222.70.180.200 - - [24/Aug/2023:09:33:27 +0800] "GET /xingrg/all/function/internal_message.html?_=1692840806792&CODE_STATE=getMsg HTTP/1.1" 200 27
