222.70.173.73 - - [24/Aug/2023:10:17:28 +0800] "GET /xingrg/kc/buy/cgsh_order_operate.html?command=get_materiel&rest_code=00146&code=00101008331&supplier_code=00100005&order_time=2023-08-24 HTTP/1.1" 200 416
180.152.241.196 - - [24/Aug/2023:10:17:29 +0800] "GET /xingrg/all/function/internal_message.html?_=1692843449086&CODE_STATE=getMsg HTTP/1.1" 200 27
180.169.147.146 - - [24/Aug/2023:10:17:29 +0800] "POST /xingrg/kc/base/check_list_operate.html HTTP/1.1" 200 781
120.253.135.82 - - [24/Aug/2023:10:17:29 +0800] "GET /xingrg/all/function/internal_message.html?_=1692843261958&CODE_STATE=getMsg HTTP/1.1" 200 27
114.95.241.104 - - [24/Aug/2023:10:17:30 +0800] "GET /xingrg/all/function/internal_message.html?_=1692843450573&CODE_STATE=getMsg HTTP/1.1" 200 27
101.83.145.37 - - [24/Aug/2023:10:17:32 +0800] "GET /xingrg/check_reg.html?_=1692843452724 HTTP/1.1" 200 22
180.169.147.146 - - [24/Aug/2023:10:17:33 +0800] "POST /xingrg/all/user/operate.html HTTP/1.1" 200 36
180.169.147.146 - - [24/Aug/2023:10:17:33 +0800] "GET /xingrg/index.html?sysBaseUrl=http%3A%2F%2F180.169.147.146%3A18081%2Fxingrg%2F&costTime=1108×tamp=1692843292738 HTTP/1.1" 200 17509
180.169.147.146 - - [24/Aug/2023:10:17:33 +0800] "GET /xingrg/javascript/jquery_easy_ui/themes/default/easyui.css HTTP/1.1" 304 -
180.169.147.146 - - [24/Aug/2023:10:17:33 +0800] "GET /xingrg/javascript/jquery_easy_ui/themes/icon.css HTTP/1.1" 304 -
180.169.147.146 - - [24/Aug/2023:10:17:33 +0800] "GET /xingrg/css/form.css HTTP/1.1" 304 -
180.169.147.146 - - [24/Aug/2023:10:17:33 +0800] "GET /xingrg/javascript/jquery-1.4.2.min.js HTTP/1.1" 304 -
180.169.147.146 - - [24/Aug/2023:10:17:33 +0800] "GET /xingrg/javascript/jquery_easy_ui/jquery.easyui.min.js HTTP/1.1" 304 -
180.169.147.146 - - [24/Aug/2023:10:17:33 +0800] "GET /xingrg/javascript/jquery_easy_ui/easyui-lang-zh_CN.js HTTP/1.1" 304 -
180.169.147.146 - - [24/Aug/2023:10:17:33 +0800] "GET /xingrg/javascript/jquery.form.js HTTP/1.1" 304 -
180.169.147.146 - - [24/Aug/2023:10:17:33 +0800] "GET /xingrg/javascript/jquery.utils.js HTTP/1.1" 304 -
180.169.147.146 - - [24/Aug/2023:10:17:33 +0800] "GET /xingrg/javascript/jquery.timers.js HTTP/1.1" 304 -
180.169.147.146 - - [24/Aug/2023:10:17:33 +0800] "GET /xingrg/images/blue/jxLogo.png HTTP/1.1" 304 -
180.169.147.146 - - [24/Aug/2023:10:17:33 +0800] "GET /xingrg/images/blue/navBackgound.jpg HTTP/1.1" 304 -
180.169.147.146 - - [24/Aug/2023:10:17:33 +0800] "GET /xingrg/javascript/jquery_easy_ui/themes/icons/settle_new.png HTTP/1.1" 304 -
180.169.147.146 - - [24/Aug/2023:10:17:33 +0800] "GET /xingrg/images/blue/pingpu.png HTTP/1.1" 304 -
180.169.147.146 - - [24/Aug/2023:10:17:33 +0800] "GET /xingrg/javascript/jquery_easy_ui/themes/default/images/tabs_leftarrow.png HTTP/1.1" 304 -
180.169.147.146 - - [24/Aug/2023:10:17:33 +0800] "GET /xingrg/all/function/internal_message.html?_=1692843454995&CODE_STATE=count HTTP/1.1" 200 11
180.169.147.146 - - [24/Aug/2023:10:17:33 +0800] "GET /xingrg/check_reg.html?_=1692843454996 HTTP/1.1" 200 22
180.169.147.146 - - [24/Aug/2023:10:17:33 +0800] "GET /xingrg/javascript/jquery_easy_ui/themes/default/images/tabs_rightarrow.png HTTP/1.1" 304 -
180.169.147.146 - - [24/Aug/2023:10:17:33 +0800] "GET /xingrg/javascript/jquery_easy_ui/themes/default/images/panel_tool_expand.gif HTTP/1.1" 304 -
180.169.147.146 - - [24/Aug/2023:10:17:33 +0800] "GET /xingrg/javascript/jquery_easy_ui/themes/default/images/panel_tool_collapse.gif HTTP/1.1" 304 -
180.169.147.146 - - [24/Aug/2023:10:17:33 +0800] "POST /xingrg/all/common/load_tree.html?tree=area_rest_tree_json&manage=1 HTTP/1.1" 200 2106
180.169.147.146 - - [24/Aug/2023:10:17:34 +0800] "POST /xingrg/load_menu.html HTTP/1.1" 200 9959
120.253.135.82 - - [24/Aug/2023:10:17:34 +0800] "POST /xingrg/kc/pszx/mdps_order_operate.html HTTP/1.1" 200 37
58.40.7.146 - - [24/Aug/2023:10:17:37 +0800] "GET /xingrg/all/function/internal_message.html?_=1692843457271&CODE_STATE=getMsg HTTP/1.1" 200 27
222.69.128.227 - - [24/Aug/2023:10:17:37 +0800] "GET /xingrg/kc/buy/cgsh_order_add.html HTTP/1.1" 200 72104
222.69.128.227 - - [24/Aug/2023:10:17:37 +0800] "POST /xingrg/kc/buy/cgsh_order_operate.html HTTP/1.1" 200 8245
222.69.128.227 - - [24/Aug/2023:10:17:37 +0800] "GET /xingrg/javascript/easyui/themes/default/validatebox.css HTTP/1.1" 404 1104
180.169.147.146 - - [24/Aug/2023:10:17:38 +0800] "GET /xingrg/kc/base/check_order_list.html HTTP/1.1" 200 16601
180.169.147.146 - - [24/Aug/2023:10:17:38 +0800] "POST /xingrg/kc/base/check_list_operate.html HTTP/1.1" 200 2913
114.83.221.186 - - [24/Aug/2023:10:17:38 +0800] "GET /xingrg/all/function/internal_message.html?_=1692843597218&CODE_STATE=getMsg HTTP/1.1" 200 27
120.253.135.82 - - [24/Aug/2023:10:17:44 +0800] "GET /xingrg/all/function/internal_message.html?_=1692843605261&CODE_STATE=getMsg HTTP/1.1" 200 27
120.253.135.82 - - [24/Aug/2023:10:17:45 +0800] "GET /xingrg/kc/pszx/mdps_order_info.html?code=312023082400588 HTTP/1.1" 200 23976
120.253.135.82 - - [24/Aug/2023:10:17:45 +0800] "GET /xingrg/javascript/easyui/themes/default/validatebox.css HTTP/1.1" 404 1104
120.253.135.82 - - [24/Aug/2023:10:17:45 +0800] "GET /xingrg/all/common/auto_word.html?type=base&rest_code=00101 HTTP/1.1" 200 671
120.253.135.82 - - [24/Aug/2023:10:17:45 +0800] "POST /xingrg/kc/pszx/mdps_order_operate.html HTTP/1.1" 200 9491
101.228.187.155 - - [24/Aug/2023:10:17:47 +0800] "GET /xingrg/all/function/internal_message.html?_=1692843465395&CODE_STATE=getMsg HTTP/1.1" 200 27
116.232.195.127 - - [24/Aug/2023:10:17:50 +0800] "GET /xingrg/all/function/internal_message.html?_=1692843388983&CODE_STATE=getMsg HTTP/1.1" 200 27
120.253.135.82 - - [24/Aug/2023:10:17:51 +0800] "POST /xingrg/kc/pszx/mdps_order_operate.html HTTP/1.1" 200 37
180.165.48.189 - - [24/Aug/2023:10:17:51 +0800] "GET /xingrg/check_reg.html?_=1692843471951 HTTP/1.1" 200 22
180.165.48.189 - - [24/Aug/2023:10:17:51 +0800] "GET /xingrg/all/function/internal_message.html?_=1692843471956&CODE_STATE=getMsg HTTP/1.1" 200 27
221.239.167.251 - - [24/Aug/2023:10:17:53 +0800] "GET /xingrg/all/function/internal_message.html?_=1692843472233&CODE_STATE=getMsg HTTP/1.1" 200 27
120.253.135.82 - - [24/Aug/2023:10:17:54 +0800] "GET /xingrg/kc/pszx/mdps_order_info.html?code=312023082400588 HTTP/1.1" 200 23976
120.253.135.82 - - [24/Aug/2023:10:17:54 +0800] "GET /xingrg/javascript/easyui/themes/default/validatebox.css HTTP/1.1" 404 1104
120.253.135.82 - - [24/Aug/2023:10:17:54 +0800] "GET /xingrg/all/common/auto_word.html?type=base&rest_code=00101 HTTP/1.1" 200 671
180.169.147.146 - - [24/Aug/2023:10:17:54 +0800] "POST /xingrg/kc/base/check_list_operate.html HTTP/1.1" 200 4
120.253.135.82 - - [24/Aug/2023:10:17:54 +0800] "POST /xingrg/kc/pszx/mdps_order_operate.html HTTP/1.1" 200 9491
101.83.145.37 - - [24/Aug/2023:10:17:56 +0800] "GET /xingrg/all/function/internal_message.html?_=1692843476072&CODE_STATE=getMsg HTTP/1.1" 200 27
222.70.173.73 - - [24/Aug/2023:10:17:56 +0800] "GET /xingrg/kc/buy/cgsh_order_operate.html?command=get_materiel&rest_code=00146&code=00101008350&supplier_code=00100005&order_time=2023-08-24 HTTP/1.1" 200 408
180.169.147.146 - - [24/Aug/2023:10:17:58 +0800] "POST /xingrg/kc/base/check_list_operate.html HTTP/1.1" 200 781
222.70.173.73 - - [24/Aug/2023:10:18:15 +0800] "GET /xingrg/all/function/internal_message.html?_=1692843482934&CODE_STATE=getMsg HTTP/1.1" 200 27
222.70.173.73 - - [24/Aug/2023:10:18:15 +0800] "GET /xingrg/kc/buy/cgsh_order_operate.html?command=get_materiel&rest_code=00146&code=00101008185&supplier_code=00100005&order_time=2023-08-24 HTTP/1.1" 200 408
124.78.155.92 - - [24/Aug/2023:10:18:18 +0800] "GET /xingrg/all/function/internal_message.html?_=1692843495742&CODE_STATE=getMsg HTTP/1.1" 200 27
222.69.128.227 - - [24/Aug/2023:10:18:19 +0800] "GET /xingrg/all/function/internal_message.html?_=1692843497852&CODE_STATE=getMsg HTTP/1.1" 200 27
124.78.155.92 - - [24/Aug/2023:10:18:20 +0800] "GET /xingrg/check_reg.html?_=1692843497305 HTTP/1.1" 200 22
180.152.241.196 - - [24/Aug/2023:10:18:23 +0800] "GET /xingrg/all/function/internal_message.html?_=1692843508216&CODE_STATE=getMsg HTTP/1.1" 200 27
180.152.241.196 - - [24/Aug/2023:10:18:23 +0800] "GET /xingrg/check_reg.html?_=1692843508219 HTTP/1.1" 200 22
116.232.195.127 - - [24/Aug/2023:10:18:23 +0800] "GET /xingrg/all/function/internal_message.html?_=1692843422385&CODE_STATE=getMsg HTTP/1.1" 200 27
116.232.195.127 - - [24/Aug/2023:10:18:23 +0800] "GET /xingrg/check_reg.html?_=1692843422393 HTTP/1.1" 200 22
222.70.180.200 - - [24/Aug/2023:10:18:27 +0800] "GET /xingrg/check_reg.html?_=1692843506872 HTTP/1.1" 200 22
222.70.180.200 - - [24/Aug/2023:10:18:27 +0800] "GET /xingrg/all/function/internal_message.html?_=1692843506867&CODE_STATE=getMsg HTTP/1.1" 200 27
180.152.241.196 - - [24/Aug/2023:10:18:29 +0800] "GET /xingrg/all/function/internal_message.html?_=1692843509100&CODE_STATE=getMsg HTTP/1.1" 200 27
120.253.135.82 - - [24/Aug/2023:10:18:29 +0800] "GET /xingrg/all/function/internal_message.html?_=1692843321973&CODE_STATE=getMsg HTTP/1.1" 200 27
114.95.241.104 - - [24/Aug/2023:10:18:30 +0800] "GET /xingrg/all/function/internal_message.html?_=1692843510586&CODE_STATE=getMsg HTTP/1.1" 200 27
114.95.241.104 - - [24/Aug/2023:10:18:30 +0800] "GET /xingrg/check_reg.html?_=1692843510590 HTTP/1.1" 200 22
180.169.147.146 - - [24/Aug/2023:10:18:33 +0800] "GET /xingrg/all/function/internal_message.html?_=1692843515015&CODE_STATE=getMsg HTTP/1.1" 200 27
101.83.145.37 - - [24/Aug/2023:10:18:37 +0800] "POST /xingrg/kc/buy/cgsh_order_operate.html HTTP/1.1" 200 37
58.40.7.146 - - [24/Aug/2023:10:18:37 +0800] "GET /xingrg/all/function/internal_message.html?_=1692843517257&CODE_STATE=getMsg HTTP/1.1" 200 27
114.83.221.186 - - [24/Aug/2023:10:18:38 +0800] "GET /xingrg/all/function/internal_message.html?_=1692843657199&CODE_STATE=getMsg HTTP/1.1" 200 27
101.83.145.37 - - [24/Aug/2023:10:18:40 +0800] "POST /xingrg/kc/buy/cgsh_order_operate.html HTTP/1.1" 200 6830
120.253.135.82 - - [24/Aug/2023:10:18:40 +0800] "GET /xingrg/all/function/internal_message.html?_=1692843661521&CODE_STATE=getMsg HTTP/1.1" 200 27
222.70.173.73 - - [24/Aug/2023:10:18:41 +0800] "GET /xingrg/kc/buy/cgsh_order_operate.html?command=get_materiel&rest_code=00146&code=00101008010&supplier_code=00100005&order_time=2023-08-24 HTTP/1.1" 200 412
101.83.145.37 - - [24/Aug/2023:10:18:42 +0800] "GET /xingrg/kc/print/load_data.html?order_code=212023082409579&kc_code=cgsh&condition= HTTP/1.1" 200 2375
120.253.135.82 - - [24/Aug/2023:10:18:45 +0800] "POST /xingrg/kc/pszx/mdps_list_operate.html HTTP/1.1" 200 5434
222.70.173.73 - - [24/Aug/2023:10:18:45 +0800] "POST /xingrg/kc/buy/cgsh_order_operate.html HTTP/1.1" 200 2065
101.228.187.155 - - [24/Aug/2023:10:18:47 +0800] "GET /xingrg/all/function/internal_message.html?_=1692843525386&CODE_STATE=getMsg HTTP/1.1" 200 27
101.228.187.155 - - [24/Aug/2023:10:18:47 +0800] "GET /xingrg/check_reg.html?_=1692843525669 HTTP/1.1" 200 22
120.253.135.82 - - [24/Aug/2023:10:18:48 +0800] "POST /xingrg/kc/pszx/mdps_list_operate.html HTTP/1.1" 200 611
116.232.195.127 - - [24/Aug/2023:10:18:50 +0800] "GET /xingrg/all/function/internal_message.html?_=1692843448971&CODE_STATE=getMsg HTTP/1.1" 200 27
120.253.135.82 - - [24/Aug/2023:10:18:51 +0800] "GET /xingrg/kc/pszx/mdps_order_info.html?code=312023082400585 HTTP/1.1" 200 23976
120.253.135.82 - - [24/Aug/2023:10:18:51 +0800] "GET /xingrg/javascript/easyui/themes/default/validatebox.css HTTP/1.1" 404 1104
120.253.135.82 - - [24/Aug/2023:10:18:51 +0800] "GET /xingrg/all/common/auto_word.html?type=base&rest_code=00101 HTTP/1.1" 200 671
180.165.48.189 - - [24/Aug/2023:10:18:51 +0800] "GET /xingrg/all/function/internal_message.html?_=1692843531955&CODE_STATE=getMsg HTTP/1.1" 200 27
120.253.135.82 - - [24/Aug/2023:10:18:52 +0800] "POST /xingrg/kc/pszx/mdps_order_operate.html HTTP/1.1" 200 9905
221.239.167.251 - - [24/Aug/2023:10:18:53 +0800] "GET /xingrg/all/function/internal_message.html?_=1692843532237&CODE_STATE=getMsg HTTP/1.1" 200 27
221.239.167.251 - - [24/Aug/2023:10:18:53 +0800] "GET /xingrg/check_reg.html?_=1692843532247 HTTP/1.1" 200 22
222.70.173.73 - - [24/Aug/2023:10:18:54 +0800] "GET /xingrg/kc/buy/cgsh_order_operate.html?command=get_materiel&rest_code=00146&code=00101008038&supplier_code=00100005&order_time=2023-08-24 HTTP/1.1" 200 412
101.83.145.37 - - [24/Aug/2023:10:18:55 +0800] "GET /xingrg/all/function/internal_message.html?_=1692843536056&CODE_STATE=getMsg HTTP/1.1" 200 27
222.70.173.73 - - [24/Aug/2023:10:19:00 +0800] "GET /xingrg/check_reg.html?_=1692843528142 HTTP/1.1" 200 22
116.232.195.127 - - [24/Aug/2023:10:19:06 +0800] "GET /xingrg/check_reg.html?_=1692843464950 HTTP/1.1" 200 22
222.70.173.73 - - [24/Aug/2023:10:19:10 +0800] "GET /xingrg/kc/buy/cgsh_order_operate.html?command=get_materiel&rest_code=00146&code=00101008358&supplier_code=00100005&order_time=2023-08-24 HTTP/1.1" 200 412
222.70.173.73 - - [24/Aug/2023:10:19:15 +0800] "GET /xingrg/all/function/internal_message.html?_=1692843542948&CODE_STATE=getMsg HTTP/1.1" 200 27
120.253.135.82 - - [24/Aug/2023:10:19:16 +0800] "GET /xingrg/kc/pszx/mdps_order_add.html HTTP/1.1" 200 29218
120.253.135.82 - - [24/Aug/2023:10:19:16 +0800] "GET /xingrg/javascript/easyui/themes/default/validatebox.css HTTP/1.1" 404 1104
120.253.135.82 - - [24/Aug/2023:10:19:16 +0800] "POST /xingrg/kc/pszx/mdps_order_operate.html HTTP/1.1" 200 7126
120.253.135.82 - - [24/Aug/2023:10:19:16 +0800] "GET /xingrg/all/common/auto_word.html?type=base&rest_code=00101 HTTP/1.1" 200 671
120.253.135.82 - - [24/Aug/2023:10:19:17 +0800] "POST /xingrg/all/common/load_combo.html?type=base HTTP/1.1" 200 1169
180.163.29.217 - - [24/Aug/2023:10:19:18 +0800] "GET /xingrg/all/function/internal_message.html?_=1692843495742&CODE_STATE=getMsg HTTP/1.1" 302 -
124.78.155.92 - - [24/Aug/2023:10:19:18 +0800] "GET /xingrg/all/function/internal_message.html?_=1692843555715&CODE_STATE=getMsg HTTP/1.1" 200 27
180.163.29.217 - - [24/Aug/2023:10:19:18 +0800] "GET /xingrg/login.html HTTP/1.1" 200 7641
222.69.128.227 - - [24/Aug/2023:10:19:19 +0800] "GET /xingrg/all/function/internal_message.html?_=1692843557834&CODE_STATE=getMsg HTTP/1.1" 200 27
180.152.241.196 - - [24/Aug/2023:10:19:23 +0800] "GET /xingrg/all/function/internal_message.html?_=1692843568233&CODE_STATE=getMsg HTTP/1.1" 200 27
116.232.195.127 - - [24/Aug/2023:10:19:23 +0800] "GET /xingrg/all/function/internal_message.html?_=1692843482376&CODE_STATE=getMsg HTTP/1.1" 200 27
222.70.173.73 - - [24/Aug/2023:10:19:26 +0800] "GET /xingrg/kc/buy/cgsh_order_operate.html?command=get_materiel&rest_code=00146&code=00101008356&supplier_code=00100005&order_time=2023-08-24 HTTP/1.1" 200 409
222.70.180.200 - - [24/Aug/2023:10:19:27 +0800] "GET /xingrg/all/function/internal_message.html?_=1692843566879&CODE_STATE=getMsg HTTP/1.1" 200 27
180.152.241.196 - - [24/Aug/2023:10:19:29 +0800] "GET /xingrg/all/function/internal_message.html?_=1692843569091&CODE_STATE=getMsg HTTP/1.1" 200 27
120.253.135.82 - - [24/Aug/2023:10:19:29 +0800] "GET /xingrg/all/function/internal_message.html?_=1692843382188&CODE_STATE=getMsg HTTP/1.1" 200 27
114.95.241.104 - - [24/Aug/2023:10:19:30 +0800] "GET /xingrg/all/function/internal_message.html?_=1692843570592&CODE_STATE=getMsg HTTP/1.1" 200 27
120.253.135.82 - - [24/Aug/2023:10:19:32 +0800] "GET /xingrg/check_reg.html?_=1692843384451 HTTP/1.1" 200 22
180.169.147.146 - - [24/Aug/2023:10:19:33 +0800] "GET /xingrg/all/function/internal_message.html?_=1692843575007&CODE_STATE=getMsg HTTP/1.1" 200 27
58.40.7.146 - - [24/Aug/2023:10:19:37 +0800] "GET /xingrg/all/function/internal_message.html?_=1692843577246&CODE_STATE=getMsg HTTP/1.1" 200 27
114.83.221.186 - - [24/Aug/2023:10:19:38 +0800] "GET /xingrg/all/function/internal_message.html?_=1692843717197&CODE_STATE=getMsg HTTP/1.1" 200 27
120.253.135.82 - - [24/Aug/2023:10:19:40 +0800] "GET /xingrg/all/function/internal_message.html?_=1692843721526&CODE_STATE=getMsg HTTP/1.1" 200 27
120.253.135.82 - - [24/Aug/2023:10:19:40 +0800] "GET /xingrg/check_reg.html?_=1692843721528 HTTP/1.1" 200 22
180.169.147.146 - - [24/Aug/2023:10:19:41 +0800] "GET /xingrg/login.html HTTP/1.1" 200 7641
180.169.147.146 - - [24/Aug/2023:10:19:41 +0800] "GET /favicon.ico HTTP/1.1" 404 -
180.169.147.146 - - [24/Aug/2023:10:19:44 +0800] "POST /xingrg/login.do HTTP/1.1" 302 -
180.169.147.146 - - [24/Aug/2023:10:19:44 +0800] "GET /favicon.ico HTTP/1.1" 404 -
180.169.147.146 - - [24/Aug/2023:10:19:44 +0800] "GET /xingrg/index.html?sysBaseUrl=http%3A%2F%2F180.169.147.146%3A18081%2Fxingrg%2F&costTime=1537×tamp=1692843584270 HTTP/1.1" 200 17179
180.169.147.146 - - [24/Aug/2023:10:19:44 +0800] "GET /xingrg/check_reg.html?_=1692843581666 HTTP/1.1" 200 22
180.169.147.146 - - [24/Aug/2023:10:19:44 +0800] "GET /xingrg/all/function/internal_message.html?_=1692843581665&CODE_STATE=count HTTP/1.1" 200 11
180.169.147.146 - - [24/Aug/2023:10:19:44 +0800] "POST /xingrg/all/common/load_tree.html?tree=area_rest_tree_json&manage=1 HTTP/1.1" 200 351
180.169.147.146 - - [24/Aug/2023:10:19:44 +0800] "POST /xingrg/load_menu.html HTTP/1.1" 200 5138
222.70.173.73 - - [24/Aug/2023:10:19:46 +0800] "GET /xingrg/kc/buy/cgsh_order_operate.html?command=get_materiel&rest_code=00146&code=00101008196&supplier_code=00100005&order_time=2023-08-24 HTTP/1.1" 200 416
180.169.147.146 - - [24/Aug/2023:10:19:47 +0800] "GET /xingrg/kc/mdqp/pssh_order_list.html HTTP/1.1" 200 17963
101.228.187.155 - - [24/Aug/2023:10:19:47 +0800] "GET /xingrg/all/function/internal_message.html?_=1692843585371&CODE_STATE=getMsg HTTP/1.1" 200 27
180.169.147.146 - - [24/Aug/2023:10:19:47 +0800] "POST /xingrg/kc/mdqp/pssh_list_operate.html HTTP/1.1" 200 5222
180.169.147.146 - - [24/Aug/2023:10:19:48 +0800] "POST /xingrg/kc/mdqp/pssh_list_operate.html HTTP/1.1" 200 816
116.232.195.127 - - [24/Aug/2023:10:19:50 +0800] "GET /xingrg/all/function/internal_message.html?_=1692843508964&CODE_STATE=getMsg HTTP/1.1" 200 27
120.253.135.82 - - [24/Aug/2023:10:19:51 +0800] "GET /xingrg/javascript/easyui/themes/default/tree.css HTTP/1.1" 404 1090
180.169.147.146 - - [24/Aug/2023:10:19:51 +0800] "GET /xingrg/javascript/jquery_tools/jquery-1.4.2.min.js HTTP/1.1" 404 1094
180.169.147.146 - - [24/Aug/2023:10:19:51 +0800] "GET /xingrg/kc/mdqp/pssh_order_info.html?code=312023082200554 HTTP/1.1" 200 17303
180.169.147.146 - - [24/Aug/2023:10:19:51 +0800] "GET /xingrg/words/20230823115925_words.js HTTP/1.1" 304 -
120.253.135.82 - - [24/Aug/2023:10:19:51 +0800] "POST /xingrg/all/common/load_tree.html?tree=area_rest_tree_json&only_rest=1 HTTP/1.1" 200 3378
180.169.147.146 - - [24/Aug/2023:10:19:51 +0800] "GET /xingrg/javascript/easyui/themes/default/validatebox.css HTTP/1.1" 404 1104
180.169.147.146 - - [24/Aug/2023:10:19:51 +0800] "GET /xingrg/all/common/auto_word.html?type=base&rest_code=00147&rest_code=00147 HTTP/1.1" 200 1803
180.165.48.189 - - [24/Aug/2023:10:19:51 +0800] "GET /xingrg/all/function/internal_message.html?_=1692843591951&CODE_STATE=getMsg HTTP/1.1" 200 27
180.169.147.146 - - [24/Aug/2023:10:19:52 +0800] "GET /xingrg/all/common/auto_word.html?type=employee&rest_code=00147 HTTP/1.1" 200 101
180.169.147.146 - - [24/Aug/2023:10:19:52 +0800] "POST /xingrg/kc/mdqp/pssh_order_operate.html HTTP/1.1" 200 10199
180.169.147.146 - - [24/Aug/2023:10:19:52 +0800] "POST /xingrg/all/common/load_combo.html?type=employee HTTP/1.1" 200 186
221.239.167.251 - - [24/Aug/2023:10:19:53 +0800] "GET /xingrg/all/function/internal_message.html?_=1692843592233&CODE_STATE=getMsg HTTP/1.1" 200 27
101.83.145.37 - - [24/Aug/2023:10:19:55 +0800] "GET /xingrg/all/function/internal_message.html?_=1692843596030&CODE_STATE=getMsg HTTP/1.1" 200 27
116.232.195.127 - - [24/Aug/2023:10:19:56 +0800] "GET /favicon.ico HTTP/1.1" 404 -
180.169.147.146 - - [24/Aug/2023:10:19:57 +0800] "POST /xingrg/kc/mdqp/pssh_order_operate.html HTTP/1.1" 200 37
180.169.147.146 - - [24/Aug/2023:10:20:04 +0800] "POST /xingrg/kc/mdqp/pssh_order_operate.html HTTP/1.1" 200 12
180.169.147.146 - - [24/Aug/2023:10:20:06 +0800] "GET /xingrg/kc/mdqp/pssh_order_info.html?code=312023082200554 HTTP/1.1" 200 14392
180.169.147.146 - - [24/Aug/2023:10:20:06 +0800] "GET /xingrg/javascript/jquery_tools/jquery-1.4.2.min.js HTTP/1.1" 404 1094
180.169.147.146 - - [24/Aug/2023:10:20:06 +0800] "GET /xingrg/javascript/easyui/themes/default/validatebox.css HTTP/1.1" 404 1104
180.169.147.146 - - [24/Aug/2023:10:20:06 +0800] "POST /xingrg/kc/mdqp/pssh_order_operate.html HTTP/1.1" 200 10199
180.169.147.146 - - [24/Aug/2023:10:20:08 +0800] "POST /xingrg/kc/mdqp/pssh_list_operate.html HTTP/1.1" 200 363
180.169.147.146 - - [24/Aug/2023:10:20:10 +0800] "GET /xingrg/javascript/jquery_tools/jquery-1.4.2.min.js HTTP/1.1" 404 1094
180.169.147.146 - - [24/Aug/2023:10:20:10 +0800] "GET /xingrg/kc/mdqp/pssh_order_info.html?code=312023082200566 HTTP/1.1" 200 17303
180.169.147.146 - - [24/Aug/2023:10:20:10 +0800] "GET /xingrg/javascript/easyui/themes/default/validatebox.css HTTP/1.1" 404 1104
180.169.147.146 - - [24/Aug/2023:10:20:10 +0800] "POST /xingrg/kc/mdqp/pssh_order_operate.html HTTP/1.1" 200 1069
180.169.147.146 - - [24/Aug/2023:10:20:11 +0800] "POST /xingrg/all/common/load_combo.html?type=employee HTTP/1.1" 200 186
222.70.173.73 - - [24/Aug/2023:10:20:12 +0800] "GET /xingrg/kc/buy/cgsh_order_operate.html?command=get_materiel&rest_code=00146&code=00101008197&supplier_code=00100005&order_time=2023-08-24 HTTP/1.1" 200 416
222.70.173.73 - - [24/Aug/2023:10:20:15 +0800] "GET /xingrg/all/function/internal_message.html?_=1692843602960&CODE_STATE=getMsg HTTP/1.1" 200 27
180.169.147.146 - - [24/Aug/2023:10:20:15 +0800] "POST /xingrg/kc/mdqp/pssh_order_operate.html HTTP/1.1" 200 37
222.70.173.73 - - [24/Aug/2023:10:20:16 +0800] "POST /xingrg/kc/buy/cgsh_order_operate.html HTTP/1.1" 200 2065
180.169.147.146 - - [24/Aug/2023:10:20:20 +0800] "POST /xingrg/kc/mdqp/pssh_order_operate.html HTTP/1.1" 200 12
180.169.147.146 - - [24/Aug/2023:10:20:22 +0800] "GET /xingrg/kc/mdqp/pssh_order_info.html?code=312023082200566 HTTP/1.1" 200 14392
180.169.147.146 - - [24/Aug/2023:10:20:22 +0800] "GET /xingrg/javascript/jquery_tools/jquery-1.4.2.min.js HTTP/1.1" 404 1094
180.169.147.146 - - [24/Aug/2023:10:20:22 +0800] "POST /xingrg/kc/mdqp/pssh_list_operate.html HTTP/1.1" 200 1580
180.152.241.196 - - [24/Aug/2023:10:20:23 +0800] "GET /xingrg/all/function/internal_message.html?_=1692843628233&CODE_STATE=getMsg HTTP/1.1" 200 27
116.232.195.127 - - [24/Aug/2023:10:20:23 +0800] "GET /xingrg/all/function/internal_message.html?_=1692843542380&CODE_STATE=getMsg HTTP/1.1" 200 27
222.70.173.73 - - [24/Aug/2023:10:20:26 +0800] "GET /xingrg/kc/buy/cgsh_order_operate.html?command=get_materiel&rest_code=00146&code=00101008069&supplier_code=00100005&order_time=2023-08-24 HTTP/1.1" 200 412
180.169.147.146 - - [24/Aug/2023:10:20:27 +0800] "GET /xingrg/kc/mdqp/pssh_order_list.html HTTP/1.1" 200 17963
222.70.180.200 - - [24/Aug/2023:10:20:27 +0800] "GET /xingrg/all/function/internal_message.html?_=1692843626872&CODE_STATE=getMsg HTTP/1.1" 200 27
180.169.147.146 - - [24/Aug/2023:10:20:27 +0800] "POST /xingrg/kc/mdqp/pssh_list_operate.html HTTP/1.1" 200 5272
180.169.147.146 - - [24/Aug/2023:10:20:28 +0800] "POST /xingrg/kc/mdqp/pssh_list_operate.html HTTP/1.1" 200 778
180.152.241.196 - - [24/Aug/2023:10:20:29 +0800] "GET /xingrg/all/function/internal_message.html?_=1692843629092&CODE_STATE=getMsg HTTP/1.1" 200 27
180.152.241.196 - - [24/Aug/2023:10:20:29 +0800] "GET /xingrg/check_reg.html?_=1692843629096 HTTP/1.1" 200 22
120.253.135.82 - - [24/Aug/2023:10:20:29 +0800] "GET /xingrg/all/function/internal_message.html?_=1692843442203&CODE_STATE=getMsg HTTP/1.1" 200 27
124.78.155.92 - - [24/Aug/2023:10:20:30 +0800] "GET /xingrg/all/function/internal_message.html?_=1692843615699&CODE_STATE=getMsg HTTP/1.1" 200 27
114.95.241.104 - - [24/Aug/2023:10:20:30 +0800] "GET /xingrg/all/function/internal_message.html?_=1692843630582&CODE_STATE=getMsg HTTP/1.1" 200 27
180.169.147.146 - - [24/Aug/2023:10:20:31 +0800] "GET /xingrg/kc/mdqp/pssh_order_info.html?code=312023082200555 HTTP/1.1" 200 17303
180.169.147.146 - - [24/Aug/2023:10:20:31 +0800] "GET /xingrg/javascript/jquery_tools/jquery-1.4.2.min.js HTTP/1.1" 404 1094
180.169.147.146 - - [24/Aug/2023:10:20:31 +0800] "GET /xingrg/javascript/easyui/themes/default/validatebox.css HTTP/1.1" 404 1104
180.169.147.146 - - [24/Aug/2023:10:20:31 +0800] "POST /xingrg/kc/mdqp/pssh_order_operate.html HTTP/1.1" 200 6797
180.169.147.146 - - [24/Aug/2023:10:20:32 +0800] "POST /xingrg/all/common/load_combo.html?type=employee HTTP/1.1" 200 186
180.169.147.146 - - [24/Aug/2023:10:20:33 +0800] "GET /xingrg/all/function/internal_message.html?_=1692843635018&CODE_STATE=getMsg HTTP/1.1" 200 27
58.40.7.146 - - [24/Aug/2023:10:20:37 +0800] "GET /xingrg/all/function/internal_message.html?_=1692843637232&CODE_STATE=getMsg HTTP/1.1" 200 27
58.40.7.146 - - [24/Aug/2023:10:20:37 +0800] "GET /xingrg/check_reg.html?_=1692843637233 HTTP/1.1" 200 22
180.169.147.146 - - [24/Aug/2023:10:20:37 +0800] "POST /xingrg/kc/mdqp/pssh_order_operate.html HTTP/1.1" 200 37
114.83.221.186 - - [24/Aug/2023:10:20:38 +0800] "GET /xingrg/all/function/internal_message.html?_=1692843777181&CODE_STATE=getMsg HTTP/1.1" 200 27
120.253.135.82 - - [24/Aug/2023:10:20:40 +0800] "GET /xingrg/all/function/internal_message.html?_=1692843781528&CODE_STATE=getMsg HTTP/1.1" 200 27
180.169.147.146 - - [24/Aug/2023:10:20:43 +0800] "POST /xingrg/kc/mdqp/pssh_order_operate.html HTTP/1.1" 200 12
222.70.173.73 - - [24/Aug/2023:10:20:43 +0800] "GET /xingrg/kc/buy/cgsh_order_operate.html?command=get_materiel&rest_code=00146&code=00101008286&supplier_code=00100005&order_time=2023-08-24 HTTP/1.1" 200 408
180.169.147.146 - - [24/Aug/2023:10:20:44 +0800] "GET /xingrg/all/function/internal_message.html?_=1692843641668&CODE_STATE=getMsg HTTP/1.1" 200 27
180.169.147.146 - - [24/Aug/2023:10:20:44 +0800] "GET /xingrg/kc/mdqp/pssh_order_info.html?code=312023082200555 HTTP/1.1" 200 14392
180.169.147.146 - - [24/Aug/2023:10:20:45 +0800] "GET /xingrg/javascript/jquery_tools/jquery-1.4.2.min.js HTTP/1.1" 404 1094
180.169.147.146 - - [24/Aug/2023:10:20:45 +0800] "GET /xingrg/javascript/easyui/themes/default/validatebox.css HTTP/1.1" 404 1104
180.169.147.146 - - [24/Aug/2023:10:20:45 +0800] "POST /xingrg/kc/mdqp/pssh_order_operate.html HTTP/1.1" 200 6797
180.169.147.146 - - [24/Aug/2023:10:20:46 +0800] "POST /xingrg/kc/mdqp/pssh_list_operate.html HTTP/1.1" 200 256
101.228.187.155 - - [24/Aug/2023:10:20:47 +0800] "GET /xingrg/all/function/internal_message.html?_=1692843645356&CODE_STATE=getMsg HTTP/1.1" 200 27
120.253.135.82 - - [24/Aug/2023:10:20:50 +0800] "GET /xingrg/kc/pszx/mdps_order_operate.html?command=get_materiel&pszx_code=00101&rest_code=&base_code=0010246&code=00101022045 HTTP/1.1" 200 430
116.232.195.127 - - [24/Aug/2023:10:20:50 +0800] "GET /xingrg/all/function/internal_message.html?_=1692843568945&CODE_STATE=getMsg HTTP/1.1" 200 27
180.169.147.146 - - [24/Aug/2023:10:20:50 +0800] "GET /xingrg/kc/mdqp/pssh_order_info.html?code=312023082200558 HTTP/1.1" 200 17299
180.169.147.146 - - [24/Aug/2023:10:20:50 +0800] "GET /xingrg/javascript/jquery_tools/jquery-1.4.2.min.js HTTP/1.1" 404 1094
180.169.147.146 - - [24/Aug/2023:10:20:50 +0800] "GET /xingrg/javascript/easyui/themes/default/validatebox.css HTTP/1.1" 404 1104
180.169.147.146 - - [24/Aug/2023:10:20:50 +0800] "POST /xingrg/kc/mdqp/pssh_order_operate.html HTTP/1.1" 200 535
180.165.48.189 - - [24/Aug/2023:10:20:51 +0800] "GET /xingrg/all/function/internal_message.html?_=1692843651944&CODE_STATE=getMsg HTTP/1.1" 200 27
180.169.147.146 - - [24/Aug/2023:10:20:52 +0800] "POST /xingrg/all/common/load_combo.html?type=employee HTTP/1.1" 200 186
221.239.167.251 - - [24/Aug/2023:10:20:53 +0800] "GET /xingrg/all/function/internal_message.html?_=1692843652239&CODE_STATE=getMsg HTTP/1.1" 200 27
120.253.135.82 - - [24/Aug/2023:10:20:54 +0800] "POST /xingrg/all/common/load_select.html HTTP/1.1" 200 12
101.83.145.37 - - [24/Aug/2023:10:20:55 +0800] "GET /xingrg/all/function/internal_message.html?_=1692843656000&CODE_STATE=getMsg HTTP/1.1" 200 27
180.169.147.146 - - [24/Aug/2023:10:20:56 +0800] "POST /xingrg/kc/mdqp/pssh_order_operate.html HTTP/1.1" 200 37
180.169.147.146 - - [24/Aug/2023:10:21:01 +0800] "POST /xingrg/kc/mdqp/pssh_order_operate.html HTTP/1.1" 200 12
222.70.173.73 - - [24/Aug/2023:10:21:01 +0800] "GET /xingrg/kc/buy/cgsh_order_operate.html?command=get_materiel&rest_code=00146&code=00101008036&supplier_code=00100005&order_time=2023-08-24 HTTP/1.1" 200 408
180.169.147.146 - - [24/Aug/2023:10:21:03 +0800] "GET /xingrg/kc/mdqp/pssh_order_info.html?code=312023082200558 HTTP/1.1" 200 14388
180.169.147.146 - - [24/Aug/2023:10:21:03 +0800] "GET /xingrg/javascript/jquery_tools/jquery-1.4.2.min.js HTTP/1.1" 404 1094
180.169.147.146 - - [24/Aug/2023:10:21:03 +0800] "GET /xingrg/javascript/easyui/themes/default/validatebox.css HTTP/1.1" 404 1104
180.169.147.146 - - [24/Aug/2023:10:21:03 +0800] "POST /xingrg/kc/mdqp/pssh_order_operate.html HTTP/1.1" 200 535
180.169.147.146 - - [24/Aug/2023:10:21:04 +0800] "POST /xingrg/kc/mdqp/pssh_list_operate.html HTTP/1.1" 200 1580
180.169.147.146 - - [24/Aug/2023:10:21:08 +0800] "POST /xingrg/kc/mdqp/pssh_list_operate.html HTTP/1.1" 200 5322
180.169.147.146 - - [24/Aug/2023:10:21:09 +0800] "POST /xingrg/kc/mdqp/pssh_list_operate.html HTTP/1.1" 200 754
180.169.147.146 - - [24/Aug/2023:10:21:11 +0800] "POST /xingrg/kc/mdqp/pssh_list_operate.html HTTP/1.1" 200 260
222.70.173.73 - - [24/Aug/2023:10:21:13 +0800] "GET /xingrg/kc/buy/cgsh_order_operate.html?command=get_materiel&rest_code=00146&code=00101008131&supplier_code=00100005&order_time=2023-08-24 HTTP/1.1" 200 409
222.70.173.73 - - [24/Aug/2023:10:21:15 +0800] "GET /xingrg/all/function/internal_message.html?_=1692843662976&CODE_STATE=getMsg HTTP/1.1" 200 27
180.169.147.146 - - [24/Aug/2023:10:21:15 +0800] "POST /xingrg/kc/mdqp/pssh_list_operate.html HTTP/1.1" 200 251
180.169.147.146 - - [24/Aug/2023:10:21:17 +0800] "POST /xingrg/kc/mdqp/pssh_list_operate.html HTTP/1.1" 200 849
124.78.155.92 - - [24/Aug/2023:10:21:18 +0800] "GET /xingrg/all/function/internal_message.html?_=1692843675687&CODE_STATE=getMsg HTTP/1.1" 200 27
116.235.94.33 - - [24/Aug/2023:10:21:18 +0800] "POST /xingrg/login.do HTTP/1.1" 200 2421
116.235.94.33 - - [24/Aug/2023:10:21:18 +0800] "POST /xingrg/login.do HTTP/1.1" 200 2421
116.235.94.33 - - [24/Aug/2023:10:21:19 +0800] "GET /favicon.ico HTTP/1.1" 404 -
116.235.94.33 - - [24/Aug/2023:10:21:20 +0800] "GET /xingrg/login.html HTTP/1.1" 200 7641
116.235.94.33 - - [24/Aug/2023:10:21:20 +0800] "GET /favicon.ico HTTP/1.1" 404 -
180.152.241.196 - - [24/Aug/2023:10:21:23 +0800] "GET /xingrg/all/function/internal_message.html?_=1692843688237&CODE_STATE=getMsg HTTP/1.1" 200 27
180.169.147.146 - - [24/Aug/2023:10:21:23 +0800] "POST /xingrg/kc/mdqp/pssh_list_operate.html HTTP/1.1" 200 259
116.232.195.127 - - [24/Aug/2023:10:21:23 +0800] "GET /xingrg/all/function/internal_message.html?_=1692843602384&CODE_STATE=getMsg HTTP/1.1" 200 27
222.70.180.200 - - [24/Aug/2023:10:21:27 +0800] "GET /xingrg/all/function/internal_message.html?_=1692843686878&CODE_STATE=getMsg HTTP/1.1" 200 27
180.169.147.146 - - [24/Aug/2023:10:21:27 +0800] "GET /xingrg/kc/mdqp/pssh_order_info.html?code=312023082200557 HTTP/1.1" 200 17299
180.169.147.146 - - [24/Aug/2023:10:21:27 +0800] "GET /xingrg/javascript/jquery_tools/jquery-1.4.2.min.js HTTP/1.1" 404 1094
180.169.147.146 - - [24/Aug/2023:10:21:27 +0800] "GET /xingrg/javascript/easyui/themes/default/validatebox.css HTTP/1.1" 404 1104
180.169.147.146 - - [24/Aug/2023:10:21:27 +0800] "POST /xingrg/kc/mdqp/pssh_order_operate.html HTTP/1.1" 200 523
180.169.147.146 - - [24/Aug/2023:10:21:28 +0800] "POST /xingrg/all/common/load_combo.html?type=employee HTTP/1.1" 200 186
180.152.241.196 - - [24/Aug/2023:10:21:29 +0800] "GET /xingrg/all/function/internal_message.html?_=1692843689093&CODE_STATE=getMsg HTTP/1.1" 200 27
120.253.135.82 - - [24/Aug/2023:10:21:29 +0800] "GET /xingrg/all/function/internal_message.html?_=1692843502216&CODE_STATE=getMsg HTTP/1.1" 200 27
114.95.241.104 - - [24/Aug/2023:10:21:30 +0800] "GET /xingrg/all/function/internal_message.html?_=1692843690598&CODE_STATE=getMsg HTTP/1.1" 200 27
222.70.173.73 - - [24/Aug/2023:10:21:31 +0800] "GET /xingrg/kc/buy/cgsh_order_operate.html?command=get_materiel&rest_code=00146&code=00101008318&supplier_code=00100005&order_time=2023-08-24 HTTP/1.1" 200 408
180.169.147.146 - - [24/Aug/2023:10:21:33 +0800] "POST /xingrg/kc/mdqp/pssh_order_operate.html HTTP/1.1" 200 37
180.169.147.146 - - [24/Aug/2023:10:21:33 +0800] "GET /xingrg/all/function/internal_message.html?_=1692843695007&CODE_STATE=getMsg HTTP/1.1" 200 27
116.235.94.33 - - [24/Aug/2023:10:21:35 +0800] "POST /xingrg/login.do HTTP/1.1" 302 -
116.235.94.33 - - [24/Aug/2023:10:21:36 +0800] "GET /xingrg/index.html?sysBaseUrl=http%3A%2F%2F180.169.147.146%3A18081%2Fxingrg%2F&costTime=1807×tamp=1692843695970 HTTP/1.1" 200 17179
116.235.94.33 - - [24/Aug/2023:10:21:36 +0800] "GET /favicon.ico HTTP/1.1" 404 -
116.235.94.33 - - [24/Aug/2023:10:21:36 +0800] "POST /xingrg/all/common/load_tree.html?tree=area_rest_tree_json&manage=1 HTTP/1.1" 200 351
116.235.94.33 - - [24/Aug/2023:10:21:36 +0800] "GET /xingrg/all/function/internal_message.html?_=1692843989340&CODE_STATE=count HTTP/1.1" 200 11
116.235.94.33 - - [24/Aug/2023:10:21:36 +0800] "GET /xingrg/check_reg.html?_=1692843989341 HTTP/1.1" 200 22
58.40.7.146 - - [24/Aug/2023:10:21:37 +0800] "GET /xingrg/all/function/internal_message.html?_=1692843697220&CODE_STATE=getMsg HTTP/1.1" 200 27
116.235.94.33 - - [24/Aug/2023:10:21:37 +0800] "POST /xingrg/load_menu.html HTTP/1.1" 200 5138
180.169.147.146 - - [24/Aug/2023:10:21:38 +0800] "POST /xingrg/kc/mdqp/pssh_order_operate.html HTTP/1.1" 200 12
114.83.221.186 - - [24/Aug/2023:10:21:38 +0800] "GET /xingrg/all/function/internal_message.html?_=1692843837172&CODE_STATE=getMsg HTTP/1.1" 200 27
222.70.173.73 - - [24/Aug/2023:10:21:38 +0800] "POST /xingrg/kc/buy/cgsh_order_operate.html HTTP/1.1" 200 2065
114.83.221.186 - - [24/Aug/2023:10:21:38 +0800] "GET /xingrg/check_reg.html?_=1692843837613 HTTP/1.1" 200 22
120.253.135.82 - - [24/Aug/2023:10:21:40 +0800] "GET /xingrg/all/function/internal_message.html?_=1692843841531&CODE_STATE=getMsg HTTP/1.1" 200 27
116.235.94.33 - - [24/Aug/2023:10:21:43 +0800] "GET /xingrg/kc/base/wldb_order_list.html HTTP/1.1" 200 19221
180.169.147.146 - - [24/Aug/2023:10:21:43 +0800] "GET /xingrg/kc/mdqp/pssh_order_info.html?code=312023082200557 HTTP/1.1" 200 14388
180.169.147.146 - - [24/Aug/2023:10:21:43 +0800] "GET /xingrg/javascript/jquery_tools/jquery-1.4.2.min.js HTTP/1.1" 404 1094
180.169.147.146 - - [24/Aug/2023:10:21:43 +0800] "GET /xingrg/javascript/easyui/themes/default/validatebox.css HTTP/1.1" 404 1104
180.169.147.146 - - [24/Aug/2023:10:21:43 +0800] "POST /xingrg/kc/mdqp/pssh_order_operate.html HTTP/1.1" 200 523
180.169.147.146 - - [24/Aug/2023:10:21:44 +0800] "GET /xingrg/all/function/internal_message.html?_=1692843701672&CODE_STATE=getMsg HTTP/1.1" 200 27
180.169.147.146 - - [24/Aug/2023:10:21:44 +0800] "POST /xingrg/kc/mdqp/pssh_list_operate.html HTTP/1.1" 200 5347
180.169.147.146 - - [24/Aug/2023:10:21:45 +0800] "POST /xingrg/kc/mdqp/pssh_list_operate.html HTTP/1.1" 200 260
116.235.94.33 - - [24/Aug/2023:10:21:45 +0800] "POST /xingrg/kc/base/wldb_list_operate.html HTTP/1.1" 200 928
180.169.147.146 - - [24/Aug/2023:10:21:46 +0800] "GET /xingrg/kc/mdqp/pssh_order_info.html?code=312023082200559 HTTP/1.1" 200 17301
180.169.147.146 - - [24/Aug/2023:10:21:46 +0800] "GET /xingrg/javascript/jquery_tools/jquery-1.4.2.min.js HTTP/1.1" 404 1094
180.169.147.146 - - [24/Aug/2023:10:21:46 +0800] "GET /xingrg/javascript/easyui/themes/default/validatebox.css HTTP/1.1" 404 1104
180.169.147.146 - - [24/Aug/2023:10:21:46 +0800] "POST /xingrg/kc/mdqp/pssh_order_operate.html HTTP/1.1" 200 533
101.228.187.155 - - [24/Aug/2023:10:21:47 +0800] "GET /xingrg/all/function/internal_message.html?_=1692843705328&CODE_STATE=getMsg HTTP/1.1" 200 27
180.169.147.146 - - [24/Aug/2023:10:21:49 +0800] "POST /xingrg/all/common/load_combo.html?type=employee HTTP/1.1" 200 186
116.235.94.33 - - [24/Aug/2023:10:21:49 +0800] "GET /xingrg/javascript/jquery_tools/images/prev.gif HTTP/1.1" 404 1086
116.235.94.33 - - [24/Aug/2023:10:21:49 +0800] "GET /xingrg/javascript/jquery_tools/images/next.gif HTTP/1.1" 404 1086
222.70.173.73 - - [24/Aug/2023:10:21:49 +0800] "GET /xingrg/kc/buy/cgsh_order_operate.html?command=get_materiel&rest_code=00146&code=00101015070&supplier_code=00100005&order_time=2023-08-24 HTTP/1.1" 200 413
116.232.195.127 - - [24/Aug/2023:10:21:50 +0800] "GET /xingrg/all/function/internal_message.html?_=1692843628923&CODE_STATE=getMsg HTTP/1.1" 200 27
180.165.48.189 - - [24/Aug/2023:10:21:51 +0800] "GET /xingrg/all/function/internal_message.html?_=1692843711932&CODE_STATE=getMsg HTTP/1.1" 200 27
221.239.167.251 - - [24/Aug/2023:10:21:53 +0800] "GET /xingrg/all/function/internal_message.html?_=1692843712249&CODE_STATE=getMsg HTTP/1.1" 200 27
180.169.147.146 - - [24/Aug/2023:10:21:53 +0800] "POST /xingrg/kc/mdqp/pssh_order_operate.html HTTP/1.1" 200 37
101.83.145.37 - - [24/Aug/2023:10:21:55 +0800] "GET /xingrg/all/function/internal_message.html?_=1692843715979&CODE_STATE=getMsg HTTP/1.1" 200 27
180.169.147.146 - - [24/Aug/2023:10:21:56 +0800] "POST /xingrg/kc/mdqp/pssh_order_operate.html HTTP/1.1" 200 12
180.169.147.146 - - [24/Aug/2023:10:21:58 +0800] "GET /xingrg/kc/mdqp/pssh_order_info.html?code=312023082200559 HTTP/1.1" 200 14390
180.169.147.146 - - [24/Aug/2023:10:21:58 +0800] "GET /xingrg/javascript/jquery_tools/jquery-1.4.2.min.js HTTP/1.1" 404 1094
180.169.147.146 - - [24/Aug/2023:10:21:59 +0800] "GET /xingrg/javascript/easyui/themes/default/validatebox.css HTTP/1.1" 404 1104
180.169.147.146 - - [24/Aug/2023:10:21:59 +0800] "POST /xingrg/kc/mdqp/pssh_order_operate.html HTTP/1.1" 200 533
180.169.147.146 - - [24/Aug/2023:10:22:00 +0800] "POST /xingrg/kc/mdqp/pssh_list_operate.html HTTP/1.1" 200 5372
116.235.94.33 - - [24/Aug/2023:10:22:01 +0800] "POST /xingrg/kc/base/wldb_list_operate.html HTTP/1.1" 200 5747
180.169.147.146 - - [24/Aug/2023:10:22:01 +0800] "POST /xingrg/kc/mdqp/pssh_list_operate.html HTTP/1.1" 200 754
180.169.147.146 - - [24/Aug/2023:10:22:03 +0800] "GET /xingrg/javascript/jquery_tools/jquery-1.4.2.min.js HTTP/1.1" 404 1094
180.169.147.146 - - [24/Aug/2023:10:22:03 +0800] "GET /xingrg/kc/mdqp/pssh_order_info.html?code=312023082200556 HTTP/1.1" 200 17299
180.169.147.146 - - [24/Aug/2023:10:22:03 +0800] "GET /xingrg/javascript/easyui/themes/default/validatebox.css HTTP/1.1" 404 1104
180.169.147.146 - - [24/Aug/2023:10:22:03 +0800] "POST /xingrg/kc/mdqp/pssh_order_operate.html HTTP/1.1" 200 3116
222.70.173.73 - - [24/Aug/2023:10:22:04 +0800] "GET /xingrg/kc/buy/cgsh_order_operate.html?command=get_materiel&rest_code=00146&code=00101008005&supplier_code=00100005&order_time=2023-08-24 HTTP/1.1" 200 412
180.169.147.146 - - [24/Aug/2023:10:22:06 +0800] "POST /xingrg/all/common/load_combo.html?type=employee HTTP/1.1" 200 186
116.235.94.33 - - [24/Aug/2023:10:22:07 +0800] "POST /xingrg/kc/base/wldb_list_operate.html HTTP/1.1" 200 539
180.169.147.146 - - [24/Aug/2023:10:22:11 +0800] "POST /xingrg/kc/mdqp/pssh_order_operate.html HTTP/1.1" 200 37
222.70.173.73 - - [24/Aug/2023:10:22:15 +0800] "GET /xingrg/all/function/internal_message.html?_=1692843722989&CODE_STATE=getMsg HTTP/1.1" 200 27
116.235.94.33 - - [24/Aug/2023:10:22:15 +0800] "POST /xingrg/kc/base/wldb_list_operate.html HTTP/1.1" 200 201
180.169.147.146 - - [24/Aug/2023:10:22:16 +0800] "POST /xingrg/kc/mdqp/pssh_order_operate.html HTTP/1.1" 200 12
124.78.155.92 - - [24/Aug/2023:10:22:18 +0800] "GET /xingrg/all/function/internal_message.html?_=1692843735658&CODE_STATE=getMsg HTTP/1.1" 200 27
222.70.173.73 - - [24/Aug/2023:10:22:18 +0800] "GET /xingrg/kc/buy/cgsh_order_operate.html?command=get_materiel&rest_code=00146&code=00101008092&supplier_code=00100005&order_time=2023-08-24 HTTP/1.1" 200 412
180.169.147.146 - - [24/Aug/2023:10:22:20 +0800] "GET /xingrg/kc/mdqp/pssh_order_info.html?code=312023082200556 HTTP/1.1" 200 14388
180.169.147.146 - - [24/Aug/2023:10:22:20 +0800] "GET /xingrg/javascript/jquery_tools/jquery-1.4.2.min.js HTTP/1.1" 404 1094
180.169.147.146 - - [24/Aug/2023:10:22:20 +0800] "GET /xingrg/javascript/easyui/themes/default/validatebox.css HTTP/1.1" 404 1104
180.169.147.146 - - [24/Aug/2023:10:22:20 +0800] "POST /xingrg/kc/mdqp/pssh_order_operate.html HTTP/1.1" 200 3116
180.169.147.146 - - [24/Aug/2023:10:22:21 +0800] "POST /xingrg/kc/mdqp/pssh_list_operate.html HTTP/1.1" 200 5397
180.169.147.146 - - [24/Aug/2023:10:22:22 +0800] "POST /xingrg/kc/mdqp/pssh_list_operate.html HTTP/1.1" 200 259
180.152.241.196 - - [24/Aug/2023:10:22:23 +0800] "GET /xingrg/all/function/internal_message.html?_=1692843748240&CODE_STATE=getMsg HTTP/1.1" 200 27
116.232.195.127 - - [24/Aug/2023:10:22:23 +0800] "GET /xingrg/all/function/internal_message.html?_=1692843662378&CODE_STATE=getMsg HTTP/1.1" 200 27
180.169.147.146 - - [24/Aug/2023:10:22:24 +0800] "POST /xingrg/kc/mdqp/pssh_list_operate.html HTTP/1.1" 200 849
222.70.180.200 - - [24/Aug/2023:10:22:27 +0800] "GET /xingrg/all/function/internal_message.html?_=1692843746870&CODE_STATE=getMsg HTTP/1.1" 200 27
180.169.147.146 - - [24/Aug/2023:10:22:27 +0800] "GET /xingrg/javascript/jquery_tools/jquery-1.4.2.min.js HTTP/1.1" 404 1094
180.169.147.146 - - [24/Aug/2023:10:22:27 +0800] "GET /xingrg/kc/mdqp/pssh_order_info.html?code=312023082000491 HTTP/1.1" 200 17272
180.169.147.146 - - [24/Aug/2023:10:22:27 +0800] "GET /xingrg/javascript/easyui/themes/default/validatebox.css HTTP/1.1" 404 1104
180.169.147.146 - - [24/Aug/2023:10:22:27 +0800] "POST /xingrg/kc/mdqp/pssh_order_operate.html HTTP/1.1" 200 3700
116.235.94.33 - - [24/Aug/2023:10:22:27 +0800] "POST /xingrg/kc/base/wldb_list_operate.html HTTP/1.1" 200 1988
180.152.241.196 - - [24/Aug/2023:10:22:29 +0800] "GET /xingrg/all/function/internal_message.html?_=1692843749092&CODE_STATE=getMsg HTTP/1.1" 200 27
116.235.94.33 - - [24/Aug/2023:10:22:29 +0800] "POST /xingrg/kc/base/wldb_list_operate.html HTTP/1.1" 200 633
120.253.135.82 - - [24/Aug/2023:10:22:30 +0800] "GET /xingrg/all/function/internal_message.html?_=1692843562444&CODE_STATE=getMsg HTTP/1.1" 200 27
114.95.241.104 - - [24/Aug/2023:10:22:30 +0800] "GET /xingrg/all/function/internal_message.html?_=1692843750585&CODE_STATE=getMsg HTTP/1.1" 200 27
116.235.94.33 - - [24/Aug/2023:10:22:31 +0800] "GET /xingrg/kc/base/wldb_order_info.html?code=422023081802017 HTTP/1.1" 200 26385
116.235.94.33 - - [24/Aug/2023:10:22:31 +0800] "GET /xingrg/words/20230823115925_words.js HTTP/1.1" 304 -
116.235.94.33 - - [24/Aug/2023:10:22:31 +0800] "GET /xingrg/javascript/easyui/themes/default/validatebox.css HTTP/1.1" 404 1104
180.169.147.146 - - [24/Aug/2023:10:22:32 +0800] "POST /xingrg/all/common/load_combo.html?type=employee HTTP/1.1" 200 186
116.235.94.33 - - [24/Aug/2023:10:22:32 +0800] "POST /xingrg/kc/base/wldb_order_operate.html HTTP/1.1" 200 6840
101.83.145.37 - - [24/Aug/2023:10:22:32 +0800] "GET /xingrg/check_reg.html?_=1692843752726 HTTP/1.1" 200 22
180.169.147.146 - - [24/Aug/2023:10:22:33 +0800] "GET /xingrg/check_reg.html?_=1692843755022 HTTP/1.1" 200 22
180.169.147.146 - - [24/Aug/2023:10:22:33 +0800] "GET /xingrg/all/function/internal_message.html?_=1692843755027&CODE_STATE=getMsg HTTP/1.1" 200 27
180.169.147.146 - - [24/Aug/2023:10:22:34 +0800] "POST /xingrg/all/common/load_combo.html?type=base&rest_code=00147 HTTP/1.1" 200 3230
222.70.173.73 - - [24/Aug/2023:10:22:34 +0800] "GET /xingrg/kc/buy/cgsh_order_operate.html?command=get_materiel&rest_code=00146&code=00101008353&supplier_code=00100005&order_time=2023-08-24 HTTP/1.1" 200 408
116.235.94.33 - - [24/Aug/2023:10:22:36 +0800] "GET /xingrg/all/function/internal_message.html?_=1692844049353&CODE_STATE=getMsg HTTP/1.1" 200 27
58.40.7.146 - - [24/Aug/2023:10:22:37 +0800] "GET /xingrg/all/function/internal_message.html?_=1692843757221&CODE_STATE=getMsg HTTP/1.1" 200 27
114.83.221.186 - - [24/Aug/2023:10:22:38 +0800] "GET /xingrg/all/function/internal_message.html?_=1692843897146&CODE_STATE=getMsg HTTP/1.1" 200 27
120.253.135.82 - - [24/Aug/2023:10:22:40 +0800] "GET /xingrg/all/function/internal_message.html?_=1692843901536&CODE_STATE=getMsg HTTP/1.1" 200 27
180.169.147.146 - - [24/Aug/2023:10:22:43 +0800] "POST /xingrg/kc/mdqp/pssh_order_operate.html HTTP/1.1" 200 37
180.169.147.146 - - [24/Aug/2023:10:22:44 +0800] "GET /xingrg/all/function/internal_message.html?_=1692843761670&CODE_STATE=getMsg HTTP/1.1" 200 27
101.228.187.155 - - [24/Aug/2023:10:22:47 +0800] "GET /xingrg/all/function/internal_message.html?_=1692843765313&CODE_STATE=getMsg HTTP/1.1" 200 27
180.169.147.146 - - [24/Aug/2023:10:22:47 +0800] "POST /xingrg/kc/mdqp/pssh_order_operate.html HTTP/1.1" 200 12
180.169.147.146 - - [24/Aug/2023:10:22:50 +0800] "GET /xingrg/javascript/jquery_tools/jquery-1.4.2.min.js HTTP/1.1" 404 1094
180.169.147.146 - - [24/Aug/2023:10:22:50 +0800] "GET /xingrg/kc/mdqp/pssh_order_info.html?code=312023082000491 HTTP/1.1" 200 14390
180.169.147.146 - - [24/Aug/2023:10:22:50 +0800] "GET /xingrg/javascript/easyui/themes/default/validatebox.css HTTP/1.1" 404 1104
180.169.147.146 - - [24/Aug/2023:10:22:50 +0800] "POST /xingrg/kc/mdqp/pssh_order_operate.html HTTP/1.1" 200 3700
116.232.195.127 - - [24/Aug/2023:10:22:50 +0800] "GET /xingrg/all/function/internal_message.html?_=1692843688916&CODE_STATE=getMsg HTTP/1.1" 200 27
180.169.147.146 - - [24/Aug/2023:10:22:51 +0800] "GET /xingrg/kc/mdqp/pssh_order_list.html?isBack=1 HTTP/1.1" 200 17963
180.169.147.146 - - [24/Aug/2023:10:22:51 +0800] "POST /xingrg/kc/mdqp/pssh_list_operate.html HTTP/1.1" 200 5431
180.165.48.189 - - [24/Aug/2023:10:22:51 +0800] "GET /xingrg/all/function/internal_message.html?_=1692843771945&CODE_STATE=getMsg HTTP/1.1" 200 27
180.165.48.189 - - [24/Aug/2023:10:22:51 +0800] "GET /xingrg/check_reg.html?_=1692843771948 HTTP/1.1" 200 22
221.239.167.251 - - [24/Aug/2023:10:22:53 +0800] "GET /xingrg/all/function/internal_message.html?_=1692843772252&CODE_STATE=getMsg HTTP/1.1" 200 27
101.83.145.37 - - [24/Aug/2023:10:22:55 +0800] "GET /xingrg/all/function/internal_message.html?_=1692843775954&CODE_STATE=getMsg HTTP/1.1" 200 27
222.70.173.73 - - [24/Aug/2023:10:23:03 +0800] "GET /xingrg/kc/buy/cgsh_order_operate.html?command=get_materiel&rest_code=00146&code=00101008312&supplier_code=00100005&order_time=2023-08-24 HTTP/1.1" 200 412
222.70.173.73 - - [24/Aug/2023:10:23:05 +0800] "POST /xingrg/kc/buy/cgsh_order_operate.html HTTP/1.1" 200 2065
222.70.173.73 - - [24/Aug/2023:10:23:15 +0800] "GET /xingrg/all/function/internal_message.html?_=1692843783003&CODE_STATE=getMsg HTTP/1.1" 200 27
124.78.155.92 - - [24/Aug/2023:10:23:18 +0800] "GET /xingrg/all/function/internal_message.html?_=1692843795643&CODE_STATE=getMsg HTTP/1.1" 200 27
124.78.155.92 - - [24/Aug/2023:10:23:20 +0800] "GET /xingrg/check_reg.html?_=1692843797288 HTTP/1.1" 200 22
222.70.173.73 - - [24/Aug/2023:10:23:21 +0800] "GET /xingrg/kc/buy/cgsh_order_operate.html?command=get_materiel&rest_code=00146&code=00101008095&supplier_code=00100005&order_time=2023-08-24 HTTP/1.1" 200 412
180.152.241.196 - - [24/Aug/2023:10:23:23 +0800] "GET /xingrg/all/function/internal_message.html?_=1692843808240&CODE_STATE=getMsg HTTP/1.1" 200 27
180.152.241.196 - - [24/Aug/2023:10:23:23 +0800] "GET /xingrg/check_reg.html?_=1692843808254 HTTP/1.1" 200 22
116.232.195.127 - - [24/Aug/2023:10:23:23 +0800] "GET /xingrg/all/function/internal_message.html?_=1692843722376&CODE_STATE=getMsg HTTP/1.1" 200 27
116.232.195.127 - - [24/Aug/2023:10:23:23 +0800] "GET /xingrg/check_reg.html?_=1692843722387 HTTP/1.1" 200 22
222.70.180.200 - - [24/Aug/2023:10:23:27 +0800] "GET /xingrg/all/function/internal_message.html?_=1692843806867&CODE_STATE=getMsg HTTP/1.1" 200 27
222.70.180.200 - - [24/Aug/2023:10:23:27 +0800] "GET /xingrg/check_reg.html?_=1692843806869 HTTP/1.1" 200 22
180.152.241.196 - - [24/Aug/2023:10:23:29 +0800] "GET /xingrg/all/function/internal_message.html?_=1692843809089&CODE_STATE=getMsg HTTP/1.1" 200 27
120.253.135.82 - - [24/Aug/2023:10:23:30 +0800] "GET /xingrg/all/function/internal_message.html?_=1692843622463&CODE_STATE=getMsg HTTP/1.1" 200 27
114.95.241.104 - - [24/Aug/2023:10:23:30 +0800] "GET /xingrg/all/function/internal_message.html?_=1692843810586&CODE_STATE=getMsg HTTP/1.1" 200 27
114.95.241.104 - - [24/Aug/2023:10:23:30 +0800] "GET /xingrg/check_reg.html?_=1692843810589 HTTP/1.1" 200 22
180.169.147.146 - - [24/Aug/2023:10:23:33 +0800] "GET /xingrg/all/function/internal_message.html?_=1692843815011&CODE_STATE=getMsg HTTP/1.1" 200 27
116.235.94.33 - - [24/Aug/2023:10:23:36 +0800] "GET /xingrg/all/function/internal_message.html?_=1692844109353&CODE_STATE=getMsg HTTP/1.1" 200 27
58.40.7.146 - - [24/Aug/2023:10:23:37 +0800] "GET /xingrg/all/function/internal_message.html?_=1692843817222&CODE_STATE=getMsg HTTP/1.1" 200 27
222.70.173.73 - - [24/Aug/2023:10:23:37 +0800] "GET /xingrg/kc/buy/cgsh_order_operate.html?command=get_materiel&rest_code=00146&code=00101008110&supplier_code=00100005&order_time=2023-08-24 HTTP/1.1" 200 408
114.83.221.186 - - [24/Aug/2023:10:23:38 +0800] "GET /xingrg/all/function/internal_message.html?_=1692843957123&CODE_STATE=getMsg HTTP/1.1" 200 27
120.253.135.82 - - [24/Aug/2023:10:23:40 +0800] "GET /xingrg/all/function/internal_message.html?_=1692843961541&CODE_STATE=getMsg HTTP/1.1" 200 27
180.169.147.146 - - [24/Aug/2023:10:23:44 +0800] "GET /xingrg/all/function/internal_message.html?_=1692843821683&CODE_STATE=getMsg HTTP/1.1" 200 27
101.228.187.155 - - [24/Aug/2023:10:23:47 +0800] "GET /xingrg/all/function/internal_message.html?_=1692843825298&CODE_STATE=getMsg HTTP/1.1" 200 27
101.228.187.155 - - [24/Aug/2023:10:23:47 +0800] "GET /xingrg/check_reg.html?_=1692843825644 HTTP/1.1" 200 22
