124.78.155.92 - - [24/Aug/2023:08:38:30 +0800] "GET /xingrg/all/common/auto_word.html?type=employee&rest_code=00106 HTTP/1.1" 200 205
101.83.145.37 - - [24/Aug/2023:08:38:32 +0800] "GET /xingrg/all/function/internal_message.html?_=1692837512638&CODE_STATE=getMsg HTTP/1.1" 200 27
222.70.180.200 - - [24/Aug/2023:08:38:43 +0800] "POST /xingrg/kc/buy/cgsh_list_operate.html HTTP/1.1" 200 889
114.95.241.104 - - [24/Aug/2023:08:38:44 +0800] "GET /xingrg/check_reg.html?_=1692837430230 HTTP/1.1" 200 22
114.95.241.104 - - [24/Aug/2023:08:38:44 +0800] "GET /xingrg/all/function/internal_message.html?_=1692837430386&CODE_STATE=getMsg HTTP/1.1" 200 27
116.232.195.127 - - [24/Aug/2023:08:38:52 +0800] "GET /xingrg/all/function/internal_message.html?_=1692837450569&CODE_STATE=getMsg HTTP/1.1" 200 27
221.239.167.251 - - [24/Aug/2023:08:38:52 +0800] "GET /xingrg/all/function/internal_message.html?_=1692837532068&CODE_STATE=getMsg HTTP/1.1" 200 27
221.239.167.251 - - [24/Aug/2023:08:38:52 +0800] "GET /xingrg/check_reg.html?_=1692837532077 HTTP/1.1" 200 22
222.70.173.73 - - [24/Aug/2023:08:39:00 +0800] "GET /xingrg/check_reg.html?_=1692837528037 HTTP/1.1" 200 22
114.95.241.104 - - [24/Aug/2023:08:39:01 +0800] "GET /xingrg/all/function/internal_message.html?_=1692837540968&CODE_STATE=getMsg HTTP/1.1" 200 27
116.232.195.127 - - [24/Aug/2023:08:39:06 +0800] "GET /xingrg/check_reg.html?_=1692837465270 HTTP/1.1" 200 22
114.95.241.104 - - [24/Aug/2023:08:39:09 +0800] "GET /xingrg/kc/buy/cgsh_order_operate.html?command=get_materiel&rest_code=00150&code=00101006065&supplier_code=00100096&order_time=2023-08-24 HTTP/1.1" 200 411
222.70.173.73 - - [24/Aug/2023:08:39:09 +0800] "GET /xingrg/all/function/internal_message.html?_=1692837537486&CODE_STATE=getMsg HTTP/1.1" 200 27
124.78.155.92 - - [24/Aug/2023:08:39:20 +0800] "GET /xingrg/all/function/internal_message.html?_=1692837557401&CODE_STATE=getMsg HTTP/1.1" 200 27
120.253.135.82 - - [24/Aug/2023:08:39:21 +0800] "GET /xingrg/all/function/internal_message.html?_=1692837373758&CODE_STATE=getMsg HTTP/1.1" 200 27
180.163.30.27 - - [24/Aug/2023:08:39:23 +0800] "GET /xingrg/kc/buy/cgsh_order_list.html HTTP/1.1" 302 -
180.163.30.27 - - [24/Aug/2023:08:39:23 +0800] "GET /xingrg/login.html HTTP/1.1" 200 7641
114.95.241.104 - - [24/Aug/2023:08:39:26 +0800] "GET /xingrg/kc/buy/cgsh_order_operate.html?command=get_materiel&rest_code=00150&code=00101006055&supplier_code=00100096&order_time=2023-08-24 HTTP/1.1" 200 411
101.83.145.37 - - [24/Aug/2023:08:39:28 +0800] "GET /xingrg/kc/buy/cgsh_order_operate.html?command=get_materiel&rest_code=00105&code=00101008312&supplier_code=00100203&order_time=2023-08-24 HTTP/1.1" 200 412
180.152.241.196 - - [24/Aug/2023:08:39:29 +0800] "GET /xingrg/all/function/internal_message.html?_=1692837569086&CODE_STATE=getMsg HTTP/1.1" 200 27
120.253.135.82 - - [24/Aug/2023:08:39:31 +0800] "GET /xingrg/check_reg.html?_=1692837383956 HTTP/1.1" 200 22
101.83.145.37 - - [24/Aug/2023:08:39:32 +0800] "GET /xingrg/all/function/internal_message.html?_=1692837572663&CODE_STATE=getMsg HTTP/1.1" 200 27
114.95.241.104 - - [24/Aug/2023:08:39:44 +0800] "GET /xingrg/all/function/internal_message.html?_=1692837490400&CODE_STATE=getMsg HTTP/1.1" 200 27
116.232.195.127 - - [24/Aug/2023:08:39:52 +0800] "GET /xingrg/all/function/internal_message.html?_=1692837510559&CODE_STATE=getMsg HTTP/1.1" 200 27
221.239.167.251 - - [24/Aug/2023:08:39:52 +0800] "GET /xingrg/all/function/internal_message.html?_=1692837592059&CODE_STATE=getMsg HTTP/1.1" 200 27
101.83.145.37 - - [24/Aug/2023:08:39:54 +0800] "GET /xingrg/kc/buy/cgsh_order_operate.html?command=get_materiel&rest_code=00105&code=00101008286&supplier_code=00100203&order_time=2023-08-24 HTTP/1.1" 200 408
114.95.241.104 - - [24/Aug/2023:08:40:01 +0800] "GET /xingrg/all/function/internal_message.html?_=1692837600968&CODE_STATE=getMsg HTTP/1.1" 200 27
114.95.241.104 - - [24/Aug/2023:08:40:01 +0800] "GET /xingrg/kc/buy/cgsh_order_operate.html?command=get_materiel&rest_code=00150&code=00101006109&supplier_code=00100096&order_time=2023-08-24 HTTP/1.1" 200 409
101.83.145.37 - - [24/Aug/2023:08:40:04 +0800] "GET /xingrg/kc/buy/cgsh_order_operate.html?command=get_materiel&rest_code=00105&code=00101008353&supplier_code=00100203&order_time=2023-08-24 HTTP/1.1" 200 408
101.80.225.121 - - [24/Aug/2023:08:40:09 +0800] "POST /xingrg/services/DataTransmitService HTTP/1.1" 200 524
222.70.173.73 - - [24/Aug/2023:08:40:09 +0800] "GET /xingrg/all/function/internal_message.html?_=1692837597500&CODE_STATE=getMsg HTTP/1.1" 200 27
101.83.145.37 - - [24/Aug/2023:08:40:15 +0800] "GET /xingrg/kc/buy/cgsh_order_operate.html?command=get_materiel&rest_code=00105&code=00101008091&supplier_code=00100203&order_time=2023-08-24 HTTP/1.1" 200 413
124.78.155.92 - - [24/Aug/2023:08:40:20 +0800] "GET /xingrg/all/function/internal_message.html?_=1692837617387&CODE_STATE=getMsg HTTP/1.1" 200 27
120.253.135.82 - - [24/Aug/2023:08:40:21 +0800] "GET /xingrg/all/function/internal_message.html?_=1692837433761&CODE_STATE=getMsg HTTP/1.1" 200 27
180.152.241.196 - - [24/Aug/2023:08:40:29 +0800] "GET /xingrg/check_reg.html?_=1692837629093 HTTP/1.1" 200 22
180.152.241.196 - - [24/Aug/2023:08:40:29 +0800] "GET /xingrg/all/function/internal_message.html?_=1692837629097&CODE_STATE=getMsg HTTP/1.1" 200 27
114.95.241.104 - - [24/Aug/2023:08:40:29 +0800] "GET /xingrg/kc/buy/cgsh_order_operate.html?command=get_materiel&rest_code=00150&code=00101010711&supplier_code=00100096&order_time=2023-08-24 HTTP/1.1" 200 408
101.83.145.37 - - [24/Aug/2023:08:40:32 +0800] "GET /xingrg/all/function/internal_message.html?_=1692837632644&CODE_STATE=getMsg HTTP/1.1" 200 27
114.95.241.104 - - [24/Aug/2023:08:40:43 +0800] "GET /xingrg/kc/buy/cgsh_order_operate.html?command=get_materiel&rest_code=00150&code=00101006133&supplier_code=00100096&order_time=2023-08-24 HTTP/1.1" 200 415
114.95.241.104 - - [24/Aug/2023:08:40:44 +0800] "GET /xingrg/all/function/internal_message.html?_=1692837550414&CODE_STATE=getMsg HTTP/1.1" 200 27
116.232.195.127 - - [24/Aug/2023:08:40:51 +0800] "GET /xingrg/all/function/internal_message.html?_=1692837570543&CODE_STATE=getMsg HTTP/1.1" 200 27
221.239.167.251 - - [24/Aug/2023:08:40:52 +0800] "GET /xingrg/all/function/internal_message.html?_=1692837652067&CODE_STATE=getMsg HTTP/1.1" 200 27
114.95.241.104 - - [24/Aug/2023:08:41:01 +0800] "GET /xingrg/all/function/internal_message.html?_=1692837660970&CODE_STATE=getMsg HTTP/1.1" 200 27
222.70.173.73 - - [24/Aug/2023:08:41:10 +0800] "GET /xingrg/all/function/internal_message.html?_=1692837657616&CODE_STATE=getMsg HTTP/1.1" 200 27
114.95.241.104 - - [24/Aug/2023:08:41:11 +0800] "GET /xingrg/kc/buy/cgsh_order_operate.html?command=get_materiel&rest_code=00150&code=00101007081&supplier_code=00100096&order_time=2023-08-24 HTTP/1.1" 200 413
124.78.155.92 - - [24/Aug/2023:08:41:20 +0800] "GET /xingrg/all/function/internal_message.html?_=1692837677399&CODE_STATE=getMsg HTTP/1.1" 200 27
101.83.145.37 - - [24/Aug/2023:08:41:21 +0800] "GET /xingrg/kc/buy/cgsh_order_operate.html?command=get_materiel&rest_code=00105&code=00101008354&supplier_code=00100203&order_time=2023-08-24 HTTP/1.1" 200 412
120.253.135.82 - - [24/Aug/2023:08:41:21 +0800] "GET /xingrg/all/function/internal_message.html?_=1692837493775&CODE_STATE=getMsg HTTP/1.1" 200 27
180.152.241.196 - - [24/Aug/2023:08:41:29 +0800] "GET /xingrg/all/function/internal_message.html?_=1692837689086&CODE_STATE=getMsg HTTP/1.1" 200 27
101.83.145.37 - - [24/Aug/2023:08:41:32 +0800] "GET /xingrg/all/function/internal_message.html?_=1692837692678&CODE_STATE=getMsg HTTP/1.1" 200 27
114.95.241.104 - - [24/Aug/2023:08:41:39 +0800] "GET /xingrg/kc/buy/cgsh_order_operate.html?command=get_materiel&rest_code=00150&code=00101007061&supplier_code=00100096&order_time=2023-08-24 HTTP/1.1" 200 411
114.95.241.104 - - [24/Aug/2023:08:41:44 +0800] "GET /xingrg/all/function/internal_message.html?_=1692837610439&CODE_STATE=getMsg HTTP/1.1" 200 27
116.232.195.127 - - [24/Aug/2023:08:41:51 +0800] "GET /xingrg/all/function/internal_message.html?_=1692837630527&CODE_STATE=getMsg HTTP/1.1" 200 27
221.239.167.251 - - [24/Aug/2023:08:41:52 +0800] "GET /xingrg/all/function/internal_message.html?_=1692837712072&CODE_STATE=getMsg HTTP/1.1" 200 27
114.95.241.104 - - [24/Aug/2023:08:42:01 +0800] "GET /xingrg/check_reg.html?_=1692837720967 HTTP/1.1" 200 22
114.95.241.104 - - [24/Aug/2023:08:42:01 +0800] "GET /xingrg/all/function/internal_message.html?_=1692837720971&CODE_STATE=getMsg HTTP/1.1" 200 27
222.70.173.73 - - [24/Aug/2023:08:42:09 +0800] "GET /xingrg/all/function/internal_message.html?_=1692837717621&CODE_STATE=getMsg HTTP/1.1" 200 27
124.78.155.92 - - [24/Aug/2023:08:42:20 +0800] "GET /xingrg/all/function/internal_message.html?_=1692837737393&CODE_STATE=getMsg HTTP/1.1" 200 27
120.253.135.82 - - [24/Aug/2023:08:42:21 +0800] "GET /xingrg/all/function/internal_message.html?_=1692837553998&CODE_STATE=getMsg HTTP/1.1" 200 27
180.152.241.196 - - [24/Aug/2023:08:42:29 +0800] "GET /xingrg/all/function/internal_message.html?_=1692837749102&CODE_STATE=getMsg HTTP/1.1" 200 27
101.83.145.37 - - [24/Aug/2023:08:42:32 +0800] "GET /xingrg/check_reg.html?_=1692837752641 HTTP/1.1" 200 22
101.83.145.37 - - [24/Aug/2023:08:42:32 +0800] "GET /xingrg/all/function/internal_message.html?_=1692837752644&CODE_STATE=getMsg HTTP/1.1" 200 27
114.95.241.104 - - [24/Aug/2023:08:42:44 +0800] "GET /xingrg/all/function/internal_message.html?_=1692837670456&CODE_STATE=getMsg HTTP/1.1" 200 27
124.78.155.92 - - [24/Aug/2023:08:42:46 +0800] "GET /xingrg/javascript/easyui/themes/default/tree.css HTTP/1.1" 404 1090
124.78.155.92 - - [24/Aug/2023:08:42:47 +0800] "POST /xingrg/all/common/load_tree.html?tree=supplier_tree_json&isDelete=1 HTTP/1.1" 200 75131
116.232.195.127 - - [24/Aug/2023:08:42:51 +0800] "GET /xingrg/all/function/internal_message.html?_=1692837690526&CODE_STATE=getMsg HTTP/1.1" 200 27
221.239.167.251 - - [24/Aug/2023:08:42:52 +0800] "GET /xingrg/all/function/internal_message.html?_=1692837772059&CODE_STATE=getMsg HTTP/1.1" 200 27
114.95.241.104 - - [24/Aug/2023:08:43:01 +0800] "GET /xingrg/all/function/internal_message.html?_=1692837780980&CODE_STATE=getMsg HTTP/1.1" 200 27
222.70.180.200 - - [24/Aug/2023:08:43:05 +0800] "GET /xingrg/login.html HTTP/1.1" 200 7641
222.70.180.200 - - [24/Aug/2023:08:43:05 +0800] "GET /xingrg/login.html HTTP/1.1" 200 7641
222.70.180.200 - - [24/Aug/2023:08:43:06 +0800] "GET /favicon.ico HTTP/1.1" 404 -
222.70.180.200 - - [24/Aug/2023:08:43:06 +0800] "GET /favicon.ico HTTP/1.1" 404 -
222.70.173.73 - - [24/Aug/2023:08:43:10 +0800] "GET /xingrg/all/function/internal_message.html?_=1692837777762&CODE_STATE=getMsg HTTP/1.1" 200 27
124.78.155.92 - - [24/Aug/2023:08:43:20 +0800] "GET /xingrg/check_reg.html?_=1692837797397 HTTP/1.1" 200 22
124.78.155.92 - - [24/Aug/2023:08:43:20 +0800] "GET /xingrg/all/function/internal_message.html?_=1692837797404&CODE_STATE=getMsg HTTP/1.1" 200 27
124.78.155.92 - - [24/Aug/2023:08:43:21 +0800] "GET /xingrg/javascript/auto/indicator.gif HTTP/1.1" 404 1066
120.253.135.82 - - [24/Aug/2023:08:43:21 +0800] "GET /xingrg/all/function/internal_message.html?_=1692837614005&CODE_STATE=getMsg HTTP/1.1" 200 27
124.78.155.92 - - [24/Aug/2023:08:43:25 +0800] "GET /xingrg/kc/buy/cgsh_order_operate.html?command=get_materiel&rest_code=00106&code=00101016030&supplier_code=00100096&order_time=2023-08-24 HTTP/1.1" 200 412
222.70.180.200 - - [24/Aug/2023:08:43:26 +0800] "POST /xingrg/login.do HTTP/1.1" 302 -
222.70.180.200 - - [24/Aug/2023:08:43:26 +0800] "GET /xingrg/index.html?sysBaseUrl=http%3A%2F%2F180.169.147.146%3A18081%2Fxingrg%2F&costTime=843×tamp=1692837806634 HTTP/1.1" 200 17173
222.70.180.200 - - [24/Aug/2023:08:43:26 +0800] "GET /favicon.ico HTTP/1.1" 404 -
222.70.180.200 - - [24/Aug/2023:08:43:27 +0800] "GET /xingrg/all/function/internal_message.html?_=1692837806673&CODE_STATE=count HTTP/1.1" 200 11
222.70.180.200 - - [24/Aug/2023:08:43:27 +0800] "GET /xingrg/check_reg.html?_=1692837806682 HTTP/1.1" 200 22
222.70.180.200 - - [24/Aug/2023:08:43:27 +0800] "POST /xingrg/all/common/load_tree.html?tree=area_rest_tree_json&manage=1 HTTP/1.1" 200 342
222.70.180.200 - - [24/Aug/2023:08:43:27 +0800] "POST /xingrg/load_menu.html HTTP/1.1" 200 5138
180.152.241.196 - - [24/Aug/2023:08:43:29 +0800] "GET /xingrg/all/function/internal_message.html?_=1692837809102&CODE_STATE=getMsg HTTP/1.1" 200 27
222.70.180.200 - - [24/Aug/2023:08:43:29 +0800] "GET /xingrg/kc/buy/buy_main.html HTTP/1.1" 200 12412
222.70.180.200 - - [24/Aug/2023:08:43:29 +0800] "GET /xingrg/css/new_ie.css HTTP/1.1" 404 1036
222.70.180.200 - - [24/Aug/2023:08:43:30 +0800] "GET /xingrg/images/yd/bt.gif HTTP/1.1" 404 1040
222.70.180.200 - - [24/Aug/2023:08:43:31 +0800] "GET /xingrg/kc/buy/cgsh_order_list.html HTTP/1.1" 200 56234
101.83.145.37 - - [24/Aug/2023:08:43:32 +0800] "GET /xingrg/all/function/internal_message.html?_=1692837812642&CODE_STATE=getMsg HTTP/1.1" 200 27
222.70.180.200 - - [24/Aug/2023:08:43:34 +0800] "POST /xingrg/kc/buy/cgsh_list_operate.html HTTP/1.1" 200 986
222.70.180.200 - - [24/Aug/2023:08:43:38 +0800] "GET /xingrg/kc/buy/cgsh_order_add.html HTTP/1.1" 200 71966
222.70.180.200 - - [24/Aug/2023:08:43:39 +0800] "GET /xingrg/javascript/easyui/themes/default/validatebox.css HTTP/1.1" 404 1104
222.70.180.200 - - [24/Aug/2023:08:43:39 +0800] "POST /xingrg/kc/buy/cgsh_order_operate.html HTTP/1.1" 200 8245
222.70.180.200 - - [24/Aug/2023:08:43:39 +0800] "GET /xingrg/all/common/auto_word.html?type=employee&rest_code=00111 HTTP/1.1" 200 201
222.70.180.200 - - [24/Aug/2023:08:43:39 +0800] "GET /xingrg/all/common/auto_word.html?type=employee&rest_code=00111 HTTP/1.1" 200 201
124.78.155.92 - - [24/Aug/2023:08:43:42 +0800] "GET /xingrg/kc/buy/cgsh_order_operate.html?command=get_materiel&rest_code=00106&code=00101012025&supplier_code=00100096&order_time=2023-08-24 HTTP/1.1" 200 412
222.70.180.200 - - [24/Aug/2023:08:43:42 +0800] "GET /xingrg/javascript/auto/indicator.gif HTTP/1.1" 404 1066
114.95.241.104 - - [24/Aug/2023:08:43:44 +0800] "GET /xingrg/check_reg.html?_=1692837730248 HTTP/1.1" 200 22
114.95.241.104 - - [24/Aug/2023:08:43:44 +0800] "GET /xingrg/all/function/internal_message.html?_=1692837730470&CODE_STATE=getMsg HTTP/1.1" 200 27
116.232.195.127 - - [24/Aug/2023:08:43:51 +0800] "GET /xingrg/all/function/internal_message.html?_=1692837750526&CODE_STATE=getMsg HTTP/1.1" 200 27
124.78.155.92 - - [24/Aug/2023:08:43:52 +0800] "GET /xingrg/kc/buy/cgsh_order_operate.html?command=get_materiel&rest_code=00106&code=00101012029&supplier_code=00100096&order_time=2023-08-24 HTTP/1.1" 200 414
221.239.167.251 - - [24/Aug/2023:08:43:52 +0800] "GET /xingrg/all/function/internal_message.html?_=1692837832069&CODE_STATE=getMsg HTTP/1.1" 200 27
221.239.167.251 - - [24/Aug/2023:08:43:52 +0800] "GET /xingrg/check_reg.html?_=1692837832081 HTTP/1.1" 200 22
222.70.173.73 - - [24/Aug/2023:08:44:00 +0800] "GET /xingrg/check_reg.html?_=1692837828039 HTTP/1.1" 200 22
114.95.241.104 - - [24/Aug/2023:08:44:01 +0800] "GET /xingrg/all/function/internal_message.html?_=1692837840977&CODE_STATE=getMsg HTTP/1.1" 200 27
116.232.195.127 - - [24/Aug/2023:08:44:06 +0800] "GET /xingrg/check_reg.html?_=1692837765247 HTTP/1.1" 200 22
222.70.173.73 - - [24/Aug/2023:08:44:10 +0800] "GET /xingrg/all/function/internal_message.html?_=1692837837772&CODE_STATE=getMsg HTTP/1.1" 200 27
222.70.180.200 - - [24/Aug/2023:08:44:19 +0800] "GET /xingrg/javascript/jquery_tools/images/prev.gif HTTP/1.1" 404 1086
222.70.180.200 - - [24/Aug/2023:08:44:19 +0800] "GET /xingrg/javascript/jquery_tools/images/next.gif HTTP/1.1" 404 1086
180.163.28.114 - - [24/Aug/2023:08:44:20 +0800] "GET /xingrg/all/function/internal_message.html?_=1692837797404&CODE_STATE=getMsg HTTP/1.1" 302 -
180.163.28.55 - - [24/Aug/2023:08:44:20 +0800] "GET /xingrg/check_reg.html?_=1692837797397 HTTP/1.1" 302 -
180.163.28.114 - - [24/Aug/2023:08:44:20 +0800] "GET /xingrg/login.html HTTP/1.1" 200 7641
180.163.28.55 - - [24/Aug/2023:08:44:20 +0800] "GET /xingrg/login.html HTTP/1.1" 200 7641
124.78.155.92 - - [24/Aug/2023:08:44:20 +0800] "GET /xingrg/all/function/internal_message.html?_=1692837857400&CODE_STATE=getMsg HTTP/1.1" 200 27
120.253.135.82 - - [24/Aug/2023:08:44:21 +0800] "GET /xingrg/all/function/internal_message.html?_=1692837674235&CODE_STATE=getMsg HTTP/1.1" 200 27
180.163.30.100 - - [24/Aug/2023:08:44:22 +0800] "GET /xingrg/kc/buy/cgsh_order_operate.html?command=get_materiel&rest_code=00106&code=00101016030&supplier_code=00100096&order_time=2023-08-24 HTTP/1.1" 302 -
180.163.30.100 - - [24/Aug/2023:08:44:22 +0800] "GET /xingrg/login.html HTTP/1.1" 200 7641
222.70.180.200 - - [24/Aug/2023:08:44:27 +0800] "GET /xingrg/all/function/internal_message.html?_=1692837866698&CODE_STATE=getMsg HTTP/1.1" 200 27
180.152.241.196 - - [24/Aug/2023:08:44:29 +0800] "GET /xingrg/all/function/internal_message.html?_=1692837869103&CODE_STATE=getMsg HTTP/1.1" 200 27
120.253.135.82 - - [24/Aug/2023:08:44:31 +0800] "GET /xingrg/check_reg.html?_=1692837683956 HTTP/1.1" 200 22
101.83.145.37 - - [24/Aug/2023:08:44:32 +0800] "GET /xingrg/all/function/internal_message.html?_=1692837872638&CODE_STATE=getMsg HTTP/1.1" 200 27
124.78.155.92 - - [24/Aug/2023:08:44:33 +0800] "GET /xingrg/kc/buy/cgsh_order_operate.html?command=get_materiel&rest_code=00106&code=00101001010&supplier_code=00100096&order_time=2023-08-24 HTTP/1.1" 200 411
114.95.241.104 - - [24/Aug/2023:08:44:44 +0800] "GET /xingrg/all/function/internal_message.html?_=1692837790496&CODE_STATE=getMsg HTTP/1.1" 200 27
124.78.155.92 - - [24/Aug/2023:08:44:48 +0800] "POST /xingrg/kc/buy/cgsh_order_operate.html HTTP/1.1" 200 37
116.232.195.127 - - [24/Aug/2023:08:44:51 +0800] "GET /xingrg/all/function/internal_message.html?_=1692837810515&CODE_STATE=getMsg HTTP/1.1" 200 27
221.239.167.251 - - [24/Aug/2023:08:44:52 +0800] "GET /xingrg/all/function/internal_message.html?_=1692837892084&CODE_STATE=getMsg HTTP/1.1" 200 27
222.70.180.200 - - [24/Aug/2023:08:44:54 +0800] "GET /xingrg/kc/buy/cgsh_order_operate.html?command=get_materiel&rest_code=00111&code=00101007024&supplier_code=00100004&order_time=2023-08-24 HTTP/1.1" 200 415
114.95.241.104 - - [24/Aug/2023:08:45:01 +0800] "GET /xingrg/all/function/internal_message.html?_=1692837900967&CODE_STATE=getMsg HTTP/1.1" 200 27
222.70.173.73 - - [24/Aug/2023:08:45:10 +0800] "GET /xingrg/all/function/internal_message.html?_=1692837897786&CODE_STATE=getMsg HTTP/1.1" 200 27
114.95.241.104 - - [24/Aug/2023:08:45:12 +0800] "POST /xingrg/kc/buy/cgsh_order_operate.html HTTP/1.1" 200 37
120.253.135.82 - - [24/Aug/2023:08:45:21 +0800] "GET /xingrg/all/function/internal_message.html?_=1692837734250&CODE_STATE=getMsg HTTP/1.1" 200 27
114.95.241.104 - - [24/Aug/2023:08:45:22 +0800] "POST /xingrg/kc/buy/cgsh_order_operate.html HTTP/1.1" 200 12
114.95.241.104 - - [24/Aug/2023:08:45:25 +0800] "GET /xingrg/kc/buy/cgsh_order_info.html?code=212023082409554 HTTP/1.1" 200 66985
114.95.241.104 - - [24/Aug/2023:08:45:25 +0800] "GET /xingrg/javascript/easyui/themes/default/validatebox.css HTTP/1.1" 404 1104
114.95.241.104 - - [24/Aug/2023:08:45:26 +0800] "POST /xingrg/kc/buy/cgsh_order_operate.html HTTP/1.1" 200 39679
222.70.180.200 - - [24/Aug/2023:08:45:27 +0800] "GET /xingrg/all/function/internal_message.html?_=1692837926696&CODE_STATE=getMsg HTTP/1.1" 200 27
124.78.155.92 - - [24/Aug/2023:08:45:27 +0800] "POST /xingrg/kc/buy/cgsh_order_operate.html HTTP/1.1" 200 4433
180.152.241.196 - - [24/Aug/2023:08:45:29 +0800] "GET /xingrg/check_reg.html?_=1692837929098 HTTP/1.1" 200 22
180.152.241.196 - - [24/Aug/2023:08:45:29 +0800] "GET /xingrg/all/function/internal_message.html?_=1692837929098&CODE_STATE=getMsg HTTP/1.1" 200 27
114.95.241.104 - - [24/Aug/2023:08:45:29 +0800] "GET /xingrg/kc/print/load_data.html?order_code=212023082409554&kc_code=cgsh&condition= HTTP/1.1" 200 15533
222.69.128.227 - - [24/Aug/2023:08:45:32 +0800] "GET /xingrg/login.html HTTP/1.1" 200 7641
101.83.145.37 - - [24/Aug/2023:08:45:32 +0800] "GET /xingrg/all/function/internal_message.html?_=1692837932636&CODE_STATE=getMsg HTTP/1.1" 200 27
222.70.180.200 - - [24/Aug/2023:08:45:32 +0800] "GET /xingrg/kc/buy/cgsh_order_operate.html?command=get_materiel&rest_code=00111&code=00101007072&supplier_code=00100004&order_time=2023-08-24 HTTP/1.1" 200 419
222.69.128.227 - - [24/Aug/2023:08:45:32 +0800] "GET /favicon.ico HTTP/1.1" 404 -
114.95.241.104 - - [24/Aug/2023:08:45:44 +0800] "GET /xingrg/all/function/internal_message.html?_=1692837850497&CODE_STATE=getMsg HTTP/1.1" 200 27
116.232.195.127 - - [24/Aug/2023:08:45:51 +0800] "GET /xingrg/all/function/internal_message.html?_=1692837870511&CODE_STATE=getMsg HTTP/1.1" 200 27
221.239.167.251 - - [24/Aug/2023:08:45:52 +0800] "GET /xingrg/all/function/internal_message.html?_=1692837952077&CODE_STATE=getMsg HTTP/1.1" 200 27
114.95.241.104 - - [24/Aug/2023:08:46:01 +0800] "GET /xingrg/all/function/internal_message.html?_=1692837960972&CODE_STATE=getMsg HTTP/1.1" 200 27
222.70.173.73 - - [24/Aug/2023:08:46:10 +0800] "GET /xingrg/all/function/internal_message.html?_=1692837957928&CODE_STATE=getMsg HTTP/1.1" 200 27
222.69.128.227 - - [24/Aug/2023:08:46:17 +0800] "POST /xingrg/login.do HTTP/1.1" 302 -
222.69.128.227 - - [24/Aug/2023:08:46:17 +0800] "GET /xingrg/index.html?sysBaseUrl=http%3A%2F%2F180.169.147.146%3A18081%2Fxingrg%2F&costTime=849×tamp=1692837977400 HTTP/1.1" 200 17179
222.69.128.227 - - [24/Aug/2023:08:46:17 +0800] "GET /favicon.ico HTTP/1.1" 404 -
222.69.128.227 - - [24/Aug/2023:08:46:17 +0800] "GET /xingrg/all/function/internal_message.html?_=1692837976483&CODE_STATE=count HTTP/1.1" 200 11
222.69.128.227 - - [24/Aug/2023:08:46:17 +0800] "GET /xingrg/check_reg.html?_=1692837976484 HTTP/1.1" 200 22
222.69.128.227 - - [24/Aug/2023:08:46:17 +0800] "POST /xingrg/all/common/load_tree.html?tree=area_rest_tree_json&manage=1 HTTP/1.1" 200 351
222.69.128.227 - - [24/Aug/2023:08:46:17 +0800] "POST /xingrg/load_menu.html HTTP/1.1" 200 5138
124.78.155.92 - - [24/Aug/2023:08:46:20 +0800] "GET /xingrg/all/function/internal_message.html?_=1692837977401&CODE_STATE=getMsg HTTP/1.1" 200 27
120.253.135.82 - - [24/Aug/2023:08:46:22 +0800] "GET /xingrg/all/function/internal_message.html?_=1692837794265&CODE_STATE=getMsg HTTP/1.1" 200 27
222.69.128.227 - - [24/Aug/2023:08:46:24 +0800] "GET /xingrg/kc/buy/cgsh_order_list.html HTTP/1.1" 200 56240
222.70.180.200 - - [24/Aug/2023:08:46:25 +0800] "GET /xingrg/kc/buy/cgsh_order_operate.html?command=get_materiel&rest_code=00111&code=00101007059&supplier_code=00100004&order_time=2023-08-24 HTTP/1.1" 200 409
222.70.180.200 - - [24/Aug/2023:08:46:27 +0800] "GET /xingrg/all/function/internal_message.html?_=1692837986693&CODE_STATE=getMsg HTTP/1.1" 200 27
222.69.128.227 - - [24/Aug/2023:08:46:27 +0800] "POST /xingrg/kc/buy/cgsh_list_operate.html HTTP/1.1" 200 986
180.152.241.196 - - [24/Aug/2023:08:46:29 +0800] "GET /xingrg/all/function/internal_message.html?_=1692837989090&CODE_STATE=getMsg HTTP/1.1" 200 27
222.69.128.227 - - [24/Aug/2023:08:46:30 +0800] "GET /xingrg/kc/buy/cgsh_order_add.html HTTP/1.1" 200 72104
222.69.128.227 - - [24/Aug/2023:08:46:31 +0800] "GET /xingrg/words/20230823115925_words.js HTTP/1.1" 304 -
222.69.128.227 - - [24/Aug/2023:08:46:31 +0800] "POST /xingrg/kc/buy/cgsh_order_operate.html HTTP/1.1" 200 8245
222.69.128.227 - - [24/Aug/2023:08:46:31 +0800] "GET /xingrg/javascript/easyui/themes/default/validatebox.css HTTP/1.1" 404 1104
222.69.128.227 - - [24/Aug/2023:08:46:31 +0800] "GET /xingrg/all/common/auto_word.html?type=employee&rest_code=00149 HTTP/1.1" 200 197
222.69.128.227 - - [24/Aug/2023:08:46:31 +0800] "GET /xingrg/all/common/auto_word.html?type=employee&rest_code=00149 HTTP/1.1" 200 197
101.83.145.37 - - [24/Aug/2023:08:46:32 +0800] "GET /xingrg/all/function/internal_message.html?_=1692837992637&CODE_STATE=getMsg HTTP/1.1" 200 27
222.69.128.227 - - [24/Aug/2023:08:46:33 +0800] "GET /xingrg/javascript/auto/indicator.gif HTTP/1.1" 404 1066
222.69.128.227 - - [24/Aug/2023:08:46:34 +0800] "GET /xingrg/javascript/jquery_tools/images/prev.gif HTTP/1.1" 404 1086
222.69.128.227 - - [24/Aug/2023:08:46:34 +0800] "GET /xingrg/javascript/jquery_tools/images/next.gif HTTP/1.1" 404 1086
114.95.241.104 - - [24/Aug/2023:08:46:44 +0800] "GET /xingrg/all/function/internal_message.html?_=1692837910526&CODE_STATE=getMsg HTTP/1.1" 200 27
222.69.128.227 - - [24/Aug/2023:08:46:50 +0800] "GET /xingrg/kc/buy/cgsh_order_operate.html?command=get_materiel&rest_code=00149&code=00101008091&supplier_code=00100008&order_time=2023-08-24 HTTP/1.1" 200 413
116.232.195.127 - - [24/Aug/2023:08:46:51 +0800] "GET /xingrg/all/function/internal_message.html?_=1692837930484&CODE_STATE=getMsg HTTP/1.1" 200 27
221.239.167.251 - - [24/Aug/2023:08:46:52 +0800] "GET /xingrg/all/function/internal_message.html?_=1692838012078&CODE_STATE=getMsg HTTP/1.1" 200 27
222.69.128.227 - - [24/Aug/2023:08:46:59 +0800] "GET /xingrg/kc/buy/cgsh_order_operate.html?command=get_materiel&rest_code=00149&code=00101008261&supplier_code=00100008&order_time=2023-08-24 HTTP/1.1" 200 408
114.95.241.104 - - [24/Aug/2023:08:47:01 +0800] "GET /xingrg/all/function/internal_message.html?_=1692838020966&CODE_STATE=getMsg HTTP/1.1" 200 27
114.95.241.104 - - [24/Aug/2023:08:47:01 +0800] "GET /xingrg/check_reg.html?_=1692838020969 HTTP/1.1" 200 22
222.70.173.73 - - [24/Aug/2023:08:47:10 +0800] "GET /xingrg/all/function/internal_message.html?_=1692838017938&CODE_STATE=getMsg HTTP/1.1" 200 27
222.69.128.227 - - [24/Aug/2023:08:47:11 +0800] "GET /xingrg/kc/buy/cgsh_order_operate.html?command=get_materiel&rest_code=00149&code=00101008072&supplier_code=00100008&order_time=2023-08-24 HTTP/1.1" 200 408
222.69.128.227 - - [24/Aug/2023:08:47:17 +0800] "GET /xingrg/all/function/internal_message.html?_=1692838036490&CODE_STATE=getMsg HTTP/1.1" 200 27
124.78.155.92 - - [24/Aug/2023:08:47:20 +0800] "GET /xingrg/all/function/internal_message.html?_=1692838037372&CODE_STATE=getMsg HTTP/1.1" 200 27
222.69.128.227 - - [24/Aug/2023:08:47:22 +0800] "GET /xingrg/kc/buy/cgsh_order_operate.html?command=get_materiel&rest_code=00149&code=00101008132&supplier_code=00100008&order_time=2023-08-24 HTTP/1.1" 200 408
120.253.135.82 - - [24/Aug/2023:08:47:22 +0800] "GET /xingrg/all/function/internal_message.html?_=1692837854488&CODE_STATE=getMsg HTTP/1.1" 200 27
222.70.180.200 - - [24/Aug/2023:08:47:27 +0800] "GET /xingrg/all/function/internal_message.html?_=1692838046702&CODE_STATE=getMsg HTTP/1.1" 200 27
180.152.241.196 - - [24/Aug/2023:08:47:29 +0800] "GET /xingrg/all/function/internal_message.html?_=1692838049094&CODE_STATE=getMsg HTTP/1.1" 200 27
222.70.180.200 - - [24/Aug/2023:08:47:30 +0800] "POST /xingrg/kc/buy/cgsh_order_operate.html HTTP/1.1" 200 37
101.83.145.37 - - [24/Aug/2023:08:47:32 +0800] "GET /xingrg/all/function/internal_message.html?_=1692838052640&CODE_STATE=getMsg HTTP/1.1" 200 27
101.83.145.37 - - [24/Aug/2023:08:47:32 +0800] "GET /xingrg/check_reg.html?_=1692838052644 HTTP/1.1" 200 22
222.70.180.200 - - [24/Aug/2023:08:47:34 +0800] "POST /xingrg/kc/buy/cgsh_order_operate.html HTTP/1.1" 200 3845
222.69.128.227 - - [24/Aug/2023:08:47:36 +0800] "GET /xingrg/kc/buy/cgsh_order_operate.html?command=get_materiel&rest_code=00149&code=00101008155&supplier_code=00100008&order_time=2023-08-24 HTTP/1.1" 200 408
222.70.180.200 - - [24/Aug/2023:08:47:38 +0800] "GET /xingrg/kc/print/load_config.html?kc_code=cgsh HTTP/1.1" 200 1924
222.70.180.200 - - [24/Aug/2023:08:47:38 +0800] "GET /xingrg/kc/print/load_data.html?order_code=212023082409557&kc_code=cgsh&condition= HTTP/1.1" 200 1171
114.95.241.104 - - [24/Aug/2023:08:47:45 +0800] "GET /xingrg/all/function/internal_message.html?_=1692837970540&CODE_STATE=getMsg HTTP/1.1" 200 27
222.69.128.227 - - [24/Aug/2023:08:47:46 +0800] "GET /xingrg/kc/buy/cgsh_order_operate.html?command=get_materiel&rest_code=00149&code=00101008080&supplier_code=00100008&order_time=2023-08-24 HTTP/1.1" 200 416
116.232.195.127 - - [24/Aug/2023:08:47:51 +0800] "GET /xingrg/all/function/internal_message.html?_=1692837990475&CODE_STATE=getMsg HTTP/1.1" 200 27
221.239.167.251 - - [24/Aug/2023:08:47:52 +0800] "GET /xingrg/all/function/internal_message.html?_=1692838072077&CODE_STATE=getMsg HTTP/1.1" 200 27
222.69.128.227 - - [24/Aug/2023:08:47:59 +0800] "GET /xingrg/kc/buy/cgsh_order_operate.html?command=get_materiel&rest_code=00149&code=00101008331&supplier_code=00100008&order_time=2023-08-24 HTTP/1.1" 200 416
114.95.241.104 - - [24/Aug/2023:08:48:01 +0800] "GET /xingrg/all/function/internal_message.html?_=1692838080990&CODE_STATE=getMsg HTTP/1.1" 200 27
114.95.241.104 - - [24/Aug/2023:08:48:04 +0800] "GET /xingrg/kc/mdqp/qqps_order_list.html HTTP/1.1" 200 9222
114.95.241.104 - - [24/Aug/2023:08:48:04 +0800] "GET /xingrg/css/blue.css HTTP/1.1" 304 -
114.95.241.104 - - [24/Aug/2023:08:48:04 +0800] "GET /xingrg/dwr/interface/AjaxQqpsService.js HTTP/1.1" 200 16326
114.95.241.104 - - [24/Aug/2023:08:48:04 +0800] "GET /xingrg/dwr/interface/AjaxReportQueryService.js HTTP/1.1" 200 13203
114.95.241.104 - - [24/Aug/2023:08:48:04 +0800] "GET /xingrg/dwr/util.js HTTP/1.1" 200 35990
114.95.241.104 - - [24/Aug/2023:08:48:05 +0800] "GET /xingrg/dwr/engine.js HTTP/1.1" 200 43631
114.95.241.104 - - [24/Aug/2023:08:48:05 +0800] "GET /xingrg/javascript/Calendar.js HTTP/1.1" 304 -
114.95.241.104 - - [24/Aug/2023:08:48:05 +0800] "GET /xingrg/javascript/ToolTips.js HTTP/1.1" 304 -
114.95.241.104 - - [24/Aug/2023:08:48:05 +0800] "GET /xingrg/javascript/myfunction.js HTTP/1.1" 304 -
114.95.241.104 - - [24/Aug/2023:08:48:05 +0800] "GET /xingrg/javascript/jquery_easy_ui/themes/icons/check_new.png HTTP/1.1" 304 -
114.95.241.104 - - [24/Aug/2023:08:48:05 +0800] "GET /xingrg/javascript/jquery_easy_ui/themes/icons/edit_add_new.png HTTP/1.1" 304 -
114.95.241.104 - - [24/Aug/2023:08:48:05 +0800] "GET /xingrg/javascript/jquery_easy_ui/themes/icons/cance_new.png HTTP/1.1" 304 -
114.95.241.104 - - [24/Aug/2023:08:48:05 +0800] "GET /xingrg/javascript/jquery_easy_ui/themes/icons/uncheck_new.png HTTP/1.1" 304 -
114.95.241.104 - - [24/Aug/2023:08:48:07 +0800] "GET /xingrg/javascript/jquery_easy_ui/themes/default/images/button_plain_hover.png HTTP/1.1" 304 -
114.95.241.104 - - [24/Aug/2023:08:48:08 +0800] "GET /xingrg/kc/mdqp/qqps_order_add.html HTTP/1.1" 200 28250
114.95.241.104 - - [24/Aug/2023:08:48:09 +0800] "GET /xingrg/javascript/tools/jquery.qtip-1.0.0-rc3.min.js HTTP/1.1" 304 -
114.95.241.104 - - [24/Aug/2023:08:48:09 +0800] "GET /xingrg/javascript/AjaxInfoList.js HTTP/1.1" 304 -
114.95.241.104 - - [24/Aug/2023:08:48:09 +0800] "GET /xingrg/dwr/interface/AjaxComOrderService.js HTTP/1.1" 200 18264
114.95.241.104 - - [24/Aug/2023:08:48:09 +0800] "GET /xingrg/dwr/interface/AjaxQqpsService.js HTTP/1.1" 200 16326
114.95.241.104 - - [24/Aug/2023:08:48:09 +0800] "GET /xingrg/dwr/engine.js HTTP/1.1" 200 43631
114.95.241.104 - - [24/Aug/2023:08:48:09 +0800] "GET /xingrg/javascript/Grid.js HTTP/1.1" 304 -
114.95.241.104 - - [24/Aug/2023:08:48:09 +0800] "GET /xingrg/javascript/jquery_easy_ui/themes/icons/copy_new.png HTTP/1.1" 304 -
114.95.241.104 - - [24/Aug/2023:08:48:09 +0800] "GET /xingrg/javascript/jquery_easy_ui/themes/icons/template_new.png HTTP/1.1" 304 -
114.95.241.104 - - [24/Aug/2023:08:48:09 +0800] "GET /xingrg/javascript/jquery_easy_ui/themes/icons/print.png HTTP/1.1" 304 -
114.95.241.104 - - [24/Aug/2023:08:48:09 +0800] "GET /xingrg/javascript/jquery_easy_ui/themes/default/images/menu_downarrow.png HTTP/1.1" 304 -
114.95.241.104 - - [24/Aug/2023:08:48:09 +0800] "GET /xingrg/javascript/jquery_easy_ui/themes/icons/back_new.png HTTP/1.1" 304 -
114.95.241.104 - - [24/Aug/2023:08:48:09 +0800] "GET /xingrg/javascript/jquery_easy_ui/themes/default/images/combo_arrow_dot.gif HTTP/1.1" 304 -
114.95.241.104 - - [24/Aug/2023:08:48:09 +0800] "GET /xingrg/images/blue/button/kc_tab_add.gif HTTP/1.1" 304 -
114.95.241.104 - - [24/Aug/2023:08:48:09 +0800] "GET /xingrg/images/blue/button/kc_tab_edit.gif HTTP/1.1" 304 -
114.95.241.104 - - [24/Aug/2023:08:48:09 +0800] "GET /xingrg/images/blue/button/kc_tab_save.gif HTTP/1.1" 304 -
114.95.241.104 - - [24/Aug/2023:08:48:09 +0800] "GET /xingrg/images/blue/button/kc_tab_del.gif HTTP/1.1" 304 -
114.95.241.104 - - [24/Aug/2023:08:48:09 +0800] "GET /xingrg/images/blue/kc_tab_mid.gif HTTP/1.1" 304 -
114.95.241.104 - - [24/Aug/2023:08:48:09 +0800] "GET /xingrg/images/blue/kc_tab_left.gif HTTP/1.1" 304 -
114.95.241.104 - - [24/Aug/2023:08:48:09 +0800] "GET /xingrg/images/blue/kc_tab2_left.gif HTTP/1.1" 304 -
114.95.241.104 - - [24/Aug/2023:08:48:09 +0800] "GET /xingrg/images/blue/kc_tab_right.gif HTTP/1.1" 304 -
114.95.241.104 - - [24/Aug/2023:08:48:09 +0800] "GET /xingrg/images/blue/kc_tab2_right.gif HTTP/1.1" 304 -
222.69.128.227 - - [24/Aug/2023:08:48:10 +0800] "GET /xingrg/kc/buy/cgsh_order_operate.html?command=get_materiel&rest_code=00149&code=00101008350&supplier_code=00100008&order_time=2023-08-24 HTTP/1.1" 200 408
222.70.173.73 - - [24/Aug/2023:08:48:10 +0800] "GET /xingrg/all/function/internal_message.html?_=1692838078059&CODE_STATE=getMsg HTTP/1.1" 200 27
222.69.128.227 - - [24/Aug/2023:08:48:17 +0800] "GET /xingrg/all/function/internal_message.html?_=1692838096499&CODE_STATE=getMsg HTTP/1.1" 200 27
114.95.241.104 - - [24/Aug/2023:08:48:19 +0800] "GET /xingrg/images/blue/wait.gif HTTP/1.1" 304 -
124.78.155.92 - - [24/Aug/2023:08:48:20 +0800] "GET /xingrg/all/function/internal_message.html?_=1692838097360&CODE_STATE=getMsg HTTP/1.1" 200 27
124.78.155.92 - - [24/Aug/2023:08:48:20 +0800] "GET /xingrg/check_reg.html?_=1692838097396 HTTP/1.1" 200 22
222.69.128.227 - - [24/Aug/2023:08:48:20 +0800] "GET /xingrg/kc/buy/cgsh_order_operate.html?command=get_materiel&rest_code=00149&code=00101008185&supplier_code=00100008&order_time=2023-08-24 HTTP/1.1" 200 408
222.70.180.200 - - [24/Aug/2023:08:48:20 +0800] "GET /xingrg/kc/buy/cgsh_order_add.html HTTP/1.1" 200 71966
222.70.180.200 - - [24/Aug/2023:08:48:20 +0800] "POST /xingrg/kc/buy/cgsh_order_operate.html HTTP/1.1" 200 8245
222.70.180.200 - - [24/Aug/2023:08:48:21 +0800] "GET /xingrg/javascript/easyui/themes/default/validatebox.css HTTP/1.1" 404 1104
114.95.241.104 - - [24/Aug/2023:08:48:21 +0800] "POST /xingrg/dwr/call/plaincall/AjaxQqpsService.saveOrder.dwr HTTP/1.1" 200 78
120.253.135.82 - - [24/Aug/2023:08:48:22 +0800] "GET /xingrg/all/function/internal_message.html?_=1692837914494&CODE_STATE=getMsg HTTP/1.1" 200 27
222.70.180.200 - - [24/Aug/2023:08:48:27 +0800] "GET /xingrg/all/function/internal_message.html?_=1692838106715&CODE_STATE=getMsg HTTP/1.1" 200 27
222.70.180.200 - - [24/Aug/2023:08:48:27 +0800] "GET /xingrg/check_reg.html?_=1692838106705 HTTP/1.1" 200 22
114.95.241.104 - - [24/Aug/2023:08:48:27 +0800] "POST /xingrg/dwr/call/plaincall/AjaxQqpsService.getMaterielByCode.dwr HTTP/1.1" 200 3932
180.152.241.196 - - [24/Aug/2023:08:48:29 +0800] "GET /xingrg/all/function/internal_message.html?_=1692838109097&CODE_STATE=getMsg HTTP/1.1" 200 27
222.69.128.227 - - [24/Aug/2023:08:48:31 +0800] "GET /xingrg/kc/buy/cgsh_order_operate.html?command=get_materiel&rest_code=00149&code=00101008354&supplier_code=00100008&order_time=2023-08-24 HTTP/1.1" 200 412
101.83.145.37 - - [24/Aug/2023:08:48:32 +0800] "GET /xingrg/all/function/internal_message.html?_=1692838112637&CODE_STATE=getMsg HTTP/1.1" 200 27
114.95.241.104 - - [24/Aug/2023:08:48:33 +0800] "POST /xingrg/dwr/call/plaincall/AjaxQqpsService.saveMaterielItem.dwr HTTP/1.1" 200 78
114.95.241.104 - - [24/Aug/2023:08:48:37 +0800] "POST /xingrg/dwr/call/plaincall/AjaxQqpsService.getMaterielByCode.dwr HTTP/1.1" 200 3945
222.69.128.227 - - [24/Aug/2023:08:48:39 +0800] "GET /xingrg/kc/buy/cgsh_order_operate.html?command=get_materiel&rest_code=00149&code=00101008612&supplier_code=00100008&order_time=2023-08-24 HTTP/1.1" 200 420
114.95.241.104 - - [24/Aug/2023:08:48:43 +0800] "POST /xingrg/dwr/call/plaincall/AjaxQqpsService.saveMaterielItem.dwr HTTP/1.1" 200 78
114.95.241.104 - - [24/Aug/2023:08:48:44 +0800] "GET /xingrg/check_reg.html?_=1692838030241 HTTP/1.1" 200 22
114.95.241.104 - - [24/Aug/2023:08:48:45 +0800] "GET /xingrg/all/function/internal_message.html?_=1692838030569&CODE_STATE=getMsg HTTP/1.1" 200 27
114.95.241.104 - - [24/Aug/2023:08:48:47 +0800] "POST /xingrg/dwr/call/plaincall/AjaxQqpsService.getMaterielByCode.dwr HTTP/1.1" 200 3861
116.232.195.127 - - [24/Aug/2023:08:48:51 +0800] "GET /xingrg/all/function/internal_message.html?_=1692838050452&CODE_STATE=getMsg HTTP/1.1" 200 27
114.95.241.104 - - [24/Aug/2023:08:48:52 +0800] "POST /xingrg/kc/buy/cgsh_order_operate.html HTTP/1.1" 200 37
114.95.241.104 - - [24/Aug/2023:08:48:52 +0800] "POST /xingrg/dwr/call/plaincall/AjaxQqpsService.saveMaterielItem.dwr HTTP/1.1" 200 78
221.239.167.251 - - [24/Aug/2023:08:48:52 +0800] "GET /xingrg/all/function/internal_message.html?_=1692838132084&CODE_STATE=getMsg HTTP/1.1" 200 27
221.239.167.251 - - [24/Aug/2023:08:48:52 +0800] "GET /xingrg/check_reg.html?_=1692838132087 HTTP/1.1" 200 22
114.95.241.104 - - [24/Aug/2023:08:48:53 +0800] "POST /xingrg/kc/buy/cgsh_order_operate.html HTTP/1.1" 200 9831
222.69.128.227 - - [24/Aug/2023:08:48:54 +0800] "GET /xingrg/kc/buy/cgsh_order_operate.html?command=get_materiel&rest_code=00149&code=00101008028&supplier_code=00100008&order_time=2023-08-24 HTTP/1.1" 200 412
222.70.173.73 - - [24/Aug/2023:08:49:00 +0800] "GET /xingrg/check_reg.html?_=1692838128043 HTTP/1.1" 200 22
114.95.241.104 - - [24/Aug/2023:08:49:00 +0800] "POST /xingrg/dwr/call/plaincall/AjaxQqpsService.getMaterielByCode.dwr HTTP/1.1" 200 3943
114.95.241.104 - - [24/Aug/2023:08:49:01 +0800] "GET /xingrg/all/function/internal_message.html?_=1692838140981&CODE_STATE=getMsg HTTP/1.1" 200 27
114.95.241.104 - - [24/Aug/2023:08:49:02 +0800] "POST /xingrg/kc/buy/cgsh_order_operate.html HTTP/1.1" 200 37
114.95.241.104 - - [24/Aug/2023:08:49:03 +0800] "POST /xingrg/dwr/call/plaincall/AjaxQqpsService.saveMaterielItem.dwr HTTP/1.1" 200 78
114.95.241.104 - - [24/Aug/2023:08:49:04 +0800] "POST /xingrg/kc/buy/cgsh_order_operate.html HTTP/1.1" 200 9831
116.232.195.127 - - [24/Aug/2023:08:49:06 +0800] "GET /xingrg/check_reg.html?_=1692838065223 HTTP/1.1" 200 22
114.95.241.104 - - [24/Aug/2023:08:49:08 +0800] "POST /xingrg/dwr/call/plaincall/AjaxQqpsService.getMaterielByCode.dwr HTTP/1.1" 200 3932
222.70.173.73 - - [24/Aug/2023:08:49:10 +0800] "GET /xingrg/all/function/internal_message.html?_=1692838138075&CODE_STATE=getMsg HTTP/1.1" 200 27
114.95.241.104 - - [24/Aug/2023:08:49:12 +0800] "POST /xingrg/dwr/call/plaincall/AjaxQqpsService.saveMaterielItem.dwr HTTP/1.1" 200 79
222.69.128.227 - - [24/Aug/2023:08:49:12 +0800] "GET /xingrg/kc/buy/cgsh_order_operate.html?command=get_materiel&rest_code=00149&code=00101008351&supplier_code=00100008&order_time=2023-08-24 HTTP/1.1" 200 408
114.95.241.104 - - [24/Aug/2023:08:49:14 +0800] "GET /xingrg/kc/buy/cgsh_order_operate.html?command=get_materiel&rest_code=00150&code=00101007049&supplier_code=00100096&order_time=2023-08-24 HTTP/1.1" 200 409
114.95.241.104 - - [24/Aug/2023:08:49:17 +0800] "POST /xingrg/dwr/call/plaincall/AjaxQqpsService.getMaterielByCode.dwr HTTP/1.1" 200 3943
222.69.128.227 - - [24/Aug/2023:08:49:17 +0800] "GET /xingrg/all/function/internal_message.html?_=1692838156493&CODE_STATE=getMsg HTTP/1.1" 200 27
124.78.155.92 - - [24/Aug/2023:08:49:20 +0800] "GET /xingrg/all/function/internal_message.html?_=1692838157331&CODE_STATE=getMsg HTTP/1.1" 200 27
180.163.29.212 - - [24/Aug/2023:08:49:20 +0800] "GET /xingrg/check_reg.html?_=1692838097396 HTTP/1.1" 302 -
180.163.29.212 - - [24/Aug/2023:08:49:20 +0800] "GET /xingrg/login.html HTTP/1.1" 200 7641
114.95.241.104 - - [24/Aug/2023:08:49:20 +0800] "POST /xingrg/dwr/call/plaincall/AjaxQqpsService.saveMaterielItem.dwr HTTP/1.1" 200 79
222.69.128.227 - - [24/Aug/2023:08:49:22 +0800] "GET /xingrg/kc/buy/cgsh_order_operate.html?command=get_materiel&rest_code=00149&code=00101008312&supplier_code=00100008&order_time=2023-08-24 HTTP/1.1" 200 412
120.253.135.82 - - [24/Aug/2023:08:49:22 +0800] "GET /xingrg/all/function/internal_message.html?_=1692837974700&CODE_STATE=getMsg HTTP/1.1" 200 27
222.70.180.200 - - [24/Aug/2023:08:49:22 +0800] "GET /xingrg/kc/buy/cgsh_order_operate.html?command=get_materiel&rest_code=00111&code=00101009031&supplier_code=00100037&order_time=2023-08-24 HTTP/1.1" 200 412
114.95.241.104 - - [24/Aug/2023:08:49:25 +0800] "POST /xingrg/dwr/call/plaincall/AjaxQqpsService.getMaterielByCode.dwr HTTP/1.1" 200 3943
222.70.180.200 - - [24/Aug/2023:08:49:27 +0800] "GET /xingrg/all/function/internal_message.html?_=1692838166696&CODE_STATE=getMsg HTTP/1.1" 200 27
114.95.241.104 - - [24/Aug/2023:08:49:28 +0800] "POST /xingrg/dwr/call/plaincall/AjaxQqpsService.saveMaterielItem.dwr HTTP/1.1" 200 79
180.152.241.196 - - [24/Aug/2023:08:49:29 +0800] "GET /xingrg/all/function/internal_message.html?_=1692838169091&CODE_STATE=getMsg HTTP/1.1" 200 27
120.253.135.82 - - [24/Aug/2023:08:49:31 +0800] "GET /xingrg/check_reg.html?_=1692837983966 HTTP/1.1" 200 22
114.95.241.104 - - [24/Aug/2023:08:49:32 +0800] "POST /xingrg/dwr/call/plaincall/AjaxQqpsService.getMaterielByCode.dwr HTTP/1.1" 200 3921
101.83.145.37 - - [24/Aug/2023:08:49:32 +0800] "GET /xingrg/all/function/internal_message.html?_=1692838172634&CODE_STATE=getMsg HTTP/1.1" 200 27
222.69.128.227 - - [24/Aug/2023:08:49:36 +0800] "GET /xingrg/kc/buy/cgsh_order_operate.html?command=get_materiel&rest_code=00149&code=00101008096&supplier_code=00100008&order_time=2023-08-24 HTTP/1.1" 200 412
114.95.241.104 - - [24/Aug/2023:08:49:37 +0800] "POST /xingrg/dwr/call/plaincall/AjaxQqpsService.saveMaterielItem.dwr HTTP/1.1" 200 79
114.95.241.104 - - [24/Aug/2023:08:49:44 +0800] "POST /xingrg/dwr/call/plaincall/AjaxQqpsService.getMaterielByCode.dwr HTTP/1.1" 200 3944
114.95.241.104 - - [24/Aug/2023:08:49:45 +0800] "GET /xingrg/all/function/internal_message.html?_=1692838090583&CODE_STATE=getMsg HTTP/1.1" 200 27
114.95.241.104 - - [24/Aug/2023:08:49:47 +0800] "POST /xingrg/dwr/call/plaincall/AjaxQqpsService.saveMaterielItem.dwr HTTP/1.1" 200 79
222.69.128.227 - - [24/Aug/2023:08:49:50 +0800] "GET /xingrg/kc/buy/cgsh_order_operate.html?command=get_materiel&rest_code=00149&code=00101008038&supplier_code=00100008&order_time=2023-08-24 HTTP/1.1" 200 412
114.95.241.104 - - [24/Aug/2023:08:49:51 +0800] "POST /xingrg/dwr/call/plaincall/AjaxQqpsService.getMaterielByCode.dwr HTTP/1.1" 200 3934
116.232.195.127 - - [24/Aug/2023:08:49:51 +0800] "GET /xingrg/all/function/internal_message.html?_=1692838110434&CODE_STATE=getMsg HTTP/1.1" 200 27
221.239.167.251 - - [24/Aug/2023:08:49:52 +0800] "GET /xingrg/all/function/internal_message.html?_=1692838192087&CODE_STATE=getMsg HTTP/1.1" 200 27
114.95.241.104 - - [24/Aug/2023:08:49:53 +0800] "POST /xingrg/dwr/call/plaincall/AjaxQqpsService.saveMaterielItem.dwr HTTP/1.1" 200 79
114.95.241.104 - - [24/Aug/2023:08:49:58 +0800] "POST /xingrg/dwr/call/plaincall/AjaxQqpsService.getMaterielByCode.dwr HTTP/1.1" 200 3951
114.95.241.104 - - [24/Aug/2023:08:50:01 +0800] "GET /xingrg/all/function/internal_message.html?_=1692838200979&CODE_STATE=getMsg HTTP/1.1" 200 27
114.95.241.104 - - [24/Aug/2023:08:50:01 +0800] "POST /xingrg/dwr/call/plaincall/AjaxQqpsService.saveMaterielItem.dwr HTTP/1.1" 200 79
114.95.241.104 - - [24/Aug/2023:08:50:07 +0800] "POST /xingrg/dwr/call/plaincall/AjaxQqpsService.getMaterielByCode.dwr HTTP/1.1" 200 3949
222.69.128.227 - - [24/Aug/2023:08:50:08 +0800] "GET /xingrg/kc/buy/cgsh_order_operate.html?command=get_materiel&rest_code=00149&code=00101008283&supplier_code=00100008&order_time=2023-08-24 HTTP/1.1" 200 408
222.70.180.200 - - [24/Aug/2023:08:50:09 +0800] "GET /xingrg/kc/buy/cgsh_order_operate.html?command=get_materiel&rest_code=00111&code=00101009044&supplier_code=00100037&order_time=2023-08-24 HTTP/1.1" 200 413
222.70.173.73 - - [24/Aug/2023:08:50:10 +0800] "GET /xingrg/all/function/internal_message.html?_=1692838198089&CODE_STATE=getMsg HTTP/1.1" 200 27
114.95.241.104 - - [24/Aug/2023:08:50:12 +0800] "POST /xingrg/dwr/call/plaincall/AjaxQqpsService.saveMaterielItem.dwr HTTP/1.1" 200 79
114.95.241.104 - - [24/Aug/2023:08:50:16 +0800] "POST /xingrg/dwr/call/plaincall/AjaxQqpsService.getMaterielByCode.dwr HTTP/1.1" 200 3869
222.69.128.227 - - [24/Aug/2023:08:50:17 +0800] "GET /xingrg/all/function/internal_message.html?_=1692838216519&CODE_STATE=getMsg HTTP/1.1" 200 27
124.78.155.92 - - [24/Aug/2023:08:50:20 +0800] "GET /xingrg/all/function/internal_message.html?_=1692838217317&CODE_STATE=getMsg HTTP/1.1" 200 27
222.69.128.227 - - [24/Aug/2023:08:50:20 +0800] "GET /xingrg/kc/buy/cgsh_order_operate.html?command=get_materiel&rest_code=00149&code=00101008358&supplier_code=00100008&order_time=2023-08-24 HTTP/1.1" 200 412
120.253.135.82 - - [24/Aug/2023:08:50:22 +0800] "GET /xingrg/all/function/internal_message.html?_=1692838034709&CODE_STATE=getMsg HTTP/1.1" 200 27
222.70.180.200 - - [24/Aug/2023:08:50:27 +0800] "GET /xingrg/all/function/internal_message.html?_=1692838226700&CODE_STATE=getMsg HTTP/1.1" 200 27
180.152.241.196 - - [24/Aug/2023:08:50:29 +0800] "GET /xingrg/all/function/internal_message.html?_=1692838229089&CODE_STATE=getMsg HTTP/1.1" 200 27
180.152.241.196 - - [24/Aug/2023:08:50:29 +0800] "GET /xingrg/check_reg.html?_=1692838229094 HTTP/1.1" 200 22
114.95.241.104 - - [24/Aug/2023:08:50:31 +0800] "POST /xingrg/dwr/call/plaincall/AjaxQqpsService.saveMaterielItem.dwr HTTP/1.1" 200 79
101.83.145.37 - - [24/Aug/2023:08:50:32 +0800] "GET /xingrg/all/function/internal_message.html?_=1692838232657&CODE_STATE=getMsg HTTP/1.1" 200 27
222.69.128.227 - - [24/Aug/2023:08:50:32 +0800] "GET /xingrg/kc/buy/cgsh_order_operate.html?command=get_materiel&rest_code=00149&code=00101008163&supplier_code=00100008&order_time=2023-08-24 HTTP/1.1" 200 408
114.95.241.104 - - [24/Aug/2023:08:50:37 +0800] "POST /xingrg/dwr/call/plaincall/AjaxQqpsService.getMaterielByCode.dwr HTTP/1.1" 200 3902
222.69.128.227 - - [24/Aug/2023:08:50:42 +0800] "GET /xingrg/kc/buy/cgsh_order_operate.html?command=get_materiel&rest_code=00149&code=00101008010&supplier_code=00100008&order_time=2023-08-24 HTTP/1.1" 200 412
114.95.241.104 - - [24/Aug/2023:08:50:43 +0800] "POST /xingrg/dwr/call/plaincall/AjaxQqpsService.saveMaterielItem.dwr HTTP/1.1" 200 79
114.95.241.104 - - [24/Aug/2023:08:50:45 +0800] "GET /xingrg/all/function/internal_message.html?_=1692838150596&CODE_STATE=getMsg HTTP/1.1" 200 27
222.69.128.227 - - [24/Aug/2023:08:50:45 +0800] "POST /xingrg/kc/buy/cgsh_order_operate.html HTTP/1.1" 200 2065
222.69.128.227 - - [24/Aug/2023:08:50:49 +0800] "GET /xingrg/kc/buy/cgsh_order_operate.html?command=get_materiel&rest_code=00149&code=00101023033&supplier_code=00100008&order_time=2023-08-24 HTTP/1.1" 200 409
116.232.195.127 - - [24/Aug/2023:08:50:51 +0800] "GET /xingrg/all/function/internal_message.html?_=1692838170429&CODE_STATE=getMsg HTTP/1.1" 200 27
221.239.167.251 - - [24/Aug/2023:08:50:52 +0800] "GET /xingrg/all/function/internal_message.html?_=1692838252091&CODE_STATE=getMsg HTTP/1.1" 200 27
114.95.241.104 - - [24/Aug/2023:08:50:53 +0800] "POST /xingrg/dwr/call/plaincall/AjaxQqpsService.getMaterielByCode.dwr HTTP/1.1" 200 3961
114.95.241.104 - - [24/Aug/2023:08:50:55 +0800] "POST /xingrg/dwr/call/plaincall/AjaxQqpsService.saveMaterielItem.dwr HTTP/1.1" 200 79
222.69.128.227 - - [24/Aug/2023:08:51:00 +0800] "GET /xingrg/kc/buy/cgsh_order_operate.html?command=get_materiel&rest_code=00149&code=00101008004&supplier_code=00100008&order_time=2023-08-24 HTTP/1.1" 200 416
101.83.145.37 - - [24/Aug/2023:08:51:00 +0800] "GET /xingrg/kc/buy/cgsh_order_operate.html?command=get_materiel&rest_code=00105&code=00101008196&supplier_code=00100203&order_time=2023-08-24 HTTP/1.1" 200 416
114.95.241.104 - - [24/Aug/2023:08:51:01 +0800] "GET /xingrg/all/function/internal_message.html?_=1692838261012&CODE_STATE=getMsg HTTP/1.1" 200 27
114.95.241.104 - - [24/Aug/2023:08:51:03 +0800] "POST /xingrg/dwr/call/plaincall/AjaxQqpsService.getMaterielByCode.dwr HTTP/1.1" 200 3916
114.95.241.104 - - [24/Aug/2023:08:51:10 +0800] "POST /xingrg/dwr/call/plaincall/AjaxQqpsService.saveMaterielItem.dwr HTTP/1.1" 200 79
222.70.173.73 - - [24/Aug/2023:08:51:10 +0800] "GET /xingrg/all/function/internal_message.html?_=1692838258228&CODE_STATE=getMsg HTTP/1.1" 200 27
114.95.241.104 - - [24/Aug/2023:08:51:14 +0800] "POST /xingrg/dwr/call/plaincall/AjaxQqpsService.getMaterielByCode.dwr HTTP/1.1" 200 3913
222.69.128.227 - - [24/Aug/2023:08:51:15 +0800] "GET /xingrg/kc/buy/cgsh_order_operate.html?command=get_materiel&rest_code=00149&code=00101008356&supplier_code=00100008&order_time=2023-08-24 HTTP/1.1" 200 409
101.83.145.37 - - [24/Aug/2023:08:51:16 +0800] "GET /xingrg/kc/buy/cgsh_order_operate.html?command=get_materiel&rest_code=00105&code=00101008197&supplier_code=00100203&order_time=2023-08-24 HTTP/1.1" 200 416
114.95.241.104 - - [24/Aug/2023:08:51:16 +0800] "POST /xingrg/dwr/call/plaincall/AjaxQqpsService.saveMaterielItem.dwr HTTP/1.1" 200 79
222.69.128.227 - - [24/Aug/2023:08:51:17 +0800] "GET /xingrg/check_reg.html?_=1692838276509 HTTP/1.1" 200 22
222.69.128.227 - - [24/Aug/2023:08:51:17 +0800] "GET /xingrg/all/function/internal_message.html?_=1692838276514&CODE_STATE=getMsg HTTP/1.1" 200 27
124.78.155.92 - - [24/Aug/2023:08:51:19 +0800] "GET /xingrg/all/function/internal_message.html?_=1692838277288&CODE_STATE=getMsg HTTP/1.1" 200 27
114.95.241.104 - - [24/Aug/2023:08:51:21 +0800] "POST /xingrg/dwr/call/plaincall/AjaxQqpsService.getMaterielByCode.dwr HTTP/1.1" 200 3904
120.253.135.82 - - [24/Aug/2023:08:51:22 +0800] "GET /xingrg/all/function/internal_message.html?_=1692838094722&CODE_STATE=getMsg HTTP/1.1" 200 27
114.95.241.104 - - [24/Aug/2023:08:51:25 +0800] "POST /xingrg/dwr/call/plaincall/AjaxQqpsService.saveMaterielItem.dwr HTTP/1.1" 200 79
222.70.180.200 - - [24/Aug/2023:08:51:27 +0800] "GET /xingrg/all/function/internal_message.html?_=1692838286693&CODE_STATE=getMsg HTTP/1.1" 200 27
