222.70.107.27 - - [24/Aug/2023:11:08:24 +0800] "GET /xingrg/javascript/jquery_tools/jquery.tools.extend.js HTTP/1.1" 200 15385
222.70.107.27 - - [24/Aug/2023:11:08:24 +0800] "GET /xingrg/javascript/jquery_tools/jquery.tools.hotkey.js HTTP/1.1" 200 3242
222.70.107.27 - - [24/Aug/2023:11:08:24 +0800] "GET /xingrg/javascript/jquery_tools/fix.css HTTP/1.1" 200 1702
222.70.107.27 - - [24/Aug/2023:11:08:24 +0800] "GET /xingrg/javascript/jquery_tools/jquery.tools.min.js HTTP/1.1" 200 138801
222.70.107.27 - - [24/Aug/2023:11:08:24 +0800] "GET /xingrg/javascript/jquery_tools/jquery.tools.table.js HTTP/1.1" 200 6994
222.70.107.27 - - [24/Aug/2023:11:08:24 +0800] "GET /xingrg/javascript/jquery_tools/list_manager.js HTTP/1.1" 200 3652
222.70.107.27 - - [24/Aug/2023:11:08:24 +0800] "GET /xingrg/javascript/auto/jquery.autocomplete.js HTTP/1.1" 200 21624
222.70.107.27 - - [24/Aug/2023:11:08:24 +0800] "GET /xingrg/javascript/easyui/easyloader.js HTTP/1.1" 200 5975
222.70.107.27 - - [24/Aug/2023:11:08:24 +0800] "GET /xingrg/javascript/jquery.cookie.js HTTP/1.1" 200 5513
222.70.107.27 - - [24/Aug/2023:11:08:24 +0800] "GET /xingrg/javascript/jquery.utils.js HTTP/1.1" 200 11805
222.70.107.27 - - [24/Aug/2023:11:08:24 +0800] "GET /xingrg/javascript/print/LodopFuncs.js HTTP/1.1" 200 5121
222.70.107.27 - - [24/Aug/2023:11:08:24 +0800] "GET /xingrg/javascript/easyui/plugins/jquery.parser.js HTTP/1.1" 200 1142
222.70.107.27 - - [24/Aug/2023:11:08:25 +0800] "POST /xingrg/kc/base/yddb_list_operate.html HTTP/1.1" 200 636
124.78.155.92 - - [24/Aug/2023:11:08:27 +0800] "GET /xingrg/all/function/internal_message.html?_=1692846504282&CODE_STATE=getMsg HTTP/1.1" 200 27
222.70.180.200 - - [24/Aug/2023:11:08:27 +0800] "GET /xingrg/all/function/internal_message.html?_=1692846506968&CODE_STATE=getMsg HTTP/1.1" 200 27
222.70.180.200 - - [24/Aug/2023:11:08:27 +0800] "GET /xingrg/check_reg.html?_=1692846506964 HTTP/1.1" 200 22
180.165.48.189 - - [24/Aug/2023:11:08:28 +0800] "GET /xingrg/kc/buy/cgsh_order_operate.html?command=get_materiel&rest_code=00108&code=00101008350&supplier_code=00100007&order_time=2023-08-24 HTTP/1.1" 200 408
180.152.241.196 - - [24/Aug/2023:11:08:29 +0800] "GET /xingrg/all/function/internal_message.html?_=1692846509058&CODE_STATE=getMsg HTTP/1.1" 200 27
116.232.195.127 - - [24/Aug/2023:11:08:32 +0800] "GET /xingrg/all/function/internal_message.html?_=1692846430409&CODE_STATE=getMsg HTTP/1.1" 200 27
180.165.48.189 - - [24/Aug/2023:11:08:32 +0800] "POST /xingrg/kc/buy/cgsh_order_operate.html HTTP/1.1" 200 2065
120.253.135.82 - - [24/Aug/2023:11:08:33 +0800] "GET /xingrg/all/function/internal_message.html?_=1692846325897&CODE_STATE=getMsg HTTP/1.1" 200 27
180.169.147.146 - - [24/Aug/2023:11:08:33 +0800] "GET /xingrg/all/function/internal_message.html?_=1692846515014&CODE_STATE=getMsg HTTP/1.1" 302 -
116.235.94.33 - - [24/Aug/2023:11:08:37 +0800] "GET /xingrg/all/function/internal_message.html?_=1692846809405&CODE_STATE=getMsg HTTP/1.1" 200 27
116.232.195.127 - - [24/Aug/2023:11:08:37 +0800] "GET /xingrg/kc/buy/cgsh_order_operate.html?command=get_materiel&rest_code=00155&code=00101006027&supplier_code=00100012&order_time=2023-08-24 HTTP/1.1" 200 408
58.40.7.146 - - [24/Aug/2023:11:08:37 +0800] "GET /xingrg/all/function/internal_message.html?_=1692846517235&CODE_STATE=getMsg HTTP/1.1" 200 27
114.83.221.186 - - [24/Aug/2023:11:08:37 +0800] "GET /xingrg/all/function/internal_message.html?_=1692846656411&CODE_STATE=getMsg HTTP/1.1" 200 27
120.253.135.82 - - [24/Aug/2023:11:08:41 +0800] "GET /xingrg/all/function/internal_message.html?_=1692846661752&CODE_STATE=getMsg HTTP/1.1" 200 27
180.165.48.189 - - [24/Aug/2023:11:08:45 +0800] "GET /xingrg/kc/buy/cgsh_order_operate.html?command=get_materiel&rest_code=00108&code=00101009066&supplier_code=00100007&order_time=2023-08-24 HTTP/1.1" 200 416
101.228.187.155 - - [24/Aug/2023:11:08:47 +0800] "GET /xingrg/all/function/internal_message.html?_=1692846525300&CODE_STATE=getMsg HTTP/1.1" 200 27
101.228.187.155 - - [24/Aug/2023:11:08:47 +0800] "GET /xingrg/check_reg.html?_=1692846525521 HTTP/1.1" 200 22
180.165.48.189 - - [24/Aug/2023:11:08:51 +0800] "GET /xingrg/all/function/internal_message.html?_=1692846531321&CODE_STATE=getMsg HTTP/1.1" 200 27
221.239.167.251 - - [24/Aug/2023:11:08:53 +0800] "GET /xingrg/all/function/internal_message.html?_=1692846532318&CODE_STATE=getMsg HTTP/1.1" 200 27
221.239.167.251 - - [24/Aug/2023:11:08:53 +0800] "GET /xingrg/check_reg.html?_=1692846532321 HTTP/1.1" 200 22
101.83.145.37 - - [24/Aug/2023:11:08:54 +0800] "GET /xingrg/all/function/internal_message.html?_=1692846534938&CODE_STATE=getMsg HTTP/1.1" 200 27
222.70.173.73 - - [24/Aug/2023:11:09:01 +0800] "GET /xingrg/check_reg.html?_=1692846529868 HTTP/1.1" 200 22
222.67.237.86 - - [24/Aug/2023:11:09:05 +0800] "GET /xingrg/all/function/internal_message.html?_=1692845993441&CODE_STATE=getMsg HTTP/1.1" 200 27
114.95.241.104 - - [24/Aug/2023:11:09:08 +0800] "GET /xingrg/all/function/internal_message.html?_=1692846548677&CODE_STATE=getMsg HTTP/1.1" 200 27
114.95.241.104 - - [24/Aug/2023:11:09:08 +0800] "GET /xingrg/check_reg.html?_=1692846548790 HTTP/1.1" 200 22
222.70.107.27 - - [24/Aug/2023:11:09:11 +0800] "GET /xingrg/all/function/internal_message.html?_=1692846551590&CODE_STATE=getMsg HTTP/1.1" 200 27
222.67.237.86 - - [24/Aug/2023:11:09:16 +0800] "GET /xingrg/kc/buy/cgsh_order_operate.html?command=get_materiel&rest_code=00141&code=00101008351&supplier_code=00100007&order_time=2023-08-24 HTTP/1.1" 200 408
180.165.48.189 - - [24/Aug/2023:11:09:16 +0800] "POST /xingrg/kc/buy/cgsh_order_operate.html HTTP/1.1" 200 37
180.165.48.189 - - [24/Aug/2023:11:09:19 +0800] "POST /xingrg/kc/buy/cgsh_order_operate.html HTTP/1.1" 200 34002
222.70.173.73 - - [24/Aug/2023:11:09:19 +0800] "GET /xingrg/all/function/internal_message.html?_=1692846547887&CODE_STATE=getMsg HTTP/1.1" 200 27
116.232.195.127 - - [24/Aug/2023:11:09:22 +0800] "GET /xingrg/kc/buy/cgsh_order_operate.html?command=get_materiel&rest_code=00155&code=00101006128&supplier_code=00100012&order_time=2023-08-24 HTTP/1.1" 200 435
222.69.128.227 - - [24/Aug/2023:11:09:22 +0800] "GET /xingrg/all/function/internal_message.html?_=1692846561400&CODE_STATE=getMsg HTTP/1.1" 200 27
180.165.48.189 - - [24/Aug/2023:11:09:23 +0800] "GET /xingrg/kc/print/load_data.html?order_code=212023082409601&kc_code=cgsh&condition= HTTP/1.1" 200 12572
180.152.241.196 - - [24/Aug/2023:11:09:23 +0800] "GET /xingrg/all/function/internal_message.html?_=1692846568372&CODE_STATE=getMsg HTTP/1.1" 200 27
124.78.155.92 - - [24/Aug/2023:11:09:27 +0800] "GET /xingrg/all/function/internal_message.html?_=1692846564269&CODE_STATE=getMsg HTTP/1.1" 200 27
222.70.180.200 - - [24/Aug/2023:11:09:27 +0800] "GET /xingrg/all/function/internal_message.html?_=1692846566966&CODE_STATE=getMsg HTTP/1.1" 200 27
180.152.241.196 - - [24/Aug/2023:11:09:29 +0800] "GET /xingrg/all/function/internal_message.html?_=1692846569049&CODE_STATE=getMsg HTTP/1.1" 200 27
180.165.48.189 - - [24/Aug/2023:11:09:30 +0800] "GET /xingrg/kc/buy/cgsh_order_add.html HTTP/1.1" 200 72108
180.165.48.189 - - [24/Aug/2023:11:09:31 +0800] "POST /xingrg/kc/buy/cgsh_order_operate.html HTTP/1.1" 200 8245
180.165.48.189 - - [24/Aug/2023:11:09:31 +0800] "GET /xingrg/javascript/easyui/themes/default/validatebox.css HTTP/1.1" 404 1104
222.67.237.86 - - [24/Aug/2023:11:09:31 +0800] "GET /xingrg/kc/buy/cgsh_order_operate.html?command=get_materiel&rest_code=00141&code=00101008088&supplier_code=00100007&order_time=2023-08-24 HTTP/1.1" 200 408
116.232.195.127 - - [24/Aug/2023:11:09:32 +0800] "GET /xingrg/all/function/internal_message.html?_=1692846490412&CODE_STATE=getMsg HTTP/1.1" 200 27
120.253.135.82 - - [24/Aug/2023:11:09:33 +0800] "GET /xingrg/check_reg.html?_=1692846385611 HTTP/1.1" 200 22
120.253.135.82 - - [24/Aug/2023:11:09:33 +0800] "GET /xingrg/all/function/internal_message.html?_=1692846385915&CODE_STATE=getMsg HTTP/1.1" 200 27
180.169.147.146 - - [24/Aug/2023:11:09:33 +0800] "GET /xingrg/all/function/internal_message.html?_=1692846575002&CODE_STATE=getMsg HTTP/1.1" 302 -
116.235.94.33 - - [24/Aug/2023:11:09:37 +0800] "GET /xingrg/all/function/internal_message.html?_=1692846869401&CODE_STATE=getMsg HTTP/1.1" 200 27
58.40.7.146 - - [24/Aug/2023:11:09:37 +0800] "GET /xingrg/all/function/internal_message.html?_=1692846577236&CODE_STATE=getMsg HTTP/1.1" 200 27
114.83.221.186 - - [24/Aug/2023:11:09:37 +0800] "GET /xingrg/all/function/internal_message.html?_=1692846716390&CODE_STATE=getMsg HTTP/1.1" 200 27
180.165.48.189 - - [24/Aug/2023:11:09:40 +0800] "GET /xingrg/kc/buy/cgsh_order_operate.html?command=get_materiel&rest_code=00108&code=00101023022&supplier_code=00100036&order_time=2023-08-24 HTTP/1.1" 200 406
120.253.135.82 - - [24/Aug/2023:11:09:41 +0800] "GET /xingrg/check_reg.html?_=1692846721757 HTTP/1.1" 200 22
120.253.135.82 - - [24/Aug/2023:11:09:41 +0800] "GET /xingrg/all/function/internal_message.html?_=1692846721757&CODE_STATE=getMsg HTTP/1.1" 200 27
101.228.187.155 - - [24/Aug/2023:11:09:47 +0800] "GET /xingrg/all/function/internal_message.html?_=1692846585302&CODE_STATE=getMsg HTTP/1.1" 200 27
180.165.48.189 - - [24/Aug/2023:11:09:51 +0800] "GET /xingrg/all/function/internal_message.html?_=1692846591283&CODE_STATE=getMsg HTTP/1.1" 200 27
180.165.48.189 - - [24/Aug/2023:11:09:52 +0800] "GET /xingrg/kc/buy/cgsh_order_operate.html?command=get_materiel&rest_code=00108&code=00101012032&supplier_code=00100036&order_time=2023-08-24 HTTP/1.1" 200 416
221.239.167.251 - - [24/Aug/2023:11:09:53 +0800] "GET /xingrg/all/function/internal_message.html?_=1692846592321&CODE_STATE=getMsg HTTP/1.1" 200 27
101.83.145.37 - - [24/Aug/2023:11:09:54 +0800] "GET /xingrg/all/function/internal_message.html?_=1692846594909&CODE_STATE=getMsg HTTP/1.1" 200 27
222.67.237.86 - - [24/Aug/2023:11:09:56 +0800] "GET /xingrg/kc/buy/cgsh_order_operate.html?command=get_materiel&rest_code=00141&code=00101008361&supplier_code=00100007&order_time=2023-08-24 HTTP/1.1" 200 408
180.152.241.196 - - [24/Aug/2023:11:09:56 +0800] "GET /xingrg/kc/base/wldb_order_operate.html?command=get_materiel&rest_code=00102&base_code=0010476&code=00101019529 HTTP/1.1" 200 475
101.83.145.37 - - [24/Aug/2023:11:09:59 +0800] "POST /xingrg/kc/base/wldb_order_operate.html HTTP/1.1" 200 37
101.83.145.37 - - [24/Aug/2023:11:09:59 +0800] "POST /xingrg/kc/base/wldb_order_operate.html HTTP/1.1" 200 6232
101.83.145.37 - - [24/Aug/2023:11:10:00 +0800] "GET /xingrg/kc/base/wldb_order_info.html?code=422023082402530 HTTP/1.1" 200 30513
101.83.145.37 - - [24/Aug/2023:11:10:00 +0800] "GET /xingrg/javascript/easyui/themes/default/validatebox.css HTTP/1.1" 404 1104
101.83.145.37 - - [24/Aug/2023:11:10:01 +0800] "POST /xingrg/kc/base/wldb_order_operate.html HTTP/1.1" 200 6232
101.83.145.37 - - [24/Aug/2023:11:10:03 +0800] "GET /xingrg/kc/base/wldb_order_add.html HTTP/1.1" 200 30498
101.83.145.37 - - [24/Aug/2023:11:10:03 +0800] "POST /xingrg/kc/base/wldb_order_operate.html HTTP/1.1" 200 6806
101.83.145.37 - - [24/Aug/2023:11:10:03 +0800] "GET /xingrg/javascript/easyui/themes/default/validatebox.css HTTP/1.1" 404 1104
180.152.241.196 - - [24/Aug/2023:11:10:04 +0800] "GET /xingrg/kc/base/wldb_order_operate.html?command=get_materiel&rest_code=00102&base_code=0010476&code=00101019079 HTTP/1.1" 200 479
180.165.48.189 - - [24/Aug/2023:11:10:04 +0800] "GET /xingrg/kc/buy/cgsh_order_operate.html?command=get_materiel&rest_code=00108&code=00101011005&supplier_code=00100036&order_time=2023-08-24 HTTP/1.1" 200 428
101.83.145.37 - - [24/Aug/2023:11:10:04 +0800] "POST /xingrg/all/common/load_combo.html?type=base HTTP/1.1" 200 3409
222.67.237.86 - - [24/Aug/2023:11:10:05 +0800] "GET /xingrg/all/function/internal_message.html?_=1692846053442&CODE_STATE=getMsg HTTP/1.1" 200 27
222.67.237.86 - - [24/Aug/2023:11:10:06 +0800] "GET /xingrg/kc/buy/cgsh_order_operate.html?command=get_materiel&rest_code=00141&code=00101008148&supplier_code=00100007&order_time=2023-08-24 HTTP/1.1" 200 416
180.152.241.196 - - [24/Aug/2023:11:10:08 +0800] "GET /xingrg/kc/base/wldb_order_operate.html?command=get_materiel&rest_code=00102&base_code=0010476&code=00101019535 HTTP/1.1" 200 477
114.95.241.104 - - [24/Aug/2023:11:10:08 +0800] "GET /xingrg/all/function/internal_message.html?_=1692846608652&CODE_STATE=getMsg HTTP/1.1" 200 27
222.70.107.27 - - [24/Aug/2023:11:10:11 +0800] "GET /xingrg/all/function/internal_message.html?_=1692846611592&CODE_STATE=getMsg HTTP/1.1" 200 27
180.165.48.189 - - [24/Aug/2023:11:10:17 +0800] "POST /xingrg/kc/buy/cgsh_order_operate.html HTTP/1.1" 200 37
180.152.241.196 - - [24/Aug/2023:11:10:18 +0800] "GET /favicon.ico HTTP/1.1" 404 -
222.67.237.86 - - [24/Aug/2023:11:10:18 +0800] "GET /xingrg/kc/buy/cgsh_order_operate.html?command=get_materiel&rest_code=00141&code=00101008264&supplier_code=00100007&order_time=2023-08-24 HTTP/1.1" 200 412
222.70.173.73 - - [24/Aug/2023:11:10:19 +0800] "GET /xingrg/all/function/internal_message.html?_=1692846607899&CODE_STATE=getMsg HTTP/1.1" 200 27
101.83.145.37 - - [24/Aug/2023:11:10:20 +0800] "GET /xingrg/kc/base/wldb_order_operate.html?command=get_materiel&rest_code=00105&base_code=0010507&code=00101013182 HTTP/1.1" 200 430
222.69.128.227 - - [24/Aug/2023:11:10:22 +0800] "GET /xingrg/check_reg.html?_=1692846621402 HTTP/1.1" 200 22
222.69.128.227 - - [24/Aug/2023:11:10:22 +0800] "GET /xingrg/all/function/internal_message.html?_=1692846621414&CODE_STATE=getMsg HTTP/1.1" 200 27
180.152.241.196 - - [24/Aug/2023:11:10:23 +0800] "GET /xingrg/all/function/internal_message.html?_=1692846628371&CODE_STATE=getMsg HTTP/1.1" 200 27
180.152.241.196 - - [24/Aug/2023:11:10:24 +0800] "GET /xingrg/kc/base/wldb_order_operate.html?command=get_materiel&rest_code=00102&base_code=0010476&code=00101019306 HTTP/1.1" 200 478
124.78.155.92 - - [24/Aug/2023:11:10:27 +0800] "GET /xingrg/all/function/internal_message.html?_=1692846624241&CODE_STATE=getMsg HTTP/1.1" 200 27
222.70.180.200 - - [24/Aug/2023:11:10:27 +0800] "GET /xingrg/all/function/internal_message.html?_=1692846626965&CODE_STATE=getMsg HTTP/1.1" 200 27
101.83.145.37 - - [24/Aug/2023:11:10:27 +0800] "POST /xingrg/kc/base/wldb_order_operate.html HTTP/1.1" 200 37
180.165.48.189 - - [24/Aug/2023:11:10:28 +0800] "POST /xingrg/kc/buy/cgsh_order_operate.html HTTP/1.1" 200 3834
101.83.145.37 - - [24/Aug/2023:11:10:28 +0800] "POST /xingrg/kc/base/wldb_order_operate.html HTTP/1.1" 200 2179
180.152.241.196 - - [24/Aug/2023:11:10:29 +0800] "GET /xingrg/kc/base/wldb_order_operate.html?command=get_materiel&rest_code=00102&base_code=0010476&code=00101019405 HTTP/1.1" 200 482
180.152.241.196 - - [24/Aug/2023:11:10:29 +0800] "GET /xingrg/all/function/internal_message.html?_=1692846629019&CODE_STATE=getMsg HTTP/1.1" 200 27
180.152.241.196 - - [24/Aug/2023:11:10:29 +0800] "GET /xingrg/check_reg.html?_=1692846629082 HTTP/1.1" 200 22
222.67.237.86 - - [24/Aug/2023:11:10:29 +0800] "GET /xingrg/kc/buy/cgsh_order_operate.html?command=get_materiel&rest_code=00141&code=00101008740&supplier_code=00100007&order_time=2023-08-24 HTTP/1.1" 200 399
222.70.107.27 - - [24/Aug/2023:11:10:29 +0800] "POST /xingrg/kc/base/yddb_list_operate.html HTTP/1.1" 200 4394
222.70.107.27 - - [24/Aug/2023:11:10:30 +0800] "POST /xingrg/kc/base/yddb_list_operate.html HTTP/1.1" 200 206
180.165.48.189 - - [24/Aug/2023:11:10:31 +0800] "GET /xingrg/kc/print/load_data.html?order_code=212023082409604&kc_code=cgsh&condition= HTTP/1.1" 200 1213
116.232.195.127 - - [24/Aug/2023:11:10:32 +0800] "GET /xingrg/all/function/internal_message.html?_=1692846550420&CODE_STATE=getMsg HTTP/1.1" 200 27
222.70.107.27 - - [24/Aug/2023:11:10:32 +0800] "POST /xingrg/kc/base/yddb_list_operate.html HTTP/1.1" 200 206
120.253.135.82 - - [24/Aug/2023:11:10:33 +0800] "GET /xingrg/all/function/internal_message.html?_=1692846445924&CODE_STATE=getMsg HTTP/1.1" 200 27
180.169.147.146 - - [24/Aug/2023:11:10:33 +0800] "GET /xingrg/all/function/internal_message.html?_=1692846635012&CODE_STATE=getMsg HTTP/1.1" 302 -
222.70.107.27 - - [24/Aug/2023:11:10:36 +0800] "POST /xingrg/kc/base/yddb_list_operate.html HTTP/1.1" 200 211
116.235.94.33 - - [24/Aug/2023:11:10:37 +0800] "GET /xingrg/all/function/internal_message.html?_=1692846929409&CODE_STATE=getMsg HTTP/1.1" 200 27
180.165.48.189 - - [24/Aug/2023:11:10:37 +0800] "GET /xingrg/kc/buy/cgsh_order_add.html HTTP/1.1" 200 72108
58.40.7.146 - - [24/Aug/2023:11:10:37 +0800] "GET /xingrg/check_reg.html?_=1692846637240 HTTP/1.1" 200 22
58.40.7.146 - - [24/Aug/2023:11:10:37 +0800] "GET /xingrg/all/function/internal_message.html?_=1692846637242&CODE_STATE=getMsg HTTP/1.1" 200 27
114.83.221.186 - - [24/Aug/2023:11:10:37 +0800] "GET /xingrg/all/function/internal_message.html?_=1692846776381&CODE_STATE=getMsg HTTP/1.1" 200 27
180.165.48.189 - - [24/Aug/2023:11:10:37 +0800] "POST /xingrg/kc/buy/cgsh_order_operate.html HTTP/1.1" 200 8245
180.165.48.189 - - [24/Aug/2023:11:10:37 +0800] "GET /xingrg/javascript/easyui/themes/default/validatebox.css HTTP/1.1" 404 1104
101.83.145.37 - - [24/Aug/2023:11:10:37 +0800] "GET /xingrg/kc/base/wldb_order_info.html?code=422023082402533 HTTP/1.1" 200 30512
101.83.145.37 - - [24/Aug/2023:11:10:38 +0800] "GET /xingrg/javascript/easyui/themes/default/validatebox.css HTTP/1.1" 404 1104
222.67.237.86 - - [24/Aug/2023:11:10:38 +0800] "GET /xingrg/kc/buy/cgsh_order_operate.html?command=get_materiel&rest_code=00141&code=00101008077&supplier_code=00100007&order_time=2023-08-24 HTTP/1.1" 200 416
101.83.145.37 - - [24/Aug/2023:11:10:38 +0800] "POST /xingrg/kc/base/wldb_order_operate.html HTTP/1.1" 200 2179
222.70.107.27 - - [24/Aug/2023:11:10:40 +0800] "GET /xingrg/kc/base/yddb_order_info.html?code=482023081900134 HTTP/1.1" 200 31800
222.70.107.27 - - [24/Aug/2023:11:10:40 +0800] "GET /xingrg/css/blue.css HTTP/1.1" 200 15949
222.70.107.27 - - [24/Aug/2023:11:10:40 +0800] "GET /xingrg/javascript/pic_change.js HTTP/1.1" 200 4739
222.70.107.27 - - [24/Aug/2023:11:10:40 +0800] "GET /xingrg/javascript/myfunction.js HTTP/1.1" 200 24559
222.70.107.27 - - [24/Aug/2023:11:10:40 +0800] "GET /xingrg/dwr/util.js HTTP/1.1" 200 35990
222.70.107.27 - - [24/Aug/2023:11:10:40 +0800] "GET /xingrg/dwr/interface/AjaxYddbService.js HTTP/1.1" 200 13201
222.70.107.27 - - [24/Aug/2023:11:10:40 +0800] "GET /xingrg/dwr/interface/AjaxComOrderService.js HTTP/1.1" 200 18264
222.70.107.27 - - [24/Aug/2023:11:10:40 +0800] "GET /xingrg/javascript/Calendar.js HTTP/1.1" 200 31561
222.70.107.27 - - [24/Aug/2023:11:10:40 +0800] "GET /xingrg/javascript/AjaxInfoList.js HTTP/1.1" 200 3774
222.70.107.27 - - [24/Aug/2023:11:10:40 +0800] "GET /xingrg/javascript/checkform.js HTTP/1.1" 200 18351
222.70.107.27 - - [24/Aug/2023:11:10:40 +0800] "GET /xingrg/javascript/Grid.js HTTP/1.1" 200 58908
222.70.107.27 - - [24/Aug/2023:11:10:40 +0800] "GET /xingrg/javascript/jquery_easy_ui/themes/default/easyui.css HTTP/1.1" 200 26500
222.70.107.27 - - [24/Aug/2023:11:10:40 +0800] "GET /xingrg/dwr/engine.js HTTP/1.1" 200 43631
222.70.107.27 - - [24/Aug/2023:11:10:40 +0800] "GET /xingrg/javascript/jquery_easy_ui/themes/icon.css HTTP/1.1" 200 3949
222.70.107.27 - - [24/Aug/2023:11:10:40 +0800] "GET /xingrg/javascript/ToolTips.js HTTP/1.1" 200 5615
222.70.107.27 - - [24/Aug/2023:11:10:40 +0800] "POST /xingrg/dwr/call/plaincall/AjaxYddbService.loadMaterielItems.dwr HTTP/1.1" 200 402
101.83.145.37 - - [24/Aug/2023:11:10:41 +0800] "GET /xingrg/kc/base/wldb_order_add.html HTTP/1.1" 200 30498
120.253.135.82 - - [24/Aug/2023:11:10:41 +0800] "GET /xingrg/all/function/internal_message.html?_=1692846781761&CODE_STATE=getMsg HTTP/1.1" 200 27
101.83.145.37 - - [24/Aug/2023:11:10:41 +0800] "GET /xingrg/javascript/easyui/themes/default/validatebox.css HTTP/1.1" 404 1104
101.83.145.37 - - [24/Aug/2023:11:10:41 +0800] "POST /xingrg/kc/base/wldb_order_operate.html HTTP/1.1" 200 6806
101.83.145.37 - - [24/Aug/2023:11:10:42 +0800] "POST /xingrg/all/common/load_combo.html?type=base HTTP/1.1" 200 3409
222.70.107.27 - - [24/Aug/2023:11:10:45 +0800] "POST /xingrg/dwr/call/plaincall/AjaxYddbService.saveOrder.dwr HTTP/1.1" 200 78
101.228.187.155 - - [24/Aug/2023:11:10:47 +0800] "GET /xingrg/all/function/internal_message.html?_=1692846645302&CODE_STATE=getMsg HTTP/1.1" 200 27
180.165.48.189 - - [24/Aug/2023:11:10:51 +0800] "GET /xingrg/all/function/internal_message.html?_=1692846651245&CODE_STATE=getMsg HTTP/1.1" 200 27
222.70.107.27 - - [24/Aug/2023:11:10:51 +0800] "POST /xingrg/dwr/call/plaincall/AjaxYddbService.objCheckOrder.dwr HTTP/1.1" 200 78
180.165.48.189 - - [24/Aug/2023:11:10:51 +0800] "GET /xingrg/kc/buy/cgsh_order_operate.html?command=get_materiel&rest_code=00108&code=00101006027&supplier_code=00100012&order_time=2023-08-24 HTTP/1.1" 200 408
222.67.237.86 - - [24/Aug/2023:11:10:52 +0800] "GET /xingrg/kc/buy/cgsh_order_operate.html?command=get_materiel&rest_code=00141&code=00101008286&supplier_code=00100007&order_time=2023-08-24 HTTP/1.1" 200 408
221.239.167.251 - - [24/Aug/2023:11:10:53 +0800] "GET /xingrg/all/function/internal_message.html?_=1692846652337&CODE_STATE=getMsg HTTP/1.1" 200 27
222.70.107.27 - - [24/Aug/2023:11:10:53 +0800] "GET /xingrg/kc/base/yddb_order_info.html?code=482023081900134 HTTP/1.1" 200 31919
222.70.107.27 - - [24/Aug/2023:11:10:53 +0800] "GET /xingrg/dwr/interface/AjaxComOrderService.js HTTP/1.1" 200 18264
222.70.107.27 - - [24/Aug/2023:11:10:53 +0800] "GET /xingrg/dwr/interface/AjaxYddbService.js HTTP/1.1" 200 13201
222.70.107.27 - - [24/Aug/2023:11:10:53 +0800] "GET /xingrg/dwr/engine.js HTTP/1.1" 200 43631
222.70.107.27 - - [24/Aug/2023:11:10:54 +0800] "POST /xingrg/dwr/call/plaincall/AjaxYddbService.loadMaterielItems.dwr HTTP/1.1" 200 402
101.83.145.37 - - [24/Aug/2023:11:10:55 +0800] "GET /xingrg/all/function/internal_message.html?_=1692846655645&CODE_STATE=getMsg HTTP/1.1" 200 27
180.152.241.196 - - [24/Aug/2023:11:10:56 +0800] "POST /xingrg/kc/base/wldb_order_operate.html HTTP/1.1" 200 37
222.70.107.27 - - [24/Aug/2023:11:10:59 +0800] "GET /xingrg/kc/base/yddb_order_report.html?fileType=servlets/html&code=482023081900134&reportName=ck_order_report&subName=yddb HTTP/1.1" 302 -
222.70.107.27 - - [24/Aug/2023:11:10:59 +0800] "GET /xingrg/servlets/html?sysBaseUrl=http%3A%2F%2F180.169.147.146%3A18081%2Fxingrg%2F&costTime=1057×tamp=1692846659471 HTTP/1.1" 200 14775
222.70.107.27 - - [24/Aug/2023:11:10:59 +0800] "GET /xingrg/servlets/image?image=px HTTP/1.1" 200 807
222.70.107.27 - - [24/Aug/2023:11:10:59 +0800] "GET /favicon.ico HTTP/1.1" 404 -
101.83.145.37 - - [24/Aug/2023:11:11:00 +0800] "GET /xingrg/kc/base/wldb_order_operate.html?command=get_materiel&rest_code=00105&base_code=0010508&code=00102002448 HTTP/1.1" 200 440
222.67.237.86 - - [24/Aug/2023:11:11:02 +0800] "GET /xingrg/kc/buy/cgsh_order_operate.html?command=get_materiel&rest_code=00141&code=00101008131&supplier_code=00100007&order_time=2023-08-24 HTTP/1.1" 200 409
180.165.48.189 - - [24/Aug/2023:11:11:05 +0800] "GET /xingrg/kc/buy/cgsh_order_operate.html?command=get_materiel&rest_code=00108&code=00101006065&supplier_code=00100012&order_time=2023-08-24 HTTP/1.1" 200 409
222.67.237.86 - - [24/Aug/2023:11:11:05 +0800] "GET /xingrg/all/function/internal_message.html?_=1692846113432&CODE_STATE=getMsg HTTP/1.1" 200 27
222.67.237.86 - - [24/Aug/2023:11:11:05 +0800] "GET /xingrg/check_reg.html?_=1692846113434 HTTP/1.1" 200 22
180.152.241.196 - - [24/Aug/2023:11:11:07 +0800] "POST /xingrg/kc/base/wldb_order_operate.html HTTP/1.1" 200 12
180.152.241.196 - - [24/Aug/2023:11:11:07 +0800] "POST /xingrg/kc/base/wldb_order_operate.html HTTP/1.1" 200 4264
114.95.241.104 - - [24/Aug/2023:11:11:08 +0800] "GET /xingrg/all/function/internal_message.html?_=1692846668623&CODE_STATE=getMsg HTTP/1.1" 200 27
101.83.145.37 - - [24/Aug/2023:11:11:09 +0800] "POST /xingrg/kc/base/wldb_order_operate.html HTTP/1.1" 200 37
180.152.241.196 - - [24/Aug/2023:11:11:09 +0800] "GET /xingrg/kc/base/wldb_order_info.html?code=422023082402534 HTTP/1.1" 200 26370
180.152.241.196 - - [24/Aug/2023:11:11:10 +0800] "GET /xingrg/javascript/easyui/themes/default/validatebox.css HTTP/1.1" 404 1104
101.83.145.37 - - [24/Aug/2023:11:11:10 +0800] "POST /xingrg/kc/base/wldb_order_operate.html HTTP/1.1" 200 2189
180.152.241.196 - - [24/Aug/2023:11:11:10 +0800] "POST /xingrg/kc/base/wldb_order_operate.html HTTP/1.1" 200 2515
222.70.107.27 - - [24/Aug/2023:11:11:11 +0800] "GET /xingrg/check_reg.html?_=1692846671591 HTTP/1.1" 200 22
222.70.107.27 - - [24/Aug/2023:11:11:11 +0800] "GET /xingrg/all/function/internal_message.html?_=1692846671594&CODE_STATE=getMsg HTTP/1.1" 200 27
101.83.145.37 - - [24/Aug/2023:11:11:11 +0800] "GET /xingrg/kc/base/wldb_order_info.html?code=422023082402535 HTTP/1.1" 200 30512
101.83.145.37 - - [24/Aug/2023:11:11:11 +0800] "GET /xingrg/javascript/easyui/themes/default/validatebox.css HTTP/1.1" 404 1104
101.83.145.37 - - [24/Aug/2023:11:11:12 +0800] "POST /xingrg/kc/base/wldb_order_operate.html HTTP/1.1" 200 2189
180.152.241.196 - - [24/Aug/2023:11:11:14 +0800] "GET /xingrg/kc/base/wldb_order_add.html HTTP/1.1" 200 30494
222.67.237.86 - - [24/Aug/2023:11:11:14 +0800] "GET /xingrg/kc/buy/cgsh_order_operate.html?command=get_materiel&rest_code=00141&code=00101008318&supplier_code=00100007&order_time=2023-08-24 HTTP/1.1" 200 408
180.152.241.196 - - [24/Aug/2023:11:11:14 +0800] "POST /xingrg/kc/base/wldb_order_operate.html HTTP/1.1" 200 6806
180.152.241.196 - - [24/Aug/2023:11:11:14 +0800] "GET /xingrg/javascript/easyui/themes/default/validatebox.css HTTP/1.1" 404 1104
101.83.145.37 - - [24/Aug/2023:11:11:15 +0800] "GET /xingrg/kc/base/wldb_order_add.html HTTP/1.1" 200 30498
180.165.48.189 - - [24/Aug/2023:11:11:15 +0800] "GET /xingrg/kc/buy/cgsh_order_operate.html?command=get_materiel&rest_code=00108&code=00101006055&supplier_code=00100012&order_time=2023-08-24 HTTP/1.1" 200 409
101.83.145.37 - - [24/Aug/2023:11:11:15 +0800] "POST /xingrg/kc/base/wldb_order_operate.html HTTP/1.1" 200 6806
101.83.145.37 - - [24/Aug/2023:11:11:15 +0800] "GET /xingrg/javascript/easyui/themes/default/validatebox.css HTTP/1.1" 404 1104
180.152.241.196 - - [24/Aug/2023:11:11:15 +0800] "POST /xingrg/all/common/load_combo.html?type=base HTTP/1.1" 200 3321
101.83.145.37 - - [24/Aug/2023:11:11:16 +0800] "POST /xingrg/all/common/load_combo.html?type=base HTTP/1.1" 200 3409
180.152.241.196 - - [24/Aug/2023:11:11:19 +0800] "POST /xingrg/all/common/load_combo.html?type=base HTTP/1.1" 200 3321
222.70.173.73 - - [24/Aug/2023:11:11:20 +0800] "GET /xingrg/all/function/internal_message.html?_=1692846668616&CODE_STATE=getMsg HTTP/1.1" 200 27
222.69.128.227 - - [24/Aug/2023:11:11:22 +0800] "GET /xingrg/all/function/internal_message.html?_=1692846681401&CODE_STATE=getMsg HTTP/1.1" 200 27
180.165.48.189 - - [24/Aug/2023:11:11:23 +0800] "GET /xingrg/kc/buy/cgsh_order_operate.html?command=get_materiel&rest_code=00108&code=00101002027&supplier_code=00100012&order_time=2023-08-24 HTTP/1.1" 200 413
180.152.241.196 - - [24/Aug/2023:11:11:23 +0800] "GET /xingrg/all/function/internal_message.html?_=1692846688371&CODE_STATE=getMsg HTTP/1.1" 200 27
222.67.237.86 - - [24/Aug/2023:11:11:24 +0800] "GET /xingrg/kc/buy/cgsh_order_operate.html?command=get_materiel&rest_code=00141&code=00101008005&supplier_code=00100007&order_time=2023-08-24 HTTP/1.1" 200 412
101.83.145.37 - - [24/Aug/2023:11:11:25 +0800] "GET /xingrg/kc/base/wldb_order_operate.html?command=get_materiel&rest_code=00105&base_code=0010507&code=00101016019 HTTP/1.1" 200 451
124.78.155.92 - - [24/Aug/2023:11:11:27 +0800] "GET /xingrg/all/function/internal_message.html?_=1692846684229&CODE_STATE=getMsg HTTP/1.1" 200 27
222.70.180.200 - - [24/Aug/2023:11:11:27 +0800] "GET /xingrg/all/function/internal_message.html?_=1692846686966&CODE_STATE=getMsg HTTP/1.1" 200 27
180.152.241.196 - - [24/Aug/2023:11:11:29 +0800] "GET /xingrg/all/function/internal_message.html?_=1692846688994&CODE_STATE=getMsg HTTP/1.1" 200 27
101.83.145.37 - - [24/Aug/2023:11:11:31 +0800] "POST /xingrg/kc/base/wldb_order_operate.html HTTP/1.1" 200 37
116.232.195.127 - - [24/Aug/2023:11:11:32 +0800] "GET /xingrg/all/function/internal_message.html?_=1692846610418&CODE_STATE=getMsg HTTP/1.1" 200 27
101.83.145.37 - - [24/Aug/2023:11:11:32 +0800] "POST /xingrg/kc/base/wldb_order_operate.html HTTP/1.1" 200 2194
180.165.48.189 - - [24/Aug/2023:11:11:33 +0800] "GET /xingrg/kc/buy/cgsh_order_operate.html?command=get_materiel&rest_code=00108&code=00101001075&supplier_code=00100012&order_time=2023-08-24 HTTP/1.1" 200 409
120.253.135.82 - - [24/Aug/2023:11:11:33 +0800] "GET /xingrg/all/function/internal_message.html?_=1692846505938&CODE_STATE=getMsg HTTP/1.1" 200 27
180.169.147.146 - - [24/Aug/2023:11:11:33 +0800] "GET /xingrg/all/function/internal_message.html?_=1692846695010&CODE_STATE=getMsg HTTP/1.1" 302 -
222.67.237.86 - - [24/Aug/2023:11:11:33 +0800] "GET /xingrg/kc/buy/cgsh_order_operate.html?command=get_materiel&rest_code=00141&code=00101008353&supplier_code=00100007&order_time=2023-08-24 HTTP/1.1" 200 408
180.152.241.196 - - [24/Aug/2023:11:11:34 +0800] "GET /xingrg/kc/base/wldb_order_operate.html?command=get_materiel&rest_code=00102&base_code=0010476&code=00101016120 HTTP/1.1" 200 457
116.235.94.33 - - [24/Aug/2023:11:11:37 +0800] "GET /xingrg/check_reg.html?_=1692846989410 HTTP/1.1" 200 22
116.235.94.33 - - [24/Aug/2023:11:11:37 +0800] "GET /xingrg/all/function/internal_message.html?_=1692846989411&CODE_STATE=getMsg HTTP/1.1" 200 27
58.40.7.146 - - [24/Aug/2023:11:11:37 +0800] "GET /xingrg/all/function/internal_message.html?_=1692846697228&CODE_STATE=getMsg HTTP/1.1" 200 27
114.83.221.186 - - [24/Aug/2023:11:11:37 +0800] "GET /xingrg/all/function/internal_message.html?_=1692846836352&CODE_STATE=getMsg HTTP/1.1" 200 27
114.83.221.186 - - [24/Aug/2023:11:11:38 +0800] "GET /xingrg/check_reg.html?_=1692846837619 HTTP/1.1" 200 22
180.165.48.189 - - [24/Aug/2023:11:11:40 +0800] "GET /xingrg/kc/buy/cgsh_order_operate.html?command=get_materiel&rest_code=00108&code=00101006111&supplier_code=00100012&order_time=2023-08-24 HTTP/1.1" 200 409
120.253.135.82 - - [24/Aug/2023:11:11:41 +0800] "GET /xingrg/all/function/internal_message.html?_=1692846841766&CODE_STATE=getMsg HTTP/1.1" 200 27
222.67.237.86 - - [24/Aug/2023:11:11:45 +0800] "GET /xingrg/kc/buy/cgsh_order_operate.html?command=get_materiel&rest_code=00141&code=00101008213&supplier_code=00100007&order_time=2023-08-24 HTTP/1.1" 200 412
101.228.187.155 - - [24/Aug/2023:11:11:47 +0800] "GET /xingrg/all/function/internal_message.html?_=1692846705302&CODE_STATE=getMsg HTTP/1.1" 200 27
180.152.241.196 - - [24/Aug/2023:11:11:47 +0800] "GET /xingrg/kc/base/wldb_order_operate.html?command=get_materiel&rest_code=00102&base_code=0010476&code=00101019027 HTTP/1.1" 200 475
222.70.107.27 - - [24/Aug/2023:11:11:47 +0800] "GET /xingrg/kc/base/yddb_order_list.html?isBack=1 HTTP/1.1" 200 16827
222.70.107.27 - - [24/Aug/2023:11:11:48 +0800] "POST /xingrg/kc/base/yddb_list_operate.html HTTP/1.1" 200 636
180.165.48.189 - - [24/Aug/2023:11:11:51 +0800] "GET /xingrg/all/function/internal_message.html?_=1692846711229&CODE_STATE=getMsg HTTP/1.1" 200 27
222.70.107.27 - - [24/Aug/2023:11:11:51 +0800] "POST /xingrg/kc/base/yddb_list_operate.html HTTP/1.1" 200 4403
222.70.107.27 - - [24/Aug/2023:11:11:53 +0800] "POST /xingrg/kc/base/yddb_list_operate.html HTTP/1.1" 200 211
221.239.167.251 - - [24/Aug/2023:11:11:53 +0800] "GET /xingrg/all/function/internal_message.html?_=1692846712333&CODE_STATE=getMsg HTTP/1.1" 200 27
180.165.48.189 - - [24/Aug/2023:11:11:54 +0800] "POST /xingrg/kc/buy/cgsh_order_operate.html HTTP/1.1" 200 37
222.70.107.27 - - [24/Aug/2023:11:11:55 +0800] "GET /xingrg/kc/base/yddb_order_info.html?code=482023082000144 HTTP/1.1" 200 31755
222.70.107.27 - - [24/Aug/2023:11:11:55 +0800] "GET /xingrg/dwr/interface/AjaxYddbService.js HTTP/1.1" 200 13201
222.70.107.27 - - [24/Aug/2023:11:11:55 +0800] "GET /xingrg/dwr/interface/AjaxComOrderService.js HTTP/1.1" 200 18264
222.70.107.27 - - [24/Aug/2023:11:11:55 +0800] "GET /xingrg/dwr/engine.js HTTP/1.1" 200 43631
222.67.237.86 - - [24/Aug/2023:11:11:56 +0800] "GET /xingrg/kc/buy/cgsh_order_operate.html?command=get_materiel&rest_code=00141&code=00101008004&supplier_code=00100007&order_time=2023-08-24 HTTP/1.1" 200 416
222.70.107.27 - - [24/Aug/2023:11:11:56 +0800] "POST /xingrg/dwr/call/plaincall/AjaxYddbService.loadMaterielItems.dwr HTTP/1.1" 200 433
180.165.48.189 - - [24/Aug/2023:11:11:56 +0800] "POST /xingrg/kc/buy/cgsh_order_operate.html HTTP/1.1" 200 5597
101.83.145.37 - - [24/Aug/2023:11:11:56 +0800] "GET /xingrg/kc/base/wldb_order_info.html?code=422023082402536 HTTP/1.1" 200 30512
101.83.145.37 - - [24/Aug/2023:11:11:57 +0800] "GET /xingrg/javascript/easyui/themes/default/validatebox.css HTTP/1.1" 404 1104
101.83.145.37 - - [24/Aug/2023:11:11:58 +0800] "POST /xingrg/kc/base/wldb_order_operate.html HTTP/1.1" 200 2194
180.165.48.189 - - [24/Aug/2023:11:11:58 +0800] "GET /xingrg/kc/print/load_data.html?order_code=212023082409605&kc_code=cgsh&condition= HTTP/1.1" 200 1882
222.70.107.27 - - [24/Aug/2023:11:12:01 +0800] "POST /xingrg/dwr/call/plaincall/AjaxYddbService.saveOrder.dwr HTTP/1.1" 200 78
180.165.48.189 - - [24/Aug/2023:11:12:02 +0800] "GET /xingrg/kc/buy/cgsh_order_add.html HTTP/1.1" 200 72108
180.165.48.189 - - [24/Aug/2023:11:12:02 +0800] "POST /xingrg/kc/buy/cgsh_order_operate.html HTTP/1.1" 200 8245
180.165.48.189 - - [24/Aug/2023:11:12:02 +0800] "GET /xingrg/javascript/easyui/themes/default/validatebox.css HTTP/1.1" 404 1104
101.83.145.37 - - [24/Aug/2023:11:12:03 +0800] "GET /xingrg/kc/buy/cgsh_order_list.html HTTP/1.1" 200 56234
222.67.237.86 - - [24/Aug/2023:11:12:05 +0800] "GET /xingrg/all/function/internal_message.html?_=1692846173519&CODE_STATE=getMsg HTTP/1.1" 200 27
114.95.241.104 - - [24/Aug/2023:11:12:08 +0800] "GET /xingrg/all/function/internal_message.html?_=1692846728610&CODE_STATE=getMsg HTTP/1.1" 200 27
222.70.107.27 - - [24/Aug/2023:11:12:09 +0800] "POST /xingrg/dwr/call/plaincall/AjaxYddbService.objCheckOrder.dwr HTTP/1.1" 200 78
180.165.48.189 - - [24/Aug/2023:11:12:12 +0800] "GET /xingrg/kc/buy/cgsh_order_operate.html?command=get_materiel&rest_code=00108&code=00101007061&supplier_code=00100002&order_time=2023-08-24 HTTP/1.1" 200 409
180.152.241.196 - - [24/Aug/2023:11:12:19 +0800] "GET /xingrg/kc/base/wldb_order_operate.html?command=get_materiel&rest_code=00102&base_code=0010476&code=00101019184 HTTP/1.1" 200 456
222.70.173.73 - - [24/Aug/2023:11:12:20 +0800] "GET /xingrg/all/function/internal_message.html?_=1692846728628&CODE_STATE=getMsg HTTP/1.1" 200 27
180.165.48.189 - - [24/Aug/2023:11:12:21 +0800] "GET /xingrg/kc/buy/cgsh_order_operate.html?command=get_materiel&rest_code=00108&code=00101007072&supplier_code=00100002&order_time=2023-08-24 HTTP/1.1" 200 419
101.83.145.37 - - [24/Aug/2023:11:12:22 +0800] "POST /xingrg/kc/buy/cgsh_list_operate.html HTTP/1.1" 200 3961
222.69.128.227 - - [24/Aug/2023:11:12:22 +0800] "GET /xingrg/all/function/internal_message.html?_=1692846741402&CODE_STATE=getMsg HTTP/1.1" 200 27
180.152.241.196 - - [24/Aug/2023:11:12:23 +0800] "GET /xingrg/all/function/internal_message.html?_=1692846748372&CODE_STATE=getMsg HTTP/1.1" 200 27
222.70.107.27 - - [24/Aug/2023:11:12:23 +0800] "GET /xingrg/all/function/internal_message.html?_=1692846744085&CODE_STATE=getMsg HTTP/1.1" 200 27
222.70.107.27 - - [24/Aug/2023:11:12:24 +0800] "GET /xingrg/kc/base/yddb_order_info.html?code=482023082000144 HTTP/1.1" 200 31874
222.70.107.27 - - [24/Aug/2023:11:12:24 +0800] "GET /xingrg/dwr/interface/AjaxComOrderService.js HTTP/1.1" 200 18264
222.70.107.27 - - [24/Aug/2023:11:12:24 +0800] "GET /xingrg/dwr/interface/AjaxYddbService.js HTTP/1.1" 200 13201
222.70.107.27 - - [24/Aug/2023:11:12:24 +0800] "GET /xingrg/dwr/engine.js HTTP/1.1" 200 43631
180.152.241.196 - - [24/Aug/2023:11:12:24 +0800] "GET /xingrg/kc/base/wldb_order_operate.html?command=get_materiel&rest_code=00102&base_code=0010476&code=00101019183 HTTP/1.1" 200 448
222.70.107.27 - - [24/Aug/2023:11:12:25 +0800] "POST /xingrg/dwr/call/plaincall/AjaxYddbService.loadMaterielItems.dwr HTTP/1.1" 200 433
222.70.107.27 - - [24/Aug/2023:11:12:26 +0800] "GET /xingrg/kc/base/yddb_order_report.html?fileType=servlets/html&code=482023082000144&reportName=ck_order_report&subName=yddb HTTP/1.1" 302 -
222.70.107.27 - - [24/Aug/2023:11:12:26 +0800] "GET /xingrg/servlets/html?sysBaseUrl=http%3A%2F%2F180.169.147.146%3A18081%2Fxingrg%2F&costTime=477×tamp=1692846746665 HTTP/1.1" 200 14781
222.70.107.27 - - [24/Aug/2023:11:12:26 +0800] "GET /favicon.ico HTTP/1.1" 404 -
124.78.155.92 - - [24/Aug/2023:11:12:26 +0800] "GET /xingrg/all/function/internal_message.html?_=1692846744206&CODE_STATE=getMsg HTTP/1.1" 200 27
180.163.29.103 - - [24/Aug/2023:11:12:27 +0800] "GET /xingrg/all/function/internal_message.html?_=1692846684229&CODE_STATE=getMsg HTTP/1.1" 302 -
180.163.29.103 - - [24/Aug/2023:11:12:27 +0800] "GET /xingrg/login.html HTTP/1.1" 200 7641
222.70.180.200 - - [24/Aug/2023:11:12:27 +0800] "GET /xingrg/all/function/internal_message.html?_=1692846746966&CODE_STATE=getMsg HTTP/1.1" 200 27
180.152.241.196 - - [24/Aug/2023:11:12:29 +0800] "GET /xingrg/kc/base/wldb_order_operate.html?command=get_materiel&rest_code=00102&base_code=0010476&code=00101019400 HTTP/1.1" 200 465
222.67.237.86 - - [24/Aug/2023:11:12:29 +0800] "GET /xingrg/kc/buy/cgsh_order_operate.html?command=get_materiel&rest_code=00141&code=00101023033&supplier_code=00100007&order_time=2023-08-24 HTTP/1.1" 200 409
180.152.241.196 - - [24/Aug/2023:11:12:29 +0800] "GET /xingrg/all/function/internal_message.html?_=1692846748966&CODE_STATE=getMsg HTTP/1.1" 200 27
101.83.145.37 - - [24/Aug/2023:11:12:31 +0800] "GET /xingrg/kc/buy/cgsh_order_add.html HTTP/1.1" 200 72098
101.83.145.37 - - [24/Aug/2023:11:12:31 +0800] "POST /xingrg/kc/buy/cgsh_order_operate.html HTTP/1.1" 200 8245
101.83.145.37 - - [24/Aug/2023:11:12:31 +0800] "GET /xingrg/javascript/easyui/themes/default/validatebox.css HTTP/1.1" 404 1104
116.232.195.127 - - [24/Aug/2023:11:12:32 +0800] "GET /xingrg/check_reg.html?_=1692846670428 HTTP/1.1" 200 22
116.232.195.127 - - [24/Aug/2023:11:12:32 +0800] "GET /xingrg/all/function/internal_message.html?_=1692846670431&CODE_STATE=getMsg HTTP/1.1" 200 27
180.165.48.189 - - [24/Aug/2023:11:12:32 +0800] "GET /xingrg/kc/buy/cgsh_order_operate.html?command=get_materiel&rest_code=00108&code=00101007071&supplier_code=00100002&order_time=2023-08-24 HTTP/1.1" 200 417
101.83.145.37 - - [24/Aug/2023:11:12:32 +0800] "GET /xingrg/check_reg.html?_=1692846752771 HTTP/1.1" 200 22
180.169.147.146 - - [24/Aug/2023:11:12:33 +0800] "GET /xingrg/all/function/internal_message.html?_=1692846755017&CODE_STATE=getMsg HTTP/1.1" 302 -
180.169.147.146 - - [24/Aug/2023:11:12:33 +0800] "GET /xingrg/check_reg.html?_=1692846755018 HTTP/1.1" 302 -
120.253.135.82 - - [24/Aug/2023:11:12:33 +0800] "GET /xingrg/all/function/internal_message.html?_=1692846566160&CODE_STATE=getMsg HTTP/1.1" 200 27
116.235.94.33 - - [24/Aug/2023:11:12:37 +0800] "GET /xingrg/all/function/internal_message.html?_=1692847049398&CODE_STATE=getMsg HTTP/1.1" 200 27
58.40.7.146 - - [24/Aug/2023:11:12:37 +0800] "GET /xingrg/all/function/internal_message.html?_=1692846757230&CODE_STATE=getMsg HTTP/1.1" 200 27
114.83.221.186 - - [24/Aug/2023:11:12:37 +0800] "GET /xingrg/all/function/internal_message.html?_=1692846896338&CODE_STATE=getMsg HTTP/1.1" 200 27
222.70.107.27 - - [24/Aug/2023:11:12:38 +0800] "GET /xingrg/kc/base/yddb_order_list.html?isBack=1 HTTP/1.1" 200 16827
222.70.107.27 - - [24/Aug/2023:11:12:38 +0800] "POST /xingrg/kc/base/yddb_list_operate.html HTTP/1.1" 200 636
120.253.135.82 - - [24/Aug/2023:11:12:41 +0800] "GET /xingrg/all/function/internal_message.html?_=1692846901771&CODE_STATE=getMsg HTTP/1.1" 200 27
180.165.48.189 - - [24/Aug/2023:11:12:46 +0800] "POST /xingrg/kc/buy/cgsh_order_operate.html HTTP/1.1" 200 37
101.228.187.155 - - [24/Aug/2023:11:12:47 +0800] "GET /xingrg/all/function/internal_message.html?_=1692846765299&CODE_STATE=getMsg HTTP/1.1" 200 27
180.165.48.189 - - [24/Aug/2023:11:12:49 +0800] "POST /xingrg/kc/buy/cgsh_order_operate.html HTTP/1.1" 200 3847
180.165.48.189 - - [24/Aug/2023:11:12:51 +0800] "GET /xingrg/all/function/internal_message.html?_=1692846771211&CODE_STATE=getMsg HTTP/1.1" 200 27
180.165.48.189 - - [24/Aug/2023:11:12:51 +0800] "GET /xingrg/kc/print/load_data.html?order_code=212023082409606&kc_code=cgsh&condition= HTTP/1.1" 200 1219
180.165.48.189 - - [24/Aug/2023:11:12:51 +0800] "GET /xingrg/check_reg.html?_=1692846771949 HTTP/1.1" 200 22
221.239.167.251 - - [24/Aug/2023:11:12:53 +0800] "GET /xingrg/all/function/internal_message.html?_=1692846772333&CODE_STATE=getMsg HTTP/1.1" 200 27
101.83.145.37 - - [24/Aug/2023:11:12:55 +0800] "GET /xingrg/all/function/internal_message.html?_=1692846775651&CODE_STATE=getMsg HTTP/1.1" 200 27
222.67.237.86 - - [24/Aug/2023:11:12:59 +0800] "GET /xingrg/kc/buy/cgsh_order_operate.html?command=get_materiel&rest_code=00141&code=00101008175&supplier_code=00100007&order_time=2023-08-24 HTTP/1.1" 200 412
180.152.241.196 - - [24/Aug/2023:11:13:03 +0800] "GET /xingrg/kc/base/wldb_order_operate.html?command=get_materiel&rest_code=00102&base_code=0010476&code=00101019134 HTTP/1.1" 200 478
222.67.237.86 - - [24/Aug/2023:11:13:04 +0800] "POST /xingrg/kc/buy/cgsh_order_operate.html HTTP/1.1" 200 2065
222.70.107.27 - - [24/Aug/2023:11:13:04 +0800] "POST /xingrg/kc/base/yddb_list_operate.html HTTP/1.1" 200 4412
222.67.237.86 - - [24/Aug/2023:11:13:05 +0800] "GET /xingrg/all/function/internal_message.html?_=1692846233457&CODE_STATE=getMsg HTTP/1.1" 200 27
222.70.107.27 - - [24/Aug/2023:11:13:06 +0800] "POST /xingrg/kc/base/yddb_list_operate.html HTTP/1.1" 200 206
222.70.107.27 - - [24/Aug/2023:11:13:07 +0800] "GET /xingrg/kc/base/yddb_order_info.html?code=482023081600107 HTTP/1.1" 200 29779
222.70.107.27 - - [24/Aug/2023:11:13:07 +0800] "GET /xingrg/dwr/interface/AjaxComOrderService.js HTTP/1.1" 200 18264
222.70.107.27 - - [24/Aug/2023:11:13:07 +0800] "GET /xingrg/dwr/interface/AjaxYddbService.js HTTP/1.1" 200 13201
222.70.107.27 - - [24/Aug/2023:11:13:07 +0800] "GET /xingrg/dwr/engine.js HTTP/1.1" 200 43631
222.70.107.27 - - [24/Aug/2023:11:13:08 +0800] "POST /xingrg/dwr/call/plaincall/AjaxYddbService.loadMaterielItems.dwr HTTP/1.1" 200 398
114.95.241.104 - - [24/Aug/2023:11:13:08 +0800] "GET /xingrg/all/function/internal_message.html?_=1692846788580&CODE_STATE=getMsg HTTP/1.1" 200 27
222.70.107.27 - - [24/Aug/2023:11:13:10 +0800] "GET /xingrg/kc/base/yddb_order_report.html?fileType=servlets/html&code=482023081600107&reportName=ck_order_report&subName=yddb HTTP/1.1" 302 -
222.70.107.27 - - [24/Aug/2023:11:13:10 +0800] "GET /xingrg/servlets/html?sysBaseUrl=http%3A%2F%2F180.169.147.146%3A18081%2Fxingrg%2F&costTime=606×tamp=1692846790221 HTTP/1.1" 200 14765
222.70.107.27 - - [24/Aug/2023:11:13:10 +0800] "GET /favicon.ico HTTP/1.1" 404 -
180.152.241.196 - - [24/Aug/2023:11:13:10 +0800] "GET /xingrg/kc/base/wldb_order_operate.html?command=get_materiel&rest_code=00102&base_code=0010476&code=00101019131 HTTP/1.1" 200 466
222.67.237.86 - - [24/Aug/2023:11:13:12 +0800] "GET /xingrg/kc/buy/cgsh_order_operate.html?command=get_materiel&rest_code=00141&code=00101008155&supplier_code=00100007&order_time=2023-08-24 HTTP/1.1" 200 408
180.152.241.196 - - [24/Aug/2023:11:13:16 +0800] "GET /xingrg/kc/base/wldb_order_operate.html?command=get_materiel&rest_code=00102&base_code=0010476&code=00101016019 HTTP/1.1" 200 451
222.70.107.27 - - [24/Aug/2023:11:13:19 +0800] "GET /xingrg/kc/base/yddb_order_list.html?isBack=1 HTTP/1.1" 200 16827
222.70.107.27 - - [24/Aug/2023:11:13:19 +0800] "POST /xingrg/kc/base/yddb_list_operate.html HTTP/1.1" 200 636
124.78.155.92 - - [24/Aug/2023:11:13:20 +0800] "GET /xingrg/check_reg.html?_=1692846797363 HTTP/1.1" 200 22
222.70.173.73 - - [24/Aug/2023:11:13:21 +0800] "GET /xingrg/all/function/internal_message.html?_=1692846789324&CODE_STATE=getMsg HTTP/1.1" 200 27
222.70.107.27 - - [24/Aug/2023:11:13:22 +0800] "POST /xingrg/kc/base/yddb_list_operate.html HTTP/1.1" 200 4412
222.69.128.227 - - [24/Aug/2023:11:13:22 +0800] "GET /xingrg/all/function/internal_message.html?_=1692846801408&CODE_STATE=getMsg HTTP/1.1" 200 27
180.152.241.196 - - [24/Aug/2023:11:13:23 +0800] "GET /xingrg/check_reg.html?_=1692846808390 HTTP/1.1" 200 22
180.152.241.196 - - [24/Aug/2023:11:13:23 +0800] "GET /xingrg/all/function/internal_message.html?_=1692846808387&CODE_STATE=getMsg HTTP/1.1" 200 27
222.70.107.27 - - [24/Aug/2023:11:13:23 +0800] "POST /xingrg/kc/base/yddb_list_operate.html HTTP/1.1" 200 432
222.70.107.27 - - [24/Aug/2023:11:13:23 +0800] "GET /xingrg/all/function/internal_message.html?_=1692846804111&CODE_STATE=getMsg HTTP/1.1" 200 27
180.169.147.146 - - [24/Aug/2023:11:13:24 +0800] "GET /favicon.ico HTTP/1.1" 404 -
222.70.107.27 - - [24/Aug/2023:11:13:26 +0800] "GET /xingrg/kc/base/yddb_order_info.html?code=482023081600105 HTTP/1.1" 200 31874
222.70.107.27 - - [24/Aug/2023:11:13:26 +0800] "GET /xingrg/dwr/interface/AjaxYddbService.js HTTP/1.1" 200 13201
222.70.107.27 - - [24/Aug/2023:11:13:26 +0800] "GET /xingrg/dwr/interface/AjaxComOrderService.js HTTP/1.1" 200 18264
222.70.107.27 - - [24/Aug/2023:11:13:26 +0800] "GET /xingrg/dwr/engine.js HTTP/1.1" 200 43631
124.78.155.92 - - [24/Aug/2023:11:13:26 +0800] "GET /xingrg/all/function/internal_message.html?_=1692846804182&CODE_STATE=getMsg HTTP/1.1" 200 27
222.70.180.200 - - [24/Aug/2023:11:13:27 +0800] "GET /xingrg/check_reg.html?_=1692846806959 HTTP/1.1" 200 22
222.70.180.200 - - [24/Aug/2023:11:13:27 +0800] "GET /xingrg/all/function/internal_message.html?_=1692846806965&CODE_STATE=getMsg HTTP/1.1" 200 27
222.70.107.27 - - [24/Aug/2023:11:13:27 +0800] "POST /xingrg/dwr/call/plaincall/AjaxYddbService.loadMaterielItems.dwr HTTP/1.1" 200 1346
222.70.107.27 - - [24/Aug/2023:11:13:28 +0800] "GET /xingrg/kc/base/yddb_order_report.html?fileType=servlets/html&code=482023081600105&reportName=ck_order_report&subName=yddb HTTP/1.1" 302 -
222.70.107.27 - - [24/Aug/2023:11:13:28 +0800] "GET /xingrg/servlets/html?sysBaseUrl=http%3A%2F%2F180.169.147.146%3A18081%2Fxingrg%2F&costTime=440×tamp=1692846808829 HTTP/1.1" 200 22948
222.70.107.27 - - [24/Aug/2023:11:13:28 +0800] "GET /favicon.ico HTTP/1.1" 404 -
180.152.241.196 - - [24/Aug/2023:11:13:29 +0800] "GET /xingrg/all/function/internal_message.html?_=1692846808959&CODE_STATE=getMsg HTTP/1.1" 200 27
222.67.237.86 - - [24/Aug/2023:11:13:31 +0800] "GET /xingrg/kc/buy/cgsh_order_operate.html?command=get_materiel&rest_code=00141&code=00101008350&supplier_code=00100007&order_time=2023-08-24 HTTP/1.1" 200 408
180.169.147.146 - - [24/Aug/2023:11:13:31 +0800] "GET /xingrg/login.html HTTP/1.1" 200 7641
116.232.195.127 - - [24/Aug/2023:11:13:32 +0800] "GET /xingrg/all/function/internal_message.html?_=1692846730415&CODE_STATE=getMsg HTTP/1.1" 200 27
180.169.147.146 - - [24/Aug/2023:11:13:33 +0800] "GET /xingrg/all/function/internal_message.html?_=1692846815014&CODE_STATE=getMsg HTTP/1.1" 302 -
120.253.135.82 - - [24/Aug/2023:11:13:33 +0800] "GET /xingrg/all/function/internal_message.html?_=1692846626168&CODE_STATE=getMsg HTTP/1.1" 200 27
116.235.94.33 - - [24/Aug/2023:11:13:37 +0800] "GET /xingrg/all/function/internal_message.html?_=1692847109431&CODE_STATE=getMsg HTTP/1.1" 200 27
58.40.7.146 - - [24/Aug/2023:11:13:37 +0800] "GET /xingrg/all/function/internal_message.html?_=1692846817232&CODE_STATE=getMsg HTTP/1.1" 200 27
114.83.221.186 - - [24/Aug/2023:11:13:37 +0800] "GET /xingrg/all/function/internal_message.html?_=1692846956320&CODE_STATE=getMsg HTTP/1.1" 200 27
180.169.147.146 - - [24/Aug/2023:11:13:38 +0800] "GET /favicon.ico HTTP/1.1" 404 -
180.152.241.196 - - [24/Aug/2023:11:13:40 +0800] "GET /xingrg/kc/base/wldb_order_operate.html?command=get_materiel&rest_code=00102&base_code=0010476&code=00101019015 HTTP/1.1" 200 451
120.253.135.82 - - [24/Aug/2023:11:13:41 +0800] "GET /xingrg/all/function/internal_message.html?_=1692846961775&CODE_STATE=getMsg HTTP/1.1" 200 27
180.169.147.146 - - [24/Aug/2023:11:13:43 +0800] "POST /xingrg/login.do HTTP/1.1" 302 -
180.169.147.146 - - [24/Aug/2023:11:13:43 +0800] "GET /xingrg/index.html?sysBaseUrl=http%3A%2F%2F180.169.147.146%3A18081%2Fxingrg%2F&costTime=916×tamp=1692846823128 HTTP/1.1" 200 17503
180.169.147.146 - - [24/Aug/2023:11:13:45 +0800] "GET /favicon.ico HTTP/1.1" 404 -
180.152.241.196 - - [24/Aug/2023:11:13:45 +0800] "GET /xingrg/kc/base/wldb_order_operate.html?command=get_materiel&rest_code=00102&base_code=0010476&code=00101019258 HTTP/1.1" 200 483
180.165.48.189 - - [24/Aug/2023:11:13:45 +0800] "POST /xingrg/kc/buy/cgsh_list_operate.html HTTP/1.1" 200 4069
180.169.147.146 - - [24/Aug/2023:11:13:46 +0800] "POST /xingrg/all/common/load_tree.html?tree=area_rest_tree_json&manage=1 HTTP/1.1" 200 3499
180.169.147.146 - - [24/Aug/2023:11:13:46 +0800] "GET /xingrg/all/function/internal_message.html?_=1692846824466&CODE_STATE=count HTTP/1.1" 200 11
180.169.147.146 - - [24/Aug/2023:11:13:46 +0800] "GET /xingrg/check_reg.html?_=1692846824467 HTTP/1.1" 200 22
180.169.147.146 - - [24/Aug/2023:11:13:47 +0800] "POST /xingrg/load_menu.html HTTP/1.1" 200 11443
101.228.187.155 - - [24/Aug/2023:11:13:47 +0800] "GET /xingrg/all/function/internal_message.html?_=1692846825299&CODE_STATE=getMsg HTTP/1.1" 200 27
101.228.187.155 - - [24/Aug/2023:11:13:47 +0800] "GET /xingrg/check_reg.html?_=1692846825503 HTTP/1.1" 200 22
180.152.241.196 - - [24/Aug/2023:11:13:49 +0800] "GET /xingrg/kc/base/wldb_order_operate.html?command=get_materiel&rest_code=00102&base_code=0010476&code=00101019185 HTTP/1.1" 200 468
180.165.48.189 - - [24/Aug/2023:11:13:51 +0800] "GET /xingrg/all/function/internal_message.html?_=1692846831194&CODE_STATE=getMsg HTTP/1.1" 200 27
180.165.48.189 - - [24/Aug/2023:11:13:51 +0800] "POST /xingrg/kc/buy/cgsh_list_operate.html HTTP/1.1" 200 571
180.165.48.189 - - [24/Aug/2023:11:13:53 +0800] "GET /xingrg/kc/buy/cgsh_order_info.html?code=212023082409601 HTTP/1.1" 200 72117
