124.78.155.92 - - [24/Aug/2023:10:50:41 +0800] "POST /xingrg/login.do HTTP/1.1" 302 -
124.78.155.92 - - [24/Aug/2023:10:50:41 +0800] "GET /xingrg/index.html?sysBaseUrl=http%3A%2F%2F180.169.147.146%3A18081%2Fxingrg%2F&costTime=1184×tamp=1692845441543 HTTP/1.1" 200 17173
124.78.155.92 - - [24/Aug/2023:10:50:41 +0800] "GET /favicon.ico HTTP/1.1" 404 -
124.78.155.92 - - [24/Aug/2023:10:50:41 +0800] "GET /xingrg/check_reg.html?_=1692845441892 HTTP/1.1" 200 22
124.78.155.92 - - [24/Aug/2023:10:50:41 +0800] "GET /xingrg/all/function/internal_message.html?_=1692845441891&CODE_STATE=count HTTP/1.1" 200 11
124.78.155.92 - - [24/Aug/2023:10:50:42 +0800] "POST /xingrg/all/common/load_tree.html?tree=area_rest_tree_json&manage=1 HTTP/1.1" 200 342
124.78.155.92 - - [24/Aug/2023:10:50:42 +0800] "POST /xingrg/load_menu.html HTTP/1.1" 200 5138
180.169.147.146 - - [24/Aug/2023:10:50:44 +0800] "GET /xingrg/all/function/internal_message.html?_=1692845441677&CODE_STATE=getMsg HTTP/1.1" 200 27
101.228.187.155 - - [24/Aug/2023:10:50:47 +0800] "GET /xingrg/all/function/internal_message.html?_=1692845445271&CODE_STATE=getMsg HTTP/1.1" 200 27
124.78.155.92 - - [24/Aug/2023:10:50:48 +0800] "GET /xingrg/kc/base/base_main.html HTTP/1.1" 200 12142
124.78.155.92 - - [24/Aug/2023:10:50:50 +0800] "GET /xingrg/kc/base/wldb_order_list.html HTTP/1.1" 200 19215
124.78.155.92 - - [24/Aug/2023:10:50:51 +0800] "POST /xingrg/kc/base/wldb_list_operate.html HTTP/1.1" 200 2172
222.67.237.86 - - [24/Aug/2023:10:50:51 +0800] "GET /xingrg/all/function/internal_message.html?_=1692844899239&CODE_STATE=getMsg HTTP/1.1" 200 27
180.165.48.189 - - [24/Aug/2023:10:50:51 +0800] "GET /xingrg/all/function/internal_message.html?_=1692845451589&CODE_STATE=getMsg HTTP/1.1" 200 27
221.239.167.251 - - [24/Aug/2023:10:50:53 +0800] "GET /xingrg/all/function/internal_message.html?_=1692845452297&CODE_STATE=getMsg HTTP/1.1" 200 27
101.83.145.37 - - [24/Aug/2023:10:50:55 +0800] "GET /xingrg/all/function/internal_message.html?_=1692845455273&CODE_STATE=getMsg HTTP/1.1" 200 27
124.78.155.92 - - [24/Aug/2023:10:51:08 +0800] "POST /xingrg/kc/base/wldb_list_operate.html HTTP/1.1" 200 6153
180.152.241.196 - - [24/Aug/2023:10:51:08 +0800] "GET /xingrg/kc/buy/cgsh_order_operate.html?command=get_materiel&rest_code=00102&code=00102018078&supplier_code=00100400&order_time=2023-08-24 HTTP/1.1" 200 412
114.95.241.104 - - [24/Aug/2023:10:51:08 +0800] "GET /xingrg/all/function/internal_message.html?_=1692845468733&CODE_STATE=getMsg HTTP/1.1" 200 27
114.95.241.104 - - [24/Aug/2023:10:51:15 +0800] "GET /xingrg/kc/mdqp/qqps_order_list.html HTTP/1.1" 200 10504
114.95.241.104 - - [24/Aug/2023:10:51:15 +0800] "GET /xingrg/dwr/interface/AjaxQqpsService.js HTTP/1.1" 200 16326
114.95.241.104 - - [24/Aug/2023:10:51:15 +0800] "GET /xingrg/dwr/interface/AjaxReportQueryService.js HTTP/1.1" 200 13203
222.70.173.73 - - [24/Aug/2023:10:51:16 +0800] "GET /xingrg/all/function/internal_message.html?_=1692845464693&CODE_STATE=getMsg HTTP/1.1" 200 27
124.78.155.92 - - [24/Aug/2023:10:51:18 +0800] "GET /xingrg/all/function/internal_message.html?_=1692845475378&CODE_STATE=getMsg HTTP/1.1" 200 27
114.95.241.104 - - [24/Aug/2023:10:51:18 +0800] "GET /xingrg/dwr/engine.js HTTP/1.1" 200 43631
180.152.241.196 - - [24/Aug/2023:10:51:18 +0800] "GET /xingrg/kc/buy/cgsh_order_operate.html?command=get_materiel&rest_code=00102&code=00101005037&supplier_code=00100400&order_time=2023-08-24 HTTP/1.1" 200 409
101.83.145.37 - - [24/Aug/2023:10:51:20 +0800] "GET /xingrg/kc/base/wldb_order_operate.html?command=get_materiel&rest_code=00105&base_code=0010508&code=00102002432 HTTP/1.1" 200 430
222.69.128.227 - - [24/Aug/2023:10:51:22 +0800] "GET /xingrg/all/function/internal_message.html?_=1692845481356&CODE_STATE=getMsg HTTP/1.1" 200 27
180.152.241.196 - - [24/Aug/2023:10:51:23 +0800] "GET /xingrg/all/function/internal_message.html?_=1692845488327&CODE_STATE=getMsg HTTP/1.1" 200 27
124.78.155.92 - - [24/Aug/2023:10:51:25 +0800] "GET /xingrg/kc/base/base_main.html HTTP/1.1" 200 12142
124.78.155.92 - - [24/Aug/2023:10:51:26 +0800] "GET /xingrg/kc/base/wldb_order_list.html HTTP/1.1" 200 19215
222.70.180.200 - - [24/Aug/2023:10:51:27 +0800] "GET /xingrg/all/function/internal_message.html?_=1692845486941&CODE_STATE=getMsg HTTP/1.1" 200 27
101.83.145.37 - - [24/Aug/2023:10:51:29 +0800] "POST /xingrg/kc/base/wldb_order_operate.html HTTP/1.1" 200 37
124.78.155.92 - - [24/Aug/2023:10:51:29 +0800] "POST /xingrg/kc/base/wldb_list_operate.html HTTP/1.1" 200 2172
180.152.241.196 - - [24/Aug/2023:10:51:29 +0800] "GET /xingrg/all/function/internal_message.html?_=1692845489095&CODE_STATE=getMsg HTTP/1.1" 200 27
101.83.145.37 - - [24/Aug/2023:10:51:29 +0800] "POST /xingrg/kc/base/wldb_order_operate.html HTTP/1.1" 200 2178
124.78.155.92 - - [24/Aug/2023:10:51:32 +0800] "POST /xingrg/kc/base/wldb_list_operate.html HTTP/1.1" 200 461
120.253.135.82 - - [24/Aug/2023:10:51:32 +0800] "GET /xingrg/all/function/internal_message.html?_=1692845304885&CODE_STATE=getMsg HTTP/1.1" 200 27
180.169.147.146 - - [24/Aug/2023:10:51:33 +0800] "GET /xingrg/all/function/internal_message.html?_=1692845495010&CODE_STATE=getMsg HTTP/1.1" 200 27
101.83.145.37 - - [24/Aug/2023:10:51:34 +0800] "GET /xingrg/kc/base/wldb_order_info.html?code=422023082402515 HTTP/1.1" 200 30514
101.83.145.37 - - [24/Aug/2023:10:51:34 +0800] "GET /xingrg/javascript/easyui/themes/default/validatebox.css HTTP/1.1" 404 1104
101.83.145.37 - - [24/Aug/2023:10:51:35 +0800] "POST /xingrg/kc/base/wldb_order_operate.html HTTP/1.1" 200 2178
114.95.241.104 - - [24/Aug/2023:10:51:36 +0800] "GET /xingrg/kc/mdqp/qqps_order_info.html?code=302023082400461 HTTP/1.1" 200 26657
114.95.241.104 - - [24/Aug/2023:10:51:36 +0800] "GET /xingrg/dwr/interface/AjaxComOrderService.js HTTP/1.1" 200 18264
114.95.241.104 - - [24/Aug/2023:10:51:36 +0800] "GET /xingrg/dwr/interface/AjaxQqpsService.js HTTP/1.1" 200 16326
114.95.241.104 - - [24/Aug/2023:10:51:36 +0800] "GET /xingrg/dwr/engine.js HTTP/1.1" 200 43631
116.235.94.33 - - [24/Aug/2023:10:51:36 +0800] "GET /xingrg/check_reg.html?_=1692845789372 HTTP/1.1" 200 22
116.235.94.33 - - [24/Aug/2023:10:51:37 +0800] "GET /xingrg/all/function/internal_message.html?_=1692845789404&CODE_STATE=getMsg HTTP/1.1" 200 27
58.40.7.146 - - [24/Aug/2023:10:51:37 +0800] "GET /xingrg/all/function/internal_message.html?_=1692845497234&CODE_STATE=getMsg HTTP/1.1" 200 27
101.83.145.37 - - [24/Aug/2023:10:51:37 +0800] "GET /xingrg/kc/base/wldb_order_add.html HTTP/1.1" 200 30498
124.78.155.92 - - [24/Aug/2023:10:51:37 +0800] "GET /xingrg/kc/base/wldb_order_info.html?code=422023082402509 HTTP/1.1" 200 30513
114.95.241.104 - - [24/Aug/2023:10:51:37 +0800] "POST /xingrg/dwr/call/plaincall/AjaxQqpsService.loadMaterielItems.dwr HTTP/1.1" 200 9513
101.83.145.37 - - [24/Aug/2023:10:51:37 +0800] "POST /xingrg/kc/base/wldb_order_operate.html HTTP/1.1" 200 6806
101.83.145.37 - - [24/Aug/2023:10:51:37 +0800] "GET /xingrg/javascript/easyui/themes/default/validatebox.css HTTP/1.1" 404 1104
124.78.155.92 - - [24/Aug/2023:10:51:37 +0800] "GET /xingrg/javascript/easyui/themes/default/validatebox.css HTTP/1.1" 404 1104
124.78.155.92 - - [24/Aug/2023:10:51:37 +0800] "GET /xingrg/all/common/auto_word.html?type=base&rest_code=00106 HTTP/1.1" 200 1799
124.78.155.92 - - [24/Aug/2023:10:51:37 +0800] "GET /xingrg/all/common/auto_word.html?type=base&rest_code=00106 HTTP/1.1" 200 1799
114.83.221.186 - - [24/Aug/2023:10:51:37 +0800] "GET /xingrg/all/function/internal_message.html?_=1692845636686&CODE_STATE=getMsg HTTP/1.1" 200 27
124.78.155.92 - - [24/Aug/2023:10:51:38 +0800] "POST /xingrg/kc/base/wldb_order_operate.html HTTP/1.1" 200 3703
101.83.145.37 - - [24/Aug/2023:10:51:38 +0800] "POST /xingrg/all/common/load_combo.html?type=base HTTP/1.1" 200 3409
114.83.221.186 - - [24/Aug/2023:10:51:38 +0800] "GET /xingrg/check_reg.html?_=1692845637616 HTTP/1.1" 200 22
120.253.135.82 - - [24/Aug/2023:10:51:41 +0800] "GET /xingrg/all/function/internal_message.html?_=1692845641672&CODE_STATE=getMsg HTTP/1.1" 200 27
124.78.155.92 - - [24/Aug/2023:10:51:41 +0800] "GET /xingrg/all/function/internal_message.html?_=1692845501899&CODE_STATE=getMsg HTTP/1.1" 200 27
180.169.147.146 - - [24/Aug/2023:10:51:44 +0800] "GET /xingrg/all/function/internal_message.html?_=1692845501674&CODE_STATE=getMsg HTTP/1.1" 200 27
101.228.187.155 - - [24/Aug/2023:10:51:47 +0800] "GET /xingrg/all/function/internal_message.html?_=1692845505271&CODE_STATE=getMsg HTTP/1.1" 200 27
222.67.237.86 - - [24/Aug/2023:10:51:51 +0800] "GET /xingrg/kc/buy/cgsh_order_operate.html?command=get_materiel&rest_code=00141&code=00101012025&supplier_code=00100036&order_time=2023-08-24 HTTP/1.1" 200 412
124.78.155.92 - - [24/Aug/2023:10:51:51 +0800] "GET /xingrg/kc/base/wldb_order_add.html HTTP/1.1" 200 30498
222.67.237.86 - - [24/Aug/2023:10:51:51 +0800] "GET /xingrg/all/function/internal_message.html?_=1692844959253&CODE_STATE=getMsg HTTP/1.1" 200 27
180.165.48.189 - - [24/Aug/2023:10:51:51 +0800] "GET /xingrg/all/function/internal_message.html?_=1692845511568&CODE_STATE=getMsg HTTP/1.1" 200 27
124.78.155.92 - - [24/Aug/2023:10:51:51 +0800] "POST /xingrg/kc/base/wldb_order_operate.html HTTP/1.1" 200 6806
124.78.155.92 - - [24/Aug/2023:10:51:51 +0800] "GET /xingrg/javascript/easyui/themes/default/validatebox.css HTTP/1.1" 404 1104
124.78.155.92 - - [24/Aug/2023:10:51:53 +0800] "POST /xingrg/all/common/load_combo.html?type=base HTTP/1.1" 200 3227
221.239.167.251 - - [24/Aug/2023:10:51:53 +0800] "GET /xingrg/all/function/internal_message.html?_=1692845512298&CODE_STATE=getMsg HTTP/1.1" 200 27
101.83.145.37 - - [24/Aug/2023:10:51:55 +0800] "GET /xingrg/all/function/internal_message.html?_=1692845515283&CODE_STATE=getMsg HTTP/1.1" 200 27
180.152.241.196 - - [24/Aug/2023:10:51:55 +0800] "GET /xingrg/kc/buy/cgsh_order_operate.html?command=get_materiel&rest_code=00102&code=00101010161&supplier_code=00100400&order_time=2023-08-24 HTTP/1.1" 200 411
114.95.241.104 - - [24/Aug/2023:10:51:56 +0800] "GET /xingrg/images/yd/bt.gif HTTP/1.1" 404 1040
124.78.155.92 - - [24/Aug/2023:10:51:57 +0800] "POST /xingrg/all/common/load_combo.html?type=base HTTP/1.1" 200 3227
101.83.145.37 - - [24/Aug/2023:10:51:57 +0800] "GET /xingrg/kc/base/wldb_order_operate.html?command=get_materiel&rest_code=00105&base_code=0010507&code=00101016037 HTTP/1.1" 200 452
114.95.241.104 - - [24/Aug/2023:10:51:58 +0800] "GET /xingrg/images/yd/bt2.gif HTTP/1.1" 404 1042
222.67.237.86 - - [24/Aug/2023:10:52:00 +0800] "GET /xingrg/kc/buy/cgsh_order_operate.html?command=get_materiel&rest_code=00141&code=00101016030&supplier_code=00100036&order_time=2023-08-24 HTTP/1.1" 200 412
114.95.241.104 - - [24/Aug/2023:10:52:03 +0800] "GET /xingrg/kc/base/wldb_order_list.html HTTP/1.1" 200 19221
101.83.145.37 - - [24/Aug/2023:10:52:03 +0800] "POST /xingrg/kc/base/wldb_order_operate.html HTTP/1.1" 200 37
114.95.241.104 - - [24/Aug/2023:10:52:04 +0800] "POST /xingrg/kc/base/wldb_list_operate.html HTTP/1.1" 200 928
101.83.145.37 - - [24/Aug/2023:10:52:05 +0800] "POST /xingrg/kc/base/wldb_order_operate.html HTTP/1.1" 200 2196
114.95.241.104 - - [24/Aug/2023:10:52:09 +0800] "GET /xingrg/all/function/internal_message.html?_=1692845528852&CODE_STATE=getMsg HTTP/1.1" 200 27
124.78.155.92 - - [24/Aug/2023:10:52:09 +0800] "GET /xingrg/javascript/auto/indicator.gif HTTP/1.1" 404 1066
180.152.241.196 - - [24/Aug/2023:10:52:10 +0800] "GET /xingrg/kc/buy/cgsh_order_operate.html?command=get_materiel&rest_code=00102&code=00101001069&supplier_code=00100400&order_time=2023-08-24 HTTP/1.1" 200 409
101.83.145.37 - - [24/Aug/2023:10:52:14 +0800] "GET /xingrg/kc/base/wldb_order_info.html?code=422023082402516 HTTP/1.1" 200 30515
101.83.145.37 - - [24/Aug/2023:10:52:14 +0800] "GET /xingrg/javascript/easyui/themes/default/validatebox.css HTTP/1.1" 404 1104
124.78.155.92 - - [24/Aug/2023:10:52:15 +0800] "GET /xingrg/kc/base/wldb_order_operate.html?command=get_materiel&rest_code=00106&base_code=0010396&code=00101019111 HTTP/1.1" 200 466
101.83.145.37 - - [24/Aug/2023:10:52:15 +0800] "POST /xingrg/kc/base/wldb_order_operate.html HTTP/1.1" 200 2196
222.70.173.73 - - [24/Aug/2023:10:52:17 +0800] "GET /xingrg/all/function/internal_message.html?_=1692845525001&CODE_STATE=getMsg HTTP/1.1" 200 27
101.83.145.37 - - [24/Aug/2023:10:52:17 +0800] "GET /xingrg/kc/base/wldb_order_add.html HTTP/1.1" 200 30498
101.83.145.37 - - [24/Aug/2023:10:52:17 +0800] "GET /xingrg/javascript/easyui/themes/default/validatebox.css HTTP/1.1" 404 1104
101.83.145.37 - - [24/Aug/2023:10:52:17 +0800] "POST /xingrg/kc/base/wldb_order_operate.html HTTP/1.1" 200 6806
222.67.237.86 - - [24/Aug/2023:10:52:17 +0800] "POST /xingrg/kc/buy/cgsh_order_operate.html HTTP/1.1" 200 37
180.163.30.85 - - [24/Aug/2023:10:52:18 +0800] "GET /xingrg/all/function/internal_message.html?_=1692845475378&CODE_STATE=getMsg HTTP/1.1" 302 -
180.163.30.85 - - [24/Aug/2023:10:52:18 +0800] "GET /xingrg/login.html HTTP/1.1" 200 7641
124.78.155.92 - - [24/Aug/2023:10:52:18 +0800] "GET /xingrg/all/function/internal_message.html?_=1692845535364&CODE_STATE=getMsg HTTP/1.1" 200 27
101.83.145.37 - - [24/Aug/2023:10:52:18 +0800] "POST /xingrg/all/common/load_combo.html?type=base HTTP/1.1" 200 3409
222.69.128.227 - - [24/Aug/2023:10:52:22 +0800] "GET /xingrg/all/function/internal_message.html?_=1692845541358&CODE_STATE=getMsg HTTP/1.1" 200 27
180.152.241.196 - - [24/Aug/2023:10:52:23 +0800] "GET /xingrg/all/function/internal_message.html?_=1692845548329&CODE_STATE=getMsg HTTP/1.1" 200 27
180.152.241.196 - - [24/Aug/2023:10:52:23 +0800] "POST /xingrg/kc/buy/cgsh_order_operate.html HTTP/1.1" 200 37
222.70.180.200 - - [24/Aug/2023:10:52:27 +0800] "GET /xingrg/all/function/internal_message.html?_=1692845546927&CODE_STATE=getMsg HTTP/1.1" 200 27
180.152.241.196 - - [24/Aug/2023:10:52:29 +0800] "GET /xingrg/all/function/internal_message.html?_=1692845549081&CODE_STATE=getMsg HTTP/1.1" 200 27
101.83.145.37 - - [24/Aug/2023:10:52:30 +0800] "GET /xingrg/kc/base/wldb_order_operate.html?command=get_materiel&rest_code=00105&base_code=0010507&code=00101011005 HTTP/1.1" 200 430
222.69.128.227 - - [24/Aug/2023:10:52:31 +0800] "POST /xingrg/services/DataTransmitService HTTP/1.1" 200 524
101.83.145.37 - - [24/Aug/2023:10:52:32 +0800] "GET /xingrg/check_reg.html?_=1692845552756 HTTP/1.1" 200 22
120.253.135.82 - - [24/Aug/2023:10:52:32 +0800] "GET /xingrg/all/function/internal_message.html?_=1692845365109&CODE_STATE=getMsg HTTP/1.1" 200 27
180.152.241.196 - - [24/Aug/2023:10:52:33 +0800] "POST /xingrg/kc/buy/cgsh_order_operate.html HTTP/1.1" 200 12
124.78.155.92 - - [24/Aug/2023:10:52:33 +0800] "GET /xingrg/kc/base/wldb_order_operate.html?command=get_materiel&rest_code=00106&base_code=0010396&code=00101016001 HTTP/1.1" 200 458
180.169.147.146 - - [24/Aug/2023:10:52:33 +0800] "GET /xingrg/check_reg.html?_=1692845555017 HTTP/1.1" 200 22
180.169.147.146 - - [24/Aug/2023:10:52:33 +0800] "GET /xingrg/all/function/internal_message.html?_=1692845555020&CODE_STATE=getMsg HTTP/1.1" 200 27
124.78.155.92 - - [24/Aug/2023:10:52:33 +0800] "GET /xingrg/kc/base/wldb_order_operate.html?command=get_materiel&rest_code=00106&base_code=0010396&code=00101015054 HTTP/1.1" 200 423
101.83.145.37 - - [24/Aug/2023:10:52:36 +0800] "POST /xingrg/kc/base/wldb_order_operate.html HTTP/1.1" 200 37
222.69.128.227 - - [24/Aug/2023:10:52:36 +0800] "POST /xingrg/kc/base/wldb_order_operate.html HTTP/1.1" 200 37
180.152.241.196 - - [24/Aug/2023:10:52:36 +0800] "GET /xingrg/kc/buy/cgsh_order_info.html?code=212023082409595 HTTP/1.1" 200 66956
116.235.94.33 - - [24/Aug/2023:10:52:36 +0800] "GET /xingrg/all/function/internal_message.html?_=1692845849379&CODE_STATE=getMsg HTTP/1.1" 200 27
180.152.241.196 - - [24/Aug/2023:10:52:37 +0800] "GET /xingrg/javascript/easyui/themes/default/validatebox.css HTTP/1.1" 404 1104
58.40.7.146 - - [24/Aug/2023:10:52:37 +0800] "GET /xingrg/all/function/internal_message.html?_=1692845557223&CODE_STATE=getMsg HTTP/1.1" 200 27
101.83.145.37 - - [24/Aug/2023:10:52:37 +0800] "POST /xingrg/kc/base/wldb_order_operate.html HTTP/1.1" 200 2179
114.83.221.186 - - [24/Aug/2023:10:52:37 +0800] "GET /xingrg/all/function/internal_message.html?_=1692845696679&CODE_STATE=getMsg HTTP/1.1" 200 27
180.152.241.196 - - [24/Aug/2023:10:52:38 +0800] "POST /xingrg/kc/buy/cgsh_order_operate.html HTTP/1.1" 200 2967
120.253.135.82 - - [24/Aug/2023:10:52:41 +0800] "GET /xingrg/all/function/internal_message.html?_=1692845701677&CODE_STATE=getMsg HTTP/1.1" 200 27
180.152.241.196 - - [24/Aug/2023:10:52:41 +0800] "GET /xingrg/kc/print/load_data.html?order_code=212023082409595&kc_code=cgsh&condition= HTTP/1.1" 200 1569
124.78.155.92 - - [24/Aug/2023:10:52:41 +0800] "GET /xingrg/all/function/internal_message.html?_=1692845561904&CODE_STATE=getMsg HTTP/1.1" 200 27
101.83.145.37 - - [24/Aug/2023:10:52:42 +0800] "GET /xingrg/kc/base/wldb_order_info.html?code=422023082402517 HTTP/1.1" 200 30512
101.83.145.37 - - [24/Aug/2023:10:52:42 +0800] "GET /xingrg/javascript/easyui/themes/default/validatebox.css HTTP/1.1" 404 1104
180.169.147.146 - - [24/Aug/2023:10:52:44 +0800] "GET /xingrg/all/function/internal_message.html?_=1692845561681&CODE_STATE=getMsg HTTP/1.1" 200 27
101.228.187.155 - - [24/Aug/2023:10:52:47 +0800] "GET /xingrg/all/function/internal_message.html?_=1692845565271&CODE_STATE=getMsg HTTP/1.1" 200 27
222.69.128.227 - - [24/Aug/2023:10:52:51 +0800] "POST /xingrg/kc/base/wldb_order_operate.html HTTP/1.1" 200 12
101.83.145.37 - - [24/Aug/2023:10:52:51 +0800] "POST /xingrg/kc/base/wldb_order_operate.html HTTP/1.1" 200 2179
180.152.241.196 - - [24/Aug/2023:10:52:51 +0800] "GET /xingrg/kc/buy/cgsh_order_add.html HTTP/1.1" 200 72051
222.67.237.86 - - [24/Aug/2023:10:52:51 +0800] "GET /xingrg/all/function/internal_message.html?_=1692845019258&CODE_STATE=getMsg HTTP/1.1" 200 27
180.165.48.189 - - [24/Aug/2023:10:52:51 +0800] "GET /xingrg/all/function/internal_message.html?_=1692845571563&CODE_STATE=getMsg HTTP/1.1" 200 27
222.69.128.227 - - [24/Aug/2023:10:52:51 +0800] "POST /xingrg/kc/base/wldb_order_operate.html HTTP/1.1" 200 10119
180.152.241.196 - - [24/Aug/2023:10:52:51 +0800] "POST /xingrg/kc/buy/cgsh_order_operate.html HTTP/1.1" 200 8245
180.152.241.196 - - [24/Aug/2023:10:52:51 +0800] "GET /xingrg/javascript/easyui/themes/default/validatebox.css HTTP/1.1" 404 1104
180.165.48.189 - - [24/Aug/2023:10:52:51 +0800] "GET /xingrg/check_reg.html?_=1692845571942 HTTP/1.1" 200 22
180.152.241.196 - - [24/Aug/2023:10:52:53 +0800] "GET /xingrg/javascript/easyui/themes/default/tree.css HTTP/1.1" 404 1090
221.239.167.251 - - [24/Aug/2023:10:52:53 +0800] "GET /xingrg/all/function/internal_message.html?_=1692845572298&CODE_STATE=getMsg HTTP/1.1" 200 27
180.152.241.196 - - [24/Aug/2023:10:52:54 +0800] "POST /xingrg/all/common/load_tree.html?tree=supplier_tree_json&isDelete=1 HTTP/1.1" 200 75131
101.83.145.37 - - [24/Aug/2023:10:52:54 +0800] "GET /xingrg/kc/base/wldb_order_add.html HTTP/1.1" 200 30498
101.83.145.37 - - [24/Aug/2023:10:52:54 +0800] "GET /xingrg/javascript/easyui/themes/default/validatebox.css HTTP/1.1" 404 1104
101.83.145.37 - - [24/Aug/2023:10:52:54 +0800] "POST /xingrg/kc/base/wldb_order_operate.html HTTP/1.1" 200 6806
101.83.145.37 - - [24/Aug/2023:10:52:55 +0800] "GET /xingrg/all/function/internal_message.html?_=1692845575282&CODE_STATE=getMsg HTTP/1.1" 200 27
124.78.155.92 - - [24/Aug/2023:10:52:55 +0800] "GET /xingrg/kc/base/wldb_order_operate.html?command=get_materiel&rest_code=00106&base_code=0010396&code=00101016094 HTTP/1.1" 200 470
222.69.128.227 - - [24/Aug/2023:10:52:55 +0800] "GET /xingrg/kc/base/wldb_order_info.html?code=422023082402510 HTTP/1.1" 200 26385
222.69.128.227 - - [24/Aug/2023:10:52:55 +0800] "GET /xingrg/words/20230823115925_words.js HTTP/1.1" 304 -
101.83.145.37 - - [24/Aug/2023:10:52:55 +0800] "POST /xingrg/all/common/load_combo.html?type=base HTTP/1.1" 200 3409
222.69.128.227 - - [24/Aug/2023:10:52:55 +0800] "GET /xingrg/javascript/easyui/themes/default/validatebox.css HTTP/1.1" 404 1104
222.69.128.227 - - [24/Aug/2023:10:52:56 +0800] "POST /xingrg/kc/base/wldb_order_operate.html HTTP/1.1" 200 8242
222.67.237.86 - - [24/Aug/2023:10:53:00 +0800] "POST /xingrg/kc/buy/cgsh_order_operate.html HTTP/1.1" 200 12
222.67.237.86 - - [24/Aug/2023:10:53:03 +0800] "GET /xingrg/kc/buy/cgsh_order_info.html?code=212023082409594 HTTP/1.1" 200 66927
222.67.237.86 - - [24/Aug/2023:10:53:03 +0800] "GET /xingrg/javascript/easyui/themes/default/validatebox.css HTTP/1.1" 404 1104
222.67.237.86 - - [24/Aug/2023:10:53:05 +0800] "POST /xingrg/kc/buy/cgsh_order_operate.html HTTP/1.1" 200 5954
101.83.145.37 - - [24/Aug/2023:10:53:06 +0800] "GET /xingrg/kc/base/wldb_order_operate.html?command=get_materiel&rest_code=00105&base_code=0010507&code=00101016096 HTTP/1.1" 200 450
222.67.237.86 - - [24/Aug/2023:10:53:08 +0800] "GET /xingrg/kc/print/load_data.html?order_code=212023082409594&kc_code=cgsh&condition= HTTP/1.1" 200 2825
114.95.241.104 - - [24/Aug/2023:10:53:08 +0800] "GET /xingrg/all/function/internal_message.html?_=1692845588746&CODE_STATE=getMsg HTTP/1.1" 200 27
124.78.155.92 - - [24/Aug/2023:10:53:09 +0800] "POST /xingrg/kc/base/wldb_order_operate.html HTTP/1.1" 200 37
124.78.155.92 - - [24/Aug/2023:10:53:10 +0800] "POST /xingrg/kc/base/wldb_order_operate.html HTTP/1.1" 200 3202
124.78.155.92 - - [24/Aug/2023:10:53:10 +0800] "GET /xingrg/kc/base/wldb_order_info.html?code=422023082402518 HTTP/1.1" 200 30513
124.78.155.92 - - [24/Aug/2023:10:53:11 +0800] "GET /xingrg/javascript/easyui/themes/default/validatebox.css HTTP/1.1" 404 1104
124.78.155.92 - - [24/Aug/2023:10:53:11 +0800] "POST /xingrg/kc/base/wldb_order_operate.html HTTP/1.1" 200 3202
222.67.237.86 - - [24/Aug/2023:10:53:13 +0800] "GET /xingrg/kc/buy/cgsh_order_add.html HTTP/1.1" 200 72016
222.69.128.227 - - [24/Aug/2023:10:53:14 +0800] "GET /xingrg/kc/base/wldb_order_add.html HTTP/1.1" 200 30504
101.83.145.37 - - [24/Aug/2023:10:53:14 +0800] "POST /xingrg/kc/base/wldb_order_operate.html HTTP/1.1" 200 37
222.69.128.227 - - [24/Aug/2023:10:53:14 +0800] "POST /xingrg/kc/base/wldb_order_operate.html HTTP/1.1" 200 6806
222.69.128.227 - - [24/Aug/2023:10:53:14 +0800] "GET /xingrg/javascript/easyui/themes/default/validatebox.css HTTP/1.1" 404 1104
222.67.237.86 - - [24/Aug/2023:10:53:14 +0800] "GET /xingrg/javascript/easyui/themes/default/validatebox.css HTTP/1.1" 404 1104
222.67.237.86 - - [24/Aug/2023:10:53:14 +0800] "POST /xingrg/kc/buy/cgsh_order_operate.html HTTP/1.1" 200 8245
101.83.145.37 - - [24/Aug/2023:10:53:15 +0800] "POST /xingrg/kc/base/wldb_order_operate.html HTTP/1.1" 200 2199
222.69.128.227 - - [24/Aug/2023:10:53:15 +0800] "POST /xingrg/all/common/load_combo.html?type=base HTTP/1.1" 200 3409
124.78.155.92 - - [24/Aug/2023:10:53:15 +0800] "GET /xingrg/kc/base/wldb_order_add.html HTTP/1.1" 200 30498
124.78.155.92 - - [24/Aug/2023:10:53:15 +0800] "POST /xingrg/kc/base/wldb_order_operate.html HTTP/1.1" 200 6806
124.78.155.92 - - [24/Aug/2023:10:53:15 +0800] "GET /xingrg/javascript/easyui/themes/default/validatebox.css HTTP/1.1" 404 1104
180.165.48.189 - - [24/Aug/2023:10:53:16 +0800] "GET /xingrg/kc/buy/cgsh_order_add.html HTTP/1.1" 200 72108
180.165.48.189 - - [24/Aug/2023:10:53:17 +0800] "POST /xingrg/kc/buy/cgsh_order_operate.html HTTP/1.1" 200 8245
124.78.155.92 - - [24/Aug/2023:10:53:17 +0800] "POST /xingrg/all/common/load_combo.html?type=base HTTP/1.1" 200 3227
180.165.48.189 - - [24/Aug/2023:10:53:17 +0800] "GET /xingrg/javascript/easyui/themes/default/validatebox.css HTTP/1.1" 404 1104
222.70.173.73 - - [24/Aug/2023:10:53:17 +0800] "GET /xingrg/all/function/internal_message.html?_=1692845585307&CODE_STATE=getMsg HTTP/1.1" 200 27
180.163.28.109 - - [24/Aug/2023:10:53:18 +0800] "GET /xingrg/all/function/internal_message.html?_=1692845535364&CODE_STATE=getMsg HTTP/1.1" 302 -
180.163.28.109 - - [24/Aug/2023:10:53:18 +0800] "GET /xingrg/login.html HTTP/1.1" 200 7641
124.78.155.92 - - [24/Aug/2023:10:53:18 +0800] "GET /xingrg/all/function/internal_message.html?_=1692845595352&CODE_STATE=getMsg HTTP/1.1" 200 27
124.78.155.92 - - [24/Aug/2023:10:53:20 +0800] "POST /xingrg/all/common/load_combo.html?type=base HTTP/1.1" 200 3227
124.78.155.92 - - [24/Aug/2023:10:53:20 +0800] "GET /xingrg/check_reg.html?_=1692845597353 HTTP/1.1" 200 22
180.152.241.196 - - [24/Aug/2023:10:53:20 +0800] "GET /xingrg/kc/buy/cgsh_order_operate.html?command=get_materiel&rest_code=00102&code=00101009044&supplier_code=00100022&order_time=2023-08-24 HTTP/1.1" 200 412
101.83.145.37 - - [24/Aug/2023:10:53:21 +0800] "GET /xingrg/kc/base/wldb_order_info.html?code=422023082402519 HTTP/1.1" 200 30513
101.83.145.37 - - [24/Aug/2023:10:53:21 +0800] "GET /xingrg/javascript/easyui/themes/default/validatebox.css HTTP/1.1" 404 1104
101.83.145.37 - - [24/Aug/2023:10:53:22 +0800] "POST /xingrg/kc/base/wldb_order_operate.html HTTP/1.1" 200 2199
222.69.128.227 - - [24/Aug/2023:10:53:22 +0800] "GET /xingrg/all/function/internal_message.html?_=1692845601391&CODE_STATE=getMsg HTTP/1.1" 200 27
180.152.241.196 - - [24/Aug/2023:10:53:23 +0800] "GET /xingrg/all/function/internal_message.html?_=1692845608327&CODE_STATE=getMsg HTTP/1.1" 200 27
180.152.241.196 - - [24/Aug/2023:10:53:23 +0800] "GET /xingrg/check_reg.html?_=1692845608331 HTTP/1.1" 200 22
101.83.145.37 - - [24/Aug/2023:10:53:24 +0800] "GET /xingrg/kc/base/wldb_order_add.html HTTP/1.1" 200 30498
101.83.145.37 - - [24/Aug/2023:10:53:24 +0800] "GET /xingrg/javascript/easyui/themes/default/validatebox.css HTTP/1.1" 404 1104
101.83.145.37 - - [24/Aug/2023:10:53:24 +0800] "POST /xingrg/kc/base/wldb_order_operate.html HTTP/1.1" 200 6806
101.83.145.37 - - [24/Aug/2023:10:53:25 +0800] "POST /xingrg/all/common/load_combo.html?type=base HTTP/1.1" 200 3409
222.69.128.227 - - [24/Aug/2023:10:53:26 +0800] "GET /xingrg/kc/base/wldb_order_operate.html?command=get_materiel&rest_code=00149&base_code=0010394&code=00101019082 HTTP/1.1" 200 437
222.70.180.200 - - [24/Aug/2023:10:53:27 +0800] "GET /xingrg/all/function/internal_message.html?_=1692845606927&CODE_STATE=getMsg HTTP/1.1" 200 27
222.70.180.200 - - [24/Aug/2023:10:53:27 +0800] "GET /xingrg/check_reg.html?_=1692845606929 HTTP/1.1" 200 22
180.152.241.196 - - [24/Aug/2023:10:53:29 +0800] "GET /xingrg/all/function/internal_message.html?_=1692845609099&CODE_STATE=getMsg HTTP/1.1" 200 27
180.165.48.189 - - [24/Aug/2023:10:53:30 +0800] "GET /xingrg/kc/buy/cgsh_order_operate.html?command=get_materiel&rest_code=00108&code=00101015195&supplier_code=00100623&order_time=2023-08-24 HTTP/1.1" 200 412
222.69.128.227 - - [24/Aug/2023:10:53:32 +0800] "GET /xingrg/kc/base/wldb_order_operate.html?command=get_materiel&rest_code=00149&base_code=0010394&code=00101019750 HTTP/1.1" 200 456
120.253.135.82 - - [24/Aug/2023:10:53:32 +0800] "GET /xingrg/all/function/internal_message.html?_=1692845425116&CODE_STATE=getMsg HTTP/1.1" 200 27
222.67.237.86 - - [24/Aug/2023:10:53:33 +0800] "GET /xingrg/kc/buy/cgsh_order_operate.html?command=get_materiel&rest_code=00141&code=00101006193&supplier_code=00100012&order_time=2023-08-24 HTTP/1.1" 200 411
180.169.147.146 - - [24/Aug/2023:10:53:33 +0800] "GET /xingrg/all/function/internal_message.html?_=1692845615007&CODE_STATE=getMsg HTTP/1.1" 200 27
101.83.145.37 - - [24/Aug/2023:10:53:35 +0800] "GET /xingrg/kc/base/wldb_order_operate.html?command=get_materiel&rest_code=00105&base_code=0010508&code=00102002258 HTTP/1.1" 200 447
116.235.94.33 - - [24/Aug/2023:10:53:36 +0800] "GET /xingrg/all/function/internal_message.html?_=1692845909373&CODE_STATE=getMsg HTTP/1.1" 200 27
180.152.241.196 - - [24/Aug/2023:10:53:37 +0800] "GET /xingrg/kc/buy/cgsh_order_operate.html?command=get_materiel&rest_code=00102&code=00101009160&supplier_code=00100022&order_time=2023-08-24 HTTP/1.1" 200 415
58.40.7.146 - - [24/Aug/2023:10:53:37 +0800] "GET /xingrg/all/function/internal_message.html?_=1692845617226&CODE_STATE=getMsg HTTP/1.1" 200 27
114.83.221.186 - - [24/Aug/2023:10:53:37 +0800] "GET /xingrg/all/function/internal_message.html?_=1692845756658&CODE_STATE=getMsg HTTP/1.1" 200 27
222.69.128.227 - - [24/Aug/2023:10:53:39 +0800] "GET /xingrg/kc/base/wldb_order_operate.html?command=get_materiel&rest_code=00149&base_code=0010394&code=00101019184 HTTP/1.1" 200 456
101.83.145.37 - - [24/Aug/2023:10:53:40 +0800] "GET /xingrg/kc/base/wldb_order_operate.html?command=get_materiel&rest_code=00105&base_code=0010508&code=00102002933 HTTP/1.1" 200 430
120.253.135.82 - - [24/Aug/2023:10:53:41 +0800] "GET /xingrg/all/function/internal_message.html?_=1692845761681&CODE_STATE=getMsg HTTP/1.1" 200 27
124.78.155.92 - - [24/Aug/2023:10:53:41 +0800] "GET /xingrg/all/function/internal_message.html?_=1692845621903&CODE_STATE=getMsg HTTP/1.1" 200 27
180.165.48.189 - - [24/Aug/2023:10:53:42 +0800] "GET /xingrg/kc/buy/cgsh_order_operate.html?command=get_materiel&rest_code=00108&code=00101015022&supplier_code=00100623&order_time=2023-08-24 HTTP/1.1" 200 408
124.78.155.92 - - [24/Aug/2023:10:53:43 +0800] "POST /xingrg/kc/buy/cgsh_order_operate.html HTTP/1.1" 200 37
222.69.128.227 - - [24/Aug/2023:10:53:44 +0800] "POST /xingrg/services/DataTransmitService HTTP/1.1" 200 501
222.69.128.227 - - [24/Aug/2023:10:53:44 +0800] "GET /xingrg/kc/base/wldb_order_operate.html?command=get_materiel&rest_code=00149&base_code=0010394&code=00101019185 HTTP/1.1" 200 469
101.83.145.37 - - [24/Aug/2023:10:53:46 +0800] "GET /xingrg/kc/base/wldb_order_operate.html?command=get_materiel&rest_code=00105&base_code=0010508&code=00102002238 HTTP/1.1" 200 434
124.78.155.92 - - [24/Aug/2023:10:53:46 +0800] "POST /xingrg/kc/buy/cgsh_order_operate.html HTTP/1.1" 200 32800
101.228.187.155 - - [24/Aug/2023:10:53:47 +0800] "GET /xingrg/all/function/internal_message.html?_=1692845625271&CODE_STATE=getMsg HTTP/1.1" 200 27
101.228.187.155 - - [24/Aug/2023:10:53:47 +0800] "GET /xingrg/check_reg.html?_=1692845625570 HTTP/1.1" 200 22
222.67.237.86 - - [24/Aug/2023:10:53:48 +0800] "GET /xingrg/kc/buy/cgsh_order_operate.html?command=get_materiel&rest_code=00141&code=00101006109&supplier_code=00100012&order_time=2023-08-24 HTTP/1.1" 200 409
124.78.155.92 - - [24/Aug/2023:10:53:49 +0800] "GET /xingrg/kc/buy/buy_main.html HTTP/1.1" 200 12412
222.69.128.227 - - [24/Aug/2023:10:53:49 +0800] "GET /xingrg/kc/base/wldb_order_operate.html?command=get_materiel&rest_code=00149&base_code=0010394&code=00101019133 HTTP/1.1" 200 480
124.78.155.92 - - [24/Aug/2023:10:53:49 +0800] "GET /xingrg/css/new_ie.css HTTP/1.1" 404 1036
222.67.237.86 - - [24/Aug/2023:10:53:51 +0800] "GET /xingrg/check_reg.html?_=1692845079248 HTTP/1.1" 200 22
222.67.237.86 - - [24/Aug/2023:10:53:51 +0800] "GET /xingrg/all/function/internal_message.html?_=1692845079251&CODE_STATE=getMsg HTTP/1.1" 200 27
180.165.48.189 - - [24/Aug/2023:10:53:51 +0800] "GET /xingrg/all/function/internal_message.html?_=1692845631542&CODE_STATE=getMsg HTTP/1.1" 200 27
124.78.155.92 - - [24/Aug/2023:10:53:51 +0800] "GET /xingrg/kc/buy/buy_main.html HTTP/1.1" 200 12412
124.78.155.92 - - [24/Aug/2023:10:53:51 +0800] "GET /xingrg/css/new_ie.css HTTP/1.1" 404 1036
124.78.155.92 - - [24/Aug/2023:10:53:52 +0800] "GET /xingrg/images/yd/bt.gif HTTP/1.1" 404 1040
221.239.167.251 - - [24/Aug/2023:10:53:53 +0800] "GET /xingrg/check_reg.html?_=1692845632320 HTTP/1.1" 200 22
221.239.167.251 - - [24/Aug/2023:10:53:53 +0800] "GET /xingrg/all/function/internal_message.html?_=1692845632304&CODE_STATE=getMsg HTTP/1.1" 200 27
124.78.155.92 - - [24/Aug/2023:10:53:53 +0800] "GET /xingrg/kc/buy/cgsh_order_list.html HTTP/1.1" 200 56234
180.165.48.189 - - [24/Aug/2023:10:53:53 +0800] "GET /xingrg/kc/buy/cgsh_order_operate.html?command=get_materiel&rest_code=00108&code=00101008041&supplier_code=00100623&order_time=2023-08-24 HTTP/1.1" 200 408
180.152.241.196 - - [24/Aug/2023:10:53:53 +0800] "GET /xingrg/kc/buy/cgsh_order_operate.html?command=get_materiel&rest_code=00102&code=00101009175&supplier_code=00100022&order_time=2023-08-24 HTTP/1.1" 200 401
101.83.145.37 - - [24/Aug/2023:10:53:55 +0800] "GET /xingrg/all/function/internal_message.html?_=1692845635239&CODE_STATE=getMsg HTTP/1.1" 200 27
101.83.145.37 - - [24/Aug/2023:10:53:59 +0800] "GET /xingrg/kc/base/wldb_order_operate.html?command=get_materiel&rest_code=00105&base_code=0010508&code=00102002041 HTTP/1.1" 200 435
222.67.237.86 - - [24/Aug/2023:10:54:00 +0800] "GET /xingrg/kc/buy/cgsh_order_operate.html?command=get_materiel&rest_code=00141&code=00101006112&supplier_code=00100012&order_time=2023-08-24 HTTP/1.1" 200 409
222.70.173.73 - - [24/Aug/2023:10:54:01 +0800] "GET /xingrg/check_reg.html?_=1692845629851 HTTP/1.1" 200 22
124.78.155.92 - - [24/Aug/2023:10:54:04 +0800] "POST /xingrg/kc/buy/cgsh_list_operate.html HTTP/1.1" 200 1869
101.83.145.37 - - [24/Aug/2023:10:54:05 +0800] "POST /xingrg/kc/base/wldb_order_operate.html HTTP/1.1" 200 37
101.83.145.37 - - [24/Aug/2023:10:54:06 +0800] "POST /xingrg/kc/base/wldb_order_operate.html HTTP/1.1" 200 3601
101.83.145.37 - - [24/Aug/2023:10:54:08 +0800] "GET /xingrg/kc/base/wldb_order_info.html?code=422023082402520 HTTP/1.1" 200 30512
124.78.155.92 - - [24/Aug/2023:10:54:08 +0800] "GET /xingrg/kc/buy/cgsh_order_add.html HTTP/1.1" 200 72016
222.67.237.86 - - [24/Aug/2023:10:54:08 +0800] "GET /xingrg/kc/buy/cgsh_order_operate.html?command=get_materiel&rest_code=00141&code=00101006084&supplier_code=00100012&order_time=2023-08-24 HTTP/1.1" 200 413
180.165.48.189 - - [24/Aug/2023:10:54:08 +0800] "GET /xingrg/kc/buy/cgsh_order_operate.html?command=get_materiel&rest_code=00108&code=00101009044&supplier_code=00100623&order_time=2023-08-24 HTTP/1.1" 200 413
124.78.155.92 - - [24/Aug/2023:10:54:08 +0800] "GET /xingrg/words/20230823115925_words.js HTTP/1.1" 304 -
114.95.241.104 - - [24/Aug/2023:10:54:08 +0800] "GET /xingrg/check_reg.html?_=1692845648750 HTTP/1.1" 200 22
114.95.241.104 - - [24/Aug/2023:10:54:08 +0800] "GET /xingrg/all/function/internal_message.html?_=1692845648754&CODE_STATE=getMsg HTTP/1.1" 200 27
101.83.145.37 - - [24/Aug/2023:10:54:09 +0800] "GET /xingrg/javascript/easyui/themes/default/validatebox.css HTTP/1.1" 404 1104
124.78.155.92 - - [24/Aug/2023:10:54:09 +0800] "POST /xingrg/kc/buy/cgsh_order_operate.html HTTP/1.1" 200 8245
124.78.155.92 - - [24/Aug/2023:10:54:09 +0800] "GET /xingrg/javascript/easyui/themes/default/validatebox.css HTTP/1.1" 404 1104
101.83.145.37 - - [24/Aug/2023:10:54:10 +0800] "POST /xingrg/kc/base/wldb_order_operate.html HTTP/1.1" 200 3601
124.78.155.92 - - [24/Aug/2023:10:54:10 +0800] "GET /xingrg/javascript/easyui/themes/default/tree.css HTTP/1.1" 404 1090
124.78.155.92 - - [24/Aug/2023:10:54:11 +0800] "POST /xingrg/all/common/load_tree.html?tree=supplier_tree_json&isDelete=1 HTTP/1.1" 200 75131
101.83.145.37 - - [24/Aug/2023:10:54:13 +0800] "GET /xingrg/kc/base/wldb_order_add.html HTTP/1.1" 200 30498
101.83.145.37 - - [24/Aug/2023:10:54:13 +0800] "GET /xingrg/javascript/easyui/themes/default/validatebox.css HTTP/1.1" 404 1104
101.83.145.37 - - [24/Aug/2023:10:54:13 +0800] "POST /xingrg/kc/base/wldb_order_operate.html HTTP/1.1" 200 6806
101.83.145.37 - - [24/Aug/2023:10:54:14 +0800] "POST /xingrg/all/common/load_combo.html?type=base HTTP/1.1" 200 3409
222.70.173.73 - - [24/Aug/2023:10:54:17 +0800] "GET /xingrg/all/function/internal_message.html?_=1692845645310&CODE_STATE=getMsg HTTP/1.1" 200 27
180.165.48.189 - - [24/Aug/2023:10:54:21 +0800] "GET /xingrg/kc/buy/cgsh_order_operate.html?command=get_materiel&rest_code=00108&code=00101009021&supplier_code=00100623&order_time=2023-08-24 HTTP/1.1" 200 416
124.78.155.92 - - [24/Aug/2023:10:54:21 +0800] "GET /xingrg/system/info/materiel_import.html?isSelect=1&singleSelect=false HTTP/1.1" 200 5600
222.69.128.227 - - [24/Aug/2023:10:54:22 +0800] "POST /xingrg/kc/base/wldb_order_operate.html HTTP/1.1" 200 37
222.69.128.227 - - [24/Aug/2023:10:54:22 +0800] "GET /xingrg/all/function/internal_message.html?_=1692845661370&CODE_STATE=getMsg HTTP/1.1" 200 27
124.78.155.92 - - [24/Aug/2023:10:54:22 +0800] "GET /xingrg/kc/base/wldb_order_operate.html?command=get_materiel&rest_code=00106&base_code=0010396&code=00101019528 HTTP/1.1" 200 482
124.78.155.92 - - [24/Aug/2023:10:54:23 +0800] "GET /xingrg/css/xtree.css HTTP/1.1" 200 880
124.78.155.92 - - [24/Aug/2023:10:54:23 +0800] "GET /xingrg/javascript/jquery_ui/themes/base/base.css HTTP/1.1" 200 28568
180.152.241.196 - - [24/Aug/2023:10:54:23 +0800] "GET /xingrg/all/function/internal_message.html?_=1692845668329&CODE_STATE=getMsg HTTP/1.1" 200 27
124.78.155.92 - - [24/Aug/2023:10:54:25 +0800] "POST /xingrg/all/common/load_tree.html?tree=materiel_sort_tree_json HTTP/1.1" 200 9500
124.78.155.92 - - [24/Aug/2023:10:54:25 +0800] "GET /xingrg/javascript/jquery_easy_ui/themes/icons/edit_add.png HTTP/1.1" 200 1088
124.78.155.92 - - [24/Aug/2023:10:54:25 +0800] "GET /xingrg/javascript/jquery_easy_ui/themes/default/images/datagrid_header_bg.gif HTTP/1.1" 200 97
124.78.155.92 - - [24/Aug/2023:10:54:25 +0800] "GET /xingrg/javascript/jquery_easy_ui/themes/default/images/pagination_first.gif HTTP/1.1" 200 925
124.78.155.92 - - [24/Aug/2023:10:54:25 +0800] "GET /xingrg/javascript/jquery_easy_ui/themes/default/images/pagination_prev.gif HTTP/1.1" 200 879
124.78.155.92 - - [24/Aug/2023:10:54:25 +0800] "GET /xingrg/javascript/jquery_easy_ui/themes/default/images/pagination_next.gif HTTP/1.1" 200 875
124.78.155.92 - - [24/Aug/2023:10:54:25 +0800] "GET /xingrg/javascript/jquery_easy_ui/themes/default/images/pagination_last.gif HTTP/1.1" 200 923
124.78.155.92 - - [24/Aug/2023:10:54:25 +0800] "GET /xingrg/javascript/jquery_easy_ui/themes/default/images/pagination_load.png HTTP/1.1" 200 827
124.78.155.92 - - [24/Aug/2023:10:54:26 +0800] "GET /favicon.ico HTTP/1.1" 404 -
124.78.155.92 - - [24/Aug/2023:10:54:26 +0800] "GET /xingrg/all/function/internal_message.html?_=1692845663861&CODE_STATE=getMsg HTTP/1.1" 200 27
222.70.180.200 - - [24/Aug/2023:10:54:27 +0800] "GET /xingrg/all/function/internal_message.html?_=1692845666928&CODE_STATE=getMsg HTTP/1.1" 200 27
222.69.128.227 - - [24/Aug/2023:10:54:29 +0800] "POST /xingrg/kc/base/wldb_order_operate.html HTTP/1.1" 200 12
222.69.128.227 - - [24/Aug/2023:10:54:29 +0800] "POST /xingrg/kc/base/wldb_order_operate.html HTTP/1.1" 200 5163
180.152.241.196 - - [24/Aug/2023:10:54:29 +0800] "GET /xingrg/all/function/internal_message.html?_=1692845669083&CODE_STATE=getMsg HTTP/1.1" 200 27
180.165.48.189 - - [24/Aug/2023:10:54:29 +0800] "GET /xingrg/kc/buy/cgsh_order_operate.html?command=get_materiel&rest_code=00108&code=00101009159&supplier_code=00100623&order_time=2023-08-24 HTTP/1.1" 200 422
222.69.128.227 - - [24/Aug/2023:10:54:31 +0800] "GET /xingrg/kc/base/wldb_order_info.html?code=422023082402521 HTTP/1.1" 200 26383
222.69.128.227 - - [24/Aug/2023:10:54:31 +0800] "GET /xingrg/javascript/easyui/themes/default/validatebox.css HTTP/1.1" 404 1104
222.69.128.227 - - [24/Aug/2023:10:54:32 +0800] "POST /xingrg/kc/base/wldb_order_operate.html HTTP/1.1" 200 3390
101.83.145.37 - - [24/Aug/2023:10:54:32 +0800] "GET /xingrg/kc/base/wldb_order_operate.html?command=get_materiel&rest_code=00105&base_code=0010507&code=00101013052 HTTP/1.1" 200 443
120.253.135.82 - - [24/Aug/2023:10:54:32 +0800] "GET /xingrg/check_reg.html?_=1692845484978 HTTP/1.1" 200 22
120.253.135.82 - - [24/Aug/2023:10:54:32 +0800] "GET /xingrg/all/function/internal_message.html?_=1692845485129&CODE_STATE=getMsg HTTP/1.1" 200 27
180.169.147.146 - - [24/Aug/2023:10:54:33 +0800] "GET /xingrg/all/function/internal_message.html?_=1692845675023&CODE_STATE=getMsg HTTP/1.1" 200 27
222.69.128.227 - - [24/Aug/2023:10:54:33 +0800] "GET /xingrg/kc/base/wldb_order_add.html HTTP/1.1" 200 30504
222.69.128.227 - - [24/Aug/2023:10:54:34 +0800] "POST /xingrg/kc/base/wldb_order_operate.html HTTP/1.1" 200 6806
222.69.128.227 - - [24/Aug/2023:10:54:34 +0800] "GET /xingrg/javascript/easyui/themes/default/validatebox.css HTTP/1.1" 404 1104
222.69.128.227 - - [24/Aug/2023:10:54:36 +0800] "POST /xingrg/all/common/load_combo.html?type=base HTTP/1.1" 200 3409
101.83.145.37 - - [24/Aug/2023:10:54:36 +0800] "POST /xingrg/kc/base/wldb_order_operate.html HTTP/1.1" 200 37
124.78.155.92 - - [24/Aug/2023:10:54:36 +0800] "GET /xingrg/kc/base/wldb_order_operate.html?command=get_materiel&rest_code=00106&base_code=0010396&code=00101013225 HTTP/1.1" 200 449
116.235.94.33 - - [24/Aug/2023:10:54:36 +0800] "GET /xingrg/all/function/internal_message.html?_=1692845969371&CODE_STATE=getMsg HTTP/1.1" 200 27
58.40.7.146 - - [24/Aug/2023:10:54:37 +0800] "GET /xingrg/all/function/internal_message.html?_=1692845677228&CODE_STATE=getMsg HTTP/1.1" 200 27
101.83.145.37 - - [24/Aug/2023:10:54:37 +0800] "POST /xingrg/kc/base/wldb_order_operate.html HTTP/1.1" 200 2664
114.83.221.186 - - [24/Aug/2023:10:54:37 +0800] "GET /xingrg/all/function/internal_message.html?_=1692845816642&CODE_STATE=getMsg HTTP/1.1" 200 27
124.78.155.92 - - [24/Aug/2023:10:54:39 +0800] "GET /xingrg/javascript/auto/indicator.gif HTTP/1.1" 404 1066
120.253.135.82 - - [24/Aug/2023:10:54:41 +0800] "GET /xingrg/check_reg.html?_=1692845821686 HTTP/1.1" 200 22
120.253.135.82 - - [24/Aug/2023:10:54:41 +0800] "GET /xingrg/all/function/internal_message.html?_=1692845821685&CODE_STATE=getMsg HTTP/1.1" 200 27
101.83.145.37 - - [24/Aug/2023:10:54:41 +0800] "GET /xingrg/kc/base/wldb_order_info.html?code=422023082402522 HTTP/1.1" 200 30515
101.83.145.37 - - [24/Aug/2023:10:54:41 +0800] "GET /xingrg/javascript/easyui/themes/default/validatebox.css HTTP/1.1" 404 1104
124.78.155.92 - - [24/Aug/2023:10:54:41 +0800] "GET /xingrg/all/function/internal_message.html?_=1692845681901&CODE_STATE=getMsg HTTP/1.1" 200 27
101.83.145.37 - - [24/Aug/2023:10:54:42 +0800] "POST /xingrg/kc/base/wldb_order_operate.html HTTP/1.1" 200 2664
180.165.48.189 - - [24/Aug/2023:10:54:43 +0800] "GET /xingrg/kc/buy/cgsh_order_operate.html?command=get_materiel&rest_code=00108&code=00101008591&supplier_code=00100623&order_time=2023-08-24 HTTP/1.1" 200 410
101.228.187.155 - - [24/Aug/2023:10:54:47 +0800] "GET /xingrg/all/function/internal_message.html?_=1692845685273&CODE_STATE=getMsg HTTP/1.1" 200 27
101.83.145.37 - - [24/Aug/2023:10:54:51 +0800] "GET /xingrg/kc/base/wldb_order_add.html HTTP/1.1" 200 30498
222.67.237.86 - - [24/Aug/2023:10:54:51 +0800] "GET /xingrg/all/function/internal_message.html?_=1692845139265&CODE_STATE=getMsg HTTP/1.1" 200 27
180.165.48.189 - - [24/Aug/2023:10:54:51 +0800] "GET /xingrg/all/function/internal_message.html?_=1692845691526&CODE_STATE=getMsg HTTP/1.1" 200 27
101.83.145.37 - - [24/Aug/2023:10:54:51 +0800] "POST /xingrg/kc/base/wldb_order_operate.html HTTP/1.1" 200 6806
101.83.145.37 - - [24/Aug/2023:10:54:51 +0800] "GET /xingrg/javascript/easyui/themes/default/validatebox.css HTTP/1.1" 404 1104
101.83.145.37 - - [24/Aug/2023:10:54:52 +0800] "POST /xingrg/all/common/load_combo.html?type=base HTTP/1.1" 200 3409
221.239.167.251 - - [24/Aug/2023:10:54:53 +0800] "GET /xingrg/all/function/internal_message.html?_=1692845692307&CODE_STATE=getMsg HTTP/1.1" 200 27
101.83.145.37 - - [24/Aug/2023:10:54:55 +0800] "GET /xingrg/all/function/internal_message.html?_=1692845695216&CODE_STATE=getMsg HTTP/1.1" 200 27
180.165.48.189 - - [24/Aug/2023:10:55:00 +0800] "GET /xingrg/kc/buy/cgsh_order_operate.html?command=get_materiel&rest_code=00108&code=00101008123&supplier_code=00100623&order_time=2023-08-24 HTTP/1.1" 200 413
222.69.128.227 - - [24/Aug/2023:10:55:04 +0800] "GET /xingrg/kc/base/wldb_order_operate.html?command=get_materiel&rest_code=00149&base_code=0010394&code=00101019127 HTTP/1.1" 200 480
124.78.155.92 - - [24/Aug/2023:10:55:08 +0800] "GET /xingrg/kc/buy/cgsh_order_operate.html?command=get_materiel&rest_code=00106&code=00101031002&supplier_code=00100151&order_time=2023-08-24 HTTP/1.1" 200 420
180.165.48.189 - - [24/Aug/2023:10:55:08 +0800] "GET /xingrg/kc/buy/cgsh_order_operate.html?command=get_materiel&rest_code=00108&code=00101008509&supplier_code=00100623&order_time=2023-08-24 HTTP/1.1" 200 410
114.95.241.104 - - [24/Aug/2023:10:55:08 +0800] "GET /xingrg/all/function/internal_message.html?_=1692845708747&CODE_STATE=getMsg HTTP/1.1" 200 27
222.67.237.86 - - [24/Aug/2023:10:55:10 +0800] "GET /xingrg/kc/buy/cgsh_order_operate.html?command=get_materiel&rest_code=00141&code=00101016113&supplier_code=00100012&order_time=2023-08-24 HTTP/1.1" 200 422
101.83.145.37 - - [24/Aug/2023:10:55:11 +0800] "GET /xingrg/kc/base/wldb_order_operate.html?command=get_materiel&rest_code=00105&base_code=0010507&code=00101019015 HTTP/1.1" 200 450
222.70.173.73 - - [24/Aug/2023:10:55:17 +0800] "GET /xingrg/all/function/internal_message.html?_=1692845705324&CODE_STATE=getMsg HTTP/1.1" 200 27
114.95.241.104 - - [24/Aug/2023:10:55:17 +0800] "GET /xingrg/kc/base/wldb_order_add.html HTTP/1.1" 200 30504
114.95.241.104 - - [24/Aug/2023:10:55:17 +0800] "POST /xingrg/kc/base/wldb_order_operate.html HTTP/1.1" 200 6806
114.95.241.104 - - [24/Aug/2023:10:55:18 +0800] "GET /xingrg/javascript/easyui/themes/default/validatebox.css HTTP/1.1" 404 1104
222.67.237.86 - - [24/Aug/2023:10:55:19 +0800] "GET /xingrg/kc/buy/cgsh_order_operate.html?command=get_materiel&rest_code=00141&code=00101018007&supplier_code=00100012&order_time=2023-08-24 HTTP/1.1" 200 409
222.69.128.227 - - [24/Aug/2023:10:55:22 +0800] "GET /xingrg/all/function/internal_message.html?_=1692845721368&CODE_STATE=getMsg HTTP/1.1" 200 27
222.69.128.227 - - [24/Aug/2023:10:55:22 +0800] "GET /xingrg/check_reg.html?_=1692845721380 HTTP/1.1" 200 22
180.152.241.196 - - [24/Aug/2023:10:55:23 +0800] "GET /xingrg/all/function/internal_message.html?_=1692845728329&CODE_STATE=getMsg HTTP/1.1" 200 27
124.78.155.92 - - [24/Aug/2023:10:55:27 +0800] "GET /xingrg/all/function/internal_message.html?_=1692845724455&CODE_STATE=getMsg HTTP/1.1" 200 27
222.70.180.200 - - [24/Aug/2023:10:55:27 +0800] "GET /xingrg/all/function/internal_message.html?_=1692845726930&CODE_STATE=getMsg HTTP/1.1" 200 27
101.83.145.37 - - [24/Aug/2023:10:55:27 +0800] "GET /xingrg/kc/base/wldb_order_operate.html?command=get_materiel&rest_code=00105&base_code=0010507&code=00101019390 HTTP/1.1" 200 470
180.152.241.196 - - [24/Aug/2023:10:55:29 +0800] "GET /xingrg/all/function/internal_message.html?_=1692845729086&CODE_STATE=getMsg HTTP/1.1" 200 27
180.152.241.196 - - [24/Aug/2023:10:55:29 +0800] "GET /xingrg/check_reg.html?_=1692845729090 HTTP/1.1" 200 22
222.69.128.227 - - [24/Aug/2023:10:55:29 +0800] "GET /xingrg/kc/base/wldb_order_operate.html?command=get_materiel&rest_code=00149&base_code=0010394&code=00101019391 HTTP/1.1" 200 485
120.253.135.82 - - [24/Aug/2023:10:55:32 +0800] "GET /xingrg/all/function/internal_message.html?_=1692845545142&CODE_STATE=getMsg HTTP/1.1" 200 27
114.95.241.104 - - [24/Aug/2023:10:55:33 +0800] "GET /xingrg/kc/base/wldb_order_operate.html?command=get_materiel&rest_code=00150&base_code=0010445&code=00101019358 HTTP/1.1" 200 459
180.169.147.146 - - [24/Aug/2023:10:55:33 +0800] "GET /xingrg/all/function/internal_message.html?_=1692845735020&CODE_STATE=getMsg HTTP/1.1" 200 27
180.165.48.189 - - [24/Aug/2023:10:55:35 +0800] "POST /xingrg/kc/buy/cgsh_order_operate.html HTTP/1.1" 200 37
101.83.145.37 - - [24/Aug/2023:10:55:36 +0800] "GET /xingrg/kc/base/wldb_order_operate.html?command=get_materiel&rest_code=00105&base_code=0010507&code=00101013139 HTTP/1.1" 200 450
116.235.94.33 - - [24/Aug/2023:10:55:36 +0800] "GET /xingrg/all/function/internal_message.html?_=1692846029379&CODE_STATE=getMsg HTTP/1.1" 200 27
58.40.7.146 - - [24/Aug/2023:10:55:37 +0800] "GET /xingrg/all/function/internal_message.html?_=1692845737231&CODE_STATE=getMsg HTTP/1.1" 200 27
58.40.7.146 - - [24/Aug/2023:10:55:37 +0800] "GET /xingrg/check_reg.html?_=1692845737232 HTTP/1.1" 200 22
180.165.48.189 - - [24/Aug/2023:10:55:37 +0800] "POST /xingrg/kc/buy/cgsh_order_operate.html HTTP/1.1" 200 6790
114.83.221.186 - - [24/Aug/2023:10:55:37 +0800] "GET /xingrg/all/function/internal_message.html?_=1692845876621&CODE_STATE=getMsg HTTP/1.1" 200 27
222.67.237.86 - - [24/Aug/2023:10:55:39 +0800] "GET /xingrg/kc/buy/cgsh_order_operate.html?command=get_materiel&rest_code=00141&code=00101006177&supplier_code=00100012&order_time=2023-08-24 HTTP/1.1" 200 408
180.165.48.189 - - [24/Aug/2023:10:55:39 +0800] "GET /xingrg/kc/print/load_data.html?order_code=212023082409596&kc_code=cgsh&condition= HTTP/1.1" 200 2254
120.253.135.82 - - [24/Aug/2023:10:55:41 +0800] "GET /xingrg/all/function/internal_message.html?_=1692845881690&CODE_STATE=getMsg HTTP/1.1" 200 27
222.69.128.227 - - [24/Aug/2023:10:55:41 +0800] "GET /xingrg/kc/base/wldb_order_operate.html?command=get_materiel&rest_code=00149&base_code=0010394&code=00101019405 HTTP/1.1" 200 482
124.78.155.92 - - [24/Aug/2023:10:55:41 +0800] "GET /xingrg/check_reg.html?_=1692845741912 HTTP/1.1" 200 22
124.78.155.92 - - [24/Aug/2023:10:55:41 +0800] "GET /xingrg/all/function/internal_message.html?_=1692845741916&CODE_STATE=getMsg HTTP/1.1" 200 27
114.95.241.104 - - [24/Aug/2023:10:55:43 +0800] "GET /xingrg/kc/base/wldb_order_operate.html?command=get_materiel&rest_code=00150&base_code=0010445&code=00101019373 HTTP/1.1" 200 466
180.165.48.189 - - [24/Aug/2023:10:55:44 +0800] "GET /xingrg/kc/buy/cgsh_order_add.html HTTP/1.1" 200 72108
180.165.48.189 - - [24/Aug/2023:10:55:45 +0800] "POST /xingrg/kc/buy/cgsh_order_operate.html HTTP/1.1" 200 8245
180.165.48.189 - - [24/Aug/2023:10:55:45 +0800] "GET /xingrg/javascript/easyui/themes/default/validatebox.css HTTP/1.1" 404 1104
101.228.187.155 - - [24/Aug/2023:10:55:47 +0800] "GET /xingrg/all/function/internal_message.html?_=1692845745272&CODE_STATE=getMsg HTTP/1.1" 200 27
180.165.48.189 - - [24/Aug/2023:10:55:51 +0800] "GET /xingrg/all/function/internal_message.html?_=1692845751497&CODE_STATE=getMsg HTTP/1.1" 200 27
222.67.237.86 - - [24/Aug/2023:10:55:51 +0800] "GET /xingrg/all/function/internal_message.html?_=1692845199285&CODE_STATE=getMsg HTTP/1.1" 200 27
221.239.167.251 - - [24/Aug/2023:10:55:53 +0800] "GET /xingrg/all/function/internal_message.html?_=1692845752302&CODE_STATE=getMsg HTTP/1.1" 200 27
