222.70.180.200 - - [22/Aug/2023:11:20:11 +0800] "GET /xingrg/kc/base/wldb_order_operate.html?command=get_materiel&rest_code=00111&base_code=0010283&code=00101019222 HTTP/1.1" 200 451
221.239.167.251 - - [22/Aug/2023:11:20:14 +0800] "GET /xingrg/check_reg.html?_=1692674414125 HTTP/1.1" 200 22
180.165.48.189 - - [22/Aug/2023:11:20:16 +0800] "GET /xingrg/all/function/internal_message.html?_=1692674416502&CODE_STATE=getMsg HTTP/1.1" 200 27
222.70.180.200 - - [22/Aug/2023:11:20:20 +0800] "GET /xingrg/all/function/internal_message.html?_=1692674419629&CODE_STATE=getMsg HTTP/1.1" 200 27
180.152.241.196 - - [22/Aug/2023:11:20:27 +0800] "GET /xingrg/all/function/internal_message.html?_=1692674427081&CODE_STATE=getMsg HTTP/1.1" 200 27
120.253.135.82 - - [22/Aug/2023:11:20:27 +0800] "GET /xingrg/all/function/internal_message.html?_=1692674241068&CODE_STATE=getMsg HTTP/1.1" 200 27
101.83.145.37 - - [22/Aug/2023:11:20:27 +0800] "GET /xingrg/all/function/internal_message.html?_=1692674226212&CODE_STATE=getMsg HTTP/1.1" 200 27
180.169.147.146 - - [22/Aug/2023:11:20:32 +0800] "POST /xingrg/kc/buy/cgsh_list_operate.html HTTP/1.1" 200 5306
180.152.241.196 - - [22/Aug/2023:11:20:33 +0800] "GET /xingrg/all/function/internal_message.html?_=1692674441099&CODE_STATE=getMsg HTTP/1.1" 200 27
180.152.241.196 - - [22/Aug/2023:11:20:33 +0800] "GET /xingrg/check_reg.html?_=1692674435584 HTTP/1.1" 302 -
180.157.253.42 - - [22/Aug/2023:11:20:34 +0800] "GET /xingrg/all/function/internal_message.html?_=1692674434228&CODE_STATE=getMsg HTTP/1.1" 200 27
222.69.132.38 - - [22/Aug/2023:11:20:34 +0800] "GET /xingrg/all/function/internal_message.html?_=1692674572941&CODE_STATE=getMsg HTTP/1.1" 200 27
222.70.168.101 - - [22/Aug/2023:11:20:36 +0800] "GET /xingrg/all/function/internal_message.html?_=1692674468069&CODE_STATE=getMsg HTTP/1.1" 200 27
101.228.187.155 - - [22/Aug/2023:11:20:38 +0800] "GET /xingrg/all/function/internal_message.html?_=1692674438363&CODE_STATE=getMsg HTTP/1.1" 200 27
114.83.217.40 - - [22/Aug/2023:11:20:39 +0800] "GET /xingrg/check_reg.html?_=1692674438988 HTTP/1.1" 200 22
114.83.217.40 - - [22/Aug/2023:11:20:39 +0800] "GET /xingrg/all/function/internal_message.html?_=1692674438992&CODE_STATE=getMsg HTTP/1.1" 200 27
222.70.180.200 - - [22/Aug/2023:11:20:43 +0800] "GET /xingrg/kc/base/wldb_order_operate.html?command=get_materiel&rest_code=00111&base_code=0010283&code=00101019529 HTTP/1.1" 200 475
114.83.217.40 - - [22/Aug/2023:11:20:51 +0800] "GET /xingrg/all/function/internal_message.html?_=1692674451742&CODE_STATE=getMsg HTTP/1.1" 200 27
222.67.237.86 - - [22/Aug/2023:11:20:52 +0800] "GET /xingrg/all/function/internal_message.html?_=1692673900526&CODE_STATE=getMsg HTTP/1.1" 200 27
222.70.180.200 - - [22/Aug/2023:11:21:02 +0800] "GET /xingrg/kc/base/wldb_order_operate.html?command=get_materiel&rest_code=00111&base_code=0010283&code=00101019015 HTTP/1.1" 200 451
114.95.241.104 - - [22/Aug/2023:11:21:02 +0800] "GET /xingrg/all/function/internal_message.html?_=1692674370420&CODE_STATE=getMsg HTTP/1.1" 200 27
58.40.7.146 - - [22/Aug/2023:11:21:03 +0800] "GET /xingrg/check_reg.html?_=1692674463216 HTTP/1.1" 200 22
58.40.7.146 - - [22/Aug/2023:11:21:03 +0800] "GET /xingrg/all/function/internal_message.html?_=1692674463216&CODE_STATE=getMsg HTTP/1.1" 200 27
124.78.155.92 - - [22/Aug/2023:11:21:03 +0800] "GET /xingrg/all/function/internal_message.html?_=1692674462203&CODE_STATE=getMsg HTTP/1.1" 200 27
221.239.167.251 - - [22/Aug/2023:11:21:05 +0800] "GET /xingrg/all/function/internal_message.html?_=1692674465343&CODE_STATE=getMsg HTTP/1.1" 200 27
116.232.195.127 - - [22/Aug/2023:11:21:08 +0800] "GET /xingrg/all/function/internal_message.html?_=1692674385234&CODE_STATE=getMsg HTTP/1.1" 200 27
180.165.48.189 - - [22/Aug/2023:11:21:16 +0800] "GET /xingrg/all/function/internal_message.html?_=1692674476476&CODE_STATE=getMsg HTTP/1.1" 200 27
222.70.180.200 - - [22/Aug/2023:11:21:20 +0800] "GET /xingrg/all/function/internal_message.html?_=1692674479625&CODE_STATE=getMsg HTTP/1.1" 200 27
120.253.135.82 - - [22/Aug/2023:11:21:25 +0800] "GET /xingrg/check_reg.html?_=1692674299169 HTTP/1.1" 200 22
180.152.241.196 - - [22/Aug/2023:11:21:27 +0800] "GET /xingrg/all/function/internal_message.html?_=1692674487065&CODE_STATE=getMsg HTTP/1.1" 200 27
120.253.135.82 - - [22/Aug/2023:11:21:27 +0800] "GET /xingrg/all/function/internal_message.html?_=1692674301082&CODE_STATE=getMsg HTTP/1.1" 200 27
101.83.145.37 - - [22/Aug/2023:11:21:27 +0800] "GET /xingrg/all/function/internal_message.html?_=1692674286231&CODE_STATE=getMsg HTTP/1.1" 200 27
180.152.241.196 - - [22/Aug/2023:11:21:33 +0800] "GET /xingrg/all/function/internal_message.html?_=1692674501098&CODE_STATE=getMsg HTTP/1.1" 200 27
222.70.180.200 - - [22/Aug/2023:11:21:33 +0800] "POST /xingrg/kc/base/wldb_order_operate.html HTTP/1.1" 200 37
180.157.253.42 - - [22/Aug/2023:11:21:34 +0800] "GET /xingrg/all/function/internal_message.html?_=1692674494230&CODE_STATE=getMsg HTTP/1.1" 200 27
222.69.132.38 - - [22/Aug/2023:11:21:34 +0800] "GET /xingrg/all/function/internal_message.html?_=1692674632933&CODE_STATE=getMsg HTTP/1.1" 200 27
222.70.180.200 - - [22/Aug/2023:11:21:34 +0800] "POST /xingrg/kc/base/wldb_order_operate.html HTTP/1.1" 200 4160
222.70.180.200 - - [22/Aug/2023:11:21:36 +0800] "GET /xingrg/kc/base/wldb_order_info.html?code=422023082202345 HTTP/1.1" 200 30509
222.70.168.101 - - [22/Aug/2023:11:21:36 +0800] "GET /xingrg/all/function/internal_message.html?_=1692674528081&CODE_STATE=getMsg HTTP/1.1" 200 27
222.70.180.200 - - [22/Aug/2023:11:21:36 +0800] "GET /xingrg/javascript/easyui/themes/default/validatebox.css HTTP/1.1" 404 1104
222.70.180.200 - - [22/Aug/2023:11:21:38 +0800] "POST /xingrg/kc/base/wldb_order_operate.html HTTP/1.1" 200 4160
101.228.187.155 - - [22/Aug/2023:11:21:38 +0800] "GET /xingrg/all/function/internal_message.html?_=1692674498363&CODE_STATE=getMsg HTTP/1.1" 200 27
114.83.217.40 - - [22/Aug/2023:11:21:39 +0800] "GET /xingrg/all/function/internal_message.html?_=1692674498996&CODE_STATE=getMsg HTTP/1.1" 200 27
222.70.180.200 - - [22/Aug/2023:11:21:42 +0800] "GET /xingrg/kc/base/wldb_order_add.html HTTP/1.1" 200 30494
222.70.180.200 - - [22/Aug/2023:11:21:43 +0800] "GET /xingrg/javascript/easyui/themes/default/validatebox.css HTTP/1.1" 404 1104
222.70.180.200 - - [22/Aug/2023:11:21:43 +0800] "POST /xingrg/kc/base/wldb_order_operate.html HTTP/1.1" 200 6806
222.70.168.101 - - [22/Aug/2023:11:21:44 +0800] "POST /xingrg/services/DataTransmitService HTTP/1.1" 200 524
180.169.147.146 - - [22/Aug/2023:11:21:47 +0800] "POST /xingrg/kc/buy/cgsh_list_operate.html HTTP/1.1" 200 4
114.83.217.40 - - [22/Aug/2023:11:21:51 +0800] "GET /xingrg/all/function/internal_message.html?_=1692674511732&CODE_STATE=getMsg HTTP/1.1" 200 27
222.67.237.86 - - [22/Aug/2023:11:21:52 +0800] "GET /xingrg/all/function/internal_message.html?_=1692673960501&CODE_STATE=getMsg HTTP/1.1" 200 27
222.70.168.101 - - [22/Aug/2023:11:21:52 +0800] "POST /xingrg/services/DataTransmitService HTTP/1.1" 200 501
180.169.147.146 - - [22/Aug/2023:11:21:57 +0800] "POST /xingrg/kc/buy/cgsh_list_operate.html HTTP/1.1" 200 986
114.95.241.104 - - [22/Aug/2023:11:22:02 +0800] "GET /xingrg/all/function/internal_message.html?_=1692674430461&CODE_STATE=getMsg HTTP/1.1" 200 27
58.40.7.146 - - [22/Aug/2023:11:22:03 +0800] "GET /xingrg/all/function/internal_message.html?_=1692674523218&CODE_STATE=getMsg HTTP/1.1" 200 27
124.78.155.92 - - [22/Aug/2023:11:22:03 +0800] "GET /xingrg/all/function/internal_message.html?_=1692674522187&CODE_STATE=getMsg HTTP/1.1" 200 27
221.239.167.251 - - [22/Aug/2023:11:22:06 +0800] "GET /xingrg/all/function/internal_message.html?_=1692674525336&CODE_STATE=getMsg HTTP/1.1" 200 27
222.70.180.200 - - [22/Aug/2023:11:22:08 +0800] "GET /xingrg/kc/base/wldb_order_operate.html?command=get_materiel&rest_code=00111&base_code=0010283&code=00101019164 HTTP/1.1" 200 466
116.232.195.127 - - [22/Aug/2023:11:22:08 +0800] "GET /xingrg/all/function/internal_message.html?_=1692674445241&CODE_STATE=getMsg HTTP/1.1" 200 27
116.232.195.127 - - [22/Aug/2023:11:22:08 +0800] "GET /xingrg/check_reg.html?_=1692674445246 HTTP/1.1" 200 22
180.165.48.189 - - [22/Aug/2023:11:22:16 +0800] "GET /xingrg/all/function/internal_message.html?_=1692674536457&CODE_STATE=getMsg HTTP/1.1" 200 27
180.152.241.196 - - [22/Aug/2023:11:22:27 +0800] "GET /xingrg/all/function/internal_message.html?_=1692674547036&CODE_STATE=getMsg HTTP/1.1" 200 27
120.253.135.82 - - [22/Aug/2023:11:22:27 +0800] "GET /xingrg/all/function/internal_message.html?_=1692674361098&CODE_STATE=getMsg HTTP/1.1" 200 27
180.152.241.196 - - [22/Aug/2023:11:22:27 +0800] "GET /xingrg/check_reg.html?_=1692674547517 HTTP/1.1" 200 22
101.83.145.37 - - [22/Aug/2023:11:22:27 +0800] "GET /xingrg/all/function/internal_message.html?_=1692674346229&CODE_STATE=getMsg HTTP/1.1" 200 27
222.70.180.200 - - [22/Aug/2023:11:22:32 +0800] "POST /xingrg/kc/base/wldb_order_operate.html HTTP/1.1" 200 37
222.70.180.200 - - [22/Aug/2023:11:22:32 +0800] "POST /xingrg/kc/base/wldb_order_operate.html HTTP/1.1" 200 2208
180.152.241.196 - - [22/Aug/2023:11:22:33 +0800] "GET /xingrg/all/function/internal_message.html?_=1692674561095&CODE_STATE=getMsg HTTP/1.1" 200 27
222.70.180.200 - - [22/Aug/2023:11:22:33 +0800] "GET /xingrg/kc/base/wldb_order_info.html?code=422023082202346 HTTP/1.1" 200 30508
222.70.180.200 - - [22/Aug/2023:11:22:34 +0800] "GET /xingrg/javascript/easyui/themes/default/validatebox.css HTTP/1.1" 404 1104
180.157.253.42 - - [22/Aug/2023:11:22:34 +0800] "GET /xingrg/all/function/internal_message.html?_=1692674554230&CODE_STATE=getMsg HTTP/1.1" 200 27
222.69.132.38 - - [22/Aug/2023:11:22:34 +0800] "GET /xingrg/all/function/internal_message.html?_=1692674692929&CODE_STATE=getMsg HTTP/1.1" 200 27
222.70.180.200 - - [22/Aug/2023:11:22:35 +0800] "POST /xingrg/kc/base/wldb_order_operate.html HTTP/1.1" 200 2208
222.70.168.101 - - [22/Aug/2023:11:22:36 +0800] "GET /xingrg/all/function/internal_message.html?_=1692674588361&CODE_STATE=getMsg HTTP/1.1" 200 27
101.228.187.155 - - [22/Aug/2023:11:22:38 +0800] "GET /xingrg/check_reg.html?_=1692674558363 HTTP/1.1" 200 22
101.228.187.155 - - [22/Aug/2023:11:22:38 +0800] "GET /xingrg/all/function/internal_message.html?_=1692674558368&CODE_STATE=getMsg HTTP/1.1" 200 27
114.83.217.40 - - [22/Aug/2023:11:22:39 +0800] "GET /xingrg/all/function/internal_message.html?_=1692674559001&CODE_STATE=getMsg HTTP/1.1" 200 27
222.70.180.200 - - [22/Aug/2023:11:22:40 +0800] "GET /xingrg/kc/base/wldb_order_add.html HTTP/1.1" 200 30494
222.70.180.200 - - [22/Aug/2023:11:22:41 +0800] "POST /xingrg/kc/base/wldb_order_operate.html HTTP/1.1" 200 6806
222.70.180.200 - - [22/Aug/2023:11:22:41 +0800] "GET /xingrg/javascript/easyui/themes/default/validatebox.css HTTP/1.1" 404 1104
114.83.217.40 - - [22/Aug/2023:11:22:51 +0800] "GET /xingrg/all/function/internal_message.html?_=1692674571737&CODE_STATE=getMsg HTTP/1.1" 200 27
222.67.237.86 - - [22/Aug/2023:11:22:52 +0800] "GET /xingrg/all/function/internal_message.html?_=1692674020480&CODE_STATE=getMsg HTTP/1.1" 200 27
114.95.241.104 - - [22/Aug/2023:11:23:02 +0800] "GET /xingrg/all/function/internal_message.html?_=1692674490462&CODE_STATE=getMsg HTTP/1.1" 200 27
58.40.7.146 - - [22/Aug/2023:11:23:03 +0800] "GET /xingrg/all/function/internal_message.html?_=1692674583210&CODE_STATE=getMsg HTTP/1.1" 200 27
124.78.155.92 - - [22/Aug/2023:11:23:03 +0800] "GET /xingrg/all/function/internal_message.html?_=1692674582173&CODE_STATE=getMsg HTTP/1.1" 200 27
221.239.167.251 - - [22/Aug/2023:11:23:05 +0800] "GET /xingrg/all/function/internal_message.html?_=1692674585321&CODE_STATE=getMsg HTTP/1.1" 200 27
116.232.195.127 - - [22/Aug/2023:11:23:08 +0800] "GET /xingrg/all/function/internal_message.html?_=1692674505233&CODE_STATE=getMsg HTTP/1.1" 200 27
180.165.48.189 - - [22/Aug/2023:11:23:16 +0800] "GET /xingrg/all/function/internal_message.html?_=1692674596433&CODE_STATE=getMsg HTTP/1.1" 200 27
180.165.48.189 - - [22/Aug/2023:11:23:18 +0800] "GET /xingrg/check_reg.html?_=1692674598430 HTTP/1.1" 200 22
222.70.180.200 - - [22/Aug/2023:11:23:20 +0800] "GET /xingrg/all/function/internal_message.html?_=1692674599639&CODE_STATE=getMsg HTTP/1.1" 200 27
180.169.147.146 - - [22/Aug/2023:11:23:21 +0800] "GET /xingrg/check_reg.html?_=1692674600560 HTTP/1.1" 200 22
180.152.241.196 - - [22/Aug/2023:11:23:27 +0800] "GET /xingrg/all/function/internal_message.html?_=1692674607030&CODE_STATE=getMsg HTTP/1.1" 200 27
120.253.135.82 - - [22/Aug/2023:11:23:27 +0800] "GET /xingrg/all/function/internal_message.html?_=1692674421177&CODE_STATE=getMsg HTTP/1.1" 200 27
101.83.145.37 - - [22/Aug/2023:11:23:27 +0800] "GET /xingrg/all/function/internal_message.html?_=1692674406227&CODE_STATE=getMsg HTTP/1.1" 200 27
222.70.180.200 - - [22/Aug/2023:11:23:33 +0800] "GET /xingrg/kc/base/wldb_order_operate.html?command=get_materiel&rest_code=00111&base_code=0010283&code=00101016076 HTTP/1.1" 200 477
180.152.241.196 - - [22/Aug/2023:11:23:33 +0800] "GET /xingrg/check_reg.html?_=1692674621094 HTTP/1.1" 200 22
180.152.241.196 - - [22/Aug/2023:11:23:33 +0800] "GET /xingrg/all/function/internal_message.html?_=1692674621096&CODE_STATE=getMsg HTTP/1.1" 200 27
180.157.253.42 - - [22/Aug/2023:11:23:34 +0800] "GET /xingrg/all/function/internal_message.html?_=1692674614230&CODE_STATE=getMsg HTTP/1.1" 200 27
180.157.253.42 - - [22/Aug/2023:11:23:34 +0800] "GET /xingrg/check_reg.html?_=1692674614234 HTTP/1.1" 200 22
222.69.132.38 - - [22/Aug/2023:11:23:34 +0800] "GET /xingrg/all/function/internal_message.html?_=1692674752905&CODE_STATE=getMsg HTTP/1.1" 200 27
222.69.132.38 - - [22/Aug/2023:11:23:35 +0800] "GET /xingrg/check_reg.html?_=1692674753345 HTTP/1.1" 200 22
222.70.168.101 - - [22/Aug/2023:11:23:36 +0800] "GET /xingrg/all/function/internal_message.html?_=1692674648374&CODE_STATE=getMsg HTTP/1.1" 200 27
101.228.187.155 - - [22/Aug/2023:11:23:38 +0800] "GET /xingrg/all/function/internal_message.html?_=1692674618352&CODE_STATE=getMsg HTTP/1.1" 200 27
114.83.217.40 - - [22/Aug/2023:11:23:39 +0800] "GET /xingrg/all/function/internal_message.html?_=1692674619006&CODE_STATE=getMsg HTTP/1.1" 200 27
222.70.168.101 - - [22/Aug/2023:11:23:39 +0800] "GET /favicon.ico HTTP/1.1" 404 -
222.70.180.200 - - [22/Aug/2023:11:23:50 +0800] "GET /xingrg/kc/base/wldb_order_operate.html?command=get_materiel&rest_code=00111&base_code=0010283&code=00101019438 HTTP/1.1" 200 462
114.83.217.40 - - [22/Aug/2023:11:23:51 +0800] "GET /xingrg/all/function/internal_message.html?_=1692674631737&CODE_STATE=getMsg HTTP/1.1" 200 27
114.83.217.40 - - [22/Aug/2023:11:23:51 +0800] "GET /xingrg/check_reg.html?_=1692674631740 HTTP/1.1" 200 22
222.67.237.86 - - [22/Aug/2023:11:23:52 +0800] "GET /xingrg/all/function/internal_message.html?_=1692674080474&CODE_STATE=getMsg HTTP/1.1" 200 27
114.95.241.104 - - [22/Aug/2023:11:24:01 +0800] "GET /xingrg/check_reg.html?_=1692674549684 HTTP/1.1" 200 22
114.95.241.104 - - [22/Aug/2023:11:24:02 +0800] "GET /xingrg/all/function/internal_message.html?_=1692674550476&CODE_STATE=getMsg HTTP/1.1" 200 27
58.40.7.146 - - [22/Aug/2023:11:24:03 +0800] "GET /xingrg/all/function/internal_message.html?_=1692674643222&CODE_STATE=getMsg HTTP/1.1" 200 27
124.78.155.92 - - [22/Aug/2023:11:24:03 +0800] "GET /xingrg/all/function/internal_message.html?_=1692674642158&CODE_STATE=getMsg HTTP/1.1" 200 27
221.239.167.251 - - [22/Aug/2023:11:24:05 +0800] "GET /xingrg/all/function/internal_message.html?_=1692674645321&CODE_STATE=getMsg HTTP/1.1" 200 27
116.232.195.127 - - [22/Aug/2023:11:24:08 +0800] "GET /xingrg/all/function/internal_message.html?_=1692674565249&CODE_STATE=getMsg HTTP/1.1" 200 27
222.70.180.200 - - [22/Aug/2023:11:24:15 +0800] "GET /xingrg/kc/base/wldb_order_operate.html?command=get_materiel&rest_code=00111&base_code=0010283&code=00101019175 HTTP/1.1" 200 439
180.165.48.189 - - [22/Aug/2023:11:24:16 +0800] "GET /xingrg/all/function/internal_message.html?_=1692674656432&CODE_STATE=getMsg HTTP/1.1" 200 27
222.70.180.200 - - [22/Aug/2023:11:24:20 +0800] "GET /xingrg/check_reg.html?_=1692674659623 HTTP/1.1" 200 22
222.70.180.200 - - [22/Aug/2023:11:24:20 +0800] "GET /xingrg/all/function/internal_message.html?_=1692674659627&CODE_STATE=getMsg HTTP/1.1" 200 27
180.152.241.196 - - [22/Aug/2023:11:24:27 +0800] "GET /xingrg/all/function/internal_message.html?_=1692674667017&CODE_STATE=getMsg HTTP/1.1" 200 27
120.253.135.82 - - [22/Aug/2023:11:24:27 +0800] "GET /xingrg/all/function/internal_message.html?_=1692674481186&CODE_STATE=getMsg HTTP/1.1" 200 27
101.83.145.37 - - [22/Aug/2023:11:24:27 +0800] "GET /xingrg/check_reg.html?_=1692674466230 HTTP/1.1" 200 22
101.83.145.37 - - [22/Aug/2023:11:24:27 +0800] "GET /xingrg/all/function/internal_message.html?_=1692674466226&CODE_STATE=getMsg HTTP/1.1" 200 27
180.152.241.196 - - [22/Aug/2023:11:24:33 +0800] "GET /xingrg/all/function/internal_message.html?_=1692674681090&CODE_STATE=getMsg HTTP/1.1" 200 27
180.157.253.42 - - [22/Aug/2023:11:24:34 +0800] "GET /xingrg/all/function/internal_message.html?_=1692674674235&CODE_STATE=getMsg HTTP/1.1" 200 27
180.169.147.146 - - [22/Aug/2023:11:24:34 +0800] "GET /xingrg/check_reg.html?_=1692674674720 HTTP/1.1" 200 22
222.69.132.38 - - [22/Aug/2023:11:24:34 +0800] "GET /xingrg/all/function/internal_message.html?_=1692674812881&CODE_STATE=getMsg HTTP/1.1" 200 27
222.70.168.101 - - [22/Aug/2023:11:24:36 +0800] "GET /xingrg/all/function/internal_message.html?_=1692674708592&CODE_STATE=getMsg HTTP/1.1" 200 27
101.228.187.155 - - [22/Aug/2023:11:24:38 +0800] "GET /xingrg/all/function/internal_message.html?_=1692674678350&CODE_STATE=getMsg HTTP/1.1" 200 27
114.83.217.40 - - [22/Aug/2023:11:24:39 +0800] "GET /xingrg/all/function/internal_message.html?_=1692674679004&CODE_STATE=getMsg HTTP/1.1" 200 27
114.83.217.40 - - [22/Aug/2023:11:24:51 +0800] "GET /xingrg/all/function/internal_message.html?_=1692674691741&CODE_STATE=getMsg HTTP/1.1" 200 27
222.67.237.86 - - [22/Aug/2023:11:24:51 +0800] "GET /xingrg/all/function/internal_message.html?_=1692674140456&CODE_STATE=getMsg HTTP/1.1" 200 27
222.67.237.86 - - [22/Aug/2023:11:24:52 +0800] "GET /xingrg/check_reg.html?_=1692674141143 HTTP/1.1" 200 22
222.70.168.101 - - [22/Aug/2023:11:24:53 +0800] "GET /xingrg/check_reg.html?_=1692674725581 HTTP/1.1" 200 22
114.95.241.104 - - [22/Aug/2023:11:24:58 +0800] "POST /xingrg/services/DataTransmitService HTTP/1.1" 200 524
124.78.155.92 - - [22/Aug/2023:11:25:01 +0800] "GET /xingrg/check_reg.html?_=1692674700275 HTTP/1.1" 200 22
114.95.241.104 - - [22/Aug/2023:11:25:02 +0800] "GET /xingrg/all/function/internal_message.html?_=1692674610489&CODE_STATE=getMsg HTTP/1.1" 200 27
58.40.7.146 - - [22/Aug/2023:11:25:03 +0800] "GET /xingrg/all/function/internal_message.html?_=1692674703220&CODE_STATE=getMsg HTTP/1.1" 200 27
124.78.155.92 - - [22/Aug/2023:11:25:03 +0800] "GET /xingrg/all/function/internal_message.html?_=1692674702136&CODE_STATE=getMsg HTTP/1.1" 200 27
221.239.167.251 - - [22/Aug/2023:11:25:05 +0800] "GET /xingrg/all/function/internal_message.html?_=1692674705306&CODE_STATE=getMsg HTTP/1.1" 200 27
222.70.180.200 - - [22/Aug/2023:11:25:06 +0800] "GET /xingrg/kc/base/wldb_order_operate.html?command=get_materiel&rest_code=00111&base_code=0010283&code=00101019185 HTTP/1.1" 200 468
116.232.195.127 - - [22/Aug/2023:11:25:08 +0800] "GET /xingrg/all/function/internal_message.html?_=1692674625236&CODE_STATE=getMsg HTTP/1.1" 200 27
221.239.167.251 - - [22/Aug/2023:11:25:14 +0800] "GET /xingrg/check_reg.html?_=1692674714115 HTTP/1.1" 200 22
180.165.48.189 - - [22/Aug/2023:11:25:16 +0800] "GET /xingrg/all/function/internal_message.html?_=1692674716426&CODE_STATE=getMsg HTTP/1.1" 200 27
222.70.180.200 - - [22/Aug/2023:11:25:20 +0800] "GET /xingrg/all/function/internal_message.html?_=1692674719603&CODE_STATE=getMsg HTTP/1.1" 200 27
180.152.241.196 - - [22/Aug/2023:11:25:27 +0800] "GET /xingrg/all/function/internal_message.html?_=1692674726999&CODE_STATE=getMsg HTTP/1.1" 200 27
101.83.145.37 - - [22/Aug/2023:11:25:27 +0800] "GET /xingrg/all/function/internal_message.html?_=1692674526227&CODE_STATE=getMsg HTTP/1.1" 200 27
120.253.135.82 - - [22/Aug/2023:11:25:27 +0800] "GET /xingrg/all/function/internal_message.html?_=1692674541264&CODE_STATE=getMsg HTTP/1.1" 200 27
180.152.241.196 - - [22/Aug/2023:11:25:33 +0800] "GET /xingrg/all/function/internal_message.html?_=1692674741089&CODE_STATE=getMsg HTTP/1.1" 200 27
180.152.241.196 - - [22/Aug/2023:11:25:33 +0800] "GET /xingrg/check_reg.html?_=1692674735605 HTTP/1.1" 302 -
180.157.253.42 - - [22/Aug/2023:11:25:34 +0800] "GET /xingrg/all/function/internal_message.html?_=1692674734235&CODE_STATE=getMsg HTTP/1.1" 200 27
222.70.180.200 - - [22/Aug/2023:11:25:34 +0800] "GET /xingrg/kc/base/wldb_order_operate.html?command=get_materiel&rest_code=00111&base_code=0010283&code=00101019391 HTTP/1.1" 200 485
222.69.132.38 - - [22/Aug/2023:11:25:34 +0800] "GET /xingrg/all/function/internal_message.html?_=1692674872860&CODE_STATE=getMsg HTTP/1.1" 200 27
222.70.168.101 - - [22/Aug/2023:11:25:36 +0800] "GET /xingrg/all/function/internal_message.html?_=1692674768604&CODE_STATE=getMsg HTTP/1.1" 200 27
101.228.187.155 - - [22/Aug/2023:11:25:38 +0800] "GET /xingrg/all/function/internal_message.html?_=1692674738349&CODE_STATE=getMsg HTTP/1.1" 200 27
114.83.217.40 - - [22/Aug/2023:11:25:39 +0800] "GET /xingrg/check_reg.html?_=1692674739009 HTTP/1.1" 200 22
114.83.217.40 - - [22/Aug/2023:11:25:39 +0800] "GET /xingrg/all/function/internal_message.html?_=1692674739011&CODE_STATE=getMsg HTTP/1.1" 200 27
114.83.217.40 - - [22/Aug/2023:11:25:51 +0800] "GET /xingrg/all/function/internal_message.html?_=1692674751741&CODE_STATE=getMsg HTTP/1.1" 200 27
222.67.237.86 - - [22/Aug/2023:11:25:51 +0800] "GET /xingrg/all/function/internal_message.html?_=1692674200434&CODE_STATE=getMsg HTTP/1.1" 200 27
114.95.241.104 - - [22/Aug/2023:11:26:02 +0800] "GET /xingrg/all/function/internal_message.html?_=1692674670503&CODE_STATE=getMsg HTTP/1.1" 200 27
58.40.7.146 - - [22/Aug/2023:11:26:03 +0800] "GET /xingrg/check_reg.html?_=1692674763222 HTTP/1.1" 200 22
58.40.7.146 - - [22/Aug/2023:11:26:03 +0800] "GET /xingrg/all/function/internal_message.html?_=1692674763224&CODE_STATE=getMsg HTTP/1.1" 200 27
124.78.155.92 - - [22/Aug/2023:11:26:03 +0800] "GET /xingrg/all/function/internal_message.html?_=1692674762118&CODE_STATE=getMsg HTTP/1.1" 200 27
221.239.167.251 - - [22/Aug/2023:11:26:05 +0800] "GET /xingrg/all/function/internal_message.html?_=1692674765294&CODE_STATE=getMsg HTTP/1.1" 200 27
116.232.195.127 - - [22/Aug/2023:11:26:08 +0800] "GET /xingrg/all/function/internal_message.html?_=1692674685252&CODE_STATE=getMsg HTTP/1.1" 200 27
222.70.180.200 - - [22/Aug/2023:11:26:09 +0800] "GET /xingrg/kc/base/wldb_order_operate.html?command=get_materiel&rest_code=00111&base_code=0010283&code=00101016097 HTTP/1.1" 200 470
180.165.48.189 - - [22/Aug/2023:11:26:16 +0800] "GET /xingrg/all/function/internal_message.html?_=1692674776413&CODE_STATE=getMsg HTTP/1.1" 200 27
222.70.180.200 - - [22/Aug/2023:11:26:20 +0800] "GET /xingrg/all/function/internal_message.html?_=1692674779585&CODE_STATE=getMsg HTTP/1.1" 200 27
120.253.135.82 - - [22/Aug/2023:11:26:25 +0800] "GET /xingrg/check_reg.html?_=1692674599169 HTTP/1.1" 200 22
180.152.241.196 - - [22/Aug/2023:11:26:27 +0800] "GET /xingrg/all/function/internal_message.html?_=1692674786976&CODE_STATE=getMsg HTTP/1.1" 200 27
101.83.145.37 - - [22/Aug/2023:11:26:27 +0800] "GET /xingrg/all/function/internal_message.html?_=1692674586235&CODE_STATE=getMsg HTTP/1.1" 200 27
120.253.135.82 - - [22/Aug/2023:11:26:27 +0800] "GET /xingrg/all/function/internal_message.html?_=1692674601344&CODE_STATE=getMsg HTTP/1.1" 200 27
180.152.241.196 - - [22/Aug/2023:11:26:33 +0800] "GET /xingrg/all/function/internal_message.html?_=1692674801087&CODE_STATE=getMsg HTTP/1.1" 200 27
180.157.253.42 - - [22/Aug/2023:11:26:34 +0800] "GET /xingrg/all/function/internal_message.html?_=1692674794237&CODE_STATE=getMsg HTTP/1.1" 200 27
222.69.132.38 - - [22/Aug/2023:11:26:34 +0800] "GET /xingrg/all/function/internal_message.html?_=1692674932844&CODE_STATE=getMsg HTTP/1.1" 200 27
222.70.180.200 - - [22/Aug/2023:11:26:35 +0800] "GET /xingrg/kc/base/wldb_order_operate.html?command=get_materiel&rest_code=00111&base_code=0010283&code=00101016037 HTTP/1.1" 200 452
222.70.168.101 - - [22/Aug/2023:11:26:36 +0800] "GET /xingrg/all/function/internal_message.html?_=1692674828617&CODE_STATE=getMsg HTTP/1.1" 200 27
101.228.187.155 - - [22/Aug/2023:11:26:38 +0800] "GET /xingrg/all/function/internal_message.html?_=1692674798348&CODE_STATE=getMsg HTTP/1.1" 200 27
114.83.217.40 - - [22/Aug/2023:11:26:39 +0800] "GET /xingrg/all/function/internal_message.html?_=1692674799015&CODE_STATE=getMsg HTTP/1.1" 200 27
114.83.217.40 - - [22/Aug/2023:11:26:51 +0800] "GET /xingrg/all/function/internal_message.html?_=1692674811742&CODE_STATE=getMsg HTTP/1.1" 200 27
222.67.237.86 - - [22/Aug/2023:11:26:52 +0800] "GET /xingrg/all/function/internal_message.html?_=1692674260408&CODE_STATE=getMsg HTTP/1.1" 200 27
114.95.241.104 - - [22/Aug/2023:11:27:02 +0800] "GET /xingrg/all/function/internal_message.html?_=1692674730536&CODE_STATE=getMsg HTTP/1.1" 200 27
58.40.7.146 - - [22/Aug/2023:11:27:03 +0800] "GET /xingrg/all/function/internal_message.html?_=1692674823210&CODE_STATE=getMsg HTTP/1.1" 200 27
124.78.155.92 - - [22/Aug/2023:11:27:03 +0800] "GET /xingrg/all/function/internal_message.html?_=1692674822100&CODE_STATE=getMsg HTTP/1.1" 200 27
221.239.167.251 - - [22/Aug/2023:11:27:05 +0800] "GET /xingrg/all/function/internal_message.html?_=1692674825284&CODE_STATE=getMsg HTTP/1.1" 200 27
116.232.195.127 - - [22/Aug/2023:11:27:08 +0800] "GET /xingrg/check_reg.html?_=1692674745246 HTTP/1.1" 200 22
116.232.195.127 - - [22/Aug/2023:11:27:08 +0800] "GET /xingrg/all/function/internal_message.html?_=1692674745248&CODE_STATE=getMsg HTTP/1.1" 200 27
180.165.48.189 - - [22/Aug/2023:11:27:16 +0800] "GET /xingrg/all/function/internal_message.html?_=1692674836394&CODE_STATE=getMsg HTTP/1.1" 200 27
222.70.180.200 - - [22/Aug/2023:11:27:20 +0800] "GET /xingrg/all/function/internal_message.html?_=1692674839565&CODE_STATE=getMsg HTTP/1.1" 200 27
180.152.241.196 - - [22/Aug/2023:11:27:27 +0800] "GET /xingrg/all/function/internal_message.html?_=1692674846951&CODE_STATE=getMsg HTTP/1.1" 200 27
180.152.241.196 - - [22/Aug/2023:11:27:27 +0800] "GET /xingrg/check_reg.html?_=1692674847509 HTTP/1.1" 200 22
101.83.145.37 - - [22/Aug/2023:11:27:27 +0800] "GET /xingrg/all/function/internal_message.html?_=1692674646233&CODE_STATE=getMsg HTTP/1.1" 200 27
120.253.135.82 - - [22/Aug/2023:11:27:27 +0800] "GET /xingrg/all/function/internal_message.html?_=1692674661351&CODE_STATE=getMsg HTTP/1.1" 200 27
180.152.241.196 - - [22/Aug/2023:11:27:33 +0800] "GET /xingrg/all/function/internal_message.html?_=1692674861085&CODE_STATE=getMsg HTTP/1.1" 200 27
180.157.253.42 - - [22/Aug/2023:11:27:34 +0800] "GET /xingrg/all/function/internal_message.html?_=1692674854222&CODE_STATE=getMsg HTTP/1.1" 200 27
222.69.132.38 - - [22/Aug/2023:11:27:34 +0800] "GET /xingrg/all/function/internal_message.html?_=1692674992839&CODE_STATE=getMsg HTTP/1.1" 200 27
222.70.168.101 - - [22/Aug/2023:11:27:36 +0800] "GET /xingrg/all/function/internal_message.html?_=1692674888886&CODE_STATE=getMsg HTTP/1.1" 200 27
101.228.187.155 - - [22/Aug/2023:11:27:38 +0800] "GET /xingrg/all/function/internal_message.html?_=1692674858348&CODE_STATE=getMsg HTTP/1.1" 200 27
101.228.187.155 - - [22/Aug/2023:11:27:38 +0800] "GET /xingrg/check_reg.html?_=1692674858351 HTTP/1.1" 200 22
114.83.217.40 - - [22/Aug/2023:11:27:39 +0800] "GET /xingrg/all/function/internal_message.html?_=1692674859007&CODE_STATE=getMsg HTTP/1.1" 200 27
222.70.180.200 - - [22/Aug/2023:11:27:48 +0800] "POST /xingrg/kc/base/wldb_order_operate.html HTTP/1.1" 200 37
222.70.180.200 - - [22/Aug/2023:11:27:50 +0800] "POST /xingrg/kc/base/wldb_order_operate.html HTTP/1.1" 200 5687
222.70.180.200 - - [22/Aug/2023:11:27:50 +0800] "GET /xingrg/kc/base/wldb_order_info.html?code=422023082202347 HTTP/1.1" 200 30509
222.70.180.200 - - [22/Aug/2023:11:27:51 +0800] "GET /xingrg/javascript/easyui/themes/default/validatebox.css HTTP/1.1" 404 1104
114.83.217.40 - - [22/Aug/2023:11:27:51 +0800] "GET /xingrg/all/function/internal_message.html?_=1692674871746&CODE_STATE=getMsg HTTP/1.1" 200 27
222.67.237.86 - - [22/Aug/2023:11:27:51 +0800] "GET /xingrg/all/function/internal_message.html?_=1692674320380&CODE_STATE=getMsg HTTP/1.1" 200 27
222.70.180.200 - - [22/Aug/2023:11:27:51 +0800] "POST /xingrg/kc/base/wldb_order_operate.html HTTP/1.1" 200 5687
222.70.180.200 - - [22/Aug/2023:11:27:54 +0800] "GET /xingrg/kc/base/wldb_order_add.html HTTP/1.1" 200 30494
222.70.180.200 - - [22/Aug/2023:11:27:55 +0800] "POST /xingrg/kc/base/wldb_order_operate.html HTTP/1.1" 200 6806
222.70.180.200 - - [22/Aug/2023:11:27:55 +0800] "GET /xingrg/javascript/easyui/themes/default/validatebox.css HTTP/1.1" 404 1104
114.95.241.104 - - [22/Aug/2023:11:28:02 +0800] "GET /xingrg/all/function/internal_message.html?_=1692674790546&CODE_STATE=getMsg HTTP/1.1" 200 27
58.40.7.146 - - [22/Aug/2023:11:28:03 +0800] "GET /xingrg/all/function/internal_message.html?_=1692674883212&CODE_STATE=getMsg HTTP/1.1" 200 27
124.78.155.92 - - [22/Aug/2023:11:28:03 +0800] "GET /xingrg/all/function/internal_message.html?_=1692674882083&CODE_STATE=getMsg HTTP/1.1" 200 27
221.239.167.251 - - [22/Aug/2023:11:28:05 +0800] "GET /xingrg/all/function/internal_message.html?_=1692674885263&CODE_STATE=getMsg HTTP/1.1" 200 27
116.232.195.127 - - [22/Aug/2023:11:28:08 +0800] "GET /xingrg/all/function/internal_message.html?_=1692674805245&CODE_STATE=getMsg HTTP/1.1" 200 27
180.165.48.189 - - [22/Aug/2023:11:28:16 +0800] "GET /xingrg/all/function/internal_message.html?_=1692674896372&CODE_STATE=getMsg HTTP/1.1" 200 27
180.165.48.189 - - [22/Aug/2023:11:28:18 +0800] "GET /xingrg/check_reg.html?_=1692674898448 HTTP/1.1" 200 22
222.70.180.200 - - [22/Aug/2023:11:28:19 +0800] "GET /xingrg/kc/base/wldb_order_operate.html?command=get_materiel&rest_code=00111&base_code=0010306&code=00102002933 HTTP/1.1" 200 430
222.70.180.200 - - [22/Aug/2023:11:28:20 +0800] "GET /xingrg/all/function/internal_message.html?_=1692674899545&CODE_STATE=getMsg HTTP/1.1" 200 27
180.169.147.146 - - [22/Aug/2023:11:28:21 +0800] "GET /xingrg/check_reg.html?_=1692674900535 HTTP/1.1" 200 22
180.152.241.196 - - [22/Aug/2023:11:28:27 +0800] "GET /xingrg/all/function/internal_message.html?_=1692674906938&CODE_STATE=getMsg HTTP/1.1" 200 27
101.83.145.37 - - [22/Aug/2023:11:28:27 +0800] "GET /xingrg/all/function/internal_message.html?_=1692674706229&CODE_STATE=getMsg HTTP/1.1" 200 27
120.253.135.82 - - [22/Aug/2023:11:28:27 +0800] "GET /xingrg/all/function/internal_message.html?_=1692674721365&CODE_STATE=getMsg HTTP/1.1" 200 27
180.152.241.196 - - [22/Aug/2023:11:28:33 +0800] "GET /xingrg/all/function/internal_message.html?_=1692674921083&CODE_STATE=getMsg HTTP/1.1" 200 27
180.152.241.196 - - [22/Aug/2023:11:28:33 +0800] "GET /xingrg/check_reg.html?_=1692674921085 HTTP/1.1" 200 22
180.157.253.42 - - [22/Aug/2023:11:28:34 +0800] "GET /xingrg/all/function/internal_message.html?_=1692674914223&CODE_STATE=getMsg HTTP/1.1" 200 27
180.157.253.42 - - [22/Aug/2023:11:28:34 +0800] "GET /xingrg/check_reg.html?_=1692674914225 HTTP/1.1" 200 22
222.69.132.38 - - [22/Aug/2023:11:28:34 +0800] "GET /xingrg/all/function/internal_message.html?_=1692675052818&CODE_STATE=getMsg HTTP/1.1" 200 27
222.69.132.38 - - [22/Aug/2023:11:28:35 +0800] "GET /xingrg/check_reg.html?_=1692675053325 HTTP/1.1" 200 22
222.70.168.101 - - [22/Aug/2023:11:28:36 +0800] "GET /xingrg/all/function/internal_message.html?_=1692674948894&CODE_STATE=getMsg HTTP/1.1" 200 27
101.228.187.155 - - [22/Aug/2023:11:28:38 +0800] "GET /xingrg/all/function/internal_message.html?_=1692674918350&CODE_STATE=getMsg HTTP/1.1" 200 27
114.83.217.40 - - [22/Aug/2023:11:28:39 +0800] "GET /xingrg/all/function/internal_message.html?_=1692674919024&CODE_STATE=getMsg HTTP/1.1" 200 27
114.83.217.40 - - [22/Aug/2023:11:28:51 +0800] "GET /xingrg/all/function/internal_message.html?_=1692674931746&CODE_STATE=getMsg HTTP/1.1" 200 27
114.83.217.40 - - [22/Aug/2023:11:28:51 +0800] "GET /xingrg/check_reg.html?_=1692674931750 HTTP/1.1" 200 22
222.67.237.86 - - [22/Aug/2023:11:28:51 +0800] "GET /xingrg/all/function/internal_message.html?_=1692674380351&CODE_STATE=getMsg HTTP/1.1" 200 27
114.95.241.104 - - [22/Aug/2023:11:29:01 +0800] "GET /xingrg/check_reg.html?_=1692674849708 HTTP/1.1" 200 22
222.70.180.200 - - [22/Aug/2023:11:29:02 +0800] "POST /xingrg/kc/base/wldb_order_operate.html HTTP/1.1" 200 37
114.95.241.104 - - [22/Aug/2023:11:29:02 +0800] "GET /xingrg/all/function/internal_message.html?_=1692674850559&CODE_STATE=getMsg HTTP/1.1" 200 27
180.163.30.76 - - [22/Aug/2023:11:29:03 +0800] "GET /xingrg/all/function/internal_message.html?_=1692674882083&CODE_STATE=getMsg HTTP/1.1" 302 -
180.163.30.76 - - [22/Aug/2023:11:29:03 +0800] "GET /xingrg/login.html HTTP/1.1" 200 7641
58.40.7.146 - - [22/Aug/2023:11:29:03 +0800] "GET /xingrg/all/function/internal_message.html?_=1692674943212&CODE_STATE=getMsg HTTP/1.1" 200 27
124.78.155.92 - - [22/Aug/2023:11:29:03 +0800] "GET /xingrg/all/function/internal_message.html?_=1692674942083&CODE_STATE=getMsg HTTP/1.1" 200 27
222.70.180.200 - - [22/Aug/2023:11:29:03 +0800] "POST /xingrg/kc/base/wldb_order_operate.html HTTP/1.1" 200 2180
222.70.180.200 - - [22/Aug/2023:11:29:04 +0800] "GET /xingrg/kc/base/wldb_order_info.html?code=422023082202348 HTTP/1.1" 200 30508
222.70.180.200 - - [22/Aug/2023:11:29:04 +0800] "GET /xingrg/javascript/easyui/themes/default/validatebox.css HTTP/1.1" 404 1104
222.70.180.200 - - [22/Aug/2023:11:29:05 +0800] "POST /xingrg/kc/base/wldb_order_operate.html HTTP/1.1" 200 2180
221.239.167.251 - - [22/Aug/2023:11:29:05 +0800] "GET /xingrg/all/function/internal_message.html?_=1692674945281&CODE_STATE=getMsg HTTP/1.1" 200 27
222.70.180.200 - - [22/Aug/2023:11:29:08 +0800] "GET /xingrg/kc/base/wldb_order_add.html HTTP/1.1" 200 30494
116.232.195.127 - - [22/Aug/2023:11:29:08 +0800] "GET /xingrg/all/function/internal_message.html?_=1692674865230&CODE_STATE=getMsg HTTP/1.1" 200 27
222.70.180.200 - - [22/Aug/2023:11:29:08 +0800] "POST /xingrg/kc/base/wldb_order_operate.html HTTP/1.1" 200 6806
222.70.180.200 - - [22/Aug/2023:11:29:08 +0800] "GET /xingrg/javascript/easyui/themes/default/validatebox.css HTTP/1.1" 404 1104
180.165.48.189 - - [22/Aug/2023:11:29:16 +0800] "GET /xingrg/all/function/internal_message.html?_=1692674956371&CODE_STATE=getMsg HTTP/1.1" 200 27
222.70.180.200 - - [22/Aug/2023:11:29:20 +0800] "GET /xingrg/all/function/internal_message.html?_=1692674959533&CODE_STATE=getMsg HTTP/1.1" 200 27
222.70.180.200 - - [22/Aug/2023:11:29:20 +0800] "GET /xingrg/check_reg.html?_=1692674959652 HTTP/1.1" 200 22
180.152.241.196 - - [22/Aug/2023:11:29:27 +0800] "GET /xingrg/all/function/internal_message.html?_=1692674966911&CODE_STATE=getMsg HTTP/1.1" 200 27
101.83.145.37 - - [22/Aug/2023:11:29:27 +0800] "GET /xingrg/all/function/internal_message.html?_=1692674766236&CODE_STATE=getMsg HTTP/1.1" 200 27
101.83.145.37 - - [22/Aug/2023:11:29:27 +0800] "GET /xingrg/check_reg.html?_=1692674766240 HTTP/1.1" 200 22
120.253.135.82 - - [22/Aug/2023:11:29:27 +0800] "GET /xingrg/all/function/internal_message.html?_=1692674781448&CODE_STATE=getMsg HTTP/1.1" 200 27
180.152.241.196 - - [22/Aug/2023:11:29:33 +0800] "GET /xingrg/all/function/internal_message.html?_=1692674981097&CODE_STATE=getMsg HTTP/1.1" 200 27
180.157.253.42 - - [22/Aug/2023:11:29:34 +0800] "GET /xingrg/all/function/internal_message.html?_=1692674974236&CODE_STATE=getMsg HTTP/1.1" 200 27
222.69.132.38 - - [22/Aug/2023:11:29:34 +0800] "GET /xingrg/all/function/internal_message.html?_=1692675112798&CODE_STATE=getMsg HTTP/1.1" 200 27
180.169.147.146 - - [22/Aug/2023:11:29:34 +0800] "GET /xingrg/check_reg.html?_=1692674974702 HTTP/1.1" 200 22
222.70.168.101 - - [22/Aug/2023:11:29:37 +0800] "GET /xingrg/all/function/internal_message.html?_=1692675009163&CODE_STATE=getMsg HTTP/1.1" 200 27
101.228.187.155 - - [22/Aug/2023:11:29:38 +0800] "GET /xingrg/all/function/internal_message.html?_=1692674978374&CODE_STATE=getMsg HTTP/1.1" 200 27
114.83.217.40 - - [22/Aug/2023:11:29:39 +0800] "GET /xingrg/all/function/internal_message.html?_=1692674979016&CODE_STATE=getMsg HTTP/1.1" 200 27
114.83.217.40 - - [22/Aug/2023:11:29:51 +0800] "GET /xingrg/all/function/internal_message.html?_=1692674991751&CODE_STATE=getMsg HTTP/1.1" 200 27
222.67.237.86 - - [22/Aug/2023:11:29:51 +0800] "GET /xingrg/all/function/internal_message.html?_=1692674440332&CODE_STATE=getMsg HTTP/1.1" 200 27
222.70.180.200 - - [22/Aug/2023:11:29:52 +0800] "GET /xingrg/kc/base/wldb_order_operate.html?command=get_materiel&rest_code=00111&base_code=0010283&code=00101019965 HTTP/1.1" 200 436
222.67.237.86 - - [22/Aug/2023:11:29:52 +0800] "GET /xingrg/check_reg.html?_=1692674441150 HTTP/1.1" 200 22
222.70.168.101 - - [22/Aug/2023:11:29:53 +0800] "GET /xingrg/check_reg.html?_=1692675025592 HTTP/1.1" 200 22
124.78.155.92 - - [22/Aug/2023:11:30:01 +0800] "GET /xingrg/check_reg.html?_=1692675000286 HTTP/1.1" 200 22
114.95.241.104 - - [22/Aug/2023:11:30:02 +0800] "GET /xingrg/all/function/internal_message.html?_=1692674910572&CODE_STATE=getMsg HTTP/1.1" 200 27
58.40.7.146 - - [22/Aug/2023:11:30:03 +0800] "GET /xingrg/all/function/internal_message.html?_=1692675003214&CODE_STATE=getMsg HTTP/1.1" 200 27
124.78.155.92 - - [22/Aug/2023:11:30:03 +0800] "GET /xingrg/all/function/internal_message.html?_=1692675002067&CODE_STATE=getMsg HTTP/1.1" 200 27
221.239.167.251 - - [22/Aug/2023:11:30:05 +0800] "GET /xingrg/all/function/internal_message.html?_=1692675005256&CODE_STATE=getMsg HTTP/1.1" 200 27
116.232.195.127 - - [22/Aug/2023:11:30:08 +0800] "GET /xingrg/all/function/internal_message.html?_=1692674925246&CODE_STATE=getMsg HTTP/1.1" 200 27
221.239.167.251 - - [22/Aug/2023:11:30:14 +0800] "GET /xingrg/check_reg.html?_=1692675014115 HTTP/1.1" 200 22
180.165.48.189 - - [22/Aug/2023:11:30:16 +0800] "GET /xingrg/all/function/internal_message.html?_=1692675016344&CODE_STATE=getMsg HTTP/1.1" 200 27
222.70.180.200 - - [22/Aug/2023:11:30:20 +0800] "GET /xingrg/all/function/internal_message.html?_=1692675019508&CODE_STATE=getMsg HTTP/1.1" 200 27
222.70.180.200 - - [22/Aug/2023:11:30:22 +0800] "GET /xingrg/kc/base/wldb_order_operate.html?command=get_materiel&rest_code=00111&base_code=0010283&code=00101013188 HTTP/1.1" 200 433
180.152.241.196 - - [22/Aug/2023:11:30:27 +0800] "GET /xingrg/all/function/internal_message.html?_=1692675026883&CODE_STATE=getMsg HTTP/1.1" 200 27
101.83.145.37 - - [22/Aug/2023:11:30:27 +0800] "GET /xingrg/all/function/internal_message.html?_=1692674826233&CODE_STATE=getMsg HTTP/1.1" 200 27
120.253.135.82 - - [22/Aug/2023:11:30:27 +0800] "GET /xingrg/all/function/internal_message.html?_=1692674841454&CODE_STATE=getMsg HTTP/1.1" 200 27
180.152.241.196 - - [22/Aug/2023:11:30:33 +0800] "GET /xingrg/all/function/internal_message.html?_=1692675041094&CODE_STATE=getMsg HTTP/1.1" 200 27
180.152.241.196 - - [22/Aug/2023:11:30:33 +0800] "GET /xingrg/check_reg.html?_=1692675035611 HTTP/1.1" 302 -
180.157.253.42 - - [22/Aug/2023:11:30:34 +0800] "GET /xingrg/all/function/internal_message.html?_=1692675034251&CODE_STATE=getMsg HTTP/1.1" 200 27
222.69.132.38 - - [22/Aug/2023:11:30:34 +0800] "GET /xingrg/all/function/internal_message.html?_=1692675172782&CODE_STATE=getMsg HTTP/1.1" 200 27
116.232.33.21 - - [22/Aug/2023:11:30:35 +0800] "POST /xingrg/services/DataTransmitService HTTP/1.1" 200 524
116.232.33.21 - - [22/Aug/2023:11:30:36 +0800] "POST /xingrg/services/DataTransmitService HTTP/1.1" 200 501
222.70.168.101 - - [22/Aug/2023:11:30:37 +0800] "GET /xingrg/all/function/internal_message.html?_=1692675069171&CODE_STATE=getMsg HTTP/1.1" 200 27
101.228.187.155 - - [22/Aug/2023:11:30:38 +0800] "GET /xingrg/all/function/internal_message.html?_=1692675038389&CODE_STATE=getMsg HTTP/1.1" 200 27
114.83.217.40 - - [22/Aug/2023:11:30:39 +0800] "GET /xingrg/all/function/internal_message.html?_=1692675039025&CODE_STATE=getMsg HTTP/1.1" 200 27
114.83.217.40 - - [22/Aug/2023:11:30:39 +0800] "GET /xingrg/check_reg.html?_=1692675039028 HTTP/1.1" 200 22
222.70.180.200 - - [22/Aug/2023:11:30:43 +0800] "GET /xingrg/kc/base/wldb_order_operate.html?command=get_materiel&rest_code=00111&base_code=0010283&code=00101013018 HTTP/1.1" 200 430
114.83.217.40 - - [22/Aug/2023:11:30:51 +0800] "GET /xingrg/all/function/internal_message.html?_=1692675051750&CODE_STATE=getMsg HTTP/1.1" 200 27
222.67.237.86 - - [22/Aug/2023:11:30:51 +0800] "GET /xingrg/all/function/internal_message.html?_=1692674500305&CODE_STATE=getMsg HTTP/1.1" 200 27
114.95.241.104 - - [22/Aug/2023:11:31:02 +0800] "GET /xingrg/all/function/internal_message.html?_=1692674970586&CODE_STATE=getMsg HTTP/1.1" 200 27
124.78.155.92 - - [22/Aug/2023:11:31:03 +0800] "GET /xingrg/all/function/internal_message.html?_=1692675062053&CODE_STATE=getMsg HTTP/1.1" 200 27
58.40.7.146 - - [22/Aug/2023:11:31:03 +0800] "GET /xingrg/all/function/internal_message.html?_=1692675063216&CODE_STATE=getMsg HTTP/1.1" 200 27
58.40.7.146 - - [22/Aug/2023:11:31:03 +0800] "GET /xingrg/check_reg.html?_=1692675063218 HTTP/1.1" 200 22
222.70.180.200 - - [22/Aug/2023:11:31:03 +0800] "GET /xingrg/kc/base/wldb_order_operate.html?command=get_materiel&rest_code=00111&base_code=0010283&code=00101013012 HTTP/1.1" 200 430
221.239.167.251 - - [22/Aug/2023:11:31:05 +0800] "GET /xingrg/all/function/internal_message.html?_=1692675065250&CODE_STATE=getMsg HTTP/1.1" 200 27
116.232.195.127 - - [22/Aug/2023:11:31:08 +0800] "GET /xingrg/all/function/internal_message.html?_=1692674985236&CODE_STATE=getMsg HTTP/1.1" 200 27
180.165.48.189 - - [22/Aug/2023:11:31:16 +0800] "GET /xingrg/all/function/internal_message.html?_=1692675076314&CODE_STATE=getMsg HTTP/1.1" 200 27
222.70.180.200 - - [22/Aug/2023:11:31:19 +0800] "GET /xingrg/all/function/internal_message.html?_=1692675079484&CODE_STATE=getMsg HTTP/1.1" 200 27
222.70.180.200 - - [22/Aug/2023:11:31:24 +0800] "GET /xingrg/kc/base/wldb_order_operate.html?command=get_materiel&rest_code=00111&base_code=0010283&code=00101019976 HTTP/1.1" 200 430
120.253.135.82 - - [22/Aug/2023:11:31:25 +0800] "GET /xingrg/check_reg.html?_=1692674899222 HTTP/1.1" 200 22
180.152.241.196 - - [22/Aug/2023:11:31:27 +0800] "GET /xingrg/all/function/internal_message.html?_=1692675086867&CODE_STATE=getMsg HTTP/1.1" 200 27
101.83.145.37 - - [22/Aug/2023:11:31:27 +0800] "GET /xingrg/all/function/internal_message.html?_=1692674886231&CODE_STATE=getMsg HTTP/1.1" 200 27
120.253.135.82 - - [22/Aug/2023:11:31:27 +0800] "GET /xingrg/all/function/internal_message.html?_=1692674901468&CODE_STATE=getMsg HTTP/1.1" 200 27
180.152.241.196 - - [22/Aug/2023:11:31:33 +0800] "GET /xingrg/all/function/internal_message.html?_=1692675101092&CODE_STATE=getMsg HTTP/1.1" 200 27
180.157.253.42 - - [22/Aug/2023:11:31:34 +0800] "GET /xingrg/all/function/internal_message.html?_=1692675094251&CODE_STATE=getMsg HTTP/1.1" 200 27
222.69.132.38 - - [22/Aug/2023:11:31:34 +0800] "GET /xingrg/all/function/internal_message.html?_=1692675232758&CODE_STATE=getMsg HTTP/1.1" 200 27
222.70.168.101 - - [22/Aug/2023:11:31:37 +0800] "GET /xingrg/all/function/internal_message.html?_=1692675129185&CODE_STATE=getMsg HTTP/1.1" 200 27
101.228.187.155 - - [22/Aug/2023:11:31:38 +0800] "GET /xingrg/all/function/internal_message.html?_=1692675098374&CODE_STATE=getMsg HTTP/1.1" 200 27
114.83.217.40 - - [22/Aug/2023:11:31:39 +0800] "GET /xingrg/all/function/internal_message.html?_=1692675099025&CODE_STATE=getMsg HTTP/1.1" 200 27
114.83.217.40 - - [22/Aug/2023:11:31:51 +0800] "GET /xingrg/all/function/internal_message.html?_=1692675111753&CODE_STATE=getMsg HTTP/1.1" 200 27
222.67.237.86 - - [22/Aug/2023:11:31:51 +0800] "GET /xingrg/all/function/internal_message.html?_=1692674560275&CODE_STATE=getMsg HTTP/1.1" 200 27
114.95.241.104 - - [22/Aug/2023:11:32:02 +0800] "GET /xingrg/all/function/internal_message.html?_=1692675030617&CODE_STATE=getMsg HTTP/1.1" 200 27
124.78.155.92 - - [22/Aug/2023:11:32:03 +0800] "GET /xingrg/all/function/internal_message.html?_=1692675122024&CODE_STATE=getMsg HTTP/1.1" 200 27
58.40.7.146 - - [22/Aug/2023:11:32:03 +0800] "GET /xingrg/all/function/internal_message.html?_=1692675123220&CODE_STATE=getMsg HTTP/1.1" 200 27
221.239.167.251 - - [22/Aug/2023:11:32:05 +0800] "GET /xingrg/all/function/internal_message.html?_=1692675125223&CODE_STATE=getMsg HTTP/1.1" 200 27
116.232.195.127 - - [22/Aug/2023:11:32:08 +0800] "GET /xingrg/check_reg.html?_=1692675045257 HTTP/1.1" 200 22
116.232.195.127 - - [22/Aug/2023:11:32:08 +0800] "GET /xingrg/all/function/internal_message.html?_=1692675045251&CODE_STATE=getMsg HTTP/1.1" 200 27
222.70.180.200 - - [22/Aug/2023:11:32:11 +0800] "GET /xingrg/kc/base/wldb_order_operate.html?command=get_materiel&rest_code=00111&base_code=0010283&code=00101019656 HTTP/1.1" 200 447
180.165.48.189 - - [22/Aug/2023:11:32:16 +0800] "GET /xingrg/all/function/internal_message.html?_=1692675136287&CODE_STATE=getMsg HTTP/1.1" 200 27
222.70.180.200 - - [22/Aug/2023:11:32:19 +0800] "GET /xingrg/all/function/internal_message.html?_=1692675139464&CODE_STATE=getMsg HTTP/1.1" 200 27
222.70.180.200 - - [22/Aug/2023:11:32:24 +0800] "GET /xingrg/kc/base/wldb_order_operate.html?command=get_materiel&rest_code=00111&base_code=0010283&code=00101013154 HTTP/1.1" 200 459
180.152.241.196 - - [22/Aug/2023:11:32:26 +0800] "GET /xingrg/all/function/internal_message.html?_=1692675146841&CODE_STATE=getMsg HTTP/1.1" 200 27
180.152.241.196 - - [22/Aug/2023:11:32:27 +0800] "GET /xingrg/check_reg.html?_=1692675147493 HTTP/1.1" 200 22
101.83.145.37 - - [22/Aug/2023:11:32:27 +0800] "GET /xingrg/all/function/internal_message.html?_=1692674946236&CODE_STATE=getMsg HTTP/1.1" 200 27
120.253.135.82 - - [22/Aug/2023:11:32:27 +0800] "GET /xingrg/all/function/internal_message.html?_=1692674961481&CODE_STATE=getMsg HTTP/1.1" 200 27
180.152.241.196 - - [22/Aug/2023:11:32:33 +0800] "GET /xingrg/all/function/internal_message.html?_=1692675161091&CODE_STATE=getMsg HTTP/1.1" 200 27
180.157.253.42 - - [22/Aug/2023:11:32:34 +0800] "GET /xingrg/all/function/internal_message.html?_=1692675154252&CODE_STATE=getMsg HTTP/1.1" 200 27
222.69.132.38 - - [22/Aug/2023:11:32:34 +0800] "GET /xingrg/all/function/internal_message.html?_=1692675292741&CODE_STATE=getMsg HTTP/1.1" 200 27
222.70.168.101 - - [22/Aug/2023:11:32:37 +0800] "GET /xingrg/all/function/internal_message.html?_=1692675189400&CODE_STATE=getMsg HTTP/1.1" 200 27
101.228.187.155 - - [22/Aug/2023:11:32:38 +0800] "GET /xingrg/all/function/internal_message.html?_=1692675158374&CODE_STATE=getMsg HTTP/1.1" 200 27
101.228.187.155 - - [22/Aug/2023:11:32:38 +0800] "GET /xingrg/check_reg.html?_=1692675158377 HTTP/1.1" 200 22
114.83.217.40 - - [22/Aug/2023:11:32:39 +0800] "GET /xingrg/all/function/internal_message.html?_=1692675159027&CODE_STATE=getMsg HTTP/1.1" 200 27
114.83.217.40 - - [22/Aug/2023:11:32:51 +0800] "GET /xingrg/all/function/internal_message.html?_=1692675171764&CODE_STATE=getMsg HTTP/1.1" 200 27
222.67.237.86 - - [22/Aug/2023:11:32:51 +0800] "GET /xingrg/all/function/internal_message.html?_=1692674620242&CODE_STATE=getMsg HTTP/1.1" 200 27
114.95.241.104 - - [22/Aug/2023:11:33:02 +0800] "GET /xingrg/all/function/internal_message.html?_=1692675090629&CODE_STATE=getMsg HTTP/1.1" 200 27
124.78.155.92 - - [22/Aug/2023:11:33:03 +0800] "GET /xingrg/all/function/internal_message.html?_=1692675181999&CODE_STATE=getMsg HTTP/1.1" 200 27
58.40.7.146 - - [22/Aug/2023:11:33:03 +0800] "GET /xingrg/all/function/internal_message.html?_=1692675183250&CODE_STATE=getMsg HTTP/1.1" 200 27
221.239.167.251 - - [22/Aug/2023:11:33:05 +0800] "GET /xingrg/all/function/internal_message.html?_=1692675185205&CODE_STATE=getMsg HTTP/1.1" 200 27
116.232.195.127 - - [22/Aug/2023:11:33:08 +0800] "GET /xingrg/all/function/internal_message.html?_=1692675105241&CODE_STATE=getMsg HTTP/1.1" 200 27
180.165.48.189 - - [22/Aug/2023:11:33:16 +0800] "GET /xingrg/all/function/internal_message.html?_=1692675196263&CODE_STATE=getMsg HTTP/1.1" 200 27
180.165.48.189 - - [22/Aug/2023:11:33:18 +0800] "GET /xingrg/check_reg.html?_=1692675198428 HTTP/1.1" 200 22
222.70.180.200 - - [22/Aug/2023:11:33:19 +0800] "GET /xingrg/all/function/internal_message.html?_=1692675199433&CODE_STATE=getMsg HTTP/1.1" 200 27
180.169.147.146 - - [22/Aug/2023:11:33:21 +0800] "GET /xingrg/check_reg.html?_=1692675200510 HTTP/1.1" 200 22
180.152.241.196 - - [22/Aug/2023:11:33:26 +0800] "GET /xingrg/all/function/internal_message.html?_=1692675206829&CODE_STATE=getMsg HTTP/1.1" 200 27
101.83.145.37 - - [22/Aug/2023:11:33:27 +0800] "GET /xingrg/all/function/internal_message.html?_=1692675006234&CODE_STATE=getMsg HTTP/1.1" 200 27
120.253.135.82 - - [22/Aug/2023:11:33:27 +0800] "GET /xingrg/all/function/internal_message.html?_=1692675021495&CODE_STATE=getMsg HTTP/1.1" 200 27
180.152.241.196 - - [22/Aug/2023:11:33:33 +0800] "GET /xingrg/check_reg.html?_=1692675221088 HTTP/1.1" 200 22
180.152.241.196 - - [22/Aug/2023:11:33:33 +0800] "GET /xingrg/all/function/internal_message.html?_=1692675221090&CODE_STATE=getMsg HTTP/1.1" 200 27
180.157.253.42 - - [22/Aug/2023:11:33:34 +0800] "GET /xingrg/check_reg.html?_=1692675214252 HTTP/1.1" 200 22
180.157.253.42 - - [22/Aug/2023:11:33:34 +0800] "GET /xingrg/all/function/internal_message.html?_=1692675214254&CODE_STATE=getMsg HTTP/1.1" 200 27
222.69.132.38 - - [22/Aug/2023:11:33:34 +0800] "GET /xingrg/all/function/internal_message.html?_=1692675352738&CODE_STATE=getMsg HTTP/1.1" 200 27
222.69.132.38 - - [22/Aug/2023:11:33:35 +0800] "GET /xingrg/check_reg.html?_=1692675353306 HTTP/1.1" 200 22
222.70.168.101 - - [22/Aug/2023:11:33:37 +0800] "GET /xingrg/all/function/internal_message.html?_=1692675249414&CODE_STATE=getMsg HTTP/1.1" 200 27
