222.70.180.200 - - [22/Aug/2023:09:15:35 +0800] "GET /xingrg/kc/buy/cgsh_order_operate.html?command=get_materiel&rest_code=00111&code=00101008353&supplier_code=00100005&order_time=2023-08-22 HTTP/1.1" 200 408
222.69.132.38 - - [22/Aug/2023:09:15:35 +0800] "GET /xingrg/all/function/internal_message.html?_=1692667073412&CODE_STATE=getMsg HTTP/1.1" 200 27
101.228.187.155 - - [22/Aug/2023:09:15:38 +0800] "GET /xingrg/all/function/internal_message.html?_=1692666938174&CODE_STATE=getMsg HTTP/1.1" 200 27
101.83.145.37 - - [22/Aug/2023:09:15:43 +0800] "GET /xingrg/check_reg.html?_=1692666741734 HTTP/1.1" 200 22
101.83.145.37 - - [22/Aug/2023:09:15:43 +0800] "GET /xingrg/all/function/internal_message.html?_=1692666741738&CODE_STATE=getMsg HTTP/1.1" 200 27
114.83.217.40 - - [22/Aug/2023:09:15:43 +0800] "GET /xingrg/all/function/internal_message.html?_=1692666943876&CODE_STATE=getMsg HTTP/1.1" 200 27
101.83.145.37 - - [22/Aug/2023:09:15:45 +0800] "POST /xingrg/kc/buy/cgsh_order_operate.html HTTP/1.1" 200 37
222.70.180.200 - - [22/Aug/2023:09:15:46 +0800] "GET /xingrg/all/function/internal_message.html?_=1692666946242&CODE_STATE=getMsg HTTP/1.1" 200 27
114.95.241.104 - - [22/Aug/2023:09:15:46 +0800] "GET /xingrg/kc/buy/cgsh_order_operate.html?command=get_materiel&rest_code=00150&code=00101008095&supplier_code=00100008&order_time=2023-08-22 HTTP/1.1" 200 412
222.70.168.101 - - [22/Aug/2023:09:15:46 +0800] "GET /xingrg/all/function/internal_message.html?_=1692666978120&CODE_STATE=getMsg HTTP/1.1" 200 27
101.83.145.37 - - [22/Aug/2023:09:15:48 +0800] "POST /xingrg/kc/buy/cgsh_order_operate.html HTTP/1.1" 200 24513
180.165.48.189 - - [22/Aug/2023:09:15:48 +0800] "GET /xingrg/kc/buy/cgsh_order_operate.html?command=get_materiel&rest_code=00108&code=00101016030&supplier_code=00100012&order_time=2023-08-22 HTTP/1.1" 200 412
180.163.28.114 - - [22/Aug/2023:09:15:52 +0800] "GET /xingrg/all/function/internal_message.html?_=1692666891143&CODE_STATE=getMsg HTTP/1.1" 302 -
180.163.28.114 - - [22/Aug/2023:09:15:52 +0800] "GET /xingrg/login.html HTTP/1.1" 200 7641
124.78.155.92 - - [22/Aug/2023:09:15:52 +0800] "GET /xingrg/all/function/internal_message.html?_=1692666951118&CODE_STATE=getMsg HTTP/1.1" 200 27
120.253.135.82 - - [22/Aug/2023:09:15:52 +0800] "GET /xingrg/all/function/internal_message.html?_=1692667093200&CODE_STATE=getMsg HTTP/1.1" 302 -
120.253.135.82 - - [22/Aug/2023:09:15:52 +0800] "GET /xingrg/login.html HTTP/1.1" 200 7641
120.253.135.82 - - [22/Aug/2023:09:15:54 +0800] "GET /xingrg/all/function/internal_message.html?_=1692666768091&CODE_STATE=getMsg HTTP/1.1" 200 27
114.95.241.104 - - [22/Aug/2023:09:15:54 +0800] "GET /xingrg/all/function/internal_message.html?_=1692666862418&CODE_STATE=getMsg HTTP/1.1" 200 27
114.95.241.104 - - [22/Aug/2023:09:16:06 +0800] "POST /xingrg/kc/buy/cgsh_order_operate.html HTTP/1.1" 200 37
221.239.167.251 - - [22/Aug/2023:09:16:07 +0800] "GET /xingrg/all/function/internal_message.html?_=1692666967295&CODE_STATE=getMsg HTTP/1.1" 200 27
116.232.195.127 - - [22/Aug/2023:09:16:08 +0800] "GET /xingrg/all/function/internal_message.html?_=1692666885257&CODE_STATE=getMsg HTTP/1.1" 200 27
222.70.180.200 - - [22/Aug/2023:09:16:09 +0800] "GET /xingrg/kc/buy/cgsh_order_operate.html?command=get_materiel&rest_code=00111&code=00101008291&supplier_code=00100005&order_time=2023-08-22 HTTP/1.1" 200 23
114.95.241.104 - - [22/Aug/2023:09:16:10 +0800] "POST /xingrg/kc/buy/cgsh_order_operate.html HTTP/1.1" 200 28696
180.152.241.196 - - [22/Aug/2023:09:16:15 +0800] "GET /xingrg/all/function/internal_message.html?_=1692666974997&CODE_STATE=getMsg HTTP/1.1" 302 -
114.95.241.104 - - [22/Aug/2023:09:16:17 +0800] "GET /xingrg/kc/buy/cgsh_order_operate.html?command=get_materiel&rest_code=00150&code=00101008283&supplier_code=00100008&order_time=2023-08-22 HTTP/1.1" 200 408
114.95.241.104 - - [22/Aug/2023:09:16:18 +0800] "GET /xingrg/all/function/internal_message.html?_=1692666978176&CODE_STATE=getMsg HTTP/1.1" 200 27
180.165.48.189 - - [22/Aug/2023:09:16:18 +0800] "GET /xingrg/all/function/internal_message.html?_=1692666977170&CODE_STATE=getMsg HTTP/1.1" 200 27
180.165.48.189 - - [22/Aug/2023:09:16:19 +0800] "GET /xingrg/kc/buy/cgsh_order_operate.html?command=get_materiel&rest_code=00108&code=00101011005&supplier_code=00100012&order_time=2023-08-22 HTTP/1.1" 200 408
114.95.241.104 - - [22/Aug/2023:09:16:25 +0800] "POST /xingrg/kc/buy/cgsh_order_operate.html HTTP/1.1" 200 37
114.95.241.104 - - [22/Aug/2023:09:16:28 +0800] "POST /xingrg/kc/buy/cgsh_order_operate.html HTTP/1.1" 200 29283
222.69.132.38 - - [22/Aug/2023:09:16:35 +0800] "GET /xingrg/all/function/internal_message.html?_=1692667133421&CODE_STATE=getMsg HTTP/1.1" 200 27
101.228.187.155 - - [22/Aug/2023:09:16:38 +0800] "GET /xingrg/all/function/internal_message.html?_=1692666998174&CODE_STATE=getMsg HTTP/1.1" 200 27
101.83.145.37 - - [22/Aug/2023:09:16:43 +0800] "GET /xingrg/all/function/internal_message.html?_=1692666801733&CODE_STATE=getMsg HTTP/1.1" 200 27
114.83.217.40 - - [22/Aug/2023:09:16:43 +0800] "GET /xingrg/all/function/internal_message.html?_=1692667003862&CODE_STATE=getMsg HTTP/1.1" 200 27
222.70.180.200 - - [22/Aug/2023:09:16:46 +0800] "GET /xingrg/all/function/internal_message.html?_=1692667006239&CODE_STATE=getMsg HTTP/1.1" 200 27
222.70.168.101 - - [22/Aug/2023:09:16:46 +0800] "GET /xingrg/all/function/internal_message.html?_=1692667038132&CODE_STATE=getMsg HTTP/1.1" 200 27
124.78.155.92 - - [22/Aug/2023:09:16:52 +0800] "GET /xingrg/all/function/internal_message.html?_=1692667011102&CODE_STATE=getMsg HTTP/1.1" 200 27
120.253.135.82 - - [22/Aug/2023:09:16:52 +0800] "GET /xingrg/all/function/internal_message.html?_=1692667153240&CODE_STATE=getMsg HTTP/1.1" 302 -
120.253.135.82 - - [22/Aug/2023:09:16:52 +0800] "GET /xingrg/login.html HTTP/1.1" 200 7641
180.165.48.189 - - [22/Aug/2023:09:16:53 +0800] "POST /xingrg/kc/buy/cgsh_order_operate.html HTTP/1.1" 200 37
114.95.241.104 - - [22/Aug/2023:09:16:54 +0800] "GET /xingrg/check_reg.html?_=1692666922404 HTTP/1.1" 200 22
114.95.241.104 - - [22/Aug/2023:09:16:54 +0800] "GET /xingrg/all/function/internal_message.html?_=1692666922432&CODE_STATE=getMsg HTTP/1.1" 200 27
120.253.135.82 - - [22/Aug/2023:09:16:54 +0800] "GET /xingrg/all/function/internal_message.html?_=1692666828187&CODE_STATE=getMsg HTTP/1.1" 200 27
180.165.48.189 - - [22/Aug/2023:09:16:56 +0800] "POST /xingrg/kc/buy/cgsh_order_operate.html HTTP/1.1" 200 3837
222.70.180.200 - - [22/Aug/2023:09:16:56 +0800] "POST /xingrg/kc/buy/cgsh_order_operate.html HTTP/1.1" 200 88
180.165.48.189 - - [22/Aug/2023:09:16:57 +0800] "GET /xingrg/kc/print/load_config.html?kc_code=cgsh HTTP/1.1" 200 1924
180.165.48.189 - - [22/Aug/2023:09:16:58 +0800] "GET /xingrg/kc/print/load_data.html?order_code=212023082208850&kc_code=cgsh&condition= HTTP/1.1" 200 1214
221.239.167.251 - - [22/Aug/2023:09:17:07 +0800] "GET /xingrg/all/function/internal_message.html?_=1692667027272&CODE_STATE=getMsg HTTP/1.1" 200 27
116.232.195.127 - - [22/Aug/2023:09:17:08 +0800] "GET /xingrg/check_reg.html?_=1692666945234 HTTP/1.1" 200 22
116.232.195.127 - - [22/Aug/2023:09:17:08 +0800] "GET /xingrg/all/function/internal_message.html?_=1692666945236&CODE_STATE=getMsg HTTP/1.1" 200 27
222.70.180.200 - - [22/Aug/2023:09:17:09 +0800] "POST /xingrg/kc/buy/cgsh_order_operate.html HTTP/1.1" 200 37
180.165.48.189 - - [22/Aug/2023:09:17:10 +0800] "GET /xingrg/kc/buy/cgsh_order_add.html HTTP/1.1" 200 72056
180.165.48.189 - - [22/Aug/2023:09:17:11 +0800] "POST /xingrg/kc/buy/cgsh_order_operate.html HTTP/1.1" 200 8245
180.165.48.189 - - [22/Aug/2023:09:17:11 +0800] "GET /xingrg/javascript/easyui/themes/default/validatebox.css HTTP/1.1" 404 1104
222.70.180.200 - - [22/Aug/2023:09:17:13 +0800] "POST /xingrg/kc/buy/cgsh_order_operate.html HTTP/1.1" 200 17436
180.152.241.196 - - [22/Aug/2023:09:17:15 +0800] "GET /xingrg/all/function/internal_message.html?_=1692667034997&CODE_STATE=getMsg HTTP/1.1" 302 -
114.95.241.104 - - [22/Aug/2023:09:17:18 +0800] "GET /xingrg/all/function/internal_message.html?_=1692667038177&CODE_STATE=getMsg HTTP/1.1" 200 27
180.165.48.189 - - [22/Aug/2023:09:17:18 +0800] "GET /xingrg/all/function/internal_message.html?_=1692667037185&CODE_STATE=getMsg HTTP/1.1" 200 27
180.165.48.189 - - [22/Aug/2023:09:17:27 +0800] "GET /xingrg/javascript/jquery_easy_ui/themes/default/images/tabs_active.png HTTP/1.1" 304 -
101.83.145.37 - - [22/Aug/2023:09:17:34 +0800] "GET /xingrg/kc/buy/cgsh_order_operate.html?command=get_materiel&rest_code=00105&code=00101008350&supplier_code=00100203&order_time=2023-08-22 HTTP/1.1" 200 408
222.69.132.38 - - [22/Aug/2023:09:17:35 +0800] "GET /xingrg/all/function/internal_message.html?_=1692667193415&CODE_STATE=getMsg HTTP/1.1" 200 27
180.165.48.189 - - [22/Aug/2023:09:17:37 +0800] "GET /xingrg/kc/buy/cgsh_order_operate.html?command=get_materiel&rest_code=00108&code=00101001075&supplier_code=00100012&order_time=2023-08-22 HTTP/1.1" 200 409
101.228.187.155 - - [22/Aug/2023:09:17:38 +0800] "GET /xingrg/check_reg.html?_=1692667058174 HTTP/1.1" 200 22
101.228.187.155 - - [22/Aug/2023:09:17:38 +0800] "GET /xingrg/all/function/internal_message.html?_=1692667058177&CODE_STATE=getMsg HTTP/1.1" 200 27
101.83.145.37 - - [22/Aug/2023:09:17:43 +0800] "GET /xingrg/all/function/internal_message.html?_=1692666861849&CODE_STATE=getMsg HTTP/1.1" 200 27
114.83.217.40 - - [22/Aug/2023:09:17:43 +0800] "GET /xingrg/all/function/internal_message.html?_=1692667063866&CODE_STATE=getMsg HTTP/1.1" 200 27
120.253.135.82 - - [22/Aug/2023:09:17:44 +0800] "GET /xingrg/check_reg.html?_=1692666878430 HTTP/1.1" 200 22
222.70.180.200 - - [22/Aug/2023:09:17:46 +0800] "GET /xingrg/all/function/internal_message.html?_=1692667066235&CODE_STATE=getMsg HTTP/1.1" 200 27
222.70.168.101 - - [22/Aug/2023:09:17:46 +0800] "GET /xingrg/all/function/internal_message.html?_=1692667098267&CODE_STATE=getMsg HTTP/1.1" 200 27
124.78.155.92 - - [22/Aug/2023:09:17:52 +0800] "GET /xingrg/all/function/internal_message.html?_=1692667071076&CODE_STATE=getMsg HTTP/1.1" 200 27
120.253.135.82 - - [22/Aug/2023:09:17:52 +0800] "GET /xingrg/all/function/internal_message.html?_=1692667213198&CODE_STATE=getMsg HTTP/1.1" 302 -
120.253.135.82 - - [22/Aug/2023:09:17:52 +0800] "GET /xingrg/check_reg.html?_=1692667213201 HTTP/1.1" 302 -
120.253.135.82 - - [22/Aug/2023:09:17:52 +0800] "GET /xingrg/login.html HTTP/1.1" 200 7641
120.253.135.82 - - [22/Aug/2023:09:17:52 +0800] "GET /xingrg/login.html HTTP/1.1" 200 7641
114.95.241.104 - - [22/Aug/2023:09:17:54 +0800] "GET /xingrg/all/function/internal_message.html?_=1692666982461&CODE_STATE=getMsg HTTP/1.1" 200 27
120.253.135.82 - - [22/Aug/2023:09:17:54 +0800] "GET /xingrg/all/function/internal_message.html?_=1692666888196&CODE_STATE=getMsg HTTP/1.1" 200 27
222.70.180.200 - - [22/Aug/2023:09:17:57 +0800] "GET /xingrg/kc/buy/cgsh_order_add.html HTTP/1.1" 200 71914
222.70.180.200 - - [22/Aug/2023:09:17:57 +0800] "POST /xingrg/kc/buy/cgsh_order_operate.html HTTP/1.1" 200 8245
222.70.180.200 - - [22/Aug/2023:09:17:57 +0800] "GET /xingrg/javascript/easyui/themes/default/validatebox.css HTTP/1.1" 404 1104
222.67.237.86 - - [22/Aug/2023:09:18:00 +0800] "GET /xingrg/check_reg.html?_=1692666528449 HTTP/1.1" 302 -
222.67.237.86 - - [22/Aug/2023:09:18:00 +0800] "GET /xingrg/login.html HTTP/1.1" 200 7641
221.239.167.251 - - [22/Aug/2023:09:18:07 +0800] "GET /xingrg/all/function/internal_message.html?_=1692667087248&CODE_STATE=getMsg HTTP/1.1" 200 27
116.232.195.127 - - [22/Aug/2023:09:18:08 +0800] "GET /xingrg/all/function/internal_message.html?_=1692667005249&CODE_STATE=getMsg HTTP/1.1" 200 27
180.165.48.189 - - [22/Aug/2023:09:18:10 +0800] "GET /xingrg/kc/buy/cgsh_order_operate.html?command=get_materiel&rest_code=00108&code=00101006240&supplier_code=00100012&order_time=2023-08-22 HTTP/1.1" 200 422
222.70.180.200 - - [22/Aug/2023:09:18:10 +0800] "GET /xingrg/kc/buy/buy_main.html HTTP/1.1" 200 12412
222.70.180.200 - - [22/Aug/2023:09:18:10 +0800] "GET /xingrg/css/new_ie.css HTTP/1.1" 404 1036
114.83.217.40 - - [22/Aug/2023:09:18:10 +0800] "GET /xingrg/kc/buy/cgsh_order_list.html HTTP/1.1" 200 56188
222.70.180.200 - - [22/Aug/2023:09:18:11 +0800] "POST /xingrg/kc/buy/cgsh_list_operate.html HTTP/1.1" 200 2678
222.70.180.200 - - [22/Aug/2023:09:18:11 +0800] "GET /xingrg/images/yd/bt.gif HTTP/1.1" 404 1040
222.70.180.200 - - [22/Aug/2023:09:18:12 +0800] "GET /xingrg/kc/buy/cgsh_order_list.html HTTP/1.1" 200 56182
114.83.217.40 - - [22/Aug/2023:09:18:14 +0800] "POST /xingrg/kc/buy/cgsh_list_operate.html HTTP/1.1" 200 1869
180.152.241.196 - - [22/Aug/2023:09:18:14 +0800] "GET /xingrg/all/function/internal_message.html?_=1692667094981&CODE_STATE=getMsg HTTP/1.1" 302 -
114.83.217.40 - - [22/Aug/2023:09:18:17 +0800] "POST /xingrg/kc/buy/cgsh_list_operate.html HTTP/1.1" 200 576
114.95.241.104 - - [22/Aug/2023:09:18:18 +0800] "GET /xingrg/all/function/internal_message.html?_=1692667098183&CODE_STATE=getMsg HTTP/1.1" 200 27
180.165.48.189 - - [22/Aug/2023:09:18:18 +0800] "GET /xingrg/check_reg.html?_=1692667097177 HTTP/1.1" 200 22
180.165.48.189 - - [22/Aug/2023:09:18:18 +0800] "GET /xingrg/all/function/internal_message.html?_=1692667097180&CODE_STATE=getMsg HTTP/1.1" 200 27
114.83.217.40 - - [22/Aug/2023:09:18:20 +0800] "GET /xingrg/kc/buy/cgsh_order_info.html?code=212023082208848 HTTP/1.1" 200 72061
114.83.217.40 - - [22/Aug/2023:09:18:20 +0800] "GET /xingrg/javascript/easyui/themes/default/validatebox.css HTTP/1.1" 404 1104
114.83.217.40 - - [22/Aug/2023:09:18:20 +0800] "GET /xingrg/all/common/auto_word.html?type=employee&rest_code=00149 HTTP/1.1" 200 197
114.83.217.40 - - [22/Aug/2023:09:18:20 +0800] "GET /xingrg/all/common/auto_word.html?type=employee&rest_code=00149 HTTP/1.1" 200 197
114.83.217.40 - - [22/Aug/2023:09:18:21 +0800] "POST /xingrg/kc/buy/cgsh_order_operate.html HTTP/1.1" 200 22168
222.70.180.200 - - [22/Aug/2023:09:18:23 +0800] "POST /xingrg/kc/buy/cgsh_list_operate.html HTTP/1.1" 200 2678
114.83.217.40 - - [22/Aug/2023:09:18:27 +0800] "GET /xingrg/javascript/auto/indicator.gif HTTP/1.1" 404 1066
222.70.180.200 - - [22/Aug/2023:09:18:28 +0800] "POST /xingrg/kc/buy/cgsh_list_operate.html HTTP/1.1" 200 567
114.83.217.40 - - [22/Aug/2023:09:18:30 +0800] "GET /xingrg/kc/buy/cgsh_order_operate.html?command=get_materiel&rest_code=00149&code=00101019224&supplier_code=00100008&order_time=2023-08-22 HTTP/1.1" 200 408
222.70.180.200 - - [22/Aug/2023:09:18:31 +0800] "GET /xingrg/kc/buy/cgsh_order_info.html?code=212023082208852 HTTP/1.1" 200 71923
222.70.180.200 - - [22/Aug/2023:09:18:31 +0800] "GET /xingrg/javascript/easyui/themes/default/validatebox.css HTTP/1.1" 404 1104
222.70.180.200 - - [22/Aug/2023:09:18:32 +0800] "POST /xingrg/kc/buy/cgsh_order_operate.html HTTP/1.1" 200 17436
180.165.48.189 - - [22/Aug/2023:09:18:34 +0800] "GET /xingrg/kc/buy/cgsh_order_operate.html?command=get_materiel&rest_code=00108&code=00101006006&supplier_code=00100012&order_time=2023-08-22 HTTP/1.1" 200 408
222.69.132.38 - - [22/Aug/2023:09:18:35 +0800] "GET /xingrg/check_reg.html?_=1692667253425 HTTP/1.1" 200 22
222.69.132.38 - - [22/Aug/2023:09:18:35 +0800] "GET /xingrg/all/function/internal_message.html?_=1692667253426&CODE_STATE=getMsg HTTP/1.1" 200 27
101.228.187.155 - - [22/Aug/2023:09:18:38 +0800] "GET /xingrg/all/function/internal_message.html?_=1692667118177&CODE_STATE=getMsg HTTP/1.1" 200 27
101.83.145.37 - - [22/Aug/2023:09:18:43 +0800] "GET /xingrg/all/function/internal_message.html?_=1692666921845&CODE_STATE=getMsg HTTP/1.1" 200 27
114.83.217.40 - - [22/Aug/2023:09:18:43 +0800] "GET /xingrg/all/function/internal_message.html?_=1692667123876&CODE_STATE=getMsg HTTP/1.1" 200 27
222.70.180.200 - - [22/Aug/2023:09:18:46 +0800] "GET /xingrg/all/function/internal_message.html?_=1692667126255&CODE_STATE=getMsg HTTP/1.1" 200 27
222.70.168.101 - - [22/Aug/2023:09:18:46 +0800] "GET /xingrg/all/function/internal_message.html?_=1692667158268&CODE_STATE=getMsg HTTP/1.1" 200 27
114.83.217.40 - - [22/Aug/2023:09:18:47 +0800] "GET /xingrg/kc/buy/cgsh_order_operate.html?command=get_materiel&rest_code=00149&code=00101008041&supplier_code=00100008&order_time=2023-08-22 HTTP/1.1" 200 408
124.78.155.92 - - [22/Aug/2023:09:18:52 +0800] "GET /xingrg/all/function/internal_message.html?_=1692667131046&CODE_STATE=getMsg HTTP/1.1" 200 27
101.83.145.37 - - [22/Aug/2023:09:18:52 +0800] "POST /xingrg/kc/buy/cgsh_order_operate.html HTTP/1.1" 200 2065
120.253.135.82 - - [22/Aug/2023:09:18:52 +0800] "GET /xingrg/all/function/internal_message.html?_=1692667273206&CODE_STATE=getMsg HTTP/1.1" 302 -
120.253.135.82 - - [22/Aug/2023:09:18:52 +0800] "GET /xingrg/login.html HTTP/1.1" 200 7641
114.95.241.104 - - [22/Aug/2023:09:18:54 +0800] "GET /xingrg/all/function/internal_message.html?_=1692667042475&CODE_STATE=getMsg HTTP/1.1" 200 27
120.253.135.82 - - [22/Aug/2023:09:18:54 +0800] "GET /xingrg/all/function/internal_message.html?_=1692666948210&CODE_STATE=getMsg HTTP/1.1" 200 27
114.83.217.40 - - [22/Aug/2023:09:18:58 +0800] "GET /xingrg/kc/buy/cgsh_order_operate.html?command=get_materiel&rest_code=00149&code=00101008167&supplier_code=00100008&order_time=2023-08-22 HTTP/1.1" 200 412
180.165.48.189 - - [22/Aug/2023:09:19:02 +0800] "GET /xingrg/kc/buy/cgsh_order_operate.html?command=get_materiel&rest_code=00108&code=00101006113&supplier_code=00100012&order_time=2023-08-22 HTTP/1.1" 200 413
221.239.167.251 - - [22/Aug/2023:09:19:07 +0800] "GET /xingrg/all/function/internal_message.html?_=1692667147239&CODE_STATE=getMsg HTTP/1.1" 200 27
116.232.195.127 - - [22/Aug/2023:09:19:08 +0800] "GET /xingrg/all/function/internal_message.html?_=1692667065249&CODE_STATE=getMsg HTTP/1.1" 200 27
114.83.217.40 - - [22/Aug/2023:09:19:10 +0800] "GET /xingrg/kc/buy/cgsh_order_operate.html?command=get_materiel&rest_code=00149&code=00101008060&supplier_code=00100008&order_time=2023-08-22 HTTP/1.1" 200 416
114.83.217.40 - - [22/Aug/2023:09:19:12 +0800] "POST /xingrg/kc/buy/cgsh_order_operate.html HTTP/1.1" 200 2065
180.152.241.196 - - [22/Aug/2023:09:19:14 +0800] "GET /xingrg/all/function/internal_message.html?_=1692667154980&CODE_STATE=getMsg HTTP/1.1" 302 -
114.95.241.104 - - [22/Aug/2023:09:19:18 +0800] "GET /xingrg/all/function/internal_message.html?_=1692667158185&CODE_STATE=getMsg HTTP/1.1" 200 27
114.95.241.104 - - [22/Aug/2023:09:19:18 +0800] "GET /xingrg/check_reg.html?_=1692667158187 HTTP/1.1" 200 22
180.165.48.189 - - [22/Aug/2023:09:19:18 +0800] "GET /xingrg/all/function/internal_message.html?_=1692667157167&CODE_STATE=getMsg HTTP/1.1" 200 27
114.83.217.40 - - [22/Aug/2023:09:19:25 +0800] "GET /xingrg/kc/buy/cgsh_order_operate.html?command=get_materiel&rest_code=00149&code=00101008288&supplier_code=00100008&order_time=2023-08-22 HTTP/1.1" 200 408
101.83.145.37 - - [22/Aug/2023:09:19:30 +0800] "GET /xingrg/kc/buy/cgsh_order_operate.html?command=get_materiel&rest_code=00105&code=00101008175&supplier_code=00100203&order_time=2023-08-22 HTTP/1.1" 200 412
222.69.132.38 - - [22/Aug/2023:09:19:35 +0800] "GET /xingrg/all/function/internal_message.html?_=1692667313420&CODE_STATE=getMsg HTTP/1.1" 200 27
114.83.217.40 - - [22/Aug/2023:09:19:37 +0800] "GET /xingrg/kc/buy/cgsh_order_operate.html?command=get_materiel&rest_code=00149&code=00101008123&supplier_code=00100008&order_time=2023-08-22 HTTP/1.1" 200 412
101.228.187.155 - - [22/Aug/2023:09:19:38 +0800] "GET /xingrg/all/function/internal_message.html?_=1692667178178&CODE_STATE=getMsg HTTP/1.1" 200 27
101.83.145.37 - - [22/Aug/2023:09:19:43 +0800] "GET /xingrg/all/function/internal_message.html?_=1692666981800&CODE_STATE=getMsg HTTP/1.1" 200 27
114.83.217.40 - - [22/Aug/2023:09:19:43 +0800] "GET /xingrg/check_reg.html?_=1692667183878 HTTP/1.1" 200 22
114.83.217.40 - - [22/Aug/2023:09:19:43 +0800] "GET /xingrg/all/function/internal_message.html?_=1692667183881&CODE_STATE=getMsg HTTP/1.1" 200 27
222.70.180.200 - - [22/Aug/2023:09:19:46 +0800] "GET /xingrg/all/function/internal_message.html?_=1692667186245&CODE_STATE=getMsg HTTP/1.1" 200 27
222.70.180.200 - - [22/Aug/2023:09:19:46 +0800] "GET /xingrg/check_reg.html?_=1692667186261 HTTP/1.1" 200 22
222.70.168.101 - - [22/Aug/2023:09:19:46 +0800] "GET /xingrg/all/function/internal_message.html?_=1692667218381&CODE_STATE=getMsg HTTP/1.1" 200 27
180.163.28.55 - - [22/Aug/2023:09:19:52 +0800] "GET /xingrg/all/function/internal_message.html?_=1692667131046&CODE_STATE=getMsg HTTP/1.1" 302 -
124.78.155.92 - - [22/Aug/2023:09:19:52 +0800] "GET /xingrg/all/function/internal_message.html?_=1692667191019&CODE_STATE=getMsg HTTP/1.1" 200 27
180.163.28.55 - - [22/Aug/2023:09:19:52 +0800] "GET /xingrg/login.html HTTP/1.1" 200 7641
120.253.135.82 - - [22/Aug/2023:09:19:52 +0800] "GET /xingrg/all/function/internal_message.html?_=1692667333208&CODE_STATE=getMsg HTTP/1.1" 302 -
120.253.135.82 - - [22/Aug/2023:09:19:52 +0800] "GET /xingrg/login.html HTTP/1.1" 200 7641
114.95.241.104 - - [22/Aug/2023:09:19:54 +0800] "GET /xingrg/all/function/internal_message.html?_=1692667102549&CODE_STATE=getMsg HTTP/1.1" 200 27
120.253.135.82 - - [22/Aug/2023:09:19:54 +0800] "GET /xingrg/all/function/internal_message.html?_=1692667008308&CODE_STATE=getMsg HTTP/1.1" 200 27
221.239.167.251 - - [22/Aug/2023:09:20:07 +0800] "GET /xingrg/all/function/internal_message.html?_=1692667207212&CODE_STATE=getMsg HTTP/1.1" 200 27
116.232.195.127 - - [22/Aug/2023:09:20:08 +0800] "GET /xingrg/all/function/internal_message.html?_=1692667125252&CODE_STATE=getMsg HTTP/1.1" 200 27
221.239.167.251 - - [22/Aug/2023:09:20:14 +0800] "GET /xingrg/check_reg.html?_=1692667214330 HTTP/1.1" 200 22
180.152.241.196 - - [22/Aug/2023:09:20:14 +0800] "GET /xingrg/all/function/internal_message.html?_=1692667214972&CODE_STATE=getMsg HTTP/1.1" 302 -
180.152.241.196 - - [22/Aug/2023:09:20:15 +0800] "GET /xingrg/check_reg.html?_=1692667215693 HTTP/1.1" 302 -
124.78.155.92 - - [22/Aug/2023:09:20:16 +0800] "GET /xingrg/check_reg.html?_=1692667214936 HTTP/1.1" 200 22
114.95.241.104 - - [22/Aug/2023:09:20:18 +0800] "GET /xingrg/all/function/internal_message.html?_=1692667218188&CODE_STATE=getMsg HTTP/1.1" 200 27
180.165.48.189 - - [22/Aug/2023:09:20:18 +0800] "GET /xingrg/all/function/internal_message.html?_=1692667217177&CODE_STATE=getMsg HTTP/1.1" 200 27
222.70.168.101 - - [22/Aug/2023:09:20:18 +0800] "GET /xingrg/check_reg.html?_=1692667250233 HTTP/1.1" 200 22
180.152.241.196 - - [22/Aug/2023:09:20:33 +0800] "GET /xingrg/check_reg.html?_=1692667235230 HTTP/1.1" 302 -
222.69.132.38 - - [22/Aug/2023:09:20:35 +0800] "GET /xingrg/all/function/internal_message.html?_=1692667373408&CODE_STATE=getMsg HTTP/1.1" 200 27
114.83.217.40 - - [22/Aug/2023:09:20:38 +0800] "GET /xingrg/kc/buy/cgsh_order_operate.html?command=get_materiel&rest_code=00149&code=00101008591&supplier_code=00100008&order_time=2023-08-22 HTTP/1.1" 200 409
101.228.187.155 - - [22/Aug/2023:09:20:38 +0800] "GET /xingrg/all/function/internal_message.html?_=1692667238179&CODE_STATE=getMsg HTTP/1.1" 200 27
101.83.145.37 - - [22/Aug/2023:09:20:43 +0800] "GET /xingrg/check_reg.html?_=1692667041737 HTTP/1.1" 200 22
101.83.145.37 - - [22/Aug/2023:09:20:43 +0800] "GET /xingrg/all/function/internal_message.html?_=1692667041773&CODE_STATE=getMsg HTTP/1.1" 200 27
114.83.217.40 - - [22/Aug/2023:09:20:43 +0800] "GET /xingrg/all/function/internal_message.html?_=1692667243877&CODE_STATE=getMsg HTTP/1.1" 200 27
222.70.168.101 - - [22/Aug/2023:09:20:46 +0800] "GET /xingrg/all/function/internal_message.html?_=1692667278387&CODE_STATE=getMsg HTTP/1.1" 200 27
124.78.155.92 - - [22/Aug/2023:09:20:52 +0800] "GET /xingrg/all/function/internal_message.html?_=1692667250994&CODE_STATE=getMsg HTTP/1.1" 200 27
120.253.135.82 - - [22/Aug/2023:09:20:52 +0800] "GET /xingrg/all/function/internal_message.html?_=1692667393229&CODE_STATE=getMsg HTTP/1.1" 302 -
120.253.135.82 - - [22/Aug/2023:09:20:52 +0800] "GET /xingrg/login.html HTTP/1.1" 200 7641
114.83.217.40 - - [22/Aug/2023:09:20:53 +0800] "GET /xingrg/kc/buy/cgsh_order_operate.html?command=get_materiel&rest_code=00149&code=00101008150&supplier_code=00100008&order_time=2023-08-22 HTTP/1.1" 200 409
114.95.241.104 - - [22/Aug/2023:09:20:54 +0800] "GET /xingrg/all/function/internal_message.html?_=1692667162549&CODE_STATE=getMsg HTTP/1.1" 200 27
120.253.135.82 - - [22/Aug/2023:09:20:54 +0800] "GET /xingrg/all/function/internal_message.html?_=1692667068315&CODE_STATE=getMsg HTTP/1.1" 200 27
114.83.217.40 - - [22/Aug/2023:09:21:03 +0800] "GET /xingrg/kc/buy/cgsh_order_operate.html?command=get_materiel&rest_code=00149&code=00101008286&supplier_code=00100008&order_time=2023-08-22 HTTP/1.1" 200 408
221.239.167.251 - - [22/Aug/2023:09:21:07 +0800] "GET /xingrg/all/function/internal_message.html?_=1692667267192&CODE_STATE=getMsg HTTP/1.1" 200 27
114.83.217.40 - - [22/Aug/2023:09:21:07 +0800] "POST /xingrg/kc/buy/cgsh_order_operate.html HTTP/1.1" 200 2065
116.232.195.127 - - [22/Aug/2023:09:21:08 +0800] "GET /xingrg/all/function/internal_message.html?_=1692667185248&CODE_STATE=getMsg HTTP/1.1" 200 27
180.152.241.196 - - [22/Aug/2023:09:21:14 +0800] "GET /xingrg/all/function/internal_message.html?_=1692667274951&CODE_STATE=getMsg HTTP/1.1" 302 -
180.163.28.143 - - [22/Aug/2023:09:21:16 +0800] "GET /xingrg/check_reg.html?_=1692667214936 HTTP/1.1" 302 -
180.163.28.143 - - [22/Aug/2023:09:21:16 +0800] "GET /xingrg/login.html HTTP/1.1" 200 7641
114.83.217.40 - - [22/Aug/2023:09:21:16 +0800] "GET /xingrg/kc/buy/cgsh_order_operate.html?command=get_materiel&rest_code=00149&code=00101015043&supplier_code=00100008&order_time=2023-08-22 HTTP/1.1" 200 413
114.95.241.104 - - [22/Aug/2023:09:21:18 +0800] "GET /xingrg/all/function/internal_message.html?_=1692667278189&CODE_STATE=getMsg HTTP/1.1" 200 27
180.165.48.189 - - [22/Aug/2023:09:21:18 +0800] "GET /xingrg/all/function/internal_message.html?_=1692667277179&CODE_STATE=getMsg HTTP/1.1" 200 27
222.70.180.200 - - [22/Aug/2023:09:21:26 +0800] "GET /favicon.ico HTTP/1.1" 404 -
222.70.180.200 - - [22/Aug/2023:09:21:30 +0800] "GET /xingrg/login.html HTTP/1.1" 200 7641
222.70.180.200 - - [22/Aug/2023:09:21:30 +0800] "GET /xingrg/images/blue/jxLogo.png HTTP/1.1" 304 -
222.70.180.200 - - [22/Aug/2023:09:21:31 +0800] "GET /xingrg/images/blue/login_bg.png HTTP/1.1" 304 -
222.70.180.200 - - [22/Aug/2023:09:21:31 +0800] "GET /xingrg/images/blue/srbg.png HTTP/1.1" 304 -
222.70.180.200 - - [22/Aug/2023:09:21:31 +0800] "GET /xingrg/images/blue/hj.png HTTP/1.1" 304 -
222.70.180.200 - - [22/Aug/2023:09:21:31 +0800] "GET /favicon.ico HTTP/1.1" 404 -
114.83.217.40 - - [22/Aug/2023:09:21:33 +0800] "POST /xingrg/kc/buy/cgsh_order_operate.html HTTP/1.1" 200 37
222.69.132.38 - - [22/Aug/2023:09:21:35 +0800] "GET /xingrg/all/function/internal_message.html?_=1692667433416&CODE_STATE=getMsg HTTP/1.1" 200 27
101.228.187.155 - - [22/Aug/2023:09:21:38 +0800] "GET /xingrg/all/function/internal_message.html?_=1692667298179&CODE_STATE=getMsg HTTP/1.1" 200 27
114.95.241.104 - - [22/Aug/2023:09:21:39 +0800] "POST /xingrg/kc/buy/cgsh_order_operate.html HTTP/1.1" 200 37
101.83.145.37 - - [22/Aug/2023:09:21:43 +0800] "GET /xingrg/all/function/internal_message.html?_=1692667101762&CODE_STATE=getMsg HTTP/1.1" 200 27
114.83.217.40 - - [22/Aug/2023:09:21:43 +0800] "GET /xingrg/all/function/internal_message.html?_=1692667303875&CODE_STATE=getMsg HTTP/1.1" 200 27
222.70.168.101 - - [22/Aug/2023:09:21:46 +0800] "GET /xingrg/all/function/internal_message.html?_=1692667338402&CODE_STATE=getMsg HTTP/1.1" 200 27
114.83.217.40 - - [22/Aug/2023:09:21:49 +0800] "POST /xingrg/kc/buy/cgsh_order_operate.html HTTP/1.1" 200 12
124.78.155.92 - - [22/Aug/2023:09:21:52 +0800] "GET /xingrg/all/function/internal_message.html?_=1692667310966&CODE_STATE=getMsg HTTP/1.1" 200 27
120.253.135.82 - - [22/Aug/2023:09:21:52 +0800] "GET /xingrg/all/function/internal_message.html?_=1692667453217&CODE_STATE=getMsg HTTP/1.1" 302 -
120.253.135.82 - - [22/Aug/2023:09:21:52 +0800] "GET /xingrg/login.html HTTP/1.1" 200 7641
114.95.241.104 - - [22/Aug/2023:09:21:54 +0800] "GET /xingrg/check_reg.html?_=1692667222411 HTTP/1.1" 200 22
114.95.241.104 - - [22/Aug/2023:09:21:54 +0800] "GET /xingrg/all/function/internal_message.html?_=1692667222563&CODE_STATE=getMsg HTTP/1.1" 200 27
120.253.135.82 - - [22/Aug/2023:09:21:54 +0800] "GET /xingrg/all/function/internal_message.html?_=1692667128389&CODE_STATE=getMsg HTTP/1.1" 200 27
114.83.217.40 - - [22/Aug/2023:09:21:55 +0800] "GET /xingrg/kc/print/load_config.html?kc_code=cgsh HTTP/1.1" 200 1924
180.165.48.189 - - [22/Aug/2023:09:22:00 +0800] "POST /xingrg/kc/buy/cgsh_order_operate.html HTTP/1.1" 200 37
114.83.217.40 - - [22/Aug/2023:09:22:00 +0800] "GET /xingrg/kc/print/load_data.html?order_code=212023082208848&kc_code=cgsh&condition= HTTP/1.1" 200 10302
114.95.241.104 - - [22/Aug/2023:09:22:00 +0800] "POST /xingrg/kc/buy/cgsh_order_operate.html HTTP/1.1" 200 12
114.83.217.40 - - [22/Aug/2023:09:22:01 +0800] "GET /xingrg/kc/buy/cgsh_order_info.html?code=212023082208848 HTTP/1.1" 200 66961
114.83.217.40 - - [22/Aug/2023:09:22:02 +0800] "GET /xingrg/javascript/easyui/themes/default/validatebox.css HTTP/1.1" 404 1104
114.83.217.40 - - [22/Aug/2023:09:22:03 +0800] "POST /xingrg/kc/buy/cgsh_order_operate.html HTTP/1.1" 200 26010
180.165.48.189 - - [22/Aug/2023:09:22:03 +0800] "POST /xingrg/kc/buy/cgsh_order_operate.html HTTP/1.1" 200 4436
180.165.48.189 - - [22/Aug/2023:09:22:05 +0800] "GET /xingrg/kc/print/load_data.html?order_code=212023082208853&kc_code=cgsh&condition= HTTP/1.1" 200 1457
221.239.167.251 - - [22/Aug/2023:09:22:07 +0800] "GET /xingrg/all/function/internal_message.html?_=1692667327175&CODE_STATE=getMsg HTTP/1.1" 200 27
116.232.195.127 - - [22/Aug/2023:09:22:08 +0800] "GET /xingrg/check_reg.html?_=1692667245235 HTTP/1.1" 200 22
116.232.195.127 - - [22/Aug/2023:09:22:08 +0800] "GET /xingrg/all/function/internal_message.html?_=1692667245243&CODE_STATE=getMsg HTTP/1.1" 200 27
222.70.180.200 - - [22/Aug/2023:09:22:12 +0800] "POST /xingrg/login.do HTTP/1.1" 302 -
222.70.180.200 - - [22/Aug/2023:09:22:12 +0800] "GET /xingrg/index.html?sysBaseUrl=http%3A%2F%2F180.169.147.146%3A18081%2Fxingrg%2F&costTime=853×tamp=1692667332377 HTTP/1.1" 200 17173
222.70.180.200 - - [22/Aug/2023:09:22:12 +0800] "GET /xingrg/javascript/jquery_easy_ui/themes/default/easyui.css HTTP/1.1" 304 -
222.70.180.200 - - [22/Aug/2023:09:22:12 +0800] "GET /xingrg/javascript/jquery_easy_ui/themes/icon.css HTTP/1.1" 304 -
222.70.180.200 - - [22/Aug/2023:09:22:12 +0800] "GET /xingrg/css/form.css HTTP/1.1" 304 -
222.70.180.200 - - [22/Aug/2023:09:22:12 +0800] "GET /xingrg/javascript/jquery-1.4.2.min.js HTTP/1.1" 304 -
222.70.180.200 - - [22/Aug/2023:09:22:12 +0800] "GET /xingrg/javascript/jquery_easy_ui/jquery.easyui.min.js HTTP/1.1" 304 -
222.70.180.200 - - [22/Aug/2023:09:22:12 +0800] "GET /xingrg/javascript/jquery_easy_ui/easyui-lang-zh_CN.js HTTP/1.1" 304 -
222.70.180.200 - - [22/Aug/2023:09:22:12 +0800] "GET /xingrg/javascript/jquery.form.js HTTP/1.1" 304 -
222.70.180.200 - - [22/Aug/2023:09:22:12 +0800] "GET /xingrg/javascript/jquery.utils.js HTTP/1.1" 304 -
222.70.180.200 - - [22/Aug/2023:09:22:12 +0800] "GET /xingrg/javascript/jquery.timers.js HTTP/1.1" 304 -
222.70.180.200 - - [22/Aug/2023:09:22:13 +0800] "GET /favicon.ico HTTP/1.1" 404 -
222.70.180.200 - - [22/Aug/2023:09:22:13 +0800] "GET /xingrg/javascript/jquery_easy_ui/themes/icons/settle_new.png HTTP/1.1" 304 -
222.70.180.200 - - [22/Aug/2023:09:22:13 +0800] "GET /xingrg/images/blue/navBackgound.jpg HTTP/1.1" 304 -
222.70.180.200 - - [22/Aug/2023:09:22:14 +0800] "POST /xingrg/all/common/load_tree.html?tree=area_rest_tree_json&manage=1 HTTP/1.1" 200 342
222.70.180.200 - - [22/Aug/2023:09:22:14 +0800] "GET /xingrg/check_reg.html?_=1692667334731 HTTP/1.1" 200 22
222.70.180.200 - - [22/Aug/2023:09:22:14 +0800] "GET /xingrg/all/function/internal_message.html?_=1692667334731&CODE_STATE=count HTTP/1.1" 200 11
222.70.180.200 - - [22/Aug/2023:09:22:14 +0800] "GET /xingrg/images/blue/pingpu.png HTTP/1.1" 304 -
222.70.180.200 - - [22/Aug/2023:09:22:14 +0800] "GET /xingrg/javascript/jquery_easy_ui/themes/default/images/tabs_leftarrow.png HTTP/1.1" 304 -
222.70.180.200 - - [22/Aug/2023:09:22:14 +0800] "GET /xingrg/javascript/jquery_easy_ui/themes/default/images/tabs_rightarrow.png HTTP/1.1" 304 -
222.70.180.200 - - [22/Aug/2023:09:22:14 +0800] "GET /xingrg/javascript/jquery_easy_ui/themes/default/images/panel_tool_collapse.gif HTTP/1.1" 304 -
180.152.241.196 - - [22/Aug/2023:09:22:14 +0800] "GET /xingrg/all/function/internal_message.html?_=1692667334946&CODE_STATE=getMsg HTTP/1.1" 302 -
222.70.180.200 - - [22/Aug/2023:09:22:15 +0800] "POST /xingrg/load_menu.html HTTP/1.1" 200 5138
180.165.48.189 - - [22/Aug/2023:09:22:15 +0800] "GET /xingrg/kc/buy/cgsh_order_add.html HTTP/1.1" 200 72056
180.165.48.189 - - [22/Aug/2023:09:22:15 +0800] "POST /xingrg/kc/buy/cgsh_order_operate.html HTTP/1.1" 200 8245
180.165.48.189 - - [22/Aug/2023:09:22:15 +0800] "GET /xingrg/javascript/easyui/themes/default/validatebox.css HTTP/1.1" 404 1104
222.70.180.200 - - [22/Aug/2023:09:22:15 +0800] "GET /xingrg/javascript/jquery_easy_ui/themes/default/images/tree_folder.gif HTTP/1.1" 304 -
222.70.180.200 - - [22/Aug/2023:09:22:15 +0800] "GET /xingrg/javascript/jquery_easy_ui/themes/default/images/tree_folder_open.gif HTTP/1.1" 304 -
222.70.180.200 - - [22/Aug/2023:09:22:15 +0800] "GET /xingrg/javascript/jquery_easy_ui/themes/icons/search_new.png HTTP/1.1" 304 -
222.70.180.200 - - [22/Aug/2023:09:22:15 +0800] "GET /xingrg/javascript/jquery_easy_ui/themes/default/images/tree_arrows.gif HTTP/1.1" 304 -
222.70.180.200 - - [22/Aug/2023:09:22:15 +0800] "GET /xingrg/javascript/jquery_easy_ui/themes/icons/storage_new.png HTTP/1.1" 304 -
222.70.180.200 - - [22/Aug/2023:09:22:15 +0800] "GET /xingrg/javascript/jquery_easy_ui/themes/icons/forms_new.png HTTP/1.1" 304 -
222.70.180.200 - - [22/Aug/2023:09:22:15 +0800] "GET /xingrg/javascript/jquery_easy_ui/themes/default/images/tree_file.gif HTTP/1.1" 304 -
114.95.241.104 - - [22/Aug/2023:09:22:18 +0800] "GET /xingrg/all/function/internal_message.html?_=1692667338202&CODE_STATE=getMsg HTTP/1.1" 200 27
180.165.48.189 - - [22/Aug/2023:09:22:18 +0800] "GET /xingrg/all/function/internal_message.html?_=1692667337185&CODE_STATE=getMsg HTTP/1.1" 200 27
222.70.180.200 - - [22/Aug/2023:09:22:25 +0800] "GET /xingrg/javascript/jquery_easy_ui/themes/default/images/tabs_close.gif HTTP/1.1" 304 -
222.70.180.200 - - [22/Aug/2023:09:22:26 +0800] "GET /xingrg/kc/buy/cgsh_order_list.html HTTP/1.1" 200 56182
222.70.180.200 - - [22/Aug/2023:09:22:26 +0800] "GET /xingrg/css/base.css HTTP/1.1" 304 -
222.70.180.200 - - [22/Aug/2023:09:22:26 +0800] "GET /xingrg/css/site.css HTTP/1.1" 304 -
222.70.180.200 - - [22/Aug/2023:09:22:26 +0800] "GET /xingrg/javascript/jquery_tools/datebox.css HTTP/1.1" 304 -
222.70.180.200 - - [22/Aug/2023:09:22:26 +0800] "GET /xingrg/javascript/easyui/themes/default/easyui.css HTTP/1.1" 304 -
222.70.180.200 - - [22/Aug/2023:09:22:26 +0800] "GET /xingrg/javascript/easyui/themes/icon.css HTTP/1.1" 304 -
222.70.180.200 - - [22/Aug/2023:09:22:26 +0800] "GET /xingrg/javascript/auto/jquery.autocomplete.css HTTP/1.1" 304 -
222.70.180.200 - - [22/Aug/2023:09:22:26 +0800] "GET /xingrg/javascript/jquery_tools/fix.css HTTP/1.1" 304 -
222.70.180.200 - - [22/Aug/2023:09:22:26 +0800] "GET /xingrg/javascript/jquery_tools/table.css HTTP/1.1" 304 -
222.70.180.200 - - [22/Aug/2023:09:22:26 +0800] "GET /xingrg/javascript/jquery_tools/jquery.tools.min.js HTTP/1.1" 304 -
222.70.180.200 - - [22/Aug/2023:09:22:26 +0800] "GET /xingrg/javascript/jquery_tools/jquery.tools.extend.js HTTP/1.1" 304 -
222.70.180.200 - - [22/Aug/2023:09:22:26 +0800] "GET /xingrg/javascript/jquery_tools/jquery.tools.hotkey.js HTTP/1.1" 304 -
222.70.180.200 - - [22/Aug/2023:09:22:26 +0800] "GET /xingrg/javascript/jquery_tools/jquery.tools.table.js HTTP/1.1" 304 -
222.70.180.200 - - [22/Aug/2023:09:22:26 +0800] "GET /xingrg/javascript/jquery_tools/list_manager.js HTTP/1.1" 304 -
222.70.180.200 - - [22/Aug/2023:09:22:26 +0800] "GET /xingrg/javascript/auto/jquery.autocomplete.js HTTP/1.1" 304 -
222.70.180.200 - - [22/Aug/2023:09:22:26 +0800] "GET /xingrg/javascript/easyui/easyloader.js HTTP/1.1" 304 -
222.70.180.200 - - [22/Aug/2023:09:22:26 +0800] "GET /xingrg/javascript/jquery.cookie.js HTTP/1.1" 304 -
222.70.180.200 - - [22/Aug/2023:09:22:26 +0800] "GET /xingrg/javascript/print/LodopFuncs.js HTTP/1.1" 304 -
222.70.180.200 - - [22/Aug/2023:09:22:29 +0800] "GET /xingrg/javascript/easyui/themes/icons/edit_add_new.png HTTP/1.1" 304 -
222.70.180.200 - - [22/Aug/2023:09:22:29 +0800] "GET /xingrg/javascript/easyui/themes/icons/cance_new.png HTTP/1.1" 304 -
222.70.180.200 - - [22/Aug/2023:09:22:29 +0800] "GET /xingrg/javascript/easyui/themes/icons/check_new.png HTTP/1.1" 304 -
222.70.180.200 - - [22/Aug/2023:09:22:29 +0800] "GET /xingrg/javascript/easyui/themes/icons/field_new.png HTTP/1.1" 304 -
222.70.180.200 - - [22/Aug/2023:09:22:29 +0800] "GET /xingrg/javascript/easyui/themes/icons/import_new.png HTTP/1.1" 304 -
222.70.180.200 - - [22/Aug/2023:09:22:31 +0800] "GET /xingrg/javascript/easyui/plugins/jquery.parser.js HTTP/1.1" 304 -
222.70.180.200 - - [22/Aug/2023:09:22:31 +0800] "GET /xingrg/images/control/ajaxLoader.gif HTTP/1.1" 304 -
222.69.132.38 - - [22/Aug/2023:09:22:35 +0800] "GET /xingrg/all/function/internal_message.html?_=1692667493425&CODE_STATE=getMsg HTTP/1.1" 200 27
101.228.187.155 - - [22/Aug/2023:09:22:38 +0800] "GET /xingrg/check_reg.html?_=1692667358180 HTTP/1.1" 200 22
101.228.187.155 - - [22/Aug/2023:09:22:38 +0800] "GET /xingrg/all/function/internal_message.html?_=1692667358182&CODE_STATE=getMsg HTTP/1.1" 200 27
222.70.180.200 - - [22/Aug/2023:09:22:40 +0800] "POST /xingrg/kc/buy/cgsh_list_operate.html HTTP/1.1" 200 2678
101.83.145.37 - - [22/Aug/2023:09:22:43 +0800] "GET /xingrg/all/function/internal_message.html?_=1692667161742&CODE_STATE=getMsg HTTP/1.1" 200 27
114.83.217.40 - - [22/Aug/2023:09:22:43 +0800] "GET /xingrg/all/function/internal_message.html?_=1692667363912&CODE_STATE=getMsg HTTP/1.1" 200 27
120.253.135.82 - - [22/Aug/2023:09:22:44 +0800] "GET /xingrg/check_reg.html?_=1692667178437 HTTP/1.1" 200 22
222.70.168.101 - - [22/Aug/2023:09:22:46 +0800] "GET /xingrg/all/function/internal_message.html?_=1692667398514&CODE_STATE=getMsg HTTP/1.1" 200 27
101.83.145.37 - - [22/Aug/2023:09:22:48 +0800] "GET /xingrg/kc/buy/cgsh_order_operate.html?command=get_materiel&rest_code=00105&code=00101008286&supplier_code=00100203&order_time=2023-08-22 HTTP/1.1" 200 408
222.70.180.200 - - [22/Aug/2023:09:22:49 +0800] "POST /xingrg/kc/buy/cgsh_list_operate.html HTTP/1.1" 200 567
124.78.155.92 - - [22/Aug/2023:09:22:52 +0800] "GET /xingrg/all/function/internal_message.html?_=1692667370936&CODE_STATE=getMsg HTTP/1.1" 200 27
120.253.135.82 - - [22/Aug/2023:09:22:52 +0800] "GET /xingrg/all/function/internal_message.html?_=1692667513263&CODE_STATE=getMsg HTTP/1.1" 302 -
120.253.135.82 - - [22/Aug/2023:09:22:52 +0800] "GET /xingrg/check_reg.html?_=1692667513264 HTTP/1.1" 302 -
120.253.135.82 - - [22/Aug/2023:09:22:52 +0800] "GET /xingrg/login.html HTTP/1.1" 200 7641
120.253.135.82 - - [22/Aug/2023:09:22:52 +0800] "GET /xingrg/login.html HTTP/1.1" 200 7641
120.253.135.82 - - [22/Aug/2023:09:22:54 +0800] "GET /xingrg/all/function/internal_message.html?_=1692667188404&CODE_STATE=getMsg HTTP/1.1" 200 27
180.165.48.189 - - [22/Aug/2023:09:22:57 +0800] "GET /xingrg/kc/buy/cgsh_order_operate.html?command=get_materiel&rest_code=00108&code=00101007072&supplier_code=00100002&order_time=2023-08-22 HTTP/1.1" 200 419
222.70.180.200 - - [22/Aug/2023:09:22:58 +0800] "GET /xingrg/kc/buy/cgsh_order_info.html?code=212023082208852 HTTP/1.1" 200 71923
222.70.180.200 - - [22/Aug/2023:09:22:58 +0800] "GET /xingrg/javascript/pic_change.js HTTP/1.1" 304 -
222.70.180.200 - - [22/Aug/2023:09:22:58 +0800] "GET /xingrg/javascript/convert.js HTTP/1.1" 304 -
222.70.180.200 - - [22/Aug/2023:09:22:58 +0800] "GET /xingrg/javascript/jquery_tools/order_manager.js HTTP/1.1" 304 -
222.70.180.200 - - [22/Aug/2023:09:22:58 +0800] "GET /xingrg/javascript/json2.js HTTP/1.1" 304 -
222.70.180.200 - - [22/Aug/2023:09:22:58 +0800] "GET /xingrg/javascript/print/kc_print.js HTTP/1.1" 304 -
222.70.180.200 - - [22/Aug/2023:09:22:58 +0800] "GET /xingrg/words/20230821143102_words.js HTTP/1.1" 200 984139
222.70.180.200 - - [22/Aug/2023:09:22:58 +0800] "GET /xingrg/javascript/easyui/themes/icons/copy_new.png HTTP/1.1" 304 -
222.70.180.200 - - [22/Aug/2023:09:22:58 +0800] "GET /xingrg/javascript/easyui/themes/icons/template_new.png HTTP/1.1" 304 -
222.70.180.200 - - [22/Aug/2023:09:22:58 +0800] "GET /xingrg/javascript/easyui/themes/icons/ok.png HTTP/1.1" 304 -
222.70.180.200 - - [22/Aug/2023:09:22:58 +0800] "GET /xingrg/javascript/easyui/themes/icons/print.png HTTP/1.1" 304 -
222.70.180.200 - - [22/Aug/2023:09:22:58 +0800] "GET /xingrg/javascript/easyui/themes/icons/cancel.png HTTP/1.1" 304 -
222.70.180.200 - - [22/Aug/2023:09:22:58 +0800] "GET /xingrg/javascript/easyui/themes/default/images/menu_downarrow.png HTTP/1.1" 304 -
222.70.180.200 - - [22/Aug/2023:09:22:58 +0800] "GET /xingrg/javascript/easyui/plugins/jquery.validatebox.js HTTP/1.1" 304 -
222.70.180.200 - - [22/Aug/2023:09:22:58 +0800] "GET /xingrg/javascript/easyui/themes/default/validatebox.css HTTP/1.1" 404 1104
222.70.180.200 - - [22/Aug/2023:09:22:58 +0800] "GET /xingrg/javascript/easyui/plugins/jquery.numberbox.js HTTP/1.1" 304 -
222.70.180.200 - - [22/Aug/2023:09:22:58 +0800] "GET /xingrg/all/common/auto_word.html?type=employee&rest_code=00111 HTTP/1.1" 200 201
222.70.180.200 - - [22/Aug/2023:09:22:58 +0800] "GET /xingrg/all/common/auto_word.html?type=employee&rest_code=00111 HTTP/1.1" 200 201
222.67.237.86 - - [22/Aug/2023:09:22:59 +0800] "GET /xingrg/check_reg.html?_=1692666828417 HTTP/1.1" 302 -
222.67.237.86 - - [22/Aug/2023:09:23:00 +0800] "GET /xingrg/login.html HTTP/1.1" 200 7641
222.70.180.200 - - [22/Aug/2023:09:23:00 +0800] "POST /xingrg/kc/buy/cgsh_order_operate.html HTTP/1.1" 200 17436
222.70.180.200 - - [22/Aug/2023:09:23:00 +0800] "GET /xingrg/javascript/easyui/themes/icons/edit_remove.png HTTP/1.1" 304 -
221.239.167.251 - - [22/Aug/2023:09:23:07 +0800] "GET /xingrg/all/function/internal_message.html?_=1692667387160&CODE_STATE=getMsg HTTP/1.1" 200 27
116.232.195.127 - - [22/Aug/2023:09:23:08 +0800] "GET /xingrg/all/function/internal_message.html?_=1692667305242&CODE_STATE=getMsg HTTP/1.1" 200 27
222.70.180.200 - - [22/Aug/2023:09:23:14 +0800] "GET /xingrg/all/function/internal_message.html?_=1692667394748&CODE_STATE=getMsg HTTP/1.1" 200 27
180.152.241.196 - - [22/Aug/2023:09:23:14 +0800] "GET /xingrg/all/function/internal_message.html?_=1692667394934&CODE_STATE=getMsg HTTP/1.1" 302 -
114.95.241.104 - - [22/Aug/2023:09:23:18 +0800] "GET /xingrg/all/function/internal_message.html?_=1692667398204&CODE_STATE=getMsg HTTP/1.1" 200 27
180.165.48.189 - - [22/Aug/2023:09:23:18 +0800] "GET /xingrg/check_reg.html?_=1692667397169 HTTP/1.1" 200 22
180.165.48.189 - - [22/Aug/2023:09:23:18 +0800] "GET /xingrg/all/function/internal_message.html?_=1692667397170&CODE_STATE=getMsg HTTP/1.1" 200 27
180.165.48.189 - - [22/Aug/2023:09:23:27 +0800] "GET /xingrg/kc/buy/cgsh_order_operate.html?command=get_materiel&rest_code=00108&code=00101007076&supplier_code=00100002&order_time=2023-08-22 HTTP/1.1" 200 408
114.95.241.104 - - [22/Aug/2023:09:23:28 +0800] "GET /xingrg/all/function/internal_message.html?_=1692667316709&CODE_STATE=getMsg HTTP/1.1" 200 27
114.95.241.104 - - [22/Aug/2023:09:23:29 +0800] "GET /xingrg/kc/buy/cgsh_order_info.html?code=212023082208849 HTTP/1.1" 200 66933
114.95.241.104 - - [22/Aug/2023:09:23:29 +0800] "GET /xingrg/javascript/easyui/themes/default/validatebox.css HTTP/1.1" 404 1104
222.70.180.200 - - [22/Aug/2023:09:23:30 +0800] "GET /xingrg/javascript/auto/indicator.gif HTTP/1.1" 404 1066
114.95.241.104 - - [22/Aug/2023:09:23:31 +0800] "POST /xingrg/kc/buy/cgsh_order_operate.html HTTP/1.1" 200 27227
101.83.145.37 - - [22/Aug/2023:09:23:31 +0800] "GET /xingrg/kc/buy/cgsh_order_operate.html?command=get_materiel&rest_code=00105&code=00101008223&supplier_code=00100203&order_time=2023-08-22 HTTP/1.1" 200 412
114.83.217.40 - - [22/Aug/2023:09:23:33 +0800] "GET /xingrg/kc/buy/cgsh_order_add.html HTTP/1.1" 200 72052
114.83.217.40 - - [22/Aug/2023:09:23:33 +0800] "POST /xingrg/kc/buy/cgsh_order_operate.html HTTP/1.1" 200 8245
114.83.217.40 - - [22/Aug/2023:09:23:33 +0800] "GET /xingrg/javascript/easyui/themes/default/validatebox.css HTTP/1.1" 404 1104
222.69.132.38 - - [22/Aug/2023:09:23:35 +0800] "GET /xingrg/check_reg.html?_=1692667553422 HTTP/1.1" 200 22
222.69.132.38 - - [22/Aug/2023:09:23:35 +0800] "GET /xingrg/all/function/internal_message.html?_=1692667553424&CODE_STATE=getMsg HTTP/1.1" 200 27
114.95.241.104 - - [22/Aug/2023:09:23:37 +0800] "GET /xingrg/kc/print/load_data.html?order_code=212023082208849&kc_code=cgsh&condition= HTTP/1.1" 200 10815
101.228.187.155 - - [22/Aug/2023:09:23:38 +0800] "GET /xingrg/all/function/internal_message.html?_=1692667418176&CODE_STATE=getMsg HTTP/1.1" 200 27
101.83.145.37 - - [22/Aug/2023:09:23:38 +0800] "POST /xingrg/kc/buy/cgsh_order_operate.html HTTP/1.1" 200 2065
222.70.180.200 - - [22/Aug/2023:09:23:39 +0800] "GET /xingrg/kc/buy/cgsh_order_operate.html?command=get_materiel&rest_code=00111&code=00101008291&supplier_code=00100005&order_time=2023-08-22 HTTP/1.1" 200 408
101.83.145.37 - - [22/Aug/2023:09:23:43 +0800] "GET /xingrg/all/function/internal_message.html?_=1692667221731&CODE_STATE=getMsg HTTP/1.1" 200 27
114.83.217.40 - - [22/Aug/2023:09:23:43 +0800] "GET /xingrg/all/function/internal_message.html?_=1692667423886&CODE_STATE=getMsg HTTP/1.1" 200 27
222.70.168.101 - - [22/Aug/2023:09:23:46 +0800] "GET /xingrg/all/function/internal_message.html?_=1692667458526&CODE_STATE=getMsg HTTP/1.1" 200 27
180.165.48.189 - - [22/Aug/2023:09:23:47 +0800] "POST /xingrg/kc/buy/cgsh_order_operate.html HTTP/1.1" 200 37
124.78.155.92 - - [22/Aug/2023:09:23:52 +0800] "GET /xingrg/all/function/internal_message.html?_=1692667430922&CODE_STATE=getMsg HTTP/1.1" 200 27
180.163.28.180 - - [22/Aug/2023:09:23:52 +0800] "GET /xingrg/all/function/internal_message.html?_=1692667370936&CODE_STATE=getMsg HTTP/1.1" 302 -
180.163.28.180 - - [22/Aug/2023:09:23:52 +0800] "GET /xingrg/login.html HTTP/1.1" 200 7641
120.253.135.82 - - [22/Aug/2023:09:23:52 +0800] "GET /xingrg/all/function/internal_message.html?_=1692667573243&CODE_STATE=getMsg HTTP/1.1" 302 -
120.253.135.82 - - [22/Aug/2023:09:23:52 +0800] "GET /xingrg/login.html HTTP/1.1" 200 7641
120.253.135.82 - - [22/Aug/2023:09:23:54 +0800] "GET /xingrg/all/function/internal_message.html?_=1692667248417&CODE_STATE=getMsg HTTP/1.1" 200 27
221.239.167.251 - - [22/Aug/2023:09:24:07 +0800] "GET /xingrg/all/function/internal_message.html?_=1692667447135&CODE_STATE=getMsg HTTP/1.1" 200 27
116.232.195.127 - - [22/Aug/2023:09:24:08 +0800] "GET /xingrg/all/function/internal_message.html?_=1692667365234&CODE_STATE=getMsg HTTP/1.1" 200 27
222.70.180.200 - - [22/Aug/2023:09:24:14 +0800] "GET /xingrg/all/function/internal_message.html?_=1692667454739&CODE_STATE=getMsg HTTP/1.1" 200 27
180.152.241.196 - - [22/Aug/2023:09:24:14 +0800] "GET /xingrg/all/function/internal_message.html?_=1692667454916&CODE_STATE=getMsg HTTP/1.1" 302 -
114.95.241.104 - - [22/Aug/2023:09:24:18 +0800] "GET /xingrg/check_reg.html?_=1692667458198 HTTP/1.1" 200 22
114.95.241.104 - - [22/Aug/2023:09:24:18 +0800] "GET /xingrg/all/function/internal_message.html?_=1692667458201&CODE_STATE=getMsg HTTP/1.1" 200 27
222.70.180.200 - - [22/Aug/2023:09:24:19 +0800] "GET /xingrg/kc/buy/cgsh_order_operate.html?command=get_materiel&rest_code=00111&code=00101008674&supplier_code=00100005&order_time=2023-08-22 HTTP/1.1" 200 412
114.95.241.104 - - [22/Aug/2023:09:24:29 +0800] "GET /xingrg/all/function/internal_message.html?_=1692667376723&CODE_STATE=getMsg HTTP/1.1" 200 27
101.83.145.37 - - [22/Aug/2023:09:24:30 +0800] "GET /xingrg/kc/buy/cgsh_order_operate.html?command=get_materiel&rest_code=00105&code=00101008168&supplier_code=00100203&order_time=2023-08-22 HTTP/1.1" 200 412
222.69.132.38 - - [22/Aug/2023:09:24:35 +0800] "GET /xingrg/all/function/internal_message.html?_=1692667613416&CODE_STATE=getMsg HTTP/1.1" 200 27
101.228.187.155 - - [22/Aug/2023:09:24:38 +0800] "GET /xingrg/all/function/internal_message.html?_=1692667478176&CODE_STATE=getMsg HTTP/1.1" 200 27
101.83.145.37 - - [22/Aug/2023:09:24:43 +0800] "GET /xingrg/all/function/internal_message.html?_=1692667281754&CODE_STATE=getMsg HTTP/1.1" 200 27
114.83.217.40 - - [22/Aug/2023:09:24:43 +0800] "GET /xingrg/check_reg.html?_=1692667483881 HTTP/1.1" 200 22
114.83.217.40 - - [22/Aug/2023:09:24:43 +0800] "GET /xingrg/all/function/internal_message.html?_=1692667483884&CODE_STATE=getMsg HTTP/1.1" 200 27
222.70.168.101 - - [22/Aug/2023:09:24:47 +0800] "GET /xingrg/all/function/internal_message.html?_=1692667518638&CODE_STATE=getMsg HTTP/1.1" 200 27
101.83.145.37 - - [22/Aug/2023:09:24:50 +0800] "GET /xingrg/kc/buy/cgsh_order_operate.html?command=get_materiel&rest_code=00105&code=00101008150&supplier_code=00100203&order_time=2023-08-22 HTTP/1.1" 200 409
124.78.155.92 - - [22/Aug/2023:09:24:52 +0800] "GET /xingrg/all/function/internal_message.html?_=1692667490894&CODE_STATE=getMsg HTTP/1.1" 200 27
180.163.29.79 - - [22/Aug/2023:09:24:52 +0800] "GET /xingrg/all/function/internal_message.html?_=1692667430922&CODE_STATE=getMsg HTTP/1.1" 302 -
180.163.29.79 - - [22/Aug/2023:09:24:52 +0800] "GET /xingrg/login.html HTTP/1.1" 200 7641
120.253.135.82 - - [22/Aug/2023:09:24:52 +0800] "GET /xingrg/all/function/internal_message.html?_=1692667633252&CODE_STATE=getMsg HTTP/1.1" 302 -
120.253.135.82 - - [22/Aug/2023:09:24:52 +0800] "GET /xingrg/login.html HTTP/1.1" 200 7641
120.253.135.82 - - [22/Aug/2023:09:24:54 +0800] "GET /xingrg/all/function/internal_message.html?_=1692667308517&CODE_STATE=getMsg HTTP/1.1" 200 27
