222.67.237.86 - - [22/Aug/2023:10:39:44 +0800] "GET /xingrg/kc/buy/cgsh_order_operate.html?command=get_materiel&rest_code=00141&code=00101008286&supplier_code=00100007&order_time=2023-08-22 HTTP/1.1" 200 408
222.67.237.86 - - [22/Aug/2023:10:39:52 +0800] "GET /xingrg/all/function/internal_message.html?_=1692671441115&CODE_STATE=getMsg HTTP/1.1" 200 27
222.67.237.86 - - [22/Aug/2023:10:39:52 +0800] "GET /xingrg/check_reg.html?_=1692671441114 HTTP/1.1" 200 22
120.253.135.82 - - [22/Aug/2023:10:39:53 +0800] "GET /xingrg/all/function/internal_message.html?_=1692672133599&CODE_STATE=getMsg HTTP/1.1" 302 -
120.253.135.82 - - [22/Aug/2023:10:39:53 +0800] "GET /xingrg/login.html HTTP/1.1" 200 7641
222.70.168.101 - - [22/Aug/2023:10:39:53 +0800] "GET /xingrg/check_reg.html?_=1692672025047 HTTP/1.1" 200 22
222.70.168.101 - - [22/Aug/2023:10:39:53 +0800] "GET /xingrg/all/function/internal_message.html?_=1692672025359&CODE_STATE=getMsg HTTP/1.1" 200 27
222.67.237.86 - - [22/Aug/2023:10:39:56 +0800] "GET /xingrg/kc/buy/cgsh_order_operate.html?command=get_materiel&rest_code=00141&code=00101008131&supplier_code=00100007&order_time=2023-08-22 HTTP/1.1" 200 409
222.70.168.101 - - [22/Aug/2023:10:39:59 +0800] "GET /xingrg/kc/buy/cgsh_order_operate.html?command=get_materiel&rest_code=00146&code=00101012026&supplier_code=00100033&order_time=2023-08-22 HTTP/1.1" 200 410
124.78.155.92 - - [22/Aug/2023:10:40:01 +0800] "GET /xingrg/check_reg.html?_=1692672000244 HTTP/1.1" 200 22
114.95.241.104 - - [22/Aug/2023:10:40:01 +0800] "GET /xingrg/all/function/internal_message.html?_=1692671909738&CODE_STATE=getMsg HTTP/1.1" 200 27
58.40.7.146 - - [22/Aug/2023:10:40:03 +0800] "GET /xingrg/all/function/internal_message.html?_=1692672003217&CODE_STATE=getMsg HTTP/1.1" 200 27
124.78.155.92 - - [22/Aug/2023:10:40:04 +0800] "GET /xingrg/all/function/internal_message.html?_=1692672003138&CODE_STATE=getMsg HTTP/1.1" 200 27
221.239.167.251 - - [22/Aug/2023:10:40:06 +0800] "GET /xingrg/all/function/internal_message.html?_=1692672005820&CODE_STATE=getMsg HTTP/1.1" 200 27
222.67.237.86 - - [22/Aug/2023:10:40:07 +0800] "GET /xingrg/kc/buy/cgsh_order_operate.html?command=get_materiel&rest_code=00141&code=00101008318&supplier_code=00100007&order_time=2023-08-22 HTTP/1.1" 200 408
116.232.195.127 - - [22/Aug/2023:10:40:08 +0800] "GET /xingrg/all/function/internal_message.html?_=1692671925254&CODE_STATE=getMsg HTTP/1.1" 200 27
221.239.167.251 - - [22/Aug/2023:10:40:14 +0800] "GET /xingrg/check_reg.html?_=1692672014144 HTTP/1.1" 200 22
180.165.48.189 - - [22/Aug/2023:10:40:17 +0800] "GET /xingrg/all/function/internal_message.html?_=1692672017267&CODE_STATE=getMsg HTTP/1.1" 200 27
114.95.241.104 - - [22/Aug/2023:10:40:18 +0800] "GET /xingrg/all/function/internal_message.html?_=1692672018371&CODE_STATE=getMsg HTTP/1.1" 200 27
222.67.237.86 - - [22/Aug/2023:10:40:21 +0800] "GET /xingrg/kc/buy/cgsh_order_operate.html?command=get_materiel&rest_code=00141&code=00101008005&supplier_code=00100007&order_time=2023-08-22 HTTP/1.1" 200 412
222.70.180.200 - - [22/Aug/2023:10:40:23 +0800] "GET /xingrg/all/function/internal_message.html?_=1692672023654&CODE_STATE=getMsg HTTP/1.1" 200 27
222.70.168.101 - - [22/Aug/2023:10:40:26 +0800] "GET /xingrg/kc/buy/cgsh_order_operate.html?command=get_materiel&rest_code=00146&code=00101012025&supplier_code=00100033&order_time=2023-08-22 HTTP/1.1" 200 412
180.152.241.196 - - [22/Aug/2023:10:40:27 +0800] "GET /xingrg/all/function/internal_message.html?_=1692672027692&CODE_STATE=getMsg HTTP/1.1" 200 27
101.83.145.37 - - [22/Aug/2023:10:40:27 +0800] "POST /xingrg/services/DataTransmitService HTTP/1.1" 200 501
180.169.147.146 - - [22/Aug/2023:10:40:32 +0800] "GET /xingrg/all/function/internal_message.html?_=1692672031602&CODE_STATE=getMsg HTTP/1.1" 200 27
180.152.241.196 - - [22/Aug/2023:10:40:33 +0800] "GET /xingrg/check_reg.html?_=1692672035459 HTTP/1.1" 302 -
180.157.253.42 - - [22/Aug/2023:10:40:34 +0800] "GET /xingrg/all/function/internal_message.html?_=1692672034160&CODE_STATE=getMsg HTTP/1.1" 200 27
222.69.132.38 - - [22/Aug/2023:10:40:35 +0800] "GET /xingrg/all/function/internal_message.html?_=1692672173423&CODE_STATE=getMsg HTTP/1.1" 200 27
101.228.187.155 - - [22/Aug/2023:10:40:38 +0800] "GET /xingrg/all/function/internal_message.html?_=1692672038298&CODE_STATE=getMsg HTTP/1.1" 200 27
222.67.237.86 - - [22/Aug/2023:10:40:40 +0800] "GET /xingrg/kc/buy/cgsh_order_operate.html?command=get_materiel&rest_code=00141&code=00101008271&supplier_code=00100007&order_time=2023-08-22 HTTP/1.1" 200 408
222.70.168.101 - - [22/Aug/2023:10:40:42 +0800] "GET /xingrg/kc/buy/cgsh_order_operate.html?command=get_materiel&rest_code=00146&code=00101023022&supplier_code=00100033&order_time=2023-08-22 HTTP/1.1" 200 406
114.83.217.40 - - [22/Aug/2023:10:40:43 +0800] "GET /xingrg/all/function/internal_message.html?_=1692672043700&CODE_STATE=getMsg HTTP/1.1" 200 27
114.83.217.40 - - [22/Aug/2023:10:40:45 +0800] "GET /xingrg/kc/base/wldb_order_list.html HTTP/1.1" 200 19221
114.83.217.40 - - [22/Aug/2023:10:40:46 +0800] "POST /xingrg/kc/base/wldb_list_operate.html HTTP/1.1" 200 928
222.67.237.86 - - [22/Aug/2023:10:40:52 +0800] "GET /xingrg/all/function/internal_message.html?_=1692671501104&CODE_STATE=getMsg HTTP/1.1" 200 27
120.253.135.82 - - [22/Aug/2023:10:40:53 +0800] "GET /xingrg/all/function/internal_message.html?_=1692672193616&CODE_STATE=getMsg HTTP/1.1" 302 -
120.253.135.82 - - [22/Aug/2023:10:40:53 +0800] "GET /xingrg/login.html HTTP/1.1" 200 7641
222.70.168.101 - - [22/Aug/2023:10:40:59 +0800] "POST /xingrg/kc/buy/cgsh_order_operate.html HTTP/1.1" 200 37
114.95.241.104 - - [22/Aug/2023:10:41:01 +0800] "GET /xingrg/all/function/internal_message.html?_=1692671969751&CODE_STATE=getMsg HTTP/1.1" 200 27
58.40.7.146 - - [22/Aug/2023:10:41:03 +0800] "GET /xingrg/all/function/internal_message.html?_=1692672063220&CODE_STATE=getMsg HTTP/1.1" 200 27
58.40.7.146 - - [22/Aug/2023:10:41:03 +0800] "GET /xingrg/check_reg.html?_=1692672063222 HTTP/1.1" 200 22
124.78.155.92 - - [22/Aug/2023:10:41:04 +0800] "GET /xingrg/all/function/internal_message.html?_=1692672063124&CODE_STATE=getMsg HTTP/1.1" 200 27
221.239.167.251 - - [22/Aug/2023:10:41:06 +0800] "GET /xingrg/all/function/internal_message.html?_=1692672065799&CODE_STATE=getMsg HTTP/1.1" 200 27
116.232.195.127 - - [22/Aug/2023:10:41:08 +0800] "GET /xingrg/all/function/internal_message.html?_=1692671985251&CODE_STATE=getMsg HTTP/1.1" 200 27
180.165.48.189 - - [22/Aug/2023:10:41:17 +0800] "GET /xingrg/all/function/internal_message.html?_=1692672077247&CODE_STATE=getMsg HTTP/1.1" 200 27
114.95.241.104 - - [22/Aug/2023:10:41:18 +0800] "GET /xingrg/all/function/internal_message.html?_=1692672078371&CODE_STATE=getMsg HTTP/1.1" 200 27
222.70.180.200 - - [22/Aug/2023:10:41:23 +0800] "GET /xingrg/all/function/internal_message.html?_=1692672083653&CODE_STATE=getMsg HTTP/1.1" 200 27
180.152.241.196 - - [22/Aug/2023:10:41:27 +0800] "GET /xingrg/all/function/internal_message.html?_=1692672087669&CODE_STATE=getMsg HTTP/1.1" 200 27
222.70.168.101 - - [22/Aug/2023:10:41:31 +0800] "POST /xingrg/kc/buy/cgsh_order_operate.html HTTP/1.1" 200 3828
180.169.147.146 - - [22/Aug/2023:10:41:32 +0800] "GET /xingrg/all/function/internal_message.html?_=1692672091600&CODE_STATE=getMsg HTTP/1.1" 200 27
222.70.168.101 - - [22/Aug/2023:10:41:33 +0800] "GET /xingrg/all/function/internal_message.html?_=1692672125326&CODE_STATE=getMsg HTTP/1.1" 200 27
180.157.253.42 - - [22/Aug/2023:10:41:34 +0800] "GET /xingrg/all/function/internal_message.html?_=1692672094156&CODE_STATE=getMsg HTTP/1.1" 200 27
222.70.168.101 - - [22/Aug/2023:10:41:35 +0800] "GET /xingrg/kc/print/load_data.html?order_code=212023082208878&kc_code=cgsh&condition= HTTP/1.1" 200 1164
222.69.132.38 - - [22/Aug/2023:10:41:35 +0800] "GET /xingrg/all/function/internal_message.html?_=1692672233421&CODE_STATE=getMsg HTTP/1.1" 200 27
101.228.187.155 - - [22/Aug/2023:10:41:38 +0800] "GET /xingrg/all/function/internal_message.html?_=1692672098297&CODE_STATE=getMsg HTTP/1.1" 200 27
222.70.168.101 - - [22/Aug/2023:10:41:43 +0800] "GET /xingrg/kc/buy/cgsh_order_add.html HTTP/1.1" 200 71964
114.83.217.40 - - [22/Aug/2023:10:41:43 +0800] "GET /xingrg/all/function/internal_message.html?_=1692672103680&CODE_STATE=getMsg HTTP/1.1" 200 27
222.70.168.101 - - [22/Aug/2023:10:41:43 +0800] "POST /xingrg/kc/buy/cgsh_order_operate.html HTTP/1.1" 200 8245
222.70.168.101 - - [22/Aug/2023:10:41:43 +0800] "GET /xingrg/javascript/easyui/themes/default/validatebox.css HTTP/1.1" 404 1104
222.67.237.86 - - [22/Aug/2023:10:41:52 +0800] "GET /xingrg/all/function/internal_message.html?_=1692671561132&CODE_STATE=getMsg HTTP/1.1" 200 27
120.253.135.82 - - [22/Aug/2023:10:41:53 +0800] "GET /xingrg/all/function/internal_message.html?_=1692672253608&CODE_STATE=getMsg HTTP/1.1" 302 -
120.253.135.82 - - [22/Aug/2023:10:41:53 +0800] "GET /xingrg/login.html HTTP/1.1" 200 7641
222.69.132.38 - - [22/Aug/2023:10:41:57 +0800] "GET /xingrg/kc/buy/cgsh_order_list.html HTTP/1.1" 200 56188
222.70.168.101 - - [22/Aug/2023:10:42:00 +0800] "GET /xingrg/kc/buy/cgsh_order_operate.html?command=get_materiel&rest_code=00146&code=00101003025&supplier_code=00100041&order_time=2023-08-22 HTTP/1.1" 200 409
114.95.241.104 - - [22/Aug/2023:10:42:02 +0800] "GET /xingrg/all/function/internal_message.html?_=1692672029786&CODE_STATE=getMsg HTTP/1.1" 200 27
222.69.132.38 - - [22/Aug/2023:10:42:03 +0800] "POST /xingrg/kc/buy/cgsh_list_operate.html HTTP/1.1" 200 1855
58.40.7.146 - - [22/Aug/2023:10:42:03 +0800] "GET /xingrg/all/function/internal_message.html?_=1692672123223&CODE_STATE=getMsg HTTP/1.1" 200 27
124.78.155.92 - - [22/Aug/2023:10:42:04 +0800] "GET /xingrg/all/function/internal_message.html?_=1692672123101&CODE_STATE=getMsg HTTP/1.1" 200 27
222.69.132.38 - - [22/Aug/2023:10:42:04 +0800] "GET /xingrg/kc/buy/cgsh_order_add.html HTTP/1.1" 200 71168
222.69.132.38 - - [22/Aug/2023:10:42:04 +0800] "GET /xingrg/words/20230821143102_words.js HTTP/1.1" 304 -
222.70.180.200 - - [22/Aug/2023:10:42:04 +0800] "GET /xingrg/login.html HTTP/1.1" 200 7641
222.69.132.38 - - [22/Aug/2023:10:42:04 +0800] "POST /xingrg/kc/buy/cgsh_order_operate.html HTTP/1.1" 200 8245
222.69.132.38 - - [22/Aug/2023:10:42:04 +0800] "GET /xingrg/javascript/easyui/themes/default/validatebox.css HTTP/1.1" 404 1104
222.69.132.38 - - [22/Aug/2023:10:42:04 +0800] "GET /xingrg/all/common/auto_word.html?type=employee&rest_code=00154 HTTP/1.1" 200 101
222.69.132.38 - - [22/Aug/2023:10:42:04 +0800] "GET /xingrg/all/common/auto_word.html?type=employee&rest_code=00154 HTTP/1.1" 200 101
222.70.180.200 - - [22/Aug/2023:10:42:05 +0800] "GET /favicon.ico HTTP/1.1" 404 -
221.239.167.251 - - [22/Aug/2023:10:42:06 +0800] "GET /xingrg/all/function/internal_message.html?_=1692672125777&CODE_STATE=getMsg HTTP/1.1" 200 27
116.232.195.127 - - [22/Aug/2023:10:42:08 +0800] "GET /xingrg/check_reg.html?_=1692672045245 HTTP/1.1" 200 22
116.232.195.127 - - [22/Aug/2023:10:42:08 +0800] "GET /xingrg/all/function/internal_message.html?_=1692672045251&CODE_STATE=getMsg HTTP/1.1" 200 27
222.69.132.38 - - [22/Aug/2023:10:42:10 +0800] "GET /xingrg/javascript/auto/indicator.gif HTTP/1.1" 404 1066
180.165.48.189 - - [22/Aug/2023:10:42:17 +0800] "GET /xingrg/all/function/internal_message.html?_=1692672137234&CODE_STATE=getMsg HTTP/1.1" 200 27
114.95.241.104 - - [22/Aug/2023:10:42:18 +0800] "GET /xingrg/all/function/internal_message.html?_=1692672138378&CODE_STATE=getMsg HTTP/1.1" 200 27
222.70.180.200 - - [22/Aug/2023:10:42:23 +0800] "GET /xingrg/all/function/internal_message.html?_=1692672143649&CODE_STATE=getMsg HTTP/1.1" 200 27
222.70.168.101 - - [22/Aug/2023:10:42:25 +0800] "GET /xingrg/kc/buy/cgsh_order_operate.html?command=get_materiel&rest_code=00146&code=00101001075&supplier_code=00100041&order_time=2023-08-22 HTTP/1.1" 200 409
180.152.241.196 - - [22/Aug/2023:10:42:27 +0800] "GET /xingrg/check_reg.html?_=1692672147636 HTTP/1.1" 200 22
180.152.241.196 - - [22/Aug/2023:10:42:27 +0800] "GET /xingrg/all/function/internal_message.html?_=1692672147638&CODE_STATE=getMsg HTTP/1.1" 200 27
180.169.147.146 - - [22/Aug/2023:10:42:32 +0800] "GET /xingrg/all/function/internal_message.html?_=1692672151615&CODE_STATE=getMsg HTTP/1.1" 200 27
222.70.180.200 - - [22/Aug/2023:10:42:33 +0800] "POST /xingrg/login.do HTTP/1.1" 302 -
222.70.180.200 - - [22/Aug/2023:10:42:33 +0800] "GET /xingrg/index.html?sysBaseUrl=http%3A%2F%2F180.169.147.146%3A18081%2Fxingrg%2F&costTime=958×tamp=1692672153411 HTTP/1.1" 200 17173
222.70.168.101 - - [22/Aug/2023:10:42:33 +0800] "GET /xingrg/all/function/internal_message.html?_=1692672185337&CODE_STATE=getMsg HTTP/1.1" 200 27
222.70.180.200 - - [22/Aug/2023:10:42:33 +0800] "GET /favicon.ico HTTP/1.1" 404 -
222.70.180.200 - - [22/Aug/2023:10:42:33 +0800] "GET /xingrg/check_reg.html?_=1692672153873 HTTP/1.1" 200 22
222.70.180.200 - - [22/Aug/2023:10:42:33 +0800] "GET /xingrg/all/function/internal_message.html?_=1692672153872&CODE_STATE=count HTTP/1.1" 200 11
222.70.180.200 - - [22/Aug/2023:10:42:33 +0800] "POST /xingrg/all/common/load_tree.html?tree=area_rest_tree_json&manage=1 HTTP/1.1" 200 342
222.70.180.200 - - [22/Aug/2023:10:42:34 +0800] "POST /xingrg/load_menu.html HTTP/1.1" 200 5138
180.157.253.42 - - [22/Aug/2023:10:42:34 +0800] "GET /xingrg/all/function/internal_message.html?_=1692672154154&CODE_STATE=getMsg HTTP/1.1" 200 27
222.69.132.38 - - [22/Aug/2023:10:42:35 +0800] "GET /xingrg/all/function/internal_message.html?_=1692672293409&CODE_STATE=getMsg HTTP/1.1" 200 27
101.228.187.155 - - [22/Aug/2023:10:42:38 +0800] "GET /xingrg/all/function/internal_message.html?_=1692672158313&CODE_STATE=getMsg HTTP/1.1" 200 27
101.228.187.155 - - [22/Aug/2023:10:42:38 +0800] "GET /xingrg/check_reg.html?_=1692672158316 HTTP/1.1" 200 22
180.152.241.196 - - [22/Aug/2023:10:42:39 +0800] "GET /xingrg/kc/base/wldb_order_add.html HTTP/1.1" 200 30494
180.152.241.196 - - [22/Aug/2023:10:42:39 +0800] "POST /xingrg/kc/base/wldb_order_operate.html HTTP/1.1" 200 6806
180.152.241.196 - - [22/Aug/2023:10:42:39 +0800] "GET /xingrg/javascript/easyui/themes/default/validatebox.css HTTP/1.1" 404 1104
180.152.241.196 - - [22/Aug/2023:10:42:40 +0800] "POST /xingrg/all/common/load_combo.html?type=base HTTP/1.1" 200 3321
222.69.132.38 - - [22/Aug/2023:10:42:41 +0800] "GET /xingrg/kc/buy/cgsh_order_operate.html?command=get_materiel&rest_code=00154&code=00101028074&supplier_code=00100427&order_time=2023-08-22 HTTP/1.1" 200 428
180.152.241.196 - - [22/Aug/2023:10:42:42 +0800] "POST /xingrg/all/common/load_combo.html?type=base HTTP/1.1" 200 3321
114.83.217.40 - - [22/Aug/2023:10:42:43 +0800] "GET /xingrg/all/function/internal_message.html?_=1692672163660&CODE_STATE=getMsg HTTP/1.1" 200 27
222.67.237.86 - - [22/Aug/2023:10:42:44 +0800] "GET /xingrg/kc/buy/cgsh_order_operate.html?command=get_materiel&rest_code=00141&code=00101008004&supplier_code=00100007&order_time=2023-08-22 HTTP/1.1" 200 416
114.83.217.40 - - [22/Aug/2023:10:42:48 +0800] "GET /xingrg/kc/base/wldb_order_add.html HTTP/1.1" 200 30504
114.83.217.40 - - [22/Aug/2023:10:42:48 +0800] "POST /xingrg/kc/base/wldb_order_operate.html HTTP/1.1" 200 6806
114.83.217.40 - - [22/Aug/2023:10:42:48 +0800] "GET /xingrg/all/common/auto_word.html?type=base&rest_code=00149 HTTP/1.1" 200 1907
114.83.217.40 - - [22/Aug/2023:10:42:48 +0800] "GET /xingrg/all/common/auto_word.html?type=base&rest_code=00149 HTTP/1.1" 200 1907
114.83.217.40 - - [22/Aug/2023:10:42:48 +0800] "GET /xingrg/javascript/easyui/themes/default/validatebox.css HTTP/1.1" 404 1104
222.67.237.86 - - [22/Aug/2023:10:42:52 +0800] "GET /xingrg/all/function/internal_message.html?_=1692671621092&CODE_STATE=getMsg HTTP/1.1" 200 27
120.253.135.82 - - [22/Aug/2023:10:42:53 +0800] "GET /xingrg/check_reg.html?_=1692672313633 HTTP/1.1" 302 -
120.253.135.82 - - [22/Aug/2023:10:42:53 +0800] "GET /xingrg/all/function/internal_message.html?_=1692672313632&CODE_STATE=getMsg HTTP/1.1" 302 -
120.253.135.82 - - [22/Aug/2023:10:42:53 +0800] "GET /xingrg/login.html HTTP/1.1" 200 7641
120.253.135.82 - - [22/Aug/2023:10:42:53 +0800] "GET /xingrg/login.html HTTP/1.1" 200 7641
222.70.168.101 - - [22/Aug/2023:10:42:55 +0800] "POST /xingrg/kc/buy/cgsh_order_operate.html HTTP/1.1" 200 37
180.152.241.196 - - [22/Aug/2023:10:42:56 +0800] "GET /xingrg/kc/base/wldb_order_operate.html?command=get_materiel&rest_code=00102&base_code=0010476&code=00101019108 HTTP/1.1" 200 477
58.40.7.146 - - [22/Aug/2023:10:42:58 +0800] "POST /xingrg/dwr/call/plaincall/AjaxReportQueryService.refreshCache.dwr HTTP/1.1" 200 78
222.70.168.101 - - [22/Aug/2023:10:42:59 +0800] "POST /xingrg/kc/buy/cgsh_order_operate.html HTTP/1.1" 200 3240
114.95.241.104 - - [22/Aug/2023:10:43:02 +0800] "GET /xingrg/all/function/internal_message.html?_=1692672089794&CODE_STATE=getMsg HTTP/1.1" 200 27
114.83.217.40 - - [22/Aug/2023:10:43:03 +0800] "GET /xingrg/kc/base/wldb_order_operate.html?command=get_materiel&rest_code=00149&base_code=0010394&code=00101016094 HTTP/1.1" 200 468
58.40.7.146 - - [22/Aug/2023:10:43:03 +0800] "GET /xingrg/all/function/internal_message.html?_=1692672183219&CODE_STATE=getMsg HTTP/1.1" 200 27
124.78.155.92 - - [22/Aug/2023:10:43:04 +0800] "GET /xingrg/all/function/internal_message.html?_=1692672183071&CODE_STATE=getMsg HTTP/1.1" 200 27
222.70.180.200 - - [22/Aug/2023:10:43:05 +0800] "GET /xingrg/kc/mdqp/qp_main.html HTTP/1.1" 200 10633
222.70.180.200 - - [22/Aug/2023:10:43:05 +0800] "GET /xingrg/images/blue/button/psshd.gif HTTP/1.1" 200 2692
222.70.180.200 - - [22/Aug/2023:10:43:05 +0800] "GET /xingrg/images/blue/button/qqpsd.gif HTTP/1.1" 200 2548
222.70.180.200 - - [22/Aug/2023:10:43:05 +0800] "GET /xingrg/images/blue/button/pszx.gif HTTP/1.1" 200 2648
221.239.167.251 - - [22/Aug/2023:10:43:06 +0800] "GET /xingrg/all/function/internal_message.html?_=1692672185764&CODE_STATE=getMsg HTTP/1.1" 200 27
222.69.132.38 - - [22/Aug/2023:10:43:06 +0800] "POST /xingrg/kc/buy/cgsh_order_operate.html HTTP/1.1" 200 37
180.152.241.196 - - [22/Aug/2023:10:43:07 +0800] "GET /xingrg/kc/base/wldb_order_operate.html?command=get_materiel&rest_code=00102&base_code=0010476&code=00101019238 HTTP/1.1" 200 468
114.83.217.40 - - [22/Aug/2023:10:43:08 +0800] "GET /xingrg/kc/base/wldb_order_operate.html?command=get_materiel&rest_code=00149&base_code=0010394&code=00101019376 HTTP/1.1" 200 476
116.232.195.127 - - [22/Aug/2023:10:43:08 +0800] "GET /xingrg/all/function/internal_message.html?_=1692672105240&CODE_STATE=getMsg HTTP/1.1" 200 27
222.70.180.200 - - [22/Aug/2023:10:43:09 +0800] "GET /xingrg/kc/mdqp/pssh_order_list.html HTTP/1.1" 200 17923
58.40.7.146 - - [22/Aug/2023:10:43:10 +0800] "POST /xingrg/all/report/load_report_page.html HTTP/1.1" 200 18366
222.70.180.200 - - [22/Aug/2023:10:43:10 +0800] "POST /xingrg/kc/mdqp/pssh_list_operate.html HTTP/1.1" 200 5378
58.40.7.146 - - [22/Aug/2023:10:43:10 +0800] "GET /xingrg/servlets/image?cache=0.6690982180312856&image=px HTTP/1.1" 200 807
114.83.217.40 - - [22/Aug/2023:10:43:11 +0800] "GET /xingrg/kc/base/wldb_order_operate.html?command=get_materiel&rest_code=00149&base_code=0010394&code=00101019391 HTTP/1.1" 200 485
180.152.241.196 - - [22/Aug/2023:10:43:12 +0800] "GET /xingrg/kc/base/wldb_order_operate.html?command=get_materiel&rest_code=00102&base_code=0010476&code=00101019438 HTTP/1.1" 200 460
101.83.145.37 - - [22/Aug/2023:10:43:12 +0800] "GET /xingrg/index.html?sysBaseUrl=http%3A%2F%2F180.169.147.146%3A18081%2Fxingrg%2F&costTime=32×tamp=1585224308505 HTTP/1.1" 302 -
101.83.145.37 - - [22/Aug/2023:10:43:12 +0800] "GET /xingrg/login.html HTTP/1.1" 200 7641
101.83.145.37 - - [22/Aug/2023:10:43:13 +0800] "GET /favicon.ico HTTP/1.1" 404 -
222.67.237.86 - - [22/Aug/2023:10:43:14 +0800] "GET /xingrg/kc/buy/cgsh_order_operate.html?command=get_materiel&rest_code=00141&code=00101008277&supplier_code=00100007&order_time=2023-08-22 HTTP/1.1" 200 412
180.165.48.189 - - [22/Aug/2023:10:43:17 +0800] "GET /xingrg/all/function/internal_message.html?_=1692672197215&CODE_STATE=getMsg HTTP/1.1" 200 27
114.95.241.104 - - [22/Aug/2023:10:43:18 +0800] "GET /xingrg/all/function/internal_message.html?_=1692672198379&CODE_STATE=getMsg HTTP/1.1" 200 27
180.165.48.189 - - [22/Aug/2023:10:43:18 +0800] "GET /xingrg/check_reg.html?_=1692672198421 HTTP/1.1" 200 22
222.69.132.38 - - [22/Aug/2023:10:43:18 +0800] "POST /xingrg/kc/buy/cgsh_order_operate.html HTTP/1.1" 200 12
114.83.217.40 - - [22/Aug/2023:10:43:18 +0800] "GET /xingrg/kc/base/wldb_order_operate.html?command=get_materiel&rest_code=00149&base_code=0010394&code=00101019222 HTTP/1.1" 200 451
180.152.241.196 - - [22/Aug/2023:10:43:19 +0800] "GET /xingrg/kc/base/wldb_order_operate.html?command=get_materiel&rest_code=00102&base_code=0010476&code=00101020144 HTTP/1.1" 200 449
222.70.180.200 - - [22/Aug/2023:10:43:20 +0800] "POST /xingrg/kc/mdqp/pssh_list_operate.html HTTP/1.1" 200 262
222.70.180.200 - - [22/Aug/2023:10:43:21 +0800] "GET /xingrg/kc/mdqp/pssh_order_info.html?code=312023082200560 HTTP/1.1" 200 17271
222.70.180.200 - - [22/Aug/2023:10:43:21 +0800] "GET /xingrg/javascript/jquery_tools/jquery-1.4.2.min.js HTTP/1.1" 404 1094
222.70.180.200 - - [22/Aug/2023:10:43:21 +0800] "GET /xingrg/javascript/easyui/themes/icons/back_new.png HTTP/1.1" 200 3414
222.70.180.200 - - [22/Aug/2023:10:43:21 +0800] "GET /xingrg/javascript/easyui/themes/default/validatebox.css HTTP/1.1" 404 1104
222.70.180.200 - - [22/Aug/2023:10:43:21 +0800] "GET /xingrg/all/common/auto_word.html?type=base&rest_code=00111&rest_code=00111 HTTP/1.1" 200 1753
222.70.180.200 - - [22/Aug/2023:10:43:21 +0800] "GET /xingrg/all/common/auto_word.html?type=employee&rest_code=00111 HTTP/1.1" 200 201
222.70.180.200 - - [22/Aug/2023:10:43:21 +0800] "POST /xingrg/kc/mdqp/pssh_order_operate.html HTTP/1.1" 200 541
222.70.180.200 - - [22/Aug/2023:10:43:23 +0800] "GET /xingrg/all/function/internal_message.html?_=1692672203664&CODE_STATE=getMsg HTTP/1.1" 200 27
222.70.180.200 - - [22/Aug/2023:10:43:23 +0800] "GET /xingrg/check_reg.html?_=1692672203665 HTTP/1.1" 200 22
114.83.217.40 - - [22/Aug/2023:10:43:24 +0800] "GET /xingrg/kc/base/wldb_order_operate.html?command=get_materiel&rest_code=00149&base_code=0010394&code=00101019183 HTTP/1.1" 200 448
180.152.241.196 - - [22/Aug/2023:10:43:25 +0800] "GET /xingrg/kc/base/wldb_order_operate.html?command=get_materiel&rest_code=00102&base_code=0010476&code=00101019063 HTTP/1.1" 200 461
222.70.180.200 - - [22/Aug/2023:10:43:26 +0800] "GET /xingrg/kc/mdqp/pssh_order_list.html?isBack=1 HTTP/1.1" 200 17923
222.69.132.38 - - [22/Aug/2023:10:43:26 +0800] "GET /xingrg/kc/buy/cgsh_order_info.html?code=212023082208880 HTTP/1.1" 200 66083
222.69.132.38 - - [22/Aug/2023:10:43:26 +0800] "GET /xingrg/javascript/easyui/themes/default/validatebox.css HTTP/1.1" 404 1104
222.70.180.200 - - [22/Aug/2023:10:43:26 +0800] "POST /xingrg/kc/mdqp/pssh_list_operate.html HTTP/1.1" 200 5378
180.152.241.196 - - [22/Aug/2023:10:43:27 +0800] "GET /xingrg/all/function/internal_message.html?_=1692672207639&CODE_STATE=getMsg HTTP/1.1" 200 27
222.69.132.38 - - [22/Aug/2023:10:43:27 +0800] "POST /xingrg/kc/buy/cgsh_order_operate.html HTTP/1.1" 200 636
222.69.132.38 - - [22/Aug/2023:10:43:29 +0800] "GET /xingrg/kc/print/load_config.html?kc_code=cgsh HTTP/1.1" 200 1924
180.152.241.196 - - [22/Aug/2023:10:43:29 +0800] "GET /xingrg/login.html HTTP/1.1" 200 7641
222.69.132.38 - - [22/Aug/2023:10:43:29 +0800] "GET /xingrg/kc/print/load_data.html?order_code=212023082208880&kc_code=cgsh&condition= HTTP/1.1" 200 737
180.152.241.196 - - [22/Aug/2023:10:43:29 +0800] "GET /favicon.ico HTTP/1.1" 404 -
114.83.217.40 - - [22/Aug/2023:10:43:29 +0800] "GET /xingrg/kc/base/wldb_order_operate.html?command=get_materiel&rest_code=00149&base_code=0010394&code=00101019400 HTTP/1.1" 200 465
180.152.241.196 - - [22/Aug/2023:10:43:31 +0800] "GET /xingrg/kc/base/wldb_order_operate.html?command=get_materiel&rest_code=00102&base_code=0010476&code=00101019015 HTTP/1.1" 200 451
222.70.180.200 - - [22/Aug/2023:10:43:32 +0800] "POST /xingrg/kc/mdqp/pssh_list_operate.html HTTP/1.1" 200 753
180.169.147.146 - - [22/Aug/2023:10:43:32 +0800] "GET /xingrg/check_reg.html?_=1692672211614 HTTP/1.1" 200 22
180.169.147.146 - - [22/Aug/2023:10:43:32 +0800] "GET /xingrg/all/function/internal_message.html?_=1692672211615&CODE_STATE=getMsg HTTP/1.1" 200 27
180.152.241.196 - - [22/Aug/2023:10:43:32 +0800] "POST /xingrg/login.do HTTP/1.1" 302 -
180.152.241.196 - - [22/Aug/2023:10:43:32 +0800] "GET /xingrg/index.html?sysBaseUrl=http%3A%2F%2F180.169.147.146%3A18081%2Fxingrg%2F&costTime=1329×tamp=1692672212762 HTTP/1.1" 200 17173
180.152.241.196 - - [22/Aug/2023:10:43:33 +0800] "GET /favicon.ico HTTP/1.1" 404 -
222.70.180.200 - - [22/Aug/2023:10:43:33 +0800] "GET /xingrg/kc/mdqp/pssh_order_info.html?code=312023082000474 HTTP/1.1" 200 14382
222.70.180.200 - - [22/Aug/2023:10:43:33 +0800] "GET /xingrg/javascript/jquery_tools/jquery-1.4.2.min.js HTTP/1.1" 404 1094
180.152.241.196 - - [22/Aug/2023:10:43:33 +0800] "GET /xingrg/all/function/internal_message.html?_=1692672221042&CODE_STATE=count HTTP/1.1" 200 11
180.152.241.196 - - [22/Aug/2023:10:43:33 +0800] "GET /xingrg/check_reg.html?_=1692672221043 HTTP/1.1" 200 22
180.152.241.196 - - [22/Aug/2023:10:43:33 +0800] "POST /xingrg/all/common/load_tree.html?tree=area_rest_tree_json&manage=1 HTTP/1.1" 200 342
222.70.180.200 - - [22/Aug/2023:10:43:33 +0800] "GET /xingrg/javascript/easyui/themes/icons/uncheck_new.png HTTP/1.1" 200 3197
180.152.241.196 - - [22/Aug/2023:10:43:33 +0800] "POST /xingrg/load_menu.html HTTP/1.1" 200 5138
222.70.180.200 - - [22/Aug/2023:10:43:33 +0800] "GET /xingrg/javascript/easyui/themes/default/validatebox.css HTTP/1.1" 404 1104
222.70.168.101 - - [22/Aug/2023:10:43:33 +0800] "GET /xingrg/all/function/internal_message.html?_=1692672245350&CODE_STATE=getMsg HTTP/1.1" 200 27
222.70.180.200 - - [22/Aug/2023:10:43:33 +0800] "POST /xingrg/kc/mdqp/pssh_order_operate.html HTTP/1.1" 200 14123
222.70.180.200 - - [22/Aug/2023:10:43:33 +0800] "GET /xingrg/all/function/internal_message.html?_=1692672213882&CODE_STATE=getMsg HTTP/1.1" 200 27
180.157.253.42 - - [22/Aug/2023:10:43:34 +0800] "GET /xingrg/check_reg.html?_=1692672214152 HTTP/1.1" 200 22
180.157.253.42 - - [22/Aug/2023:10:43:34 +0800] "GET /xingrg/all/function/internal_message.html?_=1692672214160&CODE_STATE=getMsg HTTP/1.1" 200 27
114.83.217.40 - - [22/Aug/2023:10:43:34 +0800] "GET /xingrg/kc/base/wldb_order_operate.html?command=get_materiel&rest_code=00149&base_code=0010394&code=00101016044 HTTP/1.1" 200 466
222.69.132.38 - - [22/Aug/2023:10:43:35 +0800] "GET /xingrg/all/function/internal_message.html?_=1692672353419&CODE_STATE=getMsg HTTP/1.1" 200 27
222.69.132.38 - - [22/Aug/2023:10:43:35 +0800] "GET /xingrg/check_reg.html?_=1692672353420 HTTP/1.1" 200 22
180.152.241.196 - - [22/Aug/2023:10:43:36 +0800] "GET /xingrg/kc/buy/cgsh_order_list.html HTTP/1.1" 200 56182
222.67.237.86 - - [22/Aug/2023:10:43:38 +0800] "GET /xingrg/kc/buy/cgsh_order_operate.html?command=get_materiel&rest_code=00141&code=00101023033&supplier_code=00100007&order_time=2023-08-22 HTTP/1.1" 200 409
180.152.241.196 - - [22/Aug/2023:10:43:38 +0800] "GET /xingrg/kc/base/wldb_order_operate.html?command=get_materiel&rest_code=00102&base_code=0010476&code=00101016094 HTTP/1.1" 200 469
101.228.187.155 - - [22/Aug/2023:10:43:38 +0800] "GET /xingrg/all/function/internal_message.html?_=1692672218299&CODE_STATE=getMsg HTTP/1.1" 200 27
180.152.241.196 - - [22/Aug/2023:10:43:39 +0800] "POST /xingrg/kc/buy/cgsh_list_operate.html HTTP/1.1" 200 986
180.152.241.196 - - [22/Aug/2023:10:43:40 +0800] "GET /xingrg/kc/mdqp/pssh_order_list.html HTTP/1.1" 200 18005
180.152.241.196 - - [22/Aug/2023:10:43:40 +0800] "POST /xingrg/kc/mdqp/pssh_list_operate.html HTTP/1.1" 200 5316
180.152.241.196 - - [22/Aug/2023:10:43:41 +0800] "POST /xingrg/kc/mdqp/pssh_list_operate.html HTTP/1.1" 200 254
180.152.241.196 - - [22/Aug/2023:10:43:42 +0800] "POST /xingrg/kc/mdqp/pssh_list_operate.html HTTP/1.1" 200 785
180.152.241.196 - - [22/Aug/2023:10:43:42 +0800] "POST /xingrg/kc/mdqp/pssh_list_operate.html HTTP/1.1" 200 361
114.83.217.40 - - [22/Aug/2023:10:43:43 +0800] "GET /xingrg/all/function/internal_message.html?_=1692672223634&CODE_STATE=getMsg HTTP/1.1" 200 27
180.152.241.196 - - [22/Aug/2023:10:43:44 +0800] "GET /xingrg/kc/mdqp/pssh_order_info.html?code=312023082100502 HTTP/1.1" 200 17297
180.152.241.196 - - [22/Aug/2023:10:43:44 +0800] "GET /xingrg/javascript/jquery_tools/jquery-1.4.2.min.js HTTP/1.1" 404 1094
180.152.241.196 - - [22/Aug/2023:10:43:44 +0800] "GET /xingrg/words/20230821143102_words.js HTTP/1.1" 304 -
180.152.241.196 - - [22/Aug/2023:10:43:45 +0800] "GET /xingrg/javascript/easyui/themes/default/validatebox.css HTTP/1.1" 404 1104
180.152.241.196 - - [22/Aug/2023:10:43:45 +0800] "GET /xingrg/all/common/auto_word.html?type=base&rest_code=00102&rest_code=00102 HTTP/1.1" 200 1857
180.152.241.196 - - [22/Aug/2023:10:43:45 +0800] "POST /xingrg/kc/mdqp/pssh_order_operate.html HTTP/1.1" 200 1065
180.152.241.196 - - [22/Aug/2023:10:43:45 +0800] "GET /xingrg/all/common/auto_word.html?type=employee&rest_code=00102 HTTP/1.1" 200 189
180.152.241.196 - - [22/Aug/2023:10:43:49 +0800] "GET /xingrg/kc/mdqp/pssh_order_info.html?code=312023082100501 HTTP/1.1" 200 17297
180.152.241.196 - - [22/Aug/2023:10:43:49 +0800] "GET /xingrg/javascript/jquery_tools/jquery-1.4.2.min.js HTTP/1.1" 404 1094
180.152.241.196 - - [22/Aug/2023:10:43:50 +0800] "GET /xingrg/javascript/easyui/themes/default/validatebox.css HTTP/1.1" 404 1104
222.67.237.86 - - [22/Aug/2023:10:43:50 +0800] "GET /xingrg/kc/buy/cgsh_order_operate.html?command=get_materiel&rest_code=00141&code=00101008175&supplier_code=00100007&order_time=2023-08-22 HTTP/1.1" 200 412
180.152.241.196 - - [22/Aug/2023:10:43:50 +0800] "POST /xingrg/kc/mdqp/pssh_order_operate.html HTTP/1.1" 200 5282
222.67.237.86 - - [22/Aug/2023:10:43:52 +0800] "GET /xingrg/all/function/internal_message.html?_=1692671681146&CODE_STATE=getMsg HTTP/1.1" 200 27
120.253.135.82 - - [22/Aug/2023:10:43:53 +0800] "GET /xingrg/all/function/internal_message.html?_=1692672373618&CODE_STATE=getMsg HTTP/1.1" 302 -
120.253.135.82 - - [22/Aug/2023:10:43:53 +0800] "GET /xingrg/login.html HTTP/1.1" 200 7641
180.152.241.196 - - [22/Aug/2023:10:43:54 +0800] "POST /xingrg/all/common/load_combo.html?type=employee HTTP/1.1" 200 353
114.83.217.40 - - [22/Aug/2023:10:43:56 +0800] "POST /xingrg/kc/base/wldb_order_operate.html HTTP/1.1" 200 37
172.20.0.100 - - [22/Aug/2023:10:43:56 +0800] "GET /xingrg/index.html?sysBaseUrl=http%3A%2F%2F172.17.0.8%3A18081%2Fxingrg%2F&costTime=213×tamp=1585200360465 HTTP/1.1" 302 -
172.20.0.100 - - [22/Aug/2023:10:43:56 +0800] "GET /xingrg/login.html HTTP/1.1" 200 7636
172.20.0.100 - - [22/Aug/2023:10:43:56 +0800] "GET /favicon.ico HTTP/1.1" 404 -
114.83.217.40 - - [22/Aug/2023:10:43:56 +0800] "POST /xingrg/kc/base/wldb_order_operate.html HTTP/1.1" 200 5198
180.152.241.196 - - [22/Aug/2023:10:43:57 +0800] "GET /xingrg/kc/base/wldb_order_operate.html?command=get_materiel&rest_code=00102&base_code=0010476&code=00101016086 HTTP/1.1" 200 468
114.83.217.40 - - [22/Aug/2023:10:43:58 +0800] "GET /xingrg/kc/base/wldb_order_info.html?code=422023082202332 HTTP/1.1" 200 30519
114.83.217.40 - - [22/Aug/2023:10:43:58 +0800] "GET /xingrg/javascript/easyui/themes/default/validatebox.css HTTP/1.1" 404 1104
114.83.217.40 - - [22/Aug/2023:10:43:59 +0800] "POST /xingrg/kc/base/wldb_order_operate.html HTTP/1.1" 200 5198
114.83.217.40 - - [22/Aug/2023:10:44:01 +0800] "GET /xingrg/kc/base/wldb_order_add.html HTTP/1.1" 200 30504
114.95.241.104 - - [22/Aug/2023:10:44:01 +0800] "GET /xingrg/check_reg.html?_=1692672149514 HTTP/1.1" 200 22
114.83.217.40 - - [22/Aug/2023:10:44:01 +0800] "POST /xingrg/kc/base/wldb_order_operate.html HTTP/1.1" 200 6806
114.95.241.104 - - [22/Aug/2023:10:44:02 +0800] "GET /xingrg/all/function/internal_message.html?_=1692672149807&CODE_STATE=getMsg HTTP/1.1" 200 27
114.83.217.40 - - [22/Aug/2023:10:44:02 +0800] "GET /xingrg/javascript/easyui/themes/default/validatebox.css HTTP/1.1" 404 1104
58.40.7.146 - - [22/Aug/2023:10:44:03 +0800] "GET /xingrg/all/function/internal_message.html?_=1692672243216&CODE_STATE=getMsg HTTP/1.1" 200 27
222.67.237.86 - - [22/Aug/2023:10:44:03 +0800] "GET /xingrg/kc/buy/cgsh_order_operate.html?command=get_materiel&rest_code=00141&code=00101008331&supplier_code=00100007&order_time=2023-08-22 HTTP/1.1" 200 416
124.78.155.92 - - [22/Aug/2023:10:44:04 +0800] "GET /xingrg/all/function/internal_message.html?_=1692672243047&CODE_STATE=getMsg HTTP/1.1" 200 27
221.239.167.251 - - [22/Aug/2023:10:44:05 +0800] "GET /xingrg/all/function/internal_message.html?_=1692672245741&CODE_STATE=getMsg HTTP/1.1" 200 27
180.152.241.196 - - [22/Aug/2023:10:44:06 +0800] "POST /xingrg/kc/base/wldb_order_operate.html HTTP/1.1" 200 37
180.152.241.196 - - [22/Aug/2023:10:44:07 +0800] "POST /xingrg/kc/base/wldb_order_operate.html HTTP/1.1" 200 5685
180.152.241.196 - - [22/Aug/2023:10:44:08 +0800] "GET /xingrg/kc/base/wldb_order_info.html?code=422023082202333 HTTP/1.1" 200 30509
180.152.241.196 - - [22/Aug/2023:10:44:08 +0800] "GET /xingrg/javascript/easyui/themes/default/validatebox.css HTTP/1.1" 404 1104
116.232.195.127 - - [22/Aug/2023:10:44:08 +0800] "GET /xingrg/all/function/internal_message.html?_=1692672165237&CODE_STATE=getMsg HTTP/1.1" 200 27
180.152.241.196 - - [22/Aug/2023:10:44:09 +0800] "POST /xingrg/kc/base/wldb_order_operate.html HTTP/1.1" 200 5685
180.152.241.196 - - [22/Aug/2023:10:44:09 +0800] "GET /xingrg/javascript/jquery_tools/images/next.gif HTTP/1.1" 404 1086
180.152.241.196 - - [22/Aug/2023:10:44:09 +0800] "GET /xingrg/javascript/jquery_tools/images/prev.gif HTTP/1.1" 404 1086
222.67.237.86 - - [22/Aug/2023:10:44:16 +0800] "POST /xingrg/kc/buy/cgsh_order_operate.html HTTP/1.1" 200 2065
180.165.48.189 - - [22/Aug/2023:10:44:17 +0800] "GET /xingrg/all/function/internal_message.html?_=1692672257198&CODE_STATE=getMsg HTTP/1.1" 200 27
114.83.217.40 - - [22/Aug/2023:10:44:18 +0800] "GET /xingrg/kc/base/wldb_order_operate.html?command=get_materiel&rest_code=00149&base_code=0010394&code=00101019503 HTTP/1.1" 200 467
114.95.241.104 - - [22/Aug/2023:10:44:18 +0800] "GET /xingrg/check_reg.html?_=1692672258379 HTTP/1.1" 200 22
114.95.241.104 - - [22/Aug/2023:10:44:18 +0800] "GET /xingrg/all/function/internal_message.html?_=1692672258384&CODE_STATE=getMsg HTTP/1.1" 200 27
180.152.241.196 - - [22/Aug/2023:10:44:18 +0800] "POST /xingrg/all/common/load_combo.html?type=base&rest_code=00102 HTTP/1.1" 200 3321
222.70.180.200 - - [22/Aug/2023:10:44:23 +0800] "GET /xingrg/all/function/internal_message.html?_=1692672263663&CODE_STATE=getMsg HTTP/1.1" 200 27
180.152.241.196 - - [22/Aug/2023:10:44:25 +0800] "POST /xingrg/kc/mdqp/pssh_order_operate.html HTTP/1.1" 200 37
101.83.145.37 - - [22/Aug/2023:10:44:27 +0800] "POST /xingrg/login.do HTTP/1.1" 302 -
101.83.145.37 - - [22/Aug/2023:10:44:27 +0800] "GET /xingrg/index.html?sysBaseUrl=http%3A%2F%2F180.169.147.146%3A18081%2Fxingrg%2F&costTime=2274×tamp=1692672267014 HTTP/1.1" 200 17173
101.83.145.37 - - [22/Aug/2023:10:44:27 +0800] "GET /favicon.ico HTTP/1.1" 404 -
101.83.145.37 - - [22/Aug/2023:10:44:27 +0800] "GET /xingrg/check_reg.html?_=1692672066162 HTTP/1.1" 200 22
101.83.145.37 - - [22/Aug/2023:10:44:27 +0800] "GET /xingrg/all/function/internal_message.html?_=1692672066161&CODE_STATE=count HTTP/1.1" 200 11
101.83.145.37 - - [22/Aug/2023:10:44:27 +0800] "POST /xingrg/all/common/load_tree.html?tree=area_rest_tree_json&manage=1 HTTP/1.1" 200 342
180.152.241.196 - - [22/Aug/2023:10:44:27 +0800] "GET /xingrg/all/function/internal_message.html?_=1692672267636&CODE_STATE=getMsg HTTP/1.1" 200 27
101.83.145.37 - - [22/Aug/2023:10:44:27 +0800] "POST /xingrg/load_menu.html HTTP/1.1" 200 5138
58.40.7.146 - - [22/Aug/2023:10:44:28 +0800] "POST /xingrg/dwr/call/plaincall/AjaxReportQueryService.refreshCache.dwr HTTP/1.1" 200 78
114.83.217.40 - - [22/Aug/2023:10:44:28 +0800] "GET /xingrg/kc/base/wldb_order_operate.html?command=get_materiel&rest_code=00149&base_code=0010394&code=00101027001 HTTP/1.1" 200 471
180.152.241.196 - - [22/Aug/2023:10:44:31 +0800] "POST /xingrg/kc/mdqp/pssh_order_operate.html HTTP/1.1" 200 12
180.152.241.196 - - [22/Aug/2023:10:44:31 +0800] "POST /xingrg/kc/base/wldb_order_operate.html HTTP/1.1" 200 37
180.169.147.146 - - [22/Aug/2023:10:44:32 +0800] "GET /xingrg/all/function/internal_message.html?_=1692672271613&CODE_STATE=getMsg HTTP/1.1" 200 27
180.152.241.196 - - [22/Aug/2023:10:44:33 +0800] "GET /xingrg/all/function/internal_message.html?_=1692672281071&CODE_STATE=getMsg HTTP/1.1" 200 27
114.83.217.40 - - [22/Aug/2023:10:44:33 +0800] "GET /xingrg/kc/base/wldb_order_operate.html?command=get_materiel&rest_code=00149&base_code=0010394&code=00101019058 HTTP/1.1" 200 453
180.152.241.196 - - [22/Aug/2023:10:44:33 +0800] "GET /xingrg/kc/mdqp/pssh_order_info.html?code=312023082100501 HTTP/1.1" 200 14386
180.152.241.196 - - [22/Aug/2023:10:44:33 +0800] "GET /xingrg/javascript/jquery_tools/jquery-1.4.2.min.js HTTP/1.1" 404 1094
222.70.168.101 - - [22/Aug/2023:10:44:33 +0800] "GET /xingrg/all/function/internal_message.html?_=1692672305364&CODE_STATE=getMsg HTTP/1.1" 200 27
180.152.241.196 - - [22/Aug/2023:10:44:33 +0800] "GET /xingrg/javascript/easyui/themes/default/validatebox.css HTTP/1.1" 404 1104
180.152.241.196 - - [22/Aug/2023:10:44:33 +0800] "POST /xingrg/kc/mdqp/pssh_order_operate.html HTTP/1.1" 200 5282
222.70.180.200 - - [22/Aug/2023:10:44:33 +0800] "GET /xingrg/all/function/internal_message.html?_=1692672273890&CODE_STATE=getMsg HTTP/1.1" 200 27
180.157.253.42 - - [22/Aug/2023:10:44:34 +0800] "GET /xingrg/all/function/internal_message.html?_=1692672274160&CODE_STATE=getMsg HTTP/1.1" 200 27
180.169.147.146 - - [22/Aug/2023:10:44:34 +0800] "GET /xingrg/check_reg.html?_=1692672274786 HTTP/1.1" 200 22
58.40.7.146 - - [22/Aug/2023:10:44:35 +0800] "POST /xingrg/all/report/load_report_page.html HTTP/1.1" 200 18378
58.40.7.146 - - [22/Aug/2023:10:44:35 +0800] "GET /xingrg/servlets/image?cache=0.19468691017552975&image=px HTTP/1.1" 200 807
222.69.132.38 - - [22/Aug/2023:10:44:35 +0800] "GET /xingrg/all/function/internal_message.html?_=1692672413433&CODE_STATE=getMsg HTTP/1.1" 200 27
180.152.241.196 - - [22/Aug/2023:10:44:35 +0800] "GET /xingrg/kc/print/load_config.html?kc_code=pssh HTTP/1.1" 200 2368
180.152.241.196 - - [22/Aug/2023:10:44:36 +0800] "GET /xingrg/kc/print/load_data.html?order_code=312023082100501&kc_code=pssh&condition= HTTP/1.1" 200 2318
101.228.187.155 - - [22/Aug/2023:10:44:38 +0800] "GET /xingrg/all/function/internal_message.html?_=1692672278299&CODE_STATE=getMsg HTTP/1.1" 200 27
180.152.241.196 - - [22/Aug/2023:10:44:41 +0800] "POST /xingrg/kc/base/wldb_order_operate.html HTTP/1.1" 200 12
180.152.241.196 - - [22/Aug/2023:10:44:41 +0800] "POST /xingrg/kc/base/wldb_order_operate.html HTTP/1.1" 200 5684
58.40.7.146 - - [22/Aug/2023:10:44:42 +0800] "GET /xingrg/all/report/report_query.html?isQuery=1&fileName=kc/buy/wlcg_cate_hz.xml&queryString=(CONVERT(char(10)%252Ca.order_time%252C%2520120)%253E%253D'2023-07-01')%2520and%2520(CONVERT(char(10)%252Ca.order_time%252C%2520120)%253C%253D'2023-07-31')%2520and%2520(a.supplier_code%2520in%2520('00100264'%252C'00100282'%252C'00100393'%252C'00100263'%252C'00100302'%252C'00100356'))%2520and%2520(a.number%253E0%2520and%2520a.supplier_code%253D'00100263')&queryText=%25E3%2580%2590%25E9%2587%2587%25E8%25B4%25AD%25E6%2597%25A5%25E6%259C%259F%253A2023-07-01%2520%25E8%2587%25B3%25202023-07-31%25E3%2580%2591%2520%25E5%25B9%25B6%25E4%25B8%2594%2520%2520%25E3%2580%2590%25E4%25BE%259B%25E5%25BA%2594%25E5%2595%2586%2520%253D%2520%25E5%2587%25AF%25E6%25B3%2589%25EF%25BC%2588%25E6%259E%259C%25E6%25B1%2581%25EF%25BC%2589%252C%25E5%25B9%25BF%25E8%25A5%25BF%25E5%25B7%25B4%25E9%25A9%25AC%25E4%25BF%25AA%25E5%2585%25A8%25E9%25A5%25AE%25E6%2596%2599%25E6%259C%2589%25E9%2599%2590%25E5%2585%25AC%25E5%258F%25B8%2520%252C%25E4%25B8%258A%25E6%25B5%25B7%25E7%25BB%25AA%25E5%25AE%259D%25E5%259B%25BD%25E9%2599%2585%25E8%25B4%25B8%25E6%2598%2593%25E6%259C%2589%25E9%2599%2590%25E5%2585%25AC%25E5%258F%25B8%252C%25E6%25AD%25A3%25E6%259E%259C%25E8%25B4%25B8%25E6%2598%2593%252C%25E4%25B8%258A%25E6%25B5%25B7%25E6%2598%25A5%25E6%2599%2596%25E6%2597%2585%25E6%25B8%25B8%25E7%2594%25A8%25E5%2593%2581%25E5%258E%2582%252C%25E4%25B8%258A%25E6%25B5%25B7%25E9%2581%2593%25E5%25BE%25A1%25E5%2595%2586%25E8%25B4%25B8%25E6%259C%2589%25E9%2599%2590%25E5%2585%25AC%25E5%258F%25B8%25E3%2580%2591%2520%25E5%25B9%25B6%25E4%25B8%2594%2520%25E3%2580%2590%25E4%25BE%259B%25E5%25BA%2594%25E5%2595%2586%253D%25E6%25AD%25A3%25E6%259E%259C%25E8%25B4%25B8%25E6%2598%2593%25E3%2580%2591 HTTP/1.1" 200 54719
58.40.7.146 - - [22/Aug/2023:10:44:42 +0800] "GET /xingrg/dwr/interface/AjaxReportQueryService.js HTTP/1.1" 200 13203
58.40.7.146 - - [22/Aug/2023:10:44:42 +0800] "GET /xingrg/dwr/engine.js HTTP/1.1" 200 43631
114.83.217.40 - - [22/Aug/2023:10:44:43 +0800] "GET /xingrg/all/function/internal_message.html?_=1692672283620&CODE_STATE=getMsg HTTP/1.1" 200 27
114.83.217.40 - - [22/Aug/2023:10:44:43 +0800] "GET /xingrg/check_reg.html?_=1692672283980 HTTP/1.1" 200 22
114.83.217.40 - - [22/Aug/2023:10:44:44 +0800] "GET /xingrg/kc/base/wldb_order_operate.html?command=get_materiel&rest_code=00149&base_code=0010394&code=00101019066 HTTP/1.1" 200 455
180.152.241.196 - - [22/Aug/2023:10:44:44 +0800] "GET /xingrg/kc/base/wldb_order_info.html?code=422023082202333 HTTP/1.1" 200 26371
180.152.241.196 - - [22/Aug/2023:10:44:44 +0800] "GET /xingrg/javascript/easyui/themes/default/validatebox.css HTTP/1.1" 404 1104
180.152.241.196 - - [22/Aug/2023:10:44:44 +0800] "POST /xingrg/kc/base/wldb_order_operate.html HTTP/1.1" 200 3898
58.40.7.146 - - [22/Aug/2023:10:44:45 +0800] "POST /xingrg/all/report/load_report_page.html HTTP/1.1" 200 8714
58.40.7.146 - - [22/Aug/2023:10:44:45 +0800] "GET /xingrg/servlets/image?cache=0.3267556624352851&image=px HTTP/1.1" 200 807
58.40.7.146 - - [22/Aug/2023:10:44:49 +0800] "POST /xingrg/all/report/load_report_page.html HTTP/1.1" 200 23300
58.40.7.146 - - [22/Aug/2023:10:44:49 +0800] "GET /xingrg/servlets/image?cache=0.8734770027660103&image=px HTTP/1.1" 200 807
222.67.237.86 - - [22/Aug/2023:10:44:52 +0800] "GET /xingrg/check_reg.html?_=1692671741179 HTTP/1.1" 200 22
222.67.237.86 - - [22/Aug/2023:10:44:52 +0800] "GET /xingrg/all/function/internal_message.html?_=1692671741180&CODE_STATE=getMsg HTTP/1.1" 200 27
120.253.135.82 - - [22/Aug/2023:10:44:53 +0800] "GET /xingrg/all/function/internal_message.html?_=1692672433723&CODE_STATE=getMsg HTTP/1.1" 302 -
120.253.135.82 - - [22/Aug/2023:10:44:53 +0800] "GET /xingrg/login.html HTTP/1.1" 200 7641
222.70.168.101 - - [22/Aug/2023:10:44:53 +0800] "GET /xingrg/check_reg.html?_=1692672325212 HTTP/1.1" 200 22
114.83.217.40 - - [22/Aug/2023:10:44:55 +0800] "GET /xingrg/kc/base/wldb_order_operate.html?command=get_materiel&rest_code=00149&base_code=0010394&code=00101016046 HTTP/1.1" 200 457
58.40.7.146 - - [22/Aug/2023:10:44:58 +0800] "POST /xingrg/all/report/report_print.html HTTP/1.1" 200 6144
114.83.217.40 - - [22/Aug/2023:10:44:59 +0800] "GET /xingrg/kc/base/wldb_order_operate.html?command=get_materiel&rest_code=00149&base_code=0010394&code=00101019306 HTTP/1.1" 200 479
124.78.155.92 - - [22/Aug/2023:10:45:01 +0800] "GET /xingrg/check_reg.html?_=1692672300241 HTTP/1.1" 200 22
114.95.241.104 - - [22/Aug/2023:10:45:02 +0800] "GET /xingrg/all/function/internal_message.html?_=1692672209821&CODE_STATE=getMsg HTTP/1.1" 200 27
58.40.7.146 - - [22/Aug/2023:10:45:03 +0800] "GET /xingrg/all/function/internal_message.html?_=1692672303215&CODE_STATE=getMsg HTTP/1.1" 200 27
114.83.217.40 - - [22/Aug/2023:10:45:03 +0800] "GET /xingrg/kc/base/wldb_order_operate.html?command=get_materiel&rest_code=00149&base_code=0010394&code=00101016076 HTTP/1.1" 200 476
124.78.155.92 - - [22/Aug/2023:10:45:04 +0800] "GET /xingrg/all/function/internal_message.html?_=1692672303021&CODE_STATE=getMsg HTTP/1.1" 200 27
222.67.237.86 - - [22/Aug/2023:10:45:05 +0800] "GET /xingrg/kc/buy/cgsh_order_operate.html?command=get_materiel&rest_code=00141&code=00101008224&supplier_code=00100007&order_time=2023-08-22 HTTP/1.1" 200 416
221.239.167.251 - - [22/Aug/2023:10:45:05 +0800] "GET /xingrg/all/function/internal_message.html?_=1692672305724&CODE_STATE=getMsg HTTP/1.1" 200 27
101.83.145.37 - - [22/Aug/2023:10:45:07 +0800] "GET /xingrg/kc/buy/buy_main.html HTTP/1.1" 200 12412
101.83.145.37 - - [22/Aug/2023:10:45:07 +0800] "GET /xingrg/css/new_ie.css HTTP/1.1" 404 1036
116.232.195.127 - - [22/Aug/2023:10:45:08 +0800] "GET /xingrg/all/function/internal_message.html?_=1692672225247&CODE_STATE=getMsg HTTP/1.1" 200 27
101.83.145.37 - - [22/Aug/2023:10:45:08 +0800] "GET /xingrg/images/yd/bt.gif HTTP/1.1" 404 1040
101.83.145.37 - - [22/Aug/2023:10:45:10 +0800] "GET /xingrg/kc/buy/cgsh_order_list.html HTTP/1.1" 200 56182
221.239.167.251 - - [22/Aug/2023:10:45:14 +0800] "GET /xingrg/check_reg.html?_=1692672314121 HTTP/1.1" 200 22
101.83.145.37 - - [22/Aug/2023:10:45:16 +0800] "POST /xingrg/kc/buy/cgsh_list_operate.html HTTP/1.1" 200 2275
180.165.48.189 - - [22/Aug/2023:10:45:17 +0800] "GET /xingrg/all/function/internal_message.html?_=1692672317183&CODE_STATE=getMsg HTTP/1.1" 200 27
114.95.241.104 - - [22/Aug/2023:10:45:18 +0800] "GET /xingrg/all/function/internal_message.html?_=1692672318377&CODE_STATE=getMsg HTTP/1.1" 200 27
222.70.180.200 - - [22/Aug/2023:10:45:23 +0800] "GET /xingrg/all/function/internal_message.html?_=1692672323649&CODE_STATE=getMsg HTTP/1.1" 200 27
101.83.145.37 - - [22/Aug/2023:10:45:25 +0800] "POST /xingrg/kc/buy/cgsh_list_operate.html HTTP/1.1" 200 569
101.83.145.37 - - [22/Aug/2023:10:45:27 +0800] "GET /xingrg/all/function/internal_message.html?_=1692672126165&CODE_STATE=getMsg HTTP/1.1" 200 27
180.152.241.196 - - [22/Aug/2023:10:45:27 +0800] "GET /xingrg/all/function/internal_message.html?_=1692672327614&CODE_STATE=getMsg HTTP/1.1" 200 27
114.83.217.40 - - [22/Aug/2023:10:45:27 +0800] "POST /xingrg/kc/base/wldb_order_operate.html HTTP/1.1" 200 37
101.83.145.37 - - [22/Aug/2023:10:45:28 +0800] "GET /xingrg/kc/buy/cgsh_order_info.html?code=212023082208847 HTTP/1.1" 200 72049
114.83.217.40 - - [22/Aug/2023:10:45:28 +0800] "POST /xingrg/kc/base/wldb_order_operate.html HTTP/1.1" 200 6182
101.83.145.37 - - [22/Aug/2023:10:45:29 +0800] "GET /xingrg/javascript/easyui/themes/default/validatebox.css HTTP/1.1" 404 1104
101.83.145.37 - - [22/Aug/2023:10:45:29 +0800] "GET /xingrg/all/common/auto_word.html?type=employee&rest_code=00105 HTTP/1.1" 200 193
101.83.145.37 - - [22/Aug/2023:10:45:29 +0800] "GET /xingrg/all/common/auto_word.html?type=employee&rest_code=00105 HTTP/1.1" 200 193
114.83.217.40 - - [22/Aug/2023:10:45:29 +0800] "GET /xingrg/kc/base/wldb_order_info.html?code=422023082202334 HTTP/1.1" 200 30519
101.83.145.37 - - [22/Aug/2023:10:45:29 +0800] "POST /xingrg/kc/buy/cgsh_order_operate.html HTTP/1.1" 200 39307
114.83.217.40 - - [22/Aug/2023:10:45:29 +0800] "GET /xingrg/javascript/easyui/themes/default/validatebox.css HTTP/1.1" 404 1104
114.83.217.40 - - [22/Aug/2023:10:45:31 +0800] "POST /xingrg/kc/base/wldb_order_operate.html HTTP/1.1" 200 6182
180.169.147.146 - - [22/Aug/2023:10:45:32 +0800] "GET /xingrg/all/function/internal_message.html?_=1692672331611&CODE_STATE=getMsg HTTP/1.1" 200 27
180.152.241.196 - - [22/Aug/2023:10:45:33 +0800] "GET /xingrg/all/function/internal_message.html?_=1692672341066&CODE_STATE=getMsg HTTP/1.1" 200 27
222.70.168.101 - - [22/Aug/2023:10:45:33 +0800] "GET /xingrg/all/function/internal_message.html?_=1692672365378&CODE_STATE=getMsg HTTP/1.1" 200 27
180.152.241.196 - - [22/Aug/2023:10:45:33 +0800] "GET /xingrg/check_reg.html?_=1692672335493 HTTP/1.1" 302 -
222.70.180.200 - - [22/Aug/2023:10:45:33 +0800] "GET /xingrg/all/function/internal_message.html?_=1692672333875&CODE_STATE=getMsg HTTP/1.1" 200 27
180.157.253.42 - - [22/Aug/2023:10:45:34 +0800] "GET /xingrg/all/function/internal_message.html?_=1692672334156&CODE_STATE=getMsg HTTP/1.1" 200 27
222.67.237.86 - - [22/Aug/2023:10:45:34 +0800] "GET /xingrg/kc/buy/cgsh_order_operate.html?command=get_materiel&rest_code=00141&code=00101008114&supplier_code=00100007&order_time=2023-08-22 HTTP/1.1" 200 412
222.69.132.38 - - [22/Aug/2023:10:45:35 +0800] "GET /xingrg/all/function/internal_message.html?_=1692672473434&CODE_STATE=getMsg HTTP/1.1" 200 27
114.83.217.40 - - [22/Aug/2023:10:45:37 +0800] "GET /xingrg/kc/base/wldb_order_add.html HTTP/1.1" 200 30504
114.83.217.40 - - [22/Aug/2023:10:45:37 +0800] "POST /xingrg/kc/base/wldb_order_operate.html HTTP/1.1" 200 6806
114.83.217.40 - - [22/Aug/2023:10:45:37 +0800] "GET /xingrg/javascript/easyui/themes/default/validatebox.css HTTP/1.1" 404 1104
101.228.187.155 - - [22/Aug/2023:10:45:38 +0800] "GET /xingrg/all/function/internal_message.html?_=1692672338298&CODE_STATE=getMsg HTTP/1.1" 200 27
114.83.217.40 - - [22/Aug/2023:10:45:43 +0800] "GET /xingrg/all/function/internal_message.html?_=1692672343587&CODE_STATE=getMsg HTTP/1.1" 200 27
114.83.217.40 - - [22/Aug/2023:10:45:45 +0800] "GET /xingrg/kc/base/wldb_order_operate.html?command=get_materiel&rest_code=00149&base_code=0010394&code=00101019108 HTTP/1.1" 200 477
101.83.145.37 - - [22/Aug/2023:10:45:50 +0800] "GET /xingrg/javascript/auto/indicator.gif HTTP/1.1" 404 1066
114.83.217.40 - - [22/Aug/2023:10:45:50 +0800] "GET /xingrg/kc/base/wldb_order_operate.html?command=get_materiel&rest_code=00149&base_code=0010394&code=00101019238 HTTP/1.1" 200 466
222.67.237.86 - - [22/Aug/2023:10:45:52 +0800] "GET /xingrg/all/function/internal_message.html?_=1692671801155&CODE_STATE=getMsg HTTP/1.1" 200 27
120.253.135.82 - - [22/Aug/2023:10:45:53 +0800] "GET /xingrg/all/function/internal_message.html?_=1692672493632&CODE_STATE=getMsg HTTP/1.1" 302 -
120.253.135.82 - - [22/Aug/2023:10:45:53 +0800] "GET /xingrg/login.html HTTP/1.1" 200 7641
