114.95.241.104 - - [22/Aug/2023:08:49:18 +0800] "GET /xingrg/check_reg.html?_=1692665358115 HTTP/1.1" 200 22
222.69.132.38 - - [22/Aug/2023:08:49:35 +0800] "GET /xingrg/all/function/internal_message.html?_=1692665513417&CODE_STATE=getMsg HTTP/1.1" 200 27
101.83.145.37 - - [22/Aug/2023:08:49:43 +0800] "GET /xingrg/all/function/internal_message.html?_=1692665181675&CODE_STATE=getMsg HTTP/1.1" 200 27
222.70.168.101 - - [22/Aug/2023:08:49:45 +0800] "GET /xingrg/all/function/internal_message.html?_=1692665416772&CODE_STATE=getMsg HTTP/1.1" 200 27
222.70.180.200 - - [22/Aug/2023:08:49:46 +0800] "GET /xingrg/all/function/internal_message.html?_=1692665386205&CODE_STATE=getMsg HTTP/1.1" 200 27
222.70.180.200 - - [22/Aug/2023:08:49:46 +0800] "GET /xingrg/check_reg.html?_=1692665386208 HTTP/1.1" 200 22
114.95.241.104 - - [22/Aug/2023:08:49:49 +0800] "GET /xingrg/all/function/internal_message.html?_=1692665297260&CODE_STATE=getMsg HTTP/1.1" 200 27
180.163.29.206 - - [22/Aug/2023:08:49:52 +0800] "GET /xingrg/all/function/internal_message.html?_=1692665331770&CODE_STATE=getMsg HTTP/1.1" 302 -
180.163.29.206 - - [22/Aug/2023:08:49:52 +0800] "GET /xingrg/login.html HTTP/1.1" 200 7641
120.253.135.82 - - [22/Aug/2023:08:49:52 +0800] "GET /xingrg/all/function/internal_message.html?_=1692665533067&CODE_STATE=getMsg HTTP/1.1" 302 -
120.253.135.82 - - [22/Aug/2023:08:49:52 +0800] "GET /xingrg/login.html HTTP/1.1" 200 7641
124.78.155.92 - - [22/Aug/2023:08:49:52 +0800] "GET /xingrg/all/function/internal_message.html?_=1692665391742&CODE_STATE=getMsg HTTP/1.1" 200 27
120.253.135.82 - - [22/Aug/2023:08:49:53 +0800] "GET /xingrg/all/function/internal_message.html?_=1692665207080&CODE_STATE=getMsg HTTP/1.1" 200 27
222.70.168.101 - - [22/Aug/2023:08:50:06 +0800] "GET /xingrg/all/function/internal_message.html?_=1692665410984&CODE_STATE=getMsg HTTP/1.1" 200 27
221.239.167.251 - - [22/Aug/2023:08:50:08 +0800] "GET /xingrg/all/function/internal_message.html?_=1692665407762&CODE_STATE=getMsg HTTP/1.1" 200 27
116.232.195.127 - - [22/Aug/2023:08:50:08 +0800] "GET /xingrg/all/function/internal_message.html?_=1692665325250&CODE_STATE=getMsg HTTP/1.1" 200 27
221.239.167.251 - - [22/Aug/2023:08:50:14 +0800] "GET /xingrg/check_reg.html?_=1692665414394 HTTP/1.1" 200 22
180.152.241.196 - - [22/Aug/2023:08:50:15 +0800] "GET /xingrg/all/function/internal_message.html?_=1692665416801&CODE_STATE=getMsg HTTP/1.1" 302 -
180.152.241.196 - - [22/Aug/2023:08:50:15 +0800] "GET /xingrg/check_reg.html?_=1692665417083 HTTP/1.1" 302 -
124.78.155.92 - - [22/Aug/2023:08:50:16 +0800] "GET /xingrg/check_reg.html?_=1692665414913 HTTP/1.1" 200 22
114.95.241.104 - - [22/Aug/2023:08:50:18 +0800] "GET /xingrg/all/function/internal_message.html?_=1692665418116&CODE_STATE=getMsg HTTP/1.1" 200 27
222.70.168.101 - - [22/Aug/2023:08:50:18 +0800] "GET /xingrg/check_reg.html?_=1692665450196 HTTP/1.1" 200 22
180.152.241.196 - - [22/Aug/2023:08:50:33 +0800] "GET /xingrg/check_reg.html?_=1692665435146 HTTP/1.1" 302 -
222.69.132.38 - - [22/Aug/2023:08:50:35 +0800] "GET /xingrg/all/function/internal_message.html?_=1692665573425&CODE_STATE=getMsg HTTP/1.1" 200 27
101.83.145.37 - - [22/Aug/2023:08:50:43 +0800] "GET /xingrg/all/function/internal_message.html?_=1692665241676&CODE_STATE=getMsg HTTP/1.1" 200 27
101.83.145.37 - - [22/Aug/2023:08:50:43 +0800] "GET /xingrg/check_reg.html?_=1692665241679 HTTP/1.1" 200 22
222.70.168.101 - - [22/Aug/2023:08:50:45 +0800] "GET /xingrg/all/function/internal_message.html?_=1692665476779&CODE_STATE=getMsg HTTP/1.1" 200 27
114.95.241.104 - - [22/Aug/2023:08:50:46 +0800] "GET /xingrg/check_reg.html?_=1692665353940 HTTP/1.1" 200 22
222.70.180.200 - - [22/Aug/2023:08:50:46 +0800] "GET /xingrg/all/function/internal_message.html?_=1692665446211&CODE_STATE=getMsg HTTP/1.1" 200 27
114.95.241.104 - - [22/Aug/2023:08:50:49 +0800] "GET /xingrg/all/function/internal_message.html?_=1692665357274&CODE_STATE=getMsg HTTP/1.1" 200 27
120.253.135.82 - - [22/Aug/2023:08:50:52 +0800] "GET /xingrg/all/function/internal_message.html?_=1692665593074&CODE_STATE=getMsg HTTP/1.1" 302 -
120.253.135.82 - - [22/Aug/2023:08:50:52 +0800] "GET /xingrg/login.html HTTP/1.1" 200 7641
124.78.155.92 - - [22/Aug/2023:08:50:52 +0800] "GET /xingrg/all/function/internal_message.html?_=1692665451717&CODE_STATE=getMsg HTTP/1.1" 200 27
120.253.135.82 - - [22/Aug/2023:08:50:53 +0800] "GET /xingrg/all/function/internal_message.html?_=1692665267097&CODE_STATE=getMsg HTTP/1.1" 200 27
222.67.237.86 - - [22/Aug/2023:08:51:05 +0800] "POST /xingrg/services/DataTransmitService HTTP/1.1" 200 524
222.70.168.101 - - [22/Aug/2023:08:51:06 +0800] "GET /xingrg/all/function/internal_message.html?_=1692665471002&CODE_STATE=getMsg HTTP/1.1" 200 27
221.239.167.251 - - [22/Aug/2023:08:51:07 +0800] "GET /xingrg/all/function/internal_message.html?_=1692665467737&CODE_STATE=getMsg HTTP/1.1" 200 27
116.232.195.127 - - [22/Aug/2023:08:51:08 +0800] "GET /xingrg/all/function/internal_message.html?_=1692665385236&CODE_STATE=getMsg HTTP/1.1" 200 27
180.152.241.196 - - [22/Aug/2023:08:51:09 +0800] "POST /xingrg/services/DataTransmitService HTTP/1.1" 200 524
180.152.241.196 - - [22/Aug/2023:08:51:15 +0800] "GET /xingrg/all/function/internal_message.html?_=1692665476780&CODE_STATE=getMsg HTTP/1.1" 302 -
180.163.30.76 - - [22/Aug/2023:08:51:16 +0800] "GET /xingrg/check_reg.html?_=1692665414913 HTTP/1.1" 302 -
180.163.30.76 - - [22/Aug/2023:08:51:16 +0800] "GET /xingrg/login.html HTTP/1.1" 200 7641
114.95.241.104 - - [22/Aug/2023:08:51:18 +0800] "GET /xingrg/all/function/internal_message.html?_=1692665478126&CODE_STATE=getMsg HTTP/1.1" 200 27
222.70.180.200 - - [22/Aug/2023:08:51:26 +0800] "GET /xingrg/kc/buy/cgsh_order_operate.html?command=get_materiel&rest_code=00111&code=00101015046&supplier_code=00100037&order_time=2023-08-22 HTTP/1.1" 200 412
222.69.132.38 - - [22/Aug/2023:08:51:35 +0800] "GET /xingrg/all/function/internal_message.html?_=1692665633423&CODE_STATE=getMsg HTTP/1.1" 200 27
101.83.145.37 - - [22/Aug/2023:08:51:43 +0800] "GET /xingrg/all/function/internal_message.html?_=1692665301680&CODE_STATE=getMsg HTTP/1.1" 200 27
222.70.168.101 - - [22/Aug/2023:08:51:45 +0800] "GET /xingrg/all/function/internal_message.html?_=1692665536793&CODE_STATE=getMsg HTTP/1.1" 200 27
222.70.180.200 - - [22/Aug/2023:08:51:46 +0800] "GET /xingrg/all/function/internal_message.html?_=1692665506206&CODE_STATE=getMsg HTTP/1.1" 200 27
114.95.241.104 - - [22/Aug/2023:08:51:49 +0800] "GET /xingrg/all/function/internal_message.html?_=1692665417288&CODE_STATE=getMsg HTTP/1.1" 200 27
120.253.135.82 - - [22/Aug/2023:08:51:52 +0800] "GET /xingrg/all/function/internal_message.html?_=1692665653088&CODE_STATE=getMsg HTTP/1.1" 302 -
120.253.135.82 - - [22/Aug/2023:08:51:52 +0800] "GET /xingrg/login.html HTTP/1.1" 200 7641
124.78.155.92 - - [22/Aug/2023:08:51:52 +0800] "GET /xingrg/all/function/internal_message.html?_=1692665511691&CODE_STATE=getMsg HTTP/1.1" 200 27
120.253.135.82 - - [22/Aug/2023:08:51:53 +0800] "GET /xingrg/all/function/internal_message.html?_=1692665327198&CODE_STATE=getMsg HTTP/1.1" 200 27
222.70.180.200 - - [22/Aug/2023:08:51:55 +0800] "GET /xingrg/kc/buy/cgsh_order_operate.html?command=get_materiel&rest_code=00111&code=00101015044&supplier_code=00100037&order_time=2023-08-22 HTTP/1.1" 200 408
222.70.168.101 - - [22/Aug/2023:08:52:06 +0800] "GET /xingrg/all/function/internal_message.html?_=1692665531011&CODE_STATE=getMsg HTTP/1.1" 200 27
221.239.167.251 - - [22/Aug/2023:08:52:07 +0800] "GET /xingrg/all/function/internal_message.html?_=1692665527707&CODE_STATE=getMsg HTTP/1.1" 200 27
116.232.195.127 - - [22/Aug/2023:08:52:08 +0800] "GET /xingrg/all/function/internal_message.html?_=1692665445249&CODE_STATE=getMsg HTTP/1.1" 200 27
116.232.195.127 - - [22/Aug/2023:08:52:08 +0800] "GET /xingrg/check_reg.html?_=1692665445251 HTTP/1.1" 200 22
222.70.180.200 - - [22/Aug/2023:08:52:14 +0800] "GET /xingrg/kc/buy/cgsh_order_operate.html?command=get_materiel&rest_code=00111&code=00101008704&supplier_code=00100037&order_time=2023-08-22 HTTP/1.1" 200 409
180.152.241.196 - - [22/Aug/2023:08:52:15 +0800] "GET /xingrg/all/function/internal_message.html?_=1692665536777&CODE_STATE=getMsg HTTP/1.1" 302 -
114.95.241.104 - - [22/Aug/2023:08:52:18 +0800] "GET /xingrg/all/function/internal_message.html?_=1692665538126&CODE_STATE=getMsg HTTP/1.1" 200 27
222.69.132.38 - - [22/Aug/2023:08:52:35 +0800] "GET /xingrg/all/function/internal_message.html?_=1692665693411&CODE_STATE=getMsg HTTP/1.1" 200 27
101.83.145.37 - - [22/Aug/2023:08:52:43 +0800] "GET /xingrg/all/function/internal_message.html?_=1692665361680&CODE_STATE=getMsg HTTP/1.1" 200 27
120.253.135.82 - - [22/Aug/2023:08:52:44 +0800] "GET /xingrg/check_reg.html?_=1692665378405 HTTP/1.1" 200 22
222.70.168.101 - - [22/Aug/2023:08:52:45 +0800] "GET /xingrg/all/function/internal_message.html?_=1692665596920&CODE_STATE=getMsg HTTP/1.1" 200 27
222.70.180.200 - - [22/Aug/2023:08:52:46 +0800] "GET /xingrg/all/function/internal_message.html?_=1692665566213&CODE_STATE=getMsg HTTP/1.1" 200 27
114.95.241.104 - - [22/Aug/2023:08:52:49 +0800] "GET /xingrg/all/function/internal_message.html?_=1692665477342&CODE_STATE=getMsg HTTP/1.1" 200 27
222.70.180.200 - - [22/Aug/2023:08:52:49 +0800] "GET /xingrg/kc/buy/cgsh_order_operate.html?command=get_materiel&rest_code=00111&code=00101009056&supplier_code=00100037&order_time=2023-08-22 HTTP/1.1" 200 413
120.253.135.82 - - [22/Aug/2023:08:52:52 +0800] "GET /xingrg/all/function/internal_message.html?_=1692665713077&CODE_STATE=getMsg HTTP/1.1" 302 -
120.253.135.82 - - [22/Aug/2023:08:52:52 +0800] "GET /xingrg/check_reg.html?_=1692665713078 HTTP/1.1" 302 -
120.253.135.82 - - [22/Aug/2023:08:52:52 +0800] "GET /xingrg/login.html HTTP/1.1" 200 7641
120.253.135.82 - - [22/Aug/2023:08:52:52 +0800] "GET /xingrg/login.html HTTP/1.1" 200 7641
124.78.155.92 - - [22/Aug/2023:08:52:52 +0800] "GET /xingrg/all/function/internal_message.html?_=1692665571676&CODE_STATE=getMsg HTTP/1.1" 200 27
120.253.135.82 - - [22/Aug/2023:08:52:53 +0800] "GET /xingrg/all/function/internal_message.html?_=1692665387201&CODE_STATE=getMsg HTTP/1.1" 200 27
222.70.168.101 - - [22/Aug/2023:08:53:06 +0800] "GET /xingrg/check_reg.html?_=1692665590903 HTTP/1.1" 200 22
222.70.168.101 - - [22/Aug/2023:08:53:06 +0800] "GET /xingrg/all/function/internal_message.html?_=1692665591072&CODE_STATE=getMsg HTTP/1.1" 200 27
221.239.167.251 - - [22/Aug/2023:08:53:07 +0800] "GET /xingrg/all/function/internal_message.html?_=1692665587694&CODE_STATE=getMsg HTTP/1.1" 200 27
116.232.195.127 - - [22/Aug/2023:08:53:08 +0800] "GET /xingrg/all/function/internal_message.html?_=1692665505239&CODE_STATE=getMsg HTTP/1.1" 200 27
180.152.241.196 - - [22/Aug/2023:08:53:15 +0800] "GET /xingrg/all/function/internal_message.html?_=1692665595436&CODE_STATE=getMsg HTTP/1.1" 302 -
180.152.241.196 - - [22/Aug/2023:08:53:15 +0800] "GET /xingrg/login.html HTTP/1.1" 200 7641
222.70.180.200 - - [22/Aug/2023:08:53:15 +0800] "GET /xingrg/kc/buy/cgsh_order_operate.html?command=get_materiel&rest_code=00111&code=00101008594&supplier_code=00100037&order_time=2023-08-22 HTTP/1.1" 200 410
114.95.241.104 - - [22/Aug/2023:08:53:18 +0800] "GET /xingrg/all/function/internal_message.html?_=1692665598127&CODE_STATE=getMsg HTTP/1.1" 200 27
222.70.180.200 - - [22/Aug/2023:08:53:23 +0800] "POST /xingrg/all/common/load_select.html HTTP/1.1" 200 12
222.70.180.200 - - [22/Aug/2023:08:53:30 +0800] "GET /xingrg/kc/buy/cgsh_order_operate.html?command=get_materiel_price&rest_code=00111&code=00101008594&unit_code=00100079&supplier_code=00100037&order_time=2023-08-22 HTTP/1.1" 200 28
222.69.132.38 - - [22/Aug/2023:08:53:35 +0800] "GET /xingrg/all/function/internal_message.html?_=1692665753415&CODE_STATE=getMsg HTTP/1.1" 200 27
222.69.132.38 - - [22/Aug/2023:08:53:35 +0800] "GET /xingrg/check_reg.html?_=1692665753417 HTTP/1.1" 200 22
101.83.145.37 - - [22/Aug/2023:08:53:43 +0800] "GET /xingrg/all/function/internal_message.html?_=1692665421680&CODE_STATE=getMsg HTTP/1.1" 200 27
222.70.168.101 - - [22/Aug/2023:08:53:45 +0800] "GET /xingrg/all/function/internal_message.html?_=1692665656930&CODE_STATE=getMsg HTTP/1.1" 200 27
222.70.180.200 - - [22/Aug/2023:08:53:46 +0800] "GET /xingrg/all/function/internal_message.html?_=1692665626204&CODE_STATE=getMsg HTTP/1.1" 200 27
114.95.241.104 - - [22/Aug/2023:08:53:49 +0800] "GET /xingrg/all/function/internal_message.html?_=1692665537346&CODE_STATE=getMsg HTTP/1.1" 200 27
114.95.241.104 - - [22/Aug/2023:08:53:51 +0800] "POST /xingrg/services/DataTransmitService HTTP/1.1" 200 524
120.253.135.82 - - [22/Aug/2023:08:53:52 +0800] "GET /xingrg/all/function/internal_message.html?_=1692665773081&CODE_STATE=getMsg HTTP/1.1" 302 -
120.253.135.82 - - [22/Aug/2023:08:53:52 +0800] "GET /xingrg/login.html HTTP/1.1" 200 7641
124.78.155.92 - - [22/Aug/2023:08:53:52 +0800] "GET /xingrg/all/function/internal_message.html?_=1692665631650&CODE_STATE=getMsg HTTP/1.1" 200 27
120.253.135.82 - - [22/Aug/2023:08:53:53 +0800] "GET /xingrg/all/function/internal_message.html?_=1692665447214&CODE_STATE=getMsg HTTP/1.1" 200 27
222.70.168.101 - - [22/Aug/2023:08:54:06 +0800] "GET /xingrg/all/function/internal_message.html?_=1692665651085&CODE_STATE=getMsg HTTP/1.1" 200 27
221.239.167.251 - - [22/Aug/2023:08:54:07 +0800] "GET /xingrg/all/function/internal_message.html?_=1692665647678&CODE_STATE=getMsg HTTP/1.1" 200 27
116.232.195.127 - - [22/Aug/2023:08:54:08 +0800] "GET /xingrg/all/function/internal_message.html?_=1692665565251&CODE_STATE=getMsg HTTP/1.1" 200 27
116.232.195.127 - - [22/Aug/2023:08:54:12 +0800] "POST /xingrg/services/DataTransmitService HTTP/1.1" 200 524
180.152.241.196 - - [22/Aug/2023:08:54:15 +0800] "GET /xingrg/all/function/internal_message.html?_=1692665655406&CODE_STATE=getMsg HTTP/1.1" 302 -
114.95.241.104 - - [22/Aug/2023:08:54:18 +0800] "GET /xingrg/check_reg.html?_=1692665658128 HTTP/1.1" 200 22
114.95.241.104 - - [22/Aug/2023:08:54:18 +0800] "GET /xingrg/all/function/internal_message.html?_=1692665658131&CODE_STATE=getMsg HTTP/1.1" 200 27
114.95.241.104 - - [22/Aug/2023:08:54:20 +0800] "GET /xingrg/kc/buy/cgsh_order_add.html HTTP/1.1" 200 71574
114.95.241.104 - - [22/Aug/2023:08:54:21 +0800] "POST /xingrg/kc/buy/cgsh_order_operate.html HTTP/1.1" 200 8245
114.95.241.104 - - [22/Aug/2023:08:54:21 +0800] "GET /xingrg/javascript/easyui/themes/default/validatebox.css HTTP/1.1" 404 1104
114.95.241.104 - - [22/Aug/2023:08:54:22 +0800] "GET /xingrg/javascript/jquery_easy_ui/themes/default/images/tabs_active.png HTTP/1.1" 304 -
114.95.241.104 - - [22/Aug/2023:08:54:22 +0800] "GET /xingrg/javascript/jquery_easy_ui/themes/default/images/tabs_active.png HTTP/1.1" 304 -
114.95.241.104 - - [22/Aug/2023:08:54:32 +0800] "GET /xingrg/kc/buy/cgsh_order_operate.html?command=get_materiel&rest_code=00151&code=00101008283&supplier_code=00100008&order_time=2023-08-22 HTTP/1.1" 200 408
222.69.132.38 - - [22/Aug/2023:08:54:35 +0800] "GET /xingrg/all/function/internal_message.html?_=1692665813421&CODE_STATE=getMsg HTTP/1.1" 200 27
114.95.241.104 - - [22/Aug/2023:08:54:42 +0800] "GET /xingrg/kc/buy/cgsh_order_operate.html?command=get_materiel&rest_code=00151&code=00101008096&supplier_code=00100008&order_time=2023-08-22 HTTP/1.1" 200 412
222.70.180.200 - - [22/Aug/2023:08:54:42 +0800] "GET /xingrg/kc/buy/cgsh_order_operate.html?command=get_materiel&rest_code=00111&code=00101015139&supplier_code=00100037&order_time=2023-08-22 HTTP/1.1" 200 410
101.83.145.37 - - [22/Aug/2023:08:54:43 +0800] "GET /xingrg/all/function/internal_message.html?_=1692665481682&CODE_STATE=getMsg HTTP/1.1" 200 27
222.70.168.101 - - [22/Aug/2023:08:54:45 +0800] "GET /xingrg/all/function/internal_message.html?_=1692665717070&CODE_STATE=getMsg HTTP/1.1" 200 27
222.70.180.200 - - [22/Aug/2023:08:54:46 +0800] "GET /xingrg/all/function/internal_message.html?_=1692665686216&CODE_STATE=getMsg HTTP/1.1" 200 27
222.70.180.200 - - [22/Aug/2023:08:54:46 +0800] "GET /xingrg/check_reg.html?_=1692665686220 HTTP/1.1" 200 22
114.95.241.104 - - [22/Aug/2023:08:54:49 +0800] "GET /xingrg/all/function/internal_message.html?_=1692665597360&CODE_STATE=getMsg HTTP/1.1" 200 27
120.253.135.82 - - [22/Aug/2023:08:54:52 +0800] "GET /xingrg/all/function/internal_message.html?_=1692665833097&CODE_STATE=getMsg HTTP/1.1" 302 -
120.253.135.82 - - [22/Aug/2023:08:54:52 +0800] "GET /xingrg/login.html HTTP/1.1" 200 7641
114.95.241.104 - - [22/Aug/2023:08:54:52 +0800] "GET /xingrg/kc/buy/cgsh_order_operate.html?command=get_materiel&rest_code=00151&code=00101008036&supplier_code=00100008&order_time=2023-08-22 HTTP/1.1" 200 408
124.78.155.92 - - [22/Aug/2023:08:54:52 +0800] "GET /xingrg/all/function/internal_message.html?_=1692665691620&CODE_STATE=getMsg HTTP/1.1" 200 27
120.253.135.82 - - [22/Aug/2023:08:54:53 +0800] "GET /xingrg/all/function/internal_message.html?_=1692665507302&CODE_STATE=getMsg HTTP/1.1" 200 27
114.95.241.104 - - [22/Aug/2023:08:55:00 +0800] "GET /xingrg/kc/buy/cgsh_order_operate.html?command=get_materiel&rest_code=00151&code=00101008331&supplier_code=00100008&order_time=2023-08-22 HTTP/1.1" 200 416
222.70.168.101 - - [22/Aug/2023:08:55:06 +0800] "GET /xingrg/all/function/internal_message.html?_=1692665711099&CODE_STATE=getMsg HTTP/1.1" 200 27
221.239.167.251 - - [22/Aug/2023:08:55:07 +0800] "GET /xingrg/all/function/internal_message.html?_=1692665707654&CODE_STATE=getMsg HTTP/1.1" 200 27
116.232.195.127 - - [22/Aug/2023:08:55:08 +0800] "GET /xingrg/all/function/internal_message.html?_=1692665625246&CODE_STATE=getMsg HTTP/1.1" 200 27
221.239.167.251 - - [22/Aug/2023:08:55:14 +0800] "GET /xingrg/check_reg.html?_=1692665714381 HTTP/1.1" 200 22
180.152.241.196 - - [22/Aug/2023:08:55:15 +0800] "GET /xingrg/all/function/internal_message.html?_=1692665715378&CODE_STATE=getMsg HTTP/1.1" 302 -
180.152.241.196 - - [22/Aug/2023:08:55:15 +0800] "GET /xingrg/check_reg.html?_=1692665715753 HTTP/1.1" 302 -
124.78.155.92 - - [22/Aug/2023:08:55:16 +0800] "GET /xingrg/check_reg.html?_=1692665714914 HTTP/1.1" 200 22
114.95.241.104 - - [22/Aug/2023:08:55:18 +0800] "GET /xingrg/all/function/internal_message.html?_=1692665718142&CODE_STATE=getMsg HTTP/1.1" 200 27
222.70.168.101 - - [22/Aug/2023:08:55:18 +0800] "GET /xingrg/check_reg.html?_=1692665750202 HTTP/1.1" 200 22
101.83.145.37 - - [22/Aug/2023:08:55:23 +0800] "GET /xingrg/javascript/jquery_easy_ui/themes/default/images/tabs_active.png HTTP/1.1" 304 -
101.83.145.37 - - [22/Aug/2023:08:55:24 +0800] "GET /xingrg/kc/buy/buy_main.html HTTP/1.1" 200 12412
101.83.145.37 - - [22/Aug/2023:08:55:25 +0800] "GET /xingrg/javascript/jquery_easy_ui/themes/default/images/tabs_close.gif HTTP/1.1" 304 -
101.83.145.37 - - [22/Aug/2023:08:55:25 +0800] "GET /xingrg/css/blue.css HTTP/1.1" 304 -
101.83.145.37 - - [22/Aug/2023:08:55:25 +0800] "GET /xingrg/css/new_ie.css HTTP/1.1" 404 1036
101.83.145.37 - - [22/Aug/2023:08:55:25 +0800] "GET /xingrg/javascript/jquery_ui/themes/humanity/humanity.css HTTP/1.1" 304 -
101.83.145.37 - - [22/Aug/2023:08:55:25 +0800] "GET /xingrg/javascript/pic_change.js HTTP/1.1" 304 -
101.83.145.37 - - [22/Aug/2023:08:55:25 +0800] "GET /xingrg/javascript/ToolTips.js HTTP/1.1" 304 -
101.83.145.37 - - [22/Aug/2023:08:55:25 +0800] "GET /xingrg/javascript/myfunction.js HTTP/1.1" 304 -
101.83.145.37 - - [22/Aug/2023:08:55:25 +0800] "GET /xingrg/javascript/jquery_ui/jquery-ui.min.js HTTP/1.1" 304 -
101.83.145.37 - - [22/Aug/2023:08:55:25 +0800] "GET /xingrg/images/blue/button/cgxqd.gif HTTP/1.1" 304 -
101.83.145.37 - - [22/Aug/2023:08:55:25 +0800] "GET /xingrg/images/blue/button/cgshd.gif HTTP/1.1" 304 -
101.83.145.37 - - [22/Aug/2023:08:55:25 +0800] "GET /xingrg/images/blue/button/cgydd.gif HTTP/1.1" 304 -
101.83.145.37 - - [22/Aug/2023:08:55:25 +0800] "GET /xingrg/images/blue/button/cgfkd.gif HTTP/1.1" 304 -
101.83.145.37 - - [22/Aug/2023:08:55:25 +0800] "GET /xingrg/images/blue/button/ckthd.gif HTTP/1.1" 304 -
101.83.145.37 - - [22/Aug/2023:08:55:25 +0800] "GET /xingrg/images/blue/button/kc.gif HTTP/1.1" 304 -
101.83.145.37 - - [22/Aug/2023:08:55:25 +0800] "GET /xingrg/images/blue/pic_form2.gif HTTP/1.1" 304 -
101.83.145.37 - - [22/Aug/2023:08:55:25 +0800] "GET /xingrg/javascript/jquery_ui/themes/humanity/images/ui-bg_inset-soft_100_f4f0ec_1x100.png HTTP/1.1" 304 -
101.83.145.37 - - [22/Aug/2023:08:55:25 +0800] "GET /xingrg/images/blue/bg_dotted.jpg HTTP/1.1" 304 -
101.83.145.37 - - [22/Aug/2023:08:55:25 +0800] "GET /xingrg/images/blue/button/right_ah.jpg HTTP/1.1" 304 -
101.83.145.37 - - [22/Aug/2023:08:55:25 +0800] "GET /xingrg/images/blue/button/down_ah.jpg HTTP/1.1" 304 -
101.83.145.37 - - [22/Aug/2023:08:55:25 +0800] "GET /xingrg/javascript/jquery_ui/themes/humanity/images/ui-iconsnew.jpg HTTP/1.1" 304 -
101.83.145.37 - - [22/Aug/2023:08:55:25 +0800] "GET /xingrg/javascript/jquery_ui/themes/humanity/images/ui-icons_ffffff_256x240.png HTTP/1.1" 304 -
101.83.145.37 - - [22/Aug/2023:08:55:25 +0800] "GET /xingrg/javascript/jquery_ui/themes/humanity/images/ui-icons_c47a23_256x240.png HTTP/1.1" 304 -
101.83.145.37 - - [22/Aug/2023:08:55:25 +0800] "GET /xingrg/javascript/jquery_ui/themes/humanity/images/ui-bg_glass_70_ede4d4_1x400.png HTTP/1.1" 304 -
101.83.145.37 - - [22/Aug/2023:08:55:26 +0800] "GET /xingrg/images/yd/bt.gif HTTP/1.1" 404 1040
114.95.241.104 - - [22/Aug/2023:08:55:26 +0800] "GET /xingrg/kc/buy/cgsh_order_operate.html?command=get_materiel&rest_code=00151&code=00101008612&supplier_code=00100008&order_time=2023-08-22 HTTP/1.1" 200 420
101.83.145.37 - - [22/Aug/2023:08:55:27 +0800] "GET /xingrg/kc/buy/cgsh_order_list.html HTTP/1.1" 200 56182
101.83.145.37 - - [22/Aug/2023:08:55:27 +0800] "GET /xingrg/css/base.css HTTP/1.1" 304 -
101.83.145.37 - - [22/Aug/2023:08:55:27 +0800] "GET /xingrg/css/site.css HTTP/1.1" 304 -
101.83.145.37 - - [22/Aug/2023:08:55:27 +0800] "GET /xingrg/javascript/jquery_tools/datebox.css HTTP/1.1" 304 -
101.83.145.37 - - [22/Aug/2023:08:55:27 +0800] "GET /xingrg/javascript/easyui/themes/default/easyui.css HTTP/1.1" 304 -
101.83.145.37 - - [22/Aug/2023:08:55:27 +0800] "GET /xingrg/javascript/easyui/themes/icon.css HTTP/1.1" 304 -
101.83.145.37 - - [22/Aug/2023:08:55:27 +0800] "GET /xingrg/javascript/auto/jquery.autocomplete.css HTTP/1.1" 304 -
101.83.145.37 - - [22/Aug/2023:08:55:27 +0800] "GET /xingrg/javascript/jquery_tools/fix.css HTTP/1.1" 304 -
101.83.145.37 - - [22/Aug/2023:08:55:27 +0800] "GET /xingrg/javascript/jquery_tools/table.css HTTP/1.1" 304 -
101.83.145.37 - - [22/Aug/2023:08:55:27 +0800] "GET /xingrg/javascript/jquery_tools/jquery.tools.min.js HTTP/1.1" 304 -
101.83.145.37 - - [22/Aug/2023:08:55:27 +0800] "GET /xingrg/javascript/jquery_tools/jquery.tools.extend.js HTTP/1.1" 304 -
101.83.145.37 - - [22/Aug/2023:08:55:27 +0800] "GET /xingrg/javascript/jquery_tools/jquery.tools.hotkey.js HTTP/1.1" 304 -
101.83.145.37 - - [22/Aug/2023:08:55:27 +0800] "GET /xingrg/javascript/jquery_tools/jquery.tools.table.js HTTP/1.1" 304 -
101.83.145.37 - - [22/Aug/2023:08:55:27 +0800] "GET /xingrg/javascript/jquery_tools/list_manager.js HTTP/1.1" 304 -
101.83.145.37 - - [22/Aug/2023:08:55:27 +0800] "GET /xingrg/javascript/auto/jquery.autocomplete.js HTTP/1.1" 304 -
101.83.145.37 - - [22/Aug/2023:08:55:27 +0800] "GET /xingrg/javascript/easyui/easyloader.js HTTP/1.1" 304 -
101.83.145.37 - - [22/Aug/2023:08:55:27 +0800] "GET /xingrg/javascript/jquery.cookie.js HTTP/1.1" 304 -
101.83.145.37 - - [22/Aug/2023:08:55:27 +0800] "GET /xingrg/javascript/print/LodopFuncs.js HTTP/1.1" 304 -
101.83.145.37 - - [22/Aug/2023:08:55:29 +0800] "GET /xingrg/javascript/easyui/themes/icons/edit_add_new.png HTTP/1.1" 304 -
101.83.145.37 - - [22/Aug/2023:08:55:29 +0800] "GET /xingrg/javascript/easyui/themes/icons/cance_new.png HTTP/1.1" 304 -
101.83.145.37 - - [22/Aug/2023:08:55:29 +0800] "GET /xingrg/javascript/easyui/themes/icons/check_new.png HTTP/1.1" 304 -
101.83.145.37 - - [22/Aug/2023:08:55:29 +0800] "GET /xingrg/javascript/easyui/themes/icons/field_new.png HTTP/1.1" 304 -
101.83.145.37 - - [22/Aug/2023:08:55:29 +0800] "GET /xingrg/javascript/easyui/themes/icons/import_new.png HTTP/1.1" 304 -
101.83.145.37 - - [22/Aug/2023:08:55:29 +0800] "GET /xingrg/javascript/easyui/plugins/jquery.parser.js HTTP/1.1" 304 -
101.83.145.37 - - [22/Aug/2023:08:55:29 +0800] "GET /xingrg/images/control/ajaxLoader.gif HTTP/1.1" 304 -
101.83.145.37 - - [22/Aug/2023:08:55:31 +0800] "POST /xingrg/kc/buy/cgsh_list_operate.html HTTP/1.1" 200 986
180.152.241.196 - - [22/Aug/2023:08:55:33 +0800] "GET /xingrg/check_reg.html?_=1692665735155 HTTP/1.1" 302 -
101.83.145.37 - - [22/Aug/2023:08:55:33 +0800] "GET /xingrg/javascript/easyui/themes/default/images/button_plain_hover.png HTTP/1.1" 304 -
222.69.132.38 - - [22/Aug/2023:08:55:35 +0800] "GET /xingrg/all/function/internal_message.html?_=1692665873416&CODE_STATE=getMsg HTTP/1.1" 200 27
101.83.145.37 - - [22/Aug/2023:08:55:35 +0800] "GET /xingrg/kc/buy/cgsh_order_add.html HTTP/1.1" 200 72046
101.83.145.37 - - [22/Aug/2023:08:55:35 +0800] "GET /xingrg/javascript/jquery_tools/order_manager.js HTTP/1.1" 304 -
101.83.145.37 - - [22/Aug/2023:08:55:35 +0800] "GET /xingrg/javascript/convert.js HTTP/1.1" 304 -
101.83.145.37 - - [22/Aug/2023:08:55:35 +0800] "GET /xingrg/javascript/json2.js HTTP/1.1" 304 -
101.83.145.37 - - [22/Aug/2023:08:55:35 +0800] "GET /xingrg/javascript/print/kc_print.js HTTP/1.1" 304 -
114.95.241.104 - - [22/Aug/2023:08:55:35 +0800] "GET /xingrg/kc/buy/cgsh_order_operate.html?command=get_materiel&rest_code=00151&code=00101008186&supplier_code=00100008&order_time=2023-08-22 HTTP/1.1" 200 408
101.83.145.37 - - [22/Aug/2023:08:55:36 +0800] "GET /xingrg/words/20230821143102_words.js HTTP/1.1" 200 984139
101.83.145.37 - - [22/Aug/2023:08:55:36 +0800] "GET /xingrg/javascript/easyui/themes/icons/copy_new.png HTTP/1.1" 304 -
101.83.145.37 - - [22/Aug/2023:08:55:36 +0800] "GET /xingrg/javascript/easyui/themes/icons/template_new.png HTTP/1.1" 304 -
101.83.145.37 - - [22/Aug/2023:08:55:36 +0800] "GET /xingrg/javascript/easyui/themes/icons/ok.png HTTP/1.1" 304 -
101.83.145.37 - - [22/Aug/2023:08:55:36 +0800] "GET /xingrg/javascript/easyui/themes/icons/print.png HTTP/1.1" 304 -
101.83.145.37 - - [22/Aug/2023:08:55:36 +0800] "GET /xingrg/javascript/easyui/themes/default/images/menu_downarrow.png HTTP/1.1" 304 -
101.83.145.37 - - [22/Aug/2023:08:55:36 +0800] "GET /xingrg/javascript/easyui/themes/icons/cancel.png HTTP/1.1" 304 -
101.83.145.37 - - [22/Aug/2023:08:55:36 +0800] "POST /xingrg/kc/buy/cgsh_order_operate.html HTTP/1.1" 200 8245
101.83.145.37 - - [22/Aug/2023:08:55:36 +0800] "GET /xingrg/javascript/easyui/themes/default/validatebox.css HTTP/1.1" 404 1104
101.83.145.37 - - [22/Aug/2023:08:55:36 +0800] "GET /xingrg/javascript/easyui/plugins/jquery.validatebox.js HTTP/1.1" 304 -
101.83.145.37 - - [22/Aug/2023:08:55:36 +0800] "GET /xingrg/all/common/auto_word.html?type=employee&rest_code=00105 HTTP/1.1" 200 193
101.83.145.37 - - [22/Aug/2023:08:55:36 +0800] "GET /xingrg/all/common/auto_word.html?type=employee&rest_code=00105 HTTP/1.1" 200 193
101.83.145.37 - - [22/Aug/2023:08:55:36 +0800] "GET /xingrg/javascript/easyui/plugins/jquery.numberbox.js HTTP/1.1" 304 -
101.83.145.37 - - [22/Aug/2023:08:55:36 +0800] "GET /xingrg/javascript/easyui/themes/icons/edit_remove.png HTTP/1.1" 304 -
101.83.145.37 - - [22/Aug/2023:08:55:41 +0800] "GET /xingrg/javascript/auto/indicator.gif HTTP/1.1" 404 1066
101.83.145.37 - - [22/Aug/2023:08:55:43 +0800] "GET /xingrg/check_reg.html?_=1692665541702 HTTP/1.1" 200 22
101.83.145.37 - - [22/Aug/2023:08:55:43 +0800] "GET /xingrg/all/function/internal_message.html?_=1692665541706&CODE_STATE=getMsg HTTP/1.1" 200 27
114.95.241.104 - - [22/Aug/2023:08:55:45 +0800] "GET /xingrg/kc/buy/cgsh_order_operate.html?command=get_materiel&rest_code=00151&code=00101008358&supplier_code=00100008&order_time=2023-08-22 HTTP/1.1" 200 412
222.70.168.101 - - [22/Aug/2023:08:55:45 +0800] "GET /xingrg/all/function/internal_message.html?_=1692665777082&CODE_STATE=getMsg HTTP/1.1" 200 27
114.95.241.104 - - [22/Aug/2023:08:55:46 +0800] "GET /xingrg/check_reg.html?_=1692665653941 HTTP/1.1" 200 22
222.70.180.200 - - [22/Aug/2023:08:55:46 +0800] "GET /xingrg/all/function/internal_message.html?_=1692665746219&CODE_STATE=getMsg HTTP/1.1" 200 27
114.95.241.104 - - [22/Aug/2023:08:55:49 +0800] "GET /xingrg/all/function/internal_message.html?_=1692665657373&CODE_STATE=getMsg HTTP/1.1" 200 27
120.253.135.82 - - [22/Aug/2023:08:55:52 +0800] "GET /xingrg/all/function/internal_message.html?_=1692665893091&CODE_STATE=getMsg HTTP/1.1" 302 -
120.253.135.82 - - [22/Aug/2023:08:55:52 +0800] "GET /xingrg/login.html HTTP/1.1" 200 7641
124.78.155.92 - - [22/Aug/2023:08:55:52 +0800] "GET /xingrg/all/function/internal_message.html?_=1692665751603&CODE_STATE=getMsg HTTP/1.1" 200 27
120.253.135.82 - - [22/Aug/2023:08:55:53 +0800] "GET /xingrg/all/function/internal_message.html?_=1692665567304&CODE_STATE=getMsg HTTP/1.1" 200 27
114.95.241.104 - - [22/Aug/2023:08:55:58 +0800] "GET /xingrg/kc/buy/cgsh_order_operate.html?command=get_materiel&rest_code=00151&code=00101008083&supplier_code=00100008&order_time=2023-08-22 HTTP/1.1" 200 428
114.95.241.104 - - [22/Aug/2023:08:55:59 +0800] "POST /xingrg/all/common/load_select.html HTTP/1.1" 200 25
101.83.145.37 - - [22/Aug/2023:08:56:01 +0800] "GET /xingrg/kc/buy/cgsh_order_operate.html?command=get_materiel&rest_code=00105&code=00101002027&supplier_code=00100397&order_time=2023-08-22 HTTP/1.1" 200 413
222.70.168.101 - - [22/Aug/2023:08:56:06 +0800] "GET /xingrg/all/function/internal_message.html?_=1692665771115&CODE_STATE=getMsg HTTP/1.1" 200 27
114.95.241.104 - - [22/Aug/2023:08:56:07 +0800] "GET /xingrg/kc/buy/cgsh_order_operate.html?command=get_materiel_price&rest_code=00151&code=00101008083&unit_code=00100026&supplier_code=00100008&order_time=2023-08-22 HTTP/1.1" 200 27
221.239.167.251 - - [22/Aug/2023:08:56:07 +0800] "GET /xingrg/all/function/internal_message.html?_=1692665767627&CODE_STATE=getMsg HTTP/1.1" 200 27
116.232.195.127 - - [22/Aug/2023:08:56:08 +0800] "GET /xingrg/all/function/internal_message.html?_=1692665685242&CODE_STATE=getMsg HTTP/1.1" 200 27
180.152.241.196 - - [22/Aug/2023:08:56:15 +0800] "GET /xingrg/all/function/internal_message.html?_=1692665775349&CODE_STATE=getMsg HTTP/1.1" 302 -
114.95.241.104 - - [22/Aug/2023:08:56:18 +0800] "GET /xingrg/all/function/internal_message.html?_=1692665778142&CODE_STATE=getMsg HTTP/1.1" 200 27
114.95.241.104 - - [22/Aug/2023:08:56:21 +0800] "GET /xingrg/kc/buy/cgsh_order_operate.html?command=get_materiel&rest_code=00151&code=00101008370&supplier_code=00100008&order_time=2023-08-22 HTTP/1.1" 200 412
101.83.145.37 - - [22/Aug/2023:08:56:23 +0800] "GET /xingrg/kc/buy/cgsh_order_operate.html?command=get_materiel&rest_code=00105&code=00101001010&supplier_code=00100397&order_time=2023-08-22 HTTP/1.1" 200 409
222.69.132.38 - - [22/Aug/2023:08:56:35 +0800] "GET /xingrg/all/function/internal_message.html?_=1692665933429&CODE_STATE=getMsg HTTP/1.1" 200 27
101.83.145.37 - - [22/Aug/2023:08:56:39 +0800] "POST /xingrg/kc/buy/cgsh_order_operate.html HTTP/1.1" 200 37
114.95.241.104 - - [22/Aug/2023:08:56:39 +0800] "GET /xingrg/kc/buy/cgsh_order_operate.html?command=get_materiel&rest_code=00151&code=00101008087&supplier_code=00100008&order_time=2023-08-22 HTTP/1.1" 200 412
222.70.180.200 - - [22/Aug/2023:08:56:41 +0800] "GET /xingrg/kc/buy/cgsh_order_operate.html?command=get_materiel&rest_code=00111&code=00101015150&supplier_code=00100037&order_time=2023-08-22 HTTP/1.1" 200 418
101.83.145.37 - - [22/Aug/2023:08:56:42 +0800] "POST /xingrg/kc/buy/cgsh_order_operate.html HTTP/1.1" 200 3243
101.83.145.37 - - [22/Aug/2023:08:56:43 +0800] "GET /xingrg/all/function/internal_message.html?_=1692665601705&CODE_STATE=getMsg HTTP/1.1" 200 27
222.70.168.101 - - [22/Aug/2023:08:56:45 +0800] "GET /xingrg/all/function/internal_message.html?_=1692665837095&CODE_STATE=getMsg HTTP/1.1" 200 27
222.70.180.200 - - [22/Aug/2023:08:56:46 +0800] "GET /xingrg/all/function/internal_message.html?_=1692665806208&CODE_STATE=getMsg HTTP/1.1" 200 27
101.83.145.37 - - [22/Aug/2023:08:56:46 +0800] "GET /xingrg/kc/print/load_config.html?kc_code=cgsh HTTP/1.1" 200 1924
101.83.145.37 - - [22/Aug/2023:08:56:47 +0800] "GET /xingrg/kc/print/load_data.html?order_code=212023082208843&kc_code=cgsh&condition= HTTP/1.1" 200 892
114.95.241.104 - - [22/Aug/2023:08:56:49 +0800] "GET /xingrg/all/function/internal_message.html?_=1692665717387&CODE_STATE=getMsg HTTP/1.1" 200 27
120.253.135.82 - - [22/Aug/2023:08:56:52 +0800] "GET /xingrg/all/function/internal_message.html?_=1692665953096&CODE_STATE=getMsg HTTP/1.1" 302 -
120.253.135.82 - - [22/Aug/2023:08:56:52 +0800] "GET /xingrg/login.html HTTP/1.1" 200 7641
124.78.155.92 - - [22/Aug/2023:08:56:52 +0800] "GET /xingrg/all/function/internal_message.html?_=1692665811575&CODE_STATE=getMsg HTTP/1.1" 200 27
120.253.135.82 - - [22/Aug/2023:08:56:53 +0800] "GET /xingrg/all/function/internal_message.html?_=1692665627393&CODE_STATE=getMsg HTTP/1.1" 200 27
114.95.241.104 - - [22/Aug/2023:08:56:56 +0800] "GET /xingrg/kc/buy/cgsh_order_operate.html?command=get_materiel&rest_code=00151&code=00101008355&supplier_code=00100008&order_time=2023-08-22 HTTP/1.1" 200 408
222.70.168.101 - - [22/Aug/2023:08:57:06 +0800] "GET /xingrg/all/function/internal_message.html?_=1692665831126&CODE_STATE=getMsg HTTP/1.1" 200 27
114.95.241.104 - - [22/Aug/2023:08:57:07 +0800] "GET /xingrg/kc/buy/cgsh_order_operate.html?command=get_materiel&rest_code=00151&code=00101008372&supplier_code=00100008&order_time=2023-08-22 HTTP/1.1" 200 408
221.239.167.251 - - [22/Aug/2023:08:57:07 +0800] "GET /xingrg/all/function/internal_message.html?_=1692665827608&CODE_STATE=getMsg HTTP/1.1" 200 27
116.232.195.127 - - [22/Aug/2023:08:57:08 +0800] "GET /xingrg/all/function/internal_message.html?_=1692665745246&CODE_STATE=getMsg HTTP/1.1" 200 27
116.232.195.127 - - [22/Aug/2023:08:57:08 +0800] "GET /xingrg/check_reg.html?_=1692665745247 HTTP/1.1" 200 22
180.152.241.196 - - [22/Aug/2023:08:57:15 +0800] "GET /xingrg/all/function/internal_message.html?_=1692665835334&CODE_STATE=getMsg HTTP/1.1" 302 -
114.95.241.104 - - [22/Aug/2023:08:57:18 +0800] "GET /xingrg/all/function/internal_message.html?_=1692665838146&CODE_STATE=getMsg HTTP/1.1" 200 27
114.95.241.104 - - [22/Aug/2023:08:57:19 +0800] "GET /xingrg/kc/buy/cgsh_order_operate.html?command=get_materiel&rest_code=00151&code=00101008301&supplier_code=00100008&order_time=2023-08-22 HTTP/1.1" 200 422
114.95.241.104 - - [22/Aug/2023:08:57:28 +0800] "GET /xingrg/kc/buy/cgsh_order_operate.html?command=get_materiel&rest_code=00151&code=00101008137&supplier_code=00100008&order_time=2023-08-22 HTTP/1.1" 200 408
222.70.180.200 - - [22/Aug/2023:08:57:32 +0800] "GET /xingrg/kc/buy/cgsh_order_operate.html?command=get_materiel&rest_code=00111&code=00101009160&supplier_code=00100037&order_time=2023-08-22 HTTP/1.1" 200 415
222.69.132.38 - - [22/Aug/2023:08:57:35 +0800] "GET /xingrg/all/function/internal_message.html?_=1692665993420&CODE_STATE=getMsg HTTP/1.1" 200 27
114.95.241.104 - - [22/Aug/2023:08:57:36 +0800] "GET /xingrg/kc/buy/cgsh_order_operate.html?command=get_materiel&rest_code=00151&code=00101008362&supplier_code=00100008&order_time=2023-08-22 HTTP/1.1" 200 408
101.83.145.37 - - [22/Aug/2023:08:57:43 +0800] "GET /xingrg/all/function/internal_message.html?_=1692665661711&CODE_STATE=getMsg HTTP/1.1" 200 27
120.253.135.82 - - [22/Aug/2023:08:57:44 +0800] "GET /xingrg/check_reg.html?_=1692665678407 HTTP/1.1" 200 22
222.70.168.101 - - [22/Aug/2023:08:57:45 +0800] "GET /xingrg/all/function/internal_message.html?_=1692665897215&CODE_STATE=getMsg HTTP/1.1" 200 27
222.70.180.200 - - [22/Aug/2023:08:57:46 +0800] "GET /xingrg/all/function/internal_message.html?_=1692665866215&CODE_STATE=getMsg HTTP/1.1" 200 27
114.95.241.104 - - [22/Aug/2023:08:57:46 +0800] "GET /xingrg/kc/buy/cgsh_order_operate.html?command=get_materiel&rest_code=00151&code=00101008077&supplier_code=00100008&order_time=2023-08-22 HTTP/1.1" 200 416
114.95.241.104 - - [22/Aug/2023:08:57:49 +0800] "GET /xingrg/all/function/internal_message.html?_=1692665777400&CODE_STATE=getMsg HTTP/1.1" 200 27
120.253.135.82 - - [22/Aug/2023:08:57:52 +0800] "GET /xingrg/all/function/internal_message.html?_=1692666013107&CODE_STATE=getMsg HTTP/1.1" 302 -
120.253.135.82 - - [22/Aug/2023:08:57:52 +0800] "GET /xingrg/check_reg.html?_=1692666013115 HTTP/1.1" 302 -
120.253.135.82 - - [22/Aug/2023:08:57:52 +0800] "GET /xingrg/login.html HTTP/1.1" 200 7641
120.253.135.82 - - [22/Aug/2023:08:57:52 +0800] "GET /xingrg/login.html HTTP/1.1" 200 7641
124.78.155.92 - - [22/Aug/2023:08:57:52 +0800] "GET /xingrg/all/function/internal_message.html?_=1692665871547&CODE_STATE=getMsg HTTP/1.1" 200 27
120.253.135.82 - - [22/Aug/2023:08:57:53 +0800] "GET /xingrg/all/function/internal_message.html?_=1692665687394&CODE_STATE=getMsg HTTP/1.1" 200 27
114.95.241.104 - - [22/Aug/2023:08:57:55 +0800] "GET /xingrg/kc/buy/cgsh_order_operate.html?command=get_materiel&rest_code=00151&code=00101008169&supplier_code=00100008&order_time=2023-08-22 HTTP/1.1" 200 412
101.83.145.37 - - [22/Aug/2023:08:57:59 +0800] "GET /xingrg/kc/buy/cgsh_order_add.html HTTP/1.1" 200 72046
101.83.145.37 - - [22/Aug/2023:08:57:59 +0800] "POST /xingrg/kc/buy/cgsh_order_operate.html HTTP/1.1" 200 8245
101.83.145.37 - - [22/Aug/2023:08:57:59 +0800] "GET /xingrg/javascript/easyui/themes/default/validatebox.css HTTP/1.1" 404 1104
222.70.168.101 - - [22/Aug/2023:08:58:06 +0800] "GET /xingrg/check_reg.html?_=1692665890910 HTTP/1.1" 200 22
222.70.168.101 - - [22/Aug/2023:08:58:06 +0800] "GET /xingrg/all/function/internal_message.html?_=1692665891140&CODE_STATE=getMsg HTTP/1.1" 200 27
221.239.167.251 - - [22/Aug/2023:08:58:07 +0800] "GET /xingrg/all/function/internal_message.html?_=1692665887599&CODE_STATE=getMsg HTTP/1.1" 200 27
114.95.241.104 - - [22/Aug/2023:08:58:08 +0800] "GET /xingrg/kc/buy/cgsh_order_operate.html?command=get_materiel&rest_code=00151&code=00101008352&supplier_code=00100008&order_time=2023-08-22 HTTP/1.1" 200 412
116.232.195.127 - - [22/Aug/2023:08:58:08 +0800] "GET /xingrg/all/function/internal_message.html?_=1692665805235&CODE_STATE=getMsg HTTP/1.1" 200 27
180.152.241.196 - - [22/Aug/2023:08:58:15 +0800] "GET /xingrg/all/function/internal_message.html?_=1692665895326&CODE_STATE=getMsg HTTP/1.1" 302 -
114.95.241.104 - - [22/Aug/2023:08:58:16 +0800] "GET /xingrg/kc/buy/cgsh_order_operate.html?command=get_materiel&rest_code=00151&code=00101008371&supplier_code=00100008&order_time=2023-08-22 HTTP/1.1" 200 412
114.95.241.104 - - [22/Aug/2023:08:58:18 +0800] "GET /xingrg/all/function/internal_message.html?_=1692665898133&CODE_STATE=getMsg HTTP/1.1" 200 27
222.70.180.200 - - [22/Aug/2023:08:58:23 +0800] "POST /xingrg/kc/buy/cgsh_order_operate.html HTTP/1.1" 200 37
114.95.241.104 - - [22/Aug/2023:08:58:27 +0800] "GET /xingrg/kc/buy/cgsh_order_operate.html?command=get_materiel&rest_code=00151&code=00101008344&supplier_code=00100008&order_time=2023-08-22 HTTP/1.1" 200 412
222.70.180.200 - - [22/Aug/2023:08:58:28 +0800] "POST /xingrg/kc/buy/cgsh_order_operate.html HTTP/1.1" 200 10349
101.83.145.37 - - [22/Aug/2023:08:58:28 +0800] "GET /xingrg/kc/buy/cgsh_order_operate.html?command=get_materiel&rest_code=00105&code=00101008312&supplier_code=00100203&order_time=2023-08-22 HTTP/1.1" 200 412
222.70.180.200 - - [22/Aug/2023:08:58:32 +0800] "GET /xingrg/kc/print/load_data.html?order_code=212023082208844&kc_code=cgsh&condition= HTTP/1.1" 200 3606
222.69.132.38 - - [22/Aug/2023:08:58:35 +0800] "GET /xingrg/check_reg.html?_=1692666053416 HTTP/1.1" 200 22
222.69.132.38 - - [22/Aug/2023:08:58:35 +0800] "GET /xingrg/all/function/internal_message.html?_=1692666053418&CODE_STATE=getMsg HTTP/1.1" 200 27
114.95.241.104 - - [22/Aug/2023:08:58:40 +0800] "POST /xingrg/kc/buy/cgsh_order_operate.html HTTP/1.1" 200 37
114.95.241.104 - - [22/Aug/2023:08:58:42 +0800] "POST /xingrg/kc/buy/cgsh_order_operate.html HTTP/1.1" 200 14064
101.83.145.37 - - [22/Aug/2023:08:58:43 +0800] "GET /xingrg/all/function/internal_message.html?_=1692665721713&CODE_STATE=getMsg HTTP/1.1" 200 27
222.70.168.101 - - [22/Aug/2023:08:58:45 +0800] "GET /xingrg/all/function/internal_message.html?_=1692665957216&CODE_STATE=getMsg HTTP/1.1" 200 27
222.70.180.200 - - [22/Aug/2023:08:58:46 +0800] "GET /xingrg/all/function/internal_message.html?_=1692665926223&CODE_STATE=getMsg HTTP/1.1" 200 27
114.95.241.104 - - [22/Aug/2023:08:58:49 +0800] "GET /xingrg/all/function/internal_message.html?_=1692665837414&CODE_STATE=getMsg HTTP/1.1" 200 27
114.95.241.104 - - [22/Aug/2023:08:58:51 +0800] "GET /xingrg/kc/buy/cgsh_order_operate.html?command=get_materiel&rest_code=00151&code=00101008221&supplier_code=00100008&order_time=2023-08-22 HTTP/1.1" 200 412
120.253.135.82 - - [22/Aug/2023:08:58:52 +0800] "GET /xingrg/all/function/internal_message.html?_=1692666073111&CODE_STATE=getMsg HTTP/1.1" 302 -
120.253.135.82 - - [22/Aug/2023:08:58:52 +0800] "GET /xingrg/login.html HTTP/1.1" 200 7641
124.78.155.92 - - [22/Aug/2023:08:58:52 +0800] "GET /xingrg/all/function/internal_message.html?_=1692665931517&CODE_STATE=getMsg HTTP/1.1" 200 27
120.253.135.82 - - [22/Aug/2023:08:58:53 +0800] "GET /xingrg/all/function/internal_message.html?_=1692665747407&CODE_STATE=getMsg HTTP/1.1" 200 27
101.83.145.37 - - [22/Aug/2023:08:58:55 +0800] "GET /xingrg/kc/buy/cgsh_order_operate.html?command=get_materiel&rest_code=00105&code=00101008038&supplier_code=00100203&order_time=2023-08-22 HTTP/1.1" 200 412
114.95.241.104 - - [22/Aug/2023:08:59:03 +0800] "GET /xingrg/kc/buy/cgsh_order_operate.html?command=get_materiel&rest_code=00151&code=00101008441&supplier_code=00100008&order_time=2023-08-22 HTTP/1.1" 200 421
222.70.168.101 - - [22/Aug/2023:08:59:06 +0800] "GET /xingrg/all/function/internal_message.html?_=1692665951153&CODE_STATE=getMsg HTTP/1.1" 200 27
221.239.167.251 - - [22/Aug/2023:08:59:07 +0800] "GET /xingrg/all/function/internal_message.html?_=1692665947582&CODE_STATE=getMsg HTTP/1.1" 200 27
116.232.195.127 - - [22/Aug/2023:08:59:08 +0800] "GET /xingrg/all/function/internal_message.html?_=1692665865248&CODE_STATE=getMsg HTTP/1.1" 200 27
114.95.241.104 - - [22/Aug/2023:08:59:11 +0800] "GET /xingrg/kc/buy/cgsh_order_operate.html?command=get_materiel&rest_code=00151&code=00101008150&supplier_code=00100008&order_time=2023-08-22 HTTP/1.1" 200 409
180.152.241.196 - - [22/Aug/2023:08:59:15 +0800] "GET /xingrg/all/function/internal_message.html?_=1692665955297&CODE_STATE=getMsg HTTP/1.1" 302 -
114.95.241.104 - - [22/Aug/2023:08:59:18 +0800] "GET /xingrg/all/function/internal_message.html?_=1692665958139&CODE_STATE=getMsg HTTP/1.1" 200 27
114.95.241.104 - - [22/Aug/2023:08:59:18 +0800] "GET /xingrg/check_reg.html?_=1692665958144 HTTP/1.1" 200 22
114.95.241.104 - - [22/Aug/2023:08:59:21 +0800] "POST /xingrg/kc/buy/cgsh_order_operate.html HTTP/1.1" 200 37
101.83.145.37 - - [22/Aug/2023:08:59:30 +0800] "GET /xingrg/kc/buy/cgsh_order_operate.html?command=get_materiel&rest_code=00105&code=00101008230&supplier_code=00100203&order_time=2023-08-22 HTTP/1.1" 200 408
222.69.132.38 - - [22/Aug/2023:08:59:35 +0800] "GET /xingrg/all/function/internal_message.html?_=1692666113424&CODE_STATE=getMsg HTTP/1.1" 200 27
101.83.145.37 - - [22/Aug/2023:08:59:43 +0800] "GET /xingrg/all/function/internal_message.html?_=1692665781705&CODE_STATE=getMsg HTTP/1.1" 200 27
222.70.168.101 - - [22/Aug/2023:08:59:45 +0800] "GET /xingrg/all/function/internal_message.html?_=1692666017329&CODE_STATE=getMsg HTTP/1.1" 200 27
222.70.180.200 - - [22/Aug/2023:08:59:46 +0800] "GET /xingrg/all/function/internal_message.html?_=1692665986237&CODE_STATE=getMsg HTTP/1.1" 200 27
222.70.180.200 - - [22/Aug/2023:08:59:46 +0800] "GET /xingrg/check_reg.html?_=1692665986240 HTTP/1.1" 200 22
120.253.135.82 - - [22/Aug/2023:08:59:52 +0800] "GET /xingrg/all/function/internal_message.html?_=1692666133111&CODE_STATE=getMsg HTTP/1.1" 302 -
120.253.135.82 - - [22/Aug/2023:08:59:52 +0800] "GET /xingrg/login.html HTTP/1.1" 200 7641
124.78.155.92 - - [22/Aug/2023:08:59:52 +0800] "GET /xingrg/all/function/internal_message.html?_=1692665991488&CODE_STATE=getMsg HTTP/1.1" 200 27
101.83.145.37 - - [22/Aug/2023:08:59:53 +0800] "GET /xingrg/kc/buy/cgsh_order_operate.html?command=get_materiel&rest_code=00105&code=00101008036&supplier_code=00100203&order_time=2023-08-22 HTTP/1.1" 200 408
120.253.135.82 - - [22/Aug/2023:08:59:53 +0800] "GET /xingrg/all/function/internal_message.html?_=1692665807490&CODE_STATE=getMsg HTTP/1.1" 200 27
222.70.168.101 - - [22/Aug/2023:09:00:06 +0800] "GET /xingrg/all/function/internal_message.html?_=1692666011167&CODE_STATE=getMsg HTTP/1.1" 200 27
221.239.167.251 - - [22/Aug/2023:09:00:07 +0800] "GET /xingrg/all/function/internal_message.html?_=1692666007595&CODE_STATE=getMsg HTTP/1.1" 200 27
116.232.195.127 - - [22/Aug/2023:09:00:08 +0800] "GET /xingrg/all/function/internal_message.html?_=1692665925244&CODE_STATE=getMsg HTTP/1.1" 200 27
221.239.167.251 - - [22/Aug/2023:09:00:14 +0800] "GET /xingrg/check_reg.html?_=1692666014377 HTTP/1.1" 200 22
180.152.241.196 - - [22/Aug/2023:09:00:15 +0800] "GET /xingrg/all/function/internal_message.html?_=1692666015270&CODE_STATE=getMsg HTTP/1.1" 302 -
180.152.241.196 - - [22/Aug/2023:09:00:15 +0800] "GET /xingrg/check_reg.html?_=1692666015737 HTTP/1.1" 302 -
124.78.155.92 - - [22/Aug/2023:09:00:16 +0800] "GET /xingrg/check_reg.html?_=1692666014924 HTTP/1.1" 200 22
101.83.145.37 - - [22/Aug/2023:09:00:16 +0800] "GET /xingrg/kc/buy/cgsh_order_operate.html?command=get_materiel&rest_code=00105&code=00101008275&supplier_code=00100203&order_time=2023-08-22 HTTP/1.1" 200 416
114.95.241.104 - - [22/Aug/2023:09:00:18 +0800] "GET /xingrg/all/function/internal_message.html?_=1692666018144&CODE_STATE=getMsg HTTP/1.1" 200 27
222.70.168.101 - - [22/Aug/2023:09:00:18 +0800] "GET /xingrg/check_reg.html?_=1692666050210 HTTP/1.1" 200 22
222.70.180.200 - - [22/Aug/2023:09:00:23 +0800] "GET /xingrg/kc/buy/cgsh_order_add.html HTTP/1.1" 200 71914
222.70.180.200 - - [22/Aug/2023:09:00:24 +0800] "POST /xingrg/kc/buy/cgsh_order_operate.html HTTP/1.1" 200 8245
222.70.180.200 - - [22/Aug/2023:09:00:24 +0800] "GET /xingrg/javascript/easyui/themes/default/validatebox.css HTTP/1.1" 404 1104
114.83.217.40 - - [22/Aug/2023:09:00:27 +0800] "GET /xingrg/login.html HTTP/1.1" 200 7641
114.83.217.40 - - [22/Aug/2023:09:00:27 +0800] "GET /favicon.ico HTTP/1.1" 404 -
180.152.241.196 - - [22/Aug/2023:09:00:33 +0800] "GET /xingrg/check_reg.html?_=1692666035174 HTTP/1.1" 302 -
114.83.217.40 - - [22/Aug/2023:09:00:34 +0800] "POST /xingrg/login.do HTTP/1.1" 302 -
114.83.217.40 - - [22/Aug/2023:09:00:34 +0800] "GET /xingrg/index.html?sysBaseUrl=http%3A%2F%2F180.169.147.146%3A18081%2Fxingrg%2F&costTime=872×tamp=1692666034108 HTTP/1.1" 200 17179
114.83.217.40 - - [22/Aug/2023:09:00:34 +0800] "GET /favicon.ico HTTP/1.1" 404 -
114.83.217.40 - - [22/Aug/2023:09:00:34 +0800] "GET /xingrg/all/function/internal_message.html?_=1692666034601&CODE_STATE=count HTTP/1.1" 200 11
114.83.217.40 - - [22/Aug/2023:09:00:34 +0800] "GET /xingrg/check_reg.html?_=1692666034603 HTTP/1.1" 200 22
114.83.217.40 - - [22/Aug/2023:09:00:34 +0800] "POST /xingrg/all/common/load_tree.html?tree=area_rest_tree_json&manage=1 HTTP/1.1" 200 351
114.83.217.40 - - [22/Aug/2023:09:00:34 +0800] "POST /xingrg/load_menu.html HTTP/1.1" 200 5138
114.95.241.104 - - [22/Aug/2023:09:00:34 +0800] "POST /xingrg/kc/buy/cgsh_order_operate.html HTTP/1.1" 200 15869
222.69.132.38 - - [22/Aug/2023:09:00:35 +0800] "GET /xingrg/all/function/internal_message.html?_=1692666173417&CODE_STATE=getMsg HTTP/1.1" 200 27
114.83.217.40 - - [22/Aug/2023:09:00:40 +0800] "GET /xingrg/kc/mdqp/qqps_order_list.html HTTP/1.1" 200 9222
114.83.217.40 - - [22/Aug/2023:09:00:40 +0800] "GET /xingrg/dwr/interface/AjaxQqpsService.js HTTP/1.1" 200 16326
114.83.217.40 - - [22/Aug/2023:09:00:40 +0800] "GET /xingrg/dwr/interface/AjaxReportQueryService.js HTTP/1.1" 200 13203
114.83.217.40 - - [22/Aug/2023:09:00:40 +0800] "GET /xingrg/dwr/engine.js HTTP/1.1" 200 43631
114.83.217.40 - - [22/Aug/2023:09:00:40 +0800] "GET /xingrg/dwr/util.js HTTP/1.1" 304 -
114.83.217.40 - - [22/Aug/2023:09:00:42 +0800] "GET /xingrg/kc/mdqp/qqps_order_add.html HTTP/1.1" 200 28398
114.83.217.40 - - [22/Aug/2023:09:00:42 +0800] "GET /xingrg/dwr/interface/AjaxQqpsService.js HTTP/1.1" 200 16326
114.83.217.40 - - [22/Aug/2023:09:00:42 +0800] "GET /xingrg/dwr/interface/AjaxComOrderService.js HTTP/1.1" 200 18264
114.83.217.40 - - [22/Aug/2023:09:00:42 +0800] "GET /xingrg/dwr/engine.js HTTP/1.1" 200 43631
114.83.217.40 - - [22/Aug/2023:09:00:42 +0800] "GET /xingrg/words/20230821143102_words.js HTTP/1.1" 304 -
114.95.241.104 - - [22/Aug/2023:09:00:43 +0800] "GET /xingrg/all/function/internal_message.html?_=1692665950905&CODE_STATE=getMsg HTTP/1.1" 200 27
101.83.145.37 - - [22/Aug/2023:09:00:43 +0800] "GET /xingrg/all/function/internal_message.html?_=1692665841719&CODE_STATE=getMsg HTTP/1.1" 200 27
101.83.145.37 - - [22/Aug/2023:09:00:43 +0800] "GET /xingrg/check_reg.html?_=1692665841722 HTTP/1.1" 200 22
101.83.145.37 - - [22/Aug/2023:09:00:43 +0800] "GET /xingrg/kc/buy/cgsh_order_operate.html?command=get_materiel&rest_code=00105&code=00101008091&supplier_code=00100203&order_time=2023-08-22 HTTP/1.1" 200 413
114.95.241.104 - - [22/Aug/2023:09:00:45 +0800] "POST /xingrg/kc/buy/cgsh_order_operate.html HTTP/1.1" 200 37
222.70.168.101 - - [22/Aug/2023:09:00:45 +0800] "GET /xingrg/all/function/internal_message.html?_=1692666077336&CODE_STATE=getMsg HTTP/1.1" 200 27
222.70.180.200 - - [22/Aug/2023:09:00:46 +0800] "GET /xingrg/all/function/internal_message.html?_=1692666046227&CODE_STATE=getMsg HTTP/1.1" 200 27
114.83.217.40 - - [22/Aug/2023:09:00:50 +0800] "POST /xingrg/dwr/call/plaincall/AjaxQqpsService.saveOrder.dwr HTTP/1.1" 200 78
114.83.217.40 - - [22/Aug/2023:09:00:51 +0800] "GET /xingrg/javascript/auto/indicator.gif HTTP/1.1" 404 1066
