114.95.241.104 - - [22/Aug/2023:12:04:02 +0800] "GET /xingrg/check_reg.html?_=1692676949856 HTTP/1.1" 200 22
124.78.155.92 - - [22/Aug/2023:12:04:02 +0800] "GET /xingrg/all/function/internal_message.html?_=1692677041356&CODE_STATE=getMsg HTTP/1.1" 200 27
58.40.7.146 - - [22/Aug/2023:12:04:03 +0800] "GET /xingrg/all/function/internal_message.html?_=1692677043248&CODE_STATE=getMsg HTTP/1.1" 200 27
114.95.241.104 - - [22/Aug/2023:12:04:03 +0800] "GET /xingrg/all/function/internal_message.html?_=1692676951144&CODE_STATE=getMsg HTTP/1.1" 200 27
180.157.253.42 - - [22/Aug/2023:12:04:05 +0800] "POST /xingrg/services/DataTransmitService HTTP/1.1" 200 524
221.239.167.251 - - [22/Aug/2023:12:04:05 +0800] "GET /xingrg/all/function/internal_message.html?_=1692677044881&CODE_STATE=getMsg HTTP/1.1" 200 27
180.157.253.42 - - [22/Aug/2023:12:04:06 +0800] "POST /xingrg/services/DataTransmitService HTTP/1.1" 200 412
180.169.147.146 - - [22/Aug/2023:12:04:06 +0800] "GET /xingrg/kc/buy/cgsh_order_operate.html?command=get_materiel&rest_code=00147&code=00101008233&supplier_code=00100007&order_time=2023-08-22 HTTP/1.1" 200 409
116.232.195.127 - - [22/Aug/2023:12:04:08 +0800] "GET /xingrg/all/function/internal_message.html?_=1692676965240&CODE_STATE=getMsg HTTP/1.1" 200 27
180.169.147.146 - - [22/Aug/2023:12:04:14 +0800] "GET /xingrg/kc/buy/cgsh_order_operate.html?command=get_materiel&rest_code=00147&code=00101008296&supplier_code=00100007&order_time=2023-08-22 HTTP/1.1" 200 416
180.165.48.189 - - [22/Aug/2023:12:04:15 +0800] "GET /xingrg/all/function/internal_message.html?_=1692677055714&CODE_STATE=getMsg HTTP/1.1" 200 27
222.70.180.200 - - [22/Aug/2023:12:04:19 +0800] "GET /xingrg/all/function/internal_message.html?_=1692677058741&CODE_STATE=getMsg HTTP/1.1" 200 27
222.70.180.200 - - [22/Aug/2023:12:04:20 +0800] "GET /xingrg/check_reg.html?_=1692677059701 HTTP/1.1" 200 22
180.169.147.146 - - [22/Aug/2023:12:04:22 +0800] "GET /xingrg/kc/buy/cgsh_order_operate.html?command=get_materiel&rest_code=00147&code=00101008318&supplier_code=00100007&order_time=2023-08-22 HTTP/1.1" 200 408
101.83.145.37 - - [22/Aug/2023:12:04:27 +0800] "GET /xingrg/check_reg.html?_=1692676866304 HTTP/1.1" 200 22
101.83.145.37 - - [22/Aug/2023:12:04:27 +0800] "GET /xingrg/all/function/internal_message.html?_=1692676866345&CODE_STATE=getMsg HTTP/1.1" 200 27
120.253.135.82 - - [22/Aug/2023:12:04:28 +0800] "GET /xingrg/all/function/internal_message.html?_=1692676882412&CODE_STATE=getMsg HTTP/1.1" 200 27
180.169.147.146 - - [22/Aug/2023:12:04:32 +0800] "GET /xingrg/kc/buy/cgsh_order_operate.html?command=get_materiel&rest_code=00147&code=00101008353&supplier_code=00100007&order_time=2023-08-22 HTTP/1.1" 200 408
180.152.241.196 - - [22/Aug/2023:12:04:33 +0800] "GET /xingrg/all/function/internal_message.html?_=1692677081122&CODE_STATE=getMsg HTTP/1.1" 200 27
101.83.145.37 - - [22/Aug/2023:12:04:33 +0800] "POST /xingrg/kc/base/wldb_order_operate.html HTTP/1.1" 200 37
101.83.145.37 - - [22/Aug/2023:12:04:33 +0800] "POST /xingrg/kc/base/wldb_order_operate.html HTTP/1.1" 200 3705
222.69.132.38 - - [22/Aug/2023:12:04:34 +0800] "GET /xingrg/all/function/internal_message.html?_=1692677212261&CODE_STATE=getMsg HTTP/1.1" 200 27
180.157.253.42 - - [22/Aug/2023:12:04:34 +0800] "GET /xingrg/all/function/internal_message.html?_=1692677074299&CODE_STATE=getMsg HTTP/1.1" 200 27
180.169.147.146 - - [22/Aug/2023:12:04:34 +0800] "GET /xingrg/check_reg.html?_=1692677074661 HTTP/1.1" 200 22
101.83.145.37 - - [22/Aug/2023:12:04:34 +0800] "GET /xingrg/kc/base/wldb_order_info.html?code=422023082202360 HTTP/1.1" 200 30512
101.83.145.37 - - [22/Aug/2023:12:04:35 +0800] "GET /xingrg/javascript/easyui/themes/default/validatebox.css HTTP/1.1" 404 1104
101.83.145.37 - - [22/Aug/2023:12:04:36 +0800] "POST /xingrg/kc/base/wldb_order_operate.html HTTP/1.1" 200 3705
101.228.187.155 - - [22/Aug/2023:12:04:38 +0800] "GET /xingrg/all/function/internal_message.html?_=1692677078429&CODE_STATE=getMsg HTTP/1.1" 200 27
114.83.217.40 - - [22/Aug/2023:12:04:39 +0800] "GET /xingrg/all/function/internal_message.html?_=1692677079074&CODE_STATE=getMsg HTTP/1.1" 200 27
222.70.168.101 - - [22/Aug/2023:12:04:40 +0800] "GET /xingrg/all/function/internal_message.html?_=1692677113007&CODE_STATE=getMsg HTTP/1.1" 200 27
180.169.147.146 - - [22/Aug/2023:12:04:42 +0800] "GET /xingrg/kc/buy/cgsh_order_operate.html?command=get_materiel&rest_code=00147&code=00101008283&supplier_code=00100007&order_time=2023-08-22 HTTP/1.1" 200 408
222.67.237.86 - - [22/Aug/2023:12:04:50 +0800] "GET /xingrg/all/function/internal_message.html?_=1692676539528&CODE_STATE=getMsg HTTP/1.1" 200 27
222.67.237.86 - - [22/Aug/2023:12:04:52 +0800] "GET /xingrg/check_reg.html?_=1692676541172 HTTP/1.1" 200 22
222.70.168.101 - - [22/Aug/2023:12:04:53 +0800] "GET /xingrg/check_reg.html?_=1692677125623 HTTP/1.1" 200 22
180.169.147.146 - - [22/Aug/2023:12:04:54 +0800] "GET /xingrg/kc/buy/cgsh_order_operate.html?command=get_materiel&rest_code=00147&code=00101008182&supplier_code=00100007&order_time=2023-08-22 HTTP/1.1" 200 412
124.78.155.92 - - [22/Aug/2023:12:05:01 +0800] "GET /xingrg/check_reg.html?_=1692677100330 HTTP/1.1" 200 22
180.169.147.146 - - [22/Aug/2023:12:05:01 +0800] "GET /xingrg/check_reg.html?_=1692677102022 HTTP/1.1" 200 22
180.169.147.146 - - [22/Aug/2023:12:05:01 +0800] "GET /xingrg/all/function/internal_message.html?_=1692677102024&CODE_STATE=getMsg HTTP/1.1" 200 27
124.78.155.92 - - [22/Aug/2023:12:05:02 +0800] "GET /xingrg/all/function/internal_message.html?_=1692677101330&CODE_STATE=getMsg HTTP/1.1" 200 27
58.40.7.146 - - [22/Aug/2023:12:05:03 +0800] "GET /xingrg/all/function/internal_message.html?_=1692677103250&CODE_STATE=getMsg HTTP/1.1" 200 27
114.95.241.104 - - [22/Aug/2023:12:05:03 +0800] "GET /xingrg/all/function/internal_message.html?_=1692677011157&CODE_STATE=getMsg HTTP/1.1" 200 27
180.169.147.146 - - [22/Aug/2023:12:05:03 +0800] "GET /xingrg/kc/buy/cgsh_order_operate.html?command=get_materiel&rest_code=00147&code=00101008411&supplier_code=00100007&order_time=2023-08-22 HTTP/1.1" 200 413
221.239.167.251 - - [22/Aug/2023:12:05:05 +0800] "GET /xingrg/all/function/internal_message.html?_=1692677104860&CODE_STATE=getMsg HTTP/1.1" 200 27
116.232.195.127 - - [22/Aug/2023:12:05:08 +0800] "GET /xingrg/all/function/internal_message.html?_=1692677025242&CODE_STATE=getMsg HTTP/1.1" 200 27
180.169.147.146 - - [22/Aug/2023:12:05:13 +0800] "GET /xingrg/kc/buy/cgsh_order_operate.html?command=get_materiel&rest_code=00147&code=00101008175&supplier_code=00100007&order_time=2023-08-22 HTTP/1.1" 200 412
101.83.145.37 - - [22/Aug/2023:12:05:15 +0800] "GET /xingrg/kc/base/wldb_order_add.html HTTP/1.1" 200 30498
180.165.48.189 - - [22/Aug/2023:12:05:15 +0800] "GET /xingrg/all/function/internal_message.html?_=1692677115689&CODE_STATE=getMsg HTTP/1.1" 200 27
101.83.145.37 - - [22/Aug/2023:12:05:15 +0800] "GET /xingrg/javascript/easyui/themes/default/validatebox.css HTTP/1.1" 404 1104
101.83.145.37 - - [22/Aug/2023:12:05:15 +0800] "POST /xingrg/kc/base/wldb_order_operate.html HTTP/1.1" 200 6806
221.239.167.251 - - [22/Aug/2023:12:05:17 +0800] "GET /xingrg/check_reg.html?_=1692677116991 HTTP/1.1" 200 22
222.70.180.200 - - [22/Aug/2023:12:05:19 +0800] "GET /xingrg/all/function/internal_message.html?_=1692677118712&CODE_STATE=getMsg HTTP/1.1" 200 27
180.169.147.146 - - [22/Aug/2023:12:05:24 +0800] "GET /xingrg/kc/buy/cgsh_order_operate.html?command=get_materiel&rest_code=00147&code=00102010656&supplier_code=00100007&order_time=2023-08-22 HTTP/1.1" 200 412
101.83.145.37 - - [22/Aug/2023:12:05:27 +0800] "GET /xingrg/all/function/internal_message.html?_=1692676926323&CODE_STATE=getMsg HTTP/1.1" 200 27
120.253.135.82 - - [22/Aug/2023:12:05:28 +0800] "GET /xingrg/all/function/internal_message.html?_=1692676942414&CODE_STATE=getMsg HTTP/1.1" 200 27
180.152.241.196 - - [22/Aug/2023:12:05:33 +0800] "GET /xingrg/all/function/internal_message.html?_=1692677141121&CODE_STATE=getMsg HTTP/1.1" 200 27
180.152.241.196 - - [22/Aug/2023:12:05:33 +0800] "GET /xingrg/check_reg.html?_=1692677135701 HTTP/1.1" 302 -
222.69.132.38 - - [22/Aug/2023:12:05:34 +0800] "GET /xingrg/all/function/internal_message.html?_=1692677272246&CODE_STATE=getMsg HTTP/1.1" 200 27
180.157.253.42 - - [22/Aug/2023:12:05:34 +0800] "GET /xingrg/all/function/internal_message.html?_=1692677134299&CODE_STATE=getMsg HTTP/1.1" 200 27
101.228.187.155 - - [22/Aug/2023:12:05:38 +0800] "GET /xingrg/all/function/internal_message.html?_=1692677138429&CODE_STATE=getMsg HTTP/1.1" 200 27
114.83.217.40 - - [22/Aug/2023:12:05:39 +0800] "GET /xingrg/all/function/internal_message.html?_=1692677139067&CODE_STATE=getMsg HTTP/1.1" 200 27
114.83.217.40 - - [22/Aug/2023:12:05:39 +0800] "GET /xingrg/check_reg.html?_=1692677139069 HTTP/1.1" 200 22
180.157.253.42 - - [22/Aug/2023:12:05:39 +0800] "GET /favicon.ico HTTP/1.1" 404 -
222.70.168.101 - - [22/Aug/2023:12:05:40 +0800] "GET /xingrg/all/function/internal_message.html?_=1692677173017&CODE_STATE=getMsg HTTP/1.1" 200 27
180.169.147.146 - - [22/Aug/2023:12:05:49 +0800] "GET /xingrg/kc/buy/cgsh_order_operate.html?command=get_materiel&rest_code=00147&code=00101008261&supplier_code=00100007&order_time=2023-08-22 HTTP/1.1" 200 408
222.67.237.86 - - [22/Aug/2023:12:05:50 +0800] "GET /xingrg/all/function/internal_message.html?_=1692676599504&CODE_STATE=getMsg HTTP/1.1" 200 27
124.78.155.92 - - [22/Aug/2023:12:06:02 +0800] "GET /xingrg/all/function/internal_message.html?_=1692677161318&CODE_STATE=getMsg HTTP/1.1" 200 27
58.40.7.146 - - [22/Aug/2023:12:06:03 +0800] "GET /xingrg/check_reg.html?_=1692677163254 HTTP/1.1" 200 22
58.40.7.146 - - [22/Aug/2023:12:06:03 +0800] "GET /xingrg/all/function/internal_message.html?_=1692677163255&CODE_STATE=getMsg HTTP/1.1" 200 27
114.95.241.104 - - [22/Aug/2023:12:06:03 +0800] "GET /xingrg/all/function/internal_message.html?_=1692677071172&CODE_STATE=getMsg HTTP/1.1" 200 27
221.239.167.251 - - [22/Aug/2023:12:06:05 +0800] "GET /xingrg/all/function/internal_message.html?_=1692677164862&CODE_STATE=getMsg HTTP/1.1" 200 27
116.232.195.127 - - [22/Aug/2023:12:06:08 +0800] "GET /xingrg/all/function/internal_message.html?_=1692677085252&CODE_STATE=getMsg HTTP/1.1" 200 27
180.169.147.146 - - [22/Aug/2023:12:06:09 +0800] "GET /xingrg/kc/buy/cgsh_order_operate.html?command=get_materiel&rest_code=00147&code=00101008072&supplier_code=00100007&order_time=2023-08-22 HTTP/1.1" 200 408
180.169.147.146 - - [22/Aug/2023:12:06:11 +0800] "POST /xingrg/kc/buy/cgsh_order_operate.html HTTP/1.1" 200 2065
180.165.48.189 - - [22/Aug/2023:12:06:15 +0800] "GET /xingrg/all/function/internal_message.html?_=1692677175662&CODE_STATE=getMsg HTTP/1.1" 200 27
101.83.145.37 - - [22/Aug/2023:12:06:16 +0800] "GET /xingrg/kc/base/wldb_order_operate.html?command=get_materiel&rest_code=00105&base_code=0010507&code=00101019525 HTTP/1.1" 200 443
222.70.180.200 - - [22/Aug/2023:12:06:19 +0800] "GET /xingrg/all/function/internal_message.html?_=1692677178685&CODE_STATE=getMsg HTTP/1.1" 200 27
180.169.147.146 - - [22/Aug/2023:12:06:21 +0800] "GET /xingrg/kc/buy/cgsh_order_operate.html?command=get_materiel&rest_code=00147&code=00101008049&supplier_code=00100007&order_time=2023-08-22 HTTP/1.1" 200 408
120.253.135.82 - - [22/Aug/2023:12:06:26 +0800] "GET /xingrg/check_reg.html?_=1692676999642 HTTP/1.1" 200 22
101.83.145.37 - - [22/Aug/2023:12:06:27 +0800] "GET /xingrg/all/function/internal_message.html?_=1692676986316&CODE_STATE=getMsg HTTP/1.1" 200 27
101.83.145.37 - - [22/Aug/2023:12:06:27 +0800] "GET /xingrg/kc/base/wldb_order_operate.html?command=get_materiel&rest_code=00105&base_code=0010507&code=00101019174 HTTP/1.1" 200 462
120.253.135.82 - - [22/Aug/2023:12:06:28 +0800] "GET /xingrg/all/function/internal_message.html?_=1692677002438&CODE_STATE=getMsg HTTP/1.1" 200 27
180.169.147.146 - - [22/Aug/2023:12:06:31 +0800] "GET /xingrg/kc/buy/cgsh_order_operate.html?command=get_materiel&rest_code=00147&code=00101008354&supplier_code=00100007&order_time=2023-08-22 HTTP/1.1" 200 412
180.152.241.196 - - [22/Aug/2023:12:06:33 +0800] "GET /xingrg/all/function/internal_message.html?_=1692677201118&CODE_STATE=getMsg HTTP/1.1" 200 27
222.69.132.38 - - [22/Aug/2023:12:06:34 +0800] "GET /xingrg/all/function/internal_message.html?_=1692677332215&CODE_STATE=getMsg HTTP/1.1" 200 27
180.157.253.42 - - [22/Aug/2023:12:06:34 +0800] "GET /xingrg/all/function/internal_message.html?_=1692677194300&CODE_STATE=getMsg HTTP/1.1" 200 27
101.228.187.155 - - [22/Aug/2023:12:06:38 +0800] "GET /xingrg/all/function/internal_message.html?_=1692677198429&CODE_STATE=getMsg HTTP/1.1" 200 27
101.83.145.37 - - [22/Aug/2023:12:06:39 +0800] "GET /xingrg/kc/base/wldb_order_operate.html?command=get_materiel&rest_code=00105&base_code=0010507&code=00101016019 HTTP/1.1" 200 450
114.83.217.40 - - [22/Aug/2023:12:06:39 +0800] "GET /xingrg/all/function/internal_message.html?_=1692677199063&CODE_STATE=getMsg HTTP/1.1" 200 27
222.70.168.101 - - [22/Aug/2023:12:06:41 +0800] "GET /xingrg/all/function/internal_message.html?_=1692677233031&CODE_STATE=getMsg HTTP/1.1" 200 27
180.169.147.146 - - [22/Aug/2023:12:06:41 +0800] "GET /xingrg/kc/buy/cgsh_order_operate.html?command=get_materiel&rest_code=00147&code=00101008321&supplier_code=00100007&order_time=2023-08-22 HTTP/1.1" 200 412
222.67.237.86 - - [22/Aug/2023:12:06:50 +0800] "GET /xingrg/all/function/internal_message.html?_=1692676659482&CODE_STATE=getMsg HTTP/1.1" 200 27
180.169.147.146 - - [22/Aug/2023:12:06:53 +0800] "GET /xingrg/kc/buy/cgsh_order_operate.html?command=get_materiel&rest_code=00147&code=00101008300&supplier_code=00100007&order_time=2023-08-22 HTTP/1.1" 200 412
124.78.155.92 - - [22/Aug/2023:12:07:02 +0800] "GET /xingrg/all/function/internal_message.html?_=1692677221304&CODE_STATE=getMsg HTTP/1.1" 200 27
58.40.7.146 - - [22/Aug/2023:12:07:03 +0800] "GET /xingrg/all/function/internal_message.html?_=1692677223243&CODE_STATE=getMsg HTTP/1.1" 200 27
101.83.145.37 - - [22/Aug/2023:12:07:03 +0800] "GET /xingrg/kc/base/wldb_order_operate.html?command=get_materiel&rest_code=00105&base_code=0010507&code=00101019058 HTTP/1.1" 200 452
114.95.241.104 - - [22/Aug/2023:12:07:03 +0800] "GET /xingrg/all/function/internal_message.html?_=1692677131210&CODE_STATE=getMsg HTTP/1.1" 200 27
180.169.147.146 - - [22/Aug/2023:12:07:04 +0800] "GET /xingrg/kc/buy/cgsh_order_operate.html?command=get_materiel&rest_code=00147&code=00101008213&supplier_code=00100007&order_time=2023-08-22 HTTP/1.1" 200 412
221.239.167.251 - - [22/Aug/2023:12:07:05 +0800] "GET /xingrg/all/function/internal_message.html?_=1692677224856&CODE_STATE=getMsg HTTP/1.1" 200 27
180.169.147.146 - - [22/Aug/2023:12:07:06 +0800] "POST /xingrg/kc/buy/cgsh_order_operate.html HTTP/1.1" 200 2065
116.232.195.127 - - [22/Aug/2023:12:07:08 +0800] "GET /xingrg/check_reg.html?_=1692677145248 HTTP/1.1" 200 22
116.232.195.127 - - [22/Aug/2023:12:07:08 +0800] "GET /xingrg/all/function/internal_message.html?_=1692677145250&CODE_STATE=getMsg HTTP/1.1" 200 27
180.169.147.146 - - [22/Aug/2023:12:07:12 +0800] "GET /xingrg/kc/buy/cgsh_order_operate.html?command=get_materiel&rest_code=00147&code=00101008137&supplier_code=00100007&order_time=2023-08-22 HTTP/1.1" 200 408
101.83.145.37 - - [22/Aug/2023:12:07:15 +0800] "GET /xingrg/kc/base/wldb_order_operate.html?command=get_materiel&rest_code=00105&base_code=0010507&code=00101019071 HTTP/1.1" 200 471
180.165.48.189 - - [22/Aug/2023:12:07:15 +0800] "GET /xingrg/all/function/internal_message.html?_=1692677235645&CODE_STATE=getMsg HTTP/1.1" 200 27
222.70.180.200 - - [22/Aug/2023:12:07:19 +0800] "GET /xingrg/all/function/internal_message.html?_=1692677238659&CODE_STATE=getMsg HTTP/1.1" 200 27
101.83.145.37 - - [22/Aug/2023:12:07:24 +0800] "GET /xingrg/kc/base/wldb_order_operate.html?command=get_materiel&rest_code=00105&base_code=0010507&code=00101019253 HTTP/1.1" 200 481
101.83.145.37 - - [22/Aug/2023:12:07:27 +0800] "GET /xingrg/all/function/internal_message.html?_=1692677046305&CODE_STATE=getMsg HTTP/1.1" 200 27
120.253.135.82 - - [22/Aug/2023:12:07:28 +0800] "GET /xingrg/all/function/internal_message.html?_=1692677062441&CODE_STATE=getMsg HTTP/1.1" 200 27
180.169.147.146 - - [22/Aug/2023:12:07:31 +0800] "GET /xingrg/kc/buy/cgsh_order_operate.html?command=get_materiel&rest_code=00147&code=00101008314&supplier_code=00100007&order_time=2023-08-22 HTTP/1.1" 200 413
180.152.241.196 - - [22/Aug/2023:12:07:33 +0800] "GET /xingrg/all/function/internal_message.html?_=1692677261116&CODE_STATE=getMsg HTTP/1.1" 200 27
222.69.132.38 - - [22/Aug/2023:12:07:34 +0800] "GET /xingrg/all/function/internal_message.html?_=1692677392189&CODE_STATE=getMsg HTTP/1.1" 200 27
180.157.253.42 - - [22/Aug/2023:12:07:34 +0800] "GET /xingrg/all/function/internal_message.html?_=1692677254300&CODE_STATE=getMsg HTTP/1.1" 200 27
101.83.145.37 - - [22/Aug/2023:12:07:37 +0800] "GET /xingrg/kc/base/wldb_order_operate.html?command=get_materiel&rest_code=00105&base_code=0010507&code=00101019129 HTTP/1.1" 200 471
101.228.187.155 - - [22/Aug/2023:12:07:38 +0800] "GET /xingrg/check_reg.html?_=1692677258432 HTTP/1.1" 200 22
101.228.187.155 - - [22/Aug/2023:12:07:38 +0800] "GET /xingrg/all/function/internal_message.html?_=1692677258429&CODE_STATE=getMsg HTTP/1.1" 200 27
114.83.217.40 - - [22/Aug/2023:12:07:39 +0800] "GET /xingrg/all/function/internal_message.html?_=1692677259069&CODE_STATE=getMsg HTTP/1.1" 200 27
222.70.168.101 - - [22/Aug/2023:12:07:41 +0800] "GET /xingrg/all/function/internal_message.html?_=1692677293268&CODE_STATE=getMsg HTTP/1.1" 200 27
180.169.147.146 - - [22/Aug/2023:12:07:45 +0800] "GET /xingrg/kc/buy/cgsh_order_operate.html?command=get_materiel&rest_code=00147&code=00101008223&supplier_code=00100007&order_time=2023-08-22 HTTP/1.1" 200 412
101.83.145.37 - - [22/Aug/2023:12:07:49 +0800] "GET /xingrg/kc/base/wldb_order_operate.html?command=get_materiel&rest_code=00105&base_code=0010507&code=00101019185 HTTP/1.1" 200 469
222.67.237.86 - - [22/Aug/2023:12:07:51 +0800] "GET /xingrg/all/function/internal_message.html?_=1692676719453&CODE_STATE=getMsg HTTP/1.1" 200 27
222.70.180.200 - - [22/Aug/2023:12:07:55 +0800] "GET /xingrg/kc/buy/buy_main.html HTTP/1.1" 200 12412
222.70.180.200 - - [22/Aug/2023:12:07:55 +0800] "GET /xingrg/css/blue.css HTTP/1.1" 304 -
222.70.180.200 - - [22/Aug/2023:12:07:55 +0800] "GET /xingrg/css/new_ie.css HTTP/1.1" 404 1036
222.70.180.200 - - [22/Aug/2023:12:07:55 +0800] "GET /xingrg/javascript/jquery_ui/jquery-ui.min.js HTTP/1.1" 304 -
222.70.180.200 - - [22/Aug/2023:12:07:55 +0800] "GET /xingrg/javascript/jquery_ui/themes/humanity/humanity.css HTTP/1.1" 304 -
222.70.180.200 - - [22/Aug/2023:12:07:55 +0800] "GET /xingrg/javascript/ToolTips.js HTTP/1.1" 304 -
222.70.180.200 - - [22/Aug/2023:12:07:55 +0800] "GET /xingrg/javascript/myfunction.js HTTP/1.1" 304 -
222.70.180.200 - - [22/Aug/2023:12:07:55 +0800] "GET /xingrg/images/blue/button/cgxqd.gif HTTP/1.1" 304 -
222.70.180.200 - - [22/Aug/2023:12:07:55 +0800] "GET /xingrg/images/blue/button/cgydd.gif HTTP/1.1" 304 -
222.70.180.200 - - [22/Aug/2023:12:07:55 +0800] "GET /xingrg/images/blue/button/cgshd.gif HTTP/1.1" 304 -
222.70.180.200 - - [22/Aug/2023:12:07:55 +0800] "GET /xingrg/images/blue/button/ckthd.gif HTTP/1.1" 304 -
222.70.180.200 - - [22/Aug/2023:12:07:55 +0800] "GET /xingrg/images/blue/button/cgfkd.gif HTTP/1.1" 304 -
222.70.180.200 - - [22/Aug/2023:12:07:55 +0800] "GET /xingrg/images/blue/pic_form2.gif HTTP/1.1" 304 -
222.70.180.200 - - [22/Aug/2023:12:07:55 +0800] "GET /xingrg/images/blue/button/kc.gif HTTP/1.1" 304 -
222.70.180.200 - - [22/Aug/2023:12:07:56 +0800] "GET /xingrg/images/blue/button/down_ah.jpg HTTP/1.1" 304 -
222.70.180.200 - - [22/Aug/2023:12:07:56 +0800] "GET /xingrg/images/blue/button/right_ah.jpg HTTP/1.1" 304 -
222.70.180.200 - - [22/Aug/2023:12:07:56 +0800] "GET /xingrg/images/blue/bg_dotted.jpg HTTP/1.1" 304 -
222.70.180.200 - - [22/Aug/2023:12:07:56 +0800] "GET /xingrg/javascript/jquery_ui/themes/humanity/images/ui-bg_inset-soft_100_f4f0ec_1x100.png HTTP/1.1" 304 -
222.70.180.200 - - [22/Aug/2023:12:07:56 +0800] "GET /xingrg/javascript/jquery_ui/themes/humanity/images/ui-bg_glass_70_ede4d4_1x400.png HTTP/1.1" 304 -
222.70.180.200 - - [22/Aug/2023:12:07:56 +0800] "GET /xingrg/javascript/jquery_ui/themes/humanity/images/ui-iconsnew.jpg HTTP/1.1" 304 -
222.70.180.200 - - [22/Aug/2023:12:07:56 +0800] "GET /xingrg/javascript/jquery_ui/themes/humanity/images/ui-icons_ffffff_256x240.png HTTP/1.1" 304 -
222.70.180.200 - - [22/Aug/2023:12:07:56 +0800] "GET /xingrg/javascript/jquery_ui/themes/humanity/images/ui-icons_c47a23_256x240.png HTTP/1.1" 304 -
180.169.147.146 - - [22/Aug/2023:12:07:56 +0800] "GET /xingrg/kc/buy/cgsh_order_operate.html?command=get_materiel&rest_code=00147&code=00101008150&supplier_code=00100007&order_time=2023-08-22 HTTP/1.1" 200 409
222.70.180.200 - - [22/Aug/2023:12:07:56 +0800] "GET /xingrg/images/yd/bt.gif HTTP/1.1" 404 1040
222.70.180.200 - - [22/Aug/2023:12:07:58 +0800] "GET /xingrg/kc/buy/cgsh_order_list.html HTTP/1.1" 200 56182
124.78.155.92 - - [22/Aug/2023:12:08:02 +0800] "GET /xingrg/all/function/internal_message.html?_=1692677281275&CODE_STATE=getMsg HTTP/1.1" 200 27
58.40.7.146 - - [22/Aug/2023:12:08:03 +0800] "GET /xingrg/all/function/internal_message.html?_=1692677283245&CODE_STATE=getMsg HTTP/1.1" 200 27
114.95.241.104 - - [22/Aug/2023:12:08:03 +0800] "GET /xingrg/all/function/internal_message.html?_=1692677191214&CODE_STATE=getMsg HTTP/1.1" 200 27
221.239.167.251 - - [22/Aug/2023:12:08:05 +0800] "GET /xingrg/all/function/internal_message.html?_=1692677284845&CODE_STATE=getMsg HTTP/1.1" 200 27
180.169.147.146 - - [22/Aug/2023:12:08:07 +0800] "GET /xingrg/kc/buy/cgsh_order_operate.html?command=get_materiel&rest_code=00147&code=00101008168&supplier_code=00100007&order_time=2023-08-22 HTTP/1.1" 200 412
116.232.195.127 - - [22/Aug/2023:12:08:08 +0800] "GET /xingrg/all/function/internal_message.html?_=1692677205243&CODE_STATE=getMsg HTTP/1.1" 200 27
222.70.180.200 - - [22/Aug/2023:12:08:08 +0800] "POST /xingrg/kc/buy/cgsh_list_operate.html HTTP/1.1" 200 3500
180.169.147.146 - - [22/Aug/2023:12:08:09 +0800] "POST /xingrg/kc/buy/cgsh_order_operate.html HTTP/1.1" 200 2065
222.70.180.200 - - [22/Aug/2023:12:08:12 +0800] "GET /xingrg/kc/buy/cgsh_order_add.html HTTP/1.1" 200 71914
222.70.180.200 - - [22/Aug/2023:12:08:13 +0800] "GET /xingrg/javascript/easyui/themes/icons/copy_new.png HTTP/1.1" 304 -
222.70.180.200 - - [22/Aug/2023:12:08:13 +0800] "POST /xingrg/kc/buy/cgsh_order_operate.html HTTP/1.1" 200 8245
222.70.180.200 - - [22/Aug/2023:12:08:13 +0800] "GET /xingrg/javascript/easyui/themes/default/validatebox.css HTTP/1.1" 404 1104
222.70.180.200 - - [22/Aug/2023:12:08:13 +0800] "GET /xingrg/all/common/auto_word.html?type=employee&rest_code=00111 HTTP/1.1" 200 201
222.70.180.200 - - [22/Aug/2023:12:08:13 +0800] "GET /xingrg/all/common/auto_word.html?type=employee&rest_code=00111 HTTP/1.1" 200 201
180.165.48.189 - - [22/Aug/2023:12:08:15 +0800] "GET /xingrg/all/function/internal_message.html?_=1692677295621&CODE_STATE=getMsg HTTP/1.1" 200 27
101.83.145.37 - - [22/Aug/2023:12:08:16 +0800] "GET /xingrg/kc/base/wldb_order_operate.html?command=get_materiel&rest_code=00105&base_code=0010507&code=00101011005 HTTP/1.1" 200 430
180.169.147.146 - - [22/Aug/2023:12:08:18 +0800] "GET /xingrg/kc/buy/cgsh_order_operate.html?command=get_materiel&rest_code=00147&code=00101008095&supplier_code=00100007&order_time=2023-08-22 HTTP/1.1" 200 412
180.165.48.189 - - [22/Aug/2023:12:08:18 +0800] "GET /xingrg/check_reg.html?_=1692677298444 HTTP/1.1" 200 22
222.70.180.200 - - [22/Aug/2023:12:08:19 +0800] "GET /xingrg/all/function/internal_message.html?_=1692677298643&CODE_STATE=getMsg HTTP/1.1" 200 27
180.169.147.146 - - [22/Aug/2023:12:08:21 +0800] "GET /xingrg/check_reg.html?_=1692677300374 HTTP/1.1" 200 22
101.83.145.37 - - [22/Aug/2023:12:08:27 +0800] "GET /xingrg/all/function/internal_message.html?_=1692677106306&CODE_STATE=getMsg HTTP/1.1" 200 27
120.253.135.82 - - [22/Aug/2023:12:08:28 +0800] "GET /xingrg/all/function/internal_message.html?_=1692677122454&CODE_STATE=getMsg HTTP/1.1" 200 27
180.152.241.196 - - [22/Aug/2023:12:08:33 +0800] "GET /xingrg/all/function/internal_message.html?_=1692677321114&CODE_STATE=getMsg HTTP/1.1" 200 27
180.152.241.196 - - [22/Aug/2023:12:08:33 +0800] "GET /xingrg/check_reg.html?_=1692677321116 HTTP/1.1" 200 22
222.69.132.38 - - [22/Aug/2023:12:08:34 +0800] "GET /xingrg/all/function/internal_message.html?_=1692677452183&CODE_STATE=getMsg HTTP/1.1" 200 27
180.157.253.42 - - [22/Aug/2023:12:08:34 +0800] "GET /xingrg/all/function/internal_message.html?_=1692677314301&CODE_STATE=getMsg HTTP/1.1" 200 27
180.157.253.42 - - [22/Aug/2023:12:08:34 +0800] "GET /xingrg/check_reg.html?_=1692677314329 HTTP/1.1" 200 22
222.69.132.38 - - [22/Aug/2023:12:08:35 +0800] "GET /xingrg/check_reg.html?_=1692677453223 HTTP/1.1" 200 22
180.169.147.146 - - [22/Aug/2023:12:08:37 +0800] "GET /xingrg/kc/buy/cgsh_order_operate.html?command=get_materiel&rest_code=00147&code=00101008119&supplier_code=00100007&order_time=2023-08-22 HTTP/1.1" 200 412
101.228.187.155 - - [22/Aug/2023:12:08:38 +0800] "GET /xingrg/all/function/internal_message.html?_=1692677318432&CODE_STATE=getMsg HTTP/1.1" 200 27
114.83.217.40 - - [22/Aug/2023:12:08:39 +0800] "GET /xingrg/all/function/internal_message.html?_=1692677319068&CODE_STATE=getMsg HTTP/1.1" 200 27
222.70.168.101 - - [22/Aug/2023:12:08:41 +0800] "GET /xingrg/all/function/internal_message.html?_=1692677353276&CODE_STATE=getMsg HTTP/1.1" 200 27
101.83.145.37 - - [22/Aug/2023:12:08:47 +0800] "POST /xingrg/kc/base/wldb_order_operate.html HTTP/1.1" 200 37
101.83.145.37 - - [22/Aug/2023:12:08:48 +0800] "POST /xingrg/kc/base/wldb_order_operate.html HTTP/1.1" 200 7147
101.83.145.37 - - [22/Aug/2023:12:08:49 +0800] "GET /xingrg/kc/base/wldb_order_info.html?code=422023082202361 HTTP/1.1" 200 30513
101.83.145.37 - - [22/Aug/2023:12:08:50 +0800] "GET /xingrg/javascript/easyui/themes/default/validatebox.css HTTP/1.1" 404 1104
222.67.237.86 - - [22/Aug/2023:12:08:51 +0800] "GET /xingrg/all/function/internal_message.html?_=1692676779435&CODE_STATE=getMsg HTTP/1.1" 200 27
101.83.145.37 - - [22/Aug/2023:12:08:51 +0800] "POST /xingrg/kc/base/wldb_order_operate.html HTTP/1.1" 200 7147
180.169.147.146 - - [22/Aug/2023:12:08:54 +0800] "GET /xingrg/kc/buy/cgsh_order_operate.html?command=get_materiel&rest_code=00147&code=00101008191&supplier_code=00100007&order_time=2023-08-22 HTTP/1.1" 200 416
222.70.180.200 - - [22/Aug/2023:12:08:58 +0800] "GET /xingrg/javascript/jquery_tools/images/prev.gif HTTP/1.1" 404 1086
222.70.180.200 - - [22/Aug/2023:12:08:58 +0800] "GET /xingrg/javascript/jquery_tools/images/next.gif HTTP/1.1" 404 1086
114.95.241.104 - - [22/Aug/2023:12:09:02 +0800] "GET /xingrg/check_reg.html?_=1692677249883 HTTP/1.1" 200 22
124.78.155.92 - - [22/Aug/2023:12:09:02 +0800] "GET /xingrg/all/function/internal_message.html?_=1692677341246&CODE_STATE=getMsg HTTP/1.1" 200 27
58.40.7.146 - - [22/Aug/2023:12:09:03 +0800] "GET /xingrg/all/function/internal_message.html?_=1692677343245&CODE_STATE=getMsg HTTP/1.1" 200 27
114.95.241.104 - - [22/Aug/2023:12:09:03 +0800] "GET /xingrg/all/function/internal_message.html?_=1692677251227&CODE_STATE=getMsg HTTP/1.1" 200 27
180.169.147.146 - - [22/Aug/2023:12:09:05 +0800] "GET /xingrg/kc/buy/cgsh_order_operate.html?command=get_materiel&rest_code=00147&code=00101008196&supplier_code=00100007&order_time=2023-08-22 HTTP/1.1" 200 416
221.239.167.251 - - [22/Aug/2023:12:09:05 +0800] "GET /xingrg/all/function/internal_message.html?_=1692677344829&CODE_STATE=getMsg HTTP/1.1" 200 27
180.169.147.146 - - [22/Aug/2023:12:09:06 +0800] "POST /xingrg/kc/buy/cgsh_order_operate.html HTTP/1.1" 200 2065
116.232.195.127 - - [22/Aug/2023:12:09:08 +0800] "GET /xingrg/all/function/internal_message.html?_=1692677265231&CODE_STATE=getMsg HTTP/1.1" 200 27
180.169.147.146 - - [22/Aug/2023:12:09:13 +0800] "GET /xingrg/kc/buy/cgsh_order_operate.html?command=get_materiel&rest_code=00147&code=00101015014&supplier_code=00100007&order_time=2023-08-22 HTTP/1.1" 200 413
180.165.48.189 - - [22/Aug/2023:12:09:15 +0800] "GET /xingrg/all/function/internal_message.html?_=1692677355611&CODE_STATE=getMsg HTTP/1.1" 200 27
222.70.180.200 - - [22/Aug/2023:12:09:19 +0800] "GET /xingrg/all/function/internal_message.html?_=1692677358618&CODE_STATE=getMsg HTTP/1.1" 200 27
222.70.180.200 - - [22/Aug/2023:12:09:20 +0800] "GET /xingrg/check_reg.html?_=1692677359717 HTTP/1.1" 200 22
101.83.145.37 - - [22/Aug/2023:12:09:27 +0800] "GET /xingrg/all/function/internal_message.html?_=1692677166312&CODE_STATE=getMsg HTTP/1.1" 200 27
101.83.145.37 - - [22/Aug/2023:12:09:28 +0800] "GET /xingrg/check_reg.html?_=1692677166315 HTTP/1.1" 200 22
120.253.135.82 - - [22/Aug/2023:12:09:29 +0800] "GET /xingrg/all/function/internal_message.html?_=1692677182534&CODE_STATE=getMsg HTTP/1.1" 200 27
180.169.147.146 - - [22/Aug/2023:12:09:31 +0800] "POST /xingrg/kc/buy/cgsh_order_operate.html HTTP/1.1" 200 37
180.152.241.196 - - [22/Aug/2023:12:09:33 +0800] "GET /xingrg/all/function/internal_message.html?_=1692677381112&CODE_STATE=getMsg HTTP/1.1" 200 27
222.69.132.38 - - [22/Aug/2023:12:09:34 +0800] "GET /xingrg/all/function/internal_message.html?_=1692677512172&CODE_STATE=getMsg HTTP/1.1" 200 27
180.169.147.146 - - [22/Aug/2023:12:09:34 +0800] "GET /xingrg/check_reg.html?_=1692677374655 HTTP/1.1" 200 22
180.157.253.42 - - [22/Aug/2023:12:09:34 +0800] "GET /xingrg/all/function/internal_message.html?_=1692677374330&CODE_STATE=getMsg HTTP/1.1" 200 27
101.228.187.155 - - [22/Aug/2023:12:09:38 +0800] "GET /xingrg/all/function/internal_message.html?_=1692677378430&CODE_STATE=getMsg HTTP/1.1" 200 27
114.83.217.40 - - [22/Aug/2023:12:09:39 +0800] "GET /xingrg/all/function/internal_message.html?_=1692677379074&CODE_STATE=getMsg HTTP/1.1" 200 27
222.70.168.101 - - [22/Aug/2023:12:09:41 +0800] "GET /xingrg/all/function/internal_message.html?_=1692677413490&CODE_STATE=getMsg HTTP/1.1" 200 27
180.169.147.146 - - [22/Aug/2023:12:09:48 +0800] "POST /xingrg/kc/buy/cgsh_order_operate.html HTTP/1.1" 200 22766
180.169.147.146 - - [22/Aug/2023:12:09:50 +0800] "GET /xingrg/kc/print/load_data.html?order_code=212023082208900&kc_code=cgsh&condition= HTTP/1.1" 200 8337
222.67.237.86 - - [22/Aug/2023:12:09:51 +0800] "GET /xingrg/all/function/internal_message.html?_=1692676839405&CODE_STATE=getMsg HTTP/1.1" 200 27
222.67.237.86 - - [22/Aug/2023:12:09:52 +0800] "GET /xingrg/check_reg.html?_=1692676841162 HTTP/1.1" 200 22
222.70.168.101 - - [22/Aug/2023:12:09:53 +0800] "GET /xingrg/check_reg.html?_=1692677425629 HTTP/1.1" 200 22
124.78.155.92 - - [22/Aug/2023:12:10:01 +0800] "GET /xingrg/check_reg.html?_=1692677400325 HTTP/1.1" 200 22
124.78.155.92 - - [22/Aug/2023:12:10:02 +0800] "GET /xingrg/all/function/internal_message.html?_=1692677401224&CODE_STATE=getMsg HTTP/1.1" 200 27
58.40.7.146 - - [22/Aug/2023:12:10:03 +0800] "GET /xingrg/all/function/internal_message.html?_=1692677403248&CODE_STATE=getMsg HTTP/1.1" 200 27
114.95.241.104 - - [22/Aug/2023:12:10:04 +0800] "GET /xingrg/all/function/internal_message.html?_=1692677311241&CODE_STATE=getMsg HTTP/1.1" 200 27
221.239.167.251 - - [22/Aug/2023:12:10:05 +0800] "GET /xingrg/all/function/internal_message.html?_=1692677404821&CODE_STATE=getMsg HTTP/1.1" 200 27
116.232.195.127 - - [22/Aug/2023:12:10:08 +0800] "GET /xingrg/all/function/internal_message.html?_=1692677325235&CODE_STATE=getMsg HTTP/1.1" 200 27
180.165.48.189 - - [22/Aug/2023:12:10:15 +0800] "GET /xingrg/all/function/internal_message.html?_=1692677415584&CODE_STATE=getMsg HTTP/1.1" 200 27
221.239.167.251 - - [22/Aug/2023:12:10:17 +0800] "GET /xingrg/check_reg.html?_=1692677417001 HTTP/1.1" 200 22
222.70.180.200 - - [22/Aug/2023:12:10:19 +0800] "GET /xingrg/all/function/internal_message.html?_=1692677418592&CODE_STATE=getMsg HTTP/1.1" 200 27
101.83.145.37 - - [22/Aug/2023:12:10:28 +0800] "GET /xingrg/all/function/internal_message.html?_=1692677226316&CODE_STATE=getMsg HTTP/1.1" 200 27
101.83.145.37 - - [22/Aug/2023:12:10:28 +0800] "POST /xingrg/services/DataTransmitService HTTP/1.1" 200 524
120.253.135.82 - - [22/Aug/2023:12:10:29 +0800] "GET /xingrg/all/function/internal_message.html?_=1692677242543&CODE_STATE=getMsg HTTP/1.1" 200 27
101.83.145.37 - - [22/Aug/2023:12:10:29 +0800] "POST /xingrg/services/DataTransmitService HTTP/1.1" 200 412
180.152.241.196 - - [22/Aug/2023:12:10:33 +0800] "GET /xingrg/all/function/internal_message.html?_=1692677441136&CODE_STATE=getMsg HTTP/1.1" 200 27
180.152.241.196 - - [22/Aug/2023:12:10:33 +0800] "GET /xingrg/check_reg.html?_=1692677435723 HTTP/1.1" 302 -
222.69.132.38 - - [22/Aug/2023:12:10:34 +0800] "GET /xingrg/all/function/internal_message.html?_=1692677572157&CODE_STATE=getMsg HTTP/1.1" 200 27
180.163.28.114 - - [22/Aug/2023:12:10:34 +0800] "GET /xingrg/check_reg.html?_=1692677374655 HTTP/1.1" 302 -
180.163.28.114 - - [22/Aug/2023:12:10:34 +0800] "GET /xingrg/login.html HTTP/1.1" 200 7641
180.157.253.42 - - [22/Aug/2023:12:10:34 +0800] "GET /xingrg/all/function/internal_message.html?_=1692677434329&CODE_STATE=getMsg HTTP/1.1" 200 27
101.228.187.155 - - [22/Aug/2023:12:10:38 +0800] "GET /xingrg/all/function/internal_message.html?_=1692677438430&CODE_STATE=getMsg HTTP/1.1" 200 27
114.83.217.40 - - [22/Aug/2023:12:10:39 +0800] "GET /xingrg/all/function/internal_message.html?_=1692677439071&CODE_STATE=getMsg HTTP/1.1" 200 27
114.83.217.40 - - [22/Aug/2023:12:10:39 +0800] "GET /xingrg/check_reg.html?_=1692677439073 HTTP/1.1" 200 22
222.70.180.200 - - [22/Aug/2023:12:10:41 +0800] "GET /xingrg/kc/buy/cgsh_order_operate.html?command=get_materiel&rest_code=00111&code=00101009109&supplier_code=00100022&order_time=2023-08-22 HTTP/1.1" 200 413
222.70.168.101 - - [22/Aug/2023:12:10:41 +0800] "GET /xingrg/all/function/internal_message.html?_=1692677473491&CODE_STATE=getMsg HTTP/1.1" 200 27
222.67.237.86 - - [22/Aug/2023:12:10:51 +0800] "GET /xingrg/all/function/internal_message.html?_=1692676899373&CODE_STATE=getMsg HTTP/1.1" 200 27
124.78.155.92 - - [22/Aug/2023:12:11:02 +0800] "GET /xingrg/all/function/internal_message.html?_=1692677461209&CODE_STATE=getMsg HTTP/1.1" 200 27
58.40.7.146 - - [22/Aug/2023:12:11:03 +0800] "GET /xingrg/all/function/internal_message.html?_=1692677463250&CODE_STATE=getMsg HTTP/1.1" 200 27
58.40.7.146 - - [22/Aug/2023:12:11:03 +0800] "GET /xingrg/check_reg.html?_=1692677463251 HTTP/1.1" 200 22
114.95.241.104 - - [22/Aug/2023:12:11:03 +0800] "GET /xingrg/all/function/internal_message.html?_=1692677371256&CODE_STATE=getMsg HTTP/1.1" 200 27
221.239.167.251 - - [22/Aug/2023:12:11:05 +0800] "GET /xingrg/all/function/internal_message.html?_=1692677464810&CODE_STATE=getMsg HTTP/1.1" 200 27
116.232.195.127 - - [22/Aug/2023:12:11:08 +0800] "GET /xingrg/all/function/internal_message.html?_=1692677385242&CODE_STATE=getMsg HTTP/1.1" 200 27
180.165.48.189 - - [22/Aug/2023:12:11:15 +0800] "GET /xingrg/all/function/internal_message.html?_=1692677475577&CODE_STATE=getMsg HTTP/1.1" 200 27
222.70.180.200 - - [22/Aug/2023:12:11:19 +0800] "GET /xingrg/all/function/internal_message.html?_=1692677478564&CODE_STATE=getMsg HTTP/1.1" 200 27
58.40.7.146 - - [22/Aug/2023:12:11:24 +0800] "POST /xingrg/services/DataTransmitService HTTP/1.1" 200 524
120.253.135.82 - - [22/Aug/2023:12:11:26 +0800] "GET /xingrg/check_reg.html?_=1692677299753 HTTP/1.1" 200 22
101.83.145.37 - - [22/Aug/2023:12:11:27 +0800] "GET /xingrg/all/function/internal_message.html?_=1692677286316&CODE_STATE=getMsg HTTP/1.1" 200 27
120.253.135.82 - - [22/Aug/2023:12:11:29 +0800] "GET /xingrg/all/function/internal_message.html?_=1692677302557&CODE_STATE=getMsg HTTP/1.1" 200 27
180.152.241.196 - - [22/Aug/2023:12:11:33 +0800] "GET /xingrg/all/function/internal_message.html?_=1692677501148&CODE_STATE=getMsg HTTP/1.1" 200 27
222.69.132.38 - - [22/Aug/2023:12:11:34 +0800] "GET /xingrg/all/function/internal_message.html?_=1692677632146&CODE_STATE=getMsg HTTP/1.1" 200 27
180.157.253.42 - - [22/Aug/2023:12:11:34 +0800] "GET /xingrg/all/function/internal_message.html?_=1692677494324&CODE_STATE=getMsg HTTP/1.1" 200 27
101.228.187.155 - - [22/Aug/2023:12:11:38 +0800] "GET /xingrg/all/function/internal_message.html?_=1692677498429&CODE_STATE=getMsg HTTP/1.1" 200 27
114.83.217.40 - - [22/Aug/2023:12:11:39 +0800] "GET /xingrg/all/function/internal_message.html?_=1692677499063&CODE_STATE=getMsg HTTP/1.1" 200 27
222.70.168.101 - - [22/Aug/2023:12:11:41 +0800] "GET /xingrg/all/function/internal_message.html?_=1692677533504&CODE_STATE=getMsg HTTP/1.1" 200 27
222.67.237.86 - - [22/Aug/2023:12:11:51 +0800] "GET /xingrg/all/function/internal_message.html?_=1692676959343&CODE_STATE=getMsg HTTP/1.1" 200 27
120.253.135.82 - - [22/Aug/2023:12:11:53 +0800] "GET /xingrg/login.html HTTP/1.1" 200 7641
120.253.135.82 - - [22/Aug/2023:12:11:53 +0800] "GET /favicon.ico HTTP/1.1" 404 -
120.253.135.82 - - [22/Aug/2023:12:11:55 +0800] "POST /xingrg/login.do HTTP/1.1" 302 -
120.253.135.82 - - [22/Aug/2023:12:11:56 +0800] "GET /xingrg/index.html?sysBaseUrl=http%3A%2F%2F180.169.147.146%3A18081%2Fxingrg%2F&costTime=1234×tamp=1692677515958 HTTP/1.1" 200 17173
120.253.135.82 - - [22/Aug/2023:12:11:56 +0800] "GET /xingrg/all/function/internal_message.html?_=1692677656812&CODE_STATE=count HTTP/1.1" 200 11
120.253.135.82 - - [22/Aug/2023:12:11:56 +0800] "POST /xingrg/all/common/load_tree.html?tree=area_rest_tree_json&manage=1 HTTP/1.1" 200 344
120.253.135.82 - - [22/Aug/2023:12:11:56 +0800] "POST /xingrg/load_menu.html HTTP/1.1" 200 6743
120.253.135.82 - - [22/Aug/2023:12:11:56 +0800] "GET /xingrg/check_reg.html?_=1692677656813 HTTP/1.1" 200 22
124.78.155.92 - - [22/Aug/2023:12:12:02 +0800] "GET /xingrg/all/function/internal_message.html?_=1692677521182&CODE_STATE=getMsg HTTP/1.1" 200 27
58.40.7.146 - - [22/Aug/2023:12:12:03 +0800] "GET /xingrg/all/function/internal_message.html?_=1692677523253&CODE_STATE=getMsg HTTP/1.1" 200 27
114.95.241.104 - - [22/Aug/2023:12:12:03 +0800] "GET /xingrg/all/function/internal_message.html?_=1692677431289&CODE_STATE=getMsg HTTP/1.1" 200 27
221.239.167.251 - - [22/Aug/2023:12:12:05 +0800] "GET /xingrg/all/function/internal_message.html?_=1692677524805&CODE_STATE=getMsg HTTP/1.1" 200 27
116.232.195.127 - - [22/Aug/2023:12:12:08 +0800] "GET /xingrg/all/function/internal_message.html?_=1692677445237&CODE_STATE=getMsg HTTP/1.1" 200 27
116.232.195.127 - - [22/Aug/2023:12:12:09 +0800] "GET /xingrg/check_reg.html?_=1692677445239 HTTP/1.1" 200 22
120.253.135.82 - - [22/Aug/2023:12:12:10 +0800] "GET /xingrg/kc/buy/cgsh_order_list.html HTTP/1.1" 200 56182
120.253.135.82 - - [22/Aug/2023:12:12:10 +0800] "GET /xingrg/kc/buy/cgsh_order_list.html HTTP/1.1" 200 56182
120.253.135.82 - - [22/Aug/2023:12:12:13 +0800] "POST /xingrg/kc/buy/cgsh_list_operate.html HTTP/1.1" 200 986
180.165.48.189 - - [22/Aug/2023:12:12:15 +0800] "GET /xingrg/all/function/internal_message.html?_=1692677535554&CODE_STATE=getMsg HTTP/1.1" 200 27
120.253.135.82 - - [22/Aug/2023:12:12:18 +0800] "GET /xingrg/kc/buy/cgsh_order_add.html HTTP/1.1" 200 71022
120.253.135.82 - - [22/Aug/2023:12:12:18 +0800] "GET /xingrg/words/20230821143102_words.js HTTP/1.1" 304 -
120.253.135.82 - - [22/Aug/2023:12:12:18 +0800] "GET /xingrg/javascript/easyui/themes/default/validatebox.css HTTP/1.1" 404 1104
120.253.135.82 - - [22/Aug/2023:12:12:18 +0800] "POST /xingrg/kc/buy/cgsh_order_operate.html HTTP/1.1" 200 8245
120.253.135.82 - - [22/Aug/2023:12:12:18 +0800] "GET /xingrg/all/common/auto_word.html?type=employee&rest_code=00101 HTTP/1.1" 200 973
120.253.135.82 - - [22/Aug/2023:12:12:18 +0800] "GET /xingrg/all/common/auto_word.html?type=employee&rest_code=00101 HTTP/1.1" 200 973
222.70.180.200 - - [22/Aug/2023:12:12:19 +0800] "GET /xingrg/kc/buy/cgsh_order_operate.html?command=get_materiel&rest_code=00111&code=00101009062&supplier_code=00100022&order_time=2023-08-22 HTTP/1.1" 200 414
120.253.135.82 - - [22/Aug/2023:12:12:20 +0800] "POST /xingrg/all/common/load_combo.html?type=employee HTTP/1.1" 200 1749
222.70.180.200 - - [22/Aug/2023:12:12:22 +0800] "GET /xingrg/all/function/internal_message.html?_=1692677538536&CODE_STATE=getMsg HTTP/1.1" 200 27
101.83.145.37 - - [22/Aug/2023:12:12:27 +0800] "GET /xingrg/all/function/internal_message.html?_=1692677346311&CODE_STATE=getMsg HTTP/1.1" 200 27
120.253.135.82 - - [22/Aug/2023:12:12:29 +0800] "GET /xingrg/all/function/internal_message.html?_=1692677362571&CODE_STATE=getMsg HTTP/1.1" 200 27
180.152.241.196 - - [22/Aug/2023:12:12:33 +0800] "GET /xingrg/all/function/internal_message.html?_=1692677561147&CODE_STATE=getMsg HTTP/1.1" 200 27
222.69.132.38 - - [22/Aug/2023:12:12:34 +0800] "GET /xingrg/all/function/internal_message.html?_=1692677692126&CODE_STATE=getMsg HTTP/1.1" 200 27
180.157.253.42 - - [22/Aug/2023:12:12:34 +0800] "GET /xingrg/all/function/internal_message.html?_=1692677554330&CODE_STATE=getMsg HTTP/1.1" 200 27
101.228.187.155 - - [22/Aug/2023:12:12:38 +0800] "GET /xingrg/all/function/internal_message.html?_=1692677558427&CODE_STATE=getMsg HTTP/1.1" 200 27
101.228.187.155 - - [22/Aug/2023:12:12:38 +0800] "GET /xingrg/check_reg.html?_=1692677558430 HTTP/1.1" 200 22
114.83.217.40 - - [22/Aug/2023:12:12:39 +0800] "GET /xingrg/all/function/internal_message.html?_=1692677559075&CODE_STATE=getMsg HTTP/1.1" 200 27
222.70.168.101 - - [22/Aug/2023:12:12:41 +0800] "GET /xingrg/all/function/internal_message.html?_=1692677593793&CODE_STATE=getMsg HTTP/1.1" 200 27
120.253.135.82 - - [22/Aug/2023:12:12:45 +0800] "GET /xingrg/kc/buy/cgsh_order_operate.html?command=get_materiel&rest_code=00101&code=00101019173&supplier_code=00100106&order_time=2023-08-22 HTTP/1.1" 200 413
222.67.237.86 - - [22/Aug/2023:12:12:50 +0800] "GET /xingrg/all/function/internal_message.html?_=1692677019324&CODE_STATE=getMsg HTTP/1.1" 200 27
120.253.135.82 - - [22/Aug/2023:12:12:56 +0800] "GET /xingrg/all/function/internal_message.html?_=1692677716826&CODE_STATE=getMsg HTTP/1.1" 200 27
124.78.155.92 - - [22/Aug/2023:12:13:02 +0800] "GET /xingrg/all/function/internal_message.html?_=1692677581155&CODE_STATE=getMsg HTTP/1.1" 200 27
58.40.7.146 - - [22/Aug/2023:12:13:03 +0800] "GET /xingrg/all/function/internal_message.html?_=1692677583257&CODE_STATE=getMsg HTTP/1.1" 200 27
114.95.241.104 - - [22/Aug/2023:12:13:03 +0800] "GET /xingrg/all/function/internal_message.html?_=1692677491297&CODE_STATE=getMsg HTTP/1.1" 200 27
221.239.167.251 - - [22/Aug/2023:12:13:05 +0800] "GET /xingrg/all/function/internal_message.html?_=1692677584790&CODE_STATE=getMsg HTTP/1.1" 200 27
120.253.135.82 - - [22/Aug/2023:12:13:07 +0800] "GET /xingrg/kc/buy/cgsh_order_operate.html?command=get_materiel&rest_code=00101&code=00101019447&supplier_code=00100106&order_time=2023-08-22 HTTP/1.1" 200 453
116.232.195.127 - - [22/Aug/2023:12:13:08 +0800] "GET /xingrg/all/function/internal_message.html?_=1692677505255&CODE_STATE=getMsg HTTP/1.1" 200 27
180.165.48.189 - - [22/Aug/2023:12:13:15 +0800] "GET /xingrg/all/function/internal_message.html?_=1692677595534&CODE_STATE=getMsg HTTP/1.1" 200 27
180.165.48.189 - - [22/Aug/2023:12:13:18 +0800] "GET /xingrg/check_reg.html?_=1692677598433 HTTP/1.1" 200 22
222.70.180.200 - - [22/Aug/2023:12:13:19 +0800] "GET /xingrg/all/function/internal_message.html?_=1692677598521&CODE_STATE=getMsg HTTP/1.1" 200 27
180.169.147.146 - - [22/Aug/2023:12:13:21 +0800] "GET /xingrg/check_reg.html?_=1692677600352 HTTP/1.1" 200 22
120.253.135.82 - - [22/Aug/2023:12:13:23 +0800] "GET /xingrg/kc/buy/cgsh_order_operate.html?command=get_materiel&rest_code=00101&code=00101016082&supplier_code=00100106&order_time=2023-08-22 HTTP/1.1" 200 408
101.83.145.37 - - [22/Aug/2023:12:13:27 +0800] "GET /xingrg/all/function/internal_message.html?_=1692677406306&CODE_STATE=getMsg HTTP/1.1" 200 27
120.253.135.82 - - [22/Aug/2023:12:13:29 +0800] "GET /xingrg/all/function/internal_message.html?_=1692677422588&CODE_STATE=getMsg HTTP/1.1" 200 27
180.152.241.196 - - [22/Aug/2023:12:13:33 +0800] "GET /xingrg/check_reg.html?_=1692677621144 HTTP/1.1" 200 22
180.152.241.196 - - [22/Aug/2023:12:13:33 +0800] "GET /xingrg/all/function/internal_message.html?_=1692677621146&CODE_STATE=getMsg HTTP/1.1" 200 27
222.69.132.38 - - [22/Aug/2023:12:13:34 +0800] "GET /xingrg/all/function/internal_message.html?_=1692677752100&CODE_STATE=getMsg HTTP/1.1" 200 27
180.157.253.42 - - [22/Aug/2023:12:13:34 +0800] "GET /xingrg/check_reg.html?_=1692677614331 HTTP/1.1" 200 22
180.157.253.42 - - [22/Aug/2023:12:13:34 +0800] "GET /xingrg/all/function/internal_message.html?_=1692677614335&CODE_STATE=getMsg HTTP/1.1" 200 27
222.69.132.38 - - [22/Aug/2023:12:13:35 +0800] "GET /xingrg/check_reg.html?_=1692677753204 HTTP/1.1" 200 22
101.228.187.155 - - [22/Aug/2023:12:13:38 +0800] "GET /xingrg/all/function/internal_message.html?_=1692677618429&CODE_STATE=getMsg HTTP/1.1" 200 27
114.83.217.40 - - [22/Aug/2023:12:13:39 +0800] "GET /xingrg/all/function/internal_message.html?_=1692677619072&CODE_STATE=getMsg HTTP/1.1" 200 27
120.253.135.82 - - [22/Aug/2023:12:13:39 +0800] "POST /xingrg/kc/buy/cgsh_order_operate.html HTTP/1.1" 200 37
222.70.168.101 - - [22/Aug/2023:12:13:41 +0800] "GET /xingrg/all/function/internal_message.html?_=1692677653798&CODE_STATE=getMsg HTTP/1.1" 200 27
120.253.135.82 - - [22/Aug/2023:12:13:43 +0800] "POST /xingrg/kc/buy/cgsh_order_operate.html HTTP/1.1" 200 3887
222.67.237.86 - - [22/Aug/2023:12:13:50 +0800] "GET /xingrg/all/function/internal_message.html?_=1692677079292&CODE_STATE=getMsg HTTP/1.1" 200 27
120.253.135.82 - - [22/Aug/2023:12:13:56 +0800] "GET /xingrg/all/function/internal_message.html?_=1692677776828&CODE_STATE=getMsg HTTP/1.1" 200 27
114.95.241.104 - - [22/Aug/2023:12:14:02 +0800] "GET /xingrg/check_reg.html?_=1692677549911 HTTP/1.1" 200 22
124.78.155.92 - - [22/Aug/2023:12:14:02 +0800] "GET /xingrg/all/function/internal_message.html?_=1692677641131&CODE_STATE=getMsg HTTP/1.1" 200 27
58.40.7.146 - - [22/Aug/2023:12:14:03 +0800] "GET /xingrg/all/function/internal_message.html?_=1692677643244&CODE_STATE=getMsg HTTP/1.1" 200 27
114.95.241.104 - - [22/Aug/2023:12:14:03 +0800] "GET /xingrg/all/function/internal_message.html?_=1692677551311&CODE_STATE=getMsg HTTP/1.1" 200 27
221.239.167.251 - - [22/Aug/2023:12:14:05 +0800] "GET /xingrg/all/function/internal_message.html?_=1692677644770&CODE_STATE=getMsg HTTP/1.1" 200 27
222.70.180.200 - - [22/Aug/2023:12:14:07 +0800] "POST /xingrg/kc/buy/cgsh_order_operate.html HTTP/1.1" 200 37
116.232.195.127 - - [22/Aug/2023:12:14:08 +0800] "GET /xingrg/all/function/internal_message.html?_=1692677565240&CODE_STATE=getMsg HTTP/1.1" 200 27
222.70.180.200 - - [22/Aug/2023:12:14:10 +0800] "POST /xingrg/kc/buy/cgsh_order_operate.html HTTP/1.1" 200 3250
120.253.135.82 - - [22/Aug/2023:12:14:12 +0800] "POST /xingrg/kc/buy/cgsh_order_operate.html HTTP/1.1" 200 37
222.70.180.200 - - [22/Aug/2023:12:14:13 +0800] "GET /xingrg/kc/print/load_config.html?kc_code=cgsh HTTP/1.1" 200 1924
222.70.180.200 - - [22/Aug/2023:12:14:14 +0800] "GET /xingrg/kc/print/load_data.html?order_code=212023082208902&kc_code=cgsh&condition= HTTP/1.1" 200 925
180.165.48.189 - - [22/Aug/2023:12:14:15 +0800] "GET /xingrg/all/function/internal_message.html?_=1692677655518&CODE_STATE=getMsg HTTP/1.1" 200 27
120.253.135.82 - - [22/Aug/2023:12:14:16 +0800] "POST /xingrg/kc/buy/cgsh_order_operate.html HTTP/1.1" 200 3887
120.253.135.82 - - [22/Aug/2023:12:14:17 +0800] "GET /xingrg/kc/buy/cgsh_order_add.html HTTP/1.1" 200 71022
120.253.135.82 - - [22/Aug/2023:12:14:17 +0800] "POST /xingrg/kc/buy/cgsh_order_operate.html HTTP/1.1" 200 8245
120.253.135.82 - - [22/Aug/2023:12:14:17 +0800] "GET /xingrg/javascript/easyui/themes/default/validatebox.css HTTP/1.1" 404 1104
120.253.135.82 - - [22/Aug/2023:12:14:17 +0800] "GET /xingrg/all/common/auto_word.html?type=employee&rest_code=00101 HTTP/1.1" 200 973
120.253.135.82 - - [22/Aug/2023:12:14:18 +0800] "GET /xingrg/all/common/auto_word.html?type=employee&rest_code=00101 HTTP/1.1" 200 973
120.253.135.82 - - [22/Aug/2023:12:14:19 +0800] "POST /xingrg/all/common/load_combo.html?type=employee HTTP/1.1" 200 1749
222.70.180.200 - - [22/Aug/2023:12:14:19 +0800] "GET /xingrg/all/function/internal_message.html?_=1692677658527&CODE_STATE=getMsg HTTP/1.1" 200 27
222.70.180.200 - - [22/Aug/2023:12:14:20 +0800] "GET /xingrg/check_reg.html?_=1692677659724 HTTP/1.1" 200 22
101.83.145.37 - - [22/Aug/2023:12:14:27 +0800] "GET /xingrg/all/function/internal_message.html?_=1692677466312&CODE_STATE=getMsg HTTP/1.1" 200 27
101.83.145.37 - - [22/Aug/2023:12:14:27 +0800] "GET /xingrg/check_reg.html?_=1692677466316 HTTP/1.1" 200 22
120.253.135.82 - - [22/Aug/2023:12:14:29 +0800] "GET /xingrg/all/function/internal_message.html?_=1692677482677&CODE_STATE=getMsg HTTP/1.1" 200 27
180.152.241.196 - - [22/Aug/2023:12:14:33 +0800] "GET /xingrg/all/function/internal_message.html?_=1692677681143&CODE_STATE=getMsg HTTP/1.1" 200 27
222.69.132.38 - - [22/Aug/2023:12:14:33 +0800] "GET /xingrg/all/function/internal_message.html?_=1692677812087&CODE_STATE=getMsg HTTP/1.1" 200 27
180.157.253.42 - - [22/Aug/2023:12:14:34 +0800] "GET /xingrg/all/function/internal_message.html?_=1692677674335&CODE_STATE=getMsg HTTP/1.1" 200 27
180.169.147.146 - - [22/Aug/2023:12:14:34 +0800] "GET /xingrg/check_reg.html?_=1692677674669 HTTP/1.1" 200 22
120.253.135.82 - - [22/Aug/2023:12:14:37 +0800] "GET /xingrg/kc/buy/cgsh_order_operate.html?command=get_materiel&rest_code=00101&code=00101013256&supplier_code=00100111&order_time=2023-08-22 HTTP/1.1" 200 417
101.228.187.155 - - [22/Aug/2023:12:14:38 +0800] "GET /xingrg/all/function/internal_message.html?_=1692677678429&CODE_STATE=getMsg HTTP/1.1" 200 27
114.83.217.40 - - [22/Aug/2023:12:14:39 +0800] "GET /xingrg/all/function/internal_message.html?_=1692677679087&CODE_STATE=getMsg HTTP/1.1" 200 27
101.83.145.37 - - [22/Aug/2023:12:14:40 +0800] "POST /xingrg/kc/base/wldb_order_operate.html HTTP/1.1" 200 37
