120.253.135.82 - - [22/Aug/2023:06:32:34 +0800] "GET /xingrg/images/blue/button/kc_tab_save.gif HTTP/1.1" 304 -
120.253.135.82 - - [22/Aug/2023:06:32:34 +0800] "GET /xingrg/images/blue/button/kc_tab_edit.gif HTTP/1.1" 304 -
120.253.135.82 - - [22/Aug/2023:06:32:34 +0800] "GET /xingrg/images/blue/kc_tab_left.gif HTTP/1.1" 304 -
120.253.135.82 - - [22/Aug/2023:06:32:34 +0800] "GET /xingrg/images/blue/kc_tab_mid.gif HTTP/1.1" 304 -
120.253.135.82 - - [22/Aug/2023:06:32:34 +0800] "GET /xingrg/images/blue/kc_tab_right.gif HTTP/1.1" 304 -
120.253.135.82 - - [22/Aug/2023:06:32:34 +0800] "GET /xingrg/images/blue/kc_tab2_left.gif HTTP/1.1" 304 -
120.253.135.82 - - [22/Aug/2023:06:32:34 +0800] "GET /xingrg/images/blue/kc_tab2_right.gif HTTP/1.1" 304 -
120.253.135.82 - - [22/Aug/2023:06:32:34 +0800] "GET /xingrg/images/blue/wait.gif HTTP/1.1" 304 -
120.253.135.82 - - [22/Aug/2023:06:32:34 +0800] "POST /xingrg/dwr/call/plaincall/AjaxQqpsService.loadMaterielItems.dwr HTTP/1.1" 200 643
120.253.135.82 - - [22/Aug/2023:06:32:37 +0800] "GET /xingrg/images/yd/bt.gif HTTP/1.1" 404 1040
120.253.135.82 - - [22/Aug/2023:06:32:37 +0800] "GET /xingrg/images/yd/bt2.gif HTTP/1.1" 404 1042
120.253.135.82 - - [22/Aug/2023:06:32:38 +0800] "GET /xingrg/javascript/jquery_easy_ui/themes/default/images/button_plain_hover.png HTTP/1.1" 304 -
222.70.168.101 - - [22/Aug/2023:06:32:38 +0800] "GET /xingrg/all/function/internal_message.html?_=1692657189749&CODE_STATE=getMsg HTTP/1.1" 200 27
120.253.135.82 - - [22/Aug/2023:06:32:38 +0800] "GET /xingrg/kc/pszx/mdqp_order_list.html?isBack=1 HTTP/1.1" 302 -
120.253.135.82 - - [22/Aug/2023:06:32:39 +0800] "GET /xingrg/kc/pszx/mdqp_order_list.html?state=10 HTTP/1.1" 200 12320
120.253.135.82 - - [22/Aug/2023:06:32:39 +0800] "GET /xingrg/dwr/interface/AjaxReportQueryService.js HTTP/1.1" 200 13203
120.253.135.82 - - [22/Aug/2023:06:32:39 +0800] "GET /xingrg/dwr/interface/AjaxQqpsService.js HTTP/1.1" 200 16326
120.253.135.82 - - [22/Aug/2023:06:32:39 +0800] "GET /xingrg/dwr/engine.js HTTP/1.1" 200 43631
120.253.135.82 - - [22/Aug/2023:06:32:41 +0800] "GET /xingrg/kc/pszx/jzcl_ps.html HTTP/1.1" 200 7683
120.253.135.82 - - [22/Aug/2023:06:32:41 +0800] "GET /xingrg/javascript/step/step.css HTTP/1.1" 304 -
120.253.135.82 - - [22/Aug/2023:06:32:41 +0800] "GET /xingrg/css/table.css HTTP/1.1" 304 -
120.253.135.82 - - [22/Aug/2023:06:32:41 +0800] "GET /xingrg/javascript/step/images/navCurrentBtn.gif HTTP/1.1" 304 -
120.253.135.82 - - [22/Aug/2023:06:32:41 +0800] "GET /xingrg/javascript/jquery_easy_ui/themes/default/images/button_a_bg.gif HTTP/1.1" 304 -
120.253.135.82 - - [22/Aug/2023:06:32:41 +0800] "GET /xingrg/javascript/jquery_easy_ui/themes/default/images/button_span_bg.gif HTTP/1.1" 304 -
120.253.135.82 - - [22/Aug/2023:06:32:41 +0800] "GET /xingrg/javascript/jquery_easy_ui/themes/icons/search.png HTTP/1.1" 304 -
120.253.135.82 - - [22/Aug/2023:06:32:42 +0800] "GET /xingrg/javascript/jquery_easy_ui/themes/default/images/combo_arrow_dot.gif HTTP/1.1" 304 -
120.253.135.82 - - [22/Aug/2023:06:32:42 +0800] "GET /xingrg/javascript/jquery_easy_ui/themes/default/images/calendar_prevmonth.gif HTTP/1.1" 304 -
120.253.135.82 - - [22/Aug/2023:06:32:42 +0800] "GET /xingrg/javascript/jquery_easy_ui/themes/default/images/calendar_nextmonth.gif HTTP/1.1" 304 -
120.253.135.82 - - [22/Aug/2023:06:32:42 +0800] "GET /xingrg/javascript/jquery_easy_ui/themes/default/images/calendar_nextyear.gif HTTP/1.1" 304 -
120.253.135.82 - - [22/Aug/2023:06:32:42 +0800] "GET /xingrg/javascript/jquery_easy_ui/themes/default/images/calendar_prevyear.gif HTTP/1.1" 304 -
120.253.135.82 - - [22/Aug/2023:06:32:42 +0800] "POST /xingrg/all/common/load_tree.html?tree=area_rest_tree_json HTTP/1.1" 200 3499
120.253.135.82 - - [22/Aug/2023:06:32:42 +0800] "GET /xingrg/javascript/jquery_easy_ui/themes/default/images/datagrid_header_bg.gif HTTP/1.1" 304 -
120.253.135.82 - - [22/Aug/2023:06:32:42 +0800] "GET /xingrg/javascript/jquery_easy_ui/themes/default/images/pagination_loading.gif HTTP/1.1" 304 -
120.253.135.82 - - [22/Aug/2023:06:32:42 +0800] "GET /xingrg/javascript/jquery_easy_ui/themes/default/images/tree_checkbox_0.gif HTTP/1.1" 304 -
120.253.135.82 - - [22/Aug/2023:06:32:42 +0800] "POST /xingrg/kc/pszx/jzcl_ps_operate.html HTTP/1.1" 200 2078
120.253.135.82 - - [22/Aug/2023:06:32:42 +0800] "POST /xingrg/kc/pszx/jzcl_ps_operate.html HTTP/1.1" 200 2078
120.253.135.82 - - [22/Aug/2023:06:32:43 +0800] "GET /xingrg/javascript/jquery_easy_ui/themes/icons/rest.png HTTP/1.1" 304 -
120.253.135.82 - - [22/Aug/2023:06:32:44 +0800] "GET /xingrg/check_reg.html?_=1692656978045 HTTP/1.1" 200 22
120.253.135.82 - - [22/Aug/2023:06:32:48 +0800] "GET /xingrg/all/function/internal_message.html?_=1692656981835&CODE_STATE=getMsg HTTP/1.1" 200 27
120.253.135.82 - - [22/Aug/2023:06:32:50 +0800] "POST /xingrg/kc/pszx/jzcl_ps_operate.html HTTP/1.1" 200 4
120.253.135.82 - - [22/Aug/2023:06:32:50 +0800] "GET /xingrg/javascript/step/images/navDoneBtn.gif HTTP/1.1" 304 -
120.253.135.82 - - [22/Aug/2023:06:32:50 +0800] "GET /xingrg/javascript/step/images/navLastDoneBtn.gif HTTP/1.1" 304 -
120.253.135.82 - - [22/Aug/2023:06:32:51 +0800] "GET /xingrg/kc/pszx/mdps_order_list.html HTTP/1.1" 200 21149
120.253.135.82 - - [22/Aug/2023:06:32:51 +0800] "POST /xingrg/kc/pszx/jzcl_ps_operate.html HTTP/1.1" 200 1689
120.253.135.82 - - [22/Aug/2023:06:32:52 +0800] "POST /xingrg/kc/pszx/mdps_list_operate.html HTTP/1.1" 200 5579
124.78.155.92 - - [22/Aug/2023:06:32:56 +0800] "GET /xingrg/all/function/internal_message.html?_=1692657175119&CODE_STATE=getMsg HTTP/1.1" 200 27
120.253.135.82 - - [22/Aug/2023:06:32:57 +0800] "GET /xingrg/kc/pszx/jzcl_ps.html HTTP/1.1" 200 7683
120.253.135.82 - - [22/Aug/2023:06:32:57 +0800] "POST /xingrg/all/common/load_tree.html?tree=area_rest_tree_json HTTP/1.1" 200 3499
120.253.135.82 - - [22/Aug/2023:06:32:58 +0800] "POST /xingrg/kc/pszx/jzcl_ps_operate.html HTTP/1.1" 200 1689
120.253.135.82 - - [22/Aug/2023:06:32:58 +0800] "POST /xingrg/kc/pszx/jzcl_ps_operate.html HTTP/1.1" 200 1689
116.232.195.127 - - [22/Aug/2023:06:33:08 +0800] "GET /xingrg/all/function/internal_message.html?_=1692657105250&CODE_STATE=getMsg HTTP/1.1" 200 27
221.239.167.251 - - [22/Aug/2023:06:33:10 +0800] "GET /xingrg/all/function/internal_message.html?_=1692657190294&CODE_STATE=getMsg HTTP/1.1" 200 27
120.253.135.82 - - [22/Aug/2023:06:33:11 +0800] "POST /xingrg/kc/pszx/jzcl_ps_operate.html HTTP/1.1" 200 4
120.253.135.82 - - [22/Aug/2023:06:33:13 +0800] "POST /xingrg/kc/pszx/jzcl_ps_operate.html HTTP/1.1" 200 511
120.253.135.82 - - [22/Aug/2023:06:33:13 +0800] "GET /xingrg/kc/pszx/mdps_order_list.html HTTP/1.1" 200 21149
120.253.135.82 - - [22/Aug/2023:06:33:14 +0800] "POST /xingrg/kc/pszx/mdps_list_operate.html HTTP/1.1" 200 5579
114.95.241.104 - - [22/Aug/2023:06:33:17 +0800] "GET /xingrg/all/function/internal_message.html?_=1692657197819&CODE_STATE=getMsg HTTP/1.1" 200 27
120.253.135.82 - - [22/Aug/2023:06:33:21 +0800] "POST /xingrg/kc/pszx/mdps_list_operate.html HTTP/1.1" 200 1685
120.253.135.82 - - [22/Aug/2023:06:33:23 +0800] "POST /xingrg/kc/pszx/mdps_list_operate.html HTTP/1.1" 200 217
120.253.135.82 - - [22/Aug/2023:06:33:24 +0800] "GET /xingrg/kc/pszx/mdps_order_info.html?code=312023082200563 HTTP/1.1" 200 23976
120.253.135.82 - - [22/Aug/2023:06:33:25 +0800] "GET /xingrg/javascript/easyui/themes/default/validatebox.css HTTP/1.1" 404 1104
120.253.135.82 - - [22/Aug/2023:06:33:25 +0800] "POST /xingrg/kc/pszx/mdps_order_operate.html HTTP/1.1" 200 2305
120.253.135.82 - - [22/Aug/2023:06:33:28 +0800] "POST /xingrg/kc/pszx/mdps_order_operate.html HTTP/1.1" 200 37
120.253.135.82 - - [22/Aug/2023:06:33:29 +0800] "GET /xingrg/kc/pszx/mdps_order_info.html?code=312023082200563 HTTP/1.1" 200 23976
120.253.135.82 - - [22/Aug/2023:06:33:30 +0800] "GET /xingrg/javascript/easyui/themes/default/validatebox.css HTTP/1.1" 404 1104
120.253.135.82 - - [22/Aug/2023:06:33:30 +0800] "POST /xingrg/kc/pszx/mdps_order_operate.html HTTP/1.1" 200 2312
222.70.168.101 - - [22/Aug/2023:06:33:38 +0800] "GET /xingrg/all/function/internal_message.html?_=1692657249754&CODE_STATE=getMsg HTTP/1.1" 200 27
120.253.135.82 - - [22/Aug/2023:06:33:47 +0800] "POST /xingrg/kc/pszx/mdps_list_operate.html HTTP/1.1" 200 2062
120.253.135.82 - - [22/Aug/2023:06:33:48 +0800] "GET /xingrg/all/function/internal_message.html?_=1692657041854&CODE_STATE=getMsg HTTP/1.1" 200 27
120.253.135.82 - - [22/Aug/2023:06:33:48 +0800] "POST /xingrg/kc/pszx/mdps_list_operate.html HTTP/1.1" 200 221
120.253.135.82 - - [22/Aug/2023:06:33:50 +0800] "GET /xingrg/kc/pszx/mdps_order_info.html?code=312023082200561 HTTP/1.1" 200 23978
120.253.135.82 - - [22/Aug/2023:06:33:51 +0800] "GET /xingrg/javascript/easyui/themes/default/validatebox.css HTTP/1.1" 404 1104
120.253.135.82 - - [22/Aug/2023:06:33:51 +0800] "POST /xingrg/kc/pszx/mdps_order_operate.html HTTP/1.1" 200 2302
120.253.135.82 - - [22/Aug/2023:06:33:54 +0800] "POST /xingrg/kc/pszx/mdps_order_operate.html HTTP/1.1" 200 37
120.253.135.82 - - [22/Aug/2023:06:33:55 +0800] "GET /xingrg/kc/pszx/mdps_order_info.html?code=312023082200561 HTTP/1.1" 200 23978
120.253.135.82 - - [22/Aug/2023:06:33:56 +0800] "GET /xingrg/javascript/easyui/themes/default/validatebox.css HTTP/1.1" 404 1104
124.78.155.92 - - [22/Aug/2023:06:33:56 +0800] "GET /xingrg/all/function/internal_message.html?_=1692657235097&CODE_STATE=getMsg HTTP/1.1" 200 27
120.253.135.82 - - [22/Aug/2023:06:33:56 +0800] "POST /xingrg/kc/pszx/mdps_order_operate.html HTTP/1.1" 200 2310
116.232.195.127 - - [22/Aug/2023:06:34:08 +0800] "GET /xingrg/all/function/internal_message.html?_=1692657165257&CODE_STATE=getMsg HTTP/1.1" 200 27
221.239.167.251 - - [22/Aug/2023:06:34:10 +0800] "GET /xingrg/all/function/internal_message.html?_=1692657250272&CODE_STATE=getMsg HTTP/1.1" 200 27
120.253.135.82 - - [22/Aug/2023:06:34:15 +0800] "POST /xingrg/kc/pszx/mdps_list_operate.html HTTP/1.1" 200 2062
120.253.135.82 - - [22/Aug/2023:06:34:17 +0800] "POST /xingrg/kc/pszx/mdps_list_operate.html HTTP/1.1" 200 208
114.95.241.104 - - [22/Aug/2023:06:34:17 +0800] "GET /xingrg/all/function/internal_message.html?_=1692657257824&CODE_STATE=getMsg HTTP/1.1" 200 27
114.95.241.104 - - [22/Aug/2023:06:34:17 +0800] "GET /xingrg/check_reg.html?_=1692657257828 HTTP/1.1" 200 22
120.253.135.82 - - [22/Aug/2023:06:34:20 +0800] "GET /xingrg/kc/pszx/mdps_order_info.html?code=312023082200562 HTTP/1.1" 200 23978
120.253.135.82 - - [22/Aug/2023:06:34:21 +0800] "GET /xingrg/javascript/easyui/themes/default/validatebox.css HTTP/1.1" 404 1104
120.253.135.82 - - [22/Aug/2023:06:34:21 +0800] "POST /xingrg/kc/pszx/mdps_order_operate.html HTTP/1.1" 200 2275
120.253.135.82 - - [22/Aug/2023:06:34:25 +0800] "POST /xingrg/kc/pszx/mdps_order_operate.html HTTP/1.1" 200 37
120.253.135.82 - - [22/Aug/2023:06:34:27 +0800] "GET /xingrg/kc/pszx/mdps_order_info.html?code=312023082200562 HTTP/1.1" 200 23978
120.253.135.82 - - [22/Aug/2023:06:34:27 +0800] "GET /xingrg/javascript/easyui/themes/default/validatebox.css HTTP/1.1" 404 1104
120.253.135.82 - - [22/Aug/2023:06:34:28 +0800] "POST /xingrg/kc/pszx/mdps_order_operate.html HTTP/1.1" 200 2282
114.83.217.40 - - [22/Aug/2023:06:34:34 +0800] "POST /xingrg/services/DataTransmitService HTTP/1.1" 200 524
222.70.168.101 - - [22/Aug/2023:06:34:38 +0800] "GET /xingrg/all/function/internal_message.html?_=1692657309825&CODE_STATE=getMsg HTTP/1.1" 200 27
120.253.135.82 - - [22/Aug/2023:06:34:48 +0800] "GET /xingrg/all/function/internal_message.html?_=1692657101863&CODE_STATE=getMsg HTTP/1.1" 200 27
124.78.155.92 - - [22/Aug/2023:06:34:56 +0800] "GET /xingrg/all/function/internal_message.html?_=1692657295067&CODE_STATE=getMsg HTTP/1.1" 200 27
116.232.195.127 - - [22/Aug/2023:06:35:08 +0800] "GET /xingrg/all/function/internal_message.html?_=1692657225256&CODE_STATE=getMsg HTTP/1.1" 200 27
221.239.167.251 - - [22/Aug/2023:06:35:10 +0800] "GET /xingrg/all/function/internal_message.html?_=1692657310260&CODE_STATE=getMsg HTTP/1.1" 200 27
221.239.167.251 - - [22/Aug/2023:06:35:14 +0800] "GET /xingrg/check_reg.html?_=1692657314719 HTTP/1.1" 200 22
124.78.155.92 - - [22/Aug/2023:06:35:15 +0800] "GET /xingrg/check_reg.html?_=1692657314775 HTTP/1.1" 200 22
114.95.241.104 - - [22/Aug/2023:06:35:17 +0800] "GET /xingrg/all/function/internal_message.html?_=1692657317815&CODE_STATE=getMsg HTTP/1.1" 200 27
222.70.168.101 - - [22/Aug/2023:06:35:18 +0800] "GET /xingrg/check_reg.html?_=1692657349913 HTTP/1.1" 200 22
120.253.135.82 - - [22/Aug/2023:06:35:32 +0800] "POST /xingrg/kc/pszx/mdps_list_operate.html HTTP/1.1" 200 2062
180.152.241.196 - - [22/Aug/2023:06:35:33 +0800] "GET /xingrg/check_reg.html?_=1692657334756 HTTP/1.1" 302 -
222.70.168.101 - - [22/Aug/2023:06:35:38 +0800] "GET /xingrg/all/function/internal_message.html?_=1692657369828&CODE_STATE=getMsg HTTP/1.1" 200 27
120.253.135.82 - - [22/Aug/2023:06:35:48 +0800] "GET /xingrg/all/function/internal_message.html?_=1692657161928&CODE_STATE=getMsg HTTP/1.1" 200 27
124.78.155.92 - - [22/Aug/2023:06:35:56 +0800] "GET /xingrg/all/function/internal_message.html?_=1692657355046&CODE_STATE=getMsg HTTP/1.1" 200 27
180.163.28.55 - - [22/Aug/2023:06:35:56 +0800] "GET /xingrg/all/function/internal_message.html?_=1692657295067&CODE_STATE=getMsg HTTP/1.1" 302 -
180.163.28.55 - - [22/Aug/2023:06:35:56 +0800] "GET /xingrg/login.html HTTP/1.1" 200 7641
116.232.195.127 - - [22/Aug/2023:06:36:08 +0800] "GET /xingrg/all/function/internal_message.html?_=1692657285244&CODE_STATE=getMsg HTTP/1.1" 200 27
221.239.167.251 - - [22/Aug/2023:06:36:10 +0800] "GET /xingrg/all/function/internal_message.html?_=1692657370241&CODE_STATE=getMsg HTTP/1.1" 200 27
114.95.241.104 - - [22/Aug/2023:06:36:17 +0800] "GET /xingrg/all/function/internal_message.html?_=1692657377816&CODE_STATE=getMsg HTTP/1.1" 200 27
222.70.168.101 - - [22/Aug/2023:06:36:38 +0800] "GET /xingrg/all/function/internal_message.html?_=1692657429842&CODE_STATE=getMsg HTTP/1.1" 200 27
120.253.135.82 - - [22/Aug/2023:06:36:48 +0800] "GET /xingrg/all/function/internal_message.html?_=1692657221937&CODE_STATE=getMsg HTTP/1.1" 200 27
124.78.155.92 - - [22/Aug/2023:06:36:56 +0800] "GET /xingrg/all/function/internal_message.html?_=1692657415015&CODE_STATE=getMsg HTTP/1.1" 200 27
116.232.195.127 - - [22/Aug/2023:06:37:08 +0800] "GET /xingrg/check_reg.html?_=1692657345241 HTTP/1.1" 200 22
116.232.195.127 - - [22/Aug/2023:06:37:08 +0800] "GET /xingrg/all/function/internal_message.html?_=1692657345244&CODE_STATE=getMsg HTTP/1.1" 200 27
221.239.167.251 - - [22/Aug/2023:06:37:10 +0800] "GET /xingrg/all/function/internal_message.html?_=1692657430213&CODE_STATE=getMsg HTTP/1.1" 200 27
114.95.241.104 - - [22/Aug/2023:06:37:17 +0800] "GET /xingrg/all/function/internal_message.html?_=1692657437821&CODE_STATE=getMsg HTTP/1.1" 200 27
222.70.168.101 - - [22/Aug/2023:06:37:38 +0800] "GET /xingrg/all/function/internal_message.html?_=1692657489902&CODE_STATE=getMsg HTTP/1.1" 200 27
120.253.135.82 - - [22/Aug/2023:06:37:44 +0800] "GET /xingrg/check_reg.html?_=1692657278123 HTTP/1.1" 200 22
120.253.135.82 - - [22/Aug/2023:06:37:48 +0800] "GET /xingrg/all/function/internal_message.html?_=1692657281950&CODE_STATE=getMsg HTTP/1.1" 200 27
124.78.155.92 - - [22/Aug/2023:06:37:56 +0800] "GET /xingrg/all/function/internal_message.html?_=1692657474995&CODE_STATE=getMsg HTTP/1.1" 200 27
180.163.30.76 - - [22/Aug/2023:06:37:56 +0800] "GET /xingrg/all/function/internal_message.html?_=1692657415015&CODE_STATE=getMsg HTTP/1.1" 302 -
180.163.30.76 - - [22/Aug/2023:06:37:56 +0800] "GET /xingrg/login.html HTTP/1.1" 200 7641
116.232.195.127 - - [22/Aug/2023:06:38:08 +0800] "GET /xingrg/all/function/internal_message.html?_=1692657405235&CODE_STATE=getMsg HTTP/1.1" 200 27
221.239.167.251 - - [22/Aug/2023:06:38:10 +0800] "GET /xingrg/all/function/internal_message.html?_=1692657490200&CODE_STATE=getMsg HTTP/1.1" 200 27
114.95.241.104 - - [22/Aug/2023:06:38:17 +0800] "GET /xingrg/all/function/internal_message.html?_=1692657497825&CODE_STATE=getMsg HTTP/1.1" 200 27
222.70.168.101 - - [22/Aug/2023:06:38:38 +0800] "GET /xingrg/all/function/internal_message.html?_=1692657549918&CODE_STATE=getMsg HTTP/1.1" 200 27
120.253.135.82 - - [22/Aug/2023:06:38:48 +0800] "GET /xingrg/all/function/internal_message.html?_=1692657341964&CODE_STATE=getMsg HTTP/1.1" 200 27
124.78.155.92 - - [22/Aug/2023:06:38:56 +0800] "GET /xingrg/all/function/internal_message.html?_=1692657534966&CODE_STATE=getMsg HTTP/1.1" 200 27
116.232.195.127 - - [22/Aug/2023:06:39:08 +0800] "GET /xingrg/all/function/internal_message.html?_=1692657465250&CODE_STATE=getMsg HTTP/1.1" 200 27
221.239.167.251 - - [22/Aug/2023:06:39:10 +0800] "GET /xingrg/all/function/internal_message.html?_=1692657550174&CODE_STATE=getMsg HTTP/1.1" 200 27
114.95.241.104 - - [22/Aug/2023:06:39:17 +0800] "GET /xingrg/all/function/internal_message.html?_=1692657557827&CODE_STATE=getMsg HTTP/1.1" 200 27
114.95.241.104 - - [22/Aug/2023:06:39:17 +0800] "GET /xingrg/check_reg.html?_=1692657557830 HTTP/1.1" 200 22
222.70.168.101 - - [22/Aug/2023:06:39:38 +0800] "GET /xingrg/all/function/internal_message.html?_=1692657609970&CODE_STATE=getMsg HTTP/1.1" 200 27
120.253.135.82 - - [22/Aug/2023:06:39:48 +0800] "GET /xingrg/all/function/internal_message.html?_=1692657402037&CODE_STATE=getMsg HTTP/1.1" 200 27
124.78.155.92 - - [22/Aug/2023:06:39:55 +0800] "GET /xingrg/all/function/internal_message.html?_=1692657594939&CODE_STATE=getMsg HTTP/1.1" 200 27
116.232.195.127 - - [22/Aug/2023:06:40:08 +0800] "GET /xingrg/all/function/internal_message.html?_=1692657525238&CODE_STATE=getMsg HTTP/1.1" 200 27
221.239.167.251 - - [22/Aug/2023:06:40:10 +0800] "GET /xingrg/all/function/internal_message.html?_=1692657610162&CODE_STATE=getMsg HTTP/1.1" 200 27
221.239.167.251 - - [22/Aug/2023:06:40:14 +0800] "GET /xingrg/check_reg.html?_=1692657614706 HTTP/1.1" 200 22
124.78.155.92 - - [22/Aug/2023:06:40:15 +0800] "GET /xingrg/check_reg.html?_=1692657614786 HTTP/1.1" 200 22
114.95.241.104 - - [22/Aug/2023:06:40:17 +0800] "GET /xingrg/all/function/internal_message.html?_=1692657617831&CODE_STATE=getMsg HTTP/1.1" 200 27
222.70.168.101 - - [22/Aug/2023:06:40:18 +0800] "GET /xingrg/check_reg.html?_=1692657649912 HTTP/1.1" 200 22
180.152.241.196 - - [22/Aug/2023:06:40:33 +0800] "GET /xingrg/check_reg.html?_=1692657634763 HTTP/1.1" 302 -
222.70.168.101 - - [22/Aug/2023:06:40:37 +0800] "GET /xingrg/javascript/easyui/themes/default/images/button_plain_hover.png HTTP/1.1" 304 -
222.70.168.101 - - [22/Aug/2023:06:40:38 +0800] "GET /xingrg/all/function/internal_message.html?_=1692657669975&CODE_STATE=getMsg HTTP/1.1" 200 27
222.70.168.101 - - [22/Aug/2023:06:40:47 +0800] "GET /xingrg/javascript/easyui/themes/default/images/button_plain_hover.png HTTP/1.1" 304 -
222.70.168.101 - - [22/Aug/2023:06:40:47 +0800] "GET /xingrg/javascript/easyui/themes/default/images/button_plain_hover.png HTTP/1.1" 304 -
120.253.135.82 - - [22/Aug/2023:06:40:48 +0800] "GET /xingrg/all/function/internal_message.html?_=1692657462037&CODE_STATE=getMsg HTTP/1.1" 200 27
124.78.155.92 - - [22/Aug/2023:06:40:55 +0800] "GET /xingrg/all/function/internal_message.html?_=1692657654913&CODE_STATE=getMsg HTTP/1.1" 200 27
116.232.195.127 - - [22/Aug/2023:06:41:08 +0800] "GET /xingrg/all/function/internal_message.html?_=1692657585247&CODE_STATE=getMsg HTTP/1.1" 200 27
221.239.167.251 - - [22/Aug/2023:06:41:10 +0800] "GET /xingrg/all/function/internal_message.html?_=1692657670135&CODE_STATE=getMsg HTTP/1.1" 200 27
114.95.241.104 - - [22/Aug/2023:06:41:17 +0800] "GET /xingrg/all/function/internal_message.html?_=1692657677832&CODE_STATE=getMsg HTTP/1.1" 200 27
222.70.168.101 - - [22/Aug/2023:06:41:38 +0800] "GET /xingrg/all/function/internal_message.html?_=1692657730017&CODE_STATE=getMsg HTTP/1.1" 200 27
120.253.135.82 - - [22/Aug/2023:06:41:48 +0800] "GET /xingrg/all/function/internal_message.html?_=1692657522053&CODE_STATE=getMsg HTTP/1.1" 200 27
124.78.155.92 - - [22/Aug/2023:06:41:55 +0800] "GET /xingrg/all/function/internal_message.html?_=1692657714884&CODE_STATE=getMsg HTTP/1.1" 200 27
116.232.195.127 - - [22/Aug/2023:06:42:08 +0800] "GET /xingrg/check_reg.html?_=1692657645238 HTTP/1.1" 200 22
116.232.195.127 - - [22/Aug/2023:06:42:08 +0800] "GET /xingrg/all/function/internal_message.html?_=1692657645239&CODE_STATE=getMsg HTTP/1.1" 200 27
222.70.168.101 - - [22/Aug/2023:06:42:08 +0800] "POST /xingrg/kc/buy/cgsh_list_operate.html HTTP/1.1" 200 4
221.239.167.251 - - [22/Aug/2023:06:42:10 +0800] "GET /xingrg/all/function/internal_message.html?_=1692657730120&CODE_STATE=getMsg HTTP/1.1" 200 27
114.95.241.104 - - [22/Aug/2023:06:42:17 +0800] "GET /xingrg/all/function/internal_message.html?_=1692657737834&CODE_STATE=getMsg HTTP/1.1" 200 27
222.70.168.101 - - [22/Aug/2023:06:42:24 +0800] "POST /xingrg/kc/buy/cgsh_list_operate.html HTTP/1.1" 200 3602
120.253.135.82 - - [22/Aug/2023:06:42:44 +0800] "GET /xingrg/check_reg.html?_=1692657578120 HTTP/1.1" 200 22
120.253.135.82 - - [22/Aug/2023:06:42:48 +0800] "GET /xingrg/all/function/internal_message.html?_=1692657582066&CODE_STATE=getMsg HTTP/1.1" 200 27
124.78.155.92 - - [22/Aug/2023:06:42:55 +0800] "GET /xingrg/all/function/internal_message.html?_=1692657774876&CODE_STATE=getMsg HTTP/1.1" 200 27
120.253.135.82 - - [22/Aug/2023:06:43:05 +0800] "GET /xingrg/kc/report/report_main.html HTTP/1.1" 200 8599
120.253.135.82 - - [22/Aug/2023:06:43:05 +0800] "GET /xingrg/javascript/jquery_ui/themes/humanity/humanity.css HTTP/1.1" 304 -
120.253.135.82 - - [22/Aug/2023:06:43:07 +0800] "GET /xingrg/kc/base/kc_stocks.html HTTP/1.1" 200 16506
120.253.135.82 - - [22/Aug/2023:06:43:07 +0800] "GET /xingrg/javascript/easyui/themes/sunny/easyui.css HTTP/1.1" 304 -
120.253.135.82 - - [22/Aug/2023:06:43:07 +0800] "GET /xingrg/javascript/easyui/themes/icons/print_new.png HTTP/1.1" 304 -
120.253.135.82 - - [22/Aug/2023:06:43:07 +0800] "GET /xingrg/javascript/easyui/themes/icons/refresh_new.png HTTP/1.1" 304 -
120.253.135.82 - - [22/Aug/2023:06:43:07 +0800] "GET /xingrg/javascript/easyui/themes/icons/filter_new.png HTTP/1.1" 304 -
120.253.135.82 - - [22/Aug/2023:06:43:07 +0800] "GET /xingrg/javascript/easyui/plugins/jquery.draggable.js HTTP/1.1" 304 -
120.253.135.82 - - [22/Aug/2023:06:43:07 +0800] "GET /xingrg/javascript/easyui/plugins/jquery.droppable.js HTTP/1.1" 304 -
120.253.135.82 - - [22/Aug/2023:06:43:07 +0800] "GET /xingrg/javascript/easyui/themes/default/tree.css HTTP/1.1" 404 1090
120.253.135.82 - - [22/Aug/2023:06:43:07 +0800] "GET /xingrg/javascript/easyui/plugins/jquery.tree.js HTTP/1.1" 304 -
120.253.135.82 - - [22/Aug/2023:06:43:07 +0800] "POST /xingrg/all/common/load_tree.html?tree=materiel_sort_tree_json HTTP/1.1" 200 9500
120.253.135.82 - - [22/Aug/2023:06:43:08 +0800] "GET /xingrg/javascript/easyui/themes/sunny/images/tree_arrows.gif HTTP/1.1" 304 -
120.253.135.82 - - [22/Aug/2023:06:43:08 +0800] "GET /xingrg/javascript/easyui/themes/sunny/images/tree_folder_open.gif HTTP/1.1" 304 -
120.253.135.82 - - [22/Aug/2023:06:43:08 +0800] "GET /xingrg/javascript/easyui/themes/sunny/images/tree_folder.gif HTTP/1.1" 304 -
120.253.135.82 - - [22/Aug/2023:06:43:08 +0800] "GET /xingrg/javascript/easyui/themes/sunny/images/tree_file.gif HTTP/1.1" 304 -
116.232.195.127 - - [22/Aug/2023:06:43:08 +0800] "GET /xingrg/all/function/internal_message.html?_=1692657705255&CODE_STATE=getMsg HTTP/1.1" 200 27
222.70.168.101 - - [22/Aug/2023:06:43:09 +0800] "POST /xingrg/kc/buy/cgsh_list_operate.html HTTP/1.1" 200 4
120.253.135.82 - - [22/Aug/2023:06:43:09 +0800] "POST /xingrg/all/common/load_combo.html?type=base HTTP/1.1" 200 1169
221.239.167.251 - - [22/Aug/2023:06:43:10 +0800] "GET /xingrg/all/function/internal_message.html?_=1692657790096&CODE_STATE=getMsg HTTP/1.1" 200 27
124.78.155.92 - - [22/Aug/2023:06:43:10 +0800] "POST /xingrg/services/DataTransmitService HTTP/1.1" 200 524
120.253.135.82 - - [22/Aug/2023:06:43:17 +0800] "POST /xingrg/kc/base/stock_operate.html HTTP/1.1" 200 1460
120.253.135.82 - - [22/Aug/2023:06:43:17 +0800] "GET /xingrg/javascript/jquery_tools/fix_table.js HTTP/1.1" 304 -
114.95.241.104 - - [22/Aug/2023:06:43:17 +0800] "GET /xingrg/all/function/internal_message.html?_=1692657797843&CODE_STATE=getMsg HTTP/1.1" 200 27
222.70.168.101 - - [22/Aug/2023:06:43:23 +0800] "POST /xingrg/kc/buy/cgsh_list_operate.html HTTP/1.1" 200 986
222.70.168.101 - - [22/Aug/2023:06:43:38 +0800] "GET /xingrg/all/function/internal_message.html?_=1692657850031&CODE_STATE=getMsg HTTP/1.1" 200 27
120.253.135.82 - - [22/Aug/2023:06:43:48 +0800] "GET /xingrg/all/function/internal_message.html?_=1692657642080&CODE_STATE=getMsg HTTP/1.1" 200 27
124.78.155.92 - - [22/Aug/2023:06:43:55 +0800] "GET /xingrg/all/function/internal_message.html?_=1692657834847&CODE_STATE=getMsg HTTP/1.1" 200 27
222.70.168.101 - - [22/Aug/2023:06:43:57 +0800] "GET /xingrg/kc/base/wldb_order_list.html HTTP/1.1" 200 19221
222.70.168.101 - - [22/Aug/2023:06:43:57 +0800] "GET /xingrg/css/base.css HTTP/1.1" 304 -
222.70.168.101 - - [22/Aug/2023:06:43:57 +0800] "GET /xingrg/css/site.css HTTP/1.1" 304 -
222.70.168.101 - - [22/Aug/2023:06:43:57 +0800] "GET /xingrg/javascript/jquery_tools/datebox.css HTTP/1.1" 304 -
222.70.168.101 - - [22/Aug/2023:06:43:57 +0800] "GET /xingrg/javascript/easyui/themes/default/easyui.css HTTP/1.1" 304 -
222.70.168.101 - - [22/Aug/2023:06:43:57 +0800] "GET /xingrg/javascript/jquery_tools/list_manager.js HTTP/1.1" 304 -
222.70.168.101 - - [22/Aug/2023:06:43:57 +0800] "GET /xingrg/javascript/auto/jquery.autocomplete.css HTTP/1.1" 304 -
222.70.168.101 - - [22/Aug/2023:06:43:57 +0800] "GET /xingrg/javascript/easyui/themes/icon.css HTTP/1.1" 304 -
222.70.168.101 - - [22/Aug/2023:06:43:57 +0800] "GET /xingrg/javascript/jquery_tools/table.css HTTP/1.1" 304 -
222.70.168.101 - - [22/Aug/2023:06:43:57 +0800] "GET /xingrg/javascript/jquery_tools/fix.css HTTP/1.1" 304 -
222.70.168.101 - - [22/Aug/2023:06:43:57 +0800] "GET /xingrg/javascript/jquery_tools/jquery.tools.min.js HTTP/1.1" 304 -
222.70.168.101 - - [22/Aug/2023:06:43:57 +0800] "GET /xingrg/javascript/auto/jquery.autocomplete.js HTTP/1.1" 304 -
222.70.168.101 - - [22/Aug/2023:06:43:57 +0800] "GET /xingrg/javascript/jquery_tools/jquery.tools.extend.js HTTP/1.1" 304 -
222.70.168.101 - - [22/Aug/2023:06:43:57 +0800] "GET /xingrg/javascript/jquery_tools/jquery.tools.table.js HTTP/1.1" 304 -
222.70.168.101 - - [22/Aug/2023:06:43:57 +0800] "GET /xingrg/javascript/jquery_tools/jquery.tools.hotkey.js HTTP/1.1" 304 -
222.70.168.101 - - [22/Aug/2023:06:43:57 +0800] "GET /xingrg/javascript/jquery.utils.js HTTP/1.1" 304 -
222.70.168.101 - - [22/Aug/2023:06:43:57 +0800] "GET /xingrg/javascript/jquery.cookie.js HTTP/1.1" 304 -
222.70.168.101 - - [22/Aug/2023:06:43:57 +0800] "GET /xingrg/javascript/print/LodopFuncs.js HTTP/1.1" 304 -
222.70.168.101 - - [22/Aug/2023:06:43:57 +0800] "GET /xingrg/javascript/easyui/easyloader.js HTTP/1.1" 304 -
222.70.168.101 - - [22/Aug/2023:06:43:57 +0800] "GET /xingrg/javascript/easyui/plugins/jquery.parser.js HTTP/1.1" 304 -
222.70.168.101 - - [22/Aug/2023:06:43:58 +0800] "POST /xingrg/kc/base/wldb_list_operate.html HTTP/1.1" 200 928
222.70.168.101 - - [22/Aug/2023:06:44:00 +0800] "GET /xingrg/kc/base/wldb_order_add.html HTTP/1.1" 200 30504
222.70.168.101 - - [22/Aug/2023:06:44:00 +0800] "GET /xingrg/javascript/pic_change.js HTTP/1.1" 304 -
222.70.168.101 - - [22/Aug/2023:06:44:00 +0800] "GET /xingrg/javascript/jquery_tools/order_manager.js HTTP/1.1" 304 -
222.70.168.101 - - [22/Aug/2023:06:44:00 +0800] "GET /xingrg/javascript/convert.js HTTP/1.1" 304 -
222.70.168.101 - - [22/Aug/2023:06:44:00 +0800] "GET /xingrg/javascript/json2.js HTTP/1.1" 304 -
222.70.168.101 - - [22/Aug/2023:06:44:00 +0800] "GET /xingrg/javascript/print/kc_print.js HTTP/1.1" 304 -
222.70.168.101 - - [22/Aug/2023:06:44:00 +0800] "GET /xingrg/words/20230821143102_words.js HTTP/1.1" 304 -
222.70.168.101 - - [22/Aug/2023:06:44:00 +0800] "POST /xingrg/kc/base/wldb_order_operate.html HTTP/1.1" 200 6806
222.70.168.101 - - [22/Aug/2023:06:44:00 +0800] "GET /xingrg/all/common/auto_word.html?type=base&rest_code=00146 HTTP/1.1" 200 1799
222.70.168.101 - - [22/Aug/2023:06:44:00 +0800] "GET /xingrg/all/common/auto_word.html?type=base&rest_code=00146 HTTP/1.1" 200 1799
222.70.168.101 - - [22/Aug/2023:06:44:00 +0800] "GET /xingrg/javascript/easyui/themes/default/validatebox.css HTTP/1.1" 404 1104
222.70.168.101 - - [22/Aug/2023:06:44:00 +0800] "GET /xingrg/javascript/easyui/plugins/jquery.validatebox.js HTTP/1.1" 304 -
222.70.168.101 - - [22/Aug/2023:06:44:00 +0800] "GET /xingrg/javascript/easyui/plugins/jquery.numberbox.js HTTP/1.1" 304 -
116.232.195.127 - - [22/Aug/2023:06:44:08 +0800] "GET /xingrg/all/function/internal_message.html?_=1692657765249&CODE_STATE=getMsg HTTP/1.1" 200 27
221.239.167.251 - - [22/Aug/2023:06:44:10 +0800] "GET /xingrg/all/function/internal_message.html?_=1692657850075&CODE_STATE=getMsg HTTP/1.1" 200 27
114.95.241.104 - - [22/Aug/2023:06:44:17 +0800] "GET /xingrg/check_reg.html?_=1692657857846 HTTP/1.1" 200 22
114.95.241.104 - - [22/Aug/2023:06:44:17 +0800] "GET /xingrg/all/function/internal_message.html?_=1692657857850&CODE_STATE=getMsg HTTP/1.1" 200 27
120.253.135.82 - - [22/Aug/2023:06:44:24 +0800] "POST /xingrg/kc/base/stock_operate.html HTTP/1.1" 200 1998
222.70.168.101 - - [22/Aug/2023:06:44:38 +0800] "GET /xingrg/all/function/internal_message.html?_=1692657910045&CODE_STATE=getMsg HTTP/1.1" 200 27
222.70.168.101 - - [22/Aug/2023:06:44:48 +0800] "GET /xingrg/kc/base/wldb_order_operate.html?command=get_materiel&rest_code=00146&base_code=0010063&code=00101019391 HTTP/1.1" 200 485
120.253.135.82 - - [22/Aug/2023:06:44:48 +0800] "GET /xingrg/all/function/internal_message.html?_=1692657702092&CODE_STATE=getMsg HTTP/1.1" 200 27
124.78.155.92 - - [22/Aug/2023:06:44:55 +0800] "GET /xingrg/all/function/internal_message.html?_=1692657894832&CODE_STATE=getMsg HTTP/1.1" 200 27
116.232.195.127 - - [22/Aug/2023:06:45:08 +0800] "GET /xingrg/all/function/internal_message.html?_=1692657825248&CODE_STATE=getMsg HTTP/1.1" 200 27
221.239.167.251 - - [22/Aug/2023:06:45:10 +0800] "GET /xingrg/all/function/internal_message.html?_=1692657910062&CODE_STATE=getMsg HTTP/1.1" 200 27
221.239.167.251 - - [22/Aug/2023:06:45:14 +0800] "GET /xingrg/check_reg.html?_=1692657914689 HTTP/1.1" 200 22
124.78.155.92 - - [22/Aug/2023:06:45:15 +0800] "GET /xingrg/check_reg.html?_=1692657914788 HTTP/1.1" 200 22
114.95.241.104 - - [22/Aug/2023:06:45:17 +0800] "GET /xingrg/all/function/internal_message.html?_=1692657917837&CODE_STATE=getMsg HTTP/1.1" 200 27
222.70.168.101 - - [22/Aug/2023:06:45:18 +0800] "GET /xingrg/check_reg.html?_=1692657949918 HTTP/1.1" 200 22
116.235.94.33 - - [22/Aug/2023:06:45:21 +0800] "POST /xingrg/services/DataTransmitService HTTP/1.1" 200 524
222.70.168.101 - - [22/Aug/2023:06:45:21 +0800] "GET /xingrg/kc/base/wldb_order_operate.html?command=get_materiel&rest_code=00146&base_code=0010063&code=00101019133 HTTP/1.1" 200 480
180.152.241.196 - - [22/Aug/2023:06:45:33 +0800] "GET /xingrg/check_reg.html?_=1692657934787 HTTP/1.1" 302 -
222.70.168.101 - - [22/Aug/2023:06:45:34 +0800] "GET /xingrg/kc/base/wldb_order_operate.html?command=get_materiel&rest_code=00146&base_code=0010063&code=00101016020 HTTP/1.1" 200 448
222.70.168.101 - - [22/Aug/2023:06:45:38 +0800] "GET /xingrg/all/function/internal_message.html?_=1692657970057&CODE_STATE=getMsg HTTP/1.1" 200 27
120.253.135.82 - - [22/Aug/2023:06:45:48 +0800] "GET /xingrg/all/function/internal_message.html?_=1692657762106&CODE_STATE=getMsg HTTP/1.1" 200 27
222.70.168.101 - - [22/Aug/2023:06:45:49 +0800] "POST /xingrg/kc/base/wldb_order_operate.html HTTP/1.1" 200 37
124.78.155.92 - - [22/Aug/2023:06:45:55 +0800] "GET /xingrg/all/function/internal_message.html?_=1692657954809&CODE_STATE=getMsg HTTP/1.1" 200 27
222.70.168.101 - - [22/Aug/2023:06:45:56 +0800] "POST /xingrg/kc/base/wldb_order_operate.html HTTP/1.1" 200 12
222.70.168.101 - - [22/Aug/2023:06:45:57 +0800] "POST /xingrg/kc/base/wldb_order_operate.html HTTP/1.1" 200 3222
120.253.135.82 - - [22/Aug/2023:06:45:57 +0800] "POST /xingrg/kc/base/stock_operate.html HTTP/1.1" 200 1466
222.70.168.101 - - [22/Aug/2023:06:46:00 +0800] "GET /xingrg/kc/base/wldb_order_info.html?code=422023082202324 HTTP/1.1" 200 26382
222.70.168.101 - - [22/Aug/2023:06:46:00 +0800] "GET /xingrg/javascript/easyui/themes/default/images/menu_downarrow.png HTTP/1.1" 304 -
222.70.168.101 - - [22/Aug/2023:06:46:00 +0800] "GET /xingrg/javascript/easyui/themes/icons/print.png HTTP/1.1" 304 -
222.70.168.101 - - [22/Aug/2023:06:46:00 +0800] "GET /xingrg/javascript/easyui/themes/icons/cancel.png HTTP/1.1" 304 -
222.70.168.101 - - [22/Aug/2023:06:46:00 +0800] "GET /xingrg/javascript/easyui/themes/default/validatebox.css HTTP/1.1" 404 1104
222.70.168.101 - - [22/Aug/2023:06:46:00 +0800] "POST /xingrg/kc/base/wldb_order_operate.html HTTP/1.1" 200 1495
116.232.195.127 - - [22/Aug/2023:06:46:08 +0800] "GET /xingrg/all/function/internal_message.html?_=1692657885242&CODE_STATE=getMsg HTTP/1.1" 200 27
221.239.167.251 - - [22/Aug/2023:06:46:10 +0800] "GET /xingrg/all/function/internal_message.html?_=1692657970046&CODE_STATE=getMsg HTTP/1.1" 200 27
114.95.241.104 - - [22/Aug/2023:06:46:17 +0800] "GET /xingrg/all/function/internal_message.html?_=1692657977838&CODE_STATE=getMsg HTTP/1.1" 200 27
222.70.168.101 - - [22/Aug/2023:06:46:34 +0800] "GET /xingrg/kc/base/wldb_order_add.html HTTP/1.1" 200 30504
120.253.135.82 - - [22/Aug/2023:06:46:35 +0800] "POST /xingrg/kc/base/stock_operate.html HTTP/1.1" 200 1488
222.70.168.101 - - [22/Aug/2023:06:46:35 +0800] "GET /xingrg/javascript/easyui/themes/icons/template_new.png HTTP/1.1" 304 -
222.70.168.101 - - [22/Aug/2023:06:46:35 +0800] "GET /xingrg/javascript/easyui/themes/icons/ok.png HTTP/1.1" 304 -
222.70.168.101 - - [22/Aug/2023:06:46:35 +0800] "POST /xingrg/kc/base/wldb_order_operate.html HTTP/1.1" 200 6806
222.70.168.101 - - [22/Aug/2023:06:46:35 +0800] "GET /xingrg/javascript/easyui/themes/default/validatebox.css HTTP/1.1" 404 1104
222.70.168.101 - - [22/Aug/2023:06:46:38 +0800] "GET /xingrg/all/function/internal_message.html?_=1692658030072&CODE_STATE=getMsg HTTP/1.1" 200 27
120.253.135.82 - - [22/Aug/2023:06:46:48 +0800] "GET /xingrg/all/function/internal_message.html?_=1692657822120&CODE_STATE=getMsg HTTP/1.1" 200 27
124.78.155.92 - - [22/Aug/2023:06:46:55 +0800] "GET /xingrg/all/function/internal_message.html?_=1692658014783&CODE_STATE=getMsg HTTP/1.1" 200 27
222.70.168.101 - - [22/Aug/2023:06:47:01 +0800] "GET /xingrg/kc/base/wldb_order_operate.html?command=get_materiel&rest_code=00146&base_code=0010063&code=00101016094 HTTP/1.1" 200 470
116.232.195.127 - - [22/Aug/2023:06:47:08 +0800] "GET /xingrg/check_reg.html?_=1692657945242 HTTP/1.1" 200 22
116.232.195.127 - - [22/Aug/2023:06:47:08 +0800] "GET /xingrg/all/function/internal_message.html?_=1692657945244&CODE_STATE=getMsg HTTP/1.1" 200 27
221.239.167.251 - - [22/Aug/2023:06:47:10 +0800] "GET /xingrg/all/function/internal_message.html?_=1692658030034&CODE_STATE=getMsg HTTP/1.1" 200 27
222.70.168.101 - - [22/Aug/2023:06:47:11 +0800] "GET /xingrg/kc/base/wldb_order_operate.html?command=get_materiel&rest_code=00146&base_code=0010063&code=00101019108 HTTP/1.1" 200 477
114.95.241.104 - - [22/Aug/2023:06:47:17 +0800] "GET /xingrg/all/function/internal_message.html?_=1692658037845&CODE_STATE=getMsg HTTP/1.1" 200 27
222.70.168.101 - - [22/Aug/2023:06:47:19 +0800] "GET /xingrg/kc/base/wldb_order_operate.html?command=get_materiel&rest_code=00146&base_code=0010063&code=00101019438 HTTP/1.1" 200 462
120.253.135.82 - - [22/Aug/2023:06:47:26 +0800] "POST /xingrg/kc/base/stock_operate.html HTTP/1.1" 200 1488
222.70.168.101 - - [22/Aug/2023:06:47:27 +0800] "GET /xingrg/kc/base/wldb_order_operate.html?command=get_materiel&rest_code=00146&base_code=0010063&code=00101019400 HTTP/1.1" 200 464
222.70.168.101 - - [22/Aug/2023:06:47:38 +0800] "GET /xingrg/kc/base/wldb_order_operate.html?command=get_materiel&rest_code=00146&base_code=0010063&code=00101019238 HTTP/1.1" 200 466
222.70.168.101 - - [22/Aug/2023:06:47:38 +0800] "GET /xingrg/all/function/internal_message.html?_=1692658090085&CODE_STATE=getMsg HTTP/1.1" 200 27
120.253.135.82 - - [22/Aug/2023:06:47:44 +0800] "GET /xingrg/check_reg.html?_=1692657878123 HTTP/1.1" 200 22
120.253.135.82 - - [22/Aug/2023:06:47:48 +0800] "GET /xingrg/all/function/internal_message.html?_=1692657882133&CODE_STATE=getMsg HTTP/1.1" 200 27
222.70.168.101 - - [22/Aug/2023:06:47:52 +0800] "POST /xingrg/kc/base/wldb_order_operate.html HTTP/1.1" 200 37
124.78.155.92 - - [22/Aug/2023:06:47:55 +0800] "GET /xingrg/all/function/internal_message.html?_=1692658074755&CODE_STATE=getMsg HTTP/1.1" 200 27
222.70.168.101 - - [22/Aug/2023:06:47:58 +0800] "POST /xingrg/kc/base/wldb_order_operate.html HTTP/1.1" 200 12
222.70.168.101 - - [22/Aug/2023:06:47:58 +0800] "POST /xingrg/kc/base/wldb_order_operate.html HTTP/1.1" 200 4212
222.70.168.101 - - [22/Aug/2023:06:48:01 +0800] "GET /xingrg/kc/base/wldb_order_info.html?code=422023082202325 HTTP/1.1" 200 26383
222.70.168.101 - - [22/Aug/2023:06:48:01 +0800] "GET /xingrg/javascript/easyui/themes/default/validatebox.css HTTP/1.1" 404 1104
222.70.168.101 - - [22/Aug/2023:06:48:02 +0800] "POST /xingrg/kc/base/wldb_order_operate.html HTTP/1.1" 200 2465
222.70.168.101 - - [22/Aug/2023:06:48:04 +0800] "GET /xingrg/kc/base/wldb_order_add.html HTTP/1.1" 200 30504
222.70.168.101 - - [22/Aug/2023:06:48:05 +0800] "POST /xingrg/kc/base/wldb_order_operate.html HTTP/1.1" 200 6806
222.70.168.101 - - [22/Aug/2023:06:48:05 +0800] "GET /xingrg/javascript/easyui/themes/default/validatebox.css HTTP/1.1" 404 1104
116.232.195.127 - - [22/Aug/2023:06:48:08 +0800] "GET /xingrg/all/function/internal_message.html?_=1692658005231&CODE_STATE=getMsg HTTP/1.1" 200 27
221.239.167.251 - - [22/Aug/2023:06:48:10 +0800] "GET /xingrg/all/function/internal_message.html?_=1692658090025&CODE_STATE=getMsg HTTP/1.1" 200 27
114.95.241.104 - - [22/Aug/2023:06:48:17 +0800] "GET /xingrg/all/function/internal_message.html?_=1692658097846&CODE_STATE=getMsg HTTP/1.1" 200 27
222.70.168.101 - - [22/Aug/2023:06:48:22 +0800] "GET /xingrg/kc/base/wldb_order_operate.html?command=get_materiel&rest_code=00146&base_code=0010063&code=00101016028 HTTP/1.1" 200 433
222.70.168.101 - - [22/Aug/2023:06:48:34 +0800] "POST /xingrg/kc/base/wldb_order_operate.html HTTP/1.1" 200 37
222.70.168.101 - - [22/Aug/2023:06:48:38 +0800] "GET /xingrg/all/function/internal_message.html?_=1692658150099&CODE_STATE=getMsg HTTP/1.1" 200 27
222.70.168.101 - - [22/Aug/2023:06:48:42 +0800] "POST /xingrg/kc/base/wldb_order_operate.html HTTP/1.1" 200 12
222.70.168.101 - - [22/Aug/2023:06:48:42 +0800] "POST /xingrg/kc/base/wldb_order_operate.html HTTP/1.1" 200 2182
120.253.135.82 - - [22/Aug/2023:06:48:48 +0800] "GET /xingrg/all/function/internal_message.html?_=1692657942146&CODE_STATE=getMsg HTTP/1.1" 200 27
124.78.155.92 - - [22/Aug/2023:06:48:55 +0800] "GET /xingrg/all/function/internal_message.html?_=1692658134725&CODE_STATE=getMsg HTTP/1.1" 200 27
222.70.168.101 - - [22/Aug/2023:06:49:00 +0800] "POST /xingrg/services/DataTransmitService HTTP/1.1" 200 524
222.70.168.101 - - [22/Aug/2023:06:49:00 +0800] "GET /xingrg/kc/base/wldb_order_info.html?code=422023082202326 HTTP/1.1" 200 26382
222.70.168.101 - - [22/Aug/2023:06:49:00 +0800] "POST /xingrg/services/DataTransmitService HTTP/1.1" 200 412
222.70.168.101 - - [22/Aug/2023:06:49:01 +0800] "GET /xingrg/javascript/easyui/themes/default/validatebox.css HTTP/1.1" 404 1104
222.70.168.101 - - [22/Aug/2023:06:49:01 +0800] "POST /xingrg/kc/base/wldb_order_operate.html HTTP/1.1" 200 477
222.70.168.101 - - [22/Aug/2023:06:49:03 +0800] "GET /xingrg/kc/base/wldb_order_add.html HTTP/1.1" 200 30504
222.70.168.101 - - [22/Aug/2023:06:49:04 +0800] "POST /xingrg/kc/base/wldb_order_operate.html HTTP/1.1" 200 6806
222.70.168.101 - - [22/Aug/2023:06:49:04 +0800] "GET /xingrg/javascript/easyui/themes/default/validatebox.css HTTP/1.1" 404 1104
116.232.195.127 - - [22/Aug/2023:06:49:08 +0800] "GET /xingrg/all/function/internal_message.html?_=1692658065240&CODE_STATE=getMsg HTTP/1.1" 200 27
221.239.167.251 - - [22/Aug/2023:06:49:10 +0800] "GET /xingrg/all/function/internal_message.html?_=1692658150005&CODE_STATE=getMsg HTTP/1.1" 200 27
114.95.241.104 - - [22/Aug/2023:06:49:17 +0800] "GET /xingrg/all/function/internal_message.html?_=1692658157846&CODE_STATE=getMsg HTTP/1.1" 200 27
114.95.241.104 - - [22/Aug/2023:06:49:17 +0800] "GET /xingrg/check_reg.html?_=1692658157850 HTTP/1.1" 200 22
222.70.168.101 - - [22/Aug/2023:06:49:26 +0800] "GET /xingrg/kc/base/wldb_order_operate.html?command=get_materiel&rest_code=00146&base_code=0010332&code=00101029003 HTTP/1.1" 200 476
120.253.135.82 - - [22/Aug/2023:06:49:36 +0800] "GET /xingrg/kc/pszx/mdqp_order_list.html?state=10 HTTP/1.1" 200 10713
120.253.135.82 - - [22/Aug/2023:06:49:36 +0800] "GET /xingrg/dwr/interface/AjaxQqpsService.js HTTP/1.1" 200 16326
120.253.135.82 - - [22/Aug/2023:06:49:36 +0800] "GET /xingrg/dwr/interface/AjaxReportQueryService.js HTTP/1.1" 200 13203
120.253.135.82 - - [22/Aug/2023:06:49:36 +0800] "GET /xingrg/dwr/engine.js HTTP/1.1" 200 43631
222.70.168.101 - - [22/Aug/2023:06:49:38 +0800] "GET /xingrg/all/function/internal_message.html?_=1692658210114&CODE_STATE=getMsg HTTP/1.1" 200 27
120.253.135.82 - - [22/Aug/2023:06:49:39 +0800] "GET /xingrg/kc/pszx/mdqp_order_info.html?code=302023082100436 HTTP/1.1" 200 13350
120.253.135.82 - - [22/Aug/2023:06:49:39 +0800] "GET /xingrg/dwr/interface/AjaxComOrderService.js HTTP/1.1" 200 18264
120.253.135.82 - - [22/Aug/2023:06:49:39 +0800] "GET /xingrg/dwr/interface/AjaxQqpsService.js HTTP/1.1" 200 16326
120.253.135.82 - - [22/Aug/2023:06:49:39 +0800] "GET /xingrg/dwr/engine.js HTTP/1.1" 200 43631
120.253.135.82 - - [22/Aug/2023:06:49:40 +0800] "POST /xingrg/dwr/call/plaincall/AjaxQqpsService.loadMaterielItems.dwr HTTP/1.1" 200 4168
120.253.135.82 - - [22/Aug/2023:06:49:48 +0800] "GET /xingrg/all/function/internal_message.html?_=1692658002160&CODE_STATE=getMsg HTTP/1.1" 200 27
120.253.135.82 - - [22/Aug/2023:06:49:52 +0800] "GET /xingrg/images/yd/bt.gif HTTP/1.1" 404 1040
120.253.135.82 - - [22/Aug/2023:06:49:52 +0800] "GET /xingrg/images/yd/bt2.gif HTTP/1.1" 404 1042
222.70.168.101 - - [22/Aug/2023:06:49:52 +0800] "GET /xingrg/kc/base/wldb_order_operate.html?command=get_materiel&rest_code=00146&base_code=0010332&code=00101029023 HTTP/1.1" 200 478
124.78.155.92 - - [22/Aug/2023:06:49:55 +0800] "GET /xingrg/all/function/internal_message.html?_=1692658194696&CODE_STATE=getMsg HTTP/1.1" 200 27
120.253.135.82 - - [22/Aug/2023:06:49:59 +0800] "GET /xingrg/kc/pszx/mdqp_order_list.html?isBack=1 HTTP/1.1" 302 -
120.253.135.82 - - [22/Aug/2023:06:50:00 +0800] "GET /xingrg/kc/pszx/mdqp_order_list.html?state=10 HTTP/1.1" 200 10713
120.253.135.82 - - [22/Aug/2023:06:50:00 +0800] "GET /xingrg/dwr/interface/AjaxReportQueryService.js HTTP/1.1" 200 13203
120.253.135.82 - - [22/Aug/2023:06:50:00 +0800] "GET /xingrg/dwr/interface/AjaxQqpsService.js HTTP/1.1" 200 16326
120.253.135.82 - - [22/Aug/2023:06:50:00 +0800] "GET /xingrg/dwr/engine.js HTTP/1.1" 200 43631
222.70.168.101 - - [22/Aug/2023:06:50:03 +0800] "POST /xingrg/kc/base/wldb_order_operate.html HTTP/1.1" 200 37
116.232.195.127 - - [22/Aug/2023:06:50:08 +0800] "GET /xingrg/all/function/internal_message.html?_=1692658125251&CODE_STATE=getMsg HTTP/1.1" 200 27
222.70.168.101 - - [22/Aug/2023:06:50:09 +0800] "POST /xingrg/kc/base/wldb_order_operate.html HTTP/1.1" 200 12
222.70.168.101 - - [22/Aug/2023:06:50:09 +0800] "POST /xingrg/kc/base/wldb_order_operate.html HTTP/1.1" 200 2729
221.239.167.251 - - [22/Aug/2023:06:50:10 +0800] "GET /xingrg/all/function/internal_message.html?_=1692658209980&CODE_STATE=getMsg HTTP/1.1" 200 27
222.70.168.101 - - [22/Aug/2023:06:50:11 +0800] "GET /xingrg/kc/base/wldb_order_info.html?code=422023082202327 HTTP/1.1" 200 26378
222.70.168.101 - - [22/Aug/2023:06:50:11 +0800] "GET /xingrg/javascript/easyui/themes/default/validatebox.css HTTP/1.1" 404 1104
222.70.168.101 - - [22/Aug/2023:06:50:11 +0800] "POST /xingrg/kc/base/wldb_order_operate.html HTTP/1.1" 200 1008
222.70.168.101 - - [22/Aug/2023:06:50:14 +0800] "GET /xingrg/kc/base/wldb_order_add.html HTTP/1.1" 200 30504
222.70.168.101 - - [22/Aug/2023:06:50:14 +0800] "POST /xingrg/kc/base/wldb_order_operate.html HTTP/1.1" 200 6806
221.239.167.251 - - [22/Aug/2023:06:50:14 +0800] "GET /xingrg/check_reg.html?_=1692658214677 HTTP/1.1" 200 22
222.70.168.101 - - [22/Aug/2023:06:50:15 +0800] "GET /xingrg/javascript/easyui/themes/default/validatebox.css HTTP/1.1" 404 1104
124.78.155.92 - - [22/Aug/2023:06:50:15 +0800] "GET /xingrg/check_reg.html?_=1692658214800 HTTP/1.1" 200 22
114.95.241.104 - - [22/Aug/2023:06:50:17 +0800] "GET /xingrg/all/function/internal_message.html?_=1692658217856&CODE_STATE=getMsg HTTP/1.1" 200 27
222.70.168.101 - - [22/Aug/2023:06:50:18 +0800] "GET /xingrg/check_reg.html?_=1692658249924 HTTP/1.1" 200 22
180.152.241.196 - - [22/Aug/2023:06:50:33 +0800] "GET /xingrg/check_reg.html?_=1692658234795 HTTP/1.1" 302 -
222.70.168.101 - - [22/Aug/2023:06:50:36 +0800] "GET /xingrg/kc/base/wldb_order_operate.html?command=get_materiel&rest_code=00146&base_code=0010332&code=00101029022 HTTP/1.1" 200 474
222.70.168.101 - - [22/Aug/2023:06:50:38 +0800] "GET /xingrg/all/function/internal_message.html?_=1692658270125&CODE_STATE=getMsg HTTP/1.1" 200 27
222.70.168.101 - - [22/Aug/2023:06:50:47 +0800] "POST /xingrg/kc/base/wldb_order_operate.html HTTP/1.1" 200 37
120.253.135.82 - - [22/Aug/2023:06:50:48 +0800] "GET /xingrg/all/function/internal_message.html?_=1692658062174&CODE_STATE=getMsg HTTP/1.1" 200 27
222.70.168.101 - - [22/Aug/2023:06:50:55 +0800] "POST /xingrg/kc/base/wldb_order_operate.html HTTP/1.1" 200 12
222.70.168.101 - - [22/Aug/2023:06:50:55 +0800] "POST /xingrg/kc/base/wldb_order_operate.html HTTP/1.1" 200 2215
124.78.155.92 - - [22/Aug/2023:06:50:55 +0800] "GET /xingrg/all/function/internal_message.html?_=1692658254678&CODE_STATE=getMsg HTTP/1.1" 200 27
222.70.168.101 - - [22/Aug/2023:06:50:57 +0800] "GET /xingrg/kc/base/wldb_order_info.html?code=422023082202328 HTTP/1.1" 200 26377
222.70.168.101 - - [22/Aug/2023:06:50:57 +0800] "GET /xingrg/javascript/easyui/themes/default/validatebox.css HTTP/1.1" 404 1104
222.70.168.101 - - [22/Aug/2023:06:50:58 +0800] "POST /xingrg/kc/base/wldb_order_operate.html HTTP/1.1" 200 507
222.70.168.101 - - [22/Aug/2023:06:51:01 +0800] "GET /xingrg/kc/base/wldb_order_add.html HTTP/1.1" 200 30504
222.70.168.101 - - [22/Aug/2023:06:51:01 +0800] "POST /xingrg/kc/base/wldb_order_operate.html HTTP/1.1" 200 6806
222.70.168.101 - - [22/Aug/2023:06:51:01 +0800] "GET /xingrg/javascript/easyui/themes/default/validatebox.css HTTP/1.1" 404 1104
116.232.195.127 - - [22/Aug/2023:06:51:08 +0800] "GET /xingrg/all/function/internal_message.html?_=1692658185252&CODE_STATE=getMsg HTTP/1.1" 200 27
221.239.167.251 - - [22/Aug/2023:06:51:10 +0800] "GET /xingrg/all/function/internal_message.html?_=1692658269955&CODE_STATE=getMsg HTTP/1.1" 200 27
114.95.241.104 - - [22/Aug/2023:06:51:17 +0800] "GET /xingrg/all/function/internal_message.html?_=1692658277857&CODE_STATE=getMsg HTTP/1.1" 200 27
222.70.168.101 - - [22/Aug/2023:06:51:23 +0800] "POST /xingrg/kc/base/wldb_order_operate.html HTTP/1.1" 200 37
222.70.168.101 - - [22/Aug/2023:06:51:29 +0800] "POST /xingrg/kc/base/wldb_order_operate.html HTTP/1.1" 200 12
222.70.168.101 - - [22/Aug/2023:06:51:29 +0800] "POST /xingrg/kc/base/wldb_order_operate.html HTTP/1.1" 200 2215
222.70.168.101 - - [22/Aug/2023:06:51:33 +0800] "GET /xingrg/kc/base/wldb_order_info.html?code=422023082202329 HTTP/1.1" 200 26377
222.70.168.101 - - [22/Aug/2023:06:51:34 +0800] "GET /xingrg/javascript/easyui/themes/default/validatebox.css HTTP/1.1" 404 1104
222.70.168.101 - - [22/Aug/2023:06:51:34 +0800] "POST /xingrg/kc/base/wldb_order_operate.html HTTP/1.1" 200 507
222.70.168.101 - - [22/Aug/2023:06:51:38 +0800] "GET /xingrg/all/function/internal_message.html?_=1692658330140&CODE_STATE=getMsg HTTP/1.1" 200 27
120.253.135.82 - - [22/Aug/2023:06:51:48 +0800] "GET /xingrg/all/function/internal_message.html?_=1692658122187&CODE_STATE=getMsg HTTP/1.1" 200 27
124.78.155.92 - - [22/Aug/2023:06:51:55 +0800] "GET /xingrg/all/function/internal_message.html?_=1692658314649&CODE_STATE=getMsg HTTP/1.1" 200 27
116.232.195.127 - - [22/Aug/2023:06:52:08 +0800] "GET /xingrg/check_reg.html?_=1692658245253 HTTP/1.1" 200 22
116.232.195.127 - - [22/Aug/2023:06:52:08 +0800] "GET /xingrg/all/function/internal_message.html?_=1692658245256&CODE_STATE=getMsg HTTP/1.1" 200 27
221.239.167.251 - - [22/Aug/2023:06:52:10 +0800] "GET /xingrg/all/function/internal_message.html?_=1692658329936&CODE_STATE=getMsg HTTP/1.1" 200 27
114.95.241.104 - - [22/Aug/2023:06:52:17 +0800] "GET /xingrg/all/function/internal_message.html?_=1692658337864&CODE_STATE=getMsg HTTP/1.1" 200 27
222.70.168.101 - - [22/Aug/2023:06:52:39 +0800] "GET /xingrg/all/function/internal_message.html?_=1692658390155&CODE_STATE=getMsg HTTP/1.1" 200 27
120.253.135.82 - - [22/Aug/2023:06:52:44 +0800] "GET /xingrg/check_reg.html?_=1692658178194 HTTP/1.1" 200 22
120.253.135.82 - - [22/Aug/2023:06:52:48 +0800] "GET /xingrg/all/function/internal_message.html?_=1692658182201&CODE_STATE=getMsg HTTP/1.1" 200 27
124.78.155.92 - - [22/Aug/2023:06:52:55 +0800] "GET /xingrg/all/function/internal_message.html?_=1692658374624&CODE_STATE=getMsg HTTP/1.1" 200 27
116.232.195.127 - - [22/Aug/2023:06:53:08 +0800] "GET /xingrg/all/function/internal_message.html?_=1692658305241&CODE_STATE=getMsg HTTP/1.1" 200 27
221.239.167.251 - - [22/Aug/2023:06:53:10 +0800] "GET /xingrg/all/function/internal_message.html?_=1692658389926&CODE_STATE=getMsg HTTP/1.1" 200 27
114.95.241.104 - - [22/Aug/2023:06:53:17 +0800] "GET /xingrg/all/function/internal_message.html?_=1692658397865&CODE_STATE=getMsg HTTP/1.1" 200 27
