180.152.241.196 - - [21/Aug/2023:11:08:27 +0800] "GET /xingrg/javascript/jquery_tools/jquery-1.4.2.min.js HTTP/1.1" 404 1094
180.152.241.196 - - [21/Aug/2023:11:08:28 +0800] "GET /xingrg/javascript/easyui/themes/default/validatebox.css HTTP/1.1" 404 1104
180.152.241.196 - - [21/Aug/2023:11:08:28 +0800] "POST /xingrg/kc/mdqp/pssh_order_operate.html HTTP/1.1" 200 2655
120.253.135.82 - - [21/Aug/2023:11:08:29 +0800] "POST /xingrg/kc/pszx/mdps_list_operate.html HTTP/1.1" 200 4219
120.253.135.82 - - [21/Aug/2023:11:08:31 +0800] "POST /xingrg/kc/pszx/mdps_list_operate.html HTTP/1.1" 200 603
101.83.145.37 - - [21/Aug/2023:11:08:32 +0800] "POST /xingrg/kc/buy/cgsh_order_operate.html HTTP/1.1" 200 2065
114.95.241.104 - - [21/Aug/2023:11:08:33 +0800] "GET /xingrg/check_reg.html?_=1692587222173 HTTP/1.1" 200 22
114.95.241.104 - - [21/Aug/2023:11:08:34 +0800] "GET /xingrg/all/function/internal_message.html?_=1692587222988&CODE_STATE=getMsg HTTP/1.1" 200 27
120.253.135.82 - - [21/Aug/2023:11:08:34 +0800] "GET /xingrg/kc/pszx/mdps_order_info.html?code=312023082100507 HTTP/1.1" 200 23972
120.253.135.82 - - [21/Aug/2023:11:08:34 +0800] "GET /xingrg/javascript/easyui/themes/default/validatebox.css HTTP/1.1" 404 1104
120.253.135.82 - - [21/Aug/2023:11:08:35 +0800] "POST /xingrg/kc/pszx/mdps_order_operate.html HTTP/1.1" 200 11307
180.152.241.196 - - [21/Aug/2023:11:08:35 +0800] "POST /xingrg/load_menu.html HTTP/1.1" 200 9695
180.152.241.196 - - [21/Aug/2023:11:08:37 +0800] "GET /xingrg/all/report/report_query.html?fileName=dma/new_5.0/menu/menu_category_hz.xml HTTP/1.1" 200 53064
180.152.241.196 - - [21/Aug/2023:11:08:37 +0800] "GET /xingrg/check_reg.html?_=1692587318405 HTTP/1.1" 200 22
180.152.241.196 - - [21/Aug/2023:11:08:37 +0800] "GET /xingrg/all/function/internal_message.html?_=1692587318404&CODE_STATE=getMsg HTTP/1.1" 200 27
180.152.241.196 - - [21/Aug/2023:11:08:37 +0800] "GET /xingrg/dwr/interface/AjaxReportQueryService.js HTTP/1.1" 200 13203
180.152.241.196 - - [21/Aug/2023:11:08:37 +0800] "GET /xingrg/dwr/engine.js HTTP/1.1" 200 43631
180.152.241.196 - - [21/Aug/2023:11:08:38 +0800] "GET /xingrg/javascript/jquery_easy_ui/themes/icons/pencil.png HTTP/1.1" 200 713
180.152.241.196 - - [21/Aug/2023:11:08:38 +0800] "POST /xingrg/dwr/call/plaincall/AjaxReportQueryService.getFixDate.dwr HTTP/1.1" 200 111
180.152.241.196 - - [21/Aug/2023:11:08:38 +0800] "GET /xingrg/javascript/jquery_easy_ui/themes/default/images/menu_rightarrow.png HTTP/1.1" 200 3617
180.152.241.196 - - [21/Aug/2023:11:08:38 +0800] "GET /xingrg/javascript/multi_select/dropdown.gif HTTP/1.1" 200 61
180.152.241.196 - - [21/Aug/2023:11:08:38 +0800] "POST /xingrg/all/common/load_tree.html?tree=area_station_tree_json&manage=1 HTTP/1.1" 200 3393
180.169.147.146 - - [21/Aug/2023:11:08:39 +0800] "GET /xingrg/all/function/internal_message.html?_=1692587319276&CODE_STATE=getMsg HTTP/1.1" 200 27
180.169.147.146 - - [21/Aug/2023:11:08:39 +0800] "GET /xingrg/check_reg.html?_=1692587319278 HTTP/1.1" 200 22
180.152.241.196 - - [21/Aug/2023:11:08:39 +0800] "GET /xingrg/all/report/report_query.html?fileName=dma/new_5.0/menu/menu_stca_hz.xml HTTP/1.1" 200 51418
180.152.241.196 - - [21/Aug/2023:11:08:39 +0800] "GET /xingrg/dwr/interface/AjaxReportQueryService.js HTTP/1.1" 200 13203
180.152.241.196 - - [21/Aug/2023:11:08:39 +0800] "GET /xingrg/dwr/engine.js HTTP/1.1" 200 43631
124.78.155.92 - - [21/Aug/2023:11:08:39 +0800] "GET /xingrg/kc/base/wldb_order_operate.html?command=get_materiel&rest_code=00106&base_code=0010397&code=00102002118 HTTP/1.1" 200 467
180.152.241.196 - - [21/Aug/2023:11:08:39 +0800] "POST /xingrg/dwr/call/plaincall/AjaxReportQueryService.getFixDate.dwr HTTP/1.1" 200 111
180.152.241.196 - - [21/Aug/2023:11:08:40 +0800] "POST /xingrg/all/common/load_tree.html?tree=area_station_tree_json&manage=1 HTTP/1.1" 200 3393
180.152.241.196 - - [21/Aug/2023:11:08:40 +0800] "POST /xingrg/dwr/call/plaincall/AjaxReportQueryService.getFixDate.dwr HTTP/1.1" 200 111
180.152.241.196 - - [21/Aug/2023:11:08:40 +0800] "GET /xingrg/kc/mdqp/pssh_order_list.html?isBack=1 HTTP/1.1" 200 18005
180.152.241.196 - - [21/Aug/2023:11:08:41 +0800] "POST /xingrg/kc/mdqp/pssh_list_operate.html HTTP/1.1" 200 5157
222.67.237.86 - - [21/Aug/2023:11:08:42 +0800] "GET /xingrg/all/function/internal_message.html?_=1692586772045&CODE_STATE=getMsg HTTP/1.1" 200 27
180.152.241.196 - - [21/Aug/2023:11:08:42 +0800] "POST /xingrg/dwr/call/plaincall/AjaxReportQueryService.getFixDate.dwr HTTP/1.1" 200 111
180.152.241.196 - - [21/Aug/2023:11:08:43 +0800] "POST /xingrg/kc/mdqp/pssh_list_operate.html HTTP/1.1" 200 673
180.152.241.196 - - [21/Aug/2023:11:08:43 +0800] "GET /xingrg/all/function/internal_message.html?_=1692587323778&CODE_STATE=getMsg HTTP/1.1" 200 27
180.152.241.196 - - [21/Aug/2023:11:08:44 +0800] "POST /xingrg/kc/mdqp/pssh_list_operate.html HTTP/1.1" 200 785
180.152.241.196 - - [21/Aug/2023:11:08:46 +0800] "POST /xingrg/kc/mdqp/pssh_list_operate.html HTTP/1.1" 200 361
180.157.248.170 - - [21/Aug/2023:11:08:48 +0800] "GET /xingrg/all/function/internal_message.html?_=1692587327438&CODE_STATE=getMsg HTTP/1.1" 200 27
116.232.195.127 - - [21/Aug/2023:11:08:49 +0800] "GET /xingrg/check_reg.html?_=1692587329196 HTTP/1.1" 200 22
116.232.195.127 - - [21/Aug/2023:11:08:49 +0800] "GET /xingrg/all/function/internal_message.html?_=1692587329199&CODE_STATE=getMsg HTTP/1.1" 200 27
124.78.155.92 - - [21/Aug/2023:11:08:49 +0800] "POST /xingrg/kc/base/wldb_order_operate.html HTTP/1.1" 200 37
180.152.241.196 - - [21/Aug/2023:11:08:50 +0800] "GET /xingrg/kc/mdqp/pssh_order_info.html?code=312023082100502 HTTP/1.1" 200 17275
180.152.241.196 - - [21/Aug/2023:11:08:50 +0800] "GET /xingrg/javascript/jquery_tools/jquery-1.4.2.min.js HTTP/1.1" 404 1094
180.152.241.196 - - [21/Aug/2023:11:08:50 +0800] "GET /xingrg/javascript/easyui/themes/default/validatebox.css HTTP/1.1" 404 1104
180.152.241.196 - - [21/Aug/2023:11:08:50 +0800] "POST /xingrg/kc/mdqp/pssh_order_operate.html HTTP/1.1" 200 1065
180.165.48.189 - - [21/Aug/2023:11:08:50 +0800] "GET /xingrg/all/function/internal_message.html?_=1692587330381&CODE_STATE=getMsg HTTP/1.1" 200 27
124.78.155.92 - - [21/Aug/2023:11:08:50 +0800] "POST /xingrg/kc/base/wldb_order_operate.html HTTP/1.1" 200 3177
180.152.241.196 - - [21/Aug/2023:11:08:50 +0800] "POST /xingrg/dwr/call/plaincall/AjaxReportQueryService.refreshCache.dwr HTTP/1.1" 200 78
180.152.241.196 - - [21/Aug/2023:11:08:51 +0800] "POST /xingrg/all/report/load_report_page.html HTTP/1.1" 200 64135
180.152.241.196 - - [21/Aug/2023:11:08:51 +0800] "GET /xingrg/servlets/image?cache=0.6993579546811199&image=px HTTP/1.1" 200 807
180.152.241.196 - - [21/Aug/2023:11:08:51 +0800] "GET /xingrg/kc/mdqp/pssh_order_list.html?isBack=1 HTTP/1.1" 200 18005
180.152.241.196 - - [21/Aug/2023:11:08:52 +0800] "GET /xingrg/all/function/internal_message.html?_=1692587334702&CODE_STATE=getMsg HTTP/1.1" 200 27
180.152.241.196 - - [21/Aug/2023:11:08:52 +0800] "POST /xingrg/kc/mdqp/pssh_list_operate.html HTTP/1.1" 200 5157
124.78.155.92 - - [21/Aug/2023:11:08:52 +0800] "GET /xingrg/kc/base/wldb_order_info.html?code=422023082102264 HTTP/1.1" 200 30516
124.78.155.92 - - [21/Aug/2023:11:08:53 +0800] "GET /xingrg/javascript/easyui/themes/default/validatebox.css HTTP/1.1" 404 1104
180.152.241.196 - - [21/Aug/2023:11:08:53 +0800] "POST /xingrg/kc/mdqp/pssh_list_operate.html HTTP/1.1" 200 785
124.78.155.92 - - [21/Aug/2023:11:08:53 +0800] "POST /xingrg/kc/base/wldb_order_operate.html HTTP/1.1" 200 3177
222.70.168.101 - - [21/Aug/2023:11:08:54 +0800] "GET /xingrg/all/function/internal_message.html?_=1692587362021&CODE_STATE=getMsg HTTP/1.1" 200 27
222.70.180.200 - - [21/Aug/2023:11:08:55 +0800] "GET /xingrg/all/function/internal_message.html?_=1692587335075&CODE_STATE=getMsg HTTP/1.1" 200 27
180.152.241.196 - - [21/Aug/2023:11:08:55 +0800] "POST /xingrg/all/report/report_print.html HTTP/1.1" 200 8724
180.152.241.196 - - [21/Aug/2023:11:08:56 +0800] "GET /favicon.ico HTTP/1.1" 404 -
101.83.145.37 - - [21/Aug/2023:11:08:56 +0800] "GET /xingrg/kc/buy/cgsh_order_operate.html?command=get_materiel&rest_code=00105&code=00101008297&supplier_code=00100203&order_time=2023-08-21 HTTP/1.1" 200 412
180.152.241.196 - - [21/Aug/2023:11:08:57 +0800] "POST /xingrg/kc/mdqp/pssh_list_operate.html HTTP/1.1" 200 462
114.83.217.94 - - [21/Aug/2023:11:08:59 +0800] "GET /xingrg/all/function/internal_message.html?_=1692587339836&CODE_STATE=getMsg HTTP/1.1" 200 27
124.78.155.92 - - [21/Aug/2023:11:09:00 +0800] "GET /xingrg/kc/base/wldb_order_add.html HTTP/1.1" 200 30502
180.152.241.196 - - [21/Aug/2023:11:09:00 +0800] "POST /xingrg/kc/mdqp/pssh_list_operate.html HTTP/1.1" 200 4133
180.152.241.196 - - [21/Aug/2023:11:09:01 +0800] "GET /xingrg/kc/mdqp/pssh_order_info.html?code=312023082100500 HTTP/1.1" 200 17275
116.232.195.127 - - [21/Aug/2023:11:09:01 +0800] "GET /xingrg/check_reg.html?_=1692587260247 HTTP/1.1" 200 22
180.152.241.196 - - [21/Aug/2023:11:09:01 +0800] "GET /xingrg/javascript/jquery_tools/jquery-1.4.2.min.js HTTP/1.1" 404 1094
124.78.155.92 - - [21/Aug/2023:11:09:01 +0800] "POST /xingrg/kc/base/wldb_order_operate.html HTTP/1.1" 200 6806
180.152.241.196 - - [21/Aug/2023:11:09:01 +0800] "GET /xingrg/javascript/easyui/themes/default/validatebox.css HTTP/1.1" 404 1104
180.152.241.196 - - [21/Aug/2023:11:09:01 +0800] "POST /xingrg/kc/mdqp/pssh_order_operate.html HTTP/1.1" 200 1564
124.78.155.92 - - [21/Aug/2023:11:09:01 +0800] "GET /xingrg/javascript/easyui/themes/default/validatebox.css HTTP/1.1" 404 1104
116.232.195.127 - - [21/Aug/2023:11:09:01 +0800] "GET /xingrg/all/function/internal_message.html?_=1692587260849&CODE_STATE=getMsg HTTP/1.1" 200 27
120.253.135.82 - - [21/Aug/2023:11:09:02 +0800] "GET /xingrg/all/function/internal_message.html?_=1692587156458&CODE_STATE=getMsg HTTP/1.1" 200 27
124.78.155.92 - - [21/Aug/2023:11:09:02 +0800] "POST /xingrg/all/common/load_combo.html?type=base HTTP/1.1" 200 3227
180.152.241.196 - - [21/Aug/2023:11:09:04 +0800] "POST /xingrg/dwr/call/plaincall/AjaxReportQueryService.refreshCache.dwr HTTP/1.1" 200 78
222.70.180.200 - - [21/Aug/2023:11:09:04 +0800] "GET /xingrg/all/function/internal_message.html?_=1692587344695&CODE_STATE=getMsg HTTP/1.1" 200 27
124.78.155.92 - - [21/Aug/2023:11:09:05 +0800] "POST /xingrg/all/common/load_combo.html?type=base HTTP/1.1" 200 3227
180.152.241.196 - - [21/Aug/2023:11:09:05 +0800] "POST /xingrg/all/report/load_report_page.html HTTP/1.1" 200 61575
180.152.241.196 - - [21/Aug/2023:11:09:05 +0800] "GET /xingrg/servlets/image?cache=0.8318645899474018&image=px HTTP/1.1" 200 807
180.152.241.196 - - [21/Aug/2023:11:09:06 +0800] "POST /xingrg/all/report/report_print.html HTTP/1.1" 200 8192
222.69.132.38 - - [21/Aug/2023:11:09:07 +0800] "GET /xingrg/all/function/internal_message.html?_=1692587484725&CODE_STATE=getMsg HTTP/1.1" 200 27
101.228.187.155 - - [21/Aug/2023:11:09:07 +0800] "GET /xingrg/all/function/internal_message.html?_=1692587345776&CODE_STATE=getMsg HTTP/1.1" 200 27
222.70.180.200 - - [21/Aug/2023:11:09:07 +0800] "GET /xingrg/all/function/internal_message.html?_=1692587347890&CODE_STATE=getMsg HTTP/1.1" 200 27
180.152.241.196 - - [21/Aug/2023:11:09:08 +0800] "POST /xingrg/dwr/call/plaincall/AjaxCheckService.setItemNumber.dwr HTTP/1.1" 200 76
180.152.241.196 - - [21/Aug/2023:11:09:09 +0800] "POST /xingrg/dwr/call/plaincall/AjaxCheckService.setItemNumber.dwr HTTP/1.1" 200 76
180.152.241.196 - - [21/Aug/2023:11:09:10 +0800] "POST /xingrg/dwr/call/plaincall/AjaxCheckService.setItemNumber.dwr HTTP/1.1" 200 77
180.152.241.196 - - [21/Aug/2023:11:09:11 +0800] "POST /xingrg/dwr/call/plaincall/AjaxCheckService.setItemNumber.dwr HTTP/1.1" 200 77
180.152.241.196 - - [21/Aug/2023:11:09:11 +0800] "POST /xingrg/dwr/call/plaincall/AjaxCheckService.setItemNumber.dwr HTTP/1.1" 200 77
180.152.241.196 - - [21/Aug/2023:11:09:12 +0800] "POST /xingrg/dwr/call/plaincall/AjaxCheckService.setItemNumber.dwr HTTP/1.1" 200 77
180.152.241.196 - - [21/Aug/2023:11:09:13 +0800] "POST /xingrg/dwr/call/plaincall/AjaxCheckService.setItemNumber.dwr HTTP/1.1" 200 77
116.235.94.33 - - [21/Aug/2023:11:09:13 +0800] "GET /xingrg/all/function/internal_message.html?_=1692587645412&CODE_STATE=getMsg HTTP/1.1" 200 27
180.152.241.196 - - [21/Aug/2023:11:09:13 +0800] "POST /xingrg/dwr/call/plaincall/AjaxCheckService.setItemNumber.dwr HTTP/1.1" 200 77
124.78.155.92 - - [21/Aug/2023:11:09:13 +0800] "GET /xingrg/check_reg.html?_=1692587353532 HTTP/1.1" 200 22
180.152.241.196 - - [21/Aug/2023:11:09:14 +0800] "POST /xingrg/dwr/call/plaincall/AjaxCheckService.setItemNumber.dwr HTTP/1.1" 200 77
114.95.241.104 - - [21/Aug/2023:11:09:14 +0800] "GET /xingrg/all/function/internal_message.html?_=1692587354292&CODE_STATE=getMsg HTTP/1.1" 200 27
114.95.241.104 - - [21/Aug/2023:11:09:14 +0800] "GET /xingrg/check_reg.html?_=1692587354640 HTTP/1.1" 200 22
124.78.155.92 - - [21/Aug/2023:11:09:14 +0800] "GET /xingrg/all/function/internal_message.html?_=1692587354539&CODE_STATE=getMsg HTTP/1.1" 200 27
180.152.241.196 - - [21/Aug/2023:11:09:14 +0800] "POST /xingrg/dwr/call/plaincall/AjaxCheckService.setItemNumber.dwr HTTP/1.1" 200 77
180.152.241.196 - - [21/Aug/2023:11:09:15 +0800] "POST /xingrg/dwr/call/plaincall/AjaxCheckService.setItemNumber.dwr HTTP/1.1" 200 77
180.152.241.196 - - [21/Aug/2023:11:09:16 +0800] "POST /xingrg/dwr/call/plaincall/AjaxCheckService.setItemNumber.dwr HTTP/1.1" 200 77
180.152.241.196 - - [21/Aug/2023:11:09:16 +0800] "POST /xingrg/dwr/call/plaincall/AjaxCheckService.setItemNumber.dwr HTTP/1.1" 200 77
180.152.241.196 - - [21/Aug/2023:11:09:17 +0800] "POST /xingrg/dwr/call/plaincall/AjaxCheckService.setItemNumber.dwr HTTP/1.1" 200 77
101.83.145.37 - - [21/Aug/2023:11:09:18 +0800] "GET /xingrg/check_reg.html?_=1692587156219 HTTP/1.1" 200 22
101.83.145.37 - - [21/Aug/2023:11:09:18 +0800] "GET /xingrg/all/function/internal_message.html?_=1692587156222&CODE_STATE=getMsg HTTP/1.1" 200 27
180.152.241.196 - - [21/Aug/2023:11:09:19 +0800] "POST /xingrg/all/user/operate.html HTTP/1.1" 200 36
180.152.241.196 - - [21/Aug/2023:11:09:19 +0800] "GET /xingrg/index.html?sysBaseUrl=http%3A%2F%2F180.169.147.146%3A18081%2Fxingrg%2F&costTime=1401×tamp=1692585211846 HTTP/1.1" 200 17503
180.152.241.196 - - [21/Aug/2023:11:09:19 +0800] "GET /xingrg/javascript/jquery_easy_ui/themes/default/easyui.css HTTP/1.1" 304 -
180.152.241.196 - - [21/Aug/2023:11:09:19 +0800] "GET /xingrg/javascript/jquery_easy_ui/themes/icon.css HTTP/1.1" 304 -
180.152.241.196 - - [21/Aug/2023:11:09:19 +0800] "GET /xingrg/css/form.css HTTP/1.1" 304 -
180.152.241.196 - - [21/Aug/2023:11:09:19 +0800] "GET /xingrg/javascript/jquery-1.4.2.min.js HTTP/1.1" 304 -
180.152.241.196 - - [21/Aug/2023:11:09:19 +0800] "GET /xingrg/javascript/jquery_easy_ui/jquery.easyui.min.js HTTP/1.1" 304 -
180.152.241.196 - - [21/Aug/2023:11:09:19 +0800] "GET /xingrg/javascript/jquery_easy_ui/easyui-lang-zh_CN.js HTTP/1.1" 304 -
180.152.241.196 - - [21/Aug/2023:11:09:19 +0800] "GET /xingrg/javascript/jquery.form.js HTTP/1.1" 304 -
180.152.241.196 - - [21/Aug/2023:11:09:19 +0800] "GET /xingrg/javascript/jquery.utils.js HTTP/1.1" 304 -
180.152.241.196 - - [21/Aug/2023:11:09:19 +0800] "GET /xingrg/javascript/jquery.timers.js HTTP/1.1" 304 -
180.152.241.196 - - [21/Aug/2023:11:09:19 +0800] "GET /xingrg/images/blue/jxLogo.png HTTP/1.1" 304 -
180.152.241.196 - - [21/Aug/2023:11:09:19 +0800] "GET /xingrg/javascript/jquery_easy_ui/themes/icons/settle_new.png HTTP/1.1" 304 -
180.152.241.196 - - [21/Aug/2023:11:09:19 +0800] "GET /xingrg/images/blue/navBackgound.jpg HTTP/1.1" 304 -
180.152.241.196 - - [21/Aug/2023:11:09:20 +0800] "GET /xingrg/all/function/internal_message.html?_=1692587360737&CODE_STATE=count HTTP/1.1" 200 11
180.152.241.196 - - [21/Aug/2023:11:09:20 +0800] "GET /xingrg/check_reg.html?_=1692587360738 HTTP/1.1" 200 22
180.152.241.196 - - [21/Aug/2023:11:09:20 +0800] "GET /xingrg/javascript/jquery_easy_ui/themes/default/images/tabs_rightarrow.png HTTP/1.1" 304 -
180.152.241.196 - - [21/Aug/2023:11:09:20 +0800] "GET /xingrg/images/blue/pingpu.png HTTP/1.1" 304 -
180.152.241.196 - - [21/Aug/2023:11:09:20 +0800] "GET /xingrg/javascript/jquery_easy_ui/themes/default/images/panel_tool_collapse.gif HTTP/1.1" 304 -
180.152.241.196 - - [21/Aug/2023:11:09:20 +0800] "GET /xingrg/javascript/jquery_easy_ui/themes/default/images/tabs_leftarrow.png HTTP/1.1" 304 -
180.152.241.196 - - [21/Aug/2023:11:09:20 +0800] "GET /xingrg/javascript/jquery_easy_ui/themes/default/images/panel_tool_expand.gif HTTP/1.1" 304 -
180.152.241.196 - - [21/Aug/2023:11:09:20 +0800] "POST /xingrg/all/common/load_tree.html?tree=area_rest_tree_json&manage=1 HTTP/1.1" 200 3499
180.152.241.196 - - [21/Aug/2023:11:09:20 +0800] "POST /xingrg/load_menu.html HTTP/1.1" 200 9959
180.152.241.196 - - [21/Aug/2023:11:09:21 +0800] "POST /xingrg/dwr/call/plaincall/AjaxCheckService.setItemNumber.dwr HTTP/1.1" 200 77
180.152.241.196 - - [21/Aug/2023:11:09:22 +0800] "POST /xingrg/dwr/call/plaincall/AjaxCheckService.setItemNumber.dwr HTTP/1.1" 200 77
180.152.241.196 - - [21/Aug/2023:11:09:22 +0800] "GET /xingrg/kc/base/check_order_list.html HTTP/1.1" 200 16595
180.152.241.196 - - [21/Aug/2023:11:09:22 +0800] "POST /xingrg/dwr/call/plaincall/AjaxCheckService.setItemNumber.dwr HTTP/1.1" 200 77
180.152.241.196 - - [21/Aug/2023:11:09:22 +0800] "POST /xingrg/kc/base/check_list_operate.html HTTP/1.1" 200 3849
124.78.155.92 - - [21/Aug/2023:11:09:23 +0800] "GET /xingrg/kc/base/wldb_order_operate.html?command=get_materiel&rest_code=00106&base_code=0010397&code=00102015103 HTTP/1.1" 200 437
180.152.241.196 - - [21/Aug/2023:11:09:25 +0800] "GET /xingrg/kc/base/check_order_info.html?code=452023082000245 HTTP/1.1" 200 26518
180.152.241.196 - - [21/Aug/2023:11:09:25 +0800] "GET /xingrg/dwr/interface/AjaxComOrderService.js HTTP/1.1" 200 18264
180.152.241.196 - - [21/Aug/2023:11:09:25 +0800] "GET /xingrg/dwr/interface/AjaxCheckService.js HTTP/1.1" 200 14003
180.152.241.196 - - [21/Aug/2023:11:09:25 +0800] "GET /xingrg/dwr/engine.js HTTP/1.1" 200 43631
180.152.241.196 - - [21/Aug/2023:11:09:26 +0800] "POST /xingrg/dwr/call/plaincall/AjaxCheckService.loadOrderItems.dwr HTTP/1.1" 200 45703
180.152.241.196 - - [21/Aug/2023:11:09:27 +0800] "POST /xingrg/dwr/call/plaincall/AjaxCheckService.setItemNumber.dwr HTTP/1.1" 200 77
180.152.241.196 - - [21/Aug/2023:11:09:28 +0800] "POST /xingrg/dwr/call/plaincall/AjaxCheckService.setItemNumber.dwr HTTP/1.1" 200 77
180.152.241.196 - - [21/Aug/2023:11:09:30 +0800] "POST /xingrg/kc/base/check_list_operate.html HTTP/1.1" 200 5388
124.78.155.92 - - [21/Aug/2023:11:09:30 +0800] "POST /xingrg/kc/base/wldb_order_operate.html HTTP/1.1" 200 37
180.152.241.196 - - [21/Aug/2023:11:09:31 +0800] "POST /xingrg/dwr/call/plaincall/AjaxCheckService.setItemNumber.dwr HTTP/1.1" 200 77
124.78.155.92 - - [21/Aug/2023:11:09:31 +0800] "POST /xingrg/kc/base/wldb_order_operate.html HTTP/1.1" 200 2664
180.152.241.196 - - [21/Aug/2023:11:09:31 +0800] "POST /xingrg/dwr/call/plaincall/AjaxCheckService.setItemNumber.dwr HTTP/1.1" 200 77
180.152.241.196 - - [21/Aug/2023:11:09:32 +0800] "POST /xingrg/dwr/call/plaincall/AjaxCheckService.setItemNumber.dwr HTTP/1.1" 200 77
222.70.168.101 - - [21/Aug/2023:11:09:32 +0800] "GET /favicon.ico HTTP/1.1" 404 -
180.152.241.196 - - [21/Aug/2023:11:09:32 +0800] "POST /xingrg/dwr/call/plaincall/AjaxCheckService.setItemNumber.dwr HTTP/1.1" 200 77
124.78.155.92 - - [21/Aug/2023:11:09:33 +0800] "GET /xingrg/kc/base/wldb_order_info.html?code=422023082102265 HTTP/1.1" 200 30516
180.152.241.196 - - [21/Aug/2023:11:09:33 +0800] "POST /xingrg/kc/base/check_list_operate.html HTTP/1.1" 200 3849
124.78.155.92 - - [21/Aug/2023:11:09:33 +0800] "GET /xingrg/javascript/easyui/themes/default/validatebox.css HTTP/1.1" 404 1104
114.95.241.104 - - [21/Aug/2023:11:09:34 +0800] "GET /xingrg/all/function/internal_message.html?_=1692587283002&CODE_STATE=getMsg HTTP/1.1" 200 27
124.78.155.92 - - [21/Aug/2023:11:09:34 +0800] "POST /xingrg/kc/base/wldb_order_operate.html HTTP/1.1" 200 2664
222.69.132.38 - - [21/Aug/2023:11:09:36 +0800] "GET /xingrg/kc/buy/cgsh_order_list.html HTTP/1.1" 200 56188
124.78.155.92 - - [21/Aug/2023:11:09:37 +0800] "POST /xingrg/services/DataTransmitService HTTP/1.1" 200 524
180.152.241.196 - - [21/Aug/2023:11:09:37 +0800] "GET /xingrg/kc/base/check_order_info.html?code=452023082000242 HTTP/1.1" 200 26518
180.152.241.196 - - [21/Aug/2023:11:09:37 +0800] "GET /xingrg/dwr/interface/AjaxComOrderService.js HTTP/1.1" 200 18264
180.152.241.196 - - [21/Aug/2023:11:09:37 +0800] "GET /xingrg/dwr/interface/AjaxCheckService.js HTTP/1.1" 200 14003
180.152.241.196 - - [21/Aug/2023:11:09:37 +0800] "GET /xingrg/dwr/engine.js HTTP/1.1" 200 43631
222.69.132.38 - - [21/Aug/2023:11:09:38 +0800] "POST /xingrg/kc/buy/cgsh_list_operate.html HTTP/1.1" 200 986
180.152.241.196 - - [21/Aug/2023:11:09:38 +0800] "POST /xingrg/dwr/call/plaincall/AjaxCheckService.loadOrderItems.dwr HTTP/1.1" 200 118871
180.163.30.76 - - [21/Aug/2023:11:09:39 +0800] "GET /xingrg/check_reg.html?_=1692587319278 HTTP/1.1" 302 -
180.163.30.76 - - [21/Aug/2023:11:09:39 +0800] "GET /xingrg/login.html HTTP/1.1" 200 7641
180.169.147.146 - - [21/Aug/2023:11:09:39 +0800] "GET /xingrg/all/function/internal_message.html?_=1692587379271&CODE_STATE=getMsg HTTP/1.1" 200 27
124.78.155.92 - - [21/Aug/2023:11:09:39 +0800] "POST /xingrg/services/DataTransmitService HTTP/1.1" 200 412
222.67.237.86 - - [21/Aug/2023:11:09:42 +0800] "GET /xingrg/all/function/internal_message.html?_=1692586832014&CODE_STATE=getMsg HTTP/1.1" 200 27
180.152.241.196 - - [21/Aug/2023:11:09:43 +0800] "GET /xingrg/all/function/internal_message.html?_=1692587383759&CODE_STATE=getMsg HTTP/1.1" 200 27
180.152.241.196 - - [21/Aug/2023:11:09:44 +0800] "GET /xingrg/check_reg.html?_=1692587384247 HTTP/1.1" 200 22
180.152.241.196 - - [21/Aug/2023:11:09:45 +0800] "GET /xingrg/kc/mdqp/pssh_order_list.html?isBack=1 HTTP/1.1" 200 18005
180.152.241.196 - - [21/Aug/2023:11:09:45 +0800] "POST /xingrg/kc/mdqp/pssh_list_operate.html HTTP/1.1" 200 5157
180.152.241.196 - - [21/Aug/2023:11:09:45 +0800] "GET /xingrg/kc/base/check_order_info.html?code=452023082000244 HTTP/1.1" 200 26518
180.152.241.196 - - [21/Aug/2023:11:09:46 +0800] "GET /xingrg/dwr/interface/AjaxComOrderService.js HTTP/1.1" 200 18264
180.152.241.196 - - [21/Aug/2023:11:09:46 +0800] "GET /xingrg/dwr/interface/AjaxCheckService.js HTTP/1.1" 200 14003
180.152.241.196 - - [21/Aug/2023:11:09:46 +0800] "GET /xingrg/dwr/engine.js HTTP/1.1" 200 43631
180.152.241.196 - - [21/Aug/2023:11:09:46 +0800] "POST /xingrg/dwr/call/plaincall/AjaxCheckService.loadOrderItems.dwr HTTP/1.1" 200 94311
221.239.167.251 - - [21/Aug/2023:11:09:46 +0800] "GET /favicon.ico HTTP/1.1" 404 -
180.152.241.196 - - [21/Aug/2023:11:09:47 +0800] "POST /xingrg/kc/mdqp/pssh_list_operate.html HTTP/1.1" 200 462
101.83.145.37 - - [21/Aug/2023:11:09:47 +0800] "GET /xingrg/kc/buy/cgsh_order_operate.html?command=get_materiel&rest_code=00105&code=00101008004&supplier_code=00100203&order_time=2023-08-21 HTTP/1.1" 200 416
180.157.248.170 - - [21/Aug/2023:11:09:48 +0800] "GET /xingrg/all/function/internal_message.html?_=1692587387445&CODE_STATE=getMsg HTTP/1.1" 200 27
180.152.241.196 - - [21/Aug/2023:11:09:48 +0800] "GET /xingrg/kc/base/check_order_info.html?code=452023082000243 HTTP/1.1" 200 26518
180.152.241.196 - - [21/Aug/2023:11:09:48 +0800] "GET /xingrg/dwr/interface/AjaxComOrderService.js HTTP/1.1" 200 18264
180.152.241.196 - - [21/Aug/2023:11:09:48 +0800] "GET /xingrg/dwr/interface/AjaxCheckService.js HTTP/1.1" 200 14003
180.152.241.196 - - [21/Aug/2023:11:09:48 +0800] "GET /xingrg/dwr/engine.js HTTP/1.1" 200 43631
116.232.195.127 - - [21/Aug/2023:11:09:49 +0800] "GET /xingrg/all/function/internal_message.html?_=1692587389198&CODE_STATE=getMsg HTTP/1.1" 200 27
180.152.241.196 - - [21/Aug/2023:11:09:49 +0800] "POST /xingrg/kc/mdqp/pssh_list_operate.html HTTP/1.1" 200 785
180.152.241.196 - - [21/Aug/2023:11:09:49 +0800] "POST /xingrg/dwr/call/plaincall/AjaxCheckService.loadOrderItems.dwr HTTP/1.1" 200 118019
180.165.48.189 - - [21/Aug/2023:11:09:50 +0800] "GET /xingrg/all/function/internal_message.html?_=1692587390368&CODE_STATE=getMsg HTTP/1.1" 200 27
180.152.241.196 - - [21/Aug/2023:11:09:50 +0800] "POST /xingrg/kc/mdqp/pssh_list_operate.html HTTP/1.1" 200 361
180.152.241.196 - - [21/Aug/2023:11:09:52 +0800] "GET /xingrg/all/function/internal_message.html?_=1692587394846&CODE_STATE=getMsg HTTP/1.1" 200 27
180.152.241.196 - - [21/Aug/2023:11:09:52 +0800] "GET /xingrg/kc/base/check_order_info.html?code=452023082000244 HTTP/1.1" 200 26518
180.152.241.196 - - [21/Aug/2023:11:09:52 +0800] "GET /xingrg/dwr/interface/AjaxComOrderService.js HTTP/1.1" 200 18264
180.152.241.196 - - [21/Aug/2023:11:09:52 +0800] "GET /xingrg/dwr/interface/AjaxCheckService.js HTTP/1.1" 200 14003
180.152.241.196 - - [21/Aug/2023:11:09:52 +0800] "GET /xingrg/dwr/engine.js HTTP/1.1" 200 43631
180.152.241.196 - - [21/Aug/2023:11:09:52 +0800] "POST /xingrg/dwr/call/plaincall/AjaxCheckService.setItemNumber.dwr HTTP/1.1" 200 76
180.152.241.196 - - [21/Aug/2023:11:09:53 +0800] "POST /xingrg/kc/mdqp/pssh_list_operate.html HTTP/1.1" 200 785
180.152.241.196 - - [21/Aug/2023:11:09:53 +0800] "POST /xingrg/dwr/call/plaincall/AjaxCheckService.loadOrderItems.dwr HTTP/1.1" 200 94311
180.152.241.196 - - [21/Aug/2023:11:09:53 +0800] "POST /xingrg/dwr/call/plaincall/AjaxCheckService.setItemNumber.dwr HTTP/1.1" 200 76
222.70.168.101 - - [21/Aug/2023:11:09:54 +0800] "GET /xingrg/all/function/internal_message.html?_=1692587422022&CODE_STATE=getMsg HTTP/1.1" 200 27
180.152.241.196 - - [21/Aug/2023:11:09:54 +0800] "POST /xingrg/dwr/call/plaincall/AjaxCheckService.setItemNumber.dwr HTTP/1.1" 200 76
222.70.180.200 - - [21/Aug/2023:11:09:55 +0800] "GET /xingrg/all/function/internal_message.html?_=1692587395061&CODE_STATE=getMsg HTTP/1.1" 200 27
222.70.180.200 - - [21/Aug/2023:11:09:55 +0800] "GET /xingrg/check_reg.html?_=1692587395157 HTTP/1.1" 200 22
180.152.241.196 - - [21/Aug/2023:11:09:55 +0800] "POST /xingrg/dwr/call/plaincall/AjaxCheckService.setItemNumber.dwr HTTP/1.1" 200 76
180.152.241.196 - - [21/Aug/2023:11:09:55 +0800] "POST /xingrg/kc/mdqp/pssh_list_operate.html HTTP/1.1" 200 4133
180.152.241.196 - - [21/Aug/2023:11:09:55 +0800] "POST /xingrg/dwr/call/plaincall/AjaxCheckService.setItemNumber.dwr HTTP/1.1" 200 76
180.152.241.196 - - [21/Aug/2023:11:09:56 +0800] "GET /xingrg/kc/base/check_order_info.html?code=452023082000248 HTTP/1.1" 200 26518
180.152.241.196 - - [21/Aug/2023:11:09:56 +0800] "GET /xingrg/dwr/interface/AjaxComOrderService.js HTTP/1.1" 200 18264
180.152.241.196 - - [21/Aug/2023:11:09:56 +0800] "GET /xingrg/dwr/interface/AjaxCheckService.js HTTP/1.1" 200 14003
180.152.241.196 - - [21/Aug/2023:11:09:56 +0800] "GET /xingrg/dwr/engine.js HTTP/1.1" 200 43631
180.152.241.196 - - [21/Aug/2023:11:09:56 +0800] "POST /xingrg/dwr/call/plaincall/AjaxCheckService.setItemNumber.dwr HTTP/1.1" 200 76
180.152.241.196 - - [21/Aug/2023:11:09:56 +0800] "GET /xingrg/kc/mdqp/pssh_order_info.html?code=312023082000468 HTTP/1.1" 200 17275
180.152.241.196 - - [21/Aug/2023:11:09:56 +0800] "GET /xingrg/javascript/jquery_tools/jquery-1.4.2.min.js HTTP/1.1" 404 1094
180.152.241.196 - - [21/Aug/2023:11:09:57 +0800] "GET /xingrg/javascript/easyui/themes/default/validatebox.css HTTP/1.1" 404 1104
180.152.241.196 - - [21/Aug/2023:11:09:57 +0800] "POST /xingrg/dwr/call/plaincall/AjaxCheckService.setItemNumber.dwr HTTP/1.1" 200 76
180.152.241.196 - - [21/Aug/2023:11:09:57 +0800] "POST /xingrg/dwr/call/plaincall/AjaxCheckService.setItemNumber.dwr HTTP/1.1" 200 76
180.152.241.196 - - [21/Aug/2023:11:09:57 +0800] "POST /xingrg/kc/mdqp/pssh_order_operate.html HTTP/1.1" 200 16019
180.152.241.196 - - [21/Aug/2023:11:09:57 +0800] "POST /xingrg/dwr/call/plaincall/AjaxCheckService.loadOrderItems.dwr HTTP/1.1" 200 29021
180.152.241.196 - - [21/Aug/2023:11:09:57 +0800] "POST /xingrg/dwr/call/plaincall/AjaxCheckService.setItemNumber.dwr HTTP/1.1" 200 76
180.152.241.196 - - [21/Aug/2023:11:09:58 +0800] "POST /xingrg/dwr/call/plaincall/AjaxCheckService.setItemNumber.dwr HTTP/1.1" 200 77
180.152.241.196 - - [21/Aug/2023:11:09:59 +0800] "POST /xingrg/dwr/call/plaincall/AjaxCheckService.setItemNumber.dwr HTTP/1.1" 200 77
180.152.241.196 - - [21/Aug/2023:11:09:59 +0800] "POST /xingrg/dwr/call/plaincall/AjaxCheckService.setItemNumber.dwr HTTP/1.1" 200 77
114.83.217.94 - - [21/Aug/2023:11:09:59 +0800] "GET /xingrg/all/function/internal_message.html?_=1692587399822&CODE_STATE=getMsg HTTP/1.1" 200 27
180.152.241.196 - - [21/Aug/2023:11:09:59 +0800] "POST /xingrg/dwr/call/plaincall/AjaxCheckService.setItemNumber.dwr HTTP/1.1" 200 77
116.232.195.127 - - [21/Aug/2023:11:10:01 +0800] "GET /xingrg/all/function/internal_message.html?_=1692587320835&CODE_STATE=getMsg HTTP/1.1" 200 27
180.152.241.196 - - [21/Aug/2023:11:10:01 +0800] "POST /xingrg/dwr/call/plaincall/AjaxCheckService.setItemNumber.dwr HTTP/1.1" 200 77
120.253.135.82 - - [21/Aug/2023:11:10:02 +0800] "GET /xingrg/all/function/internal_message.html?_=1692587216473&CODE_STATE=getMsg HTTP/1.1" 200 27
180.152.241.196 - - [21/Aug/2023:11:10:03 +0800] "POST /xingrg/dwr/call/plaincall/AjaxCheckService.setItemNumber.dwr HTTP/1.1" 200 77
180.152.241.196 - - [21/Aug/2023:11:10:04 +0800] "POST /xingrg/dwr/call/plaincall/AjaxCheckService.setItemNumber.dwr HTTP/1.1" 200 77
222.70.180.200 - - [21/Aug/2023:11:10:04 +0800] "GET /xingrg/all/function/internal_message.html?_=1692587404706&CODE_STATE=getMsg HTTP/1.1" 200 27
180.152.241.196 - - [21/Aug/2023:11:10:06 +0800] "POST /xingrg/dwr/call/plaincall/AjaxCheckService.setItemNumber.dwr HTTP/1.1" 200 77
180.152.241.196 - - [21/Aug/2023:11:10:06 +0800] "GET /xingrg/kc/mdqp/pssh_order_list.html?isBack=1 HTTP/1.1" 200 18005
222.69.132.38 - - [21/Aug/2023:11:10:07 +0800] "GET /xingrg/all/function/internal_message.html?_=1692587544705&CODE_STATE=getMsg HTTP/1.1" 200 27
101.228.187.155 - - [21/Aug/2023:11:10:07 +0800] "GET /xingrg/all/function/internal_message.html?_=1692587405779&CODE_STATE=getMsg HTTP/1.1" 200 27
101.228.187.155 - - [21/Aug/2023:11:10:07 +0800] "GET /xingrg/check_reg.html?_=1692587405777 HTTP/1.1" 200 22
180.152.241.196 - - [21/Aug/2023:11:10:07 +0800] "POST /xingrg/kc/mdqp/pssh_list_operate.html HTTP/1.1" 200 5157
180.152.241.196 - - [21/Aug/2023:11:10:07 +0800] "POST /xingrg/dwr/call/plaincall/AjaxCheckService.setItemNumber.dwr HTTP/1.1" 200 77
222.70.180.200 - - [21/Aug/2023:11:10:07 +0800] "GET /xingrg/all/function/internal_message.html?_=1692587407891&CODE_STATE=getMsg HTTP/1.1" 200 27
120.253.135.82 - - [21/Aug/2023:11:10:07 +0800] "GET /xingrg/login.html HTTP/1.1" 200 7641
120.253.135.82 - - [21/Aug/2023:11:10:08 +0800] "GET /favicon.ico HTTP/1.1" 404 -
180.152.241.196 - - [21/Aug/2023:11:10:09 +0800] "POST /xingrg/dwr/call/plaincall/AjaxCheckService.setItemNumber.dwr HTTP/1.1" 200 77
180.152.241.196 - - [21/Aug/2023:11:10:10 +0800] "POST /xingrg/dwr/call/plaincall/AjaxCheckService.setItemNumber.dwr HTTP/1.1" 200 77
180.152.241.196 - - [21/Aug/2023:11:10:10 +0800] "POST /xingrg/dwr/call/plaincall/AjaxCheckService.setItemNumber.dwr HTTP/1.1" 200 77
180.152.241.196 - - [21/Aug/2023:11:10:11 +0800] "POST /xingrg/dwr/call/plaincall/AjaxCheckService.setItemNumber.dwr HTTP/1.1" 200 77
180.152.241.196 - - [21/Aug/2023:11:10:12 +0800] "POST /xingrg/dwr/call/plaincall/AjaxCheckService.setItemNumber.dwr HTTP/1.1" 200 77
180.163.29.212 - - [21/Aug/2023:11:10:13 +0800] "GET /xingrg/check_reg.html?_=1692587353532 HTTP/1.1" 302 -
180.163.29.212 - - [21/Aug/2023:11:10:13 +0800] "GET /xingrg/login.html HTTP/1.1" 200 7641
116.235.94.33 - - [21/Aug/2023:11:10:13 +0800] "GET /xingrg/all/function/internal_message.html?_=1692587705420&CODE_STATE=getMsg HTTP/1.1" 200 27
114.95.241.104 - - [21/Aug/2023:11:10:14 +0800] "GET /xingrg/all/function/internal_message.html?_=1692587414266&CODE_STATE=getMsg HTTP/1.1" 200 27
180.152.241.196 - - [21/Aug/2023:11:10:14 +0800] "POST /xingrg/kc/mdqp/pssh_list_operate.html HTTP/1.1" 200 673
180.152.241.196 - - [21/Aug/2023:11:10:14 +0800] "POST /xingrg/dwr/call/plaincall/AjaxCheckService.setItemNumber.dwr HTTP/1.1" 200 77
124.78.155.92 - - [21/Aug/2023:11:10:14 +0800] "GET /xingrg/all/function/internal_message.html?_=1692587414525&CODE_STATE=getMsg HTTP/1.1" 200 27
180.152.241.196 - - [21/Aug/2023:11:10:15 +0800] "POST /xingrg/kc/mdqp/pssh_list_operate.html HTTP/1.1" 200 785
180.152.241.196 - - [21/Aug/2023:11:10:16 +0800] "POST /xingrg/dwr/call/plaincall/AjaxCheckService.setItemNumber.dwr HTTP/1.1" 200 77
180.152.241.196 - - [21/Aug/2023:11:10:17 +0800] "POST /xingrg/dwr/call/plaincall/AjaxCheckService.setItemNumber.dwr HTTP/1.1" 200 77
180.152.241.196 - - [21/Aug/2023:11:10:17 +0800] "POST /xingrg/dwr/call/plaincall/AjaxCheckService.setItemNumber.dwr HTTP/1.1" 200 77
180.152.241.196 - - [21/Aug/2023:11:10:17 +0800] "POST /xingrg/dwr/call/plaincall/AjaxCheckService.setItemNumber.dwr HTTP/1.1" 200 77
180.152.241.196 - - [21/Aug/2023:11:10:17 +0800] "POST /xingrg/kc/mdqp/pssh_list_operate.html HTTP/1.1" 200 462
101.83.145.37 - - [21/Aug/2023:11:10:17 +0800] "GET /xingrg/kc/buy/cgsh_order_operate.html?command=get_materiel&rest_code=00105&code=00101008298&supplier_code=00100203&order_time=2023-08-21 HTTP/1.1" 200 412
180.152.241.196 - - [21/Aug/2023:11:10:17 +0800] "POST /xingrg/dwr/call/plaincall/AjaxCheckService.setItemNumber.dwr HTTP/1.1" 200 77
101.83.145.37 - - [21/Aug/2023:11:10:18 +0800] "GET /xingrg/all/function/internal_message.html?_=1692587216226&CODE_STATE=getMsg HTTP/1.1" 200 27
180.152.241.196 - - [21/Aug/2023:11:10:18 +0800] "POST /xingrg/dwr/call/plaincall/AjaxCheckService.setItemNumber.dwr HTTP/1.1" 200 77
180.152.241.196 - - [21/Aug/2023:11:10:18 +0800] "POST /xingrg/dwr/call/plaincall/AjaxCheckService.setItemNumber.dwr HTTP/1.1" 200 77
180.152.241.196 - - [21/Aug/2023:11:10:19 +0800] "POST /xingrg/dwr/call/plaincall/AjaxCheckService.setItemNumber.dwr HTTP/1.1" 200 77
180.152.241.196 - - [21/Aug/2023:11:10:19 +0800] "POST /xingrg/dwr/call/plaincall/AjaxCheckService.setItemNumber.dwr HTTP/1.1" 200 77
180.152.241.196 - - [21/Aug/2023:11:10:19 +0800] "POST /xingrg/dwr/call/plaincall/AjaxCheckService.setItemNumber.dwr HTTP/1.1" 200 77
180.152.241.196 - - [21/Aug/2023:11:10:20 +0800] "GET /xingrg/all/function/internal_message.html?_=1692587420745&CODE_STATE=getMsg HTTP/1.1" 200 27
180.152.241.196 - - [21/Aug/2023:11:10:20 +0800] "POST /xingrg/dwr/call/plaincall/AjaxCheckService.setItemNumber.dwr HTTP/1.1" 200 77
180.152.241.196 - - [21/Aug/2023:11:10:20 +0800] "POST /xingrg/dwr/call/plaincall/AjaxCheckService.setItemNumber.dwr HTTP/1.1" 200 77
180.152.241.196 - - [21/Aug/2023:11:10:20 +0800] "POST /xingrg/kc/mdqp/pssh_list_operate.html HTTP/1.1" 200 792
180.152.241.196 - - [21/Aug/2023:11:10:21 +0800] "POST /xingrg/dwr/call/plaincall/AjaxCheckService.setItemNumber.dwr HTTP/1.1" 200 77
180.152.241.196 - - [21/Aug/2023:11:10:21 +0800] "POST /xingrg/dwr/call/plaincall/AjaxCheckService.setItemNumber.dwr HTTP/1.1" 200 77
180.152.241.196 - - [21/Aug/2023:11:10:22 +0800] "POST /xingrg/dwr/call/plaincall/AjaxCheckService.setItemNumber.dwr HTTP/1.1" 200 77
180.152.241.196 - - [21/Aug/2023:11:10:22 +0800] "POST /xingrg/dwr/call/plaincall/AjaxCheckService.setItemNumber.dwr HTTP/1.1" 200 77
180.152.241.196 - - [21/Aug/2023:11:10:22 +0800] "POST /xingrg/dwr/call/plaincall/AjaxCheckService.setItemNumber.dwr HTTP/1.1" 200 77
180.152.241.196 - - [21/Aug/2023:11:10:23 +0800] "POST /xingrg/dwr/call/plaincall/AjaxCheckService.setItemNumber.dwr HTTP/1.1" 200 77
180.152.241.196 - - [21/Aug/2023:11:10:23 +0800] "POST /xingrg/dwr/call/plaincall/AjaxCheckService.setItemNumber.dwr HTTP/1.1" 200 77
180.163.28.180 - - [21/Aug/2023:11:10:23 +0800] "GET /xingrg/kc/base/wldb_order_operate.html?command=get_materiel&rest_code=00106&base_code=0010397&code=00102015103 HTTP/1.1" 302 -
180.163.28.180 - - [21/Aug/2023:11:10:23 +0800] "GET /xingrg/login.html HTTP/1.1" 200 7641
180.152.241.196 - - [21/Aug/2023:11:10:23 +0800] "POST /xingrg/dwr/call/plaincall/AjaxCheckService.setItemNumber.dwr HTTP/1.1" 200 77
180.152.241.196 - - [21/Aug/2023:11:10:24 +0800] "POST /xingrg/dwr/call/plaincall/AjaxCheckService.setItemNumber.dwr HTTP/1.1" 200 77
180.152.241.196 - - [21/Aug/2023:11:10:24 +0800] "POST /xingrg/dwr/call/plaincall/AjaxCheckService.setItemNumber.dwr HTTP/1.1" 200 77
180.152.241.196 - - [21/Aug/2023:11:10:24 +0800] "POST /xingrg/dwr/call/plaincall/AjaxCheckService.setItemNumber.dwr HTTP/1.1" 200 77
180.152.241.196 - - [21/Aug/2023:11:10:25 +0800] "POST /xingrg/dwr/call/plaincall/AjaxCheckService.setItemNumber.dwr HTTP/1.1" 200 77
180.152.241.196 - - [21/Aug/2023:11:10:25 +0800] "POST /xingrg/kc/mdqp/pssh_list_operate.html HTTP/1.1" 200 4133
180.152.241.196 - - [21/Aug/2023:11:10:25 +0800] "POST /xingrg/dwr/call/plaincall/AjaxCheckService.setItemNumber.dwr HTTP/1.1" 200 77
120.253.135.82 - - [21/Aug/2023:11:10:26 +0800] "POST /xingrg/kc/pszx/mdps_list_operate.html HTTP/1.1" 200 4219
180.152.241.196 - - [21/Aug/2023:11:10:27 +0800] "POST /xingrg/dwr/call/plaincall/AjaxCheckService.setItemNumber.dwr HTTP/1.1" 200 77
120.253.135.82 - - [21/Aug/2023:11:10:28 +0800] "POST /xingrg/kc/pszx/mdps_list_operate.html HTTP/1.1" 200 202
120.253.135.82 - - [21/Aug/2023:11:10:29 +0800] "GET /xingrg/kc/pszx/mdps_order_info.html?code=312023082100508 HTTP/1.1" 200 23972
120.253.135.82 - - [21/Aug/2023:11:10:30 +0800] "GET /xingrg/javascript/easyui/themes/default/validatebox.css HTTP/1.1" 404 1104
180.152.241.196 - - [21/Aug/2023:11:10:30 +0800] "POST /xingrg/dwr/call/plaincall/AjaxCheckService.setItemNumber.dwr HTTP/1.1" 200 77
120.253.135.82 - - [21/Aug/2023:11:10:30 +0800] "POST /xingrg/kc/pszx/mdps_order_operate.html HTTP/1.1" 200 2285
120.253.135.82 - - [21/Aug/2023:11:10:33 +0800] "POST /xingrg/kc/pszx/mdps_list_operate.html HTTP/1.1" 200 4219
180.152.241.196 - - [21/Aug/2023:11:10:33 +0800] "POST /xingrg/dwr/call/plaincall/AjaxCheckService.setItemNumber.dwr HTTP/1.1" 200 77
180.152.241.196 - - [21/Aug/2023:11:10:33 +0800] "POST /xingrg/dwr/call/plaincall/AjaxCheckService.setItemNumber.dwr HTTP/1.1" 200 77
114.95.241.104 - - [21/Aug/2023:11:10:34 +0800] "GET /xingrg/all/function/internal_message.html?_=1692587343015&CODE_STATE=getMsg HTTP/1.1" 200 27
180.152.241.196 - - [21/Aug/2023:11:10:38 +0800] "POST /xingrg/dwr/call/plaincall/AjaxCheckService.setItemNumber.dwr HTTP/1.1" 200 77
180.152.241.196 - - [21/Aug/2023:11:10:38 +0800] "POST /xingrg/dwr/call/plaincall/AjaxCheckService.setItemNumber.dwr HTTP/1.1" 200 77
180.169.147.146 - - [21/Aug/2023:11:10:39 +0800] "GET /xingrg/all/function/internal_message.html?_=1692587439276&CODE_STATE=getMsg HTTP/1.1" 200 27
180.152.241.196 - - [21/Aug/2023:11:10:39 +0800] "POST /xingrg/dwr/call/plaincall/AjaxCheckService.setItemNumber.dwr HTTP/1.1" 200 77
180.152.241.196 - - [21/Aug/2023:11:10:39 +0800] "POST /xingrg/dwr/call/plaincall/AjaxCheckService.setItemNumber.dwr HTTP/1.1" 200 77
101.83.145.37 - - [21/Aug/2023:11:10:40 +0800] "GET /xingrg/kc/buy/cgsh_order_operate.html?command=get_materiel&rest_code=00105&code=00101008305&supplier_code=00100203&order_time=2023-08-21 HTTP/1.1" 200 412
180.152.241.196 - - [21/Aug/2023:11:10:40 +0800] "POST /xingrg/dwr/call/plaincall/AjaxCheckService.setItemNumber.dwr HTTP/1.1" 200 77
180.152.241.196 - - [21/Aug/2023:11:10:41 +0800] "POST /xingrg/dwr/call/plaincall/AjaxCheckService.setItemNumber.dwr HTTP/1.1" 200 77
222.67.237.86 - - [21/Aug/2023:11:10:42 +0800] "GET /xingrg/all/function/internal_message.html?_=1692586891983&CODE_STATE=getMsg HTTP/1.1" 200 27
180.152.241.196 - - [21/Aug/2023:11:10:42 +0800] "POST /xingrg/dwr/call/plaincall/AjaxCheckService.setItemNumber.dwr HTTP/1.1" 200 77
180.152.241.196 - - [21/Aug/2023:11:10:43 +0800] "POST /xingrg/dwr/call/plaincall/AjaxCheckService.setItemNumber.dwr HTTP/1.1" 200 77
180.152.241.196 - - [21/Aug/2023:11:10:43 +0800] "POST /xingrg/dwr/call/plaincall/AjaxCheckService.setItemNumber.dwr HTTP/1.1" 200 77
180.152.241.196 - - [21/Aug/2023:11:10:43 +0800] "GET /xingrg/all/function/internal_message.html?_=1692587443745&CODE_STATE=getMsg HTTP/1.1" 200 27
120.253.135.82 - - [21/Aug/2023:11:10:44 +0800] "POST /xingrg/kc/pszx/mdps_list_operate.html HTTP/1.1" 200 5134
180.152.241.196 - - [21/Aug/2023:11:10:45 +0800] "POST /xingrg/dwr/call/plaincall/AjaxCheckService.setItemNumber.dwr HTTP/1.1" 200 77
180.152.241.196 - - [21/Aug/2023:11:10:46 +0800] "POST /xingrg/dwr/call/plaincall/AjaxCheckService.setItemNumber.dwr HTTP/1.1" 200 77
180.152.241.196 - - [21/Aug/2023:11:10:46 +0800] "POST /xingrg/dwr/call/plaincall/AjaxCheckService.setItemNumber.dwr HTTP/1.1" 200 77
180.152.241.196 - - [21/Aug/2023:11:10:47 +0800] "POST /xingrg/dwr/call/plaincall/AjaxCheckService.setItemNumber.dwr HTTP/1.1" 200 77
180.157.248.170 - - [21/Aug/2023:11:10:48 +0800] "GET /xingrg/all/function/internal_message.html?_=1692587447438&CODE_STATE=getMsg HTTP/1.1" 200 27
120.253.135.82 - - [21/Aug/2023:11:10:48 +0800] "POST /xingrg/kc/pszx/mdps_list_operate.html HTTP/1.1" 200 208
180.152.241.196 - - [21/Aug/2023:11:10:48 +0800] "POST /xingrg/dwr/call/plaincall/AjaxCheckService.setItemNumber.dwr HTTP/1.1" 200 77
180.152.241.196 - - [21/Aug/2023:11:10:49 +0800] "POST /xingrg/dwr/call/plaincall/AjaxCheckService.setItemNumber.dwr HTTP/1.1" 200 77
116.232.195.127 - - [21/Aug/2023:11:10:49 +0800] "GET /xingrg/all/function/internal_message.html?_=1692587449196&CODE_STATE=getMsg HTTP/1.1" 200 27
180.165.48.189 - - [21/Aug/2023:11:10:50 +0800] "GET /xingrg/all/function/internal_message.html?_=1692587450381&CODE_STATE=getMsg HTTP/1.1" 200 27
180.165.48.189 - - [21/Aug/2023:11:10:50 +0800] "GET /xingrg/check_reg.html?_=1692587450384 HTTP/1.1" 200 22
180.152.241.196 - - [21/Aug/2023:11:10:50 +0800] "POST /xingrg/dwr/call/plaincall/AjaxCheckService.setItemNumber.dwr HTTP/1.1" 200 77
180.152.241.196 - - [21/Aug/2023:11:10:51 +0800] "POST /xingrg/dwr/call/plaincall/AjaxCheckService.setItemNumber.dwr HTTP/1.1" 200 77
180.152.241.196 - - [21/Aug/2023:11:10:51 +0800] "POST /xingrg/dwr/call/plaincall/AjaxCheckService.setItemNumber.dwr HTTP/1.1" 200 77
180.152.241.196 - - [21/Aug/2023:11:10:51 +0800] "POST /xingrg/dwr/call/plaincall/AjaxCheckService.setItemNumber.dwr HTTP/1.1" 200 77
120.253.135.82 - - [21/Aug/2023:11:10:52 +0800] "POST /xingrg/kc/pszx/mdps_list_operate.html HTTP/1.1" 200 273
180.152.241.196 - - [21/Aug/2023:11:10:52 +0800] "POST /xingrg/dwr/call/plaincall/AjaxCheckService.setItemNumber.dwr HTTP/1.1" 200 77
180.152.241.196 - - [21/Aug/2023:11:10:52 +0800] "GET /xingrg/all/function/internal_message.html?_=1692587454822&CODE_STATE=getMsg HTTP/1.1" 200 27
180.152.241.196 - - [21/Aug/2023:11:10:52 +0800] "POST /xingrg/dwr/call/plaincall/AjaxCheckService.setItemNumber.dwr HTTP/1.1" 200 77
222.70.168.101 - - [21/Aug/2023:11:10:53 +0800] "GET /xingrg/check_reg.html?_=1692587480985 HTTP/1.1" 200 22
222.70.168.101 - - [21/Aug/2023:11:10:54 +0800] "GET /xingrg/all/function/internal_message.html?_=1692587482036&CODE_STATE=getMsg HTTP/1.1" 200 27
180.152.241.196 - - [21/Aug/2023:11:10:54 +0800] "POST /xingrg/dwr/call/plaincall/AjaxCheckService.setItemNumber.dwr HTTP/1.1" 200 77
180.152.241.196 - - [21/Aug/2023:11:10:54 +0800] "POST /xingrg/dwr/call/plaincall/AjaxCheckService.setItemNumber.dwr HTTP/1.1" 200 77
222.70.180.200 - - [21/Aug/2023:11:10:55 +0800] "GET /xingrg/all/function/internal_message.html?_=1692587455038&CODE_STATE=getMsg HTTP/1.1" 200 27
180.152.241.196 - - [21/Aug/2023:11:10:55 +0800] "POST /xingrg/dwr/call/plaincall/AjaxCheckService.setItemNumber.dwr HTTP/1.1" 200 77
180.152.241.196 - - [21/Aug/2023:11:10:55 +0800] "POST /xingrg/dwr/call/plaincall/AjaxCheckService.setItemNumber.dwr HTTP/1.1" 200 77
180.152.241.196 - - [21/Aug/2023:11:10:56 +0800] "POST /xingrg/dwr/call/plaincall/AjaxCheckService.setItemNumber.dwr HTTP/1.1" 200 77
180.152.241.196 - - [21/Aug/2023:11:10:56 +0800] "POST /xingrg/dwr/call/plaincall/AjaxCheckService.setItemNumber.dwr HTTP/1.1" 200 77
120.253.135.82 - - [21/Aug/2023:11:10:57 +0800] "POST /xingrg/kc/pszx/mdps_list_operate.html HTTP/1.1" 200 663
180.152.241.196 - - [21/Aug/2023:11:10:57 +0800] "POST /xingrg/dwr/call/plaincall/AjaxCheckService.setItemNumber.dwr HTTP/1.1" 200 77
180.152.241.196 - - [21/Aug/2023:11:10:58 +0800] "POST /xingrg/dwr/call/plaincall/AjaxCheckService.setItemNumber.dwr HTTP/1.1" 200 77
120.253.135.82 - - [21/Aug/2023:11:10:58 +0800] "POST /xingrg/kc/pszx/mdps_list_operate.html HTTP/1.1" 200 282
114.83.217.94 - - [21/Aug/2023:11:10:59 +0800] "GET /xingrg/all/function/internal_message.html?_=1692587459808&CODE_STATE=getMsg HTTP/1.1" 200 27
180.152.241.196 - - [21/Aug/2023:11:10:59 +0800] "POST /xingrg/kc/base/check_list_operate.html HTTP/1.1" 200 3849
114.83.217.94 - - [21/Aug/2023:11:11:00 +0800] "GET /xingrg/check_reg.html?_=1692587460941 HTTP/1.1" 200 22
180.152.241.196 - - [21/Aug/2023:11:11:01 +0800] "GET /xingrg/kc/base/check_order_info.html?code=452023082000247 HTTP/1.1" 200 26518
180.152.241.196 - - [21/Aug/2023:11:11:01 +0800] "GET /xingrg/dwr/interface/AjaxComOrderService.js HTTP/1.1" 200 18264
180.152.241.196 - - [21/Aug/2023:11:11:01 +0800] "GET /xingrg/dwr/interface/AjaxCheckService.js HTTP/1.1" 200 14003
180.152.241.196 - - [21/Aug/2023:11:11:01 +0800] "GET /xingrg/dwr/engine.js HTTP/1.1" 200 43631
116.232.195.127 - - [21/Aug/2023:11:11:01 +0800] "GET /xingrg/all/function/internal_message.html?_=1692587380821&CODE_STATE=getMsg HTTP/1.1" 200 27
180.152.241.196 - - [21/Aug/2023:11:11:01 +0800] "POST /xingrg/dwr/call/plaincall/AjaxCheckService.loadOrderItems.dwr HTTP/1.1" 200 13619
120.253.135.82 - - [21/Aug/2023:11:11:02 +0800] "GET /xingrg/all/function/internal_message.html?_=1692587276486&CODE_STATE=getMsg HTTP/1.1" 200 27
180.152.241.196 - - [21/Aug/2023:11:11:04 +0800] "POST /xingrg/dwr/call/plaincall/AjaxCheckService.setItemNumber.dwr HTTP/1.1" 200 76
222.70.180.200 - - [21/Aug/2023:11:11:04 +0800] "GET /xingrg/check_reg.html?_=1692587464691 HTTP/1.1" 200 22
222.70.180.200 - - [21/Aug/2023:11:11:04 +0800] "GET /xingrg/all/function/internal_message.html?_=1692587464693&CODE_STATE=getMsg HTTP/1.1" 200 27
180.152.241.196 - - [21/Aug/2023:11:11:04 +0800] "POST /xingrg/dwr/call/plaincall/AjaxCheckService.setItemNumber.dwr HTTP/1.1" 200 76
180.152.241.196 - - [21/Aug/2023:11:11:05 +0800] "POST /xingrg/dwr/call/plaincall/AjaxCheckService.setItemNumber.dwr HTTP/1.1" 200 76
180.152.241.196 - - [21/Aug/2023:11:11:05 +0800] "POST /xingrg/dwr/call/plaincall/AjaxCheckService.setItemNumber.dwr HTTP/1.1" 200 76
180.152.241.196 - - [21/Aug/2023:11:11:06 +0800] "POST /xingrg/dwr/call/plaincall/AjaxCheckService.setItemNumber.dwr HTTP/1.1" 200 76
180.152.241.196 - - [21/Aug/2023:11:11:06 +0800] "POST /xingrg/dwr/call/plaincall/AjaxCheckService.setItemNumber.dwr HTTP/1.1" 200 76
222.69.132.38 - - [21/Aug/2023:11:11:07 +0800] "GET /xingrg/all/function/internal_message.html?_=1692587604710&CODE_STATE=getMsg HTTP/1.1" 200 27
101.228.187.155 - - [21/Aug/2023:11:11:07 +0800] "GET /xingrg/all/function/internal_message.html?_=1692587465780&CODE_STATE=getMsg HTTP/1.1" 200 27
180.152.241.196 - - [21/Aug/2023:11:11:07 +0800] "POST /xingrg/dwr/call/plaincall/AjaxCheckService.setItemNumber.dwr HTTP/1.1" 200 76
222.70.180.200 - - [21/Aug/2023:11:11:07 +0800] "GET /xingrg/all/function/internal_message.html?_=1692587467891&CODE_STATE=getMsg HTTP/1.1" 200 27
180.152.241.196 - - [21/Aug/2023:11:11:07 +0800] "POST /xingrg/dwr/call/plaincall/AjaxCheckService.setItemNumber.dwr HTTP/1.1" 200 76
180.152.241.196 - - [21/Aug/2023:11:11:08 +0800] "POST /xingrg/dwr/call/plaincall/AjaxCheckService.setItemNumber.dwr HTTP/1.1" 200 76
180.152.241.196 - - [21/Aug/2023:11:11:10 +0800] "GET /xingrg/kc/base/check_order_info.html?code=452023082000245 HTTP/1.1" 200 26518
180.152.241.196 - - [21/Aug/2023:11:11:10 +0800] "GET /xingrg/dwr/interface/AjaxComOrderService.js HTTP/1.1" 200 18264
180.152.241.196 - - [21/Aug/2023:11:11:10 +0800] "GET /xingrg/dwr/interface/AjaxCheckService.js HTTP/1.1" 200 14003
180.152.241.196 - - [21/Aug/2023:11:11:10 +0800] "GET /xingrg/dwr/engine.js HTTP/1.1" 200 43631
180.152.241.196 - - [21/Aug/2023:11:11:11 +0800] "POST /xingrg/dwr/call/plaincall/AjaxCheckService.loadOrderItems.dwr HTTP/1.1" 200 45703
116.235.94.33 - - [21/Aug/2023:11:11:13 +0800] "GET /xingrg/all/function/internal_message.html?_=1692587765405&CODE_STATE=getMsg HTTP/1.1" 200 27
180.152.241.196 - - [21/Aug/2023:11:11:13 +0800] "POST /xingrg/dwr/call/plaincall/AjaxCheckService.setItemNumber.dwr HTTP/1.1" 200 76
116.235.94.33 - - [21/Aug/2023:11:11:13 +0800] "GET /xingrg/check_reg.html?_=1692587765849 HTTP/1.1" 200 22
114.95.241.104 - - [21/Aug/2023:11:11:14 +0800] "GET /xingrg/all/function/internal_message.html?_=1692587474237&CODE_STATE=getMsg HTTP/1.1" 200 27
180.152.241.196 - - [21/Aug/2023:11:11:14 +0800] "POST /xingrg/dwr/call/plaincall/AjaxCheckService.setItemNumber.dwr HTTP/1.1" 200 76
180.152.241.196 - - [21/Aug/2023:11:11:14 +0800] "POST /xingrg/dwr/call/plaincall/AjaxCheckService.setItemNumber.dwr HTTP/1.1" 200 76
124.78.155.92 - - [21/Aug/2023:11:11:14 +0800] "GET /xingrg/all/function/internal_message.html?_=1692587474507&CODE_STATE=getMsg HTTP/1.1" 200 27
180.152.241.196 - - [21/Aug/2023:11:11:17 +0800] "POST /xingrg/dwr/call/plaincall/AjaxCheckService.setItemNumber.dwr HTTP/1.1" 200 76
180.152.241.196 - - [21/Aug/2023:11:11:17 +0800] "POST /xingrg/dwr/call/plaincall/AjaxCheckService.setItemNumber.dwr HTTP/1.1" 200 76
101.83.145.37 - - [21/Aug/2023:11:11:18 +0800] "GET /xingrg/all/function/internal_message.html?_=1692587276244&CODE_STATE=getMsg HTTP/1.1" 200 27
180.152.241.196 - - [21/Aug/2023:11:11:18 +0800] "POST /xingrg/dwr/call/plaincall/AjaxCheckService.setItemNumber.dwr HTTP/1.1" 200 76
180.152.241.196 - - [21/Aug/2023:11:11:19 +0800] "POST /xingrg/dwr/call/plaincall/AjaxCheckService.setItemNumber.dwr HTTP/1.1" 200 76
180.152.241.196 - - [21/Aug/2023:11:11:19 +0800] "POST /xingrg/dwr/call/plaincall/AjaxCheckService.setItemNumber.dwr HTTP/1.1" 200 76
