114.95.241.104 - - [21/Aug/2023:09:32:24 +0800] "POST /xingrg/dwr/call/plaincall/AjaxCheckService.setItemNumber.dwr HTTP/1.1" 200 78
114.95.241.104 - - [21/Aug/2023:09:32:24 +0800] "POST /xingrg/dwr/call/plaincall/AjaxCheckService.setItemNumber.dwr HTTP/1.1" 200 78
114.95.241.104 - - [21/Aug/2023:09:32:26 +0800] "POST /xingrg/dwr/call/plaincall/AjaxCheckService.setItemNumber.dwr HTTP/1.1" 200 78
114.83.217.94 - - [21/Aug/2023:09:32:31 +0800] "GET /xingrg/kc/buy/cgsh_order_operate.html?command=get_materiel&rest_code=00149&code=00101016025&supplier_code=00100096&order_time=2023-08-21 HTTP/1.1" 200 410
114.95.241.104 - - [21/Aug/2023:09:32:34 +0800] "POST /xingrg/dwr/call/plaincall/AjaxCheckService.setItemNumber.dwr HTTP/1.1" 200 78
180.152.241.196 - - [21/Aug/2023:09:32:36 +0800] "GET /xingrg/javascript/easyui/themes/default/tree.css HTTP/1.1" 404 1090
180.152.241.196 - - [21/Aug/2023:09:32:36 +0800] "POST /xingrg/all/common/load_tree.html?tree=supplier_tree_json&isDelete=1 HTTP/1.1" 200 75019
114.95.241.104 - - [21/Aug/2023:09:32:37 +0800] "POST /xingrg/dwr/call/plaincall/AjaxCheckService.setItemNumber.dwr HTTP/1.1" 200 78
114.95.241.104 - - [21/Aug/2023:09:32:38 +0800] "GET /xingrg/all/function/internal_message.html?_=1692581467097&CODE_STATE=getMsg HTTP/1.1" 200 27
116.232.195.127 - - [21/Aug/2023:09:32:38 +0800] "GET /xingrg/check_reg.html?_=1692581477682 HTTP/1.1" 302 -
116.232.195.127 - - [21/Aug/2023:09:32:38 +0800] "GET /xingrg/login.html HTTP/1.1" 200 7641
222.67.237.86 - - [21/Aug/2023:09:32:39 +0800] "GET /xingrg/kc/base/base_main.html HTTP/1.1" 302 -
222.67.237.86 - - [21/Aug/2023:09:32:39 +0800] "GET /xingrg/login.html HTTP/1.1" 200 7641
222.67.237.86 - - [21/Aug/2023:09:32:40 +0800] "GET /xingrg/login.html HTTP/1.1" 200 7641
222.67.237.86 - - [21/Aug/2023:09:32:40 +0800] "GET /favicon.ico HTTP/1.1" 404 -
222.67.237.86 - - [21/Aug/2023:09:32:43 +0800] "POST /xingrg/login.do HTTP/1.1" 302 -
222.67.237.86 - - [21/Aug/2023:09:32:43 +0800] "GET /xingrg/index.html?sysBaseUrl=http%3A%2F%2F180.169.147.146%3A18081%2Fxingrg%2F&costTime=956×tamp=1692581563174 HTTP/1.1" 200 17179
222.67.237.86 - - [21/Aug/2023:09:32:43 +0800] "GET /xingrg/check_reg.html?_=1692581013458 HTTP/1.1" 200 22
222.67.237.86 - - [21/Aug/2023:09:32:43 +0800] "POST /xingrg/all/common/load_tree.html?tree=area_rest_tree_json&manage=1 HTTP/1.1" 200 351
222.67.237.86 - - [21/Aug/2023:09:32:43 +0800] "GET /favicon.ico HTTP/1.1" 404 -
222.67.237.86 - - [21/Aug/2023:09:32:43 +0800] "GET /xingrg/all/function/internal_message.html?_=1692581013457&CODE_STATE=count HTTP/1.1" 200 11
222.67.237.86 - - [21/Aug/2023:09:32:43 +0800] "POST /xingrg/load_menu.html HTTP/1.1" 200 5138
180.152.241.196 - - [21/Aug/2023:09:32:44 +0800] "GET /xingrg/all/function/internal_message.html?_=1692581564236&CODE_STATE=getMsg HTTP/1.1" 200 27
101.83.145.37 - - [21/Aug/2023:09:32:45 +0800] "GET /xingrg/all/function/internal_message.html?_=1692581363744&CODE_STATE=getMsg HTTP/1.1" 302 -
222.67.237.86 - - [21/Aug/2023:09:32:45 +0800] "GET /xingrg/kc/buy/buy_main.html HTTP/1.1" 200 12412
114.95.241.104 - - [21/Aug/2023:09:32:45 +0800] "POST /xingrg/dwr/call/plaincall/AjaxCheckService.setItemNumber.dwr HTTP/1.1" 200 78
222.67.237.86 - - [21/Aug/2023:09:32:45 +0800] "GET /xingrg/css/new_ie.css HTTP/1.1" 404 1036
222.67.237.86 - - [21/Aug/2023:09:32:46 +0800] "GET /xingrg/images/yd/bt.gif HTTP/1.1" 404 1040
222.69.132.38 - - [21/Aug/2023:09:32:46 +0800] "GET /xingrg/all/function/internal_message.html?_=1692581704068&CODE_STATE=getMsg HTTP/1.1" 200 27
222.67.237.86 - - [21/Aug/2023:09:32:47 +0800] "GET /xingrg/kc/buy/cgsh_order_list.html HTTP/1.1" 200 56188
114.95.241.104 - - [21/Aug/2023:09:32:50 +0800] "POST /xingrg/dwr/call/plaincall/AjaxCheckService.setItemNumber.dwr HTTP/1.1" 200 78
222.67.237.86 - - [21/Aug/2023:09:32:50 +0800] "POST /xingrg/kc/buy/cgsh_list_operate.html HTTP/1.1" 200 986
114.95.241.104 - - [21/Aug/2023:09:32:51 +0800] "POST /xingrg/dwr/call/plaincall/AjaxCheckService.setItemNumber.dwr HTTP/1.1" 200 78
222.67.237.86 - - [21/Aug/2023:09:32:52 +0800] "GET /xingrg/kc/buy/cgsh_order_add.html HTTP/1.1" 200 71964
222.67.237.86 - - [21/Aug/2023:09:32:52 +0800] "GET /xingrg/words/20230820160106_words.js HTTP/1.1" 304 -
222.67.237.86 - - [21/Aug/2023:09:32:52 +0800] "POST /xingrg/kc/buy/cgsh_order_operate.html HTTP/1.1" 200 8245
222.67.237.86 - - [21/Aug/2023:09:32:52 +0800] "GET /xingrg/javascript/easyui/themes/default/validatebox.css HTTP/1.1" 404 1104
222.67.237.86 - - [21/Aug/2023:09:32:52 +0800] "GET /xingrg/all/common/auto_word.html?type=employee&rest_code=00141 HTTP/1.1" 200 201
222.67.237.86 - - [21/Aug/2023:09:32:52 +0800] "GET /xingrg/all/common/auto_word.html?type=employee&rest_code=00141 HTTP/1.1" 200 201
114.95.241.104 - - [21/Aug/2023:09:32:53 +0800] "POST /xingrg/dwr/call/plaincall/AjaxCheckService.setItemNumber.dwr HTTP/1.1" 200 78
114.95.241.104 - - [21/Aug/2023:09:32:53 +0800] "POST /xingrg/dwr/call/plaincall/AjaxCheckService.setItemNumber.dwr HTTP/1.1" 200 78
114.95.241.104 - - [21/Aug/2023:09:32:54 +0800] "POST /xingrg/dwr/call/plaincall/AjaxCheckService.setItemNumber.dwr HTTP/1.1" 200 78
222.67.237.86 - - [21/Aug/2023:09:32:55 +0800] "GET /xingrg/javascript/auto/indicator.gif HTTP/1.1" 404 1066
114.95.241.104 - - [21/Aug/2023:09:32:57 +0800] "POST /xingrg/dwr/call/plaincall/AjaxCheckService.setItemNumber.dwr HTTP/1.1" 200 78
114.95.241.104 - - [21/Aug/2023:09:32:57 +0800] "POST /xingrg/dwr/call/plaincall/AjaxCheckService.setItemNumber.dwr HTTP/1.1" 200 78
114.95.241.104 - - [21/Aug/2023:09:33:00 +0800] "POST /xingrg/dwr/call/plaincall/AjaxCheckService.setItemNumber.dwr HTTP/1.1" 200 78
222.67.237.86 - - [21/Aug/2023:09:33:00 +0800] "GET /xingrg/kc/buy/cgsh_order_operate.html?command=get_materiel&rest_code=00141&code=00101023033&supplier_code=&order_time=2023-08-21 HTTP/1.1" 200 409
114.95.241.104 - - [21/Aug/2023:09:33:01 +0800] "POST /xingrg/dwr/call/plaincall/AjaxCheckService.setItemNumber.dwr HTTP/1.1" 200 78
114.95.241.104 - - [21/Aug/2023:09:33:03 +0800] "POST /xingrg/dwr/call/plaincall/AjaxCheckService.setItemNumber.dwr HTTP/1.1" 200 78
180.157.248.170 - - [21/Aug/2023:09:33:03 +0800] "GET /xingrg/check_reg.html?_=1692581582861 HTTP/1.1" 302 -
180.157.248.170 - - [21/Aug/2023:09:33:03 +0800] "GET /xingrg/all/function/internal_message.html?_=1692581582856&CODE_STATE=getMsg HTTP/1.1" 302 -
114.95.241.104 - - [21/Aug/2023:09:33:04 +0800] "POST /xingrg/dwr/call/plaincall/AjaxCheckService.setItemNumber.dwr HTTP/1.1" 200 78
222.70.180.200 - - [21/Aug/2023:09:33:04 +0800] "GET /xingrg/all/function/internal_message.html?_=1692581584586&CODE_STATE=getMsg HTTP/1.1" 200 27
222.70.168.101 - - [21/Aug/2023:09:33:06 +0800] "GET /xingrg/all/function/internal_message.html?_=1692581614270&CODE_STATE=getMsg HTTP/1.1" 302 -
114.95.241.104 - - [21/Aug/2023:09:33:07 +0800] "POST /xingrg/dwr/call/plaincall/AjaxCheckService.setItemNumber.dwr HTTP/1.1" 200 78
114.95.241.104 - - [21/Aug/2023:09:33:09 +0800] "POST /xingrg/dwr/call/plaincall/AjaxCheckService.setItemNumber.dwr HTTP/1.1" 200 78
114.95.241.104 - - [21/Aug/2023:09:33:10 +0800] "POST /xingrg/dwr/call/plaincall/AjaxCheckService.setItemNumber.dwr HTTP/1.1" 200 78
114.95.241.104 - - [21/Aug/2023:09:33:11 +0800] "POST /xingrg/dwr/call/plaincall/AjaxCheckService.setItemNumber.dwr HTTP/1.1" 200 78
114.95.241.104 - - [21/Aug/2023:09:33:12 +0800] "POST /xingrg/dwr/call/plaincall/AjaxCheckService.setItemNumber.dwr HTTP/1.1" 200 78
114.95.241.104 - - [21/Aug/2023:09:33:12 +0800] "POST /xingrg/dwr/call/plaincall/AjaxCheckService.setItemNumber.dwr HTTP/1.1" 200 78
114.95.241.104 - - [21/Aug/2023:09:33:13 +0800] "POST /xingrg/dwr/call/plaincall/AjaxCheckService.setItemNumber.dwr HTTP/1.1" 200 78
222.70.180.200 - - [21/Aug/2023:09:33:14 +0800] "GET /xingrg/all/function/internal_message.html?_=1692581594127&CODE_STATE=getMsg HTTP/1.1" 200 27
114.95.241.104 - - [21/Aug/2023:09:33:16 +0800] "POST /xingrg/dwr/call/plaincall/AjaxCheckService.setItemNumber.dwr HTTP/1.1" 200 78
114.95.241.104 - - [21/Aug/2023:09:33:16 +0800] "POST /xingrg/dwr/call/plaincall/AjaxCheckService.setItemNumber.dwr HTTP/1.1" 200 78
114.95.241.104 - - [21/Aug/2023:09:33:16 +0800] "GET /xingrg/all/function/internal_message.html?_=1692581596977&CODE_STATE=getMsg HTTP/1.1" 200 27
114.95.241.104 - - [21/Aug/2023:09:33:17 +0800] "POST /xingrg/dwr/call/plaincall/AjaxCheckService.setItemNumber.dwr HTTP/1.1" 200 78
114.83.217.94 - - [21/Aug/2023:09:33:18 +0800] "GET /xingrg/kc/buy/cgsh_order_operate.html?command=get_materiel&rest_code=00149&code=00101006074&supplier_code=00100096&order_time=2023-08-21 HTTP/1.1" 200 420
114.95.241.104 - - [21/Aug/2023:09:33:21 +0800] "POST /xingrg/dwr/call/plaincall/AjaxCheckService.setItemNumber.dwr HTTP/1.1" 200 78
124.78.155.92 - - [21/Aug/2023:09:33:22 +0800] "POST /xingrg/kc/buy/cgsh_order_operate.html HTTP/1.1" 200 17460
114.95.241.104 - - [21/Aug/2023:09:33:24 +0800] "POST /xingrg/dwr/call/plaincall/AjaxCheckService.setItemNumber.dwr HTTP/1.1" 200 78
114.95.241.104 - - [21/Aug/2023:09:33:26 +0800] "POST /xingrg/dwr/call/plaincall/AjaxCheckService.setItemNumber.dwr HTTP/1.1" 200 78
114.95.241.104 - - [21/Aug/2023:09:33:26 +0800] "POST /xingrg/dwr/call/plaincall/AjaxCheckService.setItemNumber.dwr HTTP/1.1" 200 78
114.95.241.104 - - [21/Aug/2023:09:33:26 +0800] "POST /xingrg/dwr/call/plaincall/AjaxCheckService.setItemNumber.dwr HTTP/1.1" 200 78
114.95.241.104 - - [21/Aug/2023:09:33:28 +0800] "POST /xingrg/dwr/call/plaincall/AjaxCheckService.setItemNumber.dwr HTTP/1.1" 200 78
114.95.241.104 - - [21/Aug/2023:09:33:34 +0800] "POST /xingrg/dwr/call/plaincall/AjaxCheckService.setItemNumber.dwr HTTP/1.1" 200 78
114.95.241.104 - - [21/Aug/2023:09:33:37 +0800] "POST /xingrg/dwr/call/plaincall/AjaxCheckService.setItemNumber.dwr HTTP/1.1" 200 78
114.95.241.104 - - [21/Aug/2023:09:33:38 +0800] "GET /xingrg/all/function/internal_message.html?_=1692581527111&CODE_STATE=getMsg HTTP/1.1" 200 27
114.83.217.94 - - [21/Aug/2023:09:33:38 +0800] "GET /xingrg/kc/buy/cgsh_order_operate.html?command=get_materiel&rest_code=00149&code=00101006087&supplier_code=00100096&order_time=2023-08-21 HTTP/1.1" 200 411
222.67.237.86 - - [21/Aug/2023:09:33:38 +0800] "GET /xingrg/kc/buy/cgsh_order_operate.html?command=get_materiel&rest_code=00141&code=00101008209&supplier_code=&order_time=2023-08-21 HTTP/1.1" 200 409
114.95.241.104 - - [21/Aug/2023:09:33:42 +0800] "POST /xingrg/dwr/call/plaincall/AjaxCheckService.setItemNumber.dwr HTTP/1.1" 200 78
222.67.237.86 - - [21/Aug/2023:09:33:43 +0800] "GET /xingrg/all/function/internal_message.html?_=1692581073488&CODE_STATE=getMsg HTTP/1.1" 200 27
180.152.241.196 - - [21/Aug/2023:09:33:44 +0800] "GET /xingrg/all/function/internal_message.html?_=1692581624234&CODE_STATE=getMsg HTTP/1.1" 200 27
114.95.241.104 - - [21/Aug/2023:09:33:45 +0800] "POST /xingrg/dwr/call/plaincall/AjaxCheckService.setItemNumber.dwr HTTP/1.1" 200 78
101.83.145.37 - - [21/Aug/2023:09:33:45 +0800] "GET /xingrg/all/function/internal_message.html?_=1692581423744&CODE_STATE=getMsg HTTP/1.1" 302 -
222.69.132.38 - - [21/Aug/2023:09:33:46 +0800] "GET /xingrg/all/function/internal_message.html?_=1692581764073&CODE_STATE=getMsg HTTP/1.1" 200 27
116.232.195.127 - - [21/Aug/2023:09:33:49 +0800] "GET /xingrg/index.html?sysBaseUrl=http%3A%2F%2F180.169.147.146%3A18081%2Fxingrg%2F&costTime=1277×tamp=1606817596806 HTTP/1.1" 302 -
116.232.195.127 - - [21/Aug/2023:09:33:49 +0800] "GET /xingrg/login.html HTTP/1.1" 200 7641
114.95.241.104 - - [21/Aug/2023:09:33:50 +0800] "POST /xingrg/dwr/call/plaincall/AjaxCheckService.setItemNumber.dwr HTTP/1.1" 200 78
116.232.195.127 - - [21/Aug/2023:09:33:50 +0800] "GET /favicon.ico HTTP/1.1" 404 -
114.95.241.104 - - [21/Aug/2023:09:33:51 +0800] "POST /xingrg/dwr/call/plaincall/AjaxCheckService.setItemNumber.dwr HTTP/1.1" 200 77
114.95.241.104 - - [21/Aug/2023:09:33:54 +0800] "POST /xingrg/dwr/call/plaincall/AjaxCheckService.setItemNumber.dwr HTTP/1.1" 200 77
222.69.132.38 - - [21/Aug/2023:09:33:55 +0800] "GET /xingrg/kc/buy/cgth_order_list.html HTTP/1.1" 200 55591
114.95.241.104 - - [21/Aug/2023:09:33:55 +0800] "POST /xingrg/dwr/call/plaincall/AjaxCheckService.setItemNumber.dwr HTTP/1.1" 200 77
114.95.241.104 - - [21/Aug/2023:09:33:56 +0800] "POST /xingrg/dwr/call/plaincall/AjaxCheckService.setItemNumber.dwr HTTP/1.1" 200 77
222.69.132.38 - - [21/Aug/2023:09:33:56 +0800] "POST /xingrg/kc/buy/cgth_list_operate.html HTTP/1.1" 200 1035
114.95.241.104 - - [21/Aug/2023:09:33:56 +0800] "POST /xingrg/dwr/call/plaincall/AjaxCheckService.setItemNumber.dwr HTTP/1.1" 200 77
114.95.241.104 - - [21/Aug/2023:09:33:57 +0800] "POST /xingrg/dwr/call/plaincall/AjaxCheckService.setItemNumber.dwr HTTP/1.1" 200 78
116.232.195.127 - - [21/Aug/2023:09:34:00 +0800] "POST /xingrg/login.do HTTP/1.1" 302 -
116.232.195.127 - - [21/Aug/2023:09:34:00 +0800] "GET /xingrg/index.html?sysBaseUrl=http%3A%2F%2F180.169.147.146%3A18081%2Fxingrg%2F&costTime=1045×tamp=1692581640691 HTTP/1.1" 200 17179
116.232.195.127 - - [21/Aug/2023:09:34:00 +0800] "GET /favicon.ico HTTP/1.1" 404 -
116.232.195.127 - - [21/Aug/2023:09:34:01 +0800] "GET /xingrg/check_reg.html?_=1692581560221 HTTP/1.1" 200 22
116.232.195.127 - - [21/Aug/2023:09:34:01 +0800] "POST /xingrg/all/common/load_tree.html?tree=area_rest_tree_json&manage=1 HTTP/1.1" 200 351
116.232.195.127 - - [21/Aug/2023:09:34:01 +0800] "GET /xingrg/all/function/internal_message.html?_=1692581560219&CODE_STATE=count HTTP/1.1" 200 11
116.232.195.127 - - [21/Aug/2023:09:34:01 +0800] "POST /xingrg/load_menu.html HTTP/1.1" 200 5138
222.69.132.38 - - [21/Aug/2023:09:34:03 +0800] "GET /xingrg/kc/base/wldb_order_list.html HTTP/1.1" 200 19221
116.232.195.127 - - [21/Aug/2023:09:34:03 +0800] "GET /xingrg/kc/buy/buy_main.html HTTP/1.1" 200 12412
116.232.195.127 - - [21/Aug/2023:09:34:03 +0800] "GET /xingrg/css/new_ie.css HTTP/1.1" 404 1036
116.232.195.127 - - [21/Aug/2023:09:34:03 +0800] "GET /xingrg/images/yd/bt.gif HTTP/1.1" 404 1040
222.69.132.38 - - [21/Aug/2023:09:34:03 +0800] "POST /xingrg/kc/base/wldb_list_operate.html HTTP/1.1" 200 928
180.157.248.170 - - [21/Aug/2023:09:34:03 +0800] "GET /xingrg/all/function/internal_message.html?_=1692581642860&CODE_STATE=getMsg HTTP/1.1" 302 -
222.70.180.200 - - [21/Aug/2023:09:34:04 +0800] "GET /xingrg/all/function/internal_message.html?_=1692581644592&CODE_STATE=getMsg HTTP/1.1" 200 27
114.95.241.104 - - [21/Aug/2023:09:34:05 +0800] "POST /xingrg/dwr/call/plaincall/AjaxCheckService.setItemNumber.dwr HTTP/1.1" 200 78
116.232.195.127 - - [21/Aug/2023:09:34:05 +0800] "GET /xingrg/kc/buy/cgsh_order_list.html HTTP/1.1" 200 56188
222.70.168.101 - - [21/Aug/2023:09:34:06 +0800] "GET /xingrg/all/function/internal_message.html?_=1692581674276&CODE_STATE=getMsg HTTP/1.1" 302 -
114.95.241.104 - - [21/Aug/2023:09:34:06 +0800] "POST /xingrg/dwr/call/plaincall/AjaxCheckService.setItemNumber.dwr HTTP/1.1" 200 78
114.95.241.104 - - [21/Aug/2023:09:34:07 +0800] "POST /xingrg/dwr/call/plaincall/AjaxCheckService.setItemNumber.dwr HTTP/1.1" 200 78
116.232.195.127 - - [21/Aug/2023:09:34:07 +0800] "POST /xingrg/kc/buy/cgsh_list_operate.html HTTP/1.1" 200 986
116.232.195.127 - - [21/Aug/2023:09:34:09 +0800] "GET /xingrg/kc/buy/cgsh_order_add.html HTTP/1.1" 200 72011
116.232.195.127 - - [21/Aug/2023:09:34:10 +0800] "GET /xingrg/words/20230820160106_words.js HTTP/1.1" 304 -
114.95.241.104 - - [21/Aug/2023:09:34:10 +0800] "POST /xingrg/dwr/call/plaincall/AjaxCheckService.setItemNumber.dwr HTTP/1.1" 200 78
116.232.195.127 - - [21/Aug/2023:09:34:10 +0800] "POST /xingrg/kc/buy/cgsh_order_operate.html HTTP/1.1" 200 8245
116.232.195.127 - - [21/Aug/2023:09:34:10 +0800] "GET /xingrg/javascript/easyui/themes/default/validatebox.css HTTP/1.1" 404 1104
116.232.195.127 - - [21/Aug/2023:09:34:10 +0800] "GET /xingrg/all/common/auto_word.html?type=employee&rest_code=00155 HTTP/1.1" 200 255
116.232.195.127 - - [21/Aug/2023:09:34:10 +0800] "GET /xingrg/all/common/auto_word.html?type=employee&rest_code=00155 HTTP/1.1" 200 255
116.232.195.127 - - [21/Aug/2023:09:34:13 +0800] "GET /xingrg/javascript/auto/indicator.gif HTTP/1.1" 404 1066
124.78.155.92 - - [21/Aug/2023:09:34:13 +0800] "GET /xingrg/check_reg.html?_=1692581653439 HTTP/1.1" 200 22
124.78.155.92 - - [21/Aug/2023:09:34:13 +0800] "GET /xingrg/kc/buy/cgsh_order_operate.html?command=get_materiel&rest_code=00106&code=00101008176&supplier_code=00100007&order_time=2023-08-21 HTTP/1.1" 200 412
124.78.155.92 - - [21/Aug/2023:09:34:13 +0800] "GET /xingrg/all/function/internal_message.html?_=1692581653706&CODE_STATE=getMsg HTTP/1.1" 200 27
222.70.180.200 - - [21/Aug/2023:09:34:14 +0800] "GET /xingrg/all/function/internal_message.html?_=1692581654136&CODE_STATE=getMsg HTTP/1.1" 200 27
116.232.195.127 - - [21/Aug/2023:09:34:14 +0800] "GET /xingrg/javascript/jquery_tools/images/prev.gif HTTP/1.1" 404 1086
116.232.195.127 - - [21/Aug/2023:09:34:14 +0800] "GET /xingrg/javascript/jquery_tools/images/next.gif HTTP/1.1" 404 1086
114.95.241.104 - - [21/Aug/2023:09:34:16 +0800] "GET /xingrg/check_reg.html?_=1692581656978 HTTP/1.1" 200 22
114.95.241.104 - - [21/Aug/2023:09:34:16 +0800] "GET /xingrg/all/function/internal_message.html?_=1692581656982&CODE_STATE=getMsg HTTP/1.1" 200 27
114.95.241.104 - - [21/Aug/2023:09:34:21 +0800] "POST /xingrg/dwr/call/plaincall/AjaxCheckService.setItemNumber.dwr HTTP/1.1" 200 78
116.232.195.127 - - [21/Aug/2023:09:34:24 +0800] "GET /xingrg/kc/buy/cgsh_order_operate.html?command=get_materiel&rest_code=00155&code=00101002027&supplier_code=00100199&order_time=2023-08-21 HTTP/1.1" 200 413
124.78.155.92 - - [21/Aug/2023:09:34:24 +0800] "GET /xingrg/kc/buy/cgsh_order_operate.html?command=get_materiel&rest_code=00106&code=00101008244&supplier_code=00100007&order_time=2023-08-21 HTTP/1.1" 200 408
124.78.155.92 - - [21/Aug/2023:09:34:33 +0800] "GET /xingrg/kc/buy/cgsh_order_operate.html?command=get_materiel&rest_code=00106&code=00101008185&supplier_code=00100007&order_time=2023-08-21 HTTP/1.1" 200 408
114.95.241.104 - - [21/Aug/2023:09:34:34 +0800] "GET /xingrg/check_reg.html?_=1692581583961 HTTP/1.1" 200 22
114.95.241.104 - - [21/Aug/2023:09:34:38 +0800] "GET /xingrg/all/function/internal_message.html?_=1692581587124&CODE_STATE=getMsg HTTP/1.1" 200 27
222.67.237.86 - - [21/Aug/2023:09:34:43 +0800] "GET /xingrg/all/function/internal_message.html?_=1692581133477&CODE_STATE=getMsg HTTP/1.1" 200 27
180.152.241.196 - - [21/Aug/2023:09:34:44 +0800] "GET /xingrg/check_reg.html?_=1692581684256 HTTP/1.1" 200 22
180.152.241.196 - - [21/Aug/2023:09:34:44 +0800] "GET /xingrg/all/function/internal_message.html?_=1692581684255&CODE_STATE=getMsg HTTP/1.1" 200 27
124.78.155.92 - - [21/Aug/2023:09:34:44 +0800] "GET /xingrg/kc/buy/cgsh_order_operate.html?command=get_materiel&rest_code=00106&code=00101008351&supplier_code=00100007&order_time=2023-08-21 HTTP/1.1" 200 408
101.83.145.37 - - [21/Aug/2023:09:34:45 +0800] "GET /xingrg/all/function/internal_message.html?_=1692581483743&CODE_STATE=getMsg HTTP/1.1" 302 -
124.78.155.92 - - [21/Aug/2023:09:34:46 +0800] "POST /xingrg/kc/buy/cgsh_order_operate.html HTTP/1.1" 200 2065
222.69.132.38 - - [21/Aug/2023:09:34:46 +0800] "GET /xingrg/all/function/internal_message.html?_=1692581824072&CODE_STATE=getMsg HTTP/1.1" 200 27
114.83.217.94 - - [21/Aug/2023:09:34:47 +0800] "GET /xingrg/check_reg.html?_=1692581687281 HTTP/1.1" 200 22
124.78.155.92 - - [21/Aug/2023:09:34:52 +0800] "GET /xingrg/kc/buy/cgsh_order_operate.html?command=get_materiel&rest_code=00106&code=00101008224&supplier_code=00100007&order_time=2023-08-21 HTTP/1.1" 200 416
116.232.195.127 - - [21/Aug/2023:09:35:01 +0800] "GET /xingrg/all/function/internal_message.html?_=1692581620235&CODE_STATE=getMsg HTTP/1.1" 200 27
114.95.241.104 - - [21/Aug/2023:09:35:01 +0800] "POST /xingrg/dwr/call/plaincall/AjaxCheckService.checkOrder.dwr HTTP/1.1" 200 80
124.78.155.92 - - [21/Aug/2023:09:35:01 +0800] "GET /xingrg/kc/buy/cgsh_order_operate.html?command=get_materiel&rest_code=00106&code=00101008300&supplier_code=00100007&order_time=2023-08-21 HTTP/1.1" 200 412
114.83.217.94 - - [21/Aug/2023:09:35:02 +0800] "GET /xingrg/kc/buy/cgsh_order_operate.html?command=get_materiel&rest_code=00149&code=00101006130&supplier_code=00100096&order_time=2023-08-21 HTTP/1.1" 200 437
114.95.241.104 - - [21/Aug/2023:09:35:02 +0800] "GET /xingrg/kc/base/check_order_info.html?code=452023082000197 HTTP/1.1" 200 22864
114.95.241.104 - - [21/Aug/2023:09:35:03 +0800] "GET /xingrg/dwr/interface/AjaxComOrderService.js HTTP/1.1" 200 18264
114.95.241.104 - - [21/Aug/2023:09:35:03 +0800] "GET /xingrg/dwr/interface/AjaxCheckService.js HTTP/1.1" 200 14003
114.95.241.104 - - [21/Aug/2023:09:35:03 +0800] "GET /xingrg/dwr/engine.js HTTP/1.1" 200 43631
180.157.248.170 - - [21/Aug/2023:09:35:03 +0800] "GET /xingrg/all/function/internal_message.html?_=1692581702865&CODE_STATE=getMsg HTTP/1.1" 302 -
222.70.180.200 - - [21/Aug/2023:09:35:04 +0800] "GET /xingrg/all/function/internal_message.html?_=1692581704597&CODE_STATE=getMsg HTTP/1.1" 200 27
222.70.168.101 - - [21/Aug/2023:09:35:06 +0800] "GET /xingrg/all/function/internal_message.html?_=1692581734297&CODE_STATE=getMsg HTTP/1.1" 302 -
114.95.241.104 - - [21/Aug/2023:09:35:12 +0800] "POST /xingrg/dwr/call/plaincall/AjaxCheckService.checkOrder.dwr HTTP/1.1" 200 79
114.95.241.104 - - [21/Aug/2023:09:35:12 +0800] "POST /xingrg/dwr/call/plaincall/AjaxCheckService.loadOrderItems.dwr HTTP/1.1" 200 115002
124.78.155.92 - - [21/Aug/2023:09:35:13 +0800] "GET /xingrg/all/function/internal_message.html?_=1692581713707&CODE_STATE=getMsg HTTP/1.1" 200 27
222.70.180.200 - - [21/Aug/2023:09:35:14 +0800] "GET /xingrg/check_reg.html?_=1692581714139 HTTP/1.1" 200 22
222.70.180.200 - - [21/Aug/2023:09:35:14 +0800] "GET /xingrg/all/function/internal_message.html?_=1692581714146&CODE_STATE=getMsg HTTP/1.1" 200 27
114.95.241.104 - - [21/Aug/2023:09:35:17 +0800] "GET /xingrg/kc/base/check_order_info.html?code=452023082000193 HTTP/1.1" 200 22864
114.95.241.104 - - [21/Aug/2023:09:35:17 +0800] "GET /xingrg/dwr/interface/AjaxComOrderService.js HTTP/1.1" 200 18264
114.95.241.104 - - [21/Aug/2023:09:35:17 +0800] "GET /xingrg/dwr/engine.js HTTP/1.1" 200 43631
114.95.241.104 - - [21/Aug/2023:09:35:17 +0800] "GET /xingrg/dwr/interface/AjaxCheckService.js HTTP/1.1" 200 14003
114.95.241.104 - - [21/Aug/2023:09:35:17 +0800] "GET /xingrg/dwr/util.js HTTP/1.1" 304 -
114.95.241.104 - - [21/Aug/2023:09:35:17 +0800] "GET /xingrg/javascript/jquery_easy_ui/themes/icons/exam_new.png HTTP/1.1" 200 756
114.95.241.104 - - [21/Aug/2023:09:35:18 +0800] "POST /xingrg/dwr/call/plaincall/AjaxCheckService.loadOrderItems.dwr HTTP/1.1" 200 25141
124.78.155.92 - - [21/Aug/2023:09:35:30 +0800] "POST /xingrg/kc/buy/cgsh_order_operate.html HTTP/1.1" 200 2065
114.95.241.104 - - [21/Aug/2023:09:35:32 +0800] "GET /xingrg/kc/base/check_order_list.html?isBack=1 HTTP/1.1" 200 16340
114.95.241.104 - - [21/Aug/2023:09:35:32 +0800] "POST /xingrg/kc/base/check_list_operate.html HTTP/1.1" 200 781
222.69.132.38 - - [21/Aug/2023:09:35:33 +0800] "GET /xingrg/kc/base/wldb_order_add.html HTTP/1.1" 200 30504
222.69.132.38 - - [21/Aug/2023:09:35:34 +0800] "GET /xingrg/words/20230820160106_words.js HTTP/1.1" 304 -
222.69.132.38 - - [21/Aug/2023:09:35:34 +0800] "POST /xingrg/kc/base/wldb_order_operate.html HTTP/1.1" 200 6806
222.69.132.38 - - [21/Aug/2023:09:35:34 +0800] "GET /xingrg/all/common/auto_word.html?type=base&rest_code=00154 HTTP/1.1" 200 831
222.69.132.38 - - [21/Aug/2023:09:35:34 +0800] "GET /xingrg/javascript/easyui/themes/default/validatebox.css HTTP/1.1" 404 1104
222.69.132.38 - - [21/Aug/2023:09:35:34 +0800] "GET /xingrg/all/common/auto_word.html?type=base&rest_code=00154 HTTP/1.1" 200 831
222.69.132.38 - - [21/Aug/2023:09:35:36 +0800] "POST /xingrg/all/common/load_combo.html?type=base HTTP/1.1" 200 1491
124.78.155.92 - - [21/Aug/2023:09:35:37 +0800] "GET /xingrg/kc/buy/cgsh_order_operate.html?command=get_materiel&rest_code=00106&code=00101008101&supplier_code=00100007&order_time=2023-08-21 HTTP/1.1" 200 412
222.67.237.86 - - [21/Aug/2023:09:35:37 +0800] "GET /xingrg/kc/buy/cgsh_order_add.html HTTP/1.1" 200 71964
114.95.241.104 - - [21/Aug/2023:09:35:38 +0800] "GET /xingrg/all/function/internal_message.html?_=1692581647147&CODE_STATE=getMsg HTTP/1.1" 200 27
222.67.237.86 - - [21/Aug/2023:09:35:38 +0800] "POST /xingrg/kc/buy/cgsh_order_operate.html HTTP/1.1" 200 8245
222.67.237.86 - - [21/Aug/2023:09:35:38 +0800] "GET /xingrg/javascript/easyui/themes/default/validatebox.css HTTP/1.1" 404 1104
222.69.132.38 - - [21/Aug/2023:09:35:39 +0800] "POST /xingrg/all/common/load_combo.html?type=base HTTP/1.1" 200 1491
114.83.217.94 - - [21/Aug/2023:09:35:42 +0800] "GET /xingrg/kc/buy/cgsh_order_operate.html?command=get_materiel&rest_code=00149&code=00101006129&supplier_code=00100096&order_time=2023-08-21 HTTP/1.1" 200 439
222.67.237.86 - - [21/Aug/2023:09:35:43 +0800] "GET /xingrg/all/function/internal_message.html?_=1692581193465&CODE_STATE=getMsg HTTP/1.1" 200 27
180.152.241.196 - - [21/Aug/2023:09:35:44 +0800] "GET /xingrg/all/function/internal_message.html?_=1692581744252&CODE_STATE=getMsg HTTP/1.1" 200 27
101.83.145.37 - - [21/Aug/2023:09:35:45 +0800] "GET /xingrg/check_reg.html?_=1692581543744 HTTP/1.1" 302 -
101.83.145.37 - - [21/Aug/2023:09:35:45 +0800] "GET /xingrg/all/function/internal_message.html?_=1692581543747&CODE_STATE=getMsg HTTP/1.1" 302 -
222.69.132.38 - - [21/Aug/2023:09:35:46 +0800] "GET /xingrg/all/function/internal_message.html?_=1692581884057&CODE_STATE=getMsg HTTP/1.1" 200 27
124.78.155.92 - - [21/Aug/2023:09:35:49 +0800] "POST /xingrg/kc/buy/cgsh_order_operate.html HTTP/1.1" 200 37
222.70.168.101 - - [21/Aug/2023:09:35:55 +0800] "GET /xingrg/check_reg.html?_=1692581783132 HTTP/1.1" 302 -
222.67.237.86 - - [21/Aug/2023:09:35:57 +0800] "GET /xingrg/javascript/jquery_tools/images/next.gif HTTP/1.1" 404 1086
222.67.237.86 - - [21/Aug/2023:09:35:57 +0800] "GET /xingrg/javascript/jquery_tools/images/prev.gif HTTP/1.1" 404 1086
124.78.155.92 - - [21/Aug/2023:09:35:59 +0800] "POST /xingrg/kc/buy/cgsh_order_operate.html HTTP/1.1" 200 23362
116.232.195.127 - - [21/Aug/2023:09:36:01 +0800] "GET /xingrg/all/function/internal_message.html?_=1692581680234&CODE_STATE=getMsg HTTP/1.1" 200 27
180.157.248.170 - - [21/Aug/2023:09:36:03 +0800] "GET /xingrg/all/function/internal_message.html?_=1692581762851&CODE_STATE=getMsg HTTP/1.1" 302 -
222.70.180.200 - - [21/Aug/2023:09:36:04 +0800] "GET /xingrg/check_reg.html?_=1692581764598 HTTP/1.1" 200 22
222.70.180.200 - - [21/Aug/2023:09:36:04 +0800] "GET /xingrg/all/function/internal_message.html?_=1692581764601&CODE_STATE=getMsg HTTP/1.1" 200 27
222.70.168.101 - - [21/Aug/2023:09:36:06 +0800] "GET /xingrg/all/function/internal_message.html?_=1692581794302&CODE_STATE=getMsg HTTP/1.1" 302 -
222.69.132.38 - - [21/Aug/2023:09:36:07 +0800] "GET /xingrg/javascript/auto/indicator.gif HTTP/1.1" 404 1066
222.67.237.86 - - [21/Aug/2023:09:36:08 +0800] "GET /xingrg/kc/buy/cgsh_order_operate.html?command=get_materiel&rest_code=00141&code=00101016094&supplier_code=00100584&order_time=2023-08-21 HTTP/1.1" 200 448
222.69.132.38 - - [21/Aug/2023:09:36:10 +0800] "GET /xingrg/kc/base/wldb_order_operate.html?command=get_materiel&rest_code=00154&base_code=0010725&code=00102002118 HTTP/1.1" 200 467
222.69.132.38 - - [21/Aug/2023:09:36:13 +0800] "POST /xingrg/all/common/load_select.html HTTP/1.1" 200 38
124.78.155.92 - - [21/Aug/2023:09:36:13 +0800] "GET /xingrg/all/function/internal_message.html?_=1692581773701&CODE_STATE=getMsg HTTP/1.1" 200 27
222.70.180.200 - - [21/Aug/2023:09:36:14 +0800] "GET /xingrg/all/function/internal_message.html?_=1692581774130&CODE_STATE=getMsg HTTP/1.1" 200 27
114.83.217.94 - - [21/Aug/2023:09:36:15 +0800] "GET /xingrg/kc/buy/cgsh_order_operate.html?command=get_materiel&rest_code=00149&code=00101006109&supplier_code=00100096&order_time=2023-08-21 HTTP/1.1" 200 411
222.69.132.38 - - [21/Aug/2023:09:36:16 +0800] "GET /xingrg/kc/base/wldb_order_operate.html?command=get_materiel_price&rest_code=00154&base_code=0010725&code=00102002118&unit_code=00100339 HTTP/1.1" 200 36
114.95.241.104 - - [21/Aug/2023:09:36:16 +0800] "GET /xingrg/all/function/internal_message.html?_=1692581776986&CODE_STATE=getMsg HTTP/1.1" 200 27
114.83.217.94 - - [21/Aug/2023:09:36:37 +0800] "GET /xingrg/kc/buy/cgsh_order_operate.html?command=get_materiel&rest_code=00149&code=00101006112&supplier_code=00100096&order_time=2023-08-21 HTTP/1.1" 200 411
114.95.241.104 - - [21/Aug/2023:09:36:38 +0800] "GET /xingrg/all/function/internal_message.html?_=1692581707151&CODE_STATE=getMsg HTTP/1.1" 200 27
180.157.248.170 - - [21/Aug/2023:09:36:42 +0800] "GET /xingrg/kc/base/check_order_list.html HTTP/1.1" 302 -
180.157.248.170 - - [21/Aug/2023:09:36:42 +0800] "GET /xingrg/login.html HTTP/1.1" 200 7641
180.157.248.170 - - [21/Aug/2023:09:36:42 +0800] "GET /xingrg/login.html HTTP/1.1" 200 7641
180.157.248.170 - - [21/Aug/2023:09:36:42 +0800] "GET /favicon.ico HTTP/1.1" 404 -
222.67.237.86 - - [21/Aug/2023:09:36:43 +0800] "GET /xingrg/all/function/internal_message.html?_=1692581253475&CODE_STATE=getMsg HTTP/1.1" 200 27
180.152.241.196 - - [21/Aug/2023:09:36:44 +0800] "GET /xingrg/all/function/internal_message.html?_=1692581804253&CODE_STATE=getMsg HTTP/1.1" 200 27
101.83.145.37 - - [21/Aug/2023:09:36:45 +0800] "GET /xingrg/all/function/internal_message.html?_=1692581603731&CODE_STATE=getMsg HTTP/1.1" 302 -
222.69.132.38 - - [21/Aug/2023:09:36:46 +0800] "GET /xingrg/all/function/internal_message.html?_=1692581944062&CODE_STATE=getMsg HTTP/1.1" 200 27
222.69.132.38 - - [21/Aug/2023:09:36:46 +0800] "GET /xingrg/check_reg.html?_=1692581944064 HTTP/1.1" 200 22
180.157.248.170 - - [21/Aug/2023:09:36:47 +0800] "POST /xingrg/login.do HTTP/1.1" 302 -
180.157.248.170 - - [21/Aug/2023:09:36:47 +0800] "GET /xingrg/index.html?sysBaseUrl=http%3A%2F%2F180.169.147.146%3A18081%2Fxingrg%2F&costTime=981×tamp=1692581807824 HTTP/1.1" 200 17179
180.157.248.170 - - [21/Aug/2023:09:36:48 +0800] "GET /favicon.ico HTTP/1.1" 404 -
180.157.248.170 - - [21/Aug/2023:09:36:48 +0800] "GET /xingrg/check_reg.html?_=1692581807298 HTTP/1.1" 200 22
180.157.248.170 - - [21/Aug/2023:09:36:48 +0800] "POST /xingrg/all/common/load_tree.html?tree=area_rest_tree_json&manage=1 HTTP/1.1" 200 476
180.157.248.170 - - [21/Aug/2023:09:36:48 +0800] "GET /xingrg/all/function/internal_message.html?_=1692581807296&CODE_STATE=count HTTP/1.1" 200 11
180.157.248.170 - - [21/Aug/2023:09:36:48 +0800] "POST /xingrg/load_menu.html HTTP/1.1" 200 5138
180.157.248.170 - - [21/Aug/2023:09:36:51 +0800] "GET /xingrg/kc/base/base_main.html HTTP/1.1" 200 12142
114.95.241.104 - - [21/Aug/2023:09:36:51 +0800] "GET /xingrg/javascript/jquery_easy_ui/themes/default/images/button_span_bg.gif HTTP/1.1" 304 -
114.95.241.104 - - [21/Aug/2023:09:36:51 +0800] "GET /xingrg/javascript/jquery_easy_ui/themes/icons/ok.png HTTP/1.1" 304 -
114.95.241.104 - - [21/Aug/2023:09:36:51 +0800] "GET /xingrg/javascript/jquery_easy_ui/themes/default/images/button_a_bg.gif HTTP/1.1" 304 -
114.95.241.104 - - [21/Aug/2023:09:36:51 +0800] "GET /xingrg/javascript/jquery_easy_ui/themes/default/images/panel_tools.gif HTTP/1.1" 304 -
114.95.241.104 - - [21/Aug/2023:09:36:51 +0800] "GET /xingrg/javascript/jquery_easy_ui/themes/default/images/panel_title.png HTTP/1.1" 304 -
180.157.248.170 - - [21/Aug/2023:09:36:52 +0800] "GET /xingrg/kc/base/check_order_list.html HTTP/1.1" 200 16340
180.157.248.170 - - [21/Aug/2023:09:36:52 +0800] "POST /xingrg/kc/base/check_list_operate.html HTTP/1.1" 200 3501
114.95.241.104 - - [21/Aug/2023:09:36:53 +0800] "POST /xingrg/all/user/operate.html HTTP/1.1" 200 36
114.95.241.104 - - [21/Aug/2023:09:36:54 +0800] "GET /xingrg/index.html?sysBaseUrl=http%3A%2F%2F180.169.147.146%3A18081%2Fxingrg%2F&costTime=33×tamp=1692580474212 HTTP/1.1" 200 17177
114.95.241.104 - - [21/Aug/2023:09:36:54 +0800] "GET /xingrg/javascript/jquery_easy_ui/themes/default/easyui.css HTTP/1.1" 304 -
114.95.241.104 - - [21/Aug/2023:09:36:54 +0800] "GET /xingrg/javascript/jquery_easy_ui/themes/icon.css HTTP/1.1" 304 -
114.95.241.104 - - [21/Aug/2023:09:36:54 +0800] "GET /xingrg/css/form.css HTTP/1.1" 304 -
114.95.241.104 - - [21/Aug/2023:09:36:54 +0800] "GET /xingrg/javascript/jquery-1.4.2.min.js HTTP/1.1" 304 -
114.95.241.104 - - [21/Aug/2023:09:36:54 +0800] "GET /xingrg/javascript/jquery_easy_ui/jquery.easyui.min.js HTTP/1.1" 304 -
114.95.241.104 - - [21/Aug/2023:09:36:54 +0800] "GET /xingrg/javascript/jquery_easy_ui/easyui-lang-zh_CN.js HTTP/1.1" 304 -
114.95.241.104 - - [21/Aug/2023:09:36:54 +0800] "GET /xingrg/javascript/jquery.form.js HTTP/1.1" 304 -
114.95.241.104 - - [21/Aug/2023:09:36:54 +0800] "GET /xingrg/javascript/jquery.utils.js HTTP/1.1" 304 -
114.95.241.104 - - [21/Aug/2023:09:36:54 +0800] "GET /xingrg/javascript/jquery.timers.js HTTP/1.1" 304 -
114.95.241.104 - - [21/Aug/2023:09:36:54 +0800] "GET /xingrg/images/blue/navBackgound.jpg HTTP/1.1" 304 -
114.95.241.104 - - [21/Aug/2023:09:36:54 +0800] "GET /xingrg/images/blue/jxLogo.png HTTP/1.1" 304 -
114.95.241.104 - - [21/Aug/2023:09:36:54 +0800] "GET /xingrg/javascript/jquery_easy_ui/themes/icons/settle_new.png HTTP/1.1" 304 -
114.95.241.104 - - [21/Aug/2023:09:36:54 +0800] "GET /xingrg/images/blue/pingpu.png HTTP/1.1" 304 -
114.95.241.104 - - [21/Aug/2023:09:36:54 +0800] "GET /xingrg/javascript/jquery_easy_ui/themes/default/images/tabs_leftarrow.png HTTP/1.1" 304 -
114.95.241.104 - - [21/Aug/2023:09:36:54 +0800] "GET /xingrg/javascript/jquery_easy_ui/themes/default/images/tabs_rightarrow.png HTTP/1.1" 304 -
114.95.241.104 - - [21/Aug/2023:09:36:54 +0800] "GET /xingrg/javascript/jquery_easy_ui/themes/default/images/panel_tool_collapse.gif HTTP/1.1" 304 -
114.95.241.104 - - [21/Aug/2023:09:36:54 +0800] "GET /xingrg/all/function/internal_message.html?_=1692581723331&CODE_STATE=count HTTP/1.1" 200 11
114.95.241.104 - - [21/Aug/2023:09:36:54 +0800] "GET /xingrg/check_reg.html?_=1692581723332 HTTP/1.1" 200 22
114.95.241.104 - - [21/Aug/2023:09:36:54 +0800] "POST /xingrg/all/common/load_tree.html?tree=area_rest_tree_json&manage=1 HTTP/1.1" 200 476
114.95.241.104 - - [21/Aug/2023:09:36:54 +0800] "POST /xingrg/load_menu.html HTTP/1.1" 200 5138
116.232.195.127 - - [21/Aug/2023:09:37:01 +0800] "GET /xingrg/all/function/internal_message.html?_=1692581740226&CODE_STATE=getMsg HTTP/1.1" 200 27
114.95.241.104 - - [21/Aug/2023:09:37:03 +0800] "GET /xingrg/kc/buy/cgsh_order_list.html HTTP/1.1" 200 56186
114.95.241.104 - - [21/Aug/2023:09:37:03 +0800] "GET /xingrg/javascript/easyui/themes/icons/import_new.png HTTP/1.1" 304 -
222.70.180.200 - - [21/Aug/2023:09:37:04 +0800] "GET /xingrg/all/function/internal_message.html?_=1692581824590&CODE_STATE=getMsg HTTP/1.1" 200 27
114.95.241.104 - - [21/Aug/2023:09:37:04 +0800] "POST /xingrg/kc/buy/cgsh_list_operate.html HTTP/1.1" 200 986
222.70.168.101 - - [21/Aug/2023:09:37:06 +0800] "GET /xingrg/all/function/internal_message.html?_=1692581854321&CODE_STATE=getMsg HTTP/1.1" 302 -
114.95.241.104 - - [21/Aug/2023:09:37:06 +0800] "GET /xingrg/kc/buy/cgsh_order_add.html HTTP/1.1" 200 71574
114.95.241.104 - - [21/Aug/2023:09:37:07 +0800] "GET /xingrg/javascript/jquery_tools/order_manager.js HTTP/1.1" 304 -
114.95.241.104 - - [21/Aug/2023:09:37:07 +0800] "GET /xingrg/javascript/json2.js HTTP/1.1" 304 -
114.95.241.104 - - [21/Aug/2023:09:37:07 +0800] "GET /xingrg/words/20230820160106_words.js HTTP/1.1" 304 -
114.95.241.104 - - [21/Aug/2023:09:37:07 +0800] "GET /xingrg/javascript/easyui/themes/icons/template_new.png HTTP/1.1" 304 -
114.95.241.104 - - [21/Aug/2023:09:37:07 +0800] "GET /xingrg/javascript/easyui/themes/icons/copy_new.png HTTP/1.1" 304 -
114.95.241.104 - - [21/Aug/2023:09:37:07 +0800] "GET /xingrg/javascript/easyui/themes/icons/print.png HTTP/1.1" 304 -
114.95.241.104 - - [21/Aug/2023:09:37:07 +0800] "GET /xingrg/javascript/easyui/themes/icons/cancel.png HTTP/1.1" 304 -
114.95.241.104 - - [21/Aug/2023:09:37:07 +0800] "GET /xingrg/javascript/easyui/themes/icons/ok.png HTTP/1.1" 304 -
114.95.241.104 - - [21/Aug/2023:09:37:07 +0800] "GET /xingrg/javascript/easyui/themes/default/images/menu_downarrow.png HTTP/1.1" 304 -
114.95.241.104 - - [21/Aug/2023:09:37:07 +0800] "POST /xingrg/kc/buy/cgsh_order_operate.html HTTP/1.1" 200 8245
114.95.241.104 - - [21/Aug/2023:09:37:07 +0800] "GET /xingrg/javascript/easyui/themes/icons/edit_remove.png HTTP/1.1" 304 -
114.95.241.104 - - [21/Aug/2023:09:37:07 +0800] "GET /xingrg/all/common/auto_word.html?type=employee&rest_code=00151 HTTP/1.1" 200 293
114.95.241.104 - - [21/Aug/2023:09:37:07 +0800] "GET /xingrg/javascript/easyui/plugins/jquery.validatebox.js HTTP/1.1" 304 -
114.95.241.104 - - [21/Aug/2023:09:37:07 +0800] "GET /xingrg/javascript/easyui/themes/default/validatebox.css HTTP/1.1" 404 1104
114.95.241.104 - - [21/Aug/2023:09:37:07 +0800] "GET /xingrg/javascript/easyui/plugins/jquery.numberbox.js HTTP/1.1" 304 -
114.95.241.104 - - [21/Aug/2023:09:37:07 +0800] "GET /xingrg/all/common/auto_word.html?type=employee&rest_code=00151 HTTP/1.1" 200 293
114.95.241.104 - - [21/Aug/2023:09:37:09 +0800] "GET /xingrg/javascript/auto/indicator.gif HTTP/1.1" 404 1066
124.78.155.92 - - [21/Aug/2023:09:37:13 +0800] "GET /xingrg/all/function/internal_message.html?_=1692581833661&CODE_STATE=getMsg HTTP/1.1" 200 27
222.70.180.200 - - [21/Aug/2023:09:37:14 +0800] "GET /xingrg/all/function/internal_message.html?_=1692581834135&CODE_STATE=getMsg HTTP/1.1" 200 27
114.95.241.104 - - [21/Aug/2023:09:37:17 +0800] "GET /xingrg/all/function/internal_message.html?_=1692581837076&CODE_STATE=getMsg HTTP/1.1" 200 27
114.83.217.94 - - [21/Aug/2023:09:37:29 +0800] "GET /xingrg/kc/buy/cgsh_order_operate.html?command=get_materiel&rest_code=00149&code=00101006240&supplier_code=00100096&order_time=2023-08-21 HTTP/1.1" 200 424
222.67.237.86 - - [21/Aug/2023:09:37:33 +0800] "POST /xingrg/all/common/load_select.html HTTP/1.1" 200 25
222.67.237.86 - - [21/Aug/2023:09:37:39 +0800] "GET /xingrg/kc/buy/cgsh_order_operate.html?command=get_materiel_price&rest_code=00141&code=00101016094&unit_code=00100160&supplier_code=00100584&order_time=2023-08-21 HTTP/1.1" 200 29
180.152.241.196 - - [21/Aug/2023:09:37:42 +0800] "GET /xingrg/kc/mdqp/pssh_order_list.html HTTP/1.1" 200 18005
180.152.241.196 - - [21/Aug/2023:09:37:43 +0800] "POST /xingrg/kc/mdqp/pssh_list_operate.html HTTP/1.1" 200 5157
222.67.237.86 - - [21/Aug/2023:09:37:43 +0800] "GET /xingrg/all/function/internal_message.html?_=1692581313467&CODE_STATE=getMsg HTTP/1.1" 200 27
222.67.237.86 - - [21/Aug/2023:09:37:43 +0800] "GET /xingrg/check_reg.html?_=1692581313465 HTTP/1.1" 200 22
180.152.241.196 - - [21/Aug/2023:09:37:44 +0800] "GET /xingrg/all/function/internal_message.html?_=1692581864236&CODE_STATE=getMsg HTTP/1.1" 200 27
101.83.145.37 - - [21/Aug/2023:09:37:45 +0800] "GET /xingrg/all/function/internal_message.html?_=1692581663732&CODE_STATE=getMsg HTTP/1.1" 302 -
222.69.132.38 - - [21/Aug/2023:09:37:46 +0800] "GET /xingrg/kc/base/wldb_order_operate.html?command=get_materiel&rest_code=00154&base_code=0010725&code=00102002204 HTTP/1.1" 200 447
180.152.241.196 - - [21/Aug/2023:09:37:46 +0800] "POST /xingrg/kc/mdqp/pssh_list_operate.html HTTP/1.1" 200 849
222.69.132.38 - - [21/Aug/2023:09:37:46 +0800] "GET /xingrg/all/function/internal_message.html?_=1692582004048&CODE_STATE=getMsg HTTP/1.1" 200 27
180.157.248.170 - - [21/Aug/2023:09:37:48 +0800] "GET /xingrg/all/function/internal_message.html?_=1692581867312&CODE_STATE=getMsg HTTP/1.1" 200 27
180.152.241.196 - - [21/Aug/2023:09:37:52 +0800] "GET /xingrg/kc/mdqp/pssh_order_info.html?code=312023082000481 HTTP/1.1" 200 17244
180.152.241.196 - - [21/Aug/2023:09:37:52 +0800] "GET /xingrg/javascript/jquery_tools/jquery-1.4.2.min.js HTTP/1.1" 404 1094
180.152.241.196 - - [21/Aug/2023:09:37:52 +0800] "GET /xingrg/javascript/easyui/themes/icons/back_new.png HTTP/1.1" 200 3414
180.152.241.196 - - [21/Aug/2023:09:37:52 +0800] "GET /xingrg/javascript/easyui/themes/default/validatebox.css HTTP/1.1" 404 1104
180.152.241.196 - - [21/Aug/2023:09:37:52 +0800] "GET /xingrg/all/common/auto_word.html?type=base&rest_code=00102&rest_code=00102 HTTP/1.1" 200 1857
180.152.241.196 - - [21/Aug/2023:09:37:52 +0800] "POST /xingrg/kc/mdqp/pssh_order_operate.html HTTP/1.1" 200 3703
114.95.241.104 - - [21/Aug/2023:09:37:54 +0800] "GET /xingrg/all/function/internal_message.html?_=1692581783342&CODE_STATE=getMsg HTTP/1.1" 200 27
222.69.132.38 - - [21/Aug/2023:09:37:58 +0800] "GET /xingrg/kc/base/wldb_order_operate.html?command=get_materiel&rest_code=00154&base_code=0010725&code=00102002500 HTTP/1.1" 200 455
116.232.195.127 - - [21/Aug/2023:09:38:01 +0800] "GET /xingrg/all/function/internal_message.html?_=1692581800251&CODE_STATE=getMsg HTTP/1.1" 200 27
222.67.237.86 - - [21/Aug/2023:09:38:04 +0800] "GET /xingrg/kc/buy/cgsh_order_operate.html?command=get_materiel&rest_code=00141&code=00101016037&supplier_code=00100584&order_time=2023-08-21 HTTP/1.1" 200 432
222.70.180.200 - - [21/Aug/2023:09:38:04 +0800] "GET /xingrg/all/function/internal_message.html?_=1692581884588&CODE_STATE=getMsg HTTP/1.1" 200 27
114.95.241.104 - - [21/Aug/2023:09:38:06 +0800] "GET /xingrg/kc/buy/cgsh_order_operate.html?command=get_materiel&rest_code=00151&code=00101008084&supplier_code=00100096&order_time=2023-08-21 HTTP/1.1" 200 412
222.70.168.101 - - [21/Aug/2023:09:38:06 +0800] "GET /xingrg/all/function/internal_message.html?_=1692581914330&CODE_STATE=getMsg HTTP/1.1" 302 -
124.78.155.92 - - [21/Aug/2023:09:38:09 +0800] "GET /xingrg/kc/buy/cgsh_order_operate.html?command=get_materiel&rest_code=00106&code=00101008223&supplier_code=00100007&order_time=2023-08-21 HTTP/1.1" 200 412
222.69.132.38 - - [21/Aug/2023:09:38:11 +0800] "GET /xingrg/kc/base/wldb_order_operate.html?command=get_materiel&rest_code=00154&base_code=0010725&code=00102002238 HTTP/1.1" 200 433
124.78.155.92 - - [21/Aug/2023:09:38:13 +0800] "GET /xingrg/all/function/internal_message.html?_=1692581893640&CODE_STATE=getMsg HTTP/1.1" 200 27
222.70.180.200 - - [21/Aug/2023:09:38:14 +0800] "GET /xingrg/all/function/internal_message.html?_=1692581894139&CODE_STATE=getMsg HTTP/1.1" 200 27
222.67.237.86 - - [21/Aug/2023:09:38:16 +0800] "GET /xingrg/kc/buy/cgsh_order_operate.html?command=get_materiel&rest_code=00141&code=00101016097&supplier_code=00100584&order_time=2023-08-21 HTTP/1.1" 200 450
114.95.241.104 - - [21/Aug/2023:09:38:16 +0800] "GET /xingrg/all/function/internal_message.html?_=1692581896948&CODE_STATE=getMsg HTTP/1.1" 200 27
222.67.237.86 - - [21/Aug/2023:09:38:16 +0800] "POST /xingrg/all/common/load_select.html HTTP/1.1" 200 25
222.67.237.86 - - [21/Aug/2023:09:38:21 +0800] "GET /xingrg/kc/buy/cgsh_order_operate.html?command=get_materiel_price&rest_code=00141&code=00101016097&unit_code=00100163&supplier_code=00100584&order_time=2023-08-21 HTTP/1.1" 200 30
124.78.155.92 - - [21/Aug/2023:09:38:22 +0800] "GET /xingrg/kc/buy/cgsh_order_operate.html?command=get_materiel&rest_code=00106&code=00101008286&supplier_code=00100007&order_time=2023-08-21 HTTP/1.1" 200 408
114.83.217.94 - - [21/Aug/2023:09:38:22 +0800] "GET /xingrg/kc/buy/cgsh_order_operate.html?command=get_materiel&rest_code=00149&code=00101006062&supplier_code=00100096&order_time=2023-08-21 HTTP/1.1" 200 410
124.78.155.92 - - [21/Aug/2023:09:38:25 +0800] "POST /xingrg/kc/buy/cgsh_order_operate.html HTTP/1.1" 200 2065
222.69.132.38 - - [21/Aug/2023:09:38:34 +0800] "GET /xingrg/kc/base/wldb_order_operate.html?command=get_materiel&rest_code=00154&base_code=0010725&code=00102002022 HTTP/1.1" 200 472
222.67.237.86 - - [21/Aug/2023:09:38:38 +0800] "POST /xingrg/kc/buy/cgsh_order_operate.html HTTP/1.1" 200 37
180.152.241.196 - - [21/Aug/2023:09:38:40 +0800] "POST /xingrg/all/common/load_combo.html?type=base&rest_code=00102 HTTP/1.1" 200 3321
124.78.155.92 - - [21/Aug/2023:09:38:40 +0800] "GET /xingrg/kc/buy/cgsh_order_operate.html?command=get_materiel&rest_code=00106&code=00101008095&supplier_code=00100007&order_time=2023-08-21 HTTP/1.1" 200 412
222.69.132.38 - - [21/Aug/2023:09:38:42 +0800] "GET /xingrg/kc/base/wldb_order_operate.html?command=get_materiel&rest_code=00154&base_code=0010725&code=00102002833 HTTP/1.1" 200 427
222.67.237.86 - - [21/Aug/2023:09:38:43 +0800] "GET /xingrg/all/function/internal_message.html?_=1692581373466&CODE_STATE=getMsg HTTP/1.1" 200 27
180.152.241.196 - - [21/Aug/2023:09:38:44 +0800] "GET /xingrg/all/function/internal_message.html?_=1692581924256&CODE_STATE=getMsg HTTP/1.1" 200 27
101.83.145.37 - - [21/Aug/2023:09:38:45 +0800] "GET /xingrg/all/function/internal_message.html?_=1692581723733&CODE_STATE=getMsg HTTP/1.1" 302 -
222.69.132.38 - - [21/Aug/2023:09:38:46 +0800] "GET /xingrg/all/function/internal_message.html?_=1692582064072&CODE_STATE=getMsg HTTP/1.1" 200 27
180.157.248.170 - - [21/Aug/2023:09:38:48 +0800] "GET /xingrg/all/function/internal_message.html?_=1692581927305&CODE_STATE=getMsg HTTP/1.1" 200 27
222.67.237.86 - - [21/Aug/2023:09:38:49 +0800] "POST /xingrg/kc/buy/cgsh_order_operate.html HTTP/1.1" 200 12
124.78.155.92 - - [21/Aug/2023:09:38:50 +0800] "GET /xingrg/kc/buy/cgsh_order_operate.html?command=get_materiel&rest_code=00106&code=00101008110&supplier_code=00100007&order_time=2023-08-21 HTTP/1.1" 200 408
222.67.237.86 - - [21/Aug/2023:09:38:51 +0800] "GET /xingrg/kc/buy/cgsh_order_info.html?code=212023082108490 HTTP/1.1" 200 66873
222.67.237.86 - - [21/Aug/2023:09:38:52 +0800] "GET /xingrg/javascript/easyui/themes/default/validatebox.css HTTP/1.1" 404 1104
222.67.237.86 - - [21/Aug/2023:09:38:53 +0800] "POST /xingrg/kc/buy/cgsh_order_operate.html HTTP/1.1" 200 1872
114.95.241.104 - - [21/Aug/2023:09:38:54 +0800] "GET /xingrg/all/function/internal_message.html?_=1692581843356&CODE_STATE=getMsg HTTP/1.1" 200 27
222.67.237.86 - - [21/Aug/2023:09:38:55 +0800] "GET /xingrg/kc/print/load_config.html?kc_code=cgsh HTTP/1.1" 200 1924
114.83.217.94 - - [21/Aug/2023:09:38:56 +0800] "GET /xingrg/kc/buy/cgsh_order_operate.html?command=get_materiel&rest_code=00149&code=00101006039&supplier_code=00100096&order_time=2023-08-21 HTTP/1.1" 200 415
222.67.237.86 - - [21/Aug/2023:09:38:56 +0800] "GET /xingrg/kc/print/load_data.html?order_code=212023082108490&kc_code=cgsh&condition= HTTP/1.1" 200 1235
124.78.155.92 - - [21/Aug/2023:09:38:59 +0800] "GET /xingrg/kc/buy/cgsh_order_operate.html?command=get_materiel&rest_code=00106&code=00101008114&supplier_code=00100007&order_time=2023-08-21 HTTP/1.1" 200 412
116.232.195.127 - - [21/Aug/2023:09:39:01 +0800] "GET /xingrg/check_reg.html?_=1692581860251 HTTP/1.1" 200 22
116.232.195.127 - - [21/Aug/2023:09:39:01 +0800] "GET /xingrg/all/function/internal_message.html?_=1692581860259&CODE_STATE=getMsg HTTP/1.1" 200 27
222.67.237.86 - - [21/Aug/2023:09:39:02 +0800] "GET /xingrg/kc/buy/cgsh_order_add.html HTTP/1.1" 200 71964
222.67.237.86 - - [21/Aug/2023:09:39:02 +0800] "GET /xingrg/javascript/easyui/themes/default/validatebox.css HTTP/1.1" 404 1104
222.67.237.86 - - [21/Aug/2023:09:39:02 +0800] "POST /xingrg/kc/buy/cgsh_order_operate.html HTTP/1.1" 200 8245
222.70.180.200 - - [21/Aug/2023:09:39:04 +0800] "GET /xingrg/all/function/internal_message.html?_=1692581944589&CODE_STATE=getMsg HTTP/1.1" 200 27
222.70.168.101 - - [21/Aug/2023:09:39:06 +0800] "GET /xingrg/all/function/internal_message.html?_=1692581974353&CODE_STATE=getMsg HTTP/1.1" 302 -
222.69.132.38 - - [21/Aug/2023:09:39:10 +0800] "POST /xingrg/all/common/load_select.html HTTP/1.1" 200 38
222.69.132.38 - - [21/Aug/2023:09:39:12 +0800] "POST /xingrg/all/common/load_select.html HTTP/1.1" 200 38
124.78.155.92 - - [21/Aug/2023:09:39:13 +0800] "GET /xingrg/check_reg.html?_=1692581953498 HTTP/1.1" 200 22
124.78.155.92 - - [21/Aug/2023:09:39:13 +0800] "GET /xingrg/all/function/internal_message.html?_=1692581953616&CODE_STATE=getMsg HTTP/1.1" 200 27
124.78.155.92 - - [21/Aug/2023:09:39:14 +0800] "GET /xingrg/kc/buy/cgsh_order_operate.html?command=get_materiel&rest_code=00106&code=00101008150&supplier_code=00100007&order_time=2023-08-21 HTTP/1.1" 200 409
222.70.180.200 - - [21/Aug/2023:09:39:14 +0800] "GET /xingrg/all/function/internal_message.html?_=1692581954131&CODE_STATE=getMsg HTTP/1.1" 200 27
124.78.155.92 - - [21/Aug/2023:09:39:16 +0800] "POST /xingrg/kc/buy/cgsh_order_operate.html HTTP/1.1" 200 2065
114.95.241.104 - - [21/Aug/2023:09:39:16 +0800] "GET /xingrg/all/function/internal_message.html?_=1692581956927&CODE_STATE=getMsg HTTP/1.1" 200 27
114.95.241.104 - - [21/Aug/2023:09:39:16 +0800] "GET /xingrg/check_reg.html?_=1692581956998 HTTP/1.1" 200 22
114.95.241.104 - - [21/Aug/2023:09:39:17 +0800] "GET /xingrg/kc/buy/cgsh_order_operate.html?command=get_materiel&rest_code=00151&code=00101012060&supplier_code=00100096&order_time=2023-08-21 HTTP/1.1" 200 408
222.67.237.86 - - [21/Aug/2023:09:39:19 +0800] "GET /xingrg/kc/buy/cgsh_order_operate.html?command=get_materiel&rest_code=00141&code=00101016030&supplier_code=00100036&order_time=2023-08-21 HTTP/1.1" 200 412
124.78.155.92 - - [21/Aug/2023:09:39:23 +0800] "GET /xingrg/kc/buy/cgsh_order_operate.html?command=get_materiel&rest_code=00106&code=00101008061&supplier_code=00100007&order_time=2023-08-21 HTTP/1.1" 200 422
114.95.241.104 - - [21/Aug/2023:09:39:29 +0800] "GET /xingrg/kc/buy/cgsh_order_operate.html?command=get_materiel&rest_code=00151&code=00101016071&supplier_code=00100096&order_time=2023-08-21 HTTP/1.1" 200 416
222.67.237.86 - - [21/Aug/2023:09:39:29 +0800] "GET /xingrg/kc/buy/cgsh_order_operate.html?command=get_materiel&rest_code=00141&code=00101016010&supplier_code=00100036&order_time=2023-08-21 HTTP/1.1" 200 408
114.83.217.94 - - [21/Aug/2023:09:39:33 +0800] "GET /xingrg/kc/buy/cgsh_order_operate.html?command=get_materiel&rest_code=00149&code=00101016104&supplier_code=00100096&order_time=2023-08-21 HTTP/1.1" 200 408
124.78.155.92 - - [21/Aug/2023:09:39:33 +0800] "GET /xingrg/kc/buy/cgsh_order_operate.html?command=get_materiel&rest_code=00106&code=00101008229&supplier_code=00100007&order_time=2023-08-21 HTTP/1.1" 200 420
