124.78.155.92 - - [21/Aug/2023:10:29:13 +0800] "GET /xingrg/check_reg.html?_=1692584953493 HTTP/1.1" 200 22
222.70.180.200 - - [21/Aug/2023:10:29:14 +0800] "GET /xingrg/all/function/internal_message.html?_=1692584954188&CODE_STATE=getMsg HTTP/1.1" 200 27
180.163.29.234 - - [21/Aug/2023:10:29:15 +0800] "GET /xingrg/all/function/internal_message.html?_=1692584895372&CODE_STATE=getMsg HTTP/1.1" 302 -
180.163.29.234 - - [21/Aug/2023:10:29:15 +0800] "GET /xingrg/login.html HTTP/1.1" 200 7641
124.78.155.92 - - [21/Aug/2023:10:29:15 +0800] "GET /xingrg/all/function/internal_message.html?_=1692584955355&CODE_STATE=getMsg HTTP/1.1" 200 27
180.169.147.146 - - [21/Aug/2023:10:29:17 +0800] "POST /xingrg/dwr/call/plaincall/AjaxCheckService.setItemNumber.dwr HTTP/1.1" 200 76
101.83.145.37 - - [21/Aug/2023:10:29:17 +0800] "GET /xingrg/check_reg.html?_=1692584756207 HTTP/1.1" 200 22
101.83.145.37 - - [21/Aug/2023:10:29:17 +0800] "GET /xingrg/all/function/internal_message.html?_=1692584756211&CODE_STATE=getMsg HTTP/1.1" 200 27
180.169.147.146 - - [21/Aug/2023:10:29:21 +0800] "POST /xingrg/dwr/call/plaincall/AjaxCheckService.setItemNumber.dwr HTTP/1.1" 200 76
180.152.241.196 - - [21/Aug/2023:10:29:23 +0800] "POST /xingrg/dwr/call/plaincall/AjaxCheckService.setItemRemark.dwr HTTP/1.1" 200 78
180.152.241.196 - - [21/Aug/2023:10:29:24 +0800] "GET /xingrg/kc/base/check_order_info.html?code=452023082000243 HTTP/1.1" 200 26518
180.152.241.196 - - [21/Aug/2023:10:29:24 +0800] "GET /xingrg/dwr/interface/AjaxComOrderService.js HTTP/1.1" 200 18264
180.152.241.196 - - [21/Aug/2023:10:29:24 +0800] "GET /xingrg/dwr/interface/AjaxCheckService.js HTTP/1.1" 200 14003
180.152.241.196 - - [21/Aug/2023:10:29:24 +0800] "GET /xingrg/dwr/engine.js HTTP/1.1" 200 43631
180.152.241.196 - - [21/Aug/2023:10:29:24 +0800] "POST /xingrg/dwr/call/plaincall/AjaxCheckService.loadOrderItems.dwr HTTP/1.1" 200 117979
180.169.147.146 - - [21/Aug/2023:10:29:25 +0800] "GET /xingrg/all/function/internal_message.html?_=1692584965126&CODE_STATE=getMsg HTTP/1.1" 200 27
180.169.147.146 - - [21/Aug/2023:10:29:28 +0800] "POST /xingrg/dwr/call/plaincall/AjaxCheckService.setItemNumber.dwr HTTP/1.1" 200 76
180.169.147.146 - - [21/Aug/2023:10:29:30 +0800] "POST /xingrg/dwr/call/plaincall/AjaxCheckService.setItemNumber.dwr HTTP/1.1" 200 76
101.83.145.37 - - [21/Aug/2023:10:29:31 +0800] "GET /xingrg/kc/buy/cgsh_order_operate.html?command=get_materiel&rest_code=00105&code=00101007049&supplier_code=00100002&order_time=2023-08-21 HTTP/1.1" 200 409
114.95.241.104 - - [21/Aug/2023:10:29:33 +0800] "GET /xingrg/all/function/internal_message.html?_=1692584882318&CODE_STATE=getMsg HTTP/1.1" 200 27
180.169.147.146 - - [21/Aug/2023:10:29:33 +0800] "POST /xingrg/dwr/call/plaincall/AjaxCheckService.setItemNumber.dwr HTTP/1.1" 200 76
180.169.147.146 - - [21/Aug/2023:10:29:34 +0800] "POST /xingrg/dwr/call/plaincall/AjaxCheckService.setItemNumber.dwr HTTP/1.1" 200 76
180.169.147.146 - - [21/Aug/2023:10:29:34 +0800] "POST /xingrg/dwr/call/plaincall/AjaxCheckService.setItemNumber.dwr HTTP/1.1" 200 76
180.169.147.146 - - [21/Aug/2023:10:29:35 +0800] "POST /xingrg/dwr/call/plaincall/AjaxCheckService.setItemNumber.dwr HTTP/1.1" 200 76
180.169.147.146 - - [21/Aug/2023:10:29:36 +0800] "POST /xingrg/dwr/call/plaincall/AjaxCheckService.setItemNumber.dwr HTTP/1.1" 200 76
180.169.147.146 - - [21/Aug/2023:10:29:37 +0800] "POST /xingrg/dwr/call/plaincall/AjaxCheckService.setItemNumber.dwr HTTP/1.1" 200 77
180.169.147.146 - - [21/Aug/2023:10:29:38 +0800] "POST /xingrg/dwr/call/plaincall/AjaxCheckService.setItemNumber.dwr HTTP/1.1" 200 77
180.169.147.146 - - [21/Aug/2023:10:29:39 +0800] "GET /xingrg/all/function/internal_message.html?_=1692584979263&CODE_STATE=getMsg HTTP/1.1" 200 27
180.169.147.146 - - [21/Aug/2023:10:29:39 +0800] "POST /xingrg/dwr/call/plaincall/AjaxCheckService.setItemNumber.dwr HTTP/1.1" 200 77
180.169.147.146 - - [21/Aug/2023:10:29:40 +0800] "POST /xingrg/dwr/call/plaincall/AjaxCheckService.setItemNumber.dwr HTTP/1.1" 200 77
180.169.147.146 - - [21/Aug/2023:10:29:40 +0800] "POST /xingrg/dwr/call/plaincall/AjaxCheckService.setItemNumber.dwr HTTP/1.1" 200 77
116.232.195.127 - - [21/Aug/2023:10:29:41 +0800] "GET /xingrg/all/function/internal_message.html?_=1692584981552&CODE_STATE=getMsg HTTP/1.1" 200 27
180.157.248.170 - - [21/Aug/2023:10:29:42 +0800] "GET /xingrg/all/function/internal_message.html?_=1692584981845&CODE_STATE=getMsg HTTP/1.1" 200 27
180.169.147.146 - - [21/Aug/2023:10:29:42 +0800] "POST /xingrg/dwr/call/plaincall/AjaxCheckService.setItemNumber.dwr HTTP/1.1" 200 77
180.169.147.146 - - [21/Aug/2023:10:29:42 +0800] "POST /xingrg/dwr/call/plaincall/AjaxCheckService.setItemNumber.dwr HTTP/1.1" 200 77
222.67.237.86 - - [21/Aug/2023:10:29:43 +0800] "GET /xingrg/all/function/internal_message.html?_=1692584432986&CODE_STATE=getMsg HTTP/1.1" 200 27
180.169.147.146 - - [21/Aug/2023:10:29:43 +0800] "POST /xingrg/dwr/call/plaincall/AjaxCheckService.setItemNumber.dwr HTTP/1.1" 200 77
180.152.241.196 - - [21/Aug/2023:10:29:44 +0800] "GET /xingrg/check_reg.html?_=1692584984251 HTTP/1.1" 200 22
180.152.241.196 - - [21/Aug/2023:10:29:44 +0800] "GET /xingrg/all/function/internal_message.html?_=1692584984252&CODE_STATE=getMsg HTTP/1.1" 200 27
180.169.147.146 - - [21/Aug/2023:10:29:44 +0800] "POST /xingrg/dwr/call/plaincall/AjaxCheckService.setItemNumber.dwr HTTP/1.1" 200 77
180.169.147.146 - - [21/Aug/2023:10:29:45 +0800] "POST /xingrg/dwr/call/plaincall/AjaxCheckService.setItemNumber.dwr HTTP/1.1" 200 77
180.169.147.146 - - [21/Aug/2023:10:29:46 +0800] "POST /xingrg/dwr/call/plaincall/AjaxCheckService.setItemNumber.dwr HTTP/1.1" 200 77
222.69.132.38 - - [21/Aug/2023:10:29:46 +0800] "GET /xingrg/all/function/internal_message.html?_=1692585124068&CODE_STATE=getMsg HTTP/1.1" 200 27
114.95.241.104 - - [21/Aug/2023:10:29:46 +0800] "GET /xingrg/all/function/internal_message.html?_=1692584986935&CODE_STATE=getMsg HTTP/1.1" 200 27
180.169.147.146 - - [21/Aug/2023:10:29:47 +0800] "POST /xingrg/dwr/call/plaincall/AjaxCheckService.setItemNumber.dwr HTTP/1.1" 200 77
180.169.147.146 - - [21/Aug/2023:10:29:48 +0800] "POST /xingrg/dwr/call/plaincall/AjaxCheckService.setItemNumber.dwr HTTP/1.1" 200 77
180.157.248.170 - - [21/Aug/2023:10:29:48 +0800] "GET /xingrg/all/function/internal_message.html?_=1692584987389&CODE_STATE=getMsg HTTP/1.1" 200 27
222.70.168.101 - - [21/Aug/2023:10:29:48 +0800] "GET /xingrg/all/function/internal_message.html?_=1692585016159&CODE_STATE=getMsg HTTP/1.1" 200 27
180.169.147.146 - - [21/Aug/2023:10:29:49 +0800] "POST /xingrg/dwr/call/plaincall/AjaxCheckService.setItemNumber.dwr HTTP/1.1" 200 77
180.152.241.196 - - [21/Aug/2023:10:29:49 +0800] "POST /xingrg/dwr/call/plaincall/AjaxCheckService.setItemNumber.dwr HTTP/1.1" 200 76
180.169.147.146 - - [21/Aug/2023:10:29:49 +0800] "POST /xingrg/dwr/call/plaincall/AjaxCheckService.setItemNumber.dwr HTTP/1.1" 200 77
180.165.48.189 - - [21/Aug/2023:10:29:50 +0800] "GET /xingrg/all/function/internal_message.html?_=1692584990366&CODE_STATE=getMsg HTTP/1.1" 200 27
180.152.241.196 - - [21/Aug/2023:10:29:50 +0800] "POST /xingrg/dwr/call/plaincall/AjaxCheckService.setItemNumber.dwr HTTP/1.1" 200 76
101.83.145.37 - - [21/Aug/2023:10:29:51 +0800] "POST /xingrg/kc/buy/cgsh_order_operate.html HTTP/1.1" 200 37
180.169.147.146 - - [21/Aug/2023:10:29:51 +0800] "POST /xingrg/dwr/call/plaincall/AjaxCheckService.setItemNumber.dwr HTTP/1.1" 200 77
180.152.241.196 - - [21/Aug/2023:10:29:51 +0800] "POST /xingrg/dwr/call/plaincall/AjaxCheckService.setItemNumber.dwr HTTP/1.1" 200 76
180.152.241.196 - - [21/Aug/2023:10:29:51 +0800] "POST /xingrg/dwr/call/plaincall/AjaxCheckService.setItemNumber.dwr HTTP/1.1" 200 76
180.152.241.196 - - [21/Aug/2023:10:29:52 +0800] "POST /xingrg/dwr/call/plaincall/AjaxCheckService.setItemNumber.dwr HTTP/1.1" 200 76
180.152.241.196 - - [21/Aug/2023:10:29:52 +0800] "GET /xingrg/all/function/internal_message.html?_=1692584994819&CODE_STATE=getMsg HTTP/1.1" 200 27
180.169.147.146 - - [21/Aug/2023:10:29:53 +0800] "POST /xingrg/dwr/call/plaincall/AjaxCheckService.setItemNumber.dwr HTTP/1.1" 200 77
101.83.145.37 - - [21/Aug/2023:10:29:53 +0800] "POST /xingrg/kc/buy/cgsh_order_operate.html HTTP/1.1" 200 3839
180.152.241.196 - - [21/Aug/2023:10:29:53 +0800] "POST /xingrg/dwr/call/plaincall/AjaxCheckService.setItemNumber.dwr HTTP/1.1" 200 76
180.169.147.146 - - [21/Aug/2023:10:29:54 +0800] "POST /xingrg/dwr/call/plaincall/AjaxCheckService.setItemNumber.dwr HTTP/1.1" 200 77
180.152.241.196 - - [21/Aug/2023:10:29:54 +0800] "POST /xingrg/dwr/call/plaincall/AjaxCheckService.setItemNumber.dwr HTTP/1.1" 200 76
180.152.241.196 - - [21/Aug/2023:10:29:55 +0800] "POST /xingrg/dwr/call/plaincall/AjaxCheckService.setItemNumber.dwr HTTP/1.1" 200 76
180.152.241.196 - - [21/Aug/2023:10:29:55 +0800] "POST /xingrg/dwr/call/plaincall/AjaxCheckService.setItemNumber.dwr HTTP/1.1" 200 76
180.152.241.196 - - [21/Aug/2023:10:29:56 +0800] "POST /xingrg/dwr/call/plaincall/AjaxCheckService.setItemNumber.dwr HTTP/1.1" 200 77
116.235.94.33 - - [21/Aug/2023:10:29:56 +0800] "GET /xingrg/check_reg.html?_=1692584980630 HTTP/1.1" 200 22
116.235.94.33 - - [21/Aug/2023:10:29:56 +0800] "GET /xingrg/all/function/internal_message.html?_=1692584980624&CODE_STATE=getMsg HTTP/1.1" 200 27
101.83.145.37 - - [21/Aug/2023:10:29:56 +0800] "GET /xingrg/kc/print/load_data.html?order_code=212023082108522&kc_code=cgsh&condition= HTTP/1.1" 200 1192
180.169.147.146 - - [21/Aug/2023:10:29:58 +0800] "POST /xingrg/dwr/call/plaincall/AjaxCheckService.setItemNumber.dwr HTTP/1.1" 200 77
114.83.217.94 - - [21/Aug/2023:10:30:00 +0800] "GET /xingrg/all/function/internal_message.html?_=1692585000509&CODE_STATE=getMsg HTTP/1.1" 200 27
180.169.147.146 - - [21/Aug/2023:10:30:01 +0800] "POST /xingrg/dwr/call/plaincall/AjaxCheckService.setItemNumber.dwr HTTP/1.1" 200 77
120.253.135.82 - - [21/Aug/2023:10:30:01 +0800] "GET /xingrg/all/function/internal_message.html?_=1692584815768&CODE_STATE=getMsg HTTP/1.1" 200 27
180.152.241.196 - - [21/Aug/2023:10:30:01 +0800] "POST /xingrg/dwr/call/plaincall/AjaxCheckService.setItemNumber.dwr HTTP/1.1" 200 77
116.232.195.127 - - [21/Aug/2023:10:30:02 +0800] "GET /xingrg/all/function/internal_message.html?_=1692584921488&CODE_STATE=getMsg HTTP/1.1" 200 27
180.169.147.146 - - [21/Aug/2023:10:30:02 +0800] "POST /xingrg/dwr/call/plaincall/AjaxCheckService.setItemNumber.dwr HTTP/1.1" 200 77
180.152.241.196 - - [21/Aug/2023:10:30:02 +0800] "POST /xingrg/dwr/call/plaincall/AjaxCheckService.setItemNumber.dwr HTTP/1.1" 200 77
180.152.241.196 - - [21/Aug/2023:10:30:02 +0800] "POST /xingrg/dwr/call/plaincall/AjaxCheckService.setItemNumber.dwr HTTP/1.1" 200 77
180.152.241.196 - - [21/Aug/2023:10:30:03 +0800] "POST /xingrg/dwr/call/plaincall/AjaxCheckService.setItemNumber.dwr HTTP/1.1" 200 77
180.152.241.196 - - [21/Aug/2023:10:30:03 +0800] "POST /xingrg/dwr/call/plaincall/AjaxCheckService.setItemNumber.dwr HTTP/1.1" 200 77
180.152.241.196 - - [21/Aug/2023:10:30:03 +0800] "POST /xingrg/dwr/call/plaincall/AjaxCheckService.setItemNumber.dwr HTTP/1.1" 200 77
116.235.94.33 - - [21/Aug/2023:10:30:04 +0800] "GET /xingrg/all/function/internal_message.html?_=1692585296071&CODE_STATE=getMsg HTTP/1.1" 200 27
180.152.241.196 - - [21/Aug/2023:10:30:04 +0800] "POST /xingrg/dwr/call/plaincall/AjaxCheckService.setItemNumber.dwr HTTP/1.1" 200 77
180.152.241.196 - - [21/Aug/2023:10:30:04 +0800] "POST /xingrg/dwr/call/plaincall/AjaxCheckService.setItemNumber.dwr HTTP/1.1" 200 77
222.70.180.200 - - [21/Aug/2023:10:30:04 +0800] "GET /xingrg/all/function/internal_message.html?_=1692585004638&CODE_STATE=getMsg HTTP/1.1" 200 27
180.152.241.196 - - [21/Aug/2023:10:30:04 +0800] "POST /xingrg/dwr/call/plaincall/AjaxCheckService.setItemNumber.dwr HTTP/1.1" 200 77
180.152.241.196 - - [21/Aug/2023:10:30:05 +0800] "POST /xingrg/dwr/call/plaincall/AjaxCheckService.setItemNumber.dwr HTTP/1.1" 200 77
180.152.241.196 - - [21/Aug/2023:10:30:05 +0800] "POST /xingrg/dwr/call/plaincall/AjaxCheckService.setItemNumber.dwr HTTP/1.1" 200 77
180.169.147.146 - - [21/Aug/2023:10:30:06 +0800] "POST /xingrg/dwr/call/plaincall/AjaxCheckService.setItemNumber.dwr HTTP/1.1" 200 77
180.152.241.196 - - [21/Aug/2023:10:30:06 +0800] "POST /xingrg/dwr/call/plaincall/AjaxCheckService.setItemNumber.dwr HTTP/1.1" 200 77
180.152.241.196 - - [21/Aug/2023:10:30:06 +0800] "POST /xingrg/dwr/call/plaincall/AjaxCheckService.setItemNumber.dwr HTTP/1.1" 200 77
180.152.241.196 - - [21/Aug/2023:10:30:06 +0800] "POST /xingrg/dwr/call/plaincall/AjaxCheckService.setItemNumber.dwr HTTP/1.1" 200 77
101.228.187.155 - - [21/Aug/2023:10:30:07 +0800] "GET /xingrg/all/function/internal_message.html?_=1692585005726&CODE_STATE=getMsg HTTP/1.1" 200 27
101.228.187.155 - - [21/Aug/2023:10:30:07 +0800] "GET /xingrg/check_reg.html?_=1692585005724 HTTP/1.1" 200 22
180.152.241.196 - - [21/Aug/2023:10:30:07 +0800] "POST /xingrg/dwr/call/plaincall/AjaxCheckService.setItemNumber.dwr HTTP/1.1" 200 77
180.152.241.196 - - [21/Aug/2023:10:30:07 +0800] "POST /xingrg/dwr/call/plaincall/AjaxCheckService.setItemNumber.dwr HTTP/1.1" 200 77
180.152.241.196 - - [21/Aug/2023:10:30:08 +0800] "POST /xingrg/dwr/call/plaincall/AjaxCheckService.setItemNumber.dwr HTTP/1.1" 200 77
180.169.147.146 - - [21/Aug/2023:10:30:08 +0800] "POST /xingrg/dwr/call/plaincall/AjaxCheckService.setItemNumber.dwr HTTP/1.1" 200 77
180.152.241.196 - - [21/Aug/2023:10:30:08 +0800] "POST /xingrg/dwr/call/plaincall/AjaxCheckService.setItemNumber.dwr HTTP/1.1" 200 77
180.152.241.196 - - [21/Aug/2023:10:30:09 +0800] "POST /xingrg/dwr/call/plaincall/AjaxCheckService.setItemNumber.dwr HTTP/1.1" 200 77
180.169.147.146 - - [21/Aug/2023:10:30:09 +0800] "POST /xingrg/dwr/call/plaincall/AjaxCheckService.setItemNumber.dwr HTTP/1.1" 200 77
180.169.147.146 - - [21/Aug/2023:10:30:10 +0800] "POST /xingrg/dwr/call/plaincall/AjaxCheckService.setItemNumber.dwr HTTP/1.1" 200 77
180.169.147.146 - - [21/Aug/2023:10:30:11 +0800] "POST /xingrg/dwr/call/plaincall/AjaxCheckService.setItemNumber.dwr HTTP/1.1" 200 77
180.169.147.146 - - [21/Aug/2023:10:30:12 +0800] "POST /xingrg/dwr/call/plaincall/AjaxCheckService.setItemNumber.dwr HTTP/1.1" 200 77
222.70.180.200 - - [21/Aug/2023:10:30:14 +0800] "GET /xingrg/all/function/internal_message.html?_=1692585014188&CODE_STATE=getMsg HTTP/1.1" 200 27
222.70.180.200 - - [21/Aug/2023:10:30:14 +0800] "GET /xingrg/check_reg.html?_=1692585014196 HTTP/1.1" 200 22
180.169.147.146 - - [21/Aug/2023:10:30:14 +0800] "POST /xingrg/dwr/call/plaincall/AjaxCheckService.setItemNumber.dwr HTTP/1.1" 200 77
124.78.155.92 - - [21/Aug/2023:10:30:15 +0800] "GET /xingrg/all/function/internal_message.html?_=1692585015341&CODE_STATE=getMsg HTTP/1.1" 200 27
180.169.147.146 - - [21/Aug/2023:10:30:17 +0800] "POST /xingrg/dwr/call/plaincall/AjaxCheckService.setItemNumber.dwr HTTP/1.1" 200 77
101.83.145.37 - - [21/Aug/2023:10:30:17 +0800] "GET /xingrg/all/function/internal_message.html?_=1692584816211&CODE_STATE=getMsg HTTP/1.1" 200 27
180.169.147.146 - - [21/Aug/2023:10:30:18 +0800] "POST /xingrg/dwr/call/plaincall/AjaxCheckService.setItemNumber.dwr HTTP/1.1" 200 77
180.157.248.170 - - [21/Aug/2023:10:30:19 +0800] "POST /xingrg/dwr/call/plaincall/AjaxCheckService.setItemNumber.dwr HTTP/1.1" 200 78
180.169.147.146 - - [21/Aug/2023:10:30:19 +0800] "POST /xingrg/dwr/call/plaincall/AjaxCheckService.setItemNumber.dwr HTTP/1.1" 200 77
180.169.147.146 - - [21/Aug/2023:10:30:20 +0800] "POST /xingrg/dwr/call/plaincall/AjaxCheckService.setItemNumber.dwr HTTP/1.1" 200 77
180.169.147.146 - - [21/Aug/2023:10:30:21 +0800] "POST /xingrg/dwr/call/plaincall/AjaxCheckService.setItemNumber.dwr HTTP/1.1" 200 77
222.70.168.101 - - [21/Aug/2023:10:30:22 +0800] "GET /xingrg/kc/buy/cgsh_order_operate.html?command=get_materiel&rest_code=00146&code=00101008495&supplier_code=00100005&order_time=2023-08-21 HTTP/1.1" 200 412
180.169.147.146 - - [21/Aug/2023:10:30:22 +0800] "POST /xingrg/dwr/call/plaincall/AjaxCheckService.setItemNumber.dwr HTTP/1.1" 200 77
101.83.145.37 - - [21/Aug/2023:10:30:22 +0800] "GET /xingrg/kc/buy/cgsh_order_add.html HTTP/1.1" 200 72046
101.83.145.37 - - [21/Aug/2023:10:30:23 +0800] "POST /xingrg/kc/buy/cgsh_order_operate.html HTTP/1.1" 200 8245
101.83.145.37 - - [21/Aug/2023:10:30:23 +0800] "GET /xingrg/javascript/easyui/themes/default/validatebox.css HTTP/1.1" 404 1104
180.169.147.146 - - [21/Aug/2023:10:30:23 +0800] "POST /xingrg/dwr/call/plaincall/AjaxCheckService.setItemNumber.dwr HTTP/1.1" 200 77
180.169.147.146 - - [21/Aug/2023:10:30:24 +0800] "POST /xingrg/dwr/call/plaincall/AjaxCheckService.setItemNumber.dwr HTTP/1.1" 200 77
180.169.147.146 - - [21/Aug/2023:10:30:25 +0800] "POST /xingrg/dwr/call/plaincall/AjaxCheckService.setItemNumber.dwr HTTP/1.1" 200 77
180.169.147.146 - - [21/Aug/2023:10:30:25 +0800] "GET /xingrg/all/function/internal_message.html?_=1692585025119&CODE_STATE=getMsg HTTP/1.1" 200 27
180.169.147.146 - - [21/Aug/2023:10:30:25 +0800] "POST /xingrg/dwr/call/plaincall/AjaxCheckService.setItemNumber.dwr HTTP/1.1" 200 77
180.169.147.146 - - [21/Aug/2023:10:30:26 +0800] "POST /xingrg/dwr/call/plaincall/AjaxCheckService.setItemNumber.dwr HTTP/1.1" 200 77
180.169.147.146 - - [21/Aug/2023:10:30:26 +0800] "POST /xingrg/dwr/call/plaincall/AjaxCheckService.setItemNumber.dwr HTTP/1.1" 200 77
180.169.147.146 - - [21/Aug/2023:10:30:28 +0800] "POST /xingrg/dwr/call/plaincall/AjaxCheckService.setItemNumber.dwr HTTP/1.1" 200 77
180.169.147.146 - - [21/Aug/2023:10:30:28 +0800] "POST /xingrg/dwr/call/plaincall/AjaxCheckService.setItemNumber.dwr HTTP/1.1" 200 77
180.169.147.146 - - [21/Aug/2023:10:30:29 +0800] "POST /xingrg/dwr/call/plaincall/AjaxCheckService.setItemNumber.dwr HTTP/1.1" 200 77
180.169.147.146 - - [21/Aug/2023:10:30:30 +0800] "POST /xingrg/dwr/call/plaincall/AjaxCheckService.setItemNumber.dwr HTTP/1.1" 200 77
180.169.147.146 - - [21/Aug/2023:10:30:31 +0800] "POST /xingrg/dwr/call/plaincall/AjaxCheckService.setItemNumber.dwr HTTP/1.1" 200 77
180.169.147.146 - - [21/Aug/2023:10:30:31 +0800] "POST /xingrg/dwr/call/plaincall/AjaxCheckService.setItemNumber.dwr HTTP/1.1" 200 77
180.169.147.146 - - [21/Aug/2023:10:30:32 +0800] "POST /xingrg/dwr/call/plaincall/AjaxCheckService.setItemNumber.dwr HTTP/1.1" 200 77
114.95.241.104 - - [21/Aug/2023:10:30:33 +0800] "GET /xingrg/all/function/internal_message.html?_=1692584942331&CODE_STATE=getMsg HTTP/1.1" 200 27
180.169.147.146 - - [21/Aug/2023:10:30:33 +0800] "POST /xingrg/dwr/call/plaincall/AjaxCheckService.setItemNumber.dwr HTTP/1.1" 200 77
180.169.147.146 - - [21/Aug/2023:10:30:34 +0800] "POST /xingrg/dwr/call/plaincall/AjaxCheckService.setItemNumber.dwr HTTP/1.1" 200 77
180.152.241.196 - - [21/Aug/2023:10:30:34 +0800] "POST /xingrg/dwr/call/plaincall/AjaxCheckService.setItemNumber.dwr HTTP/1.1" 200 77
180.169.147.146 - - [21/Aug/2023:10:30:34 +0800] "POST /xingrg/dwr/call/plaincall/AjaxCheckService.setItemNumber.dwr HTTP/1.1" 200 77
180.152.241.196 - - [21/Aug/2023:10:30:35 +0800] "POST /xingrg/dwr/call/plaincall/AjaxCheckService.setItemNumber.dwr HTTP/1.1" 200 77
180.169.147.146 - - [21/Aug/2023:10:30:35 +0800] "POST /xingrg/dwr/call/plaincall/AjaxCheckService.setItemNumber.dwr HTTP/1.1" 200 77
180.152.241.196 - - [21/Aug/2023:10:30:35 +0800] "POST /xingrg/dwr/call/plaincall/AjaxCheckService.setItemNumber.dwr HTTP/1.1" 200 77
180.152.241.196 - - [21/Aug/2023:10:30:36 +0800] "POST /xingrg/dwr/call/plaincall/AjaxCheckService.setItemNumber.dwr HTTP/1.1" 200 77
180.169.147.146 - - [21/Aug/2023:10:30:36 +0800] "POST /xingrg/dwr/call/plaincall/AjaxCheckService.setItemNumber.dwr HTTP/1.1" 200 77
180.152.241.196 - - [21/Aug/2023:10:30:36 +0800] "POST /xingrg/dwr/call/plaincall/AjaxCheckService.setItemNumber.dwr HTTP/1.1" 200 77
180.152.241.196 - - [21/Aug/2023:10:30:38 +0800] "POST /xingrg/dwr/call/plaincall/AjaxCheckService.setItemNumber.dwr HTTP/1.1" 200 77
180.163.28.55 - - [21/Aug/2023:10:30:39 +0800] "GET /xingrg/all/function/internal_message.html?_=1692584979263&CODE_STATE=getMsg HTTP/1.1" 302 -
180.163.28.55 - - [21/Aug/2023:10:30:39 +0800] "GET /xingrg/login.html HTTP/1.1" 200 7641
180.169.147.146 - - [21/Aug/2023:10:30:39 +0800] "GET /xingrg/all/function/internal_message.html?_=1692585039256&CODE_STATE=getMsg HTTP/1.1" 200 27
180.152.241.196 - - [21/Aug/2023:10:30:39 +0800] "POST /xingrg/dwr/call/plaincall/AjaxCheckService.setItemNumber.dwr HTTP/1.1" 200 77
180.152.241.196 - - [21/Aug/2023:10:30:40 +0800] "POST /xingrg/dwr/call/plaincall/AjaxCheckService.setItemNumber.dwr HTTP/1.1" 200 77
180.152.241.196 - - [21/Aug/2023:10:30:40 +0800] "POST /xingrg/dwr/call/plaincall/AjaxCheckService.setItemNumber.dwr HTTP/1.1" 200 77
180.152.241.196 - - [21/Aug/2023:10:30:40 +0800] "POST /xingrg/dwr/call/plaincall/AjaxCheckService.setItemNumber.dwr HTTP/1.1" 200 77
116.232.195.127 - - [21/Aug/2023:10:30:41 +0800] "GET /xingrg/all/function/internal_message.html?_=1692585041566&CODE_STATE=getMsg HTTP/1.1" 200 27
180.157.248.170 - - [21/Aug/2023:10:30:42 +0800] "GET /xingrg/all/function/internal_message.html?_=1692585041849&CODE_STATE=getMsg HTTP/1.1" 200 27
180.169.147.146 - - [21/Aug/2023:10:30:42 +0800] "POST /xingrg/dwr/call/plaincall/AjaxCheckService.setItemNumber.dwr HTTP/1.1" 200 77
222.67.237.86 - - [21/Aug/2023:10:30:43 +0800] "GET /xingrg/all/function/internal_message.html?_=1692584492967&CODE_STATE=getMsg HTTP/1.1" 200 27
180.152.241.196 - - [21/Aug/2023:10:30:43 +0800] "POST /xingrg/dwr/call/plaincall/AjaxCheckService.setItemNumber.dwr HTTP/1.1" 200 77
180.169.147.146 - - [21/Aug/2023:10:30:43 +0800] "POST /xingrg/dwr/call/plaincall/AjaxCheckService.setItemNumber.dwr HTTP/1.1" 200 77
180.152.241.196 - - [21/Aug/2023:10:30:44 +0800] "POST /xingrg/dwr/call/plaincall/AjaxCheckService.setItemNumber.dwr HTTP/1.1" 200 77
180.152.241.196 - - [21/Aug/2023:10:30:44 +0800] "GET /xingrg/all/function/internal_message.html?_=1692585044247&CODE_STATE=getMsg HTTP/1.1" 200 27
180.169.147.146 - - [21/Aug/2023:10:30:45 +0800] "POST /xingrg/dwr/call/plaincall/AjaxCheckService.setItemNumber.dwr HTTP/1.1" 200 77
180.152.241.196 - - [21/Aug/2023:10:30:45 +0800] "POST /xingrg/dwr/call/plaincall/AjaxCheckService.setItemNumber.dwr HTTP/1.1" 200 77
222.69.132.38 - - [21/Aug/2023:10:30:46 +0800] "GET /xingrg/all/function/internal_message.html?_=1692585184047&CODE_STATE=getMsg HTTP/1.1" 200 27
114.95.241.104 - - [21/Aug/2023:10:30:46 +0800] "GET /xingrg/all/function/internal_message.html?_=1692585046937&CODE_STATE=getMsg HTTP/1.1" 200 27
114.95.241.104 - - [21/Aug/2023:10:30:46 +0800] "GET /xingrg/check_reg.html?_=1692585046941 HTTP/1.1" 200 22
180.152.241.196 - - [21/Aug/2023:10:30:47 +0800] "POST /xingrg/dwr/call/plaincall/AjaxCheckService.setItemNumber.dwr HTTP/1.1" 200 77
222.70.168.101 - - [21/Aug/2023:10:30:48 +0800] "GET /xingrg/check_reg.html?_=1692585076017 HTTP/1.1" 200 22
180.169.147.146 - - [21/Aug/2023:10:30:48 +0800] "POST /xingrg/dwr/call/plaincall/AjaxCheckService.setItemNumber.dwr HTTP/1.1" 200 77
180.157.248.170 - - [21/Aug/2023:10:30:48 +0800] "GET /xingrg/all/function/internal_message.html?_=1692585047387&CODE_STATE=getMsg HTTP/1.1" 200 27
222.70.168.101 - - [21/Aug/2023:10:30:48 +0800] "GET /xingrg/all/function/internal_message.html?_=1692585076172&CODE_STATE=getMsg HTTP/1.1" 200 27
222.70.168.101 - - [21/Aug/2023:10:30:48 +0800] "GET /xingrg/kc/buy/cgsh_order_operate.html?command=get_materiel&rest_code=00146&code=00101010584&supplier_code=00100005&order_time=2023-08-21 HTTP/1.1" 200 413
180.169.147.146 - - [21/Aug/2023:10:30:48 +0800] "POST /xingrg/dwr/call/plaincall/AjaxCheckService.setItemNumber.dwr HTTP/1.1" 200 77
180.169.147.146 - - [21/Aug/2023:10:30:49 +0800] "POST /xingrg/dwr/call/plaincall/AjaxCheckService.setItemNumber.dwr HTTP/1.1" 200 77
180.165.48.189 - - [21/Aug/2023:10:30:50 +0800] "GET /xingrg/all/function/internal_message.html?_=1692585050381&CODE_STATE=getMsg HTTP/1.1" 200 27
180.165.48.189 - - [21/Aug/2023:10:30:50 +0800] "GET /xingrg/check_reg.html?_=1692585050381 HTTP/1.1" 200 22
180.169.147.146 - - [21/Aug/2023:10:30:50 +0800] "POST /xingrg/dwr/call/plaincall/AjaxCheckService.setItemNumber.dwr HTTP/1.1" 200 77
180.169.147.146 - - [21/Aug/2023:10:30:50 +0800] "POST /xingrg/dwr/call/plaincall/AjaxCheckService.setItemNumber.dwr HTTP/1.1" 200 77
180.169.147.146 - - [21/Aug/2023:10:30:51 +0800] "POST /xingrg/dwr/call/plaincall/AjaxCheckService.setItemNumber.dwr HTTP/1.1" 200 77
180.169.147.146 - - [21/Aug/2023:10:30:51 +0800] "POST /xingrg/dwr/call/plaincall/AjaxCheckService.setItemNumber.dwr HTTP/1.1" 200 77
180.169.147.146 - - [21/Aug/2023:10:30:52 +0800] "POST /xingrg/dwr/call/plaincall/AjaxCheckService.setItemNumber.dwr HTTP/1.1" 200 77
180.152.241.196 - - [21/Aug/2023:10:30:52 +0800] "GET /xingrg/all/function/internal_message.html?_=1692585054803&CODE_STATE=getMsg HTTP/1.1" 200 27
180.169.147.146 - - [21/Aug/2023:10:30:54 +0800] "GET /xingrg/kc/base/check_order_list.html?isBack=1 HTTP/1.1" 200 16340
180.169.147.146 - - [21/Aug/2023:10:30:54 +0800] "POST /xingrg/kc/base/check_list_operate.html HTTP/1.1" 200 3585
116.235.94.33 - - [21/Aug/2023:10:30:56 +0800] "GET /xingrg/all/function/internal_message.html?_=1692585040629&CODE_STATE=getMsg HTTP/1.1" 200 27
114.83.217.94 - - [21/Aug/2023:10:31:00 +0800] "GET /xingrg/all/function/internal_message.html?_=1692585060495&CODE_STATE=getMsg HTTP/1.1" 200 27
114.83.217.94 - - [21/Aug/2023:10:31:00 +0800] "GET /xingrg/check_reg.html?_=1692585060880 HTTP/1.1" 200 22
120.253.135.82 - - [21/Aug/2023:10:31:01 +0800] "GET /xingrg/all/function/internal_message.html?_=1692584875771&CODE_STATE=getMsg HTTP/1.1" 200 27
116.232.195.127 - - [21/Aug/2023:10:31:02 +0800] "GET /xingrg/all/function/internal_message.html?_=1692584981466&CODE_STATE=getMsg HTTP/1.1" 200 27
116.235.94.33 - - [21/Aug/2023:10:31:04 +0800] "GET /xingrg/check_reg.html?_=1692585356073 HTTP/1.1" 200 22
116.235.94.33 - - [21/Aug/2023:10:31:04 +0800] "GET /xingrg/all/function/internal_message.html?_=1692585356071&CODE_STATE=getMsg HTTP/1.1" 200 27
222.70.168.101 - - [21/Aug/2023:10:31:04 +0800] "POST /xingrg/kc/buy/cgsh_order_operate.html HTTP/1.1" 200 2065
222.70.180.200 - - [21/Aug/2023:10:31:04 +0800] "GET /xingrg/all/function/internal_message.html?_=1692585064638&CODE_STATE=getMsg HTTP/1.1" 200 27
222.70.180.200 - - [21/Aug/2023:10:31:04 +0800] "GET /xingrg/check_reg.html?_=1692585064641 HTTP/1.1" 200 22
101.228.187.155 - - [21/Aug/2023:10:31:07 +0800] "GET /xingrg/all/function/internal_message.html?_=1692585065725&CODE_STATE=getMsg HTTP/1.1" 200 27
222.70.180.200 - - [21/Aug/2023:10:31:14 +0800] "GET /xingrg/all/function/internal_message.html?_=1692585074182&CODE_STATE=getMsg HTTP/1.1" 200 27
124.78.155.92 - - [21/Aug/2023:10:31:15 +0800] "GET /xingrg/all/function/internal_message.html?_=1692585075324&CODE_STATE=getMsg HTTP/1.1" 200 27
101.83.145.37 - - [21/Aug/2023:10:31:15 +0800] "GET /xingrg/kc/buy/cgsh_order_operate.html?command=get_materiel&rest_code=00105&code=00101016100&supplier_code=00100034&order_time=2023-08-21 HTTP/1.1" 200 412
222.70.180.200 - - [21/Aug/2023:10:31:17 +0800] "POST /xingrg/services/DataTransmitService HTTP/1.1" 200 524
101.83.145.37 - - [21/Aug/2023:10:31:17 +0800] "GET /xingrg/all/function/internal_message.html?_=1692584876218&CODE_STATE=getMsg HTTP/1.1" 200 27
180.169.147.146 - - [21/Aug/2023:10:31:25 +0800] "GET /xingrg/all/function/internal_message.html?_=1692585085123&CODE_STATE=getMsg HTTP/1.1" 200 27
180.169.147.146 - - [21/Aug/2023:10:31:25 +0800] "GET /xingrg/check_reg.html?_=1692585085124 HTTP/1.1" 200 22
222.70.180.200 - - [21/Aug/2023:10:31:25 +0800] "GET /xingrg/login.html HTTP/1.1" 200 7641
222.70.180.200 - - [21/Aug/2023:10:31:25 +0800] "GET /xingrg/login.html HTTP/1.1" 200 7641
222.70.180.200 - - [21/Aug/2023:10:31:25 +0800] "GET /favicon.ico HTTP/1.1" 404 -
222.70.180.200 - - [21/Aug/2023:10:31:26 +0800] "GET /favicon.ico HTTP/1.1" 404 -
114.95.241.104 - - [21/Aug/2023:10:31:33 +0800] "GET /xingrg/all/function/internal_message.html?_=1692585002361&CODE_STATE=getMsg HTTP/1.1" 200 27
101.83.145.37 - - [21/Aug/2023:10:31:38 +0800] "GET /xingrg/kc/buy/cgsh_order_operate.html?command=get_materiel&rest_code=00105&code=00101016030&supplier_code=00100034&order_time=2023-08-21 HTTP/1.1" 200 412
180.169.147.146 - - [21/Aug/2023:10:31:39 +0800] "GET /xingrg/all/function/internal_message.html?_=1692585099271&CODE_STATE=getMsg HTTP/1.1" 200 27
116.232.195.127 - - [21/Aug/2023:10:31:41 +0800] "GET /xingrg/all/function/internal_message.html?_=1692585101555&CODE_STATE=getMsg HTTP/1.1" 200 27
180.157.248.170 - - [21/Aug/2023:10:31:42 +0800] "GET /xingrg/all/function/internal_message.html?_=1692585101846&CODE_STATE=getMsg HTTP/1.1" 200 27
222.69.132.38 - - [21/Aug/2023:10:31:42 +0800] "GET /xingrg/kc/buy/cgsh_order_operate.html?command=get_materiel&rest_code=00154&code=00101007125&supplier_code=00100466&order_time=2023-08-21 HTTP/1.1" 200 405
222.67.237.86 - - [21/Aug/2023:10:31:43 +0800] "GET /xingrg/all/function/internal_message.html?_=1692584552947&CODE_STATE=getMsg HTTP/1.1" 200 27
180.152.241.196 - - [21/Aug/2023:10:31:44 +0800] "GET /xingrg/all/function/internal_message.html?_=1692585104235&CODE_STATE=getMsg HTTP/1.1" 200 27
222.69.132.38 - - [21/Aug/2023:10:31:46 +0800] "GET /xingrg/all/function/internal_message.html?_=1692585244061&CODE_STATE=getMsg HTTP/1.1" 200 27
222.69.132.38 - - [21/Aug/2023:10:31:46 +0800] "GET /xingrg/check_reg.html?_=1692585244063 HTTP/1.1" 200 22
222.70.180.200 - - [21/Aug/2023:10:31:46 +0800] "POST /xingrg/login.do HTTP/1.1" 302 -
222.70.180.200 - - [21/Aug/2023:10:31:46 +0800] "GET /xingrg/index.html?sysBaseUrl=http%3A%2F%2F180.169.147.146%3A18081%2Fxingrg%2F&costTime=842×tamp=1692585106624 HTTP/1.1" 200 17173
114.95.241.104 - - [21/Aug/2023:10:31:46 +0800] "GET /xingrg/all/function/internal_message.html?_=1692585106943&CODE_STATE=getMsg HTTP/1.1" 200 27
222.70.180.200 - - [21/Aug/2023:10:31:47 +0800] "POST /xingrg/all/common/load_tree.html?tree=area_rest_tree_json&manage=1 HTTP/1.1" 200 342
222.70.180.200 - - [21/Aug/2023:10:31:47 +0800] "GET /xingrg/all/function/internal_message.html?_=1692585107112&CODE_STATE=count HTTP/1.1" 200 11
222.70.180.200 - - [21/Aug/2023:10:31:47 +0800] "GET /xingrg/check_reg.html?_=1692585107120 HTTP/1.1" 200 22
222.70.180.200 - - [21/Aug/2023:10:31:47 +0800] "GET /favicon.ico HTTP/1.1" 404 -
222.70.180.200 - - [21/Aug/2023:10:31:47 +0800] "POST /xingrg/load_menu.html HTTP/1.1" 200 5138
180.157.248.170 - - [21/Aug/2023:10:31:48 +0800] "GET /xingrg/all/function/internal_message.html?_=1692585107396&CODE_STATE=getMsg HTTP/1.1" 200 27
180.157.248.170 - - [21/Aug/2023:10:31:48 +0800] "GET /xingrg/check_reg.html?_=1692585107404 HTTP/1.1" 200 22
222.70.168.101 - - [21/Aug/2023:10:31:48 +0800] "GET /xingrg/all/function/internal_message.html?_=1692585136186&CODE_STATE=getMsg HTTP/1.1" 200 27
180.165.48.189 - - [21/Aug/2023:10:31:50 +0800] "GET /xingrg/all/function/internal_message.html?_=1692585110372&CODE_STATE=getMsg HTTP/1.1" 200 27
180.152.241.196 - - [21/Aug/2023:10:31:52 +0800] "GET /xingrg/check_reg.html?_=1692585114677 HTTP/1.1" 200 22
180.152.241.196 - - [21/Aug/2023:10:31:52 +0800] "GET /xingrg/all/function/internal_message.html?_=1692585114801&CODE_STATE=getMsg HTTP/1.1" 200 27
116.235.94.33 - - [21/Aug/2023:10:31:56 +0800] "GET /xingrg/all/function/internal_message.html?_=1692585100624&CODE_STATE=getMsg HTTP/1.1" 200 27
222.70.180.200 - - [21/Aug/2023:10:31:57 +0800] "GET /xingrg/kc/mdqp/qqps_order_list.html HTTP/1.1" 200 9222
222.70.180.200 - - [21/Aug/2023:10:31:57 +0800] "GET /xingrg/dwr/interface/AjaxQqpsService.js HTTP/1.1" 200 16326
222.70.180.200 - - [21/Aug/2023:10:31:57 +0800] "GET /xingrg/dwr/interface/AjaxReportQueryService.js HTTP/1.1" 200 13203
222.70.180.200 - - [21/Aug/2023:10:31:57 +0800] "GET /xingrg/dwr/engine.js HTTP/1.1" 200 43631
222.70.180.200 - - [21/Aug/2023:10:31:57 +0800] "GET /xingrg/dwr/util.js HTTP/1.1" 304 -
101.83.145.37 - - [21/Aug/2023:10:31:59 +0800] "GET /xingrg/kc/buy/cgsh_order_operate.html?command=get_materiel&rest_code=00105&code=00101010248&supplier_code=00100034&order_time=2023-08-21 HTTP/1.1" 200 430
114.83.217.94 - - [21/Aug/2023:10:32:00 +0800] "GET /xingrg/all/function/internal_message.html?_=1692585120475&CODE_STATE=getMsg HTTP/1.1" 200 27
222.70.180.200 - - [21/Aug/2023:10:32:00 +0800] "GET /xingrg/kc/mdqp/pssh_order_list.html HTTP/1.1" 200 17923
222.70.180.200 - - [21/Aug/2023:10:32:00 +0800] "POST /xingrg/kc/mdqp/pssh_list_operate.html HTTP/1.1" 200 5253
120.253.135.82 - - [21/Aug/2023:10:32:00 +0800] "GET /xingrg/check_reg.html?_=1692584935186 HTTP/1.1" 200 22
120.253.135.82 - - [21/Aug/2023:10:32:01 +0800] "GET /xingrg/all/function/internal_message.html?_=1692584935784&CODE_STATE=getMsg HTTP/1.1" 200 27
116.232.195.127 - - [21/Aug/2023:10:32:02 +0800] "GET /xingrg/all/function/internal_message.html?_=1692585041457&CODE_STATE=getMsg HTTP/1.1" 200 27
101.83.145.37 - - [21/Aug/2023:10:32:03 +0800] "POST /xingrg/all/common/load_select.html HTTP/1.1" 200 25
116.235.94.33 - - [21/Aug/2023:10:32:04 +0800] "GET /xingrg/all/function/internal_message.html?_=1692585416072&CODE_STATE=getMsg HTTP/1.1" 200 27
222.70.180.200 - - [21/Aug/2023:10:32:04 +0800] "GET /xingrg/all/function/internal_message.html?_=1692585124640&CODE_STATE=getMsg HTTP/1.1" 200 27
222.70.180.200 - - [21/Aug/2023:10:32:05 +0800] "POST /xingrg/kc/mdqp/pssh_list_operate.html HTTP/1.1" 200 254
222.70.180.200 - - [21/Aug/2023:10:32:06 +0800] "GET /xingrg/kc/mdqp/pssh_order_info.html?code=312023082000498 HTTP/1.1" 200 17244
222.70.180.200 - - [21/Aug/2023:10:32:06 +0800] "GET /xingrg/javascript/jquery_tools/jquery-1.4.2.min.js HTTP/1.1" 404 1094
222.70.180.200 - - [21/Aug/2023:10:32:06 +0800] "GET /xingrg/javascript/easyui/themes/default/validatebox.css HTTP/1.1" 404 1104
222.70.180.200 - - [21/Aug/2023:10:32:06 +0800] "GET /xingrg/all/common/auto_word.html?type=employee&rest_code=00111 HTTP/1.1" 200 201
222.70.180.200 - - [21/Aug/2023:10:32:06 +0800] "GET /xingrg/all/common/auto_word.html?type=base&rest_code=00111&rest_code=00111 HTTP/1.1" 200 1753
222.70.180.200 - - [21/Aug/2023:10:32:06 +0800] "POST /xingrg/kc/mdqp/pssh_order_operate.html HTTP/1.1" 200 522
222.69.132.38 - - [21/Aug/2023:10:32:06 +0800] "GET /xingrg/kc/buy/cgsh_order_operate.html?command=get_materiel&rest_code=00154&code=00101007062&supplier_code=00100466&order_time=2023-08-21 HTTP/1.1" 200 415
101.228.187.155 - - [21/Aug/2023:10:32:07 +0800] "GET /xingrg/all/function/internal_message.html?_=1692585125723&CODE_STATE=getMsg HTTP/1.1" 200 27
101.83.145.37 - - [21/Aug/2023:10:32:09 +0800] "GET /xingrg/kc/buy/cgsh_order_operate.html?command=get_materiel_price&rest_code=00105&code=00101010248&unit_code=00100043&supplier_code=00100034&order_time=2023-08-21 HTTP/1.1" 200 29
222.70.168.101 - - [21/Aug/2023:10:32:11 +0800] "GET /xingrg/kc/buy/cgsh_order_operate.html?command=get_materiel&rest_code=00146&code=00101008563&supplier_code=00100005&order_time=2023-08-21 HTTP/1.1" 200 413
180.157.248.170 - - [21/Aug/2023:10:32:13 +0800] "POST /xingrg/services/DataTransmitService HTTP/1.1" 200 524
222.70.180.200 - - [21/Aug/2023:10:32:14 +0800] "GET /xingrg/all/function/internal_message.html?_=1692585134186&CODE_STATE=getMsg HTTP/1.1" 200 27
180.163.30.76 - - [21/Aug/2023:10:32:15 +0800] "GET /xingrg/all/function/internal_message.html?_=1692585075324&CODE_STATE=getMsg HTTP/1.1" 302 -
180.163.30.76 - - [21/Aug/2023:10:32:15 +0800] "GET /xingrg/login.html HTTP/1.1" 200 7641
124.78.155.92 - - [21/Aug/2023:10:32:15 +0800] "GET /xingrg/all/function/internal_message.html?_=1692585135311&CODE_STATE=getMsg HTTP/1.1" 200 27
101.83.145.37 - - [21/Aug/2023:10:32:17 +0800] "GET /xingrg/all/function/internal_message.html?_=1692584936213&CODE_STATE=getMsg HTTP/1.1" 200 27
222.69.132.38 - - [21/Aug/2023:10:32:18 +0800] "POST /xingrg/kc/buy/cgsh_order_operate.html HTTP/1.1" 200 2065
222.70.180.200 - - [21/Aug/2023:10:32:19 +0800] "GET /xingrg/kc/mdqp/pssh_order_list.html?isBack=1 HTTP/1.1" 200 17923
222.70.180.200 - - [21/Aug/2023:10:32:19 +0800] "POST /xingrg/kc/mdqp/pssh_list_operate.html HTTP/1.1" 200 5253
180.169.147.146 - - [21/Aug/2023:10:32:25 +0800] "GET /xingrg/all/function/internal_message.html?_=1692585145222&CODE_STATE=getMsg HTTP/1.1" 200 27
222.70.180.200 - - [21/Aug/2023:10:32:25 +0800] "POST /xingrg/kc/mdqp/pssh_list_operate.html HTTP/1.1" 200 849
222.70.180.200 - - [21/Aug/2023:10:32:27 +0800] "GET /xingrg/kc/mdqp/pssh_order_info.html?code=312023082000484 HTTP/1.1" 200 17266
222.70.180.200 - - [21/Aug/2023:10:32:27 +0800] "GET /xingrg/javascript/jquery_tools/jquery-1.4.2.min.js HTTP/1.1" 404 1094
222.70.180.200 - - [21/Aug/2023:10:32:27 +0800] "GET /xingrg/javascript/easyui/themes/default/validatebox.css HTTP/1.1" 404 1104
222.70.180.200 - - [21/Aug/2023:10:32:27 +0800] "POST /xingrg/kc/mdqp/pssh_order_operate.html HTTP/1.1" 200 3700
222.70.168.101 - - [21/Aug/2023:10:32:28 +0800] "GET /xingrg/kc/buy/cgsh_order_operate.html?command=get_materiel&rest_code=00146&code=00101008223&supplier_code=00100005&order_time=2023-08-21 HTTP/1.1" 200 412
222.70.180.200 - - [21/Aug/2023:10:32:31 +0800] "GET /xingrg/css/images/panel_loading.gif HTTP/1.1" 304 -
222.70.180.200 - - [21/Aug/2023:10:32:31 +0800] "POST /xingrg/all/common/load_combo.html?type=employee HTTP/1.1" 200 362
222.69.132.38 - - [21/Aug/2023:10:32:31 +0800] "GET /xingrg/kc/buy/cgsh_order_operate.html?command=get_materiel&rest_code=00154&code=00101007090&supplier_code=00100466&order_time=2023-08-21 HTTP/1.1" 200 412
114.95.241.104 - - [21/Aug/2023:10:32:33 +0800] "GET /xingrg/all/function/internal_message.html?_=1692585062374&CODE_STATE=getMsg HTTP/1.1" 200 27
180.157.248.170 - - [21/Aug/2023:10:32:34 +0800] "POST /xingrg/dwr/call/plaincall/AjaxCheckService.checkOrder.dwr HTTP/1.1" 200 80
101.83.145.37 - - [21/Aug/2023:10:32:37 +0800] "GET /xingrg/kc/buy/cgsh_order_operate.html?command=get_materiel&rest_code=00105&code=00101012039&supplier_code=00100034&order_time=2023-08-21 HTTP/1.1" 200 408
180.169.147.146 - - [21/Aug/2023:10:32:39 +0800] "GET /xingrg/all/function/internal_message.html?_=1692585159257&CODE_STATE=getMsg HTTP/1.1" 200 27
222.70.168.101 - - [21/Aug/2023:10:32:40 +0800] "GET /xingrg/kc/buy/cgsh_order_operate.html?command=get_materiel&rest_code=00146&code=00101013114&supplier_code=00100005&order_time=2023-08-21 HTTP/1.1" 200 409
116.232.195.127 - - [21/Aug/2023:10:32:41 +0800] "GET /xingrg/all/function/internal_message.html?_=1692585161565&CODE_STATE=getMsg HTTP/1.1" 200 27
116.232.195.127 - - [21/Aug/2023:10:32:41 +0800] "GET /xingrg/check_reg.html?_=1692585161568 HTTP/1.1" 200 22
222.67.237.86 - - [21/Aug/2023:10:32:43 +0800] "GET /xingrg/all/function/internal_message.html?_=1692584612915&CODE_STATE=getMsg HTTP/1.1" 200 27
222.67.237.86 - - [21/Aug/2023:10:32:43 +0800] "GET /xingrg/check_reg.html?_=1692584613509 HTTP/1.1" 200 22
180.152.241.196 - - [21/Aug/2023:10:32:44 +0800] "GET /xingrg/all/function/internal_message.html?_=1692585164253&CODE_STATE=getMsg HTTP/1.1" 200 27
222.69.132.38 - - [21/Aug/2023:10:32:46 +0800] "GET /xingrg/all/function/internal_message.html?_=1692585304066&CODE_STATE=getMsg HTTP/1.1" 200 27
114.95.241.104 - - [21/Aug/2023:10:32:46 +0800] "GET /xingrg/all/function/internal_message.html?_=1692585166948&CODE_STATE=getMsg HTTP/1.1" 200 27
222.70.180.200 - - [21/Aug/2023:10:32:47 +0800] "GET /xingrg/all/function/internal_message.html?_=1692585167134&CODE_STATE=getMsg HTTP/1.1" 200 27
180.157.248.170 - - [21/Aug/2023:10:32:48 +0800] "GET /xingrg/all/function/internal_message.html?_=1692585167393&CODE_STATE=getMsg HTTP/1.1" 200 27
222.70.168.101 - - [21/Aug/2023:10:32:48 +0800] "GET /xingrg/all/function/internal_message.html?_=1692585196200&CODE_STATE=getMsg HTTP/1.1" 200 27
180.165.48.189 - - [21/Aug/2023:10:32:50 +0800] "GET /xingrg/all/function/internal_message.html?_=1692585170376&CODE_STATE=getMsg HTTP/1.1" 200 27
180.152.241.196 - - [21/Aug/2023:10:32:52 +0800] "GET /xingrg/all/function/internal_message.html?_=1692585174790&CODE_STATE=getMsg HTTP/1.1" 200 27
222.70.168.101 - - [21/Aug/2023:10:32:55 +0800] "POST /xingrg/kc/buy/cgsh_order_operate.html HTTP/1.1" 200 2065
180.157.248.170 - - [21/Aug/2023:10:32:55 +0800] "GET /xingrg/all/function/internal_message.html?_=1692585175321&CODE_STATE=getMsg HTTP/1.1" 200 27
180.157.248.170 - - [21/Aug/2023:10:32:55 +0800] "GET /xingrg/kc/base/check_order_info.html?code=452023082000235 HTTP/1.1" 200 22850
180.157.248.170 - - [21/Aug/2023:10:32:55 +0800] "GET /xingrg/dwr/interface/AjaxComOrderService.js HTTP/1.1" 200 18264
180.157.248.170 - - [21/Aug/2023:10:32:55 +0800] "GET /xingrg/dwr/interface/AjaxCheckService.js HTTP/1.1" 200 14003
180.157.248.170 - - [21/Aug/2023:10:32:55 +0800] "GET /xingrg/dwr/engine.js HTTP/1.1" 200 43631
180.157.248.170 - - [21/Aug/2023:10:32:56 +0800] "POST /xingrg/dwr/call/plaincall/AjaxCheckService.loadOrderItems.dwr HTTP/1.1" 200 58622
116.235.94.33 - - [21/Aug/2023:10:32:56 +0800] "GET /xingrg/all/function/internal_message.html?_=1692585160621&CODE_STATE=getMsg HTTP/1.1" 200 27
114.83.217.94 - - [21/Aug/2023:10:33:00 +0800] "GET /xingrg/all/function/internal_message.html?_=1692585180445&CODE_STATE=getMsg HTTP/1.1" 200 27
101.83.145.37 - - [21/Aug/2023:10:33:00 +0800] "POST /xingrg/kc/buy/cgsh_order_operate.html HTTP/1.1" 200 37
120.253.135.82 - - [21/Aug/2023:10:33:01 +0800] "GET /xingrg/all/function/internal_message.html?_=1692584995799&CODE_STATE=getMsg HTTP/1.1" 200 27
116.232.195.127 - - [21/Aug/2023:10:33:02 +0800] "GET /xingrg/all/function/internal_message.html?_=1692585101447&CODE_STATE=getMsg HTTP/1.1" 200 27
101.83.145.37 - - [21/Aug/2023:10:33:02 +0800] "POST /xingrg/kc/buy/cgsh_order_operate.html HTTP/1.1" 200 4439
116.235.94.33 - - [21/Aug/2023:10:33:04 +0800] "GET /xingrg/all/function/internal_message.html?_=1692585476075&CODE_STATE=getMsg HTTP/1.1" 200 27
222.70.180.200 - - [21/Aug/2023:10:33:04 +0800] "GET /xingrg/all/function/internal_message.html?_=1692585184644&CODE_STATE=getMsg HTTP/1.1" 200 27
101.83.145.37 - - [21/Aug/2023:10:33:05 +0800] "GET /xingrg/kc/print/load_data.html?order_code=212023082108523&kc_code=cgsh&condition= HTTP/1.1" 200 1403
101.228.187.155 - - [21/Aug/2023:10:33:07 +0800] "GET /xingrg/all/function/internal_message.html?_=1692585185722&CODE_STATE=getMsg HTTP/1.1" 200 27
222.69.132.38 - - [21/Aug/2023:10:33:12 +0800] "POST /xingrg/all/common/load_select.html HTTP/1.1" 200 25
222.70.180.200 - - [21/Aug/2023:10:33:14 +0800] "GET /xingrg/all/function/internal_message.html?_=1692585194181&CODE_STATE=getMsg HTTP/1.1" 200 27
124.78.155.92 - - [21/Aug/2023:10:33:15 +0800] "GET /xingrg/all/function/internal_message.html?_=1692585195303&CODE_STATE=getMsg HTTP/1.1" 200 27
101.83.145.37 - - [21/Aug/2023:10:33:17 +0800] "GET /xingrg/all/function/internal_message.html?_=1692584996212&CODE_STATE=getMsg HTTP/1.1" 200 27
180.169.147.146 - - [21/Aug/2023:10:33:25 +0800] "GET /xingrg/all/function/internal_message.html?_=1692585205123&CODE_STATE=getMsg HTTP/1.1" 200 27
180.152.241.196 - - [21/Aug/2023:10:33:25 +0800] "GET /xingrg/login.html HTTP/1.1" 200 7641
180.152.241.196 - - [21/Aug/2023:10:33:26 +0800] "GET /favicon.ico HTTP/1.1" 404 -
180.152.241.196 - - [21/Aug/2023:10:33:28 +0800] "GET /xingrg/login.html HTTP/1.1" 200 7641
180.152.241.196 - - [21/Aug/2023:10:33:28 +0800] "GET /favicon.ico HTTP/1.1" 404 -
180.152.241.196 - - [21/Aug/2023:10:33:31 +0800] "POST /xingrg/dwr/call/plaincall/AjaxCheckService.setItemNumber.dwr HTTP/1.1" 200 77
180.152.241.196 - - [21/Aug/2023:10:33:31 +0800] "POST /xingrg/dwr/call/plaincall/AjaxCheckService.setItemNumber.dwr HTTP/1.1" 200 77
180.152.241.196 - - [21/Aug/2023:10:33:31 +0800] "POST /xingrg/login.do HTTP/1.1" 302 -
180.152.241.196 - - [21/Aug/2023:10:33:31 +0800] "GET /xingrg/index.html?sysBaseUrl=http%3A%2F%2F180.169.147.146%3A18081%2Fxingrg%2F&costTime=1401×tamp=1692585211846 HTTP/1.1" 200 17503
180.152.241.196 - - [21/Aug/2023:10:33:32 +0800] "GET /favicon.ico HTTP/1.1" 404 -
180.152.241.196 - - [21/Aug/2023:10:33:32 +0800] "POST /xingrg/dwr/call/plaincall/AjaxCheckService.setItemNumber.dwr HTTP/1.1" 200 77
180.152.241.196 - - [21/Aug/2023:10:33:32 +0800] "GET /xingrg/check_reg.html?_=1692585212822 HTTP/1.1" 200 22
180.152.241.196 - - [21/Aug/2023:10:33:32 +0800] "GET /xingrg/all/function/internal_message.html?_=1692585212821&CODE_STATE=count HTTP/1.1" 200 11
180.152.241.196 - - [21/Aug/2023:10:33:32 +0800] "POST /xingrg/all/common/load_tree.html?tree=area_rest_tree_json&manage=1 HTTP/1.1" 200 3499
180.152.241.196 - - [21/Aug/2023:10:33:32 +0800] "POST /xingrg/load_menu.html HTTP/1.1" 200 11443
180.152.241.196 - - [21/Aug/2023:10:33:32 +0800] "POST /xingrg/dwr/call/plaincall/AjaxCheckService.setItemNumber.dwr HTTP/1.1" 200 77
114.95.241.104 - - [21/Aug/2023:10:33:33 +0800] "GET /xingrg/check_reg.html?_=1692585122022 HTTP/1.1" 200 22
180.152.241.196 - - [21/Aug/2023:10:33:33 +0800] "POST /xingrg/dwr/call/plaincall/AjaxCheckService.setItemNumber.dwr HTTP/1.1" 200 77
180.152.241.196 - - [21/Aug/2023:10:33:33 +0800] "POST /xingrg/dwr/call/plaincall/AjaxCheckService.setItemNumber.dwr HTTP/1.1" 200 77
114.95.241.104 - - [21/Aug/2023:10:33:33 +0800] "GET /xingrg/all/function/internal_message.html?_=1692585122388&CODE_STATE=getMsg HTTP/1.1" 200 27
180.152.241.196 - - [21/Aug/2023:10:33:33 +0800] "POST /xingrg/dwr/call/plaincall/AjaxCheckService.setItemNumber.dwr HTTP/1.1" 200 77
180.152.241.196 - - [21/Aug/2023:10:33:34 +0800] "POST /xingrg/dwr/call/plaincall/AjaxCheckService.setItemNumber.dwr HTTP/1.1" 200 77
180.152.241.196 - - [21/Aug/2023:10:33:34 +0800] "POST /xingrg/dwr/call/plaincall/AjaxCheckService.setItemNumber.dwr HTTP/1.1" 200 77
180.152.241.196 - - [21/Aug/2023:10:33:35 +0800] "POST /xingrg/dwr/call/plaincall/AjaxCheckService.setItemNumber.dwr HTTP/1.1" 200 77
180.152.241.196 - - [21/Aug/2023:10:33:36 +0800] "POST /xingrg/dwr/call/plaincall/AjaxCheckService.setItemNumber.dwr HTTP/1.1" 200 77
180.152.241.196 - - [21/Aug/2023:10:33:36 +0800] "POST /xingrg/all/user/operate.html HTTP/1.1" 200 36
180.152.241.196 - - [21/Aug/2023:10:33:36 +0800] "POST /xingrg/dwr/call/plaincall/AjaxCheckService.setItemNumber.dwr HTTP/1.1" 200 77
180.152.241.196 - - [21/Aug/2023:10:33:36 +0800] "POST /xingrg/dwr/call/plaincall/AjaxCheckService.setItemNumber.dwr HTTP/1.1" 200 77
180.152.241.196 - - [21/Aug/2023:10:33:36 +0800] "GET /xingrg/index.html?sysBaseUrl=http%3A%2F%2F180.169.147.146%3A18081%2Fxingrg%2F&costTime=1401×tamp=1692585211846 HTTP/1.1" 200 17509
180.152.241.196 - - [21/Aug/2023:10:33:36 +0800] "GET /xingrg/javascript/jquery_easy_ui/themes/default/easyui.css HTTP/1.1" 304 -
180.152.241.196 - - [21/Aug/2023:10:33:36 +0800] "GET /xingrg/javascript/jquery_easy_ui/themes/icon.css HTTP/1.1" 304 -
180.152.241.196 - - [21/Aug/2023:10:33:36 +0800] "GET /xingrg/css/form.css HTTP/1.1" 304 -
180.152.241.196 - - [21/Aug/2023:10:33:36 +0800] "GET /xingrg/javascript/jquery-1.4.2.min.js HTTP/1.1" 304 -
180.152.241.196 - - [21/Aug/2023:10:33:37 +0800] "GET /xingrg/javascript/jquery_easy_ui/jquery.easyui.min.js HTTP/1.1" 304 -
180.152.241.196 - - [21/Aug/2023:10:33:37 +0800] "GET /xingrg/javascript/jquery_easy_ui/easyui-lang-zh_CN.js HTTP/1.1" 304 -
180.152.241.196 - - [21/Aug/2023:10:33:37 +0800] "GET /xingrg/javascript/jquery.form.js HTTP/1.1" 304 -
180.152.241.196 - - [21/Aug/2023:10:33:37 +0800] "GET /xingrg/javascript/jquery.utils.js HTTP/1.1" 304 -
180.152.241.196 - - [21/Aug/2023:10:33:37 +0800] "GET /xingrg/javascript/jquery.timers.js HTTP/1.1" 304 -
180.152.241.196 - - [21/Aug/2023:10:33:37 +0800] "GET /xingrg/images/blue/jxLogo.png HTTP/1.1" 304 -
180.152.241.196 - - [21/Aug/2023:10:33:37 +0800] "GET /xingrg/images/blue/navBackgound.jpg HTTP/1.1" 304 -
180.152.241.196 - - [21/Aug/2023:10:33:37 +0800] "GET /xingrg/javascript/jquery_easy_ui/themes/icons/settle_new.png HTTP/1.1" 304 -
180.152.241.196 - - [21/Aug/2023:10:33:37 +0800] "GET /xingrg/all/function/internal_message.html?_=1692585217721&CODE_STATE=count HTTP/1.1" 200 11
180.152.241.196 - - [21/Aug/2023:10:33:37 +0800] "GET /xingrg/check_reg.html?_=1692585217721 HTTP/1.1" 200 22
180.152.241.196 - - [21/Aug/2023:10:33:37 +0800] "GET /xingrg/javascript/jquery_easy_ui/themes/default/images/tabs_leftarrow.png HTTP/1.1" 304 -
180.152.241.196 - - [21/Aug/2023:10:33:37 +0800] "GET /xingrg/images/blue/pingpu.png HTTP/1.1" 304 -
180.152.241.196 - - [21/Aug/2023:10:33:37 +0800] "GET /xingrg/javascript/jquery_easy_ui/themes/default/images/tabs_rightarrow.png HTTP/1.1" 304 -
180.152.241.196 - - [21/Aug/2023:10:33:37 +0800] "GET /xingrg/javascript/jquery_easy_ui/themes/default/images/panel_tool_expand.gif HTTP/1.1" 304 -
180.152.241.196 - - [21/Aug/2023:10:33:37 +0800] "GET /xingrg/javascript/jquery_easy_ui/themes/default/images/panel_tool_collapse.gif HTTP/1.1" 304 -
180.152.241.196 - - [21/Aug/2023:10:33:37 +0800] "POST /xingrg/all/common/load_tree.html?tree=area_rest_tree_json&manage=1 HTTP/1.1" 200 3499
180.152.241.196 - - [21/Aug/2023:10:33:37 +0800] "POST /xingrg/dwr/call/plaincall/AjaxCheckService.setItemNumber.dwr HTTP/1.1" 200 77
180.152.241.196 - - [21/Aug/2023:10:33:37 +0800] "POST /xingrg/load_menu.html HTTP/1.1" 200 9959
180.152.241.196 - - [21/Aug/2023:10:33:37 +0800] "POST /xingrg/dwr/call/plaincall/AjaxCheckService.setItemNumber.dwr HTTP/1.1" 200 77
180.152.241.196 - - [21/Aug/2023:10:33:38 +0800] "POST /xingrg/dwr/call/plaincall/AjaxCheckService.setItemNumber.dwr HTTP/1.1" 200 77
180.152.241.196 - - [21/Aug/2023:10:33:38 +0800] "POST /xingrg/dwr/call/plaincall/AjaxCheckService.setItemNumber.dwr HTTP/1.1" 200 77
180.169.147.146 - - [21/Aug/2023:10:33:39 +0800] "GET /xingrg/all/function/internal_message.html?_=1692585219274&CODE_STATE=getMsg HTTP/1.1" 200 27
180.169.147.146 - - [21/Aug/2023:10:33:39 +0800] "GET /xingrg/check_reg.html?_=1692585219278 HTTP/1.1" 200 22
180.152.241.196 - - [21/Aug/2023:10:33:39 +0800] "POST /xingrg/dwr/call/plaincall/AjaxCheckService.setItemNumber.dwr HTTP/1.1" 200 77
