114.95.241.104 - - [21/Aug/2023:08:43:14 +0800] "GET /xingrg/kc/buy/cgsh_order_operate.html?command=get_materiel&rest_code=00150&code=00101008356&supplier_code=00100008&order_time=2023-08-21 HTTP/1.1" 200 409
120.253.135.82 - - [21/Aug/2023:08:43:21 +0800] "POST /xingrg/kc/pszx/mdps_order_operate.html HTTP/1.1" 200 37
114.95.241.104 - - [21/Aug/2023:08:43:23 +0800] "GET /xingrg/kc/buy/cgsh_order_operate.html?command=get_materiel&rest_code=00150&code=00101008301&supplier_code=00100008&order_time=2023-08-21 HTTP/1.1" 200 422
120.253.135.82 - - [21/Aug/2023:08:43:30 +0800] "POST /xingrg/kc/pszx/mdps_order_operate.html HTTP/1.1" 200 12
114.95.241.104 - - [21/Aug/2023:08:43:32 +0800] "GET /xingrg/kc/buy/cgsh_order_operate.html?command=get_materiel&rest_code=00150&code=00101008411&supplier_code=00100008&order_time=2023-08-21 HTTP/1.1" 200 413
120.253.135.82 - - [21/Aug/2023:08:43:35 +0800] "GET /xingrg/kc/pszx/mdps_order_info.html?code=312023082000474 HTTP/1.1" 200 19632
120.253.135.82 - - [21/Aug/2023:08:43:35 +0800] "GET /xingrg/javascript/easyui/themes/default/validatebox.css HTTP/1.1" 404 1104
120.253.135.82 - - [21/Aug/2023:08:43:36 +0800] "POST /xingrg/kc/pszx/mdps_order_operate.html HTTP/1.1" 200 13362
120.253.135.82 - - [21/Aug/2023:08:43:37 +0800] "POST /xingrg/kc/pszx/mdps_list_operate.html HTTP/1.1" 200 3856
114.95.241.104 - - [21/Aug/2023:08:43:43 +0800] "GET /xingrg/kc/buy/cgsh_order_operate.html?command=get_materiel&rest_code=00150&code=00101008360&supplier_code=00100008&order_time=2023-08-21 HTTP/1.1" 200 412
101.83.145.37 - - [21/Aug/2023:08:43:45 +0800] "GET /xingrg/all/function/internal_message.html?_=1692578423708&CODE_STATE=getMsg HTTP/1.1" 200 27
180.152.241.196 - - [21/Aug/2023:08:43:51 +0800] "GET /xingrg/all/function/internal_message.html?_=1692578632120&CODE_STATE=getMsg HTTP/1.1" 302 -
120.253.135.82 - - [21/Aug/2023:08:43:52 +0800] "POST /xingrg/kc/pszx/mdps_list_operate.html HTTP/1.1" 200 641
114.95.241.104 - - [21/Aug/2023:08:43:53 +0800] "GET /xingrg/kc/buy/cgsh_order_operate.html?command=get_materiel&rest_code=00150&code=00101008077&supplier_code=00100008&order_time=2023-08-21 HTTP/1.1" 200 416
114.95.241.104 - - [21/Aug/2023:08:43:53 +0800] "GET /xingrg/all/function/internal_message.html?_=1692578633656&CODE_STATE=getMsg HTTP/1.1" 200 27
120.253.135.82 - - [21/Aug/2023:08:43:54 +0800] "GET /xingrg/kc/pszx/mdps_order_info.html?code=312023082000473 HTTP/1.1" 200 23972
120.253.135.82 - - [21/Aug/2023:08:43:54 +0800] "GET /xingrg/javascript/easyui/themes/default/validatebox.css HTTP/1.1" 404 1104
120.253.135.82 - - [21/Aug/2023:08:43:55 +0800] "GET /xingrg/all/function/internal_message.html?_=1692578449481&CODE_STATE=getMsg HTTP/1.1" 200 27
120.253.135.82 - - [21/Aug/2023:08:43:55 +0800] "POST /xingrg/kc/pszx/mdps_order_operate.html HTTP/1.1" 200 17564
114.95.241.104 - - [21/Aug/2023:08:43:55 +0800] "GET /xingrg/kc/buy/cgsh_order_operate.html?command=get_materiel&rest_code=00150&code=00101006065&supplier_code=00100096&order_time=2023-08-21 HTTP/1.1" 200 411
114.95.241.104 - - [21/Aug/2023:08:43:56 +0800] "POST /xingrg/kc/buy/cgsh_order_operate.html HTTP/1.1" 200 2065
120.253.135.82 - - [21/Aug/2023:08:44:00 +0800] "POST /xingrg/kc/pszx/mdps_order_operate.html HTTP/1.1" 200 37
222.70.168.101 - - [21/Aug/2023:08:44:06 +0800] "GET /xingrg/all/function/internal_message.html?_=1692578673502&CODE_STATE=getMsg HTTP/1.1" 200 27
114.95.241.104 - - [21/Aug/2023:08:44:08 +0800] "GET /xingrg/all/function/internal_message.html?_=1692578557086&CODE_STATE=getMsg HTTP/1.1" 200 27
120.253.135.82 - - [21/Aug/2023:08:44:10 +0800] "POST /xingrg/kc/pszx/mdps_order_operate.html HTTP/1.1" 200 12
114.95.241.104 - - [21/Aug/2023:08:44:15 +0800] "GET /xingrg/kc/buy/cgsh_order_operate.html?command=get_materiel&rest_code=00150&code=00101006055&supplier_code=00100096&order_time=2023-08-21 HTTP/1.1" 200 410
114.95.241.104 - - [21/Aug/2023:08:44:16 +0800] "GET /xingrg/kc/buy/cgsh_order_operate.html?command=get_materiel&rest_code=00150&code=00101008223&supplier_code=00100008&order_time=2023-08-21 HTTP/1.1" 200 414
120.253.135.82 - - [21/Aug/2023:08:44:20 +0800] "GET /xingrg/kc/pszx/mdps_order_info.html?code=312023082000473 HTTP/1.1" 200 19632
120.253.135.82 - - [21/Aug/2023:08:44:20 +0800] "GET /xingrg/javascript/easyui/themes/default/validatebox.css HTTP/1.1" 404 1104
120.253.135.82 - - [21/Aug/2023:08:44:21 +0800] "POST /xingrg/kc/pszx/mdps_order_operate.html HTTP/1.1" 200 15653
120.253.135.82 - - [21/Aug/2023:08:44:23 +0800] "POST /xingrg/kc/pszx/mdps_list_operate.html HTTP/1.1" 200 3493
120.253.135.82 - - [21/Aug/2023:08:44:28 +0800] "GET /xingrg/check_reg.html?_=1692578482741 HTTP/1.1" 200 22
120.253.135.82 - - [21/Aug/2023:08:44:28 +0800] "POST /xingrg/kc/pszx/mdps_list_operate.html HTTP/1.1" 200 691
120.253.135.82 - - [21/Aug/2023:08:44:30 +0800] "GET /xingrg/kc/pszx/mdps_order_info.html?code=312023082000484 HTTP/1.1" 200 23972
120.253.135.82 - - [21/Aug/2023:08:44:30 +0800] "GET /xingrg/javascript/easyui/themes/default/validatebox.css HTTP/1.1" 404 1104
120.253.135.82 - - [21/Aug/2023:08:44:31 +0800] "POST /xingrg/kc/pszx/mdps_order_operate.html HTTP/1.1" 200 5357
120.253.135.82 - - [21/Aug/2023:08:44:34 +0800] "POST /xingrg/kc/pszx/mdps_order_operate.html HTTP/1.1" 200 37
120.253.135.82 - - [21/Aug/2023:08:44:41 +0800] "POST /xingrg/kc/pszx/mdps_order_operate.html HTTP/1.1" 200 12
101.83.145.37 - - [21/Aug/2023:08:44:45 +0800] "GET /xingrg/all/function/internal_message.html?_=1692578483708&CODE_STATE=getMsg HTTP/1.1" 200 27
120.253.135.82 - - [21/Aug/2023:08:44:46 +0800] "GET /xingrg/kc/pszx/mdps_order_info.html?code=312023082000484 HTTP/1.1" 200 19632
120.253.135.82 - - [21/Aug/2023:08:44:46 +0800] "GET /xingrg/javascript/easyui/themes/default/validatebox.css HTTP/1.1" 404 1104
120.253.135.82 - - [21/Aug/2023:08:44:47 +0800] "POST /xingrg/kc/pszx/mdps_order_operate.html HTTP/1.1" 200 3547
120.253.135.82 - - [21/Aug/2023:08:44:48 +0800] "POST /xingrg/kc/pszx/mdps_list_operate.html HTTP/1.1" 200 3128
120.253.135.82 - - [21/Aug/2023:08:44:50 +0800] "POST /xingrg/kc/pszx/mdps_list_operate.html HTTP/1.1" 200 202
120.253.135.82 - - [21/Aug/2023:08:44:51 +0800] "GET /xingrg/kc/pszx/mdps_order_info.html?code=312023082000472 HTTP/1.1" 200 23970
180.152.241.196 - - [21/Aug/2023:08:44:51 +0800] "GET /xingrg/all/function/internal_message.html?_=1692578692095&CODE_STATE=getMsg HTTP/1.1" 302 -
120.253.135.82 - - [21/Aug/2023:08:44:52 +0800] "GET /xingrg/javascript/easyui/themes/default/validatebox.css HTTP/1.1" 404 1104
120.253.135.82 - - [21/Aug/2023:08:44:53 +0800] "POST /xingrg/kc/pszx/mdps_order_operate.html HTTP/1.1" 200 2285
114.95.241.104 - - [21/Aug/2023:08:44:53 +0800] "GET /xingrg/all/function/internal_message.html?_=1692578693671&CODE_STATE=getMsg HTTP/1.1" 200 27
114.95.241.104 - - [21/Aug/2023:08:44:54 +0800] "GET /xingrg/kc/buy/cgsh_order_operate.html?command=get_materiel&rest_code=00150&code=00101008478&supplier_code=00100008&order_time=2023-08-21 HTTP/1.1" 200 412
120.253.135.82 - - [21/Aug/2023:08:44:56 +0800] "POST /xingrg/kc/pszx/mdps_order_operate.html HTTP/1.1" 200 37
120.253.135.82 - - [21/Aug/2023:08:45:01 +0800] "POST /xingrg/kc/pszx/mdps_order_operate.html HTTP/1.1" 200 12
120.253.135.82 - - [21/Aug/2023:08:45:04 +0800] "GET /xingrg/kc/pszx/mdps_order_info.html?code=312023082000472 HTTP/1.1" 200 19630
120.253.135.82 - - [21/Aug/2023:08:45:04 +0800] "GET /xingrg/javascript/easyui/themes/default/validatebox.css HTTP/1.1" 404 1104
120.253.135.82 - - [21/Aug/2023:08:45:04 +0800] "GET /xingrg/all/function/internal_message.html?_=1692578519090&CODE_STATE=getMsg HTTP/1.1" 200 27
120.253.135.82 - - [21/Aug/2023:08:45:05 +0800] "POST /xingrg/kc/pszx/mdps_order_operate.html HTTP/1.1" 200 506
222.70.168.101 - - [21/Aug/2023:08:45:06 +0800] "GET /xingrg/all/function/internal_message.html?_=1692578733531&CODE_STATE=getMsg HTTP/1.1" 200 27
120.253.135.82 - - [21/Aug/2023:08:45:06 +0800] "POST /xingrg/kc/pszx/mdps_list_operate.html HTTP/1.1" 200 2768
114.95.241.104 - - [21/Aug/2023:08:45:08 +0800] "GET /xingrg/all/function/internal_message.html?_=1692578617099&CODE_STATE=getMsg HTTP/1.1" 200 27
120.253.135.82 - - [21/Aug/2023:08:45:08 +0800] "POST /xingrg/kc/pszx/mdps_list_operate.html HTTP/1.1" 200 294
120.253.135.82 - - [21/Aug/2023:08:45:10 +0800] "GET /xingrg/kc/pszx/mdps_order_info.html?code=312023082000470 HTTP/1.1" 200 23972
120.253.135.82 - - [21/Aug/2023:08:45:10 +0800] "GET /xingrg/javascript/easyui/themes/default/validatebox.css HTTP/1.1" 404 1104
114.95.241.104 - - [21/Aug/2023:08:45:10 +0800] "GET /xingrg/kc/buy/cgsh_order_operate.html?command=get_materiel&rest_code=00150&code=00101007061&supplier_code=00100096&order_time=2023-08-21 HTTP/1.1" 200 411
120.253.135.82 - - [21/Aug/2023:08:45:11 +0800] "POST /xingrg/kc/pszx/mdps_order_operate.html HTTP/1.1" 200 2803
120.253.135.82 - - [21/Aug/2023:08:45:14 +0800] "POST /xingrg/kc/pszx/mdps_order_operate.html HTTP/1.1" 200 37
120.253.135.82 - - [21/Aug/2023:08:45:22 +0800] "POST /xingrg/kc/pszx/mdps_order_operate.html HTTP/1.1" 200 12
114.95.241.104 - - [21/Aug/2023:08:45:23 +0800] "GET /xingrg/kc/buy/cgsh_order_operate.html?command=get_materiel&rest_code=00150&code=00101008079&supplier_code=00100008&order_time=2023-08-21 HTTP/1.1" 200 416
120.253.135.82 - - [21/Aug/2023:08:45:23 +0800] "GET /xingrg/kc/pszx/mdps_order_info.html?code=312023082000470 HTTP/1.1" 200 19632
120.253.135.82 - - [21/Aug/2023:08:45:24 +0800] "GET /xingrg/javascript/easyui/themes/default/validatebox.css HTTP/1.1" 404 1104
120.253.135.82 - - [21/Aug/2023:08:45:25 +0800] "POST /xingrg/kc/pszx/mdps_order_operate.html HTTP/1.1" 200 1021
120.253.135.82 - - [21/Aug/2023:08:45:27 +0800] "POST /xingrg/kc/pszx/mdps_list_operate.html HTTP/1.1" 200 2405
114.95.241.104 - - [21/Aug/2023:08:45:30 +0800] "GET /xingrg/kc/buy/cgsh_order_operate.html?command=get_materiel&rest_code=00150&code=00101007125&supplier_code=00100096&order_time=2023-08-21 HTTP/1.1" 200 408
120.253.135.82 - - [21/Aug/2023:08:45:30 +0800] "POST /xingrg/kc/pszx/mdps_list_operate.html HTTP/1.1" 200 202
120.253.135.82 - - [21/Aug/2023:08:45:32 +0800] "GET /xingrg/kc/pszx/mdps_order_info.html?code=312023082000469 HTTP/1.1" 200 23972
120.253.135.82 - - [21/Aug/2023:08:45:32 +0800] "GET /xingrg/javascript/easyui/themes/default/validatebox.css HTTP/1.1" 404 1104
120.253.135.82 - - [21/Aug/2023:08:45:33 +0800] "POST /xingrg/kc/pszx/mdps_order_operate.html HTTP/1.1" 200 2285
120.253.135.82 - - [21/Aug/2023:08:45:37 +0800] "POST /xingrg/kc/pszx/mdps_order_operate.html HTTP/1.1" 200 37
114.95.241.104 - - [21/Aug/2023:08:45:39 +0800] "GET /xingrg/kc/buy/cgsh_order_operate.html?command=get_materiel&rest_code=00150&code=00101008357&supplier_code=00100008&order_time=2023-08-21 HTTP/1.1" 200 408
120.253.135.82 - - [21/Aug/2023:08:45:43 +0800] "POST /xingrg/kc/pszx/mdps_order_operate.html HTTP/1.1" 200 12
101.83.145.37 - - [21/Aug/2023:08:45:45 +0800] "GET /xingrg/check_reg.html?_=1692578543706 HTTP/1.1" 200 22
101.83.145.37 - - [21/Aug/2023:08:45:45 +0800] "GET /xingrg/all/function/internal_message.html?_=1692578543710&CODE_STATE=getMsg HTTP/1.1" 200 27
114.95.241.104 - - [21/Aug/2023:08:45:48 +0800] "GET /xingrg/kc/buy/cgsh_order_operate.html?command=get_materiel&rest_code=00150&code=00101007081&supplier_code=00100096&order_time=2023-08-21 HTTP/1.1" 200 413
180.152.241.196 - - [21/Aug/2023:08:45:51 +0800] "GET /xingrg/all/function/internal_message.html?_=1692578752069&CODE_STATE=getMsg HTTP/1.1" 302 -
114.95.241.104 - - [21/Aug/2023:08:45:51 +0800] "GET /xingrg/kc/buy/cgsh_order_operate.html?command=get_materiel&rest_code=00150&code=00101008069&supplier_code=00100008&order_time=2023-08-21 HTTP/1.1" 200 412
180.152.241.196 - - [21/Aug/2023:08:45:52 +0800] "GET /xingrg/check_reg.html?_=1692578752602 HTTP/1.1" 302 -
114.95.241.104 - - [21/Aug/2023:08:45:53 +0800] "GET /xingrg/all/function/internal_message.html?_=1692578753756&CODE_STATE=getMsg HTTP/1.1" 200 27
114.95.241.104 - - [21/Aug/2023:08:45:54 +0800] "POST /xingrg/kc/buy/cgsh_order_operate.html HTTP/1.1" 200 2065
222.70.168.101 - - [21/Aug/2023:08:45:55 +0800] "GET /xingrg/check_reg.html?_=1692578783048 HTTP/1.1" 200 22
120.253.135.82 - - [21/Aug/2023:08:45:59 +0800] "GET /xingrg/kc/pszx/mdps_order_info.html?code=312023082000469 HTTP/1.1" 200 19632
120.253.135.82 - - [21/Aug/2023:08:45:59 +0800] "GET /xingrg/javascript/easyui/themes/default/validatebox.css HTTP/1.1" 404 1104
120.253.135.82 - - [21/Aug/2023:08:46:00 +0800] "POST /xingrg/kc/pszx/mdps_order_operate.html HTTP/1.1" 200 506
114.95.241.104 - - [21/Aug/2023:08:46:00 +0800] "GET /xingrg/kc/buy/cgsh_order_operate.html?command=get_materiel&rest_code=00150&code=00101007049&supplier_code=00100096&order_time=2023-08-21 HTTP/1.1" 200 411
120.253.135.82 - - [21/Aug/2023:08:46:04 +0800] "POST /xingrg/kc/pszx/mdps_list_operate.html HTTP/1.1" 200 2042
114.95.241.104 - - [21/Aug/2023:08:46:04 +0800] "GET /xingrg/kc/buy/cgsh_order_operate.html?command=get_materiel&rest_code=00150&code=00101008286&supplier_code=00100008&order_time=2023-08-21 HTTP/1.1" 200 410
120.253.135.82 - - [21/Aug/2023:08:46:04 +0800] "GET /xingrg/all/function/internal_message.html?_=1692578579103&CODE_STATE=getMsg HTTP/1.1" 200 27
222.70.168.101 - - [21/Aug/2023:08:46:06 +0800] "GET /xingrg/all/function/internal_message.html?_=1692578793544&CODE_STATE=getMsg HTTP/1.1" 200 27
120.253.135.82 - - [21/Aug/2023:08:46:06 +0800] "POST /xingrg/kc/pszx/mdps_list_operate.html HTTP/1.1" 200 303
114.95.241.104 - - [21/Aug/2023:08:46:07 +0800] "GET /xingrg/check_reg.html?_=1692578676816 HTTP/1.1" 200 22
114.95.241.104 - - [21/Aug/2023:08:46:08 +0800] "GET /xingrg/all/function/internal_message.html?_=1692578677113&CODE_STATE=getMsg HTTP/1.1" 200 27
120.253.135.82 - - [21/Aug/2023:08:46:09 +0800] "GET /xingrg/kc/pszx/mdps_order_info.html?code=312023082000475 HTTP/1.1" 200 23972
120.253.135.82 - - [21/Aug/2023:08:46:10 +0800] "GET /xingrg/javascript/easyui/themes/default/validatebox.css HTTP/1.1" 404 1104
120.253.135.82 - - [21/Aug/2023:08:46:10 +0800] "POST /xingrg/kc/pszx/mdps_order_operate.html HTTP/1.1" 200 2819
114.95.241.104 - - [21/Aug/2023:08:46:17 +0800] "GET /xingrg/kc/buy/cgsh_order_operate.html?command=get_materiel&rest_code=00150&code=00101008036&supplier_code=00100008&order_time=2023-08-21 HTTP/1.1" 200 408
120.253.135.82 - - [21/Aug/2023:08:46:18 +0800] "POST /xingrg/kc/pszx/mdps_order_operate.html HTTP/1.1" 200 37
120.253.135.82 - - [21/Aug/2023:08:46:25 +0800] "POST /xingrg/kc/pszx/mdps_order_operate.html HTTP/1.1" 200 12
114.95.241.104 - - [21/Aug/2023:08:46:25 +0800] "GET /xingrg/kc/buy/cgsh_order_operate.html?command=get_materiel&rest_code=00150&code=00101006130&supplier_code=00100096&order_time=2023-08-21 HTTP/1.1" 200 435
114.95.241.104 - - [21/Aug/2023:08:46:26 +0800] "GET /xingrg/kc/buy/cgsh_order_operate.html?command=get_materiel&rest_code=00150&code=00101008131&supplier_code=00100008&order_time=2023-08-21 HTTP/1.1" 200 409
114.95.241.104 - - [21/Aug/2023:08:46:39 +0800] "GET /xingrg/kc/buy/cgsh_order_operate.html?command=get_materiel&rest_code=00150&code=00101008694&supplier_code=00100008&order_time=2023-08-21 HTTP/1.1" 200 420
101.83.145.37 - - [21/Aug/2023:08:46:45 +0800] "GET /xingrg/all/function/internal_message.html?_=1692578603710&CODE_STATE=getMsg HTTP/1.1" 200 27
114.95.241.104 - - [21/Aug/2023:08:46:48 +0800] "GET /xingrg/kc/buy/cgsh_order_operate.html?command=get_materiel&rest_code=00150&code=00101008318&supplier_code=00100008&order_time=2023-08-21 HTTP/1.1" 200 408
114.95.241.104 - - [21/Aug/2023:08:46:51 +0800] "POST /xingrg/kc/buy/cgsh_order_operate.html HTTP/1.1" 200 2065
180.152.241.196 - - [21/Aug/2023:08:46:51 +0800] "GET /xingrg/all/function/internal_message.html?_=1692578812062&CODE_STATE=getMsg HTTP/1.1" 302 -
114.95.241.104 - - [21/Aug/2023:08:46:53 +0800] "GET /xingrg/all/function/internal_message.html?_=1692578813815&CODE_STATE=getMsg HTTP/1.1" 200 27
120.253.135.82 - - [21/Aug/2023:08:46:56 +0800] "GET /xingrg/kc/pszx/mdps_order_info.html?code=312023082000475 HTTP/1.1" 200 19632
120.253.135.82 - - [21/Aug/2023:08:46:57 +0800] "GET /xingrg/javascript/easyui/themes/default/validatebox.css HTTP/1.1" 404 1104
120.253.135.82 - - [21/Aug/2023:08:46:57 +0800] "POST /xingrg/kc/pszx/mdps_order_operate.html HTTP/1.1" 200 1033
120.253.135.82 - - [21/Aug/2023:08:46:59 +0800] "POST /xingrg/kc/pszx/mdps_list_operate.html HTTP/1.1" 200 1679
114.95.241.104 - - [21/Aug/2023:08:46:59 +0800] "GET /xingrg/kc/buy/cgsh_order_operate.html?command=get_materiel&rest_code=00150&code=00101008371&supplier_code=00100008&order_time=2023-08-21 HTTP/1.1" 200 412
120.253.135.82 - - [21/Aug/2023:08:47:00 +0800] "POST /xingrg/kc/pszx/mdps_list_operate.html HTTP/1.1" 200 200
120.253.135.82 - - [21/Aug/2023:08:47:04 +0800] "GET /xingrg/all/function/internal_message.html?_=1692578639116&CODE_STATE=getMsg HTTP/1.1" 200 27
222.70.168.101 - - [21/Aug/2023:08:47:06 +0800] "GET /xingrg/all/function/internal_message.html?_=1692578853558&CODE_STATE=getMsg HTTP/1.1" 200 27
114.95.241.104 - - [21/Aug/2023:08:47:08 +0800] "GET /xingrg/all/function/internal_message.html?_=1692578737126&CODE_STATE=getMsg HTTP/1.1" 200 27
114.95.241.104 - - [21/Aug/2023:08:47:10 +0800] "GET /xingrg/kc/buy/cgsh_order_operate.html?command=get_materiel&rest_code=00150&code=00101008353&supplier_code=00100008&order_time=2023-08-21 HTTP/1.1" 200 408
120.253.135.82 - - [21/Aug/2023:08:47:11 +0800] "POST /xingrg/kc/pszx/mdps_list_operate.html HTTP/1.1" 200 3191
120.253.135.82 - - [21/Aug/2023:08:47:14 +0800] "POST /xingrg/kc/pszx/mdps_list_operate.html HTTP/1.1" 200 629
120.253.135.82 - - [21/Aug/2023:08:47:16 +0800] "GET /xingrg/kc/pszx/mdps_order_info.html?code=312023082000476 HTTP/1.1" 200 23978
120.253.135.82 - - [21/Aug/2023:08:47:16 +0800] "GET /xingrg/javascript/easyui/themes/default/validatebox.css HTTP/1.1" 404 1104
120.253.135.82 - - [21/Aug/2023:08:47:17 +0800] "POST /xingrg/kc/pszx/mdps_order_operate.html HTTP/1.1" 200 8370
114.95.241.104 - - [21/Aug/2023:08:47:28 +0800] "POST /xingrg/kc/buy/cgsh_order_operate.html HTTP/1.1" 200 37
114.95.241.104 - - [21/Aug/2023:08:47:31 +0800] "GET /xingrg/kc/buy/cgsh_order_operate.html?command=get_materiel&rest_code=00150&code=00101008277&supplier_code=00100008&order_time=2023-08-21 HTTP/1.1" 200 412
114.95.241.104 - - [21/Aug/2023:08:47:37 +0800] "POST /xingrg/kc/buy/cgsh_order_operate.html HTTP/1.1" 200 12
114.95.241.104 - - [21/Aug/2023:08:47:41 +0800] "GET /xingrg/kc/buy/cgsh_order_info.html?code=212023082108482 HTTP/1.1" 200 66923
114.95.241.104 - - [21/Aug/2023:08:47:41 +0800] "GET /xingrg/kc/buy/cgsh_order_operate.html?command=get_materiel&rest_code=00150&code=00101008095&supplier_code=00100008&order_time=2023-08-21 HTTP/1.1" 200 412
114.95.241.104 - - [21/Aug/2023:08:47:41 +0800] "GET /xingrg/javascript/easyui/themes/default/validatebox.css HTTP/1.1" 404 1104
114.95.241.104 - - [21/Aug/2023:08:47:43 +0800] "POST /xingrg/kc/buy/cgsh_order_operate.html HTTP/1.1" 200 7157
101.83.145.37 - - [21/Aug/2023:08:47:45 +0800] "GET /xingrg/all/function/internal_message.html?_=1692578663710&CODE_STATE=getMsg HTTP/1.1" 200 27
114.95.241.104 - - [21/Aug/2023:08:47:46 +0800] "GET /xingrg/kc/print/load_config.html?kc_code=cgsh HTTP/1.1" 200 1924
114.95.241.104 - - [21/Aug/2023:08:47:48 +0800] "GET /xingrg/kc/print/load_data.html?order_code=212023082108482&kc_code=cgsh&condition= HTTP/1.1" 200 3215
120.253.135.82 - - [21/Aug/2023:08:47:48 +0800] "POST /xingrg/kc/pszx/mdps_order_operate.html HTTP/1.1" 200 37
114.95.241.104 - - [21/Aug/2023:08:47:48 +0800] "GET /xingrg/javascript/jquery_easy_ui/themes/default/images/tabs_active.png HTTP/1.1" 304 -
114.95.241.104 - - [21/Aug/2023:08:47:49 +0800] "POST /xingrg/kc/buy/cgsh_order_operate.html HTTP/1.1" 200 2065
180.152.241.196 - - [21/Aug/2023:08:47:51 +0800] "GET /xingrg/all/function/internal_message.html?_=1692578872036&CODE_STATE=getMsg HTTP/1.1" 302 -
180.152.241.196 - - [21/Aug/2023:08:47:53 +0800] "GET /xingrg/kc/base/check_order_list.html HTTP/1.1" 302 -
180.152.241.196 - - [21/Aug/2023:08:47:53 +0800] "GET /xingrg/login.html HTTP/1.1" 200 7641
180.152.241.196 - - [21/Aug/2023:08:47:53 +0800] "GET /xingrg/login.html HTTP/1.1" 200 7641
180.152.241.196 - - [21/Aug/2023:08:47:53 +0800] "GET /xingrg/images/blue/jxLogo.png HTTP/1.1" 200 6156
180.152.241.196 - - [21/Aug/2023:08:47:53 +0800] "GET /xingrg/images/blue/srbg.png HTTP/1.1" 200 138
180.152.241.196 - - [21/Aug/2023:08:47:53 +0800] "GET /xingrg/images/blue/hj.png HTTP/1.1" 200 1014
180.152.241.196 - - [21/Aug/2023:08:47:53 +0800] "GET /xingrg/images/blue/login_bg.png HTTP/1.1" 200 22101
180.152.241.196 - - [21/Aug/2023:08:47:53 +0800] "GET /favicon.ico HTTP/1.1" 404 -
114.95.241.104 - - [21/Aug/2023:08:47:53 +0800] "GET /xingrg/check_reg.html?_=1692578873685 HTTP/1.1" 200 22
114.95.241.104 - - [21/Aug/2023:08:47:53 +0800] "GET /xingrg/all/function/internal_message.html?_=1692578873797&CODE_STATE=getMsg HTTP/1.1" 200 27
120.253.135.82 - - [21/Aug/2023:08:47:56 +0800] "POST /xingrg/kc/pszx/mdps_order_operate.html HTTP/1.1" 200 12
114.95.241.104 - - [21/Aug/2023:08:47:56 +0800] "GET /xingrg/kc/buy/cgsh_order_operate.html?command=get_materiel&rest_code=00150&code=00101008229&supplier_code=00100008&order_time=2023-08-21 HTTP/1.1" 200 420
180.152.241.196 - - [21/Aug/2023:08:47:56 +0800] "POST /xingrg/login.do HTTP/1.1" 302 -
180.152.241.196 - - [21/Aug/2023:08:47:56 +0800] "GET /xingrg/index.html?sysBaseUrl=http%3A%2F%2F180.169.147.146%3A18081%2Fxingrg%2F&costTime=1949×tamp=1692578876442 HTTP/1.1" 200 17173
180.152.241.196 - - [21/Aug/2023:08:47:56 +0800] "GET /xingrg/javascript/jquery_easy_ui/themes/icon.css HTTP/1.1" 200 3949
180.152.241.196 - - [21/Aug/2023:08:47:56 +0800] "GET /xingrg/javascript/jquery_easy_ui/themes/default/easyui.css HTTP/1.1" 200 26500
180.152.241.196 - - [21/Aug/2023:08:47:56 +0800] "GET /xingrg/javascript/jquery-1.4.2.min.js HTTP/1.1" 200 72205
180.152.241.196 - - [21/Aug/2023:08:47:56 +0800] "GET /xingrg/css/form.css HTTP/1.1" 200 893
180.152.241.196 - - [21/Aug/2023:08:47:56 +0800] "GET /xingrg/javascript/jquery_easy_ui/jquery.easyui.min.js HTTP/1.1" 200 213662
180.152.241.196 - - [21/Aug/2023:08:47:56 +0800] "GET /xingrg/javascript/jquery_easy_ui/easyui-lang-zh_CN.js HTTP/1.1" 200 1900
180.152.241.196 - - [21/Aug/2023:08:47:56 +0800] "GET /xingrg/javascript/jquery.form.js HTTP/1.1" 200 23110
180.152.241.196 - - [21/Aug/2023:08:47:56 +0800] "GET /xingrg/javascript/jquery.timers.js HTTP/1.1" 200 3532
180.152.241.196 - - [21/Aug/2023:08:47:56 +0800] "GET /xingrg/javascript/jquery.utils.js HTTP/1.1" 200 11805
180.152.241.196 - - [21/Aug/2023:08:47:56 +0800] "GET /favicon.ico HTTP/1.1" 404 -
180.152.241.196 - - [21/Aug/2023:08:47:56 +0800] "GET /xingrg/javascript/jquery_easy_ui/themes/icons/settle_new.png HTTP/1.1" 200 826
180.152.241.196 - - [21/Aug/2023:08:47:56 +0800] "GET /xingrg/images/blue/navBackgound.jpg HTTP/1.1" 200 12378
180.152.241.196 - - [21/Aug/2023:08:47:56 +0800] "GET /xingrg/check_reg.html?_=1692578877013 HTTP/1.1" 200 22
180.152.241.196 - - [21/Aug/2023:08:47:56 +0800] "GET /xingrg/all/function/internal_message.html?_=1692578877013&CODE_STATE=count HTTP/1.1" 200 11
180.152.241.196 - - [21/Aug/2023:08:47:56 +0800] "GET /xingrg/javascript/jquery_easy_ui/themes/default/images/tabs_rightarrow.png HTTP/1.1" 200 395
180.152.241.196 - - [21/Aug/2023:08:47:56 +0800] "GET /xingrg/javascript/jquery_easy_ui/themes/default/images/tabs_leftarrow.png HTTP/1.1" 200 389
180.152.241.196 - - [21/Aug/2023:08:47:56 +0800] "GET /xingrg/images/blue/pingpu.png HTTP/1.1" 200 231
180.152.241.196 - - [21/Aug/2023:08:47:56 +0800] "GET /xingrg/javascript/jquery_easy_ui/themes/default/images/panel_tool_collapse.gif HTTP/1.1" 200 246
180.152.241.196 - - [21/Aug/2023:08:47:56 +0800] "POST /xingrg/all/common/load_tree.html?tree=area_rest_tree_json&manage=1 HTTP/1.1" 200 342
114.95.241.104 - - [21/Aug/2023:08:47:57 +0800] "GET /xingrg/javascript/jquery_easy_ui/themes/default/images/button_a_bg.gif HTTP/1.1" 304 -
114.95.241.104 - - [21/Aug/2023:08:47:57 +0800] "GET /xingrg/javascript/jquery_easy_ui/themes/default/images/button_span_bg.gif HTTP/1.1" 304 -
114.95.241.104 - - [21/Aug/2023:08:47:57 +0800] "GET /xingrg/javascript/jquery_easy_ui/themes/default/images/panel_tools.gif HTTP/1.1" 304 -
114.95.241.104 - - [21/Aug/2023:08:47:57 +0800] "GET /xingrg/javascript/jquery_easy_ui/themes/default/images/panel_title.png HTTP/1.1" 304 -
180.152.241.196 - - [21/Aug/2023:08:47:57 +0800] "POST /xingrg/load_menu.html HTTP/1.1" 200 5138
180.152.241.196 - - [21/Aug/2023:08:47:57 +0800] "GET /xingrg/javascript/jquery_easy_ui/themes/icons/search_new.png HTTP/1.1" 200 586
180.152.241.196 - - [21/Aug/2023:08:47:57 +0800] "GET /xingrg/javascript/jquery_easy_ui/themes/default/images/tree_arrows.gif HTTP/1.1" 200 1043
180.152.241.196 - - [21/Aug/2023:08:47:57 +0800] "GET /xingrg/javascript/jquery_easy_ui/themes/default/images/tree_folder.gif HTTP/1.1" 200 952
180.152.241.196 - - [21/Aug/2023:08:47:57 +0800] "GET /xingrg/javascript/jquery_easy_ui/themes/icons/storage_new.png HTTP/1.1" 200 853
180.152.241.196 - - [21/Aug/2023:08:47:57 +0800] "GET /xingrg/javascript/jquery_easy_ui/themes/default/images/tree_file.gif HTTP/1.1" 200 118
180.152.241.196 - - [21/Aug/2023:08:47:57 +0800] "GET /xingrg/javascript/jquery_easy_ui/themes/default/images/tree_folder_open.gif HTTP/1.1" 200 956
180.152.241.196 - - [21/Aug/2023:08:47:57 +0800] "GET /xingrg/javascript/jquery_easy_ui/themes/icons/forms_new.png HTTP/1.1" 200 350
222.67.237.86 - - [21/Aug/2023:08:47:59 +0800] "POST /xingrg/services/DataTransmitService HTTP/1.1" 200 524
180.152.241.196 - - [21/Aug/2023:08:48:00 +0800] "GET /xingrg/javascript/jquery_easy_ui/themes/default/images/tabs_close.gif HTTP/1.1" 200 829
180.152.241.196 - - [21/Aug/2023:08:48:00 +0800] "GET /xingrg/kc/base/check_order_list.html HTTP/1.1" 200 16334
180.152.241.196 - - [21/Aug/2023:08:48:00 +0800] "GET /xingrg/javascript/auto/jquery.autocomplete.css HTTP/1.1" 200 587
180.152.241.196 - - [21/Aug/2023:08:48:00 +0800] "GET /xingrg/css/base.css HTTP/1.1" 200 2811
180.152.241.196 - - [21/Aug/2023:08:48:00 +0800] "GET /xingrg/javascript/easyui/themes/icon.css HTTP/1.1" 200 4483
180.152.241.196 - - [21/Aug/2023:08:48:00 +0800] "GET /xingrg/javascript/easyui/themes/default/easyui.css HTTP/1.1" 200 30432
180.152.241.196 - - [21/Aug/2023:08:48:00 +0800] "GET /xingrg/css/site.css HTTP/1.1" 200 7541
180.152.241.196 - - [21/Aug/2023:08:48:00 +0800] "GET /xingrg/javascript/jquery_tools/datebox.css HTTP/1.1" 200 2597
180.152.241.196 - - [21/Aug/2023:08:48:00 +0800] "GET /xingrg/javascript/jquery_tools/jquery.tools.min.js HTTP/1.1" 200 138801
180.152.241.196 - - [21/Aug/2023:08:48:00 +0800] "GET /xingrg/javascript/jquery_tools/table.css HTTP/1.1" 200 1032
180.152.241.196 - - [21/Aug/2023:08:48:00 +0800] "GET /xingrg/javascript/jquery_tools/fix.css HTTP/1.1" 200 1702
180.152.241.196 - - [21/Aug/2023:08:48:00 +0800] "GET /xingrg/javascript/jquery_tools/jquery.tools.hotkey.js HTTP/1.1" 200 3242
180.152.241.196 - - [21/Aug/2023:08:48:00 +0800] "GET /xingrg/javascript/jquery_tools/jquery.tools.table.js HTTP/1.1" 200 6994
180.152.241.196 - - [21/Aug/2023:08:48:00 +0800] "GET /xingrg/javascript/jquery_tools/jquery.tools.extend.js HTTP/1.1" 200 15385
180.152.241.196 - - [21/Aug/2023:08:48:00 +0800] "GET /xingrg/javascript/jquery_tools/list_manager.js HTTP/1.1" 200 3652
180.152.241.196 - - [21/Aug/2023:08:48:00 +0800] "GET /xingrg/javascript/easyui/easyloader.js HTTP/1.1" 200 5975
180.152.241.196 - - [21/Aug/2023:08:48:00 +0800] "GET /xingrg/javascript/auto/jquery.autocomplete.js HTTP/1.1" 200 21624
180.152.241.196 - - [21/Aug/2023:08:48:00 +0800] "GET /xingrg/javascript/jquery.cookie.js HTTP/1.1" 200 5513
180.152.241.196 - - [21/Aug/2023:08:48:00 +0800] "GET /xingrg/javascript/easyui/themes/icons/cance_new.png HTTP/1.1" 200 3986
180.152.241.196 - - [21/Aug/2023:08:48:00 +0800] "GET /xingrg/javascript/easyui/themes/icons/field_new.png HTTP/1.1" 200 1097
180.152.241.196 - - [21/Aug/2023:08:48:00 +0800] "GET /xingrg/javascript/easyui/themes/icons/check_new.png HTTP/1.1" 200 3224
180.152.241.196 - - [21/Aug/2023:08:48:00 +0800] "GET /xingrg/javascript/easyui/themes/icons/edit_add_new.png HTTP/1.1" 200 2997
180.152.241.196 - - [21/Aug/2023:08:48:00 +0800] "GET /xingrg/images/control/ajaxLoader.gif HTTP/1.1" 200 4659
180.152.241.196 - - [21/Aug/2023:08:48:00 +0800] "GET /xingrg/javascript/easyui/plugins/jquery.parser.js HTTP/1.1" 200 1142
180.152.241.196 - - [21/Aug/2023:08:48:00 +0800] "POST /xingrg/kc/base/check_list_operate.html HTTP/1.1" 200 3849
114.95.241.104 - - [21/Aug/2023:08:48:06 +0800] "GET /xingrg/kc/buy/cgsh_order_operate.html?command=get_materiel&rest_code=00150&code=00101008283&supplier_code=00100008&order_time=2023-08-21 HTTP/1.1" 200 408
222.70.168.101 - - [21/Aug/2023:08:48:06 +0800] "GET /xingrg/all/function/internal_message.html?_=1692578913578&CODE_STATE=getMsg HTTP/1.1" 200 27
180.152.241.196 - - [21/Aug/2023:08:48:06 +0800] "GET /xingrg/kc/base/check_order_info.html?code=452023082000248 HTTP/1.1" 200 26518
180.152.241.196 - - [21/Aug/2023:08:48:06 +0800] "GET /xingrg/css/table.css HTTP/1.1" 200 3684
180.152.241.196 - - [21/Aug/2023:08:48:06 +0800] "GET /xingrg/dwr/interface/AjaxComOrderService.js HTTP/1.1" 200 18264
180.152.241.196 - - [21/Aug/2023:08:48:06 +0800] "GET /xingrg/dwr/interface/AjaxCheckService.js HTTP/1.1" 200 14003
180.152.241.196 - - [21/Aug/2023:08:48:06 +0800] "GET /xingrg/dwr/engine.js HTTP/1.1" 200 43631
180.152.241.196 - - [21/Aug/2023:08:48:06 +0800] "GET /xingrg/dwr/util.js HTTP/1.1" 200 35990
180.152.241.196 - - [21/Aug/2023:08:48:06 +0800] "GET /xingrg/javascript/convert.js HTTP/1.1" 200 1239
180.152.241.196 - - [21/Aug/2023:08:48:06 +0800] "GET /xingrg/css/blue.css HTTP/1.1" 200 15949
180.152.241.196 - - [21/Aug/2023:08:48:06 +0800] "GET /xingrg/javascript/AjaxInfoList.js HTTP/1.1" 200 3774
180.152.241.196 - - [21/Aug/2023:08:48:06 +0800] "GET /xingrg/javascript/pic_change.js HTTP/1.1" 200 4739
180.152.241.196 - - [21/Aug/2023:08:48:06 +0800] "GET /xingrg/javascript/print/LodopFuncs.js HTTP/1.1" 200 5121
180.152.241.196 - - [21/Aug/2023:08:48:06 +0800] "GET /xingrg/javascript/myfunction.js HTTP/1.1" 200 24559
180.152.241.196 - - [21/Aug/2023:08:48:06 +0800] "GET /xingrg/javascript/print/kc_print.js HTTP/1.1" 200 11415
180.152.241.196 - - [21/Aug/2023:08:48:06 +0800] "GET /xingrg/javascript/Calendar.js HTTP/1.1" 200 31561
120.253.135.82 - - [21/Aug/2023:08:48:06 +0800] "GET /xingrg/all/function/internal_message.html?_=1692578700547&CODE_STATE=getMsg HTTP/1.1" 200 27
120.253.135.82 - - [21/Aug/2023:08:48:06 +0800] "GET /xingrg/kc/pszx/mdps_order_info.html?code=312023082000476 HTTP/1.1" 200 19638
180.152.241.196 - - [21/Aug/2023:08:48:06 +0800] "GET /xingrg/javascript/jquery_easy_ui/themes/default/images/menu_downarrow.png HTTP/1.1" 200 173
180.152.241.196 - - [21/Aug/2023:08:48:06 +0800] "GET /xingrg/javascript/jquery_easy_ui/themes/icons/check_new.png HTTP/1.1" 200 3224
180.152.241.196 - - [21/Aug/2023:08:48:06 +0800] "GET /xingrg/javascript/jquery_easy_ui/themes/icons/print.png HTTP/1.1" 200 1057
180.152.241.196 - - [21/Aug/2023:08:48:06 +0800] "GET /xingrg/javascript/jquery_easy_ui/themes/icons/back_new.png HTTP/1.1" 200 3414
180.152.241.196 - - [21/Aug/2023:08:48:06 +0800] "GET /xingrg/javascript/jquery_easy_ui/themes/icons/cance_new.png HTTP/1.1" 200 3986
120.253.135.82 - - [21/Aug/2023:08:48:06 +0800] "GET /xingrg/javascript/easyui/themes/default/validatebox.css HTTP/1.1" 404 1104
180.152.241.196 - - [21/Aug/2023:08:48:06 +0800] "POST /xingrg/dwr/call/plaincall/AjaxCheckService.loadOrderItems.dwr HTTP/1.1" 200 29021
180.152.241.196 - - [21/Aug/2023:08:48:07 +0800] "GET /xingrg/javascript/jquery_easy_ui/themes/icons/no.png HTTP/1.1" 200 922
120.253.135.82 - - [21/Aug/2023:08:48:07 +0800] "POST /xingrg/kc/pszx/mdps_order_operate.html HTTP/1.1" 200 6513
114.95.241.104 - - [21/Aug/2023:08:48:08 +0800] "GET /xingrg/all/function/internal_message.html?_=1692578797140&CODE_STATE=getMsg HTTP/1.1" 200 27
180.152.241.196 - - [21/Aug/2023:08:48:08 +0800] "GET /xingrg/javascript/jquery_easy_ui/themes/default/images/button_plain_hover.png HTTP/1.1" 200 252
180.152.241.196 - - [21/Aug/2023:08:48:09 +0800] "GET /xingrg/kc/base/check_order_list.html?isBack=1 HTTP/1.1" 200 16334
180.152.241.196 - - [21/Aug/2023:08:48:09 +0800] "POST /xingrg/kc/base/check_list_operate.html HTTP/1.1" 200 3849
120.253.135.82 - - [21/Aug/2023:08:48:09 +0800] "POST /xingrg/kc/pszx/mdps_list_operate.html HTTP/1.1" 200 2819
180.152.241.196 - - [21/Aug/2023:08:48:10 +0800] "GET /xingrg/javascript/jquery_easy_ui/themes/default/images/tabs_active.png HTTP/1.1" 200 2894
180.152.241.196 - - [21/Aug/2023:08:48:13 +0800] "POST /xingrg/services/DataTransmitService HTTP/1.1" 200 524
116.232.195.127 - - [21/Aug/2023:08:48:16 +0800] "POST /xingrg/services/DataTransmitService HTTP/1.1" 200 524
180.152.241.196 - - [21/Aug/2023:08:48:17 +0800] "GET /xingrg/kc/buy/cgsh_order_list.html HTTP/1.1" 200 56182
180.152.241.196 - - [21/Aug/2023:08:48:17 +0800] "GET /xingrg/javascript/easyui/themes/icons/import_new.png HTTP/1.1" 200 1247
180.152.241.196 - - [21/Aug/2023:08:48:17 +0800] "GET /xingrg/javascript/easyui/themes/default/images/button_plain_hover.png HTTP/1.1" 200 144
114.95.241.104 - - [21/Aug/2023:08:48:17 +0800] "GET /xingrg/kc/buy/cgsh_order_operate.html?command=get_materiel&rest_code=00150&code=00101008298&supplier_code=00100008&order_time=2023-08-21 HTTP/1.1" 200 412
180.152.241.196 - - [21/Aug/2023:08:48:20 +0800] "POST /xingrg/kc/buy/cgsh_list_operate.html HTTP/1.1" 200 986
114.95.241.104 - - [21/Aug/2023:08:48:20 +0800] "GET /xingrg/kc/base/check_order_list.html HTTP/1.1" 200 16340
114.95.241.104 - - [21/Aug/2023:08:48:21 +0800] "POST /xingrg/kc/base/check_list_operate.html HTTP/1.1" 200 2577
114.95.241.104 - - [21/Aug/2023:08:48:24 +0800] "GET /xingrg/kc/base/check_order_info.html?code=452023082000198 HTTP/1.1" 200 26486
114.95.241.104 - - [21/Aug/2023:08:48:24 +0800] "GET /xingrg/dwr/engine.js HTTP/1.1" 200 43631
114.95.241.104 - - [21/Aug/2023:08:48:25 +0800] "GET /xingrg/dwr/interface/AjaxCheckService.js HTTP/1.1" 200 14003
114.95.241.104 - - [21/Aug/2023:08:48:25 +0800] "GET /xingrg/dwr/interface/AjaxComOrderService.js HTTP/1.1" 200 18264
114.95.241.104 - - [21/Aug/2023:08:48:25 +0800] "POST /xingrg/dwr/call/plaincall/AjaxCheckService.loadOrderItems.dwr HTTP/1.1" 200 28565
114.95.241.104 - - [21/Aug/2023:08:48:28 +0800] "GET /xingrg/kc/buy/cgsh_order_operate.html?command=get_materiel&rest_code=00150&code=00101008358&supplier_code=00100008&order_time=2023-08-21 HTTP/1.1" 200 412
120.253.135.82 - - [21/Aug/2023:08:48:30 +0800] "POST /xingrg/kc/pszx/mdps_list_operate.html HTTP/1.1" 200 220
180.152.241.196 - - [21/Aug/2023:08:48:30 +0800] "GET /xingrg/kc/buy/cgsh_order_add.html HTTP/1.1" 200 71999
180.152.241.196 - - [21/Aug/2023:08:48:30 +0800] "GET /xingrg/javascript/json2.js HTTP/1.1" 200 11259
180.152.241.196 - - [21/Aug/2023:08:48:30 +0800] "GET /xingrg/javascript/jquery_tools/order_manager.js HTTP/1.1" 200 11183
180.152.241.196 - - [21/Aug/2023:08:48:30 +0800] "GET /xingrg/words/20230820160106_words.js HTTP/1.1" 200 984076
180.152.241.196 - - [21/Aug/2023:08:48:30 +0800] "GET /xingrg/javascript/easyui/themes/icons/copy_new.png HTTP/1.1" 200 815
180.152.241.196 - - [21/Aug/2023:08:48:30 +0800] "GET /xingrg/javascript/easyui/themes/icons/ok.png HTTP/1.1" 200 883
180.152.241.196 - - [21/Aug/2023:08:48:30 +0800] "GET /xingrg/javascript/easyui/themes/icons/print.png HTTP/1.1" 200 1057
180.152.241.196 - - [21/Aug/2023:08:48:30 +0800] "GET /xingrg/javascript/easyui/themes/icons/template_new.png HTTP/1.1" 200 3956
180.152.241.196 - - [21/Aug/2023:08:48:30 +0800] "GET /xingrg/javascript/easyui/themes/default/images/menu_downarrow.png HTTP/1.1" 200 173
180.152.241.196 - - [21/Aug/2023:08:48:31 +0800] "GET /xingrg/javascript/easyui/themes/icons/cancel.png HTTP/1.1" 200 1133
180.152.241.196 - - [21/Aug/2023:08:48:31 +0800] "POST /xingrg/kc/buy/cgsh_order_operate.html HTTP/1.1" 200 8245
180.152.241.196 - - [21/Aug/2023:08:48:31 +0800] "GET /xingrg/javascript/easyui/themes/default/validatebox.css HTTP/1.1" 404 1104
180.152.241.196 - - [21/Aug/2023:08:48:31 +0800] "GET /xingrg/javascript/easyui/themes/icons/edit_remove.png HTTP/1.1" 200 625
180.152.241.196 - - [21/Aug/2023:08:48:31 +0800] "GET /xingrg/all/common/auto_word.html?type=employee&rest_code=00102 HTTP/1.1" 200 189
180.152.241.196 - - [21/Aug/2023:08:48:31 +0800] "GET /xingrg/javascript/easyui/plugins/jquery.validatebox.js HTTP/1.1" 200 6103
180.152.241.196 - - [21/Aug/2023:08:48:31 +0800] "GET /xingrg/javascript/easyui/plugins/jquery.numberbox.js HTTP/1.1" 200 5213
180.152.241.196 - - [21/Aug/2023:08:48:31 +0800] "GET /xingrg/all/common/auto_word.html?type=employee&rest_code=00102 HTTP/1.1" 200 189
114.95.241.104 - - [21/Aug/2023:08:48:31 +0800] "POST /xingrg/dwr/call/plaincall/AjaxCheckService.setItemNumber.dwr HTTP/1.1" 200 76
114.95.241.104 - - [21/Aug/2023:08:48:33 +0800] "POST /xingrg/dwr/call/plaincall/AjaxCheckService.setItemNumber.dwr HTTP/1.1" 200 76
114.95.241.104 - - [21/Aug/2023:08:48:36 +0800] "POST /xingrg/dwr/call/plaincall/AjaxCheckService.setItemNumber.dwr HTTP/1.1" 200 76
114.95.241.104 - - [21/Aug/2023:08:48:36 +0800] "GET /xingrg/kc/buy/cgsh_order_operate.html?command=get_materiel&rest_code=00150&code=00101008141&supplier_code=00100008&order_time=2023-08-21 HTTP/1.1" 200 412
120.253.135.82 - - [21/Aug/2023:08:48:38 +0800] "GET /xingrg/kc/pszx/mdps_order_info.html?code=312023082000496 HTTP/1.1" 200 23978
120.253.135.82 - - [21/Aug/2023:08:48:38 +0800] "GET /xingrg/javascript/easyui/themes/default/validatebox.css HTTP/1.1" 404 1104
120.253.135.82 - - [21/Aug/2023:08:48:39 +0800] "POST /xingrg/kc/pszx/mdps_order_operate.html HTTP/1.1" 200 2310
114.95.241.104 - - [21/Aug/2023:08:48:39 +0800] "POST /xingrg/dwr/call/plaincall/AjaxCheckService.setItemNumber.dwr HTTP/1.1" 200 76
114.95.241.104 - - [21/Aug/2023:08:48:41 +0800] "POST /xingrg/dwr/call/plaincall/AjaxCheckService.setItemNumber.dwr HTTP/1.1" 200 76
114.95.241.104 - - [21/Aug/2023:08:48:44 +0800] "POST /xingrg/dwr/call/plaincall/AjaxCheckService.setItemNumber.dwr HTTP/1.1" 200 76
120.253.135.82 - - [21/Aug/2023:08:48:44 +0800] "POST /xingrg/kc/pszx/mdps_order_operate.html HTTP/1.1" 200 37
101.83.145.37 - - [21/Aug/2023:08:48:45 +0800] "GET /xingrg/all/function/internal_message.html?_=1692578723710&CODE_STATE=getMsg HTTP/1.1" 200 27
114.95.241.104 - - [21/Aug/2023:08:48:47 +0800] "POST /xingrg/dwr/call/plaincall/AjaxCheckService.setItemNumber.dwr HTTP/1.1" 200 76
114.95.241.104 - - [21/Aug/2023:08:48:49 +0800] "POST /xingrg/dwr/call/plaincall/AjaxCheckService.setItemNumber.dwr HTTP/1.1" 200 76
120.253.135.82 - - [21/Aug/2023:08:48:50 +0800] "POST /xingrg/kc/pszx/mdps_order_operate.html HTTP/1.1" 200 12
114.95.241.104 - - [21/Aug/2023:08:48:51 +0800] "POST /xingrg/dwr/call/plaincall/AjaxCheckService.setItemNumber.dwr HTTP/1.1" 200 76
114.95.241.104 - - [21/Aug/2023:08:48:53 +0800] "GET /xingrg/all/function/internal_message.html?_=1692578933774&CODE_STATE=getMsg HTTP/1.1" 200 27
180.152.241.196 - - [21/Aug/2023:08:48:56 +0800] "GET /xingrg/all/function/internal_message.html?_=1692578937040&CODE_STATE=getMsg HTTP/1.1" 200 27
120.253.135.82 - - [21/Aug/2023:08:48:57 +0800] "GET /xingrg/kc/pszx/mdps_order_info.html?code=312023082000496 HTTP/1.1" 200 19638
114.95.241.104 - - [21/Aug/2023:08:48:57 +0800] "POST /xingrg/dwr/call/plaincall/AjaxCheckService.setItemNumber.dwr HTTP/1.1" 200 77
120.253.135.82 - - [21/Aug/2023:08:48:57 +0800] "GET /xingrg/javascript/easyui/themes/default/validatebox.css HTTP/1.1" 404 1104
120.253.135.82 - - [21/Aug/2023:08:48:58 +0800] "POST /xingrg/kc/pszx/mdps_order_operate.html HTTP/1.1" 200 531
120.253.135.82 - - [21/Aug/2023:08:49:00 +0800] "POST /xingrg/kc/pszx/mdps_list_operate.html HTTP/1.1" 200 2448
120.253.135.82 - - [21/Aug/2023:08:49:02 +0800] "POST /xingrg/kc/pszx/mdps_list_operate.html HTTP/1.1" 200 624
114.95.241.104 - - [21/Aug/2023:08:49:03 +0800] "POST /xingrg/dwr/call/plaincall/AjaxCheckService.setItemNumber.dwr HTTP/1.1" 200 77
114.95.241.104 - - [21/Aug/2023:08:49:05 +0800] "POST /xingrg/dwr/call/plaincall/AjaxCheckService.setItemNumber.dwr HTTP/1.1" 200 77
120.253.135.82 - - [21/Aug/2023:08:49:05 +0800] "GET /xingrg/kc/pszx/mdps_order_info.html?code=312023082000477 HTTP/1.1" 200 23978
120.253.135.82 - - [21/Aug/2023:08:49:05 +0800] "GET /xingrg/javascript/easyui/themes/default/validatebox.css HTTP/1.1" 404 1104
222.70.168.101 - - [21/Aug/2023:08:49:06 +0800] "GET /xingrg/all/function/internal_message.html?_=1692578973585&CODE_STATE=getMsg HTTP/1.1" 200 27
120.253.135.82 - - [21/Aug/2023:08:49:06 +0800] "GET /xingrg/all/function/internal_message.html?_=1692578760564&CODE_STATE=getMsg HTTP/1.1" 200 27
120.253.135.82 - - [21/Aug/2023:08:49:06 +0800] "POST /xingrg/kc/pszx/mdps_order_operate.html HTTP/1.1" 200 21820
114.95.241.104 - - [21/Aug/2023:08:49:08 +0800] "POST /xingrg/dwr/call/plaincall/AjaxCheckService.setItemNumber.dwr HTTP/1.1" 200 77
114.95.241.104 - - [21/Aug/2023:08:49:08 +0800] "GET /xingrg/all/function/internal_message.html?_=1692578857157&CODE_STATE=getMsg HTTP/1.1" 200 27
114.95.241.104 - - [21/Aug/2023:08:49:10 +0800] "POST /xingrg/dwr/call/plaincall/AjaxCheckService.setItemNumber.dwr HTTP/1.1" 200 77
180.152.241.196 - - [21/Aug/2023:08:49:11 +0800] "GET /xingrg/javascript/auto/indicator.gif HTTP/1.1" 404 1066
114.95.241.104 - - [21/Aug/2023:08:49:13 +0800] "POST /xingrg/dwr/call/plaincall/AjaxCheckService.setItemNumber.dwr HTTP/1.1" 200 77
114.95.241.104 - - [21/Aug/2023:08:49:17 +0800] "POST /xingrg/dwr/call/plaincall/AjaxCheckService.setItemNumber.dwr HTTP/1.1" 200 77
180.152.241.196 - - [21/Aug/2023:08:49:20 +0800] "GET /xingrg/kc/buy/cgsh_order_operate.html?command=get_materiel&rest_code=00102&code=00101016030&supplier_code=00100096&order_time=2023-08-21 HTTP/1.1" 200 412
114.95.241.104 - - [21/Aug/2023:08:49:21 +0800] "POST /xingrg/dwr/call/plaincall/AjaxCheckService.setItemNumber.dwr HTTP/1.1" 200 77
120.253.135.82 - - [21/Aug/2023:08:49:22 +0800] "POST /xingrg/kc/pszx/mdps_order_operate.html HTTP/1.1" 200 37
114.95.241.104 - - [21/Aug/2023:08:49:24 +0800] "POST /xingrg/dwr/call/plaincall/AjaxCheckService.setItemNumber.dwr HTTP/1.1" 200 77
120.253.135.82 - - [21/Aug/2023:08:49:28 +0800] "GET /xingrg/check_reg.html?_=1692578782826 HTTP/1.1" 200 22
180.152.241.196 - - [21/Aug/2023:08:49:30 +0800] "GET /xingrg/kc/buy/cgsh_order_operate.html?command=get_materiel&rest_code=00102&code=00101012025&supplier_code=00100096&order_time=2023-08-21 HTTP/1.1" 200 413
114.95.241.104 - - [21/Aug/2023:08:49:31 +0800] "POST /xingrg/dwr/call/plaincall/AjaxCheckService.setItemNumber.dwr HTTP/1.1" 200 77
120.253.135.82 - - [21/Aug/2023:08:49:33 +0800] "POST /xingrg/kc/pszx/mdps_order_operate.html HTTP/1.1" 200 12
114.95.241.104 - - [21/Aug/2023:08:49:35 +0800] "POST /xingrg/dwr/call/plaincall/AjaxCheckService.setItemNumber.dwr HTTP/1.1" 200 77
114.95.241.104 - - [21/Aug/2023:08:49:37 +0800] "POST /xingrg/dwr/call/plaincall/AjaxCheckService.setItemNumber.dwr HTTP/1.1" 200 77
114.83.217.94 - - [21/Aug/2023:08:49:38 +0800] "GET /xingrg/login.html HTTP/1.1" 200 7641
114.83.217.94 - - [21/Aug/2023:08:49:39 +0800] "GET /favicon.ico HTTP/1.1" 404 -
114.95.241.104 - - [21/Aug/2023:08:49:41 +0800] "POST /xingrg/dwr/call/plaincall/AjaxCheckService.setItemNumber.dwr HTTP/1.1" 200 77
180.152.241.196 - - [21/Aug/2023:08:49:42 +0800] "GET /xingrg/kc/buy/cgsh_order_operate.html?command=get_materiel&rest_code=00102&code=00101006177&supplier_code=00100096&order_time=2023-08-21 HTTP/1.1" 200 408
114.95.241.104 - - [21/Aug/2023:08:49:45 +0800] "POST /xingrg/dwr/call/plaincall/AjaxCheckService.setItemNumber.dwr HTTP/1.1" 200 77
101.83.145.37 - - [21/Aug/2023:08:49:45 +0800] "GET /xingrg/all/function/internal_message.html?_=1692578783711&CODE_STATE=getMsg HTTP/1.1" 200 27
114.95.241.104 - - [21/Aug/2023:08:49:45 +0800] "POST /xingrg/dwr/call/plaincall/AjaxCheckService.setItemNumber.dwr HTTP/1.1" 200 77
114.83.217.94 - - [21/Aug/2023:08:49:46 +0800] "POST /xingrg/login.do HTTP/1.1" 302 -
114.83.217.94 - - [21/Aug/2023:08:49:46 +0800] "GET /xingrg/index.html?sysBaseUrl=http%3A%2F%2F180.169.147.146%3A18081%2Fxingrg%2F&costTime=2406×tamp=1692578986156 HTTP/1.1" 200 17179
114.95.241.104 - - [21/Aug/2023:08:49:46 +0800] "POST /xingrg/dwr/call/plaincall/AjaxCheckService.setItemNumber.dwr HTTP/1.1" 200 77
114.83.217.94 - - [21/Aug/2023:08:49:46 +0800] "GET /favicon.ico HTTP/1.1" 404 -
114.83.217.94 - - [21/Aug/2023:08:49:46 +0800] "GET /xingrg/all/function/internal_message.html?_=1692578986653&CODE_STATE=count HTTP/1.1" 200 11
114.83.217.94 - - [21/Aug/2023:08:49:46 +0800] "GET /xingrg/check_reg.html?_=1692578986654 HTTP/1.1" 200 22
114.83.217.94 - - [21/Aug/2023:08:49:46 +0800] "POST /xingrg/all/common/load_tree.html?tree=area_rest_tree_json&manage=1 HTTP/1.1" 200 351
114.83.217.94 - - [21/Aug/2023:08:49:46 +0800] "POST /xingrg/load_menu.html HTTP/1.1" 200 5138
114.95.241.104 - - [21/Aug/2023:08:49:49 +0800] "POST /xingrg/dwr/call/plaincall/AjaxCheckService.setItemNumber.dwr HTTP/1.1" 200 77
114.95.241.104 - - [21/Aug/2023:08:49:50 +0800] "POST /xingrg/dwr/call/plaincall/AjaxCheckService.setItemNumber.dwr HTTP/1.1" 200 77
114.83.217.94 - - [21/Aug/2023:08:49:50 +0800] "GET /xingrg/kc/buy/cgsh_order_list.html HTTP/1.1" 200 56188
114.95.241.104 - - [21/Aug/2023:08:49:53 +0800] "POST /xingrg/dwr/call/plaincall/AjaxCheckService.setItemNumber.dwr HTTP/1.1" 200 77
114.95.241.104 - - [21/Aug/2023:08:49:53 +0800] "GET /xingrg/all/function/internal_message.html?_=1692578993755&CODE_STATE=getMsg HTTP/1.1" 200 27
180.152.241.196 - - [21/Aug/2023:08:49:53 +0800] "GET /xingrg/kc/buy/cgsh_order_operate.html?command=get_materiel&rest_code=00102&code=00101006111&supplier_code=00100096&order_time=2023-08-21 HTTP/1.1" 200 410
120.253.135.82 - - [21/Aug/2023:08:49:54 +0800] "GET /xingrg/kc/pszx/mdps_order_info.html?code=312023082000477 HTTP/1.1" 200 19638
120.253.135.82 - - [21/Aug/2023:08:49:54 +0800] "GET /xingrg/javascript/easyui/themes/default/validatebox.css HTTP/1.1" 404 1104
114.83.217.94 - - [21/Aug/2023:08:49:55 +0800] "POST /xingrg/kc/buy/cgsh_list_operate.html HTTP/1.1" 200 986
120.253.135.82 - - [21/Aug/2023:08:49:55 +0800] "POST /xingrg/kc/pszx/mdps_order_operate.html HTTP/1.1" 200 19884
114.95.241.104 - - [21/Aug/2023:08:49:56 +0800] "POST /xingrg/dwr/call/plaincall/AjaxCheckService.setItemNumber.dwr HTTP/1.1" 200 77
180.152.241.196 - - [21/Aug/2023:08:49:56 +0800] "GET /xingrg/all/function/internal_message.html?_=1692578997030&CODE_STATE=getMsg HTTP/1.1" 200 27
120.253.135.82 - - [21/Aug/2023:08:49:56 +0800] "POST /xingrg/kc/pszx/mdps_list_operate.html HTTP/1.1" 200 2075
114.95.241.104 - - [21/Aug/2023:08:49:57 +0800] "POST /xingrg/dwr/call/plaincall/AjaxCheckService.setItemNumber.dwr HTTP/1.1" 200 77
120.253.135.82 - - [21/Aug/2023:08:49:59 +0800] "POST /xingrg/kc/pszx/mdps_list_operate.html HTTP/1.1" 200 691
114.95.241.104 - - [21/Aug/2023:08:49:59 +0800] "POST /xingrg/dwr/call/plaincall/AjaxCheckService.setItemNumber.dwr HTTP/1.1" 200 77
114.83.217.94 - - [21/Aug/2023:08:50:00 +0800] "GET /xingrg/kc/buy/cgsh_order_add.html HTTP/1.1" 200 72052
114.83.217.94 - - [21/Aug/2023:08:50:00 +0800] "GET /xingrg/words/20230820160106_words.js HTTP/1.1" 200 984076
114.83.217.94 - - [21/Aug/2023:08:50:00 +0800] "POST /xingrg/kc/buy/cgsh_order_operate.html HTTP/1.1" 200 8245
114.83.217.94 - - [21/Aug/2023:08:50:00 +0800] "GET /xingrg/javascript/easyui/themes/default/validatebox.css HTTP/1.1" 404 1104
114.83.217.94 - - [21/Aug/2023:08:50:00 +0800] "GET /xingrg/all/common/auto_word.html?type=employee&rest_code=00149 HTTP/1.1" 200 197
114.83.217.94 - - [21/Aug/2023:08:50:00 +0800] "GET /xingrg/all/common/auto_word.html?type=employee&rest_code=00149 HTTP/1.1" 200 197
114.83.217.94 - - [21/Aug/2023:08:50:01 +0800] "GET /xingrg/javascript/auto/indicator.gif HTTP/1.1" 404 1066
120.253.135.82 - - [21/Aug/2023:08:50:01 +0800] "GET /xingrg/kc/pszx/mdps_order_info.html?code=312023082000482 HTTP/1.1" 200 23978
114.95.241.104 - - [21/Aug/2023:08:50:02 +0800] "POST /xingrg/dwr/call/plaincall/AjaxCheckService.setItemNumber.dwr HTTP/1.1" 200 77
120.253.135.82 - - [21/Aug/2023:08:50:02 +0800] "GET /xingrg/javascript/easyui/themes/default/validatebox.css HTTP/1.1" 404 1104
120.253.135.82 - - [21/Aug/2023:08:50:02 +0800] "POST /xingrg/kc/pszx/mdps_order_operate.html HTTP/1.1" 200 5360
114.95.241.104 - - [21/Aug/2023:08:50:04 +0800] "POST /xingrg/dwr/call/plaincall/AjaxCheckService.setItemNumber.dwr HTTP/1.1" 200 77
180.152.241.196 - - [21/Aug/2023:08:50:05 +0800] "GET /xingrg/kc/buy/cgsh_order_operate.html?command=get_materiel&rest_code=00102&code=00101006180&supplier_code=00100096&order_time=2023-08-21 HTTP/1.1" 200 423
222.70.168.101 - - [21/Aug/2023:08:50:06 +0800] "GET /xingrg/all/function/internal_message.html?_=1692579033613&CODE_STATE=getMsg HTTP/1.1" 200 27
120.253.135.82 - - [21/Aug/2023:08:50:06 +0800] "GET /xingrg/all/function/internal_message.html?_=1692578820576&CODE_STATE=getMsg HTTP/1.1" 200 27
114.95.241.104 - - [21/Aug/2023:08:50:08 +0800] "GET /xingrg/all/function/internal_message.html?_=1692578917167&CODE_STATE=getMsg HTTP/1.1" 200 27
114.95.241.104 - - [21/Aug/2023:08:50:09 +0800] "POST /xingrg/dwr/call/plaincall/AjaxCheckService.setItemNumber.dwr HTTP/1.1" 200 77
114.95.241.104 - - [21/Aug/2023:08:50:10 +0800] "POST /xingrg/dwr/call/plaincall/AjaxCheckService.setItemNumber.dwr HTTP/1.1" 200 77
114.83.217.94 - - [21/Aug/2023:08:50:11 +0800] "GET /xingrg/kc/buy/cgsh_order_operate.html?command=get_materiel&rest_code=00149&code=00101008261&supplier_code=00100008&order_time=2023-08-21 HTTP/1.1" 200 408
114.95.241.104 - - [21/Aug/2023:08:50:14 +0800] "POST /xingrg/dwr/call/plaincall/AjaxCheckService.setItemNumber.dwr HTTP/1.1" 200 77
