180.169.147.146 - - [20/Aug/2023:11:34:36 +0800] "GET /xingrg/all/function/internal_message.html?_=1692502476927&CODE_STATE=getMsg HTTP/1.1" 200 27
114.95.241.104 - - [20/Aug/2023:11:34:37 +0800] "GET /xingrg/all/function/internal_message.html?_=1692502475433&CODE_STATE=getMsg HTTP/1.1" 200 27
222.67.237.86 - - [20/Aug/2023:11:34:38 +0800] "GET /xingrg/kc/buy/cgsh_order_info.html?code=212023082008175 HTTP/1.1" 200 66875
222.67.237.86 - - [20/Aug/2023:11:34:38 +0800] "GET /xingrg/javascript/easyui/themes/default/validatebox.css HTTP/1.1" 404 1104
114.83.217.94 - - [20/Aug/2023:11:34:39 +0800] "GET /xingrg/all/function/internal_message.html?_=1692502479050&CODE_STATE=getMsg HTTP/1.1" 200 27
222.69.129.152 - - [20/Aug/2023:11:34:39 +0800] "GET /xingrg/all/function/internal_message.html?_=1692502616602&CODE_STATE=getMsg HTTP/1.1" 200 27
222.70.180.200 - - [20/Aug/2023:11:34:39 +0800] "GET /xingrg/all/function/internal_message.html?_=1692502592804&CODE_STATE=getMsg HTTP/1.1" 200 27
222.67.237.86 - - [20/Aug/2023:11:34:40 +0800] "POST /xingrg/kc/buy/cgsh_order_operate.html HTTP/1.1" 200 615
222.70.180.200 - - [20/Aug/2023:11:34:41 +0800] "GET /xingrg/kc/buy/cgsh_order_operate.html?command=get_materiel&rest_code=00111&code=00101018011&supplier_code=00100012&order_time=2023-08-20 HTTP/1.1" 200 413
222.67.237.86 - - [20/Aug/2023:11:34:41 +0800] "GET /xingrg/kc/print/load_data.html?order_code=212023082008175&kc_code=cgsh&condition= HTTP/1.1" 200 794
101.83.145.37 - - [20/Aug/2023:11:34:42 +0800] "POST /xingrg/kc/buy/cgsh_list_operate.html HTTP/1.1" 200 3973
180.169.147.146 - - [20/Aug/2023:11:34:43 +0800] "GET /xingrg/all/function/internal_message.html?_=1692502471509&CODE_STATE=getMsg HTTP/1.1" 200 27
114.83.217.94 - - [20/Aug/2023:11:34:44 +0800] "GET /xingrg/all/function/internal_message.html?_=1692502484133&CODE_STATE=getMsg HTTP/1.1" 200 27
222.67.237.86 - - [20/Aug/2023:11:34:46 +0800] "GET /xingrg/kc/buy/cgsh_order_add.html HTTP/1.1" 200 71964
222.67.237.86 - - [20/Aug/2023:11:34:46 +0800] "GET /xingrg/javascript/easyui/themes/default/validatebox.css HTTP/1.1" 404 1104
222.67.237.86 - - [20/Aug/2023:11:34:46 +0800] "POST /xingrg/kc/buy/cgsh_order_operate.html HTTP/1.1" 200 8245
124.78.155.92 - - [20/Aug/2023:11:34:46 +0800] "GET /xingrg/all/function/internal_message.html?_=1692502485953&CODE_STATE=getMsg HTTP/1.1" 200 27
124.78.155.92 - - [20/Aug/2023:11:34:47 +0800] "GET /xingrg/all/function/internal_message.html?_=1692502482542&CODE_STATE=getMsg HTTP/1.1" 200 27
180.163.29.79 - - [20/Aug/2023:11:34:48 +0800] "GET /xingrg/check_reg.html?_=1692502423165 HTTP/1.1" 302 -
180.163.29.79 - - [20/Aug/2023:11:34:48 +0800] "GET /xingrg/login.html HTTP/1.1" 200 7641
116.232.195.127 - - [20/Aug/2023:11:34:48 +0800] "GET /xingrg/kc/base/check_order_list.html?isBack=1 HTTP/1.1" 200 16340
114.95.241.104 - - [20/Aug/2023:11:34:49 +0800] "POST /xingrg/kc/buy/cgsh_order_operate.html HTTP/1.1" 200 37
116.232.195.127 - - [20/Aug/2023:11:34:49 +0800] "POST /xingrg/kc/base/check_list_operate.html HTTP/1.1" 200 2220
116.235.244.17 - - [20/Aug/2023:11:34:50 +0800] "GET /xingrg/kc/buy/cgsh_order_operate.html?command=get_materiel&rest_code=00146&code=00101004104&supplier_code=00100086&order_time=2023-08-20 HTTP/1.1" 200 428
101.83.145.37 - - [20/Aug/2023:11:34:51 +0800] "GET /xingrg/all/function/internal_message.html?_=1692502290766&CODE_STATE=getMsg HTTP/1.1" 200 27
116.232.195.127 - - [20/Aug/2023:11:34:53 +0800] "GET /xingrg/all/function/internal_message.html?_=1692502415239&CODE_STATE=getMsg HTTP/1.1" 200 27
124.78.155.92 - - [20/Aug/2023:11:34:57 +0800] "POST /xingrg/dwr/call/plaincall/AjaxQqpsService.getMaterielByCode.dwr HTTP/1.1" 200 2723
114.95.241.104 - - [20/Aug/2023:11:34:58 +0800] "POST /xingrg/kc/buy/cgsh_order_operate.html HTTP/1.1" 200 12
222.67.237.86 - - [20/Aug/2023:11:35:00 +0800] "GET /xingrg/kc/buy/cgsh_order_operate.html?command=get_materiel&rest_code=00141&code=00101012046&supplier_code=00100487&order_time=2023-08-20 HTTP/1.1" 200 417
114.95.241.104 - - [20/Aug/2023:11:35:00 +0800] "GET /xingrg/kc/buy/cgsh_order_info.html?code=212023082008176 HTTP/1.1" 200 66921
114.95.241.104 - - [20/Aug/2023:11:35:01 +0800] "GET /xingrg/javascript/easyui/themes/default/validatebox.css HTTP/1.1" 404 1104
124.78.155.92 - - [20/Aug/2023:11:35:02 +0800] "POST /xingrg/dwr/call/plaincall/AjaxQqpsService.saveMaterielItem.dwr HTTP/1.1" 200 78
114.95.241.104 - - [20/Aug/2023:11:35:03 +0800] "POST /xingrg/kc/buy/cgsh_order_operate.html HTTP/1.1" 200 1215
116.235.244.17 - - [20/Aug/2023:11:35:03 +0800] "GET /xingrg/all/function/internal_message.html?_=1692502527292&CODE_STATE=getMsg HTTP/1.1" 200 27
114.95.241.104 - - [20/Aug/2023:11:35:05 +0800] "GET /xingrg/kc/print/load_data.html?order_code=212023082008176&kc_code=cgsh&condition= HTTP/1.1" 200 1006
116.235.244.17 - - [20/Aug/2023:11:35:06 +0800] "GET /xingrg/kc/buy/cgsh_order_operate.html?command=get_materiel&rest_code=00146&code=00101004065&supplier_code=00100086&order_time=2023-08-20 HTTP/1.1" 200 413
222.70.180.200 - - [20/Aug/2023:11:35:09 +0800] "GET /xingrg/kc/buy/cgsh_order_operate.html?command=get_materiel&rest_code=00111&code=00101006112&supplier_code=00100012&order_time=2023-08-20 HTTP/1.1" 200 409
114.95.241.104 - - [20/Aug/2023:11:35:10 +0800] "GET /xingrg/kc/buy/cgsh_order_add.html HTTP/1.1" 200 72008
58.39.105.177 - - [20/Aug/2023:11:35:10 +0800] "GET /xingrg/all/function/internal_message.html?_=1692502511384&CODE_STATE=getMsg HTTP/1.1" 200 27
114.95.241.104 - - [20/Aug/2023:11:35:10 +0800] "POST /xingrg/kc/buy/cgsh_order_operate.html HTTP/1.1" 200 8245
114.95.241.104 - - [20/Aug/2023:11:35:10 +0800] "GET /xingrg/javascript/easyui/themes/default/validatebox.css HTTP/1.1" 404 1104
116.235.94.33 - - [20/Aug/2023:11:35:13 +0800] "GET /xingrg/all/function/internal_message.html?_=1692502805430&CODE_STATE=getMsg HTTP/1.1" 200 27
58.39.105.177 - - [20/Aug/2023:11:35:16 +0800] "GET /xingrg/kc/buy/buy_main.html HTTP/1.1" 200 12412
58.39.105.177 - - [20/Aug/2023:11:35:16 +0800] "GET /xingrg/css/new_ie.css HTTP/1.1" 404 1036
101.83.145.37 - - [20/Aug/2023:11:35:16 +0800] "GET /xingrg/all/function/internal_message.html?_=1692502518134&CODE_STATE=getMsg HTTP/1.1" 200 27
58.39.105.177 - - [20/Aug/2023:11:35:16 +0800] "GET /xingrg/images/yd/bt.gif HTTP/1.1" 404 1040
101.83.145.37 - - [20/Aug/2023:11:35:16 +0800] "GET /xingrg/check_reg.html?_=1692502518715 HTTP/1.1" 200 22
58.39.105.177 - - [20/Aug/2023:11:35:17 +0800] "GET /xingrg/kc/buy/cgsh_order_list.html HTTP/1.1" 200 56186
124.78.155.92 - - [20/Aug/2023:11:35:19 +0800] "POST /xingrg/dwr/call/plaincall/AjaxQqpsService.saveOrder.dwr HTTP/1.1" 200 78
180.152.241.196 - - [20/Aug/2023:11:35:20 +0800] "GET /xingrg/all/function/internal_message.html?_=1692502522334&CODE_STATE=getMsg HTTP/1.1" 200 27
120.253.135.82 - - [20/Aug/2023:11:35:23 +0800] "GET /xingrg/all/function/internal_message.html?_=1692502338045&CODE_STATE=getMsg HTTP/1.1" 200 27
116.235.244.17 - - [20/Aug/2023:11:35:24 +0800] "POST /xingrg/kc/buy/cgsh_order_operate.html HTTP/1.1" 200 37
124.78.155.92 - - [20/Aug/2023:11:35:24 +0800] "GET /xingrg/kc/base/base_main.html HTTP/1.1" 200 12142
114.95.241.104 - - [20/Aug/2023:11:35:25 +0800] "GET /xingrg/kc/buy/cgsh_order_operate.html?command=get_materiel&rest_code=00150&code=00101020043&supplier_code=00100337&order_time=2023-08-20 HTTP/1.1" 200 413
124.78.155.92 - - [20/Aug/2023:11:35:26 +0800] "GET /xingrg/kc/mdqp/qp_main.html HTTP/1.1" 200 10633
222.70.180.200 - - [20/Aug/2023:11:35:26 +0800] "GET /xingrg/all/function/internal_message.html?_=1692502527429&CODE_STATE=getMsg HTTP/1.1" 200 27
116.235.244.17 - - [20/Aug/2023:11:35:27 +0800] "POST /xingrg/kc/buy/cgsh_order_operate.html HTTP/1.1" 200 3251
124.78.155.92 - - [20/Aug/2023:11:35:29 +0800] "GET /xingrg/kc/mdqp/qqps_order_list.html HTTP/1.1" 200 12334
124.78.155.92 - - [20/Aug/2023:11:35:29 +0800] "GET /xingrg/dwr/interface/AjaxQqpsService.js HTTP/1.1" 200 16326
124.78.155.92 - - [20/Aug/2023:11:35:29 +0800] "GET /xingrg/dwr/interface/AjaxReportQueryService.js HTTP/1.1" 200 13203
124.78.155.92 - - [20/Aug/2023:11:35:29 +0800] "GET /xingrg/dwr/engine.js HTTP/1.1" 200 43631
222.67.237.86 - - [20/Aug/2023:11:35:30 +0800] "GET /xingrg/all/function/internal_message.html?_=1692501980972&CODE_STATE=getMsg HTTP/1.1" 200 27
222.67.237.86 - - [20/Aug/2023:11:35:30 +0800] "GET /xingrg/check_reg.html?_=1692501981745 HTTP/1.1" 200 22
101.228.187.155 - - [20/Aug/2023:11:35:31 +0800] "GET /xingrg/all/function/internal_message.html?_=1692502531389&CODE_STATE=getMsg HTTP/1.1" 200 27
116.235.244.17 - - [20/Aug/2023:11:35:31 +0800] "GET /xingrg/kc/print/load_data.html?order_code=212023082008177&kc_code=cgsh&condition= HTTP/1.1" 200 969
180.165.48.189 - - [20/Aug/2023:11:35:33 +0800] "GET /xingrg/all/function/internal_message.html?_=1692502532839&CODE_STATE=getMsg HTTP/1.1" 200 27
101.80.225.121 - - [20/Aug/2023:11:35:34 +0800] "POST /xingrg/services/DataTransmitService HTTP/1.1" 200 524
101.80.225.121 - - [20/Aug/2023:11:35:34 +0800] "POST /xingrg/services/DataTransmitService HTTP/1.1" 200 501
180.165.48.189 - - [20/Aug/2023:11:35:35 +0800] "GET /xingrg/check_reg.html?_=1692502534532 HTTP/1.1" 200 22
180.163.30.76 - - [20/Aug/2023:11:35:36 +0800] "GET /xingrg/all/function/internal_message.html?_=1692502476927&CODE_STATE=getMsg HTTP/1.1" 302 -
180.163.30.76 - - [20/Aug/2023:11:35:36 +0800] "GET /xingrg/login.html HTTP/1.1" 200 7641
180.169.147.146 - - [20/Aug/2023:11:35:36 +0800] "GET /xingrg/all/function/internal_message.html?_=1692502536927&CODE_STATE=getMsg HTTP/1.1" 200 27
114.95.241.104 - - [20/Aug/2023:11:35:37 +0800] "GET /xingrg/all/function/internal_message.html?_=1692502535441&CODE_STATE=getMsg HTTP/1.1" 200 27
116.235.244.17 - - [20/Aug/2023:11:35:39 +0800] "GET /xingrg/kc/buy/cgsh_order_add.html HTTP/1.1" 200 71964
222.69.129.152 - - [20/Aug/2023:11:35:39 +0800] "GET /xingrg/all/function/internal_message.html?_=1692502676575&CODE_STATE=getMsg HTTP/1.1" 200 27
114.83.217.94 - - [20/Aug/2023:11:35:39 +0800] "GET /xingrg/all/function/internal_message.html?_=1692502539047&CODE_STATE=getMsg HTTP/1.1" 200 27
222.70.180.200 - - [20/Aug/2023:11:35:39 +0800] "GET /xingrg/all/function/internal_message.html?_=1692502652778&CODE_STATE=getMsg HTTP/1.1" 200 27
116.235.244.17 - - [20/Aug/2023:11:35:40 +0800] "POST /xingrg/kc/buy/cgsh_order_operate.html HTTP/1.1" 200 8245
116.235.244.17 - - [20/Aug/2023:11:35:40 +0800] "GET /xingrg/javascript/easyui/themes/default/validatebox.css HTTP/1.1" 404 1104
222.70.180.200 - - [20/Aug/2023:11:35:40 +0800] "GET /xingrg/kc/buy/cgsh_order_operate.html?command=get_materiel&rest_code=00111&code=00101006013&supplier_code=00100012&order_time=2023-08-20 HTTP/1.1" 200 409
101.83.145.37 - - [20/Aug/2023:11:35:41 +0800] "GET /xingrg/javascript/jquery_easy_ui/themes/icons/rest.png HTTP/1.1" 304 -
101.83.145.37 - - [20/Aug/2023:11:35:41 +0800] "GET /xingrg/javascript/jquery_easy_ui/themes/icons/manage.png HTTP/1.1" 304 -
101.83.145.37 - - [20/Aug/2023:11:35:41 +0800] "GET /xingrg/javascript/jquery_easy_ui/themes/icons/area.png HTTP/1.1" 304 -
180.169.147.146 - - [20/Aug/2023:11:35:43 +0800] "GET /xingrg/all/function/internal_message.html?_=1692502531507&CODE_STATE=getMsg HTTP/1.1" 200 27
114.83.217.94 - - [20/Aug/2023:11:35:44 +0800] "GET /xingrg/all/function/internal_message.html?_=1692502544135&CODE_STATE=getMsg HTTP/1.1" 200 27
124.78.155.92 - - [20/Aug/2023:11:35:46 +0800] "GET /xingrg/all/function/internal_message.html?_=1692502545970&CODE_STATE=getMsg HTTP/1.1" 200 27
124.78.155.92 - - [20/Aug/2023:11:35:47 +0800] "GET /xingrg/all/function/internal_message.html?_=1692502542523&CODE_STATE=getMsg HTTP/1.1" 200 27
101.83.145.37 - - [20/Aug/2023:11:35:51 +0800] "GET /xingrg/all/function/internal_message.html?_=1692502350752&CODE_STATE=getMsg HTTP/1.1" 200 27
116.232.195.127 - - [20/Aug/2023:11:35:53 +0800] "GET /xingrg/all/function/internal_message.html?_=1692502475245&CODE_STATE=getMsg HTTP/1.1" 200 27
222.67.237.86 - - [20/Aug/2023:11:35:56 +0800] "POST /xingrg/kc/buy/cgsh_order_operate.html HTTP/1.1" 200 37
116.235.244.17 - - [20/Aug/2023:11:36:00 +0800] "GET /xingrg/kc/buy/cgsh_order_operate.html?command=get_materiel&rest_code=00146&code=00101002006&supplier_code=00100091&order_time=2023-08-20 HTTP/1.1" 200 414
116.235.244.17 - - [20/Aug/2023:11:36:03 +0800] "GET /xingrg/all/function/internal_message.html?_=1692502587416&CODE_STATE=getMsg HTTP/1.1" 200 27
222.67.237.86 - - [20/Aug/2023:11:36:06 +0800] "POST /xingrg/kc/buy/cgsh_order_operate.html HTTP/1.1" 200 12
58.39.105.177 - - [20/Aug/2023:11:36:10 +0800] "GET /xingrg/all/function/internal_message.html?_=1692502571379&CODE_STATE=getMsg HTTP/1.1" 200 27
116.235.94.33 - - [20/Aug/2023:11:36:13 +0800] "GET /xingrg/all/function/internal_message.html?_=1692502865429&CODE_STATE=getMsg HTTP/1.1" 200 27
58.39.105.177 - - [20/Aug/2023:11:36:14 +0800] "POST /xingrg/kc/buy/cgsh_list_operate.html HTTP/1.1" 200 4440
222.67.237.86 - - [20/Aug/2023:11:36:15 +0800] "GET /xingrg/kc/buy/cgsh_order_info.html?code=212023082008178 HTTP/1.1" 200 66883
222.67.237.86 - - [20/Aug/2023:11:36:16 +0800] "GET /xingrg/javascript/easyui/themes/default/validatebox.css HTTP/1.1" 404 1104
116.235.244.17 - - [20/Aug/2023:11:36:16 +0800] "GET /xingrg/kc/buy/cgsh_order_operate.html?command=get_materiel&rest_code=00146&code=00101003037&supplier_code=00100091&order_time=2023-08-20 HTTP/1.1" 200 415
101.83.145.37 - - [20/Aug/2023:11:36:16 +0800] "GET /xingrg/all/function/internal_message.html?_=1692502578105&CODE_STATE=getMsg HTTP/1.1" 200 27
222.67.237.86 - - [20/Aug/2023:11:36:17 +0800] "POST /xingrg/kc/buy/cgsh_order_operate.html HTTP/1.1" 200 610
180.152.241.196 - - [20/Aug/2023:11:36:19 +0800] "GET /xingrg/all/function/internal_message.html?_=1692502582318&CODE_STATE=getMsg HTTP/1.1" 200 27
114.95.241.104 - - [20/Aug/2023:11:36:20 +0800] "GET /xingrg/kc/buy/cgsh_order_operate.html?command=get_materiel&rest_code=00150&code=00101019319&supplier_code=00100337&order_time=2023-08-20 HTTP/1.1" 200 417
222.67.237.86 - - [20/Aug/2023:11:36:21 +0800] "GET /xingrg/kc/print/load_data.html?order_code=212023082008178&kc_code=cgsh&condition= HTTP/1.1" 200 713
120.253.135.82 - - [20/Aug/2023:11:36:23 +0800] "GET /xingrg/check_reg.html?_=1692502397933 HTTP/1.1" 200 22
120.253.135.82 - - [20/Aug/2023:11:36:23 +0800] "GET /xingrg/all/function/internal_message.html?_=1692502398059&CODE_STATE=getMsg HTTP/1.1" 200 27
222.70.180.200 - - [20/Aug/2023:11:36:25 +0800] "GET /xingrg/kc/guide/show_order.html?code=422023080500494&type=42 HTTP/1.1" 302 -
222.70.180.200 - - [20/Aug/2023:11:36:26 +0800] "GET /xingrg/kc/base/wldb_order_info.html?code=422023080500494&sysBaseUrl=http%3A%2F%2F180.169.147.146%3A18081%2Fxingrg%2F&costTime=0×tamp=1692502585614 HTTP/1.1" 200 26640
222.70.180.200 - - [20/Aug/2023:11:36:26 +0800] "GET /favicon.ico HTTP/1.1" 404 -
222.70.180.200 - - [20/Aug/2023:11:36:26 +0800] "GET /xingrg/all/function/internal_message.html?_=1692502587414&CODE_STATE=getMsg HTTP/1.1" 200 27
222.70.180.200 - - [20/Aug/2023:11:36:27 +0800] "GET /xingrg/javascript/easyui/themes/default/validatebox.css HTTP/1.1" 404 1104
222.70.180.200 - - [20/Aug/2023:11:36:27 +0800] "POST /xingrg/kc/base/wldb_order_operate.html HTTP/1.1" 200 496
222.67.237.86 - - [20/Aug/2023:11:36:30 +0800] "GET /xingrg/all/function/internal_message.html?_=1692502040940&CODE_STATE=getMsg HTTP/1.1" 200 27
101.228.187.155 - - [20/Aug/2023:11:36:31 +0800] "GET /xingrg/all/function/internal_message.html?_=1692502591388&CODE_STATE=getMsg HTTP/1.1" 200 27
180.165.48.189 - - [20/Aug/2023:11:36:33 +0800] "GET /xingrg/all/function/internal_message.html?_=1692502592822&CODE_STATE=getMsg HTTP/1.1" 200 27
116.235.244.17 - - [20/Aug/2023:11:36:36 +0800] "POST /xingrg/kc/buy/cgsh_order_operate.html HTTP/1.1" 200 37
180.169.147.146 - - [20/Aug/2023:11:36:36 +0800] "GET /xingrg/all/function/internal_message.html?_=1692502596931&CODE_STATE=getMsg HTTP/1.1" 200 27
114.95.241.104 - - [20/Aug/2023:11:36:37 +0800] "GET /xingrg/all/function/internal_message.html?_=1692502595446&CODE_STATE=getMsg HTTP/1.1" 200 27
222.69.129.152 - - [20/Aug/2023:11:36:39 +0800] "GET /xingrg/all/function/internal_message.html?_=1692502736565&CODE_STATE=getMsg HTTP/1.1" 200 27
222.70.180.200 - - [20/Aug/2023:11:36:39 +0800] "GET /xingrg/all/function/internal_message.html?_=1692502712760&CODE_STATE=getMsg HTTP/1.1" 200 27
101.83.145.37 - - [20/Aug/2023:11:36:41 +0800] "POST /xingrg/kc/buy/cgsh_list_operate.html HTTP/1.1" 200 4
116.235.244.17 - - [20/Aug/2023:11:36:43 +0800] "POST /xingrg/kc/buy/cgsh_order_operate.html HTTP/1.1" 200 3260
180.169.147.146 - - [20/Aug/2023:11:36:43 +0800] "GET /xingrg/all/function/internal_message.html?_=1692502591505&CODE_STATE=getMsg HTTP/1.1" 200 27
180.169.147.146 - - [20/Aug/2023:11:36:43 +0800] "GET /xingrg/check_reg.html?_=1692502591506 HTTP/1.1" 200 22
114.83.217.94 - - [20/Aug/2023:11:36:44 +0800] "GET /xingrg/all/function/internal_message.html?_=1692502604140&CODE_STATE=getMsg HTTP/1.1" 200 27
222.67.237.86 - - [20/Aug/2023:11:36:46 +0800] "GET /xingrg/kc/buy/cgsh_order_add.html HTTP/1.1" 200 71964
124.78.155.92 - - [20/Aug/2023:11:36:46 +0800] "GET /xingrg/check_reg.html?_=1692502605970 HTTP/1.1" 200 22
124.78.155.92 - - [20/Aug/2023:11:36:46 +0800] "GET /xingrg/all/function/internal_message.html?_=1692502605973&CODE_STATE=getMsg HTTP/1.1" 200 27
222.67.237.86 - - [20/Aug/2023:11:36:47 +0800] "POST /xingrg/kc/buy/cgsh_order_operate.html HTTP/1.1" 200 8245
222.67.237.86 - - [20/Aug/2023:11:36:47 +0800] "GET /xingrg/javascript/easyui/themes/default/validatebox.css HTTP/1.1" 404 1104
124.78.155.92 - - [20/Aug/2023:11:36:47 +0800] "GET /xingrg/all/function/internal_message.html?_=1692502602496&CODE_STATE=getMsg HTTP/1.1" 200 27
116.235.244.17 - - [20/Aug/2023:11:36:48 +0800] "GET /xingrg/kc/print/load_data.html?order_code=212023082008179&kc_code=cgsh&condition= HTTP/1.1" 200 979
101.83.145.37 - - [20/Aug/2023:11:36:51 +0800] "GET /xingrg/all/function/internal_message.html?_=1692502410722&CODE_STATE=getMsg HTTP/1.1" 200 27
116.232.195.127 - - [20/Aug/2023:11:36:53 +0800] "GET /xingrg/check_reg.html?_=1692502535244 HTTP/1.1" 200 22
116.232.195.127 - - [20/Aug/2023:11:36:53 +0800] "GET /xingrg/all/function/internal_message.html?_=1692502535246&CODE_STATE=getMsg HTTP/1.1" 200 27
222.70.180.200 - - [20/Aug/2023:11:36:59 +0800] "POST /xingrg/kc/buy/cgsh_order_operate.html HTTP/1.1" 200 37
222.70.180.200 - - [20/Aug/2023:11:37:01 +0800] "POST /xingrg/kc/buy/cgsh_order_operate.html HTTP/1.1" 200 12203
222.67.237.86 - - [20/Aug/2023:11:37:02 +0800] "GET /xingrg/kc/buy/cgsh_order_operate.html?command=get_materiel&rest_code=00141&code=00101004050&supplier_code=00100312&order_time=2023-08-20 HTTP/1.1" 200 409
116.235.244.17 - - [20/Aug/2023:11:37:03 +0800] "GET /xingrg/all/function/internal_message.html?_=1692502647733&CODE_STATE=getMsg HTTP/1.1" 200 27
58.39.105.177 - - [20/Aug/2023:11:37:10 +0800] "GET /xingrg/all/function/internal_message.html?_=1692502631384&CODE_STATE=getMsg HTTP/1.1" 200 27
116.235.94.33 - - [20/Aug/2023:11:37:13 +0800] "GET /xingrg/all/function/internal_message.html?_=1692502925427&CODE_STATE=getMsg HTTP/1.1" 200 27
116.235.94.33 - - [20/Aug/2023:11:37:13 +0800] "GET /xingrg/check_reg.html?_=1692502925428 HTTP/1.1" 200 22
114.95.241.104 - - [20/Aug/2023:11:37:16 +0800] "POST /xingrg/kc/buy/cgsh_order_operate.html HTTP/1.1" 200 37
222.67.237.86 - - [20/Aug/2023:11:37:17 +0800] "GET /xingrg/kc/buy/cgsh_order_operate.html?command=get_materiel&rest_code=00141&code=00101004030&supplier_code=00100312&order_time=2023-08-20 HTTP/1.1" 200 408
114.95.241.104 - - [20/Aug/2023:11:37:19 +0800] "POST /xingrg/kc/buy/cgsh_order_operate.html HTTP/1.1" 200 2656
180.152.241.196 - - [20/Aug/2023:11:37:20 +0800] "GET /xingrg/all/function/internal_message.html?_=1692502642333&CODE_STATE=getMsg HTTP/1.1" 200 27
114.95.241.104 - - [20/Aug/2023:11:37:20 +0800] "GET /xingrg/kc/buy/cgsh_order_add.html HTTP/1.1" 200 72008
114.95.241.104 - - [20/Aug/2023:11:37:21 +0800] "POST /xingrg/kc/buy/cgsh_order_operate.html HTTP/1.1" 200 8245
114.95.241.104 - - [20/Aug/2023:11:37:21 +0800] "GET /xingrg/javascript/easyui/themes/default/validatebox.css HTTP/1.1" 404 1104
120.253.135.82 - - [20/Aug/2023:11:37:23 +0800] "GET /xingrg/all/function/internal_message.html?_=1692502458072&CODE_STATE=getMsg HTTP/1.1" 200 27
222.70.180.200 - - [20/Aug/2023:11:37:26 +0800] "GET /xingrg/all/function/internal_message.html?_=1692502647386&CODE_STATE=getMsg HTTP/1.1" 200 27
222.67.237.86 - - [20/Aug/2023:11:37:28 +0800] "GET /xingrg/kc/buy/cgsh_order_operate.html?command=get_materiel&rest_code=00141&code=00101001045&supplier_code=00100312&order_time=2023-08-20 HTTP/1.1" 200 421
180.152.241.196 - - [20/Aug/2023:11:37:29 +0800] "GET /xingrg/kc/buy/cgsh_order_list.html HTTP/1.1" 200 56182
222.67.237.86 - - [20/Aug/2023:11:37:30 +0800] "GET /xingrg/all/function/internal_message.html?_=1692502100910&CODE_STATE=getMsg HTTP/1.1" 200 27
101.228.187.155 - - [20/Aug/2023:11:37:31 +0800] "GET /xingrg/all/function/internal_message.html?_=1692502651389&CODE_STATE=getMsg HTTP/1.1" 200 27
114.95.241.104 - - [20/Aug/2023:11:37:32 +0800] "GET /xingrg/kc/buy/cgsh_order_operate.html?command=get_materiel&rest_code=00150&code=00101003003&supplier_code=00100093&order_time=2023-08-20 HTTP/1.1" 200 416
180.152.241.196 - - [20/Aug/2023:11:37:32 +0800] "POST /xingrg/kc/buy/cgsh_list_operate.html HTTP/1.1" 200 986
180.165.48.189 - - [20/Aug/2023:11:37:33 +0800] "GET /xingrg/all/function/internal_message.html?_=1692502652799&CODE_STATE=getMsg HTTP/1.1" 200 27
222.67.237.86 - - [20/Aug/2023:11:37:36 +0800] "GET /xingrg/kc/buy/cgsh_order_operate.html?command=get_materiel&rest_code=00141&code=00101001096&supplier_code=00100312&order_time=2023-08-20 HTTP/1.1" 200 413
180.169.147.146 - - [20/Aug/2023:11:37:36 +0800] "GET /xingrg/check_reg.html?_=1692502656926 HTTP/1.1" 200 22
180.169.147.146 - - [20/Aug/2023:11:37:36 +0800] "GET /xingrg/all/function/internal_message.html?_=1692502656929&CODE_STATE=getMsg HTTP/1.1" 200 27
114.95.241.104 - - [20/Aug/2023:11:37:37 +0800] "GET /xingrg/all/function/internal_message.html?_=1692502655466&CODE_STATE=getMsg HTTP/1.1" 200 27
222.69.129.152 - - [20/Aug/2023:11:37:39 +0800] "GET /xingrg/all/function/internal_message.html?_=1692502796537&CODE_STATE=getMsg HTTP/1.1" 200 27
222.70.180.200 - - [20/Aug/2023:11:37:39 +0800] "GET /xingrg/all/function/internal_message.html?_=1692502772739&CODE_STATE=getMsg HTTP/1.1" 200 27
222.70.180.200 - - [20/Aug/2023:11:37:39 +0800] "GET /xingrg/check_reg.html?_=1692502773169 HTTP/1.1" 200 22
114.83.217.94 - - [20/Aug/2023:11:37:44 +0800] "GET /xingrg/all/function/internal_message.html?_=1692502664142&CODE_STATE=getMsg HTTP/1.1" 200 27
124.78.155.92 - - [20/Aug/2023:11:37:46 +0800] "GET /xingrg/all/function/internal_message.html?_=1692502665958&CODE_STATE=getMsg HTTP/1.1" 200 27
124.78.155.92 - - [20/Aug/2023:11:37:47 +0800] "GET /xingrg/all/function/internal_message.html?_=1692502662480&CODE_STATE=getMsg HTTP/1.1" 200 27
114.95.241.104 - - [20/Aug/2023:11:37:48 +0800] "POST /xingrg/kc/buy/cgsh_order_operate.html HTTP/1.1" 200 37
101.83.145.37 - - [20/Aug/2023:11:37:50 +0800] "POST /xingrg/kc/buy/cgsh_list_operate.html HTTP/1.1" 200 986
101.83.145.37 - - [20/Aug/2023:11:37:51 +0800] "GET /xingrg/all/function/internal_message.html?_=1692502470692&CODE_STATE=getMsg HTTP/1.1" 200 27
101.83.145.37 - - [20/Aug/2023:11:37:51 +0800] "GET /xingrg/kc/base/wldb_order_list.html HTTP/1.1" 200 19215
222.67.237.86 - - [20/Aug/2023:11:37:52 +0800] "GET /xingrg/kc/buy/cgsh_order_operate.html?command=get_materiel&rest_code=00141&code=00101004023&supplier_code=00100312&order_time=2023-08-20 HTTP/1.1" 200 411
101.83.145.37 - - [20/Aug/2023:11:37:52 +0800] "POST /xingrg/kc/base/wldb_list_operate.html HTTP/1.1" 200 5499
116.232.195.127 - - [20/Aug/2023:11:37:53 +0800] "GET /xingrg/all/function/internal_message.html?_=1692502595233&CODE_STATE=getMsg HTTP/1.1" 200 27
180.152.241.196 - - [20/Aug/2023:11:37:55 +0800] "GET /xingrg/check_reg.html?_=1692502674837 HTTP/1.1" 200 22
116.235.244.17 - - [20/Aug/2023:11:37:58 +0800] "GET /xingrg/check_reg.html?_=1692502701935 HTTP/1.1" 200 22
114.95.241.104 - - [20/Aug/2023:11:38:02 +0800] "POST /xingrg/kc/buy/cgsh_order_operate.html HTTP/1.1" 200 12
116.235.244.17 - - [20/Aug/2023:11:38:03 +0800] "GET /xingrg/all/function/internal_message.html?_=1692502707738&CODE_STATE=getMsg HTTP/1.1" 200 27
114.95.241.104 - - [20/Aug/2023:11:38:04 +0800] "GET /xingrg/kc/buy/cgsh_order_info.html?code=212023082008182 HTTP/1.1" 200 66919
114.95.241.104 - - [20/Aug/2023:11:38:05 +0800] "GET /xingrg/javascript/easyui/themes/default/validatebox.css HTTP/1.1" 404 1104
114.95.241.104 - - [20/Aug/2023:11:38:06 +0800] "POST /xingrg/kc/buy/cgsh_order_operate.html HTTP/1.1" 200 617
114.95.241.104 - - [20/Aug/2023:11:38:08 +0800] "GET /xingrg/kc/print/load_data.html?order_code=212023082008182&kc_code=cgsh&condition= HTTP/1.1" 200 773
58.39.105.177 - - [20/Aug/2023:11:38:10 +0800] "GET /xingrg/check_reg.html?_=1692502691371 HTTP/1.1" 200 22
58.39.105.177 - - [20/Aug/2023:11:38:10 +0800] "GET /xingrg/all/function/internal_message.html?_=1692502691375&CODE_STATE=getMsg HTTP/1.1" 200 27
116.235.94.33 - - [20/Aug/2023:11:38:13 +0800] "GET /xingrg/all/function/internal_message.html?_=1692502985441&CODE_STATE=getMsg HTTP/1.1" 200 27
114.95.241.104 - - [20/Aug/2023:11:38:14 +0800] "GET /xingrg/kc/buy/cgsh_order_add.html HTTP/1.1" 200 72008
114.95.241.104 - - [20/Aug/2023:11:38:14 +0800] "POST /xingrg/kc/buy/cgsh_order_operate.html HTTP/1.1" 200 8245
114.95.241.104 - - [20/Aug/2023:11:38:14 +0800] "GET /xingrg/javascript/easyui/themes/default/validatebox.css HTTP/1.1" 404 1104
101.83.145.37 - - [20/Aug/2023:11:38:16 +0800] "GET /xingrg/all/function/internal_message.html?_=1692502698118&CODE_STATE=getMsg HTTP/1.1" 200 27
180.152.241.196 - - [20/Aug/2023:11:38:18 +0800] "POST /xingrg/services/DataTransmitService HTTP/1.1" 200 524
180.152.241.196 - - [20/Aug/2023:11:38:19 +0800] "POST /xingrg/services/DataTransmitService HTTP/1.1" 200 501
180.152.241.196 - - [20/Aug/2023:11:38:19 +0800] "GET /xingrg/all/function/internal_message.html?_=1692502702326&CODE_STATE=getMsg HTTP/1.1" 200 27
180.152.241.196 - - [20/Aug/2023:11:38:20 +0800] "GET /xingrg/check_reg.html?_=1692502702468 HTTP/1.1" 200 22
120.253.135.82 - - [20/Aug/2023:11:38:23 +0800] "GET /xingrg/all/function/internal_message.html?_=1692502518085&CODE_STATE=getMsg HTTP/1.1" 200 27
222.70.180.200 - - [20/Aug/2023:11:38:26 +0800] "GET /xingrg/all/function/internal_message.html?_=1692502707357&CODE_STATE=getMsg HTTP/1.1" 200 27
222.70.180.200 - - [20/Aug/2023:11:38:28 +0800] "GET /xingrg/check_reg.html?_=1692502709038 HTTP/1.1" 200 22
114.95.241.104 - - [20/Aug/2023:11:38:28 +0800] "GET /xingrg/kc/buy/cgsh_order_operate.html?command=get_materiel&rest_code=00150&code=00101007181&supplier_code=00100328&order_time=2023-08-20 HTTP/1.1" 200 412
222.70.180.200 - - [20/Aug/2023:11:38:28 +0800] "POST /xingrg/kc/buy/cgsh_order_operate.html HTTP/1.1" 200 37
222.67.237.86 - - [20/Aug/2023:11:38:30 +0800] "GET /xingrg/all/function/internal_message.html?_=1692502160878&CODE_STATE=getMsg HTTP/1.1" 200 27
101.228.187.155 - - [20/Aug/2023:11:38:31 +0800] "GET /xingrg/all/function/internal_message.html?_=1692502711390&CODE_STATE=getMsg HTTP/1.1" 200 27
101.228.187.155 - - [20/Aug/2023:11:38:31 +0800] "GET /xingrg/check_reg.html?_=1692502711393 HTTP/1.1" 200 22
180.165.48.189 - - [20/Aug/2023:11:38:33 +0800] "GET /xingrg/all/function/internal_message.html?_=1692502712780&CODE_STATE=getMsg HTTP/1.1" 200 27
180.163.29.103 - - [20/Aug/2023:11:38:36 +0800] "GET /xingrg/check_reg.html?_=1692502656926 HTTP/1.1" 302 -
180.163.29.103 - - [20/Aug/2023:11:38:36 +0800] "GET /xingrg/login.html HTTP/1.1" 200 7641
180.169.147.146 - - [20/Aug/2023:11:38:36 +0800] "GET /xingrg/all/function/internal_message.html?_=1692502716925&CODE_STATE=getMsg HTTP/1.1" 200 27
180.163.29.212 - - [20/Aug/2023:11:38:37 +0800] "GET /xingrg/all/function/internal_message.html?_=1692502656929&CODE_STATE=getMsg HTTP/1.1" 302 -
180.163.29.212 - - [20/Aug/2023:11:38:37 +0800] "GET /xingrg/login.html HTTP/1.1" 200 7641
114.95.241.104 - - [20/Aug/2023:11:38:37 +0800] "GET /xingrg/check_reg.html?_=1692502715442 HTTP/1.1" 200 22
114.95.241.104 - - [20/Aug/2023:11:38:37 +0800] "GET /xingrg/all/function/internal_message.html?_=1692502715444&CODE_STATE=getMsg HTTP/1.1" 200 27
222.69.129.152 - - [20/Aug/2023:11:38:39 +0800] "GET /xingrg/all/function/internal_message.html?_=1692502856535&CODE_STATE=getMsg HTTP/1.1" 200 27
222.70.180.200 - - [20/Aug/2023:11:38:39 +0800] "GET /xingrg/all/function/internal_message.html?_=1692502832724&CODE_STATE=getMsg HTTP/1.1" 200 27
114.95.241.104 - - [20/Aug/2023:11:38:40 +0800] "POST /xingrg/kc/buy/cgsh_order_operate.html HTTP/1.1" 200 37
222.69.129.152 - - [20/Aug/2023:11:38:40 +0800] "GET /xingrg/check_reg.html?_=1692502858206 HTTP/1.1" 200 22
114.83.217.94 - - [20/Aug/2023:11:38:44 +0800] "GET /xingrg/all/function/internal_message.html?_=1692502724143&CODE_STATE=getMsg HTTP/1.1" 200 27
114.83.217.94 - - [20/Aug/2023:11:38:44 +0800] "GET /xingrg/check_reg.html?_=1692502724149 HTTP/1.1" 200 22
124.78.155.92 - - [20/Aug/2023:11:38:46 +0800] "GET /xingrg/all/function/internal_message.html?_=1692502725958&CODE_STATE=getMsg HTTP/1.1" 200 27
222.67.237.86 - - [20/Aug/2023:11:38:47 +0800] "POST /xingrg/kc/buy/cgsh_order_operate.html HTTP/1.1" 200 88
124.78.155.92 - - [20/Aug/2023:11:38:47 +0800] "GET /xingrg/all/function/internal_message.html?_=1692502722453&CODE_STATE=getMsg HTTP/1.1" 200 27
124.78.155.92 - - [20/Aug/2023:11:38:48 +0800] "GET /xingrg/check_reg.html?_=1692502723143 HTTP/1.1" 200 22
101.83.145.37 - - [20/Aug/2023:11:38:51 +0800] "GET /xingrg/all/function/internal_message.html?_=1692502530662&CODE_STATE=getMsg HTTP/1.1" 200 27
101.83.145.37 - - [20/Aug/2023:11:38:52 +0800] "GET /xingrg/check_reg.html?_=1692502531742 HTTP/1.1" 200 22
116.232.195.127 - - [20/Aug/2023:11:38:53 +0800] "GET /xingrg/all/function/internal_message.html?_=1692502655241&CODE_STATE=getMsg HTTP/1.1" 200 27
222.67.237.86 - - [20/Aug/2023:11:38:55 +0800] "POST /xingrg/kc/buy/cgsh_order_operate.html HTTP/1.1" 200 37
114.95.241.104 - - [20/Aug/2023:11:38:59 +0800] "POST /xingrg/kc/buy/cgsh_order_operate.html HTTP/1.1" 200 12
222.67.237.86 - - [20/Aug/2023:11:38:59 +0800] "POST /xingrg/services/DataTransmitService HTTP/1.1" 200 524
222.67.237.86 - - [20/Aug/2023:11:39:01 +0800] "POST /xingrg/services/DataTransmitService HTTP/1.1" 200 501
116.235.244.17 - - [20/Aug/2023:11:39:03 +0800] "GET /xingrg/all/function/internal_message.html?_=1692502767752&CODE_STATE=getMsg HTTP/1.1" 200 27
116.235.94.33 - - [20/Aug/2023:11:39:05 +0800] "POST /xingrg/services/DataTransmitService HTTP/1.1" 200 524
222.67.237.86 - - [20/Aug/2023:11:39:06 +0800] "POST /xingrg/kc/buy/cgsh_order_operate.html HTTP/1.1" 200 12
114.95.241.104 - - [20/Aug/2023:11:39:07 +0800] "GET /xingrg/kc/buy/cgsh_order_info.html?code=212023082008183 HTTP/1.1" 200 66921
116.235.94.33 - - [20/Aug/2023:11:39:07 +0800] "POST /xingrg/services/DataTransmitService HTTP/1.1" 200 2315
114.95.241.104 - - [20/Aug/2023:11:39:07 +0800] "GET /xingrg/javascript/easyui/themes/default/validatebox.css HTTP/1.1" 404 1104
222.67.237.86 - - [20/Aug/2023:11:39:08 +0800] "GET /xingrg/kc/buy/cgsh_order_info.html?code=212023082008185 HTTP/1.1" 200 66877
114.95.241.104 - - [20/Aug/2023:11:39:09 +0800] "POST /xingrg/kc/buy/cgsh_order_operate.html HTTP/1.1" 200 607
222.67.237.86 - - [20/Aug/2023:11:39:09 +0800] "GET /xingrg/javascript/easyui/themes/default/validatebox.css HTTP/1.1" 404 1104
58.39.105.177 - - [20/Aug/2023:11:39:10 +0800] "GET /xingrg/all/function/internal_message.html?_=1692502751390&CODE_STATE=getMsg HTTP/1.1" 200 27
222.67.237.86 - - [20/Aug/2023:11:39:10 +0800] "POST /xingrg/kc/buy/cgsh_order_operate.html HTTP/1.1" 200 3570
114.95.241.104 - - [20/Aug/2023:11:39:11 +0800] "GET /xingrg/kc/print/load_data.html?order_code=212023082008183&kc_code=cgsh&condition= HTTP/1.1" 200 717
222.67.237.86 - - [20/Aug/2023:11:39:12 +0800] "GET /xingrg/kc/print/load_data.html?order_code=212023082008185&kc_code=cgsh&condition= HTTP/1.1" 200 1846
116.235.94.33 - - [20/Aug/2023:11:39:13 +0800] "GET /xingrg/all/function/internal_message.html?_=1692503045439&CODE_STATE=getMsg HTTP/1.1" 200 27
101.83.145.37 - - [20/Aug/2023:11:39:16 +0800] "GET /xingrg/all/function/internal_message.html?_=1692502758089&CODE_STATE=getMsg HTTP/1.1" 200 27
114.95.241.104 - - [20/Aug/2023:11:39:18 +0800] "GET /xingrg/kc/buy/cgsh_order_add.html HTTP/1.1" 200 72008
222.67.237.86 - - [20/Aug/2023:11:39:18 +0800] "GET /xingrg/kc/buy/cgsh_order_add.html HTTP/1.1" 200 71964
114.95.241.104 - - [20/Aug/2023:11:39:19 +0800] "POST /xingrg/kc/buy/cgsh_order_operate.html HTTP/1.1" 200 8245
114.95.241.104 - - [20/Aug/2023:11:39:19 +0800] "GET /xingrg/javascript/easyui/themes/default/validatebox.css HTTP/1.1" 404 1104
222.67.237.86 - - [20/Aug/2023:11:39:19 +0800] "POST /xingrg/kc/buy/cgsh_order_operate.html HTTP/1.1" 200 8245
222.67.237.86 - - [20/Aug/2023:11:39:19 +0800] "GET /xingrg/javascript/easyui/themes/default/validatebox.css HTTP/1.1" 404 1104
180.152.241.196 - - [20/Aug/2023:11:39:19 +0800] "GET /xingrg/all/function/internal_message.html?_=1692502762332&CODE_STATE=getMsg HTTP/1.1" 200 27
222.70.180.200 - - [20/Aug/2023:11:39:20 +0800] "GET /xingrg/kc/base/wldb_order_list.html HTTP/1.1" 200 19476
222.70.180.200 - - [20/Aug/2023:11:39:20 +0800] "POST /xingrg/kc/buy/cgsh_order_operate.html HTTP/1.1" 200 12203
222.70.180.200 - - [20/Aug/2023:11:39:21 +0800] "POST /xingrg/kc/base/wldb_list_operate.html HTTP/1.1" 200 928
120.253.135.82 - - [20/Aug/2023:11:39:23 +0800] "GET /xingrg/all/function/internal_message.html?_=1692502578102&CODE_STATE=getMsg HTTP/1.1" 200 27
222.70.180.200 - - [20/Aug/2023:11:39:26 +0800] "GET /xingrg/all/function/internal_message.html?_=1692502767331&CODE_STATE=getMsg HTTP/1.1" 200 27
114.95.241.104 - - [20/Aug/2023:11:39:27 +0800] "GET /xingrg/kc/buy/cgsh_order_operate.html?command=get_materiel&rest_code=00150&code=00101004051&supplier_code=00100312&order_time=2023-08-20 HTTP/1.1" 200 408
222.67.237.86 - - [20/Aug/2023:11:39:30 +0800] "GET /xingrg/kc/buy/cgsh_order_operate.html?command=get_materiel&rest_code=00141&code=00101002007&supplier_code=00100442&order_time=2023-08-20 HTTP/1.1" 200 409
222.67.237.86 - - [20/Aug/2023:11:39:30 +0800] "GET /xingrg/all/function/internal_message.html?_=1692502220909&CODE_STATE=getMsg HTTP/1.1" 200 27
101.228.187.155 - - [20/Aug/2023:11:39:31 +0800] "GET /xingrg/all/function/internal_message.html?_=1692502771392&CODE_STATE=getMsg HTTP/1.1" 200 27
222.70.180.200 - - [20/Aug/2023:11:39:31 +0800] "GET /xingrg/kc/print/load_data.html?order_code=212023082008180&kc_code=cgsh&condition= HTTP/1.1" 200 4402
180.165.48.189 - - [20/Aug/2023:11:39:33 +0800] "GET /xingrg/all/function/internal_message.html?_=1692502772754&CODE_STATE=getMsg HTTP/1.1" 200 27
180.169.147.146 - - [20/Aug/2023:11:39:36 +0800] "GET /xingrg/all/function/internal_message.html?_=1692502776927&CODE_STATE=getMsg HTTP/1.1" 200 27
114.95.241.104 - - [20/Aug/2023:11:39:37 +0800] "GET /xingrg/all/function/internal_message.html?_=1692502775452&CODE_STATE=getMsg HTTP/1.1" 200 27
101.83.145.37 - - [20/Aug/2023:11:39:37 +0800] "POST /xingrg/kc/base/wldb_list_operate.html HTTP/1.1" 200 4
222.70.180.200 - - [20/Aug/2023:11:39:37 +0800] "POST /xingrg/kc/base/wldb_list_operate.html HTTP/1.1" 200 6230
114.95.241.104 - - [20/Aug/2023:11:39:38 +0800] "GET /xingrg/kc/buy/cgsh_order_operate.html?command=get_materiel&rest_code=00150&code=00101004038&supplier_code=00100312&order_time=2023-08-20 HTTP/1.1" 200 430
222.69.129.152 - - [20/Aug/2023:11:39:39 +0800] "GET /xingrg/all/function/internal_message.html?_=1692502916529&CODE_STATE=getMsg HTTP/1.1" 200 27
222.70.180.200 - - [20/Aug/2023:11:39:39 +0800] "GET /xingrg/all/function/internal_message.html?_=1692502892709&CODE_STATE=getMsg HTTP/1.1" 200 27
124.78.155.92 - - [20/Aug/2023:11:39:41 +0800] "GET /xingrg/kc/base/base_main.html HTTP/1.1" 200 12142
101.83.145.37 - - [20/Aug/2023:11:39:41 +0800] "POST /xingrg/kc/base/wldb_list_operate.html HTTP/1.1" 200 1782
222.67.237.86 - - [20/Aug/2023:11:39:42 +0800] "GET /xingrg/kc/buy/cgsh_order_operate.html?command=get_materiel&rest_code=00141&code=00101002041&supplier_code=00100442&order_time=2023-08-20 HTTP/1.1" 200 409
222.70.180.200 - - [20/Aug/2023:11:39:43 +0800] "POST /xingrg/kc/base/wldb_list_operate.html HTTP/1.1" 200 10426
124.78.155.92 - - [20/Aug/2023:11:39:43 +0800] "GET /xingrg/kc/base/wldb_order_list.html HTTP/1.1" 200 19215
114.83.217.94 - - [20/Aug/2023:11:39:44 +0800] "GET /xingrg/all/function/internal_message.html?_=1692502784134&CODE_STATE=getMsg HTTP/1.1" 200 27
124.78.155.92 - - [20/Aug/2023:11:39:44 +0800] "POST /xingrg/kc/base/wldb_list_operate.html HTTP/1.1" 200 2950
124.78.155.92 - - [20/Aug/2023:11:39:46 +0800] "GET /xingrg/all/function/internal_message.html?_=1692502786010&CODE_STATE=getMsg HTTP/1.1" 200 27
124.78.155.92 - - [20/Aug/2023:11:39:47 +0800] "POST /xingrg/kc/base/wldb_list_operate.html HTTP/1.1" 200 470
114.95.241.104 - - [20/Aug/2023:11:39:47 +0800] "GET /xingrg/kc/buy/cgsh_order_operate.html?command=get_materiel&rest_code=00150&code=00101001029&supplier_code=00100312&order_time=2023-08-20 HTTP/1.1" 200 417
124.78.155.92 - - [20/Aug/2023:11:39:47 +0800] "GET /xingrg/all/function/internal_message.html?_=1692502782434&CODE_STATE=getMsg HTTP/1.1" 200 27
180.163.30.85 - - [20/Aug/2023:11:39:48 +0800] "GET /xingrg/check_reg.html?_=1692502723143 HTTP/1.1" 302 -
180.163.30.85 - - [20/Aug/2023:11:39:48 +0800] "GET /xingrg/login.html HTTP/1.1" 200 7641
124.78.155.92 - - [20/Aug/2023:11:39:48 +0800] "GET /xingrg/kc/base/wldb_order_info.html?code=422023082002151 HTTP/1.1" 200 30513
124.78.155.92 - - [20/Aug/2023:11:39:49 +0800] "GET /xingrg/javascript/easyui/themes/default/validatebox.css HTTP/1.1" 404 1104
124.78.155.92 - - [20/Aug/2023:11:39:49 +0800] "GET /xingrg/all/common/auto_word.html?type=base&rest_code=00106 HTTP/1.1" 200 1799
124.78.155.92 - - [20/Aug/2023:11:39:49 +0800] "GET /xingrg/all/common/auto_word.html?type=base&rest_code=00106 HTTP/1.1" 200 1799
101.83.145.37 - - [20/Aug/2023:11:39:51 +0800] "GET /xingrg/all/function/internal_message.html?_=1692502590635&CODE_STATE=getMsg HTTP/1.1" 200 27
116.232.195.127 - - [20/Aug/2023:11:39:53 +0800] "GET /xingrg/all/function/internal_message.html?_=1692502715255&CODE_STATE=getMsg HTTP/1.1" 200 27
101.83.145.37 - - [20/Aug/2023:11:39:54 +0800] "POST /xingrg/kc/base/wldb_list_operate.html HTTP/1.1" 200 4
124.78.155.92 - - [20/Aug/2023:11:39:54 +0800] "POST /xingrg/kc/base/wldb_order_operate.html HTTP/1.1" 200 3720
222.70.180.200 - - [20/Aug/2023:11:39:55 +0800] "POST /xingrg/kc/base/wldb_list_operate.html HTTP/1.1" 200 10555
222.67.237.86 - - [20/Aug/2023:11:39:55 +0800] "POST /xingrg/kc/buy/cgsh_order_operate.html HTTP/1.1" 200 37
114.95.241.104 - - [20/Aug/2023:11:39:58 +0800] "GET /xingrg/kc/buy/cgsh_order_operate.html?command=get_materiel&rest_code=00150&code=00101004067&supplier_code=00100312&order_time=2023-08-20 HTTP/1.1" 200 413
222.70.180.200 - - [20/Aug/2023:11:39:59 +0800] "POST /xingrg/kc/base/wldb_list_operate.html HTTP/1.1" 200 545
222.70.180.200 - - [20/Aug/2023:11:40:00 +0800] "POST /xingrg/kc/base/wldb_list_operate.html HTTP/1.1" 200 360
116.235.244.17 - - [20/Aug/2023:11:40:04 +0800] "GET /xingrg/all/function/internal_message.html?_=1692502828087&CODE_STATE=getMsg HTTP/1.1" 200 27
222.67.237.86 - - [20/Aug/2023:11:40:05 +0800] "POST /xingrg/kc/buy/cgsh_order_operate.html HTTP/1.1" 200 12
222.67.237.86 - - [20/Aug/2023:11:40:08 +0800] "GET /xingrg/kc/buy/cgsh_order_info.html?code=212023082008186 HTTP/1.1" 200 66875
222.67.237.86 - - [20/Aug/2023:11:40:09 +0800] "GET /xingrg/javascript/easyui/themes/default/validatebox.css HTTP/1.1" 404 1104
58.39.105.177 - - [20/Aug/2023:11:40:10 +0800] "GET /xingrg/all/function/internal_message.html?_=1692502811383&CODE_STATE=getMsg HTTP/1.1" 200 27
222.67.237.86 - - [20/Aug/2023:11:40:11 +0800] "POST /xingrg/kc/buy/cgsh_order_operate.html HTTP/1.1" 200 1197
222.67.237.86 - - [20/Aug/2023:11:40:12 +0800] "GET /xingrg/kc/print/load_data.html?order_code=212023082008186&kc_code=cgsh&condition= HTTP/1.1" 200 937
116.235.94.33 - - [20/Aug/2023:11:40:13 +0800] "GET /xingrg/all/function/internal_message.html?_=1692503105437&CODE_STATE=getMsg HTTP/1.1" 200 27
114.95.241.104 - - [20/Aug/2023:11:40:14 +0800] "GET /xingrg/kc/buy/cgsh_order_operate.html?command=get_materiel&rest_code=00150&code=00101005017&supplier_code=00100312&order_time=2023-08-20 HTTP/1.1" 200 409
222.67.237.86 - - [20/Aug/2023:11:40:17 +0800] "GET /xingrg/kc/buy/cgsh_order_add.html HTTP/1.1" 200 71964
222.67.237.86 - - [20/Aug/2023:11:40:18 +0800] "POST /xingrg/kc/buy/cgsh_order_operate.html HTTP/1.1" 200 8245
222.67.237.86 - - [20/Aug/2023:11:40:18 +0800] "GET /xingrg/javascript/easyui/themes/default/validatebox.css HTTP/1.1" 404 1104
180.152.241.196 - - [20/Aug/2023:11:40:19 +0800] "GET /xingrg/all/function/internal_message.html?_=1692502822331&CODE_STATE=getMsg HTTP/1.1" 200 27
120.253.135.82 - - [20/Aug/2023:11:40:23 +0800] "GET /xingrg/all/function/internal_message.html?_=1692502638112&CODE_STATE=getMsg HTTP/1.1" 200 27
124.78.155.92 - - [20/Aug/2023:11:40:25 +0800] "GET /xingrg/javascript/auto/indicator.gif HTTP/1.1" 404 1066
222.70.180.200 - - [20/Aug/2023:11:40:26 +0800] "GET /xingrg/all/function/internal_message.html?_=1692502827328&CODE_STATE=getMsg HTTP/1.1" 200 27
222.67.237.86 - - [20/Aug/2023:11:40:29 +0800] "GET /xingrg/kc/buy/cgsh_order_operate.html?command=get_materiel&rest_code=00141&code=00101010161&supplier_code=00100334&order_time=2023-08-20 HTTP/1.1" 200 409
222.67.237.86 - - [20/Aug/2023:11:40:30 +0800] "GET /xingrg/all/function/internal_message.html?_=1692502280879&CODE_STATE=getMsg HTTP/1.1" 200 27
124.78.155.92 - - [20/Aug/2023:11:40:30 +0800] "GET /xingrg/kc/base/wldb_order_operate.html?command=get_materiel&rest_code=00106&base_code=0010396&code=00101013076 HTTP/1.1" 200 442
222.67.237.86 - - [20/Aug/2023:11:40:30 +0800] "GET /xingrg/check_reg.html?_=1692502281721 HTTP/1.1" 200 22
101.228.187.155 - - [20/Aug/2023:11:40:31 +0800] "GET /xingrg/all/function/internal_message.html?_=1692502831393&CODE_STATE=getMsg HTTP/1.1" 200 27
180.165.48.189 - - [20/Aug/2023:11:40:33 +0800] "GET /xingrg/all/function/internal_message.html?_=1692502832741&CODE_STATE=getMsg HTTP/1.1" 200 27
180.165.48.189 - - [20/Aug/2023:11:40:35 +0800] "GET /xingrg/check_reg.html?_=1692502834545 HTTP/1.1" 200 22
180.169.147.146 - - [20/Aug/2023:11:40:36 +0800] "GET /xingrg/all/function/internal_message.html?_=1692502836931&CODE_STATE=getMsg HTTP/1.1" 200 27
114.95.241.104 - - [20/Aug/2023:11:40:37 +0800] "GET /xingrg/all/function/internal_message.html?_=1692502835454&CODE_STATE=getMsg HTTP/1.1" 200 27
222.69.129.152 - - [20/Aug/2023:11:40:39 +0800] "GET /xingrg/all/function/internal_message.html?_=1692502976503&CODE_STATE=getMsg HTTP/1.1" 200 27
222.70.180.200 - - [20/Aug/2023:11:40:39 +0800] "GET /xingrg/all/function/internal_message.html?_=1692502952693&CODE_STATE=getMsg HTTP/1.1" 200 27
124.78.155.92 - - [20/Aug/2023:11:40:40 +0800] "POST /xingrg/kc/base/wldb_order_operate.html HTTP/1.1" 200 37
124.78.155.92 - - [20/Aug/2023:11:40:42 +0800] "GET /xingrg/kc/base/wldb_order_info.html?code=422023082002151 HTTP/1.1" 200 30513
124.78.155.92 - - [20/Aug/2023:11:40:43 +0800] "GET /xingrg/javascript/easyui/themes/default/validatebox.css HTTP/1.1" 404 1104
114.83.217.94 - - [20/Aug/2023:11:40:44 +0800] "GET /xingrg/all/function/internal_message.html?_=1692502844142&CODE_STATE=getMsg HTTP/1.1" 200 27
116.235.94.33 - - [20/Aug/2023:11:40:45 +0800] "GET /xingrg/kc/buy/cgsh_order_list.html HTTP/1.1" 200 56188
222.70.180.200 - - [20/Aug/2023:11:40:46 +0800] "POST /xingrg/kc/base/wldb_list_operate.html HTTP/1.1" 200 4
124.78.155.92 - - [20/Aug/2023:11:40:46 +0800] "POST /xingrg/kc/base/wldb_order_operate.html HTTP/1.1" 200 4195
124.78.155.92 - - [20/Aug/2023:11:40:46 +0800] "POST /xingrg/kc/base/wldb_order_operate.html HTTP/1.1" 200 4195
124.78.155.92 - - [20/Aug/2023:11:40:46 +0800] "GET /xingrg/all/function/internal_message.html?_=1692502845986&CODE_STATE=getMsg HTTP/1.1" 200 27
124.78.155.92 - - [20/Aug/2023:11:40:47 +0800] "GET /xingrg/all/function/internal_message.html?_=1692502842422&CODE_STATE=getMsg HTTP/1.1" 200 27
116.235.94.33 - - [20/Aug/2023:11:40:48 +0800] "GET /xingrg/kc/base/wldb_order_list.html HTTP/1.1" 200 19221
222.70.180.200 - - [20/Aug/2023:11:40:48 +0800] "POST /xingrg/kc/base/wldb_list_operate.html HTTP/1.1" 200 10426
101.83.145.37 - - [20/Aug/2023:11:40:51 +0800] "GET /xingrg/all/function/internal_message.html?_=1692502650605&CODE_STATE=getMsg HTTP/1.1" 200 27
116.235.94.33 - - [20/Aug/2023:11:40:51 +0800] "POST /xingrg/kc/base/wldb_list_operate.html HTTP/1.1" 200 1782
114.95.241.104 - - [20/Aug/2023:11:40:53 +0800] "POST /xingrg/kc/buy/cgsh_order_operate.html HTTP/1.1" 200 37
222.67.237.86 - - [20/Aug/2023:11:40:53 +0800] "POST /xingrg/kc/buy/cgsh_order_operate.html HTTP/1.1" 200 64
116.232.195.127 - - [20/Aug/2023:11:40:53 +0800] "GET /xingrg/all/function/internal_message.html?_=1692502775236&CODE_STATE=getMsg HTTP/1.1" 200 27
116.235.94.33 - - [20/Aug/2023:11:40:54 +0800] "POST /xingrg/kc/base/wldb_list_operate.html HTTP/1.1" 200 360
116.235.94.33 - - [20/Aug/2023:11:40:55 +0800] "POST /xingrg/kc/buy/cgsh_list_operate.html HTTP/1.1" 200 986
222.67.237.86 - - [20/Aug/2023:11:41:03 +0800] "POST /xingrg/kc/buy/cgsh_order_operate.html HTTP/1.1" 200 37
116.235.244.17 - - [20/Aug/2023:11:41:04 +0800] "GET /xingrg/all/function/internal_message.html?_=1692502888092&CODE_STATE=getMsg HTTP/1.1" 200 27
114.95.241.104 - - [20/Aug/2023:11:41:09 +0800] "POST /xingrg/kc/buy/cgsh_order_operate.html HTTP/1.1" 200 12
58.39.105.177 - - [20/Aug/2023:11:41:10 +0800] "GET /xingrg/all/function/internal_message.html?_=1692502871374&CODE_STATE=getMsg HTTP/1.1" 200 27
116.235.94.33 - - [20/Aug/2023:11:41:13 +0800] "GET /xingrg/all/function/internal_message.html?_=1692503165441&CODE_STATE=getMsg HTTP/1.1" 200 27
222.67.237.86 - - [20/Aug/2023:11:41:14 +0800] "POST /xingrg/kc/buy/cgsh_order_operate.html HTTP/1.1" 200 12
114.95.241.104 - - [20/Aug/2023:11:41:15 +0800] "GET /xingrg/kc/buy/cgsh_order_info.html?code=212023082008187 HTTP/1.1" 200 66921
114.95.241.104 - - [20/Aug/2023:11:41:15 +0800] "GET /xingrg/javascript/easyui/themes/default/validatebox.css HTTP/1.1" 404 1104
114.95.241.104 - - [20/Aug/2023:11:41:17 +0800] "POST /xingrg/kc/buy/cgsh_order_operate.html HTTP/1.1" 200 2976
222.67.237.86 - - [20/Aug/2023:11:41:17 +0800] "GET /xingrg/kc/buy/cgsh_order_info.html?code=212023082008189 HTTP/1.1" 200 66877
222.67.237.86 - - [20/Aug/2023:11:41:18 +0800] "GET /xingrg/javascript/easyui/themes/default/validatebox.css HTTP/1.1" 404 1104
222.67.237.86 - - [20/Aug/2023:11:41:19 +0800] "POST /xingrg/kc/buy/cgsh_order_operate.html HTTP/1.1" 200 604
180.152.241.196 - - [20/Aug/2023:11:41:19 +0800] "GET /xingrg/all/function/internal_message.html?_=1692502882331&CODE_STATE=getMsg HTTP/1.1" 200 27
114.95.241.104 - - [20/Aug/2023:11:41:20 +0800] "GET /xingrg/kc/print/load_data.html?order_code=212023082008187&kc_code=cgsh&condition= HTTP/1.1" 200 1617
116.235.94.33 - - [20/Aug/2023:11:41:20 +0800] "POST /xingrg/kc/base/wldb_list_operate.html HTTP/1.1" 200 4
222.67.237.86 - - [20/Aug/2023:11:41:21 +0800] "GET /xingrg/kc/print/load_data.html?order_code=212023082008189&kc_code=cgsh&condition= HTTP/1.1" 200 711
116.235.94.33 - - [20/Aug/2023:11:41:22 +0800] "POST /xingrg/kc/base/wldb_list_operate.html HTTP/1.1" 200 928
120.253.135.82 - - [20/Aug/2023:11:41:23 +0800] "GET /xingrg/check_reg.html?_=1692502697939 HTTP/1.1" 200 22
120.253.135.82 - - [20/Aug/2023:11:41:23 +0800] "GET /xingrg/all/function/internal_message.html?_=1692502698126&CODE_STATE=getMsg HTTP/1.1" 200 27
124.78.155.92 - - [20/Aug/2023:11:41:25 +0800] "GET /xingrg/kc/mdqp/qp_main.html HTTP/1.1" 200 10633
222.70.180.200 - - [20/Aug/2023:11:41:26 +0800] "GET /xingrg/all/function/internal_message.html?_=1692502887309&CODE_STATE=getMsg HTTP/1.1" 200 27
114.95.241.104 - - [20/Aug/2023:11:41:26 +0800] "GET /xingrg/kc/buy/cgsh_order_add.html HTTP/1.1" 200 72008
124.78.155.92 - - [20/Aug/2023:11:41:26 +0800] "GET /xingrg/images/yd/bt.gif HTTP/1.1" 404 1040
114.95.241.104 - - [20/Aug/2023:11:41:26 +0800] "POST /xingrg/kc/buy/cgsh_order_operate.html HTTP/1.1" 200 8245
114.95.241.104 - - [20/Aug/2023:11:41:26 +0800] "GET /xingrg/javascript/easyui/themes/default/validatebox.css HTTP/1.1" 404 1104
124.78.155.92 - - [20/Aug/2023:11:41:27 +0800] "GET /xingrg/kc/mdqp/qqps_order_list.html HTTP/1.1" 200 12334
124.78.155.92 - - [20/Aug/2023:11:41:27 +0800] "GET /xingrg/dwr/interface/AjaxReportQueryService.js HTTP/1.1" 200 13203
124.78.155.92 - - [20/Aug/2023:11:41:27 +0800] "GET /xingrg/dwr/interface/AjaxQqpsService.js HTTP/1.1" 200 16326
124.78.155.92 - - [20/Aug/2023:11:41:27 +0800] "GET /xingrg/dwr/engine.js HTTP/1.1" 200 43631
222.67.237.86 - - [20/Aug/2023:11:41:30 +0800] "GET /xingrg/all/function/internal_message.html?_=1692502340859&CODE_STATE=getMsg HTTP/1.1" 200 27
101.228.187.155 - - [20/Aug/2023:11:41:31 +0800] "GET /xingrg/all/function/internal_message.html?_=1692502891393&CODE_STATE=getMsg HTTP/1.1" 200 27
124.78.155.92 - - [20/Aug/2023:11:41:31 +0800] "GET /xingrg/kc/mdqp/qqps_order_info.html?code=302023082000373 HTTP/1.1" 200 28398
124.78.155.92 - - [20/Aug/2023:11:41:31 +0800] "GET /xingrg/dwr/interface/AjaxComOrderService.js HTTP/1.1" 200 18264
124.78.155.92 - - [20/Aug/2023:11:41:31 +0800] "GET /xingrg/dwr/interface/AjaxQqpsService.js HTTP/1.1" 200 16326
124.78.155.92 - - [20/Aug/2023:11:41:31 +0800] "GET /xingrg/dwr/engine.js HTTP/1.1" 200 43631
222.67.237.86 - - [20/Aug/2023:11:41:31 +0800] "GET /xingrg/kc/buy/cgsh_order_add.html HTTP/1.1" 200 71964
