116.235.94.33 - - [20/Aug/2023:11:24:37 +0800] "GET /xingrg/dwr/util.js HTTP/1.1" 304 -
222.67.237.86 - - [20/Aug/2023:11:24:38 +0800] "GET /xingrg/javascript/jquery_easy_ui/themes/icons/rest.png HTTP/1.1" 200 695
222.67.237.86 - - [20/Aug/2023:11:24:38 +0800] "GET /xingrg/javascript/jquery_easy_ui/themes/icons/area.png HTTP/1.1" 200 262
116.235.94.33 - - [20/Aug/2023:11:24:38 +0800] "GET /xingrg/javascript/jquery_easy_ui/themes/icons/exam_new.png HTTP/1.1" 200 756
222.67.237.86 - - [20/Aug/2023:11:24:38 +0800] "POST /xingrg/kc/buy/cgsh_order_operate.html HTTP/1.1" 200 42244
116.235.94.33 - - [20/Aug/2023:11:24:38 +0800] "POST /xingrg/dwr/call/plaincall/AjaxCheckService.loadOrderItems.dwr HTTP/1.1" 200 31313
114.83.217.94 - - [20/Aug/2023:11:24:39 +0800] "GET /xingrg/all/function/internal_message.html?_=1692501879026&CODE_STATE=getMsg HTTP/1.1" 200 27
222.69.129.152 - - [20/Aug/2023:11:24:39 +0800] "GET /xingrg/all/function/internal_message.html?_=1692502016734&CODE_STATE=getMsg HTTP/1.1" 200 27
222.70.180.200 - - [20/Aug/2023:11:24:39 +0800] "GET /xingrg/all/function/internal_message.html?_=1692501992942&CODE_STATE=getMsg HTTP/1.1" 200 27
180.169.147.146 - - [20/Aug/2023:11:24:43 +0800] "GET /xingrg/all/function/internal_message.html?_=1692501871506&CODE_STATE=getMsg HTTP/1.1" 200 27
114.83.217.94 - - [20/Aug/2023:11:24:44 +0800] "GET /xingrg/all/function/internal_message.html?_=1692501884111&CODE_STATE=getMsg HTTP/1.1" 200 27
116.235.244.17 - - [20/Aug/2023:11:24:44 +0800] "POST /xingrg/kc/buy/cgsh_order_operate.html HTTP/1.1" 200 37
180.152.241.196 - - [20/Aug/2023:11:24:45 +0800] "GET /xingrg/kc/buy/cgsh_order_operate.html?command=get_materiel&rest_code=00102&code=00101013222&supplier_code=00100008&order_time=2023-08-20 HTTP/1.1" 200 409
124.78.155.92 - - [20/Aug/2023:11:24:47 +0800] "GET /xingrg/all/function/internal_message.html?_=1692501882781&CODE_STATE=getMsg HTTP/1.1" 200 27
222.67.237.86 - - [20/Aug/2023:11:24:48 +0800] "POST /xingrg/kc/buy/cgsh_order_operate.html HTTP/1.1" 200 37
116.235.244.17 - - [20/Aug/2023:11:24:48 +0800] "POST /xingrg/kc/buy/cgsh_order_operate.html HTTP/1.1" 200 3842
222.70.180.200 - - [20/Aug/2023:11:24:49 +0800] "POST /xingrg/services/DataTransmitService HTTP/1.1" 200 524
116.235.244.17 - - [20/Aug/2023:11:24:50 +0800] "GET /xingrg/kc/print/load_data.html?order_code=212023082008159&kc_code=cgsh&condition= HTTP/1.1" 200 1129
222.70.180.200 - - [20/Aug/2023:11:24:51 +0800] "POST /xingrg/services/DataTransmitService HTTP/1.1" 200 2499
101.83.145.37 - - [20/Aug/2023:11:24:51 +0800] "GET /xingrg/all/function/internal_message.html?_=1692501690947&CODE_STATE=getMsg HTTP/1.1" 200 27
116.235.244.17 - - [20/Aug/2023:11:24:58 +0800] "POST /xingrg/services/DataTransmitService HTTP/1.1" 200 524
116.235.244.17 - - [20/Aug/2023:11:25:00 +0800] "POST /xingrg/services/DataTransmitService HTTP/1.1" 200 2335
116.235.244.17 - - [20/Aug/2023:11:25:00 +0800] "POST /xingrg/services/DataTransmitService HTTP/1.1" 200 524
116.235.244.17 - - [20/Aug/2023:11:25:01 +0800] "GET /xingrg/all/function/internal_message.html?_=1692501924894&CODE_STATE=getMsg HTTP/1.1" 200 27
180.152.241.196 - - [20/Aug/2023:11:25:01 +0800] "GET /xingrg/kc/buy/cgsh_order_operate.html?command=get_materiel&rest_code=00102&code=00101008240&supplier_code=00100008&order_time=2023-08-20 HTTP/1.1" 200 412
116.235.244.17 - - [20/Aug/2023:11:25:02 +0800] "POST /xingrg/services/DataTransmitService HTTP/1.1" 200 2335
222.67.237.86 - - [20/Aug/2023:11:25:02 +0800] "POST /xingrg/kc/buy/cgsh_order_operate.html HTTP/1.1" 200 12
116.235.244.17 - - [20/Aug/2023:11:25:03 +0800] "GET /xingrg/kc/buy/cgsh_order_add.html HTTP/1.1" 200 71964
116.235.244.17 - - [20/Aug/2023:11:25:04 +0800] "POST /xingrg/kc/buy/cgsh_order_operate.html HTTP/1.1" 200 8245
116.235.244.17 - - [20/Aug/2023:11:25:04 +0800] "GET /xingrg/javascript/easyui/themes/default/validatebox.css HTTP/1.1" 404 1104
222.67.237.86 - - [20/Aug/2023:11:25:08 +0800] "GET /xingrg/kc/buy/cgsh_order_info.html?code=212023082008081 HTTP/1.1" 200 66873
222.67.237.86 - - [20/Aug/2023:11:25:09 +0800] "GET /xingrg/javascript/easyui/themes/default/validatebox.css HTTP/1.1" 404 1104
180.152.241.196 - - [20/Aug/2023:11:25:10 +0800] "GET /xingrg/kc/buy/cgsh_order_operate.html?command=get_materiel&rest_code=00102&code=00101008100&supplier_code=00100008&order_time=2023-08-20 HTTP/1.1" 200 408
222.67.237.86 - - [20/Aug/2023:11:25:10 +0800] "POST /xingrg/kc/buy/cgsh_order_operate.html HTTP/1.1" 200 40182
116.235.94.33 - - [20/Aug/2023:11:25:13 +0800] "GET /xingrg/all/function/internal_message.html?_=1692502205434&CODE_STATE=getMsg HTTP/1.1" 200 27
180.152.241.196 - - [20/Aug/2023:11:25:13 +0800] "POST /xingrg/kc/buy/cgsh_order_operate.html HTTP/1.1" 200 2065
222.67.237.86 - - [20/Aug/2023:11:25:14 +0800] "GET /xingrg/kc/print/load_data.html?order_code=212023082008081&kc_code=cgsh&condition= HTTP/1.1" 200 15686
116.232.195.127 - - [20/Aug/2023:11:25:14 +0800] "GET /xingrg/all/function/internal_message.html?_=1692501836251&CODE_STATE=getMsg HTTP/1.1" 200 27
101.83.145.37 - - [20/Aug/2023:11:25:16 +0800] "GET /xingrg/all/function/internal_message.html?_=1692501918331&CODE_STATE=getMsg HTTP/1.1" 200 27
101.83.145.37 - - [20/Aug/2023:11:25:17 +0800] "GET /xingrg/check_reg.html?_=1692501918755 HTTP/1.1" 200 22
180.152.241.196 - - [20/Aug/2023:11:25:19 +0800] "GET /xingrg/kc/buy/cgsh_order_operate.html?command=get_materiel&rest_code=00102&code=00101008229&supplier_code=00100008&order_time=2023-08-20 HTTP/1.1" 200 420
180.152.241.196 - - [20/Aug/2023:11:25:20 +0800] "GET /xingrg/all/function/internal_message.html?_=1692501922459&CODE_STATE=getMsg HTTP/1.1" 200 27
116.235.94.33 - - [20/Aug/2023:11:25:20 +0800] "POST /xingrg/services/DataTransmitService HTTP/1.1" 200 524
101.83.145.37 - - [20/Aug/2023:11:25:21 +0800] "POST /xingrg/kc/buy/cgsh_list_operate.html HTTP/1.1" 200 5905
116.235.94.33 - - [20/Aug/2023:11:25:21 +0800] "POST /xingrg/services/DataTransmitService HTTP/1.1" 200 2315
222.67.237.86 - - [20/Aug/2023:11:25:22 +0800] "GET /xingrg/kc/buy/cgsh_order_add.html HTTP/1.1" 200 71964
116.235.94.33 - - [20/Aug/2023:11:25:23 +0800] "POST /xingrg/services/DataTransmitService HTTP/1.1" 200 139622
222.67.237.86 - - [20/Aug/2023:11:25:23 +0800] "POST /xingrg/kc/buy/cgsh_order_operate.html HTTP/1.1" 200 8245
222.67.237.86 - - [20/Aug/2023:11:25:23 +0800] "GET /xingrg/javascript/easyui/themes/default/validatebox.css HTTP/1.1" 404 1104
116.235.244.17 - - [20/Aug/2023:11:25:25 +0800] "GET /xingrg/kc/buy/cgsh_order_operate.html?command=get_materiel&rest_code=00146&code=00101010785&supplier_code=00100325&order_time=2023-08-20 HTTP/1.1" 200 461
222.70.180.200 - - [20/Aug/2023:11:25:26 +0800] "GET /xingrg/all/function/internal_message.html?_=1692501927642&CODE_STATE=getMsg HTTP/1.1" 200 27
222.67.237.86 - - [20/Aug/2023:11:25:30 +0800] "GET /xingrg/all/function/internal_message.html?_=1692501381159&CODE_STATE=getMsg HTTP/1.1" 200 27
180.152.241.196 - - [20/Aug/2023:11:25:30 +0800] "GET /xingrg/kc/buy/cgsh_order_operate.html?command=get_materiel&rest_code=00102&code=00101008096&supplier_code=00100008&order_time=2023-08-20 HTTP/1.1" 200 412
222.67.237.86 - - [20/Aug/2023:11:25:30 +0800] "GET /xingrg/check_reg.html?_=1692501381715 HTTP/1.1" 200 22
101.228.187.155 - - [20/Aug/2023:11:25:31 +0800] "GET /xingrg/all/function/internal_message.html?_=1692501931398&CODE_STATE=getMsg HTTP/1.1" 200 27
180.165.48.189 - - [20/Aug/2023:11:25:33 +0800] "GET /xingrg/all/function/internal_message.html?_=1692501933024&CODE_STATE=getMsg HTTP/1.1" 200 27
180.165.48.189 - - [20/Aug/2023:11:25:35 +0800] "GET /xingrg/check_reg.html?_=1692501934550 HTTP/1.1" 200 22
180.169.147.146 - - [20/Aug/2023:11:25:36 +0800] "GET /xingrg/all/function/internal_message.html?_=1692501936914&CODE_STATE=getMsg HTTP/1.1" 200 27
114.95.241.104 - - [20/Aug/2023:11:25:37 +0800] "GET /xingrg/all/function/internal_message.html?_=1692501935410&CODE_STATE=getMsg HTTP/1.1" 200 27
222.67.237.86 - - [20/Aug/2023:11:25:38 +0800] "GET /xingrg/kc/buy/cgsh_order_operate.html?command=get_materiel&rest_code=00141&code=00101014138&supplier_code=00100327&order_time=2023-08-20 HTTP/1.1" 200 424
114.83.217.94 - - [20/Aug/2023:11:25:39 +0800] "GET /xingrg/all/function/internal_message.html?_=1692501939046&CODE_STATE=getMsg HTTP/1.1" 200 27
222.69.129.152 - - [20/Aug/2023:11:25:39 +0800] "GET /xingrg/all/function/internal_message.html?_=1692502076711&CODE_STATE=getMsg HTTP/1.1" 200 27
222.70.180.200 - - [20/Aug/2023:11:25:39 +0800] "GET /xingrg/all/function/internal_message.html?_=1692502052938&CODE_STATE=getMsg HTTP/1.1" 200 27
101.83.145.37 - - [20/Aug/2023:11:25:39 +0800] "GET /xingrg/kc/base/wldb_order_list.html HTTP/1.1" 200 19215
116.235.244.17 - - [20/Aug/2023:11:25:39 +0800] "GET /xingrg/kc/buy/cgsh_order_operate.html?command=get_materiel&rest_code=00146&code=00101006060&supplier_code=00100325&order_time=2023-08-20 HTTP/1.1" 200 409
101.83.145.37 - - [20/Aug/2023:11:25:40 +0800] "POST /xingrg/kc/base/wldb_list_operate.html HTTP/1.1" 200 4144
101.83.145.37 - - [20/Aug/2023:11:25:42 +0800] "GET /xingrg/kc/base/wldb_order_add.html HTTP/1.1" 200 30498
101.83.145.37 - - [20/Aug/2023:11:25:43 +0800] "GET /xingrg/javascript/easyui/themes/default/validatebox.css HTTP/1.1" 404 1104
101.83.145.37 - - [20/Aug/2023:11:25:43 +0800] "GET /xingrg/all/common/auto_word.html?type=base&rest_code=00105 HTTP/1.1" 200 1907
101.83.145.37 - - [20/Aug/2023:11:25:43 +0800] "POST /xingrg/kc/base/wldb_order_operate.html HTTP/1.1" 200 6806
101.83.145.37 - - [20/Aug/2023:11:25:43 +0800] "GET /xingrg/all/common/auto_word.html?type=base&rest_code=00105 HTTP/1.1" 200 1907
180.169.147.146 - - [20/Aug/2023:11:25:43 +0800] "GET /xingrg/all/function/internal_message.html?_=1692501931504&CODE_STATE=getMsg HTTP/1.1" 200 27
114.83.217.94 - - [20/Aug/2023:11:25:44 +0800] "GET /xingrg/all/function/internal_message.html?_=1692501944113&CODE_STATE=getMsg HTTP/1.1" 200 27
124.78.155.92 - - [20/Aug/2023:11:25:47 +0800] "GET /xingrg/all/function/internal_message.html?_=1692501942750&CODE_STATE=getMsg HTTP/1.1" 200 27
101.83.145.37 - - [20/Aug/2023:11:25:51 +0800] "GET /xingrg/all/function/internal_message.html?_=1692501750931&CODE_STATE=getMsg HTTP/1.1" 200 27
116.235.244.17 - - [20/Aug/2023:11:25:53 +0800] "GET /xingrg/kc/buy/cgsh_order_operate.html?command=get_materiel&rest_code=00146&code=00101013175&supplier_code=00100325&order_time=2023-08-20 HTTP/1.1" 200 413
101.83.145.37 - - [20/Aug/2023:11:25:53 +0800] "GET /xingrg/kc/base/wldb_order_add.html HTTP/1.1" 200 30498
101.83.145.37 - - [20/Aug/2023:11:25:53 +0800] "GET /xingrg/javascript/easyui/themes/default/validatebox.css HTTP/1.1" 404 1104
101.83.145.37 - - [20/Aug/2023:11:25:53 +0800] "POST /xingrg/kc/base/wldb_order_operate.html HTTP/1.1" 200 6806
101.83.145.37 - - [20/Aug/2023:11:25:54 +0800] "GET /xingrg/css/images/panel_loading.gif HTTP/1.1" 304 -
101.83.145.37 - - [20/Aug/2023:11:25:54 +0800] "POST /xingrg/all/common/load_combo.html?type=base HTTP/1.1" 200 3409
180.152.241.196 - - [20/Aug/2023:11:25:56 +0800] "GET /xingrg/kc/buy/cgsh_order_operate.html?command=get_materiel&rest_code=00102&code=00101008223&supplier_code=00100008&order_time=2023-08-20 HTTP/1.1" 200 412
116.235.244.17 - - [20/Aug/2023:11:26:01 +0800] "GET /xingrg/all/function/internal_message.html?_=1692501984907&CODE_STATE=getMsg HTTP/1.1" 200 27
116.235.244.17 - - [20/Aug/2023:11:26:06 +0800] "GET /xingrg/kc/buy/cgsh_order_operate.html?command=get_materiel&rest_code=00146&code=00101007038&supplier_code=00100325&order_time=2023-08-20 HTTP/1.1" 200 422
101.83.145.37 - - [20/Aug/2023:11:26:08 +0800] "GET /xingrg/kc/base/wldb_order_operate.html?command=get_materiel&rest_code=00105&base_code=0010508&code=00102002258 HTTP/1.1" 200 448
222.67.237.86 - - [20/Aug/2023:11:26:08 +0800] "GET /xingrg/kc/buy/cgsh_order_operate.html?command=get_materiel&rest_code=00141&code=00101010569&supplier_code=00100327&order_time=2023-08-20 HTTP/1.1" 200 411
222.70.180.200 - - [20/Aug/2023:11:26:10 +0800] "GET /xingrg/kc/buy/cgsh_order_operate.html?command=get_materiel&rest_code=00111&code=00101011001&supplier_code=00100012&order_time=2023-08-20 HTTP/1.1" 200 423
116.235.94.33 - - [20/Aug/2023:11:26:13 +0800] "GET /xingrg/all/function/internal_message.html?_=1692502265430&CODE_STATE=getMsg HTTP/1.1" 200 27
116.232.195.127 - - [20/Aug/2023:11:26:14 +0800] "GET /xingrg/all/function/internal_message.html?_=1692501896271&CODE_STATE=getMsg HTTP/1.1" 200 27
101.83.145.37 - - [20/Aug/2023:11:26:16 +0800] "GET /xingrg/all/function/internal_message.html?_=1692501978306&CODE_STATE=getMsg HTTP/1.1" 200 27
101.83.145.37 - - [20/Aug/2023:11:26:16 +0800] "GET /xingrg/kc/base/wldb_order_operate.html?command=get_materiel&rest_code=00105&base_code=0010508&code=00102002439 HTTP/1.1" 200 472
120.253.135.82 - - [20/Aug/2023:11:26:17 +0800] "GET /xingrg/login.html HTTP/1.1" 200 7641
120.253.135.82 - - [20/Aug/2023:11:26:17 +0800] "GET /xingrg/images/blue/jxLogo.png HTTP/1.1" 304 -
120.253.135.82 - - [20/Aug/2023:11:26:17 +0800] "GET /xingrg/images/blue/login_bg.png HTTP/1.1" 304 -
120.253.135.82 - - [20/Aug/2023:11:26:17 +0800] "GET /xingrg/images/blue/srbg.png HTTP/1.1" 304 -
120.253.135.82 - - [20/Aug/2023:11:26:17 +0800] "GET /xingrg/images/blue/hj.png HTTP/1.1" 304 -
120.253.135.82 - - [20/Aug/2023:11:26:17 +0800] "GET /favicon.ico HTTP/1.1" 404 -
180.152.241.196 - - [20/Aug/2023:11:26:20 +0800] "GET /xingrg/all/function/internal_message.html?_=1692501982442&CODE_STATE=getMsg HTTP/1.1" 200 27
222.67.237.86 - - [20/Aug/2023:11:26:21 +0800] "GET /xingrg/kc/buy/cgsh_order_operate.html?command=get_materiel&rest_code=00141&code=00101010707&supplier_code=00100327&order_time=2023-08-20 HTTP/1.1" 200 416
120.253.135.82 - - [20/Aug/2023:11:26:22 +0800] "POST /xingrg/login.do HTTP/1.1" 302 -
120.253.135.82 - - [20/Aug/2023:11:26:22 +0800] "GET /xingrg/index.html?sysBaseUrl=http%3A%2F%2F180.169.147.146%3A18081%2Fxingrg%2F&costTime=1731×tamp=1692501982554 HTTP/1.1" 200 17173
120.253.135.82 - - [20/Aug/2023:11:26:22 +0800] "GET /xingrg/javascript/jquery_easy_ui/themes/default/easyui.css HTTP/1.1" 304 -
120.253.135.82 - - [20/Aug/2023:11:26:22 +0800] "GET /xingrg/javascript/jquery_easy_ui/themes/icon.css HTTP/1.1" 304 -
120.253.135.82 - - [20/Aug/2023:11:26:22 +0800] "GET /xingrg/javascript/jquery-1.4.2.min.js HTTP/1.1" 304 -
120.253.135.82 - - [20/Aug/2023:11:26:22 +0800] "GET /xingrg/javascript/jquery.form.js HTTP/1.1" 304 -
120.253.135.82 - - [20/Aug/2023:11:26:22 +0800] "GET /xingrg/css/form.css HTTP/1.1" 304 -
120.253.135.82 - - [20/Aug/2023:11:26:22 +0800] "GET /xingrg/javascript/jquery_easy_ui/jquery.easyui.min.js HTTP/1.1" 304 -
120.253.135.82 - - [20/Aug/2023:11:26:22 +0800] "GET /xingrg/javascript/jquery.utils.js HTTP/1.1" 304 -
120.253.135.82 - - [20/Aug/2023:11:26:22 +0800] "GET /xingrg/javascript/jquery_easy_ui/easyui-lang-zh_CN.js HTTP/1.1" 304 -
120.253.135.82 - - [20/Aug/2023:11:26:22 +0800] "GET /xingrg/javascript/jquery.timers.js HTTP/1.1" 304 -
120.253.135.82 - - [20/Aug/2023:11:26:22 +0800] "GET /xingrg/images/blue/navBackgound.jpg HTTP/1.1" 304 -
120.253.135.82 - - [20/Aug/2023:11:26:22 +0800] "GET /xingrg/javascript/jquery_easy_ui/themes/icons/settle_new.png HTTP/1.1" 304 -
120.253.135.82 - - [20/Aug/2023:11:26:23 +0800] "GET /favicon.ico HTTP/1.1" 404 -
120.253.135.82 - - [20/Aug/2023:11:26:23 +0800] "GET /xingrg/images/blue/pingpu.png HTTP/1.1" 304 -
120.253.135.82 - - [20/Aug/2023:11:26:23 +0800] "GET /xingrg/javascript/jquery_easy_ui/themes/default/images/tabs_leftarrow.png HTTP/1.1" 304 -
120.253.135.82 - - [20/Aug/2023:11:26:23 +0800] "GET /xingrg/javascript/jquery_easy_ui/themes/default/images/tabs_rightarrow.png HTTP/1.1" 304 -
120.253.135.82 - - [20/Aug/2023:11:26:23 +0800] "GET /xingrg/javascript/jquery_easy_ui/themes/default/images/panel_tool_collapse.gif HTTP/1.1" 304 -
120.253.135.82 - - [20/Aug/2023:11:26:23 +0800] "GET /xingrg/all/function/internal_message.html?_=1692501797921&CODE_STATE=count HTTP/1.1" 200 11
120.253.135.82 - - [20/Aug/2023:11:26:23 +0800] "GET /xingrg/check_reg.html?_=1692501797922 HTTP/1.1" 200 22
120.253.135.82 - - [20/Aug/2023:11:26:23 +0800] "POST /xingrg/all/common/load_tree.html?tree=area_rest_tree_json&manage=1 HTTP/1.1" 200 344
120.253.135.82 - - [20/Aug/2023:11:26:23 +0800] "GET /xingrg/javascript/jquery_easy_ui/themes/default/images/tree_arrows.gif HTTP/1.1" 304 -
120.253.135.82 - - [20/Aug/2023:11:26:23 +0800] "POST /xingrg/load_menu.html HTTP/1.1" 200 6743
101.83.145.37 - - [20/Aug/2023:11:26:23 +0800] "POST /xingrg/kc/base/wldb_order_operate.html HTTP/1.1" 200 37
120.253.135.82 - - [20/Aug/2023:11:26:23 +0800] "GET /xingrg/javascript/jquery_easy_ui/themes/default/images/tree_folder.gif HTTP/1.1" 304 -
120.253.135.82 - - [20/Aug/2023:11:26:23 +0800] "GET /xingrg/javascript/jquery_easy_ui/themes/icons/storage_new.png HTTP/1.1" 304 -
120.253.135.82 - - [20/Aug/2023:11:26:23 +0800] "GET /xingrg/javascript/jquery_easy_ui/themes/icons/search_new.png HTTP/1.1" 304 -
120.253.135.82 - - [20/Aug/2023:11:26:23 +0800] "GET /xingrg/javascript/jquery_easy_ui/themes/icons/forms_new.png HTTP/1.1" 304 -
120.253.135.82 - - [20/Aug/2023:11:26:23 +0800] "GET /xingrg/javascript/jquery_easy_ui/themes/icons/delivery_new.png HTTP/1.1" 304 -
120.253.135.82 - - [20/Aug/2023:11:26:23 +0800] "GET /xingrg/javascript/jquery_easy_ui/themes/default/images/tree_file.gif HTTP/1.1" 304 -
120.253.135.82 - - [20/Aug/2023:11:26:23 +0800] "GET /xingrg/javascript/jquery_easy_ui/themes/default/images/tree_folder_open.gif HTTP/1.1" 304 -
101.83.145.37 - - [20/Aug/2023:11:26:24 +0800] "POST /xingrg/kc/base/wldb_order_operate.html HTTP/1.1" 200 2693
101.83.145.37 - - [20/Aug/2023:11:26:26 +0800] "GET /xingrg/kc/base/wldb_order_info.html?code=422023082002159 HTTP/1.1" 200 30512
120.253.135.82 - - [20/Aug/2023:11:26:26 +0800] "GET /xingrg/javascript/jquery_easy_ui/themes/default/images/tabs_close.gif HTTP/1.1" 304 -
222.70.180.200 - - [20/Aug/2023:11:26:26 +0800] "GET /xingrg/all/function/internal_message.html?_=1692501987614&CODE_STATE=getMsg HTTP/1.1" 200 27
101.83.145.37 - - [20/Aug/2023:11:26:26 +0800] "GET /xingrg/javascript/easyui/themes/default/validatebox.css HTTP/1.1" 404 1104
120.253.135.82 - - [20/Aug/2023:11:26:27 +0800] "GET /xingrg/kc/pszx/mdqp_order_list.html?state=10 HTTP/1.1" 200 10275
120.253.135.82 - - [20/Aug/2023:11:26:27 +0800] "GET /xingrg/css/blue.css HTTP/1.1" 304 -
120.253.135.82 - - [20/Aug/2023:11:26:27 +0800] "GET /xingrg/dwr/interface/AjaxQqpsService.js HTTP/1.1" 200 16326
120.253.135.82 - - [20/Aug/2023:11:26:27 +0800] "GET /xingrg/javascript/pic_change.js HTTP/1.1" 304 -
120.253.135.82 - - [20/Aug/2023:11:26:27 +0800] "GET /xingrg/dwr/interface/AjaxReportQueryService.js HTTP/1.1" 200 13203
120.253.135.82 - - [20/Aug/2023:11:26:27 +0800] "GET /xingrg/dwr/util.js HTTP/1.1" 304 -
120.253.135.82 - - [20/Aug/2023:11:26:27 +0800] "GET /xingrg/dwr/engine.js HTTP/1.1" 200 43631
120.253.135.82 - - [20/Aug/2023:11:26:27 +0800] "GET /xingrg/javascript/Calendar.js HTTP/1.1" 304 -
120.253.135.82 - - [20/Aug/2023:11:26:27 +0800] "GET /xingrg/javascript/myfunction.js HTTP/1.1" 304 -
120.253.135.82 - - [20/Aug/2023:11:26:27 +0800] "GET /xingrg/javascript/jquery_easy_ui/themes/icons/check_new.png HTTP/1.1" 304 -
120.253.135.82 - - [20/Aug/2023:11:26:27 +0800] "GET /xingrg/javascript/jquery_easy_ui/themes/icons/back_new.png HTTP/1.1" 304 -
120.253.135.82 - - [20/Aug/2023:11:26:27 +0800] "GET /xingrg/javascript/jquery_easy_ui/themes/icons/uncheck_new.png HTTP/1.1" 304 -
101.83.145.37 - - [20/Aug/2023:11:26:27 +0800] "POST /xingrg/kc/base/wldb_order_operate.html HTTP/1.1" 200 2693
101.83.145.37 - - [20/Aug/2023:11:26:29 +0800] "GET /xingrg/kc/base/wldb_order_add.html HTTP/1.1" 200 30498
101.83.145.37 - - [20/Aug/2023:11:26:30 +0800] "GET /xingrg/javascript/easyui/themes/default/validatebox.css HTTP/1.1" 404 1104
101.83.145.37 - - [20/Aug/2023:11:26:30 +0800] "POST /xingrg/kc/base/wldb_order_operate.html HTTP/1.1" 200 6806
222.67.237.86 - - [20/Aug/2023:11:26:30 +0800] "GET /xingrg/all/function/internal_message.html?_=1692501441131&CODE_STATE=getMsg HTTP/1.1" 200 27
116.235.244.17 - - [20/Aug/2023:11:26:30 +0800] "GET /xingrg/kc/buy/cgsh_order_operate.html?command=get_materiel&rest_code=00146&code=00101010063&supplier_code=00100325&order_time=2023-08-20 HTTP/1.1" 200 409
222.67.237.86 - - [20/Aug/2023:11:26:30 +0800] "GET /xingrg/kc/buy/cgsh_order_operate.html?command=get_materiel&rest_code=00141&code=00101010111&supplier_code=00100327&order_time=2023-08-20 HTTP/1.1" 200 417
101.83.145.37 - - [20/Aug/2023:11:26:30 +0800] "POST /xingrg/all/common/load_combo.html?type=base HTTP/1.1" 200 3409
120.253.135.82 - - [20/Aug/2023:11:26:31 +0800] "GET /xingrg/javascript/jquery_easy_ui/themes/icons/manage.png HTTP/1.1" 304 -
120.253.135.82 - - [20/Aug/2023:11:26:31 +0800] "GET /xingrg/javascript/jquery_easy_ui/themes/icons/area.png HTTP/1.1" 304 -
101.228.187.155 - - [20/Aug/2023:11:26:31 +0800] "GET /xingrg/all/function/internal_message.html?_=1692501991396&CODE_STATE=getMsg HTTP/1.1" 200 27
180.165.48.189 - - [20/Aug/2023:11:26:33 +0800] "GET /xingrg/all/function/internal_message.html?_=1692501993018&CODE_STATE=getMsg HTTP/1.1" 200 27
120.253.135.82 - - [20/Aug/2023:11:26:35 +0800] "GET /xingrg/kc/pszx/mdqp_order_list.html?state=10 HTTP/1.1" 200 10275
120.253.135.82 - - [20/Aug/2023:11:26:35 +0800] "GET /xingrg/dwr/interface/AjaxQqpsService.js HTTP/1.1" 200 16326
120.253.135.82 - - [20/Aug/2023:11:26:35 +0800] "GET /xingrg/dwr/interface/AjaxReportQueryService.js HTTP/1.1" 200 13203
120.253.135.82 - - [20/Aug/2023:11:26:35 +0800] "GET /xingrg/dwr/engine.js HTTP/1.1" 200 43631
180.152.241.196 - - [20/Aug/2023:11:26:35 +0800] "GET /xingrg/kc/buy/cgsh_order_operate.html?command=get_materiel&rest_code=00102&code=00101008168&supplier_code=00100008&order_time=2023-08-20 HTTP/1.1" 200 412
180.169.147.146 - - [20/Aug/2023:11:26:36 +0800] "GET /xingrg/all/function/internal_message.html?_=1692501996927&CODE_STATE=getMsg HTTP/1.1" 200 27
114.95.241.104 - - [20/Aug/2023:11:26:37 +0800] "GET /xingrg/all/function/internal_message.html?_=1692501995411&CODE_STATE=getMsg HTTP/1.1" 200 27
114.83.217.94 - - [20/Aug/2023:11:26:39 +0800] "GET /xingrg/all/function/internal_message.html?_=1692501999045&CODE_STATE=getMsg HTTP/1.1" 200 27
222.69.129.152 - - [20/Aug/2023:11:26:39 +0800] "GET /xingrg/all/function/internal_message.html?_=1692502136701&CODE_STATE=getMsg HTTP/1.1" 200 27
222.70.180.200 - - [20/Aug/2023:11:26:39 +0800] "GET /xingrg/all/function/internal_message.html?_=1692502112917&CODE_STATE=getMsg HTTP/1.1" 200 27
180.152.241.196 - - [20/Aug/2023:11:26:40 +0800] "POST /xingrg/kc/buy/cgsh_order_operate.html HTTP/1.1" 200 2065
180.169.147.146 - - [20/Aug/2023:11:26:43 +0800] "GET /xingrg/all/function/internal_message.html?_=1692501991502&CODE_STATE=getMsg HTTP/1.1" 200 27
180.169.147.146 - - [20/Aug/2023:11:26:43 +0800] "GET /xingrg/check_reg.html?_=1692501991503 HTTP/1.1" 200 22
114.83.217.94 - - [20/Aug/2023:11:26:44 +0800] "GET /xingrg/all/function/internal_message.html?_=1692502004113&CODE_STATE=getMsg HTTP/1.1" 200 27
222.67.237.86 - - [20/Aug/2023:11:26:45 +0800] "POST /xingrg/kc/buy/cgsh_order_operate.html HTTP/1.1" 200 37
116.235.244.17 - - [20/Aug/2023:11:26:47 +0800] "GET /xingrg/kc/buy/cgsh_order_operate.html?command=get_materiel&rest_code=00146&code=00101006113&supplier_code=00100325&order_time=2023-08-20 HTTP/1.1" 200 413
124.78.155.92 - - [20/Aug/2023:11:26:47 +0800] "GET /xingrg/all/function/internal_message.html?_=1692502002735&CODE_STATE=getMsg HTTP/1.1" 200 27
101.83.145.37 - - [20/Aug/2023:11:26:48 +0800] "GET /xingrg/kc/base/wldb_order_operate.html?command=get_materiel&rest_code=00105&base_code=0010508&code=00102002006 HTTP/1.1" 200 469
101.83.145.37 - - [20/Aug/2023:11:26:51 +0800] "GET /xingrg/all/function/internal_message.html?_=1692501810928&CODE_STATE=getMsg HTTP/1.1" 200 27
180.152.241.196 - - [20/Aug/2023:11:26:55 +0800] "GET /xingrg/kc/buy/cgsh_order_operate.html?command=get_materiel&rest_code=00102&code=00101008095&supplier_code=00100008&order_time=2023-08-20 HTTP/1.1" 200 412
222.67.237.86 - - [20/Aug/2023:11:26:55 +0800] "POST /xingrg/kc/buy/cgsh_order_operate.html HTTP/1.1" 200 12
101.83.145.37 - - [20/Aug/2023:11:26:55 +0800] "GET /xingrg/kc/base/wldb_order_operate.html?command=get_materiel&rest_code=00105&base_code=0010508&code=00102002511 HTTP/1.1" 200 435
101.83.145.37 - - [20/Aug/2023:11:27:01 +0800] "GET /xingrg/kc/base/wldb_order_operate.html?command=get_materiel&rest_code=00105&base_code=0010508&code=00102002992 HTTP/1.1" 200 437
222.67.237.86 - - [20/Aug/2023:11:27:02 +0800] "GET /xingrg/kc/buy/cgsh_order_info.html?code=212023082008160 HTTP/1.1" 200 66873
222.67.237.86 - - [20/Aug/2023:11:27:02 +0800] "GET /xingrg/javascript/easyui/themes/default/validatebox.css HTTP/1.1" 404 1104
116.235.244.17 - - [20/Aug/2023:11:27:03 +0800] "GET /xingrg/all/function/internal_message.html?_=1692502047183&CODE_STATE=getMsg HTTP/1.1" 200 27
116.235.244.17 - - [20/Aug/2023:11:27:07 +0800] "POST /xingrg/kc/buy/cgsh_order_operate.html HTTP/1.1" 200 37
222.67.237.86 - - [20/Aug/2023:11:27:07 +0800] "POST /xingrg/kc/buy/cgsh_order_operate.html HTTP/1.1" 200 1806
101.83.145.37 - - [20/Aug/2023:11:27:08 +0800] "GET /xingrg/kc/base/wldb_order_operate.html?command=get_materiel&rest_code=00105&base_code=0010508&code=00102002448 HTTP/1.1" 200 439
222.67.237.86 - - [20/Aug/2023:11:27:09 +0800] "GET /xingrg/kc/print/load_data.html?order_code=212023082008160&kc_code=cgsh HTTP/1.1" 200 1170
180.152.241.196 - - [20/Aug/2023:11:27:11 +0800] "GET /xingrg/kc/buy/cgsh_order_operate.html?command=get_materiel&rest_code=00102&code=00101008110&supplier_code=00100008&order_time=2023-08-20 HTTP/1.1" 200 408
116.235.244.17 - - [20/Aug/2023:11:27:11 +0800] "POST /xingrg/kc/buy/cgsh_order_operate.html HTTP/1.1" 200 5653
116.235.94.33 - - [20/Aug/2023:11:27:13 +0800] "GET /xingrg/check_reg.html?_=1692502325430 HTTP/1.1" 200 22
116.235.94.33 - - [20/Aug/2023:11:27:13 +0800] "GET /xingrg/all/function/internal_message.html?_=1692502325431&CODE_STATE=getMsg HTTP/1.1" 200 27
101.83.145.37 - - [20/Aug/2023:11:27:13 +0800] "POST /xingrg/kc/base/wldb_order_operate.html HTTP/1.1" 200 37
222.67.237.86 - - [20/Aug/2023:11:27:13 +0800] "GET /xingrg/kc/print/load_data.html?order_code=212023082008160&kc_code=cgsh&condition= HTTP/1.1" 200 1170
116.235.244.17 - - [20/Aug/2023:11:27:14 +0800] "GET /xingrg/kc/print/load_data.html?order_code=212023082008161&kc_code=cgsh&condition= HTTP/1.1" 200 1843
116.232.195.127 - - [20/Aug/2023:11:27:14 +0800] "GET /xingrg/all/function/internal_message.html?_=1692501956266&CODE_STATE=getMsg HTTP/1.1" 200 27
101.83.145.37 - - [20/Aug/2023:11:27:15 +0800] "POST /xingrg/kc/base/wldb_order_operate.html HTTP/1.1" 200 3638
222.67.237.86 - - [20/Aug/2023:11:27:18 +0800] "GET /xingrg/kc/buy/cgsh_order_add.html HTTP/1.1" 200 71964
222.67.237.86 - - [20/Aug/2023:11:27:19 +0800] "GET /xingrg/javascript/easyui/themes/default/validatebox.css HTTP/1.1" 404 1104
222.67.237.86 - - [20/Aug/2023:11:27:19 +0800] "POST /xingrg/kc/buy/cgsh_order_operate.html HTTP/1.1" 200 8245
180.152.241.196 - - [20/Aug/2023:11:27:20 +0800] "GET /xingrg/all/function/internal_message.html?_=1692502042430&CODE_STATE=getMsg HTTP/1.1" 200 27
101.83.145.37 - - [20/Aug/2023:11:27:20 +0800] "GET /xingrg/kc/base/wldb_order_info.html?code=422023082002160 HTTP/1.1" 200 30513
101.83.145.37 - - [20/Aug/2023:11:27:20 +0800] "GET /xingrg/javascript/easyui/themes/default/validatebox.css HTTP/1.1" 404 1104
180.152.241.196 - - [20/Aug/2023:11:27:20 +0800] "GET /xingrg/kc/buy/cgsh_order_operate.html?command=get_materiel&rest_code=00102&code=00101008061&supplier_code=00100008&order_time=2023-08-20 HTTP/1.1" 200 422
120.253.135.82 - - [20/Aug/2023:11:27:23 +0800] "GET /xingrg/all/function/internal_message.html?_=1692501857935&CODE_STATE=getMsg HTTP/1.1" 200 27
101.83.145.37 - - [20/Aug/2023:11:27:23 +0800] "POST /xingrg/kc/buy/cgsh_list_operate.html HTTP/1.1" 200 4
101.83.145.37 - - [20/Aug/2023:11:27:24 +0800] "POST /xingrg/kc/base/wldb_order_operate.html HTTP/1.1" 200 3638
180.165.48.189 - - [20/Aug/2023:11:27:24 +0800] "POST /xingrg/services/DataTransmitService HTTP/1.1" 200 524
180.165.48.189 - - [20/Aug/2023:11:27:25 +0800] "POST /xingrg/services/DataTransmitService HTTP/1.1" 200 2003
101.83.145.37 - - [20/Aug/2023:11:27:25 +0800] "GET /xingrg/kc/base/wldb_order_add.html HTTP/1.1" 200 30498
101.83.145.37 - - [20/Aug/2023:11:27:26 +0800] "GET /xingrg/javascript/easyui/themes/default/validatebox.css HTTP/1.1" 404 1104
101.83.145.37 - - [20/Aug/2023:11:27:26 +0800] "POST /xingrg/kc/base/wldb_order_operate.html HTTP/1.1" 200 6806
180.165.48.189 - - [20/Aug/2023:11:27:26 +0800] "POST /xingrg/services/DataTransmitService HTTP/1.1" 200 99815
222.70.180.200 - - [20/Aug/2023:11:27:26 +0800] "GET /xingrg/all/function/internal_message.html?_=1692502047581&CODE_STATE=getMsg HTTP/1.1" 200 27
101.83.145.37 - - [20/Aug/2023:11:27:27 +0800] "POST /xingrg/all/common/load_combo.html?type=base HTTP/1.1" 200 3409
116.235.244.17 - - [20/Aug/2023:11:27:30 +0800] "GET /xingrg/kc/buy/cgsh_order_add.html HTTP/1.1" 200 71964
222.67.237.86 - - [20/Aug/2023:11:27:30 +0800] "GET /xingrg/all/function/internal_message.html?_=1692501501104&CODE_STATE=getMsg HTTP/1.1" 200 27
180.152.241.196 - - [20/Aug/2023:11:27:30 +0800] "GET /xingrg/kc/buy/cgsh_order_operate.html?command=get_materiel&rest_code=00102&code=00101008704&supplier_code=00100008&order_time=2023-08-20 HTTP/1.1" 200 409
101.228.187.155 - - [20/Aug/2023:11:27:31 +0800] "GET /xingrg/all/function/internal_message.html?_=1692502051396&CODE_STATE=getMsg HTTP/1.1" 200 27
116.235.244.17 - - [20/Aug/2023:11:27:31 +0800] "POST /xingrg/kc/buy/cgsh_order_operate.html HTTP/1.1" 200 8245
116.235.244.17 - - [20/Aug/2023:11:27:31 +0800] "GET /xingrg/javascript/easyui/themes/default/validatebox.css HTTP/1.1" 404 1104
222.67.237.86 - - [20/Aug/2023:11:27:32 +0800] "GET /xingrg/kc/buy/cgsh_order_operate.html?command=get_materiel&rest_code=00141&code=00101001140&supplier_code=00100090&order_time=2023-08-20 HTTP/1.1" 200 417
180.165.48.189 - - [20/Aug/2023:11:27:33 +0800] "GET /xingrg/all/function/internal_message.html?_=1692502053005&CODE_STATE=getMsg HTTP/1.1" 200 27
180.152.241.196 - - [20/Aug/2023:11:27:34 +0800] "POST /xingrg/kc/buy/cgsh_order_operate.html HTTP/1.1" 200 2065
180.169.147.146 - - [20/Aug/2023:11:27:36 +0800] "GET /xingrg/all/function/internal_message.html?_=1692502056922&CODE_STATE=getMsg HTTP/1.1" 200 27
180.169.147.146 - - [20/Aug/2023:11:27:36 +0800] "GET /xingrg/check_reg.html?_=1692502056925 HTTP/1.1" 200 22
114.95.241.104 - - [20/Aug/2023:11:27:37 +0800] "GET /xingrg/all/function/internal_message.html?_=1692502055413&CODE_STATE=getMsg HTTP/1.1" 200 27
114.83.217.94 - - [20/Aug/2023:11:27:39 +0800] "GET /xingrg/check_reg.html?_=1692502059043 HTTP/1.1" 200 22
114.83.217.94 - - [20/Aug/2023:11:27:39 +0800] "GET /xingrg/all/function/internal_message.html?_=1692502059045&CODE_STATE=getMsg HTTP/1.1" 200 27
222.69.129.152 - - [20/Aug/2023:11:27:39 +0800] "GET /xingrg/all/function/internal_message.html?_=1692502196678&CODE_STATE=getMsg HTTP/1.1" 200 27
222.70.180.200 - - [20/Aug/2023:11:27:39 +0800] "GET /xingrg/all/function/internal_message.html?_=1692502172889&CODE_STATE=getMsg HTTP/1.1" 200 27
222.70.180.200 - - [20/Aug/2023:11:27:39 +0800] "GET /xingrg/check_reg.html?_=1692502173176 HTTP/1.1" 200 22
180.152.241.196 - - [20/Aug/2023:11:27:42 +0800] "GET /xingrg/kc/buy/cgsh_order_operate.html?command=get_materiel&rest_code=00102&code=00101008123&supplier_code=00100008&order_time=2023-08-20 HTTP/1.1" 200 412
180.169.147.146 - - [20/Aug/2023:11:27:43 +0800] "GET /xingrg/all/function/internal_message.html?_=1692502051502&CODE_STATE=getMsg HTTP/1.1" 200 27
114.83.217.94 - - [20/Aug/2023:11:27:44 +0800] "GET /xingrg/all/function/internal_message.html?_=1692502064120&CODE_STATE=getMsg HTTP/1.1" 200 27
222.67.237.86 - - [20/Aug/2023:11:27:46 +0800] "GET /xingrg/kc/buy/cgsh_order_operate.html?command=get_materiel&rest_code=00141&code=00101004065&supplier_code=00100090&order_time=2023-08-20 HTTP/1.1" 200 413
124.78.155.92 - - [20/Aug/2023:11:27:47 +0800] "GET /xingrg/all/function/internal_message.html?_=1692502062721&CODE_STATE=getMsg HTTP/1.1" 200 27
180.152.241.196 - - [20/Aug/2023:11:27:51 +0800] "GET /xingrg/kc/buy/cgsh_order_operate.html?command=get_materiel&rest_code=00102&code=00101008140&supplier_code=00100008&order_time=2023-08-20 HTTP/1.1" 200 417
101.83.145.37 - - [20/Aug/2023:11:27:51 +0800] "GET /xingrg/all/function/internal_message.html?_=1692501870901&CODE_STATE=getMsg HTTP/1.1" 200 27
101.83.145.37 - - [20/Aug/2023:11:27:53 +0800] "GET /xingrg/kc/base/base_main.html HTTP/1.1" 200 12142
101.83.145.37 - - [20/Aug/2023:11:27:53 +0800] "GET /xingrg/kc/base/wldb_order_operate.html?command=get_materiel&rest_code=00105&base_code=0010508&code=00102002204 HTTP/1.1" 200 447
116.235.244.17 - - [20/Aug/2023:11:27:54 +0800] "GET /xingrg/kc/buy/cgsh_order_operate.html?command=get_materiel&rest_code=00146&code=00101019944&supplier_code=00100505&order_time=2023-08-20 HTTP/1.1" 200 417
101.83.145.37 - - [20/Aug/2023:11:27:55 +0800] "GET /xingrg/kc/base/wldb_order_list.html HTTP/1.1" 200 19215
180.152.241.196 - - [20/Aug/2023:11:27:55 +0800] "GET /xingrg/check_reg.html?_=1692502074859 HTTP/1.1" 200 22
101.83.145.37 - - [20/Aug/2023:11:27:56 +0800] "POST /xingrg/kc/base/wldb_list_operate.html HTTP/1.1" 200 4929
116.235.244.17 - - [20/Aug/2023:11:27:58 +0800] "GET /xingrg/check_reg.html?_=1692502101923 HTTP/1.1" 200 22
222.67.237.86 - - [20/Aug/2023:11:27:58 +0800] "POST /xingrg/kc/buy/cgsh_order_operate.html HTTP/1.1" 200 37
101.83.145.37 - - [20/Aug/2023:11:28:01 +0800] "GET /xingrg/kc/base/wldb_order_add.html HTTP/1.1" 200 30498
101.83.145.37 - - [20/Aug/2023:11:28:01 +0800] "POST /xingrg/kc/base/wldb_order_operate.html HTTP/1.1" 200 6806
101.83.145.37 - - [20/Aug/2023:11:28:01 +0800] "GET /xingrg/javascript/easyui/themes/default/validatebox.css HTTP/1.1" 404 1104
116.235.244.17 - - [20/Aug/2023:11:28:03 +0800] "GET /xingrg/all/function/internal_message.html?_=1692502107198&CODE_STATE=getMsg HTTP/1.1" 200 27
101.83.145.37 - - [20/Aug/2023:11:28:03 +0800] "GET /xingrg/javascript/auto/indicator.gif HTTP/1.1" 404 1066
116.235.244.17 - - [20/Aug/2023:11:28:06 +0800] "POST /xingrg/kc/buy/cgsh_order_operate.html HTTP/1.1" 200 37
180.152.241.196 - - [20/Aug/2023:11:28:08 +0800] "GET /xingrg/kc/buy/cgsh_order_operate.html?command=get_materiel&rest_code=00102&code=00101009031&supplier_code=00100008&order_time=2023-08-20 HTTP/1.1" 200 414
116.235.244.17 - - [20/Aug/2023:11:28:10 +0800] "POST /xingrg/kc/buy/cgsh_order_operate.html HTTP/1.1" 200 2660
222.67.237.86 - - [20/Aug/2023:11:28:12 +0800] "POST /xingrg/kc/buy/cgsh_order_operate.html HTTP/1.1" 200 12
101.83.145.37 - - [20/Aug/2023:11:28:12 +0800] "GET /xingrg/kc/base/wldb_order_operate.html?command=get_materiel&rest_code=00105&base_code=0010508&code=00102002304 HTTP/1.1" 200 464
116.235.94.33 - - [20/Aug/2023:11:28:13 +0800] "GET /xingrg/all/function/internal_message.html?_=1692502385428&CODE_STATE=getMsg HTTP/1.1" 200 27
116.235.244.17 - - [20/Aug/2023:11:28:13 +0800] "GET /xingrg/kc/print/load_data.html?order_code=212023082008163&kc_code=cgsh&condition= HTTP/1.1" 200 669
222.67.237.86 - - [20/Aug/2023:11:28:14 +0800] "GET /xingrg/kc/buy/cgsh_order_info.html?code=212023082008162 HTTP/1.1" 200 66877
116.232.195.127 - - [20/Aug/2023:11:28:14 +0800] "GET /xingrg/all/function/internal_message.html?_=1692502016263&CODE_STATE=getMsg HTTP/1.1" 200 27
116.232.195.127 - - [20/Aug/2023:11:28:14 +0800] "GET /xingrg/check_reg.html?_=1692502016255 HTTP/1.1" 200 22
222.67.237.86 - - [20/Aug/2023:11:28:15 +0800] "GET /xingrg/javascript/easyui/themes/default/validatebox.css HTTP/1.1" 404 1104
222.67.237.86 - - [20/Aug/2023:11:28:16 +0800] "POST /xingrg/kc/buy/cgsh_order_operate.html HTTP/1.1" 200 1210
101.83.145.37 - - [20/Aug/2023:11:28:16 +0800] "GET /xingrg/all/function/internal_message.html?_=1692502098313&CODE_STATE=getMsg HTTP/1.1" 200 27
222.67.237.86 - - [20/Aug/2023:11:28:18 +0800] "GET /xingrg/kc/print/load_data.html?order_code=212023082008162&kc_code=cgsh&condition= HTTP/1.1" 200 1011
180.152.241.196 - - [20/Aug/2023:11:28:20 +0800] "GET /xingrg/all/function/internal_message.html?_=1692502102433&CODE_STATE=getMsg HTTP/1.1" 200 27
180.152.241.196 - - [20/Aug/2023:11:28:20 +0800] "GET /xingrg/check_reg.html?_=1692502102478 HTTP/1.1" 200 22
101.83.145.37 - - [20/Aug/2023:11:28:20 +0800] "GET /xingrg/kc/base/wldb_order_operate.html?command=get_materiel&rest_code=00105&base_code=0010508&code=00102002315 HTTP/1.1" 200 461
180.152.241.196 - - [20/Aug/2023:11:28:20 +0800] "GET /xingrg/kc/buy/cgsh_order_operate.html?command=get_materiel&rest_code=00102&code=00101008072&supplier_code=00100008&order_time=2023-08-20 HTTP/1.1" 200 410
116.235.244.17 - - [20/Aug/2023:11:28:22 +0800] "GET /xingrg/kc/buy/cgsh_order_add.html HTTP/1.1" 200 71964
120.253.135.82 - - [20/Aug/2023:11:28:23 +0800] "GET /xingrg/all/function/internal_message.html?_=1692501917950&CODE_STATE=getMsg HTTP/1.1" 200 27
116.235.244.17 - - [20/Aug/2023:11:28:23 +0800] "POST /xingrg/kc/buy/cgsh_order_operate.html HTTP/1.1" 200 8245
116.235.244.17 - - [20/Aug/2023:11:28:23 +0800] "GET /xingrg/javascript/easyui/themes/default/validatebox.css HTTP/1.1" 404 1104
222.67.237.86 - - [20/Aug/2023:11:28:23 +0800] "GET /xingrg/kc/buy/cgsh_order_add.html HTTP/1.1" 200 71964
101.83.145.37 - - [20/Aug/2023:11:28:23 +0800] "GET /xingrg/kc/base/wldb_order_operate.html?command=get_materiel&rest_code=00105&base_code=0010507&code=00101019079 HTTP/1.1" 200 479
222.67.237.86 - - [20/Aug/2023:11:28:24 +0800] "POST /xingrg/kc/buy/cgsh_order_operate.html HTTP/1.1" 200 8245
222.67.237.86 - - [20/Aug/2023:11:28:24 +0800] "GET /xingrg/javascript/easyui/themes/default/validatebox.css HTTP/1.1" 404 1104
222.70.180.200 - - [20/Aug/2023:11:28:26 +0800] "GET /xingrg/all/function/internal_message.html?_=1692502107560&CODE_STATE=getMsg HTTP/1.1" 200 27
101.83.145.37 - - [20/Aug/2023:11:28:26 +0800] "GET /xingrg/kc/base/wldb_order_operate.html?command=get_materiel&rest_code=00105&base_code=0010508&code=00102004030 HTTP/1.1" 200 442
222.70.180.200 - - [20/Aug/2023:11:28:28 +0800] "GET /xingrg/check_reg.html?_=1692502109058 HTTP/1.1" 200 22
222.67.237.86 - - [20/Aug/2023:11:28:30 +0800] "GET /xingrg/all/function/internal_message.html?_=1692501561080&CODE_STATE=getMsg HTTP/1.1" 200 27
101.228.187.155 - - [20/Aug/2023:11:28:31 +0800] "GET /xingrg/check_reg.html?_=1692502111397 HTTP/1.1" 200 22
101.228.187.155 - - [20/Aug/2023:11:28:31 +0800] "GET /xingrg/all/function/internal_message.html?_=1692502111399&CODE_STATE=getMsg HTTP/1.1" 200 27
101.83.145.37 - - [20/Aug/2023:11:28:31 +0800] "POST /xingrg/kc/base/wldb_order_operate.html HTTP/1.1" 200 37
180.152.241.196 - - [20/Aug/2023:11:28:32 +0800] "GET /xingrg/kc/buy/cgsh_order_operate.html?command=get_materiel&rest_code=00102&code=00101008155&supplier_code=00100008&order_time=2023-08-20 HTTP/1.1" 200 408
180.165.48.189 - - [20/Aug/2023:11:28:33 +0800] "GET /xingrg/all/function/internal_message.html?_=1692502112976&CODE_STATE=getMsg HTTP/1.1" 200 27
101.83.145.37 - - [20/Aug/2023:11:28:34 +0800] "POST /xingrg/kc/base/wldb_order_operate.html HTTP/1.1" 200 4155
180.152.241.196 - - [20/Aug/2023:11:28:35 +0800] "POST /xingrg/kc/buy/cgsh_order_operate.html HTTP/1.1" 200 2065
101.83.145.37 - - [20/Aug/2023:11:28:36 +0800] "POST /xingrg/kc/base/wldb_order_operate.html HTTP/1.1" 200 88
101.83.145.37 - - [20/Aug/2023:11:28:36 +0800] "GET /xingrg/kc/base/wldb_order_info.html?code=422023082002161 HTTP/1.1" 200 30513
180.169.147.146 - - [20/Aug/2023:11:28:36 +0800] "GET /xingrg/all/function/internal_message.html?_=1692502116928&CODE_STATE=getMsg HTTP/1.1" 200 27
101.83.145.37 - - [20/Aug/2023:11:28:37 +0800] "GET /xingrg/javascript/easyui/themes/default/validatebox.css HTTP/1.1" 404 1104
114.95.241.104 - - [20/Aug/2023:11:28:37 +0800] "GET /xingrg/check_reg.html?_=1692502115414 HTTP/1.1" 200 22
114.95.241.104 - - [20/Aug/2023:11:28:37 +0800] "GET /xingrg/all/function/internal_message.html?_=1692502115418&CODE_STATE=getMsg HTTP/1.1" 200 27
101.83.145.37 - - [20/Aug/2023:11:28:38 +0800] "POST /xingrg/kc/base/wldb_order_operate.html HTTP/1.1" 200 4155
114.83.217.94 - - [20/Aug/2023:11:28:39 +0800] "GET /xingrg/all/function/internal_message.html?_=1692502119037&CODE_STATE=getMsg HTTP/1.1" 200 27
222.69.129.152 - - [20/Aug/2023:11:28:39 +0800] "GET /xingrg/all/function/internal_message.html?_=1692502256666&CODE_STATE=getMsg HTTP/1.1" 200 27
222.67.237.86 - - [20/Aug/2023:11:28:39 +0800] "GET /xingrg/kc/buy/cgsh_order_operate.html?command=get_materiel&rest_code=00141&code=00101002006&supplier_code=00100091&order_time=2023-08-20 HTTP/1.1" 200 416
222.70.180.200 - - [20/Aug/2023:11:28:39 +0800] "GET /xingrg/all/function/internal_message.html?_=1692502232925&CODE_STATE=getMsg HTTP/1.1" 200 27
180.152.241.196 - - [20/Aug/2023:11:28:40 +0800] "GET /xingrg/kc/buy/cgsh_order_operate.html?command=get_materiel&rest_code=00102&code=00101008349&supplier_code=00100008&order_time=2023-08-20 HTTP/1.1" 200 414
222.69.129.152 - - [20/Aug/2023:11:28:40 +0800] "GET /xingrg/check_reg.html?_=1692502258185 HTTP/1.1" 200 22
116.235.244.17 - - [20/Aug/2023:11:28:41 +0800] "GET /xingrg/kc/buy/cgsh_order_operate.html?command=get_materiel&rest_code=00146&code=00101010719&supplier_code=00100442&order_time=2023-08-20 HTTP/1.1" 200 406
101.83.145.37 - - [20/Aug/2023:11:28:42 +0800] "GET /xingrg/kc/buy/cgsh_order_list.html HTTP/1.1" 200 56182
180.169.147.146 - - [20/Aug/2023:11:28:43 +0800] "GET /xingrg/all/function/internal_message.html?_=1692502111501&CODE_STATE=getMsg HTTP/1.1" 200 27
114.83.217.94 - - [20/Aug/2023:11:28:44 +0800] "GET /xingrg/all/function/internal_message.html?_=1692502124111&CODE_STATE=getMsg HTTP/1.1" 200 27
114.83.217.94 - - [20/Aug/2023:11:28:44 +0800] "GET /xingrg/check_reg.html?_=1692502124114 HTTP/1.1" 200 22
101.83.145.37 - - [20/Aug/2023:11:28:46 +0800] "POST /xingrg/kc/base/wldb_order_operate.html HTTP/1.1" 200 37
101.83.145.37 - - [20/Aug/2023:11:28:47 +0800] "POST /xingrg/kc/base/wldb_order_operate.html HTTP/1.1" 200 2223
124.78.155.92 - - [20/Aug/2023:11:28:47 +0800] "GET /xingrg/all/function/internal_message.html?_=1692502122691&CODE_STATE=getMsg HTTP/1.1" 200 27
124.78.155.92 - - [20/Aug/2023:11:28:48 +0800] "GET /xingrg/check_reg.html?_=1692502123186 HTTP/1.1" 200 22
101.83.145.37 - - [20/Aug/2023:11:28:49 +0800] "GET /xingrg/kc/base/wldb_order_info.html?code=422023082002163 HTTP/1.1" 200 30512
101.83.145.37 - - [20/Aug/2023:11:28:49 +0800] "GET /xingrg/javascript/easyui/themes/default/validatebox.css HTTP/1.1" 404 1104
180.152.241.196 - - [20/Aug/2023:11:28:49 +0800] "GET /xingrg/kc/buy/cgsh_order_operate.html?command=get_materiel&rest_code=00102&code=00101008358&supplier_code=00100008&order_time=2023-08-20 HTTP/1.1" 200 412
101.83.145.37 - - [20/Aug/2023:11:28:50 +0800] "POST /xingrg/kc/base/wldb_order_operate.html HTTP/1.1" 200 2223
101.83.145.37 - - [20/Aug/2023:11:28:51 +0800] "GET /xingrg/all/function/internal_message.html?_=1692501930883&CODE_STATE=getMsg HTTP/1.1" 200 27
101.83.145.37 - - [20/Aug/2023:11:28:52 +0800] "GET /xingrg/check_reg.html?_=1692501931744 HTTP/1.1" 200 22
116.235.244.17 - - [20/Aug/2023:11:29:00 +0800] "POST /xingrg/kc/buy/cgsh_order_operate.html HTTP/1.1" 200 37
222.67.237.86 - - [20/Aug/2023:11:29:02 +0800] "GET /xingrg/kc/buy/cgsh_order_operate.html?command=get_materiel&rest_code=00141&code=00101003037&supplier_code=00100091&order_time=2023-08-20 HTTP/1.1" 200 417
116.235.244.17 - - [20/Aug/2023:11:29:03 +0800] "GET /xingrg/all/function/internal_message.html?_=1692502167210&CODE_STATE=getMsg HTTP/1.1" 200 27
180.152.241.196 - - [20/Aug/2023:11:29:04 +0800] "GET /xingrg/kc/buy/cgsh_order_operate.html?command=get_materiel&rest_code=00102&code=00101008224&supplier_code=00100008&order_time=2023-08-20 HTTP/1.1" 200 416
116.235.244.17 - - [20/Aug/2023:11:29:04 +0800] "POST /xingrg/kc/buy/cgsh_order_operate.html HTTP/1.1" 200 2650
116.235.244.17 - - [20/Aug/2023:11:29:07 +0800] "GET /xingrg/kc/print/load_data.html?order_code=212023082008164&kc_code=cgsh&condition= HTTP/1.1" 200 675
114.95.241.104 - - [20/Aug/2023:11:29:09 +0800] "GET /xingrg/kc/buy/cgsh_order_list.html HTTP/1.1" 200 56188
114.95.241.104 - - [20/Aug/2023:11:29:12 +0800] "POST /xingrg/kc/buy/cgsh_list_operate.html HTTP/1.1" 200 986
116.235.94.33 - - [20/Aug/2023:11:29:13 +0800] "GET /xingrg/all/function/internal_message.html?_=1692502445427&CODE_STATE=getMsg HTTP/1.1" 200 27
180.152.241.196 - - [20/Aug/2023:11:29:14 +0800] "GET /xingrg/kc/buy/cgsh_order_operate.html?command=get_materiel&rest_code=00102&code=00101008003&supplier_code=00100008&order_time=2023-08-20 HTTP/1.1" 200 408
114.95.241.104 - - [20/Aug/2023:11:29:14 +0800] "GET /xingrg/kc/buy/cgsh_order_add.html HTTP/1.1" 200 72008
116.232.195.127 - - [20/Aug/2023:11:29:14 +0800] "GET /xingrg/all/function/internal_message.html?_=1692502076257&CODE_STATE=getMsg HTTP/1.1" 200 27
114.95.241.104 - - [20/Aug/2023:11:29:15 +0800] "POST /xingrg/kc/buy/cgsh_order_operate.html HTTP/1.1" 200 8245
114.95.241.104 - - [20/Aug/2023:11:29:15 +0800] "GET /xingrg/javascript/easyui/themes/default/validatebox.css HTTP/1.1" 404 1104
101.83.145.37 - - [20/Aug/2023:11:29:16 +0800] "GET /xingrg/all/function/internal_message.html?_=1692502158304&CODE_STATE=getMsg HTTP/1.1" 200 27
116.235.244.17 - - [20/Aug/2023:11:29:18 +0800] "GET /xingrg/kc/buy/cgsh_order_add.html HTTP/1.1" 200 71964
101.83.145.37 - - [20/Aug/2023:11:29:18 +0800] "POST /xingrg/kc/buy/cgsh_list_operate.html HTTP/1.1" 200 5873
116.235.244.17 - - [20/Aug/2023:11:29:19 +0800] "POST /xingrg/kc/buy/cgsh_order_operate.html HTTP/1.1" 200 8245
116.235.244.17 - - [20/Aug/2023:11:29:19 +0800] "GET /xingrg/javascript/easyui/themes/default/validatebox.css HTTP/1.1" 404 1104
180.152.241.196 - - [20/Aug/2023:11:29:20 +0800] "GET /xingrg/all/function/internal_message.html?_=1692502162421&CODE_STATE=getMsg HTTP/1.1" 200 27
222.70.180.200 - - [20/Aug/2023:11:29:22 +0800] "GET /xingrg/kc/buy/cgsh_order_operate.html?command=get_materiel&rest_code=00111&code=00101006021&supplier_code=00100012&order_time=2023-08-20 HTTP/1.1" 200 429
120.253.135.82 - - [20/Aug/2023:11:29:23 +0800] "GET /xingrg/all/function/internal_message.html?_=1692501977966&CODE_STATE=getMsg HTTP/1.1" 200 27
180.152.241.196 - - [20/Aug/2023:11:29:26 +0800] "GET /xingrg/kc/buy/cgsh_order_operate.html?command=get_materiel&rest_code=00102&code=00101008270&supplier_code=00100008&order_time=2023-08-20 HTTP/1.1" 200 412
222.70.180.200 - - [20/Aug/2023:11:29:26 +0800] "GET /xingrg/all/function/internal_message.html?_=1692502167534&CODE_STATE=getMsg HTTP/1.1" 200 27
222.67.237.86 - - [20/Aug/2023:11:29:30 +0800] "GET /xingrg/all/function/internal_message.html?_=1692501621056&CODE_STATE=getMsg HTTP/1.1" 200 27
180.152.241.196 - - [20/Aug/2023:11:29:31 +0800] "POST /xingrg/kc/buy/cgsh_order_operate.html HTTP/1.1" 200 2065
101.228.187.155 - - [20/Aug/2023:11:29:31 +0800] "GET /xingrg/all/function/internal_message.html?_=1692502171399&CODE_STATE=getMsg HTTP/1.1" 200 27
114.95.241.104 - - [20/Aug/2023:11:29:31 +0800] "GET /xingrg/kc/buy/cgsh_order_operate.html?command=get_materiel&rest_code=00150&code=00101004063&supplier_code=00100094&order_time=2023-08-20 HTTP/1.1" 200 416
180.165.48.189 - - [20/Aug/2023:11:29:33 +0800] "GET /xingrg/all/function/internal_message.html?_=1692502172958&CODE_STATE=getMsg HTTP/1.1" 200 27
180.163.28.55 - - [20/Aug/2023:11:29:36 +0800] "GET /xingrg/all/function/internal_message.html?_=1692502116928&CODE_STATE=getMsg HTTP/1.1" 302 -
180.163.28.55 - - [20/Aug/2023:11:29:36 +0800] "GET /xingrg/login.html HTTP/1.1" 200 7641
180.152.241.196 - - [20/Aug/2023:11:29:36 +0800] "GET /xingrg/kc/buy/cgsh_order_operate.html?command=get_materiel&rest_code=00102&code=00101008357&supplier_code=00100008&order_time=2023-08-20 HTTP/1.1" 200 408
180.169.147.146 - - [20/Aug/2023:11:29:36 +0800] "GET /xingrg/all/function/internal_message.html?_=1692502176921&CODE_STATE=getMsg HTTP/1.1" 200 27
114.95.241.104 - - [20/Aug/2023:11:29:37 +0800] "GET /xingrg/all/function/internal_message.html?_=1692502175445&CODE_STATE=getMsg HTTP/1.1" 200 27
114.83.217.94 - - [20/Aug/2023:11:29:39 +0800] "GET /xingrg/all/function/internal_message.html?_=1692502179055&CODE_STATE=getMsg HTTP/1.1" 200 27
222.69.129.152 - - [20/Aug/2023:11:29:39 +0800] "GET /xingrg/all/function/internal_message.html?_=1692502316653&CODE_STATE=getMsg HTTP/1.1" 200 27
222.70.180.200 - - [20/Aug/2023:11:29:39 +0800] "GET /xingrg/all/function/internal_message.html?_=1692502292900&CODE_STATE=getMsg HTTP/1.1" 200 27
116.235.244.17 - - [20/Aug/2023:11:29:42 +0800] "GET /xingrg/kc/buy/cgsh_order_operate.html?command=get_materiel&rest_code=00146&code=00101010869&supplier_code=00100329&order_time=2023-08-20 HTTP/1.1" 200 438
180.169.147.146 - - [20/Aug/2023:11:29:43 +0800] "GET /xingrg/all/function/internal_message.html?_=1692502171499&CODE_STATE=getMsg HTTP/1.1" 200 27
114.83.217.94 - - [20/Aug/2023:11:29:44 +0800] "GET /xingrg/all/function/internal_message.html?_=1692502184115&CODE_STATE=getMsg HTTP/1.1" 200 27
180.163.28.180 - - [20/Aug/2023:11:29:47 +0800] "GET /xingrg/all/function/internal_message.html?_=1692502122691&CODE_STATE=getMsg HTTP/1.1" 302 -
180.163.28.180 - - [20/Aug/2023:11:29:47 +0800] "GET /xingrg/login.html HTTP/1.1" 200 7641
124.78.155.92 - - [20/Aug/2023:11:29:47 +0800] "GET /xingrg/all/function/internal_message.html?_=1692502182673&CODE_STATE=getMsg HTTP/1.1" 200 27
101.83.145.37 - - [20/Aug/2023:11:29:51 +0800] "GET /xingrg/all/function/internal_message.html?_=1692501990854&CODE_STATE=getMsg HTTP/1.1" 200 27
