114.95.241.104 - - [20/Aug/2023:09:58:11 +0800] "GET /xingrg/kc/buy/cgsh_order_operate.html?command=get_materiel&rest_code=00150&code=00101009124&supplier_code=00100022&order_time=2023-08-20 HTTP/1.1" 200 416
222.69.129.152 - - [20/Aug/2023:09:58:14 +0800] "GET /xingrg/kc/base/wldb_order_operate.html?command=get_materiel&rest_code=00154&base_code=0010724&code=00101040040 HTTP/1.1" 200 458
101.83.145.37 - - [20/Aug/2023:09:58:17 +0800] "GET /xingrg/all/function/internal_message.html?_=1692496698840&CODE_STATE=getMsg HTTP/1.1" 200 27
124.78.155.92 - - [20/Aug/2023:09:58:19 +0800] "GET /xingrg/all/function/internal_message.html?_=1692496694497&CODE_STATE=getMsg HTTP/1.1" 200 27
124.78.155.92 - - [20/Aug/2023:09:58:19 +0800] "GET /xingrg/check_reg.html?_=1692496694531 HTTP/1.1" 200 22
58.39.105.177 - - [20/Aug/2023:09:58:20 +0800] "POST /xingrg/kc/buy/cgsh_order_operate.html HTTP/1.1" 200 37
120.253.135.82 - - [20/Aug/2023:09:58:20 +0800] "GET /xingrg/all/function/internal_message.html?_=1692496515496&CODE_STATE=getMsg HTTP/1.1" 200 27
58.39.105.177 - - [20/Aug/2023:09:58:22 +0800] "POST /xingrg/kc/buy/cgsh_order_operate.html HTTP/1.1" 200 2658
114.95.241.104 - - [20/Aug/2023:09:58:23 +0800] "GET /xingrg/kc/buy/cgsh_order_operate.html?command=get_materiel&rest_code=00150&code=00101009066&supplier_code=00100022&order_time=2023-08-20 HTTP/1.1" 200 416
58.39.105.177 - - [20/Aug/2023:09:58:24 +0800] "GET /xingrg/all/function/internal_message.html?_=1692496705101&CODE_STATE=getMsg HTTP/1.1" 200 27
222.70.180.200 - - [20/Aug/2023:09:58:24 +0800] "GET /xingrg/all/function/internal_message.html?_=1692496817970&CODE_STATE=getMsg HTTP/1.1" 200 27
222.70.180.200 - - [20/Aug/2023:09:58:27 +0800] "GET /xingrg/all/function/internal_message.html?_=1692496708046&CODE_STATE=getMsg HTTP/1.1" 200 27
222.70.180.200 - - [20/Aug/2023:09:58:27 +0800] "GET /xingrg/check_reg.html?_=1692496708050 HTTP/1.1" 200 22
222.69.129.152 - - [20/Aug/2023:09:58:30 +0800] "GET /xingrg/kc/base/wldb_order_operate.html?command=get_materiel&rest_code=00154&base_code=0010724&code=00101040001 HTTP/1.1" 200 469
180.152.241.196 - - [20/Aug/2023:09:58:30 +0800] "GET /xingrg/kc/buy/cgsh_order_operate.html?command=get_materiel&rest_code=00102&code=00101010161&supplier_code=00100400&order_time=2023-08-20 HTTP/1.1" 200 409
222.67.237.86 - - [20/Aug/2023:09:58:32 +0800] "GET /xingrg/all/function/internal_message.html?_=1692496163266&CODE_STATE=getMsg HTTP/1.1" 200 27
180.163.29.79 - - [20/Aug/2023:09:58:33 +0800] "GET /xingrg/kc/buy/cgsh_order_operate.html?command=get_materiel&rest_code=00106&code=00101008087&supplier_code=00100007&order_time=2023-08-20 HTTP/1.1" 302 -
180.163.29.79 - - [20/Aug/2023:09:58:33 +0800] "GET /xingrg/login.html HTTP/1.1" 200 7641
58.39.105.177 - - [20/Aug/2023:09:58:34 +0800] "GET /xingrg/kc/print/load_data.html?order_code=212023082008092&kc_code=cgsh&condition= HTTP/1.1" 200 720
116.235.244.17 - - [20/Aug/2023:09:58:34 +0800] "GET /xingrg/all/function/internal_message.html?_=1692496737939&CODE_STATE=getMsg HTTP/1.1" 200 27
180.165.48.189 - - [20/Aug/2023:09:58:35 +0800] "GET /xingrg/all/function/internal_message.html?_=1692496714488&CODE_STATE=getMsg HTTP/1.1" 200 27
222.69.129.152 - - [20/Aug/2023:09:58:35 +0800] "POST /xingrg/all/common/load_select.html HTTP/1.1" 200 25
180.163.29.79 - - [20/Aug/2023:09:58:36 +0800] "GET /xingrg/check_reg.html?_=1692496656831 HTTP/1.1" 302 -
180.163.29.79 - - [20/Aug/2023:09:58:36 +0800] "GET /xingrg/login.html HTTP/1.1" 200 7641
180.169.147.146 - - [20/Aug/2023:09:58:36 +0800] "GET /xingrg/all/function/internal_message.html?_=1692496716827&CODE_STATE=getMsg HTTP/1.1" 200 27
120.253.135.82 - - [20/Aug/2023:09:58:36 +0800] "POST /xingrg/kc/buy/cgsh_list_operate.html HTTP/1.1" 200 2277
222.69.129.152 - - [20/Aug/2023:09:58:37 +0800] "GET /xingrg/kc/base/wldb_order_operate.html?command=get_materiel_price&rest_code=00154&base_code=0010724&code=00101040001&unit_code=00100619 HTTP/1.1" 200 37
180.152.241.196 - - [20/Aug/2023:09:58:38 +0800] "GET /xingrg/all/function/internal_message.html?_=1692496717718&CODE_STATE=getMsg HTTP/1.1" 200 27
124.78.155.92 - - [20/Aug/2023:09:58:39 +0800] "GET /xingrg/kc/buy/cgsh_order_operate.html?command=get_materiel&rest_code=00106&code=00101008175&supplier_code=00100007&order_time=2023-08-20 HTTP/1.1" 200 412
120.253.135.82 - - [20/Aug/2023:09:58:40 +0800] "POST /xingrg/kc/buy/cgsh_list_operate.html HTTP/1.1" 200 295
222.69.129.152 - - [20/Aug/2023:09:58:40 +0800] "GET /xingrg/all/function/internal_message.html?_=1692496858149&CODE_STATE=getMsg HTTP/1.1" 200 27
222.69.129.152 - - [20/Aug/2023:09:58:40 +0800] "GET /xingrg/check_reg.html?_=1692496858186 HTTP/1.1" 200 22
120.253.135.82 - - [20/Aug/2023:09:58:42 +0800] "GET /xingrg/kc/buy/cgsh_order_info.html?code=212023082008050 HTTP/1.1" 200 71027
120.253.135.82 - - [20/Aug/2023:09:58:43 +0800] "GET /xingrg/javascript/easyui/themes/default/validatebox.css HTTP/1.1" 404 1104
120.253.135.82 - - [20/Aug/2023:09:58:44 +0800] "POST /xingrg/kc/buy/cgsh_order_operate.html HTTP/1.1" 200 3283
222.69.129.152 - - [20/Aug/2023:09:58:44 +0800] "GET /xingrg/kc/base/wldb_order_operate.html?command=get_materiel&rest_code=00154&base_code=0010724&code=00101040058 HTTP/1.1" 200 459
124.78.155.92 - - [20/Aug/2023:09:58:46 +0800] "POST /xingrg/kc/buy/cgsh_order_operate.html HTTP/1.1" 200 2065
114.95.241.104 - - [20/Aug/2023:09:58:48 +0800] "GET /xingrg/kc/buy/cgsh_order_operate.html?command=get_materiel&rest_code=00150&code=00101009044&supplier_code=00100022&order_time=2023-08-20 HTTP/1.1" 200 412
120.253.135.82 - - [20/Aug/2023:09:58:48 +0800] "GET /xingrg/kc/print/load_data.html?order_code=212023082008050&kc_code=cgsh&condition= HTTP/1.1" 200 913
101.83.145.37 - - [20/Aug/2023:09:58:52 +0800] "GET /xingrg/check_reg.html?_=1692496531595 HTTP/1.1" 200 22
101.83.145.37 - - [20/Aug/2023:09:58:52 +0800] "GET /xingrg/all/function/internal_message.html?_=1692496531598&CODE_STATE=getMsg HTTP/1.1" 200 27
222.69.129.152 - - [20/Aug/2023:09:58:56 +0800] "GET /xingrg/kc/base/wldb_order_operate.html?command=get_materiel&rest_code=00154&base_code=0010724&code=00101040004 HTTP/1.1" 200 459
114.95.241.104 - - [20/Aug/2023:09:58:56 +0800] "GET /xingrg/all/function/internal_message.html?_=1692496734776&CODE_STATE=getMsg HTTP/1.1" 200 27
124.78.155.92 - - [20/Aug/2023:09:58:58 +0800] "GET /xingrg/kc/buy/cgsh_order_operate.html?command=get_materiel&rest_code=00106&code=00101008229&supplier_code=00100007&order_time=2023-08-20 HTTP/1.1" 200 420
114.83.217.94 - - [20/Aug/2023:09:59:00 +0800] "GET /xingrg/all/function/internal_message.html?_=1692496740519&CODE_STATE=getMsg HTTP/1.1" 200 27
221.239.167.251 - - [20/Aug/2023:09:59:06 +0800] "GET /xingrg/all/function/internal_message.html?_=1692496745182&CODE_STATE=getMsg HTTP/1.1" 200 27
222.69.129.152 - - [20/Aug/2023:09:59:07 +0800] "POST /xingrg/all/common/load_select.html HTTP/1.1" 200 25
101.83.145.37 - - [20/Aug/2023:09:59:17 +0800] "GET /xingrg/all/function/internal_message.html?_=1692496758844&CODE_STATE=getMsg HTTP/1.1" 200 27
222.69.129.152 - - [20/Aug/2023:09:59:18 +0800] "GET /xingrg/kc/base/wldb_order_operate.html?command=get_materiel&rest_code=00154&base_code=0010724&code=00101012067 HTTP/1.1" 200 428
180.163.28.180 - - [20/Aug/2023:09:59:19 +0800] "GET /xingrg/all/function/internal_message.html?_=1692496694497&CODE_STATE=getMsg HTTP/1.1" 302 -
180.163.28.180 - - [20/Aug/2023:09:59:19 +0800] "GET /xingrg/login.html HTTP/1.1" 200 7641
124.78.155.92 - - [20/Aug/2023:09:59:19 +0800] "GET /xingrg/all/function/internal_message.html?_=1692496754501&CODE_STATE=getMsg HTTP/1.1" 200 27
120.253.135.82 - - [20/Aug/2023:09:59:20 +0800] "GET /xingrg/all/function/internal_message.html?_=1692496575524&CODE_STATE=getMsg HTTP/1.1" 200 27
114.95.241.104 - - [20/Aug/2023:09:59:23 +0800] "POST /xingrg/kc/buy/cgsh_order_operate.html HTTP/1.1" 200 37
58.39.105.177 - - [20/Aug/2023:09:59:24 +0800] "GET /xingrg/all/function/internal_message.html?_=1692496765113&CODE_STATE=getMsg HTTP/1.1" 200 27
222.70.180.200 - - [20/Aug/2023:09:59:24 +0800] "GET /xingrg/all/function/internal_message.html?_=1692496877985&CODE_STATE=getMsg HTTP/1.1" 200 27
124.78.155.92 - - [20/Aug/2023:09:59:25 +0800] "GET /xingrg/kc/buy/cgsh_order_operate.html?command=get_materiel&rest_code=00106&code=00101008224&supplier_code=00100007&order_time=2023-08-20 HTTP/1.1" 200 416
180.152.241.196 - - [20/Aug/2023:09:59:26 +0800] "GET /xingrg/kc/buy/cgsh_order_operate.html?command=get_materiel&rest_code=00102&code=00101001069&supplier_code=00100400&order_time=2023-08-20 HTTP/1.1" 200 409
222.70.180.200 - - [20/Aug/2023:09:59:27 +0800] "GET /xingrg/all/function/internal_message.html?_=1692496768042&CODE_STATE=getMsg HTTP/1.1" 200 27
58.39.105.177 - - [20/Aug/2023:09:59:27 +0800] "GET /xingrg/kc/buy/cgsh_order_add.html HTTP/1.1" 200 71087
58.39.105.177 - - [20/Aug/2023:09:59:27 +0800] "POST /xingrg/kc/buy/cgsh_order_operate.html HTTP/1.1" 200 8245
58.39.105.177 - - [20/Aug/2023:09:59:27 +0800] "GET /xingrg/javascript/easyui/themes/default/validatebox.css HTTP/1.1" 404 1104
222.67.237.86 - - [20/Aug/2023:09:59:32 +0800] "GET /xingrg/all/function/internal_message.html?_=1692496223237&CODE_STATE=getMsg HTTP/1.1" 200 27
116.235.244.17 - - [20/Aug/2023:09:59:34 +0800] "GET /xingrg/all/function/internal_message.html?_=1692496797954&CODE_STATE=getMsg HTTP/1.1" 200 27
114.95.241.104 - - [20/Aug/2023:09:59:34 +0800] "POST /xingrg/kc/buy/cgsh_order_operate.html HTTP/1.1" 200 12
180.165.48.189 - - [20/Aug/2023:09:59:35 +0800] "GET /xingrg/all/function/internal_message.html?_=1692496774461&CODE_STATE=getMsg HTTP/1.1" 200 27
180.169.147.146 - - [20/Aug/2023:09:59:36 +0800] "GET /xingrg/all/function/internal_message.html?_=1692496776847&CODE_STATE=getMsg HTTP/1.1" 200 27
114.95.241.104 - - [20/Aug/2023:09:59:38 +0800] "GET /xingrg/kc/buy/cgsh_order_info.html?code=212023082008093 HTTP/1.1" 200 66915
180.152.241.196 - - [20/Aug/2023:09:59:38 +0800] "GET /xingrg/all/function/internal_message.html?_=1692496777716&CODE_STATE=getMsg HTTP/1.1" 200 27
180.152.241.196 - - [20/Aug/2023:09:59:38 +0800] "GET /xingrg/kc/buy/cgsh_order_operate.html?command=get_materiel&rest_code=00102&code=00101005037&supplier_code=00100400&order_time=2023-08-20 HTTP/1.1" 200 409
114.95.241.104 - - [20/Aug/2023:09:59:38 +0800] "GET /xingrg/javascript/easyui/themes/default/validatebox.css HTTP/1.1" 404 1104
114.95.241.104 - - [20/Aug/2023:09:59:39 +0800] "POST /xingrg/kc/buy/cgsh_order_operate.html HTTP/1.1" 200 5352
58.39.105.177 - - [20/Aug/2023:09:59:40 +0800] "GET /xingrg/kc/buy/cgsh_order_operate.html?command=get_materiel&rest_code=00157&code=00101011001&supplier_code=00100047&order_time=2023-08-19 HTTP/1.1" 200 423
222.69.129.152 - - [20/Aug/2023:09:59:40 +0800] "GET /xingrg/all/function/internal_message.html?_=1692496918127&CODE_STATE=getMsg HTTP/1.1" 200 27
114.95.241.104 - - [20/Aug/2023:09:59:41 +0800] "GET /xingrg/kc/print/load_data.html?order_code=212023082008093&kc_code=cgsh&condition= HTTP/1.1" 200 2555
222.69.129.152 - - [20/Aug/2023:09:59:48 +0800] "POST /xingrg/kc/base/wldb_order_operate.html HTTP/1.1" 200 37
114.95.241.104 - - [20/Aug/2023:09:59:48 +0800] "GET /xingrg/kc/base/wldb_order_list.html HTTP/1.1" 200 19221
180.152.241.196 - - [20/Aug/2023:09:59:50 +0800] "GET /xingrg/kc/buy/cgsh_order_operate.html?command=get_materiel&rest_code=00102&code=00101010847&supplier_code=00100400&order_time=2023-08-20 HTTP/1.1" 200 410
124.78.155.92 - - [20/Aug/2023:09:59:50 +0800] "GET /xingrg/kc/buy/cgsh_order_operate.html?command=get_materiel&rest_code=00106&code=00101008223&supplier_code=00100007&order_time=2023-08-20 HTTP/1.1" 200 412
101.83.145.37 - - [20/Aug/2023:09:59:52 +0800] "GET /xingrg/all/function/internal_message.html?_=1692496591598&CODE_STATE=getMsg HTTP/1.1" 200 27
114.95.241.104 - - [20/Aug/2023:09:59:57 +0800] "GET /xingrg/check_reg.html?_=1692496794798 HTTP/1.1" 200 22
114.95.241.104 - - [20/Aug/2023:09:59:57 +0800] "GET /xingrg/all/function/internal_message.html?_=1692496794790&CODE_STATE=getMsg HTTP/1.1" 200 27
222.69.129.152 - - [20/Aug/2023:09:59:57 +0800] "POST /xingrg/kc/base/wldb_order_operate.html HTTP/1.1" 200 12
222.69.129.152 - - [20/Aug/2023:09:59:57 +0800] "POST /xingrg/kc/base/wldb_order_operate.html HTTP/1.1" 200 6645
114.95.241.104 - - [20/Aug/2023:09:59:57 +0800] "POST /xingrg/kc/base/wldb_list_operate.html HTTP/1.1" 200 928
222.69.129.152 - - [20/Aug/2023:09:59:59 +0800] "GET /xingrg/kc/base/wldb_order_info.html?code=422023082002129 HTTP/1.1" 200 26382
222.69.129.152 - - [20/Aug/2023:10:00:00 +0800] "GET /xingrg/javascript/easyui/themes/default/validatebox.css HTTP/1.1" 404 1104
58.39.105.177 - - [20/Aug/2023:10:00:00 +0800] "POST /xingrg/kc/buy/cgsh_order_operate.html HTTP/1.1" 200 37
222.69.129.152 - - [20/Aug/2023:10:00:00 +0800] "POST /xingrg/kc/base/wldb_order_operate.html HTTP/1.1" 200 4837
114.83.217.94 - - [20/Aug/2023:10:00:00 +0800] "GET /xingrg/all/function/internal_message.html?_=1692496800504&CODE_STATE=getMsg HTTP/1.1" 200 27
114.95.241.104 - - [20/Aug/2023:10:00:00 +0800] "GET /xingrg/kc/base/wldb_order_add.html HTTP/1.1" 200 30504
114.95.241.104 - - [20/Aug/2023:10:00:00 +0800] "POST /xingrg/kc/base/wldb_order_operate.html HTTP/1.1" 200 6806
114.95.241.104 - - [20/Aug/2023:10:00:00 +0800] "GET /xingrg/all/common/auto_word.html?type=base&rest_code=00150 HTTP/1.1" 200 1853
114.95.241.104 - - [20/Aug/2023:10:00:00 +0800] "GET /xingrg/all/common/auto_word.html?type=base&rest_code=00150 HTTP/1.1" 200 1853
114.95.241.104 - - [20/Aug/2023:10:00:01 +0800] "GET /xingrg/javascript/easyui/themes/default/validatebox.css HTTP/1.1" 404 1104
58.39.105.177 - - [20/Aug/2023:10:00:02 +0800] "POST /xingrg/kc/buy/cgsh_order_operate.html HTTP/1.1" 200 2666
222.69.129.152 - - [20/Aug/2023:10:00:03 +0800] "GET /xingrg/kc/buy/cgsh_order_list.html HTTP/1.1" 200 56188
124.78.155.92 - - [20/Aug/2023:10:00:04 +0800] "GET /xingrg/kc/buy/cgsh_order_operate.html?command=get_materiel&rest_code=00106&code=00101008041&supplier_code=00100007&order_time=2023-08-20 HTTP/1.1" 200 408
222.69.129.152 - - [20/Aug/2023:10:00:06 +0800] "POST /xingrg/kc/buy/cgsh_list_operate.html HTTP/1.1" 200 986
221.239.167.251 - - [20/Aug/2023:10:00:06 +0800] "GET /xingrg/all/function/internal_message.html?_=1692496805170&CODE_STATE=getMsg HTTP/1.1" 200 27
114.95.241.104 - - [20/Aug/2023:10:00:12 +0800] "GET /xingrg/kc/base/wldb_order_operate.html?command=get_materiel&rest_code=00150&base_code=0010446&code=00102002315 HTTP/1.1" 200 462
101.83.145.37 - - [20/Aug/2023:10:00:17 +0800] "GET /xingrg/check_reg.html?_=1692496818845 HTTP/1.1" 200 22
101.83.145.37 - - [20/Aug/2023:10:00:17 +0800] "GET /xingrg/all/function/internal_message.html?_=1692496818851&CODE_STATE=getMsg HTTP/1.1" 200 27
114.95.241.104 - - [20/Aug/2023:10:00:17 +0800] "GET /xingrg/kc/base/wldb_order_operate.html?command=get_materiel&rest_code=00150&base_code=0010446&code=00102002610 HTTP/1.1" 200 443
124.78.155.92 - - [20/Aug/2023:10:00:19 +0800] "GET /xingrg/all/function/internal_message.html?_=1692496814525&CODE_STATE=getMsg HTTP/1.1" 200 27
124.78.155.92 - - [20/Aug/2023:10:00:20 +0800] "GET /xingrg/kc/buy/cgsh_order_operate.html?command=get_materiel&rest_code=00106&code=00101008114&supplier_code=00100007&order_time=2023-08-20 HTTP/1.1" 200 412
120.253.135.82 - - [20/Aug/2023:10:00:20 +0800] "GET /xingrg/all/function/internal_message.html?_=1692496635538&CODE_STATE=getMsg HTTP/1.1" 200 27
180.163.30.27 - - [20/Aug/2023:10:00:21 +0800] "GET /xingrg/kc/buy/cgsh_order_operate.html?command=get_materiel&rest_code=00106&code=00101008224&supplier_code=00100007&order_time=2023-08-20 HTTP/1.1" 302 -
180.163.30.27 - - [20/Aug/2023:10:00:21 +0800] "GET /xingrg/login.html HTTP/1.1" 200 7641
221.239.167.251 - - [20/Aug/2023:10:00:21 +0800] "GET /xingrg/check_reg.html?_=1692496819603 HTTP/1.1" 200 22
114.95.241.104 - - [20/Aug/2023:10:00:22 +0800] "POST /xingrg/kc/base/wldb_order_operate.html HTTP/1.1" 200 37
58.39.105.177 - - [20/Aug/2023:10:00:24 +0800] "GET /xingrg/all/function/internal_message.html?_=1692496825101&CODE_STATE=getMsg HTTP/1.1" 200 27
124.78.155.92 - - [20/Aug/2023:10:00:24 +0800] "POST /xingrg/kc/buy/cgsh_order_operate.html HTTP/1.1" 200 2065
222.70.180.200 - - [20/Aug/2023:10:00:24 +0800] "GET /xingrg/check_reg.html?_=1692496937973 HTTP/1.1" 200 22
222.70.180.200 - - [20/Aug/2023:10:00:24 +0800] "GET /xingrg/all/function/internal_message.html?_=1692496937975&CODE_STATE=getMsg HTTP/1.1" 200 27
58.39.105.177 - - [20/Aug/2023:10:00:26 +0800] "GET /xingrg/kc/print/load_data.html?order_code=212023082008094&kc_code=cgsh&condition= HTTP/1.1" 200 730
222.70.180.200 - - [20/Aug/2023:10:00:27 +0800] "GET /xingrg/all/function/internal_message.html?_=1692496828052&CODE_STATE=getMsg HTTP/1.1" 200 27
114.95.241.104 - - [20/Aug/2023:10:00:28 +0800] "POST /xingrg/kc/base/wldb_order_operate.html HTTP/1.1" 200 12
114.95.241.104 - - [20/Aug/2023:10:00:28 +0800] "POST /xingrg/kc/base/wldb_order_operate.html HTTP/1.1" 200 2694
114.95.241.104 - - [20/Aug/2023:10:00:30 +0800] "GET /xingrg/kc/base/wldb_order_info.html?code=422023082002130 HTTP/1.1" 200 26383
222.67.237.86 - - [20/Aug/2023:10:00:31 +0800] "GET /xingrg/check_reg.html?_=1692496281905 HTTP/1.1" 200 22
114.95.241.104 - - [20/Aug/2023:10:00:31 +0800] "GET /xingrg/javascript/easyui/themes/default/validatebox.css HTTP/1.1" 404 1104
114.95.241.104 - - [20/Aug/2023:10:00:31 +0800] "POST /xingrg/kc/base/wldb_order_operate.html HTTP/1.1" 200 978
222.67.237.86 - - [20/Aug/2023:10:00:32 +0800] "GET /xingrg/all/function/internal_message.html?_=1692496283231&CODE_STATE=getMsg HTTP/1.1" 200 27
124.78.155.92 - - [20/Aug/2023:10:00:33 +0800] "GET /xingrg/kc/buy/cgsh_order_operate.html?command=get_materiel&rest_code=00106&code=00101008168&supplier_code=00100007&order_time=2023-08-20 HTTP/1.1" 200 412
116.235.244.17 - - [20/Aug/2023:10:00:34 +0800] "GET /xingrg/all/function/internal_message.html?_=1692496857966&CODE_STATE=getMsg HTTP/1.1" 200 27
114.95.241.104 - - [20/Aug/2023:10:00:34 +0800] "GET /xingrg/kc/base/wldb_order_add.html HTTP/1.1" 200 30504
114.95.241.104 - - [20/Aug/2023:10:00:35 +0800] "POST /xingrg/kc/base/wldb_order_operate.html HTTP/1.1" 200 6806
180.165.48.189 - - [20/Aug/2023:10:00:35 +0800] "GET /xingrg/all/function/internal_message.html?_=1692496834443&CODE_STATE=getMsg HTTP/1.1" 200 27
114.95.241.104 - - [20/Aug/2023:10:00:35 +0800] "GET /xingrg/javascript/easyui/themes/default/validatebox.css HTTP/1.1" 404 1104
180.165.48.189 - - [20/Aug/2023:10:00:35 +0800] "GET /xingrg/check_reg.html?_=1692496834555 HTTP/1.1" 200 22
58.39.105.177 - - [20/Aug/2023:10:00:35 +0800] "GET /xingrg/kc/buy/cgsh_order_add.html HTTP/1.1" 200 71087
58.39.105.177 - - [20/Aug/2023:10:00:35 +0800] "POST /xingrg/kc/buy/cgsh_order_operate.html HTTP/1.1" 200 8245
58.39.105.177 - - [20/Aug/2023:10:00:35 +0800] "GET /xingrg/javascript/easyui/themes/default/validatebox.css HTTP/1.1" 404 1104
180.169.147.146 - - [20/Aug/2023:10:00:36 +0800] "GET /xingrg/all/function/internal_message.html?_=1692496836832&CODE_STATE=getMsg HTTP/1.1" 200 27
180.152.241.196 - - [20/Aug/2023:10:00:38 +0800] "GET /xingrg/all/function/internal_message.html?_=1692496837719&CODE_STATE=getMsg HTTP/1.1" 200 27
222.69.129.152 - - [20/Aug/2023:10:00:40 +0800] "GET /xingrg/all/function/internal_message.html?_=1692496978126&CODE_STATE=getMsg HTTP/1.1" 200 27
114.95.241.104 - - [20/Aug/2023:10:00:45 +0800] "GET /xingrg/kc/base/wldb_order_operate.html?command=get_materiel&rest_code=00150&base_code=0010445&code=00101013093 HTTP/1.1" 200 450
58.39.105.177 - - [20/Aug/2023:10:00:51 +0800] "GET /xingrg/kc/buy/cgsh_order_operate.html?command=get_materiel&rest_code=00157&code=00101007074&supplier_code=00100473&order_time=2023-08-19 HTTP/1.1" 200 417
101.83.145.37 - - [20/Aug/2023:10:00:52 +0800] "GET /xingrg/all/function/internal_message.html?_=1692496651598&CODE_STATE=getMsg HTTP/1.1" 200 27
124.78.155.92 - - [20/Aug/2023:10:00:52 +0800] "GET /xingrg/kc/buy/cgsh_order_operate.html?command=get_materiel&rest_code=00106&code=00101008150&supplier_code=00100007&order_time=2023-08-20 HTTP/1.1" 200 409
114.95.241.104 - - [20/Aug/2023:10:00:53 +0800] "GET /xingrg/kc/base/wldb_order_operate.html?command=get_materiel&rest_code=00150&base_code=0010445&code=00101019438 HTTP/1.1" 200 462
114.95.241.104 - - [20/Aug/2023:10:00:56 +0800] "GET /xingrg/all/function/internal_message.html?_=1692496854803&CODE_STATE=getMsg HTTP/1.1" 200 27
114.95.241.104 - - [20/Aug/2023:10:00:59 +0800] "GET /xingrg/kc/base/wldb_order_operate.html?command=get_materiel&rest_code=00150&base_code=0010445&code=00101019079 HTTP/1.1" 200 478
114.83.217.94 - - [20/Aug/2023:10:01:00 +0800] "GET /xingrg/all/function/internal_message.html?_=1692496860489&CODE_STATE=getMsg HTTP/1.1" 200 27
114.83.217.94 - - [20/Aug/2023:10:01:02 +0800] "GET /xingrg/check_reg.html?_=1692496862176 HTTP/1.1" 200 22
221.239.167.251 - - [20/Aug/2023:10:01:06 +0800] "GET /xingrg/all/function/internal_message.html?_=1692496865145&CODE_STATE=getMsg HTTP/1.1" 200 27
114.95.241.104 - - [20/Aug/2023:10:01:07 +0800] "GET /xingrg/kc/base/wldb_order_operate.html?command=get_materiel&rest_code=00150&base_code=0010445&code=00101019536 HTTP/1.1" 200 471
114.95.241.104 - - [20/Aug/2023:10:01:15 +0800] "GET /xingrg/kc/base/wldb_order_operate.html?command=get_materiel&rest_code=00150&base_code=0010445&code=00101019430 HTTP/1.1" 200 477
101.83.145.37 - - [20/Aug/2023:10:01:17 +0800] "GET /xingrg/all/function/internal_message.html?_=1692496878851&CODE_STATE=getMsg HTTP/1.1" 200 27
124.78.155.92 - - [20/Aug/2023:10:01:19 +0800] "GET /xingrg/all/function/internal_message.html?_=1692496874505&CODE_STATE=getMsg HTTP/1.1" 200 27
120.253.135.82 - - [20/Aug/2023:10:01:20 +0800] "GET /xingrg/check_reg.html?_=1692496695473 HTTP/1.1" 200 22
120.253.135.82 - - [20/Aug/2023:10:01:20 +0800] "GET /xingrg/all/function/internal_message.html?_=1692496695550&CODE_STATE=getMsg HTTP/1.1" 200 27
58.39.105.177 - - [20/Aug/2023:10:01:24 +0800] "GET /xingrg/all/function/internal_message.html?_=1692496885117&CODE_STATE=getMsg HTTP/1.1" 200 27
222.70.180.200 - - [20/Aug/2023:10:01:24 +0800] "GET /xingrg/all/function/internal_message.html?_=1692496997975&CODE_STATE=getMsg HTTP/1.1" 200 27
114.95.241.104 - - [20/Aug/2023:10:01:25 +0800] "GET /xingrg/kc/base/wldb_order_operate.html?command=get_materiel&rest_code=00150&base_code=0010445&code=00101019295 HTTP/1.1" 200 475
222.70.180.200 - - [20/Aug/2023:10:01:27 +0800] "GET /xingrg/all/function/internal_message.html?_=1692496888054&CODE_STATE=getMsg HTTP/1.1" 200 27
180.163.29.103 - - [20/Aug/2023:10:01:28 +0800] "GET /xingrg/kc/buy/cgsh_order_operate.html?command=get_materiel&rest_code=00106&code=00101008168&supplier_code=00100007&order_time=2023-08-20 HTTP/1.1" 302 -
180.163.29.103 - - [20/Aug/2023:10:01:28 +0800] "GET /xingrg/login.html HTTP/1.1" 200 7641
58.39.105.177 - - [20/Aug/2023:10:01:29 +0800] "POST /xingrg/kc/buy/cgsh_order_operate.html HTTP/1.1" 200 37
58.39.105.177 - - [20/Aug/2023:10:01:32 +0800] "POST /xingrg/kc/buy/cgsh_order_operate.html HTTP/1.1" 200 2661
222.67.237.86 - - [20/Aug/2023:10:01:32 +0800] "GET /xingrg/all/function/internal_message.html?_=1692496343200&CODE_STATE=getMsg HTTP/1.1" 200 27
124.78.155.92 - - [20/Aug/2023:10:01:32 +0800] "GET /xingrg/kc/buy/cgsh_order_operate.html?command=get_materiel&rest_code=00106&code=00101008123&supplier_code=00100007&order_time=2023-08-20 HTTP/1.1" 200 412
114.95.241.104 - - [20/Aug/2023:10:01:34 +0800] "GET /xingrg/kc/base/wldb_order_operate.html?command=get_materiel&rest_code=00150&base_code=0010445&code=00101019391 HTTP/1.1" 200 485
116.235.244.17 - - [20/Aug/2023:10:01:34 +0800] "GET /xingrg/all/function/internal_message.html?_=1692496917979&CODE_STATE=getMsg HTTP/1.1" 200 27
180.165.48.189 - - [20/Aug/2023:10:01:35 +0800] "GET /xingrg/all/function/internal_message.html?_=1692496894434&CODE_STATE=getMsg HTTP/1.1" 200 27
58.39.105.177 - - [20/Aug/2023:10:01:35 +0800] "GET /xingrg/kc/print/load_data.html?order_code=212023082008095&kc_code=cgsh&condition= HTTP/1.1" 200 680
180.169.147.146 - - [20/Aug/2023:10:01:36 +0800] "GET /xingrg/all/function/internal_message.html?_=1692496896853&CODE_STATE=getMsg HTTP/1.1" 200 27
180.152.241.196 - - [20/Aug/2023:10:01:38 +0800] "GET /xingrg/check_reg.html?_=1692496897713 HTTP/1.1" 200 22
180.152.241.196 - - [20/Aug/2023:10:01:38 +0800] "GET /xingrg/all/function/internal_message.html?_=1692496897717&CODE_STATE=getMsg HTTP/1.1" 200 27
114.95.241.104 - - [20/Aug/2023:10:01:40 +0800] "GET /xingrg/kc/base/wldb_order_operate.html?command=get_materiel&rest_code=00150&base_code=0010445&code=00101019183 HTTP/1.1" 200 449
222.69.129.152 - - [20/Aug/2023:10:01:40 +0800] "GET /xingrg/all/function/internal_message.html?_=1692497038096&CODE_STATE=getMsg HTTP/1.1" 200 27
114.95.241.104 - - [20/Aug/2023:10:01:46 +0800] "GET /xingrg/kc/base/wldb_order_operate.html?command=get_materiel&rest_code=00150&base_code=0010445&code=00101016094 HTTP/1.1" 200 469
124.78.155.92 - - [20/Aug/2023:10:01:47 +0800] "POST /xingrg/kc/buy/cgsh_order_operate.html HTTP/1.1" 200 37
58.39.105.177 - - [20/Aug/2023:10:01:51 +0800] "GET /xingrg/kc/buy/cgsh_order_add.html HTTP/1.1" 200 71087
58.39.105.177 - - [20/Aug/2023:10:01:51 +0800] "POST /xingrg/kc/buy/cgsh_order_operate.html HTTP/1.1" 200 8245
58.39.105.177 - - [20/Aug/2023:10:01:51 +0800] "GET /xingrg/javascript/easyui/themes/default/validatebox.css HTTP/1.1" 404 1104
101.83.145.37 - - [20/Aug/2023:10:01:52 +0800] "GET /xingrg/all/function/internal_message.html?_=1692496711598&CODE_STATE=getMsg HTTP/1.1" 200 27
114.95.241.104 - - [20/Aug/2023:10:01:53 +0800] "GET /xingrg/kc/base/wldb_order_operate.html?command=get_materiel&rest_code=00150&base_code=0010445&code=00101019222 HTTP/1.1" 200 454
180.152.241.196 - - [20/Aug/2023:10:01:53 +0800] "POST /xingrg/kc/buy/cgsh_order_operate.html HTTP/1.1" 200 37
114.95.241.104 - - [20/Aug/2023:10:01:56 +0800] "GET /xingrg/all/function/internal_message.html?_=1692496914805&CODE_STATE=getMsg HTTP/1.1" 200 27
114.83.217.94 - - [20/Aug/2023:10:02:00 +0800] "GET /xingrg/all/function/internal_message.html?_=1692496920459&CODE_STATE=getMsg HTTP/1.1" 200 27
180.152.241.196 - - [20/Aug/2023:10:02:05 +0800] "POST /xingrg/kc/buy/cgsh_order_operate.html HTTP/1.1" 200 12
114.95.241.104 - - [20/Aug/2023:10:02:05 +0800] "POST /xingrg/kc/base/wldb_order_operate.html HTTP/1.1" 200 37
221.239.167.251 - - [20/Aug/2023:10:02:06 +0800] "GET /xingrg/all/function/internal_message.html?_=1692496925120&CODE_STATE=getMsg HTTP/1.1" 200 27
180.152.241.196 - - [20/Aug/2023:10:02:07 +0800] "GET /xingrg/kc/buy/cgsh_order_info.html?code=212023082008096 HTTP/1.1" 200 66904
180.152.241.196 - - [20/Aug/2023:10:02:08 +0800] "GET /xingrg/javascript/easyui/themes/default/validatebox.css HTTP/1.1" 404 1104
180.152.241.196 - - [20/Aug/2023:10:02:09 +0800] "POST /xingrg/kc/buy/cgsh_order_operate.html HTTP/1.1" 200 3557
180.152.241.196 - - [20/Aug/2023:10:02:11 +0800] "GET /xingrg/kc/print/load_data.html?order_code=212023082008096&kc_code=cgsh&condition= HTTP/1.1" 200 1800
114.95.241.104 - - [20/Aug/2023:10:02:15 +0800] "POST /xingrg/kc/base/wldb_order_operate.html HTTP/1.1" 200 12
114.95.241.104 - - [20/Aug/2023:10:02:15 +0800] "POST /xingrg/kc/base/wldb_order_operate.html HTTP/1.1" 200 6707
101.83.145.37 - - [20/Aug/2023:10:02:17 +0800] "GET /xingrg/all/function/internal_message.html?_=1692496938852&CODE_STATE=getMsg HTTP/1.1" 200 27
58.39.105.177 - - [20/Aug/2023:10:02:17 +0800] "GET /xingrg/kc/buy/cgsh_order_operate.html?command=get_materiel&rest_code=00157&code=00101005032&supplier_code=00100595&order_time=2023-08-19 HTTP/1.1" 200 409
180.152.241.196 - - [20/Aug/2023:10:02:18 +0800] "GET /xingrg/kc/buy/cgsh_order_add.html HTTP/1.1" 200 71999
180.152.241.196 - - [20/Aug/2023:10:02:18 +0800] "POST /xingrg/kc/buy/cgsh_order_operate.html HTTP/1.1" 200 8245
180.152.241.196 - - [20/Aug/2023:10:02:18 +0800] "GET /xingrg/javascript/easyui/themes/default/validatebox.css HTTP/1.1" 404 1104
114.95.241.104 - - [20/Aug/2023:10:02:18 +0800] "GET /xingrg/kc/base/wldb_order_info.html?code=422023082002131 HTTP/1.1" 200 26383
114.95.241.104 - - [20/Aug/2023:10:02:19 +0800] "GET /xingrg/javascript/easyui/themes/default/validatebox.css HTTP/1.1" 404 1104
114.95.241.104 - - [20/Aug/2023:10:02:19 +0800] "POST /xingrg/kc/base/wldb_order_operate.html HTTP/1.1" 200 4898
120.253.135.82 - - [20/Aug/2023:10:02:20 +0800] "GET /xingrg/all/function/internal_message.html?_=1692496755565&CODE_STATE=getMsg HTTP/1.1" 200 27
114.95.241.104 - - [20/Aug/2023:10:02:22 +0800] "POST /xingrg/all/user/operate.html HTTP/1.1" 200 36
114.95.241.104 - - [20/Aug/2023:10:02:22 +0800] "GET /xingrg/index.html?sysBaseUrl=http%3A%2F%2F180.169.147.146%3A18081%2Fxingrg%2F&costTime=1236×tamp=1692323630219 HTTP/1.1" 200 17177
114.95.241.104 - - [20/Aug/2023:10:02:22 +0800] "GET /xingrg/javascript/jquery_easy_ui/themes/default/easyui.css HTTP/1.1" 304 -
114.95.241.104 - - [20/Aug/2023:10:02:22 +0800] "GET /xingrg/javascript/jquery_easy_ui/themes/icon.css HTTP/1.1" 304 -
114.95.241.104 - - [20/Aug/2023:10:02:22 +0800] "GET /xingrg/css/form.css HTTP/1.1" 304 -
114.95.241.104 - - [20/Aug/2023:10:02:22 +0800] "GET /xingrg/javascript/jquery-1.4.2.min.js HTTP/1.1" 304 -
114.95.241.104 - - [20/Aug/2023:10:02:22 +0800] "GET /xingrg/javascript/jquery_easy_ui/jquery.easyui.min.js HTTP/1.1" 304 -
114.95.241.104 - - [20/Aug/2023:10:02:22 +0800] "GET /xingrg/javascript/jquery_easy_ui/easyui-lang-zh_CN.js HTTP/1.1" 304 -
114.95.241.104 - - [20/Aug/2023:10:02:22 +0800] "GET /xingrg/javascript/jquery.form.js HTTP/1.1" 304 -
114.95.241.104 - - [20/Aug/2023:10:02:22 +0800] "GET /xingrg/javascript/jquery.utils.js HTTP/1.1" 304 -
114.95.241.104 - - [20/Aug/2023:10:02:22 +0800] "GET /xingrg/javascript/jquery.timers.js HTTP/1.1" 304 -
114.95.241.104 - - [20/Aug/2023:10:02:22 +0800] "GET /xingrg/images/blue/jxLogo.png HTTP/1.1" 304 -
114.95.241.104 - - [20/Aug/2023:10:02:22 +0800] "GET /xingrg/images/blue/navBackgound.jpg HTTP/1.1" 304 -
114.95.241.104 - - [20/Aug/2023:10:02:22 +0800] "GET /xingrg/javascript/jquery_easy_ui/themes/icons/settle_new.png HTTP/1.1" 304 -
124.78.155.92 - - [20/Aug/2023:10:02:22 +0800] "GET /xingrg/all/function/internal_message.html?_=1692496937654&CODE_STATE=getMsg HTTP/1.1" 200 27
114.95.241.104 - - [20/Aug/2023:10:02:22 +0800] "GET /xingrg/check_reg.html?_=1692496940691 HTTP/1.1" 200 22
114.95.241.104 - - [20/Aug/2023:10:02:22 +0800] "GET /xingrg/all/function/internal_message.html?_=1692496940690&CODE_STATE=count HTTP/1.1" 200 11
114.95.241.104 - - [20/Aug/2023:10:02:22 +0800] "GET /xingrg/images/blue/pingpu.png HTTP/1.1" 304 -
114.95.241.104 - - [20/Aug/2023:10:02:22 +0800] "GET /xingrg/javascript/jquery_easy_ui/themes/default/images/panel_tool_collapse.gif HTTP/1.1" 304 -
114.95.241.104 - - [20/Aug/2023:10:02:22 +0800] "GET /xingrg/javascript/jquery_easy_ui/themes/default/images/tabs_rightarrow.png HTTP/1.1" 304 -
114.95.241.104 - - [20/Aug/2023:10:02:22 +0800] "GET /xingrg/javascript/jquery_easy_ui/themes/default/images/tabs_leftarrow.png HTTP/1.1" 304 -
114.95.241.104 - - [20/Aug/2023:10:02:23 +0800] "POST /xingrg/all/common/load_tree.html?tree=area_rest_tree_json&manage=1 HTTP/1.1" 200 476
114.95.241.104 - - [20/Aug/2023:10:02:23 +0800] "POST /xingrg/load_menu.html HTTP/1.1" 200 5138
124.78.155.92 - - [20/Aug/2023:10:02:23 +0800] "POST /xingrg/kc/buy/cgsh_order_operate.html HTTP/1.1" 200 36960
58.39.105.177 - - [20/Aug/2023:10:02:24 +0800] "GET /xingrg/check_reg.html?_=1692496945102 HTTP/1.1" 200 22
58.39.105.177 - - [20/Aug/2023:10:02:24 +0800] "GET /xingrg/all/function/internal_message.html?_=1692496945105&CODE_STATE=getMsg HTTP/1.1" 200 27
222.70.180.200 - - [20/Aug/2023:10:02:24 +0800] "GET /xingrg/all/function/internal_message.html?_=1692497057965&CODE_STATE=getMsg HTTP/1.1" 200 27
114.95.241.104 - - [20/Aug/2023:10:02:25 +0800] "GET /xingrg/kc/buy/cgsh_order_list.html HTTP/1.1" 200 56186
222.70.180.200 - - [20/Aug/2023:10:02:27 +0800] "GET /xingrg/all/function/internal_message.html?_=1692496948058&CODE_STATE=getMsg HTTP/1.1" 200 27
114.95.241.104 - - [20/Aug/2023:10:02:28 +0800] "POST /xingrg/kc/buy/cgsh_list_operate.html HTTP/1.1" 200 986
114.95.241.104 - - [20/Aug/2023:10:02:29 +0800] "GET /xingrg/kc/buy/cgsh_order_add.html HTTP/1.1" 200 71562
114.95.241.104 - - [20/Aug/2023:10:02:29 +0800] "POST /xingrg/kc/buy/cgsh_order_operate.html HTTP/1.1" 200 8245
114.95.241.104 - - [20/Aug/2023:10:02:29 +0800] "GET /xingrg/javascript/easyui/themes/default/validatebox.css HTTP/1.1" 404 1104
114.95.241.104 - - [20/Aug/2023:10:02:30 +0800] "GET /xingrg/javascript/auto/indicator.gif HTTP/1.1" 404 1066
222.67.237.86 - - [20/Aug/2023:10:02:32 +0800] "GET /xingrg/all/function/internal_message.html?_=1692496403182&CODE_STATE=getMsg HTTP/1.1" 200 27
58.39.105.177 - - [20/Aug/2023:10:02:33 +0800] "GET /xingrg/kc/buy/cgsh_order_operate.html?command=get_materiel&rest_code=00157&code=00101010161&supplier_code=00100595&order_time=2023-08-19 HTTP/1.1" 200 409
116.235.244.17 - - [20/Aug/2023:10:02:34 +0800] "GET /xingrg/check_reg.html?_=1692496977746 HTTP/1.1" 200 22
116.235.244.17 - - [20/Aug/2023:10:02:34 +0800] "GET /xingrg/all/function/internal_message.html?_=1692496978087&CODE_STATE=getMsg HTTP/1.1" 200 27
180.165.48.189 - - [20/Aug/2023:10:02:35 +0800] "GET /xingrg/all/function/internal_message.html?_=1692496954421&CODE_STATE=getMsg HTTP/1.1" 200 27
180.169.147.146 - - [20/Aug/2023:10:02:36 +0800] "GET /xingrg/check_reg.html?_=1692496956839 HTTP/1.1" 200 22
180.169.147.146 - - [20/Aug/2023:10:02:36 +0800] "GET /xingrg/all/function/internal_message.html?_=1692496956841&CODE_STATE=getMsg HTTP/1.1" 200 27
124.78.155.92 - - [20/Aug/2023:10:02:37 +0800] "GET /xingrg/kc/print/load_config.html?kc_code=cgsh HTTP/1.1" 200 1924
124.78.155.92 - - [20/Aug/2023:10:02:38 +0800] "GET /xingrg/kc/print/load_data.html?order_code=212023082008052&kc_code=cgsh HTTP/1.1" 200 13689
180.152.241.196 - - [20/Aug/2023:10:02:38 +0800] "GET /xingrg/all/function/internal_message.html?_=1692496957710&CODE_STATE=getMsg HTTP/1.1" 200 27
114.95.241.104 - - [20/Aug/2023:10:02:40 +0800] "GET /xingrg/kc/buy/cgsh_order_operate.html?command=get_materiel&rest_code=00151&code=00101009007&supplier_code=00100022&order_time=2023-08-20 HTTP/1.1" 200 408
222.69.129.152 - - [20/Aug/2023:10:02:40 +0800] "GET /xingrg/all/function/internal_message.html?_=1692497098074&CODE_STATE=getMsg HTTP/1.1" 200 27
58.39.105.177 - - [20/Aug/2023:10:02:46 +0800] "GET /xingrg/kc/buy/cgsh_order_operate.html?command=get_materiel&rest_code=00157&code=00101012070&supplier_code=00100595&order_time=2023-08-19 HTTP/1.1" 200 412
120.253.135.82 - - [20/Aug/2023:10:02:47 +0800] "POST /xingrg/kc/buy/cgsh_list_operate.html HTTP/1.1" 200 2277
101.83.145.37 - - [20/Aug/2023:10:02:52 +0800] "GET /xingrg/all/function/internal_message.html?_=1692496771598&CODE_STATE=getMsg HTTP/1.1" 200 27
120.253.135.82 - - [20/Aug/2023:10:02:54 +0800] "GET /xingrg/kc/pszx/mdqp_order_list.html?state=10 HTTP/1.1" 200 10275
120.253.135.82 - - [20/Aug/2023:10:02:54 +0800] "GET /xingrg/css/blue.css HTTP/1.1" 304 -
120.253.135.82 - - [20/Aug/2023:10:02:54 +0800] "GET /xingrg/javascript/Calendar.js HTTP/1.1" 304 -
120.253.135.82 - - [20/Aug/2023:10:02:54 +0800] "GET /xingrg/dwr/interface/AjaxQqpsService.js HTTP/1.1" 200 16326
120.253.135.82 - - [20/Aug/2023:10:02:54 +0800] "GET /xingrg/dwr/interface/AjaxReportQueryService.js HTTP/1.1" 200 13203
120.253.135.82 - - [20/Aug/2023:10:02:54 +0800] "GET /xingrg/dwr/engine.js HTTP/1.1" 200 43631
120.253.135.82 - - [20/Aug/2023:10:02:54 +0800] "GET /xingrg/javascript/myfunction.js HTTP/1.1" 304 -
120.253.135.82 - - [20/Aug/2023:10:02:54 +0800] "GET /xingrg/dwr/util.js HTTP/1.1" 304 -
120.253.135.82 - - [20/Aug/2023:10:02:54 +0800] "GET /xingrg/javascript/jquery_easy_ui/themes/icons/check_new.png HTTP/1.1" 304 -
120.253.135.82 - - [20/Aug/2023:10:02:54 +0800] "GET /xingrg/javascript/jquery_easy_ui/themes/icons/uncheck_new.png HTTP/1.1" 304 -
120.253.135.82 - - [20/Aug/2023:10:02:54 +0800] "GET /xingrg/javascript/jquery_easy_ui/themes/icons/back_new.png HTTP/1.1" 304 -
180.152.241.196 - - [20/Aug/2023:10:02:55 +0800] "GET /xingrg/check_reg.html?_=1692496975135 HTTP/1.1" 200 22
120.253.135.82 - - [20/Aug/2023:10:02:57 +0800] "GET /xingrg/kc/pszx/mdps_order_list.html?orderType=0 HTTP/1.1" 200 21149
120.253.135.82 - - [20/Aug/2023:10:02:57 +0800] "GET /xingrg/javascript/easyui/themes/icons/uncheck_new.png HTTP/1.1" 304 -
120.253.135.82 - - [20/Aug/2023:10:02:57 +0800] "POST /xingrg/kc/pszx/mdps_list_operate.html HTTP/1.1" 200 5210
120.253.135.82 - - [20/Aug/2023:10:02:59 +0800] "GET /xingrg/kc/pszx/mdps_order_add.html HTTP/1.1" 200 29218
120.253.135.82 - - [20/Aug/2023:10:03:00 +0800] "POST /xingrg/kc/pszx/mdps_order_operate.html HTTP/1.1" 200 7126
120.253.135.82 - - [20/Aug/2023:10:03:00 +0800] "GET /xingrg/all/common/auto_word.html?type=base&rest_code=00101 HTTP/1.1" 200 671
114.83.217.94 - - [20/Aug/2023:10:03:00 +0800] "GET /xingrg/all/function/internal_message.html?_=1692496980444&CODE_STATE=getMsg HTTP/1.1" 200 27
120.253.135.82 - - [20/Aug/2023:10:03:00 +0800] "GET /xingrg/javascript/easyui/themes/default/validatebox.css HTTP/1.1" 404 1104
58.39.105.177 - - [20/Aug/2023:10:03:01 +0800] "POST /xingrg/kc/buy/cgsh_order_operate.html HTTP/1.1" 200 37
114.95.241.104 - - [20/Aug/2023:10:03:01 +0800] "GET /xingrg/kc/buy/cgsh_order_operate.html?command=get_materiel&rest_code=00151&code=00101009178&supplier_code=00100022&order_time=2023-08-20 HTTP/1.1" 200 399
58.39.105.177 - - [20/Aug/2023:10:03:05 +0800] "POST /xingrg/kc/buy/cgsh_order_operate.html HTTP/1.1" 200 3832
221.239.167.251 - - [20/Aug/2023:10:03:06 +0800] "GET /xingrg/all/function/internal_message.html?_=1692496985105&CODE_STATE=getMsg HTTP/1.1" 200 27
114.95.241.104 - - [20/Aug/2023:10:03:08 +0800] "GET /xingrg/kc/buy/cgsh_order_operate.html?command=get_materiel&rest_code=00151&code=00101009031&supplier_code=00100022&order_time=2023-08-20 HTTP/1.1" 200 412
120.253.135.82 - - [20/Aug/2023:10:03:09 +0800] "GET /xingrg/javascript/jquery_tools/images/prev.gif HTTP/1.1" 404 1086
120.253.135.82 - - [20/Aug/2023:10:03:09 +0800] "GET /xingrg/javascript/jquery_tools/images/next.gif HTTP/1.1" 404 1086
58.39.105.177 - - [20/Aug/2023:10:03:12 +0800] "GET /xingrg/kc/print/load_data.html?order_code=212023082008097&kc_code=cgsh&condition= HTTP/1.1" 200 1102
120.253.135.82 - - [20/Aug/2023:10:03:14 +0800] "GET /xingrg/css/images/panel_loading.gif HTTP/1.1" 304 -
120.253.135.82 - - [20/Aug/2023:10:03:14 +0800] "POST /xingrg/all/common/load_combo.html?type=base HTTP/1.1" 200 1169
114.95.241.104 - - [20/Aug/2023:10:03:16 +0800] "GET /xingrg/kc/buy/cgsh_order_operate.html?command=get_materiel&rest_code=00151&code=00101009062&supplier_code=00100022&order_time=2023-08-20 HTTP/1.1" 200 412
101.83.145.37 - - [20/Aug/2023:10:03:17 +0800] "GET /xingrg/all/function/internal_message.html?_=1692496998840&CODE_STATE=getMsg HTTP/1.1" 200 27
120.253.135.82 - - [20/Aug/2023:10:03:20 +0800] "GET /xingrg/all/function/internal_message.html?_=1692496815578&CODE_STATE=getMsg HTTP/1.1" 200 27
180.163.29.79 - - [20/Aug/2023:10:03:22 +0800] "GET /xingrg/all/function/internal_message.html?_=1692496937654&CODE_STATE=getMsg HTTP/1.1" 302 -
180.163.29.79 - - [20/Aug/2023:10:03:22 +0800] "GET /xingrg/login.html HTTP/1.1" 200 7641
114.95.241.104 - - [20/Aug/2023:10:03:22 +0800] "GET /xingrg/all/function/internal_message.html?_=1692497000704&CODE_STATE=getMsg HTTP/1.1" 200 27
58.39.105.177 - - [20/Aug/2023:10:03:24 +0800] "GET /xingrg/all/function/internal_message.html?_=1692497005112&CODE_STATE=getMsg HTTP/1.1" 200 27
222.70.180.200 - - [20/Aug/2023:10:03:24 +0800] "GET /xingrg/all/function/internal_message.html?_=1692497117979&CODE_STATE=getMsg HTTP/1.1" 200 27
114.95.241.104 - - [20/Aug/2023:10:03:26 +0800] "GET /xingrg/kc/buy/cgsh_order_operate.html?command=get_materiel&rest_code=00151&code=00101009039&supplier_code=00100022&order_time=2023-08-20 HTTP/1.1" 200 408
222.70.180.200 - - [20/Aug/2023:10:03:27 +0800] "GET /xingrg/check_reg.html?_=1692497008045 HTTP/1.1" 200 22
222.70.180.200 - - [20/Aug/2023:10:03:27 +0800] "GET /xingrg/all/function/internal_message.html?_=1692497008048&CODE_STATE=getMsg HTTP/1.1" 200 27
222.67.237.86 - - [20/Aug/2023:10:03:32 +0800] "GET /xingrg/all/function/internal_message.html?_=1692496463152&CODE_STATE=getMsg HTTP/1.1" 200 27
114.95.241.104 - - [20/Aug/2023:10:03:34 +0800] "GET /xingrg/kc/buy/cgsh_order_operate.html?command=get_materiel&rest_code=00151&code=00101009088&supplier_code=00100022&order_time=2023-08-20 HTTP/1.1" 200 405
116.235.244.17 - - [20/Aug/2023:10:03:34 +0800] "GET /xingrg/all/function/internal_message.html?_=1692497038210&CODE_STATE=getMsg HTTP/1.1" 200 27
120.253.135.82 - - [20/Aug/2023:10:03:35 +0800] "GET /xingrg/kc/pszx/mdps_order_operate.html?command=get_materiel&pszx_code=00101&rest_code=00102&base_code=0010246&code=00101034155 HTTP/1.1" 200 422
180.165.48.189 - - [20/Aug/2023:10:03:35 +0800] "GET /xingrg/all/function/internal_message.html?_=1692497014403&CODE_STATE=getMsg HTTP/1.1" 200 27
180.163.29.103 - - [20/Aug/2023:10:03:36 +0800] "GET /xingrg/check_reg.html?_=1692496956839 HTTP/1.1" 302 -
180.163.29.103 - - [20/Aug/2023:10:03:36 +0800] "GET /xingrg/login.html HTTP/1.1" 200 7641
58.39.105.177 - - [20/Aug/2023:10:03:36 +0800] "GET /xingrg/kc/buy/cgsh_order_add.html HTTP/1.1" 200 71087
58.39.105.177 - - [20/Aug/2023:10:03:36 +0800] "POST /xingrg/kc/buy/cgsh_order_operate.html HTTP/1.1" 200 8245
58.39.105.177 - - [20/Aug/2023:10:03:36 +0800] "GET /xingrg/javascript/easyui/themes/default/validatebox.css HTTP/1.1" 404 1104
180.169.147.146 - - [20/Aug/2023:10:03:36 +0800] "GET /xingrg/all/function/internal_message.html?_=1692497016838&CODE_STATE=getMsg HTTP/1.1" 200 27
180.163.29.79 - - [20/Aug/2023:10:03:37 +0800] "GET /xingrg/kc/print/load_config.html?kc_code=cgsh HTTP/1.1" 302 -
180.163.29.79 - - [20/Aug/2023:10:03:37 +0800] "GET /xingrg/login.html HTTP/1.1" 200 7641
180.163.29.234 - - [20/Aug/2023:10:03:37 +0800] "GET /xingrg/kc/print/load_data.html?order_code=212023082008052&kc_code=cgsh HTTP/1.1" 302 -
180.163.29.234 - - [20/Aug/2023:10:03:37 +0800] "GET /xingrg/login.html HTTP/1.1" 200 7641
180.152.241.196 - - [20/Aug/2023:10:03:38 +0800] "GET /xingrg/all/function/internal_message.html?_=1692497017727&CODE_STATE=getMsg HTTP/1.1" 200 27
222.69.129.152 - - [20/Aug/2023:10:03:40 +0800] "GET /xingrg/all/function/internal_message.html?_=1692497158045&CODE_STATE=getMsg HTTP/1.1" 200 27
222.69.129.152 - - [20/Aug/2023:10:03:41 +0800] "GET /xingrg/check_reg.html?_=1692497158188 HTTP/1.1" 200 22
114.95.241.104 - - [20/Aug/2023:10:03:41 +0800] "GET /xingrg/kc/buy/cgsh_order_operate.html?command=get_materiel&rest_code=00151&code=00101009109&supplier_code=00100022&order_time=2023-08-20 HTTP/1.1" 200 413
124.78.155.92 - - [20/Aug/2023:10:03:46 +0800] "GET /xingrg/all/function/internal_message.html?_=1692497020875&CODE_STATE=getMsg HTTP/1.1" 200 27
124.78.155.92 - - [20/Aug/2023:10:03:46 +0800] "GET /xingrg/check_reg.html?_=1692497020874 HTTP/1.1" 200 22
101.83.145.37 - - [20/Aug/2023:10:03:52 +0800] "GET /xingrg/check_reg.html?_=1692496831624 HTTP/1.1" 200 22
101.83.145.37 - - [20/Aug/2023:10:03:52 +0800] "GET /xingrg/all/function/internal_message.html?_=1692496831626&CODE_STATE=getMsg HTTP/1.1" 200 27
114.83.217.94 - - [20/Aug/2023:10:04:00 +0800] "GET /xingrg/all/function/internal_message.html?_=1692497040416&CODE_STATE=getMsg HTTP/1.1" 200 27
120.253.135.82 - - [20/Aug/2023:10:04:03 +0800] "GET /xingrg/kc/pszx/mdps_order_operate.html?command=get_materiel&pszx_code=00101&rest_code=00102&base_code=0010246&code=00101034154 HTTP/1.1" 200 426
221.239.167.251 - - [20/Aug/2023:10:04:06 +0800] "GET /xingrg/all/function/internal_message.html?_=1692497045092&CODE_STATE=getMsg HTTP/1.1" 200 27
58.39.105.177 - - [20/Aug/2023:10:04:10 +0800] "GET /xingrg/kc/buy/cgsh_order_operate.html?command=get_materiel&rest_code=00157&code=00101006177&supplier_code=00100612&order_time=2023-08-19 HTTP/1.1" 200 408
101.83.145.37 - - [20/Aug/2023:10:04:17 +0800] "GET /xingrg/all/function/internal_message.html?_=1692497058840&CODE_STATE=getMsg HTTP/1.1" 200 27
120.253.135.82 - - [20/Aug/2023:10:04:20 +0800] "GET /xingrg/all/function/internal_message.html?_=1692496875591&CODE_STATE=getMsg HTTP/1.1" 200 27
114.95.241.104 - - [20/Aug/2023:10:04:21 +0800] "POST /xingrg/kc/buy/cgsh_order_operate.html HTTP/1.1" 200 37
114.95.241.104 - - [20/Aug/2023:10:04:22 +0800] "GET /xingrg/all/function/internal_message.html?_=1692497060705&CODE_STATE=getMsg HTTP/1.1" 200 27
58.39.105.177 - - [20/Aug/2023:10:04:23 +0800] "GET /xingrg/kc/buy/cgsh_order_operate.html?command=get_materiel&rest_code=00157&code=00101006184&supplier_code=00100612&order_time=2023-08-19 HTTP/1.1" 200 408
58.39.105.177 - - [20/Aug/2023:10:04:24 +0800] "GET /xingrg/all/function/internal_message.html?_=1692497065107&CODE_STATE=getMsg HTTP/1.1" 200 27
222.70.180.200 - - [20/Aug/2023:10:04:24 +0800] "GET /xingrg/all/function/internal_message.html?_=1692497177973&CODE_STATE=getMsg HTTP/1.1" 200 27
222.70.180.200 - - [20/Aug/2023:10:04:27 +0800] "GET /xingrg/all/function/internal_message.html?_=1692497068047&CODE_STATE=getMsg HTTP/1.1" 200 27
114.95.241.104 - - [20/Aug/2023:10:04:31 +0800] "POST /xingrg/kc/buy/cgsh_order_operate.html HTTP/1.1" 200 12
222.67.237.86 - - [20/Aug/2023:10:04:32 +0800] "GET /xingrg/all/function/internal_message.html?_=1692496523121&CODE_STATE=getMsg HTTP/1.1" 200 27
114.95.241.104 - - [20/Aug/2023:10:04:33 +0800] "GET /xingrg/kc/buy/cgsh_order_info.html?code=212023082008098 HTTP/1.1" 200 66469
114.95.241.104 - - [20/Aug/2023:10:04:33 +0800] "GET /xingrg/javascript/easyui/themes/default/validatebox.css HTTP/1.1" 404 1104
58.39.105.177 - - [20/Aug/2023:10:04:34 +0800] "GET /xingrg/kc/buy/cgsh_order_operate.html?command=get_materiel&rest_code=00157&code=00101006193&supplier_code=00100612&order_time=2023-08-19 HTTP/1.1" 200 409
116.235.244.17 - - [20/Aug/2023:10:04:34 +0800] "GET /xingrg/all/function/internal_message.html?_=1692497098223&CODE_STATE=getMsg HTTP/1.1" 200 27
180.165.48.189 - - [20/Aug/2023:10:04:35 +0800] "GET /xingrg/all/function/internal_message.html?_=1692497074388&CODE_STATE=getMsg HTTP/1.1" 200 27
114.95.241.104 - - [20/Aug/2023:10:04:35 +0800] "POST /xingrg/kc/buy/cgsh_order_operate.html HTTP/1.1" 200 3605
180.169.147.146 - - [20/Aug/2023:10:04:36 +0800] "GET /xingrg/all/function/internal_message.html?_=1692497076832&CODE_STATE=getMsg HTTP/1.1" 200 27
114.95.241.104 - - [20/Aug/2023:10:04:37 +0800] "GET /xingrg/kc/print/load_data.html?order_code=212023082008098&kc_code=cgsh&condition= HTTP/1.1" 200 1906
180.152.241.196 - - [20/Aug/2023:10:04:38 +0800] "GET /xingrg/all/function/internal_message.html?_=1692497077721&CODE_STATE=getMsg HTTP/1.1" 200 27
222.69.129.152 - - [20/Aug/2023:10:04:40 +0800] "GET /xingrg/all/function/internal_message.html?_=1692497218028&CODE_STATE=getMsg HTTP/1.1" 200 27
114.95.241.104 - - [20/Aug/2023:10:04:42 +0800] "GET /xingrg/kc/buy/cgsh_order_add.html HTTP/1.1" 200 71562
114.95.241.104 - - [20/Aug/2023:10:04:43 +0800] "POST /xingrg/kc/buy/cgsh_order_operate.html HTTP/1.1" 200 8245
114.95.241.104 - - [20/Aug/2023:10:04:43 +0800] "GET /xingrg/javascript/easyui/themes/default/validatebox.css HTTP/1.1" 404 1104
120.253.135.82 - - [20/Aug/2023:10:04:44 +0800] "GET /xingrg/kc/pszx/mdps_order_operate.html?command=get_materiel&pszx_code=00101&rest_code=00102&base_code=0010246&code=00101034156 HTTP/1.1" 200 462
124.78.155.92 - - [20/Aug/2023:10:04:46 +0800] "GET /xingrg/all/function/internal_message.html?_=1692497080862&CODE_STATE=getMsg HTTP/1.1" 200 27
180.163.30.85 - - [20/Aug/2023:10:04:46 +0800] "GET /xingrg/all/function/internal_message.html?_=1692497020875&CODE_STATE=getMsg HTTP/1.1" 302 -
180.163.30.85 - - [20/Aug/2023:10:04:46 +0800] "GET /xingrg/login.html HTTP/1.1" 200 7641
58.39.105.177 - - [20/Aug/2023:10:04:47 +0800] "POST /xingrg/kc/buy/cgsh_order_operate.html HTTP/1.1" 200 37
101.83.145.37 - - [20/Aug/2023:10:04:52 +0800] "GET /xingrg/all/function/internal_message.html?_=1692496891612&CODE_STATE=getMsg HTTP/1.1" 200 27
58.39.105.177 - - [20/Aug/2023:10:04:52 +0800] "POST /xingrg/kc/buy/cgsh_order_operate.html HTTP/1.1" 200 3826
114.95.241.104 - - [20/Aug/2023:10:04:52 +0800] "GET /xingrg/kc/buy/cgsh_order_operate.html?command=get_materiel&rest_code=00151&code=00101011005&supplier_code=00100047&order_time=2023-08-20 HTTP/1.1" 200 429
58.39.105.177 - - [20/Aug/2023:10:04:56 +0800] "GET /xingrg/kc/print/load_data.html?order_code=212023082008099&kc_code=cgsh&condition= HTTP/1.1" 200 1099
114.83.217.94 - - [20/Aug/2023:10:05:00 +0800] "GET /xingrg/all/function/internal_message.html?_=1692497100400&CODE_STATE=getMsg HTTP/1.1" 200 27
221.239.167.251 - - [20/Aug/2023:10:05:06 +0800] "GET /xingrg/all/function/internal_message.html?_=1692497105077&CODE_STATE=getMsg HTTP/1.1" 200 27
58.39.105.177 - - [20/Aug/2023:10:05:13 +0800] "GET /xingrg/kc/buy/cgsh_order_add.html HTTP/1.1" 200 71087
58.39.105.177 - - [20/Aug/2023:10:05:13 +0800] "POST /xingrg/kc/buy/cgsh_order_operate.html HTTP/1.1" 200 8245
58.39.105.177 - - [20/Aug/2023:10:05:13 +0800] "GET /xingrg/javascript/easyui/themes/default/validatebox.css HTTP/1.1" 404 1104
101.83.145.37 - - [20/Aug/2023:10:05:17 +0800] "GET /xingrg/all/function/internal_message.html?_=1692497118841&CODE_STATE=getMsg HTTP/1.1" 200 27
101.83.145.37 - - [20/Aug/2023:10:05:17 +0800] "GET /xingrg/check_reg.html?_=1692497118845 HTTP/1.1" 200 22
120.253.135.82 - - [20/Aug/2023:10:05:20 +0800] "GET /xingrg/all/function/internal_message.html?_=1692496935606&CODE_STATE=getMsg HTTP/1.1" 200 27
221.239.167.251 - - [20/Aug/2023:10:05:21 +0800] "GET /xingrg/check_reg.html?_=1692497119587 HTTP/1.1" 200 22
114.95.241.104 - - [20/Aug/2023:10:05:22 +0800] "GET /xingrg/all/function/internal_message.html?_=1692497120712&CODE_STATE=getMsg HTTP/1.1" 200 27
