222.70.180.200 - - [20/Aug/2023:10:35:16 +0800] "POST /xingrg/kc/buy/cgsh_order_operate.html HTTP/1.1" 200 2065
101.83.145.37 - - [20/Aug/2023:10:35:17 +0800] "GET /xingrg/check_reg.html?_=1692498918889 HTTP/1.1" 200 22
101.83.145.37 - - [20/Aug/2023:10:35:17 +0800] "GET /xingrg/all/function/internal_message.html?_=1692498918892&CODE_STATE=getMsg HTTP/1.1" 200 27
120.253.135.82 - - [20/Aug/2023:10:35:21 +0800] "GET /xingrg/all/function/internal_message.html?_=1692498736590&CODE_STATE=getMsg HTTP/1.1" 200 27
180.152.241.196 - - [20/Aug/2023:10:35:23 +0800] "GET /xingrg/all/function/internal_message.html?_=1692498925798&CODE_STATE=getMsg HTTP/1.1" 200 27
222.70.180.200 - - [20/Aug/2023:10:35:24 +0800] "GET /xingrg/all/function/internal_message.html?_=1692499037976&CODE_STATE=getMsg HTTP/1.1" 200 27
222.70.180.200 - - [20/Aug/2023:10:35:24 +0800] "GET /xingrg/check_reg.html?_=1692499037975 HTTP/1.1" 200 22
222.70.180.200 - - [20/Aug/2023:10:35:27 +0800] "GET /xingrg/all/function/internal_message.html?_=1692498928127&CODE_STATE=getMsg HTTP/1.1" 200 27
114.83.217.94 - - [20/Aug/2023:10:35:27 +0800] "POST /xingrg/kc/base/wldb_order_operate.html HTTP/1.1" 200 12
120.253.135.82 - - [20/Aug/2023:10:35:27 +0800] "GET /xingrg/kc/pszx/mdps_order_operate.html?command=get_materiel&pszx_code=00101&rest_code=00147&base_code=0010246&code=00101034156 HTTP/1.1" 200 462
101.83.145.37 - - [20/Aug/2023:10:35:27 +0800] "GET /xingrg/kc/base/wldb_order_operate.html?command=get_materiel&rest_code=00105&base_code=0010507&code=00101019125 HTTP/1.1" 200 482
114.83.217.94 - - [20/Aug/2023:10:35:29 +0800] "GET /xingrg/kc/base/wldb_order_info.html?code=422023082002139 HTTP/1.1" 200 26383
114.83.217.94 - - [20/Aug/2023:10:35:29 +0800] "GET /xingrg/javascript/easyui/themes/default/validatebox.css HTTP/1.1" 404 1104
222.67.237.86 - - [20/Aug/2023:10:35:31 +0800] "GET /xingrg/check_reg.html?_=1692498381806 HTTP/1.1" 200 22
101.228.187.155 - - [20/Aug/2023:10:35:31 +0800] "GET /xingrg/all/function/internal_message.html?_=1692498931348&CODE_STATE=getMsg HTTP/1.1" 200 27
114.83.217.94 - - [20/Aug/2023:10:35:31 +0800] "POST /xingrg/kc/base/wldb_order_operate.html HTTP/1.1" 200 3937
222.67.237.86 - - [20/Aug/2023:10:35:31 +0800] "GET /xingrg/all/function/internal_message.html?_=1692498382318&CODE_STATE=getMsg HTTP/1.1" 200 27
124.78.155.92 - - [20/Aug/2023:10:35:32 +0800] "GET /xingrg/all/function/internal_message.html?_=1692498931754&CODE_STATE=getMsg HTTP/1.1" 200 27
180.165.48.189 - - [20/Aug/2023:10:35:34 +0800] "GET /xingrg/all/function/internal_message.html?_=1692498933868&CODE_STATE=getMsg HTTP/1.1" 200 27
180.165.48.189 - - [20/Aug/2023:10:35:35 +0800] "GET /xingrg/check_reg.html?_=1692498934537 HTTP/1.1" 200 22
116.235.244.17 - - [20/Aug/2023:10:35:35 +0800] "GET /xingrg/all/function/internal_message.html?_=1692498959416&CODE_STATE=getMsg HTTP/1.1" 200 27
180.169.147.146 - - [20/Aug/2023:10:35:36 +0800] "GET /xingrg/all/function/internal_message.html?_=1692498936906&CODE_STATE=getMsg HTTP/1.1" 200 27
114.83.217.94 - - [20/Aug/2023:10:35:37 +0800] "GET /xingrg/kc/base/wldb_order_add.html HTTP/1.1" 200 30504
114.83.217.94 - - [20/Aug/2023:10:35:37 +0800] "GET /xingrg/javascript/easyui/themes/default/validatebox.css HTTP/1.1" 404 1104
114.83.217.94 - - [20/Aug/2023:10:35:37 +0800] "POST /xingrg/kc/base/wldb_order_operate.html HTTP/1.1" 200 6806
124.78.155.92 - - [20/Aug/2023:10:35:38 +0800] "POST /xingrg/dwr/call/plaincall/AjaxQqpsService.saveOrder.dwr HTTP/1.1" 200 78
114.95.241.104 - - [20/Aug/2023:10:35:38 +0800] "GET /xingrg/all/function/internal_message.html?_=1692498936661&CODE_STATE=getMsg HTTP/1.1" 200 27
114.83.217.94 - - [20/Aug/2023:10:35:39 +0800] "POST /xingrg/all/common/load_combo.html?type=base HTTP/1.1" 200 3409
222.69.129.152 - - [20/Aug/2023:10:35:40 +0800] "GET /xingrg/all/function/internal_message.html?_=1692499077516&CODE_STATE=getMsg HTTP/1.1" 200 27
116.235.244.17 - - [20/Aug/2023:10:35:42 +0800] "POST /xingrg/kc/buy/cgsh_order_operate.html HTTP/1.1" 200 37
114.83.217.94 - - [20/Aug/2023:10:35:43 +0800] "GET /xingrg/all/function/internal_message.html?_=1692498944063&CODE_STATE=getMsg HTTP/1.1" 200 27
101.83.145.37 - - [20/Aug/2023:10:35:44 +0800] "GET /xingrg/kc/base/wldb_order_operate.html?command=get_materiel&rest_code=00105&base_code=0010507&code=00101019400 HTTP/1.1" 200 464
124.78.155.92 - - [20/Aug/2023:10:35:45 +0800] "GET /xingrg/all/function/internal_message.html?_=1692498940334&CODE_STATE=getMsg HTTP/1.1" 200 27
120.253.135.82 - - [20/Aug/2023:10:35:47 +0800] "POST /xingrg/kc/pszx/mdps_order_operate.html HTTP/1.1" 200 37
101.83.145.37 - - [20/Aug/2023:10:35:48 +0800] "GET /xingrg/javascript/jquery_easy_ui/themes/icons/rest.png HTTP/1.1" 304 -
101.83.145.37 - - [20/Aug/2023:10:35:48 +0800] "GET /xingrg/javascript/jquery_easy_ui/themes/icons/area.png HTTP/1.1" 304 -
116.235.244.17 - - [20/Aug/2023:10:35:48 +0800] "POST /xingrg/kc/buy/cgsh_order_operate.html HTTP/1.1" 200 6834
114.83.217.94 - - [20/Aug/2023:10:35:50 +0800] "GET /xingrg/kc/base/wldb_order_operate.html?command=get_materiel&rest_code=00149&base_code=0010394&code=00101027001 HTTP/1.1" 200 471
120.253.135.82 - - [20/Aug/2023:10:35:51 +0800] "GET /xingrg/kc/pszx/mdps_order_info.html?code=312023082000491 HTTP/1.1" 200 23978
120.253.135.82 - - [20/Aug/2023:10:35:51 +0800] "GET /xingrg/javascript/easyui/themes/default/validatebox.css HTTP/1.1" 404 1104
124.78.155.92 - - [20/Aug/2023:10:35:52 +0800] "POST /xingrg/dwr/call/plaincall/AjaxQqpsService.saveOrder.dwr HTTP/1.1" 200 78
101.83.145.37 - - [20/Aug/2023:10:35:52 +0800] "GET /xingrg/all/function/internal_message.html?_=1692498751672&CODE_STATE=getMsg HTTP/1.1" 200 27
120.253.135.82 - - [20/Aug/2023:10:35:54 +0800] "POST /xingrg/kc/pszx/mdps_order_operate.html HTTP/1.1" 200 3302
222.70.180.200 - - [20/Aug/2023:10:35:56 +0800] "GET /xingrg/kc/buy/cgsh_order_operate.html?command=get_materiel&rest_code=00111&code=00101008168&supplier_code=00100005&order_time=2023-08-20 HTTP/1.1" 200 412
116.235.244.17 - - [20/Aug/2023:10:35:59 +0800] "GET /xingrg/kc/print/load_data.html?order_code=212023082008120&kc_code=cgsh&condition= HTTP/1.1" 200 2380
101.83.145.37 - - [20/Aug/2023:10:35:59 +0800] "POST /xingrg/kc/base/wldb_order_operate.html HTTP/1.1" 200 37
101.83.145.37 - - [20/Aug/2023:10:36:02 +0800] "POST /xingrg/kc/base/wldb_order_operate.html HTTP/1.1" 200 3685
101.83.145.37 - - [20/Aug/2023:10:36:04 +0800] "GET /xingrg/kc/base/wldb_order_info.html?code=422023082002140 HTTP/1.1" 200 30519
101.83.145.37 - - [20/Aug/2023:10:36:04 +0800] "GET /xingrg/javascript/easyui/themes/default/validatebox.css HTTP/1.1" 404 1104
120.253.135.82 - - [20/Aug/2023:10:36:04 +0800] "GET /xingrg/kc/pszx/mdps_order_operate.html?command=get_materiel&pszx_code=00101&rest_code=00147&base_code=0010246&code=00101034157 HTTP/1.1" 200 460
114.83.217.94 - - [20/Aug/2023:10:36:06 +0800] "GET /xingrg/kc/base/wldb_order_operate.html?command=get_materiel&rest_code=00149&base_code=0010394&code=00101019066 HTTP/1.1" 200 455
101.83.145.37 - - [20/Aug/2023:10:36:07 +0800] "POST /xingrg/kc/base/wldb_order_operate.html HTTP/1.1" 200 3685
124.78.155.92 - - [20/Aug/2023:10:36:14 +0800] "GET /xingrg/kc/buy/buy_main.html HTTP/1.1" 200 12412
124.78.155.92 - - [20/Aug/2023:10:36:14 +0800] "GET /xingrg/css/new_ie.css HTTP/1.1" 404 1036
124.78.155.92 - - [20/Aug/2023:10:36:14 +0800] "GET /xingrg/images/blue/button/cgydd.gif HTTP/1.1" 304 -
124.78.155.92 - - [20/Aug/2023:10:36:14 +0800] "GET /xingrg/images/blue/button/cgshd.gif HTTP/1.1" 304 -
124.78.155.92 - - [20/Aug/2023:10:36:14 +0800] "GET /xingrg/images/blue/button/cgfkd.gif HTTP/1.1" 304 -
124.78.155.92 - - [20/Aug/2023:10:36:14 +0800] "GET /xingrg/images/blue/button/kc.gif HTTP/1.1" 304 -
124.78.155.92 - - [20/Aug/2023:10:36:14 +0800] "GET /xingrg/images/blue/button/ckthd.gif HTTP/1.1" 304 -
101.83.145.37 - - [20/Aug/2023:10:36:17 +0800] "GET /xingrg/all/function/internal_message.html?_=1692498978892&CODE_STATE=getMsg HTTP/1.1" 200 27
124.78.155.92 - - [20/Aug/2023:10:36:17 +0800] "GET /xingrg/kc/buy/cgsh_order_list.html HTTP/1.1" 200 56182
124.78.155.92 - - [20/Aug/2023:10:36:17 +0800] "GET /xingrg/css/base.css HTTP/1.1" 304 -
124.78.155.92 - - [20/Aug/2023:10:36:17 +0800] "GET /xingrg/css/site.css HTTP/1.1" 304 -
124.78.155.92 - - [20/Aug/2023:10:36:17 +0800] "GET /xingrg/javascript/jquery_tools/datebox.css HTTP/1.1" 304 -
124.78.155.92 - - [20/Aug/2023:10:36:17 +0800] "GET /xingrg/javascript/easyui/themes/default/easyui.css HTTP/1.1" 304 -
124.78.155.92 - - [20/Aug/2023:10:36:17 +0800] "GET /xingrg/javascript/easyui/themes/icon.css HTTP/1.1" 304 -
124.78.155.92 - - [20/Aug/2023:10:36:17 +0800] "GET /xingrg/javascript/jquery_tools/fix.css HTTP/1.1" 304 -
124.78.155.92 - - [20/Aug/2023:10:36:17 +0800] "GET /xingrg/javascript/jquery_tools/table.css HTTP/1.1" 304 -
124.78.155.92 - - [20/Aug/2023:10:36:17 +0800] "GET /xingrg/javascript/jquery_tools/jquery.tools.min.js HTTP/1.1" 304 -
124.78.155.92 - - [20/Aug/2023:10:36:17 +0800] "GET /xingrg/javascript/jquery_tools/jquery.tools.extend.js HTTP/1.1" 304 -
124.78.155.92 - - [20/Aug/2023:10:36:17 +0800] "GET /xingrg/javascript/jquery_tools/jquery.tools.hotkey.js HTTP/1.1" 304 -
124.78.155.92 - - [20/Aug/2023:10:36:17 +0800] "GET /xingrg/javascript/jquery_tools/jquery.tools.table.js HTTP/1.1" 304 -
124.78.155.92 - - [20/Aug/2023:10:36:17 +0800] "GET /xingrg/javascript/easyui/easyloader.js HTTP/1.1" 304 -
124.78.155.92 - - [20/Aug/2023:10:36:17 +0800] "GET /xingrg/javascript/jquery.cookie.js HTTP/1.1" 304 -
124.78.155.92 - - [20/Aug/2023:10:36:17 +0800] "GET /xingrg/javascript/jquery_tools/list_manager.js HTTP/1.1" 304 -
124.78.155.92 - - [20/Aug/2023:10:36:17 +0800] "GET /xingrg/javascript/easyui/themes/icons/import_new.png HTTP/1.1" 304 -
124.78.155.92 - - [20/Aug/2023:10:36:17 +0800] "GET /xingrg/javascript/easyui/themes/icons/field_new.png HTTP/1.1" 304 -
124.78.155.92 - - [20/Aug/2023:10:36:17 +0800] "GET /xingrg/javascript/easyui/themes/icons/edit_add_new.png HTTP/1.1" 304 -
124.78.155.92 - - [20/Aug/2023:10:36:17 +0800] "GET /xingrg/javascript/easyui/themes/icons/check_new.png HTTP/1.1" 304 -
124.78.155.92 - - [20/Aug/2023:10:36:17 +0800] "GET /xingrg/javascript/easyui/themes/icons/cance_new.png HTTP/1.1" 304 -
124.78.155.92 - - [20/Aug/2023:10:36:17 +0800] "GET /xingrg/images/control/ajaxLoader.gif HTTP/1.1" 304 -
124.78.155.92 - - [20/Aug/2023:10:36:17 +0800] "GET /xingrg/javascript/easyui/plugins/jquery.parser.js HTTP/1.1" 304 -
120.253.135.82 - - [20/Aug/2023:10:36:18 +0800] "POST /xingrg/kc/pszx/mdps_order_operate.html HTTP/1.1" 200 37
120.253.135.82 - - [20/Aug/2023:10:36:21 +0800] "GET /xingrg/check_reg.html?_=1692498796262 HTTP/1.1" 200 22
120.253.135.82 - - [20/Aug/2023:10:36:21 +0800] "GET /xingrg/all/function/internal_message.html?_=1692498796603&CODE_STATE=getMsg HTTP/1.1" 200 27
120.253.135.82 - - [20/Aug/2023:10:36:21 +0800] "GET /xingrg/kc/pszx/mdps_order_info.html?code=312023082000491 HTTP/1.1" 200 23978
120.253.135.82 - - [20/Aug/2023:10:36:22 +0800] "GET /xingrg/javascript/easyui/themes/default/validatebox.css HTTP/1.1" 404 1104
120.253.135.82 - - [20/Aug/2023:10:36:23 +0800] "POST /xingrg/kc/pszx/mdps_order_operate.html HTTP/1.1" 200 3831
180.152.241.196 - - [20/Aug/2023:10:36:23 +0800] "GET /xingrg/all/function/internal_message.html?_=1692498985797&CODE_STATE=getMsg HTTP/1.1" 200 27
222.70.180.200 - - [20/Aug/2023:10:36:24 +0800] "GET /xingrg/all/function/internal_message.html?_=1692499097969&CODE_STATE=getMsg HTTP/1.1" 200 27
124.78.155.92 - - [20/Aug/2023:10:36:26 +0800] "POST /xingrg/kc/buy/cgsh_list_operate.html HTTP/1.1" 200 2284
222.70.180.200 - - [20/Aug/2023:10:36:27 +0800] "GET /xingrg/all/function/internal_message.html?_=1692498988110&CODE_STATE=getMsg HTTP/1.1" 200 27
114.83.217.94 - - [20/Aug/2023:10:36:27 +0800] "POST /xingrg/kc/base/wldb_order_operate.html HTTP/1.1" 200 37
124.78.155.92 - - [20/Aug/2023:10:36:30 +0800] "GET /xingrg/check_reg.html?_=1692498989907 HTTP/1.1" 200 22
124.78.155.92 - - [20/Aug/2023:10:36:30 +0800] "GET /xingrg/kc/mdqp/qp_main.html HTTP/1.1" 200 10633
101.228.187.155 - - [20/Aug/2023:10:36:31 +0800] "GET /xingrg/all/function/internal_message.html?_=1692498991348&CODE_STATE=getMsg HTTP/1.1" 200 27
222.67.237.86 - - [20/Aug/2023:10:36:31 +0800] "GET /xingrg/all/function/internal_message.html?_=1692498442315&CODE_STATE=getMsg HTTP/1.1" 200 27
124.78.155.92 - - [20/Aug/2023:10:36:32 +0800] "GET /xingrg/all/function/internal_message.html?_=1692498991742&CODE_STATE=getMsg HTTP/1.1" 200 27
124.78.155.92 - - [20/Aug/2023:10:36:32 +0800] "GET /xingrg/images/yd/bt.gif HTTP/1.1" 404 1040
124.78.155.92 - - [20/Aug/2023:10:36:33 +0800] "GET /xingrg/kc/mdqp/qqps_order_list.html HTTP/1.1" 200 10795
124.78.155.92 - - [20/Aug/2023:10:36:33 +0800] "GET /xingrg/dwr/interface/AjaxQqpsService.js HTTP/1.1" 200 16326
124.78.155.92 - - [20/Aug/2023:10:36:33 +0800] "GET /xingrg/dwr/interface/AjaxReportQueryService.js HTTP/1.1" 200 13203
124.78.155.92 - - [20/Aug/2023:10:36:33 +0800] "GET /xingrg/dwr/engine.js HTTP/1.1" 200 43631
180.165.48.189 - - [20/Aug/2023:10:36:34 +0800] "GET /xingrg/all/function/internal_message.html?_=1692498993854&CODE_STATE=getMsg HTTP/1.1" 200 27
124.78.155.92 - - [20/Aug/2023:10:36:35 +0800] "GET /xingrg/kc/base/base_main.html HTTP/1.1" 200 12142
124.78.155.92 - - [20/Aug/2023:10:36:35 +0800] "GET /xingrg/images/blue/button/ckpd.gif HTTP/1.1" 200 2051
124.78.155.92 - - [20/Aug/2023:10:36:35 +0800] "GET /xingrg/images/blue/button/ckdb.gif HTTP/1.1" 200 1950
124.78.155.92 - - [20/Aug/2023:10:36:35 +0800] "GET /xingrg/images/blue/button/wlsy.gif HTTP/1.1" 200 2536
124.78.155.92 - - [20/Aug/2023:10:36:35 +0800] "GET /xingrg/images/blue/button/yddb.gif HTTP/1.1" 200 2040
124.78.155.92 - - [20/Aug/2023:10:36:35 +0800] "GET /xingrg/images/blue/button/down.jpg HTTP/1.1" 200 1560
124.78.155.92 - - [20/Aug/2023:10:36:35 +0800] "GET /xingrg/images/blue/button/bottom_right.jpg HTTP/1.1" 200 1436
124.78.155.92 - - [20/Aug/2023:10:36:35 +0800] "GET /xingrg/images/blue/button/top_left.jpg HTTP/1.1" 200 1632
124.78.155.92 - - [20/Aug/2023:10:36:35 +0800] "GET /xingrg/images/blue/button/bottom_left.jpg HTTP/1.1" 200 1524
124.78.155.92 - - [20/Aug/2023:10:36:35 +0800] "GET /xingrg/images/blue/button/top_right.jpg HTTP/1.1" 200 1708
124.78.155.92 - - [20/Aug/2023:10:36:35 +0800] "GET /xingrg/images/blue/button/left_ah.jpg HTTP/1.1" 200 1643
180.169.147.146 - - [20/Aug/2023:10:36:35 +0800] "GET /xingrg/all/function/internal_message.html?_=1692498983956&CODE_STATE=getMsg HTTP/1.1" 200 27
180.169.147.146 - - [20/Aug/2023:10:36:35 +0800] "GET /xingrg/check_reg.html?_=1692498983959 HTTP/1.1" 200 22
116.235.244.17 - - [20/Aug/2023:10:36:35 +0800] "GET /xingrg/all/function/internal_message.html?_=1692499019584&CODE_STATE=getMsg HTTP/1.1" 200 27
180.163.29.79 - - [20/Aug/2023:10:36:36 +0800] "GET /xingrg/all/function/internal_message.html?_=1692498936906&CODE_STATE=getMsg HTTP/1.1" 302 -
180.163.29.79 - - [20/Aug/2023:10:36:36 +0800] "GET /xingrg/login.html HTTP/1.1" 200 7641
114.83.217.94 - - [20/Aug/2023:10:36:36 +0800] "POST /xingrg/kc/base/wldb_order_operate.html HTTP/1.1" 200 12
180.169.147.146 - - [20/Aug/2023:10:36:36 +0800] "GET /xingrg/kc/mdqp/qqps_order_info.html?code=302023082000378 HTTP/1.1" 200 26630
180.169.147.146 - - [20/Aug/2023:10:36:36 +0800] "GET /xingrg/dwr/interface/AjaxComOrderService.js HTTP/1.1" 200 18264
180.169.147.146 - - [20/Aug/2023:10:36:36 +0800] "GET /xingrg/dwr/interface/AjaxQqpsService.js HTTP/1.1" 200 16326
180.169.147.146 - - [20/Aug/2023:10:36:36 +0800] "GET /xingrg/dwr/engine.js HTTP/1.1" 200 43631
114.83.217.94 - - [20/Aug/2023:10:36:36 +0800] "POST /xingrg/kc/base/wldb_order_operate.html HTTP/1.1" 200 4172
180.169.147.146 - - [20/Aug/2023:10:36:36 +0800] "GET /xingrg/all/function/internal_message.html?_=1692498996893&CODE_STATE=getMsg HTTP/1.1" 200 27
124.78.155.92 - - [20/Aug/2023:10:36:37 +0800] "GET /xingrg/kc/base/wldb_order_list.html HTTP/1.1" 200 19215
180.169.147.146 - - [20/Aug/2023:10:36:37 +0800] "POST /xingrg/dwr/call/plaincall/AjaxQqpsService.loadMaterielItems.dwr HTTP/1.1" 200 652
124.78.155.92 - - [20/Aug/2023:10:36:37 +0800] "POST /xingrg/kc/base/wldb_list_operate.html HTTP/1.1" 200 928
114.83.217.94 - - [20/Aug/2023:10:36:38 +0800] "GET /xingrg/kc/base/wldb_order_info.html?code=422023082002141 HTTP/1.1" 200 26383
114.95.241.104 - - [20/Aug/2023:10:36:38 +0800] "GET /xingrg/all/function/internal_message.html?_=1692498996663&CODE_STATE=getMsg HTTP/1.1" 200 27
114.83.217.94 - - [20/Aug/2023:10:36:38 +0800] "GET /xingrg/javascript/easyui/themes/default/validatebox.css HTTP/1.1" 404 1104
114.83.217.94 - - [20/Aug/2023:10:36:39 +0800] "POST /xingrg/kc/base/wldb_order_operate.html HTTP/1.1" 200 2421
180.169.147.146 - - [20/Aug/2023:10:36:39 +0800] "GET /xingrg/login.html HTTP/1.1" 200 7641
120.253.135.82 - - [20/Aug/2023:10:36:39 +0800] "POST /xingrg/kc/pszx/mdps_list_operate.html HTTP/1.1" 200 2805
180.169.147.146 - - [20/Aug/2023:10:36:39 +0800] "GET /favicon.ico HTTP/1.1" 404 -
222.69.129.152 - - [20/Aug/2023:10:36:40 +0800] "GET /xingrg/all/function/internal_message.html?_=1692499137501&CODE_STATE=getMsg HTTP/1.1" 200 27
120.253.135.82 - - [20/Aug/2023:10:36:42 +0800] "POST /xingrg/kc/pszx/mdps_list_operate.html HTTP/1.1" 200 509
114.83.217.94 - - [20/Aug/2023:10:36:42 +0800] "GET /xingrg/kc/base/wldb_order_add.html HTTP/1.1" 200 30504
114.83.217.94 - - [20/Aug/2023:10:36:42 +0800] "POST /xingrg/kc/base/wldb_order_operate.html HTTP/1.1" 200 6806
114.83.217.94 - - [20/Aug/2023:10:36:42 +0800] "GET /xingrg/javascript/easyui/themes/default/validatebox.css HTTP/1.1" 404 1104
114.83.217.94 - - [20/Aug/2023:10:36:43 +0800] "POST /xingrg/all/common/load_combo.html?type=base HTTP/1.1" 200 3409
180.169.147.146 - - [20/Aug/2023:10:36:43 +0800] "POST /xingrg/login.do HTTP/1.1" 302 -
180.169.147.146 - - [20/Aug/2023:10:36:43 +0800] "GET /xingrg/index.html?sysBaseUrl=http%3A%2F%2F180.169.147.146%3A18081%2Fxingrg%2F&costTime=942×tamp=1692499003152 HTTP/1.1" 200 17179
180.169.147.146 - - [20/Aug/2023:10:36:43 +0800] "GET /favicon.ico HTTP/1.1" 404 -
180.169.147.146 - - [20/Aug/2023:10:36:43 +0800] "GET /xingrg/all/function/internal_message.html?_=1692498991470&CODE_STATE=count HTTP/1.1" 200 11
180.169.147.146 - - [20/Aug/2023:10:36:43 +0800] "GET /xingrg/check_reg.html?_=1692498991471 HTTP/1.1" 200 22
180.169.147.146 - - [20/Aug/2023:10:36:43 +0800] "POST /xingrg/all/common/load_tree.html?tree=area_rest_tree_json&manage=1 HTTP/1.1" 200 351
180.169.147.146 - - [20/Aug/2023:10:36:43 +0800] "POST /xingrg/load_menu.html HTTP/1.1" 200 5138
114.83.217.94 - - [20/Aug/2023:10:36:43 +0800] "GET /xingrg/all/function/internal_message.html?_=1692499004037&CODE_STATE=getMsg HTTP/1.1" 200 27
124.78.155.92 - - [20/Aug/2023:10:36:44 +0800] "GET /xingrg/javascript/easyui/themes/default/images/button_plain_hover.png HTTP/1.1" 304 -
124.78.155.92 - - [20/Aug/2023:10:36:45 +0800] "GET /xingrg/all/function/internal_message.html?_=1692499000308&CODE_STATE=getMsg HTTP/1.1" 200 27
124.78.155.92 - - [20/Aug/2023:10:36:45 +0800] "GET /xingrg/kc/base/wldb_order_add.html HTTP/1.1" 200 30498
124.78.155.92 - - [20/Aug/2023:10:36:45 +0800] "GET /xingrg/javascript/jquery_tools/order_manager.js HTTP/1.1" 304 -
124.78.155.92 - - [20/Aug/2023:10:36:45 +0800] "GET /xingrg/javascript/convert.js HTTP/1.1" 304 -
124.78.155.92 - - [20/Aug/2023:10:36:45 +0800] "GET /xingrg/javascript/json2.js HTTP/1.1" 304 -
124.78.155.92 - - [20/Aug/2023:10:36:45 +0800] "GET /xingrg/javascript/easyui/themes/icons/ok.png HTTP/1.1" 200 883
124.78.155.92 - - [20/Aug/2023:10:36:45 +0800] "GET /xingrg/javascript/easyui/themes/icons/print.png HTTP/1.1" 304 -
124.78.155.92 - - [20/Aug/2023:10:36:45 +0800] "GET /xingrg/javascript/easyui/themes/icons/template_new.png HTTP/1.1" 200 3956
124.78.155.92 - - [20/Aug/2023:10:36:45 +0800] "GET /xingrg/javascript/easyui/themes/default/images/menu_downarrow.png HTTP/1.1" 304 -
124.78.155.92 - - [20/Aug/2023:10:36:45 +0800] "GET /xingrg/javascript/easyui/themes/icons/cancel.png HTTP/1.1" 304 -
124.78.155.92 - - [20/Aug/2023:10:36:45 +0800] "POST /xingrg/kc/base/wldb_order_operate.html HTTP/1.1" 200 6806
124.78.155.92 - - [20/Aug/2023:10:36:45 +0800] "GET /xingrg/all/common/auto_word.html?type=base&rest_code=00106 HTTP/1.1" 200 1799
124.78.155.92 - - [20/Aug/2023:10:36:46 +0800] "GET /xingrg/javascript/easyui/themes/default/validatebox.css HTTP/1.1" 404 1104
124.78.155.92 - - [20/Aug/2023:10:36:46 +0800] "GET /xingrg/javascript/easyui/plugins/jquery.validatebox.js HTTP/1.1" 304 -
124.78.155.92 - - [20/Aug/2023:10:36:46 +0800] "GET /xingrg/all/common/auto_word.html?type=base&rest_code=00106 HTTP/1.1" 200 1799
124.78.155.92 - - [20/Aug/2023:10:36:46 +0800] "GET /xingrg/javascript/easyui/themes/icons/edit_remove.png HTTP/1.1" 304 -
124.78.155.92 - - [20/Aug/2023:10:36:46 +0800] "GET /xingrg/javascript/easyui/plugins/jquery.numberbox.js HTTP/1.1" 304 -
101.83.145.37 - - [20/Aug/2023:10:36:48 +0800] "POST /xingrg/kc/base/wldb_order_operate.html HTTP/1.1" 200 37
124.78.155.92 - - [20/Aug/2023:10:36:48 +0800] "GET /xingrg/css/images/panel_loading.gif HTTP/1.1" 200 1737
124.78.155.92 - - [20/Aug/2023:10:36:48 +0800] "POST /xingrg/all/common/load_combo.html?type=base HTTP/1.1" 200 3227
180.169.147.146 - - [20/Aug/2023:10:36:49 +0800] "GET /xingrg/kc/buy/buy_main.html HTTP/1.1" 200 12412
180.169.147.146 - - [20/Aug/2023:10:36:49 +0800] "GET /xingrg/css/new_ie.css HTTP/1.1" 404 1036
101.83.145.37 - - [20/Aug/2023:10:36:49 +0800] "POST /xingrg/kc/base/wldb_order_operate.html HTTP/1.1" 200 3692
180.169.147.146 - - [20/Aug/2023:10:36:50 +0800] "GET /xingrg/images/yd/bt.gif HTTP/1.1" 404 1040
222.70.180.200 - - [20/Aug/2023:10:36:50 +0800] "GET /xingrg/kc/buy/cgsh_order_operate.html?command=get_materiel&rest_code=00111&code=00101008439&supplier_code=00100005&order_time=2023-08-20 HTTP/1.1" 200 413
101.83.145.37 - - [20/Aug/2023:10:36:51 +0800] "GET /xingrg/kc/base/wldb_order_info.html?code=422023082002140 HTTP/1.1" 200 30519
180.169.147.146 - - [20/Aug/2023:10:36:51 +0800] "GET /xingrg/kc/buy/cgsh_order_list.html HTTP/1.1" 200 56188
101.83.145.37 - - [20/Aug/2023:10:36:51 +0800] "GET /xingrg/javascript/easyui/themes/default/validatebox.css HTTP/1.1" 404 1104
101.83.145.37 - - [20/Aug/2023:10:36:52 +0800] "GET /xingrg/all/function/internal_message.html?_=1692498811683&CODE_STATE=getMsg HTTP/1.1" 200 27
101.83.145.37 - - [20/Aug/2023:10:36:52 +0800] "POST /xingrg/kc/base/wldb_order_operate.html HTTP/1.1" 200 3692
124.78.155.92 - - [20/Aug/2023:10:36:53 +0800] "POST /xingrg/all/common/load_combo.html?type=base HTTP/1.1" 200 3227
114.83.217.94 - - [20/Aug/2023:10:36:54 +0800] "GET /xingrg/kc/base/wldb_order_operate.html?command=get_materiel&rest_code=00149&base_code=0010394&code=00101016044 HTTP/1.1" 200 466
114.83.217.94 - - [20/Aug/2023:10:37:01 +0800] "GET /xingrg/kc/base/wldb_order_operate.html?command=get_materiel&rest_code=00149&base_code=0010394&code=00101016046 HTTP/1.1" 200 458
114.83.217.94 - - [20/Aug/2023:10:37:13 +0800] "POST /xingrg/kc/base/wldb_order_operate.html HTTP/1.1" 200 37
180.169.147.146 - - [20/Aug/2023:10:37:14 +0800] "POST /xingrg/kc/buy/cgsh_list_operate.html HTTP/1.1" 200 5920
101.83.145.37 - - [20/Aug/2023:10:37:17 +0800] "GET /xingrg/all/function/internal_message.html?_=1692499038891&CODE_STATE=getMsg HTTP/1.1" 200 27
114.83.217.94 - - [20/Aug/2023:10:37:20 +0800] "POST /xingrg/kc/base/wldb_order_operate.html HTTP/1.1" 200 12
120.253.135.82 - - [20/Aug/2023:10:37:20 +0800] "POST /xingrg/kc/pszx/mdps_list_operate.html HTTP/1.1" 200 2061
114.83.217.94 - - [20/Aug/2023:10:37:20 +0800] "POST /xingrg/kc/base/wldb_order_operate.html HTTP/1.1" 200 3198
124.78.155.92 - - [20/Aug/2023:10:37:20 +0800] "GET /xingrg/javascript/auto/indicator.gif HTTP/1.1" 404 1066
101.83.145.37 - - [20/Aug/2023:10:37:21 +0800] "GET /xingrg/kc/base/wldb_order_add.html HTTP/1.1" 200 30498
101.83.145.37 - - [20/Aug/2023:10:37:21 +0800] "POST /xingrg/kc/base/wldb_order_operate.html HTTP/1.1" 200 6806
101.83.145.37 - - [20/Aug/2023:10:37:21 +0800] "GET /xingrg/javascript/easyui/themes/default/validatebox.css HTTP/1.1" 404 1104
120.253.135.82 - - [20/Aug/2023:10:37:21 +0800] "GET /xingrg/all/function/internal_message.html?_=1692498856617&CODE_STATE=getMsg HTTP/1.1" 200 27
114.83.217.94 - - [20/Aug/2023:10:37:22 +0800] "GET /xingrg/kc/base/wldb_order_info.html?code=422023082002142 HTTP/1.1" 200 26383
114.83.217.94 - - [20/Aug/2023:10:37:22 +0800] "GET /xingrg/javascript/easyui/themes/default/validatebox.css HTTP/1.1" 404 1104
114.83.217.94 - - [20/Aug/2023:10:37:23 +0800] "POST /xingrg/kc/base/wldb_order_operate.html HTTP/1.1" 200 1471
180.152.241.196 - - [20/Aug/2023:10:37:23 +0800] "GET /xingrg/all/function/internal_message.html?_=1692499045793&CODE_STATE=getMsg HTTP/1.1" 200 27
120.253.135.82 - - [20/Aug/2023:10:37:23 +0800] "GET /xingrg/kc/pszx/mdps_order_add.html HTTP/1.1" 200 29218
120.253.135.82 - - [20/Aug/2023:10:37:24 +0800] "POST /xingrg/kc/pszx/mdps_order_operate.html HTTP/1.1" 200 7126
120.253.135.82 - - [20/Aug/2023:10:37:24 +0800] "GET /xingrg/javascript/easyui/themes/default/validatebox.css HTTP/1.1" 404 1104
222.70.180.200 - - [20/Aug/2023:10:37:24 +0800] "GET /xingrg/all/function/internal_message.html?_=1692499158033&CODE_STATE=getMsg HTTP/1.1" 200 27
114.83.217.94 - - [20/Aug/2023:10:37:25 +0800] "GET /xingrg/kc/base/wldb_order_add.html HTTP/1.1" 200 30504
222.70.180.200 - - [20/Aug/2023:10:37:25 +0800] "POST /xingrg/kc/buy/cgsh_list_operate.html HTTP/1.1" 200 563
114.83.217.94 - - [20/Aug/2023:10:37:25 +0800] "POST /xingrg/kc/base/wldb_order_operate.html HTTP/1.1" 200 6806
114.83.217.94 - - [20/Aug/2023:10:37:26 +0800] "GET /xingrg/javascript/easyui/themes/default/validatebox.css HTTP/1.1" 404 1104
222.70.180.200 - - [20/Aug/2023:10:37:27 +0800] "GET /xingrg/all/function/internal_message.html?_=1692499048112&CODE_STATE=getMsg HTTP/1.1" 200 27
114.83.217.94 - - [20/Aug/2023:10:37:30 +0800] "POST /xingrg/all/common/load_combo.html?type=base HTTP/1.1" 200 3409
101.228.187.155 - - [20/Aug/2023:10:37:31 +0800] "GET /xingrg/all/function/internal_message.html?_=1692499051347&CODE_STATE=getMsg HTTP/1.1" 200 27
222.67.237.86 - - [20/Aug/2023:10:37:31 +0800] "GET /xingrg/all/function/internal_message.html?_=1692498502284&CODE_STATE=getMsg HTTP/1.1" 200 27
124.78.155.92 - - [20/Aug/2023:10:37:32 +0800] "GET /xingrg/all/function/internal_message.html?_=1692499051718&CODE_STATE=getMsg HTTP/1.1" 200 27
116.235.244.17 - - [20/Aug/2023:10:37:34 +0800] "GET /xingrg/check_reg.html?_=1692499078360 HTTP/1.1" 200 22
180.165.48.189 - - [20/Aug/2023:10:37:34 +0800] "GET /xingrg/all/function/internal_message.html?_=1692499053855&CODE_STATE=getMsg HTTP/1.1" 200 27
124.78.155.92 - - [20/Aug/2023:10:37:35 +0800] "GET /xingrg/kc/base/wldb_order_operate.html?command=get_materiel&rest_code=00106&base_code=0010396&code=00101016083 HTTP/1.1" 200 448
116.235.244.17 - - [20/Aug/2023:10:37:35 +0800] "GET /xingrg/all/function/internal_message.html?_=1692499079592&CODE_STATE=getMsg HTTP/1.1" 200 27
180.169.147.146 - - [20/Aug/2023:10:37:36 +0800] "GET /xingrg/check_reg.html?_=1692499056884 HTTP/1.1" 200 22
180.169.147.146 - - [20/Aug/2023:10:37:36 +0800] "GET /xingrg/all/function/internal_message.html?_=1692499056882&CODE_STATE=getMsg HTTP/1.1" 200 27
114.95.241.104 - - [20/Aug/2023:10:37:38 +0800] "GET /xingrg/all/function/internal_message.html?_=1692499056669&CODE_STATE=getMsg HTTP/1.1" 200 27
114.95.241.104 - - [20/Aug/2023:10:37:38 +0800] "GET /xingrg/check_reg.html?_=1692499056673 HTTP/1.1" 200 22
222.69.129.152 - - [20/Aug/2023:10:37:40 +0800] "GET /xingrg/all/function/internal_message.html?_=1692499197479&CODE_STATE=getMsg HTTP/1.1" 200 27
120.253.135.82 - - [20/Aug/2023:10:37:42 +0800] "POST /xingrg/all/common/load_combo.html?type=base HTTP/1.1" 200 1169
180.169.147.146 - - [20/Aug/2023:10:37:43 +0800] "GET /xingrg/all/function/internal_message.html?_=1692499051475&CODE_STATE=getMsg HTTP/1.1" 200 27
222.70.180.200 - - [20/Aug/2023:10:37:43 +0800] "GET /xingrg/kc/buy/cgsh_order_operate.html?command=get_materiel&rest_code=00111&code=00101008095&supplier_code=00100005&order_time=2023-08-20 HTTP/1.1" 200 412
114.83.217.94 - - [20/Aug/2023:10:37:43 +0800] "GET /xingrg/all/function/internal_message.html?_=1692499064038&CODE_STATE=getMsg HTTP/1.1" 200 27
180.163.28.114 - - [20/Aug/2023:10:37:45 +0800] "GET /xingrg/all/function/internal_message.html?_=1692499000308&CODE_STATE=getMsg HTTP/1.1" 302 -
180.163.28.114 - - [20/Aug/2023:10:37:45 +0800] "GET /xingrg/login.html HTTP/1.1" 200 7641
124.78.155.92 - - [20/Aug/2023:10:37:45 +0800] "GET /xingrg/all/function/internal_message.html?_=1692499060280&CODE_STATE=getMsg HTTP/1.1" 200 27
124.78.155.92 - - [20/Aug/2023:10:37:51 +0800] "GET /xingrg/kc/base/wldb_order_operate.html?command=get_materiel&rest_code=00106&base_code=0010396&code=00101019492 HTTP/1.1" 200 457
101.83.145.37 - - [20/Aug/2023:10:37:52 +0800] "GET /xingrg/all/function/internal_message.html?_=1692498871677&CODE_STATE=getMsg HTTP/1.1" 200 27
120.253.135.82 - - [20/Aug/2023:10:37:52 +0800] "GET /xingrg/kc/pszx/mdps_order_operate.html?command=get_materiel&pszx_code=00101&rest_code=00148&base_code=0010246&code=00101034155 HTTP/1.1" 200 422
101.83.145.37 - - [20/Aug/2023:10:37:54 +0800] "GET /xingrg/kc/base/wldb_order_operate.html?command=get_materiel&rest_code=00105&base_code=0010507&code=00101019133 HTTP/1.1" 200 480
180.152.241.196 - - [20/Aug/2023:10:37:55 +0800] "GET /xingrg/check_reg.html?_=1692499075015 HTTP/1.1" 200 22
120.253.135.82 - - [20/Aug/2023:10:38:04 +0800] "GET /xingrg/kc/pszx/mdps_order_operate.html?command=get_materiel&pszx_code=00101&rest_code=00148&base_code=0010246&code=00101034154 HTTP/1.1" 200 426
124.78.155.92 - - [20/Aug/2023:10:38:05 +0800] "GET /xingrg/kc/base/wldb_order_operate.html?command=get_materiel&rest_code=00106&base_code=0010396&code=00101019258 HTTP/1.1" 200 482
101.83.145.37 - - [20/Aug/2023:10:38:06 +0800] "GET /xingrg/kc/base/wldb_order_operate.html?command=get_materiel&rest_code=00105&base_code=0010507&code=00101019315 HTTP/1.1" 200 474
222.70.180.200 - - [20/Aug/2023:10:38:07 +0800] "GET /xingrg/kc/buy/cgsh_order_operate.html?command=get_materiel&rest_code=00111&code=00101008674&supplier_code=00100005&order_time=2023-08-20 HTTP/1.1" 200 412
180.152.241.196 - - [20/Aug/2023:10:38:08 +0800] "GET /xingrg/kc/base/wldb_order_add.html HTTP/1.1" 200 30494
180.152.241.196 - - [20/Aug/2023:10:38:08 +0800] "POST /xingrg/kc/base/wldb_order_operate.html HTTP/1.1" 200 6806
180.152.241.196 - - [20/Aug/2023:10:38:08 +0800] "GET /xingrg/javascript/easyui/themes/default/validatebox.css HTTP/1.1" 404 1104
180.152.241.196 - - [20/Aug/2023:10:38:16 +0800] "POST /xingrg/all/common/load_combo.html?type=base HTTP/1.1" 200 3321
101.83.145.37 - - [20/Aug/2023:10:38:17 +0800] "GET /xingrg/all/function/internal_message.html?_=1692499098892&CODE_STATE=getMsg HTTP/1.1" 200 27
120.253.135.82 - - [20/Aug/2023:10:38:17 +0800] "GET /xingrg/kc/pszx/mdps_order_operate.html?command=get_materiel&pszx_code=00101&rest_code=00148&base_code=0010246&code=00101034156 HTTP/1.1" 200 462
114.83.217.94 - - [20/Aug/2023:10:38:18 +0800] "GET /xingrg/kc/base/wldb_order_operate.html?command=get_materiel&rest_code=00149&base_code=0010395&code=00102002150 HTTP/1.1" 200 447
180.152.241.196 - - [20/Aug/2023:10:38:18 +0800] "POST /xingrg/all/common/load_combo.html?type=base HTTP/1.1" 200 3321
222.70.180.200 - - [20/Aug/2023:10:38:20 +0800] "POST /xingrg/kc/buy/cgsh_list_operate.html HTTP/1.1" 200 570
120.253.135.82 - - [20/Aug/2023:10:38:21 +0800] "GET /xingrg/all/function/internal_message.html?_=1692498916630&CODE_STATE=getMsg HTTP/1.1" 200 27
180.152.241.196 - - [20/Aug/2023:10:38:23 +0800] "GET /xingrg/all/function/internal_message.html?_=1692499105804&CODE_STATE=getMsg HTTP/1.1" 200 27
124.78.155.92 - - [20/Aug/2023:10:38:23 +0800] "GET /xingrg/kc/base/wldb_order_operate.html?command=get_materiel&rest_code=00106&base_code=0010396&code=00101019185 HTTP/1.1" 200 469
222.70.180.200 - - [20/Aug/2023:10:38:24 +0800] "GET /xingrg/all/function/internal_message.html?_=1692499218022&CODE_STATE=getMsg HTTP/1.1" 200 27
222.70.180.200 - - [20/Aug/2023:10:38:25 +0800] "POST /xingrg/kc/buy/cgsh_list_operate.html HTTP/1.1" 200 572
180.152.241.196 - - [20/Aug/2023:10:38:27 +0800] "GET /xingrg/kc/base/wldb_order_operate.html?command=get_materiel&rest_code=00102&base_code=0010476&code=00101016001 HTTP/1.1" 200 458
222.70.180.200 - - [20/Aug/2023:10:38:27 +0800] "POST /xingrg/kc/buy/cgsh_order_operate.html HTTP/1.1" 200 2065
222.70.180.200 - - [20/Aug/2023:10:38:27 +0800] "GET /xingrg/check_reg.html?_=1692499108122 HTTP/1.1" 200 22
222.70.180.200 - - [20/Aug/2023:10:38:27 +0800] "GET /xingrg/all/function/internal_message.html?_=1692499108121&CODE_STATE=getMsg HTTP/1.1" 200 27
114.83.217.94 - - [20/Aug/2023:10:38:27 +0800] "GET /xingrg/kc/base/wldb_order_operate.html?command=get_materiel&rest_code=00149&base_code=0010395&code=00102002992 HTTP/1.1" 200 437
120.253.135.82 - - [20/Aug/2023:10:38:31 +0800] "GET /xingrg/kc/pszx/mdps_order_operate.html?command=get_materiel&pszx_code=00101&rest_code=00148&base_code=0010246&code=00101034157 HTTP/1.1" 200 460
101.228.187.155 - - [20/Aug/2023:10:38:31 +0800] "GET /xingrg/all/function/internal_message.html?_=1692499111346&CODE_STATE=getMsg HTTP/1.1" 200 27
101.228.187.155 - - [20/Aug/2023:10:38:31 +0800] "GET /xingrg/check_reg.html?_=1692499111348 HTTP/1.1" 200 22
222.67.237.86 - - [20/Aug/2023:10:38:31 +0800] "GET /xingrg/all/function/internal_message.html?_=1692498562253&CODE_STATE=getMsg HTTP/1.1" 200 27
124.78.155.92 - - [20/Aug/2023:10:38:31 +0800] "GET /xingrg/all/function/internal_message.html?_=1692499111693&CODE_STATE=getMsg HTTP/1.1" 200 27
180.152.241.196 - - [20/Aug/2023:10:38:32 +0800] "GET /xingrg/kc/base/wldb_order_operate.html?command=get_materiel&rest_code=00102&base_code=0010476&code=00101016019 HTTP/1.1" 200 450
101.83.145.37 - - [20/Aug/2023:10:38:32 +0800] "POST /xingrg/kc/base/wldb_order_operate.html HTTP/1.1" 200 37
101.83.145.37 - - [20/Aug/2023:10:38:33 +0800] "POST /xingrg/kc/base/wldb_order_operate.html HTTP/1.1" 200 3227
180.165.48.189 - - [20/Aug/2023:10:38:34 +0800] "GET /xingrg/all/function/internal_message.html?_=1692499113839&CODE_STATE=getMsg HTTP/1.1" 200 27
124.78.155.92 - - [20/Aug/2023:10:38:34 +0800] "GET /xingrg/kc/base/wldb_order_operate.html?command=get_materiel&rest_code=00106&base_code=0010396&code=00101019391 HTTP/1.1" 200 485
101.83.145.37 - - [20/Aug/2023:10:38:34 +0800] "GET /xingrg/kc/base/wldb_order_info.html?code=422023082002143 HTTP/1.1" 200 30513
101.83.145.37 - - [20/Aug/2023:10:38:35 +0800] "GET /xingrg/javascript/easyui/themes/default/validatebox.css HTTP/1.1" 404 1104
116.235.244.17 - - [20/Aug/2023:10:38:35 +0800] "GET /xingrg/all/function/internal_message.html?_=1692499139605&CODE_STATE=getMsg HTTP/1.1" 200 27
180.163.28.180 - - [20/Aug/2023:10:38:36 +0800] "GET /xingrg/check_reg.html?_=1692499056884 HTTP/1.1" 302 -
101.83.145.37 - - [20/Aug/2023:10:38:36 +0800] "POST /xingrg/kc/base/wldb_order_operate.html HTTP/1.1" 200 3227
180.163.28.180 - - [20/Aug/2023:10:38:36 +0800] "GET /xingrg/login.html HTTP/1.1" 200 7641
180.169.147.146 - - [20/Aug/2023:10:38:36 +0800] "GET /xingrg/all/function/internal_message.html?_=1692499116892&CODE_STATE=getMsg HTTP/1.1" 200 27
180.152.241.196 - - [20/Aug/2023:10:38:37 +0800] "GET /xingrg/kc/base/wldb_order_operate.html?command=get_materiel&rest_code=00102&base_code=0010476&code=00101019071 HTTP/1.1" 200 471
114.95.241.104 - - [20/Aug/2023:10:38:38 +0800] "GET /xingrg/all/function/internal_message.html?_=1692499116658&CODE_STATE=getMsg HTTP/1.1" 200 27
222.70.180.200 - - [20/Aug/2023:10:38:39 +0800] "GET /xingrg/kc/buy/cgsh_order_operate.html?command=get_materiel&rest_code=00111&code=00101008350&supplier_code=00100005&order_time=2023-08-20 HTTP/1.1" 200 408
222.69.129.152 - - [20/Aug/2023:10:38:40 +0800] "GET /xingrg/all/function/internal_message.html?_=1692499257450&CODE_STATE=getMsg HTTP/1.1" 200 27
222.70.180.200 - - [20/Aug/2023:10:38:40 +0800] "POST /xingrg/kc/buy/cgsh_list_operate.html HTTP/1.1" 200 4
222.69.129.152 - - [20/Aug/2023:10:38:40 +0800] "GET /xingrg/check_reg.html?_=1692499258198 HTTP/1.1" 200 22
120.253.135.82 - - [20/Aug/2023:10:38:41 +0800] "POST /xingrg/kc/pszx/mdps_order_operate.html HTTP/1.1" 200 37
180.169.147.146 - - [20/Aug/2023:10:38:43 +0800] "GET /xingrg/all/function/internal_message.html?_=1692499111474&CODE_STATE=getMsg HTTP/1.1" 200 27
114.83.217.94 - - [20/Aug/2023:10:38:43 +0800] "GET /xingrg/all/function/internal_message.html?_=1692499124019&CODE_STATE=getMsg HTTP/1.1" 200 27
114.83.217.94 - - [20/Aug/2023:10:38:43 +0800] "GET /xingrg/check_reg.html?_=1692499124026 HTTP/1.1" 200 22
180.163.28.143 - - [20/Aug/2023:10:38:45 +0800] "GET /xingrg/all/function/internal_message.html?_=1692499060280&CODE_STATE=getMsg HTTP/1.1" 302 -
180.163.28.143 - - [20/Aug/2023:10:38:45 +0800] "GET /xingrg/login.html HTTP/1.1" 200 7641
180.152.241.196 - - [20/Aug/2023:10:38:45 +0800] "GET /xingrg/kc/base/wldb_order_operate.html?command=get_materiel&rest_code=00102&base_code=0010476&code=00101019405 HTTP/1.1" 200 482
124.78.155.92 - - [20/Aug/2023:10:38:45 +0800] "GET /xingrg/all/function/internal_message.html?_=1692499120265&CODE_STATE=getMsg HTTP/1.1" 200 27
124.78.155.92 - - [20/Aug/2023:10:38:45 +0800] "GET /xingrg/check_reg.html?_=1692499120771 HTTP/1.1" 200 22
222.70.180.200 - - [20/Aug/2023:10:38:51 +0800] "GET /xingrg/kc/buy/cgsh_order_operate.html?command=get_materiel&rest_code=00111&code=00101008633&supplier_code=00100005&order_time=2023-08-20 HTTP/1.1" 200 414
120.253.135.82 - - [20/Aug/2023:10:38:52 +0800] "GET /xingrg/kc/pszx/mdps_order_info.html?code=312023082000492 HTTP/1.1" 200 23978
101.83.145.37 - - [20/Aug/2023:10:38:52 +0800] "GET /xingrg/check_reg.html?_=1692498931662 HTTP/1.1" 200 22
101.83.145.37 - - [20/Aug/2023:10:38:52 +0800] "GET /xingrg/all/function/internal_message.html?_=1692498931665&CODE_STATE=getMsg HTTP/1.1" 200 27
180.152.241.196 - - [20/Aug/2023:10:38:52 +0800] "GET /xingrg/kc/base/wldb_order_operate.html?command=get_materiel&rest_code=00102&base_code=0010476&code=00101019185 HTTP/1.1" 200 469
120.253.135.82 - - [20/Aug/2023:10:38:53 +0800] "GET /xingrg/javascript/easyui/themes/default/validatebox.css HTTP/1.1" 404 1104
120.253.135.82 - - [20/Aug/2023:10:38:53 +0800] "POST /xingrg/kc/pszx/mdps_order_operate.html HTTP/1.1" 200 3831
101.83.145.37 - - [20/Aug/2023:10:38:56 +0800] "GET /xingrg/kc/base/wldb_order_add.html HTTP/1.1" 200 30498
120.253.135.82 - - [20/Aug/2023:10:38:56 +0800] "POST /xingrg/kc/pszx/mdps_list_operate.html HTTP/1.1" 200 2434
124.78.155.92 - - [20/Aug/2023:10:38:56 +0800] "GET /xingrg/kc/base/wldb_order_operate.html?command=get_materiel&rest_code=00106&base_code=0010396&code=00101019183 HTTP/1.1" 200 449
101.83.145.37 - - [20/Aug/2023:10:38:56 +0800] "POST /xingrg/kc/base/wldb_order_operate.html HTTP/1.1" 200 6806
101.83.145.37 - - [20/Aug/2023:10:38:56 +0800] "GET /xingrg/javascript/easyui/themes/default/validatebox.css HTTP/1.1" 404 1104
114.83.217.94 - - [20/Aug/2023:10:38:58 +0800] "GET /xingrg/kc/base/wldb_order_operate.html?command=get_materiel&rest_code=00149&base_code=0010395&code=00102015103 HTTP/1.1" 200 437
120.253.135.82 - - [20/Aug/2023:10:38:59 +0800] "POST /xingrg/kc/pszx/mdps_list_operate.html HTTP/1.1" 200 205
120.253.135.82 - - [20/Aug/2023:10:39:00 +0800] "POST /xingrg/kc/pszx/mdps_list_operate.html HTTP/1.1" 200 213
222.70.180.200 - - [20/Aug/2023:10:39:07 +0800] "GET /xingrg/kc/buy/cgsh_order_operate.html?command=get_materiel&rest_code=00111&code=00101008096&supplier_code=00100005&order_time=2023-08-20 HTTP/1.1" 200 412
116.235.244.17 - - [20/Aug/2023:10:39:07 +0800] "GET /xingrg/kc/buy/cgsh_order_add.html HTTP/1.1" 200 71964
180.152.241.196 - - [20/Aug/2023:10:39:07 +0800] "GET /xingrg/kc/base/wldb_order_operate.html?command=get_materiel&rest_code=00102&base_code=0010476&code=00101019253 HTTP/1.1" 200 482
116.235.244.17 - - [20/Aug/2023:10:39:08 +0800] "POST /xingrg/kc/buy/cgsh_order_operate.html HTTP/1.1" 200 8245
116.235.244.17 - - [20/Aug/2023:10:39:08 +0800] "GET /xingrg/javascript/easyui/themes/default/validatebox.css HTTP/1.1" 404 1104
114.83.217.94 - - [20/Aug/2023:10:39:08 +0800] "GET /xingrg/kc/base/wldb_order_operate.html?command=get_materiel&rest_code=00149&base_code=0010395&code=00102002448 HTTP/1.1" 200 440
124.78.155.92 - - [20/Aug/2023:10:39:13 +0800] "GET /xingrg/kc/base/wldb_order_operate.html?command=get_materiel&rest_code=00106&base_code=0010396&code=00101019450 HTTP/1.1" 200 483
101.83.145.37 - - [20/Aug/2023:10:39:17 +0800] "GET /xingrg/all/function/internal_message.html?_=1692499158892&CODE_STATE=getMsg HTTP/1.1" 200 27
180.152.241.196 - - [20/Aug/2023:10:39:17 +0800] "GET /xingrg/kc/base/wldb_order_operate.html?command=get_materiel&rest_code=00102&base_code=0010476&code=00101019400 HTTP/1.1" 200 465
101.83.145.37 - - [20/Aug/2023:10:39:18 +0800] "GET /xingrg/kc/base/wldb_order_operate.html?command=get_materiel&rest_code=00105&base_code=0010507&code=00101011005 HTTP/1.1" 200 430
120.253.135.82 - - [20/Aug/2023:10:39:21 +0800] "GET /xingrg/all/function/internal_message.html?_=1692498976646&CODE_STATE=getMsg HTTP/1.1" 200 27
114.83.217.94 - - [20/Aug/2023:10:39:21 +0800] "POST /xingrg/kc/base/wldb_order_operate.html HTTP/1.1" 200 37
180.152.241.196 - - [20/Aug/2023:10:39:22 +0800] "GET /xingrg/kc/base/wldb_order_operate.html?command=get_materiel&rest_code=00102&base_code=0010476&code=00101019063 HTTP/1.1" 200 461
114.83.217.94 - - [20/Aug/2023:10:39:22 +0800] "POST /xingrg/kc/base/wldb_order_operate.html HTTP/1.1" 200 3630
180.152.241.196 - - [20/Aug/2023:10:39:23 +0800] "GET /xingrg/check_reg.html?_=1692499165793 HTTP/1.1" 200 22
180.152.241.196 - - [20/Aug/2023:10:39:23 +0800] "GET /xingrg/all/function/internal_message.html?_=1692499165796&CODE_STATE=getMsg HTTP/1.1" 200 27
124.78.155.92 - - [20/Aug/2023:10:39:24 +0800] "GET /xingrg/kc/base/wldb_order_operate.html?command=get_materiel&rest_code=00106&base_code=0010396&code=00101016094 HTTP/1.1" 200 470
222.70.180.200 - - [20/Aug/2023:10:39:27 +0800] "GET /xingrg/all/function/internal_message.html?_=1692499168110&CODE_STATE=getMsg HTTP/1.1" 200 27
222.70.180.200 - - [20/Aug/2023:10:39:27 +0800] "GET /xingrg/kc/buy/cgsh_order_operate.html?command=get_materiel&rest_code=00111&code=00101008573&supplier_code=00100005&order_time=2023-08-20 HTTP/1.1" 200 409
101.228.187.155 - - [20/Aug/2023:10:39:31 +0800] "GET /xingrg/all/function/internal_message.html?_=1692499171346&CODE_STATE=getMsg HTTP/1.1" 200 27
222.67.237.86 - - [20/Aug/2023:10:39:31 +0800] "GET /xingrg/all/function/internal_message.html?_=1692498622222&CODE_STATE=getMsg HTTP/1.1" 200 27
116.235.244.17 - - [20/Aug/2023:10:39:31 +0800] "GET /xingrg/kc/buy/cgsh_order_operate.html?command=get_materiel&rest_code=00146&code=00101002007&supplier_code=00100199&order_time=2023-08-20 HTTP/1.1" 200 411
124.78.155.92 - - [20/Aug/2023:10:39:31 +0800] "GET /xingrg/all/function/internal_message.html?_=1692499171677&CODE_STATE=getMsg HTTP/1.1" 200 27
101.83.145.37 - - [20/Aug/2023:10:39:33 +0800] "POST /xingrg/kc/base/wldb_order_operate.html HTTP/1.1" 200 37
120.253.135.82 - - [20/Aug/2023:10:39:33 +0800] "GET /xingrg/javascript/jquery_easy_ui/themes/default/images/tabs_active.png HTTP/1.1" 304 -
180.165.48.189 - - [20/Aug/2023:10:39:34 +0800] "GET /xingrg/all/function/internal_message.html?_=1692499173824&CODE_STATE=getMsg HTTP/1.1" 200 27
116.235.244.17 - - [20/Aug/2023:10:39:35 +0800] "GET /xingrg/all/function/internal_message.html?_=1692499199619&CODE_STATE=getMsg HTTP/1.1" 200 27
180.163.28.143 - - [20/Aug/2023:10:39:36 +0800] "GET /xingrg/all/function/internal_message.html?_=1692499116892&CODE_STATE=getMsg HTTP/1.1" 302 -
180.163.28.143 - - [20/Aug/2023:10:39:36 +0800] "GET /xingrg/login.html HTTP/1.1" 200 7641
180.169.147.146 - - [20/Aug/2023:10:39:36 +0800] "GET /xingrg/all/function/internal_message.html?_=1692499176910&CODE_STATE=getMsg HTTP/1.1" 200 27
101.83.145.37 - - [20/Aug/2023:10:39:38 +0800] "GET /xingrg/kc/base/wldb_order_info.html?code=422023082002145 HTTP/1.1" 200 30513
180.152.241.196 - - [20/Aug/2023:10:39:38 +0800] "POST /xingrg/kc/base/wldb_order_operate.html HTTP/1.1" 200 88
101.83.145.37 - - [20/Aug/2023:10:39:38 +0800] "GET /xingrg/javascript/easyui/themes/default/validatebox.css HTTP/1.1" 404 1104
114.95.241.104 - - [20/Aug/2023:10:39:38 +0800] "GET /xingrg/all/function/internal_message.html?_=1692499176659&CODE_STATE=getMsg HTTP/1.1" 200 27
222.69.129.152 - - [20/Aug/2023:10:39:40 +0800] "GET /xingrg/all/function/internal_message.html?_=1692499317441&CODE_STATE=getMsg HTTP/1.1" 200 27
114.83.217.94 - - [20/Aug/2023:10:39:40 +0800] "POST /xingrg/kc/base/wldb_order_operate.html HTTP/1.1" 200 12
101.83.145.37 - - [20/Aug/2023:10:39:40 +0800] "POST /xingrg/kc/base/wldb_order_operate.html HTTP/1.1" 200 2181
101.83.145.37 - - [20/Aug/2023:10:39:40 +0800] "POST /xingrg/kc/base/wldb_order_operate.html HTTP/1.1" 200 2181
114.83.217.94 - - [20/Aug/2023:10:39:42 +0800] "GET /xingrg/kc/base/wldb_order_info.html?code=422023082002144 HTTP/1.1" 200 26382
114.83.217.94 - - [20/Aug/2023:10:39:42 +0800] "GET /xingrg/javascript/easyui/themes/default/validatebox.css HTTP/1.1" 404 1104
180.169.147.146 - - [20/Aug/2023:10:39:43 +0800] "GET /xingrg/all/function/internal_message.html?_=1692499171471&CODE_STATE=getMsg HTTP/1.1" 200 27
114.83.217.94 - - [20/Aug/2023:10:39:43 +0800] "GET /xingrg/all/function/internal_message.html?_=1692499184038&CODE_STATE=getMsg HTTP/1.1" 200 27
180.152.241.196 - - [20/Aug/2023:10:39:44 +0800] "POST /xingrg/kc/base/wldb_order_operate.html HTTP/1.1" 200 37
114.83.217.94 - - [20/Aug/2023:10:39:44 +0800] "POST /xingrg/kc/base/wldb_order_operate.html HTTP/1.1" 200 1891
180.152.241.196 - - [20/Aug/2023:10:39:45 +0800] "POST /xingrg/kc/base/wldb_order_operate.html HTTP/1.1" 200 6715
180.163.28.55 - - [20/Aug/2023:10:39:45 +0800] "GET /xingrg/check_reg.html?_=1692499120771 HTTP/1.1" 302 -
124.78.155.92 - - [20/Aug/2023:10:39:45 +0800] "GET /xingrg/kc/base/wldb_order_operate.html?command=get_materiel&rest_code=00106&base_code=0010396&code=00101019155 HTTP/1.1" 200 477
180.163.28.55 - - [20/Aug/2023:10:39:45 +0800] "GET /xingrg/login.html HTTP/1.1" 200 7641
124.78.155.92 - - [20/Aug/2023:10:39:45 +0800] "GET /xingrg/all/function/internal_message.html?_=1692499180241&CODE_STATE=getMsg HTTP/1.1" 200 27
180.152.241.196 - - [20/Aug/2023:10:39:45 +0800] "GET /xingrg/kc/base/wldb_order_info.html?code=422023082002147 HTTP/1.1" 200 30509
180.152.241.196 - - [20/Aug/2023:10:39:46 +0800] "GET /xingrg/javascript/easyui/themes/default/validatebox.css HTTP/1.1" 404 1104
180.152.241.196 - - [20/Aug/2023:10:39:46 +0800] "POST /xingrg/kc/base/wldb_order_operate.html HTTP/1.1" 200 6715
116.235.244.17 - - [20/Aug/2023:10:39:50 +0800] "GET /xingrg/kc/buy/cgsh_order_operate.html?command=get_materiel&rest_code=00146&code=00101002041&supplier_code=00100199&order_time=2023-08-20 HTTP/1.1" 200 411
120.253.135.82 - - [20/Aug/2023:10:39:51 +0800] "POST /xingrg/kc/pszx/mdps_list_operate.html HTTP/1.1" 200 868
101.83.145.37 - - [20/Aug/2023:10:39:52 +0800] "GET /xingrg/all/function/internal_message.html?_=1692498991672&CODE_STATE=getMsg HTTP/1.1" 200 27
120.253.135.82 - - [20/Aug/2023:10:39:54 +0800] "GET /xingrg/kc/pszx/mdps_order_add.html HTTP/1.1" 200 29218
120.253.135.82 - - [20/Aug/2023:10:39:54 +0800] "POST /xingrg/kc/pszx/mdps_order_operate.html HTTP/1.1" 200 7126
120.253.135.82 - - [20/Aug/2023:10:39:55 +0800] "GET /xingrg/javascript/easyui/themes/default/validatebox.css HTTP/1.1" 404 1104
101.83.145.37 - - [20/Aug/2023:10:39:57 +0800] "GET /xingrg/kc/base/wldb_order_add.html HTTP/1.1" 200 30498
101.83.145.37 - - [20/Aug/2023:10:39:58 +0800] "POST /xingrg/kc/base/wldb_order_operate.html HTTP/1.1" 200 6806
101.83.145.37 - - [20/Aug/2023:10:39:58 +0800] "GET /xingrg/javascript/easyui/themes/default/validatebox.css HTTP/1.1" 404 1104
120.253.135.82 - - [20/Aug/2023:10:40:04 +0800] "POST /xingrg/all/common/load_combo.html?type=base HTTP/1.1" 200 1169
116.235.244.17 - - [20/Aug/2023:10:40:04 +0800] "GET /xingrg/kc/buy/cgsh_order_operate.html?command=get_materiel&rest_code=00146&code=00101001052&supplier_code=00100199&order_time=2023-08-20 HTTP/1.1" 200 409
180.152.241.196 - - [20/Aug/2023:10:40:11 +0800] "POST /xingrg/kc/base/wldb_order_operate.html HTTP/1.1" 200 37
101.83.145.37 - - [20/Aug/2023:10:40:17 +0800] "GET /xingrg/check_reg.html?_=1692499218893 HTTP/1.1" 200 22
101.83.145.37 - - [20/Aug/2023:10:40:17 +0800] "GET /xingrg/all/function/internal_message.html?_=1692499218897&CODE_STATE=getMsg HTTP/1.1" 200 27
101.83.145.37 - - [20/Aug/2023:10:40:17 +0800] "POST /xingrg/services/DataTransmitService HTTP/1.1" 200 524
101.83.145.37 - - [20/Aug/2023:10:40:17 +0800] "POST /xingrg/services/DataTransmitService HTTP/1.1" 200 501
116.235.244.17 - - [20/Aug/2023:10:40:19 +0800] "GET /xingrg/kc/buy/cgsh_order_operate.html?command=get_materiel&rest_code=00146&code=00101004030&supplier_code=00100199&order_time=2023-08-20 HTTP/1.1" 200 408
180.152.241.196 - - [20/Aug/2023:10:40:21 +0800] "POST /xingrg/kc/base/wldb_order_operate.html HTTP/1.1" 200 12
180.152.241.196 - - [20/Aug/2023:10:40:21 +0800] "POST /xingrg/kc/base/wldb_order_operate.html HTTP/1.1" 200 6714
120.253.135.82 - - [20/Aug/2023:10:40:21 +0800] "GET /xingrg/kc/pszx/mdps_order_operate.html?command=get_materiel&pszx_code=00101&rest_code=00155&base_code=0010246&code=00101034155 HTTP/1.1" 200 422
120.253.135.82 - - [20/Aug/2023:10:40:21 +0800] "GET /xingrg/all/function/internal_message.html?_=1692499036763&CODE_STATE=getMsg HTTP/1.1" 200 27
180.152.241.196 - - [20/Aug/2023:10:40:23 +0800] "GET /xingrg/kc/base/wldb_order_info.html?code=422023082002147 HTTP/1.1" 200 26371
