116.235.244.168 - - [20/Aug/2023:06:11:07 +0800] "GET /xingrg/javascript/easyui/themes/icons/cancel.png HTTP/1.1" 304 -
116.235.244.168 - - [20/Aug/2023:06:11:07 +0800] "POST /xingrg/kc/base/wldb_order_operate.html HTTP/1.1" 200 6806
116.235.244.168 - - [20/Aug/2023:06:11:07 +0800] "GET /xingrg/all/common/auto_word.html?type=base&rest_code=00146 HTTP/1.1" 200 1799
116.235.244.168 - - [20/Aug/2023:06:11:07 +0800] "GET /xingrg/all/common/auto_word.html?type=base&rest_code=00146 HTTP/1.1" 200 1799
116.235.244.168 - - [20/Aug/2023:06:11:07 +0800] "GET /xingrg/javascript/easyui/themes/default/validatebox.css HTTP/1.1" 404 1104
116.235.244.168 - - [20/Aug/2023:06:11:07 +0800] "GET /xingrg/javascript/easyui/plugins/jquery.validatebox.js HTTP/1.1" 304 -
116.235.244.168 - - [20/Aug/2023:06:11:07 +0800] "GET /xingrg/javascript/easyui/plugins/jquery.numberbox.js HTTP/1.1" 304 -
221.239.167.251 - - [20/Aug/2023:06:11:07 +0800] "GET /xingrg/all/function/internal_message.html?_=1692483065187&CODE_STATE=getMsg HTTP/1.1" 200 27
120.253.135.82 - - [20/Aug/2023:06:11:10 +0800] "POST /xingrg/kc/pszx/mdps_order_operate.html HTTP/1.1" 200 37
120.253.135.82 - - [20/Aug/2023:06:11:11 +0800] "GET /xingrg/kc/pszx/mdps_order_info.html?code=312023082000469 HTTP/1.1" 200 23972
120.253.135.82 - - [20/Aug/2023:06:11:12 +0800] "GET /xingrg/javascript/easyui/themes/default/validatebox.css HTTP/1.1" 404 1104
120.253.135.82 - - [20/Aug/2023:06:11:12 +0800] "POST /xingrg/kc/pszx/mdps_order_operate.html HTTP/1.1" 200 2285
120.253.135.82 - - [20/Aug/2023:06:11:17 +0800] "POST /xingrg/kc/pszx/mdps_list_operate.html HTTP/1.1" 200 294
120.253.135.82 - - [20/Aug/2023:06:11:19 +0800] "GET /xingrg/kc/pszx/mdps_order_info.html?code=312023082000470 HTTP/1.1" 200 23972
120.253.135.82 - - [20/Aug/2023:06:11:20 +0800] "GET /xingrg/javascript/easyui/themes/default/validatebox.css HTTP/1.1" 404 1104
120.253.135.82 - - [20/Aug/2023:06:11:20 +0800] "POST /xingrg/kc/pszx/mdps_order_operate.html HTTP/1.1" 200 2788
120.253.135.82 - - [20/Aug/2023:06:11:23 +0800] "POST /xingrg/kc/pszx/mdps_order_operate.html HTTP/1.1" 200 37
120.253.135.82 - - [20/Aug/2023:06:11:25 +0800] "GET /xingrg/kc/pszx/mdps_order_info.html?code=312023082000470 HTTP/1.1" 200 23972
120.253.135.82 - - [20/Aug/2023:06:11:25 +0800] "GET /xingrg/javascript/easyui/themes/default/validatebox.css HTTP/1.1" 404 1104
120.253.135.82 - - [20/Aug/2023:06:11:26 +0800] "POST /xingrg/kc/pszx/mdps_order_operate.html HTTP/1.1" 200 2803
120.253.135.82 - - [20/Aug/2023:06:11:31 +0800] "POST /xingrg/kc/pszx/mdps_list_operate.html HTTP/1.1" 200 3860
222.70.180.200 - - [20/Aug/2023:06:11:32 +0800] "GET /xingrg/all/function/internal_message.html?_=1692483093433&CODE_STATE=getMsg HTTP/1.1" 200 27
120.253.135.82 - - [20/Aug/2023:06:11:32 +0800] "POST /xingrg/kc/pszx/mdps_list_operate.html HTTP/1.1" 200 206
120.253.135.82 - - [20/Aug/2023:06:11:33 +0800] "GET /xingrg/kc/pszx/mdps_order_info.html?code=312023082000471 HTTP/1.1" 200 23972
120.253.135.82 - - [20/Aug/2023:06:11:34 +0800] "GET /xingrg/javascript/easyui/themes/default/validatebox.css HTTP/1.1" 404 1104
120.253.135.82 - - [20/Aug/2023:06:11:34 +0800] "POST /xingrg/kc/pszx/mdps_order_operate.html HTTP/1.1" 200 2277
120.253.135.82 - - [20/Aug/2023:06:11:37 +0800] "POST /xingrg/kc/pszx/mdps_order_operate.html HTTP/1.1" 200 37
120.253.135.82 - - [20/Aug/2023:06:11:38 +0800] "GET /xingrg/kc/pszx/mdps_order_info.html?code=312023082000471 HTTP/1.1" 200 23972
120.253.135.82 - - [20/Aug/2023:06:11:38 +0800] "GET /xingrg/javascript/easyui/themes/default/validatebox.css HTTP/1.1" 404 1104
120.253.135.82 - - [20/Aug/2023:06:11:39 +0800] "POST /xingrg/kc/pszx/mdps_order_operate.html HTTP/1.1" 200 2284
120.253.135.82 - - [20/Aug/2023:06:11:42 +0800] "POST /xingrg/kc/pszx/mdps_list_operate.html HTTP/1.1" 200 3860
120.253.135.82 - - [20/Aug/2023:06:11:44 +0800] "POST /xingrg/kc/pszx/mdps_list_operate.html HTTP/1.1" 200 202
120.253.135.82 - - [20/Aug/2023:06:11:45 +0800] "GET /xingrg/kc/pszx/mdps_order_info.html?code=312023082000472 HTTP/1.1" 200 23972
120.253.135.82 - - [20/Aug/2023:06:11:46 +0800] "GET /xingrg/javascript/easyui/themes/default/validatebox.css HTTP/1.1" 404 1104
120.253.135.82 - - [20/Aug/2023:06:11:46 +0800] "POST /xingrg/kc/pszx/mdps_order_operate.html HTTP/1.1" 200 2277
120.253.135.82 - - [20/Aug/2023:06:11:47 +0800] "POST /xingrg/all/common/load_combo.html?type=base HTTP/1.1" 200 1169
120.253.135.82 - - [20/Aug/2023:06:11:50 +0800] "GET /xingrg/check_reg.html?_=1692482924974 HTTP/1.1" 200 22
120.253.135.82 - - [20/Aug/2023:06:11:50 +0800] "GET /xingrg/all/function/internal_message.html?_=1692482925452&CODE_STATE=getMsg HTTP/1.1" 200 27
120.253.135.82 - - [20/Aug/2023:06:11:52 +0800] "POST /xingrg/kc/pszx/mdps_order_operate.html HTTP/1.1" 200 37
120.253.135.82 - - [20/Aug/2023:06:11:53 +0800] "GET /xingrg/kc/pszx/mdps_order_info.html?code=312023082000472 HTTP/1.1" 200 23970
120.253.135.82 - - [20/Aug/2023:06:11:54 +0800] "GET /xingrg/javascript/easyui/themes/default/validatebox.css HTTP/1.1" 404 1104
120.253.135.82 - - [20/Aug/2023:06:11:54 +0800] "POST /xingrg/kc/pszx/mdps_order_operate.html HTTP/1.1" 200 2285
120.253.135.82 - - [20/Aug/2023:06:11:57 +0800] "POST /xingrg/kc/pszx/mdps_list_operate.html HTTP/1.1" 200 3857
222.70.180.200 - - [20/Aug/2023:06:11:57 +0800] "GET /xingrg/all/function/internal_message.html?_=1692483230826&CODE_STATE=getMsg HTTP/1.1" 200 27
120.253.135.82 - - [20/Aug/2023:06:11:58 +0800] "POST /xingrg/kc/pszx/mdps_list_operate.html HTTP/1.1" 200 641
120.253.135.82 - - [20/Aug/2023:06:11:59 +0800] "GET /xingrg/kc/pszx/mdps_order_info.html?code=312023082000473 HTTP/1.1" 200 23972
120.253.135.82 - - [20/Aug/2023:06:12:00 +0800] "GET /xingrg/javascript/easyui/themes/default/validatebox.css HTTP/1.1" 404 1104
120.253.135.82 - - [20/Aug/2023:06:12:00 +0800] "POST /xingrg/kc/pszx/mdps_order_operate.html HTTP/1.1" 200 17792
120.253.135.82 - - [20/Aug/2023:06:12:03 +0800] "POST /xingrg/kc/pszx/mdps_order_operate.html HTTP/1.1" 200 37
120.253.135.82 - - [20/Aug/2023:06:12:04 +0800] "GET /xingrg/kc/pszx/mdps_order_info.html?code=312023082000473 HTTP/1.1" 200 23972
120.253.135.82 - - [20/Aug/2023:06:12:04 +0800] "GET /xingrg/javascript/easyui/themes/default/validatebox.css HTTP/1.1" 404 1104
120.253.135.82 - - [20/Aug/2023:06:12:05 +0800] "POST /xingrg/kc/pszx/mdps_order_operate.html HTTP/1.1" 200 18041
116.235.244.168 - - [20/Aug/2023:06:12:06 +0800] "GET /xingrg/all/function/internal_message.html?_=1692483149177&CODE_STATE=getMsg HTTP/1.1" 200 27
221.239.167.251 - - [20/Aug/2023:06:12:06 +0800] "GET /xingrg/all/function/internal_message.html?_=1692483125175&CODE_STATE=getMsg HTTP/1.1" 200 27
116.235.244.168 - - [20/Aug/2023:06:12:13 +0800] "GET /xingrg/kc/base/wldb_order_operate.html?command=get_materiel&rest_code=00146&base_code=0010063&code=00101019527 HTTP/1.1" 200 474
116.235.244.168 - - [20/Aug/2023:06:12:20 +0800] "GET /xingrg/kc/base/wldb_order_operate.html?command=get_materiel&rest_code=00146&base_code=0010063&code=00101019056 HTTP/1.1" 200 476
116.235.244.168 - - [20/Aug/2023:06:12:30 +0800] "POST /xingrg/kc/base/wldb_order_operate.html HTTP/1.1" 200 37
222.70.180.200 - - [20/Aug/2023:06:12:32 +0800] "GET /xingrg/check_reg.html?_=1692483153447 HTTP/1.1" 200 22
222.70.180.200 - - [20/Aug/2023:06:12:32 +0800] "GET /xingrg/all/function/internal_message.html?_=1692483153445&CODE_STATE=getMsg HTTP/1.1" 200 27
116.235.244.168 - - [20/Aug/2023:06:12:37 +0800] "POST /xingrg/kc/base/wldb_order_operate.html HTTP/1.1" 200 12
116.235.244.168 - - [20/Aug/2023:06:12:37 +0800] "POST /xingrg/kc/base/wldb_order_operate.html HTTP/1.1" 200 2723
116.235.244.168 - - [20/Aug/2023:06:12:40 +0800] "GET /xingrg/kc/base/wldb_order_info.html?code=422023082002121 HTTP/1.1" 200 26384
116.235.244.168 - - [20/Aug/2023:06:12:40 +0800] "GET /xingrg/javascript/easyui/themes/default/validatebox.css HTTP/1.1" 404 1104
116.235.244.168 - - [20/Aug/2023:06:12:40 +0800] "POST /xingrg/kc/base/wldb_order_operate.html HTTP/1.1" 200 1007
116.235.244.168 - - [20/Aug/2023:06:12:45 +0800] "GET /xingrg/kc/base/wldb_order_add.html HTTP/1.1" 200 30504
116.235.244.168 - - [20/Aug/2023:06:12:45 +0800] "POST /xingrg/kc/base/wldb_order_operate.html HTTP/1.1" 200 6806
116.235.244.168 - - [20/Aug/2023:06:12:45 +0800] "GET /xingrg/javascript/easyui/themes/default/validatebox.css HTTP/1.1" 404 1104
120.253.135.82 - - [20/Aug/2023:06:12:50 +0800] "GET /xingrg/all/function/internal_message.html?_=1692482985528&CODE_STATE=getMsg HTTP/1.1" 200 27
222.70.180.200 - - [20/Aug/2023:06:12:57 +0800] "GET /xingrg/all/function/internal_message.html?_=1692483290828&CODE_STATE=getMsg HTTP/1.1" 200 27
116.235.244.168 - - [20/Aug/2023:06:13:04 +0800] "GET /xingrg/kc/base/wldb_order_operate.html?command=get_materiel&rest_code=00146&base_code=0010063&code=00101013052 HTTP/1.1" 200 441
116.235.244.168 - - [20/Aug/2023:06:13:06 +0800] "GET /xingrg/all/function/internal_message.html?_=1692483209200&CODE_STATE=getMsg HTTP/1.1" 200 27
221.239.167.251 - - [20/Aug/2023:06:13:07 +0800] "GET /xingrg/all/function/internal_message.html?_=1692483185179&CODE_STATE=getMsg HTTP/1.1" 200 27
120.253.135.82 - - [20/Aug/2023:06:13:11 +0800] "POST /xingrg/kc/pszx/mdps_order_operate.html HTTP/1.1" 200 37
116.235.244.168 - - [20/Aug/2023:06:13:13 +0800] "GET /xingrg/kc/base/wldb_order_operate.html?command=get_materiel&rest_code=00146&base_code=0010063&code=00101019127 HTTP/1.1" 200 480
120.253.135.82 - - [20/Aug/2023:06:13:16 +0800] "GET /xingrg/kc/pszx/mdps_order_info.html?code=312023082000473 HTTP/1.1" 200 23972
120.253.135.82 - - [20/Aug/2023:06:13:16 +0800] "GET /xingrg/javascript/easyui/themes/default/validatebox.css HTTP/1.1" 404 1104
120.253.135.82 - - [20/Aug/2023:06:13:17 +0800] "POST /xingrg/kc/pszx/mdps_order_operate.html HTTP/1.1" 200 18041
116.235.244.168 - - [20/Aug/2023:06:13:22 +0800] "GET /xingrg/kc/base/wldb_order_operate.html?command=get_materiel&rest_code=00146&base_code=0010063&code=00101016019 HTTP/1.1" 200 451
222.70.180.200 - - [20/Aug/2023:06:13:32 +0800] "GET /xingrg/all/function/internal_message.html?_=1692483213432&CODE_STATE=getMsg HTTP/1.1" 200 27
116.235.244.168 - - [20/Aug/2023:06:13:32 +0800] "GET /xingrg/kc/base/wldb_order_operate.html?command=get_materiel&rest_code=00146&base_code=0010063&code=00101019258 HTTP/1.1" 200 483
116.235.244.168 - - [20/Aug/2023:06:13:39 +0800] "GET /xingrg/kc/base/wldb_order_operate.html?command=get_materiel&rest_code=00146&base_code=0010063&code=00101016020 HTTP/1.1" 200 448
116.235.244.168 - - [20/Aug/2023:06:13:47 +0800] "GET /xingrg/kc/base/wldb_order_operate.html?command=get_materiel&rest_code=00146&base_code=0010063&code=00101016094 HTTP/1.1" 200 470
120.253.135.82 - - [20/Aug/2023:06:13:50 +0800] "GET /xingrg/all/function/internal_message.html?_=1692483045541&CODE_STATE=getMsg HTTP/1.1" 200 27
222.70.180.200 - - [20/Aug/2023:06:13:57 +0800] "GET /xingrg/all/function/internal_message.html?_=1692483350818&CODE_STATE=getMsg HTTP/1.1" 200 27
116.235.244.168 - - [20/Aug/2023:06:14:01 +0800] "GET /xingrg/kc/base/wldb_order_operate.html?command=get_materiel&rest_code=00146&base_code=0010063&code=00101019155 HTTP/1.1" 200 477
116.235.244.168 - - [20/Aug/2023:06:14:06 +0800] "GET /xingrg/all/function/internal_message.html?_=1692483269203&CODE_STATE=getMsg HTTP/1.1" 200 27
221.239.167.251 - - [20/Aug/2023:06:14:07 +0800] "GET /xingrg/all/function/internal_message.html?_=1692483245169&CODE_STATE=getMsg HTTP/1.1" 200 27
114.95.241.104 - - [20/Aug/2023:06:14:20 +0800] "GET /xingrg/check_reg.html?_=1692483258272 HTTP/1.1" 200 22
116.235.244.168 - - [20/Aug/2023:06:14:21 +0800] "POST /xingrg/kc/base/wldb_order_operate.html HTTP/1.1" 200 37
116.235.244.168 - - [20/Aug/2023:06:14:27 +0800] "POST /xingrg/kc/base/wldb_order_operate.html HTTP/1.1" 200 12
116.235.244.168 - - [20/Aug/2023:06:14:27 +0800] "POST /xingrg/kc/base/wldb_order_operate.html HTTP/1.1" 200 5198
116.235.244.168 - - [20/Aug/2023:06:14:29 +0800] "GET /xingrg/kc/base/wldb_order_info.html?code=422023082002122 HTTP/1.1" 200 26383
116.235.244.168 - - [20/Aug/2023:06:14:29 +0800] "GET /xingrg/javascript/easyui/themes/default/validatebox.css HTTP/1.1" 404 1104
116.235.244.168 - - [20/Aug/2023:06:14:29 +0800] "POST /xingrg/kc/base/wldb_order_operate.html HTTP/1.1" 200 3427
116.235.244.168 - - [20/Aug/2023:06:14:32 +0800] "GET /xingrg/kc/base/wldb_order_add.html HTTP/1.1" 200 30504
222.70.180.200 - - [20/Aug/2023:06:14:32 +0800] "GET /xingrg/all/function/internal_message.html?_=1692483273432&CODE_STATE=getMsg HTTP/1.1" 200 27
116.235.244.168 - - [20/Aug/2023:06:14:32 +0800] "POST /xingrg/kc/base/wldb_order_operate.html HTTP/1.1" 200 6806
116.235.244.168 - - [20/Aug/2023:06:14:32 +0800] "GET /xingrg/javascript/easyui/themes/default/validatebox.css HTTP/1.1" 404 1104
116.235.244.168 - - [20/Aug/2023:06:14:46 +0800] "GET /xingrg/kc/base/wldb_order_operate.html?command=get_materiel&rest_code=00146&base_code=0010063&code=00101019091 HTTP/1.1" 200 463
120.253.135.82 - - [20/Aug/2023:06:14:50 +0800] "GET /xingrg/all/function/internal_message.html?_=1692483105555&CODE_STATE=getMsg HTTP/1.1" 200 27
116.235.244.168 - - [20/Aug/2023:06:14:53 +0800] "GET /xingrg/kc/base/wldb_order_operate.html?command=get_materiel&rest_code=00146&base_code=0010063&code=00101019164 HTTP/1.1" 200 466
222.70.180.200 - - [20/Aug/2023:06:14:57 +0800] "GET /xingrg/all/function/internal_message.html?_=1692483410821&CODE_STATE=getMsg HTTP/1.1" 200 27
222.70.180.200 - - [20/Aug/2023:06:14:57 +0800] "GET /xingrg/check_reg.html?_=1692483410823 HTTP/1.1" 200 22
116.235.244.168 - - [20/Aug/2023:06:14:59 +0800] "GET /xingrg/kc/base/wldb_order_operate.html?command=get_materiel&rest_code=00146&base_code=0010063&code=00101016076 HTTP/1.1" 200 477
116.235.244.168 - - [20/Aug/2023:06:15:05 +0800] "GET /xingrg/kc/base/wldb_order_operate.html?command=get_materiel&rest_code=00146&base_code=0010063&code=00101013115 HTTP/1.1" 200 433
116.235.244.168 - - [20/Aug/2023:06:15:06 +0800] "GET /xingrg/all/function/internal_message.html?_=1692483329216&CODE_STATE=getMsg HTTP/1.1" 200 27
221.239.167.251 - - [20/Aug/2023:06:15:06 +0800] "GET /xingrg/all/function/internal_message.html?_=1692483305199&CODE_STATE=getMsg HTTP/1.1" 200 27
120.253.135.82 - - [20/Aug/2023:06:15:17 +0800] "POST /xingrg/kc/pszx/mdps_list_operate.html HTTP/1.1" 200 3856
120.253.135.82 - - [20/Aug/2023:06:15:19 +0800] "GET /xingrg/kc/report/report_main.html HTTP/1.1" 200 8599
120.253.135.82 - - [20/Aug/2023:06:15:20 +0800] "GET /xingrg/kc/base/kc_stocks.html HTTP/1.1" 200 16506
120.253.135.82 - - [20/Aug/2023:06:15:20 +0800] "GET /xingrg/javascript/easyui/themes/default/tree.css HTTP/1.1" 404 1090
120.253.135.82 - - [20/Aug/2023:06:15:20 +0800] "POST /xingrg/all/common/load_tree.html?tree=materiel_sort_tree_json HTTP/1.1" 200 9500
221.239.167.251 - - [20/Aug/2023:06:15:21 +0800] "GET /xingrg/check_reg.html?_=1692483319376 HTTP/1.1" 200 22
120.253.135.82 - - [20/Aug/2023:06:15:22 +0800] "POST /xingrg/all/common/load_combo.html?type=base HTTP/1.1" 200 1169
116.235.244.168 - - [20/Aug/2023:06:15:22 +0800] "POST /xingrg/kc/base/wldb_order_operate.html HTTP/1.1" 200 37
116.235.244.168 - - [20/Aug/2023:06:15:28 +0800] "POST /xingrg/kc/base/wldb_order_operate.html HTTP/1.1" 200 12
116.235.244.168 - - [20/Aug/2023:06:15:28 +0800] "POST /xingrg/kc/base/wldb_order_operate.html HTTP/1.1" 200 3684
120.253.135.82 - - [20/Aug/2023:06:15:29 +0800] "POST /xingrg/kc/base/stock_operate.html HTTP/1.1" 200 1730
116.235.244.168 - - [20/Aug/2023:06:15:30 +0800] "GET /xingrg/kc/base/wldb_order_info.html?code=422023082002123 HTTP/1.1" 200 26383
116.235.244.168 - - [20/Aug/2023:06:15:30 +0800] "GET /xingrg/javascript/easyui/themes/default/validatebox.css HTTP/1.1" 404 1104
116.235.244.168 - - [20/Aug/2023:06:15:30 +0800] "POST /xingrg/kc/base/wldb_order_operate.html HTTP/1.1" 200 1947
222.70.180.200 - - [20/Aug/2023:06:15:32 +0800] "GET /xingrg/all/function/internal_message.html?_=1692483333432&CODE_STATE=getMsg HTTP/1.1" 200 27
116.235.244.168 - - [20/Aug/2023:06:15:32 +0800] "GET /xingrg/kc/base/wldb_order_add.html HTTP/1.1" 200 30504
116.235.244.168 - - [20/Aug/2023:06:15:33 +0800] "POST /xingrg/kc/base/wldb_order_operate.html HTTP/1.1" 200 6806
116.235.244.168 - - [20/Aug/2023:06:15:33 +0800] "GET /xingrg/javascript/easyui/themes/default/validatebox.css HTTP/1.1" 404 1104
120.253.135.82 - - [20/Aug/2023:06:15:50 +0800] "GET /xingrg/all/function/internal_message.html?_=1692483165568&CODE_STATE=getMsg HTTP/1.1" 200 27
116.235.244.168 - - [20/Aug/2023:06:15:50 +0800] "GET /xingrg/kc/base/wldb_order_operate.html?command=get_materiel&rest_code=00146&base_code=0010063&code=00101019313 HTTP/1.1" 200 456
116.235.244.168 - - [20/Aug/2023:06:15:51 +0800] "GET /xingrg/check_reg.html?_=1692483374568 HTTP/1.1" 200 22
120.253.135.82 - - [20/Aug/2023:06:15:55 +0800] "GET /xingrg/kc/pszx/mdps_order_list.html?orderType=0 HTTP/1.1" 200 21149
120.253.135.82 - - [20/Aug/2023:06:15:56 +0800] "POST /xingrg/kc/pszx/mdps_list_operate.html HTTP/1.1" 200 5197
222.70.180.200 - - [20/Aug/2023:06:15:57 +0800] "GET /xingrg/all/function/internal_message.html?_=1692483470818&CODE_STATE=getMsg HTTP/1.1" 200 27
116.235.244.168 - - [20/Aug/2023:06:15:57 +0800] "GET /xingrg/kc/base/wldb_order_operate.html?command=get_materiel&rest_code=00146&base_code=0010063&code=00101019438 HTTP/1.1" 200 462
120.253.135.82 - - [20/Aug/2023:06:16:02 +0800] "POST /xingrg/kc/pszx/mdps_list_operate.html HTTP/1.1" 200 3856
116.235.244.168 - - [20/Aug/2023:06:16:04 +0800] "GET /xingrg/kc/base/wldb_order_operate.html?command=get_materiel&rest_code=00146&base_code=0010063&code=00101019133 HTTP/1.1" 200 480
116.235.244.168 - - [20/Aug/2023:06:16:06 +0800] "GET /xingrg/all/function/internal_message.html?_=1692483389230&CODE_STATE=getMsg HTTP/1.1" 200 27
221.239.167.251 - - [20/Aug/2023:06:16:06 +0800] "GET /xingrg/all/function/internal_message.html?_=1692483365196&CODE_STATE=getMsg HTTP/1.1" 200 27
120.253.135.82 - - [20/Aug/2023:06:16:09 +0800] "POST /xingrg/kc/pszx/mdps_list_operate.html HTTP/1.1" 200 202
116.235.244.168 - - [20/Aug/2023:06:16:10 +0800] "GET /xingrg/kc/base/wldb_order_operate.html?command=get_materiel&rest_code=00146&base_code=0010063&code=00101019071 HTTP/1.1" 200 471
120.253.135.82 - - [20/Aug/2023:06:16:10 +0800] "POST /xingrg/kc/pszx/mdps_list_operate.html HTTP/1.1" 200 294
120.253.135.82 - - [20/Aug/2023:06:16:12 +0800] "POST /xingrg/kc/pszx/mdps_list_operate.html HTTP/1.1" 200 206
120.253.135.82 - - [20/Aug/2023:06:16:14 +0800] "POST /xingrg/kc/pszx/mdps_list_operate.html HTTP/1.1" 200 202
120.253.135.82 - - [20/Aug/2023:06:16:16 +0800] "POST /xingrg/kc/pszx/mdps_list_operate.html HTTP/1.1" 200 641
120.253.135.82 - - [20/Aug/2023:06:16:18 +0800] "GET /xingrg/kc/pszx/mdps_order_info.html?code=312023082000473 HTTP/1.1" 200 23972
120.253.135.82 - - [20/Aug/2023:06:16:18 +0800] "GET /xingrg/javascript/easyui/themes/default/validatebox.css HTTP/1.1" 404 1104
120.253.135.82 - - [20/Aug/2023:06:16:18 +0800] "POST /xingrg/kc/pszx/mdps_order_operate.html HTTP/1.1" 200 18041
116.235.244.168 - - [20/Aug/2023:06:16:24 +0800] "POST /xingrg/kc/base/wldb_order_operate.html HTTP/1.1" 200 37
116.235.244.168 - - [20/Aug/2023:06:16:31 +0800] "POST /xingrg/kc/base/wldb_order_operate.html HTTP/1.1" 200 12
116.235.244.168 - - [20/Aug/2023:06:16:31 +0800] "POST /xingrg/kc/base/wldb_order_operate.html HTTP/1.1" 200 3705
222.70.180.200 - - [20/Aug/2023:06:16:32 +0800] "GET /xingrg/all/function/internal_message.html?_=1692483393432&CODE_STATE=getMsg HTTP/1.1" 200 27
116.235.244.168 - - [20/Aug/2023:06:16:34 +0800] "GET /xingrg/kc/base/wldb_order_info.html?code=422023082002124 HTTP/1.1" 200 26379
116.235.244.168 - - [20/Aug/2023:06:16:34 +0800] "GET /xingrg/javascript/easyui/themes/default/validatebox.css HTTP/1.1" 404 1104
116.235.244.168 - - [20/Aug/2023:06:16:34 +0800] "POST /xingrg/kc/base/wldb_order_operate.html HTTP/1.1" 200 1966
116.235.244.168 - - [20/Aug/2023:06:16:37 +0800] "GET /xingrg/kc/base/wldb_order_add.html HTTP/1.1" 200 30504
116.235.244.168 - - [20/Aug/2023:06:16:37 +0800] "POST /xingrg/kc/base/wldb_order_operate.html HTTP/1.1" 200 6806
116.235.244.168 - - [20/Aug/2023:06:16:38 +0800] "GET /xingrg/javascript/easyui/themes/default/validatebox.css HTTP/1.1" 404 1104
120.253.135.82 - - [20/Aug/2023:06:16:50 +0800] "GET /xingrg/check_reg.html?_=1692483224974 HTTP/1.1" 200 22
120.253.135.82 - - [20/Aug/2023:06:16:50 +0800] "GET /xingrg/all/function/internal_message.html?_=1692483225661&CODE_STATE=getMsg HTTP/1.1" 200 27
116.235.244.168 - - [20/Aug/2023:06:16:52 +0800] "GET /xingrg/kc/base/wldb_order_operate.html?command=get_materiel&rest_code=00146&base_code=0010064&code=00102002204 HTTP/1.1" 200 447
222.70.180.200 - - [20/Aug/2023:06:16:57 +0800] "GET /xingrg/all/function/internal_message.html?_=1692483530822&CODE_STATE=getMsg HTTP/1.1" 200 27
116.235.244.168 - - [20/Aug/2023:06:17:05 +0800] "GET /xingrg/kc/base/wldb_order_operate.html?command=get_materiel&rest_code=00146&base_code=0010064&code=00102004006 HTTP/1.1" 200 442
116.235.244.168 - - [20/Aug/2023:06:17:06 +0800] "GET /xingrg/all/function/internal_message.html?_=1692483449276&CODE_STATE=getMsg HTTP/1.1" 200 27
221.239.167.251 - - [20/Aug/2023:06:17:07 +0800] "GET /xingrg/all/function/internal_message.html?_=1692483425197&CODE_STATE=getMsg HTTP/1.1" 200 27
116.235.244.168 - - [20/Aug/2023:06:17:12 +0800] "GET /xingrg/kc/base/wldb_order_operate.html?command=get_materiel&rest_code=00146&base_code=0010064&code=00102002448 HTTP/1.1" 200 440
116.235.244.168 - - [20/Aug/2023:06:17:22 +0800] "GET /xingrg/kc/base/wldb_order_operate.html?command=get_materiel&rest_code=00146&base_code=0010064&code=00102002022 HTTP/1.1" 200 471
222.70.180.200 - - [20/Aug/2023:06:17:32 +0800] "GET /xingrg/all/function/internal_message.html?_=1692483453447&CODE_STATE=getMsg HTTP/1.1" 200 27
222.70.180.200 - - [20/Aug/2023:06:17:32 +0800] "GET /xingrg/check_reg.html?_=1692483453448 HTTP/1.1" 200 22
116.235.244.168 - - [20/Aug/2023:06:17:37 +0800] "POST /xingrg/kc/base/wldb_order_operate.html HTTP/1.1" 200 37
116.235.244.168 - - [20/Aug/2023:06:17:43 +0800] "POST /xingrg/kc/base/wldb_order_operate.html HTTP/1.1" 200 12
116.235.244.168 - - [20/Aug/2023:06:17:43 +0800] "POST /xingrg/kc/base/wldb_order_operate.html HTTP/1.1" 200 3661
116.235.244.168 - - [20/Aug/2023:06:17:47 +0800] "GET /xingrg/kc/base/wldb_order_info.html?code=422023082002125 HTTP/1.1" 200 26383
116.235.244.168 - - [20/Aug/2023:06:17:47 +0800] "GET /xingrg/javascript/easyui/themes/default/validatebox.css HTTP/1.1" 404 1104
116.235.244.168 - - [20/Aug/2023:06:17:47 +0800] "POST /xingrg/kc/base/wldb_order_operate.html HTTP/1.1" 200 1923
116.235.244.168 - - [20/Aug/2023:06:17:50 +0800] "GET /xingrg/kc/base/wldb_order_add.html HTTP/1.1" 200 30504
120.253.135.82 - - [20/Aug/2023:06:17:50 +0800] "GET /xingrg/all/function/internal_message.html?_=1692483285674&CODE_STATE=getMsg HTTP/1.1" 200 27
116.235.244.168 - - [20/Aug/2023:06:17:50 +0800] "POST /xingrg/kc/base/wldb_order_operate.html HTTP/1.1" 200 6806
116.235.244.168 - - [20/Aug/2023:06:17:51 +0800] "GET /xingrg/javascript/easyui/themes/default/validatebox.css HTTP/1.1" 404 1104
222.70.180.200 - - [20/Aug/2023:06:17:57 +0800] "GET /xingrg/all/function/internal_message.html?_=1692483590809&CODE_STATE=getMsg HTTP/1.1" 200 27
116.235.244.168 - - [20/Aug/2023:06:18:06 +0800] "GET /xingrg/all/function/internal_message.html?_=1692483509288&CODE_STATE=getMsg HTTP/1.1" 200 27
116.235.244.168 - - [20/Aug/2023:06:18:06 +0800] "GET /xingrg/kc/base/wldb_order_operate.html?command=get_materiel&rest_code=00146&base_code=0010064&code=00102002118 HTTP/1.1" 200 466
221.239.167.251 - - [20/Aug/2023:06:18:06 +0800] "GET /xingrg/all/function/internal_message.html?_=1692483485185&CODE_STATE=getMsg HTTP/1.1" 200 27
116.235.244.168 - - [20/Aug/2023:06:18:15 +0800] "GET /xingrg/kc/base/wldb_order_operate.html?command=get_materiel&rest_code=00146&base_code=0010064&code=00102002497 HTTP/1.1" 200 440
116.235.244.168 - - [20/Aug/2023:06:18:24 +0800] "GET /xingrg/kc/base/wldb_order_operate.html?command=get_materiel&rest_code=00146&base_code=0010064&code=00102002564 HTTP/1.1" 200 457
222.70.180.200 - - [20/Aug/2023:06:18:32 +0800] "GET /xingrg/all/function/internal_message.html?_=1692483513446&CODE_STATE=getMsg HTTP/1.1" 200 27
116.235.244.168 - - [20/Aug/2023:06:18:37 +0800] "GET /xingrg/kc/base/wldb_order_operate.html?command=get_materiel&rest_code=00146&base_code=0010064&code=00102002238 HTTP/1.1" 200 434
120.253.135.82 - - [20/Aug/2023:06:18:44 +0800] "GET /xingrg/kc/pszx/mdps_order_operate.html?command=get_materiel&pszx_code=00101&rest_code=00111&base_code=0010246&code=00101013067 HTTP/1.1" 200 437
116.235.244.168 - - [20/Aug/2023:06:18:46 +0800] "POST /xingrg/kc/base/wldb_order_operate.html HTTP/1.1" 200 37
120.253.135.82 - - [20/Aug/2023:06:18:50 +0800] "GET /xingrg/all/function/internal_message.html?_=1692483345688&CODE_STATE=getMsg HTTP/1.1" 200 27
116.235.244.168 - - [20/Aug/2023:06:18:52 +0800] "POST /xingrg/kc/base/wldb_order_operate.html HTTP/1.1" 200 12
116.235.244.168 - - [20/Aug/2023:06:18:52 +0800] "POST /xingrg/kc/base/wldb_order_operate.html HTTP/1.1" 200 3654
116.235.244.168 - - [20/Aug/2023:06:18:54 +0800] "GET /xingrg/kc/base/wldb_order_info.html?code=422023082002126 HTTP/1.1" 200 26382
116.235.244.168 - - [20/Aug/2023:06:18:55 +0800] "GET /xingrg/javascript/easyui/themes/default/validatebox.css HTTP/1.1" 404 1104
116.235.244.168 - - [20/Aug/2023:06:18:55 +0800] "POST /xingrg/kc/base/wldb_order_operate.html HTTP/1.1" 200 1915
120.253.135.82 - - [20/Aug/2023:06:18:56 +0800] "POST /xingrg/kc/pszx/mdps_order_operate.html HTTP/1.1" 200 37
222.70.180.200 - - [20/Aug/2023:06:18:57 +0800] "GET /xingrg/all/function/internal_message.html?_=1692483650815&CODE_STATE=getMsg HTTP/1.1" 200 27
120.253.135.82 - - [20/Aug/2023:06:18:57 +0800] "GET /xingrg/kc/pszx/mdps_order_info.html?code=312023082000473 HTTP/1.1" 200 23972
120.253.135.82 - - [20/Aug/2023:06:18:58 +0800] "GET /xingrg/javascript/easyui/themes/default/validatebox.css HTTP/1.1" 404 1104
120.253.135.82 - - [20/Aug/2023:06:18:58 +0800] "POST /xingrg/kc/pszx/mdps_order_operate.html HTTP/1.1" 200 18029
116.235.244.168 - - [20/Aug/2023:06:19:06 +0800] "GET /xingrg/all/function/internal_message.html?_=1692483569302&CODE_STATE=getMsg HTTP/1.1" 200 27
221.239.167.251 - - [20/Aug/2023:06:19:07 +0800] "GET /xingrg/all/function/internal_message.html?_=1692483545194&CODE_STATE=getMsg HTTP/1.1" 200 27
114.95.241.104 - - [20/Aug/2023:06:19:20 +0800] "GET /xingrg/check_reg.html?_=1692483558279 HTTP/1.1" 200 22
222.70.180.200 - - [20/Aug/2023:06:19:32 +0800] "GET /xingrg/all/function/internal_message.html?_=1692483573470&CODE_STATE=getMsg HTTP/1.1" 200 27
120.253.135.82 - - [20/Aug/2023:06:19:50 +0800] "GET /xingrg/all/function/internal_message.html?_=1692483405701&CODE_STATE=getMsg HTTP/1.1" 200 27
222.70.180.200 - - [20/Aug/2023:06:19:57 +0800] "GET /xingrg/all/function/internal_message.html?_=1692483710820&CODE_STATE=getMsg HTTP/1.1" 200 27
222.70.180.200 - - [20/Aug/2023:06:19:57 +0800] "GET /xingrg/check_reg.html?_=1692483710821 HTTP/1.1" 200 22
116.235.244.168 - - [20/Aug/2023:06:20:06 +0800] "GET /xingrg/all/function/internal_message.html?_=1692483629316&CODE_STATE=getMsg HTTP/1.1" 200 27
221.239.167.251 - - [20/Aug/2023:06:20:07 +0800] "GET /xingrg/all/function/internal_message.html?_=1692483605193&CODE_STATE=getMsg HTTP/1.1" 200 27
221.239.167.251 - - [20/Aug/2023:06:20:21 +0800] "GET /xingrg/check_reg.html?_=1692483619395 HTTP/1.1" 200 22
120.253.135.82 - - [20/Aug/2023:06:20:31 +0800] "POST /xingrg/kc/pszx/mdps_list_operate.html HTTP/1.1" 200 595
222.70.180.200 - - [20/Aug/2023:06:20:32 +0800] "GET /xingrg/all/function/internal_message.html?_=1692483633469&CODE_STATE=getMsg HTTP/1.1" 200 27
120.253.135.82 - - [20/Aug/2023:06:20:32 +0800] "GET /xingrg/kc/pszx/mdps_order_info.html?code=312023082000474 HTTP/1.1" 200 23972
120.253.135.82 - - [20/Aug/2023:06:20:33 +0800] "GET /xingrg/javascript/easyui/themes/default/validatebox.css HTTP/1.1" 404 1104
120.253.135.82 - - [20/Aug/2023:06:20:33 +0800] "POST /xingrg/kc/pszx/mdps_order_operate.html HTTP/1.1" 200 15037
120.253.135.82 - - [20/Aug/2023:06:20:34 +0800] "POST /xingrg/all/common/load_combo.html?type=base HTTP/1.1" 200 1169
120.253.135.82 - - [20/Aug/2023:06:20:40 +0800] "POST /xingrg/kc/pszx/mdps_order_operate.html HTTP/1.1" 200 37
120.253.135.82 - - [20/Aug/2023:06:20:41 +0800] "GET /xingrg/kc/pszx/mdps_order_info.html?code=312023082000474 HTTP/1.1" 200 23972
120.253.135.82 - - [20/Aug/2023:06:20:42 +0800] "GET /xingrg/javascript/easyui/themes/default/validatebox.css HTTP/1.1" 404 1104
120.253.135.82 - - [20/Aug/2023:06:20:42 +0800] "POST /xingrg/kc/pszx/mdps_order_operate.html HTTP/1.1" 200 15266
120.253.135.82 - - [20/Aug/2023:06:20:50 +0800] "GET /xingrg/all/function/internal_message.html?_=1692483465714&CODE_STATE=getMsg HTTP/1.1" 200 27
116.235.244.168 - - [20/Aug/2023:06:20:51 +0800] "GET /xingrg/check_reg.html?_=1692483674713 HTTP/1.1" 200 22
222.70.180.200 - - [20/Aug/2023:06:20:57 +0800] "GET /xingrg/all/function/internal_message.html?_=1692483770816&CODE_STATE=getMsg HTTP/1.1" 200 27
120.253.135.82 - - [20/Aug/2023:06:21:01 +0800] "GET /xingrg/kc/pszx/mdps_order_operate.html?command=get_materiel&pszx_code=00101&rest_code=00111&base_code=0010250&code=00102002482 HTTP/1.1" 200 430
116.235.244.168 - - [20/Aug/2023:06:21:06 +0800] "GET /xingrg/all/function/internal_message.html?_=1692483689329&CODE_STATE=getMsg HTTP/1.1" 200 27
221.239.167.251 - - [20/Aug/2023:06:21:06 +0800] "GET /xingrg/all/function/internal_message.html?_=1692483665187&CODE_STATE=getMsg HTTP/1.1" 200 27
222.70.180.200 - - [20/Aug/2023:06:21:32 +0800] "GET /xingrg/all/function/internal_message.html?_=1692483693469&CODE_STATE=getMsg HTTP/1.1" 200 27
120.253.135.82 - - [20/Aug/2023:06:21:45 +0800] "POST /xingrg/all/common/load_select.html HTTP/1.1" 200 25
120.253.135.82 - - [20/Aug/2023:06:21:48 +0800] "GET /xingrg/kc/pszx/mdps_order_operate.html?command=get_materiel_price&pszx_code=00101&rest_code=00111&base_code=0010250&code=00102002208&unit_code=00100342&order_time=2023-08-21 HTTP/1.1" 200 33
120.253.135.82 - - [20/Aug/2023:06:21:50 +0800] "GET /xingrg/check_reg.html?_=1692483524982 HTTP/1.1" 200 22
120.253.135.82 - - [20/Aug/2023:06:21:50 +0800] "GET /xingrg/all/function/internal_message.html?_=1692483525728&CODE_STATE=getMsg HTTP/1.1" 200 27
222.70.180.200 - - [20/Aug/2023:06:21:57 +0800] "GET /xingrg/all/function/internal_message.html?_=1692483830824&CODE_STATE=getMsg HTTP/1.1" 200 27
120.253.135.82 - - [20/Aug/2023:06:22:05 +0800] "POST /xingrg/kc/pszx/mdps_order_operate.html HTTP/1.1" 200 37
116.235.244.168 - - [20/Aug/2023:06:22:06 +0800] "GET /xingrg/all/function/internal_message.html?_=1692483749343&CODE_STATE=getMsg HTTP/1.1" 200 27
221.239.167.251 - - [20/Aug/2023:06:22:07 +0800] "GET /xingrg/all/function/internal_message.html?_=1692483725184&CODE_STATE=getMsg HTTP/1.1" 200 27
120.253.135.82 - - [20/Aug/2023:06:22:07 +0800] "GET /xingrg/kc/pszx/mdps_order_info.html?code=312023082000474 HTTP/1.1" 200 23972
120.253.135.82 - - [20/Aug/2023:06:22:07 +0800] "GET /xingrg/javascript/easyui/themes/default/validatebox.css HTTP/1.1" 404 1104
120.253.135.82 - - [20/Aug/2023:06:22:08 +0800] "POST /xingrg/kc/pszx/mdps_order_operate.html HTTP/1.1" 200 15268
222.70.180.200 - - [20/Aug/2023:06:22:32 +0800] "GET /xingrg/all/function/internal_message.html?_=1692483753469&CODE_STATE=getMsg HTTP/1.1" 200 27
222.70.180.200 - - [20/Aug/2023:06:22:32 +0800] "GET /xingrg/check_reg.html?_=1692483753472 HTTP/1.1" 200 22
120.253.135.82 - - [20/Aug/2023:06:22:50 +0800] "GET /xingrg/all/function/internal_message.html?_=1692483585741&CODE_STATE=getMsg HTTP/1.1" 200 27
222.70.180.200 - - [20/Aug/2023:06:22:57 +0800] "GET /xingrg/all/function/internal_message.html?_=1692483890817&CODE_STATE=getMsg HTTP/1.1" 200 27
116.235.244.168 - - [20/Aug/2023:06:23:06 +0800] "GET /xingrg/all/function/internal_message.html?_=1692483809507&CODE_STATE=getMsg HTTP/1.1" 200 27
221.239.167.251 - - [20/Aug/2023:06:23:06 +0800] "GET /xingrg/all/function/internal_message.html?_=1692483785168&CODE_STATE=getMsg HTTP/1.1" 200 27
120.253.135.82 - - [20/Aug/2023:06:23:15 +0800] "POST /xingrg/kc/pszx/mdps_order_operate.html HTTP/1.1" 200 37
120.253.135.82 - - [20/Aug/2023:06:23:17 +0800] "GET /xingrg/kc/pszx/mdps_order_info.html?code=312023082000474 HTTP/1.1" 200 23972
120.253.135.82 - - [20/Aug/2023:06:23:17 +0800] "GET /xingrg/javascript/easyui/themes/default/validatebox.css HTTP/1.1" 404 1104
120.253.135.82 - - [20/Aug/2023:06:23:18 +0800] "POST /xingrg/kc/pszx/mdps_order_operate.html HTTP/1.1" 200 15268
120.253.135.82 - - [20/Aug/2023:06:23:19 +0800] "POST /xingrg/kc/pszx/mdps_list_operate.html HTTP/1.1" 200 3856
120.253.135.82 - - [20/Aug/2023:06:23:20 +0800] "POST /xingrg/kc/pszx/mdps_list_operate.html HTTP/1.1" 200 303
120.253.135.82 - - [20/Aug/2023:06:23:25 +0800] "POST /xingrg/kc/pszx/mdps_list_operate.html HTTP/1.1" 200 206
120.253.135.82 - - [20/Aug/2023:06:23:27 +0800] "GET /xingrg/kc/pszx/mdps_order_info.html?code=312023082000471 HTTP/1.1" 200 23972
120.253.135.82 - - [20/Aug/2023:06:23:27 +0800] "GET /xingrg/javascript/easyui/themes/default/validatebox.css HTTP/1.1" 404 1104
120.253.135.82 - - [20/Aug/2023:06:23:28 +0800] "POST /xingrg/kc/pszx/mdps_order_operate.html HTTP/1.1" 200 2284
120.253.135.82 - - [20/Aug/2023:06:23:31 +0800] "POST /xingrg/kc/pszx/mdps_order_operate.html HTTP/1.1" 200 12
222.70.180.200 - - [20/Aug/2023:06:23:32 +0800] "GET /xingrg/all/function/internal_message.html?_=1692483813472&CODE_STATE=getMsg HTTP/1.1" 200 27
120.253.135.82 - - [20/Aug/2023:06:23:32 +0800] "POST /xingrg/kc/pszx/mdps_list_operate.html HTTP/1.1" 200 3494
120.253.135.82 - - [20/Aug/2023:06:23:34 +0800] "POST /xingrg/kc/pszx/mdps_list_operate.html HTTP/1.1" 200 595
120.253.135.82 - - [20/Aug/2023:06:23:35 +0800] "GET /xingrg/kc/pszx/mdps_order_info.html?code=312023082000474 HTTP/1.1" 200 23972
120.253.135.82 - - [20/Aug/2023:06:23:35 +0800] "GET /xingrg/javascript/easyui/themes/default/validatebox.css HTTP/1.1" 404 1104
120.253.135.82 - - [20/Aug/2023:06:23:36 +0800] "POST /xingrg/kc/pszx/mdps_order_operate.html HTTP/1.1" 200 15268
120.253.135.82 - - [20/Aug/2023:06:23:41 +0800] "GET /xingrg/system/info/materiel_import.html?isSelect=1&singleSelect=false HTTP/1.1" 200 5600
120.253.135.82 - - [20/Aug/2023:06:23:41 +0800] "GET /xingrg/css/xtree.css HTTP/1.1" 200 880
120.253.135.82 - - [20/Aug/2023:06:23:41 +0800] "GET /xingrg/javascript/jquery_ui/themes/base/base.css HTTP/1.1" 200 28568
120.253.135.82 - - [20/Aug/2023:06:23:41 +0800] "GET /xingrg/javascript/jquery_easy_ui/themes/icons/edit_add.png HTTP/1.1" 200 1088
120.253.135.82 - - [20/Aug/2023:06:23:41 +0800] "GET /xingrg/javascript/jquery_easy_ui/themes/default/images/pagination_first.gif HTTP/1.1" 200 925
120.253.135.82 - - [20/Aug/2023:06:23:41 +0800] "GET /xingrg/javascript/jquery_easy_ui/themes/default/images/pagination_prev.gif HTTP/1.1" 200 879
120.253.135.82 - - [20/Aug/2023:06:23:41 +0800] "GET /xingrg/javascript/jquery_easy_ui/themes/default/images/pagination_last.gif HTTP/1.1" 200 923
120.253.135.82 - - [20/Aug/2023:06:23:41 +0800] "GET /xingrg/javascript/jquery_easy_ui/themes/default/images/pagination_next.gif HTTP/1.1" 200 875
120.253.135.82 - - [20/Aug/2023:06:23:41 +0800] "GET /xingrg/javascript/jquery_easy_ui/themes/default/images/pagination_next.gif HTTP/1.1" 200 875
120.253.135.82 - - [20/Aug/2023:06:23:41 +0800] "GET /xingrg/javascript/jquery_easy_ui/themes/default/images/pagination_load.png HTTP/1.1" 200 827
120.253.135.82 - - [20/Aug/2023:06:23:41 +0800] "GET /favicon.ico HTTP/1.1" 404 -
120.253.135.82 - - [20/Aug/2023:06:23:42 +0800] "POST /xingrg/all/common/load_tree.html?tree=materiel_sort_tree_json HTTP/1.1" 200 9500
120.253.135.82 - - [20/Aug/2023:06:23:50 +0800] "GET /xingrg/all/function/internal_message.html?_=1692483645757&CODE_STATE=getMsg HTTP/1.1" 200 27
120.253.135.82 - - [20/Aug/2023:06:23:53 +0800] "GET /xingrg/kc/pszx/mdps_order_operate.html?command=get_materiel&pszx_code=00101&rest_code=00111&base_code=0010250&code=00102001040 HTTP/1.1" 200 428
222.70.180.200 - - [20/Aug/2023:06:23:57 +0800] "GET /xingrg/all/function/internal_message.html?_=1692483950829&CODE_STATE=getMsg HTTP/1.1" 200 27
120.253.135.82 - - [20/Aug/2023:06:24:01 +0800] "POST /xingrg/kc/pszx/mdps_order_operate.html HTTP/1.1" 200 37
120.253.135.82 - - [20/Aug/2023:06:24:02 +0800] "GET /xingrg/kc/pszx/mdps_order_info.html?code=312023082000474 HTTP/1.1" 200 23972
120.253.135.82 - - [20/Aug/2023:06:24:02 +0800] "GET /xingrg/javascript/easyui/themes/default/validatebox.css HTTP/1.1" 404 1104
120.253.135.82 - - [20/Aug/2023:06:24:03 +0800] "POST /xingrg/kc/pszx/mdps_order_operate.html HTTP/1.1" 200 15761
120.253.135.82 - - [20/Aug/2023:06:24:04 +0800] "POST /xingrg/kc/pszx/mdps_list_operate.html HTTP/1.1" 200 3494
120.253.135.82 - - [20/Aug/2023:06:24:06 +0800] "POST /xingrg/kc/pszx/mdps_list_operate.html HTTP/1.1" 200 303
116.235.244.168 - - [20/Aug/2023:06:24:06 +0800] "GET /xingrg/all/function/internal_message.html?_=1692483869510&CODE_STATE=getMsg HTTP/1.1" 200 27
221.239.167.251 - - [20/Aug/2023:06:24:07 +0800] "GET /xingrg/all/function/internal_message.html?_=1692483845162&CODE_STATE=getMsg HTTP/1.1" 200 27
120.253.135.82 - - [20/Aug/2023:06:24:07 +0800] "GET /xingrg/kc/pszx/mdps_order_info.html?code=312023082000475 HTTP/1.1" 200 23972
120.253.135.82 - - [20/Aug/2023:06:24:07 +0800] "GET /xingrg/javascript/easyui/themes/default/validatebox.css HTTP/1.1" 404 1104
120.253.135.82 - - [20/Aug/2023:06:24:08 +0800] "POST /xingrg/kc/pszx/mdps_order_operate.html HTTP/1.1" 200 2800
120.253.135.82 - - [20/Aug/2023:06:24:09 +0800] "POST /xingrg/all/common/load_combo.html?type=base HTTP/1.1" 200 1169
120.253.135.82 - - [20/Aug/2023:06:24:15 +0800] "POST /xingrg/kc/pszx/mdps_order_operate.html HTTP/1.1" 200 37
120.253.135.82 - - [20/Aug/2023:06:24:16 +0800] "GET /xingrg/kc/pszx/mdps_order_info.html?code=312023082000475 HTTP/1.1" 200 23972
120.253.135.82 - - [20/Aug/2023:06:24:17 +0800] "GET /xingrg/javascript/easyui/themes/default/validatebox.css HTTP/1.1" 404 1104
120.253.135.82 - - [20/Aug/2023:06:24:17 +0800] "POST /xingrg/kc/pszx/mdps_order_operate.html HTTP/1.1" 200 2818
114.95.241.104 - - [20/Aug/2023:06:24:20 +0800] "GET /xingrg/check_reg.html?_=1692483858294 HTTP/1.1" 200 22
120.253.135.82 - - [20/Aug/2023:06:24:23 +0800] "POST /xingrg/kc/pszx/mdps_list_operate.html HTTP/1.1" 200 3494
120.253.135.82 - - [20/Aug/2023:06:24:27 +0800] "POST /xingrg/kc/pszx/mdps_list_operate.html HTTP/1.1" 200 3494
120.253.135.82 - - [20/Aug/2023:06:24:27 +0800] "GET /xingrg/kc/pszx/mdqp_order_list.html?state=10 HTTP/1.1" 200 12334
120.253.135.82 - - [20/Aug/2023:06:24:27 +0800] "GET /xingrg/dwr/interface/AjaxReportQueryService.js HTTP/1.1" 200 13203
120.253.135.82 - - [20/Aug/2023:06:24:27 +0800] "GET /xingrg/dwr/interface/AjaxQqpsService.js HTTP/1.1" 200 16326
120.253.135.82 - - [20/Aug/2023:06:24:27 +0800] "GET /xingrg/dwr/engine.js HTTP/1.1" 200 43631
222.70.180.200 - - [20/Aug/2023:06:24:32 +0800] "GET /xingrg/all/function/internal_message.html?_=1692483873458&CODE_STATE=getMsg HTTP/1.1" 200 27
120.253.135.82 - - [20/Aug/2023:06:24:39 +0800] "GET /xingrg/kc/pszx/mdqp_order_info.html?code=302023081900352 HTTP/1.1" 200 13346
120.253.135.82 - - [20/Aug/2023:06:24:39 +0800] "GET /xingrg/dwr/interface/AjaxComOrderService.js HTTP/1.1" 200 18264
120.253.135.82 - - [20/Aug/2023:06:24:39 +0800] "GET /xingrg/dwr/interface/AjaxQqpsService.js HTTP/1.1" 200 16326
120.253.135.82 - - [20/Aug/2023:06:24:39 +0800] "GET /xingrg/dwr/engine.js HTTP/1.1" 200 43631
120.253.135.82 - - [20/Aug/2023:06:24:40 +0800] "POST /xingrg/dwr/call/plaincall/AjaxQqpsService.loadMaterielItems.dwr HTTP/1.1" 200 1230
120.253.135.82 - - [20/Aug/2023:06:24:50 +0800] "GET /xingrg/all/function/internal_message.html?_=1692483705768&CODE_STATE=getMsg HTTP/1.1" 200 27
222.70.180.200 - - [20/Aug/2023:06:24:57 +0800] "GET /xingrg/check_reg.html?_=1692484010819 HTTP/1.1" 200 22
222.70.180.200 - - [20/Aug/2023:06:24:57 +0800] "GET /xingrg/all/function/internal_message.html?_=1692484010821&CODE_STATE=getMsg HTTP/1.1" 200 27
116.235.244.168 - - [20/Aug/2023:06:25:06 +0800] "GET /xingrg/all/function/internal_message.html?_=1692483929661&CODE_STATE=getMsg HTTP/1.1" 200 27
221.239.167.251 - - [20/Aug/2023:06:25:07 +0800] "GET /xingrg/all/function/internal_message.html?_=1692483905147&CODE_STATE=getMsg HTTP/1.1" 200 27
221.239.167.251 - - [20/Aug/2023:06:25:21 +0800] "GET /xingrg/check_reg.html?_=1692483919392 HTTP/1.1" 200 22
222.70.180.200 - - [20/Aug/2023:06:25:32 +0800] "GET /xingrg/all/function/internal_message.html?_=1692483933459&CODE_STATE=getMsg HTTP/1.1" 200 27
120.253.135.82 - - [20/Aug/2023:06:25:50 +0800] "GET /xingrg/all/function/internal_message.html?_=1692483765783&CODE_STATE=getMsg HTTP/1.1" 200 27
116.235.244.168 - - [20/Aug/2023:06:25:51 +0800] "GET /xingrg/check_reg.html?_=1692483974721 HTTP/1.1" 200 22
222.70.180.200 - - [20/Aug/2023:06:25:57 +0800] "GET /xingrg/all/function/internal_message.html?_=1692484070808&CODE_STATE=getMsg HTTP/1.1" 200 27
116.235.244.168 - - [20/Aug/2023:06:26:06 +0800] "GET /xingrg/all/function/internal_message.html?_=1692483989677&CODE_STATE=getMsg HTTP/1.1" 200 27
221.239.167.251 - - [20/Aug/2023:06:26:07 +0800] "GET /xingrg/all/function/internal_message.html?_=1692483965145&CODE_STATE=getMsg HTTP/1.1" 200 27
222.70.180.200 - - [20/Aug/2023:06:26:32 +0800] "GET /xingrg/all/function/internal_message.html?_=1692483993464&CODE_STATE=getMsg HTTP/1.1" 200 27
120.253.135.82 - - [20/Aug/2023:06:26:38 +0800] "GET /xingrg/images/yd/bt.gif HTTP/1.1" 404 1040
120.253.135.82 - - [20/Aug/2023:06:26:38 +0800] "GET /xingrg/images/yd/bt2.gif HTTP/1.1" 404 1042
120.253.135.82 - - [20/Aug/2023:06:26:38 +0800] "GET /xingrg/kc/pszx/mdqp_order_list.html?isBack=1 HTTP/1.1" 302 -
120.253.135.82 - - [20/Aug/2023:06:26:39 +0800] "GET /xingrg/kc/pszx/mdqp_order_list.html?state=10 HTTP/1.1" 200 12334
120.253.135.82 - - [20/Aug/2023:06:26:39 +0800] "GET /xingrg/dwr/interface/AjaxQqpsService.js HTTP/1.1" 200 16326
120.253.135.82 - - [20/Aug/2023:06:26:39 +0800] "GET /xingrg/dwr/interface/AjaxReportQueryService.js HTTP/1.1" 200 13203
120.253.135.82 - - [20/Aug/2023:06:26:39 +0800] "GET /xingrg/dwr/engine.js HTTP/1.1" 200 43631
120.253.135.82 - - [20/Aug/2023:06:26:43 +0800] "GET /xingrg/kc/pszx/mdqp_order_info.html?code=302023081900362 HTTP/1.1" 200 13350
120.253.135.82 - - [20/Aug/2023:06:26:43 +0800] "GET /xingrg/dwr/interface/AjaxComOrderService.js HTTP/1.1" 200 18264
120.253.135.82 - - [20/Aug/2023:06:26:43 +0800] "GET /xingrg/dwr/interface/AjaxQqpsService.js HTTP/1.1" 200 16326
120.253.135.82 - - [20/Aug/2023:06:26:43 +0800] "GET /xingrg/dwr/engine.js HTTP/1.1" 200 43631
120.253.135.82 - - [20/Aug/2023:06:26:44 +0800] "POST /xingrg/dwr/call/plaincall/AjaxQqpsService.loadMaterielItems.dwr HTTP/1.1" 200 3926
120.253.135.82 - - [20/Aug/2023:06:26:45 +0800] "GET /xingrg/images/yd/bt.gif HTTP/1.1" 404 1040
120.253.135.82 - - [20/Aug/2023:06:26:45 +0800] "GET /xingrg/images/yd/bt2.gif HTTP/1.1" 404 1042
120.253.135.82 - - [20/Aug/2023:06:26:50 +0800] "GET /xingrg/check_reg.html?_=1692483824984 HTTP/1.1" 200 22
120.253.135.82 - - [20/Aug/2023:06:26:50 +0800] "GET /xingrg/all/function/internal_message.html?_=1692483825795&CODE_STATE=getMsg HTTP/1.1" 200 27
120.253.135.82 - - [20/Aug/2023:06:26:51 +0800] "GET /xingrg/kc/pszx/mdqp_order_list.html?isBack=1 HTTP/1.1" 302 -
120.253.135.82 - - [20/Aug/2023:06:26:51 +0800] "GET /xingrg/kc/pszx/mdqp_order_list.html?state=10 HTTP/1.1" 200 12334
120.253.135.82 - - [20/Aug/2023:06:26:51 +0800] "GET /xingrg/dwr/interface/AjaxQqpsService.js HTTP/1.1" 200 16326
120.253.135.82 - - [20/Aug/2023:06:26:51 +0800] "GET /xingrg/dwr/interface/AjaxReportQueryService.js HTTP/1.1" 200 13203
120.253.135.82 - - [20/Aug/2023:06:26:51 +0800] "GET /xingrg/dwr/engine.js HTTP/1.1" 200 43631
120.253.135.82 - - [20/Aug/2023:06:26:54 +0800] "GET /xingrg/kc/pszx/mdqp_order_info.html?code=302023081900351 HTTP/1.1" 200 13350
120.253.135.82 - - [20/Aug/2023:06:26:54 +0800] "GET /xingrg/dwr/interface/AjaxQqpsService.js HTTP/1.1" 200 16326
120.253.135.82 - - [20/Aug/2023:06:26:54 +0800] "GET /xingrg/dwr/interface/AjaxComOrderService.js HTTP/1.1" 200 18264
120.253.135.82 - - [20/Aug/2023:06:26:54 +0800] "GET /xingrg/dwr/engine.js HTTP/1.1" 200 43631
120.253.135.82 - - [20/Aug/2023:06:26:55 +0800] "POST /xingrg/dwr/call/plaincall/AjaxQqpsService.loadMaterielItems.dwr HTTP/1.1" 200 12453
120.253.135.82 - - [20/Aug/2023:06:26:56 +0800] "GET /xingrg/images/yd/bt.gif HTTP/1.1" 404 1040
120.253.135.82 - - [20/Aug/2023:06:26:56 +0800] "GET /xingrg/images/yd/bt2.gif HTTP/1.1" 404 1042
222.70.180.200 - - [20/Aug/2023:06:26:57 +0800] "GET /xingrg/all/function/internal_message.html?_=1692484130814&CODE_STATE=getMsg HTTP/1.1" 200 27
116.235.244.168 - - [20/Aug/2023:06:27:06 +0800] "GET /xingrg/all/function/internal_message.html?_=1692484049691&CODE_STATE=getMsg HTTP/1.1" 200 27
221.239.167.251 - - [20/Aug/2023:06:27:07 +0800] "GET /xingrg/all/function/internal_message.html?_=1692484025122&CODE_STATE=getMsg HTTP/1.1" 200 27
120.253.135.82 - - [20/Aug/2023:06:27:13 +0800] "GET /xingrg/kc/pszx/mdqp_order_list.html?isBack=1 HTTP/1.1" 302 -
120.253.135.82 - - [20/Aug/2023:06:27:14 +0800] "GET /xingrg/kc/pszx/mdqp_order_list.html?state=10 HTTP/1.1" 200 12334
120.253.135.82 - - [20/Aug/2023:06:27:14 +0800] "GET /xingrg/dwr/interface/AjaxQqpsService.js HTTP/1.1" 200 16326
120.253.135.82 - - [20/Aug/2023:06:27:14 +0800] "GET /xingrg/dwr/interface/AjaxReportQueryService.js HTTP/1.1" 200 13203
120.253.135.82 - - [20/Aug/2023:06:27:14 +0800] "GET /xingrg/dwr/engine.js HTTP/1.1" 200 43631
120.253.135.82 - - [20/Aug/2023:06:27:17 +0800] "GET /xingrg/kc/pszx/jzcl_ps.html HTTP/1.1" 200 7683
120.253.135.82 - - [20/Aug/2023:06:27:18 +0800] "POST /xingrg/all/common/load_tree.html?tree=area_rest_tree_json HTTP/1.1" 200 3499
120.253.135.82 - - [20/Aug/2023:06:27:18 +0800] "POST /xingrg/kc/pszx/jzcl_ps_operate.html HTTP/1.1" 200 2223
120.253.135.82 - - [20/Aug/2023:06:27:18 +0800] "POST /xingrg/kc/pszx/jzcl_ps_operate.html HTTP/1.1" 200 2223
222.70.180.200 - - [20/Aug/2023:06:27:32 +0800] "GET /xingrg/all/function/internal_message.html?_=1692484053465&CODE_STATE=getMsg HTTP/1.1" 200 27
222.70.180.200 - - [20/Aug/2023:06:27:32 +0800] "GET /xingrg/check_reg.html?_=1692484053468 HTTP/1.1" 200 22
120.253.135.82 - - [20/Aug/2023:06:27:49 +0800] "POST /xingrg/kc/pszx/jzcl_ps_operate.html HTTP/1.1" 200 4
120.253.135.82 - - [20/Aug/2023:06:27:52 +0800] "GET /xingrg/kc/pszx/mdps_order_list.html HTTP/1.1" 200 21149
120.253.135.82 - - [20/Aug/2023:06:27:53 +0800] "POST /xingrg/kc/pszx/jzcl_ps_operate.html HTTP/1.1" 200 848
120.253.135.82 - - [20/Aug/2023:06:27:53 +0800] "POST /xingrg/kc/pszx/mdps_list_operate.html HTTP/1.1" 200 5210
120.253.135.82 - - [20/Aug/2023:06:27:53 +0800] "GET /xingrg/all/function/internal_message.html?_=1692483888720&CODE_STATE=getMsg HTTP/1.1" 200 27
222.70.180.200 - - [20/Aug/2023:06:27:57 +0800] "GET /xingrg/all/function/internal_message.html?_=1692484190831&CODE_STATE=getMsg HTTP/1.1" 200 27
120.253.135.82 - - [20/Aug/2023:06:28:00 +0800] "POST /xingrg/kc/pszx/mdps_list_operate.html HTTP/1.1" 200 1689
120.253.135.82 - - [20/Aug/2023:06:28:01 +0800] "POST /xingrg/kc/pszx/mdps_list_operate.html HTTP/1.1" 200 472
120.253.135.82 - - [20/Aug/2023:06:28:03 +0800] "GET /xingrg/kc/pszx/mdps_order_info.html?code=312023082000478 HTTP/1.1" 200 23976
120.253.135.82 - - [20/Aug/2023:06:28:03 +0800] "GET /xingrg/javascript/easyui/themes/default/validatebox.css HTTP/1.1" 404 1104
120.253.135.82 - - [20/Aug/2023:06:28:03 +0800] "POST /xingrg/kc/pszx/mdps_order_operate.html HTTP/1.1" 200 3770
116.235.244.168 - - [20/Aug/2023:06:28:06 +0800] "GET /xingrg/all/function/internal_message.html?_=1692484109863&CODE_STATE=getMsg HTTP/1.1" 200 27
120.253.135.82 - - [20/Aug/2023:06:28:06 +0800] "POST /xingrg/kc/pszx/mdps_order_operate.html HTTP/1.1" 200 37
221.239.167.251 - - [20/Aug/2023:06:28:07 +0800] "GET /xingrg/all/function/internal_message.html?_=1692484085103&CODE_STATE=getMsg HTTP/1.1" 200 27
120.253.135.82 - - [20/Aug/2023:06:28:08 +0800] "GET /xingrg/kc/pszx/mdps_order_info.html?code=312023082000478 HTTP/1.1" 200 23976
120.253.135.82 - - [20/Aug/2023:06:28:08 +0800] "GET /xingrg/javascript/easyui/themes/default/validatebox.css HTTP/1.1" 404 1104
120.253.135.82 - - [20/Aug/2023:06:28:09 +0800] "POST /xingrg/kc/pszx/mdps_order_operate.html HTTP/1.1" 200 3799
120.253.135.82 - - [20/Aug/2023:06:28:23 +0800] "POST /xingrg/kc/pszx/mdps_list_operate.html HTTP/1.1" 200 2439
120.253.135.82 - - [20/Aug/2023:06:28:24 +0800] "POST /xingrg/kc/pszx/mdps_list_operate.html HTTP/1.1" 200 205
120.253.135.82 - - [20/Aug/2023:06:28:25 +0800] "POST /xingrg/kc/pszx/mdps_list_operate.html HTTP/1.1" 200 629
120.253.135.82 - - [20/Aug/2023:06:28:27 +0800] "GET /xingrg/kc/pszx/mdps_order_info.html?code=312023082000476 HTTP/1.1" 200 23978
120.253.135.82 - - [20/Aug/2023:06:28:27 +0800] "GET /xingrg/javascript/easyui/themes/default/validatebox.css HTTP/1.1" 404 1104
120.253.135.82 - - [20/Aug/2023:06:28:28 +0800] "POST /xingrg/kc/pszx/mdps_order_operate.html HTTP/1.1" 200 8260
120.253.135.82 - - [20/Aug/2023:06:28:29 +0800] "POST /xingrg/all/common/load_combo.html?type=base HTTP/1.1" 200 1169
222.70.180.200 - - [20/Aug/2023:06:28:32 +0800] "GET /xingrg/all/function/internal_message.html?_=1692484113467&CODE_STATE=getMsg HTTP/1.1" 200 27
120.253.135.82 - - [20/Aug/2023:06:28:33 +0800] "POST /xingrg/kc/pszx/mdps_order_operate.html HTTP/1.1" 200 37
120.253.135.82 - - [20/Aug/2023:06:28:34 +0800] "GET /xingrg/kc/pszx/mdps_order_info.html?code=312023082000476 HTTP/1.1" 200 23978
