180.152.241.196 - - [20/Aug/2023:10:40:23 +0800] "GET /xingrg/all/function/internal_message.html?_=1692499225795&CODE_STATE=getMsg HTTP/1.1" 200 27
180.152.241.196 - - [20/Aug/2023:10:40:23 +0800] "GET /xingrg/javascript/easyui/themes/default/validatebox.css HTTP/1.1" 404 1104
101.83.145.37 - - [20/Aug/2023:10:40:24 +0800] "GET /xingrg/kc/base/wldb_order_operate.html?command=get_materiel&rest_code=00105&base_code=0010507&code=00101019071 HTTP/1.1" 200 471
180.152.241.196 - - [20/Aug/2023:10:40:24 +0800] "POST /xingrg/kc/base/wldb_order_operate.html HTTP/1.1" 200 4906
222.70.180.200 - - [20/Aug/2023:10:40:27 +0800] "GET /xingrg/all/function/internal_message.html?_=1692499228113&CODE_STATE=getMsg HTTP/1.1" 200 27
222.67.237.86 - - [20/Aug/2023:10:40:31 +0800] "GET /xingrg/check_reg.html?_=1692498681815 HTTP/1.1" 200 22
101.228.187.155 - - [20/Aug/2023:10:40:31 +0800] "GET /xingrg/all/function/internal_message.html?_=1692499231345&CODE_STATE=getMsg HTTP/1.1" 200 27
222.67.237.86 - - [20/Aug/2023:10:40:31 +0800] "GET /xingrg/all/function/internal_message.html?_=1692498682190&CODE_STATE=getMsg HTTP/1.1" 200 27
124.78.155.92 - - [20/Aug/2023:10:40:31 +0800] "GET /xingrg/all/function/internal_message.html?_=1692499231641&CODE_STATE=getMsg HTTP/1.1" 200 27
124.78.155.92 - - [20/Aug/2023:10:40:33 +0800] "POST /xingrg/kc/base/wldb_order_operate.html HTTP/1.1" 200 37
180.165.48.189 - - [20/Aug/2023:10:40:34 +0800] "GET /xingrg/all/function/internal_message.html?_=1692499233800&CODE_STATE=getMsg HTTP/1.1" 200 27
124.78.155.92 - - [20/Aug/2023:10:40:35 +0800] "GET /xingrg/kc/base/wldb_order_info.html?code=422023082002148 HTTP/1.1" 200 30513
180.165.48.189 - - [20/Aug/2023:10:40:35 +0800] "GET /xingrg/check_reg.html?_=1692499234544 HTTP/1.1" 200 22
116.235.244.17 - - [20/Aug/2023:10:40:35 +0800] "GET /xingrg/kc/buy/cgsh_order_operate.html?command=get_materiel&rest_code=00146&code=00101001099&supplier_code=00100199&order_time=2023-08-20 HTTP/1.1" 200 411
124.78.155.92 - - [20/Aug/2023:10:40:35 +0800] "POST /xingrg/kc/base/wldb_order_operate.html HTTP/1.1" 200 6228
124.78.155.92 - - [20/Aug/2023:10:40:35 +0800] "GET /xingrg/javascript/easyui/themes/default/validatebox.css HTTP/1.1" 404 1104
116.235.244.17 - - [20/Aug/2023:10:40:36 +0800] "GET /xingrg/all/function/internal_message.html?_=1692499259807&CODE_STATE=getMsg HTTP/1.1" 200 27
180.163.29.103 - - [20/Aug/2023:10:40:36 +0800] "GET /xingrg/all/function/internal_message.html?_=1692499176910&CODE_STATE=getMsg HTTP/1.1" 302 -
180.163.29.103 - - [20/Aug/2023:10:40:36 +0800] "GET /xingrg/login.html HTTP/1.1" 200 7641
124.78.155.92 - - [20/Aug/2023:10:40:36 +0800] "POST /xingrg/kc/base/wldb_order_operate.html HTTP/1.1" 200 6228
120.253.135.82 - - [20/Aug/2023:10:40:36 +0800] "GET /xingrg/kc/pszx/mdps_order_operate.html?command=get_materiel&pszx_code=00101&rest_code=00155&base_code=0010246&code=00101034154 HTTP/1.1" 200 426
101.83.145.37 - - [20/Aug/2023:10:40:36 +0800] "GET /xingrg/kc/base/wldb_order_operate.html?command=get_materiel&rest_code=00105&base_code=0010507&code=00101019066 HTTP/1.1" 200 455
180.169.147.146 - - [20/Aug/2023:10:40:36 +0800] "GET /xingrg/all/function/internal_message.html?_=1692499236899&CODE_STATE=getMsg HTTP/1.1" 200 27
114.95.241.104 - - [20/Aug/2023:10:40:38 +0800] "GET /xingrg/all/function/internal_message.html?_=1692499236670&CODE_STATE=getMsg HTTP/1.1" 200 27
222.69.129.152 - - [20/Aug/2023:10:40:40 +0800] "GET /xingrg/all/function/internal_message.html?_=1692499377437&CODE_STATE=getMsg HTTP/1.1" 200 27
124.78.155.92 - - [20/Aug/2023:10:40:42 +0800] "GET /xingrg/kc/base/wldb_order_add.html HTTP/1.1" 200 30498
124.78.155.92 - - [20/Aug/2023:10:40:43 +0800] "POST /xingrg/kc/base/wldb_order_operate.html HTTP/1.1" 200 6806
124.78.155.92 - - [20/Aug/2023:10:40:43 +0800] "GET /xingrg/javascript/easyui/themes/default/validatebox.css HTTP/1.1" 404 1104
180.169.147.146 - - [20/Aug/2023:10:40:43 +0800] "GET /xingrg/all/function/internal_message.html?_=1692499231486&CODE_STATE=getMsg HTTP/1.1" 200 27
114.83.217.94 - - [20/Aug/2023:10:40:43 +0800] "GET /xingrg/all/function/internal_message.html?_=1692499244024&CODE_STATE=getMsg HTTP/1.1" 200 27
124.78.155.92 - - [20/Aug/2023:10:40:45 +0800] "POST /xingrg/all/common/load_combo.html?type=base HTTP/1.1" 200 3227
124.78.155.92 - - [20/Aug/2023:10:40:45 +0800] "GET /xingrg/all/function/internal_message.html?_=1692499240214&CODE_STATE=getMsg HTTP/1.1" 200 27
124.78.155.92 - - [20/Aug/2023:10:40:49 +0800] "POST /xingrg/all/common/load_combo.html?type=base HTTP/1.1" 200 3227
120.253.135.82 - - [20/Aug/2023:10:40:50 +0800] "GET /xingrg/kc/pszx/mdps_order_operate.html?command=get_materiel&pszx_code=00101&rest_code=00155&base_code=0010246&code=00101034156 HTTP/1.1" 200 462
101.83.145.37 - - [20/Aug/2023:10:40:52 +0800] "GET /xingrg/all/function/internal_message.html?_=1692499051697&CODE_STATE=getMsg HTTP/1.1" 200 27
116.235.244.17 - - [20/Aug/2023:10:40:53 +0800] "GET /xingrg/kc/buy/cgsh_order_operate.html?command=get_materiel&rest_code=00146&code=00101001044&supplier_code=00100199&order_time=2023-08-20 HTTP/1.1" 200 411
101.83.145.37 - - [20/Aug/2023:10:40:53 +0800] "GET /xingrg/kc/buy/cgsh_order_add.html HTTP/1.1" 200 72046
101.83.145.37 - - [20/Aug/2023:10:40:53 +0800] "POST /xingrg/kc/buy/cgsh_order_operate.html HTTP/1.1" 200 8245
101.83.145.37 - - [20/Aug/2023:10:40:53 +0800] "GET /xingrg/javascript/easyui/themes/default/validatebox.css HTTP/1.1" 404 1104
101.83.145.37 - - [20/Aug/2023:10:40:55 +0800] "GET /xingrg/kc/base/wldb_order_operate.html?command=get_materiel&rest_code=00105&base_code=0010507&code=00101019391 HTTP/1.1" 200 485
120.253.135.82 - - [20/Aug/2023:10:41:06 +0800] "GET /xingrg/kc/pszx/mdps_order_operate.html?command=get_materiel&pszx_code=00101&rest_code=00155&base_code=0010246&code=00101034157 HTTP/1.1" 200 460
101.83.145.37 - - [20/Aug/2023:10:41:10 +0800] "GET /xingrg/kc/base/wldb_order_operate.html?command=get_materiel&rest_code=00105&base_code=0010507&code=00101019056 HTTP/1.1" 200 477
124.78.155.92 - - [20/Aug/2023:10:41:12 +0800] "GET /xingrg/kc/base/wldb_order_operate.html?command=get_materiel&rest_code=00106&base_code=0010396&code=00101019295 HTTP/1.1" 200 475
116.235.244.17 - - [20/Aug/2023:10:41:17 +0800] "POST /xingrg/kc/buy/cgsh_order_operate.html HTTP/1.1" 200 37
101.83.145.37 - - [20/Aug/2023:10:41:17 +0800] "GET /xingrg/all/function/internal_message.html?_=1692499278913&CODE_STATE=getMsg HTTP/1.1" 200 27
120.253.135.82 - - [20/Aug/2023:10:41:18 +0800] "POST /xingrg/kc/pszx/mdps_order_operate.html HTTP/1.1" 200 37
101.83.145.37 - - [20/Aug/2023:10:41:20 +0800] "GET /xingrg/kc/buy/cgsh_order_operate.html?command=get_materiel&rest_code=00105&code=00101009109&supplier_code=00100024&order_time=2023-08-20 HTTP/1.1" 200 413
120.253.135.82 - - [20/Aug/2023:10:41:20 +0800] "GET /xingrg/kc/pszx/mdps_order_info.html?code=312023082000493 HTTP/1.1" 200 23978
120.253.135.82 - - [20/Aug/2023:10:41:21 +0800] "GET /xingrg/javascript/easyui/themes/default/validatebox.css HTTP/1.1" 404 1104
116.235.244.17 - - [20/Aug/2023:10:41:21 +0800] "POST /xingrg/kc/buy/cgsh_order_operate.html HTTP/1.1" 200 5614
120.253.135.82 - - [20/Aug/2023:10:41:21 +0800] "GET /xingrg/check_reg.html?_=1692499096265 HTTP/1.1" 200 22
120.253.135.82 - - [20/Aug/2023:10:41:21 +0800] "GET /xingrg/all/function/internal_message.html?_=1692499096764&CODE_STATE=getMsg HTTP/1.1" 200 27
120.253.135.82 - - [20/Aug/2023:10:41:22 +0800] "POST /xingrg/kc/pszx/mdps_order_operate.html HTTP/1.1" 200 3831
180.152.241.196 - - [20/Aug/2023:10:41:23 +0800] "GET /xingrg/all/function/internal_message.html?_=1692499285795&CODE_STATE=getMsg HTTP/1.1" 200 27
101.83.145.37 - - [20/Aug/2023:10:41:23 +0800] "GET /xingrg/kc/base/wldb_order_operate.html?command=get_materiel&rest_code=00105&base_code=0010507&code=00101019110 HTTP/1.1" 200 475
116.235.244.17 - - [20/Aug/2023:10:41:25 +0800] "GET /xingrg/kc/print/load_data.html?order_code=212023082008121&kc_code=cgsh&condition= HTTP/1.1" 200 1794
222.70.180.200 - - [20/Aug/2023:10:41:27 +0800] "GET /xingrg/all/function/internal_message.html?_=1692499288109&CODE_STATE=getMsg HTTP/1.1" 200 27
124.78.155.92 - - [20/Aug/2023:10:41:30 +0800] "GET /xingrg/check_reg.html?_=1692499289921 HTTP/1.1" 200 22
101.228.187.155 - - [20/Aug/2023:10:41:31 +0800] "GET /xingrg/all/function/internal_message.html?_=1692499291346&CODE_STATE=getMsg HTTP/1.1" 200 27
222.67.237.86 - - [20/Aug/2023:10:41:31 +0800] "GET /xingrg/all/function/internal_message.html?_=1692498742170&CODE_STATE=getMsg HTTP/1.1" 200 27
124.78.155.92 - - [20/Aug/2023:10:41:31 +0800] "GET /xingrg/all/function/internal_message.html?_=1692499291628&CODE_STATE=getMsg HTTP/1.1" 200 27
120.253.135.82 - - [20/Aug/2023:10:41:33 +0800] "POST /xingrg/kc/pszx/mdps_list_operate.html HTTP/1.1" 200 1692
180.165.48.189 - - [20/Aug/2023:10:41:34 +0800] "GET /xingrg/all/function/internal_message.html?_=1692499293781&CODE_STATE=getMsg HTTP/1.1" 200 27
116.235.244.17 - - [20/Aug/2023:10:41:36 +0800] "GET /xingrg/all/function/internal_message.html?_=1692499319818&CODE_STATE=getMsg HTTP/1.1" 200 27
180.163.29.212 - - [20/Aug/2023:10:41:36 +0800] "GET /xingrg/all/function/internal_message.html?_=1692499236899&CODE_STATE=getMsg HTTP/1.1" 302 -
180.163.29.212 - - [20/Aug/2023:10:41:36 +0800] "GET /xingrg/login.html HTTP/1.1" 200 7641
180.169.147.146 - - [20/Aug/2023:10:41:36 +0800] "GET /xingrg/all/function/internal_message.html?_=1692499296890&CODE_STATE=getMsg HTTP/1.1" 200 27
101.83.145.37 - - [20/Aug/2023:10:41:37 +0800] "POST /xingrg/kc/base/wldb_order_operate.html HTTP/1.1" 200 37
114.95.241.104 - - [20/Aug/2023:10:41:38 +0800] "GET /xingrg/all/function/internal_message.html?_=1692499296675&CODE_STATE=getMsg HTTP/1.1" 200 27
101.83.145.37 - - [20/Aug/2023:10:41:39 +0800] "GET /xingrg/kc/buy/cgsh_order_operate.html?command=get_materiel&rest_code=00105&code=00101009124&supplier_code=00100024&order_time=2023-08-20 HTTP/1.1" 200 416
101.83.145.37 - - [20/Aug/2023:10:41:39 +0800] "GET /xingrg/kc/base/wldb_order_info.html?code=422023082002149 HTTP/1.1" 200 30512
116.235.244.17 - - [20/Aug/2023:10:41:39 +0800] "GET /xingrg/kc/buy/cgsh_order_add.html HTTP/1.1" 200 71964
101.83.145.37 - - [20/Aug/2023:10:41:39 +0800] "POST /xingrg/kc/base/wldb_order_operate.html HTTP/1.1" 200 4236
101.83.145.37 - - [20/Aug/2023:10:41:40 +0800] "GET /xingrg/javascript/easyui/themes/default/validatebox.css HTTP/1.1" 404 1104
222.69.129.152 - - [20/Aug/2023:10:41:40 +0800] "GET /xingrg/all/function/internal_message.html?_=1692499437437&CODE_STATE=getMsg HTTP/1.1" 200 27
116.235.244.17 - - [20/Aug/2023:10:41:40 +0800] "POST /xingrg/kc/buy/cgsh_order_operate.html HTTP/1.1" 200 8245
116.235.244.17 - - [20/Aug/2023:10:41:40 +0800] "GET /xingrg/javascript/easyui/themes/default/validatebox.css HTTP/1.1" 404 1104
101.83.145.37 - - [20/Aug/2023:10:41:42 +0800] "POST /xingrg/kc/base/wldb_order_operate.html HTTP/1.1" 200 4236
180.169.147.146 - - [20/Aug/2023:10:41:43 +0800] "GET /xingrg/check_reg.html?_=1692499291484 HTTP/1.1" 200 22
180.169.147.146 - - [20/Aug/2023:10:41:43 +0800] "GET /xingrg/all/function/internal_message.html?_=1692499291485&CODE_STATE=getMsg HTTP/1.1" 200 27
114.83.217.94 - - [20/Aug/2023:10:41:43 +0800] "GET /xingrg/all/function/internal_message.html?_=1692499304026&CODE_STATE=getMsg HTTP/1.1" 200 27
120.253.135.82 - - [20/Aug/2023:10:41:44 +0800] "POST /xingrg/kc/pszx/mdps_list_operate.html HTTP/1.1" 200 1696
124.78.155.92 - - [20/Aug/2023:10:41:45 +0800] "GET /xingrg/all/function/internal_message.html?_=1692499300184&CODE_STATE=getMsg HTTP/1.1" 200 27
120.253.135.82 - - [20/Aug/2023:10:41:45 +0800] "POST /xingrg/kc/pszx/mdps_list_operate.html HTTP/1.1" 200 358
120.253.135.82 - - [20/Aug/2023:10:41:49 +0800] "GET /xingrg/kc/pszx/mdps_order_add.html HTTP/1.1" 200 29218
120.253.135.82 - - [20/Aug/2023:10:41:49 +0800] "POST /xingrg/kc/pszx/mdps_order_operate.html HTTP/1.1" 200 7126
124.78.155.92 - - [20/Aug/2023:10:41:49 +0800] "GET /xingrg/kc/base/wldb_order_operate.html?command=get_materiel&rest_code=00106&base_code=0010396&code=00101019262 HTTP/1.1" 200 476
120.253.135.82 - - [20/Aug/2023:10:41:49 +0800] "GET /xingrg/javascript/easyui/themes/default/validatebox.css HTTP/1.1" 404 1104
101.83.145.37 - - [20/Aug/2023:10:41:52 +0800] "GET /xingrg/all/function/internal_message.html?_=1692499111733&CODE_STATE=getMsg HTTP/1.1" 200 27
120.253.135.82 - - [20/Aug/2023:10:41:59 +0800] "POST /xingrg/all/common/load_combo.html?type=base HTTP/1.1" 200 1169
101.83.145.37 - - [20/Aug/2023:10:42:00 +0800] "GET /xingrg/kc/buy/cgsh_order_operate.html?command=get_materiel&rest_code=00105&code=00101009062&supplier_code=00100024&order_time=2023-08-20 HTTP/1.1" 200 412
101.83.145.37 - - [20/Aug/2023:10:42:02 +0800] "GET /xingrg/kc/base/wldb_order_add.html HTTP/1.1" 200 30498
101.83.145.37 - - [20/Aug/2023:10:42:03 +0800] "POST /xingrg/kc/base/wldb_order_operate.html HTTP/1.1" 200 6806
101.83.145.37 - - [20/Aug/2023:10:42:03 +0800] "GET /xingrg/javascript/easyui/themes/default/validatebox.css HTTP/1.1" 404 1104
124.78.155.92 - - [20/Aug/2023:10:42:04 +0800] "GET /xingrg/kc/base/wldb_order_operate.html?command=get_materiel&rest_code=00106&base_code=0010396&code=00101019358 HTTP/1.1" 200 460
120.253.135.82 - - [20/Aug/2023:10:42:07 +0800] "GET /xingrg/kc/pszx/mdps_order_operate.html?command=get_materiel&pszx_code=00101&rest_code=00108&base_code=0010246&code=00101034155 HTTP/1.1" 200 422
116.235.244.17 - - [20/Aug/2023:10:42:08 +0800] "GET /xingrg/kc/buy/cgsh_order_operate.html?command=get_materiel&rest_code=00146&code=00101006101&supplier_code=00100509&order_time=2023-08-20 HTTP/1.1" 200 421
101.83.145.37 - - [20/Aug/2023:10:42:17 +0800] "GET /xingrg/all/function/internal_message.html?_=1692499338891&CODE_STATE=getMsg HTTP/1.1" 200 27
101.83.145.37 - - [20/Aug/2023:10:42:19 +0800] "GET /xingrg/kc/buy/cgsh_order_operate.html?command=get_materiel&rest_code=00105&code=00101009011&supplier_code=00100024&order_time=2023-08-20 HTTP/1.1" 200 416
120.253.135.82 - - [20/Aug/2023:10:42:19 +0800] "GET /xingrg/kc/pszx/mdps_order_operate.html?command=get_materiel&pszx_code=00101&rest_code=00108&base_code=0010246&code=00101034154 HTTP/1.1" 200 426
120.253.135.82 - - [20/Aug/2023:10:42:21 +0800] "GET /xingrg/all/function/internal_message.html?_=1692499156779&CODE_STATE=getMsg HTTP/1.1" 200 27
180.152.241.196 - - [20/Aug/2023:10:42:23 +0800] "GET /xingrg/all/function/internal_message.html?_=1692499345793&CODE_STATE=getMsg HTTP/1.1" 200 27
222.70.180.200 - - [20/Aug/2023:10:42:27 +0800] "GET /xingrg/all/function/internal_message.html?_=1692499348107&CODE_STATE=getMsg HTTP/1.1" 200 27
124.78.155.92 - - [20/Aug/2023:10:42:27 +0800] "POST /xingrg/kc/base/wldb_order_operate.html HTTP/1.1" 200 37
124.78.155.92 - - [20/Aug/2023:10:42:28 +0800] "POST /xingrg/kc/base/wldb_order_operate.html HTTP/1.1" 200 3705
124.78.155.92 - - [20/Aug/2023:10:42:29 +0800] "GET /xingrg/kc/base/wldb_order_info.html?code=422023082002150 HTTP/1.1" 200 30510
124.78.155.92 - - [20/Aug/2023:10:42:29 +0800] "GET /xingrg/javascript/easyui/themes/default/validatebox.css HTTP/1.1" 404 1104
124.78.155.92 - - [20/Aug/2023:10:42:30 +0800] "POST /xingrg/kc/base/wldb_order_operate.html HTTP/1.1" 200 3705
101.228.187.155 - - [20/Aug/2023:10:42:31 +0800] "GET /xingrg/all/function/internal_message.html?_=1692499351345&CODE_STATE=getMsg HTTP/1.1" 200 27
222.67.237.86 - - [20/Aug/2023:10:42:31 +0800] "GET /xingrg/all/function/internal_message.html?_=1692498802146&CODE_STATE=getMsg HTTP/1.1" 200 27
124.78.155.92 - - [20/Aug/2023:10:42:31 +0800] "GET /xingrg/all/function/internal_message.html?_=1692499351601&CODE_STATE=getMsg HTTP/1.1" 200 27
124.78.155.92 - - [20/Aug/2023:10:42:33 +0800] "GET /xingrg/kc/base/wldb_order_add.html HTTP/1.1" 200 30498
124.78.155.92 - - [20/Aug/2023:10:42:34 +0800] "POST /xingrg/kc/base/wldb_order_operate.html HTTP/1.1" 200 6806
124.78.155.92 - - [20/Aug/2023:10:42:34 +0800] "GET /xingrg/javascript/easyui/themes/default/validatebox.css HTTP/1.1" 404 1104
101.83.145.37 - - [20/Aug/2023:10:42:34 +0800] "GET /xingrg/kc/buy/cgsh_order_operate.html?command=get_materiel&rest_code=00105&code=00101009015&supplier_code=00100024&order_time=2023-08-20 HTTP/1.1" 200 416
180.165.48.189 - - [20/Aug/2023:10:42:34 +0800] "GET /xingrg/all/function/internal_message.html?_=1692499353765&CODE_STATE=getMsg HTTP/1.1" 200 27
120.253.135.82 - - [20/Aug/2023:10:42:35 +0800] "GET /xingrg/kc/pszx/mdps_order_operate.html?command=get_materiel&pszx_code=00101&rest_code=00108&base_code=0010246&code=00101034156 HTTP/1.1" 200 462
124.78.155.92 - - [20/Aug/2023:10:42:35 +0800] "POST /xingrg/all/common/load_combo.html?type=base HTTP/1.1" 200 3227
180.163.30.85 - - [20/Aug/2023:10:42:36 +0800] "GET /xingrg/all/function/internal_message.html?_=1692499296890&CODE_STATE=getMsg HTTP/1.1" 302 -
180.163.30.85 - - [20/Aug/2023:10:42:36 +0800] "GET /xingrg/login.html HTTP/1.1" 200 7641
180.169.147.146 - - [20/Aug/2023:10:42:36 +0800] "GET /xingrg/check_reg.html?_=1692499356899 HTTP/1.1" 200 22
180.169.147.146 - - [20/Aug/2023:10:42:36 +0800] "GET /xingrg/all/function/internal_message.html?_=1692499356901&CODE_STATE=getMsg HTTP/1.1" 200 27
114.95.241.104 - - [20/Aug/2023:10:42:38 +0800] "GET /xingrg/all/function/internal_message.html?_=1692499356677&CODE_STATE=getMsg HTTP/1.1" 200 27
114.95.241.104 - - [20/Aug/2023:10:42:38 +0800] "GET /xingrg/check_reg.html?_=1692499356681 HTTP/1.1" 200 22
124.78.155.92 - - [20/Aug/2023:10:42:39 +0800] "POST /xingrg/all/common/load_combo.html?type=base HTTP/1.1" 200 3227
222.69.129.152 - - [20/Aug/2023:10:42:40 +0800] "GET /xingrg/all/function/internal_message.html?_=1692499497426&CODE_STATE=getMsg HTTP/1.1" 200 27
101.83.145.37 - - [20/Aug/2023:10:42:42 +0800] "GET /xingrg/kc/buy/cgsh_order_operate.html?command=get_materiel&rest_code=00105&code=00101009160&supplier_code=00100024&order_time=2023-08-20 HTTP/1.1" 200 415
180.169.147.146 - - [20/Aug/2023:10:42:43 +0800] "GET /xingrg/all/function/internal_message.html?_=1692499351483&CODE_STATE=getMsg HTTP/1.1" 200 27
114.83.217.94 - - [20/Aug/2023:10:42:43 +0800] "GET /xingrg/all/function/internal_message.html?_=1692499364034&CODE_STATE=getMsg HTTP/1.1" 200 27
101.83.145.37 - - [20/Aug/2023:10:42:44 +0800] "GET /xingrg/kc/base/wldb_order_operate.html?command=get_materiel&rest_code=00105&base_code=0010507&code=00101016096 HTTP/1.1" 200 450
180.163.28.180 - - [20/Aug/2023:10:42:45 +0800] "GET /xingrg/all/function/internal_message.html?_=1692499300184&CODE_STATE=getMsg HTTP/1.1" 302 -
180.163.28.180 - - [20/Aug/2023:10:42:45 +0800] "GET /xingrg/login.html HTTP/1.1" 200 7641
124.78.155.92 - - [20/Aug/2023:10:42:45 +0800] "GET /xingrg/all/function/internal_message.html?_=1692499360159&CODE_STATE=getMsg HTTP/1.1" 200 27
116.235.244.17 - - [20/Aug/2023:10:42:50 +0800] "POST /xingrg/kc/buy/cgsh_order_operate.html HTTP/1.1" 200 37
101.83.145.37 - - [20/Aug/2023:10:42:52 +0800] "GET /xingrg/all/function/internal_message.html?_=1692499171682&CODE_STATE=getMsg HTTP/1.1" 200 27
116.235.244.17 - - [20/Aug/2023:10:42:53 +0800] "POST /xingrg/kc/buy/cgsh_order_operate.html HTTP/1.1" 200 2668
124.78.155.92 - - [20/Aug/2023:10:42:55 +0800] "GET /xingrg/kc/base/wldb_order_operate.html?command=get_materiel&rest_code=00106&base_code=0010396&code=00101019127 HTTP/1.1" 200 480
180.152.241.196 - - [20/Aug/2023:10:42:55 +0800] "GET /xingrg/check_reg.html?_=1692499375009 HTTP/1.1" 200 22
101.83.145.37 - - [20/Aug/2023:10:42:57 +0800] "GET /xingrg/kc/buy/cgsh_order_operate.html?command=get_materiel&rest_code=00105&code=00101009113&supplier_code=00100024&order_time=2023-08-20 HTTP/1.1" 200 412
116.235.244.17 - - [20/Aug/2023:10:42:57 +0800] "GET /xingrg/check_reg.html?_=1692499401234 HTTP/1.1" 200 22
116.235.244.17 - - [20/Aug/2023:10:42:57 +0800] "GET /xingrg/all/function/internal_message.html?_=1692499401237&CODE_STATE=getMsg HTTP/1.1" 200 27
120.253.135.82 - - [20/Aug/2023:10:43:03 +0800] "GET /xingrg/kc/pszx/mdps_order_operate.html?command=get_materiel&pszx_code=00101&rest_code=00108&base_code=0010246&code=00101034157 HTTP/1.1" 200 460
116.235.244.17 - - [20/Aug/2023:10:43:03 +0800] "GET /xingrg/kc/print/load_data.html?order_code=212023082008122&kc_code=cgsh&condition= HTTP/1.1" 200 691
124.78.155.92 - - [20/Aug/2023:10:43:08 +0800] "GET /xingrg/kc/base/wldb_order_operate.html?command=get_materiel&rest_code=00106&base_code=0010396&code=00101019243 HTTP/1.1" 200 465
120.253.135.82 - - [20/Aug/2023:10:43:15 +0800] "POST /xingrg/kc/pszx/mdps_order_operate.html HTTP/1.1" 200 37
101.83.145.37 - - [20/Aug/2023:10:43:17 +0800] "GET /xingrg/all/function/internal_message.html?_=1692499398917&CODE_STATE=getMsg HTTP/1.1" 200 27
120.253.135.82 - - [20/Aug/2023:10:43:17 +0800] "GET /xingrg/kc/pszx/mdps_order_info.html?code=312023082000494 HTTP/1.1" 200 23982
120.253.135.82 - - [20/Aug/2023:10:43:18 +0800] "GET /xingrg/javascript/easyui/themes/default/validatebox.css HTTP/1.1" 404 1104
120.253.135.82 - - [20/Aug/2023:10:43:18 +0800] "POST /xingrg/kc/pszx/mdps_order_operate.html HTTP/1.1" 200 3831
124.78.155.92 - - [20/Aug/2023:10:43:20 +0800] "GET /xingrg/kc/base/wldb_order_operate.html?command=get_materiel&rest_code=00106&base_code=0010396&code=00101019400 HTTP/1.1" 200 465
120.253.135.82 - - [20/Aug/2023:10:43:22 +0800] "GET /xingrg/all/function/internal_message.html?_=1692499216866&CODE_STATE=getMsg HTTP/1.1" 200 27
222.70.180.200 - - [20/Aug/2023:10:43:22 +0800] "POST /xingrg/kc/buy/cgsh_order_operate.html HTTP/1.1" 200 2065
120.253.135.82 - - [20/Aug/2023:10:43:23 +0800] "POST /xingrg/kc/pszx/mdps_list_operate.html HTTP/1.1" 200 2075
180.152.241.196 - - [20/Aug/2023:10:43:23 +0800] "GET /xingrg/all/function/internal_message.html?_=1692499405792&CODE_STATE=getMsg HTTP/1.1" 200 27
120.253.135.82 - - [20/Aug/2023:10:43:26 +0800] "GET /xingrg/kc/pszx/mdps_order_list.html?orderType=0 HTTP/1.1" 200 21149
222.70.180.200 - - [20/Aug/2023:10:43:27 +0800] "GET /xingrg/all/function/internal_message.html?_=1692499408116&CODE_STATE=getMsg HTTP/1.1" 200 27
222.70.180.200 - - [20/Aug/2023:10:43:27 +0800] "GET /xingrg/check_reg.html?_=1692499408118 HTTP/1.1" 200 22
120.253.135.82 - - [20/Aug/2023:10:43:27 +0800] "POST /xingrg/kc/pszx/mdps_list_operate.html HTTP/1.1" 200 5337
101.83.145.37 - - [20/Aug/2023:10:43:28 +0800] "POST /xingrg/kc/buy/cgsh_order_operate.html HTTP/1.1" 200 37
101.83.145.37 - - [20/Aug/2023:10:43:30 +0800] "POST /xingrg/kc/buy/cgsh_order_operate.html HTTP/1.1" 200 6219
101.228.187.155 - - [20/Aug/2023:10:43:31 +0800] "GET /xingrg/all/function/internal_message.html?_=1692499411347&CODE_STATE=getMsg HTTP/1.1" 200 27
222.67.237.86 - - [20/Aug/2023:10:43:31 +0800] "GET /xingrg/all/function/internal_message.html?_=1692498862128&CODE_STATE=getMsg HTTP/1.1" 200 27
101.228.187.155 - - [20/Aug/2023:10:43:31 +0800] "GET /xingrg/check_reg.html?_=1692499411350 HTTP/1.1" 200 22
124.78.155.92 - - [20/Aug/2023:10:43:31 +0800] "GET /xingrg/all/function/internal_message.html?_=1692499411579&CODE_STATE=getMsg HTTP/1.1" 200 27
180.165.48.189 - - [20/Aug/2023:10:43:34 +0800] "GET /xingrg/all/function/internal_message.html?_=1692499413757&CODE_STATE=getMsg HTTP/1.1" 200 27
180.163.30.27 - - [20/Aug/2023:10:43:36 +0800] "GET /xingrg/check_reg.html?_=1692499356899 HTTP/1.1" 302 -
180.163.30.27 - - [20/Aug/2023:10:43:36 +0800] "GET /xingrg/login.html HTTP/1.1" 200 7641
180.169.147.146 - - [20/Aug/2023:10:43:36 +0800] "GET /xingrg/all/function/internal_message.html?_=1692499416893&CODE_STATE=getMsg HTTP/1.1" 200 27
114.95.241.104 - - [20/Aug/2023:10:43:38 +0800] "GET /xingrg/all/function/internal_message.html?_=1692499416682&CODE_STATE=getMsg HTTP/1.1" 200 27
222.69.129.152 - - [20/Aug/2023:10:43:40 +0800] "GET /xingrg/all/function/internal_message.html?_=1692499557402&CODE_STATE=getMsg HTTP/1.1" 200 27
222.69.129.152 - - [20/Aug/2023:10:43:40 +0800] "GET /xingrg/check_reg.html?_=1692499558193 HTTP/1.1" 200 22
101.83.145.37 - - [20/Aug/2023:10:43:43 +0800] "POST /xingrg/kc/buy/cgsh_order_operate.html HTTP/1.1" 200 37
180.169.147.146 - - [20/Aug/2023:10:43:43 +0800] "GET /xingrg/all/function/internal_message.html?_=1692499411482&CODE_STATE=getMsg HTTP/1.1" 200 27
114.83.217.94 - - [20/Aug/2023:10:43:43 +0800] "GET /xingrg/all/function/internal_message.html?_=1692499424035&CODE_STATE=getMsg HTTP/1.1" 200 27
114.83.217.94 - - [20/Aug/2023:10:43:43 +0800] "GET /xingrg/check_reg.html?_=1692499424039 HTTP/1.1" 200 22
180.163.28.180 - - [20/Aug/2023:10:43:45 +0800] "GET /xingrg/all/function/internal_message.html?_=1692499360159&CODE_STATE=getMsg HTTP/1.1" 302 -
180.163.28.180 - - [20/Aug/2023:10:43:45 +0800] "GET /xingrg/login.html HTTP/1.1" 200 7641
124.78.155.92 - - [20/Aug/2023:10:43:45 +0800] "GET /xingrg/all/function/internal_message.html?_=1692499420128&CODE_STATE=getMsg HTTP/1.1" 200 27
124.78.155.92 - - [20/Aug/2023:10:43:45 +0800] "GET /xingrg/check_reg.html?_=1692499420754 HTTP/1.1" 200 22
124.78.155.92 - - [20/Aug/2023:10:43:49 +0800] "POST /xingrg/kc/base/wldb_order_operate.html HTTP/1.1" 200 37
124.78.155.92 - - [20/Aug/2023:10:43:50 +0800] "POST /xingrg/kc/base/wldb_order_operate.html HTTP/1.1" 200 3720
101.83.145.37 - - [20/Aug/2023:10:43:52 +0800] "GET /xingrg/check_reg.html?_=1692499231682 HTTP/1.1" 200 22
101.83.145.37 - - [20/Aug/2023:10:43:52 +0800] "GET /xingrg/all/function/internal_message.html?_=1692499231686&CODE_STATE=getMsg HTTP/1.1" 200 27
101.83.145.37 - - [20/Aug/2023:10:43:52 +0800] "GET /xingrg/kc/base/wldb_order_operate.html?command=get_materiel&rest_code=00105&base_code=0010507&code=00101019222 HTTP/1.1" 200 454
124.78.155.92 - - [20/Aug/2023:10:43:53 +0800] "GET /xingrg/kc/base/wldb_order_info.html?code=422023082002151 HTTP/1.1" 200 30513
124.78.155.92 - - [20/Aug/2023:10:43:53 +0800] "GET /xingrg/javascript/easyui/themes/default/validatebox.css HTTP/1.1" 404 1104
124.78.155.92 - - [20/Aug/2023:10:43:54 +0800] "POST /xingrg/kc/base/wldb_order_operate.html HTTP/1.1" 200 3720
120.253.135.82 - - [20/Aug/2023:10:43:54 +0800] "POST /xingrg/kc/pszx/mdps_list_operate.html HTTP/1.1" 200 2407
116.235.244.17 - - [20/Aug/2023:10:43:57 +0800] "GET /xingrg/all/function/internal_message.html?_=1692499461434&CODE_STATE=getMsg HTTP/1.1" 200 27
124.78.155.92 - - [20/Aug/2023:10:43:59 +0800] "GET /xingrg/kc/base/base_main.html HTTP/1.1" 200 12142
124.78.155.92 - - [20/Aug/2023:10:44:01 +0800] "GET /xingrg/kc/base/wldb_order_list.html HTTP/1.1" 200 19215
124.78.155.92 - - [20/Aug/2023:10:44:02 +0800] "POST /xingrg/kc/base/wldb_list_operate.html HTTP/1.1" 200 2559
101.83.145.37 - - [20/Aug/2023:10:44:05 +0800] "GET /xingrg/kc/base/wldb_order_operate.html?command=get_materiel&rest_code=00105&base_code=0010507&code=00101019185 HTTP/1.1" 200 469
101.83.145.37 - - [20/Aug/2023:10:44:19 +0800] "GET /xingrg/kc/base/wldb_order_operate.html?command=get_materiel&rest_code=00105&base_code=0010507&code=00101019542 HTTP/1.1" 200 447
120.253.135.82 - - [20/Aug/2023:10:44:22 +0800] "GET /xingrg/all/function/internal_message.html?_=1692499276869&CODE_STATE=getMsg HTTP/1.1" 200 27
180.152.241.196 - - [20/Aug/2023:10:44:23 +0800] "GET /xingrg/all/function/internal_message.html?_=1692499465791&CODE_STATE=getMsg HTTP/1.1" 200 27
180.152.241.196 - - [20/Aug/2023:10:44:23 +0800] "GET /xingrg/check_reg.html?_=1692499465794 HTTP/1.1" 200 22
222.70.180.200 - - [20/Aug/2023:10:44:27 +0800] "GET /xingrg/all/function/internal_message.html?_=1692499468110&CODE_STATE=getMsg HTTP/1.1" 200 27
222.67.237.86 - - [20/Aug/2023:10:44:31 +0800] "GET /xingrg/all/function/internal_message.html?_=1692498922108&CODE_STATE=getMsg HTTP/1.1" 200 27
101.228.187.155 - - [20/Aug/2023:10:44:31 +0800] "GET /xingrg/all/function/internal_message.html?_=1692499471349&CODE_STATE=getMsg HTTP/1.1" 200 27
124.78.155.92 - - [20/Aug/2023:10:44:31 +0800] "GET /xingrg/all/function/internal_message.html?_=1692499471563&CODE_STATE=getMsg HTTP/1.1" 200 27
101.83.145.37 - - [20/Aug/2023:10:44:32 +0800] "GET /xingrg/kc/base/wldb_order_operate.html?command=get_materiel&rest_code=00105&base_code=0010507&code=00101019372 HTTP/1.1" 200 481
180.165.48.189 - - [20/Aug/2023:10:44:34 +0800] "GET /xingrg/all/function/internal_message.html?_=1692499473743&CODE_STATE=getMsg HTTP/1.1" 200 27
180.163.28.143 - - [20/Aug/2023:10:44:36 +0800] "GET /xingrg/all/function/internal_message.html?_=1692499416893&CODE_STATE=getMsg HTTP/1.1" 302 -
180.163.28.143 - - [20/Aug/2023:10:44:36 +0800] "GET /xingrg/login.html HTTP/1.1" 200 7641
180.169.147.146 - - [20/Aug/2023:10:44:36 +0800] "GET /xingrg/all/function/internal_message.html?_=1692499476906&CODE_STATE=getMsg HTTP/1.1" 200 27
114.95.241.104 - - [20/Aug/2023:10:44:38 +0800] "GET /xingrg/all/function/internal_message.html?_=1692499476683&CODE_STATE=getMsg HTTP/1.1" 200 27
222.69.129.152 - - [20/Aug/2023:10:44:40 +0800] "GET /xingrg/all/function/internal_message.html?_=1692499617390&CODE_STATE=getMsg HTTP/1.1" 200 27
124.78.155.92 - - [20/Aug/2023:10:44:42 +0800] "GET /xingrg/kc/mdqp/qp_main.html HTTP/1.1" 200 10633
124.78.155.92 - - [20/Aug/2023:10:44:43 +0800] "GET /xingrg/images/yd/bt.gif HTTP/1.1" 404 1040
180.169.147.146 - - [20/Aug/2023:10:44:43 +0800] "GET /xingrg/all/function/internal_message.html?_=1692499471479&CODE_STATE=getMsg HTTP/1.1" 200 27
114.83.217.94 - - [20/Aug/2023:10:44:43 +0800] "GET /xingrg/all/function/internal_message.html?_=1692499484046&CODE_STATE=getMsg HTTP/1.1" 200 27
124.78.155.92 - - [20/Aug/2023:10:44:45 +0800] "GET /xingrg/all/function/internal_message.html?_=1692499480114&CODE_STATE=getMsg HTTP/1.1" 200 27
180.163.28.109 - - [20/Aug/2023:10:44:45 +0800] "GET /xingrg/check_reg.html?_=1692499420754 HTTP/1.1" 302 -
180.163.28.109 - - [20/Aug/2023:10:44:45 +0800] "GET /xingrg/login.html HTTP/1.1" 200 7641
124.78.155.92 - - [20/Aug/2023:10:44:49 +0800] "GET /xingrg/kc/mdqp/qqps_order_list.html HTTP/1.1" 200 10795
124.78.155.92 - - [20/Aug/2023:10:44:49 +0800] "GET /xingrg/dwr/interface/AjaxQqpsService.js HTTP/1.1" 200 16326
124.78.155.92 - - [20/Aug/2023:10:44:49 +0800] "GET /xingrg/dwr/interface/AjaxReportQueryService.js HTTP/1.1" 200 13203
124.78.155.92 - - [20/Aug/2023:10:44:49 +0800] "GET /xingrg/dwr/engine.js HTTP/1.1" 200 43631
101.83.145.37 - - [20/Aug/2023:10:44:50 +0800] "POST /xingrg/kc/base/wldb_order_operate.html HTTP/1.1" 200 37
124.78.155.92 - - [20/Aug/2023:10:44:51 +0800] "GET /xingrg/kc/mdqp/qqps_order_info.html?code=302023082000374 HTTP/1.1" 200 28398
124.78.155.92 - - [20/Aug/2023:10:44:51 +0800] "GET /xingrg/dwr/interface/AjaxComOrderService.js HTTP/1.1" 200 18264
124.78.155.92 - - [20/Aug/2023:10:44:51 +0800] "GET /xingrg/dwr/interface/AjaxQqpsService.js HTTP/1.1" 200 16326
124.78.155.92 - - [20/Aug/2023:10:44:51 +0800] "GET /xingrg/dwr/engine.js HTTP/1.1" 200 43631
101.83.145.37 - - [20/Aug/2023:10:44:52 +0800] "POST /xingrg/kc/base/wldb_order_operate.html HTTP/1.1" 200 5171
124.78.155.92 - - [20/Aug/2023:10:44:52 +0800] "POST /xingrg/dwr/call/plaincall/AjaxQqpsService.loadMaterielItems.dwr HTTP/1.1" 200 644
101.83.145.37 - - [20/Aug/2023:10:44:53 +0800] "GET /xingrg/kc/base/wldb_order_info.html?code=422023082002152 HTTP/1.1" 200 30515
101.83.145.37 - - [20/Aug/2023:10:44:53 +0800] "GET /xingrg/javascript/easyui/themes/default/validatebox.css HTTP/1.1" 404 1104
124.78.155.92 - - [20/Aug/2023:10:44:54 +0800] "GET /xingrg/kc/mdqp/qqps_order_list.html?isBack=1 HTTP/1.1" 200 10804
124.78.155.92 - - [20/Aug/2023:10:44:54 +0800] "GET /xingrg/dwr/interface/AjaxQqpsService.js HTTP/1.1" 200 16326
124.78.155.92 - - [20/Aug/2023:10:44:54 +0800] "GET /xingrg/dwr/interface/AjaxReportQueryService.js HTTP/1.1" 200 13203
124.78.155.92 - - [20/Aug/2023:10:44:54 +0800] "GET /xingrg/dwr/engine.js HTTP/1.1" 200 43631
101.83.145.37 - - [20/Aug/2023:10:44:54 +0800] "POST /xingrg/kc/base/wldb_order_operate.html HTTP/1.1" 200 5171
124.78.155.92 - - [20/Aug/2023:10:44:56 +0800] "GET /xingrg/kc/mdqp/qqps_order_info.html?code=302023082000376 HTTP/1.1" 200 28398
124.78.155.92 - - [20/Aug/2023:10:44:56 +0800] "GET /xingrg/dwr/interface/AjaxQqpsService.js HTTP/1.1" 200 16326
124.78.155.92 - - [20/Aug/2023:10:44:56 +0800] "GET /xingrg/dwr/interface/AjaxComOrderService.js HTTP/1.1" 200 18264
124.78.155.92 - - [20/Aug/2023:10:44:56 +0800] "GET /xingrg/dwr/engine.js HTTP/1.1" 200 43631
124.78.155.92 - - [20/Aug/2023:10:44:57 +0800] "POST /xingrg/dwr/call/plaincall/AjaxQqpsService.loadMaterielItems.dwr HTTP/1.1" 200 344
116.235.244.17 - - [20/Aug/2023:10:44:57 +0800] "GET /xingrg/all/function/internal_message.html?_=1692499521449&CODE_STATE=getMsg HTTP/1.1" 200 27
124.78.155.92 - - [20/Aug/2023:10:45:00 +0800] "GET /xingrg/kc/mdqp/qqps_order_list.html?isBack=1 HTTP/1.1" 200 10804
124.78.155.92 - - [20/Aug/2023:10:45:00 +0800] "GET /xingrg/dwr/interface/AjaxQqpsService.js HTTP/1.1" 200 16326
124.78.155.92 - - [20/Aug/2023:10:45:00 +0800] "GET /xingrg/dwr/interface/AjaxReportQueryService.js HTTP/1.1" 200 13203
124.78.155.92 - - [20/Aug/2023:10:45:00 +0800] "GET /xingrg/dwr/engine.js HTTP/1.1" 200 43631
124.78.155.92 - - [20/Aug/2023:10:45:02 +0800] "GET /xingrg/kc/mdqp/qqps_order_info.html?code=302023082000377 HTTP/1.1" 200 28398
124.78.155.92 - - [20/Aug/2023:10:45:02 +0800] "GET /xingrg/dwr/interface/AjaxComOrderService.js HTTP/1.1" 200 18264
124.78.155.92 - - [20/Aug/2023:10:45:02 +0800] "GET /xingrg/dwr/interface/AjaxQqpsService.js HTTP/1.1" 200 16326
124.78.155.92 - - [20/Aug/2023:10:45:02 +0800] "GET /xingrg/dwr/engine.js HTTP/1.1" 200 43631
124.78.155.92 - - [20/Aug/2023:10:45:03 +0800] "POST /xingrg/dwr/call/plaincall/AjaxQqpsService.loadMaterielItems.dwr HTTP/1.1" 200 927
101.83.145.37 - - [20/Aug/2023:10:45:20 +0800] "GET /xingrg/kc/base/wldb_order_add.html HTTP/1.1" 200 30498
101.83.145.37 - - [20/Aug/2023:10:45:20 +0800] "POST /xingrg/kc/base/wldb_order_operate.html HTTP/1.1" 200 6806
101.83.145.37 - - [20/Aug/2023:10:45:20 +0800] "GET /xingrg/javascript/easyui/themes/default/validatebox.css HTTP/1.1" 404 1104
120.253.135.82 - - [20/Aug/2023:10:45:22 +0800] "GET /xingrg/all/function/internal_message.html?_=1692499336882&CODE_STATE=getMsg HTTP/1.1" 200 27
180.152.241.196 - - [20/Aug/2023:10:45:23 +0800] "GET /xingrg/all/function/internal_message.html?_=1692499525819&CODE_STATE=getMsg HTTP/1.1" 200 27
124.78.155.92 - - [20/Aug/2023:10:45:25 +0800] "POST /xingrg/dwr/call/plaincall/AjaxQqpsService.getMaterielByCode.dwr HTTP/1.1" 200 2658
222.70.180.200 - - [20/Aug/2023:10:45:27 +0800] "GET /xingrg/all/function/internal_message.html?_=1692499528109&CODE_STATE=getMsg HTTP/1.1" 200 27
124.78.155.92 - - [20/Aug/2023:10:45:30 +0800] "POST /xingrg/dwr/call/plaincall/AjaxQqpsService.saveMaterielItem.dwr HTTP/1.1" 200 78
222.67.237.86 - - [20/Aug/2023:10:45:31 +0800] "GET /xingrg/check_reg.html?_=1692498981815 HTTP/1.1" 200 22
222.67.237.86 - - [20/Aug/2023:10:45:31 +0800] "GET /xingrg/all/function/internal_message.html?_=1692498982113&CODE_STATE=getMsg HTTP/1.1" 200 27
101.228.187.155 - - [20/Aug/2023:10:45:31 +0800] "GET /xingrg/all/function/internal_message.html?_=1692499531350&CODE_STATE=getMsg HTTP/1.1" 200 27
124.78.155.92 - - [20/Aug/2023:10:45:31 +0800] "GET /xingrg/all/function/internal_message.html?_=1692499531546&CODE_STATE=getMsg HTTP/1.1" 200 27
180.165.48.189 - - [20/Aug/2023:10:45:34 +0800] "GET /xingrg/all/function/internal_message.html?_=1692499533725&CODE_STATE=getMsg HTTP/1.1" 200 27
180.165.48.189 - - [20/Aug/2023:10:45:35 +0800] "GET /xingrg/check_reg.html?_=1692499534545 HTTP/1.1" 200 22
180.163.29.206 - - [20/Aug/2023:10:45:36 +0800] "GET /xingrg/all/function/internal_message.html?_=1692499476906&CODE_STATE=getMsg HTTP/1.1" 302 -
180.163.29.206 - - [20/Aug/2023:10:45:36 +0800] "GET /xingrg/login.html HTTP/1.1" 200 7641
180.169.147.146 - - [20/Aug/2023:10:45:36 +0800] "GET /xingrg/all/function/internal_message.html?_=1692499536899&CODE_STATE=getMsg HTTP/1.1" 200 27
114.95.241.104 - - [20/Aug/2023:10:45:38 +0800] "GET /xingrg/all/function/internal_message.html?_=1692499536684&CODE_STATE=getMsg HTTP/1.1" 200 27
124.78.155.92 - - [20/Aug/2023:10:45:39 +0800] "POST /xingrg/dwr/call/plaincall/AjaxQqpsService.getMaterielByCode.dwr HTTP/1.1" 200 2709
222.69.129.152 - - [20/Aug/2023:10:45:40 +0800] "GET /xingrg/all/function/internal_message.html?_=1692499677366&CODE_STATE=getMsg HTTP/1.1" 200 27
222.64.56.108 - - [20/Aug/2023:10:45:42 +0800] "POST /xingrg/services/DataTransmitService HTTP/1.1" 200 524
180.169.147.146 - - [20/Aug/2023:10:45:43 +0800] "GET /xingrg/all/function/internal_message.html?_=1692499531477&CODE_STATE=getMsg HTTP/1.1" 200 27
114.83.217.94 - - [20/Aug/2023:10:45:43 +0800] "GET /xingrg/all/function/internal_message.html?_=1692499544037&CODE_STATE=getMsg HTTP/1.1" 200 27
124.78.155.92 - - [20/Aug/2023:10:45:45 +0800] "GET /xingrg/all/function/internal_message.html?_=1692499540088&CODE_STATE=getMsg HTTP/1.1" 200 27
124.78.155.92 - - [20/Aug/2023:10:45:46 +0800] "POST /xingrg/dwr/call/plaincall/AjaxQqpsService.saveMaterielItem.dwr HTTP/1.1" 200 78
120.253.135.82 - - [20/Aug/2023:10:45:49 +0800] "POST /xingrg/kc/pszx/mdps_list_operate.html HTTP/1.1" 200 509
114.95.241.104 - - [20/Aug/2023:10:45:49 +0800] "GET /xingrg/kc/base/wldb_order_add.html HTTP/1.1" 200 30504
114.95.241.104 - - [20/Aug/2023:10:45:50 +0800] "POST /xingrg/kc/base/wldb_order_operate.html HTTP/1.1" 200 6806
114.95.241.104 - - [20/Aug/2023:10:45:50 +0800] "GET /xingrg/javascript/easyui/themes/default/validatebox.css HTTP/1.1" 404 1104
101.83.145.37 - - [20/Aug/2023:10:45:52 +0800] "GET /xingrg/all/function/internal_message.html?_=1692499351702&CODE_STATE=getMsg HTTP/1.1" 200 27
114.95.241.104 - - [20/Aug/2023:10:45:56 +0800] "GET /xingrg/kc/base/wldb_order_operate.html?command=get_materiel&rest_code=00150&base_code=0010445&code=00101019637 HTTP/1.1" 200 448
124.78.155.92 - - [20/Aug/2023:10:45:57 +0800] "POST /xingrg/dwr/call/plaincall/AjaxQqpsService.getMaterielByCode.dwr HTTP/1.1" 200 2665
116.235.244.17 - - [20/Aug/2023:10:45:57 +0800] "GET /xingrg/all/function/internal_message.html?_=1692499581662&CODE_STATE=getMsg HTTP/1.1" 200 27
114.95.241.104 - - [20/Aug/2023:10:46:02 +0800] "POST /xingrg/kc/base/wldb_order_operate.html HTTP/1.1" 200 37
101.83.145.37 - - [20/Aug/2023:10:46:05 +0800] "GET /xingrg/kc/base/wldb_order_operate.html?command=get_materiel&rest_code=00105&base_code=0010507&code=00101013052 HTTP/1.1" 200 443
124.78.155.92 - - [20/Aug/2023:10:46:08 +0800] "POST /xingrg/dwr/call/plaincall/AjaxQqpsService.saveMaterielItem.dwr HTTP/1.1" 200 78
114.95.241.104 - - [20/Aug/2023:10:46:10 +0800] "POST /xingrg/kc/base/wldb_order_operate.html HTTP/1.1" 200 12
114.95.241.104 - - [20/Aug/2023:10:46:10 +0800] "POST /xingrg/kc/base/wldb_order_operate.html HTTP/1.1" 200 2190
114.95.241.104 - - [20/Aug/2023:10:46:11 +0800] "GET /xingrg/kc/base/wldb_order_info.html?code=422023082002153 HTTP/1.1" 200 26379
114.95.241.104 - - [20/Aug/2023:10:46:11 +0800] "GET /xingrg/javascript/easyui/themes/default/validatebox.css HTTP/1.1" 404 1104
120.253.135.82 - - [20/Aug/2023:10:46:11 +0800] "GET /xingrg/kc/pszx/mdps_order_info.html?code=312023082000481 HTTP/1.1" 200 23972
114.95.241.104 - - [20/Aug/2023:10:46:12 +0800] "POST /xingrg/kc/base/wldb_order_operate.html HTTP/1.1" 200 485
120.253.135.82 - - [20/Aug/2023:10:46:12 +0800] "GET /xingrg/javascript/easyui/themes/default/validatebox.css HTTP/1.1" 404 1104
120.253.135.82 - - [20/Aug/2023:10:46:12 +0800] "POST /xingrg/kc/pszx/mdps_order_operate.html HTTP/1.1" 200 3834
124.78.155.92 - - [20/Aug/2023:10:46:14 +0800] "POST /xingrg/dwr/call/plaincall/AjaxQqpsService.saveOrder.dwr HTTP/1.1" 200 78
101.83.145.37 - - [20/Aug/2023:10:46:14 +0800] "GET /xingrg/kc/base/wldb_order_operate.html?command=get_materiel&rest_code=00105&base_code=0010507&code=00101013011 HTTP/1.1" 200 451
120.253.135.82 - - [20/Aug/2023:10:46:21 +0800] "GET /xingrg/check_reg.html?_=1692499396276 HTTP/1.1" 200 22
124.78.155.92 - - [20/Aug/2023:10:46:21 +0800] "POST /xingrg/dwr/call/plaincall/AjaxQqpsService.saveOrder.dwr HTTP/1.1" 200 78
120.253.135.82 - - [20/Aug/2023:10:46:22 +0800] "GET /xingrg/all/function/internal_message.html?_=1692499396896&CODE_STATE=getMsg HTTP/1.1" 200 27
180.152.241.196 - - [20/Aug/2023:10:46:23 +0800] "GET /xingrg/all/function/internal_message.html?_=1692499585817&CODE_STATE=getMsg HTTP/1.1" 200 27
222.70.180.200 - - [20/Aug/2023:10:46:27 +0800] "GET /xingrg/all/function/internal_message.html?_=1692499588120&CODE_STATE=getMsg HTTP/1.1" 200 27
120.253.135.82 - - [20/Aug/2023:10:46:27 +0800] "GET /xingrg/kc/pszx/mdps_order_list.html?orderType=0 HTTP/1.1" 200 21149
120.253.135.82 - - [20/Aug/2023:10:46:28 +0800] "POST /xingrg/kc/pszx/mdps_list_operate.html HTTP/1.1" 200 5337
124.78.155.92 - - [20/Aug/2023:10:46:28 +0800] "GET /xingrg/kc/mdqp/qqps_order_add.html HTTP/1.1" 200 28236
124.78.155.92 - - [20/Aug/2023:10:46:28 +0800] "GET /xingrg/dwr/engine.js HTTP/1.1" 200 43631
124.78.155.92 - - [20/Aug/2023:10:46:28 +0800] "GET /xingrg/dwr/interface/AjaxComOrderService.js HTTP/1.1" 200 18264
124.78.155.92 - - [20/Aug/2023:10:46:28 +0800] "GET /xingrg/dwr/interface/AjaxQqpsService.js HTTP/1.1" 200 16326
124.78.155.92 - - [20/Aug/2023:10:46:30 +0800] "GET /xingrg/check_reg.html?_=1692499589939 HTTP/1.1" 200 22
222.67.237.86 - - [20/Aug/2023:10:46:31 +0800] "GET /xingrg/all/function/internal_message.html?_=1692499042090&CODE_STATE=getMsg HTTP/1.1" 200 27
101.228.187.155 - - [20/Aug/2023:10:46:31 +0800] "GET /xingrg/all/function/internal_message.html?_=1692499591350&CODE_STATE=getMsg HTTP/1.1" 200 27
124.78.155.92 - - [20/Aug/2023:10:46:31 +0800] "GET /xingrg/all/function/internal_message.html?_=1692499591516&CODE_STATE=getMsg HTTP/1.1" 200 27
180.165.48.189 - - [20/Aug/2023:10:46:34 +0800] "GET /xingrg/all/function/internal_message.html?_=1692499593714&CODE_STATE=getMsg HTTP/1.1" 200 27
180.163.29.103 - - [20/Aug/2023:10:46:36 +0800] "GET /xingrg/all/function/internal_message.html?_=1692499536899&CODE_STATE=getMsg HTTP/1.1" 302 -
101.83.145.37 - - [20/Aug/2023:10:46:36 +0800] "POST /xingrg/kc/base/wldb_order_operate.html HTTP/1.1" 200 37
180.163.29.103 - - [20/Aug/2023:10:46:36 +0800] "GET /xingrg/login.html HTTP/1.1" 200 7641
180.169.147.146 - - [20/Aug/2023:10:46:36 +0800] "GET /xingrg/all/function/internal_message.html?_=1692499596922&CODE_STATE=getMsg HTTP/1.1" 200 27
101.83.145.37 - - [20/Aug/2023:10:46:37 +0800] "POST /xingrg/kc/base/wldb_order_operate.html HTTP/1.1" 200 2676
101.83.145.37 - - [20/Aug/2023:10:46:38 +0800] "GET /xingrg/kc/base/wldb_order_info.html?code=422023082002154 HTTP/1.1" 200 30515
101.83.145.37 - - [20/Aug/2023:10:46:38 +0800] "GET /xingrg/javascript/easyui/themes/default/validatebox.css HTTP/1.1" 404 1104
114.95.241.104 - - [20/Aug/2023:10:46:39 +0800] "GET /xingrg/all/function/internal_message.html?_=1692499596819&CODE_STATE=getMsg HTTP/1.1" 200 27
222.69.129.152 - - [20/Aug/2023:10:46:40 +0800] "GET /xingrg/all/function/internal_message.html?_=1692499737361&CODE_STATE=getMsg HTTP/1.1" 200 27
101.83.145.37 - - [20/Aug/2023:10:46:40 +0800] "POST /xingrg/kc/base/wldb_order_operate.html HTTP/1.1" 200 2676
124.78.155.92 - - [20/Aug/2023:10:46:41 +0800] "POST /xingrg/dwr/call/plaincall/AjaxQqpsService.saveOrder.dwr HTTP/1.1" 200 78
180.169.147.146 - - [20/Aug/2023:10:46:43 +0800] "GET /xingrg/all/function/internal_message.html?_=1692499591476&CODE_STATE=getMsg HTTP/1.1" 200 27
180.169.147.146 - - [20/Aug/2023:10:46:43 +0800] "GET /xingrg/check_reg.html?_=1692499591477 HTTP/1.1" 200 22
114.83.217.94 - - [20/Aug/2023:10:46:43 +0800] "GET /xingrg/all/function/internal_message.html?_=1692499604039&CODE_STATE=getMsg HTTP/1.1" 200 27
180.163.28.114 - - [20/Aug/2023:10:46:45 +0800] "GET /xingrg/all/function/internal_message.html?_=1692499540088&CODE_STATE=getMsg HTTP/1.1" 302 -
180.163.28.114 - - [20/Aug/2023:10:46:45 +0800] "GET /xingrg/login.html HTTP/1.1" 200 7641
124.78.155.92 - - [20/Aug/2023:10:46:45 +0800] "GET /xingrg/all/function/internal_message.html?_=1692499600059&CODE_STATE=getMsg HTTP/1.1" 200 27
124.78.155.92 - - [20/Aug/2023:10:46:48 +0800] "GET /xingrg/javascript/jquery_easy_ui/themes/default/images/tabs_active.png HTTP/1.1" 304 -
124.78.155.92 - - [20/Aug/2023:10:46:50 +0800] "POST /xingrg/dwr/call/plaincall/AjaxQqpsService.getMaterielByCode.dwr HTTP/1.1" 200 2659
101.83.145.37 - - [20/Aug/2023:10:46:52 +0800] "GET /xingrg/all/function/internal_message.html?_=1692499411675&CODE_STATE=getMsg HTTP/1.1" 200 27
124.78.155.92 - - [20/Aug/2023:10:46:52 +0800] "POST /xingrg/dwr/call/plaincall/AjaxQqpsService.saveMaterielItem.dwr HTTP/1.1" 200 78
124.78.155.92 - - [20/Aug/2023:10:46:55 +0800] "POST /xingrg/dwr/call/plaincall/AjaxQqpsService.saveOrder.dwr HTTP/1.1" 200 78
116.235.244.17 - - [20/Aug/2023:10:46:58 +0800] "GET /xingrg/all/function/internal_message.html?_=1692499641850&CODE_STATE=getMsg HTTP/1.1" 200 27
124.78.155.92 - - [20/Aug/2023:10:46:58 +0800] "GET /xingrg/kc/mdqp/qqps_order_list.html?isBack=1 HTTP/1.1" 200 11187
124.78.155.92 - - [20/Aug/2023:10:46:58 +0800] "GET /xingrg/dwr/interface/AjaxReportQueryService.js HTTP/1.1" 200 13203
124.78.155.92 - - [20/Aug/2023:10:46:58 +0800] "GET /xingrg/dwr/interface/AjaxQqpsService.js HTTP/1.1" 200 16326
124.78.155.92 - - [20/Aug/2023:10:46:58 +0800] "GET /xingrg/dwr/engine.js HTTP/1.1" 200 43631
101.228.187.155 - - [20/Aug/2023:10:47:13 +0800] "GET /xingrg/kc/base/wldb_order_add.html HTTP/1.1" 200 30508
101.228.187.155 - - [20/Aug/2023:10:47:13 +0800] "POST /xingrg/kc/base/wldb_order_operate.html HTTP/1.1" 200 6806
101.228.187.155 - - [20/Aug/2023:10:47:13 +0800] "GET /xingrg/javascript/easyui/themes/default/validatebox.css HTTP/1.1" 404 1104
101.228.187.155 - - [20/Aug/2023:10:47:18 +0800] "GET /xingrg/javascript/jquery_tools/images/next.gif HTTP/1.1" 404 1086
101.228.187.155 - - [20/Aug/2023:10:47:18 +0800] "GET /xingrg/javascript/jquery_tools/images/prev.gif HTTP/1.1" 404 1086
120.253.135.82 - - [20/Aug/2023:10:47:22 +0800] "GET /xingrg/all/function/internal_message.html?_=1692499457215&CODE_STATE=getMsg HTTP/1.1" 200 27
180.152.241.196 - - [20/Aug/2023:10:47:23 +0800] "GET /xingrg/all/function/internal_message.html?_=1692499645817&CODE_STATE=getMsg HTTP/1.1" 200 27
101.83.145.37 - - [20/Aug/2023:10:47:25 +0800] "GET /xingrg/kc/base/wldb_order_add.html HTTP/1.1" 200 30498
101.83.145.37 - - [20/Aug/2023:10:47:25 +0800] "POST /xingrg/kc/base/wldb_order_operate.html HTTP/1.1" 200 6806
101.83.145.37 - - [20/Aug/2023:10:47:25 +0800] "GET /xingrg/javascript/easyui/themes/default/validatebox.css HTTP/1.1" 404 1104
222.70.180.200 - - [20/Aug/2023:10:47:27 +0800] "GET /xingrg/all/function/internal_message.html?_=1692499648107&CODE_STATE=getMsg HTTP/1.1" 200 27
101.228.187.155 - - [20/Aug/2023:10:47:29 +0800] "POST /xingrg/all/common/load_select.html HTTP/1.1" 200 25
222.67.237.86 - - [20/Aug/2023:10:47:31 +0800] "GET /xingrg/all/function/internal_message.html?_=1692499102065&CODE_STATE=getMsg HTTP/1.1" 200 27
101.228.187.155 - - [20/Aug/2023:10:47:31 +0800] "GET /xingrg/all/function/internal_message.html?_=1692499651370&CODE_STATE=getMsg HTTP/1.1" 200 27
124.78.155.92 - - [20/Aug/2023:10:47:31 +0800] "GET /xingrg/all/function/internal_message.html?_=1692499651501&CODE_STATE=getMsg HTTP/1.1" 200 27
101.228.187.155 - - [20/Aug/2023:10:47:31 +0800] "GET /xingrg/kc/base/wldb_order_operate.html?command=get_materiel_price&rest_code=00142&base_code=0010185&code=00101010914&unit_code=00100009 HTTP/1.1" 200 35
180.165.48.189 - - [20/Aug/2023:10:47:34 +0800] "GET /xingrg/all/function/internal_message.html?_=1692499653691&CODE_STATE=getMsg HTTP/1.1" 200 27
180.169.147.146 - - [20/Aug/2023:10:47:36 +0800] "GET /xingrg/check_reg.html?_=1692499656895 HTTP/1.1" 200 22
180.169.147.146 - - [20/Aug/2023:10:47:36 +0800] "GET /xingrg/all/function/internal_message.html?_=1692499656897&CODE_STATE=getMsg HTTP/1.1" 200 27
114.95.241.104 - - [20/Aug/2023:10:47:38 +0800] "GET /xingrg/check_reg.html?_=1692499656697 HTTP/1.1" 200 22
114.95.241.104 - - [20/Aug/2023:10:47:38 +0800] "GET /xingrg/all/function/internal_message.html?_=1692499656700&CODE_STATE=getMsg HTTP/1.1" 200 27
222.69.129.152 - - [20/Aug/2023:10:47:40 +0800] "GET /xingrg/all/function/internal_message.html?_=1692499797342&CODE_STATE=getMsg HTTP/1.1" 200 27
180.169.147.146 - - [20/Aug/2023:10:47:43 +0800] "GET /xingrg/all/function/internal_message.html?_=1692499651476&CODE_STATE=getMsg HTTP/1.1" 200 27
114.83.217.94 - - [20/Aug/2023:10:47:43 +0800] "GET /xingrg/all/function/internal_message.html?_=1692499664045&CODE_STATE=getMsg HTTP/1.1" 200 27
180.163.29.206 - - [20/Aug/2023:10:47:45 +0800] "GET /xingrg/all/function/internal_message.html?_=1692499600059&CODE_STATE=getMsg HTTP/1.1" 302 -
180.163.29.206 - - [20/Aug/2023:10:47:45 +0800] "GET /xingrg/login.html HTTP/1.1" 200 7641
124.78.155.92 - - [20/Aug/2023:10:47:45 +0800] "GET /xingrg/all/function/internal_message.html?_=1692499660030&CODE_STATE=getMsg HTTP/1.1" 200 27
222.70.180.200 - - [20/Aug/2023:10:47:48 +0800] "GET /xingrg/kc/buy/cgsh_order_operate.html?command=get_materiel&rest_code=00111&code=00101008041&supplier_code=00100005&order_time=2023-08-20 HTTP/1.1" 200 408
101.83.145.37 - - [20/Aug/2023:10:47:52 +0800] "GET /xingrg/all/function/internal_message.html?_=1692499471651&CODE_STATE=getMsg HTTP/1.1" 200 27
114.95.241.104 - - [20/Aug/2023:10:47:53 +0800] "GET /xingrg/kc/buy/cgsh_order_list.html HTTP/1.1" 200 56188
180.152.241.196 - - [20/Aug/2023:10:47:55 +0800] "GET /xingrg/check_reg.html?_=1692499674993 HTTP/1.1" 200 22
114.95.241.104 - - [20/Aug/2023:10:47:56 +0800] "POST /xingrg/kc/buy/cgsh_list_operate.html HTTP/1.1" 200 986
116.235.244.17 - - [20/Aug/2023:10:47:57 +0800] "GET /xingrg/check_reg.html?_=1692499701244 HTTP/1.1" 200 22
114.95.241.104 - - [20/Aug/2023:10:47:57 +0800] "GET /xingrg/kc/buy/cgsh_order_add.html HTTP/1.1" 200 72008
114.95.241.104 - - [20/Aug/2023:10:47:58 +0800] "POST /xingrg/kc/buy/cgsh_order_operate.html HTTP/1.1" 200 8245
114.95.241.104 - - [20/Aug/2023:10:47:58 +0800] "GET /xingrg/javascript/easyui/themes/default/validatebox.css HTTP/1.1" 404 1104
