180.165.48.189 - - [19/Aug/2023:09:19:13 +0800] "GET /xingrg/kc/buy/cgsh_order_operate.html?command=get_materiel&rest_code=00108&code=00101008674&supplier_code=00100007&order_time=2023-08-19 HTTP/1.1" 200 412
222.69.129.152 - - [19/Aug/2023:09:19:14 +0800] "GET /xingrg/kc/buy/cgsh_order_operate.html?command=get_materiel&rest_code=00154&code=00101008359&supplier_code=00100417&order_time=2023-08-19 HTTP/1.1" 200 408
222.70.180.200 - - [19/Aug/2023:09:19:14 +0800] "POST /xingrg/login.do HTTP/1.1" 302 -
222.70.180.200 - - [19/Aug/2023:09:19:14 +0800] "GET /xingrg/index.html?sysBaseUrl=http%3A%2F%2F180.169.147.146%3A18081%2Fxingrg%2F&costTime=837×tamp=1692407954275 HTTP/1.1" 200 17173
222.70.180.200 - - [19/Aug/2023:09:19:14 +0800] "GET /xingrg/javascript/jquery_easy_ui/themes/default/easyui.css HTTP/1.1" 304 -
222.70.180.200 - - [19/Aug/2023:09:19:14 +0800] "GET /xingrg/css/form.css HTTP/1.1" 304 -
222.70.180.200 - - [19/Aug/2023:09:19:14 +0800] "GET /xingrg/javascript/jquery_easy_ui/themes/icon.css HTTP/1.1" 304 -
222.70.180.200 - - [19/Aug/2023:09:19:14 +0800] "GET /xingrg/javascript/jquery-1.4.2.min.js HTTP/1.1" 304 -
222.70.180.200 - - [19/Aug/2023:09:19:14 +0800] "GET /xingrg/javascript/jquery_easy_ui/jquery.easyui.min.js HTTP/1.1" 304 -
222.70.180.200 - - [19/Aug/2023:09:19:14 +0800] "GET /xingrg/javascript/jquery_easy_ui/easyui-lang-zh_CN.js HTTP/1.1" 304 -
222.70.180.200 - - [19/Aug/2023:09:19:14 +0800] "GET /xingrg/javascript/jquery.utils.js HTTP/1.1" 304 -
222.70.180.200 - - [19/Aug/2023:09:19:14 +0800] "GET /xingrg/javascript/jquery.form.js HTTP/1.1" 304 -
222.70.180.200 - - [19/Aug/2023:09:19:14 +0800] "GET /xingrg/javascript/jquery.timers.js HTTP/1.1" 304 -
222.70.180.200 - - [19/Aug/2023:09:19:14 +0800] "GET /favicon.ico HTTP/1.1" 404 -
222.70.180.200 - - [19/Aug/2023:09:19:14 +0800] "GET /xingrg/images/blue/navBackgound.jpg HTTP/1.1" 304 -
222.70.180.200 - - [19/Aug/2023:09:19:14 +0800] "GET /xingrg/javascript/jquery_easy_ui/themes/icons/settle_new.png HTTP/1.1" 304 -
114.83.216.47 - - [19/Aug/2023:09:19:14 +0800] "GET /xingrg/all/function/internal_message.html?_=1692407952391&CODE_STATE=getMsg HTTP/1.1" 200 27
222.70.180.200 - - [19/Aug/2023:09:19:14 +0800] "POST /xingrg/all/common/load_tree.html?tree=area_rest_tree_json&manage=1 HTTP/1.1" 200 342
222.70.180.200 - - [19/Aug/2023:09:19:14 +0800] "GET /xingrg/all/function/internal_message.html?_=1692407956870&CODE_STATE=count HTTP/1.1" 200 11
222.70.180.200 - - [19/Aug/2023:09:19:14 +0800] "GET /xingrg/images/blue/pingpu.png HTTP/1.1" 304 -
222.70.180.200 - - [19/Aug/2023:09:19:14 +0800] "GET /xingrg/check_reg.html?_=1692407956873 HTTP/1.1" 200 22
222.70.180.200 - - [19/Aug/2023:09:19:14 +0800] "GET /xingrg/javascript/jquery_easy_ui/themes/default/images/tabs_leftarrow.png HTTP/1.1" 304 -
222.70.180.200 - - [19/Aug/2023:09:19:14 +0800] "GET /xingrg/javascript/jquery_easy_ui/themes/default/images/tabs_rightarrow.png HTTP/1.1" 304 -
222.70.180.200 - - [19/Aug/2023:09:19:14 +0800] "GET /xingrg/javascript/jquery_easy_ui/themes/default/images/panel_tool_collapse.gif HTTP/1.1" 304 -
222.70.180.200 - - [19/Aug/2023:09:19:15 +0800] "POST /xingrg/load_menu.html HTTP/1.1" 200 5138
222.70.180.200 - - [19/Aug/2023:09:19:15 +0800] "GET /xingrg/javascript/jquery_easy_ui/themes/default/images/tree_arrows.gif HTTP/1.1" 304 -
222.70.180.200 - - [19/Aug/2023:09:19:15 +0800] "GET /xingrg/javascript/jquery_easy_ui/themes/default/images/tree_folder_open.gif HTTP/1.1" 304 -
222.70.180.200 - - [19/Aug/2023:09:19:15 +0800] "GET /xingrg/javascript/jquery_easy_ui/themes/icons/search_new.png HTTP/1.1" 304 -
222.70.180.200 - - [19/Aug/2023:09:19:15 +0800] "GET /xingrg/javascript/jquery_easy_ui/themes/default/images/tree_folder.gif HTTP/1.1" 304 -
222.70.180.200 - - [19/Aug/2023:09:19:15 +0800] "GET /xingrg/javascript/jquery_easy_ui/themes/icons/storage_new.png HTTP/1.1" 304 -
222.70.180.200 - - [19/Aug/2023:09:19:15 +0800] "GET /xingrg/javascript/jquery_easy_ui/themes/icons/forms_new.png HTTP/1.1" 304 -
222.70.180.200 - - [19/Aug/2023:09:19:15 +0800] "GET /xingrg/javascript/jquery_easy_ui/themes/default/images/tree_file.gif HTTP/1.1" 304 -
222.70.180.200 - - [19/Aug/2023:09:19:19 +0800] "GET /xingrg/kc/buy/buy_main.html HTTP/1.1" 200 12412
222.70.180.200 - - [19/Aug/2023:09:19:19 +0800] "GET /xingrg/javascript/jquery_easy_ui/themes/default/images/tabs_close.gif HTTP/1.1" 304 -
222.70.180.200 - - [19/Aug/2023:09:19:19 +0800] "GET /xingrg/css/new_ie.css HTTP/1.1" 404 1036
222.70.180.200 - - [19/Aug/2023:09:19:19 +0800] "GET /xingrg/css/blue.css HTTP/1.1" 304 -
222.70.180.200 - - [19/Aug/2023:09:19:19 +0800] "GET /xingrg/javascript/pic_change.js HTTP/1.1" 304 -
222.70.180.200 - - [19/Aug/2023:09:19:19 +0800] "GET /xingrg/javascript/ToolTips.js HTTP/1.1" 304 -
222.70.180.200 - - [19/Aug/2023:09:19:19 +0800] "GET /xingrg/javascript/jquery_ui/themes/humanity/humanity.css HTTP/1.1" 304 -
222.70.180.200 - - [19/Aug/2023:09:19:19 +0800] "GET /xingrg/javascript/myfunction.js HTTP/1.1" 304 -
222.70.180.200 - - [19/Aug/2023:09:19:19 +0800] "GET /xingrg/javascript/jquery_ui/jquery-ui.min.js HTTP/1.1" 304 -
222.70.180.200 - - [19/Aug/2023:09:19:19 +0800] "GET /xingrg/images/blue/button/cgxqd.gif HTTP/1.1" 304 -
222.70.180.200 - - [19/Aug/2023:09:19:19 +0800] "GET /xingrg/images/blue/button/cgydd.gif HTTP/1.1" 304 -
222.70.180.200 - - [19/Aug/2023:09:19:19 +0800] "GET /xingrg/images/blue/button/cgshd.gif HTTP/1.1" 304 -
222.70.180.200 - - [19/Aug/2023:09:19:19 +0800] "GET /xingrg/images/blue/button/cgfkd.gif HTTP/1.1" 304 -
222.70.180.200 - - [19/Aug/2023:09:19:19 +0800] "GET /xingrg/images/blue/button/kc.gif HTTP/1.1" 304 -
222.70.180.200 - - [19/Aug/2023:09:19:19 +0800] "GET /xingrg/images/blue/button/ckthd.gif HTTP/1.1" 304 -
222.70.180.200 - - [19/Aug/2023:09:19:19 +0800] "GET /xingrg/images/blue/pic_form2.gif HTTP/1.1" 304 -
222.70.180.200 - - [19/Aug/2023:09:19:19 +0800] "GET /xingrg/javascript/jquery_ui/themes/humanity/images/ui-bg_inset-soft_100_f4f0ec_1x100.png HTTP/1.1" 304 -
222.70.180.200 - - [19/Aug/2023:09:19:19 +0800] "GET /xingrg/images/blue/bg_dotted.jpg HTTP/1.1" 304 -
222.70.180.200 - - [19/Aug/2023:09:19:19 +0800] "GET /xingrg/images/blue/button/right_ah.jpg HTTP/1.1" 304 -
222.70.180.200 - - [19/Aug/2023:09:19:19 +0800] "GET /xingrg/images/blue/button/down_ah.jpg HTTP/1.1" 304 -
222.70.180.200 - - [19/Aug/2023:09:19:19 +0800] "GET /xingrg/javascript/jquery_ui/themes/humanity/images/ui-iconsnew.jpg HTTP/1.1" 304 -
222.70.180.200 - - [19/Aug/2023:09:19:19 +0800] "GET /xingrg/javascript/jquery_ui/themes/humanity/images/ui-icons_ffffff_256x240.png HTTP/1.1" 304 -
222.70.180.200 - - [19/Aug/2023:09:19:19 +0800] "GET /xingrg/javascript/jquery_ui/themes/humanity/images/ui-icons_c47a23_256x240.png HTTP/1.1" 304 -
222.70.180.200 - - [19/Aug/2023:09:19:19 +0800] "GET /xingrg/javascript/jquery_ui/themes/humanity/images/ui-bg_glass_70_ede4d4_1x400.png HTTP/1.1" 304 -
222.70.180.200 - - [19/Aug/2023:09:19:21 +0800] "GET /xingrg/images/yd/bt.gif HTTP/1.1" 404 1040
116.238.191.126 - - [19/Aug/2023:09:19:21 +0800] "GET /xingrg/all/function/internal_message.html?_=1692407959616&CODE_STATE=getMsg HTTP/1.1" 200 27
124.78.155.92 - - [19/Aug/2023:09:19:22 +0800] "GET /xingrg/kc/buy/cgsh_order_operate.html?command=get_materiel&rest_code=00106&code=00101008101&supplier_code=00100007&order_time=2023-08-19 HTTP/1.1" 200 412
222.70.180.200 - - [19/Aug/2023:09:19:22 +0800] "GET /xingrg/kc/buy/cgsh_order_list.html HTTP/1.1" 200 56140
222.70.180.200 - - [19/Aug/2023:09:19:22 +0800] "GET /xingrg/css/base.css HTTP/1.1" 304 -
222.70.180.200 - - [19/Aug/2023:09:19:22 +0800] "GET /xingrg/css/site.css HTTP/1.1" 304 -
222.70.180.200 - - [19/Aug/2023:09:19:22 +0800] "GET /xingrg/javascript/jquery_tools/datebox.css HTTP/1.1" 304 -
222.70.180.200 - - [19/Aug/2023:09:19:22 +0800] "GET /xingrg/javascript/jquery_tools/table.css HTTP/1.1" 304 -
222.70.180.200 - - [19/Aug/2023:09:19:22 +0800] "GET /xingrg/javascript/easyui/themes/icon.css HTTP/1.1" 304 -
222.70.180.200 - - [19/Aug/2023:09:19:22 +0800] "GET /xingrg/javascript/jquery_tools/fix.css HTTP/1.1" 304 -
222.70.180.200 - - [19/Aug/2023:09:19:22 +0800] "GET /xingrg/javascript/easyui/themes/default/easyui.css HTTP/1.1" 304 -
222.70.180.200 - - [19/Aug/2023:09:19:22 +0800] "GET /xingrg/javascript/auto/jquery.autocomplete.css HTTP/1.1" 304 -
222.70.180.200 - - [19/Aug/2023:09:19:22 +0800] "GET /xingrg/javascript/jquery_tools/jquery.tools.min.js HTTP/1.1" 304 -
222.70.180.200 - - [19/Aug/2023:09:19:22 +0800] "GET /xingrg/javascript/jquery_tools/jquery.tools.extend.js HTTP/1.1" 304 -
222.70.180.200 - - [19/Aug/2023:09:19:22 +0800] "GET /xingrg/javascript/jquery_tools/jquery.tools.hotkey.js HTTP/1.1" 304 -
222.70.180.200 - - [19/Aug/2023:09:19:22 +0800] "GET /xingrg/javascript/auto/jquery.autocomplete.js HTTP/1.1" 304 -
222.70.180.200 - - [19/Aug/2023:09:19:22 +0800] "GET /xingrg/javascript/jquery_tools/jquery.tools.table.js HTTP/1.1" 304 -
222.70.180.200 - - [19/Aug/2023:09:19:22 +0800] "GET /xingrg/javascript/jquery_tools/list_manager.js HTTP/1.1" 304 -
222.70.180.200 - - [19/Aug/2023:09:19:22 +0800] "GET /xingrg/javascript/easyui/easyloader.js HTTP/1.1" 304 -
222.70.180.200 - - [19/Aug/2023:09:19:22 +0800] "GET /xingrg/javascript/jquery.cookie.js HTTP/1.1" 304 -
222.70.180.200 - - [19/Aug/2023:09:19:22 +0800] "GET /xingrg/javascript/print/LodopFuncs.js HTTP/1.1" 304 -
222.70.180.200 - - [19/Aug/2023:09:19:23 +0800] "GET /xingrg/javascript/easyui/themes/icons/import_new.png HTTP/1.1" 304 -
222.70.180.200 - - [19/Aug/2023:09:19:23 +0800] "GET /xingrg/javascript/easyui/themes/icons/check_new.png HTTP/1.1" 304 -
222.70.180.200 - - [19/Aug/2023:09:19:23 +0800] "GET /xingrg/javascript/easyui/themes/icons/field_new.png HTTP/1.1" 304 -
222.70.180.200 - - [19/Aug/2023:09:19:23 +0800] "GET /xingrg/javascript/easyui/themes/icons/cance_new.png HTTP/1.1" 304 -
222.70.180.200 - - [19/Aug/2023:09:19:23 +0800] "GET /xingrg/javascript/easyui/themes/icons/edit_add_new.png HTTP/1.1" 304 -
222.70.180.200 - - [19/Aug/2023:09:19:23 +0800] "GET /xingrg/javascript/easyui/plugins/jquery.parser.js HTTP/1.1" 304 -
222.70.180.200 - - [19/Aug/2023:09:19:23 +0800] "GET /xingrg/images/control/ajaxLoader.gif HTTP/1.1" 304 -
180.152.241.196 - - [19/Aug/2023:09:19:23 +0800] "GET /xingrg/all/function/internal_message.html?_=1692407962498&CODE_STATE=getMsg HTTP/1.1" 200 27
180.165.48.189 - - [19/Aug/2023:09:19:23 +0800] "GET /xingrg/kc/buy/cgsh_order_operate.html?command=get_materiel&rest_code=00108&code=00101009015&supplier_code=00100007&order_time=2023-08-19 HTTP/1.1" 200 416
222.69.129.152 - - [19/Aug/2023:09:19:26 +0800] "GET /xingrg/kc/buy/cgsh_order_operate.html?command=get_materiel&rest_code=00154&code=00101008141&supplier_code=00100417&order_time=2023-08-19 HTTP/1.1" 200 412
116.238.191.126 - - [19/Aug/2023:09:19:31 +0800] "GET /xingrg/check_reg.html?_=1692407882745 HTTP/1.1" 200 22
222.70.180.200 - - [19/Aug/2023:09:19:31 +0800] "POST /xingrg/kc/buy/cgsh_list_operate.html HTTP/1.1" 200 2678
180.165.48.189 - - [19/Aug/2023:09:19:32 +0800] "GET /xingrg/kc/buy/cgsh_order_operate.html?command=get_materiel&rest_code=00108&code=00101008061&supplier_code=00100007&order_time=2023-08-19 HTTP/1.1" 200 422
222.69.129.152 - - [19/Aug/2023:09:19:36 +0800] "GET /xingrg/kc/buy/cgsh_order_operate.html?command=get_materiel&rest_code=00154&code=00101008356&supplier_code=00100417&order_time=2023-08-19 HTTP/1.1" 200 409
116.232.195.127 - - [19/Aug/2023:09:19:40 +0800] "GET /xingrg/all/function/internal_message.html?_=1692407903965&CODE_STATE=getMsg HTTP/1.1" 200 27
180.165.48.189 - - [19/Aug/2023:09:19:40 +0800] "GET /xingrg/all/function/internal_message.html?_=1692407980204&CODE_STATE=getMsg HTTP/1.1" 200 27
180.152.241.196 - - [19/Aug/2023:09:19:45 +0800] "POST /xingrg/kc/buy/cgsh_order_operate.html HTTP/1.1" 200 37
180.165.48.189 - - [19/Aug/2023:09:19:47 +0800] "GET /xingrg/kc/buy/cgsh_order_operate.html?command=get_materiel&rest_code=00108&code=00101008558&supplier_code=00100007&order_time=2023-08-19 HTTP/1.1" 200 409
222.69.129.152 - - [19/Aug/2023:09:19:49 +0800] "GET /xingrg/kc/buy/cgsh_order_operate.html?command=get_materiel&rest_code=00154&code=00101008355&supplier_code=00100417&order_time=2023-08-19 HTTP/1.1" 200 408
124.78.155.92 - - [19/Aug/2023:09:19:51 +0800] "GET /xingrg/kc/buy/cgsh_order_operate.html?command=get_materiel&rest_code=00106&code=00101008350&supplier_code=00100007&order_time=2023-08-19 HTTP/1.1" 200 408
101.83.145.37 - - [19/Aug/2023:09:19:52 +0800] "GET /xingrg/check_reg.html?_=1692407993780 HTTP/1.1" 200 22
101.83.145.37 - - [19/Aug/2023:09:19:52 +0800] "GET /xingrg/all/function/internal_message.html?_=1692407993903&CODE_STATE=getMsg HTTP/1.1" 200 27
180.165.48.189 - - [19/Aug/2023:09:19:58 +0800] "GET /xingrg/kc/buy/cgsh_order_operate.html?command=get_materiel&rest_code=00108&code=00101008290&supplier_code=00100007&order_time=2023-08-19 HTTP/1.1" 200 412
180.152.241.196 - - [19/Aug/2023:09:19:58 +0800] "POST /xingrg/kc/buy/cgsh_order_operate.html HTTP/1.1" 200 12
124.78.155.92 - - [19/Aug/2023:09:19:59 +0800] "GET /xingrg/check_reg.html?_=1692407995215 HTTP/1.1" 200 22
124.78.155.92 - - [19/Aug/2023:09:19:59 +0800] "GET /xingrg/all/function/internal_message.html?_=1692407995365&CODE_STATE=getMsg HTTP/1.1" 200 27
180.152.241.196 - - [19/Aug/2023:09:20:04 +0800] "GET /xingrg/kc/buy/cgsh_order_info.html?code=212023081907613 HTTP/1.1" 200 66854
180.152.241.196 - - [19/Aug/2023:09:20:04 +0800] "GET /xingrg/javascript/easyui/themes/default/validatebox.css HTTP/1.1" 404 1104
222.69.129.152 - - [19/Aug/2023:09:20:05 +0800] "GET /xingrg/check_reg.html?_=1692408142272 HTTP/1.1" 200 22
222.69.129.152 - - [19/Aug/2023:09:20:05 +0800] "GET /xingrg/all/function/internal_message.html?_=1692408142274&CODE_STATE=getMsg HTTP/1.1" 200 27
180.152.241.196 - - [19/Aug/2023:09:20:05 +0800] "POST /xingrg/kc/buy/cgsh_order_operate.html HTTP/1.1" 200 6580
116.238.191.126 - - [19/Aug/2023:09:20:06 +0800] "GET /xingrg/all/function/internal_message.html?_=1692407917514&CODE_STATE=getMsg HTTP/1.1" 200 27
180.165.48.189 - - [19/Aug/2023:09:20:11 +0800] "GET /xingrg/kc/buy/cgsh_order_operate.html?command=get_materiel&rest_code=00108&code=00101015022&supplier_code=00100007&order_time=2023-08-19 HTTP/1.1" 200 408
180.152.241.196 - - [19/Aug/2023:09:20:12 +0800] "GET /xingrg/kc/print/load_config.html?kc_code=cgsh HTTP/1.1" 200 1924
180.152.241.196 - - [19/Aug/2023:09:20:12 +0800] "GET /xingrg/kc/print/load_data.html?order_code=212023081907613&kc_code=cgsh&condition= HTTP/1.1" 200 2960
114.83.216.47 - - [19/Aug/2023:09:20:14 +0800] "GET /xingrg/all/function/internal_message.html?_=1692408012387&CODE_STATE=getMsg HTTP/1.1" 200 27
222.70.180.200 - - [19/Aug/2023:09:20:14 +0800] "GET /xingrg/all/function/internal_message.html?_=1692408016877&CODE_STATE=getMsg HTTP/1.1" 200 27
222.70.180.200 - - [19/Aug/2023:09:20:17 +0800] "POST /xingrg/kc/buy/cgsh_list_operate.html HTTP/1.1" 200 570
222.70.180.200 - - [19/Aug/2023:09:20:20 +0800] "GET /xingrg/javascript/jquery_tools/images/next.gif HTTP/1.1" 404 1086
222.70.180.200 - - [19/Aug/2023:09:20:20 +0800] "GET /xingrg/javascript/jquery_tools/images/prev.gif HTTP/1.1" 404 1086
116.238.191.126 - - [19/Aug/2023:09:20:21 +0800] "GET /xingrg/all/function/internal_message.html?_=1692408019617&CODE_STATE=getMsg HTTP/1.1" 200 27
180.165.48.189 - - [19/Aug/2023:09:20:22 +0800] "GET /xingrg/kc/buy/cgsh_order_operate.html?command=get_materiel&rest_code=00108&code=00101020152&supplier_code=00100007&order_time=2023-08-19 HTTP/1.1" 200 416
180.152.241.196 - - [19/Aug/2023:09:20:23 +0800] "GET /xingrg/all/function/internal_message.html?_=1692408022508&CODE_STATE=getMsg HTTP/1.1" 200 27
180.165.48.189 - - [19/Aug/2023:09:20:25 +0800] "POST /xingrg/kc/buy/cgsh_order_operate.html HTTP/1.1" 200 2065
180.165.48.189 - - [19/Aug/2023:09:20:32 +0800] "GET /xingrg/kc/buy/cgsh_order_operate.html?command=get_materiel&rest_code=00108&code=00101009063&supplier_code=00100007&order_time=2023-08-19 HTTP/1.1" 200 410
222.70.180.200 - - [19/Aug/2023:09:20:32 +0800] "GET /xingrg/kc/buy/cgsh_order_info.html?code=212023081907610 HTTP/1.1" 200 71881
222.70.180.200 - - [19/Aug/2023:09:20:32 +0800] "GET /xingrg/javascript/convert.js HTTP/1.1" 304 -
222.70.180.200 - - [19/Aug/2023:09:20:32 +0800] "GET /xingrg/javascript/jquery_tools/order_manager.js HTTP/1.1" 304 -
222.70.180.200 - - [19/Aug/2023:09:20:32 +0800] "GET /xingrg/javascript/json2.js HTTP/1.1" 304 -
222.70.180.200 - - [19/Aug/2023:09:20:32 +0800] "GET /xingrg/javascript/print/kc_print.js HTTP/1.1" 304 -
222.70.180.200 - - [19/Aug/2023:09:20:32 +0800] "GET /xingrg/words/20230818222108_words.js HTTP/1.1" 200 983971
222.70.180.200 - - [19/Aug/2023:09:20:32 +0800] "GET /xingrg/javascript/easyui/themes/icons/copy_new.png HTTP/1.1" 304 -
222.70.180.200 - - [19/Aug/2023:09:20:32 +0800] "GET /xingrg/javascript/easyui/themes/icons/template_new.png HTTP/1.1" 304 -
222.70.180.200 - - [19/Aug/2023:09:20:32 +0800] "GET /xingrg/javascript/easyui/themes/icons/ok.png HTTP/1.1" 304 -
222.70.180.200 - - [19/Aug/2023:09:20:32 +0800] "GET /xingrg/javascript/easyui/themes/icons/print.png HTTP/1.1" 304 -
222.70.180.200 - - [19/Aug/2023:09:20:32 +0800] "GET /xingrg/javascript/easyui/themes/icons/cancel.png HTTP/1.1" 304 -
222.70.180.200 - - [19/Aug/2023:09:20:32 +0800] "GET /xingrg/javascript/easyui/themes/default/images/menu_downarrow.png HTTP/1.1" 304 -
222.70.180.200 - - [19/Aug/2023:09:20:33 +0800] "GET /xingrg/javascript/easyui/themes/default/validatebox.css HTTP/1.1" 404 1104
222.70.180.200 - - [19/Aug/2023:09:20:33 +0800] "GET /xingrg/javascript/easyui/plugins/jquery.validatebox.js HTTP/1.1" 304 -
222.70.180.200 - - [19/Aug/2023:09:20:33 +0800] "GET /xingrg/javascript/easyui/plugins/jquery.numberbox.js HTTP/1.1" 304 -
222.70.180.200 - - [19/Aug/2023:09:20:33 +0800] "GET /xingrg/all/common/auto_word.html?type=employee&rest_code=00111 HTTP/1.1" 200 201
222.70.180.200 - - [19/Aug/2023:09:20:33 +0800] "GET /xingrg/all/common/auto_word.html?type=employee&rest_code=00111 HTTP/1.1" 200 201
124.78.155.92 - - [19/Aug/2023:09:20:33 +0800] "POST /xingrg/kc/buy/cgsh_order_operate.html HTTP/1.1" 200 2065
222.70.180.200 - - [19/Aug/2023:09:20:34 +0800] "POST /xingrg/kc/buy/cgsh_order_operate.html HTTP/1.1" 200 7401
222.70.180.200 - - [19/Aug/2023:09:20:35 +0800] "GET /xingrg/javascript/easyui/themes/icons/edit_remove.png HTTP/1.1" 304 -
124.78.155.92 - - [19/Aug/2023:09:20:39 +0800] "GET /xingrg/kc/buy/cgsh_order_operate.html?command=get_materiel&rest_code=00106&code=00101020082&supplier_code=00100007&order_time=2023-08-19 HTTP/1.1" 200 409
222.69.129.152 - - [19/Aug/2023:09:20:39 +0800] "GET /xingrg/kc/buy/cgsh_order_operate.html?command=get_materiel&rest_code=00154&code=00101008286&supplier_code=00100417&order_time=2023-08-19 HTTP/1.1" 200 408
116.232.195.127 - - [19/Aug/2023:09:20:40 +0800] "GET /xingrg/all/function/internal_message.html?_=1692407963948&CODE_STATE=getMsg HTTP/1.1" 200 27
180.165.48.189 - - [19/Aug/2023:09:20:40 +0800] "GET /xingrg/check_reg.html?_=1692408040197 HTTP/1.1" 200 22
180.165.48.189 - - [19/Aug/2023:09:20:40 +0800] "GET /xingrg/all/function/internal_message.html?_=1692408040200&CODE_STATE=getMsg HTTP/1.1" 200 27
180.165.48.189 - - [19/Aug/2023:09:20:44 +0800] "GET /xingrg/kc/buy/cgsh_order_operate.html?command=get_materiel&rest_code=00108&code=00101008150&supplier_code=00100007&order_time=2023-08-19 HTTP/1.1" 200 409
180.152.241.196 - - [19/Aug/2023:09:20:52 +0800] "GET /xingrg/kc/buy/cgsh_order_add.html HTTP/1.1" 200 71957
101.83.145.37 - - [19/Aug/2023:09:20:52 +0800] "GET /xingrg/all/function/internal_message.html?_=1692408053889&CODE_STATE=getMsg HTTP/1.1" 200 27
180.152.241.196 - - [19/Aug/2023:09:20:52 +0800] "POST /xingrg/kc/buy/cgsh_order_operate.html HTTP/1.1" 200 8245
180.152.241.196 - - [19/Aug/2023:09:20:52 +0800] "GET /xingrg/javascript/easyui/themes/default/validatebox.css HTTP/1.1" 404 1104
116.232.195.127 - - [19/Aug/2023:09:20:53 +0800] "GET /xingrg/check_reg.html?_=1692407977254 HTTP/1.1" 200 22
124.78.155.92 - - [19/Aug/2023:09:20:59 +0800] "GET /xingrg/all/function/internal_message.html?_=1692408055343&CODE_STATE=getMsg HTTP/1.1" 200 27
222.69.129.152 - - [19/Aug/2023:09:21:00 +0800] "GET /xingrg/kc/buy/cgsh_order_operate.html?command=get_materiel&rest_code=00154&code=00101008155&supplier_code=00100417&order_time=2023-08-19 HTTP/1.1" 200 408
124.78.155.92 - - [19/Aug/2023:09:21:05 +0800] "GET /xingrg/kc/buy/cgsh_order_operate.html?command=get_materiel&rest_code=00106&code=00101008229&supplier_code=00100007&order_time=2023-08-19 HTTP/1.1" 200 420
222.69.129.152 - - [19/Aug/2023:09:21:05 +0800] "GET /xingrg/all/function/internal_message.html?_=1692408202282&CODE_STATE=getMsg HTTP/1.1" 200 27
116.238.191.126 - - [19/Aug/2023:09:21:06 +0800] "GET /xingrg/all/function/internal_message.html?_=1692407977526&CODE_STATE=getMsg HTTP/1.1" 200 27
180.152.241.196 - - [19/Aug/2023:09:21:06 +0800] "GET /xingrg/javascript/easyui/plugins/jquery.draggable.js HTTP/1.1" 200 6121
180.152.241.196 - - [19/Aug/2023:09:21:06 +0800] "GET /xingrg/css/images/panel_loading.gif HTTP/1.1" 200 1737
180.152.241.196 - - [19/Aug/2023:09:21:06 +0800] "GET /xingrg/javascript/easyui/plugins/jquery.droppable.js HTTP/1.1" 200 1167
180.152.241.196 - - [19/Aug/2023:09:21:06 +0800] "GET /xingrg/javascript/easyui/plugins/jquery.tree.js HTTP/1.1" 200 20874
180.152.241.196 - - [19/Aug/2023:09:21:06 +0800] "GET /xingrg/javascript/easyui/themes/default/tree.css HTTP/1.1" 404 1090
180.152.241.196 - - [19/Aug/2023:09:21:07 +0800] "POST /xingrg/all/common/load_tree.html?tree=supplier_tree_json&isDelete=1 HTTP/1.1" 200 74915
180.152.241.196 - - [19/Aug/2023:09:21:08 +0800] "GET /xingrg/javascript/easyui/themes/default/images/tree_folder_open.gif HTTP/1.1" 200 956
180.152.241.196 - - [19/Aug/2023:09:21:08 +0800] "GET /xingrg/javascript/easyui/themes/default/images/tree_folder.gif HTTP/1.1" 200 952
180.152.241.196 - - [19/Aug/2023:09:21:08 +0800] "GET /xingrg/javascript/easyui/themes/default/images/tree_arrows.gif HTTP/1.1" 200 617
180.152.241.196 - - [19/Aug/2023:09:21:08 +0800] "GET /xingrg/javascript/easyui/themes/default/images/tree_file.gif HTTP/1.1" 200 118
222.69.129.152 - - [19/Aug/2023:09:21:11 +0800] "GET /xingrg/kc/buy/cgsh_order_operate.html?command=get_materiel&rest_code=00154&code=00101008261&supplier_code=00100417&order_time=2023-08-19 HTTP/1.1" 200 408
114.83.216.47 - - [19/Aug/2023:09:21:14 +0800] "GET /xingrg/all/function/internal_message.html?_=1692408072388&CODE_STATE=getMsg HTTP/1.1" 200 27
222.70.180.200 - - [19/Aug/2023:09:21:14 +0800] "GET /xingrg/all/function/internal_message.html?_=1692408076882&CODE_STATE=getMsg HTTP/1.1" 200 27
116.238.191.126 - - [19/Aug/2023:09:21:21 +0800] "GET /xingrg/all/function/internal_message.html?_=1692408079618&CODE_STATE=getMsg HTTP/1.1" 200 27
180.152.241.196 - - [19/Aug/2023:09:21:22 +0800] "GET /xingrg/kc/buy/cgsh_order_operate.html?command=get_materiel&rest_code=00102&code=00101015022&supplier_code=00100054&order_time=2023-08-19 HTTP/1.1" 200 408
180.152.241.196 - - [19/Aug/2023:09:21:23 +0800] "GET /xingrg/all/function/internal_message.html?_=1692408082493&CODE_STATE=getMsg HTTP/1.1" 200 27
222.69.129.152 - - [19/Aug/2023:09:21:23 +0800] "GET /xingrg/kc/buy/cgsh_order_operate.html?command=get_materiel&rest_code=00154&code=00101008024&supplier_code=00100417&order_time=2023-08-19 HTTP/1.1" 200 408
180.152.241.196 - - [19/Aug/2023:09:21:36 +0800] "GET /xingrg/kc/buy/cgsh_order_operate.html?command=get_materiel&rest_code=00102&code=00101015021&supplier_code=00100054&order_time=2023-08-19 HTTP/1.1" 200 408
222.69.129.152 - - [19/Aug/2023:09:21:36 +0800] "GET /xingrg/kc/buy/cgsh_order_operate.html?command=get_materiel&rest_code=00154&code=00101008264&supplier_code=00100417&order_time=2023-08-19 HTTP/1.1" 200 412
180.165.48.189 - - [19/Aug/2023:09:21:39 +0800] "GET /xingrg/kc/buy/cgsh_order_operate.html?command=get_materiel&rest_code=00108&code=00101009066&supplier_code=00100007&order_time=2023-08-19 HTTP/1.1" 200 416
116.232.195.127 - - [19/Aug/2023:09:21:39 +0800] "GET /xingrg/all/function/internal_message.html?_=1692408023937&CODE_STATE=getMsg HTTP/1.1" 200 27
180.165.48.189 - - [19/Aug/2023:09:21:40 +0800] "GET /xingrg/all/function/internal_message.html?_=1692408100212&CODE_STATE=getMsg HTTP/1.1" 200 27
124.78.155.92 - - [19/Aug/2023:09:21:46 +0800] "POST /xingrg/kc/buy/cgsh_order_operate.html HTTP/1.1" 200 37
180.165.48.189 - - [19/Aug/2023:09:21:49 +0800] "GET /xingrg/kc/buy/cgsh_order_operate.html?command=get_materiel&rest_code=00108&code=00101008210&supplier_code=00100007&order_time=2023-08-19 HTTP/1.1" 200 408
180.152.241.196 - - [19/Aug/2023:09:21:49 +0800] "GET /xingrg/kc/buy/cgsh_order_operate.html?command=get_materiel&rest_code=00102&code=00101015017&supplier_code=00100054&order_time=2023-08-19 HTTP/1.1" 200 412
101.83.145.37 - - [19/Aug/2023:09:21:52 +0800] "GET /xingrg/all/function/internal_message.html?_=1692408113858&CODE_STATE=getMsg HTTP/1.1" 200 27
180.152.241.196 - - [19/Aug/2023:09:21:59 +0800] "GET /xingrg/kc/buy/cgsh_order_operate.html?command=get_materiel&rest_code=00102&code=00101015040&supplier_code=00100054&order_time=2023-08-19 HTTP/1.1" 200 408
222.69.129.152 - - [19/Aug/2023:09:22:05 +0800] "GET /xingrg/all/function/internal_message.html?_=1692408262271&CODE_STATE=getMsg HTTP/1.1" 200 27
116.238.191.126 - - [19/Aug/2023:09:22:06 +0800] "GET /xingrg/all/function/internal_message.html?_=1692408037599&CODE_STATE=getMsg HTTP/1.1" 200 27
114.83.216.47 - - [19/Aug/2023:09:22:07 +0800] "POST /xingrg/services/DataTransmitService HTTP/1.1" 200 524
114.83.216.47 - - [19/Aug/2023:09:22:07 +0800] "POST /xingrg/services/DataTransmitService HTTP/1.1" 200 2067
180.152.241.196 - - [19/Aug/2023:09:22:08 +0800] "GET /xingrg/kc/buy/cgsh_order_operate.html?command=get_materiel&rest_code=00102&code=00101015001&supplier_code=00100054&order_time=2023-08-19 HTTP/1.1" 200 412
114.83.216.47 - - [19/Aug/2023:09:22:14 +0800] "GET /xingrg/all/function/internal_message.html?_=1692408132402&CODE_STATE=getMsg HTTP/1.1" 200 27
114.83.216.47 - - [19/Aug/2023:09:22:14 +0800] "GET /xingrg/check_reg.html?_=1692408132406 HTTP/1.1" 200 22
222.70.180.200 - - [19/Aug/2023:09:22:15 +0800] "GET /xingrg/all/function/internal_message.html?_=1692408136888&CODE_STATE=getMsg HTTP/1.1" 200 27
180.152.241.196 - - [19/Aug/2023:09:22:18 +0800] "POST /xingrg/kc/buy/cgsh_order_operate.html HTTP/1.1" 200 37
180.165.48.189 - - [19/Aug/2023:09:22:20 +0800] "GET /xingrg/kc/buy/cgsh_order_operate.html?command=get_materiel&rest_code=00108&code=00101008321&supplier_code=00100007&order_time=2023-08-19 HTTP/1.1" 200 412
114.83.216.47 - - [19/Aug/2023:09:22:20 +0800] "GET /xingrg/kc/buy/cgsh_order_operate.html?command=get_materiel&rest_code=00149&code=00101004051&supplier_code=00100083&order_time=2023-08-19 HTTP/1.1" 200 408
116.238.191.126 - - [19/Aug/2023:09:22:21 +0800] "GET /xingrg/all/function/internal_message.html?_=1692408139620&CODE_STATE=getMsg HTTP/1.1" 200 27
180.165.48.189 - - [19/Aug/2023:09:22:23 +0800] "POST /xingrg/kc/buy/cgsh_order_operate.html HTTP/1.1" 200 2065
180.152.241.196 - - [19/Aug/2023:09:22:32 +0800] "POST /xingrg/kc/buy/cgsh_order_operate.html HTTP/1.1" 200 12
114.83.216.47 - - [19/Aug/2023:09:22:34 +0800] "GET /xingrg/kc/buy/cgsh_order_operate.html?command=get_materiel&rest_code=00149&code=00101004017&supplier_code=00100083&order_time=2023-08-19 HTTP/1.1" 200 413
180.152.241.196 - - [19/Aug/2023:09:22:35 +0800] "GET /xingrg/kc/buy/cgsh_order_info.html?code=212023081907614 HTTP/1.1" 200 66862
180.152.241.196 - - [19/Aug/2023:09:22:35 +0800] "GET /xingrg/javascript/easyui/themes/default/validatebox.css HTTP/1.1" 404 1104
180.165.48.189 - - [19/Aug/2023:09:22:35 +0800] "GET /xingrg/kc/buy/cgsh_order_operate.html?command=get_materiel&rest_code=00108&code=00101008261&supplier_code=00100007&order_time=2023-08-19 HTTP/1.1" 200 408
180.152.241.196 - - [19/Aug/2023:09:22:36 +0800] "POST /xingrg/kc/buy/cgsh_order_operate.html HTTP/1.1" 200 2949
116.232.195.127 - - [19/Aug/2023:09:22:39 +0800] "GET /xingrg/all/function/internal_message.html?_=1692408083923&CODE_STATE=getMsg HTTP/1.1" 200 27
180.152.241.196 - - [19/Aug/2023:09:22:40 +0800] "GET /xingrg/kc/print/load_data.html?order_code=212023081907614&kc_code=cgsh&condition= HTTP/1.1" 200 1551
180.165.48.189 - - [19/Aug/2023:09:22:40 +0800] "GET /xingrg/all/function/internal_message.html?_=1692408160215&CODE_STATE=getMsg HTTP/1.1" 200 27
222.69.129.152 - - [19/Aug/2023:09:22:44 +0800] "GET /xingrg/kc/buy/cgsh_order_operate.html?command=get_materiel&rest_code=00154&code=00101008321&supplier_code=00100417&order_time=2023-08-19 HTTP/1.1" 200 412
114.83.216.47 - - [19/Aug/2023:09:22:45 +0800] "GET /xingrg/kc/buy/cgsh_order_operate.html?command=get_materiel&rest_code=00149&code=00101005055&supplier_code=00100083&order_time=2023-08-19 HTTP/1.1" 200 406
101.83.145.37 - - [19/Aug/2023:09:22:52 +0800] "GET /xingrg/all/function/internal_message.html?_=1692408173834&CODE_STATE=getMsg HTTP/1.1" 200 27
114.83.216.47 - - [19/Aug/2023:09:22:58 +0800] "POST /xingrg/kc/buy/cgsh_order_operate.html HTTP/1.1" 200 37
180.165.48.189 - - [19/Aug/2023:09:23:01 +0800] "GET /xingrg/kc/buy/cgsh_order_operate.html?command=get_materiel&rest_code=00108&code=00101008049&supplier_code=00100007&order_time=2023-08-19 HTTP/1.1" 200 408
124.78.155.92 - - [19/Aug/2023:09:23:02 +0800] "POST /xingrg/services/DataTransmitService HTTP/1.1" 200 524
114.83.216.47 - - [19/Aug/2023:09:23:05 +0800] "POST /xingrg/kc/buy/cgsh_order_operate.html HTTP/1.1" 200 12
222.69.129.152 - - [19/Aug/2023:09:23:05 +0800] "GET /xingrg/all/function/internal_message.html?_=1692408322269&CODE_STATE=getMsg HTTP/1.1" 200 27
116.238.191.126 - - [19/Aug/2023:09:23:06 +0800] "GET /xingrg/all/function/internal_message.html?_=1692408097600&CODE_STATE=getMsg HTTP/1.1" 200 27
222.69.129.152 - - [19/Aug/2023:09:23:08 +0800] "GET /xingrg/kc/buy/cgsh_order_operate.html?command=get_materiel&rest_code=00154&code=00101008092&supplier_code=00100417&order_time=2023-08-19 HTTP/1.1" 200 412
180.165.48.189 - - [19/Aug/2023:09:23:14 +0800] "GET /xingrg/kc/buy/cgsh_order_operate.html?command=get_materiel&rest_code=00108&code=00101008163&supplier_code=00100007&order_time=2023-08-19 HTTP/1.1" 200 409
222.70.180.200 - - [19/Aug/2023:09:23:15 +0800] "GET /xingrg/all/function/internal_message.html?_=1692408196891&CODE_STATE=getMsg HTTP/1.1" 200 27
114.83.216.47 - - [19/Aug/2023:09:23:17 +0800] "GET /xingrg/kc/buy/cgsh_order_info.html?code=212023081907615 HTTP/1.1" 200 66917
114.83.216.47 - - [19/Aug/2023:09:23:18 +0800] "GET /xingrg/javascript/easyui/themes/default/validatebox.css HTTP/1.1" 404 1104
114.83.216.47 - - [19/Aug/2023:09:23:19 +0800] "POST /xingrg/kc/buy/cgsh_order_operate.html HTTP/1.1" 200 1787
116.238.191.126 - - [19/Aug/2023:09:23:21 +0800] "GET /xingrg/all/function/internal_message.html?_=1692408199640&CODE_STATE=getMsg HTTP/1.1" 200 27
116.238.191.126 - - [19/Aug/2023:09:23:21 +0800] "GET /xingrg/check_reg.html?_=1692408199644 HTTP/1.1" 200 22
222.70.180.200 - - [19/Aug/2023:09:23:22 +0800] "GET /xingrg/javascript/auto/indicator.gif HTTP/1.1" 404 1066
180.152.241.196 - - [19/Aug/2023:09:23:23 +0800] "GET /xingrg/all/function/internal_message.html?_=1692408202501&CODE_STATE=getMsg HTTP/1.1" 200 27
180.152.241.196 - - [19/Aug/2023:09:23:23 +0800] "GET /xingrg/check_reg.html?_=1692408202504 HTTP/1.1" 200 22
222.70.180.200 - - [19/Aug/2023:09:23:29 +0800] "GET /xingrg/kc/buy/cgsh_order_operate.html?command=get_materiel&rest_code=00111&code=00101008004&supplier_code=00100005&order_time=2023-08-19 HTTP/1.1" 200 416
222.69.129.152 - - [19/Aug/2023:09:23:34 +0800] "POST /xingrg/kc/buy/cgsh_order_operate.html HTTP/1.1" 200 37
114.83.216.47 - - [19/Aug/2023:09:23:35 +0800] "GET /xingrg/kc/print/load_data.html?order_code=212023081907615&kc_code=cgsh&condition= HTTP/1.1" 200 1169
180.165.48.189 - - [19/Aug/2023:09:23:36 +0800] "GET /xingrg/kc/buy/cgsh_order_operate.html?command=get_materiel&rest_code=00108&code=00101008339&supplier_code=00100007&order_time=2023-08-19 HTTP/1.1" 200 412
116.232.195.127 - - [19/Aug/2023:09:23:39 +0800] "GET /xingrg/all/function/internal_message.html?_=1692408143907&CODE_STATE=getMsg HTTP/1.1" 200 27
180.165.48.189 - - [19/Aug/2023:09:23:40 +0800] "GET /xingrg/all/function/internal_message.html?_=1692408220219&CODE_STATE=getMsg HTTP/1.1" 200 27
222.69.129.152 - - [19/Aug/2023:09:23:43 +0800] "POST /xingrg/kc/buy/cgsh_order_operate.html HTTP/1.1" 200 12
222.69.129.152 - - [19/Aug/2023:09:23:46 +0800] "GET /xingrg/kc/buy/cgsh_order_info.html?code=212023081907616 HTTP/1.1" 200 66037
222.69.129.152 - - [19/Aug/2023:09:23:47 +0800] "GET /xingrg/javascript/easyui/themes/default/validatebox.css HTTP/1.1" 404 1104
222.69.129.152 - - [19/Aug/2023:09:23:48 +0800] "POST /xingrg/kc/buy/cgsh_order_operate.html HTTP/1.1" 200 7659
222.69.129.152 - - [19/Aug/2023:09:23:49 +0800] "GET /xingrg/kc/print/load_config.html?kc_code=cgsh HTTP/1.1" 200 1924
222.69.129.152 - - [19/Aug/2023:09:23:50 +0800] "GET /xingrg/kc/print/load_data.html?order_code=212023081907616&kc_code=cgsh&condition= HTTP/1.1" 200 3356
180.165.48.189 - - [19/Aug/2023:09:23:50 +0800] "GET /xingrg/kc/buy/cgsh_order_operate.html?command=get_materiel&rest_code=00108&code=00101008354&supplier_code=00100007&order_time=2023-08-19 HTTP/1.1" 200 412
101.83.145.37 - - [19/Aug/2023:09:23:52 +0800] "GET /xingrg/all/function/internal_message.html?_=1692408233803&CODE_STATE=getMsg HTTP/1.1" 200 27
222.69.129.152 - - [19/Aug/2023:09:24:05 +0800] "GET /xingrg/all/function/internal_message.html?_=1692408382292&CODE_STATE=getMsg HTTP/1.1" 200 27
116.238.191.126 - - [19/Aug/2023:09:24:06 +0800] "GET /xingrg/all/function/internal_message.html?_=1692408157675&CODE_STATE=getMsg HTTP/1.1" 200 27
114.83.216.47 - - [19/Aug/2023:09:24:14 +0800] "GET /xingrg/all/function/internal_message.html?_=1692408252411&CODE_STATE=getMsg HTTP/1.1" 200 27
222.70.180.200 - - [19/Aug/2023:09:24:15 +0800] "GET /xingrg/check_reg.html?_=1692408256881 HTTP/1.1" 200 22
222.70.180.200 - - [19/Aug/2023:09:24:15 +0800] "GET /xingrg/all/function/internal_message.html?_=1692408256887&CODE_STATE=getMsg HTTP/1.1" 200 27
114.83.216.47 - - [19/Aug/2023:09:24:21 +0800] "GET /xingrg/kc/buy/cgsh_order_add.html HTTP/1.1" 200 72010
114.83.216.47 - - [19/Aug/2023:09:24:21 +0800] "POST /xingrg/kc/buy/cgsh_order_operate.html HTTP/1.1" 200 8245
114.83.216.47 - - [19/Aug/2023:09:24:21 +0800] "GET /xingrg/javascript/easyui/themes/default/validatebox.css HTTP/1.1" 404 1104
116.238.191.126 - - [19/Aug/2023:09:24:21 +0800] "GET /xingrg/all/function/internal_message.html?_=1692408259643&CODE_STATE=getMsg HTTP/1.1" 200 27
180.152.241.196 - - [19/Aug/2023:09:24:23 +0800] "GET /xingrg/all/function/internal_message.html?_=1692408262488&CODE_STATE=getMsg HTTP/1.1" 200 27
222.69.129.152 - - [19/Aug/2023:09:24:28 +0800] "GET /xingrg/kc/buy/cgsh_order_add.html HTTP/1.1" 200 71126
222.69.129.152 - - [19/Aug/2023:09:24:29 +0800] "POST /xingrg/kc/buy/cgsh_order_operate.html HTTP/1.1" 200 8245
222.69.129.152 - - [19/Aug/2023:09:24:29 +0800] "GET /xingrg/javascript/easyui/themes/default/validatebox.css HTTP/1.1" 404 1104
116.238.191.126 - - [19/Aug/2023:09:24:31 +0800] "GET /xingrg/check_reg.html?_=1692408182747 HTTP/1.1" 200 22
116.232.195.127 - - [19/Aug/2023:09:24:39 +0800] "GET /xingrg/all/function/internal_message.html?_=1692408203904&CODE_STATE=getMsg HTTP/1.1" 200 27
180.165.48.189 - - [19/Aug/2023:09:24:40 +0800] "GET /xingrg/all/function/internal_message.html?_=1692408280222&CODE_STATE=getMsg HTTP/1.1" 200 27
114.83.216.47 - - [19/Aug/2023:09:24:45 +0800] "GET /xingrg/kc/buy/cgsh_order_operate.html?command=get_materiel&rest_code=00149&code=00101016097&supplier_code=00100573&order_time=2023-08-19 HTTP/1.1" 200 470
101.83.145.37 - - [19/Aug/2023:09:24:52 +0800] "GET /xingrg/check_reg.html?_=1692408293783 HTTP/1.1" 200 22
101.83.145.37 - - [19/Aug/2023:09:24:52 +0800] "GET /xingrg/all/function/internal_message.html?_=1692408293785&CODE_STATE=getMsg HTTP/1.1" 200 27
114.83.216.47 - - [19/Aug/2023:09:24:53 +0800] "POST /xingrg/services/DataTransmitService HTTP/1.1" 401 565
114.83.216.47 - - [19/Aug/2023:09:24:53 +0800] "POST /xingrg/services/DataTransmitService HTTP/1.1" 200 478
114.83.216.47 - - [19/Aug/2023:09:24:53 +0800] "POST /xingrg/services/DataTransmitService HTTP/1.1" 200 1319
114.83.216.47 - - [19/Aug/2023:09:24:53 +0800] "POST /xingrg/services/DataTransmitService HTTP/1.1" 200 478
114.83.216.47 - - [19/Aug/2023:09:24:54 +0800] "POST /xingrg/services/DataTransmitService HTTP/1.1" 200 1319
114.83.216.47 - - [19/Aug/2023:09:24:54 +0800] "POST /xingrg/services/DataTransmitService HTTP/1.1" 200 524
114.83.216.47 - - [19/Aug/2023:09:24:54 +0800] "POST /xingrg/services/DataTransmitService HTTP/1.1" 200 2067
114.83.216.47 - - [19/Aug/2023:09:24:54 +0800] "POST /xingrg/services/DataTransmitService HTTP/1.1" 200 45454
114.83.216.47 - - [19/Aug/2023:09:24:55 +0800] "POST /xingrg/services/DataTransmitService HTTP/1.1" 200 19237
114.83.216.47 - - [19/Aug/2023:09:25:01 +0800] "POST /xingrg/services/DataTransmitService HTTP/1.1" 200 524
114.83.216.47 - - [19/Aug/2023:09:25:02 +0800] "POST /xingrg/services/DataTransmitService HTTP/1.1" 200 2067
222.69.129.152 - - [19/Aug/2023:09:25:05 +0800] "GET /xingrg/check_reg.html?_=1692408442281 HTTP/1.1" 200 22
222.69.129.152 - - [19/Aug/2023:09:25:05 +0800] "GET /xingrg/all/function/internal_message.html?_=1692408442283&CODE_STATE=getMsg HTTP/1.1" 200 27
116.238.191.126 - - [19/Aug/2023:09:25:06 +0800] "GET /xingrg/all/function/internal_message.html?_=1692408217690&CODE_STATE=getMsg HTTP/1.1" 200 27
114.83.216.47 - - [19/Aug/2023:09:25:09 +0800] "POST /xingrg/services/DataTransmitService HTTP/1.1" 200 524
114.83.216.47 - - [19/Aug/2023:09:25:14 +0800] "GET /xingrg/all/function/internal_message.html?_=1692408312394&CODE_STATE=getMsg HTTP/1.1" 200 27
222.70.180.200 - - [19/Aug/2023:09:25:15 +0800] "GET /xingrg/all/function/internal_message.html?_=1692408316887&CODE_STATE=getMsg HTTP/1.1" 200 27
180.165.48.189 - - [19/Aug/2023:09:25:20 +0800] "POST /xingrg/kc/buy/cgsh_order_operate.html HTTP/1.1" 200 2065
116.238.191.126 - - [19/Aug/2023:09:25:21 +0800] "GET /xingrg/all/function/internal_message.html?_=1692408319649&CODE_STATE=getMsg HTTP/1.1" 200 27
222.70.180.200 - - [19/Aug/2023:09:25:23 +0800] "GET /xingrg/kc/buy/cgsh_order_operate.html?command=get_materiel&rest_code=00111&code=00101019845&supplier_code=00100005&order_time=2023-08-19 HTTP/1.1" 200 409
180.152.241.196 - - [19/Aug/2023:09:25:23 +0800] "GET /xingrg/all/function/internal_message.html?_=1692408322464&CODE_STATE=getMsg HTTP/1.1" 200 27
180.165.48.189 - - [19/Aug/2023:09:25:28 +0800] "GET /xingrg/kc/buy/cgsh_order_operate.html?command=get_materiel&rest_code=00108&code=00101008264&supplier_code=00100007&order_time=2023-08-19 HTTP/1.1" 200 412
180.165.48.189 - - [19/Aug/2023:09:25:38 +0800] "GET /xingrg/kc/buy/cgsh_order_operate.html?command=get_materiel&rest_code=00108&code=00101008148&supplier_code=00100007&order_time=2023-08-19 HTTP/1.1" 200 416
114.83.216.47 - - [19/Aug/2023:09:25:39 +0800] "GET /xingrg/kc/buy/cgsh_order_operate.html?command=get_materiel&rest_code=00149&code=00101016037&supplier_code=00100573&order_time=2023-08-19 HTTP/1.1" 200 451
116.232.195.127 - - [19/Aug/2023:09:25:39 +0800] "GET /xingrg/all/function/internal_message.html?_=1692408263881&CODE_STATE=getMsg HTTP/1.1" 200 27
180.165.48.189 - - [19/Aug/2023:09:25:40 +0800] "GET /xingrg/check_reg.html?_=1692408340210 HTTP/1.1" 200 22
180.165.48.189 - - [19/Aug/2023:09:25:40 +0800] "GET /xingrg/all/function/internal_message.html?_=1692408340213&CODE_STATE=getMsg HTTP/1.1" 200 27
180.165.48.189 - - [19/Aug/2023:09:25:52 +0800] "POST /xingrg/kc/buy/cgsh_order_operate.html HTTP/1.1" 200 37
101.83.145.37 - - [19/Aug/2023:09:25:52 +0800] "GET /xingrg/all/function/internal_message.html?_=1692408353786&CODE_STATE=getMsg HTTP/1.1" 200 27
116.232.195.127 - - [19/Aug/2023:09:25:53 +0800] "GET /xingrg/check_reg.html?_=1692408277248 HTTP/1.1" 200 22
180.165.48.189 - - [19/Aug/2023:09:25:54 +0800] "POST /xingrg/kc/buy/cgsh_order_operate.html HTTP/1.1" 200 20428
222.70.180.200 - - [19/Aug/2023:09:25:55 +0800] "POST /xingrg/all/common/load_select.html HTTP/1.1" 200 12
180.165.48.189 - - [19/Aug/2023:09:26:05 +0800] "GET /xingrg/kc/buy/cgsh_order_operate.html?command=get_materiel&rest_code=00108&code=00101008357&supplier_code=00100007&order_time=2023-08-19 HTTP/1.1" 200 408
222.69.129.152 - - [19/Aug/2023:09:26:05 +0800] "GET /xingrg/all/function/internal_message.html?_=1692408502274&CODE_STATE=getMsg HTTP/1.1" 200 27
116.238.191.126 - - [19/Aug/2023:09:26:06 +0800] "GET /xingrg/all/function/internal_message.html?_=1692408277704&CODE_STATE=getMsg HTTP/1.1" 200 27
114.83.216.47 - - [19/Aug/2023:09:26:13 +0800] "POST /xingrg/kc/buy/cgsh_order_operate.html HTTP/1.1" 200 37
222.70.180.200 - - [19/Aug/2023:09:26:15 +0800] "GET /xingrg/all/function/internal_message.html?_=1692408376884&CODE_STATE=getMsg HTTP/1.1" 200 27
180.165.48.189 - - [19/Aug/2023:09:26:18 +0800] "GET /xingrg/kc/buy/cgsh_order_operate.html?command=get_materiel&rest_code=00108&code=00101008080&supplier_code=00100007&order_time=2023-08-19 HTTP/1.1" 200 416
114.83.216.47 - - [19/Aug/2023:09:26:20 +0800] "POST /xingrg/kc/buy/cgsh_order_operate.html HTTP/1.1" 200 12
116.238.191.126 - - [19/Aug/2023:09:26:21 +0800] "GET /xingrg/all/function/internal_message.html?_=1692408379651&CODE_STATE=getMsg HTTP/1.1" 200 27
180.152.241.196 - - [19/Aug/2023:09:26:23 +0800] "GET /xingrg/all/function/internal_message.html?_=1692408382440&CODE_STATE=getMsg HTTP/1.1" 200 27
114.83.216.47 - - [19/Aug/2023:09:26:23 +0800] "GET /xingrg/kc/buy/cgsh_order_info.html?code=212023081907618 HTTP/1.1" 200 66919
114.83.216.47 - - [19/Aug/2023:09:26:23 +0800] "GET /xingrg/javascript/easyui/themes/default/validatebox.css HTTP/1.1" 404 1104
114.83.216.47 - - [19/Aug/2023:09:26:24 +0800] "POST /xingrg/kc/buy/cgsh_order_operate.html HTTP/1.1" 200 1847
222.70.180.200 - - [19/Aug/2023:09:26:29 +0800] "GET /xingrg/kc/buy/cgsh_order_operate.html?command=get_materiel_price&rest_code=00111&code=00101019845&unit_code=00100016&supplier_code=00100005&order_time=2023-08-19 HTTP/1.1" 200 27
222.69.129.152 - - [19/Aug/2023:09:26:29 +0800] "GET /xingrg/kc/buy/cgsh_order_operate.html?command=get_materiel&rest_code=00154&code=00101006177&supplier_code=00100419&order_time=2023-08-19 HTTP/1.1" 200 408
180.165.48.189 - - [19/Aug/2023:09:26:35 +0800] "GET /xingrg/kc/buy/cgsh_order_operate.html?command=get_materiel&rest_code=00108&code=00101008131&supplier_code=00100007&order_time=2023-08-19 HTTP/1.1" 200 409
180.165.48.189 - - [19/Aug/2023:09:26:37 +0800] "POST /xingrg/kc/buy/cgsh_order_operate.html HTTP/1.1" 200 2065
114.83.216.47 - - [19/Aug/2023:09:26:39 +0800] "GET /xingrg/kc/print/load_data.html?order_code=212023081907618&kc_code=cgsh&condition= HTTP/1.1" 200 1212
116.232.195.127 - - [19/Aug/2023:09:26:39 +0800] "GET /xingrg/all/function/internal_message.html?_=1692408323868&CODE_STATE=getMsg HTTP/1.1" 200 27
180.165.48.189 - - [19/Aug/2023:09:26:40 +0800] "GET /xingrg/all/function/internal_message.html?_=1692408400196&CODE_STATE=getMsg HTTP/1.1" 200 27
180.165.48.189 - - [19/Aug/2023:09:26:50 +0800] "GET /xingrg/kc/buy/cgsh_order_operate.html?command=get_materiel&rest_code=00108&code=00101023033&supplier_code=00100007&order_time=2023-08-19 HTTP/1.1" 200 409
101.83.145.37 - - [19/Aug/2023:09:26:52 +0800] "GET /xingrg/all/function/internal_message.html?_=1692408413804&CODE_STATE=getMsg HTTP/1.1" 200 27
114.83.216.47 - - [19/Aug/2023:09:26:55 +0800] "GET /xingrg/kc/buy/cgsh_order_add.html HTTP/1.1" 200 72010
114.83.216.47 - - [19/Aug/2023:09:26:56 +0800] "POST /xingrg/kc/buy/cgsh_order_operate.html HTTP/1.1" 200 8245
114.83.216.47 - - [19/Aug/2023:09:26:56 +0800] "GET /xingrg/javascript/easyui/themes/default/validatebox.css HTTP/1.1" 404 1104
222.69.129.152 - - [19/Aug/2023:09:26:57 +0800] "GET /xingrg/kc/buy/cgsh_order_operate.html?command=get_materiel&rest_code=00154&code=00101006109&supplier_code=00100419&order_time=2023-08-19 HTTP/1.1" 200 411
180.165.48.189 - - [19/Aug/2023:09:26:58 +0800] "GET /xingrg/kc/buy/cgsh_order_operate.html?command=get_materiel&rest_code=00108&code=00101008370&supplier_code=00100007&order_time=2023-08-19 HTTP/1.1" 200 412
222.69.129.152 - - [19/Aug/2023:09:27:05 +0800] "GET /xingrg/all/function/internal_message.html?_=1692408562286&CODE_STATE=getMsg HTTP/1.1" 200 27
116.238.191.126 - - [19/Aug/2023:09:27:06 +0800] "GET /xingrg/all/function/internal_message.html?_=1692408337778&CODE_STATE=getMsg HTTP/1.1" 200 27
114.83.216.47 - - [19/Aug/2023:09:27:07 +0800] "POST /xingrg/services/DataTransmitService HTTP/1.1" 200 501
180.165.48.189 - - [19/Aug/2023:09:27:08 +0800] "GET /xingrg/kc/buy/cgsh_order_operate.html?command=get_materiel&rest_code=00108&code=00101008185&supplier_code=00100007&order_time=2023-08-19 HTTP/1.1" 200 408
114.83.216.47 - - [19/Aug/2023:09:27:10 +0800] "POST /xingrg/services/DataTransmitService HTTP/1.1" 200 501
114.83.216.47 - - [19/Aug/2023:09:27:14 +0800] "GET /xingrg/check_reg.html?_=1692408432406 HTTP/1.1" 200 22
114.83.216.47 - - [19/Aug/2023:09:27:14 +0800] "GET /xingrg/all/function/internal_message.html?_=1692408432399&CODE_STATE=getMsg HTTP/1.1" 200 27
222.70.180.200 - - [19/Aug/2023:09:27:15 +0800] "GET /xingrg/all/function/internal_message.html?_=1692408436888&CODE_STATE=getMsg HTTP/1.1" 200 27
222.69.129.152 - - [19/Aug/2023:09:27:16 +0800] "GET /xingrg/kc/buy/cgsh_order_operate.html?command=get_materiel&rest_code=00154&code=00101006183&supplier_code=00100419&order_time=2023-08-19 HTTP/1.1" 200 408
180.165.48.189 - - [19/Aug/2023:09:27:18 +0800] "GET /xingrg/kc/buy/cgsh_order_operate.html?command=get_materiel&rest_code=00108&code=00101008270&supplier_code=00100007&order_time=2023-08-19 HTTP/1.1" 200 412
116.238.191.126 - - [19/Aug/2023:09:27:21 +0800] "GET /xingrg/all/function/internal_message.html?_=1692408439652&CODE_STATE=getMsg HTTP/1.1" 200 27
180.152.241.196 - - [19/Aug/2023:09:27:23 +0800] "GET /xingrg/all/function/internal_message.html?_=1692408442417&CODE_STATE=getMsg HTTP/1.1" 200 27
180.165.48.189 - - [19/Aug/2023:09:27:23 +0800] "POST /xingrg/kc/buy/cgsh_order_operate.html HTTP/1.1" 200 2065
222.69.129.152 - - [19/Aug/2023:09:27:32 +0800] "POST /xingrg/kc/buy/cgsh_order_operate.html HTTP/1.1" 200 37
116.232.195.127 - - [19/Aug/2023:09:27:39 +0800] "GET /xingrg/all/function/internal_message.html?_=1692408383863&CODE_STATE=getMsg HTTP/1.1" 200 27
180.165.48.189 - - [19/Aug/2023:09:27:40 +0800] "GET /xingrg/all/function/internal_message.html?_=1692408460196&CODE_STATE=getMsg HTTP/1.1" 200 27
101.83.145.37 - - [19/Aug/2023:09:27:41 +0800] "POST /xingrg/kc/buy/cgsh_order_operate.html HTTP/1.1" 200 37
180.165.48.189 - - [19/Aug/2023:09:27:44 +0800] "GET /xingrg/kc/buy/cgsh_order_operate.html?command=get_materiel&rest_code=00108&code=00101008108&supplier_code=00100007&order_time=2023-08-19 HTTP/1.1" 200 23
222.70.180.200 - - [19/Aug/2023:09:27:45 +0800] "GET /xingrg/kc/buy/cgsh_order_operate.html?command=get_materiel&rest_code=00111&code=00101008125&supplier_code=00100005&order_time=2023-08-19 HTTP/1.1" 200 413
116.232.195.127 - - [19/Aug/2023:09:27:51 +0800] "GET /xingrg/index.html?sysBaseUrl=http%3A%2F%2F180.169.147.146%3A18081%2Fxingrg%2F&costTime=1277×tamp=1606817596806 HTTP/1.1" 302 -
116.232.195.127 - - [19/Aug/2023:09:27:51 +0800] "GET /xingrg/login.html HTTP/1.1" 200 7641
116.232.195.127 - - [19/Aug/2023:09:27:52 +0800] "GET /favicon.ico HTTP/1.1" 404 -
116.232.195.127 - - [19/Aug/2023:09:27:52 +0800] "GET /xingrg/index.html?sysBaseUrl=http%3A%2F%2F180.169.147.146%3A18081%2Fxingrg%2F&costTime=1779×tamp=1684631389383 HTTP/1.1" 302 -
116.232.195.127 - - [19/Aug/2023:09:27:52 +0800] "GET /xingrg/login.html HTTP/1.1" 200 7641
116.232.195.127 - - [19/Aug/2023:09:27:53 +0800] "GET /xingrg/index.html?sysBaseUrl=http%3A%2F%2F180.169.147.146%3A18081%2Fxingrg%2F&costTime=1779×tamp=1684631389383 HTTP/1.1" 302 -
116.232.195.127 - - [19/Aug/2023:09:27:53 +0800] "GET /xingrg/login.html HTTP/1.1" 200 7641
116.232.195.127 - - [19/Aug/2023:09:27:53 +0800] "GET /favicon.ico HTTP/1.1" 404 -
116.232.195.127 - - [19/Aug/2023:09:27:53 +0800] "GET /favicon.ico HTTP/1.1" 404 -
101.83.145.37 - - [19/Aug/2023:09:28:04 +0800] "POST /xingrg/kc/buy/cgsh_order_operate.html HTTP/1.1" 200 92113
222.69.129.152 - - [19/Aug/2023:09:28:05 +0800] "GET /xingrg/all/function/internal_message.html?_=1692408622268&CODE_STATE=getMsg HTTP/1.1" 200 27
116.238.191.126 - - [19/Aug/2023:09:28:06 +0800] "GET /xingrg/all/function/internal_message.html?_=1692408397778&CODE_STATE=getMsg HTTP/1.1" 200 27
180.165.48.189 - - [19/Aug/2023:09:28:07 +0800] "POST /xingrg/kc/buy/cgsh_order_operate.html HTTP/1.1" 200 205
116.232.195.127 - - [19/Aug/2023:09:28:07 +0800] "POST /xingrg/login.do HTTP/1.1" 302 -
222.69.129.152 - - [19/Aug/2023:09:28:07 +0800] "POST /xingrg/kc/buy/cgsh_order_operate.html HTTP/1.1" 200 12
101.83.145.37 - - [19/Aug/2023:09:28:09 +0800] "GET /xingrg/kc/print/load_data.html?order_code=212023081907612&kc_code=cgsh&condition= HTTP/1.1" 200 17451
116.232.195.127 - - [19/Aug/2023:09:28:09 +0800] "POST /xingrg/login.do HTTP/1.1" 302 -
116.232.195.127 - - [19/Aug/2023:09:28:10 +0800] "POST /xingrg/login.do HTTP/1.1" 302 -
116.232.195.127 - - [19/Aug/2023:09:28:10 +0800] "GET /xingrg/index.html?sysBaseUrl=http%3A%2F%2F180.169.147.146%3A18081%2Fxingrg%2F&costTime=2015×tamp=1692408490437 HTTP/1.1" 200 17179
116.232.195.127 - - [19/Aug/2023:09:28:10 +0800] "GET /favicon.ico HTTP/1.1" 404 -
116.232.195.127 - - [19/Aug/2023:09:28:10 +0800] "GET /xingrg/all/function/internal_message.html?_=1692408414908&CODE_STATE=count HTTP/1.1" 200 11
116.232.195.127 - - [19/Aug/2023:09:28:10 +0800] "GET /xingrg/check_reg.html?_=1692408414909 HTTP/1.1" 200 22
