120.253.135.82 - - [19/Aug/2023:11:34:21 +0800] "GET /xingrg/all/function/internal_message.html?_=1692415877008&CODE_STATE=getMsg HTTP/1.1" 200 27
116.238.191.126 - - [19/Aug/2023:11:34:22 +0800] "GET /xingrg/all/function/internal_message.html?_=1692416059939&CODE_STATE=getMsg HTTP/1.1" 200 27
221.239.167.251 - - [19/Aug/2023:11:34:22 +0800] "GET /xingrg/all/function/internal_message.html?_=1692416061505&CODE_STATE=getMsg HTTP/1.1" 200 27
116.235.244.168 - - [19/Aug/2023:11:34:23 +0800] "GET /xingrg/all/function/internal_message.html?_=1692416083113&CODE_STATE=getMsg HTTP/1.1" 200 27
114.83.216.47 - - [19/Aug/2023:11:34:24 +0800] "GET /xingrg/all/function/internal_message.html?_=1692416061643&CODE_STATE=getMsg HTTP/1.1" 200 27
222.70.180.200 - - [19/Aug/2023:11:34:24 +0800] "GET /xingrg/kc/buy/cgsh_order_operate.html?command=get_materiel&rest_code=00111&code=00101004067&supplier_code=00100199&order_time=2023-08-19 HTTP/1.1" 200 413
180.169.147.146 - - [19/Aug/2023:11:34:27 +0800] "GET /xingrg/all/function/internal_message.html?_=1692416055657&CODE_STATE=getMsg HTTP/1.1" 200 27
180.169.147.146 - - [19/Aug/2023:11:34:27 +0800] "GET /xingrg/check_reg.html?_=1692416055776 HTTP/1.1" 200 22
221.239.167.251 - - [19/Aug/2023:11:34:27 +0800] "POST /xingrg/kc/buy/cgsh_order_operate.html HTTP/1.1" 200 12
221.239.167.251 - - [19/Aug/2023:11:34:30 +0800] "GET /xingrg/kc/buy/cgsh_order_info.html?code=212023081907678 HTTP/1.1" 200 66029
221.239.167.251 - - [19/Aug/2023:11:34:30 +0800] "GET /xingrg/javascript/easyui/themes/default/validatebox.css HTTP/1.1" 404 1104
221.239.167.251 - - [19/Aug/2023:11:34:32 +0800] "POST /xingrg/kc/buy/cgsh_order_operate.html HTTP/1.1" 200 602
180.165.48.189 - - [19/Aug/2023:11:34:35 +0800] "GET /xingrg/all/function/internal_message.html?_=1692416074839&CODE_STATE=getMsg HTTP/1.1" 200 27
116.238.191.126 - - [19/Aug/2023:11:34:37 +0800] "GET /xingrg/all/function/internal_message.html?_=1692415989083&CODE_STATE=getMsg HTTP/1.1" 200 27
58.39.105.177 - - [19/Aug/2023:11:34:39 +0800] "GET /xingrg/all/function/internal_message.html?_=1692416080113&CODE_STATE=getMsg HTTP/1.1" 200 27
124.78.155.92 - - [19/Aug/2023:11:34:39 +0800] "GET /xingrg/all/function/internal_message.html?_=1692416077016&CODE_STATE=getMsg HTTP/1.1" 200 27
58.39.105.177 - - [19/Aug/2023:11:34:39 +0800] "GET /xingrg/check_reg.html?_=1692416080363 HTTP/1.1" 200 22
221.239.167.251 - - [19/Aug/2023:11:34:40 +0800] "GET /xingrg/kc/print/load_data.html?order_code=212023081907678&kc_code=cgsh&condition= HTTP/1.1" 200 718
101.83.145.37 - - [19/Aug/2023:11:34:42 +0800] "GET /xingrg/all/function/internal_message.html?_=1692415881013&CODE_STATE=getMsg HTTP/1.1" 200 27
221.239.167.251 - - [19/Aug/2023:11:34:45 +0800] "GET /xingrg/kc/buy/cgsh_order_add.html HTTP/1.1" 200 71117
221.239.167.251 - - [19/Aug/2023:11:34:46 +0800] "GET /xingrg/javascript/easyui/themes/default/validatebox.css HTTP/1.1" 404 1104
221.239.167.251 - - [19/Aug/2023:11:34:46 +0800] "POST /xingrg/kc/buy/cgsh_order_operate.html HTTP/1.1" 200 8245
101.83.145.37 - - [19/Aug/2023:11:34:49 +0800] "GET /xingrg/all/function/internal_message.html?_=1692416091124&CODE_STATE=getMsg HTTP/1.1" 200 27
101.80.225.121 - - [19/Aug/2023:11:34:50 +0800] "POST /xingrg/services/DataTransmitService HTTP/1.1" 200 524
101.80.225.121 - - [19/Aug/2023:11:34:51 +0800] "POST /xingrg/services/DataTransmitService HTTP/1.1" 200 501
120.253.135.82 - - [19/Aug/2023:11:34:52 +0800] "GET /xingrg/all/function/internal_message.html?_=1692416232716&CODE_STATE=getMsg HTTP/1.1" 200 27
101.83.145.37 - - [19/Aug/2023:11:34:52 +0800] "GET /xingrg/check_reg.html?_=1692416094002 HTTP/1.1" 200 22
116.238.191.126 - - [19/Aug/2023:11:34:57 +0800] "GET /xingrg/kc/base/yddb_order_list.html HTTP/1.1" 200 16827
116.238.191.126 - - [19/Aug/2023:11:34:57 +0800] "POST /xingrg/kc/base/yddb_list_operate.html HTTP/1.1" 200 1596
124.78.155.92 - - [19/Aug/2023:11:34:58 +0800] "GET /xingrg/all/function/internal_message.html?_=1692416093963&CODE_STATE=getMsg HTTP/1.1" 200 27
124.78.155.92 - - [19/Aug/2023:11:34:59 +0800] "GET /xingrg/check_reg.html?_=1692416095000 HTTP/1.1" 200 22
116.238.191.126 - - [19/Aug/2023:11:34:59 +0800] "POST /xingrg/kc/base/yddb_list_operate.html HTTP/1.1" 200 202
116.238.191.126 - - [19/Aug/2023:11:35:00 +0800] "POST /xingrg/kc/base/yddb_list_operate.html HTTP/1.1" 200 209
222.67.237.86 - - [19/Aug/2023:11:35:04 +0800] "GET /xingrg/all/function/internal_message.html?_=1692415555159&CODE_STATE=getMsg HTTP/1.1" 200 27
180.169.147.146 - - [19/Aug/2023:11:35:05 +0800] "POST /xingrg/kc/buy/cgsh_list_operate.html HTTP/1.1" 200 6041
222.67.237.86 - - [19/Aug/2023:11:35:05 +0800] "GET /xingrg/check_reg.html?_=1692415556373 HTTP/1.1" 200 22
222.67.237.86 - - [19/Aug/2023:11:35:05 +0800] "POST /xingrg/services/DataTransmitService HTTP/1.1" 200 524
222.70.180.200 - - [19/Aug/2023:11:35:06 +0800] "GET /xingrg/kc/buy/cgsh_order_operate.html?command=get_materiel&rest_code=00111&code=00101001093&supplier_code=00100199&order_time=2023-08-19 HTTP/1.1" 200 411
116.238.191.126 - - [19/Aug/2023:11:35:07 +0800] "GET /xingrg/kc/base/yddb_order_info.html?code=482023081700118 HTTP/1.1" 200 30605
116.238.191.126 - - [19/Aug/2023:11:35:07 +0800] "GET /xingrg/css/blue.css HTTP/1.1" 304 -
116.238.191.126 - - [19/Aug/2023:11:35:07 +0800] "GET /xingrg/dwr/interface/AjaxComOrderService.js HTTP/1.1" 200 18264
116.238.191.126 - - [19/Aug/2023:11:35:07 +0800] "GET /xingrg/dwr/interface/AjaxYddbService.js HTTP/1.1" 200 13201
116.238.191.126 - - [19/Aug/2023:11:35:07 +0800] "GET /xingrg/dwr/engine.js HTTP/1.1" 200 43631
116.238.191.126 - - [19/Aug/2023:11:35:07 +0800] "GET /xingrg/dwr/util.js HTTP/1.1" 200 35990
116.238.191.126 - - [19/Aug/2023:11:35:07 +0800] "GET /xingrg/javascript/AjaxInfoList.js HTTP/1.1" 304 -
116.238.191.126 - - [19/Aug/2023:11:35:07 +0800] "GET /xingrg/javascript/Calendar.js HTTP/1.1" 304 -
116.238.191.126 - - [19/Aug/2023:11:35:07 +0800] "GET /xingrg/javascript/myfunction.js HTTP/1.1" 304 -
116.238.191.126 - - [19/Aug/2023:11:35:07 +0800] "GET /xingrg/javascript/ToolTips.js HTTP/1.1" 304 -
116.238.191.126 - - [19/Aug/2023:11:35:07 +0800] "GET /xingrg/javascript/checkform.js HTTP/1.1" 200 18351
116.238.191.126 - - [19/Aug/2023:11:35:07 +0800] "GET /xingrg/javascript/Grid.js HTTP/1.1" 304 -
222.67.237.86 - - [19/Aug/2023:11:35:07 +0800] "POST /xingrg/services/DataTransmitService HTTP/1.1" 200 412
116.238.191.126 - - [19/Aug/2023:11:35:07 +0800] "GET /xingrg/javascript/jquery_easy_ui/themes/icons/edit_add_new.png HTTP/1.1" 304 -
116.238.191.126 - - [19/Aug/2023:11:35:07 +0800] "GET /xingrg/javascript/jquery_easy_ui/themes/icons/print.png HTTP/1.1" 304 -
116.238.191.126 - - [19/Aug/2023:11:35:07 +0800] "GET /xingrg/javascript/jquery_easy_ui/themes/icons/check_new.png HTTP/1.1" 304 -
116.238.191.126 - - [19/Aug/2023:11:35:07 +0800] "GET /xingrg/javascript/jquery_easy_ui/themes/default/images/menu_downarrow.png HTTP/1.1" 304 -
116.238.191.126 - - [19/Aug/2023:11:35:07 +0800] "GET /xingrg/javascript/jquery_easy_ui/themes/icons/cance_new.png HTTP/1.1" 304 -
116.238.191.126 - - [19/Aug/2023:11:35:07 +0800] "GET /xingrg/javascript/jquery_easy_ui/themes/icons/back_new.png HTTP/1.1" 304 -
116.238.191.126 - - [19/Aug/2023:11:35:07 +0800] "GET /xingrg/images/blue/kc_tab_left.gif HTTP/1.1" 304 -
116.238.191.126 - - [19/Aug/2023:11:35:07 +0800] "GET /xingrg/images/blue/kc_tab_mid.gif HTTP/1.1" 304 -
116.238.191.126 - - [19/Aug/2023:11:35:07 +0800] "GET /xingrg/images/blue/kc_tab_right.gif HTTP/1.1" 304 -
116.238.191.126 - - [19/Aug/2023:11:35:07 +0800] "GET /xingrg/images/blue/wait.gif HTTP/1.1" 304 -
116.238.191.126 - - [19/Aug/2023:11:35:07 +0800] "POST /xingrg/dwr/call/plaincall/AjaxYddbService.loadMaterielItems.dwr HTTP/1.1" 200 394
222.69.129.152 - - [19/Aug/2023:11:35:08 +0800] "GET /xingrg/all/function/internal_message.html?_=1692416245665&CODE_STATE=getMsg HTTP/1.1" 200 27
221.239.167.251 - - [19/Aug/2023:11:35:09 +0800] "GET /xingrg/kc/buy/cgsh_order_operate.html?command=get_materiel&rest_code=00145&code=00101006201&supplier_code=00100176&order_time=2023-08-19 HTTP/1.1" 200 405
116.232.195.127 - - [19/Aug/2023:11:35:15 +0800] "GET /xingrg/all/function/internal_message.html?_=1692416038859&CODE_STATE=getMsg HTTP/1.1" 200 27
222.70.180.200 - - [19/Aug/2023:11:35:15 +0800] "GET /xingrg/all/function/internal_message.html?_=1692416116983&CODE_STATE=getMsg HTTP/1.1" 200 27
180.152.241.196 - - [19/Aug/2023:11:35:21 +0800] "GET /xingrg/all/function/internal_message.html?_=1692416120356&CODE_STATE=getMsg HTTP/1.1" 200 27
120.253.135.82 - - [19/Aug/2023:11:35:21 +0800] "GET /xingrg/all/function/internal_message.html?_=1692415937015&CODE_STATE=getMsg HTTP/1.1" 200 27
116.238.191.126 - - [19/Aug/2023:11:35:22 +0800] "GET /xingrg/all/function/internal_message.html?_=1692416119946&CODE_STATE=getMsg HTTP/1.1" 200 27
221.239.167.251 - - [19/Aug/2023:11:35:22 +0800] "GET /xingrg/all/function/internal_message.html?_=1692416121480&CODE_STATE=getMsg HTTP/1.1" 200 27
221.239.167.251 - - [19/Aug/2023:11:35:23 +0800] "GET /xingrg/check_reg.html?_=1692416121651 HTTP/1.1" 200 22
116.235.244.168 - - [19/Aug/2023:11:35:23 +0800] "GET /xingrg/all/function/internal_message.html?_=1692416143126&CODE_STATE=getMsg HTTP/1.1" 200 27
114.83.216.47 - - [19/Aug/2023:11:35:24 +0800] "GET /xingrg/all/function/internal_message.html?_=1692416121628&CODE_STATE=getMsg HTTP/1.1" 200 27
221.239.167.251 - - [19/Aug/2023:11:35:26 +0800] "POST /xingrg/kc/buy/cgsh_order_operate.html HTTP/1.1" 200 37
180.169.147.146 - - [19/Aug/2023:11:35:27 +0800] "GET /xingrg/all/function/internal_message.html?_=1692416115633&CODE_STATE=getMsg HTTP/1.1" 200 27
116.238.191.126 - - [19/Aug/2023:11:35:28 +0800] "GET /xingrg/javascript/jquery_easy_ui/themes/default/images/button_plain_hover.png HTTP/1.1" 304 -
180.165.48.189 - - [19/Aug/2023:11:35:35 +0800] "GET /xingrg/all/function/internal_message.html?_=1692416134838&CODE_STATE=getMsg HTTP/1.1" 200 27
221.239.167.251 - - [19/Aug/2023:11:35:35 +0800] "POST /xingrg/kc/buy/cgsh_order_operate.html HTTP/1.1" 200 12
222.70.180.200 - - [19/Aug/2023:11:35:37 +0800] "GET /xingrg/kc/buy/cgsh_order_operate.html?command=get_materiel&rest_code=00111&code=00101002027&supplier_code=00100199&order_time=2023-08-19 HTTP/1.1" 200 415
116.238.191.126 - - [19/Aug/2023:11:35:37 +0800] "GET /xingrg/all/function/internal_message.html?_=1692416049097&CODE_STATE=getMsg HTTP/1.1" 200 27
58.39.105.177 - - [19/Aug/2023:11:35:39 +0800] "GET /xingrg/all/function/internal_message.html?_=1692416140084&CODE_STATE=getMsg HTTP/1.1" 200 27
124.78.155.92 - - [19/Aug/2023:11:35:39 +0800] "GET /xingrg/all/function/internal_message.html?_=1692416137017&CODE_STATE=getMsg HTTP/1.1" 200 27
116.238.191.126 - - [19/Aug/2023:11:35:41 +0800] "POST /xingrg/all/user/operate.html HTTP/1.1" 200 36
116.238.191.126 - - [19/Aug/2023:11:35:42 +0800] "GET /xingrg/javascript/jquery_easy_ui/themes/default/easyui.css HTTP/1.1" 304 -
116.238.191.126 - - [19/Aug/2023:11:35:42 +0800] "GET /xingrg/index.html?sysBaseUrl=http%3A%2F%2F180.169.147.146%3A18081%2Fxingrg%2F&costTime=1076×tamp=1692403466790 HTTP/1.1" 200 17177
116.238.191.126 - - [19/Aug/2023:11:35:42 +0800] "GET /xingrg/javascript/jquery_easy_ui/themes/icon.css HTTP/1.1" 304 -
116.238.191.126 - - [19/Aug/2023:11:35:42 +0800] "GET /xingrg/css/form.css HTTP/1.1" 304 -
116.238.191.126 - - [19/Aug/2023:11:35:42 +0800] "GET /xingrg/javascript/jquery-1.4.2.min.js HTTP/1.1" 304 -
116.238.191.126 - - [19/Aug/2023:11:35:42 +0800] "GET /xingrg/javascript/jquery_easy_ui/jquery.easyui.min.js HTTP/1.1" 304 -
101.83.145.37 - - [19/Aug/2023:11:35:42 +0800] "GET /xingrg/all/function/internal_message.html?_=1692415941024&CODE_STATE=getMsg HTTP/1.1" 200 27
116.238.191.126 - - [19/Aug/2023:11:35:42 +0800] "GET /xingrg/javascript/jquery_easy_ui/easyui-lang-zh_CN.js HTTP/1.1" 304 -
116.238.191.126 - - [19/Aug/2023:11:35:42 +0800] "GET /xingrg/javascript/jquery.form.js HTTP/1.1" 304 -
116.238.191.126 - - [19/Aug/2023:11:35:42 +0800] "GET /xingrg/javascript/jquery.utils.js HTTP/1.1" 304 -
116.238.191.126 - - [19/Aug/2023:11:35:42 +0800] "GET /xingrg/javascript/jquery.timers.js HTTP/1.1" 304 -
116.238.191.126 - - [19/Aug/2023:11:35:42 +0800] "GET /xingrg/images/blue/navBackgound.jpg HTTP/1.1" 304 -
116.238.191.126 - - [19/Aug/2023:11:35:42 +0800] "GET /xingrg/images/blue/jxLogo.png HTTP/1.1" 304 -
116.238.191.126 - - [19/Aug/2023:11:35:42 +0800] "GET /xingrg/javascript/jquery_easy_ui/themes/icons/settle_new.png HTTP/1.1" 304 -
116.238.191.126 - - [19/Aug/2023:11:35:42 +0800] "GET /xingrg/images/blue/pingpu.png HTTP/1.1" 304 -
116.238.191.126 - - [19/Aug/2023:11:35:42 +0800] "GET /xingrg/javascript/jquery_easy_ui/themes/default/images/tabs_leftarrow.png HTTP/1.1" 304 -
116.238.191.126 - - [19/Aug/2023:11:35:42 +0800] "GET /xingrg/javascript/jquery_easy_ui/themes/default/images/tabs_rightarrow.png HTTP/1.1" 304 -
116.238.191.126 - - [19/Aug/2023:11:35:42 +0800] "GET /xingrg/javascript/jquery_easy_ui/themes/default/images/panel_tool_collapse.gif HTTP/1.1" 304 -
116.238.191.126 - - [19/Aug/2023:11:35:42 +0800] "GET /xingrg/all/function/internal_message.html?_=1692416053494&CODE_STATE=count HTTP/1.1" 200 11
116.238.191.126 - - [19/Aug/2023:11:35:42 +0800] "GET /xingrg/check_reg.html?_=1692416053495 HTTP/1.1" 200 22
101.83.145.37 - - [19/Aug/2023:11:35:42 +0800] "GET /xingrg/check_reg.html?_=1692415941353 HTTP/1.1" 200 22
221.239.167.251 - - [19/Aug/2023:11:35:42 +0800] "GET /xingrg/kc/buy/cgsh_order_info.html?code=212023081907679 HTTP/1.1" 200 66029
116.238.191.126 - - [19/Aug/2023:11:35:42 +0800] "POST /xingrg/load_menu.html HTTP/1.1" 200 5138
116.238.191.126 - - [19/Aug/2023:11:35:42 +0800] "POST /xingrg/all/common/load_tree.html?tree=area_rest_tree_json&manage=1 HTTP/1.1" 200 476
221.239.167.251 - - [19/Aug/2023:11:35:42 +0800] "GET /xingrg/javascript/easyui/themes/default/validatebox.css HTTP/1.1" 404 1104
221.239.167.251 - - [19/Aug/2023:11:35:43 +0800] "POST /xingrg/kc/buy/cgsh_order_operate.html HTTP/1.1" 200 602
221.239.167.251 - - [19/Aug/2023:11:35:46 +0800] "GET /xingrg/kc/print/load_data.html?order_code=212023081907679&kc_code=cgsh&condition= HTTP/1.1" 200 724
116.238.191.126 - - [19/Aug/2023:11:35:48 +0800] "GET /xingrg/kc/base/yddb_order_list.html HTTP/1.1" 200 16825
116.238.191.126 - - [19/Aug/2023:11:35:49 +0800] "POST /xingrg/kc/base/yddb_list_operate.html HTTP/1.1" 200 636
101.83.145.37 - - [19/Aug/2023:11:35:49 +0800] "GET /xingrg/all/function/internal_message.html?_=1692416151105&CODE_STATE=getMsg HTTP/1.1" 200 27
221.239.167.251 - - [19/Aug/2023:11:35:51 +0800] "GET /xingrg/kc/buy/cgsh_order_add.html HTTP/1.1" 200 71117
221.239.167.251 - - [19/Aug/2023:11:35:51 +0800] "POST /xingrg/kc/buy/cgsh_order_operate.html HTTP/1.1" 200 8245
221.239.167.251 - - [19/Aug/2023:11:35:51 +0800] "GET /xingrg/javascript/easyui/themes/default/validatebox.css HTTP/1.1" 404 1104
120.253.135.82 - - [19/Aug/2023:11:35:52 +0800] "GET /xingrg/all/function/internal_message.html?_=1692416292721&CODE_STATE=getMsg HTTP/1.1" 200 27
116.238.191.126 - - [19/Aug/2023:11:35:54 +0800] "POST /xingrg/kc/base/yddb_list_operate.html HTTP/1.1" 200 636
124.78.155.92 - - [19/Aug/2023:11:35:58 +0800] "GET /xingrg/all/function/internal_message.html?_=1692416153939&CODE_STATE=getMsg HTTP/1.1" 200 27
116.238.191.126 - - [19/Aug/2023:11:35:59 +0800] "POST /xingrg/all/user/operate.html HTTP/1.1" 200 36
116.238.191.126 - - [19/Aug/2023:11:36:00 +0800] "GET /xingrg/index.html?sysBaseUrl=http%3A%2F%2F180.169.147.146%3A18081%2Fxingrg%2F&costTime=1076×tamp=1692403466790 HTTP/1.1" 200 17179
116.238.191.126 - - [19/Aug/2023:11:36:00 +0800] "GET /xingrg/javascript/jquery_easy_ui/themes/default/easyui.css HTTP/1.1" 304 -
116.238.191.126 - - [19/Aug/2023:11:36:00 +0800] "GET /xingrg/javascript/jquery_easy_ui/themes/icon.css HTTP/1.1" 304 -
116.238.191.126 - - [19/Aug/2023:11:36:00 +0800] "GET /xingrg/css/form.css HTTP/1.1" 304 -
116.238.191.126 - - [19/Aug/2023:11:36:00 +0800] "GET /xingrg/javascript/jquery-1.4.2.min.js HTTP/1.1" 304 -
116.238.191.126 - - [19/Aug/2023:11:36:00 +0800] "GET /xingrg/javascript/jquery_easy_ui/jquery.easyui.min.js HTTP/1.1" 304 -
116.238.191.126 - - [19/Aug/2023:11:36:00 +0800] "GET /xingrg/javascript/jquery_easy_ui/easyui-lang-zh_CN.js HTTP/1.1" 304 -
116.238.191.126 - - [19/Aug/2023:11:36:00 +0800] "GET /xingrg/javascript/jquery.form.js HTTP/1.1" 304 -
116.238.191.126 - - [19/Aug/2023:11:36:00 +0800] "GET /xingrg/javascript/jquery.utils.js HTTP/1.1" 304 -
116.238.191.126 - - [19/Aug/2023:11:36:00 +0800] "GET /xingrg/javascript/jquery.timers.js HTTP/1.1" 304 -
116.238.191.126 - - [19/Aug/2023:11:36:00 +0800] "GET /xingrg/images/blue/jxLogo.png HTTP/1.1" 304 -
116.238.191.126 - - [19/Aug/2023:11:36:00 +0800] "GET /xingrg/images/blue/navBackgound.jpg HTTP/1.1" 304 -
116.238.191.126 - - [19/Aug/2023:11:36:00 +0800] "GET /xingrg/javascript/jquery_easy_ui/themes/icons/settle_new.png HTTP/1.1" 304 -
116.238.191.126 - - [19/Aug/2023:11:36:00 +0800] "GET /xingrg/images/blue/pingpu.png HTTP/1.1" 304 -
116.238.191.126 - - [19/Aug/2023:11:36:00 +0800] "GET /xingrg/javascript/jquery_easy_ui/themes/default/images/tabs_leftarrow.png HTTP/1.1" 304 -
116.238.191.126 - - [19/Aug/2023:11:36:00 +0800] "GET /xingrg/javascript/jquery_easy_ui/themes/default/images/panel_tool_collapse.gif HTTP/1.1" 304 -
116.238.191.126 - - [19/Aug/2023:11:36:00 +0800] "GET /xingrg/javascript/jquery_easy_ui/themes/default/images/tabs_rightarrow.png HTTP/1.1" 304 -
116.238.191.126 - - [19/Aug/2023:11:36:00 +0800] "GET /xingrg/all/function/internal_message.html?_=1692416071519&CODE_STATE=count HTTP/1.1" 200 11
116.238.191.126 - - [19/Aug/2023:11:36:00 +0800] "GET /xingrg/check_reg.html?_=1692416071519 HTTP/1.1" 200 22
116.238.191.126 - - [19/Aug/2023:11:36:00 +0800] "POST /xingrg/all/common/load_tree.html?tree=area_rest_tree_json&manage=1 HTTP/1.1" 200 476
116.238.191.126 - - [19/Aug/2023:11:36:00 +0800] "POST /xingrg/load_menu.html HTTP/1.1" 200 5138
116.238.191.126 - - [19/Aug/2023:11:36:02 +0800] "GET /xingrg/kc/base/yddb_order_list.html HTTP/1.1" 200 16827
116.238.191.126 - - [19/Aug/2023:11:36:03 +0800] "POST /xingrg/kc/base/yddb_list_operate.html HTTP/1.1" 200 1596
222.67.237.86 - - [19/Aug/2023:11:36:04 +0800] "GET /xingrg/all/function/internal_message.html?_=1692415615127&CODE_STATE=getMsg HTTP/1.1" 200 27
116.238.191.126 - - [19/Aug/2023:11:36:07 +0800] "POST /xingrg/kc/base/yddb_list_operate.html HTTP/1.1" 200 1597
222.69.129.152 - - [19/Aug/2023:11:36:08 +0800] "GET /xingrg/all/function/internal_message.html?_=1692416305657&CODE_STATE=getMsg HTTP/1.1" 200 27
116.238.191.126 - - [19/Aug/2023:11:36:10 +0800] "POST /xingrg/kc/base/yddb_list_operate.html HTTP/1.1" 200 206
116.238.191.126 - - [19/Aug/2023:11:36:11 +0800] "GET /xingrg/kc/base/yddb_order_info.html?code=482023081900128 HTTP/1.1" 200 30854
116.238.191.126 - - [19/Aug/2023:11:36:11 +0800] "GET /xingrg/dwr/interface/AjaxComOrderService.js HTTP/1.1" 200 18264
116.238.191.126 - - [19/Aug/2023:11:36:11 +0800] "GET /xingrg/dwr/interface/AjaxYddbService.js HTTP/1.1" 200 13201
116.238.191.126 - - [19/Aug/2023:11:36:11 +0800] "GET /xingrg/dwr/engine.js HTTP/1.1" 200 43631
116.238.191.126 - - [19/Aug/2023:11:36:12 +0800] "POST /xingrg/dwr/call/plaincall/AjaxYddbService.loadMaterielItems.dwr HTTP/1.1" 200 401
221.239.167.251 - - [19/Aug/2023:11:36:12 +0800] "GET /xingrg/kc/buy/cgsh_order_operate.html?command=get_materiel&rest_code=00145&code=00101012070&supplier_code=00100554&order_time=2023-08-19 HTTP/1.1" 200 412
116.232.195.127 - - [19/Aug/2023:11:36:15 +0800] "GET /xingrg/all/function/internal_message.html?_=1692416098817&CODE_STATE=getMsg HTTP/1.1" 200 27
222.70.180.200 - - [19/Aug/2023:11:36:15 +0800] "GET /xingrg/all/function/internal_message.html?_=1692416176997&CODE_STATE=getMsg HTTP/1.1" 200 27
180.169.147.146 - - [19/Aug/2023:11:36:17 +0800] "POST /xingrg/kc/buy/cgsh_list_operate.html HTTP/1.1" 200 4
116.238.191.126 - - [19/Aug/2023:11:36:19 +0800] "POST /xingrg/dwr/call/plaincall/AjaxYddbService.saveOrder.dwr HTTP/1.1" 200 78
180.152.241.196 - - [19/Aug/2023:11:36:21 +0800] "GET /xingrg/all/function/internal_message.html?_=1692416180349&CODE_STATE=getMsg HTTP/1.1" 200 27
120.253.135.82 - - [19/Aug/2023:11:36:21 +0800] "GET /xingrg/check_reg.html?_=1692415996744 HTTP/1.1" 200 22
120.253.135.82 - - [19/Aug/2023:11:36:21 +0800] "GET /xingrg/all/function/internal_message.html?_=1692415997029&CODE_STATE=getMsg HTTP/1.1" 200 27
116.238.191.126 - - [19/Aug/2023:11:36:22 +0800] "GET /xingrg/all/function/internal_message.html?_=1692416179934&CODE_STATE=getMsg HTTP/1.1" 200 27
116.238.191.126 - - [19/Aug/2023:11:36:22 +0800] "GET /xingrg/javascript/jquery_easy_ui/themes/default/images/button_plain_hover.png HTTP/1.1" 304 -
116.235.244.168 - - [19/Aug/2023:11:36:23 +0800] "GET /xingrg/all/function/internal_message.html?_=1692416203338&CODE_STATE=getMsg HTTP/1.1" 200 27
114.83.216.47 - - [19/Aug/2023:11:36:24 +0800] "GET /xingrg/all/function/internal_message.html?_=1692416181598&CODE_STATE=getMsg HTTP/1.1" 200 27
116.238.191.126 - - [19/Aug/2023:11:36:26 +0800] "POST /xingrg/dwr/call/plaincall/AjaxYddbService.objCheckOrder.dwr HTTP/1.1" 200 78
221.239.167.251 - - [19/Aug/2023:11:36:28 +0800] "POST /xingrg/kc/buy/cgsh_order_operate.html HTTP/1.1" 200 37
116.238.191.126 - - [19/Aug/2023:11:36:28 +0800] "GET /xingrg/kc/base/yddb_order_info.html?code=482023081900128 HTTP/1.1" 200 30979
116.238.191.126 - - [19/Aug/2023:11:36:28 +0800] "GET /xingrg/dwr/interface/AjaxComOrderService.js HTTP/1.1" 200 18264
116.238.191.126 - - [19/Aug/2023:11:36:28 +0800] "GET /xingrg/dwr/interface/AjaxYddbService.js HTTP/1.1" 200 13201
116.238.191.126 - - [19/Aug/2023:11:36:28 +0800] "GET /xingrg/dwr/engine.js HTTP/1.1" 200 43631
116.238.191.126 - - [19/Aug/2023:11:36:29 +0800] "POST /xingrg/dwr/call/plaincall/AjaxYddbService.loadMaterielItems.dwr HTTP/1.1" 200 401
116.238.191.126 - - [19/Aug/2023:11:36:33 +0800] "GET /xingrg/kc/base/yddb_order_report.html?fileType=servlets/html&code=482023081900128&reportName=ck_order_report&subName=yddb HTTP/1.1" 302 -
116.238.191.126 - - [19/Aug/2023:11:36:33 +0800] "GET /xingrg/servlets/html?sysBaseUrl=http%3A%2F%2F180.169.147.146%3A18081%2Fxingrg%2F&costTime=556×tamp=1692416193217 HTTP/1.1" 200 14771
116.238.191.126 - - [19/Aug/2023:11:36:33 +0800] "GET /xingrg/servlets/image?image=px HTTP/1.1" 200 807
116.238.191.126 - - [19/Aug/2023:11:36:33 +0800] "GET /favicon.ico HTTP/1.1" 404 -
221.239.167.251 - - [19/Aug/2023:11:36:34 +0800] "POST /xingrg/kc/buy/cgsh_order_operate.html HTTP/1.1" 200 12
180.165.48.189 - - [19/Aug/2023:11:36:35 +0800] "GET /xingrg/all/function/internal_message.html?_=1692416194809&CODE_STATE=getMsg HTTP/1.1" 200 27
221.239.167.251 - - [19/Aug/2023:11:36:37 +0800] "GET /xingrg/kc/buy/cgsh_order_info.html?code=212023081907680 HTTP/1.1" 200 66030
221.239.167.251 - - [19/Aug/2023:11:36:37 +0800] "GET /xingrg/javascript/easyui/themes/default/validatebox.css HTTP/1.1" 404 1104
221.239.167.251 - - [19/Aug/2023:11:36:38 +0800] "POST /xingrg/kc/buy/cgsh_order_operate.html HTTP/1.1" 200 607
58.39.105.177 - - [19/Aug/2023:11:36:39 +0800] "GET /xingrg/all/function/internal_message.html?_=1692416200058&CODE_STATE=getMsg HTTP/1.1" 200 27
124.78.155.92 - - [19/Aug/2023:11:36:39 +0800] "GET /xingrg/all/function/internal_message.html?_=1692416197016&CODE_STATE=getMsg HTTP/1.1" 200 27
27.115.124.109 - - [19/Aug/2023:11:36:39 +0800] "GET /xingrg/kc/base/yddb_order_report.html HTTP/1.1" 302 -
27.115.124.45 - - [19/Aug/2023:11:36:39 +0800] "GET /xingrg/kc/base/yddb_order_report.html HTTP/1.1" 302 -
27.115.124.45 - - [19/Aug/2023:11:36:39 +0800] "GET /xingrg/login.html HTTP/1.1" 200 2139
27.115.124.45 - - [19/Aug/2023:11:36:39 +0800] "GET /xingrg/javascript/mobile/jquery.mobile-1.3.2.min.css HTTP/1.1" 200 94670
27.115.124.53 - - [19/Aug/2023:11:36:39 +0800] "GET /xingrg/javascript/mobile/jquery-1.8.3.min.js HTTP/1.1" 200 93637
27.115.124.6 - - [19/Aug/2023:11:36:39 +0800] "GET /xingrg/javascript/mobile/jquery.mobile-1.3.2.min.js HTTP/1.1" 200 145396
27.115.124.6 - - [19/Aug/2023:11:36:40 +0800] "GET /xingrg/javascript/mobile/images/ajax-loader.gif HTTP/1.1" 200 7825
221.239.167.251 - - [19/Aug/2023:11:36:40 +0800] "GET /xingrg/kc/print/load_data.html?order_code=212023081907680&kc_code=cgsh&condition= HTTP/1.1" 200 708
123.6.49.47 - - [19/Aug/2023:11:36:40 +0800] "GET / HTTP/1.1" 404 -
123.6.49.47 - - [19/Aug/2023:11:36:41 +0800] "GET / HTTP/1.1" 404 -
101.83.145.37 - - [19/Aug/2023:11:36:42 +0800] "GET /xingrg/all/function/internal_message.html?_=1692416000995&CODE_STATE=getMsg HTTP/1.1" 200 27
27.115.124.118 - - [19/Aug/2023:11:36:42 +0800] "GET /xingrg/servlets/html HTTP/1.1" 200 2933
27.115.124.70 - - [19/Aug/2023:11:36:42 +0800] "GET /xingrg/servlets/html HTTP/1.1" 200 2933
27.115.124.70 - - [19/Aug/2023:11:36:42 +0800] "GET /xingrg/stylesheet.css HTTP/1.1" 404 1036
116.238.191.126 - - [19/Aug/2023:11:36:44 +0800] "GET /xingrg/kc/base/yddb_order_list.html HTTP/1.1" 200 16827
221.239.167.251 - - [19/Aug/2023:11:36:44 +0800] "GET /xingrg/kc/buy/cgsh_order_add.html HTTP/1.1" 200 71117
116.238.191.126 - - [19/Aug/2023:11:36:44 +0800] "POST /xingrg/kc/base/yddb_list_operate.html HTTP/1.1" 200 1596
221.239.167.251 - - [19/Aug/2023:11:36:45 +0800] "POST /xingrg/kc/buy/cgsh_order_operate.html HTTP/1.1" 200 8245
221.239.167.251 - - [19/Aug/2023:11:36:45 +0800] "GET /xingrg/javascript/easyui/themes/default/validatebox.css HTTP/1.1" 404 1104
116.238.191.126 - - [19/Aug/2023:11:36:47 +0800] "POST /xingrg/kc/base/yddb_list_operate.html HTTP/1.1" 200 202
222.70.180.200 - - [19/Aug/2023:11:36:49 +0800] "GET /xingrg/kc/buy/cgsh_order_operate.html?command=get_materiel&rest_code=00111&code=00101002006&supplier_code=00100199&order_time=2023-08-19 HTTP/1.1" 200 414
101.83.145.37 - - [19/Aug/2023:11:36:49 +0800] "GET /xingrg/all/function/internal_message.html?_=1692416211084&CODE_STATE=getMsg HTTP/1.1" 200 27
116.238.191.126 - - [19/Aug/2023:11:36:50 +0800] "GET /xingrg/kc/base/yddb_order_info.html?code=482023081700118 HTTP/1.1" 200 30605
116.238.191.126 - - [19/Aug/2023:11:36:50 +0800] "GET /xingrg/dwr/interface/AjaxComOrderService.js HTTP/1.1" 200 18264
116.238.191.126 - - [19/Aug/2023:11:36:50 +0800] "GET /xingrg/dwr/interface/AjaxYddbService.js HTTP/1.1" 200 13201
116.238.191.126 - - [19/Aug/2023:11:36:50 +0800] "GET /xingrg/dwr/engine.js HTTP/1.1" 200 43631
116.238.191.126 - - [19/Aug/2023:11:36:51 +0800] "POST /xingrg/dwr/call/plaincall/AjaxYddbService.loadMaterielItems.dwr HTTP/1.1" 200 394
120.253.135.82 - - [19/Aug/2023:11:36:52 +0800] "GET /xingrg/all/function/internal_message.html?_=1692416352725&CODE_STATE=getMsg HTTP/1.1" 200 27
120.253.135.82 - - [19/Aug/2023:11:36:52 +0800] "GET /xingrg/check_reg.html?_=1692416352734 HTTP/1.1" 200 22
180.169.147.146 - - [19/Aug/2023:11:36:58 +0800] "POST /xingrg/kc/buy/cgsh_list_operate.html HTTP/1.1" 200 5986
124.78.155.92 - - [19/Aug/2023:11:36:58 +0800] "GET /xingrg/all/function/internal_message.html?_=1692416213910&CODE_STATE=getMsg HTTP/1.1" 200 27
222.69.129.152 - - [19/Aug/2023:11:36:58 +0800] "GET /xingrg/check_reg.html?_=1692416355375 HTTP/1.1" 200 22
221.239.167.251 - - [19/Aug/2023:11:36:59 +0800] "GET /xingrg/kc/buy/cgsh_order_operate.html?command=get_materiel&rest_code=00145&code=00101011001&supplier_code=00100047&order_time=2023-08-19 HTTP/1.1" 200 423
116.238.191.126 - - [19/Aug/2023:11:37:00 +0800] "GET /xingrg/all/function/internal_message.html?_=1692416131528&CODE_STATE=getMsg HTTP/1.1" 200 27
116.232.195.127 - - [19/Aug/2023:11:37:04 +0800] "GET /xingrg/check_reg.html?_=1692416147847 HTTP/1.1" 200 22
222.67.237.86 - - [19/Aug/2023:11:37:04 +0800] "GET /xingrg/all/function/internal_message.html?_=1692415675096&CODE_STATE=getMsg HTTP/1.1" 200 27
222.69.129.152 - - [19/Aug/2023:11:37:08 +0800] "GET /xingrg/all/function/internal_message.html?_=1692416365643&CODE_STATE=getMsg HTTP/1.1" 200 27
221.239.167.251 - - [19/Aug/2023:11:37:12 +0800] "POST /xingrg/kc/buy/cgsh_order_operate.html HTTP/1.1" 200 37
116.232.195.127 - - [19/Aug/2023:11:37:15 +0800] "GET /xingrg/all/function/internal_message.html?_=1692416158791&CODE_STATE=getMsg HTTP/1.1" 200 27
222.70.180.200 - - [19/Aug/2023:11:37:15 +0800] "GET /xingrg/all/function/internal_message.html?_=1692416236983&CODE_STATE=getMsg HTTP/1.1" 200 27
222.70.180.200 - - [19/Aug/2023:11:37:17 +0800] "GET /xingrg/kc/buy/cgsh_order_operate.html?command=get_materiel&rest_code=00111&code=00101001138&supplier_code=00100199&order_time=2023-08-19 HTTP/1.1" 200 413
221.239.167.251 - - [19/Aug/2023:11:37:19 +0800] "POST /xingrg/kc/buy/cgsh_order_operate.html HTTP/1.1" 200 12
116.238.191.126 - - [19/Aug/2023:11:37:20 +0800] "GET /xingrg/kc/base/yddb_order_info.html?code=482023081700118 HTTP/1.1" 200 30605
116.238.191.126 - - [19/Aug/2023:11:37:20 +0800] "GET /xingrg/dwr/interface/AjaxComOrderService.js HTTP/1.1" 200 18264
116.238.191.126 - - [19/Aug/2023:11:37:20 +0800] "GET /xingrg/dwr/interface/AjaxYddbService.js HTTP/1.1" 200 13201
116.238.191.126 - - [19/Aug/2023:11:37:20 +0800] "GET /xingrg/dwr/engine.js HTTP/1.1" 200 43631
116.238.191.126 - - [19/Aug/2023:11:37:20 +0800] "POST /xingrg/dwr/call/plaincall/AjaxYddbService.loadMaterielItems.dwr HTTP/1.1" 200 394
180.152.241.196 - - [19/Aug/2023:11:37:21 +0800] "GET /xingrg/all/function/internal_message.html?_=1692416240330&CODE_STATE=getMsg HTTP/1.1" 200 27
120.253.135.82 - - [19/Aug/2023:11:37:21 +0800] "GET /xingrg/all/function/internal_message.html?_=1692416057042&CODE_STATE=getMsg HTTP/1.1" 200 27
116.238.191.126 - - [19/Aug/2023:11:37:22 +0800] "GET /xingrg/all/function/internal_message.html?_=1692416239939&CODE_STATE=getMsg HTTP/1.1" 200 27
221.239.167.251 - - [19/Aug/2023:11:37:22 +0800] "GET /xingrg/all/function/internal_message.html?_=1692416241490&CODE_STATE=getMsg HTTP/1.1" 200 27
116.235.244.168 - - [19/Aug/2023:11:37:23 +0800] "GET /xingrg/all/function/internal_message.html?_=1692416263341&CODE_STATE=getMsg HTTP/1.1" 200 27
114.83.216.47 - - [19/Aug/2023:11:37:23 +0800] "GET /xingrg/all/function/internal_message.html?_=1692416241571&CODE_STATE=getMsg HTTP/1.1" 200 27
221.239.167.251 - - [19/Aug/2023:11:37:25 +0800] "GET /xingrg/kc/buy/cgsh_order_info.html?code=212023081907681 HTTP/1.1" 200 66026
221.239.167.251 - - [19/Aug/2023:11:37:26 +0800] "GET /xingrg/javascript/easyui/themes/default/validatebox.css HTTP/1.1" 404 1104
180.169.147.146 - - [19/Aug/2023:11:37:27 +0800] "GET /xingrg/all/function/internal_message.html?_=1692416235630&CODE_STATE=getMsg HTTP/1.1" 200 27
221.239.167.251 - - [19/Aug/2023:11:37:27 +0800] "POST /xingrg/kc/buy/cgsh_order_operate.html HTTP/1.1" 200 618
221.239.167.251 - - [19/Aug/2023:11:37:29 +0800] "GET /xingrg/kc/print/load_data.html?order_code=212023081907681&kc_code=cgsh&condition= HTTP/1.1" 200 768
221.239.167.251 - - [19/Aug/2023:11:37:34 +0800] "GET /xingrg/kc/buy/cgsh_order_add.html HTTP/1.1" 200 71117
180.165.48.189 - - [19/Aug/2023:11:37:35 +0800] "GET /xingrg/all/function/internal_message.html?_=1692416254794&CODE_STATE=getMsg HTTP/1.1" 200 27
221.239.167.251 - - [19/Aug/2023:11:37:35 +0800] "GET /xingrg/javascript/easyui/themes/default/validatebox.css HTTP/1.1" 404 1104
221.239.167.251 - - [19/Aug/2023:11:37:35 +0800] "POST /xingrg/kc/buy/cgsh_order_operate.html HTTP/1.1" 200 8245
58.39.105.177 - - [19/Aug/2023:11:37:39 +0800] "GET /xingrg/all/function/internal_message.html?_=1692416260042&CODE_STATE=getMsg HTTP/1.1" 200 27
124.78.155.92 - - [19/Aug/2023:11:37:39 +0800] "GET /xingrg/all/function/internal_message.html?_=1692416257016&CODE_STATE=getMsg HTTP/1.1" 200 27
101.83.145.37 - - [19/Aug/2023:11:37:42 +0800] "GET /xingrg/all/function/internal_message.html?_=1692416060965&CODE_STATE=getMsg HTTP/1.1" 200 27
101.83.145.37 - - [19/Aug/2023:11:37:49 +0800] "GET /xingrg/all/function/internal_message.html?_=1692416271056&CODE_STATE=getMsg HTTP/1.1" 200 27
120.253.135.82 - - [19/Aug/2023:11:37:52 +0800] "GET /xingrg/all/function/internal_message.html?_=1692416412742&CODE_STATE=getMsg HTTP/1.1" 200 27
124.78.155.92 - - [19/Aug/2023:11:37:58 +0800] "GET /xingrg/all/function/internal_message.html?_=1692416273897&CODE_STATE=getMsg HTTP/1.1" 200 27
116.238.191.126 - - [19/Aug/2023:11:38:00 +0800] "GET /xingrg/all/function/internal_message.html?_=1692416191541&CODE_STATE=getMsg HTTP/1.1" 200 27
222.67.237.86 - - [19/Aug/2023:11:38:04 +0800] "GET /xingrg/all/function/internal_message.html?_=1692415735069&CODE_STATE=getMsg HTTP/1.1" 200 27
222.69.129.152 - - [19/Aug/2023:11:38:08 +0800] "GET /xingrg/all/function/internal_message.html?_=1692416425624&CODE_STATE=getMsg HTTP/1.1" 200 27
180.169.147.146 - - [19/Aug/2023:11:38:12 +0800] "POST /xingrg/kc/buy/cgsh_list_operate.html HTTP/1.1" 200 4
116.232.195.127 - - [19/Aug/2023:11:38:15 +0800] "GET /xingrg/all/function/internal_message.html?_=1692416218770&CODE_STATE=getMsg HTTP/1.1" 200 27
222.70.180.200 - - [19/Aug/2023:11:38:15 +0800] "GET /xingrg/all/function/internal_message.html?_=1692416296996&CODE_STATE=getMsg HTTP/1.1" 200 27
180.152.241.196 - - [19/Aug/2023:11:38:21 +0800] "GET /xingrg/all/function/internal_message.html?_=1692416300304&CODE_STATE=getMsg HTTP/1.1" 200 27
120.253.135.82 - - [19/Aug/2023:11:38:21 +0800] "GET /xingrg/all/function/internal_message.html?_=1692416117056&CODE_STATE=getMsg HTTP/1.1" 200 27
116.238.191.126 - - [19/Aug/2023:11:38:22 +0800] "GET /xingrg/all/function/internal_message.html?_=1692416299941&CODE_STATE=getMsg HTTP/1.1" 200 27
116.238.191.126 - - [19/Aug/2023:11:38:22 +0800] "GET /xingrg/check_reg.html?_=1692416299945 HTTP/1.1" 200 22
116.235.244.168 - - [19/Aug/2023:11:38:22 +0800] "GET /xingrg/check_reg.html?_=1692416322497 HTTP/1.1" 200 22
221.239.167.251 - - [19/Aug/2023:11:38:22 +0800] "GET /xingrg/all/function/internal_message.html?_=1692416301469&CODE_STATE=getMsg HTTP/1.1" 200 27
180.152.241.196 - - [19/Aug/2023:11:38:23 +0800] "GET /xingrg/check_reg.html?_=1692416302495 HTTP/1.1" 200 22
116.235.244.168 - - [19/Aug/2023:11:38:23 +0800] "GET /xingrg/all/function/internal_message.html?_=1692416323355&CODE_STATE=getMsg HTTP/1.1" 200 27
114.83.216.47 - - [19/Aug/2023:11:38:23 +0800] "GET /xingrg/all/function/internal_message.html?_=1692416301542&CODE_STATE=getMsg HTTP/1.1" 200 27
180.169.147.146 - - [19/Aug/2023:11:38:25 +0800] "POST /xingrg/kc/buy/cgsh_list_operate.html HTTP/1.1" 200 3154
180.169.147.146 - - [19/Aug/2023:11:38:27 +0800] "GET /xingrg/all/function/internal_message.html?_=1692416295604&CODE_STATE=getMsg HTTP/1.1" 200 27
180.169.147.146 - - [19/Aug/2023:11:38:30 +0800] "POST /xingrg/kc/buy/cgsh_list_operate.html HTTP/1.1" 200 591
180.165.48.189 - - [19/Aug/2023:11:38:35 +0800] "GET /xingrg/all/function/internal_message.html?_=1692416314765&CODE_STATE=getMsg HTTP/1.1" 200 27
180.165.48.189 - - [19/Aug/2023:11:38:37 +0800] "GET /xingrg/check_reg.html?_=1692416316684 HTTP/1.1" 200 22
58.39.105.177 - - [19/Aug/2023:11:38:39 +0800] "GET /xingrg/all/function/internal_message.html?_=1692416320026&CODE_STATE=getMsg HTTP/1.1" 200 27
124.78.155.92 - - [19/Aug/2023:11:38:39 +0800] "GET /xingrg/check_reg.html?_=1692416317041 HTTP/1.1" 200 22
124.78.155.92 - - [19/Aug/2023:11:38:39 +0800] "GET /xingrg/all/function/internal_message.html?_=1692416317043&CODE_STATE=getMsg HTTP/1.1" 200 27
101.83.145.37 - - [19/Aug/2023:11:38:42 +0800] "GET /xingrg/all/function/internal_message.html?_=1692416120951&CODE_STATE=getMsg HTTP/1.1" 200 27
101.83.145.37 - - [19/Aug/2023:11:38:49 +0800] "GET /xingrg/all/function/internal_message.html?_=1692416331032&CODE_STATE=getMsg HTTP/1.1" 200 27
120.253.135.82 - - [19/Aug/2023:11:38:52 +0800] "GET /xingrg/all/function/internal_message.html?_=1692416472735&CODE_STATE=getMsg HTTP/1.1" 200 27
180.169.147.146 - - [19/Aug/2023:11:38:57 +0800] "POST /xingrg/kc/buy/cgsh_list_operate.html HTTP/1.1" 200 4
124.78.155.92 - - [19/Aug/2023:11:38:58 +0800] "GET /xingrg/all/function/internal_message.html?_=1692416333883&CODE_STATE=getMsg HTTP/1.1" 200 27
222.70.180.200 - - [19/Aug/2023:11:38:58 +0800] "GET /xingrg/kc/buy/cgsh_order_operate.html?command=get_materiel&rest_code=00111&code=00101001136&supplier_code=00100199&order_time=2023-08-19 HTTP/1.1" 200 413
116.238.191.126 - - [19/Aug/2023:11:39:00 +0800] "GET /xingrg/all/function/internal_message.html?_=1692416251555&CODE_STATE=getMsg HTTP/1.1" 200 27
222.67.237.86 - - [19/Aug/2023:11:39:04 +0800] "GET /xingrg/all/function/internal_message.html?_=1692415795038&CODE_STATE=getMsg HTTP/1.1" 200 27
222.69.129.152 - - [19/Aug/2023:11:39:08 +0800] "GET /xingrg/all/function/internal_message.html?_=1692416485618&CODE_STATE=getMsg HTTP/1.1" 200 27
114.83.216.47 - - [19/Aug/2023:11:39:11 +0800] "GET /xingrg/check_reg.html?_=1692416348728 HTTP/1.1" 200 22
116.232.195.127 - - [19/Aug/2023:11:39:15 +0800] "GET /xingrg/all/function/internal_message.html?_=1692416278760&CODE_STATE=getMsg HTTP/1.1" 200 27
222.70.180.200 - - [19/Aug/2023:11:39:15 +0800] "GET /xingrg/all/function/internal_message.html?_=1692416356988&CODE_STATE=getMsg HTTP/1.1" 200 27
222.70.180.200 - - [19/Aug/2023:11:39:15 +0800] "GET /xingrg/check_reg.html?_=1692416357057 HTTP/1.1" 200 22
180.152.241.196 - - [19/Aug/2023:11:39:21 +0800] "GET /xingrg/all/function/internal_message.html?_=1692416360290&CODE_STATE=getMsg HTTP/1.1" 200 27
120.253.135.82 - - [19/Aug/2023:11:39:21 +0800] "GET /xingrg/all/function/internal_message.html?_=1692416177076&CODE_STATE=getMsg HTTP/1.1" 200 27
116.238.191.126 - - [19/Aug/2023:11:39:22 +0800] "GET /xingrg/all/function/internal_message.html?_=1692416359948&CODE_STATE=getMsg HTTP/1.1" 200 27
221.239.167.251 - - [19/Aug/2023:11:39:22 +0800] "GET /xingrg/all/function/internal_message.html?_=1692416361485&CODE_STATE=getMsg HTTP/1.1" 200 27
116.235.244.168 - - [19/Aug/2023:11:39:23 +0800] "GET /xingrg/all/function/internal_message.html?_=1692416383555&CODE_STATE=getMsg HTTP/1.1" 200 27
114.83.216.47 - - [19/Aug/2023:11:39:23 +0800] "GET /xingrg/all/function/internal_message.html?_=1692416361523&CODE_STATE=getMsg HTTP/1.1" 200 27
180.169.147.146 - - [19/Aug/2023:11:39:32 +0800] "POST /xingrg/kc/buy/cgsh_list_operate.html HTTP/1.1" 200 986
180.165.48.189 - - [19/Aug/2023:11:39:35 +0800] "GET /xingrg/all/function/internal_message.html?_=1692416374758&CODE_STATE=getMsg HTTP/1.1" 200 27
58.39.105.177 - - [19/Aug/2023:11:39:39 +0800] "GET /xingrg/all/function/internal_message.html?_=1692416380026&CODE_STATE=getMsg HTTP/1.1" 200 27
124.78.155.92 - - [19/Aug/2023:11:39:39 +0800] "GET /xingrg/all/function/internal_message.html?_=1692416377042&CODE_STATE=getMsg HTTP/1.1" 200 27
58.39.105.177 - - [19/Aug/2023:11:39:39 +0800] "GET /xingrg/check_reg.html?_=1692416380367 HTTP/1.1" 200 22
101.83.145.37 - - [19/Aug/2023:11:39:42 +0800] "GET /xingrg/all/function/internal_message.html?_=1692416180936&CODE_STATE=getMsg HTTP/1.1" 200 27
222.70.180.200 - - [19/Aug/2023:11:39:44 +0800] "POST /xingrg/services/DataTransmitService HTTP/1.1" 200 524
222.70.180.200 - - [19/Aug/2023:11:39:46 +0800] "POST /xingrg/services/DataTransmitService HTTP/1.1" 200 412
101.83.145.37 - - [19/Aug/2023:11:39:49 +0800] "GET /xingrg/all/function/internal_message.html?_=1692416391005&CODE_STATE=getMsg HTTP/1.1" 200 27
120.253.135.82 - - [19/Aug/2023:11:39:52 +0800] "GET /xingrg/all/function/internal_message.html?_=1692416532747&CODE_STATE=getMsg HTTP/1.1" 200 27
101.83.145.37 - - [19/Aug/2023:11:39:52 +0800] "GET /xingrg/check_reg.html?_=1692416394006 HTTP/1.1" 200 22
124.78.155.92 - - [19/Aug/2023:11:39:58 +0800] "GET /xingrg/all/function/internal_message.html?_=1692416393854&CODE_STATE=getMsg HTTP/1.1" 200 27
180.163.28.55 - - [19/Aug/2023:11:39:58 +0800] "GET /xingrg/all/function/internal_message.html?_=1692416333883&CODE_STATE=getMsg HTTP/1.1" 302 -
180.163.28.55 - - [19/Aug/2023:11:39:58 +0800] "GET /xingrg/login.html HTTP/1.1" 200 7641
124.78.155.92 - - [19/Aug/2023:11:39:59 +0800] "GET /xingrg/check_reg.html?_=1692416394981 HTTP/1.1" 200 22
116.238.191.126 - - [19/Aug/2023:11:40:00 +0800] "GET /xingrg/all/function/internal_message.html?_=1692416311573&CODE_STATE=getMsg HTTP/1.1" 200 27
222.67.237.86 - - [19/Aug/2023:11:40:04 +0800] "GET /xingrg/all/function/internal_message.html?_=1692415855019&CODE_STATE=getMsg HTTP/1.1" 200 27
222.67.237.86 - - [19/Aug/2023:11:40:05 +0800] "GET /xingrg/check_reg.html?_=1692415856353 HTTP/1.1" 200 22
222.69.129.152 - - [19/Aug/2023:11:40:08 +0800] "GET /xingrg/all/function/internal_message.html?_=1692416545610&CODE_STATE=getMsg HTTP/1.1" 200 27
116.232.195.127 - - [19/Aug/2023:11:40:15 +0800] "GET /xingrg/all/function/internal_message.html?_=1692416338737&CODE_STATE=getMsg HTTP/1.1" 200 27
222.70.180.200 - - [19/Aug/2023:11:40:15 +0800] "GET /xingrg/all/function/internal_message.html?_=1692416416986&CODE_STATE=getMsg HTTP/1.1" 200 27
180.152.241.196 - - [19/Aug/2023:11:40:21 +0800] "GET /xingrg/all/function/internal_message.html?_=1692416420286&CODE_STATE=getMsg HTTP/1.1" 200 27
120.253.135.82 - - [19/Aug/2023:11:40:21 +0800] "GET /xingrg/all/function/internal_message.html?_=1692416237083&CODE_STATE=getMsg HTTP/1.1" 200 27
116.238.191.126 - - [19/Aug/2023:11:40:22 +0800] "GET /xingrg/all/function/internal_message.html?_=1692416419949&CODE_STATE=getMsg HTTP/1.1" 200 27
221.239.167.251 - - [19/Aug/2023:11:40:22 +0800] "GET /xingrg/all/function/internal_message.html?_=1692416421423&CODE_STATE=getMsg HTTP/1.1" 200 27
221.239.167.251 - - [19/Aug/2023:11:40:23 +0800] "GET /xingrg/check_reg.html?_=1692416421628 HTTP/1.1" 200 22
116.235.244.168 - - [19/Aug/2023:11:40:23 +0800] "GET /xingrg/all/function/internal_message.html?_=1692416443569&CODE_STATE=getMsg HTTP/1.1" 200 27
114.83.216.47 - - [19/Aug/2023:11:40:23 +0800] "GET /xingrg/all/function/internal_message.html?_=1692416421505&CODE_STATE=getMsg HTTP/1.1" 200 27
180.169.147.146 - - [19/Aug/2023:11:40:27 +0800] "GET /xingrg/all/function/internal_message.html?_=1692416415608&CODE_STATE=getMsg HTTP/1.1" 200 27
180.165.48.189 - - [19/Aug/2023:11:40:35 +0800] "GET /xingrg/all/function/internal_message.html?_=1692416434734&CODE_STATE=getMsg HTTP/1.1" 200 27
58.39.105.177 - - [19/Aug/2023:11:40:39 +0800] "GET /xingrg/all/function/internal_message.html?_=1692416440020&CODE_STATE=getMsg HTTP/1.1" 200 27
124.78.155.92 - - [19/Aug/2023:11:40:39 +0800] "GET /xingrg/all/function/internal_message.html?_=1692416437042&CODE_STATE=getMsg HTTP/1.1" 200 27
101.83.145.37 - - [19/Aug/2023:11:40:42 +0800] "GET /xingrg/all/function/internal_message.html?_=1692416240921&CODE_STATE=getMsg HTTP/1.1" 200 27
101.83.145.37 - - [19/Aug/2023:11:40:42 +0800] "GET /xingrg/check_reg.html?_=1692416241330 HTTP/1.1" 200 22
101.83.145.37 - - [19/Aug/2023:11:40:49 +0800] "GET /xingrg/all/function/internal_message.html?_=1692416450978&CODE_STATE=getMsg HTTP/1.1" 200 27
120.253.135.82 - - [19/Aug/2023:11:40:52 +0800] "GET /xingrg/all/function/internal_message.html?_=1692416592754&CODE_STATE=getMsg HTTP/1.1" 200 27
124.78.155.92 - - [19/Aug/2023:11:40:58 +0800] "GET /xingrg/all/function/internal_message.html?_=1692416453830&CODE_STATE=getMsg HTTP/1.1" 200 27
116.238.191.126 - - [19/Aug/2023:11:41:00 +0800] "GET /xingrg/check_reg.html?_=1692416371523 HTTP/1.1" 200 22
116.238.191.126 - - [19/Aug/2023:11:41:00 +0800] "GET /xingrg/all/function/internal_message.html?_=1692416371584&CODE_STATE=getMsg HTTP/1.1" 200 27
222.67.237.86 - - [19/Aug/2023:11:41:04 +0800] "GET /xingrg/all/function/internal_message.html?_=1692415915000&CODE_STATE=getMsg HTTP/1.1" 200 27
222.69.129.152 - - [19/Aug/2023:11:41:08 +0800] "GET /xingrg/all/function/internal_message.html?_=1692416605588&CODE_STATE=getMsg HTTP/1.1" 200 27
116.232.195.127 - - [19/Aug/2023:11:41:14 +0800] "GET /xingrg/all/function/internal_message.html?_=1692416398713&CODE_STATE=getMsg HTTP/1.1" 200 27
222.70.180.200 - - [19/Aug/2023:11:41:15 +0800] "GET /xingrg/all/function/internal_message.html?_=1692416476990&CODE_STATE=getMsg HTTP/1.1" 200 27
180.152.241.196 - - [19/Aug/2023:11:41:21 +0800] "GET /xingrg/all/function/internal_message.html?_=1692416480258&CODE_STATE=getMsg HTTP/1.1" 200 27
120.253.135.82 - - [19/Aug/2023:11:41:21 +0800] "GET /xingrg/check_reg.html?_=1692416296751 HTTP/1.1" 200 22
120.253.135.82 - - [19/Aug/2023:11:41:21 +0800] "GET /xingrg/all/function/internal_message.html?_=1692416297097&CODE_STATE=getMsg HTTP/1.1" 200 27
116.238.191.126 - - [19/Aug/2023:11:41:22 +0800] "GET /xingrg/all/function/internal_message.html?_=1692416479950&CODE_STATE=getMsg HTTP/1.1" 200 27
221.239.167.251 - - [19/Aug/2023:11:41:22 +0800] "GET /xingrg/all/function/internal_message.html?_=1692416481409&CODE_STATE=getMsg HTTP/1.1" 200 27
114.83.216.47 - - [19/Aug/2023:11:41:23 +0800] "GET /xingrg/all/function/internal_message.html?_=1692416481490&CODE_STATE=getMsg HTTP/1.1" 200 27
116.235.244.168 - - [19/Aug/2023:11:41:24 +0800] "GET /xingrg/all/function/internal_message.html?_=1692416503831&CODE_STATE=getMsg HTTP/1.1" 200 27
180.169.147.146 - - [19/Aug/2023:11:41:27 +0800] "GET /xingrg/all/function/internal_message.html?_=1692416475592&CODE_STATE=getMsg HTTP/1.1" 200 27
180.165.48.189 - - [19/Aug/2023:11:41:35 +0800] "GET /xingrg/all/function/internal_message.html?_=1692416494715&CODE_STATE=getMsg HTTP/1.1" 200 27
222.70.180.200 - - [19/Aug/2023:11:41:39 +0800] "POST /xingrg/kc/buy/cgsh_order_operate.html HTTP/1.1" 200 37
58.39.105.177 - - [19/Aug/2023:11:41:39 +0800] "GET /xingrg/all/function/internal_message.html?_=1692416500002&CODE_STATE=getMsg HTTP/1.1" 200 27
124.78.155.92 - - [19/Aug/2023:11:41:39 +0800] "GET /xingrg/all/function/internal_message.html?_=1692416497043&CODE_STATE=getMsg HTTP/1.1" 200 27
101.83.145.37 - - [19/Aug/2023:11:41:41 +0800] "GET /xingrg/all/function/internal_message.html?_=1692416300893&CODE_STATE=getMsg HTTP/1.1" 200 27
222.70.180.200 - - [19/Aug/2023:11:41:42 +0800] "POST /xingrg/kc/buy/cgsh_order_operate.html HTTP/1.1" 200 6819
222.70.180.200 - - [19/Aug/2023:11:41:47 +0800] "GET /xingrg/kc/print/load_data.html?order_code=212023081907682&kc_code=cgsh&condition= HTTP/1.1" 200 2246
101.83.145.37 - - [19/Aug/2023:11:41:49 +0800] "GET /xingrg/all/function/internal_message.html?_=1692416510950&CODE_STATE=getMsg HTTP/1.1" 200 27
120.253.135.82 - - [19/Aug/2023:11:41:52 +0800] "GET /xingrg/all/function/internal_message.html?_=1692416652752&CODE_STATE=getMsg HTTP/1.1" 200 27
120.253.135.82 - - [19/Aug/2023:11:41:52 +0800] "GET /xingrg/check_reg.html?_=1692416652754 HTTP/1.1" 200 22
124.78.155.92 - - [19/Aug/2023:11:41:58 +0800] "GET /xingrg/all/function/internal_message.html?_=1692416513801&CODE_STATE=getMsg HTTP/1.1" 200 27
222.69.129.152 - - [19/Aug/2023:11:41:58 +0800] "GET /xingrg/check_reg.html?_=1692416655384 HTTP/1.1" 200 22
116.238.191.126 - - [19/Aug/2023:11:42:00 +0800] "GET /xingrg/all/function/internal_message.html?_=1692416431595&CODE_STATE=getMsg HTTP/1.1" 200 27
221.239.167.251 - - [19/Aug/2023:11:42:03 +0800] "GET /xingrg/kc/buy/cgsh_order_operate.html?command=get_materiel&rest_code=00145&code=00101018011&supplier_code=00100207&order_time=2023-08-19 HTTP/1.1" 200 413
222.67.237.86 - - [19/Aug/2023:11:42:04 +0800] "GET /xingrg/all/function/internal_message.html?_=1692415974974&CODE_STATE=getMsg HTTP/1.1" 200 27
116.232.195.127 - - [19/Aug/2023:11:42:04 +0800] "GET /xingrg/check_reg.html?_=1692416447834 HTTP/1.1" 200 22
222.70.180.200 - - [19/Aug/2023:11:42:06 +0800] "GET /xingrg/kc/buy/cgsh_order_add.html HTTP/1.1" 200 71872
222.70.180.200 - - [19/Aug/2023:11:42:06 +0800] "POST /xingrg/kc/buy/cgsh_order_operate.html HTTP/1.1" 200 8245
222.70.180.200 - - [19/Aug/2023:11:42:06 +0800] "GET /xingrg/javascript/easyui/themes/default/validatebox.css HTTP/1.1" 404 1104
222.69.129.152 - - [19/Aug/2023:11:42:08 +0800] "GET /xingrg/all/function/internal_message.html?_=1692416665573&CODE_STATE=getMsg HTTP/1.1" 200 27
116.232.195.127 - - [19/Aug/2023:11:42:14 +0800] "GET /xingrg/all/function/internal_message.html?_=1692416458698&CODE_STATE=getMsg HTTP/1.1" 200 27
222.70.180.200 - - [19/Aug/2023:11:42:15 +0800] "GET /xingrg/all/function/internal_message.html?_=1692416537021&CODE_STATE=getMsg HTTP/1.1" 200 27
180.152.241.196 - - [19/Aug/2023:11:42:21 +0800] "GET /xingrg/all/function/internal_message.html?_=1692416540257&CODE_STATE=getMsg HTTP/1.1" 200 27
120.253.135.82 - - [19/Aug/2023:11:42:21 +0800] "GET /xingrg/all/function/internal_message.html?_=1692416357110&CODE_STATE=getMsg HTTP/1.1" 200 27
116.238.191.126 - - [19/Aug/2023:11:42:22 +0800] "GET /xingrg/all/function/internal_message.html?_=1692416539950&CODE_STATE=getMsg HTTP/1.1" 200 27
221.239.167.251 - - [19/Aug/2023:11:42:22 +0800] "GET /xingrg/all/function/internal_message.html?_=1692416541383&CODE_STATE=getMsg HTTP/1.1" 200 27
114.83.216.47 - - [19/Aug/2023:11:42:23 +0800] "GET /xingrg/all/function/internal_message.html?_=1692416541475&CODE_STATE=getMsg HTTP/1.1" 200 27
221.239.167.251 - - [19/Aug/2023:11:42:23 +0800] "GET /xingrg/kc/buy/cgsh_order_operate.html?command=get_materiel&rest_code=00145&code=00101006088&supplier_code=00100207&order_time=2023-08-19 HTTP/1.1" 200 409
116.235.244.168 - - [19/Aug/2023:11:42:24 +0800] "GET /xingrg/all/function/internal_message.html?_=1692416563848&CODE_STATE=getMsg HTTP/1.1" 200 27
180.169.147.146 - - [19/Aug/2023:11:42:26 +0800] "GET /xingrg/all/function/internal_message.html?_=1692416535576&CODE_STATE=getMsg HTTP/1.1" 200 27
222.70.180.200 - - [19/Aug/2023:11:42:31 +0800] "GET /xingrg/kc/buy/cgsh_order_operate.html?command=get_materiel&rest_code=00111&code=00101005037&supplier_code=00100042&order_time=2023-08-19 HTTP/1.1" 200 409
180.165.48.189 - - [19/Aug/2023:11:42:35 +0800] "GET /xingrg/all/function/internal_message.html?_=1692416554697&CODE_STATE=getMsg HTTP/1.1" 200 27
58.39.105.177 - - [19/Aug/2023:11:42:39 +0800] "GET /xingrg/all/function/internal_message.html?_=1692416559984&CODE_STATE=getMsg HTTP/1.1" 200 27
124.78.155.92 - - [19/Aug/2023:11:42:39 +0800] "GET /xingrg/all/function/internal_message.html?_=1692416557042&CODE_STATE=getMsg HTTP/1.1" 200 27
