222.69.129.152 - - [19/Aug/2023:09:36:01 +0800] "GET /xingrg/kc/buy/cgsh_order_operate.html?command=get_materiel&rest_code=00154&code=00101006252&supplier_code=00100501&order_time=2023-08-19 HTTP/1.1" 200 411
180.165.48.189 - - [19/Aug/2023:09:36:02 +0800] "GET /xingrg/kc/buy/cgsh_order_operate.html?command=get_materiel&rest_code=00108&code=00101006109&supplier_code=00100012&order_time=2023-08-19 HTTP/1.1" 200 409
222.67.237.86 - - [19/Aug/2023:09:36:05 +0800] "POST /xingrg/kc/buy/cgsh_list_operate.html HTTP/1.1" 200 2282
222.69.129.152 - - [19/Aug/2023:09:36:05 +0800] "GET /xingrg/all/function/internal_message.html?_=1692409102419&CODE_STATE=getMsg HTTP/1.1" 200 27
116.238.191.126 - - [19/Aug/2023:09:36:06 +0800] "GET /xingrg/all/function/internal_message.html?_=1692408878027&CODE_STATE=getMsg HTTP/1.1" 200 27
222.67.237.86 - - [19/Aug/2023:09:36:10 +0800] "POST /xingrg/kc/buy/cgsh_list_operate.html HTTP/1.1" 200 440
116.232.195.127 - - [19/Aug/2023:09:36:11 +0800] "GET /xingrg/all/function/internal_message.html?_=1692408894935&CODE_STATE=getMsg HTTP/1.1" 200 27
222.67.237.86 - - [19/Aug/2023:09:36:12 +0800] "GET /xingrg/kc/buy/cgsh_order_info.html?code=212023081907625 HTTP/1.1" 200 71931
222.67.237.86 - - [19/Aug/2023:09:36:12 +0800] "GET /xingrg/javascript/easyui/themes/default/validatebox.css HTTP/1.1" 404 1104
222.67.237.86 - - [19/Aug/2023:09:36:12 +0800] "GET /xingrg/all/common/auto_word.html?type=employee&rest_code=00141 HTTP/1.1" 200 201
222.67.237.86 - - [19/Aug/2023:09:36:13 +0800] "GET /xingrg/all/common/auto_word.html?type=employee&rest_code=00141 HTTP/1.1" 200 201
222.67.237.86 - - [19/Aug/2023:09:36:14 +0800] "POST /xingrg/kc/buy/cgsh_order_operate.html HTTP/1.1" 200 4451
222.70.180.200 - - [19/Aug/2023:09:36:14 +0800] "GET /xingrg/kc/buy/cgsh_order_operate.html?command=get_materiel&rest_code=00111&code=00101008360&supplier_code=00100005&order_time=2023-08-19 HTTP/1.1" 200 412
114.83.216.47 - - [19/Aug/2023:09:36:14 +0800] "GET /xingrg/all/function/internal_message.html?_=1692408972243&CODE_STATE=getMsg HTTP/1.1" 200 27
222.70.180.200 - - [19/Aug/2023:09:36:15 +0800] "GET /xingrg/all/function/internal_message.html?_=1692408976882&CODE_STATE=getMsg HTTP/1.1" 200 27
222.67.237.86 - - [19/Aug/2023:09:36:18 +0800] "GET /xingrg/javascript/auto/indicator.gif HTTP/1.1" 404 1066
222.69.129.152 - - [19/Aug/2023:09:36:20 +0800] "POST /xingrg/kc/buy/cgsh_order_operate.html HTTP/1.1" 200 37
116.238.191.126 - - [19/Aug/2023:09:36:21 +0800] "GET /xingrg/all/function/internal_message.html?_=1692408979672&CODE_STATE=getMsg HTTP/1.1" 200 27
180.165.48.189 - - [19/Aug/2023:09:36:25 +0800] "GET /xingrg/kc/buy/cgsh_order_operate.html?command=get_materiel&rest_code=00108&code=00101006129&supplier_code=00100012&order_time=2023-08-19 HTTP/1.1" 200 439
222.67.237.86 - - [19/Aug/2023:09:36:25 +0800] "GET /xingrg/kc/buy/cgsh_order_operate.html?command=get_materiel&rest_code=00141&code=00101007181&supplier_code=00100004&order_time=2023-08-19 HTTP/1.1" 200 412
180.165.48.189 - - [19/Aug/2023:09:36:34 +0800] "GET /xingrg/kc/buy/cgsh_order_operate.html?command=get_materiel&rest_code=00108&code=00101006006&supplier_code=00100012&order_time=2023-08-19 HTTP/1.1" 200 408
222.69.129.152 - - [19/Aug/2023:09:36:35 +0800] "POST /xingrg/kc/buy/cgsh_order_operate.html HTTP/1.1" 200 12
180.165.48.189 - - [19/Aug/2023:09:36:36 +0800] "GET /xingrg/all/function/internal_message.html?_=1692408996664&CODE_STATE=getMsg HTTP/1.1" 200 27
222.69.129.152 - - [19/Aug/2023:09:36:39 +0800] "GET /xingrg/kc/buy/cgsh_order_info.html?code=212023081907626 HTTP/1.1" 200 66039
222.69.129.152 - - [19/Aug/2023:09:36:40 +0800] "GET /xingrg/javascript/easyui/themes/default/validatebox.css HTTP/1.1" 404 1104
222.69.129.152 - - [19/Aug/2023:09:36:41 +0800] "POST /xingrg/kc/buy/cgsh_order_operate.html HTTP/1.1" 200 605
180.165.48.189 - - [19/Aug/2023:09:36:46 +0800] "GET /xingrg/kc/buy/cgsh_order_operate.html?command=get_materiel&rest_code=00108&code=00101001311&supplier_code=00100012&order_time=2023-08-19 HTTP/1.1" 200 399
222.67.237.86 - - [19/Aug/2023:09:36:47 +0800] "GET /xingrg/kc/buy/cgsh_order_operate.html?command=get_materiel&rest_code=00141&code=00101007024&supplier_code=00100004&order_time=2023-08-19 HTTP/1.1" 200 415
101.83.145.37 - - [19/Aug/2023:09:36:52 +0800] "GET /xingrg/all/function/internal_message.html?_=1692409013611&CODE_STATE=getMsg HTTP/1.1" 200 27
180.152.241.196 - - [19/Aug/2023:09:36:54 +0800] "GET /xingrg/kc/buy/cgsh_order_info.html?code=212023081907624 HTTP/1.1" 200 66862
180.152.241.196 - - [19/Aug/2023:09:36:54 +0800] "GET /xingrg/javascript/easyui/themes/default/validatebox.css HTTP/1.1" 404 1104
116.232.195.127 - - [19/Aug/2023:09:36:54 +0800] "GET /xingrg/index.html?sysBaseUrl=http%3A%2F%2F180.169.147.146%3A18081%2Fxingrg%2F&costTime=1277×tamp=1606817596806 HTTP/1.1" 302 -
116.232.195.127 - - [19/Aug/2023:09:36:54 +0800] "GET /xingrg/login.html HTTP/1.1" 200 7641
116.232.195.127 - - [19/Aug/2023:09:36:55 +0800] "GET /favicon.ico HTTP/1.1" 404 -
222.67.237.86 - - [19/Aug/2023:09:36:56 +0800] "GET /xingrg/all/function/internal_message.html?_=1692408466774&CODE_STATE=getMsg HTTP/1.1" 200 27
180.152.241.196 - - [19/Aug/2023:09:36:56 +0800] "POST /xingrg/kc/buy/cgsh_order_operate.html HTTP/1.1" 200 4764
222.70.180.200 - - [19/Aug/2023:09:36:58 +0800] "GET /xingrg/kc/buy/cgsh_order_operate.html?command=get_materiel&rest_code=00111&code=00101008270&supplier_code=00100005&order_time=2023-08-19 HTTP/1.1" 200 414
116.232.195.127 - - [19/Aug/2023:09:37:02 +0800] "POST /xingrg/login.do HTTP/1.1" 302 -
180.165.48.189 - - [19/Aug/2023:09:37:03 +0800] "POST /xingrg/kc/buy/cgsh_order_operate.html HTTP/1.1" 200 37
116.232.195.127 - - [19/Aug/2023:09:37:03 +0800] "GET /xingrg/index.html?sysBaseUrl=http%3A%2F%2F180.169.147.146%3A18081%2Fxingrg%2F&costTime=1004×tamp=1692409022980 HTTP/1.1" 200 17179
116.232.195.127 - - [19/Aug/2023:09:37:03 +0800] "GET /favicon.ico HTTP/1.1" 404 -
116.232.195.127 - - [19/Aug/2023:09:37:03 +0800] "GET /xingrg/check_reg.html?_=1692408947348 HTTP/1.1" 200 22
116.232.195.127 - - [19/Aug/2023:09:37:03 +0800] "GET /xingrg/all/function/internal_message.html?_=1692408947347&CODE_STATE=count HTTP/1.1" 200 11
116.232.195.127 - - [19/Aug/2023:09:37:03 +0800] "POST /xingrg/all/common/load_tree.html?tree=area_rest_tree_json&manage=1 HTTP/1.1" 200 351
116.232.195.127 - - [19/Aug/2023:09:37:03 +0800] "POST /xingrg/load_menu.html HTTP/1.1" 200 5138
222.69.129.152 - - [19/Aug/2023:09:37:05 +0800] "GET /xingrg/all/function/internal_message.html?_=1692409162411&CODE_STATE=getMsg HTTP/1.1" 200 27
180.165.48.189 - - [19/Aug/2023:09:37:06 +0800] "POST /xingrg/kc/buy/cgsh_order_operate.html HTTP/1.1" 200 5043
116.232.195.127 - - [19/Aug/2023:09:37:06 +0800] "GET /xingrg/kc/buy/buy_main.html HTTP/1.1" 200 12412
116.232.195.127 - - [19/Aug/2023:09:37:06 +0800] "GET /xingrg/css/new_ie.css HTTP/1.1" 404 1036
116.238.191.126 - - [19/Aug/2023:09:37:06 +0800] "GET /xingrg/all/function/internal_message.html?_=1692408938106&CODE_STATE=getMsg HTTP/1.1" 200 27
116.232.195.127 - - [19/Aug/2023:09:37:06 +0800] "GET /xingrg/images/yd/bt.gif HTTP/1.1" 404 1040
116.232.195.127 - - [19/Aug/2023:09:37:08 +0800] "GET /xingrg/kc/buy/cgsh_order_list.html HTTP/1.1" 200 56146
180.165.48.189 - - [19/Aug/2023:09:37:08 +0800] "GET /xingrg/kc/print/load_data.html?order_code=212023081907627&kc_code=cgsh&condition= HTTP/1.1" 200 1695
116.232.195.127 - - [19/Aug/2023:09:37:10 +0800] "POST /xingrg/kc/buy/cgsh_list_operate.html HTTP/1.1" 200 986
116.232.195.127 - - [19/Aug/2023:09:37:13 +0800] "GET /xingrg/kc/buy/cgsh_order_add.html HTTP/1.1" 200 71969
180.165.48.189 - - [19/Aug/2023:09:37:13 +0800] "GET /xingrg/kc/buy/cgsh_order_add.html HTTP/1.1" 200 72014
116.232.195.127 - - [19/Aug/2023:09:37:14 +0800] "POST /xingrg/kc/buy/cgsh_order_operate.html HTTP/1.1" 200 8245
116.232.195.127 - - [19/Aug/2023:09:37:14 +0800] "GET /xingrg/javascript/easyui/themes/default/validatebox.css HTTP/1.1" 404 1104
180.165.48.189 - - [19/Aug/2023:09:37:14 +0800] "POST /xingrg/kc/buy/cgsh_order_operate.html HTTP/1.1" 200 8245
116.232.195.127 - - [19/Aug/2023:09:37:14 +0800] "GET /xingrg/all/common/auto_word.html?type=employee&rest_code=00155 HTTP/1.1" 200 255
180.165.48.189 - - [19/Aug/2023:09:37:14 +0800] "GET /xingrg/javascript/easyui/themes/default/validatebox.css HTTP/1.1" 404 1104
116.232.195.127 - - [19/Aug/2023:09:37:14 +0800] "GET /xingrg/all/common/auto_word.html?type=employee&rest_code=00155 HTTP/1.1" 200 255
114.83.216.47 - - [19/Aug/2023:09:37:14 +0800] "GET /xingrg/all/function/internal_message.html?_=1692409032221&CODE_STATE=getMsg HTTP/1.1" 200 27
114.83.216.47 - - [19/Aug/2023:09:37:14 +0800] "GET /xingrg/check_reg.html?_=1692409032412 HTTP/1.1" 200 22
222.70.180.200 - - [19/Aug/2023:09:37:15 +0800] "GET /xingrg/all/function/internal_message.html?_=1692409036879&CODE_STATE=getMsg HTTP/1.1" 200 27
116.232.195.127 - - [19/Aug/2023:09:37:16 +0800] "GET /xingrg/javascript/auto/indicator.gif HTTP/1.1" 404 1066
222.67.237.86 - - [19/Aug/2023:09:37:17 +0800] "GET /xingrg/kc/buy/cgsh_order_operate.html?command=get_materiel&rest_code=00141&code=00101006259&supplier_code=00100004&order_time=2023-08-19 HTTP/1.1" 200 409
116.238.191.126 - - [19/Aug/2023:09:37:21 +0800] "GET /xingrg/all/function/internal_message.html?_=1692409039674&CODE_STATE=getMsg HTTP/1.1" 200 27
180.152.241.196 - - [19/Aug/2023:09:37:23 +0800] "GET /xingrg/all/function/internal_message.html?_=1692409042280&CODE_STATE=getMsg HTTP/1.1" 200 27
180.165.48.189 - - [19/Aug/2023:09:37:27 +0800] "GET /xingrg/kc/buy/cgsh_order_operate.html?command=get_materiel&rest_code=00108&code=00101023022&supplier_code=00100036&order_time=2023-08-19 HTTP/1.1" 200 406
222.69.129.152 - - [19/Aug/2023:09:37:28 +0800] "GET /xingrg/kc/buy/cgsh_order_add.html HTTP/1.1" 200 71126
222.69.129.152 - - [19/Aug/2023:09:37:28 +0800] "POST /xingrg/kc/buy/cgsh_order_operate.html HTTP/1.1" 200 8245
116.232.195.127 - - [19/Aug/2023:09:37:28 +0800] "GET /xingrg/javascript/jquery_tools/images/prev.gif HTTP/1.1" 404 1086
116.232.195.127 - - [19/Aug/2023:09:37:28 +0800] "GET /xingrg/javascript/jquery_tools/images/next.gif HTTP/1.1" 404 1086
222.69.129.152 - - [19/Aug/2023:09:37:28 +0800] "GET /xingrg/javascript/easyui/themes/default/validatebox.css HTTP/1.1" 404 1104
180.165.48.189 - - [19/Aug/2023:09:37:36 +0800] "GET /xingrg/all/function/internal_message.html?_=1692409056631&CODE_STATE=getMsg HTTP/1.1" 200 27
222.67.237.86 - - [19/Aug/2023:09:37:37 +0800] "POST /xingrg/kc/buy/cgsh_order_operate.html HTTP/1.1" 200 37
180.165.48.189 - - [19/Aug/2023:09:37:39 +0800] "GET /xingrg/kc/buy/cgsh_order_operate.html?command=get_materiel&rest_code=00108&code=00101011004&supplier_code=00100036&order_time=2023-08-19 HTTP/1.1" 200 412
116.232.195.127 - - [19/Aug/2023:09:37:41 +0800] "GET /xingrg/kc/buy/cgsh_order_operate.html?command=get_materiel&rest_code=00155&code=00101008261&supplier_code=00100005&order_time=2023-08-19 HTTP/1.1" 200 408
222.67.237.86 - - [19/Aug/2023:09:37:44 +0800] "POST /xingrg/kc/buy/cgsh_order_operate.html HTTP/1.1" 200 12
222.67.237.86 - - [19/Aug/2023:09:37:47 +0800] "GET /xingrg/kc/buy/cgsh_order_info.html?code=212023081907625 HTTP/1.1" 200 66831
222.67.237.86 - - [19/Aug/2023:09:37:48 +0800] "GET /xingrg/javascript/easyui/themes/default/validatebox.css HTTP/1.1" 404 1104
222.67.237.86 - - [19/Aug/2023:09:37:49 +0800] "POST /xingrg/kc/buy/cgsh_order_operate.html HTTP/1.1" 200 4177
180.165.48.189 - - [19/Aug/2023:09:37:49 +0800] "GET /xingrg/kc/buy/cgsh_order_operate.html?command=get_materiel&rest_code=00108&code=00101007109&supplier_code=00100036&order_time=2023-08-19 HTTP/1.1" 200 408
222.67.237.86 - - [19/Aug/2023:09:37:50 +0800] "GET /xingrg/kc/print/load_config.html?kc_code=cgsh HTTP/1.1" 200 1924
222.67.237.86 - - [19/Aug/2023:09:37:51 +0800] "GET /xingrg/kc/print/load_data.html?order_code=212023081907625&kc_code=cgsh&condition= HTTP/1.1" 200 2140
101.83.145.37 - - [19/Aug/2023:09:37:52 +0800] "GET /xingrg/all/function/internal_message.html?_=1692409073589&CODE_STATE=getMsg HTTP/1.1" 200 27
222.67.237.86 - - [19/Aug/2023:09:37:56 +0800] "GET /xingrg/all/function/internal_message.html?_=1692408526749&CODE_STATE=getMsg HTTP/1.1" 200 27
222.67.237.86 - - [19/Aug/2023:09:37:57 +0800] "GET /xingrg/kc/buy/cgsh_order_add.html HTTP/1.1" 200 71922
180.165.48.189 - - [19/Aug/2023:09:37:57 +0800] "GET /xingrg/kc/buy/cgsh_order_operate.html?command=get_materiel&rest_code=00108&code=00101012032&supplier_code=00100036&order_time=2023-08-19 HTTP/1.1" 200 416
222.67.237.86 - - [19/Aug/2023:09:37:58 +0800] "POST /xingrg/kc/buy/cgsh_order_operate.html HTTP/1.1" 200 8245
222.67.237.86 - - [19/Aug/2023:09:37:58 +0800] "GET /xingrg/javascript/easyui/themes/default/validatebox.css HTTP/1.1" 404 1104
116.232.195.127 - - [19/Aug/2023:09:38:03 +0800] "GET /xingrg/all/function/internal_message.html?_=1692409007402&CODE_STATE=getMsg HTTP/1.1" 200 27
222.69.129.152 - - [19/Aug/2023:09:38:05 +0800] "GET /xingrg/all/function/internal_message.html?_=1692409222392&CODE_STATE=getMsg HTTP/1.1" 200 27
116.238.191.126 - - [19/Aug/2023:09:38:06 +0800] "GET /xingrg/all/function/internal_message.html?_=1692408998117&CODE_STATE=getMsg HTTP/1.1" 200 27
114.83.216.47 - - [19/Aug/2023:09:38:14 +0800] "GET /xingrg/all/function/internal_message.html?_=1692409092194&CODE_STATE=getMsg HTTP/1.1" 200 27
222.70.180.200 - - [19/Aug/2023:09:38:15 +0800] "GET /xingrg/all/function/internal_message.html?_=1692409096877&CODE_STATE=getMsg HTTP/1.1" 200 27
180.165.48.189 - - [19/Aug/2023:09:38:15 +0800] "POST /xingrg/kc/buy/cgsh_order_operate.html HTTP/1.1" 200 37
222.69.129.152 - - [19/Aug/2023:09:38:20 +0800] "POST /xingrg/kc/buy/cgsh_list_operate.html HTTP/1.1" 200 4647
116.238.191.126 - - [19/Aug/2023:09:38:21 +0800] "GET /xingrg/check_reg.html?_=1692409099668 HTTP/1.1" 200 22
116.238.191.126 - - [19/Aug/2023:09:38:21 +0800] "GET /xingrg/all/function/internal_message.html?_=1692409099672&CODE_STATE=getMsg HTTP/1.1" 200 27
180.152.241.196 - - [19/Aug/2023:09:38:23 +0800] "GET /xingrg/all/function/internal_message.html?_=1692409102254&CODE_STATE=getMsg HTTP/1.1" 200 27
180.152.241.196 - - [19/Aug/2023:09:38:23 +0800] "GET /xingrg/check_reg.html?_=1692409102492 HTTP/1.1" 200 22
180.165.48.189 - - [19/Aug/2023:09:38:27 +0800] "POST /xingrg/kc/buy/cgsh_order_operate.html HTTP/1.1" 200 4421
222.69.129.152 - - [19/Aug/2023:09:38:30 +0800] "POST /xingrg/kc/buy/cgsh_list_operate.html HTTP/1.1" 200 198
222.69.129.152 - - [19/Aug/2023:09:38:33 +0800] "GET /xingrg/kc/buy/cgsh_order_info.html?code=212023081907626 HTTP/1.1" 200 66039
222.69.129.152 - - [19/Aug/2023:09:38:33 +0800] "GET /xingrg/javascript/easyui/themes/default/validatebox.css HTTP/1.1" 404 1104
222.67.237.86 - - [19/Aug/2023:09:38:34 +0800] "GET /xingrg/javascript/jquery_tools/images/prev.gif HTTP/1.1" 404 1086
222.67.237.86 - - [19/Aug/2023:09:38:34 +0800] "GET /xingrg/javascript/jquery_tools/images/next.gif HTTP/1.1" 404 1086
222.69.129.152 - - [19/Aug/2023:09:38:35 +0800] "POST /xingrg/kc/buy/cgsh_order_operate.html HTTP/1.1" 200 605
180.165.48.189 - - [19/Aug/2023:09:38:36 +0800] "GET /xingrg/all/function/internal_message.html?_=1692409116617&CODE_STATE=getMsg HTTP/1.1" 200 27
180.165.48.189 - - [19/Aug/2023:09:38:36 +0800] "GET /xingrg/check_reg.html?_=1692409116679 HTTP/1.1" 200 22
222.69.129.152 - - [19/Aug/2023:09:38:38 +0800] "GET /xingrg/kc/print/load_data.html?order_code=212023081907626&kc_code=cgsh&condition= HTTP/1.1" 200 704
222.67.237.86 - - [19/Aug/2023:09:38:41 +0800] "GET /xingrg/kc/buy/cgsh_order_operate.html?command=get_materiel&rest_code=00141&code=00101031012&supplier_code=00100055&order_time=2023-08-19 HTTP/1.1" 200 417
101.83.145.37 - - [19/Aug/2023:09:38:52 +0800] "GET /xingrg/all/function/internal_message.html?_=1692409133558&CODE_STATE=getMsg HTTP/1.1" 200 27
222.67.237.86 - - [19/Aug/2023:09:38:56 +0800] "GET /xingrg/all/function/internal_message.html?_=1692408586764&CODE_STATE=getMsg HTTP/1.1" 200 27
116.232.195.127 - - [19/Aug/2023:09:39:03 +0800] "GET /xingrg/all/function/internal_message.html?_=1692409067377&CODE_STATE=getMsg HTTP/1.1" 200 27
222.69.129.152 - - [19/Aug/2023:09:39:05 +0800] "GET /xingrg/all/function/internal_message.html?_=1692409282391&CODE_STATE=getMsg HTTP/1.1" 200 27
116.238.191.126 - - [19/Aug/2023:09:39:06 +0800] "GET /xingrg/all/function/internal_message.html?_=1692409058192&CODE_STATE=getMsg HTTP/1.1" 200 27
180.165.48.189 - - [19/Aug/2023:09:39:08 +0800] "GET /xingrg/kc/print/load_data.html?order_code=212023081907628&kc_code=cgsh&condition= HTTP/1.1" 200 1422
180.152.241.196 - - [19/Aug/2023:09:39:09 +0800] "GET /xingrg/kc/print/load_data.html?order_code=212023081907624&kc_code=cgsh&condition= HTTP/1.1" 200 2298
222.67.237.86 - - [19/Aug/2023:09:39:10 +0800] "GET /xingrg/kc/buy/cgsh_order_operate.html?command=get_materiel&rest_code=00141&code=00101015110&supplier_code=00100055&order_time=2023-08-19 HTTP/1.1" 200 412
114.83.216.47 - - [19/Aug/2023:09:39:14 +0800] "GET /xingrg/all/function/internal_message.html?_=1692409152187&CODE_STATE=getMsg HTTP/1.1" 200 27
222.70.180.200 - - [19/Aug/2023:09:39:15 +0800] "GET /xingrg/all/function/internal_message.html?_=1692409156894&CODE_STATE=getMsg HTTP/1.1" 200 27
222.70.180.200 - - [19/Aug/2023:09:39:15 +0800] "GET /xingrg/check_reg.html?_=1692409156908 HTTP/1.1" 200 22
180.152.241.196 - - [19/Aug/2023:09:39:19 +0800] "GET /xingrg/kc/buy/cgsh_order_add.html HTTP/1.1" 200 71957
180.152.241.196 - - [19/Aug/2023:09:39:19 +0800] "POST /xingrg/kc/buy/cgsh_order_operate.html HTTP/1.1" 200 8245
180.152.241.196 - - [19/Aug/2023:09:39:19 +0800] "GET /xingrg/javascript/easyui/themes/default/validatebox.css HTTP/1.1" 404 1104
116.238.191.126 - - [19/Aug/2023:09:39:21 +0800] "GET /xingrg/all/function/internal_message.html?_=1692409159675&CODE_STATE=getMsg HTTP/1.1" 200 27
180.152.241.196 - - [19/Aug/2023:09:39:23 +0800] "GET /xingrg/all/function/internal_message.html?_=1692409162244&CODE_STATE=getMsg HTTP/1.1" 200 27
222.67.237.86 - - [19/Aug/2023:09:39:23 +0800] "GET /xingrg/kc/buy/cgsh_order_operate.html?command=get_materiel&rest_code=00141&code=00101015022&supplier_code=00100055&order_time=2023-08-19 HTTP/1.1" 200 408
222.69.129.152 - - [19/Aug/2023:09:39:25 +0800] "GET /xingrg/kc/buy/cgsh_order_add.html HTTP/1.1" 200 71126
222.69.129.152 - - [19/Aug/2023:09:39:25 +0800] "POST /xingrg/kc/buy/cgsh_order_operate.html HTTP/1.1" 200 8245
222.69.129.152 - - [19/Aug/2023:09:39:25 +0800] "GET /xingrg/javascript/easyui/themes/default/validatebox.css HTTP/1.1" 404 1104
222.67.237.86 - - [19/Aug/2023:09:39:29 +0800] "GET /xingrg/javascript/jquery_easy_ui/themes/icons/rest.png HTTP/1.1" 200 695
222.67.237.86 - - [19/Aug/2023:09:39:29 +0800] "GET /xingrg/javascript/jquery_easy_ui/themes/icons/area.png HTTP/1.1" 200 262
180.165.48.189 - - [19/Aug/2023:09:39:30 +0800] "GET /xingrg/kc/buy/cgsh_order_add.html HTTP/1.1" 200 72014
180.165.48.189 - - [19/Aug/2023:09:39:30 +0800] "POST /xingrg/kc/buy/cgsh_order_operate.html HTTP/1.1" 200 8245
180.165.48.189 - - [19/Aug/2023:09:39:30 +0800] "GET /xingrg/javascript/easyui/themes/default/validatebox.css HTTP/1.1" 404 1104
116.238.191.126 - - [19/Aug/2023:09:39:31 +0800] "GET /xingrg/check_reg.html?_=1692409082762 HTTP/1.1" 200 22
222.67.237.86 - - [19/Aug/2023:09:39:36 +0800] "POST /xingrg/kc/buy/cgsh_order_operate.html HTTP/1.1" 200 37
180.165.48.189 - - [19/Aug/2023:09:39:36 +0800] "GET /xingrg/all/function/internal_message.html?_=1692409176607&CODE_STATE=getMsg HTTP/1.1" 200 27
222.67.237.86 - - [19/Aug/2023:09:39:45 +0800] "POST /xingrg/kc/buy/cgsh_order_operate.html HTTP/1.1" 200 12
101.83.145.37 - - [19/Aug/2023:09:39:52 +0800] "GET /xingrg/all/function/internal_message.html?_=1692409193534&CODE_STATE=getMsg HTTP/1.1" 200 27
101.83.145.37 - - [19/Aug/2023:09:39:52 +0800] "GET /xingrg/check_reg.html?_=1692409193805 HTTP/1.1" 200 22
222.67.237.86 - - [19/Aug/2023:09:39:56 +0800] "GET /xingrg/all/function/internal_message.html?_=1692408646752&CODE_STATE=getMsg HTTP/1.1" 200 27
222.67.237.86 - - [19/Aug/2023:09:39:56 +0800] "GET /xingrg/kc/buy/cgsh_order_info.html?code=212023081907629 HTTP/1.1" 200 66831
222.67.237.86 - - [19/Aug/2023:09:39:57 +0800] "GET /xingrg/javascript/easyui/themes/default/validatebox.css HTTP/1.1" 404 1104
222.69.129.152 - - [19/Aug/2023:09:40:00 +0800] "POST /xingrg/kc/buy/cgsh_order_operate.html HTTP/1.1" 200 37
222.67.237.86 - - [19/Aug/2023:09:40:00 +0800] "POST /xingrg/kc/buy/cgsh_order_operate.html HTTP/1.1" 200 1798
222.67.237.86 - - [19/Aug/2023:09:40:01 +0800] "GET /xingrg/kc/print/load_data.html?order_code=212023081907629&kc_code=cgsh&condition= HTTP/1.1" 200 1215
116.232.195.127 - - [19/Aug/2023:09:40:03 +0800] "GET /xingrg/all/function/internal_message.html?_=1692409127370&CODE_STATE=getMsg HTTP/1.1" 200 27
116.238.191.126 - - [19/Aug/2023:09:40:06 +0800] "GET /xingrg/all/function/internal_message.html?_=1692409118207&CODE_STATE=getMsg HTTP/1.1" 200 27
222.67.237.86 - - [19/Aug/2023:09:40:06 +0800] "GET /xingrg/kc/buy/cgsh_order_add.html HTTP/1.1" 200 71922
222.67.237.86 - - [19/Aug/2023:09:40:07 +0800] "GET /xingrg/javascript/easyui/themes/default/validatebox.css HTTP/1.1" 404 1104
222.67.237.86 - - [19/Aug/2023:09:40:07 +0800] "POST /xingrg/kc/buy/cgsh_order_operate.html HTTP/1.1" 200 8245
114.83.216.47 - - [19/Aug/2023:09:40:14 +0800] "GET /xingrg/all/function/internal_message.html?_=1692409212172&CODE_STATE=getMsg HTTP/1.1" 200 27
222.70.180.200 - - [19/Aug/2023:09:40:15 +0800] "GET /xingrg/all/function/internal_message.html?_=1692409216884&CODE_STATE=getMsg HTTP/1.1" 200 27
180.165.48.189 - - [19/Aug/2023:09:40:15 +0800] "GET /xingrg/kc/buy/cgsh_order_operate.html?command=get_materiel&rest_code=00108&code=00101007061&supplier_code=00100002&order_time=2023-08-19 HTTP/1.1" 200 409
180.152.241.196 - - [19/Aug/2023:09:40:16 +0800] "GET /xingrg/kc/buy/cgsh_order_operate.html?command=get_materiel&rest_code=00102&code=00101007024&supplier_code=00100151&order_time=2023-08-19 HTTP/1.1" 200 417
222.69.129.152 - - [19/Aug/2023:09:40:20 +0800] "POST /xingrg/kc/buy/cgsh_order_operate.html HTTP/1.1" 200 12
222.67.237.86 - - [19/Aug/2023:09:40:21 +0800] "GET /xingrg/kc/buy/cgsh_order_operate.html?command=get_materiel&rest_code=00141&code=00101016030&supplier_code=00100036&order_time=2023-08-19 HTTP/1.1" 200 412
116.238.191.126 - - [19/Aug/2023:09:40:21 +0800] "GET /xingrg/all/function/internal_message.html?_=1692409219679&CODE_STATE=getMsg HTTP/1.1" 200 27
180.152.241.196 - - [19/Aug/2023:09:40:23 +0800] "GET /xingrg/all/function/internal_message.html?_=1692409222233&CODE_STATE=getMsg HTTP/1.1" 200 27
180.165.48.189 - - [19/Aug/2023:09:40:25 +0800] "GET /xingrg/kc/buy/cgsh_order_operate.html?command=get_materiel&rest_code=00108&code=00101007072&supplier_code=00100002&order_time=2023-08-19 HTTP/1.1" 200 419
222.69.129.152 - - [19/Aug/2023:09:40:30 +0800] "GET /xingrg/kc/buy/cgsh_order_info.html?code=212023081907630 HTTP/1.1" 200 66039
222.69.129.152 - - [19/Aug/2023:09:40:30 +0800] "GET /xingrg/javascript/easyui/themes/default/validatebox.css HTTP/1.1" 404 1104
222.69.129.152 - - [19/Aug/2023:09:40:31 +0800] "POST /xingrg/kc/buy/cgsh_order_operate.html HTTP/1.1" 200 605
222.70.180.200 - - [19/Aug/2023:09:40:34 +0800] "GET /xingrg/javascript/easyui/themes/default/images/button_plain_hover.png HTTP/1.1" 304 -
180.165.48.189 - - [19/Aug/2023:09:40:36 +0800] "GET /xingrg/all/function/internal_message.html?_=1692409236597&CODE_STATE=getMsg HTTP/1.1" 200 27
180.165.48.189 - - [19/Aug/2023:09:40:38 +0800] "POST /xingrg/kc/buy/cgsh_order_operate.html HTTP/1.1" 200 37
222.67.237.86 - - [19/Aug/2023:09:40:38 +0800] "GET /xingrg/kc/buy/cgsh_order_operate.html?command=get_materiel&rest_code=00141&code=00101010092&supplier_code=00100036&order_time=2023-08-19 HTTP/1.1" 200 450
180.165.48.189 - - [19/Aug/2023:09:40:42 +0800] "POST /xingrg/kc/buy/cgsh_order_operate.html HTTP/1.1" 200 3252
222.69.129.152 - - [19/Aug/2023:09:40:43 +0800] "GET /xingrg/kc/print/load_data.html?order_code=212023081907630&kc_code=cgsh&condition= HTTP/1.1" 200 704
180.165.48.189 - - [19/Aug/2023:09:40:44 +0800] "GET /xingrg/kc/print/load_data.html?order_code=212023081907631&kc_code=cgsh&condition= HTTP/1.1" 200 989
222.67.237.86 - - [19/Aug/2023:09:40:46 +0800] "GET /xingrg/kc/buy/cgsh_order_operate.html?command=get_materiel&rest_code=00141&code=00101012038&supplier_code=00100036&order_time=2023-08-19 HTTP/1.1" 200 412
101.83.145.37 - - [19/Aug/2023:09:40:52 +0800] "GET /xingrg/all/function/internal_message.html?_=1692409253516&CODE_STATE=getMsg HTTP/1.1" 200 27
222.67.237.86 - - [19/Aug/2023:09:40:56 +0800] "GET /xingrg/all/function/internal_message.html?_=1692408706779&CODE_STATE=getMsg HTTP/1.1" 200 27
222.67.237.86 - - [19/Aug/2023:09:40:56 +0800] "GET /xingrg/check_reg.html?_=1692408706778 HTTP/1.1" 200 22
222.67.237.86 - - [19/Aug/2023:09:40:57 +0800] "GET /xingrg/kc/buy/cgsh_order_operate.html?command=get_materiel&rest_code=00141&code=00101020115&supplier_code=00100036&order_time=2023-08-19 HTTP/1.1" 200 409
116.232.195.127 - - [19/Aug/2023:09:41:03 +0800] "GET /xingrg/all/function/internal_message.html?_=1692409187354&CODE_STATE=getMsg HTTP/1.1" 200 27
222.70.180.200 - - [19/Aug/2023:09:41:04 +0800] "GET /xingrg/kc/buy/cgsh_order_operate.html?command=get_materiel&rest_code=00111&code=00101008077&supplier_code=00100005&order_time=2023-08-19 HTTP/1.1" 200 416
222.69.129.152 - - [19/Aug/2023:09:41:05 +0800] "GET /xingrg/all/function/internal_message.html?_=1692409402405&CODE_STATE=getMsg HTTP/1.1" 200 27
116.238.191.126 - - [19/Aug/2023:09:41:06 +0800] "GET /xingrg/all/function/internal_message.html?_=1692409178219&CODE_STATE=getMsg HTTP/1.1" 200 27
222.67.237.86 - - [19/Aug/2023:09:41:08 +0800] "POST /xingrg/kc/buy/cgsh_order_operate.html HTTP/1.1" 200 37
222.70.180.200 - - [19/Aug/2023:09:41:14 +0800] "POST /xingrg/kc/buy/cgsh_order_operate.html HTTP/1.1" 200 2065
114.83.216.47 - - [19/Aug/2023:09:41:14 +0800] "GET /xingrg/all/function/internal_message.html?_=1692409272157&CODE_STATE=getMsg HTTP/1.1" 200 27
222.70.180.200 - - [19/Aug/2023:09:41:15 +0800] "GET /xingrg/all/function/internal_message.html?_=1692409276890&CODE_STATE=getMsg HTTP/1.1" 200 27
222.67.237.86 - - [19/Aug/2023:09:41:15 +0800] "POST /xingrg/kc/buy/cgsh_order_operate.html HTTP/1.1" 200 12
222.67.237.86 - - [19/Aug/2023:09:41:17 +0800] "GET /xingrg/kc/buy/cgsh_order_info.html?code=212023081907632 HTTP/1.1" 200 66833
222.67.237.86 - - [19/Aug/2023:09:41:17 +0800] "GET /xingrg/javascript/easyui/themes/default/validatebox.css HTTP/1.1" 404 1104
222.67.237.86 - - [19/Aug/2023:09:41:18 +0800] "POST /xingrg/kc/buy/cgsh_order_operate.html HTTP/1.1" 200 2392
222.67.237.86 - - [19/Aug/2023:09:41:20 +0800] "GET /xingrg/kc/print/load_data.html?order_code=212023081907632&kc_code=cgsh&condition= HTTP/1.1" 200 1468
116.238.191.126 - - [19/Aug/2023:09:41:21 +0800] "GET /xingrg/all/function/internal_message.html?_=1692409279681&CODE_STATE=getMsg HTTP/1.1" 200 27
180.152.241.196 - - [19/Aug/2023:09:41:23 +0800] "GET /xingrg/all/function/internal_message.html?_=1692409282211&CODE_STATE=getMsg HTTP/1.1" 200 27
222.67.237.86 - - [19/Aug/2023:09:41:26 +0800] "GET /xingrg/kc/buy/cgsh_order_add.html HTTP/1.1" 200 71922
222.67.237.86 - - [19/Aug/2023:09:41:26 +0800] "POST /xingrg/kc/buy/cgsh_order_operate.html HTTP/1.1" 200 8245
222.67.237.86 - - [19/Aug/2023:09:41:26 +0800] "GET /xingrg/javascript/easyui/themes/default/validatebox.css HTTP/1.1" 404 1104
222.70.180.200 - - [19/Aug/2023:09:41:27 +0800] "GET /xingrg/kc/buy/cgsh_order_operate.html?command=get_materiel&rest_code=00111&code=00101008079&supplier_code=00100005&order_time=2023-08-19 HTTP/1.1" 200 416
180.165.48.189 - - [19/Aug/2023:09:41:36 +0800] "GET /xingrg/all/function/internal_message.html?_=1692409296565&CODE_STATE=getMsg HTTP/1.1" 200 27
180.165.48.189 - - [19/Aug/2023:09:41:43 +0800] "POST /xingrg/kc/buy/cgsh_list_operate.html HTTP/1.1" 200 3187
222.67.237.86 - - [19/Aug/2023:09:41:50 +0800] "GET /xingrg/kc/buy/cgsh_order_operate.html?command=get_materiel&rest_code=00141&code=00101006129&supplier_code=00100012&order_time=2023-08-19 HTTP/1.1" 200 439
101.83.145.37 - - [19/Aug/2023:09:41:52 +0800] "GET /xingrg/all/function/internal_message.html?_=1692409313497&CODE_STATE=getMsg HTTP/1.1" 200 27
222.67.237.86 - - [19/Aug/2023:09:41:56 +0800] "GET /xingrg/all/function/internal_message.html?_=1692408766775&CODE_STATE=getMsg HTTP/1.1" 200 27
116.232.195.127 - - [19/Aug/2023:09:41:56 +0800] "GET /xingrg/kc/buy/cgsh_order_operate.html?command=get_materiel&rest_code=00155&code=00101008072&supplier_code=00100005&order_time=2023-08-19 HTTP/1.1" 200 408
116.232.195.127 - - [19/Aug/2023:09:42:03 +0800] "GET /xingrg/check_reg.html?_=1692409247360 HTTP/1.1" 200 22
116.232.195.127 - - [19/Aug/2023:09:42:03 +0800] "GET /xingrg/all/function/internal_message.html?_=1692409247366&CODE_STATE=getMsg HTTP/1.1" 200 27
222.69.129.152 - - [19/Aug/2023:09:42:05 +0800] "GET /xingrg/all/function/internal_message.html?_=1692409462386&CODE_STATE=getMsg HTTP/1.1" 200 27
116.238.191.126 - - [19/Aug/2023:09:42:06 +0800] "GET /xingrg/all/function/internal_message.html?_=1692409238292&CODE_STATE=getMsg HTTP/1.1" 200 27
222.70.180.200 - - [19/Aug/2023:09:42:07 +0800] "GET /xingrg/kc/buy/cgsh_order_operate.html?command=get_materiel&rest_code=00111&code=00101008357&supplier_code=00100005&order_time=2023-08-19 HTTP/1.1" 200 408
222.67.237.86 - - [19/Aug/2023:09:42:09 +0800] "GET /xingrg/kc/buy/cgsh_order_operate.html?command=get_materiel&rest_code=00141&code=00101018011&supplier_code=00100012&order_time=2023-08-19 HTTP/1.1" 200 413
114.83.216.47 - - [19/Aug/2023:09:42:14 +0800] "GET /xingrg/all/function/internal_message.html?_=1692409332147&CODE_STATE=getMsg HTTP/1.1" 200 27
114.83.216.47 - - [19/Aug/2023:09:42:14 +0800] "GET /xingrg/check_reg.html?_=1692409332431 HTTP/1.1" 200 22
222.70.180.200 - - [19/Aug/2023:09:42:15 +0800] "GET /xingrg/all/function/internal_message.html?_=1692409336884&CODE_STATE=getMsg HTTP/1.1" 200 27
222.67.237.86 - - [19/Aug/2023:09:42:19 +0800] "GET /xingrg/kc/buy/cgsh_order_operate.html?command=get_materiel&rest_code=00141&code=00101006084&supplier_code=00100012&order_time=2023-08-19 HTTP/1.1" 200 413
116.238.191.126 - - [19/Aug/2023:09:42:21 +0800] "GET /xingrg/all/function/internal_message.html?_=1692409339682&CODE_STATE=getMsg HTTP/1.1" 200 27
180.152.241.196 - - [19/Aug/2023:09:42:22 +0800] "GET /xingrg/all/function/internal_message.html?_=1692409342190&CODE_STATE=getMsg HTTP/1.1" 200 27
116.232.195.127 - - [19/Aug/2023:09:42:25 +0800] "GET /xingrg/kc/buy/cgsh_order_operate.html?command=get_materiel&rest_code=00155&code=00101008331&supplier_code=00100005&order_time=2023-08-19 HTTP/1.1" 200 416
222.70.180.200 - - [19/Aug/2023:09:42:28 +0800] "GET /xingrg/kc/buy/cgsh_order_operate.html?command=get_materiel&rest_code=00111&code=00101008286&supplier_code=00100005&order_time=2023-08-19 HTTP/1.1" 200 408
222.67.237.86 - - [19/Aug/2023:09:42:32 +0800] "GET /xingrg/kc/buy/cgsh_order_operate.html?command=get_materiel&rest_code=00141&code=00101006193&supplier_code=00100012&order_time=2023-08-19 HTTP/1.1" 200 409
101.83.145.37 - - [19/Aug/2023:09:42:34 +0800] "GET /xingrg/kc/buy/cgsh_order_add.html HTTP/1.1" 200 72004
116.235.244.168 - - [19/Aug/2023:09:42:35 +0800] "POST /xingrg/services/DataTransmitService HTTP/1.1" 200 524
101.83.145.37 - - [19/Aug/2023:09:42:35 +0800] "POST /xingrg/kc/buy/cgsh_order_operate.html HTTP/1.1" 200 8245
101.83.145.37 - - [19/Aug/2023:09:42:35 +0800] "GET /xingrg/javascript/easyui/themes/default/validatebox.css HTTP/1.1" 404 1104
116.235.244.168 - - [19/Aug/2023:09:42:35 +0800] "POST /xingrg/services/DataTransmitService HTTP/1.1" 200 412
180.165.48.189 - - [19/Aug/2023:09:42:36 +0800] "GET /xingrg/all/function/internal_message.html?_=1692409356550&CODE_STATE=getMsg HTTP/1.1" 200 27
116.232.195.127 - - [19/Aug/2023:09:42:38 +0800] "GET /xingrg/kc/buy/cgsh_order_operate.html?command=get_materiel&rest_code=00155&code=00101008087&supplier_code=00100005&order_time=2023-08-19 HTTP/1.1" 200 412
116.235.244.168 - - [19/Aug/2023:09:42:41 +0800] "POST /xingrg/services/DataTransmitService HTTP/1.1" 200 524
116.235.244.168 - - [19/Aug/2023:09:42:43 +0800] "POST /xingrg/services/DataTransmitService HTTP/1.1" 200 2335
116.235.244.168 - - [19/Aug/2023:09:42:43 +0800] "POST /xingrg/services/DataTransmitService HTTP/1.1" 200 524
116.235.244.168 - - [19/Aug/2023:09:42:44 +0800] "POST /xingrg/services/DataTransmitService HTTP/1.1" 200 412
116.235.244.168 - - [19/Aug/2023:09:42:45 +0800] "POST /xingrg/services/DataTransmitService HTTP/1.1" 200 524
222.67.237.86 - - [19/Aug/2023:09:42:46 +0800] "GET /xingrg/kc/buy/cgsh_order_operate.html?command=get_materiel&rest_code=00141&code=00101006293&supplier_code=00100012&order_time=2023-08-19 HTTP/1.1" 200 430
116.235.244.168 - - [19/Aug/2023:09:42:46 +0800] "POST /xingrg/services/DataTransmitService HTTP/1.1" 200 412
116.235.244.168 - - [19/Aug/2023:09:42:47 +0800] "POST /xingrg/services/DataTransmitService HTTP/1.1" 200 524
116.235.244.168 - - [19/Aug/2023:09:42:47 +0800] "POST /xingrg/services/DataTransmitService HTTP/1.1" 200 412
116.232.195.127 - - [19/Aug/2023:09:42:52 +0800] "GET /xingrg/kc/buy/cgsh_order_operate.html?command=get_materiel&rest_code=00155&code=00101008132&supplier_code=00100005&order_time=2023-08-19 HTTP/1.1" 200 408
101.83.145.37 - - [19/Aug/2023:09:42:52 +0800] "GET /xingrg/all/function/internal_message.html?_=1692409373502&CODE_STATE=getMsg HTTP/1.1" 200 27
222.67.237.86 - - [19/Aug/2023:09:42:54 +0800] "GET /xingrg/kc/buy/cgsh_order_operate.html?command=get_materiel&rest_code=00141&code=00101006057&supplier_code=00100012&order_time=2023-08-19 HTTP/1.1" 200 413
222.67.237.86 - - [19/Aug/2023:09:42:56 +0800] "GET /xingrg/all/function/internal_message.html?_=1692408826770&CODE_STATE=getMsg HTTP/1.1" 200 27
222.69.129.152 - - [19/Aug/2023:09:42:59 +0800] "GET /xingrg/kc/buy/cgsh_order_add.html HTTP/1.1" 200 71126
222.69.129.152 - - [19/Aug/2023:09:42:59 +0800] "POST /xingrg/kc/buy/cgsh_order_operate.html HTTP/1.1" 200 8245
222.69.129.152 - - [19/Aug/2023:09:42:59 +0800] "GET /xingrg/javascript/easyui/themes/default/validatebox.css HTTP/1.1" 404 1104
222.70.180.200 - - [19/Aug/2023:09:43:00 +0800] "GET /xingrg/kc/buy/cgsh_order_operate.html?command=get_materiel&rest_code=00111&code=00101008036&supplier_code=00100005&order_time=2023-08-19 HTTP/1.1" 200 408
116.235.244.168 - - [19/Aug/2023:09:43:00 +0800] "POST /xingrg/services/DataTransmitService HTTP/1.1" 200 524
116.235.244.168 - - [19/Aug/2023:09:43:00 +0800] "POST /xingrg/services/DataTransmitService HTTP/1.1" 200 412
116.235.244.168 - - [19/Aug/2023:09:43:02 +0800] "POST /xingrg/services/DataTransmitService HTTP/1.1" 200 524
116.232.195.127 - - [19/Aug/2023:09:43:03 +0800] "GET /xingrg/all/function/internal_message.html?_=1692409307356&CODE_STATE=getMsg HTTP/1.1" 200 27
222.67.237.86 - - [19/Aug/2023:09:43:03 +0800] "GET /xingrg/kc/buy/cgsh_order_operate.html?command=get_materiel&rest_code=00141&code=00101006109&supplier_code=00100012&order_time=2023-08-19 HTTP/1.1" 200 409
116.235.244.168 - - [19/Aug/2023:09:43:04 +0800] "POST /xingrg/services/DataTransmitService HTTP/1.1" 200 2335
222.69.129.152 - - [19/Aug/2023:09:43:05 +0800] "GET /xingrg/all/function/internal_message.html?_=1692409522371&CODE_STATE=getMsg HTTP/1.1" 200 27
116.238.191.126 - - [19/Aug/2023:09:43:06 +0800] "GET /xingrg/all/function/internal_message.html?_=1692409298294&CODE_STATE=getMsg HTTP/1.1" 200 27
116.235.244.168 - - [19/Aug/2023:09:43:07 +0800] "POST /xingrg/services/DataTransmitService HTTP/1.1" 200 524
116.235.244.168 - - [19/Aug/2023:09:43:09 +0800] "POST /xingrg/services/DataTransmitService HTTP/1.1" 200 2335
116.232.195.127 - - [19/Aug/2023:09:43:09 +0800] "GET /xingrg/kc/buy/cgsh_order_operate.html?command=get_materiel&rest_code=00155&code=00101008055&supplier_code=00100005&order_time=2023-08-19 HTTP/1.1" 200 409
180.152.241.196 - - [19/Aug/2023:09:43:11 +0800] "GET /xingrg/kc/buy/cgsh_order_operate.html?command=get_materiel&rest_code=00102&code=00101006130&supplier_code=00100151&order_time=2023-08-19 HTTP/1.1" 200 437
114.83.216.47 - - [19/Aug/2023:09:43:14 +0800] "GET /xingrg/all/function/internal_message.html?_=1692409392119&CODE_STATE=getMsg HTTP/1.1" 200 27
222.70.180.200 - - [19/Aug/2023:09:43:15 +0800] "GET /xingrg/all/function/internal_message.html?_=1692409396884&CODE_STATE=getMsg HTTP/1.1" 200 27
116.235.244.168 - - [19/Aug/2023:09:43:15 +0800] "POST /xingrg/services/DataTransmitService HTTP/1.1" 200 524
116.235.244.168 - - [19/Aug/2023:09:43:17 +0800] "POST /xingrg/services/DataTransmitService HTTP/1.1" 200 2335
116.235.244.168 - - [19/Aug/2023:09:43:19 +0800] "POST /xingrg/services/DataTransmitService HTTP/1.1" 200 524
116.235.244.168 - - [19/Aug/2023:09:43:19 +0800] "POST /xingrg/services/DataTransmitService HTTP/1.1" 200 412
116.235.244.168 - - [19/Aug/2023:09:43:20 +0800] "POST /xingrg/services/DataTransmitService HTTP/1.1" 200 524
116.235.244.168 - - [19/Aug/2023:09:43:20 +0800] "POST /xingrg/services/DataTransmitService HTTP/1.1" 200 412
116.232.195.127 - - [19/Aug/2023:09:43:21 +0800] "GET /xingrg/kc/buy/cgsh_order_operate.html?command=get_materiel&rest_code=00155&code=00101014051&supplier_code=00100005&order_time=2023-08-19 HTTP/1.1" 200 409
116.235.244.168 - - [19/Aug/2023:09:43:21 +0800] "POST /xingrg/services/DataTransmitService HTTP/1.1" 200 524
116.238.191.126 - - [19/Aug/2023:09:43:21 +0800] "GET /xingrg/check_reg.html?_=1692409399684 HTTP/1.1" 200 22
116.238.191.126 - - [19/Aug/2023:09:43:21 +0800] "GET /xingrg/all/function/internal_message.html?_=1692409399687&CODE_STATE=getMsg HTTP/1.1" 200 27
180.152.241.196 - - [19/Aug/2023:09:43:22 +0800] "GET /xingrg/all/function/internal_message.html?_=1692409402174&CODE_STATE=getMsg HTTP/1.1" 200 27
222.70.180.200 - - [19/Aug/2023:09:43:23 +0800] "GET /xingrg/kc/buy/cgsh_order_operate.html?command=get_materiel&rest_code=00111&code=00101008131&supplier_code=00100005&order_time=2023-08-19 HTTP/1.1" 200 409
180.152.241.196 - - [19/Aug/2023:09:43:23 +0800] "GET /xingrg/check_reg.html?_=1692409402504 HTTP/1.1" 200 22
116.235.244.168 - - [19/Aug/2023:09:43:23 +0800] "POST /xingrg/services/DataTransmitService HTTP/1.1" 200 2335
222.70.180.200 - - [19/Aug/2023:09:43:29 +0800] "POST /xingrg/kc/buy/cgsh_order_operate.html HTTP/1.1" 200 2065
116.235.244.168 - - [19/Aug/2023:09:43:36 +0800] "POST /xingrg/services/DataTransmitService HTTP/1.1" 200 524
180.165.48.189 - - [19/Aug/2023:09:43:36 +0800] "GET /xingrg/all/function/internal_message.html?_=1692409416539&CODE_STATE=getMsg HTTP/1.1" 200 27
180.165.48.189 - - [19/Aug/2023:09:43:36 +0800] "GET /xingrg/check_reg.html?_=1692409416678 HTTP/1.1" 200 22
222.69.129.152 - - [19/Aug/2023:09:43:37 +0800] "POST /xingrg/kc/buy/cgsh_order_operate.html HTTP/1.1" 200 37
116.235.244.168 - - [19/Aug/2023:09:43:38 +0800] "POST /xingrg/services/DataTransmitService HTTP/1.1" 200 2335
116.235.244.168 - - [19/Aug/2023:09:43:38 +0800] "POST /xingrg/services/DataTransmitService HTTP/1.1" 200 524
180.152.241.196 - - [19/Aug/2023:09:43:38 +0800] "GET /xingrg/kc/buy/cgsh_order_operate.html?command=get_materiel&rest_code=00102&code=00101006129&supplier_code=00100151&order_time=2023-08-19 HTTP/1.1" 200 441
222.67.237.86 - - [19/Aug/2023:09:43:39 +0800] "GET /xingrg/kc/buy/cgsh_order_operate.html?command=get_materiel&rest_code=00141&code=00101006130&supplier_code=00100012&order_time=2023-08-19 HTTP/1.1" 200 437
222.70.180.200 - - [19/Aug/2023:09:43:41 +0800] "GET /xingrg/kc/buy/cgsh_order_operate.html?command=get_materiel&rest_code=00111&code=00101008352&supplier_code=00100005&order_time=2023-08-19 HTTP/1.1" 200 412
116.232.195.127 - - [19/Aug/2023:09:43:47 +0800] "GET /xingrg/kc/buy/cgsh_order_operate.html?command=get_materiel&rest_code=00155&code=00101008185&supplier_code=00100005&order_time=2023-08-19 HTTP/1.1" 200 408
222.69.129.152 - - [19/Aug/2023:09:43:48 +0800] "POST /xingrg/kc/buy/cgsh_order_operate.html HTTP/1.1" 200 12
124.78.155.92 - - [19/Aug/2023:09:43:50 +0800] "POST /xingrg/kc/buy/cgsh_order_operate.html HTTP/1.1" 200 32843
222.69.129.152 - - [19/Aug/2023:09:43:51 +0800] "GET /xingrg/kc/buy/cgsh_order_info.html?code=212023081907633 HTTP/1.1" 200 66039
222.69.129.152 - - [19/Aug/2023:09:43:51 +0800] "GET /xingrg/javascript/easyui/themes/default/validatebox.css HTTP/1.1" 404 1104
101.83.145.37 - - [19/Aug/2023:09:43:52 +0800] "GET /xingrg/all/function/internal_message.html?_=1692409433470&CODE_STATE=getMsg HTTP/1.1" 200 27
116.235.244.168 - - [19/Aug/2023:09:43:52 +0800] "POST /xingrg/services/DataTransmitService HTTP/1.1" 200 501
124.78.155.92 - - [19/Aug/2023:09:43:52 +0800] "GET /xingrg/kc/base/base_main.html HTTP/1.1" 200 12142
222.69.129.152 - - [19/Aug/2023:09:43:53 +0800] "POST /xingrg/kc/buy/cgsh_order_operate.html HTTP/1.1" 200 605
124.78.155.92 - - [19/Aug/2023:09:43:54 +0800] "GET /xingrg/kc/base/wldb_order_list.html HTTP/1.1" 200 19215
124.78.155.92 - - [19/Aug/2023:09:43:55 +0800] "POST /xingrg/kc/base/wldb_list_operate.html HTTP/1.1" 200 928
222.67.237.86 - - [19/Aug/2023:09:43:56 +0800] "GET /xingrg/all/function/internal_message.html?_=1692408886781&CODE_STATE=getMsg HTTP/1.1" 200 27
124.78.155.92 - - [19/Aug/2023:09:43:56 +0800] "GET /xingrg/kc/base/wldb_order_add.html HTTP/1.1" 200 30502
116.232.195.127 - - [19/Aug/2023:09:43:57 +0800] "GET /xingrg/kc/buy/cgsh_order_operate.html?command=get_materiel&rest_code=00155&code=00101008436&supplier_code=00100005&order_time=2023-08-19 HTTP/1.1" 200 412
222.67.237.86 - - [19/Aug/2023:09:43:57 +0800] "GET /xingrg/kc/buy/cgsh_order_operate.html?command=get_materiel&rest_code=00141&code=00101006065&supplier_code=00100012&order_time=2023-08-19 HTTP/1.1" 200 409
124.78.155.92 - - [19/Aug/2023:09:43:57 +0800] "GET /xingrg/all/common/auto_word.html?type=base&rest_code=00106 HTTP/1.1" 200 1799
124.78.155.92 - - [19/Aug/2023:09:43:57 +0800] "GET /xingrg/all/common/auto_word.html?type=base&rest_code=00106 HTTP/1.1" 200 1799
124.78.155.92 - - [19/Aug/2023:09:43:57 +0800] "GET /xingrg/javascript/easyui/themes/default/validatebox.css HTTP/1.1" 404 1104
124.78.155.92 - - [19/Aug/2023:09:43:57 +0800] "POST /xingrg/kc/base/wldb_order_operate.html HTTP/1.1" 200 6806
124.78.155.92 - - [19/Aug/2023:09:43:58 +0800] "POST /xingrg/all/common/load_combo.html?type=base HTTP/1.1" 200 3227
222.69.129.152 - - [19/Aug/2023:09:43:59 +0800] "GET /xingrg/kc/print/load_data.html?order_code=212023081907633&kc_code=cgsh&condition= HTTP/1.1" 200 704
124.78.155.92 - - [19/Aug/2023:09:43:59 +0800] "GET /xingrg/all/function/internal_message.html?_=1692409435363&CODE_STATE=getMsg HTTP/1.1" 200 27
116.235.244.168 - - [19/Aug/2023:09:44:00 +0800] "POST /xingrg/services/DataTransmitService HTTP/1.1" 200 524
222.70.180.200 - - [19/Aug/2023:09:44:02 +0800] "GET /xingrg/kc/buy/cgsh_order_operate.html?command=get_materiel&rest_code=00111&code=00101008005&supplier_code=00100005&order_time=2023-08-19 HTTP/1.1" 200 412
116.235.244.168 - - [19/Aug/2023:09:44:02 +0800] "POST /xingrg/services/DataTransmitService HTTP/1.1" 200 2335
116.232.195.127 - - [19/Aug/2023:09:44:03 +0800] "GET /xingrg/all/function/internal_message.html?_=1692409367362&CODE_STATE=getMsg HTTP/1.1" 200 27
116.235.244.168 - - [19/Aug/2023:09:44:04 +0800] "POST /xingrg/services/DataTransmitService HTTP/1.1" 200 524
124.78.155.92 - - [19/Aug/2023:09:44:04 +0800] "GET /xingrg/kc/base/wldb_order_operate.html?command=get_materiel&rest_code=00106&base_code=0010397&code=00102001111 HTTP/1.1" 200 442
222.69.129.152 - - [19/Aug/2023:09:44:05 +0800] "GET /xingrg/all/function/internal_message.html?_=1692409582341&CODE_STATE=getMsg HTTP/1.1" 200 27
116.235.244.168 - - [19/Aug/2023:09:44:06 +0800] "POST /xingrg/services/DataTransmitService HTTP/1.1" 200 2335
180.152.241.196 - - [19/Aug/2023:09:44:06 +0800] "GET /xingrg/kc/buy/cgsh_order_operate.html?command=get_materiel&rest_code=00102&code=00101006056&supplier_code=00100151&order_time=2023-08-19 HTTP/1.1" 200 415
116.238.191.126 - - [19/Aug/2023:09:44:07 +0800] "GET /xingrg/all/function/internal_message.html?_=1692409358359&CODE_STATE=getMsg HTTP/1.1" 200 27
222.67.237.86 - - [19/Aug/2023:09:44:08 +0800] "GET /xingrg/kc/buy/cgsh_order_operate.html?command=get_materiel&rest_code=00141&code=00101006055&supplier_code=00100012&order_time=2023-08-19 HTTP/1.1" 200 409
114.83.216.47 - - [19/Aug/2023:09:44:14 +0800] "GET /xingrg/all/function/internal_message.html?_=1692409452090&CODE_STATE=getMsg HTTP/1.1" 200 27
222.70.180.200 - - [19/Aug/2023:09:44:15 +0800] "GET /xingrg/check_reg.html?_=1692409456905 HTTP/1.1" 200 22
222.70.180.200 - - [19/Aug/2023:09:44:15 +0800] "GET /xingrg/all/function/internal_message.html?_=1692409456894&CODE_STATE=getMsg HTTP/1.1" 200 27
116.232.195.127 - - [19/Aug/2023:09:44:17 +0800] "GET /xingrg/kc/buy/cgsh_order_operate.html?command=get_materiel&rest_code=00155&code=00101008198&supplier_code=00100005&order_time=2023-08-19 HTTP/1.1" 200 413
180.152.241.196 - - [19/Aug/2023:09:44:19 +0800] "GET /xingrg/kc/buy/cgsh_order_operate.html?command=get_materiel&rest_code=00102&code=00101006109&supplier_code=00100151&order_time=2023-08-19 HTTP/1.1" 200 409
116.238.191.126 - - [19/Aug/2023:09:44:21 +0800] "GET /xingrg/all/function/internal_message.html?_=1692409459676&CODE_STATE=getMsg HTTP/1.1" 200 27
180.152.241.196 - - [19/Aug/2023:09:44:22 +0800] "GET /xingrg/all/function/internal_message.html?_=1692409462155&CODE_STATE=getMsg HTTP/1.1" 200 27
222.67.237.86 - - [19/Aug/2023:09:44:28 +0800] "POST /xingrg/kc/buy/cgsh_order_operate.html HTTP/1.1" 200 37
222.70.180.200 - - [19/Aug/2023:09:44:28 +0800] "GET /xingrg/kc/buy/cgsh_order_operate.html?command=get_materiel&rest_code=00111&code=00101008213&supplier_code=00100005&order_time=2023-08-19 HTTP/1.1" 200 412
116.232.195.127 - - [19/Aug/2023:09:44:30 +0800] "GET /xingrg/kc/buy/cgsh_order_operate.html?command=get_materiel&rest_code=00155&code=00101008163&supplier_code=00100005&order_time=2023-08-19 HTTP/1.1" 200 409
116.238.191.126 - - [19/Aug/2023:09:44:31 +0800] "GET /xingrg/check_reg.html?_=1692409382770 HTTP/1.1" 200 22
180.152.241.196 - - [19/Aug/2023:09:44:33 +0800] "GET /xingrg/kc/buy/cgsh_order_operate.html?command=get_materiel&rest_code=00102&code=00101006184&supplier_code=00100151&order_time=2023-08-19 HTTP/1.1" 200 408
180.165.48.189 - - [19/Aug/2023:09:44:36 +0800] "GET /xingrg/all/function/internal_message.html?_=1692409476538&CODE_STATE=getMsg HTTP/1.1" 200 27
222.67.237.86 - - [19/Aug/2023:09:44:38 +0800] "POST /xingrg/kc/buy/cgsh_order_operate.html HTTP/1.1" 200 12
222.67.237.86 - - [19/Aug/2023:09:44:40 +0800] "GET /xingrg/kc/buy/cgsh_order_info.html?code=212023081907634 HTTP/1.1" 200 66831
222.67.237.86 - - [19/Aug/2023:09:44:41 +0800] "GET /xingrg/javascript/easyui/themes/default/validatebox.css HTTP/1.1" 404 1104
222.67.237.86 - - [19/Aug/2023:09:44:41 +0800] "POST /xingrg/kc/buy/cgsh_order_operate.html HTTP/1.1" 200 5993
222.67.237.86 - - [19/Aug/2023:09:44:43 +0800] "GET /xingrg/kc/print/load_data.html?order_code=212023081907634&kc_code=cgsh&condition= HTTP/1.1" 200 2879
222.69.129.152 - - [19/Aug/2023:09:44:44 +0800] "GET /xingrg/kc/buy/cgsh_order_add.html HTTP/1.1" 200 71126
222.69.129.152 - - [19/Aug/2023:09:44:44 +0800] "POST /xingrg/kc/buy/cgsh_order_operate.html HTTP/1.1" 200 8245
222.69.129.152 - - [19/Aug/2023:09:44:44 +0800] "GET /xingrg/javascript/easyui/themes/default/validatebox.css HTTP/1.1" 404 1104
116.232.195.127 - - [19/Aug/2023:09:44:44 +0800] "GET /xingrg/kc/buy/cgsh_order_operate.html?command=get_materiel&rest_code=00155&code=00101008224&supplier_code=00100005&order_time=2023-08-19 HTTP/1.1" 200 416
101.83.145.37 - - [19/Aug/2023:09:44:46 +0800] "GET /xingrg/kc/buy/cgsh_order_operate.html?command=get_materiel&rest_code=00105&code=00101007061&supplier_code=00100002&order_time=2023-08-19 HTTP/1.1" 200 411
222.67.237.86 - - [19/Aug/2023:09:44:48 +0800] "GET /xingrg/kc/buy/cgsh_order_add.html HTTP/1.1" 200 71922
222.67.237.86 - - [19/Aug/2023:09:44:49 +0800] "GET /xingrg/javascript/easyui/themes/default/validatebox.css HTTP/1.1" 404 1104
222.67.237.86 - - [19/Aug/2023:09:44:49 +0800] "POST /xingrg/kc/buy/cgsh_order_operate.html HTTP/1.1" 200 8245
222.70.180.200 - - [19/Aug/2023:09:44:49 +0800] "GET /xingrg/kc/buy/cgsh_order_operate.html?command=get_materiel&rest_code=00111&code=00101008291&supplier_code=00100005&order_time=2023-08-19 HTTP/1.1" 200 408
101.83.145.37 - - [19/Aug/2023:09:44:52 +0800] "GET /xingrg/all/function/internal_message.html?_=1692409493447&CODE_STATE=getMsg HTTP/1.1" 200 27
101.83.145.37 - - [19/Aug/2023:09:44:52 +0800] "GET /xingrg/check_reg.html?_=1692409493831 HTTP/1.1" 200 22
222.67.237.86 - - [19/Aug/2023:09:44:56 +0800] "GET /xingrg/all/function/internal_message.html?_=1692408946791&CODE_STATE=getMsg HTTP/1.1" 200 27
180.152.241.196 - - [19/Aug/2023:09:44:58 +0800] "POST /xingrg/kc/buy/cgsh_order_operate.html HTTP/1.1" 200 37
124.78.155.92 - - [19/Aug/2023:09:44:59 +0800] "GET /xingrg/check_reg.html?_=1692409495253 HTTP/1.1" 200 22
124.78.155.92 - - [19/Aug/2023:09:44:59 +0800] "GET /xingrg/all/function/internal_message.html?_=1692409495337&CODE_STATE=getMsg HTTP/1.1" 200 27
116.232.195.127 - - [19/Aug/2023:09:45:01 +0800] "GET /xingrg/kc/buy/cgsh_order_operate.html?command=get_materiel&rest_code=00155&code=00101008361&supplier_code=00100005&order_time=2023-08-19 HTTP/1.1" 200 408
101.83.145.37 - - [19/Aug/2023:09:45:03 +0800] "GET /xingrg/kc/buy/cgsh_order_operate.html?command=get_materiel&rest_code=00105&code=00101007049&supplier_code=00100002&order_time=2023-08-19 HTTP/1.1" 200 409
116.232.195.127 - - [19/Aug/2023:09:45:03 +0800] "GET /xingrg/all/function/internal_message.html?_=1692409427356&CODE_STATE=getMsg HTTP/1.1" 200 27
222.69.129.152 - - [19/Aug/2023:09:45:05 +0800] "GET /xingrg/all/function/internal_message.html?_=1692409642317&CODE_STATE=getMsg HTTP/1.1" 200 27
