116.232.195.127 - - [19/Aug/2023:10:32:16 +0800] "GET /xingrg/all/function/internal_message.html?_=1692412259835&CODE_STATE=getMsg HTTP/1.1" 200 27
116.238.191.126 - - [19/Aug/2023:10:32:21 +0800] "GET /xingrg/all/function/internal_message.html?_=1692412339796&CODE_STATE=getMsg HTTP/1.1" 200 27
180.152.241.196 - - [19/Aug/2023:10:32:22 +0800] "GET /xingrg/all/function/internal_message.html?_=1692412341429&CODE_STATE=getMsg HTTP/1.1" 200 27
180.165.48.189 - - [19/Aug/2023:10:32:36 +0800] "GET /xingrg/all/function/internal_message.html?_=1692412355717&CODE_STATE=getMsg HTTP/1.1" 200 27
116.238.191.126 - - [19/Aug/2023:10:32:36 +0800] "GET /xingrg/all/function/internal_message.html?_=1692412268054&CODE_STATE=getMsg HTTP/1.1" 200 27
124.78.155.92 - - [19/Aug/2023:10:32:39 +0800] "GET /xingrg/all/function/internal_message.html?_=1692412356860&CODE_STATE=getMsg HTTP/1.1" 200 27
101.83.145.37 - - [19/Aug/2023:10:32:42 +0800] "GET /xingrg/all/function/internal_message.html?_=1692412161392&CODE_STATE=getMsg HTTP/1.1" 200 27
114.83.216.47 - - [19/Aug/2023:10:32:49 +0800] "GET /xingrg/kc/buy/cgsh_order_operate.html?command=get_materiel&rest_code=00149&code=00101007043&supplier_code=00100096&order_time=2023-08-19 HTTP/1.1" 200 408
101.83.145.37 - - [19/Aug/2023:10:32:51 +0800] "GET /xingrg/all/function/internal_message.html?_=1692412372519&CODE_STATE=getMsg HTTP/1.1" 200 27
101.83.145.37 - - [19/Aug/2023:10:32:52 +0800] "GET /xingrg/kc/buy/cgsh_order_operate.html?command=get_materiel&rest_code=00105&code=00101006193&supplier_code=00100012&order_time=2023-08-19 HTTP/1.1" 200 409
124.78.155.92 - - [19/Aug/2023:10:32:58 +0800] "GET /xingrg/all/function/internal_message.html?_=1692412374230&CODE_STATE=getMsg HTTP/1.1" 200 27
222.67.237.86 - - [19/Aug/2023:10:33:07 +0800] "GET /xingrg/all/function/internal_message.html?_=1692411838089&CODE_STATE=getMsg HTTP/1.1" 200 27
114.83.216.47 - - [19/Aug/2023:10:33:08 +0800] "GET /xingrg/kc/buy/cgsh_order_operate.html?command=get_materiel&rest_code=00149&code=00101007033&supplier_code=00100096&order_time=2023-08-19 HTTP/1.1" 200 419
222.69.129.152 - - [19/Aug/2023:10:33:09 +0800] "GET /xingrg/all/function/internal_message.html?_=1692412526746&CODE_STATE=getMsg HTTP/1.1" 200 27
114.83.216.47 - - [19/Aug/2023:10:33:14 +0800] "GET /xingrg/all/function/internal_message.html?_=1692412391590&CODE_STATE=getMsg HTTP/1.1" 200 27
222.70.180.200 - - [19/Aug/2023:10:33:15 +0800] "GET /xingrg/all/function/internal_message.html?_=1692412396965&CODE_STATE=getMsg HTTP/1.1" 200 27
116.232.195.127 - - [19/Aug/2023:10:33:15 +0800] "GET /xingrg/all/function/internal_message.html?_=1692412319822&CODE_STATE=getMsg HTTP/1.1" 200 27
116.238.191.126 - - [19/Aug/2023:10:33:21 +0800] "GET /xingrg/all/function/internal_message.html?_=1692412399797&CODE_STATE=getMsg HTTP/1.1" 200 27
116.238.191.126 - - [19/Aug/2023:10:33:21 +0800] "GET /xingrg/check_reg.html?_=1692412399806 HTTP/1.1" 200 22
180.152.241.196 - - [19/Aug/2023:10:33:22 +0800] "GET /xingrg/all/function/internal_message.html?_=1692412401406&CODE_STATE=getMsg HTTP/1.1" 200 27
180.152.241.196 - - [19/Aug/2023:10:33:23 +0800] "GET /xingrg/check_reg.html?_=1692412402488 HTTP/1.1" 200 22
114.83.216.47 - - [19/Aug/2023:10:33:25 +0800] "GET /xingrg/kc/buy/cgsh_order_operate.html?command=get_materiel&rest_code=00149&code=00101007047&supplier_code=00100096&order_time=2023-08-19 HTTP/1.1" 200 409
124.78.155.92 - - [19/Aug/2023:10:33:33 +0800] "POST /xingrg/kc/base/wldb_order_operate.html HTTP/1.1" 200 37
124.78.155.92 - - [19/Aug/2023:10:33:34 +0800] "POST /xingrg/kc/base/wldb_order_operate.html HTTP/1.1" 200 5213
101.83.145.37 - - [19/Aug/2023:10:33:34 +0800] "GET /xingrg/kc/buy/cgsh_order_operate.html?command=get_materiel&rest_code=00105&code=00101006065&supplier_code=00100012&order_time=2023-08-19 HTTP/1.1" 200 409
124.78.155.92 - - [19/Aug/2023:10:33:34 +0800] "GET /xingrg/kc/base/wldb_order_info.html?code=422023081902026 HTTP/1.1" 200 30513
124.78.155.92 - - [19/Aug/2023:10:33:35 +0800] "GET /xingrg/javascript/easyui/themes/default/validatebox.css HTTP/1.1" 404 1104
180.165.48.189 - - [19/Aug/2023:10:33:36 +0800] "GET /xingrg/all/function/internal_message.html?_=1692412415701&CODE_STATE=getMsg HTTP/1.1" 200 27
124.78.155.92 - - [19/Aug/2023:10:33:36 +0800] "POST /xingrg/kc/base/wldb_order_operate.html HTTP/1.1" 200 5213
116.238.191.126 - - [19/Aug/2023:10:33:36 +0800] "GET /xingrg/check_reg.html?_=1692412327820 HTTP/1.1" 200 22
114.83.216.47 - - [19/Aug/2023:10:33:36 +0800] "GET /xingrg/kc/buy/cgsh_order_operate.html?command=get_materiel&rest_code=00149&code=00101007081&supplier_code=00100096&order_time=2023-08-19 HTTP/1.1" 200 413
116.238.191.126 - - [19/Aug/2023:10:33:36 +0800] "GET /xingrg/all/function/internal_message.html?_=1692412328068&CODE_STATE=getMsg HTTP/1.1" 200 27
180.165.48.189 - - [19/Aug/2023:10:33:37 +0800] "GET /xingrg/check_reg.html?_=1692412416683 HTTP/1.1" 200 22
124.78.155.92 - - [19/Aug/2023:10:33:38 +0800] "GET /xingrg/kc/base/base_main.html HTTP/1.1" 200 12142
124.78.155.92 - - [19/Aug/2023:10:33:39 +0800] "GET /xingrg/all/function/internal_message.html?_=1692412416883&CODE_STATE=getMsg HTTP/1.1" 200 27
124.78.155.92 - - [19/Aug/2023:10:33:39 +0800] "GET /xingrg/check_reg.html?_=1692412416889 HTTP/1.1" 200 22
124.78.155.92 - - [19/Aug/2023:10:33:40 +0800] "GET /xingrg/kc/base/wldb_order_list.html HTTP/1.1" 200 19215
124.78.155.92 - - [19/Aug/2023:10:33:40 +0800] "POST /xingrg/kc/base/wldb_list_operate.html HTTP/1.1" 200 2167
101.83.145.37 - - [19/Aug/2023:10:33:42 +0800] "GET /xingrg/all/function/internal_message.html?_=1692412221385&CODE_STATE=getMsg HTTP/1.1" 200 27
124.78.155.92 - - [19/Aug/2023:10:33:43 +0800] "POST /xingrg/kc/base/wldb_list_operate.html HTTP/1.1" 200 637
124.78.155.92 - - [19/Aug/2023:10:33:44 +0800] "GET /xingrg/kc/base/wldb_order_info.html?code=422023081902025 HTTP/1.1" 200 30513
124.78.155.92 - - [19/Aug/2023:10:33:45 +0800] "GET /xingrg/javascript/easyui/themes/default/validatebox.css HTTP/1.1" 404 1104
124.78.155.92 - - [19/Aug/2023:10:33:45 +0800] "POST /xingrg/kc/base/wldb_order_operate.html HTTP/1.1" 200 5692
101.83.145.37 - - [19/Aug/2023:10:33:51 +0800] "GET /xingrg/all/function/internal_message.html?_=1692412432495&CODE_STATE=getMsg HTTP/1.1" 200 27
124.78.155.92 - - [19/Aug/2023:10:33:58 +0800] "GET /xingrg/all/function/internal_message.html?_=1692412434205&CODE_STATE=getMsg HTTP/1.1" 200 27
114.83.216.47 - - [19/Aug/2023:10:34:01 +0800] "POST /xingrg/kc/buy/cgsh_order_operate.html HTTP/1.1" 200 37
222.69.129.152 - - [19/Aug/2023:10:34:09 +0800] "GET /xingrg/all/function/internal_message.html?_=1692412586723&CODE_STATE=getMsg HTTP/1.1" 200 27
114.83.216.47 - - [19/Aug/2023:10:34:14 +0800] "GET /xingrg/all/function/internal_message.html?_=1692412451568&CODE_STATE=getMsg HTTP/1.1" 200 27
222.70.180.200 - - [19/Aug/2023:10:34:15 +0800] "GET /xingrg/all/function/internal_message.html?_=1692412456943&CODE_STATE=getMsg HTTP/1.1" 200 27
222.70.180.200 - - [19/Aug/2023:10:34:15 +0800] "GET /xingrg/check_reg.html?_=1692412457276 HTTP/1.1" 200 22
116.232.195.127 - - [19/Aug/2023:10:34:15 +0800] "GET /xingrg/all/function/internal_message.html?_=1692412379793&CODE_STATE=getMsg HTTP/1.1" 200 27
114.83.216.47 - - [19/Aug/2023:10:34:16 +0800] "POST /xingrg/kc/buy/cgsh_order_operate.html HTTP/1.1" 200 12
124.78.155.92 - - [19/Aug/2023:10:34:16 +0800] "GET /xingrg/kc/base/wldb_order_operate.html?command=get_materiel&rest_code=00106&base_code=0010396&code=00101027001 HTTP/1.1" 200 471
114.83.216.47 - - [19/Aug/2023:10:34:20 +0800] "GET /xingrg/kc/buy/cgsh_order_info.html?code=212023081907659 HTTP/1.1" 200 66909
114.83.216.47 - - [19/Aug/2023:10:34:20 +0800] "GET /xingrg/javascript/easyui/themes/default/validatebox.css HTTP/1.1" 404 1104
116.238.191.126 - - [19/Aug/2023:10:34:21 +0800] "GET /xingrg/all/function/internal_message.html?_=1692412459805&CODE_STATE=getMsg HTTP/1.1" 200 27
180.152.241.196 - - [19/Aug/2023:10:34:22 +0800] "GET /xingrg/all/function/internal_message.html?_=1692412461387&CODE_STATE=getMsg HTTP/1.1" 200 27
114.83.216.47 - - [19/Aug/2023:10:34:22 +0800] "POST /xingrg/kc/buy/cgsh_order_operate.html HTTP/1.1" 200 6560
114.83.216.47 - - [19/Aug/2023:10:34:24 +0800] "GET /xingrg/kc/print/load_data.html?order_code=212023081907659&kc_code=cgsh&condition= HTTP/1.1" 200 2963
124.78.155.92 - - [19/Aug/2023:10:34:29 +0800] "POST /xingrg/kc/base/wldb_order_operate.html HTTP/1.1" 200 37
124.78.155.92 - - [19/Aug/2023:10:34:30 +0800] "POST /xingrg/kc/base/wldb_order_operate.html HTTP/1.1" 200 6695
124.78.155.92 - - [19/Aug/2023:10:34:30 +0800] "GET /xingrg/kc/base/wldb_order_info.html?code=422023081902025 HTTP/1.1" 200 30513
124.78.155.92 - - [19/Aug/2023:10:34:30 +0800] "GET /xingrg/javascript/easyui/themes/default/validatebox.css HTTP/1.1" 404 1104
124.78.155.92 - - [19/Aug/2023:10:34:31 +0800] "POST /xingrg/kc/base/wldb_order_operate.html HTTP/1.1" 200 6695
180.165.48.189 - - [19/Aug/2023:10:34:36 +0800] "GET /xingrg/all/function/internal_message.html?_=1692412475692&CODE_STATE=getMsg HTTP/1.1" 200 27
116.238.191.126 - - [19/Aug/2023:10:34:36 +0800] "GET /xingrg/all/function/internal_message.html?_=1692412388081&CODE_STATE=getMsg HTTP/1.1" 200 27
124.78.155.92 - - [19/Aug/2023:10:34:39 +0800] "GET /xingrg/all/function/internal_message.html?_=1692412476875&CODE_STATE=getMsg HTTP/1.1" 200 27
114.83.216.47 - - [19/Aug/2023:10:34:39 +0800] "GET /xingrg/kc/buy/cgsh_order_add.html HTTP/1.1" 200 72010
114.83.216.47 - - [19/Aug/2023:10:34:39 +0800] "POST /xingrg/kc/buy/cgsh_order_operate.html HTTP/1.1" 200 8245
114.83.216.47 - - [19/Aug/2023:10:34:39 +0800] "GET /xingrg/javascript/easyui/themes/default/validatebox.css HTTP/1.1" 404 1104
101.83.145.37 - - [19/Aug/2023:10:34:42 +0800] "GET /xingrg/all/function/internal_message.html?_=1692412281387&CODE_STATE=getMsg HTTP/1.1" 200 27
180.152.241.196 - - [19/Aug/2023:10:34:44 +0800] "GET /xingrg/kc/base/wldb_order_add.html HTTP/1.1" 200 30494
180.152.241.196 - - [19/Aug/2023:10:34:44 +0800] "POST /xingrg/kc/base/wldb_order_operate.html HTTP/1.1" 200 6806
180.152.241.196 - - [19/Aug/2023:10:34:44 +0800] "GET /xingrg/javascript/easyui/themes/default/validatebox.css HTTP/1.1" 404 1104
180.152.241.196 - - [19/Aug/2023:10:34:47 +0800] "POST /xingrg/all/common/load_combo.html?type=base HTTP/1.1" 200 3321
101.83.145.37 - - [19/Aug/2023:10:34:51 +0800] "GET /xingrg/all/function/internal_message.html?_=1692412492469&CODE_STATE=getMsg HTTP/1.1" 200 27
180.152.241.196 - - [19/Aug/2023:10:34:51 +0800] "POST /xingrg/all/common/load_combo.html?type=base HTTP/1.1" 200 3321
101.83.145.37 - - [19/Aug/2023:10:34:52 +0800] "GET /xingrg/check_reg.html?_=1692412493893 HTTP/1.1" 200 22
180.163.29.234 - - [19/Aug/2023:10:34:58 +0800] "GET /xingrg/all/function/internal_message.html?_=1692412434205&CODE_STATE=getMsg HTTP/1.1" 302 -
180.163.29.234 - - [19/Aug/2023:10:34:58 +0800] "GET /xingrg/login.html HTTP/1.1" 200 7641
124.78.155.92 - - [19/Aug/2023:10:34:58 +0800] "GET /xingrg/all/function/internal_message.html?_=1692412494176&CODE_STATE=getMsg HTTP/1.1" 200 27
124.78.155.92 - - [19/Aug/2023:10:34:59 +0800] "GET /xingrg/check_reg.html?_=1692412495056 HTTP/1.1" 200 22
124.78.155.92 - - [19/Aug/2023:10:35:08 +0800] "POST /xingrg/kc/base/wldb_order_operate.html HTTP/1.1" 200 37
124.78.155.92 - - [19/Aug/2023:10:35:09 +0800] "POST /xingrg/kc/base/wldb_order_operate.html HTTP/1.1" 200 6695
124.78.155.92 - - [19/Aug/2023:10:35:09 +0800] "GET /xingrg/kc/base/wldb_order_info.html?code=422023081902025 HTTP/1.1" 200 30513
222.69.129.152 - - [19/Aug/2023:10:35:09 +0800] "GET /xingrg/all/function/internal_message.html?_=1692412646700&CODE_STATE=getMsg HTTP/1.1" 200 27
124.78.155.92 - - [19/Aug/2023:10:35:10 +0800] "GET /xingrg/javascript/easyui/themes/default/validatebox.css HTTP/1.1" 404 1104
124.78.155.92 - - [19/Aug/2023:10:35:10 +0800] "POST /xingrg/kc/base/wldb_order_operate.html HTTP/1.1" 200 6695
114.83.216.47 - - [19/Aug/2023:10:35:14 +0800] "GET /xingrg/all/function/internal_message.html?_=1692412511554&CODE_STATE=getMsg HTTP/1.1" 200 27
222.70.180.200 - - [19/Aug/2023:10:35:15 +0800] "GET /xingrg/all/function/internal_message.html?_=1692412516927&CODE_STATE=getMsg HTTP/1.1" 200 27
116.232.195.127 - - [19/Aug/2023:10:35:15 +0800] "GET /xingrg/all/function/internal_message.html?_=1692412439784&CODE_STATE=getMsg HTTP/1.1" 200 27
124.78.155.92 - - [19/Aug/2023:10:35:17 +0800] "GET /xingrg/kc/base/wldb_order_add.html HTTP/1.1" 200 30498
124.78.155.92 - - [19/Aug/2023:10:35:17 +0800] "POST /xingrg/kc/base/wldb_order_operate.html HTTP/1.1" 200 6806
124.78.155.92 - - [19/Aug/2023:10:35:17 +0800] "GET /xingrg/javascript/easyui/themes/default/validatebox.css HTTP/1.1" 404 1104
116.238.191.126 - - [19/Aug/2023:10:35:21 +0800] "GET /xingrg/all/function/internal_message.html?_=1692412519806&CODE_STATE=getMsg HTTP/1.1" 200 27
180.152.241.196 - - [19/Aug/2023:10:35:22 +0800] "GET /xingrg/all/function/internal_message.html?_=1692412521374&CODE_STATE=getMsg HTTP/1.1" 200 27
101.83.145.37 - - [19/Aug/2023:10:35:29 +0800] "GET /xingrg/kc/buy/cgsh_order_operate.html?command=get_materiel&rest_code=00105&code=00101006055&supplier_code=00100012&order_time=2023-08-19 HTTP/1.1" 200 409
180.165.48.189 - - [19/Aug/2023:10:35:36 +0800] "GET /xingrg/all/function/internal_message.html?_=1692412535689&CODE_STATE=getMsg HTTP/1.1" 200 27
116.238.191.126 - - [19/Aug/2023:10:35:36 +0800] "GET /xingrg/all/function/internal_message.html?_=1692412448095&CODE_STATE=getMsg HTTP/1.1" 200 27
124.78.155.92 - - [19/Aug/2023:10:35:38 +0800] "POST /xingrg/all/common/load_combo.html?type=base HTTP/1.1" 200 3227
124.78.155.92 - - [19/Aug/2023:10:35:39 +0800] "GET /xingrg/all/function/internal_message.html?_=1692412536888&CODE_STATE=getMsg HTTP/1.1" 200 27
101.83.145.37 - - [19/Aug/2023:10:35:42 +0800] "GET /xingrg/all/function/internal_message.html?_=1692412341384&CODE_STATE=getMsg HTTP/1.1" 200 27
101.83.145.37 - - [19/Aug/2023:10:35:42 +0800] "GET /xingrg/check_reg.html?_=1692412341387 HTTP/1.1" 200 22
124.78.155.92 - - [19/Aug/2023:10:35:43 +0800] "POST /xingrg/all/common/load_combo.html?type=base HTTP/1.1" 200 3227
101.83.145.37 - - [19/Aug/2023:10:35:51 +0800] "GET /xingrg/all/function/internal_message.html?_=1692412552465&CODE_STATE=getMsg HTTP/1.1" 200 27
124.78.155.92 - - [19/Aug/2023:10:35:58 +0800] "GET /xingrg/all/function/internal_message.html?_=1692412554155&CODE_STATE=getMsg HTTP/1.1" 200 27
222.69.129.152 - - [19/Aug/2023:10:36:09 +0800] "GET /xingrg/all/function/internal_message.html?_=1692412706691&CODE_STATE=getMsg HTTP/1.1" 200 27
114.83.216.47 - - [19/Aug/2023:10:36:13 +0800] "GET /xingrg/all/function/internal_message.html?_=1692412571526&CODE_STATE=getMsg HTTP/1.1" 200 27
222.70.180.200 - - [19/Aug/2023:10:36:15 +0800] "GET /xingrg/all/function/internal_message.html?_=1692412576938&CODE_STATE=getMsg HTTP/1.1" 200 27
116.232.195.127 - - [19/Aug/2023:10:36:15 +0800] "GET /xingrg/all/function/internal_message.html?_=1692412499758&CODE_STATE=getMsg HTTP/1.1" 200 27
116.238.191.126 - - [19/Aug/2023:10:36:21 +0800] "GET /xingrg/all/function/internal_message.html?_=1692412579807&CODE_STATE=getMsg HTTP/1.1" 200 27
180.152.241.196 - - [19/Aug/2023:10:36:22 +0800] "GET /xingrg/all/function/internal_message.html?_=1692412581351&CODE_STATE=getMsg HTTP/1.1" 200 27
101.83.145.37 - - [19/Aug/2023:10:36:34 +0800] "POST /xingrg/services/DataTransmitService HTTP/1.1" 200 524
101.83.145.37 - - [19/Aug/2023:10:36:35 +0800] "POST /xingrg/services/DataTransmitService HTTP/1.1" 200 412
180.165.48.189 - - [19/Aug/2023:10:36:35 +0800] "GET /xingrg/all/function/internal_message.html?_=1692412595671&CODE_STATE=getMsg HTTP/1.1" 200 27
116.238.191.126 - - [19/Aug/2023:10:36:36 +0800] "GET /xingrg/all/function/internal_message.html?_=1692412508125&CODE_STATE=getMsg HTTP/1.1" 200 27
124.78.155.92 - - [19/Aug/2023:10:36:39 +0800] "GET /xingrg/all/function/internal_message.html?_=1692412596877&CODE_STATE=getMsg HTTP/1.1" 200 27
124.78.155.92 - - [19/Aug/2023:10:36:40 +0800] "GET /xingrg/kc/base/wldb_order_operate.html?command=get_materiel&rest_code=00106&base_code=0010396&code=00101016083 HTTP/1.1" 200 448
114.83.216.47 - - [19/Aug/2023:10:36:42 +0800] "GET /xingrg/kc/buy/cgsh_order_operate.html?command=get_materiel&rest_code=00149&code=00101023047&supplier_code=00100481&order_time=2023-08-19 HTTP/1.1" 200 410
101.83.145.37 - - [19/Aug/2023:10:36:42 +0800] "GET /xingrg/all/function/internal_message.html?_=1692412401392&CODE_STATE=getMsg HTTP/1.1" 200 27
101.83.145.37 - - [19/Aug/2023:10:36:51 +0800] "GET /xingrg/all/function/internal_message.html?_=1692412612440&CODE_STATE=getMsg HTTP/1.1" 200 27
114.83.216.47 - - [19/Aug/2023:10:36:56 +0800] "POST /xingrg/kc/buy/cgsh_order_operate.html HTTP/1.1" 200 37
124.78.155.92 - - [19/Aug/2023:10:36:58 +0800] "GET /xingrg/all/function/internal_message.html?_=1692412614127&CODE_STATE=getMsg HTTP/1.1" 200 27
222.69.129.152 - - [19/Aug/2023:10:36:58 +0800] "GET /xingrg/check_reg.html?_=1692412755374 HTTP/1.1" 200 22
101.83.145.37 - - [19/Aug/2023:10:36:58 +0800] "GET /xingrg/kc/buy/cgsh_order_operate.html?command=get_materiel&rest_code=00105&code=00101010219&supplier_code=00100012&order_time=2023-08-19 HTTP/1.1" 200 419
116.232.195.127 - - [19/Aug/2023:10:37:04 +0800] "GET /xingrg/check_reg.html?_=1692412548024 HTTP/1.1" 200 22
114.83.216.47 - - [19/Aug/2023:10:37:06 +0800] "POST /xingrg/kc/buy/cgsh_order_operate.html HTTP/1.1" 200 12
124.78.155.92 - - [19/Aug/2023:10:37:06 +0800] "GET /xingrg/kc/base/wldb_order_operate.html?command=get_materiel&rest_code=00106&base_code=0010396&code=00101019133 HTTP/1.1" 200 480
222.69.129.152 - - [19/Aug/2023:10:37:09 +0800] "GET /xingrg/all/function/internal_message.html?_=1692412766682&CODE_STATE=getMsg HTTP/1.1" 200 27
114.83.216.47 - - [19/Aug/2023:10:37:13 +0800] "GET /xingrg/all/function/internal_message.html?_=1692412631507&CODE_STATE=getMsg HTTP/1.1" 200 27
114.83.216.47 - - [19/Aug/2023:10:37:14 +0800] "GET /xingrg/kc/buy/cgsh_order_info.html?code=212023081907660 HTTP/1.1" 200 66931
114.83.216.47 - - [19/Aug/2023:10:37:14 +0800] "GET /xingrg/javascript/easyui/themes/default/validatebox.css HTTP/1.1" 404 1104
114.83.216.47 - - [19/Aug/2023:10:37:15 +0800] "GET /xingrg/check_reg.html?_=1692412632542 HTTP/1.1" 200 22
222.70.180.200 - - [19/Aug/2023:10:37:15 +0800] "GET /xingrg/all/function/internal_message.html?_=1692412636936&CODE_STATE=getMsg HTTP/1.1" 200 27
116.232.195.127 - - [19/Aug/2023:10:37:15 +0800] "GET /xingrg/all/function/internal_message.html?_=1692412559739&CODE_STATE=getMsg HTTP/1.1" 200 27
114.83.216.47 - - [19/Aug/2023:10:37:16 +0800] "POST /xingrg/kc/buy/cgsh_order_operate.html HTTP/1.1" 200 611
116.238.191.126 - - [19/Aug/2023:10:37:21 +0800] "GET /xingrg/all/function/internal_message.html?_=1692412639795&CODE_STATE=getMsg HTTP/1.1" 200 27
180.152.241.196 - - [19/Aug/2023:10:37:22 +0800] "GET /xingrg/all/function/internal_message.html?_=1692412641332&CODE_STATE=getMsg HTTP/1.1" 200 27
101.83.145.37 - - [19/Aug/2023:10:37:27 +0800] "GET /xingrg/kc/buy/cgsh_order_operate.html?command=get_materiel&rest_code=00105&code=00101006177&supplier_code=00100012&order_time=2023-08-19 HTTP/1.1" 200 408
124.78.155.92 - - [19/Aug/2023:10:37:28 +0800] "GET /xingrg/kc/base/wldb_order_operate.html?command=get_materiel&rest_code=00106&base_code=0010396&code=00101019430 HTTP/1.1" 200 478
114.83.216.47 - - [19/Aug/2023:10:37:30 +0800] "GET /xingrg/kc/print/load_data.html?order_code=212023081907660&kc_code=cgsh&condition= HTTP/1.1" 200 735
180.165.48.189 - - [19/Aug/2023:10:37:35 +0800] "GET /xingrg/all/function/internal_message.html?_=1692412655668&CODE_STATE=getMsg HTTP/1.1" 200 27
116.238.191.126 - - [19/Aug/2023:10:37:36 +0800] "GET /xingrg/all/function/internal_message.html?_=1692412568137&CODE_STATE=getMsg HTTP/1.1" 200 27
114.83.216.47 - - [19/Aug/2023:10:37:37 +0800] "GET /xingrg/kc/buy/cgsh_order_add.html HTTP/1.1" 200 72010
114.83.216.47 - - [19/Aug/2023:10:37:38 +0800] "POST /xingrg/kc/buy/cgsh_order_operate.html HTTP/1.1" 200 8245
114.83.216.47 - - [19/Aug/2023:10:37:38 +0800] "GET /xingrg/javascript/easyui/themes/default/validatebox.css HTTP/1.1" 404 1104
124.78.155.92 - - [19/Aug/2023:10:37:39 +0800] "GET /xingrg/all/function/internal_message.html?_=1692412656891&CODE_STATE=getMsg HTTP/1.1" 200 27
101.83.145.37 - - [19/Aug/2023:10:37:42 +0800] "GET /xingrg/all/function/internal_message.html?_=1692412461457&CODE_STATE=getMsg HTTP/1.1" 200 27
101.83.145.37 - - [19/Aug/2023:10:37:51 +0800] "GET /xingrg/all/function/internal_message.html?_=1692412672415&CODE_STATE=getMsg HTTP/1.1" 200 27
124.78.155.92 - - [19/Aug/2023:10:37:55 +0800] "GET /xingrg/kc/base/wldb_order_operate.html?command=get_materiel&rest_code=00106&base_code=0010396&code=00101019183 HTTP/1.1" 200 449
124.78.155.92 - - [19/Aug/2023:10:37:58 +0800] "GET /xingrg/all/function/internal_message.html?_=1692412674114&CODE_STATE=getMsg HTTP/1.1" 200 27
222.69.129.152 - - [19/Aug/2023:10:38:09 +0800] "GET /xingrg/all/function/internal_message.html?_=1692412826657&CODE_STATE=getMsg HTTP/1.1" 200 27
114.83.216.47 - - [19/Aug/2023:10:38:13 +0800] "GET /xingrg/all/function/internal_message.html?_=1692412691489&CODE_STATE=getMsg HTTP/1.1" 200 27
222.70.180.200 - - [19/Aug/2023:10:38:15 +0800] "GET /xingrg/all/function/internal_message.html?_=1692412696934&CODE_STATE=getMsg HTTP/1.1" 200 27
116.232.195.127 - - [19/Aug/2023:10:38:15 +0800] "GET /xingrg/all/function/internal_message.html?_=1692412619712&CODE_STATE=getMsg HTTP/1.1" 200 27
116.238.191.126 - - [19/Aug/2023:10:38:21 +0800] "GET /xingrg/all/function/internal_message.html?_=1692412699805&CODE_STATE=getMsg HTTP/1.1" 200 27
116.238.191.126 - - [19/Aug/2023:10:38:21 +0800] "GET /xingrg/check_reg.html?_=1692412699808 HTTP/1.1" 200 22
180.152.241.196 - - [19/Aug/2023:10:38:22 +0800] "GET /xingrg/all/function/internal_message.html?_=1692412701321&CODE_STATE=getMsg HTTP/1.1" 200 27
124.78.155.92 - - [19/Aug/2023:10:38:22 +0800] "POST /xingrg/kc/base/wldb_order_operate.html HTTP/1.1" 200 37
180.152.241.196 - - [19/Aug/2023:10:38:23 +0800] "GET /xingrg/check_reg.html?_=1692412702491 HTTP/1.1" 200 22
124.78.155.92 - - [19/Aug/2023:10:38:23 +0800] "POST /xingrg/kc/base/wldb_order_operate.html HTTP/1.1" 200 5718
124.78.155.92 - - [19/Aug/2023:10:38:23 +0800] "GET /xingrg/kc/base/wldb_order_info.html?code=422023081902027 HTTP/1.1" 200 30513
124.78.155.92 - - [19/Aug/2023:10:38:24 +0800] "GET /xingrg/javascript/easyui/themes/default/validatebox.css HTTP/1.1" 404 1104
101.83.145.37 - - [19/Aug/2023:10:38:24 +0800] "GET /xingrg/kc/buy/cgsh_order_operate.html?command=get_materiel&rest_code=00105&code=00101006120&supplier_code=00100012&order_time=2023-08-19 HTTP/1.1" 200 429
124.78.155.92 - - [19/Aug/2023:10:38:24 +0800] "POST /xingrg/kc/base/wldb_order_operate.html HTTP/1.1" 200 5718
180.165.48.189 - - [19/Aug/2023:10:38:35 +0800] "GET /xingrg/all/function/internal_message.html?_=1692412715644&CODE_STATE=getMsg HTTP/1.1" 200 27
116.238.191.126 - - [19/Aug/2023:10:38:36 +0800] "GET /xingrg/check_reg.html?_=1692412627842 HTTP/1.1" 200 22
116.238.191.126 - - [19/Aug/2023:10:38:36 +0800] "GET /xingrg/all/function/internal_message.html?_=1692412628151&CODE_STATE=getMsg HTTP/1.1" 200 27
180.165.48.189 - - [19/Aug/2023:10:38:37 +0800] "GET /xingrg/check_reg.html?_=1692412716688 HTTP/1.1" 200 22
124.78.155.92 - - [19/Aug/2023:10:38:39 +0800] "GET /xingrg/all/function/internal_message.html?_=1692412716894&CODE_STATE=getMsg HTTP/1.1" 200 27
124.78.155.92 - - [19/Aug/2023:10:38:39 +0800] "GET /xingrg/check_reg.html?_=1692412716897 HTTP/1.1" 200 22
101.83.145.37 - - [19/Aug/2023:10:38:42 +0800] "GET /xingrg/all/function/internal_message.html?_=1692412521450&CODE_STATE=getMsg HTTP/1.1" 200 27
124.78.155.92 - - [19/Aug/2023:10:38:42 +0800] "GET /xingrg/kc/base/base_main.html HTTP/1.1" 200 12142
124.78.155.92 - - [19/Aug/2023:10:38:44 +0800] "GET /xingrg/kc/base/wldb_order_list.html HTTP/1.1" 200 19215
124.78.155.92 - - [19/Aug/2023:10:38:45 +0800] "POST /xingrg/kc/base/wldb_list_operate.html HTTP/1.1" 200 2560
101.83.145.37 - - [19/Aug/2023:10:38:51 +0800] "GET /xingrg/all/function/internal_message.html?_=1692412732393&CODE_STATE=getMsg HTTP/1.1" 200 27
124.78.155.92 - - [19/Aug/2023:10:38:53 +0800] "GET /xingrg/kc/base/base_main.html HTTP/1.1" 200 12142
124.78.155.92 - - [19/Aug/2023:10:38:55 +0800] "GET /xingrg/kc/base/wldb_order_list.html HTTP/1.1" 200 19215
124.78.155.92 - - [19/Aug/2023:10:38:55 +0800] "POST /xingrg/kc/base/wldb_list_operate.html HTTP/1.1" 200 2560
124.78.155.92 - - [19/Aug/2023:10:38:58 +0800] "GET /xingrg/all/function/internal_message.html?_=1692412734086&CODE_STATE=getMsg HTTP/1.1" 200 27
222.64.56.246 - - [19/Aug/2023:10:39:07 +0800] "POST /xingrg/services/DataTransmitService HTTP/1.1" 200 524
222.64.56.246 - - [19/Aug/2023:10:39:09 +0800] "POST /xingrg/services/DataTransmitService HTTP/1.1" 200 501
222.69.129.152 - - [19/Aug/2023:10:39:09 +0800] "GET /xingrg/all/function/internal_message.html?_=1692412886642&CODE_STATE=getMsg HTTP/1.1" 200 27
114.83.216.47 - - [19/Aug/2023:10:39:13 +0800] "GET /xingrg/all/function/internal_message.html?_=1692412751472&CODE_STATE=getMsg HTTP/1.1" 200 27
222.70.180.200 - - [19/Aug/2023:10:39:15 +0800] "GET /xingrg/all/function/internal_message.html?_=1692412756928&CODE_STATE=getMsg HTTP/1.1" 200 27
222.70.180.200 - - [19/Aug/2023:10:39:15 +0800] "GET /xingrg/check_reg.html?_=1692412757260 HTTP/1.1" 200 22
116.232.195.127 - - [19/Aug/2023:10:39:15 +0800] "GET /xingrg/all/function/internal_message.html?_=1692412679708&CODE_STATE=getMsg HTTP/1.1" 200 27
116.238.191.126 - - [19/Aug/2023:10:39:21 +0800] "GET /xingrg/all/function/internal_message.html?_=1692412759809&CODE_STATE=getMsg HTTP/1.1" 200 27
180.152.241.196 - - [19/Aug/2023:10:39:22 +0800] "GET /xingrg/all/function/internal_message.html?_=1692412761309&CODE_STATE=getMsg HTTP/1.1" 200 27
180.165.48.189 - - [19/Aug/2023:10:39:35 +0800] "GET /xingrg/all/function/internal_message.html?_=1692412775638&CODE_STATE=getMsg HTTP/1.1" 200 27
116.238.191.126 - - [19/Aug/2023:10:39:36 +0800] "GET /xingrg/all/function/internal_message.html?_=1692412688164&CODE_STATE=getMsg HTTP/1.1" 200 27
124.78.155.92 - - [19/Aug/2023:10:39:39 +0800] "GET /xingrg/all/function/internal_message.html?_=1692412776897&CODE_STATE=getMsg HTTP/1.1" 200 27
180.152.241.196 - - [19/Aug/2023:10:39:41 +0800] "GET /xingrg/kc/base/wldb_order_operate.html?command=get_materiel&rest_code=00102&base_code=0010476&code=00101013003 HTTP/1.1" 200 429
101.83.145.37 - - [19/Aug/2023:10:39:42 +0800] "GET /xingrg/all/function/internal_message.html?_=1692412581412&CODE_STATE=getMsg HTTP/1.1" 200 27
101.83.145.37 - - [19/Aug/2023:10:39:51 +0800] "GET /xingrg/all/function/internal_message.html?_=1692412792370&CODE_STATE=getMsg HTTP/1.1" 200 27
101.83.145.37 - - [19/Aug/2023:10:39:52 +0800] "GET /xingrg/check_reg.html?_=1692412793917 HTTP/1.1" 200 22
180.163.28.114 - - [19/Aug/2023:10:39:58 +0800] "GET /xingrg/all/function/internal_message.html?_=1692412734086&CODE_STATE=getMsg HTTP/1.1" 302 -
180.163.28.114 - - [19/Aug/2023:10:39:58 +0800] "GET /xingrg/login.html HTTP/1.1" 200 7641
124.78.155.92 - - [19/Aug/2023:10:39:58 +0800] "GET /xingrg/all/function/internal_message.html?_=1692412794056&CODE_STATE=getMsg HTTP/1.1" 200 27
124.78.155.92 - - [19/Aug/2023:10:39:59 +0800] "GET /xingrg/check_reg.html?_=1692412795036 HTTP/1.1" 200 22
222.69.129.152 - - [19/Aug/2023:10:40:09 +0800] "GET /xingrg/all/function/internal_message.html?_=1692412946613&CODE_STATE=getMsg HTTP/1.1" 200 27
222.67.237.86 - - [19/Aug/2023:10:40:10 +0800] "GET /xingrg/all/function/internal_message.html?_=1692412256515&CODE_STATE=getMsg HTTP/1.1" 200 27
114.83.216.47 - - [19/Aug/2023:10:40:13 +0800] "GET /xingrg/all/function/internal_message.html?_=1692412811444&CODE_STATE=getMsg HTTP/1.1" 200 27
222.70.180.200 - - [19/Aug/2023:10:40:15 +0800] "GET /xingrg/all/function/internal_message.html?_=1692412816940&CODE_STATE=getMsg HTTP/1.1" 200 27
116.232.195.127 - - [19/Aug/2023:10:40:15 +0800] "GET /xingrg/all/function/internal_message.html?_=1692412739679&CODE_STATE=getMsg HTTP/1.1" 200 27
222.67.237.86 - - [19/Aug/2023:10:40:18 +0800] "GET /xingrg/kc/base/base_main.html HTTP/1.1" 200 12142
222.67.237.86 - - [19/Aug/2023:10:40:18 +0800] "GET /xingrg/images/blue/button/wlsy.gif HTTP/1.1" 200 2536
222.67.237.86 - - [19/Aug/2023:10:40:18 +0800] "GET /xingrg/images/blue/button/ckpd.gif HTTP/1.1" 200 2051
222.67.237.86 - - [19/Aug/2023:10:40:18 +0800] "GET /xingrg/images/blue/button/yddb.gif HTTP/1.1" 200 2040
222.67.237.86 - - [19/Aug/2023:10:40:18 +0800] "GET /xingrg/images/blue/button/ckdb.gif HTTP/1.1" 200 1950
222.67.237.86 - - [19/Aug/2023:10:40:18 +0800] "GET /xingrg/images/blue/button/bottom_right.jpg HTTP/1.1" 200 1436
222.67.237.86 - - [19/Aug/2023:10:40:18 +0800] "GET /xingrg/images/blue/button/down.jpg HTTP/1.1" 200 1560
222.67.237.86 - - [19/Aug/2023:10:40:18 +0800] "GET /xingrg/images/blue/button/top_left.jpg HTTP/1.1" 200 1632
222.67.237.86 - - [19/Aug/2023:10:40:18 +0800] "GET /xingrg/images/blue/button/top_right.jpg HTTP/1.1" 200 1708
222.67.237.86 - - [19/Aug/2023:10:40:18 +0800] "GET /xingrg/images/blue/button/bottom_left.jpg HTTP/1.1" 200 1524
222.67.237.86 - - [19/Aug/2023:10:40:18 +0800] "GET /xingrg/images/blue/button/left_ah.jpg HTTP/1.1" 200 1643
222.67.237.86 - - [19/Aug/2023:10:40:19 +0800] "GET /xingrg/kc/base/wldb_order_list.html HTTP/1.1" 200 19221
222.67.237.86 - - [19/Aug/2023:10:40:20 +0800] "POST /xingrg/kc/base/wldb_list_operate.html HTTP/1.1" 200 928
116.238.191.126 - - [19/Aug/2023:10:40:21 +0800] "GET /xingrg/all/function/internal_message.html?_=1692412819810&CODE_STATE=getMsg HTTP/1.1" 200 27
180.152.241.196 - - [19/Aug/2023:10:40:22 +0800] "GET /xingrg/all/function/internal_message.html?_=1692412821292&CODE_STATE=getMsg HTTP/1.1" 200 27
222.67.237.86 - - [19/Aug/2023:10:40:22 +0800] "GET /xingrg/kc/base/wldb_order_add.html HTTP/1.1" 200 30504
222.67.237.86 - - [19/Aug/2023:10:40:23 +0800] "GET /xingrg/all/common/auto_word.html?type=base&rest_code=00141 HTTP/1.1" 200 1799
222.67.237.86 - - [19/Aug/2023:10:40:23 +0800] "GET /xingrg/all/common/auto_word.html?type=base&rest_code=00141 HTTP/1.1" 200 1799
222.67.237.86 - - [19/Aug/2023:10:40:23 +0800] "GET /xingrg/javascript/easyui/themes/default/validatebox.css HTTP/1.1" 404 1104
222.67.237.86 - - [19/Aug/2023:10:40:23 +0800] "POST /xingrg/kc/base/wldb_order_operate.html HTTP/1.1" 200 6806
222.67.237.86 - - [19/Aug/2023:10:40:34 +0800] "GET /xingrg/kc/base/wldb_order_operate.html?command=get_materiel&rest_code=00141&base_code=&code=00101014020 HTTP/1.1" 200 458
180.165.48.189 - - [19/Aug/2023:10:40:35 +0800] "GET /xingrg/all/function/internal_message.html?_=1692412835623&CODE_STATE=getMsg HTTP/1.1" 200 27
116.238.191.126 - - [19/Aug/2023:10:40:36 +0800] "GET /xingrg/all/function/internal_message.html?_=1692412748177&CODE_STATE=getMsg HTTP/1.1" 200 27
124.78.155.92 - - [19/Aug/2023:10:40:39 +0800] "GET /xingrg/all/function/internal_message.html?_=1692412836892&CODE_STATE=getMsg HTTP/1.1" 200 27
101.83.145.37 - - [19/Aug/2023:10:40:42 +0800] "GET /xingrg/check_reg.html?_=1692412641384 HTTP/1.1" 200 22
101.83.145.37 - - [19/Aug/2023:10:40:42 +0800] "GET /xingrg/all/function/internal_message.html?_=1692412641389&CODE_STATE=getMsg HTTP/1.1" 200 27
101.83.145.37 - - [19/Aug/2023:10:40:51 +0800] "GET /xingrg/all/function/internal_message.html?_=1692412852341&CODE_STATE=getMsg HTTP/1.1" 200 27
124.78.155.92 - - [19/Aug/2023:10:40:58 +0800] "GET /xingrg/all/function/internal_message.html?_=1692412854038&CODE_STATE=getMsg HTTP/1.1" 200 27
180.163.28.143 - - [19/Aug/2023:10:40:59 +0800] "GET /xingrg/check_reg.html?_=1692412795036 HTTP/1.1" 302 -
180.163.28.143 - - [19/Aug/2023:10:40:59 +0800] "GET /xingrg/login.html HTTP/1.1" 200 7641
222.67.237.86 - - [19/Aug/2023:10:41:05 +0800] "GET /xingrg/all/function/internal_message.html?_=1692412316512&CODE_STATE=getMsg HTTP/1.1" 200 27
222.69.129.152 - - [19/Aug/2023:10:41:09 +0800] "GET /xingrg/all/function/internal_message.html?_=1692413006583&CODE_STATE=getMsg HTTP/1.1" 200 27
114.83.216.47 - - [19/Aug/2023:10:41:13 +0800] "GET /xingrg/all/function/internal_message.html?_=1692412871434&CODE_STATE=getMsg HTTP/1.1" 200 27
222.70.180.200 - - [19/Aug/2023:10:41:15 +0800] "GET /xingrg/all/function/internal_message.html?_=1692412876932&CODE_STATE=getMsg HTTP/1.1" 200 27
116.232.195.127 - - [19/Aug/2023:10:41:15 +0800] "GET /xingrg/all/function/internal_message.html?_=1692412799675&CODE_STATE=getMsg HTTP/1.1" 200 27
116.238.191.126 - - [19/Aug/2023:10:41:21 +0800] "GET /xingrg/all/function/internal_message.html?_=1692412879812&CODE_STATE=getMsg HTTP/1.1" 200 27
180.152.241.196 - - [19/Aug/2023:10:41:22 +0800] "GET /xingrg/all/function/internal_message.html?_=1692412881267&CODE_STATE=getMsg HTTP/1.1" 200 27
180.165.48.189 - - [19/Aug/2023:10:41:35 +0800] "GET /xingrg/all/function/internal_message.html?_=1692412895608&CODE_STATE=getMsg HTTP/1.1" 200 27
116.238.191.126 - - [19/Aug/2023:10:41:36 +0800] "GET /xingrg/all/function/internal_message.html?_=1692412808206&CODE_STATE=getMsg HTTP/1.1" 200 27
124.78.155.92 - - [19/Aug/2023:10:41:39 +0800] "GET /xingrg/all/function/internal_message.html?_=1692412896903&CODE_STATE=getMsg HTTP/1.1" 200 27
101.83.145.37 - - [19/Aug/2023:10:41:42 +0800] "GET /xingrg/all/function/internal_message.html?_=1692412701382&CODE_STATE=getMsg HTTP/1.1" 200 27
101.83.145.37 - - [19/Aug/2023:10:41:51 +0800] "GET /xingrg/all/function/internal_message.html?_=1692412912311&CODE_STATE=getMsg HTTP/1.1" 200 27
124.78.155.92 - - [19/Aug/2023:10:41:58 +0800] "GET /xingrg/all/function/internal_message.html?_=1692412914011&CODE_STATE=getMsg HTTP/1.1" 200 27
222.69.129.152 - - [19/Aug/2023:10:41:58 +0800] "GET /xingrg/check_reg.html?_=1692413055382 HTTP/1.1" 200 22
120.253.135.82 - - [19/Aug/2023:10:41:59 +0800] "GET /favicon.ico HTTP/1.1" 404 -
116.232.195.127 - - [19/Aug/2023:10:42:04 +0800] "GET /xingrg/check_reg.html?_=1692412848016 HTTP/1.1" 200 22
222.67.237.86 - - [19/Aug/2023:10:42:05 +0800] "GET /xingrg/all/function/internal_message.html?_=1692412376480&CODE_STATE=getMsg HTTP/1.1" 200 27
222.69.129.152 - - [19/Aug/2023:10:42:09 +0800] "GET /xingrg/all/function/internal_message.html?_=1692413066566&CODE_STATE=getMsg HTTP/1.1" 200 27
114.83.216.47 - - [19/Aug/2023:10:42:13 +0800] "GET /xingrg/all/function/internal_message.html?_=1692412931415&CODE_STATE=getMsg HTTP/1.1" 200 27
114.83.216.47 - - [19/Aug/2023:10:42:14 +0800] "GET /xingrg/check_reg.html?_=1692412932543 HTTP/1.1" 200 22
222.70.180.200 - - [19/Aug/2023:10:42:15 +0800] "GET /xingrg/all/function/internal_message.html?_=1692412936934&CODE_STATE=getMsg HTTP/1.1" 200 27
116.232.195.127 - - [19/Aug/2023:10:42:15 +0800] "GET /xingrg/all/function/internal_message.html?_=1692412859657&CODE_STATE=getMsg HTTP/1.1" 200 27
116.238.191.126 - - [19/Aug/2023:10:42:21 +0800] "GET /xingrg/all/function/internal_message.html?_=1692412939813&CODE_STATE=getMsg HTTP/1.1" 200 27
180.152.241.196 - - [19/Aug/2023:10:42:22 +0800] "GET /xingrg/all/function/internal_message.html?_=1692412941241&CODE_STATE=getMsg HTTP/1.1" 200 27
180.165.48.189 - - [19/Aug/2023:10:42:35 +0800] "GET /xingrg/all/function/internal_message.html?_=1692412955579&CODE_STATE=getMsg HTTP/1.1" 200 27
116.238.191.126 - - [19/Aug/2023:10:42:36 +0800] "GET /xingrg/all/function/internal_message.html?_=1692412868221&CODE_STATE=getMsg HTTP/1.1" 200 27
124.78.155.92 - - [19/Aug/2023:10:42:39 +0800] "GET /xingrg/all/function/internal_message.html?_=1692412956889&CODE_STATE=getMsg HTTP/1.1" 200 27
101.83.145.37 - - [19/Aug/2023:10:42:42 +0800] "GET /xingrg/all/function/internal_message.html?_=1692412761390&CODE_STATE=getMsg HTTP/1.1" 200 27
120.253.135.82 - - [19/Aug/2023:10:42:42 +0800] "GET /xingrg/index.html?sysBaseUrl=http%3A%2F%2F180.169.147.146%3A18081%2Fxingrg%2F&costTime=42×tamp=1677553372900 HTTP/1.1" 302 -
120.253.135.82 - - [19/Aug/2023:10:42:42 +0800] "GET /xingrg/login.html HTTP/1.1" 200 7641
120.253.135.82 - - [19/Aug/2023:10:42:42 +0800] "GET /xingrg/images/blue/jxLogo.png HTTP/1.1" 200 6156
120.253.135.82 - - [19/Aug/2023:10:42:42 +0800] "GET /xingrg/images/blue/login_bg.png HTTP/1.1" 200 22101
120.253.135.82 - - [19/Aug/2023:10:42:42 +0800] "GET /xingrg/images/blue/hj.png HTTP/1.1" 200 1014
120.253.135.82 - - [19/Aug/2023:10:42:42 +0800] "GET /xingrg/images/blue/srbg.png HTTP/1.1" 200 138
120.253.135.82 - - [19/Aug/2023:10:42:43 +0800] "GET /favicon.ico HTTP/1.1" 404 -
120.253.135.82 - - [19/Aug/2023:10:42:46 +0800] "POST /xingrg/login.do HTTP/1.1" 302 -
120.253.135.82 - - [19/Aug/2023:10:42:46 +0800] "GET /xingrg/index.html?sysBaseUrl=http%3A%2F%2F180.169.147.146%3A18081%2Fxingrg%2F&costTime=858×tamp=1692412966856 HTTP/1.1" 200 17177
120.253.135.82 - - [19/Aug/2023:10:42:47 +0800] "GET /xingrg/css/form.css HTTP/1.1" 200 893
120.253.135.82 - - [19/Aug/2023:10:42:47 +0800] "GET /xingrg/javascript/jquery.form.js HTTP/1.1" 200 23110
120.253.135.82 - - [19/Aug/2023:10:42:47 +0800] "GET /xingrg/javascript/jquery.timers.js HTTP/1.1" 200 3532
120.253.135.82 - - [19/Aug/2023:10:42:47 +0800] "GET /favicon.ico HTTP/1.1" 404 -
120.253.135.82 - - [19/Aug/2023:10:42:47 +0800] "GET /xingrg/images/blue/navBackgound.jpg HTTP/1.1" 200 12378
120.253.135.82 - - [19/Aug/2023:10:42:47 +0800] "GET /xingrg/javascript/jquery_easy_ui/themes/icons/settle_new.png HTTP/1.1" 200 826
120.253.135.82 - - [19/Aug/2023:10:42:47 +0800] "POST /xingrg/all/common/load_tree.html?tree=area_rest_tree_json&manage=1 HTTP/1.1" 200 348
120.253.135.82 - - [19/Aug/2023:10:42:47 +0800] "GET /xingrg/check_reg.html?_=1692412967585 HTTP/1.1" 200 22
120.253.135.82 - - [19/Aug/2023:10:42:47 +0800] "GET /xingrg/images/blue/pingpu.png HTTP/1.1" 200 231
120.253.135.82 - - [19/Aug/2023:10:42:47 +0800] "GET /xingrg/javascript/jquery_easy_ui/themes/default/images/tabs_leftarrow.png HTTP/1.1" 200 389
120.253.135.82 - - [19/Aug/2023:10:42:47 +0800] "GET /xingrg/javascript/jquery_easy_ui/themes/default/images/tabs_rightarrow.png HTTP/1.1" 200 395
120.253.135.82 - - [19/Aug/2023:10:42:47 +0800] "GET /xingrg/javascript/jquery_easy_ui/themes/default/images/panel_tool_collapse.gif HTTP/1.1" 200 246
120.253.135.82 - - [19/Aug/2023:10:42:47 +0800] "GET /xingrg/all/function/internal_message.html?_=1692412967583&CODE_STATE=count HTTP/1.1" 200 11
120.253.135.82 - - [19/Aug/2023:10:42:47 +0800] "POST /xingrg/load_menu.html HTTP/1.1" 200 5138
120.253.135.82 - - [19/Aug/2023:10:42:47 +0800] "GET /xingrg/javascript/jquery_easy_ui/themes/icons/storage_new.png HTTP/1.1" 200 853
120.253.135.82 - - [19/Aug/2023:10:42:47 +0800] "GET /xingrg/javascript/jquery_easy_ui/themes/icons/search_new.png HTTP/1.1" 200 586
120.253.135.82 - - [19/Aug/2023:10:42:47 +0800] "GET /xingrg/javascript/jquery_easy_ui/themes/default/images/tree_folder.gif HTTP/1.1" 200 952
120.253.135.82 - - [19/Aug/2023:10:42:47 +0800] "GET /xingrg/javascript/jquery_easy_ui/themes/icons/forms_new.png HTTP/1.1" 200 350
120.253.135.82 - - [19/Aug/2023:10:42:47 +0800] "GET /xingrg/javascript/jquery_easy_ui/themes/default/images/tree_arrows.gif HTTP/1.1" 200 1043
120.253.135.82 - - [19/Aug/2023:10:42:47 +0800] "GET /xingrg/javascript/jquery_easy_ui/themes/default/images/tree_folder_open.gif HTTP/1.1" 200 956
120.253.135.82 - - [19/Aug/2023:10:42:48 +0800] "GET /xingrg/javascript/jquery_easy_ui/themes/default/images/tree_file.gif HTTP/1.1" 200 118
120.253.135.82 - - [19/Aug/2023:10:42:49 +0800] "GET /xingrg/kc/mdqp/qp_main.html HTTP/1.1" 200 10633
120.253.135.82 - - [19/Aug/2023:10:42:49 +0800] "GET /xingrg/javascript/jquery_easy_ui/themes/default/images/tabs_close.gif HTTP/1.1" 200 829
120.253.135.82 - - [19/Aug/2023:10:42:50 +0800] "GET /xingrg/javascript/jquery_ui/themes/humanity/humanity.css HTTP/1.1" 200 27801
120.253.135.82 - - [19/Aug/2023:10:42:50 +0800] "GET /xingrg/javascript/jquery_ui/jquery-ui.min.js HTTP/1.1" 200 186181
120.253.135.82 - - [19/Aug/2023:10:42:50 +0800] "GET /xingrg/images/blue/button/cgxqd.gif HTTP/1.1" 200 2619
120.253.135.82 - - [19/Aug/2023:10:42:50 +0800] "GET /xingrg/images/blue/button/qqpsd.gif HTTP/1.1" 200 2548
120.253.135.82 - - [19/Aug/2023:10:42:50 +0800] "GET /xingrg/images/blue/button/pszx.gif HTTP/1.1" 200 2648
120.253.135.82 - - [19/Aug/2023:10:42:50 +0800] "GET /xingrg/images/blue/button/psshd.gif HTTP/1.1" 200 2692
120.253.135.82 - - [19/Aug/2023:10:42:50 +0800] "GET /xingrg/images/blue/pic_form2.gif HTTP/1.1" 200 1853
120.253.135.82 - - [19/Aug/2023:10:42:50 +0800] "GET /xingrg/images/blue/bg_dotted.jpg HTTP/1.1" 200 319
120.253.135.82 - - [19/Aug/2023:10:42:50 +0800] "GET /xingrg/images/blue/button/right_ah.jpg HTTP/1.1" 200 1744
120.253.135.82 - - [19/Aug/2023:10:42:50 +0800] "GET /xingrg/images/blue/button/down_ah.jpg HTTP/1.1" 200 1732
120.253.135.82 - - [19/Aug/2023:10:42:50 +0800] "GET /xingrg/javascript/jquery_ui/themes/humanity/images/ui-bg_inset-soft_100_f4f0ec_1x100.png HTTP/1.1" 200 141
120.253.135.82 - - [19/Aug/2023:10:42:50 +0800] "GET /xingrg/javascript/jquery_ui/themes/humanity/images/ui-iconsnew.jpg HTTP/1.1" 200 337
120.253.135.82 - - [19/Aug/2023:10:42:50 +0800] "GET /xingrg/javascript/jquery_ui/themes/humanity/images/ui-icons_c47a23_256x240.png HTTP/1.1" 200 5355
120.253.135.82 - - [19/Aug/2023:10:42:50 +0800] "GET /xingrg/javascript/jquery_ui/themes/humanity/images/ui-icons_ffffff_256x240.png HTTP/1.1" 200 4369
120.253.135.82 - - [19/Aug/2023:10:42:50 +0800] "GET /xingrg/javascript/jquery_ui/themes/humanity/images/ui-bg_glass_70_ede4d4_1x400.png HTTP/1.1" 200 161
101.83.145.37 - - [19/Aug/2023:10:42:51 +0800] "GET /xingrg/all/function/internal_message.html?_=1692412972281&CODE_STATE=getMsg HTTP/1.1" 200 27
120.253.135.82 - - [19/Aug/2023:10:42:51 +0800] "GET /xingrg/images/yd/bt.gif HTTP/1.1" 404 1040
120.253.135.82 - - [19/Aug/2023:10:42:52 +0800] "GET /xingrg/kc/mdqp/qqps_order_list.html HTTP/1.1" 200 9222
120.253.135.82 - - [19/Aug/2023:10:42:52 +0800] "GET /xingrg/dwr/interface/AjaxQqpsService.js HTTP/1.1" 200 16326
120.253.135.82 - - [19/Aug/2023:10:42:52 +0800] "GET /xingrg/dwr/interface/AjaxReportQueryService.js HTTP/1.1" 200 13203
120.253.135.82 - - [19/Aug/2023:10:42:52 +0800] "GET /xingrg/dwr/util.js HTTP/1.1" 200 35990
120.253.135.82 - - [19/Aug/2023:10:42:52 +0800] "GET /xingrg/dwr/engine.js HTTP/1.1" 200 43631
120.253.135.82 - - [19/Aug/2023:10:42:52 +0800] "GET /xingrg/javascript/jquery_easy_ui/themes/icons/check_new.png HTTP/1.1" 200 3224
120.253.135.82 - - [19/Aug/2023:10:42:52 +0800] "GET /xingrg/javascript/jquery_easy_ui/themes/icons/cance_new.png HTTP/1.1" 200 3986
120.253.135.82 - - [19/Aug/2023:10:42:52 +0800] "GET /xingrg/javascript/jquery_easy_ui/themes/icons/uncheck_new.png HTTP/1.1" 200 3197
120.253.135.82 - - [19/Aug/2023:10:42:52 +0800] "GET /xingrg/javascript/jquery_easy_ui/themes/icons/edit_add_new.png HTTP/1.1" 200 2997
180.152.241.196 - - [19/Aug/2023:10:42:53 +0800] "GET /xingrg/kc/base/wldb_order_operate.html?command=get_materiel&rest_code=00102&base_code=0010476&code=00101019430 HTTP/1.1" 200 477
120.253.135.82 - - [19/Aug/2023:10:42:54 +0800] "GET /xingrg/javascript/jquery_easy_ui/themes/default/images/button_plain_hover.png HTTP/1.1" 200 252
120.253.135.82 - - [19/Aug/2023:10:42:55 +0800] "GET /xingrg/kc/mdqp/qqps_order_add.html HTTP/1.1" 200 26251
120.253.135.82 - - [19/Aug/2023:10:42:55 +0800] "GET /xingrg/dwr/interface/AjaxComOrderService.js HTTP/1.1" 200 18264
120.253.135.82 - - [19/Aug/2023:10:42:55 +0800] "GET /xingrg/dwr/interface/AjaxQqpsService.js HTTP/1.1" 200 16326
120.253.135.82 - - [19/Aug/2023:10:42:55 +0800] "GET /xingrg/dwr/engine.js HTTP/1.1" 200 43631
120.253.135.82 - - [19/Aug/2023:10:42:55 +0800] "GET /xingrg/words/20230818222108_words.js HTTP/1.1" 200 983971
120.253.135.82 - - [19/Aug/2023:10:42:57 +0800] "GET /xingrg/javascript/jquery_easy_ui/themes/icons/print.png HTTP/1.1" 200 1057
120.253.135.82 - - [19/Aug/2023:10:42:57 +0800] "GET /xingrg/javascript/jquery_easy_ui/themes/icons/ok.png HTTP/1.1" 200 883
120.253.135.82 - - [19/Aug/2023:10:42:57 +0800] "GET /xingrg/javascript/jquery_easy_ui/themes/icons/template_new.png HTTP/1.1" 200 3956
120.253.135.82 - - [19/Aug/2023:10:42:57 +0800] "GET /xingrg/javascript/jquery_easy_ui/themes/icons/back_new.png HTTP/1.1" 200 3414
120.253.135.82 - - [19/Aug/2023:10:42:57 +0800] "GET /xingrg/javascript/jquery_easy_ui/themes/icons/copy_new.png HTTP/1.1" 200 815
120.253.135.82 - - [19/Aug/2023:10:42:57 +0800] "GET /xingrg/javascript/jquery_easy_ui/themes/default/images/menu_downarrow.png HTTP/1.1" 200 173
120.253.135.82 - - [19/Aug/2023:10:42:57 +0800] "GET /xingrg/images/blue/button/kc_tab_edit.gif HTTP/1.1" 200 551
120.253.135.82 - - [19/Aug/2023:10:42:57 +0800] "GET /xingrg/images/blue/button/kc_tab_add.gif HTTP/1.1" 200 375
120.253.135.82 - - [19/Aug/2023:10:42:57 +0800] "GET /xingrg/images/blue/button/kc_tab_save.gif HTTP/1.1" 200 777
120.253.135.82 - - [19/Aug/2023:10:42:57 +0800] "GET /xingrg/images/blue/button/kc_tab_del.gif HTTP/1.1" 200 383
120.253.135.82 - - [19/Aug/2023:10:42:57 +0800] "GET /xingrg/javascript/jquery_easy_ui/themes/default/images/combo_arrow_dot.gif HTTP/1.1" 200 79
120.253.135.82 - - [19/Aug/2023:10:42:57 +0800] "GET /xingrg/images/blue/kc_tab_left.gif HTTP/1.1" 200 188
120.253.135.82 - - [19/Aug/2023:10:42:57 +0800] "GET /xingrg/images/blue/kc_tab_mid.gif HTTP/1.1" 200 44
120.253.135.82 - - [19/Aug/2023:10:42:57 +0800] "GET /xingrg/images/blue/kc_tab_right.gif HTTP/1.1" 200 643
120.253.135.82 - - [19/Aug/2023:10:42:57 +0800] "GET /xingrg/images/blue/kc_tab2_left.gif HTTP/1.1" 200 625
120.253.135.82 - - [19/Aug/2023:10:42:57 +0800] "GET /xingrg/images/blue/kc_tab2_right.gif HTTP/1.1" 200 192
124.78.155.92 - - [19/Aug/2023:10:42:58 +0800] "GET /xingrg/all/function/internal_message.html?_=1692412973982&CODE_STATE=getMsg HTTP/1.1" 200 27
120.253.135.82 - - [19/Aug/2023:10:43:04 +0800] "GET /xingrg/javascript/auto/indicator.gif HTTP/1.1" 404 1066
222.67.237.86 - - [19/Aug/2023:10:43:05 +0800] "GET /xingrg/all/function/internal_message.html?_=1692412436460&CODE_STATE=getMsg HTTP/1.1" 200 27
120.253.135.82 - - [19/Aug/2023:10:43:07 +0800] "GET /xingrg/images/blue/wait.gif HTTP/1.1" 200 1100
120.253.135.82 - - [19/Aug/2023:10:43:08 +0800] "POST /xingrg/dwr/call/plaincall/AjaxQqpsService.saveOrder.dwr HTTP/1.1" 200 78
222.69.129.152 - - [19/Aug/2023:10:43:09 +0800] "GET /xingrg/all/function/internal_message.html?_=1692413126549&CODE_STATE=getMsg HTTP/1.1" 200 27
120.253.135.82 - - [19/Aug/2023:10:43:11 +0800] "POST /xingrg/dwr/call/plaincall/AjaxQqpsService.getMaterielByCode.dwr HTTP/1.1" 200 1607
101.83.145.37 - - [19/Aug/2023:10:43:12 +0800] "GET /xingrg/kc/buy/cgsh_order_operate.html?command=get_materiel&rest_code=00105&code=00101006111&supplier_code=00100012&order_time=2023-08-19 HTTP/1.1" 200 409
114.83.216.47 - - [19/Aug/2023:10:43:13 +0800] "GET /xingrg/all/function/internal_message.html?_=1692412991388&CODE_STATE=getMsg HTTP/1.1" 200 27
222.70.180.200 - - [19/Aug/2023:10:43:15 +0800] "GET /xingrg/all/function/internal_message.html?_=1692412996940&CODE_STATE=getMsg HTTP/1.1" 200 27
120.253.135.82 - - [19/Aug/2023:10:43:15 +0800] "POST /xingrg/dwr/call/plaincall/AjaxQqpsService.saveMaterielItem.dwr HTTP/1.1" 200 78
116.232.195.127 - - [19/Aug/2023:10:43:15 +0800] "GET /xingrg/all/function/internal_message.html?_=1692412919650&CODE_STATE=getMsg HTTP/1.1" 200 27
120.253.135.82 - - [19/Aug/2023:10:43:20 +0800] "POST /xingrg/dwr/call/plaincall/AjaxQqpsService.getMaterielByCode.dwr HTTP/1.1" 200 1606
116.238.191.126 - - [19/Aug/2023:10:43:21 +0800] "GET /xingrg/check_reg.html?_=1692412999814 HTTP/1.1" 200 22
116.238.191.126 - - [19/Aug/2023:10:43:21 +0800] "GET /xingrg/all/function/internal_message.html?_=1692412999817&CODE_STATE=getMsg HTTP/1.1" 200 27
180.152.241.196 - - [19/Aug/2023:10:43:22 +0800] "GET /xingrg/all/function/internal_message.html?_=1692413001217&CODE_STATE=getMsg HTTP/1.1" 200 27
120.253.135.82 - - [19/Aug/2023:10:43:23 +0800] "POST /xingrg/dwr/call/plaincall/AjaxQqpsService.saveMaterielItem.dwr HTTP/1.1" 200 78
180.152.241.196 - - [19/Aug/2023:10:43:23 +0800] "GET /xingrg/check_reg.html?_=1692413002498 HTTP/1.1" 200 22
120.253.135.82 - - [19/Aug/2023:10:43:25 +0800] "POST /xingrg/dwr/call/plaincall/AjaxQqpsService.getMaterielByCode.dwr HTTP/1.1" 200 1538
120.253.135.82 - - [19/Aug/2023:10:43:27 +0800] "POST /xingrg/dwr/call/plaincall/AjaxQqpsService.saveMaterielItem.dwr HTTP/1.1" 200 78
120.253.135.82 - - [19/Aug/2023:10:43:32 +0800] "POST /xingrg/dwr/call/plaincall/AjaxQqpsService.getMaterielByCode.dwr HTTP/1.1" 200 1605
120.253.135.82 - - [19/Aug/2023:10:43:34 +0800] "POST /xingrg/dwr/call/plaincall/AjaxQqpsService.saveMaterielItem.dwr HTTP/1.1" 200 78
180.165.48.189 - - [19/Aug/2023:10:43:35 +0800] "GET /xingrg/all/function/internal_message.html?_=1692413015561&CODE_STATE=getMsg HTTP/1.1" 200 27
116.238.191.126 - - [19/Aug/2023:10:43:36 +0800] "GET /xingrg/check_reg.html?_=1692412927866 HTTP/1.1" 200 22
116.238.191.126 - - [19/Aug/2023:10:43:36 +0800] "GET /xingrg/all/function/internal_message.html?_=1692412928235&CODE_STATE=getMsg HTTP/1.1" 200 27
180.165.48.189 - - [19/Aug/2023:10:43:37 +0800] "GET /xingrg/check_reg.html?_=1692413016679 HTTP/1.1" 200 22
124.78.155.92 - - [19/Aug/2023:10:43:39 +0800] "GET /xingrg/all/function/internal_message.html?_=1692413016900&CODE_STATE=getMsg HTTP/1.1" 200 27
124.78.155.92 - - [19/Aug/2023:10:43:39 +0800] "GET /xingrg/check_reg.html?_=1692413016903 HTTP/1.1" 200 22
101.83.145.37 - - [19/Aug/2023:10:43:42 +0800] "GET /xingrg/all/function/internal_message.html?_=1692412821397&CODE_STATE=getMsg HTTP/1.1" 200 27
120.253.135.82 - - [19/Aug/2023:10:43:43 +0800] "POST /xingrg/dwr/call/plaincall/AjaxQqpsService.getMaterielByCode.dwr HTTP/1.1" 200 1632
120.253.135.82 - - [19/Aug/2023:10:43:45 +0800] "POST /xingrg/dwr/call/plaincall/AjaxQqpsService.saveMaterielItem.dwr HTTP/1.1" 200 79
