124.78.155.92 - - [19/Aug/2023:09:11:27 +0800] "GET /xingrg/kc/buy/cgsh_order_operate.html?command=get_materiel&rest_code=00106&code=00101008261&supplier_code=00100007&order_time=2023-08-19 HTTP/1.1" 200 408
222.70.180.200 - - [19/Aug/2023:09:11:39 +0800] "GET /xingrg/kc/buy/cgsh_order_operate.html?command=get_materiel&rest_code=00111&code=00101008403&supplier_code=00100005&order_time=2023-08-19 HTTP/1.1" 200 412
116.232.195.127 - - [19/Aug/2023:09:11:40 +0800] "GET /xingrg/all/function/internal_message.html?_=1692407424087&CODE_STATE=getMsg HTTP/1.1" 200 27
180.163.28.55 - - [19/Aug/2023:09:11:41 +0800] "GET /xingrg/kc/buy/cgsh_order_operate.html?command=get_materiel&rest_code=00106&code=00101011004&supplier_code=00100007&order_time=2023-08-19 HTTP/1.1" 302 -
180.163.28.55 - - [19/Aug/2023:09:11:41 +0800] "GET /xingrg/login.html HTTP/1.1" 200 7641
222.70.180.200 - - [19/Aug/2023:09:11:47 +0800] "GET /xingrg/all/function/internal_message.html?_=1692407509041&CODE_STATE=getMsg HTTP/1.1" 200 27
101.83.145.37 - - [19/Aug/2023:09:11:52 +0800] "GET /xingrg/all/function/internal_message.html?_=1692407513783&CODE_STATE=getMsg HTTP/1.1" 200 27
124.78.155.92 - - [19/Aug/2023:09:11:56 +0800] "GET /xingrg/kc/buy/cgsh_order_operate.html?command=get_materiel&rest_code=00106&code=00101008126&supplier_code=00100007&order_time=2023-08-19 HTTP/1.1" 200 412
114.83.216.47 - - [19/Aug/2023:09:11:59 +0800] "GET /xingrg/kc/buy/cgsh_order_operate.html?command=get_materiel&rest_code=00149&code=00101008036&supplier_code=00100008&order_time=2023-08-19 HTTP/1.1" 200 408
124.78.155.92 - - [19/Aug/2023:09:11:59 +0800] "GET /xingrg/all/function/internal_message.html?_=1692407515304&CODE_STATE=getMsg HTTP/1.1" 200 27
222.70.180.200 - - [19/Aug/2023:09:11:59 +0800] "GET /xingrg/kc/buy/cgsh_order_operate.html?command=get_materiel&rest_code=00111&code=00101008169&supplier_code=00100005&order_time=2023-08-19 HTTP/1.1" 200 412
116.238.191.126 - - [19/Aug/2023:09:12:05 +0800] "GET /xingrg/all/function/internal_message.html?_=1692407437252&CODE_STATE=getMsg HTTP/1.1" 200 27
124.78.155.92 - - [19/Aug/2023:09:12:10 +0800] "GET /xingrg/kc/buy/cgsh_order_operate.html?command=get_materiel&rest_code=00106&code=00101008370&supplier_code=00100007&order_time=2023-08-19 HTTP/1.1" 200 412
114.83.216.47 - - [19/Aug/2023:09:12:14 +0800] "POST /xingrg/kc/buy/cgsh_order_operate.html HTTP/1.1" 200 2065
114.83.216.47 - - [19/Aug/2023:09:12:14 +0800] "GET /xingrg/check_reg.html?_=1692407532374 HTTP/1.1" 200 22
114.83.216.47 - - [19/Aug/2023:09:12:14 +0800] "GET /xingrg/all/function/internal_message.html?_=1692407532425&CODE_STATE=getMsg HTTP/1.1" 200 27
124.78.155.92 - - [19/Aug/2023:09:12:21 +0800] "GET /xingrg/kc/buy/cgsh_order_operate.html?command=get_materiel&rest_code=00106&code=00101008087&supplier_code=00100007&order_time=2023-08-19 HTTP/1.1" 200 412
116.238.191.126 - - [19/Aug/2023:09:12:21 +0800] "GET /xingrg/all/function/internal_message.html?_=1692407539614&CODE_STATE=getMsg HTTP/1.1" 200 27
180.152.241.196 - - [19/Aug/2023:09:12:23 +0800] "GET /xingrg/all/function/internal_message.html?_=1692407542497&CODE_STATE=getMsg HTTP/1.1" 200 27
222.70.180.200 - - [19/Aug/2023:09:12:25 +0800] "GET /xingrg/kc/buy/cgsh_order_operate.html?command=get_materiel&rest_code=00111&code=00101008087&supplier_code=00100005&order_time=2023-08-19 HTTP/1.1" 200 412
124.78.155.92 - - [19/Aug/2023:09:12:27 +0800] "POST /xingrg/kc/buy/cgsh_order_operate.html HTTP/1.1" 200 2065
114.83.216.47 - - [19/Aug/2023:09:12:30 +0800] "GET /xingrg/kc/buy/cgsh_order_operate.html?command=get_materiel&rest_code=00149&code=00101008131&supplier_code=00100008&order_time=2023-08-19 HTTP/1.1" 200 409
124.78.155.92 - - [19/Aug/2023:09:12:34 +0800] "GET /xingrg/kc/buy/cgsh_order_operate.html?command=get_materiel&rest_code=00106&code=00101008067&supplier_code=00100007&order_time=2023-08-19 HTTP/1.1" 200 416
180.165.48.189 - - [19/Aug/2023:09:12:36 +0800] "GET /xingrg/login.html HTTP/1.1" 200 7641
180.165.48.189 - - [19/Aug/2023:09:12:36 +0800] "GET /xingrg/images/blue/jxLogo.png HTTP/1.1" 304 -
180.165.48.189 - - [19/Aug/2023:09:12:36 +0800] "GET /xingrg/images/blue/login_bg.png HTTP/1.1" 304 -
180.165.48.189 - - [19/Aug/2023:09:12:36 +0800] "GET /xingrg/images/blue/srbg.png HTTP/1.1" 304 -
180.165.48.189 - - [19/Aug/2023:09:12:36 +0800] "GET /xingrg/images/blue/hj.png HTTP/1.1" 304 -
180.165.48.189 - - [19/Aug/2023:09:12:36 +0800] "GET /favicon.ico HTTP/1.1" 404 -
180.165.48.189 - - [19/Aug/2023:09:12:38 +0800] "POST /xingrg/login.do HTTP/1.1" 302 -
180.165.48.189 - - [19/Aug/2023:09:12:39 +0800] "GET /xingrg/index.html?sysBaseUrl=http%3A%2F%2F180.169.147.146%3A18081%2Fxingrg%2F&costTime=898×tamp=1692407558915 HTTP/1.1" 200 17183
180.165.48.189 - - [19/Aug/2023:09:12:39 +0800] "GET /xingrg/javascript/jquery_easy_ui/themes/default/easyui.css HTTP/1.1" 304 -
180.165.48.189 - - [19/Aug/2023:09:12:39 +0800] "GET /xingrg/javascript/jquery_easy_ui/themes/icon.css HTTP/1.1" 304 -
180.165.48.189 - - [19/Aug/2023:09:12:39 +0800] "GET /xingrg/css/form.css HTTP/1.1" 304 -
180.165.48.189 - - [19/Aug/2023:09:12:39 +0800] "GET /xingrg/javascript/jquery-1.4.2.min.js HTTP/1.1" 304 -
180.165.48.189 - - [19/Aug/2023:09:12:39 +0800] "GET /favicon.ico HTTP/1.1" 404 -
180.165.48.189 - - [19/Aug/2023:09:12:39 +0800] "GET /xingrg/javascript/jquery_easy_ui/jquery.easyui.min.js HTTP/1.1" 304 -
180.165.48.189 - - [19/Aug/2023:09:12:39 +0800] "GET /xingrg/javascript/jquery_easy_ui/easyui-lang-zh_CN.js HTTP/1.1" 304 -
180.165.48.189 - - [19/Aug/2023:09:12:39 +0800] "GET /xingrg/javascript/jquery.form.js HTTP/1.1" 304 -
180.165.48.189 - - [19/Aug/2023:09:12:39 +0800] "GET /xingrg/javascript/jquery.utils.js HTTP/1.1" 304 -
180.165.48.189 - - [19/Aug/2023:09:12:39 +0800] "GET /xingrg/javascript/jquery.timers.js HTTP/1.1" 304 -
180.165.48.189 - - [19/Aug/2023:09:12:39 +0800] "GET /xingrg/javascript/jquery_easy_ui/themes/icons/settle_new.png HTTP/1.1" 304 -
180.165.48.189 - - [19/Aug/2023:09:12:39 +0800] "GET /xingrg/images/blue/navBackgound.jpg HTTP/1.1" 304 -
180.165.48.189 - - [19/Aug/2023:09:12:39 +0800] "GET /xingrg/images/blue/pingpu.png HTTP/1.1" 304 -
180.165.48.189 - - [19/Aug/2023:09:12:39 +0800] "GET /xingrg/all/function/internal_message.html?_=1692407559269&CODE_STATE=count HTTP/1.1" 200 11
180.165.48.189 - - [19/Aug/2023:09:12:39 +0800] "GET /xingrg/javascript/jquery_easy_ui/themes/default/images/tabs_leftarrow.png HTTP/1.1" 304 -
180.165.48.189 - - [19/Aug/2023:09:12:39 +0800] "GET /xingrg/check_reg.html?_=1692407559270 HTTP/1.1" 200 22
180.165.48.189 - - [19/Aug/2023:09:12:39 +0800] "GET /xingrg/javascript/jquery_easy_ui/themes/default/images/tabs_rightarrow.png HTTP/1.1" 304 -
180.165.48.189 - - [19/Aug/2023:09:12:39 +0800] "GET /xingrg/javascript/jquery_easy_ui/themes/default/images/panel_tool_collapse.gif HTTP/1.1" 304 -
180.165.48.189 - - [19/Aug/2023:09:12:39 +0800] "POST /xingrg/all/common/load_tree.html?tree=area_rest_tree_json&manage=1 HTTP/1.1" 200 357
180.165.48.189 - - [19/Aug/2023:09:12:39 +0800] "POST /xingrg/load_menu.html HTTP/1.1" 200 5138
180.165.48.189 - - [19/Aug/2023:09:12:39 +0800] "GET /xingrg/javascript/jquery_easy_ui/themes/default/images/tree_arrows.gif HTTP/1.1" 304 -
180.165.48.189 - - [19/Aug/2023:09:12:39 +0800] "GET /xingrg/javascript/jquery_easy_ui/themes/default/images/tree_folder_open.gif HTTP/1.1" 304 -
180.165.48.189 - - [19/Aug/2023:09:12:39 +0800] "GET /xingrg/javascript/jquery_easy_ui/themes/icons/search_new.png HTTP/1.1" 304 -
180.165.48.189 - - [19/Aug/2023:09:12:39 +0800] "GET /xingrg/javascript/jquery_easy_ui/themes/default/images/tree_folder.gif HTTP/1.1" 304 -
180.165.48.189 - - [19/Aug/2023:09:12:39 +0800] "GET /xingrg/javascript/jquery_easy_ui/themes/icons/forms_new.png HTTP/1.1" 304 -
180.165.48.189 - - [19/Aug/2023:09:12:39 +0800] "GET /xingrg/javascript/jquery_easy_ui/themes/icons/storage_new.png HTTP/1.1" 304 -
180.165.48.189 - - [19/Aug/2023:09:12:39 +0800] "GET /xingrg/javascript/jquery_easy_ui/themes/default/images/tree_file.gif HTTP/1.1" 304 -
116.232.195.127 - - [19/Aug/2023:09:12:40 +0800] "GET /xingrg/all/function/internal_message.html?_=1692407484081&CODE_STATE=getMsg HTTP/1.1" 200 27
114.83.216.47 - - [19/Aug/2023:09:12:42 +0800] "GET /xingrg/kc/buy/cgsh_order_operate.html?command=get_materiel&rest_code=00149&code=00101008296&supplier_code=00100008&order_time=2023-08-19 HTTP/1.1" 200 416
124.78.155.92 - - [19/Aug/2023:09:12:45 +0800] "GET /xingrg/kc/buy/cgsh_order_operate.html?command=get_materiel&rest_code=00106&code=00101008207&supplier_code=00100007&order_time=2023-08-19 HTTP/1.1" 200 408
222.70.180.200 - - [19/Aug/2023:09:12:47 +0800] "GET /xingrg/all/function/internal_message.html?_=1692407569004&CODE_STATE=getMsg HTTP/1.1" 200 27
101.83.145.37 - - [19/Aug/2023:09:12:52 +0800] "GET /xingrg/all/function/internal_message.html?_=1692407573776&CODE_STATE=getMsg HTTP/1.1" 200 27
124.78.155.92 - - [19/Aug/2023:09:12:59 +0800] "GET /xingrg/all/function/internal_message.html?_=1692407575328&CODE_STATE=getMsg HTTP/1.1" 200 27
114.83.216.47 - - [19/Aug/2023:09:13:01 +0800] "GET /xingrg/kc/buy/cgsh_order_operate.html?command=get_materiel&rest_code=00149&code=00101008318&supplier_code=00100008&order_time=2023-08-19 HTTP/1.1" 200 408
116.238.191.126 - - [19/Aug/2023:09:13:05 +0800] "GET /xingrg/all/function/internal_message.html?_=1692407497263&CODE_STATE=getMsg HTTP/1.1" 200 27
124.78.155.92 - - [19/Aug/2023:09:13:09 +0800] "POST /xingrg/kc/buy/cgsh_order_operate.html HTTP/1.1" 200 37
222.70.180.200 - - [19/Aug/2023:09:13:11 +0800] "GET /xingrg/kc/buy/cgsh_order_operate.html?command=get_materiel&rest_code=00111&code=00101008270&supplier_code=00100005&order_time=2023-08-19 HTTP/1.1" 200 414
124.78.155.92 - - [19/Aug/2023:09:13:12 +0800] "POST /xingrg/kc/buy/cgsh_order_operate.html HTTP/1.1" 200 20405
114.83.216.47 - - [19/Aug/2023:09:13:14 +0800] "GET /xingrg/all/function/internal_message.html?_=1692407592430&CODE_STATE=getMsg HTTP/1.1" 200 27
114.83.216.47 - - [19/Aug/2023:09:13:16 +0800] "GET /xingrg/kc/buy/cgsh_order_operate.html?command=get_materiel&rest_code=00149&code=00101008352&supplier_code=00100008&order_time=2023-08-19 HTTP/1.1" 200 412
116.238.191.126 - - [19/Aug/2023:09:13:21 +0800] "GET /xingrg/all/function/internal_message.html?_=1692407599615&CODE_STATE=getMsg HTTP/1.1" 200 27
116.238.191.126 - - [19/Aug/2023:09:13:21 +0800] "GET /xingrg/check_reg.html?_=1692407599618 HTTP/1.1" 200 22
180.152.241.196 - - [19/Aug/2023:09:13:23 +0800] "GET /xingrg/all/function/internal_message.html?_=1692407602486&CODE_STATE=getMsg HTTP/1.1" 200 27
180.152.241.196 - - [19/Aug/2023:09:13:23 +0800] "GET /xingrg/check_reg.html?_=1692407602491 HTTP/1.1" 200 22
180.165.48.189 - - [19/Aug/2023:09:13:26 +0800] "GET /xingrg/javascript/jquery_easy_ui/themes/default/images/tabs_close.gif HTTP/1.1" 304 -
180.165.48.189 - - [19/Aug/2023:09:13:26 +0800] "GET /xingrg/kc/base/wldb_order_list.html HTTP/1.1" 200 19225
180.165.48.189 - - [19/Aug/2023:09:13:26 +0800] "GET /xingrg/css/base.css HTTP/1.1" 304 -
180.165.48.189 - - [19/Aug/2023:09:13:26 +0800] "GET /xingrg/css/site.css HTTP/1.1" 304 -
180.165.48.189 - - [19/Aug/2023:09:13:26 +0800] "GET /xingrg/javascript/jquery_tools/datebox.css HTTP/1.1" 304 -
180.165.48.189 - - [19/Aug/2023:09:13:26 +0800] "GET /xingrg/javascript/easyui/themes/default/easyui.css HTTP/1.1" 304 -
180.165.48.189 - - [19/Aug/2023:09:13:26 +0800] "GET /xingrg/javascript/easyui/themes/icon.css HTTP/1.1" 304 -
180.165.48.189 - - [19/Aug/2023:09:13:26 +0800] "GET /xingrg/javascript/auto/jquery.autocomplete.css HTTP/1.1" 304 -
180.165.48.189 - - [19/Aug/2023:09:13:26 +0800] "GET /xingrg/javascript/jquery_tools/fix.css HTTP/1.1" 304 -
180.165.48.189 - - [19/Aug/2023:09:13:26 +0800] "GET /xingrg/javascript/jquery_tools/table.css HTTP/1.1" 304 -
180.165.48.189 - - [19/Aug/2023:09:13:26 +0800] "GET /xingrg/javascript/jquery_tools/jquery.tools.min.js HTTP/1.1" 304 -
180.165.48.189 - - [19/Aug/2023:09:13:26 +0800] "GET /xingrg/javascript/jquery_tools/jquery.tools.extend.js HTTP/1.1" 304 -
180.165.48.189 - - [19/Aug/2023:09:13:26 +0800] "GET /xingrg/javascript/jquery_tools/jquery.tools.hotkey.js HTTP/1.1" 304 -
180.165.48.189 - - [19/Aug/2023:09:13:26 +0800] "GET /xingrg/javascript/jquery_tools/jquery.tools.table.js HTTP/1.1" 304 -
180.165.48.189 - - [19/Aug/2023:09:13:26 +0800] "GET /xingrg/javascript/jquery_tools/list_manager.js HTTP/1.1" 304 -
180.165.48.189 - - [19/Aug/2023:09:13:26 +0800] "GET /xingrg/javascript/auto/jquery.autocomplete.js HTTP/1.1" 304 -
180.165.48.189 - - [19/Aug/2023:09:13:26 +0800] "GET /xingrg/javascript/easyui/easyloader.js HTTP/1.1" 304 -
180.165.48.189 - - [19/Aug/2023:09:13:26 +0800] "GET /xingrg/javascript/jquery.cookie.js HTTP/1.1" 304 -
180.165.48.189 - - [19/Aug/2023:09:13:26 +0800] "GET /xingrg/javascript/print/LodopFuncs.js HTTP/1.1" 304 -
180.165.48.189 - - [19/Aug/2023:09:13:27 +0800] "GET /xingrg/javascript/easyui/themes/icons/cance_new.png HTTP/1.1" 304 -
180.165.48.189 - - [19/Aug/2023:09:13:27 +0800] "GET /xingrg/javascript/easyui/themes/icons/edit_add_new.png HTTP/1.1" 304 -
180.165.48.189 - - [19/Aug/2023:09:13:27 +0800] "GET /xingrg/javascript/easyui/themes/icons/check_new.png HTTP/1.1" 304 -
180.165.48.189 - - [19/Aug/2023:09:13:27 +0800] "GET /xingrg/javascript/easyui/themes/icons/import_new.png HTTP/1.1" 304 -
180.165.48.189 - - [19/Aug/2023:09:13:27 +0800] "GET /xingrg/javascript/easyui/themes/icons/field_new.png HTTP/1.1" 304 -
180.165.48.189 - - [19/Aug/2023:09:13:27 +0800] "GET /xingrg/javascript/easyui/plugins/jquery.parser.js HTTP/1.1" 304 -
180.165.48.189 - - [19/Aug/2023:09:13:27 +0800] "GET /xingrg/images/control/ajaxLoader.gif HTTP/1.1" 304 -
114.83.216.47 - - [19/Aug/2023:09:13:27 +0800] "GET /xingrg/kc/buy/cgsh_order_operate.html?command=get_materiel&rest_code=00149&code=00101008005&supplier_code=00100008&order_time=2023-08-19 HTTP/1.1" 200 412
124.78.155.92 - - [19/Aug/2023:09:13:27 +0800] "GET /xingrg/kc/buy/cgsh_order_operate.html?command=get_materiel&rest_code=00106&code=00101008176&supplier_code=00100007&order_time=2023-08-19 HTTP/1.1" 200 412
180.165.48.189 - - [19/Aug/2023:09:13:27 +0800] "POST /xingrg/kc/base/wldb_list_operate.html HTTP/1.1" 200 928
180.163.30.76 - - [19/Aug/2023:09:13:29 +0800] "GET /xingrg/kc/buy/cgsh_order_operate.html?command=get_materiel&rest_code=00106&code=00101008067&supplier_code=00100007&order_time=2023-08-19 HTTP/1.1" 302 -
180.163.30.76 - - [19/Aug/2023:09:13:29 +0800] "GET /xingrg/login.html HTTP/1.1" 200 7641
180.165.48.189 - - [19/Aug/2023:09:13:30 +0800] "GET /xingrg/kc/buy/cgsh_order_list.html HTTP/1.1" 200 56150
114.83.216.47 - - [19/Aug/2023:09:13:32 +0800] "POST /xingrg/kc/buy/cgsh_order_operate.html HTTP/1.1" 200 2065
180.165.48.189 - - [19/Aug/2023:09:13:32 +0800] "POST /xingrg/kc/buy/cgsh_list_operate.html HTTP/1.1" 200 986
180.165.48.189 - - [19/Aug/2023:09:13:33 +0800] "GET /xingrg/javascript/easyui/themes/default/images/button_plain_hover.png HTTP/1.1" 304 -
180.165.48.189 - - [19/Aug/2023:09:13:35 +0800] "GET /xingrg/kc/buy/cgsh_order_add.html HTTP/1.1" 200 72014
180.165.48.189 - - [19/Aug/2023:09:13:35 +0800] "GET /xingrg/javascript/pic_change.js HTTP/1.1" 304 -
180.165.48.189 - - [19/Aug/2023:09:13:35 +0800] "GET /xingrg/javascript/jquery_tools/order_manager.js HTTP/1.1" 304 -
180.165.48.189 - - [19/Aug/2023:09:13:35 +0800] "GET /xingrg/javascript/convert.js HTTP/1.1" 304 -
180.165.48.189 - - [19/Aug/2023:09:13:35 +0800] "GET /xingrg/javascript/json2.js HTTP/1.1" 304 -
180.165.48.189 - - [19/Aug/2023:09:13:35 +0800] "GET /xingrg/javascript/print/kc_print.js HTTP/1.1" 304 -
180.165.48.189 - - [19/Aug/2023:09:13:35 +0800] "GET /xingrg/words/20230818222108_words.js HTTP/1.1" 200 983971
180.165.48.189 - - [19/Aug/2023:09:13:35 +0800] "GET /xingrg/javascript/easyui/themes/icons/copy_new.png HTTP/1.1" 304 -
180.165.48.189 - - [19/Aug/2023:09:13:35 +0800] "GET /xingrg/javascript/easyui/themes/icons/template_new.png HTTP/1.1" 304 -
180.165.48.189 - - [19/Aug/2023:09:13:35 +0800] "GET /xingrg/javascript/easyui/themes/icons/ok.png HTTP/1.1" 304 -
180.165.48.189 - - [19/Aug/2023:09:13:35 +0800] "GET /xingrg/javascript/easyui/themes/icons/print.png HTTP/1.1" 304 -
180.165.48.189 - - [19/Aug/2023:09:13:35 +0800] "GET /xingrg/javascript/easyui/themes/default/images/menu_downarrow.png HTTP/1.1" 304 -
180.165.48.189 - - [19/Aug/2023:09:13:35 +0800] "GET /xingrg/javascript/easyui/themes/icons/cancel.png HTTP/1.1" 304 -
180.165.48.189 - - [19/Aug/2023:09:13:36 +0800] "POST /xingrg/kc/buy/cgsh_order_operate.html HTTP/1.1" 200 8245
180.165.48.189 - - [19/Aug/2023:09:13:36 +0800] "GET /xingrg/javascript/easyui/themes/default/validatebox.css HTTP/1.1" 404 1104
180.165.48.189 - - [19/Aug/2023:09:13:36 +0800] "GET /xingrg/javascript/easyui/plugins/jquery.validatebox.js HTTP/1.1" 304 -
180.165.48.189 - - [19/Aug/2023:09:13:36 +0800] "GET /xingrg/all/common/auto_word.html?type=employee&rest_code=00108 HTTP/1.1" 200 101
180.165.48.189 - - [19/Aug/2023:09:13:36 +0800] "GET /xingrg/javascript/easyui/plugins/jquery.numberbox.js HTTP/1.1" 304 -
180.165.48.189 - - [19/Aug/2023:09:13:36 +0800] "GET /xingrg/javascript/easyui/themes/icons/edit_remove.png HTTP/1.1" 304 -
180.165.48.189 - - [19/Aug/2023:09:13:36 +0800] "GET /xingrg/all/common/auto_word.html?type=employee&rest_code=00108 HTTP/1.1" 200 101
101.83.145.37 - - [19/Aug/2023:09:13:38 +0800] "GET /xingrg/kc/buy/cgsh_order_operate.html?command=get_materiel&rest_code=00105&code=00101008105&supplier_code=00100203&order_time=2023-08-19 HTTP/1.1" 200 412
180.165.48.189 - - [19/Aug/2023:09:13:39 +0800] "GET /xingrg/all/function/internal_message.html?_=1692407619301&CODE_STATE=getMsg HTTP/1.1" 200 27
116.232.195.127 - - [19/Aug/2023:09:13:40 +0800] "GET /xingrg/all/function/internal_message.html?_=1692407544067&CODE_STATE=getMsg HTTP/1.1" 200 27
124.78.155.92 - - [19/Aug/2023:09:13:40 +0800] "GET /xingrg/kc/buy/cgsh_order_operate.html?command=get_materiel&rest_code=00106&code=00101008219&supplier_code=00100007&order_time=2023-08-19 HTTP/1.1" 200 412
114.83.216.47 - - [19/Aug/2023:09:13:41 +0800] "GET /xingrg/kc/buy/cgsh_order_operate.html?command=get_materiel&rest_code=00149&code=00101008353&supplier_code=00100008&order_time=2023-08-19 HTTP/1.1" 200 408
222.70.180.200 - - [19/Aug/2023:09:13:43 +0800] "GET /xingrg/kc/buy/cgsh_order_operate.html?command=get_materiel&rest_code=00111&code=00101008357&supplier_code=00100005&order_time=2023-08-19 HTTP/1.1" 200 408
101.83.145.37 - - [19/Aug/2023:09:13:45 +0800] "GET /xingrg/kc/buy/cgsh_order_operate.html?command=get_materiel&rest_code=00105&code=00101008119&supplier_code=00100203&order_time=2023-08-19 HTTP/1.1" 200 412
222.70.180.200 - - [19/Aug/2023:09:13:47 +0800] "GET /xingrg/all/function/internal_message.html?_=1692407628982&CODE_STATE=getMsg HTTP/1.1" 200 27
101.83.145.37 - - [19/Aug/2023:09:13:47 +0800] "POST /xingrg/kc/buy/cgsh_order_operate.html HTTP/1.1" 200 2065
101.83.145.37 - - [19/Aug/2023:09:13:49 +0800] "POST /xingrg/kc/buy/cgsh_order_operate.html HTTP/1.1" 200 2065
101.83.145.37 - - [19/Aug/2023:09:13:50 +0800] "POST /xingrg/kc/buy/cgsh_order_operate.html HTTP/1.1" 200 2065
180.165.48.189 - - [19/Aug/2023:09:13:50 +0800] "GET /xingrg/javascript/auto/indicator.gif HTTP/1.1" 404 1066
101.83.145.37 - - [19/Aug/2023:09:13:52 +0800] "GET /xingrg/all/function/internal_message.html?_=1692407633784&CODE_STATE=getMsg HTTP/1.1" 200 27
124.78.155.92 - - [19/Aug/2023:09:13:59 +0800] "GET /xingrg/all/function/internal_message.html?_=1692407635333&CODE_STATE=getMsg HTTP/1.1" 200 27
124.78.155.92 - - [19/Aug/2023:09:14:01 +0800] "GET /xingrg/kc/buy/cgsh_order_operate.html?command=get_materiel&rest_code=00106&code=00101008080&supplier_code=00100007&order_time=2023-08-19 HTTP/1.1" 200 416
101.83.145.37 - - [19/Aug/2023:09:14:02 +0800] "GET /xingrg/kc/buy/cgsh_order_operate.html?command=get_materiel&rest_code=00105&code=00101008509&supplier_code=00100203&order_time=2023-08-19 HTTP/1.1" 200 409
114.83.216.47 - - [19/Aug/2023:09:14:03 +0800] "GET /xingrg/kc/buy/cgsh_order_operate.html?command=get_materiel&rest_code=00149&code=00101008213&supplier_code=00100008&order_time=2023-08-19 HTTP/1.1" 200 412
222.70.180.200 - - [19/Aug/2023:09:14:05 +0800] "GET /xingrg/kc/buy/cgsh_order_operate.html?command=get_materiel&rest_code=00111&code=00101008096&supplier_code=00100005&order_time=2023-08-19 HTTP/1.1" 200 412
116.238.191.126 - - [19/Aug/2023:09:14:05 +0800] "GET /xingrg/all/function/internal_message.html?_=1692407557329&CODE_STATE=getMsg HTTP/1.1" 200 27
180.165.48.189 - - [19/Aug/2023:09:14:06 +0800] "GET /xingrg/kc/buy/cgsh_order_operate.html?command=get_materiel&rest_code=00108&code=00101009109&supplier_code=00100007&order_time=2023-08-19 HTTP/1.1" 200 413
101.83.145.37 - - [19/Aug/2023:09:14:11 +0800] "GET /xingrg/kc/buy/cgsh_order_operate.html?command=get_materiel&rest_code=00105&code=00101008114&supplier_code=00100203&order_time=2023-08-19 HTTP/1.1" 200 412
124.78.155.92 - - [19/Aug/2023:09:14:13 +0800] "GET /xingrg/kc/buy/cgsh_order_operate.html?command=get_materiel&rest_code=00106&code=00101008185&supplier_code=00100007&order_time=2023-08-19 HTTP/1.1" 200 408
114.83.216.47 - - [19/Aug/2023:09:14:14 +0800] "GET /xingrg/all/function/internal_message.html?_=1692407652387&CODE_STATE=getMsg HTTP/1.1" 200 27
114.83.216.47 - - [19/Aug/2023:09:14:15 +0800] "POST /xingrg/kc/buy/cgsh_order_operate.html HTTP/1.1" 200 2065
124.78.155.92 - - [19/Aug/2023:09:14:20 +0800] "POST /xingrg/kc/buy/cgsh_order_operate.html HTTP/1.1" 200 2065
116.238.191.126 - - [19/Aug/2023:09:14:21 +0800] "GET /xingrg/all/function/internal_message.html?_=1692407659623&CODE_STATE=getMsg HTTP/1.1" 200 27
114.83.216.47 - - [19/Aug/2023:09:14:22 +0800] "GET /xingrg/kc/buy/cgsh_order_operate.html?command=get_materiel&rest_code=00149&code=00101008095&supplier_code=00100008&order_time=2023-08-19 HTTP/1.1" 200 412
180.152.241.196 - - [19/Aug/2023:09:14:23 +0800] "GET /xingrg/all/function/internal_message.html?_=1692407662498&CODE_STATE=getMsg HTTP/1.1" 200 27
101.83.145.37 - - [19/Aug/2023:09:14:23 +0800] "GET /xingrg/kc/buy/cgsh_order_operate.html?command=get_materiel&rest_code=00105&code=00101008405&supplier_code=00100203&order_time=2023-08-19 HTTP/1.1" 200 413
180.163.30.85 - - [19/Aug/2023:09:14:24 +0800] "GET /xingrg/kc/buy/cgsh_order_operate.html?command=get_materiel&rest_code=00106&code=00101008176&supplier_code=00100007&order_time=2023-08-19 HTTP/1.1" 302 -
180.163.30.85 - - [19/Aug/2023:09:14:24 +0800] "GET /xingrg/login.html HTTP/1.1" 200 7641
124.78.155.92 - - [19/Aug/2023:09:14:26 +0800] "GET /xingrg/kc/buy/cgsh_order_operate.html?command=get_materiel&rest_code=00106&code=00101008354&supplier_code=00100007&order_time=2023-08-19 HTTP/1.1" 200 412
116.238.191.126 - - [19/Aug/2023:09:14:31 +0800] "GET /xingrg/check_reg.html?_=1692407582735 HTTP/1.1" 200 22
101.83.145.37 - - [19/Aug/2023:09:14:36 +0800] "GET /xingrg/kc/buy/cgsh_order_operate.html?command=get_materiel&rest_code=00105&code=00101008168&supplier_code=00100203&order_time=2023-08-19 HTTP/1.1" 200 412
114.83.216.47 - - [19/Aug/2023:09:14:36 +0800] "GET /xingrg/kc/buy/cgsh_order_operate.html?command=get_materiel&rest_code=00149&code=00101008674&supplier_code=00100008&order_time=2023-08-19 HTTP/1.1" 200 412
180.165.48.189 - - [19/Aug/2023:09:14:39 +0800] "GET /xingrg/all/function/internal_message.html?_=1692407679284&CODE_STATE=getMsg HTTP/1.1" 200 27
116.232.195.127 - - [19/Aug/2023:09:14:40 +0800] "GET /xingrg/all/function/internal_message.html?_=1692407604061&CODE_STATE=getMsg HTTP/1.1" 200 27
222.70.180.200 - - [19/Aug/2023:09:14:43 +0800] "GET /xingrg/kc/buy/cgsh_order_operate.html?command=get_materiel&rest_code=00111&code=00101008101&supplier_code=00100005&order_time=2023-08-19 HTTP/1.1" 200 412
101.83.145.37 - - [19/Aug/2023:09:14:44 +0800] "GET /xingrg/kc/buy/cgsh_order_operate.html?command=get_materiel&rest_code=00105&code=00101008229&supplier_code=00100203&order_time=2023-08-19 HTTP/1.1" 200 420
124.78.155.92 - - [19/Aug/2023:09:14:45 +0800] "GET /xingrg/kc/buy/cgsh_order_operate.html?command=get_materiel&rest_code=00106&code=00101008224&supplier_code=00100007&order_time=2023-08-19 HTTP/1.1" 200 416
222.70.180.200 - - [19/Aug/2023:09:14:47 +0800] "GET /xingrg/all/function/internal_message.html?_=1692407688966&CODE_STATE=getMsg HTTP/1.1" 200 27
114.83.216.47 - - [19/Aug/2023:09:14:50 +0800] "GET /xingrg/kc/buy/cgsh_order_operate.html?command=get_materiel&rest_code=00149&code=00101008041&supplier_code=00100008&order_time=2023-08-19 HTTP/1.1" 200 408
101.83.145.37 - - [19/Aug/2023:09:14:52 +0800] "GET /xingrg/check_reg.html?_=1692407693921 HTTP/1.1" 200 22
101.83.145.37 - - [19/Aug/2023:09:14:52 +0800] "GET /xingrg/all/function/internal_message.html?_=1692407693922&CODE_STATE=getMsg HTTP/1.1" 200 27
101.83.145.37 - - [19/Aug/2023:09:14:56 +0800] "GET /xingrg/kc/buy/cgsh_order_operate.html?command=get_materiel&rest_code=00105&code=00101008061&supplier_code=00100203&order_time=2023-08-19 HTTP/1.1" 200 422
124.78.155.92 - - [19/Aug/2023:09:14:59 +0800] "GET /xingrg/check_reg.html?_=1692407695206 HTTP/1.1" 200 22
124.78.155.92 - - [19/Aug/2023:09:14:59 +0800] "GET /xingrg/all/function/internal_message.html?_=1692407695288&CODE_STATE=getMsg HTTP/1.1" 200 27
222.69.129.152 - - [19/Aug/2023:09:15:01 +0800] "GET /xingrg/login.html HTTP/1.1" 200 7641
222.69.129.152 - - [19/Aug/2023:09:15:02 +0800] "GET /favicon.ico HTTP/1.1" 404 -
222.69.129.152 - - [19/Aug/2023:09:15:05 +0800] "POST /xingrg/login.do HTTP/1.1" 302 -
222.69.129.152 - - [19/Aug/2023:09:15:05 +0800] "GET /xingrg/index.html?sysBaseUrl=http%3A%2F%2F180.169.147.146%3A18081%2Fxingrg%2F&costTime=855×tamp=1692407705160 HTTP/1.1" 200 17179
222.69.129.152 - - [19/Aug/2023:09:15:05 +0800] "GET /favicon.ico HTTP/1.1" 404 -
222.69.129.152 - - [19/Aug/2023:09:15:05 +0800] "GET /xingrg/all/function/internal_message.html?_=1692407842264&CODE_STATE=count HTTP/1.1" 200 11
222.69.129.152 - - [19/Aug/2023:09:15:05 +0800] "GET /xingrg/check_reg.html?_=1692407842265 HTTP/1.1" 200 22
222.69.129.152 - - [19/Aug/2023:09:15:05 +0800] "POST /xingrg/all/common/load_tree.html?tree=area_rest_tree_json&manage=1 HTTP/1.1" 200 351
222.69.129.152 - - [19/Aug/2023:09:15:05 +0800] "POST /xingrg/load_menu.html HTTP/1.1" 200 5138
116.238.191.126 - - [19/Aug/2023:09:15:05 +0800] "GET /xingrg/all/function/internal_message.html?_=1692407617337&CODE_STATE=getMsg HTTP/1.1" 200 27
114.83.216.47 - - [19/Aug/2023:09:15:14 +0800] "GET /xingrg/all/function/internal_message.html?_=1692407712381&CODE_STATE=getMsg HTTP/1.1" 200 27
180.165.48.189 - - [19/Aug/2023:09:15:18 +0800] "GET /xingrg/kc/buy/cgsh_order_operate.html?command=get_materiel&rest_code=00108&code=00101009062&supplier_code=00100007&order_time=2023-08-19 HTTP/1.1" 200 23
124.78.155.92 - - [19/Aug/2023:09:15:20 +0800] "POST /xingrg/kc/buy/cgsh_order_operate.html HTTP/1.1" 200 37
180.165.48.189 - - [19/Aug/2023:09:15:21 +0800] "GET /xingrg/javascript/jquery_easy_ui/themes/icons/rest.png HTTP/1.1" 200 695
180.165.48.189 - - [19/Aug/2023:09:15:21 +0800] "GET /xingrg/javascript/jquery_easy_ui/themes/icons/area.png HTTP/1.1" 200 262
116.238.191.126 - - [19/Aug/2023:09:15:21 +0800] "GET /xingrg/all/function/internal_message.html?_=1692407719624&CODE_STATE=getMsg HTTP/1.1" 200 27
101.83.145.37 - - [19/Aug/2023:09:15:22 +0800] "GET /xingrg/kc/buy/cgsh_order_operate.html?command=get_materiel&rest_code=00105&code=00101020144&supplier_code=00100203&order_time=2023-08-19 HTTP/1.1" 200 449
180.152.241.196 - - [19/Aug/2023:09:15:23 +0800] "GET /xingrg/all/function/internal_message.html?_=1692407722496&CODE_STATE=getMsg HTTP/1.1" 200 27
222.70.180.200 - - [19/Aug/2023:09:15:23 +0800] "GET /xingrg/kc/buy/cgsh_order_operate.html?command=get_materiel&rest_code=00111&code=00101008004&supplier_code=00100005&order_time=2023-08-19 HTTP/1.1" 200 23
124.78.155.92 - - [19/Aug/2023:09:15:27 +0800] "POST /xingrg/kc/buy/cgsh_order_operate.html HTTP/1.1" 200 24547
114.83.216.47 - - [19/Aug/2023:09:15:29 +0800] "GET /xingrg/kc/buy/cgsh_order_operate.html?command=get_materiel&rest_code=00149&code=00101008275&supplier_code=00100008&order_time=2023-08-19 HTTP/1.1" 200 416
180.165.48.189 - - [19/Aug/2023:09:15:35 +0800] "GET /xingrg/login.html HTTP/1.1" 200 7641
180.165.48.189 - - [19/Aug/2023:09:15:35 +0800] "GET /favicon.ico HTTP/1.1" 404 -
116.232.195.127 - - [19/Aug/2023:09:15:40 +0800] "GET /xingrg/all/function/internal_message.html?_=1692407664049&CODE_STATE=getMsg HTTP/1.1" 200 27
180.165.48.189 - - [19/Aug/2023:09:15:40 +0800] "POST /xingrg/login.do HTTP/1.1" 302 -
180.165.48.189 - - [19/Aug/2023:09:15:40 +0800] "GET /xingrg/index.html?sysBaseUrl=http%3A%2F%2F180.169.147.146%3A18081%2Fxingrg%2F&costTime=834×tamp=1692407740209 HTTP/1.1" 200 17183
180.165.48.189 - - [19/Aug/2023:09:15:40 +0800] "GET /favicon.ico HTTP/1.1" 404 -
180.165.48.189 - - [19/Aug/2023:09:15:40 +0800] "GET /xingrg/check_reg.html?_=1692407740193 HTTP/1.1" 200 22
180.165.48.189 - - [19/Aug/2023:09:15:40 +0800] "GET /xingrg/all/function/internal_message.html?_=1692407740193&CODE_STATE=count HTTP/1.1" 200 11
180.165.48.189 - - [19/Aug/2023:09:15:40 +0800] "POST /xingrg/all/common/load_tree.html?tree=area_rest_tree_json&manage=1 HTTP/1.1" 200 357
180.165.48.189 - - [19/Aug/2023:09:15:40 +0800] "POST /xingrg/load_menu.html HTTP/1.1" 200 5138
114.83.216.47 - - [19/Aug/2023:09:15:41 +0800] "GET /xingrg/kc/buy/cgsh_order_operate.html?command=get_materiel&rest_code=00149&code=00101008330&supplier_code=00100008&order_time=2023-08-19 HTTP/1.1" 200 408
101.83.145.37 - - [19/Aug/2023:09:15:43 +0800] "GET /xingrg/kc/buy/cgsh_order_operate.html?command=get_materiel&rest_code=00105&code=00101008248&supplier_code=00100203&order_time=2023-08-19 HTTP/1.1" 200 412
180.165.48.189 - - [19/Aug/2023:09:15:44 +0800] "GET /xingrg/kc/buy/cgsh_order_list.html HTTP/1.1" 200 56150
180.165.48.189 - - [19/Aug/2023:09:15:46 +0800] "POST /xingrg/kc/buy/cgsh_list_operate.html HTTP/1.1" 200 986
114.83.216.47 - - [19/Aug/2023:09:15:47 +0800] "POST /xingrg/kc/buy/cgsh_order_operate.html HTTP/1.1" 200 2065
124.78.155.92 - - [19/Aug/2023:09:15:48 +0800] "GET /xingrg/kc/buy/cgsh_order_operate.html?command=get_materiel&rest_code=00106&code=00101008300&supplier_code=00100007&order_time=2023-08-19 HTTP/1.1" 200 412
180.165.48.189 - - [19/Aug/2023:09:15:48 +0800] "GET /xingrg/kc/buy/cgsh_order_add.html HTTP/1.1" 200 72014
180.165.48.189 - - [19/Aug/2023:09:15:48 +0800] "POST /xingrg/kc/buy/cgsh_order_operate.html HTTP/1.1" 200 8245
180.165.48.189 - - [19/Aug/2023:09:15:48 +0800] "GET /xingrg/javascript/easyui/themes/default/validatebox.css HTTP/1.1" 404 1104
180.165.48.189 - - [19/Aug/2023:09:15:49 +0800] "GET /xingrg/all/common/auto_word.html?type=employee&rest_code=00108 HTTP/1.1" 200 101
180.165.48.189 - - [19/Aug/2023:09:15:49 +0800] "GET /xingrg/all/common/auto_word.html?type=employee&rest_code=00108 HTTP/1.1" 200 101
180.165.48.189 - - [19/Aug/2023:09:15:50 +0800] "GET /xingrg/javascript/auto/indicator.gif HTTP/1.1" 404 1066
101.83.145.37 - - [19/Aug/2023:09:15:52 +0800] "GET /xingrg/all/function/internal_message.html?_=1692407754012&CODE_STATE=getMsg HTTP/1.1" 200 27
116.232.195.127 - - [19/Aug/2023:09:15:53 +0800] "GET /xingrg/check_reg.html?_=1692407677254 HTTP/1.1" 200 22
180.165.48.189 - - [19/Aug/2023:09:15:53 +0800] "GET /xingrg/javascript/jquery_easy_ui/themes/default/images/tabs_active.png HTTP/1.1" 304 -
114.83.216.47 - - [19/Aug/2023:09:15:55 +0800] "GET /xingrg/kc/buy/cgsh_order_operate.html?command=get_materiel&rest_code=00149&code=00101008502&supplier_code=00100008&order_time=2023-08-19 HTTP/1.1" 200 412
101.83.145.37 - - [19/Aug/2023:09:15:58 +0800] "GET /xingrg/kc/buy/cgsh_order_operate.html?command=get_materiel&rest_code=00105&code=00101008155&supplier_code=00100203&order_time=2023-08-19 HTTP/1.1" 200 408
180.165.48.189 - - [19/Aug/2023:09:15:59 +0800] "GET /xingrg/kc/buy/cgsh_order_operate.html?command=get_materiel&rest_code=00108&code=00101009109&supplier_code=00100007&order_time=2023-08-19 HTTP/1.1" 200 413
124.78.155.92 - - [19/Aug/2023:09:15:59 +0800] "GET /xingrg/all/function/internal_message.html?_=1692407755386&CODE_STATE=getMsg HTTP/1.1" 200 27
222.69.129.152 - - [19/Aug/2023:09:16:05 +0800] "GET /xingrg/all/function/internal_message.html?_=1692407902301&CODE_STATE=getMsg HTTP/1.1" 200 27
116.238.191.126 - - [19/Aug/2023:09:16:05 +0800] "GET /xingrg/all/function/internal_message.html?_=1692407677349&CODE_STATE=getMsg HTTP/1.1" 200 27
114.83.216.47 - - [19/Aug/2023:09:16:11 +0800] "GET /xingrg/kc/buy/cgsh_order_operate.html?command=get_materiel&rest_code=00149&code=00101008244&supplier_code=00100008&order_time=2023-08-19 HTTP/1.1" 200 408
114.83.216.47 - - [19/Aug/2023:09:16:14 +0800] "GET /xingrg/all/function/internal_message.html?_=1692407772397&CODE_STATE=getMsg HTTP/1.1" 200 27
180.165.48.189 - - [19/Aug/2023:09:16:15 +0800] "GET /xingrg/kc/buy/cgsh_order_operate.html?command=get_materiel&rest_code=00108&code=00101009062&supplier_code=00100007&order_time=2023-08-19 HTTP/1.1" 200 412
101.83.145.37 - - [19/Aug/2023:09:16:19 +0800] "GET /xingrg/kc/buy/cgsh_order_operate.html?command=get_materiel&rest_code=00105&code=00101008038&supplier_code=00100203&order_time=2023-08-19 HTTP/1.1" 200 412
116.238.191.126 - - [19/Aug/2023:09:16:21 +0800] "GET /xingrg/all/function/internal_message.html?_=1692407779625&CODE_STATE=getMsg HTTP/1.1" 200 27
101.83.145.37 - - [19/Aug/2023:09:16:23 +0800] "POST /xingrg/kc/buy/cgsh_order_operate.html HTTP/1.1" 200 2065
180.152.241.196 - - [19/Aug/2023:09:16:23 +0800] "GET /xingrg/all/function/internal_message.html?_=1692407782486&CODE_STATE=getMsg HTTP/1.1" 200 27
101.83.145.37 - - [19/Aug/2023:09:16:24 +0800] "POST /xingrg/kc/buy/cgsh_order_operate.html HTTP/1.1" 200 2065
180.165.48.189 - - [19/Aug/2023:09:16:26 +0800] "GET /xingrg/kc/buy/cgsh_order_operate.html?command=get_materiel&rest_code=00108&code=00101009059&supplier_code=00100007&order_time=2023-08-19 HTTP/1.1" 200 409
114.83.216.47 - - [19/Aug/2023:09:16:28 +0800] "GET /xingrg/kc/buy/cgsh_order_operate.html?command=get_materiel&rest_code=00149&code=00101008298&supplier_code=00100008&order_time=2023-08-19 HTTP/1.1" 200 412
180.152.241.196 - - [19/Aug/2023:09:16:34 +0800] "GET /xingrg/kc/buy/cgsh_order_operate.html?command=get_materiel&rest_code=00102&code=00101007001&supplier_code=00100096&order_time=2023-08-19 HTTP/1.1" 200 410
114.83.216.47 - - [19/Aug/2023:09:16:39 +0800] "GET /xingrg/kc/buy/cgsh_order_operate.html?command=get_materiel&rest_code=00149&code=00101008706&supplier_code=00100008&order_time=2023-08-19 HTTP/1.1" 200 413
101.83.145.37 - - [19/Aug/2023:09:16:39 +0800] "GET /xingrg/kc/buy/cgsh_order_operate.html?command=get_materiel&rest_code=00105&code=00101008358&supplier_code=00100203&order_time=2023-08-19 HTTP/1.1" 200 412
116.232.195.127 - - [19/Aug/2023:09:16:40 +0800] "GET /xingrg/all/function/internal_message.html?_=1692407724024&CODE_STATE=getMsg HTTP/1.1" 200 27
180.165.48.189 - - [19/Aug/2023:09:16:40 +0800] "GET /xingrg/all/function/internal_message.html?_=1692407800196&CODE_STATE=getMsg HTTP/1.1" 200 27
222.69.129.152 - - [19/Aug/2023:09:16:40 +0800] "GET /xingrg/kc/buy/cgsh_order_list.html HTTP/1.1" 200 56146
222.70.180.200 - - [19/Aug/2023:09:16:44 +0800] "POST /xingrg/kc/buy/cgsh_order_operate.html HTTP/1.1" 200 37
180.165.48.189 - - [19/Aug/2023:09:16:44 +0800] "GET /xingrg/kc/buy/cgsh_order_operate.html?command=get_materiel&rest_code=00108&code=00101009010&supplier_code=00100007&order_time=2023-08-19 HTTP/1.1" 200 416
124.78.155.92 - - [19/Aug/2023:09:16:44 +0800] "GET /xingrg/kc/buy/cgsh_order_operate.html?command=get_materiel&rest_code=00106&code=00101008108&supplier_code=00100007&order_time=2023-08-19 HTTP/1.1" 200 412
222.69.129.152 - - [19/Aug/2023:09:16:46 +0800] "POST /xingrg/kc/buy/cgsh_list_operate.html HTTP/1.1" 200 986
124.78.155.92 - - [19/Aug/2023:09:16:49 +0800] "POST /xingrg/kc/buy/cgsh_order_operate.html HTTP/1.1" 200 2065
101.83.145.37 - - [19/Aug/2023:09:16:52 +0800] "GET /xingrg/all/function/internal_message.html?_=1692407813985&CODE_STATE=getMsg HTTP/1.1" 200 27
222.70.180.200 - - [19/Aug/2023:09:16:53 +0800] "POST /xingrg/kc/buy/cgsh_order_operate.html HTTP/1.1" 200 7401
180.165.48.189 - - [19/Aug/2023:09:16:54 +0800] "GET /xingrg/kc/buy/cgsh_order_operate.html?command=get_materiel&rest_code=00108&code=00101009124&supplier_code=00100007&order_time=2023-08-19 HTTP/1.1" 200 416
114.83.216.47 - - [19/Aug/2023:09:16:55 +0800] "GET /xingrg/kc/buy/cgsh_order_operate.html?command=get_materiel&rest_code=00149&code=00101008589&supplier_code=00100008&order_time=2023-08-19 HTTP/1.1" 200 409
101.83.145.37 - - [19/Aug/2023:09:16:55 +0800] "GET /xingrg/kc/buy/cgsh_order_operate.html?command=get_materiel&rest_code=00105&code=00101008246&supplier_code=00100203&order_time=2023-08-19 HTTP/1.1" 200 408
114.83.216.47 - - [19/Aug/2023:09:16:58 +0800] "POST /xingrg/kc/buy/cgsh_order_operate.html HTTP/1.1" 200 2065
124.78.155.92 - - [19/Aug/2023:09:16:59 +0800] "GET /xingrg/all/function/internal_message.html?_=1692407815385&CODE_STATE=getMsg HTTP/1.1" 200 27
180.152.241.196 - - [19/Aug/2023:09:17:01 +0800] "GET /xingrg/kc/buy/cgsh_order_operate.html?command=get_materiel&rest_code=00102&code=00101007061&supplier_code=00100096&order_time=2023-08-19 HTTP/1.1" 200 411
180.165.48.189 - - [19/Aug/2023:09:17:03 +0800] "GET /xingrg/kc/buy/cgsh_order_operate.html?command=get_materiel&rest_code=00108&code=00101009011&supplier_code=00100007&order_time=2023-08-19 HTTP/1.1" 200 416
101.83.145.37 - - [19/Aug/2023:09:17:04 +0800] "GET /xingrg/kc/buy/cgsh_order_operate.html?command=get_materiel&rest_code=00105&code=00101008201&supplier_code=00100203&order_time=2023-08-19 HTTP/1.1" 200 412
222.69.129.152 - - [19/Aug/2023:09:17:05 +0800] "GET /xingrg/all/function/internal_message.html?_=1692407962279&CODE_STATE=getMsg HTTP/1.1" 200 27
116.238.191.126 - - [19/Aug/2023:09:17:06 +0800] "GET /xingrg/all/function/internal_message.html?_=1692407737425&CODE_STATE=getMsg HTTP/1.1" 200 27
114.83.216.47 - - [19/Aug/2023:09:17:09 +0800] "GET /xingrg/kc/buy/cgsh_order_operate.html?command=get_materiel&rest_code=00149&code=00101009011&supplier_code=00100008&order_time=2023-08-19 HTTP/1.1" 200 416
101.83.145.37 - - [19/Aug/2023:09:17:11 +0800] "GET /xingrg/kc/buy/cgsh_order_operate.html?command=get_materiel&rest_code=00105&code=00101008361&supplier_code=00100203&order_time=2023-08-19 HTTP/1.1" 200 408
180.152.241.196 - - [19/Aug/2023:09:17:14 +0800] "GET /xingrg/kc/buy/cgsh_order_operate.html?command=get_materiel&rest_code=00102&code=00101007049&supplier_code=00100096&order_time=2023-08-19 HTTP/1.1" 200 410
114.83.216.47 - - [19/Aug/2023:09:17:14 +0800] "GET /xingrg/check_reg.html?_=1692407832419 HTTP/1.1" 200 22
114.83.216.47 - - [19/Aug/2023:09:17:14 +0800] "GET /xingrg/all/function/internal_message.html?_=1692407832421&CODE_STATE=getMsg HTTP/1.1" 200 27
180.165.48.189 - - [19/Aug/2023:09:17:15 +0800] "GET /xingrg/kc/buy/cgsh_order_operate.html?command=get_materiel&rest_code=00108&code=00101009006&supplier_code=00100007&order_time=2023-08-19 HTTP/1.1" 200 409
222.70.180.200 - - [19/Aug/2023:09:17:19 +0800] "POST /xingrg/kc/buy/cgsh_order_operate.html HTTP/1.1" 200 37
222.70.180.200 - - [19/Aug/2023:09:17:21 +0800] "POST /xingrg/kc/buy/cgsh_order_operate.html HTTP/1.1" 200 7401
116.238.191.126 - - [19/Aug/2023:09:17:21 +0800] "GET /xingrg/all/function/internal_message.html?_=1692407839626&CODE_STATE=getMsg HTTP/1.1" 200 27
180.152.241.196 - - [19/Aug/2023:09:17:23 +0800] "GET /xingrg/all/function/internal_message.html?_=1692407842486&CODE_STATE=getMsg HTTP/1.1" 200 27
101.83.145.37 - - [19/Aug/2023:09:17:27 +0800] "GET /xingrg/kc/buy/cgsh_order_operate.html?command=get_materiel&rest_code=00105&code=00101008415&supplier_code=00100203&order_time=2023-08-19 HTTP/1.1" 200 412
114.83.216.47 - - [19/Aug/2023:09:17:28 +0800] "GET /xingrg/kc/buy/cgsh_order_operate.html?command=get_materiel&rest_code=00149&code=00101009015&supplier_code=00100008&order_time=2023-08-19 HTTP/1.1" 200 416
180.165.48.189 - - [19/Aug/2023:09:17:32 +0800] "GET /xingrg/kc/buy/cgsh_order_operate.html?command=get_materiel&rest_code=00108&code=00101008331&supplier_code=00100007&order_time=2023-08-19 HTTP/1.1" 200 416
124.78.155.92 - - [19/Aug/2023:09:17:32 +0800] "GET /xingrg/kc/buy/cgsh_order_operate.html?command=get_materiel&rest_code=00106&code=00101008375&supplier_code=00100007&order_time=2023-08-19 HTTP/1.1" 200 416
101.83.145.37 - - [19/Aug/2023:09:17:37 +0800] "GET /xingrg/kc/buy/cgsh_order_operate.html?command=get_materiel&rest_code=00105&code=00101008137&supplier_code=00100203&order_time=2023-08-19 HTTP/1.1" 200 408
116.232.195.127 - - [19/Aug/2023:09:17:40 +0800] "GET /xingrg/all/function/internal_message.html?_=1692407784002&CODE_STATE=getMsg HTTP/1.1" 200 27
180.165.48.189 - - [19/Aug/2023:09:17:40 +0800] "GET /xingrg/all/function/internal_message.html?_=1692407860214&CODE_STATE=getMsg HTTP/1.1" 200 27
180.152.241.196 - - [19/Aug/2023:09:17:41 +0800] "GET /xingrg/kc/buy/cgsh_order_operate.html?command=get_materiel&rest_code=00102&code=00101006111&supplier_code=00100096&order_time=2023-08-19 HTTP/1.1" 200 411
222.69.129.152 - - [19/Aug/2023:09:17:50 +0800] "GET /xingrg/kc/buy/cgsh_order_add.html HTTP/1.1" 200 71126
222.69.129.152 - - [19/Aug/2023:09:17:50 +0800] "GET /xingrg/words/20230818222108_words.js HTTP/1.1" 200 983971
222.69.129.152 - - [19/Aug/2023:09:17:50 +0800] "POST /xingrg/kc/buy/cgsh_order_operate.html HTTP/1.1" 200 8245
222.69.129.152 - - [19/Aug/2023:09:17:50 +0800] "GET /xingrg/javascript/easyui/themes/default/validatebox.css HTTP/1.1" 404 1104
222.69.129.152 - - [19/Aug/2023:09:17:50 +0800] "GET /xingrg/all/common/auto_word.html?type=employee&rest_code=00154 HTTP/1.1" 200 101
222.69.129.152 - - [19/Aug/2023:09:17:51 +0800] "GET /xingrg/all/common/auto_word.html?type=employee&rest_code=00154 HTTP/1.1" 200 101
101.83.145.37 - - [19/Aug/2023:09:17:52 +0800] "GET /xingrg/all/function/internal_message.html?_=1692407873956&CODE_STATE=getMsg HTTP/1.1" 200 27
222.69.129.152 - - [19/Aug/2023:09:17:53 +0800] "GET /xingrg/javascript/auto/indicator.gif HTTP/1.1" 404 1066
114.83.216.47 - - [19/Aug/2023:09:17:54 +0800] "POST /xingrg/kc/buy/cgsh_order_operate.html HTTP/1.1" 200 37
180.165.48.189 - - [19/Aug/2023:09:17:54 +0800] "GET /xingrg/kc/buy/cgsh_order_operate.html?command=get_materiel&rest_code=00108&code=00101008353&supplier_code=00100007&order_time=2023-08-19 HTTP/1.1" 200 408
124.78.155.92 - - [19/Aug/2023:09:17:56 +0800] "GET /xingrg/kc/buy/cgsh_order_operate.html?command=get_materiel&rest_code=00106&code=00101011001&supplier_code=00100007&order_time=2023-08-19 HTTP/1.1" 200 423
101.83.145.37 - - [19/Aug/2023:09:17:56 +0800] "GET /xingrg/kc/buy/cgsh_order_operate.html?command=get_materiel&rest_code=00105&code=00101008169&supplier_code=00100203&order_time=2023-08-19 HTTP/1.1" 200 412
124.78.155.92 - - [19/Aug/2023:09:17:59 +0800] "GET /xingrg/all/function/internal_message.html?_=1692407875353&CODE_STATE=getMsg HTTP/1.1" 200 27
222.69.129.152 - - [19/Aug/2023:09:18:05 +0800] "GET /xingrg/all/function/internal_message.html?_=1692408022272&CODE_STATE=getMsg HTTP/1.1" 200 27
116.238.191.126 - - [19/Aug/2023:09:18:06 +0800] "GET /xingrg/all/function/internal_message.html?_=1692407797440&CODE_STATE=getMsg HTTP/1.1" 200 27
222.69.129.152 - - [19/Aug/2023:09:18:06 +0800] "GET /xingrg/kc/buy/cgsh_order_operate.html?command=get_materiel&rest_code=00154&code=00101008108&supplier_code=00100417&order_time=2023-08-19 HTTP/1.1" 200 412
124.78.155.92 - - [19/Aug/2023:09:18:14 +0800] "POST /xingrg/kc/buy/cgsh_order_operate.html HTTP/1.1" 200 37
114.83.216.47 - - [19/Aug/2023:09:18:14 +0800] "GET /xingrg/all/function/internal_message.html?_=1692407892404&CODE_STATE=getMsg HTTP/1.1" 200 27
116.238.191.126 - - [19/Aug/2023:09:18:21 +0800] "GET /xingrg/check_reg.html?_=1692407899626 HTTP/1.1" 200 22
116.238.191.126 - - [19/Aug/2023:09:18:21 +0800] "GET /xingrg/all/function/internal_message.html?_=1692407899630&CODE_STATE=getMsg HTTP/1.1" 200 27
180.152.241.196 - - [19/Aug/2023:09:18:23 +0800] "GET /xingrg/all/function/internal_message.html?_=1692407902504&CODE_STATE=getMsg HTTP/1.1" 200 27
180.152.241.196 - - [19/Aug/2023:09:18:23 +0800] "GET /xingrg/check_reg.html?_=1692407902508 HTTP/1.1" 200 22
101.83.145.37 - - [19/Aug/2023:09:18:27 +0800] "POST /xingrg/kc/buy/cgsh_order_operate.html HTTP/1.1" 200 37
180.165.48.189 - - [19/Aug/2023:09:18:27 +0800] "GET /xingrg/kc/buy/cgsh_order_operate.html?command=get_materiel&rest_code=00108&code=00101008286&supplier_code=00100007&order_time=2023-08-19 HTTP/1.1" 200 408
114.83.216.47 - - [19/Aug/2023:09:18:28 +0800] "POST /xingrg/kc/buy/cgsh_order_operate.html HTTP/1.1" 200 12
180.163.28.180 - - [19/Aug/2023:09:18:29 +0800] "GET /xingrg/kc/buy/cgsh_order_operate.html?command=get_materiel&rest_code=00106&code=00101008375&supplier_code=00100007&order_time=2023-08-19 HTTP/1.1" 302 -
180.163.28.180 - - [19/Aug/2023:09:18:29 +0800] "GET /xingrg/login.html HTTP/1.1" 200 7641
180.152.241.196 - - [19/Aug/2023:09:18:29 +0800] "GET /xingrg/kc/buy/cgsh_order_operate.html?command=get_materiel&rest_code=00102&code=00101012005&supplier_code=00100096&order_time=2023-08-19 HTTP/1.1" 200 412
114.83.216.47 - - [19/Aug/2023:09:18:32 +0800] "GET /xingrg/kc/buy/cgsh_order_info.html?code=212023081907611 HTTP/1.1" 200 66919
114.83.216.47 - - [19/Aug/2023:09:18:33 +0800] "GET /xingrg/javascript/easyui/themes/default/validatebox.css HTTP/1.1" 404 1104
222.69.129.152 - - [19/Aug/2023:09:18:33 +0800] "GET /xingrg/kc/buy/cgsh_order_operate.html?command=get_materiel&rest_code=00154&code=00101008049&supplier_code=00100417&order_time=2023-08-19 HTTP/1.1" 200 408
114.83.216.47 - - [19/Aug/2023:09:18:34 +0800] "POST /xingrg/kc/buy/cgsh_order_operate.html HTTP/1.1" 200 44936
101.83.145.37 - - [19/Aug/2023:09:18:34 +0800] "POST /xingrg/kc/buy/cgsh_order_operate.html HTTP/1.1" 200 47059
222.70.180.200 - - [19/Aug/2023:09:18:38 +0800] "GET /favicon.ico HTTP/1.1" 404 -
180.152.241.196 - - [19/Aug/2023:09:18:38 +0800] "GET /xingrg/kc/buy/cgsh_order_operate.html?command=get_materiel&rest_code=00102&code=00101016030&supplier_code=00100096&order_time=2023-08-19 HTTP/1.1" 200 412
180.165.48.189 - - [19/Aug/2023:09:18:39 +0800] "GET /xingrg/kc/buy/cgsh_order_operate.html?command=get_materiel&rest_code=00108&code=00101008223&supplier_code=00100007&order_time=2023-08-19 HTTP/1.1" 200 412
116.232.195.127 - - [19/Aug/2023:09:18:40 +0800] "GET /xingrg/all/function/internal_message.html?_=1692407843984&CODE_STATE=getMsg HTTP/1.1" 200 27
180.165.48.189 - - [19/Aug/2023:09:18:40 +0800] "GET /xingrg/all/function/internal_message.html?_=1692407920220&CODE_STATE=getMsg HTTP/1.1" 200 27
222.70.180.200 - - [19/Aug/2023:09:18:46 +0800] "GET /xingrg/login.html HTTP/1.1" 200 7641
222.70.180.200 - - [19/Aug/2023:09:18:47 +0800] "GET /xingrg/login.html HTTP/1.1" 200 7641
222.70.180.200 - - [19/Aug/2023:09:18:48 +0800] "GET /xingrg/login.html HTTP/1.1" 200 7641
222.70.180.200 - - [19/Aug/2023:09:18:48 +0800] "GET /xingrg/images/blue/jxLogo.png HTTP/1.1" 304 -
222.70.180.200 - - [19/Aug/2023:09:18:48 +0800] "GET /xingrg/images/blue/jxLogo.png HTTP/1.1" 304 -
114.83.216.47 - - [19/Aug/2023:09:18:49 +0800] "GET /xingrg/kc/print/load_config.html?kc_code=cgsh HTTP/1.1" 200 1924
180.165.48.189 - - [19/Aug/2023:09:18:49 +0800] "GET /xingrg/kc/buy/cgsh_order_operate.html?command=get_materiel&rest_code=00108&code=00101008168&supplier_code=00100007&order_time=2023-08-19 HTTP/1.1" 200 412
114.83.216.47 - - [19/Aug/2023:09:18:50 +0800] "GET /xingrg/kc/print/load_data.html?order_code=212023081907611&kc_code=cgsh&condition= HTTP/1.1" 200 17445
222.70.180.200 - - [19/Aug/2023:09:18:50 +0800] "GET /xingrg/images/blue/login_bg.png HTTP/1.1" 304 -
222.70.180.200 - - [19/Aug/2023:09:18:50 +0800] "GET /xingrg/images/blue/login_bg.png HTTP/1.1" 304 -
222.70.180.200 - - [19/Aug/2023:09:18:50 +0800] "GET /xingrg/images/blue/hj.png HTTP/1.1" 304 -
222.70.180.200 - - [19/Aug/2023:09:18:50 +0800] "GET /xingrg/images/blue/hj.png HTTP/1.1" 304 -
222.70.180.200 - - [19/Aug/2023:09:18:50 +0800] "GET /xingrg/images/blue/srbg.png HTTP/1.1" 304 -
222.70.180.200 - - [19/Aug/2023:09:18:50 +0800] "GET /xingrg/images/blue/srbg.png HTTP/1.1" 304 -
222.70.180.200 - - [19/Aug/2023:09:18:51 +0800] "GET /favicon.ico HTTP/1.1" 404 -
222.70.180.200 - - [19/Aug/2023:09:18:51 +0800] "GET /favicon.ico HTTP/1.1" 404 -
101.83.145.37 - - [19/Aug/2023:09:18:52 +0800] "GET /xingrg/all/function/internal_message.html?_=1692407933925&CODE_STATE=getMsg HTTP/1.1" 200 27
180.152.241.196 - - [19/Aug/2023:09:18:54 +0800] "GET /xingrg/kc/buy/cgsh_order_operate.html?command=get_materiel&rest_code=00102&code=00101006180&supplier_code=00100096&order_time=2023-08-19 HTTP/1.1" 200 423
114.83.216.47 - - [19/Aug/2023:09:18:56 +0800] "GET /xingrg/kc/buy/cgsh_order_add.html HTTP/1.1" 200 72010
114.83.216.47 - - [19/Aug/2023:09:18:57 +0800] "POST /xingrg/kc/buy/cgsh_order_operate.html HTTP/1.1" 200 8245
114.83.216.47 - - [19/Aug/2023:09:18:57 +0800] "GET /xingrg/javascript/easyui/themes/default/validatebox.css HTTP/1.1" 404 1104
180.165.48.189 - - [19/Aug/2023:09:18:59 +0800] "GET /xingrg/kc/buy/cgsh_order_operate.html?command=get_materiel&rest_code=00108&code=00101009113&supplier_code=00100007&order_time=2023-08-19 HTTP/1.1" 200 412
124.78.155.92 - - [19/Aug/2023:09:19:02 +0800] "POST /xingrg/kc/buy/cgsh_order_operate.html HTTP/1.1" 200 28701
222.69.129.152 - - [19/Aug/2023:09:19:05 +0800] "GET /xingrg/all/function/internal_message.html?_=1692408082278&CODE_STATE=getMsg HTTP/1.1" 200 27
116.238.191.126 - - [19/Aug/2023:09:19:06 +0800] "GET /xingrg/all/function/internal_message.html?_=1692407857510&CODE_STATE=getMsg HTTP/1.1" 200 27
