116.235.244.168 - - [17/Aug/2023:08:53:36 +0800] "GET /xingrg/javascript/easyui/plugins/jquery.validatebox.js HTTP/1.1" 304 -
116.235.244.168 - - [17/Aug/2023:08:53:36 +0800] "GET /xingrg/javascript/easyui/plugins/jquery.numberbox.js HTTP/1.1" 304 -
116.235.244.168 - - [17/Aug/2023:08:53:36 +0800] "GET /xingrg/all/common/auto_word.html?type=employee&rest_code=00146 HTTP/1.1" 200 101
116.235.244.168 - - [17/Aug/2023:08:53:36 +0800] "GET /xingrg/all/common/auto_word.html?type=employee&rest_code=00146 HTTP/1.1" 200 101
116.232.195.127 - - [17/Aug/2023:08:53:36 +0800] "POST /xingrg/login.do HTTP/1.1" 302 -
116.232.195.127 - - [17/Aug/2023:08:53:36 +0800] "GET /xingrg/index.html?sysBaseUrl=http%3A%2F%2F180.169.147.146%3A18081%2Fxingrg%2F&costTime=931×tamp=1692233616795 HTTP/1.1" 200 17179
116.232.195.127 - - [17/Aug/2023:08:53:37 +0800] "GET /favicon.ico HTTP/1.1" 404 -
116.232.195.127 - - [17/Aug/2023:08:53:37 +0800] "GET /xingrg/check_reg.html?_=1692233546020 HTTP/1.1" 200 22
116.232.195.127 - - [17/Aug/2023:08:53:37 +0800] "GET /xingrg/all/function/internal_message.html?_=1692233546020&CODE_STATE=count HTTP/1.1" 200 11
116.232.195.127 - - [17/Aug/2023:08:53:37 +0800] "POST /xingrg/all/common/load_tree.html?tree=area_rest_tree_json&manage=1 HTTP/1.1" 200 351
116.232.195.127 - - [17/Aug/2023:08:53:37 +0800] "POST /xingrg/load_menu.html HTTP/1.1" 200 5138
172.20.0.100 - - [17/Aug/2023:08:53:37 +0800] "GET /xingrg/all/function/internal_message.html?_=1692233617076&CODE_STATE=getMsg HTTP/1.1" 200 27
116.232.195.127 - - [17/Aug/2023:08:53:39 +0800] "GET /xingrg/kc/buy/buy_main.html HTTP/1.1" 200 12412
116.232.195.127 - - [17/Aug/2023:08:53:39 +0800] "GET /xingrg/css/new_ie.css HTTP/1.1" 404 1036
116.232.195.127 - - [17/Aug/2023:08:53:39 +0800] "GET /xingrg/images/yd/bt.gif HTTP/1.1" 404 1040
116.238.191.126 - - [17/Aug/2023:08:53:40 +0800] "GET /xingrg/kc/buy/cgsh_order_operate.html?command=get_materiel&rest_code=00150&code=00101008175&supplier_code=00100008&order_time=2023-08-17 HTTP/1.1" 200 412
116.232.195.127 - - [17/Aug/2023:08:53:41 +0800] "GET /xingrg/kc/buy/cgsh_order_list.html HTTP/1.1" 200 56083
101.83.145.37 - - [17/Aug/2023:08:53:43 +0800] "GET /xingrg/kc/buy/cgsh_order_operate.html?command=get_materiel&rest_code=00105&code=00101015195&supplier_code=00100203&order_time=2023-08-17 HTTP/1.1" 200 412
116.232.195.127 - - [17/Aug/2023:08:53:44 +0800] "POST /xingrg/kc/buy/cgsh_list_operate.html HTTP/1.1" 200 986
222.70.180.200 - - [17/Aug/2023:08:53:45 +0800] "GET /xingrg/check_reg.html?_=1692233625851 HTTP/1.1" 200 22
222.70.180.200 - - [17/Aug/2023:08:53:45 +0800] "GET /xingrg/all/function/internal_message.html?_=1692233625848&CODE_STATE=getMsg HTTP/1.1" 200 27
221.239.167.251 - - [17/Aug/2023:08:53:47 +0800] "GET /xingrg/all/function/internal_message.html?_=1692233626595&CODE_STATE=getMsg HTTP/1.1" 200 27
116.232.195.127 - - [17/Aug/2023:08:53:48 +0800] "GET /xingrg/kc/buy/cgsh_order_add.html HTTP/1.1" 200 71906
116.232.195.127 - - [17/Aug/2023:08:53:48 +0800] "GET /xingrg/words/20230816133657_words.js HTTP/1.1" 304 -
116.232.195.127 - - [17/Aug/2023:08:53:48 +0800] "POST /xingrg/kc/buy/cgsh_order_operate.html HTTP/1.1" 200 8245
116.232.195.127 - - [17/Aug/2023:08:53:48 +0800] "GET /xingrg/javascript/easyui/themes/default/validatebox.css HTTP/1.1" 404 1104
116.232.195.127 - - [17/Aug/2023:08:53:48 +0800] "GET /xingrg/all/common/auto_word.html?type=employee&rest_code=00155 HTTP/1.1" 200 255
116.232.195.127 - - [17/Aug/2023:08:53:48 +0800] "GET /xingrg/all/common/auto_word.html?type=employee&rest_code=00155 HTTP/1.1" 200 255
116.232.195.127 - - [17/Aug/2023:08:53:50 +0800] "GET /xingrg/javascript/auto/indicator.gif HTTP/1.1" 404 1066
116.235.244.168 - - [17/Aug/2023:08:53:50 +0800] "GET /xingrg/javascript/auto/indicator.gif HTTP/1.1" 404 1066
116.235.244.168 - - [17/Aug/2023:08:53:52 +0800] "GET /xingrg/javascript/jquery_tools/images/prev.gif HTTP/1.1" 404 1086
116.235.244.168 - - [17/Aug/2023:08:53:52 +0800] "GET /xingrg/javascript/jquery_tools/images/next.gif HTTP/1.1" 404 1086
101.83.145.37 - - [17/Aug/2023:08:53:54 +0800] "GET /xingrg/kc/buy/cgsh_order_operate.html?command=get_materiel&rest_code=00105&code=00101015061&supplier_code=00100203&order_time=2023-08-17 HTTP/1.1" 200 412
116.238.191.126 - - [17/Aug/2023:08:53:54 +0800] "GET /xingrg/kc/buy/cgsh_order_operate.html?command=get_materiel&rest_code=00150&code=00101008176&supplier_code=00100008&order_time=2023-08-17 HTTP/1.1" 200 412
116.232.195.127 - - [17/Aug/2023:08:53:59 +0800] "GET /xingrg/javascript/jquery_tools/images/prev.gif HTTP/1.1" 404 1086
116.232.195.127 - - [17/Aug/2023:08:53:59 +0800] "GET /xingrg/javascript/jquery_tools/images/next.gif HTTP/1.1" 404 1086
101.83.145.37 - - [17/Aug/2023:08:54:02 +0800] "GET /xingrg/kc/buy/cgsh_order_operate.html?command=get_materiel&rest_code=00105&code=00101009056&supplier_code=00100203&order_time=2023-08-17 HTTP/1.1" 200 413
116.235.244.168 - - [17/Aug/2023:08:54:04 +0800] "GET /xingrg/kc/buy/cgsh_order_operate.html?command=get_materiel&rest_code=00146&code=00101008403&supplier_code=00100005&order_time=2023-08-17 HTTP/1.1" 200 412
116.238.191.126 - - [17/Aug/2023:08:54:08 +0800] "GET /xingrg/kc/buy/cgsh_order_operate.html?command=get_materiel&rest_code=00150&code=00101008256&supplier_code=00100008&order_time=2023-08-17 HTTP/1.1" 200 413
116.232.195.127 - - [17/Aug/2023:08:54:11 +0800] "GET /xingrg/kc/buy/cgsh_order_operate.html?command=get_materiel&rest_code=00155&code=00101007072&supplier_code=00100002&order_time=2023-08-17 HTTP/1.1" 200 419
120.253.135.82 - - [17/Aug/2023:08:54:14 +0800] "GET /xingrg/all/function/internal_message.html?_=1692233471411&CODE_STATE=getMsg HTTP/1.1" 200 27
101.83.145.37 - - [17/Aug/2023:08:54:15 +0800] "GET /xingrg/kc/buy/cgsh_order_operate.html?command=get_materiel&rest_code=00105&code=00101020152&supplier_code=00100203&order_time=2023-08-17 HTTP/1.1" 200 416
101.83.145.37 - - [17/Aug/2023:08:54:16 +0800] "GET /xingrg/all/function/internal_message.html?_=1692233657452&CODE_STATE=getMsg HTTP/1.1" 200 27
116.235.244.168 - - [17/Aug/2023:08:54:17 +0800] "GET /xingrg/all/function/internal_message.html?_=1692233668725&CODE_STATE=getMsg HTTP/1.1" 200 27
116.238.191.126 - - [17/Aug/2023:08:54:17 +0800] "GET /xingrg/all/function/internal_message.html?_=1692233655600&CODE_STATE=getMsg HTTP/1.1" 200 27
116.238.191.126 - - [17/Aug/2023:08:54:19 +0800] "GET /xingrg/kc/buy/cgsh_order_operate.html?command=get_materiel&rest_code=00150&code=00101008210&supplier_code=00100008&order_time=2023-08-17 HTTP/1.1" 200 408
116.232.195.127 - - [17/Aug/2023:08:54:27 +0800] "POST /xingrg/kc/buy/cgsh_order_operate.html HTTP/1.1" 200 37
116.235.244.168 - - [17/Aug/2023:08:54:29 +0800] "GET /xingrg/kc/buy/cgsh_order_operate.html?command=get_materiel&rest_code=00146&code=00101008169&supplier_code=00100005&order_time=2023-08-17 HTTP/1.1" 200 412
116.238.191.126 - - [17/Aug/2023:08:54:30 +0800] "GET /xingrg/kc/buy/cgsh_order_operate.html?command=get_materiel&rest_code=00150&code=00101008257&supplier_code=00100008&order_time=2023-08-17 HTTP/1.1" 200 416
116.232.195.127 - - [17/Aug/2023:08:54:31 +0800] "POST /xingrg/kc/buy/cgsh_order_operate.html HTTP/1.1" 200 2663
101.83.145.37 - - [17/Aug/2023:08:54:32 +0800] "GET /xingrg/all/function/internal_message.html?_=1692233472891&CODE_STATE=getMsg HTTP/1.1" 200 27
222.70.180.200 - - [17/Aug/2023:08:54:33 +0800] "GET /xingrg/all/function/internal_message.html?_=1692233728263&CODE_STATE=getMsg HTTP/1.1" 200 27
116.232.195.127 - - [17/Aug/2023:08:54:37 +0800] "GET /xingrg/all/function/internal_message.html?_=1692233606045&CODE_STATE=getMsg HTTP/1.1" 200 27
116.232.195.127 - - [17/Aug/2023:08:54:37 +0800] "GET /xingrg/kc/print/load_config.html?kc_code=cgsh HTTP/1.1" 200 1924
172.20.0.100 - - [17/Aug/2023:08:54:37 +0800] "GET /xingrg/check_reg.html?_=1692233677061 HTTP/1.1" 200 22
172.20.0.100 - - [17/Aug/2023:08:54:37 +0800] "GET /xingrg/all/function/internal_message.html?_=1692233677063&CODE_STATE=getMsg HTTP/1.1" 200 27
116.232.195.127 - - [17/Aug/2023:08:54:38 +0800] "GET /xingrg/kc/print/load_data.html?order_code=212023081706746&kc_code=cgsh&condition= HTTP/1.1" 200 761
116.238.191.126 - - [17/Aug/2023:08:54:39 +0800] "GET /xingrg/kc/buy/cgsh_order_operate.html?command=get_materiel&rest_code=00150&code=00101008331&supplier_code=00100008&order_time=2023-08-17 HTTP/1.1" 200 416
116.235.244.168 - - [17/Aug/2023:08:54:41 +0800] "GET /xingrg/kc/buy/cgsh_order_operate.html?command=get_materiel&rest_code=00146&code=00101008141&supplier_code=00100005&order_time=2023-08-17 HTTP/1.1" 200 412
116.232.195.127 - - [17/Aug/2023:08:54:44 +0800] "GET /xingrg/kc/buy/cgsh_order_add.html HTTP/1.1" 200 71906
116.232.195.127 - - [17/Aug/2023:08:54:44 +0800] "POST /xingrg/kc/buy/cgsh_order_operate.html HTTP/1.1" 200 8245
116.232.195.127 - - [17/Aug/2023:08:54:44 +0800] "GET /xingrg/javascript/easyui/themes/default/validatebox.css HTTP/1.1" 404 1104
222.70.180.200 - - [17/Aug/2023:08:54:47 +0800] "POST /xingrg/kc/buy/cgsh_list_operate.html HTTP/1.1" 200 5458
221.239.167.251 - - [17/Aug/2023:08:54:47 +0800] "GET /xingrg/all/function/internal_message.html?_=1692233686597&CODE_STATE=getMsg HTTP/1.1" 200 27
116.238.191.126 - - [17/Aug/2023:08:54:59 +0800] "GET /xingrg/kc/buy/cgsh_order_operate.html?command=get_materiel&rest_code=00150&code=00101008350&supplier_code=00100008&order_time=2023-08-17 HTTP/1.1" 200 408
116.235.244.168 - - [17/Aug/2023:08:54:59 +0800] "GET /xingrg/kc/buy/cgsh_order_operate.html?command=get_materiel&rest_code=00146&code=00101008355&supplier_code=00100005&order_time=2023-08-17 HTTP/1.1" 200 408
116.232.195.127 - - [17/Aug/2023:08:55:11 +0800] "GET /xingrg/kc/buy/cgsh_order_operate.html?command=get_materiel&rest_code=00155&code=00101006056&supplier_code=00100012&order_time=2023-08-17 HTTP/1.1" 200 413
120.253.135.82 - - [17/Aug/2023:08:55:14 +0800] "GET /xingrg/all/function/internal_message.html?_=1692233531426&CODE_STATE=getMsg HTTP/1.1" 200 27
116.238.191.126 - - [17/Aug/2023:08:55:15 +0800] "GET /xingrg/kc/buy/cgsh_order_operate.html?command=get_materiel&rest_code=00150&code=00101008049&supplier_code=00100008&order_time=2023-08-17 HTTP/1.1" 200 408
101.83.145.37 - - [17/Aug/2023:08:55:16 +0800] "GET /xingrg/all/function/internal_message.html?_=1692233717451&CODE_STATE=getMsg HTTP/1.1" 200 27
101.83.145.37 - - [17/Aug/2023:08:55:16 +0800] "GET /xingrg/check_reg.html?_=1692233717449 HTTP/1.1" 200 22
116.235.244.168 - - [17/Aug/2023:08:55:17 +0800] "GET /xingrg/all/function/internal_message.html?_=1692233728739&CODE_STATE=getMsg HTTP/1.1" 200 27
116.238.191.126 - - [17/Aug/2023:08:55:17 +0800] "GET /xingrg/all/function/internal_message.html?_=1692233715616&CODE_STATE=getMsg HTTP/1.1" 200 27
116.232.195.127 - - [17/Aug/2023:08:55:24 +0800] "GET /xingrg/kc/buy/cgsh_order_operate.html?command=get_materiel&rest_code=00155&code=00101006109&supplier_code=00100012&order_time=2023-08-17 HTTP/1.1" 200 410
116.235.244.168 - - [17/Aug/2023:08:55:24 +0800] "GET /xingrg/kc/buy/cgsh_order_operate.html?command=get_materiel&rest_code=00146&code=00101008137&supplier_code=00100005&order_time=2023-08-17 HTTP/1.1" 200 408
101.83.145.37 - - [17/Aug/2023:08:55:32 +0800] "GET /xingrg/all/function/internal_message.html?_=1692233532891&CODE_STATE=getMsg HTTP/1.1" 200 27
222.70.180.200 - - [17/Aug/2023:08:55:33 +0800] "GET /xingrg/check_reg.html?_=1692233788264 HTTP/1.1" 200 22
222.70.180.200 - - [17/Aug/2023:08:55:33 +0800] "GET /xingrg/all/function/internal_message.html?_=1692233788268&CODE_STATE=getMsg HTTP/1.1" 200 27
116.238.191.126 - - [17/Aug/2023:08:55:35 +0800] "GET /xingrg/kc/buy/cgsh_order_operate.html?command=get_materiel&rest_code=00150&code=00101008244&supplier_code=00100008&order_time=2023-08-17 HTTP/1.1" 200 408
101.83.145.37 - - [17/Aug/2023:08:55:36 +0800] "GET /xingrg/kc/buy/cgsh_order_operate.html?command=get_materiel&rest_code=00105&code=00101008403&supplier_code=00100203&order_time=2023-08-17 HTTP/1.1" 200 412
116.232.195.127 - - [17/Aug/2023:08:55:37 +0800] "GET /xingrg/all/function/internal_message.html?_=1692233666033&CODE_STATE=getMsg HTTP/1.1" 200 27
172.20.0.100 - - [17/Aug/2023:08:55:37 +0800] "GET /xingrg/all/function/internal_message.html?_=1692233737064&CODE_STATE=getMsg HTTP/1.1" 200 27
180.152.241.196 - - [17/Aug/2023:08:55:40 +0800] "GET /xingrg/check_reg.html?_=1692233740289 HTTP/1.1" 302 -
116.235.244.168 - - [17/Aug/2023:08:55:41 +0800] "GET /xingrg/kc/buy/cgsh_order_operate.html?command=get_materiel&rest_code=00146&code=00101008261&supplier_code=00100005&order_time=2023-08-17 HTTP/1.1" 200 408
116.238.191.126 - - [17/Aug/2023:08:55:45 +0800] "GET /xingrg/kc/buy/cgsh_order_operate.html?command=get_materiel&rest_code=00150&code=00101008149&supplier_code=00100008&order_time=2023-08-17 HTTP/1.1" 200 408
221.239.167.251 - - [17/Aug/2023:08:55:47 +0800] "GET /xingrg/all/function/internal_message.html?_=1692233746602&CODE_STATE=getMsg HTTP/1.1" 200 27
101.83.145.37 - - [17/Aug/2023:08:55:47 +0800] "GET /xingrg/kc/buy/cgsh_order_operate.html?command=get_materiel&rest_code=00105&code=00101008350&supplier_code=00100203&order_time=2023-08-17 HTTP/1.1" 200 408
116.232.195.127 - - [17/Aug/2023:08:55:48 +0800] "GET /xingrg/kc/buy/cgsh_order_operate.html?command=get_materiel&rest_code=00155&code=00101006293&supplier_code=00100012&order_time=2023-08-17 HTTP/1.1" 200 430
116.235.244.168 - - [17/Aug/2023:08:55:55 +0800] "GET /xingrg/kc/buy/cgsh_order_operate.html?command=get_materiel&rest_code=00146&code=00101008072&supplier_code=00100005&order_time=2023-08-17 HTTP/1.1" 200 408
116.238.191.126 - - [17/Aug/2023:08:55:55 +0800] "GET /xingrg/kc/buy/cgsh_order_operate.html?command=get_materiel&rest_code=00150&code=00101008185&supplier_code=00100008&order_time=2023-08-17 HTTP/1.1" 200 408
116.238.191.126 - - [17/Aug/2023:08:56:08 +0800] "GET /xingrg/kc/buy/cgsh_order_operate.html?command=get_materiel&rest_code=00150&code=00101008612&supplier_code=00100008&order_time=2023-08-17 HTTP/1.1" 200 420
116.232.195.127 - - [17/Aug/2023:08:56:09 +0800] "GET /xingrg/kc/buy/cgsh_order_operate.html?command=get_materiel&rest_code=00155&code=00101006111&supplier_code=00100012&order_time=2023-08-17 HTTP/1.1" 200 409
116.235.244.168 - - [17/Aug/2023:08:56:14 +0800] "GET /xingrg/kc/buy/cgsh_order_operate.html?command=get_materiel&rest_code=00146&code=00101008210&supplier_code=00100005&order_time=2023-08-17 HTTP/1.1" 200 408
120.253.135.82 - - [17/Aug/2023:08:56:14 +0800] "GET /xingrg/all/function/internal_message.html?_=1692233591803&CODE_STATE=getMsg HTTP/1.1" 200 27
101.83.145.37 - - [17/Aug/2023:08:56:16 +0800] "GET /xingrg/all/function/internal_message.html?_=1692233777446&CODE_STATE=getMsg HTTP/1.1" 200 27
116.235.244.168 - - [17/Aug/2023:08:56:17 +0800] "GET /xingrg/all/function/internal_message.html?_=1692233788753&CODE_STATE=getMsg HTTP/1.1" 200 27
116.238.191.126 - - [17/Aug/2023:08:56:17 +0800] "GET /xingrg/check_reg.html?_=1692233775606 HTTP/1.1" 200 22
116.238.191.126 - - [17/Aug/2023:08:56:17 +0800] "GET /xingrg/all/function/internal_message.html?_=1692233775611&CODE_STATE=getMsg HTTP/1.1" 200 27
116.238.191.126 - - [17/Aug/2023:08:56:22 +0800] "GET /xingrg/kc/buy/cgsh_order_operate.html?command=get_materiel&rest_code=00150&code=00101008308&supplier_code=00100008&order_time=2023-08-17 HTTP/1.1" 200 420
116.232.195.127 - - [17/Aug/2023:08:56:28 +0800] "GET /xingrg/kc/buy/cgsh_order_operate.html?command=get_materiel&rest_code=00155&code=00101016030&supplier_code=00100012&order_time=2023-08-17 HTTP/1.1" 200 412
116.238.191.126 - - [17/Aug/2023:08:56:32 +0800] "GET /xingrg/kc/buy/cgsh_order_operate.html?command=get_materiel&rest_code=00150&code=00101023033&supplier_code=00100008&order_time=2023-08-17 HTTP/1.1" 200 409
101.83.145.37 - - [17/Aug/2023:08:56:32 +0800] "GET /xingrg/all/function/internal_message.html?_=1692233592889&CODE_STATE=getMsg HTTP/1.1" 200 27
222.70.180.200 - - [17/Aug/2023:08:56:33 +0800] "GET /xingrg/all/function/internal_message.html?_=1692233848257&CODE_STATE=getMsg HTTP/1.1" 200 27
116.232.195.127 - - [17/Aug/2023:08:56:37 +0800] "GET /xingrg/all/function/internal_message.html?_=1692233726029&CODE_STATE=getMsg HTTP/1.1" 200 27
172.20.0.100 - - [17/Aug/2023:08:56:37 +0800] "GET /xingrg/all/function/internal_message.html?_=1692233797068&CODE_STATE=getMsg HTTP/1.1" 200 27
116.232.195.127 - - [17/Aug/2023:08:56:41 +0800] "GET /xingrg/kc/buy/cgsh_order_operate.html?command=get_materiel&rest_code=00155&code=00101006055&supplier_code=00100012&order_time=2023-08-17 HTTP/1.1" 200 409
116.238.191.126 - - [17/Aug/2023:08:56:42 +0800] "GET /xingrg/kc/buy/cgsh_order_operate.html?command=get_materiel&rest_code=00150&code=00101008221&supplier_code=00100008&order_time=2023-08-17 HTTP/1.1" 200 412
221.239.167.251 - - [17/Aug/2023:08:56:47 +0800] "GET /xingrg/all/function/internal_message.html?_=1692233806601&CODE_STATE=getMsg HTTP/1.1" 200 27
221.239.167.251 - - [17/Aug/2023:08:56:47 +0800] "GET /xingrg/check_reg.html?_=1692233806603 HTTP/1.1" 200 22
116.235.244.168 - - [17/Aug/2023:08:56:47 +0800] "GET /xingrg/kc/buy/cgsh_order_operate.html?command=get_materiel&rest_code=00146&code=00101008244&supplier_code=00100005&order_time=2023-08-17 HTTP/1.1" 200 408
120.253.135.82 - - [17/Aug/2023:08:56:48 +0800] "GET /xingrg/check_reg.html?_=1692233625311 HTTP/1.1" 200 22
116.238.191.126 - - [17/Aug/2023:08:56:54 +0800] "GET /xingrg/kc/buy/cgsh_order_operate.html?command=get_materiel&rest_code=00150&code=00101020131&supplier_code=00100008&order_time=2023-08-17 HTTP/1.1" 200 417
116.232.195.127 - - [17/Aug/2023:08:56:58 +0800] "GET /xingrg/kc/buy/cgsh_order_operate.html?command=get_materiel&rest_code=00155&code=00101011007&supplier_code=00100012&order_time=2023-08-17 HTTP/1.1" 200 414
116.235.244.168 - - [17/Aug/2023:08:57:05 +0800] "GET /xingrg/kc/buy/cgsh_order_operate.html?command=get_materiel&rest_code=00146&code=00101008354&supplier_code=00100005&order_time=2023-08-17 HTTP/1.1" 200 412
120.253.135.82 - - [17/Aug/2023:08:57:14 +0800] "GET /xingrg/all/function/internal_message.html?_=1692233651812&CODE_STATE=getMsg HTTP/1.1" 200 27
116.238.191.126 - - [17/Aug/2023:08:57:15 +0800] "GET /xingrg/kc/buy/cgsh_order_operate.html?command=get_materiel&rest_code=00150&code=00101008163&supplier_code=00100008&order_time=2023-08-17 HTTP/1.1" 200 408
101.83.145.37 - - [17/Aug/2023:08:57:15 +0800] "GET /xingrg/kc/buy/cgsh_order_operate.html?command=get_materiel&rest_code=00105&code=00101008223&supplier_code=00100203&order_time=2023-08-17 HTTP/1.1" 200 412
101.83.145.37 - - [17/Aug/2023:08:57:16 +0800] "GET /xingrg/all/function/internal_message.html?_=1692233837446&CODE_STATE=getMsg HTTP/1.1" 200 27
116.235.244.168 - - [17/Aug/2023:08:57:17 +0800] "GET /xingrg/all/function/internal_message.html?_=1692233848766&CODE_STATE=getMsg HTTP/1.1" 200 27
116.238.191.126 - - [17/Aug/2023:08:57:17 +0800] "GET /xingrg/all/function/internal_message.html?_=1692233835611&CODE_STATE=getMsg HTTP/1.1" 200 27
116.235.244.168 - - [17/Aug/2023:08:57:18 +0800] "GET /xingrg/kc/buy/cgsh_order_operate.html?command=get_materiel&rest_code=00146&code=00101008028&supplier_code=00100005&order_time=2023-08-17 HTTP/1.1" 200 412
222.70.180.200 - - [17/Aug/2023:08:57:19 +0800] "GET /xingrg/login.html HTTP/1.1" 200 7641
222.70.180.200 - - [17/Aug/2023:08:57:19 +0800] "GET /xingrg/login.html HTTP/1.1" 200 7641
222.70.180.200 - - [17/Aug/2023:08:57:19 +0800] "GET /favicon.ico HTTP/1.1" 404 -
222.70.180.200 - - [17/Aug/2023:08:57:20 +0800] "GET /favicon.ico HTTP/1.1" 404 -
101.83.145.37 - - [17/Aug/2023:08:57:22 +0800] "GET /xingrg/kc/buy/cgsh_order_operate.html?command=get_materiel&rest_code=00105&code=00101008229&supplier_code=00100203&order_time=2023-08-17 HTTP/1.1" 200 420
116.232.195.127 - - [17/Aug/2023:08:57:28 +0800] "GET /xingrg/kc/buy/cgsh_order_operate.html?command=get_materiel&rest_code=00155&code=00101011010&supplier_code=00100012&order_time=2023-08-17 HTTP/1.1" 200 418
101.83.145.37 - - [17/Aug/2023:08:57:30 +0800] "GET /xingrg/kc/buy/cgsh_order_operate.html?command=get_materiel&rest_code=00105&code=00101008405&supplier_code=00100203&order_time=2023-08-17 HTTP/1.1" 200 413
101.83.145.37 - - [17/Aug/2023:08:57:32 +0800] "GET /xingrg/all/function/internal_message.html?_=1692233652890&CODE_STATE=getMsg HTTP/1.1" 200 27
222.70.180.200 - - [17/Aug/2023:08:57:33 +0800] "GET /xingrg/all/function/internal_message.html?_=1692233908257&CODE_STATE=getMsg HTTP/1.1" 200 27
116.238.191.126 - - [17/Aug/2023:08:57:33 +0800] "GET /xingrg/kc/buy/cgsh_order_operate.html?command=get_materiel&rest_code=00150&code=00101008224&supplier_code=00100008&order_time=2023-08-17 HTTP/1.1" 200 416
116.235.244.168 - - [17/Aug/2023:08:57:36 +0800] "GET /xingrg/kc/buy/cgsh_order_operate.html?command=get_materiel&rest_code=00146&code=00101008351&supplier_code=00100005&order_time=2023-08-17 HTTP/1.1" 200 408
116.232.195.127 - - [17/Aug/2023:08:57:37 +0800] "GET /xingrg/all/function/internal_message.html?_=1692233786029&CODE_STATE=getMsg HTTP/1.1" 200 27
172.20.0.100 - - [17/Aug/2023:08:57:37 +0800] "GET /xingrg/all/function/internal_message.html?_=1692233857070&CODE_STATE=getMsg HTTP/1.1" 200 27
124.78.155.92 - - [17/Aug/2023:08:57:39 +0800] "GET /xingrg/check_reg.html?_=1692233856255 HTTP/1.1" 200 22
124.78.155.92 - - [17/Aug/2023:08:57:39 +0800] "GET /xingrg/all/function/internal_message.html?_=1692233856253&CODE_STATE=getMsg HTTP/1.1" 200 27
116.232.195.127 - - [17/Aug/2023:08:57:39 +0800] "GET /xingrg/kc/buy/cgsh_order_operate.html?command=get_materiel&rest_code=00155&code=00101019224&supplier_code=00100012&order_time=2023-08-17 HTTP/1.1" 200 408
101.83.145.37 - - [17/Aug/2023:08:57:39 +0800] "GET /xingrg/kc/buy/cgsh_order_operate.html?command=get_materiel&rest_code=00105&code=00101008509&supplier_code=00100203&order_time=2023-08-17 HTTP/1.1" 200 409
124.78.155.92 - - [17/Aug/2023:08:57:40 +0800] "POST /xingrg/kc/buy/cgsh_order_operate.html HTTP/1.1" 200 21003
101.83.145.37 - - [17/Aug/2023:08:57:41 +0800] "POST /xingrg/kc/buy/cgsh_order_operate.html HTTP/1.1" 200 2065
101.83.145.37 - - [17/Aug/2023:08:57:42 +0800] "POST /xingrg/kc/buy/cgsh_order_operate.html HTTP/1.1" 200 2065
101.83.145.37 - - [17/Aug/2023:08:57:44 +0800] "POST /xingrg/kc/buy/cgsh_order_operate.html HTTP/1.1" 200 2065
116.238.191.126 - - [17/Aug/2023:08:57:44 +0800] "POST /xingrg/kc/buy/cgsh_order_operate.html HTTP/1.1" 200 2065
221.239.167.251 - - [17/Aug/2023:08:57:47 +0800] "GET /xingrg/all/function/internal_message.html?_=1692233866602&CODE_STATE=getMsg HTTP/1.1" 200 27
116.235.244.168 - - [17/Aug/2023:08:57:50 +0800] "POST /xingrg/kc/buy/cgsh_order_operate.html HTTP/1.1" 200 37
116.232.195.127 - - [17/Aug/2023:08:57:58 +0800] "POST /xingrg/kc/buy/cgsh_order_operate.html HTTP/1.1" 200 37
101.83.145.37 - - [17/Aug/2023:08:57:58 +0800] "GET /xingrg/kc/buy/cgsh_order_operate.html?command=get_materiel&rest_code=00105&code=00101008123&supplier_code=00100203&order_time=2023-08-17 HTTP/1.1" 200 412
116.235.244.168 - - [17/Aug/2023:08:57:58 +0800] "POST /xingrg/kc/buy/cgsh_order_operate.html HTTP/1.1" 200 9173
124.78.155.92 - - [17/Aug/2023:08:57:58 +0800] "POST /xingrg/kc/buy/cgsh_order_operate.html HTTP/1.1" 200 75
116.232.195.127 - - [17/Aug/2023:08:58:02 +0800] "POST /xingrg/kc/buy/cgsh_order_operate.html HTTP/1.1" 200 7406
101.83.145.37 - - [17/Aug/2023:08:58:05 +0800] "GET /xingrg/kc/buy/cgsh_order_operate.html?command=get_materiel&rest_code=00105&code=00101008261&supplier_code=00100203&order_time=2023-08-17 HTTP/1.1" 200 408
116.235.244.168 - - [17/Aug/2023:08:58:11 +0800] "GET /xingrg/kc/buy/cgsh_order_operate.html?command=get_materiel&rest_code=00146&code=00101008126&supplier_code=00100005&order_time=2023-08-17 HTTP/1.1" 200 412
116.238.191.126 - - [17/Aug/2023:08:58:13 +0800] "GET /xingrg/kc/buy/cgsh_order_operate.html?command=get_materiel&rest_code=00150&code=00101008599&supplier_code=00100008&order_time=2023-08-17 HTTP/1.1" 200 406
222.70.180.200 - - [17/Aug/2023:08:58:14 +0800] "POST /xingrg/login.do HTTP/1.1" 302 -
222.70.180.200 - - [17/Aug/2023:08:58:14 +0800] "GET /xingrg/index.html?sysBaseUrl=http%3A%2F%2F180.169.147.146%3A18081%2Fxingrg%2F&costTime=892×tamp=1692233894027 HTTP/1.1" 200 17173
222.70.180.200 - - [17/Aug/2023:08:58:14 +0800] "GET /favicon.ico HTTP/1.1" 404 -
222.70.180.200 - - [17/Aug/2023:08:58:14 +0800] "GET /xingrg/check_reg.html?_=1692233894542 HTTP/1.1" 200 22
222.70.180.200 - - [17/Aug/2023:08:58:14 +0800] "GET /xingrg/all/function/internal_message.html?_=1692233894539&CODE_STATE=count HTTP/1.1" 200 11
222.70.180.200 - - [17/Aug/2023:08:58:14 +0800] "POST /xingrg/all/common/load_tree.html?tree=area_rest_tree_json&manage=1 HTTP/1.1" 200 342
222.70.180.200 - - [17/Aug/2023:08:58:14 +0800] "POST /xingrg/load_menu.html HTTP/1.1" 200 5138
120.253.135.82 - - [17/Aug/2023:08:58:14 +0800] "GET /xingrg/all/function/internal_message.html?_=1692233711826&CODE_STATE=getMsg HTTP/1.1" 200 27
101.83.145.37 - - [17/Aug/2023:08:58:16 +0800] "GET /xingrg/all/function/internal_message.html?_=1692233897573&CODE_STATE=getMsg HTTP/1.1" 200 27
116.235.244.168 - - [17/Aug/2023:08:58:17 +0800] "GET /xingrg/check_reg.html?_=1692233908719 HTTP/1.1" 200 22
116.235.244.168 - - [17/Aug/2023:08:58:17 +0800] "GET /xingrg/all/function/internal_message.html?_=1692233908779&CODE_STATE=getMsg HTTP/1.1" 200 27
116.238.191.126 - - [17/Aug/2023:08:58:17 +0800] "GET /xingrg/all/function/internal_message.html?_=1692233895613&CODE_STATE=getMsg HTTP/1.1" 200 27
222.70.180.200 - - [17/Aug/2023:08:58:29 +0800] "GET /xingrg/kc/buy/cgsh_order_list.html HTTP/1.1" 200 56077
222.70.180.200 - - [17/Aug/2023:08:58:32 +0800] "POST /xingrg/kc/buy/cgsh_list_operate.html HTTP/1.1" 200 986
101.83.145.37 - - [17/Aug/2023:08:58:32 +0800] "GET /xingrg/all/function/internal_message.html?_=1692233712892&CODE_STATE=getMsg HTTP/1.1" 200 27
222.70.180.200 - - [17/Aug/2023:08:58:32 +0800] "GET /xingrg/all/function/internal_message.html?_=1692233968247&CODE_STATE=getMsg HTTP/1.1" 200 27
101.83.145.37 - - [17/Aug/2023:08:58:33 +0800] "GET /xingrg/check_reg.html?_=1692233712894 HTTP/1.1" 200 22
172.20.0.100 - - [17/Aug/2023:08:58:37 +0800] "GET /xingrg/all/function/internal_message.html?_=1692233917071&CODE_STATE=getMsg HTTP/1.1" 200 27
124.78.155.92 - - [17/Aug/2023:08:58:38 +0800] "POST /xingrg/kc/buy/cgsh_order_operate.html HTTP/1.1" 200 37
116.235.244.168 - - [17/Aug/2023:08:58:40 +0800] "GET /xingrg/kc/buy/cgsh_order_operate.html?command=get_materiel&rest_code=00146&code=00101008361&supplier_code=00100005&order_time=2023-08-17 HTTP/1.1" 200 408
222.70.180.200 - - [17/Aug/2023:08:58:40 +0800] "GET /xingrg/kc/buy/cgsh_order_add.html HTTP/1.1" 200 71809
116.232.195.127 - - [17/Aug/2023:08:58:40 +0800] "POST /xingrg/kc/buy/cgsh_order_operate.html HTTP/1.1" 200 37
101.83.145.37 - - [17/Aug/2023:08:58:40 +0800] "GET /xingrg/kc/buy/cgsh_order_operate.html?command=get_materiel&rest_code=00105&code=00101008502&supplier_code=00100203&order_time=2023-08-17 HTTP/1.1" 200 412
222.70.180.200 - - [17/Aug/2023:08:58:41 +0800] "GET /xingrg/javascript/easyui/themes/icons/template_new.png HTTP/1.1" 304 -
222.70.180.200 - - [17/Aug/2023:08:58:41 +0800] "GET /xingrg/javascript/easyui/themes/icons/ok.png HTTP/1.1" 304 -
222.70.180.200 - - [17/Aug/2023:08:58:41 +0800] "GET /xingrg/javascript/easyui/themes/default/validatebox.css HTTP/1.1" 404 1104
222.70.180.200 - - [17/Aug/2023:08:58:41 +0800] "POST /xingrg/kc/buy/cgsh_order_operate.html HTTP/1.1" 200 8245
222.70.180.200 - - [17/Aug/2023:08:58:41 +0800] "GET /xingrg/all/common/auto_word.html?type=employee&rest_code=00111 HTTP/1.1" 200 201
222.70.180.200 - - [17/Aug/2023:08:58:41 +0800] "GET /xingrg/all/common/auto_word.html?type=employee&rest_code=00111 HTTP/1.1" 200 201
116.232.195.127 - - [17/Aug/2023:08:58:42 +0800] "POST /xingrg/kc/buy/cgsh_order_operate.html HTTP/1.1" 200 7406
116.232.195.127 - - [17/Aug/2023:08:58:45 +0800] "GET /xingrg/kc/print/load_data.html?order_code=212023081706748&kc_code=cgsh&condition= HTTP/1.1" 200 2581
124.78.155.92 - - [17/Aug/2023:08:58:46 +0800] "GET /xingrg/all/function/internal_message.html?_=1692233923433&CODE_STATE=getMsg HTTP/1.1" 200 27
222.70.180.200 - - [17/Aug/2023:08:58:47 +0800] "GET /xingrg/javascript/auto/indicator.gif HTTP/1.1" 404 1066
221.239.167.251 - - [17/Aug/2023:08:58:47 +0800] "GET /xingrg/all/function/internal_message.html?_=1692233926600&CODE_STATE=getMsg HTTP/1.1" 200 27
124.78.155.92 - - [17/Aug/2023:08:58:48 +0800] "POST /xingrg/kc/buy/cgsh_order_operate.html HTTP/1.1" 200 21003
116.238.191.126 - - [17/Aug/2023:08:58:49 +0800] "GET /xingrg/kc/buy/cgsh_order_operate.html?command=get_materiel&rest_code=00150&code=00101008370&supplier_code=00100008&order_time=2023-08-17 HTTP/1.1" 200 412
116.232.195.127 - - [17/Aug/2023:08:58:53 +0800] "GET /xingrg/kc/buy/cgsh_order_add.html HTTP/1.1" 200 71906
116.232.195.127 - - [17/Aug/2023:08:58:53 +0800] "POST /xingrg/kc/buy/cgsh_order_operate.html HTTP/1.1" 200 8245
116.232.195.127 - - [17/Aug/2023:08:58:53 +0800] "GET /xingrg/javascript/easyui/themes/default/validatebox.css HTTP/1.1" 404 1104
101.83.145.37 - - [17/Aug/2023:08:58:55 +0800] "GET /xingrg/kc/buy/cgsh_order_operate.html?command=get_materiel&rest_code=00105&code=00101008224&supplier_code=00100203&order_time=2023-08-17 HTTP/1.1" 200 416
116.235.244.168 - - [17/Aug/2023:08:58:55 +0800] "GET /xingrg/kc/buy/cgsh_order_operate.html?command=get_materiel&rest_code=00146&code=00101008264&supplier_code=00100005&order_time=2023-08-17 HTTP/1.1" 200 412
116.238.191.126 - - [17/Aug/2023:08:58:58 +0800] "GET /xingrg/kc/buy/cgsh_order_operate.html?command=get_materiel&rest_code=00150&code=00101008558&supplier_code=00100008&order_time=2023-08-17 HTTP/1.1" 200 409
222.70.180.200 - - [17/Aug/2023:08:59:00 +0800] "GET /xingrg/javascript/jquery_tools/images/prev.gif HTTP/1.1" 404 1086
222.70.180.200 - - [17/Aug/2023:08:59:00 +0800] "GET /xingrg/javascript/jquery_tools/images/next.gif HTTP/1.1" 404 1086
101.83.145.37 - - [17/Aug/2023:08:59:05 +0800] "GET /xingrg/kc/buy/cgsh_order_operate.html?command=get_materiel&rest_code=00105&code=00101008246&supplier_code=00100203&order_time=2023-08-17 HTTP/1.1" 200 408
116.238.191.126 - - [17/Aug/2023:08:59:08 +0800] "GET /xingrg/kc/buy/cgsh_order_operate.html?command=get_materiel&rest_code=00150&code=00101008361&supplier_code=00100008&order_time=2023-08-17 HTTP/1.1" 200 408
124.78.155.92 - - [17/Aug/2023:08:59:10 +0800] "GET /xingrg/kc/buy/cgsh_order_operate.html?command=get_materiel&rest_code=00106&code=00101008080&supplier_code=00100007&order_time=2023-08-17 HTTP/1.1" 200 416
222.70.180.200 - - [17/Aug/2023:08:59:14 +0800] "GET /xingrg/all/function/internal_message.html?_=1692233954554&CODE_STATE=getMsg HTTP/1.1" 200 27
120.253.135.82 - - [17/Aug/2023:08:59:15 +0800] "GET /xingrg/all/function/internal_message.html?_=1692233772251&CODE_STATE=getMsg HTTP/1.1" 200 27
116.232.195.127 - - [17/Aug/2023:08:59:16 +0800] "GET /xingrg/kc/buy/cgsh_order_operate.html?command=get_materiel&rest_code=00155&code=00101002027&supplier_code=00100199&order_time=2023-08-17 HTTP/1.1" 200 413
101.83.145.37 - - [17/Aug/2023:08:59:16 +0800] "GET /xingrg/all/function/internal_message.html?_=1692233957468&CODE_STATE=getMsg HTTP/1.1" 200 27
116.235.244.168 - - [17/Aug/2023:08:59:16 +0800] "GET /xingrg/kc/buy/cgsh_order_operate.html?command=get_materiel&rest_code=00146&code=00101008357&supplier_code=00100005&order_time=2023-08-17 HTTP/1.1" 200 408
116.235.244.168 - - [17/Aug/2023:08:59:17 +0800] "GET /xingrg/all/function/internal_message.html?_=1692233968793&CODE_STATE=getMsg HTTP/1.1" 200 27
116.238.191.126 - - [17/Aug/2023:08:59:17 +0800] "GET /xingrg/all/function/internal_message.html?_=1692233955617&CODE_STATE=getMsg HTTP/1.1" 200 27
116.238.191.126 - - [17/Aug/2023:08:59:20 +0800] "GET /xingrg/kc/buy/cgsh_order_operate.html?command=get_materiel&rest_code=00150&code=00101008355&supplier_code=00100008&order_time=2023-08-17 HTTP/1.1" 200 408
101.83.145.37 - - [17/Aug/2023:08:59:20 +0800] "GET /xingrg/kc/buy/cgsh_order_operate.html?command=get_materiel&rest_code=00105&code=00101008372&supplier_code=00100203&order_time=2023-08-17 HTTP/1.1" 200 408
101.83.145.37 - - [17/Aug/2023:08:59:22 +0800] "POST /xingrg/services/DataTransmitService HTTP/1.1" 200 524
116.238.191.126 - - [17/Aug/2023:08:59:23 +0800] "POST /xingrg/kc/buy/cgsh_order_operate.html HTTP/1.1" 200 2065
124.78.155.92 - - [17/Aug/2023:08:59:25 +0800] "GET /xingrg/kc/buy/cgsh_order_operate.html?command=get_materiel&rest_code=00106&code=00101008244&supplier_code=00100007&order_time=2023-08-17 HTTP/1.1" 200 408
116.232.195.127 - - [17/Aug/2023:08:59:31 +0800] "GET /xingrg/kc/buy/cgsh_order_operate.html?command=get_materiel&rest_code=00155&code=00101002016&supplier_code=00100199&order_time=2023-08-17 HTTP/1.1" 200 413
116.238.191.126 - - [17/Aug/2023:08:59:31 +0800] "GET /xingrg/kc/buy/cgsh_order_operate.html?command=get_materiel&rest_code=00150&code=00101008004&supplier_code=00100008&order_time=2023-08-17 HTTP/1.1" 200 416
101.83.145.37 - - [17/Aug/2023:08:59:32 +0800] "GET /xingrg/all/function/internal_message.html?_=1692233772894&CODE_STATE=getMsg HTTP/1.1" 200 27
222.70.180.200 - - [17/Aug/2023:08:59:33 +0800] "GET /xingrg/all/function/internal_message.html?_=1692234028260&CODE_STATE=getMsg HTTP/1.1" 200 27
124.78.155.92 - - [17/Aug/2023:08:59:36 +0800] "GET /xingrg/kc/buy/cgsh_order_operate.html?command=get_materiel&rest_code=00106&code=00101008112&supplier_code=00100007&order_time=2023-08-17 HTTP/1.1" 200 412
116.232.195.127 - - [17/Aug/2023:08:59:37 +0800] "GET /xingrg/all/function/internal_message.html?_=1692233906043&CODE_STATE=getMsg HTTP/1.1" 200 27
172.20.0.100 - - [17/Aug/2023:08:59:37 +0800] "GET /xingrg/check_reg.html?_=1692233977072 HTTP/1.1" 200 22
172.20.0.100 - - [17/Aug/2023:08:59:37 +0800] "GET /xingrg/all/function/internal_message.html?_=1692233977074&CODE_STATE=getMsg HTTP/1.1" 200 27
116.235.244.168 - - [17/Aug/2023:08:59:39 +0800] "POST /xingrg/kc/buy/cgsh_order_operate.html HTTP/1.1" 200 2065
116.238.191.126 - - [17/Aug/2023:08:59:41 +0800] "GET /xingrg/kc/buy/cgsh_order_operate.html?command=get_materiel&rest_code=00150&code=00101008264&supplier_code=00100008&order_time=2023-08-17 HTTP/1.1" 200 412
101.93.223.91 - - [17/Aug/2023:08:59:44 +0800] "POST /xingrg/services/DataTransmitService HTTP/1.1" 200 524
101.83.145.37 - - [17/Aug/2023:08:59:45 +0800] "GET /xingrg/kc/buy/cgsh_order_operate.html?command=get_materiel&rest_code=00105&code=00101008357&supplier_code=00100203&order_time=2023-08-17 HTTP/1.1" 200 408
180.163.30.76 - - [17/Aug/2023:08:59:46 +0800] "GET /xingrg/all/function/internal_message.html?_=1692233923433&CODE_STATE=getMsg HTTP/1.1" 302 -
116.232.195.127 - - [17/Aug/2023:08:59:46 +0800] "GET /xingrg/kc/buy/cgsh_order_operate.html?command=get_materiel&rest_code=00155&code=00101004010&supplier_code=00100199&order_time=2023-08-17 HTTP/1.1" 200 409
180.163.30.76 - - [17/Aug/2023:08:59:46 +0800] "GET /xingrg/login.html HTTP/1.1" 200 7641
124.78.155.92 - - [17/Aug/2023:08:59:46 +0800] "GET /xingrg/all/function/internal_message.html?_=1692233983442&CODE_STATE=getMsg HTTP/1.1" 200 27
124.78.155.92 - - [17/Aug/2023:08:59:46 +0800] "GET /xingrg/kc/buy/cgsh_order_operate.html?command=get_materiel&rest_code=00106&code=00101008185&supplier_code=00100007&order_time=2023-08-17 HTTP/1.1" 200 408
221.239.167.251 - - [17/Aug/2023:08:59:47 +0800] "GET /xingrg/all/function/internal_message.html?_=1692233986608&CODE_STATE=getMsg HTTP/1.1" 200 27
116.235.244.168 - - [17/Aug/2023:08:59:48 +0800] "GET /xingrg/kc/buy/cgsh_order_operate.html?command=get_materiel&rest_code=00146&code=00101008295&supplier_code=00100005&order_time=2023-08-17 HTTP/1.1" 200 412
124.78.155.92 - - [17/Aug/2023:08:59:50 +0800] "POST /xingrg/kc/buy/cgsh_order_operate.html HTTP/1.1" 200 2065
116.238.191.126 - - [17/Aug/2023:08:59:53 +0800] "GET /xingrg/kc/buy/cgsh_order_operate.html?command=get_materiel&rest_code=00150&code=00101008321&supplier_code=00100008&order_time=2023-08-17 HTTP/1.1" 200 412
124.78.155.92 - - [17/Aug/2023:08:59:55 +0800] "GET /xingrg/kc/buy/cgsh_order_operate.html?command=get_materiel&rest_code=00106&code=00101008224&supplier_code=00100007&order_time=2023-08-17 HTTP/1.1" 200 416
116.232.195.127 - - [17/Aug/2023:08:59:58 +0800] "GET /xingrg/kc/buy/cgsh_order_operate.html?command=get_materiel&rest_code=00155&code=00101001191&supplier_code=00100199&order_time=2023-08-17 HTTP/1.1" 200 412
116.238.191.126 - - [17/Aug/2023:09:00:03 +0800] "GET /xingrg/kc/buy/cgsh_order_operate.html?command=get_materiel&rest_code=00150&code=00101008301&supplier_code=00100008&order_time=2023-08-17 HTTP/1.1" 200 422
180.163.29.79 - - [17/Aug/2023:09:00:05 +0800] "GET /xingrg/kc/buy/cgsh_order_operate.html?command=get_materiel&rest_code=00106&code=00101008080&supplier_code=00100007&order_time=2023-08-17 HTTP/1.1" 302 -
180.163.29.79 - - [17/Aug/2023:09:00:05 +0800] "GET /xingrg/login.html HTTP/1.1" 200 7641
124.78.155.92 - - [17/Aug/2023:09:00:09 +0800] "GET /xingrg/kc/buy/cgsh_order_operate.html?command=get_materiel&rest_code=00106&code=00101008131&supplier_code=00100007&order_time=2023-08-17 HTTP/1.1" 200 409
222.70.180.200 - - [17/Aug/2023:09:00:14 +0800] "GET /xingrg/all/function/internal_message.html?_=1692234014550&CODE_STATE=getMsg HTTP/1.1" 200 27
116.238.191.126 - - [17/Aug/2023:09:00:14 +0800] "GET /xingrg/kc/buy/cgsh_order_operate.html?command=get_materiel&rest_code=00150&code=00101008101&supplier_code=00100008&order_time=2023-08-17 HTTP/1.1" 200 412
120.253.135.82 - - [17/Aug/2023:09:00:15 +0800] "GET /xingrg/all/function/internal_message.html?_=1692233832259&CODE_STATE=getMsg HTTP/1.1" 200 27
101.83.145.37 - - [17/Aug/2023:09:00:16 +0800] "GET /xingrg/all/function/internal_message.html?_=1692234017608&CODE_STATE=getMsg HTTP/1.1" 200 27
101.83.145.37 - - [17/Aug/2023:09:00:16 +0800] "GET /xingrg/check_reg.html?_=1692234017609 HTTP/1.1" 200 22
116.238.191.126 - - [17/Aug/2023:09:00:16 +0800] "POST /xingrg/kc/buy/cgsh_order_operate.html HTTP/1.1" 200 2065
116.235.244.168 - - [17/Aug/2023:09:00:17 +0800] "GET /xingrg/all/function/internal_message.html?_=1692234028807&CODE_STATE=getMsg HTTP/1.1" 200 27
116.238.191.126 - - [17/Aug/2023:09:00:17 +0800] "GET /xingrg/all/function/internal_message.html?_=1692234015611&CODE_STATE=getMsg HTTP/1.1" 200 27
101.83.145.37 - - [17/Aug/2023:09:00:26 +0800] "POST /xingrg/kc/buy/cgsh_order_operate.html HTTP/1.1" 200 37
101.83.145.37 - - [17/Aug/2023:09:00:32 +0800] "GET /xingrg/all/function/internal_message.html?_=1692233832895&CODE_STATE=getMsg HTTP/1.1" 200 27
222.70.180.200 - - [17/Aug/2023:09:00:33 +0800] "GET /xingrg/all/function/internal_message.html?_=1692234088259&CODE_STATE=getMsg HTTP/1.1" 200 27
222.70.180.200 - - [17/Aug/2023:09:00:33 +0800] "GET /xingrg/check_reg.html?_=1692234088263 HTTP/1.1" 200 22
116.232.195.127 - - [17/Aug/2023:09:00:35 +0800] "POST /xingrg/kc/buy/cgsh_order_operate.html HTTP/1.1" 200 37
116.238.191.126 - - [17/Aug/2023:09:00:35 +0800] "GET /xingrg/kc/buy/cgsh_order_operate.html?command=get_materiel&rest_code=00150&code=00101008137&supplier_code=00100008&order_time=2023-08-17 HTTP/1.1" 200 408
116.235.244.168 - - [17/Aug/2023:09:00:35 +0800] "GET /xingrg/kc/buy/cgsh_order_operate.html?command=get_materiel&rest_code=00146&code=00101008098&supplier_code=00100005&order_time=2023-08-17 HTTP/1.1" 200 412
101.83.145.37 - - [17/Aug/2023:09:00:35 +0800] "POST /xingrg/kc/buy/cgsh_order_operate.html HTTP/1.1" 200 37570
172.20.0.100 - - [17/Aug/2023:09:00:37 +0800] "GET /xingrg/all/function/internal_message.html?_=1692234037075&CODE_STATE=getMsg HTTP/1.1" 200 27
124.78.155.92 - - [17/Aug/2023:09:00:38 +0800] "GET /xingrg/kc/buy/cgsh_order_operate.html?command=get_materiel&rest_code=00106&code=00101008169&supplier_code=00100007&order_time=2023-08-17 HTTP/1.1" 200 412
116.232.195.127 - - [17/Aug/2023:09:00:38 +0800] "POST /xingrg/kc/buy/cgsh_order_operate.html HTTP/1.1" 200 5036
180.152.241.196 - - [17/Aug/2023:09:00:40 +0800] "GET /xingrg/check_reg.html?_=1692234040273 HTTP/1.1" 302 -
116.232.195.127 - - [17/Aug/2023:09:00:41 +0800] "GET /xingrg/kc/print/load_data.html?order_code=212023081706750&kc_code=cgsh&condition= HTTP/1.1" 200 1582
124.78.155.92 - - [17/Aug/2023:09:00:46 +0800] "GET /xingrg/all/function/internal_message.html?_=1692234043414&CODE_STATE=getMsg HTTP/1.1" 200 27
116.232.195.127 - - [17/Aug/2023:09:00:46 +0800] "GET /xingrg/kc/buy/cgsh_order_add.html HTTP/1.1" 200 71906
116.232.195.127 - - [17/Aug/2023:09:00:47 +0800] "POST /xingrg/kc/buy/cgsh_order_operate.html HTTP/1.1" 200 8245
116.232.195.127 - - [17/Aug/2023:09:00:47 +0800] "GET /xingrg/javascript/easyui/themes/default/validatebox.css HTTP/1.1" 404 1104
221.239.167.251 - - [17/Aug/2023:09:00:47 +0800] "GET /xingrg/all/function/internal_message.html?_=1692234046606&CODE_STATE=getMsg HTTP/1.1" 200 27
180.163.29.217 - - [17/Aug/2023:09:00:52 +0800] "GET /xingrg/kc/buy/cgsh_order_operate.html?command=get_materiel&rest_code=00106&code=00101008224&supplier_code=00100007&order_time=2023-08-17 HTTP/1.1" 302 -
180.163.29.217 - - [17/Aug/2023:09:00:52 +0800] "GET /xingrg/login.html HTTP/1.1" 200 7641
124.78.155.92 - - [17/Aug/2023:09:00:54 +0800] "GET /xingrg/kc/buy/cgsh_order_operate.html?command=get_materiel&rest_code=00106&code=00101011001&supplier_code=00100007&order_time=2023-08-17 HTTP/1.1" 200 423
124.78.155.92 - - [17/Aug/2023:09:00:58 +0800] "POST /xingrg/kc/buy/cgsh_order_operate.html HTTP/1.1" 200 2065
116.238.191.126 - - [17/Aug/2023:09:01:00 +0800] "GET /xingrg/kc/buy/cgsh_order_operate.html?command=get_materiel&rest_code=00150&code=00101008077&supplier_code=00100008&order_time=2023-08-17 HTTP/1.1" 200 416
124.78.155.92 - - [17/Aug/2023:09:01:06 +0800] "GET /xingrg/kc/buy/cgsh_order_operate.html?command=get_materiel&rest_code=00106&code=00101008101&supplier_code=00100007&order_time=2023-08-17 HTTP/1.1" 200 412
116.238.191.126 - - [17/Aug/2023:09:01:10 +0800] "GET /xingrg/kc/buy/cgsh_order_operate.html?command=get_materiel&rest_code=00150&code=00101008223&supplier_code=00100008&order_time=2023-08-17 HTTP/1.1" 200 412
116.232.195.127 - - [17/Aug/2023:09:01:12 +0800] "GET /xingrg/kc/buy/cgsh_order_operate.html?command=get_materiel&rest_code=00155&code=00101008261&supplier_code=00100005&order_time=2023-08-17 HTTP/1.1" 200 408
116.235.244.168 - - [17/Aug/2023:09:01:12 +0800] "GET /xingrg/kc/buy/cgsh_order_operate.html?command=get_materiel&rest_code=00146&code=00101008213&supplier_code=00100005&order_time=2023-08-17 HTTP/1.1" 200 412
222.70.180.200 - - [17/Aug/2023:09:01:14 +0800] "GET /xingrg/all/function/internal_message.html?_=1692234074546&CODE_STATE=getMsg HTTP/1.1" 200 27
120.253.135.82 - - [17/Aug/2023:09:01:15 +0800] "GET /xingrg/all/function/internal_message.html?_=1692233892677&CODE_STATE=getMsg HTTP/1.1" 200 27
101.83.145.37 - - [17/Aug/2023:09:01:16 +0800] "GET /xingrg/all/function/internal_message.html?_=1692234077623&CODE_STATE=getMsg HTTP/1.1" 200 27
124.78.155.92 - - [17/Aug/2023:09:01:17 +0800] "POST /xingrg/kc/buy/cgsh_order_operate.html HTTP/1.1" 200 37
116.235.244.168 - - [17/Aug/2023:09:01:17 +0800] "GET /xingrg/all/function/internal_message.html?_=1692234088821&CODE_STATE=getMsg HTTP/1.1" 200 27
116.238.191.126 - - [17/Aug/2023:09:01:17 +0800] "GET /xingrg/all/function/internal_message.html?_=1692234075667&CODE_STATE=getMsg HTTP/1.1" 200 27
116.238.191.126 - - [17/Aug/2023:09:01:17 +0800] "GET /xingrg/check_reg.html?_=1692234075671 HTTP/1.1" 200 22
116.238.191.126 - - [17/Aug/2023:09:01:25 +0800] "GET /xingrg/kc/buy/cgsh_order_operate.html?command=get_materiel&rest_code=00150&code=00101008136&supplier_code=00100008&order_time=2023-08-17 HTTP/1.1" 200 413
116.232.195.127 - - [17/Aug/2023:09:01:27 +0800] "GET /xingrg/kc/buy/cgsh_order_operate.html?command=get_materiel&rest_code=00155&code=00101008210&supplier_code=00100005&order_time=2023-08-17 HTTP/1.1" 200 408
116.235.244.168 - - [17/Aug/2023:09:01:32 +0800] "GET /xingrg/kc/buy/cgsh_order_operate.html?command=get_materiel&rest_code=00146&code=00101008639&supplier_code=00100005&order_time=2023-08-17 HTTP/1.1" 200 409
101.83.145.37 - - [17/Aug/2023:09:01:33 +0800] "GET /xingrg/all/function/internal_message.html?_=1692233892896&CODE_STATE=getMsg HTTP/1.1" 200 27
222.70.180.200 - - [17/Aug/2023:09:01:33 +0800] "GET /xingrg/all/function/internal_message.html?_=1692234148260&CODE_STATE=getMsg HTTP/1.1" 200 27
116.232.195.127 - - [17/Aug/2023:09:01:37 +0800] "GET /xingrg/all/function/internal_message.html?_=1692234026046&CODE_STATE=getMsg HTTP/1.1" 200 27
172.20.0.100 - - [17/Aug/2023:09:01:37 +0800] "GET /xingrg/all/function/internal_message.html?_=1692234097060&CODE_STATE=getMsg HTTP/1.1" 200 27
116.232.195.127 - - [17/Aug/2023:09:01:39 +0800] "GET /xingrg/kc/buy/cgsh_order_operate.html?command=get_materiel&rest_code=00155&code=00101008350&supplier_code=00100005&order_time=2023-08-17 HTTP/1.1" 200 408
221.239.167.251 - - [17/Aug/2023:09:01:47 +0800] "GET /xingrg/all/function/internal_message.html?_=1692234106609&CODE_STATE=getMsg HTTP/1.1" 200 27
221.239.167.251 - - [17/Aug/2023:09:01:47 +0800] "GET /xingrg/check_reg.html?_=1692234106612 HTTP/1.1" 200 22
116.238.191.126 - - [17/Aug/2023:09:01:47 +0800] "GET /xingrg/kc/buy/cgsh_order_operate.html?command=get_materiel&rest_code=00150&code=00101008079&supplier_code=00100008&order_time=2023-08-17 HTTP/1.1" 200 416
120.253.135.82 - - [17/Aug/2023:09:01:48 +0800] "GET /xingrg/check_reg.html?_=1692233925314 HTTP/1.1" 200 22
116.238.191.126 - - [17/Aug/2023:09:01:49 +0800] "POST /xingrg/kc/buy/cgsh_order_operate.html HTTP/1.1" 200 2065
116.235.244.168 - - [17/Aug/2023:09:01:49 +0800] "POST /xingrg/kc/buy/cgsh_order_operate.html HTTP/1.1" 200 2065
180.163.28.109 - - [17/Aug/2023:09:01:51 +0800] "GET /xingrg/kc/buy/cgsh_order_operate.html?command=get_materiel&rest_code=00106&code=00101011001&supplier_code=00100007&order_time=2023-08-17 HTTP/1.1" 302 -
180.163.28.109 - - [17/Aug/2023:09:01:51 +0800] "GET /xingrg/login.html HTTP/1.1" 200 7641
222.70.180.200 - - [17/Aug/2023:09:01:51 +0800] "GET /xingrg/javascript/jquery_easy_ui/themes/icons/area.png HTTP/1.1" 304 -
222.70.180.200 - - [17/Aug/2023:09:01:51 +0800] "GET /xingrg/javascript/jquery_easy_ui/themes/icons/rest.png HTTP/1.1" 304 -
116.232.195.127 - - [17/Aug/2023:09:01:54 +0800] "GET /xingrg/kc/buy/cgsh_order_operate.html?command=get_materiel&rest_code=00155&code=00101008358&supplier_code=00100005&order_time=2023-08-17 HTTP/1.1" 200 412
222.70.180.200 - - [17/Aug/2023:09:01:55 +0800] "GET /xingrg/kc/buy/cgsh_order_list.html HTTP/1.1" 200 56077
222.70.180.200 - - [17/Aug/2023:09:01:57 +0800] "POST /xingrg/kc/buy/cgsh_list_operate.html HTTP/1.1" 200 986
124.78.155.92 - - [17/Aug/2023:09:01:58 +0800] "GET /xingrg/all/function/internal_message.html?_=1692234115238&CODE_STATE=getMsg HTTP/1.1" 200 27
124.78.155.92 - - [17/Aug/2023:09:01:58 +0800] "POST /xingrg/kc/buy/cgsh_order_operate.html HTTP/1.1" 200 26929
116.238.191.126 - - [17/Aug/2023:09:02:01 +0800] "GET /xingrg/kc/buy/cgsh_order_operate.html?command=get_materiel&rest_code=00150&code=00101008198&supplier_code=00100008&order_time=2023-08-17 HTTP/1.1" 200 413
116.235.244.168 - - [17/Aug/2023:09:02:02 +0800] "GET /xingrg/kc/buy/cgsh_order_operate.html?command=get_materiel&rest_code=00146&code=00101008036&supplier_code=00100005&order_time=2023-08-17 HTTP/1.1" 200 408
180.163.29.219 - - [17/Aug/2023:09:02:03 +0800] "GET /xingrg/kc/buy/cgsh_order_operate.html?command=get_materiel&rest_code=00106&code=00101008101&supplier_code=00100007&order_time=2023-08-17 HTTP/1.1" 302 -
180.163.29.219 - - [17/Aug/2023:09:02:03 +0800] "GET /xingrg/login.html HTTP/1.1" 200 7641
116.238.191.126 - - [17/Aug/2023:09:02:14 +0800] "GET /xingrg/kc/buy/cgsh_order_operate.html?command=get_materiel&rest_code=00150&code=00101008357&supplier_code=00100008&order_time=2023-08-17 HTTP/1.1" 200 408
222.70.180.200 - - [17/Aug/2023:09:02:14 +0800] "GET /xingrg/all/function/internal_message.html?_=1692234134549&CODE_STATE=getMsg HTTP/1.1" 200 27
116.232.195.127 - - [17/Aug/2023:09:02:14 +0800] "GET /xingrg/kc/buy/cgsh_order_operate.html?command=get_materiel&rest_code=00155&code=00101008224&supplier_code=00100005&order_time=2023-08-17 HTTP/1.1" 200 416
120.253.135.82 - - [17/Aug/2023:09:02:15 +0800] "GET /xingrg/all/function/internal_message.html?_=1692233952692&CODE_STATE=getMsg HTTP/1.1" 200 27
101.83.145.37 - - [17/Aug/2023:09:02:16 +0800] "GET /xingrg/all/function/internal_message.html?_=1692234137610&CODE_STATE=getMsg HTTP/1.1" 200 27
116.238.191.126 - - [17/Aug/2023:09:02:17 +0800] "GET /xingrg/all/function/internal_message.html?_=1692234135655&CODE_STATE=getMsg HTTP/1.1" 200 27
116.235.244.168 - - [17/Aug/2023:09:02:26 +0800] "POST /xingrg/kc/buy/cgsh_order_operate.html HTTP/1.1" 200 37
116.238.191.126 - - [17/Aug/2023:09:02:28 +0800] "GET /xingrg/kc/buy/cgsh_order_operate.html?command=get_materiel&rest_code=00150&code=00101008069&supplier_code=00100008&order_time=2023-08-17 HTTP/1.1" 200 412
116.235.244.168 - - [17/Aug/2023:09:02:29 +0800] "POST /xingrg/kc/buy/cgsh_order_operate.html HTTP/1.1" 200 15068
101.83.145.37 - - [17/Aug/2023:09:02:32 +0800] "GET /xingrg/all/function/internal_message.html?_=1692233952896&CODE_STATE=getMsg HTTP/1.1" 200 27
222.70.180.200 - - [17/Aug/2023:09:02:33 +0800] "GET /xingrg/all/function/internal_message.html?_=1692234208260&CODE_STATE=getMsg HTTP/1.1" 200 27
116.232.195.127 - - [17/Aug/2023:09:02:37 +0800] "GET /xingrg/all/function/internal_message.html?_=1692234086019&CODE_STATE=getMsg HTTP/1.1" 200 27
172.20.0.100 - - [17/Aug/2023:09:02:37 +0800] "GET /xingrg/all/function/internal_message.html?_=1692234157063&CODE_STATE=getMsg HTTP/1.1" 200 27
124.78.155.92 - - [17/Aug/2023:09:02:39 +0800] "GET /xingrg/check_reg.html?_=1692234156249 HTTP/1.1" 200 22
116.238.191.126 - - [17/Aug/2023:09:02:39 +0800] "GET /xingrg/kc/buy/cgsh_order_operate.html?command=get_materiel&rest_code=00150&code=00101008286&supplier_code=00100008&order_time=2023-08-17 HTTP/1.1" 200 408
