116.232.195.127 - - [17/Aug/2023:10:01:29 +0800] "POST /xingrg/dwr/call/plaincall/AjaxQqpsService.saveOrder.dwr HTTP/1.1" 200 78
222.70.180.200 - - [17/Aug/2023:10:01:29 +0800] "GET /xingrg/all/function/internal_message.html?_=1692237689289&CODE_STATE=getMsg HTTP/1.1" 200 27
116.232.195.127 - - [17/Aug/2023:10:01:30 +0800] "GET /xingrg/javascript/auto/indicator.gif HTTP/1.1" 404 1066
222.70.180.200 - - [17/Aug/2023:10:01:33 +0800] "GET /xingrg/all/function/internal_message.html?_=1692237748251&CODE_STATE=getMsg HTTP/1.1" 200 27
101.83.145.37 - - [17/Aug/2023:10:01:33 +0800] "GET /xingrg/all/function/internal_message.html?_=1692237492994&CODE_STATE=getMsg HTTP/1.1" 200 27
116.232.195.127 - - [17/Aug/2023:10:01:34 +0800] "POST /xingrg/dwr/call/plaincall/AjaxQqpsService.getMaterielByCode.dwr HTTP/1.1" 200 2799
116.232.195.127 - - [17/Aug/2023:10:01:36 +0800] "GET /xingrg/all/function/internal_message.html?_=1692237625520&CODE_STATE=getMsg HTTP/1.1" 200 27
101.83.240.215 - - [17/Aug/2023:10:01:37 +0800] "GET /xingrg/all/function/internal_message.html?_=1692237834334&CODE_STATE=getMsg HTTP/1.1" 200 27
116.232.195.127 - - [17/Aug/2023:10:01:42 +0800] "POST /xingrg/dwr/call/plaincall/AjaxQqpsService.saveMaterielItem.dwr HTTP/1.1" 200 78
116.232.195.127 - - [17/Aug/2023:10:01:44 +0800] "POST /xingrg/dwr/call/plaincall/AjaxQqpsService.saveOrder.dwr HTTP/1.1" 200 78
221.239.167.251 - - [17/Aug/2023:10:01:47 +0800] "GET /xingrg/all/function/internal_message.html?_=1692237706667&CODE_STATE=getMsg HTTP/1.1" 200 27
221.239.167.251 - - [17/Aug/2023:10:01:47 +0800] "GET /xingrg/check_reg.html?_=1692237706672 HTTP/1.1" 200 22
116.232.195.127 - - [17/Aug/2023:10:01:47 +0800] "GET /xingrg/kc/mdqp/qqps_order_list.html?isBack=1 HTTP/1.1" 200 10419
116.232.195.127 - - [17/Aug/2023:10:01:47 +0800] "GET /xingrg/dwr/interface/AjaxQqpsService.js HTTP/1.1" 200 16326
116.232.195.127 - - [17/Aug/2023:10:01:47 +0800] "GET /xingrg/dwr/interface/AjaxReportQueryService.js HTTP/1.1" 200 13203
116.232.195.127 - - [17/Aug/2023:10:01:47 +0800] "GET /xingrg/dwr/engine.js HTTP/1.1" 200 43631
222.69.129.133 - - [17/Aug/2023:10:01:50 +0800] "GET /xingrg/all/function/internal_message.html?_=1692237709970&CODE_STATE=getMsg HTTP/1.1" 200 27
116.238.191.126 - - [17/Aug/2023:10:01:53 +0800] "GET /xingrg/all/function/internal_message.html?_=1692237711994&CODE_STATE=getMsg HTTP/1.1" 200 27
180.169.147.146 - - [17/Aug/2023:10:01:58 +0800] "GET /xingrg/all/function/internal_message.html?_=1692237718608&CODE_STATE=getMsg HTTP/1.1" 200 27
180.163.28.109 - - [17/Aug/2023:10:02:01 +0800] "GET /xingrg/all/function/internal_message.html?_=1692237658608&CODE_STATE=getMsg HTTP/1.1" 302 -
180.163.28.109 - - [17/Aug/2023:10:02:01 +0800] "GET /xingrg/login.html HTTP/1.1" 200 7641
222.65.220.241 - - [17/Aug/2023:10:02:06 +0800] "GET /xingrg/all/function/internal_message.html?_=1692237726140&CODE_STATE=getMsg HTTP/1.1" 200 27
116.235.244.168 - - [17/Aug/2023:10:02:08 +0800] "GET /xingrg/check_reg.html?_=1692237739658 HTTP/1.1" 200 22
116.235.244.168 - - [17/Aug/2023:10:02:10 +0800] "GET /xingrg/all/function/internal_message.html?_=1692237741584&CODE_STATE=getMsg HTTP/1.1" 200 27
124.78.70.128 - - [17/Aug/2023:10:02:10 +0800] "GET /xingrg/all/function/internal_message.html?_=1692237182760&CODE_STATE=getMsg HTTP/1.1" 200 27
101.83.145.37 - - [17/Aug/2023:10:02:16 +0800] "GET /xingrg/all/function/internal_message.html?_=1692237737558&CODE_STATE=getMsg HTTP/1.1" 200 27
124.78.155.92 - - [17/Aug/2023:10:02:20 +0800] "GET /xingrg/all/function/internal_message.html?_=1692237737155&CODE_STATE=getMsg HTTP/1.1" 200 27
180.163.30.85 - - [17/Aug/2023:10:02:20 +0800] "GET /xingrg/check_reg.html?_=1692237677362 HTTP/1.1" 302 -
180.163.30.85 - - [17/Aug/2023:10:02:20 +0800] "GET /xingrg/all/function/internal_message.html?_=1692237677171&CODE_STATE=getMsg HTTP/1.1" 302 -
180.163.30.85 - - [17/Aug/2023:10:02:20 +0800] "GET /xingrg/login.html HTTP/1.1" 200 7641
180.163.30.85 - - [17/Aug/2023:10:02:20 +0800] "GET /xingrg/login.html HTTP/1.1" 200 7641
222.70.180.200 - - [17/Aug/2023:10:02:29 +0800] "GET /xingrg/all/function/internal_message.html?_=1692237749300&CODE_STATE=getMsg HTTP/1.1" 200 27
120.253.135.82 - - [17/Aug/2023:10:02:30 +0800] "GET /xingrg/login.html HTTP/1.1" 200 7641
120.253.135.82 - - [17/Aug/2023:10:02:30 +0800] "GET /xingrg/images/blue/jxLogo.png HTTP/1.1" 304 -
120.253.135.82 - - [17/Aug/2023:10:02:30 +0800] "GET /xingrg/images/blue/hj.png HTTP/1.1" 304 -
120.253.135.82 - - [17/Aug/2023:10:02:30 +0800] "GET /xingrg/images/blue/login_bg.png HTTP/1.1" 304 -
120.253.135.82 - - [17/Aug/2023:10:02:31 +0800] "GET /xingrg/images/blue/srbg.png HTTP/1.1" 304 -
120.253.135.82 - - [17/Aug/2023:10:02:31 +0800] "GET /favicon.ico HTTP/1.1" 404 -
222.70.180.200 - - [17/Aug/2023:10:02:33 +0800] "GET /xingrg/all/function/internal_message.html?_=1692237808259&CODE_STATE=getMsg HTTP/1.1" 200 27
101.83.145.37 - - [17/Aug/2023:10:02:33 +0800] "GET /xingrg/all/function/internal_message.html?_=1692237552995&CODE_STATE=getMsg HTTP/1.1" 200 27
120.253.135.82 - - [17/Aug/2023:10:02:35 +0800] "POST /xingrg/login.do HTTP/1.1" 302 -
120.253.135.82 - - [17/Aug/2023:10:02:35 +0800] "GET /xingrg/index.html?sysBaseUrl=http%3A%2F%2F180.169.147.146%3A18081%2Fxingrg%2F&costTime=886×tamp=1692237755599 HTTP/1.1" 200 17173
120.253.135.82 - - [17/Aug/2023:10:02:35 +0800] "GET /xingrg/javascript/jquery_easy_ui/themes/icon.css HTTP/1.1" 304 -
120.253.135.82 - - [17/Aug/2023:10:02:35 +0800] "GET /xingrg/javascript/jquery_easy_ui/themes/default/easyui.css HTTP/1.1" 304 -
120.253.135.82 - - [17/Aug/2023:10:02:35 +0800] "GET /xingrg/css/form.css HTTP/1.1" 304 -
120.253.135.82 - - [17/Aug/2023:10:02:35 +0800] "GET /xingrg/javascript/jquery-1.4.2.min.js HTTP/1.1" 304 -
120.253.135.82 - - [17/Aug/2023:10:02:35 +0800] "GET /xingrg/javascript/jquery_easy_ui/jquery.easyui.min.js HTTP/1.1" 304 -
120.253.135.82 - - [17/Aug/2023:10:02:35 +0800] "GET /xingrg/javascript/jquery_easy_ui/easyui-lang-zh_CN.js HTTP/1.1" 304 -
120.253.135.82 - - [17/Aug/2023:10:02:35 +0800] "GET /xingrg/javascript/jquery.form.js HTTP/1.1" 304 -
120.253.135.82 - - [17/Aug/2023:10:02:35 +0800] "GET /xingrg/javascript/jquery.utils.js HTTP/1.1" 304 -
120.253.135.82 - - [17/Aug/2023:10:02:35 +0800] "GET /xingrg/javascript/jquery.timers.js HTTP/1.1" 304 -
120.253.135.82 - - [17/Aug/2023:10:02:35 +0800] "GET /favicon.ico HTTP/1.1" 404 -
120.253.135.82 - - [17/Aug/2023:10:02:35 +0800] "GET /xingrg/images/blue/pingpu.png HTTP/1.1" 304 -
120.253.135.82 - - [17/Aug/2023:10:02:35 +0800] "GET /xingrg/images/blue/navBackgound.jpg HTTP/1.1" 304 -
120.253.135.82 - - [17/Aug/2023:10:02:35 +0800] "GET /xingrg/javascript/jquery_easy_ui/themes/default/images/tabs_rightarrow.png HTTP/1.1" 304 -
120.253.135.82 - - [17/Aug/2023:10:02:35 +0800] "GET /xingrg/javascript/jquery_easy_ui/themes/icons/settle_new.png HTTP/1.1" 304 -
120.253.135.82 - - [17/Aug/2023:10:02:35 +0800] "GET /xingrg/javascript/jquery_easy_ui/themes/default/images/panel_tool_collapse.gif HTTP/1.1" 304 -
120.253.135.82 - - [17/Aug/2023:10:02:35 +0800] "GET /xingrg/javascript/jquery_easy_ui/themes/default/images/tabs_leftarrow.png HTTP/1.1" 304 -
120.253.135.82 - - [17/Aug/2023:10:02:35 +0800] "GET /xingrg/check_reg.html?_=1692237572776 HTTP/1.1" 200 22
120.253.135.82 - - [17/Aug/2023:10:02:35 +0800] "GET /xingrg/all/function/internal_message.html?_=1692237572775&CODE_STATE=count HTTP/1.1" 200 11
120.253.135.82 - - [17/Aug/2023:10:02:36 +0800] "POST /xingrg/all/common/load_tree.html?tree=area_rest_tree_json&manage=1 HTTP/1.1" 200 344
120.253.135.82 - - [17/Aug/2023:10:02:36 +0800] "GET /xingrg/javascript/jquery_easy_ui/themes/default/images/tree_arrows.gif HTTP/1.1" 304 -
120.253.135.82 - - [17/Aug/2023:10:02:36 +0800] "POST /xingrg/load_menu.html HTTP/1.1" 200 6743
120.253.135.82 - - [17/Aug/2023:10:02:36 +0800] "GET /xingrg/javascript/jquery_easy_ui/themes/icons/search_new.png HTTP/1.1" 304 -
120.253.135.82 - - [17/Aug/2023:10:02:36 +0800] "GET /xingrg/javascript/jquery_easy_ui/themes/icons/delivery_new.png HTTP/1.1" 304 -
120.253.135.82 - - [17/Aug/2023:10:02:36 +0800] "GET /xingrg/javascript/jquery_easy_ui/themes/icons/forms_new.png HTTP/1.1" 304 -
120.253.135.82 - - [17/Aug/2023:10:02:36 +0800] "GET /xingrg/javascript/jquery_easy_ui/themes/default/images/tree_folder_open.gif HTTP/1.1" 304 -
120.253.135.82 - - [17/Aug/2023:10:02:36 +0800] "GET /xingrg/javascript/jquery_easy_ui/themes/default/images/tree_file.gif HTTP/1.1" 304 -
120.253.135.82 - - [17/Aug/2023:10:02:36 +0800] "GET /xingrg/javascript/jquery_easy_ui/themes/icons/storage_new.png HTTP/1.1" 304 -
120.253.135.82 - - [17/Aug/2023:10:02:36 +0800] "GET /xingrg/javascript/jquery_easy_ui/themes/default/images/tree_folder.gif HTTP/1.1" 304 -
116.232.195.127 - - [17/Aug/2023:10:02:36 +0800] "GET /xingrg/all/function/internal_message.html?_=1692237685492&CODE_STATE=getMsg HTTP/1.1" 200 27
101.83.240.215 - - [17/Aug/2023:10:02:37 +0800] "GET /xingrg/all/function/internal_message.html?_=1692237894331&CODE_STATE=getMsg HTTP/1.1" 200 27
120.253.135.82 - - [17/Aug/2023:10:02:39 +0800] "GET /xingrg/javascript/jquery_easy_ui/themes/default/images/tabs_close.gif HTTP/1.1" 304 -
120.253.135.82 - - [17/Aug/2023:10:02:39 +0800] "GET /xingrg/kc/pszx/mdqp_order_list.html?state=10 HTTP/1.1" 200 10275
120.253.135.82 - - [17/Aug/2023:10:02:39 +0800] "GET /xingrg/dwr/util.js HTTP/1.1" 304 -
120.253.135.82 - - [17/Aug/2023:10:02:39 +0800] "GET /xingrg/dwr/interface/AjaxReportQueryService.js HTTP/1.1" 200 13203
120.253.135.82 - - [17/Aug/2023:10:02:39 +0800] "GET /xingrg/css/blue.css HTTP/1.1" 304 -
120.253.135.82 - - [17/Aug/2023:10:02:39 +0800] "GET /xingrg/javascript/pic_change.js HTTP/1.1" 304 -
120.253.135.82 - - [17/Aug/2023:10:02:39 +0800] "GET /xingrg/dwr/interface/AjaxQqpsService.js HTTP/1.1" 200 16326
120.253.135.82 - - [17/Aug/2023:10:02:39 +0800] "GET /xingrg/javascript/myfunction.js HTTP/1.1" 304 -
120.253.135.82 - - [17/Aug/2023:10:02:39 +0800] "GET /xingrg/javascript/Calendar.js HTTP/1.1" 304 -
120.253.135.82 - - [17/Aug/2023:10:02:39 +0800] "GET /xingrg/dwr/engine.js HTTP/1.1" 200 43631
120.253.135.82 - - [17/Aug/2023:10:02:40 +0800] "GET /xingrg/javascript/jquery_easy_ui/themes/icons/check_new.png HTTP/1.1" 304 -
120.253.135.82 - - [17/Aug/2023:10:02:40 +0800] "GET /xingrg/javascript/jquery_easy_ui/themes/icons/uncheck_new.png HTTP/1.1" 304 -
120.253.135.82 - - [17/Aug/2023:10:02:40 +0800] "GET /xingrg/javascript/jquery_easy_ui/themes/icons/back_new.png HTTP/1.1" 304 -
120.253.135.82 - - [17/Aug/2023:10:02:41 +0800] "GET /xingrg/kc/pszx/mdqp_order_list.html?state=10 HTTP/1.1" 200 10275
120.253.135.82 - - [17/Aug/2023:10:02:41 +0800] "GET /xingrg/dwr/interface/AjaxQqpsService.js HTTP/1.1" 200 16326
120.253.135.82 - - [17/Aug/2023:10:02:41 +0800] "GET /xingrg/dwr/interface/AjaxReportQueryService.js HTTP/1.1" 200 13203
120.253.135.82 - - [17/Aug/2023:10:02:41 +0800] "GET /xingrg/dwr/engine.js HTTP/1.1" 200 43631
221.239.167.251 - - [17/Aug/2023:10:02:47 +0800] "GET /xingrg/all/function/internal_message.html?_=1692237766670&CODE_STATE=getMsg HTTP/1.1" 200 27
222.69.129.133 - - [17/Aug/2023:10:02:50 +0800] "GET /xingrg/all/function/internal_message.html?_=1692237769954&CODE_STATE=getMsg HTTP/1.1" 200 27
101.83.145.37 - - [17/Aug/2023:10:02:53 +0800] "GET /xingrg/javascript/jquery_easy_ui/themes/default/images/tabs_active.png HTTP/1.1" 304 -
116.238.191.126 - - [17/Aug/2023:10:02:53 +0800] "GET /xingrg/all/function/internal_message.html?_=1692237771994&CODE_STATE=getMsg HTTP/1.1" 200 27
180.169.147.146 - - [17/Aug/2023:10:02:58 +0800] "GET /xingrg/check_reg.html?_=1692237778607 HTTP/1.1" 200 22
180.169.147.146 - - [17/Aug/2023:10:02:58 +0800] "GET /xingrg/all/function/internal_message.html?_=1692237778610&CODE_STATE=getMsg HTTP/1.1" 200 27
222.70.180.200 - - [17/Aug/2023:10:03:03 +0800] "GET /xingrg/javascript/auto/indicator.gif HTTP/1.1" 404 1066
101.83.145.37 - - [17/Aug/2023:10:03:05 +0800] "POST /xingrg/kc/buy/cgsh_list_operate.html HTTP/1.1" 200 3120
222.65.220.241 - - [17/Aug/2023:10:03:06 +0800] "GET /xingrg/all/function/internal_message.html?_=1692237786129&CODE_STATE=getMsg HTTP/1.1" 200 27
116.235.244.168 - - [17/Aug/2023:10:03:10 +0800] "GET /xingrg/all/function/internal_message.html?_=1692237801597&CODE_STATE=getMsg HTTP/1.1" 200 27
124.78.70.128 - - [17/Aug/2023:10:03:10 +0800] "GET /xingrg/all/function/internal_message.html?_=1692237242748&CODE_STATE=getMsg HTTP/1.1" 200 27
101.83.145.37 - - [17/Aug/2023:10:03:16 +0800] "GET /xingrg/all/function/internal_message.html?_=1692237797600&CODE_STATE=getMsg HTTP/1.1" 200 27
124.78.155.92 - - [17/Aug/2023:10:03:20 +0800] "GET /xingrg/all/function/internal_message.html?_=1692237797125&CODE_STATE=getMsg HTTP/1.1" 200 27
222.70.180.200 - - [17/Aug/2023:10:03:27 +0800] "GET /xingrg/kc/buy/cgsh_order_operate.html?command=get_materiel&rest_code=00111&code=00101008403&supplier_code=00100005&order_time=2023-08-17 HTTP/1.1" 200 412
222.70.180.200 - - [17/Aug/2023:10:03:29 +0800] "GET /xingrg/all/function/internal_message.html?_=1692237809303&CODE_STATE=getMsg HTTP/1.1" 200 27
222.70.180.200 - - [17/Aug/2023:10:03:33 +0800] "GET /xingrg/all/function/internal_message.html?_=1692237868257&CODE_STATE=getMsg HTTP/1.1" 200 27
101.83.145.37 - - [17/Aug/2023:10:03:33 +0800] "GET /xingrg/check_reg.html?_=1692237612995 HTTP/1.1" 200 22
101.83.145.37 - - [17/Aug/2023:10:03:33 +0800] "GET /xingrg/all/function/internal_message.html?_=1692237612998&CODE_STATE=getMsg HTTP/1.1" 200 27
120.253.135.82 - - [17/Aug/2023:10:03:35 +0800] "GET /xingrg/all/function/internal_message.html?_=1692237632788&CODE_STATE=getMsg HTTP/1.1" 200 27
116.232.195.127 - - [17/Aug/2023:10:03:36 +0800] "GET /xingrg/all/function/internal_message.html?_=1692237745479&CODE_STATE=getMsg HTTP/1.1" 200 27
101.83.240.215 - - [17/Aug/2023:10:03:37 +0800] "GET /xingrg/all/function/internal_message.html?_=1692237954323&CODE_STATE=getMsg HTTP/1.1" 200 27
221.239.167.251 - - [17/Aug/2023:10:03:47 +0800] "GET /xingrg/all/function/internal_message.html?_=1692237826672&CODE_STATE=getMsg HTTP/1.1" 200 27
222.69.129.133 - - [17/Aug/2023:10:03:50 +0800] "GET /xingrg/all/function/internal_message.html?_=1692237829945&CODE_STATE=getMsg HTTP/1.1" 200 27
222.69.129.133 - - [17/Aug/2023:10:03:51 +0800] "GET /xingrg/check_reg.html?_=1692237830497 HTTP/1.1" 200 22
116.238.191.126 - - [17/Aug/2023:10:03:53 +0800] "GET /xingrg/all/function/internal_message.html?_=1692237831994&CODE_STATE=getMsg HTTP/1.1" 200 27
180.163.28.109 - - [17/Aug/2023:10:03:58 +0800] "GET /xingrg/check_reg.html?_=1692237778607 HTTP/1.1" 302 -
180.163.28.109 - - [17/Aug/2023:10:03:58 +0800] "GET /xingrg/login.html HTTP/1.1" 200 7641
180.163.29.217 - - [17/Aug/2023:10:03:58 +0800] "GET /xingrg/all/function/internal_message.html?_=1692237778610&CODE_STATE=getMsg HTTP/1.1" 302 -
180.163.29.217 - - [17/Aug/2023:10:03:58 +0800] "GET /xingrg/login.html HTTP/1.1" 200 7641
180.169.147.146 - - [17/Aug/2023:10:03:58 +0800] "GET /xingrg/all/function/internal_message.html?_=1692237838603&CODE_STATE=getMsg HTTP/1.1" 200 27
222.65.220.241 - - [17/Aug/2023:10:04:06 +0800] "GET /xingrg/all/function/internal_message.html?_=1692237846113&CODE_STATE=getMsg HTTP/1.1" 200 27
116.235.244.168 - - [17/Aug/2023:10:04:10 +0800] "GET /xingrg/all/function/internal_message.html?_=1692237861612&CODE_STATE=getMsg HTTP/1.1" 200 27
124.78.70.128 - - [17/Aug/2023:10:04:10 +0800] "GET /xingrg/all/function/internal_message.html?_=1692237302732&CODE_STATE=getMsg HTTP/1.1" 200 27
124.78.70.128 - - [17/Aug/2023:10:04:11 +0800] "GET /xingrg/check_reg.html?_=1692237303581 HTTP/1.1" 200 22
180.152.241.196 - - [17/Aug/2023:10:04:14 +0800] "GET /xingrg/check_reg.html?_=1692237854492 HTTP/1.1" 302 -
101.83.145.37 - - [17/Aug/2023:10:04:16 +0800] "GET /xingrg/all/function/internal_message.html?_=1692237857569&CODE_STATE=getMsg HTTP/1.1" 200 27
124.78.155.92 - - [17/Aug/2023:10:04:19 +0800] "GET /xingrg/all/function/internal_message.html?_=1692237857096&CODE_STATE=getMsg HTTP/1.1" 200 27
222.70.180.200 - - [17/Aug/2023:10:04:29 +0800] "GET /xingrg/check_reg.html?_=1692237869303 HTTP/1.1" 200 22
222.70.180.200 - - [17/Aug/2023:10:04:29 +0800] "GET /xingrg/all/function/internal_message.html?_=1692237869307&CODE_STATE=getMsg HTTP/1.1" 200 27
222.70.180.200 - - [17/Aug/2023:10:04:33 +0800] "GET /xingrg/all/function/internal_message.html?_=1692237928266&CODE_STATE=getMsg HTTP/1.1" 200 27
101.83.145.37 - - [17/Aug/2023:10:04:33 +0800] "GET /xingrg/all/function/internal_message.html?_=1692237672998&CODE_STATE=getMsg HTTP/1.1" 200 27
120.253.135.82 - - [17/Aug/2023:10:04:35 +0800] "GET /xingrg/all/function/internal_message.html?_=1692237692800&CODE_STATE=getMsg HTTP/1.1" 200 27
116.232.195.127 - - [17/Aug/2023:10:04:36 +0800] "GET /xingrg/all/function/internal_message.html?_=1692237805461&CODE_STATE=getMsg HTTP/1.1" 200 27
101.83.240.215 - - [17/Aug/2023:10:04:37 +0800] "GET /xingrg/all/function/internal_message.html?_=1692238014328&CODE_STATE=getMsg HTTP/1.1" 200 27
101.83.240.215 - - [17/Aug/2023:10:04:37 +0800] "GET /xingrg/check_reg.html?_=1692238014330 HTTP/1.1" 200 22
221.239.167.251 - - [17/Aug/2023:10:04:47 +0800] "GET /xingrg/all/function/internal_message.html?_=1692237886674&CODE_STATE=getMsg HTTP/1.1" 200 27
222.69.129.133 - - [17/Aug/2023:10:04:50 +0800] "GET /xingrg/all/function/internal_message.html?_=1692237889922&CODE_STATE=getMsg HTTP/1.1" 200 27
116.238.191.126 - - [17/Aug/2023:10:04:53 +0800] "GET /xingrg/all/function/internal_message.html?_=1692237892004&CODE_STATE=getMsg HTTP/1.1" 200 27
180.163.29.79 - - [17/Aug/2023:10:04:58 +0800] "GET /xingrg/all/function/internal_message.html?_=1692237838603&CODE_STATE=getMsg HTTP/1.1" 302 -
180.163.29.79 - - [17/Aug/2023:10:04:58 +0800] "GET /xingrg/login.html HTTP/1.1" 200 7641
180.169.147.146 - - [17/Aug/2023:10:04:58 +0800] "GET /xingrg/all/function/internal_message.html?_=1692237898585&CODE_STATE=getMsg HTTP/1.1" 200 27
222.65.220.241 - - [17/Aug/2023:10:05:06 +0800] "GET /xingrg/all/function/internal_message.html?_=1692237906086&CODE_STATE=getMsg HTTP/1.1" 200 27
222.65.220.241 - - [17/Aug/2023:10:05:06 +0800] "GET /xingrg/check_reg.html?_=1692237906352 HTTP/1.1" 200 22
116.235.244.168 - - [17/Aug/2023:10:05:10 +0800] "GET /xingrg/all/function/internal_message.html?_=1692237921727&CODE_STATE=getMsg HTTP/1.1" 200 27
124.78.70.128 - - [17/Aug/2023:10:05:10 +0800] "GET /xingrg/all/function/internal_message.html?_=1692237362719&CODE_STATE=getMsg HTTP/1.1" 200 27
101.83.145.37 - - [17/Aug/2023:10:05:16 +0800] "GET /xingrg/check_reg.html?_=1692237917572 HTTP/1.1" 200 22
101.83.145.37 - - [17/Aug/2023:10:05:16 +0800] "GET /xingrg/all/function/internal_message.html?_=1692237917575&CODE_STATE=getMsg HTTP/1.1" 200 27
124.78.155.92 - - [17/Aug/2023:10:05:19 +0800] "GET /xingrg/all/function/internal_message.html?_=1692237917067&CODE_STATE=getMsg HTTP/1.1" 200 27
180.163.30.76 - - [17/Aug/2023:10:05:20 +0800] "GET /xingrg/all/function/internal_message.html?_=1692237857096&CODE_STATE=getMsg HTTP/1.1" 302 -
180.163.30.76 - - [17/Aug/2023:10:05:20 +0800] "GET /xingrg/login.html HTTP/1.1" 200 7641
222.70.180.200 - - [17/Aug/2023:10:05:29 +0800] "GET /xingrg/all/function/internal_message.html?_=1692237929291&CODE_STATE=getMsg HTTP/1.1" 200 27
222.70.180.200 - - [17/Aug/2023:10:05:33 +0800] "GET /xingrg/check_reg.html?_=1692237988268 HTTP/1.1" 200 22
222.70.180.200 - - [17/Aug/2023:10:05:33 +0800] "GET /xingrg/all/function/internal_message.html?_=1692237988271&CODE_STATE=getMsg HTTP/1.1" 200 27
101.83.145.37 - - [17/Aug/2023:10:05:33 +0800] "GET /xingrg/all/function/internal_message.html?_=1692237732998&CODE_STATE=getMsg HTTP/1.1" 200 27
116.232.195.127 - - [17/Aug/2023:10:05:35 +0800] "GET /xingrg/check_reg.html?_=1692237863814 HTTP/1.1" 200 22
120.253.135.82 - - [17/Aug/2023:10:05:35 +0800] "GET /xingrg/all/function/internal_message.html?_=1692237752814&CODE_STATE=getMsg HTTP/1.1" 200 27
116.232.195.127 - - [17/Aug/2023:10:05:36 +0800] "GET /xingrg/all/function/internal_message.html?_=1692237865458&CODE_STATE=getMsg HTTP/1.1" 200 27
101.83.240.215 - - [17/Aug/2023:10:05:37 +0800] "GET /xingrg/all/function/internal_message.html?_=1692238074327&CODE_STATE=getMsg HTTP/1.1" 200 27
221.239.167.251 - - [17/Aug/2023:10:05:47 +0800] "GET /xingrg/all/function/internal_message.html?_=1692237946673&CODE_STATE=getMsg HTTP/1.1" 200 27
222.69.129.133 - - [17/Aug/2023:10:05:50 +0800] "GET /xingrg/all/function/internal_message.html?_=1692237949907&CODE_STATE=getMsg HTTP/1.1" 200 27
116.238.191.126 - - [17/Aug/2023:10:05:53 +0800] "GET /xingrg/check_reg.html?_=1692237951990 HTTP/1.1" 200 22
116.238.191.126 - - [17/Aug/2023:10:05:53 +0800] "GET /xingrg/all/function/internal_message.html?_=1692237951994&CODE_STATE=getMsg HTTP/1.1" 200 27
180.163.30.76 - - [17/Aug/2023:10:05:58 +0800] "GET /xingrg/all/function/internal_message.html?_=1692237898585&CODE_STATE=getMsg HTTP/1.1" 302 -
180.163.30.76 - - [17/Aug/2023:10:05:58 +0800] "GET /xingrg/login.html HTTP/1.1" 200 7641
180.169.147.146 - - [17/Aug/2023:10:05:58 +0800] "GET /xingrg/all/function/internal_message.html?_=1692237958587&CODE_STATE=getMsg HTTP/1.1" 200 27
222.65.220.241 - - [17/Aug/2023:10:06:06 +0800] "GET /xingrg/all/function/internal_message.html?_=1692237966080&CODE_STATE=getMsg HTTP/1.1" 200 27
116.235.244.168 - - [17/Aug/2023:10:06:10 +0800] "GET /xingrg/all/function/internal_message.html?_=1692237981731&CODE_STATE=getMsg HTTP/1.1" 200 27
124.78.70.128 - - [17/Aug/2023:10:06:10 +0800] "GET /xingrg/all/function/internal_message.html?_=1692237422713&CODE_STATE=getMsg HTTP/1.1" 200 27
101.83.145.37 - - [17/Aug/2023:10:06:16 +0800] "GET /xingrg/all/function/internal_message.html?_=1692237977560&CODE_STATE=getMsg HTTP/1.1" 200 27
180.163.30.27 - - [17/Aug/2023:10:06:19 +0800] "GET /xingrg/all/function/internal_message.html?_=1692237917067&CODE_STATE=getMsg HTTP/1.1" 302 -
180.163.30.27 - - [17/Aug/2023:10:06:19 +0800] "GET /xingrg/login.html HTTP/1.1" 200 7641
124.78.155.92 - - [17/Aug/2023:10:06:19 +0800] "GET /xingrg/all/function/internal_message.html?_=1692237977057&CODE_STATE=getMsg HTTP/1.1" 200 27
124.78.155.92 - - [17/Aug/2023:10:06:20 +0800] "GET /xingrg/check_reg.html?_=1692237977342 HTTP/1.1" 200 22
222.70.180.200 - - [17/Aug/2023:10:06:29 +0800] "GET /xingrg/all/function/internal_message.html?_=1692237989290&CODE_STATE=getMsg HTTP/1.1" 200 27
222.70.180.200 - - [17/Aug/2023:10:06:33 +0800] "GET /xingrg/all/function/internal_message.html?_=1692238048268&CODE_STATE=getMsg HTTP/1.1" 200 27
101.83.145.37 - - [17/Aug/2023:10:06:33 +0800] "GET /xingrg/all/function/internal_message.html?_=1692237793003&CODE_STATE=getMsg HTTP/1.1" 200 27
120.253.135.82 - - [17/Aug/2023:10:06:35 +0800] "GET /xingrg/all/function/internal_message.html?_=1692237812827&CODE_STATE=getMsg HTTP/1.1" 200 27
116.232.195.127 - - [17/Aug/2023:10:06:36 +0800] "GET /xingrg/all/function/internal_message.html?_=1692237925434&CODE_STATE=getMsg HTTP/1.1" 200 27
101.83.240.215 - - [17/Aug/2023:10:06:37 +0800] "GET /xingrg/all/function/internal_message.html?_=1692238134339&CODE_STATE=getMsg HTTP/1.1" 200 27
221.239.167.251 - - [17/Aug/2023:10:06:47 +0800] "GET /xingrg/all/function/internal_message.html?_=1692238006677&CODE_STATE=getMsg HTTP/1.1" 200 27
221.239.167.251 - - [17/Aug/2023:10:06:47 +0800] "GET /xingrg/check_reg.html?_=1692238006680 HTTP/1.1" 200 22
222.69.129.133 - - [17/Aug/2023:10:06:50 +0800] "GET /xingrg/all/function/internal_message.html?_=1692238009879&CODE_STATE=getMsg HTTP/1.1" 200 27
116.238.191.126 - - [17/Aug/2023:10:06:53 +0800] "GET /xingrg/all/function/internal_message.html?_=1692238012000&CODE_STATE=getMsg HTTP/1.1" 200 27
180.163.28.143 - - [17/Aug/2023:10:06:58 +0800] "GET /xingrg/all/function/internal_message.html?_=1692237958587&CODE_STATE=getMsg HTTP/1.1" 302 -
180.163.28.143 - - [17/Aug/2023:10:06:58 +0800] "GET /xingrg/login.html HTTP/1.1" 200 7641
180.169.147.146 - - [17/Aug/2023:10:06:58 +0800] "GET /xingrg/all/function/internal_message.html?_=1692238018577&CODE_STATE=getMsg HTTP/1.1" 200 27
222.65.220.241 - - [17/Aug/2023:10:07:06 +0800] "GET /xingrg/all/function/internal_message.html?_=1692238026074&CODE_STATE=getMsg HTTP/1.1" 200 27
116.235.244.168 - - [17/Aug/2023:10:07:08 +0800] "GET /xingrg/check_reg.html?_=1692238039776 HTTP/1.1" 200 22
116.235.244.168 - - [17/Aug/2023:10:07:10 +0800] "GET /xingrg/all/function/internal_message.html?_=1692238041745&CODE_STATE=getMsg HTTP/1.1" 200 27
124.78.70.128 - - [17/Aug/2023:10:07:10 +0800] "GET /xingrg/all/function/internal_message.html?_=1692237482694&CODE_STATE=getMsg HTTP/1.1" 200 27
101.83.145.37 - - [17/Aug/2023:10:07:16 +0800] "GET /xingrg/all/function/internal_message.html?_=1692238037561&CODE_STATE=getMsg HTTP/1.1" 200 27
180.163.29.219 - - [17/Aug/2023:10:07:19 +0800] "GET /xingrg/all/function/internal_message.html?_=1692237977057&CODE_STATE=getMsg HTTP/1.1" 302 -
180.163.29.219 - - [17/Aug/2023:10:07:19 +0800] "GET /xingrg/login.html HTTP/1.1" 200 7641
124.78.155.92 - - [17/Aug/2023:10:07:19 +0800] "GET /xingrg/all/function/internal_message.html?_=1692238037031&CODE_STATE=getMsg HTTP/1.1" 200 27
180.152.241.196 - - [17/Aug/2023:10:07:28 +0800] "GET /xingrg/kc/buy/cgsh_order_list.html HTTP/1.1" 302 -
180.152.241.196 - - [17/Aug/2023:10:07:28 +0800] "GET /xingrg/login.html HTTP/1.1" 200 7641
180.152.241.196 - - [17/Aug/2023:10:07:29 +0800] "GET /xingrg/login.html HTTP/1.1" 200 7641
180.152.241.196 - - [17/Aug/2023:10:07:29 +0800] "GET /xingrg/images/blue/jxLogo.png HTTP/1.1" 200 6156
222.70.180.200 - - [17/Aug/2023:10:07:29 +0800] "GET /xingrg/all/function/internal_message.html?_=1692238049294&CODE_STATE=getMsg HTTP/1.1" 200 27
180.152.241.196 - - [17/Aug/2023:10:07:29 +0800] "GET /xingrg/images/blue/login_bg.png HTTP/1.1" 200 22101
180.152.241.196 - - [17/Aug/2023:10:07:29 +0800] "GET /xingrg/images/blue/hj.png HTTP/1.1" 200 1014
180.152.241.196 - - [17/Aug/2023:10:07:29 +0800] "GET /xingrg/images/blue/srbg.png HTTP/1.1" 200 138
180.152.241.196 - - [17/Aug/2023:10:07:29 +0800] "GET /favicon.ico HTTP/1.1" 404 -
180.152.241.196 - - [17/Aug/2023:10:07:32 +0800] "POST /xingrg/login.do HTTP/1.1" 302 -
222.70.180.200 - - [17/Aug/2023:10:07:33 +0800] "GET /xingrg/all/function/internal_message.html?_=1692238108255&CODE_STATE=getMsg HTTP/1.1" 200 27
180.152.241.196 - - [17/Aug/2023:10:07:33 +0800] "GET /xingrg/index.html?sysBaseUrl=http%3A%2F%2F180.169.147.146%3A18081%2Fxingrg%2F&costTime=883×tamp=1692238052983 HTTP/1.1" 200 17173
180.152.241.196 - - [17/Aug/2023:10:07:33 +0800] "GET /xingrg/css/form.css HTTP/1.1" 200 893
180.152.241.196 - - [17/Aug/2023:10:07:33 +0800] "GET /xingrg/javascript/jquery_easy_ui/themes/icon.css HTTP/1.1" 200 3949
180.152.241.196 - - [17/Aug/2023:10:07:33 +0800] "GET /xingrg/javascript/jquery_easy_ui/themes/default/easyui.css HTTP/1.1" 200 26500
180.152.241.196 - - [17/Aug/2023:10:07:33 +0800] "GET /xingrg/javascript/jquery.form.js HTTP/1.1" 200 23110
180.152.241.196 - - [17/Aug/2023:10:07:33 +0800] "GET /xingrg/javascript/jquery-1.4.2.min.js HTTP/1.1" 200 72205
180.152.241.196 - - [17/Aug/2023:10:07:33 +0800] "GET /xingrg/javascript/jquery.utils.js HTTP/1.1" 200 11805
180.152.241.196 - - [17/Aug/2023:10:07:33 +0800] "GET /xingrg/javascript/jquery.timers.js HTTP/1.1" 200 3532
180.152.241.196 - - [17/Aug/2023:10:07:33 +0800] "GET /xingrg/javascript/jquery_easy_ui/jquery.easyui.min.js HTTP/1.1" 200 213662
180.152.241.196 - - [17/Aug/2023:10:07:33 +0800] "GET /xingrg/javascript/jquery_easy_ui/easyui-lang-zh_CN.js HTTP/1.1" 200 1900
101.83.145.37 - - [17/Aug/2023:10:07:33 +0800] "GET /xingrg/all/function/internal_message.html?_=1692237853004&CODE_STATE=getMsg HTTP/1.1" 200 27
180.152.241.196 - - [17/Aug/2023:10:07:33 +0800] "GET /favicon.ico HTTP/1.1" 404 -
180.152.241.196 - - [17/Aug/2023:10:07:33 +0800] "GET /xingrg/images/blue/navBackgound.jpg HTTP/1.1" 200 12378
180.152.241.196 - - [17/Aug/2023:10:07:33 +0800] "GET /xingrg/javascript/jquery_easy_ui/themes/icons/settle_new.png HTTP/1.1" 200 826
180.152.241.196 - - [17/Aug/2023:10:07:33 +0800] "GET /xingrg/images/blue/pingpu.png HTTP/1.1" 200 231
180.152.241.196 - - [17/Aug/2023:10:07:33 +0800] "GET /xingrg/javascript/jquery_easy_ui/themes/default/images/tabs_rightarrow.png HTTP/1.1" 200 395
180.152.241.196 - - [17/Aug/2023:10:07:33 +0800] "GET /xingrg/all/function/internal_message.html?_=1692238053131&CODE_STATE=count HTTP/1.1" 200 11
180.152.241.196 - - [17/Aug/2023:10:07:33 +0800] "GET /xingrg/check_reg.html?_=1692238053131 HTTP/1.1" 200 22
180.152.241.196 - - [17/Aug/2023:10:07:33 +0800] "GET /xingrg/javascript/jquery_easy_ui/themes/default/images/panel_tool_collapse.gif HTTP/1.1" 200 246
180.152.241.196 - - [17/Aug/2023:10:07:33 +0800] "GET /xingrg/javascript/jquery_easy_ui/themes/default/images/tabs_leftarrow.png HTTP/1.1" 200 389
180.152.241.196 - - [17/Aug/2023:10:07:33 +0800] "POST /xingrg/all/common/load_tree.html?tree=area_rest_tree_json&manage=1 HTTP/1.1" 200 342
180.152.241.196 - - [17/Aug/2023:10:07:33 +0800] "POST /xingrg/load_menu.html HTTP/1.1" 200 5138
180.152.241.196 - - [17/Aug/2023:10:07:33 +0800] "GET /xingrg/javascript/jquery_easy_ui/themes/icons/search_new.png HTTP/1.1" 200 586
180.152.241.196 - - [17/Aug/2023:10:07:33 +0800] "GET /xingrg/javascript/jquery_easy_ui/themes/default/images/tree_folder.gif HTTP/1.1" 200 952
180.152.241.196 - - [17/Aug/2023:10:07:33 +0800] "GET /xingrg/javascript/jquery_easy_ui/themes/icons/forms_new.png HTTP/1.1" 200 350
180.152.241.196 - - [17/Aug/2023:10:07:33 +0800] "GET /xingrg/javascript/jquery_easy_ui/themes/icons/storage_new.png HTTP/1.1" 200 853
180.152.241.196 - - [17/Aug/2023:10:07:33 +0800] "GET /xingrg/javascript/jquery_easy_ui/themes/default/images/tree_folder_open.gif HTTP/1.1" 200 956
180.152.241.196 - - [17/Aug/2023:10:07:33 +0800] "GET /xingrg/javascript/jquery_easy_ui/themes/default/images/tree_arrows.gif HTTP/1.1" 200 1043
180.152.241.196 - - [17/Aug/2023:10:07:33 +0800] "GET /xingrg/javascript/jquery_easy_ui/themes/default/images/tree_file.gif HTTP/1.1" 200 118
180.152.241.196 - - [17/Aug/2023:10:07:35 +0800] "GET /xingrg/javascript/jquery_easy_ui/themes/default/images/tabs_close.gif HTTP/1.1" 200 829
120.253.135.82 - - [17/Aug/2023:10:07:35 +0800] "GET /xingrg/check_reg.html?_=1692237872779 HTTP/1.1" 200 22
120.253.135.82 - - [17/Aug/2023:10:07:35 +0800] "GET /xingrg/all/function/internal_message.html?_=1692237872841&CODE_STATE=getMsg HTTP/1.1" 200 27
180.152.241.196 - - [17/Aug/2023:10:07:36 +0800] "GET /xingrg/kc/buy/cgsh_order_list.html HTTP/1.1" 200 56077
180.152.241.196 - - [17/Aug/2023:10:07:36 +0800] "GET /xingrg/css/site.css HTTP/1.1" 200 7541
180.152.241.196 - - [17/Aug/2023:10:07:36 +0800] "GET /xingrg/css/base.css HTTP/1.1" 200 2811
180.152.241.196 - - [17/Aug/2023:10:07:36 +0800] "GET /xingrg/javascript/jquery_tools/datebox.css HTTP/1.1" 200 2597
180.152.241.196 - - [17/Aug/2023:10:07:36 +0800] "GET /xingrg/javascript/easyui/themes/default/easyui.css HTTP/1.1" 200 30432
180.152.241.196 - - [17/Aug/2023:10:07:36 +0800] "GET /xingrg/javascript/easyui/themes/icon.css HTTP/1.1" 200 4483
180.152.241.196 - - [17/Aug/2023:10:07:36 +0800] "GET /xingrg/javascript/auto/jquery.autocomplete.css HTTP/1.1" 200 587
180.152.241.196 - - [17/Aug/2023:10:07:36 +0800] "GET /xingrg/javascript/jquery_tools/fix.css HTTP/1.1" 200 1702
180.152.241.196 - - [17/Aug/2023:10:07:36 +0800] "GET /xingrg/javascript/jquery_tools/table.css HTTP/1.1" 200 1032
180.152.241.196 - - [17/Aug/2023:10:07:36 +0800] "GET /xingrg/javascript/jquery_tools/jquery.tools.min.js HTTP/1.1" 200 138801
180.152.241.196 - - [17/Aug/2023:10:07:36 +0800] "GET /xingrg/javascript/jquery_tools/jquery.tools.extend.js HTTP/1.1" 200 15385
180.152.241.196 - - [17/Aug/2023:10:07:36 +0800] "GET /xingrg/javascript/jquery_tools/jquery.tools.hotkey.js HTTP/1.1" 200 3242
180.152.241.196 - - [17/Aug/2023:10:07:36 +0800] "GET /xingrg/javascript/jquery_tools/jquery.tools.table.js HTTP/1.1" 200 6994
180.152.241.196 - - [17/Aug/2023:10:07:36 +0800] "GET /xingrg/javascript/jquery_tools/list_manager.js HTTP/1.1" 200 3652
180.152.241.196 - - [17/Aug/2023:10:07:36 +0800] "GET /xingrg/javascript/auto/jquery.autocomplete.js HTTP/1.1" 200 21624
180.152.241.196 - - [17/Aug/2023:10:07:36 +0800] "GET /xingrg/javascript/jquery.cookie.js HTTP/1.1" 200 5513
180.152.241.196 - - [17/Aug/2023:10:07:36 +0800] "GET /xingrg/javascript/easyui/easyloader.js HTTP/1.1" 200 5975
180.152.241.196 - - [17/Aug/2023:10:07:36 +0800] "GET /xingrg/javascript/print/LodopFuncs.js HTTP/1.1" 200 5121
180.152.241.196 - - [17/Aug/2023:10:07:36 +0800] "GET /xingrg/javascript/easyui/themes/icons/import_new.png HTTP/1.1" 200 1247
180.152.241.196 - - [17/Aug/2023:10:07:36 +0800] "GET /xingrg/javascript/easyui/themes/icons/check_new.png HTTP/1.1" 200 3224
180.152.241.196 - - [17/Aug/2023:10:07:36 +0800] "GET /xingrg/javascript/easyui/themes/icons/edit_add_new.png HTTP/1.1" 200 2997
180.152.241.196 - - [17/Aug/2023:10:07:36 +0800] "GET /xingrg/javascript/easyui/themes/icons/field_new.png HTTP/1.1" 200 1097
180.152.241.196 - - [17/Aug/2023:10:07:36 +0800] "GET /xingrg/javascript/easyui/themes/icons/cance_new.png HTTP/1.1" 200 3986
180.152.241.196 - - [17/Aug/2023:10:07:36 +0800] "GET /xingrg/javascript/easyui/plugins/jquery.parser.js HTTP/1.1" 200 1142
180.152.241.196 - - [17/Aug/2023:10:07:36 +0800] "GET /xingrg/images/control/ajaxLoader.gif HTTP/1.1" 200 4659
116.232.195.127 - - [17/Aug/2023:10:07:36 +0800] "GET /xingrg/all/function/internal_message.html?_=1692237985410&CODE_STATE=getMsg HTTP/1.1" 200 27
101.83.240.215 - - [17/Aug/2023:10:07:37 +0800] "GET /xingrg/all/function/internal_message.html?_=1692238194331&CODE_STATE=getMsg HTTP/1.1" 200 27
180.152.241.196 - - [17/Aug/2023:10:07:40 +0800] "POST /xingrg/kc/buy/cgsh_list_operate.html HTTP/1.1" 200 986
180.152.241.196 - - [17/Aug/2023:10:07:40 +0800] "GET /xingrg/javascript/easyui/themes/default/images/button_plain_hover.png HTTP/1.1" 200 144
180.152.241.196 - - [17/Aug/2023:10:07:41 +0800] "GET /xingrg/kc/buy/cgsh_order_add.html HTTP/1.1" 200 71894
180.152.241.196 - - [17/Aug/2023:10:07:41 +0800] "GET /xingrg/javascript/pic_change.js HTTP/1.1" 200 4739
180.152.241.196 - - [17/Aug/2023:10:07:41 +0800] "GET /xingrg/javascript/convert.js HTTP/1.1" 200 1239
180.152.241.196 - - [17/Aug/2023:10:07:41 +0800] "GET /xingrg/javascript/json2.js HTTP/1.1" 200 11259
180.152.241.196 - - [17/Aug/2023:10:07:41 +0800] "GET /xingrg/javascript/jquery_tools/order_manager.js HTTP/1.1" 200 11183
180.152.241.196 - - [17/Aug/2023:10:07:41 +0800] "GET /xingrg/javascript/print/kc_print.js HTTP/1.1" 200 11415
180.152.241.196 - - [17/Aug/2023:10:07:41 +0800] "GET /xingrg/words/20230816133657_words.js HTTP/1.1" 200 982717
180.152.241.196 - - [17/Aug/2023:10:07:41 +0800] "GET /xingrg/javascript/easyui/themes/icons/print.png HTTP/1.1" 200 1057
180.152.241.196 - - [17/Aug/2023:10:07:41 +0800] "GET /xingrg/javascript/easyui/themes/default/images/menu_downarrow.png HTTP/1.1" 200 173
180.152.241.196 - - [17/Aug/2023:10:07:41 +0800] "GET /xingrg/javascript/easyui/themes/icons/cancel.png HTTP/1.1" 200 1133
180.152.241.196 - - [17/Aug/2023:10:07:41 +0800] "GET /xingrg/javascript/easyui/themes/icons/template_new.png HTTP/1.1" 200 3956
180.152.241.196 - - [17/Aug/2023:10:07:41 +0800] "GET /xingrg/javascript/easyui/themes/icons/copy_new.png HTTP/1.1" 200 815
180.152.241.196 - - [17/Aug/2023:10:07:41 +0800] "GET /xingrg/javascript/easyui/themes/icons/ok.png HTTP/1.1" 200 883
180.152.241.196 - - [17/Aug/2023:10:07:41 +0800] "POST /xingrg/kc/buy/cgsh_order_operate.html HTTP/1.1" 200 8245
180.152.241.196 - - [17/Aug/2023:10:07:42 +0800] "GET /xingrg/javascript/easyui/themes/default/validatebox.css HTTP/1.1" 404 1104
180.152.241.196 - - [17/Aug/2023:10:07:42 +0800] "GET /xingrg/javascript/easyui/plugins/jquery.validatebox.js HTTP/1.1" 200 6103
180.152.241.196 - - [17/Aug/2023:10:07:42 +0800] "GET /xingrg/all/common/auto_word.html?type=employee&rest_code=00102 HTTP/1.1" 200 189
180.152.241.196 - - [17/Aug/2023:10:07:42 +0800] "GET /xingrg/javascript/easyui/themes/icons/edit_remove.png HTTP/1.1" 200 625
180.152.241.196 - - [17/Aug/2023:10:07:42 +0800] "GET /xingrg/javascript/easyui/plugins/jquery.numberbox.js HTTP/1.1" 200 5213
180.152.241.196 - - [17/Aug/2023:10:07:42 +0800] "GET /xingrg/all/common/auto_word.html?type=employee&rest_code=00102 HTTP/1.1" 200 189
180.152.241.196 - - [17/Aug/2023:10:07:42 +0800] "GET /xingrg/javascript/auto/indicator.gif HTTP/1.1" 404 1066
221.239.167.251 - - [17/Aug/2023:10:07:47 +0800] "GET /xingrg/all/function/internal_message.html?_=1692238066680&CODE_STATE=getMsg HTTP/1.1" 200 27
222.69.129.133 - - [17/Aug/2023:10:07:50 +0800] "GET /xingrg/all/function/internal_message.html?_=1692238069865&CODE_STATE=getMsg HTTP/1.1" 200 27
180.152.241.196 - - [17/Aug/2023:10:07:52 +0800] "GET /xingrg/kc/buy/cgsh_order_operate.html?command=get_materiel&rest_code=00102&code=00101016030&supplier_code=00100096&order_time=2023-08-17 HTTP/1.1" 200 412
116.238.191.126 - - [17/Aug/2023:10:07:53 +0800] "GET /xingrg/all/function/internal_message.html?_=1692238072001&CODE_STATE=getMsg HTTP/1.1" 200 27
180.163.29.219 - - [17/Aug/2023:10:07:58 +0800] "GET /xingrg/all/function/internal_message.html?_=1692238018577&CODE_STATE=getMsg HTTP/1.1" 302 -
180.163.29.219 - - [17/Aug/2023:10:07:58 +0800] "GET /xingrg/login.html HTTP/1.1" 200 7641
180.169.147.146 - - [17/Aug/2023:10:07:58 +0800] "GET /xingrg/check_reg.html?_=1692238078592 HTTP/1.1" 200 22
180.169.147.146 - - [17/Aug/2023:10:07:58 +0800] "GET /xingrg/all/function/internal_message.html?_=1692238078590&CODE_STATE=getMsg HTTP/1.1" 200 27
180.152.241.196 - - [17/Aug/2023:10:08:01 +0800] "GET /xingrg/kc/buy/cgsh_order_operate.html?command=get_materiel&rest_code=00102&code=00101012025&supplier_code=00100096&order_time=2023-08-17 HTTP/1.1" 200 412
222.65.220.241 - - [17/Aug/2023:10:08:06 +0800] "GET /xingrg/all/function/internal_message.html?_=1692238086081&CODE_STATE=getMsg HTTP/1.1" 200 27
116.235.244.168 - - [17/Aug/2023:10:08:10 +0800] "GET /xingrg/all/function/internal_message.html?_=1692238101759&CODE_STATE=getMsg HTTP/1.1" 200 27
124.78.70.128 - - [17/Aug/2023:10:08:10 +0800] "GET /xingrg/all/function/internal_message.html?_=1692237542664&CODE_STATE=getMsg HTTP/1.1" 200 27
101.83.145.37 - - [17/Aug/2023:10:08:16 +0800] "GET /xingrg/all/function/internal_message.html?_=1692238097562&CODE_STATE=getMsg HTTP/1.1" 200 27
180.152.241.196 - - [17/Aug/2023:10:08:19 +0800] "GET /xingrg/kc/buy/cgsh_order_operate.html?command=get_materiel&rest_code=00102&code=00101006144&supplier_code=00100096&order_time=2023-08-17 HTTP/1.1" 200 411
124.78.155.92 - - [17/Aug/2023:10:08:19 +0800] "GET /xingrg/all/function/internal_message.html?_=1692238097017&CODE_STATE=getMsg HTTP/1.1" 200 27
222.70.180.200 - - [17/Aug/2023:10:08:23 +0800] "GET /xingrg/kc/buy/cgsh_order_operate.html?command=get_materiel&rest_code=00111&code=00101008108&supplier_code=00100005&order_time=2023-08-17 HTTP/1.1" 200 412
222.70.180.200 - - [17/Aug/2023:10:08:29 +0800] "GET /xingrg/all/function/internal_message.html?_=1692238109300&CODE_STATE=getMsg HTTP/1.1" 200 27
180.152.241.196 - - [17/Aug/2023:10:08:29 +0800] "GET /xingrg/kc/buy/cgsh_order_operate.html?command=get_materiel&rest_code=00102&code=00101006111&supplier_code=00100096&order_time=2023-08-17 HTTP/1.1" 200 409
222.70.180.200 - - [17/Aug/2023:10:08:33 +0800] "GET /xingrg/all/function/internal_message.html?_=1692238168270&CODE_STATE=getMsg HTTP/1.1" 200 27
101.83.145.37 - - [17/Aug/2023:10:08:33 +0800] "GET /xingrg/check_reg.html?_=1692237913003 HTTP/1.1" 200 22
101.83.145.37 - - [17/Aug/2023:10:08:33 +0800] "GET /xingrg/all/function/internal_message.html?_=1692237913006&CODE_STATE=getMsg HTTP/1.1" 200 27
180.152.241.196 - - [17/Aug/2023:10:08:33 +0800] "GET /xingrg/all/function/internal_message.html?_=1692238113150&CODE_STATE=getMsg HTTP/1.1" 200 27
120.253.135.82 - - [17/Aug/2023:10:08:36 +0800] "GET /xingrg/all/function/internal_message.html?_=1692237932854&CODE_STATE=getMsg HTTP/1.1" 200 27
116.232.195.127 - - [17/Aug/2023:10:08:36 +0800] "GET /xingrg/all/function/internal_message.html?_=1692238045389&CODE_STATE=getMsg HTTP/1.1" 200 27
101.83.240.215 - - [17/Aug/2023:10:08:37 +0800] "GET /xingrg/all/function/internal_message.html?_=1692238254318&CODE_STATE=getMsg HTTP/1.1" 200 27
180.152.241.196 - - [17/Aug/2023:10:08:42 +0800] "GET /xingrg/kc/buy/cgsh_order_operate.html?command=get_materiel&rest_code=00102&code=00101006109&supplier_code=00100096&order_time=2023-08-17 HTTP/1.1" 200 409
221.239.167.251 - - [17/Aug/2023:10:08:47 +0800] "GET /xingrg/all/function/internal_message.html?_=1692238126680&CODE_STATE=getMsg HTTP/1.1" 200 27
222.69.129.133 - - [17/Aug/2023:10:08:50 +0800] "GET /xingrg/all/function/internal_message.html?_=1692238129853&CODE_STATE=getMsg HTTP/1.1" 200 27
222.69.129.133 - - [17/Aug/2023:10:08:51 +0800] "GET /xingrg/check_reg.html?_=1692238130483 HTTP/1.1" 200 22
116.238.191.126 - - [17/Aug/2023:10:08:53 +0800] "GET /xingrg/all/function/internal_message.html?_=1692238132004&CODE_STATE=getMsg HTTP/1.1" 200 27
180.163.29.103 - - [17/Aug/2023:10:08:58 +0800] "GET /xingrg/check_reg.html?_=1692238078592 HTTP/1.1" 302 -
180.163.29.103 - - [17/Aug/2023:10:08:58 +0800] "GET /xingrg/login.html HTTP/1.1" 200 7641
180.169.147.146 - - [17/Aug/2023:10:08:58 +0800] "GET /xingrg/all/function/internal_message.html?_=1692238138587&CODE_STATE=getMsg HTTP/1.1" 200 27
180.163.30.100 - - [17/Aug/2023:10:08:58 +0800] "GET /xingrg/all/function/internal_message.html?_=1692238078590&CODE_STATE=getMsg HTTP/1.1" 302 -
180.163.30.100 - - [17/Aug/2023:10:08:58 +0800] "GET /xingrg/login.html HTTP/1.1" 200 7641
222.65.220.241 - - [17/Aug/2023:10:09:06 +0800] "GET /xingrg/all/function/internal_message.html?_=1692238146070&CODE_STATE=getMsg HTTP/1.1" 200 27
116.235.244.168 - - [17/Aug/2023:10:09:10 +0800] "GET /xingrg/all/function/internal_message.html?_=1692238161772&CODE_STATE=getMsg HTTP/1.1" 200 27
124.78.70.128 - - [17/Aug/2023:10:09:10 +0800] "GET /xingrg/all/function/internal_message.html?_=1692237602636&CODE_STATE=getMsg HTTP/1.1" 200 27
124.78.70.128 - - [17/Aug/2023:10:09:11 +0800] "GET /xingrg/check_reg.html?_=1692237603606 HTTP/1.1" 200 22
101.83.145.37 - - [17/Aug/2023:10:09:16 +0800] "GET /xingrg/all/function/internal_message.html?_=1692238157563&CODE_STATE=getMsg HTTP/1.1" 200 27
180.163.29.206 - - [17/Aug/2023:10:09:19 +0800] "GET /xingrg/all/function/internal_message.html?_=1692238097017&CODE_STATE=getMsg HTTP/1.1" 302 -
180.163.29.206 - - [17/Aug/2023:10:09:19 +0800] "GET /xingrg/login.html HTTP/1.1" 200 7641
124.78.155.92 - - [17/Aug/2023:10:09:19 +0800] "GET /xingrg/all/function/internal_message.html?_=1692238157003&CODE_STATE=getMsg HTTP/1.1" 200 27
222.70.180.200 - - [17/Aug/2023:10:09:29 +0800] "GET /xingrg/all/function/internal_message.html?_=1692238169290&CODE_STATE=getMsg HTTP/1.1" 200 27
222.70.180.200 - - [17/Aug/2023:10:09:29 +0800] "GET /xingrg/check_reg.html?_=1692238169292 HTTP/1.1" 200 22
222.70.180.200 - - [17/Aug/2023:10:09:33 +0800] "GET /xingrg/all/function/internal_message.html?_=1692238228269&CODE_STATE=getMsg HTTP/1.1" 200 27
101.83.145.37 - - [17/Aug/2023:10:09:33 +0800] "GET /xingrg/all/function/internal_message.html?_=1692237973005&CODE_STATE=getMsg HTTP/1.1" 200 27
180.152.241.196 - - [17/Aug/2023:10:09:33 +0800] "GET /xingrg/all/function/internal_message.html?_=1692238173151&CODE_STATE=getMsg HTTP/1.1" 200 27
120.253.135.82 - - [17/Aug/2023:10:09:36 +0800] "GET /xingrg/all/function/internal_message.html?_=1692237992868&CODE_STATE=getMsg HTTP/1.1" 200 27
116.232.195.127 - - [17/Aug/2023:10:09:36 +0800] "GET /xingrg/all/function/internal_message.html?_=1692238105373&CODE_STATE=getMsg HTTP/1.1" 200 27
101.83.240.215 - - [17/Aug/2023:10:09:37 +0800] "GET /xingrg/all/function/internal_message.html?_=1692238314332&CODE_STATE=getMsg HTTP/1.1" 200 27
101.83.240.215 - - [17/Aug/2023:10:09:37 +0800] "GET /xingrg/check_reg.html?_=1692238314334 HTTP/1.1" 200 22
221.239.167.251 - - [17/Aug/2023:10:09:47 +0800] "GET /xingrg/all/function/internal_message.html?_=1692238186679&CODE_STATE=getMsg HTTP/1.1" 200 27
222.69.129.133 - - [17/Aug/2023:10:09:50 +0800] "GET /xingrg/all/function/internal_message.html?_=1692238189827&CODE_STATE=getMsg HTTP/1.1" 200 27
116.238.191.126 - - [17/Aug/2023:10:09:53 +0800] "GET /xingrg/all/function/internal_message.html?_=1692238192006&CODE_STATE=getMsg HTTP/1.1" 200 27
180.163.28.114 - - [17/Aug/2023:10:09:58 +0800] "GET /xingrg/all/function/internal_message.html?_=1692238138587&CODE_STATE=getMsg HTTP/1.1" 302 -
180.163.28.114 - - [17/Aug/2023:10:09:58 +0800] "GET /xingrg/login.html HTTP/1.1" 200 7641
180.169.147.146 - - [17/Aug/2023:10:09:58 +0800] "GET /xingrg/all/function/internal_message.html?_=1692238198603&CODE_STATE=getMsg HTTP/1.1" 200 27
222.70.180.200 - - [17/Aug/2023:10:10:01 +0800] "GET /xingrg/kc/buy/cgsh_order_operate.html?command=get_materiel&rest_code=00111&code=00101008370&supplier_code=00100005&order_time=2023-08-17 HTTP/1.1" 200 414
180.152.241.196 - - [17/Aug/2023:10:10:02 +0800] "GET /xingrg/kc/buy/cgsh_order_operate.html?command=get_materiel&rest_code=00102&code=00101006129&supplier_code=00100096&order_time=2023-08-17 HTTP/1.1" 200 441
222.65.220.241 - - [17/Aug/2023:10:10:06 +0800] "GET /xingrg/all/function/internal_message.html?_=1692238206079&CODE_STATE=getMsg HTTP/1.1" 200 27
222.65.220.241 - - [17/Aug/2023:10:10:06 +0800] "GET /xingrg/check_reg.html?_=1692238206343 HTTP/1.1" 200 22
116.235.244.168 - - [17/Aug/2023:10:10:10 +0800] "GET /xingrg/all/function/internal_message.html?_=1692238221888&CODE_STATE=getMsg HTTP/1.1" 200 27
124.78.70.128 - - [17/Aug/2023:10:10:10 +0800] "GET /xingrg/all/function/internal_message.html?_=1692237662610&CODE_STATE=getMsg HTTP/1.1" 200 27
101.83.145.37 - - [17/Aug/2023:10:10:16 +0800] "GET /xingrg/all/function/internal_message.html?_=1692238217564&CODE_STATE=getMsg HTTP/1.1" 200 27
101.83.145.37 - - [17/Aug/2023:10:10:16 +0800] "GET /xingrg/check_reg.html?_=1692238217567 HTTP/1.1" 200 22
124.78.155.92 - - [17/Aug/2023:10:10:19 +0800] "GET /xingrg/all/function/internal_message.html?_=1692238216977&CODE_STATE=getMsg HTTP/1.1" 200 27
180.152.241.196 - - [17/Aug/2023:10:10:20 +0800] "GET /xingrg/kc/buy/cgsh_order_operate.html?command=get_materiel&rest_code=00102&code=00101006056&supplier_code=00100096&order_time=2023-08-17 HTTP/1.1" 200 413
222.70.180.200 - - [17/Aug/2023:10:10:29 +0800] "GET /xingrg/all/function/internal_message.html?_=1692238229293&CODE_STATE=getMsg HTTP/1.1" 200 27
222.70.180.200 - - [17/Aug/2023:10:10:33 +0800] "GET /xingrg/check_reg.html?_=1692238288261 HTTP/1.1" 200 22
222.70.180.200 - - [17/Aug/2023:10:10:33 +0800] "GET /xingrg/all/function/internal_message.html?_=1692238288262&CODE_STATE=getMsg HTTP/1.1" 200 27
101.83.145.37 - - [17/Aug/2023:10:10:33 +0800] "GET /xingrg/all/function/internal_message.html?_=1692238033005&CODE_STATE=getMsg HTTP/1.1" 200 27
180.152.241.196 - - [17/Aug/2023:10:10:33 +0800] "GET /xingrg/all/function/internal_message.html?_=1692238233131&CODE_STATE=getMsg HTTP/1.1" 200 27
116.232.195.127 - - [17/Aug/2023:10:10:35 +0800] "GET /xingrg/check_reg.html?_=1692238163810 HTTP/1.1" 200 22
120.253.135.82 - - [17/Aug/2023:10:10:36 +0800] "GET /xingrg/all/function/internal_message.html?_=1692238052882&CODE_STATE=getMsg HTTP/1.1" 200 27
116.232.195.127 - - [17/Aug/2023:10:10:36 +0800] "GET /xingrg/all/function/internal_message.html?_=1692238165362&CODE_STATE=getMsg HTTP/1.1" 200 27
101.83.240.215 - - [17/Aug/2023:10:10:37 +0800] "GET /xingrg/all/function/internal_message.html?_=1692238374333&CODE_STATE=getMsg HTTP/1.1" 200 27
221.239.167.251 - - [17/Aug/2023:10:10:47 +0800] "GET /xingrg/all/function/internal_message.html?_=1692238246682&CODE_STATE=getMsg HTTP/1.1" 200 27
180.152.241.196 - - [17/Aug/2023:10:10:49 +0800] "POST /xingrg/kc/buy/cgsh_order_operate.html HTTP/1.1" 200 37
222.69.129.133 - - [17/Aug/2023:10:10:50 +0800] "GET /xingrg/all/function/internal_message.html?_=1692238249799&CODE_STATE=getMsg HTTP/1.1" 200 27
116.238.191.126 - - [17/Aug/2023:10:10:54 +0800] "GET /xingrg/check_reg.html?_=1692238252007 HTTP/1.1" 200 22
116.238.191.126 - - [17/Aug/2023:10:10:54 +0800] "GET /xingrg/all/function/internal_message.html?_=1692238252012&CODE_STATE=getMsg HTTP/1.1" 200 27
180.163.29.206 - - [17/Aug/2023:10:10:58 +0800] "GET /xingrg/all/function/internal_message.html?_=1692238198603&CODE_STATE=getMsg HTTP/1.1" 302 -
180.163.29.206 - - [17/Aug/2023:10:10:58 +0800] "GET /xingrg/login.html HTTP/1.1" 200 7641
180.169.147.146 - - [17/Aug/2023:10:10:58 +0800] "GET /xingrg/all/function/internal_message.html?_=1692238258589&CODE_STATE=getMsg HTTP/1.1" 200 27
222.65.220.241 - - [17/Aug/2023:10:11:06 +0800] "GET /xingrg/all/function/internal_message.html?_=1692238266079&CODE_STATE=getMsg HTTP/1.1" 200 27
116.235.244.168 - - [17/Aug/2023:10:11:10 +0800] "GET /xingrg/all/function/internal_message.html?_=1692238281893&CODE_STATE=getMsg HTTP/1.1" 200 27
124.78.70.128 - - [17/Aug/2023:10:11:10 +0800] "GET /xingrg/all/function/internal_message.html?_=1692237722590&CODE_STATE=getMsg HTTP/1.1" 200 27
180.152.241.196 - - [17/Aug/2023:10:11:13 +0800] "POST /xingrg/kc/buy/cgsh_order_operate.html HTTP/1.1" 200 12
101.83.145.37 - - [17/Aug/2023:10:11:16 +0800] "GET /xingrg/all/function/internal_message.html?_=1692238277569&CODE_STATE=getMsg HTTP/1.1" 200 27
180.152.241.196 - - [17/Aug/2023:10:11:17 +0800] "GET /xingrg/kc/buy/cgsh_order_info.html?code=212023081706786 HTTP/1.1" 200 66791
180.152.241.196 - - [17/Aug/2023:10:11:17 +0800] "GET /xingrg/javascript/easyui/themes/default/validatebox.css HTTP/1.1" 404 1104
180.152.241.196 - - [17/Aug/2023:10:11:19 +0800] "POST /xingrg/kc/buy/cgsh_order_operate.html HTTP/1.1" 200 4189
180.163.29.217 - - [17/Aug/2023:10:11:19 +0800] "GET /xingrg/all/function/internal_message.html?_=1692238216977&CODE_STATE=getMsg HTTP/1.1" 302 -
