120.253.135.82 - - [17/Aug/2023:10:47:35 +0800] "GET /xingrg/check_reg.html?_=1692240272825 HTTP/1.1" 200 22
116.232.195.127 - - [17/Aug/2023:10:47:36 +0800] "GET /xingrg/all/function/internal_message.html?_=1692240384695&CODE_STATE=getMsg HTTP/1.1" 200 27
120.253.135.82 - - [17/Aug/2023:10:47:36 +0800] "GET /xingrg/all/function/internal_message.html?_=1692240273385&CODE_STATE=getMsg HTTP/1.1" 200 27
101.83.240.215 - - [17/Aug/2023:10:47:37 +0800] "GET /xingrg/all/function/internal_message.html?_=1692240594334&CODE_STATE=getMsg HTTP/1.1" 200 27
116.238.191.126 - - [17/Aug/2023:10:47:37 +0800] "GET /xingrg/all/function/internal_message.html?_=1692240456019&CODE_STATE=getMsg HTTP/1.1" 200 27
124.78.70.128 - - [17/Aug/2023:10:47:44 +0800] "GET /xingrg/kc/buy/cgsh_order_operate.html?command=get_materiel&rest_code=00141&code=00101008010&supplier_code=00100007&order_time=2023-08-17 HTTP/1.1" 200 412
124.78.155.92 - - [17/Aug/2023:10:47:45 +0800] "GET /xingrg/kc/base/wldb_order_operate.html?command=get_materiel&rest_code=00106&base_code=0010396&code=00101019071 HTTP/1.1" 200 471
222.65.220.241 - - [17/Aug/2023:10:47:45 +0800] "GET /xingrg/kc/buy/cgsh_order_operate.html?command=get_materiel&rest_code=00108&code=00101009113&supplier_code=00100007&order_time=2023-08-17 HTTP/1.1" 200 412
221.239.167.251 - - [17/Aug/2023:10:47:47 +0800] "GET /xingrg/all/function/internal_message.html?_=1692240466731&CODE_STATE=getMsg HTTP/1.1" 200 27
124.78.70.128 - - [17/Aug/2023:10:47:57 +0800] "GET /xingrg/kc/buy/cgsh_order_operate.html?command=get_materiel&rest_code=00141&code=00101008119&supplier_code=00100007&order_time=2023-08-17 HTTP/1.1" 200 412
180.163.29.217 - - [17/Aug/2023:10:47:58 +0800] "GET /xingrg/all/function/internal_message.html?_=1692240418613&CODE_STATE=getMsg HTTP/1.1" 302 -
180.163.29.217 - - [17/Aug/2023:10:47:58 +0800] "GET /xingrg/login.html HTTP/1.1" 200 7641
180.169.147.146 - - [17/Aug/2023:10:47:58 +0800] "GET /xingrg/check_reg.html?_=1692240478616 HTTP/1.1" 200 22
180.169.147.146 - - [17/Aug/2023:10:47:58 +0800] "GET /xingrg/all/function/internal_message.html?_=1692240478619&CODE_STATE=getMsg HTTP/1.1" 200 27
124.78.155.92 - - [17/Aug/2023:10:47:58 +0800] "GET /xingrg/kc/base/wldb_order_operate.html?command=get_materiel&rest_code=00106&base_code=0010396&code=00101019405 HTTP/1.1" 200 482
222.69.129.133 - - [17/Aug/2023:10:48:05 +0800] "GET /xingrg/all/function/internal_message.html?_=1692240484058&CODE_STATE=getMsg HTTP/1.1" 200 27
222.65.220.241 - - [17/Aug/2023:10:48:06 +0800] "GET /xingrg/all/function/internal_message.html?_=1692240486093&CODE_STATE=getMsg HTTP/1.1" 200 27
124.78.155.92 - - [17/Aug/2023:10:48:07 +0800] "GET /xingrg/all/function/internal_message.html?_=1692240486750&CODE_STATE=getMsg HTTP/1.1" 200 27
124.78.70.128 - - [17/Aug/2023:10:48:09 +0800] "GET /xingrg/all/function/internal_message.html?_=1692239941809&CODE_STATE=getMsg HTTP/1.1" 200 27
116.235.244.168 - - [17/Aug/2023:10:48:11 +0800] "GET /xingrg/all/function/internal_message.html?_=1692240503129&CODE_STATE=getMsg HTTP/1.1" 200 27
124.78.155.92 - - [17/Aug/2023:10:48:11 +0800] "GET /xingrg/kc/base/wldb_order_operate.html?command=get_materiel&rest_code=00106&base_code=0010396&code=00101019400 HTTP/1.1" 200 465
124.78.70.128 - - [17/Aug/2023:10:48:13 +0800] "GET /xingrg/kc/buy/cgsh_order_operate.html?command=get_materiel&rest_code=00141&code=00101008095&supplier_code=00100007&order_time=2023-08-17 HTTP/1.1" 200 412
101.83.145.37 - - [17/Aug/2023:10:48:16 +0800] "GET /xingrg/all/function/internal_message.html?_=1692240497613&CODE_STATE=getMsg HTTP/1.1" 200 27
124.78.155.92 - - [17/Aug/2023:10:48:19 +0800] "GET /xingrg/all/function/internal_message.html?_=1692240496121&CODE_STATE=getMsg HTTP/1.1" 200 27
124.78.155.92 - - [17/Aug/2023:10:48:20 +0800] "GET /xingrg/kc/base/wldb_order_operate.html?command=get_materiel&rest_code=00106&base_code=0010396&code=00101019359 HTTP/1.1" 200 461
124.78.70.128 - - [17/Aug/2023:10:48:22 +0800] "GET /xingrg/kc/buy/cgsh_order_operate.html?command=get_materiel&rest_code=00141&code=00101008355&supplier_code=00100007&order_time=2023-08-17 HTTP/1.1" 200 408
116.235.94.33 - - [17/Aug/2023:10:48:24 +0800] "GET /xingrg/all/function/internal_message.html?_=1692240795654&CODE_STATE=getMsg HTTP/1.1" 200 27
124.78.155.92 - - [17/Aug/2023:10:48:27 +0800] "POST /xingrg/kc/buy/cgsh_order_operate.html HTTP/1.1" 200 37
222.70.180.200 - - [17/Aug/2023:10:48:29 +0800] "GET /xingrg/all/function/internal_message.html?_=1692240509247&CODE_STATE=getMsg HTTP/1.1" 200 27
124.78.70.128 - - [17/Aug/2023:10:48:31 +0800] "GET /xingrg/kc/buy/cgsh_order_operate.html?command=get_materiel&rest_code=00141&code=00101008264&supplier_code=00100007&order_time=2023-08-17 HTTP/1.1" 200 412
222.70.180.200 - - [17/Aug/2023:10:48:33 +0800] "GET /xingrg/all/function/internal_message.html?_=1692240568270&CODE_STATE=getMsg HTTP/1.1" 200 27
101.83.145.37 - - [17/Aug/2023:10:48:33 +0800] "GET /xingrg/check_reg.html?_=1692240313064 HTTP/1.1" 200 22
101.83.145.37 - - [17/Aug/2023:10:48:33 +0800] "GET /xingrg/all/function/internal_message.html?_=1692240313067&CODE_STATE=getMsg HTTP/1.1" 200 27
180.152.241.196 - - [17/Aug/2023:10:48:33 +0800] "GET /xingrg/all/function/internal_message.html?_=1692240513147&CODE_STATE=getMsg HTTP/1.1" 200 27
124.78.155.92 - - [17/Aug/2023:10:48:33 +0800] "GET /xingrg/kc/base/wldb_order_operate.html?command=get_materiel&rest_code=00106&base_code=0010396&code=00101016094 HTTP/1.1" 200 470
116.232.195.127 - - [17/Aug/2023:10:48:36 +0800] "GET /xingrg/all/function/internal_message.html?_=1692240444684&CODE_STATE=getMsg HTTP/1.1" 200 27
120.253.135.82 - - [17/Aug/2023:10:48:36 +0800] "GET /xingrg/all/function/internal_message.html?_=1692240333397&CODE_STATE=getMsg HTTP/1.1" 200 27
101.83.240.215 - - [17/Aug/2023:10:48:37 +0800] "GET /xingrg/all/function/internal_message.html?_=1692240654322&CODE_STATE=getMsg HTTP/1.1" 200 27
116.238.191.126 - - [17/Aug/2023:10:48:37 +0800] "GET /xingrg/all/function/internal_message.html?_=1692240515999&CODE_STATE=getMsg HTTP/1.1" 200 27
124.78.70.128 - - [17/Aug/2023:10:48:39 +0800] "GET /xingrg/kc/buy/cgsh_order_operate.html?command=get_materiel&rest_code=00141&code=00101008356&supplier_code=00100007&order_time=2023-08-17 HTTP/1.1" 200 409
222.65.220.241 - - [17/Aug/2023:10:48:41 +0800] "GET /xingrg/login.html HTTP/1.1" 200 7641
222.65.220.241 - - [17/Aug/2023:10:48:41 +0800] "GET /xingrg/images/blue/jxLogo.png HTTP/1.1" 200 6156
222.65.220.241 - - [17/Aug/2023:10:48:41 +0800] "GET /xingrg/images/blue/hj.png HTTP/1.1" 200 1014
222.65.220.241 - - [17/Aug/2023:10:48:41 +0800] "GET /xingrg/images/blue/srbg.png HTTP/1.1" 200 138
222.65.220.241 - - [17/Aug/2023:10:48:41 +0800] "GET /xingrg/images/blue/login_bg.png HTTP/1.1" 200 22101
222.65.220.241 - - [17/Aug/2023:10:48:41 +0800] "GET /favicon.ico HTTP/1.1" 404 -
124.78.155.92 - - [17/Aug/2023:10:48:45 +0800] "POST /xingrg/kc/buy/cgsh_order_operate.html HTTP/1.1" 200 12
221.239.167.251 - - [17/Aug/2023:10:48:47 +0800] "GET /xingrg/all/function/internal_message.html?_=1692240526749&CODE_STATE=getMsg HTTP/1.1" 200 27
124.78.70.128 - - [17/Aug/2023:10:48:47 +0800] "GET /xingrg/kc/buy/cgsh_order_operate.html?command=get_materiel&rest_code=00141&code=00101008137&supplier_code=00100007&order_time=2023-08-17 HTTP/1.1" 200 408
124.78.155.92 - - [17/Aug/2023:10:48:48 +0800] "GET /xingrg/kc/buy/cgsh_order_info.html?code=212023081706744 HTTP/1.1" 200 66770
124.78.155.92 - - [17/Aug/2023:10:48:49 +0800] "GET /xingrg/words/20230816133657_words.js HTTP/1.1" 304 -
222.65.220.241 - - [17/Aug/2023:10:48:50 +0800] "POST /xingrg/login.do HTTP/1.1" 302 -
222.65.220.241 - - [17/Aug/2023:10:48:50 +0800] "GET /xingrg/index.html?sysBaseUrl=http%3A%2F%2F180.169.147.146%3A18081%2Fxingrg%2F&costTime=1016×tamp=1692240530075 HTTP/1.1" 200 17183
222.65.220.241 - - [17/Aug/2023:10:48:50 +0800] "GET /xingrg/css/form.css HTTP/1.1" 200 893
222.65.220.241 - - [17/Aug/2023:10:48:50 +0800] "GET /xingrg/javascript/jquery_easy_ui/themes/icon.css HTTP/1.1" 200 3949
222.65.220.241 - - [17/Aug/2023:10:48:50 +0800] "GET /xingrg/javascript/jquery_easy_ui/jquery.easyui.min.js HTTP/1.1" 200 213662
222.65.220.241 - - [17/Aug/2023:10:48:50 +0800] "GET /xingrg/javascript/jquery_easy_ui/themes/default/easyui.css HTTP/1.1" 200 26500
222.65.220.241 - - [17/Aug/2023:10:48:50 +0800] "GET /xingrg/javascript/jquery-1.4.2.min.js HTTP/1.1" 200 72205
222.65.220.241 - - [17/Aug/2023:10:48:50 +0800] "GET /xingrg/javascript/jquery_easy_ui/easyui-lang-zh_CN.js HTTP/1.1" 200 1900
222.65.220.241 - - [17/Aug/2023:10:48:50 +0800] "GET /xingrg/javascript/jquery.form.js HTTP/1.1" 200 23110
222.65.220.241 - - [17/Aug/2023:10:48:50 +0800] "GET /xingrg/javascript/jquery.timers.js HTTP/1.1" 200 3532
222.65.220.241 - - [17/Aug/2023:10:48:50 +0800] "GET /xingrg/javascript/jquery.utils.js HTTP/1.1" 200 11805
222.65.220.241 - - [17/Aug/2023:10:48:50 +0800] "GET /favicon.ico HTTP/1.1" 404 -
222.65.220.241 - - [17/Aug/2023:10:48:50 +0800] "GET /xingrg/images/blue/navBackgound.jpg HTTP/1.1" 200 12378
222.65.220.241 - - [17/Aug/2023:10:48:50 +0800] "GET /xingrg/javascript/jquery_easy_ui/themes/icons/settle_new.png HTTP/1.1" 200 826
124.78.155.92 - - [17/Aug/2023:10:48:50 +0800] "GET /xingrg/kc/base/wldb_order_operate.html?command=get_materiel&rest_code=00106&base_code=0010396&code=00101027001 HTTP/1.1" 200 472
222.65.220.241 - - [17/Aug/2023:10:48:50 +0800] "GET /xingrg/javascript/jquery_easy_ui/themes/default/images/panel_tool_collapse.gif HTTP/1.1" 200 246
222.65.220.241 - - [17/Aug/2023:10:48:50 +0800] "GET /xingrg/all/function/internal_message.html?_=1692240530272&CODE_STATE=count HTTP/1.1" 200 11
222.65.220.241 - - [17/Aug/2023:10:48:50 +0800] "GET /xingrg/images/blue/pingpu.png HTTP/1.1" 200 231
222.65.220.241 - - [17/Aug/2023:10:48:50 +0800] "GET /xingrg/check_reg.html?_=1692240530273 HTTP/1.1" 200 22
222.65.220.241 - - [17/Aug/2023:10:48:50 +0800] "GET /xingrg/javascript/jquery_easy_ui/themes/default/images/tabs_leftarrow.png HTTP/1.1" 200 389
222.65.220.241 - - [17/Aug/2023:10:48:50 +0800] "GET /xingrg/javascript/jquery_easy_ui/themes/default/images/tabs_rightarrow.png HTTP/1.1" 200 395
222.65.220.241 - - [17/Aug/2023:10:48:50 +0800] "POST /xingrg/all/common/load_tree.html?tree=area_rest_tree_json&manage=1 HTTP/1.1" 200 357
222.65.220.241 - - [17/Aug/2023:10:48:50 +0800] "POST /xingrg/load_menu.html HTTP/1.1" 200 5138
222.65.220.241 - - [17/Aug/2023:10:48:50 +0800] "GET /xingrg/javascript/jquery_easy_ui/themes/default/images/tree_folder.gif HTTP/1.1" 200 952
222.65.220.241 - - [17/Aug/2023:10:48:50 +0800] "GET /xingrg/javascript/jquery_easy_ui/themes/icons/search_new.png HTTP/1.1" 200 586
222.65.220.241 - - [17/Aug/2023:10:48:50 +0800] "GET /xingrg/javascript/jquery_easy_ui/themes/default/images/tree_file.gif HTTP/1.1" 200 118
222.65.220.241 - - [17/Aug/2023:10:48:50 +0800] "GET /xingrg/javascript/jquery_easy_ui/themes/icons/forms_new.png HTTP/1.1" 200 350
222.65.220.241 - - [17/Aug/2023:10:48:50 +0800] "GET /xingrg/javascript/jquery_easy_ui/themes/icons/storage_new.png HTTP/1.1" 200 853
222.65.220.241 - - [17/Aug/2023:10:48:50 +0800] "GET /xingrg/javascript/jquery_easy_ui/themes/default/images/tree_folder_open.gif HTTP/1.1" 200 956
222.65.220.241 - - [17/Aug/2023:10:48:50 +0800] "GET /xingrg/javascript/jquery_easy_ui/themes/default/images/tree_arrows.gif HTTP/1.1" 200 1043
124.78.155.92 - - [17/Aug/2023:10:48:51 +0800] "GET /xingrg/javascript/easyui/themes/default/validatebox.css HTTP/1.1" 404 1104
124.78.155.92 - - [17/Aug/2023:10:48:52 +0800] "POST /xingrg/kc/buy/cgsh_order_operate.html HTTP/1.1" 200 30173
124.78.155.92 - - [17/Aug/2023:10:48:53 +0800] "GET /xingrg/kc/print/load_config.html?kc_code=cgsh HTTP/1.1" 200 1924
124.78.155.92 - - [17/Aug/2023:10:48:54 +0800] "GET /xingrg/kc/print/load_data.html?order_code=212023081706744&kc_code=cgsh&condition= HTTP/1.1" 200 11936
222.65.220.241 - - [17/Aug/2023:10:48:55 +0800] "GET /xingrg/javascript/jquery_easy_ui/themes/default/images/tabs_close.gif HTTP/1.1" 200 829
222.65.220.241 - - [17/Aug/2023:10:48:56 +0800] "GET /xingrg/kc/buy/cgsh_order_list.html HTTP/1.1" 200 56087
222.65.220.241 - - [17/Aug/2023:10:48:56 +0800] "GET /xingrg/css/base.css HTTP/1.1" 200 2811
222.65.220.241 - - [17/Aug/2023:10:48:56 +0800] "GET /xingrg/css/site.css HTTP/1.1" 200 7541
222.65.220.241 - - [17/Aug/2023:10:48:56 +0800] "GET /xingrg/javascript/jquery_tools/datebox.css HTTP/1.1" 200 2597
222.65.220.241 - - [17/Aug/2023:10:48:56 +0800] "GET /xingrg/javascript/easyui/themes/default/easyui.css HTTP/1.1" 200 30432
222.65.220.241 - - [17/Aug/2023:10:48:56 +0800] "GET /xingrg/javascript/easyui/themes/icon.css HTTP/1.1" 200 4483
222.65.220.241 - - [17/Aug/2023:10:48:56 +0800] "GET /xingrg/javascript/auto/jquery.autocomplete.css HTTP/1.1" 200 587
222.65.220.241 - - [17/Aug/2023:10:48:56 +0800] "GET /xingrg/javascript/jquery_tools/fix.css HTTP/1.1" 200 1702
222.65.220.241 - - [17/Aug/2023:10:48:56 +0800] "GET /xingrg/javascript/jquery_tools/table.css HTTP/1.1" 200 1032
222.65.220.241 - - [17/Aug/2023:10:48:56 +0800] "GET /xingrg/javascript/jquery_tools/jquery.tools.min.js HTTP/1.1" 200 138801
222.65.220.241 - - [17/Aug/2023:10:48:56 +0800] "GET /xingrg/javascript/jquery_tools/jquery.tools.extend.js HTTP/1.1" 200 15385
222.65.220.241 - - [17/Aug/2023:10:48:56 +0800] "GET /xingrg/javascript/jquery_tools/jquery.tools.hotkey.js HTTP/1.1" 200 3242
222.65.220.241 - - [17/Aug/2023:10:48:56 +0800] "GET /xingrg/javascript/jquery_tools/jquery.tools.table.js HTTP/1.1" 200 6994
222.65.220.241 - - [17/Aug/2023:10:48:56 +0800] "GET /xingrg/javascript/jquery_tools/list_manager.js HTTP/1.1" 200 3652
222.65.220.241 - - [17/Aug/2023:10:48:56 +0800] "GET /xingrg/javascript/auto/jquery.autocomplete.js HTTP/1.1" 200 21624
222.65.220.241 - - [17/Aug/2023:10:48:56 +0800] "GET /xingrg/javascript/easyui/easyloader.js HTTP/1.1" 200 5975
222.65.220.241 - - [17/Aug/2023:10:48:56 +0800] "GET /xingrg/javascript/jquery.cookie.js HTTP/1.1" 200 5513
222.65.220.241 - - [17/Aug/2023:10:48:56 +0800] "GET /xingrg/javascript/print/LodopFuncs.js HTTP/1.1" 200 5121
222.65.220.241 - - [17/Aug/2023:10:48:56 +0800] "GET /xingrg/javascript/easyui/themes/icons/cance_new.png HTTP/1.1" 200 3986
222.65.220.241 - - [17/Aug/2023:10:48:56 +0800] "GET /xingrg/javascript/easyui/themes/icons/check_new.png HTTP/1.1" 200 3224
222.65.220.241 - - [17/Aug/2023:10:48:56 +0800] "GET /xingrg/javascript/easyui/themes/icons/import_new.png HTTP/1.1" 200 1247
222.65.220.241 - - [17/Aug/2023:10:48:56 +0800] "GET /xingrg/javascript/easyui/themes/icons/field_new.png HTTP/1.1" 200 1097
222.65.220.241 - - [17/Aug/2023:10:48:56 +0800] "GET /xingrg/javascript/easyui/themes/icons/edit_add_new.png HTTP/1.1" 200 2997
222.65.220.241 - - [17/Aug/2023:10:48:56 +0800] "GET /xingrg/javascript/easyui/plugins/jquery.parser.js HTTP/1.1" 200 1142
222.65.220.241 - - [17/Aug/2023:10:48:56 +0800] "GET /xingrg/images/control/ajaxLoader.gif HTTP/1.1" 200 4659
180.169.147.146 - - [17/Aug/2023:10:48:58 +0800] "GET /xingrg/all/function/internal_message.html?_=1692240538611&CODE_STATE=getMsg HTTP/1.1" 200 27
124.78.70.128 - - [17/Aug/2023:10:48:59 +0800] "GET /xingrg/kc/buy/cgsh_order_operate.html?command=get_materiel&rest_code=00141&code=00101008740&supplier_code=00100007&order_time=2023-08-17 HTTP/1.1" 200 399
222.69.129.133 - - [17/Aug/2023:10:49:05 +0800] "GET /xingrg/all/function/internal_message.html?_=1692240544042&CODE_STATE=getMsg HTTP/1.1" 200 27
222.65.220.241 - - [17/Aug/2023:10:49:06 +0800] "POST /xingrg/kc/buy/cgsh_list_operate.html HTTP/1.1" 200 2750
124.78.155.92 - - [17/Aug/2023:10:49:06 +0800] "GET /xingrg/kc/print/load_data.html?order_code=212023081706744&kc_code=cgsh HTTP/1.1" 200 11936
124.78.155.92 - - [17/Aug/2023:10:49:07 +0800] "GET /xingrg/all/function/internal_message.html?_=1692240546765&CODE_STATE=getMsg HTTP/1.1" 200 27
124.78.70.128 - - [17/Aug/2023:10:49:07 +0800] "GET /xingrg/kc/buy/cgsh_order_operate.html?command=get_materiel&rest_code=00141&code=00101008077&supplier_code=00100007&order_time=2023-08-17 HTTP/1.1" 200 416
222.65.220.241 - - [17/Aug/2023:10:49:08 +0800] "GET /xingrg/javascript/easyui/themes/default/images/button_plain_hover.png HTTP/1.1" 200 144
222.65.220.241 - - [17/Aug/2023:10:49:09 +0800] "GET /xingrg/kc/buy/cgsh_order_add.html HTTP/1.1" 200 71951
222.65.220.241 - - [17/Aug/2023:10:49:09 +0800] "GET /xingrg/javascript/pic_change.js HTTP/1.1" 200 4739
222.65.220.241 - - [17/Aug/2023:10:49:09 +0800] "GET /xingrg/javascript/jquery_tools/order_manager.js HTTP/1.1" 200 11183
222.65.220.241 - - [17/Aug/2023:10:49:09 +0800] "GET /xingrg/javascript/json2.js HTTP/1.1" 200 11259
222.65.220.241 - - [17/Aug/2023:10:49:09 +0800] "GET /xingrg/javascript/convert.js HTTP/1.1" 200 1239
222.65.220.241 - - [17/Aug/2023:10:49:09 +0800] "GET /xingrg/javascript/print/kc_print.js HTTP/1.1" 200 11415
222.65.220.241 - - [17/Aug/2023:10:49:09 +0800] "GET /xingrg/words/20230816133657_words.js HTTP/1.1" 200 982717
222.65.220.241 - - [17/Aug/2023:10:49:09 +0800] "GET /xingrg/javascript/easyui/themes/default/images/menu_downarrow.png HTTP/1.1" 200 173
222.65.220.241 - - [17/Aug/2023:10:49:09 +0800] "GET /xingrg/javascript/easyui/themes/icons/ok.png HTTP/1.1" 200 883
222.65.220.241 - - [17/Aug/2023:10:49:09 +0800] "GET /xingrg/javascript/easyui/themes/icons/template_new.png HTTP/1.1" 200 3956
222.65.220.241 - - [17/Aug/2023:10:49:09 +0800] "GET /xingrg/javascript/easyui/themes/icons/cancel.png HTTP/1.1" 200 1133
222.65.220.241 - - [17/Aug/2023:10:49:09 +0800] "GET /xingrg/javascript/easyui/themes/icons/print.png HTTP/1.1" 200 1057
222.65.220.241 - - [17/Aug/2023:10:49:09 +0800] "GET /xingrg/javascript/easyui/themes/icons/copy_new.png HTTP/1.1" 200 815
124.78.70.128 - - [17/Aug/2023:10:49:09 +0800] "GET /xingrg/all/function/internal_message.html?_=1692240001781&CODE_STATE=getMsg HTTP/1.1" 200 27
222.65.220.241 - - [17/Aug/2023:10:49:09 +0800] "POST /xingrg/kc/buy/cgsh_order_operate.html HTTP/1.1" 200 8245
222.65.220.241 - - [17/Aug/2023:10:49:09 +0800] "GET /xingrg/javascript/easyui/themes/default/validatebox.css HTTP/1.1" 404 1104
222.65.220.241 - - [17/Aug/2023:10:49:09 +0800] "GET /xingrg/javascript/easyui/plugins/jquery.validatebox.js HTTP/1.1" 200 6103
222.65.220.241 - - [17/Aug/2023:10:49:09 +0800] "GET /xingrg/all/common/auto_word.html?type=employee&rest_code=00108 HTTP/1.1" 200 101
222.65.220.241 - - [17/Aug/2023:10:49:09 +0800] "GET /xingrg/javascript/easyui/plugins/jquery.numberbox.js HTTP/1.1" 200 5213
222.65.220.241 - - [17/Aug/2023:10:49:09 +0800] "GET /xingrg/javascript/easyui/themes/icons/edit_remove.png HTTP/1.1" 200 625
222.65.220.241 - - [17/Aug/2023:10:49:09 +0800] "GET /xingrg/all/common/auto_word.html?type=employee&rest_code=00108 HTTP/1.1" 200 101
222.65.220.241 - - [17/Aug/2023:10:49:11 +0800] "GET /xingrg/javascript/auto/indicator.gif HTTP/1.1" 404 1066
116.235.244.168 - - [17/Aug/2023:10:49:11 +0800] "GET /xingrg/all/function/internal_message.html?_=1692240563143&CODE_STATE=getMsg HTTP/1.1" 200 27
124.78.70.128 - - [17/Aug/2023:10:49:11 +0800] "GET /xingrg/check_reg.html?_=1692240003726 HTTP/1.1" 200 22
124.78.155.92 - - [17/Aug/2023:10:49:12 +0800] "POST /xingrg/kc/base/wldb_order_operate.html HTTP/1.1" 200 37
124.78.155.92 - - [17/Aug/2023:10:49:14 +0800] "POST /xingrg/kc/base/wldb_order_operate.html HTTP/1.1" 200 5726
124.78.155.92 - - [17/Aug/2023:10:49:14 +0800] "GET /xingrg/kc/base/wldb_order_info.html?code=422023081701804 HTTP/1.1" 200 30513
124.78.155.92 - - [17/Aug/2023:10:49:14 +0800] "GET /xingrg/javascript/easyui/themes/default/validatebox.css HTTP/1.1" 404 1104
124.78.155.92 - - [17/Aug/2023:10:49:15 +0800] "POST /xingrg/kc/base/wldb_order_operate.html HTTP/1.1" 200 5726
101.83.145.37 - - [17/Aug/2023:10:49:16 +0800] "GET /xingrg/all/function/internal_message.html?_=1692240557639&CODE_STATE=getMsg HTTP/1.1" 200 27
124.78.155.92 - - [17/Aug/2023:10:49:18 +0800] "GET /xingrg/all/function/internal_message.html?_=1692240556119&CODE_STATE=getMsg HTTP/1.1" 200 27
180.163.29.219 - - [17/Aug/2023:10:49:19 +0800] "GET /xingrg/all/function/internal_message.html?_=1692240496121&CODE_STATE=getMsg HTTP/1.1" 302 -
180.163.29.219 - - [17/Aug/2023:10:49:19 +0800] "GET /xingrg/login.html HTTP/1.1" 200 7641
124.78.155.92 - - [17/Aug/2023:10:49:22 +0800] "GET /xingrg/kc/base/wldb_order_add.html HTTP/1.1" 200 30498
124.78.155.92 - - [17/Aug/2023:10:49:22 +0800] "POST /xingrg/kc/base/wldb_order_operate.html HTTP/1.1" 200 6806
124.78.155.92 - - [17/Aug/2023:10:49:22 +0800] "GET /xingrg/javascript/easyui/themes/default/validatebox.css HTTP/1.1" 404 1104
116.235.94.33 - - [17/Aug/2023:10:49:24 +0800] "GET /xingrg/all/function/internal_message.html?_=1692240855660&CODE_STATE=getMsg HTTP/1.1" 200 27
124.78.155.92 - - [17/Aug/2023:10:49:24 +0800] "POST /xingrg/all/common/load_combo.html?type=base HTTP/1.1" 200 3227
124.78.70.128 - - [17/Aug/2023:10:49:25 +0800] "GET /xingrg/kc/buy/cgsh_order_operate.html?command=get_materiel&rest_code=00141&code=00101008357&supplier_code=00100007&order_time=2023-08-17 HTTP/1.1" 200 408
222.70.180.200 - - [17/Aug/2023:10:49:29 +0800] "GET /xingrg/all/function/internal_message.html?_=1692240569230&CODE_STATE=getMsg HTTP/1.1" 200 27
222.70.180.200 - - [17/Aug/2023:10:49:29 +0800] "GET /xingrg/check_reg.html?_=1692240569358 HTTP/1.1" 200 22
124.78.155.92 - - [17/Aug/2023:10:49:30 +0800] "POST /xingrg/all/common/load_combo.html?type=base HTTP/1.1" 200 3227
222.70.180.200 - - [17/Aug/2023:10:49:33 +0800] "GET /xingrg/all/function/internal_message.html?_=1692240628270&CODE_STATE=getMsg HTTP/1.1" 200 27
101.83.145.37 - - [17/Aug/2023:10:49:33 +0800] "GET /xingrg/all/function/internal_message.html?_=1692240373067&CODE_STATE=getMsg HTTP/1.1" 200 27
180.152.241.196 - - [17/Aug/2023:10:49:33 +0800] "GET /xingrg/all/function/internal_message.html?_=1692240573147&CODE_STATE=getMsg HTTP/1.1" 200 27
116.232.195.127 - - [17/Aug/2023:10:49:36 +0800] "GET /xingrg/all/function/internal_message.html?_=1692240504658&CODE_STATE=getMsg HTTP/1.1" 200 27
120.253.135.82 - - [17/Aug/2023:10:49:36 +0800] "GET /xingrg/all/function/internal_message.html?_=1692240393411&CODE_STATE=getMsg HTTP/1.1" 200 27
116.238.191.126 - - [17/Aug/2023:10:49:36 +0800] "GET /xingrg/check_reg.html?_=1692240574895 HTTP/1.1" 200 22
124.78.70.128 - - [17/Aug/2023:10:49:37 +0800] "GET /xingrg/kc/buy/cgsh_order_operate.html?command=get_materiel&rest_code=00141&code=00101008230&supplier_code=00100007&order_time=2023-08-17 HTTP/1.1" 200 408
101.83.240.215 - - [17/Aug/2023:10:49:37 +0800] "GET /xingrg/all/function/internal_message.html?_=1692240714330&CODE_STATE=getMsg HTTP/1.1" 200 27
101.83.240.215 - - [17/Aug/2023:10:49:37 +0800] "GET /xingrg/check_reg.html?_=1692240714334 HTTP/1.1" 200 22
116.238.191.126 - - [17/Aug/2023:10:49:37 +0800] "GET /xingrg/all/function/internal_message.html?_=1692240575978&CODE_STATE=getMsg HTTP/1.1" 200 27
124.78.155.92 - - [17/Aug/2023:10:49:43 +0800] "GET /xingrg/kc/base/wldb_order_operate.html?command=get_materiel&rest_code=00106&base_code=0010396&code=00101019079 HTTP/1.1" 200 478
221.239.167.251 - - [17/Aug/2023:10:49:47 +0800] "GET /xingrg/all/function/internal_message.html?_=1692240586728&CODE_STATE=getMsg HTTP/1.1" 200 27
222.65.220.241 - - [17/Aug/2023:10:49:50 +0800] "GET /xingrg/all/function/internal_message.html?_=1692240590278&CODE_STATE=getMsg HTTP/1.1" 200 27
124.78.70.128 - - [17/Aug/2023:10:49:55 +0800] "GET /xingrg/kc/buy/cgsh_order_operate.html?command=get_materiel&rest_code=00141&code=00101008286&supplier_code=00100007&order_time=2023-08-17 HTTP/1.1" 200 408
180.163.30.76 - - [17/Aug/2023:10:49:58 +0800] "GET /xingrg/all/function/internal_message.html?_=1692240538611&CODE_STATE=getMsg HTTP/1.1" 302 -
180.163.30.76 - - [17/Aug/2023:10:49:58 +0800] "GET /xingrg/login.html HTTP/1.1" 200 7641
180.169.147.146 - - [17/Aug/2023:10:49:58 +0800] "GET /xingrg/all/function/internal_message.html?_=1692240598617&CODE_STATE=getMsg HTTP/1.1" 200 27
222.69.129.133 - - [17/Aug/2023:10:50:05 +0800] "GET /xingrg/all/function/internal_message.html?_=1692240604022&CODE_STATE=getMsg HTTP/1.1" 200 27
124.78.155.92 - - [17/Aug/2023:10:50:05 +0800] "GET /xingrg/kc/base/wldb_order_operate.html?command=get_materiel&rest_code=00106&base_code=0010396&code=00101019258 HTTP/1.1" 200 483
180.163.30.85 - - [17/Aug/2023:10:50:06 +0800] "GET /xingrg/kc/print/load_data.html?order_code=212023081706744&kc_code=cgsh HTTP/1.1" 302 -
180.163.30.85 - - [17/Aug/2023:10:50:06 +0800] "GET /xingrg/login.html HTTP/1.1" 200 7641
124.78.70.128 - - [17/Aug/2023:10:50:07 +0800] "GET /xingrg/kc/buy/cgsh_order_operate.html?command=get_materiel&rest_code=00141&code=00101008131&supplier_code=00100007&order_time=2023-08-17 HTTP/1.1" 200 409
124.78.155.92 - - [17/Aug/2023:10:50:07 +0800] "GET /xingrg/all/function/internal_message.html?_=1692240606769&CODE_STATE=getMsg HTTP/1.1" 200 27
124.78.155.92 - - [17/Aug/2023:10:50:07 +0800] "GET /xingrg/kc/buy/cgsh_order_add.html HTTP/1.1" 200 71859
124.78.155.92 - - [17/Aug/2023:10:50:08 +0800] "POST /xingrg/kc/buy/cgsh_order_operate.html HTTP/1.1" 200 8245
124.78.155.92 - - [17/Aug/2023:10:50:08 +0800] "GET /xingrg/javascript/easyui/themes/default/validatebox.css HTTP/1.1" 404 1104
124.78.155.92 - - [17/Aug/2023:10:50:09 +0800] "GET /xingrg/javascript/easyui/themes/default/tree.css HTTP/1.1" 404 1090
124.78.70.128 - - [17/Aug/2023:10:50:09 +0800] "GET /xingrg/all/function/internal_message.html?_=1692240061762&CODE_STATE=getMsg HTTP/1.1" 200 27
124.78.155.92 - - [17/Aug/2023:10:50:10 +0800] "POST /xingrg/all/common/load_tree.html?tree=supplier_tree_json&isDelete=1 HTTP/1.1" 200 74790
116.235.244.168 - - [17/Aug/2023:10:50:11 +0800] "GET /xingrg/all/function/internal_message.html?_=1692240623266&CODE_STATE=getMsg HTTP/1.1" 200 27
180.152.241.196 - - [17/Aug/2023:10:50:15 +0800] "POST /xingrg/all/common/load_combo.html?type=base HTTP/1.1" 200 3321
101.83.145.37 - - [17/Aug/2023:10:50:16 +0800] "GET /xingrg/all/function/internal_message.html?_=1692240617640&CODE_STATE=getMsg HTTP/1.1" 200 27
101.83.145.37 - - [17/Aug/2023:10:50:16 +0800] "GET /xingrg/check_reg.html?_=1692240617644 HTTP/1.1" 200 22
124.78.70.128 - - [17/Aug/2023:10:50:17 +0800] "GET /xingrg/kc/buy/cgsh_order_operate.html?command=get_materiel&rest_code=00141&code=00101008005&supplier_code=00100007&order_time=2023-08-17 HTTP/1.1" 200 412
180.163.28.143 - - [17/Aug/2023:10:50:18 +0800] "GET /xingrg/all/function/internal_message.html?_=1692240556119&CODE_STATE=getMsg HTTP/1.1" 302 -
180.163.28.143 - - [17/Aug/2023:10:50:18 +0800] "GET /xingrg/login.html HTTP/1.1" 200 7641
124.78.155.92 - - [17/Aug/2023:10:50:18 +0800] "GET /xingrg/all/function/internal_message.html?_=1692240616111&CODE_STATE=getMsg HTTP/1.1" 200 27
116.235.94.33 - - [17/Aug/2023:10:50:24 +0800] "GET /xingrg/all/function/internal_message.html?_=1692240915658&CODE_STATE=getMsg HTTP/1.1" 200 27
124.78.155.92 - - [17/Aug/2023:10:50:24 +0800] "GET /xingrg/kc/base/wldb_order_operate.html?command=get_materiel&rest_code=00106&base_code=0010396&code=00101019187 HTTP/1.1" 200 479
124.78.70.128 - - [17/Aug/2023:10:50:27 +0800] "GET /xingrg/kc/buy/cgsh_order_operate.html?command=get_materiel&rest_code=00141&code=00101008271&supplier_code=00100007&order_time=2023-08-17 HTTP/1.1" 200 408
222.70.180.200 - - [17/Aug/2023:10:50:29 +0800] "GET /xingrg/all/function/internal_message.html?_=1692240629201&CODE_STATE=getMsg HTTP/1.1" 200 27
116.235.244.168 - - [17/Aug/2023:10:50:32 +0800] "GET /favicon.ico HTTP/1.1" 404 -
222.70.180.200 - - [17/Aug/2023:10:50:33 +0800] "GET /xingrg/check_reg.html?_=1692240688271 HTTP/1.1" 200 22
222.70.180.200 - - [17/Aug/2023:10:50:33 +0800] "GET /xingrg/all/function/internal_message.html?_=1692240688272&CODE_STATE=getMsg HTTP/1.1" 200 27
101.83.145.37 - - [17/Aug/2023:10:50:33 +0800] "GET /xingrg/all/function/internal_message.html?_=1692240433067&CODE_STATE=getMsg HTTP/1.1" 200 27
180.152.241.196 - - [17/Aug/2023:10:50:33 +0800] "GET /xingrg/all/function/internal_message.html?_=1692240633144&CODE_STATE=getMsg HTTP/1.1" 200 27
116.232.195.127 - - [17/Aug/2023:10:50:35 +0800] "GET /xingrg/check_reg.html?_=1692240563807 HTTP/1.1" 200 22
116.232.195.127 - - [17/Aug/2023:10:50:36 +0800] "GET /xingrg/all/function/internal_message.html?_=1692240564650&CODE_STATE=getMsg HTTP/1.1" 200 27
120.253.135.82 - - [17/Aug/2023:10:50:36 +0800] "GET /xingrg/all/function/internal_message.html?_=1692240453429&CODE_STATE=getMsg HTTP/1.1" 200 27
101.83.240.215 - - [17/Aug/2023:10:50:37 +0800] "GET /xingrg/all/function/internal_message.html?_=1692240774323&CODE_STATE=getMsg HTTP/1.1" 200 27
116.238.191.126 - - [17/Aug/2023:10:50:37 +0800] "GET /xingrg/all/function/internal_message.html?_=1692240635965&CODE_STATE=getMsg HTTP/1.1" 200 27
124.78.155.92 - - [17/Aug/2023:10:50:38 +0800] "GET /xingrg/kc/base/wldb_order_operate.html?command=get_materiel&rest_code=00106&base_code=0010396&code=00101013188 HTTP/1.1" 200 433
180.152.241.196 - - [17/Aug/2023:10:50:45 +0800] "GET /xingrg/kc/base/wldb_order_operate.html?command=get_materiel&rest_code=00102&base_code=0010476&code=00101019417 HTTP/1.1" 200 435
221.239.167.251 - - [17/Aug/2023:10:50:47 +0800] "GET /xingrg/all/function/internal_message.html?_=1692240646720&CODE_STATE=getMsg HTTP/1.1" 200 27
124.78.155.92 - - [17/Aug/2023:10:50:50 +0800] "GET /xingrg/kc/base/wldb_order_operate.html?command=get_materiel&rest_code=00106&base_code=0010396&code=00101013221 HTTP/1.1" 200 434
124.78.155.92 - - [17/Aug/2023:10:50:50 +0800] "GET /xingrg/kc/buy/cgsh_order_operate.html?command=get_materiel&rest_code=00106&code=00101008146&supplier_code=00100009&order_time=2023-08-17 HTTP/1.1" 200 416
222.65.220.241 - - [17/Aug/2023:10:50:50 +0800] "GET /xingrg/all/function/internal_message.html?_=1692240650293&CODE_STATE=getMsg HTTP/1.1" 200 27
124.78.70.128 - - [17/Aug/2023:10:50:54 +0800] "GET /xingrg/kc/buy/cgsh_order_operate.html?command=get_materiel&rest_code=00141&code=00101008213&supplier_code=00100007&order_time=2023-08-17 HTTP/1.1" 200 412
180.163.29.234 - - [17/Aug/2023:10:50:58 +0800] "GET /xingrg/all/function/internal_message.html?_=1692240598617&CODE_STATE=getMsg HTTP/1.1" 302 -
180.163.29.234 - - [17/Aug/2023:10:50:58 +0800] "GET /xingrg/login.html HTTP/1.1" 200 7641
180.169.147.146 - - [17/Aug/2023:10:50:58 +0800] "GET /xingrg/all/function/internal_message.html?_=1692240658606&CODE_STATE=getMsg HTTP/1.1" 200 27
124.78.70.128 - - [17/Aug/2023:10:50:59 +0800] "POST /xingrg/kc/buy/cgsh_order_operate.html HTTP/1.1" 200 2065
180.152.241.196 - - [17/Aug/2023:10:51:03 +0800] "GET /xingrg/kc/base/wldb_order_operate.html?command=get_materiel&rest_code=00102&base_code=0010476&code=00101013027 HTTP/1.1" 200 429
222.69.129.133 - - [17/Aug/2023:10:51:04 +0800] "GET /xingrg/all/function/internal_message.html?_=1692240664005&CODE_STATE=getMsg HTTP/1.1" 200 27
124.78.155.92 - - [17/Aug/2023:10:51:07 +0800] "GET /xingrg/check_reg.html?_=1692240666772 HTTP/1.1" 200 22
124.78.155.92 - - [17/Aug/2023:10:51:07 +0800] "GET /xingrg/all/function/internal_message.html?_=1692240666776&CODE_STATE=getMsg HTTP/1.1" 200 27
180.152.241.196 - - [17/Aug/2023:10:51:08 +0800] "GET /xingrg/kc/base/wldb_order_operate.html?command=get_materiel&rest_code=00102&base_code=0010476&code=00101013188 HTTP/1.1" 200 433
124.78.70.128 - - [17/Aug/2023:10:51:09 +0800] "GET /xingrg/all/function/internal_message.html?_=1692240121782&CODE_STATE=getMsg HTTP/1.1" 200 27
116.238.191.126 - - [17/Aug/2023:10:51:10 +0800] "POST /xingrg/all/user/operate.html HTTP/1.1" 200 36
116.238.191.126 - - [17/Aug/2023:10:51:11 +0800] "GET /xingrg/javascript/jquery_easy_ui/themes/default/easyui.css HTTP/1.1" 304 -
116.238.191.126 - - [17/Aug/2023:10:51:11 +0800] "GET /xingrg/javascript/jquery_easy_ui/themes/icon.css HTTP/1.1" 304 -
116.238.191.126 - - [17/Aug/2023:10:51:11 +0800] "GET /xingrg/css/form.css HTTP/1.1" 304 -
116.238.191.126 - - [17/Aug/2023:10:51:11 +0800] "GET /xingrg/javascript/jquery-1.4.2.min.js HTTP/1.1" 304 -
116.238.191.126 - - [17/Aug/2023:10:51:11 +0800] "GET /xingrg/javascript/jquery_easy_ui/jquery.easyui.min.js HTTP/1.1" 304 -
116.238.191.126 - - [17/Aug/2023:10:51:11 +0800] "GET /xingrg/javascript/jquery_easy_ui/easyui-lang-zh_CN.js HTTP/1.1" 304 -
116.238.191.126 - - [17/Aug/2023:10:51:11 +0800] "GET /xingrg/javascript/jquery.form.js HTTP/1.1" 304 -
116.238.191.126 - - [17/Aug/2023:10:51:11 +0800] "GET /xingrg/javascript/jquery.utils.js HTTP/1.1" 304 -
116.238.191.126 - - [17/Aug/2023:10:51:11 +0800] "GET /xingrg/javascript/jquery.timers.js HTTP/1.1" 304 -
116.238.191.126 - - [17/Aug/2023:10:51:11 +0800] "GET /xingrg/index.html?sysBaseUrl=http%3A%2F%2F180.169.147.146%3A18081%2Fxingrg%2F&costTime=889×tamp=1692233172715 HTTP/1.1" 200 17177
116.235.244.168 - - [17/Aug/2023:10:51:11 +0800] "GET /xingrg/all/function/internal_message.html?_=1692240683279&CODE_STATE=getMsg HTTP/1.1" 200 27
116.238.191.126 - - [17/Aug/2023:10:51:11 +0800] "GET /xingrg/images/blue/jxLogo.png HTTP/1.1" 304 -
116.238.191.126 - - [17/Aug/2023:10:51:11 +0800] "GET /xingrg/images/blue/navBackgound.jpg HTTP/1.1" 304 -
116.238.191.126 - - [17/Aug/2023:10:51:11 +0800] "GET /xingrg/javascript/jquery_easy_ui/themes/icons/settle_new.png HTTP/1.1" 304 -
116.238.191.126 - - [17/Aug/2023:10:51:11 +0800] "GET /xingrg/check_reg.html?_=1692240669907 HTTP/1.1" 200 22
116.238.191.126 - - [17/Aug/2023:10:51:11 +0800] "GET /xingrg/all/function/internal_message.html?_=1692240669906&CODE_STATE=count HTTP/1.1" 200 11
116.238.191.126 - - [17/Aug/2023:10:51:11 +0800] "GET /xingrg/javascript/jquery_easy_ui/themes/default/images/panel_tool_collapse.gif HTTP/1.1" 304 -
116.238.191.126 - - [17/Aug/2023:10:51:11 +0800] "GET /xingrg/javascript/jquery_easy_ui/themes/default/images/tabs_leftarrow.png HTTP/1.1" 304 -
116.238.191.126 - - [17/Aug/2023:10:51:11 +0800] "GET /xingrg/javascript/jquery_easy_ui/themes/default/images/tabs_rightarrow.png HTTP/1.1" 304 -
116.238.191.126 - - [17/Aug/2023:10:51:11 +0800] "GET /xingrg/images/blue/pingpu.png HTTP/1.1" 304 -
124.78.70.128 - - [17/Aug/2023:10:51:12 +0800] "GET /xingrg/kc/buy/cgsh_order_operate.html?command=get_materiel&rest_code=00141&code=00101008004&supplier_code=00100007&order_time=2023-08-17 HTTP/1.1" 200 416
116.238.191.126 - - [17/Aug/2023:10:51:12 +0800] "POST /xingrg/all/common/load_tree.html?tree=area_rest_tree_json&manage=1 HTTP/1.1" 200 476
124.78.155.92 - - [17/Aug/2023:10:51:13 +0800] "GET /xingrg/kc/buy/cgsh_order_operate.html?command=get_materiel&rest_code=00106&code=00101008147&supplier_code=00100009&order_time=2023-08-17 HTTP/1.1" 200 416
180.152.241.196 - - [17/Aug/2023:10:51:14 +0800] "GET /xingrg/kc/base/wldb_order_operate.html?command=get_materiel&rest_code=00102&base_code=0010476&code=00101013178 HTTP/1.1" 200 428
116.238.191.126 - - [17/Aug/2023:10:51:14 +0800] "POST /xingrg/load_menu.html HTTP/1.1" 200 5138
101.83.145.37 - - [17/Aug/2023:10:51:16 +0800] "GET /xingrg/all/function/internal_message.html?_=1692240677644&CODE_STATE=getMsg HTTP/1.1" 200 27
116.238.191.126 - - [17/Aug/2023:10:51:17 +0800] "GET /xingrg/kc/base/yddb_order_list.html HTTP/1.1" 200 16825
116.238.191.126 - - [17/Aug/2023:10:51:18 +0800] "POST /xingrg/kc/base/yddb_list_operate.html HTTP/1.1" 200 636
124.78.155.92 - - [17/Aug/2023:10:51:18 +0800] "GET /xingrg/all/function/internal_message.html?_=1692240676092&CODE_STATE=getMsg HTTP/1.1" 200 27
124.78.155.92 - - [17/Aug/2023:10:51:20 +0800] "GET /xingrg/check_reg.html?_=1692240677252 HTTP/1.1" 200 22
180.152.241.196 - - [17/Aug/2023:10:51:20 +0800] "GET /xingrg/kc/base/wldb_order_operate.html?command=get_materiel&rest_code=00102&base_code=0010476&code=00101013018 HTTP/1.1" 200 430
124.78.155.92 - - [17/Aug/2023:10:51:21 +0800] "GET /xingrg/kc/base/wldb_order_operate.html?command=get_materiel&rest_code=00106&base_code=0010396&code=00101019262 HTTP/1.1" 200 476
116.238.191.126 - - [17/Aug/2023:10:51:21 +0800] "GET /xingrg/dwr/interface/AjaxComOrderService.js HTTP/1.1" 200 18264
116.238.191.126 - - [17/Aug/2023:10:51:21 +0800] "GET /xingrg/dwr/interface/AjaxYddbService.js HTTP/1.1" 200 13201
116.238.191.126 - - [17/Aug/2023:10:51:21 +0800] "GET /xingrg/dwr/engine.js HTTP/1.1" 200 43631
116.238.191.126 - - [17/Aug/2023:10:51:21 +0800] "GET /xingrg/kc/base/yddb_order_add.html HTTP/1.1" 200 29953
222.65.220.241 - - [17/Aug/2023:10:51:21 +0800] "POST /xingrg/kc/buy/cgsh_order_operate.html HTTP/1.1" 200 2065
116.238.191.126 - - [17/Aug/2023:10:51:23 +0800] "POST /xingrg/dwr/call/plaincall/AjaxYddbService.getRestBases.dwr HTTP/1.1" 200 1649
116.235.94.33 - - [17/Aug/2023:10:51:24 +0800] "GET /xingrg/all/function/internal_message.html?_=1692240975657&CODE_STATE=getMsg HTTP/1.1" 200 27
180.152.241.196 - - [17/Aug/2023:10:51:26 +0800] "GET /xingrg/kc/base/wldb_order_operate.html?command=get_materiel&rest_code=00102&base_code=0010476&code=00101019400 HTTP/1.1" 200 465
120.253.135.82 - - [17/Aug/2023:10:51:26 +0800] "GET /xingrg/javascript/jquery_easy_ui/themes/default/images/button_plain_hover.png HTTP/1.1" 304 -
124.78.155.92 - - [17/Aug/2023:10:51:27 +0800] "POST /xingrg/kc/buy/cgsh_order_operate.html HTTP/1.1" 200 37
222.70.180.200 - - [17/Aug/2023:10:51:29 +0800] "GET /xingrg/all/function/internal_message.html?_=1692240689185&CODE_STATE=getMsg HTTP/1.1" 200 27
120.253.135.82 - - [17/Aug/2023:10:51:29 +0800] "GET /xingrg/kc/pszx/mdqp_order_list.html?state=10 HTTP/1.1" 200 10275
120.253.135.82 - - [17/Aug/2023:10:51:29 +0800] "GET /xingrg/dwr/interface/AjaxQqpsService.js HTTP/1.1" 200 16326
120.253.135.82 - - [17/Aug/2023:10:51:29 +0800] "GET /xingrg/dwr/interface/AjaxReportQueryService.js HTTP/1.1" 200 13203
120.253.135.82 - - [17/Aug/2023:10:51:29 +0800] "GET /xingrg/dwr/engine.js HTTP/1.1" 200 43631
116.238.191.126 - - [17/Aug/2023:10:51:32 +0800] "POST /xingrg/dwr/call/plaincall/AjaxYddbService.saveOrder.dwr HTTP/1.1" 200 78
222.70.180.200 - - [17/Aug/2023:10:51:33 +0800] "GET /xingrg/all/function/internal_message.html?_=1692240748270&CODE_STATE=getMsg HTTP/1.1" 200 27
124.78.70.128 - - [17/Aug/2023:10:51:33 +0800] "GET /xingrg/kc/buy/cgsh_order_operate.html?command=get_materiel&rest_code=00141&code=00101008411&supplier_code=00100007&order_time=2023-08-17 HTTP/1.1" 200 413
101.83.145.37 - - [17/Aug/2023:10:51:33 +0800] "GET /xingrg/all/function/internal_message.html?_=1692240493066&CODE_STATE=getMsg HTTP/1.1" 200 27
180.152.241.196 - - [17/Aug/2023:10:51:33 +0800] "GET /xingrg/all/function/internal_message.html?_=1692240693150&CODE_STATE=getMsg HTTP/1.1" 200 27
116.238.191.126 - - [17/Aug/2023:10:51:35 +0800] "GET /xingrg/images/yd/bt.gif HTTP/1.1" 404 1040
116.238.191.126 - - [17/Aug/2023:10:51:36 +0800] "POST /xingrg/dwr/call/plaincall/AjaxComOrderService.getMaterielSearchList.dwr HTTP/1.1" 200 424
116.232.195.127 - - [17/Aug/2023:10:51:36 +0800] "GET /xingrg/all/function/internal_message.html?_=1692240624629&CODE_STATE=getMsg HTTP/1.1" 200 27
116.238.191.126 - - [17/Aug/2023:10:51:36 +0800] "POST /xingrg/dwr/call/plaincall/AjaxComOrderService.getMaterielSearchList.dwr HTTP/1.1" 200 203
116.238.191.126 - - [17/Aug/2023:10:51:36 +0800] "POST /xingrg/dwr/call/plaincall/AjaxComOrderService.getMaterielSearchList.dwr HTTP/1.1" 200 203
180.152.241.196 - - [17/Aug/2023:10:51:36 +0800] "GET /xingrg/kc/base/wldb_order_operate.html?command=get_materiel&rest_code=00102&base_code=0010476&code=00101019183 HTTP/1.1" 200 449
120.253.135.82 - - [17/Aug/2023:10:51:36 +0800] "GET /xingrg/all/function/internal_message.html?_=1692240513438&CODE_STATE=getMsg HTTP/1.1" 200 27
101.83.240.215 - - [17/Aug/2023:10:51:37 +0800] "GET /xingrg/all/function/internal_message.html?_=1692240834339&CODE_STATE=getMsg HTTP/1.1" 200 27
124.78.155.92 - - [17/Aug/2023:10:51:38 +0800] "POST /xingrg/kc/buy/cgsh_order_operate.html HTTP/1.1" 200 12
124.78.155.92 - - [17/Aug/2023:10:51:40 +0800] "GET /xingrg/kc/buy/cgsh_order_info.html?code=212023081706795 HTTP/1.1" 200 66774
124.78.155.92 - - [17/Aug/2023:10:51:41 +0800] "GET /xingrg/javascript/easyui/themes/default/validatebox.css HTTP/1.1" 404 1104
180.152.241.196 - - [17/Aug/2023:10:51:41 +0800] "GET /xingrg/kc/base/wldb_order_operate.html?command=get_materiel&rest_code=00102&base_code=0010476&code=00101019071 HTTP/1.1" 200 471
116.238.191.126 - - [17/Aug/2023:10:51:41 +0800] "POST /xingrg/dwr/call/plaincall/AjaxComOrderService.getMaterielSearchList.dwr HTTP/1.1" 200 64219
124.78.155.92 - - [17/Aug/2023:10:51:42 +0800] "POST /xingrg/kc/buy/cgsh_order_operate.html HTTP/1.1" 200 1207
124.78.70.128 - - [17/Aug/2023:10:51:43 +0800] "GET /xingrg/kc/buy/cgsh_order_operate.html?command=get_materiel&rest_code=00141&code=00101008288&supplier_code=00100007&order_time=2023-08-17 HTTP/1.1" 200 408
116.238.191.126 - - [17/Aug/2023:10:51:44 +0800] "POST /xingrg/dwr/call/plaincall/AjaxComOrderService.getMaterielSearchList.dwr HTTP/1.1" 200 957
116.238.191.126 - - [17/Aug/2023:10:51:44 +0800] "POST /xingrg/dwr/call/plaincall/AjaxComOrderService.getMaterielSearchList.dwr HTTP/1.1" 200 957
124.78.155.92 - - [17/Aug/2023:10:51:46 +0800] "GET /xingrg/kc/print/load_data.html?order_code=212023081706795&kc_code=cgsh&condition= HTTP/1.1" 200 1018
124.78.155.92 - - [17/Aug/2023:10:51:46 +0800] "GET /xingrg/kc/base/wldb_order_operate.html?command=get_materiel&rest_code=00106&base_code=0010396&code=00101019133 HTTP/1.1" 200 480
221.239.167.251 - - [17/Aug/2023:10:51:47 +0800] "GET /xingrg/check_reg.html?_=1692240706738 HTTP/1.1" 200 22
221.239.167.251 - - [17/Aug/2023:10:51:47 +0800] "GET /xingrg/all/function/internal_message.html?_=1692240706727&CODE_STATE=getMsg HTTP/1.1" 200 27
116.238.191.126 - - [17/Aug/2023:10:51:48 +0800] "POST /xingrg/dwr/call/plaincall/AjaxYddbService.getMaterielByMap.dwr HTTP/1.1" 200 2287
180.152.241.196 - - [17/Aug/2023:10:51:50 +0800] "GET /xingrg/kc/base/wldb_order_operate.html?command=get_materiel&rest_code=00102&base_code=0010476&code=00101019066 HTTP/1.1" 200 455
222.65.220.241 - - [17/Aug/2023:10:51:50 +0800] "GET /xingrg/all/function/internal_message.html?_=1692240710277&CODE_STATE=getMsg HTTP/1.1" 200 27
116.238.191.126 - - [17/Aug/2023:10:51:51 +0800] "POST /xingrg/dwr/call/plaincall/AjaxYddbService.saveMaterielItem.dwr HTTP/1.1" 200 78
222.65.220.241 - - [17/Aug/2023:10:51:52 +0800] "POST /xingrg/kc/buy/cgsh_order_operate.html HTTP/1.1" 200 2065
124.78.155.92 - - [17/Aug/2023:10:51:54 +0800] "GET /xingrg/kc/buy/cgsh_order_add.html HTTP/1.1" 200 71859
124.78.155.92 - - [17/Aug/2023:10:51:54 +0800] "POST /xingrg/kc/buy/cgsh_order_operate.html HTTP/1.1" 200 8245
124.78.155.92 - - [17/Aug/2023:10:51:54 +0800] "GET /xingrg/javascript/easyui/themes/default/validatebox.css HTTP/1.1" 404 1104
124.78.70.128 - - [17/Aug/2023:10:51:55 +0800] "GET /xingrg/kc/buy/cgsh_order_operate.html?command=get_materiel&rest_code=00141&code=00101008130&supplier_code=00100007&order_time=2023-08-17 HTTP/1.1" 200 413
222.69.129.133 - - [17/Aug/2023:10:51:56 +0800] "GET /xingrg/check_reg.html?_=1692240715067 HTTP/1.1" 200 22
124.78.155.92 - - [17/Aug/2023:10:51:57 +0800] "GET /xingrg/javascript/easyui/themes/default/tree.css HTTP/1.1" 404 1090
124.78.155.92 - - [17/Aug/2023:10:51:58 +0800] "POST /xingrg/all/common/load_tree.html?tree=supplier_tree_json&isDelete=1 HTTP/1.1" 200 74790
180.169.147.146 - - [17/Aug/2023:10:51:58 +0800] "GET /xingrg/all/function/internal_message.html?_=1692240718612&CODE_STATE=getMsg HTTP/1.1" 200 27
116.238.191.126 - - [17/Aug/2023:10:51:58 +0800] "POST /xingrg/dwr/call/plaincall/AjaxYddbService.checkOrder.dwr HTTP/1.1" 200 79
116.238.191.126 - - [17/Aug/2023:10:52:00 +0800] "GET /xingrg/kc/base/yddb_order_info.html?code=482023081700110 HTTP/1.1" 200 31308
116.238.191.126 - - [17/Aug/2023:10:52:00 +0800] "GET /xingrg/dwr/interface/AjaxComOrderService.js HTTP/1.1" 200 18264
116.238.191.126 - - [17/Aug/2023:10:52:00 +0800] "GET /xingrg/dwr/engine.js HTTP/1.1" 200 43631
116.238.191.126 - - [17/Aug/2023:10:52:00 +0800] "GET /xingrg/dwr/interface/AjaxYddbService.js HTTP/1.1" 200 13201
116.238.191.126 - - [17/Aug/2023:10:52:00 +0800] "POST /xingrg/dwr/call/plaincall/AjaxYddbService.loadMaterielItems.dwr HTTP/1.1" 200 403
180.152.241.196 - - [17/Aug/2023:10:52:00 +0800] "GET /xingrg/kc/base/wldb_order_operate.html?command=get_materiel&rest_code=00102&base_code=0010476&code=00101019056 HTTP/1.1" 200 477
116.238.191.126 - - [17/Aug/2023:10:52:03 +0800] "POST /xingrg/dwr/call/plaincall/AjaxYddbService.saveOrder.dwr HTTP/1.1" 200 78
124.78.70.128 - - [17/Aug/2023:10:52:04 +0800] "GET /xingrg/kc/buy/cgsh_order_operate.html?command=get_materiel&rest_code=00141&code=00101008298&supplier_code=00100007&order_time=2023-08-17 HTTP/1.1" 200 412
222.69.129.133 - - [17/Aug/2023:10:52:04 +0800] "GET /xingrg/all/function/internal_message.html?_=1692240723987&CODE_STATE=getMsg HTTP/1.1" 200 27
180.152.241.196 - - [17/Aug/2023:10:52:04 +0800] "GET /xingrg/kc/base/wldb_order_operate.html?command=get_materiel&rest_code=00102&base_code=0010476&code=00101019391 HTTP/1.1" 200 485
124.78.70.128 - - [17/Aug/2023:10:52:06 +0800] "POST /xingrg/kc/buy/cgsh_order_operate.html HTTP/1.1" 200 2065
116.235.244.168 - - [17/Aug/2023:10:52:09 +0800] "GET /xingrg/check_reg.html?_=1692240740815 HTTP/1.1" 200 22
116.238.191.126 - - [17/Aug/2023:10:52:09 +0800] "POST /xingrg/dwr/call/plaincall/AjaxYddbService.objCheckOrder.dwr HTTP/1.1" 200 78
124.78.70.128 - - [17/Aug/2023:10:52:09 +0800] "GET /xingrg/all/function/internal_message.html?_=1692240181777&CODE_STATE=getMsg HTTP/1.1" 200 27
124.78.155.92 - - [17/Aug/2023:10:52:10 +0800] "GET /xingrg/kc/buy/cgsh_order_operate.html?command=get_materiel&rest_code=00106&code=00101016025&supplier_code=00100151&order_time=2023-08-17 HTTP/1.1" 200 408
116.238.191.126 - - [17/Aug/2023:10:52:10 +0800] "GET /xingrg/kc/base/yddb_order_info.html?code=482023081700110 HTTP/1.1" 200 31429
116.238.191.126 - - [17/Aug/2023:10:52:10 +0800] "GET /xingrg/dwr/interface/AjaxComOrderService.js HTTP/1.1" 200 18264
116.238.191.126 - - [17/Aug/2023:10:52:10 +0800] "GET /xingrg/dwr/interface/AjaxYddbService.js HTTP/1.1" 200 13201
116.238.191.126 - - [17/Aug/2023:10:52:10 +0800] "GET /xingrg/dwr/engine.js HTTP/1.1" 200 43631
124.78.155.92 - - [17/Aug/2023:10:52:11 +0800] "POST /xingrg/kc/base/wldb_order_operate.html HTTP/1.1" 200 37
116.238.191.126 - - [17/Aug/2023:10:52:11 +0800] "POST /xingrg/dwr/call/plaincall/AjaxYddbService.loadMaterielItems.dwr HTTP/1.1" 200 403
116.235.244.168 - - [17/Aug/2023:10:52:11 +0800] "GET /xingrg/all/function/internal_message.html?_=1692240743292&CODE_STATE=getMsg HTTP/1.1" 200 27
116.238.191.126 - - [17/Aug/2023:10:52:11 +0800] "GET /xingrg/all/function/internal_message.html?_=1692240729915&CODE_STATE=getMsg HTTP/1.1" 200 27
124.78.155.92 - - [17/Aug/2023:10:52:12 +0800] "POST /xingrg/kc/base/wldb_order_operate.html HTTP/1.1" 200 5720
124.78.155.92 - - [17/Aug/2023:10:52:14 +0800] "GET /xingrg/kc/base/wldb_order_info.html?code=422023081701805 HTTP/1.1" 200 30513
124.78.155.92 - - [17/Aug/2023:10:52:14 +0800] "GET /xingrg/javascript/easyui/themes/default/validatebox.css HTTP/1.1" 404 1104
116.238.191.126 - - [17/Aug/2023:10:52:15 +0800] "GET /xingrg/kc/base/yddb_order_report.html?fileType=servlets/html&code=482023081700110&reportName=ck_order_report&subName=yddb HTTP/1.1" 302 -
116.238.191.126 - - [17/Aug/2023:10:52:15 +0800] "GET /xingrg/servlets/html?sysBaseUrl=http%3A%2F%2F180.169.147.146%3A18081%2Fxingrg%2F&costTime=1724×tamp=1692240735253 HTTP/1.1" 200 14770
116.238.191.126 - - [17/Aug/2023:10:52:15 +0800] "GET /xingrg/servlets/image?image=px HTTP/1.1" 200 807
116.238.191.126 - - [17/Aug/2023:10:52:15 +0800] "GET /favicon.ico HTTP/1.1" 404 -
124.78.155.92 - - [17/Aug/2023:10:52:15 +0800] "POST /xingrg/kc/base/wldb_order_operate.html HTTP/1.1" 200 5720
101.83.145.37 - - [17/Aug/2023:10:52:16 +0800] "GET /xingrg/all/function/internal_message.html?_=1692240737644&CODE_STATE=getMsg HTTP/1.1" 200 27
124.78.70.128 - - [17/Aug/2023:10:52:17 +0800] "GET /xingrg/kc/buy/cgsh_order_operate.html?command=get_materiel&rest_code=00141&code=00101008351&supplier_code=00100007&order_time=2023-08-17 HTTP/1.1" 200 408
124.78.155.92 - - [17/Aug/2023:10:52:18 +0800] "GET /xingrg/all/function/internal_message.html?_=1692240736074&CODE_STATE=getMsg HTTP/1.1" 200 27
180.163.29.103 - - [17/Aug/2023:10:52:20 +0800] "GET /xingrg/check_reg.html?_=1692240677252 HTTP/1.1" 302 -
180.163.29.103 - - [17/Aug/2023:10:52:20 +0800] "GET /xingrg/login.html HTTP/1.1" 200 7641
180.152.241.196 - - [17/Aug/2023:10:52:21 +0800] "GET /xingrg/kc/base/wldb_order_operate.html?command=get_materiel&rest_code=00102&base_code=0010476&code=00101019175 HTTP/1.1" 200 437
124.78.155.92 - - [17/Aug/2023:10:52:21 +0800] "GET /xingrg/kc/base/wldb_order_add.html HTTP/1.1" 200 30498
124.78.155.92 - - [17/Aug/2023:10:52:21 +0800] "POST /xingrg/kc/base/wldb_order_operate.html HTTP/1.1" 200 6806
124.78.155.92 - - [17/Aug/2023:10:52:21 +0800] "GET /xingrg/javascript/easyui/themes/default/validatebox.css HTTP/1.1" 404 1104
116.235.94.33 - - [17/Aug/2023:10:52:24 +0800] "GET /xingrg/all/function/internal_message.html?_=1692241035655&CODE_STATE=getMsg HTTP/1.1" 200 27
116.235.94.33 - - [17/Aug/2023:10:52:24 +0800] "GET /xingrg/check_reg.html?_=1692241035656 HTTP/1.1" 200 22
222.65.220.241 - - [17/Aug/2023:10:52:25 +0800] "POST /xingrg/kc/buy/cgsh_order_operate.html HTTP/1.1" 200 2065
222.70.180.200 - - [17/Aug/2023:10:52:29 +0800] "GET /xingrg/all/function/internal_message.html?_=1692240749171&CODE_STATE=getMsg HTTP/1.1" 200 27
124.78.155.92 - - [17/Aug/2023:10:52:29 +0800] "POST /xingrg/all/common/load_combo.html?type=base HTTP/1.1" 200 3227
124.78.155.92 - - [17/Aug/2023:10:52:32 +0800] "POST /xingrg/all/common/load_combo.html?type=base HTTP/1.1" 200 3227
222.70.180.200 - - [17/Aug/2023:10:52:33 +0800] "GET /xingrg/all/function/internal_message.html?_=1692240808255&CODE_STATE=getMsg HTTP/1.1" 200 27
101.83.145.37 - - [17/Aug/2023:10:52:33 +0800] "GET /xingrg/all/function/internal_message.html?_=1692240553068&CODE_STATE=getMsg HTTP/1.1" 200 27
