116.235.94.33 - - [17/Aug/2023:11:37:24 +0800] "GET /xingrg/check_reg.html?_=1692243735710 HTTP/1.1" 200 22
116.235.94.33 - - [17/Aug/2023:11:37:24 +0800] "GET /xingrg/all/function/internal_message.html?_=1692243735711&CODE_STATE=getMsg HTTP/1.1" 200 27
124.78.155.92 - - [17/Aug/2023:11:37:24 +0800] "POST /xingrg/all/common/load_combo.html?type=base HTTP/1.1" 200 3227
222.65.220.241 - - [17/Aug/2023:11:37:25 +0800] "POST /xingrg/dwr/call/plaincall/AjaxQqpsService.getMaterielByCode.dwr HTTP/1.1" 200 3015
222.70.180.200 - - [17/Aug/2023:11:37:28 +0800] "GET /xingrg/all/function/internal_message.html?_=1692243448477&CODE_STATE=getMsg HTTP/1.1" 200 27
222.65.220.241 - - [17/Aug/2023:11:37:28 +0800] "POST /xingrg/dwr/call/plaincall/AjaxQqpsService.saveMaterielItem.dwr HTTP/1.1" 200 79
124.78.155.92 - - [17/Aug/2023:11:37:30 +0800] "GET /xingrg/kc/base/wldb_order_operate.html?command=get_materiel&rest_code=00106&base_code=0010397&code=00102002347 HTTP/1.1" 200 457
101.83.145.37 - - [17/Aug/2023:11:37:31 +0800] "GET /xingrg/kc/base/wldb_order_operate.html?command=get_materiel&rest_code=00105&base_code=0010507&code=00101019183 HTTP/1.1" 200 449
222.65.220.241 - - [17/Aug/2023:11:37:32 +0800] "POST /xingrg/dwr/call/plaincall/AjaxQqpsService.getMaterielByCode.dwr HTTP/1.1" 200 3048
222.70.180.200 - - [17/Aug/2023:11:37:33 +0800] "GET /xingrg/all/function/internal_message.html?_=1692243508272&CODE_STATE=getMsg HTTP/1.1" 302 -
116.232.195.127 - - [17/Aug/2023:11:37:33 +0800] "GET /xingrg/all/function/internal_message.html?_=1692243453035&CODE_STATE=getMsg HTTP/1.1" 200 27
101.83.145.37 - - [17/Aug/2023:11:37:33 +0800] "GET /xingrg/all/function/internal_message.html?_=1692243253230&CODE_STATE=getMsg HTTP/1.1" 200 27
180.152.241.196 - - [17/Aug/2023:11:37:33 +0800] "GET /xingrg/all/function/internal_message.html?_=1692243453149&CODE_STATE=getMsg HTTP/1.1" 200 27
180.152.241.196 - - [17/Aug/2023:11:37:33 +0800] "GET /xingrg/check_reg.html?_=1692243453152 HTTP/1.1" 200 22
116.235.94.33 - - [17/Aug/2023:11:37:34 +0800] "GET /xingrg/all/function/internal_message.html?_=1692243444124&CODE_STATE=getMsg HTTP/1.1" 200 27
116.232.195.127 - - [17/Aug/2023:11:37:35 +0800] "GET /xingrg/all/function/internal_message.html?_=1692243384007&CODE_STATE=getMsg HTTP/1.1" 200 27
222.65.220.241 - - [17/Aug/2023:11:37:35 +0800] "POST /xingrg/dwr/call/plaincall/AjaxQqpsService.saveMaterielItem.dwr HTTP/1.1" 200 79
101.83.240.215 - - [17/Aug/2023:11:37:37 +0800] "GET /xingrg/all/function/internal_message.html?_=1692243594320&CODE_STATE=getMsg HTTP/1.1" 200 27
124.78.155.92 - - [17/Aug/2023:11:37:38 +0800] "GET /xingrg/kc/base/wldb_order_operate.html?command=get_materiel&rest_code=00106&base_code=0010397&code=00102002275 HTTP/1.1" 200 450
222.65.220.241 - - [17/Aug/2023:11:37:39 +0800] "POST /xingrg/dwr/call/plaincall/AjaxQqpsService.getMaterielByCode.dwr HTTP/1.1" 200 3043
222.65.220.241 - - [17/Aug/2023:11:37:42 +0800] "POST /xingrg/dwr/call/plaincall/AjaxQqpsService.saveMaterielItem.dwr HTTP/1.1" 200 79
101.83.145.37 - - [17/Aug/2023:11:37:44 +0800] "GET /xingrg/kc/base/wldb_order_operate.html?command=get_materiel&rest_code=00105&base_code=0010507&code=00101019015 HTTP/1.1" 200 451
222.70.180.200 - - [17/Aug/2023:11:37:45 +0800] "GET /xingrg/kc/base/wldb_order_operate.html?command=get_materiel&rest_code=00111&base_code=0010283&code=00101019071 HTTP/1.1" 200 471
221.239.167.251 - - [17/Aug/2023:11:37:47 +0800] "GET /xingrg/all/function/internal_message.html?_=1692243466778&CODE_STATE=getMsg HTTP/1.1" 200 27
116.235.244.168 - - [17/Aug/2023:11:37:50 +0800] "POST /xingrg/kc/base/wldb_order_operate.html HTTP/1.1" 200 37
124.78.155.92 - - [17/Aug/2023:11:37:50 +0800] "GET /xingrg/kc/base/wldb_order_operate.html?command=get_materiel&rest_code=00106&base_code=0010397&code=00102001016 HTTP/1.1" 200 433
222.65.220.241 - - [17/Aug/2023:11:37:50 +0800] "GET /xingrg/all/function/internal_message.html?_=1692243470291&CODE_STATE=getMsg HTTP/1.1" 200 27
116.235.244.168 - - [17/Aug/2023:11:37:50 +0800] "POST /xingrg/kc/base/wldb_order_operate.html HTTP/1.1" 200 3729
116.235.244.168 - - [17/Aug/2023:11:37:52 +0800] "GET /xingrg/kc/base/wldb_order_info.html?code=422023081701830 HTTP/1.1" 200 30519
116.235.244.168 - - [17/Aug/2023:11:37:53 +0800] "GET /xingrg/javascript/easyui/themes/default/validatebox.css HTTP/1.1" 404 1104
116.235.244.168 - - [17/Aug/2023:11:37:53 +0800] "POST /xingrg/kc/base/wldb_order_operate.html HTTP/1.1" 200 3729
222.70.180.200 - - [17/Aug/2023:11:37:54 +0800] "POST /xingrg/kc/base/wldb_order_operate.html HTTP/1.1" 200 37
222.70.180.200 - - [17/Aug/2023:11:37:55 +0800] "POST /xingrg/kc/base/wldb_order_operate.html HTTP/1.1" 200 2211
222.70.180.200 - - [17/Aug/2023:11:37:56 +0800] "GET /xingrg/kc/base/wldb_order_info.html?code=422023081701831 HTTP/1.1" 200 30507
222.70.180.200 - - [17/Aug/2023:11:37:57 +0800] "GET /xingrg/javascript/easyui/themes/default/validatebox.css HTTP/1.1" 404 1104
222.70.180.200 - - [17/Aug/2023:11:37:58 +0800] "POST /xingrg/kc/base/wldb_order_operate.html HTTP/1.1" 200 2211
222.69.129.133 - - [17/Aug/2023:11:37:58 +0800] "GET /xingrg/login.html HTTP/1.1" 200 7641
222.69.129.133 - - [17/Aug/2023:11:37:59 +0800] "GET /favicon.ico HTTP/1.1" 404 -
124.78.155.92 - - [17/Aug/2023:11:38:00 +0800] "POST /xingrg/kc/base/wldb_order_operate.html HTTP/1.1" 200 37
124.78.155.92 - - [17/Aug/2023:11:38:01 +0800] "POST /xingrg/kc/base/wldb_order_operate.html HTTP/1.1" 200 3650
124.78.155.92 - - [17/Aug/2023:11:38:02 +0800] "GET /xingrg/kc/base/wldb_order_info.html?code=422023081701832 HTTP/1.1" 200 30519
124.78.155.92 - - [17/Aug/2023:11:38:02 +0800] "GET /xingrg/javascript/easyui/themes/default/validatebox.css HTTP/1.1" 404 1104
124.78.155.92 - - [17/Aug/2023:11:38:03 +0800] "POST /xingrg/kc/base/wldb_order_operate.html HTTP/1.1" 200 3650
222.70.180.200 - - [17/Aug/2023:11:38:03 +0800] "GET /xingrg/kc/base/wldb_order_add.html HTTP/1.1" 200 30494
222.70.180.200 - - [17/Aug/2023:11:38:04 +0800] "GET /xingrg/javascript/easyui/themes/default/validatebox.css HTTP/1.1" 404 1104
222.70.180.200 - - [17/Aug/2023:11:38:04 +0800] "POST /xingrg/kc/base/wldb_order_operate.html HTTP/1.1" 200 6806
124.78.155.92 - - [17/Aug/2023:11:38:06 +0800] "GET /xingrg/all/function/internal_message.html?_=1692243483598&CODE_STATE=getMsg HTTP/1.1" 200 27
222.69.129.133 - - [17/Aug/2023:11:38:06 +0800] "POST /xingrg/login.do HTTP/1.1" 302 -
116.235.244.168 - - [17/Aug/2023:11:38:07 +0800] "GET /xingrg/kc/base/wldb_order_add.html HTTP/1.1" 200 30504
222.69.129.133 - - [17/Aug/2023:11:38:07 +0800] "GET /xingrg/index.html?sysBaseUrl=http%3A%2F%2F180.169.147.146%3A18081%2Fxingrg%2F&costTime=951×tamp=1692243486875 HTTP/1.1" 200 17179
222.69.129.133 - - [17/Aug/2023:11:38:07 +0800] "GET /favicon.ico HTTP/1.1" 404 -
222.69.129.133 - - [17/Aug/2023:11:38:07 +0800] "GET /xingrg/all/function/internal_message.html?_=1692243486337&CODE_STATE=count HTTP/1.1" 200 11
222.69.129.133 - - [17/Aug/2023:11:38:07 +0800] "GET /xingrg/check_reg.html?_=1692243486338 HTTP/1.1" 200 22
222.69.129.133 - - [17/Aug/2023:11:38:07 +0800] "POST /xingrg/all/common/load_tree.html?tree=area_rest_tree_json&manage=1 HTTP/1.1" 200 351
222.69.129.133 - - [17/Aug/2023:11:38:07 +0800] "POST /xingrg/load_menu.html HTTP/1.1" 200 5138
116.235.244.168 - - [17/Aug/2023:11:38:07 +0800] "POST /xingrg/kc/base/wldb_order_operate.html HTTP/1.1" 200 6806
116.235.244.168 - - [17/Aug/2023:11:38:07 +0800] "GET /xingrg/javascript/easyui/themes/default/validatebox.css HTTP/1.1" 404 1104
124.78.155.92 - - [17/Aug/2023:11:38:08 +0800] "POST /xingrg/kc/base/wldb_list_operate.html HTTP/1.1" 200 4558
124.78.70.128 - - [17/Aug/2023:11:38:08 +0800] "GET /xingrg/all/function/internal_message.html?_=1692242940826&CODE_STATE=getMsg HTTP/1.1" 200 27
124.78.155.92 - - [17/Aug/2023:11:38:08 +0800] "GET /xingrg/all/function/internal_message.html?_=1692243487667&CODE_STATE=getMsg HTTP/1.1" 200 27
124.78.155.92 - - [17/Aug/2023:11:38:09 +0800] "POST /xingrg/kc/base/wldb_list_operate.html HTTP/1.1" 200 450
101.83.145.37 - - [17/Aug/2023:11:38:10 +0800] "GET /xingrg/kc/base/wldb_order_operate.html?command=get_materiel&rest_code=00105&base_code=0010507&code=00101019133 HTTP/1.1" 200 480
101.228.187.155 - - [17/Aug/2023:11:38:10 +0800] "GET /xingrg/all/function/internal_message.html?_=1692243489215&CODE_STATE=getMsg HTTP/1.1" 200 27
222.69.129.133 - - [17/Aug/2023:11:38:11 +0800] "GET /xingrg/kc/mdqp/qp_main.html HTTP/1.1" 200 10633
222.69.129.133 - - [17/Aug/2023:11:38:11 +0800] "GET /xingrg/images/blue/button/qqpsd.gif HTTP/1.1" 200 2548
222.69.129.133 - - [17/Aug/2023:11:38:11 +0800] "GET /xingrg/images/blue/button/pszx.gif HTTP/1.1" 200 2648
222.69.129.133 - - [17/Aug/2023:11:38:11 +0800] "GET /xingrg/images/blue/button/cgxqd.gif HTTP/1.1" 200 2619
222.69.129.133 - - [17/Aug/2023:11:38:11 +0800] "GET /xingrg/javascript/jquery_ui/jquery-ui.min.js HTTP/1.1" 200 186181
222.69.129.133 - - [17/Aug/2023:11:38:11 +0800] "GET /xingrg/images/blue/button/psshd.gif HTTP/1.1" 200 2692
222.69.129.133 - - [17/Aug/2023:11:38:11 +0800] "GET /xingrg/images/blue/pic_form2.gif HTTP/1.1" 200 1853
222.69.129.133 - - [17/Aug/2023:11:38:11 +0800] "GET /xingrg/images/blue/bg_dotted.jpg HTTP/1.1" 200 319
222.69.129.133 - - [17/Aug/2023:11:38:11 +0800] "GET /xingrg/images/blue/button/right_ah.jpg HTTP/1.1" 200 1744
222.69.129.133 - - [17/Aug/2023:11:38:11 +0800] "GET /xingrg/images/blue/button/down_ah.jpg HTTP/1.1" 200 1732
222.69.129.133 - - [17/Aug/2023:11:38:11 +0800] "GET /xingrg/javascript/jquery_ui/themes/humanity/images/ui-bg_inset-soft_100_f4f0ec_1x100.png HTTP/1.1" 200 141
222.69.129.133 - - [17/Aug/2023:11:38:11 +0800] "GET /xingrg/javascript/jquery_ui/themes/humanity/images/ui-iconsnew.jpg HTTP/1.1" 200 337
222.69.129.133 - - [17/Aug/2023:11:38:11 +0800] "GET /xingrg/javascript/jquery_ui/themes/humanity/images/ui-icons_ffffff_256x240.png HTTP/1.1" 200 4369
222.69.129.133 - - [17/Aug/2023:11:38:11 +0800] "GET /xingrg/javascript/jquery_ui/themes/humanity/images/ui-icons_c47a23_256x240.png HTTP/1.1" 200 5355
222.69.129.133 - - [17/Aug/2023:11:38:11 +0800] "GET /xingrg/javascript/jquery_ui/themes/humanity/images/ui-bg_glass_70_ede4d4_1x400.png HTTP/1.1" 200 161
116.238.191.126 - - [17/Aug/2023:11:38:11 +0800] "GET /xingrg/all/function/internal_message.html?_=1692243490026&CODE_STATE=getMsg HTTP/1.1" 200 27
124.78.155.92 - - [17/Aug/2023:11:38:12 +0800] "POST /xingrg/kc/base/wldb_list_operate.html HTTP/1.1" 200 517
222.69.129.133 - - [17/Aug/2023:11:38:14 +0800] "GET /xingrg/kc/mdqp/qqps_order_list.html HTTP/1.1" 200 9668
222.69.129.133 - - [17/Aug/2023:11:38:14 +0800] "GET /xingrg/dwr/interface/AjaxQqpsService.js HTTP/1.1" 200 16326
222.69.129.133 - - [17/Aug/2023:11:38:14 +0800] "GET /xingrg/dwr/interface/AjaxReportQueryService.js HTTP/1.1" 200 13203
222.69.129.133 - - [17/Aug/2023:11:38:14 +0800] "GET /xingrg/dwr/engine.js HTTP/1.1" 200 43631
124.78.155.92 - - [17/Aug/2023:11:38:14 +0800] "POST /xingrg/kc/base/wldb_list_operate.html HTTP/1.1" 200 279
222.69.129.133 - - [17/Aug/2023:11:38:15 +0800] "GET /xingrg/kc/mdqp/qqps_order_info.html?code=302023081700340 HTTP/1.1" 200 26801
124.78.155.92 - - [17/Aug/2023:11:38:15 +0800] "POST /xingrg/kc/base/wldb_list_operate.html HTTP/1.1" 200 525
116.235.244.168 - - [17/Aug/2023:11:38:15 +0800] "GET /xingrg/all/function/internal_message.html?_=1692243507568&CODE_STATE=getMsg HTTP/1.1" 200 27
222.69.129.133 - - [17/Aug/2023:11:38:15 +0800] "GET /xingrg/dwr/interface/AjaxComOrderService.js HTTP/1.1" 200 18264
222.69.129.133 - - [17/Aug/2023:11:38:15 +0800] "GET /xingrg/dwr/interface/AjaxQqpsService.js HTTP/1.1" 200 16326
222.69.129.133 - - [17/Aug/2023:11:38:15 +0800] "GET /xingrg/dwr/engine.js HTTP/1.1" 200 43631
101.83.145.37 - - [17/Aug/2023:11:38:16 +0800] "GET /xingrg/all/function/internal_message.html?_=1692243497694&CODE_STATE=getMsg HTTP/1.1" 200 27
124.78.155.92 - - [17/Aug/2023:11:38:16 +0800] "POST /xingrg/kc/base/wldb_list_operate.html HTTP/1.1" 200 202
222.69.129.133 - - [17/Aug/2023:11:38:17 +0800] "POST /xingrg/dwr/call/plaincall/AjaxQqpsService.loadMaterielItems.dwr HTTP/1.1" 200 357
222.69.129.133 - - [17/Aug/2023:11:38:19 +0800] "POST /xingrg/dwr/call/plaincall/AjaxQqpsService.uncheckOrder.dwr HTTP/1.1" 200 78
222.69.129.133 - - [17/Aug/2023:11:38:20 +0800] "GET /xingrg/kc/mdqp/qqps_order_info.html?code=302023081700340 HTTP/1.1" 200 28560
222.69.129.133 - - [17/Aug/2023:11:38:20 +0800] "GET /xingrg/css/blue.css HTTP/1.1" 304 -
222.69.129.133 - - [17/Aug/2023:11:38:20 +0800] "GET /xingrg/javascript/jquery_easy_ui/themes/icon.css HTTP/1.1" 304 -
222.69.129.133 - - [17/Aug/2023:11:38:20 +0800] "GET /xingrg/javascript/auto/jquery.autocomplete.css HTTP/1.1" 304 -
222.69.129.133 - - [17/Aug/2023:11:38:20 +0800] "GET /xingrg/javascript/jquery-1.4.2.min.js HTTP/1.1" 304 -
222.69.129.133 - - [17/Aug/2023:11:38:20 +0800] "GET /xingrg/javascript/jquery_easy_ui/jquery.easyui.min.js HTTP/1.1" 304 -
222.69.129.133 - - [17/Aug/2023:11:38:20 +0800] "GET /xingrg/javascript/jquery_easy_ui/easyui-lang-zh_CN.js HTTP/1.1" 304 -
222.69.129.133 - - [17/Aug/2023:11:38:20 +0800] "GET /xingrg/javascript/auto/jquery.autocomplete.js HTTP/1.1" 304 -
222.69.129.133 - - [17/Aug/2023:11:38:20 +0800] "GET /xingrg/javascript/tools/jquery.qtip-1.0.0-rc3.min.js HTTP/1.1" 304 -
222.69.129.133 - - [17/Aug/2023:11:38:20 +0800] "GET /xingrg/javascript/jquery.utils.js HTTP/1.1" 304 -
222.69.129.133 - - [17/Aug/2023:11:38:20 +0800] "GET /xingrg/javascript/pic_change.js HTTP/1.1" 304 -
222.69.129.133 - - [17/Aug/2023:11:38:20 +0800] "GET /xingrg/dwr/interface/AjaxComOrderService.js HTTP/1.1" 200 18264
222.69.129.133 - - [17/Aug/2023:11:38:20 +0800] "GET /xingrg/dwr/util.js HTTP/1.1" 304 -
222.69.129.133 - - [17/Aug/2023:11:38:20 +0800] "GET /xingrg/dwr/interface/AjaxQqpsService.js HTTP/1.1" 200 16326
222.69.129.133 - - [17/Aug/2023:11:38:20 +0800] "GET /xingrg/javascript/Calendar.js HTTP/1.1" 304 -
222.69.129.133 - - [17/Aug/2023:11:38:20 +0800] "GET /xingrg/javascript/myfunction.js HTTP/1.1" 304 -
222.69.129.133 - - [17/Aug/2023:11:38:20 +0800] "GET /xingrg/dwr/engine.js HTTP/1.1" 200 43631
222.69.129.133 - - [17/Aug/2023:11:38:20 +0800] "GET /xingrg/javascript/AjaxInfoList.js HTTP/1.1" 304 -
222.69.129.133 - - [17/Aug/2023:11:38:20 +0800] "GET /xingrg/javascript/ToolTips.js HTTP/1.1" 304 -
222.69.129.133 - - [17/Aug/2023:11:38:20 +0800] "GET /xingrg/javascript/Grid.js HTTP/1.1" 304 -
222.69.129.133 - - [17/Aug/2023:11:38:20 +0800] "GET /xingrg/javascript/jquery_easy_ui/themes/icon.css HTTP/1.1" 304 -
222.69.129.133 - - [17/Aug/2023:11:38:20 +0800] "GET /xingrg/javascript/print/kc_print.js HTTP/1.1" 304 -
222.69.129.133 - - [17/Aug/2023:11:38:20 +0800] "GET /xingrg/javascript/print/LodopFuncs.js HTTP/1.1" 304 -
222.69.129.133 - - [17/Aug/2023:11:38:20 +0800] "GET /xingrg/javascript/jquery_easy_ui/themes/default/easyui.css HTTP/1.1" 304 -
222.69.129.133 - - [17/Aug/2023:11:38:20 +0800] "GET /xingrg/words/20230816133657_words.js HTTP/1.1" 304 -
222.69.129.133 - - [17/Aug/2023:11:38:20 +0800] "GET /xingrg/javascript/jquery_easy_ui/themes/icons/ok.png HTTP/1.1" 304 -
222.69.129.133 - - [17/Aug/2023:11:38:20 +0800] "GET /xingrg/images/blue/button/kc_tab_add.gif HTTP/1.1" 304 -
222.69.129.133 - - [17/Aug/2023:11:38:20 +0800] "GET /xingrg/images/blue/button/kc_tab_edit.gif HTTP/1.1" 304 -
222.69.129.133 - - [17/Aug/2023:11:38:20 +0800] "GET /xingrg/images/blue/button/kc_tab_save.gif HTTP/1.1" 304 -
222.69.129.133 - - [17/Aug/2023:11:38:20 +0800] "GET /xingrg/images/blue/button/kc_tab_del.gif HTTP/1.1" 304 -
222.69.129.133 - - [17/Aug/2023:11:38:20 +0800] "GET /xingrg/images/blue/wait.gif HTTP/1.1" 304 -
222.69.129.133 - - [17/Aug/2023:11:38:21 +0800] "POST /xingrg/dwr/call/plaincall/AjaxQqpsService.loadMaterielItems.dwr HTTP/1.1" 200 357
222.69.129.133 - - [17/Aug/2023:11:38:22 +0800] "GET /xingrg/images/yd/bt.gif HTTP/1.1" 404 1040
222.69.129.133 - - [17/Aug/2023:11:38:23 +0800] "GET /xingrg/javascript/auto/indicator.gif HTTP/1.1" 404 1066
116.235.94.33 - - [17/Aug/2023:11:38:24 +0800] "GET /xingrg/all/function/internal_message.html?_=1692243795709&CODE_STATE=getMsg HTTP/1.1" 200 27
222.69.129.133 - - [17/Aug/2023:11:38:25 +0800] "POST /xingrg/dwr/call/plaincall/AjaxQqpsService.getMaterielByCode.dwr HTTP/1.1" 200 2737
222.69.129.133 - - [17/Aug/2023:11:38:28 +0800] "POST /xingrg/dwr/call/plaincall/AjaxQqpsService.saveMaterielItem.dwr HTTP/1.1" 200 78
222.70.180.200 - - [17/Aug/2023:11:38:28 +0800] "GET /xingrg/all/function/internal_message.html?_=1692243508458&CODE_STATE=getMsg HTTP/1.1" 200 27
116.235.244.168 - - [17/Aug/2023:11:38:31 +0800] "GET /xingrg/kc/base/wldb_order_operate.html?command=get_materiel&rest_code=00146&base_code=0010063&code=00101019111 HTTP/1.1" 200 469
222.69.129.133 - - [17/Aug/2023:11:38:31 +0800] "POST /xingrg/dwr/call/plaincall/AjaxQqpsService.checkOrder.dwr HTTP/1.1" 200 78
124.78.155.92 - - [17/Aug/2023:11:38:32 +0800] "GET /xingrg/kc/buy/buy_main.html HTTP/1.1" 200 12412
124.78.155.92 - - [17/Aug/2023:11:38:32 +0800] "GET /xingrg/css/new_ie.css HTTP/1.1" 404 1036
124.78.155.92 - - [17/Aug/2023:11:38:33 +0800] "GET /xingrg/images/yd/bt.gif HTTP/1.1" 404 1040
222.70.180.200 - - [17/Aug/2023:11:38:33 +0800] "GET /xingrg/all/function/internal_message.html?_=1692243568271&CODE_STATE=getMsg HTTP/1.1" 302 -
116.232.195.127 - - [17/Aug/2023:11:38:33 +0800] "GET /xingrg/all/function/internal_message.html?_=1692243513050&CODE_STATE=getMsg HTTP/1.1" 200 27
101.83.145.37 - - [17/Aug/2023:11:38:33 +0800] "GET /xingrg/check_reg.html?_=1692243313147 HTTP/1.1" 200 22
222.69.129.133 - - [17/Aug/2023:11:38:33 +0800] "GET /xingrg/kc/mdqp/qqps_order_info.html?code=302023081700340 HTTP/1.1" 200 26801
101.83.145.37 - - [17/Aug/2023:11:38:33 +0800] "GET /xingrg/all/function/internal_message.html?_=1692243313210&CODE_STATE=getMsg HTTP/1.1" 200 27
222.69.129.133 - - [17/Aug/2023:11:38:33 +0800] "GET /xingrg/dwr/interface/AjaxQqpsService.js HTTP/1.1" 200 16326
222.69.129.133 - - [17/Aug/2023:11:38:33 +0800] "GET /xingrg/dwr/interface/AjaxComOrderService.js HTTP/1.1" 200 18264
222.69.129.133 - - [17/Aug/2023:11:38:33 +0800] "GET /xingrg/dwr/engine.js HTTP/1.1" 200 43631
180.152.241.196 - - [17/Aug/2023:11:38:33 +0800] "GET /xingrg/all/function/internal_message.html?_=1692243513145&CODE_STATE=getMsg HTTP/1.1" 200 27
116.235.94.33 - - [17/Aug/2023:11:38:34 +0800] "GET /xingrg/all/function/internal_message.html?_=1692243504142&CODE_STATE=getMsg HTTP/1.1" 200 27
222.69.129.133 - - [17/Aug/2023:11:38:35 +0800] "POST /xingrg/dwr/call/plaincall/AjaxQqpsService.loadMaterielItems.dwr HTTP/1.1" 200 606
124.78.155.92 - - [17/Aug/2023:11:38:35 +0800] "GET /xingrg/kc/buy/cgsh_order_list.html HTTP/1.1" 200 56077
116.232.195.127 - - [17/Aug/2023:11:38:35 +0800] "GET /xingrg/all/function/internal_message.html?_=1692243443984&CODE_STATE=getMsg HTTP/1.1" 200 27
222.65.220.241 - - [17/Aug/2023:11:38:36 +0800] "POST /xingrg/dwr/call/plaincall/AjaxQqpsService.getMaterielByCode.dwr HTTP/1.1" 200 3000
101.83.240.215 - - [17/Aug/2023:11:38:37 +0800] "GET /xingrg/all/function/internal_message.html?_=1692243654339&CODE_STATE=getMsg HTTP/1.1" 200 27
124.78.155.92 - - [17/Aug/2023:11:38:38 +0800] "POST /xingrg/kc/buy/cgsh_list_operate.html HTTP/1.1" 200 986
222.70.180.200 - - [17/Aug/2023:11:38:39 +0800] "GET /xingrg/kc/base/wldb_order_operate.html?command=get_materiel&rest_code=00111&base_code=0010306&code=00102002035 HTTP/1.1" 200 440
222.65.220.241 - - [17/Aug/2023:11:38:39 +0800] "POST /xingrg/dwr/call/plaincall/AjaxQqpsService.saveMaterielItem.dwr HTTP/1.1" 200 79
222.65.220.241 - - [17/Aug/2023:11:38:41 +0800] "GET /xingrg/kc/mdqp/qqps_order_list.html?isBack=1 HTTP/1.1" 200 9651
222.65.220.241 - - [17/Aug/2023:11:38:41 +0800] "GET /xingrg/dwr/interface/AjaxQqpsService.js HTTP/1.1" 200 16326
222.65.220.241 - - [17/Aug/2023:11:38:41 +0800] "GET /xingrg/dwr/engine.js HTTP/1.1" 200 43631
222.65.220.241 - - [17/Aug/2023:11:38:41 +0800] "GET /xingrg/dwr/interface/AjaxReportQueryService.js HTTP/1.1" 200 13203
101.83.145.37 - - [17/Aug/2023:11:38:47 +0800] "GET /xingrg/kc/base/wldb_order_operate.html?command=get_materiel&rest_code=00105&base_code=0010507&code=00101019253 HTTP/1.1" 200 482
221.239.167.251 - - [17/Aug/2023:11:38:47 +0800] "GET /xingrg/all/function/internal_message.html?_=1692243526776&CODE_STATE=getMsg HTTP/1.1" 200 27
222.65.220.241 - - [17/Aug/2023:11:38:47 +0800] "GET /xingrg/kc/mdqp/qqps_order_list.html?isQuery=1&timeSelect=1&orderTime=day&startTime=2023-08-16&endTime=2023-08-17&state=all&query=%C8%B7++%B6%A8 HTTP/1.1" 200 10152
222.65.220.241 - - [17/Aug/2023:11:38:47 +0800] "GET /xingrg/dwr/interface/AjaxQqpsService.js HTTP/1.1" 200 16326
222.65.220.241 - - [17/Aug/2023:11:38:47 +0800] "GET /xingrg/dwr/interface/AjaxReportQueryService.js HTTP/1.1" 200 13203
222.65.220.241 - - [17/Aug/2023:11:38:47 +0800] "GET /xingrg/dwr/engine.js HTTP/1.1" 200 43631
221.239.167.251 - - [17/Aug/2023:11:38:49 +0800] "GET /xingrg/kc/buy/cgsh_order_add.html HTTP/1.1" 200 71054
124.78.155.92 - - [17/Aug/2023:11:38:49 +0800] "POST /xingrg/kc/buy/cgsh_list_operate.html HTTP/1.1" 200 6676
221.239.167.251 - - [17/Aug/2023:11:38:49 +0800] "POST /xingrg/kc/buy/cgsh_order_operate.html HTTP/1.1" 200 8245
221.239.167.251 - - [17/Aug/2023:11:38:50 +0800] "GET /xingrg/javascript/easyui/themes/default/validatebox.css HTTP/1.1" 404 1104
222.65.220.241 - - [17/Aug/2023:11:38:50 +0800] "GET /xingrg/kc/mdqp/qqps_order_info.html?code=302023081600317 HTTP/1.1" 200 26644
222.65.220.241 - - [17/Aug/2023:11:38:50 +0800] "GET /xingrg/dwr/interface/AjaxComOrderService.js HTTP/1.1" 200 18264
222.65.220.241 - - [17/Aug/2023:11:38:50 +0800] "GET /xingrg/dwr/interface/AjaxQqpsService.js HTTP/1.1" 200 16326
222.65.220.241 - - [17/Aug/2023:11:38:50 +0800] "GET /xingrg/dwr/engine.js HTTP/1.1" 200 43631
222.65.220.241 - - [17/Aug/2023:11:38:50 +0800] "GET /xingrg/all/function/internal_message.html?_=1692243530296&CODE_STATE=getMsg HTTP/1.1" 200 27
222.65.220.241 - - [17/Aug/2023:11:38:50 +0800] "GET /xingrg/check_reg.html?_=1692243530297 HTTP/1.1" 200 22
222.65.220.241 - - [17/Aug/2023:11:38:51 +0800] "POST /xingrg/dwr/call/plaincall/AjaxQqpsService.loadMaterielItems.dwr HTTP/1.1" 200 3023
222.65.220.241 - - [17/Aug/2023:11:38:53 +0800] "POST /xingrg/dwr/call/plaincall/AjaxQqpsService.uncheckOrder.dwr HTTP/1.1" 200 78
222.65.220.241 - - [17/Aug/2023:11:38:55 +0800] "GET /xingrg/kc/mdqp/qqps_order_info.html?code=302023081600317 HTTP/1.1" 200 28403
222.65.220.241 - - [17/Aug/2023:11:38:55 +0800] "GET /xingrg/css/blue.css HTTP/1.1" 304 -
222.65.220.241 - - [17/Aug/2023:11:38:55 +0800] "GET /xingrg/javascript/jquery_easy_ui/themes/icon.css HTTP/1.1" 304 -
222.65.220.241 - - [17/Aug/2023:11:38:55 +0800] "GET /xingrg/javascript/auto/jquery.autocomplete.css HTTP/1.1" 304 -
222.65.220.241 - - [17/Aug/2023:11:38:55 +0800] "GET /xingrg/javascript/jquery-1.4.2.min.js HTTP/1.1" 304 -
222.65.220.241 - - [17/Aug/2023:11:38:55 +0800] "GET /xingrg/javascript/jquery_easy_ui/jquery.easyui.min.js HTTP/1.1" 304 -
222.65.220.241 - - [17/Aug/2023:11:38:55 +0800] "GET /xingrg/javascript/jquery_easy_ui/easyui-lang-zh_CN.js HTTP/1.1" 304 -
222.65.220.241 - - [17/Aug/2023:11:38:55 +0800] "GET /xingrg/javascript/auto/jquery.autocomplete.js HTTP/1.1" 304 -
222.65.220.241 - - [17/Aug/2023:11:38:55 +0800] "GET /xingrg/javascript/tools/jquery.qtip-1.0.0-rc3.min.js HTTP/1.1" 304 -
222.65.220.241 - - [17/Aug/2023:11:38:55 +0800] "GET /xingrg/javascript/jquery.utils.js HTTP/1.1" 304 -
222.65.220.241 - - [17/Aug/2023:11:38:55 +0800] "GET /xingrg/javascript/pic_change.js HTTP/1.1" 304 -
222.65.220.241 - - [17/Aug/2023:11:38:55 +0800] "GET /xingrg/dwr/interface/AjaxComOrderService.js HTTP/1.1" 200 18264
222.65.220.241 - - [17/Aug/2023:11:38:55 +0800] "GET /xingrg/dwr/interface/AjaxQqpsService.js HTTP/1.1" 200 16326
222.65.220.241 - - [17/Aug/2023:11:38:55 +0800] "GET /xingrg/dwr/engine.js HTTP/1.1" 200 43631
222.65.220.241 - - [17/Aug/2023:11:38:56 +0800] "GET /xingrg/dwr/util.js HTTP/1.1" 304 -
222.65.220.241 - - [17/Aug/2023:11:38:56 +0800] "GET /xingrg/javascript/Calendar.js HTTP/1.1" 304 -
222.65.220.241 - - [17/Aug/2023:11:38:56 +0800] "GET /xingrg/javascript/myfunction.js HTTP/1.1" 304 -
222.65.220.241 - - [17/Aug/2023:11:38:56 +0800] "GET /xingrg/javascript/AjaxInfoList.js HTTP/1.1" 304 -
222.65.220.241 - - [17/Aug/2023:11:38:56 +0800] "GET /xingrg/javascript/Grid.js HTTP/1.1" 304 -
222.65.220.241 - - [17/Aug/2023:11:38:56 +0800] "GET /xingrg/javascript/ToolTips.js HTTP/1.1" 304 -
222.65.220.241 - - [17/Aug/2023:11:38:56 +0800] "GET /xingrg/javascript/print/kc_print.js HTTP/1.1" 304 -
222.65.220.241 - - [17/Aug/2023:11:38:56 +0800] "GET /xingrg/javascript/print/LodopFuncs.js HTTP/1.1" 304 -
222.65.220.241 - - [17/Aug/2023:11:38:56 +0800] "GET /xingrg/javascript/jquery_easy_ui/themes/default/easyui.css HTTP/1.1" 304 -
222.65.220.241 - - [17/Aug/2023:11:38:56 +0800] "GET /xingrg/javascript/jquery_easy_ui/themes/icon.css HTTP/1.1" 304 -
222.65.220.241 - - [17/Aug/2023:11:38:56 +0800] "GET /xingrg/words/20230816133657_words.js HTTP/1.1" 304 -
222.65.220.241 - - [17/Aug/2023:11:38:56 +0800] "GET /xingrg/images/blue/button/kc_tab_add.gif HTTP/1.1" 304 -
222.65.220.241 - - [17/Aug/2023:11:38:56 +0800] "GET /xingrg/images/blue/button/kc_tab_edit.gif HTTP/1.1" 304 -
222.65.220.241 - - [17/Aug/2023:11:38:56 +0800] "GET /xingrg/images/blue/button/kc_tab_save.gif HTTP/1.1" 304 -
222.65.220.241 - - [17/Aug/2023:11:38:56 +0800] "GET /xingrg/images/blue/button/kc_tab_del.gif HTTP/1.1" 304 -
222.65.220.241 - - [17/Aug/2023:11:38:56 +0800] "GET /xingrg/images/blue/wait.gif HTTP/1.1" 304 -
222.65.220.241 - - [17/Aug/2023:11:38:56 +0800] "POST /xingrg/dwr/call/plaincall/AjaxQqpsService.loadMaterielItems.dwr HTTP/1.1" 200 3023
101.83.145.37 - - [17/Aug/2023:11:39:05 +0800] "GET /xingrg/kc/base/wldb_order_operate.html?command=get_materiel&rest_code=00105&base_code=0010507&code=00101019469 HTTP/1.1" 200 455
124.78.155.92 - - [17/Aug/2023:11:39:06 +0800] "GET /xingrg/all/function/internal_message.html?_=1692243543576&CODE_STATE=getMsg HTTP/1.1" 200 27
124.78.70.128 - - [17/Aug/2023:11:39:08 +0800] "GET /xingrg/all/function/internal_message.html?_=1692243000800&CODE_STATE=getMsg HTTP/1.1" 200 27
124.78.155.92 - - [17/Aug/2023:11:39:08 +0800] "GET /xingrg/all/function/internal_message.html?_=1692243547652&CODE_STATE=getMsg HTTP/1.1" 200 27
222.65.220.241 - - [17/Aug/2023:11:39:09 +0800] "POST /xingrg/dwr/call/plaincall/AjaxQqpsService.getMaterielByCode.dwr HTTP/1.1" 200 2947
101.228.187.155 - - [17/Aug/2023:11:39:10 +0800] "GET /xingrg/all/function/internal_message.html?_=1692243549216&CODE_STATE=getMsg HTTP/1.1" 200 27
222.65.220.241 - - [17/Aug/2023:11:39:11 +0800] "POST /xingrg/dwr/call/plaincall/AjaxQqpsService.saveMaterielItem.dwr HTTP/1.1" 200 78
124.78.70.128 - - [17/Aug/2023:11:39:11 +0800] "GET /xingrg/check_reg.html?_=1692243003889 HTTP/1.1" 200 22
116.238.191.126 - - [17/Aug/2023:11:39:11 +0800] "GET /xingrg/all/function/internal_message.html?_=1692243550029&CODE_STATE=getMsg HTTP/1.1" 200 27
124.78.155.92 - - [17/Aug/2023:11:39:13 +0800] "GET /xingrg/javascript/easyui/themes/default/tree.css HTTP/1.1" 404 1090
124.78.155.92 - - [17/Aug/2023:11:39:14 +0800] "POST /xingrg/all/common/load_tree.html?tree=supplier_tree_json&manage=1 HTTP/1.1" 200 76958
222.65.220.241 - - [17/Aug/2023:11:39:14 +0800] "POST /xingrg/dwr/call/plaincall/AjaxQqpsService.checkOrder.dwr HTTP/1.1" 200 78
116.235.244.168 - - [17/Aug/2023:11:39:15 +0800] "GET /xingrg/all/function/internal_message.html?_=1692243567582&CODE_STATE=getMsg HTTP/1.1" 200 27
101.83.145.37 - - [17/Aug/2023:11:39:16 +0800] "GET /xingrg/all/function/internal_message.html?_=1692243557720&CODE_STATE=getMsg HTTP/1.1" 200 27
222.65.220.241 - - [17/Aug/2023:11:39:16 +0800] "GET /xingrg/kc/mdqp/qqps_order_info.html?code=302023081600317 HTTP/1.1" 200 26644
222.65.220.241 - - [17/Aug/2023:11:39:16 +0800] "GET /xingrg/dwr/interface/AjaxQqpsService.js HTTP/1.1" 200 16326
222.65.220.241 - - [17/Aug/2023:11:39:16 +0800] "GET /xingrg/dwr/interface/AjaxComOrderService.js HTTP/1.1" 200 18264
222.65.220.241 - - [17/Aug/2023:11:39:16 +0800] "GET /xingrg/dwr/engine.js HTTP/1.1" 200 43631
222.65.220.241 - - [17/Aug/2023:11:39:17 +0800] "POST /xingrg/dwr/call/plaincall/AjaxQqpsService.loadMaterielItems.dwr HTTP/1.1" 200 3284
222.65.220.241 - - [17/Aug/2023:11:39:21 +0800] "POST /xingrg/dwr/call/plaincall/AjaxQqpsService.uncheckOrder.dwr HTTP/1.1" 200 78
101.83.145.37 - - [17/Aug/2023:11:39:21 +0800] "GET /xingrg/kc/base/wldb_order_operate.html?command=get_materiel&rest_code=00105&base_code=0010507&code=00101019058 HTTP/1.1" 200 453
222.65.220.241 - - [17/Aug/2023:11:39:22 +0800] "GET /xingrg/kc/mdqp/qqps_order_info.html?code=302023081600317 HTTP/1.1" 200 28403
222.65.220.241 - - [17/Aug/2023:11:39:22 +0800] "GET /xingrg/css/blue.css HTTP/1.1" 304 -
222.65.220.241 - - [17/Aug/2023:11:39:22 +0800] "GET /xingrg/javascript/jquery_easy_ui/themes/icon.css HTTP/1.1" 304 -
222.65.220.241 - - [17/Aug/2023:11:39:22 +0800] "GET /xingrg/javascript/auto/jquery.autocomplete.css HTTP/1.1" 304 -
222.65.220.241 - - [17/Aug/2023:11:39:22 +0800] "GET /xingrg/javascript/jquery-1.4.2.min.js HTTP/1.1" 304 -
222.65.220.241 - - [17/Aug/2023:11:39:22 +0800] "GET /xingrg/javascript/jquery_easy_ui/jquery.easyui.min.js HTTP/1.1" 304 -
222.65.220.241 - - [17/Aug/2023:11:39:22 +0800] "GET /xingrg/javascript/jquery_easy_ui/easyui-lang-zh_CN.js HTTP/1.1" 304 -
222.65.220.241 - - [17/Aug/2023:11:39:22 +0800] "GET /xingrg/javascript/auto/jquery.autocomplete.js HTTP/1.1" 304 -
222.65.220.241 - - [17/Aug/2023:11:39:22 +0800] "GET /xingrg/javascript/tools/jquery.qtip-1.0.0-rc3.min.js HTTP/1.1" 304 -
222.65.220.241 - - [17/Aug/2023:11:39:22 +0800] "GET /xingrg/javascript/jquery.utils.js HTTP/1.1" 304 -
222.65.220.241 - - [17/Aug/2023:11:39:22 +0800] "GET /xingrg/javascript/pic_change.js HTTP/1.1" 304 -
222.65.220.241 - - [17/Aug/2023:11:39:22 +0800] "GET /xingrg/dwr/interface/AjaxComOrderService.js HTTP/1.1" 200 18264
222.65.220.241 - - [17/Aug/2023:11:39:22 +0800] "GET /xingrg/dwr/interface/AjaxQqpsService.js HTTP/1.1" 200 16326
222.65.220.241 - - [17/Aug/2023:11:39:22 +0800] "GET /xingrg/dwr/engine.js HTTP/1.1" 200 43631
222.65.220.241 - - [17/Aug/2023:11:39:22 +0800] "GET /xingrg/dwr/util.js HTTP/1.1" 304 -
222.65.220.241 - - [17/Aug/2023:11:39:22 +0800] "GET /xingrg/javascript/Calendar.js HTTP/1.1" 304 -
222.65.220.241 - - [17/Aug/2023:11:39:23 +0800] "GET /xingrg/javascript/myfunction.js HTTP/1.1" 304 -
222.65.220.241 - - [17/Aug/2023:11:39:23 +0800] "GET /xingrg/javascript/AjaxInfoList.js HTTP/1.1" 304 -
222.65.220.241 - - [17/Aug/2023:11:39:23 +0800] "GET /xingrg/javascript/Grid.js HTTP/1.1" 304 -
222.65.220.241 - - [17/Aug/2023:11:39:23 +0800] "GET /xingrg/javascript/ToolTips.js HTTP/1.1" 304 -
222.65.220.241 - - [17/Aug/2023:11:39:23 +0800] "GET /xingrg/javascript/print/kc_print.js HTTP/1.1" 304 -
222.65.220.241 - - [17/Aug/2023:11:39:23 +0800] "GET /xingrg/javascript/print/LodopFuncs.js HTTP/1.1" 304 -
222.65.220.241 - - [17/Aug/2023:11:39:23 +0800] "GET /xingrg/javascript/jquery_easy_ui/themes/default/easyui.css HTTP/1.1" 304 -
222.65.220.241 - - [17/Aug/2023:11:39:23 +0800] "GET /xingrg/javascript/jquery_easy_ui/themes/icon.css HTTP/1.1" 304 -
222.65.220.241 - - [17/Aug/2023:11:39:23 +0800] "GET /xingrg/words/20230816133657_words.js HTTP/1.1" 304 -
222.65.220.241 - - [17/Aug/2023:11:39:23 +0800] "GET /xingrg/images/blue/button/kc_tab_add.gif HTTP/1.1" 304 -
222.65.220.241 - - [17/Aug/2023:11:39:23 +0800] "GET /xingrg/images/blue/button/kc_tab_edit.gif HTTP/1.1" 304 -
222.65.220.241 - - [17/Aug/2023:11:39:23 +0800] "GET /xingrg/images/blue/button/kc_tab_del.gif HTTP/1.1" 304 -
222.65.220.241 - - [17/Aug/2023:11:39:23 +0800] "GET /xingrg/images/blue/button/kc_tab_save.gif HTTP/1.1" 304 -
222.65.220.241 - - [17/Aug/2023:11:39:23 +0800] "GET /xingrg/images/blue/wait.gif HTTP/1.1" 304 -
222.65.220.241 - - [17/Aug/2023:11:39:23 +0800] "POST /xingrg/dwr/call/plaincall/AjaxQqpsService.loadMaterielItems.dwr HTTP/1.1" 200 3284
116.235.94.33 - - [17/Aug/2023:11:39:24 +0800] "GET /xingrg/all/function/internal_message.html?_=1692243855707&CODE_STATE=getMsg HTTP/1.1" 200 27
222.65.220.241 - - [17/Aug/2023:11:39:24 +0800] "GET /xingrg/kc/mdqp/qqps_order_list.html?isBack=1 HTTP/1.1" 302 -
222.65.220.241 - - [17/Aug/2023:11:39:24 +0800] "GET /xingrg/kc/mdqp/qqps_order_list.html?isQuery=1&timeSelect=1&orderTime=day&startTime=2023-08-16&endTime=2023-08-17&state=all&query=%C8%B7++%B6%A8 HTTP/1.1" 200 10126
222.65.220.241 - - [17/Aug/2023:11:39:25 +0800] "GET /xingrg/dwr/interface/AjaxReportQueryService.js HTTP/1.1" 200 13203
222.65.220.241 - - [17/Aug/2023:11:39:25 +0800] "GET /xingrg/dwr/interface/AjaxQqpsService.js HTTP/1.1" 200 16326
222.65.220.241 - - [17/Aug/2023:11:39:25 +0800] "GET /xingrg/dwr/engine.js HTTP/1.1" 200 43631
222.65.220.241 - - [17/Aug/2023:11:39:27 +0800] "GET /xingrg/kc/mdqp/qqps_order_info.html?code=302023081700341 HTTP/1.1" 200 28403
222.65.220.241 - - [17/Aug/2023:11:39:27 +0800] "GET /xingrg/dwr/interface/AjaxQqpsService.js HTTP/1.1" 200 16326
222.65.220.241 - - [17/Aug/2023:11:39:27 +0800] "GET /xingrg/dwr/interface/AjaxComOrderService.js HTTP/1.1" 200 18264
222.65.220.241 - - [17/Aug/2023:11:39:27 +0800] "GET /xingrg/dwr/engine.js HTTP/1.1" 200 43631
222.65.220.241 - - [17/Aug/2023:11:39:28 +0800] "POST /xingrg/dwr/call/plaincall/AjaxQqpsService.loadMaterielItems.dwr HTTP/1.1" 200 5348
222.70.180.200 - - [17/Aug/2023:11:39:28 +0800] "GET /xingrg/all/function/internal_message.html?_=1692243568441&CODE_STATE=getMsg HTTP/1.1" 200 27
222.70.180.200 - - [17/Aug/2023:11:39:29 +0800] "POST /xingrg/all/common/load_select.html HTTP/1.1" 200 25
222.70.180.200 - - [17/Aug/2023:11:39:29 +0800] "GET /xingrg/check_reg.html?_=1692243569516 HTTP/1.1" 200 22
222.70.180.200 - - [17/Aug/2023:11:39:33 +0800] "GET /xingrg/all/function/internal_message.html?_=1692243628270&CODE_STATE=getMsg HTTP/1.1" 302 -
116.232.195.127 - - [17/Aug/2023:11:39:33 +0800] "GET /xingrg/check_reg.html?_=1692243573043 HTTP/1.1" 200 22
116.232.195.127 - - [17/Aug/2023:11:39:33 +0800] "GET /xingrg/all/function/internal_message.html?_=1692243573048&CODE_STATE=getMsg HTTP/1.1" 200 27
101.83.145.37 - - [17/Aug/2023:11:39:33 +0800] "GET /xingrg/all/function/internal_message.html?_=1692243373186&CODE_STATE=getMsg HTTP/1.1" 200 27
180.152.241.196 - - [17/Aug/2023:11:39:33 +0800] "GET /xingrg/all/function/internal_message.html?_=1692243573148&CODE_STATE=getMsg HTTP/1.1" 200 27
116.235.94.33 - - [17/Aug/2023:11:39:34 +0800] "GET /xingrg/all/function/internal_message.html?_=1692243564124&CODE_STATE=getMsg HTTP/1.1" 200 27
116.232.195.127 - - [17/Aug/2023:11:39:35 +0800] "GET /xingrg/all/function/internal_message.html?_=1692243503968&CODE_STATE=getMsg HTTP/1.1" 200 27
124.78.155.92 - - [17/Aug/2023:11:39:35 +0800] "POST /xingrg/kc/buy/cgsh_list_operate.html HTTP/1.1" 200 6625
101.83.240.215 - - [17/Aug/2023:11:39:37 +0800] "GET /xingrg/check_reg.html?_=1692243714322 HTTP/1.1" 200 22
101.83.240.215 - - [17/Aug/2023:11:39:37 +0800] "GET /xingrg/all/function/internal_message.html?_=1692243714323&CODE_STATE=getMsg HTTP/1.1" 200 27
116.235.244.168 - - [17/Aug/2023:11:39:37 +0800] "GET /xingrg/kc/base/wldb_order_operate.html?command=get_materiel&rest_code=00146&base_code=0010063&code=00101019400 HTTP/1.1" 200 464
101.83.145.37 - - [17/Aug/2023:11:39:38 +0800] "POST /xingrg/kc/base/wldb_order_operate.html HTTP/1.1" 200 37
124.78.155.92 - - [17/Aug/2023:11:39:38 +0800] "POST /xingrg/kc/buy/cgsh_list_operate.html HTTP/1.1" 200 271
221.239.167.251 - - [17/Aug/2023:11:39:38 +0800] "GET /xingrg/kc/buy/cgsh_order_operate.html?command=get_materiel&rest_code=00145&code=00101028025&supplier_code=00100585&order_time=2023-08-17 HTTP/1.1" 200 454
101.83.145.37 - - [17/Aug/2023:11:39:39 +0800] "POST /xingrg/kc/base/wldb_order_operate.html HTTP/1.1" 200 7716
101.83.145.37 - - [17/Aug/2023:11:39:40 +0800] "GET /xingrg/kc/base/wldb_order_info.html?code=422023081701833 HTTP/1.1" 200 30513
101.83.145.37 - - [17/Aug/2023:11:39:40 +0800] "GET /xingrg/javascript/easyui/themes/default/validatebox.css HTTP/1.1" 404 1104
222.65.220.241 - - [17/Aug/2023:11:39:41 +0800] "POST /xingrg/dwr/call/plaincall/AjaxQqpsService.getMaterielByCode.dwr HTTP/1.1" 200 3011
101.83.145.37 - - [17/Aug/2023:11:39:42 +0800] "POST /xingrg/kc/base/wldb_order_operate.html HTTP/1.1" 200 7716
124.78.155.92 - - [17/Aug/2023:11:39:42 +0800] "POST /xingrg/kc/buy/cgsh_list_operate.html HTTP/1.1" 200 198
124.78.155.92 - - [17/Aug/2023:11:39:47 +0800] "POST /xingrg/kc/buy/cgsh_list_operate.html HTTP/1.1" 200 272
221.239.167.251 - - [17/Aug/2023:11:39:47 +0800] "GET /xingrg/all/function/internal_message.html?_=1692243586779&CODE_STATE=getMsg HTTP/1.1" 200 27
222.65.220.241 - - [17/Aug/2023:11:39:50 +0800] "GET /xingrg/all/function/internal_message.html?_=1692243590305&CODE_STATE=getMsg HTTP/1.1" 200 27
222.70.180.200 - - [17/Aug/2023:11:39:52 +0800] "GET /xingrg/kc/base/wldb_order_operate.html?command=get_materiel_price&rest_code=00111&base_code=0010306&code=00102002035&unit_code=00100381 HTTP/1.1" 200 35
124.78.155.92 - - [17/Aug/2023:11:39:53 +0800] "POST /xingrg/kc/buy/cgsh_list_operate.html HTTP/1.1" 200 272
124.78.155.92 - - [17/Aug/2023:11:39:56 +0800] "POST /xingrg/kc/buy/cgsh_list_operate.html HTTP/1.1" 200 271
124.78.155.92 - - [17/Aug/2023:11:39:59 +0800] "POST /xingrg/kc/buy/cgsh_list_operate.html HTTP/1.1" 200 271
116.235.244.168 - - [17/Aug/2023:11:40:02 +0800] "GET /xingrg/kc/base/wldb_order_operate.html?command=get_materiel&rest_code=00146&base_code=0010063&code=00101019391 HTTP/1.1" 200 485
222.65.220.241 - - [17/Aug/2023:11:40:02 +0800] "POST /xingrg/dwr/call/plaincall/AjaxQqpsService.saveMaterielItem.dwr HTTP/1.1" 200 78
124.78.155.92 - - [17/Aug/2023:11:40:04 +0800] "POST /xingrg/kc/buy/cgsh_list_operate.html HTTP/1.1" 200 199
124.78.155.92 - - [17/Aug/2023:11:40:06 +0800] "GET /xingrg/all/function/internal_message.html?_=1692243603547&CODE_STATE=getMsg HTTP/1.1" 200 27
124.78.155.92 - - [17/Aug/2023:11:40:08 +0800] "POST /xingrg/kc/buy/cgsh_list_operate.html HTTP/1.1" 200 270
124.78.70.128 - - [17/Aug/2023:11:40:08 +0800] "GET /xingrg/all/function/internal_message.html?_=1692243060773&CODE_STATE=getMsg HTTP/1.1" 200 27
124.78.155.92 - - [17/Aug/2023:11:40:08 +0800] "GET /xingrg/all/function/internal_message.html?_=1692243607649&CODE_STATE=getMsg HTTP/1.1" 200 27
101.228.187.155 - - [17/Aug/2023:11:40:10 +0800] "GET /xingrg/check_reg.html?_=1692243609213 HTTP/1.1" 200 22
101.228.187.155 - - [17/Aug/2023:11:40:10 +0800] "GET /xingrg/all/function/internal_message.html?_=1692243609216&CODE_STATE=getMsg HTTP/1.1" 200 27
124.78.155.92 - - [17/Aug/2023:11:40:11 +0800] "POST /xingrg/kc/buy/cgsh_list_operate.html HTTP/1.1" 200 271
116.238.191.126 - - [17/Aug/2023:11:40:11 +0800] "GET /xingrg/all/function/internal_message.html?_=1692243610029&CODE_STATE=getMsg HTTP/1.1" 200 27
116.235.244.168 - - [17/Aug/2023:11:40:14 +0800] "GET /xingrg/kc/base/wldb_order_operate.html?command=get_materiel&rest_code=00146&base_code=0010063&code=00101016044 HTTP/1.1" 200 466
101.83.145.37 - - [17/Aug/2023:11:40:14 +0800] "GET /xingrg/kc/buy/buy_main.html HTTP/1.1" 200 12412
101.83.145.37 - - [17/Aug/2023:11:40:14 +0800] "GET /xingrg/css/new_ie.css HTTP/1.1" 404 1036
101.83.145.37 - - [17/Aug/2023:11:40:15 +0800] "GET /xingrg/images/yd/bt.gif HTTP/1.1" 404 1040
116.235.244.168 - - [17/Aug/2023:11:40:15 +0800] "GET /xingrg/all/function/internal_message.html?_=1692243627640&CODE_STATE=getMsg HTTP/1.1" 200 27
101.83.145.37 - - [17/Aug/2023:11:40:16 +0800] "GET /xingrg/kc/buy/cgsh_order_list.html HTTP/1.1" 200 56077
101.83.145.37 - - [17/Aug/2023:11:40:16 +0800] "GET /xingrg/check_reg.html?_=1692243617723 HTTP/1.1" 200 22
101.83.145.37 - - [17/Aug/2023:11:40:16 +0800] "GET /xingrg/all/function/internal_message.html?_=1692243617726&CODE_STATE=getMsg HTTP/1.1" 200 27
116.235.94.33 - - [17/Aug/2023:11:40:24 +0800] "GET /xingrg/all/function/internal_message.html?_=1692243915705&CODE_STATE=getMsg HTTP/1.1" 200 27
116.235.244.168 - - [17/Aug/2023:11:40:26 +0800] "POST /xingrg/kc/base/wldb_order_operate.html HTTP/1.1" 200 37
116.235.244.168 - - [17/Aug/2023:11:40:27 +0800] "POST /xingrg/kc/base/wldb_order_operate.html HTTP/1.1" 200 4698
101.83.145.37 - - [17/Aug/2023:11:40:28 +0800] "POST /xingrg/kc/buy/cgsh_list_operate.html HTTP/1.1" 200 3120
116.235.244.168 - - [17/Aug/2023:11:40:28 +0800] "GET /xingrg/kc/base/wldb_order_info.html?code=422023081701834 HTTP/1.1" 200 30519
222.70.180.200 - - [17/Aug/2023:11:40:28 +0800] "GET /xingrg/all/function/internal_message.html?_=1692243628417&CODE_STATE=getMsg HTTP/1.1" 200 27
222.65.220.241 - - [17/Aug/2023:11:40:28 +0800] "POST /xingrg/dwr/call/plaincall/AjaxQqpsService.getMaterielByCode.dwr HTTP/1.1" 200 2962
116.235.244.168 - - [17/Aug/2023:11:40:29 +0800] "GET /xingrg/javascript/easyui/themes/default/validatebox.css HTTP/1.1" 404 1104
116.235.244.168 - - [17/Aug/2023:11:40:29 +0800] "POST /xingrg/kc/base/wldb_order_operate.html HTTP/1.1" 200 4698
116.235.244.168 - - [17/Aug/2023:11:40:33 +0800] "GET /xingrg/kc/base/wldb_order_add.html HTTP/1.1" 200 30504
222.70.180.200 - - [17/Aug/2023:11:40:33 +0800] "GET /xingrg/all/function/internal_message.html?_=1692243688267&CODE_STATE=getMsg HTTP/1.1" 302 -
222.70.180.200 - - [17/Aug/2023:11:40:33 +0800] "GET /xingrg/check_reg.html?_=1692243688270 HTTP/1.1" 302 -
116.232.195.127 - - [17/Aug/2023:11:40:33 +0800] "GET /xingrg/all/function/internal_message.html?_=1692243633042&CODE_STATE=getMsg HTTP/1.1" 200 27
101.83.145.37 - - [17/Aug/2023:11:40:33 +0800] "GET /xingrg/all/function/internal_message.html?_=1692243433173&CODE_STATE=getMsg HTTP/1.1" 200 27
221.239.167.251 - - [17/Aug/2023:11:40:33 +0800] "GET /xingrg/kc/buy/cgsh_order_operate.html?command=get_materiel&rest_code=00145&code=00101028066&supplier_code=00100585&order_time=2023-08-17 HTTP/1.1" 200 447
180.152.241.196 - - [17/Aug/2023:11:40:33 +0800] "GET /xingrg/all/function/internal_message.html?_=1692243633140&CODE_STATE=getMsg HTTP/1.1" 200 27
116.235.244.168 - - [17/Aug/2023:11:40:33 +0800] "POST /xingrg/kc/base/wldb_order_operate.html HTTP/1.1" 200 6806
116.235.244.168 - - [17/Aug/2023:11:40:33 +0800] "GET /xingrg/javascript/easyui/themes/default/validatebox.css HTTP/1.1" 404 1104
222.65.220.241 - - [17/Aug/2023:11:40:34 +0800] "POST /xingrg/dwr/call/plaincall/AjaxQqpsService.saveMaterielItem.dwr HTTP/1.1" 200 78
116.235.94.33 - - [17/Aug/2023:11:40:34 +0800] "GET /xingrg/all/function/internal_message.html?_=1692243624140&CODE_STATE=getMsg HTTP/1.1" 200 27
116.232.195.127 - - [17/Aug/2023:11:40:35 +0800] "GET /xingrg/check_reg.html?_=1692243563816 HTTP/1.1" 200 22
116.232.195.127 - - [17/Aug/2023:11:40:35 +0800] "GET /xingrg/all/function/internal_message.html?_=1692243563945&CODE_STATE=getMsg HTTP/1.1" 200 27
101.83.240.215 - - [17/Aug/2023:11:40:37 +0800] "GET /xingrg/all/function/internal_message.html?_=1692243774320&CODE_STATE=getMsg HTTP/1.1" 200 27
222.65.220.241 - - [17/Aug/2023:11:40:47 +0800] "POST /xingrg/dwr/call/plaincall/AjaxQqpsService.getMaterielByCode.dwr HTTP/1.1" 200 3003
221.239.167.251 - - [17/Aug/2023:11:40:47 +0800] "GET /xingrg/all/function/internal_message.html?_=1692243646774&CODE_STATE=getMsg HTTP/1.1" 200 27
222.65.220.241 - - [17/Aug/2023:11:40:50 +0800] "GET /xingrg/all/function/internal_message.html?_=1692243650284&CODE_STATE=getMsg HTTP/1.1" 200 27
222.65.220.241 - - [17/Aug/2023:11:40:51 +0800] "POST /xingrg/dwr/call/plaincall/AjaxQqpsService.saveMaterielItem.dwr HTTP/1.1" 200 78
222.65.220.241 - - [17/Aug/2023:11:40:56 +0800] "POST /xingrg/dwr/call/plaincall/AjaxQqpsService.getMaterielByCode.dwr HTTP/1.1" 200 2975
222.65.220.241 - - [17/Aug/2023:11:40:59 +0800] "POST /xingrg/dwr/call/plaincall/AjaxQqpsService.saveMaterielItem.dwr HTTP/1.1" 200 78
221.239.167.251 - - [17/Aug/2023:11:41:03 +0800] "GET /xingrg/kc/buy/cgsh_order_operate.html?command=get_materiel&rest_code=00145&code=00101028061&supplier_code=00100585&order_time=2023-08-17 HTTP/1.1" 200 438
222.65.220.241 - - [17/Aug/2023:11:41:04 +0800] "POST /xingrg/dwr/call/plaincall/AjaxQqpsService.getMaterielByCode.dwr HTTP/1.1" 200 2954
124.78.155.92 - - [17/Aug/2023:11:41:06 +0800] "GET /xingrg/all/function/internal_message.html?_=1692243663529&CODE_STATE=getMsg HTTP/1.1" 200 27
222.65.220.241 - - [17/Aug/2023:11:41:07 +0800] "POST /xingrg/dwr/call/plaincall/AjaxQqpsService.saveMaterielItem.dwr HTTP/1.1" 200 79
124.78.155.92 - - [17/Aug/2023:11:41:07 +0800] "GET /xingrg/check_reg.html?_=1692243666899 HTTP/1.1" 200 22
124.78.70.128 - - [17/Aug/2023:11:41:08 +0800] "GET /xingrg/all/function/internal_message.html?_=1692243120742&CODE_STATE=getMsg HTTP/1.1" 200 27
124.78.155.92 - - [17/Aug/2023:11:41:08 +0800] "GET /xingrg/all/function/internal_message.html?_=1692243667634&CODE_STATE=getMsg HTTP/1.1" 200 27
101.83.145.37 - - [17/Aug/2023:11:41:10 +0800] "GET /xingrg/kc/base/base_main.html HTTP/1.1" 200 12142
101.228.187.155 - - [17/Aug/2023:11:41:10 +0800] "GET /xingrg/all/function/internal_message.html?_=1692243669216&CODE_STATE=getMsg HTTP/1.1" 200 27
116.238.191.126 - - [17/Aug/2023:11:41:11 +0800] "GET /xingrg/check_reg.html?_=1692243670017 HTTP/1.1" 200 22
116.238.191.126 - - [17/Aug/2023:11:41:11 +0800] "GET /xingrg/all/function/internal_message.html?_=1692243670020&CODE_STATE=getMsg HTTP/1.1" 200 27
101.83.145.37 - - [17/Aug/2023:11:41:12 +0800] "GET /xingrg/kc/base/wldb_order_list.html HTTP/1.1" 200 19215
101.83.145.37 - - [17/Aug/2023:11:41:13 +0800] "POST /xingrg/kc/base/wldb_list_operate.html HTTP/1.1" 200 4132
116.235.244.168 - - [17/Aug/2023:11:41:15 +0800] "GET /xingrg/all/function/internal_message.html?_=1692243687640&CODE_STATE=getMsg HTTP/1.1" 200 27
101.83.145.37 - - [17/Aug/2023:11:41:16 +0800] "GET /xingrg/all/function/internal_message.html?_=1692243677726&CODE_STATE=getMsg HTTP/1.1" 200 27
116.235.244.168 - - [17/Aug/2023:11:41:18 +0800] "GET /xingrg/kc/base/wldb_order_operate.html?command=get_materiel&rest_code=00146&base_code=0010064&code=00102002448 HTTP/1.1" 200 440
101.83.145.37 - - [17/Aug/2023:11:41:20 +0800] "GET /xingrg/kc/buy/buy_main.html HTTP/1.1" 200 12412
101.83.145.37 - - [17/Aug/2023:11:41:20 +0800] "GET /xingrg/css/new_ie.css HTTP/1.1" 404 1036
101.83.145.37 - - [17/Aug/2023:11:41:21 +0800] "GET /xingrg/images/yd/bt.gif HTTP/1.1" 404 1040
101.83.145.37 - - [17/Aug/2023:11:41:23 +0800] "GET /xingrg/kc/buy/cgsh_order_list.html HTTP/1.1" 200 56077
116.235.94.33 - - [17/Aug/2023:11:41:24 +0800] "GET /xingrg/all/function/internal_message.html?_=1692243975704&CODE_STATE=getMsg HTTP/1.1" 200 27
222.70.180.200 - - [17/Aug/2023:11:41:28 +0800] "GET /xingrg/all/function/internal_message.html?_=1692243688400&CODE_STATE=getMsg HTTP/1.1" 200 27
116.235.244.168 - - [17/Aug/2023:11:41:29 +0800] "POST /xingrg/kc/base/wldb_order_operate.html HTTP/1.1" 200 37
116.235.244.168 - - [17/Aug/2023:11:41:31 +0800] "POST /xingrg/kc/base/wldb_order_operate.html HTTP/1.1" 200 2665
221.239.167.251 - - [17/Aug/2023:11:41:32 +0800] "POST /xingrg/kc/buy/cgsh_order_operate.html HTTP/1.1" 200 37
222.70.180.200 - - [17/Aug/2023:11:41:33 +0800] "GET /xingrg/all/function/internal_message.html?_=1692243748271&CODE_STATE=getMsg HTTP/1.1" 302 -
116.232.195.127 - - [17/Aug/2023:11:41:33 +0800] "GET /xingrg/all/function/internal_message.html?_=1692243693052&CODE_STATE=getMsg HTTP/1.1" 200 27
101.83.145.37 - - [17/Aug/2023:11:41:33 +0800] "GET /xingrg/all/function/internal_message.html?_=1692243493148&CODE_STATE=getMsg HTTP/1.1" 200 27
180.152.241.196 - - [17/Aug/2023:11:41:33 +0800] "GET /xingrg/all/function/internal_message.html?_=1692243693153&CODE_STATE=getMsg HTTP/1.1" 200 27
116.235.244.168 - - [17/Aug/2023:11:41:33 +0800] "GET /xingrg/kc/base/wldb_order_info.html?code=422023081701835 HTTP/1.1" 200 30518
116.235.244.168 - - [17/Aug/2023:11:41:34 +0800] "GET /xingrg/javascript/easyui/themes/default/validatebox.css HTTP/1.1" 404 1104
116.235.94.33 - - [17/Aug/2023:11:41:34 +0800] "GET /xingrg/check_reg.html?_=1692243684122 HTTP/1.1" 200 22
116.235.94.33 - - [17/Aug/2023:11:41:34 +0800] "GET /xingrg/all/function/internal_message.html?_=1692243684127&CODE_STATE=getMsg HTTP/1.1" 200 27
116.235.244.168 - - [17/Aug/2023:11:41:34 +0800] "POST /xingrg/kc/base/wldb_order_operate.html HTTP/1.1" 200 2665
116.232.195.127 - - [17/Aug/2023:11:41:35 +0800] "GET /xingrg/all/function/internal_message.html?_=1692243623931&CODE_STATE=getMsg HTTP/1.1" 200 27
101.83.145.37 - - [17/Aug/2023:11:41:36 +0800] "POST /xingrg/kc/buy/cgsh_list_operate.html HTTP/1.1" 200 3120
116.235.244.168 - - [17/Aug/2023:11:41:36 +0800] "GET /xingrg/kc/base/wldb_order_add.html HTTP/1.1" 200 30504
116.235.244.168 - - [17/Aug/2023:11:41:37 +0800] "POST /xingrg/kc/base/wldb_order_operate.html HTTP/1.1" 200 6806
116.235.244.168 - - [17/Aug/2023:11:41:37 +0800] "GET /xingrg/javascript/easyui/themes/default/validatebox.css HTTP/1.1" 404 1104
221.239.167.251 - - [17/Aug/2023:11:41:37 +0800] "POST /xingrg/kc/buy/cgsh_order_operate.html HTTP/1.1" 200 3935
101.83.240.215 - - [17/Aug/2023:11:41:37 +0800] "GET /xingrg/all/function/internal_message.html?_=1692243834325&CODE_STATE=getMsg HTTP/1.1" 200 27
221.239.167.251 - - [17/Aug/2023:11:41:47 +0800] "POST /xingrg/kc/buy/cgsh_order_operate.html HTTP/1.1" 200 37
116.235.244.168 - - [17/Aug/2023:11:41:50 +0800] "GET /xingrg/kc/buy/buy_main.html HTTP/1.1" 200 12412
116.235.244.168 - - [17/Aug/2023:11:41:50 +0800] "GET /xingrg/css/new_ie.css HTTP/1.1" 404 1036
222.65.220.241 - - [17/Aug/2023:11:41:50 +0800] "GET /xingrg/all/function/internal_message.html?_=1692243710301&CODE_STATE=getMsg HTTP/1.1" 200 27
116.235.244.168 - - [17/Aug/2023:11:41:50 +0800] "GET /xingrg/images/yd/bt.gif HTTP/1.1" 404 1040
116.235.244.168 - - [17/Aug/2023:11:41:52 +0800] "GET /xingrg/kc/buy/cgsh_order_list.html HTTP/1.1" 200 56083
