180.152.241.196 - - [13/Aug/2023:10:25:21 +0800] "GET /xingrg/all/function/internal_message.html?_=1691893522751&CODE_STATE=getMsg HTTP/1.1" 200 27
116.238.191.126 - - [13/Aug/2023:10:25:22 +0800] "GET /xingrg/kc/buy/cgsh_order_add.html HTTP/1.1" 200 71903
116.238.191.126 - - [13/Aug/2023:10:25:23 +0800] "GET /xingrg/words/20230813102502_words.js HTTP/1.1" 200 983014
116.238.191.126 - - [13/Aug/2023:10:25:23 +0800] "POST /xingrg/kc/buy/cgsh_order_operate.html HTTP/1.1" 200 8245
116.238.191.126 - - [13/Aug/2023:10:25:23 +0800] "GET /xingrg/javascript/easyui/themes/default/validatebox.css HTTP/1.1" 404 1104
116.232.195.127 - - [13/Aug/2023:10:25:24 +0800] "GET /xingrg/kc/buy/buy_main.html HTTP/1.1" 200 12412
116.232.195.127 - - [13/Aug/2023:10:25:24 +0800] "GET /xingrg/css/new_ie.css HTTP/1.1" 404 1036
180.152.241.196 - - [13/Aug/2023:10:25:25 +0800] "GET /xingrg/all/function/internal_message.html?_=1691893524519&CODE_STATE=getMsg HTTP/1.1" 200 27
180.152.241.196 - - [13/Aug/2023:10:25:25 +0800] "GET /xingrg/kc/buy/cgsh_order_operate.html?command=get_materiel&rest_code=00102&code=00101010161&supplier_code=00100400&order_time=2023-08-13 HTTP/1.1" 200 409
172.20.0.100 - - [13/Aug/2023:10:25:27 +0800] "POST /xingrg/dwr/call/plaincall/AjaxBaseInfoService.saveMateriel.dwr HTTP/1.1" 200 108
172.20.0.100 - - [13/Aug/2023:10:25:27 +0800] "POST /xingrg/dwr/call/plaincall/AjaxBaseInfoService.getMateriels.dwr HTTP/1.1" 200 2981
222.70.180.200 - - [13/Aug/2023:10:25:28 +0800] "GET /xingrg/all/function/internal_message.html?_=1691893528300&CODE_STATE=getMsg HTTP/1.1" 200 27
116.232.195.127 - - [13/Aug/2023:10:25:35 +0800] "GET /xingrg/all/function/internal_message.html?_=1691893466056&CODE_STATE=getMsg HTTP/1.1" 200 27
172.20.0.100 - - [13/Aug/2023:10:25:35 +0800] "POST /xingrg/dwr/call/plaincall/AjaxBaseInfoService.searchMateriels.dwr HTTP/1.1" 200 377
116.232.195.127 - - [13/Aug/2023:10:25:36 +0800] "GET /xingrg/check_reg.html?_=1691893467242 HTTP/1.1" 200 22
124.78.70.128 - - [13/Aug/2023:10:25:37 +0800] "POST /xingrg/kc/buy/cgsh_order_operate.html HTTP/1.1" 200 37
172.20.0.100 - - [13/Aug/2023:10:25:37 +0800] "GET /xingrg/system/info/materiel_info.html?code=01023056 HTTP/1.1" 200 37456
172.20.0.100 - - [13/Aug/2023:10:25:37 +0800] "GET /xingrg/dwr/engine.js HTTP/1.1" 200 43631
172.20.0.100 - - [13/Aug/2023:10:25:37 +0800] "GET /favicon.ico HTTP/1.1" 404 -
172.20.0.100 - - [13/Aug/2023:10:25:37 +0800] "POST /xingrg/all/common/load_tree.html?tree=area_rest_tree_json HTTP/1.1" 200 3499
101.83.145.37 - - [13/Aug/2023:10:25:38 +0800] "GET /xingrg/all/function/internal_message.html?_=1691893340054&CODE_STATE=getMsg HTTP/1.1" 200 27
172.20.0.100 - - [13/Aug/2023:10:25:38 +0800] "POST /xingrg/dwr/call/plaincall/AjaxBaseInfoService.getMaterielInfo.dwr HTTP/1.1" 200 660
172.20.0.100 - - [13/Aug/2023:10:25:38 +0800] "POST /xingrg/all/common/load_tree.html?tree=area_rest_tree_json&defaultRests=undefined HTTP/1.1" 200 3499
124.78.70.128 - - [13/Aug/2023:10:25:40 +0800] "POST /xingrg/kc/buy/cgsh_order_operate.html HTTP/1.1" 200 5028
180.152.241.196 - - [13/Aug/2023:10:25:41 +0800] "GET /xingrg/kc/buy/cgsh_order_operate.html?command=get_materiel&rest_code=00102&code=00101001069&supplier_code=00100400&order_time=2023-08-13 HTTP/1.1" 200 409
124.78.70.128 - - [13/Aug/2023:10:25:42 +0800] "GET /xingrg/kc/print/load_data.html?order_code=212023081305134&kc_code=cgsh&condition= HTTP/1.1" 200 1653
172.20.0.100 - - [13/Aug/2023:10:25:42 +0800] "POST /xingrg/dwr/call/plaincall/AjaxBaseInfoService.changeUnitGroup.dwr HTTP/1.1" 200 311
172.20.0.100 - - [13/Aug/2023:10:25:49 +0800] "POST /xingrg/dwr/call/plaincall/AjaxBaseInfoService.saveMateriel.dwr HTTP/1.1" 200 108
172.20.0.100 - - [13/Aug/2023:10:25:49 +0800] "POST /xingrg/dwr/call/plaincall/AjaxBaseInfoService.getMateriels.dwr HTTP/1.1" 200 2981
180.152.241.196 - - [13/Aug/2023:10:25:51 +0800] "GET /xingrg/kc/buy/cgsh_order_operate.html?command=get_materiel&rest_code=00102&code=00101005037&supplier_code=00100400&order_time=2023-08-13 HTTP/1.1" 200 409
172.20.0.100 - - [13/Aug/2023:10:25:51 +0800] "GET /xingrg/all/function/internal_message.html?_=1691893550966&CODE_STATE=getMsg HTTP/1.1" 200 27
116.232.195.127 - - [13/Aug/2023:10:25:52 +0800] "POST /xingrg/kc/buy/cgsh_list_operate.html HTTP/1.1" 200 357
172.20.0.100 - - [13/Aug/2023:10:25:55 +0800] "POST /xingrg/dwr/call/plaincall/AjaxBaseInfoService.searchMateriels.dwr HTTP/1.1" 200 377
116.232.195.127 - - [13/Aug/2023:10:25:56 +0800] "GET /xingrg/kc/buy/cgsh_order_info.html?code=212023081305099 HTTP/1.1" 200 71915
58.40.7.146 - - [13/Aug/2023:10:25:56 +0800] "GET /xingrg/all/function/internal_message.html?_=1691893556602&CODE_STATE=getMsg HTTP/1.1" 200 27
116.238.191.126 - - [13/Aug/2023:10:25:56 +0800] "GET /xingrg/javascript/auto/indicator.gif HTTP/1.1" 404 1066
116.232.195.127 - - [13/Aug/2023:10:25:56 +0800] "GET /xingrg/words/20230813102549_words.js HTTP/1.1" 200 983014
172.20.0.100 - - [13/Aug/2023:10:25:57 +0800] "GET /xingrg/system/info/materiel_info.html?code=01023057 HTTP/1.1" 200 37456
172.20.0.100 - - [13/Aug/2023:10:25:57 +0800] "GET /xingrg/dwr/engine.js HTTP/1.1" 200 43631
116.232.195.127 - - [13/Aug/2023:10:25:57 +0800] "GET /xingrg/javascript/easyui/themes/default/validatebox.css HTTP/1.1" 404 1104
172.20.0.100 - - [13/Aug/2023:10:25:57 +0800] "GET /favicon.ico HTTP/1.1" 404 -
172.20.0.100 - - [13/Aug/2023:10:25:57 +0800] "POST /xingrg/all/common/load_tree.html?tree=area_rest_tree_json HTTP/1.1" 200 3499
172.20.0.100 - - [13/Aug/2023:10:25:58 +0800] "POST /xingrg/dwr/call/plaincall/AjaxBaseInfoService.getMaterielInfo.dwr HTTP/1.1" 200 660
172.20.0.100 - - [13/Aug/2023:10:25:58 +0800] "POST /xingrg/all/common/load_tree.html?tree=area_rest_tree_json&defaultRests=undefined HTTP/1.1" 200 3499
124.78.70.128 - - [13/Aug/2023:10:25:58 +0800] "GET /xingrg/kc/buy/cgsh_order_add.html HTTP/1.1" 200 71859
124.78.70.128 - - [13/Aug/2023:10:25:58 +0800] "GET /xingrg/words/20230813102549_words.js HTTP/1.1" 200 983014
124.78.70.128 - - [13/Aug/2023:10:25:59 +0800] "POST /xingrg/kc/buy/cgsh_order_operate.html HTTP/1.1" 200 8245
124.78.70.128 - - [13/Aug/2023:10:25:59 +0800] "GET /xingrg/javascript/easyui/themes/default/validatebox.css HTTP/1.1" 404 1104
116.232.195.127 - - [13/Aug/2023:10:25:59 +0800] "POST /xingrg/kc/buy/cgsh_order_operate.html HTTP/1.1" 200 3851
172.20.0.100 - - [13/Aug/2023:10:26:02 +0800] "POST /xingrg/dwr/call/plaincall/AjaxBaseInfoService.changeUnitGroup.dwr HTTP/1.1" 200 311
116.232.195.127 - - [13/Aug/2023:10:26:03 +0800] "GET /xingrg/kc/print/load_data.html?order_code=212023081305099&kc_code=cgsh HTTP/1.1" 200 1213
222.70.118.201 - - [13/Aug/2023:10:26:08 +0800] "GET /xingrg/all/function/internal_message.html?_=1691893568719&CODE_STATE=getMsg HTTP/1.1" 200 27
101.83.145.37 - - [13/Aug/2023:10:26:09 +0800] "GET /xingrg/all/function/internal_message.html?_=1691893570934&CODE_STATE=getMsg HTTP/1.1" 200 27
172.20.0.100 - - [13/Aug/2023:10:26:09 +0800] "POST /xingrg/dwr/call/plaincall/AjaxBaseInfoService.saveMateriel.dwr HTTP/1.1" 200 108
222.69.130.30 - - [13/Aug/2023:10:26:09 +0800] "GET /xingrg/all/function/internal_message.html?_=1691893704947&CODE_STATE=getMsg HTTP/1.1" 200 27
124.79.243.110 - - [13/Aug/2023:10:26:09 +0800] "GET /xingrg/all/function/internal_message.html?_=1691893565516&CODE_STATE=getMsg HTTP/1.1" 200 27
124.79.243.110 - - [13/Aug/2023:10:26:09 +0800] "GET /xingrg/check_reg.html?_=1691893565519 HTTP/1.1" 200 22
172.20.0.100 - - [13/Aug/2023:10:26:09 +0800] "POST /xingrg/dwr/call/plaincall/AjaxBaseInfoService.getMateriels.dwr HTTP/1.1" 200 2981
116.238.191.126 - - [13/Aug/2023:10:26:10 +0800] "GET /xingrg/all/function/internal_message.html?_=1691893568542&CODE_STATE=getMsg HTTP/1.1" 200 27
116.235.241.82 - - [13/Aug/2023:10:26:12 +0800] "GET /xingrg/all/function/internal_message.html?_=1691893572375&CODE_STATE=getMsg HTTP/1.1" 200 27
124.78.155.92 - - [13/Aug/2023:10:26:13 +0800] "GET /xingrg/all/function/internal_message.html?_=1691893568197&CODE_STATE=getMsg HTTP/1.1" 200 27
124.78.70.128 - - [13/Aug/2023:10:26:14 +0800] "GET /xingrg/all/function/internal_message.html?_=1691893029224&CODE_STATE=getMsg HTTP/1.1" 200 27
172.20.0.100 - - [13/Aug/2023:10:26:15 +0800] "POST /xingrg/dwr/call/plaincall/AjaxBaseInfoService.searchMateriels.dwr HTTP/1.1" 200 370
222.65.220.241 - - [13/Aug/2023:10:26:16 +0800] "POST /xingrg/kc/buy/cgsh_order_operate.html HTTP/1.1" 200 37
120.253.135.82 - - [13/Aug/2023:10:26:17 +0800] "GET /xingrg/check_reg.html?_=1691893395634 HTTP/1.1" 200 22
116.238.191.126 - - [13/Aug/2023:10:26:17 +0800] "GET /xingrg/all/function/internal_message.html?_=1691893486938&CODE_STATE=getMsg HTTP/1.1" 200 27
180.169.147.146 - - [13/Aug/2023:10:26:18 +0800] "GET /xingrg/all/function/internal_message.html?_=1691893572900&CODE_STATE=getMsg HTTP/1.1" 200 27
172.20.0.100 - - [13/Aug/2023:10:26:20 +0800] "GET /xingrg/system/info/materiel_info.html?code=01023058 HTTP/1.1" 200 37456
180.152.241.196 - - [13/Aug/2023:10:26:20 +0800] "POST /xingrg/kc/buy/cgsh_order_operate.html HTTP/1.1" 200 88
172.20.0.100 - - [13/Aug/2023:10:26:20 +0800] "GET /xingrg/dwr/engine.js HTTP/1.1" 200 43631
172.20.0.100 - - [13/Aug/2023:10:26:20 +0800] "GET /favicon.ico HTTP/1.1" 404 -
172.20.0.100 - - [13/Aug/2023:10:26:21 +0800] "POST /xingrg/all/common/load_tree.html?tree=area_rest_tree_json HTTP/1.1" 200 3499
172.20.0.100 - - [13/Aug/2023:10:26:21 +0800] "POST /xingrg/dwr/call/plaincall/AjaxBaseInfoService.getMaterielInfo.dwr HTTP/1.1" 200 651
172.20.0.100 - - [13/Aug/2023:10:26:21 +0800] "POST /xingrg/all/common/load_tree.html?tree=area_rest_tree_json&defaultRests=undefined HTTP/1.1" 200 3499
180.152.241.196 - - [13/Aug/2023:10:26:25 +0800] "GET /xingrg/all/function/internal_message.html?_=1691893584508&CODE_STATE=getMsg HTTP/1.1" 200 27
180.152.241.196 - - [13/Aug/2023:10:26:25 +0800] "GET /xingrg/check_reg.html?_=1691893584513 HTTP/1.1" 200 22
222.70.180.200 - - [13/Aug/2023:10:26:28 +0800] "GET /xingrg/all/function/internal_message.html?_=1691893588286&CODE_STATE=getMsg HTTP/1.1" 200 27
222.70.180.200 - - [13/Aug/2023:10:26:28 +0800] "GET /xingrg/check_reg.html?_=1691893588304 HTTP/1.1" 200 22
180.152.241.196 - - [13/Aug/2023:10:26:32 +0800] "POST /xingrg/kc/buy/cgsh_order_operate.html HTTP/1.1" 200 37
222.65.220.241 - - [13/Aug/2023:10:26:32 +0800] "POST /xingrg/kc/buy/cgsh_order_operate.html HTTP/1.1" 200 4423
116.232.195.127 - - [13/Aug/2023:10:26:35 +0800] "GET /xingrg/all/function/internal_message.html?_=1691893526027&CODE_STATE=getMsg HTTP/1.1" 200 27
124.78.70.128 - - [13/Aug/2023:10:26:37 +0800] "GET /xingrg/kc/buy/cgsh_order_operate.html?command=get_materiel&rest_code=00141&code=00101001069&supplier_code=00100040&order_time=2023-08-13 HTTP/1.1" 200 409
101.83.145.37 - - [13/Aug/2023:10:26:38 +0800] "GET /xingrg/all/function/internal_message.html?_=1691893400056&CODE_STATE=getMsg HTTP/1.1" 200 27
101.83.145.37 - - [13/Aug/2023:10:26:38 +0800] "GET /xingrg/check_reg.html?_=1691893400293 HTTP/1.1" 200 22
101.83.241.37 - - [13/Aug/2023:10:26:39 +0800] "GET /favicon.ico HTTP/1.1" 404 -
180.152.241.196 - - [13/Aug/2023:10:26:39 +0800] "POST /xingrg/kc/buy/cgsh_order_operate.html HTTP/1.1" 200 5608
172.20.0.100 - - [13/Aug/2023:10:26:40 +0800] "POST /xingrg/dwr/call/plaincall/AjaxBaseInfoService.changeUnitGroup.dwr HTTP/1.1" 200 308
101.83.241.37 - - [13/Aug/2023:10:26:42 +0800] "GET /xingrg/login.html HTTP/1.1" 200 7641
101.83.241.37 - - [13/Aug/2023:10:26:42 +0800] "GET /favicon.ico HTTP/1.1" 404 -
116.232.195.127 - - [13/Aug/2023:10:26:42 +0800] "POST /xingrg/kc/buy/cgsh_list_operate.html HTTP/1.1" 200 4001
172.20.0.100 - - [13/Aug/2023:10:26:47 +0800] "POST /xingrg/dwr/call/plaincall/AjaxBaseInfoService.saveMateriel.dwr HTTP/1.1" 200 108
172.20.0.100 - - [13/Aug/2023:10:26:48 +0800] "POST /xingrg/dwr/call/plaincall/AjaxBaseInfoService.getMateriels.dwr HTTP/1.1" 200 2981
180.152.241.196 - - [13/Aug/2023:10:26:50 +0800] "POST /xingrg/kc/buy/cgsh_order_operate.html HTTP/1.1" 200 37
116.238.191.126 - - [13/Aug/2023:10:26:50 +0800] "GET /xingrg/kc/buy/cgsh_order_operate.html?command=get_materiel&rest_code=00150&code=00102008089&supplier_code=00100080&order_time=2023-08-13 HTTP/1.1" 200 416
101.83.241.37 - - [13/Aug/2023:10:26:50 +0800] "POST /xingrg/login.do HTTP/1.1" 302 -
101.83.241.37 - - [13/Aug/2023:10:26:50 +0800] "GET /xingrg/index.html?sysBaseUrl=http%3A%2F%2F180.169.147.146%3A18081%2Fxingrg%2F&costTime=1158×tamp=1691893610696 HTTP/1.1" 200 17179
101.83.241.37 - - [13/Aug/2023:10:26:50 +0800] "GET /favicon.ico HTTP/1.1" 404 -
101.83.241.37 - - [13/Aug/2023:10:26:51 +0800] "GET /xingrg/all/function/internal_message.html?_=1691893611186&CODE_STATE=count HTTP/1.1" 200 11
101.83.241.37 - - [13/Aug/2023:10:26:51 +0800] "GET /xingrg/check_reg.html?_=1691893611188 HTTP/1.1" 200 22
101.83.241.37 - - [13/Aug/2023:10:26:51 +0800] "POST /xingrg/all/common/load_tree.html?tree=area_rest_tree_json&manage=1 HTTP/1.1" 200 351
101.83.241.37 - - [13/Aug/2023:10:26:51 +0800] "POST /xingrg/load_menu.html HTTP/1.1" 200 5138
172.20.0.100 - - [13/Aug/2023:10:26:51 +0800] "GET /xingrg/all/function/internal_message.html?_=1691893610976&CODE_STATE=getMsg HTTP/1.1" 200 27
116.232.195.127 - - [13/Aug/2023:10:26:54 +0800] "POST /xingrg/kc/buy/cgsh_list_operate.html HTTP/1.1" 200 349
124.78.70.128 - - [13/Aug/2023:10:26:55 +0800] "GET /xingrg/kc/buy/cgsh_order_operate.html?command=get_materiel&rest_code=00141&code=00101005037&supplier_code=00100040&order_time=2023-08-13 HTTP/1.1" 200 409
116.232.195.127 - - [13/Aug/2023:10:26:56 +0800] "GET /xingrg/kc/buy/cgsh_order_info.html?code=212023081305101 HTTP/1.1" 200 71913
116.232.195.127 - - [13/Aug/2023:10:26:56 +0800] "GET /xingrg/words/20230813102647_words.js HTTP/1.1" 200 983014
116.232.195.127 - - [13/Aug/2023:10:26:56 +0800] "GET /xingrg/javascript/easyui/themes/default/validatebox.css HTTP/1.1" 404 1104
58.40.7.146 - - [13/Aug/2023:10:26:56 +0800] "GET /xingrg/all/function/internal_message.html?_=1691893616595&CODE_STATE=getMsg HTTP/1.1" 200 27
58.40.7.146 - - [13/Aug/2023:10:26:56 +0800] "GET /xingrg/check_reg.html?_=1691893616603 HTTP/1.1" 200 22
172.20.0.100 - - [13/Aug/2023:10:26:57 +0800] "POST /xingrg/dwr/call/plaincall/AjaxBaseInfoService.searchMateriels.dwr HTTP/1.1" 200 355
116.232.195.127 - - [13/Aug/2023:10:26:57 +0800] "POST /xingrg/kc/buy/cgsh_order_operate.html HTTP/1.1" 200 3845
101.83.241.37 - - [13/Aug/2023:10:26:58 +0800] "GET /xingrg/kc/base/wldb_order_list.html HTTP/1.1" 200 19221
116.238.191.126 - - [13/Aug/2023:10:26:58 +0800] "GET /xingrg/check_reg.html?_=1691893528551 HTTP/1.1" 200 22
172.20.0.100 - - [13/Aug/2023:10:26:59 +0800] "GET /xingrg/system/info/materiel_info.html?code=01023059 HTTP/1.1" 200 37456
172.20.0.100 - - [13/Aug/2023:10:26:59 +0800] "GET /xingrg/dwr/engine.js HTTP/1.1" 200 43631
172.20.0.100 - - [13/Aug/2023:10:26:59 +0800] "GET /favicon.ico HTTP/1.1" 404 -
101.83.241.37 - - [13/Aug/2023:10:26:59 +0800] "POST /xingrg/kc/base/wldb_list_operate.html HTTP/1.1" 200 928
172.20.0.100 - - [13/Aug/2023:10:27:00 +0800] "POST /xingrg/all/common/load_tree.html?tree=area_rest_tree_json HTTP/1.1" 200 3499
172.20.0.100 - - [13/Aug/2023:10:27:00 +0800] "POST /xingrg/dwr/call/plaincall/AjaxBaseInfoService.getMaterielInfo.dwr HTTP/1.1" 200 631
172.20.0.100 - - [13/Aug/2023:10:27:00 +0800] "POST /xingrg/all/common/load_tree.html?tree=area_rest_tree_json&defaultRests=undefined HTTP/1.1" 200 3499
101.83.241.37 - - [13/Aug/2023:10:27:04 +0800] "GET /xingrg/kc/base/wldb_order_add.html HTTP/1.1" 200 30504
101.83.241.37 - - [13/Aug/2023:10:27:04 +0800] "GET /xingrg/words/20230813102647_words.js HTTP/1.1" 200 983014
101.83.241.37 - - [13/Aug/2023:10:27:04 +0800] "POST /xingrg/kc/base/wldb_order_operate.html HTTP/1.1" 200 6806
101.83.241.37 - - [13/Aug/2023:10:27:04 +0800] "GET /xingrg/all/common/auto_word.html?type=base&rest_code=00149 HTTP/1.1" 200 1907
101.83.241.37 - - [13/Aug/2023:10:27:04 +0800] "GET /xingrg/javascript/easyui/themes/default/validatebox.css HTTP/1.1" 404 1104
101.83.241.37 - - [13/Aug/2023:10:27:04 +0800] "GET /xingrg/all/common/auto_word.html?type=base&rest_code=00149 HTTP/1.1" 200 1907
116.238.191.126 - - [13/Aug/2023:10:27:06 +0800] "POST /xingrg/kc/buy/cgsh_order_operate.html HTTP/1.1" 200 37
172.20.0.100 - - [13/Aug/2023:10:27:07 +0800] "POST /xingrg/dwr/call/plaincall/AjaxBaseInfoService.changeUnitGroup.dwr HTTP/1.1" 200 308
222.70.118.201 - - [13/Aug/2023:10:27:08 +0800] "GET /xingrg/all/function/internal_message.html?_=1691893628725&CODE_STATE=getMsg HTTP/1.1" 200 27
101.83.145.37 - - [13/Aug/2023:10:27:09 +0800] "GET /xingrg/all/function/internal_message.html?_=1691893630962&CODE_STATE=getMsg HTTP/1.1" 200 27
222.69.130.30 - - [13/Aug/2023:10:27:09 +0800] "GET /xingrg/all/function/internal_message.html?_=1691893764956&CODE_STATE=getMsg HTTP/1.1" 200 27
124.79.243.110 - - [13/Aug/2023:10:27:09 +0800] "GET /xingrg/all/function/internal_message.html?_=1691893625515&CODE_STATE=getMsg HTTP/1.1" 200 27
124.78.155.92 - - [13/Aug/2023:10:27:11 +0800] "GET /xingrg/kc/buy/cgsh_order_operate.html?command=get_materiel&rest_code=00106&code=00101016017&supplier_code=00100096&order_time=2023-08-13 HTTP/1.1" 200 408
222.65.220.241 - - [13/Aug/2023:10:27:11 +0800] "GET /xingrg/kc/buy/cgsh_order_operate.html?command=get_materiel&rest_code=00108&code=00101006129&supplier_code=00100012&order_time=2023-08-13 HTTP/1.1" 200 431
116.235.241.82 - - [13/Aug/2023:10:27:12 +0800] "GET /xingrg/all/function/internal_message.html?_=1691893632388&CODE_STATE=getMsg HTTP/1.1" 200 27
101.83.241.37 - - [13/Aug/2023:10:27:12 +0800] "POST /xingrg/all/common/load_combo.html?type=base HTTP/1.1" 200 3409
180.163.29.219 - - [13/Aug/2023:10:27:13 +0800] "GET /xingrg/all/function/internal_message.html?_=1691893568197&CODE_STATE=getMsg HTTP/1.1" 302 -
180.163.29.219 - - [13/Aug/2023:10:27:13 +0800] "GET /xingrg/login.html HTTP/1.1" 200 7641
124.78.155.92 - - [13/Aug/2023:10:27:13 +0800] "GET /xingrg/all/function/internal_message.html?_=1691893628181&CODE_STATE=getMsg HTTP/1.1" 200 27
180.152.241.196 - - [13/Aug/2023:10:27:13 +0800] "POST /xingrg/kc/buy/cgsh_order_operate.html HTTP/1.1" 200 12
124.78.70.128 - - [13/Aug/2023:10:27:14 +0800] "GET /xingrg/all/function/internal_message.html?_=1691893089199&CODE_STATE=getMsg HTTP/1.1" 200 27
172.20.0.100 - - [13/Aug/2023:10:27:15 +0800] "POST /xingrg/dwr/call/plaincall/AjaxBaseInfoService.saveMateriel.dwr HTTP/1.1" 200 108
172.20.0.100 - - [13/Aug/2023:10:27:15 +0800] "POST /xingrg/dwr/call/plaincall/AjaxBaseInfoService.getMateriels.dwr HTTP/1.1" 200 2981
101.83.241.37 - - [13/Aug/2023:10:27:17 +0800] "GET /xingrg/javascript/auto/indicator.gif HTTP/1.1" 404 1066
116.238.191.126 - - [13/Aug/2023:10:27:17 +0800] "GET /xingrg/all/function/internal_message.html?_=1691893546951&CODE_STATE=getMsg HTTP/1.1" 200 27
116.232.195.127 - - [13/Aug/2023:10:27:18 +0800] "GET /xingrg/kc/print/load_data.html?order_code=212023081305101&kc_code=cgsh HTTP/1.1" 200 1126
124.78.70.128 - - [13/Aug/2023:10:27:18 +0800] "GET /xingrg/kc/buy/cgsh_order_operate.html?command=get_materiel&rest_code=00141&code=00101005036&supplier_code=00100040&order_time=2023-08-13 HTTP/1.1" 200 409
180.169.147.146 - - [13/Aug/2023:10:27:18 +0800] "GET /xingrg/all/function/internal_message.html?_=1691893632899&CODE_STATE=getMsg HTTP/1.1" 200 27
222.65.220.241 - - [13/Aug/2023:10:27:18 +0800] "GET /xingrg/all/function/internal_message.html?_=1691893638661&CODE_STATE=getMsg HTTP/1.1" 200 27
180.152.241.196 - - [13/Aug/2023:10:27:21 +0800] "GET /xingrg/all/function/internal_message.html?_=1691893642764&CODE_STATE=getMsg HTTP/1.1" 200 27
172.20.0.100 - - [13/Aug/2023:10:27:23 +0800] "POST /xingrg/dwr/call/plaincall/AjaxBaseInfoService.searchMateriels.dwr HTTP/1.1" 200 369
116.238.191.126 - - [13/Aug/2023:10:27:24 +0800] "POST /xingrg/kc/buy/cgsh_order_operate.html HTTP/1.1" 200 12
101.83.241.37 - - [13/Aug/2023:10:27:24 +0800] "GET /xingrg/kc/base/wldb_order_operate.html?command=get_materiel&rest_code=00149&base_code=0010394&code=00101019127 HTTP/1.1" 200 479
180.152.241.196 - - [13/Aug/2023:10:27:25 +0800] "GET /xingrg/all/function/internal_message.html?_=1691893644522&CODE_STATE=getMsg HTTP/1.1" 200 27
172.20.0.100 - - [13/Aug/2023:10:27:25 +0800] "GET /xingrg/system/info/materiel_info.html?code=01023060 HTTP/1.1" 200 37456
172.20.0.100 - - [13/Aug/2023:10:27:25 +0800] "GET /xingrg/dwr/engine.js HTTP/1.1" 200 43631
172.20.0.100 - - [13/Aug/2023:10:27:25 +0800] "GET /favicon.ico HTTP/1.1" 404 -
180.152.241.196 - - [13/Aug/2023:10:27:25 +0800] "GET /xingrg/kc/buy/cgsh_order_info.html?code=212023081305137 HTTP/1.1" 200 66799
172.20.0.100 - - [13/Aug/2023:10:27:26 +0800] "POST /xingrg/all/common/load_tree.html?tree=area_rest_tree_json HTTP/1.1" 200 3499
180.152.241.196 - - [13/Aug/2023:10:27:26 +0800] "POST /xingrg/kc/buy/cgsh_order_operate.html HTTP/1.1" 200 -
180.152.241.196 - - [13/Aug/2023:10:27:26 +0800] "GET /xingrg/words/20230813102715_words.js HTTP/1.1" 200 983014
116.238.191.126 - - [13/Aug/2023:10:27:27 +0800] "GET /xingrg/kc/buy/cgsh_order_info.html?code=212023081305138 HTTP/1.1" 200 66808
172.20.0.100 - - [13/Aug/2023:10:27:27 +0800] "POST /xingrg/dwr/call/plaincall/AjaxBaseInfoService.getMaterielInfo.dwr HTTP/1.1" 200 649
180.152.241.196 - - [13/Aug/2023:10:27:27 +0800] "GET /xingrg/javascript/easyui/themes/default/validatebox.css HTTP/1.1" 404 1104
116.238.191.126 - - [13/Aug/2023:10:27:27 +0800] "GET /xingrg/words/20230813102715_words.js HTTP/1.1" 200 983014
172.20.0.100 - - [13/Aug/2023:10:27:27 +0800] "POST /xingrg/all/common/load_tree.html?tree=area_rest_tree_json&defaultRests=undefined HTTP/1.1" 200 3499
116.238.191.126 - - [13/Aug/2023:10:27:27 +0800] "GET /xingrg/javascript/easyui/themes/default/validatebox.css HTTP/1.1" 404 1104
222.70.180.200 - - [13/Aug/2023:10:27:28 +0800] "GET /xingrg/all/function/internal_message.html?_=1691893648267&CODE_STATE=getMsg HTTP/1.1" 200 27
180.152.241.196 - - [13/Aug/2023:10:27:28 +0800] "POST /xingrg/kc/buy/cgsh_order_operate.html HTTP/1.1" 200 3556
116.238.191.126 - - [13/Aug/2023:10:27:29 +0800] "POST /xingrg/kc/buy/cgsh_order_operate.html HTTP/1.1" 200 612
222.70.180.200 - - [13/Aug/2023:10:27:29 +0800] "POST /xingrg/kc/buy/cgsh_order_operate.html HTTP/1.1" 200 37
180.152.241.196 - - [13/Aug/2023:10:27:31 +0800] "GET /xingrg/kc/print/load_data.html?order_code=212023081305137&kc_code=cgsh&condition= HTTP/1.1" 200 1796
172.20.0.100 - - [13/Aug/2023:10:27:31 +0800] "POST /xingrg/dwr/call/plaincall/AjaxBaseInfoService.changeUnitGroup.dwr HTTP/1.1" 200 311
124.78.70.128 - - [13/Aug/2023:10:27:32 +0800] "GET /xingrg/kc/buy/cgsh_order_operate.html?command=get_materiel&rest_code=00141&code=00101001010&supplier_code=00100040&order_time=2023-08-13 HTTP/1.1" 200 409
101.83.241.37 - - [13/Aug/2023:10:27:33 +0800] "GET /xingrg/kc/base/wldb_order_operate.html?command=get_materiel&rest_code=00149&base_code=0010394&code=00101019185 HTTP/1.1" 200 469
222.70.180.200 - - [13/Aug/2023:10:27:34 +0800] "POST /xingrg/kc/buy/cgsh_order_operate.html HTTP/1.1" 200 13918
116.232.195.127 - - [13/Aug/2023:10:27:35 +0800] "GET /xingrg/all/function/internal_message.html?_=1691893586008&CODE_STATE=getMsg HTTP/1.1" 200 27
124.78.155.92 - - [13/Aug/2023:10:27:36 +0800] "GET /xingrg/kc/buy/cgsh_order_operate.html?command=get_materiel&rest_code=00106&code=00101012040&supplier_code=00100096&order_time=2023-08-13 HTTP/1.1" 200 412
172.20.0.100 - - [13/Aug/2023:10:27:38 +0800] "POST /xingrg/dwr/call/plaincall/AjaxBaseInfoService.saveMateriel.dwr HTTP/1.1" 200 108
101.83.145.37 - - [13/Aug/2023:10:27:38 +0800] "GET /xingrg/all/function/internal_message.html?_=1691893460060&CODE_STATE=getMsg HTTP/1.1" 200 27
172.20.0.100 - - [13/Aug/2023:10:27:38 +0800] "POST /xingrg/dwr/call/plaincall/AjaxBaseInfoService.getMateriels.dwr HTTP/1.1" 200 2981
101.83.241.37 - - [13/Aug/2023:10:27:39 +0800] "GET /xingrg/kc/base/wldb_order_operate.html?command=get_materiel&rest_code=00149&base_code=0010394&code=00101019391 HTTP/1.1" 200 485
180.152.241.196 - - [13/Aug/2023:10:27:39 +0800] "GET /xingrg/kc/buy/cgsh_order_add.html HTTP/1.1" 200 71894
180.152.241.196 - - [13/Aug/2023:10:27:40 +0800] "GET /xingrg/words/20230813102738_words.js HTTP/1.1" 200 983014
180.152.241.196 - - [13/Aug/2023:10:27:40 +0800] "POST /xingrg/kc/buy/cgsh_order_operate.html HTTP/1.1" 200 8245
180.152.241.196 - - [13/Aug/2023:10:27:40 +0800] "GET /xingrg/javascript/easyui/themes/default/validatebox.css HTTP/1.1" 404 1104
101.83.241.37 - - [13/Aug/2023:10:27:46 +0800] "GET /xingrg/kc/base/wldb_order_operate.html?command=get_materiel&rest_code=00149&base_code=0010394&code=00101019438 HTTP/1.1" 200 462
116.232.195.127 - - [13/Aug/2023:10:27:47 +0800] "POST /xingrg/kc/buy/cgsh_list_operate.html HTTP/1.1" 200 4001
222.65.220.241 - - [13/Aug/2023:10:27:50 +0800] "GET /xingrg/kc/buy/cgsh_order_operate.html?command=get_materiel&rest_code=00108&code=00101006178&supplier_code=00100012&order_time=2023-08-13 HTTP/1.1" 200 411
101.83.241.37 - - [13/Aug/2023:10:27:51 +0800] "GET /xingrg/all/function/internal_message.html?_=1691893671211&CODE_STATE=getMsg HTTP/1.1" 200 27
172.20.0.100 - - [13/Aug/2023:10:27:51 +0800] "POST /xingrg/dwr/call/plaincall/AjaxBaseInfoService.searchMateriels.dwr HTTP/1.1" 200 363
172.20.0.100 - - [13/Aug/2023:10:27:51 +0800] "GET /xingrg/all/function/internal_message.html?_=1691893670972&CODE_STATE=getMsg HTTP/1.1" 200 27
172.20.0.100 - - [13/Aug/2023:10:27:52 +0800] "GET /xingrg/system/info/materiel_info.html?code=01023062 HTTP/1.1" 200 37456
172.20.0.100 - - [13/Aug/2023:10:27:52 +0800] "GET /xingrg/dwr/engine.js HTTP/1.1" 200 43631
172.20.0.100 - - [13/Aug/2023:10:27:52 +0800] "GET /favicon.ico HTTP/1.1" 404 -
172.20.0.100 - - [13/Aug/2023:10:27:53 +0800] "POST /xingrg/all/common/load_tree.html?tree=area_rest_tree_json HTTP/1.1" 200 3499
172.20.0.100 - - [13/Aug/2023:10:27:53 +0800] "POST /xingrg/dwr/call/plaincall/AjaxBaseInfoService.getMaterielInfo.dwr HTTP/1.1" 200 642
172.20.0.100 - - [13/Aug/2023:10:27:53 +0800] "POST /xingrg/all/common/load_tree.html?tree=area_rest_tree_json&defaultRests=undefined HTTP/1.1" 200 3499
101.83.241.37 - - [13/Aug/2023:10:27:53 +0800] "GET /xingrg/kc/base/wldb_order_operate.html?command=get_materiel&rest_code=00149&base_code=0010394&code=00101019183 HTTP/1.1" 200 449
124.78.70.128 - - [13/Aug/2023:10:27:55 +0800] "GET /xingrg/kc/buy/cgsh_order_operate.html?command=get_materiel&rest_code=00141&code=00101001075&supplier_code=00100040&order_time=2023-08-13 HTTP/1.1" 200 409
58.40.7.146 - - [13/Aug/2023:10:27:56 +0800] "GET /xingrg/all/function/internal_message.html?_=1691893676609&CODE_STATE=getMsg HTTP/1.1" 200 27
180.163.29.79 - - [13/Aug/2023:10:27:58 +0800] "GET /xingrg/kc/buy/cgsh_order_operate.html?command=get_materiel&rest_code=00106&code=00101016017&supplier_code=00100096&order_time=2023-08-13 HTTP/1.1" 302 -
180.163.29.79 - - [13/Aug/2023:10:27:58 +0800] "GET /xingrg/login.html HTTP/1.1" 200 7641
172.20.0.100 - - [13/Aug/2023:10:27:59 +0800] "POST /xingrg/dwr/call/plaincall/AjaxBaseInfoService.changeUnitGroup.dwr HTTP/1.1" 200 311
124.78.155.92 - - [13/Aug/2023:10:28:03 +0800] "GET /xingrg/kc/buy/cgsh_order_operate.html?command=get_materiel&rest_code=00106&code=00101012025&supplier_code=00100096&order_time=2023-08-13 HTTP/1.1" 200 414
172.20.0.100 - - [13/Aug/2023:10:28:08 +0800] "POST /xingrg/dwr/call/plaincall/AjaxBaseInfoService.saveMateriel.dwr HTTP/1.1" 200 108
222.70.118.201 - - [13/Aug/2023:10:28:08 +0800] "GET /xingrg/all/function/internal_message.html?_=1691893688752&CODE_STATE=getMsg HTTP/1.1" 200 27
172.20.0.100 - - [13/Aug/2023:10:28:08 +0800] "POST /xingrg/dwr/call/plaincall/AjaxBaseInfoService.getMateriels.dwr HTTP/1.1" 200 2981
101.83.145.37 - - [13/Aug/2023:10:28:09 +0800] "GET /xingrg/all/function/internal_message.html?_=1691893690952&CODE_STATE=getMsg HTTP/1.1" 200 27
222.69.130.30 - - [13/Aug/2023:10:28:09 +0800] "GET /xingrg/all/function/internal_message.html?_=1691893824935&CODE_STATE=getMsg HTTP/1.1" 200 27
124.79.243.110 - - [13/Aug/2023:10:28:09 +0800] "GET /xingrg/all/function/internal_message.html?_=1691893685502&CODE_STATE=getMsg HTTP/1.1" 200 27
116.238.191.126 - - [13/Aug/2023:10:28:10 +0800] "GET /xingrg/check_reg.html?_=1691893688636 HTTP/1.1" 200 22
116.238.191.126 - - [13/Aug/2023:10:28:10 +0800] "GET /xingrg/all/function/internal_message.html?_=1691893688642&CODE_STATE=getMsg HTTP/1.1" 200 27
116.235.241.82 - - [13/Aug/2023:10:28:12 +0800] "GET /xingrg/all/function/internal_message.html?_=1691893692546&CODE_STATE=getMsg HTTP/1.1" 200 27
101.83.241.37 - - [13/Aug/2023:10:28:13 +0800] "GET /xingrg/kc/base/wldb_order_operate.html?command=get_materiel&rest_code=00149&base_code=0010394&code=00101019400 HTTP/1.1" 200 465
124.78.155.92 - - [13/Aug/2023:10:28:13 +0800] "GET /xingrg/all/function/internal_message.html?_=1691893688165&CODE_STATE=getMsg HTTP/1.1" 200 27
124.78.70.128 - - [13/Aug/2023:10:28:14 +0800] "GET /xingrg/all/function/internal_message.html?_=1691893149207&CODE_STATE=getMsg HTTP/1.1" 200 27
172.20.0.100 - - [13/Aug/2023:10:28:15 +0800] "POST /xingrg/dwr/call/plaincall/AjaxBaseInfoService.searchMateriels.dwr HTTP/1.1" 200 379
172.20.0.100 - - [13/Aug/2023:10:28:16 +0800] "GET /xingrg/system/info/materiel_info.html?code=01023063 HTTP/1.1" 200 37456
172.20.0.100 - - [13/Aug/2023:10:28:16 +0800] "GET /xingrg/dwr/engine.js HTTP/1.1" 200 43631
172.20.0.100 - - [13/Aug/2023:10:28:16 +0800] "GET /favicon.ico HTTP/1.1" 404 -
116.238.191.126 - - [13/Aug/2023:10:28:17 +0800] "GET /xingrg/all/function/internal_message.html?_=1691893606964&CODE_STATE=getMsg HTTP/1.1" 200 27
172.20.0.100 - - [13/Aug/2023:10:28:18 +0800] "POST /xingrg/all/common/load_tree.html?tree=area_rest_tree_json HTTP/1.1" 200 3499
180.169.147.146 - - [13/Aug/2023:10:28:18 +0800] "GET /xingrg/check_reg.html?_=1691893692896 HTTP/1.1" 200 22
180.169.147.146 - - [13/Aug/2023:10:28:18 +0800] "GET /xingrg/all/function/internal_message.html?_=1691893692898&CODE_STATE=getMsg HTTP/1.1" 200 27
172.20.0.100 - - [13/Aug/2023:10:28:18 +0800] "POST /xingrg/dwr/call/plaincall/AjaxBaseInfoService.getMaterielInfo.dwr HTTP/1.1" 200 664
222.65.220.241 - - [13/Aug/2023:10:28:18 +0800] "GET /xingrg/all/function/internal_message.html?_=1691893698637&CODE_STATE=getMsg HTTP/1.1" 200 27
172.20.0.100 - - [13/Aug/2023:10:28:18 +0800] "POST /xingrg/all/common/load_tree.html?tree=area_rest_tree_json&defaultRests=undefined HTTP/1.1" 200 3499
180.152.241.196 - - [13/Aug/2023:10:28:21 +0800] "GET /xingrg/all/function/internal_message.html?_=1691893702755&CODE_STATE=getMsg HTTP/1.1" 200 27
101.83.241.37 - - [13/Aug/2023:10:28:24 +0800] "GET /xingrg/kc/base/wldb_order_operate.html?command=get_materiel&rest_code=00149&base_code=0010394&code=00101019222 HTTP/1.1" 200 450
180.152.241.196 - - [13/Aug/2023:10:28:25 +0800] "GET /xingrg/all/function/internal_message.html?_=1691893704517&CODE_STATE=getMsg HTTP/1.1" 200 27
124.78.70.128 - - [13/Aug/2023:10:28:25 +0800] "POST /xingrg/kc/buy/cgsh_order_operate.html HTTP/1.1" 200 37
222.70.180.200 - - [13/Aug/2023:10:28:28 +0800] "GET /xingrg/all/function/internal_message.html?_=1691893708243&CODE_STATE=getMsg HTTP/1.1" 200 27
116.238.191.126 - - [13/Aug/2023:10:28:31 +0800] "POST /xingrg/all/user/operate.html HTTP/1.1" 200 36
116.238.191.126 - - [13/Aug/2023:10:28:31 +0800] "GET /xingrg/index.html?sysBaseUrl=http%3A%2F%2F180.169.147.146%3A18081%2Fxingrg%2F&costTime=1245×tamp=1691889931605 HTTP/1.1" 200 17177
116.238.191.126 - - [13/Aug/2023:10:28:31 +0800] "GET /xingrg/javascript/jquery_easy_ui/themes/default/easyui.css HTTP/1.1" 304 -
116.238.191.126 - - [13/Aug/2023:10:28:31 +0800] "GET /xingrg/javascript/jquery_easy_ui/themes/icon.css HTTP/1.1" 304 -
116.238.191.126 - - [13/Aug/2023:10:28:32 +0800] "GET /xingrg/css/form.css HTTP/1.1" 304 -
116.238.191.126 - - [13/Aug/2023:10:28:32 +0800] "GET /xingrg/javascript/jquery-1.4.2.min.js HTTP/1.1" 304 -
116.238.191.126 - - [13/Aug/2023:10:28:32 +0800] "GET /xingrg/javascript/jquery_easy_ui/jquery.easyui.min.js HTTP/1.1" 304 -
116.238.191.126 - - [13/Aug/2023:10:28:32 +0800] "GET /xingrg/javascript/jquery_easy_ui/easyui-lang-zh_CN.js HTTP/1.1" 304 -
116.238.191.126 - - [13/Aug/2023:10:28:32 +0800] "GET /xingrg/javascript/jquery.form.js HTTP/1.1" 304 -
116.238.191.126 - - [13/Aug/2023:10:28:32 +0800] "GET /xingrg/javascript/jquery.utils.js HTTP/1.1" 304 -
116.238.191.126 - - [13/Aug/2023:10:28:32 +0800] "GET /xingrg/javascript/jquery.timers.js HTTP/1.1" 304 -
116.238.191.126 - - [13/Aug/2023:10:28:32 +0800] "GET /xingrg/images/blue/jxLogo.png HTTP/1.1" 304 -
116.238.191.126 - - [13/Aug/2023:10:28:32 +0800] "GET /xingrg/images/blue/navBackgound.jpg HTTP/1.1" 304 -
116.238.191.126 - - [13/Aug/2023:10:28:32 +0800] "GET /xingrg/javascript/jquery_easy_ui/themes/icons/settle_new.png HTTP/1.1" 304 -
124.78.155.92 - - [13/Aug/2023:10:28:32 +0800] "POST /xingrg/kc/buy/cgsh_order_operate.html HTTP/1.1" 200 37
124.78.70.128 - - [13/Aug/2023:10:28:32 +0800] "POST /xingrg/kc/buy/cgsh_order_operate.html HTTP/1.1" 200 5011
116.238.191.126 - - [13/Aug/2023:10:28:32 +0800] "GET /xingrg/all/function/internal_message.html?_=1691893710621&CODE_STATE=count HTTP/1.1" 200 11
116.238.191.126 - - [13/Aug/2023:10:28:32 +0800] "GET /xingrg/check_reg.html?_=1691893710621 HTTP/1.1" 200 22
116.238.191.126 - - [13/Aug/2023:10:28:32 +0800] "GET /xingrg/javascript/jquery_easy_ui/themes/default/images/tabs_rightarrow.png HTTP/1.1" 304 -
116.238.191.126 - - [13/Aug/2023:10:28:32 +0800] "GET /xingrg/images/blue/pingpu.png HTTP/1.1" 304 -
116.238.191.126 - - [13/Aug/2023:10:28:32 +0800] "GET /xingrg/javascript/jquery_easy_ui/themes/default/images/tabs_leftarrow.png HTTP/1.1" 304 -
116.238.191.126 - - [13/Aug/2023:10:28:32 +0800] "GET /xingrg/javascript/jquery_easy_ui/themes/default/images/panel_tool_collapse.gif HTTP/1.1" 304 -
116.238.191.126 - - [13/Aug/2023:10:28:32 +0800] "POST /xingrg/all/common/load_tree.html?tree=area_rest_tree_json&manage=1 HTTP/1.1" 200 476
116.238.191.126 - - [13/Aug/2023:10:28:32 +0800] "POST /xingrg/load_menu.html HTTP/1.1" 200 5138
101.83.241.37 - - [13/Aug/2023:10:28:34 +0800] "GET /xingrg/kc/base/wldb_order_operate.html?command=get_materiel&rest_code=00149&base_code=0010394&code=00101019376 HTTP/1.1" 200 476
116.232.195.127 - - [13/Aug/2023:10:28:35 +0800] "GET /xingrg/all/function/internal_message.html?_=1691893646021&CODE_STATE=getMsg HTTP/1.1" 200 27
116.238.191.126 - - [13/Aug/2023:10:28:35 +0800] "GET /xingrg/kc/buy/cgsh_order_list.html HTTP/1.1" 200 56081
124.78.70.128 - - [13/Aug/2023:10:28:38 +0800] "GET /xingrg/kc/print/load_data.html?order_code=212023081305139&kc_code=cgsh&condition= HTTP/1.1" 200 1646
101.83.145.37 - - [13/Aug/2023:10:28:38 +0800] "GET /xingrg/all/function/internal_message.html?_=1691893520061&CODE_STATE=getMsg HTTP/1.1" 200 27
116.238.191.126 - - [13/Aug/2023:10:28:39 +0800] "POST /xingrg/kc/buy/cgsh_list_operate.html HTTP/1.1" 200 986
116.238.191.126 - - [13/Aug/2023:10:28:41 +0800] "GET /xingrg/kc/buy/cgsh_order_add.html HTTP/1.1" 200 71457
116.238.191.126 - - [13/Aug/2023:10:28:41 +0800] "GET /xingrg/words/20230813102808_words.js HTTP/1.1" 200 983014
116.238.191.126 - - [13/Aug/2023:10:28:41 +0800] "GET /xingrg/javascript/easyui/themes/default/validatebox.css HTTP/1.1" 404 1104
116.238.191.126 - - [13/Aug/2023:10:28:41 +0800] "POST /xingrg/kc/buy/cgsh_order_operate.html HTTP/1.1" 200 8245
116.238.191.126 - - [13/Aug/2023:10:28:42 +0800] "GET /xingrg/javascript/auto/indicator.gif HTTP/1.1" 404 1066
124.78.70.128 - - [13/Aug/2023:10:28:43 +0800] "GET /xingrg/kc/buy/cgsh_order_add.html HTTP/1.1" 200 71859
124.78.70.128 - - [13/Aug/2023:10:28:44 +0800] "GET /xingrg/words/20230813102808_words.js HTTP/1.1" 200 983014
124.78.70.128 - - [13/Aug/2023:10:28:44 +0800] "POST /xingrg/kc/buy/cgsh_order_operate.html HTTP/1.1" 200 8245
124.78.70.128 - - [13/Aug/2023:10:28:44 +0800] "GET /xingrg/javascript/easyui/themes/default/validatebox.css HTTP/1.1" 404 1104
222.70.180.200 - - [13/Aug/2023:10:28:48 +0800] "POST /xingrg/kc/buy/cgsh_order_operate.html HTTP/1.1" 200 37
101.83.241.37 - - [13/Aug/2023:10:28:51 +0800] "GET /xingrg/all/function/internal_message.html?_=1691893731206&CODE_STATE=getMsg HTTP/1.1" 200 27
172.20.0.100 - - [13/Aug/2023:10:28:51 +0800] "GET /xingrg/all/function/internal_message.html?_=1691893730983&CODE_STATE=getMsg HTTP/1.1" 200 27
172.20.0.100 - - [13/Aug/2023:10:28:53 +0800] "POST /xingrg/dwr/call/plaincall/AjaxBaseInfoService.searchMateriels.dwr HTTP/1.1" 200 358
172.20.0.100 - - [13/Aug/2023:10:28:54 +0800] "GET /xingrg/system/info/materiel_info.html?code=01023066 HTTP/1.1" 200 37456
172.20.0.100 - - [13/Aug/2023:10:28:54 +0800] "GET /xingrg/dwr/engine.js HTTP/1.1" 200 43631
172.20.0.100 - - [13/Aug/2023:10:28:54 +0800] "GET /favicon.ico HTTP/1.1" 404 -
172.20.0.100 - - [13/Aug/2023:10:28:54 +0800] "POST /xingrg/all/common/load_tree.html?tree=area_rest_tree_json HTTP/1.1" 200 3499
172.20.0.100 - - [13/Aug/2023:10:28:55 +0800] "POST /xingrg/dwr/call/plaincall/AjaxBaseInfoService.getMaterielInfo.dwr HTTP/1.1" 200 637
172.20.0.100 - - [13/Aug/2023:10:28:55 +0800] "POST /xingrg/all/common/load_tree.html?tree=area_rest_tree_json&defaultRests=undefined HTTP/1.1" 200 3499
58.40.7.146 - - [13/Aug/2023:10:28:56 +0800] "GET /xingrg/all/function/internal_message.html?_=1691893736601&CODE_STATE=getMsg HTTP/1.1" 200 27
116.238.191.126 - - [13/Aug/2023:10:28:57 +0800] "GET /xingrg/kc/buy/cgsh_order_operate.html?command=get_materiel&rest_code=00151&code=00101037186&supplier_code=00100097&order_time=2023-08-13 HTTP/1.1" 200 449
222.70.180.200 - - [13/Aug/2023:10:28:59 +0800] "POST /xingrg/kc/buy/cgsh_order_operate.html HTTP/1.1" 200 13918
172.20.0.100 - - [13/Aug/2023:10:29:01 +0800] "POST /xingrg/dwr/call/plaincall/AjaxBaseInfoService.changeUnitGroup.dwr HTTP/1.1" 200 310
101.83.241.37 - - [13/Aug/2023:10:29:06 +0800] "GET /xingrg/kc/base/wldb_order_operate.html?command=get_materiel&rest_code=00149&base_code=0010394&code=00101019199 HTTP/1.1" 200 473
172.20.0.100 - - [13/Aug/2023:10:29:07 +0800] "POST /xingrg/dwr/call/plaincall/AjaxBaseInfoService.saveMateriel.dwr HTTP/1.1" 200 108
172.20.0.100 - - [13/Aug/2023:10:29:07 +0800] "POST /xingrg/dwr/call/plaincall/AjaxBaseInfoService.getMateriels.dwr HTTP/1.1" 200 2981
222.70.118.201 - - [13/Aug/2023:10:29:08 +0800] "GET /xingrg/all/function/internal_message.html?_=1691893748751&CODE_STATE=getMsg HTTP/1.1" 200 27
101.83.145.37 - - [13/Aug/2023:10:29:09 +0800] "GET /xingrg/all/function/internal_message.html?_=1691893750953&CODE_STATE=getMsg HTTP/1.1" 200 27
222.69.130.30 - - [13/Aug/2023:10:29:09 +0800] "GET /xingrg/all/function/internal_message.html?_=1691893884939&CODE_STATE=getMsg HTTP/1.1" 200 27
222.69.130.30 - - [13/Aug/2023:10:29:09 +0800] "GET /xingrg/check_reg.html?_=1691893884942 HTTP/1.1" 200 22
124.79.243.110 - - [13/Aug/2023:10:29:09 +0800] "GET /xingrg/all/function/internal_message.html?_=1691893745511&CODE_STATE=getMsg HTTP/1.1" 200 27
222.65.220.241 - - [13/Aug/2023:10:29:11 +0800] "POST /xingrg/kc/buy/cgsh_order_operate.html HTTP/1.1" 200 37
116.235.241.82 - - [13/Aug/2023:10:29:12 +0800] "GET /xingrg/all/function/internal_message.html?_=1691893752557&CODE_STATE=getMsg HTTP/1.1" 200 27
116.238.191.126 - - [13/Aug/2023:10:29:13 +0800] "GET /xingrg/kc/buy/cgsh_order_operate.html?command=get_materiel&rest_code=00151&code=00101020001&supplier_code=00100097&order_time=2023-08-13 HTTP/1.1" 200 422
124.78.70.128 - - [13/Aug/2023:10:29:14 +0800] "GET /xingrg/all/function/internal_message.html?_=1691893209212&CODE_STATE=getMsg HTTP/1.1" 200 27
172.20.0.100 - - [13/Aug/2023:10:29:14 +0800] "POST /xingrg/dwr/call/plaincall/AjaxBaseInfoService.searchMateriels.dwr HTTP/1.1" 200 153
222.65.220.241 - - [13/Aug/2023:10:29:15 +0800] "POST /xingrg/kc/buy/cgsh_order_operate.html HTTP/1.1" 200 5625
116.238.191.126 - - [13/Aug/2023:10:29:17 +0800] "GET /xingrg/all/function/internal_message.html?_=1691893666999&CODE_STATE=getMsg HTTP/1.1" 200 27
222.65.220.241 - - [13/Aug/2023:10:29:17 +0800] "GET /xingrg/kc/print/load_config.html?kc_code=cgsh HTTP/1.1" 200 1924
180.169.147.146 - - [13/Aug/2023:10:29:18 +0800] "GET /xingrg/all/function/internal_message.html?_=1691893752895&CODE_STATE=getMsg HTTP/1.1" 200 27
222.65.220.241 - - [13/Aug/2023:10:29:18 +0800] "GET /xingrg/kc/print/load_data.html?order_code=212023081305135&kc_code=cgsh&condition= HTTP/1.1" 200 1911
222.65.220.241 - - [13/Aug/2023:10:29:19 +0800] "GET /xingrg/all/function/internal_message.html?_=1691893758996&CODE_STATE=getMsg HTTP/1.1" 200 27
172.20.0.100 - - [13/Aug/2023:10:29:21 +0800] "POST /xingrg/dwr/call/plaincall/AjaxBaseInfoService.searchMateriels.dwr HTTP/1.1" 200 153
180.152.241.196 - - [13/Aug/2023:10:29:21 +0800] "GET /xingrg/all/function/internal_message.html?_=1691893762749&CODE_STATE=getMsg HTTP/1.1" 200 27
180.152.241.196 - - [13/Aug/2023:10:29:22 +0800] "GET /xingrg/check_reg.html?_=1691893762935 HTTP/1.1" 200 22
172.20.0.100 - - [13/Aug/2023:10:29:24 +0800] "GET /xingrg/system/info/materiel_info.html?code=00101023&isAdd=1 HTTP/1.1" 200 37456
172.20.0.100 - - [13/Aug/2023:10:29:24 +0800] "GET /xingrg/dwr/engine.js HTTP/1.1" 200 43631
180.152.241.196 - - [13/Aug/2023:10:29:25 +0800] "GET /xingrg/all/function/internal_message.html?_=1691893764522&CODE_STATE=getMsg HTTP/1.1" 200 27
172.20.0.100 - - [13/Aug/2023:10:29:25 +0800] "GET /favicon.ico HTTP/1.1" 404 -
172.20.0.100 - - [13/Aug/2023:10:29:25 +0800] "POST /xingrg/all/common/load_tree.html?tree=area_rest_tree_json HTTP/1.1" 200 3499
222.70.180.200 - - [13/Aug/2023:10:29:25 +0800] "GET /xingrg/login.html HTTP/1.1" 200 7641
172.20.0.100 - - [13/Aug/2023:10:29:25 +0800] "POST /xingrg/dwr/call/plaincall/AjaxBaseInfoService.getMaterielInfo.dwr HTTP/1.1" 200 216
172.20.0.100 - - [13/Aug/2023:10:29:25 +0800] "POST /xingrg/all/common/load_tree.html?tree=area_rest_tree_json&defaultRests=undefined HTTP/1.1" 200 3499
222.70.180.200 - - [13/Aug/2023:10:29:25 +0800] "GET /favicon.ico HTTP/1.1" 404 -
101.83.241.37 - - [13/Aug/2023:10:29:27 +0800] "GET /xingrg/kc/base/wldb_order_operate.html?command=get_materiel&rest_code=00149&base_code=0010394&code=00101016094 HTTP/1.1" 200 468
172.20.0.100 - - [13/Aug/2023:10:29:29 +0800] "POST /xingrg/dwr/call/plaincall/AjaxGetFirstChart.getFirstChart.dwr HTTP/1.1" 200 92
124.78.70.128 - - [13/Aug/2023:10:29:30 +0800] "GET /xingrg/kc/buy/cgsh_order_operate.html?command=get_materiel&rest_code=00141&code=00101006129&supplier_code=00100012&order_time=2023-08-13 HTTP/1.1" 200 431
116.238.191.126 - - [13/Aug/2023:10:29:32 +0800] "GET /xingrg/all/function/internal_message.html?_=1691893770633&CODE_STATE=getMsg HTTP/1.1" 200 27
116.232.195.127 - - [13/Aug/2023:10:29:35 +0800] "GET /xingrg/all/function/internal_message.html?_=1691893705976&CODE_STATE=getMsg HTTP/1.1" 200 27
116.232.195.127 - - [13/Aug/2023:10:29:35 +0800] "POST /xingrg/kc/buy/cgsh_list_operate.html HTTP/1.1" 200 581
101.83.241.37 - - [13/Aug/2023:10:29:35 +0800] "GET /xingrg/kc/base/wldb_order_operate.html?command=get_materiel&rest_code=00149&base_code=0010394&code=00101016020 HTTP/1.1" 200 448
172.20.0.100 - - [13/Aug/2023:10:29:36 +0800] "POST /xingrg/dwr/call/plaincall/AjaxBaseInfoService.changeUnitGroup.dwr HTTP/1.1" 200 311
116.232.195.127 - - [13/Aug/2023:10:29:37 +0800] "GET /xingrg/kc/buy/cgsh_order_info.html?code=212023081305103 HTTP/1.1" 200 71915
116.232.195.127 - - [13/Aug/2023:10:29:37 +0800] "GET /xingrg/words/20230813102907_words.js HTTP/1.1" 200 983014
116.232.195.127 - - [13/Aug/2023:10:29:38 +0800] "GET /xingrg/javascript/easyui/themes/default/validatebox.css HTTP/1.1" 404 1104
101.83.145.37 - - [13/Aug/2023:10:29:38 +0800] "GET /xingrg/all/function/internal_message.html?_=1691893580062&CODE_STATE=getMsg HTTP/1.1" 200 27
116.232.195.127 - - [13/Aug/2023:10:29:39 +0800] "POST /xingrg/kc/buy/cgsh_order_operate.html HTTP/1.1" 200 7400
172.20.0.100 - - [13/Aug/2023:10:29:41 +0800] "POST /xingrg/dwr/call/plaincall/AjaxBaseInfoService.saveMateriel.dwr HTTP/1.1" 200 108
172.20.0.100 - - [13/Aug/2023:10:29:41 +0800] "POST /xingrg/dwr/call/plaincall/AjaxBaseInfoService.getMateriels.dwr HTTP/1.1" 200 2981
116.232.195.127 - - [13/Aug/2023:10:29:42 +0800] "GET /xingrg/kc/print/load_data.html?order_code=212023081305103&kc_code=cgsh HTTP/1.1" 200 2582
222.70.180.200 - - [13/Aug/2023:10:29:45 +0800] "POST /xingrg/login.do HTTP/1.1" 302 -
222.70.180.200 - - [13/Aug/2023:10:29:45 +0800] "GET /xingrg/index.html?sysBaseUrl=http%3A%2F%2F180.169.147.146%3A18081%2Fxingrg%2F&costTime=865×tamp=1691893785426 HTTP/1.1" 200 17173
222.70.180.200 - - [13/Aug/2023:10:29:45 +0800] "GET /favicon.ico HTTP/1.1" 404 -
222.70.180.200 - - [13/Aug/2023:10:29:45 +0800] "GET /xingrg/check_reg.html?_=1691893786102 HTTP/1.1" 200 22
222.70.180.200 - - [13/Aug/2023:10:29:45 +0800] "GET /xingrg/all/function/internal_message.html?_=1691893786102&CODE_STATE=count HTTP/1.1" 200 11
222.70.180.200 - - [13/Aug/2023:10:29:45 +0800] "POST /xingrg/all/common/load_tree.html?tree=area_rest_tree_json&manage=1 HTTP/1.1" 200 342
222.70.180.200 - - [13/Aug/2023:10:29:46 +0800] "POST /xingrg/load_menu.html HTTP/1.1" 200 5138
116.238.191.126 - - [13/Aug/2023:10:29:47 +0800] "GET /xingrg/kc/buy/cgsh_order_operate.html?command=get_materiel&rest_code=00151&code=00101037189&supplier_code=00100097&order_time=2023-08-13 HTTP/1.1" 200 434
222.70.180.200 - - [13/Aug/2023:10:29:49 +0800] "GET /xingrg/kc/buy/buy_main.html HTTP/1.1" 200 12412
222.70.180.200 - - [13/Aug/2023:10:29:49 +0800] "GET /xingrg/css/new_ie.css HTTP/1.1" 404 1036
172.20.0.100 - - [13/Aug/2023:10:29:49 +0800] "POST /xingrg/dwr/call/plaincall/AjaxBaseInfoService.searchMateriels.dwr HTTP/1.1" 200 358
222.70.180.200 - - [13/Aug/2023:10:29:50 +0800] "GET /xingrg/images/yd/bt.gif HTTP/1.1" 404 1040
101.83.241.37 - - [13/Aug/2023:10:29:51 +0800] "GET /xingrg/all/function/internal_message.html?_=1691893791203&CODE_STATE=getMsg HTTP/1.1" 200 27
172.20.0.100 - - [13/Aug/2023:10:29:51 +0800] "GET /xingrg/system/info/materiel_info.html?code=01023069 HTTP/1.1" 200 37456
172.20.0.100 - - [13/Aug/2023:10:29:51 +0800] "GET /xingrg/dwr/engine.js HTTP/1.1" 200 43631
172.20.0.100 - - [13/Aug/2023:10:29:51 +0800] "GET /favicon.ico HTTP/1.1" 404 -
172.20.0.100 - - [13/Aug/2023:10:29:51 +0800] "POST /xingrg/all/common/load_tree.html?tree=area_rest_tree_json HTTP/1.1" 200 3499
172.20.0.100 - - [13/Aug/2023:10:29:51 +0800] "GET /xingrg/check_reg.html?_=1691893790969 HTTP/1.1" 200 22
172.20.0.100 - - [13/Aug/2023:10:29:51 +0800] "GET /xingrg/all/function/internal_message.html?_=1691893790971&CODE_STATE=getMsg HTTP/1.1" 200 27
222.70.180.200 - - [13/Aug/2023:10:29:52 +0800] "GET /xingrg/kc/buy/cgsh_order_list.html HTTP/1.1" 200 56077
172.20.0.100 - - [13/Aug/2023:10:29:52 +0800] "POST /xingrg/dwr/call/plaincall/AjaxBaseInfoService.getMaterielInfo.dwr HTTP/1.1" 200 637
172.20.0.100 - - [13/Aug/2023:10:29:52 +0800] "POST /xingrg/all/common/load_tree.html?tree=area_rest_tree_json&defaultRests=undefined HTTP/1.1" 200 3499
116.238.191.126 - - [13/Aug/2023:10:29:53 +0800] "POST /xingrg/all/common/load_select.html HTTP/1.1" 200 25
101.83.241.37 - - [13/Aug/2023:10:29:56 +0800] "POST /xingrg/kc/base/wldb_order_operate.html HTTP/1.1" 200 37
58.40.7.146 - - [13/Aug/2023:10:29:56 +0800] "GET /xingrg/all/function/internal_message.html?_=1691893796610&CODE_STATE=getMsg HTTP/1.1" 200 27
172.20.0.100 - - [13/Aug/2023:10:29:57 +0800] "POST /xingrg/dwr/call/plaincall/AjaxBaseInfoService.changeUnitGroup.dwr HTTP/1.1" 200 308
116.238.191.126 - - [13/Aug/2023:10:30:00 +0800] "GET /xingrg/kc/buy/cgsh_order_operate.html?command=get_materiel_price&rest_code=00151&code=00101037189&unit_code=00100195&supplier_code=00100097&order_time=2023-08-13 HTTP/1.1" 200 29
222.70.180.200 - - [13/Aug/2023:10:30:03 +0800] "POST /xingrg/kc/buy/cgsh_list_operate.html HTTP/1.1" 200 3087
172.20.0.100 - - [13/Aug/2023:10:30:04 +0800] "POST /xingrg/dwr/call/plaincall/AjaxBaseInfoService.saveMateriel.dwr HTTP/1.1" 200 108
172.20.0.100 - - [13/Aug/2023:10:30:04 +0800] "POST /xingrg/dwr/call/plaincall/AjaxBaseInfoService.getMateriels.dwr HTTP/1.1" 200 2981
101.83.241.37 - - [13/Aug/2023:10:30:05 +0800] "POST /xingrg/kc/base/wldb_order_operate.html HTTP/1.1" 200 12
101.83.241.37 - - [13/Aug/2023:10:30:05 +0800] "POST /xingrg/kc/base/wldb_order_operate.html HTTP/1.1" 200 7189
101.83.241.37 - - [13/Aug/2023:10:30:07 +0800] "GET /xingrg/kc/base/wldb_order_info.html?code=422023081301366 HTTP/1.1" 200 26383
101.83.241.37 - - [13/Aug/2023:10:30:07 +0800] "GET /xingrg/words/20230813103004_words.js HTTP/1.1" 200 983099
101.83.241.37 - - [13/Aug/2023:10:30:07 +0800] "GET /xingrg/javascript/easyui/themes/default/validatebox.css HTTP/1.1" 404 1104
101.83.241.37 - - [13/Aug/2023:10:30:08 +0800] "POST /xingrg/kc/base/wldb_order_operate.html HTTP/1.1" 200 5374
222.70.118.201 - - [13/Aug/2023:10:30:08 +0800] "GET /xingrg/all/function/internal_message.html?_=1691893808757&CODE_STATE=getMsg HTTP/1.1" 200 27
222.70.118.201 - - [13/Aug/2023:10:30:08 +0800] "GET /xingrg/check_reg.html?_=1691893808765 HTTP/1.1" 200 22
101.83.145.37 - - [13/Aug/2023:10:30:09 +0800] "GET /xingrg/check_reg.html?_=1691893810964 HTTP/1.1" 200 22
101.83.145.37 - - [13/Aug/2023:10:30:09 +0800] "GET /xingrg/all/function/internal_message.html?_=1691893810961&CODE_STATE=getMsg HTTP/1.1" 200 27
222.69.130.30 - - [13/Aug/2023:10:30:09 +0800] "GET /xingrg/all/function/internal_message.html?_=1691893944946&CODE_STATE=getMsg HTTP/1.1" 200 27
124.79.243.110 - - [13/Aug/2023:10:30:09 +0800] "GET /xingrg/all/function/internal_message.html?_=1691893805503&CODE_STATE=getMsg HTTP/1.1" 200 27
116.235.241.82 - - [13/Aug/2023:10:30:10 +0800] "GET /xingrg/check_reg.html?_=1691893810641 HTTP/1.1" 200 22
101.83.241.37 - - [13/Aug/2023:10:30:11 +0800] "GET /xingrg/kc/base/wldb_order_add.html HTTP/1.1" 200 30504
172.20.0.100 - - [13/Aug/2023:10:30:11 +0800] "POST /xingrg/dwr/call/plaincall/AjaxBaseInfoService.searchMateriels.dwr HTTP/1.1" 200 358
