116.235.241.82 - - [13/Aug/2023:08:44:30 +0800] "GET /xingrg/javascript/easyui/themes/icons/check_new.png HTTP/1.1" 304 -
116.235.241.82 - - [13/Aug/2023:08:44:30 +0800] "GET /xingrg/javascript/easyui/themes/icons/import_new.png HTTP/1.1" 304 -
116.235.241.82 - - [13/Aug/2023:08:44:30 +0800] "GET /xingrg/javascript/jquery_easy_ui/themes/icons/area.png HTTP/1.1" 304 -
116.235.241.82 - - [13/Aug/2023:08:44:30 +0800] "GET /xingrg/javascript/jquery_easy_ui/themes/icons/rest.png HTTP/1.1" 304 -
116.235.241.82 - - [13/Aug/2023:08:44:30 +0800] "GET /xingrg/javascript/easyui/plugins/jquery.parser.js HTTP/1.1" 304 -
116.235.241.82 - - [13/Aug/2023:08:44:30 +0800] "GET /xingrg/images/control/ajaxLoader.gif HTTP/1.1" 304 -
101.83.145.37 - - [13/Aug/2023:08:44:32 +0800] "GET /xingrg/all/function/internal_message.html?_=1691887474271&CODE_STATE=getMsg HTTP/1.1" 200 27
116.235.241.82 - - [13/Aug/2023:08:44:33 +0800] "POST /xingrg/kc/buy/cgsh_list_operate.html HTTP/1.1" 200 986
116.232.195.127 - - [13/Aug/2023:08:44:36 +0800] "GET /xingrg/all/function/internal_message.html?_=1691887407229&CODE_STATE=getMsg HTTP/1.1" 200 27
116.232.195.127 - - [13/Aug/2023:08:44:36 +0800] "GET /xingrg/all/function/internal_message.html?_=1691887407893&CODE_STATE=getMsg HTTP/1.1" 200 27
101.83.145.37 - - [13/Aug/2023:08:44:38 +0800] "GET /xingrg/all/function/internal_message.html?_=1691887279944&CODE_STATE=getMsg HTTP/1.1" 200 27
101.83.145.37 - - [13/Aug/2023:08:44:38 +0800] "GET /xingrg/kc/mdqp/pssh_order_list.html?isBack=1 HTTP/1.1" 200 18045
101.83.145.37 - - [13/Aug/2023:08:44:39 +0800] "POST /xingrg/kc/mdqp/pssh_list_operate.html HTTP/1.1" 200 5432
101.83.145.37 - - [13/Aug/2023:08:44:48 +0800] "GET /xingrg/javascript/jquery_easy_ui/themes/default/images/tabs_active.png HTTP/1.1" 304 -
101.83.145.37 - - [13/Aug/2023:08:44:49 +0800] "POST /xingrg/kc/mdqp/pssh_list_operate.html HTTP/1.1" 200 814
116.235.241.82 - - [13/Aug/2023:08:44:52 +0800] "GET /xingrg/javascript/easyui/themes/default/images/button_plain_hover.png HTTP/1.1" 304 -
116.235.241.82 - - [13/Aug/2023:08:44:52 +0800] "GET /xingrg/javascript/easyui/themes/default/images/button_plain_hover.png HTTP/1.1" 304 -
101.83.145.37 - - [13/Aug/2023:08:44:54 +0800] "GET /xingrg/kc/base/base_main.html HTTP/1.1" 200 12142
101.83.145.37 - - [13/Aug/2023:08:44:54 +0800] "GET /xingrg/images/blue/button/wlsy.gif HTTP/1.1" 304 -
101.83.145.37 - - [13/Aug/2023:08:44:54 +0800] "GET /xingrg/images/blue/button/ckpd.gif HTTP/1.1" 304 -
101.83.145.37 - - [13/Aug/2023:08:44:54 +0800] "GET /xingrg/images/blue/button/ckdb.gif HTTP/1.1" 304 -
101.83.145.37 - - [13/Aug/2023:08:44:54 +0800] "GET /xingrg/images/blue/button/kc.gif HTTP/1.1" 304 -
101.83.145.37 - - [13/Aug/2023:08:44:54 +0800] "GET /xingrg/images/blue/button/yddb.gif HTTP/1.1" 304 -
101.83.145.37 - - [13/Aug/2023:08:44:54 +0800] "GET /xingrg/images/blue/button/bottom_left.jpg HTTP/1.1" 304 -
101.83.145.37 - - [13/Aug/2023:08:44:54 +0800] "GET /xingrg/images/blue/button/bottom_right.jpg HTTP/1.1" 304 -
101.83.145.37 - - [13/Aug/2023:08:44:54 +0800] "GET /xingrg/images/blue/button/top_right.jpg HTTP/1.1" 304 -
101.83.145.37 - - [13/Aug/2023:08:44:54 +0800] "GET /xingrg/images/blue/button/down.jpg HTTP/1.1" 304 -
101.83.145.37 - - [13/Aug/2023:08:44:54 +0800] "GET /xingrg/images/blue/button/left_ah.jpg HTTP/1.1" 304 -
101.83.145.37 - - [13/Aug/2023:08:44:54 +0800] "GET /xingrg/images/blue/button/top_left.jpg HTTP/1.1" 304 -
116.235.241.82 - - [13/Aug/2023:08:44:55 +0800] "GET /xingrg/all/function/internal_message.html?_=1691887495528&CODE_STATE=getMsg HTTP/1.1" 200 27
101.83.145.37 - - [13/Aug/2023:08:44:55 +0800] "GET /xingrg/kc/base/wldb_order_list.html HTTP/1.1" 200 19215
116.235.241.82 - - [13/Aug/2023:08:44:55 +0800] "GET /xingrg/kc/buy/cgsh_order_add.html HTTP/1.1" 200 71859
116.235.241.82 - - [13/Aug/2023:08:44:55 +0800] "GET /xingrg/javascript/jquery_tools/order_manager.js HTTP/1.1" 304 -
116.235.241.82 - - [13/Aug/2023:08:44:55 +0800] "GET /xingrg/javascript/convert.js HTTP/1.1" 304 -
116.235.241.82 - - [13/Aug/2023:08:44:55 +0800] "GET /xingrg/javascript/json2.js HTTP/1.1" 304 -
116.235.241.82 - - [13/Aug/2023:08:44:55 +0800] "GET /xingrg/javascript/print/kc_print.js HTTP/1.1" 304 -
116.235.241.82 - - [13/Aug/2023:08:44:55 +0800] "GET /xingrg/words/20230811145454_words.js HTTP/1.1" 304 -
116.235.241.82 - - [13/Aug/2023:08:44:56 +0800] "GET /xingrg/javascript/easyui/themes/icons/template_new.png HTTP/1.1" 304 -
116.235.241.82 - - [13/Aug/2023:08:44:56 +0800] "GET /xingrg/javascript/easyui/themes/icons/copy_new.png HTTP/1.1" 304 -
116.235.241.82 - - [13/Aug/2023:08:44:56 +0800] "GET /xingrg/javascript/easyui/themes/icons/ok.png HTTP/1.1" 304 -
116.235.241.82 - - [13/Aug/2023:08:44:56 +0800] "GET /xingrg/javascript/easyui/themes/icons/print.png HTTP/1.1" 304 -
116.235.241.82 - - [13/Aug/2023:08:44:56 +0800] "GET /xingrg/javascript/easyui/themes/default/images/menu_downarrow.png HTTP/1.1" 304 -
116.235.241.82 - - [13/Aug/2023:08:44:56 +0800] "GET /xingrg/javascript/easyui/themes/icons/cancel.png HTTP/1.1" 304 -
101.83.145.37 - - [13/Aug/2023:08:44:56 +0800] "GET /xingrg/javascript/easyui/themes/icons/edit_add_new.png HTTP/1.1" 304 -
101.83.145.37 - - [13/Aug/2023:08:44:56 +0800] "GET /xingrg/javascript/easyui/themes/icons/import_new.png HTTP/1.1" 304 -
116.235.241.82 - - [13/Aug/2023:08:44:56 +0800] "POST /xingrg/kc/buy/cgsh_order_operate.html HTTP/1.1" 200 8245
116.235.241.82 - - [13/Aug/2023:08:44:56 +0800] "GET /xingrg/javascript/easyui/themes/icons/edit_remove.png HTTP/1.1" 304 -
116.235.241.82 - - [13/Aug/2023:08:44:56 +0800] "GET /xingrg/javascript/easyui/themes/default/validatebox.css HTTP/1.1" 404 1104
116.235.241.82 - - [13/Aug/2023:08:44:56 +0800] "GET /xingrg/javascript/easyui/plugins/jquery.validatebox.js HTTP/1.1" 304 -
116.235.241.82 - - [13/Aug/2023:08:44:56 +0800] "GET /xingrg/all/common/auto_word.html?type=employee&rest_code=00146 HTTP/1.1" 200 101
116.235.241.82 - - [13/Aug/2023:08:44:56 +0800] "GET /xingrg/javascript/easyui/plugins/jquery.numberbox.js HTTP/1.1" 304 -
116.235.241.82 - - [13/Aug/2023:08:44:56 +0800] "GET /xingrg/all/common/auto_word.html?type=employee&rest_code=00146 HTTP/1.1" 200 101
222.70.180.200 - - [13/Aug/2023:08:44:56 +0800] "GET /xingrg/check_reg.html?_=1691887497085 HTTP/1.1" 200 22
222.70.180.200 - - [13/Aug/2023:08:44:56 +0800] "GET /xingrg/all/function/internal_message.html?_=1691887497096&CODE_STATE=getMsg HTTP/1.1" 200 27
101.83.145.37 - - [13/Aug/2023:08:44:56 +0800] "POST /xingrg/kc/base/wldb_list_operate.html HTTP/1.1" 200 928
101.83.145.37 - - [13/Aug/2023:08:44:59 +0800] "GET /xingrg/kc/base/wldb_order_add.html HTTP/1.1" 200 30498
101.83.145.37 - - [13/Aug/2023:08:44:59 +0800] "GET /xingrg/javascript/easyui/themes/icons/template_new.png HTTP/1.1" 304 -
101.83.145.37 - - [13/Aug/2023:08:44:59 +0800] "GET /xingrg/javascript/easyui/themes/icons/cancel.png HTTP/1.1" 304 -
101.83.145.37 - - [13/Aug/2023:08:44:59 +0800] "POST /xingrg/kc/base/wldb_order_operate.html HTTP/1.1" 200 6806
101.83.145.37 - - [13/Aug/2023:08:44:59 +0800] "GET /xingrg/all/common/auto_word.html?type=base&rest_code=00105 HTTP/1.1" 200 1907
101.83.145.37 - - [13/Aug/2023:08:44:59 +0800] "GET /xingrg/all/common/auto_word.html?type=base&rest_code=00105 HTTP/1.1" 200 1907
101.83.145.37 - - [13/Aug/2023:08:44:59 +0800] "GET /xingrg/javascript/easyui/themes/default/validatebox.css HTTP/1.1" 404 1104
101.83.145.37 - - [13/Aug/2023:08:44:59 +0800] "GET /xingrg/javascript/easyui/themes/icons/edit_remove.png HTTP/1.1" 304 -
116.235.241.82 - - [13/Aug/2023:08:45:00 +0800] "GET /xingrg/javascript/auto/indicator.gif HTTP/1.1" 404 1066
101.83.145.37 - - [13/Aug/2023:08:45:02 +0800] "GET /xingrg/javascript/auto/indicator.gif HTTP/1.1" 404 1066
116.235.241.82 - - [13/Aug/2023:08:45:02 +0800] "GET /xingrg/javascript/jquery_tools/images/prev.gif HTTP/1.1" 404 1086
116.235.241.82 - - [13/Aug/2023:08:45:02 +0800] "GET /xingrg/javascript/jquery_tools/images/next.gif HTTP/1.1" 404 1086
101.83.145.37 - - [13/Aug/2023:08:45:07 +0800] "GET /xingrg/javascript/jquery_easy_ui/themes/default/images/tabs_close.gif HTTP/1.1" 304 -
101.83.145.37 - - [13/Aug/2023:08:45:08 +0800] "GET /xingrg/kc/buy/cgsh_order_list.html HTTP/1.1" 200 56077
101.83.145.37 - - [13/Aug/2023:08:45:08 +0800] "GET /xingrg/css/base.css HTTP/1.1" 304 -
101.83.145.37 - - [13/Aug/2023:08:45:08 +0800] "GET /xingrg/javascript/easyui/themes/icon.css HTTP/1.1" 304 -
101.83.145.37 - - [13/Aug/2023:08:45:08 +0800] "GET /xingrg/css/site.css HTTP/1.1" 304 -
101.83.145.37 - - [13/Aug/2023:08:45:08 +0800] "GET /xingrg/javascript/easyui/themes/default/easyui.css HTTP/1.1" 304 -
101.83.145.37 - - [13/Aug/2023:08:45:08 +0800] "GET /xingrg/javascript/jquery_tools/jquery.tools.extend.js HTTP/1.1" 304 -
101.83.145.37 - - [13/Aug/2023:08:45:08 +0800] "GET /xingrg/javascript/jquery_tools/datebox.css HTTP/1.1" 304 -
101.83.145.37 - - [13/Aug/2023:08:45:08 +0800] "GET /xingrg/javascript/jquery_tools/list_manager.js HTTP/1.1" 304 -
101.83.145.37 - - [13/Aug/2023:08:45:08 +0800] "GET /xingrg/javascript/jquery_tools/jquery.tools.min.js HTTP/1.1" 304 -
101.83.145.37 - - [13/Aug/2023:08:45:08 +0800] "GET /xingrg/javascript/jquery_tools/table.css HTTP/1.1" 304 -
101.83.145.37 - - [13/Aug/2023:08:45:08 +0800] "GET /xingrg/javascript/jquery_tools/fix.css HTTP/1.1" 304 -
101.83.145.37 - - [13/Aug/2023:08:45:08 +0800] "GET /xingrg/javascript/auto/jquery.autocomplete.css HTTP/1.1" 304 -
101.83.145.37 - - [13/Aug/2023:08:45:08 +0800] "GET /xingrg/javascript/jquery_tools/jquery.tools.table.js HTTP/1.1" 304 -
101.83.145.37 - - [13/Aug/2023:08:45:08 +0800] "GET /xingrg/javascript/jquery_tools/jquery.tools.hotkey.js HTTP/1.1" 304 -
101.83.145.37 - - [13/Aug/2023:08:45:08 +0800] "GET /xingrg/javascript/auto/jquery.autocomplete.js HTTP/1.1" 304 -
101.83.145.37 - - [13/Aug/2023:08:45:08 +0800] "GET /xingrg/javascript/easyui/easyloader.js HTTP/1.1" 304 -
101.83.145.37 - - [13/Aug/2023:08:45:08 +0800] "GET /xingrg/javascript/print/LodopFuncs.js HTTP/1.1" 304 -
101.83.145.37 - - [13/Aug/2023:08:45:08 +0800] "GET /xingrg/javascript/jquery.cookie.js HTTP/1.1" 304 -
101.83.145.37 - - [13/Aug/2023:08:45:09 +0800] "GET /xingrg/javascript/easyui/themes/icons/edit_add_new.png HTTP/1.1" 304 -
101.83.145.37 - - [13/Aug/2023:08:45:09 +0800] "GET /xingrg/javascript/easyui/themes/icons/cance_new.png HTTP/1.1" 304 -
101.83.145.37 - - [13/Aug/2023:08:45:09 +0800] "GET /xingrg/javascript/easyui/themes/icons/check_new.png HTTP/1.1" 304 -
101.83.145.37 - - [13/Aug/2023:08:45:09 +0800] "GET /xingrg/javascript/easyui/themes/icons/field_new.png HTTP/1.1" 304 -
101.83.145.37 - - [13/Aug/2023:08:45:09 +0800] "GET /xingrg/javascript/easyui/themes/icons/import_new.png HTTP/1.1" 304 -
101.83.145.37 - - [13/Aug/2023:08:45:09 +0800] "GET /xingrg/javascript/easyui/plugins/jquery.parser.js HTTP/1.1" 304 -
101.83.145.37 - - [13/Aug/2023:08:45:09 +0800] "GET /xingrg/images/control/ajaxLoader.gif HTTP/1.1" 304 -
124.79.243.110 - - [13/Aug/2023:08:45:09 +0800] "GET /xingrg/all/function/internal_message.html?_=1691887505522&CODE_STATE=getMsg HTTP/1.1" 200 27
101.83.145.37 - - [13/Aug/2023:08:45:10 +0800] "GET /xingrg/javascript/jquery_tools/images/prev.gif HTTP/1.1" 404 1086
101.83.145.37 - - [13/Aug/2023:08:45:10 +0800] "GET /xingrg/javascript/jquery_tools/images/next.gif HTTP/1.1" 404 1086
101.83.145.37 - - [13/Aug/2023:08:45:11 +0800] "POST /xingrg/kc/buy/cgsh_list_operate.html HTTP/1.1" 200 986
101.83.145.37 - - [13/Aug/2023:08:45:12 +0800] "GET /xingrg/javascript/easyui/themes/default/images/button_plain_hover.png HTTP/1.1" 304 -
101.83.145.37 - - [13/Aug/2023:08:45:14 +0800] "GET /xingrg/javascript/pic_change.js HTTP/1.1" 304 -
101.83.145.37 - - [13/Aug/2023:08:45:14 +0800] "GET /xingrg/kc/buy/cgsh_order_add.html HTTP/1.1" 200 71941
101.83.145.37 - - [13/Aug/2023:08:45:14 +0800] "GET /xingrg/javascript/jquery_tools/order_manager.js HTTP/1.1" 304 -
101.83.145.37 - - [13/Aug/2023:08:45:14 +0800] "GET /xingrg/javascript/json2.js HTTP/1.1" 304 -
101.83.145.37 - - [13/Aug/2023:08:45:14 +0800] "GET /xingrg/javascript/print/kc_print.js HTTP/1.1" 304 -
101.83.145.37 - - [13/Aug/2023:08:45:14 +0800] "GET /xingrg/javascript/convert.js HTTP/1.1" 304 -
101.83.145.37 - - [13/Aug/2023:08:45:14 +0800] "GET /xingrg/words/20230811145454_words.js HTTP/1.1" 200 979335
101.83.145.37 - - [13/Aug/2023:08:45:14 +0800] "GET /xingrg/javascript/easyui/themes/icons/copy_new.png HTTP/1.1" 304 -
101.83.145.37 - - [13/Aug/2023:08:45:14 +0800] "GET /xingrg/javascript/easyui/themes/icons/ok.png HTTP/1.1" 304 -
101.83.145.37 - - [13/Aug/2023:08:45:14 +0800] "GET /xingrg/javascript/easyui/themes/icons/template_new.png HTTP/1.1" 304 -
101.83.145.37 - - [13/Aug/2023:08:45:14 +0800] "GET /xingrg/javascript/easyui/themes/default/images/menu_downarrow.png HTTP/1.1" 304 -
101.83.145.37 - - [13/Aug/2023:08:45:14 +0800] "GET /xingrg/javascript/easyui/themes/icons/cancel.png HTTP/1.1" 304 -
101.83.145.37 - - [13/Aug/2023:08:45:14 +0800] "GET /xingrg/javascript/easyui/themes/icons/print.png HTTP/1.1" 304 -
101.83.145.37 - - [13/Aug/2023:08:45:14 +0800] "POST /xingrg/kc/buy/cgsh_order_operate.html HTTP/1.1" 200 8245
101.83.145.37 - - [13/Aug/2023:08:45:14 +0800] "GET /xingrg/javascript/easyui/themes/default/validatebox.css HTTP/1.1" 404 1104
101.83.145.37 - - [13/Aug/2023:08:45:14 +0800] "GET /xingrg/javascript/easyui/plugins/jquery.validatebox.js HTTP/1.1" 304 -
101.83.145.37 - - [13/Aug/2023:08:45:14 +0800] "GET /xingrg/javascript/easyui/plugins/jquery.numberbox.js HTTP/1.1" 304 -
101.83.145.37 - - [13/Aug/2023:08:45:14 +0800] "GET /xingrg/javascript/easyui/themes/icons/edit_remove.png HTTP/1.1" 304 -
101.83.145.37 - - [13/Aug/2023:08:45:14 +0800] "GET /xingrg/all/common/auto_word.html?type=employee&rest_code=00105 HTTP/1.1" 200 193
101.83.145.37 - - [13/Aug/2023:08:45:14 +0800] "GET /xingrg/all/common/auto_word.html?type=employee&rest_code=00105 HTTP/1.1" 200 193
116.238.191.126 - - [13/Aug/2023:08:45:15 +0800] "GET /xingrg/all/function/internal_message.html?_=1691887424972&CODE_STATE=getMsg HTTP/1.1" 200 27
101.83.145.37 - - [13/Aug/2023:08:45:16 +0800] "GET /xingrg/javascript/auto/indicator.gif HTTP/1.1" 404 1066
116.238.191.126 - - [13/Aug/2023:08:45:20 +0800] "GET /xingrg/all/function/internal_message.html?_=1691887518738&CODE_STATE=getMsg HTTP/1.1" 200 27
180.152.241.196 - - [13/Aug/2023:08:45:25 +0800] "GET /xingrg/all/function/internal_message.html?_=1691887524519&CODE_STATE=getMsg HTTP/1.1" 200 27
101.83.145.37 - - [13/Aug/2023:08:45:25 +0800] "GET /xingrg/kc/base/wldb_order_operate.html?command=get_materiel&rest_code=00105&base_code=0010824&code=00101008316 HTTP/1.1" 200 435
101.83.145.37 - - [13/Aug/2023:08:45:32 +0800] "GET /xingrg/check_reg.html?_=1691887534098 HTTP/1.1" 200 22
101.83.145.37 - - [13/Aug/2023:08:45:32 +0800] "GET /xingrg/all/function/internal_message.html?_=1691887534251&CODE_STATE=getMsg HTTP/1.1" 200 27
124.78.70.128 - - [13/Aug/2023:08:45:33 +0800] "POST /xingrg/services/DataTransmitService HTTP/1.1" 200 524
116.232.195.127 - - [13/Aug/2023:08:45:36 +0800] "GET /xingrg/all/function/internal_message.html?_=1691887467237&CODE_STATE=getMsg HTTP/1.1" 200 27
116.232.195.127 - - [13/Aug/2023:08:45:36 +0800] "GET /xingrg/check_reg.html?_=1691887467238 HTTP/1.1" 200 22
116.232.195.127 - - [13/Aug/2023:08:45:36 +0800] "GET /xingrg/all/function/internal_message.html?_=1691887467874&CODE_STATE=getMsg HTTP/1.1" 200 27
101.83.145.37 - - [13/Aug/2023:08:45:37 +0800] "GET /xingrg/kc/buy/cgsh_order_operate.html?command=get_materiel&rest_code=00105&code=00101002027&supplier_code=00100397&order_time=2023-08-13 HTTP/1.1" 200 413
101.83.145.37 - - [13/Aug/2023:08:45:38 +0800] "GET /xingrg/all/function/internal_message.html?_=1691887339993&CODE_STATE=getMsg HTTP/1.1" 200 27
116.235.241.82 - - [13/Aug/2023:08:45:55 +0800] "GET /xingrg/all/function/internal_message.html?_=1691887555542&CODE_STATE=getMsg HTTP/1.1" 200 27
222.70.180.200 - - [13/Aug/2023:08:45:56 +0800] "GET /xingrg/all/function/internal_message.html?_=1691887557094&CODE_STATE=getMsg HTTP/1.1" 200 27
124.79.243.110 - - [13/Aug/2023:08:46:09 +0800] "GET /xingrg/all/function/internal_message.html?_=1691887565520&CODE_STATE=getMsg HTTP/1.1" 200 27
124.79.243.110 - - [13/Aug/2023:08:46:09 +0800] "GET /xingrg/check_reg.html?_=1691887565517 HTTP/1.1" 200 22
124.78.155.92 - - [13/Aug/2023:08:46:12 +0800] "POST /xingrg/services/DataTransmitService HTTP/1.1" 200 524
116.238.191.126 - - [13/Aug/2023:08:46:15 +0800] "GET /xingrg/all/function/internal_message.html?_=1691887485004&CODE_STATE=getMsg HTTP/1.1" 200 27
116.238.191.126 - - [13/Aug/2023:08:46:20 +0800] "GET /xingrg/all/function/internal_message.html?_=1691887578741&CODE_STATE=getMsg HTTP/1.1" 200 27
116.238.191.126 - - [13/Aug/2023:08:46:20 +0800] "GET /xingrg/check_reg.html?_=1691887578743 HTTP/1.1" 200 22
180.152.241.196 - - [13/Aug/2023:08:46:25 +0800] "GET /xingrg/check_reg.html?_=1691887584522 HTTP/1.1" 200 22
180.152.241.196 - - [13/Aug/2023:08:46:25 +0800] "GET /xingrg/all/function/internal_message.html?_=1691887584525&CODE_STATE=getMsg HTTP/1.1" 200 27
101.83.145.37 - - [13/Aug/2023:08:46:26 +0800] "GET /xingrg/kc/base/wldb_order_operate.html?command=get_materiel&rest_code=00105&base_code=0010824&code=00101019027 HTTP/1.1" 200 475
101.83.145.37 - - [13/Aug/2023:08:46:32 +0800] "GET /xingrg/all/function/internal_message.html?_=1691887594250&CODE_STATE=getMsg HTTP/1.1" 200 27
116.232.195.127 - - [13/Aug/2023:08:46:36 +0800] "GET /xingrg/all/function/internal_message.html?_=1691887527251&CODE_STATE=getMsg HTTP/1.1" 200 27
116.232.195.127 - - [13/Aug/2023:08:46:36 +0800] "GET /xingrg/all/function/internal_message.html?_=1691887527865&CODE_STATE=getMsg HTTP/1.1" 200 27
101.83.145.37 - - [13/Aug/2023:08:46:38 +0800] "GET /xingrg/check_reg.html?_=1691887400073 HTTP/1.1" 200 22
101.83.145.37 - - [13/Aug/2023:08:46:38 +0800] "GET /xingrg/all/function/internal_message.html?_=1691887400074&CODE_STATE=getMsg HTTP/1.1" 200 27
101.83.145.37 - - [13/Aug/2023:08:46:42 +0800] "POST /xingrg/kc/base/wldb_order_operate.html HTTP/1.1" 200 37
101.83.145.37 - - [13/Aug/2023:08:46:44 +0800] "POST /xingrg/kc/base/wldb_order_operate.html HTTP/1.1" 200 2690
101.83.145.37 - - [13/Aug/2023:08:46:44 +0800] "GET /xingrg/kc/base/wldb_order_info.html?code=422023081301361 HTTP/1.1" 200 30506
101.83.145.37 - - [13/Aug/2023:08:46:44 +0800] "GET /xingrg/javascript/easyui/themes/default/validatebox.css HTTP/1.1" 404 1104
101.83.145.37 - - [13/Aug/2023:08:46:45 +0800] "POST /xingrg/kc/base/wldb_order_operate.html HTTP/1.1" 200 2690
101.83.145.37 - - [13/Aug/2023:08:46:53 +0800] "POST /xingrg/kc/buy/cgsh_order_operate.html HTTP/1.1" 200 37
116.235.241.82 - - [13/Aug/2023:08:46:55 +0800] "GET /xingrg/all/function/internal_message.html?_=1691887615555&CODE_STATE=getMsg HTTP/1.1" 200 27
101.83.145.37 - - [13/Aug/2023:08:46:56 +0800] "POST /xingrg/kc/buy/cgsh_order_operate.html HTTP/1.1" 200 3251
222.70.180.200 - - [13/Aug/2023:08:46:56 +0800] "GET /xingrg/all/function/internal_message.html?_=1691887617091&CODE_STATE=getMsg HTTP/1.1" 200 27
116.238.191.126 - - [13/Aug/2023:08:46:58 +0800] "GET /xingrg/check_reg.html?_=1691887528436 HTTP/1.1" 200 22
101.83.145.37 - - [13/Aug/2023:08:47:00 +0800] "GET /xingrg/kc/print/load_config.html?kc_code=cgsh HTTP/1.1" 200 1924
101.83.145.37 - - [13/Aug/2023:08:47:01 +0800] "GET /xingrg/kc/print/load_data.html?order_code=212023081305093&kc_code=cgsh&condition= HTTP/1.1" 200 891
101.83.145.37 - - [13/Aug/2023:08:47:07 +0800] "GET /xingrg/kc/buy/cgsh_order_add.html HTTP/1.1" 200 71941
101.83.145.37 - - [13/Aug/2023:08:47:07 +0800] "POST /xingrg/kc/buy/cgsh_order_operate.html HTTP/1.1" 200 8245
101.83.145.37 - - [13/Aug/2023:08:47:07 +0800] "GET /xingrg/javascript/easyui/themes/default/validatebox.css HTTP/1.1" 404 1104
124.79.243.110 - - [13/Aug/2023:08:47:09 +0800] "GET /xingrg/all/function/internal_message.html?_=1691887625517&CODE_STATE=getMsg HTTP/1.1" 200 27
116.238.191.126 - - [13/Aug/2023:08:47:15 +0800] "GET /xingrg/all/function/internal_message.html?_=1691887545015&CODE_STATE=getMsg HTTP/1.1" 200 27
116.232.195.127 - - [13/Aug/2023:08:47:19 +0800] "GET /xingrg/check_reg.html?_=1691887570699 HTTP/1.1" 200 22
116.238.191.126 - - [13/Aug/2023:08:47:20 +0800] "GET /xingrg/all/function/internal_message.html?_=1691887638744&CODE_STATE=getMsg HTTP/1.1" 200 27
180.152.241.196 - - [13/Aug/2023:08:47:25 +0800] "GET /xingrg/all/function/internal_message.html?_=1691887644524&CODE_STATE=getMsg HTTP/1.1" 200 27
101.83.145.37 - - [13/Aug/2023:08:47:31 +0800] "GET /xingrg/kc/buy/cgsh_order_operate.html?command=get_materiel&rest_code=00105&code=00101008286&supplier_code=00100203&order_time=2023-08-13 HTTP/1.1" 200 408
101.83.145.37 - - [13/Aug/2023:08:47:31 +0800] "POST /xingrg/kc/base/wldb_order_operate.html HTTP/1.1" 200 37
101.83.145.37 - - [13/Aug/2023:08:47:32 +0800] "GET /xingrg/all/function/internal_message.html?_=1691887654197&CODE_STATE=getMsg HTTP/1.1" 200 27
101.83.145.37 - - [13/Aug/2023:08:47:33 +0800] "GET /xingrg/kc/base/wldb_order_info.html?code=422023081301361 HTTP/1.1" 200 30506
101.83.145.37 - - [13/Aug/2023:08:47:33 +0800] "POST /xingrg/kc/base/wldb_order_operate.html HTTP/1.1" 200 2690
101.83.145.37 - - [13/Aug/2023:08:47:33 +0800] "GET /xingrg/javascript/easyui/themes/default/validatebox.css HTTP/1.1" 404 1104
101.83.145.37 - - [13/Aug/2023:08:47:34 +0800] "POST /xingrg/kc/base/wldb_order_operate.html HTTP/1.1" 200 2690
116.232.195.127 - - [13/Aug/2023:08:47:36 +0800] "GET /xingrg/all/function/internal_message.html?_=1691887587248&CODE_STATE=getMsg HTTP/1.1" 200 27
116.232.195.127 - - [13/Aug/2023:08:47:36 +0800] "GET /xingrg/all/function/internal_message.html?_=1691887587850&CODE_STATE=getMsg HTTP/1.1" 200 27
101.83.145.37 - - [13/Aug/2023:08:47:38 +0800] "GET /xingrg/all/function/internal_message.html?_=1691887460103&CODE_STATE=getMsg HTTP/1.1" 200 27
101.83.145.37 - - [13/Aug/2023:08:47:42 +0800] "GET /xingrg/kc/base/wldb_order_add.html HTTP/1.1" 200 30498
101.83.145.37 - - [13/Aug/2023:08:47:43 +0800] "POST /xingrg/kc/base/wldb_order_operate.html HTTP/1.1" 200 6806
101.83.145.37 - - [13/Aug/2023:08:47:43 +0800] "GET /xingrg/javascript/easyui/themes/default/validatebox.css HTTP/1.1" 404 1104
116.235.241.82 - - [13/Aug/2023:08:47:55 +0800] "GET /xingrg/check_reg.html?_=1691887675532 HTTP/1.1" 200 22
116.235.241.82 - - [13/Aug/2023:08:47:55 +0800] "GET /xingrg/all/function/internal_message.html?_=1691887675568&CODE_STATE=getMsg HTTP/1.1" 200 27
222.70.180.200 - - [13/Aug/2023:08:47:56 +0800] "GET /xingrg/all/function/internal_message.html?_=1691887677089&CODE_STATE=getMsg HTTP/1.1" 200 27
101.83.145.37 - - [13/Aug/2023:08:48:04 +0800] "GET /xingrg/kc/buy/cgsh_order_operate.html?command=get_materiel&rest_code=00105&code=00101008045&supplier_code=00100203&order_time=2023-08-13 HTTP/1.1" 200 412
101.83.145.37 - - [13/Aug/2023:08:48:07 +0800] "GET /xingrg/kc/base/wldb_order_operate.html?command=get_materiel&rest_code=00105&base_code=0010824&code=00101020143 HTTP/1.1" 200 450
124.79.243.110 - - [13/Aug/2023:08:48:09 +0800] "GET /xingrg/all/function/internal_message.html?_=1691887685509&CODE_STATE=getMsg HTTP/1.1" 200 27
116.238.191.126 - - [13/Aug/2023:08:48:15 +0800] "GET /xingrg/all/function/internal_message.html?_=1691887605029&CODE_STATE=getMsg HTTP/1.1" 200 27
116.238.191.126 - - [13/Aug/2023:08:48:20 +0800] "GET /xingrg/all/function/internal_message.html?_=1691887698750&CODE_STATE=getMsg HTTP/1.1" 200 27
101.83.145.37 - - [13/Aug/2023:08:48:21 +0800] "GET /xingrg/kc/buy/cgsh_order_operate.html?command=get_materiel&rest_code=00105&code=00101008026&supplier_code=00100203&order_time=2023-08-13 HTTP/1.1" 200 409
101.83.145.37 - - [13/Aug/2023:08:48:24 +0800] "GET /xingrg/kc/base/wldb_order_operate.html?command=get_materiel&rest_code=00105&base_code=0010824&code=00101019816 HTTP/1.1" 200 447
180.152.241.196 - - [13/Aug/2023:08:48:25 +0800] "GET /xingrg/all/function/internal_message.html?_=1691887704511&CODE_STATE=getMsg HTTP/1.1" 200 27
101.83.145.37 - - [13/Aug/2023:08:48:32 +0800] "GET /xingrg/all/function/internal_message.html?_=1691887714175&CODE_STATE=getMsg HTTP/1.1" 200 27
101.83.145.37 - - [13/Aug/2023:08:48:33 +0800] "GET /xingrg/kc/buy/cgsh_order_operate.html?command=get_materiel&rest_code=00105&code=00101008163&supplier_code=00100203&order_time=2023-08-13 HTTP/1.1" 200 409
116.232.195.127 - - [13/Aug/2023:08:48:36 +0800] "GET /xingrg/all/function/internal_message.html?_=1691887647252&CODE_STATE=getMsg HTTP/1.1" 200 27
116.232.195.127 - - [13/Aug/2023:08:48:36 +0800] "GET /xingrg/all/function/internal_message.html?_=1691887647821&CODE_STATE=getMsg HTTP/1.1" 200 27
101.83.145.37 - - [13/Aug/2023:08:48:38 +0800] "GET /xingrg/all/function/internal_message.html?_=1691887520140&CODE_STATE=getMsg HTTP/1.1" 200 27
101.83.145.37 - - [13/Aug/2023:08:48:45 +0800] "GET /xingrg/kc/buy/cgsh_order_operate.html?command=get_materiel&rest_code=00105&code=00101008355&supplier_code=00100203&order_time=2023-08-13 HTTP/1.1" 200 408
116.235.241.82 - - [13/Aug/2023:08:48:55 +0800] "GET /xingrg/all/function/internal_message.html?_=1691887735582&CODE_STATE=getMsg HTTP/1.1" 200 27
222.70.180.200 - - [13/Aug/2023:08:48:56 +0800] "GET /xingrg/all/function/internal_message.html?_=1691887737111&CODE_STATE=getMsg HTTP/1.1" 200 27
101.83.145.37 - - [13/Aug/2023:08:48:58 +0800] "POST /xingrg/kc/base/wldb_order_operate.html HTTP/1.1" 200 37
101.83.145.37 - - [13/Aug/2023:08:48:59 +0800] "GET /xingrg/kc/buy/cgsh_order_operate.html?command=get_materiel&rest_code=00105&code=00101008356&supplier_code=00100203&order_time=2023-08-13 HTTP/1.1" 200 408
101.83.145.37 - - [13/Aug/2023:08:48:59 +0800] "POST /xingrg/kc/base/wldb_order_operate.html HTTP/1.1" 200 2673
101.83.145.37 - - [13/Aug/2023:08:49:00 +0800] "GET /xingrg/kc/base/wldb_order_info.html?code=422023081301362 HTTP/1.1" 200 30506
101.83.145.37 - - [13/Aug/2023:08:49:00 +0800] "GET /xingrg/javascript/easyui/themes/default/validatebox.css HTTP/1.1" 404 1104
101.83.145.37 - - [13/Aug/2023:08:49:01 +0800] "POST /xingrg/kc/base/wldb_order_operate.html HTTP/1.1" 200 2673
101.83.145.37 - - [13/Aug/2023:08:49:05 +0800] "GET /xingrg/kc/base/wldb_order_add.html HTTP/1.1" 200 30498
101.83.145.37 - - [13/Aug/2023:08:49:05 +0800] "POST /xingrg/kc/base/wldb_order_operate.html HTTP/1.1" 200 6806
101.83.145.37 - - [13/Aug/2023:08:49:05 +0800] "GET /xingrg/javascript/easyui/themes/default/validatebox.css HTTP/1.1" 404 1104
116.235.241.82 - - [13/Aug/2023:08:49:08 +0800] "GET /xingrg/kc/buy/cgsh_order_operate.html?command=get_materiel&rest_code=00146&code=00101008048&supplier_code=00100005&order_time=2023-08-13 HTTP/1.1" 200 420
124.79.243.110 - - [13/Aug/2023:08:49:09 +0800] "GET /xingrg/all/function/internal_message.html?_=1691887745516&CODE_STATE=getMsg HTTP/1.1" 200 27
116.238.191.126 - - [13/Aug/2023:08:49:15 +0800] "GET /xingrg/all/function/internal_message.html?_=1691887665066&CODE_STATE=getMsg HTTP/1.1" 200 27
120.253.135.82 - - [13/Aug/2023:08:49:19 +0800] "GET /xingrg/login.html HTTP/1.1" 200 7641
116.238.191.126 - - [13/Aug/2023:08:49:20 +0800] "GET /xingrg/all/function/internal_message.html?_=1691887758750&CODE_STATE=getMsg HTTP/1.1" 200 27
120.253.135.82 - - [13/Aug/2023:08:49:20 +0800] "GET /favicon.ico HTTP/1.1" 404 -
120.253.135.82 - - [13/Aug/2023:08:49:22 +0800] "POST /xingrg/login.do HTTP/1.1" 302 -
120.253.135.82 - - [13/Aug/2023:08:49:22 +0800] "GET /xingrg/index.html?sysBaseUrl=http%3A%2F%2F180.169.147.146%3A18081%2Fxingrg%2F&costTime=901×tamp=1691887762708 HTTP/1.1" 200 17173
101.83.145.37 - - [13/Aug/2023:08:49:23 +0800] "GET /xingrg/kc/base/wldb_order_operate.html?command=get_materiel&rest_code=00105&base_code=0010824&code=00101008500 HTTP/1.1" 200 441
120.253.135.82 - - [13/Aug/2023:08:49:23 +0800] "GET /xingrg/check_reg.html?_=1691887904320 HTTP/1.1" 200 22
120.253.135.82 - - [13/Aug/2023:08:49:23 +0800] "GET /xingrg/all/function/internal_message.html?_=1691887904320&CODE_STATE=count HTTP/1.1" 200 11
120.253.135.82 - - [13/Aug/2023:08:49:23 +0800] "POST /xingrg/all/common/load_tree.html?tree=area_rest_tree_json&manage=1 HTTP/1.1" 200 344
120.253.135.82 - - [13/Aug/2023:08:49:23 +0800] "POST /xingrg/load_menu.html HTTP/1.1" 200 6743
101.83.145.37 - - [13/Aug/2023:08:49:23 +0800] "GET /xingrg/kc/buy/cgsh_order_operate.html?command=get_materiel&rest_code=00105&code=00101008137&supplier_code=00100203&order_time=2023-08-13 HTTP/1.1" 200 408
180.152.241.196 - - [13/Aug/2023:08:49:25 +0800] "GET /xingrg/all/function/internal_message.html?_=1691887764522&CODE_STATE=getMsg HTTP/1.1" 200 27
120.253.135.82 - - [13/Aug/2023:08:49:28 +0800] "GET /xingrg/kc/pszx/mdps_order_list.html?orderType=0 HTTP/1.1" 200 21149
120.253.135.82 - - [13/Aug/2023:08:49:28 +0800] "POST /xingrg/kc/pszx/mdps_list_operate.html HTTP/1.1" 200 5447
120.253.135.82 - - [13/Aug/2023:08:49:32 +0800] "POST /xingrg/kc/pszx/mdps_list_operate.html HTTP/1.1" 200 5565
101.83.145.37 - - [13/Aug/2023:08:49:32 +0800] "GET /xingrg/all/function/internal_message.html?_=1691887774203&CODE_STATE=getMsg HTTP/1.1" 200 27
120.253.135.82 - - [13/Aug/2023:08:49:36 +0800] "POST /xingrg/kc/pszx/mdps_list_operate.html HTTP/1.1" 200 5531
116.232.195.127 - - [13/Aug/2023:08:49:36 +0800] "GET /xingrg/all/function/internal_message.html?_=1691887707238&CODE_STATE=getMsg HTTP/1.1" 200 27
101.83.145.37 - - [13/Aug/2023:08:49:36 +0800] "GET /xingrg/kc/buy/cgsh_order_operate.html?command=get_materiel&rest_code=00105&code=00101008196&supplier_code=00100203&order_time=2023-08-13 HTTP/1.1" 200 416
116.232.195.127 - - [13/Aug/2023:08:49:36 +0800] "GET /xingrg/all/function/internal_message.html?_=1691887707793&CODE_STATE=getMsg HTTP/1.1" 200 27
101.83.145.37 - - [13/Aug/2023:08:49:38 +0800] "GET /xingrg/all/function/internal_message.html?_=1691887580197&CODE_STATE=getMsg HTTP/1.1" 200 27
120.253.135.82 - - [13/Aug/2023:08:49:40 +0800] "POST /xingrg/kc/pszx/mdps_list_operate.html HTTP/1.1" 200 637
120.253.135.82 - - [13/Aug/2023:08:49:43 +0800] "GET /xingrg/kc/pszx/mdps_order_info.html?code=312023081200319 HTTP/1.1" 200 23978
120.253.135.82 - - [13/Aug/2023:08:49:43 +0800] "GET /xingrg/words/20230811145454_words.js HTTP/1.1" 304 -
120.253.135.82 - - [13/Aug/2023:08:49:44 +0800] "GET /xingrg/javascript/easyui/themes/default/validatebox.css HTTP/1.1" 404 1104
120.253.135.82 - - [13/Aug/2023:08:49:44 +0800] "GET /xingrg/all/common/auto_word.html?type=base&rest_code=00101 HTTP/1.1" 200 671
120.253.135.82 - - [13/Aug/2023:08:49:44 +0800] "POST /xingrg/kc/pszx/mdps_order_operate.html HTTP/1.1" 200 12133
101.83.145.37 - - [13/Aug/2023:08:49:46 +0800] "GET /xingrg/kc/buy/cgsh_order_operate.html?command=get_materiel&rest_code=00105&code=00101008136&supplier_code=00100203&order_time=2023-08-13 HTTP/1.1" 200 413
116.235.241.82 - - [13/Aug/2023:08:49:53 +0800] "GET /xingrg/kc/buy/cgsh_order_operate.html?command=get_materiel&rest_code=00146&code=00101008201&supplier_code=00100005&order_time=2023-08-13 HTTP/1.1" 200 412
116.235.241.82 - - [13/Aug/2023:08:49:55 +0800] "GET /xingrg/all/function/internal_message.html?_=1691887795595&CODE_STATE=getMsg HTTP/1.1" 200 27
101.83.145.37 - - [13/Aug/2023:08:49:56 +0800] "GET /xingrg/kc/base/wldb_order_operate.html?command=get_materiel&rest_code=00105&base_code=0010824&code=00101013115 HTTP/1.1" 200 434
222.70.180.200 - - [13/Aug/2023:08:49:56 +0800] "GET /xingrg/all/function/internal_message.html?_=1691887797116&CODE_STATE=getMsg HTTP/1.1" 200 27
222.70.180.200 - - [13/Aug/2023:08:49:56 +0800] "GET /xingrg/check_reg.html?_=1691887797110 HTTP/1.1" 200 22
101.83.145.37 - - [13/Aug/2023:08:50:01 +0800] "GET /xingrg/kc/buy/cgsh_order_operate.html?command=get_materiel&rest_code=00105&code=00101008197&supplier_code=00100203&order_time=2023-08-13 HTTP/1.1" 200 416
124.79.243.110 - - [13/Aug/2023:08:50:09 +0800] "GET /xingrg/all/function/internal_message.html?_=1691887805510&CODE_STATE=getMsg HTTP/1.1" 200 27
101.83.145.37 - - [13/Aug/2023:08:50:11 +0800] "GET /xingrg/kc/buy/cgsh_order_operate.html?command=get_materiel&rest_code=00105&code=00101008230&supplier_code=00100203&order_time=2023-08-13 HTTP/1.1" 200 408
116.235.241.82 - - [13/Aug/2023:08:50:12 +0800] "GET /xingrg/kc/buy/cgsh_order_operate.html?command=get_materiel&rest_code=00146&code=00101008087&supplier_code=00100005&order_time=2023-08-13 HTTP/1.1" 200 412
116.238.191.126 - - [13/Aug/2023:08:50:15 +0800] "GET /xingrg/all/function/internal_message.html?_=1691887725071&CODE_STATE=getMsg HTTP/1.1" 200 27
116.238.191.126 - - [13/Aug/2023:08:50:20 +0800] "GET /xingrg/all/function/internal_message.html?_=1691887818752&CODE_STATE=getMsg HTTP/1.1" 200 27
101.83.145.37 - - [13/Aug/2023:08:50:20 +0800] "POST /xingrg/kc/base/wldb_order_operate.html HTTP/1.1" 200 37
101.83.145.37 - - [13/Aug/2023:08:50:22 +0800] "POST /xingrg/kc/base/wldb_order_operate.html HTTP/1.1" 200 2655
101.83.145.37 - - [13/Aug/2023:08:50:22 +0800] "GET /xingrg/kc/base/wldb_order_info.html?code=422023081301363 HTTP/1.1" 200 30506
101.83.145.37 - - [13/Aug/2023:08:50:22 +0800] "GET /xingrg/javascript/easyui/themes/default/validatebox.css HTTP/1.1" 404 1104
120.253.135.82 - - [13/Aug/2023:08:50:23 +0800] "GET /xingrg/all/function/internal_message.html?_=1691887964332&CODE_STATE=getMsg HTTP/1.1" 200 27
101.83.145.37 - - [13/Aug/2023:08:50:23 +0800] "GET /xingrg/kc/buy/cgsh_order_operate.html?command=get_materiel&rest_code=00105&code=00101008105&supplier_code=00100203&order_time=2023-08-13 HTTP/1.1" 200 412
101.83.145.37 - - [13/Aug/2023:08:50:23 +0800] "POST /xingrg/kc/base/wldb_order_operate.html HTTP/1.1" 200 2655
180.152.241.196 - - [13/Aug/2023:08:50:25 +0800] "GET /xingrg/all/function/internal_message.html?_=1691887824510&CODE_STATE=getMsg HTTP/1.1" 200 27
116.235.241.82 - - [13/Aug/2023:08:50:29 +0800] "GET /xingrg/kc/buy/cgsh_order_operate.html?command=get_materiel&rest_code=00146&code=00101008355&supplier_code=00100005&order_time=2023-08-13 HTTP/1.1" 200 408
101.83.145.37 - - [13/Aug/2023:08:50:32 +0800] "GET /xingrg/check_reg.html?_=1691887834083 HTTP/1.1" 200 22
101.83.145.37 - - [13/Aug/2023:08:50:32 +0800] "GET /xingrg/all/function/internal_message.html?_=1691887834130&CODE_STATE=getMsg HTTP/1.1" 200 27
101.83.145.37 - - [13/Aug/2023:08:50:32 +0800] "GET /xingrg/kc/buy/cgsh_order_operate.html?command=get_materiel&rest_code=00105&code=00101008119&supplier_code=00100203&order_time=2023-08-13 HTTP/1.1" 200 412
116.232.195.127 - - [13/Aug/2023:08:50:36 +0800] "GET /xingrg/check_reg.html?_=1691887767247 HTTP/1.1" 200 22
116.232.195.127 - - [13/Aug/2023:08:50:36 +0800] "GET /xingrg/all/function/internal_message.html?_=1691887767249&CODE_STATE=getMsg HTTP/1.1" 200 27
116.232.195.127 - - [13/Aug/2023:08:50:36 +0800] "GET /xingrg/all/function/internal_message.html?_=1691887767772&CODE_STATE=getMsg HTTP/1.1" 200 27
101.83.145.37 - - [13/Aug/2023:08:50:38 +0800] "GET /xingrg/all/function/internal_message.html?_=1691887640238&CODE_STATE=getMsg HTTP/1.1" 200 27
101.83.145.37 - - [13/Aug/2023:08:50:41 +0800] "POST /xingrg/kc/buy/cgsh_order_operate.html HTTP/1.1" 200 2065
101.83.145.37 - - [13/Aug/2023:08:50:44 +0800] "POST /xingrg/kc/buy/cgsh_order_operate.html HTTP/1.1" 200 2065
101.83.145.37 - - [13/Aug/2023:08:50:53 +0800] "GET /xingrg/kc/buy/cgsh_order_operate.html?command=get_materiel&rest_code=00105&code=00101008185&supplier_code=00100203&order_time=2023-08-13 HTTP/1.1" 200 408
116.235.241.82 - - [13/Aug/2023:08:50:53 +0800] "GET /xingrg/kc/buy/cgsh_order_operate.html?command=get_materiel&rest_code=00146&code=00101008137&supplier_code=00100005&order_time=2023-08-13 HTTP/1.1" 200 408
116.235.241.82 - - [13/Aug/2023:08:50:55 +0800] "GET /xingrg/all/function/internal_message.html?_=1691887855636&CODE_STATE=getMsg HTTP/1.1" 200 27
222.70.180.200 - - [13/Aug/2023:08:50:56 +0800] "GET /xingrg/all/function/internal_message.html?_=1691887857119&CODE_STATE=getMsg HTTP/1.1" 200 27
101.83.145.37 - - [13/Aug/2023:08:51:00 +0800] "GET /xingrg/kc/buy/cgsh_order_operate.html?command=get_materiel&rest_code=00105&code=00101015038&supplier_code=00100203&order_time=2023-08-13 HTTP/1.1" 200 418
124.78.155.92 - - [13/Aug/2023:08:51:04 +0800] "GET /xingrg/login.html HTTP/1.1" 200 7641
124.78.155.92 - - [13/Aug/2023:08:51:08 +0800] "GET /favicon.ico HTTP/1.1" 404 -
124.79.243.110 - - [13/Aug/2023:08:51:09 +0800] "GET /xingrg/all/function/internal_message.html?_=1691887865508&CODE_STATE=getMsg HTTP/1.1" 200 27
124.79.243.110 - - [13/Aug/2023:08:51:09 +0800] "GET /xingrg/check_reg.html?_=1691887865509 HTTP/1.1" 200 22
101.83.145.37 - - [13/Aug/2023:08:51:11 +0800] "GET /xingrg/kc/buy/cgsh_order_operate.html?command=get_materiel&rest_code=00105&code=00101008176&supplier_code=00100203&order_time=2023-08-13 HTTP/1.1" 200 412
124.78.155.92 - - [13/Aug/2023:08:51:12 +0800] "POST /xingrg/login.do HTTP/1.1" 302 -
124.78.155.92 - - [13/Aug/2023:08:51:12 +0800] "GET /xingrg/index.html?sysBaseUrl=http%3A%2F%2F180.169.147.146%3A18081%2Fxingrg%2F&costTime=854×tamp=1691887872848 HTTP/1.1" 200 17173
116.235.241.82 - - [13/Aug/2023:08:51:13 +0800] "GET /xingrg/kc/buy/cgsh_order_operate.html?command=get_materiel&rest_code=00146&code=00101008059&supplier_code=00100005&order_time=2023-08-13 HTTP/1.1" 200 408
124.78.155.92 - - [13/Aug/2023:08:51:13 +0800] "GET /favicon.ico HTTP/1.1" 404 -
124.78.155.92 - - [13/Aug/2023:08:51:13 +0800] "POST /xingrg/all/common/load_tree.html?tree=area_rest_tree_json&manage=1 HTTP/1.1" 200 342
124.78.155.92 - - [13/Aug/2023:08:51:13 +0800] "GET /xingrg/all/function/internal_message.html?_=1691887868720&CODE_STATE=count HTTP/1.1" 200 11
124.78.155.92 - - [13/Aug/2023:08:51:13 +0800] "GET /xingrg/check_reg.html?_=1691887868722 HTTP/1.1" 200 22
124.78.155.92 - - [13/Aug/2023:08:51:14 +0800] "POST /xingrg/load_menu.html HTTP/1.1" 200 5138
116.238.191.126 - - [13/Aug/2023:08:51:15 +0800] "GET /xingrg/all/function/internal_message.html?_=1691887785105&CODE_STATE=getMsg HTTP/1.1" 200 27
116.238.191.126 - - [13/Aug/2023:08:51:20 +0800] "GET /xingrg/check_reg.html?_=1691887878754 HTTP/1.1" 200 22
116.238.191.126 - - [13/Aug/2023:08:51:20 +0800] "GET /xingrg/all/function/internal_message.html?_=1691887878757&CODE_STATE=getMsg HTTP/1.1" 200 27
120.253.135.82 - - [13/Aug/2023:08:51:23 +0800] "GET /xingrg/all/function/internal_message.html?_=1691888024334&CODE_STATE=getMsg HTTP/1.1" 200 27
124.78.155.92 - - [13/Aug/2023:08:51:24 +0800] "GET /xingrg/kc/main_page.html HTTP/1.1" 200 2725
124.78.155.92 - - [13/Aug/2023:08:51:24 +0800] "GET /xingrg/kc/buy/buy_main.html HTTP/1.1" 200 12412
124.78.155.92 - - [13/Aug/2023:08:51:24 +0800] "GET /xingrg/css/new_ie.css HTTP/1.1" 404 1036
124.78.155.92 - - [13/Aug/2023:08:51:24 +0800] "POST /xingrg/kc/main/get_notify_info.html HTTP/1.1" 200 112
180.152.241.196 - - [13/Aug/2023:08:51:25 +0800] "GET /xingrg/all/function/internal_message.html?_=1691887884521&CODE_STATE=getMsg HTTP/1.1" 200 27
180.152.241.196 - - [13/Aug/2023:08:51:25 +0800] "GET /xingrg/check_reg.html?_=1691887884522 HTTP/1.1" 200 22
124.78.155.92 - - [13/Aug/2023:08:51:25 +0800] "POST /xingrg/kc/main/get_notify_info.html HTTP/1.1" 200 1361
124.78.155.92 - - [13/Aug/2023:08:51:25 +0800] "GET /xingrg/images/yd/bt.gif HTTP/1.1" 404 1040
101.83.145.37 - - [13/Aug/2023:08:51:26 +0800] "GET /xingrg/kc/buy/cgsh_order_operate.html?command=get_materiel&rest_code=00105&code=00101008219&supplier_code=00100203&order_time=2023-08-13 HTTP/1.1" 200 412
124.78.155.92 - - [13/Aug/2023:08:51:26 +0800] "GET /xingrg/kc/buy/cgsh_order_list.html HTTP/1.1" 200 56077
101.83.145.37 - - [13/Aug/2023:08:51:32 +0800] "GET /xingrg/all/function/internal_message.html?_=1691887894193&CODE_STATE=getMsg HTTP/1.1" 200 27
116.235.241.82 - - [13/Aug/2023:08:51:33 +0800] "POST /xingrg/kc/buy/cgsh_order_operate.html HTTP/1.1" 200 37
124.78.155.92 - - [13/Aug/2023:08:51:35 +0800] "POST /xingrg/kc/buy/cgsh_list_operate.html HTTP/1.1" 200 986
116.232.195.127 - - [13/Aug/2023:08:51:36 +0800] "GET /xingrg/all/function/internal_message.html?_=1691887827247&CODE_STATE=getMsg HTTP/1.1" 200 27
116.232.195.127 - - [13/Aug/2023:08:51:36 +0800] "GET /xingrg/all/function/internal_message.html?_=1691887827768&CODE_STATE=getMsg HTTP/1.1" 200 27
124.78.155.92 - - [13/Aug/2023:08:51:37 +0800] "GET /xingrg/kc/buy/cgsh_order_add.html HTTP/1.1" 200 71859
116.235.241.82 - - [13/Aug/2023:08:51:37 +0800] "POST /xingrg/kc/buy/cgsh_order_operate.html HTTP/1.1" 200 5624
124.78.155.92 - - [13/Aug/2023:08:51:37 +0800] "GET /xingrg/words/20230811145454_words.js HTTP/1.1" 304 -
124.78.155.92 - - [13/Aug/2023:08:51:37 +0800] "POST /xingrg/kc/buy/cgsh_order_operate.html HTTP/1.1" 200 8245
124.78.155.92 - - [13/Aug/2023:08:51:37 +0800] "GET /xingrg/javascript/easyui/themes/default/validatebox.css HTTP/1.1" 404 1104
124.78.155.92 - - [13/Aug/2023:08:51:37 +0800] "GET /xingrg/all/common/auto_word.html?type=employee&rest_code=00106 HTTP/1.1" 200 205
124.78.155.92 - - [13/Aug/2023:08:51:37 +0800] "GET /xingrg/all/common/auto_word.html?type=employee&rest_code=00106 HTTP/1.1" 200 205
101.83.145.37 - - [13/Aug/2023:08:51:38 +0800] "GET /xingrg/all/function/internal_message.html?_=1691887700291&CODE_STATE=getMsg HTTP/1.1" 200 27
101.83.145.37 - - [13/Aug/2023:08:51:38 +0800] "GET /xingrg/check_reg.html?_=1691887700290 HTTP/1.1" 200 22
124.78.155.92 - - [13/Aug/2023:08:51:38 +0800] "GET /xingrg/javascript/easyui/themes/default/tree.css HTTP/1.1" 404 1090
101.83.145.37 - - [13/Aug/2023:08:51:38 +0800] "GET /xingrg/kc/buy/cgsh_order_operate.html?command=get_materiel&rest_code=00105&code=00101008244&supplier_code=00100203&order_time=2023-08-13 HTTP/1.1" 200 408
124.78.155.92 - - [13/Aug/2023:08:51:39 +0800] "POST /xingrg/all/common/load_tree.html?tree=supplier_tree_json&isDelete=1 HTTP/1.1" 200 74790
116.235.241.82 - - [13/Aug/2023:08:51:47 +0800] "GET /xingrg/kc/buy/cgsh_order_operate.html?command=get_materiel&rest_code=00146&code=00101008176&supplier_code=00100005&order_time=2023-08-13 HTTP/1.1" 200 412
101.83.145.37 - - [13/Aug/2023:08:51:51 +0800] "GET /xingrg/kc/buy/cgsh_order_operate.html?command=get_materiel&rest_code=00105&code=00101008351&supplier_code=00100203&order_time=2023-08-13 HTTP/1.1" 200 408
116.235.241.82 - - [13/Aug/2023:08:51:55 +0800] "GET /xingrg/all/function/internal_message.html?_=1691887915639&CODE_STATE=getMsg HTTP/1.1" 200 27
222.70.180.200 - - [13/Aug/2023:08:51:56 +0800] "GET /xingrg/all/function/internal_message.html?_=1691887917119&CODE_STATE=getMsg HTTP/1.1" 200 27
116.238.191.126 - - [13/Aug/2023:08:51:58 +0800] "GET /xingrg/check_reg.html?_=1691887828438 HTTP/1.1" 200 22
180.163.29.234 - - [13/Aug/2023:08:52:04 +0800] "GET /xingrg/login.html HTTP/1.1" 200 7641
101.83.145.37 - - [13/Aug/2023:08:52:05 +0800] "GET /xingrg/kc/buy/cgsh_order_operate.html?command=get_materiel&rest_code=00105&code=00101008403&supplier_code=00100203&order_time=2023-08-13 HTTP/1.1" 200 412
124.79.243.110 - - [13/Aug/2023:08:52:09 +0800] "GET /xingrg/all/function/internal_message.html?_=1691887925526&CODE_STATE=getMsg HTTP/1.1" 200 27
180.163.30.100 - - [13/Aug/2023:08:52:13 +0800] "GET /xingrg/all/function/internal_message.html?_=1691887868720&CODE_STATE=count HTTP/1.1" 302 -
180.163.30.100 - - [13/Aug/2023:08:52:13 +0800] "GET /xingrg/login.html HTTP/1.1" 200 7641
124.78.155.92 - - [13/Aug/2023:08:52:13 +0800] "GET /xingrg/all/function/internal_message.html?_=1691887928733&CODE_STATE=getMsg HTTP/1.1" 200 27
116.235.241.82 - - [13/Aug/2023:08:52:14 +0800] "GET /xingrg/kc/buy/cgsh_order_operate.html?command=get_materiel&rest_code=00146&code=00101008244&supplier_code=00100005&order_time=2023-08-13 HTTP/1.1" 200 408
101.83.145.37 - - [13/Aug/2023:08:52:15 +0800] "GET /xingrg/kc/buy/cgsh_order_operate.html?command=get_materiel&rest_code=00105&code=00101008283&supplier_code=00100203&order_time=2023-08-13 HTTP/1.1" 200 408
116.238.191.126 - - [13/Aug/2023:08:52:15 +0800] "GET /xingrg/all/function/internal_message.html?_=1691887845114&CODE_STATE=getMsg HTTP/1.1" 200 27
116.232.195.127 - - [13/Aug/2023:08:52:19 +0800] "GET /xingrg/check_reg.html?_=1691887870722 HTTP/1.1" 200 22
116.238.191.126 - - [13/Aug/2023:08:52:20 +0800] "GET /xingrg/all/function/internal_message.html?_=1691887938758&CODE_STATE=getMsg HTTP/1.1" 200 27
120.253.135.82 - - [13/Aug/2023:08:52:23 +0800] "GET /xingrg/all/function/internal_message.html?_=1691888084338&CODE_STATE=getMsg HTTP/1.1" 200 27
180.163.28.143 - - [13/Aug/2023:08:52:24 +0800] "GET /xingrg/kc/main_page.html HTTP/1.1" 302 -
180.163.28.143 - - [13/Aug/2023:08:52:24 +0800] "GET /xingrg/login.html HTTP/1.1" 200 7641
180.152.241.196 - - [13/Aug/2023:08:52:25 +0800] "GET /xingrg/all/function/internal_message.html?_=1691887944510&CODE_STATE=getMsg HTTP/1.1" 200 27
180.163.29.217 - - [13/Aug/2023:08:52:26 +0800] "GET /xingrg/kc/buy/cgsh_order_list.html HTTP/1.1" 302 -
180.163.29.217 - - [13/Aug/2023:08:52:26 +0800] "GET /xingrg/login.html HTTP/1.1" 200 7641
101.83.145.37 - - [13/Aug/2023:08:52:27 +0800] "GET /xingrg/kc/buy/cgsh_order_operate.html?command=get_materiel&rest_code=00105&code=00101008224&supplier_code=00100203&order_time=2023-08-13 HTTP/1.1" 200 416
116.235.241.82 - - [13/Aug/2023:08:52:30 +0800] "GET /xingrg/kc/buy/cgsh_order_operate.html?command=get_materiel&rest_code=00146&code=00101008028&supplier_code=00100005&order_time=2023-08-13 HTTP/1.1" 200 412
101.83.145.37 - - [13/Aug/2023:08:52:32 +0800] "GET /xingrg/all/function/internal_message.html?_=1691887954164&CODE_STATE=getMsg HTTP/1.1" 200 27
180.163.29.217 - - [13/Aug/2023:08:52:36 +0800] "GET /xingrg/kc/buy/cgsh_order_add.html HTTP/1.1" 302 -
180.163.29.217 - - [13/Aug/2023:08:52:36 +0800] "GET /xingrg/login.html HTTP/1.1" 200 7641
116.232.195.127 - - [13/Aug/2023:08:52:36 +0800] "GET /xingrg/all/function/internal_message.html?_=1691887887250&CODE_STATE=getMsg HTTP/1.1" 200 27
116.232.195.127 - - [13/Aug/2023:08:52:36 +0800] "GET /xingrg/all/function/internal_message.html?_=1691887887739&CODE_STATE=getMsg HTTP/1.1" 200 27
180.163.28.114 - - [13/Aug/2023:08:52:37 +0800] "GET /xingrg/all/common/auto_word.html?type=employee&rest_code=00106 HTTP/1.1" 302 -
180.163.28.114 - - [13/Aug/2023:08:52:37 +0800] "GET /xingrg/login.html HTTP/1.1" 200 7641
101.83.145.37 - - [13/Aug/2023:08:52:38 +0800] "GET /xingrg/all/function/internal_message.html?_=1691887760388&CODE_STATE=getMsg HTTP/1.1" 200 27
116.238.191.126 - - [13/Aug/2023:08:52:44 +0800] "GET /xingrg/login.html HTTP/1.1" 200 7641
116.238.191.126 - - [13/Aug/2023:08:52:47 +0800] "GET /favicon.ico HTTP/1.1" 404 -
116.238.191.126 - - [13/Aug/2023:08:52:48 +0800] "POST /xingrg/login.do HTTP/1.1" 302 -
116.238.191.126 - - [13/Aug/2023:08:52:48 +0800] "GET /xingrg/index.html?sysBaseUrl=http%3A%2F%2F180.169.147.146%3A18081%2Fxingrg%2F&costTime=940×tamp=1691887968496 HTTP/1.1" 200 17177
116.238.191.126 - - [13/Aug/2023:08:52:48 +0800] "GET /favicon.ico HTTP/1.1" 404 -
116.238.191.126 - - [13/Aug/2023:08:52:49 +0800] "POST /xingrg/all/common/load_tree.html?tree=area_rest_tree_json&manage=1 HTTP/1.1" 200 476
116.238.191.126 - - [13/Aug/2023:08:52:49 +0800] "GET /xingrg/all/function/internal_message.html?_=1691887967445&CODE_STATE=count HTTP/1.1" 200 11
116.238.191.126 - - [13/Aug/2023:08:52:49 +0800] "GET /xingrg/check_reg.html?_=1691887967447 HTTP/1.1" 200 22
116.238.191.126 - - [13/Aug/2023:08:52:49 +0800] "POST /xingrg/load_menu.html HTTP/1.1" 200 5138
101.83.145.37 - - [13/Aug/2023:08:52:50 +0800] "GET /xingrg/kc/buy/cgsh_order_operate.html?command=get_materiel&rest_code=00105&code=00101008357&supplier_code=00100203&order_time=2023-08-13 HTTP/1.1" 200 408
116.238.191.126 - - [13/Aug/2023:08:52:53 +0800] "POST /xingrg/all/user/operate.html HTTP/1.1" 200 36
116.238.191.126 - - [13/Aug/2023:08:52:53 +0800] "GET /xingrg/index.html?sysBaseUrl=http%3A%2F%2F180.169.147.146%3A18081%2Fxingrg%2F&costTime=940×tamp=1691887968496 HTTP/1.1" 200 17179
116.238.191.126 - - [13/Aug/2023:08:52:54 +0800] "GET /xingrg/javascript/jquery_easy_ui/themes/default/easyui.css HTTP/1.1" 304 -
116.238.191.126 - - [13/Aug/2023:08:52:54 +0800] "GET /xingrg/javascript/jquery_easy_ui/themes/icon.css HTTP/1.1" 304 -
116.238.191.126 - - [13/Aug/2023:08:52:54 +0800] "GET /xingrg/css/form.css HTTP/1.1" 304 -
116.238.191.126 - - [13/Aug/2023:08:52:54 +0800] "GET /xingrg/javascript/jquery-1.4.2.min.js HTTP/1.1" 304 -
116.238.191.126 - - [13/Aug/2023:08:52:54 +0800] "GET /xingrg/javascript/jquery_easy_ui/jquery.easyui.min.js HTTP/1.1" 304 -
116.238.191.126 - - [13/Aug/2023:08:52:54 +0800] "GET /xingrg/javascript/jquery_easy_ui/easyui-lang-zh_CN.js HTTP/1.1" 304 -
116.238.191.126 - - [13/Aug/2023:08:52:54 +0800] "GET /xingrg/javascript/jquery.form.js HTTP/1.1" 304 -
116.238.191.126 - - [13/Aug/2023:08:52:54 +0800] "GET /xingrg/javascript/jquery.utils.js HTTP/1.1" 304 -
116.238.191.126 - - [13/Aug/2023:08:52:54 +0800] "GET /xingrg/javascript/jquery.timers.js HTTP/1.1" 304 -
116.238.191.126 - - [13/Aug/2023:08:52:54 +0800] "GET /xingrg/images/blue/jxLogo.png HTTP/1.1" 304 -
116.238.191.126 - - [13/Aug/2023:08:52:54 +0800] "GET /xingrg/images/blue/navBackgound.jpg HTTP/1.1" 304 -
116.238.191.126 - - [13/Aug/2023:08:52:54 +0800] "GET /xingrg/javascript/jquery_easy_ui/themes/icons/settle_new.png HTTP/1.1" 304 -
116.238.191.126 - - [13/Aug/2023:08:52:54 +0800] "GET /xingrg/all/function/internal_message.html?_=1691887972688&CODE_STATE=count HTTP/1.1" 200 11
116.238.191.126 - - [13/Aug/2023:08:52:54 +0800] "GET /xingrg/check_reg.html?_=1691887972689 HTTP/1.1" 200 22
116.238.191.126 - - [13/Aug/2023:08:52:54 +0800] "GET /xingrg/images/blue/pingpu.png HTTP/1.1" 304 -
116.238.191.126 - - [13/Aug/2023:08:52:54 +0800] "GET /xingrg/javascript/jquery_easy_ui/themes/default/images/tabs_leftarrow.png HTTP/1.1" 304 -
116.238.191.126 - - [13/Aug/2023:08:52:54 +0800] "POST /xingrg/all/common/load_tree.html?tree=area_rest_tree_json&manage=1 HTTP/1.1" 200 476
116.238.191.126 - - [13/Aug/2023:08:52:54 +0800] "POST /xingrg/load_menu.html HTTP/1.1" 200 5138
