180.152.241.196 - - [13/Aug/2023:09:41:25 +0800] "GET /xingrg/check_reg.html?_=1691890884538 HTTP/1.1" 200 22
222.70.180.200 - - [13/Aug/2023:09:41:25 +0800] "GET /xingrg/kc/print/load_data.html?order_code=212023081305119&kc_code=cgsh&condition= HTTP/1.1" 200 1891
222.70.180.200 - - [13/Aug/2023:09:41:28 +0800] "GET /xingrg/all/function/internal_message.html?_=1691890888282&CODE_STATE=getMsg HTTP/1.1" 200 27
222.70.180.200 - - [13/Aug/2023:09:41:28 +0800] "GET /xingrg/check_reg.html?_=1691890888283 HTTP/1.1" 200 22
180.152.241.196 - - [13/Aug/2023:09:41:32 +0800] "GET /xingrg/kc/buy/cgsh_order_operate.html?command=get_materiel&rest_code=00102&code=00101009109&supplier_code=00100022&order_time=2023-08-13 HTTP/1.1" 200 413
116.238.191.126 - - [13/Aug/2023:09:41:35 +0800] "GET /xingrg/all/function/internal_message.html?_=1691890893756&CODE_STATE=getMsg HTTP/1.1" 200 27
116.232.195.127 - - [13/Aug/2023:09:41:35 +0800] "GET /xingrg/all/function/internal_message.html?_=1691890826793&CODE_STATE=getMsg HTTP/1.1" 200 27
101.83.145.37 - - [13/Aug/2023:09:41:38 +0800] "GET /xingrg/all/function/internal_message.html?_=1691890699985&CODE_STATE=getMsg HTTP/1.1" 200 27
222.69.130.30 - - [13/Aug/2023:09:41:38 +0800] "GET /xingrg/all/function/internal_message.html?_=1691891034038&CODE_STATE=getMsg HTTP/1.1" 200 27
101.83.145.37 - - [13/Aug/2023:09:41:38 +0800] "GET /xingrg/check_reg.html?_=1691890700440 HTTP/1.1" 200 22
222.70.180.200 - - [13/Aug/2023:09:41:40 +0800] "GET /xingrg/kc/buy/cgsh_order_add.html HTTP/1.1" 200 71809
222.70.180.200 - - [13/Aug/2023:09:41:40 +0800] "POST /xingrg/kc/buy/cgsh_order_operate.html HTTP/1.1" 200 8245
222.70.180.200 - - [13/Aug/2023:09:41:40 +0800] "GET /xingrg/javascript/easyui/themes/default/validatebox.css HTTP/1.1" 404 1104
222.65.220.241 - - [13/Aug/2023:09:41:42 +0800] "GET /xingrg/kc/buy/cgsh_order_operate.html?command=get_materiel&rest_code=00108&code=00101006178&supplier_code=00100012&order_time=2023-08-13 HTTP/1.1" 200 411
101.83.241.37 - - [13/Aug/2023:09:41:49 +0800] "GET /xingrg/all/function/internal_message.html?_=1691890909837&CODE_STATE=getMsg HTTP/1.1" 200 27
101.83.241.37 - - [13/Aug/2023:09:41:51 +0800] "GET /xingrg/kc/buy/cgsh_order_operate.html?command=get_materiel&rest_code=00149&code=00101006240&supplier_code=00100096&order_time=2023-08-13 HTTP/1.1" 200 424
116.232.195.127 - - [13/Aug/2023:09:41:55 +0800] "POST /xingrg/kc/buy/cgsh_list_operate.html HTTP/1.1" 200 4001
116.238.191.126 - - [13/Aug/2023:09:41:58 +0800] "GET /xingrg/check_reg.html?_=1691890828494 HTTP/1.1" 200 22
180.152.241.196 - - [13/Aug/2023:09:42:00 +0800] "GET /xingrg/javascript/jquery_easy_ui/themes/icons/rest.png HTTP/1.1" 200 695
180.152.241.196 - - [13/Aug/2023:09:42:00 +0800] "GET /xingrg/javascript/jquery_easy_ui/themes/icons/area.png HTTP/1.1" 200 262
222.70.118.201 - - [13/Aug/2023:09:42:08 +0800] "GET /xingrg/all/function/internal_message.html?_=1691890928639&CODE_STATE=getMsg HTTP/1.1" 200 27
101.83.145.37 - - [13/Aug/2023:09:42:08 +0800] "GET /xingrg/all/function/internal_message.html?_=1691890930899&CODE_STATE=getMsg HTTP/1.1" 200 27
180.152.241.196 - - [13/Aug/2023:09:42:09 +0800] "POST /xingrg/kc/buy/cgsh_order_operate.html HTTP/1.1" 200 37
124.79.243.110 - - [13/Aug/2023:09:42:09 +0800] "GET /xingrg/all/function/internal_message.html?_=1691890925508&CODE_STATE=getMsg HTTP/1.1" 200 27
116.235.241.82 - - [13/Aug/2023:09:42:09 +0800] "GET /xingrg/all/function/internal_message.html?_=1691890929874&CODE_STATE=getMsg HTTP/1.1" 200 27
101.83.241.37 - - [13/Aug/2023:09:42:11 +0800] "GET /xingrg/kc/buy/cgsh_order_operate.html?command=get_materiel&rest_code=00149&code=00101006109&supplier_code=00100096&order_time=2023-08-13 HTTP/1.1" 200 411
116.232.195.127 - - [13/Aug/2023:09:42:12 +0800] "GET /xingrg/all/function/internal_message.html?_=1691890863781&CODE_STATE=getMsg HTTP/1.1" 200 27
116.238.191.126 - - [13/Aug/2023:09:42:16 +0800] "GET /xingrg/all/function/internal_message.html?_=1691890846105&CODE_STATE=getMsg HTTP/1.1" 200 27
222.70.180.200 - - [13/Aug/2023:09:42:17 +0800] "GET /xingrg/kc/buy/cgsh_order_operate.html?command=get_materiel&rest_code=00111&code=00101009031&supplier_code=00100037&order_time=2023-08-13 HTTP/1.1" 200 408
180.152.241.196 - - [13/Aug/2023:09:42:18 +0800] "POST /xingrg/kc/buy/cgsh_order_operate.html HTTP/1.1" 200 12
222.65.220.241 - - [13/Aug/2023:09:42:18 +0800] "GET /xingrg/all/function/internal_message.html?_=1691890937402&CODE_STATE=getMsg HTTP/1.1" 200 27
218.81.65.82 - - [13/Aug/2023:09:42:20 +0800] "GET /xingrg/all/function/internal_message.html?_=1691890940535&CODE_STATE=getMsg HTTP/1.1" 200 27
218.81.65.82 - - [13/Aug/2023:09:42:20 +0800] "GET /xingrg/check_reg.html?_=1691890940539 HTTP/1.1" 200 22
180.152.241.196 - - [13/Aug/2023:09:42:20 +0800] "GET /xingrg/kc/buy/cgsh_order_info.html?code=212023081305120 HTTP/1.1" 200 66799
180.152.241.196 - - [13/Aug/2023:09:42:21 +0800] "GET /xingrg/javascript/easyui/themes/default/validatebox.css HTTP/1.1" 404 1104
180.152.241.196 - - [13/Aug/2023:09:42:22 +0800] "GET /xingrg/all/function/internal_message.html?_=1691890942981&CODE_STATE=getMsg HTTP/1.1" 200 27
180.152.241.196 - - [13/Aug/2023:09:42:22 +0800] "POST /xingrg/kc/buy/cgsh_order_operate.html HTTP/1.1" 200 3570
120.253.135.82 - - [13/Aug/2023:09:42:23 +0800] "GET /xingrg/all/function/internal_message.html?_=1691891084568&CODE_STATE=getMsg HTTP/1.1" 200 27
101.83.241.37 - - [13/Aug/2023:09:42:24 +0800] "GET /xingrg/kc/buy/cgsh_order_operate.html?command=get_materiel&rest_code=00149&code=00101006058&supplier_code=00100096&order_time=2023-08-13 HTTP/1.1" 200 414
180.152.241.196 - - [13/Aug/2023:09:42:25 +0800] "GET /xingrg/all/function/internal_message.html?_=1691890944525&CODE_STATE=getMsg HTTP/1.1" 200 27
180.152.241.196 - - [13/Aug/2023:09:42:26 +0800] "GET /xingrg/kc/print/load_data.html?order_code=212023081305120&kc_code=cgsh&condition= HTTP/1.1" 200 1840
222.70.180.200 - - [13/Aug/2023:09:42:28 +0800] "GET /xingrg/all/function/internal_message.html?_=1691890948255&CODE_STATE=getMsg HTTP/1.1" 200 27
180.152.241.196 - - [13/Aug/2023:09:42:31 +0800] "GET /xingrg/kc/buy/cgsh_order_add.html HTTP/1.1" 200 71894
180.152.241.196 - - [13/Aug/2023:09:42:31 +0800] "POST /xingrg/kc/buy/cgsh_order_operate.html HTTP/1.1" 200 8245
180.152.241.196 - - [13/Aug/2023:09:42:31 +0800] "GET /xingrg/javascript/easyui/themes/default/validatebox.css HTTP/1.1" 404 1104
116.238.191.126 - - [13/Aug/2023:09:42:35 +0800] "GET /xingrg/all/function/internal_message.html?_=1691890953755&CODE_STATE=getMsg HTTP/1.1" 200 27
116.232.195.127 - - [13/Aug/2023:09:42:35 +0800] "GET /xingrg/all/function/internal_message.html?_=1691890886770&CODE_STATE=getMsg HTTP/1.1" 200 27
101.83.145.37 - - [13/Aug/2023:09:42:38 +0800] "GET /xingrg/all/function/internal_message.html?_=1691890759988&CODE_STATE=getMsg HTTP/1.1" 200 27
222.69.130.30 - - [13/Aug/2023:09:42:38 +0800] "GET /xingrg/all/function/internal_message.html?_=1691891094051&CODE_STATE=getMsg HTTP/1.1" 200 27
222.69.130.30 - - [13/Aug/2023:09:42:42 +0800] "POST /xingrg/kc/base/wldb_order_operate.html HTTP/1.1" 200 37
222.69.130.30 - - [13/Aug/2023:09:42:43 +0800] "POST /xingrg/kc/base/wldb_order_operate.html HTTP/1.1" 200 6742
222.69.130.30 - - [13/Aug/2023:09:42:44 +0800] "GET /xingrg/kc/base/wldb_order_info.html?code=422023081301365 HTTP/1.1" 200 30519
222.69.130.30 - - [13/Aug/2023:09:42:44 +0800] "GET /xingrg/javascript/easyui/themes/default/validatebox.css HTTP/1.1" 404 1104
222.69.130.30 - - [13/Aug/2023:09:42:45 +0800] "POST /xingrg/kc/base/wldb_order_operate.html HTTP/1.1" 200 6742
101.83.241.37 - - [13/Aug/2023:09:42:46 +0800] "GET /xingrg/kc/buy/cgsh_order_operate.html?command=get_materiel&rest_code=00149&code=00101006057&supplier_code=00100096&order_time=2023-08-13 HTTP/1.1" 200 415
101.83.241.37 - - [13/Aug/2023:09:42:49 +0800] "GET /xingrg/all/function/internal_message.html?_=1691890969806&CODE_STATE=getMsg HTTP/1.1" 200 27
222.69.130.30 - - [13/Aug/2023:09:42:59 +0800] "GET /xingrg/kc/report/report_main.html HTTP/1.1" 200 7340
222.70.180.200 - - [13/Aug/2023:09:43:00 +0800] "GET /xingrg/kc/buy/cgsh_order_operate.html?command=get_materiel&rest_code=00111&code=00101015046&supplier_code=00100037&order_time=2023-08-13 HTTP/1.1" 200 412
222.69.130.30 - - [13/Aug/2023:09:43:00 +0800] "GET /xingrg/kc/base/kc_stocks.html HTTP/1.1" 200 16512
222.69.130.30 - - [13/Aug/2023:09:43:01 +0800] "GET /xingrg/javascript/easyui/themes/default/tree.css HTTP/1.1" 404 1090
222.69.130.30 - - [13/Aug/2023:09:43:01 +0800] "POST /xingrg/all/common/load_tree.html?tree=materiel_sort_tree_json HTTP/1.1" 200 9500
222.70.118.201 - - [13/Aug/2023:09:43:08 +0800] "GET /xingrg/all/function/internal_message.html?_=1691890988639&CODE_STATE=getMsg HTTP/1.1" 200 27
101.83.145.37 - - [13/Aug/2023:09:43:08 +0800] "GET /xingrg/all/function/internal_message.html?_=1691890990900&CODE_STATE=getMsg HTTP/1.1" 200 27
124.79.243.110 - - [13/Aug/2023:09:43:09 +0800] "GET /xingrg/all/function/internal_message.html?_=1691890985512&CODE_STATE=getMsg HTTP/1.1" 200 27
116.235.241.82 - - [13/Aug/2023:09:43:09 +0800] "GET /xingrg/all/function/internal_message.html?_=1691890990012&CODE_STATE=getMsg HTTP/1.1" 200 27
101.83.241.37 - - [13/Aug/2023:09:43:10 +0800] "GET /xingrg/kc/buy/cgsh_order_operate.html?command=get_materiel&rest_code=00149&code=00101006168&supplier_code=00100096&order_time=2023-08-13 HTTP/1.1" 200 423
116.232.195.127 - - [13/Aug/2023:09:43:12 +0800] "GET /xingrg/all/function/internal_message.html?_=1691890923782&CODE_STATE=getMsg HTTP/1.1" 200 27
222.69.130.30 - - [13/Aug/2023:09:43:14 +0800] "POST /xingrg/kc/base/stock_operate.html HTTP/1.1" 200 1465
116.238.191.126 - - [13/Aug/2023:09:43:16 +0800] "GET /xingrg/all/function/internal_message.html?_=1691890906119&CODE_STATE=getMsg HTTP/1.1" 200 27
222.65.220.241 - - [13/Aug/2023:09:43:18 +0800] "GET /xingrg/all/function/internal_message.html?_=1691890997404&CODE_STATE=getMsg HTTP/1.1" 200 27
218.81.65.82 - - [13/Aug/2023:09:43:20 +0800] "GET /xingrg/all/function/internal_message.html?_=1691891000537&CODE_STATE=getMsg HTTP/1.1" 200 27
222.70.180.200 - - [13/Aug/2023:09:43:21 +0800] "GET /xingrg/kc/buy/cgsh_order_operate.html?command=get_materiel&rest_code=00111&code=00101008704&supplier_code=00100037&order_time=2023-08-13 HTTP/1.1" 200 409
180.152.241.196 - - [13/Aug/2023:09:43:22 +0800] "GET /xingrg/all/function/internal_message.html?_=1691891002972&CODE_STATE=getMsg HTTP/1.1" 200 27
120.253.135.82 - - [13/Aug/2023:09:43:23 +0800] "GET /xingrg/all/function/internal_message.html?_=1691891144574&CODE_STATE=getMsg HTTP/1.1" 200 27
222.69.130.30 - - [13/Aug/2023:09:43:24 +0800] "GET /xingrg/kc/base/stock_detail.html?m=00101029108 HTTP/1.1" 200 6531
180.152.241.196 - - [13/Aug/2023:09:43:25 +0800] "GET /xingrg/all/function/internal_message.html?_=1691891004522&CODE_STATE=getMsg HTTP/1.1" 200 27
101.83.241.37 - - [13/Aug/2023:09:43:26 +0800] "GET /xingrg/kc/buy/cgsh_order_operate.html?command=get_materiel&rest_code=00149&code=00101006062&supplier_code=00100096&order_time=2023-08-13 HTTP/1.1" 200 411
222.70.180.200 - - [13/Aug/2023:09:43:27 +0800] "GET /xingrg/all/function/internal_message.html?_=1691891008249&CODE_STATE=getMsg HTTP/1.1" 200 27
222.69.130.30 - - [13/Aug/2023:09:43:28 +0800] "GET /xingrg/kc/base/stock_operate.html?_=1691891144159&command=get_report_file&start_day=20230801 HTTP/1.1" 200 53
222.69.130.30 - - [13/Aug/2023:09:43:28 +0800] "GET /xingrg/all/report/report_query.html?isQuery=1&onlyBody=1&rh=2000&fileName=kc/base/kc_stock_detail_new.xml&queryString=(1=1)&queryText=&tableQueryString=init_table$sp1$$sp$crk_table$sp1$order_day%20between%2020230801%20and%2020230831&varString=start_day:20230801,materiel_code:00101029108,cost_id:4509,end_date:20230731 HTTP/1.1" 200 48701
222.69.130.30 - - [13/Aug/2023:09:43:28 +0800] "GET /xingrg/dwr/interface/AjaxReportQueryService.js HTTP/1.1" 200 13203
222.69.130.30 - - [13/Aug/2023:09:43:28 +0800] "GET /xingrg/dwr/engine.js HTTP/1.1" 200 43631
222.69.130.30 - - [13/Aug/2023:09:43:30 +0800] "POST /xingrg/all/report/load_report_page.html HTTP/1.1" 200 25160
222.69.130.30 - - [13/Aug/2023:09:43:30 +0800] "GET /xingrg/servlets/image?cache=0.06778591107098775&image=px HTTP/1.1" 200 807
180.152.241.196 - - [13/Aug/2023:09:43:32 +0800] "GET /xingrg/javascript/easyui/themes/default/tree.css HTTP/1.1" 404 1090
180.152.241.196 - - [13/Aug/2023:09:43:33 +0800] "POST /xingrg/all/common/load_tree.html?tree=supplier_tree_json&isDelete=1 HTTP/1.1" 200 74790
116.238.191.126 - - [13/Aug/2023:09:43:35 +0800] "GET /xingrg/all/function/internal_message.html?_=1691891013764&CODE_STATE=getMsg HTTP/1.1" 200 27
116.232.195.127 - - [13/Aug/2023:09:43:35 +0800] "GET /xingrg/all/function/internal_message.html?_=1691890946745&CODE_STATE=getMsg HTTP/1.1" 200 27
101.83.145.37 - - [13/Aug/2023:09:43:38 +0800] "GET /xingrg/all/function/internal_message.html?_=1691890819974&CODE_STATE=getMsg HTTP/1.1" 200 27
222.69.130.30 - - [13/Aug/2023:09:43:38 +0800] "GET /xingrg/check_reg.html?_=1691891154039 HTTP/1.1" 200 22
222.69.130.30 - - [13/Aug/2023:09:43:38 +0800] "GET /xingrg/all/function/internal_message.html?_=1691891154041&CODE_STATE=getMsg HTTP/1.1" 200 27
222.70.180.200 - - [13/Aug/2023:09:43:41 +0800] "GET /xingrg/kc/buy/cgsh_order_operate.html?command=get_materiel&rest_code=00111&code=00101015044&supplier_code=00100037&order_time=2023-08-13 HTTP/1.1" 200 408
101.83.241.37 - - [13/Aug/2023:09:43:43 +0800] "GET /xingrg/kc/buy/cgsh_order_operate.html?command=get_materiel&rest_code=00149&code=00101006039&supplier_code=00100096&order_time=2023-08-13 HTTP/1.1" 200 415
101.83.241.37 - - [13/Aug/2023:09:43:45 +0800] "GET /xingrg/check_reg.html?_=1691891025303 HTTP/1.1" 200 22
101.83.241.37 - - [13/Aug/2023:09:43:49 +0800] "GET /xingrg/all/function/internal_message.html?_=1691891029782&CODE_STATE=getMsg HTTP/1.1" 200 27
101.83.145.37 - - [13/Aug/2023:09:43:53 +0800] "GET /xingrg/kc/buy/cgsh_order_list.html HTTP/1.1" 200 56077
180.152.241.196 - - [13/Aug/2023:09:43:56 +0800] "GET /xingrg/kc/buy/cgsh_order_operate.html?command=get_materiel&rest_code=00102&code=00101015047&supplier_code=00100054&order_time=2023-08-13 HTTP/1.1" 200 410
101.83.145.37 - - [13/Aug/2023:09:44:03 +0800] "POST /xingrg/kc/buy/cgsh_list_operate.html HTTP/1.1" 200 2699
218.81.65.82 - - [13/Aug/2023:09:44:06 +0800] "GET /xingrg/kc/base/wldb_order_list.html HTTP/1.1" 200 19221
218.81.65.82 - - [13/Aug/2023:09:44:07 +0800] "POST /xingrg/kc/base/wldb_list_operate.html HTTP/1.1" 200 5524
222.70.118.201 - - [13/Aug/2023:09:44:08 +0800] "GET /xingrg/all/function/internal_message.html?_=1691891048639&CODE_STATE=getMsg HTTP/1.1" 200 27
101.83.145.37 - - [13/Aug/2023:09:44:09 +0800] "GET /xingrg/all/function/internal_message.html?_=1691891050920&CODE_STATE=getMsg HTTP/1.1" 200 27
124.79.243.110 - - [13/Aug/2023:09:44:09 +0800] "GET /xingrg/all/function/internal_message.html?_=1691891045512&CODE_STATE=getMsg HTTP/1.1" 200 27
116.235.241.82 - - [13/Aug/2023:09:44:10 +0800] "GET /xingrg/all/function/internal_message.html?_=1691891050026&CODE_STATE=getMsg HTTP/1.1" 200 27
180.152.241.196 - - [13/Aug/2023:09:44:11 +0800] "POST /xingrg/kc/buy/cgsh_order_operate.html HTTP/1.1" 200 37
116.232.195.127 - - [13/Aug/2023:09:44:12 +0800] "GET /xingrg/all/function/internal_message.html?_=1691890983774&CODE_STATE=getMsg HTTP/1.1" 200 27
116.238.191.126 - - [13/Aug/2023:09:44:16 +0800] "GET /xingrg/all/function/internal_message.html?_=1691890966152&CODE_STATE=getMsg HTTP/1.1" 200 27
222.65.220.241 - - [13/Aug/2023:09:44:18 +0800] "GET /xingrg/all/function/internal_message.html?_=1691891057404&CODE_STATE=getMsg HTTP/1.1" 200 27
218.81.65.82 - - [13/Aug/2023:09:44:20 +0800] "GET /xingrg/all/function/internal_message.html?_=1691891060549&CODE_STATE=getMsg HTTP/1.1" 200 27
180.152.241.196 - - [13/Aug/2023:09:44:22 +0800] "GET /xingrg/all/function/internal_message.html?_=1691891062949&CODE_STATE=getMsg HTTP/1.1" 200 27
180.152.241.196 - - [13/Aug/2023:09:44:22 +0800] "GET /xingrg/check_reg.html?_=1691891063011 HTTP/1.1" 200 22
222.69.130.30 - - [13/Aug/2023:09:44:22 +0800] "GET /xingrg/kc/base/wldb_order_list.html HTTP/1.1" 200 19221
222.69.130.30 - - [13/Aug/2023:09:44:22 +0800] "POST /xingrg/kc/base/wldb_list_operate.html HTTP/1.1" 200 1781
120.253.135.82 - - [13/Aug/2023:09:44:23 +0800] "GET /xingrg/all/function/internal_message.html?_=1691891204579&CODE_STATE=getMsg HTTP/1.1" 200 27
120.253.135.82 - - [13/Aug/2023:09:44:23 +0800] "GET /xingrg/check_reg.html?_=1691891204580 HTTP/1.1" 200 22
222.69.130.30 - - [13/Aug/2023:09:44:24 +0800] "GET /xingrg/kc/base/wldb_order_add.html HTTP/1.1" 200 30504
180.152.241.196 - - [13/Aug/2023:09:44:25 +0800] "GET /xingrg/all/function/internal_message.html?_=1691891064518&CODE_STATE=getMsg HTTP/1.1" 200 27
222.69.130.30 - - [13/Aug/2023:09:44:25 +0800] "POST /xingrg/kc/base/wldb_order_operate.html HTTP/1.1" 200 6806
222.69.130.30 - - [13/Aug/2023:09:44:25 +0800] "GET /xingrg/javascript/easyui/themes/default/validatebox.css HTTP/1.1" 404 1104
101.83.241.37 - - [13/Aug/2023:09:44:26 +0800] "POST /xingrg/kc/buy/cgsh_order_operate.html HTTP/1.1" 200 37
222.69.130.30 - - [13/Aug/2023:09:44:26 +0800] "POST /xingrg/all/common/load_combo.html?type=base HTTP/1.1" 200 1491
222.70.180.200 - - [13/Aug/2023:09:44:27 +0800] "GET /xingrg/all/function/internal_message.html?_=1691891068249&CODE_STATE=getMsg HTTP/1.1" 200 27
180.152.241.196 - - [13/Aug/2023:09:44:31 +0800] "POST /xingrg/kc/buy/cgsh_order_operate.html HTTP/1.1" 200 12
222.69.130.30 - - [13/Aug/2023:09:44:32 +0800] "GET /xingrg/javascript/auto/indicator.gif HTTP/1.1" 404 1066
116.238.191.126 - - [13/Aug/2023:09:44:35 +0800] "GET /xingrg/all/function/internal_message.html?_=1691891073764&CODE_STATE=getMsg HTTP/1.1" 200 27
116.232.195.127 - - [13/Aug/2023:09:44:35 +0800] "GET /xingrg/all/function/internal_message.html?_=1691891006730&CODE_STATE=getMsg HTTP/1.1" 200 27
101.83.145.37 - - [13/Aug/2023:09:44:38 +0800] "GET /xingrg/all/function/internal_message.html?_=1691890879974&CODE_STATE=getMsg HTTP/1.1" 200 27
222.69.130.30 - - [13/Aug/2023:09:44:38 +0800] "GET /xingrg/all/function/internal_message.html?_=1691891214072&CODE_STATE=getMsg HTTP/1.1" 200 27
101.83.241.37 - - [13/Aug/2023:09:44:43 +0800] "POST /xingrg/kc/buy/cgsh_order_operate.html HTTP/1.1" 200 12
180.152.241.196 - - [13/Aug/2023:09:44:43 +0800] "POST /xingrg/kc/buy/cgsh_order_operate.html HTTP/1.1" 200 78
180.152.241.196 - - [13/Aug/2023:09:44:44 +0800] "GET /xingrg/kc/buy/cgsh_order_info.html?code=212023081305121 HTTP/1.1" 200 66799
101.83.241.37 - - [13/Aug/2023:09:44:46 +0800] "GET /xingrg/kc/buy/cgsh_order_info.html?code=212023081305122 HTTP/1.1" 200 66846
101.83.241.37 - - [13/Aug/2023:09:44:46 +0800] "GET /xingrg/javascript/easyui/themes/default/validatebox.css HTTP/1.1" 404 1104
101.83.241.37 - - [13/Aug/2023:09:44:48 +0800] "POST /xingrg/kc/buy/cgsh_order_operate.html HTTP/1.1" 200 5965
180.152.241.196 - - [13/Aug/2023:09:44:49 +0800] "GET /xingrg/javascript/easyui/themes/default/validatebox.css HTTP/1.1" 404 1104
101.83.241.37 - - [13/Aug/2023:09:44:49 +0800] "GET /xingrg/all/function/internal_message.html?_=1691891089764&CODE_STATE=getMsg HTTP/1.1" 200 27
180.152.241.196 - - [13/Aug/2023:09:44:50 +0800] "POST /xingrg/kc/buy/cgsh_order_operate.html HTTP/1.1" 200 604
222.69.130.30 - - [13/Aug/2023:09:44:52 +0800] "GET /xingrg/kc/base/stock_detail.html?m=00101029108 HTTP/1.1" 200 6531
222.69.130.30 - - [13/Aug/2023:09:44:55 +0800] "GET /xingrg/kc/base/stock_operate.html?_=1691891230469&command=get_report_file&start_day=20230801 HTTP/1.1" 200 53
222.69.130.30 - - [13/Aug/2023:09:44:55 +0800] "GET /xingrg/all/report/report_query.html?isQuery=1&onlyBody=1&rh=2000&fileName=kc/base/kc_stock_detail_new.xml&queryString=(1=1)&queryText=&tableQueryString=init_table$sp1$$sp$crk_table$sp1$order_day%20between%2020230801%20and%2020230831&varString=start_day:20230801,materiel_code:00101029108,cost_id:4509,end_date:20230731 HTTP/1.1" 200 48701
222.69.130.30 - - [13/Aug/2023:09:44:55 +0800] "GET /xingrg/dwr/interface/AjaxReportQueryService.js HTTP/1.1" 200 13203
222.69.130.30 - - [13/Aug/2023:09:44:55 +0800] "GET /xingrg/dwr/engine.js HTTP/1.1" 200 43631
222.69.130.30 - - [13/Aug/2023:09:44:56 +0800] "POST /xingrg/all/report/load_report_page.html HTTP/1.1" 200 25132
222.69.130.30 - - [13/Aug/2023:09:44:56 +0800] "GET /xingrg/servlets/image?cache=0.3452439815173396&image=px HTTP/1.1" 200 807
101.83.241.37 - - [13/Aug/2023:09:45:00 +0800] "GET /xingrg/kc/print/load_data.html?order_code=212023081305122&kc_code=cgsh&condition= HTTP/1.1" 200 2736
222.70.118.201 - - [13/Aug/2023:09:45:08 +0800] "GET /xingrg/all/function/internal_message.html?_=1691891108639&CODE_STATE=getMsg HTTP/1.1" 200 27
222.70.118.201 - - [13/Aug/2023:09:45:08 +0800] "GET /xingrg/check_reg.html?_=1691891108642 HTTP/1.1" 200 22
116.235.241.82 - - [13/Aug/2023:09:45:08 +0800] "GET /xingrg/check_reg.html?_=1691891109166 HTTP/1.1" 200 22
101.83.145.37 - - [13/Aug/2023:09:45:08 +0800] "GET /xingrg/all/function/internal_message.html?_=1691891110915&CODE_STATE=getMsg HTTP/1.1" 200 27
101.83.145.37 - - [13/Aug/2023:09:45:09 +0800] "GET /xingrg/check_reg.html?_=1691891110920 HTTP/1.1" 200 22
124.79.243.110 - - [13/Aug/2023:09:45:09 +0800] "GET /xingrg/all/function/internal_message.html?_=1691891105498&CODE_STATE=getMsg HTTP/1.1" 200 27
116.235.241.82 - - [13/Aug/2023:09:45:10 +0800] "GET /xingrg/all/function/internal_message.html?_=1691891110195&CODE_STATE=getMsg HTTP/1.1" 200 27
116.232.195.127 - - [13/Aug/2023:09:45:12 +0800] "GET /xingrg/all/function/internal_message.html?_=1691891043764&CODE_STATE=getMsg HTTP/1.1" 200 27
180.152.241.196 - - [13/Aug/2023:09:45:13 +0800] "GET /xingrg/kc/print/load_data.html?order_code=212023081305121&kc_code=cgsh&condition= HTTP/1.1" 200 681
116.238.191.126 - - [13/Aug/2023:09:45:16 +0800] "GET /xingrg/all/function/internal_message.html?_=1691891026162&CODE_STATE=getMsg HTTP/1.1" 200 27
222.65.220.241 - - [13/Aug/2023:09:45:18 +0800] "GET /xingrg/all/function/internal_message.html?_=1691891117399&CODE_STATE=getMsg HTTP/1.1" 200 27
222.65.220.241 - - [13/Aug/2023:09:45:18 +0800] "GET /xingrg/check_reg.html?_=1691891117402 HTTP/1.1" 200 22
218.81.65.82 - - [13/Aug/2023:09:45:20 +0800] "GET /xingrg/all/function/internal_message.html?_=1691891120552&CODE_STATE=getMsg HTTP/1.1" 200 27
180.152.241.196 - - [13/Aug/2023:09:45:21 +0800] "GET /xingrg/all/function/internal_message.html?_=1691891122935&CODE_STATE=getMsg HTTP/1.1" 200 27
120.253.135.82 - - [13/Aug/2023:09:45:23 +0800] "GET /xingrg/all/function/internal_message.html?_=1691891264582&CODE_STATE=getMsg HTTP/1.1" 200 27
180.152.241.196 - - [13/Aug/2023:09:45:25 +0800] "GET /xingrg/all/function/internal_message.html?_=1691891124522&CODE_STATE=getMsg HTTP/1.1" 200 27
222.70.180.200 - - [13/Aug/2023:09:45:28 +0800] "GET /xingrg/all/function/internal_message.html?_=1691891128258&CODE_STATE=getMsg HTTP/1.1" 200 27
116.238.191.126 - - [13/Aug/2023:09:45:35 +0800] "GET /xingrg/check_reg.html?_=1691891133762 HTTP/1.1" 200 22
116.238.191.126 - - [13/Aug/2023:09:45:35 +0800] "GET /xingrg/all/function/internal_message.html?_=1691891133766&CODE_STATE=getMsg HTTP/1.1" 200 27
116.232.195.127 - - [13/Aug/2023:09:45:35 +0800] "GET /xingrg/all/function/internal_message.html?_=1691891066704&CODE_STATE=getMsg HTTP/1.1" 200 27
116.232.195.127 - - [13/Aug/2023:09:45:36 +0800] "GET /xingrg/check_reg.html?_=1691891067240 HTTP/1.1" 200 22
218.81.65.82 - - [13/Aug/2023:09:45:37 +0800] "POST /xingrg/kc/base/wldb_list_operate.html HTTP/1.1" 200 4
101.83.145.37 - - [13/Aug/2023:09:45:38 +0800] "GET /xingrg/all/function/internal_message.html?_=1691890939974&CODE_STATE=getMsg HTTP/1.1" 200 27
222.69.130.30 - - [13/Aug/2023:09:45:38 +0800] "GET /xingrg/all/function/internal_message.html?_=1691891274058&CODE_STATE=getMsg HTTP/1.1" 200 27
218.81.65.82 - - [13/Aug/2023:09:45:44 +0800] "POST /xingrg/kc/base/wldb_list_operate.html HTTP/1.1" 200 1774
218.81.65.82 - - [13/Aug/2023:09:45:54 +0800] "POST /xingrg/kc/base/wldb_list_operate.html HTTP/1.1" 200 4
218.81.65.82 - - [13/Aug/2023:09:45:59 +0800] "POST /xingrg/kc/base/wldb_list_operate.html HTTP/1.1" 200 928
218.81.65.82 - - [13/Aug/2023:09:46:01 +0800] "GET /xingrg/kc/base/wldb_order_list.html HTTP/1.1" 200 19221
218.81.65.82 - - [13/Aug/2023:09:46:02 +0800] "POST /xingrg/kc/base/wldb_list_operate.html HTTP/1.1" 200 928
222.70.180.200 - - [13/Aug/2023:09:46:04 +0800] "GET /xingrg/kc/buy/cgsh_order_operate.html?command=get_materiel&rest_code=00111&code=00101019960&supplier_code=00100037&order_time=2023-08-13 HTTP/1.1" 200 418
218.81.65.82 - - [13/Aug/2023:09:46:05 +0800] "GET /xingrg/kc/buy/cgsh_order_list.html HTTP/1.1" 200 56083
218.81.65.82 - - [13/Aug/2023:09:46:08 +0800] "POST /xingrg/kc/buy/cgsh_list_operate.html HTTP/1.1" 200 986
222.70.118.201 - - [13/Aug/2023:09:46:08 +0800] "GET /xingrg/all/function/internal_message.html?_=1691891168643&CODE_STATE=getMsg HTTP/1.1" 200 27
101.83.145.37 - - [13/Aug/2023:09:46:09 +0800] "GET /xingrg/all/function/internal_message.html?_=1691891170905&CODE_STATE=getMsg HTTP/1.1" 200 27
124.79.243.110 - - [13/Aug/2023:09:46:09 +0800] "GET /xingrg/check_reg.html?_=1691891165515 HTTP/1.1" 200 22
124.79.243.110 - - [13/Aug/2023:09:46:09 +0800] "GET /xingrg/all/function/internal_message.html?_=1691891165513&CODE_STATE=getMsg HTTP/1.1" 200 27
116.235.241.82 - - [13/Aug/2023:09:46:10 +0800] "GET /xingrg/all/function/internal_message.html?_=1691891170334&CODE_STATE=getMsg HTTP/1.1" 200 27
116.232.195.127 - - [13/Aug/2023:09:46:12 +0800] "GET /xingrg/check_reg.html?_=1691891103781 HTTP/1.1" 200 22
116.232.195.127 - - [13/Aug/2023:09:46:12 +0800] "GET /xingrg/all/function/internal_message.html?_=1691891103783&CODE_STATE=getMsg HTTP/1.1" 200 27
218.81.65.82 - - [13/Aug/2023:09:46:15 +0800] "GET /xingrg/kc/base/wldb_order_list.html HTTP/1.1" 200 19221
218.81.65.82 - - [13/Aug/2023:09:46:16 +0800] "POST /xingrg/kc/base/wldb_list_operate.html HTTP/1.1" 200 928
116.238.191.126 - - [13/Aug/2023:09:46:16 +0800] "GET /xingrg/all/function/internal_message.html?_=1691891086201&CODE_STATE=getMsg HTTP/1.1" 200 27
120.253.135.82 - - [13/Aug/2023:09:46:16 +0800] "GET /xingrg/check_reg.html?_=1691890995431 HTTP/1.1" 200 22
218.81.65.82 - - [13/Aug/2023:09:46:18 +0800] "GET /xingrg/kc/buy/cgsh_order_list.html HTTP/1.1" 200 56083
222.65.220.241 - - [13/Aug/2023:09:46:18 +0800] "GET /xingrg/all/function/internal_message.html?_=1691891177404&CODE_STATE=getMsg HTTP/1.1" 200 27
218.81.65.82 - - [13/Aug/2023:09:46:20 +0800] "GET /xingrg/all/function/internal_message.html?_=1691891180541&CODE_STATE=getMsg HTTP/1.1" 200 27
218.81.65.82 - - [13/Aug/2023:09:46:21 +0800] "POST /xingrg/kc/buy/cgsh_list_operate.html HTTP/1.1" 200 986
180.152.241.196 - - [13/Aug/2023:09:46:21 +0800] "GET /xingrg/all/function/internal_message.html?_=1691891182919&CODE_STATE=getMsg HTTP/1.1" 200 27
120.253.135.82 - - [13/Aug/2023:09:46:23 +0800] "GET /xingrg/all/function/internal_message.html?_=1691891324587&CODE_STATE=getMsg HTTP/1.1" 200 27
180.152.241.196 - - [13/Aug/2023:09:46:25 +0800] "GET /xingrg/all/function/internal_message.html?_=1691891184524&CODE_STATE=getMsg HTTP/1.1" 200 27
180.152.241.196 - - [13/Aug/2023:09:46:25 +0800] "GET /xingrg/check_reg.html?_=1691891184525 HTTP/1.1" 200 22
222.70.180.200 - - [13/Aug/2023:09:46:28 +0800] "GET /xingrg/all/function/internal_message.html?_=1691891188254&CODE_STATE=getMsg HTTP/1.1" 200 27
222.70.180.200 - - [13/Aug/2023:09:46:28 +0800] "GET /xingrg/check_reg.html?_=1691891188257 HTTP/1.1" 200 22
116.238.191.126 - - [13/Aug/2023:09:46:35 +0800] "GET /xingrg/all/function/internal_message.html?_=1691891193751&CODE_STATE=getMsg HTTP/1.1" 200 27
116.232.195.127 - - [13/Aug/2023:09:46:35 +0800] "GET /xingrg/all/function/internal_message.html?_=1691891126687&CODE_STATE=getMsg HTTP/1.1" 200 27
101.83.145.37 - - [13/Aug/2023:09:46:38 +0800] "GET /xingrg/all/function/internal_message.html?_=1691890999974&CODE_STATE=getMsg HTTP/1.1" 200 27
222.69.130.30 - - [13/Aug/2023:09:46:38 +0800] "GET /xingrg/all/function/internal_message.html?_=1691891334041&CODE_STATE=getMsg HTTP/1.1" 200 27
101.83.145.37 - - [13/Aug/2023:09:46:38 +0800] "GET /xingrg/check_reg.html?_=1691891000413 HTTP/1.1" 200 22
222.70.180.200 - - [13/Aug/2023:09:46:38 +0800] "GET /xingrg/kc/buy/cgsh_order_operate.html?command=get_materiel&rest_code=00111&code=00101009079&supplier_code=00100037&order_time=2023-08-13 HTTP/1.1" 200 409
116.235.241.82 - - [13/Aug/2023:09:46:41 +0800] "POST /xingrg/services/DataTransmitService HTTP/1.1" 200 524
116.235.241.82 - - [13/Aug/2023:09:46:43 +0800] "POST /xingrg/services/DataTransmitService HTTP/1.1" 200 2335
116.235.241.82 - - [13/Aug/2023:09:46:54 +0800] "POST /xingrg/services/DataTransmitService HTTP/1.1" 200 524
116.235.241.82 - - [13/Aug/2023:09:46:55 +0800] "POST /xingrg/services/DataTransmitService HTTP/1.1" 200 412
116.235.241.82 - - [13/Aug/2023:09:46:55 +0800] "POST /xingrg/services/DataTransmitService HTTP/1.1" 200 524
116.235.241.82 - - [13/Aug/2023:09:46:56 +0800] "POST /xingrg/services/DataTransmitService HTTP/1.1" 200 412
116.235.241.82 - - [13/Aug/2023:09:46:57 +0800] "POST /xingrg/services/DataTransmitService HTTP/1.1" 200 524
116.235.241.82 - - [13/Aug/2023:09:46:57 +0800] "POST /xingrg/services/DataTransmitService HTTP/1.1" 200 412
116.238.191.126 - - [13/Aug/2023:09:46:58 +0800] "GET /xingrg/check_reg.html?_=1691891128503 HTTP/1.1" 200 22
116.235.241.82 - - [13/Aug/2023:09:47:00 +0800] "POST /xingrg/services/DataTransmitService HTTP/1.1" 200 524
116.235.241.82 - - [13/Aug/2023:09:47:01 +0800] "POST /xingrg/services/DataTransmitService HTTP/1.1" 200 412
116.235.241.82 - - [13/Aug/2023:09:47:02 +0800] "POST /xingrg/services/DataTransmitService HTTP/1.1" 200 524
116.235.241.82 - - [13/Aug/2023:09:47:02 +0800] "POST /xingrg/services/DataTransmitService HTTP/1.1" 200 412
116.235.241.82 - - [13/Aug/2023:09:47:03 +0800] "POST /xingrg/services/DataTransmitService HTTP/1.1" 200 524
116.235.241.82 - - [13/Aug/2023:09:47:04 +0800] "POST /xingrg/services/DataTransmitService HTTP/1.1" 200 412
116.235.241.82 - - [13/Aug/2023:09:47:07 +0800] "POST /xingrg/services/DataTransmitService HTTP/1.1" 200 524
116.235.241.82 - - [13/Aug/2023:09:47:08 +0800] "POST /xingrg/services/DataTransmitService HTTP/1.1" 200 412
222.70.118.201 - - [13/Aug/2023:09:47:08 +0800] "GET /xingrg/all/function/internal_message.html?_=1691891228642&CODE_STATE=getMsg HTTP/1.1" 200 27
116.235.241.82 - - [13/Aug/2023:09:47:08 +0800] "POST /xingrg/services/DataTransmitService HTTP/1.1" 200 524
101.83.145.37 - - [13/Aug/2023:09:47:08 +0800] "GET /xingrg/all/function/internal_message.html?_=1691891230906&CODE_STATE=getMsg HTTP/1.1" 200 27
116.235.241.82 - - [13/Aug/2023:09:47:09 +0800] "POST /xingrg/services/DataTransmitService HTTP/1.1" 200 412
124.79.243.110 - - [13/Aug/2023:09:47:09 +0800] "GET /xingrg/all/function/internal_message.html?_=1691891225510&CODE_STATE=getMsg HTTP/1.1" 200 27
116.235.241.82 - - [13/Aug/2023:09:47:10 +0800] "GET /xingrg/all/function/internal_message.html?_=1691891230349&CODE_STATE=getMsg HTTP/1.1" 200 27
116.235.241.82 - - [13/Aug/2023:09:47:10 +0800] "POST /xingrg/services/DataTransmitService HTTP/1.1" 200 524
116.235.241.82 - - [13/Aug/2023:09:47:12 +0800] "POST /xingrg/services/DataTransmitService HTTP/1.1" 200 2335
116.232.195.127 - - [13/Aug/2023:09:47:12 +0800] "GET /xingrg/all/function/internal_message.html?_=1691891163779&CODE_STATE=getMsg HTTP/1.1" 200 27
116.238.191.126 - - [13/Aug/2023:09:47:16 +0800] "GET /xingrg/all/function/internal_message.html?_=1691891146204&CODE_STATE=getMsg HTTP/1.1" 200 27
222.65.220.241 - - [13/Aug/2023:09:47:18 +0800] "GET /xingrg/all/function/internal_message.html?_=1691891237396&CODE_STATE=getMsg HTTP/1.1" 200 27
116.235.241.82 - - [13/Aug/2023:09:47:20 +0800] "POST /xingrg/services/DataTransmitService HTTP/1.1" 200 524
180.152.241.196 - - [13/Aug/2023:09:47:21 +0800] "GET /xingrg/all/function/internal_message.html?_=1691891242901&CODE_STATE=getMsg HTTP/1.1" 200 27
120.253.135.82 - - [13/Aug/2023:09:47:23 +0800] "GET /xingrg/all/function/internal_message.html?_=1691891384592&CODE_STATE=getMsg HTTP/1.1" 200 27
180.152.241.196 - - [13/Aug/2023:09:47:25 +0800] "GET /xingrg/all/function/internal_message.html?_=1691891244514&CODE_STATE=getMsg HTTP/1.1" 200 27
222.70.180.200 - - [13/Aug/2023:09:47:27 +0800] "GET /xingrg/kc/buy/cgsh_order_operate.html?command=get_materiel&rest_code=00111&code=00101009118&supplier_code=00100037&order_time=2023-08-13 HTTP/1.1" 200 405
222.70.180.200 - - [13/Aug/2023:09:47:28 +0800] "GET /xingrg/all/function/internal_message.html?_=1691891248250&CODE_STATE=getMsg HTTP/1.1" 200 27
116.235.241.82 - - [13/Aug/2023:09:47:34 +0800] "POST /xingrg/services/DataTransmitService HTTP/1.1" 200 501
116.238.191.126 - - [13/Aug/2023:09:47:35 +0800] "GET /xingrg/all/function/internal_message.html?_=1691891253761&CODE_STATE=getMsg HTTP/1.1" 200 27
116.232.195.127 - - [13/Aug/2023:09:47:35 +0800] "GET /xingrg/all/function/internal_message.html?_=1691891186678&CODE_STATE=getMsg HTTP/1.1" 200 27
116.235.241.82 - - [13/Aug/2023:09:47:36 +0800] "POST /xingrg/services/DataTransmitService HTTP/1.1" 200 524
116.235.241.82 - - [13/Aug/2023:09:47:37 +0800] "POST /xingrg/services/DataTransmitService HTTP/1.1" 200 412
116.235.241.82 - - [13/Aug/2023:09:47:37 +0800] "POST /xingrg/services/DataTransmitService HTTP/1.1" 200 524
101.83.145.37 - - [13/Aug/2023:09:47:38 +0800] "GET /xingrg/all/function/internal_message.html?_=1691891060001&CODE_STATE=getMsg HTTP/1.1" 200 27
116.235.241.82 - - [13/Aug/2023:09:47:38 +0800] "POST /xingrg/services/DataTransmitService HTTP/1.1" 200 412
222.69.130.30 - - [13/Aug/2023:09:47:38 +0800] "GET /xingrg/all/function/internal_message.html?_=1691891394042&CODE_STATE=getMsg HTTP/1.1" 200 27
116.235.241.82 - - [13/Aug/2023:09:47:39 +0800] "POST /xingrg/services/DataTransmitService HTTP/1.1" 200 524
116.235.241.82 - - [13/Aug/2023:09:47:39 +0800] "POST /xingrg/services/DataTransmitService HTTP/1.1" 200 412
116.235.241.82 - - [13/Aug/2023:09:47:44 +0800] "POST /xingrg/services/DataTransmitService HTTP/1.1" 200 524
116.235.241.82 - - [13/Aug/2023:09:47:45 +0800] "POST /xingrg/services/DataTransmitService HTTP/1.1" 200 2335
101.83.145.37 - - [13/Aug/2023:09:48:03 +0800] "POST /xingrg/services/DataTransmitService HTTP/1.1" 200 524
101.83.145.37 - - [13/Aug/2023:09:48:04 +0800] "POST /xingrg/services/DataTransmitService HTTP/1.1" 200 2315
116.235.241.82 - - [13/Aug/2023:09:48:07 +0800] "POST /xingrg/services/DataTransmitService HTTP/1.1" 200 524
222.70.118.201 - - [13/Aug/2023:09:48:08 +0800] "GET /xingrg/all/function/internal_message.html?_=1691891288642&CODE_STATE=getMsg HTTP/1.1" 200 27
101.83.145.37 - - [13/Aug/2023:09:48:08 +0800] "GET /xingrg/all/function/internal_message.html?_=1691891290909&CODE_STATE=getMsg HTTP/1.1" 200 27
116.235.241.82 - - [13/Aug/2023:09:48:09 +0800] "POST /xingrg/services/DataTransmitService HTTP/1.1" 200 2335
124.79.243.110 - - [13/Aug/2023:09:48:09 +0800] "GET /xingrg/all/function/internal_message.html?_=1691891285520&CODE_STATE=getMsg HTTP/1.1" 200 27
116.235.241.82 - - [13/Aug/2023:09:48:10 +0800] "GET /xingrg/all/function/internal_message.html?_=1691891290551&CODE_STATE=getMsg HTTP/1.1" 200 27
116.232.195.127 - - [13/Aug/2023:09:48:12 +0800] "GET /xingrg/all/function/internal_message.html?_=1691891223771&CODE_STATE=getMsg HTTP/1.1" 200 27
116.238.191.126 - - [13/Aug/2023:09:48:16 +0800] "GET /xingrg/all/function/internal_message.html?_=1691891206218&CODE_STATE=getMsg HTTP/1.1" 200 27
116.235.241.82 - - [13/Aug/2023:09:48:17 +0800] "POST /xingrg/services/DataTransmitService HTTP/1.1" 200 524
222.65.220.241 - - [13/Aug/2023:09:48:18 +0800] "GET /xingrg/all/function/internal_message.html?_=1691891297413&CODE_STATE=getMsg HTTP/1.1" 200 27
180.152.241.196 - - [13/Aug/2023:09:48:21 +0800] "GET /xingrg/all/function/internal_message.html?_=1691891302899&CODE_STATE=getMsg HTTP/1.1" 200 27
120.253.135.82 - - [13/Aug/2023:09:48:23 +0800] "GET /xingrg/all/function/internal_message.html?_=1691891444596&CODE_STATE=getMsg HTTP/1.1" 200 27
180.152.241.196 - - [13/Aug/2023:09:48:25 +0800] "GET /xingrg/all/function/internal_message.html?_=1691891304526&CODE_STATE=getMsg HTTP/1.1" 200 27
222.70.180.200 - - [13/Aug/2023:09:48:28 +0800] "GET /xingrg/all/function/internal_message.html?_=1691891308259&CODE_STATE=getMsg HTTP/1.1" 200 27
180.152.241.196 - - [13/Aug/2023:09:48:29 +0800] "GET /xingrg/kc/buy/cgsh_order_add.html HTTP/1.1" 200 71894
180.152.241.196 - - [13/Aug/2023:09:48:29 +0800] "POST /xingrg/kc/buy/cgsh_order_operate.html HTTP/1.1" 200 8245
180.152.241.196 - - [13/Aug/2023:09:48:29 +0800] "GET /xingrg/javascript/easyui/themes/default/validatebox.css HTTP/1.1" 404 1104
116.238.191.126 - - [13/Aug/2023:09:48:35 +0800] "GET /xingrg/all/function/internal_message.html?_=1691891313759&CODE_STATE=getMsg HTTP/1.1" 200 27
116.232.195.127 - - [13/Aug/2023:09:48:35 +0800] "GET /xingrg/all/function/internal_message.html?_=1691891246666&CODE_STATE=getMsg HTTP/1.1" 200 27
101.83.145.37 - - [13/Aug/2023:09:48:38 +0800] "GET /xingrg/all/function/internal_message.html?_=1691891120000&CODE_STATE=getMsg HTTP/1.1" 200 27
222.69.130.30 - - [13/Aug/2023:09:48:38 +0800] "GET /xingrg/check_reg.html?_=1691891454040 HTTP/1.1" 200 22
222.69.130.30 - - [13/Aug/2023:09:48:38 +0800] "GET /xingrg/all/function/internal_message.html?_=1691891454041&CODE_STATE=getMsg HTTP/1.1" 200 27
222.70.118.201 - - [13/Aug/2023:09:49:08 +0800] "GET /xingrg/all/function/internal_message.html?_=1691891348641&CODE_STATE=getMsg HTTP/1.1" 200 27
101.83.145.37 - - [13/Aug/2023:09:49:08 +0800] "GET /xingrg/all/function/internal_message.html?_=1691891350910&CODE_STATE=getMsg HTTP/1.1" 200 27
124.79.243.110 - - [13/Aug/2023:09:49:09 +0800] "GET /xingrg/all/function/internal_message.html?_=1691891345515&CODE_STATE=getMsg HTTP/1.1" 200 27
116.235.241.82 - - [13/Aug/2023:09:49:10 +0800] "GET /xingrg/all/function/internal_message.html?_=1691891350563&CODE_STATE=getMsg HTTP/1.1" 200 27
116.232.195.127 - - [13/Aug/2023:09:49:12 +0800] "GET /xingrg/all/function/internal_message.html?_=1691891283768&CODE_STATE=getMsg HTTP/1.1" 200 27
116.238.191.126 - - [13/Aug/2023:09:49:16 +0800] "GET /xingrg/all/function/internal_message.html?_=1691891266251&CODE_STATE=getMsg HTTP/1.1" 200 27
222.65.220.241 - - [13/Aug/2023:09:49:18 +0800] "GET /xingrg/all/function/internal_message.html?_=1691891357402&CODE_STATE=getMsg HTTP/1.1" 200 27
180.152.241.196 - - [13/Aug/2023:09:49:21 +0800] "GET /xingrg/all/function/internal_message.html?_=1691891362878&CODE_STATE=getMsg HTTP/1.1" 200 27
180.152.241.196 - - [13/Aug/2023:09:49:22 +0800] "GET /xingrg/check_reg.html?_=1691891362992 HTTP/1.1" 200 22
101.83.145.37 - - [13/Aug/2023:09:49:23 +0800] "GET /xingrg/index.html?sysBaseUrl=http%3A%2F%2F180.169.147.146%3A18081%2Fxingrg%2F&costTime=35×tamp=1585363447539 HTTP/1.1" 302 -
101.83.145.37 - - [13/Aug/2023:09:49:23 +0800] "GET /xingrg/login.html HTTP/1.1" 200 7641
120.253.135.82 - - [13/Aug/2023:09:49:23 +0800] "GET /xingrg/all/function/internal_message.html?_=1691891504601&CODE_STATE=getMsg HTTP/1.1" 200 27
120.253.135.82 - - [13/Aug/2023:09:49:23 +0800] "GET /xingrg/check_reg.html?_=1691891504603 HTTP/1.1" 200 22
180.152.241.196 - - [13/Aug/2023:09:49:25 +0800] "GET /xingrg/all/function/internal_message.html?_=1691891364518&CODE_STATE=getMsg HTTP/1.1" 200 27
101.83.145.37 - - [13/Aug/2023:09:49:26 +0800] "GET /xingrg/images/blue/jxLogo.png HTTP/1.1" 200 6156
222.70.180.200 - - [13/Aug/2023:09:49:28 +0800] "GET /xingrg/all/function/internal_message.html?_=1691891368257&CODE_STATE=getMsg HTTP/1.1" 200 27
180.152.241.196 - - [13/Aug/2023:09:49:28 +0800] "GET /xingrg/javascript/easyui/themes/default/tree.css HTTP/1.1" 404 1090
180.152.241.196 - - [13/Aug/2023:09:49:28 +0800] "POST /xingrg/all/common/load_tree.html?tree=supplier_tree_json&isDelete=1 HTTP/1.1" 200 74790
101.83.145.37 - - [13/Aug/2023:09:49:29 +0800] "GET /xingrg/images/blue/login_bg.png HTTP/1.1" 200 22101
101.83.145.37 - - [13/Aug/2023:09:49:29 +0800] "GET /xingrg/images/blue/hj.png HTTP/1.1" 200 1014
101.83.145.37 - - [13/Aug/2023:09:49:29 +0800] "GET /xingrg/images/blue/srbg.png HTTP/1.1" 200 138
101.83.145.37 - - [13/Aug/2023:09:49:32 +0800] "GET /favicon.ico HTTP/1.1" 404 -
116.238.191.126 - - [13/Aug/2023:09:49:35 +0800] "GET /xingrg/all/function/internal_message.html?_=1691891373805&CODE_STATE=getMsg HTTP/1.1" 200 27
116.232.195.127 - - [13/Aug/2023:09:49:35 +0800] "GET /xingrg/all/function/internal_message.html?_=1691891306645&CODE_STATE=getMsg HTTP/1.1" 200 27
101.83.145.37 - - [13/Aug/2023:09:49:38 +0800] "GET /xingrg/all/function/internal_message.html?_=1691891180001&CODE_STATE=getMsg HTTP/1.1" 200 27
222.69.130.30 - - [13/Aug/2023:09:49:38 +0800] "GET /xingrg/all/function/internal_message.html?_=1691891514028&CODE_STATE=getMsg HTTP/1.1" 200 27
116.235.241.82 - - [13/Aug/2023:09:49:38 +0800] "POST /xingrg/services/DataTransmitService HTTP/1.1" 200 501
116.235.241.82 - - [13/Aug/2023:09:49:41 +0800] "POST /xingrg/services/DataTransmitService HTTP/1.1" 200 501
222.70.118.201 - - [13/Aug/2023:09:50:08 +0800] "GET /xingrg/all/function/internal_message.html?_=1691891408668&CODE_STATE=getMsg HTTP/1.1" 200 27
222.70.118.201 - - [13/Aug/2023:09:50:08 +0800] "GET /xingrg/check_reg.html?_=1691891408671 HTTP/1.1" 200 22
101.83.145.37 - - [13/Aug/2023:09:50:09 +0800] "GET /xingrg/all/function/internal_message.html?_=1691891410912&CODE_STATE=getMsg HTTP/1.1" 200 27
101.83.145.37 - - [13/Aug/2023:09:50:09 +0800] "GET /xingrg/check_reg.html?_=1691891410916 HTTP/1.1" 200 22
116.235.241.82 - - [13/Aug/2023:09:50:09 +0800] "GET /xingrg/check_reg.html?_=1691891409370 HTTP/1.1" 200 22
124.79.243.110 - - [13/Aug/2023:09:50:09 +0800] "GET /xingrg/all/function/internal_message.html?_=1691891405512&CODE_STATE=getMsg HTTP/1.1" 200 27
116.235.241.82 - - [13/Aug/2023:09:50:10 +0800] "GET /xingrg/all/function/internal_message.html?_=1691891410575&CODE_STATE=getMsg HTTP/1.1" 200 27
116.235.241.82 - - [13/Aug/2023:09:50:11 +0800] "POST /xingrg/services/DataTransmitService HTTP/1.1" 200 501
116.232.195.127 - - [13/Aug/2023:09:50:12 +0800] "GET /xingrg/all/function/internal_message.html?_=1691891343766&CODE_STATE=getMsg HTTP/1.1" 200 27
116.238.191.126 - - [13/Aug/2023:09:50:16 +0800] "GET /xingrg/all/function/internal_message.html?_=1691891326260&CODE_STATE=getMsg HTTP/1.1" 200 27
222.65.220.241 - - [13/Aug/2023:09:50:18 +0800] "GET /xingrg/check_reg.html?_=1691891417404 HTTP/1.1" 200 22
222.65.220.241 - - [13/Aug/2023:09:50:18 +0800] "GET /xingrg/all/function/internal_message.html?_=1691891417404&CODE_STATE=getMsg HTTP/1.1" 200 27
180.152.241.196 - - [13/Aug/2023:09:50:21 +0800] "GET /xingrg/all/function/internal_message.html?_=1691891422868&CODE_STATE=getMsg HTTP/1.1" 200 27
120.253.135.82 - - [13/Aug/2023:09:50:23 +0800] "GET /xingrg/all/function/internal_message.html?_=1691891564607&CODE_STATE=getMsg HTTP/1.1" 200 27
180.152.241.196 - - [13/Aug/2023:09:50:25 +0800] "GET /xingrg/all/function/internal_message.html?_=1691891424523&CODE_STATE=getMsg HTTP/1.1" 200 27
222.70.180.200 - - [13/Aug/2023:09:50:28 +0800] "GET /xingrg/all/function/internal_message.html?_=1691891428261&CODE_STATE=getMsg HTTP/1.1" 200 27
116.238.191.126 - - [13/Aug/2023:09:50:35 +0800] "GET /xingrg/check_reg.html?_=1691891433797 HTTP/1.1" 200 22
116.238.191.126 - - [13/Aug/2023:09:50:35 +0800] "GET /xingrg/all/function/internal_message.html?_=1691891433823&CODE_STATE=getMsg HTTP/1.1" 200 27
116.232.195.127 - - [13/Aug/2023:09:50:35 +0800] "GET /xingrg/all/function/internal_message.html?_=1691891366638&CODE_STATE=getMsg HTTP/1.1" 200 27
116.232.195.127 - - [13/Aug/2023:09:50:36 +0800] "GET /xingrg/check_reg.html?_=1691891367241 HTTP/1.1" 200 22
101.83.145.37 - - [13/Aug/2023:09:50:38 +0800] "GET /xingrg/all/function/internal_message.html?_=1691891240002&CODE_STATE=getMsg HTTP/1.1" 200 27
222.69.130.30 - - [13/Aug/2023:09:50:38 +0800] "GET /xingrg/all/function/internal_message.html?_=1691891574027&CODE_STATE=getMsg HTTP/1.1" 200 27
116.235.241.82 - - [13/Aug/2023:09:50:44 +0800] "POST /xingrg/services/DataTransmitService HTTP/1.1" 200 501
116.235.241.82 - - [13/Aug/2023:09:50:46 +0800] "POST /xingrg/services/DataTransmitService HTTP/1.1" 200 501
116.235.241.82 - - [13/Aug/2023:09:50:47 +0800] "POST /xingrg/services/DataTransmitService HTTP/1.1" 200 501
116.235.241.82 - - [13/Aug/2023:09:50:59 +0800] "POST /xingrg/services/DataTransmitService HTTP/1.1" 200 501
116.235.241.82 - - [13/Aug/2023:09:51:02 +0800] "POST /xingrg/services/DataTransmitService HTTP/1.1" 200 501
116.235.241.82 - - [13/Aug/2023:09:51:05 +0800] "POST /xingrg/services/DataTransmitService HTTP/1.1" 200 501
116.235.241.82 - - [13/Aug/2023:09:51:07 +0800] "POST /xingrg/services/DataTransmitService HTTP/1.1" 200 412
222.70.118.201 - - [13/Aug/2023:09:51:08 +0800] "GET /xingrg/all/function/internal_message.html?_=1691891468668&CODE_STATE=getMsg HTTP/1.1" 200 27
101.83.145.37 - - [13/Aug/2023:09:51:09 +0800] "GET /xingrg/all/function/internal_message.html?_=1691891470916&CODE_STATE=getMsg HTTP/1.1" 200 27
124.79.243.110 - - [13/Aug/2023:09:51:09 +0800] "GET /xingrg/check_reg.html?_=1691891465520 HTTP/1.1" 200 22
124.79.243.110 - - [13/Aug/2023:09:51:09 +0800] "GET /xingrg/all/function/internal_message.html?_=1691891465516&CODE_STATE=getMsg HTTP/1.1" 200 27
116.235.241.82 - - [13/Aug/2023:09:51:10 +0800] "GET /xingrg/all/function/internal_message.html?_=1691891470589&CODE_STATE=getMsg HTTP/1.1" 200 27
116.232.195.127 - - [13/Aug/2023:09:51:12 +0800] "GET /xingrg/all/function/internal_message.html?_=1691891403767&CODE_STATE=getMsg HTTP/1.1" 200 27
116.232.195.127 - - [13/Aug/2023:09:51:12 +0800] "GET /xingrg/check_reg.html?_=1691891403781 HTTP/1.1" 200 22
116.238.191.126 - - [13/Aug/2023:09:51:16 +0800] "GET /xingrg/all/function/internal_message.html?_=1691891386297&CODE_STATE=getMsg HTTP/1.1" 200 27
120.253.135.82 - - [13/Aug/2023:09:51:17 +0800] "GET /xingrg/check_reg.html?_=1691891295435 HTTP/1.1" 200 22
222.65.220.241 - - [13/Aug/2023:09:51:18 +0800] "GET /xingrg/all/function/internal_message.html?_=1691891477394&CODE_STATE=getMsg HTTP/1.1" 200 27
180.152.241.196 - - [13/Aug/2023:09:51:21 +0800] "GET /xingrg/all/function/internal_message.html?_=1691891482843&CODE_STATE=getMsg HTTP/1.1" 200 27
120.253.135.82 - - [13/Aug/2023:09:51:23 +0800] "GET /xingrg/all/function/internal_message.html?_=1691891624610&CODE_STATE=getMsg HTTP/1.1" 200 27
180.152.241.196 - - [13/Aug/2023:09:51:25 +0800] "GET /xingrg/all/function/internal_message.html?_=1691891484521&CODE_STATE=getMsg HTTP/1.1" 200 27
180.152.241.196 - - [13/Aug/2023:09:51:25 +0800] "GET /xingrg/check_reg.html?_=1691891484522 HTTP/1.1" 200 22
222.70.180.200 - - [13/Aug/2023:09:51:28 +0800] "GET /xingrg/check_reg.html?_=1691891488253 HTTP/1.1" 200 22
222.70.180.200 - - [13/Aug/2023:09:51:28 +0800] "GET /xingrg/all/function/internal_message.html?_=1691891488256&CODE_STATE=getMsg HTTP/1.1" 200 27
116.238.191.126 - - [13/Aug/2023:09:51:35 +0800] "GET /xingrg/all/function/internal_message.html?_=1691891493798&CODE_STATE=getMsg HTTP/1.1" 200 27
116.232.195.127 - - [13/Aug/2023:09:51:35 +0800] "GET /xingrg/all/function/internal_message.html?_=1691891426626&CODE_STATE=getMsg HTTP/1.1" 200 27
101.83.145.37 - - [13/Aug/2023:09:51:38 +0800] "GET /xingrg/all/function/internal_message.html?_=1691891300003&CODE_STATE=getMsg HTTP/1.1" 200 27
222.69.130.30 - - [13/Aug/2023:09:51:38 +0800] "GET /xingrg/all/function/internal_message.html?_=1691891634026&CODE_STATE=getMsg HTTP/1.1" 200 27
101.83.145.37 - - [13/Aug/2023:09:51:38 +0800] "GET /xingrg/check_reg.html?_=1691891300412 HTTP/1.1" 200 22
116.238.191.126 - - [13/Aug/2023:09:51:58 +0800] "GET /xingrg/check_reg.html?_=1691891428503 HTTP/1.1" 200 22
222.70.118.201 - - [13/Aug/2023:09:52:08 +0800] "GET /xingrg/all/function/internal_message.html?_=1691891528667&CODE_STATE=getMsg HTTP/1.1" 200 27
101.83.145.37 - - [13/Aug/2023:09:52:09 +0800] "GET /xingrg/all/function/internal_message.html?_=1691891530918&CODE_STATE=getMsg HTTP/1.1" 200 27
124.79.243.110 - - [13/Aug/2023:09:52:09 +0800] "GET /xingrg/all/function/internal_message.html?_=1691891525509&CODE_STATE=getMsg HTTP/1.1" 200 27
116.235.241.82 - - [13/Aug/2023:09:52:10 +0800] "GET /xingrg/all/function/internal_message.html?_=1691891530604&CODE_STATE=getMsg HTTP/1.1" 200 27
116.232.195.127 - - [13/Aug/2023:09:52:12 +0800] "GET /xingrg/all/function/internal_message.html?_=1691891463771&CODE_STATE=getMsg HTTP/1.1" 200 27
116.238.191.126 - - [13/Aug/2023:09:52:16 +0800] "GET /xingrg/all/function/internal_message.html?_=1691891446303&CODE_STATE=getMsg HTTP/1.1" 200 27
222.65.220.241 - - [13/Aug/2023:09:52:18 +0800] "GET /xingrg/all/function/internal_message.html?_=1691891537409&CODE_STATE=getMsg HTTP/1.1" 200 27
180.152.241.196 - - [13/Aug/2023:09:52:21 +0800] "GET /xingrg/all/function/internal_message.html?_=1691891542813&CODE_STATE=getMsg HTTP/1.1" 200 27
180.152.241.196 - - [13/Aug/2023:09:52:25 +0800] "GET /xingrg/all/function/internal_message.html?_=1691891544519&CODE_STATE=getMsg HTTP/1.1" 200 27
116.238.191.126 - - [13/Aug/2023:09:52:27 +0800] "POST /xingrg/kc/buy/cgsh_order_operate.html HTTP/1.1" 200 37
222.70.180.200 - - [13/Aug/2023:09:52:28 +0800] "GET /xingrg/all/function/internal_message.html?_=1691891548250&CODE_STATE=getMsg HTTP/1.1" 200 27
116.238.191.126 - - [13/Aug/2023:09:52:35 +0800] "GET /xingrg/all/function/internal_message.html?_=1691891553792&CODE_STATE=getMsg HTTP/1.1" 200 27
116.232.195.127 - - [13/Aug/2023:09:52:35 +0800] "GET /xingrg/all/function/internal_message.html?_=1691891486611&CODE_STATE=getMsg HTTP/1.1" 200 27
101.83.145.37 - - [13/Aug/2023:09:52:38 +0800] "GET /xingrg/all/function/internal_message.html?_=1691891360007&CODE_STATE=getMsg HTTP/1.1" 200 27
