116.238.191.126 - - [13/Aug/2023:10:56:30 +0800] "GET /xingrg/all/function/internal_message.html?_=1691895388534&CODE_STATE=getMsg HTTP/1.1" 200 27
116.238.191.126 - - [13/Aug/2023:10:56:30 +0800] "GET /xingrg/check_reg.html?_=1691895388536 HTTP/1.1" 200 22
124.78.155.92 - - [13/Aug/2023:10:56:31 +0800] "GET /xingrg/kc/base/wldb_order_list.html HTTP/1.1" 200 19215
124.79.243.110 - - [13/Aug/2023:10:56:33 +0800] "GET /xingrg/all/function/internal_message.html?_=1691895684197&CODE_STATE=getMsg HTTP/1.1" 200 27
124.78.155.92 - - [13/Aug/2023:10:56:34 +0800] "POST /xingrg/kc/base/wldb_list_operate.html HTTP/1.1" 200 2953
116.232.195.127 - - [13/Aug/2023:10:56:34 +0800] "GET /xingrg/all/function/internal_message.html?_=1691895325580&CODE_STATE=getMsg HTTP/1.1" 200 27
101.83.145.37 - - [13/Aug/2023:10:56:35 +0800] "GET /xingrg/kc/base/wldb_order_operate.html?command=get_materiel&rest_code=00105&base_code=0010507&code=00101019187 HTTP/1.1" 200 479
124.78.155.92 - - [13/Aug/2023:10:56:36 +0800] "POST /xingrg/kc/buy/cgsh_list_operate.html HTTP/1.1" 200 1869
101.83.145.37 - - [13/Aug/2023:10:56:38 +0800] "GET /xingrg/all/function/internal_message.html?_=1691895200113&CODE_STATE=getMsg HTTP/1.1" 200 27
101.83.145.37 - - [13/Aug/2023:10:56:38 +0800] "GET /xingrg/check_reg.html?_=1691895200201 HTTP/1.1" 200 22
222.70.180.200 - - [13/Aug/2023:10:56:45 +0800] "GET /xingrg/all/function/internal_message.html?_=1691895406124&CODE_STATE=getMsg HTTP/1.1" 200 27
101.83.145.37 - - [13/Aug/2023:10:56:46 +0800] "GET /xingrg/kc/base/wldb_order_operate.html?command=get_materiel&rest_code=00105&base_code=0010507&code=00101019071 HTTP/1.1" 200 471
101.83.241.37 - - [13/Aug/2023:10:56:51 +0800] "GET /xingrg/check_reg.html?_=1691895411253 HTTP/1.1" 200 22
101.83.241.37 - - [13/Aug/2023:10:56:51 +0800] "GET /xingrg/all/function/internal_message.html?_=1691895411250&CODE_STATE=getMsg HTTP/1.1" 200 27
180.152.241.196 - - [13/Aug/2023:10:56:51 +0800] "POST /xingrg/dwr/call/plaincall/AjaxYddbService.checkOrder.dwr HTTP/1.1" 200 78
116.238.191.126 - - [13/Aug/2023:10:56:51 +0800] "POST /xingrg/kc/base/yddb_list_operate.html HTTP/1.1" 200 1346
180.152.241.196 - - [13/Aug/2023:10:56:55 +0800] "GET /xingrg/dwr/interface/AjaxYddbService.js HTTP/1.1" 200 13201
180.152.241.196 - - [13/Aug/2023:10:56:55 +0800] "GET /xingrg/dwr/interface/AjaxComOrderService.js HTTP/1.1" 200 18264
180.152.241.196 - - [13/Aug/2023:10:56:55 +0800] "GET /xingrg/dwr/engine.js HTTP/1.1" 200 43631
180.152.241.196 - - [13/Aug/2023:10:56:55 +0800] "GET /xingrg/kc/base/yddb_order_info.html?code=482023081300088 HTTP/1.1" 200 29742
101.228.187.155 - - [13/Aug/2023:10:56:56 +0800] "GET /xingrg/all/function/internal_message.html?_=1691895416469&CODE_STATE=getMsg HTTP/1.1" 200 27
180.152.241.196 - - [13/Aug/2023:10:56:56 +0800] "POST /xingrg/dwr/call/plaincall/AjaxYddbService.loadMaterielItems.dwr HTTP/1.1" 200 400
58.40.7.146 - - [13/Aug/2023:10:56:56 +0800] "GET /xingrg/all/function/internal_message.html?_=1691895416627&CODE_STATE=getMsg HTTP/1.1" 200 27
58.40.7.146 - - [13/Aug/2023:10:56:56 +0800] "GET /xingrg/check_reg.html?_=1691895416640 HTTP/1.1" 200 22
101.83.145.37 - - [13/Aug/2023:10:56:58 +0800] "GET /xingrg/kc/base/wldb_order_operate.html?command=get_materiel&rest_code=00105&base_code=0010507&code=00101019438 HTTP/1.1" 200 462
180.152.241.196 - - [13/Aug/2023:10:56:59 +0800] "GET /xingrg/kc/base/yddb_order_report.html?fileType=servlets/html&code=482023081300088&reportName=ck_order_report&subName=yddb HTTP/1.1" 302 -
180.152.241.196 - - [13/Aug/2023:10:56:59 +0800] "GET /xingrg/servlets/html?sysBaseUrl=http%3A%2F%2F180.169.147.146%3A18081%2Fxingrg%2F&costTime=1536×tamp=1691895419715 HTTP/1.1" 200 14757
180.152.241.196 - - [13/Aug/2023:10:56:59 +0800] "GET /xingrg/servlets/image?image=px HTTP/1.1" 200 807
180.152.241.196 - - [13/Aug/2023:10:56:59 +0800] "GET /favicon.ico HTTP/1.1" 404 -
116.238.191.126 - - [13/Aug/2023:10:57:00 +0800] "GET /xingrg/check_reg.html?_=1691895329624 HTTP/1.1" 200 22
116.238.191.126 - - [13/Aug/2023:10:57:02 +0800] "POST /xingrg/kc/base/yddb_list_operate.html HTTP/1.1" 200 1594
116.238.191.126 - - [13/Aug/2023:10:57:04 +0800] "POST /xingrg/kc/base/yddb_list_operate.html HTTP/1.1" 200 206
116.238.191.126 - - [13/Aug/2023:10:57:05 +0800] "GET /xingrg/kc/base/yddb_order_info.html?code=482023081300088 HTTP/1.1" 200 31756
116.238.191.126 - - [13/Aug/2023:10:57:05 +0800] "GET /xingrg/dwr/interface/AjaxComOrderService.js HTTP/1.1" 200 18264
116.238.191.126 - - [13/Aug/2023:10:57:05 +0800] "GET /xingrg/dwr/interface/AjaxYddbService.js HTTP/1.1" 200 13201
116.238.191.126 - - [13/Aug/2023:10:57:05 +0800] "GET /xingrg/dwr/engine.js HTTP/1.1" 200 43631
116.238.191.126 - - [13/Aug/2023:10:57:06 +0800] "POST /xingrg/dwr/call/plaincall/AjaxYddbService.loadMaterielItems.dwr HTTP/1.1" 200 400
124.78.155.92 - - [13/Aug/2023:10:57:06 +0800] "GET /xingrg/check_reg.html?_=1691895426176 HTTP/1.1" 200 22
124.78.155.92 - - [13/Aug/2023:10:57:06 +0800] "GET /xingrg/all/function/internal_message.html?_=1691895426172&CODE_STATE=getMsg HTTP/1.1" 200 27
222.70.118.201 - - [13/Aug/2023:10:57:08 +0800] "GET /xingrg/all/function/internal_message.html?_=1691895428796&CODE_STATE=getMsg HTTP/1.1" 200 27
101.83.145.37 - - [13/Aug/2023:10:57:09 +0800] "GET /xingrg/all/function/internal_message.html?_=1691895430988&CODE_STATE=getMsg HTTP/1.1" 200 27
222.69.130.30 - - [13/Aug/2023:10:57:09 +0800] "GET /xingrg/all/function/internal_message.html?_=1691895564942&CODE_STATE=getMsg HTTP/1.1" 200 27
116.238.191.126 - - [13/Aug/2023:10:57:09 +0800] "POST /xingrg/dwr/call/plaincall/AjaxYddbService.saveOrder.dwr HTTP/1.1" 200 78
124.79.243.110 - - [13/Aug/2023:10:57:09 +0800] "GET /xingrg/all/function/internal_message.html?_=1691895425518&CODE_STATE=getMsg HTTP/1.1" 200 27
101.83.145.37 - - [13/Aug/2023:10:57:12 +0800] "GET /xingrg/kc/base/wldb_order_operate.html?command=get_materiel&rest_code=00105&base_code=0010507&code=00101019185 HTTP/1.1" 200 469
124.78.155.92 - - [13/Aug/2023:10:57:12 +0800] "GET /xingrg/all/function/internal_message.html?_=1691895427676&CODE_STATE=getMsg HTTP/1.1" 200 27
180.163.28.114 - - [13/Aug/2023:10:57:13 +0800] "GET /xingrg/all/function/internal_message.html?_=1691895367705&CODE_STATE=getMsg HTTP/1.1" 302 -
180.163.28.114 - - [13/Aug/2023:10:57:13 +0800] "GET /xingrg/login.html HTTP/1.1" 200 7641
116.235.241.82 - - [13/Aug/2023:10:57:13 +0800] "GET /xingrg/all/function/internal_message.html?_=1691895433733&CODE_STATE=getMsg HTTP/1.1" 200 27
124.78.70.128 - - [13/Aug/2023:10:57:14 +0800] "GET /xingrg/all/function/internal_message.html?_=1691894889292&CODE_STATE=getMsg HTTP/1.1" 200 27
116.238.191.126 - - [13/Aug/2023:10:57:14 +0800] "POST /xingrg/dwr/call/plaincall/AjaxYddbService.objCheckOrder.dwr HTTP/1.1" 200 78
116.238.191.126 - - [13/Aug/2023:10:57:16 +0800] "GET /xingrg/kc/base/yddb_order_info.html?code=482023081300088 HTTP/1.1" 200 31877
116.238.191.126 - - [13/Aug/2023:10:57:16 +0800] "GET /xingrg/dwr/interface/AjaxYddbService.js HTTP/1.1" 200 13201
116.238.191.126 - - [13/Aug/2023:10:57:16 +0800] "GET /xingrg/dwr/interface/AjaxComOrderService.js HTTP/1.1" 200 18264
116.238.191.126 - - [13/Aug/2023:10:57:16 +0800] "GET /xingrg/dwr/engine.js HTTP/1.1" 200 43631
116.238.191.126 - - [13/Aug/2023:10:57:17 +0800] "POST /xingrg/dwr/call/plaincall/AjaxYddbService.loadMaterielItems.dwr HTTP/1.1" 200 400
116.238.191.126 - - [13/Aug/2023:10:57:17 +0800] "GET /xingrg/all/function/internal_message.html?_=1691895347545&CODE_STATE=getMsg HTTP/1.1" 200 27
222.65.220.241 - - [13/Aug/2023:10:57:18 +0800] "GET /xingrg/all/function/internal_message.html?_=1691895438454&CODE_STATE=getMsg HTTP/1.1" 200 27
180.169.147.146 - - [13/Aug/2023:10:57:18 +0800] "GET /xingrg/all/function/internal_message.html?_=1691895432924&CODE_STATE=getMsg HTTP/1.1" 200 27
180.152.241.196 - - [13/Aug/2023:10:57:21 +0800] "GET /xingrg/all/function/internal_message.html?_=1691895442359&CODE_STATE=getMsg HTTP/1.1" 200 27
116.238.191.126 - - [13/Aug/2023:10:57:22 +0800] "GET /xingrg/kc/base/yddb_order_report.html?fileType=servlets/html&code=482023081300088&reportName=ck_order_report&subName=yddb HTTP/1.1" 302 -
116.238.191.126 - - [13/Aug/2023:10:57:22 +0800] "GET /xingrg/servlets/html?sysBaseUrl=http%3A%2F%2F180.169.147.146%3A18081%2Fxingrg%2F&costTime=3849×tamp=1691895442091 HTTP/1.1" 200 14769
116.238.191.126 - - [13/Aug/2023:10:57:22 +0800] "GET /favicon.ico HTTP/1.1" 404 -
180.152.241.196 - - [13/Aug/2023:10:57:25 +0800] "GET /xingrg/all/function/internal_message.html?_=1691895444522&CODE_STATE=getMsg HTTP/1.1" 200 27
101.83.145.37 - - [13/Aug/2023:10:57:25 +0800] "GET /xingrg/kc/base/wldb_order_operate.html?command=get_materiel&rest_code=00105&base_code=0010507&code=00101019391 HTTP/1.1" 200 485
116.238.191.126 - - [13/Aug/2023:10:57:30 +0800] "GET /xingrg/all/function/internal_message.html?_=1691895448527&CODE_STATE=getMsg HTTP/1.1" 200 27
124.79.243.110 - - [13/Aug/2023:10:57:33 +0800] "GET /xingrg/all/function/internal_message.html?_=1691895744196&CODE_STATE=getMsg HTTP/1.1" 200 27
101.83.145.37 - - [13/Aug/2023:10:57:34 +0800] "GET /xingrg/kc/base/wldb_order_operate.html?command=get_materiel&rest_code=00105&base_code=0010507&code=00101016019 HTTP/1.1" 200 451
116.232.195.127 - - [13/Aug/2023:10:57:34 +0800] "GET /xingrg/all/function/internal_message.html?_=1691895385573&CODE_STATE=getMsg HTTP/1.1" 200 27
101.83.145.37 - - [13/Aug/2023:10:57:38 +0800] "GET /xingrg/all/function/internal_message.html?_=1691895260107&CODE_STATE=getMsg HTTP/1.1" 200 27
120.253.135.82 - - [13/Aug/2023:10:57:44 +0800] "GET /xingrg/check_reg.html?_=1691895282526 HTTP/1.1" 200 22
222.70.180.200 - - [13/Aug/2023:10:57:45 +0800] "GET /xingrg/all/function/internal_message.html?_=1691895466155&CODE_STATE=getMsg HTTP/1.1" 200 27
101.83.145.37 - - [13/Aug/2023:10:57:50 +0800] "GET /xingrg/kc/buy/cgsh_order_operate.html?command=get_materiel&rest_code=00105&code=00102005347&supplier_code=00100077&order_time=2023-08-13 HTTP/1.1" 200 419
101.83.241.37 - - [13/Aug/2023:10:57:51 +0800] "GET /xingrg/all/function/internal_message.html?_=1691895471255&CODE_STATE=getMsg HTTP/1.1" 200 27
101.83.145.37 - - [13/Aug/2023:10:57:54 +0800] "POST /xingrg/kc/base/wldb_order_operate.html HTTP/1.1" 200 37
101.83.145.37 - - [13/Aug/2023:10:57:56 +0800] "POST /xingrg/kc/base/wldb_order_operate.html HTTP/1.1" 200 6213
101.83.145.37 - - [13/Aug/2023:10:57:56 +0800] "GET /xingrg/kc/base/wldb_order_info.html?code=422023081301387 HTTP/1.1" 200 30513
101.83.145.37 - - [13/Aug/2023:10:57:56 +0800] "GET /xingrg/words/20230813103806_words.js HTTP/1.1" 304 -
101.228.187.155 - - [13/Aug/2023:10:57:56 +0800] "GET /xingrg/all/function/internal_message.html?_=1691895476469&CODE_STATE=getMsg HTTP/1.1" 200 27
58.40.7.146 - - [13/Aug/2023:10:57:56 +0800] "GET /xingrg/all/function/internal_message.html?_=1691895476628&CODE_STATE=getMsg HTTP/1.1" 200 27
101.83.145.37 - - [13/Aug/2023:10:57:56 +0800] "GET /xingrg/javascript/easyui/themes/default/validatebox.css HTTP/1.1" 404 1104
101.83.145.37 - - [13/Aug/2023:10:57:57 +0800] "POST /xingrg/kc/base/wldb_order_operate.html HTTP/1.1" 200 6213
218.81.65.82 - - [13/Aug/2023:10:57:57 +0800] "GET /favicon.ico HTTP/1.1" 404 -
222.70.118.201 - - [13/Aug/2023:10:58:08 +0800] "GET /xingrg/all/function/internal_message.html?_=1691895488796&CODE_STATE=getMsg HTTP/1.1" 200 27
222.69.130.30 - - [13/Aug/2023:10:58:09 +0800] "GET /xingrg/all/function/internal_message.html?_=1691895624953&CODE_STATE=getMsg HTTP/1.1" 200 27
124.79.243.110 - - [13/Aug/2023:10:58:09 +0800] "GET /xingrg/all/function/internal_message.html?_=1691895485515&CODE_STATE=getMsg HTTP/1.1" 200 27
124.78.155.92 - - [13/Aug/2023:10:58:12 +0800] "GET /xingrg/all/function/internal_message.html?_=1691895487661&CODE_STATE=getMsg HTTP/1.1" 200 27
116.235.241.82 - - [13/Aug/2023:10:58:13 +0800] "GET /xingrg/all/function/internal_message.html?_=1691895493890&CODE_STATE=getMsg HTTP/1.1" 200 27
124.78.70.128 - - [13/Aug/2023:10:58:14 +0800] "GET /xingrg/all/function/internal_message.html?_=1691894949310&CODE_STATE=getMsg HTTP/1.1" 200 27
116.238.191.126 - - [13/Aug/2023:10:58:17 +0800] "GET /xingrg/all/function/internal_message.html?_=1691895407559&CODE_STATE=getMsg HTTP/1.1" 200 27
222.65.220.241 - - [13/Aug/2023:10:58:18 +0800] "GET /xingrg/all/function/internal_message.html?_=1691895498430&CODE_STATE=getMsg HTTP/1.1" 200 27
180.169.147.146 - - [13/Aug/2023:10:58:18 +0800] "GET /xingrg/all/function/internal_message.html?_=1691895492922&CODE_STATE=getMsg HTTP/1.1" 200 27
180.169.147.146 - - [13/Aug/2023:10:58:18 +0800] "GET /xingrg/check_reg.html?_=1691895492924 HTTP/1.1" 200 22
180.152.241.196 - - [13/Aug/2023:10:58:21 +0800] "GET /xingrg/all/function/internal_message.html?_=1691895502352&CODE_STATE=getMsg HTTP/1.1" 200 27
180.152.241.196 - - [13/Aug/2023:10:58:25 +0800] "GET /xingrg/all/function/internal_message.html?_=1691895504511&CODE_STATE=getMsg HTTP/1.1" 200 27
116.238.191.126 - - [13/Aug/2023:10:58:30 +0800] "GET /xingrg/all/function/internal_message.html?_=1691895508528&CODE_STATE=getMsg HTTP/1.1" 200 27
101.83.145.37 - - [13/Aug/2023:10:58:32 +0800] "POST /xingrg/kc/buy/cgsh_order_operate.html HTTP/1.1" 200 37
124.79.243.110 - - [13/Aug/2023:10:58:33 +0800] "GET /xingrg/all/function/internal_message.html?_=1691895804195&CODE_STATE=getMsg HTTP/1.1" 200 27
124.79.243.110 - - [13/Aug/2023:10:58:33 +0800] "GET /xingrg/check_reg.html?_=1691895804196 HTTP/1.1" 200 22
116.232.195.127 - - [13/Aug/2023:10:58:34 +0800] "GET /xingrg/all/function/internal_message.html?_=1691895445557&CODE_STATE=getMsg HTTP/1.1" 200 27
101.83.145.37 - - [13/Aug/2023:10:58:38 +0800] "GET /xingrg/all/function/internal_message.html?_=1691895320108&CODE_STATE=getMsg HTTP/1.1" 200 27
101.83.145.37 - - [13/Aug/2023:10:58:39 +0800] "POST /xingrg/kc/buy/cgsh_order_operate.html HTTP/1.1" 200 3868
124.78.70.128 - - [13/Aug/2023:10:58:40 +0800] "GET /xingrg/kc/buy/cgsh_order_operate.html?command=get_materiel&rest_code=00141&code=00101006133&supplier_code=00100012&order_time=2023-08-13 HTTP/1.1" 200 413
222.70.180.200 - - [13/Aug/2023:10:58:45 +0800] "GET /xingrg/all/function/internal_message.html?_=1691895526159&CODE_STATE=getMsg HTTP/1.1" 200 27
101.83.241.37 - - [13/Aug/2023:10:58:51 +0800] "GET /xingrg/all/function/internal_message.html?_=1691895531244&CODE_STATE=getMsg HTTP/1.1" 200 27
101.228.187.155 - - [13/Aug/2023:10:58:56 +0800] "GET /xingrg/all/function/internal_message.html?_=1691895536469&CODE_STATE=getMsg HTTP/1.1" 200 27
58.40.7.146 - - [13/Aug/2023:10:58:56 +0800] "GET /xingrg/all/function/internal_message.html?_=1691895536635&CODE_STATE=getMsg HTTP/1.1" 200 27
101.83.145.37 - - [13/Aug/2023:10:59:07 +0800] "GET /xingrg/kc/print/load_config.html?kc_code=cgsh HTTP/1.1" 200 1924
101.83.145.37 - - [13/Aug/2023:10:59:08 +0800] "GET /xingrg/kc/print/load_data.html?order_code=212023081305144&kc_code=cgsh&condition= HTTP/1.1" 200 1178
222.70.118.201 - - [13/Aug/2023:10:59:08 +0800] "GET /xingrg/all/function/internal_message.html?_=1691895548796&CODE_STATE=getMsg HTTP/1.1" 200 27
101.83.145.37 - - [13/Aug/2023:10:59:09 +0800] "GET /xingrg/all/function/internal_message.html?_=1691895551000&CODE_STATE=getMsg HTTP/1.1" 200 27
222.69.130.30 - - [13/Aug/2023:10:59:09 +0800] "GET /xingrg/all/function/internal_message.html?_=1691895684942&CODE_STATE=getMsg HTTP/1.1" 200 27
222.69.130.30 - - [13/Aug/2023:10:59:09 +0800] "GET /xingrg/check_reg.html?_=1691895684943 HTTP/1.1" 200 22
124.79.243.110 - - [13/Aug/2023:10:59:09 +0800] "GET /xingrg/all/function/internal_message.html?_=1691895545514&CODE_STATE=getMsg HTTP/1.1" 200 27
180.163.29.103 - - [13/Aug/2023:10:59:12 +0800] "GET /xingrg/all/function/internal_message.html?_=1691895487661&CODE_STATE=getMsg HTTP/1.1" 302 -
180.163.29.103 - - [13/Aug/2023:10:59:12 +0800] "GET /xingrg/login.html HTTP/1.1" 200 7641
124.78.155.92 - - [13/Aug/2023:10:59:12 +0800] "GET /xingrg/all/function/internal_message.html?_=1691895547633&CODE_STATE=getMsg HTTP/1.1" 200 27
116.235.241.82 - - [13/Aug/2023:10:59:13 +0800] "GET /xingrg/all/function/internal_message.html?_=1691895553900&CODE_STATE=getMsg HTTP/1.1" 200 27
124.78.155.92 - - [13/Aug/2023:10:59:13 +0800] "GET /xingrg/check_reg.html?_=1691895548343 HTTP/1.1" 200 22
124.78.70.128 - - [13/Aug/2023:10:59:14 +0800] "GET /xingrg/all/function/internal_message.html?_=1691895009288&CODE_STATE=getMsg HTTP/1.1" 200 27
101.83.145.37 - - [13/Aug/2023:10:59:17 +0800] "GET /xingrg/kc/report/report_main.html HTTP/1.1" 200 7340
101.83.145.37 - - [13/Aug/2023:10:59:17 +0800] "GET /xingrg/javascript/jquery_ui/themes/humanity/humanity.css HTTP/1.1" 304 -
101.83.145.37 - - [13/Aug/2023:10:59:17 +0800] "GET /xingrg/javascript/jquery_easy_ui/themes/icons/back_new.png HTTP/1.1" 304 -
116.238.191.126 - - [13/Aug/2023:10:59:17 +0800] "GET /xingrg/all/function/internal_message.html?_=1691895467598&CODE_STATE=getMsg HTTP/1.1" 200 27
101.83.145.37 - - [13/Aug/2023:10:59:18 +0800] "GET /xingrg/kc/base/kc_stocks.html HTTP/1.1" 200 16506
101.83.145.37 - - [13/Aug/2023:10:59:18 +0800] "GET /xingrg/javascript/easyui/themes/sunny/easyui.css HTTP/1.1" 304 -
222.65.220.241 - - [13/Aug/2023:10:59:18 +0800] "GET /xingrg/all/function/internal_message.html?_=1691895558413&CODE_STATE=getMsg HTTP/1.1" 200 27
101.83.145.37 - - [13/Aug/2023:10:59:18 +0800] "GET /xingrg/javascript/easyui/themes/icons/print_new.png HTTP/1.1" 304 -
101.83.145.37 - - [13/Aug/2023:10:59:18 +0800] "GET /xingrg/javascript/easyui/themes/icons/refresh_new.png HTTP/1.1" 304 -
101.83.145.37 - - [13/Aug/2023:10:59:18 +0800] "GET /xingrg/javascript/easyui/themes/icons/filter_new.png HTTP/1.1" 304 -
101.83.145.37 - - [13/Aug/2023:10:59:18 +0800] "GET /xingrg/javascript/easyui/plugins/jquery.draggable.js HTTP/1.1" 304 -
101.83.145.37 - - [13/Aug/2023:10:59:18 +0800] "GET /xingrg/javascript/easyui/plugins/jquery.droppable.js HTTP/1.1" 304 -
101.83.145.37 - - [13/Aug/2023:10:59:18 +0800] "GET /xingrg/javascript/easyui/plugins/jquery.tree.js HTTP/1.1" 304 -
101.83.145.37 - - [13/Aug/2023:10:59:18 +0800] "GET /xingrg/javascript/easyui/themes/default/tree.css HTTP/1.1" 404 1090
180.169.147.146 - - [13/Aug/2023:10:59:18 +0800] "GET /xingrg/all/function/internal_message.html?_=1691895552921&CODE_STATE=getMsg HTTP/1.1" 200 27
101.83.145.37 - - [13/Aug/2023:10:59:18 +0800] "POST /xingrg/all/common/load_tree.html?tree=materiel_sort_tree_json HTTP/1.1" 200 9500
101.83.145.37 - - [13/Aug/2023:10:59:19 +0800] "GET /xingrg/javascript/easyui/themes/sunny/images/tree_arrows.gif HTTP/1.1" 304 -
101.83.145.37 - - [13/Aug/2023:10:59:19 +0800] "GET /xingrg/javascript/easyui/themes/sunny/images/tree_folder.gif HTTP/1.1" 304 -
101.83.145.37 - - [13/Aug/2023:10:59:19 +0800] "GET /xingrg/javascript/easyui/themes/sunny/images/tree_folder_open.gif HTTP/1.1" 304 -
101.83.145.37 - - [13/Aug/2023:10:59:19 +0800] "GET /xingrg/javascript/easyui/themes/sunny/images/tree_file.gif HTTP/1.1" 304 -
101.83.145.37 - - [13/Aug/2023:10:59:20 +0800] "POST /xingrg/all/common/load_combo.html?type=base HTTP/1.1" 200 3409
180.152.241.196 - - [13/Aug/2023:10:59:21 +0800] "GET /xingrg/all/function/internal_message.html?_=1691895562354&CODE_STATE=getMsg HTTP/1.1" 200 27
180.152.241.196 - - [13/Aug/2023:10:59:22 +0800] "GET /xingrg/check_reg.html?_=1691895562886 HTTP/1.1" 200 22
180.152.241.196 - - [13/Aug/2023:10:59:25 +0800] "GET /xingrg/all/function/internal_message.html?_=1691895564520&CODE_STATE=getMsg HTTP/1.1" 200 27
101.83.145.37 - - [13/Aug/2023:10:59:25 +0800] "POST /xingrg/kc/base/stock_operate.html HTTP/1.1" 200 4025
101.83.145.37 - - [13/Aug/2023:10:59:25 +0800] "GET /xingrg/javascript/jquery_tools/fix_table.js HTTP/1.1" 304 -
116.238.191.126 - - [13/Aug/2023:10:59:30 +0800] "GET /xingrg/all/function/internal_message.html?_=1691895568531&CODE_STATE=getMsg HTTP/1.1" 200 27
124.79.243.110 - - [13/Aug/2023:10:59:33 +0800] "GET /xingrg/all/function/internal_message.html?_=1691895864194&CODE_STATE=getMsg HTTP/1.1" 200 27
124.78.70.128 - - [13/Aug/2023:10:59:33 +0800] "GET /xingrg/kc/buy/cgsh_order_operate.html?command=get_materiel&rest_code=00141&code=00101006111&supplier_code=00100012&order_time=2023-08-13 HTTP/1.1" 200 409
116.232.195.127 - - [13/Aug/2023:10:59:34 +0800] "GET /xingrg/all/function/internal_message.html?_=1691895505533&CODE_STATE=getMsg HTTP/1.1" 200 27
101.83.145.37 - - [13/Aug/2023:10:59:38 +0800] "GET /xingrg/all/function/internal_message.html?_=1691895380109&CODE_STATE=getMsg HTTP/1.1" 200 27
222.70.180.200 - - [13/Aug/2023:10:59:45 +0800] "GET /xingrg/all/function/internal_message.html?_=1691895586159&CODE_STATE=getMsg HTTP/1.1" 200 27
222.70.180.200 - - [13/Aug/2023:10:59:45 +0800] "GET /xingrg/check_reg.html?_=1691895586156 HTTP/1.1" 200 22
101.83.241.37 - - [13/Aug/2023:10:59:51 +0800] "GET /xingrg/all/function/internal_message.html?_=1691895591244&CODE_STATE=getMsg HTTP/1.1" 200 27
101.228.187.155 - - [13/Aug/2023:10:59:56 +0800] "GET /xingrg/all/function/internal_message.html?_=1691895596470&CODE_STATE=getMsg HTTP/1.1" 200 27
101.228.187.155 - - [13/Aug/2023:10:59:56 +0800] "GET /xingrg/check_reg.html?_=1691895596472 HTTP/1.1" 200 22
58.40.7.146 - - [13/Aug/2023:10:59:56 +0800] "GET /xingrg/all/function/internal_message.html?_=1691895596625&CODE_STATE=getMsg HTTP/1.1" 200 27
222.70.118.201 - - [13/Aug/2023:11:00:08 +0800] "GET /xingrg/all/function/internal_message.html?_=1691895608796&CODE_STATE=getMsg HTTP/1.1" 200 27
222.70.118.201 - - [13/Aug/2023:11:00:08 +0800] "GET /xingrg/check_reg.html?_=1691895608799 HTTP/1.1" 200 22
101.83.145.37 - - [13/Aug/2023:11:00:09 +0800] "GET /xingrg/check_reg.html?_=1691895611006 HTTP/1.1" 200 22
101.83.145.37 - - [13/Aug/2023:11:00:09 +0800] "GET /xingrg/all/function/internal_message.html?_=1691895611008&CODE_STATE=getMsg HTTP/1.1" 200 27
222.69.130.30 - - [13/Aug/2023:11:00:09 +0800] "GET /xingrg/all/function/internal_message.html?_=1691895744953&CODE_STATE=getMsg HTTP/1.1" 200 27
124.79.243.110 - - [13/Aug/2023:11:00:09 +0800] "GET /xingrg/all/function/internal_message.html?_=1691895605510&CODE_STATE=getMsg HTTP/1.1" 200 27
116.235.241.82 - - [13/Aug/2023:11:00:11 +0800] "GET /xingrg/check_reg.html?_=1691895611591 HTTP/1.1" 200 22
180.163.28.180 - - [13/Aug/2023:11:00:12 +0800] "GET /xingrg/all/function/internal_message.html?_=1691895547633&CODE_STATE=getMsg HTTP/1.1" 302 -
124.78.155.92 - - [13/Aug/2023:11:00:12 +0800] "GET /xingrg/all/function/internal_message.html?_=1691895607611&CODE_STATE=getMsg HTTP/1.1" 200 27
180.163.28.180 - - [13/Aug/2023:11:00:13 +0800] "GET /xingrg/login.html HTTP/1.1" 200 7641
116.235.241.82 - - [13/Aug/2023:11:00:13 +0800] "GET /xingrg/all/function/internal_message.html?_=1691895613914&CODE_STATE=getMsg HTTP/1.1" 200 27
124.78.70.128 - - [13/Aug/2023:11:00:14 +0800] "GET /xingrg/check_reg.html?_=1691895069324 HTTP/1.1" 200 22
124.78.70.128 - - [13/Aug/2023:11:00:14 +0800] "GET /xingrg/all/function/internal_message.html?_=1691895069322&CODE_STATE=getMsg HTTP/1.1" 200 27
124.78.70.128 - - [13/Aug/2023:11:00:16 +0800] "GET /xingrg/kc/buy/cgsh_order_operate.html?command=get_materiel&rest_code=00141&code=00101007044&supplier_code=00100012&order_time=2023-08-13 HTTP/1.1" 200 422
116.238.191.126 - - [13/Aug/2023:11:00:17 +0800] "GET /xingrg/all/function/internal_message.html?_=1691895527601&CODE_STATE=getMsg HTTP/1.1" 200 27
222.65.220.241 - - [13/Aug/2023:11:00:18 +0800] "GET /xingrg/all/function/internal_message.html?_=1691895618390&CODE_STATE=getMsg HTTP/1.1" 200 27
222.65.220.241 - - [13/Aug/2023:11:00:18 +0800] "GET /xingrg/check_reg.html?_=1691895618652 HTTP/1.1" 200 22
180.169.147.146 - - [13/Aug/2023:11:00:18 +0800] "GET /xingrg/all/function/internal_message.html?_=1691895612920&CODE_STATE=getMsg HTTP/1.1" 200 27
180.152.241.196 - - [13/Aug/2023:11:00:21 +0800] "GET /xingrg/all/function/internal_message.html?_=1691895622329&CODE_STATE=getMsg HTTP/1.1" 200 27
180.152.241.196 - - [13/Aug/2023:11:00:25 +0800] "GET /xingrg/all/function/internal_message.html?_=1691895624526&CODE_STATE=getMsg HTTP/1.1" 200 27
116.238.191.126 - - [13/Aug/2023:11:00:30 +0800] "GET /xingrg/all/function/internal_message.html?_=1691895628535&CODE_STATE=getMsg HTTP/1.1" 200 27
124.79.243.110 - - [13/Aug/2023:11:00:33 +0800] "GET /xingrg/all/function/internal_message.html?_=1691895924193&CODE_STATE=getMsg HTTP/1.1" 200 27
116.232.195.127 - - [13/Aug/2023:11:00:34 +0800] "GET /xingrg/all/function/internal_message.html?_=1691895565518&CODE_STATE=getMsg HTTP/1.1" 200 27
116.232.195.127 - - [13/Aug/2023:11:00:36 +0800] "GET /xingrg/check_reg.html?_=1691895567251 HTTP/1.1" 200 22
101.83.145.37 - - [13/Aug/2023:11:00:38 +0800] "GET /xingrg/all/function/internal_message.html?_=1691895440109&CODE_STATE=getMsg HTTP/1.1" 200 27
222.70.180.200 - - [13/Aug/2023:11:00:45 +0800] "GET /xingrg/all/function/internal_message.html?_=1691895646154&CODE_STATE=getMsg HTTP/1.1" 200 27
101.83.241.37 - - [13/Aug/2023:11:00:51 +0800] "GET /xingrg/all/function/internal_message.html?_=1691895651256&CODE_STATE=getMsg HTTP/1.1" 200 27
180.152.241.196 - - [13/Aug/2023:11:00:54 +0800] "GET /xingrg/kc/buy/cgsh_order_list.html HTTP/1.1" 200 56077
101.228.187.155 - - [13/Aug/2023:11:00:56 +0800] "GET /xingrg/all/function/internal_message.html?_=1691895656472&CODE_STATE=getMsg HTTP/1.1" 200 27
58.40.7.146 - - [13/Aug/2023:11:00:56 +0800] "GET /xingrg/all/function/internal_message.html?_=1691895656633&CODE_STATE=getMsg HTTP/1.1" 200 27
180.152.241.196 - - [13/Aug/2023:11:00:59 +0800] "POST /xingrg/kc/buy/cgsh_list_operate.html HTTP/1.1" 200 986
180.152.241.196 - - [13/Aug/2023:11:01:00 +0800] "GET /xingrg/kc/buy/cgsh_order_add.html HTTP/1.1" 200 71894
180.152.241.196 - - [13/Aug/2023:11:01:00 +0800] "GET /xingrg/words/20230813103806_words.js HTTP/1.1" 200 983184
180.152.241.196 - - [13/Aug/2023:11:01:01 +0800] "POST /xingrg/kc/buy/cgsh_order_operate.html HTTP/1.1" 200 8245
180.152.241.196 - - [13/Aug/2023:11:01:01 +0800] "GET /xingrg/javascript/easyui/themes/default/validatebox.css HTTP/1.1" 404 1104
180.152.241.196 - - [13/Aug/2023:11:01:01 +0800] "GET /xingrg/javascript/auto/indicator.gif HTTP/1.1" 404 1066
222.70.118.201 - - [13/Aug/2023:11:01:08 +0800] "GET /xingrg/all/function/internal_message.html?_=1691895668797&CODE_STATE=getMsg HTTP/1.1" 200 27
101.83.145.37 - - [13/Aug/2023:11:01:09 +0800] "GET /xingrg/all/function/internal_message.html?_=1691895670979&CODE_STATE=getMsg HTTP/1.1" 200 27
222.69.130.30 - - [13/Aug/2023:11:01:09 +0800] "GET /xingrg/all/function/internal_message.html?_=1691895804938&CODE_STATE=getMsg HTTP/1.1" 200 27
124.79.243.110 - - [13/Aug/2023:11:01:09 +0800] "GET /xingrg/all/function/internal_message.html?_=1691895665502&CODE_STATE=getMsg HTTP/1.1" 200 27
124.79.243.110 - - [13/Aug/2023:11:01:09 +0800] "GET /xingrg/check_reg.html?_=1691895665503 HTTP/1.1" 200 22
180.163.29.219 - - [13/Aug/2023:11:01:12 +0800] "GET /xingrg/all/function/internal_message.html?_=1691895607611&CODE_STATE=getMsg HTTP/1.1" 302 -
180.163.29.219 - - [13/Aug/2023:11:01:12 +0800] "GET /xingrg/login.html HTTP/1.1" 200 7641
124.78.155.92 - - [13/Aug/2023:11:01:12 +0800] "GET /xingrg/all/function/internal_message.html?_=1691895667581&CODE_STATE=getMsg HTTP/1.1" 200 27
116.235.241.82 - - [13/Aug/2023:11:01:13 +0800] "GET /xingrg/all/function/internal_message.html?_=1691895673928&CODE_STATE=getMsg HTTP/1.1" 200 27
124.78.70.128 - - [13/Aug/2023:11:01:14 +0800] "GET /xingrg/all/function/internal_message.html?_=1691895129312&CODE_STATE=getMsg HTTP/1.1" 200 27
116.238.191.126 - - [13/Aug/2023:11:01:17 +0800] "GET /xingrg/all/function/internal_message.html?_=1691895587639&CODE_STATE=getMsg HTTP/1.1" 200 27
222.65.220.241 - - [13/Aug/2023:11:01:18 +0800] "GET /xingrg/all/function/internal_message.html?_=1691895678374&CODE_STATE=getMsg HTTP/1.1" 200 27
180.169.147.146 - - [13/Aug/2023:11:01:18 +0800] "GET /xingrg/all/function/internal_message.html?_=1691895672919&CODE_STATE=getMsg HTTP/1.1" 200 27
180.152.241.196 - - [13/Aug/2023:11:01:21 +0800] "GET /xingrg/all/function/internal_message.html?_=1691895682308&CODE_STATE=getMsg HTTP/1.1" 200 27
124.78.70.128 - - [13/Aug/2023:11:01:25 +0800] "GET /xingrg/kc/buy/cgsh_order_operate.html?command=get_materiel&rest_code=00141&code=00101006065&supplier_code=00100012&order_time=2023-08-13 HTTP/1.1" 200 409
116.238.191.126 - - [13/Aug/2023:11:01:30 +0800] "GET /xingrg/all/function/internal_message.html?_=1691895688535&CODE_STATE=getMsg HTTP/1.1" 200 27
116.238.191.126 - - [13/Aug/2023:11:01:30 +0800] "GET /xingrg/check_reg.html?_=1691895688539 HTTP/1.1" 200 22
180.152.241.196 - - [13/Aug/2023:11:01:31 +0800] "GET /xingrg/kc/buy/cgsh_order_operate.html?command=get_materiel&rest_code=00102&code=00101020309&supplier_code=00100151&order_time=2023-08-13 HTTP/1.1" 200 409
124.79.243.110 - - [13/Aug/2023:11:01:33 +0800] "GET /xingrg/all/function/internal_message.html?_=1691895984190&CODE_STATE=getMsg HTTP/1.1" 200 27
116.232.195.127 - - [13/Aug/2023:11:01:34 +0800] "GET /xingrg/all/function/internal_message.html?_=1691895625518&CODE_STATE=getMsg HTTP/1.1" 200 27
101.83.145.37 - - [13/Aug/2023:11:01:38 +0800] "GET /xingrg/all/function/internal_message.html?_=1691895500110&CODE_STATE=getMsg HTTP/1.1" 200 27
101.83.145.37 - - [13/Aug/2023:11:01:38 +0800] "GET /xingrg/check_reg.html?_=1691895500175 HTTP/1.1" 200 22
222.70.180.200 - - [13/Aug/2023:11:01:45 +0800] "GET /xingrg/all/function/internal_message.html?_=1691895706153&CODE_STATE=getMsg HTTP/1.1" 200 27
180.152.241.196 - - [13/Aug/2023:11:01:47 +0800] "GET /xingrg/kc/buy/cgsh_order_operate.html?command=get_materiel&rest_code=00102&code=00101008024&supplier_code=00100151&order_time=2023-08-13 HTTP/1.1" 200 408
101.83.241.37 - - [13/Aug/2023:11:01:51 +0800] "GET /xingrg/all/function/internal_message.html?_=1691895711257&CODE_STATE=getMsg HTTP/1.1" 200 27
101.83.241.37 - - [13/Aug/2023:11:01:51 +0800] "GET /xingrg/check_reg.html?_=1691895711260 HTTP/1.1" 200 22
101.228.187.155 - - [13/Aug/2023:11:01:56 +0800] "GET /xingrg/all/function/internal_message.html?_=1691895716472&CODE_STATE=getMsg HTTP/1.1" 200 27
58.40.7.146 - - [13/Aug/2023:11:01:56 +0800] "GET /xingrg/all/function/internal_message.html?_=1691895716638&CODE_STATE=getMsg HTTP/1.1" 200 27
58.40.7.146 - - [13/Aug/2023:11:01:56 +0800] "GET /xingrg/check_reg.html?_=1691895716644 HTTP/1.1" 200 22
116.238.191.126 - - [13/Aug/2023:11:01:59 +0800] "GET /xingrg/check_reg.html?_=1691895629628 HTTP/1.1" 200 22
222.70.118.201 - - [13/Aug/2023:11:02:08 +0800] "GET /xingrg/all/function/internal_message.html?_=1691895728797&CODE_STATE=getMsg HTTP/1.1" 200 27
180.152.241.196 - - [13/Aug/2023:11:02:08 +0800] "GET /xingrg/kc/buy/cgsh_order_operate.html?command=get_materiel&rest_code=00102&code=00101006129&supplier_code=00100151&order_time=2023-08-13 HTTP/1.1" 200 433
101.83.145.37 - - [13/Aug/2023:11:02:09 +0800] "GET /xingrg/all/function/internal_message.html?_=1691895730954&CODE_STATE=getMsg HTTP/1.1" 200 27
222.69.130.30 - - [13/Aug/2023:11:02:09 +0800] "GET /xingrg/all/function/internal_message.html?_=1691895864952&CODE_STATE=getMsg HTTP/1.1" 200 27
124.79.243.110 - - [13/Aug/2023:11:02:09 +0800] "GET /xingrg/all/function/internal_message.html?_=1691895725517&CODE_STATE=getMsg HTTP/1.1" 200 27
180.163.28.114 - - [13/Aug/2023:11:02:12 +0800] "GET /xingrg/all/function/internal_message.html?_=1691895667581&CODE_STATE=getMsg HTTP/1.1" 302 -
180.163.28.114 - - [13/Aug/2023:11:02:12 +0800] "GET /xingrg/login.html HTTP/1.1" 200 7641
124.78.155.92 - - [13/Aug/2023:11:02:12 +0800] "GET /xingrg/all/function/internal_message.html?_=1691895727568&CODE_STATE=getMsg HTTP/1.1" 200 27
116.235.241.82 - - [13/Aug/2023:11:02:13 +0800] "GET /xingrg/all/function/internal_message.html?_=1691895733940&CODE_STATE=getMsg HTTP/1.1" 200 27
124.78.70.128 - - [13/Aug/2023:11:02:14 +0800] "GET /xingrg/all/function/internal_message.html?_=1691895189350&CODE_STATE=getMsg HTTP/1.1" 200 27
116.238.191.126 - - [13/Aug/2023:11:02:17 +0800] "GET /xingrg/all/function/internal_message.html?_=1691895647645&CODE_STATE=getMsg HTTP/1.1" 200 27
222.65.220.241 - - [13/Aug/2023:11:02:18 +0800] "GET /xingrg/all/function/internal_message.html?_=1691895738351&CODE_STATE=getMsg HTTP/1.1" 200 27
180.169.147.146 - - [13/Aug/2023:11:02:18 +0800] "GET /xingrg/all/function/internal_message.html?_=1691895732918&CODE_STATE=getMsg HTTP/1.1" 200 27
180.152.241.196 - - [13/Aug/2023:11:02:21 +0800] "GET /xingrg/all/function/internal_message.html?_=1691895742288&CODE_STATE=getMsg HTTP/1.1" 200 27
116.238.191.126 - - [13/Aug/2023:11:02:30 +0800] "GET /xingrg/all/function/internal_message.html?_=1691895748523&CODE_STATE=getMsg HTTP/1.1" 200 27
124.79.243.110 - - [13/Aug/2023:11:02:33 +0800] "GET /xingrg/all/function/internal_message.html?_=1691896044205&CODE_STATE=getMsg HTTP/1.1" 200 27
180.152.241.196 - - [13/Aug/2023:11:02:34 +0800] "GET /xingrg/kc/buy/cgsh_order_operate.html?command=get_materiel&rest_code=00102&code=00101006130&supplier_code=00100151&order_time=2023-08-13 HTTP/1.1" 200 429
116.232.195.127 - - [13/Aug/2023:11:02:34 +0800] "GET /xingrg/all/function/internal_message.html?_=1691895685498&CODE_STATE=getMsg HTTP/1.1" 200 27
101.83.145.37 - - [13/Aug/2023:11:02:38 +0800] "GET /xingrg/all/function/internal_message.html?_=1691895560113&CODE_STATE=getMsg HTTP/1.1" 200 27
120.253.135.82 - - [13/Aug/2023:11:02:44 +0800] "GET /xingrg/check_reg.html?_=1691895582529 HTTP/1.1" 200 22
222.70.180.200 - - [13/Aug/2023:11:02:45 +0800] "GET /xingrg/all/function/internal_message.html?_=1691895766151&CODE_STATE=getMsg HTTP/1.1" 200 27
101.83.241.37 - - [13/Aug/2023:11:02:51 +0800] "GET /xingrg/all/function/internal_message.html?_=1691895771269&CODE_STATE=getMsg HTTP/1.1" 200 27
101.228.187.155 - - [13/Aug/2023:11:02:56 +0800] "GET /xingrg/all/function/internal_message.html?_=1691895776472&CODE_STATE=getMsg HTTP/1.1" 200 27
58.40.7.146 - - [13/Aug/2023:11:02:56 +0800] "GET /xingrg/all/function/internal_message.html?_=1691895776633&CODE_STATE=getMsg HTTP/1.1" 200 27
222.70.118.201 - - [13/Aug/2023:11:03:08 +0800] "GET /xingrg/all/function/internal_message.html?_=1691895788797&CODE_STATE=getMsg HTTP/1.1" 200 27
101.83.145.37 - - [13/Aug/2023:11:03:08 +0800] "GET /xingrg/all/function/internal_message.html?_=1691895790929&CODE_STATE=getMsg HTTP/1.1" 200 27
180.152.241.196 - - [13/Aug/2023:11:03:09 +0800] "POST /xingrg/kc/buy/cgsh_order_operate.html HTTP/1.1" 200 37
222.69.130.30 - - [13/Aug/2023:11:03:09 +0800] "GET /xingrg/all/function/internal_message.html?_=1691895924952&CODE_STATE=getMsg HTTP/1.1" 200 27
124.79.243.110 - - [13/Aug/2023:11:03:09 +0800] "GET /xingrg/all/function/internal_message.html?_=1691895785517&CODE_STATE=getMsg HTTP/1.1" 200 27
180.163.30.27 - - [13/Aug/2023:11:03:12 +0800] "GET /xingrg/all/function/internal_message.html?_=1691895727568&CODE_STATE=getMsg HTTP/1.1" 302 -
180.163.30.27 - - [13/Aug/2023:11:03:12 +0800] "GET /xingrg/login.html HTTP/1.1" 200 7641
124.78.155.92 - - [13/Aug/2023:11:03:12 +0800] "GET /xingrg/all/function/internal_message.html?_=1691895787541&CODE_STATE=getMsg HTTP/1.1" 200 27
116.235.241.82 - - [13/Aug/2023:11:03:13 +0800] "GET /xingrg/all/function/internal_message.html?_=1691895794106&CODE_STATE=getMsg HTTP/1.1" 200 27
124.78.70.128 - - [13/Aug/2023:11:03:14 +0800] "GET /xingrg/all/function/internal_message.html?_=1691895249309&CODE_STATE=getMsg HTTP/1.1" 200 27
116.238.191.126 - - [13/Aug/2023:11:03:17 +0800] "GET /xingrg/all/function/internal_message.html?_=1691895707658&CODE_STATE=getMsg HTTP/1.1" 200 27
222.65.220.241 - - [13/Aug/2023:11:03:18 +0800] "GET /xingrg/all/function/internal_message.html?_=1691895798329&CODE_STATE=getMsg HTTP/1.1" 200 27
180.169.147.146 - - [13/Aug/2023:11:03:18 +0800] "GET /xingrg/all/function/internal_message.html?_=1691895792916&CODE_STATE=getMsg HTTP/1.1" 200 27
180.169.147.146 - - [13/Aug/2023:11:03:18 +0800] "GET /xingrg/check_reg.html?_=1691895792918 HTTP/1.1" 200 22
116.238.191.126 - - [13/Aug/2023:11:03:30 +0800] "GET /xingrg/all/function/internal_message.html?_=1691895808531&CODE_STATE=getMsg HTTP/1.1" 200 27
124.78.70.128 - - [13/Aug/2023:11:03:33 +0800] "GET /xingrg/kc/buy/cgsh_order_operate.html?command=get_materiel&rest_code=00141&code=00101006055&supplier_code=00100012&order_time=2023-08-13 HTTP/1.1" 200 409
124.79.243.110 - - [13/Aug/2023:11:03:33 +0800] "GET /xingrg/check_reg.html?_=1691896104202 HTTP/1.1" 200 22
124.79.243.110 - - [13/Aug/2023:11:03:33 +0800] "GET /xingrg/all/function/internal_message.html?_=1691896104204&CODE_STATE=getMsg HTTP/1.1" 200 27
116.232.195.127 - - [13/Aug/2023:11:03:34 +0800] "GET /xingrg/all/function/internal_message.html?_=1691895745477&CODE_STATE=getMsg HTTP/1.1" 200 27
101.83.145.37 - - [13/Aug/2023:11:03:38 +0800] "GET /xingrg/all/function/internal_message.html?_=1691895620113&CODE_STATE=getMsg HTTP/1.1" 200 27
222.70.180.200 - - [13/Aug/2023:11:03:45 +0800] "GET /xingrg/all/function/internal_message.html?_=1691895826160&CODE_STATE=getMsg HTTP/1.1" 200 27
101.83.241.37 - - [13/Aug/2023:11:03:51 +0800] "GET /xingrg/all/function/internal_message.html?_=1691895831266&CODE_STATE=getMsg HTTP/1.1" 200 27
101.228.187.155 - - [13/Aug/2023:11:03:56 +0800] "GET /xingrg/all/function/internal_message.html?_=1691895836473&CODE_STATE=getMsg HTTP/1.1" 200 27
58.40.7.146 - - [13/Aug/2023:11:03:56 +0800] "GET /xingrg/all/function/internal_message.html?_=1691895836639&CODE_STATE=getMsg HTTP/1.1" 200 27
222.70.118.201 - - [13/Aug/2023:11:04:08 +0800] "GET /xingrg/all/function/internal_message.html?_=1691895848796&CODE_STATE=getMsg HTTP/1.1" 200 27
124.78.70.128 - - [13/Aug/2023:11:04:08 +0800] "GET /xingrg/kc/buy/cgsh_order_operate.html?command=get_materiel&rest_code=00141&code=00101006180&supplier_code=00100012&order_time=2023-08-13 HTTP/1.1" 200 423
101.83.145.37 - - [13/Aug/2023:11:04:08 +0800] "GET /xingrg/all/function/internal_message.html?_=1691895850910&CODE_STATE=getMsg HTTP/1.1" 200 27
222.69.130.30 - - [13/Aug/2023:11:04:09 +0800] "GET /xingrg/check_reg.html?_=1691895984951 HTTP/1.1" 200 22
222.69.130.30 - - [13/Aug/2023:11:04:09 +0800] "GET /xingrg/all/function/internal_message.html?_=1691895984953&CODE_STATE=getMsg HTTP/1.1" 200 27
124.79.243.110 - - [13/Aug/2023:11:04:09 +0800] "GET /xingrg/all/function/internal_message.html?_=1691895845509&CODE_STATE=getMsg HTTP/1.1" 200 27
180.163.29.234 - - [13/Aug/2023:11:04:12 +0800] "GET /xingrg/all/function/internal_message.html?_=1691895787541&CODE_STATE=getMsg HTTP/1.1" 302 -
180.163.29.234 - - [13/Aug/2023:11:04:12 +0800] "GET /xingrg/login.html HTTP/1.1" 200 7641
124.78.155.92 - - [13/Aug/2023:11:04:12 +0800] "GET /xingrg/all/function/internal_message.html?_=1691895847515&CODE_STATE=getMsg HTTP/1.1" 200 27
124.78.155.92 - - [13/Aug/2023:11:04:13 +0800] "GET /xingrg/check_reg.html?_=1691895848329 HTTP/1.1" 200 22
116.235.241.82 - - [13/Aug/2023:11:04:13 +0800] "GET /xingrg/all/function/internal_message.html?_=1691895854108&CODE_STATE=getMsg HTTP/1.1" 200 27
101.83.145.37 - - [13/Aug/2023:11:04:14 +0800] "GET /xingrg/kc/buy/cgsh_order_list.html HTTP/1.1" 200 56077
124.78.70.128 - - [13/Aug/2023:11:04:14 +0800] "GET /xingrg/all/function/internal_message.html?_=1691895309315&CODE_STATE=getMsg HTTP/1.1" 200 27
180.152.241.196 - - [13/Aug/2023:11:04:17 +0800] "POST /xingrg/kc/buy/cgsh_order_operate.html HTTP/1.1" 200 12
116.238.191.126 - - [13/Aug/2023:11:04:17 +0800] "GET /xingrg/all/function/internal_message.html?_=1691895767692&CODE_STATE=getMsg HTTP/1.1" 200 27
222.65.220.241 - - [13/Aug/2023:11:04:18 +0800] "GET /xingrg/all/function/internal_message.html?_=1691895858312&CODE_STATE=getMsg HTTP/1.1" 200 27
180.169.147.146 - - [13/Aug/2023:11:04:18 +0800] "GET /xingrg/all/function/internal_message.html?_=1691895852915&CODE_STATE=getMsg HTTP/1.1" 200 27
180.152.241.196 - - [13/Aug/2023:11:04:21 +0800] "GET /xingrg/all/function/internal_message.html?_=1691895862300&CODE_STATE=getMsg HTTP/1.1" 200 27
180.152.241.196 - - [13/Aug/2023:11:04:22 +0800] "GET /xingrg/check_reg.html?_=1691895862875 HTTP/1.1" 200 22
180.152.241.196 - - [13/Aug/2023:11:04:22 +0800] "GET /xingrg/kc/buy/cgsh_order_info.html?code=212023081305145 HTTP/1.1" 200 66791
180.152.241.196 - - [13/Aug/2023:11:04:23 +0800] "GET /xingrg/words/20230813103806_words.js HTTP/1.1" 304 -
180.152.241.196 - - [13/Aug/2023:11:04:23 +0800] "GET /xingrg/javascript/easyui/themes/default/validatebox.css HTTP/1.1" 404 1104
124.78.70.128 - - [13/Aug/2023:11:04:27 +0800] "POST /xingrg/kc/buy/cgsh_order_operate.html HTTP/1.1" 200 37
180.152.241.196 - - [13/Aug/2023:11:04:27 +0800] "POST /xingrg/kc/buy/cgsh_order_operate.html HTTP/1.1" 200 2419
116.238.191.126 - - [13/Aug/2023:11:04:30 +0800] "GET /xingrg/all/function/internal_message.html?_=1691895868536&CODE_STATE=getMsg HTTP/1.1" 200 27
124.78.70.128 - - [13/Aug/2023:11:04:30 +0800] "POST /xingrg/kc/buy/cgsh_order_operate.html HTTP/1.1" 200 7420
124.78.70.128 - - [13/Aug/2023:11:04:32 +0800] "GET /xingrg/kc/print/load_data.html?order_code=212023081305146&kc_code=cgsh&condition= HTTP/1.1" 200 2602
124.79.243.110 - - [13/Aug/2023:11:04:33 +0800] "GET /xingrg/all/function/internal_message.html?_=1691896164202&CODE_STATE=getMsg HTTP/1.1" 200 27
116.232.195.127 - - [13/Aug/2023:11:04:34 +0800] "GET /xingrg/all/function/internal_message.html?_=1691895805453&CODE_STATE=getMsg HTTP/1.1" 200 27
180.152.241.196 - - [13/Aug/2023:11:04:37 +0800] "GET /xingrg/kc/print/load_data.html?order_code=212023081305145&kc_code=cgsh&condition= HTTP/1.1" 200 1373
101.83.145.37 - - [13/Aug/2023:11:04:38 +0800] "GET /xingrg/all/function/internal_message.html?_=1691895680114&CODE_STATE=getMsg HTTP/1.1" 200 27
101.83.145.37 - - [13/Aug/2023:11:04:39 +0800] "POST /xingrg/kc/buy/cgsh_list_operate.html HTTP/1.1" 200 3530
222.70.180.200 - - [13/Aug/2023:11:04:45 +0800] "GET /xingrg/all/function/internal_message.html?_=1691895886162&CODE_STATE=getMsg HTTP/1.1" 200 27
222.70.180.200 - - [13/Aug/2023:11:04:45 +0800] "GET /xingrg/check_reg.html?_=1691895886157 HTTP/1.1" 200 22
101.83.241.37 - - [13/Aug/2023:11:04:51 +0800] "GET /xingrg/all/function/internal_message.html?_=1691895891268&CODE_STATE=getMsg HTTP/1.1" 200 27
101.228.187.155 - - [13/Aug/2023:11:04:56 +0800] "GET /xingrg/check_reg.html?_=1691895896499 HTTP/1.1" 200 22
101.228.187.155 - - [13/Aug/2023:11:04:56 +0800] "GET /xingrg/all/function/internal_message.html?_=1691895896501&CODE_STATE=getMsg HTTP/1.1" 200 27
58.40.7.146 - - [13/Aug/2023:11:04:56 +0800] "GET /xingrg/all/function/internal_message.html?_=1691895896640&CODE_STATE=getMsg HTTP/1.1" 200 27
222.69.130.30 - - [13/Aug/2023:11:05:05 +0800] "GET /xingrg/kc/buy/cgsh_order_list.html HTTP/1.1" 200 56083
222.70.118.201 - - [13/Aug/2023:11:05:08 +0800] "GET /xingrg/check_reg.html?_=1691895908813 HTTP/1.1" 200 22
222.70.118.201 - - [13/Aug/2023:11:05:08 +0800] "GET /xingrg/all/function/internal_message.html?_=1691895908811&CODE_STATE=getMsg HTTP/1.1" 200 27
101.83.145.37 - - [13/Aug/2023:11:05:08 +0800] "GET /xingrg/all/function/internal_message.html?_=1691895910899&CODE_STATE=getMsg HTTP/1.1" 200 27
101.83.145.37 - - [13/Aug/2023:11:05:09 +0800] "GET /xingrg/check_reg.html?_=1691895910997 HTTP/1.1" 200 22
222.69.130.30 - - [13/Aug/2023:11:05:09 +0800] "GET /xingrg/all/function/internal_message.html?_=1691896044942&CODE_STATE=getMsg HTTP/1.1" 200 27
124.79.243.110 - - [13/Aug/2023:11:05:09 +0800] "GET /xingrg/all/function/internal_message.html?_=1691895905524&CODE_STATE=getMsg HTTP/1.1" 200 27
222.69.130.30 - - [13/Aug/2023:11:05:09 +0800] "POST /xingrg/kc/buy/cgsh_list_operate.html HTTP/1.1" 200 986
116.235.241.82 - - [13/Aug/2023:11:05:11 +0800] "GET /xingrg/check_reg.html?_=1691895911820 HTTP/1.1" 200 22
222.69.130.30 - - [13/Aug/2023:11:05:11 +0800] "GET /xingrg/kc/buy/cgsh_order_add.html HTTP/1.1" 200 71063
222.69.130.30 - - [13/Aug/2023:11:05:11 +0800] "GET /xingrg/words/20230813103806_words.js HTTP/1.1" 304 -
222.69.130.30 - - [13/Aug/2023:11:05:11 +0800] "POST /xingrg/kc/buy/cgsh_order_operate.html HTTP/1.1" 200 8245
222.69.130.30 - - [13/Aug/2023:11:05:12 +0800] "GET /xingrg/javascript/easyui/themes/default/validatebox.css HTTP/1.1" 404 1104
222.69.130.30 - - [13/Aug/2023:11:05:12 +0800] "GET /xingrg/all/common/auto_word.html?type=employee&rest_code=00154 HTTP/1.1" 200 101
222.69.130.30 - - [13/Aug/2023:11:05:12 +0800] "GET /xingrg/all/common/auto_word.html?type=employee&rest_code=00154 HTTP/1.1" 200 101
180.163.28.114 - - [13/Aug/2023:11:05:12 +0800] "GET /xingrg/all/function/internal_message.html?_=1691895847515&CODE_STATE=getMsg HTTP/1.1" 302 -
180.163.28.114 - - [13/Aug/2023:11:05:12 +0800] "GET /xingrg/login.html HTTP/1.1" 200 7641
124.78.155.92 - - [13/Aug/2023:11:05:12 +0800] "GET /xingrg/all/function/internal_message.html?_=1691895907487&CODE_STATE=getMsg HTTP/1.1" 200 27
116.235.241.82 - - [13/Aug/2023:11:05:13 +0800] "GET /xingrg/all/function/internal_message.html?_=1691895914121&CODE_STATE=getMsg HTTP/1.1" 200 27
124.78.70.128 - - [13/Aug/2023:11:05:14 +0800] "GET /xingrg/all/function/internal_message.html?_=1691895369334&CODE_STATE=getMsg HTTP/1.1" 200 27
124.78.70.128 - - [13/Aug/2023:11:05:14 +0800] "GET /xingrg/check_reg.html?_=1691895369336 HTTP/1.1" 200 22
116.238.191.126 - - [13/Aug/2023:11:05:17 +0800] "GET /xingrg/all/function/internal_message.html?_=1691895827700&CODE_STATE=getMsg HTTP/1.1" 200 27
101.83.145.37 - - [13/Aug/2023:11:05:18 +0800] "GET /xingrg/kc/buy/cgsh_order_add.html HTTP/1.1" 200 71941
222.65.220.241 - - [13/Aug/2023:11:05:18 +0800] "GET /xingrg/all/function/internal_message.html?_=1691895918291&CODE_STATE=getMsg HTTP/1.1" 200 27
101.83.145.37 - - [13/Aug/2023:11:05:18 +0800] "GET /xingrg/words/20230813103806_words.js HTTP/1.1" 200 983184
222.65.220.241 - - [13/Aug/2023:11:05:18 +0800] "GET /xingrg/check_reg.html?_=1691895918659 HTTP/1.1" 200 22
101.83.145.37 - - [13/Aug/2023:11:05:18 +0800] "POST /xingrg/kc/buy/cgsh_order_operate.html HTTP/1.1" 200 8245
101.83.145.37 - - [13/Aug/2023:11:05:18 +0800] "GET /xingrg/javascript/easyui/themes/default/validatebox.css HTTP/1.1" 404 1104
180.169.147.146 - - [13/Aug/2023:11:05:18 +0800] "GET /xingrg/all/function/internal_message.html?_=1691895912914&CODE_STATE=getMsg HTTP/1.1" 200 27
180.152.241.196 - - [13/Aug/2023:11:05:21 +0800] "GET /xingrg/kc/base/wldb_order_list.html HTTP/1.1" 200 19215
180.152.241.196 - - [13/Aug/2023:11:05:21 +0800] "GET /xingrg/all/function/internal_message.html?_=1691895922270&CODE_STATE=getMsg HTTP/1.1" 200 27
180.152.241.196 - - [13/Aug/2023:11:05:21 +0800] "POST /xingrg/kc/base/wldb_list_operate.html HTTP/1.1" 200 928
222.69.130.30 - - [13/Aug/2023:11:05:22 +0800] "GET /xingrg/kc/buy/cgsh_order_list.html HTTP/1.1" 200 56083
180.152.241.196 - - [13/Aug/2023:11:05:24 +0800] "GET /xingrg/kc/base/wldb_order_add.html HTTP/1.1" 200 30494
180.152.241.196 - - [13/Aug/2023:11:05:24 +0800] "GET /xingrg/all/common/auto_word.html?type=base&rest_code=00102 HTTP/1.1" 200 1857
180.152.241.196 - - [13/Aug/2023:11:05:24 +0800] "GET /xingrg/javascript/easyui/themes/default/validatebox.css HTTP/1.1" 404 1104
180.152.241.196 - - [13/Aug/2023:11:05:24 +0800] "GET /xingrg/all/common/auto_word.html?type=base&rest_code=00102 HTTP/1.1" 200 1857
180.152.241.196 - - [13/Aug/2023:11:05:24 +0800] "POST /xingrg/kc/base/wldb_order_operate.html HTTP/1.1" 200 6806
222.69.130.30 - - [13/Aug/2023:11:05:25 +0800] "POST /xingrg/kc/buy/cgsh_list_operate.html HTTP/1.1" 200 986
222.69.130.30 - - [13/Aug/2023:11:05:28 +0800] "GET /xingrg/kc/buy/cgsh_order_add.html HTTP/1.1" 200 71063
222.69.130.30 - - [13/Aug/2023:11:05:28 +0800] "POST /xingrg/kc/buy/cgsh_order_operate.html HTTP/1.1" 200 8245
222.69.130.30 - - [13/Aug/2023:11:05:28 +0800] "GET /xingrg/javascript/easyui/themes/default/validatebox.css HTTP/1.1" 404 1104
116.238.191.126 - - [13/Aug/2023:11:05:30 +0800] "GET /xingrg/all/function/internal_message.html?_=1691895928537&CODE_STATE=getMsg HTTP/1.1" 200 27
101.83.145.37 - - [13/Aug/2023:11:05:31 +0800] "GET /xingrg/kc/buy/cgsh_order_operate.html?command=get_materiel&rest_code=00105&code=00101002006&supplier_code=00100091&order_time=2023-08-13 HTTP/1.1" 200 416
124.79.243.110 - - [13/Aug/2023:11:05:33 +0800] "GET /xingrg/all/function/internal_message.html?_=1691896224199&CODE_STATE=getMsg HTTP/1.1" 200 27
116.232.195.127 - - [13/Aug/2023:11:05:34 +0800] "GET /xingrg/all/function/internal_message.html?_=1691895865446&CODE_STATE=getMsg HTTP/1.1" 200 27
116.232.195.127 - - [13/Aug/2023:11:05:36 +0800] "GET /xingrg/check_reg.html?_=1691895867246 HTTP/1.1" 200 22
180.152.241.196 - - [13/Aug/2023:11:05:37 +0800] "POST /xingrg/all/common/load_combo.html?type=base HTTP/1.1" 200 3321
101.83.145.37 - - [13/Aug/2023:11:05:38 +0800] "GET /xingrg/all/function/internal_message.html?_=1691895740114&CODE_STATE=getMsg HTTP/1.1" 200 27
180.152.241.196 - - [13/Aug/2023:11:05:40 +0800] "POST /xingrg/all/common/load_combo.html?type=base HTTP/1.1" 200 3321
180.152.241.196 - - [13/Aug/2023:11:05:44 +0800] "GET /xingrg/javascript/auto/indicator.gif HTTP/1.1" 404 1066
101.83.145.37 - - [13/Aug/2023:11:05:45 +0800] "POST /xingrg/kc/buy/cgsh_order_operate.html HTTP/1.1" 200 37
222.70.180.200 - - [13/Aug/2023:11:05:45 +0800] "GET /xingrg/all/function/internal_message.html?_=1691895946187&CODE_STATE=getMsg HTTP/1.1" 200 27
180.152.241.196 - - [13/Aug/2023:11:05:46 +0800] "GET /xingrg/kc/base/wldb_order_operate.html?command=get_materiel&rest_code=00102&base_code=0010476&code=00101008417 HTTP/1.1" 200 430
101.83.145.37 - - [13/Aug/2023:11:05:47 +0800] "POST /xingrg/kc/buy/cgsh_order_operate.html HTTP/1.1" 200 2661
101.83.145.37 - - [13/Aug/2023:11:05:49 +0800] "GET /xingrg/kc/print/load_data.html?order_code=212023081305147&kc_code=cgsh&condition= HTTP/1.1" 200 740
101.83.241.37 - - [13/Aug/2023:11:05:51 +0800] "GET /xingrg/all/function/internal_message.html?_=1691895951272&CODE_STATE=getMsg HTTP/1.1" 200 27
180.152.241.196 - - [13/Aug/2023:11:05:55 +0800] "POST /xingrg/kc/base/wldb_order_operate.html HTTP/1.1" 200 37
