222.69.130.30 - - [13/Aug/2023:09:52:38 +0800] "GET /xingrg/all/function/internal_message.html?_=1691891694031&CODE_STATE=getMsg HTTP/1.1" 200 27
180.152.241.196 - - [13/Aug/2023:09:52:40 +0800] "GET /xingrg/kc/buy/cgsh_order_operate.html?command=get_materiel&rest_code=00102&code=00101031001&supplier_code=00100064&order_time=2023-08-13 HTTP/1.1" 200 419
116.238.191.126 - - [13/Aug/2023:09:52:42 +0800] "POST /xingrg/kc/buy/cgsh_order_operate.html HTTP/1.1" 200 12
116.238.191.126 - - [13/Aug/2023:09:52:50 +0800] "GET /xingrg/kc/buy/cgsh_order_info.html?code=212023081305100 HTTP/1.1" 200 66812
116.238.191.126 - - [13/Aug/2023:09:52:50 +0800] "GET /xingrg/javascript/easyui/themes/default/validatebox.css HTTP/1.1" 404 1104
116.238.191.126 - - [13/Aug/2023:09:52:52 +0800] "POST /xingrg/kc/buy/cgsh_order_operate.html HTTP/1.1" 200 36698
120.253.135.82 - - [13/Aug/2023:09:52:52 +0800] "POST /xingrg/kc/pszx/mdps_list_operate.html HTTP/1.1" 200 1692
180.152.241.196 - - [13/Aug/2023:09:52:53 +0800] "GET /xingrg/kc/buy/cgsh_order_operate.html?command=get_materiel&rest_code=00102&code=00101031006&supplier_code=00100064&order_time=2023-08-13 HTTP/1.1" 200 417
120.253.135.82 - - [13/Aug/2023:09:52:53 +0800] "POST /xingrg/kc/pszx/mdps_list_operate.html HTTP/1.1" 200 286
116.238.191.126 - - [13/Aug/2023:09:52:55 +0800] "GET /xingrg/kc/print/load_config.html?kc_code=cgsh HTTP/1.1" 200 1924
116.238.191.126 - - [13/Aug/2023:09:52:57 +0800] "GET /xingrg/kc/print/load_data.html?order_code=212023081305100&kc_code=cgsh&condition= HTTP/1.1" 200 14366
120.253.135.82 - - [13/Aug/2023:09:52:57 +0800] "GET /xingrg/kc/pszx/mdps_order_info.html?code=312023081000273 HTTP/1.1" 200 23978
120.253.135.82 - - [13/Aug/2023:09:52:57 +0800] "GET /xingrg/javascript/easyui/themes/default/validatebox.css HTTP/1.1" 404 1104
120.253.135.82 - - [13/Aug/2023:09:52:58 +0800] "POST /xingrg/kc/pszx/mdps_order_operate.html HTTP/1.1" 200 2771
120.253.135.82 - - [13/Aug/2023:09:53:02 +0800] "POST /xingrg/kc/pszx/mdps_order_operate.html HTTP/1.1" 200 37
180.152.241.196 - - [13/Aug/2023:09:53:03 +0800] "POST /xingrg/kc/buy/cgsh_order_operate.html HTTP/1.1" 200 37
116.238.191.126 - - [13/Aug/2023:09:53:05 +0800] "GET /xingrg/kc/buy/cgsh_order_add.html HTTP/1.1" 200 71903
116.238.191.126 - - [13/Aug/2023:09:53:06 +0800] "POST /xingrg/kc/buy/cgsh_order_operate.html HTTP/1.1" 200 8245
116.238.191.126 - - [13/Aug/2023:09:53:06 +0800] "GET /xingrg/javascript/easyui/themes/default/validatebox.css HTTP/1.1" 404 1104
222.70.118.201 - - [13/Aug/2023:09:53:08 +0800] "GET /xingrg/all/function/internal_message.html?_=1691891588667&CODE_STATE=getMsg HTTP/1.1" 200 27
120.253.135.82 - - [13/Aug/2023:09:53:08 +0800] "POST /xingrg/kc/pszx/mdps_order_operate.html HTTP/1.1" 200 12
101.83.145.37 - - [13/Aug/2023:09:53:09 +0800] "GET /xingrg/all/function/internal_message.html?_=1691891590919&CODE_STATE=getMsg HTTP/1.1" 200 27
124.79.243.110 - - [13/Aug/2023:09:53:09 +0800] "GET /xingrg/all/function/internal_message.html?_=1691891585522&CODE_STATE=getMsg HTTP/1.1" 200 27
116.235.241.82 - - [13/Aug/2023:09:53:10 +0800] "GET /xingrg/all/function/internal_message.html?_=1691891590809&CODE_STATE=getMsg HTTP/1.1" 200 27
120.253.135.82 - - [13/Aug/2023:09:53:10 +0800] "GET /xingrg/kc/pszx/mdps_order_info.html?code=312023081000273 HTTP/1.1" 200 19638
120.253.135.82 - - [13/Aug/2023:09:53:11 +0800] "GET /xingrg/javascript/easyui/themes/default/validatebox.css HTTP/1.1" 404 1104
120.253.135.82 - - [13/Aug/2023:09:53:11 +0800] "POST /xingrg/kc/pszx/mdps_order_operate.html HTTP/1.1" 200 986
120.253.135.82 - - [13/Aug/2023:09:53:12 +0800] "POST /xingrg/kc/pszx/mdps_list_operate.html HTTP/1.1" 200 868
116.232.195.127 - - [13/Aug/2023:09:53:12 +0800] "GET /xingrg/all/function/internal_message.html?_=1691891523778&CODE_STATE=getMsg HTTP/1.1" 200 27
116.238.191.126 - - [13/Aug/2023:09:53:15 +0800] "GET /xingrg/kc/buy/cgsh_order_operate.html?command=get_materiel&rest_code=00150&code=00101009109&supplier_code=00100022&order_time=2023-08-13 HTTP/1.1" 200 413
116.238.191.126 - - [13/Aug/2023:09:53:16 +0800] "GET /xingrg/all/function/internal_message.html?_=1691891506318&CODE_STATE=getMsg HTTP/1.1" 200 27
180.152.241.196 - - [13/Aug/2023:09:53:17 +0800] "POST /xingrg/kc/buy/cgsh_order_operate.html HTTP/1.1" 200 12
222.65.220.241 - - [13/Aug/2023:09:53:18 +0800] "GET /xingrg/all/function/internal_message.html?_=1691891597399&CODE_STATE=getMsg HTTP/1.1" 200 27
180.152.241.196 - - [13/Aug/2023:09:53:20 +0800] "GET /xingrg/kc/buy/cgsh_order_info.html?code=212023081305123 HTTP/1.1" 200 66801
180.152.241.196 - - [13/Aug/2023:09:53:20 +0800] "GET /xingrg/javascript/easyui/themes/default/validatebox.css HTTP/1.1" 404 1104
180.152.241.196 - - [13/Aug/2023:09:53:21 +0800] "GET /xingrg/all/function/internal_message.html?_=1691891602796&CODE_STATE=getMsg HTTP/1.1" 200 27
180.152.241.196 - - [13/Aug/2023:09:53:22 +0800] "POST /xingrg/kc/buy/cgsh_order_operate.html HTTP/1.1" 200 1209
180.152.241.196 - - [13/Aug/2023:09:53:24 +0800] "GET /xingrg/kc/print/load_data.html?order_code=212023081305123&kc_code=cgsh&condition= HTTP/1.1" 200 967
180.152.241.196 - - [13/Aug/2023:09:53:25 +0800] "GET /xingrg/all/function/internal_message.html?_=1691891604528&CODE_STATE=getMsg HTTP/1.1" 200 27
116.238.191.126 - - [13/Aug/2023:09:53:26 +0800] "GET /xingrg/kc/buy/cgsh_order_operate.html?command=get_materiel&rest_code=00150&code=00101009011&supplier_code=00100022&order_time=2023-08-13 HTTP/1.1" 200 416
222.70.180.200 - - [13/Aug/2023:09:53:28 +0800] "GET /xingrg/all/function/internal_message.html?_=1691891608255&CODE_STATE=getMsg HTTP/1.1" 200 27
120.253.135.82 - - [13/Aug/2023:09:53:30 +0800] "POST /xingrg/kc/pszx/mdps_list_operate.html HTTP/1.1" 200 2810
120.253.135.82 - - [13/Aug/2023:09:53:32 +0800] "POST /xingrg/kc/pszx/mdps_list_operate.html HTTP/1.1" 200 286
120.253.135.82 - - [13/Aug/2023:09:53:33 +0800] "GET /xingrg/kc/pszx/mdps_order_info.html?code=312023081000265 HTTP/1.1" 200 23978
120.253.135.82 - - [13/Aug/2023:09:53:33 +0800] "GET /xingrg/javascript/easyui/themes/default/validatebox.css HTTP/1.1" 404 1104
120.253.135.82 - - [13/Aug/2023:09:53:34 +0800] "POST /xingrg/kc/pszx/mdps_order_operate.html HTTP/1.1" 200 2771
116.238.191.126 - - [13/Aug/2023:09:53:35 +0800] "GET /xingrg/all/function/internal_message.html?_=1691891613808&CODE_STATE=getMsg HTTP/1.1" 200 27
116.232.195.127 - - [13/Aug/2023:09:53:35 +0800] "GET /xingrg/all/function/internal_message.html?_=1691891546595&CODE_STATE=getMsg HTTP/1.1" 200 27
116.238.191.126 - - [13/Aug/2023:09:53:36 +0800] "GET /xingrg/kc/buy/cgsh_order_operate.html?command=get_materiel&rest_code=00150&code=00101009122&supplier_code=00100022&order_time=2023-08-13 HTTP/1.1" 200 405
222.69.130.30 - - [13/Aug/2023:09:53:36 +0800] "GET /xingrg/login.html HTTP/1.1" 200 7641
222.69.130.30 - - [13/Aug/2023:09:53:37 +0800] "GET /favicon.ico HTTP/1.1" 404 -
120.253.135.82 - - [13/Aug/2023:09:53:37 +0800] "POST /xingrg/kc/pszx/mdps_order_operate.html HTTP/1.1" 200 37
101.83.145.37 - - [13/Aug/2023:09:53:38 +0800] "GET /xingrg/all/function/internal_message.html?_=1691891420006&CODE_STATE=getMsg HTTP/1.1" 200 27
120.253.135.82 - - [13/Aug/2023:09:53:43 +0800] "POST /xingrg/kc/pszx/mdps_order_operate.html HTTP/1.1" 200 12
120.253.135.82 - - [13/Aug/2023:09:53:45 +0800] "GET /xingrg/kc/pszx/mdps_order_info.html?code=312023081000265 HTTP/1.1" 200 19638
120.253.135.82 - - [13/Aug/2023:09:53:45 +0800] "GET /xingrg/javascript/easyui/themes/default/validatebox.css HTTP/1.1" 404 1104
120.253.135.82 - - [13/Aug/2023:09:53:46 +0800] "POST /xingrg/kc/pszx/mdps_order_operate.html HTTP/1.1" 200 986
120.253.135.82 - - [13/Aug/2023:09:53:47 +0800] "POST /xingrg/kc/pszx/mdps_list_operate.html HTTP/1.1" 200 2437
222.69.130.30 - - [13/Aug/2023:09:53:49 +0800] "POST /xingrg/login.do HTTP/1.1" 200 2421
222.69.130.30 - - [13/Aug/2023:09:53:49 +0800] "GET /xingrg/images/blue/pic_top.gif HTTP/1.1" 200 3656
222.69.130.30 - - [13/Aug/2023:09:53:49 +0800] "GET /xingrg/images/blue/pic_notice.jpg HTTP/1.1" 200 3583
222.69.130.30 - - [13/Aug/2023:09:53:49 +0800] "GET /xingrg/images/blue/error_mid.gif HTTP/1.1" 200 215
222.69.130.30 - - [13/Aug/2023:09:53:49 +0800] "GET /xingrg/images/blue/error_top.gif HTTP/1.1" 200 1790
222.69.130.30 - - [13/Aug/2023:09:53:49 +0800] "GET /xingrg/images/blue/error_buttom.gif HTTP/1.1" 200 1750
222.69.130.30 - - [13/Aug/2023:09:53:49 +0800] "GET /favicon.ico HTTP/1.1" 404 -
222.69.130.30 - - [13/Aug/2023:09:53:52 +0800] "GET /xingrg/login.html HTTP/1.1" 200 7641
222.69.130.30 - - [13/Aug/2023:09:53:52 +0800] "GET /favicon.ico HTTP/1.1" 404 -
116.238.191.126 - - [13/Aug/2023:09:53:53 +0800] "GET /xingrg/kc/buy/cgsh_order_operate.html?command=get_materiel&rest_code=00150&code=00101009031&supplier_code=00100022&order_time=2023-08-13 HTTP/1.1" 200 408
222.69.130.30 - - [13/Aug/2023:09:53:54 +0800] "POST /xingrg/login.do HTTP/1.1" 302 -
222.69.130.30 - - [13/Aug/2023:09:53:54 +0800] "GET /xingrg/index.html?sysBaseUrl=http%3A%2F%2F180.169.147.146%3A18081%2Fxingrg%2F&costTime=884×tamp=1691891634808 HTTP/1.1" 200 17179
222.69.130.30 - - [13/Aug/2023:09:53:54 +0800] "GET /favicon.ico HTTP/1.1" 404 -
222.69.130.30 - - [13/Aug/2023:09:53:55 +0800] "GET /xingrg/all/function/internal_message.html?_=1691891770521&CODE_STATE=count HTTP/1.1" 200 11
222.69.130.30 - - [13/Aug/2023:09:53:55 +0800] "GET /xingrg/check_reg.html?_=1691891770522 HTTP/1.1" 200 22
222.69.130.30 - - [13/Aug/2023:09:53:55 +0800] "POST /xingrg/all/common/load_tree.html?tree=area_rest_tree_json&manage=1 HTTP/1.1" 200 351
222.69.130.30 - - [13/Aug/2023:09:53:55 +0800] "POST /xingrg/load_menu.html HTTP/1.1" 200 5138
120.253.135.82 - - [13/Aug/2023:09:53:58 +0800] "GET /xingrg/kc/pszx/mdqp_order_list.html?state=10 HTTP/1.1" 200 10275
120.253.135.82 - - [13/Aug/2023:09:53:58 +0800] "GET /xingrg/dwr/interface/AjaxQqpsService.js HTTP/1.1" 200 16326
120.253.135.82 - - [13/Aug/2023:09:53:58 +0800] "GET /xingrg/dwr/interface/AjaxReportQueryService.js HTTP/1.1" 200 13203
120.253.135.82 - - [13/Aug/2023:09:53:58 +0800] "GET /xingrg/dwr/engine.js HTTP/1.1" 200 43631
222.69.130.30 - - [13/Aug/2023:09:53:59 +0800] "GET /xingrg/kc/base/wldb_order_list.html HTTP/1.1" 200 19221
222.69.130.30 - - [13/Aug/2023:09:54:00 +0800] "POST /xingrg/kc/base/wldb_list_operate.html HTTP/1.1" 200 1781
222.69.130.30 - - [13/Aug/2023:09:54:03 +0800] "POST /xingrg/kc/base/wldb_list_operate.html HTTP/1.1" 200 647
222.69.130.30 - - [13/Aug/2023:09:54:04 +0800] "GET /xingrg/kc/base/wldb_order_info.html?code=422023081301365 HTTP/1.1" 200 30519
222.69.130.30 - - [13/Aug/2023:09:54:04 +0800] "GET /xingrg/javascript/easyui/themes/default/validatebox.css HTTP/1.1" 404 1104
222.69.130.30 - - [13/Aug/2023:09:54:04 +0800] "GET /xingrg/all/common/auto_word.html?type=base&rest_code=00154 HTTP/1.1" 200 831
222.69.130.30 - - [13/Aug/2023:09:54:04 +0800] "GET /xingrg/all/common/auto_word.html?type=base&rest_code=00154 HTTP/1.1" 200 831
222.69.130.30 - - [13/Aug/2023:09:54:05 +0800] "POST /xingrg/kc/base/wldb_order_operate.html HTTP/1.1" 200 6742
222.69.130.30 - - [13/Aug/2023:09:54:08 +0800] "POST /xingrg/all/common/load_select.html HTTP/1.1" 200 25
222.70.118.201 - - [13/Aug/2023:09:54:08 +0800] "GET /xingrg/all/function/internal_message.html?_=1691891648667&CODE_STATE=getMsg HTTP/1.1" 200 27
101.83.145.37 - - [13/Aug/2023:09:54:08 +0800] "GET /xingrg/all/function/internal_message.html?_=1691891650906&CODE_STATE=getMsg HTTP/1.1" 200 27
124.79.243.110 - - [13/Aug/2023:09:54:09 +0800] "GET /xingrg/all/function/internal_message.html?_=1691891645511&CODE_STATE=getMsg HTTP/1.1" 200 27
116.235.241.82 - - [13/Aug/2023:09:54:10 +0800] "GET /xingrg/all/function/internal_message.html?_=1691891650817&CODE_STATE=getMsg HTTP/1.1" 200 27
222.69.130.30 - - [13/Aug/2023:09:54:10 +0800] "GET /xingrg/kc/base/wldb_order_operate.html?command=get_materiel_price&rest_code=00154&base_code=0010726&code=00101029108&unit_code=00100178 HTTP/1.1" 200 34
116.232.195.127 - - [13/Aug/2023:09:54:12 +0800] "GET /xingrg/all/function/internal_message.html?_=1691891583784&CODE_STATE=getMsg HTTP/1.1" 200 27
222.69.130.30 - - [13/Aug/2023:09:54:15 +0800] "GET /xingrg/kc/base/wldb_order_operate.html?command=get_materiel_price&rest_code=00154&base_code=0010726&code=00101029108&unit_code=00100179 HTTP/1.1" 200 35
116.238.191.126 - - [13/Aug/2023:09:54:16 +0800] "GET /xingrg/all/function/internal_message.html?_=1691891566351&CODE_STATE=getMsg HTTP/1.1" 200 27
222.65.220.241 - - [13/Aug/2023:09:54:18 +0800] "GET /xingrg/all/function/internal_message.html?_=1691891657411&CODE_STATE=getMsg HTTP/1.1" 200 27
116.238.191.126 - - [13/Aug/2023:09:54:19 +0800] "GET /xingrg/kc/buy/cgsh_order_operate.html?command=get_materiel&rest_code=00150&code=00101009079&supplier_code=00100022&order_time=2023-08-13 HTTP/1.1" 200 409
180.152.241.196 - - [13/Aug/2023:09:54:21 +0800] "GET /xingrg/all/function/internal_message.html?_=1691891662783&CODE_STATE=getMsg HTTP/1.1" 200 27
180.152.241.196 - - [13/Aug/2023:09:54:22 +0800] "GET /xingrg/check_reg.html?_=1691891662984 HTTP/1.1" 200 22
222.69.130.30 - - [13/Aug/2023:09:54:22 +0800] "GET /xingrg/kc/base/wldb_order_add.html HTTP/1.1" 200 30504
222.69.130.30 - - [13/Aug/2023:09:54:22 +0800] "POST /xingrg/kc/base/wldb_order_operate.html HTTP/1.1" 200 6806
222.69.130.30 - - [13/Aug/2023:09:54:22 +0800] "GET /xingrg/javascript/easyui/themes/default/validatebox.css HTTP/1.1" 404 1104
222.69.130.30 - - [13/Aug/2023:09:54:24 +0800] "POST /xingrg/all/common/load_combo.html?type=base HTTP/1.1" 200 1491
180.152.241.196 - - [13/Aug/2023:09:54:25 +0800] "GET /xingrg/all/function/internal_message.html?_=1691891664526&CODE_STATE=getMsg HTTP/1.1" 200 27
222.70.180.200 - - [13/Aug/2023:09:54:28 +0800] "GET /xingrg/all/function/internal_message.html?_=1691891668255&CODE_STATE=getMsg HTTP/1.1" 200 27
222.69.130.30 - - [13/Aug/2023:09:54:29 +0800] "GET /xingrg/javascript/auto/indicator.gif HTTP/1.1" 404 1066
116.238.191.126 - - [13/Aug/2023:09:54:32 +0800] "GET /xingrg/kc/buy/cgsh_order_operate.html?command=get_materiel&rest_code=00150&code=00101009004&supplier_code=00100022&order_time=2023-08-13 HTTP/1.1" 200 409
116.238.191.126 - - [13/Aug/2023:09:54:35 +0800] "GET /xingrg/all/function/internal_message.html?_=1691891673785&CODE_STATE=getMsg HTTP/1.1" 200 27
116.232.195.127 - - [13/Aug/2023:09:54:35 +0800] "GET /xingrg/all/function/internal_message.html?_=1691891606576&CODE_STATE=getMsg HTTP/1.1" 200 27
101.83.145.37 - - [13/Aug/2023:09:54:38 +0800] "GET /xingrg/all/function/internal_message.html?_=1691891480006&CODE_STATE=getMsg HTTP/1.1" 200 27
222.69.130.30 - - [13/Aug/2023:09:54:41 +0800] "GET /xingrg/kc/base/wldb_order_operate.html?command=get_materiel&rest_code=00154&base_code=0010726&code=00101029108 HTTP/1.1" 200 451
116.238.191.126 - - [13/Aug/2023:09:54:42 +0800] "POST /xingrg/kc/buy/cgsh_order_operate.html HTTP/1.1" 200 37
222.69.130.30 - - [13/Aug/2023:09:54:43 +0800] "POST /xingrg/all/common/load_select.html HTTP/1.1" 200 25
116.238.191.126 - - [13/Aug/2023:09:54:52 +0800] "POST /xingrg/kc/buy/cgsh_order_operate.html HTTP/1.1" 200 12
116.238.191.126 - - [13/Aug/2023:09:54:54 +0800] "GET /xingrg/kc/buy/cgsh_order_info.html?code=212023081305124 HTTP/1.1" 200 66810
222.69.130.30 - - [13/Aug/2023:09:54:55 +0800] "GET /xingrg/all/function/internal_message.html?_=1691891830530&CODE_STATE=getMsg HTTP/1.1" 200 27
116.238.191.126 - - [13/Aug/2023:09:54:55 +0800] "GET /xingrg/javascript/easyui/themes/default/validatebox.css HTTP/1.1" 404 1104
116.238.191.126 - - [13/Aug/2023:09:54:57 +0800] "POST /xingrg/kc/buy/cgsh_order_operate.html HTTP/1.1" 200 3546
116.238.191.126 - - [13/Aug/2023:09:54:59 +0800] "GET /xingrg/kc/print/load_data.html?order_code=212023081305124&kc_code=cgsh&condition= HTTP/1.1" 200 1852
116.238.191.126 - - [13/Aug/2023:09:55:05 +0800] "GET /xingrg/kc/buy/cgsh_order_add.html HTTP/1.1" 200 71903
116.238.191.126 - - [13/Aug/2023:09:55:05 +0800] "POST /xingrg/kc/buy/cgsh_order_operate.html HTTP/1.1" 200 8245
116.238.191.126 - - [13/Aug/2023:09:55:05 +0800] "GET /xingrg/javascript/easyui/themes/default/validatebox.css HTTP/1.1" 404 1104
222.70.118.201 - - [13/Aug/2023:09:55:08 +0800] "GET /xingrg/all/function/internal_message.html?_=1691891708667&CODE_STATE=getMsg HTTP/1.1" 200 27
222.70.118.201 - - [13/Aug/2023:09:55:08 +0800] "GET /xingrg/check_reg.html?_=1691891708669 HTTP/1.1" 200 22
101.83.145.37 - - [13/Aug/2023:09:55:08 +0800] "GET /xingrg/all/function/internal_message.html?_=1691891710908&CODE_STATE=getMsg HTTP/1.1" 200 27
101.83.145.37 - - [13/Aug/2023:09:55:09 +0800] "GET /xingrg/check_reg.html?_=1691891710912 HTTP/1.1" 200 22
116.235.241.82 - - [13/Aug/2023:09:55:09 +0800] "GET /xingrg/check_reg.html?_=1691891709556 HTTP/1.1" 200 22
124.79.243.110 - - [13/Aug/2023:09:55:09 +0800] "GET /xingrg/all/function/internal_message.html?_=1691891705506&CODE_STATE=getMsg HTTP/1.1" 200 27
116.235.241.82 - - [13/Aug/2023:09:55:10 +0800] "GET /xingrg/all/function/internal_message.html?_=1691891710831&CODE_STATE=getMsg HTTP/1.1" 200 27
116.232.195.127 - - [13/Aug/2023:09:55:12 +0800] "GET /xingrg/all/function/internal_message.html?_=1691891643766&CODE_STATE=getMsg HTTP/1.1" 200 27
116.238.191.126 - - [13/Aug/2023:09:55:16 +0800] "GET /xingrg/all/function/internal_message.html?_=1691891626360&CODE_STATE=getMsg HTTP/1.1" 200 27
222.65.220.241 - - [13/Aug/2023:09:55:18 +0800] "GET /xingrg/check_reg.html?_=1691891717402 HTTP/1.1" 200 22
222.65.220.241 - - [13/Aug/2023:09:55:18 +0800] "GET /xingrg/all/function/internal_message.html?_=1691891717405&CODE_STATE=getMsg HTTP/1.1" 200 27
116.238.191.126 - - [13/Aug/2023:09:55:19 +0800] "GET /xingrg/kc/buy/cgsh_order_operate.html?command=get_materiel&rest_code=00150&code=00101015026&supplier_code=00100054&order_time=2023-08-13 HTTP/1.1" 200 412
180.152.241.196 - - [13/Aug/2023:09:55:21 +0800] "GET /xingrg/all/function/internal_message.html?_=1691891722776&CODE_STATE=getMsg HTTP/1.1" 200 27
180.152.241.196 - - [13/Aug/2023:09:55:25 +0800] "GET /xingrg/all/function/internal_message.html?_=1691891724520&CODE_STATE=getMsg HTTP/1.1" 200 27
222.70.180.200 - - [13/Aug/2023:09:55:28 +0800] "GET /xingrg/all/function/internal_message.html?_=1691891728251&CODE_STATE=getMsg HTTP/1.1" 200 27
116.238.191.126 - - [13/Aug/2023:09:55:33 +0800] "GET /xingrg/kc/buy/cgsh_order_operate.html?command=get_materiel&rest_code=00150&code=00101015021&supplier_code=00100054&order_time=2023-08-13 HTTP/1.1" 200 408
116.238.191.126 - - [13/Aug/2023:09:55:35 +0800] "GET /xingrg/all/function/internal_message.html?_=1691891733792&CODE_STATE=getMsg HTTP/1.1" 200 27
116.238.191.126 - - [13/Aug/2023:09:55:35 +0800] "GET /xingrg/check_reg.html?_=1691891733796 HTTP/1.1" 200 22
116.232.195.127 - - [13/Aug/2023:09:55:35 +0800] "GET /xingrg/all/function/internal_message.html?_=1691891666561&CODE_STATE=getMsg HTTP/1.1" 200 27
116.232.195.127 - - [13/Aug/2023:09:55:36 +0800] "GET /xingrg/check_reg.html?_=1691891667246 HTTP/1.1" 200 22
101.83.145.37 - - [13/Aug/2023:09:55:38 +0800] "GET /xingrg/all/function/internal_message.html?_=1691891540006&CODE_STATE=getMsg HTTP/1.1" 200 27
101.80.225.121 - - [13/Aug/2023:09:55:46 +0800] "POST /xingrg/services/DataTransmitService HTTP/1.1" 200 524
116.238.191.126 - - [13/Aug/2023:09:55:47 +0800] "GET /xingrg/kc/buy/cgsh_order_operate.html?command=get_materiel&rest_code=00150&code=00101015019&supplier_code=00100054&order_time=2023-08-13 HTTP/1.1" 200 412
222.69.130.30 - - [13/Aug/2023:09:55:55 +0800] "GET /xingrg/all/function/internal_message.html?_=1691891890529&CODE_STATE=getMsg HTTP/1.1" 200 27
116.238.191.126 - - [13/Aug/2023:09:55:58 +0800] "GET /xingrg/kc/buy/cgsh_order_operate.html?command=get_materiel&rest_code=00150&code=00101015022&supplier_code=00100054&order_time=2023-08-13 HTTP/1.1" 200 408
116.238.191.126 - - [13/Aug/2023:09:56:06 +0800] "GET /xingrg/kc/buy/cgsh_order_operate.html?command=get_materiel&rest_code=00150&code=00101015062&supplier_code=00100054&order_time=2023-08-13 HTTP/1.1" 200 412
222.70.118.201 - - [13/Aug/2023:09:56:08 +0800] "GET /xingrg/all/function/internal_message.html?_=1691891768668&CODE_STATE=getMsg HTTP/1.1" 200 27
101.83.145.37 - - [13/Aug/2023:09:56:09 +0800] "GET /xingrg/all/function/internal_message.html?_=1691891770912&CODE_STATE=getMsg HTTP/1.1" 200 27
124.79.243.110 - - [13/Aug/2023:09:56:09 +0800] "GET /xingrg/check_reg.html?_=1691891765520 HTTP/1.1" 200 22
124.79.243.110 - - [13/Aug/2023:09:56:09 +0800] "GET /xingrg/all/function/internal_message.html?_=1691891765518&CODE_STATE=getMsg HTTP/1.1" 200 27
116.235.241.82 - - [13/Aug/2023:09:56:10 +0800] "GET /xingrg/all/function/internal_message.html?_=1691891770844&CODE_STATE=getMsg HTTP/1.1" 200 27
116.232.195.127 - - [13/Aug/2023:09:56:12 +0800] "GET /xingrg/all/function/internal_message.html?_=1691891703764&CODE_STATE=getMsg HTTP/1.1" 200 27
116.232.195.127 - - [13/Aug/2023:09:56:12 +0800] "GET /xingrg/check_reg.html?_=1691891703775 HTTP/1.1" 200 22
116.238.191.126 - - [13/Aug/2023:09:56:16 +0800] "GET /xingrg/all/function/internal_message.html?_=1691891686385&CODE_STATE=getMsg HTTP/1.1" 200 27
120.253.135.82 - - [13/Aug/2023:09:56:17 +0800] "GET /xingrg/check_reg.html?_=1691891595596 HTTP/1.1" 200 22
222.65.220.241 - - [13/Aug/2023:09:56:18 +0800] "GET /xingrg/all/function/internal_message.html?_=1691891777401&CODE_STATE=getMsg HTTP/1.1" 200 27
180.152.241.196 - - [13/Aug/2023:09:56:18 +0800] "GET /xingrg/kc/buy/cgsh_order_add.html HTTP/1.1" 200 71894
116.238.191.126 - - [13/Aug/2023:09:56:18 +0800] "POST /xingrg/kc/buy/cgsh_order_operate.html HTTP/1.1" 200 37
180.152.241.196 - - [13/Aug/2023:09:56:18 +0800] "POST /xingrg/kc/buy/cgsh_order_operate.html HTTP/1.1" 200 8245
180.152.241.196 - - [13/Aug/2023:09:56:19 +0800] "GET /xingrg/javascript/easyui/themes/default/validatebox.css HTTP/1.1" 404 1104
180.152.241.196 - - [13/Aug/2023:09:56:21 +0800] "GET /xingrg/all/function/internal_message.html?_=1691891782770&CODE_STATE=getMsg HTTP/1.1" 200 27
180.152.241.196 - - [13/Aug/2023:09:56:25 +0800] "GET /xingrg/all/function/internal_message.html?_=1691891784528&CODE_STATE=getMsg HTTP/1.1" 200 27
180.152.241.196 - - [13/Aug/2023:09:56:25 +0800] "GET /xingrg/check_reg.html?_=1691891784534 HTTP/1.1" 200 22
116.238.191.126 - - [13/Aug/2023:09:56:25 +0800] "POST /xingrg/kc/buy/cgsh_order_operate.html HTTP/1.1" 200 12
116.238.191.126 - - [13/Aug/2023:09:56:27 +0800] "GET /xingrg/kc/buy/cgsh_order_info.html?code=212023081305125 HTTP/1.1" 200 66810
116.238.191.126 - - [13/Aug/2023:09:56:27 +0800] "GET /xingrg/javascript/easyui/themes/default/validatebox.css HTTP/1.1" 404 1104
222.70.180.200 - - [13/Aug/2023:09:56:28 +0800] "GET /xingrg/check_reg.html?_=1691891788268 HTTP/1.1" 200 22
222.70.180.200 - - [13/Aug/2023:09:56:28 +0800] "GET /xingrg/all/function/internal_message.html?_=1691891788260&CODE_STATE=getMsg HTTP/1.1" 200 27
116.238.191.126 - - [13/Aug/2023:09:56:29 +0800] "POST /xingrg/kc/buy/cgsh_order_operate.html HTTP/1.1" 200 2975
116.238.191.126 - - [13/Aug/2023:09:56:35 +0800] "GET /xingrg/all/function/internal_message.html?_=1691891793790&CODE_STATE=getMsg HTTP/1.1" 200 27
116.232.195.127 - - [13/Aug/2023:09:56:35 +0800] "GET /xingrg/all/function/internal_message.html?_=1691891726545&CODE_STATE=getMsg HTTP/1.1" 200 27
101.83.145.37 - - [13/Aug/2023:09:56:38 +0800] "GET /xingrg/all/function/internal_message.html?_=1691891600004&CODE_STATE=getMsg HTTP/1.1" 200 27
101.83.145.37 - - [13/Aug/2023:09:56:38 +0800] "GET /xingrg/check_reg.html?_=1691891600395 HTTP/1.1" 200 22
120.253.135.82 - - [13/Aug/2023:09:56:41 +0800] "GET /xingrg/kc/pszx/mdqp_order_list.html?state=10 HTTP/1.1" 200 10275
120.253.135.82 - - [13/Aug/2023:09:56:41 +0800] "GET /xingrg/dwr/interface/AjaxReportQueryService.js HTTP/1.1" 200 13203
120.253.135.82 - - [13/Aug/2023:09:56:41 +0800] "GET /xingrg/dwr/interface/AjaxQqpsService.js HTTP/1.1" 200 16326
120.253.135.82 - - [13/Aug/2023:09:56:41 +0800] "GET /xingrg/dwr/engine.js HTTP/1.1" 200 43631
116.238.191.126 - - [13/Aug/2023:09:56:44 +0800] "GET /xingrg/kc/print/load_data.html?order_code=212023081305125&kc_code=cgsh&condition= HTTP/1.1" 200 1608
116.238.191.126 - - [13/Aug/2023:09:56:49 +0800] "GET /xingrg/kc/buy/cgsh_order_add.html HTTP/1.1" 200 71903
116.238.191.126 - - [13/Aug/2023:09:56:50 +0800] "GET /xingrg/javascript/easyui/themes/default/validatebox.css HTTP/1.1" 404 1104
116.238.191.126 - - [13/Aug/2023:09:56:50 +0800] "POST /xingrg/kc/buy/cgsh_order_operate.html HTTP/1.1" 200 8245
58.40.7.146 - - [13/Aug/2023:09:56:51 +0800] "GET /xingrg/login.html HTTP/1.1" 200 7641
58.40.7.146 - - [13/Aug/2023:09:56:54 +0800] "GET /favicon.ico HTTP/1.1" 404 -
222.69.130.30 - - [13/Aug/2023:09:56:55 +0800] "GET /xingrg/all/function/internal_message.html?_=1691891950534&CODE_STATE=getMsg HTTP/1.1" 200 27
58.40.7.146 - - [13/Aug/2023:09:56:56 +0800] "POST /xingrg/login.do HTTP/1.1" 302 -
58.40.7.146 - - [13/Aug/2023:09:56:56 +0800] "GET /xingrg/index.html?sysBaseUrl=http%3A%2F%2F180.169.147.146%3A18081%2Fxingrg%2F&costTime=891×tamp=1691891816216 HTTP/1.1" 200 17173
58.40.7.146 - - [13/Aug/2023:09:56:56 +0800] "GET /xingrg/all/function/internal_message.html?_=1691891816538&CODE_STATE=count HTTP/1.1" 200 11
58.40.7.146 - - [13/Aug/2023:09:56:56 +0800] "GET /xingrg/check_reg.html?_=1691891816540 HTTP/1.1" 200 22
58.40.7.146 - - [13/Aug/2023:09:56:56 +0800] "POST /xingrg/all/common/load_tree.html?tree=area_rest_tree_json&manage=1 HTTP/1.1" 200 3499
58.40.7.146 - - [13/Aug/2023:09:56:56 +0800] "GET /favicon.ico HTTP/1.1" 404 -
58.40.7.146 - - [13/Aug/2023:09:56:56 +0800] "POST /xingrg/load_menu.html HTTP/1.1" 200 6743
58.40.7.146 - - [13/Aug/2023:09:56:58 +0800] "GET /xingrg/kc/buy/buy_main.html HTTP/1.1" 200 12341
58.40.7.146 - - [13/Aug/2023:09:56:58 +0800] "GET /xingrg/css/new_ie.css HTTP/1.1" 404 1036
116.238.191.126 - - [13/Aug/2023:09:56:58 +0800] "GET /xingrg/check_reg.html?_=1691891728509 HTTP/1.1" 200 22
58.40.7.146 - - [13/Aug/2023:09:57:00 +0800] "GET /xingrg/kc/buy/cgsh_order_list.html HTTP/1.1" 200 56077
58.40.7.146 - - [13/Aug/2023:09:57:03 +0800] "POST /xingrg/kc/buy/cgsh_list_operate.html HTTP/1.1" 200 986
222.70.118.201 - - [13/Aug/2023:09:57:08 +0800] "GET /xingrg/all/function/internal_message.html?_=1691891828668&CODE_STATE=getMsg HTTP/1.1" 200 27
101.83.145.37 - - [13/Aug/2023:09:57:09 +0800] "GET /xingrg/all/function/internal_message.html?_=1691891830913&CODE_STATE=getMsg HTTP/1.1" 200 27
124.79.243.110 - - [13/Aug/2023:09:57:09 +0800] "GET /xingrg/all/function/internal_message.html?_=1691891825511&CODE_STATE=getMsg HTTP/1.1" 200 27
116.235.241.82 - - [13/Aug/2023:09:57:10 +0800] "GET /xingrg/all/function/internal_message.html?_=1691891830860&CODE_STATE=getMsg HTTP/1.1" 200 27
58.40.7.146 - - [13/Aug/2023:09:57:12 +0800] "GET /xingrg/javascript/auto/indicator.gif HTTP/1.1" 404 1066
116.232.195.127 - - [13/Aug/2023:09:57:12 +0800] "GET /xingrg/all/function/internal_message.html?_=1691891763771&CODE_STATE=getMsg HTTP/1.1" 200 27
116.238.191.126 - - [13/Aug/2023:09:57:16 +0800] "GET /xingrg/all/function/internal_message.html?_=1691891746387&CODE_STATE=getMsg HTTP/1.1" 200 27
222.65.220.241 - - [13/Aug/2023:09:57:18 +0800] "GET /xingrg/all/function/internal_message.html?_=1691891837402&CODE_STATE=getMsg HTTP/1.1" 200 27
120.253.135.82 - - [13/Aug/2023:09:57:19 +0800] "GET /xingrg/kc/pszx/mdqp_order_list.html?state=10 HTTP/1.1" 200 10275
120.253.135.82 - - [13/Aug/2023:09:57:19 +0800] "GET /xingrg/dwr/engine.js HTTP/1.1" 200 43631
120.253.135.82 - - [13/Aug/2023:09:57:19 +0800] "GET /xingrg/dwr/interface/AjaxQqpsService.js HTTP/1.1" 200 16326
120.253.135.82 - - [13/Aug/2023:09:57:19 +0800] "GET /xingrg/dwr/interface/AjaxReportQueryService.js HTTP/1.1" 200 13203
120.253.135.82 - - [13/Aug/2023:09:57:21 +0800] "GET /xingrg/kc/pszx/mdps_order_list.html?orderType=0 HTTP/1.1" 200 21149
120.253.135.82 - - [13/Aug/2023:09:57:21 +0800] "POST /xingrg/kc/pszx/mdps_list_operate.html HTTP/1.1" 200 5446
180.152.241.196 - - [13/Aug/2023:09:57:21 +0800] "GET /xingrg/all/function/internal_message.html?_=1691891842754&CODE_STATE=getMsg HTTP/1.1" 200 27
180.152.241.196 - - [13/Aug/2023:09:57:25 +0800] "GET /xingrg/all/function/internal_message.html?_=1691891844534&CODE_STATE=getMsg HTTP/1.1" 200 27
222.70.180.200 - - [13/Aug/2023:09:57:28 +0800] "GET /xingrg/all/function/internal_message.html?_=1691891848253&CODE_STATE=getMsg HTTP/1.1" 200 27
222.70.180.200 - - [13/Aug/2023:09:57:28 +0800] "GET /xingrg/kc/buy/cgsh_order_operate.html?command=get_materiel&rest_code=00111&code=00101010136&supplier_code=00100037&order_time=2023-08-13 HTTP/1.1" 200 408
116.238.191.126 - - [13/Aug/2023:09:57:35 +0800] "GET /xingrg/all/function/internal_message.html?_=1691891853795&CODE_STATE=getMsg HTTP/1.1" 200 27
116.232.195.127 - - [13/Aug/2023:09:57:35 +0800] "GET /xingrg/all/function/internal_message.html?_=1691891786533&CODE_STATE=getMsg HTTP/1.1" 200 27
101.83.145.37 - - [13/Aug/2023:09:57:38 +0800] "GET /xingrg/all/function/internal_message.html?_=1691891660003&CODE_STATE=getMsg HTTP/1.1" 200 27
222.69.130.30 - - [13/Aug/2023:09:57:55 +0800] "GET /xingrg/all/function/internal_message.html?_=1691892010552&CODE_STATE=getMsg HTTP/1.1" 200 27
58.40.7.146 - - [13/Aug/2023:09:57:56 +0800] "GET /xingrg/all/function/internal_message.html?_=1691891876551&CODE_STATE=getMsg HTTP/1.1" 200 27
222.70.118.201 - - [13/Aug/2023:09:58:08 +0800] "GET /xingrg/all/function/internal_message.html?_=1691891888668&CODE_STATE=getMsg HTTP/1.1" 200 27
101.83.145.37 - - [13/Aug/2023:09:58:09 +0800] "GET /xingrg/all/function/internal_message.html?_=1691891890913&CODE_STATE=getMsg HTTP/1.1" 200 27
124.79.243.110 - - [13/Aug/2023:09:58:09 +0800] "GET /xingrg/all/function/internal_message.html?_=1691891885502&CODE_STATE=getMsg HTTP/1.1" 200 27
116.235.241.82 - - [13/Aug/2023:09:58:10 +0800] "GET /xingrg/all/function/internal_message.html?_=1691891891056&CODE_STATE=getMsg HTTP/1.1" 200 27
116.232.195.127 - - [13/Aug/2023:09:58:12 +0800] "GET /xingrg/all/function/internal_message.html?_=1691891823765&CODE_STATE=getMsg HTTP/1.1" 200 27
116.238.191.126 - - [13/Aug/2023:09:58:16 +0800] "GET /xingrg/all/function/internal_message.html?_=1691891806401&CODE_STATE=getMsg HTTP/1.1" 200 27
222.65.220.241 - - [13/Aug/2023:09:58:18 +0800] "GET /xingrg/all/function/internal_message.html?_=1691891897399&CODE_STATE=getMsg HTTP/1.1" 200 27
180.152.241.196 - - [13/Aug/2023:09:58:21 +0800] "GET /xingrg/all/function/internal_message.html?_=1691891902757&CODE_STATE=getMsg HTTP/1.1" 200 27
180.152.241.196 - - [13/Aug/2023:09:58:25 +0800] "GET /xingrg/all/function/internal_message.html?_=1691891904527&CODE_STATE=getMsg HTTP/1.1" 200 27
222.70.180.200 - - [13/Aug/2023:09:58:28 +0800] "GET /xingrg/all/function/internal_message.html?_=1691891908274&CODE_STATE=getMsg HTTP/1.1" 200 27
116.238.191.126 - - [13/Aug/2023:09:58:35 +0800] "GET /xingrg/all/function/internal_message.html?_=1691891913803&CODE_STATE=getMsg HTTP/1.1" 200 27
116.232.195.127 - - [13/Aug/2023:09:58:35 +0800] "GET /xingrg/all/function/internal_message.html?_=1691891846515&CODE_STATE=getMsg HTTP/1.1" 200 27
101.83.145.37 - - [13/Aug/2023:09:58:38 +0800] "GET /xingrg/all/function/internal_message.html?_=1691891720002&CODE_STATE=getMsg HTTP/1.1" 200 27
222.69.130.30 - - [13/Aug/2023:09:58:55 +0800] "GET /xingrg/check_reg.html?_=1691892070536 HTTP/1.1" 200 22
222.69.130.30 - - [13/Aug/2023:09:58:55 +0800] "GET /xingrg/all/function/internal_message.html?_=1691892070538&CODE_STATE=getMsg HTTP/1.1" 200 27
222.70.180.200 - - [13/Aug/2023:09:58:55 +0800] "GET /xingrg/kc/buy/cgsh_order_operate.html?command=get_materiel&rest_code=00111&code=00101008417&supplier_code=00100037&order_time=2023-08-13 HTTP/1.1" 200 408
58.40.7.146 - - [13/Aug/2023:09:58:56 +0800] "GET /xingrg/all/function/internal_message.html?_=1691891936563&CODE_STATE=getMsg HTTP/1.1" 200 27
101.80.225.121 - - [13/Aug/2023:09:58:57 +0800] "GET /favicon.ico HTTP/1.1" 404 -
116.238.191.126 - - [13/Aug/2023:09:58:57 +0800] "GET /xingrg/kc/buy/cgsh_order_operate.html?command=get_materiel&rest_code=00150&code=00101031012&supplier_code=00100054&order_time=2023-08-13 HTTP/1.1" 200 417
222.70.118.201 - - [13/Aug/2023:09:59:08 +0800] "GET /xingrg/all/function/internal_message.html?_=1691891948667&CODE_STATE=getMsg HTTP/1.1" 200 27
101.83.145.37 - - [13/Aug/2023:09:59:09 +0800] "GET /xingrg/all/function/internal_message.html?_=1691891950916&CODE_STATE=getMsg HTTP/1.1" 200 27
124.79.243.110 - - [13/Aug/2023:09:59:09 +0800] "GET /xingrg/all/function/internal_message.html?_=1691891945504&CODE_STATE=getMsg HTTP/1.1" 200 27
116.235.241.82 - - [13/Aug/2023:09:59:10 +0800] "GET /xingrg/all/function/internal_message.html?_=1691891951072&CODE_STATE=getMsg HTTP/1.1" 200 27
116.232.195.127 - - [13/Aug/2023:09:59:12 +0800] "GET /xingrg/all/function/internal_message.html?_=1691891883764&CODE_STATE=getMsg HTTP/1.1" 200 27
116.238.191.126 - - [13/Aug/2023:09:59:16 +0800] "GET /xingrg/all/function/internal_message.html?_=1691891866438&CODE_STATE=getMsg HTTP/1.1" 200 27
116.238.191.126 - - [13/Aug/2023:09:59:16 +0800] "POST /xingrg/kc/buy/cgsh_order_operate.html HTTP/1.1" 200 37
222.70.180.200 - - [13/Aug/2023:09:59:18 +0800] "GET /xingrg/kc/buy/cgsh_order_operate.html?command=get_materiel&rest_code=00111&code=00101013172&supplier_code=00100037&order_time=2023-08-13 HTTP/1.1" 200 409
222.65.220.241 - - [13/Aug/2023:09:59:18 +0800] "GET /xingrg/all/function/internal_message.html?_=1691891957411&CODE_STATE=getMsg HTTP/1.1" 200 27
180.152.241.196 - - [13/Aug/2023:09:59:21 +0800] "GET /xingrg/all/function/internal_message.html?_=1691891962763&CODE_STATE=getMsg HTTP/1.1" 200 27
180.152.241.196 - - [13/Aug/2023:09:59:22 +0800] "GET /xingrg/check_reg.html?_=1691891962981 HTTP/1.1" 200 22
180.152.241.196 - - [13/Aug/2023:09:59:25 +0800] "GET /xingrg/all/function/internal_message.html?_=1691891964531&CODE_STATE=getMsg HTTP/1.1" 200 27
222.70.180.200 - - [13/Aug/2023:09:59:28 +0800] "GET /xingrg/all/function/internal_message.html?_=1691891968345&CODE_STATE=getMsg HTTP/1.1" 200 27
116.238.191.126 - - [13/Aug/2023:09:59:28 +0800] "POST /xingrg/kc/buy/cgsh_order_operate.html HTTP/1.1" 200 12
116.238.191.126 - - [13/Aug/2023:09:59:31 +0800] "GET /xingrg/kc/buy/cgsh_order_info.html?code=212023081305126 HTTP/1.1" 200 66810
116.238.191.126 - - [13/Aug/2023:09:59:32 +0800] "GET /xingrg/javascript/easyui/themes/default/validatebox.css HTTP/1.1" 404 1104
116.238.191.126 - - [13/Aug/2023:09:59:33 +0800] "POST /xingrg/kc/buy/cgsh_order_operate.html HTTP/1.1" 200 614
116.238.191.126 - - [13/Aug/2023:09:59:35 +0800] "GET /xingrg/all/function/internal_message.html?_=1691891973796&CODE_STATE=getMsg HTTP/1.1" 200 27
116.238.191.126 - - [13/Aug/2023:09:59:35 +0800] "GET /xingrg/kc/print/load_data.html?order_code=212023081305126&kc_code=cgsh&condition= HTTP/1.1" 200 712
116.232.195.127 - - [13/Aug/2023:09:59:35 +0800] "GET /xingrg/all/function/internal_message.html?_=1691891906507&CODE_STATE=getMsg HTTP/1.1" 200 27
101.83.145.37 - - [13/Aug/2023:09:59:38 +0800] "GET /xingrg/all/function/internal_message.html?_=1691891780002&CODE_STATE=getMsg HTTP/1.1" 200 27
116.238.191.126 - - [13/Aug/2023:09:59:48 +0800] "GET /xingrg/kc/base/yddb_order_list.html HTTP/1.1" 200 16827
116.238.191.126 - - [13/Aug/2023:09:59:48 +0800] "POST /xingrg/kc/base/yddb_list_operate.html HTTP/1.1" 200 1346
116.238.191.126 - - [13/Aug/2023:09:59:50 +0800] "POST /xingrg/kc/base/yddb_list_operate.html HTTP/1.1" 200 1341
222.69.130.30 - - [13/Aug/2023:09:59:55 +0800] "GET /xingrg/all/function/internal_message.html?_=1691892130528&CODE_STATE=getMsg HTTP/1.1" 200 27
116.238.191.126 - - [13/Aug/2023:09:59:55 +0800] "POST /xingrg/all/user/operate.html HTTP/1.1" 200 36
116.238.191.126 - - [13/Aug/2023:09:59:55 +0800] "GET /xingrg/index.html?sysBaseUrl=http%3A%2F%2F180.169.147.146%3A18081%2Fxingrg%2F&costTime=1245×tamp=1691889931605 HTTP/1.1" 200 17177
116.238.191.126 - - [13/Aug/2023:09:59:55 +0800] "GET /xingrg/javascript/jquery_easy_ui/themes/default/easyui.css HTTP/1.1" 304 -
116.238.191.126 - - [13/Aug/2023:09:59:55 +0800] "GET /xingrg/javascript/jquery_easy_ui/themes/icon.css HTTP/1.1" 304 -
116.238.191.126 - - [13/Aug/2023:09:59:55 +0800] "GET /xingrg/css/form.css HTTP/1.1" 304 -
116.238.191.126 - - [13/Aug/2023:09:59:55 +0800] "GET /xingrg/javascript/jquery-1.4.2.min.js HTTP/1.1" 304 -
116.238.191.126 - - [13/Aug/2023:09:59:55 +0800] "GET /xingrg/javascript/jquery_easy_ui/jquery.easyui.min.js HTTP/1.1" 304 -
116.238.191.126 - - [13/Aug/2023:09:59:55 +0800] "GET /xingrg/javascript/jquery_easy_ui/easyui-lang-zh_CN.js HTTP/1.1" 304 -
116.238.191.126 - - [13/Aug/2023:09:59:55 +0800] "GET /xingrg/javascript/jquery.form.js HTTP/1.1" 304 -
116.238.191.126 - - [13/Aug/2023:09:59:55 +0800] "GET /xingrg/javascript/jquery.utils.js HTTP/1.1" 304 -
116.238.191.126 - - [13/Aug/2023:09:59:55 +0800] "GET /xingrg/javascript/jquery.timers.js HTTP/1.1" 304 -
116.238.191.126 - - [13/Aug/2023:09:59:55 +0800] "GET /xingrg/images/blue/jxLogo.png HTTP/1.1" 304 -
116.238.191.126 - - [13/Aug/2023:09:59:55 +0800] "GET /xingrg/javascript/jquery_easy_ui/themes/icons/settle_new.png HTTP/1.1" 304 -
116.238.191.126 - - [13/Aug/2023:09:59:55 +0800] "GET /xingrg/images/blue/navBackgound.jpg HTTP/1.1" 304 -
116.238.191.126 - - [13/Aug/2023:09:59:55 +0800] "GET /xingrg/all/function/internal_message.html?_=1691891994089&CODE_STATE=count HTTP/1.1" 200 11
116.238.191.126 - - [13/Aug/2023:09:59:55 +0800] "GET /xingrg/check_reg.html?_=1691891994089 HTTP/1.1" 200 22
116.238.191.126 - - [13/Aug/2023:09:59:55 +0800] "GET /xingrg/javascript/jquery_easy_ui/themes/default/images/panel_tool_collapse.gif HTTP/1.1" 304 -
116.238.191.126 - - [13/Aug/2023:09:59:55 +0800] "GET /xingrg/javascript/jquery_easy_ui/themes/default/images/tabs_leftarrow.png HTTP/1.1" 304 -
116.238.191.126 - - [13/Aug/2023:09:59:55 +0800] "GET /xingrg/javascript/jquery_easy_ui/themes/default/images/tabs_rightarrow.png HTTP/1.1" 304 -
116.238.191.126 - - [13/Aug/2023:09:59:55 +0800] "GET /xingrg/images/blue/pingpu.png HTTP/1.1" 304 -
116.238.191.126 - - [13/Aug/2023:09:59:55 +0800] "POST /xingrg/all/common/load_tree.html?tree=area_rest_tree_json&manage=1 HTTP/1.1" 200 476
116.238.191.126 - - [13/Aug/2023:09:59:55 +0800] "POST /xingrg/load_menu.html HTTP/1.1" 200 5138
58.40.7.146 - - [13/Aug/2023:09:59:56 +0800] "GET /xingrg/all/function/internal_message.html?_=1691891996557&CODE_STATE=getMsg HTTP/1.1" 200 27
116.238.191.126 - - [13/Aug/2023:09:59:58 +0800] "GET /xingrg/kc/buy/cgsh_order_list.html HTTP/1.1" 200 56081
222.70.180.200 - - [13/Aug/2023:09:59:58 +0800] "GET /xingrg/kc/buy/cgsh_order_operate.html?command=get_materiel&rest_code=00111&code=00101019169&supplier_code=00100037&order_time=2023-08-13 HTTP/1.1" 200 477
116.238.191.126 - - [13/Aug/2023:10:00:00 +0800] "POST /xingrg/kc/buy/cgsh_list_operate.html HTTP/1.1" 200 986
116.238.191.126 - - [13/Aug/2023:10:00:02 +0800] "GET /xingrg/kc/buy/cgsh_order_add.html HTTP/1.1" 200 71457
116.238.191.126 - - [13/Aug/2023:10:00:02 +0800] "POST /xingrg/kc/buy/cgsh_order_operate.html HTTP/1.1" 200 8245
116.238.191.126 - - [13/Aug/2023:10:00:02 +0800] "GET /xingrg/javascript/easyui/themes/default/validatebox.css HTTP/1.1" 404 1104
116.238.191.126 - - [13/Aug/2023:10:00:02 +0800] "GET /xingrg/all/common/auto_word.html?type=employee&rest_code=00151 HTTP/1.1" 200 293
116.238.191.126 - - [13/Aug/2023:10:00:02 +0800] "GET /xingrg/all/common/auto_word.html?type=employee&rest_code=00151 HTTP/1.1" 200 293
222.70.118.201 - - [13/Aug/2023:10:00:08 +0800] "GET /xingrg/all/function/internal_message.html?_=1691892008673&CODE_STATE=getMsg HTTP/1.1" 200 27
222.70.118.201 - - [13/Aug/2023:10:00:08 +0800] "GET /xingrg/check_reg.html?_=1691892008681 HTTP/1.1" 200 22
101.83.145.37 - - [13/Aug/2023:10:00:09 +0800] "GET /xingrg/check_reg.html?_=1691892010908 HTTP/1.1" 200 22
101.83.145.37 - - [13/Aug/2023:10:00:09 +0800] "GET /xingrg/all/function/internal_message.html?_=1691892010911&CODE_STATE=getMsg HTTP/1.1" 200 27
116.235.241.82 - - [13/Aug/2023:10:00:09 +0800] "GET /xingrg/check_reg.html?_=1691892009738 HTTP/1.1" 200 22
124.79.243.110 - - [13/Aug/2023:10:00:09 +0800] "GET /xingrg/all/function/internal_message.html?_=1691892005513&CODE_STATE=getMsg HTTP/1.1" 200 27
116.235.241.82 - - [13/Aug/2023:10:00:10 +0800] "GET /xingrg/all/function/internal_message.html?_=1691892011086&CODE_STATE=getMsg HTTP/1.1" 200 27
116.232.195.127 - - [13/Aug/2023:10:00:12 +0800] "GET /xingrg/all/function/internal_message.html?_=1691891943780&CODE_STATE=getMsg HTTP/1.1" 200 27
58.40.7.146 - - [13/Aug/2023:10:00:14 +0800] "POST /xingrg/kc/buy/cgsh_list_operate.html HTTP/1.1" 200 6660
222.70.180.200 - - [13/Aug/2023:10:00:16 +0800] "GET /xingrg/kc/buy/cgsh_order_operate.html?command=get_materiel&rest_code=00111&code=00101020218&supplier_code=00100037&order_time=2023-08-13 HTTP/1.1" 200 440
116.238.191.126 - - [13/Aug/2023:10:00:16 +0800] "GET /xingrg/all/function/internal_message.html?_=1691891926443&CODE_STATE=getMsg HTTP/1.1" 200 27
180.169.147.146 - - [13/Aug/2023:10:00:16 +0800] "GET /xingrg/index.html?sysBaseUrl=http%3A%2F%2F180.169.147.146%3A18081%2Fxingrg%2F&costTime=39×tamp=1592034574635 HTTP/1.1" 302 -
180.169.147.146 - - [13/Aug/2023:10:00:16 +0800] "GET /xingrg/login.html HTTP/1.1" 200 7641
180.169.147.146 - - [13/Aug/2023:10:00:17 +0800] "GET /favicon.ico HTTP/1.1" 404 -
222.65.220.241 - - [13/Aug/2023:10:00:18 +0800] "GET /xingrg/check_reg.html?_=1691892017402 HTTP/1.1" 200 22
222.65.220.241 - - [13/Aug/2023:10:00:18 +0800] "GET /xingrg/all/function/internal_message.html?_=1691892017406&CODE_STATE=getMsg HTTP/1.1" 200 27
101.83.145.37 - - [13/Aug/2023:10:00:19 +0800] "GET /xingrg/kc/buy/cgsh_order_add.html HTTP/1.1" 200 71941
180.169.147.146 - - [13/Aug/2023:10:00:19 +0800] "POST /xingrg/login.do HTTP/1.1" 302 -
101.83.145.37 - - [13/Aug/2023:10:00:19 +0800] "GET /xingrg/javascript/easyui/themes/default/validatebox.css HTTP/1.1" 404 1104
101.83.145.37 - - [13/Aug/2023:10:00:19 +0800] "POST /xingrg/kc/buy/cgsh_order_operate.html HTTP/1.1" 200 8245
101.83.145.37 - - [13/Aug/2023:10:00:20 +0800] "GET /xingrg/all/common/auto_word.html?type=employee&rest_code=00105 HTTP/1.1" 200 193
101.83.145.37 - - [13/Aug/2023:10:00:20 +0800] "GET /xingrg/all/common/auto_word.html?type=employee&rest_code=00105 HTTP/1.1" 200 193
180.169.147.146 - - [13/Aug/2023:10:00:20 +0800] "GET /xingrg/index.html?sysBaseUrl=http%3A%2F%2F180.169.147.146%3A18081%2Fxingrg%2F&costTime=1647×tamp=1691892019965 HTTP/1.1" 200 17503
180.169.147.146 - - [13/Aug/2023:10:00:20 +0800] "GET /favicon.ico HTTP/1.1" 404 -
180.169.147.146 - - [13/Aug/2023:10:00:20 +0800] "GET /xingrg/check_reg.html?_=1691892020261 HTTP/1.1" 200 22
180.169.147.146 - - [13/Aug/2023:10:00:20 +0800] "POST /xingrg/all/common/load_tree.html?tree=area_rest_tree_json&manage=1 HTTP/1.1" 200 3499
180.169.147.146 - - [13/Aug/2023:10:00:20 +0800] "GET /xingrg/all/function/internal_message.html?_=1691892020260&CODE_STATE=count HTTP/1.1" 200 11
180.169.147.146 - - [13/Aug/2023:10:00:20 +0800] "POST /xingrg/load_menu.html HTTP/1.1" 200 11564
180.152.241.196 - - [13/Aug/2023:10:00:21 +0800] "GET /xingrg/all/function/internal_message.html?_=1691892022747&CODE_STATE=getMsg HTTP/1.1" 200 27
180.169.147.146 - - [13/Aug/2023:10:00:22 +0800] "GET /xingrg/system/info/materiel_manager.html HTTP/1.1" 200 19497
180.169.147.146 - - [13/Aug/2023:10:00:22 +0800] "GET /xingrg/dwr/interface/AjaxComOrderService.js HTTP/1.1" 200 18264
180.169.147.146 - - [13/Aug/2023:10:00:22 +0800] "GET /xingrg/dwr/util.js HTTP/1.1" 200 35990
180.169.147.146 - - [13/Aug/2023:10:00:22 +0800] "GET /xingrg/dwr/interface/AjaxBaseInfoService.js HTTP/1.1" 200 21363
180.169.147.146 - - [13/Aug/2023:10:00:22 +0800] "GET /xingrg/dwr/engine.js HTTP/1.1" 200 43631
180.169.147.146 - - [13/Aug/2023:10:00:23 +0800] "POST /xingrg/dwr/call/plaincall/AjaxBaseInfoService.getSubMaterielSorts.dwr HTTP/1.1" 200 219
180.169.147.146 - - [13/Aug/2023:10:00:23 +0800] "POST /xingrg/dwr/call/plaincall/AjaxBaseInfoService.getMateriels.dwr HTTP/1.1" 200 2930
180.169.147.146 - - [13/Aug/2023:10:00:24 +0800] "GET /xingrg/kc/report/report_main.html HTTP/1.1" 200 8599
180.152.241.196 - - [13/Aug/2023:10:00:25 +0800] "GET /xingrg/all/function/internal_message.html?_=1691892024519&CODE_STATE=getMsg HTTP/1.1" 200 27
222.70.180.200 - - [13/Aug/2023:10:00:26 +0800] "POST /xingrg/all/common/load_select.html HTTP/1.1" 200 25
180.169.147.146 - - [13/Aug/2023:10:00:26 +0800] "GET /xingrg/kc/base/kc_stocks.html HTTP/1.1" 200 16506
180.169.147.146 - - [13/Aug/2023:10:00:26 +0800] "GET /xingrg/javascript/easyui/themes/sunny/easyui.css HTTP/1.1" 200 34304
180.169.147.146 - - [13/Aug/2023:10:00:26 +0800] "GET /xingrg/javascript/convert.js HTTP/1.1" 200 1239
180.169.147.146 - - [13/Aug/2023:10:00:26 +0800] "GET /xingrg/javascript/easyui/themes/icons/print_new.png HTTP/1.1" 200 3580
180.169.147.146 - - [13/Aug/2023:10:00:26 +0800] "GET /xingrg/javascript/easyui/themes/icons/filter_new.png HTTP/1.1" 200 795
180.169.147.146 - - [13/Aug/2023:10:00:26 +0800] "GET /xingrg/javascript/easyui/themes/icons/refresh_new.png HTTP/1.1" 200 685
180.169.147.146 - - [13/Aug/2023:10:00:26 +0800] "GET /xingrg/javascript/easyui/plugins/jquery.draggable.js HTTP/1.1" 200 6121
180.169.147.146 - - [13/Aug/2023:10:00:26 +0800] "GET /xingrg/javascript/easyui/plugins/jquery.droppable.js HTTP/1.1" 200 1167
180.169.147.146 - - [13/Aug/2023:10:00:26 +0800] "GET /xingrg/javascript/easyui/themes/default/tree.css HTTP/1.1" 404 1090
180.169.147.146 - - [13/Aug/2023:10:00:26 +0800] "GET /xingrg/javascript/easyui/plugins/jquery.tree.js HTTP/1.1" 200 20874
180.169.147.146 - - [13/Aug/2023:10:00:26 +0800] "GET /xingrg/all/common/auto_word.html?type=base&rest_code=00101 HTTP/1.1" 200 671
180.169.147.146 - - [13/Aug/2023:10:00:26 +0800] "POST /xingrg/all/common/load_tree.html?tree=materiel_sort_tree_json HTTP/1.1" 200 9500
180.169.147.146 - - [13/Aug/2023:10:00:26 +0800] "GET /xingrg/javascript/easyui/themes/sunny/images/tree_arrows.gif HTTP/1.1" 200 617
180.169.147.146 - - [13/Aug/2023:10:00:26 +0800] "GET /xingrg/javascript/easyui/themes/sunny/images/tree_folder_open.gif HTTP/1.1" 200 956
180.169.147.146 - - [13/Aug/2023:10:00:26 +0800] "GET /xingrg/javascript/easyui/themes/sunny/images/tree_folder.gif HTTP/1.1" 200 952
180.169.147.146 - - [13/Aug/2023:10:00:26 +0800] "GET /xingrg/javascript/easyui/themes/sunny/images/tree_file.gif HTTP/1.1" 200 118
222.70.180.200 - - [13/Aug/2023:10:00:28 +0800] "GET /xingrg/all/function/internal_message.html?_=1691892028278&CODE_STATE=getMsg HTTP/1.1" 200 27
180.169.147.146 - - [13/Aug/2023:10:00:31 +0800] "POST /xingrg/kc/base/stock_operate.html HTTP/1.1" 200 1453
180.169.147.146 - - [13/Aug/2023:10:00:31 +0800] "GET /xingrg/javascript/jquery_tools/fix_table.js HTTP/1.1" 200 6528
180.169.147.146 - - [13/Aug/2023:10:00:33 +0800] "GET /xingrg/kc/base/stock_detail.html?m=00101025081 HTTP/1.1" 200 6441
180.169.147.146 - - [13/Aug/2023:10:00:34 +0800] "GET /xingrg/javascript/jquery_easy_ui/themes/icons/search.png HTTP/1.1" 200 813
180.169.147.146 - - [13/Aug/2023:10:00:34 +0800] "GET /xingrg/javascript/jquery_easy_ui/themes/default/images/calendar_prevmonth.gif HTTP/1.1" 200 66
180.169.147.146 - - [13/Aug/2023:10:00:34 +0800] "GET /xingrg/javascript/jquery_easy_ui/themes/default/images/calendar_nextmonth.gif HTTP/1.1" 200 64
180.169.147.146 - - [13/Aug/2023:10:00:34 +0800] "GET /xingrg/javascript/jquery_easy_ui/themes/default/images/calendar_prevyear.gif HTTP/1.1" 200 76
180.169.147.146 - - [13/Aug/2023:10:00:34 +0800] "GET /xingrg/javascript/jquery_easy_ui/themes/default/images/calendar_nextyear.gif HTTP/1.1" 200 75
116.232.195.127 - - [13/Aug/2023:10:00:35 +0800] "GET /xingrg/all/function/internal_message.html?_=1691891966492&CODE_STATE=getMsg HTTP/1.1" 200 27
116.232.195.127 - - [13/Aug/2023:10:00:36 +0800] "GET /xingrg/check_reg.html?_=1691891967244 HTTP/1.1" 200 22
222.70.180.200 - - [13/Aug/2023:10:00:37 +0800] "GET /xingrg/kc/buy/cgsh_order_operate.html?command=get_materiel_price&rest_code=00111&code=00101020218&unit_code=00100195&supplier_code=00100037&order_time=2023-08-13 HTTP/1.1" 200 28
101.83.145.37 - - [13/Aug/2023:10:00:38 +0800] "GET /xingrg/all/function/internal_message.html?_=1691891840002&CODE_STATE=getMsg HTTP/1.1" 200 27
180.169.147.146 - - [13/Aug/2023:10:00:39 +0800] "GET /xingrg/kc/base/kc_stocks_rest.html?code=00101025081 HTTP/1.1" 200 7920
180.169.147.146 - - [13/Aug/2023:10:00:39 +0800] "GET /xingrg/javascript/easyui/themes/icons/cancel.png HTTP/1.1" 200 1133
180.169.147.146 - - [13/Aug/2023:10:00:39 +0800] "POST /xingrg/kc/base/stock_operate.html HTTP/1.1" 200 5132
180.169.147.146 - - [13/Aug/2023:10:00:40 +0800] "GET /xingrg/kc/base/stock_operate.html?command=query_base_stocks&rest_code=00101&materiel_code=00101025081&_setting=%257B%2522pk%2522%3A%2522base_code%2522%2C%2522fields%2522%3A%257B%2522base_name%2522%3A%257B%2522h%2522%3A0%2C%2522w%2522%3A140%2C%2522t%2522%3A%2522%25E4%25BB%2593%25E5%25BA%2593%25E5%2590%258D%25E7%25A7%25B0%2522%257D%2C%2522number%2522%3A%257B%2522h%2522%3A0%2C%2522w%2522%3A80%2C%2522t%2522%3A%2522%25E6%2595%25B0%25E9%2587%258F%2522%2C%2522s%2522%3A1%257D%2C%2522price%2522%3A%257B%2522h%2522%3A0%2C%2522w%2522%3A80%2C%2522t%2522%3A%2522%25E5%258D%2595%25E4%25BB%25B7%2522%257D%2C%2522total_money%2522%3A%257B%2522h%2522%3A0%2C%2522w%2522%3A100%2C%2522t%2522%3A%2522%25E9%2587%2591%25E9%25A2%259D%2522%2C%2522s%2522%3A1%257D%2C%2522assist_unit%2522%3A%257B%2522h%2522%3A0%2C%2522w%2522%3A100%2C%2522t%2522%3A%2522%25E8%25BE%2585%25E5%258D%2595%25E4%25BD%258D%2522%257D%2C%2522assist_number%2522%3A%257B%2522h%2522%3A0%2C%2522w%2522%3A100%2C%2522t%2522%3A%2522%25E8%25BE%2585%25E6%2595%25B0%25E9%2587%258F%2522%2C%2522s%2522%3A1%257D%257D%257D HTTP/1.1" 200 2617
