180.162.109.65 - - [12/Aug/2023:11:01:08 +0800] "POST /xingrg/load_menu.html HTTP/1.1" 200 5138
180.162.109.65 - - [12/Aug/2023:11:01:09 +0800] "GET /xingrg/javascript/jquery_easy_ui/themes/default/images/tree_folder_open.gif HTTP/1.1" 304 -
180.162.109.65 - - [12/Aug/2023:11:01:09 +0800] "GET /xingrg/javascript/jquery_easy_ui/themes/default/images/tree_arrows.gif HTTP/1.1" 304 -
180.162.109.65 - - [12/Aug/2023:11:01:09 +0800] "GET /xingrg/javascript/jquery_easy_ui/themes/icons/search_new.png HTTP/1.1" 304 -
180.162.109.65 - - [12/Aug/2023:11:01:09 +0800] "GET /xingrg/javascript/jquery_easy_ui/themes/icons/storage_new.png HTTP/1.1" 304 -
180.162.109.65 - - [12/Aug/2023:11:01:09 +0800] "GET /xingrg/javascript/jquery_easy_ui/themes/icons/forms_new.png HTTP/1.1" 304 -
180.162.109.65 - - [12/Aug/2023:11:01:09 +0800] "GET /xingrg/javascript/jquery_easy_ui/themes/default/images/tree_folder.gif HTTP/1.1" 304 -
180.162.109.65 - - [12/Aug/2023:11:01:09 +0800] "GET /xingrg/javascript/jquery_easy_ui/themes/default/images/tree_file.gif HTTP/1.1" 304 -
101.83.145.37 - - [12/Aug/2023:11:01:13 +0800] "GET /xingrg/check_reg.html?_=1691809075533 HTTP/1.1" 302 -
124.79.243.110 - - [12/Aug/2023:11:01:15 +0800] "GET /xingrg/all/function/internal_message.html?_=1691809566009&CODE_STATE=getMsg HTTP/1.1" 200 27
124.77.244.83 - - [12/Aug/2023:11:01:16 +0800] "GET /xingrg/all/function/internal_message.html?_=1691809277061&CODE_STATE=getMsg HTTP/1.1" 200 27
180.152.241.196 - - [12/Aug/2023:11:01:24 +0800] "GET /xingrg/check_reg.html?_=1691809284519 HTTP/1.1" 200 22
180.152.241.196 - - [12/Aug/2023:11:01:24 +0800] "GET /xingrg/all/function/internal_message.html?_=1691809284521&CODE_STATE=getMsg HTTP/1.1" 200 27
124.78.155.92 - - [12/Aug/2023:11:01:28 +0800] "GET /xingrg/all/function/internal_message.html?_=1691809288218&CODE_STATE=getMsg HTTP/1.1" 200 27
114.83.217.84 - - [12/Aug/2023:11:01:28 +0800] "GET /xingrg/check_reg.html?_=1691809423553 HTTP/1.1" 200 22
114.83.217.84 - - [12/Aug/2023:11:01:28 +0800] "GET /xingrg/all/function/internal_message.html?_=1691809423555&CODE_STATE=getMsg HTTP/1.1" 200 27
101.83.241.37 - - [12/Aug/2023:11:01:28 +0800] "GET /xingrg/all/function/internal_message.html?_=1691809285646&CODE_STATE=getMsg HTTP/1.1" 200 27
116.232.195.127 - - [12/Aug/2023:11:01:29 +0800] "GET /xingrg/all/function/internal_message.html?_=1691809222758&CODE_STATE=getMsg HTTP/1.1" 200 27
116.232.195.127 - - [12/Aug/2023:11:01:29 +0800] "GET /xingrg/check_reg.html?_=1691809222761 HTTP/1.1" 200 22
180.162.109.65 - - [12/Aug/2023:11:01:34 +0800] "GET /xingrg/javascript/jquery_easy_ui/themes/default/images/tabs_close.gif HTTP/1.1" 304 -
180.162.109.65 - - [12/Aug/2023:11:01:34 +0800] "GET /xingrg/kc/buy/buy_main.html HTTP/1.1" 200 12412
180.162.109.65 - - [12/Aug/2023:11:01:34 +0800] "GET /xingrg/css/blue.css HTTP/1.1" 304 -
180.162.109.65 - - [12/Aug/2023:11:01:34 +0800] "GET /xingrg/css/new_ie.css HTTP/1.1" 404 1036
180.162.109.65 - - [12/Aug/2023:11:01:34 +0800] "GET /xingrg/javascript/myfunction.js HTTP/1.1" 304 -
180.162.109.65 - - [12/Aug/2023:11:01:34 +0800] "GET /xingrg/javascript/pic_change.js HTTP/1.1" 304 -
180.162.109.65 - - [12/Aug/2023:11:01:34 +0800] "GET /xingrg/javascript/ToolTips.js HTTP/1.1" 304 -
180.162.109.65 - - [12/Aug/2023:11:01:34 +0800] "GET /xingrg/javascript/jquery_ui/themes/humanity/humanity.css HTTP/1.1" 304 -
180.162.109.65 - - [12/Aug/2023:11:01:34 +0800] "GET /xingrg/javascript/jquery_ui/jquery-ui.min.js HTTP/1.1" 304 -
180.162.109.65 - - [12/Aug/2023:11:01:34 +0800] "GET /xingrg/images/blue/button/cgxqd.gif HTTP/1.1" 304 -
180.162.109.65 - - [12/Aug/2023:11:01:34 +0800] "GET /xingrg/images/blue/button/cgydd.gif HTTP/1.1" 304 -
180.162.109.65 - - [12/Aug/2023:11:01:34 +0800] "GET /xingrg/images/blue/button/cgshd.gif HTTP/1.1" 304 -
180.162.109.65 - - [12/Aug/2023:11:01:34 +0800] "GET /xingrg/images/blue/button/kc.gif HTTP/1.1" 304 -
180.162.109.65 - - [12/Aug/2023:11:01:34 +0800] "GET /xingrg/images/blue/button/cgfkd.gif HTTP/1.1" 304 -
180.162.109.65 - - [12/Aug/2023:11:01:34 +0800] "GET /xingrg/images/blue/button/ckthd.gif HTTP/1.1" 304 -
180.162.109.65 - - [12/Aug/2023:11:01:34 +0800] "GET /xingrg/images/blue/pic_form2.gif HTTP/1.1" 304 -
180.162.109.65 - - [12/Aug/2023:11:01:35 +0800] "GET /xingrg/images/blue/bg_dotted.jpg HTTP/1.1" 304 -
180.162.109.65 - - [12/Aug/2023:11:01:35 +0800] "GET /xingrg/images/blue/button/down_ah.jpg HTTP/1.1" 304 -
180.162.109.65 - - [12/Aug/2023:11:01:35 +0800] "GET /xingrg/javascript/jquery_ui/themes/humanity/images/ui-bg_inset-soft_100_f4f0ec_1x100.png HTTP/1.1" 304 -
180.162.109.65 - - [12/Aug/2023:11:01:35 +0800] "GET /xingrg/images/blue/button/right_ah.jpg HTTP/1.1" 304 -
180.162.109.65 - - [12/Aug/2023:11:01:35 +0800] "GET /xingrg/javascript/jquery_ui/themes/humanity/images/ui-iconsnew.jpg HTTP/1.1" 304 -
180.162.109.65 - - [12/Aug/2023:11:01:35 +0800] "GET /xingrg/javascript/jquery_ui/themes/humanity/images/ui-icons_ffffff_256x240.png HTTP/1.1" 304 -
180.162.109.65 - - [12/Aug/2023:11:01:35 +0800] "GET /xingrg/javascript/jquery_ui/themes/humanity/images/ui-icons_c47a23_256x240.png HTTP/1.1" 304 -
180.162.109.65 - - [12/Aug/2023:11:01:35 +0800] "GET /xingrg/javascript/jquery_ui/themes/humanity/images/ui-bg_glass_70_ede4d4_1x400.png HTTP/1.1" 304 -
222.70.180.200 - - [12/Aug/2023:11:01:35 +0800] "POST /xingrg/kc/buy/cgsh_order_operate.html HTTP/1.1" 200 37
180.162.109.65 - - [12/Aug/2023:11:01:36 +0800] "GET /xingrg/images/yd/bt.gif HTTP/1.1" 404 1040
180.162.109.65 - - [12/Aug/2023:11:01:37 +0800] "GET /xingrg/kc/buy/cgsh_order_list.html HTTP/1.1" 200 56083
180.162.109.65 - - [12/Aug/2023:11:01:37 +0800] "GET /xingrg/css/base.css HTTP/1.1" 304 -
180.162.109.65 - - [12/Aug/2023:11:01:37 +0800] "GET /xingrg/css/site.css HTTP/1.1" 304 -
180.162.109.65 - - [12/Aug/2023:11:01:37 +0800] "GET /xingrg/javascript/jquery_tools/datebox.css HTTP/1.1" 304 -
180.162.109.65 - - [12/Aug/2023:11:01:37 +0800] "GET /xingrg/javascript/easyui/themes/icon.css HTTP/1.1" 304 -
180.162.109.65 - - [12/Aug/2023:11:01:37 +0800] "GET /xingrg/javascript/jquery_tools/table.css HTTP/1.1" 304 -
180.162.109.65 - - [12/Aug/2023:11:01:37 +0800] "GET /xingrg/javascript/auto/jquery.autocomplete.css HTTP/1.1" 304 -
180.162.109.65 - - [12/Aug/2023:11:01:37 +0800] "GET /xingrg/javascript/easyui/themes/default/easyui.css HTTP/1.1" 304 -
180.162.109.65 - - [12/Aug/2023:11:01:37 +0800] "GET /xingrg/javascript/jquery_tools/jquery.tools.min.js HTTP/1.1" 304 -
180.162.109.65 - - [12/Aug/2023:11:01:37 +0800] "GET /xingrg/javascript/jquery_tools/fix.css HTTP/1.1" 304 -
180.162.109.65 - - [12/Aug/2023:11:01:37 +0800] "GET /xingrg/javascript/jquery_tools/jquery.tools.table.js HTTP/1.1" 304 -
180.162.109.65 - - [12/Aug/2023:11:01:37 +0800] "GET /xingrg/javascript/jquery_tools/jquery.tools.hotkey.js HTTP/1.1" 304 -
180.162.109.65 - - [12/Aug/2023:11:01:37 +0800] "GET /xingrg/javascript/jquery_tools/list_manager.js HTTP/1.1" 304 -
180.162.109.65 - - [12/Aug/2023:11:01:37 +0800] "GET /xingrg/javascript/jquery_tools/jquery.tools.extend.js HTTP/1.1" 304 -
180.162.109.65 - - [12/Aug/2023:11:01:37 +0800] "GET /xingrg/javascript/auto/jquery.autocomplete.js HTTP/1.1" 304 -
180.162.109.65 - - [12/Aug/2023:11:01:37 +0800] "GET /xingrg/javascript/easyui/easyloader.js HTTP/1.1" 304 -
180.162.109.65 - - [12/Aug/2023:11:01:37 +0800] "GET /xingrg/javascript/jquery.cookie.js HTTP/1.1" 304 -
180.162.109.65 - - [12/Aug/2023:11:01:37 +0800] "GET /xingrg/javascript/print/LodopFuncs.js HTTP/1.1" 304 -
180.162.109.65 - - [12/Aug/2023:11:01:37 +0800] "GET /xingrg/javascript/easyui/themes/icons/cance_new.png HTTP/1.1" 304 -
180.162.109.65 - - [12/Aug/2023:11:01:37 +0800] "GET /xingrg/javascript/easyui/themes/icons/field_new.png HTTP/1.1" 304 -
180.162.109.65 - - [12/Aug/2023:11:01:37 +0800] "GET /xingrg/javascript/easyui/themes/icons/edit_add_new.png HTTP/1.1" 304 -
180.162.109.65 - - [12/Aug/2023:11:01:37 +0800] "GET /xingrg/javascript/easyui/themes/icons/import_new.png HTTP/1.1" 304 -
180.162.109.65 - - [12/Aug/2023:11:01:37 +0800] "GET /xingrg/javascript/easyui/themes/icons/check_new.png HTTP/1.1" 304 -
180.162.109.65 - - [12/Aug/2023:11:01:37 +0800] "GET /xingrg/javascript/easyui/plugins/jquery.parser.js HTTP/1.1" 304 -
180.162.109.65 - - [12/Aug/2023:11:01:37 +0800] "GET /xingrg/images/control/ajaxLoader.gif HTTP/1.1" 304 -
222.70.180.200 - - [12/Aug/2023:11:01:38 +0800] "POST /xingrg/kc/buy/cgsh_order_operate.html HTTP/1.1" 200 7375
120.253.135.82 - - [12/Aug/2023:11:01:40 +0800] "GET /xingrg/all/function/internal_message.html?_=1691809119369&CODE_STATE=getMsg HTTP/1.1" 200 27
222.70.180.200 - - [12/Aug/2023:11:01:40 +0800] "GET /xingrg/kc/print/load_data.html?order_code=212023081204728&kc_code=cgsh&condition= HTTP/1.1" 200 2537
180.162.109.65 - - [12/Aug/2023:11:01:42 +0800] "POST /xingrg/kc/buy/cgsh_list_operate.html HTTP/1.1" 200 1875
124.78.70.128 - - [12/Aug/2023:11:01:43 +0800] "GET /xingrg/all/function/internal_message.html?_=1691808769401&CODE_STATE=getMsg HTTP/1.1" 200 27
58.40.7.146 - - [12/Aug/2023:11:01:49 +0800] "GET /favicon.ico HTTP/1.1" 404 -
180.163.28.55 - - [12/Aug/2023:11:01:51 +0800] "GET /xingrg/all/function/internal_message.html?_=1691809247261&CODE_STATE=getMsg HTTP/1.1" 302 -
180.163.28.55 - - [12/Aug/2023:11:01:51 +0800] "GET /xingrg/login.html HTTP/1.1" 200 7641
124.78.155.92 - - [12/Aug/2023:11:01:51 +0800] "GET /xingrg/all/function/internal_message.html?_=1691809307233&CODE_STATE=getMsg HTTP/1.1" 200 27
222.65.220.241 - - [12/Aug/2023:11:01:53 +0800] "GET /xingrg/check_reg.html?_=1691809312931 HTTP/1.1" 200 22
180.152.241.196 - - [12/Aug/2023:11:01:54 +0800] "GET /xingrg/all/function/internal_message.html?_=1691809314858&CODE_STATE=getMsg HTTP/1.1" 200 27
180.162.109.65 - - [12/Aug/2023:11:01:54 +0800] "POST /xingrg/kc/buy/cgsh_list_operate.html HTTP/1.1" 200 573
222.65.220.241 - - [12/Aug/2023:11:01:56 +0800] "GET /xingrg/all/function/internal_message.html?_=1691809316255&CODE_STATE=getMsg HTTP/1.1" 200 27
180.162.109.65 - - [12/Aug/2023:11:01:56 +0800] "GET /xingrg/kc/buy/cgsh_order_info.html?code=212023081003871 HTTP/1.1" 200 70947
180.162.109.65 - - [12/Aug/2023:11:01:56 +0800] "GET /xingrg/javascript/jquery_tools/order_manager.js HTTP/1.1" 304 -
180.162.109.65 - - [12/Aug/2023:11:01:56 +0800] "GET /xingrg/javascript/convert.js HTTP/1.1" 304 -
180.162.109.65 - - [12/Aug/2023:11:01:56 +0800] "GET /xingrg/javascript/json2.js HTTP/1.1" 304 -
180.162.109.65 - - [12/Aug/2023:11:01:56 +0800] "GET /xingrg/javascript/print/kc_print.js HTTP/1.1" 304 -
180.162.109.65 - - [12/Aug/2023:11:01:56 +0800] "GET /xingrg/words/20230811145454_words.js HTTP/1.1" 200 979335
180.162.109.65 - - [12/Aug/2023:11:01:56 +0800] "GET /xingrg/javascript/easyui/themes/icons/template_new.png HTTP/1.1" 304 -
180.162.109.65 - - [12/Aug/2023:11:01:56 +0800] "GET /xingrg/javascript/easyui/themes/icons/ok.png HTTP/1.1" 304 -
180.162.109.65 - - [12/Aug/2023:11:01:56 +0800] "GET /xingrg/javascript/easyui/themes/icons/print.png HTTP/1.1" 304 -
180.162.109.65 - - [12/Aug/2023:11:01:56 +0800] "GET /xingrg/javascript/easyui/themes/icons/copy_new.png HTTP/1.1" 304 -
180.162.109.65 - - [12/Aug/2023:11:01:56 +0800] "GET /xingrg/javascript/easyui/themes/icons/cancel.png HTTP/1.1" 304 -
180.162.109.65 - - [12/Aug/2023:11:01:56 +0800] "GET /xingrg/javascript/easyui/themes/default/images/menu_downarrow.png HTTP/1.1" 304 -
180.162.109.65 - - [12/Aug/2023:11:01:57 +0800] "GET /xingrg/javascript/easyui/themes/default/validatebox.css HTTP/1.1" 404 1104
180.162.109.65 - - [12/Aug/2023:11:01:57 +0800] "GET /xingrg/javascript/easyui/plugins/jquery.validatebox.js HTTP/1.1" 304 -
180.162.109.65 - - [12/Aug/2023:11:01:57 +0800] "GET /xingrg/javascript/easyui/plugins/jquery.numberbox.js HTTP/1.1" 304 -
180.162.109.65 - - [12/Aug/2023:11:01:57 +0800] "GET /xingrg/all/common/auto_word.html?type=employee&rest_code=00143 HTTP/1.1" 200 55
180.162.109.65 - - [12/Aug/2023:11:01:57 +0800] "GET /xingrg/all/common/auto_word.html?type=employee&rest_code=00143 HTTP/1.1" 200 55
180.162.109.65 - - [12/Aug/2023:11:01:58 +0800] "POST /xingrg/kc/buy/cgsh_order_operate.html HTTP/1.1" 200 7414
180.162.109.65 - - [12/Aug/2023:11:01:58 +0800] "GET /xingrg/javascript/easyui/themes/icons/edit_remove.png HTTP/1.1" 304 -
180.162.109.65 - - [12/Aug/2023:11:01:59 +0800] "GET /xingrg/javascript/jquery_tools/images/prev.gif HTTP/1.1" 404 1086
180.162.109.65 - - [12/Aug/2023:11:01:59 +0800] "GET /xingrg/javascript/jquery_tools/images/next.gif HTTP/1.1" 404 1086
222.70.180.200 - - [12/Aug/2023:11:01:59 +0800] "GET /xingrg/kc/buy/cgsh_order_add.html HTTP/1.1" 200 71809
222.70.180.200 - - [12/Aug/2023:11:01:59 +0800] "POST /xingrg/kc/buy/cgsh_order_operate.html HTTP/1.1" 200 8245
222.70.180.200 - - [12/Aug/2023:11:01:59 +0800] "GET /xingrg/javascript/easyui/themes/default/validatebox.css HTTP/1.1" 404 1104
101.83.145.37 - - [12/Aug/2023:11:02:03 +0800] "GET /xingrg/all/function/internal_message.html?_=1691809324272&CODE_STATE=getMsg HTTP/1.1" 200 27
222.70.180.200 - - [12/Aug/2023:11:02:04 +0800] "GET /xingrg/all/function/internal_message.html?_=1691809325504&CODE_STATE=getMsg HTTP/1.1" 200 27
101.83.145.37 - - [12/Aug/2023:11:02:04 +0800] "GET /xingrg/check_reg.html?_=1691809325694 HTTP/1.1" 200 22
180.162.109.65 - - [12/Aug/2023:11:02:08 +0800] "GET /xingrg/all/function/internal_message.html?_=1691808042524&CODE_STATE=getMsg HTTP/1.1" 200 27
124.79.243.110 - - [12/Aug/2023:11:02:15 +0800] "GET /xingrg/all/function/internal_message.html?_=1691809626008&CODE_STATE=getMsg HTTP/1.1" 200 27
222.65.220.241 - - [12/Aug/2023:11:02:15 +0800] "GET /xingrg/kc/base/yddb_order_list.html HTTP/1.1" 200 16831
222.65.220.241 - - [12/Aug/2023:11:02:15 +0800] "GET /xingrg/css/base.css HTTP/1.1" 200 2811
222.65.220.241 - - [12/Aug/2023:11:02:15 +0800] "GET /xingrg/javascript/jquery_tools/datebox.css HTTP/1.1" 200 2597
222.65.220.241 - - [12/Aug/2023:11:02:15 +0800] "GET /xingrg/css/site.css HTTP/1.1" 200 7541
222.65.220.241 - - [12/Aug/2023:11:02:15 +0800] "GET /xingrg/javascript/jquery_tools/fix.css HTTP/1.1" 200 1702
222.65.220.241 - - [12/Aug/2023:11:02:15 +0800] "GET /xingrg/javascript/easyui/themes/default/easyui.css HTTP/1.1" 200 30432
222.65.220.241 - - [12/Aug/2023:11:02:15 +0800] "GET /xingrg/javascript/easyui/themes/icon.css HTTP/1.1" 200 4483
222.65.220.241 - - [12/Aug/2023:11:02:15 +0800] "GET /xingrg/javascript/auto/jquery.autocomplete.css HTTP/1.1" 200 587
222.65.220.241 - - [12/Aug/2023:11:02:15 +0800] "GET /xingrg/javascript/jquery_tools/table.css HTTP/1.1" 200 1032
222.65.220.241 - - [12/Aug/2023:11:02:15 +0800] "GET /xingrg/javascript/jquery_tools/jquery.tools.min.js HTTP/1.1" 200 138801
222.65.220.241 - - [12/Aug/2023:11:02:15 +0800] "GET /xingrg/javascript/jquery_tools/jquery.tools.extend.js HTTP/1.1" 200 15385
222.65.220.241 - - [12/Aug/2023:11:02:15 +0800] "GET /xingrg/javascript/jquery_tools/jquery.tools.hotkey.js HTTP/1.1" 200 3242
222.65.220.241 - - [12/Aug/2023:11:02:15 +0800] "GET /xingrg/javascript/jquery_tools/jquery.tools.table.js HTTP/1.1" 200 6994
222.65.220.241 - - [12/Aug/2023:11:02:15 +0800] "GET /xingrg/javascript/jquery_tools/list_manager.js HTTP/1.1" 200 3652
222.65.220.241 - - [12/Aug/2023:11:02:15 +0800] "GET /xingrg/javascript/auto/jquery.autocomplete.js HTTP/1.1" 200 21624
222.65.220.241 - - [12/Aug/2023:11:02:15 +0800] "GET /xingrg/javascript/easyui/easyloader.js HTTP/1.1" 200 5975
222.65.220.241 - - [12/Aug/2023:11:02:15 +0800] "GET /xingrg/javascript/jquery.utils.js HTTP/1.1" 200 11805
222.65.220.241 - - [12/Aug/2023:11:02:15 +0800] "GET /xingrg/javascript/jquery.cookie.js HTTP/1.1" 200 5513
222.65.220.241 - - [12/Aug/2023:11:02:15 +0800] "GET /xingrg/javascript/print/LodopFuncs.js HTTP/1.1" 200 5121
222.65.220.241 - - [12/Aug/2023:11:02:16 +0800] "GET /xingrg/javascript/easyui/plugins/jquery.parser.js HTTP/1.1" 200 1142
222.65.220.241 - - [12/Aug/2023:11:02:16 +0800] "POST /xingrg/kc/base/yddb_list_operate.html HTTP/1.1" 200 636
124.77.244.83 - - [12/Aug/2023:11:02:17 +0800] "GET /xingrg/all/function/internal_message.html?_=1691809337196&CODE_STATE=getMsg HTTP/1.1" 200 27
222.65.220.241 - - [12/Aug/2023:11:02:19 +0800] "POST /xingrg/kc/base/yddb_list_operate.html HTTP/1.1" 200 4457
222.65.220.241 - - [12/Aug/2023:11:02:20 +0800] "POST /xingrg/kc/base/yddb_list_operate.html HTTP/1.1" 200 201
222.65.220.241 - - [12/Aug/2023:11:02:22 +0800] "POST /xingrg/kc/base/yddb_list_operate.html HTTP/1.1" 200 210
222.70.180.200 - - [12/Aug/2023:11:02:24 +0800] "GET /xingrg/kc/buy/cgsh_order_operate.html?command=get_materiel&rest_code=00111&code=00101007059&supplier_code=00100004&order_time=2023-08-12 HTTP/1.1" 200 409
180.152.241.196 - - [12/Aug/2023:11:02:24 +0800] "GET /xingrg/all/function/internal_message.html?_=1691809344516&CODE_STATE=getMsg HTTP/1.1" 200 27
222.65.220.241 - - [12/Aug/2023:11:02:25 +0800] "POST /xingrg/kc/base/yddb_list_operate.html HTTP/1.1" 200 211
124.78.155.92 - - [12/Aug/2023:11:02:28 +0800] "GET /xingrg/all/function/internal_message.html?_=1691809348218&CODE_STATE=getMsg HTTP/1.1" 200 27
222.65.220.241 - - [12/Aug/2023:11:02:28 +0800] "POST /xingrg/kc/base/yddb_list_operate.html HTTP/1.1" 200 199
114.83.217.84 - - [12/Aug/2023:11:02:28 +0800] "GET /xingrg/all/function/internal_message.html?_=1691809483545&CODE_STATE=getMsg HTTP/1.1" 200 27
101.83.241.37 - - [12/Aug/2023:11:02:28 +0800] "GET /xingrg/all/function/internal_message.html?_=1691809345641&CODE_STATE=getMsg HTTP/1.1" 200 27
116.232.195.127 - - [12/Aug/2023:11:02:29 +0800] "GET /xingrg/all/function/internal_message.html?_=1691809282750&CODE_STATE=getMsg HTTP/1.1" 200 27
222.65.220.241 - - [12/Aug/2023:11:02:30 +0800] "GET /xingrg/kc/base/yddb_order_info.html?code=482023080900057 HTTP/1.1" 200 31985
222.65.220.241 - - [12/Aug/2023:11:02:30 +0800] "GET /xingrg/dwr/util.js HTTP/1.1" 200 35990
222.65.220.241 - - [12/Aug/2023:11:02:30 +0800] "GET /xingrg/javascript/pic_change.js HTTP/1.1" 200 4739
222.65.220.241 - - [12/Aug/2023:11:02:30 +0800] "GET /xingrg/dwr/interface/AjaxComOrderService.js HTTP/1.1" 200 18264
222.65.220.241 - - [12/Aug/2023:11:02:30 +0800] "GET /xingrg/dwr/interface/AjaxYddbService.js HTTP/1.1" 200 13201
222.65.220.241 - - [12/Aug/2023:11:02:30 +0800] "GET /xingrg/dwr/engine.js HTTP/1.1" 200 43631
222.65.220.241 - - [12/Aug/2023:11:02:30 +0800] "GET /xingrg/javascript/jquery_easy_ui/themes/default/easyui.css HTTP/1.1" 200 26500
222.65.220.241 - - [12/Aug/2023:11:02:30 +0800] "GET /xingrg/javascript/jquery_easy_ui/themes/icon.css HTTP/1.1" 200 3949
222.65.220.241 - - [12/Aug/2023:11:02:30 +0800] "GET /xingrg/css/blue.css HTTP/1.1" 200 15949
222.65.220.241 - - [12/Aug/2023:11:02:30 +0800] "GET /xingrg/javascript/Calendar.js HTTP/1.1" 200 31561
222.65.220.241 - - [12/Aug/2023:11:02:31 +0800] "GET /xingrg/javascript/Grid.js HTTP/1.1" 200 58908
222.65.220.241 - - [12/Aug/2023:11:02:31 +0800] "GET /xingrg/javascript/checkform.js HTTP/1.1" 200 18351
222.65.220.241 - - [12/Aug/2023:11:02:31 +0800] "GET /xingrg/javascript/AjaxInfoList.js HTTP/1.1" 200 3774
222.65.220.241 - - [12/Aug/2023:11:02:31 +0800] "GET /xingrg/javascript/myfunction.js HTTP/1.1" 200 24559
222.65.220.241 - - [12/Aug/2023:11:02:31 +0800] "GET /xingrg/javascript/ToolTips.js HTTP/1.1" 200 5615
222.65.220.241 - - [12/Aug/2023:11:02:31 +0800] "GET /xingrg/javascript/jquery_easy_ui/themes/icons/print.png HTTP/1.1" 200 1057
222.65.220.241 - - [12/Aug/2023:11:02:31 +0800] "GET /xingrg/javascript/jquery_easy_ui/themes/icons/edit_add_new.png HTTP/1.1" 200 2997
222.65.220.241 - - [12/Aug/2023:11:02:31 +0800] "GET /xingrg/javascript/jquery_easy_ui/themes/default/images/menu_downarrow.png HTTP/1.1" 200 173
222.65.220.241 - - [12/Aug/2023:11:02:31 +0800] "GET /xingrg/images/blue/wait.gif HTTP/1.1" 200 1100
222.65.220.241 - - [12/Aug/2023:11:02:31 +0800] "GET /xingrg/images/blue/kc_tab_mid.gif HTTP/1.1" 200 44
222.65.220.241 - - [12/Aug/2023:11:02:31 +0800] "GET /xingrg/images/blue/kc_tab_right.gif HTTP/1.1" 200 643
222.65.220.241 - - [12/Aug/2023:11:02:31 +0800] "GET /xingrg/images/blue/kc_tab_left.gif HTTP/1.1" 200 188
222.65.220.241 - - [12/Aug/2023:11:02:32 +0800] "POST /xingrg/dwr/call/plaincall/AjaxYddbService.loadMaterielItems.dwr HTTP/1.1" 200 411
222.65.220.241 - - [12/Aug/2023:11:02:33 +0800] "GET /xingrg/javascript/jquery_easy_ui/themes/default/images/button_plain_hover.png HTTP/1.1" 200 252
58.40.7.146 - - [12/Aug/2023:11:02:34 +0800] "GET /xingrg/login.html HTTP/1.1" 200 7641
222.65.220.241 - - [12/Aug/2023:11:02:35 +0800] "GET /xingrg/kc/base/yddb_order_report.html?fileType=servlets/html&code=482023080900057&reportName=ck_order_report&subName=yddb HTTP/1.1" 302 -
222.65.220.241 - - [12/Aug/2023:11:02:35 +0800] "GET /xingrg/servlets/html?sysBaseUrl=http%3A%2F%2F180.169.147.146%3A18081%2Fxingrg%2F&costTime=549×tamp=1691809355730 HTTP/1.1" 200 14777
222.65.220.241 - - [12/Aug/2023:11:02:35 +0800] "GET /xingrg/servlets/image?image=px HTTP/1.1" 200 807
222.65.220.241 - - [12/Aug/2023:11:02:35 +0800] "GET /favicon.ico HTTP/1.1" 404 -
58.40.7.146 - - [12/Aug/2023:11:02:35 +0800] "GET /favicon.ico HTTP/1.1" 404 -
120.253.135.82 - - [12/Aug/2023:11:02:40 +0800] "GET /xingrg/all/function/internal_message.html?_=1691809179379&CODE_STATE=getMsg HTTP/1.1" 200 27
58.40.7.146 - - [12/Aug/2023:11:02:40 +0800] "POST /xingrg/login.do HTTP/1.1" 302 -
58.40.7.146 - - [12/Aug/2023:11:02:40 +0800] "GET /xingrg/index.html?sysBaseUrl=http%3A%2F%2F180.169.147.146%3A18081%2Fxingrg%2F&costTime=897×tamp=1691809360880 HTTP/1.1" 200 17173
58.40.7.146 - - [12/Aug/2023:11:02:41 +0800] "GET /xingrg/check_reg.html?_=1691809361182 HTTP/1.1" 200 22
58.40.7.146 - - [12/Aug/2023:11:02:41 +0800] "GET /xingrg/all/function/internal_message.html?_=1691809361179&CODE_STATE=count HTTP/1.1" 200 11
58.40.7.146 - - [12/Aug/2023:11:02:41 +0800] "GET /favicon.ico HTTP/1.1" 404 -
58.40.7.146 - - [12/Aug/2023:11:02:41 +0800] "POST /xingrg/all/common/load_tree.html?tree=area_rest_tree_json&manage=1 HTTP/1.1" 200 3499
58.40.7.146 - - [12/Aug/2023:11:02:41 +0800] "POST /xingrg/load_menu.html HTTP/1.1" 200 6743
124.78.70.128 - - [12/Aug/2023:11:02:43 +0800] "GET /xingrg/all/function/internal_message.html?_=1691808829373&CODE_STATE=getMsg HTTP/1.1" 200 27
124.78.70.128 - - [12/Aug/2023:11:02:44 +0800] "GET /xingrg/check_reg.html?_=1691808830343 HTTP/1.1" 200 22
58.40.7.146 - - [12/Aug/2023:11:02:46 +0800] "GET /xingrg/kc/buy/buy_main.html HTTP/1.1" 200 12341
58.40.7.146 - - [12/Aug/2023:11:02:46 +0800] "GET /xingrg/css/new_ie.css HTTP/1.1" 404 1036
58.40.7.146 - - [12/Aug/2023:11:02:51 +0800] "GET /xingrg/kc/buy/cgsh_order_list.html HTTP/1.1" 200 56077
124.78.155.92 - - [12/Aug/2023:11:02:51 +0800] "GET /xingrg/all/function/internal_message.html?_=1691809367209&CODE_STATE=getMsg HTTP/1.1" 200 27
101.83.145.37 - - [12/Aug/2023:11:02:53 +0800] "GET /xingrg/kc/base/base_main.html HTTP/1.1" 302 -
101.83.145.37 - - [12/Aug/2023:11:02:53 +0800] "GET /xingrg/login.html HTTP/1.1" 200 7641
101.83.145.37 - - [12/Aug/2023:11:02:53 +0800] "GET /xingrg/javascript/jquery_easy_ui/themes/default/images/tabs_close.gif HTTP/1.1" 304 -
101.83.145.37 - - [12/Aug/2023:11:02:53 +0800] "GET /xingrg/login.html HTTP/1.1" 200 7641
101.83.145.37 - - [12/Aug/2023:11:02:53 +0800] "GET /favicon.ico HTTP/1.1" 404 -
180.162.109.65 - - [12/Aug/2023:11:02:53 +0800] "GET /xingrg/javascript/auto/indicator.gif HTTP/1.1" 404 1066
58.40.7.146 - - [12/Aug/2023:11:02:54 +0800] "POST /xingrg/kc/buy/cgsh_list_operate.html HTTP/1.1" 200 986
180.152.241.196 - - [12/Aug/2023:11:02:54 +0800] "GET /xingrg/all/function/internal_message.html?_=1691809374855&CODE_STATE=getMsg HTTP/1.1" 200 27
222.65.220.241 - - [12/Aug/2023:11:02:56 +0800] "GET /xingrg/all/function/internal_message.html?_=1691809376239&CODE_STATE=getMsg HTTP/1.1" 200 27
101.83.145.37 - - [12/Aug/2023:11:03:03 +0800] "GET /xingrg/all/function/internal_message.html?_=1691809384252&CODE_STATE=getMsg HTTP/1.1" 200 27
222.70.180.200 - - [12/Aug/2023:11:03:04 +0800] "GET /xingrg/all/function/internal_message.html?_=1691809385484&CODE_STATE=getMsg HTTP/1.1" 200 27
180.162.109.65 - - [12/Aug/2023:11:03:08 +0800] "GET /xingrg/all/function/internal_message.html?_=1691808102528&CODE_STATE=getMsg HTTP/1.1" 200 27
101.83.145.37 - - [12/Aug/2023:11:03:10 +0800] "POST /xingrg/login.do HTTP/1.1" 302 -
101.83.145.37 - - [12/Aug/2023:11:03:10 +0800] "GET /xingrg/index.html?sysBaseUrl=http%3A%2F%2F180.169.147.146%3A18081%2Fxingrg%2F&costTime=886×tamp=1691809390788 HTTP/1.1" 200 17173
101.83.145.37 - - [12/Aug/2023:11:03:11 +0800] "GET /favicon.ico HTTP/1.1" 404 -
101.83.145.37 - - [12/Aug/2023:11:03:11 +0800] "GET /xingrg/check_reg.html?_=1691809193531 HTTP/1.1" 200 22
101.83.145.37 - - [12/Aug/2023:11:03:11 +0800] "GET /xingrg/all/function/internal_message.html?_=1691809193530&CODE_STATE=count HTTP/1.1" 200 11
101.83.145.37 - - [12/Aug/2023:11:03:11 +0800] "POST /xingrg/all/common/load_tree.html?tree=area_rest_tree_json&manage=1 HTTP/1.1" 200 342
101.83.145.37 - - [12/Aug/2023:11:03:11 +0800] "POST /xingrg/load_menu.html HTTP/1.1" 200 5138
101.83.145.37 - - [12/Aug/2023:11:03:13 +0800] "GET /xingrg/kc/base/base_main.html HTTP/1.1" 200 12142
101.83.145.37 - - [12/Aug/2023:11:03:13 +0800] "GET /xingrg/javascript/pic_change.js HTTP/1.1" 304 -
101.83.145.37 - - [12/Aug/2023:11:03:13 +0800] "GET /xingrg/images/blue/button/wlsy.gif HTTP/1.1" 304 -
101.83.145.37 - - [12/Aug/2023:11:03:13 +0800] "GET /xingrg/images/blue/button/ckpd.gif HTTP/1.1" 304 -
101.83.145.37 - - [12/Aug/2023:11:03:13 +0800] "GET /xingrg/images/blue/button/kc.gif HTTP/1.1" 304 -
101.83.145.37 - - [12/Aug/2023:11:03:13 +0800] "GET /xingrg/images/blue/button/ckdb.gif HTTP/1.1" 304 -
101.83.145.37 - - [12/Aug/2023:11:03:13 +0800] "GET /xingrg/images/blue/button/yddb.gif HTTP/1.1" 304 -
101.83.145.37 - - [12/Aug/2023:11:03:13 +0800] "GET /xingrg/images/blue/pic_form2.gif HTTP/1.1" 304 -
101.83.145.37 - - [12/Aug/2023:11:03:13 +0800] "GET /xingrg/images/blue/bg_dotted.jpg HTTP/1.1" 304 -
101.83.145.37 - - [12/Aug/2023:11:03:13 +0800] "GET /xingrg/images/blue/button/top_left.jpg HTTP/1.1" 304 -
101.83.145.37 - - [12/Aug/2023:11:03:13 +0800] "GET /xingrg/images/blue/button/top_right.jpg HTTP/1.1" 304 -
101.83.145.37 - - [12/Aug/2023:11:03:13 +0800] "GET /xingrg/images/blue/button/down.jpg HTTP/1.1" 304 -
101.83.145.37 - - [12/Aug/2023:11:03:13 +0800] "GET /xingrg/images/blue/button/right_ah.jpg HTTP/1.1" 304 -
101.83.145.37 - - [12/Aug/2023:11:03:13 +0800] "GET /xingrg/images/blue/button/left_ah.jpg HTTP/1.1" 304 -
101.83.145.37 - - [12/Aug/2023:11:03:13 +0800] "GET /xingrg/images/blue/button/bottom_left.jpg HTTP/1.1" 304 -
101.83.145.37 - - [12/Aug/2023:11:03:13 +0800] "GET /xingrg/images/blue/button/bottom_right.jpg HTTP/1.1" 304 -
124.79.243.110 - - [12/Aug/2023:11:03:15 +0800] "GET /xingrg/all/function/internal_message.html?_=1691809686009&CODE_STATE=getMsg HTTP/1.1" 200 27
101.83.145.37 - - [12/Aug/2023:11:03:15 +0800] "GET /xingrg/kc/base/wldb_order_list.html HTTP/1.1" 200 19215
101.83.145.37 - - [12/Aug/2023:11:03:15 +0800] "GET /xingrg/css/base.css HTTP/1.1" 304 -
101.83.145.37 - - [12/Aug/2023:11:03:15 +0800] "GET /xingrg/css/site.css HTTP/1.1" 304 -
101.83.145.37 - - [12/Aug/2023:11:03:15 +0800] "GET /xingrg/javascript/easyui/themes/default/easyui.css HTTP/1.1" 304 -
101.83.145.37 - - [12/Aug/2023:11:03:15 +0800] "GET /xingrg/javascript/jquery_tools/datebox.css HTTP/1.1" 304 -
101.83.145.37 - - [12/Aug/2023:11:03:15 +0800] "GET /xingrg/javascript/easyui/themes/icon.css HTTP/1.1" 304 -
101.83.145.37 - - [12/Aug/2023:11:03:15 +0800] "GET /xingrg/javascript/jquery_tools/fix.css HTTP/1.1" 304 -
101.83.145.37 - - [12/Aug/2023:11:03:15 +0800] "GET /xingrg/javascript/auto/jquery.autocomplete.css HTTP/1.1" 304 -
101.83.145.37 - - [12/Aug/2023:11:03:15 +0800] "GET /xingrg/javascript/jquery_tools/table.css HTTP/1.1" 304 -
101.83.145.37 - - [12/Aug/2023:11:03:15 +0800] "GET /xingrg/javascript/jquery_tools/jquery.tools.min.js HTTP/1.1" 304 -
101.83.145.37 - - [12/Aug/2023:11:03:15 +0800] "GET /xingrg/javascript/jquery_tools/jquery.tools.extend.js HTTP/1.1" 304 -
101.83.145.37 - - [12/Aug/2023:11:03:15 +0800] "GET /xingrg/javascript/jquery_tools/jquery.tools.hotkey.js HTTP/1.1" 304 -
101.83.145.37 - - [12/Aug/2023:11:03:15 +0800] "GET /xingrg/javascript/jquery_tools/jquery.tools.table.js HTTP/1.1" 304 -
101.83.145.37 - - [12/Aug/2023:11:03:15 +0800] "GET /xingrg/javascript/jquery_tools/list_manager.js HTTP/1.1" 304 -
101.83.145.37 - - [12/Aug/2023:11:03:15 +0800] "GET /xingrg/javascript/auto/jquery.autocomplete.js HTTP/1.1" 304 -
101.83.145.37 - - [12/Aug/2023:11:03:15 +0800] "GET /xingrg/javascript/jquery.cookie.js HTTP/1.1" 304 -
101.83.145.37 - - [12/Aug/2023:11:03:15 +0800] "GET /xingrg/javascript/easyui/easyloader.js HTTP/1.1" 304 -
101.83.145.37 - - [12/Aug/2023:11:03:15 +0800] "GET /xingrg/javascript/print/LodopFuncs.js HTTP/1.1" 304 -
101.83.145.37 - - [12/Aug/2023:11:03:16 +0800] "GET /xingrg/javascript/easyui/themes/icons/edit_add_new.png HTTP/1.1" 304 -
101.83.145.37 - - [12/Aug/2023:11:03:16 +0800] "GET /xingrg/javascript/easyui/themes/icons/field_new.png HTTP/1.1" 304 -
101.83.145.37 - - [12/Aug/2023:11:03:16 +0800] "GET /xingrg/javascript/easyui/themes/icons/import_new.png HTTP/1.1" 304 -
101.83.145.37 - - [12/Aug/2023:11:03:16 +0800] "GET /xingrg/javascript/easyui/themes/icons/check_new.png HTTP/1.1" 304 -
101.83.145.37 - - [12/Aug/2023:11:03:16 +0800] "GET /xingrg/javascript/easyui/themes/icons/cance_new.png HTTP/1.1" 304 -
101.83.145.37 - - [12/Aug/2023:11:03:16 +0800] "GET /xingrg/javascript/easyui/plugins/jquery.parser.js HTTP/1.1" 304 -
101.83.145.37 - - [12/Aug/2023:11:03:16 +0800] "GET /xingrg/images/control/ajaxLoader.gif HTTP/1.1" 304 -
124.77.244.83 - - [12/Aug/2023:11:03:17 +0800] "GET /xingrg/all/function/internal_message.html?_=1691809397197&CODE_STATE=getMsg HTTP/1.1" 200 27
101.83.145.37 - - [12/Aug/2023:11:03:17 +0800] "POST /xingrg/kc/base/wldb_list_operate.html HTTP/1.1" 200 928
101.83.241.37 - - [12/Aug/2023:11:03:18 +0800] "GET /xingrg/kc/buy/cgsh_order_add.html HTTP/1.1" 200 71947
101.83.241.37 - - [12/Aug/2023:11:03:19 +0800] "POST /xingrg/kc/buy/cgsh_order_operate.html HTTP/1.1" 200 8245
101.83.241.37 - - [12/Aug/2023:11:03:19 +0800] "GET /xingrg/javascript/easyui/themes/default/validatebox.css HTTP/1.1" 404 1104
222.70.180.200 - - [12/Aug/2023:11:03:19 +0800] "GET /xingrg/kc/buy/cgsh_order_operate.html?command=get_materiel&rest_code=00111&code=00101007072&supplier_code=00100004&order_time=2023-08-12 HTTP/1.1" 200 421
180.152.241.196 - - [12/Aug/2023:11:03:24 +0800] "GET /xingrg/all/function/internal_message.html?_=1691809404531&CODE_STATE=getMsg HTTP/1.1" 200 27
124.78.155.92 - - [12/Aug/2023:11:03:28 +0800] "GET /xingrg/all/function/internal_message.html?_=1691809408218&CODE_STATE=getMsg HTTP/1.1" 200 27
124.78.155.92 - - [12/Aug/2023:11:03:28 +0800] "GET /xingrg/check_reg.html?_=1691809408221 HTTP/1.1" 200 22
101.83.241.37 - - [12/Aug/2023:11:03:28 +0800] "GET /xingrg/check_reg.html?_=1691809405254 HTTP/1.1" 200 22
114.83.217.84 - - [12/Aug/2023:11:03:28 +0800] "GET /xingrg/all/function/internal_message.html?_=1691809543536&CODE_STATE=getMsg HTTP/1.1" 200 27
101.83.241.37 - - [12/Aug/2023:11:03:28 +0800] "GET /xingrg/all/function/internal_message.html?_=1691809405621&CODE_STATE=getMsg HTTP/1.1" 200 27
116.232.195.127 - - [12/Aug/2023:11:03:29 +0800] "GET /xingrg/all/function/internal_message.html?_=1691809342740&CODE_STATE=getMsg HTTP/1.1" 200 27
124.78.70.128 - - [12/Aug/2023:11:03:30 +0800] "POST /xingrg/services/DataTransmitService HTTP/1.1" 200 524
124.78.70.128 - - [12/Aug/2023:11:03:30 +0800] "POST /xingrg/services/DataTransmitService HTTP/1.1" 200 501
101.83.241.37 - - [12/Aug/2023:11:03:36 +0800] "GET /xingrg/kc/buy/cgsh_order_operate.html?command=get_materiel&rest_code=00149&code=00102003086&supplier_code=00100075&order_time=2023-08-12 HTTP/1.1" 200 408
120.253.135.82 - - [12/Aug/2023:11:03:40 +0800] "GET /xingrg/all/function/internal_message.html?_=1691809239529&CODE_STATE=getMsg HTTP/1.1" 200 27
58.40.7.146 - - [12/Aug/2023:11:03:41 +0800] "GET /xingrg/all/function/internal_message.html?_=1691809421183&CODE_STATE=getMsg HTTP/1.1" 200 27
124.78.70.128 - - [12/Aug/2023:11:03:43 +0800] "GET /xingrg/all/function/internal_message.html?_=1691808889347&CODE_STATE=getMsg HTTP/1.1" 200 27
58.40.7.146 - - [12/Aug/2023:11:03:49 +0800] "GET /xingrg/javascript/auto/indicator.gif HTTP/1.1" 404 1066
180.163.28.55 - - [12/Aug/2023:11:03:51 +0800] "GET /xingrg/all/function/internal_message.html?_=1691809367209&CODE_STATE=getMsg HTTP/1.1" 302 -
180.163.28.55 - - [12/Aug/2023:11:03:51 +0800] "GET /xingrg/login.html HTTP/1.1" 200 7641
222.70.180.200 - - [12/Aug/2023:11:03:51 +0800] "GET /xingrg/kc/buy/cgsh_order_operate.html?command=get_materiel&rest_code=00111&code=00101007090&supplier_code=00100004&order_time=2023-08-12 HTTP/1.1" 200 413
124.78.155.92 - - [12/Aug/2023:11:03:51 +0800] "GET /xingrg/all/function/internal_message.html?_=1691809427180&CODE_STATE=getMsg HTTP/1.1" 200 27
180.152.241.196 - - [12/Aug/2023:11:03:54 +0800] "GET /xingrg/check_reg.html?_=1691809434853 HTTP/1.1" 200 22
180.152.241.196 - - [12/Aug/2023:11:03:54 +0800] "GET /xingrg/all/function/internal_message.html?_=1691809434855&CODE_STATE=getMsg HTTP/1.1" 200 27
222.65.220.241 - - [12/Aug/2023:11:03:56 +0800] "GET /xingrg/all/function/internal_message.html?_=1691809436226&CODE_STATE=getMsg HTTP/1.1" 200 27
58.40.7.146 - - [12/Aug/2023:11:03:57 +0800] "POST /xingrg/kc/buy/cgsh_list_operate.html HTTP/1.1" 200 6440
101.83.145.37 - - [12/Aug/2023:11:04:03 +0800] "GET /xingrg/all/function/internal_message.html?_=1691809444226&CODE_STATE=getMsg HTTP/1.1" 200 27
222.70.180.200 - - [12/Aug/2023:11:04:04 +0800] "GET /xingrg/all/function/internal_message.html?_=1691809445455&CODE_STATE=getMsg HTTP/1.1" 200 27
58.40.7.146 - - [12/Aug/2023:11:04:04 +0800] "POST /xingrg/kc/buy/cgsh_list_operate.html HTTP/1.1" 200 281
180.162.109.65 - - [12/Aug/2023:11:04:08 +0800] "GET /xingrg/all/function/internal_message.html?_=1691808162561&CODE_STATE=getMsg HTTP/1.1" 200 27
58.40.7.146 - - [12/Aug/2023:11:04:08 +0800] "POST /xingrg/kc/buy/cgsh_list_operate.html HTTP/1.1" 200 209
180.162.109.65 - - [12/Aug/2023:11:04:09 +0800] "GET /xingrg/kc/buy/cgsh_order_operate.html?command=get_materiel&rest_code=00143&code=00101002017&supplier_code=00100207&order_time=2023-08-12 HTTP/1.1" 200 409
101.83.145.37 - - [12/Aug/2023:11:04:11 +0800] "GET /xingrg/all/function/internal_message.html?_=1691809253542&CODE_STATE=getMsg HTTP/1.1" 200 27
58.40.7.146 - - [12/Aug/2023:11:04:11 +0800] "POST /xingrg/kc/buy/cgsh_list_operate.html HTTP/1.1" 200 204
58.40.7.146 - - [12/Aug/2023:11:04:14 +0800] "POST /xingrg/kc/buy/cgsh_list_operate.html HTTP/1.1" 200 210
101.83.241.37 - - [12/Aug/2023:11:04:15 +0800] "GET /xingrg/kc/buy/cgsh_order_operate.html?command=get_materiel&rest_code=00149&code=00102013051&supplier_code=00100075&order_time=2023-08-12 HTTP/1.1" 200 417
124.79.243.110 - - [12/Aug/2023:11:04:15 +0800] "GET /xingrg/all/function/internal_message.html?_=1691809746008&CODE_STATE=getMsg HTTP/1.1" 200 27
124.79.243.110 - - [12/Aug/2023:11:04:15 +0800] "GET /xingrg/check_reg.html?_=1691809746009 HTTP/1.1" 200 22
124.77.244.83 - - [12/Aug/2023:11:04:17 +0800] "GET /xingrg/all/function/internal_message.html?_=1691809457335&CODE_STATE=getMsg HTTP/1.1" 200 27
58.40.7.146 - - [12/Aug/2023:11:04:17 +0800] "POST /xingrg/kc/buy/cgsh_list_operate.html HTTP/1.1" 200 202
180.152.241.196 - - [12/Aug/2023:11:04:24 +0800] "GET /xingrg/all/function/internal_message.html?_=1691809464521&CODE_STATE=getMsg HTTP/1.1" 200 27
124.78.155.92 - - [12/Aug/2023:11:04:28 +0800] "GET /xingrg/all/function/internal_message.html?_=1691809468221&CODE_STATE=getMsg HTTP/1.1" 200 27
114.83.217.84 - - [12/Aug/2023:11:04:28 +0800] "GET /xingrg/all/function/internal_message.html?_=1691809603550&CODE_STATE=getMsg HTTP/1.1" 200 27
101.83.241.37 - - [12/Aug/2023:11:04:28 +0800] "GET /xingrg/all/function/internal_message.html?_=1691809465595&CODE_STATE=getMsg HTTP/1.1" 200 27
116.232.195.127 - - [12/Aug/2023:11:04:29 +0800] "GET /xingrg/all/function/internal_message.html?_=1691809402747&CODE_STATE=getMsg HTTP/1.1" 200 27
222.70.180.200 - - [12/Aug/2023:11:04:30 +0800] "POST /xingrg/kc/buy/cgsh_order_operate.html HTTP/1.1" 200 37
58.40.7.146 - - [12/Aug/2023:11:04:30 +0800] "POST /xingrg/kc/buy/cgsh_list_operate.html HTTP/1.1" 200 10613
222.70.180.200 - - [12/Aug/2023:11:04:32 +0800] "POST /xingrg/kc/buy/cgsh_order_operate.html HTTP/1.1" 200 3847
222.70.180.200 - - [12/Aug/2023:11:04:35 +0800] "GET /xingrg/kc/print/load_data.html?order_code=212023081204729&kc_code=cgsh&condition= HTTP/1.1" 200 1174
222.65.220.241 - - [12/Aug/2023:11:04:36 +0800] "GET /xingrg/kc/base/yddb_order_list.html?isBack=1 HTTP/1.1" 200 16831
58.40.7.146 - - [12/Aug/2023:11:04:36 +0800] "POST /xingrg/kc/buy/cgsh_list_operate.html HTTP/1.1" 200 203
222.65.220.241 - - [12/Aug/2023:11:04:36 +0800] "POST /xingrg/kc/base/yddb_list_operate.html HTTP/1.1" 200 636
124.78.155.92 - - [12/Aug/2023:11:04:36 +0800] "GET /xingrg/check_reg.html?_=1691809472476 HTTP/1.1" 200 22
58.40.7.146 - - [12/Aug/2023:11:04:40 +0800] "POST /xingrg/kc/buy/cgsh_list_operate.html HTTP/1.1" 200 208
120.253.135.82 - - [12/Aug/2023:11:04:40 +0800] "GET /xingrg/all/function/internal_message.html?_=1691809299549&CODE_STATE=getMsg HTTP/1.1" 200 27
58.40.7.146 - - [12/Aug/2023:11:04:41 +0800] "GET /xingrg/all/function/internal_message.html?_=1691809481189&CODE_STATE=getMsg HTTP/1.1" 200 27
124.78.70.128 - - [12/Aug/2023:11:04:43 +0800] "GET /xingrg/all/function/internal_message.html?_=1691808949316&CODE_STATE=getMsg HTTP/1.1" 200 27
58.40.7.146 - - [12/Aug/2023:11:04:43 +0800] "GET /xingrg/kc/buy/cgsh_order_info.html?code=212023060401409 HTTP/1.1" 200 65823
58.40.7.146 - - [12/Aug/2023:11:04:43 +0800] "GET /xingrg/words/20230811145454_words.js HTTP/1.1" 200 979335
58.40.7.146 - - [12/Aug/2023:11:04:43 +0800] "GET /xingrg/javascript/easyui/themes/default/validatebox.css HTTP/1.1" 404 1104
58.40.7.146 - - [12/Aug/2023:11:04:44 +0800] "POST /xingrg/kc/buy/cgsh_order_operate.html HTTP/1.1" 200 624
101.83.241.37 - - [12/Aug/2023:11:04:46 +0800] "GET /xingrg/kc/buy/cgsh_order_operate.html?command=get_materiel&rest_code=00149&code=00102013050&supplier_code=00100075&order_time=2023-08-12 HTTP/1.1" 200 413
222.70.180.200 - - [12/Aug/2023:11:04:51 +0800] "GET /xingrg/kc/buy/cgsh_order_add.html HTTP/1.1" 200 71809
222.70.180.200 - - [12/Aug/2023:11:04:51 +0800] "POST /xingrg/kc/buy/cgsh_order_operate.html HTTP/1.1" 200 8245
222.70.180.200 - - [12/Aug/2023:11:04:51 +0800] "GET /xingrg/javascript/easyui/themes/default/validatebox.css HTTP/1.1" 404 1104
124.78.155.92 - - [12/Aug/2023:11:04:51 +0800] "GET /xingrg/all/function/internal_message.html?_=1691809487163&CODE_STATE=getMsg HTTP/1.1" 200 27
180.152.241.196 - - [12/Aug/2023:11:04:54 +0800] "GET /xingrg/all/function/internal_message.html?_=1691809494850&CODE_STATE=getMsg HTTP/1.1" 200 27
222.65.220.241 - - [12/Aug/2023:11:04:56 +0800] "GET /xingrg/all/function/internal_message.html?_=1691809496212&CODE_STATE=getMsg HTTP/1.1" 200 27
101.83.241.37 - - [12/Aug/2023:11:05:00 +0800] "GET /xingrg/kc/buy/cgsh_order_operate.html?command=get_materiel&rest_code=00149&code=00102013003&supplier_code=00100075&order_time=2023-08-12 HTTP/1.1" 200 409
101.83.145.37 - - [12/Aug/2023:11:05:03 +0800] "GET /xingrg/all/function/internal_message.html?_=1691809504195&CODE_STATE=getMsg HTTP/1.1" 200 27
222.70.180.200 - - [12/Aug/2023:11:05:04 +0800] "GET /xingrg/check_reg.html?_=1691809505064 HTTP/1.1" 200 22
222.70.180.200 - - [12/Aug/2023:11:05:04 +0800] "GET /xingrg/all/function/internal_message.html?_=1691809505440&CODE_STATE=getMsg HTTP/1.1" 200 27
180.162.109.65 - - [12/Aug/2023:11:05:08 +0800] "GET /xingrg/all/function/internal_message.html?_=1691808222533&CODE_STATE=getMsg HTTP/1.1" 200 27
124.77.244.83 - - [12/Aug/2023:11:05:10 +0800] "GET /xingrg/check_reg.html?_=1691809510376 HTTP/1.1" 200 22
101.83.145.37 - - [12/Aug/2023:11:05:11 +0800] "GET /xingrg/all/function/internal_message.html?_=1691809313538&CODE_STATE=getMsg HTTP/1.1" 200 27
101.83.145.37 - - [12/Aug/2023:11:05:11 +0800] "GET /xingrg/javascript/easyui/themes/default/images/button_plain_hover.png HTTP/1.1" 304 -
101.83.145.37 - - [12/Aug/2023:11:05:13 +0800] "GET /xingrg/kc/base/wldb_order_add.html HTTP/1.1" 200 30498
101.83.145.37 - - [12/Aug/2023:11:05:13 +0800] "GET /xingrg/javascript/jquery_tools/order_manager.js HTTP/1.1" 304 -
101.83.145.37 - - [12/Aug/2023:11:05:13 +0800] "GET /xingrg/javascript/convert.js HTTP/1.1" 304 -
101.83.145.37 - - [12/Aug/2023:11:05:13 +0800] "GET /xingrg/javascript/json2.js HTTP/1.1" 304 -
101.83.145.37 - - [12/Aug/2023:11:05:13 +0800] "GET /xingrg/javascript/print/kc_print.js HTTP/1.1" 304 -
101.83.145.37 - - [12/Aug/2023:11:05:13 +0800] "GET /xingrg/words/20230811145454_words.js HTTP/1.1" 200 979335
101.83.145.37 - - [12/Aug/2023:11:05:13 +0800] "GET /xingrg/javascript/easyui/themes/icons/ok.png HTTP/1.1" 304 -
101.83.145.37 - - [12/Aug/2023:11:05:13 +0800] "GET /xingrg/javascript/easyui/themes/icons/template_new.png HTTP/1.1" 304 -
101.83.145.37 - - [12/Aug/2023:11:05:13 +0800] "GET /xingrg/javascript/easyui/themes/icons/print.png HTTP/1.1" 304 -
101.83.145.37 - - [12/Aug/2023:11:05:13 +0800] "GET /xingrg/javascript/easyui/themes/icons/cancel.png HTTP/1.1" 304 -
101.83.145.37 - - [12/Aug/2023:11:05:13 +0800] "GET /xingrg/javascript/easyui/themes/default/images/menu_downarrow.png HTTP/1.1" 304 -
101.83.145.37 - - [12/Aug/2023:11:05:13 +0800] "POST /xingrg/kc/base/wldb_order_operate.html HTTP/1.1" 200 6806
101.83.145.37 - - [12/Aug/2023:11:05:13 +0800] "GET /xingrg/all/common/auto_word.html?type=base&rest_code=00105 HTTP/1.1" 200 1907
101.83.145.37 - - [12/Aug/2023:11:05:13 +0800] "GET /xingrg/javascript/easyui/themes/default/validatebox.css HTTP/1.1" 404 1104
101.83.145.37 - - [12/Aug/2023:11:05:13 +0800] "GET /xingrg/all/common/auto_word.html?type=base&rest_code=00105 HTTP/1.1" 200 1907
101.83.145.37 - - [12/Aug/2023:11:05:13 +0800] "GET /xingrg/javascript/easyui/plugins/jquery.validatebox.js HTTP/1.1" 304 -
101.83.145.37 - - [12/Aug/2023:11:05:14 +0800] "GET /xingrg/javascript/easyui/themes/icons/edit_remove.png HTTP/1.1" 304 -
101.83.145.37 - - [12/Aug/2023:11:05:14 +0800] "GET /xingrg/javascript/easyui/plugins/jquery.numberbox.js HTTP/1.1" 304 -
124.79.243.110 - - [12/Aug/2023:11:05:15 +0800] "GET /xingrg/all/function/internal_message.html?_=1691809806007&CODE_STATE=getMsg HTTP/1.1" 200 27
124.77.244.83 - - [12/Aug/2023:11:05:17 +0800] "GET /xingrg/all/function/internal_message.html?_=1691809517349&CODE_STATE=getMsg HTTP/1.1" 200 27
101.83.145.37 - - [12/Aug/2023:11:05:17 +0800] "GET /xingrg/javascript/auto/indicator.gif HTTP/1.1" 404 1066
180.152.241.196 - - [12/Aug/2023:11:05:24 +0800] "GET /xingrg/all/function/internal_message.html?_=1691809524525&CODE_STATE=getMsg HTTP/1.1" 200 27
101.83.241.37 - - [12/Aug/2023:11:05:25 +0800] "POST /xingrg/kc/buy/cgsh_order_operate.html HTTP/1.1" 200 37
124.78.155.92 - - [12/Aug/2023:11:05:28 +0800] "GET /xingrg/all/function/internal_message.html?_=1691809528222&CODE_STATE=getMsg HTTP/1.1" 200 27
114.83.217.84 - - [12/Aug/2023:11:05:28 +0800] "GET /xingrg/all/function/internal_message.html?_=1691809663536&CODE_STATE=getMsg HTTP/1.1" 200 27
101.83.241.37 - - [12/Aug/2023:11:05:28 +0800] "GET /xingrg/all/function/internal_message.html?_=1691809525577&CODE_STATE=getMsg HTTP/1.1" 200 27
116.232.195.127 - - [12/Aug/2023:11:05:29 +0800] "GET /xingrg/all/function/internal_message.html?_=1691809462743&CODE_STATE=getMsg HTTP/1.1" 200 27
101.83.241.37 - - [12/Aug/2023:11:05:32 +0800] "POST /xingrg/kc/buy/cgsh_order_operate.html HTTP/1.1" 200 12
101.83.241.37 - - [12/Aug/2023:11:05:37 +0800] "GET /xingrg/kc/buy/cgsh_order_info.html?code=212023081204730 HTTP/1.1" 200 66860
101.83.241.37 - - [12/Aug/2023:11:05:37 +0800] "GET /xingrg/javascript/easyui/themes/default/validatebox.css HTTP/1.1" 404 1104
101.83.241.37 - - [12/Aug/2023:11:05:38 +0800] "POST /xingrg/kc/buy/cgsh_order_operate.html HTTP/1.1" 200 2391
101.83.241.37 - - [12/Aug/2023:11:05:40 +0800] "GET /xingrg/kc/print/load_data.html?order_code=212023081204730&kc_code=cgsh&condition= HTTP/1.1" 200 1406
120.253.135.82 - - [12/Aug/2023:11:05:41 +0800] "GET /xingrg/all/function/internal_message.html?_=1691809359698&CODE_STATE=getMsg HTTP/1.1" 200 27
58.40.7.146 - - [12/Aug/2023:11:05:41 +0800] "GET /xingrg/all/function/internal_message.html?_=1691809541198&CODE_STATE=getMsg HTTP/1.1" 200 27
101.83.145.37 - - [12/Aug/2023:11:05:42 +0800] "GET /xingrg/kc/base/wldb_order_operate.html?command=get_materiel&rest_code=00105&base_code=0010507&code=00101016001 HTTP/1.1" 200 457
124.78.70.128 - - [12/Aug/2023:11:05:43 +0800] "GET /xingrg/all/function/internal_message.html?_=1691809009289&CODE_STATE=getMsg HTTP/1.1" 200 27
180.162.109.65 - - [12/Aug/2023:11:05:43 +0800] "GET /xingrg/kc/buy/cgsh_order_operate.html?command=get_materiel&rest_code=00143&code=00101003002&supplier_code=00100207&order_time=2023-08-12 HTTP/1.1" 200 411
124.78.155.92 - - [12/Aug/2023:11:05:51 +0800] "GET /xingrg/all/function/internal_message.html?_=1691809547134&CODE_STATE=getMsg HTTP/1.1" 200 27
120.253.135.82 - - [12/Aug/2023:11:05:51 +0800] "GET /xingrg/check_reg.html?_=1691809370263 HTTP/1.1" 200 22
180.152.241.196 - - [12/Aug/2023:11:05:54 +0800] "GET /xingrg/all/function/internal_message.html?_=1691809554853&CODE_STATE=getMsg HTTP/1.1" 200 27
222.65.220.241 - - [12/Aug/2023:11:05:56 +0800] "GET /xingrg/all/function/internal_message.html?_=1691809556201&CODE_STATE=getMsg HTTP/1.1" 200 27
101.83.145.37 - - [12/Aug/2023:11:06:03 +0800] "GET /xingrg/all/function/internal_message.html?_=1691809564179&CODE_STATE=getMsg HTTP/1.1" 200 27
222.70.180.200 - - [12/Aug/2023:11:06:04 +0800] "GET /xingrg/all/function/internal_message.html?_=1691809565421&CODE_STATE=getMsg HTTP/1.1" 200 27
180.162.109.65 - - [12/Aug/2023:11:06:08 +0800] "GET /xingrg/check_reg.html?_=1691808282530 HTTP/1.1" 200 22
180.162.109.65 - - [12/Aug/2023:11:06:08 +0800] "GET /xingrg/all/function/internal_message.html?_=1691808282533&CODE_STATE=getMsg HTTP/1.1" 200 27
101.83.145.37 - - [12/Aug/2023:11:06:11 +0800] "GET /xingrg/all/function/internal_message.html?_=1691809373539&CODE_STATE=getMsg HTTP/1.1" 200 27
124.79.243.110 - - [12/Aug/2023:11:06:15 +0800] "GET /xingrg/all/function/internal_message.html?_=1691809866006&CODE_STATE=getMsg HTTP/1.1" 200 27
124.77.244.83 - - [12/Aug/2023:11:06:17 +0800] "GET /xingrg/all/function/internal_message.html?_=1691809577362&CODE_STATE=getMsg HTTP/1.1" 200 27
180.152.241.196 - - [12/Aug/2023:11:06:24 +0800] "GET /xingrg/check_reg.html?_=1691809584516 HTTP/1.1" 200 22
180.152.241.196 - - [12/Aug/2023:11:06:24 +0800] "GET /xingrg/all/function/internal_message.html?_=1691809584520&CODE_STATE=getMsg HTTP/1.1" 200 27
101.83.145.37 - - [12/Aug/2023:11:06:25 +0800] "GET /xingrg/kc/base/wldb_order_operate.html?command=get_materiel&rest_code=00105&base_code=0010507&code=00101019018 HTTP/1.1" 200 465
124.78.155.92 - - [12/Aug/2023:11:06:28 +0800] "GET /xingrg/all/function/internal_message.html?_=1691809588222&CODE_STATE=getMsg HTTP/1.1" 200 27
114.83.217.84 - - [12/Aug/2023:11:06:28 +0800] "GET /xingrg/all/function/internal_message.html?_=1691809723549&CODE_STATE=getMsg HTTP/1.1" 200 27
114.83.217.84 - - [12/Aug/2023:11:06:28 +0800] "GET /xingrg/check_reg.html?_=1691809723550 HTTP/1.1" 200 22
101.83.241.37 - - [12/Aug/2023:11:06:28 +0800] "GET /xingrg/all/function/internal_message.html?_=1691809585553&CODE_STATE=getMsg HTTP/1.1" 200 27
116.232.195.127 - - [12/Aug/2023:11:06:29 +0800] "GET /xingrg/all/function/internal_message.html?_=1691809522741&CODE_STATE=getMsg HTTP/1.1" 200 27
116.232.195.127 - - [12/Aug/2023:11:06:29 +0800] "GET /xingrg/check_reg.html?_=1691809522747 HTTP/1.1" 200 22
101.83.145.37 - - [12/Aug/2023:11:06:40 +0800] "GET /xingrg/kc/base/wldb_order_operate.html?command=get_materiel&rest_code=00105&base_code=0010507&code=00101019142 HTTP/1.1" 200 463
120.253.135.82 - - [12/Aug/2023:11:06:41 +0800] "GET /xingrg/all/function/internal_message.html?_=1691809419701&CODE_STATE=getMsg HTTP/1.1" 200 27
58.40.7.146 - - [12/Aug/2023:11:06:41 +0800] "GET /xingrg/all/function/internal_message.html?_=1691809601195&CODE_STATE=getMsg HTTP/1.1" 200 27
124.78.70.128 - - [12/Aug/2023:11:06:42 +0800] "GET /xingrg/all/function/internal_message.html?_=1691809069257&CODE_STATE=getMsg HTTP/1.1" 200 27
124.78.155.92 - - [12/Aug/2023:11:06:51 +0800] "GET /xingrg/all/function/internal_message.html?_=1691809607104&CODE_STATE=getMsg HTTP/1.1" 200 27
101.83.145.37 - - [12/Aug/2023:11:06:52 +0800] "GET /xingrg/kc/base/wldb_order_operate.html?command=get_materiel&rest_code=00105&base_code=0010507&code=00101019400 HTTP/1.1" 200 465
222.65.220.241 - - [12/Aug/2023:11:06:53 +0800] "GET /xingrg/check_reg.html?_=1691809612932 HTTP/1.1" 200 22
180.152.241.196 - - [12/Aug/2023:11:06:54 +0800] "GET /xingrg/all/function/internal_message.html?_=1691809614855&CODE_STATE=getMsg HTTP/1.1" 200 27
222.65.220.241 - - [12/Aug/2023:11:06:56 +0800] "GET /xingrg/all/function/internal_message.html?_=1691809616172&CODE_STATE=getMsg HTTP/1.1" 200 27
101.83.145.37 - - [12/Aug/2023:11:07:03 +0800] "GET /xingrg/all/function/internal_message.html?_=1691809624153&CODE_STATE=getMsg HTTP/1.1" 200 27
222.70.180.200 - - [12/Aug/2023:11:07:04 +0800] "GET /xingrg/all/function/internal_message.html?_=1691809625540&CODE_STATE=getMsg HTTP/1.1" 200 27
101.83.145.37 - - [12/Aug/2023:11:07:04 +0800] "GET /xingrg/check_reg.html?_=1691809625668 HTTP/1.1" 200 22
101.83.145.37 - - [12/Aug/2023:11:07:06 +0800] "GET /xingrg/kc/base/wldb_order_operate.html?command=get_materiel&rest_code=00105&base_code=0010507&code=00101019183 HTTP/1.1" 200 449
