180.163.28.109 - - [12/Aug/2023:10:21:36 +0800] "GET /xingrg/all/function/internal_message.html?_=1691806832539&CODE_STATE=getMsg HTTP/1.1" 302 -
180.163.28.109 - - [12/Aug/2023:10:21:36 +0800] "GET /xingrg/login.html HTTP/1.1" 200 7641
124.78.155.92 - - [12/Aug/2023:10:21:36 +0800] "GET /xingrg/all/function/internal_message.html?_=1691806892531&CODE_STATE=getMsg HTTP/1.1" 200 27
120.253.135.82 - - [12/Aug/2023:10:21:38 +0800] "GET /xingrg/all/function/internal_message.html?_=1691806717247&CODE_STATE=getMsg HTTP/1.1" 200 27
124.78.70.128 - - [12/Aug/2023:10:21:42 +0800] "GET /xingrg/all/function/internal_message.html?_=1691806369176&CODE_STATE=getMsg HTTP/1.1" 200 27
180.152.241.196 - - [12/Aug/2023:10:21:46 +0800] "GET /xingrg/check_reg.html?_=1691806906896 HTTP/1.1" 200 22
180.152.241.196 - - [12/Aug/2023:10:21:46 +0800] "GET /xingrg/all/function/internal_message.html?_=1691806907229&CODE_STATE=getMsg HTTP/1.1" 200 27
116.238.191.126 - - [12/Aug/2023:10:21:46 +0800] "GET /xingrg/all/function/internal_message.html?_=1691806817851&CODE_STATE=getMsg HTTP/1.1" 200 27
222.65.220.241 - - [12/Aug/2023:10:21:53 +0800] "GET /xingrg/check_reg.html?_=1691806912930 HTTP/1.1" 200 22
222.65.220.241 - - [12/Aug/2023:10:21:56 +0800] "GET /xingrg/all/function/internal_message.html?_=1691806916888&CODE_STATE=getMsg HTTP/1.1" 200 27
222.70.180.200 - - [12/Aug/2023:10:22:04 +0800] "GET /xingrg/all/function/internal_message.html?_=1691806924974&CODE_STATE=getMsg HTTP/1.1" 200 27
101.83.145.37 - - [12/Aug/2023:10:22:04 +0800] "GET /xingrg/all/function/internal_message.html?_=1691806925194&CODE_STATE=getMsg HTTP/1.1" 200 27
101.83.145.37 - - [12/Aug/2023:10:22:05 +0800] "GET /xingrg/check_reg.html?_=1691806925808 HTTP/1.1" 200 22
222.70.180.200 - - [12/Aug/2023:10:22:07 +0800] "GET /xingrg/kc/buy/cgsh_order_operate.html?command=get_materiel&rest_code=00111&code=00101008674&supplier_code=00100005&order_time=2023-08-12 HTTP/1.1" 200 412
124.77.244.83 - - [12/Aug/2023:10:22:11 +0800] "GET /xingrg/all/function/internal_message.html?_=1691806931305&CODE_STATE=getMsg HTTP/1.1" 200 27
180.169.147.146 - - [12/Aug/2023:10:22:13 +0800] "GET /xingrg/all/function/internal_message.html?_=1691806928992&CODE_STATE=getMsg HTTP/1.1" 200 27
120.253.135.82 - - [12/Aug/2023:10:22:16 +0800] "GET /xingrg/kc/pszx/mdqp_order_list.html?state=10 HTTP/1.1" 200 11124
120.253.135.82 - - [12/Aug/2023:10:22:16 +0800] "GET /xingrg/dwr/interface/AjaxQqpsService.js HTTP/1.1" 200 16326
120.253.135.82 - - [12/Aug/2023:10:22:16 +0800] "GET /xingrg/dwr/interface/AjaxReportQueryService.js HTTP/1.1" 200 13203
120.253.135.82 - - [12/Aug/2023:10:22:16 +0800] "GET /xingrg/dwr/engine.js HTTP/1.1" 200 43631
120.253.135.82 - - [12/Aug/2023:10:22:19 +0800] "GET /xingrg/kc/pszx/mdqp_order_info.html?code=302023081200228 HTTP/1.1" 200 13350
120.253.135.82 - - [12/Aug/2023:10:22:19 +0800] "GET /xingrg/dwr/interface/AjaxComOrderService.js HTTP/1.1" 200 18264
120.253.135.82 - - [12/Aug/2023:10:22:19 +0800] "GET /xingrg/dwr/interface/AjaxQqpsService.js HTTP/1.1" 200 16326
120.253.135.82 - - [12/Aug/2023:10:22:19 +0800] "GET /xingrg/dwr/engine.js HTTP/1.1" 200 43631
120.253.135.82 - - [12/Aug/2023:10:22:20 +0800] "POST /xingrg/dwr/call/plaincall/AjaxQqpsService.loadMaterielItems.dwr HTTP/1.1" 200 1964
114.83.217.84 - - [12/Aug/2023:10:22:28 +0800] "GET /xingrg/all/function/internal_message.html?_=1691807083542&CODE_STATE=getMsg HTTP/1.1" 200 27
116.232.195.127 - - [12/Aug/2023:10:22:29 +0800] "GET /xingrg/all/function/internal_message.html?_=1691806882757&CODE_STATE=getMsg HTTP/1.1" 200 27
180.163.29.234 - - [12/Aug/2023:10:22:36 +0800] "GET /xingrg/all/function/internal_message.html?_=1691806892531&CODE_STATE=getMsg HTTP/1.1" 302 -
180.163.29.234 - - [12/Aug/2023:10:22:36 +0800] "GET /xingrg/login.html HTTP/1.1" 200 7641
124.78.155.92 - - [12/Aug/2023:10:22:36 +0800] "GET /xingrg/all/function/internal_message.html?_=1691806952533&CODE_STATE=getMsg HTTP/1.1" 200 27
120.253.135.82 - - [12/Aug/2023:10:22:38 +0800] "GET /xingrg/all/function/internal_message.html?_=1691806777260&CODE_STATE=getMsg HTTP/1.1" 200 27
124.78.70.128 - - [12/Aug/2023:10:22:42 +0800] "GET /xingrg/all/function/internal_message.html?_=1691806429148&CODE_STATE=getMsg HTTP/1.1" 200 27
124.78.70.128 - - [12/Aug/2023:10:22:43 +0800] "GET /xingrg/check_reg.html?_=1691806430194 HTTP/1.1" 200 22
180.152.241.196 - - [12/Aug/2023:10:22:46 +0800] "GET /xingrg/all/function/internal_message.html?_=1691806967208&CODE_STATE=getMsg HTTP/1.1" 200 27
116.238.191.126 - - [12/Aug/2023:10:22:46 +0800] "GET /xingrg/all/function/internal_message.html?_=1691806877897&CODE_STATE=getMsg HTTP/1.1" 200 27
222.65.220.241 - - [12/Aug/2023:10:22:56 +0800] "GET /xingrg/all/function/internal_message.html?_=1691806976862&CODE_STATE=getMsg HTTP/1.1" 200 27
222.70.180.200 - - [12/Aug/2023:10:23:04 +0800] "GET /xingrg/all/function/internal_message.html?_=1691806984967&CODE_STATE=getMsg HTTP/1.1" 200 27
101.83.145.37 - - [12/Aug/2023:10:23:04 +0800] "GET /xingrg/all/function/internal_message.html?_=1691806985164&CODE_STATE=getMsg HTTP/1.1" 200 27
124.77.244.83 - - [12/Aug/2023:10:23:11 +0800] "GET /xingrg/all/function/internal_message.html?_=1691806991369&CODE_STATE=getMsg HTTP/1.1" 200 27
180.169.147.146 - - [12/Aug/2023:10:23:13 +0800] "GET /xingrg/check_reg.html?_=1691806989006 HTTP/1.1" 200 22
180.169.147.146 - - [12/Aug/2023:10:23:13 +0800] "GET /xingrg/all/function/internal_message.html?_=1691806989008&CODE_STATE=getMsg HTTP/1.1" 200 27
124.78.70.128 - - [12/Aug/2023:10:23:24 +0800] "POST /xingrg/kc/buy/cgsh_order_operate.html HTTP/1.1" 200 37
114.83.217.84 - - [12/Aug/2023:10:23:28 +0800] "GET /xingrg/all/function/internal_message.html?_=1691807143544&CODE_STATE=getMsg HTTP/1.1" 200 27
116.232.195.127 - - [12/Aug/2023:10:23:29 +0800] "GET /xingrg/all/function/internal_message.html?_=1691806942755&CODE_STATE=getMsg HTTP/1.1" 200 27
124.78.155.92 - - [12/Aug/2023:10:23:36 +0800] "GET /xingrg/all/function/internal_message.html?_=1691807012540&CODE_STATE=getMsg HTTP/1.1" 200 27
180.163.28.180 - - [12/Aug/2023:10:23:37 +0800] "GET /xingrg/all/function/internal_message.html?_=1691806952533&CODE_STATE=getMsg HTTP/1.1" 302 -
180.163.28.180 - - [12/Aug/2023:10:23:37 +0800] "GET /xingrg/login.html HTTP/1.1" 200 7641
124.78.70.128 - - [12/Aug/2023:10:23:37 +0800] "POST /xingrg/kc/buy/cgsh_order_operate.html HTTP/1.1" 200 12
120.253.135.82 - - [12/Aug/2023:10:23:38 +0800] "GET /xingrg/all/function/internal_message.html?_=1691806837274&CODE_STATE=getMsg HTTP/1.1" 200 27
124.78.70.128 - - [12/Aug/2023:10:23:39 +0800] "GET /xingrg/kc/buy/cgsh_order_info.html?code=212023081204712 HTTP/1.1" 200 66768
124.78.70.128 - - [12/Aug/2023:10:23:40 +0800] "GET /xingrg/javascript/easyui/themes/default/validatebox.css HTTP/1.1" 404 1104
124.78.70.128 - - [12/Aug/2023:10:23:41 +0800] "POST /xingrg/kc/buy/cgsh_order_operate.html HTTP/1.1" 200 35533
124.78.70.128 - - [12/Aug/2023:10:23:42 +0800] "GET /xingrg/kc/print/load_data.html?order_code=212023081204712&kc_code=cgsh&condition= HTTP/1.1" 200 13987
124.78.70.128 - - [12/Aug/2023:10:23:43 +0800] "GET /xingrg/all/function/internal_message.html?_=1691806490246&CODE_STATE=getMsg HTTP/1.1" 200 27
180.152.241.196 - - [12/Aug/2023:10:23:46 +0800] "GET /xingrg/all/function/internal_message.html?_=1691807027184&CODE_STATE=getMsg HTTP/1.1" 200 27
116.238.191.126 - - [12/Aug/2023:10:23:46 +0800] "GET /xingrg/all/function/internal_message.html?_=1691806937909&CODE_STATE=getMsg HTTP/1.1" 200 27
222.65.220.241 - - [12/Aug/2023:10:23:56 +0800] "GET /xingrg/all/function/internal_message.html?_=1691807036835&CODE_STATE=getMsg HTTP/1.1" 200 27
222.70.180.200 - - [12/Aug/2023:10:24:01 +0800] "GET /xingrg/kc/buy/cgsh_order_operate.html?command=get_materiel&rest_code=00111&code=00101015004&supplier_code=00100005&order_time=2023-08-12 HTTP/1.1" 200 409
222.70.180.200 - - [12/Aug/2023:10:24:04 +0800] "GET /xingrg/all/function/internal_message.html?_=1691807044970&CODE_STATE=getMsg HTTP/1.1" 200 27
101.83.145.37 - - [12/Aug/2023:10:24:04 +0800] "GET /xingrg/all/function/internal_message.html?_=1691807045134&CODE_STATE=getMsg HTTP/1.1" 200 27
124.77.244.83 - - [12/Aug/2023:10:24:11 +0800] "GET /xingrg/all/function/internal_message.html?_=1691807051379&CODE_STATE=getMsg HTTP/1.1" 200 27
180.169.147.146 - - [12/Aug/2023:10:24:13 +0800] "GET /xingrg/all/function/internal_message.html?_=1691807049006&CODE_STATE=getMsg HTTP/1.1" 200 27
124.78.155.92 - - [12/Aug/2023:10:24:16 +0800] "GET /xingrg/kc/buy/cgsh_order_add.html HTTP/1.1" 200 71859
124.78.155.92 - - [12/Aug/2023:10:24:17 +0800] "POST /xingrg/kc/buy/cgsh_order_operate.html HTTP/1.1" 200 8245
124.78.155.92 - - [12/Aug/2023:10:24:17 +0800] "GET /xingrg/javascript/easyui/themes/default/validatebox.css HTTP/1.1" 404 1104
124.78.155.92 - - [12/Aug/2023:10:24:18 +0800] "GET /xingrg/javascript/easyui/themes/default/tree.css HTTP/1.1" 404 1090
124.78.155.92 - - [12/Aug/2023:10:24:19 +0800] "POST /xingrg/all/common/load_tree.html?tree=supplier_tree_json&isDelete=1 HTTP/1.1" 200 74790
114.83.217.84 - - [12/Aug/2023:10:24:28 +0800] "GET /xingrg/all/function/internal_message.html?_=1691807203538&CODE_STATE=getMsg HTTP/1.1" 200 27
116.232.195.127 - - [12/Aug/2023:10:24:29 +0800] "GET /xingrg/all/function/internal_message.html?_=1691807002743&CODE_STATE=getMsg HTTP/1.1" 200 27
124.78.155.92 - - [12/Aug/2023:10:24:36 +0800] "GET /xingrg/check_reg.html?_=1691807072542 HTTP/1.1" 200 22
124.78.155.92 - - [12/Aug/2023:10:24:36 +0800] "GET /xingrg/all/function/internal_message.html?_=1691807072546&CODE_STATE=getMsg HTTP/1.1" 200 27
124.78.155.92 - - [12/Aug/2023:10:24:37 +0800] "GET /xingrg/kc/buy/cgsh_order_operate.html?command=get_materiel&rest_code=00106&code=00101010248&supplier_code=00100096&order_time=2023-08-12 HTTP/1.1" 200 430
222.70.180.200 - - [12/Aug/2023:10:24:38 +0800] "POST /xingrg/kc/buy/cgsh_order_operate.html HTTP/1.1" 200 2065
120.253.135.82 - - [12/Aug/2023:10:24:38 +0800] "GET /xingrg/all/function/internal_message.html?_=1691806897354&CODE_STATE=getMsg HTTP/1.1" 200 27
124.78.70.128 - - [12/Aug/2023:10:24:43 +0800] "GET /xingrg/all/function/internal_message.html?_=1691806550220&CODE_STATE=getMsg HTTP/1.1" 200 27
101.83.145.37 - - [12/Aug/2023:10:24:45 +0800] "GET /xingrg/kc/base/wldb_order_list.html HTTP/1.1" 200 19215
116.238.191.126 - - [12/Aug/2023:10:24:46 +0800] "GET /xingrg/check_reg.html?_=1691806997227 HTTP/1.1" 200 22
101.83.145.37 - - [12/Aug/2023:10:24:46 +0800] "POST /xingrg/kc/base/wldb_list_operate.html HTTP/1.1" 200 928
180.152.241.196 - - [12/Aug/2023:10:24:46 +0800] "GET /xingrg/all/function/internal_message.html?_=1691807087163&CODE_STATE=getMsg HTTP/1.1" 200 27
116.238.191.126 - - [12/Aug/2023:10:24:46 +0800] "GET /xingrg/all/function/internal_message.html?_=1691806997924&CODE_STATE=getMsg HTTP/1.1" 200 27
101.83.145.37 - - [12/Aug/2023:10:24:47 +0800] "GET /xingrg/kc/base/wldb_order_add.html HTTP/1.1" 200 30498
101.83.145.37 - - [12/Aug/2023:10:24:47 +0800] "GET /xingrg/words/20230811145454_words.js HTTP/1.1" 304 -
101.83.145.37 - - [12/Aug/2023:10:24:48 +0800] "POST /xingrg/kc/base/wldb_order_operate.html HTTP/1.1" 200 6806
101.83.145.37 - - [12/Aug/2023:10:24:48 +0800] "GET /xingrg/all/common/auto_word.html?type=base&rest_code=00105 HTTP/1.1" 200 1907
101.83.145.37 - - [12/Aug/2023:10:24:48 +0800] "GET /xingrg/all/common/auto_word.html?type=base&rest_code=00105 HTTP/1.1" 200 1907
101.83.145.37 - - [12/Aug/2023:10:24:48 +0800] "GET /xingrg/javascript/easyui/themes/default/validatebox.css HTTP/1.1" 404 1104
101.83.145.37 - - [12/Aug/2023:10:24:49 +0800] "GET /xingrg/css/images/panel_loading.gif HTTP/1.1" 304 -
101.83.145.37 - - [12/Aug/2023:10:24:49 +0800] "POST /xingrg/all/common/load_combo.html?type=base HTTP/1.1" 200 3409
101.83.145.37 - - [12/Aug/2023:10:24:54 +0800] "GET /xingrg/kc/base/wldb_order_operate.html?command=get_materiel&rest_code=00105&base_code=0010508&code=00102002562 HTTP/1.1" 200 461
222.65.220.241 - - [12/Aug/2023:10:24:56 +0800] "GET /xingrg/all/function/internal_message.html?_=1691807096810&CODE_STATE=getMsg HTTP/1.1" 200 27
124.78.155.92 - - [12/Aug/2023:10:25:00 +0800] "GET /xingrg/kc/buy/cgsh_order_operate.html?command=get_materiel&rest_code=00106&code=00101016030&supplier_code=00100096&order_time=2023-08-12 HTTP/1.1" 200 412
222.70.180.200 - - [12/Aug/2023:10:25:04 +0800] "GET /xingrg/all/function/internal_message.html?_=1691807104973&CODE_STATE=getMsg HTTP/1.1" 200 27
222.70.180.200 - - [12/Aug/2023:10:25:04 +0800] "GET /xingrg/check_reg.html?_=1691807104975 HTTP/1.1" 200 22
101.83.145.37 - - [12/Aug/2023:10:25:04 +0800] "GET /xingrg/all/function/internal_message.html?_=1691807105187&CODE_STATE=getMsg HTTP/1.1" 200 27
124.77.244.83 - - [12/Aug/2023:10:25:10 +0800] "GET /xingrg/check_reg.html?_=1691807110332 HTTP/1.1" 200 22
124.77.244.83 - - [12/Aug/2023:10:25:11 +0800] "GET /xingrg/all/function/internal_message.html?_=1691807111392&CODE_STATE=getMsg HTTP/1.1" 200 27
180.169.147.146 - - [12/Aug/2023:10:25:13 +0800] "GET /xingrg/all/function/internal_message.html?_=1691807109003&CODE_STATE=getMsg HTTP/1.1" 200 27
124.78.155.92 - - [12/Aug/2023:10:25:20 +0800] "GET /xingrg/kc/buy/cgsh_order_operate.html?command=get_materiel&rest_code=00106&code=00101012025&supplier_code=00100096&order_time=2023-08-12 HTTP/1.1" 200 413
114.83.217.84 - - [12/Aug/2023:10:25:28 +0800] "GET /xingrg/all/function/internal_message.html?_=1691807263544&CODE_STATE=getMsg HTTP/1.1" 200 27
116.232.195.127 - - [12/Aug/2023:10:25:29 +0800] "GET /xingrg/all/function/internal_message.html?_=1691807062751&CODE_STATE=getMsg HTTP/1.1" 200 27
180.163.29.206 - - [12/Aug/2023:10:25:36 +0800] "GET /xingrg/all/function/internal_message.html?_=1691807072546&CODE_STATE=getMsg HTTP/1.1" 302 -
180.163.28.114 - - [12/Aug/2023:10:25:36 +0800] "GET /xingrg/check_reg.html?_=1691807072542 HTTP/1.1" 302 -
180.163.29.206 - - [12/Aug/2023:10:25:36 +0800] "GET /xingrg/login.html HTTP/1.1" 200 7641
180.163.28.114 - - [12/Aug/2023:10:25:36 +0800] "GET /xingrg/login.html HTTP/1.1" 200 7641
124.78.155.92 - - [12/Aug/2023:10:25:36 +0800] "GET /xingrg/all/function/internal_message.html?_=1691807132542&CODE_STATE=getMsg HTTP/1.1" 200 27
120.253.135.82 - - [12/Aug/2023:10:25:38 +0800] "GET /xingrg/all/function/internal_message.html?_=1691806957364&CODE_STATE=getMsg HTTP/1.1" 200 27
124.78.70.128 - - [12/Aug/2023:10:25:43 +0800] "GET /xingrg/all/function/internal_message.html?_=1691806610193&CODE_STATE=getMsg HTTP/1.1" 200 27
180.152.241.196 - - [12/Aug/2023:10:25:46 +0800] "GET /xingrg/all/function/internal_message.html?_=1691807147140&CODE_STATE=getMsg HTTP/1.1" 200 27
116.238.191.126 - - [12/Aug/2023:10:25:46 +0800] "GET /xingrg/all/function/internal_message.html?_=1691807057937&CODE_STATE=getMsg HTTP/1.1" 200 27
124.78.155.92 - - [12/Aug/2023:10:25:50 +0800] "GET /xingrg/kc/buy/cgsh_order_operate.html?command=get_materiel&rest_code=00106&code=00101016105&supplier_code=00100096&order_time=2023-08-12 HTTP/1.1" 200 409
120.253.135.82 - - [12/Aug/2023:10:25:51 +0800] "GET /xingrg/check_reg.html?_=1691806970142 HTTP/1.1" 200 22
222.65.220.241 - - [12/Aug/2023:10:25:56 +0800] "GET /xingrg/all/function/internal_message.html?_=1691807156792&CODE_STATE=getMsg HTTP/1.1" 200 27
124.78.155.92 - - [12/Aug/2023:10:25:59 +0800] "GET /xingrg/kc/buy/cgsh_order_operate.html?command=get_materiel&rest_code=00106&code=00101012070&supplier_code=00100096&order_time=2023-08-12 HTTP/1.1" 200 412
222.70.180.200 - - [12/Aug/2023:10:26:04 +0800] "GET /xingrg/all/function/internal_message.html?_=1691807164971&CODE_STATE=getMsg HTTP/1.1" 200 27
101.83.145.37 - - [12/Aug/2023:10:26:04 +0800] "GET /xingrg/all/function/internal_message.html?_=1691807165093&CODE_STATE=getMsg HTTP/1.1" 200 27
124.77.244.83 - - [12/Aug/2023:10:26:11 +0800] "GET /xingrg/all/function/internal_message.html?_=1691807171406&CODE_STATE=getMsg HTTP/1.1" 200 27
101.83.145.37 - - [12/Aug/2023:10:26:13 +0800] "GET /xingrg/check_reg.html?_=1691806975513 HTTP/1.1" 302 -
180.169.147.146 - - [12/Aug/2023:10:26:13 +0800] "GET /xingrg/all/function/internal_message.html?_=1691807169001&CODE_STATE=getMsg HTTP/1.1" 200 27
124.78.155.92 - - [12/Aug/2023:10:26:25 +0800] "GET /xingrg/kc/buy/cgsh_order_operate.html?command=get_materiel&rest_code=00106&code=00101016025&supplier_code=00100096&order_time=2023-08-12 HTTP/1.1" 200 410
114.83.217.84 - - [12/Aug/2023:10:26:28 +0800] "GET /xingrg/all/function/internal_message.html?_=1691807323531&CODE_STATE=getMsg HTTP/1.1" 200 27
114.83.217.84 - - [12/Aug/2023:10:26:28 +0800] "GET /xingrg/check_reg.html?_=1691807323532 HTTP/1.1" 200 22
116.232.195.127 - - [12/Aug/2023:10:26:29 +0800] "GET /xingrg/check_reg.html?_=1691807122736 HTTP/1.1" 200 22
116.232.195.127 - - [12/Aug/2023:10:26:29 +0800] "GET /xingrg/all/function/internal_message.html?_=1691807122744&CODE_STATE=getMsg HTTP/1.1" 200 27
222.70.180.200 - - [12/Aug/2023:10:26:31 +0800] "GET /xingrg/kc/buy/cgsh_order_operate.html?command=get_materiel&rest_code=00111&code=00101008371&supplier_code=00100005&order_time=2023-08-12 HTTP/1.1" 200 414
124.78.155.92 - - [12/Aug/2023:10:26:36 +0800] "GET /xingrg/all/function/internal_message.html?_=1691807192556&CODE_STATE=getMsg HTTP/1.1" 200 27
124.78.155.92 - - [12/Aug/2023:10:26:38 +0800] "POST /xingrg/kc/buy/cgsh_order_operate.html HTTP/1.1" 200 37
120.253.135.82 - - [12/Aug/2023:10:26:38 +0800] "GET /xingrg/all/function/internal_message.html?_=1691807017377&CODE_STATE=getMsg HTTP/1.1" 200 27
124.78.155.92 - - [12/Aug/2023:10:26:41 +0800] "POST /xingrg/kc/buy/cgsh_order_operate.html HTTP/1.1" 200 5621
124.78.70.128 - - [12/Aug/2023:10:26:43 +0800] "GET /xingrg/all/function/internal_message.html?_=1691806670171&CODE_STATE=getMsg HTTP/1.1" 200 27
180.152.241.196 - - [12/Aug/2023:10:26:46 +0800] "GET /xingrg/check_reg.html?_=1691807206896 HTTP/1.1" 200 22
180.152.241.196 - - [12/Aug/2023:10:26:46 +0800] "GET /xingrg/all/function/internal_message.html?_=1691807207133&CODE_STATE=getMsg HTTP/1.1" 200 27
116.238.191.126 - - [12/Aug/2023:10:26:46 +0800] "GET /xingrg/all/function/internal_message.html?_=1691807117950&CODE_STATE=getMsg HTTP/1.1" 200 27
180.163.30.27 - - [12/Aug/2023:10:26:47 +0800] "GET /xingrg/kc/buy/cgsh_order_operate.html?command=get_materiel&rest_code=00106&code=00101016105&supplier_code=00100096&order_time=2023-08-12 HTTP/1.1" 302 -
180.163.30.27 - - [12/Aug/2023:10:26:47 +0800] "GET /xingrg/login.html HTTP/1.1" 200 7641
124.78.155.92 - - [12/Aug/2023:10:26:51 +0800] "GET /xingrg/kc/buy/cgsh_order_operate.html?command=get_materiel&rest_code=00106&code=00101006372&supplier_code=00100096&order_time=2023-08-12 HTTP/1.1" 200 409
222.65.220.241 - - [12/Aug/2023:10:26:53 +0800] "GET /xingrg/check_reg.html?_=1691807212927 HTTP/1.1" 200 22
222.65.220.241 - - [12/Aug/2023:10:26:56 +0800] "GET /xingrg/all/function/internal_message.html?_=1691807216774&CODE_STATE=getMsg HTTP/1.1" 200 27
222.70.180.200 - - [12/Aug/2023:10:27:04 +0800] "GET /xingrg/all/function/internal_message.html?_=1691807224995&CODE_STATE=getMsg HTTP/1.1" 200 27
101.83.241.37 - - [12/Aug/2023:10:27:04 +0800] "POST /xingrg/services/DataTransmitService HTTP/1.1" 200 524
101.83.145.37 - - [12/Aug/2023:10:27:04 +0800] "GET /xingrg/all/function/internal_message.html?_=1691807225064&CODE_STATE=getMsg HTTP/1.1" 200 27
101.83.241.37 - - [12/Aug/2023:10:27:04 +0800] "POST /xingrg/services/DataTransmitService HTTP/1.1" 200 2067
101.83.145.37 - - [12/Aug/2023:10:27:04 +0800] "GET /xingrg/check_reg.html?_=1691807225799 HTTP/1.1" 200 22
222.70.180.200 - - [12/Aug/2023:10:27:05 +0800] "GET /xingrg/kc/buy/cgsh_order_operate.html?command=get_materiel&rest_code=00111&code=00101008288&supplier_code=00100005&order_time=2023-08-12 HTTP/1.1" 200 408
101.83.241.37 - - [12/Aug/2023:10:27:05 +0800] "POST /xingrg/services/DataTransmitService HTTP/1.1" 200 141863
124.77.244.83 - - [12/Aug/2023:10:27:07 +0800] "GET /xingrg/kc/buy/cgsh_order_add.html HTTP/1.1" 200 71859
124.77.244.83 - - [12/Aug/2023:10:27:07 +0800] "POST /xingrg/kc/buy/cgsh_order_operate.html HTTP/1.1" 200 8245
124.77.244.83 - - [12/Aug/2023:10:27:07 +0800] "GET /xingrg/javascript/easyui/themes/default/validatebox.css HTTP/1.1" 404 1104
124.78.155.92 - - [12/Aug/2023:10:27:10 +0800] "POST /xingrg/kc/buy/cgsh_order_operate.html HTTP/1.1" 200 37
124.77.244.83 - - [12/Aug/2023:10:27:11 +0800] "GET /xingrg/all/function/internal_message.html?_=1691807231420&CODE_STATE=getMsg HTTP/1.1" 200 27
180.169.147.146 - - [12/Aug/2023:10:27:13 +0800] "GET /xingrg/all/function/internal_message.html?_=1691807228999&CODE_STATE=getMsg HTTP/1.1" 200 27
114.83.217.84 - - [12/Aug/2023:10:27:28 +0800] "GET /xingrg/all/function/internal_message.html?_=1691807383538&CODE_STATE=getMsg HTTP/1.1" 200 27
116.232.195.127 - - [12/Aug/2023:10:27:29 +0800] "GET /xingrg/all/function/internal_message.html?_=1691807182749&CODE_STATE=getMsg HTTP/1.1" 200 27
180.163.30.100 - - [12/Aug/2023:10:27:36 +0800] "GET /xingrg/all/function/internal_message.html?_=1691807192556&CODE_STATE=getMsg HTTP/1.1" 302 -
180.163.30.100 - - [12/Aug/2023:10:27:36 +0800] "GET /xingrg/login.html HTTP/1.1" 200 7641
120.253.135.82 - - [12/Aug/2023:10:27:38 +0800] "GET /xingrg/all/function/internal_message.html?_=1691807077393&CODE_STATE=getMsg HTTP/1.1" 200 27
124.78.70.128 - - [12/Aug/2023:10:27:43 +0800] "GET /xingrg/all/function/internal_message.html?_=1691806730152&CODE_STATE=getMsg HTTP/1.1" 200 27
124.78.70.128 - - [12/Aug/2023:10:27:43 +0800] "GET /xingrg/check_reg.html?_=1691806730215 HTTP/1.1" 200 22
180.152.241.196 - - [12/Aug/2023:10:27:46 +0800] "GET /xingrg/all/function/internal_message.html?_=1691807267108&CODE_STATE=getMsg HTTP/1.1" 200 27
116.238.191.126 - - [12/Aug/2023:10:27:47 +0800] "GET /xingrg/all/function/internal_message.html?_=1691807178005&CODE_STATE=getMsg HTTP/1.1" 200 27
222.70.180.200 - - [12/Aug/2023:10:27:52 +0800] "GET /xingrg/kc/buy/cgsh_order_operate.html?command=get_materiel&rest_code=00111&code=00101008069&supplier_code=00100005&order_time=2023-08-12 HTTP/1.1" 200 412
222.65.220.241 - - [12/Aug/2023:10:27:56 +0800] "GET /xingrg/all/function/internal_message.html?_=1691807276761&CODE_STATE=getMsg HTTP/1.1" 200 27
222.70.180.200 - - [12/Aug/2023:10:28:04 +0800] "GET /xingrg/all/function/internal_message.html?_=1691807284992&CODE_STATE=getMsg HTTP/1.1" 200 27
101.83.145.37 - - [12/Aug/2023:10:28:04 +0800] "GET /xingrg/all/function/internal_message.html?_=1691807285154&CODE_STATE=getMsg HTTP/1.1" 200 27
124.77.244.83 - - [12/Aug/2023:10:28:11 +0800] "GET /xingrg/all/function/internal_message.html?_=1691807291433&CODE_STATE=getMsg HTTP/1.1" 200 27
222.70.180.200 - - [12/Aug/2023:10:28:12 +0800] "GET /xingrg/kc/buy/cgsh_order_operate.html?command=get_materiel&rest_code=00111&code=00101008233&supplier_code=00100005&order_time=2023-08-12 HTTP/1.1" 200 409
180.169.147.146 - - [12/Aug/2023:10:28:13 +0800] "GET /xingrg/check_reg.html?_=1691807289000 HTTP/1.1" 200 22
180.169.147.146 - - [12/Aug/2023:10:28:13 +0800] "GET /xingrg/all/function/internal_message.html?_=1691807288998&CODE_STATE=getMsg HTTP/1.1" 200 27
101.83.241.37 - - [12/Aug/2023:10:28:21 +0800] "GET /xingrg/login.html HTTP/1.1" 200 7641
101.83.241.37 - - [12/Aug/2023:10:28:22 +0800] "GET /favicon.ico HTTP/1.1" 404 -
101.83.241.37 - - [12/Aug/2023:10:28:28 +0800] "POST /xingrg/login.do HTTP/1.1" 302 -
101.83.241.37 - - [12/Aug/2023:10:28:28 +0800] "GET /xingrg/index.html?sysBaseUrl=http%3A%2F%2F180.169.147.146%3A18081%2Fxingrg%2F&costTime=863×tamp=1691807308107 HTTP/1.1" 200 17179
101.83.241.37 - - [12/Aug/2023:10:28:28 +0800] "GET /favicon.ico HTTP/1.1" 404 -
101.83.241.37 - - [12/Aug/2023:10:28:28 +0800] "GET /xingrg/check_reg.html?_=1691807305180 HTTP/1.1" 200 22
101.83.241.37 - - [12/Aug/2023:10:28:28 +0800] "POST /xingrg/all/common/load_tree.html?tree=area_rest_tree_json&manage=1 HTTP/1.1" 200 351
101.83.241.37 - - [12/Aug/2023:10:28:28 +0800] "GET /xingrg/all/function/internal_message.html?_=1691807305177&CODE_STATE=count HTTP/1.1" 200 11
101.83.241.37 - - [12/Aug/2023:10:28:28 +0800] "POST /xingrg/load_menu.html HTTP/1.1" 200 5138
114.83.217.84 - - [12/Aug/2023:10:28:28 +0800] "GET /xingrg/all/function/internal_message.html?_=1691807443542&CODE_STATE=getMsg HTTP/1.1" 200 27
116.232.195.127 - - [12/Aug/2023:10:28:29 +0800] "GET /xingrg/all/function/internal_message.html?_=1691807242751&CODE_STATE=getMsg HTTP/1.1" 200 27
222.70.180.200 - - [12/Aug/2023:10:28:37 +0800] "GET /xingrg/kc/buy/cgsh_order_operate.html?command=get_materiel&rest_code=00111&code=00101009030&supplier_code=00100005&order_time=2023-08-12 HTTP/1.1" 200 412
120.253.135.82 - - [12/Aug/2023:10:28:38 +0800] "GET /xingrg/all/function/internal_message.html?_=1691807137474&CODE_STATE=getMsg HTTP/1.1" 200 27
101.83.241.37 - - [12/Aug/2023:10:28:41 +0800] "GET /xingrg/kc/buy/cgsh_order_list.html HTTP/1.1" 200 56083
101.83.241.37 - - [12/Aug/2023:10:28:43 +0800] "POST /xingrg/kc/buy/cgsh_list_operate.html HTTP/1.1" 200 986
124.78.70.128 - - [12/Aug/2023:10:28:43 +0800] "GET /xingrg/all/function/internal_message.html?_=1691806790134&CODE_STATE=getMsg HTTP/1.1" 200 27
180.152.241.196 - - [12/Aug/2023:10:28:46 +0800] "GET /xingrg/all/function/internal_message.html?_=1691807327089&CODE_STATE=getMsg HTTP/1.1" 200 27
116.238.191.126 - - [12/Aug/2023:10:28:47 +0800] "GET /xingrg/all/function/internal_message.html?_=1691807238009&CODE_STATE=getMsg HTTP/1.1" 200 27
124.77.244.83 - - [12/Aug/2023:10:28:52 +0800] "GET /xingrg/kc/buy/cgsh_order_operate.html?command=get_materiel&rest_code=00146&code=00101001032&supplier_code=00100041&order_time=2023-08-12 HTTP/1.1" 200 413
222.65.220.241 - - [12/Aug/2023:10:28:56 +0800] "GET /xingrg/all/function/internal_message.html?_=1691807336738&CODE_STATE=getMsg HTTP/1.1" 200 27
101.83.241.37 - - [12/Aug/2023:10:29:01 +0800] "POST /xingrg/services/DataTransmitService HTTP/1.1" 200 524
101.83.241.37 - - [12/Aug/2023:10:29:02 +0800] "POST /xingrg/services/DataTransmitService HTTP/1.1" 200 2067
222.70.180.200 - - [12/Aug/2023:10:29:03 +0800] "POST /xingrg/kc/buy/cgsh_order_operate.html HTTP/1.1" 200 2065
222.70.180.200 - - [12/Aug/2023:10:29:04 +0800] "GET /xingrg/all/function/internal_message.html?_=1691807344993&CODE_STATE=getMsg HTTP/1.1" 200 27
101.83.145.37 - - [12/Aug/2023:10:29:04 +0800] "GET /xingrg/all/function/internal_message.html?_=1691807345021&CODE_STATE=getMsg HTTP/1.1" 200 27
124.77.244.83 - - [12/Aug/2023:10:29:11 +0800] "GET /xingrg/all/function/internal_message.html?_=1691807351447&CODE_STATE=getMsg HTTP/1.1" 200 27
124.79.243.110 - - [12/Aug/2023:10:29:12 +0800] "POST /xingrg/login.do HTTP/1.1" 302 -
124.79.243.110 - - [12/Aug/2023:10:29:13 +0800] "POST /xingrg/login.do HTTP/1.1" 302 -
124.79.243.110 - - [12/Aug/2023:10:29:13 +0800] "GET /xingrg/index.html?sysBaseUrl=http%3A%2F%2F180.169.147.146%3A18081%2Fxingrg%2F&costTime=1197×tamp=1691807353224 HTTP/1.1" 200 17179
180.169.147.146 - - [12/Aug/2023:10:29:13 +0800] "GET /xingrg/all/function/internal_message.html?_=1691807348997&CODE_STATE=getMsg HTTP/1.1" 200 27
124.79.243.110 - - [12/Aug/2023:10:29:14 +0800] "GET /favicon.ico HTTP/1.1" 404 -
124.79.243.110 - - [12/Aug/2023:10:29:15 +0800] "POST /xingrg/all/common/load_tree.html?tree=area_rest_tree_json&manage=1 HTTP/1.1" 200 351
124.79.243.110 - - [12/Aug/2023:10:29:15 +0800] "GET /xingrg/check_reg.html?_=1691807645967 HTTP/1.1" 200 22
124.79.243.110 - - [12/Aug/2023:10:29:15 +0800] "GET /xingrg/all/function/internal_message.html?_=1691807645967&CODE_STATE=count HTTP/1.1" 200 11
124.79.243.110 - - [12/Aug/2023:10:29:15 +0800] "POST /xingrg/load_menu.html HTTP/1.1" 200 5138
120.253.135.82 - - [12/Aug/2023:10:29:25 +0800] "GET /xingrg/images/yd/bt.gif HTTP/1.1" 404 1040
120.253.135.82 - - [12/Aug/2023:10:29:25 +0800] "GET /xingrg/images/yd/bt2.gif HTTP/1.1" 404 1042
222.70.180.200 - - [12/Aug/2023:10:29:25 +0800] "GET /xingrg/kc/buy/cgsh_order_operate.html?command=get_materiel&rest_code=00111&code=00101008137&supplier_code=00100005&order_time=2023-08-12 HTTP/1.1" 200 408
101.83.241.37 - - [12/Aug/2023:10:29:28 +0800] "GET /xingrg/all/function/internal_message.html?_=1691807365196&CODE_STATE=getMsg HTTP/1.1" 200 27
114.83.217.84 - - [12/Aug/2023:10:29:28 +0800] "GET /xingrg/all/function/internal_message.html?_=1691807503536&CODE_STATE=getMsg HTTP/1.1" 200 27
116.232.195.127 - - [12/Aug/2023:10:29:29 +0800] "GET /xingrg/all/function/internal_message.html?_=1691807302745&CODE_STATE=getMsg HTTP/1.1" 200 27
120.253.135.82 - - [12/Aug/2023:10:29:30 +0800] "GET /xingrg/kc/pszx/mdqp_order_list.html?isBack=1 HTTP/1.1" 302 -
120.253.135.82 - - [12/Aug/2023:10:29:30 +0800] "GET /xingrg/kc/pszx/mdqp_order_list.html?state=10 HTTP/1.1" 200 11124
120.253.135.82 - - [12/Aug/2023:10:29:30 +0800] "GET /xingrg/dwr/interface/AjaxReportQueryService.js HTTP/1.1" 200 13203
120.253.135.82 - - [12/Aug/2023:10:29:30 +0800] "GET /xingrg/dwr/interface/AjaxQqpsService.js HTTP/1.1" 200 16326
120.253.135.82 - - [12/Aug/2023:10:29:30 +0800] "GET /xingrg/dwr/engine.js HTTP/1.1" 200 43631
124.77.244.83 - - [12/Aug/2023:10:29:33 +0800] "GET /xingrg/kc/buy/cgsh_order_operate.html?command=get_materiel&rest_code=00146&code=00101010161&supplier_code=00100041&order_time=2023-08-12 HTTP/1.1" 200 409
120.253.135.82 - - [12/Aug/2023:10:29:38 +0800] "GET /xingrg/kc/pszx/jzcl_ps.html HTTP/1.1" 200 7683
120.253.135.82 - - [12/Aug/2023:10:29:38 +0800] "POST /xingrg/all/common/load_tree.html?tree=area_rest_tree_json HTTP/1.1" 200 3499
120.253.135.82 - - [12/Aug/2023:10:29:39 +0800] "GET /xingrg/all/function/internal_message.html?_=1691807197780&CODE_STATE=getMsg HTTP/1.1" 200 27
120.253.135.82 - - [12/Aug/2023:10:29:39 +0800] "POST /xingrg/kc/pszx/jzcl_ps_operate.html HTTP/1.1" 200 848
120.253.135.82 - - [12/Aug/2023:10:29:39 +0800] "POST /xingrg/kc/pszx/jzcl_ps_operate.html HTTP/1.1" 200 848
124.78.70.128 - - [12/Aug/2023:10:29:43 +0800] "GET /xingrg/all/function/internal_message.html?_=1691806850111&CODE_STATE=getMsg HTTP/1.1" 200 27
222.70.180.200 - - [12/Aug/2023:10:29:44 +0800] "GET /xingrg/kc/buy/cgsh_order_operate.html?command=get_materiel&rest_code=00111&code=00101008005&supplier_code=00100005&order_time=2023-08-12 HTTP/1.1" 200 412
120.253.135.82 - - [12/Aug/2023:10:29:45 +0800] "POST /xingrg/kc/pszx/jzcl_ps_operate.html HTTP/1.1" 200 4
116.238.191.126 - - [12/Aug/2023:10:29:46 +0800] "GET /xingrg/check_reg.html?_=1691807297259 HTTP/1.1" 200 22
180.152.241.196 - - [12/Aug/2023:10:29:46 +0800] "GET /xingrg/all/function/internal_message.html?_=1691807387063&CODE_STATE=getMsg HTTP/1.1" 200 27
116.238.191.126 - - [12/Aug/2023:10:29:47 +0800] "GET /xingrg/all/function/internal_message.html?_=1691807298022&CODE_STATE=getMsg HTTP/1.1" 200 27
120.253.135.82 - - [12/Aug/2023:10:29:47 +0800] "GET /xingrg/kc/pszx/mdps_order_list.html HTTP/1.1" 200 21149
120.253.135.82 - - [12/Aug/2023:10:29:47 +0800] "POST /xingrg/kc/pszx/jzcl_ps_operate.html HTTP/1.1" 200 446
120.253.135.82 - - [12/Aug/2023:10:29:47 +0800] "POST /xingrg/kc/pszx/mdps_list_operate.html HTTP/1.1" 200 5489
120.253.135.82 - - [12/Aug/2023:10:29:50 +0800] "GET /xingrg/kc/pszx/jzcl_ps.html HTTP/1.1" 200 7683
120.253.135.82 - - [12/Aug/2023:10:29:50 +0800] "POST /xingrg/all/common/load_tree.html?tree=area_rest_tree_json HTTP/1.1" 200 3499
120.253.135.82 - - [12/Aug/2023:10:29:51 +0800] "POST /xingrg/kc/pszx/jzcl_ps_operate.html HTTP/1.1" 200 446
120.253.135.82 - - [12/Aug/2023:10:29:51 +0800] "POST /xingrg/kc/pszx/jzcl_ps_operate.html HTTP/1.1" 200 446
124.77.244.83 - - [12/Aug/2023:10:29:51 +0800] "GET /xingrg/kc/buy/cgsh_order_operate.html?command=get_materiel&rest_code=00146&code=00101005037&supplier_code=00100041&order_time=2023-08-12 HTTP/1.1" 200 409
222.65.220.241 - - [12/Aug/2023:10:29:56 +0800] "GET /xingrg/all/function/internal_message.html?_=1691807396720&CODE_STATE=getMsg HTTP/1.1" 200 27
120.253.135.82 - - [12/Aug/2023:10:30:00 +0800] "POST /xingrg/kc/pszx/jzcl_ps_operate.html HTTP/1.1" 200 4
120.253.135.82 - - [12/Aug/2023:10:30:00 +0800] "GET /xingrg/javascript/step/images/navBtn.gif HTTP/1.1" 200 361
120.253.135.82 - - [12/Aug/2023:10:30:02 +0800] "GET /xingrg/kc/pszx/mdps_order_list.html HTTP/1.1" 200 21149
120.253.135.82 - - [12/Aug/2023:10:30:02 +0800] "POST /xingrg/kc/pszx/jzcl_ps_operate.html HTTP/1.1" 200 21
120.253.135.82 - - [12/Aug/2023:10:30:03 +0800] "POST /xingrg/kc/pszx/mdps_list_operate.html HTTP/1.1" 200 5489
222.70.180.200 - - [12/Aug/2023:10:30:04 +0800] "GET /xingrg/all/function/internal_message.html?_=1691807405000&CODE_STATE=getMsg HTTP/1.1" 200 27
222.70.180.200 - - [12/Aug/2023:10:30:04 +0800] "GET /xingrg/check_reg.html?_=1691807405004 HTTP/1.1" 200 22
101.83.145.37 - - [12/Aug/2023:10:30:04 +0800] "GET /xingrg/all/function/internal_message.html?_=1691807404994&CODE_STATE=getMsg HTTP/1.1" 200 27
124.77.244.83 - - [12/Aug/2023:10:30:05 +0800] "GET /xingrg/kc/buy/cgsh_order_operate.html?command=get_materiel&rest_code=00146&code=00101006067&supplier_code=00100041&order_time=2023-08-12 HTTP/1.1" 200 409
124.77.244.83 - - [12/Aug/2023:10:30:10 +0800] "GET /xingrg/check_reg.html?_=1691807410338 HTTP/1.1" 200 22
124.77.244.83 - - [12/Aug/2023:10:30:11 +0800] "GET /xingrg/all/function/internal_message.html?_=1691807411461&CODE_STATE=getMsg HTTP/1.1" 200 27
180.169.147.146 - - [12/Aug/2023:10:30:13 +0800] "GET /xingrg/all/function/internal_message.html?_=1691807408997&CODE_STATE=getMsg HTTP/1.1" 200 27
124.79.243.110 - - [12/Aug/2023:10:30:15 +0800] "GET /xingrg/all/function/internal_message.html?_=1691807705985&CODE_STATE=getMsg HTTP/1.1" 200 27
124.77.244.83 - - [12/Aug/2023:10:30:19 +0800] "GET /xingrg/kc/buy/cgsh_order_operate.html?command=get_materiel&rest_code=00146&code=00101018011&supplier_code=00100041&order_time=2023-08-12 HTTP/1.1" 200 413
120.253.135.82 - - [12/Aug/2023:10:30:22 +0800] "POST /xingrg/kc/pszx/mdps_list_operate.html HTTP/1.1" 200 2064
120.253.135.82 - - [12/Aug/2023:10:30:23 +0800] "POST /xingrg/kc/pszx/mdps_list_operate.html HTTP/1.1" 200 213
120.253.135.82 - - [12/Aug/2023:10:30:24 +0800] "POST /xingrg/kc/pszx/mdps_list_operate.html HTTP/1.1" 200 205
120.253.135.82 - - [12/Aug/2023:10:30:27 +0800] "GET /xingrg/kc/pszx/mdps_order_info.html?code=312023081200330 HTTP/1.1" 200 23978
120.253.135.82 - - [12/Aug/2023:10:30:28 +0800] "GET /xingrg/javascript/easyui/themes/default/validatebox.css HTTP/1.1" 404 1104
101.83.241.37 - - [12/Aug/2023:10:30:28 +0800] "GET /xingrg/all/function/internal_message.html?_=1691807425196&CODE_STATE=getMsg HTTP/1.1" 200 27
120.253.135.82 - - [12/Aug/2023:10:30:28 +0800] "POST /xingrg/kc/pszx/mdps_order_operate.html HTTP/1.1" 200 2291
114.83.217.84 - - [12/Aug/2023:10:30:28 +0800] "GET /xingrg/all/function/internal_message.html?_=1691807563540&CODE_STATE=getMsg HTTP/1.1" 200 27
116.232.195.127 - - [12/Aug/2023:10:30:29 +0800] "GET /xingrg/all/function/internal_message.html?_=1691807362733&CODE_STATE=getMsg HTTP/1.1" 200 27
120.253.135.82 - - [12/Aug/2023:10:30:30 +0800] "POST /xingrg/all/common/load_combo.html?type=base HTTP/1.1" 200 1169
124.78.155.92 - - [12/Aug/2023:10:30:34 +0800] "POST /xingrg/services/DataTransmitService HTTP/1.1" 200 524
124.78.155.92 - - [12/Aug/2023:10:30:36 +0800] "POST /xingrg/services/DataTransmitService HTTP/1.1" 200 2659
120.253.135.82 - - [12/Aug/2023:10:30:36 +0800] "POST /xingrg/kc/pszx/mdps_order_operate.html HTTP/1.1" 200 37
120.253.135.82 - - [12/Aug/2023:10:30:38 +0800] "GET /xingrg/kc/pszx/mdps_order_info.html?code=312023081200330 HTTP/1.1" 200 23978
120.253.135.82 - - [12/Aug/2023:10:30:38 +0800] "GET /xingrg/javascript/easyui/themes/default/validatebox.css HTTP/1.1" 404 1104
124.78.155.92 - - [12/Aug/2023:10:30:38 +0800] "POST /xingrg/services/DataTransmitService HTTP/1.1" 200 175799
120.253.135.82 - - [12/Aug/2023:10:30:39 +0800] "GET /xingrg/all/function/internal_message.html?_=1691807257790&CODE_STATE=getMsg HTTP/1.1" 200 27
120.253.135.82 - - [12/Aug/2023:10:30:39 +0800] "POST /xingrg/kc/pszx/mdps_order_operate.html HTTP/1.1" 200 2298
222.70.180.200 - - [12/Aug/2023:10:30:41 +0800] "POST /xingrg/kc/buy/cgsh_order_operate.html HTTP/1.1" 200 37
124.77.244.83 - - [12/Aug/2023:10:30:42 +0800] "GET /xingrg/kc/buy/cgsh_order_operate.html?command=get_materiel&rest_code=00146&code=00101001075&supplier_code=00100041&order_time=2023-08-12 HTTP/1.1" 200 409
124.78.70.128 - - [12/Aug/2023:10:30:43 +0800] "GET /xingrg/all/function/internal_message.html?_=1691806910088&CODE_STATE=getMsg HTTP/1.1" 200 27
222.70.180.200 - - [12/Aug/2023:10:30:45 +0800] "POST /xingrg/kc/buy/cgsh_order_operate.html HTTP/1.1" 200 36914
180.152.241.196 - - [12/Aug/2023:10:30:46 +0800] "GET /xingrg/all/function/internal_message.html?_=1691807447036&CODE_STATE=getMsg HTTP/1.1" 200 27
116.238.191.126 - - [12/Aug/2023:10:30:47 +0800] "GET /xingrg/all/function/internal_message.html?_=1691807358036&CODE_STATE=getMsg HTTP/1.1" 200 27
120.253.135.82 - - [12/Aug/2023:10:30:51 +0800] "GET /xingrg/check_reg.html?_=1691807270146 HTTP/1.1" 200 22
222.70.180.200 - - [12/Aug/2023:10:30:51 +0800] "GET /xingrg/kc/print/load_config.html?kc_code=cgsh HTTP/1.1" 200 1924
222.70.180.200 - - [12/Aug/2023:10:30:52 +0800] "GET /xingrg/kc/print/load_data.html?order_code=212023081204707&kc_code=cgsh&condition= HTTP/1.1" 200 13619
101.83.241.37 - - [12/Aug/2023:10:30:54 +0800] "POST /xingrg/services/DataTransmitService HTTP/1.1" 200 524
101.83.241.37 - - [12/Aug/2023:10:30:55 +0800] "POST /xingrg/services/DataTransmitService HTTP/1.1" 200 2067
120.253.135.82 - - [12/Aug/2023:10:30:56 +0800] "POST /xingrg/kc/pszx/mdps_list_operate.html HTTP/1.1" 200 4675
222.65.220.241 - - [12/Aug/2023:10:30:56 +0800] "GET /xingrg/all/function/internal_message.html?_=1691807456698&CODE_STATE=getMsg HTTP/1.1" 200 27
120.253.135.82 - - [12/Aug/2023:10:30:58 +0800] "POST /xingrg/kc/pszx/mdps_list_operate.html HTTP/1.1" 200 286
120.253.135.82 - - [12/Aug/2023:10:31:00 +0800] "POST /xingrg/kc/pszx/mdps_list_operate.html HTTP/1.1" 200 212
120.253.135.82 - - [12/Aug/2023:10:31:02 +0800] "POST /xingrg/kc/pszx/mdps_list_operate.html HTTP/1.1" 200 583
180.152.241.196 - - [12/Aug/2023:10:31:02 +0800] "POST /xingrg/services/DataTransmitService HTTP/1.1" 200 524
180.152.241.196 - - [12/Aug/2023:10:31:03 +0800] "POST /xingrg/services/DataTransmitService HTTP/1.1" 200 2395
222.70.180.200 - - [12/Aug/2023:10:31:04 +0800] "GET /xingrg/all/function/internal_message.html?_=1691807465009&CODE_STATE=getMsg HTTP/1.1" 200 27
101.83.145.37 - - [12/Aug/2023:10:31:04 +0800] "GET /xingrg/all/function/internal_message.html?_=1691807464965&CODE_STATE=getMsg HTTP/1.1" 200 27
180.152.241.196 - - [12/Aug/2023:10:31:04 +0800] "POST /xingrg/services/DataTransmitService HTTP/1.1" 200 183311
120.253.135.82 - - [12/Aug/2023:10:31:05 +0800] "POST /xingrg/kc/pszx/mdps_list_operate.html HTTP/1.1" 200 202
120.253.135.82 - - [12/Aug/2023:10:31:10 +0800] "GET /xingrg/kc/pszx/mdps_order_info.html?code=312023081200331 HTTP/1.1" 200 23978
120.253.135.82 - - [12/Aug/2023:10:31:10 +0800] "GET /xingrg/javascript/easyui/themes/default/validatebox.css HTTP/1.1" 404 1104
120.253.135.82 - - [12/Aug/2023:10:31:11 +0800] "POST /xingrg/kc/pszx/mdps_order_operate.html HTTP/1.1" 200 5186
124.77.244.83 - - [12/Aug/2023:10:31:11 +0800] "GET /xingrg/all/function/internal_message.html?_=1691807471542&CODE_STATE=getMsg HTTP/1.1" 200 27
101.83.145.37 - - [12/Aug/2023:10:31:13 +0800] "GET /xingrg/check_reg.html?_=1691807275519 HTTP/1.1" 302 -
180.169.147.146 - - [12/Aug/2023:10:31:13 +0800] "GET /xingrg/all/function/internal_message.html?_=1691807468997&CODE_STATE=getMsg HTTP/1.1" 200 27
120.253.135.82 - - [12/Aug/2023:10:31:15 +0800] "POST /xingrg/kc/pszx/mdps_order_operate.html HTTP/1.1" 200 37
124.79.243.110 - - [12/Aug/2023:10:31:15 +0800] "GET /xingrg/all/function/internal_message.html?_=1691807765983&CODE_STATE=getMsg HTTP/1.1" 200 27
120.253.135.82 - - [12/Aug/2023:10:31:16 +0800] "GET /xingrg/kc/pszx/mdps_order_info.html?code=312023081200331 HTTP/1.1" 200 23978
120.253.135.82 - - [12/Aug/2023:10:31:16 +0800] "GET /xingrg/javascript/easyui/themes/default/validatebox.css HTTP/1.1" 404 1104
120.253.135.82 - - [12/Aug/2023:10:31:17 +0800] "POST /xingrg/kc/pszx/mdps_order_operate.html HTTP/1.1" 200 5241
180.152.241.196 - - [12/Aug/2023:10:31:19 +0800] "GET /xingrg/kc/base/wldb_order_list.html HTTP/1.1" 200 19215
180.152.241.196 - - [12/Aug/2023:10:31:20 +0800] "POST /xingrg/kc/base/wldb_list_operate.html HTTP/1.1" 200 928
180.152.241.196 - - [12/Aug/2023:10:31:21 +0800] "GET /xingrg/kc/base/wldb_order_add.html HTTP/1.1" 200 30494
180.152.241.196 - - [12/Aug/2023:10:31:21 +0800] "POST /xingrg/kc/base/wldb_order_operate.html HTTP/1.1" 200 6806
180.152.241.196 - - [12/Aug/2023:10:31:21 +0800] "GET /xingrg/javascript/easyui/themes/default/validatebox.css HTTP/1.1" 404 1104
180.152.241.196 - - [12/Aug/2023:10:31:22 +0800] "POST /xingrg/all/common/load_combo.html?type=base HTTP/1.1" 200 3321
180.152.241.196 - - [12/Aug/2023:10:31:24 +0800] "POST /xingrg/all/common/load_combo.html?type=base HTTP/1.1" 200 3321
101.83.241.37 - - [12/Aug/2023:10:31:28 +0800] "GET /xingrg/all/function/internal_message.html?_=1691807485184&CODE_STATE=getMsg HTTP/1.1" 200 27
114.83.217.84 - - [12/Aug/2023:10:31:28 +0800] "GET /xingrg/check_reg.html?_=1691807623551 HTTP/1.1" 200 22
114.83.217.84 - - [12/Aug/2023:10:31:28 +0800] "GET /xingrg/all/function/internal_message.html?_=1691807623552&CODE_STATE=getMsg HTTP/1.1" 200 27
116.232.195.127 - - [12/Aug/2023:10:31:29 +0800] "GET /xingrg/all/function/internal_message.html?_=1691807422745&CODE_STATE=getMsg HTTP/1.1" 200 27
116.232.195.127 - - [12/Aug/2023:10:31:29 +0800] "GET /xingrg/check_reg.html?_=1691807422746 HTTP/1.1" 200 22
120.253.135.82 - - [12/Aug/2023:10:31:36 +0800] "POST /xingrg/kc/pszx/mdps_order_operate.html HTTP/1.1" 200 37
120.253.135.82 - - [12/Aug/2023:10:31:37 +0800] "GET /xingrg/kc/pszx/mdps_order_info.html?code=312023081200331 HTTP/1.1" 200 23978
120.253.135.82 - - [12/Aug/2023:10:31:38 +0800] "GET /xingrg/javascript/easyui/themes/default/validatebox.css HTTP/1.1" 404 1104
120.253.135.82 - - [12/Aug/2023:10:31:38 +0800] "POST /xingrg/kc/pszx/mdps_order_operate.html HTTP/1.1" 200 5242
124.77.244.83 - - [12/Aug/2023:10:31:39 +0800] "POST /xingrg/kc/buy/cgsh_order_operate.html HTTP/1.1" 200 37
120.253.135.82 - - [12/Aug/2023:10:31:39 +0800] "GET /xingrg/all/function/internal_message.html?_=1691807317804&CODE_STATE=getMsg HTTP/1.1" 200 27
124.77.244.83 - - [12/Aug/2023:10:31:41 +0800] "POST /xingrg/kc/buy/cgsh_order_operate.html HTTP/1.1" 200 5604
124.78.70.128 - - [12/Aug/2023:10:31:43 +0800] "GET /xingrg/all/function/internal_message.html?_=1691806970094&CODE_STATE=getMsg HTTP/1.1" 200 27
124.77.244.83 - - [12/Aug/2023:10:31:43 +0800] "GET /xingrg/kc/print/load_data.html?order_code=212023081204714&kc_code=cgsh&condition= HTTP/1.1" 200 1813
120.253.135.82 - - [12/Aug/2023:10:31:45 +0800] "POST /xingrg/kc/pszx/mdps_order_operate.html HTTP/1.1" 200 37
180.152.241.196 - - [12/Aug/2023:10:31:46 +0800] "GET /xingrg/check_reg.html?_=1691807506886 HTTP/1.1" 200 22
120.253.135.82 - - [12/Aug/2023:10:31:46 +0800] "GET /xingrg/kc/pszx/mdps_order_info.html?code=312023081200331 HTTP/1.1" 200 23978
180.152.241.196 - - [12/Aug/2023:10:31:46 +0800] "GET /xingrg/all/function/internal_message.html?_=1691807507030&CODE_STATE=getMsg HTTP/1.1" 200 27
116.238.191.126 - - [12/Aug/2023:10:31:47 +0800] "GET /xingrg/all/function/internal_message.html?_=1691807418050&CODE_STATE=getMsg HTTP/1.1" 200 27
120.253.135.82 - - [12/Aug/2023:10:31:47 +0800] "GET /xingrg/javascript/easyui/themes/default/validatebox.css HTTP/1.1" 404 1104
120.253.135.82 - - [12/Aug/2023:10:31:47 +0800] "POST /xingrg/kc/pszx/mdps_order_operate.html HTTP/1.1" 200 4751
101.83.241.37 - - [12/Aug/2023:10:31:49 +0800] "GET /xingrg/kc/mdqp/qqps_order_list.html HTTP/1.1" 200 9640
101.83.241.37 - - [12/Aug/2023:10:31:49 +0800] "GET /xingrg/dwr/interface/AjaxQqpsService.js HTTP/1.1" 200 16326
101.83.241.37 - - [12/Aug/2023:10:31:49 +0800] "GET /xingrg/dwr/interface/AjaxReportQueryService.js HTTP/1.1" 200 13203
101.83.241.37 - - [12/Aug/2023:10:31:49 +0800] "GET /xingrg/dwr/util.js HTTP/1.1" 200 35990
101.83.241.37 - - [12/Aug/2023:10:31:49 +0800] "GET /xingrg/dwr/engine.js HTTP/1.1" 200 43631
120.253.135.82 - - [12/Aug/2023:10:31:50 +0800] "POST /xingrg/kc/pszx/mdps_list_operate.html HTTP/1.1" 200 4675
120.253.135.82 - - [12/Aug/2023:10:31:51 +0800] "POST /xingrg/kc/pszx/mdps_list_operate.html HTTP/1.1" 200 202
222.65.220.241 - - [12/Aug/2023:10:31:53 +0800] "GET /xingrg/check_reg.html?_=1691807512920 HTTP/1.1" 200 22
120.253.135.82 - - [12/Aug/2023:10:31:53 +0800] "GET /xingrg/kc/pszx/mdps_order_info.html?code=312023081200320 HTTP/1.1" 200 23978
120.253.135.82 - - [12/Aug/2023:10:31:53 +0800] "GET /xingrg/javascript/easyui/themes/default/validatebox.css HTTP/1.1" 404 1104
101.83.241.37 - - [12/Aug/2023:10:31:54 +0800] "GET /xingrg/kc/mdqp/qqps_order_info.html?code=302023081100213 HTTP/1.1" 200 28558
120.253.135.82 - - [12/Aug/2023:10:31:54 +0800] "POST /xingrg/kc/pszx/mdps_order_operate.html HTTP/1.1" 200 2279
101.83.241.37 - - [12/Aug/2023:10:31:54 +0800] "GET /xingrg/dwr/interface/AjaxComOrderService.js HTTP/1.1" 200 18264
101.83.241.37 - - [12/Aug/2023:10:31:54 +0800] "GET /xingrg/dwr/interface/AjaxQqpsService.js HTTP/1.1" 200 16326
101.83.241.37 - - [12/Aug/2023:10:31:54 +0800] "GET /xingrg/dwr/engine.js HTTP/1.1" 200 43631
101.83.241.37 - - [12/Aug/2023:10:31:55 +0800] "POST /xingrg/dwr/call/plaincall/AjaxQqpsService.loadMaterielItems.dwr HTTP/1.1" 200 76
116.238.191.126 - - [12/Aug/2023:10:31:55 +0800] "POST /xingrg/services/DataTransmitService HTTP/1.1" 200 524
116.238.191.126 - - [12/Aug/2023:10:31:56 +0800] "POST /xingrg/services/DataTransmitService HTTP/1.1" 200 2079
222.65.220.241 - - [12/Aug/2023:10:31:56 +0800] "GET /xingrg/all/function/internal_message.html?_=1691807516683&CODE_STATE=getMsg HTTP/1.1" 200 27
116.238.191.126 - - [12/Aug/2023:10:31:57 +0800] "POST /xingrg/services/DataTransmitService HTTP/1.1" 200 124715
101.83.241.37 - - [12/Aug/2023:10:31:59 +0800] "GET /xingrg/kc/mdqp/qqps_order_list.html?isBack=1 HTTP/1.1" 200 9649
101.83.241.37 - - [12/Aug/2023:10:31:59 +0800] "GET /xingrg/dwr/interface/AjaxQqpsService.js HTTP/1.1" 200 16326
101.83.241.37 - - [12/Aug/2023:10:31:59 +0800] "GET /xingrg/dwr/interface/AjaxReportQueryService.js HTTP/1.1" 200 13203
101.83.241.37 - - [12/Aug/2023:10:31:59 +0800] "GET /xingrg/dwr/engine.js HTTP/1.1" 200 43631
120.253.135.82 - - [12/Aug/2023:10:31:59 +0800] "GET /xingrg/kc/pszx/mdps_order_operate.html?command=get_materiel&pszx_code=00101&rest_code=00147&base_code=0010252&code=00101014040 HTTP/1.1" 200 421
180.152.241.196 - - [12/Aug/2023:10:32:01 +0800] "GET /xingrg/kc/base/wldb_order_operate.html?command=get_materiel&rest_code=00102&base_code=0010476&code=00101019187 HTTP/1.1" 200 479
222.70.180.200 - - [12/Aug/2023:10:32:04 +0800] "GET /xingrg/all/function/internal_message.html?_=1691807524998&CODE_STATE=getMsg HTTP/1.1" 200 27
101.83.145.37 - - [12/Aug/2023:10:32:04 +0800] "GET /xingrg/all/function/internal_message.html?_=1691807524938&CODE_STATE=getMsg HTTP/1.1" 200 27
101.83.145.37 - - [12/Aug/2023:10:32:04 +0800] "GET /xingrg/check_reg.html?_=1691807525777 HTTP/1.1" 200 22
101.83.241.37 - - [12/Aug/2023:10:32:05 +0800] "GET /xingrg/kc/mdqp/qqps_order_list.html?isQuery=1&timeSelect=1&orderTime=day&startTime=2023-08-11&endTime=2023-08-12&state=all&query=%C8%B7++%B6%A8 HTTP/1.1" 200 11375
101.83.241.37 - - [12/Aug/2023:10:32:05 +0800] "GET /xingrg/dwr/interface/AjaxQqpsService.js HTTP/1.1" 200 16326
101.83.241.37 - - [12/Aug/2023:10:32:05 +0800] "GET /xingrg/dwr/interface/AjaxReportQueryService.js HTTP/1.1" 200 13203
101.83.241.37 - - [12/Aug/2023:10:32:05 +0800] "GET /xingrg/dwr/engine.js HTTP/1.1" 200 43631
120.253.135.82 - - [12/Aug/2023:10:32:08 +0800] "POST /xingrg/kc/pszx/mdps_order_operate.html HTTP/1.1" 200 37
120.253.135.82 - - [12/Aug/2023:10:32:09 +0800] "GET /xingrg/kc/pszx/mdps_order_info.html?code=312023081200320 HTTP/1.1" 200 23978
180.152.241.196 - - [12/Aug/2023:10:32:09 +0800] "GET /xingrg/kc/base/wldb_order_operate.html?command=get_materiel&rest_code=00102&base_code=0010476&code=00101019295 HTTP/1.1" 200 475
120.253.135.82 - - [12/Aug/2023:10:32:10 +0800] "GET /xingrg/javascript/easyui/themes/default/validatebox.css HTTP/1.1" 404 1104
120.253.135.82 - - [12/Aug/2023:10:32:10 +0800] "POST /xingrg/kc/pszx/mdps_order_operate.html HTTP/1.1" 200 2766
124.77.244.83 - - [12/Aug/2023:10:32:11 +0800] "GET /xingrg/all/function/internal_message.html?_=1691807531625&CODE_STATE=getMsg HTTP/1.1" 200 27
120.253.135.82 - - [12/Aug/2023:10:32:11 +0800] "POST /xingrg/kc/pszx/mdps_list_operate.html HTTP/1.1" 200 4675
101.83.241.37 - - [12/Aug/2023:10:32:12 +0800] "GET /xingrg/kc/mdqp/qqps_order_info.html?code=302023081100212 HTTP/1.1" 200 26797
101.83.241.37 - - [12/Aug/2023:10:32:12 +0800] "GET /xingrg/dwr/interface/AjaxQqpsService.js HTTP/1.1" 200 16326
101.83.241.37 - - [12/Aug/2023:10:32:12 +0800] "GET /xingrg/dwr/interface/AjaxComOrderService.js HTTP/1.1" 200 18264
101.83.241.37 - - [12/Aug/2023:10:32:12 +0800] "GET /xingrg/dwr/engine.js HTTP/1.1" 200 43631
180.169.147.146 - - [12/Aug/2023:10:32:13 +0800] "GET /xingrg/all/function/internal_message.html?_=1691807528996&CODE_STATE=getMsg HTTP/1.1" 200 27
101.83.241.37 - - [12/Aug/2023:10:32:13 +0800] "POST /xingrg/dwr/call/plaincall/AjaxQqpsService.loadMaterielItems.dwr HTTP/1.1" 200 345
180.152.241.196 - - [12/Aug/2023:10:32:13 +0800] "GET /xingrg/kc/base/wldb_order_operate.html?command=get_materiel&rest_code=00102&base_code=0010476&code=00101019430 HTTP/1.1" 200 477
124.79.243.110 - - [12/Aug/2023:10:32:15 +0800] "GET /xingrg/all/function/internal_message.html?_=1691807825981&CODE_STATE=getMsg HTTP/1.1" 200 27
101.83.241.37 - - [12/Aug/2023:10:32:20 +0800] "GET /xingrg/kc/mdqp/qqps_order_list.html?isBack=1 HTTP/1.1" 302 -
