124.78.70.128 - - [12/Aug/2023:08:21:26 +0800] "GET /xingrg/all/function/internal_message.html?_=1691799152800&CODE_STATE=getMsg HTTP/1.1" 302 -
116.238.191.126 - - [12/Aug/2023:08:21:26 +0800] "GET /xingrg/check_reg.html?_=1691799597989 HTTP/1.1" 302 -
120.253.135.82 - - [12/Aug/2023:08:21:36 +0800] "GET /xingrg/all/function/internal_message.html?_=1691799515008&CODE_STATE=getMsg HTTP/1.1" 200 27
120.253.135.82 - - [12/Aug/2023:08:21:38 +0800] "GET /xingrg/all/function/internal_message.html?_=1691799517226&CODE_STATE=getMsg HTTP/1.1" 200 27
116.238.191.126 - - [12/Aug/2023:08:21:47 +0800] "GET /xingrg/all/function/internal_message.html?_=1691799618375&CODE_STATE=getMsg HTTP/1.1" 302 -
116.232.195.127 - - [12/Aug/2023:08:22:24 +0800] "GET /xingrg/all/function/internal_message.html?_=1691799678085&CODE_STATE=getMsg HTTP/1.1" 302 -
124.77.244.83 - - [12/Aug/2023:08:22:25 +0800] "GET /xingrg/all/function/internal_message.html?_=1691799744977&CODE_STATE=getMsg HTTP/1.1" 200 27
124.78.70.128 - - [12/Aug/2023:08:22:26 +0800] "GET /xingrg/all/function/internal_message.html?_=1691799212814&CODE_STATE=getMsg HTTP/1.1" 302 -
120.253.135.82 - - [12/Aug/2023:08:22:37 +0800] "GET /xingrg/all/function/internal_message.html?_=1691799575359&CODE_STATE=getMsg HTTP/1.1" 200 27
120.253.135.82 - - [12/Aug/2023:08:22:38 +0800] "GET /xingrg/all/function/internal_message.html?_=1691799577237&CODE_STATE=getMsg HTTP/1.1" 200 27
116.238.191.126 - - [12/Aug/2023:08:22:47 +0800] "GET /xingrg/all/function/internal_message.html?_=1691799678424&CODE_STATE=getMsg HTTP/1.1" 302 -
116.232.195.127 - - [12/Aug/2023:08:23:24 +0800] "GET /xingrg/all/function/internal_message.html?_=1691799738064&CODE_STATE=getMsg HTTP/1.1" 302 -
124.77.244.83 - - [12/Aug/2023:08:23:25 +0800] "GET /xingrg/all/function/internal_message.html?_=1691799804992&CODE_STATE=getMsg HTTP/1.1" 200 27
124.78.70.128 - - [12/Aug/2023:08:23:26 +0800] "GET /xingrg/all/function/internal_message.html?_=1691799272813&CODE_STATE=getMsg HTTP/1.1" 302 -
120.253.135.82 - - [12/Aug/2023:08:23:37 +0800] "GET /xingrg/all/function/internal_message.html?_=1691799635363&CODE_STATE=getMsg HTTP/1.1" 200 27
120.253.135.82 - - [12/Aug/2023:08:23:37 +0800] "GET /xingrg/check_reg.html?_=1691799635499 HTTP/1.1" 200 22
120.253.135.82 - - [12/Aug/2023:08:23:38 +0800] "GET /xingrg/all/function/internal_message.html?_=1691799637251&CODE_STATE=getMsg HTTP/1.1" 200 27
116.238.191.126 - - [12/Aug/2023:08:23:47 +0800] "GET /xingrg/all/function/internal_message.html?_=1691799738432&CODE_STATE=getMsg HTTP/1.1" 302 -
116.232.195.127 - - [12/Aug/2023:08:24:24 +0800] "GET /xingrg/all/function/internal_message.html?_=1691799798055&CODE_STATE=getMsg HTTP/1.1" 302 -
124.77.244.83 - - [12/Aug/2023:08:24:25 +0800] "GET /xingrg/all/function/internal_message.html?_=1691799865165&CODE_STATE=getMsg HTTP/1.1" 200 27
124.78.70.128 - - [12/Aug/2023:08:24:26 +0800] "GET /xingrg/check_reg.html?_=1691799332813 HTTP/1.1" 302 -
124.78.70.128 - - [12/Aug/2023:08:24:26 +0800] "GET /xingrg/all/function/internal_message.html?_=1691799332815&CODE_STATE=getMsg HTTP/1.1" 302 -
120.253.135.82 - - [12/Aug/2023:08:24:37 +0800] "GET /xingrg/all/function/internal_message.html?_=1691799695683&CODE_STATE=getMsg HTTP/1.1" 200 27
116.232.195.127 - - [12/Aug/2023:08:24:38 +0800] "GET /xingrg/check_reg.html?_=1691799811767 HTTP/1.1" 302 -
120.253.135.82 - - [12/Aug/2023:08:24:39 +0800] "GET /xingrg/all/function/internal_message.html?_=1691799697263&CODE_STATE=getMsg HTTP/1.1" 200 27
116.238.191.126 - - [12/Aug/2023:08:24:47 +0800] "GET /xingrg/all/function/internal_message.html?_=1691799798482&CODE_STATE=getMsg HTTP/1.1" 302 -
101.80.225.121 - - [12/Aug/2023:08:24:47 +0800] "POST /xingrg/services/DataTransmitService HTTP/1.1" 200 524
124.77.244.83 - - [12/Aug/2023:08:25:13 +0800] "GET /xingrg/check_reg.html?_=1691799913571 HTTP/1.1" 200 22
120.253.135.82 - - [12/Aug/2023:08:25:14 +0800] "GET /xingrg/check_reg.html?_=1691799732273 HTTP/1.1" 200 22
116.232.195.127 - - [12/Aug/2023:08:25:24 +0800] "GET /xingrg/all/function/internal_message.html?_=1691799858045&CODE_STATE=getMsg HTTP/1.1" 302 -
124.77.244.83 - - [12/Aug/2023:08:25:25 +0800] "GET /xingrg/all/function/internal_message.html?_=1691799925175&CODE_STATE=getMsg HTTP/1.1" 200 27
124.78.70.128 - - [12/Aug/2023:08:25:26 +0800] "GET /xingrg/all/function/internal_message.html?_=1691799392841&CODE_STATE=getMsg HTTP/1.1" 302 -
120.253.135.82 - - [12/Aug/2023:08:25:37 +0800] "GET /xingrg/all/function/internal_message.html?_=1691799755687&CODE_STATE=getMsg HTTP/1.1" 200 27
120.253.135.82 - - [12/Aug/2023:08:25:38 +0800] "GET /xingrg/all/function/internal_message.html?_=1691799757278&CODE_STATE=getMsg HTTP/1.1" 200 27
116.238.191.126 - - [12/Aug/2023:08:25:47 +0800] "GET /xingrg/all/function/internal_message.html?_=1691799858491&CODE_STATE=getMsg HTTP/1.1" 302 -
101.83.145.37 - - [12/Aug/2023:08:26:10 +0800] "GET /favicon.ico HTTP/1.1" 404 -
101.83.145.37 - - [12/Aug/2023:08:26:12 +0800] "GET /xingrg/index.html?sysBaseUrl=http%3A%2F%2F180.169.147.146%3A18081%2Fxingrg%2F&costTime=36×tamp=1585223203754 HTTP/1.1" 302 -
101.83.145.37 - - [12/Aug/2023:08:26:12 +0800] "GET /xingrg/login.html HTTP/1.1" 200 7641
101.83.145.37 - - [12/Aug/2023:08:26:13 +0800] "GET /xingrg/images/blue/jxLogo.png HTTP/1.1" 304 -
101.83.145.37 - - [12/Aug/2023:08:26:16 +0800] "GET /xingrg/images/blue/login_bg.png HTTP/1.1" 304 -
101.83.145.37 - - [12/Aug/2023:08:26:17 +0800] "GET /xingrg/images/blue/hj.png HTTP/1.1" 304 -
101.83.145.37 - - [12/Aug/2023:08:26:17 +0800] "GET /xingrg/images/blue/srbg.png HTTP/1.1" 304 -
101.83.145.37 - - [12/Aug/2023:08:26:17 +0800] "GET /favicon.ico HTTP/1.1" 404 -
116.232.195.127 - - [12/Aug/2023:08:26:24 +0800] "GET /xingrg/all/function/internal_message.html?_=1691799918023&CODE_STATE=getMsg HTTP/1.1" 302 -
101.83.145.37 - - [12/Aug/2023:08:26:25 +0800] "POST /xingrg/login.do HTTP/1.1" 302 -
101.83.145.37 - - [12/Aug/2023:08:26:25 +0800] "GET /xingrg/index.html?sysBaseUrl=http%3A%2F%2F180.169.147.146%3A18081%2Fxingrg%2F&costTime=1091×tamp=1691799985447 HTTP/1.1" 200 17173
124.77.244.83 - - [12/Aug/2023:08:26:25 +0800] "GET /xingrg/all/function/internal_message.html?_=1691799985188&CODE_STATE=getMsg HTTP/1.1" 200 27
101.83.145.37 - - [12/Aug/2023:08:26:25 +0800] "GET /xingrg/javascript/jquery_easy_ui/themes/default/easyui.css HTTP/1.1" 304 -
101.83.145.37 - - [12/Aug/2023:08:26:25 +0800] "GET /xingrg/javascript/jquery_easy_ui/themes/icon.css HTTP/1.1" 304 -
101.83.145.37 - - [12/Aug/2023:08:26:25 +0800] "GET /xingrg/css/form.css HTTP/1.1" 304 -
101.83.145.37 - - [12/Aug/2023:08:26:25 +0800] "GET /xingrg/javascript/jquery-1.4.2.min.js HTTP/1.1" 304 -
101.83.145.37 - - [12/Aug/2023:08:26:26 +0800] "GET /xingrg/javascript/jquery_easy_ui/jquery.easyui.min.js HTTP/1.1" 304 -
101.83.145.37 - - [12/Aug/2023:08:26:26 +0800] "GET /favicon.ico HTTP/1.1" 404 -
101.83.145.37 - - [12/Aug/2023:08:26:26 +0800] "GET /xingrg/javascript/jquery_easy_ui/easyui-lang-zh_CN.js HTTP/1.1" 304 -
101.83.145.37 - - [12/Aug/2023:08:26:26 +0800] "GET /xingrg/javascript/jquery.form.js HTTP/1.1" 304 -
101.83.145.37 - - [12/Aug/2023:08:26:26 +0800] "GET /xingrg/javascript/jquery.utils.js HTTP/1.1" 304 -
101.83.145.37 - - [12/Aug/2023:08:26:26 +0800] "GET /xingrg/javascript/jquery.timers.js HTTP/1.1" 304 -
101.83.145.37 - - [12/Aug/2023:08:26:26 +0800] "GET /xingrg/javascript/jquery_easy_ui/themes/icons/settle_new.png HTTP/1.1" 304 -
101.83.145.37 - - [12/Aug/2023:08:26:26 +0800] "GET /xingrg/images/blue/navBackgound.jpg HTTP/1.1" 304 -
124.78.70.128 - - [12/Aug/2023:08:26:26 +0800] "GET /xingrg/all/function/internal_message.html?_=1691799452840&CODE_STATE=getMsg HTTP/1.1" 302 -
101.83.145.37 - - [12/Aug/2023:08:26:26 +0800] "GET /xingrg/check_reg.html?_=1691799987594 HTTP/1.1" 200 22
101.83.145.37 - - [12/Aug/2023:08:26:26 +0800] "POST /xingrg/all/common/load_tree.html?tree=area_rest_tree_json&manage=1 HTTP/1.1" 200 3499
101.83.145.37 - - [12/Aug/2023:08:26:26 +0800] "GET /xingrg/images/blue/pingpu.png HTTP/1.1" 304 -
101.83.145.37 - - [12/Aug/2023:08:26:26 +0800] "GET /xingrg/all/function/internal_message.html?_=1691799987594&CODE_STATE=count HTTP/1.1" 200 11
116.238.191.126 - - [12/Aug/2023:08:26:26 +0800] "GET /xingrg/check_reg.html?_=1691799898031 HTTP/1.1" 302 -
101.83.145.37 - - [12/Aug/2023:08:26:26 +0800] "GET /xingrg/javascript/jquery_easy_ui/themes/default/images/tabs_leftarrow.png HTTP/1.1" 304 -
101.83.145.37 - - [12/Aug/2023:08:26:27 +0800] "GET /xingrg/javascript/jquery_easy_ui/themes/default/images/tabs_rightarrow.png HTTP/1.1" 304 -
101.83.145.37 - - [12/Aug/2023:08:26:27 +0800] "GET /xingrg/javascript/jquery_easy_ui/themes/default/images/panel_tool_collapse.gif HTTP/1.1" 304 -
101.83.145.37 - - [12/Aug/2023:08:26:27 +0800] "GET /xingrg/javascript/jquery_easy_ui/themes/default/images/tree_arrows.gif HTTP/1.1" 304 -
101.83.145.37 - - [12/Aug/2023:08:26:27 +0800] "POST /xingrg/load_menu.html HTTP/1.1" 200 5138
101.83.145.37 - - [12/Aug/2023:08:26:27 +0800] "GET /xingrg/javascript/jquery_easy_ui/themes/default/images/tree_folder_open.gif HTTP/1.1" 304 -
101.83.145.37 - - [12/Aug/2023:08:26:27 +0800] "GET /xingrg/javascript/jquery_easy_ui/themes/icons/search_new.png HTTP/1.1" 304 -
101.83.145.37 - - [12/Aug/2023:08:26:27 +0800] "GET /xingrg/javascript/jquery_easy_ui/themes/default/images/tree_folder.gif HTTP/1.1" 304 -
101.83.145.37 - - [12/Aug/2023:08:26:27 +0800] "GET /xingrg/javascript/jquery_easy_ui/themes/icons/storage_new.png HTTP/1.1" 304 -
101.83.145.37 - - [12/Aug/2023:08:26:27 +0800] "GET /xingrg/javascript/jquery_easy_ui/themes/icons/forms_new.png HTTP/1.1" 304 -
101.83.145.37 - - [12/Aug/2023:08:26:27 +0800] "GET /xingrg/javascript/jquery_easy_ui/themes/default/images/tree_file.gif HTTP/1.1" 304 -
116.238.191.126 - - [12/Aug/2023:08:26:47 +0800] "GET /xingrg/all/function/internal_message.html?_=1691799918543&CODE_STATE=getMsg HTTP/1.1" 302 -
116.232.195.127 - - [12/Aug/2023:08:27:24 +0800] "GET /xingrg/all/function/internal_message.html?_=1691799978005&CODE_STATE=getMsg HTTP/1.1" 302 -
124.77.244.83 - - [12/Aug/2023:08:27:25 +0800] "GET /xingrg/all/function/internal_message.html?_=1691800045330&CODE_STATE=getMsg HTTP/1.1" 200 27
124.78.70.128 - - [12/Aug/2023:08:27:26 +0800] "GET /xingrg/all/function/internal_message.html?_=1691799512839&CODE_STATE=getMsg HTTP/1.1" 302 -
101.83.145.37 - - [12/Aug/2023:08:27:26 +0800] "GET /xingrg/all/function/internal_message.html?_=1691800047607&CODE_STATE=getMsg HTTP/1.1" 200 27
116.238.191.126 - - [12/Aug/2023:08:27:47 +0800] "GET /xingrg/all/function/internal_message.html?_=1691799978550&CODE_STATE=getMsg HTTP/1.1" 302 -
116.232.195.127 - - [12/Aug/2023:08:28:24 +0800] "GET /xingrg/all/function/internal_message.html?_=1691800037982&CODE_STATE=getMsg HTTP/1.1" 302 -
124.77.244.83 - - [12/Aug/2023:08:28:25 +0800] "GET /xingrg/all/function/internal_message.html?_=1691800105457&CODE_STATE=getMsg HTTP/1.1" 200 27
124.78.70.128 - - [12/Aug/2023:08:28:26 +0800] "GET /xingrg/all/function/internal_message.html?_=1691799572837&CODE_STATE=getMsg HTTP/1.1" 302 -
101.83.145.37 - - [12/Aug/2023:08:28:26 +0800] "GET /xingrg/all/function/internal_message.html?_=1691800107600&CODE_STATE=getMsg HTTP/1.1" 200 27
116.238.191.126 - - [12/Aug/2023:08:28:47 +0800] "GET /xingrg/all/function/internal_message.html?_=1691800038600&CODE_STATE=getMsg HTTP/1.1" 302 -
116.232.195.127 - - [12/Aug/2023:08:29:24 +0800] "GET /xingrg/all/function/internal_message.html?_=1691800097979&CODE_STATE=getMsg HTTP/1.1" 302 -
124.77.244.83 - - [12/Aug/2023:08:29:25 +0800] "GET /xingrg/all/function/internal_message.html?_=1691800165463&CODE_STATE=getMsg HTTP/1.1" 200 27
124.78.70.128 - - [12/Aug/2023:08:29:26 +0800] "GET /xingrg/all/function/internal_message.html?_=1691799632835&CODE_STATE=getMsg HTTP/1.1" 302 -
124.78.70.128 - - [12/Aug/2023:08:29:26 +0800] "GET /xingrg/check_reg.html?_=1691799632837 HTTP/1.1" 302 -
101.83.145.37 - - [12/Aug/2023:08:29:26 +0800] "GET /xingrg/all/function/internal_message.html?_=1691800167600&CODE_STATE=getMsg HTTP/1.1" 200 27
116.232.195.127 - - [12/Aug/2023:08:29:38 +0800] "GET /xingrg/check_reg.html?_=1691800111775 HTTP/1.1" 302 -
116.238.191.126 - - [12/Aug/2023:08:29:47 +0800] "GET /xingrg/all/function/internal_message.html?_=1691800098608&CODE_STATE=getMsg HTTP/1.1" 302 -
124.77.244.83 - - [12/Aug/2023:08:30:13 +0800] "GET /xingrg/check_reg.html?_=1691800213698 HTTP/1.1" 200 22
116.232.195.127 - - [12/Aug/2023:08:30:24 +0800] "GET /xingrg/all/function/internal_message.html?_=1691800157966&CODE_STATE=getMsg HTTP/1.1" 302 -
124.77.244.83 - - [12/Aug/2023:08:30:25 +0800] "GET /xingrg/all/function/internal_message.html?_=1691800225478&CODE_STATE=getMsg HTTP/1.1" 200 27
124.78.70.128 - - [12/Aug/2023:08:30:26 +0800] "GET /xingrg/all/function/internal_message.html?_=1691799692836&CODE_STATE=getMsg HTTP/1.1" 302 -
101.83.145.37 - - [12/Aug/2023:08:30:26 +0800] "GET /xingrg/all/function/internal_message.html?_=1691800227600&CODE_STATE=getMsg HTTP/1.1" 200 27
180.152.241.196 - - [12/Aug/2023:08:30:32 +0800] "GET /xingrg/all/function/internal_message.html?_=1691800233170&CODE_STATE=getMsg HTTP/1.1" 302 -
180.152.241.196 - - [12/Aug/2023:08:30:32 +0800] "GET /xingrg/check_reg.html?_=1691800233174 HTTP/1.1" 302 -
180.152.241.196 - - [12/Aug/2023:08:30:32 +0800] "GET /xingrg/login.html HTTP/1.1" 200 7641
180.152.241.196 - - [12/Aug/2023:08:30:32 +0800] "GET /xingrg/login.html HTTP/1.1" 200 7641
116.238.191.126 - - [12/Aug/2023:08:30:47 +0800] "GET /xingrg/all/function/internal_message.html?_=1691800158652&CODE_STATE=getMsg HTTP/1.1" 302 -
124.77.244.83 - - [12/Aug/2023:08:30:49 +0800] "GET /xingrg/kc/buy/buy_main.html HTTP/1.1" 200 12412
124.77.244.83 - - [12/Aug/2023:08:30:49 +0800] "GET /xingrg/css/blue.css HTTP/1.1" 304 -
124.77.244.83 - - [12/Aug/2023:08:30:49 +0800] "GET /xingrg/css/new_ie.css HTTP/1.1" 404 1036
124.77.244.83 - - [12/Aug/2023:08:30:49 +0800] "GET /xingrg/javascript/ToolTips.js HTTP/1.1" 304 -
124.77.244.83 - - [12/Aug/2023:08:30:49 +0800] "GET /xingrg/javascript/jquery_ui/themes/humanity/humanity.css HTTP/1.1" 304 -
124.77.244.83 - - [12/Aug/2023:08:30:49 +0800] "GET /xingrg/javascript/myfunction.js HTTP/1.1" 304 -
124.77.244.83 - - [12/Aug/2023:08:30:49 +0800] "GET /xingrg/javascript/jquery_ui/jquery-ui.min.js HTTP/1.1" 304 -
124.77.244.83 - - [12/Aug/2023:08:30:50 +0800] "GET /xingrg/images/blue/button/cgydd.gif HTTP/1.1" 304 -
124.77.244.83 - - [12/Aug/2023:08:30:50 +0800] "GET /xingrg/images/blue/button/cgxqd.gif HTTP/1.1" 304 -
124.77.244.83 - - [12/Aug/2023:08:30:50 +0800] "GET /xingrg/images/blue/button/cgfkd.gif HTTP/1.1" 304 -
124.77.244.83 - - [12/Aug/2023:08:30:50 +0800] "GET /xingrg/images/blue/button/cgshd.gif HTTP/1.1" 304 -
124.77.244.83 - - [12/Aug/2023:08:30:50 +0800] "GET /xingrg/images/blue/button/ckthd.gif HTTP/1.1" 304 -
124.77.244.83 - - [12/Aug/2023:08:30:50 +0800] "GET /xingrg/images/blue/button/kc.gif HTTP/1.1" 304 -
124.77.244.83 - - [12/Aug/2023:08:30:50 +0800] "GET /xingrg/images/blue/pic_form2.gif HTTP/1.1" 304 -
124.77.244.83 - - [12/Aug/2023:08:30:50 +0800] "GET /xingrg/javascript/jquery_ui/themes/humanity/images/ui-bg_inset-soft_100_f4f0ec_1x100.png HTTP/1.1" 304 -
124.77.244.83 - - [12/Aug/2023:08:30:50 +0800] "GET /xingrg/images/blue/bg_dotted.jpg HTTP/1.1" 304 -
124.77.244.83 - - [12/Aug/2023:08:30:50 +0800] "GET /xingrg/images/blue/button/right_ah.jpg HTTP/1.1" 304 -
124.77.244.83 - - [12/Aug/2023:08:30:50 +0800] "GET /xingrg/images/blue/button/down_ah.jpg HTTP/1.1" 304 -
124.77.244.83 - - [12/Aug/2023:08:30:50 +0800] "GET /xingrg/javascript/jquery_ui/themes/humanity/images/ui-iconsnew.jpg HTTP/1.1" 304 -
124.77.244.83 - - [12/Aug/2023:08:30:50 +0800] "GET /xingrg/javascript/jquery_ui/themes/humanity/images/ui-icons_ffffff_256x240.png HTTP/1.1" 304 -
124.77.244.83 - - [12/Aug/2023:08:30:50 +0800] "GET /xingrg/javascript/jquery_ui/themes/humanity/images/ui-icons_c47a23_256x240.png HTTP/1.1" 304 -
124.77.244.83 - - [12/Aug/2023:08:30:50 +0800] "GET /xingrg/javascript/jquery_ui/themes/humanity/images/ui-bg_glass_70_ede4d4_1x400.png HTTP/1.1" 304 -
124.77.244.83 - - [12/Aug/2023:08:30:50 +0800] "GET /xingrg/images/yd/bt.gif HTTP/1.1" 404 1040
124.77.244.83 - - [12/Aug/2023:08:30:52 +0800] "GET /xingrg/kc/buy/cgsh_order_list.html HTTP/1.1" 200 56083
124.77.244.83 - - [12/Aug/2023:08:30:55 +0800] "POST /xingrg/kc/buy/cgsh_list_operate.html HTTP/1.1" 200 986
124.77.244.83 - - [12/Aug/2023:08:31:02 +0800] "POST /xingrg/kc/buy/cgsh_list_operate.html HTTP/1.1" 200 986
124.77.244.83 - - [12/Aug/2023:08:31:05 +0800] "GET /xingrg/kc/buy/cgsh_order_add.html HTTP/1.1" 200 71859
124.77.244.83 - - [12/Aug/2023:08:31:05 +0800] "POST /xingrg/kc/buy/cgsh_order_operate.html HTTP/1.1" 200 8245
124.77.244.83 - - [12/Aug/2023:08:31:05 +0800] "GET /xingrg/javascript/easyui/themes/default/validatebox.css HTTP/1.1" 404 1104
116.232.195.127 - - [12/Aug/2023:08:31:24 +0800] "GET /xingrg/all/function/internal_message.html?_=1691800217948&CODE_STATE=getMsg HTTP/1.1" 302 -
124.77.244.83 - - [12/Aug/2023:08:31:25 +0800] "GET /xingrg/all/function/internal_message.html?_=1691800285490&CODE_STATE=getMsg HTTP/1.1" 200 27
124.78.70.128 - - [12/Aug/2023:08:31:26 +0800] "GET /xingrg/all/function/internal_message.html?_=1691799752834&CODE_STATE=getMsg HTTP/1.1" 302 -
101.83.145.37 - - [12/Aug/2023:08:31:26 +0800] "GET /xingrg/check_reg.html?_=1691800287605 HTTP/1.1" 200 22
101.83.145.37 - - [12/Aug/2023:08:31:26 +0800] "GET /xingrg/all/function/internal_message.html?_=1691800287614&CODE_STATE=getMsg HTTP/1.1" 200 27
116.238.191.126 - - [12/Aug/2023:08:31:26 +0800] "GET /xingrg/check_reg.html?_=1691800198027 HTTP/1.1" 302 -
180.152.241.196 - - [12/Aug/2023:08:31:32 +0800] "GET /xingrg/all/function/internal_message.html?_=1691800293145&CODE_STATE=getMsg HTTP/1.1" 302 -
124.77.244.83 - - [12/Aug/2023:08:31:35 +0800] "GET /xingrg/kc/buy/cgsh_order_operate.html?command=get_materiel&rest_code=00146&code=00101008403&supplier_code=00100005&order_time=2023-08-12 HTTP/1.1" 200 412
116.238.191.126 - - [12/Aug/2023:08:31:47 +0800] "GET /xingrg/all/function/internal_message.html?_=1691800218666&CODE_STATE=getMsg HTTP/1.1" 302 -
124.77.244.83 - - [12/Aug/2023:08:32:04 +0800] "GET /xingrg/kc/buy/cgsh_order_operate.html?command=get_materiel&rest_code=00146&code=00101008370&supplier_code=00100005&order_time=2023-08-12 HTTP/1.1" 200 412
124.77.244.83 - - [12/Aug/2023:08:32:22 +0800] "GET /xingrg/kc/buy/cgsh_order_operate.html?command=get_materiel&rest_code=00146&code=00101008126&supplier_code=00100005&order_time=2023-08-12 HTTP/1.1" 200 412
116.232.195.127 - - [12/Aug/2023:08:32:24 +0800] "GET /xingrg/all/function/internal_message.html?_=1691800277942&CODE_STATE=getMsg HTTP/1.1" 302 -
124.77.244.83 - - [12/Aug/2023:08:32:25 +0800] "GET /xingrg/all/function/internal_message.html?_=1691800345504&CODE_STATE=getMsg HTTP/1.1" 200 27
124.78.70.128 - - [12/Aug/2023:08:32:26 +0800] "GET /xingrg/all/function/internal_message.html?_=1691799812834&CODE_STATE=getMsg HTTP/1.1" 302 -
101.83.145.37 - - [12/Aug/2023:08:32:26 +0800] "GET /xingrg/all/function/internal_message.html?_=1691800347599&CODE_STATE=getMsg HTTP/1.1" 200 27
180.152.241.196 - - [12/Aug/2023:08:32:32 +0800] "GET /xingrg/all/function/internal_message.html?_=1691800353121&CODE_STATE=getMsg HTTP/1.1" 302 -
101.83.145.37 - - [12/Aug/2023:08:32:34 +0800] "GET /xingrg/javascript/jquery_easy_ui/themes/default/images/tabs_close.gif HTTP/1.1" 304 -
101.83.145.37 - - [12/Aug/2023:08:32:35 +0800] "GET /xingrg/kc/buy/cgsh_order_list.html HTTP/1.1" 200 56077
101.83.145.37 - - [12/Aug/2023:08:32:35 +0800] "GET /xingrg/css/base.css HTTP/1.1" 304 -
101.83.145.37 - - [12/Aug/2023:08:32:35 +0800] "GET /xingrg/css/site.css HTTP/1.1" 304 -
101.83.145.37 - - [12/Aug/2023:08:32:35 +0800] "GET /xingrg/javascript/jquery_tools/datebox.css HTTP/1.1" 304 -
101.83.145.37 - - [12/Aug/2023:08:32:35 +0800] "GET /xingrg/javascript/easyui/themes/icon.css HTTP/1.1" 304 -
101.83.145.37 - - [12/Aug/2023:08:32:35 +0800] "GET /xingrg/javascript/easyui/themes/default/easyui.css HTTP/1.1" 304 -
101.83.145.37 - - [12/Aug/2023:08:32:35 +0800] "GET /xingrg/javascript/auto/jquery.autocomplete.css HTTP/1.1" 304 -
101.83.145.37 - - [12/Aug/2023:08:32:35 +0800] "GET /xingrg/javascript/jquery_tools/fix.css HTTP/1.1" 304 -
101.83.145.37 - - [12/Aug/2023:08:32:35 +0800] "GET /xingrg/javascript/jquery_tools/table.css HTTP/1.1" 304 -
101.83.145.37 - - [12/Aug/2023:08:32:35 +0800] "GET /xingrg/javascript/jquery_tools/jquery.tools.min.js HTTP/1.1" 304 -
101.83.145.37 - - [12/Aug/2023:08:32:35 +0800] "GET /xingrg/javascript/jquery_tools/jquery.tools.extend.js HTTP/1.1" 304 -
101.83.145.37 - - [12/Aug/2023:08:32:35 +0800] "GET /xingrg/javascript/jquery_tools/jquery.tools.hotkey.js HTTP/1.1" 304 -
101.83.145.37 - - [12/Aug/2023:08:32:35 +0800] "GET /xingrg/javascript/jquery_tools/jquery.tools.table.js HTTP/1.1" 304 -
101.83.145.37 - - [12/Aug/2023:08:32:35 +0800] "GET /xingrg/javascript/jquery_tools/list_manager.js HTTP/1.1" 304 -
101.83.145.37 - - [12/Aug/2023:08:32:35 +0800] "GET /xingrg/javascript/auto/jquery.autocomplete.js HTTP/1.1" 304 -
101.83.145.37 - - [12/Aug/2023:08:32:35 +0800] "GET /xingrg/javascript/easyui/easyloader.js HTTP/1.1" 304 -
101.83.145.37 - - [12/Aug/2023:08:32:35 +0800] "GET /xingrg/javascript/jquery.cookie.js HTTP/1.1" 304 -
101.83.145.37 - - [12/Aug/2023:08:32:35 +0800] "GET /xingrg/javascript/print/LodopFuncs.js HTTP/1.1" 304 -
101.83.145.37 - - [12/Aug/2023:08:32:36 +0800] "GET /xingrg/javascript/easyui/themes/icons/edit_add_new.png HTTP/1.1" 304 -
101.83.145.37 - - [12/Aug/2023:08:32:36 +0800] "GET /xingrg/javascript/easyui/themes/icons/cance_new.png HTTP/1.1" 304 -
101.83.145.37 - - [12/Aug/2023:08:32:36 +0800] "GET /xingrg/javascript/easyui/themes/icons/check_new.png HTTP/1.1" 304 -
101.83.145.37 - - [12/Aug/2023:08:32:36 +0800] "GET /xingrg/javascript/easyui/themes/icons/field_new.png HTTP/1.1" 304 -
101.83.145.37 - - [12/Aug/2023:08:32:36 +0800] "GET /xingrg/javascript/easyui/themes/icons/import_new.png HTTP/1.1" 304 -
101.83.145.37 - - [12/Aug/2023:08:32:36 +0800] "GET /xingrg/javascript/easyui/plugins/jquery.parser.js HTTP/1.1" 304 -
101.83.145.37 - - [12/Aug/2023:08:32:36 +0800] "GET /xingrg/images/control/ajaxLoader.gif HTTP/1.1" 304 -
124.77.244.83 - - [12/Aug/2023:08:32:39 +0800] "GET /xingrg/kc/buy/cgsh_order_operate.html?command=get_materiel&rest_code=00146&code=00101008321&supplier_code=00100005&order_time=2023-08-12 HTTP/1.1" 200 412
101.83.145.37 - - [12/Aug/2023:08:32:39 +0800] "POST /xingrg/kc/buy/cgsh_list_operate.html HTTP/1.1" 200 986
116.238.191.126 - - [12/Aug/2023:08:32:47 +0800] "GET /xingrg/all/function/internal_message.html?_=1691800278719&CODE_STATE=getMsg HTTP/1.1" 302 -
101.83.145.37 - - [12/Aug/2023:08:32:50 +0800] "GET /xingrg/javascript/auto/indicator.gif HTTP/1.1" 404 1066
124.77.244.83 - - [12/Aug/2023:08:33:06 +0800] "GET /xingrg/kc/buy/cgsh_order_operate.html?command=get_materiel&rest_code=00146&code=00101008072&supplier_code=00100005&order_time=2023-08-12 HTTP/1.1" 200 408
101.83.145.37 - - [12/Aug/2023:08:33:10 +0800] "POST /xingrg/kc/buy/cgsh_list_operate.html HTTP/1.1" 200 5899
101.83.145.37 - - [12/Aug/2023:08:33:14 +0800] "POST /xingrg/kc/buy/cgsh_list_operate.html HTTP/1.1" 200 571
101.83.145.37 - - [12/Aug/2023:08:33:17 +0800] "GET /xingrg/javascript/jquery_easy_ui/themes/default/images/tabs_active.png HTTP/1.1" 304 -
101.83.145.37 - - [12/Aug/2023:08:33:17 +0800] "GET /xingrg/kc/buy/cgsh_order_info.html?code=212023080100019 HTTP/1.1" 200 66850
101.83.145.37 - - [12/Aug/2023:08:33:17 +0800] "GET /xingrg/javascript/pic_change.js HTTP/1.1" 304 -
101.83.145.37 - - [12/Aug/2023:08:33:17 +0800] "GET /xingrg/javascript/jquery_tools/order_manager.js HTTP/1.1" 304 -
101.83.145.37 - - [12/Aug/2023:08:33:17 +0800] "GET /xingrg/javascript/convert.js HTTP/1.1" 304 -
101.83.145.37 - - [12/Aug/2023:08:33:17 +0800] "GET /xingrg/javascript/json2.js HTTP/1.1" 304 -
101.83.145.37 - - [12/Aug/2023:08:33:17 +0800] "GET /xingrg/javascript/print/kc_print.js HTTP/1.1" 304 -
101.83.145.37 - - [12/Aug/2023:08:33:18 +0800] "GET /xingrg/words/20230811145454_words.js HTTP/1.1" 200 979335
101.83.145.37 - - [12/Aug/2023:08:33:18 +0800] "GET /xingrg/javascript/easyui/themes/icons/copy_new.png HTTP/1.1" 304 -
101.83.145.37 - - [12/Aug/2023:08:33:18 +0800] "GET /xingrg/javascript/easyui/themes/icons/print.png HTTP/1.1" 304 -
101.83.145.37 - - [12/Aug/2023:08:33:18 +0800] "GET /xingrg/javascript/easyui/themes/default/images/menu_downarrow.png HTTP/1.1" 304 -
101.83.145.37 - - [12/Aug/2023:08:33:18 +0800] "GET /xingrg/javascript/easyui/themes/icons/cancel.png HTTP/1.1" 304 -
101.83.145.37 - - [12/Aug/2023:08:33:18 +0800] "GET /xingrg/javascript/easyui/themes/default/validatebox.css HTTP/1.1" 404 1104
101.83.145.37 - - [12/Aug/2023:08:33:18 +0800] "GET /xingrg/javascript/easyui/plugins/jquery.validatebox.js HTTP/1.1" 304 -
101.83.145.37 - - [12/Aug/2023:08:33:18 +0800] "GET /xingrg/javascript/easyui/plugins/jquery.numberbox.js HTTP/1.1" 304 -
101.83.145.37 - - [12/Aug/2023:08:33:20 +0800] "POST /xingrg/kc/buy/cgsh_order_operate.html HTTP/1.1" 200 4150
101.83.145.37 - - [12/Aug/2023:08:33:21 +0800] "GET /xingrg/javascript/easyui/themes/icons/edit_remove.png HTTP/1.1" 304 -
116.232.195.127 - - [12/Aug/2023:08:33:24 +0800] "GET /xingrg/all/function/internal_message.html?_=1691800337912&CODE_STATE=getMsg HTTP/1.1" 302 -
124.77.244.83 - - [12/Aug/2023:08:33:25 +0800] "GET /xingrg/all/function/internal_message.html?_=1691800405517&CODE_STATE=getMsg HTTP/1.1" 200 27
124.78.70.128 - - [12/Aug/2023:08:33:26 +0800] "GET /xingrg/all/function/internal_message.html?_=1691799872865&CODE_STATE=getMsg HTTP/1.1" 302 -
101.83.145.37 - - [12/Aug/2023:08:33:26 +0800] "GET /xingrg/all/function/internal_message.html?_=1691800407626&CODE_STATE=getMsg HTTP/1.1" 200 27
101.83.145.37 - - [12/Aug/2023:08:33:28 +0800] "GET /xingrg/kc/buy/cgsh_order_list.html HTTP/1.1" 200 56077
101.83.145.37 - - [12/Aug/2023:08:33:31 +0800] "POST /xingrg/kc/buy/cgsh_list_operate.html HTTP/1.1" 200 986
180.152.241.196 - - [12/Aug/2023:08:33:32 +0800] "GET /xingrg/all/function/internal_message.html?_=1691800413103&CODE_STATE=getMsg HTTP/1.1" 302 -
124.77.244.83 - - [12/Aug/2023:08:33:39 +0800] "GET /xingrg/kc/buy/cgsh_order_operate.html?command=get_materiel&rest_code=00146&code=00101008132&supplier_code=00100005&order_time=2023-08-12 HTTP/1.1" 200 408
101.83.145.37 - - [12/Aug/2023:08:33:46 +0800] "GET /xingrg/javascript/easyui/themes/default/images/button_plain_hover.png HTTP/1.1" 304 -
116.238.191.126 - - [12/Aug/2023:08:33:47 +0800] "GET /xingrg/all/function/internal_message.html?_=1691800338724&CODE_STATE=getMsg HTTP/1.1" 302 -
101.83.145.37 - - [12/Aug/2023:08:33:48 +0800] "GET /xingrg/kc/buy/cgsh_order_add.html HTTP/1.1" 200 71941
101.83.145.37 - - [12/Aug/2023:08:33:48 +0800] "GET /xingrg/javascript/easyui/themes/icons/ok.png HTTP/1.1" 304 -
101.83.145.37 - - [12/Aug/2023:08:33:48 +0800] "GET /xingrg/javascript/easyui/themes/icons/template_new.png HTTP/1.1" 304 -
101.83.145.37 - - [12/Aug/2023:08:33:48 +0800] "POST /xingrg/kc/buy/cgsh_order_operate.html HTTP/1.1" 200 8245
101.83.145.37 - - [12/Aug/2023:08:33:48 +0800] "GET /xingrg/javascript/easyui/themes/default/validatebox.css HTTP/1.1" 404 1104
101.83.145.37 - - [12/Aug/2023:08:33:48 +0800] "GET /xingrg/all/common/auto_word.html?type=employee&rest_code=00105 HTTP/1.1" 200 193
101.83.145.37 - - [12/Aug/2023:08:33:48 +0800] "GET /xingrg/all/common/auto_word.html?type=employee&rest_code=00105 HTTP/1.1" 200 193
101.83.145.37 - - [12/Aug/2023:08:33:51 +0800] "GET /xingrg/javascript/auto/indicator.gif HTTP/1.1" 404 1066
124.77.244.83 - - [12/Aug/2023:08:34:00 +0800] "GET /xingrg/kc/buy/cgsh_order_operate.html?command=get_materiel&rest_code=00146&code=00101008244&supplier_code=00100005&order_time=2023-08-12 HTTP/1.1" 200 408
101.83.145.37 - - [12/Aug/2023:08:34:10 +0800] "GET /xingrg/kc/buy/cgsh_order_operate.html?command=get_materiel&rest_code=00105&code=00101009001&supplier_code=00100024&order_time=2023-08-12 HTTP/1.1" 200 416
116.232.195.127 - - [12/Aug/2023:08:34:24 +0800] "GET /xingrg/all/function/internal_message.html?_=1691800397896&CODE_STATE=getMsg HTTP/1.1" 302 -
124.77.244.83 - - [12/Aug/2023:08:34:25 +0800] "GET /xingrg/all/function/internal_message.html?_=1691800465532&CODE_STATE=getMsg HTTP/1.1" 200 27
124.78.70.128 - - [12/Aug/2023:08:34:26 +0800] "GET /xingrg/all/function/internal_message.html?_=1691799932863&CODE_STATE=getMsg HTTP/1.1" 302 -
124.78.70.128 - - [12/Aug/2023:08:34:26 +0800] "GET /xingrg/check_reg.html?_=1691799932865 HTTP/1.1" 302 -
101.83.145.37 - - [12/Aug/2023:08:34:26 +0800] "GET /xingrg/all/function/internal_message.html?_=1691800467620&CODE_STATE=getMsg HTTP/1.1" 200 27
180.152.241.196 - - [12/Aug/2023:08:34:32 +0800] "GET /xingrg/all/function/internal_message.html?_=1691800473082&CODE_STATE=getMsg HTTP/1.1" 302 -
101.83.145.37 - - [12/Aug/2023:08:34:35 +0800] "GET /xingrg/kc/buy/cgsh_order_operate.html?command=get_materiel&rest_code=00105&code=00101009109&supplier_code=00100024&order_time=2023-08-12 HTTP/1.1" 200 413
124.77.244.83 - - [12/Aug/2023:08:34:36 +0800] "GET /xingrg/kc/buy/cgsh_order_operate.html?command=get_materiel&rest_code=00146&code=00101008112&supplier_code=00100005&order_time=2023-08-12 HTTP/1.1" 200 412
116.232.195.127 - - [12/Aug/2023:08:34:38 +0800] "GET /xingrg/check_reg.html?_=1691800411759 HTTP/1.1" 302 -
116.238.191.126 - - [12/Aug/2023:08:34:47 +0800] "GET /xingrg/all/function/internal_message.html?_=1691800398776&CODE_STATE=getMsg HTTP/1.1" 302 -
180.157.253.115 - - [12/Aug/2023:08:34:50 +0800] "POST /xingrg/services/DataTransmitService HTTP/1.1" 200 524
116.238.191.126 - - [12/Aug/2023:08:34:54 +0800] "POST /xingrg/kc/buy/cgsh_list_operate.html HTTP/1.1" 302 -
116.238.191.126 - - [12/Aug/2023:08:34:54 +0800] "GET /xingrg/images/blue/login_bg.png HTTP/1.1" 304 -
116.238.191.126 - - [12/Aug/2023:08:34:54 +0800] "GET /xingrg/images/blue/hj.png HTTP/1.1" 304 -
116.238.191.126 - - [12/Aug/2023:08:34:54 +0800] "GET /xingrg/images/blue/srbg.png HTTP/1.1" 304 -
116.238.191.126 - - [12/Aug/2023:08:35:07 +0800] "GET /xingrg/login.html HTTP/1.1" 200 7641
116.238.191.126 - - [12/Aug/2023:08:35:07 +0800] "GET /xingrg/images/blue/jxLogo.png HTTP/1.1" 304 -
116.238.191.126 - - [12/Aug/2023:08:35:07 +0800] "GET /xingrg/images/blue/login_bg.png HTTP/1.1" 304 -
116.238.191.126 - - [12/Aug/2023:08:35:07 +0800] "GET /xingrg/images/blue/hj.png HTTP/1.1" 304 -
116.238.191.126 - - [12/Aug/2023:08:35:07 +0800] "GET /xingrg/images/blue/srbg.png HTTP/1.1" 304 -
116.238.191.126 - - [12/Aug/2023:08:35:07 +0800] "GET /favicon.ico HTTP/1.1" 404 -
116.238.191.126 - - [12/Aug/2023:08:35:10 +0800] "POST /xingrg/login.do HTTP/1.1" 302 -
116.238.191.126 - - [12/Aug/2023:08:35:10 +0800] "GET /xingrg/index.html?sysBaseUrl=http%3A%2F%2F180.169.147.146%3A18081%2Fxingrg%2F&costTime=997×tamp=1691800510010 HTTP/1.1" 200 17179
116.238.191.126 - - [12/Aug/2023:08:35:10 +0800] "GET /xingrg/javascript/jquery_easy_ui/themes/default/easyui.css HTTP/1.1" 304 -
116.238.191.126 - - [12/Aug/2023:08:35:10 +0800] "GET /xingrg/javascript/jquery_easy_ui/themes/icon.css HTTP/1.1" 304 -
116.238.191.126 - - [12/Aug/2023:08:35:10 +0800] "GET /xingrg/css/form.css HTTP/1.1" 304 -
116.238.191.126 - - [12/Aug/2023:08:35:10 +0800] "GET /xingrg/javascript/jquery_easy_ui/jquery.easyui.min.js HTTP/1.1" 304 -
116.238.191.126 - - [12/Aug/2023:08:35:10 +0800] "GET /xingrg/javascript/jquery_easy_ui/easyui-lang-zh_CN.js HTTP/1.1" 304 -
116.238.191.126 - - [12/Aug/2023:08:35:10 +0800] "GET /xingrg/javascript/jquery.timers.js HTTP/1.1" 304 -
116.238.191.126 - - [12/Aug/2023:08:35:10 +0800] "GET /xingrg/javascript/jquery-1.4.2.min.js HTTP/1.1" 304 -
116.238.191.126 - - [12/Aug/2023:08:35:10 +0800] "GET /xingrg/javascript/jquery.form.js HTTP/1.1" 304 -
116.238.191.126 - - [12/Aug/2023:08:35:10 +0800] "GET /xingrg/javascript/jquery.utils.js HTTP/1.1" 304 -
116.238.191.126 - - [12/Aug/2023:08:35:10 +0800] "GET /favicon.ico HTTP/1.1" 404 -
116.238.191.126 - - [12/Aug/2023:08:35:10 +0800] "GET /xingrg/images/blue/navBackgound.jpg HTTP/1.1" 304 -
116.238.191.126 - - [12/Aug/2023:08:35:10 +0800] "GET /xingrg/javascript/jquery_easy_ui/themes/icons/settle_new.png HTTP/1.1" 304 -
116.238.191.126 - - [12/Aug/2023:08:35:10 +0800] "GET /xingrg/images/blue/pingpu.png HTTP/1.1" 304 -
116.238.191.126 - - [12/Aug/2023:08:35:10 +0800] "GET /xingrg/javascript/jquery_easy_ui/themes/default/images/tabs_leftarrow.png HTTP/1.1" 304 -
116.238.191.126 - - [12/Aug/2023:08:35:10 +0800] "GET /xingrg/javascript/jquery_easy_ui/themes/default/images/tabs_rightarrow.png HTTP/1.1" 304 -
116.238.191.126 - - [12/Aug/2023:08:35:10 +0800] "GET /xingrg/javascript/jquery_easy_ui/themes/default/images/panel_tool_collapse.gif HTTP/1.1" 304 -
116.238.191.126 - - [12/Aug/2023:08:35:10 +0800] "POST /xingrg/all/common/load_tree.html?tree=area_rest_tree_json&manage=1 HTTP/1.1" 200 476
116.238.191.126 - - [12/Aug/2023:08:35:10 +0800] "GET /xingrg/check_reg.html?_=1691800421882 HTTP/1.1" 200 22
116.238.191.126 - - [12/Aug/2023:08:35:10 +0800] "GET /xingrg/all/function/internal_message.html?_=1691800421881&CODE_STATE=count HTTP/1.1" 200 11
116.238.191.126 - - [12/Aug/2023:08:35:10 +0800] "GET /xingrg/javascript/jquery_easy_ui/themes/default/images/tree_arrows.gif HTTP/1.1" 304 -
116.238.191.126 - - [12/Aug/2023:08:35:10 +0800] "POST /xingrg/load_menu.html HTTP/1.1" 200 5138
116.238.191.126 - - [12/Aug/2023:08:35:11 +0800] "GET /xingrg/javascript/jquery_easy_ui/themes/icons/search_new.png HTTP/1.1" 304 -
116.238.191.126 - - [12/Aug/2023:08:35:11 +0800] "GET /xingrg/javascript/jquery_easy_ui/themes/default/images/tree_folder_open.gif HTTP/1.1" 304 -
116.238.191.126 - - [12/Aug/2023:08:35:11 +0800] "GET /xingrg/javascript/jquery_easy_ui/themes/default/images/tree_folder.gif HTTP/1.1" 304 -
116.238.191.126 - - [12/Aug/2023:08:35:11 +0800] "GET /xingrg/javascript/jquery_easy_ui/themes/icons/storage_new.png HTTP/1.1" 304 -
116.238.191.126 - - [12/Aug/2023:08:35:11 +0800] "GET /xingrg/javascript/jquery_easy_ui/themes/icons/forms_new.png HTTP/1.1" 304 -
116.238.191.126 - - [12/Aug/2023:08:35:11 +0800] "GET /xingrg/javascript/jquery_easy_ui/themes/default/images/tree_file.gif HTTP/1.1" 304 -
124.77.244.83 - - [12/Aug/2023:08:35:13 +0800] "GET /xingrg/check_reg.html?_=1691800513706 HTTP/1.1" 200 22
116.238.191.126 - - [12/Aug/2023:08:35:16 +0800] "GET /xingrg/javascript/jquery_easy_ui/themes/default/images/tabs_close.gif HTTP/1.1" 304 -
116.238.191.126 - - [12/Aug/2023:08:35:16 +0800] "GET /xingrg/css/base.css HTTP/1.1" 304 -
116.238.191.126 - - [12/Aug/2023:08:35:16 +0800] "GET /xingrg/javascript/jquery_tools/jquery.tools.extend.js HTTP/1.1" 304 -
116.238.191.126 - - [12/Aug/2023:08:35:16 +0800] "GET /xingrg/css/site.css HTTP/1.1" 304 -
116.238.191.126 - - [12/Aug/2023:08:35:16 +0800] "GET /xingrg/javascript/easyui/themes/default/easyui.css HTTP/1.1" 304 -
116.238.191.126 - - [12/Aug/2023:08:35:16 +0800] "GET /xingrg/javascript/jquery_tools/table.css HTTP/1.1" 304 -
116.238.191.126 - - [12/Aug/2023:08:35:16 +0800] "GET /xingrg/javascript/jquery_tools/jquery.tools.min.js HTTP/1.1" 304 -
116.238.191.126 - - [12/Aug/2023:08:35:16 +0800] "GET /xingrg/javascript/jquery_tools/datebox.css HTTP/1.1" 304 -
116.238.191.126 - - [12/Aug/2023:08:35:16 +0800] "GET /xingrg/javascript/auto/jquery.autocomplete.css HTTP/1.1" 304 -
116.238.191.126 - - [12/Aug/2023:08:35:16 +0800] "GET /xingrg/javascript/easyui/themes/icon.css HTTP/1.1" 304 -
116.238.191.126 - - [12/Aug/2023:08:35:16 +0800] "GET /xingrg/javascript/jquery_tools/fix.css HTTP/1.1" 304 -
116.238.191.126 - - [12/Aug/2023:08:35:16 +0800] "GET /xingrg/kc/buy/cgsh_order_list.html HTTP/1.1" 200 56083
116.238.191.126 - - [12/Aug/2023:08:35:16 +0800] "GET /xingrg/javascript/jquery_tools/jquery.tools.hotkey.js HTTP/1.1" 304 -
116.238.191.126 - - [12/Aug/2023:08:35:16 +0800] "GET /xingrg/javascript/jquery_tools/list_manager.js HTTP/1.1" 304 -
116.238.191.126 - - [12/Aug/2023:08:35:16 +0800] "GET /xingrg/javascript/jquery.cookie.js HTTP/1.1" 304 -
116.238.191.126 - - [12/Aug/2023:08:35:16 +0800] "GET /xingrg/javascript/jquery_tools/jquery.tools.table.js HTTP/1.1" 304 -
116.238.191.126 - - [12/Aug/2023:08:35:16 +0800] "GET /xingrg/javascript/auto/jquery.autocomplete.js HTTP/1.1" 304 -
116.238.191.126 - - [12/Aug/2023:08:35:17 +0800] "GET /xingrg/javascript/easyui/easyloader.js HTTP/1.1" 304 -
116.238.191.126 - - [12/Aug/2023:08:35:17 +0800] "GET /xingrg/javascript/print/LodopFuncs.js HTTP/1.1" 304 -
116.238.191.126 - - [12/Aug/2023:08:35:17 +0800] "GET /xingrg/javascript/easyui/themes/icons/edit_add_new.png HTTP/1.1" 304 -
116.238.191.126 - - [12/Aug/2023:08:35:17 +0800] "GET /xingrg/javascript/easyui/themes/icons/cance_new.png HTTP/1.1" 304 -
116.238.191.126 - - [12/Aug/2023:08:35:17 +0800] "GET /xingrg/javascript/easyui/themes/icons/check_new.png HTTP/1.1" 304 -
116.238.191.126 - - [12/Aug/2023:08:35:17 +0800] "GET /xingrg/javascript/easyui/themes/icons/field_new.png HTTP/1.1" 304 -
116.238.191.126 - - [12/Aug/2023:08:35:17 +0800] "GET /xingrg/javascript/easyui/themes/icons/import_new.png HTTP/1.1" 304 -
116.238.191.126 - - [12/Aug/2023:08:35:17 +0800] "GET /xingrg/javascript/easyui/plugins/jquery.parser.js HTTP/1.1" 304 -
116.238.191.126 - - [12/Aug/2023:08:35:17 +0800] "GET /xingrg/images/control/ajaxLoader.gif HTTP/1.1" 304 -
116.238.191.126 - - [12/Aug/2023:08:35:20 +0800] "POST /xingrg/kc/buy/cgsh_list_operate.html HTTP/1.1" 200 986
101.83.145.37 - - [12/Aug/2023:08:35:23 +0800] "GET /xingrg/kc/buy/cgsh_order_operate.html?command=get_materiel&rest_code=00105&code=00101009062&supplier_code=00100024&order_time=2023-08-12 HTTP/1.1" 200 412
116.232.195.127 - - [12/Aug/2023:08:35:24 +0800] "GET /xingrg/all/function/internal_message.html?_=1691800457880&CODE_STATE=getMsg HTTP/1.1" 302 -
124.77.244.83 - - [12/Aug/2023:08:35:25 +0800] "GET /xingrg/all/function/internal_message.html?_=1691800525545&CODE_STATE=getMsg HTTP/1.1" 200 27
116.238.191.126 - - [12/Aug/2023:08:35:26 +0800] "GET /xingrg/javascript/easyui/themes/default/images/button_plain_hover.png HTTP/1.1" 304 -
116.238.191.126 - - [12/Aug/2023:08:35:26 +0800] "GET /xingrg/javascript/easyui/themes/default/images/button_plain_hover.png HTTP/1.1" 304 -
124.78.70.128 - - [12/Aug/2023:08:35:26 +0800] "GET /xingrg/all/function/internal_message.html?_=1691799992863&CODE_STATE=getMsg HTTP/1.1" 302 -
101.83.145.37 - - [12/Aug/2023:08:35:26 +0800] "GET /xingrg/all/function/internal_message.html?_=1691800527646&CODE_STATE=getMsg HTTP/1.1" 200 27
116.238.191.126 - - [12/Aug/2023:08:35:28 +0800] "GET /xingrg/kc/buy/cgsh_order_add.html HTTP/1.1" 200 71915
116.238.191.126 - - [12/Aug/2023:08:35:28 +0800] "GET /xingrg/javascript/convert.js HTTP/1.1" 304 -
116.238.191.126 - - [12/Aug/2023:08:35:28 +0800] "GET /xingrg/javascript/pic_change.js HTTP/1.1" 304 -
116.238.191.126 - - [12/Aug/2023:08:35:28 +0800] "GET /xingrg/javascript/jquery_tools/order_manager.js HTTP/1.1" 304 -
116.238.191.126 - - [12/Aug/2023:08:35:28 +0800] "GET /xingrg/javascript/json2.js HTTP/1.1" 304 -
116.238.191.126 - - [12/Aug/2023:08:35:28 +0800] "GET /xingrg/javascript/print/kc_print.js HTTP/1.1" 304 -
116.238.191.126 - - [12/Aug/2023:08:35:28 +0800] "GET /xingrg/words/20230811145454_words.js HTTP/1.1" 304 -
116.238.191.126 - - [12/Aug/2023:08:35:29 +0800] "GET /xingrg/javascript/easyui/themes/icons/copy_new.png HTTP/1.1" 304 -
116.238.191.126 - - [12/Aug/2023:08:35:29 +0800] "GET /xingrg/javascript/easyui/themes/icons/ok.png HTTP/1.1" 304 -
116.238.191.126 - - [12/Aug/2023:08:35:29 +0800] "GET /xingrg/javascript/easyui/themes/icons/template_new.png HTTP/1.1" 304 -
116.238.191.126 - - [12/Aug/2023:08:35:29 +0800] "GET /xingrg/javascript/easyui/themes/icons/print.png HTTP/1.1" 304 -
116.238.191.126 - - [12/Aug/2023:08:35:29 +0800] "GET /xingrg/javascript/easyui/themes/default/images/menu_downarrow.png HTTP/1.1" 304 -
116.238.191.126 - - [12/Aug/2023:08:35:29 +0800] "GET /xingrg/javascript/easyui/themes/icons/cancel.png HTTP/1.1" 304 -
116.238.191.126 - - [12/Aug/2023:08:35:29 +0800] "POST /xingrg/kc/buy/cgsh_order_operate.html HTTP/1.1" 200 8245
116.238.191.126 - - [12/Aug/2023:08:35:29 +0800] "GET /xingrg/javascript/easyui/themes/icons/edit_remove.png HTTP/1.1" 304 -
116.238.191.126 - - [12/Aug/2023:08:35:29 +0800] "GET /xingrg/javascript/easyui/plugins/jquery.validatebox.js HTTP/1.1" 304 -
116.238.191.126 - - [12/Aug/2023:08:35:29 +0800] "GET /xingrg/javascript/easyui/themes/default/validatebox.css HTTP/1.1" 404 1104
116.238.191.126 - - [12/Aug/2023:08:35:29 +0800] "GET /xingrg/javascript/easyui/plugins/jquery.numberbox.js HTTP/1.1" 304 -
116.238.191.126 - - [12/Aug/2023:08:35:29 +0800] "GET /xingrg/all/common/auto_word.html?type=employee&rest_code=00150 HTTP/1.1" 200 159
116.238.191.126 - - [12/Aug/2023:08:35:29 +0800] "GET /xingrg/all/common/auto_word.html?type=employee&rest_code=00150 HTTP/1.1" 200 159
116.238.191.126 - - [12/Aug/2023:08:35:31 +0800] "GET /xingrg/javascript/auto/indicator.gif HTTP/1.1" 404 1066
180.152.241.196 - - [12/Aug/2023:08:35:32 +0800] "GET /xingrg/all/function/internal_message.html?_=1691800533057&CODE_STATE=getMsg HTTP/1.1" 302 -
180.152.241.196 - - [12/Aug/2023:08:35:32 +0800] "GET /xingrg/check_reg.html?_=1691800533168 HTTP/1.1" 302 -
101.83.145.37 - - [12/Aug/2023:08:35:43 +0800] "POST /xingrg/services/DataTransmitService HTTP/1.1" 200 524
124.78.155.92 - - [12/Aug/2023:08:35:44 +0800] "POST /xingrg/services/DataTransmitService HTTP/1.1" 200 524
116.238.191.126 - - [12/Aug/2023:08:35:47 +0800] "GET /xingrg/kc/buy/cgsh_order_operate.html?command=get_materiel&rest_code=00150&code=00101008323&supplier_code=00100008&order_time=2023-08-12 HTTP/1.1" 200 408
101.83.145.37 - - [12/Aug/2023:08:35:50 +0800] "GET /xingrg/kc/buy/cgsh_order_operate.html?command=get_materiel&rest_code=00105&code=00101009124&supplier_code=00100024&order_time=2023-08-12 HTTP/1.1" 200 416
124.77.244.83 - - [12/Aug/2023:08:35:54 +0800] "POST /xingrg/services/DataTransmitService HTTP/1.1" 200 524
124.77.244.83 - - [12/Aug/2023:08:35:55 +0800] "POST /xingrg/services/DataTransmitService HTTP/1.1" 200 412
124.77.244.83 - - [12/Aug/2023:08:36:05 +0800] "GET /xingrg/kc/buy/cgsh_order_operate.html?command=get_materiel&rest_code=00146&code=00101008354&supplier_code=00100005&order_time=2023-08-12 HTTP/1.1" 200 412
116.238.191.126 - - [12/Aug/2023:08:36:06 +0800] "GET /xingrg/kc/buy/cgsh_order_operate.html?command=get_materiel&rest_code=00150&code=00101008175&supplier_code=00100008&order_time=2023-08-12 HTTP/1.1" 200 412
116.238.191.126 - - [12/Aug/2023:08:36:10 +0800] "GET /xingrg/all/function/internal_message.html?_=1691800481887&CODE_STATE=getMsg HTTP/1.1" 200 27
101.83.145.37 - - [12/Aug/2023:08:36:17 +0800] "GET /xingrg/kc/buy/cgsh_order_operate.html?command=get_materiel&rest_code=00105&code=00101009021&supplier_code=00100024&order_time=2023-08-12 HTTP/1.1" 200 417
116.232.195.127 - - [12/Aug/2023:08:36:24 +0800] "GET /xingrg/all/function/internal_message.html?_=1691800517852&CODE_STATE=getMsg HTTP/1.1" 302 -
180.152.241.196 - - [12/Aug/2023:08:36:25 +0800] "POST /xingrg/services/DataTransmitService HTTP/1.1" 200 524
116.238.191.126 - - [12/Aug/2023:08:36:25 +0800] "GET /xingrg/kc/buy/cgsh_order_operate.html?command=get_materiel&rest_code=00150&code=00101008176&supplier_code=00100008&order_time=2023-08-12 HTTP/1.1" 200 412
124.77.244.83 - - [12/Aug/2023:08:36:25 +0800] "GET /xingrg/all/function/internal_message.html?_=1691800585559&CODE_STATE=getMsg HTTP/1.1" 200 27
124.78.70.128 - - [12/Aug/2023:08:36:26 +0800] "GET /xingrg/all/function/internal_message.html?_=1691800052863&CODE_STATE=getMsg HTTP/1.1" 302 -
101.83.145.37 - - [12/Aug/2023:08:36:26 +0800] "GET /xingrg/check_reg.html?_=1691800587647 HTTP/1.1" 200 22
101.83.145.37 - - [12/Aug/2023:08:36:26 +0800] "GET /xingrg/all/function/internal_message.html?_=1691800587649&CODE_STATE=getMsg HTTP/1.1" 200 27
180.152.241.196 - - [12/Aug/2023:08:36:32 +0800] "GET /xingrg/all/function/internal_message.html?_=1691800593041&CODE_STATE=getMsg HTTP/1.1" 302 -
101.83.145.37 - - [12/Aug/2023:08:36:33 +0800] "GET /xingrg/kc/buy/cgsh_order_operate.html?command=get_materiel&rest_code=00105&code=00101009011&supplier_code=00100024&order_time=2023-08-12 HTTP/1.1" 200 416
116.238.191.126 - - [12/Aug/2023:08:36:38 +0800] "GET /xingrg/kc/buy/cgsh_order_operate.html?command=get_materiel&rest_code=00150&code=00101008261&supplier_code=00100008&order_time=2023-08-12 HTTP/1.1" 200 408
101.83.145.37 - - [12/Aug/2023:08:36:48 +0800] "GET /xingrg/kc/buy/cgsh_order_operate.html?command=get_materiel&rest_code=00105&code=00101009015&supplier_code=00100024&order_time=2023-08-12 HTTP/1.1" 200 416
116.238.191.126 - - [12/Aug/2023:08:36:53 +0800] "GET /xingrg/kc/buy/cgsh_order_operate.html?command=get_materiel&rest_code=00150&code=00101008132&supplier_code=00100008&order_time=2023-08-12 HTTP/1.1" 200 408
101.83.145.37 - - [12/Aug/2023:08:37:03 +0800] "GET /xingrg/kc/buy/cgsh_order_operate.html?command=get_materiel&rest_code=00105&code=00101009113&supplier_code=00100024&order_time=2023-08-12 HTTP/1.1" 200 412
116.238.191.126 - - [12/Aug/2023:08:37:10 +0800] "GET /xingrg/kc/buy/cgsh_order_operate.html?command=get_materiel&rest_code=00150&code=00101008257&supplier_code=00100008&order_time=2023-08-12 HTTP/1.1" 200 416
116.238.191.126 - - [12/Aug/2023:08:37:10 +0800] "GET /xingrg/all/function/internal_message.html?_=1691800541900&CODE_STATE=getMsg HTTP/1.1" 200 27
124.77.244.83 - - [12/Aug/2023:08:37:17 +0800] "GET /xingrg/kc/buy/cgsh_order_operate.html?command=get_materiel&rest_code=00146&code=00101008351&supplier_code=00100005&order_time=2023-08-12 HTTP/1.1" 200 408
116.232.195.127 - - [12/Aug/2023:08:37:24 +0800] "GET /xingrg/all/function/internal_message.html?_=1691800577845&CODE_STATE=getMsg HTTP/1.1" 302 -
116.238.191.126 - - [12/Aug/2023:08:37:25 +0800] "GET /xingrg/kc/buy/cgsh_order_operate.html?command=get_materiel&rest_code=00150&code=00101008331&supplier_code=00100008&order_time=2023-08-12 HTTP/1.1" 200 416
124.77.244.83 - - [12/Aug/2023:08:37:25 +0800] "GET /xingrg/all/function/internal_message.html?_=1691800645572&CODE_STATE=getMsg HTTP/1.1" 200 27
124.78.70.128 - - [12/Aug/2023:08:37:26 +0800] "GET /xingrg/all/function/internal_message.html?_=1691800112862&CODE_STATE=getMsg HTTP/1.1" 302 -
101.83.145.37 - - [12/Aug/2023:08:37:26 +0800] "GET /xingrg/all/function/internal_message.html?_=1691800647628&CODE_STATE=getMsg HTTP/1.1" 200 27
180.152.241.196 - - [12/Aug/2023:08:37:32 +0800] "GET /xingrg/all/function/internal_message.html?_=1691800653014&CODE_STATE=getMsg HTTP/1.1" 302 -
116.238.191.126 - - [12/Aug/2023:08:37:37 +0800] "GET /xingrg/kc/buy/cgsh_order_operate.html?command=get_materiel&rest_code=00150&code=00101008244&supplier_code=00100008&order_time=2023-08-12 HTTP/1.1" 200 408
124.77.244.83 - - [12/Aug/2023:08:37:44 +0800] "GET /xingrg/kc/buy/cgsh_order_operate.html?command=get_materiel&rest_code=00146&code=00101008290&supplier_code=00100005&order_time=2023-08-12 HTTP/1.1" 200 416
116.238.191.126 - - [12/Aug/2023:08:37:47 +0800] "GET /xingrg/kc/buy/cgsh_order_operate.html?command=get_materiel&rest_code=00150&code=00101008185&supplier_code=00100008&order_time=2023-08-12 HTTP/1.1" 200 408
116.232.34.207 - - [12/Aug/2023:08:37:51 +0800] "POST /xingrg/services/DataTransmitService HTTP/1.1" 200 524
116.238.191.126 - - [12/Aug/2023:08:38:02 +0800] "GET /xingrg/kc/buy/cgsh_order_operate.html?command=get_materiel&rest_code=00150&code=00101008612&supplier_code=00100008&order_time=2023-08-12 HTTP/1.1" 200 420
101.83.241.37 - - [12/Aug/2023:08:38:06 +0800] "POST /xingrg/services/DataTransmitService HTTP/1.1" 200 524
116.238.191.126 - - [12/Aug/2023:08:38:10 +0800] "GET /xingrg/all/function/internal_message.html?_=1691800601914&CODE_STATE=getMsg HTTP/1.1" 200 27
124.77.244.83 - - [12/Aug/2023:08:38:11 +0800] "GET /xingrg/kc/buy/cgsh_order_operate.html?command=get_materiel&rest_code=00146&code=00101008361&supplier_code=00100005&order_time=2023-08-12 HTTP/1.1" 200 408
116.238.191.126 - - [12/Aug/2023:08:38:17 +0800] "GET /xingrg/kc/buy/cgsh_order_operate.html?command=get_materiel&rest_code=00150&code=00101008010&supplier_code=00100008&order_time=2023-08-12 HTTP/1.1" 200 412
116.232.195.127 - - [12/Aug/2023:08:38:24 +0800] "GET /xingrg/all/function/internal_message.html?_=1691800637825&CODE_STATE=getMsg HTTP/1.1" 302 -
124.77.244.83 - - [12/Aug/2023:08:38:25 +0800] "GET /xingrg/all/function/internal_message.html?_=1691800705586&CODE_STATE=getMsg HTTP/1.1" 200 27
124.78.70.128 - - [12/Aug/2023:08:38:26 +0800] "GET /xingrg/all/function/internal_message.html?_=1691800172862&CODE_STATE=getMsg HTTP/1.1" 302 -
101.83.145.37 - - [12/Aug/2023:08:38:26 +0800] "GET /xingrg/all/function/internal_message.html?_=1691800707612&CODE_STATE=getMsg HTTP/1.1" 200 27
116.238.191.126 - - [12/Aug/2023:08:38:26 +0800] "GET /xingrg/kc/buy/cgsh_order_operate.html?command=get_materiel&rest_code=00150&code=00101008096&supplier_code=00100008&order_time=2023-08-12 HTTP/1.1" 200 412
124.77.244.83 - - [12/Aug/2023:08:38:30 +0800] "GET /xingrg/kc/buy/cgsh_order_operate.html?command=get_materiel&rest_code=00146&code=00101008264&supplier_code=00100005&order_time=2023-08-12 HTTP/1.1" 200 412
180.152.241.196 - - [12/Aug/2023:08:38:32 +0800] "GET /xingrg/all/function/internal_message.html?_=1691800712995&CODE_STATE=getMsg HTTP/1.1" 302 -
124.77.244.83 - - [12/Aug/2023:08:38:50 +0800] "POST /xingrg/kc/buy/cgsh_order_operate.html HTTP/1.1" 200 37
116.238.191.126 - - [12/Aug/2023:08:38:55 +0800] "GET /xingrg/kc/buy/cgsh_order_operate.html?command=get_materiel&rest_code=00150&code=00101008221&supplier_code=00100008&order_time=2023-08-12 HTTP/1.1" 200 412
124.77.244.83 - - [12/Aug/2023:08:38:57 +0800] "POST /xingrg/kc/buy/cgsh_order_operate.html HTTP/1.1" 200 9767
