116.228.172.122 - - [12/Aug/2023:11:32:56 +0800] "GET /xingrg/kc/buy/cgsh_order_operate.html?command=get_materiel&rest_code=00153&code=00101008234&supplier_code=00100590&order_time=2023-08-08 HTTP/1.1" 200 408
180.169.147.146 - - [12/Aug/2023:11:32:56 +0800] "GET /xingrg/all/report/report_query.html?fileName=kc/buy/gys_amount_base_rest.xml HTTP/1.1" 200 51664
180.169.147.146 - - [12/Aug/2023:11:32:56 +0800] "GET /xingrg/dwr/interface/AjaxReportQueryService.js HTTP/1.1" 200 13203
180.169.147.146 - - [12/Aug/2023:11:32:56 +0800] "GET /xingrg/dwr/util.js HTTP/1.1" 200 35990
180.169.147.146 - - [12/Aug/2023:11:32:56 +0800] "GET /xingrg/dwr/engine.js HTTP/1.1" 200 43631
180.169.147.146 - - [12/Aug/2023:11:32:56 +0800] "POST /xingrg/dwr/call/plaincall/AjaxReportQueryService.getFixDate.dwr HTTP/1.1" 200 111
180.169.147.146 - - [12/Aug/2023:11:32:57 +0800] "POST /xingrg/all/common/load_tree.html?tree=area_rest_tree_json&manage=1 HTTP/1.1" 200 2106
180.169.147.146 - - [12/Aug/2023:11:32:57 +0800] "POST /xingrg/all/common/load_tree.html?tree=supplier_tree_json&manage=1 HTTP/1.1" 200 76958
180.169.147.146 - - [12/Aug/2023:11:33:00 +0800] "POST /xingrg/dwr/call/plaincall/AjaxReportQueryService.getFixDate.dwr HTTP/1.1" 200 111
101.83.145.37 - - [12/Aug/2023:11:33:02 +0800] "GET /xingrg/all/function/internal_message.html?_=1691811183537&CODE_STATE=getMsg HTTP/1.1" 200 27
222.70.180.200 - - [12/Aug/2023:11:33:04 +0800] "GET /xingrg/all/function/internal_message.html?_=1691811185087&CODE_STATE=getMsg HTTP/1.1" 200 27
180.169.147.146 - - [12/Aug/2023:11:33:06 +0800] "POST /xingrg/dwr/call/plaincall/AjaxReportQueryService.refreshCache.dwr HTTP/1.1" 200 78
180.162.109.65 - - [12/Aug/2023:11:33:08 +0800] "GET /xingrg/all/function/internal_message.html?_=1691809902583&CODE_STATE=getMsg HTTP/1.1" 200 27
101.83.145.37 - - [12/Aug/2023:11:33:11 +0800] "GET /xingrg/check_reg.html?_=1691810993548 HTTP/1.1" 200 22
101.83.145.37 - - [12/Aug/2023:11:33:11 +0800] "GET /xingrg/all/function/internal_message.html?_=1691810993552&CODE_STATE=getMsg HTTP/1.1" 200 27
180.169.147.146 - - [12/Aug/2023:11:33:11 +0800] "POST /xingrg/all/report/load_report_page.html HTTP/1.1" 200 142694
180.169.147.146 - - [12/Aug/2023:11:33:11 +0800] "GET /xingrg/servlets/image?cache=0.19671293711402016&image=px HTTP/1.1" 200 807
116.228.172.122 - - [12/Aug/2023:11:33:13 +0800] "GET /xingrg/kc/buy/cgsh_order_operate.html?command=get_materiel&rest_code=00153&code=00101008036&supplier_code=00100590&order_time=2023-08-08 HTTP/1.1" 200 408
116.228.172.122 - - [12/Aug/2023:11:33:14 +0800] "GET /xingrg/all/function/internal_message.html?_=1691811025609&CODE_STATE=getMsg HTTP/1.1" 200 27
124.79.243.110 - - [12/Aug/2023:11:33:15 +0800] "GET /xingrg/all/function/internal_message.html?_=1691811486036&CODE_STATE=getMsg HTTP/1.1" 200 27
124.78.155.92 - - [12/Aug/2023:11:33:18 +0800] "GET /xingrg/all/function/internal_message.html?_=1691811198048&CODE_STATE=getMsg HTTP/1.1" 200 27
124.77.244.83 - - [12/Aug/2023:11:33:19 +0800] "GET /xingrg/all/function/internal_message.html?_=1691811199788&CODE_STATE=getMsg HTTP/1.1" 200 27
124.78.155.92 - - [12/Aug/2023:11:33:23 +0800] "GET /xingrg/kc/buy/buy_main.html HTTP/1.1" 200 12412
124.78.155.92 - - [12/Aug/2023:11:33:24 +0800] "GET /xingrg/css/new_ie.css HTTP/1.1" 404 1036
180.152.241.196 - - [12/Aug/2023:11:33:24 +0800] "GET /xingrg/all/function/internal_message.html?_=1691811204513&CODE_STATE=getMsg HTTP/1.1" 200 27
124.78.155.92 - - [12/Aug/2023:11:33:25 +0800] "GET /xingrg/images/yd/bt.gif HTTP/1.1" 404 1040
180.169.147.146 - - [12/Aug/2023:11:33:25 +0800] "GET /xingrg/all/report/report_query.html?isQuery=1&fileName=kc/buy/wlcg_cate_hz_rest.xml&queryString=(CONVERT(char(10)%2Ca.order_time%2C%20120)%3E%3D'2023-07-01')%20and%20(CONVERT(char(10)%2Ca.order_time%2C%20120)%3C%3D'2023-07-31')%20and%20(a.supplier_code%20in%20('00100076'%2C'00100077'%2C'00100078'%2C'00100079'%2C'00100080'%2C'00100081'%2C'00100238'%2C'00100249'%2C'00100254'%2C'00100255'%2C'00100257'%2C'00100395'%2C'00100444'%2C'00100451'%2C'00100460'%2C'00100478'%2C'00100511'%2C'00100586'))%20and%20(a.supplier_code%3D'00100460')%20and%20(a.data_area%3D'00146')&queryText=%E3%80%90%E9%87%87%E8%B4%AD%E6%97%A5%E6%9C%9F%3A2023-07-01%20%E8%87%B3%202023-07-31%E3%80%91%20%E5%B9%B6%E4%B8%94%20%20%E3%80%90%E4%BE%9B%E5%BA%94%E5%95%86%20%3D%20%E9%A4%90%E5%85%B7%E7%B1%BB%20%5B18%5D%2C%E4%BD%B3%E7%A6%8F%E7%8E%BB%E7%92%83%2C%E9%87%91%E4%BC%98%E9%85%92%E5%BA%97%2C%E9%99%B6%E9%81%93%E9%85%92%E5%BA%97%2C%E5%88%A9%E6%84%9F%E8%B4%B8%E6%98%93%2C%E4%BC%8D%E4%BB%9F%E5%B9%B4%E5%AE%9E%E4%B8%9A%2C%E7%93%B7%E9%9F%B5%E9%85%92%E5%BA%97%EF%BC%88%E9%87%91%E5%92%8C%E7%BE%8E%EF%BC%89%2C%E6%81%92%E9%91%AB%E9%9B%85%E9%85%92%E5%BA%97%E7%94%A8%E5%93%81%2C%E4%B8%8A%E6%B5%B7%E4%BA%94%E8%8A%B1%E9%A9%AC%E9%85%92%E5%BA%97%E7%94%A8%E5%93%81%2C%E4%B8%8A%E6%B5%B7%E7%90%B3%E7%90%BC%E5%B7%A5%E8%B4%B8%E6%9C%89%E9%99%90%E5%85%AC%E5%8F%B8%2C%E8%BF%AA%E5%A2%9E%E5%AE%9E%E4%B8%9A%2C%E4%B8%8A%E6%B5%B7%E9%99%88%E8%8A%AC%E5%A1%91%E6%96%99%E5%88%B6%E5%93%81%E6%9C%89%E9%99%90%E5%85%AC%E5%8F%B8%2C%E4%B8%8A%E6%B5%B7%E7%93%B7%E6%9E%97%E9%85%92%E5%BA%97%E7%94%A8%E5%93%81%2C%E4%B8%8A%E6%B5%B7%E6%9D%83%E6%9D%83%E5%85%B4%E9%85%92%E5%BA%97%E7%94%A8%E5%93%81%2C%E4%B8%8A%E6%B5%B7%E4%BA%AC%E5%8E%A8%E6%B1%87%E9%85%92%E5%BA%97%E7%94%A8%E5%93%81%E6%9C%89%E9%99%90%E5%85%AC%E5%8F%B8%2C%E4%B8%8A%E6%B5%B7%E5%93%81%E5%92%8C%E6%8A%95%E8%B5%84%2C%E4%B8%8A%E6%B5%B7%E5%A5%A5%E5%9F%BA%E9%A4%90%E5%85%B7%E6%9C%89%E9%99%90%E5%85%AC%E5%8F%B8%2C%E4%B8%8A%E6%B5%B7%E7%93%B7%E8%88%8D%E5%AE%9E%E4%B8%9A%2C%E4%B8%8A%E6%B5%B7%E8%B1%AA%E7%89%B9%E9%85%92%E5%BA%97%E3%80%91%20%E5%B9%B6%E4%B8%94%20%E3%80%90%E4%BE%9B%E5%BA%94%E5%95%86%3D%E4%B8%8A%E6%B5%B7%E5%93%81%E5%92%8C%E6%8A%95%E8%B5%84%E3%80%91%E5%B9%B6%E4%B8%94%E3%80%90%E9%97%A8%E5%BA%97%E5%90%8D%E7%A7%B0%20%3D%20%E6%B7%B1%E6%B5%B7%E6%B8%94%E6%B8%AF%E9%95%BF%E9%98%B3%E8%B7%AF%E3%80%91&rand=0.2629835042769746 HTTP/1.1" 200 55114
180.169.147.146 - - [12/Aug/2023:11:33:25 +0800] "GET /xingrg/all/report/report_query.html?isQuery=1&fileName=kc/buy/wlcg_cate_hz_rest.xml&queryString=(CONVERT(char(10)%2Ca.order_time%2C%20120)%3E%3D'2023-07-01')%20and%20(CONVERT(char(10)%2Ca.order_time%2C%20120)%3C%3D'2023-07-31')%20and%20(a.supplier_code%20in%20('00100076'%2C'00100077'%2C'00100078'%2C'00100079'%2C'00100080'%2C'00100081'%2C'00100238'%2C'00100249'%2C'00100254'%2C'00100255'%2C'00100257'%2C'00100395'%2C'00100444'%2C'00100451'%2C'00100460'%2C'00100478'%2C'00100511'%2C'00100586'))%20and%20(a.supplier_code%3D'00100460')%20and%20(a.data_area%3D'00146')&queryText=%E3%80%90%E9%87%87%E8%B4%AD%E6%97%A5%E6%9C%9F%3A2023-07-01%20%E8%87%B3%202023-07-31%E3%80%91%20%E5%B9%B6%E4%B8%94%20%20%E3%80%90%E4%BE%9B%E5%BA%94%E5%95%86%20%3D%20%E9%A4%90%E5%85%B7%E7%B1%BB%20%5B18%5D%2C%E4%BD%B3%E7%A6%8F%E7%8E%BB%E7%92%83%2C%E9%87%91%E4%BC%98%E9%85%92%E5%BA%97%2C%E9%99%B6%E9%81%93%E9%85%92%E5%BA%97%2C%E5%88%A9%E6%84%9F%E8%B4%B8%E6%98%93%2C%E4%BC%8D%E4%BB%9F%E5%B9%B4%E5%AE%9E%E4%B8%9A%2C%E7%93%B7%E9%9F%B5%E9%85%92%E5%BA%97%EF%BC%88%E9%87%91%E5%92%8C%E7%BE%8E%EF%BC%89%2C%E6%81%92%E9%91%AB%E9%9B%85%E9%85%92%E5%BA%97%E7%94%A8%E5%93%81%2C%E4%B8%8A%E6%B5%B7%E4%BA%94%E8%8A%B1%E9%A9%AC%E9%85%92%E5%BA%97%E7%94%A8%E5%93%81%2C%E4%B8%8A%E6%B5%B7%E7%90%B3%E7%90%BC%E5%B7%A5%E8%B4%B8%E6%9C%89%E9%99%90%E5%85%AC%E5%8F%B8%2C%E8%BF%AA%E5%A2%9E%E5%AE%9E%E4%B8%9A%2C%E4%B8%8A%E6%B5%B7%E9%99%88%E8%8A%AC%E5%A1%91%E6%96%99%E5%88%B6%E5%93%81%E6%9C%89%E9%99%90%E5%85%AC%E5%8F%B8%2C%E4%B8%8A%E6%B5%B7%E7%93%B7%E6%9E%97%E9%85%92%E5%BA%97%E7%94%A8%E5%93%81%2C%E4%B8%8A%E6%B5%B7%E6%9D%83%E6%9D%83%E5%85%B4%E9%85%92%E5%BA%97%E7%94%A8%E5%93%81%2C%E4%B8%8A%E6%B5%B7%E4%BA%AC%E5%8E%A8%E6%B1%87%E9%85%92%E5%BA%97%E7%94%A8%E5%93%81%E6%9C%89%E9%99%90%E5%85%AC%E5%8F%B8%2C%E4%B8%8A%E6%B5%B7%E5%93%81%E5%92%8C%E6%8A%95%E8%B5%84%2C%E4%B8%8A%E6%B5%B7%E5%A5%A5%E5%9F%BA%E9%A4%90%E5%85%B7%E6%9C%89%E9%99%90%E5%85%AC%E5%8F%B8%2C%E4%B8%8A%E6%B5%B7%E7%93%B7%E8%88%8D%E5%AE%9E%E4%B8%9A%2C%E4%B8%8A%E6%B5%B7%E8%B1%AA%E7%89%B9%E9%85%92%E5%BA%97%E3%80%91%20%E5%B9%B6%E4%B8%94%20%E3%80%90%E4%BE%9B%E5%BA%94%E5%95%86%3D%E4%B8%8A%E6%B5%B7%E5%93%81%E5%92%8C%E6%8A%95%E8%B5%84%E3%80%91%E5%B9%B6%E4%B8%94%E3%80%90%E9%97%A8%E5%BA%97%E5%90%8D%E7%A7%B0%20%3D%20%E6%B7%B1%E6%B5%B7%E6%B8%94%E6%B8%AF%E9%95%BF%E9%98%B3%E8%B7%AF%E3%80%91&rand=0.2629835042769746 HTTP/1.1" 200 55114
180.169.147.146 - - [12/Aug/2023:11:33:25 +0800] "GET /xingrg/dwr/engine.js HTTP/1.1" 200 43631
124.78.155.92 - - [12/Aug/2023:11:33:27 +0800] "GET /xingrg/kc/buy/cgsh_order_list.html HTTP/1.1" 200 56077
124.78.155.92 - - [12/Aug/2023:11:33:28 +0800] "GET /xingrg/check_reg.html?_=1691811208301 HTTP/1.1" 200 22
124.78.155.92 - - [12/Aug/2023:11:33:28 +0800] "GET /xingrg/all/function/internal_message.html?_=1691811208304&CODE_STATE=getMsg HTTP/1.1" 200 27
101.83.241.37 - - [12/Aug/2023:11:33:28 +0800] "GET /xingrg/check_reg.html?_=1691811205297 HTTP/1.1" 200 22
101.83.241.37 - - [12/Aug/2023:11:33:28 +0800] "GET /xingrg/all/function/internal_message.html?_=1691811205299&CODE_STATE=getMsg HTTP/1.1" 200 27
114.83.217.84 - - [12/Aug/2023:11:33:28 +0800] "GET /xingrg/all/function/internal_message.html?_=1691811343538&CODE_STATE=getMsg HTTP/1.1" 200 27
116.228.172.122 - - [12/Aug/2023:11:33:28 +0800] "GET /xingrg/kc/buy/cgsh_order_operate.html?command=get_materiel&rest_code=00153&code=00101008300&supplier_code=00100590&order_time=2023-08-08 HTTP/1.1" 200 412
180.169.147.146 - - [12/Aug/2023:11:33:29 +0800] "POST /xingrg/all/report/load_report_page.html HTTP/1.1" 200 8712
180.169.147.146 - - [12/Aug/2023:11:33:29 +0800] "GET /xingrg/servlets/image?cache=0.9224154299876455&image=px HTTP/1.1" 200 807
116.232.195.127 - - [12/Aug/2023:11:33:29 +0800] "GET /xingrg/all/function/internal_message.html?_=1691811142743&CODE_STATE=getMsg HTTP/1.1" 200 27
124.78.155.92 - - [12/Aug/2023:11:33:31 +0800] "POST /xingrg/kc/buy/cgsh_list_operate.html HTTP/1.1" 200 1869
180.169.147.146 - - [12/Aug/2023:11:33:33 +0800] "POST /xingrg/all/report/load_report_page.html HTTP/1.1" 200 23132
180.169.147.146 - - [12/Aug/2023:11:33:33 +0800] "GET /xingrg/servlets/image?cache=0.8318735195255796&image=px HTTP/1.1" 200 807
116.228.172.122 - - [12/Aug/2023:11:33:37 +0800] "GET /xingrg/kc/buy/cgsh_order_operate.html?command=get_materiel&rest_code=00153&code=00101008024&supplier_code=00100590&order_time=2023-08-08 HTTP/1.1" 200 408
180.169.147.146 - - [12/Aug/2023:11:33:37 +0800] "GET /xingrg/all/report/report_query.html?isQuery=1&fileName=kc/buy/wlcg_mx_rest.xml&queryString=(CONVERT(char(10)%2Ca.order_time%2C%20120)%3E%3D'2023-07-01')%20and%20(CONVERT(char(10)%2Ca.order_time%2C%20120)%3C%3D'2023-07-31')%20and%20(a.supplier_code%20in%20('00100076'%2C'00100077'%2C'00100078'%2C'00100079'%2C'00100080'%2C'00100081'%2C'00100238'%2C'00100249'%2C'00100254'%2C'00100255'%2C'00100257'%2C'00100395'%2C'00100444'%2C'00100451'%2C'00100460'%2C'00100478'%2C'00100511'%2C'00100586'))%20and%20(a.supplier_code%3D'00100460')%20and%20(a.data_area%3D'00146')%20and%20(a.materiel_code%3D'00102006744')&queryText=%E3%80%90%E9%87%87%E8%B4%AD%E6%97%A5%E6%9C%9F%3A2023-07-01%20%E8%87%B3%202023-07-31%E3%80%91%20%E5%B9%B6%E4%B8%94%20%20%E3%80%90%E4%BE%9B%E5%BA%94%E5%95%86%20%3D%20%E9%A4%90%E5%85%B7%E7%B1%BB%20%5B18%5D%2C%E4%BD%B3%E7%A6%8F%E7%8E%BB%E7%92%83%2C%E9%87%91%E4%BC%98%E9%85%92%E5%BA%97%2C%E9%99%B6%E9%81%93%E9%85%92%E5%BA%97%2C%E5%88%A9%E6%84%9F%E8%B4%B8%E6%98%93%2C%E4%BC%8D%E4%BB%9F%E5%B9%B4%E5%AE%9E%E4%B8%9A%2C%E7%93%B7%E9%9F%B5%E9%85%92%E5%BA%97%EF%BC%88%E9%87%91%E5%92%8C%E7%BE%8E%EF%BC%89%2C%E6%81%92%E9%91%AB%E9%9B%85%E9%85%92%E5%BA%97%E7%94%A8%E5%93%81%2C%E4%B8%8A%E6%B5%B7%E4%BA%94%E8%8A%B1%E9%A9%AC%E9%85%92%E5%BA%97%E7%94%A8%E5%93%81%2C%E4%B8%8A%E6%B5%B7%E7%90%B3%E7%90%BC%E5%B7%A5%E8%B4%B8%E6%9C%89%E9%99%90%E5%85%AC%E5%8F%B8%2C%E8%BF%AA%E5%A2%9E%E5%AE%9E%E4%B8%9A%2C%E4%B8%8A%E6%B5%B7%E9%99%88%E8%8A%AC%E5%A1%91%E6%96%99%E5%88%B6%E5%93%81%E6%9C%89%E9%99%90%E5%85%AC%E5%8F%B8%2C%E4%B8%8A%E6%B5%B7%E7%93%B7%E6%9E%97%E9%85%92%E5%BA%97%E7%94%A8%E5%93%81%2C%E4%B8%8A%E6%B5%B7%E6%9D%83%E6%9D%83%E5%85%B4%E9%85%92%E5%BA%97%E7%94%A8%E5%93%81%2C%E4%B8%8A%E6%B5%B7%E4%BA%AC%E5%8E%A8%E6%B1%87%E9%85%92%E5%BA%97%E7%94%A8%E5%93%81%E6%9C%89%E9%99%90%E5%85%AC%E5%8F%B8%2C%E4%B8%8A%E6%B5%B7%E5%93%81%E5%92%8C%E6%8A%95%E8%B5%84%2C%E4%B8%8A%E6%B5%B7%E5%A5%A5%E5%9F%BA%E9%A4%90%E5%85%B7%E6%9C%89%E9%99%90%E5%85%AC%E5%8F%B8%2C%E4%B8%8A%E6%B5%B7%E7%93%B7%E8%88%8D%E5%AE%9E%E4%B8%9A%2C%E4%B8%8A%E6%B5%B7%E8%B1%AA%E7%89%B9%E9%85%92%E5%BA%97%E3%80%91%20%E5%B9%B6%E4%B8%94%20%E3%80%90%E4%BE%9B%E5%BA%94%E5%95%86%3D%E4%B8%8A%E6%B5%B7%E5%93%81%E5%92%8C%E6%8A%95%E8%B5%84%E3%80%91%E5%B9%B6%E4%B8%94%E3%80%90%E9%97%A8%E5%BA%97%E5%90%8D%E7%A7%B0%20%3D%20%E6%B7%B1%E6%B5%B7%E6%B8%94%E6%B8%AF%E9%95%BF%E9%98%B3%E8%B7%AF%E3%80%91%20%E5%B9%B6%E4%B8%94%20%E3%80%90%E6%9D%90%E6%96%99%E5%90%8D%E7%A7%B0%20%3D%20%E5%9B%9B%E6%96%B9%E6%B7%B1%E7%9B%98%E3%80%91&rand=0.7683466047086307 HTTP/1.1" 200 52082
180.169.147.146 - - [12/Aug/2023:11:33:38 +0800] "GET /xingrg/all/report/report_query.html?isQuery=1&fileName=kc/buy/wlcg_mx_rest.xml&queryString=(CONVERT(char(10)%2Ca.order_time%2C%20120)%3E%3D'2023-07-01')%20and%20(CONVERT(char(10)%2Ca.order_time%2C%20120)%3C%3D'2023-07-31')%20and%20(a.supplier_code%20in%20('00100076'%2C'00100077'%2C'00100078'%2C'00100079'%2C'00100080'%2C'00100081'%2C'00100238'%2C'00100249'%2C'00100254'%2C'00100255'%2C'00100257'%2C'00100395'%2C'00100444'%2C'00100451'%2C'00100460'%2C'00100478'%2C'00100511'%2C'00100586'))%20and%20(a.supplier_code%3D'00100460')%20and%20(a.data_area%3D'00146')%20and%20(a.materiel_code%3D'00102006744')&queryText=%E3%80%90%E9%87%87%E8%B4%AD%E6%97%A5%E6%9C%9F%3A2023-07-01%20%E8%87%B3%202023-07-31%E3%80%91%20%E5%B9%B6%E4%B8%94%20%20%E3%80%90%E4%BE%9B%E5%BA%94%E5%95%86%20%3D%20%E9%A4%90%E5%85%B7%E7%B1%BB%20%5B18%5D%2C%E4%BD%B3%E7%A6%8F%E7%8E%BB%E7%92%83%2C%E9%87%91%E4%BC%98%E9%85%92%E5%BA%97%2C%E9%99%B6%E9%81%93%E9%85%92%E5%BA%97%2C%E5%88%A9%E6%84%9F%E8%B4%B8%E6%98%93%2C%E4%BC%8D%E4%BB%9F%E5%B9%B4%E5%AE%9E%E4%B8%9A%2C%E7%93%B7%E9%9F%B5%E9%85%92%E5%BA%97%EF%BC%88%E9%87%91%E5%92%8C%E7%BE%8E%EF%BC%89%2C%E6%81%92%E9%91%AB%E9%9B%85%E9%85%92%E5%BA%97%E7%94%A8%E5%93%81%2C%E4%B8%8A%E6%B5%B7%E4%BA%94%E8%8A%B1%E9%A9%AC%E9%85%92%E5%BA%97%E7%94%A8%E5%93%81%2C%E4%B8%8A%E6%B5%B7%E7%90%B3%E7%90%BC%E5%B7%A5%E8%B4%B8%E6%9C%89%E9%99%90%E5%85%AC%E5%8F%B8%2C%E8%BF%AA%E5%A2%9E%E5%AE%9E%E4%B8%9A%2C%E4%B8%8A%E6%B5%B7%E9%99%88%E8%8A%AC%E5%A1%91%E6%96%99%E5%88%B6%E5%93%81%E6%9C%89%E9%99%90%E5%85%AC%E5%8F%B8%2C%E4%B8%8A%E6%B5%B7%E7%93%B7%E6%9E%97%E9%85%92%E5%BA%97%E7%94%A8%E5%93%81%2C%E4%B8%8A%E6%B5%B7%E6%9D%83%E6%9D%83%E5%85%B4%E9%85%92%E5%BA%97%E7%94%A8%E5%93%81%2C%E4%B8%8A%E6%B5%B7%E4%BA%AC%E5%8E%A8%E6%B1%87%E9%85%92%E5%BA%97%E7%94%A8%E5%93%81%E6%9C%89%E9%99%90%E5%85%AC%E5%8F%B8%2C%E4%B8%8A%E6%B5%B7%E5%93%81%E5%92%8C%E6%8A%95%E8%B5%84%2C%E4%B8%8A%E6%B5%B7%E5%A5%A5%E5%9F%BA%E9%A4%90%E5%85%B7%E6%9C%89%E9%99%90%E5%85%AC%E5%8F%B8%2C%E4%B8%8A%E6%B5%B7%E7%93%B7%E8%88%8D%E5%AE%9E%E4%B8%9A%2C%E4%B8%8A%E6%B5%B7%E8%B1%AA%E7%89%B9%E9%85%92%E5%BA%97%E3%80%91%20%E5%B9%B6%E4%B8%94%20%E3%80%90%E4%BE%9B%E5%BA%94%E5%95%86%3D%E4%B8%8A%E6%B5%B7%E5%93%81%E5%92%8C%E6%8A%95%E8%B5%84%E3%80%91%E5%B9%B6%E4%B8%94%E3%80%90%E9%97%A8%E5%BA%97%E5%90%8D%E7%A7%B0%20%3D%20%E6%B7%B1%E6%B5%B7%E6%B8%94%E6%B8%AF%E9%95%BF%E9%98%B3%E8%B7%AF%E3%80%91%20%E5%B9%B6%E4%B8%94%20%E3%80%90%E6%9D%90%E6%96%99%E5%90%8D%E7%A7%B0%20%3D%20%E5%9B%9B%E6%96%B9%E6%B7%B1%E7%9B%98%E3%80%91&rand=0.7683466047086307 HTTP/1.1" 200 52082
180.169.147.146 - - [12/Aug/2023:11:33:38 +0800] "GET /xingrg/dwr/engine.js HTTP/1.1" 200 43631
180.169.147.146 - - [12/Aug/2023:11:33:40 +0800] "POST /xingrg/all/report/load_report_page.html HTTP/1.1" 200 15915
180.169.147.146 - - [12/Aug/2023:11:33:40 +0800] "GET /xingrg/servlets/image?cache=0.5192850503134833&image=px HTTP/1.1" 200 807
58.40.7.146 - - [12/Aug/2023:11:33:41 +0800] "GET /xingrg/all/function/internal_message.html?_=1691811221241&CODE_STATE=getMsg HTTP/1.1" 200 27
124.78.70.128 - - [12/Aug/2023:11:33:42 +0800] "GET /xingrg/all/function/internal_message.html?_=1691810688644&CODE_STATE=getMsg HTTP/1.1" 200 27
120.253.135.82 - - [12/Aug/2023:11:33:44 +0800] "GET /xingrg/all/function/internal_message.html?_=1691811043173&CODE_STATE=getMsg HTTP/1.1" 200 27
180.169.147.146 - - [12/Aug/2023:11:33:44 +0800] "GET /xingrg/kc/buy/cgsh_order_info.html?isLook=1&code=212023072008034 HTTP/1.1" 200 67023
180.169.147.146 - - [12/Aug/2023:11:33:44 +0800] "GET /xingrg/words/20230811145454_words.js HTTP/1.1" 200 979335
180.169.147.146 - - [12/Aug/2023:11:33:45 +0800] "GET /favicon.ico HTTP/1.1" 404 -
180.169.147.146 - - [12/Aug/2023:11:33:45 +0800] "GET /xingrg/javascript/easyui/themes/default/validatebox.css HTTP/1.1" 404 1104
180.169.147.146 - - [12/Aug/2023:11:33:46 +0800] "POST /xingrg/kc/buy/cgsh_order_operate.html HTTP/1.1" 200 609
180.163.28.109 - - [12/Aug/2023:11:33:50 +0800] "GET /xingrg/all/function/internal_message.html?_=1691811166445&CODE_STATE=getMsg HTTP/1.1" 302 -
180.163.28.109 - - [12/Aug/2023:11:33:50 +0800] "GET /xingrg/login.html HTTP/1.1" 200 7641
124.78.155.92 - - [12/Aug/2023:11:33:50 +0800] "GET /xingrg/all/function/internal_message.html?_=1691811226417&CODE_STATE=getMsg HTTP/1.1" 200 27
180.169.147.146 - - [12/Aug/2023:11:33:53 +0800] "GET /xingrg/all/function/internal_message.html?_=1691811231070&CODE_STATE=getMsg HTTP/1.1" 200 27
116.228.172.122 - - [12/Aug/2023:11:33:54 +0800] "GET /xingrg/kc/buy/cgsh_order_operate.html?command=get_materiel&rest_code=00153&code=00101008372&supplier_code=00100590&order_time=2023-08-08 HTTP/1.1" 200 408
222.70.118.201 - - [12/Aug/2023:11:33:55 +0800] "GET /xingrg/all/function/internal_message.html?_=1691811247295&CODE_STATE=getMsg HTTP/1.1" 200 27
222.65.220.241 - - [12/Aug/2023:11:33:55 +0800] "GET /xingrg/all/function/internal_message.html?_=1691811235691&CODE_STATE=getMsg HTTP/1.1" 200 27
116.232.195.127 - - [12/Aug/2023:11:33:57 +0800] "POST /xingrg/kc/buy/cgsh_list_operate.html HTTP/1.1" 200 11140
101.83.145.37 - - [12/Aug/2023:11:34:02 +0800] "GET /xingrg/all/function/internal_message.html?_=1691811243515&CODE_STATE=getMsg HTTP/1.1" 200 27
222.70.180.200 - - [12/Aug/2023:11:34:04 +0800] "GET /xingrg/all/function/internal_message.html?_=1691811245088&CODE_STATE=getMsg HTTP/1.1" 200 27
180.162.109.65 - - [12/Aug/2023:11:34:08 +0800] "GET /xingrg/all/function/internal_message.html?_=1691809962589&CODE_STATE=getMsg HTTP/1.1" 200 27
116.228.172.122 - - [12/Aug/2023:11:34:11 +0800] "GET /xingrg/kc/buy/cgsh_order_operate.html?command=get_materiel&rest_code=00153&code=00101008357&supplier_code=00100590&order_time=2023-08-08 HTTP/1.1" 200 408
101.83.145.37 - - [12/Aug/2023:11:34:11 +0800] "GET /xingrg/all/function/internal_message.html?_=1691811053552&CODE_STATE=getMsg HTTP/1.1" 200 27
116.228.172.122 - - [12/Aug/2023:11:34:14 +0800] "GET /xingrg/check_reg.html?_=1691811085598 HTTP/1.1" 200 22
116.228.172.122 - - [12/Aug/2023:11:34:14 +0800] "GET /xingrg/all/function/internal_message.html?_=1691811085602&CODE_STATE=getMsg HTTP/1.1" 200 27
124.79.243.110 - - [12/Aug/2023:11:34:15 +0800] "GET /xingrg/all/function/internal_message.html?_=1691811546035&CODE_STATE=getMsg HTTP/1.1" 200 27
124.79.243.110 - - [12/Aug/2023:11:34:15 +0800] "GET /xingrg/check_reg.html?_=1691811546036 HTTP/1.1" 200 22
124.78.155.92 - - [12/Aug/2023:11:34:16 +0800] "GET /xingrg/check_reg.html?_=1691811256887 HTTP/1.1" 200 22
124.78.155.92 - - [12/Aug/2023:11:34:18 +0800] "GET /xingrg/all/function/internal_message.html?_=1691811258028&CODE_STATE=getMsg HTTP/1.1" 200 27
124.77.244.83 - - [12/Aug/2023:11:34:19 +0800] "GET /xingrg/all/function/internal_message.html?_=1691811260004&CODE_STATE=getMsg HTTP/1.1" 200 27
116.228.172.122 - - [12/Aug/2023:11:34:22 +0800] "GET /xingrg/kc/buy/cgsh_order_operate.html?command=get_materiel&rest_code=00153&code=00101008271&supplier_code=00100590&order_time=2023-08-08 HTTP/1.1" 200 410
116.232.195.127 - - [12/Aug/2023:11:34:23 +0800] "POST /xingrg/kc/buy/cgsh_list_operate.html HTTP/1.1" 200 569
180.152.241.196 - - [12/Aug/2023:11:34:24 +0800] "GET /xingrg/all/function/internal_message.html?_=1691811264525&CODE_STATE=getMsg HTTP/1.1" 200 27
116.232.195.127 - - [12/Aug/2023:11:34:25 +0800] "GET /xingrg/kc/buy/cgsh_order_info.html?code=212023081104202 HTTP/1.1" 200 66815
116.232.195.127 - - [12/Aug/2023:11:34:26 +0800] "GET /xingrg/javascript/easyui/themes/default/validatebox.css HTTP/1.1" 404 1104
116.232.195.127 - - [12/Aug/2023:11:34:26 +0800] "POST /xingrg/kc/buy/cgsh_order_operate.html HTTP/1.1" 200 38483
124.78.155.92 - - [12/Aug/2023:11:34:28 +0800] "GET /xingrg/all/function/internal_message.html?_=1691811268331&CODE_STATE=getMsg HTTP/1.1" 200 27
101.83.241.37 - - [12/Aug/2023:11:34:28 +0800] "GET /xingrg/all/function/internal_message.html?_=1691811265298&CODE_STATE=getMsg HTTP/1.1" 200 27
114.83.217.84 - - [12/Aug/2023:11:34:28 +0800] "GET /xingrg/all/function/internal_message.html?_=1691811403540&CODE_STATE=getMsg HTTP/1.1" 200 27
116.232.195.127 - - [12/Aug/2023:11:34:29 +0800] "GET /xingrg/kc/print/load_data.html?order_code=212023081104202&kc_code=cgsh HTTP/1.1" 200 15081
116.232.195.127 - - [12/Aug/2023:11:34:30 +0800] "GET /xingrg/all/function/internal_message.html?_=1691811203452&CODE_STATE=getMsg HTTP/1.1" 200 27
116.228.172.122 - - [12/Aug/2023:11:34:32 +0800] "GET /xingrg/kc/buy/cgsh_order_operate.html?command=get_materiel&rest_code=00153&code=00101012029&supplier_code=00100590&order_time=2023-08-08 HTTP/1.1" 200 412
124.78.155.92 - - [12/Aug/2023:11:34:36 +0800] "GET /xingrg/check_reg.html?_=1691811272367 HTTP/1.1" 200 22
101.83.241.37 - - [12/Aug/2023:11:34:37 +0800] "POST /xingrg/kc/buy/cgsh_list_operate.html HTTP/1.1" 200 986
101.83.241.37 - - [12/Aug/2023:11:34:38 +0800] "POST /xingrg/kc/buy/cgsh_list_operate.html HTTP/1.1" 200 986
116.228.172.122 - - [12/Aug/2023:11:34:40 +0800] "GET /xingrg/kc/buy/cgsh_order_operate.html?command=get_materiel&rest_code=00153&code=00101016030&supplier_code=00100590&order_time=2023-08-08 HTTP/1.1" 200 412
101.83.241.37 - - [12/Aug/2023:11:34:41 +0800] "GET /xingrg/kc/buy/cgsh_order_add.html HTTP/1.1" 200 71947
58.40.7.146 - - [12/Aug/2023:11:34:41 +0800] "GET /xingrg/all/function/internal_message.html?_=1691811281237&CODE_STATE=getMsg HTTP/1.1" 200 27
101.83.241.37 - - [12/Aug/2023:11:34:41 +0800] "POST /xingrg/kc/buy/cgsh_order_operate.html HTTP/1.1" 200 8245
101.83.241.37 - - [12/Aug/2023:11:34:41 +0800] "GET /xingrg/javascript/easyui/themes/default/validatebox.css HTTP/1.1" 404 1104
124.78.70.128 - - [12/Aug/2023:11:34:42 +0800] "GET /xingrg/all/function/internal_message.html?_=1691810748614&CODE_STATE=getMsg HTTP/1.1" 200 27
120.253.135.82 - - [12/Aug/2023:11:34:44 +0800] "GET /xingrg/all/function/internal_message.html?_=1691811103184&CODE_STATE=getMsg HTTP/1.1" 200 27
180.169.147.146 - - [12/Aug/2023:11:34:47 +0800] "GET /xingrg/check_reg.html?_=1691811282524 HTTP/1.1" 200 22
180.163.29.79 - - [12/Aug/2023:11:34:50 +0800] "GET /xingrg/all/function/internal_message.html?_=1691811226417&CODE_STATE=getMsg HTTP/1.1" 302 -
180.163.29.79 - - [12/Aug/2023:11:34:50 +0800] "GET /xingrg/login.html HTTP/1.1" 200 7641
124.78.155.92 - - [12/Aug/2023:11:34:50 +0800] "GET /xingrg/all/function/internal_message.html?_=1691811286393&CODE_STATE=getMsg HTTP/1.1" 200 27
218.81.72.141 - - [12/Aug/2023:11:34:51 +0800] "POST /xingrg/services/DataTransmitService HTTP/1.1" 200 524
218.81.72.141 - - [12/Aug/2023:11:34:52 +0800] "POST /xingrg/services/DataTransmitService HTTP/1.1" 200 501
218.81.72.141 - - [12/Aug/2023:11:34:52 +0800] "POST /xingrg/services/DataTransmitService HTTP/1.1" 200 501
180.169.147.146 - - [12/Aug/2023:11:34:53 +0800] "GET /xingrg/all/function/internal_message.html?_=1691811291070&CODE_STATE=getMsg HTTP/1.1" 200 27
218.81.72.141 - - [12/Aug/2023:11:34:53 +0800] "POST /xingrg/services/DataTransmitService HTTP/1.1" 200 412
222.70.118.201 - - [12/Aug/2023:11:34:55 +0800] "GET /xingrg/all/function/internal_message.html?_=1691811307298&CODE_STATE=getMsg HTTP/1.1" 200 27
222.65.220.241 - - [12/Aug/2023:11:34:55 +0800] "GET /xingrg/all/function/internal_message.html?_=1691811295667&CODE_STATE=getMsg HTTP/1.1" 200 27
101.83.241.37 - - [12/Aug/2023:11:34:57 +0800] "GET /xingrg/javascript/easyui/themes/default/tree.css HTTP/1.1" 404 1090
101.83.241.37 - - [12/Aug/2023:11:34:57 +0800] "POST /xingrg/all/common/load_tree.html?tree=supplier_tree_json&isDelete=1 HTTP/1.1" 200 74790
101.83.145.37 - - [12/Aug/2023:11:35:02 +0800] "GET /xingrg/all/function/internal_message.html?_=1691811303490&CODE_STATE=getMsg HTTP/1.1" 200 27
116.232.195.127 - - [12/Aug/2023:11:35:04 +0800] "POST /xingrg/kc/buy/cgsh_list_operate.html HTTP/1.1" 200 497
222.70.180.200 - - [12/Aug/2023:11:35:04 +0800] "GET /xingrg/all/function/internal_message.html?_=1691811305102&CODE_STATE=getMsg HTTP/1.1" 200 27
222.70.180.200 - - [12/Aug/2023:11:35:04 +0800] "GET /xingrg/check_reg.html?_=1691811305105 HTTP/1.1" 200 22
116.232.195.127 - - [12/Aug/2023:11:35:05 +0800] "GET /xingrg/kc/buy/cgsh_order_info.html?code=212023081104219 HTTP/1.1" 200 66813
116.232.195.127 - - [12/Aug/2023:11:35:06 +0800] "GET /xingrg/javascript/easyui/themes/default/validatebox.css HTTP/1.1" 404 1104
116.232.195.127 - - [12/Aug/2023:11:35:07 +0800] "POST /xingrg/kc/buy/cgsh_order_operate.html HTTP/1.1" 200 2981
180.162.109.65 - - [12/Aug/2023:11:35:08 +0800] "GET /xingrg/all/function/internal_message.html?_=1691810022597&CODE_STATE=getMsg HTTP/1.1" 200 27
124.77.244.83 - - [12/Aug/2023:11:35:10 +0800] "GET /xingrg/check_reg.html?_=1691811310409 HTTP/1.1" 200 22
116.232.195.127 - - [12/Aug/2023:11:35:10 +0800] "GET /xingrg/kc/print/load_data.html?order_code=212023081104219&kc_code=cgsh HTTP/1.1" 200 1611
101.83.145.37 - - [12/Aug/2023:11:35:11 +0800] "GET /xingrg/all/function/internal_message.html?_=1691811113553&CODE_STATE=getMsg HTTP/1.1" 200 27
116.228.172.122 - - [12/Aug/2023:11:35:14 +0800] "GET /xingrg/all/function/internal_message.html?_=1691811145591&CODE_STATE=getMsg HTTP/1.1" 200 27
124.79.243.110 - - [12/Aug/2023:11:35:15 +0800] "GET /xingrg/all/function/internal_message.html?_=1691811606061&CODE_STATE=getMsg HTTP/1.1" 200 27
124.78.155.92 - - [12/Aug/2023:11:35:18 +0800] "GET /xingrg/all/function/internal_message.html?_=1691811318013&CODE_STATE=getMsg HTTP/1.1" 200 27
124.77.244.83 - - [12/Aug/2023:11:35:19 +0800] "GET /xingrg/all/function/internal_message.html?_=1691811320019&CODE_STATE=getMsg HTTP/1.1" 200 27
180.152.241.196 - - [12/Aug/2023:11:35:24 +0800] "GET /xingrg/all/function/internal_message.html?_=1691811324515&CODE_STATE=getMsg HTTP/1.1" 200 27
116.228.172.122 - - [12/Aug/2023:11:35:25 +0800] "POST /xingrg/kc/buy/cgsh_order_operate.html HTTP/1.1" 200 37
116.232.195.127 - - [12/Aug/2023:11:35:27 +0800] "POST /xingrg/kc/buy/cgsh_list_operate.html HTTP/1.1" 200 11140
116.228.172.122 - - [12/Aug/2023:11:35:28 +0800] "POST /xingrg/kc/buy/cgsh_order_operate.html HTTP/1.1" 200 9176
101.83.241.37 - - [12/Aug/2023:11:35:28 +0800] "GET /xingrg/all/function/internal_message.html?_=1691811325314&CODE_STATE=getMsg HTTP/1.1" 200 27
114.83.217.84 - - [12/Aug/2023:11:35:28 +0800] "GET /xingrg/all/function/internal_message.html?_=1691811463552&CODE_STATE=getMsg HTTP/1.1" 200 27
116.232.195.127 - - [12/Aug/2023:11:35:30 +0800] "GET /xingrg/all/function/internal_message.html?_=1691811263419&CODE_STATE=getMsg HTTP/1.1" 200 27
116.228.172.122 - - [12/Aug/2023:11:35:31 +0800] "GET /xingrg/kc/print/load_data.html?order_code=212023081204736&kc_code=cgsh&condition= HTTP/1.1" 200 3129
116.232.195.127 - - [12/Aug/2023:11:35:31 +0800] "POST /xingrg/kc/buy/cgsh_list_operate.html HTTP/1.1" 200 277
116.232.195.127 - - [12/Aug/2023:11:35:33 +0800] "GET /xingrg/kc/buy/cgsh_order_info.html?code=212023081104220 HTTP/1.1" 200 66815
116.232.195.127 - - [12/Aug/2023:11:35:33 +0800] "GET /xingrg/javascript/easyui/themes/default/validatebox.css HTTP/1.1" 404 1104
116.232.195.127 - - [12/Aug/2023:11:35:34 +0800] "POST /xingrg/kc/buy/cgsh_order_operate.html HTTP/1.1" 200 1204
116.232.195.127 - - [12/Aug/2023:11:35:36 +0800] "GET /xingrg/kc/print/load_data.html?order_code=212023081104220&kc_code=cgsh HTTP/1.1" 200 1014
58.40.7.146 - - [12/Aug/2023:11:35:41 +0800] "GET /xingrg/all/function/internal_message.html?_=1691811341243&CODE_STATE=getMsg HTTP/1.1" 200 27
124.78.70.128 - - [12/Aug/2023:11:35:42 +0800] "GET /xingrg/all/function/internal_message.html?_=1691810808588&CODE_STATE=getMsg HTTP/1.1" 200 27
120.253.135.82 - - [12/Aug/2023:11:35:44 +0800] "GET /xingrg/all/function/internal_message.html?_=1691811163361&CODE_STATE=getMsg HTTP/1.1" 200 27
124.78.155.92 - - [12/Aug/2023:11:35:44 +0800] "POST /xingrg/services/DataTransmitService HTTP/1.1" 200 524
101.83.145.37 - - [12/Aug/2023:11:35:45 +0800] "POST /xingrg/services/DataTransmitService HTTP/1.1" 200 524
101.83.241.37 - - [12/Aug/2023:11:35:46 +0800] "GET /xingrg/kc/buy/cgsh_order_operate.html?command=get_materiel&rest_code=00149&code=00101028016&supplier_code=00100019&order_time=2023-08-12 HTTP/1.1" 200 447
124.78.155.92 - - [12/Aug/2023:11:35:50 +0800] "GET /xingrg/all/function/internal_message.html?_=1691811346381&CODE_STATE=getMsg HTTP/1.1" 200 27
120.253.135.82 - - [12/Aug/2023:11:35:51 +0800] "GET /xingrg/check_reg.html?_=1691811170295 HTTP/1.1" 200 22
116.232.195.127 - - [12/Aug/2023:11:35:53 +0800] "POST /xingrg/kc/buy/cgsh_list_operate.html HTTP/1.1" 200 11140
180.169.147.146 - - [12/Aug/2023:11:35:53 +0800] "GET /xingrg/all/function/internal_message.html?_=1691811351070&CODE_STATE=getMsg HTTP/1.1" 200 27
222.70.118.201 - - [12/Aug/2023:11:35:55 +0800] "GET /xingrg/all/function/internal_message.html?_=1691811367300&CODE_STATE=getMsg HTTP/1.1" 200 27
222.65.220.241 - - [12/Aug/2023:11:35:55 +0800] "GET /xingrg/all/function/internal_message.html?_=1691811355649&CODE_STATE=getMsg HTTP/1.1" 200 27
116.232.195.127 - - [12/Aug/2023:11:35:59 +0800] "POST /xingrg/kc/buy/cgsh_list_operate.html HTTP/1.1" 200 642
116.232.195.127 - - [12/Aug/2023:11:36:02 +0800] "POST /xingrg/kc/buy/cgsh_list_operate.html HTTP/1.1" 200 579
101.83.145.37 - - [12/Aug/2023:11:36:02 +0800] "GET /xingrg/all/function/internal_message.html?_=1691811363464&CODE_STATE=getMsg HTTP/1.1" 200 27
222.70.180.200 - - [12/Aug/2023:11:36:04 +0800] "GET /xingrg/all/function/internal_message.html?_=1691811365090&CODE_STATE=getMsg HTTP/1.1" 200 27
116.232.195.127 - - [12/Aug/2023:11:36:04 +0800] "GET /xingrg/kc/buy/cgsh_order_info.html?code=212023081104221 HTTP/1.1" 200 66815
116.232.195.127 - - [12/Aug/2023:11:36:04 +0800] "GET /xingrg/javascript/easyui/themes/default/validatebox.css HTTP/1.1" 404 1104
116.232.195.127 - - [12/Aug/2023:11:36:05 +0800] "POST /xingrg/kc/buy/cgsh_order_operate.html HTTP/1.1" 200 5938
180.162.109.65 - - [12/Aug/2023:11:36:08 +0800] "GET /xingrg/check_reg.html?_=1691810082595 HTTP/1.1" 200 22
180.162.109.65 - - [12/Aug/2023:11:36:08 +0800] "GET /xingrg/all/function/internal_message.html?_=1691810082596&CODE_STATE=getMsg HTTP/1.1" 200 27
101.83.145.37 - - [12/Aug/2023:11:36:11 +0800] "GET /xingrg/all/function/internal_message.html?_=1691811173554&CODE_STATE=getMsg HTTP/1.1" 200 27
116.228.172.122 - - [12/Aug/2023:11:36:14 +0800] "GET /xingrg/all/function/internal_message.html?_=1691811205583&CODE_STATE=getMsg HTTP/1.1" 200 27
124.79.243.110 - - [12/Aug/2023:11:36:15 +0800] "GET /xingrg/all/function/internal_message.html?_=1691811666059&CODE_STATE=getMsg HTTP/1.1" 200 27
124.77.244.83 - - [12/Aug/2023:11:36:19 +0800] "GET /xingrg/all/function/internal_message.html?_=1691811380035&CODE_STATE=getMsg HTTP/1.1" 200 27
116.232.195.127 - - [12/Aug/2023:11:36:23 +0800] "GET /xingrg/kc/print/load_data.html?order_code=212023081104221&kc_code=cgsh HTTP/1.1" 200 2830
180.152.241.196 - - [12/Aug/2023:11:36:24 +0800] "GET /xingrg/all/function/internal_message.html?_=1691811384527&CODE_STATE=getMsg HTTP/1.1" 200 27
180.152.241.196 - - [12/Aug/2023:11:36:24 +0800] "GET /xingrg/check_reg.html?_=1691811384532 HTTP/1.1" 200 22
101.83.241.37 - - [12/Aug/2023:11:36:28 +0800] "GET /xingrg/all/function/internal_message.html?_=1691811385329&CODE_STATE=getMsg HTTP/1.1" 200 27
114.83.217.84 - - [12/Aug/2023:11:36:28 +0800] "GET /xingrg/check_reg.html?_=1691811523548 HTTP/1.1" 200 22
114.83.217.84 - - [12/Aug/2023:11:36:28 +0800] "GET /xingrg/all/function/internal_message.html?_=1691811523549&CODE_STATE=getMsg HTTP/1.1" 200 27
116.232.195.127 - - [12/Aug/2023:11:36:29 +0800] "GET /xingrg/check_reg.html?_=1691811322744 HTTP/1.1" 200 22
116.232.195.127 - - [12/Aug/2023:11:36:30 +0800] "GET /xingrg/all/function/internal_message.html?_=1691811323407&CODE_STATE=getMsg HTTP/1.1" 200 27
101.83.241.37 - - [12/Aug/2023:11:36:33 +0800] "GET /xingrg/kc/buy/cgsh_order_operate.html?command=get_materiel&rest_code=00149&code=00101024088&supplier_code=00100019&order_time=2023-08-12 HTTP/1.1" 200 447
180.152.241.196 - - [12/Aug/2023:11:36:34 +0800] "POST /xingrg/services/DataTransmitService HTTP/1.1" 200 524
101.83.145.37 - - [12/Aug/2023:11:36:34 +0800] "POST /xingrg/services/DataTransmitService HTTP/1.1" 200 501
124.78.155.92 - - [12/Aug/2023:11:36:34 +0800] "POST /xingrg/services/DataTransmitService HTTP/1.1" 200 501
124.78.155.92 - - [12/Aug/2023:11:36:34 +0800] "POST /xingrg/services/DataTransmitService HTTP/1.1" 200 501
124.78.155.92 - - [12/Aug/2023:11:36:35 +0800] "POST /xingrg/services/DataTransmitService HTTP/1.1" 200 501
124.78.155.92 - - [12/Aug/2023:11:36:35 +0800] "POST /xingrg/services/DataTransmitService HTTP/1.1" 200 501
58.40.7.146 - - [12/Aug/2023:11:36:41 +0800] "GET /xingrg/all/function/internal_message.html?_=1691811401249&CODE_STATE=getMsg HTTP/1.1" 200 27
124.78.70.128 - - [12/Aug/2023:11:36:42 +0800] "GET /xingrg/all/function/internal_message.html?_=1691810868556&CODE_STATE=getMsg HTTP/1.1" 200 27
120.253.135.82 - - [12/Aug/2023:11:36:44 +0800] "GET /xingrg/all/function/internal_message.html?_=1691811223367&CODE_STATE=getMsg HTTP/1.1" 200 27
116.228.172.122 - - [12/Aug/2023:11:36:44 +0800] "GET /xingrg/kc/buy/cgsh_order_add.html HTTP/1.1" 200 70912
116.228.172.122 - - [12/Aug/2023:11:36:45 +0800] "GET /xingrg/javascript/easyui/themes/default/validatebox.css HTTP/1.1" 404 1104
116.228.172.122 - - [12/Aug/2023:11:36:45 +0800] "POST /xingrg/kc/buy/cgsh_order_operate.html HTTP/1.1" 200 8245
180.163.28.180 - - [12/Aug/2023:11:36:50 +0800] "GET /xingrg/all/function/internal_message.html?_=1691811346381&CODE_STATE=getMsg HTTP/1.1" 302 -
180.163.28.180 - - [12/Aug/2023:11:36:50 +0800] "GET /xingrg/login.html HTTP/1.1" 200 7641
124.78.155.92 - - [12/Aug/2023:11:36:50 +0800] "GET /xingrg/all/function/internal_message.html?_=1691811406365&CODE_STATE=getMsg HTTP/1.1" 200 27
101.83.241.37 - - [12/Aug/2023:11:36:51 +0800] "GET /xingrg/kc/buy/cgsh_order_operate.html?command=get_materiel&rest_code=00149&code=00101024024&supplier_code=00100019&order_time=2023-08-12 HTTP/1.1" 200 429
222.65.220.241 - - [12/Aug/2023:11:36:53 +0800] "GET /xingrg/check_reg.html?_=1691811412927 HTTP/1.1" 200 22
180.169.147.146 - - [12/Aug/2023:11:36:53 +0800] "GET /xingrg/all/function/internal_message.html?_=1691811411065&CODE_STATE=getMsg HTTP/1.1" 200 27
222.70.118.201 - - [12/Aug/2023:11:36:55 +0800] "GET /xingrg/all/function/internal_message.html?_=1691811427303&CODE_STATE=getMsg HTTP/1.1" 200 27
222.65.220.241 - - [12/Aug/2023:11:36:55 +0800] "GET /xingrg/all/function/internal_message.html?_=1691811415638&CODE_STATE=getMsg HTTP/1.1" 200 27
124.77.244.83 - - [12/Aug/2023:11:37:01 +0800] "GET /xingrg/kc/buy/cgsh_order_add.html HTTP/1.1" 200 71859
124.77.244.83 - - [12/Aug/2023:11:37:01 +0800] "POST /xingrg/kc/buy/cgsh_order_operate.html HTTP/1.1" 200 8245
124.77.244.83 - - [12/Aug/2023:11:37:01 +0800] "GET /xingrg/javascript/easyui/themes/default/validatebox.css HTTP/1.1" 404 1104
101.83.145.37 - - [12/Aug/2023:11:37:02 +0800] "GET /xingrg/all/function/internal_message.html?_=1691811423442&CODE_STATE=getMsg HTTP/1.1" 200 27
222.70.180.200 - - [12/Aug/2023:11:37:04 +0800] "GET /xingrg/all/function/internal_message.html?_=1691811425090&CODE_STATE=getMsg HTTP/1.1" 200 27
101.83.145.37 - - [12/Aug/2023:11:37:04 +0800] "GET /xingrg/check_reg.html?_=1691811425556 HTTP/1.1" 200 22
180.162.109.65 - - [12/Aug/2023:11:37:08 +0800] "GET /xingrg/all/function/internal_message.html?_=1691810142578&CODE_STATE=getMsg HTTP/1.1" 200 27
101.83.145.37 - - [12/Aug/2023:11:37:11 +0800] "GET /xingrg/all/function/internal_message.html?_=1691811233555&CODE_STATE=getMsg HTTP/1.1" 200 27
124.77.244.83 - - [12/Aug/2023:11:37:12 +0800] "GET /xingrg/kc/mdqp/qp_main.html HTTP/1.1" 200 10633
124.77.244.83 - - [12/Aug/2023:11:37:12 +0800] "GET /xingrg/images/blue/button/qqpsd.gif HTTP/1.1" 304 -
124.77.244.83 - - [12/Aug/2023:11:37:12 +0800] "GET /xingrg/images/blue/button/pszx.gif HTTP/1.1" 304 -
124.77.244.83 - - [12/Aug/2023:11:37:12 +0800] "GET /xingrg/images/blue/button/psshd.gif HTTP/1.1" 304 -
124.77.244.83 - - [12/Aug/2023:11:37:13 +0800] "GET /xingrg/images/yd/bt.gif HTTP/1.1" 404 1040
116.228.172.122 - - [12/Aug/2023:11:37:14 +0800] "GET /xingrg/all/function/internal_message.html?_=1691811265588&CODE_STATE=getMsg HTTP/1.1" 200 27
124.79.243.110 - - [12/Aug/2023:11:37:15 +0800] "GET /xingrg/all/function/internal_message.html?_=1691811726058&CODE_STATE=getMsg HTTP/1.1" 200 27
124.77.244.83 - - [12/Aug/2023:11:37:19 +0800] "GET /xingrg/all/function/internal_message.html?_=1691811440046&CODE_STATE=getMsg HTTP/1.1" 200 27
124.77.244.83 - - [12/Aug/2023:11:37:21 +0800] "GET /xingrg/kc/mdqp/pssh_order_list.html HTTP/1.1" 200 17961
124.77.244.83 - - [12/Aug/2023:11:37:21 +0800] "POST /xingrg/kc/mdqp/pssh_list_operate.html HTTP/1.1" 200 5342
124.77.244.83 - - [12/Aug/2023:11:37:22 +0800] "POST /xingrg/kc/buy/cgsh_list_operate.html HTTP/1.1" 200 4448
101.83.241.37 - - [12/Aug/2023:11:37:23 +0800] "GET /xingrg/kc/buy/cgsh_order_operate.html?command=get_materiel&rest_code=00149&code=00101029005&supplier_code=00100019&order_time=2023-08-12 HTTP/1.1" 200 436
180.152.241.196 - - [12/Aug/2023:11:37:24 +0800] "GET /xingrg/all/function/internal_message.html?_=1691811444526&CODE_STATE=getMsg HTTP/1.1" 200 27
124.77.244.83 - - [12/Aug/2023:11:37:26 +0800] "POST /xingrg/kc/buy/cgsh_list_operate.html HTTP/1.1" 200 4448
124.77.244.83 - - [12/Aug/2023:11:37:27 +0800] "POST /xingrg/kc/mdqp/pssh_list_operate.html HTTP/1.1" 200 382
180.152.241.196 - - [12/Aug/2023:11:37:28 +0800] "POST /xingrg/services/DataTransmitService HTTP/1.1" 200 501
124.78.155.92 - - [12/Aug/2023:11:37:28 +0800] "POST /xingrg/services/DataTransmitService HTTP/1.1" 200 501
101.83.241.37 - - [12/Aug/2023:11:37:28 +0800] "GET /xingrg/all/function/internal_message.html?_=1691811445324&CODE_STATE=getMsg HTTP/1.1" 200 27
114.83.217.84 - - [12/Aug/2023:11:37:28 +0800] "GET /xingrg/all/function/internal_message.html?_=1691811583539&CODE_STATE=getMsg HTTP/1.1" 200 27
124.77.244.83 - - [12/Aug/2023:11:37:28 +0800] "GET /xingrg/kc/mdqp/pssh_order_info.html?code=312023080800234 HTTP/1.1" 200 14390
124.77.244.83 - - [12/Aug/2023:11:37:28 +0800] "GET /xingrg/javascript/jquery_tools/jquery-1.4.2.min.js HTTP/1.1" 404 1094
124.77.244.83 - - [12/Aug/2023:11:37:28 +0800] "GET /xingrg/javascript/easyui/themes/icons/uncheck_new.png HTTP/1.1" 304 -
124.77.244.83 - - [12/Aug/2023:11:37:28 +0800] "GET /xingrg/javascript/easyui/themes/icons/back_new.png HTTP/1.1" 304 -
124.77.244.83 - - [12/Aug/2023:11:37:28 +0800] "GET /xingrg/javascript/easyui/themes/default/validatebox.css HTTP/1.1" 404 1104
124.77.244.83 - - [12/Aug/2023:11:37:29 +0800] "POST /xingrg/kc/mdqp/pssh_order_operate.html HTTP/1.1" 200 1068
124.78.155.92 - - [12/Aug/2023:11:37:29 +0800] "POST /xingrg/services/DataTransmitService HTTP/1.1" 200 501
116.228.172.122 - - [12/Aug/2023:11:37:29 +0800] "GET /xingrg/kc/buy/cgsh_order_operate.html?command=get_materiel&rest_code=00153&code=00101008155&supplier_code=00100590&order_time=2023-08-09 HTTP/1.1" 200 409
124.78.155.92 - - [12/Aug/2023:11:37:30 +0800] "POST /xingrg/services/DataTransmitService HTTP/1.1" 200 412
116.232.195.127 - - [12/Aug/2023:11:37:30 +0800] "GET /xingrg/all/function/internal_message.html?_=1691811383407&CODE_STATE=getMsg HTTP/1.1" 200 27
116.228.172.122 - - [12/Aug/2023:11:37:38 +0800] "GET /xingrg/kc/buy/cgsh_order_operate.html?command=get_materiel&rest_code=00153&code=00101008350&supplier_code=00100590&order_time=2023-08-09 HTTP/1.1" 200 408
101.83.241.37 - - [12/Aug/2023:11:37:40 +0800] "GET /xingrg/kc/buy/cgsh_order_operate.html?command=get_materiel&rest_code=00149&code=00101028005&supplier_code=00100019&order_time=2023-08-12 HTTP/1.1" 200 434
58.40.7.146 - - [12/Aug/2023:11:37:41 +0800] "GET /xingrg/check_reg.html?_=1691811461240 HTTP/1.1" 200 22
58.40.7.146 - - [12/Aug/2023:11:37:41 +0800] "GET /xingrg/all/function/internal_message.html?_=1691811461244&CODE_STATE=getMsg HTTP/1.1" 200 27
124.78.70.128 - - [12/Aug/2023:11:37:42 +0800] "GET /xingrg/all/function/internal_message.html?_=1691810928525&CODE_STATE=getMsg HTTP/1.1" 200 27
124.78.70.128 - - [12/Aug/2023:11:37:44 +0800] "GET /xingrg/check_reg.html?_=1691810930445 HTTP/1.1" 200 22
120.253.135.82 - - [12/Aug/2023:11:37:44 +0800] "GET /xingrg/all/function/internal_message.html?_=1691811283381&CODE_STATE=getMsg HTTP/1.1" 200 27
116.228.172.122 - - [12/Aug/2023:11:37:45 +0800] "GET /xingrg/kc/buy/cgsh_order_operate.html?command=get_materiel&rest_code=00153&code=00101016051&supplier_code=00100590&order_time=2023-08-09 HTTP/1.1" 200 408
180.163.30.76 - - [12/Aug/2023:11:37:50 +0800] "GET /xingrg/all/function/internal_message.html?_=1691811406365&CODE_STATE=getMsg HTTP/1.1" 302 -
180.163.30.76 - - [12/Aug/2023:11:37:50 +0800] "GET /xingrg/login.html HTTP/1.1" 200 7641
124.78.155.92 - - [12/Aug/2023:11:37:50 +0800] "GET /xingrg/all/function/internal_message.html?_=1691811466351&CODE_STATE=getMsg HTTP/1.1" 200 27
116.228.172.122 - - [12/Aug/2023:11:37:50 +0800] "GET /xingrg/kc/buy/cgsh_order_operate.html?command=get_materiel&rest_code=00153&code=00101008300&supplier_code=00100590&order_time=2023-08-09 HTTP/1.1" 200 412
116.232.34.207 - - [12/Aug/2023:11:37:51 +0800] "POST /xingrg/services/DataTransmitService HTTP/1.1" 200 524
116.232.34.207 - - [12/Aug/2023:11:37:53 +0800] "POST /xingrg/services/DataTransmitService HTTP/1.1" 200 412
180.169.147.146 - - [12/Aug/2023:11:37:53 +0800] "GET /xingrg/check_reg.html?_=1691811471085 HTTP/1.1" 200 22
180.169.147.146 - - [12/Aug/2023:11:37:53 +0800] "GET /xingrg/all/function/internal_message.html?_=1691811471086&CODE_STATE=getMsg HTTP/1.1" 200 27
222.70.118.201 - - [12/Aug/2023:11:37:55 +0800] "GET /xingrg/all/function/internal_message.html?_=1691811487305&CODE_STATE=getMsg HTTP/1.1" 200 27
222.70.118.201 - - [12/Aug/2023:11:37:55 +0800] "GET /xingrg/check_reg.html?_=1691811487306 HTTP/1.1" 200 22
222.65.220.241 - - [12/Aug/2023:11:37:55 +0800] "GET /xingrg/all/function/internal_message.html?_=1691811475611&CODE_STATE=getMsg HTTP/1.1" 200 27
116.228.172.122 - - [12/Aug/2023:11:37:58 +0800] "GET /xingrg/kc/buy/cgsh_order_operate.html?command=get_materiel&rest_code=00153&code=00101008355&supplier_code=00100590&order_time=2023-08-09 HTTP/1.1" 200 408
101.83.241.37 - - [12/Aug/2023:11:37:59 +0800] "GET /xingrg/kc/buy/cgsh_order_operate.html?command=get_materiel&rest_code=00149&code=00101028044&supplier_code=00100019&order_time=2023-08-12 HTTP/1.1" 200 440
101.83.145.37 - - [12/Aug/2023:11:38:02 +0800] "GET /xingrg/all/function/internal_message.html?_=1691811483414&CODE_STATE=getMsg HTTP/1.1" 200 27
222.70.180.200 - - [12/Aug/2023:11:38:04 +0800] "GET /xingrg/all/function/internal_message.html?_=1691811485089&CODE_STATE=getMsg HTTP/1.1" 200 27
116.228.172.122 - - [12/Aug/2023:11:38:06 +0800] "GET /xingrg/kc/buy/cgsh_order_operate.html?command=get_materiel&rest_code=00153&code=00101008377&supplier_code=00100590&order_time=2023-08-09 HTTP/1.1" 200 409
180.162.109.65 - - [12/Aug/2023:11:38:08 +0800] "GET /xingrg/all/function/internal_message.html?_=1691810202603&CODE_STATE=getMsg HTTP/1.1" 200 27
101.83.145.37 - - [12/Aug/2023:11:38:11 +0800] "GET /xingrg/check_reg.html?_=1691811293555 HTTP/1.1" 200 22
101.83.145.37 - - [12/Aug/2023:11:38:11 +0800] "GET /xingrg/all/function/internal_message.html?_=1691811293558&CODE_STATE=getMsg HTTP/1.1" 200 27
116.228.172.122 - - [12/Aug/2023:11:38:14 +0800] "GET /xingrg/kc/buy/cgsh_order_operate.html?command=get_materiel&rest_code=00153&code=00101008424&supplier_code=00100590&order_time=2023-08-09 HTTP/1.1" 200 413
116.228.172.122 - - [12/Aug/2023:11:38:14 +0800] "GET /xingrg/all/function/internal_message.html?_=1691811325596&CODE_STATE=getMsg HTTP/1.1" 200 27
124.79.243.110 - - [12/Aug/2023:11:38:15 +0800] "GET /xingrg/all/function/internal_message.html?_=1691811786057&CODE_STATE=getMsg HTTP/1.1" 200 27
116.228.172.122 - - [12/Aug/2023:11:38:19 +0800] "GET /xingrg/kc/buy/cgsh_order_operate.html?command=get_materiel&rest_code=00153&code=00101008201&supplier_code=00100590&order_time=2023-08-09 HTTP/1.1" 200 412
124.77.244.83 - - [12/Aug/2023:11:38:19 +0800] "GET /xingrg/all/function/internal_message.html?_=1691811500060&CODE_STATE=getMsg HTTP/1.1" 200 27
101.83.241.37 - - [12/Aug/2023:11:38:21 +0800] "GET /xingrg/kc/buy/cgsh_order_operate.html?command=get_materiel&rest_code=00149&code=00101027058&supplier_code=00100019&order_time=2023-08-12 HTTP/1.1" 200 493
116.228.172.122 - - [12/Aug/2023:11:38:24 +0800] "GET /xingrg/kc/buy/cgsh_order_operate.html?command=get_materiel&rest_code=00153&code=00101008101&supplier_code=00100590&order_time=2023-08-09 HTTP/1.1" 200 412
180.152.241.196 - - [12/Aug/2023:11:38:24 +0800] "GET /xingrg/all/function/internal_message.html?_=1691811504525&CODE_STATE=getMsg HTTP/1.1" 200 27
101.83.241.37 - - [12/Aug/2023:11:38:28 +0800] "GET /xingrg/check_reg.html?_=1691811505343 HTTP/1.1" 200 22
101.83.241.37 - - [12/Aug/2023:11:38:28 +0800] "GET /xingrg/all/function/internal_message.html?_=1691811505348&CODE_STATE=getMsg HTTP/1.1" 200 27
114.83.217.84 - - [12/Aug/2023:11:38:28 +0800] "GET /xingrg/all/function/internal_message.html?_=1691811643552&CODE_STATE=getMsg HTTP/1.1" 200 27
116.228.172.122 - - [12/Aug/2023:11:38:30 +0800] "GET /xingrg/kc/buy/cgsh_order_operate.html?command=get_materiel&rest_code=00153&code=00101008417&supplier_code=00100590&order_time=2023-08-09 HTTP/1.1" 200 408
116.232.195.127 - - [12/Aug/2023:11:38:30 +0800] "GET /xingrg/all/function/internal_message.html?_=1691811443395&CODE_STATE=getMsg HTTP/1.1" 200 27
116.228.172.122 - - [12/Aug/2023:11:38:35 +0800] "GET /xingrg/kc/buy/cgsh_order_operate.html?command=get_materiel&rest_code=00153&code=00101008244&supplier_code=00100590&order_time=2023-08-09 HTTP/1.1" 200 408
116.228.172.122 - - [12/Aug/2023:11:38:41 +0800] "GET /xingrg/kc/buy/cgsh_order_operate.html?command=get_materiel&rest_code=00153&code=00101008356&supplier_code=00100590&order_time=2023-08-09 HTTP/1.1" 200 409
58.40.7.146 - - [12/Aug/2023:11:38:41 +0800] "GET /xingrg/all/function/internal_message.html?_=1691811521249&CODE_STATE=getMsg HTTP/1.1" 200 27
124.78.70.128 - - [12/Aug/2023:11:38:42 +0800] "GET /xingrg/all/function/internal_message.html?_=1691810988495&CODE_STATE=getMsg HTTP/1.1" 200 27
120.253.135.82 - - [12/Aug/2023:11:38:44 +0800] "GET /xingrg/all/function/internal_message.html?_=1691811343555&CODE_STATE=getMsg HTTP/1.1" 200 27
124.78.155.92 - - [12/Aug/2023:11:38:50 +0800] "GET /xingrg/all/function/internal_message.html?_=1691811526324&CODE_STATE=getMsg HTTP/1.1" 200 27
180.169.147.146 - - [12/Aug/2023:11:38:53 +0800] "GET /xingrg/all/function/internal_message.html?_=1691811531077&CODE_STATE=getMsg HTTP/1.1" 200 27
222.70.118.201 - - [12/Aug/2023:11:38:55 +0800] "GET /xingrg/all/function/internal_message.html?_=1691811547307&CODE_STATE=getMsg HTTP/1.1" 200 27
222.65.220.241 - - [12/Aug/2023:11:38:55 +0800] "GET /xingrg/all/function/internal_message.html?_=1691811535585&CODE_STATE=getMsg HTTP/1.1" 200 27
101.83.145.37 - - [12/Aug/2023:11:39:02 +0800] "GET /xingrg/all/function/internal_message.html?_=1691811543420&CODE_STATE=getMsg HTTP/1.1" 200 27
124.77.244.83 - - [12/Aug/2023:11:39:03 +0800] "POST /xingrg/kc/mdqp/pssh_list_operate.html HTTP/1.1" 200 364
124.77.244.83 - - [12/Aug/2023:11:39:04 +0800] "GET /xingrg/kc/mdqp/pssh_order_info.html?code=312023081000274 HTTP/1.1" 200 17272
124.77.244.83 - - [12/Aug/2023:11:39:04 +0800] "GET /xingrg/javascript/jquery_tools/jquery-1.4.2.min.js HTTP/1.1" 404 1094
222.70.180.200 - - [12/Aug/2023:11:39:04 +0800] "GET /xingrg/all/function/internal_message.html?_=1691811545089&CODE_STATE=getMsg HTTP/1.1" 200 27
124.77.244.83 - - [12/Aug/2023:11:39:04 +0800] "POST /xingrg/kc/mdqp/pssh_order_operate.html HTTP/1.1" 200 1046
124.77.244.83 - - [12/Aug/2023:11:39:04 +0800] "GET /xingrg/javascript/easyui/themes/default/validatebox.css HTTP/1.1" 404 1104
124.77.244.83 - - [12/Aug/2023:11:39:04 +0800] "GET /xingrg/all/common/auto_word.html?type=base&rest_code=00146&rest_code=00146 HTTP/1.1" 200 1799
180.162.109.65 - - [12/Aug/2023:11:39:08 +0800] "GET /xingrg/all/function/internal_message.html?_=1691810262594&CODE_STATE=getMsg HTTP/1.1" 200 27
101.83.145.37 - - [12/Aug/2023:11:39:11 +0800] "GET /xingrg/all/function/internal_message.html?_=1691811353560&CODE_STATE=getMsg HTTP/1.1" 200 27
116.228.172.122 - - [12/Aug/2023:11:39:14 +0800] "GET /xingrg/all/function/internal_message.html?_=1691811385675&CODE_STATE=getMsg HTTP/1.1" 200 27
116.228.172.122 - - [12/Aug/2023:11:39:14 +0800] "GET /xingrg/check_reg.html?_=1691811385678 HTTP/1.1" 200 22
124.79.243.110 - - [12/Aug/2023:11:39:15 +0800] "GET /xingrg/check_reg.html?_=1691811846072 HTTP/1.1" 200 22
124.79.243.110 - - [12/Aug/2023:11:39:15 +0800] "GET /xingrg/all/function/internal_message.html?_=1691811846071&CODE_STATE=getMsg HTTP/1.1" 200 27
180.162.109.65 - - [12/Aug/2023:11:39:16 +0800] "POST /xingrg/kc/buy/cgsh_order_operate.html HTTP/1.1" 200 37
101.83.241.37 - - [12/Aug/2023:11:39:16 +0800] "GET /xingrg/kc/buy/cgsh_order_operate.html?command=get_materiel&rest_code=00149&code=00101028011&supplier_code=00100019&order_time=2023-08-12 HTTP/1.1" 200 454
