116.232.195.127 - - [07/Aug/2023:10:16:26 +0800] "GET /xingrg/all/function/internal_message.html?_=1691374515407&CODE_STATE=getMsg HTTP/1.1" 200 27
222.70.180.200 - - [07/Aug/2023:10:16:28 +0800] "GET /xingrg/all/function/internal_message.html?_=1691374588142&CODE_STATE=getMsg HTTP/1.1" 200 27
116.232.195.127 - - [07/Aug/2023:10:16:28 +0800] "GET /xingrg/all/function/internal_message.html?_=1691374517661&CODE_STATE=getMsg HTTP/1.1" 200 27
114.83.221.135 - - [07/Aug/2023:10:16:29 +0800] "POST /xingrg/dwr/call/plaincall/AjaxQqpsService.getMaterielByCode.dwr HTTP/1.1" 200 2835
124.77.240.204 - - [07/Aug/2023:10:16:29 +0800] "GET /xingrg/check_reg.html?_=1691374590593 HTTP/1.1" 200 22
222.65.220.241 - - [07/Aug/2023:10:16:30 +0800] "GET /xingrg/all/function/internal_message.html?_=1691374590865&CODE_STATE=getMsg HTTP/1.1" 200 27
101.83.145.37 - - [07/Aug/2023:10:16:31 +0800] "GET /xingrg/all/function/internal_message.html?_=1691374590893&CODE_STATE=getMsg HTTP/1.1" 200 27
222.70.180.200 - - [07/Aug/2023:10:16:31 +0800] "GET /xingrg/all/function/internal_message.html?_=1691374591405&CODE_STATE=getMsg HTTP/1.1" 200 27
116.232.195.127 - - [07/Aug/2023:10:16:32 +0800] "GET /xingrg/check_reg.html?_=1691374521256 HTTP/1.1" 200 22
116.232.195.127 - - [07/Aug/2023:10:16:32 +0800] "GET /xingrg/all/function/internal_message.html?_=1691374521258&CODE_STATE=getMsg HTTP/1.1" 200 27
124.78.155.92 - - [07/Aug/2023:10:16:32 +0800] "GET /xingrg/all/function/internal_message.html?_=1691374592184&CODE_STATE=getMsg HTTP/1.1" 200 27
114.83.221.135 - - [07/Aug/2023:10:16:36 +0800] "POST /xingrg/dwr/call/plaincall/AjaxQqpsService.saveMaterielItem.dwr HTTP/1.1" 200 79
124.77.240.204 - - [07/Aug/2023:10:16:37 +0800] "GET /xingrg/all/function/internal_message.html?_=1691374598405&CODE_STATE=getMsg HTTP/1.1" 200 27
114.83.221.135 - - [07/Aug/2023:10:16:39 +0800] "POST /xingrg/dwr/call/plaincall/AjaxQqpsService.checkOrder.dwr HTTP/1.1" 200 79
116.232.195.127 - - [07/Aug/2023:10:16:39 +0800] "GET /xingrg/check_reg.html?_=1691374528004 HTTP/1.1" 200 22
114.83.221.135 - - [07/Aug/2023:10:16:42 +0800] "GET /xingrg/kc/mdqp/qqps_order_info.html?code=302023080700136 HTTP/1.1" 200 26801
114.83.221.135 - - [07/Aug/2023:10:16:42 +0800] "GET /xingrg/dwr/engine.js HTTP/1.1" 200 43631
114.83.221.135 - - [07/Aug/2023:10:16:42 +0800] "GET /xingrg/dwr/interface/AjaxComOrderService.js HTTP/1.1" 200 18264
114.83.221.135 - - [07/Aug/2023:10:16:42 +0800] "GET /xingrg/dwr/interface/AjaxQqpsService.js HTTP/1.1" 200 16326
114.83.221.135 - - [07/Aug/2023:10:16:43 +0800] "POST /xingrg/dwr/call/plaincall/AjaxQqpsService.loadMaterielItems.dwr HTTP/1.1" 200 11056
222.70.180.200 - - [07/Aug/2023:10:16:44 +0800] "GET /xingrg/all/function/internal_message.html?_=1691374604624&CODE_STATE=getMsg HTTP/1.1" 200 27
218.81.69.41 - - [07/Aug/2023:10:16:45 +0800] "GET /xingrg/check_reg.html?_=1691374603136 HTTP/1.1" 200 22
218.81.69.41 - - [07/Aug/2023:10:16:45 +0800] "GET /xingrg/all/function/internal_message.html?_=1691374603139&CODE_STATE=getMsg HTTP/1.1" 200 27
114.83.221.135 - - [07/Aug/2023:10:16:45 +0800] "GET /xingrg/kc/mdqp/qqps_order_list.html?isBack=1 HTTP/1.1" 200 10088
114.83.221.135 - - [07/Aug/2023:10:16:45 +0800] "GET /xingrg/dwr/interface/AjaxQqpsService.js HTTP/1.1" 200 16326
114.83.221.135 - - [07/Aug/2023:10:16:45 +0800] "GET /xingrg/dwr/interface/AjaxReportQueryService.js HTTP/1.1" 200 13203
114.83.221.135 - - [07/Aug/2023:10:16:45 +0800] "GET /xingrg/dwr/engine.js HTTP/1.1" 200 43631
114.83.223.61 - - [07/Aug/2023:10:16:47 +0800] "GET /xingrg/all/function/internal_message.html?_=1691374739893&CODE_STATE=getMsg HTTP/1.1" 200 27
116.238.191.126 - - [07/Aug/2023:10:16:55 +0800] "GET /xingrg/all/function/internal_message.html?_=1691374614815&CODE_STATE=getMsg HTTP/1.1" 200 27
222.70.180.200 - - [07/Aug/2023:10:16:58 +0800] "GET /xingrg/kc/buy/cgsh_order_operate.html?command=get_materiel&rest_code=00111&code=00101008101&supplier_code=00100005&order_time=2023-08-07 HTTP/1.1" 200 412
180.152.241.196 - - [07/Aug/2023:10:17:04 +0800] "GET /xingrg/javascript/easyui/themes/default/tree.css HTTP/1.1" 404 1090
180.152.241.196 - - [07/Aug/2023:10:17:05 +0800] "POST /xingrg/all/common/load_tree.html?tree=supplier_tree_json&isDelete=1 HTTP/1.1" 200 74662
124.78.70.128 - - [07/Aug/2023:10:17:07 +0800] "GET /xingrg/all/function/internal_message.html?_=1691374095282&CODE_STATE=getMsg HTTP/1.1" 200 27
124.79.243.110 - - [07/Aug/2023:10:17:07 +0800] "GET /xingrg/all/function/internal_message.html?_=1691374623322&CODE_STATE=getMsg HTTP/1.1" 302 -
116.238.191.126 - - [07/Aug/2023:10:17:17 +0800] "GET /xingrg/all/function/internal_message.html?_=1691374554244&CODE_STATE=getMsg HTTP/1.1" 200 27
114.83.221.135 - - [07/Aug/2023:10:17:20 +0800] "GET /xingrg/all/function/internal_message.html?_=1691374638785&CODE_STATE=getMsg HTTP/1.1" 200 27
101.83.145.37 - - [07/Aug/2023:10:17:21 +0800] "GET /xingrg/all/function/internal_message.html?_=1691374446292&CODE_STATE=getMsg HTTP/1.1" 200 27
101.83.145.37 - - [07/Aug/2023:10:17:21 +0800] "GET /xingrg/check_reg.html?_=1691374446295 HTTP/1.1" 200 22
114.83.221.135 - - [07/Aug/2023:10:17:22 +0800] "POST /xingrg/kc/buy/cgsh_list_operate.html HTTP/1.1" 200 986
222.70.114.12 - - [07/Aug/2023:10:17:23 +0800] "GET /xingrg/all/function/internal_message.html?_=1691374645895&CODE_STATE=getMsg HTTP/1.1" 200 27
124.77.240.204 - - [07/Aug/2023:10:17:24 +0800] "POST /xingrg/services/DataTransmitService HTTP/1.1" 200 524
124.77.240.204 - - [07/Aug/2023:10:17:26 +0800] "POST /xingrg/services/DataTransmitService HTTP/1.1" 200 2335
180.152.241.196 - - [07/Aug/2023:10:17:26 +0800] "GET /xingrg/all/function/internal_message.html?_=1691374646336&CODE_STATE=getMsg HTTP/1.1" 200 27
116.232.195.127 - - [07/Aug/2023:10:17:26 +0800] "GET /xingrg/all/function/internal_message.html?_=1691374575390&CODE_STATE=getMsg HTTP/1.1" 200 27
124.77.240.204 - - [07/Aug/2023:10:17:27 +0800] "POST /xingrg/services/DataTransmitService HTTP/1.1" 200 175823
222.70.180.200 - - [07/Aug/2023:10:17:28 +0800] "GET /xingrg/all/function/internal_message.html?_=1691374648142&CODE_STATE=getMsg HTTP/1.1" 200 27
116.232.195.127 - - [07/Aug/2023:10:17:28 +0800] "GET /xingrg/all/function/internal_message.html?_=1691374577644&CODE_STATE=getMsg HTTP/1.1" 200 27
222.65.220.241 - - [07/Aug/2023:10:17:30 +0800] "GET /xingrg/check_reg.html?_=1691374650845 HTTP/1.1" 200 22
222.65.220.241 - - [07/Aug/2023:10:17:30 +0800] "GET /xingrg/all/function/internal_message.html?_=1691374650848&CODE_STATE=getMsg HTTP/1.1" 200 27
101.83.145.37 - - [07/Aug/2023:10:17:31 +0800] "GET /xingrg/all/function/internal_message.html?_=1691374650866&CODE_STATE=getMsg HTTP/1.1" 200 27
222.70.180.200 - - [07/Aug/2023:10:17:31 +0800] "GET /xingrg/all/function/internal_message.html?_=1691374651390&CODE_STATE=getMsg HTTP/1.1" 200 27
116.232.195.127 - - [07/Aug/2023:10:17:32 +0800] "GET /xingrg/all/function/internal_message.html?_=1691374581271&CODE_STATE=getMsg HTTP/1.1" 200 27
124.78.155.92 - - [07/Aug/2023:10:17:32 +0800] "GET /xingrg/all/function/internal_message.html?_=1691374652192&CODE_STATE=getMsg HTTP/1.1" 200 27
124.78.155.92 - - [07/Aug/2023:10:17:32 +0800] "GET /xingrg/check_reg.html?_=1691374652188 HTTP/1.1" 200 22
124.77.240.204 - - [07/Aug/2023:10:17:37 +0800] "GET /xingrg/all/function/internal_message.html?_=1691374658418&CODE_STATE=getMsg HTTP/1.1" 200 27
222.70.180.200 - - [07/Aug/2023:10:17:44 +0800] "GET /xingrg/all/function/internal_message.html?_=1691374664600&CODE_STATE=getMsg HTTP/1.1" 200 27
218.81.69.41 - - [07/Aug/2023:10:17:45 +0800] "GET /xingrg/all/function/internal_message.html?_=1691374663138&CODE_STATE=getMsg HTTP/1.1" 200 27
114.83.223.61 - - [07/Aug/2023:10:17:47 +0800] "GET /xingrg/check_reg.html?_=1691374799891 HTTP/1.1" 200 22
114.83.223.61 - - [07/Aug/2023:10:17:47 +0800] "GET /xingrg/all/function/internal_message.html?_=1691374799894&CODE_STATE=getMsg HTTP/1.1" 200 27
222.70.180.200 - - [07/Aug/2023:10:17:52 +0800] "GET /xingrg/kc/buy/cgsh_order_operate.html?command=get_materiel&rest_code=00111&code=00101008318&supplier_code=00100005&order_time=2023-08-07 HTTP/1.1" 200 408
116.238.191.126 - - [07/Aug/2023:10:17:56 +0800] "GET /xingrg/all/function/internal_message.html?_=1691374674817&CODE_STATE=getMsg HTTP/1.1" 200 27
114.83.221.135 - - [07/Aug/2023:10:17:59 +0800] "GET /xingrg/kc/buy/cgsh_order_list.html HTTP/1.1" 200 56017
114.83.221.135 - - [07/Aug/2023:10:18:03 +0800] "POST /xingrg/kc/buy/cgsh_list_operate.html HTTP/1.1" 200 986
114.83.221.135 - - [07/Aug/2023:10:18:05 +0800] "GET /xingrg/kc/buy/cgsh_order_add.html HTTP/1.1" 200 71881
114.83.221.135 - - [07/Aug/2023:10:18:05 +0800] "POST /xingrg/kc/buy/cgsh_order_operate.html HTTP/1.1" 200 8245
114.83.221.135 - - [07/Aug/2023:10:18:05 +0800] "GET /xingrg/javascript/easyui/themes/default/validatebox.css HTTP/1.1" 404 1104
124.78.70.128 - - [07/Aug/2023:10:18:07 +0800] "GET /xingrg/all/function/internal_message.html?_=1691374155259&CODE_STATE=getMsg HTTP/1.1" 200 27
124.79.243.110 - - [07/Aug/2023:10:18:07 +0800] "GET /xingrg/check_reg.html?_=1691374683323 HTTP/1.1" 302 -
124.79.243.110 - - [07/Aug/2023:10:18:07 +0800] "GET /xingrg/all/function/internal_message.html?_=1691374683328&CODE_STATE=getMsg HTTP/1.1" 302 -
114.83.221.135 - - [07/Aug/2023:10:18:13 +0800] "GET /xingrg/javascript/auto/indicator.gif HTTP/1.1" 404 1066
114.83.221.135 - - [07/Aug/2023:10:18:14 +0800] "GET /xingrg/javascript/jquery_tools/images/prev.gif HTTP/1.1" 404 1086
114.83.221.135 - - [07/Aug/2023:10:18:14 +0800] "GET /xingrg/javascript/jquery_tools/images/next.gif HTTP/1.1" 404 1086
116.238.191.126 - - [07/Aug/2023:10:18:16 +0800] "GET /xingrg/check_reg.html?_=1691374613647 HTTP/1.1" 200 22
116.238.191.126 - - [07/Aug/2023:10:18:17 +0800] "GET /xingrg/all/function/internal_message.html?_=1691374614258&CODE_STATE=getMsg HTTP/1.1" 200 27
114.83.221.135 - - [07/Aug/2023:10:18:19 +0800] "GET /xingrg/all/function/internal_message.html?_=1691374698766&CODE_STATE=getMsg HTTP/1.1" 200 27
101.83.145.37 - - [07/Aug/2023:10:18:21 +0800] "GET /xingrg/all/function/internal_message.html?_=1691374506294&CODE_STATE=getMsg HTTP/1.1" 200 27
222.70.114.12 - - [07/Aug/2023:10:18:23 +0800] "GET /xingrg/all/function/internal_message.html?_=1691374705901&CODE_STATE=getMsg HTTP/1.1" 200 27
124.77.240.204 - - [07/Aug/2023:10:18:25 +0800] "POST /xingrg/services/DataTransmitService HTTP/1.1" 200 524
180.152.241.196 - - [07/Aug/2023:10:18:26 +0800] "GET /xingrg/check_reg.html?_=1691374706226 HTTP/1.1" 200 22
180.152.241.196 - - [07/Aug/2023:10:18:26 +0800] "GET /xingrg/all/function/internal_message.html?_=1691374706311&CODE_STATE=getMsg HTTP/1.1" 200 27
116.232.195.127 - - [07/Aug/2023:10:18:26 +0800] "GET /xingrg/all/function/internal_message.html?_=1691374635369&CODE_STATE=getMsg HTTP/1.1" 200 27
222.70.180.200 - - [07/Aug/2023:10:18:28 +0800] "GET /xingrg/check_reg.html?_=1691374708143 HTTP/1.1" 200 22
222.70.180.200 - - [07/Aug/2023:10:18:28 +0800] "GET /xingrg/all/function/internal_message.html?_=1691374708144&CODE_STATE=getMsg HTTP/1.1" 200 27
116.232.195.127 - - [07/Aug/2023:10:18:28 +0800] "GET /xingrg/all/function/internal_message.html?_=1691374637626&CODE_STATE=getMsg HTTP/1.1" 200 27
222.65.220.241 - - [07/Aug/2023:10:18:30 +0800] "GET /xingrg/all/function/internal_message.html?_=1691374710857&CODE_STATE=getMsg HTTP/1.1" 200 27
101.83.145.37 - - [07/Aug/2023:10:18:31 +0800] "GET /xingrg/all/function/internal_message.html?_=1691374710843&CODE_STATE=getMsg HTTP/1.1" 200 27
222.70.180.200 - - [07/Aug/2023:10:18:31 +0800] "GET /xingrg/all/function/internal_message.html?_=1691374711374&CODE_STATE=getMsg HTTP/1.1" 200 27
180.163.29.217 - - [07/Aug/2023:10:18:32 +0800] "GET /xingrg/all/function/internal_message.html?_=1691374652192&CODE_STATE=getMsg HTTP/1.1" 302 -
180.163.29.217 - - [07/Aug/2023:10:18:32 +0800] "GET /xingrg/login.html HTTP/1.1" 200 7641
116.232.195.127 - - [07/Aug/2023:10:18:32 +0800] "GET /xingrg/all/function/internal_message.html?_=1691374641271&CODE_STATE=getMsg HTTP/1.1" 200 27
124.78.155.92 - - [07/Aug/2023:10:18:32 +0800] "GET /xingrg/all/function/internal_message.html?_=1691374712180&CODE_STATE=getMsg HTTP/1.1" 200 27
101.83.145.37 - - [07/Aug/2023:10:18:33 +0800] "GET /xingrg/check_reg.html?_=1691374712403 HTTP/1.1" 200 22
114.83.221.135 - - [07/Aug/2023:10:18:37 +0800] "GET /xingrg/kc/buy/cgsh_order_operate.html?command=get_materiel&rest_code=00149&code=00101004017&supplier_code=00100083&order_time=2023-08-07 HTTP/1.1" 200 413
124.77.240.204 - - [07/Aug/2023:10:18:38 +0800] "GET /xingrg/all/function/internal_message.html?_=1691374718617&CODE_STATE=getMsg HTTP/1.1" 200 27
222.70.180.200 - - [07/Aug/2023:10:18:44 +0800] "GET /xingrg/check_reg.html?_=1691374724028 HTTP/1.1" 200 22
222.70.180.200 - - [07/Aug/2023:10:18:44 +0800] "GET /xingrg/all/function/internal_message.html?_=1691374724571&CODE_STATE=getMsg HTTP/1.1" 200 27
218.81.69.41 - - [07/Aug/2023:10:18:45 +0800] "GET /xingrg/all/function/internal_message.html?_=1691374723164&CODE_STATE=getMsg HTTP/1.1" 200 27
114.83.223.61 - - [07/Aug/2023:10:18:47 +0800] "GET /xingrg/all/function/internal_message.html?_=1691374859880&CODE_STATE=getMsg HTTP/1.1" 200 27
116.232.195.127 - - [07/Aug/2023:10:18:50 +0800] "GET /xingrg/check_reg.html?_=1691374659648 HTTP/1.1" 200 22
116.238.191.126 - - [07/Aug/2023:10:18:56 +0800] "GET /xingrg/check_reg.html?_=1691374734818 HTTP/1.1" 200 22
116.238.191.126 - - [07/Aug/2023:10:18:56 +0800] "GET /xingrg/all/function/internal_message.html?_=1691374734822&CODE_STATE=getMsg HTTP/1.1" 200 27
120.253.135.82 - - [07/Aug/2023:10:19:01 +0800] "GET /xingrg/check_reg.html?_=1691374560951 HTTP/1.1" 200 22
124.78.70.128 - - [07/Aug/2023:10:19:07 +0800] "GET /xingrg/all/function/internal_message.html?_=1691374215227&CODE_STATE=getMsg HTTP/1.1" 200 27
124.79.243.110 - - [07/Aug/2023:10:19:07 +0800] "GET /xingrg/all/function/internal_message.html?_=1691374743331&CODE_STATE=getMsg HTTP/1.1" 302 -
116.238.191.126 - - [07/Aug/2023:10:19:17 +0800] "GET /xingrg/all/function/internal_message.html?_=1691374674287&CODE_STATE=getMsg HTTP/1.1" 200 27
114.83.221.135 - - [07/Aug/2023:10:19:19 +0800] "GET /xingrg/check_reg.html?_=1691374758573 HTTP/1.1" 200 22
114.83.221.135 - - [07/Aug/2023:10:19:19 +0800] "GET /xingrg/all/function/internal_message.html?_=1691374758746&CODE_STATE=getMsg HTTP/1.1" 200 27
101.83.145.37 - - [07/Aug/2023:10:19:21 +0800] "GET /xingrg/all/function/internal_message.html?_=1691374566294&CODE_STATE=getMsg HTTP/1.1" 200 27
222.70.114.12 - - [07/Aug/2023:10:19:23 +0800] "GET /xingrg/all/function/internal_message.html?_=1691374765892&CODE_STATE=getMsg HTTP/1.1" 200 27
180.152.241.196 - - [07/Aug/2023:10:19:26 +0800] "GET /xingrg/all/function/internal_message.html?_=1691374766301&CODE_STATE=getMsg HTTP/1.1" 200 27
116.232.195.127 - - [07/Aug/2023:10:19:26 +0800] "GET /xingrg/all/function/internal_message.html?_=1691374695345&CODE_STATE=getMsg HTTP/1.1" 200 27
222.70.180.200 - - [07/Aug/2023:10:19:28 +0800] "GET /xingrg/all/function/internal_message.html?_=1691374768141&CODE_STATE=getMsg HTTP/1.1" 200 27
116.232.195.127 - - [07/Aug/2023:10:19:28 +0800] "GET /xingrg/all/function/internal_message.html?_=1691374697616&CODE_STATE=getMsg HTTP/1.1" 200 27
222.65.220.241 - - [07/Aug/2023:10:19:30 +0800] "GET /xingrg/all/function/internal_message.html?_=1691374770858&CODE_STATE=getMsg HTTP/1.1" 200 27
101.83.145.37 - - [07/Aug/2023:10:19:31 +0800] "GET /xingrg/all/function/internal_message.html?_=1691374770822&CODE_STATE=getMsg HTTP/1.1" 200 27
222.70.180.200 - - [07/Aug/2023:10:19:31 +0800] "GET /xingrg/all/function/internal_message.html?_=1691374771345&CODE_STATE=getMsg HTTP/1.1" 200 27
180.163.29.103 - - [07/Aug/2023:10:19:32 +0800] "GET /xingrg/all/function/internal_message.html?_=1691374712180&CODE_STATE=getMsg HTTP/1.1" 302 -
180.163.29.103 - - [07/Aug/2023:10:19:32 +0800] "GET /xingrg/login.html HTTP/1.1" 200 7641
116.232.195.127 - - [07/Aug/2023:10:19:32 +0800] "GET /xingrg/all/function/internal_message.html?_=1691374701262&CODE_STATE=getMsg HTTP/1.1" 200 27
124.78.155.92 - - [07/Aug/2023:10:19:32 +0800] "GET /xingrg/all/function/internal_message.html?_=1691374772182&CODE_STATE=getMsg HTTP/1.1" 200 27
124.77.240.204 - - [07/Aug/2023:10:19:38 +0800] "GET /xingrg/all/function/internal_message.html?_=1691374778632&CODE_STATE=getMsg HTTP/1.1" 200 27
222.70.180.200 - - [07/Aug/2023:10:19:44 +0800] "GET /xingrg/all/function/internal_message.html?_=1691374784547&CODE_STATE=getMsg HTTP/1.1" 200 27
218.81.69.41 - - [07/Aug/2023:10:19:45 +0800] "GET /xingrg/all/function/internal_message.html?_=1691374783164&CODE_STATE=getMsg HTTP/1.1" 200 27
114.83.223.61 - - [07/Aug/2023:10:19:47 +0800] "GET /xingrg/all/function/internal_message.html?_=1691374919896&CODE_STATE=getMsg HTTP/1.1" 200 27
116.238.191.126 - - [07/Aug/2023:10:19:56 +0800] "GET /xingrg/all/function/internal_message.html?_=1691374794820&CODE_STATE=getMsg HTTP/1.1" 200 27
222.70.180.200 - - [07/Aug/2023:10:19:58 +0800] "GET /xingrg/kc/buy/cgsh_order_operate.html?command=get_materiel&rest_code=00111&code=00101008264&supplier_code=00100005&order_time=2023-08-07 HTTP/1.1" 200 412
124.77.240.204 - - [07/Aug/2023:10:20:00 +0800] "POST /xingrg/services/DataTransmitService HTTP/1.1" 200 501
124.77.240.204 - - [07/Aug/2023:10:20:04 +0800] "POST /xingrg/services/DataTransmitService HTTP/1.1" 200 524
124.77.240.204 - - [07/Aug/2023:10:20:04 +0800] "POST /xingrg/services/DataTransmitService HTTP/1.1" 200 412
124.78.70.128 - - [07/Aug/2023:10:20:07 +0800] "GET /xingrg/all/function/internal_message.html?_=1691374275202&CODE_STATE=getMsg HTTP/1.1" 200 27
124.77.240.204 - - [07/Aug/2023:10:20:07 +0800] "POST /xingrg/services/DataTransmitService HTTP/1.1" 200 524
124.79.243.110 - - [07/Aug/2023:10:20:07 +0800] "GET /xingrg/all/function/internal_message.html?_=1691374803310&CODE_STATE=getMsg HTTP/1.1" 302 -
124.77.240.204 - - [07/Aug/2023:10:20:08 +0800] "POST /xingrg/services/DataTransmitService HTTP/1.1" 200 412
124.77.240.204 - - [07/Aug/2023:10:20:09 +0800] "POST /xingrg/services/DataTransmitService HTTP/1.1" 200 524
124.77.240.204 - - [07/Aug/2023:10:20:11 +0800] "POST /xingrg/services/DataTransmitService HTTP/1.1" 200 2335
116.238.191.126 - - [07/Aug/2023:10:20:17 +0800] "GET /xingrg/all/function/internal_message.html?_=1691374734300&CODE_STATE=getMsg HTTP/1.1" 200 27
114.83.221.135 - - [07/Aug/2023:10:20:19 +0800] "GET /xingrg/all/function/internal_message.html?_=1691374818724&CODE_STATE=getMsg HTTP/1.1" 200 27
101.83.145.37 - - [07/Aug/2023:10:20:21 +0800] "GET /xingrg/all/function/internal_message.html?_=1691374626295&CODE_STATE=getMsg HTTP/1.1" 200 27
222.70.114.12 - - [07/Aug/2023:10:20:23 +0800] "GET /xingrg/all/function/internal_message.html?_=1691374825898&CODE_STATE=getMsg HTTP/1.1" 200 27
124.77.240.204 - - [07/Aug/2023:10:20:24 +0800] "POST /xingrg/services/DataTransmitService HTTP/1.1" 200 524
114.83.221.135 - - [07/Aug/2023:10:20:25 +0800] "GET /xingrg/kc/buy/cgsh_order_operate.html?command=get_materiel&rest_code=00149&code=00101004065&supplier_code=00100083&order_time=2023-08-07 HTTP/1.1" 200 415
180.152.241.196 - - [07/Aug/2023:10:20:26 +0800] "GET /xingrg/all/function/internal_message.html?_=1691374826280&CODE_STATE=getMsg HTTP/1.1" 200 27
116.232.195.127 - - [07/Aug/2023:10:20:26 +0800] "GET /xingrg/all/function/internal_message.html?_=1691374755334&CODE_STATE=getMsg HTTP/1.1" 200 27
222.70.180.200 - - [07/Aug/2023:10:20:28 +0800] "GET /xingrg/all/function/internal_message.html?_=1691374828139&CODE_STATE=getMsg HTTP/1.1" 200 27
116.232.195.127 - - [07/Aug/2023:10:20:28 +0800] "GET /xingrg/all/function/internal_message.html?_=1691374757599&CODE_STATE=getMsg HTTP/1.1" 200 27
222.65.220.241 - - [07/Aug/2023:10:20:30 +0800] "GET /xingrg/all/function/internal_message.html?_=1691374830853&CODE_STATE=getMsg HTTP/1.1" 200 27
101.83.145.37 - - [07/Aug/2023:10:20:31 +0800] "GET /xingrg/all/function/internal_message.html?_=1691374830798&CODE_STATE=getMsg HTTP/1.1" 200 27
222.70.180.200 - - [07/Aug/2023:10:20:31 +0800] "GET /xingrg/all/function/internal_message.html?_=1691374831315&CODE_STATE=getMsg HTTP/1.1" 200 27
116.232.195.127 - - [07/Aug/2023:10:20:32 +0800] "GET /xingrg/all/function/internal_message.html?_=1691374761272&CODE_STATE=getMsg HTTP/1.1" 200 27
124.78.70.128 - - [07/Aug/2023:10:20:35 +0800] "GET /xingrg/check_reg.html?_=1691374303696 HTTP/1.1" 200 22
124.77.240.204 - - [07/Aug/2023:10:20:38 +0800] "GET /xingrg/all/function/internal_message.html?_=1691374838808&CODE_STATE=getMsg HTTP/1.1" 200 27
114.83.221.135 - - [07/Aug/2023:10:20:42 +0800] "GET /xingrg/kc/buy/cgsh_order_operate.html?command=get_materiel&rest_code=00149&code=00101005055&supplier_code=00100083&order_time=2023-08-07 HTTP/1.1" 200 406
180.152.241.196 - - [07/Aug/2023:10:20:43 +0800] "GET /favicon.ico HTTP/1.1" 404 -
124.78.155.92 - - [07/Aug/2023:10:20:44 +0800] "GET /xingrg/all/function/internal_message.html?_=1691374832184&CODE_STATE=getMsg HTTP/1.1" 200 27
222.70.180.200 - - [07/Aug/2023:10:20:44 +0800] "GET /xingrg/all/function/internal_message.html?_=1691374844520&CODE_STATE=getMsg HTTP/1.1" 200 27
222.70.180.200 - - [07/Aug/2023:10:20:45 +0800] "GET /xingrg/check_reg.html?_=1691374844758 HTTP/1.1" 200 22
218.81.69.41 - - [07/Aug/2023:10:20:45 +0800] "GET /xingrg/all/function/internal_message.html?_=1691374843163&CODE_STATE=getMsg HTTP/1.1" 200 27
114.83.223.61 - - [07/Aug/2023:10:20:47 +0800] "GET /xingrg/all/function/internal_message.html?_=1691374979889&CODE_STATE=getMsg HTTP/1.1" 200 27
124.78.70.128 - - [07/Aug/2023:10:20:47 +0800] "POST /xingrg/services/DataTransmitService HTTP/1.1" 401 565
124.78.70.128 - - [07/Aug/2023:10:20:47 +0800] "POST /xingrg/services/DataTransmitService HTTP/1.1" 200 478
124.78.70.128 - - [07/Aug/2023:10:20:47 +0800] "POST /xingrg/services/DataTransmitService HTTP/1.1" 200 1319
124.78.70.128 - - [07/Aug/2023:10:20:47 +0800] "POST /xingrg/services/DataTransmitService HTTP/1.1" 200 478
124.78.70.128 - - [07/Aug/2023:10:20:47 +0800] "POST /xingrg/services/DataTransmitService HTTP/1.1" 200 1319
124.78.70.128 - - [07/Aug/2023:10:20:47 +0800] "POST /xingrg/services/DataTransmitService HTTP/1.1" 200 524
124.78.70.128 - - [07/Aug/2023:10:20:49 +0800] "POST /xingrg/services/DataTransmitService HTTP/1.1" 200 2331
124.78.70.128 - - [07/Aug/2023:10:20:52 +0800] "POST /xingrg/services/DataTransmitService HTTP/1.1" 200 172454
222.70.180.200 - - [07/Aug/2023:10:20:55 +0800] "GET /xingrg/kc/buy/cgsh_order_operate.html?command=get_materiel&rest_code=00111&code=00101008356&supplier_code=00100005&order_time=2023-08-07 HTTP/1.1" 200 408
116.238.191.126 - - [07/Aug/2023:10:20:56 +0800] "GET /xingrg/all/function/internal_message.html?_=1691374854821&CODE_STATE=getMsg HTTP/1.1" 200 27
114.83.221.135 - - [07/Aug/2023:10:21:04 +0800] "GET /xingrg/kc/buy/cgsh_order_operate.html?command=get_materiel&rest_code=00149&code=00101001045&supplier_code=00100083&order_time=2023-08-07 HTTP/1.1" 200 423
124.78.70.128 - - [07/Aug/2023:10:21:07 +0800] "GET /xingrg/all/function/internal_message.html?_=1691374335181&CODE_STATE=getMsg HTTP/1.1" 200 27
124.79.243.110 - - [07/Aug/2023:10:21:07 +0800] "GET /xingrg/all/function/internal_message.html?_=1691374863326&CODE_STATE=getMsg HTTP/1.1" 302 -
101.83.145.37 - - [07/Aug/2023:10:21:10 +0800] "GET /xingrg/index.html?sysBaseUrl=http%3A%2F%2F180.169.147.146%3A18081%2Fxingrg%2F&costTime=35×tamp=1585363447539 HTTP/1.1" 302 -
101.83.145.37 - - [07/Aug/2023:10:21:10 +0800] "GET /xingrg/index.html?sysBaseUrl=http%3A%2F%2F180.169.147.146%3A18081%2Fxingrg%2F&costTime=35×tamp=1585363447539 HTTP/1.1" 302 -
101.83.145.37 - - [07/Aug/2023:10:21:10 +0800] "GET /xingrg/login.html HTTP/1.1" 200 7641
101.83.145.37 - - [07/Aug/2023:10:21:10 +0800] "GET /xingrg/login.html HTTP/1.1" 200 7641
101.83.145.37 - - [07/Aug/2023:10:21:12 +0800] "GET /favicon.ico HTTP/1.1" 404 -
101.83.145.37 - - [07/Aug/2023:10:21:12 +0800] "GET /favicon.ico HTTP/1.1" 404 -
116.238.191.126 - - [07/Aug/2023:10:21:17 +0800] "GET /xingrg/all/function/internal_message.html?_=1691374794341&CODE_STATE=getMsg HTTP/1.1" 200 27
114.83.221.135 - - [07/Aug/2023:10:21:19 +0800] "GET /xingrg/all/function/internal_message.html?_=1691374878708&CODE_STATE=getMsg HTTP/1.1" 200 27
101.83.145.37 - - [07/Aug/2023:10:21:21 +0800] "GET /xingrg/all/function/internal_message.html?_=1691374686296&CODE_STATE=getMsg HTTP/1.1" 200 27
222.70.114.12 - - [07/Aug/2023:10:21:23 +0800] "GET /xingrg/all/function/internal_message.html?_=1691374885904&CODE_STATE=getMsg HTTP/1.1" 200 27
222.70.114.12 - - [07/Aug/2023:10:21:23 +0800] "GET /xingrg/check_reg.html?_=1691374885912 HTTP/1.1" 200 22
180.152.241.196 - - [07/Aug/2023:10:21:26 +0800] "GET /xingrg/all/function/internal_message.html?_=1691374886251&CODE_STATE=getMsg HTTP/1.1" 200 27
116.232.195.127 - - [07/Aug/2023:10:21:26 +0800] "GET /xingrg/all/function/internal_message.html?_=1691374815315&CODE_STATE=getMsg HTTP/1.1" 200 27
222.70.180.200 - - [07/Aug/2023:10:21:28 +0800] "GET /xingrg/all/function/internal_message.html?_=1691374888130&CODE_STATE=getMsg HTTP/1.1" 200 27
116.232.195.127 - - [07/Aug/2023:10:21:28 +0800] "GET /xingrg/all/function/internal_message.html?_=1691374817580&CODE_STATE=getMsg HTTP/1.1" 200 27
124.77.240.204 - - [07/Aug/2023:10:21:29 +0800] "GET /xingrg/check_reg.html?_=1691374890595 HTTP/1.1" 200 22
222.65.220.241 - - [07/Aug/2023:10:21:30 +0800] "GET /xingrg/all/function/internal_message.html?_=1691374890853&CODE_STATE=getMsg HTTP/1.1" 200 27
101.83.145.37 - - [07/Aug/2023:10:21:31 +0800] "GET /xingrg/all/function/internal_message.html?_=1691374890780&CODE_STATE=getMsg HTTP/1.1" 200 27
222.70.180.200 - - [07/Aug/2023:10:21:31 +0800] "GET /xingrg/all/function/internal_message.html?_=1691374891300&CODE_STATE=getMsg HTTP/1.1" 200 27
222.70.180.200 - - [07/Aug/2023:10:21:31 +0800] "GET /xingrg/kc/buy/cgsh_order_operate.html?command=get_materiel&rest_code=00111&code=00101008360&supplier_code=00100005&order_time=2023-08-07 HTTP/1.1" 200 412
116.232.195.127 - - [07/Aug/2023:10:21:32 +0800] "GET /xingrg/check_reg.html?_=1691374821273 HTTP/1.1" 200 22
116.232.195.127 - - [07/Aug/2023:10:21:32 +0800] "GET /xingrg/all/function/internal_message.html?_=1691374821274&CODE_STATE=getMsg HTTP/1.1" 200 27
124.78.155.92 - - [07/Aug/2023:10:21:32 +0800] "GET /xingrg/all/function/internal_message.html?_=1691374892187&CODE_STATE=getMsg HTTP/1.1" 200 27
124.78.70.128 - - [07/Aug/2023:10:21:34 +0800] "POST /xingrg/services/DataTransmitService HTTP/1.1" 200 45454
124.78.70.128 - - [07/Aug/2023:10:21:35 +0800] "POST /xingrg/services/DataTransmitService HTTP/1.1" 200 19237
124.77.240.204 - - [07/Aug/2023:10:21:38 +0800] "GET /xingrg/all/function/internal_message.html?_=1691374898815&CODE_STATE=getMsg HTTP/1.1" 200 27
116.232.195.127 - - [07/Aug/2023:10:21:39 +0800] "GET /xingrg/check_reg.html?_=1691374828001 HTTP/1.1" 200 22
124.77.240.204 - - [07/Aug/2023:10:21:42 +0800] "POST /xingrg/services/DataTransmitService HTTP/1.1" 200 501
180.163.29.212 - - [07/Aug/2023:10:21:44 +0800] "GET /xingrg/all/function/internal_message.html?_=1691374832184&CODE_STATE=getMsg HTTP/1.1" 302 -
180.163.29.212 - - [07/Aug/2023:10:21:44 +0800] "GET /xingrg/login.html HTTP/1.1" 200 7641
222.70.180.200 - - [07/Aug/2023:10:21:44 +0800] "GET /xingrg/all/function/internal_message.html?_=1691374904496&CODE_STATE=getMsg HTTP/1.1" 200 27
218.81.69.41 - - [07/Aug/2023:10:21:45 +0800] "GET /xingrg/check_reg.html?_=1691374903164 HTTP/1.1" 200 22
218.81.69.41 - - [07/Aug/2023:10:21:45 +0800] "GET /xingrg/all/function/internal_message.html?_=1691374903167&CODE_STATE=getMsg HTTP/1.1" 200 27
114.83.221.135 - - [07/Aug/2023:10:21:45 +0800] "POST /xingrg/kc/buy/cgsh_order_operate.html HTTP/1.1" 200 37
114.83.223.61 - - [07/Aug/2023:10:21:47 +0800] "GET /xingrg/all/function/internal_message.html?_=1691375039889&CODE_STATE=getMsg HTTP/1.1" 200 27
101.83.145.37 - - [07/Aug/2023:10:21:47 +0800] "POST /xingrg/login.do HTTP/1.1" 302 -
101.83.145.37 - - [07/Aug/2023:10:21:48 +0800] "GET /xingrg/index.html?sysBaseUrl=http%3A%2F%2F180.169.147.146%3A18081%2Fxingrg%2F&costTime=2599×tamp=1691374907798 HTTP/1.1" 200 17413
101.83.145.37 - - [07/Aug/2023:10:21:48 +0800] "GET /favicon.ico HTTP/1.1" 404 -
101.83.145.37 - - [07/Aug/2023:10:21:48 +0800] "GET /xingrg/all/function/internal_message.html?_=1691375017015&CODE_STATE=count HTTP/1.1" 200 11
101.83.145.37 - - [07/Aug/2023:10:21:48 +0800] "GET /xingrg/check_reg.html?_=1691375017017 HTTP/1.1" 200 22
124.78.70.128 - - [07/Aug/2023:10:21:48 +0800] "POST /xingrg/services/DataTransmitService HTTP/1.1" 200 524
124.77.240.204 - - [07/Aug/2023:10:21:48 +0800] "POST /xingrg/services/DataTransmitService HTTP/1.1" 200 501
101.83.145.37 - - [07/Aug/2023:10:21:48 +0800] "POST /xingrg/all/common/load_tree.html?tree=area_rest_tree_json&manage=1 HTTP/1.1" 200 342
101.83.145.37 - - [07/Aug/2023:10:21:49 +0800] "POST /xingrg/load_menu.html HTTP/1.1" 200 9959
101.83.145.37 - - [07/Aug/2023:10:21:52 +0800] "GET /xingrg/kc/report/report_main.html HTTP/1.1" 200 7340
101.83.145.37 - - [07/Aug/2023:10:21:53 +0800] "GET /xingrg/all/report/report_query.html?fileName=kc/buy/gys_amount_category.xml&rh=99999 HTTP/1.1" 200 51878
101.83.145.37 - - [07/Aug/2023:10:21:53 +0800] "GET /xingrg/dwr/interface/AjaxReportQueryService.js HTTP/1.1" 200 13203
101.83.145.37 - - [07/Aug/2023:10:21:53 +0800] "GET /xingrg/dwr/util.js HTTP/1.1" 304 -
101.83.145.37 - - [07/Aug/2023:10:21:53 +0800] "GET /xingrg/dwr/engine.js HTTP/1.1" 200 43631
101.83.145.37 - - [07/Aug/2023:10:21:54 +0800] "POST /xingrg/dwr/call/plaincall/AjaxReportQueryService.getFixDate.dwr HTTP/1.1" 200 111
101.83.145.37 - - [07/Aug/2023:10:21:54 +0800] "POST /xingrg/dwr/call/plaincall/AjaxReportQueryService.getInitString.dwr HTTP/1.1" 200 1062
222.70.180.200 - - [07/Aug/2023:10:21:54 +0800] "GET /xingrg/kc/buy/cgsh_order_operate.html?command=get_materiel&rest_code=00111&code=00101008286&supplier_code=00100005&order_time=2023-08-07 HTTP/1.1" 200 408
101.83.145.37 - - [07/Aug/2023:10:21:55 +0800] "POST /xingrg/all/common/load_tree.html?tree=supplier_tree_json&manage=1 HTTP/1.1" 200 76830
101.83.145.37 - - [07/Aug/2023:10:21:55 +0800] "POST /xingrg/all/common/load_tree.html?tree=materiel_sort_tree_json HTTP/1.1" 200 9500
116.238.191.126 - - [07/Aug/2023:10:21:56 +0800] "GET /xingrg/all/function/internal_message.html?_=1691374914826&CODE_STATE=getMsg HTTP/1.1" 200 27
114.83.221.135 - - [07/Aug/2023:10:22:01 +0800] "POST /xingrg/kc/buy/cgsh_order_operate.html HTTP/1.1" 200 12
124.78.70.128 - - [07/Aug/2023:10:22:07 +0800] "GET /xingrg/all/function/internal_message.html?_=1691374395187&CODE_STATE=getMsg HTTP/1.1" 200 27
124.79.243.110 - - [07/Aug/2023:10:22:07 +0800] "GET /xingrg/all/function/internal_message.html?_=1691374923325&CODE_STATE=getMsg HTTP/1.1" 302 -
114.83.221.135 - - [07/Aug/2023:10:22:08 +0800] "GET /xingrg/kc/buy/cgsh_order_info.html?code=212023080702583 HTTP/1.1" 200 66788
114.83.221.135 - - [07/Aug/2023:10:22:08 +0800] "GET /xingrg/javascript/easyui/themes/default/validatebox.css HTTP/1.1" 404 1104
114.83.221.135 - - [07/Aug/2023:10:22:09 +0800] "POST /xingrg/kc/buy/cgsh_order_operate.html HTTP/1.1" 200 3576
114.83.221.135 - - [07/Aug/2023:10:22:12 +0800] "GET /xingrg/kc/print/load_data.html?order_code=212023080702583&kc_code=cgsh&condition= HTTP/1.1" 200 1856
222.70.180.200 - - [07/Aug/2023:10:22:15 +0800] "GET /xingrg/kc/buy/cgsh_order_operate.html?command=get_materiel&rest_code=00111&code=00101008268&supplier_code=00100005&order_time=2023-08-07 HTTP/1.1" 200 408
116.238.191.126 - - [07/Aug/2023:10:22:17 +0800] "GET /xingrg/all/function/internal_message.html?_=1691374854342&CODE_STATE=getMsg HTTP/1.1" 200 27
114.83.221.135 - - [07/Aug/2023:10:22:19 +0800] "GET /xingrg/all/function/internal_message.html?_=1691374938692&CODE_STATE=getMsg HTTP/1.1" 200 27
114.83.221.135 - - [07/Aug/2023:10:22:20 +0800] "GET /xingrg/kc/buy/cgsh_order_add.html HTTP/1.1" 200 71881
114.83.221.135 - - [07/Aug/2023:10:22:20 +0800] "POST /xingrg/kc/buy/cgsh_order_operate.html HTTP/1.1" 200 8245
114.83.221.135 - - [07/Aug/2023:10:22:20 +0800] "GET /xingrg/javascript/easyui/themes/default/validatebox.css HTTP/1.1" 404 1104
101.83.145.37 - - [07/Aug/2023:10:22:21 +0800] "GET /xingrg/check_reg.html?_=1691374746297 HTTP/1.1" 200 22
101.83.145.37 - - [07/Aug/2023:10:22:21 +0800] "GET /xingrg/all/function/internal_message.html?_=1691374746300&CODE_STATE=getMsg HTTP/1.1" 200 27
222.70.114.12 - - [07/Aug/2023:10:22:23 +0800] "GET /xingrg/all/function/internal_message.html?_=1691374945897&CODE_STATE=getMsg HTTP/1.1" 200 27
180.152.241.196 - - [07/Aug/2023:10:22:26 +0800] "GET /xingrg/all/function/internal_message.html?_=1691374946236&CODE_STATE=getMsg HTTP/1.1" 200 27
116.232.195.127 - - [07/Aug/2023:10:22:26 +0800] "GET /xingrg/all/function/internal_message.html?_=1691374875295&CODE_STATE=getMsg HTTP/1.1" 200 27
222.70.180.200 - - [07/Aug/2023:10:22:28 +0800] "GET /xingrg/all/function/internal_message.html?_=1691374948134&CODE_STATE=getMsg HTTP/1.1" 200 27
116.232.195.127 - - [07/Aug/2023:10:22:28 +0800] "GET /xingrg/all/function/internal_message.html?_=1691374877570&CODE_STATE=getMsg HTTP/1.1" 200 27
222.65.220.241 - - [07/Aug/2023:10:22:30 +0800] "GET /xingrg/check_reg.html?_=1691374950855 HTTP/1.1" 200 22
222.65.220.241 - - [07/Aug/2023:10:22:30 +0800] "GET /xingrg/all/function/internal_message.html?_=1691374950858&CODE_STATE=getMsg HTTP/1.1" 200 27
101.83.145.37 - - [07/Aug/2023:10:22:31 +0800] "GET /xingrg/all/function/internal_message.html?_=1691374950762&CODE_STATE=getMsg HTTP/1.1" 200 27
222.70.180.200 - - [07/Aug/2023:10:22:31 +0800] "GET /xingrg/all/function/internal_message.html?_=1691374951285&CODE_STATE=getMsg HTTP/1.1" 200 27
180.163.30.85 - - [07/Aug/2023:10:22:32 +0800] "GET /xingrg/all/function/internal_message.html?_=1691374892187&CODE_STATE=getMsg HTTP/1.1" 302 -
180.163.30.85 - - [07/Aug/2023:10:22:32 +0800] "GET /xingrg/login.html HTTP/1.1" 200 7641
116.232.195.127 - - [07/Aug/2023:10:22:32 +0800] "GET /xingrg/all/function/internal_message.html?_=1691374881273&CODE_STATE=getMsg HTTP/1.1" 200 27
124.78.155.92 - - [07/Aug/2023:10:22:32 +0800] "GET /xingrg/check_reg.html?_=1691374952194 HTTP/1.1" 200 22
124.78.155.92 - - [07/Aug/2023:10:22:32 +0800] "GET /xingrg/all/function/internal_message.html?_=1691374952189&CODE_STATE=getMsg HTTP/1.1" 200 27
101.83.145.37 - - [07/Aug/2023:10:22:37 +0800] "POST /xingrg/dwr/call/plaincall/AjaxReportQueryService.refreshCache.dwr HTTP/1.1" 200 78
124.77.240.204 - - [07/Aug/2023:10:22:38 +0800] "GET /xingrg/all/function/internal_message.html?_=1691374958828&CODE_STATE=getMsg HTTP/1.1" 200 27
101.83.145.37 - - [07/Aug/2023:10:22:41 +0800] "POST /xingrg/all/report/load_report_page.html HTTP/1.1" 200 7325
101.83.145.37 - - [07/Aug/2023:10:22:41 +0800] "GET /xingrg/servlets/image?cache=0.3703969120954238&image=px HTTP/1.1" 200 807
101.83.145.37 - - [07/Aug/2023:10:22:44 +0800] "GET /xingrg/all/report/report_query.html?isQuery=1&fileName=kc/buy/wlcg_cate_hz.xml&queryString=(CONVERT(char(10)%2Ca.order_time%2C%20120)%3E%3D'2023-07-01')%20and%20(CONVERT(char(10)%2Ca.order_time%2C%20120)%3C%3D'2023-07-31')%20and%20(a.supplier_code%20in%20('00100574'))%20and%20(a.supplier_code%3D'00100574')%20and%20(a.big_sort%3D'00101')&queryText=%E3%80%90%E9%87%87%E8%B4%AD%E6%97%A5%E6%9C%9F%3A2023-07-01%20%E8%87%B3%202023-07-31%E3%80%91%20%E5%B9%B6%E4%B8%94%20%20%E3%80%90%E4%BE%9B%E5%BA%94%E5%95%86%20%3D%20%E4%B8%8A%E6%B5%B7%E5%AF%8C%E4%BE%A8%E9%A3%9F%E5%93%81%E6%9C%89%E9%99%90%E5%85%AC%E5%8F%B8%E3%80%91%20%E5%B9%B6%E4%B8%94%20%E3%80%90%E4%BE%9B%E5%BA%94%E5%95%86%3D%E4%B8%8A%E6%B5%B7%E5%AF%8C%E4%BE%A8%E9%A3%9F%E5%93%81%E6%9C%89%E9%99%90%E5%85%AC%E5%8F%B8%E3%80%91%E5%B9%B6%E4%B8%94%E3%80%90%E7%B1%BB%E5%88%AB%E5%90%8D%E7%A7%B0%20%3D%20%E6%88%90%E6%9C%AC%E7%B1%BB%E3%80%91&rand=0.0132327637345524 HTTP/1.1" 200 54564
101.83.145.37 - - [07/Aug/2023:10:22:44 +0800] "GET /xingrg/all/report/report_query.html?isQuery=1&fileName=kc/buy/wlcg_cate_hz.xml&queryString=(CONVERT(char(10)%2Ca.order_time%2C%20120)%3E%3D'2023-07-01')%20and%20(CONVERT(char(10)%2Ca.order_time%2C%20120)%3C%3D'2023-07-31')%20and%20(a.supplier_code%20in%20('00100574'))%20and%20(a.supplier_code%3D'00100574')%20and%20(a.big_sort%3D'00101')&queryText=%E3%80%90%E9%87%87%E8%B4%AD%E6%97%A5%E6%9C%9F%3A2023-07-01%20%E8%87%B3%202023-07-31%E3%80%91%20%E5%B9%B6%E4%B8%94%20%20%E3%80%90%E4%BE%9B%E5%BA%94%E5%95%86%20%3D%20%E4%B8%8A%E6%B5%B7%E5%AF%8C%E4%BE%A8%E9%A3%9F%E5%93%81%E6%9C%89%E9%99%90%E5%85%AC%E5%8F%B8%E3%80%91%20%E5%B9%B6%E4%B8%94%20%E3%80%90%E4%BE%9B%E5%BA%94%E5%95%86%3D%E4%B8%8A%E6%B5%B7%E5%AF%8C%E4%BE%A8%E9%A3%9F%E5%93%81%E6%9C%89%E9%99%90%E5%85%AC%E5%8F%B8%E3%80%91%E5%B9%B6%E4%B8%94%E3%80%90%E7%B1%BB%E5%88%AB%E5%90%8D%E7%A7%B0%20%3D%20%E6%88%90%E6%9C%AC%E7%B1%BB%E3%80%91&rand=0.0132327637345524 HTTP/1.1" 200 54564
101.83.145.37 - - [07/Aug/2023:10:22:44 +0800] "GET /xingrg/dwr/interface/AjaxReportQueryService.js HTTP/1.1" 200 13203
101.83.145.37 - - [07/Aug/2023:10:22:44 +0800] "GET /xingrg/dwr/engine.js HTTP/1.1" 200 43631
222.70.180.200 - - [07/Aug/2023:10:22:44 +0800] "GET /xingrg/all/function/internal_message.html?_=1691374964477&CODE_STATE=getMsg HTTP/1.1" 200 27
114.83.223.61 - - [07/Aug/2023:10:22:47 +0800] "GET /xingrg/all/function/internal_message.html?_=1691375099891&CODE_STATE=getMsg HTTP/1.1" 200 27
114.83.223.61 - - [07/Aug/2023:10:22:47 +0800] "GET /xingrg/check_reg.html?_=1691375099892 HTTP/1.1" 200 22
101.83.145.37 - - [07/Aug/2023:10:22:47 +0800] "POST /xingrg/all/report/load_report_page.html HTTP/1.1" 200 8714
101.83.145.37 - - [07/Aug/2023:10:22:47 +0800] "GET /xingrg/servlets/image?cache=0.9409343866185839&image=px HTTP/1.1" 200 807
101.83.145.37 - - [07/Aug/2023:10:22:48 +0800] "GET /xingrg/all/function/internal_message.html?_=1691375077037&CODE_STATE=getMsg HTTP/1.1" 200 27
114.83.221.135 - - [07/Aug/2023:10:22:48 +0800] "GET /xingrg/kc/buy/cgsh_order_operate.html?command=get_materiel&rest_code=00149&code=00101011003&supplier_code=00100051&order_time=2023-08-07 HTTP/1.1" 200 413
101.83.145.37 - - [07/Aug/2023:10:22:51 +0800] "POST /xingrg/all/report/load_report_page.html HTTP/1.1" 200 16448
101.83.145.37 - - [07/Aug/2023:10:22:51 +0800] "GET /xingrg/servlets/image?cache=0.34009278764489015&image=px HTTP/1.1" 200 807
116.238.191.126 - - [07/Aug/2023:10:22:56 +0800] "GET /xingrg/all/function/internal_message.html?_=1691374974829&CODE_STATE=getMsg HTTP/1.1" 200 27
114.83.221.135 - - [07/Aug/2023:10:22:59 +0800] "GET /xingrg/kc/buy/cgsh_order_operate.html?command=get_materiel&rest_code=00149&code=00101011005&supplier_code=00100051&order_time=2023-08-07 HTTP/1.1" 200 428
101.83.145.37 - - [07/Aug/2023:10:22:59 +0800] "POST /xingrg/all/report/load_report_page.html HTTP/1.1" 200 16434
101.83.145.37 - - [07/Aug/2023:10:22:59 +0800] "GET /xingrg/servlets/image?cache=0.9101902926262461&image=px HTTP/1.1" 200 807
116.238.191.126 - - [07/Aug/2023:10:23:03 +0800] "POST /xingrg/services/DataTransmitService HTTP/1.1" 200 524
222.65.220.241 - - [07/Aug/2023:10:23:03 +0800] "POST /xingrg/services/DataTransmitService HTTP/1.1" 200 524
124.77.240.204 - - [07/Aug/2023:10:23:03 +0800] "POST /xingrg/services/DataTransmitService HTTP/1.1" 200 501
101.83.145.37 - - [07/Aug/2023:10:23:04 +0800] "POST /xingrg/all/report/load_report_page.html HTTP/1.1" 200 16434
101.83.145.37 - - [07/Aug/2023:10:23:04 +0800] "GET /xingrg/servlets/image?cache=0.4246315965114742&image=px HTTP/1.1" 200 807
124.78.70.128 - - [07/Aug/2023:10:23:07 +0800] "GET /xingrg/all/function/internal_message.html?_=1691374455164&CODE_STATE=getMsg HTTP/1.1" 200 27
124.79.243.110 - - [07/Aug/2023:10:23:07 +0800] "GET /xingrg/check_reg.html?_=1691374983319 HTTP/1.1" 302 -
124.79.243.110 - - [07/Aug/2023:10:23:07 +0800] "GET /xingrg/all/function/internal_message.html?_=1691374983322&CODE_STATE=getMsg HTTP/1.1" 302 -
101.83.145.37 - - [07/Aug/2023:10:23:08 +0800] "POST /xingrg/all/report/report_print.html HTTP/1.1" 200 6144
114.83.221.135 - - [07/Aug/2023:10:23:15 +0800] "POST /xingrg/kc/buy/cgsh_order_operate.html HTTP/1.1" 200 37
116.238.191.126 - - [07/Aug/2023:10:23:16 +0800] "GET /xingrg/check_reg.html?_=1691374913668 HTTP/1.1" 200 22
116.238.191.126 - - [07/Aug/2023:10:23:17 +0800] "GET /xingrg/all/function/internal_message.html?_=1691374914356&CODE_STATE=getMsg HTTP/1.1" 200 27
101.83.145.37 - - [07/Aug/2023:10:23:21 +0800] "GET /xingrg/all/function/internal_message.html?_=1691374806300&CODE_STATE=getMsg HTTP/1.1" 200 27
222.70.114.12 - - [07/Aug/2023:10:23:23 +0800] "GET /xingrg/all/function/internal_message.html?_=1691375005929&CODE_STATE=getMsg HTTP/1.1" 200 27
180.152.241.196 - - [07/Aug/2023:10:23:26 +0800] "GET /xingrg/check_reg.html?_=1691375006237 HTTP/1.1" 200 22
180.152.241.196 - - [07/Aug/2023:10:23:26 +0800] "GET /xingrg/all/function/internal_message.html?_=1691375006240&CODE_STATE=getMsg HTTP/1.1" 200 27
116.232.195.127 - - [07/Aug/2023:10:23:26 +0800] "GET /xingrg/all/function/internal_message.html?_=1691374935273&CODE_STATE=getMsg HTTP/1.1" 200 27
222.70.180.200 - - [07/Aug/2023:10:23:28 +0800] "GET /xingrg/all/function/internal_message.html?_=1691375008134&CODE_STATE=getMsg HTTP/1.1" 200 27
222.70.180.200 - - [07/Aug/2023:10:23:28 +0800] "GET /xingrg/check_reg.html?_=1691375008138 HTTP/1.1" 200 22
116.232.195.127 - - [07/Aug/2023:10:23:28 +0800] "GET /xingrg/all/function/internal_message.html?_=1691374937555&CODE_STATE=getMsg HTTP/1.1" 200 27
222.65.220.241 - - [07/Aug/2023:10:23:30 +0800] "GET /xingrg/all/function/internal_message.html?_=1691375010846&CODE_STATE=getMsg HTTP/1.1" 200 27
101.83.145.37 - - [07/Aug/2023:10:23:31 +0800] "GET /xingrg/all/function/internal_message.html?_=1691375010740&CODE_STATE=getMsg HTTP/1.1" 200 27
222.70.180.200 - - [07/Aug/2023:10:23:31 +0800] "GET /xingrg/all/function/internal_message.html?_=1691375011269&CODE_STATE=getMsg HTTP/1.1" 200 27
180.163.29.103 - - [07/Aug/2023:10:23:32 +0800] "GET /xingrg/all/function/internal_message.html?_=1691374952189&CODE_STATE=getMsg HTTP/1.1" 302 -
180.163.29.103 - - [07/Aug/2023:10:23:32 +0800] "GET /xingrg/login.html HTTP/1.1" 200 7641
116.232.195.127 - - [07/Aug/2023:10:23:32 +0800] "GET /xingrg/all/function/internal_message.html?_=1691374941279&CODE_STATE=getMsg HTTP/1.1" 200 27
124.78.155.92 - - [07/Aug/2023:10:23:32 +0800] "GET /xingrg/all/function/internal_message.html?_=1691375012184&CODE_STATE=getMsg HTTP/1.1" 200 27
101.83.145.37 - - [07/Aug/2023:10:23:33 +0800] "GET /xingrg/check_reg.html?_=1691375012372 HTTP/1.1" 200 22
124.77.240.204 - - [07/Aug/2023:10:23:38 +0800] "GET /xingrg/all/function/internal_message.html?_=1691375019036&CODE_STATE=getMsg HTTP/1.1" 200 27
124.78.70.128 - - [07/Aug/2023:10:23:40 +0800] "POST /xingrg/services/DataTransmitService HTTP/1.1" 401 565
124.78.70.128 - - [07/Aug/2023:10:23:40 +0800] "POST /xingrg/services/DataTransmitService HTTP/1.1" 200 478
124.78.70.128 - - [07/Aug/2023:10:23:40 +0800] "POST /xingrg/services/DataTransmitService HTTP/1.1" 200 1319
124.78.70.128 - - [07/Aug/2023:10:23:40 +0800] "POST /xingrg/services/DataTransmitService HTTP/1.1" 200 478
124.78.70.128 - - [07/Aug/2023:10:23:40 +0800] "POST /xingrg/services/DataTransmitService HTTP/1.1" 200 1319
222.70.180.200 - - [07/Aug/2023:10:23:44 +0800] "GET /xingrg/check_reg.html?_=1691375024000 HTTP/1.1" 200 22
222.70.180.200 - - [07/Aug/2023:10:23:44 +0800] "GET /xingrg/all/function/internal_message.html?_=1691375024453&CODE_STATE=getMsg HTTP/1.1" 200 27
114.83.223.61 - - [07/Aug/2023:10:23:47 +0800] "GET /xingrg/all/function/internal_message.html?_=1691375159888&CODE_STATE=getMsg HTTP/1.1" 200 27
114.83.221.135 - - [07/Aug/2023:10:23:48 +0800] "POST /xingrg/kc/buy/cgsh_order_operate.html HTTP/1.1" 200 12
101.83.145.37 - - [07/Aug/2023:10:23:48 +0800] "GET /xingrg/all/function/internal_message.html?_=1691375137027&CODE_STATE=getMsg HTTP/1.1" 200 27
116.232.195.127 - - [07/Aug/2023:10:23:50 +0800] "GET /xingrg/check_reg.html?_=1691374959643 HTTP/1.1" 200 22
114.83.221.135 - - [07/Aug/2023:10:23:52 +0800] "GET /xingrg/kc/buy/cgsh_order_info.html?code=212023080702584 HTTP/1.1" 200 66790
114.83.221.135 - - [07/Aug/2023:10:23:52 +0800] "GET /xingrg/javascript/easyui/themes/default/validatebox.css HTTP/1.1" 404 1104
114.83.221.135 - - [07/Aug/2023:10:23:54 +0800] "POST /xingrg/kc/buy/cgsh_order_operate.html HTTP/1.1" 200 1197
116.238.191.126 - - [07/Aug/2023:10:23:56 +0800] "GET /xingrg/all/function/internal_message.html?_=1691375034834&CODE_STATE=getMsg HTTP/1.1" 200 27
116.238.191.126 - - [07/Aug/2023:10:23:56 +0800] "GET /xingrg/check_reg.html?_=1691375034838 HTTP/1.1" 200 22
114.83.221.135 - - [07/Aug/2023:10:23:56 +0800] "GET /xingrg/kc/print/load_data.html?order_code=212023080702584&kc_code=cgsh&condition= HTTP/1.1" 200 945
120.253.135.82 - - [07/Aug/2023:10:24:01 +0800] "GET /xingrg/check_reg.html?_=1691374860961 HTTP/1.1" 200 22
114.83.221.135 - - [07/Aug/2023:10:24:06 +0800] "GET /xingrg/kc/buy/cgsh_order_add.html HTTP/1.1" 200 71881
114.83.221.135 - - [07/Aug/2023:10:24:06 +0800] "GET /xingrg/javascript/easyui/themes/default/validatebox.css HTTP/1.1" 404 1104
124.78.70.128 - - [07/Aug/2023:10:24:07 +0800] "GET /xingrg/all/function/internal_message.html?_=1691374515141&CODE_STATE=getMsg HTTP/1.1" 200 27
114.83.221.135 - - [07/Aug/2023:10:24:07 +0800] "POST /xingrg/kc/buy/cgsh_order_operate.html HTTP/1.1" 200 8245
124.79.243.110 - - [07/Aug/2023:10:24:07 +0800] "GET /xingrg/all/function/internal_message.html?_=1691375043317&CODE_STATE=getMsg HTTP/1.1" 302 -
116.238.191.126 - - [07/Aug/2023:10:24:17 +0800] "GET /xingrg/all/function/internal_message.html?_=1691374974370&CODE_STATE=getMsg HTTP/1.1" 200 27
114.83.221.135 - - [07/Aug/2023:10:24:19 +0800] "GET /xingrg/check_reg.html?_=1691375058578 HTTP/1.1" 200 22
114.83.221.135 - - [07/Aug/2023:10:24:19 +0800] "GET /xingrg/all/function/internal_message.html?_=1691375058706&CODE_STATE=getMsg HTTP/1.1" 200 27
101.83.145.37 - - [07/Aug/2023:10:24:21 +0800] "GET /xingrg/all/function/internal_message.html?_=1691374866301&CODE_STATE=getMsg HTTP/1.1" 200 27
222.70.114.12 - - [07/Aug/2023:10:24:23 +0800] "GET /xingrg/all/function/internal_message.html?_=1691375065919&CODE_STATE=getMsg HTTP/1.1" 200 27
180.152.241.196 - - [07/Aug/2023:10:24:26 +0800] "GET /xingrg/all/function/internal_message.html?_=1691375066230&CODE_STATE=getMsg HTTP/1.1" 200 27
116.232.195.127 - - [07/Aug/2023:10:24:26 +0800] "GET /xingrg/all/function/internal_message.html?_=1691374995259&CODE_STATE=getMsg HTTP/1.1" 200 27
222.70.180.200 - - [07/Aug/2023:10:24:28 +0800] "GET /xingrg/all/function/internal_message.html?_=1691375068133&CODE_STATE=getMsg HTTP/1.1" 200 27
114.83.221.135 - - [07/Aug/2023:10:24:28 +0800] "GET /xingrg/kc/buy/cgsh_order_operate.html?command=get_materiel&rest_code=00149&code=00101016037&supplier_code=00100573&order_time=2023-08-07 HTTP/1.1" 200 451
116.232.195.127 - - [07/Aug/2023:10:24:28 +0800] "GET /xingrg/all/function/internal_message.html?_=1691374997550&CODE_STATE=getMsg HTTP/1.1" 200 27
222.65.220.241 - - [07/Aug/2023:10:24:30 +0800] "GET /xingrg/all/function/internal_message.html?_=1691375070865&CODE_STATE=getMsg HTTP/1.1" 200 27
101.83.145.37 - - [07/Aug/2023:10:24:31 +0800] "GET /xingrg/all/function/internal_message.html?_=1691375070716&CODE_STATE=getMsg HTTP/1.1" 200 27
222.70.180.200 - - [07/Aug/2023:10:24:31 +0800] "GET /xingrg/all/function/internal_message.html?_=1691375071254&CODE_STATE=getMsg HTTP/1.1" 200 27
180.163.29.219 - - [07/Aug/2023:10:24:32 +0800] "GET /xingrg/all/function/internal_message.html?_=1691375012184&CODE_STATE=getMsg HTTP/1.1" 302 -
222.70.180.200 - - [07/Aug/2023:10:24:32 +0800] "GET /xingrg/kc/buy/cgsh_order_operate.html?command=get_materiel&rest_code=00111&code=00101008246&supplier_code=00100005&order_time=2023-08-07 HTTP/1.1" 200 408
180.163.29.219 - - [07/Aug/2023:10:24:32 +0800] "GET /xingrg/login.html HTTP/1.1" 200 7641
116.232.195.127 - - [07/Aug/2023:10:24:32 +0800] "GET /xingrg/all/function/internal_message.html?_=1691375001264&CODE_STATE=getMsg HTTP/1.1" 200 27
124.78.155.92 - - [07/Aug/2023:10:24:32 +0800] "GET /xingrg/all/function/internal_message.html?_=1691375072192&CODE_STATE=getMsg HTTP/1.1" 200 27
124.77.240.204 - - [07/Aug/2023:10:24:38 +0800] "GET /xingrg/all/function/internal_message.html?_=1691375079043&CODE_STATE=getMsg HTTP/1.1" 200 27
222.70.180.200 - - [07/Aug/2023:10:24:44 +0800] "GET /xingrg/all/function/internal_message.html?_=1691375084434&CODE_STATE=getMsg HTTP/1.1" 200 27
114.83.223.61 - - [07/Aug/2023:10:24:47 +0800] "GET /xingrg/all/function/internal_message.html?_=1691375219877&CODE_STATE=getMsg HTTP/1.1" 200 27
101.83.145.37 - - [07/Aug/2023:10:24:48 +0800] "GET /xingrg/all/function/internal_message.html?_=1691375197035&CODE_STATE=getMsg HTTP/1.1" 200 27
116.238.191.126 - - [07/Aug/2023:10:24:56 +0800] "GET /xingrg/all/function/internal_message.html?_=1691375094839&CODE_STATE=getMsg HTTP/1.1" 200 27
222.70.180.200 - - [07/Aug/2023:10:24:57 +0800] "GET /xingrg/kc/buy/cgsh_order_operate.html?command=get_materiel&rest_code=00111&code=00101008077&supplier_code=00100005&order_time=2023-08-07 HTTP/1.1" 200 416
114.83.221.135 - - [07/Aug/2023:10:25:03 +0800] "GET /xingrg/kc/buy/cgsh_order_operate.html?command=get_materiel&rest_code=00149&code=00101016097&supplier_code=00100573&order_time=2023-08-07 HTTP/1.1" 200 470
124.78.70.128 - - [07/Aug/2023:10:25:07 +0800] "GET /xingrg/all/function/internal_message.html?_=1691374575114&CODE_STATE=getMsg HTTP/1.1" 200 27
124.79.243.110 - - [07/Aug/2023:10:25:07 +0800] "GET /xingrg/all/function/internal_message.html?_=1691375103323&CODE_STATE=getMsg HTTP/1.1" 302 -
116.238.191.126 - - [07/Aug/2023:10:25:17 +0800] "GET /xingrg/all/function/internal_message.html?_=1691375034383&CODE_STATE=getMsg HTTP/1.1" 200 27
114.83.221.135 - - [07/Aug/2023:10:25:19 +0800] "GET /xingrg/all/function/internal_message.html?_=1691375118673&CODE_STATE=getMsg HTTP/1.1" 200 27
