116.238.191.126 - - [07/Aug/2023:08:59:19 +0800] "GET /xingrg/kc/buy/cgsh_order_operate.html?command=get_materiel&rest_code=00150&code=00101008357&supplier_code=00100008&order_time=2023-08-07 HTTP/1.1" 200 408
101.83.145.37 - - [07/Aug/2023:08:59:21 +0800] "GET /xingrg/all/function/internal_message.html?_=1691369766176&CODE_STATE=getMsg HTTP/1.1" 200 27
180.152.241.196 - - [07/Aug/2023:08:59:26 +0800] "GET /xingrg/all/function/internal_message.html?_=1691369966219&CODE_STATE=getMsg HTTP/1.1" 200 27
116.232.195.127 - - [07/Aug/2023:08:59:27 +0800] "GET /xingrg/all/function/internal_message.html?_=1691369896689&CODE_STATE=getMsg HTTP/1.1" 200 27
116.232.195.127 - - [07/Aug/2023:08:59:30 +0800] "GET /xingrg/all/function/internal_message.html?_=1691369898958&CODE_STATE=getMsg HTTP/1.1" 200 27
222.65.220.241 - - [07/Aug/2023:08:59:30 +0800] "GET /xingrg/all/function/internal_message.html?_=1691369970859&CODE_STATE=getMsg HTTP/1.1" 200 27
124.77.240.204 - - [07/Aug/2023:08:59:30 +0800] "GET /xingrg/all/function/internal_message.html?_=1691369971351&CODE_STATE=getMsg HTTP/1.1" 200 27
116.238.191.126 - - [07/Aug/2023:08:59:31 +0800] "GET /xingrg/kc/buy/cgsh_order_operate.html?command=get_materiel&rest_code=00151&code=00101001075&supplier_code=00100096&order_time=2023-08-07 HTTP/1.1" 200 409
116.238.191.126 - - [07/Aug/2023:08:59:32 +0800] "GET /xingrg/kc/buy/cgsh_order_operate.html?command=get_materiel&rest_code=00150&code=00101008069&supplier_code=00100008&order_time=2023-08-07 HTTP/1.1" 200 412
124.78.155.92 - - [07/Aug/2023:08:59:32 +0800] "GET /xingrg/all/function/internal_message.html?_=1691369972103&CODE_STATE=getMsg HTTP/1.1" 200 27
222.70.180.200 - - [07/Aug/2023:08:59:32 +0800] "GET /xingrg/all/function/internal_message.html?_=1691369972712&CODE_STATE=getMsg HTTP/1.1" 200 27
101.83.145.37 - - [07/Aug/2023:08:59:33 +0800] "GET /xingrg/all/function/internal_message.html?_=1691369972670&CODE_STATE=getMsg HTTP/1.1" 200 27
116.238.191.126 - - [07/Aug/2023:08:59:34 +0800] "GET /xingrg/all/function/internal_message.html?_=1691369891062&CODE_STATE=getMsg HTTP/1.1" 200 27
124.77.240.204 - - [07/Aug/2023:08:59:35 +0800] "GET /xingrg/kc/buy/cgsh_order_operate.html?command=get_materiel&rest_code=00146&code=00101008283&supplier_code=00100005&order_time=2023-08-07 HTTP/1.1" 200 408
116.238.191.126 - - [07/Aug/2023:08:59:43 +0800] "GET /xingrg/kc/buy/cgsh_order_operate.html?command=get_materiel&rest_code=00151&code=00101006112&supplier_code=00100096&order_time=2023-08-07 HTTP/1.1" 200 411
116.238.191.126 - - [07/Aug/2023:08:59:44 +0800] "GET /xingrg/check_reg.html?_=1691369982833 HTTP/1.1" 200 22
116.238.191.126 - - [07/Aug/2023:08:59:44 +0800] "GET /xingrg/all/function/internal_message.html?_=1691369982836&CODE_STATE=getMsg HTTP/1.1" 200 27
222.70.180.200 - - [07/Aug/2023:08:59:44 +0800] "GET /xingrg/all/function/internal_message.html?_=1691369984637&CODE_STATE=getMsg HTTP/1.1" 200 27
218.81.69.41 - - [07/Aug/2023:08:59:44 +0800] "GET /xingrg/all/function/internal_message.html?_=1691369982984&CODE_STATE=getMsg HTTP/1.1" 200 27
120.253.135.82 - - [07/Aug/2023:08:59:45 +0800] "GET /xingrg/all/function/internal_message.html?_=1691369804825&CODE_STATE=getMsg HTTP/1.1" 200 27
180.152.241.196 - - [07/Aug/2023:08:59:46 +0800] "GET /xingrg/all/function/internal_message.html?_=1691369986375&CODE_STATE=getMsg HTTP/1.1" 200 27
180.152.241.196 - - [07/Aug/2023:08:59:46 +0800] "GET /xingrg/check_reg.html?_=1691369986380 HTTP/1.1" 200 22
116.238.191.126 - - [07/Aug/2023:08:59:49 +0800] "GET /xingrg/kc/buy/cgsh_order_operate.html?command=get_materiel&rest_code=00150&code=00101008286&supplier_code=00100008&order_time=2023-08-07 HTTP/1.1" 200 408
116.238.191.126 - - [07/Aug/2023:08:59:54 +0800] "GET /xingrg/kc/buy/cgsh_order_operate.html?command=get_materiel&rest_code=00151&code=00101006013&supplier_code=00100096&order_time=2023-08-07 HTTP/1.1" 200 409
124.77.240.204 - - [07/Aug/2023:08:59:56 +0800] "GET /xingrg/kc/buy/cgsh_order_operate.html?command=get_materiel&rest_code=00146&code=00101008225&supplier_code=00100005&order_time=2023-08-07 HTTP/1.1" 200 416
116.238.191.126 - - [07/Aug/2023:08:59:59 +0800] "GET /xingrg/kc/buy/cgsh_order_operate.html?command=get_materiel&rest_code=00150&code=00101008036&supplier_code=00100008&order_time=2023-08-07 HTTP/1.1" 200 408
124.77.240.204 - - [07/Aug/2023:09:00:02 +0800] "POST /xingrg/kc/buy/cgsh_order_operate.html HTTP/1.1" 200 2065
116.238.191.126 - - [07/Aug/2023:09:00:05 +0800] "POST /xingrg/kc/buy/cgsh_order_operate.html HTTP/1.1" 200 2065
124.79.243.110 - - [07/Aug/2023:09:00:07 +0800] "GET /xingrg/all/function/internal_message.html?_=1691370003319&CODE_STATE=getMsg HTTP/1.1" 302 -
124.78.70.128 - - [07/Aug/2023:09:00:08 +0800] "GET /xingrg/all/function/internal_message.html?_=1691369476506&CODE_STATE=getMsg HTTP/1.1" 200 27
114.83.221.135 - - [07/Aug/2023:09:00:10 +0800] "GET /favicon.ico HTTP/1.1" 404 -
116.238.191.126 - - [07/Aug/2023:09:00:16 +0800] "GET /xingrg/kc/buy/cgsh_order_operate.html?command=get_materiel&rest_code=00150&code=00101008131&supplier_code=00100008&order_time=2023-08-07 HTTP/1.1" 200 409
124.78.155.92 - - [07/Aug/2023:09:00:18 +0800] "GET /xingrg/all/function/internal_message.html?_=1691370020525&CODE_STATE=getMsg HTTP/1.1" 200 27
101.83.145.37 - - [07/Aug/2023:09:00:21 +0800] "GET /xingrg/all/function/internal_message.html?_=1691369826176&CODE_STATE=getMsg HTTP/1.1" 200 27
180.152.241.196 - - [07/Aug/2023:09:00:26 +0800] "GET /xingrg/all/function/internal_message.html?_=1691370026229&CODE_STATE=getMsg HTTP/1.1" 200 27
116.232.195.127 - - [07/Aug/2023:09:00:27 +0800] "GET /xingrg/all/function/internal_message.html?_=1691369956672&CODE_STATE=getMsg HTTP/1.1" 200 27
116.232.195.127 - - [07/Aug/2023:09:00:30 +0800] "GET /xingrg/all/function/internal_message.html?_=1691369958936&CODE_STATE=getMsg HTTP/1.1" 200 27
222.65.220.241 - - [07/Aug/2023:09:00:30 +0800] "GET /xingrg/all/function/internal_message.html?_=1691370030856&CODE_STATE=getMsg HTTP/1.1" 200 27
124.77.240.204 - - [07/Aug/2023:09:00:30 +0800] "GET /xingrg/all/function/internal_message.html?_=1691370031365&CODE_STATE=getMsg HTTP/1.1" 200 27
116.238.191.126 - - [07/Aug/2023:09:00:31 +0800] "GET /xingrg/kc/buy/cgsh_order_operate.html?command=get_materiel&rest_code=00151&code=00101006109&supplier_code=00100096&order_time=2023-08-07 HTTP/1.1" 200 410
124.78.155.92 - - [07/Aug/2023:09:00:32 +0800] "GET /xingrg/all/function/internal_message.html?_=1691370032105&CODE_STATE=getMsg HTTP/1.1" 200 27
222.70.180.200 - - [07/Aug/2023:09:00:32 +0800] "GET /xingrg/all/function/internal_message.html?_=1691370032696&CODE_STATE=getMsg HTTP/1.1" 200 27
101.83.145.37 - - [07/Aug/2023:09:00:33 +0800] "GET /xingrg/all/function/internal_message.html?_=1691370032646&CODE_STATE=getMsg HTTP/1.1" 200 27
116.238.191.126 - - [07/Aug/2023:09:00:34 +0800] "GET /xingrg/all/function/internal_message.html?_=1691369951075&CODE_STATE=getMsg HTTP/1.1" 200 27
124.78.70.128 - - [07/Aug/2023:09:00:36 +0800] "GET /xingrg/check_reg.html?_=1691369503955 HTTP/1.1" 200 22
116.238.191.126 - - [07/Aug/2023:09:00:38 +0800] "GET /xingrg/kc/buy/cgsh_order_operate.html?command=get_materiel&rest_code=00150&code=00101008694&supplier_code=00100008&order_time=2023-08-07 HTTP/1.1" 200 420
116.238.191.126 - - [07/Aug/2023:09:00:44 +0800] "GET /xingrg/all/function/internal_message.html?_=1691370042826&CODE_STATE=getMsg HTTP/1.1" 200 27
116.238.191.126 - - [07/Aug/2023:09:00:44 +0800] "GET /xingrg/kc/buy/cgsh_order_operate.html?command=get_materiel&rest_code=00151&code=00101006178&supplier_code=00100096&order_time=2023-08-07 HTTP/1.1" 200 411
222.70.180.200 - - [07/Aug/2023:09:00:44 +0800] "GET /xingrg/all/function/internal_message.html?_=1691370044634&CODE_STATE=getMsg HTTP/1.1" 200 27
222.70.180.200 - - [07/Aug/2023:09:00:44 +0800] "GET /xingrg/check_reg.html?_=1691370044637 HTTP/1.1" 200 22
218.81.69.41 - - [07/Aug/2023:09:00:44 +0800] "GET /xingrg/all/function/internal_message.html?_=1691370043009&CODE_STATE=getMsg HTTP/1.1" 200 27
120.253.135.82 - - [07/Aug/2023:09:00:45 +0800] "GET /xingrg/all/function/internal_message.html?_=1691369864838&CODE_STATE=getMsg HTTP/1.1" 200 27
180.152.241.196 - - [07/Aug/2023:09:00:46 +0800] "GET /xingrg/all/function/internal_message.html?_=1691370046376&CODE_STATE=getMsg HTTP/1.1" 200 27
116.238.191.126 - - [07/Aug/2023:09:00:51 +0800] "GET /xingrg/kc/buy/cgsh_order_operate.html?command=get_materiel&rest_code=00150&code=00101008318&supplier_code=00100008&order_time=2023-08-07 HTTP/1.1" 200 408
116.238.191.126 - - [07/Aug/2023:09:00:59 +0800] "GET /xingrg/kc/buy/cgsh_order_operate.html?command=get_materiel&rest_code=00150&code=00101008371&supplier_code=00100008&order_time=2023-08-07 HTTP/1.1" 200 412
116.238.191.126 - - [07/Aug/2023:09:01:04 +0800] "POST /xingrg/kc/buy/cgsh_order_operate.html HTTP/1.1" 200 2065
124.79.243.110 - - [07/Aug/2023:09:01:07 +0800] "GET /xingrg/all/function/internal_message.html?_=1691370063316&CODE_STATE=getMsg HTTP/1.1" 302 -
124.78.70.128 - - [07/Aug/2023:09:01:08 +0800] "GET /xingrg/all/function/internal_message.html?_=1691369536486&CODE_STATE=getMsg HTTP/1.1" 200 27
116.238.191.126 - - [07/Aug/2023:09:01:16 +0800] "POST /xingrg/kc/buy/cgsh_order_operate.html HTTP/1.1" 200 37
124.78.155.92 - - [07/Aug/2023:09:01:18 +0800] "GET /xingrg/all/function/internal_message.html?_=1691370078416&CODE_STATE=getMsg HTTP/1.1" 200 27
116.238.191.126 - - [07/Aug/2023:09:01:20 +0800] "GET /xingrg/kc/buy/cgsh_order_operate.html?command=get_materiel&rest_code=00150&code=00101008005&supplier_code=00100008&order_time=2023-08-07 HTTP/1.1" 200 412
101.83.145.37 - - [07/Aug/2023:09:01:21 +0800] "GET /xingrg/all/function/internal_message.html?_=1691369886176&CODE_STATE=getMsg HTTP/1.1" 200 27
116.238.191.126 - - [07/Aug/2023:09:01:25 +0800] "POST /xingrg/kc/buy/cgsh_order_operate.html HTTP/1.1" 200 12
180.152.241.196 - - [07/Aug/2023:09:01:26 +0800] "GET /xingrg/all/function/internal_message.html?_=1691370086231&CODE_STATE=getMsg HTTP/1.1" 200 27
116.232.195.127 - - [07/Aug/2023:09:01:27 +0800] "GET /xingrg/all/function/internal_message.html?_=1691370016657&CODE_STATE=getMsg HTTP/1.1" 200 27
124.77.240.204 - - [07/Aug/2023:09:01:29 +0800] "GET /xingrg/check_reg.html?_=1691370089810 HTTP/1.1" 200 22
116.232.195.127 - - [07/Aug/2023:09:01:29 +0800] "GET /xingrg/all/function/internal_message.html?_=1691370018911&CODE_STATE=getMsg HTTP/1.1" 200 27
222.65.220.241 - - [07/Aug/2023:09:01:30 +0800] "GET /xingrg/all/function/internal_message.html?_=1691370090852&CODE_STATE=getMsg HTTP/1.1" 200 27
116.238.191.126 - - [07/Aug/2023:09:01:30 +0800] "GET /xingrg/kc/buy/cgsh_order_info.html?code=212023080702557 HTTP/1.1" 200 66306
124.77.240.204 - - [07/Aug/2023:09:01:30 +0800] "GET /xingrg/all/function/internal_message.html?_=1691370091379&CODE_STATE=getMsg HTTP/1.1" 200 27
101.83.145.37 - - [07/Aug/2023:09:01:31 +0800] "GET /xingrg/kc/buy/cgsh_order_add.html HTTP/1.1" 200 71875
116.238.191.126 - - [07/Aug/2023:09:01:31 +0800] "GET /xingrg/javascript/easyui/themes/default/validatebox.css HTTP/1.1" 404 1104
101.83.145.37 - - [07/Aug/2023:09:01:31 +0800] "GET /xingrg/javascript/easyui/themes/default/validatebox.css HTTP/1.1" 404 1104
101.83.145.37 - - [07/Aug/2023:09:01:31 +0800] "POST /xingrg/kc/buy/cgsh_order_operate.html HTTP/1.1" 200 8245
180.163.28.143 - - [07/Aug/2023:09:01:32 +0800] "GET /xingrg/all/function/internal_message.html?_=1691370032105&CODE_STATE=getMsg HTTP/1.1" 302 -
180.163.28.143 - - [07/Aug/2023:09:01:32 +0800] "GET /xingrg/login.html HTTP/1.1" 200 7641
124.78.155.92 - - [07/Aug/2023:09:01:32 +0800] "GET /xingrg/all/function/internal_message.html?_=1691370092109&CODE_STATE=getMsg HTTP/1.1" 200 27
222.70.180.200 - - [07/Aug/2023:09:01:32 +0800] "GET /xingrg/all/function/internal_message.html?_=1691370092682&CODE_STATE=getMsg HTTP/1.1" 200 27
116.238.191.126 - - [07/Aug/2023:09:01:32 +0800] "POST /xingrg/kc/buy/cgsh_order_operate.html HTTP/1.1" 200 5988
101.83.145.37 - - [07/Aug/2023:09:01:33 +0800] "GET /xingrg/all/function/internal_message.html?_=1691370092630&CODE_STATE=getMsg HTTP/1.1" 200 27
116.238.191.126 - - [07/Aug/2023:09:01:34 +0800] "GET /xingrg/check_reg.html?_=1691370011032 HTTP/1.1" 200 22
116.238.191.126 - - [07/Aug/2023:09:01:34 +0800] "GET /xingrg/all/function/internal_message.html?_=1691370011120&CODE_STATE=getMsg HTTP/1.1" 200 27
116.238.191.126 - - [07/Aug/2023:09:01:35 +0800] "GET /xingrg/kc/print/load_data.html?order_code=212023080702557&kc_code=cgsh&condition= HTTP/1.1" 200 2784
116.232.195.127 - - [07/Aug/2023:09:01:39 +0800] "GET /xingrg/check_reg.html?_=1691370028193 HTTP/1.1" 200 22
116.238.191.126 - - [07/Aug/2023:09:01:42 +0800] "GET /xingrg/kc/buy/cgsh_order_add.html HTTP/1.1" 200 71403
116.238.191.126 - - [07/Aug/2023:09:01:42 +0800] "POST /xingrg/kc/buy/cgsh_order_operate.html HTTP/1.1" 200 8245
116.238.191.126 - - [07/Aug/2023:09:01:43 +0800] "GET /xingrg/javascript/easyui/themes/default/validatebox.css HTTP/1.1" 404 1104
116.238.191.126 - - [07/Aug/2023:09:01:44 +0800] "GET /xingrg/all/function/internal_message.html?_=1691370102836&CODE_STATE=getMsg HTTP/1.1" 200 27
222.70.180.200 - - [07/Aug/2023:09:01:44 +0800] "GET /xingrg/all/function/internal_message.html?_=1691370104631&CODE_STATE=getMsg HTTP/1.1" 200 27
218.81.69.41 - - [07/Aug/2023:09:01:44 +0800] "GET /xingrg/check_reg.html?_=1691370103008 HTTP/1.1" 200 22
218.81.69.41 - - [07/Aug/2023:09:01:44 +0800] "GET /xingrg/all/function/internal_message.html?_=1691370103011&CODE_STATE=getMsg HTTP/1.1" 200 27
120.253.135.82 - - [07/Aug/2023:09:01:45 +0800] "GET /xingrg/all/function/internal_message.html?_=1691369924864&CODE_STATE=getMsg HTTP/1.1" 200 27
180.152.241.196 - - [07/Aug/2023:09:01:46 +0800] "GET /xingrg/all/function/internal_message.html?_=1691370106364&CODE_STATE=getMsg HTTP/1.1" 200 27
116.238.191.126 - - [07/Aug/2023:09:01:56 +0800] "GET /xingrg/kc/buy/cgsh_order_operate.html?command=get_materiel&rest_code=00151&code=00101008631&supplier_code=00100008&order_time=2023-08-07 HTTP/1.1" 200 405
124.78.155.92 - - [07/Aug/2023:09:02:03 +0800] "GET /xingrg/javascript/auto/indicator.gif HTTP/1.1" 404 1066
124.79.243.110 - - [07/Aug/2023:09:02:07 +0800] "GET /xingrg/all/function/internal_message.html?_=1691370123308&CODE_STATE=getMsg HTTP/1.1" 302 -
124.78.70.128 - - [07/Aug/2023:09:02:08 +0800] "GET /xingrg/all/function/internal_message.html?_=1691369596455&CODE_STATE=getMsg HTTP/1.1" 200 27
116.238.191.126 - - [07/Aug/2023:09:02:10 +0800] "GET /xingrg/kc/buy/cgsh_order_operate.html?command=get_materiel&rest_code=00151&code=00101008186&supplier_code=00100008&order_time=2023-08-07 HTTP/1.1" 200 408
116.238.191.126 - - [07/Aug/2023:09:02:11 +0800] "GET /xingrg/kc/buy/cgsh_order_operate.html?command=get_materiel&rest_code=00150&code=00101008353&supplier_code=00100008&order_time=2023-08-07 HTTP/1.1" 200 408
124.78.155.92 - - [07/Aug/2023:09:02:18 +0800] "GET /xingrg/all/function/internal_message.html?_=1691370138418&CODE_STATE=getMsg HTTP/1.1" 200 27
101.83.145.37 - - [07/Aug/2023:09:02:21 +0800] "GET /xingrg/check_reg.html?_=1691369946176 HTTP/1.1" 200 22
101.83.145.37 - - [07/Aug/2023:09:02:21 +0800] "GET /xingrg/all/function/internal_message.html?_=1691369946179&CODE_STATE=getMsg HTTP/1.1" 200 27
116.238.191.126 - - [07/Aug/2023:09:02:22 +0800] "GET /xingrg/kc/buy/cgsh_order_operate.html?command=get_materiel&rest_code=00151&code=00101008087&supplier_code=00100008&order_time=2023-08-07 HTTP/1.1" 200 412
180.152.241.196 - - [07/Aug/2023:09:02:26 +0800] "GET /xingrg/all/function/internal_message.html?_=1691370146231&CODE_STATE=getMsg HTTP/1.1" 200 27
116.238.191.126 - - [07/Aug/2023:09:02:26 +0800] "GET /xingrg/kc/buy/cgsh_order_operate.html?command=get_materiel&rest_code=00150&code=00101008213&supplier_code=00100008&order_time=2023-08-07 HTTP/1.1" 200 412
116.232.195.127 - - [07/Aug/2023:09:02:27 +0800] "GET /xingrg/all/function/internal_message.html?_=1691370076636&CODE_STATE=getMsg HTTP/1.1" 200 27
124.78.155.92 - - [07/Aug/2023:09:02:27 +0800] "GET /xingrg/kc/buy/cgsh_order_add.html HTTP/1.1" 200 71793
124.78.155.92 - - [07/Aug/2023:09:02:28 +0800] "POST /xingrg/kc/buy/cgsh_order_operate.html HTTP/1.1" 200 8245
124.78.155.92 - - [07/Aug/2023:09:02:28 +0800] "GET /xingrg/javascript/easyui/themes/default/validatebox.css HTTP/1.1" 404 1104
116.232.195.127 - - [07/Aug/2023:09:02:29 +0800] "GET /xingrg/all/function/internal_message.html?_=1691370078886&CODE_STATE=getMsg HTTP/1.1" 200 27
222.65.220.241 - - [07/Aug/2023:09:02:30 +0800] "GET /xingrg/check_reg.html?_=1691370150840 HTTP/1.1" 200 22
222.65.220.241 - - [07/Aug/2023:09:02:30 +0800] "GET /xingrg/all/function/internal_message.html?_=1691370150843&CODE_STATE=getMsg HTTP/1.1" 200 27
124.77.240.204 - - [07/Aug/2023:09:02:31 +0800] "GET /xingrg/all/function/internal_message.html?_=1691370151392&CODE_STATE=getMsg HTTP/1.1" 200 27
124.78.155.92 - - [07/Aug/2023:09:02:32 +0800] "GET /xingrg/all/function/internal_message.html?_=1691370152102&CODE_STATE=getMsg HTTP/1.1" 200 27
124.78.155.92 - - [07/Aug/2023:09:02:32 +0800] "GET /xingrg/check_reg.html?_=1691370152109 HTTP/1.1" 200 22
222.70.180.200 - - [07/Aug/2023:09:02:32 +0800] "GET /xingrg/all/function/internal_message.html?_=1691370152667&CODE_STATE=getMsg HTTP/1.1" 200 27
101.83.145.37 - - [07/Aug/2023:09:02:33 +0800] "GET /xingrg/all/function/internal_message.html?_=1691370152625&CODE_STATE=getMsg HTTP/1.1" 200 27
116.238.191.126 - - [07/Aug/2023:09:02:34 +0800] "GET /xingrg/all/function/internal_message.html?_=1691370071133&CODE_STATE=getMsg HTTP/1.1" 200 27
124.78.155.92 - - [07/Aug/2023:09:02:34 +0800] "GET /xingrg/javascript/easyui/themes/default/tree.css HTTP/1.1" 404 1090
124.78.155.92 - - [07/Aug/2023:09:02:35 +0800] "POST /xingrg/all/common/load_tree.html?tree=supplier_tree_json&isDelete=1 HTTP/1.1" 200 74662
116.238.191.126 - - [07/Aug/2023:09:02:37 +0800] "GET /xingrg/kc/buy/cgsh_order_operate.html?command=get_materiel&rest_code=00151&code=00101008355&supplier_code=00100008&order_time=2023-08-07 HTTP/1.1" 200 408
180.152.241.196 - - [07/Aug/2023:09:02:39 +0800] "GET /xingrg/kc/buy/cgsh_order_operate.html?command=get_materiel&rest_code=00102&code=00102002546&supplier_code=00100075&order_time=2023-08-07 HTTP/1.1" 200 412
116.238.191.126 - - [07/Aug/2023:09:02:44 +0800] "GET /xingrg/all/function/internal_message.html?_=1691370162841&CODE_STATE=getMsg HTTP/1.1" 200 27
222.70.180.200 - - [07/Aug/2023:09:02:44 +0800] "GET /xingrg/all/function/internal_message.html?_=1691370164646&CODE_STATE=getMsg HTTP/1.1" 200 27
218.81.69.41 - - [07/Aug/2023:09:02:44 +0800] "GET /xingrg/all/function/internal_message.html?_=1691370163000&CODE_STATE=getMsg HTTP/1.1" 200 27
116.238.191.126 - - [07/Aug/2023:09:02:45 +0800] "GET /xingrg/kc/buy/cgsh_order_operate.html?command=get_materiel&rest_code=00151&code=00101008264&supplier_code=00100008&order_time=2023-08-07 HTTP/1.1" 200 412
120.253.135.82 - - [07/Aug/2023:09:02:45 +0800] "GET /xingrg/all/function/internal_message.html?_=1691369984880&CODE_STATE=getMsg HTTP/1.1" 200 27
116.238.191.126 - - [07/Aug/2023:09:02:45 +0800] "GET /xingrg/kc/buy/cgsh_order_operate.html?command=get_materiel&rest_code=00150&code=00101008291&supplier_code=00100008&order_time=2023-08-07 HTTP/1.1" 200 410
180.152.241.196 - - [07/Aug/2023:09:02:46 +0800] "GET /xingrg/all/function/internal_message.html?_=1691370166376&CODE_STATE=getMsg HTTP/1.1" 200 27
124.78.155.92 - - [07/Aug/2023:09:02:49 +0800] "GET /xingrg/kc/buy/cgsh_order_operate.html?command=get_materiel&rest_code=00106&code=00101008146&supplier_code=00100009&order_time=2023-08-07 HTTP/1.1" 200 416
116.238.191.126 - - [07/Aug/2023:09:02:54 +0800] "GET /xingrg/kc/buy/cgsh_order_operate.html?command=get_materiel&rest_code=00151&code=00101008077&supplier_code=00100008&order_time=2023-08-07 HTTP/1.1" 200 416
124.78.155.92 - - [07/Aug/2023:09:03:00 +0800] "GET /xingrg/kc/buy/cgsh_order_operate.html?command=get_materiel&rest_code=00106&code=00101008147&supplier_code=00100009&order_time=2023-08-07 HTTP/1.1" 200 416
116.238.191.126 - - [07/Aug/2023:09:03:04 +0800] "GET /xingrg/kc/buy/cgsh_order_operate.html?command=get_materiel&rest_code=00150&code=00101008277&supplier_code=00100008&order_time=2023-08-07 HTTP/1.1" 200 412
124.79.243.110 - - [07/Aug/2023:09:03:07 +0800] "GET /xingrg/all/function/internal_message.html?_=1691370183328&CODE_STATE=getMsg HTTP/1.1" 302 -
124.79.243.110 - - [07/Aug/2023:09:03:07 +0800] "GET /xingrg/check_reg.html?_=1691370183334 HTTP/1.1" 302 -
124.78.70.128 - - [07/Aug/2023:09:03:08 +0800] "GET /xingrg/all/function/internal_message.html?_=1691369656429&CODE_STATE=getMsg HTTP/1.1" 200 27
116.238.191.126 - - [07/Aug/2023:09:03:08 +0800] "GET /xingrg/kc/buy/cgsh_order_operate.html?command=get_materiel&rest_code=00151&code=00101008357&supplier_code=00100008&order_time=2023-08-07 HTTP/1.1" 200 408
116.238.191.126 - - [07/Aug/2023:09:03:12 +0800] "POST /xingrg/kc/buy/cgsh_order_operate.html HTTP/1.1" 200 2065
124.78.155.92 - - [07/Aug/2023:09:03:16 +0800] "POST /xingrg/kc/buy/cgsh_order_operate.html HTTP/1.1" 200 37
124.78.155.92 - - [07/Aug/2023:09:03:18 +0800] "GET /xingrg/check_reg.html?_=1691370198430 HTTP/1.1" 200 22
124.78.155.92 - - [07/Aug/2023:09:03:18 +0800] "GET /xingrg/all/function/internal_message.html?_=1691370198433&CODE_STATE=getMsg HTTP/1.1" 200 27
116.238.191.126 - - [07/Aug/2023:09:03:19 +0800] "GET /xingrg/kc/buy/cgsh_order_operate.html?command=get_materiel&rest_code=00151&code=00101015038&supplier_code=00100008&order_time=2023-08-07 HTTP/1.1" 200 418
101.83.145.37 - - [07/Aug/2023:09:03:21 +0800] "GET /xingrg/all/function/internal_message.html?_=1691370006165&CODE_STATE=getMsg HTTP/1.1" 200 27
116.238.191.126 - - [07/Aug/2023:09:03:21 +0800] "GET /xingrg/kc/buy/cgsh_order_operate.html?command=get_materiel&rest_code=00150&code=00101013175&supplier_code=00100008&order_time=2023-08-07 HTTP/1.1" 200 412
124.78.155.92 - - [07/Aug/2023:09:03:24 +0800] "POST /xingrg/kc/buy/cgsh_order_operate.html HTTP/1.1" 200 12
180.152.241.196 - - [07/Aug/2023:09:03:26 +0800] "GET /xingrg/all/function/internal_message.html?_=1691370206224&CODE_STATE=getMsg HTTP/1.1" 200 27
180.152.241.196 - - [07/Aug/2023:09:03:26 +0800] "GET /xingrg/check_reg.html?_=1691370206228 HTTP/1.1" 200 22
116.232.195.127 - - [07/Aug/2023:09:03:27 +0800] "GET /xingrg/all/function/internal_message.html?_=1691370136624&CODE_STATE=getMsg HTTP/1.1" 200 27
124.78.155.92 - - [07/Aug/2023:09:03:29 +0800] "GET /xingrg/kc/buy/cgsh_order_info.html?code=212023080702558 HTTP/1.1" 200 66708
116.232.195.127 - - [07/Aug/2023:09:03:29 +0800] "GET /xingrg/all/function/internal_message.html?_=1691370138874&CODE_STATE=getMsg HTTP/1.1" 200 27
124.78.155.92 - - [07/Aug/2023:09:03:30 +0800] "GET /xingrg/javascript/easyui/themes/default/validatebox.css HTTP/1.1" 404 1104
222.65.220.241 - - [07/Aug/2023:09:03:30 +0800] "GET /xingrg/all/function/internal_message.html?_=1691370210860&CODE_STATE=getMsg HTTP/1.1" 200 27
124.77.240.204 - - [07/Aug/2023:09:03:31 +0800] "GET /xingrg/all/function/internal_message.html?_=1691370211406&CODE_STATE=getMsg HTTP/1.1" 200 27
180.163.30.76 - - [07/Aug/2023:09:03:32 +0800] "GET /xingrg/all/function/internal_message.html?_=1691370152102&CODE_STATE=getMsg HTTP/1.1" 302 -
180.163.30.76 - - [07/Aug/2023:09:03:32 +0800] "GET /xingrg/login.html HTTP/1.1" 200 7641
124.78.155.92 - - [07/Aug/2023:09:03:32 +0800] "POST /xingrg/kc/buy/cgsh_order_operate.html HTTP/1.1" 200 1207
116.238.191.126 - - [07/Aug/2023:09:03:32 +0800] "GET /xingrg/kc/buy/cgsh_order_operate.html?command=get_materiel&rest_code=00150&code=00101008061&supplier_code=00100008&order_time=2023-08-07 HTTP/1.1" 200 422
116.238.191.126 - - [07/Aug/2023:09:03:32 +0800] "GET /xingrg/kc/buy/cgsh_order_operate.html?command=get_materiel&rest_code=00151&code=00101008036&supplier_code=00100008&order_time=2023-08-07 HTTP/1.1" 200 408
124.78.155.92 - - [07/Aug/2023:09:03:32 +0800] "GET /xingrg/all/function/internal_message.html?_=1691370212118&CODE_STATE=getMsg HTTP/1.1" 200 27
222.70.180.200 - - [07/Aug/2023:09:03:32 +0800] "GET /xingrg/all/function/internal_message.html?_=1691370212677&CODE_STATE=getMsg HTTP/1.1" 200 27
101.83.145.37 - - [07/Aug/2023:09:03:33 +0800] "GET /xingrg/all/function/internal_message.html?_=1691370212572&CODE_STATE=getMsg HTTP/1.1" 200 27
101.83.145.37 - - [07/Aug/2023:09:03:33 +0800] "GET /xingrg/check_reg.html?_=1691370212691 HTTP/1.1" 200 22
116.238.191.126 - - [07/Aug/2023:09:03:34 +0800] "GET /xingrg/all/function/internal_message.html?_=1691370131147&CODE_STATE=getMsg HTTP/1.1" 200 27
124.78.155.92 - - [07/Aug/2023:09:03:34 +0800] "GET /xingrg/kc/print/load_data.html?order_code=212023080702558&kc_code=cgsh&condition= HTTP/1.1" 200 1012
101.83.145.37 - - [07/Aug/2023:09:03:40 +0800] "GET /xingrg/kc/buy/cgsh_order_operate.html?command=get_materiel&rest_code=00105&code=00101008360&supplier_code=00100203&order_time=2023-08-07 HTTP/1.1" 200 412
116.238.191.126 - - [07/Aug/2023:09:03:43 +0800] "GET /xingrg/kc/buy/cgsh_order_operate.html?command=get_materiel&rest_code=00151&code=00101008169&supplier_code=00100008&order_time=2023-08-07 HTTP/1.1" 200 412
116.238.191.126 - - [07/Aug/2023:09:03:44 +0800] "GET /xingrg/all/function/internal_message.html?_=1691370222834&CODE_STATE=getMsg HTTP/1.1" 200 27
222.70.180.200 - - [07/Aug/2023:09:03:44 +0800] "GET /xingrg/check_reg.html?_=1691370224301 HTTP/1.1" 200 22
116.238.191.126 - - [07/Aug/2023:09:03:44 +0800] "GET /xingrg/kc/buy/cgsh_order_operate.html?command=get_materiel&rest_code=00150&code=00101008095&supplier_code=00100008&order_time=2023-08-07 HTTP/1.1" 200 412
222.70.180.200 - - [07/Aug/2023:09:03:44 +0800] "GET /xingrg/all/function/internal_message.html?_=1691370224644&CODE_STATE=getMsg HTTP/1.1" 200 27
218.81.69.41 - - [07/Aug/2023:09:03:44 +0800] "GET /xingrg/all/function/internal_message.html?_=1691370223003&CODE_STATE=getMsg HTTP/1.1" 200 27
120.253.135.82 - - [07/Aug/2023:09:03:45 +0800] "GET /xingrg/check_reg.html?_=1691370044455 HTTP/1.1" 200 22
120.253.135.82 - - [07/Aug/2023:09:03:45 +0800] "GET /xingrg/all/function/internal_message.html?_=1691370044894&CODE_STATE=getMsg HTTP/1.1" 200 27
180.152.241.196 - - [07/Aug/2023:09:03:46 +0800] "GET /xingrg/all/function/internal_message.html?_=1691370226370&CODE_STATE=getMsg HTTP/1.1" 200 27
116.232.195.127 - - [07/Aug/2023:09:03:50 +0800] "GET /xingrg/check_reg.html?_=1691370159649 HTTP/1.1" 200 22
101.83.145.37 - - [07/Aug/2023:09:03:51 +0800] "GET /xingrg/kc/buy/cgsh_order_operate.html?command=get_materiel&rest_code=00105&code=00101008197&supplier_code=00100203&order_time=2023-08-07 HTTP/1.1" 200 416
116.238.191.126 - - [07/Aug/2023:09:03:54 +0800] "GET /xingrg/kc/buy/cgsh_order_operate.html?command=get_materiel&rest_code=00151&code=00101008371&supplier_code=00100008&order_time=2023-08-07 HTTP/1.1" 200 412
116.238.191.126 - - [07/Aug/2023:09:03:59 +0800] "GET /xingrg/kc/buy/cgsh_order_operate.html?command=get_materiel&rest_code=00150&code=00101008110&supplier_code=00100008&order_time=2023-08-07 HTTP/1.1" 200 408
101.83.145.37 - - [07/Aug/2023:09:04:00 +0800] "GET /xingrg/kc/buy/cgsh_order_operate.html?command=get_materiel&rest_code=00105&code=00101008069&supplier_code=00100203&order_time=2023-08-07 HTTP/1.1" 200 412
116.238.191.126 - - [07/Aug/2023:09:04:04 +0800] "GET /xingrg/kc/buy/cgsh_order_operate.html?command=get_materiel&rest_code=00151&code=00101008271&supplier_code=00100008&order_time=2023-08-07 HTTP/1.1" 200 408
124.79.243.110 - - [07/Aug/2023:09:04:07 +0800] "GET /xingrg/all/function/internal_message.html?_=1691370243308&CODE_STATE=getMsg HTTP/1.1" 302 -
114.83.221.135 - - [07/Aug/2023:09:04:08 +0800] "GET /xingrg/login.html HTTP/1.1" 200 7641
124.78.70.128 - - [07/Aug/2023:09:04:08 +0800] "GET /xingrg/all/function/internal_message.html?_=1691369716404&CODE_STATE=getMsg HTTP/1.1" 200 27
114.83.221.135 - - [07/Aug/2023:09:04:08 +0800] "GET /favicon.ico HTTP/1.1" 404 -
116.238.191.126 - - [07/Aug/2023:09:04:12 +0800] "GET /xingrg/kc/buy/cgsh_order_operate.html?command=get_materiel&rest_code=00150&code=00101008229&supplier_code=00100008&order_time=2023-08-07 HTTP/1.1" 200 420
116.238.191.126 - - [07/Aug/2023:09:04:16 +0800] "POST /xingrg/kc/buy/cgsh_order_operate.html HTTP/1.1" 200 2065
124.78.155.92 - - [07/Aug/2023:09:04:17 +0800] "GET /xingrg/kc/buy/cgsh_order_operate.html?command=get_materiel&rest_code=00106&code=00102001071&supplier_code=00100075&order_time=2023-08-07 HTTP/1.1" 200 413
124.78.155.92 - - [07/Aug/2023:09:04:18 +0800] "GET /xingrg/all/function/internal_message.html?_=1691370258418&CODE_STATE=getMsg HTTP/1.1" 200 27
116.238.191.126 - - [07/Aug/2023:09:04:18 +0800] "GET /xingrg/kc/buy/cgsh_order_operate.html?command=get_materiel&rest_code=00151&code=00101008364&supplier_code=00100008&order_time=2023-08-07 HTTP/1.1" 200 413
114.83.221.135 - - [07/Aug/2023:09:04:19 +0800] "POST /xingrg/login.do HTTP/1.1" 302 -
114.83.221.135 - - [07/Aug/2023:09:04:19 +0800] "GET /xingrg/index.html?sysBaseUrl=http%3A%2F%2F180.169.147.146%3A18081%2Fxingrg%2F&costTime=1527×tamp=1691370259293 HTTP/1.1" 200 17179
114.83.221.135 - - [07/Aug/2023:09:04:19 +0800] "GET /favicon.ico HTTP/1.1" 404 -
114.83.221.135 - - [07/Aug/2023:09:04:19 +0800] "GET /xingrg/check_reg.html?_=1691370258415 HTTP/1.1" 200 22
114.83.221.135 - - [07/Aug/2023:09:04:19 +0800] "GET /xingrg/all/function/internal_message.html?_=1691370258414&CODE_STATE=count HTTP/1.1" 200 11
114.83.221.135 - - [07/Aug/2023:09:04:19 +0800] "POST /xingrg/load_menu.html HTTP/1.1" 200 5138
114.83.221.135 - - [07/Aug/2023:09:04:19 +0800] "POST /xingrg/all/common/load_tree.html?tree=area_rest_tree_json&manage=1 HTTP/1.1" 200 351
101.83.145.37 - - [07/Aug/2023:09:04:21 +0800] "GET /xingrg/kc/buy/cgsh_order_operate.html?command=get_materiel&rest_code=00105&code=00101008131&supplier_code=00100203&order_time=2023-08-07 HTTP/1.1" 200 409
101.83.145.37 - - [07/Aug/2023:09:04:21 +0800] "GET /xingrg/all/function/internal_message.html?_=1691370066166&CODE_STATE=getMsg HTTP/1.1" 200 27
114.83.221.135 - - [07/Aug/2023:09:04:24 +0800] "GET /xingrg/kc/buy/cgsh_order_list.html HTTP/1.1" 200 56017
116.238.191.126 - - [07/Aug/2023:09:04:25 +0800] "GET /xingrg/kc/buy/cgsh_order_operate.html?command=get_materiel&rest_code=00150&code=00101008041&supplier_code=00100008&order_time=2023-08-07 HTTP/1.1" 200 408
180.152.241.196 - - [07/Aug/2023:09:04:26 +0800] "GET /xingrg/all/function/internal_message.html?_=1691370266234&CODE_STATE=getMsg HTTP/1.1" 200 27
114.83.221.135 - - [07/Aug/2023:09:04:27 +0800] "POST /xingrg/kc/buy/cgsh_list_operate.html HTTP/1.1" 200 986
116.232.195.127 - - [07/Aug/2023:09:04:27 +0800] "GET /xingrg/all/function/internal_message.html?_=1691370196599&CODE_STATE=getMsg HTTP/1.1" 200 27
101.83.145.37 - - [07/Aug/2023:09:04:29 +0800] "GET /xingrg/kc/buy/cgsh_order_operate.html?command=get_materiel&rest_code=00105&code=00101008352&supplier_code=00100203&order_time=2023-08-07 HTTP/1.1" 200 412
114.83.221.135 - - [07/Aug/2023:09:04:29 +0800] "GET /xingrg/kc/buy/cgsh_order_add.html HTTP/1.1" 200 71881
114.83.221.135 - - [07/Aug/2023:09:04:29 +0800] "GET /xingrg/words/20230805165520_words.js HTTP/1.1" 304 -
114.83.221.135 - - [07/Aug/2023:09:04:29 +0800] "POST /xingrg/kc/buy/cgsh_order_operate.html HTTP/1.1" 200 8245
114.83.221.135 - - [07/Aug/2023:09:04:29 +0800] "GET /xingrg/javascript/easyui/themes/default/validatebox.css HTTP/1.1" 404 1104
114.83.221.135 - - [07/Aug/2023:09:04:29 +0800] "GET /xingrg/all/common/auto_word.html?type=employee&rest_code=00149 HTTP/1.1" 200 197
114.83.221.135 - - [07/Aug/2023:09:04:29 +0800] "GET /xingrg/all/common/auto_word.html?type=employee&rest_code=00149 HTTP/1.1" 200 197
116.232.195.127 - - [07/Aug/2023:09:04:29 +0800] "GET /xingrg/all/function/internal_message.html?_=1691370198863&CODE_STATE=getMsg HTTP/1.1" 200 27
114.83.221.135 - - [07/Aug/2023:09:04:30 +0800] "GET /xingrg/javascript/auto/indicator.gif HTTP/1.1" 404 1066
116.238.191.126 - - [07/Aug/2023:09:04:30 +0800] "GET /xingrg/kc/buy/cgsh_order_operate.html?command=get_materiel&rest_code=00151&code=00101008403&supplier_code=00100008&order_time=2023-08-07 HTTP/1.1" 200 412
222.65.220.241 - - [07/Aug/2023:09:04:30 +0800] "GET /xingrg/all/function/internal_message.html?_=1691370270860&CODE_STATE=getMsg HTTP/1.1" 200 27
124.77.240.204 - - [07/Aug/2023:09:04:31 +0800] "GET /xingrg/all/function/internal_message.html?_=1691370271478&CODE_STATE=getMsg HTTP/1.1" 200 27
114.83.221.135 - - [07/Aug/2023:09:04:31 +0800] "GET /xingrg/javascript/jquery_tools/images/prev.gif HTTP/1.1" 404 1086
114.83.221.135 - - [07/Aug/2023:09:04:31 +0800] "GET /xingrg/javascript/jquery_tools/images/next.gif HTTP/1.1" 404 1086
124.78.155.92 - - [07/Aug/2023:09:04:32 +0800] "GET /xingrg/all/function/internal_message.html?_=1691370272118&CODE_STATE=getMsg HTTP/1.1" 200 27
222.70.180.200 - - [07/Aug/2023:09:04:32 +0800] "GET /xingrg/all/function/internal_message.html?_=1691370272647&CODE_STATE=getMsg HTTP/1.1" 200 27
101.83.145.37 - - [07/Aug/2023:09:04:33 +0800] "GET /xingrg/all/function/internal_message.html?_=1691370272592&CODE_STATE=getMsg HTTP/1.1" 200 27
180.163.29.206 - - [07/Aug/2023:09:04:33 +0800] "GET /xingrg/kc/print/load_data.html?order_code=212023080702558&kc_code=cgsh&condition= HTTP/1.1" 302 -
180.163.29.206 - - [07/Aug/2023:09:04:33 +0800] "GET /xingrg/login.html HTTP/1.1" 200 7641
116.238.191.126 - - [07/Aug/2023:09:04:34 +0800] "GET /xingrg/all/function/internal_message.html?_=1691370191162&CODE_STATE=getMsg HTTP/1.1" 200 27
101.83.145.37 - - [07/Aug/2023:09:04:42 +0800] "GET /xingrg/kc/buy/cgsh_order_operate.html?command=get_materiel&rest_code=00105&code=00101008185&supplier_code=00100203&order_time=2023-08-07 HTTP/1.1" 200 408
116.238.191.126 - - [07/Aug/2023:09:04:43 +0800] "GET /xingrg/kc/buy/cgsh_order_operate.html?command=get_materiel&rest_code=00150&code=00101008283&supplier_code=00100008&order_time=2023-08-07 HTTP/1.1" 200 408
116.238.191.126 - - [07/Aug/2023:09:04:44 +0800] "GET /xingrg/all/function/internal_message.html?_=1691370282839&CODE_STATE=getMsg HTTP/1.1" 200 27
116.238.191.126 - - [07/Aug/2023:09:04:44 +0800] "GET /xingrg/check_reg.html?_=1691370282842 HTTP/1.1" 200 22
222.70.180.200 - - [07/Aug/2023:09:04:44 +0800] "GET /xingrg/all/function/internal_message.html?_=1691370284640&CODE_STATE=getMsg HTTP/1.1" 200 27
218.81.69.41 - - [07/Aug/2023:09:04:44 +0800] "GET /xingrg/all/function/internal_message.html?_=1691370283007&CODE_STATE=getMsg HTTP/1.1" 200 27
120.253.135.82 - - [07/Aug/2023:09:04:45 +0800] "GET /xingrg/all/function/internal_message.html?_=1691370104908&CODE_STATE=getMsg HTTP/1.1" 200 27
180.152.241.196 - - [07/Aug/2023:09:04:46 +0800] "GET /xingrg/all/function/internal_message.html?_=1691370286385&CODE_STATE=getMsg HTTP/1.1" 200 27
180.152.241.196 - - [07/Aug/2023:09:04:46 +0800] "GET /xingrg/check_reg.html?_=1691370286390 HTTP/1.1" 200 22
116.232.195.127 - - [07/Aug/2023:09:04:47 +0800] "POST /xingrg/services/DataTransmitService HTTP/1.1" 200 524
101.83.145.37 - - [07/Aug/2023:09:04:51 +0800] "GET /xingrg/kc/buy/cgsh_order_operate.html?command=get_materiel&rest_code=00105&code=00101020147&supplier_code=00100203&order_time=2023-08-07 HTTP/1.1" 200 408
116.238.191.126 - - [07/Aug/2023:09:05:03 +0800] "GET /xingrg/kc/buy/cgsh_order_operate.html?command=get_materiel&rest_code=00150&code=00101008351&supplier_code=00100008&order_time=2023-08-07 HTTP/1.1" 200 409
101.83.145.37 - - [07/Aug/2023:09:05:03 +0800] "GET /xingrg/kc/buy/cgsh_order_operate.html?command=get_materiel&rest_code=00105&code=00101008096&supplier_code=00100203&order_time=2023-08-07 HTTP/1.1" 200 412
124.79.243.110 - - [07/Aug/2023:09:05:07 +0800] "GET /xingrg/all/function/internal_message.html?_=1691370303325&CODE_STATE=getMsg HTTP/1.1" 302 -
114.83.221.135 - - [07/Aug/2023:09:05:07 +0800] "GET /xingrg/kc/buy/cgsh_order_operate.html?command=get_materiel&rest_code=00149&code=00101008261&supplier_code=00100008&order_time=2023-08-07 HTTP/1.1" 200 408
124.78.70.128 - - [07/Aug/2023:09:05:08 +0800] "GET /xingrg/all/function/internal_message.html?_=1691369776372&CODE_STATE=getMsg HTTP/1.1" 200 27
124.77.240.204 - - [07/Aug/2023:09:05:10 +0800] "GET /xingrg/kc/buy/cgsh_order_operate.html?command=get_materiel&rest_code=00146&code=00101008741&supplier_code=00100005&order_time=2023-08-07 HTTP/1.1" 200 398
124.78.155.92 - - [07/Aug/2023:09:05:18 +0800] "GET /xingrg/all/function/internal_message.html?_=1691370318424&CODE_STATE=getMsg HTTP/1.1" 200 27
114.83.221.135 - - [07/Aug/2023:09:05:19 +0800] "GET /xingrg/all/function/internal_message.html?_=1691370318421&CODE_STATE=getMsg HTTP/1.1" 200 27
101.83.145.37 - - [07/Aug/2023:09:05:21 +0800] "GET /xingrg/all/function/internal_message.html?_=1691370126166&CODE_STATE=getMsg HTTP/1.1" 200 27
116.238.191.126 - - [07/Aug/2023:09:05:26 +0800] "POST /xingrg/kc/buy/cgsh_order_operate.html HTTP/1.1" 200 2065
180.152.241.196 - - [07/Aug/2023:09:05:26 +0800] "GET /xingrg/all/function/internal_message.html?_=1691370326222&CODE_STATE=getMsg HTTP/1.1" 200 27
116.232.195.127 - - [07/Aug/2023:09:05:27 +0800] "GET /xingrg/all/function/internal_message.html?_=1691370256584&CODE_STATE=getMsg HTTP/1.1" 200 27
116.232.195.127 - - [07/Aug/2023:09:05:29 +0800] "GET /xingrg/all/function/internal_message.html?_=1691370258850&CODE_STATE=getMsg HTTP/1.1" 200 27
222.65.220.241 - - [07/Aug/2023:09:05:30 +0800] "GET /xingrg/all/function/internal_message.html?_=1691370330859&CODE_STATE=getMsg HTTP/1.1" 200 27
124.77.240.204 - - [07/Aug/2023:09:05:31 +0800] "GET /xingrg/all/function/internal_message.html?_=1691370331480&CODE_STATE=getMsg HTTP/1.1" 200 27
124.78.155.92 - - [07/Aug/2023:09:05:32 +0800] "GET /xingrg/all/function/internal_message.html?_=1691370332108&CODE_STATE=getMsg HTTP/1.1" 200 27
116.238.191.126 - - [07/Aug/2023:09:05:32 +0800] "POST /xingrg/kc/buy/cgsh_order_operate.html HTTP/1.1" 200 37
124.78.155.92 - - [07/Aug/2023:09:05:32 +0800] "GET /xingrg/kc/buy/cgsh_order_operate.html?command=get_materiel&rest_code=00106&code=00102013071&supplier_code=00100075&order_time=2023-08-07 HTTP/1.1" 200 403
222.70.180.200 - - [07/Aug/2023:09:05:32 +0800] "GET /xingrg/all/function/internal_message.html?_=1691370332632&CODE_STATE=getMsg HTTP/1.1" 200 27
101.83.145.37 - - [07/Aug/2023:09:05:33 +0800] "GET /xingrg/all/function/internal_message.html?_=1691370332535&CODE_STATE=getMsg HTTP/1.1" 200 27
101.83.145.37 - - [07/Aug/2023:09:05:33 +0800] "GET /xingrg/kc/buy/cgsh_order_operate.html?command=get_materiel&rest_code=00105&code=00101008038&supplier_code=00100203&order_time=2023-08-07 HTTP/1.1" 200 412
114.83.221.135 - - [07/Aug/2023:09:05:35 +0800] "GET /xingrg/kc/buy/cgsh_order_operate.html?command=get_materiel&rest_code=00149&code=00101008072&supplier_code=00100008&order_time=2023-08-07 HTTP/1.1" 200 408
124.78.70.128 - - [07/Aug/2023:09:05:35 +0800] "GET /xingrg/check_reg.html?_=1691369803951 HTTP/1.1" 200 22
101.83.145.37 - - [07/Aug/2023:09:05:37 +0800] "POST /xingrg/kc/buy/cgsh_order_operate.html HTTP/1.1" 200 2065
116.238.191.126 - - [07/Aug/2023:09:05:44 +0800] "GET /xingrg/all/function/internal_message.html?_=1691370342838&CODE_STATE=getMsg HTTP/1.1" 200 27
222.70.180.200 - - [07/Aug/2023:09:05:44 +0800] "GET /xingrg/check_reg.html?_=1691370344660 HTTP/1.1" 200 22
222.70.180.200 - - [07/Aug/2023:09:05:44 +0800] "GET /xingrg/all/function/internal_message.html?_=1691370344662&CODE_STATE=getMsg HTTP/1.1" 200 27
218.81.69.41 - - [07/Aug/2023:09:05:44 +0800] "GET /xingrg/all/function/internal_message.html?_=1691370343007&CODE_STATE=getMsg HTTP/1.1" 200 27
120.253.135.82 - - [07/Aug/2023:09:05:45 +0800] "GET /xingrg/all/function/internal_message.html?_=1691370164921&CODE_STATE=getMsg HTTP/1.1" 200 27
116.238.191.126 - - [07/Aug/2023:09:05:45 +0800] "POST /xingrg/kc/buy/cgsh_order_operate.html HTTP/1.1" 200 12
180.152.241.196 - - [07/Aug/2023:09:05:46 +0800] "GET /xingrg/all/function/internal_message.html?_=1691370346390&CODE_STATE=getMsg HTTP/1.1" 200 27
101.83.145.37 - - [07/Aug/2023:09:05:48 +0800] "GET /xingrg/system/info/materiel_import.html?isSelect=1&singleSelect=false HTTP/1.1" 200 5600
114.83.221.135 - - [07/Aug/2023:09:05:48 +0800] "GET /xingrg/kc/buy/cgsh_order_operate.html?command=get_materiel&rest_code=00149&code=00101008132&supplier_code=00100008&order_time=2023-08-07 HTTP/1.1" 200 408
116.238.191.126 - - [07/Aug/2023:09:05:48 +0800] "GET /xingrg/all/function/internal_message.html?_=1691370265651&CODE_STATE=getMsg HTTP/1.1" 200 27
101.83.145.37 - - [07/Aug/2023:09:05:48 +0800] "GET /xingrg/css/blue.css HTTP/1.1" 304 -
101.83.145.37 - - [07/Aug/2023:09:05:48 +0800] "GET /xingrg/css/xtree.css HTTP/1.1" 304 -
101.83.145.37 - - [07/Aug/2023:09:05:48 +0800] "GET /xingrg/javascript/jquery_ui/themes/base/base.css HTTP/1.1" 304 -
101.83.145.37 - - [07/Aug/2023:09:05:49 +0800] "GET /xingrg/javascript/jquery_easy_ui/themes/default/images/button_a_bg.gif HTTP/1.1" 304 -
101.83.145.37 - - [07/Aug/2023:09:05:49 +0800] "GET /xingrg/javascript/jquery_easy_ui/themes/icons/search.png HTTP/1.1" 304 -
101.83.145.37 - - [07/Aug/2023:09:05:49 +0800] "GET /xingrg/javascript/jquery_easy_ui/themes/default/images/pagination_last.gif HTTP/1.1" 304 -
101.83.145.37 - - [07/Aug/2023:09:05:49 +0800] "GET /xingrg/javascript/jquery_easy_ui/themes/default/images/pagination_load.png HTTP/1.1" 304 -
101.83.145.37 - - [07/Aug/2023:09:05:49 +0800] "GET /xingrg/javascript/jquery_easy_ui/themes/default/images/button_span_bg.gif HTTP/1.1" 304 -
101.83.145.37 - - [07/Aug/2023:09:05:49 +0800] "GET /xingrg/javascript/jquery_easy_ui/themes/icons/check_new.png HTTP/1.1" 304 -
101.83.145.37 - - [07/Aug/2023:09:05:49 +0800] "GET /xingrg/javascript/jquery_easy_ui/themes/default/images/datagrid_header_bg.gif HTTP/1.1" 304 -
101.83.145.37 - - [07/Aug/2023:09:05:49 +0800] "GET /xingrg/javascript/jquery_easy_ui/themes/icons/edit_add.png HTTP/1.1" 304 -
101.83.145.37 - - [07/Aug/2023:09:05:49 +0800] "GET /xingrg/javascript/jquery_easy_ui/themes/default/images/pagination_next.gif HTTP/1.1" 304 -
101.83.145.37 - - [07/Aug/2023:09:05:49 +0800] "GET /xingrg/javascript/jquery_easy_ui/themes/default/images/pagination_prev.gif HTTP/1.1" 304 -
101.83.145.37 - - [07/Aug/2023:09:05:49 +0800] "GET /xingrg/javascript/jquery_easy_ui/themes/default/images/pagination_first.gif HTTP/1.1" 304 -
101.83.145.37 - - [07/Aug/2023:09:05:49 +0800] "GET /favicon.ico HTTP/1.1" 404 -
101.83.145.37 - - [07/Aug/2023:09:05:49 +0800] "POST /xingrg/all/common/load_tree.html?tree=materiel_sort_tree_json HTTP/1.1" 200 9500
116.238.191.126 - - [07/Aug/2023:09:05:49 +0800] "GET /xingrg/kc/buy/cgsh_order_info.html?code=212023080702559 HTTP/1.1" 200 66316
116.238.191.126 - - [07/Aug/2023:09:05:50 +0800] "GET /xingrg/javascript/easyui/themes/default/validatebox.css HTTP/1.1" 404 1104
116.238.191.126 - - [07/Aug/2023:09:05:51 +0800] "POST /xingrg/kc/buy/cgsh_order_operate.html HTTP/1.1" 200 8389
116.238.191.126 - - [07/Aug/2023:09:05:56 +0800] "GET /xingrg/kc/print/load_data.html?order_code=212023080702559&kc_code=cgsh&condition= HTTP/1.1" 200 3740
114.83.221.135 - - [07/Aug/2023:09:05:57 +0800] "GET /xingrg/kc/buy/cgsh_order_operate.html?command=get_materiel&rest_code=00149&code=00101008331&supplier_code=00100008&order_time=2023-08-07 HTTP/1.1" 200 416
124.77.240.204 - - [07/Aug/2023:09:05:58 +0800] "GET /xingrg/kc/buy/cgsh_order_operate.html?command=get_materiel&rest_code=00146&code=00101008639&supplier_code=00100005&order_time=2023-08-07 HTTP/1.1" 200 409
101.83.145.37 - - [07/Aug/2023:09:06:03 +0800] "GET /xingrg/kc/buy/cgsh_order_operate.html?command=get_materiel&rest_code=00105&code=00101008224&supplier_code=00100203&order_time=2023-08-07 HTTP/1.1" 200 416
124.79.243.110 - - [07/Aug/2023:09:06:07 +0800] "GET /xingrg/all/function/internal_message.html?_=1691370363315&CODE_STATE=getMsg HTTP/1.1" 302 -
114.83.221.135 - - [07/Aug/2023:09:06:07 +0800] "GET /xingrg/kc/buy/cgsh_order_operate.html?command=get_materiel&rest_code=00149&code=00101008350&supplier_code=00100008&order_time=2023-08-07 HTTP/1.1" 200 408
124.78.70.128 - - [07/Aug/2023:09:06:08 +0800] "GET /xingrg/all/function/internal_message.html?_=1691369836366&CODE_STATE=getMsg HTTP/1.1" 200 27
124.77.240.204 - - [07/Aug/2023:09:06:15 +0800] "POST /xingrg/kc/buy/cgsh_order_operate.html HTTP/1.1" 200 37
114.83.221.135 - - [07/Aug/2023:09:06:17 +0800] "GET /xingrg/kc/buy/cgsh_order_operate.html?command=get_materiel&rest_code=00149&code=00101008185&supplier_code=00100008&order_time=2023-08-07 HTTP/1.1" 200 408
124.78.155.92 - - [07/Aug/2023:09:06:18 +0800] "GET /xingrg/all/function/internal_message.html?_=1691370378425&CODE_STATE=getMsg HTTP/1.1" 200 27
114.83.221.135 - - [07/Aug/2023:09:06:19 +0800] "GET /xingrg/all/function/internal_message.html?_=1691370378481&CODE_STATE=getMsg HTTP/1.1" 200 27
124.77.240.204 - - [07/Aug/2023:09:06:20 +0800] "POST /xingrg/kc/buy/cgsh_order_operate.html HTTP/1.1" 200 16265
101.83.145.37 - - [07/Aug/2023:09:06:21 +0800] "GET /xingrg/all/function/internal_message.html?_=1691370186194&CODE_STATE=getMsg HTTP/1.1" 200 27
101.83.145.37 - - [07/Aug/2023:09:06:22 +0800] "GET /xingrg/kc/buy/cgsh_order_operate.html?command=get_materiel&rest_code=00105&code=00101008356&supplier_code=00100203&order_time=2023-08-07 HTTP/1.1" 200 408
180.152.241.196 - - [07/Aug/2023:09:06:26 +0800] "GET /xingrg/all/function/internal_message.html?_=1691370386221&CODE_STATE=getMsg HTTP/1.1" 200 27
116.232.195.127 - - [07/Aug/2023:09:06:27 +0800] "GET /xingrg/all/function/internal_message.html?_=1691370316567&CODE_STATE=getMsg HTTP/1.1" 200 27
114.83.221.135 - - [07/Aug/2023:09:06:28 +0800] "GET /xingrg/kc/buy/cgsh_order_operate.html?command=get_materiel&rest_code=00149&code=00101008612&supplier_code=00100008&order_time=2023-08-07 HTTP/1.1" 200 420
124.77.240.204 - - [07/Aug/2023:09:06:29 +0800] "GET /xingrg/check_reg.html?_=1691370389809 HTTP/1.1" 200 22
116.232.195.127 - - [07/Aug/2023:09:06:29 +0800] "GET /xingrg/all/function/internal_message.html?_=1691370318840&CODE_STATE=getMsg HTTP/1.1" 200 27
222.65.220.241 - - [07/Aug/2023:09:06:30 +0800] "GET /xingrg/all/function/internal_message.html?_=1691370390857&CODE_STATE=getMsg HTTP/1.1" 200 27
124.77.240.204 - - [07/Aug/2023:09:06:31 +0800] "GET /xingrg/all/function/internal_message.html?_=1691370391494&CODE_STATE=getMsg HTTP/1.1" 200 27
101.83.145.37 - - [07/Aug/2023:09:06:32 +0800] "GET /xingrg/kc/buy/cgsh_order_operate.html?command=get_materiel&rest_code=00105&code=00101008301&supplier_code=00100203&order_time=2023-08-07 HTTP/1.1" 200 422
180.163.30.100 - - [07/Aug/2023:09:06:32 +0800] "GET /xingrg/all/function/internal_message.html?_=1691370332108&CODE_STATE=getMsg HTTP/1.1" 302 -
180.163.30.100 - - [07/Aug/2023:09:06:32 +0800] "GET /xingrg/login.html HTTP/1.1" 200 7641
124.78.155.92 - - [07/Aug/2023:09:06:32 +0800] "GET /xingrg/all/function/internal_message.html?_=1691370392111&CODE_STATE=getMsg HTTP/1.1" 200 27
222.70.180.200 - - [07/Aug/2023:09:06:32 +0800] "GET /xingrg/all/function/internal_message.html?_=1691370392617&CODE_STATE=getMsg HTTP/1.1" 200 27
101.83.145.37 - - [07/Aug/2023:09:06:33 +0800] "GET /xingrg/all/function/internal_message.html?_=1691370392495&CODE_STATE=getMsg HTTP/1.1" 200 27
116.238.191.126 - - [07/Aug/2023:09:06:34 +0800] "GET /xingrg/check_reg.html?_=1691370311032 HTTP/1.1" 200 22
116.232.195.127 - - [07/Aug/2023:09:06:39 +0800] "GET /xingrg/check_reg.html?_=1691370328179 HTTP/1.1" 200 22
114.83.221.135 - - [07/Aug/2023:09:06:41 +0800] "GET /xingrg/kc/buy/cgsh_order_operate.html?command=get_materiel&rest_code=00149&code=00101008354&supplier_code=00100008&order_time=2023-08-07 HTTP/1.1" 200 412
101.83.145.37 - - [07/Aug/2023:09:06:41 +0800] "GET /xingrg/kc/buy/cgsh_order_operate.html?command=get_materiel&rest_code=00105&code=00101008286&supplier_code=00100203&order_time=2023-08-07 HTTP/1.1" 200 408
116.238.191.126 - - [07/Aug/2023:09:06:44 +0800] "GET /xingrg/all/function/internal_message.html?_=1691370402890&CODE_STATE=getMsg HTTP/1.1" 200 27
222.70.180.200 - - [07/Aug/2023:09:06:44 +0800] "GET /xingrg/all/function/internal_message.html?_=1691370404659&CODE_STATE=getMsg HTTP/1.1" 200 27
218.81.69.41 - - [07/Aug/2023:09:06:44 +0800] "GET /xingrg/all/function/internal_message.html?_=1691370403007&CODE_STATE=getMsg HTTP/1.1" 200 27
218.81.69.41 - - [07/Aug/2023:09:06:44 +0800] "GET /xingrg/check_reg.html?_=1691370403010 HTTP/1.1" 200 22
124.77.240.204 - - [07/Aug/2023:09:06:45 +0800] "GET /xingrg/kc/buy/cgsh_order_operate.html?command=get_materiel&rest_code=00146&code=00101008331&supplier_code=00100005&order_time=2023-08-07 HTTP/1.1" 200 417
120.253.135.82 - - [07/Aug/2023:09:06:45 +0800] "GET /xingrg/all/function/internal_message.html?_=1691370224944&CODE_STATE=getMsg HTTP/1.1" 200 27
180.152.241.196 - - [07/Aug/2023:09:06:46 +0800] "GET /xingrg/all/function/internal_message.html?_=1691370406372&CODE_STATE=getMsg HTTP/1.1" 200 27
116.238.191.126 - - [07/Aug/2023:09:06:48 +0800] "GET /xingrg/all/function/internal_message.html?_=1691370325665&CODE_STATE=getMsg HTTP/1.1" 200 27
101.83.145.37 - - [07/Aug/2023:09:06:49 +0800] "GET /xingrg/kc/buy/cgsh_order_operate.html?command=get_materiel&rest_code=00105&code=00101008108&supplier_code=00100203&order_time=2023-08-07 HTTP/1.1" 200 412
114.83.221.135 - - [07/Aug/2023:09:06:56 +0800] "GET /xingrg/kc/buy/cgsh_order_operate.html?command=get_materiel&rest_code=00149&code=00101008026&supplier_code=00100008&order_time=2023-08-07 HTTP/1.1" 200 409
101.83.145.37 - - [07/Aug/2023:09:06:56 +0800] "GET /xingrg/kc/buy/cgsh_order_operate.html?command=get_materiel&rest_code=00105&code=00101008004&supplier_code=00100203&order_time=2023-08-07 HTTP/1.1" 200 416
124.77.240.204 - - [07/Aug/2023:09:07:07 +0800] "GET /xingrg/kc/buy/cgsh_order_operate.html?command=get_materiel&rest_code=00146&code=00101008185&supplier_code=00100005&order_time=2023-08-07 HTTP/1.1" 200 408
