101.83.145.37 - - [07/Aug/2023:10:52:21 +0800] "GET /xingrg/all/function/internal_message.html?_=1691376546359&CODE_STATE=getMsg HTTP/1.1" 200 27
222.70.114.12 - - [07/Aug/2023:10:52:23 +0800] "GET /xingrg/all/function/internal_message.html?_=1691376745979&CODE_STATE=getMsg HTTP/1.1" 200 27
180.152.241.196 - - [07/Aug/2023:10:52:26 +0800] "GET /xingrg/all/function/internal_message.html?_=1691376746352&CODE_STATE=getMsg HTTP/1.1" 200 27
114.83.221.135 - - [07/Aug/2023:10:52:27 +0800] "GET /xingrg/check_reg.html?_=1691376746047 HTTP/1.1" 200 22
114.83.221.135 - - [07/Aug/2023:10:52:27 +0800] "GET /xingrg/all/function/internal_message.html?_=1691376746051&CODE_STATE=getMsg HTTP/1.1" 200 27
222.70.180.200 - - [07/Aug/2023:10:52:28 +0800] "GET /xingrg/all/function/internal_message.html?_=1691376748156&CODE_STATE=getMsg HTTP/1.1" 200 27
101.83.145.37 - - [07/Aug/2023:10:52:28 +0800] "GET /xingrg/kc/buy/cgsh_order_operate.html?command=get_materiel&rest_code=00105&code=00101001049&supplier_code=00100313&order_time=2023-08-07 HTTP/1.1" 200 417
101.83.145.37 - - [07/Aug/2023:10:52:30 +0800] "GET /xingrg/all/function/internal_message.html?_=1691376750028&CODE_STATE=getMsg HTTP/1.1" 200 27
222.65.220.241 - - [07/Aug/2023:10:52:30 +0800] "GET /xingrg/check_reg.html?_=1691376750843 HTTP/1.1" 200 22
222.65.220.241 - - [07/Aug/2023:10:52:30 +0800] "GET /xingrg/all/function/internal_message.html?_=1691376750846&CODE_STATE=getMsg HTTP/1.1" 200 27
222.70.180.200 - - [07/Aug/2023:10:52:31 +0800] "GET /xingrg/all/function/internal_message.html?_=1691376750774&CODE_STATE=getMsg HTTP/1.1" 200 27
124.78.155.92 - - [07/Aug/2023:10:52:32 +0800] "GET /xingrg/all/function/internal_message.html?_=1691376752094&CODE_STATE=getMsg HTTP/1.1" 200 27
124.78.155.92 - - [07/Aug/2023:10:52:32 +0800] "GET /xingrg/check_reg.html?_=1691376752222 HTTP/1.1" 200 22
124.78.155.92 - - [07/Aug/2023:10:52:35 +0800] "GET /xingrg/login.html HTTP/1.1" 200 7641
124.78.155.92 - - [07/Aug/2023:10:52:35 +0800] "GET /favicon.ico HTTP/1.1" 404 -
101.83.145.37 - - [07/Aug/2023:10:52:38 +0800] "GET /xingrg/kc/buy/cgsh_order_operate.html?command=get_materiel&rest_code=00105&code=00101001130&supplier_code=00100313&order_time=2023-08-07 HTTP/1.1" 200 413
124.78.155.92 - - [07/Aug/2023:10:52:41 +0800] "POST /xingrg/login.do HTTP/1.1" 302 -
124.78.155.92 - - [07/Aug/2023:10:52:41 +0800] "GET /xingrg/index.html?sysBaseUrl=http%3A%2F%2F180.169.147.146%3A18081%2Fxingrg%2F&costTime=1359×tamp=1691376761166 HTTP/1.1" 200 17503
124.78.155.92 - - [07/Aug/2023:10:52:41 +0800] "GET /favicon.ico HTTP/1.1" 404 -
124.78.155.92 - - [07/Aug/2023:10:52:42 +0800] "GET /xingrg/check_reg.html?_=1691376761989 HTTP/1.1" 200 22
124.78.155.92 - - [07/Aug/2023:10:52:42 +0800] "GET /xingrg/all/function/internal_message.html?_=1691376761989&CODE_STATE=count HTTP/1.1" 200 11
124.78.155.92 - - [07/Aug/2023:10:52:42 +0800] "POST /xingrg/all/common/load_tree.html?tree=area_rest_tree_json&manage=1 HTTP/1.1" 200 3499
124.78.155.92 - - [07/Aug/2023:10:52:42 +0800] "POST /xingrg/load_menu.html HTTP/1.1" 200 11443
116.238.191.126 - - [07/Aug/2023:10:52:42 +0800] "GET /xingrg/all/function/internal_message.html?_=1691376761303&CODE_STATE=getMsg HTTP/1.1" 200 27
222.70.180.200 - - [07/Aug/2023:10:52:44 +0800] "GET /xingrg/all/function/internal_message.html?_=1691376763874&CODE_STATE=getMsg HTTP/1.1" 200 27
124.78.155.92 - - [07/Aug/2023:10:52:46 +0800] "POST /xingrg/all/user/operate.html HTTP/1.1" 200 36
124.78.155.92 - - [07/Aug/2023:10:52:46 +0800] "GET /xingrg/index.html?sysBaseUrl=http%3A%2F%2F180.169.147.146%3A18081%2Fxingrg%2F&costTime=1359×tamp=1691376761166 HTTP/1.1" 200 17503
124.78.155.92 - - [07/Aug/2023:10:52:46 +0800] "GET /xingrg/javascript/jquery_easy_ui/themes/default/easyui.css HTTP/1.1" 304 -
124.78.155.92 - - [07/Aug/2023:10:52:46 +0800] "GET /xingrg/javascript/jquery_easy_ui/themes/icon.css HTTP/1.1" 304 -
124.78.155.92 - - [07/Aug/2023:10:52:46 +0800] "GET /xingrg/css/form.css HTTP/1.1" 304 -
124.78.155.92 - - [07/Aug/2023:10:52:46 +0800] "GET /xingrg/javascript/jquery-1.4.2.min.js HTTP/1.1" 304 -
124.78.155.92 - - [07/Aug/2023:10:52:46 +0800] "GET /xingrg/javascript/jquery_easy_ui/jquery.easyui.min.js HTTP/1.1" 304 -
124.78.155.92 - - [07/Aug/2023:10:52:46 +0800] "GET /xingrg/javascript/jquery_easy_ui/easyui-lang-zh_CN.js HTTP/1.1" 304 -
124.78.155.92 - - [07/Aug/2023:10:52:46 +0800] "GET /xingrg/javascript/jquery.form.js HTTP/1.1" 304 -
124.78.155.92 - - [07/Aug/2023:10:52:46 +0800] "GET /xingrg/javascript/jquery.utils.js HTTP/1.1" 304 -
124.78.155.92 - - [07/Aug/2023:10:52:47 +0800] "GET /xingrg/javascript/jquery.timers.js HTTP/1.1" 304 -
124.78.155.92 - - [07/Aug/2023:10:52:47 +0800] "GET /xingrg/images/blue/jxLogo.png HTTP/1.1" 304 -
124.78.155.92 - - [07/Aug/2023:10:52:47 +0800] "GET /xingrg/images/blue/navBackgound.jpg HTTP/1.1" 304 -
124.78.155.92 - - [07/Aug/2023:10:52:47 +0800] "GET /xingrg/javascript/jquery_easy_ui/themes/icons/settle_new.png HTTP/1.1" 304 -
124.78.155.92 - - [07/Aug/2023:10:52:47 +0800] "GET /xingrg/all/function/internal_message.html?_=1691376767251&CODE_STATE=count HTTP/1.1" 200 11
124.78.155.92 - - [07/Aug/2023:10:52:47 +0800] "GET /xingrg/check_reg.html?_=1691376767252 HTTP/1.1" 200 22
124.78.155.92 - - [07/Aug/2023:10:52:47 +0800] "GET /xingrg/javascript/jquery_easy_ui/themes/default/images/tabs_leftarrow.png HTTP/1.1" 304 -
124.78.155.92 - - [07/Aug/2023:10:52:47 +0800] "GET /xingrg/javascript/jquery_easy_ui/themes/default/images/tabs_rightarrow.png HTTP/1.1" 304 -
124.78.155.92 - - [07/Aug/2023:10:52:47 +0800] "GET /xingrg/javascript/jquery_easy_ui/themes/default/images/panel_tool_collapse.gif HTTP/1.1" 304 -
124.78.155.92 - - [07/Aug/2023:10:52:47 +0800] "GET /xingrg/javascript/jquery_easy_ui/themes/default/images/panel_tool_expand.gif HTTP/1.1" 304 -
114.83.223.61 - - [07/Aug/2023:10:52:47 +0800] "GET /xingrg/check_reg.html?_=1691376899891 HTTP/1.1" 200 22
114.83.223.61 - - [07/Aug/2023:10:52:47 +0800] "GET /xingrg/all/function/internal_message.html?_=1691376899893&CODE_STATE=getMsg HTTP/1.1" 200 27
124.78.155.92 - - [07/Aug/2023:10:52:47 +0800] "GET /xingrg/images/blue/pingpu.png HTTP/1.1" 304 -
124.78.155.92 - - [07/Aug/2023:10:52:47 +0800] "POST /xingrg/all/common/load_tree.html?tree=area_rest_tree_json&manage=1 HTTP/1.1" 200 3499
124.78.155.92 - - [07/Aug/2023:10:52:47 +0800] "POST /xingrg/load_menu.html HTTP/1.1" 200 9959
124.78.155.92 - - [07/Aug/2023:10:52:48 +0800] "GET /xingrg/kc/report/report_main.html HTTP/1.1" 200 7340
124.78.155.92 - - [07/Aug/2023:10:52:50 +0800] "GET /xingrg/kc/base/crk_hz.html HTTP/1.1" 200 11247
124.78.155.92 - - [07/Aug/2023:10:52:50 +0800] "POST /xingrg/kc/cost/cost_operate.html?command=get_base_tree HTTP/1.1" 200 2583
124.78.155.92 - - [07/Aug/2023:10:52:50 +0800] "POST /xingrg/all/common/load_tree.html?tree=materiel_sort_tree_json HTTP/1.1" 200 9500
101.83.145.37 - - [07/Aug/2023:10:52:51 +0800] "GET /xingrg/kc/buy/cgsh_order_operate.html?command=get_materiel&rest_code=00105&code=00101004037&supplier_code=00100313&order_time=2023-08-07 HTTP/1.1" 200 409
124.78.155.92 - - [07/Aug/2023:10:52:53 +0800] "GET /xingrg/all/report/report_query.html?fileName=kc/buy/gys_amount.xml&rh=99999 HTTP/1.1" 200 52006
124.78.155.92 - - [07/Aug/2023:10:52:53 +0800] "GET /xingrg/dwr/interface/AjaxReportQueryService.js HTTP/1.1" 200 13203
124.78.155.92 - - [07/Aug/2023:10:52:53 +0800] "GET /xingrg/dwr/util.js HTTP/1.1" 200 35990
124.78.155.92 - - [07/Aug/2023:10:52:53 +0800] "GET /xingrg/dwr/engine.js HTTP/1.1" 200 43631
124.78.155.92 - - [07/Aug/2023:10:52:53 +0800] "POST /xingrg/dwr/call/plaincall/AjaxReportQueryService.getFixDate.dwr HTTP/1.1" 200 111
124.78.155.92 - - [07/Aug/2023:10:52:54 +0800] "POST /xingrg/dwr/call/plaincall/AjaxReportQueryService.getInitString.dwr HTTP/1.1" 200 1023
124.78.155.92 - - [07/Aug/2023:10:52:54 +0800] "POST /xingrg/all/common/load_tree.html?tree=materiel_sort_tree_json HTTP/1.1" 200 9500
124.78.155.92 - - [07/Aug/2023:10:52:54 +0800] "POST /xingrg/all/common/load_tree.html?tree=supplier_tree_json&manage=1 HTTP/1.1" 200 76830
124.78.155.92 - - [07/Aug/2023:10:52:56 +0800] "POST /xingrg/dwr/call/plaincall/AjaxReportQueryService.getFixDate.dwr HTTP/1.1" 200 111
120.253.135.82 - - [07/Aug/2023:10:52:58 +0800] "POST /xingrg/kc/pszx/mdps_order_operate.html HTTP/1.1" 200 37
101.83.145.37 - - [07/Aug/2023:10:53:00 +0800] "GET /xingrg/kc/buy/cgsh_order_operate.html?command=get_materiel&rest_code=00105&code=00101004061&supplier_code=00100313&order_time=2023-08-07 HTTP/1.1" 200 409
120.253.135.82 - - [07/Aug/2023:10:53:00 +0800] "GET /xingrg/kc/pszx/mdps_order_info.html?code=312023080700199 HTTP/1.1" 200 23978
120.253.135.82 - - [07/Aug/2023:10:53:01 +0800] "GET /xingrg/javascript/easyui/themes/default/validatebox.css HTTP/1.1" 404 1104
120.253.135.82 - - [07/Aug/2023:10:53:02 +0800] "POST /xingrg/kc/pszx/mdps_order_operate.html HTTP/1.1" 200 19703
124.78.155.92 - - [07/Aug/2023:10:53:04 +0800] "POST /xingrg/dwr/call/plaincall/AjaxReportQueryService.refreshCache.dwr HTTP/1.1" 200 78
124.78.70.128 - - [07/Aug/2023:10:53:06 +0800] "GET /xingrg/all/function/internal_message.html?_=1691376254483&CODE_STATE=getMsg HTTP/1.1" 200 27
124.79.243.110 - - [07/Aug/2023:10:53:07 +0800] "GET /xingrg/check_reg.html?_=1691376783328 HTTP/1.1" 302 -
124.79.243.110 - - [07/Aug/2023:10:53:07 +0800] "GET /xingrg/all/function/internal_message.html?_=1691376783333&CODE_STATE=getMsg HTTP/1.1" 302 -
120.253.135.82 - - [07/Aug/2023:10:53:09 +0800] "POST /xingrg/kc/pszx/mdps_list_operate.html HTTP/1.1" 200 2066
120.253.135.82 - - [07/Aug/2023:10:53:11 +0800] "POST /xingrg/kc/pszx/mdps_list_operate.html HTTP/1.1" 200 203
120.253.135.82 - - [07/Aug/2023:10:53:12 +0800] "GET /xingrg/kc/pszx/mdps_order_info.html?code=312023080700200 HTTP/1.1" 200 23978
101.83.145.37 - - [07/Aug/2023:10:53:12 +0800] "GET /xingrg/kc/buy/cgsh_order_operate.html?command=get_materiel&rest_code=00105&code=00101004010&supplier_code=00100313&order_time=2023-08-07 HTTP/1.1" 200 409
120.253.135.82 - - [07/Aug/2023:10:53:13 +0800] "GET /xingrg/javascript/easyui/themes/default/validatebox.css HTTP/1.1" 404 1104
120.253.135.82 - - [07/Aug/2023:10:53:13 +0800] "POST /xingrg/kc/pszx/mdps_order_operate.html HTTP/1.1" 200 2273
124.78.155.92 - - [07/Aug/2023:10:53:16 +0800] "POST /xingrg/all/report/load_report_page.html HTTP/1.1" 200 186981
124.78.155.92 - - [07/Aug/2023:10:53:16 +0800] "GET /xingrg/servlets/image?cache=0.424700079798201&image=px HTTP/1.1" 200 807
120.253.135.82 - - [07/Aug/2023:10:53:16 +0800] "POST /xingrg/all/common/load_combo.html?type=base HTTP/1.1" 200 1169
116.238.191.126 - - [07/Aug/2023:10:53:16 +0800] "GET /xingrg/check_reg.html?_=1691376713861 HTTP/1.1" 200 22
116.238.191.126 - - [07/Aug/2023:10:53:17 +0800] "GET /xingrg/all/function/internal_message.html?_=1691376714888&CODE_STATE=getMsg HTTP/1.1" 200 27
180.169.147.146 - - [07/Aug/2023:10:53:20 +0800] "GET /xingrg/all/function/internal_message.html?_=1691376793221&CODE_STATE=getMsg HTTP/1.1" 200 27
101.83.145.37 - - [07/Aug/2023:10:53:21 +0800] "GET /xingrg/kc/buy/cgsh_order_operate.html?command=get_materiel&rest_code=00105&code=00102026001&supplier_code=00100313&order_time=2023-08-07 HTTP/1.1" 200 409
101.83.145.37 - - [07/Aug/2023:10:53:21 +0800] "GET /xingrg/all/function/internal_message.html?_=1691376606344&CODE_STATE=getMsg HTTP/1.1" 200 27
222.70.114.12 - - [07/Aug/2023:10:53:23 +0800] "GET /xingrg/all/function/internal_message.html?_=1691376805968&CODE_STATE=getMsg HTTP/1.1" 200 27
120.253.135.82 - - [07/Aug/2023:10:53:24 +0800] "POST /xingrg/kc/pszx/mdps_order_operate.html HTTP/1.1" 200 37
180.152.241.196 - - [07/Aug/2023:10:53:25 +0800] "GET /xingrg/check_reg.html?_=1691376805859 HTTP/1.1" 200 22
120.253.135.82 - - [07/Aug/2023:10:53:26 +0800] "GET /xingrg/kc/pszx/mdps_order_info.html?code=312023080700200 HTTP/1.1" 200 23978
180.152.241.196 - - [07/Aug/2023:10:53:26 +0800] "GET /xingrg/all/function/internal_message.html?_=1691376806341&CODE_STATE=getMsg HTTP/1.1" 200 27
120.253.135.82 - - [07/Aug/2023:10:53:26 +0800] "GET /xingrg/javascript/easyui/themes/default/validatebox.css HTTP/1.1" 404 1104
114.83.221.135 - - [07/Aug/2023:10:53:27 +0800] "GET /xingrg/all/function/internal_message.html?_=1691376806051&CODE_STATE=getMsg HTTP/1.1" 200 27
120.253.135.82 - - [07/Aug/2023:10:53:27 +0800] "POST /xingrg/kc/pszx/mdps_order_operate.html HTTP/1.1" 200 2281
222.70.180.200 - - [07/Aug/2023:10:53:28 +0800] "GET /xingrg/all/function/internal_message.html?_=1691376808151&CODE_STATE=getMsg HTTP/1.1" 200 27
222.70.180.200 - - [07/Aug/2023:10:53:28 +0800] "GET /xingrg/check_reg.html?_=1691376808155 HTTP/1.1" 200 22
101.83.145.37 - - [07/Aug/2023:10:53:30 +0800] "GET /xingrg/all/function/internal_message.html?_=1691376810052&CODE_STATE=getMsg HTTP/1.1" 200 27
222.65.220.241 - - [07/Aug/2023:10:53:30 +0800] "GET /xingrg/all/function/internal_message.html?_=1691376810859&CODE_STATE=getMsg HTTP/1.1" 200 27
222.70.180.200 - - [07/Aug/2023:10:53:31 +0800] "GET /xingrg/all/function/internal_message.html?_=1691376810757&CODE_STATE=getMsg HTTP/1.1" 200 27
180.163.29.103 - - [07/Aug/2023:10:53:32 +0800] "GET /xingrg/check_reg.html?_=1691376752222 HTTP/1.1" 302 -
180.163.29.103 - - [07/Aug/2023:10:53:32 +0800] "GET /xingrg/login.html HTTP/1.1" 200 7641
124.78.155.92 - - [07/Aug/2023:10:53:32 +0800] "GET /xingrg/all/function/internal_message.html?_=1691376812068&CODE_STATE=getMsg HTTP/1.1" 200 27
101.83.145.37 - - [07/Aug/2023:10:53:32 +0800] "GET /xingrg/check_reg.html?_=1691376812339 HTTP/1.1" 200 22
101.83.145.37 - - [07/Aug/2023:10:53:37 +0800] "POST /xingrg/kc/buy/cgsh_order_operate.html HTTP/1.1" 200 37
120.253.135.82 - - [07/Aug/2023:10:53:38 +0800] "POST /xingrg/kc/pszx/mdps_list_operate.html HTTP/1.1" 200 2066
101.83.145.37 - - [07/Aug/2023:10:53:40 +0800] "POST /xingrg/kc/buy/cgsh_order_operate.html HTTP/1.1" 200 7997
116.238.191.126 - - [07/Aug/2023:10:53:42 +0800] "GET /xingrg/all/function/internal_message.html?_=1691376821309&CODE_STATE=getMsg HTTP/1.1" 200 27
222.70.180.200 - - [07/Aug/2023:10:53:44 +0800] "GET /xingrg/all/function/internal_message.html?_=1691376823858&CODE_STATE=getMsg HTTP/1.1" 200 27
222.70.180.200 - - [07/Aug/2023:10:53:44 +0800] "GET /xingrg/check_reg.html?_=1691376823910 HTTP/1.1" 200 22
101.83.145.37 - - [07/Aug/2023:10:53:45 +0800] "GET /xingrg/kc/print/load_data.html?order_code=212023080702595&kc_code=cgsh&condition= HTTP/1.1" 200 2713
120.253.135.82 - - [07/Aug/2023:10:53:45 +0800] "GET /xingrg/kc/pszx/mdps_order_add.html HTTP/1.1" 200 29218
120.253.135.82 - - [07/Aug/2023:10:53:46 +0800] "POST /xingrg/kc/pszx/mdps_order_operate.html HTTP/1.1" 200 7126
120.253.135.82 - - [07/Aug/2023:10:53:46 +0800] "GET /xingrg/javascript/easyui/themes/default/validatebox.css HTTP/1.1" 404 1104
124.78.155.92 - - [07/Aug/2023:10:53:47 +0800] "GET /xingrg/all/function/internal_message.html?_=1691376827251&CODE_STATE=getMsg HTTP/1.1" 200 27
114.83.223.61 - - [07/Aug/2023:10:53:47 +0800] "GET /xingrg/all/function/internal_message.html?_=1691376959878&CODE_STATE=getMsg HTTP/1.1" 200 27
101.83.145.37 - - [07/Aug/2023:10:53:51 +0800] "GET /xingrg/kc/buy/cgsh_order_add.html HTTP/1.1" 200 71875
101.83.145.37 - - [07/Aug/2023:10:53:52 +0800] "GET /xingrg/javascript/easyui/themes/default/validatebox.css HTTP/1.1" 404 1104
101.83.145.37 - - [07/Aug/2023:10:53:52 +0800] "POST /xingrg/kc/buy/cgsh_order_operate.html HTTP/1.1" 200 8245
120.253.135.82 - - [07/Aug/2023:10:53:55 +0800] "GET /xingrg/javascript/jquery_tools/images/next.gif HTTP/1.1" 404 1086
120.253.135.82 - - [07/Aug/2023:10:53:55 +0800] "GET /xingrg/javascript/jquery_tools/images/prev.gif HTTP/1.1" 404 1086
120.253.135.82 - - [07/Aug/2023:10:53:58 +0800] "POST /xingrg/all/common/load_combo.html?type=base HTTP/1.1" 200 1169
120.253.135.82 - - [07/Aug/2023:10:54:01 +0800] "GET /xingrg/check_reg.html?_=1691376661038 HTTP/1.1" 200 22
124.78.70.128 - - [07/Aug/2023:10:54:06 +0800] "GET /xingrg/all/function/internal_message.html?_=1691376314456&CODE_STATE=getMsg HTTP/1.1" 200 27
120.253.135.82 - - [07/Aug/2023:10:54:06 +0800] "GET /xingrg/kc/pszx/mdps_order_operate.html?command=get_materiel&pszx_code=00101&rest_code=00149&base_code=0010246&code=00101013107 HTTP/1.1" 200 432
124.79.243.110 - - [07/Aug/2023:10:54:07 +0800] "GET /xingrg/all/function/internal_message.html?_=1691376843312&CODE_STATE=getMsg HTTP/1.1" 302 -
124.78.155.92 - - [07/Aug/2023:10:54:08 +0800] "GET /xingrg/all/report/report_query.html?isQuery=1&fileName=kc/buy/wlcg_cate_hz.xml&queryString=(CONVERT(char(10)%252Ca.order_time%252C%2520120)%253E%253D'2023-06-01')%2520and%2520(CONVERT(char(10)%252Ca.order_time%252C%2520120)%253C%253D'2023-06-30')%2520and%2520(a.number%253E0%2520and%2520a.supplier_code%253D'00100584')&queryText=%25E3%2580%2590%25E9%2587%2587%25E8%25B4%25AD%25E6%2597%25A5%25E6%259C%259F%253A2023-06-01%2520%25E8%2587%25B3%25202023-06-30%25E3%2580%2591%2520%25E5%25B9%25B6%25E4%25B8%2594%2520%25E3%2580%2590%25E4%25BE%259B%25E5%25BA%2594%25E5%2595%2586%253D%25E7%25B2%25AE%25E6%25B2%25B9%25EF%25BC%2588%25E9%2582%25B1%25E6%2598%25A5%25E5%25BE%25B7%25EF%25BC%2589%25E3%2580%2591 HTTP/1.1" 200 54374
124.78.155.92 - - [07/Aug/2023:10:54:08 +0800] "GET /xingrg/dwr/interface/AjaxReportQueryService.js HTTP/1.1" 200 13203
124.78.155.92 - - [07/Aug/2023:10:54:08 +0800] "GET /xingrg/dwr/engine.js HTTP/1.1" 200 43631
124.78.155.92 - - [07/Aug/2023:10:54:11 +0800] "POST /xingrg/all/report/load_report_page.html HTTP/1.1" 200 8714
124.78.155.92 - - [07/Aug/2023:10:54:11 +0800] "GET /xingrg/servlets/image?cache=0.5555282062157106&image=px HTTP/1.1" 200 807
120.253.135.82 - - [07/Aug/2023:10:54:14 +0800] "POST /xingrg/kc/pszx/mdps_order_operate.html HTTP/1.1" 200 37
101.83.145.37 - - [07/Aug/2023:10:54:14 +0800] "GET /xingrg/kc/buy/cgsh_order_operate.html?command=get_materiel&rest_code=00105&code=00101002038&supplier_code=00100087&order_time=2023-08-07 HTTP/1.1" 200 416
124.78.155.92 - - [07/Aug/2023:10:54:15 +0800] "POST /xingrg/all/report/load_report_page.html HTTP/1.1" 200 23253
124.78.155.92 - - [07/Aug/2023:10:54:15 +0800] "GET /xingrg/servlets/image?cache=0.2117183760749991&image=px HTTP/1.1" 200 807
120.253.135.82 - - [07/Aug/2023:10:54:15 +0800] "GET /xingrg/kc/pszx/mdps_order_info.html?code=312023080700202 HTTP/1.1" 200 23978
120.253.135.82 - - [07/Aug/2023:10:54:16 +0800] "GET /xingrg/javascript/easyui/themes/default/validatebox.css HTTP/1.1" 404 1104
120.253.135.82 - - [07/Aug/2023:10:54:17 +0800] "POST /xingrg/kc/pszx/mdps_order_operate.html HTTP/1.1" 200 2274
116.238.191.126 - - [07/Aug/2023:10:54:17 +0800] "GET /xingrg/all/function/internal_message.html?_=1691376774902&CODE_STATE=getMsg HTTP/1.1" 200 27
180.169.147.146 - - [07/Aug/2023:10:54:20 +0800] "GET /xingrg/all/function/internal_message.html?_=1691376853192&CODE_STATE=getMsg HTTP/1.1" 200 27
101.83.145.37 - - [07/Aug/2023:10:54:21 +0800] "GET /xingrg/all/function/internal_message.html?_=1691376666344&CODE_STATE=getMsg HTTP/1.1" 200 27
222.70.114.12 - - [07/Aug/2023:10:54:23 +0800] "GET /xingrg/all/function/internal_message.html?_=1691376865973&CODE_STATE=getMsg HTTP/1.1" 200 27
120.253.135.82 - - [07/Aug/2023:10:54:24 +0800] "GET /xingrg/kc/pszx/mdps_order_operate.html?command=get_materiel&pszx_code=00101&rest_code=00149&base_code=0010246&code=00101019248 HTTP/1.1" 200 446
101.83.145.37 - - [07/Aug/2023:10:54:25 +0800] "GET /xingrg/kc/buy/cgsh_order_operate.html?command=get_materiel&rest_code=00105&code=00101002002&supplier_code=00100087&order_time=2023-08-07 HTTP/1.1" 200 420
180.152.241.196 - - [07/Aug/2023:10:54:26 +0800] "GET /xingrg/all/function/internal_message.html?_=1691376866335&CODE_STATE=getMsg HTTP/1.1" 200 27
114.83.221.135 - - [07/Aug/2023:10:54:27 +0800] "GET /xingrg/all/function/internal_message.html?_=1691376866063&CODE_STATE=getMsg HTTP/1.1" 200 27
222.70.180.200 - - [07/Aug/2023:10:54:28 +0800] "GET /xingrg/all/function/internal_message.html?_=1691376868154&CODE_STATE=getMsg HTTP/1.1" 200 27
101.83.145.37 - - [07/Aug/2023:10:54:30 +0800] "GET /xingrg/all/function/internal_message.html?_=1691376869998&CODE_STATE=getMsg HTTP/1.1" 200 27
222.65.220.241 - - [07/Aug/2023:10:54:30 +0800] "GET /xingrg/all/function/internal_message.html?_=1691376870856&CODE_STATE=getMsg HTTP/1.1" 200 27
222.70.180.200 - - [07/Aug/2023:10:54:31 +0800] "GET /xingrg/all/function/internal_message.html?_=1691376870727&CODE_STATE=getMsg HTTP/1.1" 200 27
124.78.155.92 - - [07/Aug/2023:10:54:32 +0800] "GET /xingrg/all/function/internal_message.html?_=1691376872050&CODE_STATE=getMsg HTTP/1.1" 200 27
124.78.155.92 - - [07/Aug/2023:10:54:38 +0800] "POST /xingrg/dwr/call/plaincall/AjaxReportQueryService.refreshCache.dwr HTTP/1.1" 200 78
120.253.135.82 - - [07/Aug/2023:10:54:40 +0800] "GET /xingrg/kc/pszx/mdps_order_operate.html?command=get_materiel&pszx_code=00101&rest_code=00149&base_code=0010246&code=00101019368 HTTP/1.1" 200 478
116.238.191.126 - - [07/Aug/2023:10:54:42 +0800] "GET /xingrg/check_reg.html?_=1691376881311 HTTP/1.1" 200 22
116.238.191.126 - - [07/Aug/2023:10:54:42 +0800] "GET /xingrg/all/function/internal_message.html?_=1691376881315&CODE_STATE=getMsg HTTP/1.1" 200 27
222.70.180.200 - - [07/Aug/2023:10:54:44 +0800] "GET /xingrg/all/function/internal_message.html?_=1691376883842&CODE_STATE=getMsg HTTP/1.1" 200 27
124.78.155.92 - - [07/Aug/2023:10:54:44 +0800] "POST /xingrg/all/report/load_report_page.html HTTP/1.1" 200 168561
124.78.155.92 - - [07/Aug/2023:10:54:44 +0800] "GET /xingrg/servlets/image?cache=0.33647985054590224&image=px HTTP/1.1" 200 807
114.83.223.61 - - [07/Aug/2023:10:54:47 +0800] "GET /xingrg/all/function/internal_message.html?_=1691377019880&CODE_STATE=getMsg HTTP/1.1" 200 27
124.78.155.92 - - [07/Aug/2023:10:54:47 +0800] "GET /xingrg/all/function/internal_message.html?_=1691376887330&CODE_STATE=getMsg HTTP/1.1" 200 27
120.253.135.82 - - [07/Aug/2023:10:54:50 +0800] "POST /xingrg/all/common/load_select.html HTTP/1.1" 200 25
124.78.155.92 - - [07/Aug/2023:10:54:52 +0800] "GET /xingrg/all/report/report_query.html?isQuery=1&fileName=kc/buy/wlcg_cate_hz.xml&queryString=(CONVERT(char(10)%252Ca.order_time%252C%2520120)%253E%253D'2023-06-01')%2520and%2520(CONVERT(char(10)%252Ca.order_time%252C%2520120)%253C%253D'2023-06-15')%2520and%2520(a.number%253E0%2520and%2520a.supplier_code%253D'00100584')&queryText=%25E3%2580%2590%25E9%2587%2587%25E8%25B4%25AD%25E6%2597%25A5%25E6%259C%259F%253A2023-06-01%2520%25E8%2587%25B3%25202023-06-15%25E3%2580%2591%2520%25E5%25B9%25B6%25E4%25B8%2594%2520%25E3%2580%2590%25E4%25BE%259B%25E5%25BA%2594%25E5%2595%2586%253D%25E7%25B2%25AE%25E6%25B2%25B9%25EF%25BC%2588%25E9%2582%25B1%25E6%2598%25A5%25E5%25BE%25B7%25EF%25BC%2589%25E3%2580%2591 HTTP/1.1" 200 54374
124.78.155.92 - - [07/Aug/2023:10:54:53 +0800] "GET /xingrg/dwr/interface/AjaxReportQueryService.js HTTP/1.1" 200 13203
124.78.155.92 - - [07/Aug/2023:10:54:53 +0800] "GET /xingrg/dwr/engine.js HTTP/1.1" 200 43631
120.253.135.82 - - [07/Aug/2023:10:54:53 +0800] "GET /xingrg/kc/pszx/mdps_order_operate.html?command=get_materiel_price&pszx_code=00101&rest_code=00149&base_code=0010246&code=00101019368&unit_code=00100074&order_time=2023-08-08 HTTP/1.1" 200 34
124.78.155.92 - - [07/Aug/2023:10:54:55 +0800] "POST /xingrg/all/report/load_report_page.html HTTP/1.1" 200 8714
124.78.155.92 - - [07/Aug/2023:10:54:56 +0800] "GET /xingrg/servlets/image?cache=0.6095438819923558&image=px HTTP/1.1" 200 807
180.169.147.146 - - [07/Aug/2023:10:55:00 +0800] "GET /xingrg/index.html?sysBaseUrl=http%3A%2F%2F180.169.147.146%3A18081%2Fxingrg%2F&costTime=39×tamp=1592034574635 HTTP/1.1" 302 -
180.169.147.146 - - [07/Aug/2023:10:55:00 +0800] "GET /xingrg/login.html HTTP/1.1" 200 7641
124.78.155.92 - - [07/Aug/2023:10:55:00 +0800] "POST /xingrg/all/report/load_report_page.html HTTP/1.1" 200 23253
124.78.155.92 - - [07/Aug/2023:10:55:00 +0800] "GET /xingrg/servlets/image?cache=0.1614809303016539&image=px HTTP/1.1" 200 807
180.169.147.146 - - [07/Aug/2023:10:55:01 +0800] "GET /favicon.ico HTTP/1.1" 404 -
180.169.147.146 - - [07/Aug/2023:10:55:04 +0800] "POST /xingrg/login.do HTTP/1.1" 302 -
180.169.147.146 - - [07/Aug/2023:10:55:04 +0800] "GET /xingrg/index.html?sysBaseUrl=http%3A%2F%2F180.169.147.146%3A18081%2Fxingrg%2F&costTime=1585×tamp=1691376904044 HTTP/1.1" 200 17503
180.169.147.146 - - [07/Aug/2023:10:55:04 +0800] "GET /favicon.ico HTTP/1.1" 404 -
180.169.147.146 - - [07/Aug/2023:10:55:04 +0800] "GET /xingrg/all/function/internal_message.html?_=1691376904531&CODE_STATE=count HTTP/1.1" 200 11
180.169.147.146 - - [07/Aug/2023:10:55:04 +0800] "GET /xingrg/check_reg.html?_=1691376904531 HTTP/1.1" 200 22
180.169.147.146 - - [07/Aug/2023:10:55:04 +0800] "POST /xingrg/all/common/load_tree.html?tree=area_rest_tree_json&manage=1 HTTP/1.1" 200 3499
180.169.147.146 - - [07/Aug/2023:10:55:04 +0800] "POST /xingrg/load_menu.html HTTP/1.1" 200 11564
124.78.70.128 - - [07/Aug/2023:10:55:06 +0800] "GET /xingrg/all/function/internal_message.html?_=1691376374426&CODE_STATE=getMsg HTTP/1.1" 200 27
120.253.135.82 - - [07/Aug/2023:10:55:07 +0800] "GET /xingrg/kc/pszx/mdps_order_operate.html?command=get_materiel&pszx_code=00101&rest_code=00149&base_code=0010246&code=00101020143 HTTP/1.1" 200 450
124.79.243.110 - - [07/Aug/2023:10:55:07 +0800] "GET /xingrg/all/function/internal_message.html?_=1691376903328&CODE_STATE=getMsg HTTP/1.1" 302 -
180.169.147.146 - - [07/Aug/2023:10:55:08 +0800] "GET /xingrg/system/info/materiel_manager.html HTTP/1.1" 200 19497
180.169.147.146 - - [07/Aug/2023:10:55:08 +0800] "GET /xingrg/dwr/interface/AjaxBaseInfoService.js HTTP/1.1" 200 21363
180.169.147.146 - - [07/Aug/2023:10:55:08 +0800] "GET /xingrg/dwr/interface/AjaxComOrderService.js HTTP/1.1" 200 18264
180.169.147.146 - - [07/Aug/2023:10:55:08 +0800] "GET /xingrg/dwr/engine.js HTTP/1.1" 200 43631
180.169.147.146 - - [07/Aug/2023:10:55:08 +0800] "GET /xingrg/dwr/util.js HTTP/1.1" 304 -
180.169.147.146 - - [07/Aug/2023:10:55:09 +0800] "POST /xingrg/dwr/call/plaincall/AjaxBaseInfoService.getSubMaterielSorts.dwr HTTP/1.1" 200 219
180.169.147.146 - - [07/Aug/2023:10:55:09 +0800] "POST /xingrg/dwr/call/plaincall/AjaxBaseInfoService.getMateriels.dwr HTTP/1.1" 200 2930
180.169.147.146 - - [07/Aug/2023:10:55:12 +0800] "GET /xingrg/system/supplier/kcSupplier.html?isKc=1 HTTP/1.1" 200 10949
180.169.147.146 - - [07/Aug/2023:10:55:13 +0800] "POST /xingrg/all/common/load_tree.html?tree=area_tree_json HTTP/1.1" 200 206
180.169.147.146 - - [07/Aug/2023:10:55:13 +0800] "POST /xingrg/all/common/load_tree.html?tree=supplier_sort_tree_json HTTP/1.1" 200 2520
180.169.147.146 - - [07/Aug/2023:10:55:13 +0800] "POST /xingrg/all/common/load_tree.html?tree=area_tree_json HTTP/1.1" 200 206
180.169.147.146 - - [07/Aug/2023:10:55:13 +0800] "POST /xingrg/all/common/load_tree.html?tree=supplier_sort_tree_json HTTP/1.1" 200 2520
180.169.147.146 - - [07/Aug/2023:10:55:14 +0800] "GET /xingrg/kc/buy/buy_main.html HTTP/1.1" 200 12412
180.169.147.146 - - [07/Aug/2023:10:55:14 +0800] "GET /xingrg/css/new_ie.css HTTP/1.1" 404 1036
180.169.147.146 - - [07/Aug/2023:10:55:16 +0800] "GET /xingrg/kc/buy/cgsh_order_list.html HTTP/1.1" 200 56017
180.169.147.146 - - [07/Aug/2023:10:55:17 +0800] "POST /xingrg/system/supplier/kc_supplier_operate.html HTTP/1.1" 200 102233
116.238.191.126 - - [07/Aug/2023:10:55:18 +0800] "GET /xingrg/all/function/internal_message.html?_=1691376834916&CODE_STATE=getMsg HTTP/1.1" 200 27
120.253.135.82 - - [07/Aug/2023:10:55:18 +0800] "POST /xingrg/kc/pszx/mdps_order_operate.html HTTP/1.1" 200 37
124.78.155.92 - - [07/Aug/2023:10:55:18 +0800] "POST /xingrg/dwr/call/plaincall/AjaxReportQueryService.refreshCache.dwr HTTP/1.1" 200 78
180.169.147.146 - - [07/Aug/2023:10:55:20 +0800] "GET /xingrg/all/function/internal_message.html?_=1691376913180&CODE_STATE=getMsg HTTP/1.1" 200 27
101.83.145.37 - - [07/Aug/2023:10:55:21 +0800] "GET /xingrg/all/function/internal_message.html?_=1691376726342&CODE_STATE=getMsg HTTP/1.1" 200 27
120.253.135.82 - - [07/Aug/2023:10:55:22 +0800] "GET /xingrg/kc/pszx/mdps_order_info.html?code=312023080700202 HTTP/1.1" 200 23978
180.169.147.146 - - [07/Aug/2023:10:55:22 +0800] "POST /xingrg/system/supplier/kc_supplier_operate.html HTTP/1.1" 200 24615
120.253.135.82 - - [07/Aug/2023:10:55:23 +0800] "GET /xingrg/javascript/easyui/themes/default/validatebox.css HTTP/1.1" 404 1104
222.70.114.12 - - [07/Aug/2023:10:55:23 +0800] "GET /xingrg/all/function/internal_message.html?_=1691376925978&CODE_STATE=getMsg HTTP/1.1" 200 27
180.169.147.146 - - [07/Aug/2023:10:55:24 +0800] "POST /xingrg/kc/buy/cgsh_list_operate.html HTTP/1.1" 200 6132
180.169.147.146 - - [07/Aug/2023:10:55:24 +0800] "GET /xingrg/system/supplier/kcSupplier_info.html?isAdd=1&type=sort&id=00101 HTTP/1.1" 200 26466
180.169.147.146 - - [07/Aug/2023:10:55:24 +0800] "GET /xingrg/dwr/interface/AjaxKcSupplierService.js HTTP/1.1" 200 13003
180.169.147.146 - - [07/Aug/2023:10:55:24 +0800] "GET /xingrg/dwr/interface/AjaxGetFirstChart.js HTTP/1.1" 200 631
180.169.147.146 - - [07/Aug/2023:10:55:24 +0800] "GET /xingrg/dwr/engine.js HTTP/1.1" 200 43631
120.253.135.82 - - [07/Aug/2023:10:55:24 +0800] "POST /xingrg/kc/pszx/mdps_order_operate.html HTTP/1.1" 200 3782
180.169.147.146 - - [07/Aug/2023:10:55:24 +0800] "POST /xingrg/all/common/load_tree.html?tree=area_tree_json HTTP/1.1" 200 206
180.169.147.146 - - [07/Aug/2023:10:55:24 +0800] "GET /favicon.ico HTTP/1.1" 404 -
180.169.147.146 - - [07/Aug/2023:10:55:24 +0800] "POST /xingrg/all/common/load_tree.html?tree=area_tree_json HTTP/1.1" 200 206
124.78.155.92 - - [07/Aug/2023:10:55:24 +0800] "POST /xingrg/all/report/load_report_page.html HTTP/1.1" 200 168561
180.169.147.146 - - [07/Aug/2023:10:55:25 +0800] "POST /xingrg/dwr/call/plaincall/AjaxKcSupplierService.modifyKcSupplier.dwr HTTP/1.1" 200 123
180.169.147.146 - - [07/Aug/2023:10:55:25 +0800] "POST /xingrg/all/common/load_tree.html?tree=area_rest_tree_json HTTP/1.1" 200 3499
124.78.155.92 - - [07/Aug/2023:10:55:25 +0800] "GET /xingrg/servlets/image?cache=0.20498378594321287&image=px HTTP/1.1" 200 807
180.169.147.146 - - [07/Aug/2023:10:55:25 +0800] "POST /xingrg/all/common/load_tree.html?tree=area_tree_json HTTP/1.1" 200 206
180.169.147.146 - - [07/Aug/2023:10:55:25 +0800] "POST /xingrg/all/common/load_tree.html?tree=area_rest_tree_json&defaultRests= HTTP/1.1" 200 3499
180.169.147.146 - - [07/Aug/2023:10:55:25 +0800] "POST /xingrg/all/common/load_tree.html?tree=area_rest_tree_json&areaId=1&defaultRests= HTTP/1.1" 200 3499
180.152.241.196 - - [07/Aug/2023:10:55:26 +0800] "GET /xingrg/all/function/internal_message.html?_=1691376926332&CODE_STATE=getMsg HTTP/1.1" 200 27
180.169.147.146 - - [07/Aug/2023:10:55:26 +0800] "POST /xingrg/dwr/call/plaincall/AjaxGetFirstChart.getFirstChart.dwr HTTP/1.1" 200 87
120.253.135.82 - - [07/Aug/2023:10:55:27 +0800] "POST /xingrg/kc/pszx/mdps_list_operate.html HTTP/1.1" 200 2437
114.83.221.135 - - [07/Aug/2023:10:55:27 +0800] "GET /xingrg/all/function/internal_message.html?_=1691376926068&CODE_STATE=getMsg HTTP/1.1" 200 27
222.70.180.200 - - [07/Aug/2023:10:55:28 +0800] "GET /xingrg/all/function/internal_message.html?_=1691376928146&CODE_STATE=getMsg HTTP/1.1" 200 27
101.83.145.37 - - [07/Aug/2023:10:55:30 +0800] "GET /xingrg/all/function/internal_message.html?_=1691376929984&CODE_STATE=getMsg HTTP/1.1" 200 27
180.169.147.146 - - [07/Aug/2023:10:55:30 +0800] "POST /xingrg/dwr/call/plaincall/AjaxKcSupplierService.modifyKcSupplier.dwr HTTP/1.1" 200 76
222.65.220.241 - - [07/Aug/2023:10:55:30 +0800] "GET /xingrg/all/function/internal_message.html?_=1691376930843&CODE_STATE=getMsg HTTP/1.1" 200 27
222.70.180.200 - - [07/Aug/2023:10:55:31 +0800] "GET /xingrg/all/function/internal_message.html?_=1691376930712&CODE_STATE=getMsg HTTP/1.1" 200 27
180.169.147.146 - - [07/Aug/2023:10:55:31 +0800] "POST /xingrg/system/supplier/kc_supplier_operate.html HTTP/1.1" 200 24790
120.253.135.82 - - [07/Aug/2023:10:55:31 +0800] "POST /xingrg/kc/pszx/mdps_list_operate.html HTTP/1.1" 200 446
124.78.155.92 - - [07/Aug/2023:10:55:32 +0800] "GET /xingrg/all/function/internal_message.html?_=1691376932038&CODE_STATE=getMsg HTTP/1.1" 200 27
180.163.28.180 - - [07/Aug/2023:10:55:32 +0800] "GET /xingrg/all/function/internal_message.html?_=1691376872050&CODE_STATE=getMsg HTTP/1.1" 302 -
180.163.28.180 - - [07/Aug/2023:10:55:32 +0800] "GET /xingrg/login.html HTTP/1.1" 200 7641
124.78.70.128 - - [07/Aug/2023:10:55:35 +0800] "GET /xingrg/check_reg.html?_=1691376403597 HTTP/1.1" 200 22
120.253.135.82 - - [07/Aug/2023:10:55:35 +0800] "POST /xingrg/kc/pszx/mdps_list_operate.html HTTP/1.1" 200 613
180.169.147.146 - - [07/Aug/2023:10:55:36 +0800] "GET /xingrg/system/info/materiel_manager.html HTTP/1.1" 200 19497
180.169.147.146 - - [07/Aug/2023:10:55:36 +0800] "GET /xingrg/dwr/interface/AjaxBaseInfoService.js HTTP/1.1" 200 21363
180.169.147.146 - - [07/Aug/2023:10:55:36 +0800] "GET /xingrg/dwr/interface/AjaxComOrderService.js HTTP/1.1" 200 18264
180.169.147.146 - - [07/Aug/2023:10:55:36 +0800] "GET /xingrg/dwr/engine.js HTTP/1.1" 200 43631
180.169.147.146 - - [07/Aug/2023:10:55:37 +0800] "POST /xingrg/dwr/call/plaincall/AjaxBaseInfoService.getSubMaterielSorts.dwr HTTP/1.1" 200 219
120.253.135.82 - - [07/Aug/2023:10:55:37 +0800] "GET /xingrg/kc/pszx/mdps_order_info.html?code=312023080700199 HTTP/1.1" 200 23978
180.169.147.146 - - [07/Aug/2023:10:55:37 +0800] "POST /xingrg/dwr/call/plaincall/AjaxBaseInfoService.getMateriels.dwr HTTP/1.1" 200 2930
124.78.155.92 - - [07/Aug/2023:10:55:38 +0800] "POST /xingrg/dwr/call/plaincall/AjaxReportQueryService.refreshCache.dwr HTTP/1.1" 200 78
120.253.135.82 - - [07/Aug/2023:10:55:38 +0800] "GET /xingrg/javascript/easyui/themes/default/validatebox.css HTTP/1.1" 404 1104
180.169.147.146 - - [07/Aug/2023:10:55:39 +0800] "POST /xingrg/dwr/call/plaincall/AjaxBaseInfoService.getSubMaterielSorts.dwr HTTP/1.1" 200 4044
120.253.135.82 - - [07/Aug/2023:10:55:39 +0800] "POST /xingrg/kc/pszx/mdps_order_operate.html HTTP/1.1" 200 19703
180.169.147.146 - - [07/Aug/2023:10:55:39 +0800] "POST /xingrg/dwr/call/plaincall/AjaxBaseInfoService.getMateriels.dwr HTTP/1.1" 200 2928
116.238.191.126 - - [07/Aug/2023:10:55:42 +0800] "GET /xingrg/all/function/internal_message.html?_=1691376941315&CODE_STATE=getMsg HTTP/1.1" 200 27
222.70.180.200 - - [07/Aug/2023:10:55:44 +0800] "GET /xingrg/all/function/internal_message.html?_=1691376943827&CODE_STATE=getMsg HTTP/1.1" 200 27
180.169.147.146 - - [07/Aug/2023:10:55:44 +0800] "POST /xingrg/dwr/call/plaincall/AjaxBaseInfoService.getMateriels.dwr HTTP/1.1" 200 3072
222.70.180.200 - - [07/Aug/2023:10:55:45 +0800] "GET /xingrg/check_reg.html?_=1691376944828 HTTP/1.1" 200 22
180.169.147.146 - - [07/Aug/2023:10:55:46 +0800] "POST /xingrg/dwr/call/plaincall/AjaxBaseInfoService.getMateriels.dwr HTTP/1.1" 200 1683
124.78.155.92 - - [07/Aug/2023:10:55:46 +0800] "POST /xingrg/all/report/load_report_page.html HTTP/1.1" 200 163531
124.78.155.92 - - [07/Aug/2023:10:55:46 +0800] "GET /xingrg/servlets/image?cache=0.732727760479281&image=px HTTP/1.1" 200 807
114.83.223.61 - - [07/Aug/2023:10:55:47 +0800] "GET /xingrg/all/function/internal_message.html?_=1691377079890&CODE_STATE=getMsg HTTP/1.1" 200 27
124.78.155.92 - - [07/Aug/2023:10:55:47 +0800] "GET /xingrg/all/function/internal_message.html?_=1691376947328&CODE_STATE=getMsg HTTP/1.1" 200 27
101.83.145.37 - - [07/Aug/2023:10:55:58 +0800] "POST /xingrg/kc/buy/cgsh_order_operate.html HTTP/1.1" 200 37
101.83.145.37 - - [07/Aug/2023:10:56:01 +0800] "POST /xingrg/kc/buy/cgsh_order_operate.html HTTP/1.1" 200 3271
180.163.29.234 - - [07/Aug/2023:10:56:04 +0800] "GET /xingrg/all/function/internal_message.html?_=1691376904531&CODE_STATE=count HTTP/1.1" 302 -
180.163.29.234 - - [07/Aug/2023:10:56:04 +0800] "GET /xingrg/login.html HTTP/1.1" 200 7641
180.169.147.146 - - [07/Aug/2023:10:56:04 +0800] "GET /xingrg/all/function/internal_message.html?_=1691376964555&CODE_STATE=getMsg HTTP/1.1" 200 27
101.83.145.37 - - [07/Aug/2023:10:56:05 +0800] "GET /xingrg/kc/print/load_data.html?order_code=212023080702596&kc_code=cgsh&condition= HTTP/1.1" 200 959
180.169.147.146 - - [07/Aug/2023:10:56:05 +0800] "GET /xingrg/system/info/materiel_info.html?code=00101032&isAdd=1 HTTP/1.1" 200 37438
180.169.147.146 - - [07/Aug/2023:10:56:05 +0800] "GET /xingrg/dwr/engine.js HTTP/1.1" 200 43631
180.169.147.146 - - [07/Aug/2023:10:56:05 +0800] "GET /favicon.ico HTTP/1.1" 404 -
180.169.147.146 - - [07/Aug/2023:10:56:06 +0800] "POST /xingrg/all/common/load_tree.html?tree=area_rest_tree_json HTTP/1.1" 200 3499
124.78.70.128 - - [07/Aug/2023:10:56:06 +0800] "GET /xingrg/all/function/internal_message.html?_=1691376434393&CODE_STATE=getMsg HTTP/1.1" 200 27
180.169.147.146 - - [07/Aug/2023:10:56:06 +0800] "POST /xingrg/dwr/call/plaincall/AjaxBaseInfoService.getMaterielInfo.dwr HTTP/1.1" 200 204
180.169.147.146 - - [07/Aug/2023:10:56:06 +0800] "POST /xingrg/all/common/load_tree.html?tree=area_rest_tree_json&defaultRests=undefined HTTP/1.1" 200 3499
124.78.155.92 - - [07/Aug/2023:10:56:07 +0800] "POST /xingrg/dwr/call/plaincall/AjaxReportQueryService.refreshCache.dwr HTTP/1.1" 200 78
124.79.243.110 - - [07/Aug/2023:10:56:07 +0800] "GET /xingrg/all/function/internal_message.html?_=1691376963323&CODE_STATE=getMsg HTTP/1.1" 302 -
101.83.145.37 - - [07/Aug/2023:10:56:09 +0800] "GET /xingrg/kc/buy/cgsh_order_add.html HTTP/1.1" 200 71941
101.83.145.37 - - [07/Aug/2023:10:56:10 +0800] "POST /xingrg/kc/buy/cgsh_order_operate.html HTTP/1.1" 200 8245
101.83.145.37 - - [07/Aug/2023:10:56:10 +0800] "GET /xingrg/javascript/easyui/themes/default/validatebox.css HTTP/1.1" 404 1104
124.78.155.92 - - [07/Aug/2023:10:56:12 +0800] "POST /xingrg/all/report/load_report_page.html HTTP/1.1" 200 168561
124.78.155.92 - - [07/Aug/2023:10:56:12 +0800] "GET /xingrg/servlets/image?cache=0.28052544806122115&image=px HTTP/1.1" 200 807
124.78.155.92 - - [07/Aug/2023:10:56:17 +0800] "GET /xingrg/all/report/report_query.html?isQuery=1&fileName=kc/buy/wlcg_cate_hz.xml&queryString=(CONVERT(char(10)%252Ca.order_time%252C%2520120)%253E%253D'2023-06-01')%2520and%2520(CONVERT(char(10)%252Ca.order_time%252C%2520120)%253C%253D'2023-06-15')%2520and%2520(a.number%253E0%2520and%2520a.supplier_code%253D'00100584')&queryText=%25E3%2580%2590%25E9%2587%2587%25E8%25B4%25AD%25E6%2597%25A5%25E6%259C%259F%253A2023-06-01%2520%25E8%2587%25B3%25202023-06-15%25E3%2580%2591%2520%25E5%25B9%25B6%25E4%25B8%2594%2520%25E3%2580%2590%25E4%25BE%259B%25E5%25BA%2594%25E5%2595%2586%253D%25E7%25B2%25AE%25E6%25B2%25B9%25EF%25BC%2588%25E9%2582%25B1%25E6%2598%25A5%25E5%25BE%25B7%25EF%25BC%2589%25E3%2580%2591 HTTP/1.1" 200 54374
116.238.191.126 - - [07/Aug/2023:10:56:18 +0800] "GET /xingrg/all/function/internal_message.html?_=1691376894957&CODE_STATE=getMsg HTTP/1.1" 200 27
124.78.155.92 - - [07/Aug/2023:10:56:18 +0800] "GET /xingrg/dwr/interface/AjaxReportQueryService.js HTTP/1.1" 200 13203
124.78.155.92 - - [07/Aug/2023:10:56:18 +0800] "GET /xingrg/dwr/engine.js HTTP/1.1" 200 43631
180.169.147.146 - - [07/Aug/2023:10:56:20 +0800] "GET /xingrg/all/function/internal_message.html?_=1691376973157&CODE_STATE=getMsg HTTP/1.1" 200 27
180.169.147.146 - - [07/Aug/2023:10:56:20 +0800] "GET /xingrg/check_reg.html?_=1691376973595 HTTP/1.1" 200 22
101.83.145.37 - - [07/Aug/2023:10:56:21 +0800] "GET /xingrg/all/function/internal_message.html?_=1691376786356&CODE_STATE=getMsg HTTP/1.1" 200 27
124.78.155.92 - - [07/Aug/2023:10:56:21 +0800] "POST /xingrg/all/report/load_report_page.html HTTP/1.1" 200 8714
124.78.155.92 - - [07/Aug/2023:10:56:21 +0800] "GET /xingrg/servlets/image?cache=0.0820576572963142&image=px HTTP/1.1" 200 807
101.83.145.37 - - [07/Aug/2023:10:56:23 +0800] "GET /xingrg/kc/buy/cgsh_order_operate.html?command=get_materiel&rest_code=00105&code=00101002006&supplier_code=00100091&order_time=2023-08-07 HTTP/1.1" 200 416
180.163.30.27 - - [07/Aug/2023:10:56:23 +0800] "GET /xingrg/system/supplier/kcSupplier_info.html?isAdd=1&type=sort&id=00101 HTTP/1.1" 302 -
180.163.30.27 - - [07/Aug/2023:10:56:23 +0800] "GET /xingrg/login.html HTTP/1.1" 200 7641
222.70.114.12 - - [07/Aug/2023:10:56:23 +0800] "GET /xingrg/check_reg.html?_=1691376985977 HTTP/1.1" 200 22
222.70.114.12 - - [07/Aug/2023:10:56:23 +0800] "GET /xingrg/all/function/internal_message.html?_=1691376985986&CODE_STATE=getMsg HTTP/1.1" 200 27
180.152.241.196 - - [07/Aug/2023:10:56:26 +0800] "GET /xingrg/all/function/internal_message.html?_=1691376986329&CODE_STATE=getMsg HTTP/1.1" 200 27
114.83.221.135 - - [07/Aug/2023:10:56:27 +0800] "GET /xingrg/all/function/internal_message.html?_=1691376986055&CODE_STATE=getMsg HTTP/1.1" 200 27
222.70.180.200 - - [07/Aug/2023:10:56:28 +0800] "GET /xingrg/all/function/internal_message.html?_=1691376988160&CODE_STATE=getMsg HTTP/1.1" 200 27
222.65.220.241 - - [07/Aug/2023:10:56:30 +0800] "GET /xingrg/all/function/internal_message.html?_=1691376990854&CODE_STATE=getMsg HTTP/1.1" 200 27
222.70.180.200 - - [07/Aug/2023:10:56:30 +0800] "GET /xingrg/all/function/internal_message.html?_=1691376990693&CODE_STATE=getMsg HTTP/1.1" 200 27
180.169.147.146 - - [07/Aug/2023:10:56:32 +0800] "POST /xingrg/kc/buy/cgsh_list_operate.html HTTP/1.1" 200 6264
124.78.155.92 - - [07/Aug/2023:10:56:32 +0800] "GET /xingrg/all/function/internal_message.html?_=1691376992024&CODE_STATE=getMsg HTTP/1.1" 200 27
180.169.147.146 - - [07/Aug/2023:10:56:33 +0800] "POST /xingrg/dwr/call/plaincall/AjaxGetFirstChart.getFirstChart.dwr HTTP/1.1" 200 84
101.83.145.37 - - [07/Aug/2023:10:56:35 +0800] "POST /xingrg/kc/buy/cgsh_order_operate.html HTTP/1.1" 200 37
180.169.147.146 - - [07/Aug/2023:10:56:38 +0800] "POST /xingrg/dwr/call/plaincall/AjaxBaseInfoService.changeUnitGroup.dwr HTTP/1.1" 200 243
101.83.145.37 - - [07/Aug/2023:10:56:40 +0800] "POST /xingrg/kc/buy/cgsh_order_operate.html HTTP/1.1" 200 2661
116.238.191.126 - - [07/Aug/2023:10:56:42 +0800] "GET /xingrg/all/function/internal_message.html?_=1691377001321&CODE_STATE=getMsg HTTP/1.1" 200 27
222.70.180.200 - - [07/Aug/2023:10:56:44 +0800] "GET /xingrg/all/function/internal_message.html?_=1691377003798&CODE_STATE=getMsg HTTP/1.1" 200 27
101.83.145.37 - - [07/Aug/2023:10:56:44 +0800] "GET /xingrg/kc/print/load_data.html?order_code=212023080702597&kc_code=cgsh&condition= HTTP/1.1" 200 740
180.169.147.146 - - [07/Aug/2023:10:56:45 +0800] "POST /xingrg/kc/buy/cgsh_list_operate.html HTTP/1.1" 200 6133
180.169.147.146 - - [07/Aug/2023:10:56:46 +0800] "POST /xingrg/dwr/call/plaincall/AjaxBaseInfoService.saveMateriel.dwr HTTP/1.1" 200 108
180.169.147.146 - - [07/Aug/2023:10:56:46 +0800] "POST /xingrg/dwr/call/plaincall/AjaxBaseInfoService.getMateriels.dwr HTTP/1.1" 200 1893
114.83.223.61 - - [07/Aug/2023:10:56:47 +0800] "GET /xingrg/all/function/internal_message.html?_=1691377139879&CODE_STATE=getMsg HTTP/1.1" 200 27
124.78.155.92 - - [07/Aug/2023:10:56:47 +0800] "GET /xingrg/all/function/internal_message.html?_=1691377007314&CODE_STATE=getMsg HTTP/1.1" 200 27
180.169.147.146 - - [07/Aug/2023:10:56:49 +0800] "GET /xingrg/system/info/materiel_info.html?code=00101032&isAdd=1 HTTP/1.1" 200 37438
180.169.147.146 - - [07/Aug/2023:10:56:49 +0800] "GET /xingrg/dwr/interface/AjaxBaseInfoService.js HTTP/1.1" 200 21363
180.169.147.146 - - [07/Aug/2023:10:56:49 +0800] "GET /xingrg/dwr/interface/AjaxGetFirstChart.js HTTP/1.1" 200 631
180.169.147.146 - - [07/Aug/2023:10:56:49 +0800] "GET /xingrg/dwr/interface/AjaxComOrderService.js HTTP/1.1" 200 18264
180.169.147.146 - - [07/Aug/2023:10:56:49 +0800] "GET /xingrg/dwr/engine.js HTTP/1.1" 200 43631
101.83.145.37 - - [07/Aug/2023:10:56:49 +0800] "GET /xingrg/kc/buy/cgsh_order_add.html HTTP/1.1" 200 71941
101.83.145.37 - - [07/Aug/2023:10:56:49 +0800] "GET /xingrg/words/20230807105646_words.js HTTP/1.1" 200 977242
180.169.147.146 - - [07/Aug/2023:10:56:49 +0800] "POST /xingrg/all/common/load_tree.html?tree=area_rest_tree_json HTTP/1.1" 200 3499
101.83.145.37 - - [07/Aug/2023:10:56:49 +0800] "POST /xingrg/kc/buy/cgsh_order_operate.html HTTP/1.1" 200 8245
180.169.147.146 - - [07/Aug/2023:10:56:49 +0800] "POST /xingrg/dwr/call/plaincall/AjaxBaseInfoService.getMaterielInfo.dwr HTTP/1.1" 200 204
101.83.145.37 - - [07/Aug/2023:10:56:49 +0800] "GET /xingrg/javascript/easyui/themes/default/validatebox.css HTTP/1.1" 404 1104
180.169.147.146 - - [07/Aug/2023:10:56:49 +0800] "POST /xingrg/all/common/load_tree.html?tree=area_rest_tree_json&defaultRests=undefined HTTP/1.1" 200 3499
180.169.147.146 - - [07/Aug/2023:10:56:58 +0800] "POST /xingrg/dwr/call/plaincall/AjaxGetFirstChart.getFirstChart.dwr HTTP/1.1" 200 82
222.70.180.200 - - [07/Aug/2023:10:56:59 +0800] "GET /favicon.ico HTTP/1.1" 404 -
180.169.147.146 - - [07/Aug/2023:10:57:00 +0800] "POST /xingrg/dwr/call/plaincall/AjaxBaseInfoService.changeUnitGroup.dwr HTTP/1.1" 200 243
101.83.145.37 - - [07/Aug/2023:10:57:00 +0800] "GET /xingrg/kc/buy/cgsh_order_operate.html?command=get_materiel&rest_code=00105&code=00101018019&supplier_code=00100330&order_time=2023-08-07 HTTP/1.1" 200 421
180.163.28.180 - - [07/Aug/2023:10:57:04 +0800] "GET /xingrg/all/function/internal_message.html?_=1691376964555&CODE_STATE=getMsg HTTP/1.1" 302 -
180.163.28.180 - - [07/Aug/2023:10:57:04 +0800] "GET /xingrg/login.html HTTP/1.1" 200 7641
180.169.147.146 - - [07/Aug/2023:10:57:04 +0800] "GET /xingrg/all/function/internal_message.html?_=1691377024552&CODE_STATE=getMsg HTTP/1.1" 200 27
124.78.70.128 - - [07/Aug/2023:10:57:06 +0800] "GET /xingrg/all/function/internal_message.html?_=1691376494374&CODE_STATE=getMsg HTTP/1.1" 200 27
180.169.147.146 - - [07/Aug/2023:10:57:07 +0800] "POST /xingrg/dwr/call/plaincall/AjaxBaseInfoService.saveMateriel.dwr HTTP/1.1" 200 108
124.79.243.110 - - [07/Aug/2023:10:57:07 +0800] "GET /xingrg/all/function/internal_message.html?_=1691377023316&CODE_STATE=getMsg HTTP/1.1" 302 -
180.169.147.146 - - [07/Aug/2023:10:57:07 +0800] "POST /xingrg/kc/buy/cgsh_list_operate.html HTTP/1.1" 200 6291
180.169.147.146 - - [07/Aug/2023:10:57:07 +0800] "POST /xingrg/dwr/call/plaincall/AjaxBaseInfoService.getMateriels.dwr HTTP/1.1" 200 2102
180.169.147.146 - - [07/Aug/2023:10:57:12 +0800] "POST /xingrg/kc/buy/cgsh_list_operate.html HTTP/1.1" 200 593
180.169.147.146 - - [07/Aug/2023:10:57:14 +0800] "GET /xingrg/system/info/materiel_info.html?code=00101032&isAdd=1 HTTP/1.1" 200 37438
180.169.147.146 - - [07/Aug/2023:10:57:14 +0800] "GET /xingrg/dwr/interface/AjaxBaseInfoService.js HTTP/1.1" 200 21363
180.169.147.146 - - [07/Aug/2023:10:57:14 +0800] "GET /xingrg/dwr/interface/AjaxGetFirstChart.js HTTP/1.1" 200 631
180.169.147.146 - - [07/Aug/2023:10:57:14 +0800] "GET /xingrg/dwr/interface/AjaxComOrderService.js HTTP/1.1" 200 18264
180.169.147.146 - - [07/Aug/2023:10:57:14 +0800] "GET /xingrg/dwr/engine.js HTTP/1.1" 200 43631
180.169.147.146 - - [07/Aug/2023:10:57:15 +0800] "POST /xingrg/all/common/load_tree.html?tree=area_rest_tree_json HTTP/1.1" 200 3499
180.169.147.146 - - [07/Aug/2023:10:57:15 +0800] "GET /xingrg/kc/buy/cgsh_order_info.html?code=212023080602420 HTTP/1.1" 200 71875
180.169.147.146 - - [07/Aug/2023:10:57:15 +0800] "POST /xingrg/dwr/call/plaincall/AjaxBaseInfoService.getMaterielInfo.dwr HTTP/1.1" 200 204
180.169.147.146 - - [07/Aug/2023:10:57:15 +0800] "GET /xingrg/words/20230807105707_words.js HTTP/1.1" 200 977305
180.169.147.146 - - [07/Aug/2023:10:57:15 +0800] "POST /xingrg/all/common/load_tree.html?tree=area_rest_tree_json&defaultRests=undefined HTTP/1.1" 200 3499
180.169.147.146 - - [07/Aug/2023:10:57:15 +0800] "GET /xingrg/javascript/easyui/themes/default/validatebox.css HTTP/1.1" 404 1104
180.169.147.146 - - [07/Aug/2023:10:57:16 +0800] "POST /xingrg/kc/buy/cgsh_order_operate.html HTTP/1.1" 200 6246
116.238.191.126 - - [07/Aug/2023:10:57:18 +0800] "GET /xingrg/all/function/internal_message.html?_=1691376954958&CODE_STATE=getMsg HTTP/1.1" 200 27
180.169.147.146 - - [07/Aug/2023:10:57:20 +0800] "GET /xingrg/all/function/internal_message.html?_=1691377033142&CODE_STATE=getMsg HTTP/1.1" 200 27
180.169.147.146 - - [07/Aug/2023:10:57:21 +0800] "POST /xingrg/dwr/call/plaincall/AjaxBaseInfoService.searchMateriels.dwr HTTP/1.1" 200 331
101.83.145.37 - - [07/Aug/2023:10:57:21 +0800] "GET /xingrg/check_reg.html?_=1691376846354 HTTP/1.1" 200 22
101.83.145.37 - - [07/Aug/2023:10:57:21 +0800] "GET /xingrg/all/function/internal_message.html?_=1691376846357&CODE_STATE=getMsg HTTP/1.1" 200 27
222.70.114.12 - - [07/Aug/2023:10:57:23 +0800] "GET /xingrg/all/function/internal_message.html?_=1691377045969&CODE_STATE=getMsg HTTP/1.1" 200 27
180.169.147.146 - - [07/Aug/2023:10:57:23 +0800] "GET /favicon.ico HTTP/1.1" 404 -
180.152.241.196 - - [07/Aug/2023:10:57:26 +0800] "GET /xingrg/all/function/internal_message.html?_=1691377046319&CODE_STATE=getMsg HTTP/1.1" 200 27
180.169.147.146 - - [07/Aug/2023:10:57:27 +0800] "GET /xingrg/system/info/materiel_info.html?code=00101032&isAdd=1 HTTP/1.1" 200 37438
180.169.147.146 - - [07/Aug/2023:10:57:27 +0800] "GET /xingrg/dwr/engine.js HTTP/1.1" 200 43631
180.169.147.146 - - [07/Aug/2023:10:57:27 +0800] "GET /favicon.ico HTTP/1.1" 404 -
180.169.147.146 - - [07/Aug/2023:10:57:27 +0800] "POST /xingrg/all/common/load_tree.html?tree=area_rest_tree_json HTTP/1.1" 200 3499
180.169.147.146 - - [07/Aug/2023:10:57:28 +0800] "POST /xingrg/dwr/call/plaincall/AjaxBaseInfoService.getMaterielInfo.dwr HTTP/1.1" 200 204
222.70.180.200 - - [07/Aug/2023:10:57:28 +0800] "GET /xingrg/all/function/internal_message.html?_=1691377048152&CODE_STATE=getMsg HTTP/1.1" 200 27
180.169.147.146 - - [07/Aug/2023:10:57:28 +0800] "POST /xingrg/all/common/load_tree.html?tree=area_rest_tree_json&defaultRests=undefined HTTP/1.1" 200 3499
101.83.145.37 - - [07/Aug/2023:10:57:30 +0800] "GET /xingrg/all/function/internal_message.html?_=1691377049969&CODE_STATE=getMsg HTTP/1.1" 200 27
222.65.220.241 - - [07/Aug/2023:10:57:30 +0800] "GET /xingrg/check_reg.html?_=1691377050854 HTTP/1.1" 200 22
222.65.220.241 - - [07/Aug/2023:10:57:30 +0800] "GET /xingrg/all/function/internal_message.html?_=1691377050856&CODE_STATE=getMsg HTTP/1.1" 200 27
