222.69.130.53 - - [05/Aug/2023:09:12:35 +0800] "GET /xingrg/all/function/internal_message.html?_=1691197954695&CODE_STATE=getMsg HTTP/1.1" 200 27
222.69.130.53 - - [05/Aug/2023:09:12:37 +0800] "GET /xingrg/kc/buy/cgsh_order_operate.html?command=get_materiel&rest_code=00149&code=00101008284&supplier_code=00100008&order_time=2023-08-05 HTTP/1.1" 200 412
124.77.240.204 - - [05/Aug/2023:09:12:40 +0800] "GET /xingrg/all/function/internal_message.html?_=1691197961055&CODE_STATE=getMsg HTTP/1.1" 200 27
124.78.70.128 - - [05/Aug/2023:09:12:42 +0800] "GET /xingrg/all/function/internal_message.html?_=1691197427871&CODE_STATE=getMsg HTTP/1.1" 200 27
124.78.70.128 - - [05/Aug/2023:09:12:42 +0800] "GET /xingrg/check_reg.html?_=1691197427872 HTTP/1.1" 200 22
101.83.145.37 - - [05/Aug/2023:09:12:43 +0800] "GET /xingrg/all/function/internal_message.html?_=1691197963781&CODE_STATE=getMsg HTTP/1.1" 200 27
101.83.145.37 - - [05/Aug/2023:09:12:43 +0800] "GET /xingrg/check_reg.html?_=1691197963779 HTTP/1.1" 200 22
222.70.180.200 - - [05/Aug/2023:09:12:44 +0800] "GET /xingrg/all/function/internal_message.html?_=1691197963493&CODE_STATE=getMsg HTTP/1.1" 200 27
116.238.191.126 - - [05/Aug/2023:09:12:49 +0800] "POST /xingrg/kc/buy/cgsh_order_operate.html HTTP/1.1" 200 37
120.253.135.82 - - [05/Aug/2023:09:12:53 +0800] "GET /xingrg/check_reg.html?_=1691197794312 HTTP/1.1" 200 22
120.253.135.82 - - [05/Aug/2023:09:12:54 +0800] "GET /xingrg/all/function/internal_message.html?_=1691197795083&CODE_STATE=getMsg HTTP/1.1" 200 27
116.238.191.126 - - [05/Aug/2023:09:12:55 +0800] "POST /xingrg/kc/buy/cgsh_order_operate.html HTTP/1.1" 200 6812
116.232.195.127 - - [05/Aug/2023:09:12:56 +0800] "GET /xingrg/all/function/internal_message.html?_=1691197910254&CODE_STATE=getMsg HTTP/1.1" 200 27
116.232.195.127 - - [05/Aug/2023:09:12:59 +0800] "GET /xingrg/all/function/internal_message.html?_=1691197912481&CODE_STATE=getMsg HTTP/1.1" 200 27
222.69.130.53 - - [05/Aug/2023:09:13:00 +0800] "POST /xingrg/kc/buy/cgsh_order_operate.html HTTP/1.1" 200 2065
222.69.130.53 - - [05/Aug/2023:09:13:06 +0800] "GET /xingrg/kc/buy/cgsh_order_operate.html?command=get_materiel&rest_code=00149&code=00101008512&supplier_code=00100008&order_time=2023-08-05 HTTP/1.1" 200 413
101.83.145.37 - - [05/Aug/2023:09:13:06 +0800] "GET /xingrg/all/function/internal_message.html?_=1691197791610&CODE_STATE=getMsg HTTP/1.1" 200 27
180.163.30.27 - - [05/Aug/2023:09:13:10 +0800] "GET /xingrg/all/function/internal_message.html?_=1691197926065&CODE_STATE=getMsg HTTP/1.1" 302 -
180.163.30.27 - - [05/Aug/2023:09:13:10 +0800] "GET /xingrg/login.html HTTP/1.1" 200 7641
124.78.155.92 - - [05/Aug/2023:09:13:10 +0800] "GET /xingrg/all/function/internal_message.html?_=1691197986037&CODE_STATE=getMsg HTTP/1.1" 200 27
222.69.130.229 - - [05/Aug/2023:09:13:11 +0800] "GET /xingrg/all/function/internal_message.html?_=1691198123648&CODE_STATE=getMsg HTTP/1.1" 200 27
222.69.130.229 - - [05/Aug/2023:09:13:11 +0800] "GET /xingrg/check_reg.html?_=1691198123650 HTTP/1.1" 200 22
180.152.241.196 - - [05/Aug/2023:09:13:17 +0800] "GET /xingrg/all/function/internal_message.html?_=1691197999003&CODE_STATE=getMsg HTTP/1.1" 200 27
114.85.113.108 - - [05/Aug/2023:09:13:20 +0800] "GET /xingrg/all/function/internal_message.html?_=1691197999673&CODE_STATE=getMsg HTTP/1.1" 200 27
222.69.130.53 - - [05/Aug/2023:09:13:21 +0800] "GET /xingrg/kc/buy/cgsh_order_operate.html?command=get_materiel&rest_code=00149&code=00101008739&supplier_code=00100008&order_time=2023-08-05 HTTP/1.1" 200 410
222.69.130.53 - - [05/Aug/2023:09:13:34 +0800] "GET /xingrg/kc/buy/cgsh_order_operate.html?command=get_materiel&rest_code=00149&code=00101008244&supplier_code=00100008&order_time=2023-08-05 HTTP/1.1" 200 408
222.69.130.53 - - [05/Aug/2023:09:13:35 +0800] "GET /xingrg/all/function/internal_message.html?_=1691198014704&CODE_STATE=getMsg HTTP/1.1" 200 27
124.77.240.204 - - [05/Aug/2023:09:13:40 +0800] "GET /xingrg/all/function/internal_message.html?_=1691198021069&CODE_STATE=getMsg HTTP/1.1" 200 27
124.78.70.128 - - [05/Aug/2023:09:13:42 +0800] "GET /xingrg/all/function/internal_message.html?_=1691197487870&CODE_STATE=getMsg HTTP/1.1" 200 27
101.83.145.37 - - [05/Aug/2023:09:13:43 +0800] "GET /xingrg/all/function/internal_message.html?_=1691198023765&CODE_STATE=getMsg HTTP/1.1" 200 27
120.253.135.82 - - [05/Aug/2023:09:13:43 +0800] "GET /xingrg/kc/report/report_main.html HTTP/1.1" 200 8599
120.253.135.82 - - [05/Aug/2023:09:13:43 +0800] "GET /xingrg/javascript/jquery_ui/themes/humanity/humanity.css HTTP/1.1" 304 -
222.70.180.200 - - [05/Aug/2023:09:13:44 +0800] "GET /xingrg/all/function/internal_message.html?_=1691198023481&CODE_STATE=getMsg HTTP/1.1" 200 27
120.253.135.82 - - [05/Aug/2023:09:13:47 +0800] "GET /xingrg/kc/pszx/mdps_order_list.html?orderType=0 HTTP/1.1" 200 21149
120.253.135.82 - - [05/Aug/2023:09:13:48 +0800] "POST /xingrg/kc/pszx/mdps_list_operate.html HTTP/1.1" 200 5246
116.238.191.126 - - [05/Aug/2023:09:13:51 +0800] "GET /xingrg/all/function/internal_message.html?_=1691197906327&CODE_STATE=getMsg HTTP/1.1" 200 27
222.69.130.53 - - [05/Aug/2023:09:13:51 +0800] "GET /xingrg/kc/buy/cgsh_order_operate.html?command=get_materiel&rest_code=00149&code=00101008330&supplier_code=00100008&order_time=2023-08-05 HTTP/1.1" 200 408
120.253.135.82 - - [05/Aug/2023:09:13:54 +0800] "GET /xingrg/all/function/internal_message.html?_=1691197855094&CODE_STATE=getMsg HTTP/1.1" 200 27
116.232.195.127 - - [05/Aug/2023:09:13:56 +0800] "GET /xingrg/all/function/internal_message.html?_=1691197970248&CODE_STATE=getMsg HTTP/1.1" 200 27
116.232.195.127 - - [05/Aug/2023:09:13:59 +0800] "GET /xingrg/all/function/internal_message.html?_=1691197972491&CODE_STATE=getMsg HTTP/1.1" 200 27
120.253.135.82 - - [05/Aug/2023:09:14:00 +0800] "POST /xingrg/kc/pszx/mdps_list_operate.html HTTP/1.1" 200 1690
120.253.135.82 - - [05/Aug/2023:09:14:02 +0800] "POST /xingrg/kc/pszx/mdps_list_operate.html HTTP/1.1" 200 205
222.69.130.53 - - [05/Aug/2023:09:14:06 +0800] "GET /xingrg/kc/buy/cgsh_order_operate.html?command=get_materiel&rest_code=00149&code=00101008246&supplier_code=00100008&order_time=2023-08-05 HTTP/1.1" 200 408
101.83.145.37 - - [05/Aug/2023:09:14:06 +0800] "GET /xingrg/all/function/internal_message.html?_=1691197851631&CODE_STATE=getMsg HTTP/1.1" 200 27
180.163.29.219 - - [05/Aug/2023:09:14:10 +0800] "GET /xingrg/all/function/internal_message.html?_=1691197986037&CODE_STATE=getMsg HTTP/1.1" 302 -
180.163.29.219 - - [05/Aug/2023:09:14:10 +0800] "GET /xingrg/login.html HTTP/1.1" 200 7641
124.78.155.92 - - [05/Aug/2023:09:14:10 +0800] "GET /xingrg/all/function/internal_message.html?_=1691198046008&CODE_STATE=getMsg HTTP/1.1" 200 27
222.69.130.229 - - [05/Aug/2023:09:14:11 +0800] "GET /xingrg/all/function/internal_message.html?_=1691198183656&CODE_STATE=getMsg HTTP/1.1" 200 27
101.83.145.37 - - [05/Aug/2023:09:14:12 +0800] "GET /xingrg/kc/base/base_main.html HTTP/1.1" 200 12142
101.83.145.37 - - [05/Aug/2023:09:14:12 +0800] "GET /xingrg/javascript/jquery_easy_ui/themes/default/images/tabs_close.gif HTTP/1.1" 304 -
101.83.145.37 - - [05/Aug/2023:09:14:12 +0800] "GET /xingrg/css/blue.css HTTP/1.1" 304 -
101.83.145.37 - - [05/Aug/2023:09:14:12 +0800] "GET /xingrg/javascript/pic_change.js HTTP/1.1" 304 -
101.83.145.37 - - [05/Aug/2023:09:14:12 +0800] "GET /xingrg/javascript/myfunction.js HTTP/1.1" 304 -
101.83.145.37 - - [05/Aug/2023:09:14:12 +0800] "GET /xingrg/images/blue/button/wlsy.gif HTTP/1.1" 304 -
101.83.145.37 - - [05/Aug/2023:09:14:12 +0800] "GET /xingrg/images/blue/button/ckpd.gif HTTP/1.1" 304 -
101.83.145.37 - - [05/Aug/2023:09:14:12 +0800] "GET /xingrg/images/blue/button/kc.gif HTTP/1.1" 304 -
101.83.145.37 - - [05/Aug/2023:09:14:12 +0800] "GET /xingrg/images/blue/button/ckdb.gif HTTP/1.1" 304 -
101.83.145.37 - - [05/Aug/2023:09:14:12 +0800] "GET /xingrg/images/blue/button/yddb.gif HTTP/1.1" 304 -
101.83.145.37 - - [05/Aug/2023:09:14:12 +0800] "GET /xingrg/images/blue/pic_form2.gif HTTP/1.1" 304 -
101.83.145.37 - - [05/Aug/2023:09:14:12 +0800] "GET /xingrg/images/blue/bg_dotted.jpg HTTP/1.1" 304 -
101.83.145.37 - - [05/Aug/2023:09:14:12 +0800] "GET /xingrg/images/blue/button/top_left.jpg HTTP/1.1" 304 -
101.83.145.37 - - [05/Aug/2023:09:14:12 +0800] "GET /xingrg/images/blue/button/top_right.jpg HTTP/1.1" 304 -
101.83.145.37 - - [05/Aug/2023:09:14:12 +0800] "GET /xingrg/images/blue/button/down.jpg HTTP/1.1" 304 -
101.83.145.37 - - [05/Aug/2023:09:14:12 +0800] "GET /xingrg/images/blue/button/right_ah.jpg HTTP/1.1" 304 -
101.83.145.37 - - [05/Aug/2023:09:14:12 +0800] "GET /xingrg/images/blue/button/left_ah.jpg HTTP/1.1" 304 -
101.83.145.37 - - [05/Aug/2023:09:14:12 +0800] "GET /xingrg/images/blue/button/bottom_left.jpg HTTP/1.1" 304 -
101.83.145.37 - - [05/Aug/2023:09:14:12 +0800] "GET /xingrg/images/blue/button/bottom_right.jpg HTTP/1.1" 304 -
120.253.135.82 - - [05/Aug/2023:09:14:14 +0800] "POST /xingrg/kc/pszx/mdps_list_operate.html HTTP/1.1" 200 1714
101.83.145.37 - - [05/Aug/2023:09:14:15 +0800] "GET /xingrg/kc/base/yddb_order_list.html HTTP/1.1" 200 16821
101.83.145.37 - - [05/Aug/2023:09:14:15 +0800] "GET /xingrg/css/base.css HTTP/1.1" 304 -
101.83.145.37 - - [05/Aug/2023:09:14:15 +0800] "GET /xingrg/css/site.css HTTP/1.1" 304 -
101.83.145.37 - - [05/Aug/2023:09:14:15 +0800] "GET /xingrg/javascript/jquery_tools/datebox.css HTTP/1.1" 304 -
101.83.145.37 - - [05/Aug/2023:09:14:15 +0800] "GET /xingrg/javascript/easyui/themes/default/easyui.css HTTP/1.1" 304 -
101.83.145.37 - - [05/Aug/2023:09:14:15 +0800] "GET /xingrg/javascript/easyui/themes/icon.css HTTP/1.1" 304 -
101.83.145.37 - - [05/Aug/2023:09:14:15 +0800] "GET /xingrg/javascript/auto/jquery.autocomplete.css HTTP/1.1" 304 -
101.83.145.37 - - [05/Aug/2023:09:14:15 +0800] "GET /xingrg/javascript/jquery_tools/fix.css HTTP/1.1" 304 -
101.83.145.37 - - [05/Aug/2023:09:14:15 +0800] "GET /xingrg/javascript/jquery_tools/table.css HTTP/1.1" 304 -
101.83.145.37 - - [05/Aug/2023:09:14:15 +0800] "GET /xingrg/javascript/jquery_tools/jquery.tools.min.js HTTP/1.1" 304 -
101.83.145.37 - - [05/Aug/2023:09:14:15 +0800] "GET /xingrg/javascript/jquery_tools/jquery.tools.extend.js HTTP/1.1" 304 -
101.83.145.37 - - [05/Aug/2023:09:14:15 +0800] "GET /xingrg/javascript/jquery_tools/jquery.tools.hotkey.js HTTP/1.1" 304 -
101.83.145.37 - - [05/Aug/2023:09:14:15 +0800] "GET /xingrg/javascript/jquery_tools/jquery.tools.table.js HTTP/1.1" 304 -
101.83.145.37 - - [05/Aug/2023:09:14:15 +0800] "GET /xingrg/javascript/jquery_tools/list_manager.js HTTP/1.1" 304 -
101.83.145.37 - - [05/Aug/2023:09:14:15 +0800] "GET /xingrg/javascript/auto/jquery.autocomplete.js HTTP/1.1" 304 -
101.83.145.37 - - [05/Aug/2023:09:14:15 +0800] "GET /xingrg/javascript/easyui/easyloader.js HTTP/1.1" 304 -
101.83.145.37 - - [05/Aug/2023:09:14:15 +0800] "GET /xingrg/javascript/jquery.cookie.js HTTP/1.1" 304 -
101.83.145.37 - - [05/Aug/2023:09:14:15 +0800] "GET /xingrg/javascript/print/LodopFuncs.js HTTP/1.1" 304 -
120.253.135.82 - - [05/Aug/2023:09:14:16 +0800] "POST /xingrg/kc/pszx/mdps_list_operate.html HTTP/1.1" 200 211
101.83.145.37 - - [05/Aug/2023:09:14:16 +0800] "GET /xingrg/javascript/easyui/themes/icons/edit_add_new.png HTTP/1.1" 304 -
101.83.145.37 - - [05/Aug/2023:09:14:16 +0800] "GET /xingrg/javascript/easyui/themes/icons/import_new.png HTTP/1.1" 304 -
101.83.145.37 - - [05/Aug/2023:09:14:16 +0800] "GET /xingrg/javascript/easyui/themes/icons/field_new.png HTTP/1.1" 304 -
101.83.145.37 - - [05/Aug/2023:09:14:17 +0800] "GET /xingrg/javascript/easyui/plugins/jquery.parser.js HTTP/1.1" 304 -
101.83.145.37 - - [05/Aug/2023:09:14:17 +0800] "GET /xingrg/images/control/ajaxLoader.gif HTTP/1.1" 304 -
101.83.145.37 - - [05/Aug/2023:09:14:17 +0800] "POST /xingrg/kc/base/yddb_list_operate.html HTTP/1.1" 200 636
180.152.241.196 - - [05/Aug/2023:09:14:17 +0800] "GET /xingrg/all/function/internal_message.html?_=1691198059008&CODE_STATE=getMsg HTTP/1.1" 200 27
114.85.113.108 - - [05/Aug/2023:09:14:20 +0800] "GET /xingrg/all/function/internal_message.html?_=1691198059651&CODE_STATE=getMsg HTTP/1.1" 200 27
101.83.145.37 - - [05/Aug/2023:09:14:20 +0800] "GET /xingrg/javascript/easyui/themes/default/images/button_plain_hover.png HTTP/1.1" 304 -
101.83.145.37 - - [05/Aug/2023:09:14:22 +0800] "GET /xingrg/kc/base/yddb_order_add.html HTTP/1.1" 200 29953
101.83.145.37 - - [05/Aug/2023:09:14:22 +0800] "GET /xingrg/dwr/interface/AjaxComOrderService.js HTTP/1.1" 200 18264
101.83.145.37 - - [05/Aug/2023:09:14:22 +0800] "GET /xingrg/dwr/interface/AjaxYddbService.js HTTP/1.1" 200 13201
101.83.145.37 - - [05/Aug/2023:09:14:22 +0800] "GET /xingrg/dwr/engine.js HTTP/1.1" 200 43631
101.83.145.37 - - [05/Aug/2023:09:14:22 +0800] "GET /xingrg/dwr/util.js HTTP/1.1" 200 35990
101.83.145.37 - - [05/Aug/2023:09:14:22 +0800] "GET /xingrg/javascript/Calendar.js HTTP/1.1" 304 -
101.83.145.37 - - [05/Aug/2023:09:14:22 +0800] "GET /xingrg/javascript/checkform.js HTTP/1.1" 304 -
101.83.145.37 - - [05/Aug/2023:09:14:22 +0800] "GET /xingrg/javascript/AjaxInfoList.js HTTP/1.1" 304 -
101.83.145.37 - - [05/Aug/2023:09:14:22 +0800] "GET /xingrg/javascript/Grid.js HTTP/1.1" 304 -
101.83.145.37 - - [05/Aug/2023:09:14:22 +0800] "GET /xingrg/javascript/ToolTips.js HTTP/1.1" 304 -
101.83.145.37 - - [05/Aug/2023:09:14:22 +0800] "GET /xingrg/javascript/jquery_easy_ui/themes/default/images/menu_downarrow.png HTTP/1.1" 304 -
101.83.145.37 - - [05/Aug/2023:09:14:22 +0800] "GET /xingrg/javascript/jquery_easy_ui/themes/icons/print.png HTTP/1.1" 304 -
101.83.145.37 - - [05/Aug/2023:09:14:22 +0800] "GET /xingrg/javascript/jquery_easy_ui/themes/icons/check_new.png HTTP/1.1" 304 -
101.83.145.37 - - [05/Aug/2023:09:14:22 +0800] "GET /xingrg/javascript/jquery_easy_ui/themes/icons/edit_add_new.png HTTP/1.1" 304 -
101.83.145.37 - - [05/Aug/2023:09:14:23 +0800] "GET /xingrg/javascript/jquery_easy_ui/themes/icons/cance_new.png HTTP/1.1" 304 -
101.83.145.37 - - [05/Aug/2023:09:14:23 +0800] "GET /xingrg/javascript/jquery_easy_ui/themes/icons/back_new.png HTTP/1.1" 304 -
101.83.145.37 - - [05/Aug/2023:09:14:23 +0800] "GET /xingrg/images/blue/button/kc_tab_add.gif HTTP/1.1" 304 -
101.83.145.37 - - [05/Aug/2023:09:14:23 +0800] "GET /xingrg/images/blue/button/kc_tab_edit.gif HTTP/1.1" 304 -
101.83.145.37 - - [05/Aug/2023:09:14:23 +0800] "GET /xingrg/images/blue/button/kc_tab_save.gif HTTP/1.1" 304 -
101.83.145.37 - - [05/Aug/2023:09:14:23 +0800] "GET /xingrg/images/blue/button/kc_tab_del.gif HTTP/1.1" 304 -
101.83.145.37 - - [05/Aug/2023:09:14:23 +0800] "GET /xingrg/images/blue/kc_tab_left.gif HTTP/1.1" 304 -
101.83.145.37 - - [05/Aug/2023:09:14:23 +0800] "GET /xingrg/images/blue/kc_tab_mid.gif HTTP/1.1" 304 -
101.83.145.37 - - [05/Aug/2023:09:14:23 +0800] "GET /xingrg/images/blue/kc_tab_right.gif HTTP/1.1" 304 -
101.83.145.37 - - [05/Aug/2023:09:14:23 +0800] "GET /xingrg/images/blue/kc_tab2_left.gif HTTP/1.1" 304 -
101.83.145.37 - - [05/Aug/2023:09:14:23 +0800] "GET /xingrg/images/blue/kc_tab2_right.gif HTTP/1.1" 304 -
120.253.135.82 - - [05/Aug/2023:09:14:26 +0800] "POST /xingrg/kc/pszx/mdps_list_operate.html HTTP/1.1" 200 5923
120.253.135.82 - - [05/Aug/2023:09:14:29 +0800] "POST /xingrg/kc/pszx/mdps_list_operate.html HTTP/1.1" 200 612
222.69.130.53 - - [05/Aug/2023:09:14:31 +0800] "GET /xingrg/kc/buy/cgsh_order_operate.html?command=get_materiel&rest_code=00149&code=00101008029&supplier_code=00100008&order_time=2023-08-05 HTTP/1.1" 200 417
120.253.135.82 - - [05/Aug/2023:09:14:32 +0800] "POST /xingrg/kc/pszx/mdps_list_operate.html HTTP/1.1" 200 634
222.69.130.53 - - [05/Aug/2023:09:14:35 +0800] "GET /xingrg/all/function/internal_message.html?_=1691198074709&CODE_STATE=getMsg HTTP/1.1" 200 27
101.83.145.37 - - [05/Aug/2023:09:14:35 +0800] "GET /xingrg/javascript/jquery_easy_ui/themes/default/images/button_plain_hover.png HTTP/1.1" 304 -
124.77.240.204 - - [05/Aug/2023:09:14:40 +0800] "GET /xingrg/all/function/internal_message.html?_=1691198081313&CODE_STATE=getMsg HTTP/1.1" 200 27
124.78.70.128 - - [05/Aug/2023:09:14:42 +0800] "GET /xingrg/all/function/internal_message.html?_=1691197547869&CODE_STATE=getMsg HTTP/1.1" 200 27
101.83.145.37 - - [05/Aug/2023:09:14:43 +0800] "GET /xingrg/images/blue/wait.gif HTTP/1.1" 304 -
101.83.145.37 - - [05/Aug/2023:09:14:43 +0800] "POST /xingrg/dwr/call/plaincall/AjaxYddbService.getRestBases.dwr HTTP/1.1" 200 1094
101.83.145.37 - - [05/Aug/2023:09:14:43 +0800] "GET /xingrg/all/function/internal_message.html?_=1691198083782&CODE_STATE=getMsg HTTP/1.1" 200 27
222.70.180.200 - - [05/Aug/2023:09:14:44 +0800] "GET /xingrg/check_reg.html?_=1691198083488 HTTP/1.1" 200 22
222.70.180.200 - - [05/Aug/2023:09:14:44 +0800] "GET /xingrg/all/function/internal_message.html?_=1691198083484&CODE_STATE=getMsg HTTP/1.1" 200 27
116.238.191.126 - - [05/Aug/2023:09:14:51 +0800] "GET /xingrg/all/function/internal_message.html?_=1691197966338&CODE_STATE=getMsg HTTP/1.1" 200 27
120.253.135.82 - - [05/Aug/2023:09:14:54 +0800] "GET /xingrg/all/function/internal_message.html?_=1691197915168&CODE_STATE=getMsg HTTP/1.1" 200 27
116.232.195.127 - - [05/Aug/2023:09:14:56 +0800] "GET /xingrg/all/function/internal_message.html?_=1691198030261&CODE_STATE=getMsg HTTP/1.1" 200 27
101.83.145.37 - - [05/Aug/2023:09:14:58 +0800] "GET /xingrg/kc/buy/cgsh_order_add.html HTTP/1.1" 200 71819
101.83.145.37 - - [05/Aug/2023:09:14:58 +0800] "GET /xingrg/javascript/easyui/themes/default/validatebox.css HTTP/1.1" 404 1104
101.83.145.37 - - [05/Aug/2023:09:14:58 +0800] "POST /xingrg/kc/buy/cgsh_order_operate.html HTTP/1.1" 200 8245
116.232.195.127 - - [05/Aug/2023:09:14:59 +0800] "GET /xingrg/all/function/internal_message.html?_=1691198032490&CODE_STATE=getMsg HTTP/1.1" 200 27
222.69.130.53 - - [05/Aug/2023:09:15:03 +0800] "POST /xingrg/kc/buy/cgsh_order_operate.html HTTP/1.1" 200 37
222.69.130.53 - - [05/Aug/2023:09:15:06 +0800] "POST /xingrg/kc/buy/cgsh_order_operate.html HTTP/1.1" 200 34015
101.83.145.37 - - [05/Aug/2023:09:15:06 +0800] "GET /xingrg/all/function/internal_message.html?_=1691197911635&CODE_STATE=getMsg HTTP/1.1" 200 27
124.78.155.92 - - [05/Aug/2023:09:15:07 +0800] "GET /xingrg/check_reg.html?_=1691198103000 HTTP/1.1" 200 22
180.163.30.27 - - [05/Aug/2023:09:15:10 +0800] "GET /xingrg/all/function/internal_message.html?_=1691198046008&CODE_STATE=getMsg HTTP/1.1" 302 -
180.163.30.27 - - [05/Aug/2023:09:15:10 +0800] "GET /xingrg/login.html HTTP/1.1" 200 7641
124.78.155.92 - - [05/Aug/2023:09:15:10 +0800] "GET /xingrg/all/function/internal_message.html?_=1691198105979&CODE_STATE=getMsg HTTP/1.1" 200 27
222.69.130.229 - - [05/Aug/2023:09:15:11 +0800] "GET /xingrg/all/function/internal_message.html?_=1691198243650&CODE_STATE=getMsg HTTP/1.1" 200 27
116.238.191.126 - - [05/Aug/2023:09:15:13 +0800] "POST /xingrg/kc/buy/cgsh_order_operate.html HTTP/1.1" 200 37
101.83.145.37 - - [05/Aug/2023:09:15:14 +0800] "POST /xingrg/dwr/call/plaincall/AjaxYddbService.saveOrder.dwr HTTP/1.1" 200 78
180.152.241.196 - - [05/Aug/2023:09:15:17 +0800] "GET /xingrg/all/function/internal_message.html?_=1691198119025&CODE_STATE=getMsg HTTP/1.1" 200 27
114.85.113.108 - - [05/Aug/2023:09:15:20 +0800] "GET /xingrg/all/function/internal_message.html?_=1691198119651&CODE_STATE=getMsg HTTP/1.1" 200 27
101.83.145.37 - - [05/Aug/2023:09:15:24 +0800] "POST /xingrg/dwr/call/plaincall/AjaxComOrderService.getMaterielSearchList.dwr HTTP/1.1" 200 437697
101.83.145.37 - - [05/Aug/2023:09:15:24 +0800] "POST /xingrg/dwr/call/plaincall/AjaxComOrderService.getMaterielSearchList.dwr HTTP/1.1" 200 21049
101.83.145.37 - - [05/Aug/2023:09:15:26 +0800] "POST /xingrg/dwr/call/plaincall/AjaxComOrderService.getMaterielSearchList.dwr HTTP/1.1" 200 1316
101.83.145.37 - - [05/Aug/2023:09:15:26 +0800] "GET /xingrg/kc/buy/cgsh_order_operate.html?command=get_materiel&rest_code=00105&code=00101031001&supplier_code=00100151&order_time=2023-08-05 HTTP/1.1" 200 420
116.238.191.126 - - [05/Aug/2023:09:15:28 +0800] "POST /xingrg/kc/buy/cgsh_order_operate.html HTTP/1.1" 200 12
101.83.145.37 - - [05/Aug/2023:09:15:29 +0800] "GET /xingrg/images/yd/bt.gif HTTP/1.1" 404 1040
116.238.191.126 - - [05/Aug/2023:09:15:32 +0800] "GET /xingrg/kc/buy/cgsh_order_info.html?code=212023080501640 HTTP/1.1" 200 66704
101.83.145.37 - - [05/Aug/2023:09:15:32 +0800] "POST /xingrg/dwr/call/plaincall/AjaxYddbService.getMaterielByMap.dwr HTTP/1.1" 200 2827
116.238.191.126 - - [05/Aug/2023:09:15:32 +0800] "GET /xingrg/javascript/easyui/themes/default/validatebox.css HTTP/1.1" 404 1104
116.238.191.126 - - [05/Aug/2023:09:15:34 +0800] "POST /xingrg/kc/buy/cgsh_order_operate.html HTTP/1.1" 200 4758
222.69.130.53 - - [05/Aug/2023:09:15:35 +0800] "GET /xingrg/all/function/internal_message.html?_=1691198134714&CODE_STATE=getMsg HTTP/1.1" 200 27
116.238.191.126 - - [05/Aug/2023:09:15:36 +0800] "GET /xingrg/kc/print/load_data.html?order_code=212023080501640&kc_code=cgsh&condition= HTTP/1.1" 200 2343
124.77.240.204 - - [05/Aug/2023:09:15:40 +0800] "GET /xingrg/all/function/internal_message.html?_=1691198141315&CODE_STATE=getMsg HTTP/1.1" 200 27
101.83.145.37 - - [05/Aug/2023:09:15:42 +0800] "POST /xingrg/dwr/call/plaincall/AjaxYddbService.saveMaterielItem.dwr HTTP/1.1" 200 78
124.78.70.128 - - [05/Aug/2023:09:15:42 +0800] "GET /xingrg/all/function/internal_message.html?_=1691197607893&CODE_STATE=getMsg HTTP/1.1" 200 27
101.83.145.37 - - [05/Aug/2023:09:15:43 +0800] "GET /xingrg/all/function/internal_message.html?_=1691198143797&CODE_STATE=getMsg HTTP/1.1" 200 27
222.70.180.200 - - [05/Aug/2023:09:15:44 +0800] "GET /xingrg/all/function/internal_message.html?_=1691198143488&CODE_STATE=getMsg HTTP/1.1" 200 27
116.238.191.126 - - [05/Aug/2023:09:15:49 +0800] "POST /xingrg/all/user/operate.html HTTP/1.1" 200 36
116.238.191.126 - - [05/Aug/2023:09:15:50 +0800] "GET /xingrg/index.html?sysBaseUrl=http%3A%2F%2F180.169.147.146%3A18081%2Fxingrg%2F&costTime=833×tamp=1691143521104 HTTP/1.1" 200 17177
116.238.191.126 - - [05/Aug/2023:09:15:50 +0800] "GET /xingrg/javascript/jquery_easy_ui/themes/default/easyui.css HTTP/1.1" 304 -
116.238.191.126 - - [05/Aug/2023:09:15:50 +0800] "GET /xingrg/javascript/jquery_easy_ui/themes/icon.css HTTP/1.1" 304 -
116.238.191.126 - - [05/Aug/2023:09:15:50 +0800] "GET /xingrg/css/form.css HTTP/1.1" 304 -
116.238.191.126 - - [05/Aug/2023:09:15:50 +0800] "GET /xingrg/javascript/jquery-1.4.2.min.js HTTP/1.1" 304 -
116.238.191.126 - - [05/Aug/2023:09:15:50 +0800] "GET /xingrg/javascript/jquery_easy_ui/jquery.easyui.min.js HTTP/1.1" 304 -
116.238.191.126 - - [05/Aug/2023:09:15:50 +0800] "GET /xingrg/javascript/jquery_easy_ui/easyui-lang-zh_CN.js HTTP/1.1" 304 -
116.238.191.126 - - [05/Aug/2023:09:15:50 +0800] "GET /xingrg/javascript/jquery.form.js HTTP/1.1" 304 -
116.238.191.126 - - [05/Aug/2023:09:15:50 +0800] "GET /xingrg/javascript/jquery.utils.js HTTP/1.1" 304 -
116.238.191.126 - - [05/Aug/2023:09:15:50 +0800] "GET /xingrg/javascript/jquery.timers.js HTTP/1.1" 304 -
116.238.191.126 - - [05/Aug/2023:09:15:50 +0800] "GET /xingrg/images/blue/jxLogo.png HTTP/1.1" 304 -
116.238.191.126 - - [05/Aug/2023:09:15:50 +0800] "GET /xingrg/javascript/jquery_easy_ui/themes/icons/settle_new.png HTTP/1.1" 304 -
116.238.191.126 - - [05/Aug/2023:09:15:50 +0800] "GET /xingrg/images/blue/navBackgound.jpg HTTP/1.1" 304 -
116.238.191.126 - - [05/Aug/2023:09:15:51 +0800] "GET /xingrg/images/blue/pingpu.png HTTP/1.1" 304 -
116.238.191.126 - - [05/Aug/2023:09:15:51 +0800] "GET /xingrg/javascript/jquery_easy_ui/themes/default/images/tabs_leftarrow.png HTTP/1.1" 304 -
116.238.191.126 - - [05/Aug/2023:09:15:51 +0800] "GET /xingrg/javascript/jquery_easy_ui/themes/default/images/panel_tool_collapse.gif HTTP/1.1" 304 -
116.238.191.126 - - [05/Aug/2023:09:15:51 +0800] "GET /xingrg/javascript/jquery_easy_ui/themes/default/images/tabs_rightarrow.png HTTP/1.1" 304 -
116.238.191.126 - - [05/Aug/2023:09:15:51 +0800] "GET /xingrg/all/function/internal_message.html?_=1691198025626&CODE_STATE=count HTTP/1.1" 200 11
116.238.191.126 - - [05/Aug/2023:09:15:51 +0800] "GET /xingrg/check_reg.html?_=1691198025627 HTTP/1.1" 200 22
116.238.191.126 - - [05/Aug/2023:09:15:51 +0800] "POST /xingrg/all/common/load_tree.html?tree=area_rest_tree_json&manage=1 HTTP/1.1" 200 476
116.238.191.126 - - [05/Aug/2023:09:15:51 +0800] "POST /xingrg/load_menu.html HTTP/1.1" 200 5138
120.253.135.82 - - [05/Aug/2023:09:15:54 +0800] "GET /xingrg/all/function/internal_message.html?_=1691197975184&CODE_STATE=getMsg HTTP/1.1" 200 27
116.232.195.127 - - [05/Aug/2023:09:15:56 +0800] "GET /xingrg/all/function/internal_message.html?_=1691198090261&CODE_STATE=getMsg HTTP/1.1" 200 27
116.232.195.127 - - [05/Aug/2023:09:15:59 +0800] "GET /xingrg/check_reg.html?_=1691198092494 HTTP/1.1" 200 22
116.232.195.127 - - [05/Aug/2023:09:15:59 +0800] "GET /xingrg/all/function/internal_message.html?_=1691198092498&CODE_STATE=getMsg HTTP/1.1" 200 27
116.238.191.126 - - [05/Aug/2023:09:16:01 +0800] "GET /xingrg/kc/buy/cgsh_order_list.html HTTP/1.1" 200 55959
116.238.191.126 - - [05/Aug/2023:09:16:04 +0800] "POST /xingrg/kc/buy/cgsh_list_operate.html HTTP/1.1" 200 986
101.83.145.37 - - [05/Aug/2023:09:16:06 +0800] "GET /xingrg/all/function/internal_message.html?_=1691197971624&CODE_STATE=getMsg HTTP/1.1" 200 27
124.78.155.92 - - [05/Aug/2023:09:16:10 +0800] "GET /xingrg/all/function/internal_message.html?_=1691198165950&CODE_STATE=getMsg HTTP/1.1" 200 27
116.238.191.126 - - [05/Aug/2023:09:16:11 +0800] "GET /xingrg/kc/buy/cgsh_order_add.html HTTP/1.1" 200 71347
222.69.130.229 - - [05/Aug/2023:09:16:11 +0800] "GET /xingrg/all/function/internal_message.html?_=1691198303652&CODE_STATE=getMsg HTTP/1.1" 200 27
116.238.191.126 - - [05/Aug/2023:09:16:11 +0800] "POST /xingrg/kc/buy/cgsh_order_operate.html HTTP/1.1" 200 8245
116.238.191.126 - - [05/Aug/2023:09:16:11 +0800] "GET /xingrg/javascript/easyui/themes/default/validatebox.css HTTP/1.1" 404 1104
101.83.145.37 - - [05/Aug/2023:09:16:11 +0800] "POST /xingrg/kc/buy/cgsh_order_operate.html HTTP/1.1" 200 37
101.83.145.37 - - [05/Aug/2023:09:16:14 +0800] "POST /xingrg/kc/buy/cgsh_order_operate.html HTTP/1.1" 200 2667
116.238.191.126 - - [05/Aug/2023:09:16:14 +0800] "GET /xingrg/javascript/auto/indicator.gif HTTP/1.1" 404 1066
180.152.241.196 - - [05/Aug/2023:09:16:17 +0800] "GET /xingrg/check_reg.html?_=1691198179020 HTTP/1.1" 200 22
180.152.241.196 - - [05/Aug/2023:09:16:18 +0800] "GET /xingrg/all/function/internal_message.html?_=1691198179022&CODE_STATE=getMsg HTTP/1.1" 200 27
114.85.113.108 - - [05/Aug/2023:09:16:20 +0800] "GET /xingrg/all/function/internal_message.html?_=1691198179642&CODE_STATE=getMsg HTTP/1.1" 200 27
116.238.191.126 - - [05/Aug/2023:09:16:25 +0800] "GET /xingrg/kc/buy/cgsh_order_operate.html?command=get_materiel&rest_code=00151&code=00101009053&supplier_code=00100022&order_time=2023-08-05 HTTP/1.1" 200 408
114.85.113.108 - - [05/Aug/2023:09:16:32 +0800] "GET /xingrg/check_reg.html?_=1691198191622 HTTP/1.1" 200 22
101.83.145.37 - - [05/Aug/2023:09:16:34 +0800] "GET /xingrg/javascript/jquery_easy_ui/themes/default/images/tabs_active.png HTTP/1.1" 304 -
222.69.130.53 - - [05/Aug/2023:09:16:35 +0800] "GET /xingrg/check_reg.html?_=1691198194709 HTTP/1.1" 200 22
222.69.130.53 - - [05/Aug/2023:09:16:35 +0800] "GET /xingrg/all/function/internal_message.html?_=1691198194713&CODE_STATE=getMsg HTTP/1.1" 200 27
116.238.191.126 - - [05/Aug/2023:09:16:37 +0800] "GET /xingrg/kc/buy/cgsh_order_operate.html?command=get_materiel&rest_code=00151&code=00101009039&supplier_code=00100022&order_time=2023-08-05 HTTP/1.1" 200 408
124.77.240.204 - - [05/Aug/2023:09:16:39 +0800] "GET /xingrg/check_reg.html?_=1691198200026 HTTP/1.1" 200 22
124.77.240.204 - - [05/Aug/2023:09:16:40 +0800] "GET /xingrg/all/function/internal_message.html?_=1691198201328&CODE_STATE=getMsg HTTP/1.1" 200 27
124.78.70.128 - - [05/Aug/2023:09:16:42 +0800] "GET /xingrg/all/function/internal_message.html?_=1691197667890&CODE_STATE=getMsg HTTP/1.1" 200 27
101.83.145.37 - - [05/Aug/2023:09:16:43 +0800] "GET /xingrg/all/function/internal_message.html?_=1691198203794&CODE_STATE=getMsg HTTP/1.1" 200 27
124.78.155.92 - - [05/Aug/2023:09:16:43 +0800] "GET /xingrg/kc/buy/cgsh_order_operate.html?command=get_materiel&rest_code=00106&code=00101008095&supplier_code=00100007&order_time=2023-08-05 HTTP/1.1" 200 412
222.70.180.200 - - [05/Aug/2023:09:16:44 +0800] "GET /xingrg/all/function/internal_message.html?_=1691198203487&CODE_STATE=getMsg HTTP/1.1" 200 27
116.238.191.126 - - [05/Aug/2023:09:16:50 +0800] "GET /xingrg/kc/buy/cgsh_order_operate.html?command=get_materiel&rest_code=00151&code=00101009001&supplier_code=00100022&order_time=2023-08-05 HTTP/1.1" 200 416
116.238.191.126 - - [05/Aug/2023:09:16:51 +0800] "GET /xingrg/all/function/internal_message.html?_=1691198085632&CODE_STATE=getMsg HTTP/1.1" 200 27
120.253.135.82 - - [05/Aug/2023:09:16:54 +0800] "GET /xingrg/all/function/internal_message.html?_=1691198035264&CODE_STATE=getMsg HTTP/1.1" 200 27
124.78.155.92 - - [05/Aug/2023:09:16:55 +0800] "GET /xingrg/kc/buy/cgsh_order_operate.html?command=get_materiel&rest_code=00106&code=00101008110&supplier_code=00100007&order_time=2023-08-05 HTTP/1.1" 200 408
116.232.195.127 - - [05/Aug/2023:09:16:56 +0800] "GET /xingrg/check_reg.html?_=1691198150251 HTTP/1.1" 200 22
116.232.195.127 - - [05/Aug/2023:09:16:56 +0800] "GET /xingrg/all/function/internal_message.html?_=1691198150255&CODE_STATE=getMsg HTTP/1.1" 200 27
116.232.195.127 - - [05/Aug/2023:09:16:59 +0800] "GET /xingrg/all/function/internal_message.html?_=1691198152481&CODE_STATE=getMsg HTTP/1.1" 200 27
124.78.155.92 - - [05/Aug/2023:09:17:03 +0800] "GET /xingrg/kc/buy/cgsh_order_operate.html?command=get_materiel&rest_code=00106&code=00101008061&supplier_code=00100007&order_time=2023-08-05 HTTP/1.1" 200 422
124.78.155.92 - - [05/Aug/2023:09:17:10 +0800] "GET /xingrg/all/function/internal_message.html?_=1691198225940&CODE_STATE=getMsg HTTP/1.1" 200 27
222.69.130.229 - - [05/Aug/2023:09:17:11 +0800] "GET /xingrg/all/function/internal_message.html?_=1691198363647&CODE_STATE=getMsg HTTP/1.1" 200 27
222.69.130.53 - - [05/Aug/2023:09:17:11 +0800] "POST /xingrg/kc/buy/cgsh_order_operate.html HTTP/1.1" 200 37
124.78.155.92 - - [05/Aug/2023:09:17:13 +0800] "GET /xingrg/kc/buy/cgsh_order_operate.html?command=get_materiel&rest_code=00106&code=00101008168&supplier_code=00100007&order_time=2023-08-05 HTTP/1.1" 200 412
180.152.241.196 - - [05/Aug/2023:09:17:17 +0800] "GET /xingrg/all/function/internal_message.html?_=1691198239012&CODE_STATE=getMsg HTTP/1.1" 200 27
114.85.113.108 - - [05/Aug/2023:09:17:20 +0800] "GET /xingrg/all/function/internal_message.html?_=1691198239622&CODE_STATE=getMsg HTTP/1.1" 200 27
222.69.130.53 - - [05/Aug/2023:09:17:31 +0800] "POST /xingrg/kc/buy/cgsh_order_operate.html HTTP/1.1" 200 12
222.69.130.53 - - [05/Aug/2023:09:17:37 +0800] "GET /xingrg/all/function/internal_message.html?_=1691198257113&CODE_STATE=getMsg HTTP/1.1" 200 27
222.69.130.53 - - [05/Aug/2023:09:17:39 +0800] "GET /xingrg/kc/buy/cgsh_order_info.html?code=212023080501641 HTTP/1.1" 200 66734
222.69.130.53 - - [05/Aug/2023:09:17:40 +0800] "GET /xingrg/javascript/easyui/themes/default/validatebox.css HTTP/1.1" 404 1104
124.77.240.204 - - [05/Aug/2023:09:17:40 +0800] "GET /xingrg/all/function/internal_message.html?_=1691198261345&CODE_STATE=getMsg HTTP/1.1" 200 27
222.69.130.53 - - [05/Aug/2023:09:17:41 +0800] "POST /xingrg/kc/buy/cgsh_order_operate.html HTTP/1.1" 200 31953
124.78.70.128 - - [05/Aug/2023:09:17:42 +0800] "GET /xingrg/kc/buy/cgsh_order_add.html HTTP/1.1" 200 71737
124.78.70.128 - - [05/Aug/2023:09:17:42 +0800] "GET /xingrg/words/20230804124847_words.js HTTP/1.1" 304 -
124.78.70.128 - - [05/Aug/2023:09:17:42 +0800] "GET /xingrg/javascript/easyui/themes/default/validatebox.css HTTP/1.1" 404 1104
124.78.70.128 - - [05/Aug/2023:09:17:42 +0800] "POST /xingrg/kc/buy/cgsh_order_operate.html HTTP/1.1" 200 8245
124.78.70.128 - - [05/Aug/2023:09:17:42 +0800] "GET /xingrg/check_reg.html?_=1691197727910 HTTP/1.1" 200 22
124.78.70.128 - - [05/Aug/2023:09:17:42 +0800] "GET /xingrg/all/function/internal_message.html?_=1691197727909&CODE_STATE=getMsg HTTP/1.1" 200 27
124.78.70.128 - - [05/Aug/2023:09:17:42 +0800] "GET /xingrg/all/common/auto_word.html?type=employee&rest_code=00141 HTTP/1.1" 200 201
124.78.70.128 - - [05/Aug/2023:09:17:43 +0800] "GET /xingrg/all/common/auto_word.html?type=employee&rest_code=00141 HTTP/1.1" 200 201
101.83.145.37 - - [05/Aug/2023:09:17:43 +0800] "POST /xingrg/dwr/call/plaincall/AjaxYddbService.removeMaterielItem.dwr HTTP/1.1" 200 78
101.83.145.37 - - [05/Aug/2023:09:17:43 +0800] "GET /xingrg/all/function/internal_message.html?_=1691198263780&CODE_STATE=getMsg HTTP/1.1" 200 27
101.83.145.37 - - [05/Aug/2023:09:17:43 +0800] "GET /xingrg/check_reg.html?_=1691198263783 HTTP/1.1" 200 22
222.69.130.53 - - [05/Aug/2023:09:17:44 +0800] "GET /xingrg/kc/print/load_config.html?kc_code=cgsh HTTP/1.1" 200 1924
222.70.180.200 - - [05/Aug/2023:09:17:44 +0800] "GET /xingrg/all/function/internal_message.html?_=1691198263489&CODE_STATE=getMsg HTTP/1.1" 200 27
222.69.130.53 - - [05/Aug/2023:09:17:45 +0800] "GET /xingrg/kc/print/load_data.html?order_code=212023080501641&kc_code=cgsh&condition= HTTP/1.1" 200 12570
116.238.191.126 - - [05/Aug/2023:09:17:51 +0800] "GET /xingrg/all/function/internal_message.html?_=1691198145646&CODE_STATE=getMsg HTTP/1.1" 200 27
124.78.70.128 - - [05/Aug/2023:09:17:51 +0800] "GET /xingrg/javascript/jquery_tools/images/prev.gif HTTP/1.1" 404 1086
124.78.70.128 - - [05/Aug/2023:09:17:51 +0800] "GET /xingrg/javascript/jquery_tools/images/next.gif HTTP/1.1" 404 1086
101.83.145.37 - - [05/Aug/2023:09:17:51 +0800] "GET /xingrg/kc/base/wldb_order_list.html HTTP/1.1" 200 19215
101.83.145.37 - - [05/Aug/2023:09:17:51 +0800] "GET /xingrg/javascript/easyui/themes/icons/cance_new.png HTTP/1.1" 304 -
101.83.145.37 - - [05/Aug/2023:09:17:51 +0800] "GET /xingrg/javascript/easyui/themes/icons/check_new.png HTTP/1.1" 304 -
101.83.145.37 - - [05/Aug/2023:09:17:53 +0800] "POST /xingrg/kc/base/wldb_list_operate.html HTTP/1.1" 200 928
222.69.130.53 - - [05/Aug/2023:09:17:53 +0800] "GET /xingrg/kc/buy/cgsh_order_add.html HTTP/1.1" 200 71825
222.69.130.53 - - [05/Aug/2023:09:17:53 +0800] "POST /xingrg/kc/buy/cgsh_order_operate.html HTTP/1.1" 200 8245
222.69.130.53 - - [05/Aug/2023:09:17:53 +0800] "GET /xingrg/javascript/easyui/themes/default/validatebox.css HTTP/1.1" 404 1104
120.253.135.82 - - [05/Aug/2023:09:17:53 +0800] "GET /xingrg/check_reg.html?_=1691198094307 HTTP/1.1" 200 22
101.83.145.37 - - [05/Aug/2023:09:17:54 +0800] "GET /xingrg/kc/base/wldb_order_add.html HTTP/1.1" 200 30498
101.83.145.37 - - [05/Aug/2023:09:17:54 +0800] "GET /xingrg/javascript/jquery_tools/order_manager.js HTTP/1.1" 304 -
101.83.145.37 - - [05/Aug/2023:09:17:54 +0800] "GET /xingrg/javascript/convert.js HTTP/1.1" 304 -
101.83.145.37 - - [05/Aug/2023:09:17:54 +0800] "GET /xingrg/javascript/json2.js HTTP/1.1" 304 -
101.83.145.37 - - [05/Aug/2023:09:17:54 +0800] "GET /xingrg/javascript/print/kc_print.js HTTP/1.1" 304 -
101.83.145.37 - - [05/Aug/2023:09:17:54 +0800] "GET /xingrg/words/20230804124847_words.js HTTP/1.1" 200 977103
101.83.145.37 - - [05/Aug/2023:09:17:54 +0800] "GET /xingrg/javascript/easyui/themes/icons/template_new.png HTTP/1.1" 304 -
101.83.145.37 - - [05/Aug/2023:09:17:54 +0800] "GET /xingrg/javascript/easyui/themes/icons/ok.png HTTP/1.1" 304 -
101.83.145.37 - - [05/Aug/2023:09:17:54 +0800] "GET /xingrg/javascript/easyui/themes/icons/print.png HTTP/1.1" 304 -
101.83.145.37 - - [05/Aug/2023:09:17:54 +0800] "GET /xingrg/javascript/easyui/themes/default/images/menu_downarrow.png HTTP/1.1" 304 -
101.83.145.37 - - [05/Aug/2023:09:17:54 +0800] "GET /xingrg/javascript/easyui/themes/icons/cancel.png HTTP/1.1" 304 -
101.83.145.37 - - [05/Aug/2023:09:17:54 +0800] "POST /xingrg/kc/base/wldb_order_operate.html HTTP/1.1" 200 6806
120.253.135.82 - - [05/Aug/2023:09:17:54 +0800] "GET /xingrg/all/function/internal_message.html?_=1691198095338&CODE_STATE=getMsg HTTP/1.1" 200 27
101.83.145.37 - - [05/Aug/2023:09:17:55 +0800] "GET /xingrg/all/common/auto_word.html?type=base&rest_code=00105 HTTP/1.1" 200 1907
101.83.145.37 - - [05/Aug/2023:09:17:55 +0800] "GET /xingrg/javascript/easyui/themes/default/validatebox.css HTTP/1.1" 404 1104
101.83.145.37 - - [05/Aug/2023:09:17:55 +0800] "GET /xingrg/javascript/easyui/plugins/jquery.validatebox.js HTTP/1.1" 304 -
101.83.145.37 - - [05/Aug/2023:09:17:55 +0800] "GET /xingrg/all/common/auto_word.html?type=base&rest_code=00105 HTTP/1.1" 200 1907
101.83.145.37 - - [05/Aug/2023:09:17:55 +0800] "GET /xingrg/javascript/easyui/themes/icons/edit_remove.png HTTP/1.1" 304 -
101.83.145.37 - - [05/Aug/2023:09:17:55 +0800] "GET /xingrg/javascript/easyui/plugins/jquery.numberbox.js HTTP/1.1" 304 -
101.83.145.37 - - [05/Aug/2023:09:17:55 +0800] "GET /xingrg/css/images/panel_loading.gif HTTP/1.1" 304 -
101.83.145.37 - - [05/Aug/2023:09:17:55 +0800] "POST /xingrg/all/common/load_combo.html?type=base HTTP/1.1" 200 3409
116.232.195.127 - - [05/Aug/2023:09:17:56 +0800] "GET /xingrg/all/function/internal_message.html?_=1691198210256&CODE_STATE=getMsg HTTP/1.1" 200 27
116.232.195.127 - - [05/Aug/2023:09:17:59 +0800] "GET /xingrg/all/function/internal_message.html?_=1691198212473&CODE_STATE=getMsg HTTP/1.1" 200 27
124.78.70.128 - - [05/Aug/2023:09:17:59 +0800] "GET /xingrg/kc/buy/cgsh_order_operate.html?command=get_materiel&rest_code=00141&code=00101019492&supplier_code=00100030&order_time=2023-08-05 HTTP/1.1" 200 456
101.83.145.37 - - [05/Aug/2023:09:18:00 +0800] "GET /xingrg/javascript/auto/indicator.gif HTTP/1.1" 404 1066
101.83.145.37 - - [05/Aug/2023:09:18:03 +0800] "GET /xingrg/kc/base/wldb_order_operate.html?command=get_materiel&rest_code=00105&base_code=0010515&code=00101013297 HTTP/1.1" 200 437
101.83.145.37 - - [05/Aug/2023:09:18:06 +0800] "GET /xingrg/all/function/internal_message.html?_=1691198091650&CODE_STATE=getMsg HTTP/1.1" 200 27
222.69.130.53 - - [05/Aug/2023:09:18:09 +0800] "GET /xingrg/kc/buy/cgsh_order_add.html HTTP/1.1" 200 71825
222.69.130.53 - - [05/Aug/2023:09:18:09 +0800] "POST /xingrg/kc/buy/cgsh_order_operate.html HTTP/1.1" 200 8245
222.69.130.53 - - [05/Aug/2023:09:18:09 +0800] "GET /xingrg/javascript/easyui/themes/default/validatebox.css HTTP/1.1" 404 1104
124.78.155.92 - - [05/Aug/2023:09:18:10 +0800] "GET /xingrg/all/function/internal_message.html?_=1691198285917&CODE_STATE=getMsg HTTP/1.1" 200 27
222.69.130.229 - - [05/Aug/2023:09:18:11 +0800] "GET /xingrg/all/function/internal_message.html?_=1691198423661&CODE_STATE=getMsg HTTP/1.1" 200 27
222.69.130.229 - - [05/Aug/2023:09:18:11 +0800] "GET /xingrg/check_reg.html?_=1691198423662 HTTP/1.1" 200 22
124.78.70.128 - - [05/Aug/2023:09:18:12 +0800] "GET /xingrg/kc/buy/cgsh_order_operate.html?command=get_materiel&rest_code=00141&code=00101016083&supplier_code=00100030&order_time=2023-08-05 HTTP/1.1" 200 448
180.152.241.196 - - [05/Aug/2023:09:18:17 +0800] "GET /xingrg/all/function/internal_message.html?_=1691198299011&CODE_STATE=getMsg HTTP/1.1" 200 27
114.85.113.108 - - [05/Aug/2023:09:18:19 +0800] "GET /xingrg/all/function/internal_message.html?_=1691198299608&CODE_STATE=getMsg HTTP/1.1" 200 27
124.78.70.128 - - [05/Aug/2023:09:18:24 +0800] "POST /xingrg/kc/buy/cgsh_order_operate.html HTTP/1.1" 200 37
101.83.145.37 - - [05/Aug/2023:09:18:30 +0800] "GET /xingrg/kc/base/wldb_order_operate.html?command=get_materiel&rest_code=00105&base_code=0010515&code=00101005080 HTTP/1.1" 200 433
124.78.70.128 - - [05/Aug/2023:09:18:34 +0800] "POST /xingrg/kc/buy/cgsh_order_operate.html HTTP/1.1" 200 12
222.69.130.53 - - [05/Aug/2023:09:18:37 +0800] "GET /xingrg/all/function/internal_message.html?_=1691198317196&CODE_STATE=getMsg HTTP/1.1" 200 27
124.77.240.204 - - [05/Aug/2023:09:18:40 +0800] "GET /xingrg/all/function/internal_message.html?_=1691198321355&CODE_STATE=getMsg HTTP/1.1" 200 27
116.238.191.126 - - [05/Aug/2023:09:18:41 +0800] "POST /xingrg/kc/buy/cgsh_order_operate.html HTTP/1.1" 200 37
124.78.70.128 - - [05/Aug/2023:09:18:42 +0800] "GET /xingrg/kc/buy/cgsh_order_info.html?code=212023080501643 HTTP/1.1" 200 66646
124.78.70.128 - - [05/Aug/2023:09:18:43 +0800] "GET /xingrg/javascript/easyui/themes/default/validatebox.css HTTP/1.1" 404 1104
124.78.70.128 - - [05/Aug/2023:09:18:43 +0800] "GET /xingrg/all/function/internal_message.html?_=1691197788151&CODE_STATE=getMsg HTTP/1.1" 200 27
101.83.145.37 - - [05/Aug/2023:09:18:43 +0800] "GET /xingrg/all/function/internal_message.html?_=1691198323783&CODE_STATE=getMsg HTTP/1.1" 200 27
124.78.70.128 - - [05/Aug/2023:09:18:44 +0800] "POST /xingrg/kc/buy/cgsh_order_operate.html HTTP/1.1" 200 1239
222.70.180.200 - - [05/Aug/2023:09:18:44 +0800] "GET /xingrg/all/function/internal_message.html?_=1691198323492&CODE_STATE=getMsg HTTP/1.1" 200 27
116.238.191.126 - - [05/Aug/2023:09:18:51 +0800] "GET /xingrg/all/function/internal_message.html?_=1691198205678&CODE_STATE=getMsg HTTP/1.1" 200 27
116.238.191.126 - - [05/Aug/2023:09:18:53 +0800] "POST /xingrg/kc/buy/cgsh_order_operate.html HTTP/1.1" 200 12
120.253.135.82 - - [05/Aug/2023:09:18:54 +0800] "GET /xingrg/all/function/internal_message.html?_=1691198155349&CODE_STATE=getMsg HTTP/1.1" 200 27
116.232.195.127 - - [05/Aug/2023:09:18:56 +0800] "GET /xingrg/all/function/internal_message.html?_=1691198270254&CODE_STATE=getMsg HTTP/1.1" 200 27
116.232.195.127 - - [05/Aug/2023:09:18:59 +0800] "GET /xingrg/all/function/internal_message.html?_=1691198272491&CODE_STATE=getMsg HTTP/1.1" 200 27
101.83.145.37 - - [05/Aug/2023:09:19:04 +0800] "GET /xingrg/kc/base/wlsy_order_list.html?syType=1 HTTP/1.1" 200 17335
101.83.145.37 - - [05/Aug/2023:09:19:04 +0800] "GET /xingrg/javascript/easyui/themes/icons/uncheck_new.png HTTP/1.1" 304 -
101.83.145.37 - - [05/Aug/2023:09:19:04 +0800] "POST /xingrg/kc/base/wlsy_list_operate.html?syType=1 HTTP/1.1" 200 862
101.83.145.37 - - [05/Aug/2023:09:19:06 +0800] "GET /xingrg/all/function/internal_message.html?_=1691198151625&CODE_STATE=getMsg HTTP/1.1" 200 27
101.83.145.37 - - [05/Aug/2023:09:19:08 +0800] "GET /xingrg/kc/base/wlsy_order_add.html?syType=1 HTTP/1.1" 200 28703
101.83.145.37 - - [05/Aug/2023:09:19:09 +0800] "POST /xingrg/kc/base/wlsy_order_operate.html HTTP/1.1" 200 6806
101.83.145.37 - - [05/Aug/2023:09:19:09 +0800] "GET /xingrg/javascript/easyui/themes/default/validatebox.css HTTP/1.1" 404 1104
124.78.70.128 - - [05/Aug/2023:09:19:09 +0800] "GET /xingrg/kc/print/load_config.html?kc_code=cgsh HTTP/1.1" 200 1924
124.78.155.92 - - [05/Aug/2023:09:19:10 +0800] "GET /xingrg/all/function/internal_message.html?_=1691198345894&CODE_STATE=getMsg HTTP/1.1" 200 27
222.69.130.229 - - [05/Aug/2023:09:19:11 +0800] "GET /xingrg/all/function/internal_message.html?_=1691198483656&CODE_STATE=getMsg HTTP/1.1" 200 27
124.78.155.92 - - [05/Aug/2023:09:19:12 +0800] "POST /xingrg/kc/buy/cgsh_order_operate.html HTTP/1.1" 200 37
124.78.70.128 - - [05/Aug/2023:09:19:12 +0800] "GET /xingrg/kc/print/load_data.html?order_code=212023080501643&kc_code=cgsh&condition= HTTP/1.1" 200 1018
180.152.241.196 - - [05/Aug/2023:09:19:17 +0800] "GET /xingrg/all/function/internal_message.html?_=1691198359022&CODE_STATE=getMsg HTTP/1.1" 200 27
101.83.145.37 - - [05/Aug/2023:09:19:18 +0800] "GET /xingrg/javascript/jquery_tools/images/next.gif HTTP/1.1" 404 1086
101.83.145.37 - - [05/Aug/2023:09:19:18 +0800] "GET /xingrg/javascript/jquery_tools/images/prev.gif HTTP/1.1" 404 1086
124.78.70.128 - - [05/Aug/2023:09:19:19 +0800] "GET /xingrg/kc/buy/cgsh_order_add.html HTTP/1.1" 200 71737
124.78.70.128 - - [05/Aug/2023:09:19:19 +0800] "POST /xingrg/kc/buy/cgsh_order_operate.html HTTP/1.1" 200 8245
124.78.70.128 - - [05/Aug/2023:09:19:19 +0800] "GET /xingrg/javascript/easyui/themes/default/validatebox.css HTTP/1.1" 404 1104
114.85.113.108 - - [05/Aug/2023:09:19:20 +0800] "GET /xingrg/all/function/internal_message.html?_=1691198359589&CODE_STATE=getMsg HTTP/1.1" 200 27
101.83.145.37 - - [05/Aug/2023:09:19:27 +0800] "GET /xingrg/javascript/easyui/plugins/jquery.draggable.js HTTP/1.1" 304 -
101.83.145.37 - - [05/Aug/2023:09:19:27 +0800] "GET /xingrg/javascript/easyui/plugins/jquery.droppable.js HTTP/1.1" 304 -
101.83.145.37 - - [05/Aug/2023:09:19:27 +0800] "GET /xingrg/javascript/easyui/themes/default/tree.css HTTP/1.1" 404 1090
101.83.145.37 - - [05/Aug/2023:09:19:27 +0800] "GET /xingrg/javascript/easyui/plugins/jquery.tree.js HTTP/1.1" 304 -
101.83.145.37 - - [05/Aug/2023:09:19:27 +0800] "POST /xingrg/all/common/load_tree.html?tree=employee_tree_json HTTP/1.1" 200 25955
101.83.145.37 - - [05/Aug/2023:09:19:28 +0800] "GET /xingrg/javascript/easyui/themes/default/images/tree_folder_open.gif HTTP/1.1" 304 -
101.83.145.37 - - [05/Aug/2023:09:19:28 +0800] "GET /xingrg/javascript/easyui/themes/default/images/tree_arrows.gif HTTP/1.1" 304 -
101.83.145.37 - - [05/Aug/2023:09:19:28 +0800] "GET /xingrg/javascript/easyui/themes/icons/areas.png HTTP/1.1" 304 -
101.83.145.37 - - [05/Aug/2023:09:19:28 +0800] "GET /xingrg/javascript/easyui/themes/icons/rest.png HTTP/1.1" 304 -
101.83.145.37 - - [05/Aug/2023:09:19:28 +0800] "GET /xingrg/javascript/easyui/themes/icons/accept_new.png HTTP/1.1" 200 722
116.238.191.126 - - [05/Aug/2023:09:19:31 +0800] "GET /xingrg/kc/buy/cgsh_order_info.html?code=212023080501644 HTTP/1.1" 200 66258
116.238.191.126 - - [05/Aug/2023:09:19:31 +0800] "GET /xingrg/javascript/easyui/themes/default/validatebox.css HTTP/1.1" 404 1104
116.238.191.126 - - [05/Aug/2023:09:19:32 +0800] "POST /xingrg/kc/buy/cgsh_order_operate.html HTTP/1.1" 200 1812
116.238.191.126 - - [05/Aug/2023:09:19:35 +0800] "GET /xingrg/kc/print/load_data.html?order_code=212023080501644&kc_code=cgsh&condition= HTTP/1.1" 200 1238
222.69.130.53 - - [05/Aug/2023:09:19:37 +0800] "GET /xingrg/all/function/internal_message.html?_=1691198377080&CODE_STATE=getMsg HTTP/1.1" 200 27
124.77.240.204 - - [05/Aug/2023:09:19:41 +0800] "GET /xingrg/all/function/internal_message.html?_=1691198381635&CODE_STATE=getMsg HTTP/1.1" 200 27
124.78.70.128 - - [05/Aug/2023:09:19:43 +0800] "GET /xingrg/all/function/internal_message.html?_=1691197848124&CODE_STATE=getMsg HTTP/1.1" 200 27
101.83.145.37 - - [05/Aug/2023:09:19:43 +0800] "GET /xingrg/all/function/internal_message.html?_=1691198383783&CODE_STATE=getMsg HTTP/1.1" 200 27
222.70.180.200 - - [05/Aug/2023:09:19:44 +0800] "GET /xingrg/all/function/internal_message.html?_=1691198383495&CODE_STATE=getMsg HTTP/1.1" 200 27
222.70.180.200 - - [05/Aug/2023:09:19:44 +0800] "GET /xingrg/check_reg.html?_=1691198383490 HTTP/1.1" 200 22
116.238.191.126 - - [05/Aug/2023:09:19:51 +0800] "GET /xingrg/all/function/internal_message.html?_=1691198265689&CODE_STATE=getMsg HTTP/1.1" 200 27
120.253.135.82 - - [05/Aug/2023:09:19:55 +0800] "GET /xingrg/all/function/internal_message.html?_=1691198215362&CODE_STATE=getMsg HTTP/1.1" 200 27
116.232.195.127 - - [05/Aug/2023:09:19:56 +0800] "GET /xingrg/all/function/internal_message.html?_=1691198330256&CODE_STATE=getMsg HTTP/1.1" 200 27
124.78.70.128 - - [05/Aug/2023:09:19:57 +0800] "GET /xingrg/kc/buy/cgsh_order_operate.html?command=get_materiel&rest_code=00141&code=00101031001&supplier_code=00100240&order_time=2023-08-05 HTTP/1.1" 200 419
116.232.195.127 - - [05/Aug/2023:09:19:59 +0800] "GET /xingrg/all/function/internal_message.html?_=1691198332482&CODE_STATE=getMsg HTTP/1.1" 200 27
101.83.145.37 - - [05/Aug/2023:09:20:05 +0800] "GET /xingrg/kc/base/wlsy_order_operate.html?command=get_materiel&rest_code=00105&base_code=0010515&code=00101013297 HTTP/1.1" 200 433
101.83.145.37 - - [05/Aug/2023:09:20:06 +0800] "GET /xingrg/all/function/internal_message.html?_=1691198211606&CODE_STATE=getMsg HTTP/1.1" 200 27
222.69.130.229 - - [05/Aug/2023:09:20:11 +0800] "GET /xingrg/all/function/internal_message.html?_=1691198543649&CODE_STATE=getMsg HTTP/1.1" 200 27
101.83.145.37 - - [05/Aug/2023:09:20:12 +0800] "POST /xingrg/kc/base/wlsy_order_operate.html HTTP/1.1" 200 37
101.83.145.37 - - [05/Aug/2023:09:20:12 +0800] "POST /xingrg/kc/base/wlsy_order_operate.html HTTP/1.1" 200 2160
101.83.145.37 - - [05/Aug/2023:09:20:14 +0800] "POST /xingrg/kc/base/wlsy_list_operate.html?syType=1 HTTP/1.1" 200 1669
101.83.145.37 - - [05/Aug/2023:09:20:16 +0800] "POST /xingrg/kc/base/wlsy_list_operate.html?syType=1 HTTP/1.1" 200 205
101.83.145.37 - - [05/Aug/2023:09:20:16 +0800] "GET /xingrg/kc/base/wlsy_order_info.html?code=412023080500003 HTTP/1.1" 200 28795
101.83.145.37 - - [05/Aug/2023:09:20:17 +0800] "GET /xingrg/javascript/easyui/themes/default/validatebox.css HTTP/1.1" 404 1104
101.83.145.37 - - [05/Aug/2023:09:20:17 +0800] "POST /xingrg/kc/base/wlsy_order_operate.html HTTP/1.1" 200 2160
180.152.241.196 - - [05/Aug/2023:09:20:17 +0800] "GET /xingrg/all/function/internal_message.html?_=1691198419015&CODE_STATE=getMsg HTTP/1.1" 200 27
114.85.113.108 - - [05/Aug/2023:09:20:20 +0800] "GET /xingrg/all/function/internal_message.html?_=1691198419562&CODE_STATE=getMsg HTTP/1.1" 200 27
101.83.145.37 - - [05/Aug/2023:09:20:20 +0800] "POST /xingrg/kc/base/wlsy_order_operate.html HTTP/1.1" 200 37
101.83.145.37 - - [05/Aug/2023:09:20:21 +0800] "POST /xingrg/kc/base/wlsy_order_operate.html HTTP/1.1" 200 2160
124.78.70.128 - - [05/Aug/2023:09:20:24 +0800] "GET /xingrg/kc/buy/cgsh_order_operate.html?command=get_materiel&rest_code=00141&code=00101031007&supplier_code=00100240&order_time=2023-08-05 HTTP/1.1" 200 420
101.83.145.37 - - [05/Aug/2023:09:20:25 +0800] "POST /xingrg/kc/base/wlsy_order_operate.html HTTP/1.1" 200 12
124.78.155.92 - - [05/Aug/2023:09:20:25 +0800] "GET /xingrg/check_reg.html?_=1691198421516 HTTP/1.1" 200 22
124.78.155.92 - - [05/Aug/2023:09:20:25 +0800] "GET /xingrg/all/function/internal_message.html?_=1691198421517&CODE_STATE=getMsg HTTP/1.1" 200 27
124.78.155.92 - - [05/Aug/2023:09:20:27 +0800] "POST /xingrg/kc/buy/cgsh_order_operate.html HTTP/1.1" 200 25764
101.83.145.37 - - [05/Aug/2023:09:20:28 +0800] "POST /xingrg/kc/base/wlsy_list_operate.html?syType=1 HTTP/1.1" 200 862
