124.77.240.204 - - [05/Aug/2023:09:51:41 +0800] "POST /xingrg/services/DataTransmitService HTTP/1.1" 401 565
124.77.240.204 - - [05/Aug/2023:09:51:42 +0800] "POST /xingrg/services/DataTransmitService HTTP/1.1" 200 478
124.77.240.204 - - [05/Aug/2023:09:51:42 +0800] "POST /xingrg/services/DataTransmitService HTTP/1.1" 200 1319
124.77.240.204 - - [05/Aug/2023:09:51:42 +0800] "POST /xingrg/services/DataTransmitService HTTP/1.1" 200 478
124.77.240.204 - - [05/Aug/2023:09:51:42 +0800] "POST /xingrg/services/DataTransmitService HTTP/1.1" 200 1319
124.77.240.204 - - [05/Aug/2023:09:51:42 +0800] "POST /xingrg/services/DataTransmitService HTTP/1.1" 200 524
124.77.240.204 - - [05/Aug/2023:09:51:42 +0800] "GET /xingrg/all/function/internal_message.html?_=1691200303378&CODE_STATE=getMsg HTTP/1.1" 200 27
124.78.70.128 - - [05/Aug/2023:09:51:42 +0800] "GET /xingrg/all/function/internal_message.html?_=1691199767966&CODE_STATE=getMsg HTTP/1.1" 200 27
101.83.145.37 - - [05/Aug/2023:09:51:43 +0800] "GET /xingrg/all/function/internal_message.html?_=1691200303825&CODE_STATE=getMsg HTTP/1.1" 200 27
124.77.240.204 - - [05/Aug/2023:09:51:44 +0800] "POST /xingrg/services/DataTransmitService HTTP/1.1" 200 2335
124.77.240.204 - - [05/Aug/2023:09:51:44 +0800] "POST /xingrg/services/DataTransmitService HTTP/1.1" 200 45454
124.77.240.204 - - [05/Aug/2023:09:51:44 +0800] "POST /xingrg/services/DataTransmitService HTTP/1.1" 200 19237
222.65.220.241 - - [05/Aug/2023:09:51:46 +0800] "GET /xingrg/all/function/internal_message.html?_=1691200305604&CODE_STATE=getMsg HTTP/1.1" 200 27
222.65.220.241 - - [05/Aug/2023:09:51:46 +0800] "GET /xingrg/check_reg.html?_=1691200305604 HTTP/1.1" 200 22
180.152.241.196 - - [05/Aug/2023:09:51:53 +0800] "GET /xingrg/kc/buy/cgsh_order_operate.html?command=get_materiel&rest_code=00102&code=00101006111&supplier_code=00100096&order_time=2023-08-05 HTTP/1.1" 200 411
116.232.195.127 - - [05/Aug/2023:09:51:56 +0800] "GET /xingrg/check_reg.html?_=1691200250263 HTTP/1.1" 200 22
116.232.195.127 - - [05/Aug/2023:09:51:56 +0800] "GET /xingrg/all/function/internal_message.html?_=1691200250268&CODE_STATE=getMsg HTTP/1.1" 200 27
116.232.195.127 - - [05/Aug/2023:09:51:59 +0800] "GET /xingrg/all/function/internal_message.html?_=1691200252485&CODE_STATE=getMsg HTTP/1.1" 200 27
222.65.220.241 - - [05/Aug/2023:09:51:59 +0800] "GET /xingrg/kc/buy/cgsh_order_operate.html?command=get_materiel&rest_code=00108&code=00101009011&supplier_code=00100007&order_time=2023-08-05 HTTP/1.1" 200 416
222.65.220.241 - - [05/Aug/2023:09:52:01 +0800] "POST /xingrg/kc/buy/cgsh_order_operate.html HTTP/1.1" 200 2065
180.152.241.196 - - [05/Aug/2023:09:52:04 +0800] "GET /xingrg/kc/buy/cgsh_order_operate.html?command=get_materiel&rest_code=00102&code=00101006112&supplier_code=00100096&order_time=2023-08-05 HTTP/1.1" 200 411
116.238.191.126 - - [05/Aug/2023:09:52:05 +0800] "GET /xingrg/all/function/internal_message.html?_=1691200200222&CODE_STATE=getMsg HTTP/1.1" 200 27
124.78.70.128 - - [05/Aug/2023:09:52:07 +0800] "GET /xingrg/login.html HTTP/1.1" 200 7641
124.78.70.128 - - [05/Aug/2023:09:52:07 +0800] "GET /favicon.ico HTTP/1.1" 404 -
222.69.130.229 - - [05/Aug/2023:09:52:11 +0800] "GET /xingrg/all/function/internal_message.html?_=1691200463654&CODE_STATE=getMsg HTTP/1.1" 200 27
222.65.220.241 - - [05/Aug/2023:09:52:11 +0800] "GET /xingrg/kc/buy/cgsh_order_operate.html?command=get_materiel&rest_code=00108&code=00101009015&supplier_code=00100007&order_time=2023-08-05 HTTP/1.1" 200 416
124.78.70.128 - - [05/Aug/2023:09:52:12 +0800] "POST /xingrg/login.do HTTP/1.1" 302 -
124.78.70.128 - - [05/Aug/2023:09:52:12 +0800] "GET /xingrg/index.html?sysBaseUrl=http%3A%2F%2F180.169.147.146%3A18081%2Fxingrg%2F&costTime=1515×tamp=1691200332269 HTTP/1.1" 200 17179
124.78.70.128 - - [05/Aug/2023:09:52:13 +0800] "GET /xingrg/check_reg.html?_=1691199798216 HTTP/1.1" 200 22
124.78.70.128 - - [05/Aug/2023:09:52:13 +0800] "GET /xingrg/all/function/internal_message.html?_=1691199798215&CODE_STATE=count HTTP/1.1" 200 11
124.78.70.128 - - [05/Aug/2023:09:52:13 +0800] "GET /favicon.ico HTTP/1.1" 404 -
124.78.70.128 - - [05/Aug/2023:09:52:13 +0800] "POST /xingrg/all/common/load_tree.html?tree=area_rest_tree_json&manage=1 HTTP/1.1" 200 351
124.78.70.128 - - [05/Aug/2023:09:52:13 +0800] "POST /xingrg/load_menu.html HTTP/1.1" 200 5138
180.152.241.196 - - [05/Aug/2023:09:52:15 +0800] "GET /xingrg/kc/buy/cgsh_order_operate.html?command=get_materiel&rest_code=00102&code=00101006133&supplier_code=00100096&order_time=2023-08-05 HTTP/1.1" 200 415
124.78.70.128 - - [05/Aug/2023:09:52:15 +0800] "GET /xingrg/kc/buy/buy_main.html HTTP/1.1" 200 12412
124.78.70.128 - - [05/Aug/2023:09:52:15 +0800] "GET /xingrg/css/new_ie.css HTTP/1.1" 404 1036
124.78.70.128 - - [05/Aug/2023:09:52:16 +0800] "GET /xingrg/images/yd/bt.gif HTTP/1.1" 404 1040
180.152.241.196 - - [05/Aug/2023:09:52:18 +0800] "GET /xingrg/all/function/internal_message.html?_=1691200339026&CODE_STATE=getMsg HTTP/1.1" 200 27
116.238.191.126 - - [05/Aug/2023:09:52:18 +0800] "GET /xingrg/all/function/internal_message.html?_=1691200337094&CODE_STATE=getMsg HTTP/1.1" 200 27
124.78.70.128 - - [05/Aug/2023:09:52:19 +0800] "GET /xingrg/kc/buy/cgsh_order_list.html HTTP/1.1" 200 55961
114.85.113.108 - - [05/Aug/2023:09:52:19 +0800] "GET /xingrg/all/function/internal_message.html?_=1691200339302&CODE_STATE=getMsg HTTP/1.1" 200 27
101.83.145.37 - - [05/Aug/2023:09:52:20 +0800] "GET /xingrg/check_reg.html?_=1691200145234 HTTP/1.1" 200 22
101.83.145.37 - - [05/Aug/2023:09:52:20 +0800] "GET /xingrg/all/function/internal_message.html?_=1691200145235&CODE_STATE=getMsg HTTP/1.1" 200 27
222.70.180.200 - - [05/Aug/2023:09:52:20 +0800] "GET /xingrg/all/function/internal_message.html?_=1691200340916&CODE_STATE=getMsg HTTP/1.1" 200 27
222.65.220.241 - - [05/Aug/2023:09:52:22 +0800] "GET /xingrg/kc/buy/cgsh_order_operate.html?command=get_materiel&rest_code=00108&code=00101008182&supplier_code=00100007&order_time=2023-08-05 HTTP/1.1" 200 412
124.78.70.128 - - [05/Aug/2023:09:52:24 +0800] "POST /xingrg/kc/buy/cgsh_list_operate.html HTTP/1.1" 200 1869
222.70.180.200 - - [05/Aug/2023:09:52:27 +0800] "GET /xingrg/check_reg.html?_=1691200346640 HTTP/1.1" 200 22
222.70.180.200 - - [05/Aug/2023:09:52:27 +0800] "GET /xingrg/all/function/internal_message.html?_=1691200346643&CODE_STATE=getMsg HTTP/1.1" 200 27
124.78.70.128 - - [05/Aug/2023:09:52:27 +0800] "GET /xingrg/kc/buy/cgsh_order_add.html HTTP/1.1" 200 71737
124.78.70.128 - - [05/Aug/2023:09:52:28 +0800] "GET /xingrg/javascript/easyui/themes/default/validatebox.css HTTP/1.1" 404 1104
124.78.70.128 - - [05/Aug/2023:09:52:28 +0800] "POST /xingrg/kc/buy/cgsh_order_operate.html HTTP/1.1" 200 8245
124.78.70.128 - - [05/Aug/2023:09:52:28 +0800] "GET /xingrg/all/common/auto_word.html?type=employee&rest_code=00141 HTTP/1.1" 200 201
124.78.70.128 - - [05/Aug/2023:09:52:28 +0800] "GET /xingrg/all/common/auto_word.html?type=employee&rest_code=00141 HTTP/1.1" 200 201
180.152.241.196 - - [05/Aug/2023:09:52:30 +0800] "GET /xingrg/kc/buy/cgsh_order_operate.html?command=get_materiel&rest_code=00102&code=00101006180&supplier_code=00100096&order_time=2023-08-05 HTTP/1.1" 200 425
124.78.70.128 - - [05/Aug/2023:09:52:32 +0800] "GET /xingrg/javascript/auto/indicator.gif HTTP/1.1" 404 1066
218.81.64.222 - - [05/Aug/2023:09:52:33 +0800] "GET /xingrg/all/function/internal_message.html?_=1691200352487&CODE_STATE=getMsg HTTP/1.1" 200 27
222.69.130.53 - - [05/Aug/2023:09:52:37 +0800] "GET /xingrg/all/function/internal_message.html?_=1691200356462&CODE_STATE=getMsg HTTP/1.1" 200 27
124.77.240.204 - - [05/Aug/2023:09:52:41 +0800] "POST /xingrg/services/DataTransmitService HTTP/1.1" 200 524
124.77.240.204 - - [05/Aug/2023:09:52:42 +0800] "GET /xingrg/all/function/internal_message.html?_=1691200363394&CODE_STATE=getMsg HTTP/1.1" 200 27
124.78.70.128 - - [05/Aug/2023:09:52:42 +0800] "GET /xingrg/javascript/jquery_tools/images/prev.gif HTTP/1.1" 404 1086
124.78.70.128 - - [05/Aug/2023:09:52:42 +0800] "GET /xingrg/javascript/jquery_tools/images/next.gif HTTP/1.1" 404 1086
101.83.145.37 - - [05/Aug/2023:09:52:43 +0800] "GET /xingrg/all/function/internal_message.html?_=1691200363826&CODE_STATE=getMsg HTTP/1.1" 200 27
101.83.145.37 - - [05/Aug/2023:09:52:43 +0800] "GET /xingrg/check_reg.html?_=1691200363829 HTTP/1.1" 200 22
124.77.240.204 - - [05/Aug/2023:09:52:43 +0800] "POST /xingrg/services/DataTransmitService HTTP/1.1" 200 2335
222.65.220.241 - - [05/Aug/2023:09:52:46 +0800] "GET /xingrg/all/function/internal_message.html?_=1691200365611&CODE_STATE=getMsg HTTP/1.1" 200 27
180.152.241.196 - - [05/Aug/2023:09:52:48 +0800] "GET /xingrg/kc/buy/cgsh_order_operate.html?command=get_materiel&rest_code=00102&code=00101007001&supplier_code=00100096&order_time=2023-08-05 HTTP/1.1" 200 409
222.65.220.241 - - [05/Aug/2023:09:52:52 +0800] "POST /xingrg/kc/buy/cgsh_order_operate.html HTTP/1.1" 200 2065
116.232.195.127 - - [05/Aug/2023:09:52:56 +0800] "GET /xingrg/all/function/internal_message.html?_=1691200310253&CODE_STATE=getMsg HTTP/1.1" 200 27
101.83.145.37 - - [05/Aug/2023:09:52:57 +0800] "GET /xingrg/kc/buy/cgsh_order_add.html HTTP/1.1" 200 71819
124.77.240.204 - - [05/Aug/2023:09:52:57 +0800] "POST /xingrg/services/DataTransmitService HTTP/1.1" 200 524
101.83.145.37 - - [05/Aug/2023:09:52:57 +0800] "POST /xingrg/kc/buy/cgsh_order_operate.html HTTP/1.1" 200 8245
101.83.145.37 - - [05/Aug/2023:09:52:57 +0800] "GET /xingrg/javascript/easyui/themes/default/validatebox.css HTTP/1.1" 404 1104
116.232.195.127 - - [05/Aug/2023:09:52:59 +0800] "GET /xingrg/all/function/internal_message.html?_=1691200312486&CODE_STATE=getMsg HTTP/1.1" 200 27
222.65.220.241 - - [05/Aug/2023:09:52:59 +0800] "GET /xingrg/kc/buy/cgsh_order_operate.html?command=get_materiel&rest_code=00108&code=00101008150&supplier_code=00100007&order_time=2023-08-05 HTTP/1.1" 200 409
116.238.191.126 - - [05/Aug/2023:09:53:05 +0800] "GET /xingrg/check_reg.html?_=1691200260161 HTTP/1.1" 200 22
116.238.191.126 - - [05/Aug/2023:09:53:05 +0800] "GET /xingrg/all/function/internal_message.html?_=1691200260245&CODE_STATE=getMsg HTTP/1.1" 200 27
124.78.70.128 - - [05/Aug/2023:09:53:08 +0800] "GET /xingrg/kc/buy/cgsh_order_operate.html?command=get_materiel&rest_code=00141&code=00101006180&supplier_code=00100012&order_time=2023-08-05 HTTP/1.1" 200 423
222.69.130.229 - - [05/Aug/2023:09:53:11 +0800] "GET /xingrg/check_reg.html?_=1691200523645 HTTP/1.1" 200 22
222.69.130.229 - - [05/Aug/2023:09:53:11 +0800] "GET /xingrg/all/function/internal_message.html?_=1691200523646&CODE_STATE=getMsg HTTP/1.1" 200 27
124.78.70.128 - - [05/Aug/2023:09:53:13 +0800] "GET /xingrg/all/function/internal_message.html?_=1691199858220&CODE_STATE=getMsg HTTP/1.1" 200 27
120.253.135.82 - - [05/Aug/2023:09:53:13 +0800] "GET /xingrg/check_reg.html?_=1691200214012 HTTP/1.1" 200 22
120.253.135.82 - - [05/Aug/2023:09:53:14 +0800] "GET /xingrg/kc/pszx/mdps_order_info.html?code=312023080300088 HTTP/1.1" 200 19636
120.253.135.82 - - [05/Aug/2023:09:53:14 +0800] "GET /xingrg/javascript/easyui/themes/default/validatebox.css HTTP/1.1" 404 1104
120.253.135.82 - - [05/Aug/2023:09:53:15 +0800] "POST /xingrg/kc/pszx/mdps_order_operate.html HTTP/1.1" 200 4060
180.169.147.146 - - [05/Aug/2023:09:53:16 +0800] "GET /xingrg/index.html?sysBaseUrl=http%3A%2F%2F180.169.147.146%3A18081%2Fxingrg%2F&costTime=39×tamp=1592034574635 HTTP/1.1" 302 -
180.169.147.146 - - [05/Aug/2023:09:53:16 +0800] "GET /xingrg/login.html HTTP/1.1" 200 7641
222.65.220.241 - - [05/Aug/2023:09:53:16 +0800] "GET /xingrg/kc/buy/cgsh_order_operate.html?command=get_materiel&rest_code=00108&code=00101008300&supplier_code=00100007&order_time=2023-08-05 HTTP/1.1" 200 412
180.169.147.146 - - [05/Aug/2023:09:53:16 +0800] "GET /favicon.ico HTTP/1.1" 404 -
101.83.145.37 - - [05/Aug/2023:09:53:17 +0800] "GET /xingrg/kc/buy/cgsh_order_operate.html?command=get_materiel&rest_code=00105&code=00101006193&supplier_code=00100012&order_time=2023-08-05 HTTP/1.1" 200 409
180.152.241.196 - - [05/Aug/2023:09:53:18 +0800] "GET /xingrg/all/function/internal_message.html?_=1691200399019&CODE_STATE=getMsg HTTP/1.1" 200 27
116.238.191.126 - - [05/Aug/2023:09:53:18 +0800] "GET /xingrg/all/function/internal_message.html?_=1691200397094&CODE_STATE=getMsg HTTP/1.1" 200 27
114.85.113.108 - - [05/Aug/2023:09:53:19 +0800] "GET /xingrg/all/function/internal_message.html?_=1691200399312&CODE_STATE=getMsg HTTP/1.1" 200 27
101.83.145.37 - - [05/Aug/2023:09:53:20 +0800] "GET /xingrg/all/function/internal_message.html?_=1691200205233&CODE_STATE=getMsg HTTP/1.1" 200 27
180.169.147.146 - - [05/Aug/2023:09:53:20 +0800] "POST /xingrg/login.do HTTP/1.1" 302 -
180.169.147.146 - - [05/Aug/2023:09:53:20 +0800] "GET /xingrg/index.html?sysBaseUrl=http%3A%2F%2F180.169.147.146%3A18081%2Fxingrg%2F&costTime=2621×tamp=1691200400401 HTTP/1.1" 200 17503
180.169.147.146 - - [05/Aug/2023:09:53:20 +0800] "GET /favicon.ico HTTP/1.1" 404 -
222.70.180.200 - - [05/Aug/2023:09:53:20 +0800] "GET /xingrg/all/function/internal_message.html?_=1691200400930&CODE_STATE=getMsg HTTP/1.1" 200 27
180.169.147.146 - - [05/Aug/2023:09:53:21 +0800] "GET /xingrg/check_reg.html?_=1691200400951 HTTP/1.1" 200 22
180.169.147.146 - - [05/Aug/2023:09:53:21 +0800] "POST /xingrg/all/common/load_tree.html?tree=area_rest_tree_json&manage=1 HTTP/1.1" 200 3499
180.169.147.146 - - [05/Aug/2023:09:53:21 +0800] "GET /xingrg/all/function/internal_message.html?_=1691200400949&CODE_STATE=count HTTP/1.1" 200 11
180.169.147.146 - - [05/Aug/2023:09:53:21 +0800] "POST /xingrg/load_menu.html HTTP/1.1" 200 11564
180.169.147.146 - - [05/Aug/2023:09:53:22 +0800] "GET /xingrg/kc/report/report_main.html HTTP/1.1" 200 8599
180.169.147.146 - - [05/Aug/2023:09:53:23 +0800] "GET /xingrg/all/report/report_query.html?fileName=kc/buy/gys_amount_base_rest.xml HTTP/1.1" 200 51664
180.169.147.146 - - [05/Aug/2023:09:53:23 +0800] "GET /xingrg/dwr/interface/AjaxReportQueryService.js HTTP/1.1" 200 13203
180.169.147.146 - - [05/Aug/2023:09:53:23 +0800] "GET /xingrg/dwr/engine.js HTTP/1.1" 200 43631
180.169.147.146 - - [05/Aug/2023:09:53:23 +0800] "GET /xingrg/dwr/util.js HTTP/1.1" 200 35990
180.169.147.146 - - [05/Aug/2023:09:53:24 +0800] "POST /xingrg/dwr/call/plaincall/AjaxReportQueryService.getFixDate.dwr HTTP/1.1" 200 111
180.169.147.146 - - [05/Aug/2023:09:53:25 +0800] "POST /xingrg/all/common/load_tree.html?tree=area_rest_tree_json&manage=1 HTTP/1.1" 200 3499
180.169.147.146 - - [05/Aug/2023:09:53:26 +0800] "POST /xingrg/all/common/load_tree.html?tree=supplier_tree_json&manage=1 HTTP/1.1" 200 76714
120.253.135.82 - - [05/Aug/2023:09:53:26 +0800] "POST /xingrg/kc/pszx/mdps_list_operate.html HTTP/1.1" 200 660
124.78.70.128 - - [05/Aug/2023:09:53:26 +0800] "GET /xingrg/kc/buy/cgsh_order_operate.html?command=get_materiel&rest_code=00141&code=00101006065&supplier_code=00100012&order_time=2023-08-05 HTTP/1.1" 200 409
222.70.180.200 - - [05/Aug/2023:09:53:27 +0800] "GET /xingrg/all/function/internal_message.html?_=1691200406635&CODE_STATE=getMsg HTTP/1.1" 200 27
120.253.135.82 - - [05/Aug/2023:09:53:29 +0800] "GET /xingrg/kc/pszx/mdps_order_info.html?code=312023080300089 HTTP/1.1" 200 19636
120.253.135.82 - - [05/Aug/2023:09:53:29 +0800] "GET /xingrg/javascript/easyui/themes/default/validatebox.css HTTP/1.1" 404 1104
120.253.135.82 - - [05/Aug/2023:09:53:30 +0800] "POST /xingrg/kc/pszx/mdps_order_operate.html HTTP/1.1" 200 15303
180.152.241.196 - - [05/Aug/2023:09:53:33 +0800] "POST /xingrg/kc/buy/cgsh_order_operate.html HTTP/1.1" 200 37
218.81.64.222 - - [05/Aug/2023:09:53:33 +0800] "GET /xingrg/all/function/internal_message.html?_=1691200412488&CODE_STATE=getMsg HTTP/1.1" 200 27
218.81.64.222 - - [05/Aug/2023:09:53:33 +0800] "GET /xingrg/check_reg.html?_=1691200412490 HTTP/1.1" 200 22
101.83.145.37 - - [05/Aug/2023:09:53:35 +0800] "GET /xingrg/kc/buy/cgsh_order_operate.html?command=get_materiel&rest_code=00105&code=00101006177&supplier_code=00100012&order_time=2023-08-05 HTTP/1.1" 200 410
222.69.130.53 - - [05/Aug/2023:09:53:37 +0800] "GET /xingrg/all/function/internal_message.html?_=1691200416447&CODE_STATE=getMsg HTTP/1.1" 200 27
124.78.70.128 - - [05/Aug/2023:09:53:38 +0800] "GET /xingrg/kc/buy/cgsh_order_operate.html?command=get_materiel&rest_code=00141&code=00101006055&supplier_code=00100012&order_time=2023-08-05 HTTP/1.1" 200 409
222.65.220.241 - - [05/Aug/2023:09:53:42 +0800] "GET /xingrg/kc/buy/cgsh_order_operate.html?command=get_materiel&rest_code=00108&code=00101008209&supplier_code=00100007&order_time=2023-08-05 HTTP/1.1" 200 408
124.77.240.204 - - [05/Aug/2023:09:53:42 +0800] "GET /xingrg/all/function/internal_message.html?_=1691200423406&CODE_STATE=getMsg HTTP/1.1" 200 27
101.83.145.37 - - [05/Aug/2023:09:53:43 +0800] "GET /xingrg/all/function/internal_message.html?_=1691200423849&CODE_STATE=getMsg HTTP/1.1" 200 27
120.253.135.82 - - [05/Aug/2023:09:53:46 +0800] "POST /xingrg/kc/pszx/mdps_list_operate.html HTTP/1.1" 200 5923
222.65.220.241 - - [05/Aug/2023:09:53:46 +0800] "GET /xingrg/all/function/internal_message.html?_=1691200425604&CODE_STATE=getMsg HTTP/1.1" 200 27
120.253.135.82 - - [05/Aug/2023:09:53:48 +0800] "GET /xingrg/kc/report/report_main.html HTTP/1.1" 200 8599
124.78.70.128 - - [05/Aug/2023:09:53:49 +0800] "GET /xingrg/kc/buy/cgsh_order_operate.html?command=get_materiel&rest_code=00141&code=00101006111&supplier_code=00100012&order_time=2023-08-05 HTTP/1.1" 200 409
120.253.135.82 - - [05/Aug/2023:09:53:50 +0800] "GET /xingrg/kc/base/kc_stocks.html HTTP/1.1" 200 16506
120.253.135.82 - - [05/Aug/2023:09:53:50 +0800] "GET /xingrg/javascript/easyui/themes/sunny/easyui.css HTTP/1.1" 304 -
120.253.135.82 - - [05/Aug/2023:09:53:51 +0800] "GET /xingrg/javascript/easyui/plugins/jquery.draggable.js HTTP/1.1" 304 -
120.253.135.82 - - [05/Aug/2023:09:53:51 +0800] "GET /xingrg/javascript/easyui/plugins/jquery.droppable.js HTTP/1.1" 304 -
120.253.135.82 - - [05/Aug/2023:09:53:51 +0800] "GET /xingrg/javascript/easyui/themes/default/tree.css HTTP/1.1" 404 1090
120.253.135.82 - - [05/Aug/2023:09:53:51 +0800] "GET /xingrg/javascript/easyui/plugins/jquery.tree.js HTTP/1.1" 304 -
120.253.135.82 - - [05/Aug/2023:09:53:51 +0800] "POST /xingrg/all/common/load_tree.html?tree=materiel_sort_tree_json HTTP/1.1" 200 9500
120.253.135.82 - - [05/Aug/2023:09:53:52 +0800] "POST /xingrg/all/common/load_combo.html?type=base HTTP/1.1" 200 1169
222.65.220.241 - - [05/Aug/2023:09:53:56 +0800] "GET /xingrg/kc/buy/cgsh_order_operate.html?command=get_materiel&rest_code=00108&code=00101008333&supplier_code=00100007&order_time=2023-08-05 HTTP/1.1" 200 412
116.232.195.127 - - [05/Aug/2023:09:53:56 +0800] "GET /xingrg/all/function/internal_message.html?_=1691200370251&CODE_STATE=getMsg HTTP/1.1" 200 27
180.152.241.196 - - [05/Aug/2023:09:53:57 +0800] "POST /xingrg/kc/buy/cgsh_order_operate.html HTTP/1.1" 200 12
116.232.195.127 - - [05/Aug/2023:09:53:59 +0800] "GET /xingrg/all/function/internal_message.html?_=1691200372484&CODE_STATE=getMsg HTTP/1.1" 200 27
180.169.147.146 - - [05/Aug/2023:09:53:59 +0800] "POST /xingrg/dwr/call/plaincall/AjaxReportQueryService.refreshCache.dwr HTTP/1.1" 200 78
124.78.70.128 - - [05/Aug/2023:09:54:03 +0800] "GET /xingrg/kc/buy/cgsh_order_operate.html?command=get_materiel&rest_code=00141&code=00101006084&supplier_code=00100012&order_time=2023-08-05 HTTP/1.1" 200 413
222.65.220.241 - - [05/Aug/2023:09:54:03 +0800] "POST /xingrg/kc/buy/cgsh_order_operate.html HTTP/1.1" 200 2065
180.152.241.196 - - [05/Aug/2023:09:54:03 +0800] "GET /xingrg/kc/buy/cgsh_order_info.html?code=212023080501653 HTTP/1.1" 200 66669
120.253.135.82 - - [05/Aug/2023:09:54:03 +0800] "POST /xingrg/kc/base/stock_operate.html HTTP/1.1" 200 3810
120.253.135.82 - - [05/Aug/2023:09:54:03 +0800] "GET /xingrg/javascript/jquery_tools/fix_table.js HTTP/1.1" 304 -
180.152.241.196 - - [05/Aug/2023:09:54:03 +0800] "GET /xingrg/javascript/easyui/themes/default/validatebox.css HTTP/1.1" 404 1104
180.152.241.196 - - [05/Aug/2023:09:54:04 +0800] "POST /xingrg/kc/buy/cgsh_order_operate.html HTTP/1.1" 200 4163
116.238.191.126 - - [05/Aug/2023:09:54:05 +0800] "GET /xingrg/all/function/internal_message.html?_=1691200320253&CODE_STATE=getMsg HTTP/1.1" 200 27
101.83.145.37 - - [05/Aug/2023:09:54:06 +0800] "GET /xingrg/kc/buy/cgsh_order_operate.html?command=get_materiel&rest_code=00105&code=00101006317&supplier_code=00100012&order_time=2023-08-05 HTTP/1.1" 200 413
180.152.241.196 - - [05/Aug/2023:09:54:07 +0800] "GET /xingrg/kc/print/load_config.html?kc_code=cgsh HTTP/1.1" 200 1924
180.169.147.146 - - [05/Aug/2023:09:54:08 +0800] "POST /xingrg/all/report/load_report_page.html HTTP/1.1" 200 67510
180.169.147.146 - - [05/Aug/2023:09:54:08 +0800] "GET /xingrg/servlets/image?cache=0.21758141189370117&image=px HTTP/1.1" 200 807
180.152.241.196 - - [05/Aug/2023:09:54:08 +0800] "GET /xingrg/kc/print/load_data.html?order_code=212023080501653&kc_code=cgsh&condition= HTTP/1.1" 200 2015
222.65.220.241 - - [05/Aug/2023:09:54:09 +0800] "GET /xingrg/kc/buy/cgsh_order_operate.html?command=get_materiel&rest_code=00108&code=00101009062&supplier_code=00100007&order_time=2023-08-05 HTTP/1.1" 200 412
120.253.135.82 - - [05/Aug/2023:09:54:09 +0800] "POST /xingrg/kc/base/stock_operate.html HTTP/1.1" 200 1467
222.69.130.229 - - [05/Aug/2023:09:54:11 +0800] "GET /xingrg/all/function/internal_message.html?_=1691200583661&CODE_STATE=getMsg HTTP/1.1" 200 27
124.78.70.128 - - [05/Aug/2023:09:54:13 +0800] "GET /xingrg/all/function/internal_message.html?_=1691199918264&CODE_STATE=getMsg HTTP/1.1" 200 27
101.83.145.37 - - [05/Aug/2023:09:54:16 +0800] "GET /xingrg/kc/buy/cgsh_order_operate.html?command=get_materiel&rest_code=00105&code=00101006111&supplier_code=00100012&order_time=2023-08-05 HTTP/1.1" 200 409
180.152.241.196 - - [05/Aug/2023:09:54:18 +0800] "GET /xingrg/all/function/internal_message.html?_=1691200459005&CODE_STATE=getMsg HTTP/1.1" 200 27
116.238.191.126 - - [05/Aug/2023:09:54:18 +0800] "GET /xingrg/all/function/internal_message.html?_=1691200457095&CODE_STATE=getMsg HTTP/1.1" 200 27
116.238.191.126 - - [05/Aug/2023:09:54:18 +0800] "GET /xingrg/check_reg.html?_=1691200457103 HTTP/1.1" 200 22
114.85.113.108 - - [05/Aug/2023:09:54:19 +0800] "GET /xingrg/all/function/internal_message.html?_=1691200459296&CODE_STATE=getMsg HTTP/1.1" 200 27
101.83.145.37 - - [05/Aug/2023:09:54:20 +0800] "GET /xingrg/all/function/internal_message.html?_=1691200265231&CODE_STATE=getMsg HTTP/1.1" 200 27
180.152.241.196 - - [05/Aug/2023:09:54:20 +0800] "GET /xingrg/kc/buy/cgsh_order_add.html HTTP/1.1" 200 71772
180.152.241.196 - - [05/Aug/2023:09:54:20 +0800] "POST /xingrg/kc/buy/cgsh_order_operate.html HTTP/1.1" 200 8245
180.152.241.196 - - [05/Aug/2023:09:54:20 +0800] "GET /xingrg/javascript/easyui/themes/default/validatebox.css HTTP/1.1" 404 1104
222.70.180.200 - - [05/Aug/2023:09:54:20 +0800] "GET /xingrg/all/function/internal_message.html?_=1691200460925&CODE_STATE=getMsg HTTP/1.1" 200 27
180.169.147.146 - - [05/Aug/2023:09:54:21 +0800] "GET /xingrg/all/function/internal_message.html?_=1691200460965&CODE_STATE=getMsg HTTP/1.1" 200 27
180.163.29.103 - - [05/Aug/2023:09:54:21 +0800] "GET /xingrg/check_reg.html?_=1691200400951 HTTP/1.1" 302 -
180.163.29.103 - - [05/Aug/2023:09:54:21 +0800] "GET /xingrg/login.html HTTP/1.1" 200 7641
124.78.70.128 - - [05/Aug/2023:09:54:21 +0800] "POST /xingrg/kc/buy/cgsh_order_operate.html HTTP/1.1" 200 37
180.152.241.196 - - [05/Aug/2023:09:54:27 +0800] "GET /xingrg/javascript/easyui/themes/default/tree.css HTTP/1.1" 404 1090
222.70.180.200 - - [05/Aug/2023:09:54:27 +0800] "GET /xingrg/all/function/internal_message.html?_=1691200466639&CODE_STATE=getMsg HTTP/1.1" 200 27
180.152.241.196 - - [05/Aug/2023:09:54:28 +0800] "POST /xingrg/all/common/load_tree.html?tree=supplier_tree_json&isDelete=1 HTTP/1.1" 200 74546
180.152.241.196 - - [05/Aug/2023:09:54:29 +0800] "GET /xingrg/javascript/easyui/themes/default/images/tree_arrows.gif HTTP/1.1" 200 617
180.152.241.196 - - [05/Aug/2023:09:54:29 +0800] "GET /xingrg/javascript/easyui/themes/default/images/tree_folder.gif HTTP/1.1" 200 952
180.152.241.196 - - [05/Aug/2023:09:54:29 +0800] "GET /xingrg/javascript/easyui/themes/default/images/tree_folder_open.gif HTTP/1.1" 200 956
180.152.241.196 - - [05/Aug/2023:09:54:29 +0800] "GET /xingrg/javascript/easyui/themes/default/images/tree_file.gif HTTP/1.1" 200 118
101.83.145.37 - - [05/Aug/2023:09:54:30 +0800] "POST /xingrg/kc/buy/cgsh_order_operate.html HTTP/1.1" 200 37
222.65.220.241 - - [05/Aug/2023:09:54:33 +0800] "GET /xingrg/kc/buy/cgsh_order_operate.html?command=get_materiel&rest_code=00108&code=00101009006&supplier_code=00100007&order_time=2023-08-05 HTTP/1.1" 200 409
218.81.64.222 - - [05/Aug/2023:09:54:33 +0800] "GET /xingrg/all/function/internal_message.html?_=1691200472489&CODE_STATE=getMsg HTTP/1.1" 200 27
222.65.220.241 - - [05/Aug/2023:09:54:36 +0800] "GET /xingrg/javascript/jquery_easy_ui/themes/icons/rest.png HTTP/1.1" 200 695
222.65.220.241 - - [05/Aug/2023:09:54:36 +0800] "GET /xingrg/javascript/jquery_easy_ui/themes/icons/area.png HTTP/1.1" 200 262
222.69.130.53 - - [05/Aug/2023:09:54:37 +0800] "GET /xingrg/all/function/internal_message.html?_=1691200476420&CODE_STATE=getMsg HTTP/1.1" 200 27
124.78.70.128 - - [05/Aug/2023:09:54:40 +0800] "POST /xingrg/kc/buy/cgsh_order_operate.html HTTP/1.1" 200 12
101.83.145.37 - - [05/Aug/2023:09:54:41 +0800] "POST /xingrg/kc/buy/cgsh_order_operate.html HTTP/1.1" 200 5017
124.77.240.204 - - [05/Aug/2023:09:54:43 +0800] "GET /xingrg/all/function/internal_message.html?_=1691200483627&CODE_STATE=getMsg HTTP/1.1" 200 27
101.83.145.37 - - [05/Aug/2023:09:54:43 +0800] "GET /xingrg/all/function/internal_message.html?_=1691200483854&CODE_STATE=getMsg HTTP/1.1" 200 27
124.78.70.128 - - [05/Aug/2023:09:54:45 +0800] "GET /xingrg/kc/buy/cgsh_order_info.html?code=212023080501654 HTTP/1.1" 200 66646
124.78.70.128 - - [05/Aug/2023:09:54:45 +0800] "GET /xingrg/javascript/easyui/themes/default/validatebox.css HTTP/1.1" 404 1104
222.65.220.241 - - [05/Aug/2023:09:54:46 +0800] "GET /xingrg/all/function/internal_message.html?_=1691200485605&CODE_STATE=getMsg HTTP/1.1" 200 27
116.232.195.127 - - [05/Aug/2023:09:54:56 +0800] "GET /xingrg/all/function/internal_message.html?_=1691200430254&CODE_STATE=getMsg HTTP/1.1" 200 27
124.78.70.128 - - [05/Aug/2023:09:54:58 +0800] "POST /xingrg/kc/buy/cgsh_order_operate.html HTTP/1.1" 200 15
116.232.195.127 - - [05/Aug/2023:09:54:59 +0800] "GET /xingrg/all/function/internal_message.html?_=1691200432471&CODE_STATE=getMsg HTTP/1.1" 200 27
124.78.70.128 - - [05/Aug/2023:09:55:01 +0800] "GET /xingrg/kc/print/load_config.html?kc_code=cgsh HTTP/1.1" 200 1924
222.65.220.241 - - [05/Aug/2023:09:55:02 +0800] "POST /xingrg/kc/buy/cgsh_order_operate.html HTTP/1.1" 200 37
116.238.191.126 - - [05/Aug/2023:09:55:05 +0800] "GET /xingrg/all/function/internal_message.html?_=1691200380267&CODE_STATE=getMsg HTTP/1.1" 200 27
222.65.220.241 - - [05/Aug/2023:09:55:07 +0800] "POST /xingrg/kc/buy/cgsh_order_operate.html HTTP/1.1" 200 33980
101.83.145.37 - - [05/Aug/2023:09:55:07 +0800] "GET /xingrg/kc/print/load_data.html?order_code=212023080501655&kc_code=cgsh&condition= HTTP/1.1" 200 2278
124.78.70.128 - - [05/Aug/2023:09:55:09 +0800] "GET /xingrg/kc/print/load_data.html?order_code=212023080501654&kc_code=cgsh&condition= HTTP/1.1" 200 1695
222.69.130.229 - - [05/Aug/2023:09:55:11 +0800] "GET /xingrg/all/function/internal_message.html?_=1691200643650&CODE_STATE=getMsg HTTP/1.1" 200 27
180.152.241.196 - - [05/Aug/2023:09:55:11 +0800] "GET /xingrg/kc/buy/cgsh_order_operate.html?command=get_materiel&rest_code=00102&code=00101001075&supplier_code=00100400&order_time=2023-08-05 HTTP/1.1" 200 23
124.78.70.128 - - [05/Aug/2023:09:55:13 +0800] "GET /xingrg/all/function/internal_message.html?_=1691199978245&CODE_STATE=getMsg HTTP/1.1" 200 27
116.238.191.126 - - [05/Aug/2023:09:55:18 +0800] "GET /xingrg/all/function/internal_message.html?_=1691200517105&CODE_STATE=getMsg HTTP/1.1" 200 27
101.83.145.37 - - [05/Aug/2023:09:55:18 +0800] "GET /xingrg/index.html?sysBaseUrl=http%3A%2F%2F180.169.147.146%3A18081%2Fxingrg%2F&costTime=36×tamp=1585223203754 HTTP/1.1" 302 -
101.83.145.37 - - [05/Aug/2023:09:55:19 +0800] "GET /xingrg/login.html HTTP/1.1" 200 7641
101.83.145.37 - - [05/Aug/2023:09:55:19 +0800] "GET /favicon.ico HTTP/1.1" 404 -
114.85.113.108 - - [05/Aug/2023:09:55:19 +0800] "GET /xingrg/all/function/internal_message.html?_=1691200519280&CODE_STATE=getMsg HTTP/1.1" 200 27
222.65.220.241 - - [05/Aug/2023:09:55:20 +0800] "GET /xingrg/kc/buy/cgsh_order_operate.html?command=get_materiel&rest_code=00108&code=00101009078&supplier_code=00100007&order_time=2023-08-05 HTTP/1.1" 200 408
101.83.145.37 - - [05/Aug/2023:09:55:20 +0800] "GET /xingrg/all/function/internal_message.html?_=1691200325230&CODE_STATE=getMsg HTTP/1.1" 200 27
222.70.180.200 - - [05/Aug/2023:09:55:20 +0800] "GET /xingrg/check_reg.html?_=1691200520924 HTTP/1.1" 200 22
222.70.180.200 - - [05/Aug/2023:09:55:20 +0800] "GET /xingrg/all/function/internal_message.html?_=1691200520926&CODE_STATE=getMsg HTTP/1.1" 200 27
180.169.147.146 - - [05/Aug/2023:09:55:21 +0800] "GET /xingrg/all/function/internal_message.html?_=1691200520971&CODE_STATE=getMsg HTTP/1.1" 200 27
124.78.70.128 - - [05/Aug/2023:09:55:24 +0800] "GET /xingrg/kc/buy/cgsh_order_add.html HTTP/1.1" 200 71737
124.78.70.128 - - [05/Aug/2023:09:55:24 +0800] "GET /xingrg/javascript/easyui/themes/default/validatebox.css HTTP/1.1" 404 1104
124.78.70.128 - - [05/Aug/2023:09:55:24 +0800] "POST /xingrg/kc/buy/cgsh_order_operate.html HTTP/1.1" 200 8245
222.70.180.200 - - [05/Aug/2023:09:55:27 +0800] "GET /xingrg/all/function/internal_message.html?_=1691200526630&CODE_STATE=getMsg HTTP/1.1" 200 27
101.83.145.37 - - [05/Aug/2023:09:55:27 +0800] "POST /xingrg/login.do HTTP/1.1" 200 2421
101.83.145.37 - - [05/Aug/2023:09:55:28 +0800] "GET /favicon.ico HTTP/1.1" 404 -
101.83.145.37 - - [05/Aug/2023:09:55:29 +0800] "GET /xingrg/login.html HTTP/1.1" 200 7641
101.83.145.37 - - [05/Aug/2023:09:55:29 +0800] "GET /favicon.ico HTTP/1.1" 404 -
180.169.147.146 - - [05/Aug/2023:09:55:31 +0800] "POST /xingrg/all/report/report_print.html HTTP/1.1" 200 8192
101.83.145.37 - - [05/Aug/2023:09:55:32 +0800] "POST /xingrg/login.do HTTP/1.1" 302 -
101.83.145.37 - - [05/Aug/2023:09:55:33 +0800] "GET /xingrg/index.html?sysBaseUrl=http%3A%2F%2F180.169.147.146%3A18081%2Fxingrg%2F&costTime=2775×tamp=1691200532865 HTTP/1.1" 200 17173
101.83.145.37 - - [05/Aug/2023:09:55:33 +0800] "GET /favicon.ico HTTP/1.1" 404 -
101.83.145.37 - - [05/Aug/2023:09:55:33 +0800] "GET /xingrg/all/function/internal_message.html?_=1691200533234&CODE_STATE=count HTTP/1.1" 200 11
101.83.145.37 - - [05/Aug/2023:09:55:33 +0800] "GET /xingrg/check_reg.html?_=1691200533235 HTTP/1.1" 200 22
101.83.145.37 - - [05/Aug/2023:09:55:33 +0800] "POST /xingrg/all/common/load_tree.html?tree=area_rest_tree_json&manage=1 HTTP/1.1" 200 3499
101.83.145.37 - - [05/Aug/2023:09:55:33 +0800] "POST /xingrg/load_menu.html HTTP/1.1" 200 5138
218.81.64.222 - - [05/Aug/2023:09:55:33 +0800] "GET /xingrg/all/function/internal_message.html?_=1691200532489&CODE_STATE=getMsg HTTP/1.1" 200 27
124.77.240.204 - - [05/Aug/2023:09:55:36 +0800] "POST /xingrg/services/DataTransmitService HTTP/1.1" 200 501
222.69.130.53 - - [05/Aug/2023:09:55:37 +0800] "GET /xingrg/all/function/internal_message.html?_=1691200536406&CODE_STATE=getMsg HTTP/1.1" 200 27
124.78.70.128 - - [05/Aug/2023:09:55:37 +0800] "GET /xingrg/kc/buy/cgsh_order_operate.html?command=get_materiel&rest_code=00141&code=00101007061&supplier_code=00100004&order_time=2023-08-05 HTTP/1.1" 200 409
101.83.145.37 - - [05/Aug/2023:09:55:38 +0800] "GET /xingrg/kc/buy/cgsh_order_list.html HTTP/1.1" 200 55955
222.65.220.241 - - [05/Aug/2023:09:55:38 +0800] "GET /xingrg/kc/buy/cgsh_order_operate.html?command=get_materiel&rest_code=00108&code=00101008350&supplier_code=00100007&order_time=2023-08-05 HTTP/1.1" 200 408
124.77.240.204 - - [05/Aug/2023:09:55:43 +0800] "GET /xingrg/all/function/internal_message.html?_=1691200543635&CODE_STATE=getMsg HTTP/1.1" 200 27
101.83.145.37 - - [05/Aug/2023:09:55:45 +0800] "POST /xingrg/kc/buy/cgsh_list_operate.html HTTP/1.1" 200 3526
222.65.220.241 - - [05/Aug/2023:09:55:46 +0800] "GET /xingrg/all/function/internal_message.html?_=1691200545619&CODE_STATE=getMsg HTTP/1.1" 200 27
222.65.220.241 - - [05/Aug/2023:09:55:52 +0800] "GET /xingrg/kc/buy/cgsh_order_operate.html?command=get_materiel&rest_code=00108&code=00101008036&supplier_code=00100007&order_time=2023-08-05 HTTP/1.1" 200 408
116.232.195.127 - - [05/Aug/2023:09:55:56 +0800] "GET /xingrg/all/function/internal_message.html?_=1691200490252&CODE_STATE=getMsg HTTP/1.1" 200 27
116.232.195.127 - - [05/Aug/2023:09:55:59 +0800] "GET /xingrg/all/function/internal_message.html?_=1691200492488&CODE_STATE=getMsg HTTP/1.1" 200 27
116.232.195.127 - - [05/Aug/2023:09:55:59 +0800] "GET /xingrg/check_reg.html?_=1691200492490 HTTP/1.1" 200 22
101.83.145.37 - - [05/Aug/2023:09:56:01 +0800] "POST /xingrg/kc/buy/cgsh_list_operate.html HTTP/1.1" 200 488
101.83.145.37 - - [05/Aug/2023:09:56:04 +0800] "GET /xingrg/kc/buy/cgsh_order_info.html?code=212023080501655 HTTP/1.1" 200 71828
101.83.145.37 - - [05/Aug/2023:09:56:05 +0800] "GET /xingrg/javascript/easyui/themes/default/validatebox.css HTTP/1.1" 404 1104
101.83.145.37 - - [05/Aug/2023:09:56:05 +0800] "GET /xingrg/all/common/auto_word.html?type=employee&rest_code=00105 HTTP/1.1" 200 193
101.83.145.37 - - [05/Aug/2023:09:56:05 +0800] "GET /xingrg/all/common/auto_word.html?type=employee&rest_code=00105 HTTP/1.1" 200 193
116.238.191.126 - - [05/Aug/2023:09:56:05 +0800] "GET /xingrg/all/function/internal_message.html?_=1691200440327&CODE_STATE=getMsg HTTP/1.1" 200 27
222.65.220.241 - - [05/Aug/2023:09:56:11 +0800] "POST /xingrg/kc/buy/cgsh_order_operate.html HTTP/1.1" 200 37
222.69.130.229 - - [05/Aug/2023:09:56:11 +0800] "GET /xingrg/all/function/internal_message.html?_=1691200703646&CODE_STATE=getMsg HTTP/1.1" 200 27
180.152.241.196 - - [05/Aug/2023:09:56:11 +0800] "GET /xingrg/login.html HTTP/1.1" 200 7641
180.152.241.196 - - [05/Aug/2023:09:56:11 +0800] "GET /favicon.ico HTTP/1.1" 404 -
101.83.145.37 - - [05/Aug/2023:09:56:12 +0800] "POST /xingrg/kc/buy/cgsh_order_operate.html HTTP/1.1" 200 7973
124.78.70.128 - - [05/Aug/2023:09:56:13 +0800] "GET /xingrg/all/function/internal_message.html?_=1691200038242&CODE_STATE=getMsg HTTP/1.1" 200 27
222.65.220.241 - - [05/Aug/2023:09:56:14 +0800] "POST /xingrg/kc/buy/cgsh_order_operate.html HTTP/1.1" 200 36337
180.152.241.196 - - [05/Aug/2023:09:56:15 +0800] "POST /xingrg/login.do HTTP/1.1" 302 -
180.152.241.196 - - [05/Aug/2023:09:56:15 +0800] "GET /xingrg/index.html?sysBaseUrl=http%3A%2F%2F180.169.147.146%3A18081%2Fxingrg%2F&costTime=1513×tamp=1691200575139 HTTP/1.1" 200 17173
180.152.241.196 - - [05/Aug/2023:09:56:15 +0800] "GET /favicon.ico HTTP/1.1" 404 -
180.152.241.196 - - [05/Aug/2023:09:56:15 +0800] "GET /xingrg/all/function/internal_message.html?_=1691200576463&CODE_STATE=count HTTP/1.1" 200 11
180.152.241.196 - - [05/Aug/2023:09:56:15 +0800] "GET /xingrg/check_reg.html?_=1691200576465 HTTP/1.1" 200 22
180.152.241.196 - - [05/Aug/2023:09:56:15 +0800] "POST /xingrg/all/common/load_tree.html?tree=area_rest_tree_json&manage=1 HTTP/1.1" 200 342
180.152.241.196 - - [05/Aug/2023:09:56:15 +0800] "POST /xingrg/load_menu.html HTTP/1.1" 200 5138
101.83.145.37 - - [05/Aug/2023:09:56:15 +0800] "GET /xingrg/kc/print/load_config.html?kc_code=cgsh HTTP/1.1" 200 1924
101.83.145.37 - - [05/Aug/2023:09:56:16 +0800] "GET /xingrg/kc/print/load_data.html?order_code=212023080501655&kc_code=cgsh&condition= HTTP/1.1" 200 1652
116.238.191.126 - - [05/Aug/2023:09:56:18 +0800] "GET /xingrg/all/function/internal_message.html?_=1691200577107&CODE_STATE=getMsg HTTP/1.1" 200 27
180.152.241.196 - - [05/Aug/2023:09:56:19 +0800] "GET /xingrg/kc/buy/cgsh_order_list.html HTTP/1.1" 200 55955
114.85.113.108 - - [05/Aug/2023:09:56:19 +0800] "GET /xingrg/all/function/internal_message.html?_=1691200579256&CODE_STATE=getMsg HTTP/1.1" 200 27
101.83.145.37 - - [05/Aug/2023:09:56:20 +0800] "GET /xingrg/all/function/internal_message.html?_=1691200385229&CODE_STATE=getMsg HTTP/1.1" 200 27
222.70.180.200 - - [05/Aug/2023:09:56:20 +0800] "GET /xingrg/all/function/internal_message.html?_=1691200580927&CODE_STATE=getMsg HTTP/1.1" 200 27
180.169.147.146 - - [05/Aug/2023:09:56:21 +0800] "GET /xingrg/all/function/internal_message.html?_=1691200580986&CODE_STATE=getMsg HTTP/1.1" 200 27
222.65.220.241 - - [05/Aug/2023:09:56:21 +0800] "GET /xingrg/kc/print/load_config.html?kc_code=cgsh HTTP/1.1" 200 1924
222.65.220.241 - - [05/Aug/2023:09:56:23 +0800] "GET /xingrg/kc/print/load_data.html?order_code=212023080501652&kc_code=cgsh&condition= HTTP/1.1" 200 13444
180.152.241.196 - - [05/Aug/2023:09:56:23 +0800] "POST /xingrg/kc/buy/cgsh_list_operate.html HTTP/1.1" 200 986
180.152.241.196 - - [05/Aug/2023:09:56:25 +0800] "GET /xingrg/kc/buy/cgsh_order_add.html HTTP/1.1" 200 71772
180.152.241.196 - - [05/Aug/2023:09:56:25 +0800] "POST /xingrg/kc/buy/cgsh_order_operate.html HTTP/1.1" 200 8245
180.152.241.196 - - [05/Aug/2023:09:56:25 +0800] "GET /xingrg/javascript/easyui/themes/default/validatebox.css HTTP/1.1" 404 1104
180.152.241.196 - - [05/Aug/2023:09:56:25 +0800] "GET /xingrg/all/common/auto_word.html?type=employee&rest_code=00102 HTTP/1.1" 200 189
180.152.241.196 - - [05/Aug/2023:09:56:25 +0800] "GET /xingrg/all/common/auto_word.html?type=employee&rest_code=00102 HTTP/1.1" 200 189
180.152.241.196 - - [05/Aug/2023:09:56:27 +0800] "GET /xingrg/javascript/easyui/themes/default/tree.css HTTP/1.1" 404 1090
222.70.180.200 - - [05/Aug/2023:09:56:27 +0800] "GET /xingrg/all/function/internal_message.html?_=1691200586630&CODE_STATE=getMsg HTTP/1.1" 200 27
180.152.241.196 - - [05/Aug/2023:09:56:28 +0800] "POST /xingrg/all/common/load_tree.html?tree=supplier_tree_json&isDelete=1 HTTP/1.1" 200 74546
114.85.113.108 - - [05/Aug/2023:09:56:32 +0800] "GET /xingrg/check_reg.html?_=1691200591558 HTTP/1.1" 200 22
101.83.145.37 - - [05/Aug/2023:09:56:33 +0800] "GET /xingrg/all/function/internal_message.html?_=1691200593247&CODE_STATE=getMsg HTTP/1.1" 200 27
218.81.64.222 - - [05/Aug/2023:09:56:33 +0800] "GET /xingrg/all/function/internal_message.html?_=1691200592490&CODE_STATE=getMsg HTTP/1.1" 200 27
222.69.130.53 - - [05/Aug/2023:09:56:35 +0800] "GET /xingrg/check_reg.html?_=1691200594785 HTTP/1.1" 200 22
222.69.130.53 - - [05/Aug/2023:09:56:37 +0800] "GET /xingrg/all/function/internal_message.html?_=1691200596379&CODE_STATE=getMsg HTTP/1.1" 200 27
180.152.241.196 - - [05/Aug/2023:09:56:38 +0800] "GET /xingrg/javascript/auto/indicator.gif HTTP/1.1" 404 1066
124.77.240.204 - - [05/Aug/2023:09:56:41 +0800] "GET /xingrg/check_reg.html?_=1691200601764 HTTP/1.1" 200 22
222.65.220.241 - - [05/Aug/2023:09:56:41 +0800] "GET /xingrg/kc/buy/cgsh_order_add.html HTTP/1.1" 200 71829
222.65.220.241 - - [05/Aug/2023:09:56:42 +0800] "POST /xingrg/kc/buy/cgsh_order_operate.html HTTP/1.1" 200 8245
222.65.220.241 - - [05/Aug/2023:09:56:42 +0800] "GET /xingrg/javascript/easyui/themes/default/validatebox.css HTTP/1.1" 404 1104
124.77.240.204 - - [05/Aug/2023:09:56:43 +0800] "GET /xingrg/all/function/internal_message.html?_=1691200603650&CODE_STATE=getMsg HTTP/1.1" 200 27
222.65.220.241 - - [05/Aug/2023:09:56:46 +0800] "GET /xingrg/check_reg.html?_=1691200605601 HTTP/1.1" 200 22
222.65.220.241 - - [05/Aug/2023:09:56:46 +0800] "GET /xingrg/all/function/internal_message.html?_=1691200605605&CODE_STATE=getMsg HTTP/1.1" 200 27
180.152.241.196 - - [05/Aug/2023:09:56:46 +0800] "GET /xingrg/kc/buy/cgsh_order_operate.html?command=get_materiel&rest_code=00102&code=00101001075&supplier_code=00100400&order_time=2023-08-05 HTTP/1.1" 200 409
116.232.195.127 - - [05/Aug/2023:09:56:56 +0800] "GET /xingrg/all/function/internal_message.html?_=1691200550257&CODE_STATE=getMsg HTTP/1.1" 200 27
116.232.195.127 - - [05/Aug/2023:09:56:56 +0800] "GET /xingrg/check_reg.html?_=1691200550260 HTTP/1.1" 200 22
116.232.195.127 - - [05/Aug/2023:09:56:59 +0800] "GET /xingrg/all/function/internal_message.html?_=1691200552482&CODE_STATE=getMsg HTTP/1.1" 200 27
180.152.241.196 - - [05/Aug/2023:09:56:59 +0800] "GET /xingrg/kc/buy/cgsh_order_operate.html?command=get_materiel&rest_code=00102&code=00101010161&supplier_code=00100400&order_time=2023-08-05 HTTP/1.1" 200 409
124.78.70.128 - - [05/Aug/2023:09:57:01 +0800] "GET /xingrg/kc/buy/cgsh_order_operate.html?command=get_materiel&rest_code=00141&code=00101007125&supplier_code=00100004&order_time=2023-08-05 HTTP/1.1" 200 406
116.238.191.126 - - [05/Aug/2023:09:57:05 +0800] "GET /xingrg/all/function/internal_message.html?_=1691200500341&CODE_STATE=getMsg HTTP/1.1" 200 27
222.69.130.229 - - [05/Aug/2023:09:57:11 +0800] "GET /xingrg/all/function/internal_message.html?_=1691200763652&CODE_STATE=getMsg HTTP/1.1" 200 27
124.78.70.128 - - [05/Aug/2023:09:57:13 +0800] "GET /xingrg/all/function/internal_message.html?_=1691200098239&CODE_STATE=getMsg HTTP/1.1" 200 27
124.78.70.128 - - [05/Aug/2023:09:57:13 +0800] "GET /xingrg/check_reg.html?_=1691200098238 HTTP/1.1" 200 22
180.152.241.196 - - [05/Aug/2023:09:57:15 +0800] "GET /xingrg/all/function/internal_message.html?_=1691200636471&CODE_STATE=getMsg HTTP/1.1" 200 27
180.152.241.196 - - [05/Aug/2023:09:57:15 +0800] "GET /xingrg/kc/buy/cgsh_order_operate.html?command=get_materiel&rest_code=00102&code=00101001069&supplier_code=00100400&order_time=2023-08-05 HTTP/1.1" 200 409
116.238.191.126 - - [05/Aug/2023:09:57:18 +0800] "GET /xingrg/all/function/internal_message.html?_=1691200637099&CODE_STATE=getMsg HTTP/1.1" 200 27
114.85.113.108 - - [05/Aug/2023:09:57:19 +0800] "GET /xingrg/all/function/internal_message.html?_=1691200639246&CODE_STATE=getMsg HTTP/1.1" 200 27
101.83.145.37 - - [05/Aug/2023:09:57:20 +0800] "GET /xingrg/all/function/internal_message.html?_=1691200445228&CODE_STATE=getMsg HTTP/1.1" 200 27
101.83.145.37 - - [05/Aug/2023:09:57:20 +0800] "GET /xingrg/check_reg.html?_=1691200445229 HTTP/1.1" 200 22
124.78.70.128 - - [05/Aug/2023:09:57:20 +0800] "GET /xingrg/kc/buy/cgsh_order_operate.html?command=get_materiel&rest_code=00141&code=00101007060&supplier_code=00100004&order_time=2023-08-05 HTTP/1.1" 200 409
222.70.180.200 - - [05/Aug/2023:09:57:20 +0800] "GET /xingrg/all/function/internal_message.html?_=1691200640920&CODE_STATE=getMsg HTTP/1.1" 200 27
180.169.147.146 - - [05/Aug/2023:09:57:21 +0800] "GET /xingrg/all/function/internal_message.html?_=1691200640967&CODE_STATE=getMsg HTTP/1.1" 200 27
180.152.241.196 - - [05/Aug/2023:09:57:24 +0800] "GET /xingrg/kc/buy/cgsh_order_operate.html?command=get_materiel&rest_code=00102&code=00101002027&supplier_code=00100400&order_time=2023-08-05 HTTP/1.1" 200 413
222.70.180.200 - - [05/Aug/2023:09:57:27 +0800] "GET /xingrg/all/function/internal_message.html?_=1691200646638&CODE_STATE=getMsg HTTP/1.1" 200 27
222.70.180.200 - - [05/Aug/2023:09:57:27 +0800] "GET /xingrg/check_reg.html?_=1691200646641 HTTP/1.1" 200 22
124.78.70.128 - - [05/Aug/2023:09:57:31 +0800] "GET /xingrg/kc/buy/cgsh_order_operate.html?command=get_materiel&rest_code=00141&code=00101007027&supplier_code=00100004&order_time=2023-08-05 HTTP/1.1" 200 427
101.83.145.37 - - [05/Aug/2023:09:57:33 +0800] "GET /xingrg/all/function/internal_message.html?_=1691200653245&CODE_STATE=getMsg HTTP/1.1" 200 27
218.81.64.222 - - [05/Aug/2023:09:57:33 +0800] "GET /xingrg/all/function/internal_message.html?_=1691200652489&CODE_STATE=getMsg HTTP/1.1" 200 27
222.69.130.53 - - [05/Aug/2023:09:57:36 +0800] "GET /xingrg/all/function/internal_message.html?_=1691200656353&CODE_STATE=getMsg HTTP/1.1" 200 27
180.152.241.196 - - [05/Aug/2023:09:57:39 +0800] "GET /xingrg/kc/buy/cgsh_order_operate.html?command=get_materiel&rest_code=00102&code=00101002022&supplier_code=00100400&order_time=2023-08-05 HTTP/1.1" 200 410
124.77.240.204 - - [05/Aug/2023:09:57:43 +0800] "GET /xingrg/all/function/internal_message.html?_=1691200663663&CODE_STATE=getMsg HTTP/1.1" 200 27
222.65.220.241 - - [05/Aug/2023:09:57:46 +0800] "GET /xingrg/all/function/internal_message.html?_=1691200665615&CODE_STATE=getMsg HTTP/1.1" 200 27
180.152.241.196 - - [05/Aug/2023:09:57:50 +0800] "POST /xingrg/kc/buy/cgsh_order_operate.html HTTP/1.1" 200 37
116.232.195.127 - - [05/Aug/2023:09:57:56 +0800] "GET /xingrg/all/function/internal_message.html?_=1691200610254&CODE_STATE=getMsg HTTP/1.1" 200 27
116.232.195.127 - - [05/Aug/2023:09:57:59 +0800] "GET /xingrg/all/function/internal_message.html?_=1691200612483&CODE_STATE=getMsg HTTP/1.1" 200 27
180.152.241.196 - - [05/Aug/2023:09:58:01 +0800] "POST /xingrg/kc/buy/cgsh_order_operate.html HTTP/1.1" 200 12
180.152.241.196 - - [05/Aug/2023:09:58:05 +0800] "GET /xingrg/kc/buy/cgsh_order_info.html?code=212023080501656 HTTP/1.1" 200 66677
116.238.191.126 - - [05/Aug/2023:09:58:05 +0800] "GET /xingrg/check_reg.html?_=1691200560167 HTTP/1.1" 200 22
180.152.241.196 - - [05/Aug/2023:09:58:05 +0800] "GET /xingrg/javascript/easyui/themes/default/validatebox.css HTTP/1.1" 404 1104
116.238.191.126 - - [05/Aug/2023:09:58:05 +0800] "GET /xingrg/all/function/internal_message.html?_=1691200560355&CODE_STATE=getMsg HTTP/1.1" 200 27
180.152.241.196 - - [05/Aug/2023:09:58:06 +0800] "POST /xingrg/kc/buy/cgsh_order_operate.html HTTP/1.1" 200 2969
180.152.241.196 - - [05/Aug/2023:09:58:08 +0800] "GET /xingrg/kc/print/load_config.html?kc_code=cgsh HTTP/1.1" 200 1924
222.69.130.229 - - [05/Aug/2023:09:58:09 +0800] "GET /xingrg/kc/base/wldb_order_list.html HTTP/1.1" 200 19221
180.152.241.196 - - [05/Aug/2023:09:58:09 +0800] "GET /xingrg/kc/print/load_data.html?order_code=212023080501656&kc_code=cgsh&condition= HTTP/1.1" 200 1579
222.69.130.229 - - [05/Aug/2023:09:58:10 +0800] "POST /xingrg/kc/base/wldb_list_operate.html HTTP/1.1" 200 928
222.69.130.229 - - [05/Aug/2023:09:58:11 +0800] "GET /xingrg/check_reg.html?_=1691200823650 HTTP/1.1" 200 22
222.69.130.229 - - [05/Aug/2023:09:58:11 +0800] "GET /xingrg/all/function/internal_message.html?_=1691200823652&CODE_STATE=getMsg HTTP/1.1" 200 27
222.69.130.229 - - [05/Aug/2023:09:58:12 +0800] "GET /xingrg/kc/base/wldb_order_add.html HTTP/1.1" 200 30504
222.69.130.229 - - [05/Aug/2023:09:58:12 +0800] "GET /xingrg/words/20230804124847_words.js HTTP/1.1" 304 -
222.69.130.229 - - [05/Aug/2023:09:58:12 +0800] "POST /xingrg/kc/base/wldb_order_operate.html HTTP/1.1" 200 6806
222.69.130.229 - - [05/Aug/2023:09:58:12 +0800] "GET /xingrg/all/common/auto_word.html?type=base&rest_code=00154 HTTP/1.1" 200 831
222.69.130.229 - - [05/Aug/2023:09:58:12 +0800] "GET /xingrg/javascript/easyui/themes/default/validatebox.css HTTP/1.1" 404 1104
222.69.130.229 - - [05/Aug/2023:09:58:12 +0800] "GET /xingrg/all/common/auto_word.html?type=base&rest_code=00154 HTTP/1.1" 200 831
124.78.70.128 - - [05/Aug/2023:09:58:13 +0800] "GET /xingrg/all/function/internal_message.html?_=1691200158257&CODE_STATE=getMsg HTTP/1.1" 200 27
120.253.135.82 - - [05/Aug/2023:09:58:13 +0800] "GET /xingrg/check_reg.html?_=1691200514006 HTTP/1.1" 200 22
180.152.241.196 - - [05/Aug/2023:09:58:15 +0800] "GET /xingrg/all/function/internal_message.html?_=1691200696482&CODE_STATE=getMsg HTTP/1.1" 200 27
222.69.130.229 - - [05/Aug/2023:09:58:16 +0800] "POST /xingrg/all/common/load_combo.html?type=base HTTP/1.1" 200 1491
180.152.241.196 - - [05/Aug/2023:09:58:16 +0800] "GET /xingrg/kc/buy/cgsh_order_add.html HTTP/1.1" 200 71772
180.152.241.196 - - [05/Aug/2023:09:58:16 +0800] "POST /xingrg/kc/buy/cgsh_order_operate.html HTTP/1.1" 200 8245
180.152.241.196 - - [05/Aug/2023:09:58:16 +0800] "GET /xingrg/javascript/easyui/themes/default/validatebox.css HTTP/1.1" 404 1104
180.152.241.196 - - [05/Aug/2023:09:58:18 +0800] "GET /xingrg/javascript/easyui/themes/default/tree.css HTTP/1.1" 404 1090
116.238.191.126 - - [05/Aug/2023:09:58:18 +0800] "GET /xingrg/all/function/internal_message.html?_=1691200697108&CODE_STATE=getMsg HTTP/1.1" 200 27
222.69.130.229 - - [05/Aug/2023:09:58:19 +0800] "POST /xingrg/all/common/load_combo.html?type=base HTTP/1.1" 200 1491
180.152.241.196 - - [05/Aug/2023:09:58:19 +0800] "POST /xingrg/all/common/load_tree.html?tree=supplier_tree_json&isDelete=1 HTTP/1.1" 200 74546
114.85.113.108 - - [05/Aug/2023:09:58:19 +0800] "GET /xingrg/all/function/internal_message.html?_=1691200699219&CODE_STATE=getMsg HTTP/1.1" 200 27
101.83.145.37 - - [05/Aug/2023:09:58:20 +0800] "GET /xingrg/all/function/internal_message.html?_=1691200505227&CODE_STATE=getMsg HTTP/1.1" 200 27
222.70.180.200 - - [05/Aug/2023:09:58:20 +0800] "GET /xingrg/all/function/internal_message.html?_=1691200700924&CODE_STATE=getMsg HTTP/1.1" 200 27
180.169.147.146 - - [05/Aug/2023:09:58:21 +0800] "GET /xingrg/check_reg.html?_=1691200700965 HTTP/1.1" 200 22
180.169.147.146 - - [05/Aug/2023:09:58:21 +0800] "GET /xingrg/all/function/internal_message.html?_=1691200700966&CODE_STATE=getMsg HTTP/1.1" 200 27
180.163.29.234 - - [05/Aug/2023:09:58:21 +0800] "GET /xingrg/all/function/internal_message.html?_=1691200640967&CODE_STATE=getMsg HTTP/1.1" 302 -
180.163.29.234 - - [05/Aug/2023:09:58:21 +0800] "GET /xingrg/login.html HTTP/1.1" 200 7641
222.69.130.229 - - [05/Aug/2023:09:58:25 +0800] "GET /xingrg/javascript/auto/indicator.gif HTTP/1.1" 404 1066
222.69.130.229 - - [05/Aug/2023:09:58:27 +0800] "GET /xingrg/kc/base/wldb_order_operate.html?command=get_materiel&rest_code=00154&base_code=0010724&code=00101040040 HTTP/1.1" 200 458
222.70.180.200 - - [05/Aug/2023:09:58:27 +0800] "GET /xingrg/all/function/internal_message.html?_=1691200706626&CODE_STATE=getMsg HTTP/1.1" 200 27
101.83.145.37 - - [05/Aug/2023:09:58:33 +0800] "GET /xingrg/all/function/internal_message.html?_=1691200713247&CODE_STATE=getMsg HTTP/1.1" 200 27
218.81.64.222 - - [05/Aug/2023:09:58:33 +0800] "GET /xingrg/all/function/internal_message.html?_=1691200712489&CODE_STATE=getMsg HTTP/1.1" 200 27
