222.69.130.229 - - [05/Aug/2023:08:53:11 +0800] "GET /xingrg/all/function/internal_message.html?_=1691196923666&CODE_STATE=getMsg HTTP/1.1" 200 27
180.163.30.100 - - [05/Aug/2023:08:53:12 +0800] "GET /xingrg/kc/buy/cgsh_order_operate.html?command=get_materiel&rest_code=00106&code=00101008618&supplier_code=00100007&order_time=2023-08-05 HTTP/1.1" 302 -
180.163.30.100 - - [05/Aug/2023:08:53:12 +0800] "GET /xingrg/login.html HTTP/1.1" 200 7641
222.70.180.200 - - [05/Aug/2023:08:53:12 +0800] "POST /xingrg/kc/mdqp/pssh_list_operate.html HTTP/1.1" 200 260
222.70.180.200 - - [05/Aug/2023:08:53:13 +0800] "POST /xingrg/kc/mdqp/pssh_list_operate.html HTTP/1.1" 200 814
222.70.180.200 - - [05/Aug/2023:08:53:13 +0800] "GET /xingrg/kc/mdqp/pssh_order_info.html?code=312023080100003 HTTP/1.1" 200 17277
222.70.180.200 - - [05/Aug/2023:08:53:13 +0800] "GET /xingrg/javascript/jquery_tools/jquery-1.4.2.min.js HTTP/1.1" 404 1094
222.70.180.200 - - [05/Aug/2023:08:53:14 +0800] "GET /xingrg/javascript/easyui/themes/default/validatebox.css HTTP/1.1" 404 1104
222.70.180.200 - - [05/Aug/2023:08:53:14 +0800] "POST /xingrg/kc/mdqp/pssh_order_operate.html HTTP/1.1" 200 535
180.152.241.196 - - [05/Aug/2023:08:53:17 +0800] "GET /xingrg/all/function/internal_message.html?_=1691196799010&CODE_STATE=getMsg HTTP/1.1" 200 27
116.238.191.126 - - [05/Aug/2023:08:53:19 +0800] "POST /xingrg/kc/buy/cgsh_order_operate.html HTTP/1.1" 200 37
180.152.241.196 - - [05/Aug/2023:08:53:19 +0800] "GET /xingrg/all/function/internal_message.html?_=1691196800781&CODE_STATE=getMsg HTTP/1.1" 200 27
114.85.113.108 - - [05/Aug/2023:08:53:20 +0800] "GET /xingrg/all/function/internal_message.html?_=1691196799919&CODE_STATE=getMsg HTTP/1.1" 200 27
124.77.240.204 - - [05/Aug/2023:08:53:29 +0800] "GET /xingrg/all/function/internal_message.html?_=1691196807533&CODE_STATE=getMsg HTTP/1.1" 200 27
116.238.191.126 - - [05/Aug/2023:08:53:32 +0800] "POST /xingrg/kc/buy/cgsh_order_operate.html HTTP/1.1" 200 12
124.78.155.92 - - [05/Aug/2023:08:53:36 +0800] "GET /xingrg/kc/buy/cgsh_order_operate.html?command=get_materiel&rest_code=00106&code=00101008370&supplier_code=00100007&order_time=2023-08-05 HTTP/1.1" 200 412
116.238.191.126 - - [05/Aug/2023:08:53:37 +0800] "GET /xingrg/kc/buy/cgsh_order_info.html?code=212023080501636 HTTP/1.1" 200 66696
116.238.191.126 - - [05/Aug/2023:08:53:37 +0800] "GET /xingrg/javascript/easyui/themes/default/validatebox.css HTTP/1.1" 404 1104
116.238.191.126 - - [05/Aug/2023:08:53:38 +0800] "POST /xingrg/kc/buy/cgsh_order_operate.html HTTP/1.1" 200 8340
124.77.240.204 - - [05/Aug/2023:08:53:39 +0800] "GET /xingrg/all/function/internal_message.html?_=1691196819893&CODE_STATE=getMsg HTTP/1.1" 200 27
124.78.70.128 - - [05/Aug/2023:08:53:42 +0800] "GET /xingrg/all/function/internal_message.html?_=1691196287830&CODE_STATE=getMsg HTTP/1.1" 200 27
101.83.145.37 - - [05/Aug/2023:08:53:43 +0800] "GET /xingrg/all/function/internal_message.html?_=1691196823807&CODE_STATE=getMsg HTTP/1.1" 200 27
222.70.180.200 - - [05/Aug/2023:08:53:44 +0800] "GET /xingrg/all/function/internal_message.html?_=1691196823598&CODE_STATE=getMsg HTTP/1.1" 200 27
116.238.191.126 - - [05/Aug/2023:08:53:45 +0800] "GET /xingrg/kc/print/load_data.html?order_code=212023080501636&kc_code=cgsh&condition= HTTP/1.1" 200 3647
116.238.191.126 - - [05/Aug/2023:08:53:51 +0800] "GET /xingrg/all/function/internal_message.html?_=1691196705758&CODE_STATE=getMsg HTTP/1.1" 200 27
120.253.135.82 - - [05/Aug/2023:08:53:54 +0800] "GET /xingrg/all/function/internal_message.html?_=1691196654603&CODE_STATE=getMsg HTTP/1.1" 200 27
116.232.195.127 - - [05/Aug/2023:08:53:56 +0800] "GET /xingrg/all/function/internal_message.html?_=1691196770256&CODE_STATE=getMsg HTTP/1.1" 200 27
116.232.195.127 - - [05/Aug/2023:08:53:59 +0800] "GET /xingrg/all/function/internal_message.html?_=1691196772480&CODE_STATE=getMsg HTTP/1.1" 200 27
101.83.145.37 - - [05/Aug/2023:08:54:02 +0800] "GET /xingrg/kc/buy/cgsh_order_operate.html?command=get_materiel&rest_code=00105&code=00101008233&supplier_code=00100203&order_time=2023-08-05 HTTP/1.1" 200 409
124.78.155.92 - - [05/Aug/2023:08:54:05 +0800] "GET /xingrg/kc/buy/cgsh_order_operate.html?command=get_materiel&rest_code=00106&code=00101008087&supplier_code=00100007&order_time=2023-08-05 HTTP/1.1" 200 412
120.253.135.82 - - [05/Aug/2023:08:54:05 +0800] "POST /xingrg/kc/pszx/mdps_list_operate.html HTTP/1.1" 200 2058
101.83.145.37 - - [05/Aug/2023:08:54:06 +0800] "GET /xingrg/all/function/internal_message.html?_=1691196651574&CODE_STATE=getMsg HTTP/1.1" 200 27
180.163.29.206 - - [05/Aug/2023:08:54:07 +0800] "GET /xingrg/all/function/internal_message.html?_=1691196782993&CODE_STATE=getMsg HTTP/1.1" 302 -
180.163.29.206 - - [05/Aug/2023:08:54:07 +0800] "GET /xingrg/login.html HTTP/1.1" 200 7641
124.78.155.92 - - [05/Aug/2023:08:54:07 +0800] "GET /xingrg/all/function/internal_message.html?_=1691196842963&CODE_STATE=getMsg HTTP/1.1" 200 27
120.253.135.82 - - [05/Aug/2023:08:54:08 +0800] "GET /xingrg/kc/pszx/mdqp_order_list.html?state=10 HTTP/1.1" 200 10275
120.253.135.82 - - [05/Aug/2023:08:54:08 +0800] "GET /xingrg/dwr/interface/AjaxReportQueryService.js HTTP/1.1" 200 13203
120.253.135.82 - - [05/Aug/2023:08:54:08 +0800] "GET /xingrg/dwr/interface/AjaxQqpsService.js HTTP/1.1" 200 16326
120.253.135.82 - - [05/Aug/2023:08:54:08 +0800] "GET /xingrg/dwr/engine.js HTTP/1.1" 200 43631
222.69.130.229 - - [05/Aug/2023:08:54:11 +0800] "GET /xingrg/all/function/internal_message.html?_=1691196983664&CODE_STATE=getMsg HTTP/1.1" 200 27
101.83.145.37 - - [05/Aug/2023:08:54:14 +0800] "GET /xingrg/kc/buy/cgsh_order_operate.html?command=get_materiel&rest_code=00105&code=00101008108&supplier_code=00100203&order_time=2023-08-05 HTTP/1.1" 200 412
120.253.135.82 - - [05/Aug/2023:08:54:14 +0800] "GET /xingrg/kc/pszx/mdth_order_list.html HTTP/1.1" 200 18573
120.253.135.82 - - [05/Aug/2023:08:54:15 +0800] "POST /xingrg/kc/pszx/mdth_order_new_list.html HTTP/1.1" 200 4730
180.152.241.196 - - [05/Aug/2023:08:54:17 +0800] "GET /xingrg/all/function/internal_message.html?_=1691196859016&CODE_STATE=getMsg HTTP/1.1" 200 27
180.152.241.196 - - [05/Aug/2023:08:54:19 +0800] "GET /xingrg/all/function/internal_message.html?_=1691196860754&CODE_STATE=getMsg HTTP/1.1" 200 27
114.85.113.108 - - [05/Aug/2023:08:54:20 +0800] "GET /xingrg/all/function/internal_message.html?_=1691196859905&CODE_STATE=getMsg HTTP/1.1" 200 27
101.83.145.37 - - [05/Aug/2023:08:54:21 +0800] "GET /xingrg/kc/buy/cgsh_order_operate.html?command=get_materiel&rest_code=00105&code=00101008098&supplier_code=00100203&order_time=2023-08-05 HTTP/1.1" 200 412
101.83.145.37 - - [05/Aug/2023:08:54:25 +0800] "POST /xingrg/kc/buy/cgsh_order_operate.html HTTP/1.1" 200 2065
101.83.145.37 - - [05/Aug/2023:08:54:28 +0800] "POST /xingrg/kc/buy/cgsh_order_operate.html HTTP/1.1" 200 2065
124.77.240.204 - - [05/Aug/2023:08:54:29 +0800] "GET /xingrg/all/function/internal_message.html?_=1691196867547&CODE_STATE=getMsg HTTP/1.1" 200 27
101.83.145.37 - - [05/Aug/2023:08:54:29 +0800] "POST /xingrg/kc/buy/cgsh_order_operate.html HTTP/1.1" 200 2065
124.78.155.92 - - [05/Aug/2023:08:54:36 +0800] "GET /xingrg/kc/buy/cgsh_order_operate.html?command=get_materiel&rest_code=00106&code=00101008355&supplier_code=00100007&order_time=2023-08-05 HTTP/1.1" 200 408
101.83.145.37 - - [05/Aug/2023:08:54:37 +0800] "GET /xingrg/kc/buy/cgsh_order_operate.html?command=get_materiel&rest_code=00105&code=00101008271&supplier_code=00100203&order_time=2023-08-05 HTTP/1.1" 200 408
124.77.240.204 - - [05/Aug/2023:08:54:39 +0800] "GET /xingrg/all/function/internal_message.html?_=1691196880149&CODE_STATE=getMsg HTTP/1.1" 200 27
124.78.155.92 - - [05/Aug/2023:08:54:40 +0800] "POST /xingrg/kc/buy/cgsh_order_operate.html HTTP/1.1" 200 2065
124.78.70.128 - - [05/Aug/2023:08:54:42 +0800] "GET /xingrg/all/function/internal_message.html?_=1691196347846&CODE_STATE=getMsg HTTP/1.1" 200 27
101.83.145.37 - - [05/Aug/2023:08:54:43 +0800] "GET /xingrg/all/function/internal_message.html?_=1691196883824&CODE_STATE=getMsg HTTP/1.1" 200 27
222.70.180.200 - - [05/Aug/2023:08:54:44 +0800] "GET /xingrg/check_reg.html?_=1691196883467 HTTP/1.1" 200 22
222.70.180.200 - - [05/Aug/2023:08:54:44 +0800] "GET /xingrg/all/function/internal_message.html?_=1691196883581&CODE_STATE=getMsg HTTP/1.1" 200 27
124.78.155.92 - - [05/Aug/2023:08:54:46 +0800] "GET /xingrg/kc/buy/cgsh_order_operate.html?command=get_materiel&rest_code=00106&code=00101008067&supplier_code=00100007&order_time=2023-08-05 HTTP/1.1" 200 416
101.83.145.37 - - [05/Aug/2023:08:54:47 +0800] "GET /xingrg/kc/buy/cgsh_order_operate.html?command=get_materiel&rest_code=00105&code=00101008213&supplier_code=00100203&order_time=2023-08-05 HTTP/1.1" 200 412
116.238.191.126 - - [05/Aug/2023:08:54:51 +0800] "GET /xingrg/all/function/internal_message.html?_=1691196765890&CODE_STATE=getMsg HTTP/1.1" 200 27
120.253.135.82 - - [05/Aug/2023:08:54:54 +0800] "GET /xingrg/all/function/internal_message.html?_=1691196714618&CODE_STATE=getMsg HTTP/1.1" 200 27
116.232.195.127 - - [05/Aug/2023:08:54:56 +0800] "GET /xingrg/all/function/internal_message.html?_=1691196830254&CODE_STATE=getMsg HTTP/1.1" 200 27
124.78.155.92 - - [05/Aug/2023:08:54:57 +0800] "GET /xingrg/kc/buy/cgsh_order_operate.html?command=get_materiel&rest_code=00106&code=00101020139&supplier_code=00100007&order_time=2023-08-05 HTTP/1.1" 200 435
116.232.195.127 - - [05/Aug/2023:08:54:59 +0800] "GET /xingrg/all/function/internal_message.html?_=1691196832479&CODE_STATE=getMsg HTTP/1.1" 200 27
101.83.145.37 - - [05/Aug/2023:08:55:06 +0800] "GET /xingrg/all/function/internal_message.html?_=1691196711575&CODE_STATE=getMsg HTTP/1.1" 200 27
124.78.155.92 - - [05/Aug/2023:08:55:07 +0800] "GET /xingrg/check_reg.html?_=1691196902964 HTTP/1.1" 200 22
124.78.155.92 - - [05/Aug/2023:08:55:07 +0800] "GET /xingrg/all/function/internal_message.html?_=1691196902969&CODE_STATE=getMsg HTTP/1.1" 200 27
222.69.130.229 - - [05/Aug/2023:08:55:11 +0800] "GET /xingrg/all/function/internal_message.html?_=1691197043645&CODE_STATE=getMsg HTTP/1.1" 200 27
180.152.241.196 - - [05/Aug/2023:08:55:17 +0800] "GET /xingrg/all/function/internal_message.html?_=1691196919014&CODE_STATE=getMsg HTTP/1.1" 200 27
180.152.241.196 - - [05/Aug/2023:08:55:19 +0800] "GET /xingrg/all/function/internal_message.html?_=1691196920727&CODE_STATE=getMsg HTTP/1.1" 200 27
180.152.241.196 - - [05/Aug/2023:08:55:20 +0800] "GET /xingrg/check_reg.html?_=1691196921340 HTTP/1.1" 200 22
114.85.113.108 - - [05/Aug/2023:08:55:20 +0800] "GET /xingrg/all/function/internal_message.html?_=1691196919891&CODE_STATE=getMsg HTTP/1.1" 200 27
124.78.155.92 - - [05/Aug/2023:08:55:23 +0800] "GET /xingrg/kc/buy/cgsh_order_operate.html?command=get_materiel&rest_code=00106&code=00101011005&supplier_code=00100007&order_time=2023-08-05 HTTP/1.1" 200 428
222.70.180.200 - - [05/Aug/2023:08:55:25 +0800] "GET /xingrg/kc/mdqp/pssh_order_list.html?isBack=1 HTTP/1.1" 200 17923
222.70.180.200 - - [05/Aug/2023:08:55:26 +0800] "POST /xingrg/kc/mdqp/pssh_list_operate.html HTTP/1.1" 200 5228
101.83.145.37 - - [05/Aug/2023:08:55:27 +0800] "GET /xingrg/kc/buy/cgsh_order_operate.html?command=get_materiel&rest_code=00105&code=00101008004&supplier_code=00100203&order_time=2023-08-05 HTTP/1.1" 200 416
124.77.240.204 - - [05/Aug/2023:08:55:29 +0800] "GET /xingrg/all/function/internal_message.html?_=1691196927565&CODE_STATE=getMsg HTTP/1.1" 200 27
180.163.29.219 - - [05/Aug/2023:08:55:30 +0800] "GET /xingrg/kc/buy/cgsh_order_operate.html?command=get_materiel&rest_code=00106&code=00101008355&supplier_code=00100007&order_time=2023-08-05 HTTP/1.1" 302 -
180.163.29.219 - - [05/Aug/2023:08:55:30 +0800] "GET /xingrg/login.html HTTP/1.1" 200 7641
222.70.180.200 - - [05/Aug/2023:08:55:31 +0800] "POST /xingrg/kc/mdqp/pssh_list_operate.html HTTP/1.1" 200 260
222.70.180.200 - - [05/Aug/2023:08:55:32 +0800] "POST /xingrg/kc/mdqp/pssh_list_operate.html HTTP/1.1" 200 814
222.70.180.200 - - [05/Aug/2023:08:55:32 +0800] "GET /xingrg/kc/mdqp/pssh_order_info.html?code=312023080100003 HTTP/1.1" 200 17277
222.70.180.200 - - [05/Aug/2023:08:55:32 +0800] "GET /xingrg/javascript/jquery_tools/jquery-1.4.2.min.js HTTP/1.1" 404 1094
222.70.180.200 - - [05/Aug/2023:08:55:33 +0800] "GET /xingrg/javascript/easyui/themes/default/validatebox.css HTTP/1.1" 404 1104
222.70.180.200 - - [05/Aug/2023:08:55:33 +0800] "POST /xingrg/kc/mdqp/pssh_order_operate.html HTTP/1.1" 200 535
222.70.180.200 - - [05/Aug/2023:08:55:39 +0800] "GET /xingrg/kc/mdqp/pssh_order_list.html?isBack=1 HTTP/1.1" 200 17923
124.77.240.204 - - [05/Aug/2023:08:55:39 +0800] "GET /xingrg/all/function/internal_message.html?_=1691196940157&CODE_STATE=getMsg HTTP/1.1" 200 27
222.70.180.200 - - [05/Aug/2023:08:55:40 +0800] "POST /xingrg/kc/mdqp/pssh_list_operate.html HTTP/1.1" 200 5228
124.78.155.92 - - [05/Aug/2023:08:55:41 +0800] "POST /xingrg/kc/buy/cgsh_order_operate.html HTTP/1.1" 200 2065
101.83.145.37 - - [05/Aug/2023:08:55:42 +0800] "GET /xingrg/kc/buy/cgsh_order_operate.html?command=get_materiel&rest_code=00105&code=00101008298&supplier_code=00100203&order_time=2023-08-05 HTTP/1.1" 200 412
124.78.70.128 - - [05/Aug/2023:08:55:42 +0800] "GET /xingrg/all/function/internal_message.html?_=1691196407830&CODE_STATE=getMsg HTTP/1.1" 200 27
101.83.145.37 - - [05/Aug/2023:08:55:43 +0800] "GET /xingrg/all/function/internal_message.html?_=1691196943841&CODE_STATE=getMsg HTTP/1.1" 200 27
222.70.180.200 - - [05/Aug/2023:08:55:44 +0800] "POST /xingrg/kc/mdqp/pssh_list_operate.html HTTP/1.1" 200 256
222.70.180.200 - - [05/Aug/2023:08:55:44 +0800] "GET /xingrg/all/function/internal_message.html?_=1691196943557&CODE_STATE=getMsg HTTP/1.1" 200 27
101.83.145.37 - - [05/Aug/2023:08:55:50 +0800] "GET /xingrg/kc/buy/cgsh_order_operate.html?command=get_materiel&rest_code=00105&code=00101008188&supplier_code=00100203&order_time=2023-08-05 HTTP/1.1" 200 412
116.238.191.126 - - [05/Aug/2023:08:55:50 +0800] "GET /xingrg/check_reg.html?_=1691196825491 HTTP/1.1" 200 22
116.238.191.126 - - [05/Aug/2023:08:55:51 +0800] "GET /xingrg/all/function/internal_message.html?_=1691196825894&CODE_STATE=getMsg HTTP/1.1" 200 27
124.78.155.92 - - [05/Aug/2023:08:55:52 +0800] "GET /xingrg/kc/buy/cgsh_order_operate.html?command=get_materiel&rest_code=00106&code=00101008036&supplier_code=00100007&order_time=2023-08-05 HTTP/1.1" 200 408
120.253.135.82 - - [05/Aug/2023:08:55:54 +0800] "GET /xingrg/all/function/internal_message.html?_=1691196774631&CODE_STATE=getMsg HTTP/1.1" 200 27
116.232.195.127 - - [05/Aug/2023:08:55:56 +0800] "GET /xingrg/all/function/internal_message.html?_=1691196890254&CODE_STATE=getMsg HTTP/1.1" 200 27
222.69.130.53 - - [05/Aug/2023:08:55:57 +0800] "GET /xingrg/login.html HTTP/1.1" 200 7641
222.69.130.53 - - [05/Aug/2023:08:55:57 +0800] "GET /favicon.ico HTTP/1.1" 404 -
116.232.195.127 - - [05/Aug/2023:08:55:59 +0800] "GET /xingrg/all/function/internal_message.html?_=1691196892491&CODE_STATE=getMsg HTTP/1.1" 200 27
116.232.195.127 - - [05/Aug/2023:08:55:59 +0800] "GET /xingrg/check_reg.html?_=1691196892496 HTTP/1.1" 200 22
101.83.145.37 - - [05/Aug/2023:08:56:06 +0800] "GET /xingrg/all/function/internal_message.html?_=1691196771600&CODE_STATE=getMsg HTTP/1.1" 200 27
124.78.155.92 - - [05/Aug/2023:08:56:07 +0800] "GET /xingrg/all/function/internal_message.html?_=1691196962962&CODE_STATE=getMsg HTTP/1.1" 200 27
222.69.130.229 - - [05/Aug/2023:08:56:11 +0800] "GET /xingrg/all/function/internal_message.html?_=1691197103652&CODE_STATE=getMsg HTTP/1.1" 200 27
124.78.155.92 - - [05/Aug/2023:08:56:11 +0800] "POST /xingrg/kc/buy/cgsh_order_operate.html HTTP/1.1" 200 37
180.152.241.196 - - [05/Aug/2023:08:56:17 +0800] "GET /xingrg/all/function/internal_message.html?_=1691196979009&CODE_STATE=getMsg HTTP/1.1" 200 27
180.152.241.196 - - [05/Aug/2023:08:56:17 +0800] "GET /xingrg/check_reg.html?_=1691196979011 HTTP/1.1" 200 22
180.152.241.196 - - [05/Aug/2023:08:56:19 +0800] "GET /xingrg/all/function/internal_message.html?_=1691196980711&CODE_STATE=getMsg HTTP/1.1" 200 27
180.163.29.234 - - [05/Aug/2023:08:56:20 +0800] "GET /xingrg/kc/buy/cgsh_order_operate.html?command=get_materiel&rest_code=00106&code=00101011005&supplier_code=00100007&order_time=2023-08-05 HTTP/1.1" 302 -
180.163.29.234 - - [05/Aug/2023:08:56:20 +0800] "GET /xingrg/login.html HTTP/1.1" 200 7641
114.85.113.108 - - [05/Aug/2023:08:56:20 +0800] "GET /xingrg/all/function/internal_message.html?_=1691196979913&CODE_STATE=getMsg HTTP/1.1" 200 27
101.83.145.37 - - [05/Aug/2023:08:56:29 +0800] "GET /xingrg/kc/buy/cgsh_order_operate.html?command=get_materiel&rest_code=00105&code=00101008403&supplier_code=00100203&order_time=2023-08-05 HTTP/1.1" 200 412
124.77.240.204 - - [05/Aug/2023:08:56:29 +0800] "GET /xingrg/all/function/internal_message.html?_=1691196987574&CODE_STATE=getMsg HTTP/1.1" 200 27
222.70.180.200 - - [05/Aug/2023:08:56:30 +0800] "POST /xingrg/kc/mdqp/pssh_list_operate.html HTTP/1.1" 200 778
114.85.113.108 - - [05/Aug/2023:08:56:32 +0800] "GET /xingrg/check_reg.html?_=1691196991675 HTTP/1.1" 200 22
222.69.130.53 - - [05/Aug/2023:08:56:34 +0800] "POST /xingrg/login.do HTTP/1.1" 302 -
222.69.130.53 - - [05/Aug/2023:08:56:34 +0800] "GET /xingrg/index.html?sysBaseUrl=http%3A%2F%2F180.169.147.146%3A18081%2Fxingrg%2F&costTime=1637×tamp=1691196994809 HTTP/1.1" 200 17179
222.69.130.53 - - [05/Aug/2023:08:56:35 +0800] "GET /favicon.ico HTTP/1.1" 404 -
222.69.130.53 - - [05/Aug/2023:08:56:35 +0800] "GET /xingrg/check_reg.html?_=1691196994661 HTTP/1.1" 200 22
222.69.130.53 - - [05/Aug/2023:08:56:35 +0800] "GET /xingrg/all/function/internal_message.html?_=1691196994659&CODE_STATE=count HTTP/1.1" 200 11
222.69.130.53 - - [05/Aug/2023:08:56:35 +0800] "POST /xingrg/load_menu.html HTTP/1.1" 200 5138
222.69.130.53 - - [05/Aug/2023:08:56:35 +0800] "POST /xingrg/all/common/load_tree.html?tree=area_rest_tree_json&manage=1 HTTP/1.1" 200 351
222.70.180.200 - - [05/Aug/2023:08:56:37 +0800] "POST /xingrg/kc/mdqp/pssh_list_operate.html HTTP/1.1" 200 803
124.77.240.204 - - [05/Aug/2023:08:56:38 +0800] "GET /xingrg/check_reg.html?_=1691196999134 HTTP/1.1" 200 22
101.83.145.37 - - [05/Aug/2023:08:56:39 +0800] "GET /xingrg/kc/buy/cgsh_order_operate.html?command=get_materiel&rest_code=00105&code=00101008283&supplier_code=00100203&order_time=2023-08-05 HTTP/1.1" 200 408
124.77.240.204 - - [05/Aug/2023:08:56:39 +0800] "GET /xingrg/all/function/internal_message.html?_=1691197000167&CODE_STATE=getMsg HTTP/1.1" 200 27
222.69.130.53 - - [05/Aug/2023:08:56:40 +0800] "GET /xingrg/kc/buy/cgsh_order_list.html HTTP/1.1" 200 55961
222.70.180.200 - - [05/Aug/2023:08:56:41 +0800] "POST /xingrg/kc/mdqp/pssh_list_operate.html HTTP/1.1" 200 256
124.78.70.128 - - [05/Aug/2023:08:56:42 +0800] "GET /xingrg/all/function/internal_message.html?_=1691196467845&CODE_STATE=getMsg HTTP/1.1" 200 27
101.83.145.37 - - [05/Aug/2023:08:56:43 +0800] "GET /xingrg/all/function/internal_message.html?_=1691197003814&CODE_STATE=getMsg HTTP/1.1" 200 27
222.70.180.200 - - [05/Aug/2023:08:56:44 +0800] "GET /xingrg/all/function/internal_message.html?_=1691197003535&CODE_STATE=getMsg HTTP/1.1" 200 27
222.69.130.53 - - [05/Aug/2023:08:56:45 +0800] "POST /xingrg/kc/buy/cgsh_list_operate.html HTTP/1.1" 200 986
180.163.29.79 - - [05/Aug/2023:08:56:46 +0800] "GET /xingrg/kc/buy/cgsh_order_operate.html?command=get_materiel&rest_code=00106&code=00101008036&supplier_code=00100007&order_time=2023-08-05 HTTP/1.1" 302 -
180.163.29.79 - - [05/Aug/2023:08:56:46 +0800] "GET /xingrg/login.html HTTP/1.1" 200 7641
222.70.180.200 - - [05/Aug/2023:08:56:48 +0800] "POST /xingrg/kc/mdqp/pssh_list_operate.html HTTP/1.1" 200 814
222.69.130.53 - - [05/Aug/2023:08:56:48 +0800] "GET /xingrg/kc/buy/cgsh_order_add.html HTTP/1.1" 200 71825
222.69.130.53 - - [05/Aug/2023:08:56:49 +0800] "GET /xingrg/words/20230804124847_words.js HTTP/1.1" 304 -
222.70.180.200 - - [05/Aug/2023:08:56:49 +0800] "GET /xingrg/kc/mdqp/pssh_order_info.html?code=312023080500126 HTTP/1.1" 200 17244
222.70.180.200 - - [05/Aug/2023:08:56:49 +0800] "GET /xingrg/javascript/jquery_tools/jquery-1.4.2.min.js HTTP/1.1" 404 1094
222.70.180.200 - - [05/Aug/2023:08:56:49 +0800] "GET /xingrg/javascript/easyui/themes/default/validatebox.css HTTP/1.1" 404 1104
222.69.130.53 - - [05/Aug/2023:08:56:49 +0800] "POST /xingrg/kc/buy/cgsh_order_operate.html HTTP/1.1" 200 8245
222.70.180.200 - - [05/Aug/2023:08:56:49 +0800] "POST /xingrg/kc/mdqp/pssh_order_operate.html HTTP/1.1" 200 526
222.69.130.53 - - [05/Aug/2023:08:56:49 +0800] "GET /xingrg/javascript/easyui/themes/default/validatebox.css HTTP/1.1" 404 1104
222.69.130.53 - - [05/Aug/2023:08:56:49 +0800] "GET /xingrg/all/common/auto_word.html?type=employee&rest_code=00149 HTTP/1.1" 200 197
222.69.130.53 - - [05/Aug/2023:08:56:49 +0800] "GET /xingrg/all/common/auto_word.html?type=employee&rest_code=00149 HTTP/1.1" 200 197
101.83.145.37 - - [05/Aug/2023:08:56:50 +0800] "GET /xingrg/kc/buy/cgsh_order_operate.html?command=get_materiel&rest_code=00105&code=00101016081&supplier_code=00100203&order_time=2023-08-05 HTTP/1.1" 200 447
116.238.191.126 - - [05/Aug/2023:08:56:51 +0800] "GET /xingrg/all/function/internal_message.html?_=1691196885907&CODE_STATE=getMsg HTTP/1.1" 200 27
120.253.135.82 - - [05/Aug/2023:08:56:54 +0800] "GET /xingrg/all/function/internal_message.html?_=1691196834707&CODE_STATE=getMsg HTTP/1.1" 200 27
116.232.195.127 - - [05/Aug/2023:08:56:56 +0800] "GET /xingrg/all/function/internal_message.html?_=1691196950245&CODE_STATE=getMsg HTTP/1.1" 200 27
116.232.195.127 - - [05/Aug/2023:08:56:56 +0800] "GET /xingrg/check_reg.html?_=1691196950249 HTTP/1.1" 200 22
116.232.195.127 - - [05/Aug/2023:08:56:59 +0800] "GET /xingrg/all/function/internal_message.html?_=1691196952490&CODE_STATE=getMsg HTTP/1.1" 200 27
222.70.180.200 - - [05/Aug/2023:08:57:04 +0800] "GET /xingrg/kc/mdqp/pssh_order_list.html?isBack=1 HTTP/1.1" 200 17923
222.70.180.200 - - [05/Aug/2023:08:57:04 +0800] "POST /xingrg/kc/mdqp/pssh_list_operate.html HTTP/1.1" 200 5228
101.83.145.37 - - [05/Aug/2023:08:57:06 +0800] "GET /xingrg/all/function/internal_message.html?_=1691196831601&CODE_STATE=getMsg HTTP/1.1" 200 27
101.83.145.37 - - [05/Aug/2023:08:57:06 +0800] "GET /xingrg/check_reg.html?_=1691196831604 HTTP/1.1" 200 22
101.83.145.37 - - [05/Aug/2023:08:57:07 +0800] "GET /xingrg/kc/buy/cgsh_order_operate.html?command=get_materiel&rest_code=00105&code=00101008041&supplier_code=00100203&order_time=2023-08-05 HTTP/1.1" 200 408
222.69.130.229 - - [05/Aug/2023:08:57:11 +0800] "GET /xingrg/all/function/internal_message.html?_=1691197163638&CODE_STATE=getMsg HTTP/1.1" 200 27
180.152.241.196 - - [05/Aug/2023:08:57:17 +0800] "GET /xingrg/all/function/internal_message.html?_=1691197039019&CODE_STATE=getMsg HTTP/1.1" 200 27
180.152.241.196 - - [05/Aug/2023:08:57:19 +0800] "GET /xingrg/all/function/internal_message.html?_=1691197040699&CODE_STATE=getMsg HTTP/1.1" 200 27
114.85.113.108 - - [05/Aug/2023:08:57:20 +0800] "GET /xingrg/all/function/internal_message.html?_=1691197039918&CODE_STATE=getMsg HTTP/1.1" 200 27
101.83.145.37 - - [05/Aug/2023:08:57:22 +0800] "GET /xingrg/kc/buy/cgsh_order_operate.html?command=get_materiel&rest_code=00105&code=00101008350&supplier_code=00100203&order_time=2023-08-05 HTTP/1.1" 200 408
222.69.130.53 - - [05/Aug/2023:08:57:26 +0800] "GET /xingrg/javascript/auto/indicator.gif HTTP/1.1" 404 1066
222.69.130.53 - - [05/Aug/2023:08:57:28 +0800] "GET /xingrg/javascript/jquery_tools/images/prev.gif HTTP/1.1" 404 1086
222.69.130.53 - - [05/Aug/2023:08:57:28 +0800] "GET /xingrg/javascript/jquery_tools/images/next.gif HTTP/1.1" 404 1086
124.77.240.204 - - [05/Aug/2023:08:57:29 +0800] "GET /xingrg/check_reg.html?_=1691197047281 HTTP/1.1" 200 22
124.77.240.204 - - [05/Aug/2023:08:57:29 +0800] "GET /xingrg/all/function/internal_message.html?_=1691197047587&CODE_STATE=getMsg HTTP/1.1" 200 27
101.83.145.37 - - [05/Aug/2023:08:57:30 +0800] "POST /xingrg/kc/buy/cgsh_order_operate.html HTTP/1.1" 200 2065
101.83.145.37 - - [05/Aug/2023:08:57:31 +0800] "POST /xingrg/kc/buy/cgsh_order_operate.html HTTP/1.1" 200 2065
101.83.145.37 - - [05/Aug/2023:08:57:33 +0800] "POST /xingrg/kc/buy/cgsh_order_operate.html HTTP/1.1" 200 2065
222.69.130.53 - - [05/Aug/2023:08:57:35 +0800] "GET /xingrg/all/function/internal_message.html?_=1691197054672&CODE_STATE=getMsg HTTP/1.1" 200 27
124.77.240.204 - - [05/Aug/2023:08:57:39 +0800] "GET /xingrg/all/function/internal_message.html?_=1691197060180&CODE_STATE=getMsg HTTP/1.1" 200 27
124.78.70.128 - - [05/Aug/2023:08:57:42 +0800] "GET /xingrg/check_reg.html?_=1691196527846 HTTP/1.1" 200 22
124.78.70.128 - - [05/Aug/2023:08:57:42 +0800] "GET /xingrg/all/function/internal_message.html?_=1691196527844&CODE_STATE=getMsg HTTP/1.1" 200 27
101.83.145.37 - - [05/Aug/2023:08:57:43 +0800] "GET /xingrg/check_reg.html?_=1691197063732 HTTP/1.1" 200 22
101.83.145.37 - - [05/Aug/2023:08:57:43 +0800] "GET /xingrg/all/function/internal_message.html?_=1691197063792&CODE_STATE=getMsg HTTP/1.1" 200 27
222.70.180.200 - - [05/Aug/2023:08:57:44 +0800] "GET /xingrg/all/function/internal_message.html?_=1691197063514&CODE_STATE=getMsg HTTP/1.1" 200 27
222.69.130.53 - - [05/Aug/2023:08:57:47 +0800] "GET /xingrg/kc/buy/cgsh_order_operate.html?command=get_materiel&rest_code=00149&code=00101008261&supplier_code=00100008&order_time=2023-08-05 HTTP/1.1" 200 408
101.83.145.37 - - [05/Aug/2023:08:57:48 +0800] "GET /xingrg/kc/buy/cgsh_order_operate.html?command=get_materiel&rest_code=00105&code=00101008223&supplier_code=00100203&order_time=2023-08-05 HTTP/1.1" 200 412
180.152.241.196 - - [05/Aug/2023:08:57:50 +0800] "GET /xingrg/kc/mdqp/qqps_order_list.html HTTP/1.1" 200 9668
180.152.241.196 - - [05/Aug/2023:08:57:50 +0800] "GET /xingrg/dwr/interface/AjaxQqpsService.js HTTP/1.1" 200 16326
180.152.241.196 - - [05/Aug/2023:08:57:50 +0800] "GET /xingrg/dwr/interface/AjaxReportQueryService.js HTTP/1.1" 200 13203
180.152.241.196 - - [05/Aug/2023:08:57:50 +0800] "GET /xingrg/dwr/engine.js HTTP/1.1" 200 43631
116.238.191.126 - - [05/Aug/2023:08:57:51 +0800] "GET /xingrg/all/function/internal_message.html?_=1691196945921&CODE_STATE=getMsg HTTP/1.1" 200 27
120.253.135.82 - - [05/Aug/2023:08:57:53 +0800] "GET /xingrg/check_reg.html?_=1691196894132 HTTP/1.1" 200 22
120.253.135.82 - - [05/Aug/2023:08:57:54 +0800] "GET /xingrg/all/function/internal_message.html?_=1691196894775&CODE_STATE=getMsg HTTP/1.1" 200 27
101.228.187.155 - - [05/Aug/2023:08:57:56 +0800] "GET /favicon.ico HTTP/1.1" 404 -
101.228.187.155 - - [05/Aug/2023:08:57:56 +0800] "GET /xingrg/login.html HTTP/1.1" 200 7641
116.232.195.127 - - [05/Aug/2023:08:57:56 +0800] "GET /xingrg/all/function/internal_message.html?_=1691197010256&CODE_STATE=getMsg HTTP/1.1" 200 27
180.152.241.196 - - [05/Aug/2023:08:57:56 +0800] "GET /xingrg/kc/mdqp/qqps_order_list.html?isQuery=1&timeSelect=1&orderTime=day&startTime=2023-08-04&endTime=2023-08-04&state=all&query=%C8%B7++%B6%A8 HTTP/1.1" 200 10170
180.152.241.196 - - [05/Aug/2023:08:57:56 +0800] "GET /xingrg/dwr/interface/AjaxQqpsService.js HTTP/1.1" 200 16326
180.152.241.196 - - [05/Aug/2023:08:57:56 +0800] "GET /xingrg/dwr/interface/AjaxReportQueryService.js HTTP/1.1" 200 13203
180.152.241.196 - - [05/Aug/2023:08:57:56 +0800] "GET /xingrg/dwr/engine.js HTTP/1.1" 200 43631
101.228.187.155 - - [05/Aug/2023:08:57:57 +0800] "GET /xingrg/images/blue/jxLogo.png HTTP/1.1" 304 -
101.228.187.155 - - [05/Aug/2023:08:57:58 +0800] "GET /xingrg/images/blue/login_bg.png HTTP/1.1" 304 -
101.228.187.155 - - [05/Aug/2023:08:57:58 +0800] "GET /xingrg/images/blue/srbg.png HTTP/1.1" 304 -
101.228.187.155 - - [05/Aug/2023:08:57:58 +0800] "GET /xingrg/images/blue/hj.png HTTP/1.1" 304 -
116.232.195.127 - - [05/Aug/2023:08:57:59 +0800] "GET /xingrg/all/function/internal_message.html?_=1691197012493&CODE_STATE=getMsg HTTP/1.1" 200 27
101.228.187.155 - - [05/Aug/2023:08:57:59 +0800] "GET /favicon.ico HTTP/1.1" 404 -
101.83.145.37 - - [05/Aug/2023:08:58:00 +0800] "GET /xingrg/kc/buy/cgsh_order_operate.html?command=get_materiel&rest_code=00105&code=00101008105&supplier_code=00100203&order_time=2023-08-05 HTTP/1.1" 200 412
180.152.241.196 - - [05/Aug/2023:08:58:04 +0800] "GET /xingrg/kc/mdqp/qqps_order_info.html?code=302023080400077 HTTP/1.1" 200 26706
180.152.241.196 - - [05/Aug/2023:08:58:04 +0800] "GET /xingrg/dwr/interface/AjaxComOrderService.js HTTP/1.1" 200 18264
180.152.241.196 - - [05/Aug/2023:08:58:04 +0800] "GET /xingrg/dwr/interface/AjaxQqpsService.js HTTP/1.1" 200 16326
180.152.241.196 - - [05/Aug/2023:08:58:04 +0800] "GET /xingrg/dwr/engine.js HTTP/1.1" 200 43631
180.152.241.196 - - [05/Aug/2023:08:58:05 +0800] "POST /xingrg/dwr/call/plaincall/AjaxQqpsService.loadMaterielItems.dwr HTTP/1.1" 200 7687
101.83.145.37 - - [05/Aug/2023:08:58:06 +0800] "GET /xingrg/all/function/internal_message.html?_=1691196891609&CODE_STATE=getMsg HTTP/1.1" 200 27
222.69.130.53 - - [05/Aug/2023:08:58:07 +0800] "GET /xingrg/kc/buy/cgsh_order_operate.html?command=get_materiel&rest_code=00149&code=00101008132&supplier_code=00100008&order_time=2023-08-05 HTTP/1.1" 200 408
101.83.145.37 - - [05/Aug/2023:08:58:07 +0800] "GET /xingrg/kc/buy/cgsh_order_operate.html?command=get_materiel&rest_code=00105&code=00101008119&supplier_code=00100203&order_time=2023-08-05 HTTP/1.1" 200 412
222.69.130.229 - - [05/Aug/2023:08:58:11 +0800] "GET /xingrg/all/function/internal_message.html?_=1691197223642&CODE_STATE=getMsg HTTP/1.1" 200 27
222.69.130.229 - - [05/Aug/2023:08:58:11 +0800] "GET /xingrg/check_reg.html?_=1691197223644 HTTP/1.1" 200 22
180.152.241.196 - - [05/Aug/2023:08:58:17 +0800] "GET /xingrg/kc/mdqp/qqps_order_list.html HTTP/1.1" 200 9668
180.152.241.196 - - [05/Aug/2023:08:58:17 +0800] "GET /xingrg/dwr/interface/AjaxReportQueryService.js HTTP/1.1" 200 13203
180.152.241.196 - - [05/Aug/2023:08:58:17 +0800] "GET /xingrg/dwr/interface/AjaxQqpsService.js HTTP/1.1" 200 16326
180.152.241.196 - - [05/Aug/2023:08:58:17 +0800] "GET /xingrg/dwr/engine.js HTTP/1.1" 200 43631
180.152.241.196 - - [05/Aug/2023:08:58:17 +0800] "GET /xingrg/all/function/internal_message.html?_=1691197099010&CODE_STATE=getMsg HTTP/1.1" 200 27
101.83.145.37 - - [05/Aug/2023:08:58:18 +0800] "GET /xingrg/kc/buy/cgsh_order_operate.html?command=get_materiel&rest_code=00105&code=00101008168&supplier_code=00100203&order_time=2023-08-05 HTTP/1.1" 200 412
180.152.241.196 - - [05/Aug/2023:08:58:19 +0800] "GET /xingrg/all/function/internal_message.html?_=1691197100677&CODE_STATE=getMsg HTTP/1.1" 200 27
180.152.241.196 - - [05/Aug/2023:08:58:19 +0800] "GET /xingrg/kc/mdqp/qqps_order_info.html?code=302023080500081 HTTP/1.1" 200 8212
180.152.241.196 - - [05/Aug/2023:08:58:20 +0800] "GET /xingrg/kc/mdqp/qqps_order_info.html?code=302023080500081 HTTP/1.1" 200 26710
180.152.241.196 - - [05/Aug/2023:08:58:20 +0800] "GET /xingrg/dwr/interface/AjaxComOrderService.js HTTP/1.1" 200 18264
180.152.241.196 - - [05/Aug/2023:08:58:20 +0800] "GET /xingrg/dwr/interface/AjaxQqpsService.js HTTP/1.1" 200 16326
180.152.241.196 - - [05/Aug/2023:08:58:20 +0800] "GET /xingrg/dwr/engine.js HTTP/1.1" 200 43631
114.85.113.108 - - [05/Aug/2023:08:58:20 +0800] "GET /xingrg/all/function/internal_message.html?_=1691197099892&CODE_STATE=getMsg HTTP/1.1" 200 27
180.152.241.196 - - [05/Aug/2023:08:58:21 +0800] "POST /xingrg/dwr/call/plaincall/AjaxQqpsService.loadMaterielItems.dwr HTTP/1.1" 200 5260
222.70.180.200 - - [05/Aug/2023:08:58:28 +0800] "POST /xingrg/kc/mdqp/pssh_list_operate.html HTTP/1.1" 200 260
101.83.145.37 - - [05/Aug/2023:08:58:28 +0800] "GET /xingrg/kc/buy/cgsh_order_operate.html?command=get_materiel&rest_code=00105&code=00101008405&supplier_code=00100203&order_time=2023-08-05 HTTP/1.1" 200 413
222.70.180.200 - - [05/Aug/2023:08:58:29 +0800] "POST /xingrg/kc/mdqp/pssh_list_operate.html HTTP/1.1" 200 814
222.70.180.200 - - [05/Aug/2023:08:58:29 +0800] "GET /xingrg/kc/mdqp/pssh_order_info.html?code=312023080100003 HTTP/1.1" 200 17277
222.70.180.200 - - [05/Aug/2023:08:58:29 +0800] "GET /xingrg/javascript/jquery_tools/jquery-1.4.2.min.js HTTP/1.1" 404 1094
124.77.240.204 - - [05/Aug/2023:08:58:29 +0800] "GET /xingrg/all/function/internal_message.html?_=1691197107601&CODE_STATE=getMsg HTTP/1.1" 200 27
222.70.180.200 - - [05/Aug/2023:08:58:29 +0800] "GET /xingrg/javascript/easyui/themes/default/validatebox.css HTTP/1.1" 404 1104
222.70.180.200 - - [05/Aug/2023:08:58:30 +0800] "POST /xingrg/kc/mdqp/pssh_order_operate.html HTTP/1.1" 200 535
222.70.180.200 - - [05/Aug/2023:08:58:34 +0800] "GET /xingrg/kc/mdqp/pssh_order_list.html?isBack=1 HTTP/1.1" 200 17923
222.70.180.200 - - [05/Aug/2023:08:58:34 +0800] "POST /xingrg/kc/mdqp/pssh_list_operate.html HTTP/1.1" 200 5228
222.69.130.53 - - [05/Aug/2023:08:58:35 +0800] "GET /xingrg/all/function/internal_message.html?_=1691197114671&CODE_STATE=getMsg HTTP/1.1" 200 27
222.70.180.200 - - [05/Aug/2023:08:58:37 +0800] "POST /xingrg/kc/mdqp/pssh_list_operate.html HTTP/1.1" 200 256
124.78.155.92 - - [05/Aug/2023:08:58:38 +0800] "GET /xingrg/all/function/internal_message.html?_=1691197113927&CODE_STATE=getMsg HTTP/1.1" 200 27
222.70.180.200 - - [05/Aug/2023:08:58:38 +0800] "POST /xingrg/kc/mdqp/pssh_list_operate.html HTTP/1.1" 200 814
222.70.180.200 - - [05/Aug/2023:08:58:39 +0800] "GET /xingrg/kc/mdqp/pssh_order_info.html?code=312023080500123 HTTP/1.1" 200 17273
222.70.180.200 - - [05/Aug/2023:08:58:39 +0800] "GET /xingrg/javascript/jquery_tools/jquery-1.4.2.min.js HTTP/1.1" 404 1094
222.70.180.200 - - [05/Aug/2023:08:58:39 +0800] "GET /xingrg/javascript/easyui/themes/default/validatebox.css HTTP/1.1" 404 1104
222.70.180.200 - - [05/Aug/2023:08:58:39 +0800] "POST /xingrg/kc/mdqp/pssh_order_operate.html HTTP/1.1" 200 536
124.77.240.204 - - [05/Aug/2023:08:58:39 +0800] "GET /xingrg/all/function/internal_message.html?_=1691197120194&CODE_STATE=getMsg HTTP/1.1" 200 27
124.78.155.92 - - [05/Aug/2023:08:58:40 +0800] "POST /xingrg/kc/buy/cgsh_order_operate.html HTTP/1.1" 200 18078
101.83.145.37 - - [05/Aug/2023:08:58:40 +0800] "GET /xingrg/kc/buy/cgsh_order_operate.html?command=get_materiel&rest_code=00105&code=00101008061&supplier_code=00100203&order_time=2023-08-05 HTTP/1.1" 200 422
124.78.70.128 - - [05/Aug/2023:08:58:42 +0800] "GET /xingrg/all/function/internal_message.html?_=1691196587844&CODE_STATE=getMsg HTTP/1.1" 200 27
101.83.145.37 - - [05/Aug/2023:08:58:43 +0800] "GET /xingrg/all/function/internal_message.html?_=1691197123862&CODE_STATE=getMsg HTTP/1.1" 200 27
222.70.180.200 - - [05/Aug/2023:08:58:44 +0800] "GET /xingrg/all/function/internal_message.html?_=1691197123503&CODE_STATE=getMsg HTTP/1.1" 200 27
222.70.180.200 - - [05/Aug/2023:08:58:46 +0800] "GET /xingrg/kc/mdqp/pssh_order_list.html?isBack=1 HTTP/1.1" 200 17923
222.70.180.200 - - [05/Aug/2023:08:58:46 +0800] "POST /xingrg/kc/mdqp/pssh_list_operate.html HTTP/1.1" 200 5228
101.83.145.37 - - [05/Aug/2023:08:58:48 +0800] "GET /xingrg/kc/buy/cgsh_order_operate.html?command=get_materiel&rest_code=00105&code=00101008114&supplier_code=00100203&order_time=2023-08-05 HTTP/1.1" 200 412
116.238.191.126 - - [05/Aug/2023:08:58:51 +0800] "GET /xingrg/all/function/internal_message.html?_=1691197006009&CODE_STATE=getMsg HTTP/1.1" 200 27
222.69.130.53 - - [05/Aug/2023:08:58:52 +0800] "GET /xingrg/kc/buy/cgsh_order_operate.html?command=get_materiel&rest_code=00149&code=00101008257&supplier_code=00100008&order_time=2023-08-05 HTTP/1.1" 200 416
120.253.135.82 - - [05/Aug/2023:08:58:54 +0800] "GET /xingrg/all/function/internal_message.html?_=1691196954780&CODE_STATE=getMsg HTTP/1.1" 200 27
116.232.195.127 - - [05/Aug/2023:08:58:56 +0800] "GET /xingrg/all/function/internal_message.html?_=1691197070259&CODE_STATE=getMsg HTTP/1.1" 200 27
101.83.145.37 - - [05/Aug/2023:08:58:57 +0800] "GET /xingrg/kc/buy/cgsh_order_operate.html?command=get_materiel&rest_code=00105&code=00101008089&supplier_code=00100203&order_time=2023-08-05 HTTP/1.1" 200 408
116.232.195.127 - - [05/Aug/2023:08:58:59 +0800] "GET /xingrg/all/function/internal_message.html?_=1691197072482&CODE_STATE=getMsg HTTP/1.1" 200 27
101.83.145.37 - - [05/Aug/2023:08:59:06 +0800] "GET /xingrg/all/function/internal_message.html?_=1691196951610&CODE_STATE=getMsg HTTP/1.1" 200 27
101.83.145.37 - - [05/Aug/2023:08:59:10 +0800] "GET /xingrg/kc/buy/cgsh_order_operate.html?command=get_materiel&rest_code=00105&code=00101008288&supplier_code=00100203&order_time=2023-08-05 HTTP/1.1" 200 408
124.78.155.92 - - [05/Aug/2023:08:59:11 +0800] "GET /xingrg/kc/buy/cgsh_order_operate.html?command=get_materiel&rest_code=00106&code=00101008350&supplier_code=00100007&order_time=2023-08-05 HTTP/1.1" 200 408
222.69.130.229 - - [05/Aug/2023:08:59:11 +0800] "GET /xingrg/all/function/internal_message.html?_=1691197283655&CODE_STATE=getMsg HTTP/1.1" 200 27
222.70.180.200 - - [05/Aug/2023:08:59:12 +0800] "POST /xingrg/kc/mdqp/pssh_list_operate.html HTTP/1.1" 200 256
222.70.180.200 - - [05/Aug/2023:08:59:16 +0800] "POST /xingrg/kc/mdqp/pssh_list_operate.html HTTP/1.1" 200 814
222.70.180.200 - - [05/Aug/2023:08:59:16 +0800] "GET /xingrg/kc/mdqp/pssh_order_info.html?code=312023080500126 HTTP/1.1" 200 17244
222.70.180.200 - - [05/Aug/2023:08:59:16 +0800] "GET /xingrg/javascript/jquery_tools/jquery-1.4.2.min.js HTTP/1.1" 404 1094
222.70.180.200 - - [05/Aug/2023:08:59:16 +0800] "GET /xingrg/javascript/easyui/themes/default/validatebox.css HTTP/1.1" 404 1104
222.70.180.200 - - [05/Aug/2023:08:59:16 +0800] "POST /xingrg/kc/mdqp/pssh_order_operate.html HTTP/1.1" 200 526
180.152.241.196 - - [05/Aug/2023:08:59:17 +0800] "GET /xingrg/all/function/internal_message.html?_=1691197159018&CODE_STATE=getMsg HTTP/1.1" 200 27
180.152.241.196 - - [05/Aug/2023:08:59:19 +0800] "GET /xingrg/all/function/internal_message.html?_=1691197160662&CODE_STATE=getMsg HTTP/1.1" 200 27
114.85.113.108 - - [05/Aug/2023:08:59:20 +0800] "GET /xingrg/all/function/internal_message.html?_=1691197159871&CODE_STATE=getMsg HTTP/1.1" 200 27
101.83.145.37 - - [05/Aug/2023:08:59:21 +0800] "GET /xingrg/kc/buy/cgsh_order_operate.html?command=get_materiel&rest_code=00105&code=00101008175&supplier_code=00100203&order_time=2023-08-05 HTTP/1.1" 200 412
124.78.155.92 - - [05/Aug/2023:08:59:23 +0800] "GET /xingrg/kc/buy/cgsh_order_operate.html?command=get_materiel&rest_code=00106&code=00101008229&supplier_code=00100007&order_time=2023-08-05 HTTP/1.1" 200 420
222.70.180.200 - - [05/Aug/2023:08:59:27 +0800] "GET /xingrg/kc/mdqp/pssh_order_list.html?isBack=1 HTTP/1.1" 200 17923
222.70.180.200 - - [05/Aug/2023:08:59:27 +0800] "POST /xingrg/kc/mdqp/pssh_list_operate.html HTTP/1.1" 200 5228
124.77.240.204 - - [05/Aug/2023:08:59:29 +0800] "GET /xingrg/all/function/internal_message.html?_=1691197167615&CODE_STATE=getMsg HTTP/1.1" 200 27
222.69.130.53 - - [05/Aug/2023:08:59:32 +0800] "GET /xingrg/kc/buy/cgsh_order_operate.html?command=get_materiel&rest_code=00149&code=00101008331&supplier_code=00100008&order_time=2023-08-05 HTTP/1.1" 200 416
124.78.155.92 - - [05/Aug/2023:08:59:33 +0800] "GET /xingrg/kc/buy/cgsh_order_operate.html?command=get_materiel&rest_code=00106&code=00101008096&supplier_code=00100007&order_time=2023-08-05 HTTP/1.1" 200 412
101.83.145.37 - - [05/Aug/2023:08:59:34 +0800] "GET /xingrg/kc/buy/cgsh_order_operate.html?command=get_materiel&rest_code=00105&code=00101008072&supplier_code=00100203&order_time=2023-08-05 HTTP/1.1" 200 408
222.69.130.53 - - [05/Aug/2023:08:59:35 +0800] "GET /xingrg/all/function/internal_message.html?_=1691197174678&CODE_STATE=getMsg HTTP/1.1" 200 27
180.163.29.234 - - [05/Aug/2023:08:59:38 +0800] "GET /xingrg/all/function/internal_message.html?_=1691197113927&CODE_STATE=getMsg HTTP/1.1" 302 -
124.78.155.92 - - [05/Aug/2023:08:59:38 +0800] "GET /xingrg/all/function/internal_message.html?_=1691197173916&CODE_STATE=getMsg HTTP/1.1" 200 27
180.163.29.234 - - [05/Aug/2023:08:59:38 +0800] "GET /xingrg/login.html HTTP/1.1" 200 7641
124.77.240.204 - - [05/Aug/2023:08:59:39 +0800] "GET /xingrg/all/function/internal_message.html?_=1691197180439&CODE_STATE=getMsg HTTP/1.1" 200 27
124.78.70.128 - - [05/Aug/2023:08:59:42 +0800] "GET /xingrg/all/function/internal_message.html?_=1691196647842&CODE_STATE=getMsg HTTP/1.1" 200 27
101.83.145.37 - - [05/Aug/2023:08:59:43 +0800] "GET /xingrg/all/function/internal_message.html?_=1691197183817&CODE_STATE=getMsg HTTP/1.1" 200 27
222.70.180.200 - - [05/Aug/2023:08:59:44 +0800] "GET /xingrg/check_reg.html?_=1691197183477 HTTP/1.1" 200 22
222.70.180.200 - - [05/Aug/2023:08:59:44 +0800] "GET /xingrg/all/function/internal_message.html?_=1691197183483&CODE_STATE=getMsg HTTP/1.1" 200 27
120.253.135.82 - - [05/Aug/2023:08:59:49 +0800] "GET /xingrg/kc/pszx/mdqp_order_list.html?state=10 HTTP/1.1" 200 10275
120.253.135.82 - - [05/Aug/2023:08:59:49 +0800] "GET /xingrg/dwr/interface/AjaxQqpsService.js HTTP/1.1" 200 16326
120.253.135.82 - - [05/Aug/2023:08:59:49 +0800] "GET /xingrg/dwr/interface/AjaxReportQueryService.js HTTP/1.1" 200 13203
120.253.135.82 - - [05/Aug/2023:08:59:49 +0800] "GET /xingrg/dwr/engine.js HTTP/1.1" 200 43631
101.83.145.37 - - [05/Aug/2023:08:59:50 +0800] "GET /xingrg/kc/buy/cgsh_order_operate.html?command=get_materiel&rest_code=00105&code=00101008210&supplier_code=00100203&order_time=2023-08-05 HTTP/1.1" 200 408
116.238.191.126 - - [05/Aug/2023:08:59:51 +0800] "GET /xingrg/all/function/internal_message.html?_=1691197066010&CODE_STATE=getMsg HTTP/1.1" 200 27
124.78.155.92 - - [05/Aug/2023:08:59:52 +0800] "POST /xingrg/kc/buy/cgsh_order_operate.html HTTP/1.1" 200 2065
120.253.135.82 - - [05/Aug/2023:08:59:54 +0800] "GET /xingrg/all/function/internal_message.html?_=1691197014794&CODE_STATE=getMsg HTTP/1.1" 200 27
116.232.195.127 - - [05/Aug/2023:08:59:56 +0800] "GET /xingrg/all/function/internal_message.html?_=1691197130264&CODE_STATE=getMsg HTTP/1.1" 200 27
116.232.195.127 - - [05/Aug/2023:08:59:59 +0800] "GET /xingrg/all/function/internal_message.html?_=1691197132472&CODE_STATE=getMsg HTTP/1.1" 200 27
101.83.145.37 - - [05/Aug/2023:09:00:06 +0800] "GET /xingrg/all/function/internal_message.html?_=1691197011600&CODE_STATE=getMsg HTTP/1.1" 200 27
124.78.155.92 - - [05/Aug/2023:09:00:07 +0800] "GET /xingrg/check_reg.html?_=1691197202978 HTTP/1.1" 200 22
101.83.145.37 - - [05/Aug/2023:09:00:07 +0800] "GET /xingrg/kc/buy/cgsh_order_operate.html?command=get_materiel&rest_code=00105&code=00101008149&supplier_code=00100203&order_time=2023-08-05 HTTP/1.1" 200 408
180.163.29.219 - - [05/Aug/2023:09:00:08 +0800] "GET /xingrg/kc/buy/cgsh_order_operate.html?command=get_materiel&rest_code=00106&code=00101008350&supplier_code=00100007&order_time=2023-08-05 HTTP/1.1" 302 -
180.163.29.219 - - [05/Aug/2023:09:00:08 +0800] "GET /xingrg/login.html HTTP/1.1" 200 7641
222.69.130.229 - - [05/Aug/2023:09:00:11 +0800] "GET /xingrg/all/function/internal_message.html?_=1691197343647&CODE_STATE=getMsg HTTP/1.1" 200 27
101.83.145.37 - - [05/Aug/2023:09:00:15 +0800] "GET /xingrg/kc/buy/cgsh_order_operate.html?command=get_materiel&rest_code=00105&code=00101008354&supplier_code=00100203&order_time=2023-08-05 HTTP/1.1" 200 412
180.152.241.196 - - [05/Aug/2023:09:00:17 +0800] "GET /xingrg/all/function/internal_message.html?_=1691197219020&CODE_STATE=getMsg HTTP/1.1" 200 27
180.152.241.196 - - [05/Aug/2023:09:00:19 +0800] "GET /xingrg/all/function/internal_message.html?_=1691197220633&CODE_STATE=getMsg HTTP/1.1" 200 27
180.152.241.196 - - [05/Aug/2023:09:00:20 +0800] "GET /xingrg/check_reg.html?_=1691197221308 HTTP/1.1" 200 22
114.85.113.108 - - [05/Aug/2023:09:00:20 +0800] "GET /xingrg/all/function/internal_message.html?_=1691197219879&CODE_STATE=getMsg HTTP/1.1" 200 27
222.69.130.53 - - [05/Aug/2023:09:00:21 +0800] "GET /xingrg/kc/buy/cgsh_order_operate.html?command=get_materiel&rest_code=00149&code=00101008350&supplier_code=00100008&order_time=2023-08-05 HTTP/1.1" 200 408
101.83.145.37 - - [05/Aug/2023:09:00:25 +0800] "GET /xingrg/kc/buy/cgsh_order_operate.html?command=get_materiel&rest_code=00105&code=00101008246&supplier_code=00100203&order_time=2023-08-05 HTTP/1.1" 200 408
124.77.240.204 - - [05/Aug/2023:09:00:29 +0800] "GET /xingrg/all/function/internal_message.html?_=1691197227632&CODE_STATE=getMsg HTTP/1.1" 200 27
222.69.130.53 - - [05/Aug/2023:09:00:35 +0800] "GET /xingrg/all/function/internal_message.html?_=1691197234711&CODE_STATE=getMsg HTTP/1.1" 200 27
124.78.155.92 - - [05/Aug/2023:09:00:35 +0800] "GET /xingrg/kc/buy/cgsh_order_operate.html?command=get_materiel&rest_code=00106&code=00101008223&supplier_code=00100007&order_time=2023-08-05 HTTP/1.1" 200 412
124.78.155.92 - - [05/Aug/2023:09:00:38 +0800] "GET /xingrg/all/function/internal_message.html?_=1691197233897&CODE_STATE=getMsg HTTP/1.1" 200 27
101.83.145.37 - - [05/Aug/2023:09:00:38 +0800] "GET /xingrg/kc/buy/cgsh_order_operate.html?command=get_materiel&rest_code=00105&code=00101008201&supplier_code=00100203&order_time=2023-08-05 HTTP/1.1" 200 412
124.77.240.204 - - [05/Aug/2023:09:00:39 +0800] "GET /xingrg/all/function/internal_message.html?_=1691197240440&CODE_STATE=getMsg HTTP/1.1" 200 27
124.78.70.128 - - [05/Aug/2023:09:00:42 +0800] "GET /xingrg/all/function/internal_message.html?_=1691196707841&CODE_STATE=getMsg HTTP/1.1" 200 27
101.83.145.37 - - [05/Aug/2023:09:00:44 +0800] "GET /xingrg/all/function/internal_message.html?_=1691197243943&CODE_STATE=getMsg HTTP/1.1" 200 27
222.70.180.200 - - [05/Aug/2023:09:00:44 +0800] "GET /xingrg/all/function/internal_message.html?_=1691197243469&CODE_STATE=getMsg HTTP/1.1" 200 27
222.69.130.53 - - [05/Aug/2023:09:00:44 +0800] "GET /xingrg/kc/buy/cgsh_order_operate.html?command=get_materiel&rest_code=00149&code=00101008185&supplier_code=00100008&order_time=2023-08-05 HTTP/1.1" 200 408
124.78.155.92 - - [05/Aug/2023:09:00:47 +0800] "GET /xingrg/kc/buy/cgsh_order_operate.html?command=get_materiel&rest_code=00106&code=00101008439&supplier_code=00100007&order_time=2023-08-05 HTTP/1.1" 200 413
101.83.145.37 - - [05/Aug/2023:09:00:50 +0800] "GET /xingrg/kc/buy/cgsh_order_operate.html?command=get_materiel&rest_code=00105&code=00101008355&supplier_code=00100203&order_time=2023-08-05 HTTP/1.1" 200 408
116.238.191.126 - - [05/Aug/2023:09:00:50 +0800] "GET /xingrg/check_reg.html?_=1691197125561 HTTP/1.1" 200 22
116.238.191.126 - - [05/Aug/2023:09:00:51 +0800] "GET /xingrg/all/function/internal_message.html?_=1691197126025&CODE_STATE=getMsg HTTP/1.1" 200 27
120.253.135.82 - - [05/Aug/2023:09:00:54 +0800] "GET /xingrg/all/function/internal_message.html?_=1691197074881&CODE_STATE=getMsg HTTP/1.1" 200 27
124.78.70.128 - - [05/Aug/2023:09:00:55 +0800] "POST /xingrg/services/DataTransmitService HTTP/1.1" 200 524
180.152.241.196 - - [05/Aug/2023:09:00:56 +0800] "GET /xingrg/kc/mdqp/qqps_order_list.html HTTP/1.1" 200 9668
180.152.241.196 - - [05/Aug/2023:09:00:56 +0800] "GET /xingrg/dwr/interface/AjaxQqpsService.js HTTP/1.1" 200 16326
180.152.241.196 - - [05/Aug/2023:09:00:56 +0800] "GET /xingrg/dwr/interface/AjaxReportQueryService.js HTTP/1.1" 200 13203
180.152.241.196 - - [05/Aug/2023:09:00:56 +0800] "GET /xingrg/dwr/engine.js HTTP/1.1" 200 43631
116.232.195.127 - - [05/Aug/2023:09:00:56 +0800] "GET /xingrg/all/function/internal_message.html?_=1691197190266&CODE_STATE=getMsg HTTP/1.1" 200 27
116.232.195.127 - - [05/Aug/2023:09:00:59 +0800] "GET /xingrg/all/function/internal_message.html?_=1691197192478&CODE_STATE=getMsg HTTP/1.1" 200 27
116.232.195.127 - - [05/Aug/2023:09:00:59 +0800] "GET /xingrg/check_reg.html?_=1691197192482 HTTP/1.1" 200 22
222.70.180.200 - - [05/Aug/2023:09:01:00 +0800] "POST /xingrg/kc/mdqp/pssh_list_operate.html HTTP/1.1" 200 782
222.70.180.200 - - [05/Aug/2023:09:01:02 +0800] "POST /xingrg/kc/mdqp/pssh_list_operate.html HTTP/1.1" 200 814
222.70.180.200 - - [05/Aug/2023:09:01:02 +0800] "GET /xingrg/kc/mdqp/pssh_order_info.html?code=312023080500121 HTTP/1.1" 200 17275
222.70.180.200 - - [05/Aug/2023:09:01:02 +0800] "GET /xingrg/javascript/jquery_tools/jquery-1.4.2.min.js HTTP/1.1" 404 1094
222.70.180.200 - - [05/Aug/2023:09:01:02 +0800] "GET /xingrg/javascript/easyui/themes/default/validatebox.css HTTP/1.1" 404 1104
222.70.180.200 - - [05/Aug/2023:09:01:02 +0800] "POST /xingrg/kc/mdqp/pssh_order_operate.html HTTP/1.1" 200 10482
101.83.145.37 - - [05/Aug/2023:09:01:05 +0800] "GET /xingrg/kc/buy/cgsh_order_operate.html?command=get_materiel&rest_code=00105&code=00101008357&supplier_code=00100203&order_time=2023-08-05 HTTP/1.1" 200 408
101.83.145.37 - - [05/Aug/2023:09:01:06 +0800] "GET /xingrg/all/function/internal_message.html?_=1691197071611&CODE_STATE=getMsg HTTP/1.1" 200 27
101.83.145.37 - - [05/Aug/2023:09:01:08 +0800] "POST /xingrg/kc/buy/cgsh_order_operate.html HTTP/1.1" 200 2065
222.69.130.229 - - [05/Aug/2023:09:01:11 +0800] "GET /xingrg/all/function/internal_message.html?_=1691197403653&CODE_STATE=getMsg HTTP/1.1" 200 27
222.69.130.53 - - [05/Aug/2023:09:01:16 +0800] "GET /xingrg/kc/buy/cgsh_order_operate.html?command=get_materiel&rest_code=00149&code=00101008351&supplier_code=00100008&order_time=2023-08-05 HTTP/1.1" 200 408
180.152.241.196 - - [05/Aug/2023:09:01:17 +0800] "GET /xingrg/check_reg.html?_=1691197279022 HTTP/1.1" 200 22
180.152.241.196 - - [05/Aug/2023:09:01:17 +0800] "GET /xingrg/all/function/internal_message.html?_=1691197279025&CODE_STATE=getMsg HTTP/1.1" 200 27
180.152.241.196 - - [05/Aug/2023:09:01:19 +0800] "GET /xingrg/all/function/internal_message.html?_=1691197280609&CODE_STATE=getMsg HTTP/1.1" 200 27
114.85.113.108 - - [05/Aug/2023:09:01:20 +0800] "GET /xingrg/all/function/internal_message.html?_=1691197279873&CODE_STATE=getMsg HTTP/1.1" 200 27
222.70.180.200 - - [05/Aug/2023:09:01:21 +0800] "GET /xingrg/kc/mdqp/pssh_order_list.html?isBack=1 HTTP/1.1" 200 17923
222.70.180.200 - - [05/Aug/2023:09:01:21 +0800] "POST /xingrg/kc/mdqp/pssh_list_operate.html HTTP/1.1" 200 5228
222.70.180.200 - - [05/Aug/2023:09:01:24 +0800] "POST /xingrg/kc/mdqp/pssh_list_operate.html HTTP/1.1" 200 256
