116.230.117.43 - - [02/Aug/2023:09:03:27 +0800] "GET /xingrg/javascript/easyui/plugins/jquery.validatebox.js HTTP/1.1" 304 -
116.230.117.43 - - [02/Aug/2023:09:03:27 +0800] "GET /xingrg/javascript/easyui/plugins/jquery.numberbox.js HTTP/1.1" 304 -
116.230.117.43 - - [02/Aug/2023:09:03:27 +0800] "GET /xingrg/all/common/auto_word.html?type=employee&rest_code=00146 HTTP/1.1" 200 101
116.230.117.43 - - [02/Aug/2023:09:03:27 +0800] "GET /xingrg/all/common/auto_word.html?type=employee&rest_code=00146 HTTP/1.1" 200 101
114.83.222.132 - - [02/Aug/2023:09:03:31 +0800] "GET /xingrg/all/function/internal_message.html?_=1690938211988&CODE_STATE=getMsg HTTP/1.1" 200 27
58.40.7.146 - - [02/Aug/2023:09:03:32 +0800] "GET /xingrg/all/function/internal_message.html?_=1690938212327&CODE_STATE=getMsg HTTP/1.1" 200 27
58.40.7.146 - - [02/Aug/2023:09:03:32 +0800] "GET /xingrg/check_reg.html?_=1690938212327 HTTP/1.1" 200 22
124.79.243.110 - - [02/Aug/2023:09:03:40 +0800] "GET /xingrg/all/function/internal_message.html?_=1690938219934&CODE_STATE=getMsg HTTP/1.1" 200 27
114.83.222.132 - - [02/Aug/2023:09:03:41 +0800] "GET /xingrg/kc/buy/cgsh_order_operate.html?command=get_materiel&rest_code=00149&code=00101009015&supplier_code=00100008&order_time=2023-08-02 HTTP/1.1" 200 416
116.232.195.127 - - [02/Aug/2023:09:03:46 +0800] "GET /xingrg/all/function/internal_message.html?_=1690938167157&CODE_STATE=getMsg HTTP/1.1" 200 27
116.238.191.126 - - [02/Aug/2023:09:03:49 +0800] "GET /xingrg/check_reg.html?_=1690938107683 HTTP/1.1" 200 22
116.238.191.126 - - [02/Aug/2023:09:03:50 +0800] "GET /xingrg/all/function/internal_message.html?_=1690938108188&CODE_STATE=getMsg HTTP/1.1" 200 27
116.230.117.43 - - [02/Aug/2023:09:03:52 +0800] "POST /xingrg/kc/buy/cgsh_list_operate.html HTTP/1.1" 200 573
101.83.145.37 - - [02/Aug/2023:09:03:56 +0800] "GET /xingrg/all/function/internal_message.html?_=1690938043537&CODE_STATE=getMsg HTTP/1.1" 200 27
222.70.180.90 - - [02/Aug/2023:09:03:57 +0800] "GET /xingrg/all/function/internal_message.html?_=1690938236711&CODE_STATE=getMsg HTTP/1.1" 200 27
116.230.117.43 - - [02/Aug/2023:09:03:58 +0800] "GET /xingrg/kc/buy/cgsh_order_info.html?code=212023080200409 HTTP/1.1" 200 71771
222.70.180.90 - - [02/Aug/2023:09:03:58 +0800] "GET /xingrg/check_reg.html?_=1690938237214 HTTP/1.1" 200 22
116.230.117.43 - - [02/Aug/2023:09:03:58 +0800] "GET /xingrg/javascript/easyui/themes/default/validatebox.css HTTP/1.1" 404 1104
222.64.144.188 - - [02/Aug/2023:09:03:58 +0800] "GET /xingrg/all/function/internal_message.html?_=1690938238135&CODE_STATE=getMsg HTTP/1.1" 200 27
116.230.117.43 - - [02/Aug/2023:09:03:59 +0800] "POST /xingrg/kc/buy/cgsh_order_operate.html HTTP/1.1" 200 15089
180.152.241.196 - - [02/Aug/2023:09:04:03 +0800] "GET /xingrg/all/function/internal_message.html?_=1690938247062&CODE_STATE=getMsg HTTP/1.1" 200 27
116.230.117.43 - - [02/Aug/2023:09:04:03 +0800] "GET /xingrg/javascript/auto/indicator.gif HTTP/1.1" 404 1066
124.79.243.110 - - [02/Aug/2023:09:04:03 +0800] "GET /xingrg/all/function/internal_message.html?_=1690938531963&CODE_STATE=getMsg HTTP/1.1" 200 27
114.83.222.132 - - [02/Aug/2023:09:04:03 +0800] "GET /xingrg/kc/buy/cgsh_order_operate.html?command=get_materiel&rest_code=00149&code=00101009011&supplier_code=00100008&order_time=2023-08-02 HTTP/1.1" 200 416
116.230.117.43 - - [02/Aug/2023:09:04:07 +0800] "GET /xingrg/all/function/internal_message.html?_=1690938256806&CODE_STATE=getMsg HTTP/1.1" 200 27
101.83.145.37 - - [02/Aug/2023:09:04:11 +0800] "GET /xingrg/all/function/internal_message.html?_=1690938251173&CODE_STATE=getMsg HTTP/1.1" 200 27
116.230.117.43 - - [02/Aug/2023:09:04:14 +0800] "GET /xingrg/kc/buy/cgsh_order_operate.html?command=get_materiel&rest_code=00146&code=00101008095&supplier_code=00100005&order_time=2023-08-02 HTTP/1.1" 200 412
114.83.222.132 - - [02/Aug/2023:09:04:31 +0800] "GET /xingrg/all/function/internal_message.html?_=1690938271976&CODE_STATE=getMsg HTTP/1.1" 200 27
58.40.7.146 - - [02/Aug/2023:09:04:32 +0800] "GET /xingrg/all/function/internal_message.html?_=1690938272329&CODE_STATE=getMsg HTTP/1.1" 200 27
116.230.117.43 - - [02/Aug/2023:09:04:34 +0800] "GET /xingrg/kc/buy/cgsh_order_operate.html?command=get_materiel&rest_code=00146&code=00101008674&supplier_code=00100005&order_time=2023-08-02 HTTP/1.1" 200 412
124.79.243.110 - - [02/Aug/2023:09:04:40 +0800] "GET /xingrg/all/function/internal_message.html?_=1690938279920&CODE_STATE=getMsg HTTP/1.1" 200 27
116.232.195.127 - - [02/Aug/2023:09:04:46 +0800] "GET /xingrg/all/function/internal_message.html?_=1690938227135&CODE_STATE=getMsg HTTP/1.1" 200 27
116.238.191.126 - - [02/Aug/2023:09:04:50 +0800] "GET /xingrg/all/function/internal_message.html?_=1690938168201&CODE_STATE=getMsg HTTP/1.1" 200 27
101.83.145.37 - - [02/Aug/2023:09:04:56 +0800] "GET /xingrg/all/function/internal_message.html?_=1690938103548&CODE_STATE=getMsg HTTP/1.1" 200 27
222.70.180.90 - - [02/Aug/2023:09:04:57 +0800] "GET /xingrg/all/function/internal_message.html?_=1690938296683&CODE_STATE=getMsg HTTP/1.1" 200 27
124.79.243.110 - - [02/Aug/2023:09:04:58 +0800] "GET /xingrg/check_reg.html?_=1690938586403 HTTP/1.1" 200 22
222.64.144.188 - - [02/Aug/2023:09:04:58 +0800] "GET /xingrg/all/function/internal_message.html?_=1690938298138&CODE_STATE=getMsg HTTP/1.1" 200 27
116.232.195.127 - - [02/Aug/2023:09:04:59 +0800] "GET /xingrg/check_reg.html?_=1690938240114 HTTP/1.1" 200 22
180.152.241.196 - - [02/Aug/2023:09:05:03 +0800] "GET /xingrg/all/function/internal_message.html?_=1690938307047&CODE_STATE=getMsg HTTP/1.1" 200 27
124.79.243.110 - - [02/Aug/2023:09:05:03 +0800] "GET /xingrg/all/function/internal_message.html?_=1690938591937&CODE_STATE=getMsg HTTP/1.1" 200 27
114.83.222.132 - - [02/Aug/2023:09:05:07 +0800] "POST /xingrg/kc/buy/cgsh_order_operate.html HTTP/1.1" 200 37
116.230.117.43 - - [02/Aug/2023:09:05:07 +0800] "GET /xingrg/all/function/internal_message.html?_=1690938316818&CODE_STATE=getMsg HTTP/1.1" 200 27
101.83.145.37 - - [02/Aug/2023:09:05:11 +0800] "GET /xingrg/all/function/internal_message.html?_=1690938311143&CODE_STATE=getMsg HTTP/1.1" 200 27
101.83.145.37 - - [02/Aug/2023:09:05:18 +0800] "GET /xingrg/kc/buy/cgsh_order_operate.html?command=get_materiel&rest_code=00105&code=00101008185&supplier_code=00100203&order_time=2023-08-02 HTTP/1.1" 200 408
114.83.222.132 - - [02/Aug/2023:09:05:26 +0800] "POST /xingrg/kc/buy/cgsh_order_operate.html HTTP/1.1" 200 12
114.83.222.132 - - [02/Aug/2023:09:05:31 +0800] "GET /xingrg/all/function/internal_message.html?_=1690938331976&CODE_STATE=getMsg HTTP/1.1" 200 27
114.83.222.132 - - [02/Aug/2023:09:05:31 +0800] "GET /xingrg/kc/buy/cgsh_order_info.html?code=212023080200411 HTTP/1.1" 200 66759
114.83.222.132 - - [02/Aug/2023:09:05:32 +0800] "GET /xingrg/javascript/easyui/themes/default/validatebox.css HTTP/1.1" 404 1104
58.40.7.146 - - [02/Aug/2023:09:05:32 +0800] "GET /xingrg/all/function/internal_message.html?_=1690938332330&CODE_STATE=getMsg HTTP/1.1" 200 27
114.83.222.132 - - [02/Aug/2023:09:05:39 +0800] "POST /xingrg/kc/buy/cgsh_order_operate.html HTTP/1.1" 200 15
101.83.145.37 - - [02/Aug/2023:09:05:39 +0800] "POST /xingrg/kc/buy/cgsh_order_operate.html HTTP/1.1" 200 37
124.79.243.110 - - [02/Aug/2023:09:05:40 +0800] "GET /xingrg/all/function/internal_message.html?_=1690938339893&CODE_STATE=getMsg HTTP/1.1" 200 27
116.230.117.43 - - [02/Aug/2023:09:05:41 +0800] "GET /xingrg/kc/buy/cgsh_order_operate.html?command=get_materiel&rest_code=00146&code=00101008175&supplier_code=00100005&order_time=2023-08-02 HTTP/1.1" 200 412
101.83.145.37 - - [02/Aug/2023:09:05:42 +0800] "POST /xingrg/kc/buy/cgsh_order_operate.html HTTP/1.1" 200 25154
114.83.217.26 - - [02/Aug/2023:09:05:43 +0800] "GET /favicon.ico HTTP/1.1" 404 -
101.83.145.37 - - [02/Aug/2023:09:05:45 +0800] "GET /xingrg/kc/print/load_data.html?order_code=212023080200410&kc_code=cgsh&condition= HTTP/1.1" 200 9161
116.232.195.127 - - [02/Aug/2023:09:05:46 +0800] "GET /xingrg/all/function/internal_message.html?_=1690938287130&CODE_STATE=getMsg HTTP/1.1" 200 27
116.238.191.126 - - [02/Aug/2023:09:05:50 +0800] "GET /xingrg/all/function/internal_message.html?_=1690938228214&CODE_STATE=getMsg HTTP/1.1" 200 27
101.83.145.37 - - [02/Aug/2023:09:05:50 +0800] "GET /xingrg/kc/buy/cgsh_order_add.html HTTP/1.1" 200 71844
101.83.145.37 - - [02/Aug/2023:09:05:51 +0800] "GET /xingrg/javascript/easyui/themes/default/validatebox.css HTTP/1.1" 404 1104
101.83.145.37 - - [02/Aug/2023:09:05:51 +0800] "POST /xingrg/kc/buy/cgsh_order_operate.html HTTP/1.1" 200 8245
101.83.145.37 - - [02/Aug/2023:09:05:56 +0800] "GET /xingrg/all/function/internal_message.html?_=1690938163548&CODE_STATE=getMsg HTTP/1.1" 200 27
222.70.180.90 - - [02/Aug/2023:09:05:57 +0800] "GET /xingrg/all/function/internal_message.html?_=1690938356665&CODE_STATE=getMsg HTTP/1.1" 200 27
222.64.144.188 - - [02/Aug/2023:09:05:58 +0800] "GET /xingrg/all/function/internal_message.html?_=1690938358139&CODE_STATE=getMsg HTTP/1.1" 200 27
124.79.243.110 - - [02/Aug/2023:09:06:01 +0800] "GET /xingrg/check_reg.html?_=1690938360628 HTTP/1.1" 200 22
180.152.241.196 - - [02/Aug/2023:09:06:03 +0800] "GET /xingrg/all/function/internal_message.html?_=1690938367031&CODE_STATE=getMsg HTTP/1.1" 200 27
101.83.145.37 - - [02/Aug/2023:09:06:03 +0800] "GET /xingrg/kc/buy/cgsh_order_operate.html?command=get_materiel&rest_code=00105&code=00101016100&supplier_code=00100034&order_time=2023-08-02 HTTP/1.1" 200 412
124.79.243.110 - - [02/Aug/2023:09:06:03 +0800] "GET /xingrg/all/function/internal_message.html?_=1690938651914&CODE_STATE=getMsg HTTP/1.1" 200 27
116.230.117.43 - - [02/Aug/2023:09:06:07 +0800] "GET /xingrg/all/function/internal_message.html?_=1690938376865&CODE_STATE=getMsg HTTP/1.1" 200 27
101.83.145.37 - - [02/Aug/2023:09:06:11 +0800] "GET /xingrg/all/function/internal_message.html?_=1690938371155&CODE_STATE=getMsg HTTP/1.1" 200 27
101.83.145.37 - - [02/Aug/2023:09:06:11 +0800] "GET /xingrg/check_reg.html?_=1690938371192 HTTP/1.1" 200 22
101.83.145.37 - - [02/Aug/2023:09:06:18 +0800] "GET /xingrg/kc/buy/cgsh_order_operate.html?command=get_materiel&rest_code=00105&code=00101012029&supplier_code=00100034&order_time=2023-08-02 HTTP/1.1" 200 412
116.230.117.43 - - [02/Aug/2023:09:06:20 +0800] "GET /xingrg/kc/buy/cgsh_order_operate.html?command=get_materiel&rest_code=00146&code=00101008132&supplier_code=00100005&order_time=2023-08-02 HTTP/1.1" 200 408
116.230.117.43 - - [02/Aug/2023:09:06:26 +0800] "POST /xingrg/kc/buy/cgsh_order_operate.html HTTP/1.1" 200 2065
114.83.222.132 - - [02/Aug/2023:09:06:31 +0800] "GET /xingrg/check_reg.html?_=1690938391981 HTTP/1.1" 200 22
114.83.222.132 - - [02/Aug/2023:09:06:31 +0800] "GET /xingrg/all/function/internal_message.html?_=1690938391985&CODE_STATE=getMsg HTTP/1.1" 200 27
58.40.7.146 - - [02/Aug/2023:09:06:32 +0800] "GET /xingrg/all/function/internal_message.html?_=1690938392318&CODE_STATE=getMsg HTTP/1.1" 200 27
114.85.113.108 - - [02/Aug/2023:09:06:33 +0800] "GET /xingrg/check_reg.html?_=1690938389988 HTTP/1.1" 302 -
101.83.145.37 - - [02/Aug/2023:09:06:34 +0800] "GET /xingrg/kc/buy/cgsh_order_operate.html?command=get_materiel&rest_code=00105&code=00101012070&supplier_code=00100034&order_time=2023-08-02 HTTP/1.1" 200 413
116.230.117.43 - - [02/Aug/2023:09:06:36 +0800] "GET /xingrg/kc/buy/cgsh_order_operate.html?command=get_materiel&rest_code=00146&code=00101008244&supplier_code=00100005&order_time=2023-08-02 HTTP/1.1" 200 408
124.79.243.110 - - [02/Aug/2023:09:06:40 +0800] "GET /xingrg/all/function/internal_message.html?_=1690938399873&CODE_STATE=getMsg HTTP/1.1" 200 27
101.83.145.37 - - [02/Aug/2023:09:06:44 +0800] "GET /xingrg/kc/buy/cgsh_order_operate.html?command=get_materiel&rest_code=00105&code=00101016080&supplier_code=00100034&order_time=2023-08-02 HTTP/1.1" 200 408
180.152.241.196 - - [02/Aug/2023:09:06:46 +0800] "GET /xingrg/check_reg.html?_=1690938410448 HTTP/1.1" 200 22
116.232.195.127 - - [02/Aug/2023:09:06:46 +0800] "GET /xingrg/all/function/internal_message.html?_=1690938347107&CODE_STATE=getMsg HTTP/1.1" 200 27
116.238.191.126 - - [02/Aug/2023:09:06:50 +0800] "GET /xingrg/all/function/internal_message.html?_=1690938288266&CODE_STATE=getMsg HTTP/1.1" 200 27
101.83.145.37 - - [02/Aug/2023:09:06:56 +0800] "GET /xingrg/all/function/internal_message.html?_=1690938223549&CODE_STATE=getMsg HTTP/1.1" 200 27
222.70.180.90 - - [02/Aug/2023:09:06:57 +0800] "GET /xingrg/all/function/internal_message.html?_=1690938416646&CODE_STATE=getMsg HTTP/1.1" 200 27
222.64.144.188 - - [02/Aug/2023:09:06:58 +0800] "GET /xingrg/check_reg.html?_=1690938418141 HTTP/1.1" 200 22
222.64.144.188 - - [02/Aug/2023:09:06:58 +0800] "GET /xingrg/all/function/internal_message.html?_=1690938418146&CODE_STATE=getMsg HTTP/1.1" 200 27
116.230.117.43 - - [02/Aug/2023:09:06:59 +0800] "GET /xingrg/kc/buy/cgsh_order_operate.html?command=get_materiel&rest_code=00146&code=00101008354&supplier_code=00100005&order_time=2023-08-02 HTTP/1.1" 200 412
180.152.241.196 - - [02/Aug/2023:09:07:03 +0800] "GET /xingrg/all/function/internal_message.html?_=1690938427001&CODE_STATE=getMsg HTTP/1.1" 200 27
124.79.243.110 - - [02/Aug/2023:09:07:03 +0800] "GET /xingrg/all/function/internal_message.html?_=1690938711886&CODE_STATE=getMsg HTTP/1.1" 200 27
116.230.117.43 - - [02/Aug/2023:09:07:07 +0800] "GET /xingrg/all/function/internal_message.html?_=1690938436877&CODE_STATE=getMsg HTTP/1.1" 200 27
101.83.145.37 - - [02/Aug/2023:09:07:11 +0800] "GET /xingrg/all/function/internal_message.html?_=1690938431099&CODE_STATE=getMsg HTTP/1.1" 200 27
180.152.241.196 - - [02/Aug/2023:09:07:19 +0800] "GET /xingrg/check_reg.html?_=1690938440477 HTTP/1.1" 302 -
101.83.145.37 - - [02/Aug/2023:09:07:21 +0800] "POST /xingrg/kc/buy/cgsh_order_operate.html HTTP/1.1" 200 37
101.83.145.37 - - [02/Aug/2023:09:07:23 +0800] "POST /xingrg/kc/buy/cgsh_order_operate.html HTTP/1.1" 200 4428
116.230.117.43 - - [02/Aug/2023:09:07:26 +0800] "GET /xingrg/kc/buy/cgsh_order_operate.html?command=get_materiel&rest_code=00146&code=00101008028&supplier_code=00100005&order_time=2023-08-02 HTTP/1.1" 200 412
101.83.145.37 - - [02/Aug/2023:09:07:26 +0800] "GET /xingrg/kc/print/load_data.html?order_code=212023080200412&kc_code=cgsh&condition= HTTP/1.1" 200 1392
114.83.222.132 - - [02/Aug/2023:09:07:31 +0800] "GET /xingrg/all/function/internal_message.html?_=1690938451984&CODE_STATE=getMsg HTTP/1.1" 200 27
114.83.222.132 - - [02/Aug/2023:09:07:31 +0800] "GET /xingrg/kc/print/load_config.html?kc_code=cgsh HTTP/1.1" 200 1924
58.40.7.146 - - [02/Aug/2023:09:07:32 +0800] "GET /xingrg/all/function/internal_message.html?_=1690938452320&CODE_STATE=getMsg HTTP/1.1" 200 27
114.83.222.132 - - [02/Aug/2023:09:07:33 +0800] "GET /xingrg/kc/print/load_data.html?order_code=212023080200411&kc_code=cgsh&condition= HTTP/1.1" 200 12364
124.79.243.110 - - [02/Aug/2023:09:07:40 +0800] "GET /xingrg/all/function/internal_message.html?_=1690938459857&CODE_STATE=getMsg HTTP/1.1" 200 27
116.232.195.127 - - [02/Aug/2023:09:07:46 +0800] "GET /xingrg/all/function/internal_message.html?_=1690938407088&CODE_STATE=getMsg HTTP/1.1" 200 27
116.238.191.126 - - [02/Aug/2023:09:07:50 +0800] "GET /xingrg/all/function/internal_message.html?_=1690938348274&CODE_STATE=getMsg HTTP/1.1" 200 27
101.83.145.37 - - [02/Aug/2023:09:07:56 +0800] "GET /xingrg/all/function/internal_message.html?_=1690938283549&CODE_STATE=getMsg HTTP/1.1" 200 27
101.83.145.37 - - [02/Aug/2023:09:07:56 +0800] "GET /xingrg/check_reg.html?_=1690938283552 HTTP/1.1" 200 22
222.70.180.90 - - [02/Aug/2023:09:07:57 +0800] "GET /xingrg/all/function/internal_message.html?_=1690938476629&CODE_STATE=getMsg HTTP/1.1" 200 27
222.64.144.188 - - [02/Aug/2023:09:07:58 +0800] "GET /xingrg/all/function/internal_message.html?_=1690938478147&CODE_STATE=getMsg HTTP/1.1" 200 27
180.152.241.196 - - [02/Aug/2023:09:08:03 +0800] "GET /xingrg/all/function/internal_message.html?_=1690938486985&CODE_STATE=getMsg HTTP/1.1" 200 27
124.79.243.110 - - [02/Aug/2023:09:08:03 +0800] "GET /xingrg/all/function/internal_message.html?_=1690938771863&CODE_STATE=getMsg HTTP/1.1" 200 27
116.230.117.43 - - [02/Aug/2023:09:08:07 +0800] "GET /xingrg/check_reg.html?_=1690938496796 HTTP/1.1" 200 22
116.230.117.43 - - [02/Aug/2023:09:08:07 +0800] "GET /xingrg/all/function/internal_message.html?_=1690938496890&CODE_STATE=getMsg HTTP/1.1" 200 27
116.230.117.43 - - [02/Aug/2023:09:08:09 +0800] "GET /xingrg/kc/buy/cgsh_order_operate.html?command=get_materiel&rest_code=00146&code=00101008403&supplier_code=00100005&order_time=2023-08-02 HTTP/1.1" 200 412
101.83.145.37 - - [02/Aug/2023:09:08:11 +0800] "GET /xingrg/all/function/internal_message.html?_=1690938491080&CODE_STATE=getMsg HTTP/1.1" 200 27
116.230.117.43 - - [02/Aug/2023:09:08:30 +0800] "GET /xingrg/kc/buy/cgsh_order_operate.html?command=get_materiel&rest_code=00146&code=00101008290&supplier_code=00100005&order_time=2023-08-02 HTTP/1.1" 200 416
114.83.222.132 - - [02/Aug/2023:09:08:31 +0800] "GET /xingrg/all/function/internal_message.html?_=1690938511980&CODE_STATE=getMsg HTTP/1.1" 200 27
58.40.7.146 - - [02/Aug/2023:09:08:32 +0800] "GET /xingrg/all/function/internal_message.html?_=1690938512325&CODE_STATE=getMsg HTTP/1.1" 200 27
58.40.7.146 - - [02/Aug/2023:09:08:32 +0800] "GET /xingrg/check_reg.html?_=1690938512327 HTTP/1.1" 200 22
116.230.117.43 - - [02/Aug/2023:09:08:39 +0800] "POST /xingrg/kc/buy/cgsh_order_operate.html HTTP/1.1" 200 2065
124.79.243.110 - - [02/Aug/2023:09:08:40 +0800] "GET /xingrg/all/function/internal_message.html?_=1690938519846&CODE_STATE=getMsg HTTP/1.1" 200 27
116.232.195.127 - - [02/Aug/2023:09:08:46 +0800] "GET /xingrg/all/function/internal_message.html?_=1690938467070&CODE_STATE=getMsg HTTP/1.1" 200 27
116.238.191.126 - - [02/Aug/2023:09:08:49 +0800] "GET /xingrg/check_reg.html?_=1690938407716 HTTP/1.1" 200 22
116.238.191.126 - - [02/Aug/2023:09:08:50 +0800] "GET /xingrg/all/function/internal_message.html?_=1690938408287&CODE_STATE=getMsg HTTP/1.1" 200 27
116.230.117.43 - - [02/Aug/2023:09:08:50 +0800] "GET /xingrg/kc/buy/cgsh_order_operate.html?command=get_materiel&rest_code=00146&code=00101008370&supplier_code=00100005&order_time=2023-08-02 HTTP/1.1" 200 412
101.83.145.37 - - [02/Aug/2023:09:08:56 +0800] "GET /xingrg/all/function/internal_message.html?_=1690938343552&CODE_STATE=getMsg HTTP/1.1" 200 27
222.70.180.90 - - [02/Aug/2023:09:08:57 +0800] "GET /xingrg/all/function/internal_message.html?_=1690938536640&CODE_STATE=getMsg HTTP/1.1" 200 27
222.70.180.90 - - [02/Aug/2023:09:08:58 +0800] "GET /xingrg/check_reg.html?_=1690938537235 HTTP/1.1" 200 22
222.64.144.188 - - [02/Aug/2023:09:08:58 +0800] "GET /xingrg/all/function/internal_message.html?_=1690938538149&CODE_STATE=getMsg HTTP/1.1" 200 27
180.152.241.196 - - [02/Aug/2023:09:09:02 +0800] "GET /xingrg/all/function/internal_message.html?_=1690938546970&CODE_STATE=getMsg HTTP/1.1" 200 27
124.79.243.110 - - [02/Aug/2023:09:09:03 +0800] "GET /xingrg/all/function/internal_message.html?_=1690938831861&CODE_STATE=getMsg HTTP/1.1" 200 27
116.230.117.43 - - [02/Aug/2023:09:09:07 +0800] "GET /xingrg/all/function/internal_message.html?_=1690938556904&CODE_STATE=getMsg HTTP/1.1" 200 27
114.83.222.132 - - [02/Aug/2023:09:09:10 +0800] "GET /xingrg/kc/buy/cgsh_order_add.html HTTP/1.1" 200 71850
114.83.222.132 - - [02/Aug/2023:09:09:11 +0800] "POST /xingrg/kc/buy/cgsh_order_operate.html HTTP/1.1" 200 8245
101.83.145.37 - - [02/Aug/2023:09:09:11 +0800] "GET /xingrg/all/function/internal_message.html?_=1690938551062&CODE_STATE=getMsg HTTP/1.1" 200 27
114.83.222.132 - - [02/Aug/2023:09:09:11 +0800] "GET /xingrg/javascript/easyui/themes/default/validatebox.css HTTP/1.1" 404 1104
116.230.117.43 - - [02/Aug/2023:09:09:15 +0800] "GET /xingrg/kc/buy/cgsh_order_operate.html?command=get_materiel&rest_code=00146&code=00101008361&supplier_code=00100005&order_time=2023-08-02 HTTP/1.1" 200 408
114.83.222.132 - - [02/Aug/2023:09:09:30 +0800] "GET /xingrg/kc/buy/cgsh_order_operate.html?command=get_materiel&rest_code=00149&code=00101010092&supplier_code=00100096&order_time=2023-08-02 HTTP/1.1" 200 450
114.83.222.132 - - [02/Aug/2023:09:09:31 +0800] "GET /xingrg/all/function/internal_message.html?_=1690938571982&CODE_STATE=getMsg HTTP/1.1" 200 27
116.230.117.43 - - [02/Aug/2023:09:09:31 +0800] "GET /xingrg/kc/buy/cgsh_order_operate.html?command=get_materiel&rest_code=00146&code=00101008067&supplier_code=00100005&order_time=2023-08-02 HTTP/1.1" 200 416
58.40.7.146 - - [02/Aug/2023:09:09:32 +0800] "GET /xingrg/all/function/internal_message.html?_=1690938572329&CODE_STATE=getMsg HTTP/1.1" 200 27
124.79.243.110 - - [02/Aug/2023:09:09:40 +0800] "GET /xingrg/all/function/internal_message.html?_=1690938579820&CODE_STATE=getMsg HTTP/1.1" 200 27
180.152.241.196 - - [02/Aug/2023:09:09:41 +0800] "GET /xingrg/kc/buy/cgsh_order_list.html HTTP/1.1" 302 -
180.152.241.196 - - [02/Aug/2023:09:09:41 +0800] "GET /xingrg/login.html HTTP/1.1" 200 7641
180.152.241.196 - - [02/Aug/2023:09:09:41 +0800] "GET /xingrg/login.html HTTP/1.1" 200 7641
180.152.241.196 - - [02/Aug/2023:09:09:41 +0800] "GET /xingrg/images/blue/jxLogo.png HTTP/1.1" 200 6156
180.152.241.196 - - [02/Aug/2023:09:09:41 +0800] "GET /xingrg/images/blue/login_bg.png HTTP/1.1" 200 22101
180.152.241.196 - - [02/Aug/2023:09:09:41 +0800] "GET /xingrg/images/blue/srbg.png HTTP/1.1" 200 138
180.152.241.196 - - [02/Aug/2023:09:09:41 +0800] "GET /xingrg/images/blue/hj.png HTTP/1.1" 200 1014
180.152.241.196 - - [02/Aug/2023:09:09:41 +0800] "GET /favicon.ico HTTP/1.1" 404 -
180.152.241.196 - - [02/Aug/2023:09:09:43 +0800] "POST /xingrg/login.do HTTP/1.1" 302 -
180.152.241.196 - - [02/Aug/2023:09:09:43 +0800] "GET /xingrg/index.html?sysBaseUrl=http%3A%2F%2F180.169.147.146%3A18081%2Fxingrg%2F&costTime=1496×tamp=1690938583823 HTTP/1.1" 200 17173
180.152.241.196 - - [02/Aug/2023:09:09:43 +0800] "GET /xingrg/javascript/jquery_easy_ui/themes/icon.css HTTP/1.1" 200 3949
180.152.241.196 - - [02/Aug/2023:09:09:43 +0800] "GET /xingrg/css/form.css HTTP/1.1" 200 893
180.152.241.196 - - [02/Aug/2023:09:09:43 +0800] "GET /xingrg/javascript/jquery_easy_ui/themes/default/easyui.css HTTP/1.1" 200 26500
180.152.241.196 - - [02/Aug/2023:09:09:43 +0800] "GET /xingrg/javascript/jquery_easy_ui/jquery.easyui.min.js HTTP/1.1" 200 213662
180.152.241.196 - - [02/Aug/2023:09:09:44 +0800] "GET /xingrg/javascript/jquery.form.js HTTP/1.1" 200 23110
180.152.241.196 - - [02/Aug/2023:09:09:44 +0800] "GET /xingrg/javascript/jquery_easy_ui/easyui-lang-zh_CN.js HTTP/1.1" 200 1900
180.152.241.196 - - [02/Aug/2023:09:09:44 +0800] "GET /xingrg/javascript/jquery.utils.js HTTP/1.1" 200 11805
180.152.241.196 - - [02/Aug/2023:09:09:44 +0800] "GET /xingrg/javascript/jquery.timers.js HTTP/1.1" 200 3532
180.152.241.196 - - [02/Aug/2023:09:09:44 +0800] "GET /xingrg/javascript/jquery-1.4.2.min.js HTTP/1.1" 200 72205
180.152.241.196 - - [02/Aug/2023:09:09:44 +0800] "GET /favicon.ico HTTP/1.1" 404 -
180.152.241.196 - - [02/Aug/2023:09:09:44 +0800] "GET /xingrg/javascript/jquery_easy_ui/themes/icons/settle_new.png HTTP/1.1" 200 826
180.152.241.196 - - [02/Aug/2023:09:09:44 +0800] "GET /xingrg/images/blue/navBackgound.jpg HTTP/1.1" 200 12378
180.152.241.196 - - [02/Aug/2023:09:09:44 +0800] "GET /xingrg/check_reg.html?_=1690938584824 HTTP/1.1" 200 22
180.152.241.196 - - [02/Aug/2023:09:09:44 +0800] "GET /xingrg/all/function/internal_message.html?_=1690938584822&CODE_STATE=count HTTP/1.1" 200 11
180.152.241.196 - - [02/Aug/2023:09:09:44 +0800] "GET /xingrg/images/blue/pingpu.png HTTP/1.1" 200 231
180.152.241.196 - - [02/Aug/2023:09:09:44 +0800] "GET /xingrg/javascript/jquery_easy_ui/themes/default/images/panel_tool_collapse.gif HTTP/1.1" 200 246
180.152.241.196 - - [02/Aug/2023:09:09:44 +0800] "GET /xingrg/javascript/jquery_easy_ui/themes/default/images/tabs_leftarrow.png HTTP/1.1" 200 389
180.152.241.196 - - [02/Aug/2023:09:09:44 +0800] "GET /xingrg/javascript/jquery_easy_ui/themes/default/images/tabs_rightarrow.png HTTP/1.1" 200 395
180.152.241.196 - - [02/Aug/2023:09:09:44 +0800] "POST /xingrg/all/common/load_tree.html?tree=area_rest_tree_json&manage=1 HTTP/1.1" 200 342
180.152.241.196 - - [02/Aug/2023:09:09:44 +0800] "POST /xingrg/load_menu.html HTTP/1.1" 200 5138
180.152.241.196 - - [02/Aug/2023:09:09:44 +0800] "GET /xingrg/javascript/jquery_easy_ui/themes/default/images/tree_arrows.gif HTTP/1.1" 200 1043
180.152.241.196 - - [02/Aug/2023:09:09:44 +0800] "GET /xingrg/javascript/jquery_easy_ui/themes/default/images/tree_folder.gif HTTP/1.1" 200 952
180.152.241.196 - - [02/Aug/2023:09:09:44 +0800] "GET /xingrg/javascript/jquery_easy_ui/themes/default/images/tree_folder_open.gif HTTP/1.1" 200 956
180.152.241.196 - - [02/Aug/2023:09:09:44 +0800] "GET /xingrg/javascript/jquery_easy_ui/themes/default/images/tree_file.gif HTTP/1.1" 200 118
180.152.241.196 - - [02/Aug/2023:09:09:44 +0800] "GET /xingrg/javascript/jquery_easy_ui/themes/icons/search_new.png HTTP/1.1" 200 586
180.152.241.196 - - [02/Aug/2023:09:09:44 +0800] "GET /xingrg/javascript/jquery_easy_ui/themes/icons/storage_new.png HTTP/1.1" 200 853
180.152.241.196 - - [02/Aug/2023:09:09:44 +0800] "GET /xingrg/javascript/jquery_easy_ui/themes/icons/forms_new.png HTTP/1.1" 200 350
116.232.195.127 - - [02/Aug/2023:09:09:46 +0800] "GET /xingrg/all/function/internal_message.html?_=1690938527052&CODE_STATE=getMsg HTTP/1.1" 200 27
116.238.191.126 - - [02/Aug/2023:09:09:50 +0800] "GET /xingrg/all/function/internal_message.html?_=1690938468300&CODE_STATE=getMsg HTTP/1.1" 200 27
116.230.117.43 - - [02/Aug/2023:09:09:54 +0800] "GET /xingrg/kc/buy/cgsh_order_operate.html?command=get_materiel&rest_code=00146&code=00101008264&supplier_code=00100005&order_time=2023-08-02 HTTP/1.1" 200 412
114.83.222.132 - - [02/Aug/2023:09:09:56 +0800] "GET /xingrg/kc/buy/cgsh_order_operate.html?command=get_materiel&rest_code=00149&code=00101016030&supplier_code=00100096&order_time=2023-08-02 HTTP/1.1" 200 412
101.83.145.37 - - [02/Aug/2023:09:09:56 +0800] "GET /xingrg/all/function/internal_message.html?_=1690938403552&CODE_STATE=getMsg HTTP/1.1" 200 27
222.70.180.90 - - [02/Aug/2023:09:09:57 +0800] "GET /xingrg/all/function/internal_message.html?_=1690938596609&CODE_STATE=getMsg HTTP/1.1" 200 27
124.79.243.110 - - [02/Aug/2023:09:09:58 +0800] "GET /xingrg/check_reg.html?_=1690938886410 HTTP/1.1" 200 22
222.64.144.188 - - [02/Aug/2023:09:09:58 +0800] "GET /xingrg/all/function/internal_message.html?_=1690938598136&CODE_STATE=getMsg HTTP/1.1" 200 27
114.83.217.26 - - [02/Aug/2023:09:09:59 +0800] "GET /xingrg/login.html HTTP/1.1" 200 7641
116.232.195.127 - - [02/Aug/2023:09:09:59 +0800] "GET /xingrg/check_reg.html?_=1690938540120 HTTP/1.1" 200 22
114.83.217.26 - - [02/Aug/2023:09:10:00 +0800] "GET /favicon.ico HTTP/1.1" 404 -
180.152.241.196 - - [02/Aug/2023:09:10:02 +0800] "GET /xingrg/all/function/internal_message.html?_=1690938606954&CODE_STATE=getMsg HTTP/1.1" 200 27
114.83.217.26 - - [02/Aug/2023:09:10:03 +0800] "POST /xingrg/login.do HTTP/1.1" 302 -
114.83.217.26 - - [02/Aug/2023:09:10:03 +0800] "GET /xingrg/index.html?sysBaseUrl=http%3A%2F%2F180.169.147.146%3A18081%2Fxingrg%2F&costTime=1484×tamp=1690938603200 HTTP/1.1" 200 17179
114.83.217.26 - - [02/Aug/2023:09:10:03 +0800] "GET /favicon.ico HTTP/1.1" 404 -
114.83.217.26 - - [02/Aug/2023:09:10:03 +0800] "GET /xingrg/all/function/internal_message.html?_=1690938733852&CODE_STATE=count HTTP/1.1" 200 11
114.83.217.26 - - [02/Aug/2023:09:10:03 +0800] "GET /xingrg/check_reg.html?_=1690938733853 HTTP/1.1" 200 22
114.83.217.26 - - [02/Aug/2023:09:10:03 +0800] "POST /xingrg/all/common/load_tree.html?tree=area_rest_tree_json&manage=1 HTTP/1.1" 200 351
124.79.243.110 - - [02/Aug/2023:09:10:03 +0800] "GET /xingrg/all/function/internal_message.html?_=1690938891833&CODE_STATE=getMsg HTTP/1.1" 200 27
114.83.217.26 - - [02/Aug/2023:09:10:03 +0800] "POST /xingrg/load_menu.html HTTP/1.1" 200 5138
116.230.117.43 - - [02/Aug/2023:09:10:07 +0800] "GET /xingrg/all/function/internal_message.html?_=1690938616917&CODE_STATE=getMsg HTTP/1.1" 200 27
116.230.117.43 - - [02/Aug/2023:09:10:10 +0800] "GET /xingrg/kc/buy/cgsh_order_operate.html?command=get_materiel&rest_code=00146&code=00101008357&supplier_code=00100005&order_time=2023-08-02 HTTP/1.1" 200 408
101.83.145.37 - - [02/Aug/2023:09:10:11 +0800] "GET /xingrg/all/function/internal_message.html?_=1690938611041&CODE_STATE=getMsg HTTP/1.1" 200 27
114.83.222.132 - - [02/Aug/2023:09:10:15 +0800] "GET /xingrg/kc/buy/cgsh_order_operate.html?command=get_materiel&rest_code=00149&code=00101006056&supplier_code=00100096&order_time=2023-08-02 HTTP/1.1" 200 413
116.230.117.43 - - [02/Aug/2023:09:10:17 +0800] "POST /xingrg/kc/buy/cgsh_order_operate.html HTTP/1.1" 200 2065
114.83.222.132 - - [02/Aug/2023:09:10:31 +0800] "GET /xingrg/all/function/internal_message.html?_=1690938631986&CODE_STATE=getMsg HTTP/1.1" 200 27
58.40.7.146 - - [02/Aug/2023:09:10:32 +0800] "GET /xingrg/all/function/internal_message.html?_=1690938632331&CODE_STATE=getMsg HTTP/1.1" 200 27
116.230.117.43 - - [02/Aug/2023:09:10:33 +0800] "GET /xingrg/kc/buy/cgsh_order_operate.html?command=get_materiel&rest_code=00146&code=00101016113&supplier_code=00100005&order_time=2023-08-02 HTTP/1.1" 200 422
114.83.222.132 - - [02/Aug/2023:09:10:36 +0800] "GET /xingrg/kc/buy/cgsh_order_operate.html?command=get_materiel&rest_code=00149&code=00101006112&supplier_code=00100096&order_time=2023-08-02 HTTP/1.1" 200 411
124.79.243.110 - - [02/Aug/2023:09:10:40 +0800] "GET /xingrg/all/function/internal_message.html?_=1690938639805&CODE_STATE=getMsg HTTP/1.1" 200 27
116.230.117.43 - - [02/Aug/2023:09:10:43 +0800] "GET /xingrg/kc/buy/cgsh_order_operate.html?command=get_materiel&rest_code=00146&code=00101008213&supplier_code=00100005&order_time=2023-08-02 HTTP/1.1" 200 412
180.152.241.196 - - [02/Aug/2023:09:10:44 +0800] "GET /xingrg/all/function/internal_message.html?_=1690938644831&CODE_STATE=getMsg HTTP/1.1" 200 27
116.232.195.127 - - [02/Aug/2023:09:10:46 +0800] "GET /xingrg/all/function/internal_message.html?_=1690938587041&CODE_STATE=getMsg HTTP/1.1" 200 27
116.238.191.126 - - [02/Aug/2023:09:10:50 +0800] "GET /xingrg/all/function/internal_message.html?_=1690938528315&CODE_STATE=getMsg HTTP/1.1" 200 27
101.83.145.37 - - [02/Aug/2023:09:10:56 +0800] "GET /xingrg/all/function/internal_message.html?_=1690938463553&CODE_STATE=getMsg HTTP/1.1" 200 27
222.70.180.90 - - [02/Aug/2023:09:10:57 +0800] "GET /xingrg/all/function/internal_message.html?_=1690938656592&CODE_STATE=getMsg HTTP/1.1" 200 27
222.64.144.188 - - [02/Aug/2023:09:10:58 +0800] "GET /xingrg/all/function/internal_message.html?_=1690938658137&CODE_STATE=getMsg HTTP/1.1" 200 27
116.230.117.43 - - [02/Aug/2023:09:11:00 +0800] "GET /xingrg/kc/buy/cgsh_order_operate.html?command=get_materiel&rest_code=00146&code=00101008305&supplier_code=00100005&order_time=2023-08-02 HTTP/1.1" 200 412
124.79.243.110 - - [02/Aug/2023:09:11:01 +0800] "GET /xingrg/check_reg.html?_=1690938660616 HTTP/1.1" 200 22
180.152.241.196 - - [02/Aug/2023:09:11:02 +0800] "GET /xingrg/all/function/internal_message.html?_=1690938666939&CODE_STATE=getMsg HTTP/1.1" 200 27
116.238.191.126 - - [02/Aug/2023:09:11:03 +0800] "GET /xingrg/kc/buy/cgsh_order_add.html HTTP/1.1" 200 71818
116.238.191.126 - - [02/Aug/2023:09:11:03 +0800] "POST /xingrg/kc/buy/cgsh_order_operate.html HTTP/1.1" 200 8245
116.238.191.126 - - [02/Aug/2023:09:11:03 +0800] "GET /xingrg/javascript/easyui/themes/default/validatebox.css HTTP/1.1" 404 1104
124.79.243.110 - - [02/Aug/2023:09:11:03 +0800] "GET /xingrg/all/function/internal_message.html?_=1690938951801&CODE_STATE=getMsg HTTP/1.1" 200 27
114.83.217.26 - - [02/Aug/2023:09:11:04 +0800] "GET /xingrg/all/function/internal_message.html?_=1690938793871&CODE_STATE=getMsg HTTP/1.1" 200 27
101.83.145.37 - - [02/Aug/2023:09:11:11 +0800] "GET /xingrg/all/function/internal_message.html?_=1690938671013&CODE_STATE=getMsg HTTP/1.1" 200 27
101.83.145.37 - - [02/Aug/2023:09:11:11 +0800] "GET /xingrg/check_reg.html?_=1690938671162 HTTP/1.1" 200 22
116.230.117.43 - - [02/Aug/2023:09:11:16 +0800] "POST /xingrg/kc/buy/cgsh_order_operate.html HTTP/1.1" 200 37
114.83.222.132 - - [02/Aug/2023:09:11:17 +0800] "GET /xingrg/kc/buy/cgsh_order_operate.html?command=get_materiel&rest_code=00149&code=00101006133&supplier_code=00100096&order_time=2023-08-02 HTTP/1.1" 200 415
116.238.191.126 - - [02/Aug/2023:09:11:19 +0800] "GET /xingrg/kc/buy/cgsh_order_operate.html?command=get_materiel&rest_code=00150&code=00101009109&supplier_code=00100022&order_time=2023-08-02 HTTP/1.1" 200 413
116.238.191.126 - - [02/Aug/2023:09:11:19 +0800] "POST /xingrg/services/DataTransmitService HTTP/1.1" 200 524
114.83.222.132 - - [02/Aug/2023:09:11:31 +0800] "GET /xingrg/all/function/internal_message.html?_=1690938691993&CODE_STATE=getMsg HTTP/1.1" 200 27
114.83.222.132 - - [02/Aug/2023:09:11:31 +0800] "GET /xingrg/check_reg.html?_=1690938691999 HTTP/1.1" 200 22
58.40.7.146 - - [02/Aug/2023:09:11:32 +0800] "GET /xingrg/all/function/internal_message.html?_=1690938692333&CODE_STATE=getMsg HTTP/1.1" 200 27
116.230.117.43 - - [02/Aug/2023:09:11:32 +0800] "POST /xingrg/kc/buy/cgsh_order_operate.html HTTP/1.1" 200 24546
114.85.113.108 - - [02/Aug/2023:09:11:33 +0800] "GET /xingrg/check_reg.html?_=1690938689961 HTTP/1.1" 302 -
116.238.191.126 - - [02/Aug/2023:09:11:38 +0800] "GET /xingrg/kc/buy/cgsh_order_operate.html?command=get_materiel&rest_code=00150&code=00101009062&supplier_code=00100022&order_time=2023-08-02 HTTP/1.1" 200 412
180.152.241.196 - - [02/Aug/2023:09:11:38 +0800] "POST /xingrg/services/DataTransmitService HTTP/1.1" 200 524
124.79.243.110 - - [02/Aug/2023:09:11:40 +0800] "GET /xingrg/all/function/internal_message.html?_=1690938699801&CODE_STATE=getMsg HTTP/1.1" 200 27
180.152.241.196 - - [02/Aug/2023:09:11:44 +0800] "GET /xingrg/all/function/internal_message.html?_=1690938704862&CODE_STATE=getMsg HTTP/1.1" 200 27
180.152.241.196 - - [02/Aug/2023:09:11:46 +0800] "GET /xingrg/check_reg.html?_=1690938710418 HTTP/1.1" 200 22
116.232.195.127 - - [02/Aug/2023:09:11:46 +0800] "GET /xingrg/all/function/internal_message.html?_=1690938647020&CODE_STATE=getMsg HTTP/1.1" 200 27
116.238.191.126 - - [02/Aug/2023:09:11:47 +0800] "GET /xingrg/kc/buy/cgsh_order_operate.html?command=get_materiel&rest_code=00150&code=00101009012&supplier_code=00100022&order_time=2023-08-02 HTTP/1.1" 200 409
116.238.191.126 - - [02/Aug/2023:09:11:50 +0800] "GET /xingrg/all/function/internal_message.html?_=1690938588329&CODE_STATE=getMsg HTTP/1.1" 200 27
116.230.117.43 - - [02/Aug/2023:09:11:52 +0800] "POST /xingrg/services/DataTransmitService HTTP/1.1" 200 524
116.230.117.43 - - [02/Aug/2023:09:11:53 +0800] "POST /xingrg/services/DataTransmitService HTTP/1.1" 200 412
101.83.145.37 - - [02/Aug/2023:09:11:56 +0800] "GET /xingrg/all/function/internal_message.html?_=1690938523555&CODE_STATE=getMsg HTTP/1.1" 200 27
222.70.180.90 - - [02/Aug/2023:09:11:57 +0800] "GET /xingrg/all/function/internal_message.html?_=1690938716576&CODE_STATE=getMsg HTTP/1.1" 200 27
222.64.144.188 - - [02/Aug/2023:09:11:58 +0800] "GET /xingrg/all/function/internal_message.html?_=1690938718140&CODE_STATE=getMsg HTTP/1.1" 200 27
222.64.144.188 - - [02/Aug/2023:09:11:58 +0800] "GET /xingrg/check_reg.html?_=1690938718145 HTTP/1.1" 200 22
116.238.191.126 - - [02/Aug/2023:09:11:59 +0800] "GET /xingrg/kc/buy/cgsh_order_operate.html?command=get_materiel&rest_code=00150&code=00101009124&supplier_code=00100022&order_time=2023-08-02 HTTP/1.1" 200 416
180.152.241.196 - - [02/Aug/2023:09:12:02 +0800] "GET /xingrg/all/function/internal_message.html?_=1690938726909&CODE_STATE=getMsg HTTP/1.1" 200 27
114.83.217.26 - - [02/Aug/2023:09:12:03 +0800] "GET /xingrg/all/function/internal_message.html?_=1690938853858&CODE_STATE=getMsg HTTP/1.1" 200 27
124.79.243.110 - - [02/Aug/2023:09:12:03 +0800] "GET /xingrg/all/function/internal_message.html?_=1690939011771&CODE_STATE=getMsg HTTP/1.1" 200 27
116.230.117.43 - - [02/Aug/2023:09:12:07 +0800] "GET /xingrg/all/function/internal_message.html?_=1690938736945&CODE_STATE=getMsg HTTP/1.1" 200 27
116.238.191.126 - - [02/Aug/2023:09:12:09 +0800] "GET /xingrg/kc/buy/cgsh_order_operate.html?command=get_materiel&rest_code=00150&code=00101009006&supplier_code=00100022&order_time=2023-08-02 HTTP/1.1" 200 409
101.83.145.37 - - [02/Aug/2023:09:12:10 +0800] "GET /xingrg/all/function/internal_message.html?_=1690938730989&CODE_STATE=getMsg HTTP/1.1" 200 27
101.83.145.37 - - [02/Aug/2023:09:12:17 +0800] "GET /xingrg/index.html?sysBaseUrl=http%3A%2F%2F180.169.147.146%3A18081%2Fxingrg%2F&costTime=32×tamp=1585224308505 HTTP/1.1" 302 -
101.83.145.37 - - [02/Aug/2023:09:12:17 +0800] "GET /xingrg/login.html HTTP/1.1" 200 7641
101.83.145.37 - - [02/Aug/2023:09:12:18 +0800] "GET /favicon.ico HTTP/1.1" 404 -
114.83.222.132 - - [02/Aug/2023:09:12:19 +0800] "GET /xingrg/kc/buy/cgsh_order_operate.html?command=get_materiel&rest_code=00149&code=00101007081&supplier_code=00100096&order_time=2023-08-02 HTTP/1.1" 200 415
116.238.191.126 - - [02/Aug/2023:09:12:20 +0800] "GET /xingrg/kc/buy/cgsh_order_operate.html?command=get_materiel&rest_code=00150&code=00101009011&supplier_code=00100022&order_time=2023-08-02 HTTP/1.1" 200 416
114.83.222.132 - - [02/Aug/2023:09:12:31 +0800] "GET /xingrg/all/function/internal_message.html?_=1690938751998&CODE_STATE=getMsg HTTP/1.1" 200 27
58.40.7.146 - - [02/Aug/2023:09:12:32 +0800] "GET /xingrg/all/function/internal_message.html?_=1690938752320&CODE_STATE=getMsg HTTP/1.1" 200 27
116.238.191.126 - - [02/Aug/2023:09:12:35 +0800] "GET /xingrg/kc/buy/cgsh_order_operate.html?command=get_materiel&rest_code=00150&code=00101009053&supplier_code=00100022&order_time=2023-08-02 HTTP/1.1" 200 408
101.83.145.37 - - [02/Aug/2023:09:12:35 +0800] "POST /xingrg/login.do HTTP/1.1" 302 -
101.83.145.37 - - [02/Aug/2023:09:12:36 +0800] "GET /xingrg/index.html?sysBaseUrl=http%3A%2F%2F180.169.147.146%3A18081%2Fxingrg%2F&costTime=1663×tamp=1690938755863 HTTP/1.1" 200 17173
101.83.145.37 - - [02/Aug/2023:09:12:36 +0800] "GET /favicon.ico HTTP/1.1" 404 -
101.83.145.37 - - [02/Aug/2023:09:12:36 +0800] "GET /xingrg/all/function/internal_message.html?_=1690938563158&CODE_STATE=count HTTP/1.1" 200 11
101.83.145.37 - - [02/Aug/2023:09:12:36 +0800] "GET /xingrg/check_reg.html?_=1690938563159 HTTP/1.1" 200 22
101.83.145.37 - - [02/Aug/2023:09:12:36 +0800] "POST /xingrg/all/common/load_tree.html?tree=area_rest_tree_json&manage=1 HTTP/1.1" 200 342
101.83.145.37 - - [02/Aug/2023:09:12:36 +0800] "POST /xingrg/load_menu.html HTTP/1.1" 200 5138
114.83.222.132 - - [02/Aug/2023:09:12:37 +0800] "GET /xingrg/kc/buy/cgsh_order_operate.html?command=get_materiel&rest_code=00149&code=00101007082&supplier_code=00100096&order_time=2023-08-02 HTTP/1.1" 200 429
101.83.145.37 - - [02/Aug/2023:09:12:40 +0800] "GET /xingrg/kc/buy/buy_main.html HTTP/1.1" 200 12412
101.83.145.37 - - [02/Aug/2023:09:12:40 +0800] "GET /xingrg/css/new_ie.css HTTP/1.1" 404 1036
124.79.243.110 - - [02/Aug/2023:09:12:40 +0800] "GET /xingrg/all/function/internal_message.html?_=1690938759781&CODE_STATE=getMsg HTTP/1.1" 200 27
101.83.145.37 - - [02/Aug/2023:09:12:41 +0800] "GET /xingrg/images/yd/bt.gif HTTP/1.1" 404 1040
101.83.145.37 - - [02/Aug/2023:09:12:43 +0800] "GET /xingrg/kc/buy/cgsh_order_list.html HTTP/1.1" 200 55980
180.152.241.196 - - [02/Aug/2023:09:12:44 +0800] "GET /xingrg/all/function/internal_message.html?_=1690938764839&CODE_STATE=getMsg HTTP/1.1" 200 27
116.232.195.127 - - [02/Aug/2023:09:12:46 +0800] "GET /xingrg/all/function/internal_message.html?_=1690938707020&CODE_STATE=getMsg HTTP/1.1" 200 27
116.238.191.126 - - [02/Aug/2023:09:12:47 +0800] "GET /xingrg/kc/buy/cgsh_order_operate.html?command=get_materiel&rest_code=00150&code=00101009013&supplier_code=00100022&order_time=2023-08-02 HTTP/1.1" 200 420
101.83.145.37 - - [02/Aug/2023:09:12:49 +0800] "POST /xingrg/kc/buy/cgsh_list_operate.html HTTP/1.1" 200 2697
116.238.191.126 - - [02/Aug/2023:09:12:50 +0800] "GET /xingrg/all/function/internal_message.html?_=1690938648341&CODE_STATE=getMsg HTTP/1.1" 200 27
101.83.145.37 - - [02/Aug/2023:09:12:51 +0800] "GET /xingrg/kc/buy/cgsh_order_add.html HTTP/1.1" 200 71844
101.83.145.37 - - [02/Aug/2023:09:12:52 +0800] "GET /xingrg/javascript/easyui/themes/default/validatebox.css HTTP/1.1" 404 1104
101.83.145.37 - - [02/Aug/2023:09:12:52 +0800] "POST /xingrg/kc/buy/cgsh_order_operate.html HTTP/1.1" 200 8245
101.83.145.37 - - [02/Aug/2023:09:12:54 +0800] "GET /xingrg/javascript/jquery_tools/images/next.gif HTTP/1.1" 404 1086
101.83.145.37 - - [02/Aug/2023:09:12:54 +0800] "GET /xingrg/javascript/jquery_tools/images/prev.gif HTTP/1.1" 404 1086
222.70.180.90 - - [02/Aug/2023:09:12:57 +0800] "GET /xingrg/all/function/internal_message.html?_=1690938776561&CODE_STATE=getMsg HTTP/1.1" 200 27
222.64.144.188 - - [02/Aug/2023:09:12:58 +0800] "GET /xingrg/all/function/internal_message.html?_=1690938778145&CODE_STATE=getMsg HTTP/1.1" 200 27
180.152.241.196 - - [02/Aug/2023:09:13:02 +0800] "GET /xingrg/all/function/internal_message.html?_=1690938786894&CODE_STATE=getMsg HTTP/1.1" 200 27
114.83.217.26 - - [02/Aug/2023:09:13:03 +0800] "GET /xingrg/all/function/internal_message.html?_=1690938913866&CODE_STATE=getMsg HTTP/1.1" 200 27
124.79.243.110 - - [02/Aug/2023:09:13:03 +0800] "GET /xingrg/all/function/internal_message.html?_=1690939071747&CODE_STATE=getMsg HTTP/1.1" 200 27
101.83.145.37 - - [02/Aug/2023:09:13:06 +0800] "GET /xingrg/kc/buy/cgsh_order_operate.html?command=get_materiel&rest_code=00105&code=00101007061&supplier_code=00100002&order_time=2023-08-02 HTTP/1.1" 200 409
116.230.117.43 - - [02/Aug/2023:09:13:07 +0800] "GET /xingrg/check_reg.html?_=1690938796807 HTTP/1.1" 200 22
116.230.117.43 - - [02/Aug/2023:09:13:07 +0800] "GET /xingrg/all/function/internal_message.html?_=1690938796958&CODE_STATE=getMsg HTTP/1.1" 200 27
101.83.145.37 - - [02/Aug/2023:09:13:10 +0800] "GET /xingrg/all/function/internal_message.html?_=1690938790967&CODE_STATE=getMsg HTTP/1.1" 200 27
116.230.117.43 - - [02/Aug/2023:09:13:18 +0800] "GET /xingrg/kc/buy/cgsh_order_operate.html?command=get_materiel&rest_code=00146&code=00101008563&supplier_code=00100005&order_time=2023-08-02 HTTP/1.1" 200 413
101.83.145.37 - - [02/Aug/2023:09:13:21 +0800] "GET /xingrg/javascript/easyui/themes/default/images/button_plain_hover.png HTTP/1.1" 304 -
101.83.145.37 - - [02/Aug/2023:09:13:29 +0800] "POST /xingrg/kc/buy/cgsh_list_operate.html HTTP/1.1" 200 6600
114.83.222.132 - - [02/Aug/2023:09:13:31 +0800] "GET /xingrg/all/function/internal_message.html?_=1690938811992&CODE_STATE=getMsg HTTP/1.1" 200 27
180.152.241.196 - - [02/Aug/2023:09:13:32 +0800] "GET /xingrg/javascript/jquery_easy_ui/themes/default/images/tabs_close.gif HTTP/1.1" 200 829
58.40.7.146 - - [02/Aug/2023:09:13:32 +0800] "GET /xingrg/all/function/internal_message.html?_=1690938812321&CODE_STATE=getMsg HTTP/1.1" 200 27
58.40.7.146 - - [02/Aug/2023:09:13:32 +0800] "GET /xingrg/check_reg.html?_=1690938812322 HTTP/1.1" 200 22
180.152.241.196 - - [02/Aug/2023:09:13:32 +0800] "GET /xingrg/kc/buy/cgsh_order_list.html HTTP/1.1" 200 55980
180.152.241.196 - - [02/Aug/2023:09:13:32 +0800] "GET /xingrg/css/site.css HTTP/1.1" 200 7541
180.152.241.196 - - [02/Aug/2023:09:13:32 +0800] "GET /xingrg/css/base.css HTTP/1.1" 200 2811
180.152.241.196 - - [02/Aug/2023:09:13:32 +0800] "GET /xingrg/javascript/jquery_tools/datebox.css HTTP/1.1" 200 2597
180.152.241.196 - - [02/Aug/2023:09:13:32 +0800] "GET /xingrg/javascript/jquery_tools/fix.css HTTP/1.1" 200 1702
180.152.241.196 - - [02/Aug/2023:09:13:32 +0800] "GET /xingrg/javascript/easyui/themes/default/easyui.css HTTP/1.1" 200 30432
180.152.241.196 - - [02/Aug/2023:09:13:32 +0800] "GET /xingrg/javascript/jquery_tools/table.css HTTP/1.1" 200 1032
180.152.241.196 - - [02/Aug/2023:09:13:32 +0800] "GET /xingrg/javascript/auto/jquery.autocomplete.css HTTP/1.1" 200 587
180.152.241.196 - - [02/Aug/2023:09:13:32 +0800] "GET /xingrg/javascript/jquery_tools/jquery.tools.min.js HTTP/1.1" 200 138801
180.152.241.196 - - [02/Aug/2023:09:13:32 +0800] "GET /xingrg/javascript/easyui/themes/icon.css HTTP/1.1" 200 4483
180.152.241.196 - - [02/Aug/2023:09:13:32 +0800] "GET /xingrg/javascript/jquery_tools/jquery.tools.extend.js HTTP/1.1" 200 15385
180.152.241.196 - - [02/Aug/2023:09:13:32 +0800] "GET /xingrg/javascript/jquery_tools/jquery.tools.hotkey.js HTTP/1.1" 200 3242
180.152.241.196 - - [02/Aug/2023:09:13:32 +0800] "GET /xingrg/javascript/jquery_tools/jquery.tools.table.js HTTP/1.1" 200 6994
180.152.241.196 - - [02/Aug/2023:09:13:32 +0800] "GET /xingrg/javascript/jquery_tools/list_manager.js HTTP/1.1" 200 3652
180.152.241.196 - - [02/Aug/2023:09:13:32 +0800] "GET /xingrg/javascript/auto/jquery.autocomplete.js HTTP/1.1" 200 21624
180.152.241.196 - - [02/Aug/2023:09:13:32 +0800] "GET /xingrg/javascript/easyui/easyloader.js HTTP/1.1" 200 5975
180.152.241.196 - - [02/Aug/2023:09:13:32 +0800] "GET /xingrg/javascript/print/LodopFuncs.js HTTP/1.1" 200 5121
180.152.241.196 - - [02/Aug/2023:09:13:32 +0800] "GET /xingrg/javascript/jquery.cookie.js HTTP/1.1" 200 5513
101.83.145.37 - - [02/Aug/2023:09:13:32 +0800] "POST /xingrg/kc/buy/cgsh_order_operate.html HTTP/1.1" 200 37
180.152.241.196 - - [02/Aug/2023:09:13:33 +0800] "GET /xingrg/javascript/easyui/themes/icons/field_new.png HTTP/1.1" 200 1097
180.152.241.196 - - [02/Aug/2023:09:13:33 +0800] "GET /xingrg/javascript/easyui/themes/icons/check_new.png HTTP/1.1" 200 3224
180.152.241.196 - - [02/Aug/2023:09:13:33 +0800] "GET /xingrg/javascript/easyui/themes/icons/cance_new.png HTTP/1.1" 200 3986
180.152.241.196 - - [02/Aug/2023:09:13:33 +0800] "GET /xingrg/javascript/easyui/themes/icons/import_new.png HTTP/1.1" 200 1247
180.152.241.196 - - [02/Aug/2023:09:13:33 +0800] "GET /xingrg/javascript/easyui/themes/icons/edit_add_new.png HTTP/1.1" 200 2997
180.152.241.196 - - [02/Aug/2023:09:13:33 +0800] "GET /xingrg/javascript/easyui/plugins/jquery.parser.js HTTP/1.1" 200 1142
180.152.241.196 - - [02/Aug/2023:09:13:33 +0800] "GET /xingrg/images/control/ajaxLoader.gif HTTP/1.1" 200 4659
180.152.241.196 - - [02/Aug/2023:09:13:35 +0800] "POST /xingrg/kc/buy/cgsh_list_operate.html HTTP/1.1" 200 986
180.152.241.196 - - [02/Aug/2023:09:13:35 +0800] "GET /xingrg/javascript/easyui/themes/default/images/button_plain_hover.png HTTP/1.1" 200 144
101.83.145.37 - - [02/Aug/2023:09:13:35 +0800] "POST /xingrg/kc/buy/cgsh_order_operate.html HTTP/1.1" 200 2653
101.83.145.37 - - [02/Aug/2023:09:13:36 +0800] "GET /xingrg/all/function/internal_message.html?_=1690938623173&CODE_STATE=getMsg HTTP/1.1" 200 27
101.83.145.37 - - [02/Aug/2023:09:13:37 +0800] "GET /xingrg/javascript/easyui/plugins/jquery.draggable.js HTTP/1.1" 304 -
101.83.145.37 - - [02/Aug/2023:09:13:37 +0800] "GET /xingrg/css/images/panel_loading.gif HTTP/1.1" 304 -
101.83.145.37 - - [02/Aug/2023:09:13:37 +0800] "GET /xingrg/javascript/easyui/plugins/jquery.droppable.js HTTP/1.1" 304 -
101.83.145.37 - - [02/Aug/2023:09:13:37 +0800] "GET /xingrg/javascript/easyui/themes/default/tree.css HTTP/1.1" 404 1090
101.83.145.37 - - [02/Aug/2023:09:13:37 +0800] "GET /xingrg/javascript/easyui/plugins/jquery.tree.js HTTP/1.1" 304 -
101.83.145.37 - - [02/Aug/2023:09:13:37 +0800] "POST /xingrg/all/common/load_tree.html?tree=supplier_tree_json&manage=1 HTTP/1.1" 200 76714
101.83.145.37 - - [02/Aug/2023:09:13:38 +0800] "GET /xingrg/kc/print/load_data.html?order_code=212023080200413&kc_code=cgsh&condition= HTTP/1.1" 200 736
101.83.145.37 - - [02/Aug/2023:09:13:39 +0800] "GET /xingrg/javascript/easyui/themes/default/images/tree_arrows.gif HTTP/1.1" 304 -
101.83.145.37 - - [02/Aug/2023:09:13:39 +0800] "GET /xingrg/javascript/easyui/themes/default/images/tree_folder_open.gif HTTP/1.1" 304 -
101.83.145.37 - - [02/Aug/2023:09:13:39 +0800] "GET /xingrg/javascript/easyui/themes/default/images/tree_checkbox_0.gif HTTP/1.1" 304 -
101.83.145.37 - - [02/Aug/2023:09:13:39 +0800] "GET /xingrg/javascript/easyui/themes/default/images/tree_folder.gif HTTP/1.1" 304 -
101.83.145.37 - - [02/Aug/2023:09:13:39 +0800] "GET /xingrg/javascript/easyui/themes/default/images/tree_file.gif HTTP/1.1" 304 -
124.79.243.110 - - [02/Aug/2023:09:13:40 +0800] "GET /xingrg/all/function/internal_message.html?_=1690938819766&CODE_STATE=getMsg HTTP/1.1" 200 27
180.152.241.196 - - [02/Aug/2023:09:13:43 +0800] "GET /xingrg/kc/buy/cgsh_order_add.html HTTP/1.1" 200 71797
180.152.241.196 - - [02/Aug/2023:09:13:43 +0800] "GET /xingrg/javascript/pic_change.js HTTP/1.1" 200 4739
180.152.241.196 - - [02/Aug/2023:09:13:43 +0800] "GET /xingrg/javascript/jquery_tools/order_manager.js HTTP/1.1" 200 11183
180.152.241.196 - - [02/Aug/2023:09:13:43 +0800] "GET /xingrg/javascript/convert.js HTTP/1.1" 200 1239
180.152.241.196 - - [02/Aug/2023:09:13:43 +0800] "GET /xingrg/javascript/json2.js HTTP/1.1" 200 11259
180.152.241.196 - - [02/Aug/2023:09:13:43 +0800] "GET /xingrg/javascript/print/kc_print.js HTTP/1.1" 200 11415
180.152.241.196 - - [02/Aug/2023:09:13:43 +0800] "GET /xingrg/words/20230801161040_words.js HTTP/1.1" 200 976685
180.152.241.196 - - [02/Aug/2023:09:13:43 +0800] "GET /xingrg/javascript/easyui/themes/icons/print.png HTTP/1.1" 200 1057
180.152.241.196 - - [02/Aug/2023:09:13:43 +0800] "GET /xingrg/javascript/easyui/themes/default/images/menu_downarrow.png HTTP/1.1" 200 173
180.152.241.196 - - [02/Aug/2023:09:13:43 +0800] "GET /xingrg/javascript/easyui/themes/icons/ok.png HTTP/1.1" 200 883
180.152.241.196 - - [02/Aug/2023:09:13:43 +0800] "GET /xingrg/javascript/easyui/themes/icons/cancel.png HTTP/1.1" 200 1133
180.152.241.196 - - [02/Aug/2023:09:13:43 +0800] "GET /xingrg/javascript/easyui/themes/icons/template_new.png HTTP/1.1" 200 3956
180.152.241.196 - - [02/Aug/2023:09:13:43 +0800] "GET /xingrg/javascript/easyui/themes/icons/copy_new.png HTTP/1.1" 200 815
180.152.241.196 - - [02/Aug/2023:09:13:43 +0800] "POST /xingrg/kc/buy/cgsh_order_operate.html HTTP/1.1" 200 8245
