124.78.155.92 - - [02/Aug/2023:10:11:24 +0800] "GET /xingrg/all/function/internal_message.html?_=1690942282392&CODE_STATE=getMsg HTTP/1.1" 200 27
116.230.117.43 - - [02/Aug/2023:10:11:26 +0800] "POST /xingrg/services/DataTransmitService HTTP/1.1" 200 2335
116.230.117.43 - - [02/Aug/2023:10:11:27 +0800] "GET /xingrg/all/function/internal_message.html?_=1690942296872&CODE_STATE=getMsg HTTP/1.1" 200 27
116.230.117.43 - - [02/Aug/2023:10:11:28 +0800] "POST /xingrg/services/DataTransmitService HTTP/1.1" 200 524
116.230.117.43 - - [02/Aug/2023:10:11:28 +0800] "POST /xingrg/services/DataTransmitService HTTP/1.1" 200 412
116.230.117.43 - - [02/Aug/2023:10:11:30 +0800] "POST /xingrg/services/DataTransmitService HTTP/1.1" 200 524
114.83.222.132 - - [02/Aug/2023:10:11:31 +0800] "GET /xingrg/check_reg.html?_=1690942292083 HTTP/1.1" 200 22
114.83.222.132 - - [02/Aug/2023:10:11:31 +0800] "GET /xingrg/all/function/internal_message.html?_=1690942292087&CODE_STATE=getMsg HTTP/1.1" 200 27
116.230.117.43 - - [02/Aug/2023:10:11:31 +0800] "POST /xingrg/services/DataTransmitService HTTP/1.1" 200 2335
222.70.180.90 - - [02/Aug/2023:10:11:32 +0800] "GET /xingrg/check_reg.html?_=1690942291198 HTTP/1.1" 200 22
222.70.180.90 - - [02/Aug/2023:10:11:32 +0800] "GET /xingrg/all/function/internal_message.html?_=1690942291198&CODE_STATE=getMsg HTTP/1.1" 200 27
116.230.117.43 - - [02/Aug/2023:10:11:33 +0800] "POST /xingrg/services/DataTransmitService HTTP/1.1" 200 524
116.230.117.43 - - [02/Aug/2023:10:11:35 +0800] "POST /xingrg/services/DataTransmitService HTTP/1.1" 200 2335
124.78.70.128 - - [02/Aug/2023:10:11:35 +0800] "GET /xingrg/all/function/internal_message.html?_=1690941758753&CODE_STATE=getMsg HTTP/1.1" 200 27
114.85.113.108 - - [02/Aug/2023:10:11:36 +0800] "GET /xingrg/all/function/internal_message.html?_=1690942292718&CODE_STATE=getMsg HTTP/1.1" 200 27
101.83.145.37 - - [02/Aug/2023:10:11:36 +0800] "GET /xingrg/all/function/internal_message.html?_=1690942103212&CODE_STATE=getMsg HTTP/1.1" 200 27
116.230.117.43 - - [02/Aug/2023:10:11:36 +0800] "POST /xingrg/services/DataTransmitService HTTP/1.1" 200 524
116.230.117.43 - - [02/Aug/2023:10:11:38 +0800] "POST /xingrg/services/DataTransmitService HTTP/1.1" 200 2335
180.169.147.146 - - [02/Aug/2023:10:11:39 +0800] "GET /xingrg/all/function/internal_message.html?_=1690942299295&CODE_STATE=getMsg HTTP/1.1" 200 27
124.79.243.110 - - [02/Aug/2023:10:11:39 +0800] "GET /xingrg/all/function/internal_message.html?_=1690942298604&CODE_STATE=getMsg HTTP/1.1" 200 27
116.230.117.43 - - [02/Aug/2023:10:11:40 +0800] "POST /xingrg/services/DataTransmitService HTTP/1.1" 200 524
116.230.117.43 - - [02/Aug/2023:10:11:41 +0800] "POST /xingrg/services/DataTransmitService HTTP/1.1" 200 412
180.152.241.196 - - [02/Aug/2023:10:11:44 +0800] "GET /xingrg/all/function/internal_message.html?_=1690942304840&CODE_STATE=getMsg HTTP/1.1" 200 27
116.232.195.127 - - [02/Aug/2023:10:11:45 +0800] "GET /xingrg/all/function/internal_message.html?_=1690942246019&CODE_STATE=getMsg HTTP/1.1" 200 27
180.152.241.196 - - [02/Aug/2023:10:11:45 +0800] "GET /xingrg/check_reg.html?_=1690942310178 HTTP/1.1" 200 22
222.70.180.90 - - [02/Aug/2023:10:11:51 +0800] "GET /xingrg/kc/report/report_main.html HTTP/1.1" 200 7340
114.93.123.77 - - [02/Aug/2023:10:11:52 +0800] "GET /favicon.ico HTTP/1.1" 404 -
180.169.147.146 - - [02/Aug/2023:10:11:54 +0800] "GET /xingrg/all/function/internal_message.html?_=1690942312316&CODE_STATE=getMsg HTTP/1.1" 200 27
218.81.71.13 - - [02/Aug/2023:10:11:55 +0800] "GET /xingrg/check_reg.html?_=1690942314974 HTTP/1.1" 200 22
222.70.180.90 - - [02/Aug/2023:10:11:56 +0800] "GET /xingrg/all/function/internal_message.html?_=1690942315588&CODE_STATE=getMsg HTTP/1.1" 200 27
222.64.144.188 - - [02/Aug/2023:10:11:58 +0800] "GET /xingrg/all/function/internal_message.html?_=1690942318203&CODE_STATE=getMsg HTTP/1.1" 200 27
222.64.144.188 - - [02/Aug/2023:10:11:58 +0800] "GET /xingrg/check_reg.html?_=1690942318207 HTTP/1.1" 200 22
180.152.241.196 - - [02/Aug/2023:10:12:01 +0800] "GET /xingrg/all/function/internal_message.html?_=1690942325890&CODE_STATE=getMsg HTTP/1.1" 200 27
58.40.7.146 - - [02/Aug/2023:10:12:01 +0800] "GET /xingrg/all/function/internal_message.html?_=1690942321937&CODE_STATE=getMsg HTTP/1.1" 200 27
124.79.243.110 - - [02/Aug/2023:10:12:02 +0800] "GET /xingrg/all/function/internal_message.html?_=1690942610389&CODE_STATE=getMsg HTTP/1.1" 200 27
114.83.217.26 - - [02/Aug/2023:10:12:03 +0800] "GET /xingrg/all/function/internal_message.html?_=1690942453876&CODE_STATE=getMsg HTTP/1.1" 200 27
180.169.147.146 - - [02/Aug/2023:10:12:05 +0800] "GET /xingrg/all/function/internal_message.html?_=1690942325254&CODE_STATE=getMsg HTTP/1.1" 200 27
101.83.145.37 - - [02/Aug/2023:10:12:09 +0800] "GET /xingrg/all/function/internal_message.html?_=1690942329518&CODE_STATE=getMsg HTTP/1.1" 200 27
222.70.180.90 - - [02/Aug/2023:10:12:12 +0800] "GET /xingrg/kc/report/report_main.html HTTP/1.1" 200 7340
116.230.117.43 - - [02/Aug/2023:10:12:14 +0800] "POST /xingrg/services/DataTransmitService HTTP/1.1" 200 524
116.230.117.43 - - [02/Aug/2023:10:12:16 +0800] "POST /xingrg/services/DataTransmitService HTTP/1.1" 200 2335
116.230.117.43 - - [02/Aug/2023:10:12:21 +0800] "POST /xingrg/services/DataTransmitService HTTP/1.1" 200 524
180.169.147.146 - - [02/Aug/2023:10:12:22 +0800] "GET /xingrg/all/function/internal_message.html?_=1690942339333&CODE_STATE=getMsg HTTP/1.1" 200 27
116.230.117.43 - - [02/Aug/2023:10:12:23 +0800] "POST /xingrg/services/DataTransmitService HTTP/1.1" 200 2335
124.78.155.92 - - [02/Aug/2023:10:12:24 +0800] "GET /xingrg/all/function/internal_message.html?_=1690942342371&CODE_STATE=getMsg HTTP/1.1" 200 27
116.230.117.43 - - [02/Aug/2023:10:12:27 +0800] "GET /xingrg/all/function/internal_message.html?_=1690942357030&CODE_STATE=getMsg HTTP/1.1" 200 27
116.230.117.43 - - [02/Aug/2023:10:12:29 +0800] "POST /xingrg/services/DataTransmitService HTTP/1.1" 200 524
116.230.117.43 - - [02/Aug/2023:10:12:30 +0800] "POST /xingrg/services/DataTransmitService HTTP/1.1" 200 412
114.83.222.132 - - [02/Aug/2023:10:12:31 +0800] "GET /xingrg/all/function/internal_message.html?_=1690942352109&CODE_STATE=getMsg HTTP/1.1" 200 27
222.70.180.90 - - [02/Aug/2023:10:12:32 +0800] "GET /xingrg/all/function/internal_message.html?_=1690942351204&CODE_STATE=getMsg HTTP/1.1" 200 27
116.230.117.43 - - [02/Aug/2023:10:12:34 +0800] "POST /xingrg/services/DataTransmitService HTTP/1.1" 200 524
124.78.70.128 - - [02/Aug/2023:10:12:35 +0800] "GET /xingrg/all/function/internal_message.html?_=1690941818732&CODE_STATE=getMsg HTTP/1.1" 200 27
124.78.70.128 - - [02/Aug/2023:10:12:35 +0800] "GET /xingrg/check_reg.html?_=1690941819078 HTTP/1.1" 200 22
116.230.117.43 - - [02/Aug/2023:10:12:35 +0800] "POST /xingrg/services/DataTransmitService HTTP/1.1" 200 412
114.85.113.108 - - [02/Aug/2023:10:12:36 +0800] "GET /xingrg/all/function/internal_message.html?_=1690942352697&CODE_STATE=getMsg HTTP/1.1" 200 27
101.83.145.37 - - [02/Aug/2023:10:12:36 +0800] "GET /xingrg/all/function/internal_message.html?_=1690942163212&CODE_STATE=getMsg HTTP/1.1" 200 27
101.83.145.37 - - [02/Aug/2023:10:12:36 +0800] "GET /xingrg/check_reg.html?_=1690942163218 HTTP/1.1" 200 22
180.169.147.146 - - [02/Aug/2023:10:12:37 +0800] "GET /xingrg/login.html HTTP/1.1" 200 7641
180.169.147.146 - - [02/Aug/2023:10:12:37 +0800] "GET /favicon.ico HTTP/1.1" 404 -
116.230.117.43 - - [02/Aug/2023:10:12:38 +0800] "POST /xingrg/services/DataTransmitService HTTP/1.1" 200 524
180.169.147.146 - - [02/Aug/2023:10:12:39 +0800] "GET /xingrg/all/function/internal_message.html?_=1690942359283&CODE_STATE=getMsg HTTP/1.1" 200 27
124.79.243.110 - - [02/Aug/2023:10:12:39 +0800] "GET /xingrg/all/function/internal_message.html?_=1690942358581&CODE_STATE=getMsg HTTP/1.1" 200 27
116.230.117.43 - - [02/Aug/2023:10:12:40 +0800] "POST /xingrg/services/DataTransmitService HTTP/1.1" 200 2335
180.169.147.146 - - [02/Aug/2023:10:12:41 +0800] "POST /xingrg/login.do HTTP/1.1" 302 -
180.169.147.146 - - [02/Aug/2023:10:12:41 +0800] "GET /xingrg/index.html?sysBaseUrl=http%3A%2F%2F180.169.147.146%3A18081%2Fxingrg%2F&costTime=1320×tamp=1690942361389 HTTP/1.1" 200 17179
180.169.147.146 - - [02/Aug/2023:10:12:41 +0800] "GET /favicon.ico HTTP/1.1" 404 -
180.169.147.146 - - [02/Aug/2023:10:12:41 +0800] "GET /xingrg/all/function/internal_message.html?_=1690942358852&CODE_STATE=count HTTP/1.1" 200 11
180.169.147.146 - - [02/Aug/2023:10:12:41 +0800] "GET /xingrg/check_reg.html?_=1690942358853 HTTP/1.1" 200 22
180.169.147.146 - - [02/Aug/2023:10:12:41 +0800] "POST /xingrg/all/common/load_tree.html?tree=area_rest_tree_json&manage=1 HTTP/1.1" 200 351
180.169.147.146 - - [02/Aug/2023:10:12:41 +0800] "POST /xingrg/load_menu.html HTTP/1.1" 200 5138
180.169.147.146 - - [02/Aug/2023:10:12:42 +0800] "GET /xingrg/kc/buy/buy_main.html HTTP/1.1" 200 12412
180.169.147.146 - - [02/Aug/2023:10:12:42 +0800] "GET /xingrg/css/new_ie.css HTTP/1.1" 404 1036
180.169.147.146 - - [02/Aug/2023:10:12:43 +0800] "GET /xingrg/images/yd/bt.gif HTTP/1.1" 404 1040
180.152.241.196 - - [02/Aug/2023:10:12:44 +0800] "GET /xingrg/all/function/internal_message.html?_=1690942364836&CODE_STATE=getMsg HTTP/1.1" 200 27
180.169.147.146 - - [02/Aug/2023:10:12:44 +0800] "GET /xingrg/kc/buy/cgsh_order_list.html HTTP/1.1" 200 55986
116.232.195.127 - - [02/Aug/2023:10:12:45 +0800] "GET /xingrg/all/function/internal_message.html?_=1690942306005&CODE_STATE=getMsg HTTP/1.1" 200 27
180.169.147.146 - - [02/Aug/2023:10:12:54 +0800] "GET /xingrg/all/function/internal_message.html?_=1690942372316&CODE_STATE=getMsg HTTP/1.1" 200 27
222.70.180.90 - - [02/Aug/2023:10:12:56 +0800] "GET /xingrg/all/function/internal_message.html?_=1690942375572&CODE_STATE=getMsg HTTP/1.1" 200 27
116.230.117.43 - - [02/Aug/2023:10:12:58 +0800] "POST /xingrg/services/DataTransmitService HTTP/1.1" 200 524
222.64.144.188 - - [02/Aug/2023:10:12:58 +0800] "GET /xingrg/all/function/internal_message.html?_=1690942378230&CODE_STATE=getMsg HTTP/1.1" 200 27
116.230.117.43 - - [02/Aug/2023:10:12:59 +0800] "POST /xingrg/services/DataTransmitService HTTP/1.1" 200 412
116.230.117.43 - - [02/Aug/2023:10:13:00 +0800] "POST /xingrg/services/DataTransmitService HTTP/1.1" 200 524
180.152.241.196 - - [02/Aug/2023:10:13:01 +0800] "GET /xingrg/all/function/internal_message.html?_=1690942385873&CODE_STATE=getMsg HTTP/1.1" 200 27
114.83.222.132 - - [02/Aug/2023:10:13:01 +0800] "GET /xingrg/kc/base/wldb_order_list.html HTTP/1.1" 200 19183
58.40.7.146 - - [02/Aug/2023:10:13:01 +0800] "GET /xingrg/all/function/internal_message.html?_=1690942381938&CODE_STATE=getMsg HTTP/1.1" 200 27
124.79.243.110 - - [02/Aug/2023:10:13:02 +0800] "GET /xingrg/all/function/internal_message.html?_=1690942670362&CODE_STATE=getMsg HTTP/1.1" 200 27
114.83.222.132 - - [02/Aug/2023:10:13:02 +0800] "POST /xingrg/kc/base/wldb_list_operate.html HTTP/1.1" 200 928
116.230.117.43 - - [02/Aug/2023:10:13:02 +0800] "POST /xingrg/services/DataTransmitService HTTP/1.1" 200 2335
114.83.217.26 - - [02/Aug/2023:10:13:03 +0800] "GET /xingrg/all/function/internal_message.html?_=1690942513878&CODE_STATE=getMsg HTTP/1.1" 200 27
114.83.222.132 - - [02/Aug/2023:10:13:04 +0800] "GET /xingrg/kc/base/wldb_order_add.html HTTP/1.1" 200 30466
116.230.117.43 - - [02/Aug/2023:10:13:04 +0800] "POST /xingrg/services/DataTransmitService HTTP/1.1" 200 524
114.83.222.132 - - [02/Aug/2023:10:13:04 +0800] "GET /xingrg/words/20230802092544_words.js HTTP/1.1" 304 -
114.83.222.132 - - [02/Aug/2023:10:13:04 +0800] "POST /xingrg/kc/base/wldb_order_operate.html HTTP/1.1" 200 6806
114.83.222.132 - - [02/Aug/2023:10:13:04 +0800] "GET /xingrg/all/common/auto_word.html?type=base&rest_code=00149 HTTP/1.1" 200 1907
114.83.222.132 - - [02/Aug/2023:10:13:04 +0800] "GET /xingrg/javascript/easyui/themes/default/validatebox.css HTTP/1.1" 404 1104
114.83.222.132 - - [02/Aug/2023:10:13:04 +0800] "GET /xingrg/all/common/auto_word.html?type=base&rest_code=00149 HTTP/1.1" 200 1907
180.169.147.146 - - [02/Aug/2023:10:13:05 +0800] "GET /xingrg/all/function/internal_message.html?_=1690942385243&CODE_STATE=getMsg HTTP/1.1" 200 27
116.230.117.43 - - [02/Aug/2023:10:13:06 +0800] "POST /xingrg/services/DataTransmitService HTTP/1.1" 200 2335
114.83.222.132 - - [02/Aug/2023:10:13:06 +0800] "POST /xingrg/all/common/load_combo.html?type=base HTTP/1.1" 200 3409
116.230.117.43 - - [02/Aug/2023:10:13:07 +0800] "GET /xingrg/check_reg.html?_=1690942397167 HTTP/1.1" 200 22
114.83.222.132 - - [02/Aug/2023:10:13:08 +0800] "GET /xingrg/javascript/auto/indicator.gif HTTP/1.1" 404 1066
101.83.145.37 - - [02/Aug/2023:10:13:09 +0800] "GET /xingrg/all/function/internal_message.html?_=1690942389493&CODE_STATE=getMsg HTTP/1.1" 200 27
116.230.117.43 - - [02/Aug/2023:10:13:45 +0800] "POST /xingrg/services/DataTransmitService HTTP/1.1" 200 524
116.230.117.43 - - [02/Aug/2023:10:13:46 +0800] "POST /xingrg/services/DataTransmitService HTTP/1.1" 200 412
124.78.70.128 - - [02/Aug/2023:10:13:49 +0800] "GET /xingrg/all/function/internal_message.html?_=1690941878730&CODE_STATE=getMsg HTTP/1.1" 302 -
180.169.147.146 - - [02/Aug/2023:10:13:49 +0800] "GET /xingrg/all/function/internal_message.html?_=1690942419296&CODE_STATE=getMsg HTTP/1.1" 302 -
180.152.241.196 - - [02/Aug/2023:10:13:49 +0800] "GET /xingrg/all/function/internal_message.html?_=1690942424838&CODE_STATE=getMsg HTTP/1.1" 302 -
116.230.117.43 - - [02/Aug/2023:10:13:49 +0800] "GET /xingrg/all/function/internal_message.html?_=1690942417039&CODE_STATE=getMsg HTTP/1.1" 302 -
101.83.145.37 - - [02/Aug/2023:10:13:49 +0800] "GET /xingrg/all/function/internal_message.html?_=1690942223218&CODE_STATE=getMsg HTTP/1.1" 302 -
124.79.243.110 - - [02/Aug/2023:10:13:49 +0800] "GET /xingrg/all/function/internal_message.html?_=1690942418562&CODE_STATE=getMsg HTTP/1.1" 302 -
180.169.147.146 - - [02/Aug/2023:10:13:49 +0800] "GET /xingrg/all/function/internal_message.html?_=1690942422280&CODE_STATE=getMsg HTTP/1.1" 302 -
222.70.180.90 - - [02/Aug/2023:10:13:49 +0800] "GET /xingrg/all/function/internal_message.html?_=1690942411199&CODE_STATE=getMsg HTTP/1.1" 302 -
116.232.195.127 - - [02/Aug/2023:10:13:49 +0800] "GET /xingrg/all/function/internal_message.html?_=1690942365986&CODE_STATE=getMsg HTTP/1.1" 302 -
114.83.222.132 - - [02/Aug/2023:10:13:50 +0800] "GET /xingrg/login.html HTTP/1.1" 200 7641
124.79.243.110 - - [02/Aug/2023:10:13:50 +0800] "GET /xingrg/login.html HTTP/1.1" 200 7641
116.232.195.127 - - [02/Aug/2023:10:13:50 +0800] "GET /xingrg/login.html HTTP/1.1" 200 7641
222.70.180.90 - - [02/Aug/2023:10:13:50 +0800] "GET /xingrg/login.html HTTP/1.1" 200 7641
180.169.147.146 - - [02/Aug/2023:10:13:50 +0800] "GET /xingrg/login.html HTTP/1.1" 200 7641
180.169.147.146 - - [02/Aug/2023:10:13:50 +0800] "GET /favicon.ico HTTP/1.1" 404 -
114.83.222.132 - - [02/Aug/2023:10:13:50 +0800] "GET /favicon.ico HTTP/1.1" 404 -
180.169.147.146 - - [02/Aug/2023:10:13:52 +0800] "POST /xingrg/login.do HTTP/1.1" 302 -
180.169.147.146 - - [02/Aug/2023:10:13:52 +0800] "GET /favicon.ico HTTP/1.1" 404 -
180.169.147.146 - - [02/Aug/2023:10:13:52 +0800] "GET /xingrg/index.html?sysBaseUrl=http%3A%2F%2F180.169.147.146%3A18081%2Fxingrg%2F&costTime=220×tamp=1690942432070 HTTP/1.1" 200 17179
222.70.180.90 - - [02/Aug/2023:10:13:52 +0800] "GET /xingrg/login.html HTTP/1.1" 200 7641
180.169.147.146 - - [02/Aug/2023:10:13:52 +0800] "GET /xingrg/all/function/internal_message.html?_=1690942429593&CODE_STATE=count HTTP/1.1" 200 11
180.169.147.146 - - [02/Aug/2023:10:13:52 +0800] "GET /xingrg/check_reg.html?_=1690942429595 HTTP/1.1" 200 22
180.169.147.146 - - [02/Aug/2023:10:13:52 +0800] "POST /xingrg/all/common/load_tree.html?tree=area_rest_tree_json&manage=1 HTTP/1.1" 200 351
180.169.147.146 - - [02/Aug/2023:10:13:52 +0800] "POST /xingrg/load_menu.html HTTP/1.1" 200 5138
222.70.180.90 - - [02/Aug/2023:10:13:53 +0800] "GET /favicon.ico HTTP/1.1" 404 -
180.169.147.146 - - [02/Aug/2023:10:13:53 +0800] "GET /xingrg/kc/buy/buy_main.html HTTP/1.1" 200 12412
180.169.147.146 - - [02/Aug/2023:10:13:53 +0800] "GET /xingrg/css/new_ie.css HTTP/1.1" 404 1036
114.83.222.132 - - [02/Aug/2023:10:13:53 +0800] "POST /xingrg/login.do HTTP/1.1" 302 -
114.83.222.132 - - [02/Aug/2023:10:13:53 +0800] "GET /xingrg/index.html?sysBaseUrl=http%3A%2F%2F180.169.147.146%3A18081%2Fxingrg%2F&costTime=74×tamp=1690942433458 HTTP/1.1" 200 17179
114.83.222.132 - - [02/Aug/2023:10:13:53 +0800] "GET /favicon.ico HTTP/1.1" 404 -
114.83.222.132 - - [02/Aug/2023:10:13:53 +0800] "POST /xingrg/all/common/load_tree.html?tree=area_rest_tree_json&manage=1 HTTP/1.1" 200 351
114.83.222.132 - - [02/Aug/2023:10:13:53 +0800] "GET /xingrg/all/function/internal_message.html?_=1690942434579&CODE_STATE=count HTTP/1.1" 200 11
114.83.222.132 - - [02/Aug/2023:10:13:53 +0800] "GET /xingrg/check_reg.html?_=1690942434581 HTTP/1.1" 200 22
180.169.147.146 - - [02/Aug/2023:10:13:53 +0800] "GET /xingrg/images/yd/bt.gif HTTP/1.1" 404 1040
114.83.222.132 - - [02/Aug/2023:10:13:53 +0800] "POST /xingrg/load_menu.html HTTP/1.1" 200 5138
180.169.147.146 - - [02/Aug/2023:10:13:54 +0800] "GET /xingrg/kc/buy/cgsh_order_list.html HTTP/1.1" 200 55986
180.169.147.146 - - [02/Aug/2023:10:13:54 +0800] "GET /xingrg/all/function/internal_message.html?_=1690942432315&CODE_STATE=getMsg HTTP/1.1" 302 -
180.169.147.146 - - [02/Aug/2023:10:13:54 +0800] "GET /xingrg/check_reg.html?_=1690942432316 HTTP/1.1" 302 -
222.70.180.90 - - [02/Aug/2023:10:13:56 +0800] "GET /xingrg/all/function/internal_message.html?_=1690942435557&CODE_STATE=getMsg HTTP/1.1" 302 -
114.83.222.132 - - [02/Aug/2023:10:13:56 +0800] "GET /xingrg/kc/base/wldb_order_list.html HTTP/1.1" 200 19183
114.83.222.132 - - [02/Aug/2023:10:13:57 +0800] "POST /xingrg/kc/base/wldb_list_operate.html HTTP/1.1" 200 928
180.169.147.146 - - [02/Aug/2023:10:13:57 +0800] "POST /xingrg/kc/buy/cgsh_list_operate.html HTTP/1.1" 200 6013
222.70.180.90 - - [02/Aug/2023:10:13:57 +0800] "GET /xingrg/login.html HTTP/1.1" 200 7641
222.70.180.90 - - [02/Aug/2023:10:13:57 +0800] "GET /xingrg/images/blue/jxLogo.png HTTP/1.1" 304 -
222.70.180.90 - - [02/Aug/2023:10:13:57 +0800] "GET /xingrg/images/blue/login_bg.png HTTP/1.1" 304 -
222.70.180.90 - - [02/Aug/2023:10:13:57 +0800] "GET /xingrg/images/blue/hj.png HTTP/1.1" 304 -
222.70.180.90 - - [02/Aug/2023:10:13:57 +0800] "GET /xingrg/images/blue/srbg.png HTTP/1.1" 304 -
222.70.180.90 - - [02/Aug/2023:10:13:58 +0800] "GET /xingrg/check_reg.html?_=1690942437323 HTTP/1.1" 302 -
222.64.144.188 - - [02/Aug/2023:10:13:58 +0800] "GET /xingrg/all/function/internal_message.html?_=1690942438216&CODE_STATE=getMsg HTTP/1.1" 302 -
222.64.144.188 - - [02/Aug/2023:10:13:58 +0800] "GET /xingrg/login.html HTTP/1.1" 200 7641
114.83.222.132 - - [02/Aug/2023:10:13:59 +0800] "GET /xingrg/kc/base/wldb_order_add.html HTTP/1.1" 200 30466
114.83.222.132 - - [02/Aug/2023:10:13:59 +0800] "POST /xingrg/kc/base/wldb_order_operate.html HTTP/1.1" 200 6806
114.83.222.132 - - [02/Aug/2023:10:13:59 +0800] "GET /xingrg/all/common/auto_word.html?type=base&rest_code=00149 HTTP/1.1" 200 1907
114.83.222.132 - - [02/Aug/2023:10:13:59 +0800] "GET /xingrg/all/common/auto_word.html?type=base&rest_code=00149 HTTP/1.1" 200 1907
114.83.222.132 - - [02/Aug/2023:10:13:59 +0800] "GET /xingrg/javascript/easyui/themes/default/validatebox.css HTTP/1.1" 404 1104
114.83.222.132 - - [02/Aug/2023:10:14:01 +0800] "POST /xingrg/all/common/load_combo.html?type=base HTTP/1.1" 200 3409
180.152.241.196 - - [02/Aug/2023:10:14:01 +0800] "GET /xingrg/all/function/internal_message.html?_=1690942445859&CODE_STATE=getMsg HTTP/1.1" 302 -
180.152.241.196 - - [02/Aug/2023:10:14:01 +0800] "GET /xingrg/login.html HTTP/1.1" 200 7641
58.40.7.146 - - [02/Aug/2023:10:14:01 +0800] "GET /xingrg/check_reg.html?_=1690942441941 HTTP/1.1" 302 -
58.40.7.146 - - [02/Aug/2023:10:14:01 +0800] "GET /xingrg/all/function/internal_message.html?_=1690942441943&CODE_STATE=getMsg HTTP/1.1" 302 -
124.79.243.110 - - [02/Aug/2023:10:14:02 +0800] "GET /xingrg/all/function/internal_message.html?_=1690942730333&CODE_STATE=getMsg HTTP/1.1" 302 -
222.70.180.90 - - [02/Aug/2023:10:14:02 +0800] "POST /xingrg/login.do HTTP/1.1" 302 -
222.70.180.90 - - [02/Aug/2023:10:14:02 +0800] "GET /xingrg/index.html?sysBaseUrl=http%3A%2F%2F180.169.147.146%3A18081%2Fxingrg%2F&costTime=40×tamp=1690942442702 HTTP/1.1" 200 17419
222.70.180.90 - - [02/Aug/2023:10:14:02 +0800] "GET /favicon.ico HTTP/1.1" 404 -
222.70.180.90 - - [02/Aug/2023:10:14:03 +0800] "POST /xingrg/all/common/load_tree.html?tree=area_rest_tree_json&manage=1 HTTP/1.1" 200 470
222.70.180.90 - - [02/Aug/2023:10:14:03 +0800] "GET /xingrg/check_reg.html?_=1690942444574 HTTP/1.1" 200 22
222.70.180.90 - - [02/Aug/2023:10:14:03 +0800] "GET /xingrg/all/function/internal_message.html?_=1690942444571&CODE_STATE=count HTTP/1.1" 200 11
222.70.180.90 - - [02/Aug/2023:10:14:03 +0800] "POST /xingrg/load_menu.html HTTP/1.1" 200 9959
114.83.217.26 - - [02/Aug/2023:10:14:03 +0800] "GET /xingrg/all/function/internal_message.html?_=1690942573881&CODE_STATE=getMsg HTTP/1.1" 302 -
114.83.222.132 - - [02/Aug/2023:10:14:04 +0800] "GET /xingrg/javascript/auto/indicator.gif HTTP/1.1" 404 1066
222.70.180.90 - - [02/Aug/2023:10:14:05 +0800] "GET /xingrg/kc/report/report_main.html HTTP/1.1" 200 7340
180.169.147.146 - - [02/Aug/2023:10:14:05 +0800] "GET /xingrg/all/function/internal_message.html?_=1690942445232&CODE_STATE=getMsg HTTP/1.1" 302 -
180.169.147.146 - - [02/Aug/2023:10:14:05 +0800] "GET /xingrg/login.html HTTP/1.1" 200 7641
222.70.180.90 - - [02/Aug/2023:10:14:06 +0800] "GET /xingrg/all/report/report_query.html?fileName=kc/buy/gys_amount.xml&rh=99999 HTTP/1.1" 200 52006
222.70.180.90 - - [02/Aug/2023:10:14:06 +0800] "GET /xingrg/dwr/util.js HTTP/1.1" 200 35990
222.70.180.90 - - [02/Aug/2023:10:14:06 +0800] "GET /xingrg/dwr/engine.js HTTP/1.1" 200 43631
222.70.180.90 - - [02/Aug/2023:10:14:06 +0800] "GET /xingrg/dwr/interface/AjaxReportQueryService.js HTTP/1.1" 200 13203
222.70.180.90 - - [02/Aug/2023:10:14:06 +0800] "POST /xingrg/dwr/call/plaincall/AjaxReportQueryService.getFixDate.dwr HTTP/1.1" 200 111
222.70.180.90 - - [02/Aug/2023:10:14:06 +0800] "POST /xingrg/all/common/load_tree.html?tree=supplier_tree_json&manage=1 HTTP/1.1" 200 76714
222.70.180.90 - - [02/Aug/2023:10:14:07 +0800] "POST /xingrg/all/common/load_tree.html?tree=materiel_sort_tree_json HTTP/1.1" 200 9500
222.70.180.90 - - [02/Aug/2023:10:14:08 +0800] "POST /xingrg/dwr/call/plaincall/AjaxReportQueryService.getInitString.dwr HTTP/1.1" 200 1023
101.83.145.37 - - [02/Aug/2023:10:14:09 +0800] "GET /xingrg/all/function/internal_message.html?_=1690942449463&CODE_STATE=getMsg HTTP/1.1" 302 -
222.70.180.90 - - [02/Aug/2023:10:14:09 +0800] "GET /xingrg/kc/buy/buy_main.html HTTP/1.1" 200 12412
222.70.180.90 - - [02/Aug/2023:10:14:09 +0800] "GET /xingrg/css/new_ie.css HTTP/1.1" 404 1036
180.169.147.146 - - [02/Aug/2023:10:14:09 +0800] "GET /xingrg/login.html HTTP/1.1" 200 7641
180.169.147.146 - - [02/Aug/2023:10:14:09 +0800] "GET /favicon.ico HTTP/1.1" 404 -
222.70.180.90 - - [02/Aug/2023:10:14:10 +0800] "GET /xingrg/images/yd/bt.gif HTTP/1.1" 404 1040
116.230.117.43 - - [02/Aug/2023:10:14:11 +0800] "POST /xingrg/services/DataTransmitService HTTP/1.1" 200 524
116.230.117.43 - - [02/Aug/2023:10:14:13 +0800] "POST /xingrg/services/DataTransmitService HTTP/1.1" 200 2335
222.70.180.90 - - [02/Aug/2023:10:14:13 +0800] "GET /xingrg/kc/buy/cgsh_order_list.html HTTP/1.1" 200 55986
180.169.147.146 - - [02/Aug/2023:10:14:14 +0800] "POST /xingrg/login.do HTTP/1.1" 302 -
180.169.147.146 - - [02/Aug/2023:10:14:14 +0800] "GET /xingrg/index.html?sysBaseUrl=http%3A%2F%2F180.169.147.146%3A18081%2Fxingrg%2F&costTime=48×tamp=1690942454199 HTTP/1.1" 200 17179
180.169.147.146 - - [02/Aug/2023:10:14:14 +0800] "GET /favicon.ico HTTP/1.1" 404 -
180.169.147.146 - - [02/Aug/2023:10:14:14 +0800] "POST /xingrg/all/common/load_tree.html?tree=area_rest_tree_json&manage=1 HTTP/1.1" 200 351
180.169.147.146 - - [02/Aug/2023:10:14:14 +0800] "GET /xingrg/all/function/internal_message.html?_=1690942451621&CODE_STATE=count HTTP/1.1" 200 11
180.169.147.146 - - [02/Aug/2023:10:14:14 +0800] "GET /xingrg/check_reg.html?_=1690942451622 HTTP/1.1" 200 22
180.169.147.146 - - [02/Aug/2023:10:14:14 +0800] "POST /xingrg/load_menu.html HTTP/1.1" 200 5138
116.230.117.43 - - [02/Aug/2023:10:14:15 +0800] "POST /xingrg/services/DataTransmitService HTTP/1.1" 200 524
180.169.147.146 - - [02/Aug/2023:10:14:15 +0800] "POST /xingrg/kc/buy/cgsh_list_operate.html HTTP/1.1" 200 2114
116.230.117.43 - - [02/Aug/2023:10:14:15 +0800] "POST /xingrg/services/DataTransmitService HTTP/1.1" 200 412
180.169.147.146 - - [02/Aug/2023:10:14:15 +0800] "GET /xingrg/kc/buy/buy_main.html HTTP/1.1" 200 12412
180.169.147.146 - - [02/Aug/2023:10:14:15 +0800] "GET /xingrg/css/new_ie.css HTTP/1.1" 404 1036
180.169.147.146 - - [02/Aug/2023:10:14:16 +0800] "GET /xingrg/images/yd/bt.gif HTTP/1.1" 404 1040
222.70.180.90 - - [02/Aug/2023:10:14:16 +0800] "POST /xingrg/kc/buy/cgsh_list_operate.html HTTP/1.1" 200 986
180.169.147.146 - - [02/Aug/2023:10:14:16 +0800] "GET /xingrg/kc/buy/cgsh_order_list.html HTTP/1.1" 200 55986
116.230.117.43 - - [02/Aug/2023:10:14:17 +0800] "POST /xingrg/services/DataTransmitService HTTP/1.1" 200 524
116.230.117.43 - - [02/Aug/2023:10:14:18 +0800] "POST /xingrg/services/DataTransmitService HTTP/1.1" 200 2335
116.230.117.43 - - [02/Aug/2023:10:14:19 +0800] "POST /xingrg/services/DataTransmitService HTTP/1.1" 200 524
180.169.147.146 - - [02/Aug/2023:10:14:20 +0800] "POST /xingrg/kc/buy/cgsh_list_operate.html HTTP/1.1" 200 5945
222.70.180.90 - - [02/Aug/2023:10:14:21 +0800] "GET /xingrg/javascript/jquery_tools/images/next.gif HTTP/1.1" 404 1086
222.70.180.90 - - [02/Aug/2023:10:14:21 +0800] "GET /xingrg/javascript/jquery_tools/images/prev.gif HTTP/1.1" 404 1086
116.230.117.43 - - [02/Aug/2023:10:14:21 +0800] "POST /xingrg/services/DataTransmitService HTTP/1.1" 200 2335
116.230.117.43 - - [02/Aug/2023:10:14:23 +0800] "POST /xingrg/services/DataTransmitService HTTP/1.1" 200 524
114.83.222.132 - - [02/Aug/2023:10:14:25 +0800] "GET /xingrg/kc/base/wldb_order_operate.html?command=get_materiel&rest_code=00149&base_code=0010394&code=00101019063 HTTP/1.1" 200 460
116.230.117.43 - - [02/Aug/2023:10:14:25 +0800] "POST /xingrg/services/DataTransmitService HTTP/1.1" 200 2335
180.169.147.146 - - [02/Aug/2023:10:14:25 +0800] "POST /xingrg/kc/buy/cgsh_list_operate.html HTTP/1.1" 200 439
116.230.117.43 - - [02/Aug/2023:10:14:26 +0800] "POST /xingrg/services/DataTransmitService HTTP/1.1" 200 524
116.230.117.43 - - [02/Aug/2023:10:14:27 +0800] "GET /xingrg/all/function/internal_message.html?_=1690942477054&CODE_STATE=getMsg HTTP/1.1" 302 -
180.169.147.146 - - [02/Aug/2023:10:14:28 +0800] "GET /xingrg/kc/buy/cgsh_order_info.html?code=212023080100380 HTTP/1.1" 200 71768
180.169.147.146 - - [02/Aug/2023:10:14:28 +0800] "GET /xingrg/words/20230802092544_words.js HTTP/1.1" 304 -
180.169.147.146 - - [02/Aug/2023:10:14:28 +0800] "GET /xingrg/javascript/easyui/themes/default/validatebox.css HTTP/1.1" 404 1104
180.169.147.146 - - [02/Aug/2023:10:14:28 +0800] "GET /xingrg/all/common/auto_word.html?type=employee&rest_code=00147 HTTP/1.1" 200 101
180.169.147.146 - - [02/Aug/2023:10:14:28 +0800] "GET /xingrg/all/common/auto_word.html?type=employee&rest_code=00147 HTTP/1.1" 200 101
116.230.117.43 - - [02/Aug/2023:10:14:28 +0800] "POST /xingrg/services/DataTransmitService HTTP/1.1" 200 2335
180.169.147.146 - - [02/Aug/2023:10:14:29 +0800] "POST /xingrg/kc/buy/cgsh_order_operate.html HTTP/1.1" 200 4452
116.230.117.43 - - [02/Aug/2023:10:14:29 +0800] "POST /xingrg/services/DataTransmitService HTTP/1.1" 200 524
180.169.147.146 - - [02/Aug/2023:10:14:30 +0800] "GET /xingrg/javascript/auto/indicator.gif HTTP/1.1" 404 1066
116.230.117.43 - - [02/Aug/2023:10:14:31 +0800] "POST /xingrg/services/DataTransmitService HTTP/1.1" 200 2335
222.70.180.90 - - [02/Aug/2023:10:14:31 +0800] "GET /xingrg/javascript/easyui/plugins/jquery.draggable.js HTTP/1.1" 304 -
222.70.180.90 - - [02/Aug/2023:10:14:31 +0800] "GET /xingrg/css/images/panel_loading.gif HTTP/1.1" 200 1737
222.70.180.90 - - [02/Aug/2023:10:14:31 +0800] "GET /xingrg/javascript/easyui/plugins/jquery.droppable.js HTTP/1.1" 304 -
222.70.180.90 - - [02/Aug/2023:10:14:31 +0800] "GET /xingrg/javascript/easyui/themes/default/tree.css HTTP/1.1" 404 1090
222.70.180.90 - - [02/Aug/2023:10:14:31 +0800] "GET /xingrg/javascript/easyui/plugins/jquery.tree.js HTTP/1.1" 304 -
222.70.180.90 - - [02/Aug/2023:10:14:31 +0800] "POST /xingrg/all/common/load_tree.html?tree=supplier_tree_json&manage=1 HTTP/1.1" 200 76714
180.169.147.146 - - [02/Aug/2023:10:14:31 +0800] "GET /xingrg/javascript/jquery_tools/images/prev.gif HTTP/1.1" 404 1086
180.169.147.146 - - [02/Aug/2023:10:14:31 +0800] "GET /xingrg/javascript/jquery_tools/images/next.gif HTTP/1.1" 404 1086
222.70.180.90 - - [02/Aug/2023:10:14:32 +0800] "GET /xingrg/all/function/internal_message.html?_=1690942471198&CODE_STATE=getMsg HTTP/1.1" 302 -
116.230.117.43 - - [02/Aug/2023:10:14:32 +0800] "POST /xingrg/services/DataTransmitService HTTP/1.1" 200 524
222.70.180.90 - - [02/Aug/2023:10:14:33 +0800] "GET /xingrg/javascript/easyui/themes/default/images/tree_folder.gif HTTP/1.1" 200 952
222.70.180.90 - - [02/Aug/2023:10:14:33 +0800] "GET /xingrg/javascript/easyui/themes/default/images/tree_folder_open.gif HTTP/1.1" 200 956
222.70.180.90 - - [02/Aug/2023:10:14:33 +0800] "GET /xingrg/javascript/easyui/themes/default/images/tree_checkbox_0.gif HTTP/1.1" 200 168
116.230.117.43 - - [02/Aug/2023:10:14:34 +0800] "POST /xingrg/services/DataTransmitService HTTP/1.1" 200 2335
124.78.70.128 - - [02/Aug/2023:10:14:35 +0800] "GET /xingrg/all/function/internal_message.html?_=1690941938708&CODE_STATE=getMsg HTTP/1.1" 302 -
116.230.117.43 - - [02/Aug/2023:10:14:36 +0800] "POST /xingrg/services/DataTransmitService HTTP/1.1" 200 524
101.83.145.37 - - [02/Aug/2023:10:14:36 +0800] "GET /xingrg/all/function/internal_message.html?_=1690942283218&CODE_STATE=getMsg HTTP/1.1" 302 -
116.230.117.43 - - [02/Aug/2023:10:14:37 +0800] "POST /xingrg/services/DataTransmitService HTTP/1.1" 200 412
180.169.147.146 - - [02/Aug/2023:10:14:37 +0800] "POST /xingrg/kc/buy/cgsh_order_operate.html HTTP/1.1" 200 37
116.230.117.43 - - [02/Aug/2023:10:14:38 +0800] "POST /xingrg/services/DataTransmitService HTTP/1.1" 200 524
222.70.180.90 - - [02/Aug/2023:10:14:38 +0800] "GET /xingrg/javascript/auto/indicator.gif HTTP/1.1" 404 1066
180.169.147.146 - - [02/Aug/2023:10:14:39 +0800] "GET /xingrg/check_reg.html?_=1690942479290 HTTP/1.1" 302 -
180.169.147.146 - - [02/Aug/2023:10:14:39 +0800] "GET /xingrg/all/function/internal_message.html?_=1690942479291&CODE_STATE=getMsg HTTP/1.1" 302 -
124.79.243.110 - - [02/Aug/2023:10:14:39 +0800] "GET /xingrg/all/function/internal_message.html?_=1690942478543&CODE_STATE=getMsg HTTP/1.1" 302 -
116.230.117.43 - - [02/Aug/2023:10:14:39 +0800] "POST /xingrg/services/DataTransmitService HTTP/1.1" 200 2335
114.83.222.132 - - [02/Aug/2023:10:14:40 +0800] "GET /xingrg/kc/base/wldb_order_operate.html?command=get_materiel&rest_code=00149&base_code=0010394&code=00101019187 HTTP/1.1" 200 479
180.169.147.146 - - [02/Aug/2023:10:14:40 +0800] "POST /xingrg/kc/buy/cgsh_order_operate.html HTTP/1.1" 200 4452
116.230.117.43 - - [02/Aug/2023:10:14:41 +0800] "POST /xingrg/services/DataTransmitService HTTP/1.1" 200 524
116.230.117.43 - - [02/Aug/2023:10:14:42 +0800] "POST /xingrg/services/DataTransmitService HTTP/1.1" 200 412
116.230.117.43 - - [02/Aug/2023:10:14:44 +0800] "POST /xingrg/services/DataTransmitService HTTP/1.1" 200 524
180.152.241.196 - - [02/Aug/2023:10:14:44 +0800] "GET /xingrg/check_reg.html?_=1690942484842 HTTP/1.1" 302 -
180.152.241.196 - - [02/Aug/2023:10:14:44 +0800] "GET /xingrg/all/function/internal_message.html?_=1690942484843&CODE_STATE=getMsg HTTP/1.1" 302 -
116.232.195.127 - - [02/Aug/2023:10:14:45 +0800] "GET /xingrg/all/function/internal_message.html?_=1690942425973&CODE_STATE=getMsg HTTP/1.1" 302 -
116.230.117.43 - - [02/Aug/2023:10:14:45 +0800] "POST /xingrg/services/DataTransmitService HTTP/1.1" 200 2335
116.230.117.43 - - [02/Aug/2023:10:14:47 +0800] "POST /xingrg/services/DataTransmitService HTTP/1.1" 200 524
114.83.222.132 - - [02/Aug/2023:10:14:47 +0800] "GET /xingrg/kc/base/wldb_order_operate.html?command=get_materiel&rest_code=00149&base_code=0010394&code=00101019133 HTTP/1.1" 200 480
222.70.180.90 - - [02/Aug/2023:10:14:48 +0800] "POST /xingrg/all/common/load_tree.html?tree=area_rest_tree_json&manage=1 HTTP/1.1" 200 470
222.70.180.90 - - [02/Aug/2023:10:14:48 +0800] "GET /xingrg/javascript/easyui/themes/icons/area.png HTTP/1.1" 200 262
222.70.180.90 - - [02/Aug/2023:10:14:48 +0800] "GET /xingrg/javascript/easyui/themes/icons/rest.png HTTP/1.1" 200 695
116.230.117.43 - - [02/Aug/2023:10:14:48 +0800] "POST /xingrg/services/DataTransmitService HTTP/1.1" 200 412
180.169.147.146 - - [02/Aug/2023:10:14:49 +0800] "POST /xingrg/kc/buy/cgsh_order_operate.html HTTP/1.1" 200 37
116.230.117.43 - - [02/Aug/2023:10:14:49 +0800] "POST /xingrg/services/DataTransmitService HTTP/1.1" 200 524
222.70.180.90 - - [02/Aug/2023:10:14:49 +0800] "GET /xingrg/javascript/easyui/themes/default/images/tree_checkbox_1.gif HTTP/1.1" 200 174
222.70.180.90 - - [02/Aug/2023:10:14:49 +0800] "GET /xingrg/javascript/easyui/themes/default/images/tree_checkbox_2.gif HTTP/1.1" 200 181
180.169.147.146 - - [02/Aug/2023:10:14:50 +0800] "POST /xingrg/kc/buy/cgsh_order_operate.html HTTP/1.1" 200 4452
116.230.117.43 - - [02/Aug/2023:10:14:51 +0800] "POST /xingrg/services/DataTransmitService HTTP/1.1" 200 2335
116.230.117.43 - - [02/Aug/2023:10:14:52 +0800] "POST /xingrg/services/DataTransmitService HTTP/1.1" 200 524
114.83.222.132 - - [02/Aug/2023:10:14:52 +0800] "GET /xingrg/kc/base/wldb_order_operate.html?command=get_materiel&rest_code=00149&base_code=0010394&code=00101019391 HTTP/1.1" 200 485
116.230.117.43 - - [02/Aug/2023:10:14:53 +0800] "POST /xingrg/services/DataTransmitService HTTP/1.1" 200 412
114.83.222.132 - - [02/Aug/2023:10:14:53 +0800] "GET /xingrg/all/function/internal_message.html?_=1690942494588&CODE_STATE=getMsg HTTP/1.1" 200 27
116.230.117.43 - - [02/Aug/2023:10:14:54 +0800] "POST /xingrg/services/DataTransmitService HTTP/1.1" 200 524
180.169.147.146 - - [02/Aug/2023:10:14:54 +0800] "GET /xingrg/all/function/internal_message.html?_=1690942492314&CODE_STATE=getMsg HTTP/1.1" 302 -
116.230.117.43 - - [02/Aug/2023:10:14:56 +0800] "POST /xingrg/services/DataTransmitService HTTP/1.1" 200 2335
222.70.180.90 - - [02/Aug/2023:10:14:56 +0800] "GET /xingrg/all/function/internal_message.html?_=1690942495528&CODE_STATE=getMsg HTTP/1.1" 302 -
116.230.117.43 - - [02/Aug/2023:10:14:57 +0800] "POST /xingrg/services/DataTransmitService HTTP/1.1" 200 524
124.79.243.110 - - [02/Aug/2023:10:14:58 +0800] "GET /xingrg/check_reg.html?_=1690942786166 HTTP/1.1" 302 -
222.64.144.188 - - [02/Aug/2023:10:14:58 +0800] "GET /xingrg/all/function/internal_message.html?_=1690942498201&CODE_STATE=getMsg HTTP/1.1" 302 -
114.83.222.132 - - [02/Aug/2023:10:14:58 +0800] "GET /xingrg/kc/base/wldb_order_operate.html?command=get_materiel&rest_code=00149&base_code=0010394&code=00101019185 HTTP/1.1" 200 468
116.230.117.43 - - [02/Aug/2023:10:14:59 +0800] "POST /xingrg/services/DataTransmitService HTTP/1.1" 200 2335
116.232.195.127 - - [02/Aug/2023:10:14:59 +0800] "GET /xingrg/check_reg.html?_=1690942440131 HTTP/1.1" 302 -
116.230.117.43 - - [02/Aug/2023:10:15:00 +0800] "POST /xingrg/services/DataTransmitService HTTP/1.1" 200 524
116.230.117.43 - - [02/Aug/2023:10:15:01 +0800] "POST /xingrg/services/DataTransmitService HTTP/1.1" 200 412
180.152.241.196 - - [02/Aug/2023:10:15:01 +0800] "GET /xingrg/all/function/internal_message.html?_=1690942505842&CODE_STATE=getMsg HTTP/1.1" 302 -
58.40.7.146 - - [02/Aug/2023:10:15:01 +0800] "GET /xingrg/all/function/internal_message.html?_=1690942501929&CODE_STATE=getMsg HTTP/1.1" 302 -
124.79.243.110 - - [02/Aug/2023:10:15:02 +0800] "GET /xingrg/all/function/internal_message.html?_=1690942790303&CODE_STATE=getMsg HTTP/1.1" 302 -
222.70.180.90 - - [02/Aug/2023:10:15:03 +0800] "GET /xingrg/all/function/internal_message.html?_=1690942504589&CODE_STATE=getMsg HTTP/1.1" 200 27
114.83.217.26 - - [02/Aug/2023:10:15:03 +0800] "GET /xingrg/check_reg.html?_=1690942633875 HTTP/1.1" 302 -
114.83.217.26 - - [02/Aug/2023:10:15:03 +0800] "GET /xingrg/all/function/internal_message.html?_=1690942633884&CODE_STATE=getMsg HTTP/1.1" 302 -
116.230.117.43 - - [02/Aug/2023:10:15:04 +0800] "POST /xingrg/services/DataTransmitService HTTP/1.1" 200 524
222.70.180.90 - - [02/Aug/2023:10:15:05 +0800] "POST /xingrg/kc/buy/cgsh_list_operate.html HTTP/1.1" 200 6575
180.169.147.146 - - [02/Aug/2023:10:15:05 +0800] "GET /xingrg/all/function/internal_message.html?_=1690942505245&CODE_STATE=getMsg HTTP/1.1" 302 -
114.83.222.132 - - [02/Aug/2023:10:15:05 +0800] "GET /xingrg/kc/base/wldb_order_operate.html?command=get_materiel&rest_code=00149&base_code=0010394&code=00101019306 HTTP/1.1" 200 479
116.230.117.43 - - [02/Aug/2023:10:15:05 +0800] "POST /xingrg/services/DataTransmitService HTTP/1.1" 200 2335
116.230.117.43 - - [02/Aug/2023:10:15:07 +0800] "POST /xingrg/services/DataTransmitService HTTP/1.1" 200 524
116.230.117.43 - - [02/Aug/2023:10:15:08 +0800] "POST /xingrg/services/DataTransmitService HTTP/1.1" 200 412
116.230.117.43 - - [02/Aug/2023:10:15:09 +0800] "POST /xingrg/services/DataTransmitService HTTP/1.1" 200 524
101.83.145.37 - - [02/Aug/2023:10:15:09 +0800] "GET /xingrg/all/function/internal_message.html?_=1690942509445&CODE_STATE=getMsg HTTP/1.1" 302 -
116.230.117.43 - - [02/Aug/2023:10:15:10 +0800] "POST /xingrg/services/DataTransmitService HTTP/1.1" 200 2335
114.83.222.132 - - [02/Aug/2023:10:15:12 +0800] "GET /xingrg/kc/base/wldb_order_operate.html?command=get_materiel&rest_code=00149&base_code=0010394&code=00101019079 HTTP/1.1" 200 479
116.230.117.43 - - [02/Aug/2023:10:15:13 +0800] "POST /xingrg/services/DataTransmitService HTTP/1.1" 200 524
116.230.117.43 - - [02/Aug/2023:10:15:14 +0800] "POST /xingrg/services/DataTransmitService HTTP/1.1" 200 412
180.169.147.146 - - [02/Aug/2023:10:15:14 +0800] "GET /xingrg/all/function/internal_message.html?_=1690942511636&CODE_STATE=getMsg HTTP/1.1" 200 27
116.230.117.43 - - [02/Aug/2023:10:15:17 +0800] "POST /xingrg/services/DataTransmitService HTTP/1.1" 200 524
116.230.117.43 - - [02/Aug/2023:10:15:18 +0800] "POST /xingrg/services/DataTransmitService HTTP/1.1" 200 412
114.83.222.132 - - [02/Aug/2023:10:15:19 +0800] "GET /xingrg/kc/base/wldb_order_operate.html?command=get_materiel&rest_code=00149&base_code=0010394&code=00101019253 HTTP/1.1" 200 481
116.230.117.43 - - [02/Aug/2023:10:15:22 +0800] "POST /xingrg/services/DataTransmitService HTTP/1.1" 200 524
116.230.117.43 - - [02/Aug/2023:10:15:24 +0800] "POST /xingrg/services/DataTransmitService HTTP/1.1" 200 2335
116.230.117.43 - - [02/Aug/2023:10:15:27 +0800] "GET /xingrg/all/function/internal_message.html?_=1690942537186&CODE_STATE=getMsg HTTP/1.1" 302 -
222.70.180.90 - - [02/Aug/2023:10:15:32 +0800] "GET /xingrg/all/function/internal_message.html?_=1690942531209&CODE_STATE=getMsg HTTP/1.1" 302 -
124.78.70.128 - - [02/Aug/2023:10:15:35 +0800] "GET /xingrg/all/function/internal_message.html?_=1690941998690&CODE_STATE=getMsg HTTP/1.1" 302 -
114.83.222.132 - - [02/Aug/2023:10:15:35 +0800] "POST /xingrg/kc/base/wldb_order_operate.html HTTP/1.1" 200 37
114.85.113.108 - - [02/Aug/2023:10:15:36 +0800] "GET /xingrg/all/function/internal_message.html?_=1690942532715&CODE_STATE=getMsg HTTP/1.1" 302 -
114.83.222.132 - - [02/Aug/2023:10:15:36 +0800] "POST /xingrg/kc/base/wldb_order_operate.html HTTP/1.1" 200 5783
101.83.145.37 - - [02/Aug/2023:10:15:36 +0800] "GET /xingrg/all/function/internal_message.html?_=1690942343219&CODE_STATE=getMsg HTTP/1.1" 302 -
114.85.113.108 - - [02/Aug/2023:10:15:38 +0800] "GET /xingrg/kc/buy/cgsh_order_add.html HTTP/1.1" 302 -
114.85.113.108 - - [02/Aug/2023:10:15:38 +0800] "GET /xingrg/login.html HTTP/1.1" 200 7641
114.85.113.108 - - [02/Aug/2023:10:15:38 +0800] "GET /xingrg/login.html HTTP/1.1" 200 7641
114.85.113.108 - - [02/Aug/2023:10:15:38 +0800] "GET /favicon.ico HTTP/1.1" 404 -
180.169.147.146 - - [02/Aug/2023:10:15:39 +0800] "GET /xingrg/all/function/internal_message.html?_=1690942539304&CODE_STATE=getMsg HTTP/1.1" 302 -
124.79.243.110 - - [02/Aug/2023:10:15:39 +0800] "GET /xingrg/all/function/internal_message.html?_=1690942538519&CODE_STATE=getMsg HTTP/1.1" 302 -
180.169.147.146 - - [02/Aug/2023:10:15:42 +0800] "POST /xingrg/kc/buy/cgsh_list_operate.html HTTP/1.1" 200 4
180.152.241.196 - - [02/Aug/2023:10:15:44 +0800] "GET /xingrg/all/function/internal_message.html?_=1690942544832&CODE_STATE=getMsg HTTP/1.1" 302 -
116.232.195.127 - - [02/Aug/2023:10:15:45 +0800] "GET /xingrg/all/function/internal_message.html?_=1690942485955&CODE_STATE=getMsg HTTP/1.1" 302 -
222.70.180.90 - - [02/Aug/2023:10:15:46 +0800] "POST /xingrg/kc/buy/cgsh_list_operate.html HTTP/1.1" 200 2767
114.83.222.132 - - [02/Aug/2023:10:15:47 +0800] "POST /xingrg/kc/base/wldb_order_operate.html HTTP/1.1" 200 12
114.85.113.108 - - [02/Aug/2023:10:15:49 +0800] "POST /xingrg/login.do HTTP/1.1" 302 -
114.85.113.108 - - [02/Aug/2023:10:15:50 +0800] "GET /xingrg/index.html?sysBaseUrl=http%3A%2F%2F180.169.147.146%3A18081%2Fxingrg%2F&costTime=949×tamp=1690942549936 HTTP/1.1" 200 17179
114.85.113.108 - - [02/Aug/2023:10:15:50 +0800] "GET /favicon.ico HTTP/1.1" 404 -
114.85.113.108 - - [02/Aug/2023:10:15:50 +0800] "POST /xingrg/all/common/load_tree.html?tree=area_rest_tree_json&manage=1 HTTP/1.1" 200 351
114.85.113.108 - - [02/Aug/2023:10:15:50 +0800] "GET /xingrg/check_reg.html?_=1690942547128 HTTP/1.1" 200 22
114.85.113.108 - - [02/Aug/2023:10:15:50 +0800] "GET /xingrg/all/function/internal_message.html?_=1690942547126&CODE_STATE=count HTTP/1.1" 200 11
114.85.113.108 - - [02/Aug/2023:10:15:50 +0800] "POST /xingrg/load_menu.html HTTP/1.1" 200 5138
180.169.147.146 - - [02/Aug/2023:10:15:54 +0800] "GET /xingrg/all/function/internal_message.html?_=1690942552322&CODE_STATE=getMsg HTTP/1.1" 302 -
114.85.113.108 - - [02/Aug/2023:10:15:55 +0800] "GET /xingrg/kc/base/wldb_order_list.html HTTP/1.1" 200 19183
114.85.113.108 - - [02/Aug/2023:10:15:55 +0800] "POST /xingrg/kc/base/wldb_list_operate.html HTTP/1.1" 200 928
222.70.180.90 - - [02/Aug/2023:10:15:56 +0800] "GET /xingrg/all/function/internal_message.html?_=1690942555513&CODE_STATE=getMsg HTTP/1.1" 302 -
222.64.144.188 - - [02/Aug/2023:10:15:58 +0800] "GET /xingrg/all/function/internal_message.html?_=1690942558204&CODE_STATE=getMsg HTTP/1.1" 302 -
114.85.113.108 - - [02/Aug/2023:10:15:59 +0800] "GET /xingrg/kc/base/wldb_order_add.html HTTP/1.1" 200 30466
114.83.222.132 - - [02/Aug/2023:10:15:59 +0800] "GET /xingrg/all/function/internal_message.html?_=1690942560150&CODE_STATE=getMsg HTTP/1.1" 200 27
114.85.113.108 - - [02/Aug/2023:10:15:59 +0800] "GET /xingrg/words/20230802092544_words.js HTTP/1.1" 200 976736
114.83.222.132 - - [02/Aug/2023:10:15:59 +0800] "GET /xingrg/kc/base/wldb_order_info.html?code=422023080200137 HTTP/1.1" 200 26345
114.83.222.132 - - [02/Aug/2023:10:16:00 +0800] "GET /xingrg/javascript/easyui/themes/default/validatebox.css HTTP/1.1" 404 1104
114.85.113.108 - - [02/Aug/2023:10:16:00 +0800] "POST /xingrg/kc/base/wldb_order_operate.html HTTP/1.1" 200 6806
114.83.222.132 - - [02/Aug/2023:10:16:00 +0800] "POST /xingrg/kc/base/wldb_order_operate.html HTTP/1.1" 200 3998
114.85.113.108 - - [02/Aug/2023:10:16:00 +0800] "GET /xingrg/all/common/auto_word.html?type=base&rest_code=00145 HTTP/1.1" 200 819
114.85.113.108 - - [02/Aug/2023:10:16:00 +0800] "GET /xingrg/all/common/auto_word.html?type=base&rest_code=00145 HTTP/1.1" 200 819
114.85.113.108 - - [02/Aug/2023:10:16:00 +0800] "GET /xingrg/javascript/easyui/themes/default/validatebox.css HTTP/1.1" 404 1104
124.79.243.110 - - [02/Aug/2023:10:16:01 +0800] "GET /xingrg/check_reg.html?_=1690942560619 HTTP/1.1" 302 -
180.152.241.196 - - [02/Aug/2023:10:16:01 +0800] "GET /xingrg/all/function/internal_message.html?_=1690942565853&CODE_STATE=getMsg HTTP/1.1" 302 -
58.40.7.146 - - [02/Aug/2023:10:16:01 +0800] "GET /xingrg/all/function/internal_message.html?_=1690942561933&CODE_STATE=getMsg HTTP/1.1" 302 -
124.79.243.110 - - [02/Aug/2023:10:16:02 +0800] "GET /xingrg/all/function/internal_message.html?_=1690942850272&CODE_STATE=getMsg HTTP/1.1" 302 -
222.70.180.90 - - [02/Aug/2023:10:16:03 +0800] "GET /xingrg/all/function/internal_message.html?_=1690942564578&CODE_STATE=getMsg HTTP/1.1" 200 27
114.83.217.26 - - [02/Aug/2023:10:16:03 +0800] "GET /xingrg/all/function/internal_message.html?_=1690942693871&CODE_STATE=getMsg HTTP/1.1" 302 -
114.85.113.108 - - [02/Aug/2023:10:16:03 +0800] "GET /xingrg/javascript/auto/indicator.gif HTTP/1.1" 404 1066
180.169.147.146 - - [02/Aug/2023:10:16:05 +0800] "GET /xingrg/check_reg.html?_=1690942565245 HTTP/1.1" 302 -
180.169.147.146 - - [02/Aug/2023:10:16:05 +0800] "GET /xingrg/all/function/internal_message.html?_=1690942565246&CODE_STATE=getMsg HTTP/1.1" 302 -
101.83.145.37 - - [02/Aug/2023:10:16:09 +0800] "GET /xingrg/kc/base/base_main.html HTTP/1.1" 302 -
101.83.145.37 - - [02/Aug/2023:10:16:09 +0800] "GET /xingrg/login.html HTTP/1.1" 200 7641
101.83.145.37 - - [02/Aug/2023:10:16:09 +0800] "GET /xingrg/login.html HTTP/1.1" 200 7641
101.83.145.37 - - [02/Aug/2023:10:16:09 +0800] "GET /favicon.ico HTTP/1.1" 404 -
101.83.145.37 - - [02/Aug/2023:10:16:09 +0800] "GET /xingrg/all/function/internal_message.html?_=1690942569426&CODE_STATE=getMsg HTTP/1.1" 302 -
116.230.117.43 - - [02/Aug/2023:10:16:10 +0800] "POST /xingrg/services/DataTransmitService HTTP/1.1" 200 524
101.83.145.37 - - [02/Aug/2023:10:16:10 +0800] "GET /xingrg/check_reg.html?_=1690942570880 HTTP/1.1" 302 -
116.230.117.43 - - [02/Aug/2023:10:16:11 +0800] "POST /xingrg/services/DataTransmitService HTTP/1.1" 200 412
116.230.117.43 - - [02/Aug/2023:10:16:11 +0800] "POST /xingrg/services/DataTransmitService HTTP/1.1" 200 524
116.230.117.43 - - [02/Aug/2023:10:16:13 +0800] "POST /xingrg/services/DataTransmitService HTTP/1.1" 200 2335
116.230.117.43 - - [02/Aug/2023:10:16:15 +0800] "POST /xingrg/services/DataTransmitService HTTP/1.1" 200 524
116.230.117.43 - - [02/Aug/2023:10:16:16 +0800] "POST /xingrg/services/DataTransmitService HTTP/1.1" 200 412
116.230.117.43 - - [02/Aug/2023:10:16:17 +0800] "POST /xingrg/services/DataTransmitService HTTP/1.1" 200 524
116.230.117.43 - - [02/Aug/2023:10:16:18 +0800] "POST /xingrg/services/DataTransmitService HTTP/1.1" 200 412
116.230.117.43 - - [02/Aug/2023:10:16:18 +0800] "POST /xingrg/services/DataTransmitService HTTP/1.1" 200 524
116.230.117.43 - - [02/Aug/2023:10:16:19 +0800] "POST /xingrg/services/DataTransmitService HTTP/1.1" 200 412
116.230.117.43 - - [02/Aug/2023:10:16:19 +0800] "POST /xingrg/services/DataTransmitService HTTP/1.1" 200 524
116.230.117.43 - - [02/Aug/2023:10:16:20 +0800] "POST /xingrg/services/DataTransmitService HTTP/1.1" 200 412
116.230.117.43 - - [02/Aug/2023:10:16:21 +0800] "POST /xingrg/services/DataTransmitService HTTP/1.1" 200 524
116.230.117.43 - - [02/Aug/2023:10:16:22 +0800] "POST /xingrg/services/DataTransmitService HTTP/1.1" 200 412
116.230.117.43 - - [02/Aug/2023:10:16:22 +0800] "POST /xingrg/services/DataTransmitService HTTP/1.1" 200 524
116.230.117.43 - - [02/Aug/2023:10:16:23 +0800] "POST /xingrg/services/DataTransmitService HTTP/1.1" 200 412
116.230.117.43 - - [02/Aug/2023:10:16:23 +0800] "POST /xingrg/services/DataTransmitService HTTP/1.1" 200 524
116.230.117.43 - - [02/Aug/2023:10:16:25 +0800] "POST /xingrg/services/DataTransmitService HTTP/1.1" 200 2335
116.230.117.43 - - [02/Aug/2023:10:16:25 +0800] "POST /xingrg/services/DataTransmitService HTTP/1.1" 200 524
101.83.145.37 - - [02/Aug/2023:10:16:27 +0800] "POST /xingrg/login.do HTTP/1.1" 302 -
101.83.145.37 - - [02/Aug/2023:10:16:27 +0800] "GET /xingrg/index.html?sysBaseUrl=http%3A%2F%2F180.169.147.146%3A18081%2Fxingrg%2F&costTime=1059×tamp=1690942587023 HTTP/1.1" 200 17173
116.230.117.43 - - [02/Aug/2023:10:16:27 +0800] "POST /xingrg/services/DataTransmitService HTTP/1.1" 200 412
116.230.117.43 - - [02/Aug/2023:10:16:27 +0800] "POST /xingrg/services/DataTransmitService HTTP/1.1" 200 524
101.83.145.37 - - [02/Aug/2023:10:16:27 +0800] "GET /favicon.ico HTTP/1.1" 404 -
101.83.145.37 - - [02/Aug/2023:10:16:27 +0800] "GET /xingrg/check_reg.html?_=1690942394083 HTTP/1.1" 200 22
116.230.117.43 - - [02/Aug/2023:10:16:27 +0800] "GET /xingrg/all/function/internal_message.html?_=1690942597189&CODE_STATE=getMsg HTTP/1.1" 302 -
101.83.145.37 - - [02/Aug/2023:10:16:27 +0800] "GET /xingrg/all/function/internal_message.html?_=1690942394081&CODE_STATE=count HTTP/1.1" 200 11
101.83.145.37 - - [02/Aug/2023:10:16:27 +0800] "POST /xingrg/all/common/load_tree.html?tree=area_rest_tree_json&manage=1 HTTP/1.1" 200 342
101.83.145.37 - - [02/Aug/2023:10:16:27 +0800] "POST /xingrg/load_menu.html HTTP/1.1" 200 5138
116.230.117.43 - - [02/Aug/2023:10:16:28 +0800] "POST /xingrg/services/DataTransmitService HTTP/1.1" 200 2335
116.230.117.43 - - [02/Aug/2023:10:16:29 +0800] "POST /xingrg/services/DataTransmitService HTTP/1.1" 200 524
116.230.117.43 - - [02/Aug/2023:10:16:30 +0800] "POST /xingrg/services/DataTransmitService HTTP/1.1" 200 412
222.70.180.90 - - [02/Aug/2023:10:16:32 +0800] "GET /xingrg/check_reg.html?_=1690942591203 HTTP/1.1" 302 -
222.70.180.90 - - [02/Aug/2023:10:16:32 +0800] "GET /xingrg/all/function/internal_message.html?_=1690942591205&CODE_STATE=getMsg HTTP/1.1" 302 -
116.230.117.43 - - [02/Aug/2023:10:16:32 +0800] "POST /xingrg/services/DataTransmitService HTTP/1.1" 200 524
116.230.117.43 - - [02/Aug/2023:10:16:33 +0800] "POST /xingrg/services/DataTransmitService HTTP/1.1" 200 412
101.83.145.37 - - [02/Aug/2023:10:16:33 +0800] "GET /xingrg/kc/base/base_main.html HTTP/1.1" 200 12142
