101.83.145.37 - - [02/Aug/2023:10:16:34 +0800] "GET /xingrg/images/blue/button/ckpd.gif HTTP/1.1" 304 -
101.83.145.37 - - [02/Aug/2023:10:16:34 +0800] "GET /xingrg/images/blue/button/wlsy.gif HTTP/1.1" 304 -
101.83.145.37 - - [02/Aug/2023:10:16:34 +0800] "GET /xingrg/images/blue/button/ckdb.gif HTTP/1.1" 304 -
101.83.145.37 - - [02/Aug/2023:10:16:34 +0800] "GET /xingrg/images/blue/button/yddb.gif HTTP/1.1" 304 -
116.230.117.43 - - [02/Aug/2023:10:16:34 +0800] "POST /xingrg/services/DataTransmitService HTTP/1.1" 200 524
101.83.145.37 - - [02/Aug/2023:10:16:34 +0800] "GET /xingrg/images/blue/button/left_ah.jpg HTTP/1.1" 304 -
101.83.145.37 - - [02/Aug/2023:10:16:34 +0800] "GET /xingrg/images/blue/button/top_right.jpg HTTP/1.1" 304 -
101.83.145.37 - - [02/Aug/2023:10:16:34 +0800] "GET /xingrg/images/blue/button/top_left.jpg HTTP/1.1" 304 -
101.83.145.37 - - [02/Aug/2023:10:16:34 +0800] "GET /xingrg/images/blue/button/bottom_right.jpg HTTP/1.1" 304 -
101.83.145.37 - - [02/Aug/2023:10:16:34 +0800] "GET /xingrg/images/blue/button/bottom_left.jpg HTTP/1.1" 304 -
101.83.145.37 - - [02/Aug/2023:10:16:34 +0800] "GET /xingrg/images/blue/button/down.jpg HTTP/1.1" 304 -
124.78.70.128 - - [02/Aug/2023:10:16:35 +0800] "GET /xingrg/all/function/internal_message.html?_=1690942058661&CODE_STATE=getMsg HTTP/1.1" 302 -
114.85.113.108 - - [02/Aug/2023:10:16:35 +0800] "GET /xingrg/kc/base/wldb_order_operate.html?command=get_materiel&rest_code=00145&base_code=0010284&code=00101025030 HTTP/1.1" 200 467
116.230.117.43 - - [02/Aug/2023:10:16:35 +0800] "POST /xingrg/services/DataTransmitService HTTP/1.1" 200 2335
101.83.145.37 - - [02/Aug/2023:10:16:36 +0800] "GET /xingrg/kc/base/wldb_order_list.html HTTP/1.1" 200 19177
101.83.145.37 - - [02/Aug/2023:10:16:37 +0800] "POST /xingrg/kc/base/wldb_list_operate.html HTTP/1.1" 200 928
180.169.147.146 - - [02/Aug/2023:10:16:39 +0800] "GET /xingrg/all/function/internal_message.html?_=1690942599299&CODE_STATE=getMsg HTTP/1.1" 302 -
124.79.243.110 - - [02/Aug/2023:10:16:39 +0800] "GET /xingrg/all/function/internal_message.html?_=1690942598509&CODE_STATE=getMsg HTTP/1.1" 302 -
101.83.145.37 - - [02/Aug/2023:10:16:40 +0800] "GET /xingrg/kc/base/wldb_order_add.html HTTP/1.1" 200 30460
101.83.145.37 - - [02/Aug/2023:10:16:40 +0800] "GET /xingrg/javascript/jquery_tools/order_manager.js HTTP/1.1" 304 -
101.83.145.37 - - [02/Aug/2023:10:16:40 +0800] "GET /xingrg/javascript/convert.js HTTP/1.1" 304 -
101.83.145.37 - - [02/Aug/2023:10:16:40 +0800] "GET /xingrg/javascript/json2.js HTTP/1.1" 304 -
101.83.145.37 - - [02/Aug/2023:10:16:40 +0800] "GET /xingrg/javascript/print/kc_print.js HTTP/1.1" 304 -
101.83.145.37 - - [02/Aug/2023:10:16:40 +0800] "GET /xingrg/words/20230802092544_words.js HTTP/1.1" 200 976736
101.83.145.37 - - [02/Aug/2023:10:16:40 +0800] "GET /xingrg/javascript/easyui/themes/icons/cancel.png HTTP/1.1" 304 -
101.83.145.37 - - [02/Aug/2023:10:16:40 +0800] "GET /xingrg/javascript/easyui/themes/icons/print.png HTTP/1.1" 304 -
101.83.145.37 - - [02/Aug/2023:10:16:40 +0800] "GET /xingrg/javascript/easyui/themes/icons/template_new.png HTTP/1.1" 304 -
101.83.145.37 - - [02/Aug/2023:10:16:40 +0800] "GET /xingrg/javascript/easyui/themes/default/images/menu_downarrow.png HTTP/1.1" 304 -
101.83.145.37 - - [02/Aug/2023:10:16:40 +0800] "GET /xingrg/javascript/easyui/themes/icons/ok.png HTTP/1.1" 304 -
101.83.145.37 - - [02/Aug/2023:10:16:40 +0800] "POST /xingrg/kc/base/wldb_order_operate.html HTTP/1.1" 200 6806
101.83.145.37 - - [02/Aug/2023:10:16:40 +0800] "GET /xingrg/all/common/auto_word.html?type=base&rest_code=00105 HTTP/1.1" 200 1907
101.83.145.37 - - [02/Aug/2023:10:16:40 +0800] "GET /xingrg/all/common/auto_word.html?type=base&rest_code=00105 HTTP/1.1" 200 1907
101.83.145.37 - - [02/Aug/2023:10:16:40 +0800] "GET /xingrg/javascript/easyui/themes/default/validatebox.css HTTP/1.1" 404 1104
101.83.145.37 - - [02/Aug/2023:10:16:40 +0800] "GET /xingrg/javascript/easyui/plugins/jquery.validatebox.js HTTP/1.1" 304 -
101.83.145.37 - - [02/Aug/2023:10:16:41 +0800] "GET /xingrg/javascript/easyui/themes/icons/edit_remove.png HTTP/1.1" 304 -
101.83.145.37 - - [02/Aug/2023:10:16:41 +0800] "GET /xingrg/javascript/easyui/plugins/jquery.numberbox.js HTTP/1.1" 304 -
116.230.117.43 - - [02/Aug/2023:10:16:41 +0800] "POST /xingrg/services/DataTransmitService HTTP/1.1" 200 524
116.230.117.43 - - [02/Aug/2023:10:16:42 +0800] "POST /xingrg/services/DataTransmitService HTTP/1.1" 200 412
101.83.145.37 - - [02/Aug/2023:10:16:42 +0800] "GET /xingrg/javascript/auto/indicator.gif HTTP/1.1" 404 1066
116.230.117.43 - - [02/Aug/2023:10:16:43 +0800] "POST /xingrg/services/DataTransmitService HTTP/1.1" 200 524
180.152.241.196 - - [02/Aug/2023:10:16:44 +0800] "GET /xingrg/all/function/internal_message.html?_=1690942604843&CODE_STATE=getMsg HTTP/1.1" 302 -
116.230.117.43 - - [02/Aug/2023:10:16:44 +0800] "POST /xingrg/services/DataTransmitService HTTP/1.1" 200 2335
116.232.195.127 - - [02/Aug/2023:10:16:45 +0800] "GET /xingrg/all/function/internal_message.html?_=1690942545926&CODE_STATE=getMsg HTTP/1.1" 302 -
180.152.241.196 - - [02/Aug/2023:10:16:45 +0800] "GET /xingrg/check_reg.html?_=1690942610189 HTTP/1.1" 302 -
116.230.117.43 - - [02/Aug/2023:10:16:46 +0800] "POST /xingrg/services/DataTransmitService HTTP/1.1" 200 524
116.230.117.43 - - [02/Aug/2023:10:16:46 +0800] "POST /xingrg/services/DataTransmitService HTTP/1.1" 200 412
114.85.113.108 - - [02/Aug/2023:10:16:48 +0800] "GET /xingrg/kc/base/wldb_order_operate.html?command=get_materiel&rest_code=00145&base_code=0010284&code=00101025048 HTTP/1.1" 200 473
114.85.113.108 - - [02/Aug/2023:10:16:50 +0800] "GET /xingrg/all/function/internal_message.html?_=1690942607142&CODE_STATE=getMsg HTTP/1.1" 200 27
180.169.147.146 - - [02/Aug/2023:10:16:54 +0800] "GET /xingrg/all/function/internal_message.html?_=1690942612348&CODE_STATE=getMsg HTTP/1.1" 302 -
218.81.71.13 - - [02/Aug/2023:10:16:55 +0800] "GET /xingrg/check_reg.html?_=1690942614955 HTTP/1.1" 302 -
218.81.71.13 - - [02/Aug/2023:10:16:55 +0800] "GET /xingrg/login.html HTTP/1.1" 200 7641
222.70.180.90 - - [02/Aug/2023:10:16:56 +0800] "GET /xingrg/all/function/internal_message.html?_=1690942615498&CODE_STATE=getMsg HTTP/1.1" 302 -
222.64.144.188 - - [02/Aug/2023:10:16:58 +0800] "GET /xingrg/all/function/internal_message.html?_=1690942618205&CODE_STATE=getMsg HTTP/1.1" 302 -
222.64.144.188 - - [02/Aug/2023:10:16:58 +0800] "GET /xingrg/check_reg.html?_=1690942618209 HTTP/1.1" 302 -
222.70.180.90 - - [02/Aug/2023:10:16:58 +0800] "GET /xingrg/kc/buy/buy_main.html HTTP/1.1" 200 12412
222.70.180.90 - - [02/Aug/2023:10:16:58 +0800] "GET /xingrg/css/new_ie.css HTTP/1.1" 404 1036
222.70.180.90 - - [02/Aug/2023:10:16:59 +0800] "GET /xingrg/images/yd/bt.gif HTTP/1.1" 404 1040
114.83.222.132 - - [02/Aug/2023:10:16:59 +0800] "GET /xingrg/all/function/internal_message.html?_=1690942620134&CODE_STATE=getMsg HTTP/1.1" 200 27
180.152.241.196 - - [02/Aug/2023:10:17:01 +0800] "GET /xingrg/all/function/internal_message.html?_=1690942625823&CODE_STATE=getMsg HTTP/1.1" 302 -
58.40.7.146 - - [02/Aug/2023:10:17:01 +0800] "GET /xingrg/all/function/internal_message.html?_=1690942621935&CODE_STATE=getMsg HTTP/1.1" 302 -
116.230.117.43 - - [02/Aug/2023:10:17:01 +0800] "POST /xingrg/services/DataTransmitService HTTP/1.1" 200 524
124.79.243.110 - - [02/Aug/2023:10:17:02 +0800] "GET /xingrg/all/function/internal_message.html?_=1690942910253&CODE_STATE=getMsg HTTP/1.1" 302 -
114.85.113.108 - - [02/Aug/2023:10:17:02 +0800] "GET /xingrg/kc/base/wldb_order_operate.html?command=get_materiel&rest_code=00145&base_code=0010284&code=00101025052 HTTP/1.1" 200 450
116.230.117.43 - - [02/Aug/2023:10:17:02 +0800] "POST /xingrg/services/DataTransmitService HTTP/1.1" 200 412
222.70.180.90 - - [02/Aug/2023:10:17:03 +0800] "GET /xingrg/all/function/internal_message.html?_=1690942624588&CODE_STATE=getMsg HTTP/1.1" 200 27
114.83.217.26 - - [02/Aug/2023:10:17:03 +0800] "GET /xingrg/all/function/internal_message.html?_=1690942753863&CODE_STATE=getMsg HTTP/1.1" 302 -
116.230.117.43 - - [02/Aug/2023:10:17:03 +0800] "POST /xingrg/services/DataTransmitService HTTP/1.1" 200 524
116.230.117.43 - - [02/Aug/2023:10:17:04 +0800] "POST /xingrg/services/DataTransmitService HTTP/1.1" 200 412
101.83.145.37 - - [02/Aug/2023:10:17:05 +0800] "GET /xingrg/kc/base/wldb_order_operate.html?command=get_materiel&rest_code=00105&base_code=0010507&code=00101013139 HTTP/1.1" 200 450
180.169.147.146 - - [02/Aug/2023:10:17:05 +0800] "GET /xingrg/all/function/internal_message.html?_=1690942625236&CODE_STATE=getMsg HTTP/1.1" 302 -
116.230.117.43 - - [02/Aug/2023:10:17:05 +0800] "POST /xingrg/services/DataTransmitService HTTP/1.1" 200 524
116.230.117.43 - - [02/Aug/2023:10:17:07 +0800] "POST /xingrg/services/DataTransmitService HTTP/1.1" 200 2335
116.230.117.43 - - [02/Aug/2023:10:17:08 +0800] "POST /xingrg/services/DataTransmitService HTTP/1.1" 200 524
101.83.145.37 - - [02/Aug/2023:10:17:09 +0800] "GET /xingrg/all/function/internal_message.html?_=1690942629399&CODE_STATE=getMsg HTTP/1.1" 302 -
116.230.117.43 - - [02/Aug/2023:10:17:10 +0800] "POST /xingrg/services/DataTransmitService HTTP/1.1" 200 2335
116.230.117.43 - - [02/Aug/2023:10:17:13 +0800] "POST /xingrg/services/DataTransmitService HTTP/1.1" 200 524
116.230.117.43 - - [02/Aug/2023:10:17:15 +0800] "POST /xingrg/services/DataTransmitService HTTP/1.1" 200 2335
222.70.180.90 - - [02/Aug/2023:10:17:17 +0800] "GET /favicon.ico HTTP/1.1" 404 -
114.85.113.108 - - [02/Aug/2023:10:17:18 +0800] "GET /xingrg/kc/base/wldb_order_operate.html?command=get_materiel&rest_code=00145&base_code=0010284&code=00101025055 HTTP/1.1" 200 450
116.230.117.43 - - [02/Aug/2023:10:17:20 +0800] "POST /xingrg/services/DataTransmitService HTTP/1.1" 200 524
116.230.117.43 - - [02/Aug/2023:10:17:21 +0800] "POST /xingrg/services/DataTransmitService HTTP/1.1" 200 412
116.230.117.43 - - [02/Aug/2023:10:17:22 +0800] "POST /xingrg/services/DataTransmitService HTTP/1.1" 200 524
116.230.117.43 - - [02/Aug/2023:10:17:24 +0800] "POST /xingrg/services/DataTransmitService HTTP/1.1" 200 2335
116.230.117.43 - - [02/Aug/2023:10:17:26 +0800] "POST /xingrg/services/DataTransmitService HTTP/1.1" 200 524
116.230.117.43 - - [02/Aug/2023:10:17:27 +0800] "GET /xingrg/all/function/internal_message.html?_=1690942657354&CODE_STATE=getMsg HTTP/1.1" 302 -
116.230.117.43 - - [02/Aug/2023:10:17:28 +0800] "POST /xingrg/services/DataTransmitService HTTP/1.1" 200 2335
116.230.117.43 - - [02/Aug/2023:10:17:29 +0800] "POST /xingrg/services/DataTransmitService HTTP/1.1" 200 524
101.83.145.37 - - [02/Aug/2023:10:17:29 +0800] "POST /xingrg/kc/base/wldb_order_operate.html HTTP/1.1" 200 37
101.83.145.37 - - [02/Aug/2023:10:17:30 +0800] "POST /xingrg/kc/base/wldb_order_operate.html HTTP/1.1" 200 2192
101.83.145.37 - - [02/Aug/2023:10:17:31 +0800] "GET /xingrg/kc/base/wldb_order_info.html?code=422023080200138 HTTP/1.1" 200 30474
116.230.117.43 - - [02/Aug/2023:10:17:31 +0800] "POST /xingrg/services/DataTransmitService HTTP/1.1" 200 2335
222.70.180.90 - - [02/Aug/2023:10:17:32 +0800] "GET /xingrg/all/function/internal_message.html?_=1690942651201&CODE_STATE=getMsg HTTP/1.1" 302 -
101.83.145.37 - - [02/Aug/2023:10:17:32 +0800] "GET /xingrg/javascript/easyui/themes/default/validatebox.css HTTP/1.1" 404 1104
116.230.117.43 - - [02/Aug/2023:10:17:32 +0800] "POST /xingrg/services/DataTransmitService HTTP/1.1" 200 524
101.83.145.37 - - [02/Aug/2023:10:17:32 +0800] "POST /xingrg/kc/base/wldb_order_operate.html HTTP/1.1" 200 2192
116.230.117.43 - - [02/Aug/2023:10:17:33 +0800] "POST /xingrg/services/DataTransmitService HTTP/1.1" 200 412
116.230.117.43 - - [02/Aug/2023:10:17:34 +0800] "POST /xingrg/services/DataTransmitService HTTP/1.1" 200 524
124.78.70.128 - - [02/Aug/2023:10:17:35 +0800] "GET /xingrg/all/function/internal_message.html?_=1690942118638&CODE_STATE=getMsg HTTP/1.1" 302 -
124.78.70.128 - - [02/Aug/2023:10:17:35 +0800] "GET /xingrg/check_reg.html?_=1690942119073 HTTP/1.1" 302 -
116.230.117.43 - - [02/Aug/2023:10:17:36 +0800] "POST /xingrg/services/DataTransmitService HTTP/1.1" 200 2335
114.85.113.108 - - [02/Aug/2023:10:17:39 +0800] "GET /xingrg/kc/base/wldb_order_operate.html?command=get_materiel&rest_code=00145&base_code=0010284&code=00101027025 HTTP/1.1" 200 465
101.83.145.37 - - [02/Aug/2023:10:17:39 +0800] "GET /xingrg/kc/buy/cgsh_order_add.html HTTP/1.1" 302 -
101.83.145.37 - - [02/Aug/2023:10:17:39 +0800] "GET /xingrg/login.html HTTP/1.1" 200 7641
180.169.147.146 - - [02/Aug/2023:10:17:39 +0800] "GET /xingrg/all/function/internal_message.html?_=1690942659298&CODE_STATE=getMsg HTTP/1.1" 302 -
124.79.243.110 - - [02/Aug/2023:10:17:39 +0800] "GET /xingrg/all/function/internal_message.html?_=1690942658481&CODE_STATE=getMsg HTTP/1.1" 302 -
101.83.145.37 - - [02/Aug/2023:10:17:39 +0800] "GET /xingrg/login.html HTTP/1.1" 200 7641
101.83.145.37 - - [02/Aug/2023:10:17:39 +0800] "GET /favicon.ico HTTP/1.1" 404 -
101.83.145.37 - - [02/Aug/2023:10:17:41 +0800] "POST /xingrg/login.do HTTP/1.1" 302 -
101.83.145.37 - - [02/Aug/2023:10:17:41 +0800] "GET /xingrg/index.html?sysBaseUrl=http%3A%2F%2F180.169.147.146%3A18081%2Fxingrg%2F&costTime=888×tamp=1690942661596 HTTP/1.1" 200 17173
101.83.145.37 - - [02/Aug/2023:10:17:41 +0800] "GET /xingrg/check_reg.html?_=1690942661868 HTTP/1.1" 200 22
101.83.145.37 - - [02/Aug/2023:10:17:41 +0800] "GET /favicon.ico HTTP/1.1" 404 -
101.83.145.37 - - [02/Aug/2023:10:17:41 +0800] "GET /xingrg/all/function/internal_message.html?_=1690942661867&CODE_STATE=count HTTP/1.1" 200 11
101.83.145.37 - - [02/Aug/2023:10:17:42 +0800] "POST /xingrg/all/common/load_tree.html?tree=area_rest_tree_json&manage=1 HTTP/1.1" 200 3499
101.83.145.37 - - [02/Aug/2023:10:17:42 +0800] "POST /xingrg/load_menu.html HTTP/1.1" 200 5138
180.152.241.196 - - [02/Aug/2023:10:17:44 +0800] "GET /xingrg/all/function/internal_message.html?_=1690942664834&CODE_STATE=getMsg HTTP/1.1" 302 -
101.83.145.37 - - [02/Aug/2023:10:17:44 +0800] "GET /xingrg/kc/buy/cgsh_order_list.html HTTP/1.1" 200 55980
116.232.195.127 - - [02/Aug/2023:10:17:45 +0800] "GET /xingrg/all/function/internal_message.html?_=1690942605912&CODE_STATE=getMsg HTTP/1.1" 302 -
101.83.145.37 - - [02/Aug/2023:10:17:48 +0800] "GET /xingrg/kc/base/wldb_order_add.html HTTP/1.1" 200 30460
101.83.145.37 - - [02/Aug/2023:10:17:48 +0800] "POST /xingrg/kc/buy/cgsh_list_operate.html HTTP/1.1" 200 3944
101.83.145.37 - - [02/Aug/2023:10:17:49 +0800] "POST /xingrg/kc/base/wldb_order_operate.html HTTP/1.1" 200 6806
101.83.145.37 - - [02/Aug/2023:10:17:49 +0800] "GET /xingrg/javascript/easyui/themes/default/validatebox.css HTTP/1.1" 404 1104
114.85.113.108 - - [02/Aug/2023:10:17:50 +0800] "GET /xingrg/all/function/internal_message.html?_=1690942667139&CODE_STATE=getMsg HTTP/1.1" 200 27
124.78.70.128 - - [02/Aug/2023:10:17:51 +0800] "POST /xingrg/services/DataTransmitService HTTP/1.1" 200 524
101.83.145.37 - - [02/Aug/2023:10:17:51 +0800] "GET /xingrg/kc/buy/cgsh_order_add.html HTTP/1.1" 200 71844
101.83.145.37 - - [02/Aug/2023:10:17:51 +0800] "POST /xingrg/kc/buy/cgsh_order_operate.html HTTP/1.1" 200 8245
101.83.145.37 - - [02/Aug/2023:10:17:51 +0800] "GET /xingrg/javascript/easyui/themes/default/validatebox.css HTTP/1.1" 404 1104
180.169.147.146 - - [02/Aug/2023:10:17:54 +0800] "GET /xingrg/all/function/internal_message.html?_=1690942672347&CODE_STATE=getMsg HTTP/1.1" 302 -
222.70.180.90 - - [02/Aug/2023:10:17:56 +0800] "GET /xingrg/all/function/internal_message.html?_=1690942675482&CODE_STATE=getMsg HTTP/1.1" 302 -
222.64.144.188 - - [02/Aug/2023:10:17:58 +0800] "GET /xingrg/all/function/internal_message.html?_=1690942678210&CODE_STATE=getMsg HTTP/1.1" 302 -
114.83.222.132 - - [02/Aug/2023:10:17:59 +0800] "GET /xingrg/all/function/internal_message.html?_=1690942680119&CODE_STATE=getMsg HTTP/1.1" 200 27
180.152.241.196 - - [02/Aug/2023:10:18:01 +0800] "GET /xingrg/all/function/internal_message.html?_=1690942685808&CODE_STATE=getMsg HTTP/1.1" 302 -
58.40.7.146 - - [02/Aug/2023:10:18:01 +0800] "GET /xingrg/all/function/internal_message.html?_=1690942681937&CODE_STATE=getMsg HTTP/1.1" 302 -
124.79.243.110 - - [02/Aug/2023:10:18:02 +0800] "GET /xingrg/all/function/internal_message.html?_=1690942970235&CODE_STATE=getMsg HTTP/1.1" 302 -
222.70.180.90 - - [02/Aug/2023:10:18:03 +0800] "GET /xingrg/all/function/internal_message.html?_=1690942684578&CODE_STATE=getMsg HTTP/1.1" 200 27
114.83.217.26 - - [02/Aug/2023:10:18:03 +0800] "GET /xingrg/all/function/internal_message.html?_=1690942813876&CODE_STATE=getMsg HTTP/1.1" 302 -
180.169.147.146 - - [02/Aug/2023:10:18:05 +0800] "GET /xingrg/all/function/internal_message.html?_=1690942685244&CODE_STATE=getMsg HTTP/1.1" 302 -
101.83.145.37 - - [02/Aug/2023:10:18:05 +0800] "GET /xingrg/javascript/jquery_tools/images/prev.gif HTTP/1.1" 404 1086
101.83.145.37 - - [02/Aug/2023:10:18:05 +0800] "GET /xingrg/javascript/jquery_tools/images/next.gif HTTP/1.1" 404 1086
114.85.113.108 - - [02/Aug/2023:10:18:07 +0800] "GET /xingrg/kc/base/wldb_order_operate.html?command=get_materiel&rest_code=00145&base_code=0010284&code=00101027032 HTTP/1.1" 200 467
116.230.117.43 - - [02/Aug/2023:10:18:07 +0800] "GET /xingrg/check_reg.html?_=1690942697174 HTTP/1.1" 302 -
101.83.145.37 - - [02/Aug/2023:10:18:15 +0800] "GET /xingrg/kc/base/wldb_order_operate.html?command=get_materiel&rest_code=00105&base_code=0010507&code=00101019339 HTTP/1.1" 200 468
101.83.145.37 - - [02/Aug/2023:10:18:25 +0800] "GET /xingrg/kc/base/wldb_order_operate.html?command=get_materiel&rest_code=00105&base_code=0010507&code=00101019438 HTTP/1.1" 200 462
101.83.145.37 - - [02/Aug/2023:10:18:27 +0800] "GET /xingrg/all/function/internal_message.html?_=1690942514095&CODE_STATE=getMsg HTTP/1.1" 200 27
116.230.117.43 - - [02/Aug/2023:10:18:27 +0800] "GET /xingrg/all/function/internal_message.html?_=1690942717360&CODE_STATE=getMsg HTTP/1.1" 302 -
101.83.145.37 - - [02/Aug/2023:10:18:28 +0800] "GET /xingrg/javascript/auto/indicator.gif HTTP/1.1" 404 1066
222.70.180.90 - - [02/Aug/2023:10:18:32 +0800] "GET /xingrg/all/function/internal_message.html?_=1690942711212&CODE_STATE=getMsg HTTP/1.1" 302 -
101.83.145.37 - - [02/Aug/2023:10:18:34 +0800] "GET /xingrg/kc/buy/cgsh_order_operate.html?command=get_materiel&rest_code=00105&code=00101009109&supplier_code=&order_time=2023-08-02 HTTP/1.1" 200 413
124.78.70.128 - - [02/Aug/2023:10:18:35 +0800] "GET /xingrg/all/function/internal_message.html?_=1690942178617&CODE_STATE=getMsg HTTP/1.1" 302 -
180.169.147.146 - - [02/Aug/2023:10:18:39 +0800] "GET /xingrg/all/function/internal_message.html?_=1690942719296&CODE_STATE=getMsg HTTP/1.1" 302 -
124.79.243.110 - - [02/Aug/2023:10:18:39 +0800] "GET /xingrg/all/function/internal_message.html?_=1690942718454&CODE_STATE=getMsg HTTP/1.1" 302 -
101.83.145.37 - - [02/Aug/2023:10:18:41 +0800] "GET /xingrg/all/function/internal_message.html?_=1690942721883&CODE_STATE=getMsg HTTP/1.1" 200 27
101.83.145.37 - - [02/Aug/2023:10:18:42 +0800] "GET /xingrg/kc/base/wldb_order_operate.html?command=get_materiel&rest_code=00105&base_code=0010507&code=00101019313 HTTP/1.1" 200 456
180.152.241.196 - - [02/Aug/2023:10:18:44 +0800] "GET /xingrg/all/function/internal_message.html?_=1690942724843&CODE_STATE=getMsg HTTP/1.1" 302 -
116.232.195.127 - - [02/Aug/2023:10:18:45 +0800] "GET /xingrg/all/function/internal_message.html?_=1690942665896&CODE_STATE=getMsg HTTP/1.1" 302 -
114.85.113.108 - - [02/Aug/2023:10:18:50 +0800] "GET /xingrg/all/function/internal_message.html?_=1690942727144&CODE_STATE=getMsg HTTP/1.1" 200 27
101.83.145.37 - - [02/Aug/2023:10:18:51 +0800] "POST /xingrg/kc/base/wldb_order_operate.html HTTP/1.1" 200 37
101.83.145.37 - - [02/Aug/2023:10:18:51 +0800] "POST /xingrg/kc/base/wldb_order_operate.html HTTP/1.1" 200 3187
101.83.145.37 - - [02/Aug/2023:10:18:52 +0800] "GET /xingrg/kc/base/wldb_order_info.html?code=422023080200139 HTTP/1.1" 200 30474
101.83.145.37 - - [02/Aug/2023:10:18:53 +0800] "GET /xingrg/javascript/easyui/themes/default/validatebox.css HTTP/1.1" 404 1104
114.85.113.108 - - [02/Aug/2023:10:18:53 +0800] "GET /xingrg/kc/base/wldb_order_operate.html?command=get_materiel&rest_code=00145&base_code=0010284&code=00101027042 HTTP/1.1" 200 461
114.83.222.132 - - [02/Aug/2023:10:18:53 +0800] "GET /xingrg/check_reg.html?_=1690942734590 HTTP/1.1" 200 22
101.83.145.37 - - [02/Aug/2023:10:18:53 +0800] "POST /xingrg/kc/base/wldb_order_operate.html HTTP/1.1" 200 3187
101.83.145.37 - - [02/Aug/2023:10:18:54 +0800] "GET /xingrg/kc/buy/cgsh_order_operate.html?command=get_materiel&rest_code=00105&code=00101009001&supplier_code=&order_time=2023-08-02 HTTP/1.1" 200 416
180.169.147.146 - - [02/Aug/2023:10:18:54 +0800] "GET /xingrg/check_reg.html?_=1690942732348 HTTP/1.1" 302 -
180.169.147.146 - - [02/Aug/2023:10:18:54 +0800] "GET /xingrg/all/function/internal_message.html?_=1690942732367&CODE_STATE=getMsg HTTP/1.1" 302 -
222.70.180.90 - - [02/Aug/2023:10:18:56 +0800] "GET /xingrg/all/function/internal_message.html?_=1690942735467&CODE_STATE=getMsg HTTP/1.1" 302 -
180.152.241.196 - - [02/Aug/2023:10:18:57 +0800] "GET /xingrg/login.html HTTP/1.1" 200 7641
222.70.180.90 - - [02/Aug/2023:10:18:58 +0800] "GET /xingrg/check_reg.html?_=1690942737326 HTTP/1.1" 302 -
222.64.144.188 - - [02/Aug/2023:10:18:58 +0800] "GET /xingrg/all/function/internal_message.html?_=1690942738213&CODE_STATE=getMsg HTTP/1.1" 302 -
114.83.222.132 - - [02/Aug/2023:10:18:59 +0800] "GET /xingrg/all/function/internal_message.html?_=1690942740100&CODE_STATE=getMsg HTTP/1.1" 200 27
180.152.241.196 - - [02/Aug/2023:10:19:00 +0800] "GET /favicon.ico HTTP/1.1" 404 -
180.152.241.196 - - [02/Aug/2023:10:19:01 +0800] "GET /xingrg/all/function/internal_message.html?_=1690942745791&CODE_STATE=getMsg HTTP/1.1" 302 -
58.40.7.146 - - [02/Aug/2023:10:19:01 +0800] "GET /xingrg/all/function/internal_message.html?_=1690942741941&CODE_STATE=getMsg HTTP/1.1" 302 -
58.40.7.146 - - [02/Aug/2023:10:19:01 +0800] "GET /xingrg/check_reg.html?_=1690942741942 HTTP/1.1" 302 -
124.79.243.110 - - [02/Aug/2023:10:19:02 +0800] "GET /xingrg/all/function/internal_message.html?_=1690943030216&CODE_STATE=getMsg HTTP/1.1" 302 -
222.70.180.90 - - [02/Aug/2023:10:19:03 +0800] "GET /xingrg/check_reg.html?_=1690942744579 HTTP/1.1" 200 22
222.70.180.90 - - [02/Aug/2023:10:19:03 +0800] "GET /xingrg/all/function/internal_message.html?_=1690942744584&CODE_STATE=getMsg HTTP/1.1" 200 27
114.83.217.26 - - [02/Aug/2023:10:19:03 +0800] "GET /xingrg/all/function/internal_message.html?_=1690942873874&CODE_STATE=getMsg HTTP/1.1" 302 -
180.169.147.146 - - [02/Aug/2023:10:19:05 +0800] "GET /xingrg/all/function/internal_message.html?_=1690942745237&CODE_STATE=getMsg HTTP/1.1" 302 -
180.152.241.196 - - [02/Aug/2023:10:19:17 +0800] "POST /xingrg/login.do HTTP/1.1" 302 -
180.152.241.196 - - [02/Aug/2023:10:19:18 +0800] "GET /xingrg/index.html?sysBaseUrl=http%3A%2F%2F180.169.147.146%3A18081%2Fxingrg%2F&costTime=915×tamp=1690942757950 HTTP/1.1" 200 17503
180.152.241.196 - - [02/Aug/2023:10:19:20 +0800] "GET /favicon.ico HTTP/1.1" 404 -
180.152.241.196 - - [02/Aug/2023:10:19:21 +0800] "POST /xingrg/all/common/load_tree.html?tree=area_rest_tree_json&manage=1 HTTP/1.1" 200 3499
180.152.241.196 - - [02/Aug/2023:10:19:22 +0800] "GET /xingrg/check_reg.html?_=1690942767227 HTTP/1.1" 200 22
180.152.241.196 - - [02/Aug/2023:10:19:22 +0800] "GET /xingrg/all/function/internal_message.html?_=1690942767225&CODE_STATE=count HTTP/1.1" 200 11
180.152.241.196 - - [02/Aug/2023:10:19:23 +0800] "POST /xingrg/load_menu.html HTTP/1.1" 200 11443
101.83.145.37 - - [02/Aug/2023:10:19:27 +0800] "GET /xingrg/all/function/internal_message.html?_=1690942574073&CODE_STATE=getMsg HTTP/1.1" 200 27
180.152.241.196 - - [02/Aug/2023:10:19:27 +0800] "POST /xingrg/all/user/operate.html HTTP/1.1" 200 36
180.152.241.196 - - [02/Aug/2023:10:19:27 +0800] "GET /xingrg/index.html?sysBaseUrl=http%3A%2F%2F180.169.147.146%3A18081%2Fxingrg%2F&costTime=915×tamp=1690942757950 HTTP/1.1" 200 17503
180.152.241.196 - - [02/Aug/2023:10:19:27 +0800] "GET /xingrg/javascript/jquery_easy_ui/themes/default/easyui.css HTTP/1.1" 304 -
180.152.241.196 - - [02/Aug/2023:10:19:27 +0800] "GET /xingrg/javascript/jquery_easy_ui/themes/icon.css HTTP/1.1" 304 -
180.152.241.196 - - [02/Aug/2023:10:19:27 +0800] "GET /xingrg/css/form.css HTTP/1.1" 304 -
180.152.241.196 - - [02/Aug/2023:10:19:27 +0800] "GET /xingrg/javascript/jquery-1.4.2.min.js HTTP/1.1" 304 -
180.152.241.196 - - [02/Aug/2023:10:19:27 +0800] "GET /xingrg/javascript/jquery_easy_ui/jquery.easyui.min.js HTTP/1.1" 304 -
180.152.241.196 - - [02/Aug/2023:10:19:27 +0800] "GET /xingrg/javascript/jquery_easy_ui/easyui-lang-zh_CN.js HTTP/1.1" 304 -
180.152.241.196 - - [02/Aug/2023:10:19:27 +0800] "GET /xingrg/javascript/jquery.form.js HTTP/1.1" 304 -
180.152.241.196 - - [02/Aug/2023:10:19:27 +0800] "GET /xingrg/javascript/jquery.utils.js HTTP/1.1" 304 -
116.230.117.43 - - [02/Aug/2023:10:19:27 +0800] "GET /xingrg/all/function/internal_message.html?_=1690942777472&CODE_STATE=getMsg HTTP/1.1" 302 -
180.152.241.196 - - [02/Aug/2023:10:19:27 +0800] "GET /xingrg/javascript/jquery.timers.js HTTP/1.1" 304 -
180.152.241.196 - - [02/Aug/2023:10:19:27 +0800] "GET /xingrg/images/blue/jxLogo.png HTTP/1.1" 304 -
180.152.241.196 - - [02/Aug/2023:10:19:27 +0800] "GET /xingrg/images/blue/navBackgound.jpg HTTP/1.1" 304 -
180.152.241.196 - - [02/Aug/2023:10:19:27 +0800] "GET /xingrg/javascript/jquery_easy_ui/themes/icons/settle_new.png HTTP/1.1" 304 -
180.152.241.196 - - [02/Aug/2023:10:19:27 +0800] "GET /xingrg/all/function/internal_message.html?_=1690942772501&CODE_STATE=count HTTP/1.1" 200 11
180.152.241.196 - - [02/Aug/2023:10:19:27 +0800] "GET /xingrg/check_reg.html?_=1690942772504 HTTP/1.1" 200 22
180.152.241.196 - - [02/Aug/2023:10:19:27 +0800] "GET /xingrg/javascript/jquery_easy_ui/themes/default/images/tabs_leftarrow.png HTTP/1.1" 304 -
180.152.241.196 - - [02/Aug/2023:10:19:27 +0800] "GET /xingrg/javascript/jquery_easy_ui/themes/default/images/tabs_rightarrow.png HTTP/1.1" 304 -
180.152.241.196 - - [02/Aug/2023:10:19:27 +0800] "GET /xingrg/javascript/jquery_easy_ui/themes/default/images/panel_tool_expand.gif HTTP/1.1" 304 -
180.152.241.196 - - [02/Aug/2023:10:19:27 +0800] "GET /xingrg/javascript/jquery_easy_ui/themes/default/images/panel_tool_collapse.gif HTTP/1.1" 304 -
180.152.241.196 - - [02/Aug/2023:10:19:27 +0800] "GET /xingrg/images/blue/pingpu.png HTTP/1.1" 304 -
180.152.241.196 - - [02/Aug/2023:10:19:27 +0800] "POST /xingrg/all/common/load_tree.html?tree=area_rest_tree_json&manage=1 HTTP/1.1" 200 3499
180.152.241.196 - - [02/Aug/2023:10:19:28 +0800] "POST /xingrg/load_menu.html HTTP/1.1" 200 9959
222.70.180.90 - - [02/Aug/2023:10:19:32 +0800] "GET /xingrg/all/function/internal_message.html?_=1690942771208&CODE_STATE=getMsg HTTP/1.1" 302 -
180.169.147.146 - - [02/Aug/2023:10:19:33 +0800] "GET /xingrg/all/function/internal_message.html?_=1690942771200&CODE_STATE=getMsg HTTP/1.1" 200 27
180.169.147.146 - - [02/Aug/2023:10:19:33 +0800] "GET /xingrg/check_reg.html?_=1690942771201 HTTP/1.1" 200 22
180.152.241.196 - - [02/Aug/2023:10:19:34 +0800] "GET /xingrg/kc/mdqp/qqps_order_list.html HTTP/1.1" 200 9222
180.152.241.196 - - [02/Aug/2023:10:19:34 +0800] "GET /xingrg/dwr/interface/AjaxQqpsService.js HTTP/1.1" 200 16326
180.152.241.196 - - [02/Aug/2023:10:19:34 +0800] "GET /xingrg/dwr/interface/AjaxReportQueryService.js HTTP/1.1" 200 13203
180.152.241.196 - - [02/Aug/2023:10:19:34 +0800] "GET /xingrg/dwr/engine.js HTTP/1.1" 200 43631
180.152.241.196 - - [02/Aug/2023:10:19:34 +0800] "GET /xingrg/dwr/util.js HTTP/1.1" 200 35990
180.152.241.196 - - [02/Aug/2023:10:19:34 +0800] "GET /xingrg/javascript/jquery_easy_ui/themes/icons/edit_add_new.png HTTP/1.1" 200 2997
124.78.70.128 - - [02/Aug/2023:10:19:35 +0800] "GET /xingrg/all/function/internal_message.html?_=1690942238594&CODE_STATE=getMsg HTTP/1.1" 302 -
180.152.241.196 - - [02/Aug/2023:10:19:36 +0800] "POST /xingrg/dwr/call/plaincall/AjaxReportQueryService.getFixDate.dwr HTTP/1.1" 200 111
180.152.241.196 - - [02/Aug/2023:10:19:38 +0800] "GET /xingrg/kc/mdqp/qqps_order_list.html?isQuery=1&timeSelect=1&orderTime=previousMonth&startTime=2023-07-01&endTime=2023-07-31&state=all&query=%C8%B7++%B6%A8 HTTP/1.1" 200 15825
180.152.241.196 - - [02/Aug/2023:10:19:38 +0800] "GET /xingrg/dwr/interface/AjaxQqpsService.js HTTP/1.1" 200 16326
180.152.241.196 - - [02/Aug/2023:10:19:38 +0800] "GET /xingrg/dwr/interface/AjaxReportQueryService.js HTTP/1.1" 200 13203
180.152.241.196 - - [02/Aug/2023:10:19:38 +0800] "GET /xingrg/dwr/engine.js HTTP/1.1" 200 43631
180.169.147.146 - - [02/Aug/2023:10:19:38 +0800] "POST /xingrg/kc/buy/cgsh_list_operate.html HTTP/1.1" 200 5755
180.169.147.146 - - [02/Aug/2023:10:19:39 +0800] "GET /xingrg/check_reg.html?_=1690942779306 HTTP/1.1" 302 -
180.169.147.146 - - [02/Aug/2023:10:19:39 +0800] "GET /xingrg/all/function/internal_message.html?_=1690942779309&CODE_STATE=getMsg HTTP/1.1" 302 -
124.79.243.110 - - [02/Aug/2023:10:19:39 +0800] "GET /xingrg/all/function/internal_message.html?_=1690942778428&CODE_STATE=getMsg HTTP/1.1" 302 -
101.83.145.37 - - [02/Aug/2023:10:19:41 +0800] "GET /xingrg/all/function/internal_message.html?_=1690942781901&CODE_STATE=getMsg HTTP/1.1" 200 27
180.152.241.196 - - [02/Aug/2023:10:19:44 +0800] "GET /xingrg/check_reg.html?_=1690942784833 HTTP/1.1" 302 -
180.152.241.196 - - [02/Aug/2023:10:19:44 +0800] "GET /xingrg/all/function/internal_message.html?_=1690942784833&CODE_STATE=getMsg HTTP/1.1" 302 -
180.152.241.196 - - [02/Aug/2023:10:19:45 +0800] "GET /xingrg/kc/mdqp/qqps_order_info.html?code=302023073100608 HTTP/1.1" 200 26710
116.232.195.127 - - [02/Aug/2023:10:19:45 +0800] "GET /xingrg/all/function/internal_message.html?_=1690942725870&CODE_STATE=getMsg HTTP/1.1" 302 -
180.152.241.196 - - [02/Aug/2023:10:19:45 +0800] "GET /xingrg/dwr/interface/AjaxComOrderService.js HTTP/1.1" 200 18264
180.152.241.196 - - [02/Aug/2023:10:19:45 +0800] "GET /xingrg/dwr/interface/AjaxQqpsService.js HTTP/1.1" 200 16326
180.152.241.196 - - [02/Aug/2023:10:19:45 +0800] "GET /xingrg/dwr/engine.js HTTP/1.1" 200 43631
180.152.241.196 - - [02/Aug/2023:10:19:45 +0800] "GET /xingrg/javascript/tools/jquery.qtip-1.0.0-rc3.min.js HTTP/1.1" 200 38404
180.152.241.196 - - [02/Aug/2023:10:19:45 +0800] "GET /xingrg/javascript/Grid.js HTTP/1.1" 200 58908
180.152.241.196 - - [02/Aug/2023:10:19:45 +0800] "GET /xingrg/words/20230802092544_words.js HTTP/1.1" 200 976736
101.83.145.37 - - [02/Aug/2023:10:19:46 +0800] "GET /xingrg/kc/base/wldb_order_add.html HTTP/1.1" 200 30460
101.83.145.37 - - [02/Aug/2023:10:19:46 +0800] "POST /xingrg/kc/base/wldb_order_operate.html HTTP/1.1" 200 6806
101.83.145.37 - - [02/Aug/2023:10:19:46 +0800] "GET /xingrg/javascript/easyui/themes/default/validatebox.css HTTP/1.1" 404 1104
180.152.241.196 - - [02/Aug/2023:10:19:46 +0800] "GET /xingrg/javascript/jquery_easy_ui/themes/icons/template_new.png HTTP/1.1" 200 3956
180.152.241.196 - - [02/Aug/2023:10:19:46 +0800] "GET /xingrg/javascript/jquery_easy_ui/themes/icons/copy_new.png HTTP/1.1" 200 815
180.152.241.196 - - [02/Aug/2023:10:19:47 +0800] "GET /xingrg/images/blue/wait.gif HTTP/1.1" 200 1100
180.152.241.196 - - [02/Aug/2023:10:19:47 +0800] "GET /xingrg/images/blue/kc_tab_left.gif HTTP/1.1" 200 188
180.152.241.196 - - [02/Aug/2023:10:19:47 +0800] "GET /xingrg/images/blue/kc_tab_mid.gif HTTP/1.1" 200 44
180.152.241.196 - - [02/Aug/2023:10:19:47 +0800] "GET /xingrg/images/blue/kc_tab_right.gif HTTP/1.1" 200 643
114.85.113.108 - - [02/Aug/2023:10:19:50 +0800] "GET /xingrg/all/function/internal_message.html?_=1690942787143&CODE_STATE=getMsg HTTP/1.1" 200 27
180.152.241.196 - - [02/Aug/2023:10:19:53 +0800] "POST /xingrg/dwr/call/plaincall/AjaxQqpsService.loadMaterielItems.dwr HTTP/1.1" 200 3214
180.169.147.146 - - [02/Aug/2023:10:19:54 +0800] "GET /xingrg/all/function/internal_message.html?_=1690942792352&CODE_STATE=getMsg HTTP/1.1" 302 -
222.70.180.90 - - [02/Aug/2023:10:19:56 +0800] "GET /xingrg/all/function/internal_message.html?_=1690942795438&CODE_STATE=getMsg HTTP/1.1" 302 -
124.79.243.110 - - [02/Aug/2023:10:19:58 +0800] "GET /xingrg/check_reg.html?_=1690943086134 HTTP/1.1" 302 -
222.64.144.188 - - [02/Aug/2023:10:19:58 +0800] "GET /xingrg/all/function/internal_message.html?_=1690942798213&CODE_STATE=getMsg HTTP/1.1" 302 -
180.169.147.146 - - [02/Aug/2023:10:19:58 +0800] "POST /xingrg/kc/buy/cgsh_list_operate.html HTTP/1.1" 200 346
114.83.222.132 - - [02/Aug/2023:10:19:59 +0800] "GET /xingrg/all/function/internal_message.html?_=1690942800080&CODE_STATE=getMsg HTTP/1.1" 200 27
116.232.195.127 - - [02/Aug/2023:10:19:59 +0800] "GET /xingrg/check_reg.html?_=1690942740121 HTTP/1.1" 302 -
180.152.241.196 - - [02/Aug/2023:10:20:01 +0800] "GET /xingrg/all/function/internal_message.html?_=1690942805776&CODE_STATE=getMsg HTTP/1.1" 302 -
58.40.7.146 - - [02/Aug/2023:10:20:01 +0800] "GET /xingrg/all/function/internal_message.html?_=1690942801933&CODE_STATE=getMsg HTTP/1.1" 302 -
124.79.243.110 - - [02/Aug/2023:10:20:02 +0800] "GET /xingrg/all/function/internal_message.html?_=1690943090197&CODE_STATE=getMsg HTTP/1.1" 302 -
222.70.180.90 - - [02/Aug/2023:10:20:03 +0800] "GET /xingrg/all/function/internal_message.html?_=1690942804584&CODE_STATE=getMsg HTTP/1.1" 200 27
114.83.217.26 - - [02/Aug/2023:10:20:03 +0800] "GET /xingrg/all/function/internal_message.html?_=1690942933863&CODE_STATE=getMsg HTTP/1.1" 302 -
114.83.217.26 - - [02/Aug/2023:10:20:03 +0800] "GET /xingrg/check_reg.html?_=1690942933865 HTTP/1.1" 302 -
180.169.147.146 - - [02/Aug/2023:10:20:05 +0800] "GET /xingrg/all/function/internal_message.html?_=1690942805242&CODE_STATE=getMsg HTTP/1.1" 302 -
180.152.241.196 - - [02/Aug/2023:10:20:06 +0800] "GET /xingrg/kc/mdqp/qqps_order_list.html?isBack=1 HTTP/1.1" 302 -
180.152.241.196 - - [02/Aug/2023:10:20:06 +0800] "GET /xingrg/kc/mdqp/qqps_order_list.html?isQuery=1&timeSelect=1&orderTime=previousMonth&startTime=2023-07-01&endTime=2023-07-31&state=all&query=%C8%B7++%B6%A8 HTTP/1.1" 200 15825
180.152.241.196 - - [02/Aug/2023:10:20:06 +0800] "GET /xingrg/dwr/interface/AjaxQqpsService.js HTTP/1.1" 200 16326
180.152.241.196 - - [02/Aug/2023:10:20:06 +0800] "GET /xingrg/dwr/interface/AjaxReportQueryService.js HTTP/1.1" 200 13203
180.152.241.196 - - [02/Aug/2023:10:20:06 +0800] "GET /xingrg/dwr/engine.js HTTP/1.1" 200 43631
116.230.117.43 - - [02/Aug/2023:10:20:11 +0800] "POST /xingrg/services/DataTransmitService HTTP/1.1" 200 524
116.230.117.43 - - [02/Aug/2023:10:20:13 +0800] "POST /xingrg/services/DataTransmitService HTTP/1.1" 200 2335
116.230.117.43 - - [02/Aug/2023:10:20:14 +0800] "POST /xingrg/services/DataTransmitService HTTP/1.1" 200 524
116.230.117.43 - - [02/Aug/2023:10:20:15 +0800] "POST /xingrg/services/DataTransmitService HTTP/1.1" 200 412
116.230.117.43 - - [02/Aug/2023:10:20:18 +0800] "POST /xingrg/services/DataTransmitService HTTP/1.1" 200 524
180.152.241.196 - - [02/Aug/2023:10:20:19 +0800] "GET /xingrg/kc/mdqp/qqps_order_info.html?code=302023073100607 HTTP/1.1" 200 26710
116.230.117.43 - - [02/Aug/2023:10:20:19 +0800] "POST /xingrg/services/DataTransmitService HTTP/1.1" 200 412
180.152.241.196 - - [02/Aug/2023:10:20:19 +0800] "GET /xingrg/dwr/interface/AjaxComOrderService.js HTTP/1.1" 200 18264
180.152.241.196 - - [02/Aug/2023:10:20:19 +0800] "GET /xingrg/dwr/interface/AjaxQqpsService.js HTTP/1.1" 200 16326
180.152.241.196 - - [02/Aug/2023:10:20:19 +0800] "GET /xingrg/dwr/util.js HTTP/1.1" 304 -
180.152.241.196 - - [02/Aug/2023:10:20:19 +0800] "GET /xingrg/dwr/engine.js HTTP/1.1" 200 43631
116.230.117.43 - - [02/Aug/2023:10:20:19 +0800] "POST /xingrg/services/DataTransmitService HTTP/1.1" 200 524
180.152.241.196 - - [02/Aug/2023:10:20:20 +0800] "POST /xingrg/dwr/call/plaincall/AjaxQqpsService.loadMaterielItems.dwr HTTP/1.1" 200 331
116.230.117.43 - - [02/Aug/2023:10:20:21 +0800] "POST /xingrg/services/DataTransmitService HTTP/1.1" 200 2335
180.152.241.196 - - [02/Aug/2023:10:20:23 +0800] "GET /xingrg/kc/mdqp/qqps_order_list.html?isBack=1 HTTP/1.1" 302 -
180.152.241.196 - - [02/Aug/2023:10:20:24 +0800] "GET /xingrg/kc/mdqp/qqps_order_list.html?isQuery=1&timeSelect=1&orderTime=previousMonth&startTime=2023-07-01&endTime=2023-07-31&state=all&query=%C8%B7++%B6%A8 HTTP/1.1" 200 15825
180.152.241.196 - - [02/Aug/2023:10:20:24 +0800] "GET /xingrg/dwr/interface/AjaxReportQueryService.js HTTP/1.1" 200 13203
180.152.241.196 - - [02/Aug/2023:10:20:24 +0800] "GET /xingrg/dwr/interface/AjaxQqpsService.js HTTP/1.1" 200 16326
180.152.241.196 - - [02/Aug/2023:10:20:24 +0800] "GET /xingrg/dwr/engine.js HTTP/1.1" 200 43631
101.83.145.37 - - [02/Aug/2023:10:20:25 +0800] "GET /xingrg/kc/base/wldb_order_operate.html?command=get_materiel&rest_code=00105&base_code=0010507&code=00101019187 HTTP/1.1" 200 478
101.83.145.37 - - [02/Aug/2023:10:20:27 +0800] "GET /xingrg/all/function/internal_message.html?_=1690942634048&CODE_STATE=getMsg HTTP/1.1" 200 27
116.230.117.43 - - [02/Aug/2023:10:20:27 +0800] "GET /xingrg/all/function/internal_message.html?_=1690942837479&CODE_STATE=getMsg HTTP/1.1" 302 -
180.152.241.196 - - [02/Aug/2023:10:20:27 +0800] "GET /xingrg/all/function/internal_message.html?_=1690942832515&CODE_STATE=getMsg HTTP/1.1" 200 27
180.152.241.196 - - [02/Aug/2023:10:20:30 +0800] "GET /xingrg/kc/mdqp/qqps_order_info.html?code=302023071900373 HTTP/1.1" 200 26710
180.152.241.196 - - [02/Aug/2023:10:20:30 +0800] "GET /xingrg/dwr/interface/AjaxComOrderService.js HTTP/1.1" 200 18264
180.152.241.196 - - [02/Aug/2023:10:20:30 +0800] "GET /xingrg/dwr/interface/AjaxQqpsService.js HTTP/1.1" 200 16326
180.152.241.196 - - [02/Aug/2023:10:20:30 +0800] "GET /xingrg/dwr/engine.js HTTP/1.1" 200 43631
222.70.180.90 - - [02/Aug/2023:10:20:32 +0800] "GET /xingrg/all/function/internal_message.html?_=1690942831212&CODE_STATE=getMsg HTTP/1.1" 302 -
116.230.117.43 - - [02/Aug/2023:10:20:32 +0800] "POST /xingrg/services/DataTransmitService HTTP/1.1" 200 524
114.85.113.108 - - [02/Aug/2023:10:20:33 +0800] "GET /xingrg/system/info/materiel_import.html?isSelect=1&singleSelect=false HTTP/1.1" 200 5600
180.169.147.146 - - [02/Aug/2023:10:20:33 +0800] "GET /xingrg/all/function/internal_message.html?_=1690942831169&CODE_STATE=getMsg HTTP/1.1" 200 27
114.85.113.108 - - [02/Aug/2023:10:20:33 +0800] "GET /xingrg/css/xtree.css HTTP/1.1" 200 880
114.85.113.108 - - [02/Aug/2023:10:20:34 +0800] "GET /xingrg/javascript/jquery_ui/themes/base/base.css HTTP/1.1" 200 28568
114.85.113.108 - - [02/Aug/2023:10:20:34 +0800] "GET /xingrg/javascript/jquery_easy_ui/themes/icons/edit_add.png HTTP/1.1" 200 1088
114.85.113.108 - - [02/Aug/2023:10:20:34 +0800] "GET /xingrg/javascript/jquery_easy_ui/themes/icons/search.png HTTP/1.1" 200 813
114.85.113.108 - - [02/Aug/2023:10:20:34 +0800] "GET /xingrg/javascript/jquery_easy_ui/themes/default/images/datagrid_header_bg.gif HTTP/1.1" 200 97
114.85.113.108 - - [02/Aug/2023:10:20:34 +0800] "GET /xingrg/javascript/jquery_easy_ui/themes/default/images/pagination_first.gif HTTP/1.1" 200 925
114.85.113.108 - - [02/Aug/2023:10:20:34 +0800] "GET /xingrg/javascript/jquery_easy_ui/themes/default/images/pagination_prev.gif HTTP/1.1" 200 879
114.85.113.108 - - [02/Aug/2023:10:20:34 +0800] "GET /xingrg/javascript/jquery_easy_ui/themes/default/images/pagination_next.gif HTTP/1.1" 200 875
114.85.113.108 - - [02/Aug/2023:10:20:34 +0800] "GET /xingrg/javascript/jquery_easy_ui/themes/default/images/pagination_last.gif HTTP/1.1" 200 923
114.85.113.108 - - [02/Aug/2023:10:20:34 +0800] "GET /xingrg/javascript/jquery_easy_ui/themes/default/images/pagination_load.png HTTP/1.1" 200 827
124.78.70.128 - - [02/Aug/2023:10:20:35 +0800] "GET /xingrg/all/function/internal_message.html?_=1690942298565&CODE_STATE=getMsg HTTP/1.1" 302 -
114.85.113.108 - - [02/Aug/2023:10:20:35 +0800] "POST /xingrg/all/common/load_tree.html?tree=materiel_sort_tree_json HTTP/1.1" 200 9500
114.85.113.108 - - [02/Aug/2023:10:20:35 +0800] "GET /favicon.ico HTTP/1.1" 404 -
116.230.117.43 - - [02/Aug/2023:10:20:35 +0800] "POST /xingrg/services/DataTransmitService HTTP/1.1" 200 2335
180.152.241.196 - - [02/Aug/2023:10:20:36 +0800] "POST /xingrg/dwr/call/plaincall/AjaxQqpsService.loadMaterielItems.dwr HTTP/1.1" 200 2325
180.152.241.196 - - [02/Aug/2023:10:20:39 +0800] "GET /xingrg/kc/mdqp/qqps_order_list.html?isBack=1 HTTP/1.1" 302 -
180.152.241.196 - - [02/Aug/2023:10:20:39 +0800] "GET /xingrg/kc/mdqp/qqps_order_list.html?isQuery=1&timeSelect=1&orderTime=previousMonth&startTime=2023-07-01&endTime=2023-07-31&state=all&query=%C8%B7++%B6%A8 HTTP/1.1" 200 15825
180.152.241.196 - - [02/Aug/2023:10:20:39 +0800] "GET /xingrg/dwr/interface/AjaxQqpsService.js HTTP/1.1" 200 16326
180.152.241.196 - - [02/Aug/2023:10:20:39 +0800] "GET /xingrg/dwr/interface/AjaxReportQueryService.js HTTP/1.1" 200 13203
180.152.241.196 - - [02/Aug/2023:10:20:39 +0800] "GET /xingrg/dwr/engine.js HTTP/1.1" 200 43631
124.79.243.110 - - [02/Aug/2023:10:20:39 +0800] "GET /xingrg/all/function/internal_message.html?_=1690942838411&CODE_STATE=getMsg HTTP/1.1" 302 -
180.169.147.146 - - [02/Aug/2023:10:20:39 +0800] "GET /xingrg/all/function/internal_message.html?_=1690942839302&CODE_STATE=getMsg HTTP/1.1" 302 -
180.152.241.196 - - [02/Aug/2023:10:20:41 +0800] "GET /xingrg/kc/mdqp/qqps_order_info.html?code=302023072500505 HTTP/1.1" 200 26710
180.152.241.196 - - [02/Aug/2023:10:20:41 +0800] "GET /xingrg/dwr/interface/AjaxComOrderService.js HTTP/1.1" 200 18264
180.152.241.196 - - [02/Aug/2023:10:20:41 +0800] "GET /xingrg/dwr/interface/AjaxQqpsService.js HTTP/1.1" 200 16326
180.152.241.196 - - [02/Aug/2023:10:20:41 +0800] "GET /xingrg/dwr/engine.js HTTP/1.1" 200 43631
101.83.145.37 - - [02/Aug/2023:10:20:41 +0800] "GET /xingrg/all/function/internal_message.html?_=1690942841896&CODE_STATE=getMsg HTTP/1.1" 200 27
180.152.241.196 - - [02/Aug/2023:10:20:44 +0800] "GET /xingrg/all/function/internal_message.html?_=1690942844849&CODE_STATE=getMsg HTTP/1.1" 302 -
116.232.195.127 - - [02/Aug/2023:10:20:45 +0800] "GET /xingrg/all/function/internal_message.html?_=1690942785863&CODE_STATE=getMsg HTTP/1.1" 302 -
180.152.241.196 - - [02/Aug/2023:10:20:46 +0800] "POST /xingrg/dwr/call/plaincall/AjaxQqpsService.loadMaterielItems.dwr HTTP/1.1" 200 2755
180.152.241.196 - - [02/Aug/2023:10:20:47 +0800] "GET /xingrg/kc/mdqp/qqps_order_list.html?isBack=1 HTTP/1.1" 302 -
180.152.241.196 - - [02/Aug/2023:10:20:48 +0800] "GET /xingrg/kc/mdqp/qqps_order_list.html?isQuery=1&timeSelect=1&orderTime=previousMonth&startTime=2023-07-01&endTime=2023-07-31&state=all&query=%C8%B7++%B6%A8 HTTP/1.1" 200 15825
180.152.241.196 - - [02/Aug/2023:10:20:48 +0800] "GET /xingrg/dwr/interface/AjaxQqpsService.js HTTP/1.1" 200 16326
180.152.241.196 - - [02/Aug/2023:10:20:48 +0800] "GET /xingrg/dwr/interface/AjaxReportQueryService.js HTTP/1.1" 200 13203
180.152.241.196 - - [02/Aug/2023:10:20:48 +0800] "GET /xingrg/dwr/engine.js HTTP/1.1" 200 43631
114.85.113.108 - - [02/Aug/2023:10:20:50 +0800] "GET /xingrg/check_reg.html?_=1690942847150 HTTP/1.1" 200 22
114.85.113.108 - - [02/Aug/2023:10:20:50 +0800] "GET /xingrg/all/function/internal_message.html?_=1690942847152&CODE_STATE=getMsg HTTP/1.1" 200 27
180.152.241.196 - - [02/Aug/2023:10:20:50 +0800] "GET /xingrg/kc/mdqp/qqps_order_info.html?code=302023073000574 HTTP/1.1" 200 26710
180.152.241.196 - - [02/Aug/2023:10:20:51 +0800] "GET /xingrg/dwr/interface/AjaxComOrderService.js HTTP/1.1" 200 18264
180.152.241.196 - - [02/Aug/2023:10:20:51 +0800] "GET /xingrg/dwr/interface/AjaxQqpsService.js HTTP/1.1" 200 16326
180.152.241.196 - - [02/Aug/2023:10:20:51 +0800] "GET /xingrg/dwr/engine.js HTTP/1.1" 200 43631
180.169.147.146 - - [02/Aug/2023:10:20:54 +0800] "GET /xingrg/all/function/internal_message.html?_=1690942852337&CODE_STATE=getMsg HTTP/1.1" 302 -
180.152.241.196 - - [02/Aug/2023:10:20:56 +0800] "POST /xingrg/dwr/call/plaincall/AjaxQqpsService.loadMaterielItems.dwr HTTP/1.1" 200 3535
222.70.180.90 - - [02/Aug/2023:10:20:56 +0800] "GET /xingrg/all/function/internal_message.html?_=1690942855422&CODE_STATE=getMsg HTTP/1.1" 302 -
180.152.241.196 - - [02/Aug/2023:10:20:57 +0800] "GET /xingrg/images/yd/bt.gif HTTP/1.1" 404 1040
180.152.241.196 - - [02/Aug/2023:10:20:58 +0800] "GET /xingrg/kc/mdqp/qqps_order_list.html?isBack=1 HTTP/1.1" 302 -
222.64.144.188 - - [02/Aug/2023:10:20:58 +0800] "GET /xingrg/all/function/internal_message.html?_=1690942858214&CODE_STATE=getMsg HTTP/1.1" 302 -
180.152.241.196 - - [02/Aug/2023:10:20:58 +0800] "GET /xingrg/kc/mdqp/qqps_order_list.html?isQuery=1&timeSelect=1&orderTime=previousMonth&startTime=2023-07-01&endTime=2023-07-31&state=all&query=%C8%B7++%B6%A8 HTTP/1.1" 200 15825
180.152.241.196 - - [02/Aug/2023:10:20:58 +0800] "GET /xingrg/dwr/interface/AjaxQqpsService.js HTTP/1.1" 200 16326
180.152.241.196 - - [02/Aug/2023:10:20:58 +0800] "GET /xingrg/dwr/interface/AjaxReportQueryService.js HTTP/1.1" 200 13203
180.152.241.196 - - [02/Aug/2023:10:20:58 +0800] "GET /xingrg/dwr/engine.js HTTP/1.1" 200 43631
180.152.241.196 - - [02/Aug/2023:10:20:58 +0800] "GET /xingrg/dwr/util.js HTTP/1.1" 304 -
114.83.222.132 - - [02/Aug/2023:10:20:59 +0800] "GET /xingrg/all/function/internal_message.html?_=1690942860057&CODE_STATE=getMsg HTTP/1.1" 200 27
114.85.113.108 - - [02/Aug/2023:10:21:00 +0800] "POST /xingrg/kc/base/wldb_order_operate.html HTTP/1.1" 200 37
114.85.113.108 - - [02/Aug/2023:10:21:00 +0800] "POST /xingrg/kc/base/wldb_order_operate.html HTTP/1.1" 200 5188
180.152.241.196 - - [02/Aug/2023:10:21:01 +0800] "GET /xingrg/all/function/internal_message.html?_=1690942865759&CODE_STATE=getMsg HTTP/1.1" 302 -
124.79.243.110 - - [02/Aug/2023:10:21:01 +0800] "GET /xingrg/check_reg.html?_=1690942860630 HTTP/1.1" 302 -
58.40.7.146 - - [02/Aug/2023:10:21:01 +0800] "GET /xingrg/all/function/internal_message.html?_=1690942861937&CODE_STATE=getMsg HTTP/1.1" 302 -
124.79.243.110 - - [02/Aug/2023:10:21:02 +0800] "GET /xingrg/all/function/internal_message.html?_=1690943150165&CODE_STATE=getMsg HTTP/1.1" 302 -
222.70.180.90 - - [02/Aug/2023:10:21:03 +0800] "GET /xingrg/all/function/internal_message.html?_=1690942864586&CODE_STATE=getMsg HTTP/1.1" 200 27
114.83.217.26 - - [02/Aug/2023:10:21:03 +0800] "GET /xingrg/all/function/internal_message.html?_=1690942993874&CODE_STATE=getMsg HTTP/1.1" 302 -
180.169.147.146 - - [02/Aug/2023:10:21:05 +0800] "GET /xingrg/check_reg.html?_=1690942865249 HTTP/1.1" 302 -
180.169.147.146 - - [02/Aug/2023:10:21:05 +0800] "GET /xingrg/all/function/internal_message.html?_=1690942865247&CODE_STATE=getMsg HTTP/1.1" 302 -
180.152.241.196 - - [02/Aug/2023:10:21:05 +0800] "GET /xingrg/kc/mdqp/qqps_order_info.html?code=302023071500302 HTTP/1.1" 200 26697
180.152.241.196 - - [02/Aug/2023:10:21:06 +0800] "GET /xingrg/dwr/interface/AjaxQqpsService.js HTTP/1.1" 200 16326
180.152.241.196 - - [02/Aug/2023:10:21:06 +0800] "GET /xingrg/dwr/interface/AjaxComOrderService.js HTTP/1.1" 200 18264
180.152.241.196 - - [02/Aug/2023:10:21:06 +0800] "GET /xingrg/dwr/engine.js HTTP/1.1" 200 43631
180.152.241.196 - - [02/Aug/2023:10:21:06 +0800] "POST /xingrg/dwr/call/plaincall/AjaxQqpsService.loadMaterielItems.dwr HTTP/1.1" 200 329
180.152.241.196 - - [02/Aug/2023:10:21:09 +0800] "GET /xingrg/kc/mdqp/qqps_order_list.html?isBack=1 HTTP/1.1" 302 -
180.152.241.196 - - [02/Aug/2023:10:21:09 +0800] "GET /xingrg/kc/mdqp/qqps_order_list.html?isQuery=1&timeSelect=1&orderTime=previousMonth&startTime=2023-07-01&endTime=2023-07-31&state=all&query=%C8%B7++%B6%A8 HTTP/1.1" 200 15825
180.152.241.196 - - [02/Aug/2023:10:21:09 +0800] "GET /xingrg/dwr/interface/AjaxQqpsService.js HTTP/1.1" 200 16326
180.152.241.196 - - [02/Aug/2023:10:21:09 +0800] "GET /xingrg/dwr/interface/AjaxReportQueryService.js HTTP/1.1" 200 13203
180.152.241.196 - - [02/Aug/2023:10:21:09 +0800] "GET /xingrg/dwr/engine.js HTTP/1.1" 200 43631
124.78.155.92 - - [02/Aug/2023:10:21:16 +0800] "GET /xingrg/check_reg.html?_=1690942874360 HTTP/1.1" 302 -
124.78.155.92 - - [02/Aug/2023:10:21:24 +0800] "GET /xingrg/all/function/internal_message.html?_=1690942882383&CODE_STATE=getMsg HTTP/1.1" 302 -
101.83.145.37 - - [02/Aug/2023:10:21:27 +0800] "GET /xingrg/all/function/internal_message.html?_=1690942694021&CODE_STATE=getMsg HTTP/1.1" 200 27
101.83.145.37 - - [02/Aug/2023:10:21:27 +0800] "GET /xingrg/check_reg.html?_=1690942694103 HTTP/1.1" 200 22
180.152.241.196 - - [02/Aug/2023:10:21:27 +0800] "GET /xingrg/all/function/internal_message.html?_=1690942892514&CODE_STATE=getMsg HTTP/1.1" 200 27
116.230.117.43 - - [02/Aug/2023:10:21:27 +0800] "GET /xingrg/all/function/internal_message.html?_=1690942897642&CODE_STATE=getMsg HTTP/1.1" 302 -
222.70.180.90 - - [02/Aug/2023:10:21:32 +0800] "GET /xingrg/check_reg.html?_=1690942891201 HTTP/1.1" 302 -
222.70.180.90 - - [02/Aug/2023:10:21:32 +0800] "GET /xingrg/all/function/internal_message.html?_=1690942891202&CODE_STATE=getMsg HTTP/1.1" 302 -
116.230.117.43 - - [02/Aug/2023:10:21:33 +0800] "POST /xingrg/services/DataTransmitService HTTP/1.1" 200 524
180.169.147.146 - - [02/Aug/2023:10:21:33 +0800] "GET /xingrg/all/function/internal_message.html?_=1690942891153&CODE_STATE=getMsg HTTP/1.1" 200 27
116.230.117.43 - - [02/Aug/2023:10:21:34 +0800] "POST /xingrg/services/DataTransmitService HTTP/1.1" 200 412
124.78.70.128 - - [02/Aug/2023:10:21:34 +0800] "GET /xingrg/all/function/internal_message.html?_=1690942358533&CODE_STATE=getMsg HTTP/1.1" 302 -
116.230.117.43 - - [02/Aug/2023:10:21:36 +0800] "POST /xingrg/services/DataTransmitService HTTP/1.1" 200 524
116.230.117.43 - - [02/Aug/2023:10:21:38 +0800] "POST /xingrg/services/DataTransmitService HTTP/1.1" 200 2335
124.79.243.110 - - [02/Aug/2023:10:21:39 +0800] "GET /xingrg/all/function/internal_message.html?_=1690942898388&CODE_STATE=getMsg HTTP/1.1" 302 -
180.169.147.146 - - [02/Aug/2023:10:21:39 +0800] "GET /xingrg/all/function/internal_message.html?_=1690942899308&CODE_STATE=getMsg HTTP/1.1" 302 -
116.230.117.43 - - [02/Aug/2023:10:21:39 +0800] "POST /xingrg/services/DataTransmitService HTTP/1.1" 200 524
