116.230.117.43 - - [02/Aug/2023:09:40:44 +0800] "GET /xingrg/kc/buy/cgsh_order_operate.html?command=get_materiel&rest_code=00146&code=00101006111&supplier_code=00100012&order_time=2023-08-02 HTTP/1.1" 200 409
124.78.70.128 - - [02/Aug/2023:09:40:45 +0800] "GET /xingrg/kc/buy/cgsh_order_operate.html?command=get_materiel&rest_code=00141&code=00101011001&supplier_code=00100036&order_time=2023-08-02 HTTP/1.1" 200 423
116.232.195.127 - - [02/Aug/2023:09:40:46 +0800] "GET /xingrg/all/function/internal_message.html?_=1690940386536&CODE_STATE=getMsg HTTP/1.1" 200 27
124.78.155.92 - - [02/Aug/2023:09:40:47 +0800] "GET /xingrg/kc/buy/cgsh_order_operate.html?command=get_materiel&rest_code=00106&code=00101008061&supplier_code=00100007&order_time=2023-08-02 HTTP/1.1" 200 422
222.70.180.90 - - [02/Aug/2023:09:40:53 +0800] "GET /xingrg/all/function/internal_message.html?_=1690940452973&CODE_STATE=getMsg HTTP/1.1" 200 27
180.169.147.146 - - [02/Aug/2023:09:40:54 +0800] "GET /xingrg/all/function/internal_message.html?_=1690940452267&CODE_STATE=getMsg HTTP/1.1" 200 27
222.70.180.90 - - [02/Aug/2023:09:40:56 +0800] "GET /xingrg/all/function/internal_message.html?_=1690940456067&CODE_STATE=getMsg HTTP/1.1" 200 27
222.64.144.188 - - [02/Aug/2023:09:40:58 +0800] "GET /xingrg/all/function/internal_message.html?_=1690940458170&CODE_STATE=getMsg HTTP/1.1" 200 27
124.78.70.128 - - [02/Aug/2023:09:41:00 +0800] "GET /xingrg/kc/buy/cgsh_order_operate.html?command=get_materiel&rest_code=00141&code=00101012002&supplier_code=00100036&order_time=2023-08-02 HTTP/1.1" 200 419
124.78.155.92 - - [02/Aug/2023:09:41:00 +0800] "POST /xingrg/kc/buy/cgsh_order_operate.html HTTP/1.1" 200 37
124.79.243.110 - - [02/Aug/2023:09:41:01 +0800] "GET /xingrg/check_reg.html?_=1690940460620 HTTP/1.1" 200 22
58.40.7.146 - - [02/Aug/2023:09:41:01 +0800] "GET /xingrg/all/function/internal_message.html?_=1690940461919&CODE_STATE=getMsg HTTP/1.1" 200 27
180.152.241.196 - - [02/Aug/2023:09:41:02 +0800] "GET /xingrg/all/function/internal_message.html?_=1690940466411&CODE_STATE=getMsg HTTP/1.1" 200 27
124.79.243.110 - - [02/Aug/2023:09:41:03 +0800] "GET /xingrg/all/function/internal_message.html?_=1690940751102&CODE_STATE=getMsg HTTP/1.1" 200 27
114.83.217.26 - - [02/Aug/2023:09:41:03 +0800] "GET /xingrg/all/function/internal_message.html?_=1690940593875&CODE_STATE=getMsg HTTP/1.1" 200 27
180.165.154.167 - - [02/Aug/2023:09:41:06 +0800] "GET /xingrg/all/function/internal_message.html?_=1690940465155&CODE_STATE=getMsg HTTP/1.1" 200 27
180.165.154.167 - - [02/Aug/2023:09:41:08 +0800] "POST /xingrg/kc/buy/cgsh_order_operate.html HTTP/1.1" 200 37
124.78.155.92 - - [02/Aug/2023:09:41:08 +0800] "POST /xingrg/kc/buy/cgsh_order_operate.html HTTP/1.1" 200 23957
116.230.117.43 - - [02/Aug/2023:09:41:08 +0800] "POST /xingrg/kc/buy/cgsh_order_operate.html HTTP/1.1" 200 64
101.83.145.37 - - [02/Aug/2023:09:41:10 +0800] "GET /xingrg/all/function/internal_message.html?_=1690940470273&CODE_STATE=getMsg HTTP/1.1" 200 27
124.78.70.128 - - [02/Aug/2023:09:41:10 +0800] "GET /xingrg/kc/buy/cgsh_order_operate.html?command=get_materiel&rest_code=00141&code=00101012038&supplier_code=00100036&order_time=2023-08-02 HTTP/1.1" 200 412
101.83.145.37 - - [02/Aug/2023:09:41:11 +0800] "GET /xingrg/check_reg.html?_=1690940471023 HTTP/1.1" 200 22
180.165.154.167 - - [02/Aug/2023:09:41:11 +0800] "POST /xingrg/kc/buy/cgsh_order_operate.html HTTP/1.1" 200 3846
124.78.155.92 - - [02/Aug/2023:09:41:16 +0800] "GET /xingrg/all/function/internal_message.html?_=1690940474342&CODE_STATE=getMsg HTTP/1.1" 200 27
124.78.155.92 - - [02/Aug/2023:09:41:16 +0800] "GET /xingrg/check_reg.html?_=1690940474468 HTTP/1.1" 200 22
116.230.117.43 - - [02/Aug/2023:09:41:17 +0800] "POST /xingrg/kc/buy/cgsh_order_operate.html HTTP/1.1" 200 37
180.165.154.167 - - [02/Aug/2023:09:41:17 +0800] "GET /xingrg/kc/buy/cgsh_order_add.html HTTP/1.1" 200 71854
180.165.154.167 - - [02/Aug/2023:09:41:17 +0800] "GET /xingrg/words/20230802092544_words.js HTTP/1.1" 304 -
180.165.154.167 - - [02/Aug/2023:09:41:17 +0800] "POST /xingrg/kc/buy/cgsh_order_operate.html HTTP/1.1" 200 8245
180.165.154.167 - - [02/Aug/2023:09:41:17 +0800] "GET /xingrg/javascript/easyui/themes/default/validatebox.css HTTP/1.1" 404 1104
180.169.147.146 - - [02/Aug/2023:09:41:18 +0800] "GET /xingrg/login.html HTTP/1.1" 200 7641
116.230.117.43 - - [02/Aug/2023:09:41:19 +0800] "POST /xingrg/kc/buy/cgsh_order_operate.html HTTP/1.1" 200 3258
180.169.147.146 - - [02/Aug/2023:09:41:20 +0800] "GET /favicon.ico HTTP/1.1" 404 -
180.169.147.146 - - [02/Aug/2023:09:41:22 +0800] "POST /xingrg/login.do HTTP/1.1" 302 -
180.169.147.146 - - [02/Aug/2023:09:41:22 +0800] "GET /xingrg/index.html?sysBaseUrl=http%3A%2F%2F180.169.147.146%3A18081%2Fxingrg%2F&costTime=807×tamp=1690940482731 HTTP/1.1" 200 17179
180.169.147.146 - - [02/Aug/2023:09:41:22 +0800] "GET /favicon.ico HTTP/1.1" 404 -
180.169.147.146 - - [02/Aug/2023:09:41:22 +0800] "GET /xingrg/all/function/internal_message.html?_=1690940480172&CODE_STATE=count HTTP/1.1" 200 11
180.169.147.146 - - [02/Aug/2023:09:41:22 +0800] "GET /xingrg/check_reg.html?_=1690940480173 HTTP/1.1" 200 22
180.169.147.146 - - [02/Aug/2023:09:41:23 +0800] "POST /xingrg/all/common/load_tree.html?tree=area_rest_tree_json&manage=1 HTTP/1.1" 200 351
124.78.70.128 - - [02/Aug/2023:09:41:23 +0800] "GET /xingrg/kc/buy/cgsh_order_operate.html?command=get_materiel&rest_code=00141&code=00101020115&supplier_code=00100036&order_time=2023-08-02 HTTP/1.1" 200 409
180.169.147.146 - - [02/Aug/2023:09:41:23 +0800] "POST /xingrg/load_menu.html HTTP/1.1" 200 5138
116.230.117.43 - - [02/Aug/2023:09:41:25 +0800] "GET /xingrg/kc/print/load_data.html?order_code=212023080200431&kc_code=cgsh&condition= HTTP/1.1" 200 1004
116.230.117.43 - - [02/Aug/2023:09:41:25 +0800] "GET /xingrg/all/function/internal_message.html?_=1690940495019&CODE_STATE=getMsg HTTP/1.1" 200 27
180.169.147.146 - - [02/Aug/2023:09:41:26 +0800] "GET /xingrg/kc/buy/buy_main.html HTTP/1.1" 200 12412
180.169.147.146 - - [02/Aug/2023:09:41:26 +0800] "GET /xingrg/css/new_ie.css HTTP/1.1" 404 1036
180.169.147.146 - - [02/Aug/2023:09:41:26 +0800] "GET /xingrg/images/yd/bt.gif HTTP/1.1" 404 1040
180.169.147.146 - - [02/Aug/2023:09:41:28 +0800] "GET /xingrg/kc/buy/cgsh_order_list.html HTTP/1.1" 200 8212
180.169.147.146 - - [02/Aug/2023:09:41:28 +0800] "GET /xingrg/kc/buy/cgsh_order_list.html HTTP/1.1" 200 55986
114.83.222.132 - - [02/Aug/2023:09:41:31 +0800] "GET /xingrg/check_reg.html?_=1690940492053 HTTP/1.1" 200 22
114.83.222.132 - - [02/Aug/2023:09:41:31 +0800] "GET /xingrg/all/function/internal_message.html?_=1690940492060&CODE_STATE=getMsg HTTP/1.1" 200 27
222.70.180.90 - - [02/Aug/2023:09:41:32 +0800] "GET /xingrg/all/function/internal_message.html?_=1690940491150&CODE_STATE=getMsg HTTP/1.1" 200 27
222.70.180.90 - - [02/Aug/2023:09:41:32 +0800] "GET /xingrg/check_reg.html?_=1690940491168 HTTP/1.1" 200 22
116.238.191.126 - - [02/Aug/2023:09:41:32 +0800] "GET /xingrg/all/function/internal_message.html?_=1690940370499&CODE_STATE=getMsg HTTP/1.1" 200 27
180.169.147.146 - - [02/Aug/2023:09:41:32 +0800] "POST /xingrg/kc/buy/cgsh_list_operate.html HTTP/1.1" 200 6012
114.85.113.108 - - [02/Aug/2023:09:41:33 +0800] "GET /xingrg/check_reg.html?_=1690940489900 HTTP/1.1" 302 -
124.78.70.128 - - [02/Aug/2023:09:41:35 +0800] "GET /xingrg/all/function/internal_message.html?_=1690939959109&CODE_STATE=getMsg HTTP/1.1" 200 27
101.83.145.37 - - [02/Aug/2023:09:41:36 +0800] "GET /xingrg/all/function/internal_message.html?_=1690940303194&CODE_STATE=getMsg HTTP/1.1" 200 27
124.79.243.110 - - [02/Aug/2023:09:41:40 +0800] "GET /xingrg/all/function/internal_message.html?_=1690940499222&CODE_STATE=getMsg HTTP/1.1" 200 27
180.152.241.196 - - [02/Aug/2023:09:41:44 +0800] "GET /xingrg/all/function/internal_message.html?_=1690940504827&CODE_STATE=getMsg HTTP/1.1" 200 27
180.152.241.196 - - [02/Aug/2023:09:41:46 +0800] "GET /xingrg/check_reg.html?_=1690940510312 HTTP/1.1" 200 22
116.232.195.127 - - [02/Aug/2023:09:41:46 +0800] "GET /xingrg/all/function/internal_message.html?_=1690940446517&CODE_STATE=getMsg HTTP/1.1" 200 27
124.78.70.128 - - [02/Aug/2023:09:41:46 +0800] "GET /xingrg/kc/buy/cgsh_order_operate.html?command=get_materiel&rest_code=00141&code=00101012051&supplier_code=00100036&order_time=2023-08-02 HTTP/1.1" 200 408
222.70.180.90 - - [02/Aug/2023:09:41:53 +0800] "GET /xingrg/all/function/internal_message.html?_=1690940512971&CODE_STATE=getMsg HTTP/1.1" 200 27
180.169.147.146 - - [02/Aug/2023:09:41:54 +0800] "GET /xingrg/all/function/internal_message.html?_=1690940512267&CODE_STATE=getMsg HTTP/1.1" 200 27
218.81.71.13 - - [02/Aug/2023:09:41:55 +0800] "GET /xingrg/check_reg.html?_=1690940515028 HTTP/1.1" 200 22
222.70.180.90 - - [02/Aug/2023:09:41:56 +0800] "GET /xingrg/all/function/internal_message.html?_=1690940516051&CODE_STATE=getMsg HTTP/1.1" 200 27
124.78.70.128 - - [02/Aug/2023:09:41:58 +0800] "GET /xingrg/kc/buy/cgsh_order_operate.html?command=get_materiel&rest_code=00141&code=00101012003&supplier_code=00100036&order_time=2023-08-02 HTTP/1.1" 200 412
222.64.144.188 - - [02/Aug/2023:09:41:58 +0800] "GET /xingrg/all/function/internal_message.html?_=1690940518171&CODE_STATE=getMsg HTTP/1.1" 200 27
222.64.144.188 - - [02/Aug/2023:09:41:58 +0800] "GET /xingrg/check_reg.html?_=1690940518174 HTTP/1.1" 200 22
58.40.7.146 - - [02/Aug/2023:09:42:01 +0800] "GET /xingrg/all/function/internal_message.html?_=1690940521921&CODE_STATE=getMsg HTTP/1.1" 200 27
180.152.241.196 - - [02/Aug/2023:09:42:02 +0800] "GET /xingrg/all/function/internal_message.html?_=1690940526383&CODE_STATE=getMsg HTTP/1.1" 200 27
124.79.243.110 - - [02/Aug/2023:09:42:03 +0800] "GET /xingrg/all/function/internal_message.html?_=1690940811077&CODE_STATE=getMsg HTTP/1.1" 200 27
114.83.217.26 - - [02/Aug/2023:09:42:03 +0800] "GET /xingrg/all/function/internal_message.html?_=1690940653863&CODE_STATE=getMsg HTTP/1.1" 200 27
180.165.154.167 - - [02/Aug/2023:09:42:06 +0800] "GET /xingrg/all/function/internal_message.html?_=1690940525165&CODE_STATE=getMsg HTTP/1.1" 200 27
124.78.70.128 - - [02/Aug/2023:09:42:06 +0800] "GET /xingrg/kc/buy/cgsh_order_operate.html?command=get_materiel&rest_code=00141&code=00101011005&supplier_code=00100036&order_time=2023-08-02 HTTP/1.1" 200 408
101.83.145.37 - - [02/Aug/2023:09:42:10 +0800] "GET /xingrg/all/function/internal_message.html?_=1690940530243&CODE_STATE=getMsg HTTP/1.1" 200 27
124.78.155.92 - - [02/Aug/2023:09:42:16 +0800] "GET /xingrg/all/function/internal_message.html?_=1690940534321&CODE_STATE=getMsg HTTP/1.1" 200 27
124.78.155.92 - - [02/Aug/2023:09:42:16 +0800] "POST /xingrg/kc/buy/cgsh_order_operate.html HTTP/1.1" 200 37
124.78.155.92 - - [02/Aug/2023:09:42:20 +0800] "POST /xingrg/kc/buy/cgsh_order_operate.html HTTP/1.1" 200 23957
180.169.147.146 - - [02/Aug/2023:09:42:22 +0800] "GET /xingrg/all/function/internal_message.html?_=1690940540185&CODE_STATE=getMsg HTTP/1.1" 200 27
116.230.117.43 - - [02/Aug/2023:09:42:25 +0800] "GET /xingrg/all/function/internal_message.html?_=1690940555140&CODE_STATE=getMsg HTTP/1.1" 200 27
124.78.70.128 - - [02/Aug/2023:09:42:27 +0800] "POST /xingrg/kc/buy/cgsh_order_operate.html HTTP/1.1" 200 37
124.79.243.110 - - [02/Aug/2023:09:42:28 +0800] "POST /xingrg/services/DataTransmitService HTTP/1.1" 200 524
114.83.222.132 - - [02/Aug/2023:09:42:31 +0800] "GET /xingrg/all/function/internal_message.html?_=1690940552058&CODE_STATE=getMsg HTTP/1.1" 200 27
222.70.180.90 - - [02/Aug/2023:09:42:31 +0800] "GET /xingrg/all/function/internal_message.html?_=1690940551152&CODE_STATE=getMsg HTTP/1.1" 200 27
116.238.191.126 - - [02/Aug/2023:09:42:32 +0800] "GET /xingrg/all/function/internal_message.html?_=1690940430545&CODE_STATE=getMsg HTTP/1.1" 200 27
124.78.70.128 - - [02/Aug/2023:09:42:35 +0800] "POST /xingrg/kc/buy/cgsh_order_operate.html HTTP/1.1" 200 12
101.83.145.37 - - [02/Aug/2023:09:42:36 +0800] "GET /xingrg/check_reg.html?_=1690940363196 HTTP/1.1" 200 22
101.83.145.37 - - [02/Aug/2023:09:42:36 +0800] "GET /xingrg/all/function/internal_message.html?_=1690940363199&CODE_STATE=getMsg HTTP/1.1" 200 27
124.78.70.128 - - [02/Aug/2023:09:42:38 +0800] "GET /xingrg/kc/buy/cgsh_order_info.html?code=212023080200432 HTTP/1.1" 200 66673
124.78.70.128 - - [02/Aug/2023:09:42:39 +0800] "GET /xingrg/javascript/easyui/themes/default/validatebox.css HTTP/1.1" 404 1104
124.78.70.128 - - [02/Aug/2023:09:42:39 +0800] "POST /xingrg/kc/buy/cgsh_order_operate.html HTTP/1.1" 200 4764
124.79.243.110 - - [02/Aug/2023:09:42:40 +0800] "GET /xingrg/all/function/internal_message.html?_=1690940559193&CODE_STATE=getMsg HTTP/1.1" 200 27
180.152.241.196 - - [02/Aug/2023:09:42:44 +0800] "GET /xingrg/all/function/internal_message.html?_=1690940564852&CODE_STATE=getMsg HTTP/1.1" 200 27
124.78.70.128 - - [02/Aug/2023:09:42:44 +0800] "GET /xingrg/kc/print/load_data.html?order_code=212023080200432&kc_code=cgsh&condition= HTTP/1.1" 200 2379
116.232.195.127 - - [02/Aug/2023:09:42:46 +0800] "GET /xingrg/all/function/internal_message.html?_=1690940506496&CODE_STATE=getMsg HTTP/1.1" 200 27
222.70.180.90 - - [02/Aug/2023:09:42:53 +0800] "GET /xingrg/all/function/internal_message.html?_=1690940572985&CODE_STATE=getMsg HTTP/1.1" 200 27
180.169.147.146 - - [02/Aug/2023:09:42:54 +0800] "GET /xingrg/all/function/internal_message.html?_=1690940572261&CODE_STATE=getMsg HTTP/1.1" 200 27
124.78.70.128 - - [02/Aug/2023:09:42:54 +0800] "GET /xingrg/kc/buy/cgsh_order_add.html HTTP/1.1" 200 71762
124.78.70.128 - - [02/Aug/2023:09:42:54 +0800] "POST /xingrg/kc/buy/cgsh_order_operate.html HTTP/1.1" 200 8245
124.78.70.128 - - [02/Aug/2023:09:42:54 +0800] "GET /xingrg/javascript/easyui/themes/default/validatebox.css HTTP/1.1" 404 1104
222.70.180.90 - - [02/Aug/2023:09:42:56 +0800] "GET /xingrg/all/function/internal_message.html?_=1690940576035&CODE_STATE=getMsg HTTP/1.1" 200 27
222.64.144.188 - - [02/Aug/2023:09:42:58 +0800] "GET /xingrg/all/function/internal_message.html?_=1690940578175&CODE_STATE=getMsg HTTP/1.1" 200 27
58.40.7.146 - - [02/Aug/2023:09:43:01 +0800] "GET /xingrg/all/function/internal_message.html?_=1690940581923&CODE_STATE=getMsg HTTP/1.1" 200 27
180.152.241.196 - - [02/Aug/2023:09:43:02 +0800] "GET /xingrg/all/function/internal_message.html?_=1690940586367&CODE_STATE=getMsg HTTP/1.1" 200 27
124.79.243.110 - - [02/Aug/2023:09:43:03 +0800] "GET /xingrg/all/function/internal_message.html?_=1690940871059&CODE_STATE=getMsg HTTP/1.1" 200 27
114.83.217.26 - - [02/Aug/2023:09:43:03 +0800] "GET /xingrg/all/function/internal_message.html?_=1690940713872&CODE_STATE=getMsg HTTP/1.1" 200 27
180.165.154.167 - - [02/Aug/2023:09:43:06 +0800] "GET /xingrg/all/function/internal_message.html?_=1690940585154&CODE_STATE=getMsg HTTP/1.1" 200 27
116.230.117.43 - - [02/Aug/2023:09:43:07 +0800] "GET /xingrg/check_reg.html?_=1690940597010 HTTP/1.1" 200 22
124.78.70.128 - - [02/Aug/2023:09:43:07 +0800] "GET /xingrg/kc/buy/cgsh_order_operate.html?command=get_materiel&rest_code=00141&code=00101008010&supplier_code=00100007&order_time=2023-08-02 HTTP/1.1" 200 412
101.83.145.37 - - [02/Aug/2023:09:43:10 +0800] "GET /xingrg/all/function/internal_message.html?_=1690940590213&CODE_STATE=getMsg HTTP/1.1" 200 27
124.78.155.92 - - [02/Aug/2023:09:43:16 +0800] "GET /xingrg/all/function/internal_message.html?_=1690940594315&CODE_STATE=getMsg HTTP/1.1" 200 27
124.78.70.128 - - [02/Aug/2023:09:43:16 +0800] "GET /xingrg/kc/buy/cgsh_order_operate.html?command=get_materiel&rest_code=00141&code=00101008095&supplier_code=00100007&order_time=2023-08-02 HTTP/1.1" 200 412
124.78.155.92 - - [02/Aug/2023:09:43:20 +0800] "GET /xingrg/kc/buy/cgsh_order_operate.html?command=get_materiel&rest_code=00106&code=00101008141&supplier_code=00100007&order_time=2023-08-02 HTTP/1.1" 200 412
180.169.147.146 - - [02/Aug/2023:09:43:22 +0800] "GET /xingrg/all/function/internal_message.html?_=1690940600176&CODE_STATE=getMsg HTTP/1.1" 200 27
116.230.117.43 - - [02/Aug/2023:09:43:25 +0800] "GET /xingrg/all/function/internal_message.html?_=1690940615150&CODE_STATE=getMsg HTTP/1.1" 200 27
124.78.70.128 - - [02/Aug/2023:09:43:29 +0800] "GET /xingrg/kc/buy/cgsh_order_operate.html?command=get_materiel&rest_code=00141&code=00101008096&supplier_code=00100007&order_time=2023-08-02 HTTP/1.1" 200 412
114.83.222.132 - - [02/Aug/2023:09:43:31 +0800] "GET /xingrg/all/function/internal_message.html?_=1690940612050&CODE_STATE=getMsg HTTP/1.1" 200 27
222.70.180.90 - - [02/Aug/2023:09:43:31 +0800] "GET /xingrg/all/function/internal_message.html?_=1690940611152&CODE_STATE=getMsg HTTP/1.1" 200 27
116.238.191.126 - - [02/Aug/2023:09:43:32 +0800] "GET /xingrg/all/function/internal_message.html?_=1690940490557&CODE_STATE=getMsg HTTP/1.1" 200 27
124.78.70.128 - - [02/Aug/2023:09:43:35 +0800] "GET /xingrg/all/function/internal_message.html?_=1690940079140&CODE_STATE=getMsg HTTP/1.1" 200 27
101.83.145.37 - - [02/Aug/2023:09:43:36 +0800] "GET /xingrg/all/function/internal_message.html?_=1690940423200&CODE_STATE=getMsg HTTP/1.1" 200 27
124.78.70.128 - - [02/Aug/2023:09:43:37 +0800] "GET /xingrg/kc/buy/cgsh_order_operate.html?command=get_materiel&rest_code=00141&code=00101008141&supplier_code=00100007&order_time=2023-08-02 HTTP/1.1" 200 412
124.79.243.110 - - [02/Aug/2023:09:43:40 +0800] "GET /xingrg/all/function/internal_message.html?_=1690940619169&CODE_STATE=getMsg HTTP/1.1" 200 27
180.152.241.196 - - [02/Aug/2023:09:43:44 +0800] "GET /xingrg/all/function/internal_message.html?_=1690940624851&CODE_STATE=getMsg HTTP/1.1" 200 27
116.232.195.127 - - [02/Aug/2023:09:43:46 +0800] "GET /xingrg/all/function/internal_message.html?_=1690940566483&CODE_STATE=getMsg HTTP/1.1" 200 27
124.78.155.92 - - [02/Aug/2023:09:43:47 +0800] "POST /xingrg/kc/buy/cgsh_order_operate.html HTTP/1.1" 200 37
124.78.70.128 - - [02/Aug/2023:09:43:50 +0800] "GET /xingrg/kc/buy/cgsh_order_operate.html?command=get_materiel&rest_code=00141&code=00101008355&supplier_code=00100007&order_time=2023-08-02 HTTP/1.1" 200 408
222.70.180.90 - - [02/Aug/2023:09:43:53 +0800] "GET /xingrg/all/function/internal_message.html?_=1690940632970&CODE_STATE=getMsg HTTP/1.1" 200 27
180.169.147.146 - - [02/Aug/2023:09:43:54 +0800] "GET /xingrg/check_reg.html?_=1690940632266 HTTP/1.1" 200 22
180.169.147.146 - - [02/Aug/2023:09:43:54 +0800] "GET /xingrg/all/function/internal_message.html?_=1690940632269&CODE_STATE=getMsg HTTP/1.1" 200 27
222.70.180.90 - - [02/Aug/2023:09:43:56 +0800] "GET /xingrg/all/function/internal_message.html?_=1690940636018&CODE_STATE=getMsg HTTP/1.1" 200 27
222.70.180.90 - - [02/Aug/2023:09:43:58 +0800] "GET /xingrg/check_reg.html?_=1690940637267 HTTP/1.1" 200 22
222.64.144.188 - - [02/Aug/2023:09:43:58 +0800] "GET /xingrg/all/function/internal_message.html?_=1690940638180&CODE_STATE=getMsg HTTP/1.1" 200 27
124.78.155.92 - - [02/Aug/2023:09:43:58 +0800] "POST /xingrg/kc/buy/cgsh_order_operate.html HTTP/1.1" 200 24552
58.40.7.146 - - [02/Aug/2023:09:44:01 +0800] "GET /xingrg/check_reg.html?_=1690940641925 HTTP/1.1" 200 22
58.40.7.146 - - [02/Aug/2023:09:44:01 +0800] "GET /xingrg/all/function/internal_message.html?_=1690940641926&CODE_STATE=getMsg HTTP/1.1" 200 27
180.152.241.196 - - [02/Aug/2023:09:44:02 +0800] "GET /xingrg/all/function/internal_message.html?_=1690940646352&CODE_STATE=getMsg HTTP/1.1" 200 27
124.79.243.110 - - [02/Aug/2023:09:44:03 +0800] "GET /xingrg/all/function/internal_message.html?_=1690940931038&CODE_STATE=getMsg HTTP/1.1" 200 27
114.83.217.26 - - [02/Aug/2023:09:44:03 +0800] "GET /xingrg/all/function/internal_message.html?_=1690940773859&CODE_STATE=getMsg HTTP/1.1" 200 27
180.165.154.167 - - [02/Aug/2023:09:44:06 +0800] "GET /xingrg/check_reg.html?_=1690940645161 HTTP/1.1" 200 22
180.165.154.167 - - [02/Aug/2023:09:44:06 +0800] "GET /xingrg/all/function/internal_message.html?_=1690940645167&CODE_STATE=getMsg HTTP/1.1" 200 27
124.78.70.128 - - [02/Aug/2023:09:44:08 +0800] "GET /xingrg/kc/buy/cgsh_order_operate.html?command=get_materiel&rest_code=00141&code=00101008264&supplier_code=00100007&order_time=2023-08-02 HTTP/1.1" 200 412
180.169.147.146 - - [02/Aug/2023:09:44:08 +0800] "GET /xingrg/kc/buy/cgsh_order_add.html HTTP/1.1" 200 71765
180.169.147.146 - - [02/Aug/2023:09:44:08 +0800] "GET /xingrg/words/20230802092544_words.js HTTP/1.1" 200 976736
180.169.147.146 - - [02/Aug/2023:09:44:08 +0800] "GET /xingrg/javascript/easyui/themes/default/validatebox.css HTTP/1.1" 404 1104
180.169.147.146 - - [02/Aug/2023:09:44:08 +0800] "POST /xingrg/kc/buy/cgsh_order_operate.html HTTP/1.1" 200 8245
180.169.147.146 - - [02/Aug/2023:09:44:08 +0800] "GET /xingrg/all/common/auto_word.html?type=employee&rest_code=00147 HTTP/1.1" 200 101
180.169.147.146 - - [02/Aug/2023:09:44:08 +0800] "GET /xingrg/all/common/auto_word.html?type=employee&rest_code=00147 HTTP/1.1" 200 101
101.83.145.37 - - [02/Aug/2023:09:44:10 +0800] "GET /xingrg/all/function/internal_message.html?_=1690940650194&CODE_STATE=getMsg HTTP/1.1" 200 27
180.169.147.146 - - [02/Aug/2023:09:44:12 +0800] "GET /xingrg/javascript/auto/indicator.gif HTTP/1.1" 404 1066
180.169.147.146 - - [02/Aug/2023:09:44:14 +0800] "GET /xingrg/javascript/jquery_tools/images/prev.gif HTTP/1.1" 404 1086
180.169.147.146 - - [02/Aug/2023:09:44:14 +0800] "GET /xingrg/javascript/jquery_tools/images/next.gif HTTP/1.1" 404 1086
180.163.29.219 - - [02/Aug/2023:09:44:16 +0800] "GET /xingrg/all/function/internal_message.html?_=1690940594315&CODE_STATE=getMsg HTTP/1.1" 302 -
180.163.29.219 - - [02/Aug/2023:09:44:16 +0800] "GET /xingrg/login.html HTTP/1.1" 200 7641
124.78.155.92 - - [02/Aug/2023:09:44:16 +0800] "GET /xingrg/all/function/internal_message.html?_=1690940654294&CODE_STATE=getMsg HTTP/1.1" 200 27
124.78.70.128 - - [02/Aug/2023:09:44:17 +0800] "GET /xingrg/kc/buy/cgsh_order_operate.html?command=get_materiel&rest_code=00141&code=00101008059&supplier_code=00100007&order_time=2023-08-02 HTTP/1.1" 200 408
180.169.147.146 - - [02/Aug/2023:09:44:22 +0800] "GET /xingrg/all/function/internal_message.html?_=1690940660187&CODE_STATE=getMsg HTTP/1.1" 200 27
116.230.117.43 - - [02/Aug/2023:09:44:25 +0800] "GET /xingrg/all/function/internal_message.html?_=1690940675164&CODE_STATE=getMsg HTTP/1.1" 200 27
124.78.70.128 - - [02/Aug/2023:09:44:25 +0800] "GET /xingrg/kc/buy/cgsh_order_operate.html?command=get_materiel&rest_code=00141&code=00101008740&supplier_code=00100007&order_time=2023-08-02 HTTP/1.1" 200 399
180.169.147.146 - - [02/Aug/2023:09:44:30 +0800] "GET /xingrg/kc/buy/cgsh_order_operate.html?command=get_materiel&rest_code=00147&code=00101001316&supplier_code=00100094&order_time=2023-08-01 HTTP/1.1" 200 394
114.83.222.132 - - [02/Aug/2023:09:44:31 +0800] "GET /xingrg/all/function/internal_message.html?_=1690940672062&CODE_STATE=getMsg HTTP/1.1" 200 27
222.70.180.90 - - [02/Aug/2023:09:44:31 +0800] "GET /xingrg/all/function/internal_message.html?_=1690940671153&CODE_STATE=getMsg HTTP/1.1" 200 27
116.238.191.126 - - [02/Aug/2023:09:44:32 +0800] "GET /xingrg/check_reg.html?_=1690940550336 HTTP/1.1" 200 22
116.238.191.126 - - [02/Aug/2023:09:44:32 +0800] "GET /xingrg/all/function/internal_message.html?_=1690940550571&CODE_STATE=getMsg HTTP/1.1" 200 27
124.78.70.128 - - [02/Aug/2023:09:44:35 +0800] "GET /xingrg/kc/buy/cgsh_order_operate.html?command=get_materiel&rest_code=00141&code=00101008077&supplier_code=00100007&order_time=2023-08-02 HTTP/1.1" 200 416
124.78.70.128 - - [02/Aug/2023:09:44:35 +0800] "GET /xingrg/all/function/internal_message.html?_=1690940139125&CODE_STATE=getMsg HTTP/1.1" 200 27
101.83.145.37 - - [02/Aug/2023:09:44:36 +0800] "GET /xingrg/all/function/internal_message.html?_=1690940483200&CODE_STATE=getMsg HTTP/1.1" 200 27
124.79.243.110 - - [02/Aug/2023:09:44:40 +0800] "GET /xingrg/all/function/internal_message.html?_=1690940679153&CODE_STATE=getMsg HTTP/1.1" 200 27
180.152.241.196 - - [02/Aug/2023:09:44:44 +0800] "GET /xingrg/all/function/internal_message.html?_=1690940684837&CODE_STATE=getMsg HTTP/1.1" 200 27
180.152.241.196 - - [02/Aug/2023:09:44:44 +0800] "GET /xingrg/check_reg.html?_=1690940684838 HTTP/1.1" 200 22
180.169.147.146 - - [02/Aug/2023:09:44:44 +0800] "POST /xingrg/kc/buy/cgsh_order_operate.html HTTP/1.1" 200 37
124.78.70.128 - - [02/Aug/2023:09:44:44 +0800] "GET /xingrg/kc/buy/cgsh_order_operate.html?command=get_materiel&rest_code=00141&code=00101008069&supplier_code=00100007&order_time=2023-08-02 HTTP/1.1" 200 412
116.232.195.127 - - [02/Aug/2023:09:44:46 +0800] "GET /xingrg/all/function/internal_message.html?_=1690940626469&CODE_STATE=getMsg HTTP/1.1" 200 27
180.169.147.146 - - [02/Aug/2023:09:44:49 +0800] "POST /xingrg/kc/buy/cgsh_order_operate.html HTTP/1.1" 200 2657
180.169.147.146 - - [02/Aug/2023:09:44:50 +0800] "GET /xingrg/kc/print/load_config.html?kc_code=cgsh HTTP/1.1" 200 1924
180.169.147.146 - - [02/Aug/2023:09:44:51 +0800] "GET /xingrg/kc/print/load_data.html?order_code=212023080200433&kc_code=cgsh&condition= HTTP/1.1" 200 750
124.78.70.128 - - [02/Aug/2023:09:44:53 +0800] "GET /xingrg/kc/buy/cgsh_order_operate.html?command=get_materiel&rest_code=00141&code=00101008286&supplier_code=00100007&order_time=2023-08-02 HTTP/1.1" 200 408
222.70.180.90 - - [02/Aug/2023:09:44:53 +0800] "GET /xingrg/all/function/internal_message.html?_=1690940692970&CODE_STATE=getMsg HTTP/1.1" 200 27
222.70.180.90 - - [02/Aug/2023:09:44:53 +0800] "GET /xingrg/check_reg.html?_=1690940692973 HTTP/1.1" 200 22
180.169.147.146 - - [02/Aug/2023:09:44:54 +0800] "GET /xingrg/all/function/internal_message.html?_=1690940692268&CODE_STATE=getMsg HTTP/1.1" 200 27
222.70.180.90 - - [02/Aug/2023:09:44:56 +0800] "GET /xingrg/all/function/internal_message.html?_=1690940696003&CODE_STATE=getMsg HTTP/1.1" 200 27
124.79.243.110 - - [02/Aug/2023:09:44:58 +0800] "GET /xingrg/check_reg.html?_=1690940986258 HTTP/1.1" 200 22
222.64.144.188 - - [02/Aug/2023:09:44:58 +0800] "GET /xingrg/all/function/internal_message.html?_=1690940698181&CODE_STATE=getMsg HTTP/1.1" 200 27
116.232.195.127 - - [02/Aug/2023:09:44:59 +0800] "GET /xingrg/check_reg.html?_=1690940640120 HTTP/1.1" 200 22
124.78.70.128 - - [02/Aug/2023:09:45:01 +0800] "GET /xingrg/kc/buy/cgsh_order_operate.html?command=get_materiel&rest_code=00141&code=00101008131&supplier_code=00100007&order_time=2023-08-02 HTTP/1.1" 200 409
58.40.7.146 - - [02/Aug/2023:09:45:01 +0800] "GET /xingrg/all/function/internal_message.html?_=1690940701930&CODE_STATE=getMsg HTTP/1.1" 200 27
180.152.241.196 - - [02/Aug/2023:09:45:02 +0800] "GET /xingrg/all/function/internal_message.html?_=1690940706336&CODE_STATE=getMsg HTTP/1.1" 200 27
124.79.243.110 - - [02/Aug/2023:09:45:03 +0800] "GET /xingrg/all/function/internal_message.html?_=1690940991005&CODE_STATE=getMsg HTTP/1.1" 200 27
114.83.217.26 - - [02/Aug/2023:09:45:03 +0800] "GET /xingrg/check_reg.html?_=1690940833882 HTTP/1.1" 200 22
114.83.217.26 - - [02/Aug/2023:09:45:03 +0800] "GET /xingrg/all/function/internal_message.html?_=1690940833881&CODE_STATE=getMsg HTTP/1.1" 200 27
180.165.154.167 - - [02/Aug/2023:09:45:06 +0800] "GET /xingrg/all/function/internal_message.html?_=1690940705151&CODE_STATE=getMsg HTTP/1.1" 200 27
222.70.180.90 - - [02/Aug/2023:09:45:08 +0800] "POST /xingrg/services/DataTransmitService HTTP/1.1" 200 524
101.83.145.37 - - [02/Aug/2023:09:45:10 +0800] "GET /xingrg/all/function/internal_message.html?_=1690940710169&CODE_STATE=getMsg HTTP/1.1" 200 27
124.78.70.128 - - [02/Aug/2023:09:45:10 +0800] "GET /xingrg/kc/buy/cgsh_order_operate.html?command=get_materiel&rest_code=00141&code=00101008318&supplier_code=00100007&order_time=2023-08-02 HTTP/1.1" 200 408
180.163.29.217 - - [02/Aug/2023:09:45:16 +0800] "GET /xingrg/all/function/internal_message.html?_=1690940654294&CODE_STATE=getMsg HTTP/1.1" 302 -
180.163.29.217 - - [02/Aug/2023:09:45:16 +0800] "GET /xingrg/login.html HTTP/1.1" 200 7641
124.78.155.92 - - [02/Aug/2023:09:45:16 +0800] "GET /xingrg/all/function/internal_message.html?_=1690940714276&CODE_STATE=getMsg HTTP/1.1" 200 27
124.78.70.128 - - [02/Aug/2023:09:45:21 +0800] "GET /xingrg/kc/buy/cgsh_order_operate.html?command=get_materiel&rest_code=00141&code=00101008005&supplier_code=00100007&order_time=2023-08-02 HTTP/1.1" 200 412
180.169.147.146 - - [02/Aug/2023:09:45:22 +0800] "GET /xingrg/all/function/internal_message.html?_=1690940720192&CODE_STATE=getMsg HTTP/1.1" 200 27
116.230.117.43 - - [02/Aug/2023:09:45:25 +0800] "GET /xingrg/all/function/internal_message.html?_=1690940735310&CODE_STATE=getMsg HTTP/1.1" 200 27
114.83.222.132 - - [02/Aug/2023:09:45:31 +0800] "GET /xingrg/all/function/internal_message.html?_=1690940732054&CODE_STATE=getMsg HTTP/1.1" 200 27
124.78.70.128 - - [02/Aug/2023:09:45:31 +0800] "GET /xingrg/kc/buy/cgsh_order_operate.html?command=get_materiel&rest_code=00141&code=00101008271&supplier_code=00100007&order_time=2023-08-02 HTTP/1.1" 200 408
222.70.180.90 - - [02/Aug/2023:09:45:31 +0800] "GET /xingrg/all/function/internal_message.html?_=1690940731153&CODE_STATE=getMsg HTTP/1.1" 200 27
116.238.191.126 - - [02/Aug/2023:09:45:32 +0800] "GET /xingrg/all/function/internal_message.html?_=1690940610584&CODE_STATE=getMsg HTTP/1.1" 200 27
124.78.70.128 - - [02/Aug/2023:09:45:35 +0800] "GET /xingrg/all/function/internal_message.html?_=1690940199241&CODE_STATE=getMsg HTTP/1.1" 200 27
101.83.145.37 - - [02/Aug/2023:09:45:36 +0800] "GET /xingrg/all/function/internal_message.html?_=1690940543187&CODE_STATE=getMsg HTTP/1.1" 200 27
124.79.243.110 - - [02/Aug/2023:09:45:40 +0800] "GET /xingrg/all/function/internal_message.html?_=1690940739133&CODE_STATE=getMsg HTTP/1.1" 200 27
124.78.70.128 - - [02/Aug/2023:09:45:40 +0800] "GET /xingrg/kc/buy/cgsh_order_operate.html?command=get_materiel&rest_code=00141&code=00101008353&supplier_code=00100007&order_time=2023-08-02 HTTP/1.1" 200 408
180.152.241.196 - - [02/Aug/2023:09:45:44 +0800] "GET /xingrg/all/function/internal_message.html?_=1690940744831&CODE_STATE=getMsg HTTP/1.1" 200 27
116.232.195.127 - - [02/Aug/2023:09:45:46 +0800] "GET /xingrg/all/function/internal_message.html?_=1690940686450&CODE_STATE=getMsg HTTP/1.1" 200 27
124.78.70.128 - - [02/Aug/2023:09:45:48 +0800] "GET /xingrg/kc/buy/cgsh_order_operate.html?command=get_materiel&rest_code=00141&code=00101008298&supplier_code=00100007&order_time=2023-08-02 HTTP/1.1" 200 413
222.70.180.90 - - [02/Aug/2023:09:45:49 +0800] "POST /xingrg/services/DataTransmitService HTTP/1.1" 200 501
222.70.180.90 - - [02/Aug/2023:09:45:51 +0800] "POST /xingrg/services/DataTransmitService HTTP/1.1" 200 501
222.70.180.90 - - [02/Aug/2023:09:45:53 +0800] "GET /xingrg/all/function/internal_message.html?_=1690940752973&CODE_STATE=getMsg HTTP/1.1" 200 27
180.169.147.146 - - [02/Aug/2023:09:45:54 +0800] "GET /xingrg/all/function/internal_message.html?_=1690940752269&CODE_STATE=getMsg HTTP/1.1" 200 27
222.70.180.90 - - [02/Aug/2023:09:45:56 +0800] "GET /xingrg/all/function/internal_message.html?_=1690940755987&CODE_STATE=getMsg HTTP/1.1" 200 27
222.64.144.188 - - [02/Aug/2023:09:45:58 +0800] "GET /xingrg/all/function/internal_message.html?_=1690940758182&CODE_STATE=getMsg HTTP/1.1" 200 27
180.165.154.167 - - [02/Aug/2023:09:45:59 +0800] "GET /xingrg/javascript/jquery_tools/images/prev.gif HTTP/1.1" 404 1086
180.165.154.167 - - [02/Aug/2023:09:45:59 +0800] "GET /xingrg/javascript/jquery_tools/images/next.gif HTTP/1.1" 404 1086
124.79.243.110 - - [02/Aug/2023:09:46:01 +0800] "GET /xingrg/check_reg.html?_=1690940760618 HTTP/1.1" 200 22
58.40.7.146 - - [02/Aug/2023:09:46:01 +0800] "GET /xingrg/all/function/internal_message.html?_=1690940761918&CODE_STATE=getMsg HTTP/1.1" 200 27
180.152.241.196 - - [02/Aug/2023:09:46:02 +0800] "GET /xingrg/all/function/internal_message.html?_=1690940766321&CODE_STATE=getMsg HTTP/1.1" 200 27
124.79.243.110 - - [02/Aug/2023:09:46:02 +0800] "GET /xingrg/all/function/internal_message.html?_=1690941050978&CODE_STATE=getMsg HTTP/1.1" 200 27
124.78.70.128 - - [02/Aug/2023:09:46:03 +0800] "GET /xingrg/kc/buy/cgsh_order_operate.html?command=get_materiel&rest_code=00141&code=00101008004&supplier_code=00100007&order_time=2023-08-02 HTTP/1.1" 200 416
114.83.217.26 - - [02/Aug/2023:09:46:03 +0800] "GET /xingrg/all/function/internal_message.html?_=1690940893879&CODE_STATE=getMsg HTTP/1.1" 200 27
180.165.154.167 - - [02/Aug/2023:09:46:06 +0800] "GET /xingrg/all/function/internal_message.html?_=1690940765161&CODE_STATE=getMsg HTTP/1.1" 200 27
180.165.154.167 - - [02/Aug/2023:09:46:09 +0800] "GET /xingrg/kc/buy/cgsh_order_operate.html?command=get_materiel&rest_code=00108&code=00101002027&supplier_code=00100012&order_time=2023-08-02 HTTP/1.1" 200 413
101.83.145.37 - - [02/Aug/2023:09:46:10 +0800] "GET /xingrg/all/function/internal_message.html?_=1690940770141&CODE_STATE=getMsg HTTP/1.1" 200 27
222.70.180.90 - - [02/Aug/2023:09:46:10 +0800] "POST /xingrg/services/DataTransmitService HTTP/1.1" 200 501
124.78.70.128 - - [02/Aug/2023:09:46:11 +0800] "GET /xingrg/kc/buy/cgsh_order_operate.html?command=get_materiel&rest_code=00141&code=00101008136&supplier_code=00100007&order_time=2023-08-02 HTTP/1.1" 200 413
101.83.145.37 - - [02/Aug/2023:09:46:11 +0800] "GET /xingrg/check_reg.html?_=1690940770996 HTTP/1.1" 200 22
124.78.70.128 - - [02/Aug/2023:09:46:15 +0800] "POST /xingrg/kc/buy/cgsh_order_operate.html HTTP/1.1" 200 2065
124.78.155.92 - - [02/Aug/2023:09:46:16 +0800] "GET /xingrg/all/function/internal_message.html?_=1690940774262&CODE_STATE=getMsg HTTP/1.1" 200 27
124.78.155.92 - - [02/Aug/2023:09:46:16 +0800] "GET /xingrg/check_reg.html?_=1690940774454 HTTP/1.1" 200 22
124.78.70.128 - - [02/Aug/2023:09:46:22 +0800] "GET /xingrg/kc/buy/cgsh_order_operate.html?command=get_materiel&rest_code=00141&code=00101007037&supplier_code=00100007&order_time=2023-08-02 HTTP/1.1" 200 412
180.169.147.146 - - [02/Aug/2023:09:46:22 +0800] "GET /xingrg/check_reg.html?_=1690940780184 HTTP/1.1" 200 22
180.169.147.146 - - [02/Aug/2023:09:46:22 +0800] "GET /xingrg/all/function/internal_message.html?_=1690940780185&CODE_STATE=getMsg HTTP/1.1" 200 27
116.230.117.43 - - [02/Aug/2023:09:46:25 +0800] "GET /xingrg/all/function/internal_message.html?_=1690940795315&CODE_STATE=getMsg HTTP/1.1" 200 27
180.165.154.167 - - [02/Aug/2023:09:46:30 +0800] "GET /xingrg/kc/buy/cgsh_order_operate.html?command=get_materiel&rest_code=00108&code=00101001075&supplier_code=00100012&order_time=2023-08-02 HTTP/1.1" 200 409
222.70.180.90 - - [02/Aug/2023:09:46:30 +0800] "POST /xingrg/services/DataTransmitService HTTP/1.1" 200 501
114.83.222.132 - - [02/Aug/2023:09:46:31 +0800] "GET /xingrg/all/function/internal_message.html?_=1690940792051&CODE_STATE=getMsg HTTP/1.1" 200 27
114.83.222.132 - - [02/Aug/2023:09:46:31 +0800] "GET /xingrg/check_reg.html?_=1690940792055 HTTP/1.1" 200 22
222.70.180.90 - - [02/Aug/2023:09:46:32 +0800] "GET /xingrg/all/function/internal_message.html?_=1690940791153&CODE_STATE=getMsg HTTP/1.1" 200 27
222.70.180.90 - - [02/Aug/2023:09:46:32 +0800] "GET /xingrg/check_reg.html?_=1690940791155 HTTP/1.1" 200 22
222.70.180.90 - - [02/Aug/2023:09:46:32 +0800] "POST /xingrg/services/DataTransmitService HTTP/1.1" 200 501
116.238.191.126 - - [02/Aug/2023:09:46:32 +0800] "GET /xingrg/all/function/internal_message.html?_=1690940670598&CODE_STATE=getMsg HTTP/1.1" 200 27
222.70.180.90 - - [02/Aug/2023:09:46:32 +0800] "POST /xingrg/services/DataTransmitService HTTP/1.1" 200 501
114.85.113.108 - - [02/Aug/2023:09:46:33 +0800] "GET /xingrg/check_reg.html?_=1690940789884 HTTP/1.1" 302 -
124.78.70.128 - - [02/Aug/2023:09:46:35 +0800] "GET /xingrg/all/function/internal_message.html?_=1690940259265&CODE_STATE=getMsg HTTP/1.1" 200 27
101.83.145.37 - - [02/Aug/2023:09:46:36 +0800] "GET /xingrg/all/function/internal_message.html?_=1690940603189&CODE_STATE=getMsg HTTP/1.1" 200 27
124.78.70.128 - - [02/Aug/2023:09:46:37 +0800] "GET /xingrg/kc/buy/cgsh_order_operate.html?command=get_materiel&rest_code=00141&code=00101008125&supplier_code=00100007&order_time=2023-08-02 HTTP/1.1" 200 413
124.79.243.110 - - [02/Aug/2023:09:46:40 +0800] "GET /xingrg/all/function/internal_message.html?_=1690940799113&CODE_STATE=getMsg HTTP/1.1" 200 27
222.70.180.90 - - [02/Aug/2023:09:46:41 +0800] "POST /xingrg/services/DataTransmitService HTTP/1.1" 200 501
222.70.180.90 - - [02/Aug/2023:09:46:42 +0800] "POST /xingrg/services/DataTransmitService HTTP/1.1" 200 501
222.70.180.90 - - [02/Aug/2023:09:46:44 +0800] "POST /xingrg/services/DataTransmitService HTTP/1.1" 200 501
180.152.241.196 - - [02/Aug/2023:09:46:44 +0800] "GET /xingrg/all/function/internal_message.html?_=1690940804841&CODE_STATE=getMsg HTTP/1.1" 200 27
222.70.180.90 - - [02/Aug/2023:09:46:44 +0800] "POST /xingrg/services/DataTransmitService HTTP/1.1" 200 412
180.152.241.196 - - [02/Aug/2023:09:46:46 +0800] "GET /xingrg/check_reg.html?_=1690940810283 HTTP/1.1" 200 22
116.232.195.127 - - [02/Aug/2023:09:46:46 +0800] "GET /xingrg/all/function/internal_message.html?_=1690940746441&CODE_STATE=getMsg HTTP/1.1" 200 27
124.78.155.92 - - [02/Aug/2023:09:46:49 +0800] "GET /xingrg/kc/print/load_config.html?kc_code=cgsh HTTP/1.1" 200 1924
124.78.155.92 - - [02/Aug/2023:09:46:49 +0800] "GET /xingrg/kc/print/load_data.html?order_code=212023080200424&kc_code=cgsh HTTP/1.1" 200 9024
180.165.154.167 - - [02/Aug/2023:09:46:50 +0800] "GET /xingrg/kc/buy/cgsh_order_operate.html?command=get_materiel&rest_code=00108&code=00101005037&supplier_code=00100012&order_time=2023-08-02 HTTP/1.1" 200 409
124.78.70.128 - - [02/Aug/2023:09:46:50 +0800] "GET /xingrg/kc/buy/cgsh_order_operate.html?command=get_materiel&rest_code=00141&code=00101008132&supplier_code=00100007&order_time=2023-08-02 HTTP/1.1" 200 408
222.70.180.90 - - [02/Aug/2023:09:46:53 +0800] "GET /xingrg/all/function/internal_message.html?_=1690940812974&CODE_STATE=getMsg HTTP/1.1" 200 27
180.169.147.146 - - [02/Aug/2023:09:46:54 +0800] "GET /xingrg/all/function/internal_message.html?_=1690940812259&CODE_STATE=getMsg HTTP/1.1" 200 27
218.81.71.13 - - [02/Aug/2023:09:46:55 +0800] "GET /xingrg/check_reg.html?_=1690940815012 HTTP/1.1" 200 22
222.70.180.90 - - [02/Aug/2023:09:46:56 +0800] "GET /xingrg/all/function/internal_message.html?_=1690940815973&CODE_STATE=getMsg HTTP/1.1" 200 27
222.64.144.188 - - [02/Aug/2023:09:46:58 +0800] "GET /xingrg/check_reg.html?_=1690940818188 HTTP/1.1" 200 22
222.64.144.188 - - [02/Aug/2023:09:46:58 +0800] "GET /xingrg/all/function/internal_message.html?_=1690940818192&CODE_STATE=getMsg HTTP/1.1" 200 27
58.40.7.146 - - [02/Aug/2023:09:47:01 +0800] "GET /xingrg/all/function/internal_message.html?_=1690940821920&CODE_STATE=getMsg HTTP/1.1" 200 27
124.78.70.128 - - [02/Aug/2023:09:47:01 +0800] "GET /xingrg/kc/buy/cgsh_order_operate.html?command=get_materiel&rest_code=00141&code=00101008038&supplier_code=00100007&order_time=2023-08-02 HTTP/1.1" 200 412
180.152.241.196 - - [02/Aug/2023:09:47:02 +0800] "GET /xingrg/all/function/internal_message.html?_=1690940826306&CODE_STATE=getMsg HTTP/1.1" 200 27
124.79.243.110 - - [02/Aug/2023:09:47:02 +0800] "GET /xingrg/all/function/internal_message.html?_=1690941110977&CODE_STATE=getMsg HTTP/1.1" 200 27
114.83.217.26 - - [02/Aug/2023:09:47:03 +0800] "GET /xingrg/all/function/internal_message.html?_=1690940953878&CODE_STATE=getMsg HTTP/1.1" 200 27
180.165.154.167 - - [02/Aug/2023:09:47:06 +0800] "GET /xingrg/all/function/internal_message.html?_=1690940825161&CODE_STATE=getMsg HTTP/1.1" 200 27
101.83.145.37 - - [02/Aug/2023:09:47:10 +0800] "GET /xingrg/all/function/internal_message.html?_=1690940830123&CODE_STATE=getMsg HTTP/1.1" 200 27
180.163.29.79 - - [02/Aug/2023:09:47:16 +0800] "GET /xingrg/check_reg.html?_=1690940774454 HTTP/1.1" 302 -
180.163.29.79 - - [02/Aug/2023:09:47:16 +0800] "GET /xingrg/login.html HTTP/1.1" 200 7641
124.78.70.128 - - [02/Aug/2023:09:47:21 +0800] "POST /xingrg/kc/buy/cgsh_order_operate.html HTTP/1.1" 200 2065
180.169.147.146 - - [02/Aug/2023:09:47:22 +0800] "GET /xingrg/all/function/internal_message.html?_=1690940840190&CODE_STATE=getMsg HTTP/1.1" 200 27
124.78.155.92 - - [02/Aug/2023:09:47:24 +0800] "GET /xingrg/all/function/internal_message.html?_=1690940842669&CODE_STATE=getMsg HTTP/1.1" 200 27
116.230.117.43 - - [02/Aug/2023:09:47:25 +0800] "GET /xingrg/all/function/internal_message.html?_=1690940855465&CODE_STATE=getMsg HTTP/1.1" 200 27
124.78.70.128 - - [02/Aug/2023:09:47:26 +0800] "GET /xingrg/kc/buy/cgsh_order_operate.html?command=get_materiel&rest_code=00141&code=00101008296&supplier_code=00100007&order_time=2023-08-02 HTTP/1.1" 200 416
114.83.222.132 - - [02/Aug/2023:09:47:31 +0800] "GET /xingrg/all/function/internal_message.html?_=1690940852058&CODE_STATE=getMsg HTTP/1.1" 200 27
222.70.180.90 - - [02/Aug/2023:09:47:32 +0800] "GET /xingrg/all/function/internal_message.html?_=1690940851156&CODE_STATE=getMsg HTTP/1.1" 200 27
116.238.191.126 - - [02/Aug/2023:09:47:32 +0800] "GET /xingrg/all/function/internal_message.html?_=1690940730651&CODE_STATE=getMsg HTTP/1.1" 200 27
124.78.70.128 - - [02/Aug/2023:09:47:35 +0800] "GET /xingrg/check_reg.html?_=1690940319177 HTTP/1.1" 200 22
124.78.70.128 - - [02/Aug/2023:09:47:35 +0800] "GET /xingrg/all/function/internal_message.html?_=1690940319178&CODE_STATE=getMsg HTTP/1.1" 200 27
101.83.145.37 - - [02/Aug/2023:09:47:36 +0800] "GET /xingrg/all/function/internal_message.html?_=1690940663189&CODE_STATE=getMsg HTTP/1.1" 200 27
101.83.145.37 - - [02/Aug/2023:09:47:36 +0800] "GET /xingrg/check_reg.html?_=1690940663192 HTTP/1.1" 200 22
124.79.243.110 - - [02/Aug/2023:09:47:40 +0800] "GET /xingrg/all/function/internal_message.html?_=1690940859094&CODE_STATE=getMsg HTTP/1.1" 200 27
124.78.70.128 - - [02/Aug/2023:09:47:44 +0800] "GET /xingrg/kc/buy/cgsh_order_operate.html?command=get_materiel&rest_code=00141&code=00101008213&supplier_code=00100007&order_time=2023-08-02 HTTP/1.1" 200 412
180.152.241.196 - - [02/Aug/2023:09:47:44 +0800] "GET /xingrg/all/function/internal_message.html?_=1690940864847&CODE_STATE=getMsg HTTP/1.1" 200 27
116.232.195.127 - - [02/Aug/2023:09:47:46 +0800] "GET /xingrg/all/function/internal_message.html?_=1690940806438&CODE_STATE=getMsg HTTP/1.1" 200 27
120.253.135.82 - - [02/Aug/2023:09:47:53 +0800] "GET /favicon.ico HTTP/1.1" 404 -
222.70.180.90 - - [02/Aug/2023:09:47:53 +0800] "GET /xingrg/all/function/internal_message.html?_=1690940872974&CODE_STATE=getMsg HTTP/1.1" 200 27
180.169.147.146 - - [02/Aug/2023:09:47:54 +0800] "GET /xingrg/all/function/internal_message.html?_=1690940872265&CODE_STATE=getMsg HTTP/1.1" 200 27
124.78.70.128 - - [02/Aug/2023:09:47:55 +0800] "GET /xingrg/kc/buy/cgsh_order_operate.html?command=get_materiel&rest_code=00141&code=00101008403&supplier_code=00100007&order_time=2023-08-02 HTTP/1.1" 200 412
222.70.180.90 - - [02/Aug/2023:09:47:56 +0800] "GET /xingrg/all/function/internal_message.html?_=1690940875958&CODE_STATE=getMsg HTTP/1.1" 200 27
222.64.144.188 - - [02/Aug/2023:09:47:58 +0800] "GET /xingrg/all/function/internal_message.html?_=1690940878178&CODE_STATE=getMsg HTTP/1.1" 200 27
58.40.7.146 - - [02/Aug/2023:09:48:01 +0800] "GET /xingrg/all/function/internal_message.html?_=1690940881923&CODE_STATE=getMsg HTTP/1.1" 200 27
180.152.241.196 - - [02/Aug/2023:09:48:02 +0800] "GET /xingrg/all/function/internal_message.html?_=1690940886317&CODE_STATE=getMsg HTTP/1.1" 200 27
124.79.243.110 - - [02/Aug/2023:09:48:02 +0800] "GET /xingrg/all/function/internal_message.html?_=1690941170954&CODE_STATE=getMsg HTTP/1.1" 200 27
114.83.217.26 - - [02/Aug/2023:09:48:03 +0800] "GET /xingrg/all/function/internal_message.html?_=1690941013878&CODE_STATE=getMsg HTTP/1.1" 200 27
124.78.70.128 - - [02/Aug/2023:09:48:05 +0800] "GET /xingrg/kc/buy/cgsh_order_operate.html?command=get_materiel&rest_code=00141&code=00101008283&supplier_code=00100007&order_time=2023-08-02 HTTP/1.1" 200 408
180.165.154.167 - - [02/Aug/2023:09:48:06 +0800] "GET /xingrg/all/function/internal_message.html?_=1690940885172&CODE_STATE=getMsg HTTP/1.1" 200 27
116.230.117.43 - - [02/Aug/2023:09:48:07 +0800] "GET /xingrg/check_reg.html?_=1690940897015 HTTP/1.1" 200 22
124.78.70.128 - - [02/Aug/2023:09:48:07 +0800] "POST /xingrg/kc/buy/cgsh_order_operate.html HTTP/1.1" 200 2065
101.83.145.37 - - [02/Aug/2023:09:48:10 +0800] "GET /xingrg/all/function/internal_message.html?_=1690940890104&CODE_STATE=getMsg HTTP/1.1" 200 27
124.78.70.128 - - [02/Aug/2023:09:48:13 +0800] "GET /xingrg/kc/buy/cgsh_order_operate.html?command=get_materiel&rest_code=00141&code=00101008309&supplier_code=00100007&order_time=2023-08-02 HTTP/1.1" 200 421
180.169.147.146 - - [02/Aug/2023:09:48:22 +0800] "GET /xingrg/all/function/internal_message.html?_=1690940900189&CODE_STATE=getMsg HTTP/1.1" 200 27
180.163.28.55 - - [02/Aug/2023:09:48:24 +0800] "GET /xingrg/all/function/internal_message.html?_=1690940842669&CODE_STATE=getMsg HTTP/1.1" 302 -
180.163.28.55 - - [02/Aug/2023:09:48:24 +0800] "GET /xingrg/login.html HTTP/1.1" 200 7641
124.78.155.92 - - [02/Aug/2023:09:48:24 +0800] "GET /xingrg/all/function/internal_message.html?_=1690940902648&CODE_STATE=getMsg HTTP/1.1" 200 27
116.230.117.43 - - [02/Aug/2023:09:48:25 +0800] "GET /xingrg/all/function/internal_message.html?_=1690940915467&CODE_STATE=getMsg HTTP/1.1" 200 27
114.83.222.132 - - [02/Aug/2023:09:48:31 +0800] "GET /xingrg/all/function/internal_message.html?_=1690940912059&CODE_STATE=getMsg HTTP/1.1" 200 27
222.70.180.90 - - [02/Aug/2023:09:48:31 +0800] "GET /xingrg/all/function/internal_message.html?_=1690940911141&CODE_STATE=getMsg HTTP/1.1" 200 27
116.238.191.126 - - [02/Aug/2023:09:48:32 +0800] "GET /xingrg/all/function/internal_message.html?_=1690940790657&CODE_STATE=getMsg HTTP/1.1" 200 27
124.78.70.128 - - [02/Aug/2023:09:48:35 +0800] "GET /xingrg/all/function/internal_message.html?_=1690940379161&CODE_STATE=getMsg HTTP/1.1" 200 27
124.78.155.92 - - [02/Aug/2023:09:48:35 +0800] "GET /xingrg/kc/buy/cgsh_order_add.html HTTP/1.1" 200 71762
101.83.145.37 - - [02/Aug/2023:09:48:36 +0800] "GET /xingrg/all/function/internal_message.html?_=1690940723193&CODE_STATE=getMsg HTTP/1.1" 200 27
124.78.155.92 - - [02/Aug/2023:09:48:38 +0800] "GET /xingrg/words/20230802092544_words.js HTTP/1.1" 304 -
116.230.117.43 - - [02/Aug/2023:09:48:38 +0800] "POST /xingrg/services/DataTransmitService HTTP/1.1" 200 524
124.78.155.92 - - [02/Aug/2023:09:48:39 +0800] "GET /xingrg/javascript/easyui/themes/default/validatebox.css HTTP/1.1" 404 1104
124.78.155.92 - - [02/Aug/2023:09:48:39 +0800] "POST /xingrg/kc/buy/cgsh_order_operate.html HTTP/1.1" 200 8245
124.79.243.110 - - [02/Aug/2023:09:48:40 +0800] "GET /xingrg/all/function/internal_message.html?_=1690940919064&CODE_STATE=getMsg HTTP/1.1" 200 27
116.230.117.43 - - [02/Aug/2023:09:48:40 +0800] "POST /xingrg/services/DataTransmitService HTTP/1.1" 200 2335
124.78.155.92 - - [02/Aug/2023:09:48:43 +0800] "GET /xingrg/javascript/easyui/themes/default/tree.css HTTP/1.1" 404 1090
180.152.241.196 - - [02/Aug/2023:09:48:44 +0800] "GET /xingrg/all/function/internal_message.html?_=1690940924851&CODE_STATE=getMsg HTTP/1.1" 200 27
124.78.155.92 - - [02/Aug/2023:09:48:44 +0800] "POST /xingrg/all/common/load_tree.html?tree=supplier_tree_json&isDelete=1 HTTP/1.1" 200 74671
116.232.195.127 - - [02/Aug/2023:09:48:46 +0800] "GET /xingrg/all/function/internal_message.html?_=1690940866414&CODE_STATE=getMsg HTTP/1.1" 200 27
222.70.180.90 - - [02/Aug/2023:09:48:53 +0800] "GET /xingrg/all/function/internal_message.html?_=1690940932972&CODE_STATE=getMsg HTTP/1.1" 200 27
180.169.147.146 - - [02/Aug/2023:09:48:54 +0800] "GET /xingrg/all/function/internal_message.html?_=1690940932271&CODE_STATE=getMsg HTTP/1.1" 200 27
180.169.147.146 - - [02/Aug/2023:09:48:54 +0800] "GET /xingrg/check_reg.html?_=1690940932355 HTTP/1.1" 200 22
124.78.70.128 - - [02/Aug/2023:09:48:56 +0800] "GET /xingrg/kc/buy/cgsh_order_operate.html?command=get_materiel&rest_code=00141&code=00101008175&supplier_code=00100007&order_time=2023-08-02 HTTP/1.1" 200 412
222.70.180.90 - - [02/Aug/2023:09:48:56 +0800] "GET /xingrg/all/function/internal_message.html?_=1690940935942&CODE_STATE=getMsg HTTP/1.1" 200 27
116.230.117.43 - - [02/Aug/2023:09:48:57 +0800] "POST /xingrg/services/DataTransmitService HTTP/1.1" 200 524
222.70.180.90 - - [02/Aug/2023:09:48:58 +0800] "GET /xingrg/check_reg.html?_=1690940937296 HTTP/1.1" 200 22
222.64.144.188 - - [02/Aug/2023:09:48:58 +0800] "GET /xingrg/all/function/internal_message.html?_=1690940938180&CODE_STATE=getMsg HTTP/1.1" 200 27
116.230.117.43 - - [02/Aug/2023:09:48:59 +0800] "POST /xingrg/services/DataTransmitService HTTP/1.1" 200 2335
124.78.155.92 - - [02/Aug/2023:09:49:00 +0800] "GET /xingrg/kc/buy/cgsh_order_operate.html?command=get_materiel&rest_code=00106&code=00101008146&supplier_code=00100009&order_time=2023-08-02 HTTP/1.1" 200 416
58.40.7.146 - - [02/Aug/2023:09:49:01 +0800] "GET /xingrg/all/function/internal_message.html?_=1690940941924&CODE_STATE=getMsg HTTP/1.1" 200 27
58.40.7.146 - - [02/Aug/2023:09:49:01 +0800] "GET /xingrg/check_reg.html?_=1690940941926 HTTP/1.1" 200 22
180.152.241.196 - - [02/Aug/2023:09:49:02 +0800] "GET /xingrg/all/function/internal_message.html?_=1690940946301&CODE_STATE=getMsg HTTP/1.1" 200 27
124.79.243.110 - - [02/Aug/2023:09:49:02 +0800] "GET /xingrg/all/function/internal_message.html?_=1690941230926&CODE_STATE=getMsg HTTP/1.1" 200 27
114.83.217.26 - - [02/Aug/2023:09:49:03 +0800] "GET /xingrg/all/function/internal_message.html?_=1690941073874&CODE_STATE=getMsg HTTP/1.1" 200 27
180.165.154.167 - - [02/Aug/2023:09:49:06 +0800] "GET /xingrg/check_reg.html?_=1690940945163 HTTP/1.1" 200 22
180.165.154.167 - - [02/Aug/2023:09:49:06 +0800] "GET /xingrg/all/function/internal_message.html?_=1690940945167&CODE_STATE=getMsg HTTP/1.1" 200 27
116.230.117.43 - - [02/Aug/2023:09:49:08 +0800] "POST /xingrg/services/DataTransmitService HTTP/1.1" 200 524
124.78.70.128 - - [02/Aug/2023:09:49:09 +0800] "GET /xingrg/kc/buy/cgsh_order_operate.html?command=get_materiel&rest_code=00141&code=00101008089&supplier_code=00100007&order_time=2023-08-02 HTTP/1.1" 200 408
