114.83.222.132 - - [02/Aug/2023:10:26:25 +0800] "GET /xingrg/dwr/interface/AjaxComOrderService.js HTTP/1.1" 200 18264
114.83.222.132 - - [02/Aug/2023:10:26:25 +0800] "GET /xingrg/dwr/interface/AjaxQqpsService.js HTTP/1.1" 200 16326
114.83.222.132 - - [02/Aug/2023:10:26:25 +0800] "GET /xingrg/dwr/engine.js HTTP/1.1" 200 43631
116.230.117.43 - - [02/Aug/2023:10:26:26 +0800] "POST /xingrg/services/DataTransmitService HTTP/1.1" 200 501
114.83.222.132 - - [02/Aug/2023:10:26:26 +0800] "POST /xingrg/dwr/call/plaincall/AjaxQqpsService.loadMaterielItems.dwr HTTP/1.1" 200 10938
101.83.145.37 - - [02/Aug/2023:10:26:27 +0800] "GET /xingrg/all/function/internal_message.html?_=1690942993906&CODE_STATE=getMsg HTTP/1.1" 200 27
101.83.145.37 - - [02/Aug/2023:10:26:27 +0800] "GET /xingrg/check_reg.html?_=1690942994097 HTTP/1.1" 200 22
124.78.155.92 - - [02/Aug/2023:10:26:27 +0800] "GET /xingrg/all/function/internal_message.html?_=1690943185542&CODE_STATE=getMsg HTTP/1.1" 200 27
180.152.241.196 - - [02/Aug/2023:10:26:27 +0800] "GET /xingrg/all/function/internal_message.html?_=1690943192544&CODE_STATE=getMsg HTTP/1.1" 200 27
114.83.222.132 - - [02/Aug/2023:10:26:28 +0800] "GET /xingrg/kc/mdqp/qqps_order_list.html?isBack=1 HTTP/1.1" 302 -
116.230.117.43 - - [02/Aug/2023:10:26:28 +0800] "GET /xingrg/all/function/internal_message.html?_=1690943197949&CODE_STATE=getMsg HTTP/1.1" 302 -
114.83.222.132 - - [02/Aug/2023:10:26:28 +0800] "GET /xingrg/kc/mdqp/qqps_order_list.html?isQuery=1&timeSelect=1&orderTime=day&startTime=2023-08-01&endTime=2023-08-01&state=all&query=%C8%B7++%B6%A8 HTTP/1.1" 200 10964
114.83.222.132 - - [02/Aug/2023:10:26:28 +0800] "GET /xingrg/dwr/interface/AjaxQqpsService.js HTTP/1.1" 200 16326
114.83.222.132 - - [02/Aug/2023:10:26:28 +0800] "GET /xingrg/dwr/interface/AjaxReportQueryService.js HTTP/1.1" 200 13203
114.83.222.132 - - [02/Aug/2023:10:26:28 +0800] "GET /xingrg/dwr/engine.js HTTP/1.1" 200 43631
114.83.222.132 - - [02/Aug/2023:10:26:31 +0800] "GET /xingrg/kc/mdqp/qqps_order_info.html?code=302023080100006 HTTP/1.1" 200 28560
114.83.222.132 - - [02/Aug/2023:10:26:31 +0800] "GET /xingrg/dwr/interface/AjaxQqpsService.js HTTP/1.1" 200 16326
114.83.222.132 - - [02/Aug/2023:10:26:31 +0800] "GET /xingrg/dwr/interface/AjaxComOrderService.js HTTP/1.1" 200 18264
114.83.222.132 - - [02/Aug/2023:10:26:31 +0800] "GET /xingrg/dwr/engine.js HTTP/1.1" 200 43631
222.70.180.90 - - [02/Aug/2023:10:26:32 +0800] "GET /xingrg/check_reg.html?_=1690943191200 HTTP/1.1" 302 -
222.70.180.90 - - [02/Aug/2023:10:26:32 +0800] "GET /xingrg/all/function/internal_message.html?_=1690943191206&CODE_STATE=getMsg HTTP/1.1" 302 -
114.83.222.132 - - [02/Aug/2023:10:26:32 +0800] "POST /xingrg/dwr/call/plaincall/AjaxQqpsService.loadMaterielItems.dwr HTTP/1.1" 200 585
114.85.113.108 - - [02/Aug/2023:10:26:33 +0800] "GET /xingrg/all/function/internal_message.html?_=1690943190214&CODE_STATE=getMsg HTTP/1.1" 200 27
116.238.191.126 - - [02/Aug/2023:10:26:38 +0800] "GET /xingrg/all/function/internal_message.html?_=1690943076153&CODE_STATE=getMsg HTTP/1.1" 200 27
124.79.243.110 - - [02/Aug/2023:10:26:39 +0800] "GET /xingrg/all/function/internal_message.html?_=1690943198283&CODE_STATE=getMsg HTTP/1.1" 302 -
180.169.147.146 - - [02/Aug/2023:10:26:39 +0800] "GET /xingrg/all/function/internal_message.html?_=1690943199304&CODE_STATE=getMsg HTTP/1.1" 302 -
101.83.145.37 - - [02/Aug/2023:10:26:41 +0800] "GET /xingrg/all/function/internal_message.html?_=1690943201872&CODE_STATE=getMsg HTTP/1.1" 200 27
114.83.222.132 - - [02/Aug/2023:10:26:43 +0800] "POST /xingrg/dwr/call/plaincall/AjaxQqpsService.saveMaterielItem.dwr HTTP/1.1" 200 78
180.152.241.196 - - [02/Aug/2023:10:26:44 +0800] "GET /xingrg/all/function/internal_message.html?_=1690943204848&CODE_STATE=getMsg HTTP/1.1" 302 -
114.85.113.108 - - [02/Aug/2023:10:26:45 +0800] "GET /xingrg/kc/base/wldb_order_operate.html?command=get_materiel&rest_code=00145&base_code=0010284&code=00101028030 HTTP/1.1" 200 453
116.232.195.127 - - [02/Aug/2023:10:26:45 +0800] "GET /xingrg/all/function/internal_message.html?_=1690943145745&CODE_STATE=getMsg HTTP/1.1" 302 -
180.152.241.196 - - [02/Aug/2023:10:26:45 +0800] "GET /xingrg/check_reg.html?_=1690943210159 HTTP/1.1" 302 -
116.230.117.43 - - [02/Aug/2023:10:26:45 +0800] "POST /xingrg/services/DataTransmitService HTTP/1.1" 200 501
116.230.117.43 - - [02/Aug/2023:10:26:47 +0800] "POST /xingrg/services/DataTransmitService HTTP/1.1" 200 501
114.83.222.132 - - [02/Aug/2023:10:26:48 +0800] "POST /xingrg/dwr/call/plaincall/AjaxQqpsService.checkOrder.dwr HTTP/1.1" 200 78
116.230.117.43 - - [02/Aug/2023:10:26:48 +0800] "POST /xingrg/services/DataTransmitService HTTP/1.1" 200 501
114.83.222.132 - - [02/Aug/2023:10:26:49 +0800] "GET /xingrg/kc/mdqp/qqps_order_info.html?code=302023080100006 HTTP/1.1" 200 26801
114.83.222.132 - - [02/Aug/2023:10:26:50 +0800] "GET /xingrg/dwr/interface/AjaxComOrderService.js HTTP/1.1" 200 18264
114.83.222.132 - - [02/Aug/2023:10:26:50 +0800] "GET /xingrg/dwr/interface/AjaxQqpsService.js HTTP/1.1" 200 16326
114.83.222.132 - - [02/Aug/2023:10:26:50 +0800] "GET /xingrg/dwr/engine.js HTTP/1.1" 200 43631
180.169.147.146 - - [02/Aug/2023:10:26:50 +0800] "GET /xingrg/all/function/internal_message.html?_=1690943209460&CODE_STATE=getMsg HTTP/1.1" 200 27
114.83.222.132 - - [02/Aug/2023:10:26:50 +0800] "POST /xingrg/dwr/call/plaincall/AjaxQqpsService.loadMaterielItems.dwr HTTP/1.1" 200 583
114.83.222.132 - - [02/Aug/2023:10:26:52 +0800] "GET /xingrg/kc/mdqp/qqps_order_list.html?isBack=1 HTTP/1.1" 302 -
114.83.222.132 - - [02/Aug/2023:10:26:52 +0800] "GET /xingrg/kc/mdqp/qqps_order_list.html?isQuery=1&timeSelect=1&orderTime=day&startTime=2023-08-01&endTime=2023-08-01&state=all&query=%C8%B7++%B6%A8 HTTP/1.1" 200 10990
114.83.222.132 - - [02/Aug/2023:10:26:53 +0800] "GET /xingrg/dwr/interface/AjaxReportQueryService.js HTTP/1.1" 200 13203
114.83.222.132 - - [02/Aug/2023:10:26:53 +0800] "GET /xingrg/dwr/interface/AjaxQqpsService.js HTTP/1.1" 200 16326
114.83.222.132 - - [02/Aug/2023:10:26:53 +0800] "GET /xingrg/dwr/engine.js HTTP/1.1" 200 43631
180.169.147.146 - - [02/Aug/2023:10:26:54 +0800] "GET /xingrg/all/function/internal_message.html?_=1690943212340&CODE_STATE=getMsg HTTP/1.1" 302 -
116.230.117.43 - - [02/Aug/2023:10:26:54 +0800] "POST /xingrg/services/DataTransmitService HTTP/1.1" 200 501
218.81.71.13 - - [02/Aug/2023:10:26:55 +0800] "GET /xingrg/check_reg.html?_=1690943214950 HTTP/1.1" 302 -
116.230.117.43 - - [02/Aug/2023:10:26:55 +0800] "POST /xingrg/services/DataTransmitService HTTP/1.1" 200 501
222.70.180.90 - - [02/Aug/2023:10:26:56 +0800] "GET /xingrg/all/function/internal_message.html?_=1690943215340&CODE_STATE=getMsg HTTP/1.1" 302 -
116.230.117.43 - - [02/Aug/2023:10:26:56 +0800] "POST /xingrg/services/DataTransmitService HTTP/1.1" 200 501
114.83.222.132 - - [02/Aug/2023:10:26:57 +0800] "GET /xingrg/kc/base/wldb_order_list.html HTTP/1.1" 200 19183
116.230.117.43 - - [02/Aug/2023:10:26:57 +0800] "POST /xingrg/services/DataTransmitService HTTP/1.1" 200 412
114.83.222.132 - - [02/Aug/2023:10:26:58 +0800] "POST /xingrg/kc/base/wldb_list_operate.html HTTP/1.1" 200 928
222.64.144.188 - - [02/Aug/2023:10:26:58 +0800] "GET /xingrg/all/function/internal_message.html?_=1690943218210&CODE_STATE=getMsg HTTP/1.1" 302 -
222.64.144.188 - - [02/Aug/2023:10:26:58 +0800] "GET /xingrg/check_reg.html?_=1690943218213 HTTP/1.1" 302 -
180.169.147.146 - - [02/Aug/2023:10:26:58 +0800] "POST /xingrg/all/user/operate.html HTTP/1.1" 200 36
180.169.147.146 - - [02/Aug/2023:10:26:58 +0800] "GET /xingrg/index.html?sysBaseUrl=http%3A%2F%2F180.169.147.146%3A18081%2Fxingrg%2F&costTime=1983×tamp=1690943132295 HTTP/1.1" 200 17503
180.169.147.146 - - [02/Aug/2023:10:26:58 +0800] "GET /xingrg/javascript/jquery_easy_ui/themes/default/easyui.css HTTP/1.1" 304 -
180.169.147.146 - - [02/Aug/2023:10:26:58 +0800] "GET /xingrg/javascript/jquery_easy_ui/themes/icon.css HTTP/1.1" 304 -
180.169.147.146 - - [02/Aug/2023:10:26:58 +0800] "GET /xingrg/css/form.css HTTP/1.1" 304 -
180.169.147.146 - - [02/Aug/2023:10:26:58 +0800] "GET /xingrg/javascript/jquery-1.4.2.min.js HTTP/1.1" 304 -
180.169.147.146 - - [02/Aug/2023:10:26:58 +0800] "GET /xingrg/javascript/jquery_easy_ui/jquery.easyui.min.js HTTP/1.1" 304 -
180.169.147.146 - - [02/Aug/2023:10:26:58 +0800] "GET /xingrg/javascript/jquery_easy_ui/easyui-lang-zh_CN.js HTTP/1.1" 304 -
180.169.147.146 - - [02/Aug/2023:10:26:58 +0800] "GET /xingrg/javascript/jquery.form.js HTTP/1.1" 304 -
180.169.147.146 - - [02/Aug/2023:10:26:58 +0800] "GET /xingrg/javascript/jquery.utils.js HTTP/1.1" 304 -
180.169.147.146 - - [02/Aug/2023:10:26:58 +0800] "GET /xingrg/javascript/jquery.timers.js HTTP/1.1" 304 -
180.169.147.146 - - [02/Aug/2023:10:26:58 +0800] "GET /xingrg/images/blue/jxLogo.png HTTP/1.1" 304 -
180.169.147.146 - - [02/Aug/2023:10:26:58 +0800] "GET /xingrg/javascript/jquery_easy_ui/themes/icons/settle_new.png HTTP/1.1" 304 -
180.169.147.146 - - [02/Aug/2023:10:26:58 +0800] "GET /xingrg/images/blue/navBackgound.jpg HTTP/1.1" 304 -
180.169.147.146 - - [02/Aug/2023:10:26:59 +0800] "GET /xingrg/check_reg.html?_=1690943217797 HTTP/1.1" 200 22
180.169.147.146 - - [02/Aug/2023:10:26:59 +0800] "GET /xingrg/all/function/internal_message.html?_=1690943217796&CODE_STATE=count HTTP/1.1" 200 11
180.169.147.146 - - [02/Aug/2023:10:26:59 +0800] "GET /xingrg/javascript/jquery_easy_ui/themes/default/images/panel_tool_collapse.gif HTTP/1.1" 304 -
180.169.147.146 - - [02/Aug/2023:10:26:59 +0800] "GET /xingrg/images/blue/pingpu.png HTTP/1.1" 304 -
180.169.147.146 - - [02/Aug/2023:10:26:59 +0800] "GET /xingrg/javascript/jquery_easy_ui/themes/default/images/tabs_leftarrow.png HTTP/1.1" 304 -
180.169.147.146 - - [02/Aug/2023:10:26:59 +0800] "GET /xingrg/javascript/jquery_easy_ui/themes/default/images/tabs_rightarrow.png HTTP/1.1" 304 -
180.169.147.146 - - [02/Aug/2023:10:26:59 +0800] "GET /xingrg/javascript/jquery_easy_ui/themes/default/images/panel_tool_expand.gif HTTP/1.1" 304 -
180.169.147.146 - - [02/Aug/2023:10:26:59 +0800] "POST /xingrg/all/common/load_tree.html?tree=area_rest_tree_json&manage=1 HTTP/1.1" 200 2106
180.169.147.146 - - [02/Aug/2023:10:26:59 +0800] "POST /xingrg/load_menu.html HTTP/1.1" 200 9959
114.83.222.132 - - [02/Aug/2023:10:26:59 +0800] "GET /xingrg/all/function/internal_message.html?_=1690943220476&CODE_STATE=getMsg HTTP/1.1" 200 27
180.152.241.196 - - [02/Aug/2023:10:27:01 +0800] "GET /xingrg/all/function/internal_message.html?_=1690943225637&CODE_STATE=getMsg HTTP/1.1" 302 -
114.83.222.132 - - [02/Aug/2023:10:27:01 +0800] "GET /xingrg/kc/mdqp/qqps_order_list.html HTTP/1.1" 200 9222
114.83.222.132 - - [02/Aug/2023:10:27:01 +0800] "GET /xingrg/dwr/interface/AjaxReportQueryService.js HTTP/1.1" 200 13203
114.83.222.132 - - [02/Aug/2023:10:27:01 +0800] "GET /xingrg/dwr/interface/AjaxQqpsService.js HTTP/1.1" 200 16326
114.83.222.132 - - [02/Aug/2023:10:27:01 +0800] "GET /xingrg/dwr/engine.js HTTP/1.1" 200 43631
58.40.7.146 - - [02/Aug/2023:10:27:01 +0800] "GET /xingrg/all/function/internal_message.html?_=1690943221937&CODE_STATE=getMsg HTTP/1.1" 302 -
124.79.243.110 - - [02/Aug/2023:10:27:02 +0800] "GET /xingrg/all/function/internal_message.html?_=1690943510011&CODE_STATE=getMsg HTTP/1.1" 302 -
180.169.147.146 - - [02/Aug/2023:10:27:03 +0800] "GET /xingrg/kc/base/check_order_list.html HTTP/1.1" 200 16557
222.70.180.90 - - [02/Aug/2023:10:27:03 +0800] "GET /xingrg/all/function/internal_message.html?_=1690943224583&CODE_STATE=getMsg HTTP/1.1" 200 27
180.169.147.146 - - [02/Aug/2023:10:27:03 +0800] "POST /xingrg/kc/base/check_list_operate.html HTTP/1.1" 200 1557
114.83.217.26 - - [02/Aug/2023:10:27:03 +0800] "GET /xingrg/all/function/internal_message.html?_=1690943353880&CODE_STATE=getMsg HTTP/1.1" 302 -
114.83.222.132 - - [02/Aug/2023:10:27:04 +0800] "GET /xingrg/kc/mdqp/qqps_order_list.html?isQuery=1&timeSelect=1&orderTime=day&startTime=2023-08-01&endTime=2023-08-02&state=all&query=%C8%B7++%B6%A8 HTTP/1.1" 200 10990
114.83.222.132 - - [02/Aug/2023:10:27:05 +0800] "GET /xingrg/dwr/interface/AjaxQqpsService.js HTTP/1.1" 200 16326
114.83.222.132 - - [02/Aug/2023:10:27:05 +0800] "GET /xingrg/dwr/interface/AjaxReportQueryService.js HTTP/1.1" 200 13203
114.83.222.132 - - [02/Aug/2023:10:27:05 +0800] "GET /xingrg/dwr/engine.js HTTP/1.1" 200 43631
180.169.147.146 - - [02/Aug/2023:10:27:05 +0800] "GET /xingrg/kc/base/check_order_info.html?code=452023080100019 HTTP/1.1" 200 26560
180.169.147.146 - - [02/Aug/2023:10:27:05 +0800] "GET /xingrg/dwr/interface/AjaxComOrderService.js HTTP/1.1" 200 18264
180.169.147.146 - - [02/Aug/2023:10:27:05 +0800] "GET /xingrg/dwr/interface/AjaxCheckService.js HTTP/1.1" 200 14003
180.169.147.146 - - [02/Aug/2023:10:27:05 +0800] "GET /xingrg/dwr/engine.js HTTP/1.1" 200 43631
180.169.147.146 - - [02/Aug/2023:10:27:05 +0800] "GET /xingrg/all/function/internal_message.html?_=1690943225250&CODE_STATE=getMsg HTTP/1.1" 302 -
180.169.147.146 - - [02/Aug/2023:10:27:05 +0800] "POST /xingrg/dwr/call/plaincall/AjaxCheckService.loadOrderItems.dwr HTTP/1.1" 200 1662
180.169.147.146 - - [02/Aug/2023:10:27:08 +0800] "POST /xingrg/dwr/call/plaincall/AjaxCheckService.setItemNumber.dwr HTTP/1.1" 200 76
180.169.147.146 - - [02/Aug/2023:10:27:08 +0800] "POST /xingrg/dwr/call/plaincall/AjaxCheckService.setItemNumber.dwr HTTP/1.1" 200 76
114.83.222.132 - - [02/Aug/2023:10:27:10 +0800] "GET /xingrg/kc/base/wldb_order_list.html HTTP/1.1" 200 19183
114.83.222.132 - - [02/Aug/2023:10:27:11 +0800] "POST /xingrg/kc/base/wldb_list_operate.html HTTP/1.1" 200 928
114.83.222.132 - - [02/Aug/2023:10:27:14 +0800] "GET /xingrg/kc/base/wldb_order_add.html HTTP/1.1" 200 30466
114.83.222.132 - - [02/Aug/2023:10:27:14 +0800] "POST /xingrg/kc/base/wldb_order_operate.html HTTP/1.1" 200 6806
114.83.222.132 - - [02/Aug/2023:10:27:14 +0800] "GET /xingrg/javascript/easyui/themes/default/validatebox.css HTTP/1.1" 404 1104
180.169.147.146 - - [02/Aug/2023:10:27:17 +0800] "POST /xingrg/dwr/call/plaincall/AjaxCheckService.checkOrder.dwr HTTP/1.1" 200 78
114.83.222.132 - - [02/Aug/2023:10:27:26 +0800] "POST /xingrg/all/common/load_combo.html?type=base HTTP/1.1" 200 3409
101.83.145.37 - - [02/Aug/2023:10:27:27 +0800] "GET /xingrg/all/function/internal_message.html?_=1690943053885&CODE_STATE=getMsg HTTP/1.1" 200 27
124.78.155.92 - - [02/Aug/2023:10:27:27 +0800] "GET /xingrg/all/function/internal_message.html?_=1690943245545&CODE_STATE=getMsg HTTP/1.1" 200 27
180.152.241.196 - - [02/Aug/2023:10:27:27 +0800] "GET /xingrg/all/function/internal_message.html?_=1690943252539&CODE_STATE=getMsg HTTP/1.1" 200 27
116.230.117.43 - - [02/Aug/2023:10:27:28 +0800] "GET /xingrg/all/function/internal_message.html?_=1690943258083&CODE_STATE=getMsg HTTP/1.1" 302 -
114.83.222.132 - - [02/Aug/2023:10:27:29 +0800] "GET /xingrg/javascript/auto/indicator.gif HTTP/1.1" 404 1066
222.70.180.90 - - [02/Aug/2023:10:27:32 +0800] "GET /xingrg/all/function/internal_message.html?_=1690943251209&CODE_STATE=getMsg HTTP/1.1" 302 -
114.85.113.108 - - [02/Aug/2023:10:27:33 +0800] "GET /xingrg/all/function/internal_message.html?_=1690943250213&CODE_STATE=getMsg HTTP/1.1" 200 27
116.238.191.126 - - [02/Aug/2023:10:27:38 +0800] "GET /xingrg/all/function/internal_message.html?_=1690943136162&CODE_STATE=getMsg HTTP/1.1" 200 27
124.79.243.110 - - [02/Aug/2023:10:27:39 +0800] "GET /xingrg/all/function/internal_message.html?_=1690943258262&CODE_STATE=getMsg HTTP/1.1" 302 -
180.169.147.146 - - [02/Aug/2023:10:27:39 +0800] "GET /xingrg/all/function/internal_message.html?_=1690943259305&CODE_STATE=getMsg HTTP/1.1" 302 -
124.78.155.92 - - [02/Aug/2023:10:27:40 +0800] "GET /xingrg/kc/buy/buy_main.html HTTP/1.1" 200 12412
124.78.155.92 - - [02/Aug/2023:10:27:40 +0800] "GET /xingrg/css/new_ie.css HTTP/1.1" 404 1036
114.85.113.108 - - [02/Aug/2023:10:27:40 +0800] "GET /xingrg/kc/base/wldb_order_operate.html?command=get_materiel&rest_code=00145&base_code=0010284&code=00101028066 HTTP/1.1" 200 467
124.78.155.92 - - [02/Aug/2023:10:27:41 +0800] "GET /xingrg/images/yd/bt.gif HTTP/1.1" 404 1040
101.83.145.37 - - [02/Aug/2023:10:27:41 +0800] "GET /xingrg/check_reg.html?_=1690943261873 HTTP/1.1" 200 22
101.83.145.37 - - [02/Aug/2023:10:27:41 +0800] "GET /xingrg/all/function/internal_message.html?_=1690943261879&CODE_STATE=getMsg HTTP/1.1" 200 27
124.78.155.92 - - [02/Aug/2023:10:27:43 +0800] "GET /xingrg/kc/buy/cgsh_order_list.html HTTP/1.1" 200 55980
180.152.241.196 - - [02/Aug/2023:10:27:44 +0800] "GET /xingrg/all/function/internal_message.html?_=1690943264838&CODE_STATE=getMsg HTTP/1.1" 302 -
116.232.195.127 - - [02/Aug/2023:10:27:45 +0800] "GET /xingrg/all/function/internal_message.html?_=1690943205719&CODE_STATE=getMsg HTTP/1.1" 302 -
124.78.155.92 - - [02/Aug/2023:10:27:48 +0800] "POST /xingrg/kc/buy/cgsh_list_operate.html HTTP/1.1" 200 2285
124.78.155.92 - - [02/Aug/2023:10:27:51 +0800] "POST /xingrg/kc/buy/cgsh_list_operate.html HTTP/1.1" 200 572
124.78.155.92 - - [02/Aug/2023:10:27:53 +0800] "GET /xingrg/kc/buy/cgsh_order_info.html?code=212023080200439 HTTP/1.1" 200 71761
124.78.155.92 - - [02/Aug/2023:10:27:53 +0800] "GET /xingrg/words/20230802092544_words.js HTTP/1.1" 304 -
124.78.155.92 - - [02/Aug/2023:10:27:53 +0800] "GET /xingrg/javascript/easyui/themes/default/validatebox.css HTTP/1.1" 404 1104
124.78.155.92 - - [02/Aug/2023:10:27:54 +0800] "GET /xingrg/all/common/auto_word.html?type=employee&rest_code=00106 HTTP/1.1" 200 205
124.78.155.92 - - [02/Aug/2023:10:27:54 +0800] "GET /xingrg/all/common/auto_word.html?type=employee&rest_code=00106 HTTP/1.1" 200 205
180.169.147.146 - - [02/Aug/2023:10:27:54 +0800] "GET /xingrg/all/function/internal_message.html?_=1690943272339&CODE_STATE=getMsg HTTP/1.1" 302 -
124.78.155.92 - - [02/Aug/2023:10:27:55 +0800] "POST /xingrg/kc/buy/cgsh_order_operate.html HTTP/1.1" 200 12169
222.70.180.90 - - [02/Aug/2023:10:27:56 +0800] "GET /xingrg/all/function/internal_message.html?_=1690943275326&CODE_STATE=getMsg HTTP/1.1" 302 -
222.64.144.188 - - [02/Aug/2023:10:27:58 +0800] "GET /xingrg/all/function/internal_message.html?_=1690943278214&CODE_STATE=getMsg HTTP/1.1" 302 -
114.83.222.132 - - [02/Aug/2023:10:27:59 +0800] "GET /xingrg/all/function/internal_message.html?_=1690943280446&CODE_STATE=getMsg HTTP/1.1" 200 27
114.83.222.132 - - [02/Aug/2023:10:28:00 +0800] "POST /xingrg/kc/base/wldb_order_operate.html HTTP/1.1" 200 37
180.152.241.196 - - [02/Aug/2023:10:28:01 +0800] "GET /xingrg/all/function/internal_message.html?_=1690943285622&CODE_STATE=getMsg HTTP/1.1" 302 -
58.40.7.146 - - [02/Aug/2023:10:28:01 +0800] "GET /xingrg/all/function/internal_message.html?_=1690943281939&CODE_STATE=getMsg HTTP/1.1" 302 -
124.79.243.110 - - [02/Aug/2023:10:28:02 +0800] "GET /xingrg/all/function/internal_message.html?_=1690943570006&CODE_STATE=getMsg HTTP/1.1" 302 -
124.78.155.92 - - [02/Aug/2023:10:28:02 +0800] "POST /xingrg/kc/buy/cgsh_order_operate.html HTTP/1.1" 200 37
222.70.180.90 - - [02/Aug/2023:10:28:03 +0800] "GET /xingrg/all/function/internal_message.html?_=1690943284584&CODE_STATE=getMsg HTTP/1.1" 200 27
114.83.217.26 - - [02/Aug/2023:10:28:03 +0800] "GET /xingrg/all/function/internal_message.html?_=1690943413879&CODE_STATE=getMsg HTTP/1.1" 302 -
180.169.147.146 - - [02/Aug/2023:10:28:05 +0800] "GET /xingrg/all/function/internal_message.html?_=1690943285254&CODE_STATE=getMsg HTTP/1.1" 302 -
116.230.117.43 - - [02/Aug/2023:10:28:07 +0800] "GET /xingrg/check_reg.html?_=1690943297327 HTTP/1.1" 302 -
114.83.222.132 - - [02/Aug/2023:10:28:08 +0800] "POST /xingrg/kc/base/wldb_order_operate.html HTTP/1.1" 200 12
114.83.222.132 - - [02/Aug/2023:10:28:08 +0800] "POST /xingrg/kc/base/wldb_order_operate.html HTTP/1.1" 200 3229
114.85.113.108 - - [02/Aug/2023:10:28:11 +0800] "GET /xingrg/kc/base/wldb_order_operate.html?command=get_materiel&rest_code=00145&base_code=0010284&code=00101028067 HTTP/1.1" 200 455
114.83.222.132 - - [02/Aug/2023:10:28:15 +0800] "GET /xingrg/kc/base/wldb_order_info.html?code=422023080200142 HTTP/1.1" 200 26344
114.83.222.132 - - [02/Aug/2023:10:28:16 +0800] "GET /xingrg/words/20230802092544_words.js HTTP/1.1" 304 -
114.83.222.132 - - [02/Aug/2023:10:28:16 +0800] "GET /xingrg/javascript/easyui/themes/default/validatebox.css HTTP/1.1" 404 1104
114.83.222.132 - - [02/Aug/2023:10:28:16 +0800] "POST /xingrg/kc/base/wldb_order_operate.html HTTP/1.1" 200 1503
114.85.113.108 - - [02/Aug/2023:10:28:19 +0800] "POST /xingrg/kc/base/wldb_order_operate.html HTTP/1.1" 200 1710
124.78.155.92 - - [02/Aug/2023:10:28:19 +0800] "POST /xingrg/kc/buy/cgsh_order_operate.html HTTP/1.1" 200 12
114.83.222.132 - - [02/Aug/2023:10:28:25 +0800] "GET /xingrg/kc/base/wldb_order_add.html HTTP/1.1" 200 30466
124.78.155.92 - - [02/Aug/2023:10:28:25 +0800] "GET /xingrg/kc/buy/cgsh_order_info.html?code=212023080200439 HTTP/1.1" 200 66663
114.83.222.132 - - [02/Aug/2023:10:28:25 +0800] "POST /xingrg/kc/base/wldb_order_operate.html HTTP/1.1" 200 6806
114.83.222.132 - - [02/Aug/2023:10:28:26 +0800] "GET /xingrg/javascript/easyui/themes/default/validatebox.css HTTP/1.1" 404 1104
124.78.155.92 - - [02/Aug/2023:10:28:26 +0800] "GET /xingrg/javascript/easyui/themes/default/validatebox.css HTTP/1.1" 404 1104
114.83.222.132 - - [02/Aug/2023:10:28:27 +0800] "POST /xingrg/all/common/load_combo.html?type=base HTTP/1.1" 200 3409
124.78.155.92 - - [02/Aug/2023:10:28:27 +0800] "POST /xingrg/kc/buy/cgsh_order_operate.html HTTP/1.1" 200 10114
101.83.145.37 - - [02/Aug/2023:10:28:27 +0800] "GET /xingrg/all/function/internal_message.html?_=1690943113868&CODE_STATE=getMsg HTTP/1.1" 200 27
124.78.155.92 - - [02/Aug/2023:10:28:27 +0800] "GET /xingrg/all/function/internal_message.html?_=1690943305546&CODE_STATE=getMsg HTTP/1.1" 200 27
180.152.241.196 - - [02/Aug/2023:10:28:27 +0800] "GET /xingrg/all/function/internal_message.html?_=1690943312545&CODE_STATE=getMsg HTTP/1.1" 200 27
116.230.117.43 - - [02/Aug/2023:10:28:28 +0800] "GET /xingrg/all/function/internal_message.html?_=1690943318085&CODE_STATE=getMsg HTTP/1.1" 302 -
222.70.180.90 - - [02/Aug/2023:10:28:32 +0800] "GET /xingrg/all/function/internal_message.html?_=1690943311234&CODE_STATE=getMsg HTTP/1.1" 302 -
114.85.113.108 - - [02/Aug/2023:10:28:33 +0800] "GET /xingrg/all/function/internal_message.html?_=1690943310202&CODE_STATE=getMsg HTTP/1.1" 200 27
116.238.191.126 - - [02/Aug/2023:10:28:37 +0800] "GET /xingrg/check_reg.html?_=1690943196012 HTTP/1.1" 200 22
116.238.191.126 - - [02/Aug/2023:10:28:38 +0800] "GET /xingrg/all/function/internal_message.html?_=1690943196176&CODE_STATE=getMsg HTTP/1.1" 200 27
124.79.243.110 - - [02/Aug/2023:10:28:39 +0800] "GET /xingrg/all/function/internal_message.html?_=1690943318246&CODE_STATE=getMsg HTTP/1.1" 302 -
180.169.147.146 - - [02/Aug/2023:10:28:39 +0800] "GET /xingrg/all/function/internal_message.html?_=1690943319300&CODE_STATE=getMsg HTTP/1.1" 302 -
114.83.222.132 - - [02/Aug/2023:10:28:40 +0800] "GET /xingrg/kc/base/wldb_order_operate.html?command=get_materiel&rest_code=00149&base_code=0010394&code=00101019132 HTTP/1.1" 200 472
114.85.113.108 - - [02/Aug/2023:10:28:40 +0800] "GET /xingrg/kc/base/wldb_order_operate.html?command=get_materiel&rest_code=00145&base_code=0010284&code=00101029002 HTTP/1.1" 200 471
101.83.145.37 - - [02/Aug/2023:10:28:41 +0800] "GET /xingrg/all/function/internal_message.html?_=1690943321878&CODE_STATE=getMsg HTTP/1.1" 200 27
180.152.241.196 - - [02/Aug/2023:10:28:44 +0800] "GET /xingrg/all/function/internal_message.html?_=1690943324833&CODE_STATE=getMsg HTTP/1.1" 302 -
124.78.155.92 - - [02/Aug/2023:10:28:44 +0800] "GET /xingrg/kc/print/load_config.html?kc_code=cgsh HTTP/1.1" 200 1924
124.78.155.92 - - [02/Aug/2023:10:28:45 +0800] "GET /xingrg/kc/print/load_data.html?order_code=212023080200439&kc_code=cgsh&condition= HTTP/1.1" 200 4290
116.232.195.127 - - [02/Aug/2023:10:28:45 +0800] "GET /xingrg/all/function/internal_message.html?_=1690943265697&CODE_STATE=getMsg HTTP/1.1" 302 -
124.78.155.92 - - [02/Aug/2023:10:28:50 +0800] "GET /xingrg/kc/print/load_data.html?order_code=212023080200439&kc_code=cgsh HTTP/1.1" 200 4290
116.238.191.126 - - [02/Aug/2023:10:28:52 +0800] "GET /xingrg/kc/base/wldb_order_list.html HTTP/1.1" 200 19183
116.238.191.126 - - [02/Aug/2023:10:28:52 +0800] "POST /xingrg/kc/base/wldb_list_operate.html HTTP/1.1" 200 928
114.83.222.132 - - [02/Aug/2023:10:28:53 +0800] "GET /xingrg/check_reg.html?_=1690943334722 HTTP/1.1" 200 22
180.169.147.146 - - [02/Aug/2023:10:28:54 +0800] "GET /xingrg/all/function/internal_message.html?_=1690943332339&CODE_STATE=getMsg HTTP/1.1" 302 -
180.169.147.146 - - [02/Aug/2023:10:28:54 +0800] "GET /xingrg/check_reg.html?_=1690943332342 HTTP/1.1" 302 -
114.83.222.132 - - [02/Aug/2023:10:28:55 +0800] "POST /xingrg/kc/base/wldb_order_operate.html HTTP/1.1" 200 37
222.70.180.90 - - [02/Aug/2023:10:28:56 +0800] "GET /xingrg/all/function/internal_message.html?_=1690943335311&CODE_STATE=getMsg HTTP/1.1" 302 -
114.85.113.108 - - [02/Aug/2023:10:28:58 +0800] "GET /xingrg/kc/base/wldb_order_operate.html?command=get_materiel&rest_code=00145&base_code=0010284&code=00101029003 HTTP/1.1" 200 474
222.70.180.90 - - [02/Aug/2023:10:28:58 +0800] "GET /xingrg/check_reg.html?_=1690943337341 HTTP/1.1" 302 -
222.64.144.188 - - [02/Aug/2023:10:28:58 +0800] "GET /xingrg/all/function/internal_message.html?_=1690943338216&CODE_STATE=getMsg HTTP/1.1" 302 -
114.83.222.132 - - [02/Aug/2023:10:28:59 +0800] "GET /xingrg/all/function/internal_message.html?_=1690943340438&CODE_STATE=getMsg HTTP/1.1" 200 27
180.152.241.196 - - [02/Aug/2023:10:29:01 +0800] "GET /xingrg/all/function/internal_message.html?_=1690943345606&CODE_STATE=getMsg HTTP/1.1" 302 -
58.40.7.146 - - [02/Aug/2023:10:29:01 +0800] "GET /xingrg/all/function/internal_message.html?_=1690943341940&CODE_STATE=getMsg HTTP/1.1" 302 -
58.40.7.146 - - [02/Aug/2023:10:29:01 +0800] "GET /xingrg/check_reg.html?_=1690943341942 HTTP/1.1" 302 -
124.79.243.110 - - [02/Aug/2023:10:29:01 +0800] "GET /xingrg/all/function/internal_message.html?_=1690943629983&CODE_STATE=getMsg HTTP/1.1" 302 -
114.83.222.132 - - [02/Aug/2023:10:29:02 +0800] "POST /xingrg/kc/base/wldb_order_operate.html HTTP/1.1" 200 12
114.83.222.132 - - [02/Aug/2023:10:29:03 +0800] "POST /xingrg/kc/base/wldb_order_operate.html HTTP/1.1" 200 2213
222.70.180.90 - - [02/Aug/2023:10:29:03 +0800] "GET /xingrg/check_reg.html?_=1690943344590 HTTP/1.1" 200 22
222.70.180.90 - - [02/Aug/2023:10:29:03 +0800] "GET /xingrg/all/function/internal_message.html?_=1690943344585&CODE_STATE=getMsg HTTP/1.1" 200 27
114.83.217.26 - - [02/Aug/2023:10:29:03 +0800] "GET /xingrg/all/function/internal_message.html?_=1690943473881&CODE_STATE=getMsg HTTP/1.1" 302 -
114.83.222.132 - - [02/Aug/2023:10:29:04 +0800] "GET /xingrg/kc/base/wldb_order_info.html?code=422023080200143 HTTP/1.1" 200 26343
116.238.191.126 - - [02/Aug/2023:10:29:04 +0800] "GET /xingrg/kc/base/wldb_order_add.html HTTP/1.1" 200 30474
116.238.191.126 - - [02/Aug/2023:10:29:04 +0800] "POST /xingrg/kc/base/wldb_order_operate.html HTTP/1.1" 200 6806
114.83.222.132 - - [02/Aug/2023:10:29:04 +0800] "GET /xingrg/javascript/easyui/themes/default/validatebox.css HTTP/1.1" 404 1104
116.238.191.126 - - [02/Aug/2023:10:29:05 +0800] "GET /xingrg/all/common/auto_word.html?type=base&rest_code=00150 HTTP/1.1" 200 1853
116.238.191.126 - - [02/Aug/2023:10:29:05 +0800] "GET /xingrg/all/common/auto_word.html?type=base&rest_code=00150 HTTP/1.1" 200 1853
116.238.191.126 - - [02/Aug/2023:10:29:05 +0800] "GET /xingrg/javascript/easyui/themes/default/validatebox.css HTTP/1.1" 404 1104
180.169.147.146 - - [02/Aug/2023:10:29:05 +0800] "GET /xingrg/all/function/internal_message.html?_=1690943345249&CODE_STATE=getMsg HTTP/1.1" 302 -
114.83.222.132 - - [02/Aug/2023:10:29:05 +0800] "POST /xingrg/kc/base/wldb_order_operate.html HTTP/1.1" 200 508
116.238.191.126 - - [02/Aug/2023:10:29:06 +0800] "POST /xingrg/all/common/load_combo.html?type=base HTTP/1.1" 200 3318
114.83.222.132 - - [02/Aug/2023:10:29:07 +0800] "GET /xingrg/kc/base/wldb_order_add.html HTTP/1.1" 200 30466
114.83.222.132 - - [02/Aug/2023:10:29:08 +0800] "POST /xingrg/kc/base/wldb_order_operate.html HTTP/1.1" 200 6806
114.83.222.132 - - [02/Aug/2023:10:29:08 +0800] "GET /xingrg/javascript/easyui/themes/default/validatebox.css HTTP/1.1" 404 1104
114.83.222.132 - - [02/Aug/2023:10:29:12 +0800] "POST /xingrg/all/common/load_combo.html?type=base HTTP/1.1" 200 3409
114.83.222.132 - - [02/Aug/2023:10:29:21 +0800] "GET /xingrg/kc/base/wldb_order_operate.html?command=get_materiel&rest_code=00149&base_code=0010394&code=00101013225 HTTP/1.1" 200 449
101.83.145.37 - - [02/Aug/2023:10:29:27 +0800] "GET /xingrg/all/function/internal_message.html?_=1690943173848&CODE_STATE=getMsg HTTP/1.1" 200 27
124.78.155.92 - - [02/Aug/2023:10:29:27 +0800] "GET /xingrg/check_reg.html?_=1690943365540 HTTP/1.1" 200 22
124.78.155.92 - - [02/Aug/2023:10:29:27 +0800] "GET /xingrg/all/function/internal_message.html?_=1690943365544&CODE_STATE=getMsg HTTP/1.1" 200 27
180.152.241.196 - - [02/Aug/2023:10:29:27 +0800] "GET /xingrg/all/function/internal_message.html?_=1690943372553&CODE_STATE=getMsg HTTP/1.1" 200 27
180.152.241.196 - - [02/Aug/2023:10:29:27 +0800] "GET /xingrg/check_reg.html?_=1690943372550 HTTP/1.1" 200 22
116.230.117.43 - - [02/Aug/2023:10:29:28 +0800] "GET /xingrg/all/function/internal_message.html?_=1690943378232&CODE_STATE=getMsg HTTP/1.1" 302 -
222.70.180.90 - - [02/Aug/2023:10:29:32 +0800] "GET /xingrg/all/function/internal_message.html?_=1690943371232&CODE_STATE=getMsg HTTP/1.1" 302 -
114.83.222.132 - - [02/Aug/2023:10:29:32 +0800] "POST /xingrg/kc/base/wldb_order_operate.html HTTP/1.1" 200 37
114.85.113.108 - - [02/Aug/2023:10:29:33 +0800] "GET /xingrg/all/function/internal_message.html?_=1690943370217&CODE_STATE=getMsg HTTP/1.1" 200 27
180.169.147.146 - - [02/Aug/2023:10:29:34 +0800] "GET /xingrg/all/function/internal_message.html?_=1690943371258&CODE_STATE=getMsg HTTP/1.1" 200 27
180.169.147.146 - - [02/Aug/2023:10:29:34 +0800] "GET /xingrg/check_reg.html?_=1690943371259 HTTP/1.1" 200 22
180.169.147.146 - - [02/Aug/2023:10:29:36 +0800] "POST /xingrg/kc/buy/cgsh_list_operate.html HTTP/1.1" 200 986
116.238.191.126 - - [02/Aug/2023:10:29:37 +0800] "GET /xingrg/kc/base/wldb_order_operate.html?command=get_materiel&rest_code=00150&base_code=0010445&code=00101016044 HTTP/1.1" 200 466
116.238.191.126 - - [02/Aug/2023:10:29:38 +0800] "GET /xingrg/all/function/internal_message.html?_=1690943256189&CODE_STATE=getMsg HTTP/1.1" 200 27
124.79.243.110 - - [02/Aug/2023:10:29:39 +0800] "GET /xingrg/all/function/internal_message.html?_=1690943378220&CODE_STATE=getMsg HTTP/1.1" 302 -
180.169.147.146 - - [02/Aug/2023:10:29:39 +0800] "GET /xingrg/all/function/internal_message.html?_=1690943379301&CODE_STATE=getMsg HTTP/1.1" 302 -
180.169.147.146 - - [02/Aug/2023:10:29:39 +0800] "GET /xingrg/check_reg.html?_=1690943379302 HTTP/1.1" 302 -
114.85.113.108 - - [02/Aug/2023:10:29:39 +0800] "GET /xingrg/kc/base/wldb_order_operate.html?command=get_materiel&rest_code=00145&base_code=0010284&code=00101029009 HTTP/1.1" 200 479
114.83.222.132 - - [02/Aug/2023:10:29:39 +0800] "POST /xingrg/kc/base/wldb_order_operate.html HTTP/1.1" 200 12
114.83.222.132 - - [02/Aug/2023:10:29:39 +0800] "POST /xingrg/kc/base/wldb_order_operate.html HTTP/1.1" 200 2192
101.83.145.37 - - [02/Aug/2023:10:29:40 +0800] "GET /xingrg/kc/base/wldb_order_operate.html?command=get_materiel&rest_code=00105&base_code=0010507&code=00101019071 HTTP/1.1" 200 471
101.83.145.37 - - [02/Aug/2023:10:29:41 +0800] "GET /xingrg/all/function/internal_message.html?_=1690943381878&CODE_STATE=getMsg HTTP/1.1" 200 27
114.83.222.132 - - [02/Aug/2023:10:29:42 +0800] "GET /xingrg/kc/base/wldb_order_info.html?code=422023080200144 HTTP/1.1" 200 26346
114.83.222.132 - - [02/Aug/2023:10:29:43 +0800] "GET /xingrg/javascript/easyui/themes/default/validatebox.css HTTP/1.1" 404 1104
114.83.222.132 - - [02/Aug/2023:10:29:43 +0800] "POST /xingrg/kc/base/wldb_order_operate.html HTTP/1.1" 200 486
180.152.241.196 - - [02/Aug/2023:10:29:44 +0800] "GET /xingrg/all/function/internal_message.html?_=1690943384846&CODE_STATE=getMsg HTTP/1.1" 302 -
180.152.241.196 - - [02/Aug/2023:10:29:44 +0800] "GET /xingrg/check_reg.html?_=1690943384846 HTTP/1.1" 302 -
116.232.195.127 - - [02/Aug/2023:10:29:45 +0800] "GET /xingrg/all/function/internal_message.html?_=1690943325684&CODE_STATE=getMsg HTTP/1.1" 302 -
116.238.191.126 - - [02/Aug/2023:10:29:45 +0800] "GET /xingrg/kc/base/wldb_order_operate.html?command=get_materiel&rest_code=00150&base_code=0010445&code=00101019133 HTTP/1.1" 200 480
114.83.222.132 - - [02/Aug/2023:10:29:46 +0800] "GET /xingrg/kc/base/wldb_order_add.html HTTP/1.1" 200 30466
114.83.222.132 - - [02/Aug/2023:10:29:46 +0800] "POST /xingrg/kc/base/wldb_order_operate.html HTTP/1.1" 200 6806
114.83.222.132 - - [02/Aug/2023:10:29:46 +0800] "GET /xingrg/javascript/easyui/themes/default/validatebox.css HTTP/1.1" 404 1104
114.83.222.132 - - [02/Aug/2023:10:29:48 +0800] "POST /xingrg/all/common/load_combo.html?type=base HTTP/1.1" 200 3409
114.83.222.132 - - [02/Aug/2023:10:29:54 +0800] "POST /xingrg/all/common/load_combo.html?type=base HTTP/1.1" 200 3409
180.169.147.146 - - [02/Aug/2023:10:29:54 +0800] "GET /xingrg/all/function/internal_message.html?_=1690943392373&CODE_STATE=getMsg HTTP/1.1" 302 -
116.238.191.126 - - [02/Aug/2023:10:29:54 +0800] "GET /xingrg/kc/base/wldb_order_operate.html?command=get_materiel&rest_code=00150&base_code=0010445&code=00101019258 HTTP/1.1" 200 482
222.70.180.90 - - [02/Aug/2023:10:29:56 +0800] "GET /xingrg/all/function/internal_message.html?_=1690943395282&CODE_STATE=getMsg HTTP/1.1" 302 -
124.79.243.110 - - [02/Aug/2023:10:29:58 +0800] "GET /xingrg/check_reg.html?_=1690943686114 HTTP/1.1" 302 -
222.64.144.188 - - [02/Aug/2023:10:29:58 +0800] "GET /xingrg/all/function/internal_message.html?_=1690943398202&CODE_STATE=getMsg HTTP/1.1" 302 -
114.83.222.132 - - [02/Aug/2023:10:29:59 +0800] "GET /xingrg/all/function/internal_message.html?_=1690943400431&CODE_STATE=getMsg HTTP/1.1" 200 27
116.232.195.127 - - [02/Aug/2023:10:29:59 +0800] "GET /xingrg/check_reg.html?_=1690943340115 HTTP/1.1" 302 -
114.85.113.108 - - [02/Aug/2023:10:30:00 +0800] "GET /xingrg/kc/base/wldb_order_operate.html?command=get_materiel&rest_code=00145&base_code=0010284&code=00101029011 HTTP/1.1" 200 481
101.80.225.121 - - [02/Aug/2023:10:30:00 +0800] "POST /xingrg/services/DataTransmitService HTTP/1.1" 200 524
101.80.225.121 - - [02/Aug/2023:10:30:01 +0800] "POST /xingrg/services/DataTransmitService HTTP/1.1" 200 2055
180.152.241.196 - - [02/Aug/2023:10:30:01 +0800] "GET /xingrg/all/function/internal_message.html?_=1690943405591&CODE_STATE=getMsg HTTP/1.1" 302 -
124.79.243.110 - - [02/Aug/2023:10:30:01 +0800] "GET /xingrg/all/function/internal_message.html?_=1690943689955&CODE_STATE=getMsg HTTP/1.1" 302 -
58.40.7.146 - - [02/Aug/2023:10:30:01 +0800] "GET /xingrg/all/function/internal_message.html?_=1690943401946&CODE_STATE=getMsg HTTP/1.1" 302 -
101.80.225.121 - - [02/Aug/2023:10:30:02 +0800] "POST /xingrg/services/DataTransmitService HTTP/1.1" 200 106532
101.83.145.37 - - [02/Aug/2023:10:30:02 +0800] "GET /xingrg/kc/base/wldb_order_operate.html?command=get_materiel&rest_code=00105&base_code=0010507&code=00101019175 HTTP/1.1" 200 438
222.70.180.90 - - [02/Aug/2023:10:30:03 +0800] "GET /xingrg/all/function/internal_message.html?_=1690943404590&CODE_STATE=getMsg HTTP/1.1" 200 27
114.83.217.26 - - [02/Aug/2023:10:30:03 +0800] "GET /xingrg/check_reg.html?_=1690943533874 HTTP/1.1" 302 -
114.83.217.26 - - [02/Aug/2023:10:30:03 +0800] "GET /xingrg/all/function/internal_message.html?_=1690943533875&CODE_STATE=getMsg HTTP/1.1" 302 -
180.169.147.146 - - [02/Aug/2023:10:30:05 +0800] "GET /xingrg/all/function/internal_message.html?_=1690943405239&CODE_STATE=getMsg HTTP/1.1" 302 -
114.83.222.132 - - [02/Aug/2023:10:30:06 +0800] "GET /xingrg/kc/base/wldb_order_operate.html?command=get_materiel&rest_code=00149&base_code=0010436&code=00101014041 HTTP/1.1" 200 433
116.238.191.126 - - [02/Aug/2023:10:30:06 +0800] "GET /xingrg/kc/base/wldb_order_operate.html?command=get_materiel&rest_code=00150&base_code=0010445&code=00101019267 HTTP/1.1" 200 479
180.169.147.146 - - [02/Aug/2023:10:30:11 +0800] "GET /xingrg/all/function/internal_message.html?_=1690943409824&CODE_STATE=getMsg HTTP/1.1" 200 27
180.169.147.146 - - [02/Aug/2023:10:30:11 +0800] "GET /xingrg/kc/base/check_order_info.html?code=452023080100019 HTTP/1.1" 200 23122
180.169.147.146 - - [02/Aug/2023:10:30:11 +0800] "GET /xingrg/dwr/interface/AjaxComOrderService.js HTTP/1.1" 200 18264
180.169.147.146 - - [02/Aug/2023:10:30:11 +0800] "GET /xingrg/dwr/interface/AjaxCheckService.js HTTP/1.1" 200 14003
180.169.147.146 - - [02/Aug/2023:10:30:11 +0800] "GET /xingrg/dwr/util.js HTTP/1.1" 304 -
180.169.147.146 - - [02/Aug/2023:10:30:11 +0800] "GET /xingrg/dwr/engine.js HTTP/1.1" 200 43631
180.169.147.146 - - [02/Aug/2023:10:30:11 +0800] "POST /xingrg/dwr/call/plaincall/AjaxCheckService.loadOrderItems.dwr HTTP/1.1" 200 952
101.80.225.121 - - [02/Aug/2023:10:30:12 +0800] "POST /xingrg/services/DataTransmitService HTTP/1.1" 200 524
101.80.225.121 - - [02/Aug/2023:10:30:13 +0800] "POST /xingrg/services/DataTransmitService HTTP/1.1" 200 497
101.83.145.37 - - [02/Aug/2023:10:30:15 +0800] "GET /xingrg/kc/base/wldb_order_operate.html?command=get_materiel&rest_code=00105&base_code=0010507&code=00101019258 HTTP/1.1" 200 483
116.238.191.126 - - [02/Aug/2023:10:30:17 +0800] "GET /xingrg/kc/base/wldb_order_operate.html?command=get_materiel&rest_code=00150&base_code=0010445&code=00101019185 HTTP/1.1" 200 469
114.83.222.132 - - [02/Aug/2023:10:30:17 +0800] "POST /xingrg/kc/base/wldb_order_operate.html HTTP/1.1" 200 37
114.85.113.108 - - [02/Aug/2023:10:30:23 +0800] "GET /xingrg/kc/base/wldb_order_operate.html?command=get_materiel&rest_code=00145&base_code=0010284&code=00101029022 HTTP/1.1" 200 473
114.83.222.132 - - [02/Aug/2023:10:30:24 +0800] "POST /xingrg/kc/base/wldb_order_operate.html HTTP/1.1" 200 12
114.83.222.132 - - [02/Aug/2023:10:30:24 +0800] "POST /xingrg/kc/base/wldb_order_operate.html HTTP/1.1" 200 2183
114.83.222.132 - - [02/Aug/2023:10:30:25 +0800] "GET /xingrg/kc/base/wldb_order_info.html?code=422023080200145 HTTP/1.1" 200 26344
114.83.222.132 - - [02/Aug/2023:10:30:26 +0800] "GET /xingrg/javascript/easyui/themes/default/validatebox.css HTTP/1.1" 404 1104
116.238.191.126 - - [02/Aug/2023:10:30:26 +0800] "GET /xingrg/kc/base/wldb_order_operate.html?command=get_materiel&rest_code=00150&base_code=0010445&code=00101019164 HTTP/1.1" 200 466
114.83.222.132 - - [02/Aug/2023:10:30:26 +0800] "POST /xingrg/kc/base/wldb_order_operate.html HTTP/1.1" 200 478
101.83.145.37 - - [02/Aug/2023:10:30:27 +0800] "GET /xingrg/all/function/internal_message.html?_=1690943233829&CODE_STATE=getMsg HTTP/1.1" 200 27
124.78.155.92 - - [02/Aug/2023:10:30:27 +0800] "GET /xingrg/all/function/internal_message.html?_=1690943425548&CODE_STATE=getMsg HTTP/1.1" 200 27
180.152.241.196 - - [02/Aug/2023:10:30:27 +0800] "GET /xingrg/all/function/internal_message.html?_=1690943432557&CODE_STATE=getMsg HTTP/1.1" 200 27
114.85.113.108 - - [02/Aug/2023:10:30:27 +0800] "POST /xingrg/kc/base/wldb_order_operate.html HTTP/1.1" 200 1710
116.230.117.43 - - [02/Aug/2023:10:30:28 +0800] "GET /xingrg/all/function/internal_message.html?_=1690943438237&CODE_STATE=getMsg HTTP/1.1" 302 -
222.70.180.90 - - [02/Aug/2023:10:30:32 +0800] "GET /xingrg/all/function/internal_message.html?_=1690943431228&CODE_STATE=getMsg HTTP/1.1" 302 -
114.85.113.108 - - [02/Aug/2023:10:30:33 +0800] "GET /xingrg/kc/base/wldb_order_operate.html?command=get_materiel&rest_code=00145&base_code=0010284&code=00101029023 HTTP/1.1" 200 477
114.85.113.108 - - [02/Aug/2023:10:30:33 +0800] "GET /xingrg/check_reg.html?_=1690943430213 HTTP/1.1" 200 22
114.85.113.108 - - [02/Aug/2023:10:30:33 +0800] "GET /xingrg/all/function/internal_message.html?_=1690943430215&CODE_STATE=getMsg HTTP/1.1" 200 27
180.169.147.146 - - [02/Aug/2023:10:30:34 +0800] "GET /xingrg/all/function/internal_message.html?_=1690943431236&CODE_STATE=getMsg HTTP/1.1" 200 27
116.238.191.126 - - [02/Aug/2023:10:30:38 +0800] "GET /xingrg/all/function/internal_message.html?_=1690943316204&CODE_STATE=getMsg HTTP/1.1" 200 27
124.79.243.110 - - [02/Aug/2023:10:30:39 +0800] "GET /xingrg/all/function/internal_message.html?_=1690943438198&CODE_STATE=getMsg HTTP/1.1" 302 -
180.169.147.146 - - [02/Aug/2023:10:30:39 +0800] "GET /xingrg/all/function/internal_message.html?_=1690943439302&CODE_STATE=getMsg HTTP/1.1" 302 -
101.83.145.37 - - [02/Aug/2023:10:30:41 +0800] "GET /xingrg/all/function/internal_message.html?_=1690943441879&CODE_STATE=getMsg HTTP/1.1" 200 27
180.152.241.196 - - [02/Aug/2023:10:30:44 +0800] "GET /xingrg/all/function/internal_message.html?_=1690943444845&CODE_STATE=getMsg HTTP/1.1" 302 -
116.232.195.127 - - [02/Aug/2023:10:30:45 +0800] "GET /xingrg/all/function/internal_message.html?_=1690943385672&CODE_STATE=getMsg HTTP/1.1" 302 -
114.85.113.108 - - [02/Aug/2023:10:30:52 +0800] "GET /xingrg/kc/base/wldb_order_operate.html?command=get_materiel&rest_code=00145&base_code=0010284&code=00101029025 HTTP/1.1" 200 464
180.169.147.146 - - [02/Aug/2023:10:30:54 +0800] "GET /xingrg/all/function/internal_message.html?_=1690943452373&CODE_STATE=getMsg HTTP/1.1" 302 -
222.70.180.90 - - [02/Aug/2023:10:30:56 +0800] "GET /xingrg/all/function/internal_message.html?_=1690943455266&CODE_STATE=getMsg HTTP/1.1" 302 -
222.64.144.188 - - [02/Aug/2023:10:30:58 +0800] "GET /xingrg/all/function/internal_message.html?_=1690943458203&CODE_STATE=getMsg HTTP/1.1" 302 -
114.83.222.132 - - [02/Aug/2023:10:30:59 +0800] "GET /xingrg/all/function/internal_message.html?_=1690943460406&CODE_STATE=getMsg HTTP/1.1" 200 27
180.152.241.196 - - [02/Aug/2023:10:31:01 +0800] "GET /xingrg/all/function/internal_message.html?_=1690943465575&CODE_STATE=getMsg HTTP/1.1" 302 -
124.79.243.110 - - [02/Aug/2023:10:31:01 +0800] "GET /xingrg/check_reg.html?_=1690943460619 HTTP/1.1" 302 -
124.79.243.110 - - [02/Aug/2023:10:31:01 +0800] "GET /xingrg/all/function/internal_message.html?_=1690943749923&CODE_STATE=getMsg HTTP/1.1" 302 -
58.40.7.146 - - [02/Aug/2023:10:31:01 +0800] "GET /xingrg/all/function/internal_message.html?_=1690943461933&CODE_STATE=getMsg HTTP/1.1" 302 -
222.70.180.90 - - [02/Aug/2023:10:31:03 +0800] "GET /xingrg/all/function/internal_message.html?_=1690943464591&CODE_STATE=getMsg HTTP/1.1" 200 27
114.83.217.26 - - [02/Aug/2023:10:31:03 +0800] "GET /xingrg/all/function/internal_message.html?_=1690943593875&CODE_STATE=getMsg HTTP/1.1" 302 -
180.169.147.146 - - [02/Aug/2023:10:31:05 +0800] "GET /xingrg/all/function/internal_message.html?_=1690943465344&CODE_STATE=getMsg HTTP/1.1" 302 -
180.169.147.146 - - [02/Aug/2023:10:31:05 +0800] "GET /xingrg/check_reg.html?_=1690943465352 HTTP/1.1" 302 -
116.238.191.126 - - [02/Aug/2023:10:31:07 +0800] "GET /xingrg/kc/base/wldb_order_operate.html?command=get_materiel&rest_code=00150&base_code=0010445&code=00101019175 HTTP/1.1" 200 438
116.232.195.127 - - [02/Aug/2023:10:31:09 +0800] "GET /xingrg/index.html?sysBaseUrl=http%3A%2F%2F180.169.147.146%3A18081%2Fxingrg%2F&costTime=1277×tamp=1606817596806 HTTP/1.1" 302 -
116.232.195.127 - - [02/Aug/2023:10:31:09 +0800] "GET /xingrg/login.html HTTP/1.1" 200 7641
116.232.195.127 - - [02/Aug/2023:10:31:09 +0800] "GET /favicon.ico HTTP/1.1" 404 -
180.169.147.146 - - [02/Aug/2023:10:31:11 +0800] "GET /xingrg/all/function/internal_message.html?_=1690943469803&CODE_STATE=getMsg HTTP/1.1" 200 27
116.232.195.127 - - [02/Aug/2023:10:31:22 +0800] "POST /xingrg/login.do HTTP/1.1" 302 -
116.232.195.127 - - [02/Aug/2023:10:31:22 +0800] "GET /xingrg/index.html?sysBaseUrl=http%3A%2F%2F180.169.147.146%3A18081%2Fxingrg%2F&costTime=1071×tamp=1690943482088 HTTP/1.1" 200 17179
116.232.195.127 - - [02/Aug/2023:10:31:22 +0800] "GET /favicon.ico HTTP/1.1" 404 -
116.232.195.127 - - [02/Aug/2023:10:31:22 +0800] "GET /xingrg/check_reg.html?_=1690943422617 HTTP/1.1" 200 22
116.232.195.127 - - [02/Aug/2023:10:31:22 +0800] "POST /xingrg/all/common/load_tree.html?tree=area_rest_tree_json&manage=1 HTTP/1.1" 200 351
116.232.195.127 - - [02/Aug/2023:10:31:22 +0800] "GET /xingrg/all/function/internal_message.html?_=1690943422616&CODE_STATE=count HTTP/1.1" 200 11
116.232.195.127 - - [02/Aug/2023:10:31:22 +0800] "POST /xingrg/load_menu.html HTTP/1.1" 200 5138
101.83.145.37 - - [02/Aug/2023:10:31:27 +0800] "GET /xingrg/all/function/internal_message.html?_=1690943293808&CODE_STATE=getMsg HTTP/1.1" 200 27
124.78.155.92 - - [02/Aug/2023:10:31:27 +0800] "GET /xingrg/all/function/internal_message.html?_=1690943485540&CODE_STATE=getMsg HTTP/1.1" 200 27
101.83.145.37 - - [02/Aug/2023:10:31:27 +0800] "GET /xingrg/check_reg.html?_=1690943294293 HTTP/1.1" 200 22
180.152.241.196 - - [02/Aug/2023:10:31:27 +0800] "GET /xingrg/all/function/internal_message.html?_=1690943492559&CODE_STATE=getMsg HTTP/1.1" 200 27
116.230.117.43 - - [02/Aug/2023:10:31:28 +0800] "GET /xingrg/all/function/internal_message.html?_=1690943498408&CODE_STATE=getMsg HTTP/1.1" 302 -
101.83.145.37 - - [02/Aug/2023:10:31:32 +0800] "GET /xingrg/kc/base/wldb_order_operate.html?command=get_materiel&rest_code=00105&base_code=0010507&code=00101019267 HTTP/1.1" 200 480
222.70.180.90 - - [02/Aug/2023:10:31:32 +0800] "GET /xingrg/check_reg.html?_=1690943491229 HTTP/1.1" 302 -
222.70.180.90 - - [02/Aug/2023:10:31:32 +0800] "GET /xingrg/all/function/internal_message.html?_=1690943491231&CODE_STATE=getMsg HTTP/1.1" 302 -
114.85.113.108 - - [02/Aug/2023:10:31:33 +0800] "GET /xingrg/all/function/internal_message.html?_=1690943490215&CODE_STATE=getMsg HTTP/1.1" 200 27
180.169.147.146 - - [02/Aug/2023:10:31:34 +0800] "GET /xingrg/all/function/internal_message.html?_=1690943491245&CODE_STATE=getMsg HTTP/1.1" 200 27
180.169.147.146 - - [02/Aug/2023:10:31:35 +0800] "POST /xingrg/kc/base/check_list_operate.html HTTP/1.1" 200 42
116.238.191.126 - - [02/Aug/2023:10:31:38 +0800] "GET /xingrg/all/function/internal_message.html?_=1690943376217&CODE_STATE=getMsg HTTP/1.1" 200 27
180.169.147.146 - - [02/Aug/2023:10:31:38 +0800] "POST /xingrg/kc/base/check_list_operate.html HTTP/1.1" 200 781
116.238.191.126 - - [02/Aug/2023:10:31:38 +0800] "GET /xingrg/kc/base/wldb_order_operate.html?command=get_materiel&rest_code=00150&base_code=0010445&code=00101019438 HTTP/1.1" 200 462
124.79.243.110 - - [02/Aug/2023:10:31:39 +0800] "GET /xingrg/all/function/internal_message.html?_=1690943498175&CODE_STATE=getMsg HTTP/1.1" 302 -
180.169.147.146 - - [02/Aug/2023:10:31:39 +0800] "GET /xingrg/all/function/internal_message.html?_=1690943499301&CODE_STATE=getMsg HTTP/1.1" 302 -
101.83.145.37 - - [02/Aug/2023:10:31:41 +0800] "GET /xingrg/all/function/internal_message.html?_=1690943501880&CODE_STATE=getMsg HTTP/1.1" 200 27
180.152.241.196 - - [02/Aug/2023:10:31:44 +0800] "GET /xingrg/all/function/internal_message.html?_=1690943504840&CODE_STATE=getMsg HTTP/1.1" 302 -
116.232.195.127 - - [02/Aug/2023:10:31:45 +0800] "GET /xingrg/all/function/internal_message.html?_=1690943445659&CODE_STATE=getMsg HTTP/1.1" 200 27
180.152.241.196 - - [02/Aug/2023:10:31:45 +0800] "GET /xingrg/check_reg.html?_=1690943510130 HTTP/1.1" 302 -
116.238.191.126 - - [02/Aug/2023:10:31:49 +0800] "GET /xingrg/kc/base/wldb_order_operate.html?command=get_materiel&rest_code=00150&base_code=0010445&code=00101016076 HTTP/1.1" 200 477
116.232.195.127 - - [02/Aug/2023:10:31:50 +0800] "GET /xingrg/kc/buy/buy_main.html HTTP/1.1" 200 12412
116.232.195.127 - - [02/Aug/2023:10:31:51 +0800] "GET /xingrg/css/new_ie.css HTTP/1.1" 404 1036
116.232.195.127 - - [02/Aug/2023:10:31:51 +0800] "GET /xingrg/images/yd/bt.gif HTTP/1.1" 404 1040
116.232.195.127 - - [02/Aug/2023:10:31:53 +0800] "GET /xingrg/kc/buy/cgsh_order_list.html HTTP/1.1" 200 55986
180.169.147.146 - - [02/Aug/2023:10:31:54 +0800] "GET /xingrg/all/function/internal_message.html?_=1690943512373&CODE_STATE=getMsg HTTP/1.1" 302 -
218.81.71.13 - - [02/Aug/2023:10:31:55 +0800] "GET /xingrg/check_reg.html?_=1690943514932 HTTP/1.1" 302 -
222.70.180.90 - - [02/Aug/2023:10:31:56 +0800] "GET /xingrg/all/function/internal_message.html?_=1690943515250&CODE_STATE=getMsg HTTP/1.1" 302 -
116.232.195.127 - - [02/Aug/2023:10:31:56 +0800] "POST /xingrg/kc/buy/cgsh_list_operate.html HTTP/1.1" 200 986
116.238.191.126 - - [02/Aug/2023:10:31:57 +0800] "GET /xingrg/kc/base/wldb_order_operate.html?command=get_materiel&rest_code=00150&base_code=0010445&code=00101019183 HTTP/1.1" 200 449
222.64.144.188 - - [02/Aug/2023:10:31:58 +0800] "GET /xingrg/all/function/internal_message.html?_=1690943518206&CODE_STATE=getMsg HTTP/1.1" 302 -
222.64.144.188 - - [02/Aug/2023:10:31:58 +0800] "GET /xingrg/check_reg.html?_=1690943518209 HTTP/1.1" 302 -
180.169.147.146 - - [02/Aug/2023:10:31:59 +0800] "GET /xingrg/check_reg.html?_=1690943517812 HTTP/1.1" 200 22
114.83.222.132 - - [02/Aug/2023:10:31:59 +0800] "GET /xingrg/all/function/internal_message.html?_=1690943520381&CODE_STATE=getMsg HTTP/1.1" 200 27
116.232.195.127 - - [02/Aug/2023:10:32:00 +0800] "GET /xingrg/kc/buy/cgsh_order_add.html HTTP/1.1" 200 71809
116.232.195.127 - - [02/Aug/2023:10:32:00 +0800] "GET /xingrg/words/20230802092544_words.js HTTP/1.1" 200 976736
116.232.195.127 - - [02/Aug/2023:10:32:00 +0800] "POST /xingrg/kc/buy/cgsh_order_operate.html HTTP/1.1" 200 8245
116.232.195.127 - - [02/Aug/2023:10:32:00 +0800] "GET /xingrg/javascript/easyui/themes/default/validatebox.css HTTP/1.1" 404 1104
116.232.195.127 - - [02/Aug/2023:10:32:00 +0800] "GET /xingrg/all/common/auto_word.html?type=employee&rest_code=00155 HTTP/1.1" 200 255
116.232.195.127 - - [02/Aug/2023:10:32:00 +0800] "GET /xingrg/all/common/auto_word.html?type=employee&rest_code=00155 HTTP/1.1" 200 255
180.152.241.196 - - [02/Aug/2023:10:32:01 +0800] "GET /xingrg/all/function/internal_message.html?_=1690943525561&CODE_STATE=getMsg HTTP/1.1" 302 -
