101.83.145.37 - - [02/Aug/2023:11:08:06 +0800] "GET /xingrg/javascript/auto/indicator.gif HTTP/1.1" 404 1066
124.78.70.128 - - [02/Aug/2023:11:08:07 +0800] "GET /xingrg/kc/print/load_data.html?order_code=212023080200471&kc_code=cgsh&condition= HTTP/1.1" 200 1469
222.70.180.90 - - [02/Aug/2023:11:08:09 +0800] "GET /xingrg/all/function/internal_message.html?_=1690945688155&CODE_STATE=getMsg HTTP/1.1" 200 27
180.169.147.146 - - [02/Aug/2023:11:08:10 +0800] "GET /xingrg/all/function/internal_message.html?_=1690945689150&CODE_STATE=getMsg HTTP/1.1" 200 27
114.83.222.132 - - [02/Aug/2023:11:08:10 +0800] "GET /xingrg/kc/base/wldb_order_list.html HTTP/1.1" 200 19183
114.83.222.132 - - [02/Aug/2023:11:08:11 +0800] "POST /xingrg/kc/base/wldb_list_operate.html HTTP/1.1" 200 928
124.78.70.128 - - [02/Aug/2023:11:08:11 +0800] "GET /xingrg/kc/buy/cgsh_order_add.html HTTP/1.1" 200 71762
124.78.70.128 - - [02/Aug/2023:11:08:12 +0800] "POST /xingrg/kc/buy/cgsh_order_operate.html HTTP/1.1" 200 8245
124.78.70.128 - - [02/Aug/2023:11:08:12 +0800] "GET /xingrg/javascript/easyui/themes/default/validatebox.css HTTP/1.1" 404 1104
114.83.222.132 - - [02/Aug/2023:11:08:13 +0800] "GET /xingrg/kc/base/wldb_order_add.html HTTP/1.1" 200 30466
114.83.222.132 - - [02/Aug/2023:11:08:13 +0800] "GET /xingrg/words/20230802092544_words.js HTTP/1.1" 304 -
114.83.222.132 - - [02/Aug/2023:11:08:13 +0800] "POST /xingrg/kc/base/wldb_order_operate.html HTTP/1.1" 200 6806
114.83.222.132 - - [02/Aug/2023:11:08:13 +0800] "GET /xingrg/javascript/easyui/themes/default/validatebox.css HTTP/1.1" 404 1104
114.83.222.132 - - [02/Aug/2023:11:08:14 +0800] "POST /xingrg/all/common/load_combo.html?type=base HTTP/1.1" 200 3409
180.152.241.196 - - [02/Aug/2023:11:08:16 +0800] "GET /xingrg/all/function/internal_message.html?_=1690945697146&CODE_STATE=getMsg HTTP/1.1" 200 27
101.83.145.37 - - [02/Aug/2023:11:08:18 +0800] "GET /xingrg/kc/buy/cgsh_order_operate.html?command=get_materiel&rest_code=00105&code=00101008512&supplier_code=00100339&order_time=2023-08-02 HTTP/1.1" 200 413
222.70.180.90 - - [02/Aug/2023:11:08:18 +0800] "POST /xingrg/dwr/call/plaincall/AjaxReportQueryService.refreshCache.dwr HTTP/1.1" 200 78
222.70.180.90 - - [02/Aug/2023:11:08:21 +0800] "POST /xingrg/all/report/load_report_page.html HTTP/1.1" 200 8920
222.70.180.90 - - [02/Aug/2023:11:08:21 +0800] "GET /xingrg/servlets/image?cache=0.7437763959841174&image=px HTTP/1.1" 200 807
116.232.195.127 - - [02/Aug/2023:11:08:22 +0800] "GET /xingrg/kc/buy/cgsh_order_operate.html?command=get_materiel&rest_code=00155&code=00101006005&supplier_code=00100327&order_time=2023-08-02 HTTP/1.1" 200 417
222.70.180.90 - - [02/Aug/2023:11:08:22 +0800] "GET /xingrg/all/report/report_query.html?isQuery=1&fileName=kc/buy/wlcg_cate_hz.xml&queryString=(CONVERT(char(10)%252Ca.order_time%252C%2520120)%253E%253D'2023-06-01')%2520and%2520(CONVERT(char(10)%252Ca.order_time%252C%2520120)%253C%253D'2023-06-30')%2520and%2520(a.supplier_code%2520in%2520('00100012'))%2520and%2520(a.supplier_code%253D'00100012')&queryText=%25E3%2580%2590%25E9%2587%2587%25E8%25B4%25AD%25E6%2597%25A5%25E6%259C%259F%253A2023-06-01%2520%25E8%2587%25B3%25202023-06-30%25E3%2580%2591%2520%25E5%25B9%25B6%25E4%25B8%2594%2520%2520%25E3%2580%2590%25E4%25BE%259B%25E5%25BA%2594%25E5%2595%2586%2520%253D%2520%25E7%258C%25AA%25E8%2582%2589%25EF%25BC%2588%25E6%259D%258E%25E8%25B4%25BB%25E5%258D%258E%25EF%25BC%2589%25E3%2580%2591%2520%25E5%25B9%25B6%25E4%25B8%2594%2520%25E3%2580%2590%25E4%25BE%259B%25E5%25BA%2594%25E5%2595%2586%253D%25E7%258C%25AA%25E8%2582%2589%25EF%25BC%2588%25E6%259D%258E%25E8%25B4%25BB%25E5%258D%258E%25EF%25BC%2589%25E3%2580%2591 HTTP/1.1" 200 54465
222.70.180.90 - - [02/Aug/2023:11:08:23 +0800] "GET /xingrg/dwr/interface/AjaxReportQueryService.js HTTP/1.1" 200 13203
222.70.180.90 - - [02/Aug/2023:11:08:23 +0800] "GET /xingrg/dwr/engine.js HTTP/1.1" 200 43631
124.78.70.128 - - [02/Aug/2023:11:08:23 +0800] "GET /xingrg/kc/buy/cgsh_order_operate.html?command=get_materiel&rest_code=00141&code=00101003040&supplier_code=00100093&order_time=2023-08-02 HTTP/1.1" 200 418
114.83.222.132 - - [02/Aug/2023:11:08:24 +0800] "GET /xingrg/kc/base/wldb_order_operate.html?command=get_materiel&rest_code=00149&base_code=0010394&code=00101013139 HTTP/1.1" 200 451
101.83.145.37 - - [02/Aug/2023:11:08:26 +0800] "GET /xingrg/all/function/internal_message.html?_=1690945513099&CODE_STATE=getMsg HTTP/1.1" 200 27
116.238.191.126 - - [02/Aug/2023:11:08:26 +0800] "GET /xingrg/check_reg.html?_=1690945584923 HTTP/1.1" 200 22
116.238.191.126 - - [02/Aug/2023:11:08:27 +0800] "GET /xingrg/all/function/internal_message.html?_=1690945585113&CODE_STATE=getMsg HTTP/1.1" 200 27
180.152.241.196 - - [02/Aug/2023:11:08:27 +0800] "GET /xingrg/kc/base/wldb_order_list.html HTTP/1.1" 200 19177
222.70.180.90 - - [02/Aug/2023:11:08:27 +0800] "POST /xingrg/all/report/load_report_page.html HTTP/1.1" 200 36743
222.70.180.90 - - [02/Aug/2023:11:08:27 +0800] "GET /xingrg/servlets/image?cache=0.003753094982442251&image=px HTTP/1.1" 200 807
124.78.155.92 - - [02/Aug/2023:11:08:27 +0800] "GET /xingrg/all/function/internal_message.html?_=1690945705584&CODE_STATE=getMsg HTTP/1.1" 200 27
222.70.180.90 - - [02/Aug/2023:11:08:27 +0800] "POST /xingrg/all/report/load_report_page.html HTTP/1.1" 200 8711
222.70.180.90 - - [02/Aug/2023:11:08:27 +0800] "GET /xingrg/servlets/image?cache=0.7056660108486436&image=px HTTP/1.1" 200 807
180.152.241.196 - - [02/Aug/2023:11:08:28 +0800] "POST /xingrg/kc/base/wldb_list_operate.html HTTP/1.1" 200 928
116.232.195.127 - - [02/Aug/2023:11:08:29 +0800] "GET /xingrg/all/function/internal_message.html?_=1690945649175&CODE_STATE=getMsg HTTP/1.1" 200 27
222.70.180.90 - - [02/Aug/2023:11:08:31 +0800] "POST /xingrg/all/report/report_print.html HTTP/1.1" 302 -
222.70.180.90 - - [02/Aug/2023:11:08:32 +0800] "GET /xingrg/servlets/html?sysBaseUrl=http%3A%2F%2F180.169.147.146%3A18081%2Fxingrg%2F&costTime=2418×tamp=1690945711981 HTTP/1.1" 200 36619
222.70.180.90 - - [02/Aug/2023:11:08:32 +0800] "GET /xingrg/servlets/image?image=px HTTP/1.1" 200 807
222.70.180.90 - - [02/Aug/2023:11:08:32 +0800] "GET /favicon.ico HTTP/1.1" 404 -
222.70.180.90 - - [02/Aug/2023:11:08:32 +0800] "GET /xingrg/javascript/easyui/themes/default/tree.css HTTP/1.1" 404 1090
222.70.180.90 - - [02/Aug/2023:11:08:32 +0800] "POST /xingrg/all/common/load_tree.html?tree=supplier_tree_json&manage=1 HTTP/1.1" 200 76714
114.85.113.108 - - [02/Aug/2023:11:08:32 +0800] "GET /xingrg/kc/base/wldb_order_operate.html?command=get_materiel&rest_code=00145&base_code=0010282&code=00101008052 HTTP/1.1" 200 448
114.85.113.108 - - [02/Aug/2023:11:08:33 +0800] "GET /xingrg/all/function/internal_message.html?_=1690945710275&CODE_STATE=getMsg HTTP/1.1" 200 27
180.169.147.146 - - [02/Aug/2023:11:08:33 +0800] "GET /xingrg/all/function/internal_message.html?_=1690945710689&CODE_STATE=getMsg HTTP/1.1" 200 27
222.70.180.90 - - [02/Aug/2023:11:08:33 +0800] "GET /xingrg/index.html?sysBaseUrl=http%3A%2F%2F180.169.147.146%3A18081%2Fxingrg%2F&costTime=39×tamp=1645767740089 HTTP/1.1" 302 -
222.70.180.90 - - [02/Aug/2023:11:08:33 +0800] "GET /xingrg/login.html HTTP/1.1" 200 7641
222.70.180.90 - - [02/Aug/2023:11:08:34 +0800] "GET /favicon.ico HTTP/1.1" 404 -
222.70.180.90 - - [02/Aug/2023:11:08:34 +0800] "GET /xingrg/all/function/internal_message.html?_=1690945714081&CODE_STATE=getMsg HTTP/1.1" 200 27
180.165.154.167 - - [02/Aug/2023:11:08:35 +0800] "GET /xingrg/all/function/internal_message.html?_=1690945714702&CODE_STATE=getMsg HTTP/1.1" 200 27
180.165.154.167 - - [02/Aug/2023:11:08:36 +0800] "GET /xingrg/check_reg.html?_=1690945715068 HTTP/1.1" 200 22
124.78.70.128 - - [02/Aug/2023:11:08:37 +0800] "POST /xingrg/kc/buy/cgsh_order_operate.html HTTP/1.1" 200 37
124.79.243.110 - - [02/Aug/2023:11:08:38 +0800] "GET /xingrg/all/function/internal_message.html?_=1690945717487&CODE_STATE=getMsg HTTP/1.1" 302 -
116.232.195.127 - - [02/Aug/2023:11:08:39 +0800] "GET /xingrg/kc/buy/cgsh_order_operate.html?command=get_materiel&rest_code=00155&code=00101008145&supplier_code=00100327&order_time=2023-08-02 HTTP/1.1" 200 417
180.169.147.146 - - [02/Aug/2023:11:08:39 +0800] "GET /xingrg/all/function/internal_message.html?_=1690945719301&CODE_STATE=getMsg HTTP/1.1" 302 -
101.83.145.37 - - [02/Aug/2023:11:08:41 +0800] "GET /xingrg/all/function/internal_message.html?_=1690945721899&CODE_STATE=getMsg HTTP/1.1" 200 27
114.83.222.132 - - [02/Aug/2023:11:08:42 +0800] "POST /xingrg/kc/base/wldb_order_operate.html HTTP/1.1" 200 37
120.253.135.82 - - [02/Aug/2023:11:08:45 +0800] "GET /xingrg/all/function/internal_message.html?_=1690945545375&CODE_STATE=getMsg HTTP/1.1" 200 27
124.78.70.128 - - [02/Aug/2023:11:08:47 +0800] "POST /xingrg/kc/buy/cgsh_order_operate.html HTTP/1.1" 200 12
114.83.222.132 - - [02/Aug/2023:11:08:47 +0800] "POST /xingrg/kc/base/wldb_order_operate.html HTTP/1.1" 200 2698
222.70.180.90 - - [02/Aug/2023:11:08:47 +0800] "POST /xingrg/login.do HTTP/1.1" 302 -
222.70.180.90 - - [02/Aug/2023:11:08:47 +0800] "GET /xingrg/index.html?sysBaseUrl=http%3A%2F%2F180.169.147.146%3A18081%2Fxingrg%2F&costTime=1485×tamp=1690945727347 HTTP/1.1" 200 17503
222.70.180.90 - - [02/Aug/2023:11:08:47 +0800] "GET /favicon.ico HTTP/1.1" 404 -
222.70.180.90 - - [02/Aug/2023:11:08:47 +0800] "GET /xingrg/check_reg.html?_=1690945965692 HTTP/1.1" 200 22
222.70.180.90 - - [02/Aug/2023:11:08:47 +0800] "GET /xingrg/all/function/internal_message.html?_=1690945965689&CODE_STATE=count HTTP/1.1" 200 11
222.70.180.90 - - [02/Aug/2023:11:08:48 +0800] "POST /xingrg/all/common/load_tree.html?tree=area_rest_tree_json&manage=1 HTTP/1.1" 200 591
222.70.180.90 - - [02/Aug/2023:11:08:48 +0800] "POST /xingrg/load_menu.html HTTP/1.1" 200 11564
116.230.117.43 - - [02/Aug/2023:11:08:49 +0800] "GET /xingrg/all/function/internal_message.html?_=1690945739064&CODE_STATE=getMsg HTTP/1.1" 200 27
222.70.180.90 - - [02/Aug/2023:11:08:49 +0800] "GET /xingrg/all/function/internal_message.html?_=1690945728472&CODE_STATE=getMsg HTTP/1.1" 200 27
124.78.70.128 - - [02/Aug/2023:11:08:49 +0800] "GET /xingrg/kc/buy/cgsh_order_info.html?code=212023080200473 HTTP/1.1" 200 66673
124.78.70.128 - - [02/Aug/2023:11:08:50 +0800] "GET /xingrg/javascript/easyui/themes/default/validatebox.css HTTP/1.1" 404 1104
124.78.70.128 - - [02/Aug/2023:11:08:51 +0800] "POST /xingrg/kc/buy/cgsh_order_operate.html HTTP/1.1" 200 616
222.70.180.90 - - [02/Aug/2023:11:08:52 +0800] "POST /xingrg/all/user/operate.html HTTP/1.1" 200 36
180.152.241.196 - - [02/Aug/2023:11:08:52 +0800] "GET /xingrg/all/function/internal_message.html?_=1690945736992&CODE_STATE=getMsg HTTP/1.1" 200 27
222.70.180.90 - - [02/Aug/2023:11:08:52 +0800] "GET /xingrg/index.html?sysBaseUrl=http%3A%2F%2F180.169.147.146%3A18081%2Fxingrg%2F&costTime=1485×tamp=1690945727347 HTTP/1.1" 200 17509
222.70.180.90 - - [02/Aug/2023:11:08:52 +0800] "GET /xingrg/javascript/jquery_easy_ui/themes/default/easyui.css HTTP/1.1" 304 -
222.70.180.90 - - [02/Aug/2023:11:08:52 +0800] "GET /xingrg/javascript/jquery_easy_ui/themes/icon.css HTTP/1.1" 304 -
222.70.180.90 - - [02/Aug/2023:11:08:52 +0800] "GET /xingrg/css/form.css HTTP/1.1" 304 -
222.70.180.90 - - [02/Aug/2023:11:08:52 +0800] "GET /xingrg/javascript/jquery-1.4.2.min.js HTTP/1.1" 304 -
222.70.180.90 - - [02/Aug/2023:11:08:52 +0800] "GET /xingrg/javascript/jquery_easy_ui/jquery.easyui.min.js HTTP/1.1" 304 -
222.70.180.90 - - [02/Aug/2023:11:08:53 +0800] "GET /xingrg/javascript/jquery_easy_ui/easyui-lang-zh_CN.js HTTP/1.1" 304 -
222.70.180.90 - - [02/Aug/2023:11:08:53 +0800] "GET /xingrg/javascript/jquery.form.js HTTP/1.1" 304 -
222.70.180.90 - - [02/Aug/2023:11:08:53 +0800] "GET /xingrg/javascript/jquery.utils.js HTTP/1.1" 304 -
114.83.222.132 - - [02/Aug/2023:11:08:53 +0800] "POST /xingrg/kc/base/wldb_order_operate.html HTTP/1.1" 200 12
222.70.180.90 - - [02/Aug/2023:11:08:53 +0800] "GET /xingrg/javascript/jquery.timers.js HTTP/1.1" 304 -
222.70.180.90 - - [02/Aug/2023:11:08:53 +0800] "GET /xingrg/images/blue/jxLogo.png HTTP/1.1" 304 -
222.70.180.90 - - [02/Aug/2023:11:08:53 +0800] "GET /xingrg/images/blue/navBackgound.jpg HTTP/1.1" 304 -
222.70.180.90 - - [02/Aug/2023:11:08:53 +0800] "GET /xingrg/javascript/jquery_easy_ui/themes/icons/settle_new.png HTTP/1.1" 304 -
222.70.180.90 - - [02/Aug/2023:11:08:53 +0800] "GET /xingrg/all/function/internal_message.html?_=1690945971026&CODE_STATE=count HTTP/1.1" 200 11
222.70.180.90 - - [02/Aug/2023:11:08:53 +0800] "GET /xingrg/check_reg.html?_=1690945971028 HTTP/1.1" 200 22
222.70.180.90 - - [02/Aug/2023:11:08:53 +0800] "GET /xingrg/javascript/jquery_easy_ui/themes/default/images/tabs_leftarrow.png HTTP/1.1" 304 -
222.70.180.90 - - [02/Aug/2023:11:08:53 +0800] "GET /xingrg/javascript/jquery_easy_ui/themes/default/images/panel_tool_collapse.gif HTTP/1.1" 304 -
222.70.180.90 - - [02/Aug/2023:11:08:53 +0800] "GET /xingrg/javascript/jquery_easy_ui/themes/default/images/panel_tool_expand.gif HTTP/1.1" 304 -
222.70.180.90 - - [02/Aug/2023:11:08:53 +0800] "GET /xingrg/images/blue/pingpu.png HTTP/1.1" 304 -
222.70.180.90 - - [02/Aug/2023:11:08:53 +0800] "GET /xingrg/javascript/jquery_easy_ui/themes/default/images/tabs_rightarrow.png HTTP/1.1" 304 -
124.78.70.128 - - [02/Aug/2023:11:08:53 +0800] "GET /xingrg/kc/print/load_data.html?order_code=212023080200473&kc_code=cgsh&condition= HTTP/1.1" 200 773
222.70.180.90 - - [02/Aug/2023:11:08:53 +0800] "POST /xingrg/all/common/load_tree.html?tree=area_rest_tree_json&manage=1 HTTP/1.1" 200 591
222.70.180.90 - - [02/Aug/2023:11:08:53 +0800] "POST /xingrg/load_menu.html HTTP/1.1" 200 9959
222.70.180.90 - - [02/Aug/2023:11:08:55 +0800] "GET /xingrg/all/function/internal_message.html?_=1690945734642&CODE_STATE=getMsg HTTP/1.1" 200 27
222.70.180.90 - - [02/Aug/2023:11:08:55 +0800] "GET /xingrg/kc/buy/cgsh_order_list.html HTTP/1.1" 200 56241
222.70.180.90 - - [02/Aug/2023:11:08:57 +0800] "GET /xingrg/all/function/internal_message.html?_=1690945736131&CODE_STATE=getMsg HTTP/1.1" 200 27
124.78.70.128 - - [02/Aug/2023:11:08:57 +0800] "GET /xingrg/kc/buy/cgsh_order_add.html HTTP/1.1" 200 71762
124.78.70.128 - - [02/Aug/2023:11:08:57 +0800] "POST /xingrg/kc/buy/cgsh_order_operate.html HTTP/1.1" 200 8245
124.78.70.128 - - [02/Aug/2023:11:08:57 +0800] "GET /xingrg/javascript/easyui/themes/default/validatebox.css HTTP/1.1" 404 1104
222.70.180.90 - - [02/Aug/2023:11:08:58 +0800] "GET /xingrg/check_reg.html?_=1690945737406 HTTP/1.1" 200 22
222.64.144.188 - - [02/Aug/2023:11:08:58 +0800] "GET /xingrg/all/function/internal_message.html?_=1690945738259&CODE_STATE=getMsg HTTP/1.1" 302 -
222.70.180.90 - - [02/Aug/2023:11:08:58 +0800] "POST /xingrg/kc/buy/cgsh_list_operate.html HTTP/1.1" 200 986
222.70.180.90 - - [02/Aug/2023:11:09:00 +0800] "GET /xingrg/all/function/internal_message.html?_=1690945742137&CODE_STATE=getMsg HTTP/1.1" 200 27
124.79.243.110 - - [02/Aug/2023:11:09:01 +0800] "GET /xingrg/all/function/internal_message.html?_=1690946029062&CODE_STATE=getMsg HTTP/1.1" 302 -
58.40.7.146 - - [02/Aug/2023:11:09:01 +0800] "GET /xingrg/check_reg.html?_=1690945741955 HTTP/1.1" 302 -
58.40.7.146 - - [02/Aug/2023:11:09:01 +0800] "GET /xingrg/all/function/internal_message.html?_=1690945741972&CODE_STATE=getMsg HTTP/1.1" 302 -
114.83.217.26 - - [02/Aug/2023:11:09:03 +0800] "GET /xingrg/all/function/internal_message.html?_=1690945873860&CODE_STATE=getMsg HTTP/1.1" 302 -
180.169.147.146 - - [02/Aug/2023:11:09:05 +0800] "GET /xingrg/all/function/internal_message.html?_=1690945745247&CODE_STATE=getMsg HTTP/1.1" 302 -
124.78.70.128 - - [02/Aug/2023:11:09:07 +0800] "GET /xingrg/kc/buy/cgsh_order_operate.html?command=get_materiel&rest_code=00141&code=00101002038&supplier_code=00100087&order_time=2023-08-02 HTTP/1.1" 200 416
222.70.180.90 - - [02/Aug/2023:11:09:08 +0800] "POST /xingrg/kc/buy/cgsh_list_operate.html HTTP/1.1" 200 6667
222.70.180.90 - - [02/Aug/2023:11:09:09 +0800] "GET /xingrg/all/function/internal_message.html?_=1690945748159&CODE_STATE=getMsg HTTP/1.1" 200 27
180.169.147.146 - - [02/Aug/2023:11:09:10 +0800] "GET /xingrg/all/function/internal_message.html?_=1690945749147&CODE_STATE=getMsg HTTP/1.1" 200 27
101.83.145.37 - - [02/Aug/2023:11:09:11 +0800] "GET /xingrg/kc/buy/cgsh_order_operate.html?command=get_materiel&rest_code=00105&code=00101008526&supplier_code=00100339&order_time=2023-08-02 HTTP/1.1" 200 417
222.70.180.90 - - [02/Aug/2023:11:09:13 +0800] "GET /xingrg/kc/buy/cgth_order_list.html HTTP/1.1" 200 55644
222.70.180.90 - - [02/Aug/2023:11:09:14 +0800] "POST /xingrg/kc/buy/cgth_list_operate.html HTTP/1.1" 200 1035
114.85.113.108 - - [02/Aug/2023:11:09:14 +0800] "GET /xingrg/kc/base/wldb_order_operate.html?command=get_materiel&rest_code=00145&base_code=0010282&code=00101008417 HTTP/1.1" 200 428
180.152.241.196 - - [02/Aug/2023:11:09:16 +0800] "GET /xingrg/all/function/internal_message.html?_=1690945757138&CODE_STATE=getMsg HTTP/1.1" 200 27
222.70.180.90 - - [02/Aug/2023:11:09:21 +0800] "POST /xingrg/kc/buy/cgth_list_operate.html HTTP/1.1" 200 5759
120.253.135.82 - - [02/Aug/2023:11:09:25 +0800] "POST /xingrg/kc/pszx/mdps_order_operate.html HTTP/1.1" 200 37
101.83.145.37 - - [02/Aug/2023:11:09:26 +0800] "GET /xingrg/all/function/internal_message.html?_=1690945573085&CODE_STATE=getMsg HTTP/1.1" 200 27
116.238.191.126 - - [02/Aug/2023:11:09:27 +0800] "GET /xingrg/all/function/internal_message.html?_=1690945645126&CODE_STATE=getMsg HTTP/1.1" 200 27
124.78.155.92 - - [02/Aug/2023:11:09:27 +0800] "GET /xingrg/check_reg.html?_=1690945765586 HTTP/1.1" 200 22
124.78.155.92 - - [02/Aug/2023:11:09:27 +0800] "GET /xingrg/all/function/internal_message.html?_=1690945765598&CODE_STATE=getMsg HTTP/1.1" 200 27
116.232.195.127 - - [02/Aug/2023:11:09:29 +0800] "GET /xingrg/all/function/internal_message.html?_=1690945709177&CODE_STATE=getMsg HTTP/1.1" 200 27
116.232.195.127 - - [02/Aug/2023:11:09:29 +0800] "GET /xingrg/check_reg.html?_=1690945709182 HTTP/1.1" 200 22
120.253.135.82 - - [02/Aug/2023:11:09:30 +0800] "POST /xingrg/kc/pszx/mdps_order_operate.html HTTP/1.1" 200 12
222.70.180.90 - - [02/Aug/2023:11:09:31 +0800] "GET /xingrg/kc/mdqp/pssh_order_list.html HTTP/1.1" 200 17963
222.70.180.90 - - [02/Aug/2023:11:09:31 +0800] "POST /xingrg/kc/mdqp/pssh_list_operate.html HTTP/1.1" 200 5221
120.253.135.82 - - [02/Aug/2023:11:09:32 +0800] "GET /xingrg/kc/pszx/mdps_order_info.html?code=312023080200075 HTTP/1.1" 200 19636
120.253.135.82 - - [02/Aug/2023:11:09:33 +0800] "GET /xingrg/javascript/easyui/themes/default/validatebox.css HTTP/1.1" 404 1104
120.253.135.82 - - [02/Aug/2023:11:09:33 +0800] "POST /xingrg/kc/pszx/mdps_order_operate.html HTTP/1.1" 200 515
114.85.113.108 - - [02/Aug/2023:11:09:33 +0800] "GET /xingrg/all/function/internal_message.html?_=1690945770270&CODE_STATE=getMsg HTTP/1.1" 200 27
180.169.147.146 - - [02/Aug/2023:11:09:33 +0800] "GET /xingrg/all/function/internal_message.html?_=1690945770672&CODE_STATE=getMsg HTTP/1.1" 200 27
124.78.70.128 - - [02/Aug/2023:11:09:34 +0800] "GET /xingrg/all/function/internal_message.html?_=1690945238117&CODE_STATE=getMsg HTTP/1.1" 200 27
180.169.147.146 - - [02/Aug/2023:11:09:34 +0800] "GET /xingrg/check_reg.html?_=1690945771172 HTTP/1.1" 200 22
222.70.180.90 - - [02/Aug/2023:11:09:34 +0800] "GET /xingrg/all/function/internal_message.html?_=1690945774084&CODE_STATE=getMsg HTTP/1.1" 200 27
180.165.154.167 - - [02/Aug/2023:11:09:35 +0800] "GET /xingrg/all/function/internal_message.html?_=1690945774679&CODE_STATE=getMsg HTTP/1.1" 200 27
120.253.135.82 - - [02/Aug/2023:11:09:37 +0800] "POST /xingrg/kc/pszx/mdps_list_operate.html HTTP/1.1" 200 612
124.79.243.110 - - [02/Aug/2023:11:09:38 +0800] "GET /xingrg/all/function/internal_message.html?_=1690945777469&CODE_STATE=getMsg HTTP/1.1" 302 -
120.253.135.82 - - [02/Aug/2023:11:09:39 +0800] "GET /xingrg/kc/pszx/mdps_order_info.html?code=312023080200052 HTTP/1.1" 200 23976
180.169.147.146 - - [02/Aug/2023:11:09:39 +0800] "GET /xingrg/check_reg.html?_=1690945779289 HTTP/1.1" 302 -
180.169.147.146 - - [02/Aug/2023:11:09:39 +0800] "GET /xingrg/all/function/internal_message.html?_=1690945779290&CODE_STATE=getMsg HTTP/1.1" 302 -
120.253.135.82 - - [02/Aug/2023:11:09:39 +0800] "GET /xingrg/javascript/easyui/themes/default/validatebox.css HTTP/1.1" 404 1104
120.253.135.82 - - [02/Aug/2023:11:09:40 +0800] "POST /xingrg/kc/pszx/mdps_order_operate.html HTTP/1.1" 200 5863
101.83.145.37 - - [02/Aug/2023:11:09:41 +0800] "GET /xingrg/all/function/internal_message.html?_=1690945781883&CODE_STATE=getMsg HTTP/1.1" 200 27
120.253.135.82 - - [02/Aug/2023:11:09:43 +0800] "POST /xingrg/kc/pszx/mdps_order_operate.html HTTP/1.1" 200 37
222.70.180.90 - - [02/Aug/2023:11:09:43 +0800] "GET /xingrg/kc/mdqp/psth_order_list1.html HTTP/1.1" 200 18031
222.70.180.90 - - [02/Aug/2023:11:09:44 +0800] "POST /xingrg/kc/mdqp/psth_list_operate.html HTTP/1.1" 200 749
120.253.135.82 - - [02/Aug/2023:11:09:45 +0800] "GET /xingrg/all/function/internal_message.html?_=1690945605376&CODE_STATE=getMsg HTTP/1.1" 200 27
101.83.145.37 - - [02/Aug/2023:11:09:46 +0800] "GET /xingrg/kc/buy/cgsh_order_operate.html?command=get_materiel&rest_code=00105&code=00101008153&supplier_code=00100339&order_time=2023-08-02 HTTP/1.1" 200 416
222.70.180.90 - - [02/Aug/2023:11:09:47 +0800] "POST /xingrg/kc/mdqp/psth_list_operate.html HTTP/1.1" 200 5283
114.85.113.108 - - [02/Aug/2023:11:09:47 +0800] "GET /xingrg/kc/base/wldb_order_operate.html?command=get_materiel&rest_code=00145&base_code=0010282&code=00101008464 HTTP/1.1" 200 448
222.70.180.90 - - [02/Aug/2023:11:09:47 +0800] "GET /xingrg/javascript/jquery_tools/images/prev.gif HTTP/1.1" 404 1086
222.70.180.90 - - [02/Aug/2023:11:09:47 +0800] "GET /xingrg/javascript/jquery_tools/images/next.gif HTTP/1.1" 404 1086
116.230.117.43 - - [02/Aug/2023:11:09:49 +0800] "GET /xingrg/all/function/internal_message.html?_=1690945799094&CODE_STATE=getMsg HTTP/1.1" 200 27
222.70.180.90 - - [02/Aug/2023:11:09:49 +0800] "GET /xingrg/all/function/internal_message.html?_=1690945788472&CODE_STATE=getMsg HTTP/1.1" 200 27
120.253.135.82 - - [02/Aug/2023:11:09:49 +0800] "POST /xingrg/kc/pszx/mdps_order_operate.html HTTP/1.1" 200 12
222.70.180.90 - - [02/Aug/2023:11:09:51 +0800] "POST /xingrg/kc/mdqp/psth_list_operate.html HTTP/1.1" 200 204
180.152.241.196 - - [02/Aug/2023:11:09:52 +0800] "GET /xingrg/all/function/internal_message.html?_=1690945797002&CODE_STATE=getMsg HTTP/1.1" 200 27
222.70.180.90 - - [02/Aug/2023:11:09:53 +0800] "GET /xingrg/all/function/internal_message.html?_=1690946031043&CODE_STATE=getMsg HTTP/1.1" 200 27
114.83.222.132 - - [02/Aug/2023:11:09:54 +0800] "POST /xingrg/services/DataTransmitService HTTP/1.1" 200 524
222.70.180.90 - - [02/Aug/2023:11:09:55 +0800] "GET /xingrg/all/function/internal_message.html?_=1690945794614&CODE_STATE=getMsg HTTP/1.1" 200 27
222.70.180.90 - - [02/Aug/2023:11:09:57 +0800] "GET /xingrg/all/function/internal_message.html?_=1690945796132&CODE_STATE=getMsg HTTP/1.1" 200 27
124.79.243.110 - - [02/Aug/2023:11:09:57 +0800] "GET /xingrg/check_reg.html?_=1690946085970 HTTP/1.1" 302 -
222.64.144.188 - - [02/Aug/2023:11:09:58 +0800] "GET /xingrg/all/function/internal_message.html?_=1690945798260&CODE_STATE=getMsg HTTP/1.1" 302 -
222.70.180.90 - - [02/Aug/2023:11:10:00 +0800] "GET /xingrg/all/function/internal_message.html?_=1690945802136&CODE_STATE=getMsg HTTP/1.1" 200 27
124.79.243.110 - - [02/Aug/2023:11:10:01 +0800] "GET /xingrg/all/function/internal_message.html?_=1690946089037&CODE_STATE=getMsg HTTP/1.1" 302 -
222.70.180.90 - - [02/Aug/2023:11:10:01 +0800] "GET /xingrg/kc/mdqp/psth_order_info1.html?code=322023070900002 HTTP/1.1" 200 22498
222.70.180.90 - - [02/Aug/2023:11:10:01 +0800] "GET /xingrg/javascript/jquery_tools/jquery-1.4.2.min.js HTTP/1.1" 404 1094
222.70.180.90 - - [02/Aug/2023:11:10:01 +0800] "GET /xingrg/words/20230802092544_words.js HTTP/1.1" 304 -
58.40.7.146 - - [02/Aug/2023:11:10:01 +0800] "GET /xingrg/all/function/internal_message.html?_=1690945801958&CODE_STATE=getMsg HTTP/1.1" 302 -
222.70.180.90 - - [02/Aug/2023:11:10:02 +0800] "GET /xingrg/javascript/easyui/themes/default/validatebox.css HTTP/1.1" 404 1104
222.70.180.90 - - [02/Aug/2023:11:10:02 +0800] "POST /xingrg/kc/mdqp/psth_order_operate.html HTTP/1.1" 200 494
114.83.217.26 - - [02/Aug/2023:11:10:03 +0800] "GET /xingrg/all/function/internal_message.html?_=1690945933875&CODE_STATE=getMsg HTTP/1.1" 302 -
114.83.217.26 - - [02/Aug/2023:11:10:03 +0800] "GET /xingrg/check_reg.html?_=1690945933882 HTTP/1.1" 302 -
180.169.147.146 - - [02/Aug/2023:11:10:05 +0800] "GET /xingrg/all/function/internal_message.html?_=1690945805242&CODE_STATE=getMsg HTTP/1.1" 302 -
114.85.113.108 - - [02/Aug/2023:11:10:08 +0800] "GET /xingrg/kc/base/wldb_order_operate.html?command=get_materiel&rest_code=00145&base_code=0010282&code=00101008542 HTTP/1.1" 200 440
222.70.180.90 - - [02/Aug/2023:11:10:09 +0800] "GET /xingrg/all/function/internal_message.html?_=1690945808158&CODE_STATE=getMsg HTTP/1.1" 200 27
180.169.147.146 - - [02/Aug/2023:11:10:10 +0800] "GET /xingrg/all/function/internal_message.html?_=1690945809119&CODE_STATE=getMsg HTTP/1.1" 200 27
120.253.135.82 - - [02/Aug/2023:11:10:10 +0800] "GET /xingrg/kc/pszx/mdps_order_info.html?code=312023080200052 HTTP/1.1" 200 19636
120.253.135.82 - - [02/Aug/2023:11:10:11 +0800] "GET /xingrg/javascript/easyui/themes/default/validatebox.css HTTP/1.1" 404 1104
120.253.135.82 - - [02/Aug/2023:11:10:11 +0800] "POST /xingrg/kc/pszx/mdps_order_operate.html HTTP/1.1" 200 4052
120.253.135.82 - - [02/Aug/2023:11:10:16 +0800] "POST /xingrg/kc/pszx/mdps_list_operate.html HTTP/1.1" 200 868
180.152.241.196 - - [02/Aug/2023:11:10:16 +0800] "GET /xingrg/all/function/internal_message.html?_=1690945817141&CODE_STATE=getMsg HTTP/1.1" 200 27
180.152.241.196 - - [02/Aug/2023:11:10:16 +0800] "GET /xingrg/check_reg.html?_=1690945817143 HTTP/1.1" 200 22
101.83.145.37 - - [02/Aug/2023:11:10:22 +0800] "GET /xingrg/kc/buy/cgsh_order_operate.html?command=get_materiel&rest_code=00105&code=00101010100&supplier_code=00100339&order_time=2023-08-02 HTTP/1.1" 200 409
101.83.145.37 - - [02/Aug/2023:11:10:26 +0800] "GET /xingrg/all/function/internal_message.html?_=1690945633070&CODE_STATE=getMsg HTTP/1.1" 200 27
116.238.191.126 - - [02/Aug/2023:11:10:27 +0800] "GET /xingrg/all/function/internal_message.html?_=1690945705141&CODE_STATE=getMsg HTTP/1.1" 200 27
124.78.155.92 - - [02/Aug/2023:11:10:27 +0800] "GET /xingrg/all/function/internal_message.html?_=1690945825588&CODE_STATE=getMsg HTTP/1.1" 200 27
120.253.135.82 - - [02/Aug/2023:11:10:27 +0800] "GET /xingrg/kc/pszx/mdps_order_list.html?orderType=0 HTTP/1.1" 200 21111
114.85.113.108 - - [02/Aug/2023:11:10:28 +0800] "GET /xingrg/kc/base/wldb_order_operate.html?command=get_materiel&rest_code=00145&base_code=0010282&code=00101012015 HTTP/1.1" 200 467
120.253.135.82 - - [02/Aug/2023:11:10:28 +0800] "POST /xingrg/kc/pszx/mdps_list_operate.html HTTP/1.1" 200 5543
116.232.195.127 - - [02/Aug/2023:11:10:29 +0800] "GET /xingrg/all/function/internal_message.html?_=1690945769170&CODE_STATE=getMsg HTTP/1.1" 200 27
114.85.113.108 - - [02/Aug/2023:11:10:33 +0800] "GET /xingrg/all/function/internal_message.html?_=1690945830267&CODE_STATE=getMsg HTTP/1.1" 200 27
114.85.113.108 - - [02/Aug/2023:11:10:33 +0800] "GET /xingrg/check_reg.html?_=1690945830269 HTTP/1.1" 200 22
180.169.147.146 - - [02/Aug/2023:11:10:33 +0800] "GET /xingrg/all/function/internal_message.html?_=1690945830656&CODE_STATE=getMsg HTTP/1.1" 200 27
120.253.135.82 - - [02/Aug/2023:11:10:33 +0800] "GET /xingrg/kc/pszx/mdps_order_add.html HTTP/1.1" 200 29180
124.78.70.128 - - [02/Aug/2023:11:10:34 +0800] "GET /xingrg/all/function/internal_message.html?_=1690945298110&CODE_STATE=getMsg HTTP/1.1" 200 27
120.253.135.82 - - [02/Aug/2023:11:10:34 +0800] "POST /xingrg/kc/pszx/mdps_order_operate.html HTTP/1.1" 200 7126
120.253.135.82 - - [02/Aug/2023:11:10:34 +0800] "GET /xingrg/javascript/easyui/themes/default/validatebox.css HTTP/1.1" 404 1104
222.70.180.90 - - [02/Aug/2023:11:10:34 +0800] "GET /xingrg/all/function/internal_message.html?_=1690945834090&CODE_STATE=getMsg HTTP/1.1" 200 27
180.165.154.167 - - [02/Aug/2023:11:10:35 +0800] "GET /xingrg/all/function/internal_message.html?_=1690945834660&CODE_STATE=getMsg HTTP/1.1" 200 27
124.79.243.110 - - [02/Aug/2023:11:10:38 +0800] "GET /xingrg/all/function/internal_message.html?_=1690945837450&CODE_STATE=getMsg HTTP/1.1" 302 -
180.169.147.146 - - [02/Aug/2023:11:10:39 +0800] "GET /xingrg/all/function/internal_message.html?_=1690945839307&CODE_STATE=getMsg HTTP/1.1" 302 -
101.83.145.37 - - [02/Aug/2023:11:10:40 +0800] "POST /xingrg/kc/buy/cgsh_order_operate.html HTTP/1.1" 200 37
120.253.135.82 - - [02/Aug/2023:11:10:45 +0800] "GET /xingrg/all/function/internal_message.html?_=1690945665390&CODE_STATE=getMsg HTTP/1.1" 200 27
120.253.135.82 - - [02/Aug/2023:11:10:46 +0800] "POST /xingrg/all/common/load_combo.html?type=base HTTP/1.1" 200 1169
116.230.117.43 - - [02/Aug/2023:11:10:49 +0800] "GET /xingrg/all/function/internal_message.html?_=1690945859108&CODE_STATE=getMsg HTTP/1.1" 200 27
222.70.180.90 - - [02/Aug/2023:11:10:49 +0800] "GET /xingrg/all/function/internal_message.html?_=1690945848472&CODE_STATE=getMsg HTTP/1.1" 200 27
180.152.241.196 - - [02/Aug/2023:11:10:52 +0800] "GET /xingrg/check_reg.html?_=1690945856987 HTTP/1.1" 200 22
180.152.241.196 - - [02/Aug/2023:11:10:52 +0800] "GET /xingrg/all/function/internal_message.html?_=1690945856989&CODE_STATE=getMsg HTTP/1.1" 200 27
222.70.180.90 - - [02/Aug/2023:11:10:53 +0800] "GET /xingrg/all/function/internal_message.html?_=1690946091043&CODE_STATE=getMsg HTTP/1.1" 200 27
101.83.145.37 - - [02/Aug/2023:11:10:53 +0800] "POST /xingrg/kc/buy/cgsh_order_operate.html HTTP/1.1" 200 4436
114.83.222.132 - - [02/Aug/2023:11:10:53 +0800] "POST /xingrg/services/DataTransmitService HTTP/1.1" 200 501
101.83.145.37 - - [02/Aug/2023:11:10:55 +0800] "GET /xingrg/kc/print/load_data.html?order_code=212023080200474&kc_code=cgsh&condition= HTTP/1.1" 200 1352
222.70.180.90 - - [02/Aug/2023:11:10:55 +0800] "GET /xingrg/all/function/internal_message.html?_=1690945854598&CODE_STATE=getMsg HTTP/1.1" 200 27
120.253.135.82 - - [02/Aug/2023:11:10:56 +0800] "GET /xingrg/kc/pszx/mdps_order_operate.html?command=get_materiel&pszx_code=00101&rest_code=00150&base_code=0010246&code=00102015076 HTTP/1.1" 200 435
222.70.180.90 - - [02/Aug/2023:11:10:57 +0800] "GET /xingrg/all/function/internal_message.html?_=1690945856133&CODE_STATE=getMsg HTTP/1.1" 200 27
222.64.144.188 - - [02/Aug/2023:11:10:58 +0800] "GET /xingrg/all/function/internal_message.html?_=1690945858261&CODE_STATE=getMsg HTTP/1.1" 302 -
222.70.180.90 - - [02/Aug/2023:11:11:00 +0800] "GET /xingrg/all/function/internal_message.html?_=1690945862137&CODE_STATE=getMsg HTTP/1.1" 200 27
124.79.243.110 - - [02/Aug/2023:11:11:01 +0800] "GET /xingrg/all/function/internal_message.html?_=1690946149011&CODE_STATE=getMsg HTTP/1.1" 302 -
101.83.145.37 - - [02/Aug/2023:11:11:01 +0800] "GET /xingrg/kc/buy/cgsh_order_add.html HTTP/1.1" 200 71844
101.83.145.37 - - [02/Aug/2023:11:11:01 +0800] "POST /xingrg/kc/buy/cgsh_order_operate.html HTTP/1.1" 200 8245
101.83.145.37 - - [02/Aug/2023:11:11:01 +0800] "GET /xingrg/javascript/easyui/themes/default/validatebox.css HTTP/1.1" 404 1104
124.79.243.110 - - [02/Aug/2023:11:11:01 +0800] "GET /xingrg/check_reg.html?_=1690945860613 HTTP/1.1" 302 -
101.83.145.37 - - [02/Aug/2023:11:11:01 +0800] "GET /xingrg/javascript/auto/indicator.gif HTTP/1.1" 404 1066
58.40.7.146 - - [02/Aug/2023:11:11:01 +0800] "GET /xingrg/all/function/internal_message.html?_=1690945861960&CODE_STATE=getMsg HTTP/1.1" 302 -
120.253.135.82 - - [02/Aug/2023:11:11:02 +0800] "POST /xingrg/kc/pszx/mdps_order_operate.html HTTP/1.1" 200 37
114.83.217.26 - - [02/Aug/2023:11:11:03 +0800] "GET /xingrg/all/function/internal_message.html?_=1690945993883&CODE_STATE=getMsg HTTP/1.1" 302 -
120.253.135.82 - - [02/Aug/2023:11:11:03 +0800] "GET /xingrg/kc/pszx/mdps_order_info.html?code=312023080200076 HTTP/1.1" 200 23978
120.253.135.82 - - [02/Aug/2023:11:11:04 +0800] "GET /xingrg/javascript/easyui/themes/default/validatebox.css HTTP/1.1" 404 1104
120.253.135.82 - - [02/Aug/2023:11:11:04 +0800] "POST /xingrg/kc/pszx/mdps_order_operate.html HTTP/1.1" 200 2280
180.169.147.146 - - [02/Aug/2023:11:11:05 +0800] "GET /xingrg/check_reg.html?_=1690945865258 HTTP/1.1" 302 -
180.169.147.146 - - [02/Aug/2023:11:11:05 +0800] "GET /xingrg/all/function/internal_message.html?_=1690945865256&CODE_STATE=getMsg HTTP/1.1" 302 -
120.253.135.82 - - [02/Aug/2023:11:11:07 +0800] "GET /xingrg/kc/print/load_data.html?order_code=312023080200076&kc_code=mdps&condition= HTTP/1.1" 200 671
222.70.180.90 - - [02/Aug/2023:11:11:09 +0800] "GET /xingrg/all/function/internal_message.html?_=1690945868160&CODE_STATE=getMsg HTTP/1.1" 200 27
180.169.147.146 - - [02/Aug/2023:11:11:10 +0800] "GET /xingrg/all/function/internal_message.html?_=1690945869097&CODE_STATE=getMsg HTTP/1.1" 200 27
116.238.191.126 - - [02/Aug/2023:11:11:11 +0800] "GET /xingrg/kc/buy/cgsh_order_add.html HTTP/1.1" 200 71818
116.238.191.126 - - [02/Aug/2023:11:11:11 +0800] "POST /xingrg/kc/buy/cgsh_order_operate.html HTTP/1.1" 200 8245
116.238.191.126 - - [02/Aug/2023:11:11:12 +0800] "GET /xingrg/javascript/easyui/themes/default/validatebox.css HTTP/1.1" 404 1104
180.152.241.196 - - [02/Aug/2023:11:11:16 +0800] "GET /xingrg/all/function/internal_message.html?_=1690945877131&CODE_STATE=getMsg HTTP/1.1" 200 27
101.83.145.37 - - [02/Aug/2023:11:11:26 +0800] "GET /xingrg/all/function/internal_message.html?_=1690945693040&CODE_STATE=getMsg HTTP/1.1" 200 27
116.238.191.126 - - [02/Aug/2023:11:11:27 +0800] "GET /xingrg/all/function/internal_message.html?_=1690945765154&CODE_STATE=getMsg HTTP/1.1" 200 27
101.83.145.37 - - [02/Aug/2023:11:11:27 +0800] "GET /xingrg/check_reg.html?_=1690945694150 HTTP/1.1" 200 22
124.78.155.92 - - [02/Aug/2023:11:11:27 +0800] "GET /xingrg/all/function/internal_message.html?_=1690945885578&CODE_STATE=getMsg HTTP/1.1" 200 27
116.238.191.126 - - [02/Aug/2023:11:11:27 +0800] "GET /xingrg/kc/buy/cgsh_order_operate.html?command=get_materiel&rest_code=00150&code=00101002038&supplier_code=00100087&order_time=2023-08-02 HTTP/1.1" 200 418
116.232.195.127 - - [02/Aug/2023:11:11:29 +0800] "GET /xingrg/all/function/internal_message.html?_=1690945829178&CODE_STATE=getMsg HTTP/1.1" 200 27
114.85.113.108 - - [02/Aug/2023:11:11:33 +0800] "GET /xingrg/all/function/internal_message.html?_=1690945890274&CODE_STATE=getMsg HTTP/1.1" 200 27
180.169.147.146 - - [02/Aug/2023:11:11:33 +0800] "GET /xingrg/all/function/internal_message.html?_=1690945890640&CODE_STATE=getMsg HTTP/1.1" 200 27
124.78.70.128 - - [02/Aug/2023:11:11:34 +0800] "GET /xingrg/all/function/internal_message.html?_=1690945358074&CODE_STATE=getMsg HTTP/1.1" 200 27
222.70.180.90 - - [02/Aug/2023:11:11:34 +0800] "GET /xingrg/all/function/internal_message.html?_=1690945894090&CODE_STATE=getMsg HTTP/1.1" 200 27
101.83.145.37 - - [02/Aug/2023:11:11:35 +0800] "GET /xingrg/kc/buy/cgsh_order_operate.html?command=get_materiel&rest_code=00105&code=00101002035&supplier_code=00100094&order_time=2023-08-02 HTTP/1.1" 200 417
180.165.154.167 - - [02/Aug/2023:11:11:35 +0800] "GET /xingrg/all/function/internal_message.html?_=1690945894641&CODE_STATE=getMsg HTTP/1.1" 200 27
124.79.243.110 - - [02/Aug/2023:11:11:38 +0800] "GET /xingrg/all/function/internal_message.html?_=1690945897430&CODE_STATE=getMsg HTTP/1.1" 302 -
180.169.147.146 - - [02/Aug/2023:11:11:39 +0800] "GET /xingrg/all/function/internal_message.html?_=1690945899298&CODE_STATE=getMsg HTTP/1.1" 302 -
116.238.191.126 - - [02/Aug/2023:11:11:40 +0800] "POST /xingrg/kc/buy/cgsh_order_operate.html HTTP/1.1" 200 37
101.83.145.37 - - [02/Aug/2023:11:11:41 +0800] "GET /xingrg/all/function/internal_message.html?_=1690945901873&CODE_STATE=getMsg HTTP/1.1" 200 27
120.253.135.82 - - [02/Aug/2023:11:11:45 +0800] "GET /xingrg/all/function/internal_message.html?_=1690945725404&CODE_STATE=getMsg HTTP/1.1" 200 27
116.238.191.126 - - [02/Aug/2023:11:11:47 +0800] "POST /xingrg/kc/buy/cgsh_order_operate.html HTTP/1.1" 200 12
124.78.70.128 - - [02/Aug/2023:11:11:48 +0800] "GET /xingrg/kc/buy/cgsh_order_operate.html?command=get_materiel&rest_code=00141&code=00101002002&supplier_code=00100087&order_time=2023-08-02 HTTP/1.1" 200 420
116.238.191.126 - - [02/Aug/2023:11:11:49 +0800] "GET /xingrg/kc/buy/cgsh_order_info.html?code=212023080200475 HTTP/1.1" 200 66731
116.230.117.43 - - [02/Aug/2023:11:11:49 +0800] "GET /xingrg/all/function/internal_message.html?_=1690945919121&CODE_STATE=getMsg HTTP/1.1" 200 27
222.70.180.90 - - [02/Aug/2023:11:11:49 +0800] "GET /xingrg/check_reg.html?_=1690945908472 HTTP/1.1" 200 22
222.70.180.90 - - [02/Aug/2023:11:11:49 +0800] "GET /xingrg/all/function/internal_message.html?_=1690945908474&CODE_STATE=getMsg HTTP/1.1" 200 27
116.238.191.126 - - [02/Aug/2023:11:11:49 +0800] "GET /xingrg/javascript/easyui/themes/default/validatebox.css HTTP/1.1" 404 1104
116.238.191.126 - - [02/Aug/2023:11:11:50 +0800] "POST /xingrg/kc/buy/cgsh_order_operate.html HTTP/1.1" 200 614
180.152.241.196 - - [02/Aug/2023:11:11:52 +0800] "GET /xingrg/all/function/internal_message.html?_=1690945916990&CODE_STATE=getMsg HTTP/1.1" 200 27
222.70.180.90 - - [02/Aug/2023:11:11:53 +0800] "GET /xingrg/all/function/internal_message.html?_=1690946151044&CODE_STATE=getMsg HTTP/1.1" 200 27
101.83.145.37 - - [02/Aug/2023:11:11:54 +0800] "POST /xingrg/kc/buy/cgsh_order_operate.html HTTP/1.1" 200 37
116.238.191.126 - - [02/Aug/2023:11:11:54 +0800] "GET /xingrg/kc/print/load_data.html?order_code=212023080200475&kc_code=cgsh&condition= HTTP/1.1" 200 788
222.70.180.90 - - [02/Aug/2023:11:11:55 +0800] "GET /xingrg/all/function/internal_message.html?_=1690945914609&CODE_STATE=getMsg HTTP/1.1" 200 27
218.81.71.13 - - [02/Aug/2023:11:11:55 +0800] "GET /xingrg/check_reg.html?_=1690945914876 HTTP/1.1" 302 -
101.83.145.37 - - [02/Aug/2023:11:11:56 +0800] "POST /xingrg/kc/buy/cgsh_order_operate.html HTTP/1.1" 200 2666
222.70.180.90 - - [02/Aug/2023:11:11:57 +0800] "GET /xingrg/all/function/internal_message.html?_=1690945916140&CODE_STATE=getMsg HTTP/1.1" 200 27
222.64.144.188 - - [02/Aug/2023:11:11:58 +0800] "GET /xingrg/all/function/internal_message.html?_=1690945918263&CODE_STATE=getMsg HTTP/1.1" 302 -
222.64.144.188 - - [02/Aug/2023:11:11:58 +0800] "GET /xingrg/check_reg.html?_=1690945918266 HTTP/1.1" 302 -
101.83.145.37 - - [02/Aug/2023:11:11:58 +0800] "GET /xingrg/kc/print/load_data.html?order_code=212023080200476&kc_code=cgsh&condition= HTTP/1.1" 200 752
180.169.147.146 - - [02/Aug/2023:11:11:59 +0800] "GET /xingrg/check_reg.html?_=1690945917809 HTTP/1.1" 200 22
222.70.180.90 - - [02/Aug/2023:11:12:00 +0800] "GET /xingrg/all/function/internal_message.html?_=1690945922137&CODE_STATE=getMsg HTTP/1.1" 200 27
124.79.243.110 - - [02/Aug/2023:11:12:01 +0800] "GET /xingrg/all/function/internal_message.html?_=1690946208982&CODE_STATE=getMsg HTTP/1.1" 302 -
58.40.7.146 - - [02/Aug/2023:11:12:01 +0800] "GET /xingrg/all/function/internal_message.html?_=1690945921951&CODE_STATE=getMsg HTTP/1.1" 302 -
116.238.191.126 - - [02/Aug/2023:11:12:02 +0800] "GET /xingrg/kc/buy/cgsh_order_add.html HTTP/1.1" 200 71818
116.238.191.126 - - [02/Aug/2023:11:12:02 +0800] "POST /xingrg/kc/buy/cgsh_order_operate.html HTTP/1.1" 200 8245
116.238.191.126 - - [02/Aug/2023:11:12:02 +0800] "GET /xingrg/javascript/easyui/themes/default/validatebox.css HTTP/1.1" 404 1104
101.83.145.37 - - [02/Aug/2023:11:12:02 +0800] "GET /xingrg/kc/buy/cgsh_order_add.html HTTP/1.1" 200 71844
101.83.145.37 - - [02/Aug/2023:11:12:03 +0800] "GET /xingrg/javascript/easyui/themes/default/validatebox.css HTTP/1.1" 404 1104
101.83.145.37 - - [02/Aug/2023:11:12:03 +0800] "POST /xingrg/kc/buy/cgsh_order_operate.html HTTP/1.1" 200 8245
114.83.217.26 - - [02/Aug/2023:11:12:03 +0800] "GET /xingrg/all/function/internal_message.html?_=1690946053873&CODE_STATE=getMsg HTTP/1.1" 302 -
116.230.117.43 - - [02/Aug/2023:11:12:04 +0800] "GET /xingrg/check_reg.html?_=1690945934753 HTTP/1.1" 200 22
101.83.145.37 - - [02/Aug/2023:11:12:04 +0800] "GET /xingrg/javascript/auto/indicator.gif HTTP/1.1" 404 1066
124.78.70.128 - - [02/Aug/2023:11:12:05 +0800] "POST /xingrg/kc/buy/cgsh_order_operate.html HTTP/1.1" 200 37
180.169.147.146 - - [02/Aug/2023:11:12:05 +0800] "GET /xingrg/all/function/internal_message.html?_=1690945925255&CODE_STATE=getMsg HTTP/1.1" 302 -
222.70.180.90 - - [02/Aug/2023:11:12:09 +0800] "GET /xingrg/all/function/internal_message.html?_=1690945928158&CODE_STATE=getMsg HTTP/1.1" 200 27
222.70.180.90 - - [02/Aug/2023:11:12:09 +0800] "GET /xingrg/check_reg.html?_=1690945928160 HTTP/1.1" 200 22
180.169.147.146 - - [02/Aug/2023:11:12:10 +0800] "GET /xingrg/all/function/internal_message.html?_=1690945929079&CODE_STATE=getMsg HTTP/1.1" 200 27
116.230.117.43 - - [02/Aug/2023:11:12:10 +0800] "GET /xingrg/kc/buy/cgsh_order_operate.html?command=get_materiel&rest_code=00146&code=00101012025&supplier_code=00100033&order_time=2023-08-02 HTTP/1.1" 200 412
124.78.70.128 - - [02/Aug/2023:11:12:12 +0800] "POST /xingrg/kc/buy/cgsh_order_operate.html HTTP/1.1" 200 12
116.238.191.126 - - [02/Aug/2023:11:12:13 +0800] "GET /xingrg/kc/buy/cgsh_order_operate.html?command=get_materiel&rest_code=00150&code=00101001037&supplier_code=00100090&order_time=2023-08-02 HTTP/1.1" 200 418
222.70.180.90 - - [02/Aug/2023:11:12:13 +0800] "GET /xingrg/kc/base/wldb_order_list.html HTTP/1.1" 200 19438
124.78.70.128 - - [02/Aug/2023:11:12:14 +0800] "GET /xingrg/kc/buy/cgsh_order_info.html?code=212023080200477 HTTP/1.1" 200 66671
124.78.70.128 - - [02/Aug/2023:11:12:15 +0800] "GET /xingrg/javascript/easyui/themes/default/validatebox.css HTTP/1.1" 404 1104
222.70.180.90 - - [02/Aug/2023:11:12:15 +0800] "POST /xingrg/kc/base/wldb_list_operate.html HTTP/1.1" 200 1785
124.78.70.128 - - [02/Aug/2023:11:12:16 +0800] "POST /xingrg/kc/buy/cgsh_order_operate.html HTTP/1.1" 200 1216
101.83.145.37 - - [02/Aug/2023:11:12:16 +0800] "GET /xingrg/kc/buy/cgsh_order_operate.html?command=get_materiel&rest_code=00105&code=00101002038&supplier_code=00100087&order_time=2023-08-02 HTTP/1.1" 200 416
180.152.241.196 - - [02/Aug/2023:11:12:16 +0800] "GET /xingrg/all/function/internal_message.html?_=1690945937137&CODE_STATE=getMsg HTTP/1.1" 200 27
124.78.70.128 - - [02/Aug/2023:11:12:17 +0800] "GET /xingrg/kc/print/load_data.html?order_code=212023080200477&kc_code=cgsh&condition= HTTP/1.1" 200 1005
222.70.180.90 - - [02/Aug/2023:11:12:19 +0800] "POST /xingrg/kc/base/wldb_list_operate.html HTTP/1.1" 200 6214
222.70.180.90 - - [02/Aug/2023:11:12:22 +0800] "POST /xingrg/kc/base/wldb_list_operate.html HTTP/1.1" 200 448
222.70.180.90 - - [02/Aug/2023:11:12:24 +0800] "POST /xingrg/kc/base/wldb_list_operate.html HTTP/1.1" 200 346
222.70.180.90 - - [02/Aug/2023:11:12:26 +0800] "POST /xingrg/kc/base/wldb_list_operate.html HTTP/1.1" 200 372
124.78.70.128 - - [02/Aug/2023:11:12:26 +0800] "GET /xingrg/kc/buy/cgsh_order_add.html HTTP/1.1" 200 71762
101.83.145.37 - - [02/Aug/2023:11:12:26 +0800] "GET /xingrg/all/function/internal_message.html?_=1690945753011&CODE_STATE=getMsg HTTP/1.1" 200 27
124.78.70.128 - - [02/Aug/2023:11:12:26 +0800] "POST /xingrg/kc/buy/cgsh_order_operate.html HTTP/1.1" 200 8245
124.78.70.128 - - [02/Aug/2023:11:12:26 +0800] "GET /xingrg/javascript/easyui/themes/default/validatebox.css HTTP/1.1" 404 1104
116.238.191.126 - - [02/Aug/2023:11:12:27 +0800] "GET /xingrg/all/function/internal_message.html?_=1690945825167&CODE_STATE=getMsg HTTP/1.1" 200 27
222.70.180.90 - - [02/Aug/2023:11:12:27 +0800] "POST /xingrg/kc/base/wldb_list_operate.html HTTP/1.1" 200 626
124.78.155.92 - - [02/Aug/2023:11:12:27 +0800] "GET /xingrg/all/function/internal_message.html?_=1690945945580&CODE_STATE=getMsg HTTP/1.1" 200 27
101.83.145.37 - - [02/Aug/2023:11:12:28 +0800] "POST /xingrg/kc/buy/cgsh_order_operate.html HTTP/1.1" 200 37
124.79.243.110 - - [02/Aug/2023:11:12:28 +0800] "POST /xingrg/services/DataTransmitService HTTP/1.1" 200 524
120.253.135.82 - - [02/Aug/2023:11:12:28 +0800] "POST /xingrg/kc/pszx/mdps_order_operate.html HTTP/1.1" 200 37
116.232.195.127 - - [02/Aug/2023:11:12:29 +0800] "GET /xingrg/all/function/internal_message.html?_=1690945889172&CODE_STATE=getMsg HTTP/1.1" 200 27
222.70.180.90 - - [02/Aug/2023:11:12:30 +0800] "POST /xingrg/kc/base/wldb_list_operate.html HTTP/1.1" 200 10406
116.230.117.43 - - [02/Aug/2023:11:12:32 +0800] "GET /xingrg/kc/buy/cgsh_order_operate.html?command=get_materiel&rest_code=00146&code=00101012029&supplier_code=00100033&order_time=2023-08-02 HTTP/1.1" 200 412
114.85.113.108 - - [02/Aug/2023:11:12:33 +0800] "GET /xingrg/all/function/internal_message.html?_=1690945950272&CODE_STATE=getMsg HTTP/1.1" 200 27
180.169.147.146 - - [02/Aug/2023:11:12:33 +0800] "GET /xingrg/all/function/internal_message.html?_=1690945950623&CODE_STATE=getMsg HTTP/1.1" 200 27
124.78.70.128 - - [02/Aug/2023:11:12:34 +0800] "GET /xingrg/all/function/internal_message.html?_=1690945418097&CODE_STATE=getMsg HTTP/1.1" 200 27
124.78.70.128 - - [02/Aug/2023:11:12:34 +0800] "GET /xingrg/check_reg.html?_=1690945418098 HTTP/1.1" 200 22
120.253.135.82 - - [02/Aug/2023:11:12:34 +0800] "POST /xingrg/kc/pszx/mdps_order_operate.html HTTP/1.1" 200 12
101.83.145.37 - - [02/Aug/2023:11:12:34 +0800] "POST /xingrg/kc/buy/cgsh_order_operate.html HTTP/1.1" 200 2663
222.70.180.90 - - [02/Aug/2023:11:12:34 +0800] "GET /xingrg/check_reg.html?_=1690945954079 HTTP/1.1" 200 22
222.70.180.90 - - [02/Aug/2023:11:12:34 +0800] "GET /xingrg/all/function/internal_message.html?_=1690945954083&CODE_STATE=getMsg HTTP/1.1" 200 27
180.165.154.167 - - [02/Aug/2023:11:12:35 +0800] "GET /xingrg/all/function/internal_message.html?_=1690945954627&CODE_STATE=getMsg HTTP/1.1" 200 27
120.253.135.82 - - [02/Aug/2023:11:12:36 +0800] "GET /xingrg/kc/pszx/mdps_order_info.html?code=312023080200076 HTTP/1.1" 200 19638
101.83.145.37 - - [02/Aug/2023:11:12:36 +0800] "GET /xingrg/kc/print/load_data.html?order_code=212023080200478&kc_code=cgsh&condition= HTTP/1.1" 200 721
222.70.180.90 - - [02/Aug/2023:11:12:37 +0800] "GET /xingrg/kc/base/yddb_order_list.html HTTP/1.1" 200 16789
120.253.135.82 - - [02/Aug/2023:11:12:37 +0800] "GET /xingrg/javascript/easyui/themes/default/validatebox.css HTTP/1.1" 404 1104
120.253.135.82 - - [02/Aug/2023:11:12:37 +0800] "POST /xingrg/kc/pszx/mdps_order_operate.html HTTP/1.1" 200 500
222.70.180.90 - - [02/Aug/2023:11:12:37 +0800] "POST /xingrg/kc/base/yddb_list_operate.html HTTP/1.1" 200 636
124.79.243.110 - - [02/Aug/2023:11:12:38 +0800] "GET /xingrg/all/function/internal_message.html?_=1690945957404&CODE_STATE=getMsg HTTP/1.1" 302 -
120.253.135.82 - - [02/Aug/2023:11:12:39 +0800] "GET /xingrg/check_reg.html?_=1690945779413 HTTP/1.1" 200 22
180.169.147.146 - - [02/Aug/2023:11:12:39 +0800] "GET /xingrg/all/function/internal_message.html?_=1690945959287&CODE_STATE=getMsg HTTP/1.1" 302 -
222.70.180.90 - - [02/Aug/2023:11:12:40 +0800] "POST /xingrg/kc/base/yddb_list_operate.html HTTP/1.1" 200 6809
101.83.145.37 - - [02/Aug/2023:11:12:40 +0800] "GET /xingrg/kc/buy/cgsh_order_add.html HTTP/1.1" 200 71844
101.83.145.37 - - [02/Aug/2023:11:12:41 +0800] "GET /xingrg/javascript/easyui/themes/default/validatebox.css HTTP/1.1" 404 1104
101.83.145.37 - - [02/Aug/2023:11:12:41 +0800] "POST /xingrg/kc/buy/cgsh_order_operate.html HTTP/1.1" 200 8245
124.78.70.128 - - [02/Aug/2023:11:12:41 +0800] "GET /xingrg/kc/buy/cgsh_order_operate.html?command=get_materiel&rest_code=00141&code=00101008061&supplier_code=00100339&order_time=2023-08-02 HTTP/1.1" 200 423
101.83.145.37 - - [02/Aug/2023:11:12:41 +0800] "GET /xingrg/all/function/internal_message.html?_=1690945961847&CODE_STATE=getMsg HTTP/1.1" 200 27
101.83.145.37 - - [02/Aug/2023:11:12:41 +0800] "GET /xingrg/check_reg.html?_=1690945961910 HTTP/1.1" 200 22
101.83.145.37 - - [02/Aug/2023:11:12:42 +0800] "GET /xingrg/javascript/auto/indicator.gif HTTP/1.1" 404 1066
120.253.135.82 - - [02/Aug/2023:11:12:45 +0800] "GET /xingrg/all/function/internal_message.html?_=1690945785468&CODE_STATE=getMsg HTTP/1.1" 200 27
116.238.191.126 - - [02/Aug/2023:11:12:48 +0800] "GET /xingrg/kc/buy/cgsh_order_operate.html?command=get_materiel&rest_code=00150&code=00101001140&supplier_code=00100090&order_time=2023-08-02 HTTP/1.1" 200 415
120.253.135.82 - - [02/Aug/2023:11:12:48 +0800] "POST /xingrg/kc/pszx/mdps_list_operate.html HTTP/1.1" 200 5039
116.230.117.43 - - [02/Aug/2023:11:12:49 +0800] "GET /xingrg/all/function/internal_message.html?_=1690945979134&CODE_STATE=getMsg HTTP/1.1" 200 27
222.70.180.90 - - [02/Aug/2023:11:12:49 +0800] "GET /xingrg/all/function/internal_message.html?_=1690945968499&CODE_STATE=getMsg HTTP/1.1" 200 27
124.78.70.128 - - [02/Aug/2023:11:12:51 +0800] "GET /xingrg/kc/buy/cgsh_order_operate.html?command=get_materiel&rest_code=00141&code=00101008130&supplier_code=00100339&order_time=2023-08-02 HTTP/1.1" 200 413
180.152.241.196 - - [02/Aug/2023:11:12:52 +0800] "GET /xingrg/all/function/internal_message.html?_=1690945976994&CODE_STATE=getMsg HTTP/1.1" 200 27
222.70.180.90 - - [02/Aug/2023:11:12:53 +0800] "GET /xingrg/all/function/internal_message.html?_=1690946211081&CODE_STATE=getMsg HTTP/1.1" 200 27
120.253.135.82 - - [02/Aug/2023:11:12:54 +0800] "POST /xingrg/kc/pszx/mdps_list_operate.html HTTP/1.1" 200 278
101.83.145.37 - - [02/Aug/2023:11:12:55 +0800] "GET /xingrg/kc/buy/cgsh_order_operate.html?command=get_materiel&rest_code=00105&code=00101006164&supplier_code=00100326&order_time=2023-08-02 HTTP/1.1" 200 415
222.70.180.90 - - [02/Aug/2023:11:12:55 +0800] "GET /xingrg/all/function/internal_message.html?_=1690945974593&CODE_STATE=getMsg HTTP/1.1" 200 27
120.253.135.82 - - [02/Aug/2023:11:12:56 +0800] "GET /xingrg/kc/pszx/mdps_order_info.html?code=312023080100018 HTTP/1.1" 200 23978
222.70.180.90 - - [02/Aug/2023:11:12:57 +0800] "GET /xingrg/check_reg.html?_=1690945976139 HTTP/1.1" 200 22
