116.232.195.127 - - [02/Aug/2023:06:30:46 +0800] "GET /xingrg/all/function/internal_message.html?_=1690928987053&CODE_STATE=getMsg HTTP/1.1" 200 27
222.64.144.188 - - [02/Aug/2023:06:30:58 +0800] "GET /xingrg/all/function/internal_message.html?_=1690929057978&CODE_STATE=getMsg HTTP/1.1" 200 27
124.79.243.110 - - [02/Aug/2023:06:31:01 +0800] "GET /xingrg/check_reg.html?_=1690929060625 HTTP/1.1" 200 22
180.152.241.196 - - [02/Aug/2023:06:31:06 +0800] "GET /xingrg/all/function/internal_message.html?_=1690929069605&CODE_STATE=getMsg HTTP/1.1" 200 27
116.230.112.71 - - [02/Aug/2023:06:31:17 +0800] "GET /xingrg/all/function/internal_message.html?_=1690929086723&CODE_STATE=getMsg HTTP/1.1" 200 27
120.253.135.82 - - [02/Aug/2023:06:31:27 +0800] "GET /xingrg/all/function/internal_message.html?_=1690928908569&CODE_STATE=getMsg HTTP/1.1" 200 27
58.40.7.146 - - [02/Aug/2023:06:31:32 +0800] "GET /xingrg/all/function/internal_message.html?_=1690929092267&CODE_STATE=getMsg HTTP/1.1" 200 27
114.85.113.108 - - [02/Aug/2023:06:31:33 +0800] "GET /xingrg/check_reg.html?_=1690929090324 HTTP/1.1" 302 -
120.253.135.82 - - [02/Aug/2023:06:31:37 +0800] "POST /xingrg/kc/pszx/mdps_order_operate.html HTTP/1.1" 200 37
120.253.135.82 - - [02/Aug/2023:06:31:39 +0800] "GET /xingrg/kc/pszx/mdps_order_info.html?code=312023080200062 HTTP/1.1" 200 23978
120.253.135.82 - - [02/Aug/2023:06:31:40 +0800] "GET /xingrg/javascript/easyui/themes/default/validatebox.css HTTP/1.1" 404 1104
120.253.135.82 - - [02/Aug/2023:06:31:40 +0800] "POST /xingrg/kc/pszx/mdps_order_operate.html HTTP/1.1" 200 4712
124.79.243.110 - - [02/Aug/2023:06:31:43 +0800] "GET /xingrg/all/function/internal_message.html?_=1690929102879&CODE_STATE=getMsg HTTP/1.1" 200 27
116.232.195.127 - - [02/Aug/2023:06:31:46 +0800] "GET /xingrg/all/function/internal_message.html?_=1690929047089&CODE_STATE=getMsg HTTP/1.1" 200 27
180.152.241.196 - - [02/Aug/2023:06:31:47 +0800] "GET /xingrg/check_reg.html?_=1690929111134 HTTP/1.1" 200 22
222.64.144.188 - - [02/Aug/2023:06:31:58 +0800] "GET /xingrg/all/function/internal_message.html?_=1690929117980&CODE_STATE=getMsg HTTP/1.1" 200 27
222.64.144.188 - - [02/Aug/2023:06:31:58 +0800] "GET /xingrg/check_reg.html?_=1690929117984 HTTP/1.1" 200 22
180.152.241.196 - - [02/Aug/2023:06:32:06 +0800] "GET /xingrg/all/function/internal_message.html?_=1690929129575&CODE_STATE=getMsg HTTP/1.1" 200 27
116.230.112.71 - - [02/Aug/2023:06:32:17 +0800] "GET /xingrg/all/function/internal_message.html?_=1690929146871&CODE_STATE=getMsg HTTP/1.1" 200 27
120.253.135.82 - - [02/Aug/2023:06:32:27 +0800] "GET /xingrg/all/function/internal_message.html?_=1690928968572&CODE_STATE=getMsg HTTP/1.1" 200 27
58.40.7.146 - - [02/Aug/2023:06:32:32 +0800] "GET /xingrg/all/function/internal_message.html?_=1690929152270&CODE_STATE=getMsg HTTP/1.1" 200 27
124.79.243.110 - - [02/Aug/2023:06:32:43 +0800] "GET /xingrg/all/function/internal_message.html?_=1690929162857&CODE_STATE=getMsg HTTP/1.1" 200 27
116.232.195.127 - - [02/Aug/2023:06:32:46 +0800] "GET /xingrg/all/function/internal_message.html?_=1690929107084&CODE_STATE=getMsg HTTP/1.1" 200 27
120.253.135.82 - - [02/Aug/2023:06:32:57 +0800] "POST /xingrg/kc/pszx/mdps_list_operate.html HTTP/1.1" 200 4291
222.64.144.188 - - [02/Aug/2023:06:32:58 +0800] "GET /xingrg/all/function/internal_message.html?_=1690929177985&CODE_STATE=getMsg HTTP/1.1" 200 27
120.253.135.82 - - [02/Aug/2023:06:32:58 +0800] "POST /xingrg/kc/pszx/mdps_list_operate.html HTTP/1.1" 200 212
120.253.135.82 - - [02/Aug/2023:06:33:01 +0800] "GET /xingrg/kc/pszx/mdps_order_info.html?code=312023080200063 HTTP/1.1" 200 23978
120.253.135.82 - - [02/Aug/2023:06:33:02 +0800] "GET /xingrg/javascript/easyui/themes/default/validatebox.css HTTP/1.1" 404 1104
116.230.112.71 - - [02/Aug/2023:06:33:03 +0800] "GET /xingrg/check_reg.html?_=1690929192230 HTTP/1.1" 200 22
120.253.135.82 - - [02/Aug/2023:06:33:03 +0800] "POST /xingrg/kc/pszx/mdps_order_operate.html HTTP/1.1" 200 2287
180.152.241.196 - - [02/Aug/2023:06:33:06 +0800] "GET /xingrg/all/function/internal_message.html?_=1690929189586&CODE_STATE=getMsg HTTP/1.1" 200 27
120.253.135.82 - - [02/Aug/2023:06:33:06 +0800] "POST /xingrg/kc/pszx/mdps_order_operate.html HTTP/1.1" 200 37
120.253.135.82 - - [02/Aug/2023:06:33:08 +0800] "GET /xingrg/kc/pszx/mdps_order_info.html?code=312023080200063 HTTP/1.1" 200 23978
120.253.135.82 - - [02/Aug/2023:06:33:08 +0800] "GET /xingrg/javascript/easyui/themes/default/validatebox.css HTTP/1.1" 404 1104
120.253.135.82 - - [02/Aug/2023:06:33:09 +0800] "POST /xingrg/kc/pszx/mdps_order_operate.html HTTP/1.1" 200 2294
120.253.135.82 - - [02/Aug/2023:06:33:11 +0800] "POST /xingrg/kc/pszx/mdps_list_operate.html HTTP/1.1" 200 4291
120.253.135.82 - - [02/Aug/2023:06:33:12 +0800] "POST /xingrg/kc/pszx/mdps_list_operate.html HTTP/1.1" 200 201
116.230.112.71 - - [02/Aug/2023:06:33:17 +0800] "GET /xingrg/all/function/internal_message.html?_=1690929206875&CODE_STATE=getMsg HTTP/1.1" 200 27
120.253.135.82 - - [02/Aug/2023:06:33:20 +0800] "GET /xingrg/kc/pszx/mdps_order_info.html?code=312023072300520 HTTP/1.1" 200 23978
120.253.135.82 - - [02/Aug/2023:06:33:20 +0800] "GET /xingrg/javascript/easyui/themes/default/validatebox.css HTTP/1.1" 404 1104
120.253.135.82 - - [02/Aug/2023:06:33:21 +0800] "POST /xingrg/kc/pszx/mdps_order_operate.html HTTP/1.1" 200 2274
120.253.135.82 - - [02/Aug/2023:06:33:23 +0800] "GET /xingrg/javascript/jquery_tools/images/prev.gif HTTP/1.1" 404 1086
120.253.135.82 - - [02/Aug/2023:06:33:23 +0800] "GET /xingrg/javascript/jquery_tools/images/next.gif HTTP/1.1" 404 1086
120.253.135.82 - - [02/Aug/2023:06:33:27 +0800] "GET /xingrg/check_reg.html?_=1690929027771 HTTP/1.1" 200 22
120.253.135.82 - - [02/Aug/2023:06:33:27 +0800] "GET /xingrg/all/function/internal_message.html?_=1690929028585&CODE_STATE=getMsg HTTP/1.1" 200 27
58.40.7.146 - - [02/Aug/2023:06:33:32 +0800] "GET /xingrg/check_reg.html?_=1690929212270 HTTP/1.1" 200 22
58.40.7.146 - - [02/Aug/2023:06:33:32 +0800] "GET /xingrg/all/function/internal_message.html?_=1690929212272&CODE_STATE=getMsg HTTP/1.1" 200 27
120.253.135.82 - - [02/Aug/2023:06:33:36 +0800] "POST /xingrg/kc/pszx/mdps_order_operate.html HTTP/1.1" 200 37
120.253.135.82 - - [02/Aug/2023:06:33:37 +0800] "GET /xingrg/kc/pszx/mdps_order_info.html?code=312023072300520 HTTP/1.1" 200 23978
120.253.135.82 - - [02/Aug/2023:06:33:38 +0800] "GET /xingrg/javascript/easyui/themes/default/validatebox.css HTTP/1.1" 404 1104
120.253.135.82 - - [02/Aug/2023:06:33:38 +0800] "POST /xingrg/kc/pszx/mdps_order_operate.html HTTP/1.1" 200 2274
120.253.135.82 - - [02/Aug/2023:06:33:41 +0800] "POST /xingrg/kc/pszx/mdps_list_operate.html HTTP/1.1" 200 4291
124.79.243.110 - - [02/Aug/2023:06:33:43 +0800] "GET /xingrg/all/function/internal_message.html?_=1690929222835&CODE_STATE=getMsg HTTP/1.1" 200 27
120.253.135.82 - - [02/Aug/2023:06:33:44 +0800] "POST /xingrg/kc/pszx/mdps_list_operate.html HTTP/1.1" 200 216
120.253.135.82 - - [02/Aug/2023:06:33:45 +0800] "GET /xingrg/kc/pszx/mdps_order_info.html?code=312023073000631 HTTP/1.1" 200 23976
120.253.135.82 - - [02/Aug/2023:06:33:46 +0800] "GET /xingrg/javascript/easyui/themes/default/validatebox.css HTTP/1.1" 404 1104
116.232.195.127 - - [02/Aug/2023:06:33:46 +0800] "GET /xingrg/all/function/internal_message.html?_=1690929167080&CODE_STATE=getMsg HTTP/1.1" 200 27
120.253.135.82 - - [02/Aug/2023:06:33:47 +0800] "POST /xingrg/kc/pszx/mdps_order_operate.html HTTP/1.1" 200 2311
120.253.135.82 - - [02/Aug/2023:06:33:53 +0800] "POST /xingrg/kc/pszx/mdps_order_operate.html HTTP/1.1" 200 37
120.253.135.82 - - [02/Aug/2023:06:33:55 +0800] "GET /xingrg/kc/pszx/mdps_order_info.html?code=312023073000631 HTTP/1.1" 200 23976
120.253.135.82 - - [02/Aug/2023:06:33:56 +0800] "GET /xingrg/javascript/easyui/themes/default/validatebox.css HTTP/1.1" 404 1104
120.253.135.82 - - [02/Aug/2023:06:33:56 +0800] "POST /xingrg/kc/pszx/mdps_order_operate.html HTTP/1.1" 200 2311
222.64.144.188 - - [02/Aug/2023:06:33:58 +0800] "GET /xingrg/all/function/internal_message.html?_=1690929237990&CODE_STATE=getMsg HTTP/1.1" 200 27
120.253.135.82 - - [02/Aug/2023:06:33:59 +0800] "POST /xingrg/kc/pszx/mdps_list_operate.html HTTP/1.1" 200 4291
180.152.241.196 - - [02/Aug/2023:06:34:06 +0800] "GET /xingrg/all/function/internal_message.html?_=1690929249570&CODE_STATE=getMsg HTTP/1.1" 200 27
120.253.135.82 - - [02/Aug/2023:06:34:16 +0800] "GET /xingrg/kc/pszx/mdqp_order_list.html?state=10 HTTP/1.1" 200 11116
120.253.135.82 - - [02/Aug/2023:06:34:16 +0800] "GET /xingrg/dwr/interface/AjaxQqpsService.js HTTP/1.1" 200 16326
120.253.135.82 - - [02/Aug/2023:06:34:16 +0800] "GET /xingrg/dwr/engine.js HTTP/1.1" 200 43631
120.253.135.82 - - [02/Aug/2023:06:34:16 +0800] "GET /xingrg/dwr/interface/AjaxReportQueryService.js HTTP/1.1" 200 13203
116.230.112.71 - - [02/Aug/2023:06:34:17 +0800] "GET /xingrg/all/function/internal_message.html?_=1690929266888&CODE_STATE=getMsg HTTP/1.1" 200 27
120.253.135.82 - - [02/Aug/2023:06:34:20 +0800] "GET /xingrg/kc/pszx/mdps_order_list.html?orderType=0 HTTP/1.1" 200 21111
120.253.135.82 - - [02/Aug/2023:06:34:21 +0800] "POST /xingrg/kc/pszx/mdps_list_operate.html HTTP/1.1" 200 5487
120.253.135.82 - - [02/Aug/2023:06:34:27 +0800] "GET /xingrg/all/function/internal_message.html?_=1690929088610&CODE_STATE=getMsg HTTP/1.1" 200 27
120.253.135.82 - - [02/Aug/2023:06:34:29 +0800] "POST /xingrg/kc/pszx/mdps_list_operate.html HTTP/1.1" 200 1690
120.253.135.82 - - [02/Aug/2023:06:34:31 +0800] "POST /xingrg/kc/pszx/mdps_list_operate.html HTTP/1.1" 200 279
58.40.7.146 - - [02/Aug/2023:06:34:32 +0800] "GET /xingrg/all/function/internal_message.html?_=1690929272273&CODE_STATE=getMsg HTTP/1.1" 200 27
124.79.243.110 - - [02/Aug/2023:06:34:43 +0800] "GET /xingrg/all/function/internal_message.html?_=1690929282810&CODE_STATE=getMsg HTTP/1.1" 200 27
116.232.195.127 - - [02/Aug/2023:06:34:46 +0800] "GET /xingrg/all/function/internal_message.html?_=1690929227102&CODE_STATE=getMsg HTTP/1.1" 200 27
120.253.135.82 - - [02/Aug/2023:06:34:48 +0800] "POST /xingrg/kc/pszx/mdps_list_operate.html HTTP/1.1" 200 868
116.232.195.127 - - [02/Aug/2023:06:34:55 +0800] "POST /xingrg/services/DataTransmitService HTTP/1.1" 200 524
222.64.144.188 - - [02/Aug/2023:06:34:58 +0800] "GET /xingrg/all/function/internal_message.html?_=1690929297977&CODE_STATE=getMsg HTTP/1.1" 200 27
116.232.195.127 - - [02/Aug/2023:06:34:59 +0800] "GET /xingrg/check_reg.html?_=1690929240119 HTTP/1.1" 200 22
180.152.241.196 - - [02/Aug/2023:06:35:06 +0800] "GET /xingrg/all/function/internal_message.html?_=1690929309555&CODE_STATE=getMsg HTTP/1.1" 200 27
116.230.112.71 - - [02/Aug/2023:06:35:17 +0800] "GET /xingrg/all/function/internal_message.html?_=1690929327053&CODE_STATE=getMsg HTTP/1.1" 200 27
120.253.135.82 - - [02/Aug/2023:06:35:27 +0800] "GET /xingrg/all/function/internal_message.html?_=1690929148613&CODE_STATE=getMsg HTTP/1.1" 200 27
58.40.7.146 - - [02/Aug/2023:06:35:32 +0800] "GET /xingrg/all/function/internal_message.html?_=1690929332259&CODE_STATE=getMsg HTTP/1.1" 200 27
116.230.112.71 - - [02/Aug/2023:06:35:39 +0800] "POST /xingrg/kc/base/wldb_list_operate.html HTTP/1.1" 200 928
124.79.243.110 - - [02/Aug/2023:06:35:43 +0800] "GET /xingrg/all/function/internal_message.html?_=1690929342786&CODE_STATE=getMsg HTTP/1.1" 200 27
116.232.195.127 - - [02/Aug/2023:06:35:46 +0800] "GET /xingrg/all/function/internal_message.html?_=1690929287088&CODE_STATE=getMsg HTTP/1.1" 200 27
116.230.112.71 - - [02/Aug/2023:06:35:52 +0800] "POST /xingrg/kc/base/wldb_list_operate.html HTTP/1.1" 200 3888
222.64.144.188 - - [02/Aug/2023:06:35:58 +0800] "GET /xingrg/all/function/internal_message.html?_=1690929357977&CODE_STATE=getMsg HTTP/1.1" 200 27
124.79.243.110 - - [02/Aug/2023:06:36:01 +0800] "GET /xingrg/check_reg.html?_=1690929360623 HTTP/1.1" 200 22
180.152.241.196 - - [02/Aug/2023:06:36:06 +0800] "GET /xingrg/all/function/internal_message.html?_=1690929369539&CODE_STATE=getMsg HTTP/1.1" 200 27
116.230.112.71 - - [02/Aug/2023:06:36:17 +0800] "GET /xingrg/all/function/internal_message.html?_=1690929387057&CODE_STATE=getMsg HTTP/1.1" 200 27
116.230.112.71 - - [02/Aug/2023:06:36:26 +0800] "POST /xingrg/kc/base/wldb_list_operate.html HTTP/1.1" 200 5139
120.253.135.82 - - [02/Aug/2023:06:36:28 +0800] "GET /xingrg/all/function/internal_message.html?_=1690929208627&CODE_STATE=getMsg HTTP/1.1" 200 27
58.40.7.146 - - [02/Aug/2023:06:36:32 +0800] "GET /xingrg/all/function/internal_message.html?_=1690929392262&CODE_STATE=getMsg HTTP/1.1" 200 27
114.85.113.108 - - [02/Aug/2023:06:36:33 +0800] "GET /xingrg/check_reg.html?_=1690929390330 HTTP/1.1" 302 -
116.230.112.71 - - [02/Aug/2023:06:36:42 +0800] "POST /xingrg/kc/base/wldb_list_operate.html HTTP/1.1" 200 5744
124.79.243.110 - - [02/Aug/2023:06:36:43 +0800] "GET /xingrg/all/function/internal_message.html?_=1690929402774&CODE_STATE=getMsg HTTP/1.1" 200 27
116.232.195.127 - - [02/Aug/2023:06:36:46 +0800] "GET /xingrg/all/function/internal_message.html?_=1690929347078&CODE_STATE=getMsg HTTP/1.1" 200 27
180.152.241.196 - - [02/Aug/2023:06:36:47 +0800] "GET /xingrg/check_reg.html?_=1690929411131 HTTP/1.1" 200 22
116.230.112.71 - - [02/Aug/2023:06:36:53 +0800] "GET /xingrg/kc/buy/cgsh_order_list.html HTTP/1.1" 200 55986
116.230.112.71 - - [02/Aug/2023:06:36:57 +0800] "POST /xingrg/kc/buy/cgsh_list_operate.html HTTP/1.1" 200 986
222.64.144.188 - - [02/Aug/2023:06:36:58 +0800] "GET /xingrg/check_reg.html?_=1690929417984 HTTP/1.1" 200 22
222.64.144.188 - - [02/Aug/2023:06:36:58 +0800] "GET /xingrg/all/function/internal_message.html?_=1690929417979&CODE_STATE=getMsg HTTP/1.1" 200 27
180.152.241.196 - - [02/Aug/2023:06:37:06 +0800] "GET /xingrg/all/function/internal_message.html?_=1690929429510&CODE_STATE=getMsg HTTP/1.1" 200 27
116.230.112.71 - - [02/Aug/2023:06:37:16 +0800] "POST /xingrg/kc/buy/cgsh_list_operate.html HTTP/1.1" 200 1891
116.230.112.71 - - [02/Aug/2023:06:37:18 +0800] "GET /xingrg/all/function/internal_message.html?_=1690929447070&CODE_STATE=getMsg HTTP/1.1" 200 27
120.253.135.82 - - [02/Aug/2023:06:37:18 +0800] "GET /xingrg/kc/report/report_main.html HTTP/1.1" 200 8599
120.253.135.82 - - [02/Aug/2023:06:37:18 +0800] "GET /xingrg/javascript/jquery_ui/themes/humanity/humanity.css HTTP/1.1" 304 -
120.253.135.82 - - [02/Aug/2023:06:37:20 +0800] "GET /xingrg/kc/base/kc_stocks.html HTTP/1.1" 200 16506
120.253.135.82 - - [02/Aug/2023:06:37:20 +0800] "GET /xingrg/javascript/easyui/themes/sunny/easyui.css HTTP/1.1" 304 -
120.253.135.82 - - [02/Aug/2023:06:37:20 +0800] "GET /xingrg/javascript/easyui/themes/icons/print_new.png HTTP/1.1" 304 -
120.253.135.82 - - [02/Aug/2023:06:37:20 +0800] "GET /xingrg/javascript/easyui/themes/icons/filter_new.png HTTP/1.1" 304 -
120.253.135.82 - - [02/Aug/2023:06:37:20 +0800] "GET /xingrg/javascript/easyui/themes/icons/refresh_new.png HTTP/1.1" 304 -
120.253.135.82 - - [02/Aug/2023:06:37:20 +0800] "GET /xingrg/javascript/easyui/plugins/jquery.draggable.js HTTP/1.1" 304 -
120.253.135.82 - - [02/Aug/2023:06:37:20 +0800] "GET /xingrg/javascript/easyui/plugins/jquery.droppable.js HTTP/1.1" 304 -
120.253.135.82 - - [02/Aug/2023:06:37:20 +0800] "GET /xingrg/javascript/easyui/plugins/jquery.tree.js HTTP/1.1" 304 -
120.253.135.82 - - [02/Aug/2023:06:37:20 +0800] "GET /xingrg/javascript/easyui/themes/default/tree.css HTTP/1.1" 404 1090
120.253.135.82 - - [02/Aug/2023:06:37:21 +0800] "POST /xingrg/all/common/load_tree.html?tree=materiel_sort_tree_json HTTP/1.1" 200 9500
120.253.135.82 - - [02/Aug/2023:06:37:21 +0800] "GET /xingrg/javascript/easyui/themes/sunny/images/tree_arrows.gif HTTP/1.1" 304 -
120.253.135.82 - - [02/Aug/2023:06:37:21 +0800] "GET /xingrg/javascript/easyui/themes/sunny/images/tree_folder_open.gif HTTP/1.1" 304 -
120.253.135.82 - - [02/Aug/2023:06:37:21 +0800] "GET /xingrg/javascript/easyui/themes/sunny/images/tree_folder.gif HTTP/1.1" 304 -
120.253.135.82 - - [02/Aug/2023:06:37:21 +0800] "GET /xingrg/javascript/easyui/themes/sunny/images/tree_file.gif HTTP/1.1" 304 -
120.253.135.82 - - [02/Aug/2023:06:37:22 +0800] "POST /xingrg/all/common/load_combo.html?type=base HTTP/1.1" 200 1169
120.253.135.82 - - [02/Aug/2023:06:37:28 +0800] "GET /xingrg/all/function/internal_message.html?_=1690929268640&CODE_STATE=getMsg HTTP/1.1" 200 27
116.230.112.71 - - [02/Aug/2023:06:37:30 +0800] "POST /xingrg/kc/buy/cgsh_list_operate.html HTTP/1.1" 200 6287
120.253.135.82 - - [02/Aug/2023:06:37:31 +0800] "POST /xingrg/kc/base/stock_operate.html HTTP/1.1" 200 1750
120.253.135.82 - - [02/Aug/2023:06:37:31 +0800] "GET /xingrg/javascript/jquery_tools/fix_table.js HTTP/1.1" 304 -
58.40.7.146 - - [02/Aug/2023:06:37:32 +0800] "GET /xingrg/all/function/internal_message.html?_=1690929452267&CODE_STATE=getMsg HTTP/1.1" 200 27
116.230.112.71 - - [02/Aug/2023:06:37:42 +0800] "POST /xingrg/kc/buy/cgsh_list_operate.html HTTP/1.1" 200 6386
124.79.243.110 - - [02/Aug/2023:06:37:43 +0800] "GET /xingrg/all/function/internal_message.html?_=1690929462754&CODE_STATE=getMsg HTTP/1.1" 200 27
116.232.195.127 - - [02/Aug/2023:06:37:46 +0800] "GET /xingrg/all/function/internal_message.html?_=1690929407089&CODE_STATE=getMsg HTTP/1.1" 200 27
120.253.135.82 - - [02/Aug/2023:06:37:47 +0800] "GET /xingrg/kc/pszx/mdqp_order_list.html?state=10 HTTP/1.1" 200 11116
120.253.135.82 - - [02/Aug/2023:06:37:47 +0800] "GET /xingrg/dwr/interface/AjaxQqpsService.js HTTP/1.1" 200 16326
120.253.135.82 - - [02/Aug/2023:06:37:47 +0800] "GET /xingrg/dwr/interface/AjaxReportQueryService.js HTTP/1.1" 200 13203
120.253.135.82 - - [02/Aug/2023:06:37:47 +0800] "GET /xingrg/dwr/engine.js HTTP/1.1" 200 43631
116.230.112.71 - - [02/Aug/2023:06:37:48 +0800] "POST /xingrg/kc/buy/cgsh_list_operate.html HTTP/1.1" 200 569
116.230.112.71 - - [02/Aug/2023:06:37:50 +0800] "GET /xingrg/kc/buy/cgsh_order_info.html?code=212023080100064 HTTP/1.1" 200 66673
116.230.112.71 - - [02/Aug/2023:06:37:50 +0800] "GET /xingrg/javascript/easyui/themes/default/validatebox.css HTTP/1.1" 404 1104
116.230.112.71 - - [02/Aug/2023:06:37:52 +0800] "POST /xingrg/kc/buy/cgsh_order_operate.html HTTP/1.1" 200 4133
116.230.112.71 - - [02/Aug/2023:06:37:55 +0800] "GET /xingrg/kc/print/load_config.html?kc_code=cgsh HTTP/1.1" 200 1924
116.230.112.71 - - [02/Aug/2023:06:37:56 +0800] "GET /xingrg/kc/print/load_data.html?order_code=212023080100064&kc_code=cgsh&condition= HTTP/1.1" 200 2080
222.64.144.188 - - [02/Aug/2023:06:37:58 +0800] "GET /xingrg/all/function/internal_message.html?_=1690929477985&CODE_STATE=getMsg HTTP/1.1" 200 27
116.230.112.71 - - [02/Aug/2023:06:38:03 +0800] "GET /xingrg/check_reg.html?_=1690929492231 HTTP/1.1" 200 22
180.152.241.196 - - [02/Aug/2023:06:38:06 +0800] "GET /xingrg/all/function/internal_message.html?_=1690929489493&CODE_STATE=getMsg HTTP/1.1" 200 27
116.230.112.71 - - [02/Aug/2023:06:38:18 +0800] "GET /xingrg/all/function/internal_message.html?_=1690929507083&CODE_STATE=getMsg HTTP/1.1" 200 27
120.253.135.82 - - [02/Aug/2023:06:38:27 +0800] "GET /xingrg/check_reg.html?_=1690929327871 HTTP/1.1" 200 22
120.253.135.82 - - [02/Aug/2023:06:38:28 +0800] "GET /xingrg/all/function/internal_message.html?_=1690929328653&CODE_STATE=getMsg HTTP/1.1" 200 27
58.40.7.146 - - [02/Aug/2023:06:38:32 +0800] "GET /xingrg/all/function/internal_message.html?_=1690929512270&CODE_STATE=getMsg HTTP/1.1" 200 27
58.40.7.146 - - [02/Aug/2023:06:38:32 +0800] "GET /xingrg/check_reg.html?_=1690929512271 HTTP/1.1" 200 22
124.79.243.110 - - [02/Aug/2023:06:38:43 +0800] "GET /xingrg/all/function/internal_message.html?_=1690929522727&CODE_STATE=getMsg HTTP/1.1" 200 27
116.232.195.127 - - [02/Aug/2023:06:38:46 +0800] "GET /xingrg/all/function/internal_message.html?_=1690929467076&CODE_STATE=getMsg HTTP/1.1" 200 27
222.64.144.188 - - [02/Aug/2023:06:38:58 +0800] "GET /xingrg/all/function/internal_message.html?_=1690929537987&CODE_STATE=getMsg HTTP/1.1" 200 27
180.152.241.196 - - [02/Aug/2023:06:39:06 +0800] "GET /xingrg/all/function/internal_message.html?_=1690929549478&CODE_STATE=getMsg HTTP/1.1" 200 27
116.230.112.71 - - [02/Aug/2023:06:39:18 +0800] "GET /xingrg/all/function/internal_message.html?_=1690929567097&CODE_STATE=getMsg HTTP/1.1" 200 27
120.253.135.82 - - [02/Aug/2023:06:39:28 +0800] "GET /xingrg/all/function/internal_message.html?_=1690929388667&CODE_STATE=getMsg HTTP/1.1" 200 27
58.40.7.146 - - [02/Aug/2023:06:39:32 +0800] "GET /xingrg/all/function/internal_message.html?_=1690929572272&CODE_STATE=getMsg HTTP/1.1" 200 27
124.79.243.110 - - [02/Aug/2023:06:39:43 +0800] "GET /xingrg/all/function/internal_message.html?_=1690929582711&CODE_STATE=getMsg HTTP/1.1" 200 27
116.232.195.127 - - [02/Aug/2023:06:39:46 +0800] "GET /xingrg/all/function/internal_message.html?_=1690929527086&CODE_STATE=getMsg HTTP/1.1" 200 27
114.83.222.132 - - [02/Aug/2023:06:39:54 +0800] "POST /xingrg/services/DataTransmitService HTTP/1.1" 200 524
222.64.144.188 - - [02/Aug/2023:06:39:58 +0800] "GET /xingrg/all/function/internal_message.html?_=1690929597993&CODE_STATE=getMsg HTTP/1.1" 200 27
116.232.195.127 - - [02/Aug/2023:06:39:59 +0800] "GET /xingrg/check_reg.html?_=1690929540107 HTTP/1.1" 200 22
180.152.241.196 - - [02/Aug/2023:06:40:06 +0800] "GET /xingrg/all/function/internal_message.html?_=1690929609462&CODE_STATE=getMsg HTTP/1.1" 200 27
116.230.112.71 - - [02/Aug/2023:06:40:18 +0800] "GET /xingrg/all/function/internal_message.html?_=1690929627268&CODE_STATE=getMsg HTTP/1.1" 200 27
120.253.135.82 - - [02/Aug/2023:06:40:28 +0800] "GET /xingrg/all/function/internal_message.html?_=1690929448681&CODE_STATE=getMsg HTTP/1.1" 200 27
58.40.7.146 - - [02/Aug/2023:06:40:32 +0800] "GET /xingrg/all/function/internal_message.html?_=1690929632274&CODE_STATE=getMsg HTTP/1.1" 200 27
124.79.243.110 - - [02/Aug/2023:06:40:43 +0800] "GET /xingrg/all/function/internal_message.html?_=1690929642695&CODE_STATE=getMsg HTTP/1.1" 200 27
116.232.195.127 - - [02/Aug/2023:06:40:46 +0800] "GET /xingrg/all/function/internal_message.html?_=1690929587095&CODE_STATE=getMsg HTTP/1.1" 200 27
222.64.144.188 - - [02/Aug/2023:06:40:58 +0800] "GET /xingrg/all/function/internal_message.html?_=1690929657994&CODE_STATE=getMsg HTTP/1.1" 200 27
124.79.243.110 - - [02/Aug/2023:06:41:01 +0800] "GET /xingrg/check_reg.html?_=1690929660614 HTTP/1.1" 200 22
180.152.241.196 - - [02/Aug/2023:06:41:05 +0800] "GET /xingrg/all/function/internal_message.html?_=1690929669447&CODE_STATE=getMsg HTTP/1.1" 200 27
116.230.112.71 - - [02/Aug/2023:06:41:18 +0800] "GET /xingrg/all/function/internal_message.html?_=1690929687280&CODE_STATE=getMsg HTTP/1.1" 200 27
120.253.135.82 - - [02/Aug/2023:06:41:28 +0800] "GET /xingrg/all/function/internal_message.html?_=1690929508796&CODE_STATE=getMsg HTTP/1.1" 200 27
58.40.7.146 - - [02/Aug/2023:06:41:32 +0800] "GET /xingrg/all/function/internal_message.html?_=1690929692275&CODE_STATE=getMsg HTTP/1.1" 200 27
114.85.113.108 - - [02/Aug/2023:06:41:33 +0800] "GET /xingrg/check_reg.html?_=1690929690305 HTTP/1.1" 302 -
124.79.243.110 - - [02/Aug/2023:06:41:43 +0800] "GET /xingrg/all/function/internal_message.html?_=1690929702685&CODE_STATE=getMsg HTTP/1.1" 200 27
116.232.195.127 - - [02/Aug/2023:06:41:46 +0800] "GET /xingrg/all/function/internal_message.html?_=1690929647109&CODE_STATE=getMsg HTTP/1.1" 200 27
180.152.241.196 - - [02/Aug/2023:06:41:47 +0800] "GET /xingrg/check_reg.html?_=1690929711100 HTTP/1.1" 200 22
222.64.144.188 - - [02/Aug/2023:06:41:58 +0800] "GET /xingrg/check_reg.html?_=1690929717995 HTTP/1.1" 200 22
222.64.144.188 - - [02/Aug/2023:06:41:58 +0800] "GET /xingrg/all/function/internal_message.html?_=1690929718000&CODE_STATE=getMsg HTTP/1.1" 200 27
180.152.241.196 - - [02/Aug/2023:06:42:05 +0800] "GET /xingrg/all/function/internal_message.html?_=1690929729416&CODE_STATE=getMsg HTTP/1.1" 200 27
116.230.112.71 - - [02/Aug/2023:06:42:18 +0800] "GET /xingrg/all/function/internal_message.html?_=1690929747439&CODE_STATE=getMsg HTTP/1.1" 200 27
120.253.135.82 - - [02/Aug/2023:06:42:28 +0800] "GET /xingrg/all/function/internal_message.html?_=1690929568802&CODE_STATE=getMsg HTTP/1.1" 200 27
124.79.243.110 - - [02/Aug/2023:06:42:28 +0800] "POST /xingrg/services/DataTransmitService HTTP/1.1" 200 524
58.40.7.146 - - [02/Aug/2023:06:42:32 +0800] "GET /xingrg/all/function/internal_message.html?_=1690929752262&CODE_STATE=getMsg HTTP/1.1" 200 27
124.79.243.110 - - [02/Aug/2023:06:42:43 +0800] "GET /xingrg/all/function/internal_message.html?_=1690929762663&CODE_STATE=getMsg HTTP/1.1" 200 27
116.232.195.127 - - [02/Aug/2023:06:42:46 +0800] "GET /xingrg/all/function/internal_message.html?_=1690929707121&CODE_STATE=getMsg HTTP/1.1" 200 27
222.64.144.188 - - [02/Aug/2023:06:42:58 +0800] "GET /xingrg/all/function/internal_message.html?_=1690929777985&CODE_STATE=getMsg HTTP/1.1" 200 27
116.230.112.71 - - [02/Aug/2023:06:43:03 +0800] "GET /xingrg/check_reg.html?_=1690929792242 HTTP/1.1" 200 22
180.152.241.196 - - [02/Aug/2023:06:43:05 +0800] "GET /xingrg/all/function/internal_message.html?_=1690929789401&CODE_STATE=getMsg HTTP/1.1" 200 27
116.230.112.71 - - [02/Aug/2023:06:43:18 +0800] "GET /xingrg/all/function/internal_message.html?_=1690929807446&CODE_STATE=getMsg HTTP/1.1" 200 27
120.253.135.82 - - [02/Aug/2023:06:43:27 +0800] "GET /xingrg/check_reg.html?_=1690929627996 HTTP/1.1" 200 22
120.253.135.82 - - [02/Aug/2023:06:43:28 +0800] "GET /xingrg/all/function/internal_message.html?_=1690929628815&CODE_STATE=getMsg HTTP/1.1" 200 27
58.40.7.146 - - [02/Aug/2023:06:43:32 +0800] "GET /xingrg/all/function/internal_message.html?_=1690929812264&CODE_STATE=getMsg HTTP/1.1" 200 27
58.40.7.146 - - [02/Aug/2023:06:43:32 +0800] "GET /xingrg/check_reg.html?_=1690929812265 HTTP/1.1" 200 22
124.79.243.110 - - [02/Aug/2023:06:43:43 +0800] "GET /xingrg/all/function/internal_message.html?_=1690929822646&CODE_STATE=getMsg HTTP/1.1" 200 27
116.232.195.127 - - [02/Aug/2023:06:43:46 +0800] "GET /xingrg/all/function/internal_message.html?_=1690929767119&CODE_STATE=getMsg HTTP/1.1" 200 27
222.64.144.188 - - [02/Aug/2023:06:43:58 +0800] "GET /xingrg/all/function/internal_message.html?_=1690929837992&CODE_STATE=getMsg HTTP/1.1" 200 27
180.152.241.196 - - [02/Aug/2023:06:44:05 +0800] "GET /xingrg/all/function/internal_message.html?_=1690929849384&CODE_STATE=getMsg HTTP/1.1" 200 27
116.230.112.71 - - [02/Aug/2023:06:44:18 +0800] "GET /xingrg/all/function/internal_message.html?_=1690929867463&CODE_STATE=getMsg HTTP/1.1" 200 27
120.253.135.82 - - [02/Aug/2023:06:44:28 +0800] "GET /xingrg/all/function/internal_message.html?_=1690929688828&CODE_STATE=getMsg HTTP/1.1" 200 27
58.40.7.146 - - [02/Aug/2023:06:44:32 +0800] "GET /xingrg/all/function/internal_message.html?_=1690929872266&CODE_STATE=getMsg HTTP/1.1" 200 27
124.79.243.110 - - [02/Aug/2023:06:44:43 +0800] "GET /xingrg/all/function/internal_message.html?_=1690929882628&CODE_STATE=getMsg HTTP/1.1" 200 27
116.232.195.127 - - [02/Aug/2023:06:44:46 +0800] "GET /xingrg/all/function/internal_message.html?_=1690929827154&CODE_STATE=getMsg HTTP/1.1" 200 27
222.64.144.188 - - [02/Aug/2023:06:44:58 +0800] "GET /xingrg/all/function/internal_message.html?_=1690929897991&CODE_STATE=getMsg HTTP/1.1" 200 27
116.232.195.127 - - [02/Aug/2023:06:44:59 +0800] "GET /xingrg/check_reg.html?_=1690929840120 HTTP/1.1" 200 22
180.152.241.196 - - [02/Aug/2023:06:45:05 +0800] "GET /xingrg/all/function/internal_message.html?_=1690929909369&CODE_STATE=getMsg HTTP/1.1" 200 27
116.230.112.71 - - [02/Aug/2023:06:45:18 +0800] "GET /xingrg/all/function/internal_message.html?_=1690929927599&CODE_STATE=getMsg HTTP/1.1" 200 27
120.253.135.82 - - [02/Aug/2023:06:45:28 +0800] "GET /xingrg/all/function/internal_message.html?_=1690929748842&CODE_STATE=getMsg HTTP/1.1" 200 27
58.40.7.146 - - [02/Aug/2023:06:45:32 +0800] "GET /xingrg/all/function/internal_message.html?_=1690929932272&CODE_STATE=getMsg HTTP/1.1" 200 27
124.79.243.110 - - [02/Aug/2023:06:45:43 +0800] "GET /xingrg/all/function/internal_message.html?_=1690929942612&CODE_STATE=getMsg HTTP/1.1" 200 27
116.232.195.127 - - [02/Aug/2023:06:45:46 +0800] "GET /xingrg/all/function/internal_message.html?_=1690929887143&CODE_STATE=getMsg HTTP/1.1" 200 27
222.64.144.188 - - [02/Aug/2023:06:45:58 +0800] "GET /xingrg/all/function/internal_message.html?_=1690929957995&CODE_STATE=getMsg HTTP/1.1" 200 27
124.79.243.110 - - [02/Aug/2023:06:46:01 +0800] "GET /xingrg/check_reg.html?_=1690929960627 HTTP/1.1" 200 22
180.152.241.196 - - [02/Aug/2023:06:46:05 +0800] "GET /xingrg/all/function/internal_message.html?_=1690929969353&CODE_STATE=getMsg HTTP/1.1" 200 27
116.230.112.71 - - [02/Aug/2023:06:46:18 +0800] "GET /xingrg/all/function/internal_message.html?_=1690929987613&CODE_STATE=getMsg HTTP/1.1" 200 27
120.253.135.82 - - [02/Aug/2023:06:46:28 +0800] "GET /xingrg/all/function/internal_message.html?_=1690929809012&CODE_STATE=getMsg HTTP/1.1" 200 27
58.40.7.146 - - [02/Aug/2023:06:46:32 +0800] "GET /xingrg/all/function/internal_message.html?_=1690929992273&CODE_STATE=getMsg HTTP/1.1" 200 27
114.85.113.108 - - [02/Aug/2023:06:46:33 +0800] "GET /xingrg/check_reg.html?_=1690929990290 HTTP/1.1" 302 -
124.79.243.110 - - [02/Aug/2023:06:46:43 +0800] "GET /xingrg/all/function/internal_message.html?_=1690930002584&CODE_STATE=getMsg HTTP/1.1" 200 27
116.232.195.127 - - [02/Aug/2023:06:46:46 +0800] "GET /xingrg/all/function/internal_message.html?_=1690929947180&CODE_STATE=getMsg HTTP/1.1" 200 27
180.152.241.196 - - [02/Aug/2023:06:46:47 +0800] "GET /xingrg/check_reg.html?_=1690930011086 HTTP/1.1" 200 22
222.64.144.188 - - [02/Aug/2023:06:46:58 +0800] "GET /xingrg/all/function/internal_message.html?_=1690930017996&CODE_STATE=getMsg HTTP/1.1" 200 27
222.64.144.188 - - [02/Aug/2023:06:46:58 +0800] "GET /xingrg/check_reg.html?_=1690930018001 HTTP/1.1" 200 22
180.152.241.196 - - [02/Aug/2023:06:47:05 +0800] "GET /xingrg/all/function/internal_message.html?_=1690930029325&CODE_STATE=getMsg HTTP/1.1" 200 27
116.230.112.71 - - [02/Aug/2023:06:47:18 +0800] "GET /xingrg/all/function/internal_message.html?_=1690930047626&CODE_STATE=getMsg HTTP/1.1" 200 27
120.253.135.82 - - [02/Aug/2023:06:47:28 +0800] "GET /xingrg/all/function/internal_message.html?_=1690929869025&CODE_STATE=getMsg HTTP/1.1" 200 27
58.40.7.146 - - [02/Aug/2023:06:47:32 +0800] "GET /xingrg/all/function/internal_message.html?_=1690930052274&CODE_STATE=getMsg HTTP/1.1" 200 27
124.79.243.110 - - [02/Aug/2023:06:47:43 +0800] "GET /xingrg/all/function/internal_message.html?_=1690930062566&CODE_STATE=getMsg HTTP/1.1" 200 27
116.232.195.127 - - [02/Aug/2023:06:47:46 +0800] "GET /xingrg/all/function/internal_message.html?_=1690930007175&CODE_STATE=getMsg HTTP/1.1" 200 27
222.64.144.188 - - [02/Aug/2023:06:47:58 +0800] "GET /xingrg/all/function/internal_message.html?_=1690930078005&CODE_STATE=getMsg HTTP/1.1" 200 27
116.230.112.71 - - [02/Aug/2023:06:48:03 +0800] "GET /xingrg/check_reg.html?_=1690930092242 HTTP/1.1" 200 22
180.152.241.196 - - [02/Aug/2023:06:48:05 +0800] "GET /xingrg/all/function/internal_message.html?_=1690930089308&CODE_STATE=getMsg HTTP/1.1" 200 27
116.230.112.71 - - [02/Aug/2023:06:48:18 +0800] "GET /xingrg/all/function/internal_message.html?_=1690930107640&CODE_STATE=getMsg HTTP/1.1" 200 27
120.253.135.82 - - [02/Aug/2023:06:48:27 +0800] "GET /xingrg/check_reg.html?_=1690929928198 HTTP/1.1" 200 22
120.253.135.82 - - [02/Aug/2023:06:48:28 +0800] "GET /xingrg/all/function/internal_message.html?_=1690929929039&CODE_STATE=getMsg HTTP/1.1" 200 27
58.40.7.146 - - [02/Aug/2023:06:48:32 +0800] "GET /xingrg/check_reg.html?_=1690930112277 HTTP/1.1" 200 22
58.40.7.146 - - [02/Aug/2023:06:48:32 +0800] "GET /xingrg/all/function/internal_message.html?_=1690930112279&CODE_STATE=getMsg HTTP/1.1" 200 27
124.79.243.110 - - [02/Aug/2023:06:48:43 +0800] "GET /xingrg/all/function/internal_message.html?_=1690930122540&CODE_STATE=getMsg HTTP/1.1" 200 27
116.232.195.127 - - [02/Aug/2023:06:48:46 +0800] "GET /xingrg/all/function/internal_message.html?_=1690930067191&CODE_STATE=getMsg HTTP/1.1" 200 27
222.64.144.188 - - [02/Aug/2023:06:48:58 +0800] "GET /xingrg/all/function/internal_message.html?_=1690930137991&CODE_STATE=getMsg HTTP/1.1" 200 27
180.152.241.196 - - [02/Aug/2023:06:49:05 +0800] "GET /xingrg/all/function/internal_message.html?_=1690930149293&CODE_STATE=getMsg HTTP/1.1" 200 27
116.230.112.71 - - [02/Aug/2023:06:49:18 +0800] "GET /xingrg/all/function/internal_message.html?_=1690930167654&CODE_STATE=getMsg HTTP/1.1" 200 27
120.253.135.82 - - [02/Aug/2023:06:49:28 +0800] "GET /xingrg/all/function/internal_message.html?_=1690929989052&CODE_STATE=getMsg HTTP/1.1" 200 27
58.40.7.146 - - [02/Aug/2023:06:49:32 +0800] "GET /xingrg/all/function/internal_message.html?_=1690930172280&CODE_STATE=getMsg HTTP/1.1" 200 27
124.79.243.110 - - [02/Aug/2023:06:49:43 +0800] "GET /xingrg/all/function/internal_message.html?_=1690930182524&CODE_STATE=getMsg HTTP/1.1" 200 27
116.232.195.127 - - [02/Aug/2023:06:49:46 +0800] "GET /xingrg/all/function/internal_message.html?_=1690930127204&CODE_STATE=getMsg HTTP/1.1" 200 27
222.64.144.188 - - [02/Aug/2023:06:49:58 +0800] "GET /xingrg/all/function/internal_message.html?_=1690930197992&CODE_STATE=getMsg HTTP/1.1" 200 27
116.232.195.127 - - [02/Aug/2023:06:49:59 +0800] "GET /xingrg/check_reg.html?_=1690930140120 HTTP/1.1" 200 22
180.152.241.196 - - [02/Aug/2023:06:50:05 +0800] "GET /xingrg/all/function/internal_message.html?_=1690930209277&CODE_STATE=getMsg HTTP/1.1" 200 27
116.230.112.71 - - [02/Aug/2023:06:50:18 +0800] "GET /xingrg/all/function/internal_message.html?_=1690930227795&CODE_STATE=getMsg HTTP/1.1" 200 27
120.253.135.82 - - [02/Aug/2023:06:50:28 +0800] "GET /xingrg/all/function/internal_message.html?_=1690930049067&CODE_STATE=getMsg HTTP/1.1" 200 27
58.40.7.146 - - [02/Aug/2023:06:50:32 +0800] "GET /xingrg/all/function/internal_message.html?_=1690930232266&CODE_STATE=getMsg HTTP/1.1" 200 27
124.79.243.110 - - [02/Aug/2023:06:50:43 +0800] "GET /xingrg/all/function/internal_message.html?_=1690930242496&CODE_STATE=getMsg HTTP/1.1" 200 27
116.232.195.127 - - [02/Aug/2023:06:50:46 +0800] "GET /xingrg/all/function/internal_message.html?_=1690930187191&CODE_STATE=getMsg HTTP/1.1" 200 27
222.64.144.188 - - [02/Aug/2023:06:50:58 +0800] "GET /xingrg/all/function/internal_message.html?_=1690930257995&CODE_STATE=getMsg HTTP/1.1" 200 27
124.79.243.110 - - [02/Aug/2023:06:51:01 +0800] "GET /xingrg/check_reg.html?_=1690930260610 HTTP/1.1" 200 22
180.152.241.196 - - [02/Aug/2023:06:51:05 +0800] "GET /xingrg/all/function/internal_message.html?_=1690930269262&CODE_STATE=getMsg HTTP/1.1" 200 27
116.230.112.71 - - [02/Aug/2023:06:51:18 +0800] "GET /xingrg/all/function/internal_message.html?_=1690930287805&CODE_STATE=getMsg HTTP/1.1" 200 27
120.253.135.82 - - [02/Aug/2023:06:51:28 +0800] "GET /xingrg/all/function/internal_message.html?_=1690930109237&CODE_STATE=getMsg HTTP/1.1" 200 27
58.40.7.146 - - [02/Aug/2023:06:51:32 +0800] "GET /xingrg/all/function/internal_message.html?_=1690930292268&CODE_STATE=getMsg HTTP/1.1" 200 27
114.85.113.108 - - [02/Aug/2023:06:51:33 +0800] "GET /xingrg/check_reg.html?_=1690930290323 HTTP/1.1" 302 -
124.79.243.110 - - [02/Aug/2023:06:51:43 +0800] "GET /xingrg/all/function/internal_message.html?_=1690930302471&CODE_STATE=getMsg HTTP/1.1" 200 27
116.232.195.127 - - [02/Aug/2023:06:51:46 +0800] "GET /xingrg/all/function/internal_message.html?_=1690930247208&CODE_STATE=getMsg HTTP/1.1" 200 27
180.152.241.196 - - [02/Aug/2023:06:51:47 +0800] "GET /xingrg/check_reg.html?_=1690930311056 HTTP/1.1" 200 22
222.64.144.188 - - [02/Aug/2023:06:51:58 +0800] "GET /xingrg/all/function/internal_message.html?_=1690930317997&CODE_STATE=getMsg HTTP/1.1" 200 27
222.64.144.188 - - [02/Aug/2023:06:51:58 +0800] "GET /xingrg/check_reg.html?_=1690930318002 HTTP/1.1" 200 22
180.152.241.196 - - [02/Aug/2023:06:52:05 +0800] "GET /xingrg/all/function/internal_message.html?_=1690930329232&CODE_STATE=getMsg HTTP/1.1" 200 27
116.230.112.71 - - [02/Aug/2023:06:52:18 +0800] "GET /xingrg/all/function/internal_message.html?_=1690930347966&CODE_STATE=getMsg HTTP/1.1" 200 27
120.253.135.82 - - [02/Aug/2023:06:52:28 +0800] "GET /xingrg/all/function/internal_message.html?_=1690930169249&CODE_STATE=getMsg HTTP/1.1" 200 27
58.40.7.146 - - [02/Aug/2023:06:52:32 +0800] "GET /xingrg/all/function/internal_message.html?_=1690930352272&CODE_STATE=getMsg HTTP/1.1" 200 27
124.79.243.110 - - [02/Aug/2023:06:52:43 +0800] "GET /xingrg/all/function/internal_message.html?_=1690930362445&CODE_STATE=getMsg HTTP/1.1" 200 27
116.232.195.127 - - [02/Aug/2023:06:52:46 +0800] "GET /xingrg/all/function/internal_message.html?_=1690930307193&CODE_STATE=getMsg HTTP/1.1" 200 27
222.64.144.188 - - [02/Aug/2023:06:52:58 +0800] "GET /xingrg/all/function/internal_message.html?_=1690930378002&CODE_STATE=getMsg HTTP/1.1" 200 27
116.230.112.71 - - [02/Aug/2023:06:53:03 +0800] "GET /xingrg/check_reg.html?_=1690930392248 HTTP/1.1" 200 22
180.152.241.196 - - [02/Aug/2023:06:53:05 +0800] "GET /xingrg/all/function/internal_message.html?_=1690930389217&CODE_STATE=getMsg HTTP/1.1" 200 27
116.230.112.71 - - [02/Aug/2023:06:53:18 +0800] "GET /xingrg/all/function/internal_message.html?_=1690930407973&CODE_STATE=getMsg HTTP/1.1" 200 27
120.253.135.82 - - [02/Aug/2023:06:53:27 +0800] "GET /xingrg/check_reg.html?_=1690930228204 HTTP/1.1" 200 22
120.253.135.82 - - [02/Aug/2023:06:53:28 +0800] "GET /xingrg/all/function/internal_message.html?_=1690930229372&CODE_STATE=getMsg HTTP/1.1" 200 27
58.40.7.146 - - [02/Aug/2023:06:53:32 +0800] "GET /xingrg/all/function/internal_message.html?_=1690930412275&CODE_STATE=getMsg HTTP/1.1" 200 27
58.40.7.146 - - [02/Aug/2023:06:53:32 +0800] "GET /xingrg/check_reg.html?_=1690930412276 HTTP/1.1" 200 22
124.79.243.110 - - [02/Aug/2023:06:53:43 +0800] "GET /xingrg/all/function/internal_message.html?_=1690930422432&CODE_STATE=getMsg HTTP/1.1" 200 27
116.232.195.127 - - [02/Aug/2023:06:53:46 +0800] "GET /xingrg/all/function/internal_message.html?_=1690930367243&CODE_STATE=getMsg HTTP/1.1" 200 27
222.64.144.188 - - [02/Aug/2023:06:53:58 +0800] "GET /xingrg/all/function/internal_message.html?_=1690930438005&CODE_STATE=getMsg HTTP/1.1" 200 27
180.152.241.196 - - [02/Aug/2023:06:54:05 +0800] "GET /xingrg/all/function/internal_message.html?_=1690930449201&CODE_STATE=getMsg HTTP/1.1" 200 27
116.230.112.71 - - [02/Aug/2023:06:54:18 +0800] "GET /xingrg/all/function/internal_message.html?_=1690930467987&CODE_STATE=getMsg HTTP/1.1" 200 27
120.253.135.82 - - [02/Aug/2023:06:54:28 +0800] "GET /xingrg/all/function/internal_message.html?_=1690930289385&CODE_STATE=getMsg HTTP/1.1" 200 27
58.40.7.146 - - [02/Aug/2023:06:54:32 +0800] "GET /xingrg/all/function/internal_message.html?_=1690930472277&CODE_STATE=getMsg HTTP/1.1" 200 27
124.79.243.110 - - [02/Aug/2023:06:54:43 +0800] "GET /xingrg/all/function/internal_message.html?_=1690930482403&CODE_STATE=getMsg HTTP/1.1" 200 27
116.232.195.127 - - [02/Aug/2023:06:54:46 +0800] "GET /xingrg/all/function/internal_message.html?_=1690930427225&CODE_STATE=getMsg HTTP/1.1" 200 27
222.64.144.188 - - [02/Aug/2023:06:54:58 +0800] "GET /xingrg/all/function/internal_message.html?_=1690930498006&CODE_STATE=getMsg HTTP/1.1" 200 27
116.232.195.127 - - [02/Aug/2023:06:54:59 +0800] "GET /xingrg/check_reg.html?_=1690930440120 HTTP/1.1" 200 22
180.152.241.196 - - [02/Aug/2023:06:55:05 +0800] "GET /xingrg/all/function/internal_message.html?_=1690930509186&CODE_STATE=getMsg HTTP/1.1" 200 27
116.230.112.71 - - [02/Aug/2023:06:55:19 +0800] "GET /xingrg/all/function/internal_message.html?_=1690930528143&CODE_STATE=getMsg HTTP/1.1" 200 27
120.253.135.82 - - [02/Aug/2023:06:55:28 +0800] "GET /xingrg/all/function/internal_message.html?_=1690930349399&CODE_STATE=getMsg HTTP/1.1" 200 27
58.40.7.146 - - [02/Aug/2023:06:55:32 +0800] "GET /xingrg/all/function/internal_message.html?_=1690930532278&CODE_STATE=getMsg HTTP/1.1" 200 27
124.79.243.110 - - [02/Aug/2023:06:55:43 +0800] "GET /xingrg/all/function/internal_message.html?_=1690930542401&CODE_STATE=getMsg HTTP/1.1" 200 27
116.232.195.127 - - [02/Aug/2023:06:55:46 +0800] "GET /xingrg/all/function/internal_message.html?_=1690930487214&CODE_STATE=getMsg HTTP/1.1" 200 27
222.64.144.188 - - [02/Aug/2023:06:55:58 +0800] "GET /xingrg/all/function/internal_message.html?_=1690930558008&CODE_STATE=getMsg HTTP/1.1" 200 27
124.79.243.110 - - [02/Aug/2023:06:56:01 +0800] "GET /xingrg/check_reg.html?_=1690930560612 HTTP/1.1" 200 22
180.152.241.196 - - [02/Aug/2023:06:56:05 +0800] "GET /xingrg/all/function/internal_message.html?_=1690930569170&CODE_STATE=getMsg HTTP/1.1" 200 27
116.230.112.71 - - [02/Aug/2023:06:56:19 +0800] "GET /xingrg/all/function/internal_message.html?_=1690930588154&CODE_STATE=getMsg HTTP/1.1" 200 27
120.253.135.82 - - [02/Aug/2023:06:56:28 +0800] "GET /xingrg/all/function/internal_message.html?_=1690930409521&CODE_STATE=getMsg HTTP/1.1" 200 27
58.40.7.146 - - [02/Aug/2023:06:56:32 +0800] "GET /xingrg/all/function/internal_message.html?_=1690930592281&CODE_STATE=getMsg HTTP/1.1" 200 27
114.85.113.108 - - [02/Aug/2023:06:56:33 +0800] "GET /xingrg/check_reg.html?_=1690930590306 HTTP/1.1" 302 -
124.79.243.110 - - [02/Aug/2023:06:56:43 +0800] "GET /xingrg/all/function/internal_message.html?_=1690930602389&CODE_STATE=getMsg HTTP/1.1" 200 27
116.232.195.127 - - [02/Aug/2023:06:56:46 +0800] "GET /xingrg/all/function/internal_message.html?_=1690930547221&CODE_STATE=getMsg HTTP/1.1" 200 27
180.152.241.196 - - [02/Aug/2023:06:56:47 +0800] "GET /xingrg/check_reg.html?_=1690930611026 HTTP/1.1" 200 22
222.64.144.188 - - [02/Aug/2023:06:56:58 +0800] "GET /xingrg/check_reg.html?_=1690930618012 HTTP/1.1" 200 22
222.64.144.188 - - [02/Aug/2023:06:56:58 +0800] "GET /xingrg/all/function/internal_message.html?_=1690930618015&CODE_STATE=getMsg HTTP/1.1" 200 27
180.152.241.196 - - [02/Aug/2023:06:57:05 +0800] "GET /xingrg/all/function/internal_message.html?_=1690930629156&CODE_STATE=getMsg HTTP/1.1" 200 27
116.230.112.71 - - [02/Aug/2023:06:57:19 +0800] "GET /xingrg/all/function/internal_message.html?_=1690930648296&CODE_STATE=getMsg HTTP/1.1" 200 27
120.253.135.82 - - [02/Aug/2023:06:57:28 +0800] "GET /xingrg/all/function/internal_message.html?_=1690930469535&CODE_STATE=getMsg HTTP/1.1" 200 27
58.40.7.146 - - [02/Aug/2023:06:57:32 +0800] "GET /xingrg/all/function/internal_message.html?_=1690930652267&CODE_STATE=getMsg HTTP/1.1" 200 27
124.79.243.110 - - [02/Aug/2023:06:57:43 +0800] "GET /xingrg/all/function/internal_message.html?_=1690930662370&CODE_STATE=getMsg HTTP/1.1" 200 27
101.80.225.121 - - [02/Aug/2023:06:57:46 +0800] "POST /xingrg/services/DataTransmitService HTTP/1.1" 200 524
116.232.195.127 - - [02/Aug/2023:06:57:46 +0800] "GET /xingrg/all/function/internal_message.html?_=1690930607213&CODE_STATE=getMsg HTTP/1.1" 200 27
222.64.144.188 - - [02/Aug/2023:06:57:58 +0800] "GET /xingrg/all/function/internal_message.html?_=1690930678002&CODE_STATE=getMsg HTTP/1.1" 200 27
116.230.112.71 - - [02/Aug/2023:06:58:03 +0800] "GET /xingrg/check_reg.html?_=1690930692253 HTTP/1.1" 200 22
180.152.241.196 - - [02/Aug/2023:06:58:05 +0800] "GET /xingrg/all/function/internal_message.html?_=1690930689140&CODE_STATE=getMsg HTTP/1.1" 200 27
116.230.112.71 - - [02/Aug/2023:06:58:19 +0800] "GET /xingrg/all/function/internal_message.html?_=1690930708306&CODE_STATE=getMsg HTTP/1.1" 200 27
120.253.135.82 - - [02/Aug/2023:06:58:27 +0800] "GET /xingrg/check_reg.html?_=1690930528379 HTTP/1.1" 200 22
120.253.135.82 - - [02/Aug/2023:06:58:28 +0800] "GET /xingrg/all/function/internal_message.html?_=1690930529549&CODE_STATE=getMsg HTTP/1.1" 200 27
58.40.7.146 - - [02/Aug/2023:06:58:32 +0800] "GET /xingrg/all/function/internal_message.html?_=1690930712270&CODE_STATE=getMsg HTTP/1.1" 200 27
58.40.7.146 - - [02/Aug/2023:06:58:32 +0800] "GET /xingrg/check_reg.html?_=1690930712272 HTTP/1.1" 200 22
124.79.243.110 - - [02/Aug/2023:06:58:43 +0800] "GET /xingrg/all/function/internal_message.html?_=1690930722369&CODE_STATE=getMsg HTTP/1.1" 200 27
116.232.195.127 - - [02/Aug/2023:06:58:46 +0800] "GET /xingrg/all/function/internal_message.html?_=1690930667207&CODE_STATE=getMsg HTTP/1.1" 200 27
222.64.144.188 - - [02/Aug/2023:06:58:58 +0800] "GET /xingrg/all/function/internal_message.html?_=1690930738003&CODE_STATE=getMsg HTTP/1.1" 200 27
120.253.135.82 - - [02/Aug/2023:06:59:00 +0800] "GET /xingrg/kc/report/report_main.html HTTP/1.1" 200 8599
120.253.135.82 - - [02/Aug/2023:06:59:02 +0800] "GET /xingrg/kc/base/kc_stocks.html HTTP/1.1" 200 16506
120.253.135.82 - - [02/Aug/2023:06:59:02 +0800] "GET /xingrg/javascript/easyui/themes/default/tree.css HTTP/1.1" 404 1090
120.253.135.82 - - [02/Aug/2023:06:59:02 +0800] "POST /xingrg/all/common/load_tree.html?tree=materiel_sort_tree_json HTTP/1.1" 200 9500
120.253.135.82 - - [02/Aug/2023:06:59:03 +0800] "POST /xingrg/all/common/load_combo.html?type=base HTTP/1.1" 200 1169
180.152.241.196 - - [02/Aug/2023:06:59:05 +0800] "GET /xingrg/all/function/internal_message.html?_=1690930749125&CODE_STATE=getMsg HTTP/1.1" 200 27
120.253.135.82 - - [02/Aug/2023:06:59:13 +0800] "POST /xingrg/kc/base/stock_operate.html HTTP/1.1" 200 1475
116.230.112.71 - - [02/Aug/2023:06:59:19 +0800] "GET /xingrg/all/function/internal_message.html?_=1690930768321&CODE_STATE=getMsg HTTP/1.1" 200 27
120.253.135.82 - - [02/Aug/2023:06:59:28 +0800] "GET /xingrg/all/function/internal_message.html?_=1690930589563&CODE_STATE=getMsg HTTP/1.1" 200 27
58.40.7.146 - - [02/Aug/2023:06:59:32 +0800] "GET /xingrg/all/function/internal_message.html?_=1690930772275&CODE_STATE=getMsg HTTP/1.1" 200 27
124.79.243.110 - - [02/Aug/2023:06:59:43 +0800] "GET /xingrg/all/function/internal_message.html?_=1690930782356&CODE_STATE=getMsg HTTP/1.1" 200 27
116.232.195.127 - - [02/Aug/2023:06:59:46 +0800] "GET /xingrg/all/function/internal_message.html?_=1690930727198&CODE_STATE=getMsg HTTP/1.1" 200 27
222.64.144.188 - - [02/Aug/2023:06:59:58 +0800] "GET /xingrg/all/function/internal_message.html?_=1690930798002&CODE_STATE=getMsg HTTP/1.1" 200 27
116.232.195.127 - - [02/Aug/2023:06:59:59 +0800] "GET /xingrg/check_reg.html?_=1690930740115 HTTP/1.1" 200 22
180.152.241.196 - - [02/Aug/2023:07:00:05 +0800] "GET /xingrg/all/function/internal_message.html?_=1690930809109&CODE_STATE=getMsg HTTP/1.1" 200 27
120.253.135.82 - - [02/Aug/2023:07:00:11 +0800] "POST /xingrg/kc/base/stock_operate.html HTTP/1.1" 200 1475
120.253.135.82 - - [02/Aug/2023:07:00:28 +0800] "GET /xingrg/all/function/internal_message.html?_=1690930649576&CODE_STATE=getMsg HTTP/1.1" 200 27
58.40.7.146 - - [02/Aug/2023:07:00:32 +0800] "GET /xingrg/all/function/internal_message.html?_=1690930832278&CODE_STATE=getMsg HTTP/1.1" 200 27
124.79.243.110 - - [02/Aug/2023:07:00:43 +0800] "GET /xingrg/all/function/internal_message.html?_=1690930842328&CODE_STATE=getMsg HTTP/1.1" 200 27
116.232.195.127 - - [02/Aug/2023:07:00:46 +0800] "GET /xingrg/all/function/internal_message.html?_=1690930787208&CODE_STATE=getMsg HTTP/1.1" 200 27
222.64.144.188 - - [02/Aug/2023:07:00:58 +0800] "GET /xingrg/all/function/internal_message.html?_=1690930858005&CODE_STATE=getMsg HTTP/1.1" 200 27
124.79.243.110 - - [02/Aug/2023:07:01:01 +0800] "GET /xingrg/check_reg.html?_=1690930860613 HTTP/1.1" 200 22
180.152.241.196 - - [02/Aug/2023:07:01:05 +0800] "GET /xingrg/all/function/internal_message.html?_=1690930869120&CODE_STATE=getMsg HTTP/1.1" 200 27
120.253.135.82 - - [02/Aug/2023:07:01:28 +0800] "GET /xingrg/all/function/internal_message.html?_=1690930709590&CODE_STATE=getMsg HTTP/1.1" 200 27
58.40.7.146 - - [02/Aug/2023:07:01:32 +0800] "GET /xingrg/all/function/internal_message.html?_=1690930892280&CODE_STATE=getMsg HTTP/1.1" 200 27
114.85.113.108 - - [02/Aug/2023:07:01:33 +0800] "GET /xingrg/check_reg.html?_=1690930890273 HTTP/1.1" 302 -
124.79.243.110 - - [02/Aug/2023:07:01:43 +0800] "GET /xingrg/all/function/internal_message.html?_=1690930902308&CODE_STATE=getMsg HTTP/1.1" 200 27
116.232.195.127 - - [02/Aug/2023:07:01:46 +0800] "GET /xingrg/all/function/internal_message.html?_=1690930847214&CODE_STATE=getMsg HTTP/1.1" 200 27
180.152.241.196 - - [02/Aug/2023:07:01:47 +0800] "GET /xingrg/check_reg.html?_=1690930911023 HTTP/1.1" 200 22
222.64.144.188 - - [02/Aug/2023:07:01:58 +0800] "GET /xingrg/all/function/internal_message.html?_=1690930918006&CODE_STATE=getMsg HTTP/1.1" 200 27
222.64.144.188 - - [02/Aug/2023:07:01:58 +0800] "GET /xingrg/check_reg.html?_=1690930918010 HTTP/1.1" 200 22
180.152.241.196 - - [02/Aug/2023:07:02:05 +0800] "GET /xingrg/all/function/internal_message.html?_=1690930929105&CODE_STATE=getMsg HTTP/1.1" 200 27
120.253.135.82 - - [02/Aug/2023:07:02:29 +0800] "GET /xingrg/all/function/internal_message.html?_=1690930769716&CODE_STATE=getMsg HTTP/1.1" 200 27
58.40.7.146 - - [02/Aug/2023:07:02:32 +0800] "GET /xingrg/all/function/internal_message.html?_=1690930952281&CODE_STATE=getMsg HTTP/1.1" 200 27
124.79.243.110 - - [02/Aug/2023:07:02:43 +0800] "GET /xingrg/all/function/internal_message.html?_=1690930962292&CODE_STATE=getMsg HTTP/1.1" 200 27
116.232.195.127 - - [02/Aug/2023:07:02:46 +0800] "GET /xingrg/all/function/internal_message.html?_=1690930907224&CODE_STATE=getMsg HTTP/1.1" 200 27
222.64.144.188 - - [02/Aug/2023:07:02:58 +0800] "GET /xingrg/all/function/internal_message.html?_=1690930978011&CODE_STATE=getMsg HTTP/1.1" 200 27
180.152.241.196 - - [02/Aug/2023:07:03:05 +0800] "GET /xingrg/all/function/internal_message.html?_=1690930989090&CODE_STATE=getMsg HTTP/1.1" 200 27
120.253.135.82 - - [02/Aug/2023:07:03:27 +0800] "GET /xingrg/check_reg.html?_=1690930828385 HTTP/1.1" 200 22
120.253.135.82 - - [02/Aug/2023:07:03:29 +0800] "GET /xingrg/all/function/internal_message.html?_=1690930829827&CODE_STATE=getMsg HTTP/1.1" 200 27
58.40.7.146 - - [02/Aug/2023:07:03:32 +0800] "GET /xingrg/check_reg.html?_=1690931012283 HTTP/1.1" 200 22
58.40.7.146 - - [02/Aug/2023:07:03:32 +0800] "GET /xingrg/all/function/internal_message.html?_=1690931012284&CODE_STATE=getMsg HTTP/1.1" 200 27
