180.165.154.167 - - [01/Aug/2023:09:52:37 +0800] "POST /xingrg/dwr/call/plaincall/AjaxReportQueryService.getFixDate.dwr HTTP/1.1" 200 111
180.165.154.167 - - [01/Aug/2023:09:52:37 +0800] "GET /xingrg/javascript/jquery_easy_ui/themes/default/images/menu.gif HTTP/1.1" 200 834
180.165.154.167 - - [01/Aug/2023:09:52:37 +0800] "GET /xingrg/javascript/jquery_easy_ui/themes/icons/help.png HTTP/1.1" 200 1187
180.165.154.167 - - [01/Aug/2023:09:52:37 +0800] "GET /xingrg/javascript/jquery_easy_ui/themes/default/images/combo_arrow_dot.gif HTTP/1.1" 200 79
180.165.154.167 - - [01/Aug/2023:09:52:37 +0800] "POST /xingrg/dwr/call/plaincall/AjaxReportQueryService.getInitString.dwr HTTP/1.1" 200 1167
180.165.154.167 - - [01/Aug/2023:09:52:37 +0800] "GET /xingrg/javascript/multi_select/dropdown.gif HTTP/1.1" 200 61
124.78.70.128 - - [01/Aug/2023:09:52:37 +0800] "GET /xingrg/kc/base/wldb_order_operate.html?command=get_materiel&rest_code=00141&base_code=0010391&code=00101010197 HTTP/1.1" 200 434
180.152.241.196 - - [01/Aug/2023:09:52:37 +0800] "POST /xingrg/kc/buy/cgsh_order_operate.html HTTP/1.1" 200 37
116.232.195.127 - - [01/Aug/2023:09:52:37 +0800] "GET /xingrg/kc/buy/cgsh_order_operate.html?command=get_materiel&rest_code=00155&code=00101008593&supplier_code=00100450&order_time=2023-08-01 HTTP/1.1" 200 418
180.165.154.167 - - [01/Aug/2023:09:52:38 +0800] "POST /xingrg/all/common/load_tree.html?tree=materiel_sort_tree_json HTTP/1.1" 200 9500
116.238.191.126 - - [01/Aug/2023:09:52:38 +0800] "GET /xingrg/all/function/internal_message.html?_=1690854757683&CODE_STATE=getMsg HTTP/1.1" 200 27
116.238.191.126 - - [01/Aug/2023:09:52:38 +0800] "GET /xingrg/check_reg.html?_=1690854757685 HTTP/1.1" 200 22
180.165.154.167 - - [01/Aug/2023:09:52:38 +0800] "GET /xingrg/javascript/jquery_easy_ui/themes/default/images/tree_checkbox_0.gif HTTP/1.1" 200 168
180.165.154.167 - - [01/Aug/2023:09:52:39 +0800] "POST /xingrg/all/common/load_tree.html?tree=supplier_tree_json&manage=1 HTTP/1.1" 200 76714
124.79.243.110 - - [01/Aug/2023:09:52:41 +0800] "GET /xingrg/all/function/internal_message.html?_=1690855050099&CODE_STATE=getMsg HTTP/1.1" 200 27
120.253.135.82 - - [01/Aug/2023:09:52:42 +0800] "GET /xingrg/all/function/internal_message.html?_=1690854582818&CODE_STATE=getMsg HTTP/1.1" 200 27
180.165.154.167 - - [01/Aug/2023:09:52:43 +0800] "POST /xingrg/dwr/call/plaincall/AjaxReportQueryService.getFixDate.dwr HTTP/1.1" 200 111
116.232.195.127 - - [01/Aug/2023:09:52:43 +0800] "GET /xingrg/all/function/internal_message.html?_=1690854706466&CODE_STATE=getMsg HTTP/1.1" 200 27
180.165.154.167 - - [01/Aug/2023:09:52:44 +0800] "GET /xingrg/javascript/multi_select/dropdown_hover.gif HTTP/1.1" 200 61
124.78.70.128 - - [01/Aug/2023:09:52:45 +0800] "POST /xingrg/kc/base/wldb_order_operate.html HTTP/1.1" 200 37
120.253.135.82 - - [01/Aug/2023:09:52:46 +0800] "POST /xingrg/kc/pszx/mdps_order_operate.html HTTP/1.1" 200 12
124.78.70.128 - - [01/Aug/2023:09:52:47 +0800] "POST /xingrg/kc/base/wldb_order_operate.html HTTP/1.1" 200 2184
120.253.135.82 - - [01/Aug/2023:09:52:49 +0800] "GET /xingrg/kc/pszx/mdps_order_info.html?code=312023073000635 HTTP/1.1" 200 19638
222.70.180.90 - - [01/Aug/2023:09:52:49 +0800] "POST /xingrg/services/DataTransmitService HTTP/1.1" 200 501
120.253.135.82 - - [01/Aug/2023:09:52:49 +0800] "GET /xingrg/javascript/easyui/themes/default/validatebox.css HTTP/1.1" 404 1104
180.165.154.167 - - [01/Aug/2023:09:52:50 +0800] "GET /xingrg/javascript/jquery_easy_ui/themes/default/images/tree_checkbox_1.gif HTTP/1.1" 200 174
180.165.154.167 - - [01/Aug/2023:09:52:50 +0800] "GET /xingrg/javascript/jquery_easy_ui/themes/default/images/tree_checkbox_2.gif HTTP/1.1" 200 181
120.253.135.82 - - [01/Aug/2023:09:52:50 +0800] "POST /xingrg/kc/pszx/mdps_order_operate.html HTTP/1.1" 200 510
180.165.154.167 - - [01/Aug/2023:09:52:51 +0800] "POST /xingrg/dwr/call/plaincall/AjaxReportQueryService.refreshCache.dwr HTTP/1.1" 200 78
124.79.243.110 - - [01/Aug/2023:09:52:52 +0800] "GET /xingrg/all/function/internal_message.html?_=1690854771165&CODE_STATE=getMsg HTTP/1.1" 200 27
116.232.195.127 - - [01/Aug/2023:09:52:53 +0800] "GET /xingrg/kc/buy/cgsh_order_operate.html?command=get_materiel&rest_code=00155&code=00101015046&supplier_code=00100450&order_time=2023-08-01 HTTP/1.1" 200 413
101.83.145.37 - - [01/Aug/2023:09:52:53 +0800] "GET /xingrg/all/function/internal_message.html?_=1690854773997&CODE_STATE=getMsg HTTP/1.1" 200 27
116.232.195.127 - - [01/Aug/2023:09:52:53 +0800] "GET /xingrg/check_reg.html?_=1690854773530 HTTP/1.1" 302 -
116.232.195.127 - - [01/Aug/2023:09:52:53 +0800] "GET /xingrg/all/function/internal_message.html?_=1690854773527&CODE_STATE=getMsg HTTP/1.1" 302 -
222.70.180.90 - - [01/Aug/2023:09:52:54 +0800] "POST /xingrg/services/DataTransmitService HTTP/1.1" 200 501
222.70.180.90 - - [01/Aug/2023:09:52:55 +0800] "POST /xingrg/services/DataTransmitService HTTP/1.1" 200 501
120.253.135.82 - - [01/Aug/2023:09:52:55 +0800] "POST /xingrg/kc/pszx/mdps_list_operate.html HTTP/1.1" 200 3544
124.78.70.128 - - [01/Aug/2023:09:52:56 +0800] "GET /xingrg/all/function/internal_message.html?_=1690854240323&CODE_STATE=getMsg HTTP/1.1" 200 27
180.152.241.196 - - [01/Aug/2023:09:53:02 +0800] "POST /xingrg/kc/buy/cgsh_order_operate.html HTTP/1.1" 200 12
218.81.76.85 - - [01/Aug/2023:09:53:02 +0800] "GET /xingrg/all/function/internal_message.html?_=1690854781919&CODE_STATE=getMsg HTTP/1.1" 200 27
222.70.114.12 - - [01/Aug/2023:09:53:02 +0800] "GET /xingrg/all/function/internal_message.html?_=1690854785000&CODE_STATE=getMsg HTTP/1.1" 200 27
180.152.241.196 - - [01/Aug/2023:09:53:04 +0800] "GET /xingrg/all/function/internal_message.html?_=1690854787262&CODE_STATE=getMsg HTTP/1.1" 200 27
114.83.220.65 - - [01/Aug/2023:09:53:04 +0800] "GET /xingrg/all/function/internal_message.html?_=1690854913416&CODE_STATE=getMsg HTTP/1.1" 200 27
180.165.154.167 - - [01/Aug/2023:09:53:06 +0800] "POST /xingrg/all/report/load_report_page.html HTTP/1.1" 200 15261
180.165.154.167 - - [01/Aug/2023:09:53:06 +0800] "GET /xingrg/servlets/image?cache=0.06818983454948313&image=px HTTP/1.1" 200 807
180.152.241.196 - - [01/Aug/2023:09:53:08 +0800] "GET /xingrg/kc/buy/cgsh_order_info.html?code=212023080100032 HTTP/1.1" 200 66702
180.152.241.196 - - [01/Aug/2023:09:53:08 +0800] "GET /xingrg/javascript/easyui/themes/default/validatebox.css HTTP/1.1" 404 1104
116.228.172.122 - - [01/Aug/2023:09:53:08 +0800] "GET /xingrg/all/function/internal_message.html?_=1690854681322&CODE_STATE=getMsg HTTP/1.1" 302 -
180.152.241.196 - - [01/Aug/2023:09:53:10 +0800] "POST /xingrg/kc/buy/cgsh_order_operate.html HTTP/1.1" 200 2370
120.253.135.82 - - [01/Aug/2023:09:53:13 +0800] "POST /xingrg/kc/pszx/mdps_list_operate.html HTTP/1.1" 200 216
120.253.135.82 - - [01/Aug/2023:09:53:15 +0800] "GET /xingrg/kc/pszx/mdps_order_info.html?code=312023073100641 HTTP/1.1" 200 23976
120.253.135.82 - - [01/Aug/2023:09:53:15 +0800] "GET /xingrg/javascript/easyui/themes/default/validatebox.css HTTP/1.1" 404 1104
124.78.70.128 - - [01/Aug/2023:09:53:16 +0800] "POST /xingrg/kc/base/wldb_order_operate.html HTTP/1.1" 200 12
120.253.135.82 - - [01/Aug/2023:09:53:17 +0800] "POST /xingrg/kc/pszx/mdps_order_operate.html HTTP/1.1" 200 2314
116.230.112.71 - - [01/Aug/2023:09:53:17 +0800] "GET /xingrg/all/function/internal_message.html?_=1690854802822&CODE_STATE=getMsg HTTP/1.1" 200 27
58.40.7.146 - - [01/Aug/2023:09:53:17 +0800] "GET /xingrg/all/function/internal_message.html?_=1690854797474&CODE_STATE=getMsg HTTP/1.1" 302 -
116.232.195.127 - - [01/Aug/2023:09:53:17 +0800] "POST /xingrg/kc/buy/cgsh_order_operate.html HTTP/1.1" 200 37
180.152.241.196 - - [01/Aug/2023:09:53:18 +0800] "GET /xingrg/kc/print/load_data.html?order_code=212023080100032&kc_code=cgsh&condition= HTTP/1.1" 200 1340
222.70.180.90 - - [01/Aug/2023:09:53:18 +0800] "POST /xingrg/services/DataTransmitService HTTP/1.1" 200 501
180.165.154.167 - - [01/Aug/2023:09:53:20 +0800] "GET /xingrg/all/function/internal_message.html?_=1690854800147&CODE_STATE=getMsg HTTP/1.1" 200 27
101.228.187.155 - - [01/Aug/2023:09:53:20 +0800] "GET /xingrg/all/function/internal_message.html?_=1690854798998&CODE_STATE=getMsg HTTP/1.1" 200 27
180.165.154.167 - - [01/Aug/2023:09:53:20 +0800] "GET /xingrg/check_reg.html?_=1690854800396 HTTP/1.1" 200 22
120.253.135.82 - - [01/Aug/2023:09:53:20 +0800] "POST /xingrg/kc/pszx/mdps_order_operate.html HTTP/1.1" 200 37
180.163.29.234 - - [01/Aug/2023:09:53:21 +0800] "GET /xingrg/all/function/internal_message.html?_=1690854741308&CODE_STATE=getMsg HTTP/1.1" 302 -
180.163.29.234 - - [01/Aug/2023:09:53:21 +0800] "GET /xingrg/login.html HTTP/1.1" 200 7641
222.70.180.90 - - [01/Aug/2023:09:53:21 +0800] "POST /xingrg/services/DataTransmitService HTTP/1.1" 200 412
180.169.147.146 - - [01/Aug/2023:09:53:21 +0800] "GET /xingrg/all/function/internal_message.html?_=1690854801292&CODE_STATE=getMsg HTTP/1.1" 200 27
116.232.195.127 - - [01/Aug/2023:09:53:21 +0800] "POST /xingrg/kc/buy/cgsh_order_operate.html HTTP/1.1" 200 5036
222.70.114.12 - - [01/Aug/2023:09:53:21 +0800] "GET /xingrg/all/function/internal_message.html?_=1690854801838&CODE_STATE=getMsg HTTP/1.1" 302 -
116.232.195.127 - - [01/Aug/2023:09:53:25 +0800] "GET /xingrg/kc/print/load_data.html?order_code=212023080100033&kc_code=cgsh&condition= HTTP/1.1" 200 1607
180.152.241.196 - - [01/Aug/2023:09:53:25 +0800] "GET /xingrg/kc/buy/cgsh_order_add.html HTTP/1.1" 200 71797
180.152.241.196 - - [01/Aug/2023:09:53:26 +0800] "POST /xingrg/kc/buy/cgsh_order_operate.html HTTP/1.1" 200 8245
180.152.241.196 - - [01/Aug/2023:09:53:26 +0800] "GET /xingrg/javascript/easyui/themes/default/validatebox.css HTTP/1.1" 404 1104
124.78.70.128 - - [01/Aug/2023:09:53:28 +0800] "GET /xingrg/kc/base/wldb_order_info.html?code=422023080100003 HTTP/1.1" 200 26340
120.253.135.82 - - [01/Aug/2023:09:53:29 +0800] "POST /xingrg/kc/pszx/mdps_order_operate.html HTTP/1.1" 200 12
124.78.70.128 - - [01/Aug/2023:09:53:29 +0800] "GET /xingrg/javascript/easyui/themes/default/validatebox.css HTTP/1.1" 404 1104
124.78.70.128 - - [01/Aug/2023:09:53:29 +0800] "POST /xingrg/kc/base/wldb_order_operate.html HTTP/1.1" 200 478
222.69.130.71 - - [01/Aug/2023:09:53:30 +0800] "GET /xingrg/all/function/internal_message.html?_=1690854810857&CODE_STATE=getMsg HTTP/1.1" 200 27
180.169.147.146 - - [01/Aug/2023:09:53:30 +0800] "GET /xingrg/all/function/internal_message.html?_=1690854810276&CODE_STATE=getMsg HTTP/1.1" 302 -
116.230.112.71 - - [01/Aug/2023:09:53:30 +0800] "GET /xingrg/all/function/internal_message.html?_=1690854815581&CODE_STATE=getMsg HTTP/1.1" 200 27
120.253.135.82 - - [01/Aug/2023:09:53:31 +0800] "GET /xingrg/kc/pszx/mdps_order_info.html?code=312023073100641 HTTP/1.1" 200 19636
120.253.135.82 - - [01/Aug/2023:09:53:31 +0800] "GET /xingrg/javascript/easyui/themes/default/validatebox.css HTTP/1.1" 404 1104
124.78.70.128 - - [01/Aug/2023:09:53:31 +0800] "GET /xingrg/kc/buy/buy_main.html HTTP/1.1" 200 12412
124.78.70.128 - - [01/Aug/2023:09:53:31 +0800] "GET /xingrg/css/new_ie.css HTTP/1.1" 404 1036
120.253.135.82 - - [01/Aug/2023:09:53:32 +0800] "POST /xingrg/kc/pszx/mdps_order_operate.html HTTP/1.1" 200 536
222.70.180.90 - - [01/Aug/2023:09:53:32 +0800] "GET /xingrg/all/function/internal_message.html?_=1690854812681&CODE_STATE=getMsg HTTP/1.1" 200 27
124.78.70.128 - - [01/Aug/2023:09:53:33 +0800] "GET /xingrg/images/yd/bt.gif HTTP/1.1" 404 1040
120.253.135.82 - - [01/Aug/2023:09:53:33 +0800] "POST /xingrg/kc/pszx/mdps_list_operate.html HTTP/1.1" 200 3175
180.152.241.196 - - [01/Aug/2023:09:53:33 +0800] "GET /xingrg/all/function/internal_message.html?_=1690854814142&CODE_STATE=getMsg HTTP/1.1" 200 27
124.78.70.128 - - [01/Aug/2023:09:53:34 +0800] "GET /xingrg/kc/buy/cgsh_order_list.html HTTP/1.1" 200 55986
120.253.135.82 - - [01/Aug/2023:09:53:35 +0800] "POST /xingrg/kc/pszx/mdps_list_operate.html HTTP/1.1" 200 215
120.253.135.82 - - [01/Aug/2023:09:53:37 +0800] "GET /xingrg/kc/pszx/mdps_order_info.html?code=312023073000636 HTTP/1.1" 200 23978
120.253.135.82 - - [01/Aug/2023:09:53:38 +0800] "GET /xingrg/javascript/easyui/themes/default/validatebox.css HTTP/1.1" 404 1104
124.78.70.128 - - [01/Aug/2023:09:53:38 +0800] "POST /xingrg/kc/buy/cgsh_list_operate.html HTTP/1.1" 200 986
116.238.191.126 - - [01/Aug/2023:09:53:38 +0800] "GET /xingrg/all/function/internal_message.html?_=1690854817686&CODE_STATE=getMsg HTTP/1.1" 200 27
120.253.135.82 - - [01/Aug/2023:09:53:39 +0800] "POST /xingrg/kc/pszx/mdps_order_operate.html HTTP/1.1" 200 2309
222.70.180.90 - - [01/Aug/2023:09:53:40 +0800] "POST /xingrg/services/DataTransmitService HTTP/1.1" 200 524
124.79.243.110 - - [01/Aug/2023:09:53:41 +0800] "GET /xingrg/check_reg.html?_=1690855110083 HTTP/1.1" 200 22
124.79.243.110 - - [01/Aug/2023:09:53:41 +0800] "GET /xingrg/all/function/internal_message.html?_=1690855110084&CODE_STATE=getMsg HTTP/1.1" 200 27
116.232.195.127 - - [01/Aug/2023:09:53:43 +0800] "GET /xingrg/check_reg.html?_=1690854766447 HTTP/1.1" 200 22
116.232.195.127 - - [01/Aug/2023:09:53:43 +0800] "GET /xingrg/all/function/internal_message.html?_=1690854766450&CODE_STATE=getMsg HTTP/1.1" 200 27
120.253.135.82 - - [01/Aug/2023:09:53:44 +0800] "POST /xingrg/kc/pszx/mdps_order_operate.html HTTP/1.1" 200 37
116.232.195.127 - - [01/Aug/2023:09:53:45 +0800] "POST /xingrg/kc/buy/cgsh_list_operate.html HTTP/1.1" 200 3605
116.232.195.127 - - [01/Aug/2023:09:53:49 +0800] "POST /xingrg/kc/buy/cgsh_list_operate.html HTTP/1.1" 200 566
124.79.243.110 - - [01/Aug/2023:09:53:52 +0800] "GET /xingrg/all/function/internal_message.html?_=1690854831143&CODE_STATE=getMsg HTTP/1.1" 200 27
116.232.195.127 - - [01/Aug/2023:09:53:52 +0800] "GET /xingrg/kc/buy/cgsh_order_info.html?code=212023080100030 HTTP/1.1" 200 71818
116.232.195.127 - - [01/Aug/2023:09:53:52 +0800] "GET /xingrg/javascript/easyui/themes/default/validatebox.css HTTP/1.1" 404 1104
116.232.195.127 - - [01/Aug/2023:09:53:53 +0800] "POST /xingrg/kc/buy/cgsh_order_operate.html HTTP/1.1" 200 33428
116.232.195.127 - - [01/Aug/2023:09:53:53 +0800] "GET /xingrg/all/function/internal_message.html?_=1690854833562&CODE_STATE=getMsg HTTP/1.1" 302 -
101.83.145.37 - - [01/Aug/2023:09:53:54 +0800] "GET /xingrg/check_reg.html?_=1690854833998 HTTP/1.1" 200 22
101.83.145.37 - - [01/Aug/2023:09:53:54 +0800] "GET /xingrg/all/function/internal_message.html?_=1690854834001&CODE_STATE=getMsg HTTP/1.1" 200 27
120.253.135.82 - - [01/Aug/2023:09:53:54 +0800] "POST /xingrg/kc/pszx/mdps_order_operate.html HTTP/1.1" 200 12
124.78.70.128 - - [01/Aug/2023:09:53:56 +0800] "GET /xingrg/all/function/internal_message.html?_=1690854300309&CODE_STATE=getMsg HTTP/1.1" 200 27
116.232.195.127 - - [01/Aug/2023:09:53:56 +0800] "GET /xingrg/kc/print/load_data.html?order_code=212023080100030&kc_code=cgsh&condition= HTTP/1.1" 200 12362
180.165.154.167 - - [01/Aug/2023:09:53:59 +0800] "GET /xingrg/javascript/jquery_easy_ui/themes/default/images/tabs_active.png HTTP/1.1" 200 2894
124.78.70.128 - - [01/Aug/2023:09:53:59 +0800] "GET /xingrg/kc/buy/cgsh_order_add.html HTTP/1.1" 200 71762
124.78.70.128 - - [01/Aug/2023:09:54:00 +0800] "GET /xingrg/javascript/easyui/themes/icons/copy_new.png HTTP/1.1" 200 815
124.78.70.128 - - [01/Aug/2023:09:54:00 +0800] "POST /xingrg/kc/buy/cgsh_order_operate.html HTTP/1.1" 200 8245
124.78.70.128 - - [01/Aug/2023:09:54:00 +0800] "GET /xingrg/javascript/easyui/themes/default/validatebox.css HTTP/1.1" 404 1104
124.78.70.128 - - [01/Aug/2023:09:54:00 +0800] "GET /xingrg/all/common/auto_word.html?type=employee&rest_code=00141 HTTP/1.1" 200 201
124.78.70.128 - - [01/Aug/2023:09:54:01 +0800] "GET /xingrg/all/common/auto_word.html?type=employee&rest_code=00141 HTTP/1.1" 200 201
120.253.135.82 - - [01/Aug/2023:09:54:01 +0800] "GET /xingrg/all/function/internal_message.html?_=1690854662347&CODE_STATE=getMsg HTTP/1.1" 200 27
120.253.135.82 - - [01/Aug/2023:09:54:02 +0800] "GET /xingrg/kc/pszx/mdps_order_info.html?code=312023073000636 HTTP/1.1" 200 19638
180.165.154.167 - - [01/Aug/2023:09:54:02 +0800] "GET /xingrg/kc/buy/cgsh_order_list.html HTTP/1.1" 200 55990
180.165.154.167 - - [01/Aug/2023:09:54:02 +0800] "GET /xingrg/javascript/jquery_tools/datebox.css HTTP/1.1" 200 2597
180.165.154.167 - - [01/Aug/2023:09:54:02 +0800] "GET /xingrg/css/base.css HTTP/1.1" 200 2811
180.165.154.167 - - [01/Aug/2023:09:54:02 +0800] "GET /xingrg/javascript/easyui/themes/default/easyui.css HTTP/1.1" 200 30432
180.165.154.167 - - [01/Aug/2023:09:54:02 +0800] "GET /xingrg/css/site.css HTTP/1.1" 200 7541
180.165.154.167 - - [01/Aug/2023:09:54:02 +0800] "GET /xingrg/javascript/easyui/themes/icon.css HTTP/1.1" 200 4483
180.165.154.167 - - [01/Aug/2023:09:54:02 +0800] "GET /xingrg/javascript/auto/jquery.autocomplete.css HTTP/1.1" 200 587
180.165.154.167 - - [01/Aug/2023:09:54:02 +0800] "GET /xingrg/javascript/jquery_tools/fix.css HTTP/1.1" 200 1702
180.165.154.167 - - [01/Aug/2023:09:54:02 +0800] "GET /xingrg/javascript/jquery_tools/table.css HTTP/1.1" 200 1032
180.165.154.167 - - [01/Aug/2023:09:54:02 +0800] "GET /xingrg/javascript/jquery_tools/jquery.tools.min.js HTTP/1.1" 200 138801
180.165.154.167 - - [01/Aug/2023:09:54:02 +0800] "GET /xingrg/javascript/jquery_tools/jquery.tools.extend.js HTTP/1.1" 200 15385
222.70.180.90 - - [01/Aug/2023:09:54:02 +0800] "POST /xingrg/services/DataTransmitService HTTP/1.1" 200 501
120.253.135.82 - - [01/Aug/2023:09:54:02 +0800] "GET /xingrg/javascript/easyui/themes/default/validatebox.css HTTP/1.1" 404 1104
218.81.76.85 - - [01/Aug/2023:09:54:02 +0800] "GET /xingrg/check_reg.html?_=1690854841907 HTTP/1.1" 200 22
218.81.76.85 - - [01/Aug/2023:09:54:02 +0800] "GET /xingrg/all/function/internal_message.html?_=1690854841911&CODE_STATE=getMsg HTTP/1.1" 200 27
180.165.154.167 - - [01/Aug/2023:09:54:02 +0800] "GET /xingrg/javascript/jquery_tools/jquery.tools.hotkey.js HTTP/1.1" 200 3242
180.165.154.167 - - [01/Aug/2023:09:54:02 +0800] "GET /xingrg/javascript/jquery_tools/jquery.tools.table.js HTTP/1.1" 200 6994
180.165.154.167 - - [01/Aug/2023:09:54:02 +0800] "GET /xingrg/javascript/jquery_tools/list_manager.js HTTP/1.1" 200 3652
180.165.154.167 - - [01/Aug/2023:09:54:02 +0800] "GET /xingrg/javascript/auto/jquery.autocomplete.js HTTP/1.1" 200 21624
180.165.154.167 - - [01/Aug/2023:09:54:02 +0800] "GET /xingrg/javascript/easyui/easyloader.js HTTP/1.1" 200 5975
180.165.154.167 - - [01/Aug/2023:09:54:02 +0800] "GET /xingrg/javascript/jquery.cookie.js HTTP/1.1" 200 5513
180.165.154.167 - - [01/Aug/2023:09:54:02 +0800] "GET /xingrg/javascript/print/LodopFuncs.js HTTP/1.1" 200 5121
180.165.154.167 - - [01/Aug/2023:09:54:02 +0800] "GET /xingrg/javascript/easyui/themes/icons/cance_new.png HTTP/1.1" 200 3986
180.165.154.167 - - [01/Aug/2023:09:54:02 +0800] "GET /xingrg/javascript/easyui/themes/icons/edit_add_new.png HTTP/1.1" 200 2997
180.165.154.167 - - [01/Aug/2023:09:54:02 +0800] "GET /xingrg/javascript/easyui/themes/icons/check_new.png HTTP/1.1" 200 3224
180.165.154.167 - - [01/Aug/2023:09:54:02 +0800] "GET /xingrg/javascript/easyui/themes/icons/field_new.png HTTP/1.1" 200 1097
180.165.154.167 - - [01/Aug/2023:09:54:02 +0800] "GET /xingrg/javascript/easyui/themes/icons/import_new.png HTTP/1.1" 200 1247
222.70.114.12 - - [01/Aug/2023:09:54:02 +0800] "GET /xingrg/check_reg.html?_=1690854845006 HTTP/1.1" 200 22
180.165.154.167 - - [01/Aug/2023:09:54:02 +0800] "GET /xingrg/javascript/easyui/plugins/jquery.parser.js HTTP/1.1" 200 1142
222.70.114.12 - - [01/Aug/2023:09:54:02 +0800] "GET /xingrg/all/function/internal_message.html?_=1690854845015&CODE_STATE=getMsg HTTP/1.1" 200 27
180.165.154.167 - - [01/Aug/2023:09:54:02 +0800] "GET /xingrg/images/control/ajaxLoader.gif HTTP/1.1" 200 4659
120.253.135.82 - - [01/Aug/2023:09:54:03 +0800] "POST /xingrg/kc/pszx/mdps_order_operate.html HTTP/1.1" 200 531
180.152.241.196 - - [01/Aug/2023:09:54:04 +0800] "GET /xingrg/all/function/internal_message.html?_=1690854847262&CODE_STATE=getMsg HTTP/1.1" 200 27
114.83.220.65 - - [01/Aug/2023:09:54:04 +0800] "GET /xingrg/check_reg.html?_=1690854973401 HTTP/1.1" 200 22
114.83.220.65 - - [01/Aug/2023:09:54:04 +0800] "GET /xingrg/all/function/internal_message.html?_=1690854973403&CODE_STATE=getMsg HTTP/1.1" 200 27
120.253.135.82 - - [01/Aug/2023:09:54:04 +0800] "POST /xingrg/kc/pszx/mdps_list_operate.html HTTP/1.1" 200 2804
120.253.135.82 - - [01/Aug/2023:09:54:05 +0800] "POST /xingrg/kc/pszx/mdps_list_operate.html HTTP/1.1" 200 289
120.253.135.82 - - [01/Aug/2023:09:54:07 +0800] "GET /xingrg/kc/pszx/mdps_order_info.html?code=312023072800626 HTTP/1.1" 200 23978
120.253.135.82 - - [01/Aug/2023:09:54:07 +0800] "GET /xingrg/javascript/easyui/themes/default/validatebox.css HTTP/1.1" 404 1104
116.228.172.122 - - [01/Aug/2023:09:54:08 +0800] "GET /xingrg/all/function/internal_message.html?_=1690854741320&CODE_STATE=getMsg HTTP/1.1" 302 -
120.253.135.82 - - [01/Aug/2023:09:54:09 +0800] "POST /xingrg/kc/pszx/mdps_order_operate.html HTTP/1.1" 200 2796
180.165.154.167 - - [01/Aug/2023:09:54:09 +0800] "POST /xingrg/kc/buy/cgsh_list_operate.html HTTP/1.1" 200 3188
120.253.135.82 - - [01/Aug/2023:09:54:12 +0800] "POST /xingrg/kc/pszx/mdps_order_operate.html HTTP/1.1" 200 37
180.152.241.196 - - [01/Aug/2023:09:54:12 +0800] "GET /xingrg/javascript/easyui/themes/default/tree.css HTTP/1.1" 404 1090
180.165.154.167 - - [01/Aug/2023:09:54:14 +0800] "POST /xingrg/kc/buy/cgsh_list_operate.html HTTP/1.1" 200 566
124.78.70.128 - - [01/Aug/2023:09:54:14 +0800] "GET /xingrg/kc/buy/cgsh_order_operate.html?command=get_materiel&rest_code=00141&code=00101006065&supplier_code=00100012&order_time=2023-08-01 HTTP/1.1" 200 409
180.152.241.196 - - [01/Aug/2023:09:54:14 +0800] "POST /xingrg/all/common/load_tree.html?tree=supplier_tree_json&isDelete=1 HTTP/1.1" 200 74671
116.230.112.71 - - [01/Aug/2023:09:54:17 +0800] "GET /xingrg/all/function/internal_message.html?_=1690854862835&CODE_STATE=getMsg HTTP/1.1" 200 27
58.40.7.146 - - [01/Aug/2023:09:54:17 +0800] "GET /xingrg/all/function/internal_message.html?_=1690854857461&CODE_STATE=getMsg HTTP/1.1" 302 -
180.165.154.167 - - [01/Aug/2023:09:54:17 +0800] "GET /xingrg/kc/buy/cgsh_order_info.html?code=212023080100027 HTTP/1.1" 200 71863
180.165.154.167 - - [01/Aug/2023:09:54:17 +0800] "GET /xingrg/javascript/convert.js HTTP/1.1" 200 1239
180.165.154.167 - - [01/Aug/2023:09:54:17 +0800] "GET /xingrg/javascript/jquery_tools/order_manager.js HTTP/1.1" 200 11183
180.165.154.167 - - [01/Aug/2023:09:54:17 +0800] "GET /xingrg/javascript/print/kc_print.js HTTP/1.1" 200 11415
180.165.154.167 - - [01/Aug/2023:09:54:17 +0800] "GET /xingrg/words/20230731144558_words.js HTTP/1.1" 200 976058
180.165.154.167 - - [01/Aug/2023:09:54:17 +0800] "GET /xingrg/javascript/easyui/themes/icons/template_new.png HTTP/1.1" 200 3956
180.165.154.167 - - [01/Aug/2023:09:54:17 +0800] "GET /xingrg/javascript/easyui/themes/icons/copy_new.png HTTP/1.1" 200 815
180.165.154.167 - - [01/Aug/2023:09:54:17 +0800] "GET /xingrg/javascript/easyui/themes/icons/ok.png HTTP/1.1" 200 883
180.165.154.167 - - [01/Aug/2023:09:54:17 +0800] "GET /xingrg/javascript/easyui/themes/icons/print.png HTTP/1.1" 200 1057
180.165.154.167 - - [01/Aug/2023:09:54:17 +0800] "GET /xingrg/javascript/easyui/themes/default/images/menu_downarrow.png HTTP/1.1" 200 173
180.165.154.167 - - [01/Aug/2023:09:54:17 +0800] "GET /xingrg/javascript/easyui/themes/icons/cancel.png HTTP/1.1" 200 1133
180.165.154.167 - - [01/Aug/2023:09:54:17 +0800] "GET /xingrg/javascript/easyui/themes/default/validatebox.css HTTP/1.1" 404 1104
180.165.154.167 - - [01/Aug/2023:09:54:17 +0800] "GET /xingrg/javascript/easyui/plugins/jquery.validatebox.js HTTP/1.1" 200 6103
180.165.154.167 - - [01/Aug/2023:09:54:17 +0800] "GET /xingrg/javascript/easyui/plugins/jquery.numberbox.js HTTP/1.1" 200 5213
180.165.154.167 - - [01/Aug/2023:09:54:18 +0800] "GET /xingrg/all/common/auto_word.html?type=employee&rest_code=00108 HTTP/1.1" 200 101
180.165.154.167 - - [01/Aug/2023:09:54:18 +0800] "GET /xingrg/all/common/auto_word.html?type=employee&rest_code=00108 HTTP/1.1" 200 101
180.165.154.167 - - [01/Aug/2023:09:54:19 +0800] "POST /xingrg/kc/buy/cgsh_order_operate.html HTTP/1.1" 200 12726
180.165.154.167 - - [01/Aug/2023:09:54:19 +0800] "GET /xingrg/javascript/easyui/themes/icons/edit_remove.png HTTP/1.1" 200 625
180.165.154.167 - - [01/Aug/2023:09:54:20 +0800] "GET /xingrg/all/function/internal_message.html?_=1690854860121&CODE_STATE=getMsg HTTP/1.1" 200 27
101.228.187.155 - - [01/Aug/2023:09:54:20 +0800] "GET /xingrg/all/function/internal_message.html?_=1690854859021&CODE_STATE=getMsg HTTP/1.1" 200 27
101.228.187.155 - - [01/Aug/2023:09:54:20 +0800] "GET /xingrg/check_reg.html?_=1690854859020 HTTP/1.1" 200 22
180.163.28.180 - - [01/Aug/2023:09:54:21 +0800] "GET /xingrg/all/function/internal_message.html?_=1690854801292&CODE_STATE=getMsg HTTP/1.1" 302 -
120.253.135.82 - - [01/Aug/2023:09:54:21 +0800] "POST /xingrg/kc/pszx/mdps_order_operate.html HTTP/1.1" 200 12
180.163.28.180 - - [01/Aug/2023:09:54:21 +0800] "GET /xingrg/login.html HTTP/1.1" 200 7641
180.169.147.146 - - [01/Aug/2023:09:54:21 +0800] "GET /xingrg/all/function/internal_message.html?_=1690854861294&CODE_STATE=getMsg HTTP/1.1" 200 27
222.70.114.12 - - [01/Aug/2023:09:54:21 +0800] "GET /xingrg/check_reg.html?_=1690854861823 HTTP/1.1" 302 -
222.70.114.12 - - [01/Aug/2023:09:54:21 +0800] "GET /xingrg/all/function/internal_message.html?_=1690854861827&CODE_STATE=getMsg HTTP/1.1" 302 -
120.253.135.82 - - [01/Aug/2023:09:54:23 +0800] "GET /xingrg/kc/pszx/mdps_order_info.html?code=312023072800626 HTTP/1.1" 200 19638
120.253.135.82 - - [01/Aug/2023:09:54:23 +0800] "GET /xingrg/javascript/easyui/themes/default/validatebox.css HTTP/1.1" 404 1104
120.253.135.82 - - [01/Aug/2023:09:54:24 +0800] "POST /xingrg/kc/pszx/mdps_order_operate.html HTTP/1.1" 200 1014
124.78.70.128 - - [01/Aug/2023:09:54:25 +0800] "GET /xingrg/kc/buy/cgsh_order_operate.html?command=get_materiel&rest_code=00141&code=00101006055&supplier_code=00100012&order_time=2023-08-01 HTTP/1.1" 200 409
120.253.135.82 - - [01/Aug/2023:09:54:25 +0800] "POST /xingrg/kc/pszx/mdps_list_operate.html HTTP/1.1" 200 2433
120.253.135.82 - - [01/Aug/2023:09:54:27 +0800] "POST /xingrg/kc/pszx/mdps_list_operate.html HTTP/1.1" 200 617
120.253.135.82 - - [01/Aug/2023:09:54:29 +0800] "GET /xingrg/kc/pszx/mdps_order_info.html?code=312023072900628 HTTP/1.1" 200 23976
120.253.135.82 - - [01/Aug/2023:09:54:29 +0800] "GET /xingrg/javascript/easyui/themes/default/validatebox.css HTTP/1.1" 404 1104
222.69.130.71 - - [01/Aug/2023:09:54:30 +0800] "GET /xingrg/check_reg.html?_=1690854870860 HTTP/1.1" 200 22
222.69.130.71 - - [01/Aug/2023:09:54:30 +0800] "GET /xingrg/all/function/internal_message.html?_=1690854870864&CODE_STATE=getMsg HTTP/1.1" 200 27
180.169.147.146 - - [01/Aug/2023:09:54:30 +0800] "GET /xingrg/all/function/internal_message.html?_=1690854870262&CODE_STATE=getMsg HTTP/1.1" 302 -
120.253.135.82 - - [01/Aug/2023:09:54:30 +0800] "POST /xingrg/kc/pszx/mdps_order_operate.html HTTP/1.1" 200 22233
116.230.112.71 - - [01/Aug/2023:09:54:30 +0800] "GET /xingrg/all/function/internal_message.html?_=1690854875591&CODE_STATE=getMsg HTTP/1.1" 200 27
222.70.180.90 - - [01/Aug/2023:09:54:32 +0800] "GET /xingrg/all/function/internal_message.html?_=1690854872681&CODE_STATE=getMsg HTTP/1.1" 200 27
180.152.241.196 - - [01/Aug/2023:09:54:33 +0800] "GET /xingrg/kc/buy/cgsh_order_operate.html?command=get_materiel&rest_code=00102&code=00101009160&supplier_code=00100022&order_time=2023-08-01 HTTP/1.1" 200 415
180.152.241.196 - - [01/Aug/2023:09:54:33 +0800] "GET /xingrg/all/function/internal_message.html?_=1690854874121&CODE_STATE=getMsg HTTP/1.1" 200 27
180.152.241.196 - - [01/Aug/2023:09:54:33 +0800] "GET /xingrg/check_reg.html?_=1690854874188 HTTP/1.1" 200 22
124.78.70.128 - - [01/Aug/2023:09:54:33 +0800] "GET /xingrg/kc/buy/cgsh_order_operate.html?command=get_materiel&rest_code=00141&code=00101006193&supplier_code=00100012&order_time=2023-08-01 HTTP/1.1" 200 409
116.238.191.126 - - [01/Aug/2023:09:54:38 +0800] "GET /xingrg/all/function/internal_message.html?_=1690854877698&CODE_STATE=getMsg HTTP/1.1" 200 27
124.79.243.110 - - [01/Aug/2023:09:54:41 +0800] "GET /xingrg/all/function/internal_message.html?_=1690855170093&CODE_STATE=getMsg HTTP/1.1" 200 27
116.232.195.127 - - [01/Aug/2023:09:54:43 +0800] "GET /xingrg/all/function/internal_message.html?_=1690854826459&CODE_STATE=getMsg HTTP/1.1" 200 27
120.253.135.82 - - [01/Aug/2023:09:54:46 +0800] "POST /xingrg/kc/pszx/mdps_order_operate.html HTTP/1.1" 200 37
101.83.145.37 - - [01/Aug/2023:09:54:50 +0800] "GET /xingrg/kc/buy/cgsh_order_list.html HTTP/1.1" 200 55980
124.79.243.110 - - [01/Aug/2023:09:54:52 +0800] "GET /xingrg/all/function/internal_message.html?_=1690854891152&CODE_STATE=getMsg HTTP/1.1" 200 27
101.83.145.37 - - [01/Aug/2023:09:54:53 +0800] "GET /xingrg/all/function/internal_message.html?_=1690854894007&CODE_STATE=getMsg HTTP/1.1" 200 27
116.232.195.127 - - [01/Aug/2023:09:54:53 +0800] "GET /xingrg/all/function/internal_message.html?_=1690854893530&CODE_STATE=getMsg HTTP/1.1" 302 -
124.78.70.128 - - [01/Aug/2023:09:54:55 +0800] "GET /xingrg/check_reg.html?_=1690854359177 HTTP/1.1" 200 22
180.152.241.196 - - [01/Aug/2023:09:54:55 +0800] "POST /xingrg/kc/buy/cgsh_order_operate.html HTTP/1.1" 200 37
124.78.70.128 - - [01/Aug/2023:09:54:56 +0800] "GET /xingrg/all/function/internal_message.html?_=1690854360299&CODE_STATE=getMsg HTTP/1.1" 200 27
124.78.70.128 - - [01/Aug/2023:09:54:58 +0800] "GET /xingrg/kc/buy/cgsh_order_operate.html?command=get_materiel&rest_code=00141&code=00101018007&supplier_code=00100012&order_time=2023-08-01 HTTP/1.1" 200 409
180.152.241.196 - - [01/Aug/2023:09:54:59 +0800] "POST /xingrg/kc/buy/cgsh_order_operate.html HTTP/1.1" 200 2065
101.83.145.37 - - [01/Aug/2023:09:55:00 +0800] "POST /xingrg/kc/buy/cgsh_list_operate.html HTTP/1.1" 200 3540
120.253.135.82 - - [01/Aug/2023:09:55:00 +0800] "POST /xingrg/kc/pszx/mdps_order_operate.html HTTP/1.1" 200 12
101.83.145.37 - - [01/Aug/2023:09:55:02 +0800] "GET /xingrg/kc/buy/cgsh_order_add.html HTTP/1.1" 200 71844
218.81.76.85 - - [01/Aug/2023:09:55:02 +0800] "GET /xingrg/all/function/internal_message.html?_=1690854901910&CODE_STATE=getMsg HTTP/1.1" 200 27
222.70.114.12 - - [01/Aug/2023:09:55:02 +0800] "GET /xingrg/all/function/internal_message.html?_=1690854905002&CODE_STATE=getMsg HTTP/1.1" 200 27
101.83.145.37 - - [01/Aug/2023:09:55:02 +0800] "POST /xingrg/kc/buy/cgsh_order_operate.html HTTP/1.1" 200 8245
101.83.145.37 - - [01/Aug/2023:09:55:03 +0800] "GET /xingrg/javascript/easyui/themes/default/validatebox.css HTTP/1.1" 404 1104
180.152.241.196 - - [01/Aug/2023:09:55:04 +0800] "GET /xingrg/all/function/internal_message.html?_=1690854907290&CODE_STATE=getMsg HTTP/1.1" 200 27
114.83.220.65 - - [01/Aug/2023:09:55:04 +0800] "GET /xingrg/all/function/internal_message.html?_=1690855033413&CODE_STATE=getMsg HTTP/1.1" 200 27
116.228.172.122 - - [01/Aug/2023:09:55:08 +0800] "GET /xingrg/all/function/internal_message.html?_=1690854801321&CODE_STATE=getMsg HTTP/1.1" 302 -
124.78.70.128 - - [01/Aug/2023:09:55:09 +0800] "GET /xingrg/kc/buy/cgsh_order_operate.html?command=get_materiel&rest_code=00141&code=00101006129&supplier_code=00100012&order_time=2023-08-01 HTTP/1.1" 200 431
120.253.135.82 - - [01/Aug/2023:09:55:11 +0800] "GET /xingrg/kc/pszx/mdps_order_info.html?code=312023072900628 HTTP/1.1" 200 19636
120.253.135.82 - - [01/Aug/2023:09:55:11 +0800] "GET /xingrg/javascript/easyui/themes/default/validatebox.css HTTP/1.1" 404 1104
120.253.135.82 - - [01/Aug/2023:09:55:11 +0800] "GET /xingrg/all/function/internal_message.html?_=1690854732499&CODE_STATE=getMsg HTTP/1.1" 200 27
120.253.135.82 - - [01/Aug/2023:09:55:12 +0800] "POST /xingrg/kc/pszx/mdps_order_operate.html HTTP/1.1" 200 20300
120.253.135.82 - - [01/Aug/2023:09:55:13 +0800] "POST /xingrg/kc/pszx/mdps_list_operate.html HTTP/1.1" 200 2061
120.253.135.82 - - [01/Aug/2023:09:55:14 +0800] "POST /xingrg/kc/pszx/mdps_list_operate.html HTTP/1.1" 200 205
120.253.135.82 - - [01/Aug/2023:09:55:16 +0800] "GET /xingrg/kc/pszx/mdps_order_info.html?code=312023080100009 HTTP/1.1" 200 23978
120.253.135.82 - - [01/Aug/2023:09:55:16 +0800] "GET /xingrg/javascript/easyui/themes/default/validatebox.css HTTP/1.1" 404 1104
116.230.112.71 - - [01/Aug/2023:09:55:17 +0800] "GET /xingrg/all/function/internal_message.html?_=1690854922893&CODE_STATE=getMsg HTTP/1.1" 200 27
120.253.135.82 - - [01/Aug/2023:09:55:17 +0800] "POST /xingrg/kc/pszx/mdps_order_operate.html HTTP/1.1" 200 2290
58.40.7.146 - - [01/Aug/2023:09:55:17 +0800] "GET /xingrg/all/function/internal_message.html?_=1690854917408&CODE_STATE=getMsg HTTP/1.1" 302 -
180.165.154.167 - - [01/Aug/2023:09:55:20 +0800] "GET /xingrg/all/function/internal_message.html?_=1690854920106&CODE_STATE=getMsg HTTP/1.1" 200 27
101.228.187.155 - - [01/Aug/2023:09:55:20 +0800] "GET /xingrg/all/function/internal_message.html?_=1690854919026&CODE_STATE=getMsg HTTP/1.1" 200 27
120.253.135.82 - - [01/Aug/2023:09:55:21 +0800] "POST /xingrg/kc/pszx/mdps_order_operate.html HTTP/1.1" 200 37
180.169.147.146 - - [01/Aug/2023:09:55:21 +0800] "GET /xingrg/all/function/internal_message.html?_=1690854921281&CODE_STATE=getMsg HTTP/1.1" 200 27
180.169.147.146 - - [01/Aug/2023:09:55:21 +0800] "GET /xingrg/check_reg.html?_=1690854921332 HTTP/1.1" 200 22
222.70.114.12 - - [01/Aug/2023:09:55:21 +0800] "GET /xingrg/all/function/internal_message.html?_=1690854921800&CODE_STATE=getMsg HTTP/1.1" 302 -
124.78.70.128 - - [01/Aug/2023:09:55:23 +0800] "GET /xingrg/kc/buy/cgsh_order_operate.html?command=get_materiel&rest_code=00141&code=00101006111&supplier_code=00100012&order_time=2023-08-01 HTTP/1.1" 200 409
120.253.135.82 - - [01/Aug/2023:09:55:27 +0800] "POST /xingrg/kc/pszx/mdps_order_operate.html HTTP/1.1" 200 12
222.69.130.71 - - [01/Aug/2023:09:55:30 +0800] "GET /xingrg/all/function/internal_message.html?_=1690854930863&CODE_STATE=getMsg HTTP/1.1" 200 27
116.230.112.71 - - [01/Aug/2023:09:55:30 +0800] "GET /xingrg/check_reg.html?_=1690854934860 HTTP/1.1" 200 22
180.169.147.146 - - [01/Aug/2023:09:55:30 +0800] "GET /xingrg/all/function/internal_message.html?_=1690854930274&CODE_STATE=getMsg HTTP/1.1" 302 -
116.230.112.71 - - [01/Aug/2023:09:55:30 +0800] "GET /xingrg/all/function/internal_message.html?_=1690854935603&CODE_STATE=getMsg HTTP/1.1" 200 27
222.70.180.90 - - [01/Aug/2023:09:55:32 +0800] "GET /xingrg/all/function/internal_message.html?_=1690854932685&CODE_STATE=getMsg HTTP/1.1" 200 27
120.253.135.82 - - [01/Aug/2023:09:55:33 +0800] "GET /xingrg/kc/pszx/mdps_order_info.html?code=312023080100009 HTTP/1.1" 200 19638
120.253.135.82 - - [01/Aug/2023:09:55:33 +0800] "GET /xingrg/javascript/easyui/themes/default/validatebox.css HTTP/1.1" 404 1104
180.152.241.196 - - [01/Aug/2023:09:55:33 +0800] "GET /xingrg/all/function/internal_message.html?_=1690854934107&CODE_STATE=getMsg HTTP/1.1" 200 27
120.253.135.82 - - [01/Aug/2023:09:55:34 +0800] "POST /xingrg/kc/pszx/mdps_order_operate.html HTTP/1.1" 200 512
120.253.135.82 - - [01/Aug/2023:09:55:35 +0800] "POST /xingrg/kc/pszx/mdps_list_operate.html HTTP/1.1" 200 1690
180.152.241.196 - - [01/Aug/2023:09:55:36 +0800] "GET /xingrg/kc/buy/cgsh_order_operate.html?command=get_materiel&rest_code=00102&code=00101009112&supplier_code=00100022&order_time=2023-08-01 HTTP/1.1" 200 425
120.253.135.82 - - [01/Aug/2023:09:55:37 +0800] "POST /xingrg/kc/pszx/mdps_list_operate.html HTTP/1.1" 200 289
120.253.135.82 - - [01/Aug/2023:09:55:38 +0800] "GET /xingrg/kc/pszx/mdps_order_info.html?code=312023080100005 HTTP/1.1" 200 23978
116.238.191.126 - - [01/Aug/2023:09:55:38 +0800] "GET /xingrg/all/function/internal_message.html?_=1690854937699&CODE_STATE=getMsg HTTP/1.1" 200 27
120.253.135.82 - - [01/Aug/2023:09:55:38 +0800] "GET /xingrg/javascript/easyui/themes/default/validatebox.css HTTP/1.1" 404 1104
120.253.135.82 - - [01/Aug/2023:09:55:39 +0800] "POST /xingrg/kc/pszx/mdps_order_operate.html HTTP/1.1" 200 2801
124.79.243.110 - - [01/Aug/2023:09:55:41 +0800] "GET /xingrg/all/function/internal_message.html?_=1690855230092&CODE_STATE=getMsg HTTP/1.1" 200 27
116.232.195.127 - - [01/Aug/2023:09:55:43 +0800] "GET /xingrg/all/function/internal_message.html?_=1690854886462&CODE_STATE=getMsg HTTP/1.1" 200 27
124.78.70.128 - - [01/Aug/2023:09:55:45 +0800] "POST /xingrg/kc/buy/cgsh_order_operate.html HTTP/1.1" 200 37
120.253.135.82 - - [01/Aug/2023:09:55:45 +0800] "POST /xingrg/kc/pszx/mdps_order_operate.html HTTP/1.1" 200 37
101.83.145.37 - - [01/Aug/2023:09:55:46 +0800] "POST /xingrg/services/DataTransmitService HTTP/1.1" 200 524
101.83.145.37 - - [01/Aug/2023:09:55:47 +0800] "POST /xingrg/services/DataTransmitService HTTP/1.1" 200 2315
101.83.145.37 - - [01/Aug/2023:09:55:49 +0800] "POST /xingrg/services/DataTransmitService HTTP/1.1" 200 166311
180.152.241.196 - - [01/Aug/2023:09:55:49 +0800] "GET /xingrg/kc/buy/cgsh_order_operate.html?command=get_materiel&rest_code=00102&code=00101009044&supplier_code=00100022&order_time=2023-08-01 HTTP/1.1" 200 414
124.79.243.110 - - [01/Aug/2023:09:55:52 +0800] "GET /xingrg/all/function/internal_message.html?_=1690854951143&CODE_STATE=getMsg HTTP/1.1" 200 27
120.253.135.82 - - [01/Aug/2023:09:55:52 +0800] "POST /xingrg/kc/pszx/mdps_order_operate.html HTTP/1.1" 200 12
101.83.145.37 - - [01/Aug/2023:09:55:53 +0800] "GET /xingrg/all/function/internal_message.html?_=1690854954002&CODE_STATE=getMsg HTTP/1.1" 200 27
116.232.195.127 - - [01/Aug/2023:09:55:53 +0800] "GET /xingrg/all/function/internal_message.html?_=1690854953539&CODE_STATE=getMsg HTTP/1.1" 302 -
120.253.135.82 - - [01/Aug/2023:09:55:54 +0800] "GET /xingrg/kc/pszx/mdps_order_info.html?code=312023080100005 HTTP/1.1" 200 19638
120.253.135.82 - - [01/Aug/2023:09:55:54 +0800] "GET /xingrg/javascript/easyui/themes/default/validatebox.css HTTP/1.1" 404 1104
120.253.135.82 - - [01/Aug/2023:09:55:55 +0800] "POST /xingrg/kc/pszx/mdps_order_operate.html HTTP/1.1" 200 1017
124.78.70.128 - - [01/Aug/2023:09:55:56 +0800] "GET /xingrg/all/function/internal_message.html?_=1690854420271&CODE_STATE=getMsg HTTP/1.1" 200 27
120.253.135.82 - - [01/Aug/2023:09:55:57 +0800] "POST /xingrg/kc/pszx/mdps_list_operate.html HTTP/1.1" 200 868
218.81.76.85 - - [01/Aug/2023:09:56:02 +0800] "GET /xingrg/all/function/internal_message.html?_=1690854961913&CODE_STATE=getMsg HTTP/1.1" 200 27
222.70.114.12 - - [01/Aug/2023:09:56:02 +0800] "GET /xingrg/all/function/internal_message.html?_=1690854965006&CODE_STATE=getMsg HTTP/1.1" 200 27
180.152.241.196 - - [01/Aug/2023:09:56:04 +0800] "GET /xingrg/all/function/internal_message.html?_=1690854967305&CODE_STATE=getMsg HTTP/1.1" 200 27
114.83.220.65 - - [01/Aug/2023:09:56:04 +0800] "GET /xingrg/all/function/internal_message.html?_=1690855093414&CODE_STATE=getMsg HTTP/1.1" 200 27
180.152.241.196 - - [01/Aug/2023:09:56:08 +0800] "GET /xingrg/kc/buy/cgsh_order_operate.html?command=get_materiel&rest_code=00102&code=00101009011&supplier_code=00100022&order_time=2023-08-01 HTTP/1.1" 200 416
116.228.172.122 - - [01/Aug/2023:09:56:08 +0800] "GET /xingrg/check_reg.html?_=1690854861354 HTTP/1.1" 302 -
116.228.172.122 - - [01/Aug/2023:09:56:08 +0800] "GET /xingrg/all/function/internal_message.html?_=1690854861348&CODE_STATE=getMsg HTTP/1.1" 302 -
120.253.135.82 - - [01/Aug/2023:09:56:11 +0800] "GET /xingrg/all/function/internal_message.html?_=1690854792514&CODE_STATE=getMsg HTTP/1.1" 200 27
120.253.135.82 - - [01/Aug/2023:09:56:15 +0800] "POST /xingrg/kc/pszx/mdps_list_operate.html HTTP/1.1" 200 2792
180.152.241.196 - - [01/Aug/2023:09:56:17 +0800] "POST /xingrg/kc/buy/cgsh_order_operate.html HTTP/1.1" 200 2065
116.230.112.71 - - [01/Aug/2023:09:56:17 +0800] "GET /xingrg/all/function/internal_message.html?_=1690854982893&CODE_STATE=getMsg HTTP/1.1" 200 27
58.40.7.146 - - [01/Aug/2023:09:56:17 +0800] "GET /xingrg/all/function/internal_message.html?_=1690854977392&CODE_STATE=getMsg HTTP/1.1" 302 -
124.78.70.128 - - [01/Aug/2023:09:56:18 +0800] "POST /xingrg/kc/buy/cgsh_order_operate.html HTTP/1.1" 200 12
120.253.135.82 - - [01/Aug/2023:09:56:19 +0800] "POST /xingrg/kc/pszx/mdps_list_operate.html HTTP/1.1" 200 292
180.165.154.167 - - [01/Aug/2023:09:56:20 +0800] "GET /xingrg/all/function/internal_message.html?_=1690854980095&CODE_STATE=getMsg HTTP/1.1" 200 27
101.228.187.155 - - [01/Aug/2023:09:56:20 +0800] "GET /xingrg/all/function/internal_message.html?_=1690854979028&CODE_STATE=getMsg HTTP/1.1" 200 27
101.83.145.37 - - [01/Aug/2023:09:56:20 +0800] "GET /xingrg/kc/buy/cgsh_order_operate.html?command=get_materiel&rest_code=00105&code=00101007038&supplier_code=00100012&order_time=2023-08-01 HTTP/1.1" 200 422
120.253.135.82 - - [01/Aug/2023:09:56:21 +0800] "GET /xingrg/kc/pszx/mdps_order_info.html?code=312023080100008 HTTP/1.1" 200 23976
180.163.29.103 - - [01/Aug/2023:09:56:21 +0800] "GET /xingrg/all/function/internal_message.html?_=1690854921281&CODE_STATE=getMsg HTTP/1.1" 302 -
180.163.29.103 - - [01/Aug/2023:09:56:21 +0800] "GET /xingrg/login.html HTTP/1.1" 200 7641
180.169.147.146 - - [01/Aug/2023:09:56:21 +0800] "GET /xingrg/all/function/internal_message.html?_=1690854981277&CODE_STATE=getMsg HTTP/1.1" 200 27
120.253.135.82 - - [01/Aug/2023:09:56:21 +0800] "GET /xingrg/javascript/easyui/themes/default/validatebox.css HTTP/1.1" 404 1104
222.70.114.12 - - [01/Aug/2023:09:56:21 +0800] "GET /xingrg/all/function/internal_message.html?_=1690854981819&CODE_STATE=getMsg HTTP/1.1" 302 -
120.253.135.82 - - [01/Aug/2023:09:56:22 +0800] "POST /xingrg/kc/pszx/mdps_order_operate.html HTTP/1.1" 200 2791
124.78.70.128 - - [01/Aug/2023:09:56:24 +0800] "GET /xingrg/kc/buy/cgsh_order_info.html?code=212023080100035 HTTP/1.1" 200 66671
124.78.70.128 - - [01/Aug/2023:09:56:25 +0800] "GET /xingrg/javascript/easyui/themes/default/validatebox.css HTTP/1.1" 404 1104
124.78.70.128 - - [01/Aug/2023:09:56:25 +0800] "POST /xingrg/kc/buy/cgsh_order_operate.html HTTP/1.1" 200 3570
180.152.241.196 - - [01/Aug/2023:09:56:26 +0800] "GET /xingrg/kc/buy/cgsh_order_operate.html?command=get_materiel&rest_code=00102&code=00101009066&supplier_code=00100022&order_time=2023-08-01 HTTP/1.1" 200 416
120.253.135.82 - - [01/Aug/2023:09:56:26 +0800] "POST /xingrg/kc/pszx/mdps_order_operate.html HTTP/1.1" 200 37
124.78.70.128 - - [01/Aug/2023:09:56:28 +0800] "GET /xingrg/kc/print/load_config.html?kc_code=cgsh HTTP/1.1" 200 1924
222.70.180.90 - - [01/Aug/2023:09:56:28 +0800] "POST /xingrg/services/DataTransmitService HTTP/1.1" 401 565
222.70.180.90 - - [01/Aug/2023:09:56:29 +0800] "POST /xingrg/services/DataTransmitService HTTP/1.1" 200 478
222.70.180.90 - - [01/Aug/2023:09:56:29 +0800] "POST /xingrg/services/DataTransmitService HTTP/1.1" 200 1319
124.78.70.128 - - [01/Aug/2023:09:56:29 +0800] "GET /xingrg/kc/print/load_data.html?order_code=212023080100035&kc_code=cgsh&condition= HTTP/1.1" 200 1925
222.70.180.90 - - [01/Aug/2023:09:56:29 +0800] "POST /xingrg/services/DataTransmitService HTTP/1.1" 200 478
222.70.180.90 - - [01/Aug/2023:09:56:30 +0800] "POST /xingrg/services/DataTransmitService HTTP/1.1" 200 1319
222.69.130.71 - - [01/Aug/2023:09:56:30 +0800] "GET /xingrg/all/function/internal_message.html?_=1690854990863&CODE_STATE=getMsg HTTP/1.1" 200 27
222.70.180.90 - - [01/Aug/2023:09:56:30 +0800] "POST /xingrg/services/DataTransmitService HTTP/1.1" 200 524
180.169.147.146 - - [01/Aug/2023:09:56:30 +0800] "GET /xingrg/all/function/internal_message.html?_=1690854990279&CODE_STATE=getMsg HTTP/1.1" 302 -
180.169.147.146 - - [01/Aug/2023:09:56:30 +0800] "GET /xingrg/check_reg.html?_=1690854990281 HTTP/1.1" 302 -
116.230.112.71 - - [01/Aug/2023:09:56:30 +0800] "GET /xingrg/all/function/internal_message.html?_=1690854995617&CODE_STATE=getMsg HTTP/1.1" 200 27
222.70.180.90 - - [01/Aug/2023:09:56:31 +0800] "POST /xingrg/services/DataTransmitService HTTP/1.1" 200 2503
222.70.180.90 - - [01/Aug/2023:09:56:31 +0800] "POST /xingrg/services/DataTransmitService HTTP/1.1" 200 45454
222.70.180.90 - - [01/Aug/2023:09:56:32 +0800] "POST /xingrg/services/DataTransmitService HTTP/1.1" 200 19237
222.70.180.90 - - [01/Aug/2023:09:56:32 +0800] "GET /xingrg/check_reg.html?_=1690854992686 HTTP/1.1" 200 22
222.70.180.90 - - [01/Aug/2023:09:56:32 +0800] "GET /xingrg/all/function/internal_message.html?_=1690854992689&CODE_STATE=getMsg HTTP/1.1" 200 27
120.253.135.82 - - [01/Aug/2023:09:56:33 +0800] "POST /xingrg/kc/pszx/mdps_order_operate.html HTTP/1.1" 200 12
180.152.241.196 - - [01/Aug/2023:09:56:33 +0800] "GET /xingrg/kc/buy/cgsh_order_operate.html?command=get_materiel&rest_code=00102&code=00101009031&supplier_code=00100022&order_time=2023-08-01 HTTP/1.1" 200 408
180.152.241.196 - - [01/Aug/2023:09:56:33 +0800] "GET /xingrg/all/function/internal_message.html?_=1690854994088&CODE_STATE=getMsg HTTP/1.1" 200 27
120.253.135.82 - - [01/Aug/2023:09:56:35 +0800] "GET /xingrg/kc/pszx/mdps_order_info.html?code=312023080100008 HTTP/1.1" 200 19636
101.83.145.37 - - [01/Aug/2023:09:56:35 +0800] "POST /xingrg/all/common/load_select.html HTTP/1.1" 200 25
120.253.135.82 - - [01/Aug/2023:09:56:36 +0800] "GET /xingrg/javascript/easyui/themes/default/validatebox.css HTTP/1.1" 404 1104
120.253.135.82 - - [01/Aug/2023:09:56:36 +0800] "POST /xingrg/kc/pszx/mdps_order_operate.html HTTP/1.1" 200 1006
120.253.135.82 - - [01/Aug/2023:09:56:37 +0800] "POST /xingrg/kc/pszx/mdps_list_operate.html HTTP/1.1" 200 2424
116.238.191.126 - - [01/Aug/2023:09:56:38 +0800] "GET /xingrg/all/function/internal_message.html?_=1690854997705&CODE_STATE=getMsg HTTP/1.1" 200 27
101.83.145.37 - - [01/Aug/2023:09:56:40 +0800] "GET /xingrg/kc/buy/cgsh_order_operate.html?command=get_materiel_price&rest_code=00105&code=00101007038&unit_code=00100025&supplier_code=00100012&order_time=2023-08-01 HTTP/1.1" 200 29
120.253.135.82 - - [01/Aug/2023:09:56:41 +0800] "POST /xingrg/kc/pszx/mdps_list_operate.html HTTP/1.1" 200 283
124.79.243.110 - - [01/Aug/2023:09:56:41 +0800] "GET /xingrg/all/function/internal_message.html?_=1690855290090&CODE_STATE=getMsg HTTP/1.1" 200 27
120.253.135.82 - - [01/Aug/2023:09:56:43 +0800] "GET /xingrg/kc/pszx/mdps_order_info.html?code=312023073000639 HTTP/1.1" 200 23976
124.78.70.128 - - [01/Aug/2023:09:56:43 +0800] "GET /xingrg/kc/buy/cgsh_order_add.html HTTP/1.1" 200 71762
120.253.135.82 - - [01/Aug/2023:09:56:43 +0800] "GET /xingrg/javascript/easyui/themes/default/validatebox.css HTTP/1.1" 404 1104
116.232.195.127 - - [01/Aug/2023:09:56:43 +0800] "GET /xingrg/all/function/internal_message.html?_=1690854946462&CODE_STATE=getMsg HTTP/1.1" 200 27
124.78.70.128 - - [01/Aug/2023:09:56:44 +0800] "GET /xingrg/javascript/easyui/themes/default/validatebox.css HTTP/1.1" 404 1104
124.78.70.128 - - [01/Aug/2023:09:56:44 +0800] "POST /xingrg/kc/buy/cgsh_order_operate.html HTTP/1.1" 200 8245
120.253.135.82 - - [01/Aug/2023:09:56:44 +0800] "POST /xingrg/kc/pszx/mdps_order_operate.html HTTP/1.1" 200 2780
180.152.241.196 - - [01/Aug/2023:09:56:46 +0800] "GET /xingrg/kc/buy/cgsh_order_operate.html?command=get_materiel&rest_code=00102&code=00101009109&supplier_code=00100022&order_time=2023-08-01 HTTP/1.1" 200 415
120.253.135.82 - - [01/Aug/2023:09:56:48 +0800] "POST /xingrg/kc/pszx/mdps_order_operate.html HTTP/1.1" 200 37
124.79.243.110 - - [01/Aug/2023:09:56:52 +0800] "GET /xingrg/all/function/internal_message.html?_=1690855011155&CODE_STATE=getMsg HTTP/1.1" 200 27
124.79.243.110 - - [01/Aug/2023:09:56:52 +0800] "GET /xingrg/check_reg.html?_=1690855011157 HTTP/1.1" 200 22
116.232.195.127 - - [01/Aug/2023:09:56:53 +0800] "GET /xingrg/all/function/internal_message.html?_=1690855013543&CODE_STATE=getMsg HTTP/1.1" 302 -
101.83.145.37 - - [01/Aug/2023:09:56:53 +0800] "GET /xingrg/all/function/internal_message.html?_=1690855014013&CODE_STATE=getMsg HTTP/1.1" 200 27
120.253.135.82 - - [01/Aug/2023:09:56:54 +0800] "POST /xingrg/kc/pszx/mdps_order_operate.html HTTP/1.1" 200 12
124.78.70.128 - - [01/Aug/2023:09:56:55 +0800] "GET /xingrg/kc/buy/cgsh_order_operate.html?command=get_materiel&rest_code=00141&code=00101001069&supplier_code=00100040&order_time=2023-08-01 HTTP/1.1" 200 409
124.78.70.128 - - [01/Aug/2023:09:56:56 +0800] "GET /xingrg/all/function/internal_message.html?_=1690854480256&CODE_STATE=getMsg HTTP/1.1" 200 27
101.83.145.37 - - [01/Aug/2023:09:56:57 +0800] "GET /xingrg/kc/buy/cgsh_order_operate.html?command=get_materiel&rest_code=00105&code=00101006122&supplier_code=00100012&order_time=2023-08-01 HTTP/1.1" 200 408
120.253.135.82 - - [01/Aug/2023:09:56:57 +0800] "GET /xingrg/kc/pszx/mdps_order_info.html?code=312023073000639 HTTP/1.1" 200 19636
120.253.135.82 - - [01/Aug/2023:09:56:58 +0800] "GET /xingrg/check_reg.html?_=1690854838936 HTTP/1.1" 200 22
120.253.135.82 - - [01/Aug/2023:09:56:58 +0800] "GET /xingrg/javascript/easyui/themes/default/validatebox.css HTTP/1.1" 404 1104
120.253.135.82 - - [01/Aug/2023:09:56:58 +0800] "POST /xingrg/kc/pszx/mdps_order_operate.html HTTP/1.1" 200 998
120.253.135.82 - - [01/Aug/2023:09:57:00 +0800] "POST /xingrg/kc/pszx/mdps_list_operate.html HTTP/1.1" 200 2056
120.253.135.82 - - [01/Aug/2023:09:57:01 +0800] "POST /xingrg/kc/pszx/mdps_list_operate.html HTTP/1.1" 200 292
58.40.7.146 - - [01/Aug/2023:09:57:01 +0800] "GET /xingrg/check_reg.html?_=1690855021799 HTTP/1.1" 302 -
218.81.76.85 - - [01/Aug/2023:09:57:02 +0800] "GET /xingrg/all/function/internal_message.html?_=1690855021915&CODE_STATE=getMsg HTTP/1.1" 200 27
222.70.114.12 - - [01/Aug/2023:09:57:02 +0800] "GET /xingrg/all/function/internal_message.html?_=1690855025005&CODE_STATE=getMsg HTTP/1.1" 200 27
120.253.135.82 - - [01/Aug/2023:09:57:03 +0800] "GET /xingrg/kc/pszx/mdps_order_info.html?code=312023073000640 HTTP/1.1" 200 23976
120.253.135.82 - - [01/Aug/2023:09:57:03 +0800] "GET /xingrg/javascript/easyui/themes/default/validatebox.css HTTP/1.1" 404 1104
180.152.241.196 - - [01/Aug/2023:09:57:04 +0800] "GET /xingrg/check_reg.html?_=1690855027290 HTTP/1.1" 200 22
