180.165.154.167 - - [01/Aug/2023:10:04:42 +0800] "GET /xingrg/kc/buy/cgsh_order_operate.html?command=get_materiel&rest_code=00108&code=00101008290&supplier_code=00100007&order_time=2023-08-01 HTTP/1.1" 200 416
120.253.135.82 - - [01/Aug/2023:10:04:43 +0800] "POST /xingrg/kc/pszx/mdps_list_operate.html HTTP/1.1" 200 3494
116.232.195.127 - - [01/Aug/2023:10:04:43 +0800] "GET /xingrg/all/function/internal_message.html?_=1690855426449&CODE_STATE=getMsg HTTP/1.1" 302 -
120.253.135.82 - - [01/Aug/2023:10:04:47 +0800] "POST /xingrg/kc/pszx/mdps_list_operate.html HTTP/1.1" 200 199
120.253.135.82 - - [01/Aug/2023:10:04:50 +0800] "POST /xingrg/kc/pszx/mdps_list_operate.html HTTP/1.1" 200 636
120.253.135.82 - - [01/Aug/2023:10:04:51 +0800] "GET /xingrg/kc/pszx/mdps_order_info.html?code=312023080100023 HTTP/1.1" 200 23972
124.79.243.110 - - [01/Aug/2023:10:04:52 +0800] "GET /xingrg/all/function/internal_message.html?_=1690855491150&CODE_STATE=getMsg HTTP/1.1" 302 -
120.253.135.82 - - [01/Aug/2023:10:04:52 +0800] "GET /xingrg/javascript/easyui/themes/default/validatebox.css HTTP/1.1" 404 1104
120.253.135.82 - - [01/Aug/2023:10:04:52 +0800] "POST /xingrg/kc/pszx/mdps_order_operate.html HTTP/1.1" 200 12865
116.232.195.127 - - [01/Aug/2023:10:04:53 +0800] "GET /xingrg/all/function/internal_message.html?_=1690855493636&CODE_STATE=getMsg HTTP/1.1" 302 -
180.165.154.167 - - [01/Aug/2023:10:04:56 +0800] "GET /xingrg/kc/buy/cgsh_order_operate.html?command=get_materiel&rest_code=00108&code=00101008163&supplier_code=00100007&order_time=2023-08-01 HTTP/1.1" 200 409
120.253.135.82 - - [01/Aug/2023:10:05:01 +0800] "GET /xingrg/kc/pszx/mdps_order_operate.html?command=get_materiel&pszx_code=00101&rest_code=00105&base_code=0010250&code=00102002367 HTTP/1.1" 200 417
218.81.76.85 - - [01/Aug/2023:10:05:02 +0800] "GET /xingrg/all/function/internal_message.html?_=1690855501937&CODE_STATE=getMsg HTTP/1.1" 302 -
222.70.114.12 - - [01/Aug/2023:10:05:02 +0800] "GET /xingrg/all/function/internal_message.html?_=1690855505029&CODE_STATE=getMsg HTTP/1.1" 302 -
180.152.241.196 - - [01/Aug/2023:10:05:04 +0800] "GET /xingrg/all/function/internal_message.html?_=1690855507336&CODE_STATE=getMsg HTTP/1.1" 302 -
114.83.220.65 - - [01/Aug/2023:10:05:04 +0800] "GET /xingrg/all/function/internal_message.html?_=1690855633411&CODE_STATE=getMsg HTTP/1.1" 302 -
180.165.154.167 - - [01/Aug/2023:10:05:06 +0800] "GET /xingrg/kc/buy/cgsh_order_operate.html?command=get_materiel&rest_code=00108&code=00101008182&supplier_code=00100007&order_time=2023-08-01 HTTP/1.1" 200 412
116.228.172.122 - - [01/Aug/2023:10:05:08 +0800] "GET /xingrg/all/function/internal_message.html?_=1690855401383&CODE_STATE=getMsg HTTP/1.1" 302 -
120.253.135.82 - - [01/Aug/2023:10:05:08 +0800] "POST /xingrg/kc/pszx/mdps_order_operate.html HTTP/1.1" 200 37
120.253.135.82 - - [01/Aug/2023:10:05:10 +0800] "GET /xingrg/kc/pszx/mdps_order_info.html?code=312023080100023 HTTP/1.1" 200 23972
120.253.135.82 - - [01/Aug/2023:10:05:11 +0800] "GET /xingrg/javascript/easyui/themes/default/validatebox.css HTTP/1.1" 404 1104
120.253.135.82 - - [01/Aug/2023:10:05:11 +0800] "POST /xingrg/kc/pszx/mdps_order_operate.html HTTP/1.1" 200 13347
120.253.135.82 - - [01/Aug/2023:10:05:12 +0800] "GET /xingrg/all/function/internal_message.html?_=1690855333479&CODE_STATE=getMsg HTTP/1.1" 200 27
124.78.70.128 - - [01/Aug/2023:10:05:15 +0800] "GET /xingrg/all/function/internal_message.html?_=1690854979295&CODE_STATE=getMsg HTTP/1.1" 200 27
58.40.7.146 - - [01/Aug/2023:10:05:17 +0800] "GET /xingrg/all/function/internal_message.html?_=1690855517226&CODE_STATE=getMsg HTTP/1.1" 302 -
180.165.154.167 - - [01/Aug/2023:10:05:17 +0800] "POST /xingrg/kc/buy/cgsh_order_operate.html HTTP/1.1" 200 37
116.230.112.71 - - [01/Aug/2023:10:05:17 +0800] "GET /xingrg/all/function/internal_message.html?_=1690855523110&CODE_STATE=getMsg HTTP/1.1" 302 -
120.253.135.82 - - [01/Aug/2023:10:05:18 +0800] "GET /xingrg/kc/pszx/mdps_order_info.html?code=312023080100039 HTTP/1.1" 200 23972
120.253.135.82 - - [01/Aug/2023:10:05:18 +0800] "GET /xingrg/javascript/easyui/themes/default/validatebox.css HTTP/1.1" 404 1104
120.253.135.82 - - [01/Aug/2023:10:05:19 +0800] "POST /xingrg/kc/pszx/mdps_order_operate.html HTTP/1.1" 200 2266
180.165.154.167 - - [01/Aug/2023:10:05:19 +0800] "POST /xingrg/kc/buy/cgsh_order_operate.html HTTP/1.1" 200 17447
180.165.154.167 - - [01/Aug/2023:10:05:19 +0800] "GET /xingrg/all/function/internal_message.html?_=1690855519854&CODE_STATE=getMsg HTTP/1.1" 200 27
101.228.187.155 - - [01/Aug/2023:10:05:20 +0800] "GET /xingrg/all/function/internal_message.html?_=1690855519022&CODE_STATE=getMsg HTTP/1.1" 302 -
222.70.114.12 - - [01/Aug/2023:10:05:21 +0800] "GET /xingrg/all/function/internal_message.html?_=1690855521823&CODE_STATE=getMsg HTTP/1.1" 302 -
120.253.135.82 - - [01/Aug/2023:10:05:21 +0800] "POST /xingrg/kc/pszx/mdps_order_operate.html HTTP/1.1" 200 12
120.253.135.82 - - [01/Aug/2023:10:05:23 +0800] "POST /xingrg/kc/pszx/mdps_list_operate.html HTTP/1.1" 200 3132
180.165.154.167 - - [01/Aug/2023:10:05:27 +0800] "GET /xingrg/kc/buy/cgsh_order_operate.html?command=get_materiel&rest_code=00108&code=00101008350&supplier_code=00100007&order_time=2023-08-01 HTTP/1.1" 200 408
124.78.70.128 - - [01/Aug/2023:10:05:28 +0800] "GET /xingrg/kc/buy/cgsh_order_operate.html?command=get_materiel&rest_code=00141&code=00101007081&supplier_code=00100004&order_time=2023-08-01 HTTP/1.1" 200 413
180.169.147.146 - - [01/Aug/2023:10:05:29 +0800] "GET /xingrg/all/function/internal_message.html?_=1690855529149&CODE_STATE=getMsg HTTP/1.1" 200 27
124.78.155.92 - - [01/Aug/2023:10:05:29 +0800] "GET /favicon.ico HTTP/1.1" 404 -
120.253.135.82 - - [01/Aug/2023:10:05:30 +0800] "POST /xingrg/kc/pszx/mdps_list_operate.html HTTP/1.1" 200 200
222.69.130.71 - - [01/Aug/2023:10:05:30 +0800] "GET /xingrg/all/function/internal_message.html?_=1690855530864&CODE_STATE=getMsg HTTP/1.1" 302 -
116.230.112.71 - - [01/Aug/2023:10:05:30 +0800] "GET /xingrg/check_reg.html?_=1690855534868 HTTP/1.1" 302 -
180.169.147.146 - - [01/Aug/2023:10:05:30 +0800] "GET /xingrg/all/function/internal_message.html?_=1690855530269&CODE_STATE=getMsg HTTP/1.1" 302 -
116.230.112.71 - - [01/Aug/2023:10:05:31 +0800] "GET /xingrg/all/function/internal_message.html?_=1690855535739&CODE_STATE=getMsg HTTP/1.1" 302 -
222.70.180.90 - - [01/Aug/2023:10:05:32 +0800] "GET /xingrg/all/function/internal_message.html?_=1690855532672&CODE_STATE=getMsg HTTP/1.1" 302 -
101.83.145.37 - - [01/Aug/2023:10:05:33 +0800] "GET /xingrg/all/function/internal_message.html?_=1690855533285&CODE_STATE=getMsg HTTP/1.1" 200 27
180.152.241.196 - - [01/Aug/2023:10:05:33 +0800] "GET /xingrg/all/function/internal_message.html?_=1690855534008&CODE_STATE=getMsg HTTP/1.1" 302 -
120.253.135.82 - - [01/Aug/2023:10:05:34 +0800] "POST /xingrg/kc/pszx/mdps_list_operate.html HTTP/1.1" 200 606
120.253.135.82 - - [01/Aug/2023:10:05:36 +0800] "POST /xingrg/kc/pszx/mdps_list_operate.html HTTP/1.1" 200 636
120.253.135.82 - - [01/Aug/2023:10:05:37 +0800] "POST /xingrg/kc/pszx/mdps_list_operate.html HTTP/1.1" 200 287
116.238.191.126 - - [01/Aug/2023:10:05:38 +0800] "GET /xingrg/all/function/internal_message.html?_=1690855537716&CODE_STATE=getMsg HTTP/1.1" 302 -
180.165.154.167 - - [01/Aug/2023:10:05:40 +0800] "GET /xingrg/kc/buy/cgsh_order_operate.html?command=get_materiel&rest_code=00108&code=00101008036&supplier_code=00100007&order_time=2023-08-01 HTTP/1.1" 200 408
124.79.243.110 - - [01/Aug/2023:10:05:41 +0800] "GET /xingrg/all/function/internal_message.html?_=1690855830119&CODE_STATE=getMsg HTTP/1.1" 302 -
124.78.155.92 - - [01/Aug/2023:10:05:42 +0800] "GET /xingrg/login.html?r=1 HTTP/1.1" 200 7641
124.78.155.92 - - [01/Aug/2023:10:05:42 +0800] "GET /xingrg/images/blue/jxLogo.png HTTP/1.1" 304 -
124.78.155.92 - - [01/Aug/2023:10:05:42 +0800] "GET /xingrg/images/blue/login_bg.png HTTP/1.1" 304 -
124.78.155.92 - - [01/Aug/2023:10:05:42 +0800] "GET /xingrg/images/blue/hj.png HTTP/1.1" 304 -
124.78.155.92 - - [01/Aug/2023:10:05:42 +0800] "GET /xingrg/images/blue/srbg.png HTTP/1.1" 304 -
124.78.155.92 - - [01/Aug/2023:10:05:42 +0800] "GET /favicon.ico HTTP/1.1" 404 -
120.253.135.82 - - [01/Aug/2023:10:05:43 +0800] "GET /xingrg/kc/pszx/mdqp_order_list.html?state=10 HTTP/1.1" 200 10275
120.253.135.82 - - [01/Aug/2023:10:05:43 +0800] "GET /xingrg/dwr/engine.js HTTP/1.1" 200 43631
120.253.135.82 - - [01/Aug/2023:10:05:43 +0800] "GET /xingrg/dwr/interface/AjaxReportQueryService.js HTTP/1.1" 200 13203
120.253.135.82 - - [01/Aug/2023:10:05:43 +0800] "GET /xingrg/dwr/interface/AjaxQqpsService.js HTTP/1.1" 200 16326
116.232.195.127 - - [01/Aug/2023:10:05:43 +0800] "GET /xingrg/all/function/internal_message.html?_=1690855486451&CODE_STATE=getMsg HTTP/1.1" 302 -
120.253.135.82 - - [01/Aug/2023:10:05:46 +0800] "GET /xingrg/kc/pszx/mdqp_order_list.html?state=10 HTTP/1.1" 200 10275
124.78.155.92 - - [01/Aug/2023:10:05:46 +0800] "POST /xingrg/login.do HTTP/1.1" 302 -
120.253.135.82 - - [01/Aug/2023:10:05:46 +0800] "GET /xingrg/dwr/interface/AjaxQqpsService.js HTTP/1.1" 200 16326
120.253.135.82 - - [01/Aug/2023:10:05:46 +0800] "GET /xingrg/dwr/interface/AjaxReportQueryService.js HTTP/1.1" 200 13203
120.253.135.82 - - [01/Aug/2023:10:05:46 +0800] "GET /xingrg/dwr/engine.js HTTP/1.1" 200 43631
124.78.155.92 - - [01/Aug/2023:10:05:46 +0800] "GET /xingrg/index.html?sysBaseUrl=http%3A%2F%2F180.169.147.146%3A18081%2Fxingrg%2F&costTime=1133×tamp=1690855546394 HTTP/1.1" 200 17173
124.78.155.92 - - [01/Aug/2023:10:05:46 +0800] "GET /xingrg/javascript/jquery_easy_ui/themes/default/easyui.css HTTP/1.1" 304 -
124.78.155.92 - - [01/Aug/2023:10:05:46 +0800] "GET /xingrg/javascript/jquery_easy_ui/themes/icon.css HTTP/1.1" 304 -
124.78.155.92 - - [01/Aug/2023:10:05:46 +0800] "GET /xingrg/css/form.css HTTP/1.1" 304 -
124.78.155.92 - - [01/Aug/2023:10:05:46 +0800] "GET /xingrg/javascript/jquery_easy_ui/jquery.easyui.min.js HTTP/1.1" 304 -
124.78.155.92 - - [01/Aug/2023:10:05:46 +0800] "GET /xingrg/javascript/jquery-1.4.2.min.js HTTP/1.1" 304 -
124.78.155.92 - - [01/Aug/2023:10:05:46 +0800] "GET /xingrg/javascript/jquery.form.js HTTP/1.1" 304 -
124.78.155.92 - - [01/Aug/2023:10:05:46 +0800] "GET /xingrg/javascript/jquery_easy_ui/easyui-lang-zh_CN.js HTTP/1.1" 304 -
124.78.155.92 - - [01/Aug/2023:10:05:46 +0800] "GET /xingrg/javascript/jquery.utils.js HTTP/1.1" 304 -
124.78.155.92 - - [01/Aug/2023:10:05:46 +0800] "GET /xingrg/javascript/jquery.timers.js HTTP/1.1" 304 -
124.78.155.92 - - [01/Aug/2023:10:05:46 +0800] "GET /favicon.ico HTTP/1.1" 404 -
124.78.155.92 - - [01/Aug/2023:10:05:46 +0800] "GET /xingrg/images/blue/navBackgound.jpg HTTP/1.1" 304 -
124.78.155.92 - - [01/Aug/2023:10:05:46 +0800] "GET /xingrg/javascript/jquery_easy_ui/themes/icons/settle_new.png HTTP/1.1" 304 -
124.78.155.92 - - [01/Aug/2023:10:05:46 +0800] "GET /xingrg/check_reg.html?_=1690855548414 HTTP/1.1" 200 22
124.78.155.92 - - [01/Aug/2023:10:05:46 +0800] "GET /xingrg/images/blue/pingpu.png HTTP/1.1" 304 -
124.78.155.92 - - [01/Aug/2023:10:05:46 +0800] "GET /xingrg/javascript/jquery_easy_ui/themes/default/images/tabs_leftarrow.png HTTP/1.1" 304 -
124.78.155.92 - - [01/Aug/2023:10:05:46 +0800] "GET /xingrg/javascript/jquery_easy_ui/themes/default/images/tabs_rightarrow.png HTTP/1.1" 304 -
124.78.155.92 - - [01/Aug/2023:10:05:46 +0800] "GET /xingrg/javascript/jquery_easy_ui/themes/default/images/panel_tool_collapse.gif HTTP/1.1" 304 -
124.78.155.92 - - [01/Aug/2023:10:05:46 +0800] "POST /xingrg/all/common/load_tree.html?tree=area_rest_tree_json&manage=1 HTTP/1.1" 200 342
124.78.155.92 - - [01/Aug/2023:10:05:46 +0800] "GET /xingrg/all/function/internal_message.html?_=1690855548413&CODE_STATE=count HTTP/1.1" 200 11
124.78.155.92 - - [01/Aug/2023:10:05:46 +0800] "POST /xingrg/load_menu.html HTTP/1.1" 200 5138
124.78.155.92 - - [01/Aug/2023:10:05:47 +0800] "GET /xingrg/javascript/jquery_easy_ui/themes/default/images/tree_arrows.gif HTTP/1.1" 304 -
124.78.155.92 - - [01/Aug/2023:10:05:47 +0800] "GET /xingrg/javascript/jquery_easy_ui/themes/default/images/tree_folder_open.gif HTTP/1.1" 304 -
124.78.155.92 - - [01/Aug/2023:10:05:47 +0800] "GET /xingrg/javascript/jquery_easy_ui/themes/icons/search_new.png HTTP/1.1" 304 -
124.78.155.92 - - [01/Aug/2023:10:05:47 +0800] "GET /xingrg/javascript/jquery_easy_ui/themes/default/images/tree_folder.gif HTTP/1.1" 304 -
124.78.155.92 - - [01/Aug/2023:10:05:47 +0800] "GET /xingrg/javascript/jquery_easy_ui/themes/icons/storage_new.png HTTP/1.1" 304 -
124.78.155.92 - - [01/Aug/2023:10:05:47 +0800] "GET /xingrg/javascript/jquery_easy_ui/themes/icons/forms_new.png HTTP/1.1" 304 -
124.78.155.92 - - [01/Aug/2023:10:05:47 +0800] "GET /xingrg/javascript/jquery_easy_ui/themes/default/images/tree_file.gif HTTP/1.1" 304 -
124.78.155.92 - - [01/Aug/2023:10:05:49 +0800] "GET /xingrg/kc/buy/buy_main.html HTTP/1.1" 200 12412
124.78.155.92 - - [01/Aug/2023:10:05:49 +0800] "GET /xingrg/javascript/jquery_easy_ui/themes/default/images/tabs_close.gif HTTP/1.1" 304 -
124.78.155.92 - - [01/Aug/2023:10:05:49 +0800] "GET /xingrg/css/blue.css HTTP/1.1" 304 -
124.78.155.92 - - [01/Aug/2023:10:05:49 +0800] "GET /xingrg/css/new_ie.css HTTP/1.1" 404 1036
124.78.155.92 - - [01/Aug/2023:10:05:49 +0800] "GET /xingrg/javascript/pic_change.js HTTP/1.1" 304 -
124.78.155.92 - - [01/Aug/2023:10:05:49 +0800] "GET /xingrg/javascript/jquery_ui/themes/humanity/humanity.css HTTP/1.1" 304 -
124.78.155.92 - - [01/Aug/2023:10:05:49 +0800] "GET /xingrg/javascript/ToolTips.js HTTP/1.1" 304 -
124.78.155.92 - - [01/Aug/2023:10:05:49 +0800] "GET /xingrg/javascript/myfunction.js HTTP/1.1" 304 -
124.78.155.92 - - [01/Aug/2023:10:05:49 +0800] "GET /xingrg/javascript/jquery_ui/jquery-ui.min.js HTTP/1.1" 304 -
124.78.155.92 - - [01/Aug/2023:10:05:49 +0800] "GET /xingrg/images/blue/button/cgxqd.gif HTTP/1.1" 304 -
124.78.155.92 - - [01/Aug/2023:10:05:49 +0800] "GET /xingrg/images/blue/button/cgydd.gif HTTP/1.1" 304 -
124.78.155.92 - - [01/Aug/2023:10:05:49 +0800] "GET /xingrg/images/blue/button/cgshd.gif HTTP/1.1" 304 -
124.78.155.92 - - [01/Aug/2023:10:05:49 +0800] "GET /xingrg/images/blue/button/cgfkd.gif HTTP/1.1" 304 -
124.78.155.92 - - [01/Aug/2023:10:05:49 +0800] "GET /xingrg/images/blue/button/kc.gif HTTP/1.1" 304 -
124.78.155.92 - - [01/Aug/2023:10:05:49 +0800] "GET /xingrg/images/blue/button/ckthd.gif HTTP/1.1" 304 -
124.78.155.92 - - [01/Aug/2023:10:05:49 +0800] "GET /xingrg/images/blue/pic_form2.gif HTTP/1.1" 304 -
124.78.155.92 - - [01/Aug/2023:10:05:49 +0800] "GET /xingrg/javascript/jquery_ui/themes/humanity/images/ui-bg_inset-soft_100_f4f0ec_1x100.png HTTP/1.1" 304 -
124.78.155.92 - - [01/Aug/2023:10:05:49 +0800] "GET /xingrg/images/blue/bg_dotted.jpg HTTP/1.1" 304 -
124.78.155.92 - - [01/Aug/2023:10:05:49 +0800] "GET /xingrg/images/blue/button/right_ah.jpg HTTP/1.1" 304 -
124.78.155.92 - - [01/Aug/2023:10:05:49 +0800] "GET /xingrg/images/blue/button/down_ah.jpg HTTP/1.1" 304 -
124.78.155.92 - - [01/Aug/2023:10:05:49 +0800] "GET /xingrg/javascript/jquery_ui/themes/humanity/images/ui-iconsnew.jpg HTTP/1.1" 304 -
124.78.155.92 - - [01/Aug/2023:10:05:49 +0800] "GET /xingrg/javascript/jquery_ui/themes/humanity/images/ui-icons_ffffff_256x240.png HTTP/1.1" 304 -
124.78.155.92 - - [01/Aug/2023:10:05:49 +0800] "GET /xingrg/javascript/jquery_ui/themes/humanity/images/ui-icons_c47a23_256x240.png HTTP/1.1" 304 -
124.78.155.92 - - [01/Aug/2023:10:05:49 +0800] "GET /xingrg/javascript/jquery_ui/themes/humanity/images/ui-bg_glass_70_ede4d4_1x400.png HTTP/1.1" 304 -
124.78.155.92 - - [01/Aug/2023:10:05:49 +0800] "GET /xingrg/images/yd/bt.gif HTTP/1.1" 404 1040
124.78.155.92 - - [01/Aug/2023:10:05:51 +0800] "GET /xingrg/kc/buy/cgsh_order_list.html HTTP/1.1" 200 55980
124.78.155.92 - - [01/Aug/2023:10:05:51 +0800] "GET /xingrg/css/base.css HTTP/1.1" 304 -
124.78.155.92 - - [01/Aug/2023:10:05:51 +0800] "GET /xingrg/css/site.css HTTP/1.1" 304 -
124.78.155.92 - - [01/Aug/2023:10:05:51 +0800] "GET /xingrg/javascript/jquery_tools/datebox.css HTTP/1.1" 304 -
124.78.155.92 - - [01/Aug/2023:10:05:51 +0800] "GET /xingrg/javascript/easyui/themes/default/easyui.css HTTP/1.1" 304 -
124.78.155.92 - - [01/Aug/2023:10:05:51 +0800] "GET /xingrg/javascript/easyui/themes/icon.css HTTP/1.1" 304 -
124.78.155.92 - - [01/Aug/2023:10:05:51 +0800] "GET /xingrg/javascript/auto/jquery.autocomplete.css HTTP/1.1" 304 -
124.78.155.92 - - [01/Aug/2023:10:05:51 +0800] "GET /xingrg/javascript/jquery_tools/fix.css HTTP/1.1" 304 -
124.78.155.92 - - [01/Aug/2023:10:05:51 +0800] "GET /xingrg/javascript/jquery_tools/table.css HTTP/1.1" 304 -
124.78.155.92 - - [01/Aug/2023:10:05:51 +0800] "GET /xingrg/javascript/jquery_tools/jquery.tools.min.js HTTP/1.1" 304 -
124.78.155.92 - - [01/Aug/2023:10:05:51 +0800] "GET /xingrg/javascript/jquery_tools/jquery.tools.extend.js HTTP/1.1" 304 -
124.78.155.92 - - [01/Aug/2023:10:05:51 +0800] "GET /xingrg/javascript/jquery_tools/jquery.tools.hotkey.js HTTP/1.1" 304 -
124.78.155.92 - - [01/Aug/2023:10:05:51 +0800] "GET /xingrg/javascript/jquery_tools/jquery.tools.table.js HTTP/1.1" 304 -
124.78.155.92 - - [01/Aug/2023:10:05:51 +0800] "GET /xingrg/javascript/jquery_tools/list_manager.js HTTP/1.1" 304 -
124.78.155.92 - - [01/Aug/2023:10:05:51 +0800] "GET /xingrg/javascript/auto/jquery.autocomplete.js HTTP/1.1" 304 -
124.78.155.92 - - [01/Aug/2023:10:05:51 +0800] "GET /xingrg/javascript/easyui/easyloader.js HTTP/1.1" 304 -
124.78.155.92 - - [01/Aug/2023:10:05:51 +0800] "GET /xingrg/javascript/jquery.cookie.js HTTP/1.1" 304 -
124.78.155.92 - - [01/Aug/2023:10:05:51 +0800] "GET /xingrg/javascript/print/LodopFuncs.js HTTP/1.1" 304 -
180.165.154.167 - - [01/Aug/2023:10:05:51 +0800] "GET /xingrg/kc/buy/cgsh_order_operate.html?command=get_materiel&rest_code=00108&code=00101008061&supplier_code=00100007&order_time=2023-08-01 HTTP/1.1" 200 422
124.78.155.92 - - [01/Aug/2023:10:05:51 +0800] "GET /xingrg/javascript/easyui/themes/icons/cance_new.png HTTP/1.1" 304 -
124.78.155.92 - - [01/Aug/2023:10:05:51 +0800] "GET /xingrg/javascript/easyui/themes/icons/check_new.png HTTP/1.1" 304 -
124.78.155.92 - - [01/Aug/2023:10:05:51 +0800] "GET /xingrg/javascript/easyui/themes/icons/field_new.png HTTP/1.1" 304 -
124.78.155.92 - - [01/Aug/2023:10:05:51 +0800] "GET /xingrg/javascript/easyui/themes/icons/import_new.png HTTP/1.1" 304 -
124.78.155.92 - - [01/Aug/2023:10:05:51 +0800] "GET /xingrg/javascript/easyui/themes/icons/edit_add_new.png HTTP/1.1" 304 -
124.78.155.92 - - [01/Aug/2023:10:05:51 +0800] "GET /xingrg/javascript/easyui/plugins/jquery.parser.js HTTP/1.1" 304 -
124.78.155.92 - - [01/Aug/2023:10:05:51 +0800] "GET /xingrg/images/control/ajaxLoader.gif HTTP/1.1" 304 -
124.79.243.110 - - [01/Aug/2023:10:05:52 +0800] "GET /xingrg/all/function/internal_message.html?_=1690855551156&CODE_STATE=getMsg HTTP/1.1" 302 -
120.253.135.82 - - [01/Aug/2023:10:05:53 +0800] "GET /xingrg/kc/pszx/mdqp_order_list.html?state=10 HTTP/1.1" 200 10275
120.253.135.82 - - [01/Aug/2023:10:05:53 +0800] "GET /xingrg/dwr/interface/AjaxQqpsService.js HTTP/1.1" 200 16326
120.253.135.82 - - [01/Aug/2023:10:05:53 +0800] "GET /xingrg/dwr/engine.js HTTP/1.1" 200 43631
120.253.135.82 - - [01/Aug/2023:10:05:53 +0800] "GET /xingrg/dwr/interface/AjaxReportQueryService.js HTTP/1.1" 200 13203
124.78.155.92 - - [01/Aug/2023:10:05:53 +0800] "POST /xingrg/kc/buy/cgsh_list_operate.html HTTP/1.1" 200 986
116.232.195.127 - - [01/Aug/2023:10:05:53 +0800] "GET /xingrg/all/function/internal_message.html?_=1690855553621&CODE_STATE=getMsg HTTP/1.1" 302 -
124.78.70.128 - - [01/Aug/2023:10:05:54 +0800] "GET /xingrg/kc/buy/cgsh_order_operate.html?command=get_materiel&rest_code=00141&code=00101007027&supplier_code=00100004&order_time=2023-08-01 HTTP/1.1" 200 427
124.78.155.92 - - [01/Aug/2023:10:05:54 +0800] "GET /xingrg/javascript/easyui/themes/default/images/button_plain_hover.png HTTP/1.1" 304 -
124.78.155.92 - - [01/Aug/2023:10:05:56 +0800] "GET /xingrg/kc/buy/cgsh_order_add.html HTTP/1.1" 200 71756
124.78.155.92 - - [01/Aug/2023:10:05:56 +0800] "GET /xingrg/javascript/jquery_tools/order_manager.js HTTP/1.1" 304 -
124.78.155.92 - - [01/Aug/2023:10:05:56 +0800] "GET /xingrg/javascript/convert.js HTTP/1.1" 304 -
124.78.155.92 - - [01/Aug/2023:10:05:56 +0800] "GET /xingrg/javascript/json2.js HTTP/1.1" 304 -
124.78.155.92 - - [01/Aug/2023:10:05:56 +0800] "GET /xingrg/javascript/print/kc_print.js HTTP/1.1" 304 -
124.78.155.92 - - [01/Aug/2023:10:05:56 +0800] "GET /xingrg/words/20230731144558_words.js HTTP/1.1" 200 976058
124.78.155.92 - - [01/Aug/2023:10:05:56 +0800] "GET /xingrg/javascript/easyui/themes/icons/copy_new.png HTTP/1.1" 304 -
124.78.155.92 - - [01/Aug/2023:10:05:56 +0800] "GET /xingrg/javascript/easyui/themes/icons/template_new.png HTTP/1.1" 200 3956
124.78.155.92 - - [01/Aug/2023:10:05:56 +0800] "GET /xingrg/javascript/easyui/themes/icons/print.png HTTP/1.1" 304 -
124.78.155.92 - - [01/Aug/2023:10:05:56 +0800] "GET /xingrg/javascript/easyui/themes/icons/ok.png HTTP/1.1" 200 883
124.78.155.92 - - [01/Aug/2023:10:05:56 +0800] "GET /xingrg/javascript/easyui/themes/default/images/menu_downarrow.png HTTP/1.1" 304 -
124.78.155.92 - - [01/Aug/2023:10:05:56 +0800] "GET /xingrg/javascript/easyui/themes/icons/cancel.png HTTP/1.1" 304 -
124.78.155.92 - - [01/Aug/2023:10:05:56 +0800] "POST /xingrg/kc/buy/cgsh_order_operate.html HTTP/1.1" 200 8245
124.78.155.92 - - [01/Aug/2023:10:05:56 +0800] "GET /xingrg/javascript/easyui/themes/default/validatebox.css HTTP/1.1" 404 1104
124.78.155.92 - - [01/Aug/2023:10:05:56 +0800] "GET /xingrg/javascript/easyui/plugins/jquery.validatebox.js HTTP/1.1" 304 -
124.78.155.92 - - [01/Aug/2023:10:05:56 +0800] "GET /xingrg/javascript/easyui/plugins/jquery.numberbox.js HTTP/1.1" 304 -
124.78.155.92 - - [01/Aug/2023:10:05:56 +0800] "GET /xingrg/all/common/auto_word.html?type=employee&rest_code=00106 HTTP/1.1" 200 205
124.78.155.92 - - [01/Aug/2023:10:05:56 +0800] "GET /xingrg/all/common/auto_word.html?type=employee&rest_code=00106 HTTP/1.1" 200 205
124.78.155.92 - - [01/Aug/2023:10:05:56 +0800] "GET /xingrg/javascript/easyui/themes/icons/edit_remove.png HTTP/1.1" 304 -
124.78.155.92 - - [01/Aug/2023:10:05:57 +0800] "GET /xingrg/javascript/easyui/plugins/jquery.draggable.js HTTP/1.1" 200 6121
124.78.155.92 - - [01/Aug/2023:10:05:58 +0800] "GET /xingrg/css/images/panel_loading.gif HTTP/1.1" 200 1737
124.78.155.92 - - [01/Aug/2023:10:05:58 +0800] "GET /xingrg/javascript/easyui/plugins/jquery.droppable.js HTTP/1.1" 200 1167
124.78.155.92 - - [01/Aug/2023:10:05:58 +0800] "GET /xingrg/javascript/easyui/themes/default/tree.css HTTP/1.1" 404 1090
124.78.155.92 - - [01/Aug/2023:10:05:58 +0800] "GET /xingrg/javascript/easyui/plugins/jquery.tree.js HTTP/1.1" 200 20874
124.78.155.92 - - [01/Aug/2023:10:05:58 +0800] "POST /xingrg/all/common/load_tree.html?tree=supplier_tree_json&isDelete=1 HTTP/1.1" 200 74671
124.78.155.92 - - [01/Aug/2023:10:06:00 +0800] "GET /xingrg/javascript/easyui/themes/default/images/tree_arrows.gif HTTP/1.1" 200 617
124.78.155.92 - - [01/Aug/2023:10:06:00 +0800] "GET /xingrg/javascript/easyui/themes/default/images/tree_folder_open.gif HTTP/1.1" 200 956
124.78.155.92 - - [01/Aug/2023:10:06:00 +0800] "GET /xingrg/javascript/easyui/themes/default/images/tree_file.gif HTTP/1.1" 200 118
124.78.155.92 - - [01/Aug/2023:10:06:00 +0800] "GET /xingrg/javascript/easyui/themes/default/images/tree_folder.gif HTTP/1.1" 200 952
218.81.76.85 - - [01/Aug/2023:10:06:02 +0800] "GET /xingrg/all/function/internal_message.html?_=1690855561939&CODE_STATE=getMsg HTTP/1.1" 302 -
222.70.114.12 - - [01/Aug/2023:10:06:02 +0800] "GET /xingrg/all/function/internal_message.html?_=1690855565028&CODE_STATE=getMsg HTTP/1.1" 302 -
180.165.154.167 - - [01/Aug/2023:10:06:03 +0800] "GET /xingrg/kc/buy/cgsh_order_operate.html?command=get_materiel&rest_code=00108&code=00101008175&supplier_code=00100007&order_time=2023-08-01 HTTP/1.1" 200 412
180.152.241.196 - - [01/Aug/2023:10:06:04 +0800] "GET /xingrg/all/function/internal_message.html?_=1690855567336&CODE_STATE=getMsg HTTP/1.1" 302 -
114.83.220.65 - - [01/Aug/2023:10:06:04 +0800] "GET /xingrg/all/function/internal_message.html?_=1690855693403&CODE_STATE=getMsg HTTP/1.1" 302 -
180.165.154.167 - - [01/Aug/2023:10:06:06 +0800] "POST /xingrg/kc/buy/cgsh_order_operate.html HTTP/1.1" 200 2065
116.228.172.122 - - [01/Aug/2023:10:06:08 +0800] "GET /xingrg/check_reg.html?_=1690855461334 HTTP/1.1" 302 -
116.228.172.122 - - [01/Aug/2023:10:06:08 +0800] "GET /xingrg/all/function/internal_message.html?_=1690855461354&CODE_STATE=getMsg HTTP/1.1" 302 -
124.78.70.128 - - [01/Aug/2023:10:06:09 +0800] "POST /xingrg/kc/buy/cgsh_order_operate.html HTTP/1.1" 200 37
120.253.135.82 - - [01/Aug/2023:10:06:12 +0800] "GET /xingrg/all/function/internal_message.html?_=1690855393508&CODE_STATE=getMsg HTTP/1.1" 200 27
124.78.70.128 - - [01/Aug/2023:10:06:15 +0800] "GET /xingrg/check_reg.html?_=1690855039269 HTTP/1.1" 200 22
124.78.70.128 - - [01/Aug/2023:10:06:15 +0800] "GET /xingrg/all/function/internal_message.html?_=1690855039271&CODE_STATE=getMsg HTTP/1.1" 200 27
120.253.135.82 - - [01/Aug/2023:10:06:15 +0800] "GET /xingrg/kc/pszx/mdqp_order_list.html?state=10 HTTP/1.1" 200 10275
120.253.135.82 - - [01/Aug/2023:10:06:15 +0800] "GET /xingrg/dwr/interface/AjaxQqpsService.js HTTP/1.1" 200 16326
120.253.135.82 - - [01/Aug/2023:10:06:15 +0800] "GET /xingrg/dwr/interface/AjaxReportQueryService.js HTTP/1.1" 200 13203
120.253.135.82 - - [01/Aug/2023:10:06:15 +0800] "GET /xingrg/dwr/engine.js HTTP/1.1" 200 43631
180.165.154.167 - - [01/Aug/2023:10:06:15 +0800] "GET /xingrg/kc/buy/cgsh_order_operate.html?command=get_materiel&rest_code=00108&code=00101009122&supplier_code=00100007&order_time=2023-08-01 HTTP/1.1" 200 405
124.78.70.128 - - [01/Aug/2023:10:06:17 +0800] "POST /xingrg/kc/buy/cgsh_order_operate.html HTTP/1.1" 200 12
58.40.7.146 - - [01/Aug/2023:10:06:17 +0800] "GET /xingrg/all/function/internal_message.html?_=1690855577214&CODE_STATE=getMsg HTTP/1.1" 302 -
116.230.112.71 - - [01/Aug/2023:10:06:17 +0800] "GET /xingrg/all/function/internal_message.html?_=1690855583123&CODE_STATE=getMsg HTTP/1.1" 302 -
120.253.135.82 - - [01/Aug/2023:10:06:18 +0800] "GET /xingrg/kc/pszx/mdth_order_list.html HTTP/1.1" 200 18535
120.253.135.82 - - [01/Aug/2023:10:06:18 +0800] "POST /xingrg/kc/pszx/mdth_order_new_list.html HTTP/1.1" 200 4745
180.165.154.167 - - [01/Aug/2023:10:06:19 +0800] "GET /xingrg/all/function/internal_message.html?_=1690855579860&CODE_STATE=getMsg HTTP/1.1" 200 27
101.228.187.155 - - [01/Aug/2023:10:06:20 +0800] "GET /xingrg/all/function/internal_message.html?_=1690855579021&CODE_STATE=getMsg HTTP/1.1" 302 -
124.78.70.128 - - [01/Aug/2023:10:06:20 +0800] "GET /xingrg/kc/buy/cgsh_order_info.html?code=212023080100039 HTTP/1.1" 200 66671
124.78.70.128 - - [01/Aug/2023:10:06:21 +0800] "GET /xingrg/javascript/easyui/themes/default/validatebox.css HTTP/1.1" 404 1104
120.253.135.82 - - [01/Aug/2023:10:06:21 +0800] "POST /xingrg/kc/pszx/mdth_order_new_list.html HTTP/1.1" 200 207
222.70.114.12 - - [01/Aug/2023:10:06:21 +0800] "GET /xingrg/all/function/internal_message.html?_=1690855581812&CODE_STATE=getMsg HTTP/1.1" 302 -
124.78.70.128 - - [01/Aug/2023:10:06:22 +0800] "POST /xingrg/kc/buy/cgsh_order_operate.html HTTP/1.1" 200 2390
120.253.135.82 - - [01/Aug/2023:10:06:24 +0800] "GET /xingrg/kc/pszx/mdqp_order_list.html?state=10 HTTP/1.1" 200 10275
120.253.135.82 - - [01/Aug/2023:10:06:24 +0800] "GET /xingrg/dwr/interface/AjaxQqpsService.js HTTP/1.1" 200 16326
120.253.135.82 - - [01/Aug/2023:10:06:24 +0800] "GET /xingrg/dwr/interface/AjaxReportQueryService.js HTTP/1.1" 200 13203
120.253.135.82 - - [01/Aug/2023:10:06:24 +0800] "GET /xingrg/dwr/engine.js HTTP/1.1" 200 43631
180.165.154.167 - - [01/Aug/2023:10:06:25 +0800] "GET /xingrg/kc/buy/cgsh_order_operate.html?command=get_materiel&rest_code=00108&code=00101009063&supplier_code=00100007&order_time=2023-08-01 HTTP/1.1" 200 410
120.253.135.82 - - [01/Aug/2023:10:06:26 +0800] "GET /xingrg/kc/report/report_main.html HTTP/1.1" 200 8599
120.253.135.82 - - [01/Aug/2023:10:06:26 +0800] "GET /xingrg/javascript/jquery_ui/themes/humanity/humanity.css HTTP/1.1" 304 -
124.78.70.128 - - [01/Aug/2023:10:06:28 +0800] "GET /xingrg/kc/print/load_data.html?order_code=212023080100039&kc_code=cgsh&condition= HTTP/1.1" 200 1454
124.78.155.92 - - [01/Aug/2023:10:06:28 +0800] "GET /xingrg/javascript/auto/indicator.gif HTTP/1.1" 404 1066
120.253.135.82 - - [01/Aug/2023:10:06:29 +0800] "GET /xingrg/check_reg.html?_=1690855409830 HTTP/1.1" 200 22
180.163.29.234 - - [01/Aug/2023:10:06:29 +0800] "GET /xingrg/all/function/internal_message.html?_=1690855529149&CODE_STATE=getMsg HTTP/1.1" 302 -
180.163.29.234 - - [01/Aug/2023:10:06:29 +0800] "GET /xingrg/login.html HTTP/1.1" 200 7641
180.169.147.146 - - [01/Aug/2023:10:06:29 +0800] "GET /xingrg/check_reg.html?_=1690855589165 HTTP/1.1" 200 22
180.169.147.146 - - [01/Aug/2023:10:06:29 +0800] "GET /xingrg/all/function/internal_message.html?_=1690855589167&CODE_STATE=getMsg HTTP/1.1" 200 27
222.69.130.71 - - [01/Aug/2023:10:06:30 +0800] "GET /xingrg/all/function/internal_message.html?_=1690855590866&CODE_STATE=getMsg HTTP/1.1" 302 -
180.169.147.146 - - [01/Aug/2023:10:06:30 +0800] "GET /xingrg/all/function/internal_message.html?_=1690855590277&CODE_STATE=getMsg HTTP/1.1" 302 -
180.169.147.146 - - [01/Aug/2023:10:06:30 +0800] "GET /xingrg/check_reg.html?_=1690855590279 HTTP/1.1" 302 -
116.230.112.71 - - [01/Aug/2023:10:06:31 +0800] "GET /xingrg/all/function/internal_message.html?_=1690855595756&CODE_STATE=getMsg HTTP/1.1" 302 -
222.70.180.90 - - [01/Aug/2023:10:06:32 +0800] "GET /xingrg/check_reg.html?_=1690855592716 HTTP/1.1" 302 -
222.70.180.90 - - [01/Aug/2023:10:06:32 +0800] "GET /xingrg/all/function/internal_message.html?_=1690855592711&CODE_STATE=getMsg HTTP/1.1" 302 -
101.83.145.37 - - [01/Aug/2023:10:06:33 +0800] "GET /xingrg/all/function/internal_message.html?_=1690855593299&CODE_STATE=getMsg HTTP/1.1" 200 27
101.83.145.37 - - [01/Aug/2023:10:06:33 +0800] "GET /xingrg/check_reg.html?_=1690855593301 HTTP/1.1" 200 22
180.152.241.196 - - [01/Aug/2023:10:06:33 +0800] "GET /xingrg/all/function/internal_message.html?_=1690855593983&CODE_STATE=getMsg HTTP/1.1" 302 -
180.165.154.167 - - [01/Aug/2023:10:06:35 +0800] "GET /xingrg/kc/buy/cgsh_order_operate.html?command=get_materiel&rest_code=00108&code=00101020152&supplier_code=00100007&order_time=2023-08-01 HTTP/1.1" 200 416
124.78.155.92 - - [01/Aug/2023:10:06:37 +0800] "GET /xingrg/kc/buy/cgsh_order_operate.html?command=get_materiel&rest_code=00106&code=00101016094&supplier_code=00100584&order_time=2023-08-01 HTTP/1.1" 200 448
116.238.191.126 - - [01/Aug/2023:10:06:38 +0800] "GET /xingrg/all/function/internal_message.html?_=1690855597717&CODE_STATE=getMsg HTTP/1.1" 302 -
124.79.243.110 - - [01/Aug/2023:10:06:41 +0800] "GET /xingrg/all/function/internal_message.html?_=1690855890117&CODE_STATE=getMsg HTTP/1.1" 302 -
124.78.155.92 - - [01/Aug/2023:10:06:42 +0800] "POST /xingrg/all/common/load_select.html HTTP/1.1" 200 25
116.232.195.127 - - [01/Aug/2023:10:06:43 +0800] "GET /xingrg/all/function/internal_message.html?_=1690855546462&CODE_STATE=getMsg HTTP/1.1" 302 -
124.78.155.92 - - [01/Aug/2023:10:06:46 +0800] "GET /xingrg/all/function/internal_message.html?_=1690855608434&CODE_STATE=getMsg HTTP/1.1" 200 27
124.78.155.92 - - [01/Aug/2023:10:06:49 +0800] "GET /xingrg/kc/buy/cgsh_order_operate.html?command=get_materiel_price&rest_code=00106&code=00101016094&unit_code=00100160&supplier_code=00100584&order_time=2023-08-01 HTTP/1.1" 200 29
124.78.70.128 - - [01/Aug/2023:10:06:51 +0800] "GET /xingrg/kc/buy/cgsh_order_add.html HTTP/1.1" 200 71762
124.79.243.110 - - [01/Aug/2023:10:06:52 +0800] "GET /xingrg/check_reg.html?_=1690855611152 HTTP/1.1" 302 -
124.79.243.110 - - [01/Aug/2023:10:06:52 +0800] "GET /xingrg/all/function/internal_message.html?_=1690855611149&CODE_STATE=getMsg HTTP/1.1" 302 -
124.78.70.128 - - [01/Aug/2023:10:06:52 +0800] "GET /xingrg/javascript/easyui/themes/default/validatebox.css HTTP/1.1" 404 1104
124.78.70.128 - - [01/Aug/2023:10:06:52 +0800] "POST /xingrg/kc/buy/cgsh_order_operate.html HTTP/1.1" 200 8245
180.165.154.167 - - [01/Aug/2023:10:06:53 +0800] "GET /xingrg/kc/buy/cgsh_order_operate.html?command=get_materiel&rest_code=00108&code=00101008331&supplier_code=00100007&order_time=2023-08-01 HTTP/1.1" 200 416
116.232.195.127 - - [01/Aug/2023:10:06:53 +0800] "GET /xingrg/all/function/internal_message.html?_=1690855613647&CODE_STATE=getMsg HTTP/1.1" 302 -
58.40.7.146 - - [01/Aug/2023:10:07:01 +0800] "GET /xingrg/check_reg.html?_=1690855621795 HTTP/1.1" 302 -
218.81.76.85 - - [01/Aug/2023:10:07:02 +0800] "GET /xingrg/all/function/internal_message.html?_=1690855621943&CODE_STATE=getMsg HTTP/1.1" 302 -
222.70.114.12 - - [01/Aug/2023:10:07:02 +0800] "GET /xingrg/all/function/internal_message.html?_=1690855625027&CODE_STATE=getMsg HTTP/1.1" 302 -
180.152.241.196 - - [01/Aug/2023:10:07:04 +0800] "GET /xingrg/check_reg.html?_=1690855627339 HTTP/1.1" 302 -
180.152.241.196 - - [01/Aug/2023:10:07:04 +0800] "GET /xingrg/all/function/internal_message.html?_=1690855627340&CODE_STATE=getMsg HTTP/1.1" 302 -
114.83.220.65 - - [01/Aug/2023:10:07:04 +0800] "GET /xingrg/all/function/internal_message.html?_=1690855753420&CODE_STATE=getMsg HTTP/1.1" 302 -
116.228.172.122 - - [01/Aug/2023:10:07:08 +0800] "GET /xingrg/all/function/internal_message.html?_=1690855521344&CODE_STATE=getMsg HTTP/1.1" 302 -
120.253.135.82 - - [01/Aug/2023:10:07:12 +0800] "GET /xingrg/all/function/internal_message.html?_=1690855453521&CODE_STATE=getMsg HTTP/1.1" 200 27
124.78.70.128 - - [01/Aug/2023:10:07:15 +0800] "GET /xingrg/all/function/internal_message.html?_=1690855099276&CODE_STATE=getMsg HTTP/1.1" 200 27
58.40.7.146 - - [01/Aug/2023:10:07:17 +0800] "GET /xingrg/all/function/internal_message.html?_=1690855637187&CODE_STATE=getMsg HTTP/1.1" 302 -
116.230.112.71 - - [01/Aug/2023:10:07:17 +0800] "GET /xingrg/check_reg.html?_=1690855642825 HTTP/1.1" 302 -
116.230.112.71 - - [01/Aug/2023:10:07:17 +0800] "GET /xingrg/all/function/internal_message.html?_=1690855643136&CODE_STATE=getMsg HTTP/1.1" 302 -
180.165.154.167 - - [01/Aug/2023:10:07:19 +0800] "GET /xingrg/all/function/internal_message.html?_=1690855639841&CODE_STATE=getMsg HTTP/1.1" 200 27
101.228.187.155 - - [01/Aug/2023:10:07:20 +0800] "GET /xingrg/all/function/internal_message.html?_=1690855639049&CODE_STATE=getMsg HTTP/1.1" 302 -
222.70.114.12 - - [01/Aug/2023:10:07:21 +0800] "GET /xingrg/all/function/internal_message.html?_=1690855641801&CODE_STATE=getMsg HTTP/1.1" 302 -
124.78.70.128 - - [01/Aug/2023:10:07:23 +0800] "GET /xingrg/kc/buy/cgsh_order_operate.html?command=get_materiel&rest_code=00141&code=00101016094&supplier_code=00100584&order_time=2023-08-01 HTTP/1.1" 200 448
120.253.135.82 - - [01/Aug/2023:10:07:23 +0800] "GET /xingrg/kc/pszx/mdqp_order_list.html?state=10 HTTP/1.1" 200 10275
120.253.135.82 - - [01/Aug/2023:10:07:23 +0800] "GET /xingrg/dwr/interface/AjaxQqpsService.js HTTP/1.1" 200 16326
120.253.135.82 - - [01/Aug/2023:10:07:23 +0800] "GET /xingrg/dwr/interface/AjaxReportQueryService.js HTTP/1.1" 200 13203
120.253.135.82 - - [01/Aug/2023:10:07:23 +0800] "GET /xingrg/dwr/engine.js HTTP/1.1" 200 43631
180.165.154.167 - - [01/Aug/2023:10:07:25 +0800] "GET /xingrg/kc/buy/cgsh_order_operate.html?command=get_materiel&rest_code=00108&code=00101008286&supplier_code=00100007&order_time=2023-08-01 HTTP/1.1" 200 408
180.165.154.167 - - [01/Aug/2023:10:07:29 +0800] "POST /xingrg/kc/buy/cgsh_order_operate.html HTTP/1.1" 200 2065
180.169.147.146 - - [01/Aug/2023:10:07:29 +0800] "GET /xingrg/all/function/internal_message.html?_=1690855649150&CODE_STATE=getMsg HTTP/1.1" 200 27
222.69.130.71 - - [01/Aug/2023:10:07:30 +0800] "GET /xingrg/all/function/internal_message.html?_=1690855650859&CODE_STATE=getMsg HTTP/1.1" 302 -
180.169.147.146 - - [01/Aug/2023:10:07:30 +0800] "GET /xingrg/all/function/internal_message.html?_=1690855650265&CODE_STATE=getMsg HTTP/1.1" 302 -
116.230.112.71 - - [01/Aug/2023:10:07:31 +0800] "GET /xingrg/all/function/internal_message.html?_=1690855655766&CODE_STATE=getMsg HTTP/1.1" 302 -
222.70.180.90 - - [01/Aug/2023:10:07:32 +0800] "GET /xingrg/all/function/internal_message.html?_=1690855652710&CODE_STATE=getMsg HTTP/1.1" 302 -
101.83.145.37 - - [01/Aug/2023:10:07:33 +0800] "GET /xingrg/all/function/internal_message.html?_=1690855653294&CODE_STATE=getMsg HTTP/1.1" 200 27
180.152.241.196 - - [01/Aug/2023:10:07:33 +0800] "GET /xingrg/all/function/internal_message.html?_=1690855653965&CODE_STATE=getMsg HTTP/1.1" 302 -
180.165.154.167 - - [01/Aug/2023:10:07:35 +0800] "GET /xingrg/kc/buy/cgsh_order_operate.html?command=get_materiel&rest_code=00108&code=00101008356&supplier_code=00100007&order_time=2023-08-01 HTTP/1.1" 200 408
124.78.70.128 - - [01/Aug/2023:10:07:35 +0800] "POST /xingrg/all/common/load_select.html HTTP/1.1" 200 25
222.69.130.71 - - [01/Aug/2023:10:07:35 +0800] "GET /xingrg/kc/buy/cgsh_order_operate.html?command=get_materiel&rest_code=00149&code=00101009001&supplier_code=00100201&order_time=2023-08-01 HTTP/1.1" 302 -
101.83.145.37 - - [01/Aug/2023:10:07:35 +0800] "GET /xingrg/kc/buy/cgsh_order_add.html HTTP/1.1" 200 71844
101.83.145.37 - - [01/Aug/2023:10:07:36 +0800] "GET /xingrg/javascript/easyui/themes/default/validatebox.css HTTP/1.1" 404 1104
101.83.145.37 - - [01/Aug/2023:10:07:36 +0800] "POST /xingrg/kc/buy/cgsh_order_operate.html HTTP/1.1" 200 8245
101.83.145.37 - - [01/Aug/2023:10:07:37 +0800] "GET /xingrg/javascript/auto/indicator.gif HTTP/1.1" 404 1066
116.238.191.126 - - [01/Aug/2023:10:07:38 +0800] "GET /xingrg/check_reg.html?_=1690855657717 HTTP/1.1" 302 -
116.238.191.126 - - [01/Aug/2023:10:07:38 +0800] "GET /xingrg/all/function/internal_message.html?_=1690855657719&CODE_STATE=getMsg HTTP/1.1" 302 -
124.78.155.92 - - [01/Aug/2023:10:07:40 +0800] "GET /xingrg/kc/buy/cgsh_order_operate.html?command=get_materiel&rest_code=00106&code=00101016034&supplier_code=00100584&order_time=2023-08-01 HTTP/1.1" 200 437
124.78.70.128 - - [01/Aug/2023:10:07:40 +0800] "GET /xingrg/kc/buy/cgsh_order_operate.html?command=get_materiel_price&rest_code=00141&code=00101016094&unit_code=00100160&supplier_code=00100584&order_time=2023-08-01 HTTP/1.1" 200 29
124.79.243.110 - - [01/Aug/2023:10:07:41 +0800] "GET /xingrg/all/function/internal_message.html?_=1690855950116&CODE_STATE=getMsg HTTP/1.1" 302 -
116.232.195.127 - - [01/Aug/2023:10:07:43 +0800] "GET /xingrg/all/function/internal_message.html?_=1690855606456&CODE_STATE=getMsg HTTP/1.1" 302 -
124.78.155.92 - - [01/Aug/2023:10:07:46 +0800] "GET /xingrg/all/function/internal_message.html?_=1690855668423&CODE_STATE=getMsg HTTP/1.1" 200 27
222.69.130.71 - - [01/Aug/2023:10:07:48 +0800] "GET /xingrg/login.html HTTP/1.1" 200 7641
222.69.130.71 - - [01/Aug/2023:10:07:48 +0800] "GET /favicon.ico HTTP/1.1" 404 -
124.79.243.110 - - [01/Aug/2023:10:07:52 +0800] "GET /xingrg/all/function/internal_message.html?_=1690855671167&CODE_STATE=getMsg HTTP/1.1" 302 -
101.83.145.37 - - [01/Aug/2023:10:07:52 +0800] "GET /xingrg/kc/buy/cgsh_order_operate.html?command=get_materiel&rest_code=00105&code=00102002453&supplier_code=00100070&order_time=2023-08-01 HTTP/1.1" 200 412
222.70.180.90 - - [01/Aug/2023:10:07:52 +0800] "GET /favicon.ico HTTP/1.1" 404 -
116.232.195.127 - - [01/Aug/2023:10:07:53 +0800] "GET /xingrg/check_reg.html?_=1690855673627 HTTP/1.1" 302 -
116.232.195.127 - - [01/Aug/2023:10:07:53 +0800] "GET /xingrg/all/function/internal_message.html?_=1690855673630&CODE_STATE=getMsg HTTP/1.1" 302 -
222.70.180.90 - - [01/Aug/2023:10:07:56 +0800] "GET /xingrg/login.html HTTP/1.1" 200 7641
222.70.180.90 - - [01/Aug/2023:10:07:56 +0800] "GET /favicon.ico HTTP/1.1" 404 -
222.70.180.90 - - [01/Aug/2023:10:07:58 +0800] "POST /xingrg/login.do HTTP/1.1" 200 2421
222.70.180.90 - - [01/Aug/2023:10:07:58 +0800] "GET /favicon.ico HTTP/1.1" 404 -
222.69.130.71 - - [01/Aug/2023:10:07:59 +0800] "POST /xingrg/login.do HTTP/1.1" 200 2421
222.69.130.71 - - [01/Aug/2023:10:07:59 +0800] "GET /favicon.ico HTTP/1.1" 404 -
222.70.180.90 - - [01/Aug/2023:10:08:00 +0800] "GET /xingrg/login.html HTTP/1.1" 200 7641
222.70.180.90 - - [01/Aug/2023:10:08:00 +0800] "GET /favicon.ico HTTP/1.1" 404 -
180.165.154.167 - - [01/Aug/2023:10:08:00 +0800] "POST /xingrg/kc/buy/cgsh_order_operate.html HTTP/1.1" 200 37
222.69.130.71 - - [01/Aug/2023:10:08:01 +0800] "GET /xingrg/login.html HTTP/1.1" 200 7641
222.69.130.71 - - [01/Aug/2023:10:08:01 +0800] "GET /favicon.ico HTTP/1.1" 404 -
218.81.76.85 - - [01/Aug/2023:10:08:02 +0800] "GET /xingrg/all/function/internal_message.html?_=1690855681944&CODE_STATE=getMsg HTTP/1.1" 302 -
180.165.154.167 - - [01/Aug/2023:10:08:02 +0800] "POST /xingrg/kc/buy/cgsh_order_operate.html HTTP/1.1" 200 23347
222.70.180.90 - - [01/Aug/2023:10:08:02 +0800] "POST /xingrg/login.do HTTP/1.1" 302 -
222.70.114.12 - - [01/Aug/2023:10:08:02 +0800] "GET /xingrg/all/function/internal_message.html?_=1690855685026&CODE_STATE=getMsg HTTP/1.1" 302 -
222.70.180.90 - - [01/Aug/2023:10:08:02 +0800] "GET /xingrg/index.html?sysBaseUrl=http%3A%2F%2F180.169.147.146%3A18081%2Fxingrg%2F&costTime=810×tamp=1690855682878 HTTP/1.1" 200 17173
222.70.180.90 - - [01/Aug/2023:10:08:03 +0800] "GET /favicon.ico HTTP/1.1" 404 -
222.70.180.90 - - [01/Aug/2023:10:08:03 +0800] "GET /xingrg/check_reg.html?_=1690855683011 HTTP/1.1" 200 22
222.70.180.90 - - [01/Aug/2023:10:08:03 +0800] "POST /xingrg/all/common/load_tree.html?tree=area_rest_tree_json&manage=1 HTTP/1.1" 200 342
222.70.180.90 - - [01/Aug/2023:10:08:03 +0800] "GET /xingrg/all/function/internal_message.html?_=1690855683010&CODE_STATE=count HTTP/1.1" 200 11
222.70.180.90 - - [01/Aug/2023:10:08:03 +0800] "POST /xingrg/load_menu.html HTTP/1.1" 200 5138
180.152.241.196 - - [01/Aug/2023:10:08:04 +0800] "GET /xingrg/all/function/internal_message.html?_=1690855687339&CODE_STATE=getMsg HTTP/1.1" 302 -
114.83.220.65 - - [01/Aug/2023:10:08:04 +0800] "GET /xingrg/all/function/internal_message.html?_=1690855813402&CODE_STATE=getMsg HTTP/1.1" 302 -
124.78.155.92 - - [01/Aug/2023:10:08:06 +0800] "GET /xingrg/kc/buy/cgsh_order_operate.html?command=get_materiel&rest_code=00106&code=00101016097&supplier_code=00100584&order_time=2023-08-01 HTTP/1.1" 200 450
101.83.145.37 - - [01/Aug/2023:10:08:06 +0800] "GET /xingrg/kc/buy/cgsh_order_operate.html?command=get_materiel&rest_code=00105&code=00102002334&supplier_code=00100070&order_time=2023-08-01 HTTP/1.1" 200 412
116.228.172.122 - - [01/Aug/2023:10:08:08 +0800] "GET /xingrg/all/function/internal_message.html?_=1690855581332&CODE_STATE=getMsg HTTP/1.1" 302 -
222.69.130.71 - - [01/Aug/2023:10:08:09 +0800] "POST /xingrg/login.do HTTP/1.1" 302 -
222.69.130.71 - - [01/Aug/2023:10:08:09 +0800] "GET /xingrg/index.html?sysBaseUrl=http%3A%2F%2F180.169.147.146%3A18081%2Fxingrg%2F&costTime=824×tamp=1690855689054 HTTP/1.1" 200 17179
222.69.130.71 - - [01/Aug/2023:10:08:09 +0800] "GET /favicon.ico HTTP/1.1" 404 -
222.69.130.71 - - [01/Aug/2023:10:08:09 +0800] "GET /xingrg/check_reg.html?_=1690855690127 HTTP/1.1" 200 22
222.69.130.71 - - [01/Aug/2023:10:08:09 +0800] "POST /xingrg/all/common/load_tree.html?tree=area_rest_tree_json&manage=1 HTTP/1.1" 200 351
222.69.130.71 - - [01/Aug/2023:10:08:09 +0800] "GET /xingrg/all/function/internal_message.html?_=1690855690126&CODE_STATE=count HTTP/1.1" 200 11
222.69.130.71 - - [01/Aug/2023:10:08:09 +0800] "POST /xingrg/load_menu.html HTTP/1.1" 200 5138
120.253.135.82 - - [01/Aug/2023:10:08:10 +0800] "GET /xingrg/kc/pszx/mdqp_order_list.html?state=10 HTTP/1.1" 200 10275
120.253.135.82 - - [01/Aug/2023:10:08:10 +0800] "GET /xingrg/dwr/engine.js HTTP/1.1" 200 43631
120.253.135.82 - - [01/Aug/2023:10:08:10 +0800] "GET /xingrg/dwr/interface/AjaxQqpsService.js HTTP/1.1" 200 16326
120.253.135.82 - - [01/Aug/2023:10:08:10 +0800] "GET /xingrg/dwr/interface/AjaxReportQueryService.js HTTP/1.1" 200 13203
222.70.180.90 - - [01/Aug/2023:10:08:11 +0800] "GET /xingrg/kc/buy/buy_main.html HTTP/1.1" 200 12412
222.70.180.90 - - [01/Aug/2023:10:08:11 +0800] "GET /xingrg/css/new_ie.css HTTP/1.1" 404 1036
222.70.180.90 - - [01/Aug/2023:10:08:11 +0800] "GET /xingrg/images/yd/bt.gif HTTP/1.1" 404 1040
120.253.135.82 - - [01/Aug/2023:10:08:12 +0800] "GET /xingrg/all/function/internal_message.html?_=1690855513535&CODE_STATE=getMsg HTTP/1.1" 200 27
222.70.180.90 - - [01/Aug/2023:10:08:13 +0800] "GET /xingrg/kc/buy/cgsh_order_list.html HTTP/1.1" 200 55980
120.253.135.82 - - [01/Aug/2023:10:08:14 +0800] "GET /xingrg/kc/pszx/mdqp_order_list.html?state=10 HTTP/1.1" 200 10275
120.253.135.82 - - [01/Aug/2023:10:08:14 +0800] "GET /xingrg/dwr/interface/AjaxReportQueryService.js HTTP/1.1" 200 13203
120.253.135.82 - - [01/Aug/2023:10:08:14 +0800] "GET /xingrg/dwr/interface/AjaxQqpsService.js HTTP/1.1" 200 16326
120.253.135.82 - - [01/Aug/2023:10:08:14 +0800] "GET /xingrg/dwr/engine.js HTTP/1.1" 200 43631
124.78.70.128 - - [01/Aug/2023:10:08:15 +0800] "GET /xingrg/all/function/internal_message.html?_=1690855159285&CODE_STATE=getMsg HTTP/1.1" 200 27
222.69.130.71 - - [01/Aug/2023:10:08:17 +0800] "GET /xingrg/kc/buy/cgsh_order_list.html HTTP/1.1" 200 55986
58.40.7.146 - - [01/Aug/2023:10:08:17 +0800] "GET /xingrg/all/function/internal_message.html?_=1690855697172&CODE_STATE=getMsg HTTP/1.1" 302 -
116.230.112.71 - - [01/Aug/2023:10:08:17 +0800] "GET /xingrg/all/function/internal_message.html?_=1690855703149&CODE_STATE=getMsg HTTP/1.1" 302 -
101.83.145.37 - - [01/Aug/2023:10:08:18 +0800] "POST /xingrg/kc/buy/cgsh_order_operate.html HTTP/1.1" 200 37
222.69.130.71 - - [01/Aug/2023:10:08:19 +0800] "POST /xingrg/kc/buy/cgsh_list_operate.html HTTP/1.1" 200 986
180.165.154.167 - - [01/Aug/2023:10:08:19 +0800] "GET /xingrg/check_reg.html?_=1690855699857 HTTP/1.1" 200 22
180.165.154.167 - - [01/Aug/2023:10:08:19 +0800] "GET /xingrg/all/function/internal_message.html?_=1690855699862&CODE_STATE=getMsg HTTP/1.1" 200 27
116.230.112.71 - - [01/Aug/2023:10:08:20 +0800] "GET /xingrg/kc/buy/cgsh_order_add.html HTTP/1.1" 302 -
116.230.112.71 - - [01/Aug/2023:10:08:20 +0800] "GET /xingrg/login.html HTTP/1.1" 200 7641
116.230.112.71 - - [01/Aug/2023:10:08:20 +0800] "GET /xingrg/login.html HTTP/1.1" 200 7641
101.228.187.155 - - [01/Aug/2023:10:08:20 +0800] "GET /xingrg/all/function/internal_message.html?_=1690855699047&CODE_STATE=getMsg HTTP/1.1" 302 -
116.230.112.71 - - [01/Aug/2023:10:08:20 +0800] "GET /favicon.ico HTTP/1.1" 404 -
222.70.180.90 - - [01/Aug/2023:10:08:20 +0800] "POST /xingrg/kc/buy/cgsh_list_operate.html HTTP/1.1" 200 2258
222.69.130.71 - - [01/Aug/2023:10:08:21 +0800] "GET /xingrg/kc/buy/cgsh_order_add.html HTTP/1.1" 200 71850
222.69.130.71 - - [01/Aug/2023:10:08:21 +0800] "GET /xingrg/javascript/easyui/themes/default/validatebox.css HTTP/1.1" 404 1104
222.69.130.71 - - [01/Aug/2023:10:08:21 +0800] "POST /xingrg/kc/buy/cgsh_order_operate.html HTTP/1.1" 200 8245
222.69.130.71 - - [01/Aug/2023:10:08:21 +0800] "GET /xingrg/all/common/auto_word.html?type=employee&rest_code=00149 HTTP/1.1" 200 197
222.69.130.71 - - [01/Aug/2023:10:08:21 +0800] "GET /xingrg/all/common/auto_word.html?type=employee&rest_code=00149 HTTP/1.1" 200 197
222.70.114.12 - - [01/Aug/2023:10:08:21 +0800] "GET /xingrg/all/function/internal_message.html?_=1690855701822&CODE_STATE=getMsg HTTP/1.1" 302 -
222.69.130.71 - - [01/Aug/2023:10:08:22 +0800] "GET /xingrg/javascript/auto/indicator.gif HTTP/1.1" 404 1066
116.230.112.71 - - [01/Aug/2023:10:08:23 +0800] "POST /xingrg/login.do HTTP/1.1" 302 -
116.230.112.71 - - [01/Aug/2023:10:08:23 +0800] "GET /xingrg/index.html?sysBaseUrl=http%3A%2F%2F180.169.147.146%3A18081%2Fxingrg%2F&costTime=814×tamp=1690855703221 HTTP/1.1" 200 17179
116.230.112.71 - - [01/Aug/2023:10:08:23 +0800] "GET /favicon.ico HTTP/1.1" 404 -
116.230.112.71 - - [01/Aug/2023:10:08:23 +0800] "GET /xingrg/check_reg.html?_=1690855709077 HTTP/1.1" 200 22
116.230.112.71 - - [01/Aug/2023:10:08:23 +0800] "POST /xingrg/all/common/load_tree.html?tree=area_rest_tree_json&manage=1 HTTP/1.1" 200 479
116.230.112.71 - - [01/Aug/2023:10:08:23 +0800] "GET /xingrg/all/function/internal_message.html?_=1690855709077&CODE_STATE=count HTTP/1.1" 200 11
116.230.112.71 - - [01/Aug/2023:10:08:23 +0800] "POST /xingrg/load_menu.html HTTP/1.1" 200 5138
222.69.130.71 - - [01/Aug/2023:10:08:24 +0800] "GET /xingrg/javascript/jquery_tools/images/prev.gif HTTP/1.1" 404 1086
222.69.130.71 - - [01/Aug/2023:10:08:24 +0800] "GET /xingrg/javascript/jquery_tools/images/next.gif HTTP/1.1" 404 1086
101.83.145.37 - - [01/Aug/2023:10:08:28 +0800] "POST /xingrg/kc/buy/cgsh_order_operate.html HTTP/1.1" 200 3265
180.169.147.146 - - [01/Aug/2023:10:08:29 +0800] "GET /xingrg/all/function/internal_message.html?_=1690855709148&CODE_STATE=getMsg HTTP/1.1" 200 27
180.169.147.146 - - [01/Aug/2023:10:08:30 +0800] "GET /xingrg/all/function/internal_message.html?_=1690855710271&CODE_STATE=getMsg HTTP/1.1" 302 -
116.230.112.71 - - [01/Aug/2023:10:08:31 +0800] "GET /xingrg/all/function/internal_message.html?_=1690855715783&CODE_STATE=getMsg HTTP/1.1" 302 -
222.69.130.71 - - [01/Aug/2023:10:08:31 +0800] "GET /xingrg/kc/buy/cgsh_order_operate.html?command=get_materiel&rest_code=00149&code=00101009001&supplier_code=00100201&order_time=2023-08-01 HTTP/1.1" 200 416
101.83.145.37 - - [01/Aug/2023:10:08:32 +0800] "GET /xingrg/kc/print/load_data.html?order_code=212023080100040&kc_code=cgsh&condition= HTTP/1.1" 200 927
124.78.155.92 - - [01/Aug/2023:10:08:32 +0800] "GET /xingrg/kc/buy/cgsh_order_operate.html?command=get_materiel&rest_code=00106&code=00101016037&supplier_code=00100584&order_time=2023-08-01 HTTP/1.1" 200 432
101.83.145.37 - - [01/Aug/2023:10:08:33 +0800] "GET /xingrg/all/function/internal_message.html?_=1690855713305&CODE_STATE=getMsg HTTP/1.1" 200 27
180.152.241.196 - - [01/Aug/2023:10:08:33 +0800] "GET /xingrg/all/function/internal_message.html?_=1690855713951&CODE_STATE=getMsg HTTP/1.1" 302 -
