180.152.241.196 - - [01/Aug/2023:09:44:14 +0800] "GET /xingrg/javascript/easyui/themes/default/validatebox.css HTTP/1.1" 404 1104
180.152.241.196 - - [01/Aug/2023:09:44:14 +0800] "POST /xingrg/kc/buy/cgsh_order_operate.html HTTP/1.1" 200 8245
101.228.187.155 - - [01/Aug/2023:09:44:17 +0800] "POST /xingrg/dwr/call/plaincall/AjaxYddbService.saveMaterielItem.dwr HTTP/1.1" 200 79
58.40.7.146 - - [01/Aug/2023:09:44:17 +0800] "GET /xingrg/all/function/internal_message.html?_=1690854257677&CODE_STATE=getMsg HTTP/1.1" 302 -
180.152.241.196 - - [01/Aug/2023:09:44:18 +0800] "GET /xingrg/javascript/easyui/plugins/jquery.draggable.js HTTP/1.1" 200 6121
180.165.154.167 - - [01/Aug/2023:09:44:18 +0800] "GET /xingrg/kc/buy/cgsh_order_operate.html?command=get_materiel&rest_code=00108&code=00101015183&supplier_code=00100007&order_time=2023-08-01 HTTP/1.1" 200 421
180.152.241.196 - - [01/Aug/2023:09:44:18 +0800] "GET /xingrg/css/images/panel_loading.gif HTTP/1.1" 200 1737
180.152.241.196 - - [01/Aug/2023:09:44:18 +0800] "GET /xingrg/javascript/easyui/plugins/jquery.droppable.js HTTP/1.1" 200 1167
180.152.241.196 - - [01/Aug/2023:09:44:18 +0800] "GET /xingrg/javascript/easyui/themes/default/tree.css HTTP/1.1" 404 1090
180.152.241.196 - - [01/Aug/2023:09:44:18 +0800] "GET /xingrg/javascript/easyui/plugins/jquery.tree.js HTTP/1.1" 200 20874
116.232.195.127 - - [01/Aug/2023:09:44:19 +0800] "GET /xingrg/kc/buy/cgsh_order_operate.html?command=get_materiel&rest_code=00155&code=00101029006&supplier_code=00100005&order_time=2023-08-01 HTTP/1.1" 200 439
101.228.187.155 - - [01/Aug/2023:09:44:19 +0800] "GET /xingrg/images/yd/bt2.gif HTTP/1.1" 404 1042
180.152.241.196 - - [01/Aug/2023:09:44:20 +0800] "POST /xingrg/all/common/load_tree.html?tree=supplier_tree_json&isDelete=1 HTTP/1.1" 200 74671
180.165.154.167 - - [01/Aug/2023:09:44:20 +0800] "GET /xingrg/all/function/internal_message.html?_=1690854260288&CODE_STATE=getMsg HTTP/1.1" 200 27
101.228.187.155 - - [01/Aug/2023:09:44:20 +0800] "GET /xingrg/all/function/internal_message.html?_=1690854259015&CODE_STATE=getMsg HTTP/1.1" 200 27
101.228.187.155 - - [01/Aug/2023:09:44:20 +0800] "GET /xingrg/check_reg.html?_=1690854259018 HTTP/1.1" 200 22
180.152.241.196 - - [01/Aug/2023:09:44:21 +0800] "GET /xingrg/javascript/easyui/themes/default/images/tree_file.gif HTTP/1.1" 200 118
180.152.241.196 - - [01/Aug/2023:09:44:21 +0800] "GET /xingrg/javascript/easyui/themes/default/images/tree_folder_open.gif HTTP/1.1" 200 956
180.152.241.196 - - [01/Aug/2023:09:44:21 +0800] "GET /xingrg/javascript/easyui/themes/default/images/tree_folder.gif HTTP/1.1" 200 952
180.152.241.196 - - [01/Aug/2023:09:44:21 +0800] "GET /xingrg/javascript/easyui/themes/default/images/tree_arrows.gif HTTP/1.1" 200 617
180.163.30.27 - - [01/Aug/2023:09:44:21 +0800] "GET /xingrg/all/function/internal_message.html?_=1690854201275&CODE_STATE=getMsg HTTP/1.1" 302 -
180.163.30.27 - - [01/Aug/2023:09:44:21 +0800] "GET /xingrg/login.html HTTP/1.1" 200 7641
180.169.147.146 - - [01/Aug/2023:09:44:21 +0800] "GET /xingrg/all/function/internal_message.html?_=1690854261278&CODE_STATE=getMsg HTTP/1.1" 200 27
222.70.114.12 - - [01/Aug/2023:09:44:21 +0800] "GET /xingrg/all/function/internal_message.html?_=1690854261822&CODE_STATE=getMsg HTTP/1.1" 302 -
222.70.114.12 - - [01/Aug/2023:09:44:21 +0800] "GET /xingrg/check_reg.html?_=1690854261824 HTTP/1.1" 302 -
180.152.241.196 - - [01/Aug/2023:09:44:26 +0800] "GET /xingrg/javascript/jquery_easy_ui/themes/default/images/tabs_active.png HTTP/1.1" 200 2894
101.228.187.155 - - [01/Aug/2023:09:44:27 +0800] "POST /xingrg/dwr/call/plaincall/AjaxYddbService.removeMaterielItem.dwr HTTP/1.1" 200 79
180.165.154.167 - - [01/Aug/2023:09:44:29 +0800] "GET /xingrg/kc/buy/cgsh_order_operate.html?command=get_materiel&rest_code=00108&code=00101008349&supplier_code=00100007&order_time=2023-08-01 HTTP/1.1" 200 412
222.69.130.71 - - [01/Aug/2023:09:44:30 +0800] "GET /xingrg/all/function/internal_message.html?_=1690854270841&CODE_STATE=getMsg HTTP/1.1" 200 27
222.69.130.71 - - [01/Aug/2023:09:44:30 +0800] "GET /xingrg/check_reg.html?_=1690854270843 HTTP/1.1" 200 22
180.169.147.146 - - [01/Aug/2023:09:44:30 +0800] "GET /xingrg/all/function/internal_message.html?_=1690854270270&CODE_STATE=getMsg HTTP/1.1" 200 27
116.230.112.71 - - [01/Aug/2023:09:44:30 +0800] "GET /xingrg/all/function/internal_message.html?_=1690854275454&CODE_STATE=getMsg HTTP/1.1" 200 27
222.70.180.90 - - [01/Aug/2023:09:44:31 +0800] "GET /xingrg/kc/buy/cgsh_order_operate.html?command=get_materiel&rest_code=00111&code=00101007024&supplier_code=00100004&order_time=2023-08-01 HTTP/1.1" 200 417
101.228.187.155 - - [01/Aug/2023:09:44:31 +0800] "POST /xingrg/dwr/call/plaincall/AjaxComOrderService.getMaterielSearchList.dwr HTTP/1.1" 200 3330
101.228.187.155 - - [01/Aug/2023:09:44:32 +0800] "POST /xingrg/dwr/call/plaincall/AjaxComOrderService.getMaterielSearchList.dwr HTTP/1.1" 200 204
222.70.180.90 - - [01/Aug/2023:09:44:32 +0800] "GET /xingrg/all/function/internal_message.html?_=1690854272662&CODE_STATE=getMsg HTTP/1.1" 200 27
101.228.187.155 - - [01/Aug/2023:09:44:33 +0800] "POST /xingrg/dwr/call/plaincall/AjaxComOrderService.getMaterielSearchList.dwr HTTP/1.1" 200 557
180.152.241.196 - - [01/Aug/2023:09:44:33 +0800] "GET /xingrg/check_reg.html?_=1690854274167 HTTP/1.1" 200 22
180.152.241.196 - - [01/Aug/2023:09:44:33 +0800] "GET /xingrg/all/function/internal_message.html?_=1690854274172&CODE_STATE=getMsg HTTP/1.1" 200 27
101.228.187.155 - - [01/Aug/2023:09:44:36 +0800] "POST /xingrg/dwr/call/plaincall/AjaxYddbService.getMaterielByMap.dwr HTTP/1.1" 200 1582
180.165.154.167 - - [01/Aug/2023:09:44:38 +0800] "GET /xingrg/kc/buy/cgsh_order_operate.html?command=get_materiel&rest_code=00108&code=00101008185&supplier_code=00100007&order_time=2023-08-01 HTTP/1.1" 200 408
116.238.191.126 - - [01/Aug/2023:09:44:38 +0800] "GET /xingrg/all/function/internal_message.html?_=1690854277672&CODE_STATE=getMsg HTTP/1.1" 200 27
180.152.241.196 - - [01/Aug/2023:09:44:40 +0800] "GET /xingrg/system/info/materiel_import.html?isSelect=1&singleSelect=false HTTP/1.1" 200 5600
180.152.241.196 - - [01/Aug/2023:09:44:40 +0800] "GET /xingrg/css/blue.css HTTP/1.1" 200 15949
180.152.241.196 - - [01/Aug/2023:09:44:40 +0800] "GET /xingrg/css/xtree.css HTTP/1.1" 200 880
180.152.241.196 - - [01/Aug/2023:09:44:40 +0800] "GET /xingrg/javascript/jquery_ui/themes/base/base.css HTTP/1.1" 200 28568
180.152.241.196 - - [01/Aug/2023:09:44:41 +0800] "GET /xingrg/javascript/jquery_easy_ui/themes/default/images/button_a_bg.gif HTTP/1.1" 200 1194
180.152.241.196 - - [01/Aug/2023:09:44:41 +0800] "GET /xingrg/javascript/jquery_easy_ui/themes/default/images/button_span_bg.gif HTTP/1.1" 200 2061
180.152.241.196 - - [01/Aug/2023:09:44:41 +0800] "GET /xingrg/javascript/jquery_easy_ui/themes/icons/check_new.png HTTP/1.1" 200 3224
180.152.241.196 - - [01/Aug/2023:09:44:41 +0800] "GET /xingrg/javascript/jquery_easy_ui/themes/icons/search.png HTTP/1.1" 200 813
180.152.241.196 - - [01/Aug/2023:09:44:41 +0800] "GET /xingrg/javascript/jquery_easy_ui/themes/default/images/datagrid_header_bg.gif HTTP/1.1" 200 97
180.152.241.196 - - [01/Aug/2023:09:44:41 +0800] "GET /xingrg/javascript/jquery_easy_ui/themes/icons/edit_add.png HTTP/1.1" 200 1088
180.152.241.196 - - [01/Aug/2023:09:44:41 +0800] "GET /xingrg/javascript/jquery_easy_ui/themes/default/images/pagination_first.gif HTTP/1.1" 200 925
180.152.241.196 - - [01/Aug/2023:09:44:41 +0800] "GET /xingrg/javascript/jquery_easy_ui/themes/default/images/pagination_prev.gif HTTP/1.1" 200 879
180.152.241.196 - - [01/Aug/2023:09:44:41 +0800] "GET /xingrg/javascript/jquery_easy_ui/themes/default/images/pagination_next.gif HTTP/1.1" 200 875
180.152.241.196 - - [01/Aug/2023:09:44:41 +0800] "GET /xingrg/javascript/jquery_easy_ui/themes/default/images/pagination_last.gif HTTP/1.1" 200 923
180.152.241.196 - - [01/Aug/2023:09:44:41 +0800] "GET /xingrg/javascript/jquery_easy_ui/themes/default/images/pagination_load.png HTTP/1.1" 200 827
180.152.241.196 - - [01/Aug/2023:09:44:41 +0800] "GET /favicon.ico HTTP/1.1" 404 -
124.79.243.110 - - [01/Aug/2023:09:44:41 +0800] "GET /xingrg/all/function/internal_message.html?_=1690854570060&CODE_STATE=getMsg HTTP/1.1" 200 27
120.253.135.82 - - [01/Aug/2023:09:44:41 +0800] "GET /xingrg/all/function/internal_message.html?_=1690854102537&CODE_STATE=getMsg HTTP/1.1" 200 27
180.152.241.196 - - [01/Aug/2023:09:44:41 +0800] "POST /xingrg/all/common/load_tree.html?tree=materiel_sort_tree_json HTTP/1.1" 200 9500
116.232.195.127 - - [01/Aug/2023:09:44:42 +0800] "POST /xingrg/kc/buy/cgsh_order_operate.html HTTP/1.1" 200 2065
124.78.70.128 - - [01/Aug/2023:09:44:42 +0800] "POST /xingrg/dwr/call/plaincall/AjaxCheckService.setItemNumber.dwr HTTP/1.1" 200 78
101.228.187.155 - - [01/Aug/2023:09:44:42 +0800] "POST /xingrg/dwr/call/plaincall/AjaxYddbService.saveMaterielItem.dwr HTTP/1.1" 200 79
180.152.241.196 - - [01/Aug/2023:09:44:43 +0800] "GET /xingrg/javascript/jquery_easy_ui/themes/icons/rest.png HTTP/1.1" 200 695
180.152.241.196 - - [01/Aug/2023:09:44:43 +0800] "GET /xingrg/javascript/jquery_easy_ui/themes/icons/area.png HTTP/1.1" 200 262
116.232.195.127 - - [01/Aug/2023:09:44:43 +0800] "GET /xingrg/all/function/internal_message.html?_=1690854226468&CODE_STATE=getMsg HTTP/1.1" 200 27
124.78.70.128 - - [01/Aug/2023:09:44:44 +0800] "POST /xingrg/dwr/call/plaincall/AjaxCheckService.setItemNumber.dwr HTTP/1.1" 200 78
180.169.147.146 - - [01/Aug/2023:09:44:46 +0800] "POST /xingrg/dwr/call/plaincall/AjaxReportQueryService.refreshCache.dwr HTTP/1.1" 200 78
101.228.187.155 - - [01/Aug/2023:09:44:47 +0800] "POST /xingrg/dwr/call/plaincall/AjaxComOrderService.getMaterielSearchList.dwr HTTP/1.1" 200 958
101.228.187.155 - - [01/Aug/2023:09:44:48 +0800] "POST /xingrg/dwr/call/plaincall/AjaxComOrderService.getMaterielSearchList.dwr HTTP/1.1" 200 958
180.169.147.146 - - [01/Aug/2023:09:44:48 +0800] "POST /xingrg/all/report/load_report_page.html HTTP/1.1" 200 16451
180.169.147.146 - - [01/Aug/2023:09:44:48 +0800] "GET /xingrg/servlets/image?cache=0.9656775162124507&image=px HTTP/1.1" 200 807
101.228.187.155 - - [01/Aug/2023:09:44:51 +0800] "POST /xingrg/dwr/call/plaincall/AjaxYddbService.getMaterielByMap.dwr HTTP/1.1" 200 1568
124.78.70.128 - - [01/Aug/2023:09:44:51 +0800] "POST /xingrg/dwr/call/plaincall/AjaxCheckService.setItemNumber.dwr HTTP/1.1" 200 78
124.79.243.110 - - [01/Aug/2023:09:44:52 +0800] "GET /xingrg/all/function/internal_message.html?_=1690854291158&CODE_STATE=getMsg HTTP/1.1" 200 27
123.6.49.42 - - [01/Aug/2023:09:44:52 +0800] "GET / HTTP/1.1" 404 -
180.165.154.167 - - [01/Aug/2023:09:44:52 +0800] "GET /xingrg/kc/buy/cgsh_order_operate.html?command=get_materiel&rest_code=00108&code=00101008005&supplier_code=00100007&order_time=2023-08-01 HTTP/1.1" 200 412
123.6.49.42 - - [01/Aug/2023:09:44:52 +0800] "GET / HTTP/1.1" 404 -
27.115.124.45 - - [01/Aug/2023:09:44:52 +0800] "GET /xingrg/system/info/materiel_import.html HTTP/1.1" 302 -
27.115.124.45 - - [01/Aug/2023:09:44:52 +0800] "GET /xingrg/login.html HTTP/1.1" 200 2139
27.115.124.45 - - [01/Aug/2023:09:44:52 +0800] "GET /xingrg/system/info/materiel_import.html HTTP/1.1" 302 -
27.115.124.45 - - [01/Aug/2023:09:44:52 +0800] "GET /xingrg/login.html HTTP/1.1" 200 2139
27.115.124.45 - - [01/Aug/2023:09:44:52 +0800] "GET /xingrg/javascript/mobile/jquery.mobile-1.3.2.min.css HTTP/1.1" 200 94670
27.115.124.6 - - [01/Aug/2023:09:44:52 +0800] "GET /xingrg/javascript/mobile/jquery-1.8.3.min.js HTTP/1.1" 200 93637
27.115.124.101 - - [01/Aug/2023:09:44:52 +0800] "GET /xingrg/javascript/mobile/jquery.mobile-1.3.2.min.js HTTP/1.1" 200 145396
27.115.124.101 - - [01/Aug/2023:09:44:52 +0800] "GET /xingrg/javascript/mobile/images/ajax-loader.gif HTTP/1.1" 200 7825
124.78.70.128 - - [01/Aug/2023:09:44:52 +0800] "POST /xingrg/dwr/call/plaincall/AjaxCheckService.setItemNumber.dwr HTTP/1.1" 200 78
180.152.241.196 - - [01/Aug/2023:09:44:53 +0800] "GET /xingrg/kc/buy/cgsh_order_operate.html?command=get_materiel&rest_code=00102&code=00101015047&supplier_code=00100054&order_time=2023-08-01 HTTP/1.1" 200 410
101.83.145.37 - - [01/Aug/2023:09:44:53 +0800] "GET /xingrg/all/function/internal_message.html?_=1690854293965&CODE_STATE=getMsg HTTP/1.1" 200 27
116.232.195.127 - - [01/Aug/2023:09:44:53 +0800] "GET /xingrg/all/function/internal_message.html?_=1690854293452&CODE_STATE=getMsg HTTP/1.1" 302 -
124.78.70.128 - - [01/Aug/2023:09:44:55 +0800] "GET /xingrg/check_reg.html?_=1690853759198 HTTP/1.1" 200 22
124.78.70.128 - - [01/Aug/2023:09:44:55 +0800] "POST /xingrg/dwr/call/plaincall/AjaxCheckService.setItemNumber.dwr HTTP/1.1" 200 78
124.78.70.128 - - [01/Aug/2023:09:44:55 +0800] "GET /xingrg/all/function/internal_message.html?_=1690853759758&CODE_STATE=getMsg HTTP/1.1" 200 27
116.232.195.127 - - [01/Aug/2023:09:44:56 +0800] "GET /xingrg/kc/buy/cgsh_order_operate.html?command=get_materiel&rest_code=00155&code=00101008141&supplier_code=00100005&order_time=2023-08-01 HTTP/1.1" 200 412
123.6.49.18 - - [01/Aug/2023:09:44:57 +0800] "GET / HTTP/1.1" 404 -
123.6.49.18 - - [01/Aug/2023:09:44:57 +0800] "GET / HTTP/1.1" 404 -
124.78.70.128 - - [01/Aug/2023:09:44:58 +0800] "POST /xingrg/dwr/call/plaincall/AjaxCheckService.setItemNumber.dwr HTTP/1.1" 200 78
124.78.70.128 - - [01/Aug/2023:09:44:59 +0800] "POST /xingrg/dwr/call/plaincall/AjaxCheckService.setItemNumber.dwr HTTP/1.1" 200 78
101.228.187.155 - - [01/Aug/2023:09:45:01 +0800] "POST /xingrg/dwr/call/plaincall/AjaxYddbService.saveMaterielItem.dwr HTTP/1.1" 200 79
124.78.70.128 - - [01/Aug/2023:09:45:02 +0800] "POST /xingrg/dwr/call/plaincall/AjaxCheckService.setItemNumber.dwr HTTP/1.1" 200 78
218.81.76.85 - - [01/Aug/2023:09:45:02 +0800] "GET /xingrg/all/function/internal_message.html?_=1690854301880&CODE_STATE=getMsg HTTP/1.1" 200 27
124.78.70.128 - - [01/Aug/2023:09:45:03 +0800] "POST /xingrg/dwr/call/plaincall/AjaxCheckService.setItemNumber.dwr HTTP/1.1" 200 78
180.165.154.167 - - [01/Aug/2023:09:45:03 +0800] "GET /xingrg/kc/buy/cgsh_order_operate.html?command=get_materiel&rest_code=00108&code=00101008286&supplier_code=00100007&order_time=2023-08-01 HTTP/1.1" 200 408
180.152.241.196 - - [01/Aug/2023:09:45:04 +0800] "GET /xingrg/all/function/internal_message.html?_=1690854307248&CODE_STATE=getMsg HTTP/1.1" 200 27
114.83.220.65 - - [01/Aug/2023:09:45:04 +0800] "GET /xingrg/all/function/internal_message.html?_=1690854433414&CODE_STATE=getMsg HTTP/1.1" 200 27
124.78.70.128 - - [01/Aug/2023:09:45:05 +0800] "POST /xingrg/dwr/call/plaincall/AjaxCheckService.setItemNumber.dwr HTTP/1.1" 200 78
124.78.70.128 - - [01/Aug/2023:09:45:06 +0800] "POST /xingrg/dwr/call/plaincall/AjaxCheckService.setItemNumber.dwr HTTP/1.1" 200 78
101.228.187.155 - - [01/Aug/2023:09:45:07 +0800] "POST /xingrg/dwr/call/plaincall/AjaxComOrderService.getMaterielSearchList.dwr HTTP/1.1" 200 20359
101.228.187.155 - - [01/Aug/2023:09:45:08 +0800] "POST /xingrg/dwr/call/plaincall/AjaxComOrderService.getMaterielSearchList.dwr HTTP/1.1" 200 1145
116.228.172.122 - - [01/Aug/2023:09:45:08 +0800] "GET /xingrg/all/function/internal_message.html?_=1690854201316&CODE_STATE=getMsg HTTP/1.1" 302 -
101.228.187.155 - - [01/Aug/2023:09:45:08 +0800] "POST /xingrg/dwr/call/plaincall/AjaxComOrderService.getMaterielSearchList.dwr HTTP/1.1" 200 420
116.232.195.127 - - [01/Aug/2023:09:45:10 +0800] "GET /xingrg/kc/buy/cgsh_order_operate.html?command=get_materiel&rest_code=00155&code=00101008148&supplier_code=00100005&order_time=2023-08-01 HTTP/1.1" 200 416
101.228.187.155 - - [01/Aug/2023:09:45:11 +0800] "POST /xingrg/dwr/call/plaincall/AjaxYddbService.getMaterielByMap.dwr HTTP/1.1" 200 1624
124.78.70.128 - - [01/Aug/2023:09:45:11 +0800] "POST /xingrg/dwr/call/plaincall/AjaxCheckService.setItemNumber.dwr HTTP/1.1" 200 78
124.78.70.128 - - [01/Aug/2023:09:45:14 +0800] "POST /xingrg/dwr/call/plaincall/AjaxCheckService.setItemNumber.dwr HTTP/1.1" 200 78
124.78.70.128 - - [01/Aug/2023:09:45:17 +0800] "POST /xingrg/dwr/call/plaincall/AjaxCheckService.setItemNumber.dwr HTTP/1.1" 200 78
58.40.7.146 - - [01/Aug/2023:09:45:17 +0800] "GET /xingrg/all/function/internal_message.html?_=1690854317648&CODE_STATE=getMsg HTTP/1.1" 302 -
124.78.70.128 - - [01/Aug/2023:09:45:19 +0800] "POST /xingrg/dwr/call/plaincall/AjaxCheckService.setItemNumber.dwr HTTP/1.1" 200 78
124.78.70.128 - - [01/Aug/2023:09:45:20 +0800] "POST /xingrg/dwr/call/plaincall/AjaxCheckService.setItemNumber.dwr HTTP/1.1" 200 78
180.165.154.167 - - [01/Aug/2023:09:45:20 +0800] "GET /xingrg/all/function/internal_message.html?_=1690854320263&CODE_STATE=getMsg HTTP/1.1" 200 27
101.228.187.155 - - [01/Aug/2023:09:45:20 +0800] "GET /xingrg/all/function/internal_message.html?_=1690854318993&CODE_STATE=getMsg HTTP/1.1" 200 27
124.78.70.128 - - [01/Aug/2023:09:45:21 +0800] "POST /xingrg/dwr/call/plaincall/AjaxCheckService.setItemNumber.dwr HTTP/1.1" 200 78
180.169.147.146 - - [01/Aug/2023:09:45:21 +0800] "GET /xingrg/check_reg.html?_=1690854321276 HTTP/1.1" 200 22
180.169.147.146 - - [01/Aug/2023:09:45:21 +0800] "GET /xingrg/all/function/internal_message.html?_=1690854321281&CODE_STATE=getMsg HTTP/1.1" 200 27
222.70.180.90 - - [01/Aug/2023:09:45:21 +0800] "GET /xingrg/kc/buy/cgsh_order_operate.html?command=get_materiel&rest_code=00111&code=00101007090&supplier_code=00100004&order_time=2023-08-01 HTTP/1.1" 200 413
222.70.114.12 - - [01/Aug/2023:09:45:21 +0800] "GET /xingrg/all/function/internal_message.html?_=1690854321815&CODE_STATE=getMsg HTTP/1.1" 302 -
124.78.70.128 - - [01/Aug/2023:09:45:21 +0800] "POST /xingrg/dwr/call/plaincall/AjaxCheckService.setItemNumber.dwr HTTP/1.1" 200 78
124.78.70.128 - - [01/Aug/2023:09:45:22 +0800] "POST /xingrg/dwr/call/plaincall/AjaxCheckService.setItemNumber.dwr HTTP/1.1" 200 78
124.78.70.128 - - [01/Aug/2023:09:45:23 +0800] "POST /xingrg/dwr/call/plaincall/AjaxCheckService.setItemNumber.dwr HTTP/1.1" 200 78
124.78.70.128 - - [01/Aug/2023:09:45:27 +0800] "POST /xingrg/dwr/call/plaincall/AjaxCheckService.setItemNumber.dwr HTTP/1.1" 200 78
116.230.112.71 - - [01/Aug/2023:09:45:27 +0800] "POST /xingrg/services/DataTransmitService HTTP/1.1" 200 524
222.70.180.90 - - [01/Aug/2023:09:45:27 +0800] "POST /xingrg/services/DataTransmitService HTTP/1.1" 200 524
172.20.0.100 - - [01/Aug/2023:09:45:29 +0800] "GET /xingrg/index.html?sysBaseUrl=http%3A%2F%2F172.17.0.8%3A18081%2Fxingrg%2F&costTime=213×tamp=1585200360465 HTTP/1.1" 302 -
172.20.0.100 - - [01/Aug/2023:09:45:29 +0800] "GET /xingrg/login.html HTTP/1.1" 200 7636
116.230.112.71 - - [01/Aug/2023:09:45:29 +0800] "POST /xingrg/services/DataTransmitService HTTP/1.1" 200 2335
172.20.0.100 - - [01/Aug/2023:09:45:29 +0800] "GET /favicon.ico HTTP/1.1" 404 -
222.69.130.71 - - [01/Aug/2023:09:45:30 +0800] "GET /xingrg/all/function/internal_message.html?_=1690854330840&CODE_STATE=getMsg HTTP/1.1" 200 27
180.165.154.167 - - [01/Aug/2023:09:45:30 +0800] "GET /xingrg/kc/buy/cgsh_order_operate.html?command=get_materiel&rest_code=00108&code=00101008010&supplier_code=00100007&order_time=2023-08-01 HTTP/1.1" 200 412
116.230.112.71 - - [01/Aug/2023:09:45:30 +0800] "GET /xingrg/check_reg.html?_=1690854334846 HTTP/1.1" 200 22
180.169.147.146 - - [01/Aug/2023:09:45:30 +0800] "GET /xingrg/all/function/internal_message.html?_=1690854330264&CODE_STATE=getMsg HTTP/1.1" 200 27
116.230.112.71 - - [01/Aug/2023:09:45:30 +0800] "GET /xingrg/all/function/internal_message.html?_=1690854335467&CODE_STATE=getMsg HTTP/1.1" 200 27
101.228.187.155 - - [01/Aug/2023:09:45:31 +0800] "POST /xingrg/dwr/call/plaincall/AjaxYddbService.getUnitPrice.dwr HTTP/1.1" 200 87
124.78.70.128 - - [01/Aug/2023:09:45:31 +0800] "POST /xingrg/dwr/call/plaincall/AjaxCheckService.setItemNumber.dwr HTTP/1.1" 200 78
116.230.112.71 - - [01/Aug/2023:09:45:32 +0800] "POST /xingrg/services/DataTransmitService HTTP/1.1" 200 175835
222.70.180.90 - - [01/Aug/2023:09:45:32 +0800] "GET /xingrg/all/function/internal_message.html?_=1690854332692&CODE_STATE=getMsg HTTP/1.1" 200 27
180.152.241.196 - - [01/Aug/2023:09:45:33 +0800] "GET /xingrg/kc/buy/cgsh_order_operate.html?command=get_materiel&rest_code=00102&code=00102012036&supplier_code=00100054&order_time=2023-08-01 HTTP/1.1" 200 409
180.152.241.196 - - [01/Aug/2023:09:45:33 +0800] "GET /xingrg/all/function/internal_message.html?_=1690854334166&CODE_STATE=getMsg HTTP/1.1" 200 27
116.238.191.126 - - [01/Aug/2023:09:45:38 +0800] "GET /xingrg/all/function/internal_message.html?_=1690854337677&CODE_STATE=getMsg HTTP/1.1" 200 27
180.165.154.167 - - [01/Aug/2023:09:45:41 +0800] "GET /xingrg/kc/buy/cgsh_order_operate.html?command=get_materiel&rest_code=00108&code=00101008353&supplier_code=00100007&order_time=2023-08-01 HTTP/1.1" 200 408
124.78.70.128 - - [01/Aug/2023:09:45:41 +0800] "POST /xingrg/dwr/call/plaincall/AjaxCheckService.setItemNumber.dwr HTTP/1.1" 200 78
124.79.243.110 - - [01/Aug/2023:09:45:41 +0800] "GET /xingrg/all/function/internal_message.html?_=1690854630059&CODE_STATE=getMsg HTTP/1.1" 200 27
120.253.135.82 - - [01/Aug/2023:09:45:41 +0800] "GET /xingrg/all/function/internal_message.html?_=1690854162551&CODE_STATE=getMsg HTTP/1.1" 200 27
124.78.70.128 - - [01/Aug/2023:09:45:41 +0800] "POST /xingrg/dwr/call/plaincall/AjaxCheckService.setItemNumber.dwr HTTP/1.1" 200 78
124.78.70.128 - - [01/Aug/2023:09:45:42 +0800] "POST /xingrg/dwr/call/plaincall/AjaxCheckService.setItemNumber.dwr HTTP/1.1" 200 78
222.70.180.90 - - [01/Aug/2023:09:45:42 +0800] "POST /xingrg/services/DataTransmitService HTTP/1.1" 200 501
116.232.195.127 - - [01/Aug/2023:09:45:43 +0800] "GET /xingrg/kc/buy/cgsh_order_operate.html?command=get_materiel&rest_code=00155&code=00101008301&supplier_code=00100005&order_time=2023-08-01 HTTP/1.1" 200 422
124.78.70.128 - - [01/Aug/2023:09:45:43 +0800] "POST /xingrg/dwr/call/plaincall/AjaxCheckService.setItemNumber.dwr HTTP/1.1" 200 78
116.232.195.127 - - [01/Aug/2023:09:45:43 +0800] "GET /xingrg/all/function/internal_message.html?_=1690854286464&CODE_STATE=getMsg HTTP/1.1" 200 27
116.230.112.71 - - [01/Aug/2023:09:45:46 +0800] "POST /xingrg/services/DataTransmitService HTTP/1.1" 200 524
180.163.29.103 - - [01/Aug/2023:09:45:48 +0800] "GET /xingrg/servlets/image?cache=0.9656775162124507&image=px HTTP/1.1" 200 807
116.230.112.71 - - [01/Aug/2023:09:45:48 +0800] "POST /xingrg/services/DataTransmitService HTTP/1.1" 200 497
124.78.70.128 - - [01/Aug/2023:09:45:49 +0800] "POST /xingrg/dwr/call/plaincall/AjaxCheckService.setItemNumber.dwr HTTP/1.1" 200 78
116.230.112.71 - - [01/Aug/2023:09:45:50 +0800] "POST /xingrg/services/DataTransmitService HTTP/1.1" 200 524
124.78.70.128 - - [01/Aug/2023:09:45:51 +0800] "POST /xingrg/dwr/call/plaincall/AjaxCheckService.setItemNumber.dwr HTTP/1.1" 200 78
124.79.243.110 - - [01/Aug/2023:09:45:52 +0800] "GET /xingrg/all/function/internal_message.html?_=1690854351155&CODE_STATE=getMsg HTTP/1.1" 200 27
116.232.195.127 - - [01/Aug/2023:09:45:52 +0800] "GET /xingrg/kc/buy/cgsh_order_operate.html?command=get_materiel&rest_code=00155&code=00101008361&supplier_code=00100005&order_time=2023-08-01 HTTP/1.1" 200 408
101.228.187.155 - - [01/Aug/2023:09:45:53 +0800] "POST /xingrg/dwr/call/plaincall/AjaxYddbService.saveMaterielItem.dwr HTTP/1.1" 200 79
180.165.154.167 - - [01/Aug/2023:09:45:53 +0800] "GET /xingrg/kc/buy/cgsh_order_operate.html?command=get_materiel&rest_code=00108&code=00101008377&supplier_code=00100007&order_time=2023-08-01 HTTP/1.1" 200 409
101.83.145.37 - - [01/Aug/2023:09:45:53 +0800] "GET /xingrg/all/function/internal_message.html?_=1690854353966&CODE_STATE=getMsg HTTP/1.1" 200 27
116.232.195.127 - - [01/Aug/2023:09:45:53 +0800] "GET /xingrg/all/function/internal_message.html?_=1690854353466&CODE_STATE=getMsg HTTP/1.1" 302 -
124.78.70.128 - - [01/Aug/2023:09:45:56 +0800] "GET /xingrg/all/function/internal_message.html?_=1690853820399&CODE_STATE=getMsg HTTP/1.1" 200 27
124.78.70.128 - - [01/Aug/2023:09:46:01 +0800] "POST /xingrg/dwr/call/plaincall/AjaxCheckService.setItemNumber.dwr HTTP/1.1" 200 78
218.81.76.85 - - [01/Aug/2023:09:46:02 +0800] "GET /xingrg/all/function/internal_message.html?_=1690854361883&CODE_STATE=getMsg HTTP/1.1" 200 27
101.228.187.155 - - [01/Aug/2023:09:46:02 +0800] "POST /xingrg/dwr/call/plaincall/AjaxComOrderService.getMaterielSearchList.dwr HTTP/1.1" 200 1260
124.78.70.128 - - [01/Aug/2023:09:46:03 +0800] "POST /xingrg/dwr/call/plaincall/AjaxCheckService.setItemNumber.dwr HTTP/1.1" 200 78
180.152.241.196 - - [01/Aug/2023:09:46:04 +0800] "GET /xingrg/all/function/internal_message.html?_=1690854367248&CODE_STATE=getMsg HTTP/1.1" 200 27
114.83.220.65 - - [01/Aug/2023:09:46:04 +0800] "GET /xingrg/all/function/internal_message.html?_=1690854493412&CODE_STATE=getMsg HTTP/1.1" 200 27
124.78.70.128 - - [01/Aug/2023:09:46:04 +0800] "POST /xingrg/dwr/call/plaincall/AjaxCheckService.setItemNumber.dwr HTTP/1.1" 200 78
124.78.70.128 - - [01/Aug/2023:09:46:07 +0800] "POST /xingrg/dwr/call/plaincall/AjaxCheckService.setItemNumber.dwr HTTP/1.1" 200 78
101.228.187.155 - - [01/Aug/2023:09:46:07 +0800] "POST /xingrg/dwr/call/plaincall/AjaxYddbService.getMaterielByMap.dwr HTTP/1.1" 200 1618
116.228.172.122 - - [01/Aug/2023:09:46:08 +0800] "GET /xingrg/check_reg.html?_=1690854261346 HTTP/1.1" 302 -
116.228.172.122 - - [01/Aug/2023:09:46:08 +0800] "GET /xingrg/all/function/internal_message.html?_=1690854261343&CODE_STATE=getMsg HTTP/1.1" 302 -
124.78.70.128 - - [01/Aug/2023:09:46:09 +0800] "POST /xingrg/dwr/call/plaincall/AjaxCheckService.setItemNumber.dwr HTTP/1.1" 200 78
124.78.70.128 - - [01/Aug/2023:09:46:10 +0800] "POST /xingrg/dwr/call/plaincall/AjaxCheckService.setItemNumber.dwr HTTP/1.1" 200 78
124.78.70.128 - - [01/Aug/2023:09:46:11 +0800] "POST /xingrg/dwr/call/plaincall/AjaxCheckService.setItemNumber.dwr HTTP/1.1" 200 78
124.78.70.128 - - [01/Aug/2023:09:46:13 +0800] "POST /xingrg/dwr/call/plaincall/AjaxCheckService.setItemNumber.dwr HTTP/1.1" 200 78
180.165.154.167 - - [01/Aug/2023:09:46:14 +0800] "POST /xingrg/kc/buy/cgsh_order_operate.html HTTP/1.1" 200 37
124.78.70.128 - - [01/Aug/2023:09:46:14 +0800] "POST /xingrg/dwr/call/plaincall/AjaxCheckService.setItemNumber.dwr HTTP/1.1" 200 78
101.228.187.155 - - [01/Aug/2023:09:46:15 +0800] "POST /xingrg/dwr/call/plaincall/AjaxYddbService.saveMaterielItem.dwr HTTP/1.1" 200 79
222.70.180.90 - - [01/Aug/2023:09:46:15 +0800] "GET /xingrg/kc/buy/cgsh_order_operate.html?command=get_materiel&rest_code=00111&code=00101007027&supplier_code=00100004&order_time=2023-08-01 HTTP/1.1" 200 426
180.165.154.167 - - [01/Aug/2023:09:46:17 +0800] "POST /xingrg/kc/buy/cgsh_order_operate.html HTTP/1.1" 200 12726
58.40.7.146 - - [01/Aug/2023:09:46:17 +0800] "GET /xingrg/all/function/internal_message.html?_=1690854377620&CODE_STATE=getMsg HTTP/1.1" 302 -
116.232.195.127 - - [01/Aug/2023:09:46:17 +0800] "GET /xingrg/kc/buy/cgsh_order_operate.html?command=get_materiel&rest_code=00155&code=00101008264&supplier_code=00100005&order_time=2023-08-01 HTTP/1.1" 200 412
180.165.154.167 - - [01/Aug/2023:09:46:20 +0800] "GET /xingrg/all/function/internal_message.html?_=1690854380262&CODE_STATE=getMsg HTTP/1.1" 200 27
101.228.187.155 - - [01/Aug/2023:09:46:20 +0800] "GET /xingrg/all/function/internal_message.html?_=1690854378996&CODE_STATE=getMsg HTTP/1.1" 200 27
101.228.187.155 - - [01/Aug/2023:09:46:20 +0800] "POST /xingrg/dwr/call/plaincall/AjaxComOrderService.getMaterielSearchList.dwr HTTP/1.1" 200 1962
180.169.147.146 - - [01/Aug/2023:09:46:21 +0800] "GET /xingrg/all/function/internal_message.html?_=1690854381280&CODE_STATE=getMsg HTTP/1.1" 200 27
222.70.114.12 - - [01/Aug/2023:09:46:21 +0800] "GET /xingrg/all/function/internal_message.html?_=1690854381817&CODE_STATE=getMsg HTTP/1.1" 302 -
101.228.187.155 - - [01/Aug/2023:09:46:22 +0800] "POST /xingrg/dwr/call/plaincall/AjaxComOrderService.getMaterielSearchList.dwr HTTP/1.1" 200 288
101.228.187.155 - - [01/Aug/2023:09:46:24 +0800] "POST /xingrg/dwr/call/plaincall/AjaxYddbService.getMaterielByMap.dwr HTTP/1.1" 200 1611
124.78.70.128 - - [01/Aug/2023:09:46:26 +0800] "POST /xingrg/dwr/call/plaincall/AjaxCheckService.setItemNumber.dwr HTTP/1.1" 200 78
101.228.187.155 - - [01/Aug/2023:09:46:28 +0800] "POST /xingrg/dwr/call/plaincall/AjaxYddbService.getUnitPrice.dwr HTTP/1.1" 200 86
124.78.70.128 - - [01/Aug/2023:09:46:29 +0800] "POST /xingrg/dwr/call/plaincall/AjaxCheckService.setItemNumber.dwr HTTP/1.1" 200 78
222.69.130.71 - - [01/Aug/2023:09:46:30 +0800] "GET /xingrg/all/function/internal_message.html?_=1690854390841&CODE_STATE=getMsg HTTP/1.1" 200 27
124.78.70.128 - - [01/Aug/2023:09:46:30 +0800] "POST /xingrg/dwr/call/plaincall/AjaxCheckService.setItemNumber.dwr HTTP/1.1" 200 78
180.169.147.146 - - [01/Aug/2023:09:46:30 +0800] "GET /xingrg/check_reg.html?_=1690854390273 HTTP/1.1" 200 22
180.169.147.146 - - [01/Aug/2023:09:46:30 +0800] "GET /xingrg/all/function/internal_message.html?_=1690854390274&CODE_STATE=getMsg HTTP/1.1" 200 27
116.230.112.71 - - [01/Aug/2023:09:46:30 +0800] "GET /xingrg/all/function/internal_message.html?_=1690854395481&CODE_STATE=getMsg HTTP/1.1" 200 27
124.78.70.128 - - [01/Aug/2023:09:46:31 +0800] "POST /xingrg/dwr/call/plaincall/AjaxCheckService.setItemNumber.dwr HTTP/1.1" 200 78
124.78.70.128 - - [01/Aug/2023:09:46:32 +0800] "POST /xingrg/dwr/call/plaincall/AjaxCheckService.setItemNumber.dwr HTTP/1.1" 200 78
222.70.180.90 - - [01/Aug/2023:09:46:32 +0800] "GET /xingrg/check_reg.html?_=1690854392665 HTTP/1.1" 200 22
222.70.180.90 - - [01/Aug/2023:09:46:32 +0800] "GET /xingrg/all/function/internal_message.html?_=1690854392668&CODE_STATE=getMsg HTTP/1.1" 200 27
180.152.241.196 - - [01/Aug/2023:09:46:33 +0800] "GET /xingrg/all/function/internal_message.html?_=1690854394169&CODE_STATE=getMsg HTTP/1.1" 200 27
124.78.70.128 - - [01/Aug/2023:09:46:34 +0800] "POST /xingrg/dwr/call/plaincall/AjaxCheckService.setItemNumber.dwr HTTP/1.1" 200 78
180.169.147.146 - - [01/Aug/2023:09:46:34 +0800] "POST /xingrg/dwr/call/plaincall/AjaxReportQueryService.refreshCache.dwr HTTP/1.1" 200 78
101.228.187.155 - - [01/Aug/2023:09:46:34 +0800] "POST /xingrg/dwr/call/plaincall/AjaxYddbService.saveMaterielItem.dwr HTTP/1.1" 200 79
124.78.70.128 - - [01/Aug/2023:09:46:35 +0800] "POST /xingrg/dwr/call/plaincall/AjaxCheckService.setItemNumber.dwr HTTP/1.1" 200 78
124.78.70.128 - - [01/Aug/2023:09:46:36 +0800] "POST /xingrg/dwr/call/plaincall/AjaxCheckService.setItemNumber.dwr HTTP/1.1" 200 78
180.169.147.146 - - [01/Aug/2023:09:46:37 +0800] "POST /xingrg/all/report/load_report_page.html HTTP/1.1" 200 16466
180.169.147.146 - - [01/Aug/2023:09:46:37 +0800] "GET /xingrg/servlets/image?cache=0.12460913434095122&image=px HTTP/1.1" 200 807
124.78.70.128 - - [01/Aug/2023:09:46:37 +0800] "POST /xingrg/dwr/call/plaincall/AjaxCheckService.setItemNumber.dwr HTTP/1.1" 200 78
116.232.195.127 - - [01/Aug/2023:09:46:37 +0800] "GET /xingrg/kc/buy/cgsh_order_operate.html?command=get_materiel&rest_code=00155&code=00101008360&supplier_code=00100005&order_time=2023-08-01 HTTP/1.1" 200 412
124.78.70.128 - - [01/Aug/2023:09:46:38 +0800] "POST /xingrg/dwr/call/plaincall/AjaxCheckService.setItemNumber.dwr HTTP/1.1" 200 78
116.238.191.126 - - [01/Aug/2023:09:46:38 +0800] "GET /xingrg/all/function/internal_message.html?_=1690854397678&CODE_STATE=getMsg HTTP/1.1" 200 27
222.70.180.90 - - [01/Aug/2023:09:46:39 +0800] "GET /xingrg/kc/buy/cgsh_order_operate.html?command=get_materiel&rest_code=00111&code=00101007072&supplier_code=00100004&order_time=2023-08-01 HTTP/1.1" 200 419
101.228.187.155 - - [01/Aug/2023:09:46:40 +0800] "POST /xingrg/dwr/call/plaincall/AjaxComOrderService.getMaterielSearchList.dwr HTTP/1.1" 200 40180
101.228.187.155 - - [01/Aug/2023:09:46:40 +0800] "POST /xingrg/dwr/call/plaincall/AjaxComOrderService.getMaterielSearchList.dwr HTTP/1.1" 200 288
124.79.243.110 - - [01/Aug/2023:09:46:41 +0800] "GET /xingrg/all/function/internal_message.html?_=1690854690085&CODE_STATE=getMsg HTTP/1.1" 200 27
120.253.135.82 - - [01/Aug/2023:09:46:41 +0800] "GET /xingrg/all/function/internal_message.html?_=1690854222613&CODE_STATE=getMsg HTTP/1.1" 200 27
180.169.147.146 - - [01/Aug/2023:09:46:42 +0800] "POST /xingrg/dwr/call/plaincall/AjaxReportQueryService.refreshCache.dwr HTTP/1.1" 200 78
101.228.187.155 - - [01/Aug/2023:09:46:43 +0800] "POST /xingrg/dwr/call/plaincall/AjaxYddbService.getMaterielByMap.dwr HTTP/1.1" 200 1617
116.232.195.127 - - [01/Aug/2023:09:46:43 +0800] "POST /xingrg/kc/buy/cgsh_order_operate.html HTTP/1.1" 200 2065
116.232.195.127 - - [01/Aug/2023:09:46:43 +0800] "GET /xingrg/all/function/internal_message.html?_=1690854346456&CODE_STATE=getMsg HTTP/1.1" 200 27
180.169.147.146 - - [01/Aug/2023:09:46:44 +0800] "POST /xingrg/all/report/load_report_page.html HTTP/1.1" 200 16473
180.169.147.146 - - [01/Aug/2023:09:46:44 +0800] "GET /xingrg/servlets/image?cache=0.9296203609856951&image=px HTTP/1.1" 200 807
124.78.70.128 - - [01/Aug/2023:09:46:48 +0800] "POST /xingrg/dwr/call/plaincall/AjaxCheckService.setItemNumber.dwr HTTP/1.1" 200 78
101.228.187.155 - - [01/Aug/2023:09:46:49 +0800] "POST /xingrg/dwr/call/plaincall/AjaxYddbService.saveMaterielItem.dwr HTTP/1.1" 200 79
180.169.147.146 - - [01/Aug/2023:09:46:51 +0800] "POST /xingrg/dwr/call/plaincall/AjaxReportQueryService.refreshCache.dwr HTTP/1.1" 200 78
124.79.243.110 - - [01/Aug/2023:09:46:52 +0800] "GET /xingrg/check_reg.html?_=1690854411152 HTTP/1.1" 200 22
124.79.243.110 - - [01/Aug/2023:09:46:52 +0800] "GET /xingrg/all/function/internal_message.html?_=1690854411157&CODE_STATE=getMsg HTTP/1.1" 200 27
116.232.195.127 - - [01/Aug/2023:09:46:52 +0800] "GET /xingrg/kc/buy/cgsh_order_operate.html?command=get_materiel&rest_code=00155&code=00101008196&supplier_code=00100005&order_time=2023-08-01 HTTP/1.1" 200 416
124.78.70.128 - - [01/Aug/2023:09:46:52 +0800] "POST /xingrg/dwr/call/plaincall/AjaxCheckService.setItemNumber.dwr HTTP/1.1" 200 78
124.78.70.128 - - [01/Aug/2023:09:46:53 +0800] "POST /xingrg/dwr/call/plaincall/AjaxCheckService.setItemNumber.dwr HTTP/1.1" 200 78
101.83.145.37 - - [01/Aug/2023:09:46:53 +0800] "GET /xingrg/all/function/internal_message.html?_=1690854413968&CODE_STATE=getMsg HTTP/1.1" 200 27
124.78.70.128 - - [01/Aug/2023:09:46:53 +0800] "POST /xingrg/dwr/call/plaincall/AjaxCheckService.setItemNumber.dwr HTTP/1.1" 200 78
116.232.195.127 - - [01/Aug/2023:09:46:53 +0800] "GET /xingrg/all/function/internal_message.html?_=1690854413477&CODE_STATE=getMsg HTTP/1.1" 302 -
180.169.147.146 - - [01/Aug/2023:09:46:54 +0800] "POST /xingrg/all/report/load_report_page.html HTTP/1.1" 200 89
120.253.135.82 - - [01/Aug/2023:09:46:54 +0800] "GET /xingrg/check_reg.html?_=1690854235451 HTTP/1.1" 200 22
124.78.70.128 - - [01/Aug/2023:09:46:55 +0800] "POST /xingrg/dwr/call/plaincall/AjaxCheckService.setItemNumber.dwr HTTP/1.1" 200 78
124.78.70.128 - - [01/Aug/2023:09:46:55 +0800] "POST /xingrg/dwr/call/plaincall/AjaxCheckService.setItemNumber.dwr HTTP/1.1" 200 78
124.78.70.128 - - [01/Aug/2023:09:46:56 +0800] "GET /xingrg/all/function/internal_message.html?_=1690853880378&CODE_STATE=getMsg HTTP/1.1" 200 27
101.228.187.155 - - [01/Aug/2023:09:46:56 +0800] "POST /xingrg/dwr/call/plaincall/AjaxComOrderService.getMaterielSearchList.dwr HTTP/1.1" 200 30251
101.228.187.155 - - [01/Aug/2023:09:46:56 +0800] "POST /xingrg/dwr/call/plaincall/AjaxComOrderService.getMaterielSearchList.dwr HTTP/1.1" 200 2126
124.78.70.128 - - [01/Aug/2023:09:46:57 +0800] "POST /xingrg/dwr/call/plaincall/AjaxCheckService.setItemNumber.dwr HTTP/1.1" 200 78
101.228.187.155 - - [01/Aug/2023:09:47:00 +0800] "POST /xingrg/dwr/call/plaincall/AjaxYddbService.getMaterielByMap.dwr HTTP/1.1" 200 1561
116.232.195.127 - - [01/Aug/2023:09:47:01 +0800] "GET /xingrg/kc/buy/cgsh_order_operate.html?command=get_materiel&rest_code=00155&code=00101008197&supplier_code=00100005&order_time=2023-08-01 HTTP/1.1" 200 416
58.40.7.146 - - [01/Aug/2023:09:47:01 +0800] "GET /xingrg/check_reg.html?_=1690854421810 HTTP/1.1" 302 -
124.78.70.128 - - [01/Aug/2023:09:47:02 +0800] "POST /xingrg/dwr/call/plaincall/AjaxCheckService.setItemNumber.dwr HTTP/1.1" 200 78
218.81.76.85 - - [01/Aug/2023:09:47:02 +0800] "GET /xingrg/all/function/internal_message.html?_=1690854421887&CODE_STATE=getMsg HTTP/1.1" 200 27
180.152.241.196 - - [01/Aug/2023:09:47:04 +0800] "GET /xingrg/check_reg.html?_=1690854427264 HTTP/1.1" 200 22
180.152.241.196 - - [01/Aug/2023:09:47:04 +0800] "GET /xingrg/all/function/internal_message.html?_=1690854427246&CODE_STATE=getMsg HTTP/1.1" 200 27
124.78.70.128 - - [01/Aug/2023:09:47:04 +0800] "POST /xingrg/dwr/call/plaincall/AjaxCheckService.setItemNumber.dwr HTTP/1.1" 200 78
114.83.220.65 - - [01/Aug/2023:09:47:04 +0800] "GET /xingrg/all/function/internal_message.html?_=1690854553405&CODE_STATE=getMsg HTTP/1.1" 200 27
124.78.70.128 - - [01/Aug/2023:09:47:05 +0800] "POST /xingrg/dwr/call/plaincall/AjaxCheckService.setItemNumber.dwr HTTP/1.1" 200 78
124.78.70.128 - - [01/Aug/2023:09:47:06 +0800] "POST /xingrg/dwr/call/plaincall/AjaxCheckService.setItemNumber.dwr HTTP/1.1" 200 78
101.228.187.155 - - [01/Aug/2023:09:47:07 +0800] "POST /xingrg/dwr/call/plaincall/AjaxYddbService.saveMaterielItem.dwr HTTP/1.1" 200 79
124.78.70.128 - - [01/Aug/2023:09:47:07 +0800] "POST /xingrg/dwr/call/plaincall/AjaxCheckService.setItemNumber.dwr HTTP/1.1" 200 78
116.228.172.122 - - [01/Aug/2023:09:47:08 +0800] "GET /xingrg/all/function/internal_message.html?_=1690854321327&CODE_STATE=getMsg HTTP/1.1" 302 -
124.78.70.128 - - [01/Aug/2023:09:47:09 +0800] "POST /xingrg/dwr/call/plaincall/AjaxCheckService.setItemNumber.dwr HTTP/1.1" 200 78
124.78.70.128 - - [01/Aug/2023:09:47:10 +0800] "POST /xingrg/dwr/call/plaincall/AjaxCheckService.setItemNumber.dwr HTTP/1.1" 200 78
124.78.70.128 - - [01/Aug/2023:09:47:12 +0800] "POST /xingrg/dwr/call/plaincall/AjaxCheckService.setItemNumber.dwr HTTP/1.1" 200 78
101.228.187.155 - - [01/Aug/2023:09:47:13 +0800] "POST /xingrg/dwr/call/plaincall/AjaxComOrderService.getMaterielSearchList.dwr HTTP/1.1" 200 9895
101.228.187.155 - - [01/Aug/2023:09:47:13 +0800] "POST /xingrg/dwr/call/plaincall/AjaxComOrderService.getMaterielSearchList.dwr HTTP/1.1" 200 729
124.78.70.128 - - [01/Aug/2023:09:47:14 +0800] "POST /xingrg/dwr/call/plaincall/AjaxCheckService.setItemNumber.dwr HTTP/1.1" 200 78
101.228.187.155 - - [01/Aug/2023:09:47:14 +0800] "POST /xingrg/dwr/call/plaincall/AjaxComOrderService.getMaterielSearchList.dwr HTTP/1.1" 200 597
124.78.70.128 - - [01/Aug/2023:09:47:15 +0800] "POST /xingrg/dwr/call/plaincall/AjaxCheckService.setItemNumber.dwr HTTP/1.1" 200 78
124.78.70.128 - - [01/Aug/2023:09:47:15 +0800] "POST /xingrg/dwr/call/plaincall/AjaxCheckService.setItemNumber.dwr HTTP/1.1" 200 78
222.70.180.90 - - [01/Aug/2023:09:47:16 +0800] "POST /xingrg/services/DataTransmitService HTTP/1.1" 200 524
116.230.112.71 - - [01/Aug/2023:09:47:16 +0800] "POST /xingrg/services/DataTransmitService HTTP/1.1" 200 501
124.78.70.128 - - [01/Aug/2023:09:47:16 +0800] "POST /xingrg/dwr/call/plaincall/AjaxCheckService.setItemNumber.dwr HTTP/1.1" 200 78
116.230.112.71 - - [01/Aug/2023:09:47:17 +0800] "GET /xingrg/all/function/internal_message.html?_=1690854442693&CODE_STATE=getMsg HTTP/1.1" 200 27
116.230.112.71 - - [01/Aug/2023:09:47:17 +0800] "GET /xingrg/check_reg.html?_=1690854442695 HTTP/1.1" 200 22
58.40.7.146 - - [01/Aug/2023:09:47:17 +0800] "GET /xingrg/all/function/internal_message.html?_=1690854437597&CODE_STATE=getMsg HTTP/1.1" 302 -
116.232.195.127 - - [01/Aug/2023:09:47:18 +0800] "GET /xingrg/kc/buy/cgsh_order_operate.html?command=get_materiel&rest_code=00155&code=00101008230&supplier_code=00100005&order_time=2023-08-01 HTTP/1.1" 200 408
101.228.187.155 - - [01/Aug/2023:09:47:19 +0800] "POST /xingrg/dwr/call/plaincall/AjaxYddbService.getMaterielByMap.dwr HTTP/1.1" 200 1655
180.165.154.167 - - [01/Aug/2023:09:47:20 +0800] "GET /xingrg/all/function/internal_message.html?_=1690854440225&CODE_STATE=getMsg HTTP/1.1" 200 27
101.228.187.155 - - [01/Aug/2023:09:47:20 +0800] "GET /xingrg/all/function/internal_message.html?_=1690854438991&CODE_STATE=getMsg HTTP/1.1" 200 27
116.230.112.71 - - [01/Aug/2023:09:47:20 +0800] "GET /xingrg/kc/buy/cgsh_order_info.html?code=212023070803047 HTTP/1.1" 200 66669
116.230.112.71 - - [01/Aug/2023:09:47:20 +0800] "GET /xingrg/javascript/easyui/themes/default/validatebox.css HTTP/1.1" 404 1104
180.163.29.217 - - [01/Aug/2023:09:47:21 +0800] "GET /xingrg/all/function/internal_message.html?_=1690854381280&CODE_STATE=getMsg HTTP/1.1" 302 -
180.163.29.217 - - [01/Aug/2023:09:47:21 +0800] "GET /xingrg/login.html HTTP/1.1" 200 7641
180.169.147.146 - - [01/Aug/2023:09:47:21 +0800] "GET /xingrg/all/function/internal_message.html?_=1690854441276&CODE_STATE=getMsg HTTP/1.1" 200 27
222.70.114.12 - - [01/Aug/2023:09:47:21 +0800] "GET /xingrg/all/function/internal_message.html?_=1690854441816&CODE_STATE=getMsg HTTP/1.1" 302 -
124.78.70.128 - - [01/Aug/2023:09:47:23 +0800] "POST /xingrg/dwr/call/plaincall/AjaxCheckService.setItemNumber.dwr HTTP/1.1" 200 78
101.228.187.155 - - [01/Aug/2023:09:47:24 +0800] "POST /xingrg/dwr/call/plaincall/AjaxYddbService.saveMaterielItem.dwr HTTP/1.1" 200 79
124.78.70.128 - - [01/Aug/2023:09:47:24 +0800] "POST /xingrg/dwr/call/plaincall/AjaxCheckService.setItemNumber.dwr HTTP/1.1" 200 78
180.152.241.196 - - [01/Aug/2023:09:47:26 +0800] "POST /xingrg/kc/buy/cgsh_order_operate.html HTTP/1.1" 200 37
116.230.112.71 - - [01/Aug/2023:09:47:26 +0800] "POST /xingrg/kc/buy/cgsh_order_operate.html HTTP/1.1" 200 2979
124.78.70.128 - - [01/Aug/2023:09:47:29 +0800] "POST /xingrg/dwr/call/plaincall/AjaxCheckService.setItemNumber.dwr HTTP/1.1" 200 78
222.69.130.71 - - [01/Aug/2023:09:47:30 +0800] "GET /xingrg/all/function/internal_message.html?_=1690854450842&CODE_STATE=getMsg HTTP/1.1" 200 27
101.228.187.155 - - [01/Aug/2023:09:47:30 +0800] "POST /xingrg/dwr/call/plaincall/AjaxComOrderService.getMaterielSearchList.dwr HTTP/1.1" 200 20605
180.169.147.146 - - [01/Aug/2023:09:47:30 +0800] "GET /xingrg/all/function/internal_message.html?_=1690854450266&CODE_STATE=getMsg HTTP/1.1" 200 27
124.78.70.128 - - [01/Aug/2023:09:47:30 +0800] "POST /xingrg/dwr/call/plaincall/AjaxCheckService.setItemNumber.dwr HTTP/1.1" 200 78
116.230.112.71 - - [01/Aug/2023:09:47:30 +0800] "GET /xingrg/all/function/internal_message.html?_=1690854455494&CODE_STATE=getMsg HTTP/1.1" 200 27
101.228.187.155 - - [01/Aug/2023:09:47:31 +0800] "POST /xingrg/dwr/call/plaincall/AjaxComOrderService.getMaterielSearchList.dwr HTTP/1.1" 200 2191
124.78.70.128 - - [01/Aug/2023:09:47:31 +0800] "POST /xingrg/dwr/call/plaincall/AjaxCheckService.setItemNumber.dwr HTTP/1.1" 200 78
222.70.180.90 - - [01/Aug/2023:09:47:32 +0800] "GET /xingrg/all/function/internal_message.html?_=1690854452679&CODE_STATE=getMsg HTTP/1.1" 200 27
116.232.195.127 - - [01/Aug/2023:09:47:33 +0800] "GET /xingrg/kc/buy/cgsh_order_operate.html?command=get_materiel&rest_code=00155&code=00101008286&supplier_code=00100005&order_time=2023-08-01 HTTP/1.1" 200 408
180.152.241.196 - - [01/Aug/2023:09:47:33 +0800] "GET /xingrg/all/function/internal_message.html?_=1690854454153&CODE_STATE=getMsg HTTP/1.1" 200 27
124.78.70.128 - - [01/Aug/2023:09:47:34 +0800] "POST /xingrg/dwr/call/plaincall/AjaxCheckService.setItemNumber.dwr HTTP/1.1" 200 78
124.78.70.128 - - [01/Aug/2023:09:47:34 +0800] "POST /xingrg/dwr/call/plaincall/AjaxCheckService.setItemNumber.dwr HTTP/1.1" 200 78
222.70.180.90 - - [01/Aug/2023:09:47:36 +0800] "GET /xingrg/kc/buy/cgsh_order_operate.html?command=get_materiel&rest_code=00111&code=00101007076&supplier_code=00100004&order_time=2023-08-01 HTTP/1.1" 200 408
124.78.70.128 - - [01/Aug/2023:09:47:36 +0800] "POST /xingrg/dwr/call/plaincall/AjaxCheckService.setItemNumber.dwr HTTP/1.1" 200 78
101.228.187.155 - - [01/Aug/2023:09:47:38 +0800] "POST /xingrg/dwr/call/plaincall/AjaxYddbService.getMaterielByMap.dwr HTTP/1.1" 200 1577
116.238.191.126 - - [01/Aug/2023:09:47:38 +0800] "GET /xingrg/check_reg.html?_=1690854457678 HTTP/1.1" 200 22
116.238.191.126 - - [01/Aug/2023:09:47:38 +0800] "GET /xingrg/all/function/internal_message.html?_=1690854457682&CODE_STATE=getMsg HTTP/1.1" 200 27
124.78.70.128 - - [01/Aug/2023:09:47:39 +0800] "POST /xingrg/dwr/call/plaincall/AjaxCheckService.setItemNumber.dwr HTTP/1.1" 200 78
124.78.70.128 - - [01/Aug/2023:09:47:40 +0800] "POST /xingrg/dwr/call/plaincall/AjaxCheckService.setItemNumber.dwr HTTP/1.1" 200 78
124.78.70.128 - - [01/Aug/2023:09:47:41 +0800] "POST /xingrg/dwr/call/plaincall/AjaxCheckService.setItemNumber.dwr HTTP/1.1" 200 78
124.79.243.110 - - [01/Aug/2023:09:47:41 +0800] "GET /xingrg/all/function/internal_message.html?_=1690854750086&CODE_STATE=getMsg HTTP/1.1" 200 27
120.253.135.82 - - [01/Aug/2023:09:47:41 +0800] "GET /xingrg/all/function/internal_message.html?_=1690854282662&CODE_STATE=getMsg HTTP/1.1" 200 27
124.78.70.128 - - [01/Aug/2023:09:47:42 +0800] "POST /xingrg/dwr/call/plaincall/AjaxCheckService.setItemNumber.dwr HTTP/1.1" 200 78
222.70.114.12 - - [01/Aug/2023:09:47:43 +0800] "GET /xingrg/login.html HTTP/1.1" 200 7641
222.70.114.12 - - [01/Aug/2023:09:47:43 +0800] "GET /favicon.ico HTTP/1.1" 404 -
116.232.195.127 - - [01/Aug/2023:09:47:43 +0800] "GET /xingrg/all/function/internal_message.html?_=1690854406463&CODE_STATE=getMsg HTTP/1.1" 200 27
124.78.70.128 - - [01/Aug/2023:09:47:44 +0800] "POST /xingrg/dwr/call/plaincall/AjaxCheckService.setItemNumber.dwr HTTP/1.1" 200 78
116.230.112.71 - - [01/Aug/2023:09:47:46 +0800] "POST /xingrg/services/DataTransmitService HTTP/1.1" 200 524
222.70.180.90 - - [01/Aug/2023:09:47:46 +0800] "POST /xingrg/services/DataTransmitService HTTP/1.1" 200 501
124.78.70.128 - - [01/Aug/2023:09:47:46 +0800] "POST /xingrg/dwr/call/plaincall/AjaxCheckService.setItemNumber.dwr HTTP/1.1" 200 78
124.78.70.128 - - [01/Aug/2023:09:47:47 +0800] "POST /xingrg/dwr/call/plaincall/AjaxCheckService.setItemNumber.dwr HTTP/1.1" 200 78
116.230.112.71 - - [01/Aug/2023:09:47:48 +0800] "POST /xingrg/services/DataTransmitService HTTP/1.1" 200 2335
180.152.241.196 - - [01/Aug/2023:09:47:49 +0800] "POST /xingrg/kc/buy/cgsh_order_operate.html HTTP/1.1" 200 12
124.78.70.128 - - [01/Aug/2023:09:47:51 +0800] "POST /xingrg/dwr/call/plaincall/AjaxCheckService.setItemNumber.dwr HTTP/1.1" 200 78
116.230.112.71 - - [01/Aug/2023:09:47:51 +0800] "POST /xingrg/services/DataTransmitService HTTP/1.1" 200 524
124.79.243.110 - - [01/Aug/2023:09:47:52 +0800] "GET /xingrg/all/function/internal_message.html?_=1690854471159&CODE_STATE=getMsg HTTP/1.1" 200 27
101.228.187.155 - - [01/Aug/2023:09:47:53 +0800] "POST /xingrg/dwr/call/plaincall/AjaxYddbService.saveMaterielItem.dwr HTTP/1.1" 200 79
101.83.145.37 - - [01/Aug/2023:09:47:53 +0800] "GET /xingrg/all/function/internal_message.html?_=1690854473969&CODE_STATE=getMsg HTTP/1.1" 200 27
116.232.195.127 - - [01/Aug/2023:09:47:53 +0800] "GET /xingrg/all/function/internal_message.html?_=1690854473463&CODE_STATE=getMsg HTTP/1.1" 302 -
116.232.195.127 - - [01/Aug/2023:09:47:53 +0800] "GET /xingrg/check_reg.html?_=1690854473464 HTTP/1.1" 302 -
180.152.241.196 - - [01/Aug/2023:09:47:55 +0800] "GET /xingrg/kc/buy/cgsh_order_info.html?code=212023080100028 HTTP/1.1" 200 66702
180.152.241.196 - - [01/Aug/2023:09:47:55 +0800] "GET /xingrg/javascript/easyui/themes/default/validatebox.css HTTP/1.1" 404 1104
124.78.70.128 - - [01/Aug/2023:09:47:55 +0800] "POST /xingrg/dwr/call/plaincall/AjaxCheckService.setItemNumber.dwr HTTP/1.1" 200 78
124.78.70.128 - - [01/Aug/2023:09:47:56 +0800] "GET /xingrg/all/function/internal_message.html?_=1690853940432&CODE_STATE=getMsg HTTP/1.1" 200 27
180.152.241.196 - - [01/Aug/2023:09:47:57 +0800] "POST /xingrg/kc/buy/cgsh_order_operate.html HTTP/1.1" 200 602
116.232.195.127 - - [01/Aug/2023:09:47:58 +0800] "GET /xingrg/kc/buy/cgsh_order_operate.html?command=get_materiel&rest_code=00155&code=00101008131&supplier_code=00100005&order_time=2023-08-01 HTTP/1.1" 200 409
222.70.114.12 - - [01/Aug/2023:09:47:58 +0800] "POST /xingrg/login.do HTTP/1.1" 302 -
222.70.114.12 - - [01/Aug/2023:09:47:58 +0800] "GET /xingrg/index.html?sysBaseUrl=http%3A%2F%2F180.169.147.146%3A18081%2Fxingrg%2F&costTime=3190×tamp=1690854478459 HTTP/1.1" 200 17179
222.70.114.12 - - [01/Aug/2023:09:47:58 +0800] "GET /favicon.ico HTTP/1.1" 404 -
222.70.114.12 - - [01/Aug/2023:09:47:59 +0800] "GET /xingrg/check_reg.html?_=1690854481174 HTTP/1.1" 200 22
222.70.114.12 - - [01/Aug/2023:09:47:59 +0800] "GET /xingrg/all/function/internal_message.html?_=1690854481173&CODE_STATE=count HTTP/1.1" 200 11
222.70.114.12 - - [01/Aug/2023:09:47:59 +0800] "POST /xingrg/all/common/load_tree.html?tree=area_rest_tree_json&manage=1 HTTP/1.1" 200 351
222.70.114.12 - - [01/Aug/2023:09:47:59 +0800] "POST /xingrg/load_menu.html HTTP/1.1" 200 5138
124.78.70.128 - - [01/Aug/2023:09:48:00 +0800] "POST /xingrg/dwr/call/plaincall/AjaxCheckService.setItemNumber.dwr HTTP/1.1" 200 78
180.152.241.196 - - [01/Aug/2023:09:48:01 +0800] "GET /xingrg/kc/print/load_data.html?order_code=212023080100028&kc_code=cgsh&condition= HTTP/1.1" 200 672
116.232.195.127 - - [01/Aug/2023:09:48:02 +0800] "POST /xingrg/kc/buy/cgsh_order_operate.html HTTP/1.1" 200 2065
218.81.76.85 - - [01/Aug/2023:09:48:02 +0800] "GET /xingrg/all/function/internal_message.html?_=1690854481903&CODE_STATE=getMsg HTTP/1.1" 200 27
180.152.241.196 - - [01/Aug/2023:09:48:04 +0800] "GET /xingrg/all/function/internal_message.html?_=1690854487262&CODE_STATE=getMsg HTTP/1.1" 200 27
114.83.220.65 - - [01/Aug/2023:09:48:04 +0800] "GET /xingrg/all/function/internal_message.html?_=1690854613399&CODE_STATE=getMsg HTTP/1.1" 200 27
124.78.70.128 - - [01/Aug/2023:09:48:04 +0800] "POST /xingrg/dwr/call/plaincall/AjaxCheckService.setItemNumber.dwr HTTP/1.1" 200 78
180.152.241.196 - - [01/Aug/2023:09:48:07 +0800] "GET /xingrg/kc/buy/cgsh_order_add.html HTTP/1.1" 200 71797
180.152.241.196 - - [01/Aug/2023:09:48:07 +0800] "POST /xingrg/kc/buy/cgsh_order_operate.html HTTP/1.1" 200 8245
180.152.241.196 - - [01/Aug/2023:09:48:07 +0800] "GET /xingrg/javascript/easyui/themes/default/validatebox.css HTTP/1.1" 404 1104
