114.83.220.65 - - [01/Aug/2023:08:56:02 +0800] "GET /xingrg/all/function/internal_message.html?_=1690851490891&CODE_STATE=getMsg HTTP/1.1" 200 27
116.238.191.126 - - [01/Aug/2023:08:56:03 +0800] "GET /xingrg/javascript/auto/indicator.gif HTTP/1.1" 404 1066
116.238.191.126 - - [01/Aug/2023:08:56:03 +0800] "GET /xingrg/kc/buy/cgsh_order_operate.html?command=get_materiel&rest_code=00150&code=00101008095&supplier_code=00100008&order_time=2023-08-01 HTTP/1.1" 200 412
101.83.145.37 - - [01/Aug/2023:08:56:07 +0800] "GET /xingrg/kc/buy/cgsh_order_operate.html?command=get_materiel&rest_code=00105&code=00101008049&supplier_code=00100203&order_time=2023-08-01 HTTP/1.1" 200 408
116.228.172.122 - - [01/Aug/2023:08:56:08 +0800] "GET /xingrg/check_reg.html?_=1690851261256 HTTP/1.1" 302 -
116.228.172.122 - - [01/Aug/2023:08:56:08 +0800] "GET /xingrg/all/function/internal_message.html?_=1690851261264&CODE_STATE=getMsg HTTP/1.1" 302 -
116.230.112.71 - - [01/Aug/2023:08:56:12 +0800] "POST /xingrg/dwr/call/plaincall/AjaxCheckService.setItemRemark.dwr HTTP/1.1" 200 76
222.70.180.90 - - [01/Aug/2023:08:56:17 +0800] "GET /xingrg/all/function/internal_message.html?_=1690851377435&CODE_STATE=getMsg HTTP/1.1" 200 27
58.40.7.146 - - [01/Aug/2023:08:56:18 +0800] "GET /xingrg/all/function/internal_message.html?_=1690851378214&CODE_STATE=getMsg HTTP/1.1" 302 -
116.238.191.126 - - [01/Aug/2023:08:56:19 +0800] "POST /xingrg/kc/buy/cgsh_order_operate.html HTTP/1.1" 200 37
101.228.187.155 - - [01/Aug/2023:08:56:20 +0800] "GET /xingrg/all/function/internal_message.html?_=1690851378900&CODE_STATE=getMsg HTTP/1.1" 200 27
222.70.114.12 - - [01/Aug/2023:08:56:21 +0800] "GET /xingrg/all/function/internal_message.html?_=1690851381818&CODE_STATE=getMsg HTTP/1.1" 302 -
116.238.191.126 - - [01/Aug/2023:08:56:22 +0800] "POST /xingrg/kc/buy/cgsh_order_operate.html HTTP/1.1" 200 31631
222.70.180.90 - - [01/Aug/2023:08:56:23 +0800] "GET /xingrg/all/function/internal_message.html?_=1690851383261&CODE_STATE=getMsg HTTP/1.1" 200 27
116.238.191.126 - - [01/Aug/2023:08:56:24 +0800] "GET /xingrg/kc/buy/cgsh_order_operate.html?command=get_materiel&rest_code=00150&code=00101016030&supplier_code=00100096&order_time=2023-08-01 HTTP/1.1" 200 23
116.230.112.71 - - [01/Aug/2023:08:56:30 +0800] "GET /xingrg/all/function/internal_message.html?_=1690851394802&CODE_STATE=getMsg HTTP/1.1" 200 27
180.152.241.196 - - [01/Aug/2023:08:56:31 +0800] "GET /xingrg/all/function/internal_message.html?_=1690851391538&CODE_STATE=getMsg HTTP/1.1" 302 -
116.238.191.126 - - [01/Aug/2023:08:56:31 +0800] "GET /xingrg/kc/buy/cgsh_order_operate.html?command=get_materiel&rest_code=00150&code=00101008110&supplier_code=00100008&order_time=2023-08-01 HTTP/1.1" 200 408
120.253.135.82 - - [01/Aug/2023:08:56:40 +0800] "GET /xingrg/all/function/internal_message.html?_=1690851221279&CODE_STATE=getMsg HTTP/1.1" 200 27
124.79.243.110 - - [01/Aug/2023:08:56:41 +0800] "GET /xingrg/all/function/internal_message.html?_=1690851690010&CODE_STATE=getMsg HTTP/1.1" 200 27
116.238.191.126 - - [01/Aug/2023:08:56:41 +0800] "GET /xingrg/login.html HTTP/1.1" 200 7641
116.238.191.126 - - [01/Aug/2023:08:56:41 +0800] "GET /favicon.ico HTTP/1.1" 404 -
101.83.145.37 - - [01/Aug/2023:08:56:46 +0800] "POST /xingrg/kc/buy/cgsh_order_operate.html HTTP/1.1" 200 2065
116.238.191.126 - - [01/Aug/2023:08:56:49 +0800] "GET /xingrg/all/function/internal_message.html?_=1690851288436&CODE_STATE=getMsg HTTP/1.1" 200 27
101.83.145.37 - - [01/Aug/2023:08:56:53 +0800] "GET /xingrg/all/function/internal_message.html?_=1690851413937&CODE_STATE=getMsg HTTP/1.1" 200 27
120.253.135.82 - - [01/Aug/2023:08:56:54 +0800] "GET /xingrg/check_reg.html?_=1690851235301 HTTP/1.1" 200 22
116.230.112.71 - - [01/Aug/2023:08:56:55 +0800] "GET /xingrg/all/function/internal_message.html?_=1690851421079&CODE_STATE=getMsg HTTP/1.1" 200 27
116.238.191.126 - - [01/Aug/2023:08:56:57 +0800] "POST /xingrg/login.do HTTP/1.1" 302 -
116.238.191.126 - - [01/Aug/2023:08:56:57 +0800] "GET /xingrg/index.html?sysBaseUrl=http%3A%2F%2F180.169.147.146%3A18081%2Fxingrg%2F&costTime=1530×tamp=1690851417420 HTTP/1.1" 200 17177
116.238.191.126 - - [01/Aug/2023:08:56:57 +0800] "GET /xingrg/all/function/internal_message.html?_=1690851416797&CODE_STATE=count HTTP/1.1" 200 11
116.238.191.126 - - [01/Aug/2023:08:56:57 +0800] "GET /xingrg/check_reg.html?_=1690851416798 HTTP/1.1" 200 22
116.238.191.126 - - [01/Aug/2023:08:56:57 +0800] "GET /favicon.ico HTTP/1.1" 404 -
116.238.191.126 - - [01/Aug/2023:08:56:58 +0800] "POST /xingrg/all/common/load_tree.html?tree=area_rest_tree_json&manage=1 HTTP/1.1" 200 476
116.238.191.126 - - [01/Aug/2023:08:56:58 +0800] "POST /xingrg/load_menu.html HTTP/1.1" 200 5138
116.238.191.126 - - [01/Aug/2023:08:57:01 +0800] "POST /xingrg/all/user/operate.html HTTP/1.1" 200 36
116.238.191.126 - - [01/Aug/2023:08:57:01 +0800] "GET /xingrg/index.html?sysBaseUrl=http%3A%2F%2F180.169.147.146%3A18081%2Fxingrg%2F&costTime=1530×tamp=1690851417420 HTTP/1.1" 200 17179
116.238.191.126 - - [01/Aug/2023:08:57:01 +0800] "GET /xingrg/javascript/jquery_easy_ui/themes/default/easyui.css HTTP/1.1" 304 -
116.238.191.126 - - [01/Aug/2023:08:57:01 +0800] "GET /xingrg/javascript/jquery_easy_ui/themes/icon.css HTTP/1.1" 304 -
116.238.191.126 - - [01/Aug/2023:08:57:01 +0800] "GET /xingrg/css/form.css HTTP/1.1" 304 -
116.238.191.126 - - [01/Aug/2023:08:57:01 +0800] "GET /xingrg/javascript/jquery-1.4.2.min.js HTTP/1.1" 304 -
116.238.191.126 - - [01/Aug/2023:08:57:01 +0800] "GET /xingrg/javascript/jquery_easy_ui/jquery.easyui.min.js HTTP/1.1" 304 -
116.238.191.126 - - [01/Aug/2023:08:57:01 +0800] "GET /xingrg/javascript/jquery_easy_ui/easyui-lang-zh_CN.js HTTP/1.1" 304 -
116.238.191.126 - - [01/Aug/2023:08:57:01 +0800] "GET /xingrg/javascript/jquery.form.js HTTP/1.1" 304 -
116.238.191.126 - - [01/Aug/2023:08:57:01 +0800] "GET /xingrg/javascript/jquery.utils.js HTTP/1.1" 304 -
116.238.191.126 - - [01/Aug/2023:08:57:01 +0800] "GET /xingrg/javascript/jquery.timers.js HTTP/1.1" 304 -
116.238.191.126 - - [01/Aug/2023:08:57:01 +0800] "GET /xingrg/images/blue/jxLogo.png HTTP/1.1" 304 -
116.238.191.126 - - [01/Aug/2023:08:57:01 +0800] "GET /xingrg/images/blue/navBackgound.jpg HTTP/1.1" 304 -
116.238.191.126 - - [01/Aug/2023:08:57:01 +0800] "GET /xingrg/javascript/jquery_easy_ui/themes/icons/settle_new.png HTTP/1.1" 304 -
116.238.191.126 - - [01/Aug/2023:08:57:01 +0800] "GET /xingrg/all/function/internal_message.html?_=1690851420525&CODE_STATE=count HTTP/1.1" 200 11
116.238.191.126 - - [01/Aug/2023:08:57:01 +0800] "GET /xingrg/images/blue/pingpu.png HTTP/1.1" 304 -
116.238.191.126 - - [01/Aug/2023:08:57:01 +0800] "GET /xingrg/check_reg.html?_=1690851420526 HTTP/1.1" 200 22
116.238.191.126 - - [01/Aug/2023:08:57:01 +0800] "GET /xingrg/javascript/jquery_easy_ui/themes/default/images/tabs_leftarrow.png HTTP/1.1" 304 -
116.238.191.126 - - [01/Aug/2023:08:57:01 +0800] "GET /xingrg/javascript/jquery_easy_ui/themes/default/images/tabs_rightarrow.png HTTP/1.1" 304 -
116.238.191.126 - - [01/Aug/2023:08:57:01 +0800] "GET /xingrg/javascript/jquery_easy_ui/themes/default/images/panel_tool_collapse.gif HTTP/1.1" 304 -
116.238.191.126 - - [01/Aug/2023:08:57:01 +0800] "POST /xingrg/all/common/load_tree.html?tree=area_rest_tree_json&manage=1 HTTP/1.1" 200 476
58.40.7.146 - - [01/Aug/2023:08:57:01 +0800] "GET /xingrg/check_reg.html?_=1690851421778 HTTP/1.1" 302 -
116.238.191.126 - - [01/Aug/2023:08:57:01 +0800] "POST /xingrg/load_menu.html HTTP/1.1" 200 5138
114.83.220.65 - - [01/Aug/2023:08:57:02 +0800] "GET /xingrg/all/function/internal_message.html?_=1690851550888&CODE_STATE=getMsg HTTP/1.1" 200 27
116.238.191.126 - - [01/Aug/2023:08:57:04 +0800] "GET /xingrg/kc/buy/cgsh_order_list.html HTTP/1.1" 200 55986
114.93.123.77 - - [01/Aug/2023:08:57:07 +0800] "GET /favicon.ico HTTP/1.1" 404 -
116.228.172.122 - - [01/Aug/2023:08:57:08 +0800] "GET /xingrg/all/function/internal_message.html?_=1690851321277&CODE_STATE=getMsg HTTP/1.1" 302 -
116.238.191.126 - - [01/Aug/2023:08:57:09 +0800] "GET /xingrg/kc/buy/cgsh_order_operate.html?command=get_materiel&rest_code=00150&code=00101008358&supplier_code=00100008&order_time=2023-08-01 HTTP/1.1" 200 412
116.238.191.126 - - [01/Aug/2023:08:57:09 +0800] "POST /xingrg/kc/buy/cgsh_list_operate.html HTTP/1.1" 200 1887
116.238.191.126 - - [01/Aug/2023:08:57:15 +0800] "GET /xingrg/kc/buy/cgsh_order_add.html HTTP/1.1" 200 71806
116.238.191.126 - - [01/Aug/2023:08:57:16 +0800] "POST /xingrg/kc/buy/cgsh_order_operate.html HTTP/1.1" 200 8245
116.238.191.126 - - [01/Aug/2023:08:57:16 +0800] "GET /xingrg/javascript/easyui/themes/default/validatebox.css HTTP/1.1" 404 1104
116.238.191.126 - - [01/Aug/2023:08:57:16 +0800] "GET /xingrg/all/common/auto_word.html?type=employee&rest_code=00150 HTTP/1.1" 200 159
116.238.191.126 - - [01/Aug/2023:08:57:16 +0800] "GET /xingrg/all/common/auto_word.html?type=employee&rest_code=00150 HTTP/1.1" 200 159
222.70.180.90 - - [01/Aug/2023:08:57:17 +0800] "GET /xingrg/all/function/internal_message.html?_=1690851437435&CODE_STATE=getMsg HTTP/1.1" 200 27
58.40.7.146 - - [01/Aug/2023:08:57:18 +0800] "GET /xingrg/all/function/internal_message.html?_=1690851438186&CODE_STATE=getMsg HTTP/1.1" 302 -
116.238.191.126 - - [01/Aug/2023:08:57:18 +0800] "GET /xingrg/javascript/auto/indicator.gif HTTP/1.1" 404 1066
101.228.187.155 - - [01/Aug/2023:08:57:20 +0800] "GET /xingrg/all/function/internal_message.html?_=1690851438898&CODE_STATE=getMsg HTTP/1.1" 200 27
222.70.114.12 - - [01/Aug/2023:08:57:21 +0800] "GET /xingrg/all/function/internal_message.html?_=1690851441839&CODE_STATE=getMsg HTTP/1.1" 302 -
222.70.180.90 - - [01/Aug/2023:08:57:23 +0800] "GET /xingrg/all/function/internal_message.html?_=1690851443267&CODE_STATE=getMsg HTTP/1.1" 200 27
116.238.191.126 - - [01/Aug/2023:08:57:26 +0800] "GET /xingrg/kc/buy/cgsh_order_operate.html?command=get_materiel&rest_code=00150&code=00101016030&supplier_code=00100096&order_time=2023-08-01 HTTP/1.1" 200 412
116.230.112.71 - - [01/Aug/2023:08:57:30 +0800] "GET /xingrg/all/function/internal_message.html?_=1690851454817&CODE_STATE=getMsg HTTP/1.1" 200 27
180.152.241.196 - - [01/Aug/2023:08:57:31 +0800] "GET /xingrg/all/function/internal_message.html?_=1690851451525&CODE_STATE=getMsg HTTP/1.1" 302 -
116.238.191.126 - - [01/Aug/2023:08:57:31 +0800] "GET /xingrg/kc/buy/cgsh_order_operate.html?command=get_materiel&rest_code=00150&code=00101008351&supplier_code=00100008&order_time=2023-08-01 HTTP/1.1" 200 408
180.152.241.196 - - [01/Aug/2023:08:57:31 +0800] "GET /xingrg/check_reg.html?_=1690851452101 HTTP/1.1" 302 -
120.253.135.82 - - [01/Aug/2023:08:57:40 +0800] "GET /xingrg/all/function/internal_message.html?_=1690851281290&CODE_STATE=getMsg HTTP/1.1" 200 27
124.79.243.110 - - [01/Aug/2023:08:57:41 +0800] "GET /xingrg/all/function/internal_message.html?_=1690851750009&CODE_STATE=getMsg HTTP/1.1" 200 27
116.238.191.126 - - [01/Aug/2023:08:57:43 +0800] "GET /xingrg/kc/buy/cgsh_order_operate.html?command=get_materiel&rest_code=00150&code=00101012025&supplier_code=00100096&order_time=2023-08-01 HTTP/1.1" 200 412
116.238.191.126 - - [01/Aug/2023:08:57:47 +0800] "POST /xingrg/kc/buy/cgsh_order_operate.html HTTP/1.1" 200 37
101.83.145.37 - - [01/Aug/2023:08:57:52 +0800] "GET /xingrg/kc/buy/cgsh_order_operate.html?command=get_materiel&rest_code=00105&code=00101008149&supplier_code=00100203&order_time=2023-08-01 HTTP/1.1" 200 408
101.83.145.37 - - [01/Aug/2023:08:57:53 +0800] "GET /xingrg/all/function/internal_message.html?_=1690851473934&CODE_STATE=getMsg HTTP/1.1" 200 27
116.230.112.71 - - [01/Aug/2023:08:57:55 +0800] "GET /xingrg/all/function/internal_message.html?_=1690851481100&CODE_STATE=getMsg HTTP/1.1" 200 27
116.238.191.126 - - [01/Aug/2023:08:57:55 +0800] "GET /xingrg/kc/buy/cgsh_order_operate.html?command=get_materiel&rest_code=00150&code=00101001075&supplier_code=00100096&order_time=2023-08-01 HTTP/1.1" 200 411
116.238.191.126 - - [01/Aug/2023:08:58:01 +0800] "GET /xingrg/all/function/internal_message.html?_=1690851480548&CODE_STATE=getMsg HTTP/1.1" 200 27
114.83.220.65 - - [01/Aug/2023:08:58:02 +0800] "GET /xingrg/check_reg.html?_=1690851610892 HTTP/1.1" 200 22
114.83.220.65 - - [01/Aug/2023:08:58:02 +0800] "GET /xingrg/all/function/internal_message.html?_=1690851610893&CODE_STATE=getMsg HTTP/1.1" 200 27
101.83.145.37 - - [01/Aug/2023:08:58:03 +0800] "GET /xingrg/kc/buy/cgsh_order_operate.html?command=get_materiel&rest_code=00105&code=00101008038&supplier_code=00100203&order_time=2023-08-01 HTTP/1.1" 200 412
116.228.172.122 - - [01/Aug/2023:08:58:08 +0800] "GET /xingrg/all/function/internal_message.html?_=1690851381264&CODE_STATE=getMsg HTTP/1.1" 302 -
101.83.145.37 - - [01/Aug/2023:08:58:10 +0800] "GET /xingrg/kc/buy/cgsh_order_operate.html?command=get_materiel&rest_code=00105&code=00101008221&supplier_code=00100203&order_time=2023-08-01 HTTP/1.1" 200 412
116.238.191.126 - - [01/Aug/2023:08:58:12 +0800] "GET /xingrg/kc/buy/cgsh_order_operate.html?command=get_materiel&rest_code=00150&code=00101006129&supplier_code=00100096&order_time=2023-08-01 HTTP/1.1" 200 433
222.70.180.90 - - [01/Aug/2023:08:58:17 +0800] "GET /xingrg/check_reg.html?_=1690851497433 HTTP/1.1" 200 22
222.70.180.90 - - [01/Aug/2023:08:58:17 +0800] "GET /xingrg/all/function/internal_message.html?_=1690851497435&CODE_STATE=getMsg HTTP/1.1" 200 27
58.40.7.146 - - [01/Aug/2023:08:58:18 +0800] "GET /xingrg/all/function/internal_message.html?_=1690851498174&CODE_STATE=getMsg HTTP/1.1" 302 -
101.228.187.155 - - [01/Aug/2023:08:58:20 +0800] "GET /xingrg/all/function/internal_message.html?_=1690851498896&CODE_STATE=getMsg HTTP/1.1" 200 27
101.83.145.37 - - [01/Aug/2023:08:58:20 +0800] "GET /xingrg/kc/buy/cgsh_order_operate.html?command=get_materiel&rest_code=00105&code=00101008358&supplier_code=00100203&order_time=2023-08-01 HTTP/1.1" 200 412
116.230.112.71 - - [01/Aug/2023:08:58:21 +0800] "GET /xingrg/check_reg.html?_=1690851507020 HTTP/1.1" 200 22
222.70.114.12 - - [01/Aug/2023:08:58:21 +0800] "GET /xingrg/all/function/internal_message.html?_=1690851501814&CODE_STATE=getMsg HTTP/1.1" 302 -
222.70.180.90 - - [01/Aug/2023:08:58:23 +0800] "GET /xingrg/all/function/internal_message.html?_=1690851503265&CODE_STATE=getMsg HTTP/1.1" 200 27
116.230.112.71 - - [01/Aug/2023:08:58:30 +0800] "GET /xingrg/all/function/internal_message.html?_=1690851514829&CODE_STATE=getMsg HTTP/1.1" 200 27
180.152.241.196 - - [01/Aug/2023:08:58:31 +0800] "GET /xingrg/all/function/internal_message.html?_=1690851511503&CODE_STATE=getMsg HTTP/1.1" 302 -
116.232.195.127 - - [01/Aug/2023:08:58:33 +0800] "GET /xingrg/index.html?sysBaseUrl=http%3A%2F%2F180.169.147.146%3A18081%2Fxingrg%2F&costTime=1277×tamp=1606817596806 HTTP/1.1" 302 -
116.232.195.127 - - [01/Aug/2023:08:58:33 +0800] "GET /xingrg/login.html HTTP/1.1" 200 7641
116.232.195.127 - - [01/Aug/2023:08:58:34 +0800] "GET /favicon.ico HTTP/1.1" 404 -
116.238.191.126 - - [01/Aug/2023:08:58:39 +0800] "GET /xingrg/kc/buy/cgsh_order_operate.html?command=get_materiel&rest_code=00150&code=00101006130&supplier_code=00100096&order_time=2023-08-01 HTTP/1.1" 200 428
120.253.135.82 - - [01/Aug/2023:08:58:40 +0800] "GET /xingrg/all/function/internal_message.html?_=1690851341304&CODE_STATE=getMsg HTTP/1.1" 200 27
124.79.243.110 - - [01/Aug/2023:08:58:41 +0800] "GET /xingrg/all/function/internal_message.html?_=1690851810007&CODE_STATE=getMsg HTTP/1.1" 200 27
124.79.243.110 - - [01/Aug/2023:08:58:41 +0800] "GET /xingrg/check_reg.html?_=1690851810008 HTTP/1.1" 200 22
116.232.195.127 - - [01/Aug/2023:08:58:43 +0800] "POST /xingrg/login.do HTTP/1.1" 302 -
116.232.195.127 - - [01/Aug/2023:08:58:43 +0800] "GET /xingrg/index.html?sysBaseUrl=http%3A%2F%2F180.169.147.146%3A18081%2Fxingrg%2F&costTime=1643×tamp=1690851523271 HTTP/1.1" 200 17179
116.232.195.127 - - [01/Aug/2023:08:58:43 +0800] "GET /favicon.ico HTTP/1.1" 404 -
116.232.195.127 - - [01/Aug/2023:08:58:43 +0800] "GET /xingrg/all/function/internal_message.html?_=1690851466441&CODE_STATE=count HTTP/1.1" 200 11
116.232.195.127 - - [01/Aug/2023:08:58:43 +0800] "GET /xingrg/check_reg.html?_=1690851466443 HTTP/1.1" 200 22
116.232.195.127 - - [01/Aug/2023:08:58:43 +0800] "POST /xingrg/all/common/load_tree.html?tree=area_rest_tree_json&manage=1 HTTP/1.1" 200 351
116.232.195.127 - - [01/Aug/2023:08:58:44 +0800] "POST /xingrg/load_menu.html HTTP/1.1" 200 5138
116.232.195.127 - - [01/Aug/2023:08:58:46 +0800] "GET /xingrg/kc/buy/buy_main.html HTTP/1.1" 200 12412
116.232.195.127 - - [01/Aug/2023:08:58:46 +0800] "GET /xingrg/css/new_ie.css HTTP/1.1" 404 1036
116.232.195.127 - - [01/Aug/2023:08:58:47 +0800] "GET /xingrg/images/yd/bt.gif HTTP/1.1" 404 1040
116.232.195.127 - - [01/Aug/2023:08:58:49 +0800] "GET /xingrg/kc/buy/cgsh_order_list.html HTTP/1.1" 200 55986
101.83.145.37 - - [01/Aug/2023:08:58:49 +0800] "GET /xingrg/kc/buy/cgsh_order_operate.html?command=get_materiel&rest_code=00105&code=00101008301&supplier_code=00100203&order_time=2023-08-01 HTTP/1.1" 200 422
116.232.195.127 - - [01/Aug/2023:08:58:53 +0800] "POST /xingrg/kc/buy/cgsh_list_operate.html HTTP/1.1" 200 986
101.83.145.37 - - [01/Aug/2023:08:58:54 +0800] "GET /xingrg/all/function/internal_message.html?_=1690851534047&CODE_STATE=getMsg HTTP/1.1" 200 27
101.83.145.37 - - [01/Aug/2023:08:58:54 +0800] "GET /xingrg/check_reg.html?_=1690851534048 HTTP/1.1" 200 22
116.230.112.71 - - [01/Aug/2023:08:58:55 +0800] "GET /xingrg/all/function/internal_message.html?_=1690851541106&CODE_STATE=getMsg HTTP/1.1" 200 27
116.232.195.127 - - [01/Aug/2023:08:58:57 +0800] "GET /xingrg/kc/buy/cgsh_order_add.html HTTP/1.1" 200 71809
116.232.195.127 - - [01/Aug/2023:08:58:57 +0800] "GET /xingrg/words/20230731144558_words.js HTTP/1.1" 304 -
116.232.195.127 - - [01/Aug/2023:08:58:58 +0800] "POST /xingrg/kc/buy/cgsh_order_operate.html HTTP/1.1" 200 8245
116.232.195.127 - - [01/Aug/2023:08:58:58 +0800] "GET /xingrg/javascript/easyui/themes/default/validatebox.css HTTP/1.1" 404 1104
116.232.195.127 - - [01/Aug/2023:08:58:58 +0800] "GET /xingrg/all/common/auto_word.html?type=employee&rest_code=00155 HTTP/1.1" 200 255
116.232.195.127 - - [01/Aug/2023:08:58:58 +0800] "GET /xingrg/all/common/auto_word.html?type=employee&rest_code=00155 HTTP/1.1" 200 255
116.232.195.127 - - [01/Aug/2023:08:58:59 +0800] "GET /xingrg/javascript/auto/indicator.gif HTTP/1.1" 404 1066
116.238.191.126 - - [01/Aug/2023:08:59:00 +0800] "GET /xingrg/kc/buy/cgsh_order_operate.html?command=get_materiel&rest_code=00150&code=00101006065&supplier_code=00100096&order_time=2023-08-01 HTTP/1.1" 200 411
116.238.191.126 - - [01/Aug/2023:08:59:01 +0800] "GET /xingrg/all/function/internal_message.html?_=1690851540533&CODE_STATE=getMsg HTTP/1.1" 200 27
114.83.220.65 - - [01/Aug/2023:08:59:02 +0800] "GET /xingrg/all/function/internal_message.html?_=1690851670881&CODE_STATE=getMsg HTTP/1.1" 200 27
116.232.195.127 - - [01/Aug/2023:08:59:06 +0800] "GET /xingrg/javascript/jquery_tools/images/prev.gif HTTP/1.1" 404 1086
116.232.195.127 - - [01/Aug/2023:08:59:06 +0800] "GET /xingrg/javascript/jquery_tools/images/next.gif HTTP/1.1" 404 1086
116.228.172.122 - - [01/Aug/2023:08:59:08 +0800] "GET /xingrg/all/function/internal_message.html?_=1690851441266&CODE_STATE=getMsg HTTP/1.1" 302 -
116.232.195.127 - - [01/Aug/2023:08:59:17 +0800] "GET /xingrg/kc/buy/cgsh_order_operate.html?command=get_materiel&rest_code=00155&code=00101002027&supplier_code=00100199&order_time=2023-08-01 HTTP/1.1" 200 413
222.70.180.90 - - [01/Aug/2023:08:59:17 +0800] "GET /xingrg/all/function/internal_message.html?_=1690851557435&CODE_STATE=getMsg HTTP/1.1" 200 27
58.40.7.146 - - [01/Aug/2023:08:59:18 +0800] "GET /xingrg/all/function/internal_message.html?_=1690851558161&CODE_STATE=getMsg HTTP/1.1" 302 -
116.238.191.126 - - [01/Aug/2023:08:59:18 +0800] "GET /xingrg/kc/buy/cgsh_order_operate.html?command=get_materiel&rest_code=00150&code=00101006055&supplier_code=00100096&order_time=2023-08-01 HTTP/1.1" 200 409
222.69.130.71 - - [01/Aug/2023:08:59:20 +0800] "GET /xingrg/login.html HTTP/1.1" 200 7641
101.228.187.155 - - [01/Aug/2023:08:59:20 +0800] "GET /xingrg/check_reg.html?_=1690851558938 HTTP/1.1" 200 22
101.228.187.155 - - [01/Aug/2023:08:59:20 +0800] "GET /xingrg/all/function/internal_message.html?_=1690851558936&CODE_STATE=getMsg HTTP/1.1" 200 27
222.69.130.71 - - [01/Aug/2023:08:59:20 +0800] "GET /favicon.ico HTTP/1.1" 404 -
222.70.114.12 - - [01/Aug/2023:08:59:21 +0800] "GET /xingrg/check_reg.html?_=1690851561815 HTTP/1.1" 302 -
222.70.114.12 - - [01/Aug/2023:08:59:21 +0800] "GET /xingrg/all/function/internal_message.html?_=1690851561812&CODE_STATE=getMsg HTTP/1.1" 302 -
222.70.180.90 - - [01/Aug/2023:08:59:23 +0800] "GET /xingrg/all/function/internal_message.html?_=1690851563265&CODE_STATE=getMsg HTTP/1.1" 200 27
101.83.145.37 - - [01/Aug/2023:08:59:23 +0800] "GET /xingrg/kc/buy/cgsh_order_operate.html?command=get_materiel&rest_code=00105&code=00101008357&supplier_code=00100203&order_time=2023-08-01 HTTP/1.1" 200 408
222.69.130.71 - - [01/Aug/2023:08:59:29 +0800] "POST /xingrg/login.do HTTP/1.1" 302 -
222.69.130.71 - - [01/Aug/2023:08:59:29 +0800] "GET /xingrg/index.html?sysBaseUrl=http%3A%2F%2F180.169.147.146%3A18081%2Fxingrg%2F&costTime=1695×tamp=1690851569632 HTTP/1.1" 200 17179
222.69.130.71 - - [01/Aug/2023:08:59:29 +0800] "GET /favicon.ico HTTP/1.1" 404 -
222.69.130.71 - - [01/Aug/2023:08:59:30 +0800] "GET /xingrg/check_reg.html?_=1690851570767 HTTP/1.1" 200 22
222.69.130.71 - - [01/Aug/2023:08:59:30 +0800] "GET /xingrg/all/function/internal_message.html?_=1690851570766&CODE_STATE=count HTTP/1.1" 200 11
222.69.130.71 - - [01/Aug/2023:08:59:30 +0800] "POST /xingrg/load_menu.html HTTP/1.1" 200 5138
116.230.112.71 - - [01/Aug/2023:08:59:30 +0800] "GET /xingrg/all/function/internal_message.html?_=1690851574845&CODE_STATE=getMsg HTTP/1.1" 200 27
222.69.130.71 - - [01/Aug/2023:08:59:30 +0800] "POST /xingrg/all/common/load_tree.html?tree=area_rest_tree_json&manage=1 HTTP/1.1" 200 351
180.152.241.196 - - [01/Aug/2023:08:59:31 +0800] "GET /xingrg/all/function/internal_message.html?_=1690851571496&CODE_STATE=getMsg HTTP/1.1" 302 -
116.238.191.126 - - [01/Aug/2023:08:59:32 +0800] "GET /xingrg/kc/buy/cgsh_order_operate.html?command=get_materiel&rest_code=00150&code=00101006194&supplier_code=00100096&order_time=2023-08-01 HTTP/1.1" 200 415
116.232.195.127 - - [01/Aug/2023:08:59:32 +0800] "GET /xingrg/kc/buy/cgsh_order_operate.html?command=get_materiel&rest_code=00155&code=00101002016&supplier_code=00100199&order_time=2023-08-01 HTTP/1.1" 200 413
101.83.145.37 - - [01/Aug/2023:08:59:33 +0800] "POST /xingrg/kc/buy/cgsh_order_operate.html HTTP/1.1" 200 2065
222.69.130.71 - - [01/Aug/2023:08:59:37 +0800] "GET /xingrg/kc/buy/cgsh_order_list.html HTTP/1.1" 200 55986
120.253.135.82 - - [01/Aug/2023:08:59:40 +0800] "GET /xingrg/all/function/internal_message.html?_=1690851401355&CODE_STATE=getMsg HTTP/1.1" 200 27
222.69.130.71 - - [01/Aug/2023:08:59:40 +0800] "POST /xingrg/kc/buy/cgsh_list_operate.html HTTP/1.1" 200 986
124.79.243.110 - - [01/Aug/2023:08:59:41 +0800] "GET /xingrg/all/function/internal_message.html?_=1690851870006&CODE_STATE=getMsg HTTP/1.1" 200 27
116.232.195.127 - - [01/Aug/2023:08:59:43 +0800] "GET /xingrg/all/function/internal_message.html?_=1690851526464&CODE_STATE=getMsg HTTP/1.1" 200 27
222.69.130.71 - - [01/Aug/2023:08:59:44 +0800] "GET /xingrg/kc/buy/cgsh_order_add.html HTTP/1.1" 200 71850
222.69.130.71 - - [01/Aug/2023:08:59:44 +0800] "GET /xingrg/words/20230731144558_words.js HTTP/1.1" 304 -
222.69.130.71 - - [01/Aug/2023:08:59:44 +0800] "POST /xingrg/kc/buy/cgsh_order_operate.html HTTP/1.1" 200 8245
222.69.130.71 - - [01/Aug/2023:08:59:44 +0800] "GET /xingrg/javascript/easyui/themes/default/validatebox.css HTTP/1.1" 404 1104
222.69.130.71 - - [01/Aug/2023:08:59:44 +0800] "GET /xingrg/all/common/auto_word.html?type=employee&rest_code=00149 HTTP/1.1" 200 197
222.69.130.71 - - [01/Aug/2023:08:59:44 +0800] "GET /xingrg/all/common/auto_word.html?type=employee&rest_code=00149 HTTP/1.1" 200 197
101.83.145.37 - - [01/Aug/2023:08:59:48 +0800] "GET /xingrg/kc/buy/cgsh_order_operate.html?command=get_materiel&rest_code=00105&code=00101008169&supplier_code=00100203&order_time=2023-08-01 HTTP/1.1" 200 412
222.69.130.71 - - [01/Aug/2023:08:59:49 +0800] "GET /xingrg/javascript/auto/indicator.gif HTTP/1.1" 404 1066
222.69.130.71 - - [01/Aug/2023:08:59:52 +0800] "GET /xingrg/javascript/jquery_tools/images/prev.gif HTTP/1.1" 404 1086
222.69.130.71 - - [01/Aug/2023:08:59:52 +0800] "GET /xingrg/javascript/jquery_tools/images/next.gif HTTP/1.1" 404 1086
116.232.195.127 - - [01/Aug/2023:08:59:52 +0800] "GET /xingrg/kc/buy/cgsh_order_operate.html?command=get_materiel&rest_code=00155&code=00101004010&supplier_code=00100199&order_time=2023-08-01 HTTP/1.1" 200 411
116.238.191.126 - - [01/Aug/2023:08:59:53 +0800] "GET /xingrg/kc/buy/cgsh_order_operate.html?command=get_materiel&rest_code=00150&code=00101006062&supplier_code=00100096&order_time=2023-08-01 HTTP/1.1" 200 411
101.83.145.37 - - [01/Aug/2023:08:59:53 +0800] "GET /xingrg/all/function/internal_message.html?_=1690851593935&CODE_STATE=getMsg HTTP/1.1" 200 27
116.230.112.71 - - [01/Aug/2023:08:59:55 +0800] "GET /xingrg/all/function/internal_message.html?_=1690851601120&CODE_STATE=getMsg HTTP/1.1" 200 27
116.238.191.126 - - [01/Aug/2023:09:00:01 +0800] "GET /xingrg/all/function/internal_message.html?_=1690851600541&CODE_STATE=getMsg HTTP/1.1" 200 27
114.83.220.65 - - [01/Aug/2023:09:00:02 +0800] "GET /xingrg/all/function/internal_message.html?_=1690851730896&CODE_STATE=getMsg HTTP/1.1" 200 27
116.228.172.122 - - [01/Aug/2023:09:00:08 +0800] "GET /xingrg/all/function/internal_message.html?_=1690851501263&CODE_STATE=getMsg HTTP/1.1" 302 -
101.83.145.37 - - [01/Aug/2023:09:00:10 +0800] "POST /xingrg/kc/buy/cgsh_order_operate.html HTTP/1.1" 200 37
116.232.195.127 - - [01/Aug/2023:09:00:13 +0800] "GET /xingrg/kc/buy/cgsh_order_operate.html?command=get_materiel&rest_code=00155&code=00101010161&supplier_code=00100199&order_time=2023-08-01 HTTP/1.1" 200 411
116.238.191.126 - - [01/Aug/2023:09:00:13 +0800] "GET /xingrg/kc/buy/cgsh_order_operate.html?command=get_materiel&rest_code=00150&code=00101007061&supplier_code=00100096&order_time=2023-08-01 HTTP/1.1" 200 411
222.69.130.71 - - [01/Aug/2023:09:00:13 +0800] "GET /xingrg/kc/buy/cgsh_order_operate.html?command=get_materiel&rest_code=00149&code=00101008176&supplier_code=00100008&order_time=2023-08-01 HTTP/1.1" 200 412
222.70.180.90 - - [01/Aug/2023:09:00:17 +0800] "GET /xingrg/all/function/internal_message.html?_=1690851617434&CODE_STATE=getMsg HTTP/1.1" 200 27
58.40.7.146 - - [01/Aug/2023:09:00:18 +0800] "GET /xingrg/all/function/internal_message.html?_=1690851618147&CODE_STATE=getMsg HTTP/1.1" 302 -
101.228.187.155 - - [01/Aug/2023:09:00:20 +0800] "GET /xingrg/all/function/internal_message.html?_=1690851618920&CODE_STATE=getMsg HTTP/1.1" 200 27
222.70.114.12 - - [01/Aug/2023:09:00:21 +0800] "GET /xingrg/all/function/internal_message.html?_=1690851621804&CODE_STATE=getMsg HTTP/1.1" 302 -
222.70.180.90 - - [01/Aug/2023:09:00:23 +0800] "GET /xingrg/all/function/internal_message.html?_=1690851623296&CODE_STATE=getMsg HTTP/1.1" 200 27
222.70.180.90 - - [01/Aug/2023:09:00:23 +0800] "GET /xingrg/check_reg.html?_=1690851623291 HTTP/1.1" 200 22
222.69.130.71 - - [01/Aug/2023:09:00:30 +0800] "GET /xingrg/all/function/internal_message.html?_=1690851630770&CODE_STATE=getMsg HTTP/1.1" 200 27
116.230.112.71 - - [01/Aug/2023:09:00:30 +0800] "GET /xingrg/check_reg.html?_=1690851634796 HTTP/1.1" 200 22
116.230.112.71 - - [01/Aug/2023:09:00:30 +0800] "GET /xingrg/all/function/internal_message.html?_=1690851634858&CODE_STATE=getMsg HTTP/1.1" 200 27
222.69.130.71 - - [01/Aug/2023:09:00:30 +0800] "GET /xingrg/kc/buy/cgsh_order_operate.html?command=get_materiel&rest_code=00149&code=00101008330&supplier_code=00100008&order_time=2023-08-01 HTTP/1.1" 200 408
180.152.241.196 - - [01/Aug/2023:09:00:31 +0800] "GET /xingrg/all/function/internal_message.html?_=1690851631481&CODE_STATE=getMsg HTTP/1.1" 302 -
116.238.191.126 - - [01/Aug/2023:09:00:31 +0800] "GET /xingrg/kc/buy/cgsh_order_operate.html?command=get_materiel&rest_code=00150&code=00101007049&supplier_code=00100096&order_time=2023-08-01 HTTP/1.1" 200 409
101.83.145.37 - - [01/Aug/2023:09:00:35 +0800] "POST /xingrg/kc/buy/cgsh_order_operate.html HTTP/1.1" 200 26922
120.253.135.82 - - [01/Aug/2023:09:00:40 +0800] "GET /xingrg/all/function/internal_message.html?_=1690851461363&CODE_STATE=getMsg HTTP/1.1" 200 27
124.79.243.110 - - [01/Aug/2023:09:00:41 +0800] "GET /xingrg/all/function/internal_message.html?_=1690851930005&CODE_STATE=getMsg HTTP/1.1" 200 27
116.232.195.127 - - [01/Aug/2023:09:00:42 +0800] "POST /xingrg/kc/buy/cgsh_order_operate.html HTTP/1.1" 200 37
116.232.195.127 - - [01/Aug/2023:09:00:44 +0800] "GET /xingrg/all/function/internal_message.html?_=1690851587017&CODE_STATE=getMsg HTTP/1.1" 200 27
222.69.130.71 - - [01/Aug/2023:09:00:44 +0800] "GET /xingrg/kc/buy/cgsh_order_operate.html?command=get_materiel&rest_code=00149&code=00101008261&supplier_code=00100008&order_time=2023-08-01 HTTP/1.1" 200 408
116.232.195.127 - - [01/Aug/2023:09:00:46 +0800] "POST /xingrg/kc/buy/cgsh_order_operate.html HTTP/1.1" 200 5029
116.232.195.127 - - [01/Aug/2023:09:00:49 +0800] "GET /xingrg/kc/print/load_config.html?kc_code=cgsh HTTP/1.1" 200 1924
116.232.195.127 - - [01/Aug/2023:09:00:50 +0800] "GET /xingrg/kc/print/load_data.html?order_code=212023080100008&kc_code=cgsh&condition= HTTP/1.1" 200 1577
116.238.191.126 - - [01/Aug/2023:09:00:52 +0800] "GET /xingrg/kc/buy/cgsh_order_operate.html?command=get_materiel&rest_code=00150&code=00101007081&supplier_code=00100096&order_time=2023-08-01 HTTP/1.1" 200 415
101.83.145.37 - - [01/Aug/2023:09:00:53 +0800] "GET /xingrg/all/function/internal_message.html?_=1690851653926&CODE_STATE=getMsg HTTP/1.1" 200 27
116.230.112.71 - - [01/Aug/2023:09:00:55 +0800] "GET /xingrg/all/function/internal_message.html?_=1690851661135&CODE_STATE=getMsg HTTP/1.1" 200 27
222.69.130.71 - - [01/Aug/2023:09:00:56 +0800] "GET /xingrg/kc/buy/cgsh_order_operate.html?command=get_materiel&rest_code=00149&code=00101008739&supplier_code=00100008&order_time=2023-08-01 HTTP/1.1" 200 410
116.232.195.127 - - [01/Aug/2023:09:00:57 +0800] "GET /xingrg/kc/buy/cgsh_order_add.html HTTP/1.1" 200 71809
116.232.195.127 - - [01/Aug/2023:09:00:57 +0800] "POST /xingrg/kc/buy/cgsh_order_operate.html HTTP/1.1" 200 8245
116.232.195.127 - - [01/Aug/2023:09:00:57 +0800] "GET /xingrg/javascript/easyui/themes/default/validatebox.css HTTP/1.1" 404 1104
116.238.191.126 - - [01/Aug/2023:09:01:01 +0800] "GET /xingrg/all/function/internal_message.html?_=1690851660549&CODE_STATE=getMsg HTTP/1.1" 200 27
114.83.220.65 - - [01/Aug/2023:09:01:02 +0800] "GET /xingrg/all/function/internal_message.html?_=1690851790891&CODE_STATE=getMsg HTTP/1.1" 200 27
222.69.130.71 - - [01/Aug/2023:09:01:07 +0800] "GET /xingrg/kc/buy/cgsh_order_operate.html?command=get_materiel&rest_code=00149&code=00101008257&supplier_code=00100008&order_time=2023-08-01 HTTP/1.1" 200 416
116.228.172.122 - - [01/Aug/2023:09:01:08 +0800] "GET /xingrg/check_reg.html?_=1690851561247 HTTP/1.1" 302 -
116.228.172.122 - - [01/Aug/2023:09:01:08 +0800] "GET /xingrg/all/function/internal_message.html?_=1690851561250&CODE_STATE=getMsg HTTP/1.1" 302 -
222.70.180.90 - - [01/Aug/2023:09:01:17 +0800] "GET /xingrg/all/function/internal_message.html?_=1690851677435&CODE_STATE=getMsg HTTP/1.1" 200 27
58.40.7.146 - - [01/Aug/2023:09:01:18 +0800] "GET /xingrg/all/function/internal_message.html?_=1690851678135&CODE_STATE=getMsg HTTP/1.1" 302 -
101.228.187.155 - - [01/Aug/2023:09:01:20 +0800] "GET /xingrg/all/function/internal_message.html?_=1690851678903&CODE_STATE=getMsg HTTP/1.1" 200 27
222.70.114.12 - - [01/Aug/2023:09:01:21 +0800] "GET /xingrg/all/function/internal_message.html?_=1690851681809&CODE_STATE=getMsg HTTP/1.1" 302 -
222.69.130.71 - - [01/Aug/2023:09:01:21 +0800] "GET /xingrg/kc/buy/cgsh_order_operate.html?command=get_materiel&rest_code=00149&code=00101008155&supplier_code=00100008&order_time=2023-08-01 HTTP/1.1" 200 408
222.70.180.90 - - [01/Aug/2023:09:01:23 +0800] "GET /xingrg/all/function/internal_message.html?_=1690851683279&CODE_STATE=getMsg HTTP/1.1" 200 27
116.232.195.127 - - [01/Aug/2023:09:01:26 +0800] "GET /xingrg/kc/buy/cgsh_order_operate.html?command=get_materiel&rest_code=00155&code=00101010287&supplier_code=00100002&order_time=2023-08-01 HTTP/1.1" 200 409
222.69.130.71 - - [01/Aug/2023:09:01:30 +0800] "GET /xingrg/all/function/internal_message.html?_=1690851690780&CODE_STATE=getMsg HTTP/1.1" 200 27
116.230.112.71 - - [01/Aug/2023:09:01:30 +0800] "GET /xingrg/all/function/internal_message.html?_=1690851694870&CODE_STATE=getMsg HTTP/1.1" 200 27
180.152.241.196 - - [01/Aug/2023:09:01:31 +0800] "GET /xingrg/all/function/internal_message.html?_=1690851691463&CODE_STATE=getMsg HTTP/1.1" 302 -
116.232.195.127 - - [01/Aug/2023:09:01:40 +0800] "GET /xingrg/kc/buy/cgsh_order_operate.html?command=get_materiel&rest_code=00155&code=00101007072&supplier_code=00100002&order_time=2023-08-01 HTTP/1.1" 200 419
120.253.135.82 - - [01/Aug/2023:09:01:40 +0800] "GET /xingrg/all/function/internal_message.html?_=1690851521410&CODE_STATE=getMsg HTTP/1.1" 200 27
124.79.243.110 - - [01/Aug/2023:09:01:41 +0800] "GET /xingrg/all/function/internal_message.html?_=1690851990019&CODE_STATE=getMsg HTTP/1.1" 200 27
222.69.130.71 - - [01/Aug/2023:09:01:42 +0800] "GET /xingrg/kc/buy/cgsh_order_operate.html?command=get_materiel&rest_code=00149&code=00101008244&supplier_code=00100008&order_time=2023-08-01 HTTP/1.1" 200 408
116.232.195.127 - - [01/Aug/2023:09:01:44 +0800] "GET /xingrg/all/function/internal_message.html?_=1690851647019&CODE_STATE=getMsg HTTP/1.1" 200 27
180.169.147.146 - - [01/Aug/2023:09:01:52 +0800] "GET /favicon.ico HTTP/1.1" 404 -
116.232.195.127 - - [01/Aug/2023:09:01:53 +0800] "POST /xingrg/kc/buy/cgsh_order_operate.html HTTP/1.1" 200 37
101.83.145.37 - - [01/Aug/2023:09:01:54 +0800] "GET /xingrg/all/function/internal_message.html?_=1690851714046&CODE_STATE=getMsg HTTP/1.1" 200 27
120.253.135.82 - - [01/Aug/2023:09:01:54 +0800] "GET /xingrg/check_reg.html?_=1690851535309 HTTP/1.1" 200 22
116.230.112.71 - - [01/Aug/2023:09:01:55 +0800] "GET /xingrg/all/function/internal_message.html?_=1690851721147&CODE_STATE=getMsg HTTP/1.1" 200 27
116.232.195.127 - - [01/Aug/2023:09:01:56 +0800] "POST /xingrg/kc/buy/cgsh_order_operate.html HTTP/1.1" 200 3251
222.69.130.71 - - [01/Aug/2023:09:01:56 +0800] "GET /xingrg/kc/buy/cgsh_order_operate.html?command=get_materiel&rest_code=00149&code=00101008349&supplier_code=00100008&order_time=2023-08-01 HTTP/1.1" 200 414
116.238.191.126 - - [01/Aug/2023:09:01:58 +0800] "POST /xingrg/kc/buy/cgsh_order_operate.html HTTP/1.1" 200 34588
116.232.195.127 - - [01/Aug/2023:09:01:59 +0800] "GET /xingrg/kc/print/load_data.html?order_code=212023080100009&kc_code=cgsh&condition= HTTP/1.1" 200 982
116.238.191.126 - - [01/Aug/2023:09:02:01 +0800] "GET /xingrg/check_reg.html?_=1690851720548 HTTP/1.1" 200 22
116.238.191.126 - - [01/Aug/2023:09:02:01 +0800] "GET /xingrg/all/function/internal_message.html?_=1690851720551&CODE_STATE=getMsg HTTP/1.1" 200 27
58.40.7.146 - - [01/Aug/2023:09:02:01 +0800] "GET /xingrg/check_reg.html?_=1690851721778 HTTP/1.1" 302 -
114.83.220.65 - - [01/Aug/2023:09:02:02 +0800] "GET /xingrg/all/function/internal_message.html?_=1690851850886&CODE_STATE=getMsg HTTP/1.1" 200 27
116.232.195.127 - - [01/Aug/2023:09:02:05 +0800] "GET /xingrg/kc/buy/cgsh_order_add.html HTTP/1.1" 200 71809
116.232.195.127 - - [01/Aug/2023:09:02:05 +0800] "POST /xingrg/kc/buy/cgsh_order_operate.html HTTP/1.1" 200 8245
116.232.195.127 - - [01/Aug/2023:09:02:05 +0800] "GET /xingrg/javascript/easyui/themes/default/validatebox.css HTTP/1.1" 404 1104
116.228.172.122 - - [01/Aug/2023:09:02:08 +0800] "GET /xingrg/all/function/internal_message.html?_=1690851621267&CODE_STATE=getMsg HTTP/1.1" 302 -
116.230.112.71 - - [01/Aug/2023:09:02:10 +0800] "POST /xingrg/dwr/call/plaincall/AjaxCheckService.setItemRemark.dwr HTTP/1.1" 200 76
222.69.130.71 - - [01/Aug/2023:09:02:13 +0800] "GET /xingrg/kc/buy/cgsh_order_operate.html?command=get_materiel&rest_code=00149&code=00101008350&supplier_code=00100008&order_time=2023-08-01 HTTP/1.1" 200 408
222.70.180.90 - - [01/Aug/2023:09:02:17 +0800] "GET /xingrg/all/function/internal_message.html?_=1690851737436&CODE_STATE=getMsg HTTP/1.1" 200 27
116.238.191.126 - - [01/Aug/2023:09:02:17 +0800] "POST /xingrg/services/DataTransmitService HTTP/1.1" 200 524
58.40.7.146 - - [01/Aug/2023:09:02:18 +0800] "GET /xingrg/all/function/internal_message.html?_=1690851738111&CODE_STATE=getMsg HTTP/1.1" 302 -
101.228.187.155 - - [01/Aug/2023:09:02:20 +0800] "GET /xingrg/all/function/internal_message.html?_=1690851738902&CODE_STATE=getMsg HTTP/1.1" 200 27
222.70.114.12 - - [01/Aug/2023:09:02:21 +0800] "GET /xingrg/all/function/internal_message.html?_=1690851741806&CODE_STATE=getMsg HTTP/1.1" 302 -
222.70.180.90 - - [01/Aug/2023:09:02:23 +0800] "GET /xingrg/all/function/internal_message.html?_=1690851743293&CODE_STATE=getMsg HTTP/1.1" 200 27
222.69.130.71 - - [01/Aug/2023:09:02:27 +0800] "GET /xingrg/kc/buy/cgsh_order_operate.html?command=get_materiel&rest_code=00149&code=00101008185&supplier_code=00100008&order_time=2023-08-01 HTTP/1.1" 200 408
222.69.130.71 - - [01/Aug/2023:09:02:30 +0800] "GET /xingrg/all/function/internal_message.html?_=1690851750772&CODE_STATE=getMsg HTTP/1.1" 200 27
116.232.195.127 - - [01/Aug/2023:09:02:30 +0800] "GET /xingrg/kc/buy/cgsh_order_operate.html?command=get_materiel&rest_code=00155&code=00101006124&supplier_code=00100012&order_time=2023-08-01 HTTP/1.1" 200 409
116.230.112.71 - - [01/Aug/2023:09:02:30 +0800] "GET /xingrg/all/function/internal_message.html?_=1690851754886&CODE_STATE=getMsg HTTP/1.1" 200 27
180.152.241.196 - - [01/Aug/2023:09:02:31 +0800] "GET /xingrg/all/function/internal_message.html?_=1690851751443&CODE_STATE=getMsg HTTP/1.1" 302 -
180.152.241.196 - - [01/Aug/2023:09:02:31 +0800] "GET /xingrg/check_reg.html?_=1690851752081 HTTP/1.1" 302 -
222.69.130.71 - - [01/Aug/2023:09:02:38 +0800] "GET /xingrg/kc/buy/cgsh_order_operate.html?command=get_materiel&rest_code=00149&code=00101008358&supplier_code=00100008&order_time=2023-08-01 HTTP/1.1" 200 412
120.253.135.82 - - [01/Aug/2023:09:02:40 +0800] "GET /xingrg/all/function/internal_message.html?_=1690851581423&CODE_STATE=getMsg HTTP/1.1" 200 27
124.79.243.110 - - [01/Aug/2023:09:02:41 +0800] "GET /xingrg/all/function/internal_message.html?_=1690852050019&CODE_STATE=getMsg HTTP/1.1" 200 27
116.232.195.127 - - [01/Aug/2023:09:02:44 +0800] "GET /xingrg/all/function/internal_message.html?_=1690851707002&CODE_STATE=getMsg HTTP/1.1" 200 27
116.238.191.126 - - [01/Aug/2023:09:02:49 +0800] "GET /xingrg/all/function/internal_message.html?_=1690851648518&CODE_STATE=getMsg HTTP/1.1" 200 27
116.232.195.127 - - [01/Aug/2023:09:02:49 +0800] "GET /xingrg/kc/buy/cgsh_order_operate.html?command=get_materiel&rest_code=00155&code=00101006006&supplier_code=00100012&order_time=2023-08-01 HTTP/1.1" 200 408
222.69.130.71 - - [01/Aug/2023:09:02:49 +0800] "GET /xingrg/kc/buy/cgsh_order_operate.html?command=get_materiel&rest_code=00149&code=00101008163&supplier_code=00100008&order_time=2023-08-01 HTTP/1.1" 200 409
101.83.145.37 - - [01/Aug/2023:09:02:53 +0800] "GET /xingrg/all/function/internal_message.html?_=1690851773938&CODE_STATE=getMsg HTTP/1.1" 200 27
116.230.112.71 - - [01/Aug/2023:09:02:55 +0800] "GET /xingrg/all/function/internal_message.html?_=1690851781164&CODE_STATE=getMsg HTTP/1.1" 200 27
222.69.130.71 - - [01/Aug/2023:09:03:00 +0800] "GET /xingrg/kc/buy/cgsh_order_operate.html?command=get_materiel&rest_code=00149&code=00101008224&supplier_code=00100008&order_time=2023-08-01 HTTP/1.1" 200 416
116.238.191.126 - - [01/Aug/2023:09:03:01 +0800] "GET /xingrg/all/function/internal_message.html?_=1690851780536&CODE_STATE=getMsg HTTP/1.1" 200 27
114.83.220.65 - - [01/Aug/2023:09:03:02 +0800] "GET /xingrg/all/function/internal_message.html?_=1690851910896&CODE_STATE=getMsg HTTP/1.1" 200 27
114.83.220.65 - - [01/Aug/2023:09:03:02 +0800] "GET /xingrg/check_reg.html?_=1690851910897 HTTP/1.1" 200 22
116.232.195.127 - - [01/Aug/2023:09:03:03 +0800] "GET /xingrg/kc/buy/cgsh_order_operate.html?command=get_materiel&rest_code=00155&code=00101006128&supplier_code=00100012&order_time=2023-08-01 HTTP/1.1" 200 427
180.152.241.196 - - [01/Aug/2023:09:03:04 +0800] "POST /xingrg/services/DataTransmitService HTTP/1.1" 200 524
116.228.172.122 - - [01/Aug/2023:09:03:08 +0800] "GET /xingrg/all/function/internal_message.html?_=1690851681251&CODE_STATE=getMsg HTTP/1.1" 302 -
222.69.130.71 - - [01/Aug/2023:09:03:11 +0800] "GET /xingrg/kc/buy/cgsh_order_operate.html?command=get_materiel&rest_code=00149&code=00101008304&supplier_code=00100008&order_time=2023-08-01 HTTP/1.1" 200 412
222.70.180.90 - - [01/Aug/2023:09:03:17 +0800] "GET /xingrg/check_reg.html?_=1690851797436 HTTP/1.1" 200 22
222.70.180.90 - - [01/Aug/2023:09:03:17 +0800] "GET /xingrg/all/function/internal_message.html?_=1690851797439&CODE_STATE=getMsg HTTP/1.1" 200 27
58.40.7.146 - - [01/Aug/2023:09:03:18 +0800] "GET /xingrg/all/function/internal_message.html?_=1690851798081&CODE_STATE=getMsg HTTP/1.1" 302 -
101.228.187.155 - - [01/Aug/2023:09:03:20 +0800] "GET /xingrg/all/function/internal_message.html?_=1690851798901&CODE_STATE=getMsg HTTP/1.1" 200 27
116.232.195.127 - - [01/Aug/2023:09:03:20 +0800] "GET /xingrg/kc/buy/cgsh_order_operate.html?command=get_materiel&rest_code=00155&code=00101006111&supplier_code=00100012&order_time=2023-08-01 HTTP/1.1" 200 409
116.230.112.71 - - [01/Aug/2023:09:03:21 +0800] "GET /xingrg/check_reg.html?_=1690851807031 HTTP/1.1" 200 22
222.70.114.12 - - [01/Aug/2023:09:03:21 +0800] "GET /xingrg/all/function/internal_message.html?_=1690851801823&CODE_STATE=getMsg HTTP/1.1" 302 -
222.69.130.71 - - [01/Aug/2023:09:03:22 +0800] "GET /xingrg/kc/buy/cgsh_order_operate.html?command=get_materiel&rest_code=00149&code=00101008004&supplier_code=00100008&order_time=2023-08-01 HTTP/1.1" 200 416
222.70.180.90 - - [01/Aug/2023:09:03:23 +0800] "GET /xingrg/all/function/internal_message.html?_=1690851803293&CODE_STATE=getMsg HTTP/1.1" 200 27
116.238.191.126 - - [01/Aug/2023:09:03:27 +0800] "GET /xingrg/check_reg.html?_=1690851686598 HTTP/1.1" 200 22
222.69.130.71 - - [01/Aug/2023:09:03:30 +0800] "GET /xingrg/all/function/internal_message.html?_=1690851810776&CODE_STATE=getMsg HTTP/1.1" 200 27
116.230.112.71 - - [01/Aug/2023:09:03:30 +0800] "GET /xingrg/all/function/internal_message.html?_=1690851814897&CODE_STATE=getMsg HTTP/1.1" 200 27
180.152.241.196 - - [01/Aug/2023:09:03:31 +0800] "GET /xingrg/all/function/internal_message.html?_=1690851811430&CODE_STATE=getMsg HTTP/1.1" 302 -
222.69.130.71 - - [01/Aug/2023:09:03:35 +0800] "GET /xingrg/kc/buy/cgsh_order_operate.html?command=get_materiel&rest_code=00149&code=00101009030&supplier_code=00100008&order_time=2023-08-01 HTTP/1.1" 200 431
116.238.191.126 - - [01/Aug/2023:09:03:35 +0800] "POST /xingrg/kc/buy/cgsh_order_operate.html HTTP/1.1" 200 37
120.253.135.82 - - [01/Aug/2023:09:03:40 +0800] "GET /xingrg/all/function/internal_message.html?_=1690851641434&CODE_STATE=getMsg HTTP/1.1" 200 27
124.79.243.110 - - [01/Aug/2023:09:03:41 +0800] "GET /xingrg/check_reg.html?_=1690852110018 HTTP/1.1" 200 22
124.79.243.110 - - [01/Aug/2023:09:03:41 +0800] "GET /xingrg/all/function/internal_message.html?_=1690852110019&CODE_STATE=getMsg HTTP/1.1" 200 27
116.232.195.127 - - [01/Aug/2023:09:03:43 +0800] "GET /xingrg/check_reg.html?_=1690851766452 HTTP/1.1" 200 22
116.232.195.127 - - [01/Aug/2023:09:03:44 +0800] "GET /xingrg/all/function/internal_message.html?_=1690851766972&CODE_STATE=getMsg HTTP/1.1" 200 27
222.69.130.71 - - [01/Aug/2023:09:03:48 +0800] "GET /xingrg/kc/buy/cgsh_order_operate.html?command=get_materiel&rest_code=00149&code=00101008356&supplier_code=00100008&order_time=2023-08-01 HTTP/1.1" 200 408
116.238.191.126 - - [01/Aug/2023:09:03:49 +0800] "GET /xingrg/all/function/internal_message.html?_=1690851708532&CODE_STATE=getMsg HTTP/1.1" 200 27
101.83.145.37 - - [01/Aug/2023:09:03:54 +0800] "GET /xingrg/check_reg.html?_=1690851834055 HTTP/1.1" 200 22
101.83.145.37 - - [01/Aug/2023:09:03:54 +0800] "GET /xingrg/all/function/internal_message.html?_=1690851834054&CODE_STATE=getMsg HTTP/1.1" 200 27
116.230.112.71 - - [01/Aug/2023:09:03:55 +0800] "GET /xingrg/all/function/internal_message.html?_=1690851841175&CODE_STATE=getMsg HTTP/1.1" 200 27
116.238.191.126 - - [01/Aug/2023:09:03:58 +0800] "POST /xingrg/kc/buy/cgsh_order_operate.html HTTP/1.1" 200 12
116.238.191.126 - - [01/Aug/2023:09:04:01 +0800] "GET /xingrg/all/function/internal_message.html?_=1690851840542&CODE_STATE=getMsg HTTP/1.1" 200 27
114.83.220.65 - - [01/Aug/2023:09:04:02 +0800] "GET /xingrg/all/function/internal_message.html?_=1690851970889&CODE_STATE=getMsg HTTP/1.1" 200 27
116.238.191.126 - - [01/Aug/2023:09:04:02 +0800] "GET /xingrg/kc/buy/cgsh_order_info.html?code=212023080100004 HTTP/1.1" 200 66731
172.20.0.100 - - [01/Aug/2023:09:04:02 +0800] "GET /xingrg/check_reg.html?_=1690851841945 HTTP/1.1" 302 -
116.238.191.126 - - [01/Aug/2023:09:04:03 +0800] "GET /xingrg/javascript/easyui/themes/default/validatebox.css HTTP/1.1" 404 1104
116.238.191.126 - - [01/Aug/2023:09:04:04 +0800] "POST /xingrg/kc/buy/cgsh_order_operate.html HTTP/1.1" 200 32526
116.232.195.127 - - [01/Aug/2023:09:04:05 +0800] "GET /xingrg/kc/buy/cgsh_order_operate.html?command=get_materiel&rest_code=00155&code=00101010277&supplier_code=00100012&order_time=2023-08-01 HTTP/1.1" 200 408
116.238.191.126 - - [01/Aug/2023:09:04:07 +0800] "GET /xingrg/kc/print/load_config.html?kc_code=cgsh HTTP/1.1" 200 1924
116.238.191.126 - - [01/Aug/2023:09:04:08 +0800] "GET /xingrg/kc/print/load_data.html?order_code=212023080100004&kc_code=cgsh&condition= HTTP/1.1" 200 12802
116.228.172.122 - - [01/Aug/2023:09:04:08 +0800] "GET /xingrg/all/function/internal_message.html?_=1690851741268&CODE_STATE=getMsg HTTP/1.1" 302 -
222.69.130.71 - - [01/Aug/2023:09:04:10 +0800] "GET /xingrg/kc/buy/cgsh_order_operate.html?command=get_materiel&rest_code=00149&code=00101015074&supplier_code=00100008&order_time=2023-08-01 HTTP/1.1" 200 408
222.69.130.71 - - [01/Aug/2023:09:04:14 +0800] "POST /xingrg/kc/buy/cgsh_order_operate.html HTTP/1.1" 200 2065
222.70.180.90 - - [01/Aug/2023:09:04:17 +0800] "GET /xingrg/all/function/internal_message.html?_=1690851857439&CODE_STATE=getMsg HTTP/1.1" 200 27
58.40.7.146 - - [01/Aug/2023:09:04:18 +0800] "GET /xingrg/all/function/internal_message.html?_=1690851858069&CODE_STATE=getMsg HTTP/1.1" 302 -
218.81.76.85 - - [01/Aug/2023:09:04:18 +0800] "GET /xingrg/index.html?sysBaseUrl=http%3A%2F%2F180.169.147.146%3A18081%2Fxingrg%2F&costTime=44×tamp=1622098168715 HTTP/1.1" 302 -
218.81.76.85 - - [01/Aug/2023:09:04:18 +0800] "GET /xingrg/login.html HTTP/1.1" 200 7641
218.81.76.85 - - [01/Aug/2023:09:04:18 +0800] "GET /favicon.ico HTTP/1.1" 404 -
116.232.195.127 - - [01/Aug/2023:09:04:19 +0800] "GET /xingrg/kc/buy/cgsh_order_operate.html?command=get_materiel&rest_code=00155&code=00101006056&supplier_code=00100012&order_time=2023-08-01 HTTP/1.1" 200 413
101.228.187.155 - - [01/Aug/2023:09:04:20 +0800] "GET /xingrg/all/function/internal_message.html?_=1690851858900&CODE_STATE=getMsg HTTP/1.1" 200 27
101.228.187.155 - - [01/Aug/2023:09:04:20 +0800] "GET /xingrg/check_reg.html?_=1690851858918 HTTP/1.1" 200 22
222.70.114.12 - - [01/Aug/2023:09:04:21 +0800] "GET /xingrg/check_reg.html?_=1690851861801 HTTP/1.1" 302 -
222.70.114.12 - - [01/Aug/2023:09:04:21 +0800] "GET /xingrg/all/function/internal_message.html?_=1690851861804&CODE_STATE=getMsg HTTP/1.1" 302 -
222.70.180.90 - - [01/Aug/2023:09:04:23 +0800] "GET /xingrg/all/function/internal_message.html?_=1690851863293&CODE_STATE=getMsg HTTP/1.1" 200 27
222.69.130.71 - - [01/Aug/2023:09:04:24 +0800] "GET /xingrg/kc/buy/cgsh_order_operate.html?command=get_materiel&rest_code=00149&code=00101008273&supplier_code=00100008&order_time=2023-08-01 HTTP/1.1" 200 412
218.81.76.85 - - [01/Aug/2023:09:04:25 +0800] "POST /xingrg/login.do HTTP/1.1" 302 -
218.81.76.85 - - [01/Aug/2023:09:04:25 +0800] "GET /xingrg/index.html?sysBaseUrl=http%3A%2F%2F180.169.147.146%3A18081%2Fxingrg%2F&costTime=1572×tamp=1690851865566 HTTP/1.1" 200 17179
218.81.76.85 - - [01/Aug/2023:09:04:25 +0800] "GET /favicon.ico HTTP/1.1" 404 -
218.81.76.85 - - [01/Aug/2023:09:04:25 +0800] "GET /xingrg/check_reg.html?_=1690851867883 HTTP/1.1" 200 22
218.81.76.85 - - [01/Aug/2023:09:04:26 +0800] "GET /xingrg/all/function/internal_message.html?_=1690851867882&CODE_STATE=count HTTP/1.1" 200 11
218.81.76.85 - - [01/Aug/2023:09:04:26 +0800] "POST /xingrg/load_menu.html HTTP/1.1" 200 5138
218.81.76.85 - - [01/Aug/2023:09:04:26 +0800] "POST /xingrg/all/common/load_tree.html?tree=area_rest_tree_json&manage=1 HTTP/1.1" 200 351
222.69.130.71 - - [01/Aug/2023:09:04:30 +0800] "GET /xingrg/check_reg.html?_=1690851870782 HTTP/1.1" 200 22
222.69.130.71 - - [01/Aug/2023:09:04:30 +0800] "GET /xingrg/all/function/internal_message.html?_=1690851870783&CODE_STATE=getMsg HTTP/1.1" 200 27
116.230.112.71 - - [01/Aug/2023:09:04:30 +0800] "GET /xingrg/all/function/internal_message.html?_=1690851874913&CODE_STATE=getMsg HTTP/1.1" 200 27
180.152.241.196 - - [01/Aug/2023:09:04:31 +0800] "GET /xingrg/all/function/internal_message.html?_=1690851871422&CODE_STATE=getMsg HTTP/1.1" 302 -
218.81.76.85 - - [01/Aug/2023:09:04:34 +0800] "GET /xingrg/kc/base/check_order_list.html HTTP/1.1" 200 16302
218.81.76.85 - - [01/Aug/2023:09:04:35 +0800] "POST /xingrg/kc/base/check_list_operate.html HTTP/1.1" 200 4164
116.238.191.126 - - [01/Aug/2023:09:04:39 +0800] "POST /xingrg/kc/buy/cgsh_order_operate.html HTTP/1.1" 200 37
