120.253.135.82 - - [01/Aug/2023:09:14:17 +0800] "GET /xingrg/dwr/interface/AjaxReportQueryService.js HTTP/1.1" 200 13203
222.70.180.90 - - [01/Aug/2023:09:14:17 +0800] "GET /xingrg/all/function/internal_message.html?_=1690852457455&CODE_STATE=getMsg HTTP/1.1" 200 27
58.40.7.146 - - [01/Aug/2023:09:14:17 +0800] "GET /xingrg/all/function/internal_message.html?_=1690852457867&CODE_STATE=getMsg HTTP/1.1" 302 -
116.232.195.127 - - [01/Aug/2023:09:14:18 +0800] "GET /xingrg/kc/buy/cgsh_order_add.html HTTP/1.1" 200 71809
218.81.76.85 - - [01/Aug/2023:09:14:18 +0800] "POST /xingrg/dwr/call/plaincall/AjaxCheckService.checkOrder.dwr HTTP/1.1" 200 79
116.230.112.71 - - [01/Aug/2023:09:14:19 +0800] "POST /xingrg/dwr/call/plaincall/AjaxCheckService.setItemRemark.dwr HTTP/1.1" 200 77
116.232.195.127 - - [01/Aug/2023:09:14:19 +0800] "POST /xingrg/kc/buy/cgsh_order_operate.html HTTP/1.1" 200 8245
116.232.195.127 - - [01/Aug/2023:09:14:19 +0800] "GET /xingrg/javascript/easyui/themes/default/validatebox.css HTTP/1.1" 404 1104
218.81.76.85 - - [01/Aug/2023:09:14:19 +0800] "POST /xingrg/dwr/call/plaincall/AjaxCheckService.setItemRemark.dwr HTTP/1.1" 200 77
101.228.187.155 - - [01/Aug/2023:09:14:20 +0800] "GET /xingrg/all/function/internal_message.html?_=1690852458926&CODE_STATE=getMsg HTTP/1.1" 200 27
101.228.187.155 - - [01/Aug/2023:09:14:20 +0800] "GET /xingrg/check_reg.html?_=1690852458927 HTTP/1.1" 200 22
218.81.76.85 - - [01/Aug/2023:09:14:20 +0800] "GET /xingrg/kc/base/check_order_info.html?code=452023073100659 HTTP/1.1" 200 22850
218.81.76.85 - - [01/Aug/2023:09:14:20 +0800] "GET /xingrg/dwr/interface/AjaxCheckService.js HTTP/1.1" 200 14003
218.81.76.85 - - [01/Aug/2023:09:14:20 +0800] "GET /xingrg/dwr/interface/AjaxComOrderService.js HTTP/1.1" 200 18264
218.81.76.85 - - [01/Aug/2023:09:14:20 +0800] "GET /xingrg/dwr/engine.js HTTP/1.1" 200 43631
218.81.76.85 - - [01/Aug/2023:09:14:21 +0800] "POST /xingrg/dwr/call/plaincall/AjaxCheckService.loadOrderItems.dwr HTTP/1.1" 200 21636
222.70.114.12 - - [01/Aug/2023:09:14:21 +0800] "GET /xingrg/check_reg.html?_=1690852461806 HTTP/1.1" 302 -
222.70.114.12 - - [01/Aug/2023:09:14:21 +0800] "GET /xingrg/all/function/internal_message.html?_=1690852461886&CODE_STATE=getMsg HTTP/1.1" 302 -
218.81.76.85 - - [01/Aug/2023:09:14:22 +0800] "GET /xingrg/kc/base/check_order_list.html?isBack=1 HTTP/1.1" 200 16302
218.81.76.85 - - [01/Aug/2023:09:14:23 +0800] "POST /xingrg/kc/base/check_list_operate.html HTTP/1.1" 200 2862
222.70.180.90 - - [01/Aug/2023:09:14:23 +0800] "GET /xingrg/all/function/internal_message.html?_=1690852463290&CODE_STATE=getMsg HTTP/1.1" 200 27
120.253.135.82 - - [01/Aug/2023:09:14:23 +0800] "GET /xingrg/kc/pszx/mdqp_order_info.html?code=302023073100597 HTTP/1.1" 200 13350
120.253.135.82 - - [01/Aug/2023:09:14:24 +0800] "GET /xingrg/dwr/interface/AjaxQqpsService.js HTTP/1.1" 200 16326
120.253.135.82 - - [01/Aug/2023:09:14:24 +0800] "GET /xingrg/dwr/interface/AjaxComOrderService.js HTTP/1.1" 200 18264
120.253.135.82 - - [01/Aug/2023:09:14:24 +0800] "GET /xingrg/dwr/engine.js HTTP/1.1" 200 43631
120.253.135.82 - - [01/Aug/2023:09:14:24 +0800] "POST /xingrg/dwr/call/plaincall/AjaxQqpsService.loadMaterielItems.dwr HTTP/1.1" 200 934
218.81.76.85 - - [01/Aug/2023:09:14:26 +0800] "GET /xingrg/all/function/internal_message.html?_=1690852467920&CODE_STATE=getMsg HTTP/1.1" 200 27
218.81.76.85 - - [01/Aug/2023:09:14:26 +0800] "GET /xingrg/check_reg.html?_=1690852467923 HTTP/1.1" 200 22
218.81.76.85 - - [01/Aug/2023:09:14:26 +0800] "GET /xingrg/kc/base/check_order_info.html?code=452023073100510 HTTP/1.1" 200 26505
218.81.76.85 - - [01/Aug/2023:09:14:26 +0800] "GET /xingrg/dwr/interface/AjaxComOrderService.js HTTP/1.1" 200 18264
218.81.76.85 - - [01/Aug/2023:09:14:26 +0800] "GET /xingrg/dwr/interface/AjaxCheckService.js HTTP/1.1" 200 14003
218.81.76.85 - - [01/Aug/2023:09:14:26 +0800] "GET /xingrg/dwr/engine.js HTTP/1.1" 200 43631
218.81.76.85 - - [01/Aug/2023:09:14:27 +0800] "POST /xingrg/dwr/call/plaincall/AjaxCheckService.loadOrderItems.dwr HTTP/1.1" 200 160835
222.69.130.71 - - [01/Aug/2023:09:14:30 +0800] "GET /xingrg/all/function/internal_message.html?_=1690852470815&CODE_STATE=getMsg HTTP/1.1" 200 27
222.69.130.71 - - [01/Aug/2023:09:14:30 +0800] "GET /xingrg/check_reg.html?_=1690852470897 HTTP/1.1" 200 22
116.230.112.71 - - [01/Aug/2023:09:14:30 +0800] "GET /xingrg/all/function/internal_message.html?_=1690852475046&CODE_STATE=getMsg HTTP/1.1" 200 27
180.152.241.196 - - [01/Aug/2023:09:14:30 +0800] "GET /xingrg/all/function/internal_message.html?_=1690852471235&CODE_STATE=getMsg HTTP/1.1" 302 -
218.81.76.85 - - [01/Aug/2023:09:14:32 +0800] "POST /xingrg/dwr/call/plaincall/AjaxCheckService.setItemNumber.dwr HTTP/1.1" 200 76
218.81.76.85 - - [01/Aug/2023:09:14:32 +0800] "POST /xingrg/dwr/call/plaincall/AjaxCheckService.setItemNumber.dwr HTTP/1.1" 200 76
218.81.76.85 - - [01/Aug/2023:09:14:33 +0800] "POST /xingrg/dwr/call/plaincall/AjaxCheckService.setItemNumber.dwr HTTP/1.1" 200 76
114.83.220.65 - - [01/Aug/2023:09:14:33 +0800] "POST /xingrg/dwr/call/plaincall/AjaxCheckService.setItemNumber.dwr HTTP/1.1" 200 76
120.253.135.82 - - [01/Aug/2023:09:14:33 +0800] "GET /xingrg/kc/pszx/mdqp_order_list.html?isBack=1 HTTP/1.1" 302 -
120.253.135.82 - - [01/Aug/2023:09:14:33 +0800] "GET /xingrg/images/yd/bt.gif HTTP/1.1" 404 1040
120.253.135.82 - - [01/Aug/2023:09:14:33 +0800] "GET /xingrg/images/yd/bt2.gif HTTP/1.1" 404 1042
218.81.76.85 - - [01/Aug/2023:09:14:34 +0800] "POST /xingrg/dwr/call/plaincall/AjaxCheckService.setItemNumber.dwr HTTP/1.1" 200 76
218.81.76.85 - - [01/Aug/2023:09:14:34 +0800] "POST /xingrg/dwr/call/plaincall/AjaxCheckService.setItemNumber.dwr HTTP/1.1" 200 76
218.81.76.85 - - [01/Aug/2023:09:14:34 +0800] "POST /xingrg/dwr/call/plaincall/AjaxCheckService.setItemNumber.dwr HTTP/1.1" 200 76
120.253.135.82 - - [01/Aug/2023:09:14:35 +0800] "GET /xingrg/kc/pszx/mdqp_order_list.html?state=10 HTTP/1.1" 200 11120
120.253.135.82 - - [01/Aug/2023:09:14:35 +0800] "GET /xingrg/dwr/interface/AjaxQqpsService.js HTTP/1.1" 200 16326
120.253.135.82 - - [01/Aug/2023:09:14:35 +0800] "GET /xingrg/dwr/interface/AjaxReportQueryService.js HTTP/1.1" 200 13203
120.253.135.82 - - [01/Aug/2023:09:14:35 +0800] "GET /xingrg/dwr/engine.js HTTP/1.1" 200 43631
218.81.76.85 - - [01/Aug/2023:09:14:35 +0800] "POST /xingrg/dwr/call/plaincall/AjaxCheckService.setItemNumber.dwr HTTP/1.1" 200 76
218.81.76.85 - - [01/Aug/2023:09:14:36 +0800] "POST /xingrg/dwr/call/plaincall/AjaxCheckService.setItemNumber.dwr HTTP/1.1" 200 76
218.81.76.85 - - [01/Aug/2023:09:14:36 +0800] "POST /xingrg/dwr/call/plaincall/AjaxCheckService.setItemNumber.dwr HTTP/1.1" 200 76
218.81.76.85 - - [01/Aug/2023:09:14:36 +0800] "POST /xingrg/dwr/call/plaincall/AjaxCheckService.setItemNumber.dwr HTTP/1.1" 200 77
180.165.154.167 - - [01/Aug/2023:09:14:36 +0800] "POST /xingrg/services/DataTransmitService HTTP/1.1" 200 524
218.81.76.85 - - [01/Aug/2023:09:14:37 +0800] "POST /xingrg/dwr/call/plaincall/AjaxCheckService.setItemNumber.dwr HTTP/1.1" 200 77
218.81.76.85 - - [01/Aug/2023:09:14:37 +0800] "POST /xingrg/dwr/call/plaincall/AjaxCheckService.setItemNumber.dwr HTTP/1.1" 200 77
218.81.76.85 - - [01/Aug/2023:09:14:37 +0800] "POST /xingrg/dwr/call/plaincall/AjaxCheckService.setItemNumber.dwr HTTP/1.1" 200 77
120.253.135.82 - - [01/Aug/2023:09:14:38 +0800] "GET /xingrg/kc/pszx/jzcl_ps.html HTTP/1.1" 200 7683
116.238.191.126 - - [01/Aug/2023:09:14:38 +0800] "GET /xingrg/all/function/internal_message.html?_=1690852477603&CODE_STATE=getMsg HTTP/1.1" 200 27
218.81.76.85 - - [01/Aug/2023:09:14:38 +0800] "POST /xingrg/dwr/call/plaincall/AjaxCheckService.setItemNumber.dwr HTTP/1.1" 200 77
218.81.76.85 - - [01/Aug/2023:09:14:38 +0800] "POST /xingrg/dwr/call/plaincall/AjaxCheckService.setItemNumber.dwr HTTP/1.1" 200 77
218.81.76.85 - - [01/Aug/2023:09:14:39 +0800] "POST /xingrg/dwr/call/plaincall/AjaxCheckService.setItemNumber.dwr HTTP/1.1" 200 77
218.81.76.85 - - [01/Aug/2023:09:14:39 +0800] "POST /xingrg/dwr/call/plaincall/AjaxCheckService.setItemNumber.dwr HTTP/1.1" 200 77
120.253.135.82 - - [01/Aug/2023:09:14:40 +0800] "POST /xingrg/kc/pszx/jzcl_ps_operate.html HTTP/1.1" 200 891
218.81.76.85 - - [01/Aug/2023:09:14:40 +0800] "POST /xingrg/dwr/call/plaincall/AjaxCheckService.setItemNumber.dwr HTTP/1.1" 200 77
120.253.135.82 - - [01/Aug/2023:09:14:40 +0800] "POST /xingrg/kc/pszx/jzcl_ps_operate.html HTTP/1.1" 200 891
218.81.76.85 - - [01/Aug/2023:09:14:40 +0800] "POST /xingrg/dwr/call/plaincall/AjaxCheckService.setItemNumber.dwr HTTP/1.1" 200 77
120.253.135.82 - - [01/Aug/2023:09:14:40 +0800] "GET /xingrg/all/function/internal_message.html?_=1690852301815&CODE_STATE=getMsg HTTP/1.1" 200 27
120.253.135.82 - - [01/Aug/2023:09:14:41 +0800] "POST /xingrg/all/common/load_tree.html?tree=area_rest_tree_json HTTP/1.1" 200 3499
124.79.243.110 - - [01/Aug/2023:09:14:41 +0800] "GET /xingrg/all/function/internal_message.html?_=1690852770047&CODE_STATE=getMsg HTTP/1.1" 200 27
218.81.76.85 - - [01/Aug/2023:09:14:41 +0800] "POST /xingrg/dwr/call/plaincall/AjaxCheckService.setItemNumber.dwr HTTP/1.1" 200 77
218.81.76.85 - - [01/Aug/2023:09:14:41 +0800] "POST /xingrg/dwr/call/plaincall/AjaxCheckService.setItemNumber.dwr HTTP/1.1" 200 77
222.69.130.71 - - [01/Aug/2023:09:14:42 +0800] "GET /xingrg/kc/buy/cgsh_order_operate.html?command=get_materiel&rest_code=00149&code=00101002027&supplier_code=00100039&order_time=2023-08-01 HTTP/1.1" 200 413
218.81.76.85 - - [01/Aug/2023:09:14:42 +0800] "POST /xingrg/dwr/call/plaincall/AjaxCheckService.setItemNumber.dwr HTTP/1.1" 200 77
218.81.76.85 - - [01/Aug/2023:09:14:43 +0800] "POST /xingrg/dwr/call/plaincall/AjaxCheckService.setItemNumber.dwr HTTP/1.1" 200 77
218.81.76.85 - - [01/Aug/2023:09:14:43 +0800] "POST /xingrg/dwr/call/plaincall/AjaxCheckService.setItemNumber.dwr HTTP/1.1" 200 77
116.230.112.71 - - [01/Aug/2023:09:14:43 +0800] "POST /xingrg/dwr/call/plaincall/AjaxCheckService.setItemRemark.dwr HTTP/1.1" 200 77
218.81.76.85 - - [01/Aug/2023:09:14:44 +0800] "POST /xingrg/dwr/call/plaincall/AjaxCheckService.setItemNumber.dwr HTTP/1.1" 200 77
116.232.195.127 - - [01/Aug/2023:09:14:44 +0800] "GET /xingrg/all/function/internal_message.html?_=1690852426787&CODE_STATE=getMsg HTTP/1.1" 200 27
218.81.76.85 - - [01/Aug/2023:09:14:44 +0800] "POST /xingrg/dwr/call/plaincall/AjaxCheckService.setItemNumber.dwr HTTP/1.1" 200 77
218.81.76.85 - - [01/Aug/2023:09:14:44 +0800] "POST /xingrg/dwr/call/plaincall/AjaxCheckService.setItemNumber.dwr HTTP/1.1" 200 77
218.81.76.85 - - [01/Aug/2023:09:14:44 +0800] "POST /xingrg/dwr/call/plaincall/AjaxCheckService.setItemNumber.dwr HTTP/1.1" 200 77
218.81.76.85 - - [01/Aug/2023:09:14:45 +0800] "POST /xingrg/dwr/call/plaincall/AjaxCheckService.setItemNumber.dwr HTTP/1.1" 200 77
218.81.76.85 - - [01/Aug/2023:09:14:45 +0800] "POST /xingrg/dwr/call/plaincall/AjaxCheckService.setItemNumber.dwr HTTP/1.1" 200 77
218.81.76.85 - - [01/Aug/2023:09:14:46 +0800] "POST /xingrg/dwr/call/plaincall/AjaxCheckService.setItemNumber.dwr HTTP/1.1" 200 77
218.81.76.85 - - [01/Aug/2023:09:14:46 +0800] "POST /xingrg/dwr/call/plaincall/AjaxCheckService.setItemNumber.dwr HTTP/1.1" 200 77
218.81.76.85 - - [01/Aug/2023:09:14:46 +0800] "POST /xingrg/dwr/call/plaincall/AjaxCheckService.setItemNumber.dwr HTTP/1.1" 200 77
218.81.76.85 - - [01/Aug/2023:09:14:47 +0800] "POST /xingrg/dwr/call/plaincall/AjaxCheckService.setItemRemark.dwr HTTP/1.1" 200 77
116.238.191.126 - - [01/Aug/2023:09:14:47 +0800] "GET /xingrg/check_reg.html?_=1690852366574 HTTP/1.1" 200 22
116.238.191.126 - - [01/Aug/2023:09:14:47 +0800] "GET /xingrg/all/function/internal_message.html?_=1690852366668&CODE_STATE=getMsg HTTP/1.1" 200 27
218.81.76.85 - - [01/Aug/2023:09:14:48 +0800] "POST /xingrg/dwr/call/plaincall/AjaxCheckService.setItemNumber.dwr HTTP/1.1" 200 77
218.81.76.85 - - [01/Aug/2023:09:14:48 +0800] "POST /xingrg/dwr/call/plaincall/AjaxCheckService.setItemNumber.dwr HTTP/1.1" 200 77
218.81.76.85 - - [01/Aug/2023:09:14:49 +0800] "POST /xingrg/dwr/call/plaincall/AjaxCheckService.setItemNumber.dwr HTTP/1.1" 200 77
218.81.76.85 - - [01/Aug/2023:09:14:49 +0800] "POST /xingrg/dwr/call/plaincall/AjaxCheckService.setItemNumber.dwr HTTP/1.1" 200 77
218.81.76.85 - - [01/Aug/2023:09:14:50 +0800] "POST /xingrg/dwr/call/plaincall/AjaxCheckService.setItemNumber.dwr HTTP/1.1" 200 77
218.81.76.85 - - [01/Aug/2023:09:14:50 +0800] "POST /xingrg/dwr/call/plaincall/AjaxCheckService.setItemNumber.dwr HTTP/1.1" 200 77
218.81.76.85 - - [01/Aug/2023:09:14:51 +0800] "POST /xingrg/dwr/call/plaincall/AjaxCheckService.setItemNumber.dwr HTTP/1.1" 200 77
218.81.76.85 - - [01/Aug/2023:09:14:51 +0800] "POST /xingrg/dwr/call/plaincall/AjaxCheckService.setItemNumber.dwr HTTP/1.1" 200 77
218.81.76.85 - - [01/Aug/2023:09:14:51 +0800] "POST /xingrg/dwr/call/plaincall/AjaxCheckService.setItemNumber.dwr HTTP/1.1" 200 77
218.81.76.85 - - [01/Aug/2023:09:14:51 +0800] "POST /xingrg/dwr/call/plaincall/AjaxCheckService.setItemNumber.dwr HTTP/1.1" 200 77
218.81.76.85 - - [01/Aug/2023:09:14:52 +0800] "POST /xingrg/dwr/call/plaincall/AjaxCheckService.setItemNumber.dwr HTTP/1.1" 200 77
218.81.76.85 - - [01/Aug/2023:09:14:53 +0800] "POST /xingrg/dwr/call/plaincall/AjaxCheckService.setItemNumber.dwr HTTP/1.1" 200 77
218.81.76.85 - - [01/Aug/2023:09:14:53 +0800] "POST /xingrg/dwr/call/plaincall/AjaxCheckService.setItemNumber.dwr HTTP/1.1" 200 77
218.81.76.85 - - [01/Aug/2023:09:14:53 +0800] "POST /xingrg/dwr/call/plaincall/AjaxCheckService.setItemNumber.dwr HTTP/1.1" 200 77
101.83.145.37 - - [01/Aug/2023:09:14:53 +0800] "GET /xingrg/all/function/internal_message.html?_=1690852493962&CODE_STATE=getMsg HTTP/1.1" 200 27
218.81.76.85 - - [01/Aug/2023:09:14:54 +0800] "POST /xingrg/dwr/call/plaincall/AjaxCheckService.setItemRemark.dwr HTTP/1.1" 200 77
116.230.112.71 - - [01/Aug/2023:09:14:55 +0800] "GET /xingrg/all/function/internal_message.html?_=1690852501322&CODE_STATE=getMsg HTTP/1.1" 200 27
222.69.130.71 - - [01/Aug/2023:09:14:57 +0800] "GET /xingrg/kc/buy/cgsh_order_operate.html?command=get_materiel&rest_code=00149&code=00101002041&supplier_code=00100039&order_time=2023-08-01 HTTP/1.1" 200 409
218.81.76.85 - - [01/Aug/2023:09:14:57 +0800] "POST /xingrg/dwr/call/plaincall/AjaxCheckService.setItemNumber.dwr HTTP/1.1" 200 77
218.81.76.85 - - [01/Aug/2023:09:14:58 +0800] "POST /xingrg/dwr/call/plaincall/AjaxCheckService.setItemNumber.dwr HTTP/1.1" 200 77
218.81.76.85 - - [01/Aug/2023:09:14:59 +0800] "POST /xingrg/dwr/call/plaincall/AjaxCheckService.setItemNumber.dwr HTTP/1.1" 200 77
218.81.76.85 - - [01/Aug/2023:09:15:00 +0800] "POST /xingrg/dwr/call/plaincall/AjaxCheckService.setItemNumber.dwr HTTP/1.1" 200 77
218.81.76.85 - - [01/Aug/2023:09:15:00 +0800] "POST /xingrg/dwr/call/plaincall/AjaxCheckService.setItemNumber.dwr HTTP/1.1" 200 77
218.81.76.85 - - [01/Aug/2023:09:15:01 +0800] "POST /xingrg/dwr/call/plaincall/AjaxCheckService.setItemNumber.dwr HTTP/1.1" 200 77
218.81.76.85 - - [01/Aug/2023:09:15:01 +0800] "POST /xingrg/dwr/call/plaincall/AjaxCheckService.setItemNumber.dwr HTTP/1.1" 200 77
114.83.220.65 - - [01/Aug/2023:09:15:02 +0800] "GET /xingrg/all/function/internal_message.html?_=1690852630893&CODE_STATE=getMsg HTTP/1.1" 200 27
218.81.76.85 - - [01/Aug/2023:09:15:02 +0800] "POST /xingrg/dwr/call/plaincall/AjaxCheckService.setItemNumber.dwr HTTP/1.1" 200 77
218.81.76.85 - - [01/Aug/2023:09:15:02 +0800] "GET /xingrg/all/function/internal_message.html?_=1690852501917&CODE_STATE=getMsg HTTP/1.1" 200 27
218.81.76.85 - - [01/Aug/2023:09:15:02 +0800] "POST /xingrg/dwr/call/plaincall/AjaxCheckService.setItemNumber.dwr HTTP/1.1" 200 77
218.81.76.85 - - [01/Aug/2023:09:15:03 +0800] "POST /xingrg/dwr/call/plaincall/AjaxCheckService.setItemNumber.dwr HTTP/1.1" 200 77
218.81.76.85 - - [01/Aug/2023:09:15:03 +0800] "POST /xingrg/dwr/call/plaincall/AjaxCheckService.setItemNumber.dwr HTTP/1.1" 200 77
218.81.76.85 - - [01/Aug/2023:09:15:04 +0800] "POST /xingrg/dwr/call/plaincall/AjaxCheckService.setItemNumber.dwr HTTP/1.1" 200 77
218.81.76.85 - - [01/Aug/2023:09:15:04 +0800] "POST /xingrg/dwr/call/plaincall/AjaxCheckService.setItemNumber.dwr HTTP/1.1" 200 77
218.81.76.85 - - [01/Aug/2023:09:15:05 +0800] "POST /xingrg/dwr/call/plaincall/AjaxCheckService.setItemNumber.dwr HTTP/1.1" 200 77
218.81.76.85 - - [01/Aug/2023:09:15:05 +0800] "POST /xingrg/dwr/call/plaincall/AjaxCheckService.setItemNumber.dwr HTTP/1.1" 200 77
116.230.112.71 - - [01/Aug/2023:09:15:06 +0800] "POST /xingrg/dwr/call/plaincall/AjaxCheckService.setItemRemark.dwr HTTP/1.1" 200 77
218.81.76.85 - - [01/Aug/2023:09:15:06 +0800] "POST /xingrg/dwr/call/plaincall/AjaxCheckService.setItemNumber.dwr HTTP/1.1" 200 77
218.81.76.85 - - [01/Aug/2023:09:15:06 +0800] "POST /xingrg/dwr/call/plaincall/AjaxCheckService.setItemRemark.dwr HTTP/1.1" 200 77
218.81.76.85 - - [01/Aug/2023:09:15:06 +0800] "POST /xingrg/dwr/call/plaincall/AjaxCheckService.setItemNumber.dwr HTTP/1.1" 200 77
218.81.76.85 - - [01/Aug/2023:09:15:07 +0800] "POST /xingrg/dwr/call/plaincall/AjaxCheckService.setItemNumber.dwr HTTP/1.1" 200 77
218.81.76.85 - - [01/Aug/2023:09:15:07 +0800] "POST /xingrg/dwr/call/plaincall/AjaxCheckService.setItemNumber.dwr HTTP/1.1" 200 77
218.81.76.85 - - [01/Aug/2023:09:15:07 +0800] "POST /xingrg/dwr/call/plaincall/AjaxCheckService.setItemNumber.dwr HTTP/1.1" 200 77
218.81.76.85 - - [01/Aug/2023:09:15:08 +0800] "POST /xingrg/dwr/call/plaincall/AjaxCheckService.setItemNumber.dwr HTTP/1.1" 200 77
116.228.172.122 - - [01/Aug/2023:09:15:08 +0800] "GET /xingrg/all/function/internal_message.html?_=1690852401293&CODE_STATE=getMsg HTTP/1.1" 302 -
218.81.76.85 - - [01/Aug/2023:09:15:08 +0800] "POST /xingrg/dwr/call/plaincall/AjaxCheckService.setItemNumber.dwr HTTP/1.1" 200 77
218.81.76.85 - - [01/Aug/2023:09:15:09 +0800] "POST /xingrg/dwr/call/plaincall/AjaxCheckService.setItemNumber.dwr HTTP/1.1" 200 77
218.81.76.85 - - [01/Aug/2023:09:15:09 +0800] "POST /xingrg/dwr/call/plaincall/AjaxCheckService.setItemNumber.dwr HTTP/1.1" 200 77
218.81.76.85 - - [01/Aug/2023:09:15:09 +0800] "POST /xingrg/dwr/call/plaincall/AjaxCheckService.setItemNumber.dwr HTTP/1.1" 200 77
218.81.76.85 - - [01/Aug/2023:09:15:11 +0800] "POST /xingrg/dwr/call/plaincall/AjaxCheckService.setItemNumber.dwr HTTP/1.1" 200 77
218.81.76.85 - - [01/Aug/2023:09:15:12 +0800] "POST /xingrg/dwr/call/plaincall/AjaxCheckService.setItemNumber.dwr HTTP/1.1" 200 77
120.253.135.82 - - [01/Aug/2023:09:15:16 +0800] "POST /xingrg/kc/pszx/jzcl_ps_operate.html HTTP/1.1" 200 4
222.70.180.90 - - [01/Aug/2023:09:15:17 +0800] "GET /xingrg/all/function/internal_message.html?_=1690852517454&CODE_STATE=getMsg HTTP/1.1" 200 27
58.40.7.146 - - [01/Aug/2023:09:15:17 +0800] "GET /xingrg/all/function/internal_message.html?_=1690852517853&CODE_STATE=getMsg HTTP/1.1" 302 -
218.81.76.85 - - [01/Aug/2023:09:15:18 +0800] "POST /xingrg/dwr/call/plaincall/AjaxCheckService.setItemNumber.dwr HTTP/1.1" 200 77
218.81.76.85 - - [01/Aug/2023:09:15:19 +0800] "POST /xingrg/dwr/call/plaincall/AjaxCheckService.setItemNumber.dwr HTTP/1.1" 200 77
101.228.187.155 - - [01/Aug/2023:09:15:20 +0800] "GET /xingrg/all/function/internal_message.html?_=1690852518925&CODE_STATE=getMsg HTTP/1.1" 200 27
218.81.76.85 - - [01/Aug/2023:09:15:20 +0800] "POST /xingrg/dwr/call/plaincall/AjaxCheckService.setItemNumber.dwr HTTP/1.1" 200 77
120.253.135.82 - - [01/Aug/2023:09:15:21 +0800] "POST /xingrg/kc/pszx/jzcl_ps_operate.html HTTP/1.1" 200 21
218.81.76.85 - - [01/Aug/2023:09:15:21 +0800] "POST /xingrg/dwr/call/plaincall/AjaxCheckService.setItemNumber.dwr HTTP/1.1" 200 77
222.70.114.12 - - [01/Aug/2023:09:15:21 +0800] "GET /xingrg/all/function/internal_message.html?_=1690852521867&CODE_STATE=getMsg HTTP/1.1" 302 -
120.253.135.82 - - [01/Aug/2023:09:15:22 +0800] "GET /xingrg/kc/pszx/mdps_order_list.html HTTP/1.1" 200 21111
218.81.76.85 - - [01/Aug/2023:09:15:22 +0800] "POST /xingrg/dwr/call/plaincall/AjaxCheckService.setItemNumber.dwr HTTP/1.1" 200 77
114.83.220.65 - - [01/Aug/2023:09:15:23 +0800] "POST /xingrg/dwr/call/plaincall/AjaxCheckService.setItemNumber.dwr HTTP/1.1" 200 77
222.70.180.90 - - [01/Aug/2023:09:15:23 +0800] "GET /xingrg/all/function/internal_message.html?_=1690852523290&CODE_STATE=getMsg HTTP/1.1" 200 27
222.70.180.90 - - [01/Aug/2023:09:15:23 +0800] "GET /xingrg/check_reg.html?_=1690852523292 HTTP/1.1" 200 22
218.81.76.85 - - [01/Aug/2023:09:15:23 +0800] "POST /xingrg/dwr/call/plaincall/AjaxCheckService.setItemNumber.dwr HTTP/1.1" 200 77
218.81.76.85 - - [01/Aug/2023:09:15:23 +0800] "POST /xingrg/dwr/call/plaincall/AjaxCheckService.setItemNumber.dwr HTTP/1.1" 200 77
120.253.135.82 - - [01/Aug/2023:09:15:24 +0800] "POST /xingrg/kc/pszx/mdps_list_operate.html HTTP/1.1" 200 5455
218.81.76.85 - - [01/Aug/2023:09:15:24 +0800] "POST /xingrg/dwr/call/plaincall/AjaxCheckService.setItemNumber.dwr HTTP/1.1" 200 77
218.81.76.85 - - [01/Aug/2023:09:15:25 +0800] "POST /xingrg/dwr/call/plaincall/AjaxCheckService.setItemNumber.dwr HTTP/1.1" 200 77
218.81.76.85 - - [01/Aug/2023:09:15:25 +0800] "POST /xingrg/dwr/call/plaincall/AjaxCheckService.setItemNumber.dwr HTTP/1.1" 200 77
218.81.76.85 - - [01/Aug/2023:09:15:25 +0800] "POST /xingrg/dwr/call/plaincall/AjaxCheckService.setItemRemark.dwr HTTP/1.1" 200 77
218.81.76.85 - - [01/Aug/2023:09:15:25 +0800] "POST /xingrg/dwr/call/plaincall/AjaxCheckService.setItemNumber.dwr HTTP/1.1" 200 77
218.81.76.85 - - [01/Aug/2023:09:15:25 +0800] "POST /xingrg/dwr/call/plaincall/AjaxCheckService.setItemNumber.dwr HTTP/1.1" 200 77
218.81.76.85 - - [01/Aug/2023:09:15:25 +0800] "GET /xingrg/all/function/internal_message.html?_=1690852527903&CODE_STATE=getMsg HTTP/1.1" 200 27
218.81.76.85 - - [01/Aug/2023:09:15:26 +0800] "POST /xingrg/dwr/call/plaincall/AjaxCheckService.setItemNumber.dwr HTTP/1.1" 200 77
222.69.130.71 - - [01/Aug/2023:09:15:26 +0800] "GET /xingrg/kc/buy/cgsh_order_operate.html?command=get_materiel&rest_code=00149&code=00101001075&supplier_code=00100039&order_time=2023-08-01 HTTP/1.1" 200 411
218.81.76.85 - - [01/Aug/2023:09:15:27 +0800] "POST /xingrg/dwr/call/plaincall/AjaxCheckService.setItemNumber.dwr HTTP/1.1" 200 77
218.81.76.85 - - [01/Aug/2023:09:15:27 +0800] "POST /xingrg/dwr/call/plaincall/AjaxCheckService.setItemNumber.dwr HTTP/1.1" 200 77
218.81.76.85 - - [01/Aug/2023:09:15:28 +0800] "POST /xingrg/dwr/call/plaincall/AjaxCheckService.setItemNumber.dwr HTTP/1.1" 200 77
116.230.112.71 - - [01/Aug/2023:09:15:28 +0800] "POST /xingrg/dwr/call/plaincall/AjaxCheckService.setItemRemark.dwr HTTP/1.1" 200 77
218.81.76.85 - - [01/Aug/2023:09:15:28 +0800] "POST /xingrg/dwr/call/plaincall/AjaxCheckService.setItemNumber.dwr HTTP/1.1" 200 77
218.81.76.85 - - [01/Aug/2023:09:15:29 +0800] "POST /xingrg/dwr/call/plaincall/AjaxCheckService.setItemNumber.dwr HTTP/1.1" 200 77
218.81.76.85 - - [01/Aug/2023:09:15:29 +0800] "POST /xingrg/dwr/call/plaincall/AjaxCheckService.setItemNumber.dwr HTTP/1.1" 200 77
222.69.130.71 - - [01/Aug/2023:09:15:30 +0800] "GET /xingrg/all/function/internal_message.html?_=1690852530805&CODE_STATE=getMsg HTTP/1.1" 200 27
218.81.76.85 - - [01/Aug/2023:09:15:30 +0800] "POST /xingrg/dwr/call/plaincall/AjaxCheckService.setItemNumber.dwr HTTP/1.1" 200 77
116.230.112.71 - - [01/Aug/2023:09:15:30 +0800] "GET /xingrg/check_reg.html?_=1690852534810 HTTP/1.1" 200 22
218.81.76.85 - - [01/Aug/2023:09:15:30 +0800] "POST /xingrg/dwr/call/plaincall/AjaxCheckService.setItemRemark.dwr HTTP/1.1" 200 77
116.230.112.71 - - [01/Aug/2023:09:15:30 +0800] "GET /xingrg/all/function/internal_message.html?_=1690852535060&CODE_STATE=getMsg HTTP/1.1" 200 27
218.81.76.85 - - [01/Aug/2023:09:15:30 +0800] "POST /xingrg/dwr/call/plaincall/AjaxCheckService.setItemNumber.dwr HTTP/1.1" 200 77
180.152.241.196 - - [01/Aug/2023:09:15:30 +0800] "GET /xingrg/all/function/internal_message.html?_=1690852531217&CODE_STATE=getMsg HTTP/1.1" 302 -
101.83.145.37 - - [01/Aug/2023:09:15:32 +0800] "GET /xingrg/kc/buy/cgsh_order_add.html HTTP/1.1" 200 71844
218.81.76.85 - - [01/Aug/2023:09:15:32 +0800] "POST /xingrg/dwr/call/plaincall/AjaxCheckService.setItemNumber.dwr HTTP/1.1" 200 77
101.83.145.37 - - [01/Aug/2023:09:15:32 +0800] "POST /xingrg/kc/buy/cgsh_order_operate.html HTTP/1.1" 200 8245
101.83.145.37 - - [01/Aug/2023:09:15:33 +0800] "GET /xingrg/javascript/easyui/themes/default/validatebox.css HTTP/1.1" 404 1104
114.83.220.65 - - [01/Aug/2023:09:15:35 +0800] "POST /xingrg/dwr/call/plaincall/AjaxCheckService.setItemNumber.dwr HTTP/1.1" 200 77
218.81.76.85 - - [01/Aug/2023:09:15:36 +0800] "POST /xingrg/dwr/call/plaincall/AjaxCheckService.setItemNumber.dwr HTTP/1.1" 200 77
218.81.76.85 - - [01/Aug/2023:09:15:36 +0800] "POST /xingrg/dwr/call/plaincall/AjaxCheckService.setItemNumber.dwr HTTP/1.1" 200 77
218.81.76.85 - - [01/Aug/2023:09:15:37 +0800] "POST /xingrg/dwr/call/plaincall/AjaxCheckService.setItemNumber.dwr HTTP/1.1" 200 77
218.81.76.85 - - [01/Aug/2023:09:15:37 +0800] "POST /xingrg/dwr/call/plaincall/AjaxCheckService.setItemNumber.dwr HTTP/1.1" 200 77
218.81.76.85 - - [01/Aug/2023:09:15:37 +0800] "POST /xingrg/dwr/call/plaincall/AjaxCheckService.setItemNumber.dwr HTTP/1.1" 200 78
116.238.191.126 - - [01/Aug/2023:09:15:38 +0800] "GET /xingrg/all/function/internal_message.html?_=1690852537614&CODE_STATE=getMsg HTTP/1.1" 200 27
218.81.76.85 - - [01/Aug/2023:09:15:38 +0800] "POST /xingrg/dwr/call/plaincall/AjaxCheckService.setItemNumber.dwr HTTP/1.1" 200 78
116.230.112.71 - - [01/Aug/2023:09:15:40 +0800] "POST /xingrg/dwr/call/plaincall/AjaxCheckService.setItemRemark.dwr HTTP/1.1" 200 77
120.253.135.82 - - [01/Aug/2023:09:15:41 +0800] "GET /xingrg/all/function/internal_message.html?_=1690852361832&CODE_STATE=getMsg HTTP/1.1" 200 27
124.79.243.110 - - [01/Aug/2023:09:15:41 +0800] "GET /xingrg/all/function/internal_message.html?_=1690852830031&CODE_STATE=getMsg HTTP/1.1" 200 27
114.83.220.65 - - [01/Aug/2023:09:15:41 +0800] "POST /xingrg/dwr/call/plaincall/AjaxCheckService.setItemNumber.dwr HTTP/1.1" 200 77
116.232.195.127 - - [01/Aug/2023:09:15:44 +0800] "GET /xingrg/all/function/internal_message.html?_=1690852486759&CODE_STATE=getMsg HTTP/1.1" 200 27
116.238.191.126 - - [01/Aug/2023:09:15:47 +0800] "GET /xingrg/all/function/internal_message.html?_=1690852426682&CODE_STATE=getMsg HTTP/1.1" 200 27
114.83.220.65 - - [01/Aug/2023:09:15:52 +0800] "POST /xingrg/dwr/call/plaincall/AjaxCheckService.setItemNumber.dwr HTTP/1.1" 200 77
222.69.130.71 - - [01/Aug/2023:09:15:53 +0800] "POST /xingrg/kc/buy/cgsh_order_operate.html HTTP/1.1" 200 37
101.83.145.37 - - [01/Aug/2023:09:15:53 +0800] "GET /xingrg/all/function/internal_message.html?_=1690852553954&CODE_STATE=getMsg HTTP/1.1" 200 27
218.81.76.85 - - [01/Aug/2023:09:15:55 +0800] "POST /xingrg/dwr/call/plaincall/AjaxCheckService.setItemNumber.dwr HTTP/1.1" 200 78
218.81.76.85 - - [01/Aug/2023:09:15:55 +0800] "POST /xingrg/dwr/call/plaincall/AjaxCheckService.setItemNumber.dwr HTTP/1.1" 200 78
116.230.112.71 - - [01/Aug/2023:09:15:55 +0800] "GET /xingrg/all/function/internal_message.html?_=1690852561341&CODE_STATE=getMsg HTTP/1.1" 200 27
120.253.135.82 - - [01/Aug/2023:09:15:56 +0800] "POST /xingrg/kc/pszx/mdps_list_operate.html HTTP/1.1" 200 2063
218.81.76.85 - - [01/Aug/2023:09:15:56 +0800] "POST /xingrg/dwr/call/plaincall/AjaxCheckService.setItemNumber.dwr HTTP/1.1" 200 78
218.81.76.85 - - [01/Aug/2023:09:15:56 +0800] "POST /xingrg/dwr/call/plaincall/AjaxCheckService.setItemNumber.dwr HTTP/1.1" 200 78
101.83.145.37 - - [01/Aug/2023:09:15:56 +0800] "GET /xingrg/kc/buy/cgsh_order_operate.html?command=get_materiel&rest_code=00105&code=00101001010&supplier_code=00100397&order_time=2023-08-01 HTTP/1.1" 200 409
218.81.76.85 - - [01/Aug/2023:09:15:57 +0800] "POST /xingrg/dwr/call/plaincall/AjaxCheckService.setItemNumber.dwr HTTP/1.1" 200 78
114.83.220.65 - - [01/Aug/2023:09:15:57 +0800] "POST /xingrg/dwr/call/plaincall/AjaxCheckService.setItemNumber.dwr HTTP/1.1" 200 77
120.253.135.82 - - [01/Aug/2023:09:15:57 +0800] "POST /xingrg/kc/pszx/mdps_list_operate.html HTTP/1.1" 200 620
218.81.76.85 - - [01/Aug/2023:09:15:58 +0800] "POST /xingrg/dwr/call/plaincall/AjaxCheckService.setItemNumber.dwr HTTP/1.1" 200 78
218.81.76.85 - - [01/Aug/2023:09:15:58 +0800] "POST /xingrg/dwr/call/plaincall/AjaxCheckService.setItemNumber.dwr HTTP/1.1" 200 78
218.81.76.85 - - [01/Aug/2023:09:15:58 +0800] "POST /xingrg/dwr/call/plaincall/AjaxCheckService.setItemNumber.dwr HTTP/1.1" 200 78
218.81.76.85 - - [01/Aug/2023:09:15:59 +0800] "POST /xingrg/dwr/call/plaincall/AjaxCheckService.setItemNumber.dwr HTTP/1.1" 200 78
218.81.76.85 - - [01/Aug/2023:09:16:00 +0800] "POST /xingrg/dwr/call/plaincall/AjaxCheckService.setItemNumber.dwr HTTP/1.1" 200 78
218.81.76.85 - - [01/Aug/2023:09:16:00 +0800] "POST /xingrg/dwr/call/plaincall/AjaxCheckService.setItemNumber.dwr HTTP/1.1" 200 78
218.81.76.85 - - [01/Aug/2023:09:16:01 +0800] "POST /xingrg/dwr/call/plaincall/AjaxCheckService.setItemNumber.dwr HTTP/1.1" 200 78
120.253.135.82 - - [01/Aug/2023:09:16:01 +0800] "GET /xingrg/kc/pszx/mdps_order_info.html?code=312023080100037 HTTP/1.1" 200 23978
218.81.76.85 - - [01/Aug/2023:09:16:01 +0800] "POST /xingrg/dwr/call/plaincall/AjaxCheckService.setItemNumber.dwr HTTP/1.1" 200 78
218.81.76.85 - - [01/Aug/2023:09:16:01 +0800] "POST /xingrg/dwr/call/plaincall/AjaxCheckService.setItemNumber.dwr HTTP/1.1" 200 78
120.253.135.82 - - [01/Aug/2023:09:16:01 +0800] "GET /xingrg/javascript/easyui/themes/default/validatebox.css HTTP/1.1" 404 1104
114.83.220.65 - - [01/Aug/2023:09:16:02 +0800] "GET /xingrg/all/function/internal_message.html?_=1690852690897&CODE_STATE=getMsg HTTP/1.1" 200 27
120.253.135.82 - - [01/Aug/2023:09:16:02 +0800] "POST /xingrg/kc/pszx/mdps_order_operate.html HTTP/1.1" 200 8263
218.81.76.85 - - [01/Aug/2023:09:16:02 +0800] "GET /xingrg/all/function/internal_message.html?_=1690852561889&CODE_STATE=getMsg HTTP/1.1" 200 27
218.81.76.85 - - [01/Aug/2023:09:16:02 +0800] "POST /xingrg/dwr/call/plaincall/AjaxCheckService.setItemNumber.dwr HTTP/1.1" 200 78
218.81.76.85 - - [01/Aug/2023:09:16:03 +0800] "POST /xingrg/dwr/call/plaincall/AjaxCheckService.setItemNumber.dwr HTTP/1.1" 200 78
218.81.76.85 - - [01/Aug/2023:09:16:04 +0800] "POST /xingrg/dwr/call/plaincall/AjaxCheckService.setItemNumber.dwr HTTP/1.1" 200 78
218.81.76.85 - - [01/Aug/2023:09:16:05 +0800] "POST /xingrg/dwr/call/plaincall/AjaxCheckService.setItemNumber.dwr HTTP/1.1" 200 78
218.81.76.85 - - [01/Aug/2023:09:16:06 +0800] "POST /xingrg/dwr/call/plaincall/AjaxCheckService.setItemNumber.dwr HTTP/1.1" 200 78
218.81.76.85 - - [01/Aug/2023:09:16:06 +0800] "POST /xingrg/dwr/call/plaincall/AjaxCheckService.setItemNumber.dwr HTTP/1.1" 200 78
218.81.76.85 - - [01/Aug/2023:09:16:07 +0800] "POST /xingrg/dwr/call/plaincall/AjaxCheckService.setItemNumber.dwr HTTP/1.1" 200 78
218.81.76.85 - - [01/Aug/2023:09:16:07 +0800] "POST /xingrg/dwr/call/plaincall/AjaxCheckService.setItemNumber.dwr HTTP/1.1" 200 78
116.228.172.122 - - [01/Aug/2023:09:16:08 +0800] "GET /xingrg/all/function/internal_message.html?_=1690852461291&CODE_STATE=getMsg HTTP/1.1" 302 -
116.228.172.122 - - [01/Aug/2023:09:16:08 +0800] "GET /xingrg/check_reg.html?_=1690852461294 HTTP/1.1" 302 -
218.81.76.85 - - [01/Aug/2023:09:16:08 +0800] "POST /xingrg/dwr/call/plaincall/AjaxCheckService.setItemNumber.dwr HTTP/1.1" 200 78
218.81.76.85 - - [01/Aug/2023:09:16:08 +0800] "POST /xingrg/dwr/call/plaincall/AjaxCheckService.setItemNumber.dwr HTTP/1.1" 200 78
218.81.76.85 - - [01/Aug/2023:09:16:09 +0800] "POST /xingrg/dwr/call/plaincall/AjaxCheckService.setItemNumber.dwr HTTP/1.1" 200 78
120.253.135.82 - - [01/Aug/2023:09:16:09 +0800] "POST /xingrg/kc/pszx/mdps_order_operate.html HTTP/1.1" 200 37
114.83.220.65 - - [01/Aug/2023:09:16:09 +0800] "POST /xingrg/dwr/call/plaincall/AjaxCheckService.setItemNumber.dwr HTTP/1.1" 200 77
120.253.135.82 - - [01/Aug/2023:09:16:11 +0800] "GET /xingrg/kc/pszx/mdps_order_info.html?code=312023080100037 HTTP/1.1" 200 23978
218.81.76.85 - - [01/Aug/2023:09:16:12 +0800] "POST /xingrg/dwr/call/plaincall/AjaxCheckService.setItemRemark.dwr HTTP/1.1" 200 77
120.253.135.82 - - [01/Aug/2023:09:16:12 +0800] "GET /xingrg/javascript/easyui/themes/default/validatebox.css HTTP/1.1" 404 1104
116.230.112.71 - - [01/Aug/2023:09:16:14 +0800] "GET /xingrg/kc/buy/cgsh_order_list.html HTTP/1.1" 200 55986
222.70.180.90 - - [01/Aug/2023:09:16:17 +0800] "GET /xingrg/all/function/internal_message.html?_=1690852577453&CODE_STATE=getMsg HTTP/1.1" 200 27
58.40.7.146 - - [01/Aug/2023:09:16:17 +0800] "GET /xingrg/all/function/internal_message.html?_=1690852577840&CODE_STATE=getMsg HTTP/1.1" 302 -
222.69.130.71 - - [01/Aug/2023:09:16:19 +0800] "POST /xingrg/kc/buy/cgsh_order_operate.html HTTP/1.1" 200 12
120.253.135.82 - - [01/Aug/2023:09:16:19 +0800] "POST /xingrg/kc/pszx/mdps_order_operate.html HTTP/1.1" 200 8367
101.228.187.155 - - [01/Aug/2023:09:16:20 +0800] "GET /xingrg/all/function/internal_message.html?_=1690852578923&CODE_STATE=getMsg HTTP/1.1" 200 27
116.230.112.71 - - [01/Aug/2023:09:16:21 +0800] "POST /xingrg/kc/buy/cgsh_list_operate.html HTTP/1.1" 200 986
222.70.114.12 - - [01/Aug/2023:09:16:21 +0800] "GET /xingrg/all/function/internal_message.html?_=1690852581884&CODE_STATE=getMsg HTTP/1.1" 302 -
218.81.76.85 - - [01/Aug/2023:09:16:22 +0800] "POST /xingrg/dwr/call/plaincall/AjaxCheckService.setItemRemark.dwr HTTP/1.1" 200 77
222.70.180.90 - - [01/Aug/2023:09:16:23 +0800] "GET /xingrg/all/function/internal_message.html?_=1690852583291&CODE_STATE=getMsg HTTP/1.1" 200 27
222.69.130.71 - - [01/Aug/2023:09:16:23 +0800] "GET /xingrg/kc/buy/cgsh_order_info.html?code=212023080100015 HTTP/1.1" 200 66759
222.69.130.71 - - [01/Aug/2023:09:16:24 +0800] "GET /xingrg/javascript/easyui/themes/default/validatebox.css HTTP/1.1" 404 1104
222.69.130.71 - - [01/Aug/2023:09:16:25 +0800] "POST /xingrg/kc/buy/cgsh_order_operate.html HTTP/1.1" 200 1790
218.81.76.85 - - [01/Aug/2023:09:16:26 +0800] "GET /xingrg/all/function/internal_message.html?_=1690852587917&CODE_STATE=getMsg HTTP/1.1" 200 27
222.69.130.71 - - [01/Aug/2023:09:16:29 +0800] "GET /xingrg/kc/print/load_data.html?order_code=212023080100015&kc_code=cgsh&condition= HTTP/1.1" 200 1169
222.69.130.71 - - [01/Aug/2023:09:16:30 +0800] "GET /xingrg/all/function/internal_message.html?_=1690852590811&CODE_STATE=getMsg HTTP/1.1" 200 27
218.81.76.85 - - [01/Aug/2023:09:16:30 +0800] "POST /xingrg/dwr/call/plaincall/AjaxCheckService.setItemRemark.dwr HTTP/1.1" 200 77
116.230.112.71 - - [01/Aug/2023:09:16:30 +0800] "GET /xingrg/all/function/internal_message.html?_=1690852595076&CODE_STATE=getMsg HTTP/1.1" 200 27
116.230.112.71 - - [01/Aug/2023:09:16:30 +0800] "GET /xingrg/kc/buy/cgsh_order_add.html HTTP/1.1" 200 71762
116.230.112.71 - - [01/Aug/2023:09:16:30 +0800] "GET /xingrg/javascript/jquery_tools/order_manager.js HTTP/1.1" 304 -
116.230.112.71 - - [01/Aug/2023:09:16:30 +0800] "GET /xingrg/javascript/json2.js HTTP/1.1" 304 -
116.230.112.71 - - [01/Aug/2023:09:16:30 +0800] "GET /xingrg/words/20230731144558_words.js HTTP/1.1" 304 -
120.253.135.82 - - [01/Aug/2023:09:16:30 +0800] "POST /xingrg/kc/pszx/mdps_order_operate.html HTTP/1.1" 200 37
116.230.112.71 - - [01/Aug/2023:09:16:30 +0800] "POST /xingrg/kc/buy/cgsh_order_operate.html HTTP/1.1" 200 8245
180.152.241.196 - - [01/Aug/2023:09:16:30 +0800] "GET /xingrg/all/function/internal_message.html?_=1690852591201&CODE_STATE=getMsg HTTP/1.1" 302 -
116.230.112.71 - - [01/Aug/2023:09:16:31 +0800] "GET /xingrg/javascript/easyui/themes/default/validatebox.css HTTP/1.1" 404 1104
116.230.112.71 - - [01/Aug/2023:09:16:31 +0800] "GET /xingrg/javascript/easyui/plugins/jquery.validatebox.js HTTP/1.1" 304 -
116.230.112.71 - - [01/Aug/2023:09:16:31 +0800] "GET /xingrg/javascript/easyui/plugins/jquery.numberbox.js HTTP/1.1" 304 -
116.230.112.71 - - [01/Aug/2023:09:16:31 +0800] "GET /xingrg/all/common/auto_word.html?type=employee&rest_code=00146 HTTP/1.1" 200 101
116.230.112.71 - - [01/Aug/2023:09:16:31 +0800] "GET /xingrg/all/common/auto_word.html?type=employee&rest_code=00146 HTTP/1.1" 200 101
120.253.135.82 - - [01/Aug/2023:09:16:34 +0800] "GET /xingrg/kc/pszx/mdps_order_info.html?code=312023080100037 HTTP/1.1" 200 23978
120.253.135.82 - - [01/Aug/2023:09:16:34 +0800] "GET /xingrg/javascript/easyui/themes/default/validatebox.css HTTP/1.1" 404 1104
101.83.145.37 - - [01/Aug/2023:09:16:35 +0800] "POST /xingrg/kc/buy/cgsh_order_operate.html HTTP/1.1" 200 37
120.253.135.82 - - [01/Aug/2023:09:16:35 +0800] "POST /xingrg/kc/pszx/mdps_order_operate.html HTTP/1.1" 200 8367
218.81.76.85 - - [01/Aug/2023:09:16:36 +0800] "POST /xingrg/dwr/call/plaincall/AjaxCheckService.setItemNumber.dwr HTTP/1.1" 200 78
116.230.112.71 - - [01/Aug/2023:09:16:36 +0800] "GET /xingrg/javascript/auto/indicator.gif HTTP/1.1" 404 1066
218.81.76.85 - - [01/Aug/2023:09:16:36 +0800] "POST /xingrg/dwr/call/plaincall/AjaxCheckService.setItemNumber.dwr HTTP/1.1" 200 78
101.83.145.37 - - [01/Aug/2023:09:16:37 +0800] "POST /xingrg/kc/buy/cgsh_order_operate.html HTTP/1.1" 200 2652
218.81.76.85 - - [01/Aug/2023:09:16:37 +0800] "POST /xingrg/dwr/call/plaincall/AjaxCheckService.setItemNumber.dwr HTTP/1.1" 200 78
218.81.76.85 - - [01/Aug/2023:09:16:37 +0800] "POST /xingrg/dwr/call/plaincall/AjaxCheckService.setItemNumber.dwr HTTP/1.1" 200 78
218.81.76.85 - - [01/Aug/2023:09:16:37 +0800] "POST /xingrg/dwr/call/plaincall/AjaxCheckService.setItemNumber.dwr HTTP/1.1" 200 78
218.81.76.85 - - [01/Aug/2023:09:16:38 +0800] "POST /xingrg/dwr/call/plaincall/AjaxCheckService.setItemNumber.dwr HTTP/1.1" 200 78
116.238.191.126 - - [01/Aug/2023:09:16:38 +0800] "GET /xingrg/all/function/internal_message.html?_=1690852597602&CODE_STATE=getMsg HTTP/1.1" 200 27
218.81.76.85 - - [01/Aug/2023:09:16:38 +0800] "POST /xingrg/dwr/call/plaincall/AjaxCheckService.setItemNumber.dwr HTTP/1.1" 200 78
218.81.76.85 - - [01/Aug/2023:09:16:40 +0800] "POST /xingrg/dwr/call/plaincall/AjaxCheckService.setItemNumber.dwr HTTP/1.1" 200 78
101.83.145.37 - - [01/Aug/2023:09:16:40 +0800] "GET /xingrg/kc/print/load_data.html?order_code=212023080100016&kc_code=cgsh&condition= HTTP/1.1" 200 652
218.81.76.85 - - [01/Aug/2023:09:16:41 +0800] "POST /xingrg/dwr/call/plaincall/AjaxCheckService.setItemNumber.dwr HTTP/1.1" 200 78
120.253.135.82 - - [01/Aug/2023:09:16:41 +0800] "GET /xingrg/all/function/internal_message.html?_=1690852421845&CODE_STATE=getMsg HTTP/1.1" 200 27
218.81.76.85 - - [01/Aug/2023:09:16:41 +0800] "POST /xingrg/dwr/call/plaincall/AjaxCheckService.setItemNumber.dwr HTTP/1.1" 200 78
218.81.76.85 - - [01/Aug/2023:09:16:41 +0800] "POST /xingrg/dwr/call/plaincall/AjaxCheckService.setItemNumber.dwr HTTP/1.1" 200 78
124.79.243.110 - - [01/Aug/2023:09:16:41 +0800] "GET /xingrg/all/function/internal_message.html?_=1690852890045&CODE_STATE=getMsg HTTP/1.1" 200 27
218.81.76.85 - - [01/Aug/2023:09:16:41 +0800] "POST /xingrg/dwr/call/plaincall/AjaxCheckService.setItemNumber.dwr HTTP/1.1" 200 78
218.81.76.85 - - [01/Aug/2023:09:16:42 +0800] "POST /xingrg/dwr/call/plaincall/AjaxCheckService.setItemNumber.dwr HTTP/1.1" 200 78
218.81.76.85 - - [01/Aug/2023:09:16:42 +0800] "POST /xingrg/dwr/call/plaincall/AjaxCheckService.setItemNumber.dwr HTTP/1.1" 200 78
218.81.76.85 - - [01/Aug/2023:09:16:42 +0800] "POST /xingrg/dwr/call/plaincall/AjaxCheckService.setItemNumber.dwr HTTP/1.1" 200 78
218.81.76.85 - - [01/Aug/2023:09:16:43 +0800] "POST /xingrg/dwr/call/plaincall/AjaxCheckService.setItemNumber.dwr HTTP/1.1" 200 78
116.232.195.127 - - [01/Aug/2023:09:16:44 +0800] "GET /xingrg/all/function/internal_message.html?_=1690852546730&CODE_STATE=getMsg HTTP/1.1" 200 27
116.230.112.71 - - [01/Aug/2023:09:16:44 +0800] "GET /xingrg/kc/buy/cgsh_order_operate.html?command=get_materiel&rest_code=00146&code=00101009030&supplier_code=&order_time=2023-08-01 HTTP/1.1" 200 431
101.83.145.37 - - [01/Aug/2023:09:16:45 +0800] "GET /xingrg/kc/buy/cgsh_order_add.html HTTP/1.1" 200 71844
101.83.145.37 - - [01/Aug/2023:09:16:46 +0800] "POST /xingrg/kc/buy/cgsh_order_operate.html HTTP/1.1" 200 8245
101.83.145.37 - - [01/Aug/2023:09:16:46 +0800] "GET /xingrg/javascript/easyui/themes/default/validatebox.css HTTP/1.1" 404 1104
116.238.191.126 - - [01/Aug/2023:09:16:47 +0800] "GET /xingrg/all/function/internal_message.html?_=1690852486697&CODE_STATE=getMsg HTTP/1.1" 200 27
101.83.145.37 - - [01/Aug/2023:09:16:53 +0800] "GET /xingrg/all/function/internal_message.html?_=1690852613976&CODE_STATE=getMsg HTTP/1.1" 200 27
120.253.135.82 - - [01/Aug/2023:09:16:54 +0800] "GET /xingrg/check_reg.html?_=1690852435327 HTTP/1.1" 200 22
116.230.112.71 - - [01/Aug/2023:09:16:55 +0800] "GET /xingrg/all/function/internal_message.html?_=1690852621350&CODE_STATE=getMsg HTTP/1.1" 200 27
101.83.145.37 - - [01/Aug/2023:09:16:58 +0800] "GET /xingrg/kc/buy/cgsh_order_operate.html?command=get_materiel&rest_code=00105&code=00101012029&supplier_code=00100034&order_time=2023-08-01 HTTP/1.1" 200 412
116.230.112.71 - - [01/Aug/2023:09:17:00 +0800] "GET /xingrg/kc/buy/cgsh_order_operate.html?command=get_materiel&rest_code=00146&code=00101019015&supplier_code=&order_time=2023-08-01 HTTP/1.1" 200 434
58.40.7.146 - - [01/Aug/2023:09:17:01 +0800] "GET /xingrg/check_reg.html?_=1690852621795 HTTP/1.1" 302 -
114.83.220.65 - - [01/Aug/2023:09:17:02 +0800] "GET /xingrg/all/function/internal_message.html?_=1690852750887&CODE_STATE=getMsg HTTP/1.1" 200 27
218.81.76.85 - - [01/Aug/2023:09:17:02 +0800] "GET /xingrg/all/function/internal_message.html?_=1690852621866&CODE_STATE=getMsg HTTP/1.1" 200 27
116.228.172.122 - - [01/Aug/2023:09:17:08 +0800] "GET /xingrg/all/function/internal_message.html?_=1690852521306&CODE_STATE=getMsg HTTP/1.1" 302 -
114.83.220.65 - - [01/Aug/2023:09:17:10 +0800] "POST /xingrg/dwr/call/plaincall/AjaxCheckService.setItemNumber.dwr HTTP/1.1" 200 77
222.70.180.90 - - [01/Aug/2023:09:17:17 +0800] "GET /xingrg/all/function/internal_message.html?_=1690852637452&CODE_STATE=getMsg HTTP/1.1" 200 27
58.40.7.146 - - [01/Aug/2023:09:17:17 +0800] "GET /xingrg/all/function/internal_message.html?_=1690852637813&CODE_STATE=getMsg HTTP/1.1" 302 -
114.83.220.65 - - [01/Aug/2023:09:17:17 +0800] "POST /xingrg/dwr/call/plaincall/AjaxCheckService.setItemNumber.dwr HTTP/1.1" 200 77
222.70.180.90 - - [01/Aug/2023:09:17:18 +0800] "GET /xingrg/kc/buy/buy_main.html HTTP/1.1" 200 12412
222.70.180.90 - - [01/Aug/2023:09:17:18 +0800] "GET /xingrg/css/new_ie.css HTTP/1.1" 404 1036
101.228.187.155 - - [01/Aug/2023:09:17:20 +0800] "GET /xingrg/all/function/internal_message.html?_=1690852638937&CODE_STATE=getMsg HTTP/1.1" 200 27
222.70.114.12 - - [01/Aug/2023:09:17:21 +0800] "GET /xingrg/all/function/internal_message.html?_=1690852641871&CODE_STATE=getMsg HTTP/1.1" 302 -
222.70.180.90 - - [01/Aug/2023:09:17:23 +0800] "GET /xingrg/all/function/internal_message.html?_=1690852643319&CODE_STATE=getMsg HTTP/1.1" 200 27
101.83.145.37 - - [01/Aug/2023:09:17:23 +0800] "POST /xingrg/services/DataTransmitService HTTP/1.1" 200 524
101.83.145.37 - - [01/Aug/2023:09:17:25 +0800] "POST /xingrg/services/DataTransmitService HTTP/1.1" 200 2315
218.81.76.85 - - [01/Aug/2023:09:17:26 +0800] "GET /xingrg/all/function/internal_message.html?_=1690852647910&CODE_STATE=getMsg HTTP/1.1" 200 27
101.83.145.37 - - [01/Aug/2023:09:17:26 +0800] "POST /xingrg/services/DataTransmitService HTTP/1.1" 200 166339
222.69.130.71 - - [01/Aug/2023:09:17:30 +0800] "GET /xingrg/all/function/internal_message.html?_=1690852650804&CODE_STATE=getMsg HTTP/1.1" 200 27
116.230.112.71 - - [01/Aug/2023:09:17:30 +0800] "GET /xingrg/all/function/internal_message.html?_=1690852655087&CODE_STATE=getMsg HTTP/1.1" 200 27
180.152.241.196 - - [01/Aug/2023:09:17:30 +0800] "GET /xingrg/all/function/internal_message.html?_=1690852651182&CODE_STATE=getMsg HTTP/1.1" 302 -
180.152.241.196 - - [01/Aug/2023:09:17:31 +0800] "GET /xingrg/check_reg.html?_=1690852652023 HTTP/1.1" 302 -
116.238.191.126 - - [01/Aug/2023:09:17:38 +0800] "GET /xingrg/check_reg.html?_=1690852657611 HTTP/1.1" 200 22
116.238.191.126 - - [01/Aug/2023:09:17:38 +0800] "GET /xingrg/all/function/internal_message.html?_=1690852657607&CODE_STATE=getMsg HTTP/1.1" 200 27
120.253.135.82 - - [01/Aug/2023:09:17:41 +0800] "GET /xingrg/all/function/internal_message.html?_=1690852481859&CODE_STATE=getMsg HTTP/1.1" 200 27
124.79.243.110 - - [01/Aug/2023:09:17:41 +0800] "GET /xingrg/all/function/internal_message.html?_=1690852950043&CODE_STATE=getMsg HTTP/1.1" 200 27
101.83.145.37 - - [01/Aug/2023:09:17:41 +0800] "GET /xingrg/kc/buy/cgsh_order_operate.html?command=get_materiel&rest_code=00105&code=00101012039&supplier_code=00100034&order_time=2023-08-01 HTTP/1.1" 200 408
116.232.195.127 - - [01/Aug/2023:09:17:44 +0800] "GET /xingrg/all/function/internal_message.html?_=1690852606708&CODE_STATE=getMsg HTTP/1.1" 200 27
116.238.191.126 - - [01/Aug/2023:09:17:47 +0800] "GET /xingrg/all/function/internal_message.html?_=1690852546757&CODE_STATE=getMsg HTTP/1.1" 200 27
120.253.135.82 - - [01/Aug/2023:09:17:52 +0800] "POST /xingrg/kc/pszx/mdps_list_operate.html HTTP/1.1" 200 373
101.83.145.37 - - [01/Aug/2023:09:17:53 +0800] "GET /xingrg/all/function/internal_message.html?_=1690852673954&CODE_STATE=getMsg HTTP/1.1" 200 27
120.253.135.82 - - [01/Aug/2023:09:17:54 +0800] "GET /xingrg/kc/pszx/mdps_order_info.html?code=312023080100038 HTTP/1.1" 200 23978
101.83.145.37 - - [01/Aug/2023:09:17:54 +0800] "POST /xingrg/kc/buy/cgsh_order_operate.html HTTP/1.1" 200 37
120.253.135.82 - - [01/Aug/2023:09:17:54 +0800] "GET /xingrg/javascript/easyui/themes/default/validatebox.css HTTP/1.1" 404 1104
120.253.135.82 - - [01/Aug/2023:09:17:55 +0800] "POST /xingrg/kc/pszx/mdps_order_operate.html HTTP/1.1" 200 3271
116.230.112.71 - - [01/Aug/2023:09:17:55 +0800] "GET /xingrg/all/function/internal_message.html?_=1690852681366&CODE_STATE=getMsg HTTP/1.1" 200 27
120.253.135.82 - - [01/Aug/2023:09:17:56 +0800] "POST /xingrg/all/common/load_combo.html?type=base HTTP/1.1" 200 1169
101.83.145.37 - - [01/Aug/2023:09:17:56 +0800] "POST /xingrg/kc/buy/cgsh_order_operate.html HTTP/1.1" 200 3249
101.83.145.37 - - [01/Aug/2023:09:17:59 +0800] "GET /xingrg/kc/print/load_data.html?order_code=212023080100017&kc_code=cgsh&condition= HTTP/1.1" 200 947
120.253.135.82 - - [01/Aug/2023:09:18:01 +0800] "POST /xingrg/kc/pszx/mdps_order_operate.html HTTP/1.1" 200 37
114.83.220.65 - - [01/Aug/2023:09:18:02 +0800] "GET /xingrg/all/function/internal_message.html?_=1690852810898&CODE_STATE=getMsg HTTP/1.1" 200 27
114.83.220.65 - - [01/Aug/2023:09:18:02 +0800] "GET /xingrg/check_reg.html?_=1690852810900 HTTP/1.1" 200 22
218.81.76.85 - - [01/Aug/2023:09:18:02 +0800] "GET /xingrg/all/function/internal_message.html?_=1690852681838&CODE_STATE=getMsg HTTP/1.1" 200 27
120.253.135.82 - - [01/Aug/2023:09:18:04 +0800] "GET /xingrg/kc/pszx/mdps_order_info.html?code=312023080100038 HTTP/1.1" 200 23978
120.253.135.82 - - [01/Aug/2023:09:18:04 +0800] "GET /xingrg/javascript/easyui/themes/default/validatebox.css HTTP/1.1" 404 1104
120.253.135.82 - - [01/Aug/2023:09:18:05 +0800] "POST /xingrg/kc/pszx/mdps_order_operate.html HTTP/1.1" 200 3296
116.228.172.122 - - [01/Aug/2023:09:18:08 +0800] "GET /xingrg/all/function/internal_message.html?_=1690852581291&CODE_STATE=getMsg HTTP/1.1" 302 -
116.238.191.126 - - [01/Aug/2023:09:18:12 +0800] "POST /xingrg/all/user/operate.html HTTP/1.1" 200 36
116.238.191.126 - - [01/Aug/2023:09:18:13 +0800] "GET /xingrg/index.html?sysBaseUrl=http%3A%2F%2F180.169.147.146%3A18081%2Fxingrg%2F&costTime=33×tamp=1690805075072 HTTP/1.1" 200 17179
116.238.191.126 - - [01/Aug/2023:09:18:13 +0800] "GET /xingrg/javascript/jquery_easy_ui/themes/default/easyui.css HTTP/1.1" 304 -
116.238.191.126 - - [01/Aug/2023:09:18:13 +0800] "GET /xingrg/javascript/jquery_easy_ui/themes/icon.css HTTP/1.1" 304 -
116.238.191.126 - - [01/Aug/2023:09:18:13 +0800] "GET /xingrg/css/form.css HTTP/1.1" 304 -
116.238.191.126 - - [01/Aug/2023:09:18:13 +0800] "GET /xingrg/javascript/jquery-1.4.2.min.js HTTP/1.1" 304 -
116.238.191.126 - - [01/Aug/2023:09:18:13 +0800] "GET /xingrg/javascript/jquery_easy_ui/jquery.easyui.min.js HTTP/1.1" 304 -
116.238.191.126 - - [01/Aug/2023:09:18:13 +0800] "GET /xingrg/javascript/jquery_easy_ui/easyui-lang-zh_CN.js HTTP/1.1" 304 -
116.238.191.126 - - [01/Aug/2023:09:18:13 +0800] "GET /xingrg/javascript/jquery.form.js HTTP/1.1" 304 -
116.238.191.126 - - [01/Aug/2023:09:18:13 +0800] "GET /xingrg/javascript/jquery.utils.js HTTP/1.1" 304 -
116.238.191.126 - - [01/Aug/2023:09:18:13 +0800] "GET /xingrg/javascript/jquery.timers.js HTTP/1.1" 304 -
116.238.191.126 - - [01/Aug/2023:09:18:13 +0800] "GET /xingrg/images/blue/jxLogo.png HTTP/1.1" 304 -
116.238.191.126 - - [01/Aug/2023:09:18:13 +0800] "GET /xingrg/images/blue/navBackgound.jpg HTTP/1.1" 304 -
116.238.191.126 - - [01/Aug/2023:09:18:13 +0800] "GET /xingrg/javascript/jquery_easy_ui/themes/icons/settle_new.png HTTP/1.1" 304 -
116.238.191.126 - - [01/Aug/2023:09:18:13 +0800] "GET /xingrg/images/blue/pingpu.png HTTP/1.1" 304 -
116.238.191.126 - - [01/Aug/2023:09:18:13 +0800] "GET /xingrg/javascript/jquery_easy_ui/themes/default/images/tabs_rightarrow.png HTTP/1.1" 304 -
116.238.191.126 - - [01/Aug/2023:09:18:13 +0800] "GET /xingrg/javascript/jquery_easy_ui/themes/default/images/tabs_leftarrow.png HTTP/1.1" 304 -
116.238.191.126 - - [01/Aug/2023:09:18:13 +0800] "GET /xingrg/javascript/jquery_easy_ui/themes/default/images/panel_tool_collapse.gif HTTP/1.1" 304 -
116.238.191.126 - - [01/Aug/2023:09:18:13 +0800] "GET /xingrg/check_reg.html?_=1690852573066 HTTP/1.1" 200 22
116.238.191.126 - - [01/Aug/2023:09:18:13 +0800] "GET /xingrg/all/function/internal_message.html?_=1690852573065&CODE_STATE=count HTTP/1.1" 200 11
116.238.191.126 - - [01/Aug/2023:09:18:13 +0800] "POST /xingrg/all/common/load_tree.html?tree=area_rest_tree_json&manage=1 HTTP/1.1" 200 476
116.238.191.126 - - [01/Aug/2023:09:18:13 +0800] "POST /xingrg/load_menu.html HTTP/1.1" 200 5138
