180.169.147.146 - - [01/Aug/2023:09:36:32 +0800] "GET /xingrg/css/blue.css HTTP/1.1" 200 15949
180.169.147.146 - - [01/Aug/2023:09:36:32 +0800] "GET /xingrg/javascript/jquery_ui/themes/humanity/humanity.css HTTP/1.1" 200 27801
180.169.147.146 - - [01/Aug/2023:09:36:32 +0800] "GET /xingrg/javascript/pic_change.js HTTP/1.1" 200 4739
180.169.147.146 - - [01/Aug/2023:09:36:32 +0800] "GET /xingrg/javascript/myfunction.js HTTP/1.1" 200 24559
180.169.147.146 - - [01/Aug/2023:09:36:32 +0800] "GET /xingrg/javascript/json2.js HTTP/1.1" 200 11259
180.169.147.146 - - [01/Aug/2023:09:36:32 +0800] "GET /xingrg/javascript/jquery_easy_ui/themes/icons/back_new.png HTTP/1.1" 200 3414
180.165.154.167 - - [01/Aug/2023:09:36:34 +0800] "GET /xingrg/kc/buy/cgsh_order_add.html HTTP/1.1" 200 71854
180.165.154.167 - - [01/Aug/2023:09:36:34 +0800] "POST /xingrg/kc/buy/cgsh_order_operate.html HTTP/1.1" 200 8245
180.165.154.167 - - [01/Aug/2023:09:36:34 +0800] "GET /xingrg/javascript/easyui/themes/default/validatebox.css HTTP/1.1" 404 1104
124.78.70.128 - - [01/Aug/2023:09:36:36 +0800] "POST /xingrg/dwr/call/plaincall/AjaxCheckService.checkOrder.dwr HTTP/1.1" 200 79
124.78.70.128 - - [01/Aug/2023:09:36:37 +0800] "GET /xingrg/kc/base/check_order_info.html?code=452023080100001 HTTP/1.1" 200 22864
124.78.70.128 - - [01/Aug/2023:09:36:38 +0800] "GET /xingrg/dwr/interface/AjaxCheckService.js HTTP/1.1" 200 14003
124.78.70.128 - - [01/Aug/2023:09:36:38 +0800] "GET /xingrg/dwr/interface/AjaxComOrderService.js HTTP/1.1" 200 18264
124.78.70.128 - - [01/Aug/2023:09:36:38 +0800] "GET /xingrg/dwr/engine.js HTTP/1.1" 200 43631
124.78.70.128 - - [01/Aug/2023:09:36:38 +0800] "GET /xingrg/javascript/jquery_easy_ui/themes/icons/exam_new.png HTTP/1.1" 200 756
116.238.191.126 - - [01/Aug/2023:09:36:38 +0800] "GET /xingrg/all/function/internal_message.html?_=1690853797645&CODE_STATE=getMsg HTTP/1.1" 200 27
124.78.70.128 - - [01/Aug/2023:09:36:38 +0800] "POST /xingrg/dwr/call/plaincall/AjaxCheckService.loadOrderItems.dwr HTTP/1.1" 200 6215
116.238.191.126 - - [01/Aug/2023:09:36:39 +0800] "POST /xingrg/dwr/call/plaincall/AjaxCheckService.setItemNumber.dwr HTTP/1.1" 200 78
120.253.135.82 - - [01/Aug/2023:09:36:41 +0800] "GET /xingrg/all/function/internal_message.html?_=1690853622319&CODE_STATE=getMsg HTTP/1.1" 200 27
124.79.243.110 - - [01/Aug/2023:09:36:41 +0800] "GET /xingrg/all/function/internal_message.html?_=1690854090062&CODE_STATE=getMsg HTTP/1.1" 200 27
180.169.147.146 - - [01/Aug/2023:09:36:41 +0800] "GET /xingrg/kc/buy/cgsh_order_list.html HTTP/1.1" 200 56241
180.169.147.146 - - [01/Aug/2023:09:36:41 +0800] "GET /xingrg/css/base.css HTTP/1.1" 200 2811
180.169.147.146 - - [01/Aug/2023:09:36:41 +0800] "GET /xingrg/css/site.css HTTP/1.1" 200 7541
180.169.147.146 - - [01/Aug/2023:09:36:41 +0800] "GET /xingrg/javascript/jquery_tools/datebox.css HTTP/1.1" 200 2597
180.169.147.146 - - [01/Aug/2023:09:36:41 +0800] "GET /xingrg/javascript/easyui/themes/default/easyui.css HTTP/1.1" 200 30432
180.169.147.146 - - [01/Aug/2023:09:36:41 +0800] "GET /xingrg/javascript/easyui/themes/icon.css HTTP/1.1" 200 4483
180.169.147.146 - - [01/Aug/2023:09:36:41 +0800] "GET /xingrg/javascript/auto/jquery.autocomplete.css HTTP/1.1" 200 587
180.169.147.146 - - [01/Aug/2023:09:36:41 +0800] "GET /xingrg/javascript/jquery_tools/table.css HTTP/1.1" 200 1032
180.169.147.146 - - [01/Aug/2023:09:36:41 +0800] "GET /xingrg/javascript/jquery_tools/fix.css HTTP/1.1" 200 1702
180.169.147.146 - - [01/Aug/2023:09:36:41 +0800] "GET /xingrg/javascript/jquery_tools/jquery.tools.min.js HTTP/1.1" 200 138801
180.169.147.146 - - [01/Aug/2023:09:36:41 +0800] "GET /xingrg/javascript/jquery_tools/jquery.tools.extend.js HTTP/1.1" 200 15385
180.169.147.146 - - [01/Aug/2023:09:36:41 +0800] "GET /xingrg/javascript/jquery_tools/jquery.tools.hotkey.js HTTP/1.1" 200 3242
180.169.147.146 - - [01/Aug/2023:09:36:41 +0800] "GET /xingrg/javascript/jquery_tools/jquery.tools.table.js HTTP/1.1" 200 6994
180.169.147.146 - - [01/Aug/2023:09:36:41 +0800] "GET /xingrg/javascript/jquery_tools/list_manager.js HTTP/1.1" 200 3652
180.169.147.146 - - [01/Aug/2023:09:36:41 +0800] "GET /xingrg/javascript/auto/jquery.autocomplete.js HTTP/1.1" 200 21624
180.169.147.146 - - [01/Aug/2023:09:36:41 +0800] "GET /xingrg/javascript/easyui/easyloader.js HTTP/1.1" 200 5975
180.169.147.146 - - [01/Aug/2023:09:36:41 +0800] "GET /xingrg/javascript/jquery.cookie.js HTTP/1.1" 200 5513
180.169.147.146 - - [01/Aug/2023:09:36:41 +0800] "GET /xingrg/javascript/print/LodopFuncs.js HTTP/1.1" 200 5121
101.228.187.155 - - [01/Aug/2023:09:36:41 +0800] "GET /xingrg/javascript/jquery_tools/images/next.gif HTTP/1.1" 404 1086
101.228.187.155 - - [01/Aug/2023:09:36:41 +0800] "GET /xingrg/javascript/jquery_tools/images/prev.gif HTTP/1.1" 404 1086
180.169.147.146 - - [01/Aug/2023:09:36:42 +0800] "GET /xingrg/javascript/easyui/themes/icons/field_new.png HTTP/1.1" 200 1097
180.169.147.146 - - [01/Aug/2023:09:36:42 +0800] "GET /xingrg/javascript/easyui/themes/icons/uncheck_new.png HTTP/1.1" 200 3197
180.169.147.146 - - [01/Aug/2023:09:36:42 +0800] "GET /xingrg/javascript/easyui/themes/icons/import_new.png HTTP/1.1" 200 1247
180.169.147.146 - - [01/Aug/2023:09:36:42 +0800] "GET /xingrg/javascript/easyui/themes/icons/check_new.png HTTP/1.1" 200 3224
180.169.147.146 - - [01/Aug/2023:09:36:42 +0800] "GET /xingrg/javascript/easyui/themes/icons/edit_add_new.png HTTP/1.1" 200 2997
180.169.147.146 - - [01/Aug/2023:09:36:42 +0800] "GET /xingrg/javascript/easyui/themes/icons/cance_new.png HTTP/1.1" 200 3986
180.169.147.146 - - [01/Aug/2023:09:36:42 +0800] "GET /xingrg/javascript/easyui/plugins/jquery.parser.js HTTP/1.1" 200 1142
116.232.195.127 - - [01/Aug/2023:09:36:43 +0800] "GET /xingrg/all/function/internal_message.html?_=1690853746454&CODE_STATE=getMsg HTTP/1.1" 200 27
124.78.70.128 - - [01/Aug/2023:09:36:44 +0800] "GET /xingrg/javascript/jquery_easy_ui/themes/default/images/tabs_active.png HTTP/1.1" 200 2894
180.169.147.146 - - [01/Aug/2023:09:36:45 +0800] "POST /xingrg/kc/buy/cgsh_list_operate.html HTTP/1.1" 200 986
222.70.180.90 - - [01/Aug/2023:09:36:50 +0800] "GET /xingrg/kc/buy/cgsh_order_operate.html?command=get_materiel&rest_code=00111&code=00101001008&supplier_code=00100199&order_time=2023-08-01 HTTP/1.1" 200 415
180.169.147.146 - - [01/Aug/2023:09:36:50 +0800] "GET /xingrg/javascript/jquery_tools/images/prev.gif HTTP/1.1" 404 1086
180.169.147.146 - - [01/Aug/2023:09:36:50 +0800] "GET /xingrg/javascript/jquery_tools/images/next.gif HTTP/1.1" 404 1086
116.238.191.126 - - [01/Aug/2023:09:36:51 +0800] "POST /xingrg/dwr/call/plaincall/AjaxCheckService.setItemNumber.dwr HTTP/1.1" 200 78
116.238.191.126 - - [01/Aug/2023:09:36:51 +0800] "POST /xingrg/dwr/call/plaincall/AjaxCheckService.setItemNumber.dwr HTTP/1.1" 200 78
116.238.191.126 - - [01/Aug/2023:09:36:51 +0800] "POST /xingrg/dwr/call/plaincall/AjaxCheckService.setItemNumber.dwr HTTP/1.1" 200 78
116.238.191.126 - - [01/Aug/2023:09:36:53 +0800] "POST /xingrg/dwr/call/plaincall/AjaxCheckService.setItemNumber.dwr HTTP/1.1" 200 78
101.83.145.37 - - [01/Aug/2023:09:36:53 +0800] "GET /xingrg/all/function/internal_message.html?_=1690853813967&CODE_STATE=getMsg HTTP/1.1" 200 27
116.232.195.127 - - [01/Aug/2023:09:36:53 +0800] "GET /xingrg/all/function/internal_message.html?_=1690853813354&CODE_STATE=getMsg HTTP/1.1" 302 -
124.79.243.110 - - [01/Aug/2023:09:36:54 +0800] "GET /xingrg/all/function/internal_message.html?_=1690853813293&CODE_STATE=getMsg HTTP/1.1" 200 27
120.253.135.82 - - [01/Aug/2023:09:36:54 +0800] "GET /xingrg/check_reg.html?_=1690853635439 HTTP/1.1" 200 22
124.78.70.128 - - [01/Aug/2023:09:36:54 +0800] "GET /xingrg/all/function/internal_message.html?_=1690853279020&CODE_STATE=getMsg HTTP/1.1" 200 27
124.78.70.128 - - [01/Aug/2023:09:36:55 +0800] "GET /xingrg/kc/base/check_order_info.html?code=452023073100547 HTTP/1.1" 200 26480
124.78.70.128 - - [01/Aug/2023:09:36:55 +0800] "GET /xingrg/dwr/interface/AjaxCheckService.js HTTP/1.1" 200 14003
124.78.70.128 - - [01/Aug/2023:09:36:55 +0800] "GET /xingrg/dwr/interface/AjaxComOrderService.js HTTP/1.1" 200 18264
124.78.70.128 - - [01/Aug/2023:09:36:55 +0800] "GET /xingrg/dwr/engine.js HTTP/1.1" 200 43631
124.78.70.128 - - [01/Aug/2023:09:36:55 +0800] "POST /xingrg/dwr/call/plaincall/AjaxCheckService.loadOrderItems.dwr HTTP/1.1" 200 196843
222.70.180.90 - - [01/Aug/2023:09:36:56 +0800] "POST /xingrg/services/DataTransmitService HTTP/1.1" 200 524
116.230.112.71 - - [01/Aug/2023:09:36:56 +0800] "GET /xingrg/all/function/internal_message.html?_=1690853821717&CODE_STATE=getMsg HTTP/1.1" 200 27
180.165.154.167 - - [01/Aug/2023:09:36:58 +0800] "GET /xingrg/kc/buy/cgsh_order_operate.html?command=get_materiel&rest_code=00108&code=00101006056&supplier_code=00100012&order_time=2023-08-01 HTTP/1.1" 200 413
116.238.191.126 - - [01/Aug/2023:09:36:59 +0800] "POST /xingrg/dwr/call/plaincall/AjaxCheckService.setItemNumber.dwr HTTP/1.1" 200 78
58.40.7.146 - - [01/Aug/2023:09:37:01 +0800] "GET /xingrg/check_reg.html?_=1690853821799 HTTP/1.1" 302 -
218.81.76.85 - - [01/Aug/2023:09:37:02 +0800] "GET /xingrg/all/function/internal_message.html?_=1690853821883&CODE_STATE=getMsg HTTP/1.1" 200 27
180.152.241.196 - - [01/Aug/2023:09:37:04 +0800] "GET /xingrg/check_reg.html?_=1690853827223 HTTP/1.1" 200 22
180.152.241.196 - - [01/Aug/2023:09:37:04 +0800] "GET /xingrg/all/function/internal_message.html?_=1690853827218&CODE_STATE=getMsg HTTP/1.1" 200 27
114.83.220.65 - - [01/Aug/2023:09:37:04 +0800] "GET /xingrg/all/function/internal_message.html?_=1690853953414&CODE_STATE=getMsg HTTP/1.1" 200 27
116.238.191.126 - - [01/Aug/2023:09:37:05 +0800] "POST /xingrg/dwr/call/plaincall/AjaxCheckService.setItemNumber.dwr HTTP/1.1" 200 78
101.228.187.155 - - [01/Aug/2023:09:37:08 +0800] "GET /xingrg/kc/base/wldb_order_operate.html?command=get_materiel&rest_code=00142&base_code=0010185&code=00101021009 HTTP/1.1" 200 451
116.228.172.122 - - [01/Aug/2023:09:37:08 +0800] "GET /xingrg/all/function/internal_message.html?_=1690853721323&CODE_STATE=getMsg HTTP/1.1" 302 -
180.169.147.146 - - [01/Aug/2023:09:37:08 +0800] "POST /xingrg/kc/buy/cgsh_list_operate.html HTTP/1.1" 200 6220
222.70.180.90 - - [01/Aug/2023:09:37:09 +0800] "POST /xingrg/services/DataTransmitService HTTP/1.1" 200 501
116.238.191.126 - - [01/Aug/2023:09:37:11 +0800] "POST /xingrg/dwr/call/plaincall/AjaxCheckService.setItemNumber.dwr HTTP/1.1" 200 78
116.238.191.126 - - [01/Aug/2023:09:37:15 +0800] "POST /xingrg/dwr/call/plaincall/AjaxCheckService.setItemNumber.dwr HTTP/1.1" 200 78
116.238.191.126 - - [01/Aug/2023:09:37:15 +0800] "POST /xingrg/dwr/call/plaincall/AjaxCheckService.setItemNumber.dwr HTTP/1.1" 200 78
116.238.191.126 - - [01/Aug/2023:09:37:15 +0800] "GET /xingrg/all/function/internal_message.html?_=1690853715301&CODE_STATE=getMsg HTTP/1.1" 200 27
58.40.7.146 - - [01/Aug/2023:09:37:17 +0800] "GET /xingrg/all/function/internal_message.html?_=1690853837834&CODE_STATE=getMsg HTTP/1.1" 302 -
116.238.191.126 - - [01/Aug/2023:09:37:19 +0800] "POST /xingrg/dwr/call/plaincall/AjaxCheckService.setItemNumber.dwr HTTP/1.1" 200 78
101.228.187.155 - - [01/Aug/2023:09:37:20 +0800] "GET /xingrg/all/function/internal_message.html?_=1690853839001&CODE_STATE=getMsg HTTP/1.1" 200 27
180.165.154.167 - - [01/Aug/2023:09:37:20 +0800] "GET /xingrg/all/function/internal_message.html?_=1690853840382&CODE_STATE=getMsg HTTP/1.1" 200 27
180.163.29.219 - - [01/Aug/2023:09:37:21 +0800] "GET /xingrg/all/function/internal_message.html?_=1690853781276&CODE_STATE=getMsg HTTP/1.1" 302 -
180.163.29.219 - - [01/Aug/2023:09:37:21 +0800] "GET /xingrg/login.html HTTP/1.1" 200 7641
180.169.147.146 - - [01/Aug/2023:09:37:21 +0800] "POST /xingrg/kc/buy/cgsh_list_operate.html HTTP/1.1" 200 6199
180.169.147.146 - - [01/Aug/2023:09:37:21 +0800] "GET /xingrg/all/function/internal_message.html?_=1690853841268&CODE_STATE=getMsg HTTP/1.1" 200 27
116.238.191.126 - - [01/Aug/2023:09:37:21 +0800] "POST /xingrg/dwr/call/plaincall/AjaxCheckService.setItemNumber.dwr HTTP/1.1" 200 78
222.70.114.12 - - [01/Aug/2023:09:37:21 +0800] "GET /xingrg/all/function/internal_message.html?_=1690853841840&CODE_STATE=getMsg HTTP/1.1" 302 -
116.238.191.126 - - [01/Aug/2023:09:37:22 +0800] "POST /xingrg/dwr/call/plaincall/AjaxCheckService.setItemNumber.dwr HTTP/1.1" 200 78
116.232.195.127 - - [01/Aug/2023:09:37:24 +0800] "GET /xingrg/kc/buy/cgsh_order_operate.html?command=get_materiel&rest_code=00155&code=00101008213&supplier_code=00100005&order_time=2023-08-01 HTTP/1.1" 200 412
116.238.191.126 - - [01/Aug/2023:09:37:25 +0800] "POST /xingrg/dwr/call/plaincall/AjaxCheckService.setItemNumber.dwr HTTP/1.1" 200 78
116.238.191.126 - - [01/Aug/2023:09:37:26 +0800] "POST /xingrg/dwr/call/plaincall/AjaxCheckService.setItemNumber.dwr HTTP/1.1" 200 78
101.228.187.155 - - [01/Aug/2023:09:37:26 +0800] "GET /xingrg/kc/base/wldb_order_operate.html?command=get_materiel&rest_code=00142&base_code=0010185&code=00101021002 HTTP/1.1" 200 438
116.238.191.126 - - [01/Aug/2023:09:37:26 +0800] "POST /xingrg/dwr/call/plaincall/AjaxCheckService.setItemNumber.dwr HTTP/1.1" 200 78
222.69.130.71 - - [01/Aug/2023:09:37:30 +0800] "GET /xingrg/all/function/internal_message.html?_=1690853850837&CODE_STATE=getMsg HTTP/1.1" 200 27
180.169.147.146 - - [01/Aug/2023:09:37:30 +0800] "GET /xingrg/all/function/internal_message.html?_=1690853850281&CODE_STATE=getMsg HTTP/1.1" 200 27
180.152.241.196 - - [01/Aug/2023:09:37:30 +0800] "GET /xingrg/all/function/internal_message.html?_=1690853850842&CODE_STATE=getMsg HTTP/1.1" 302 -
116.230.112.71 - - [01/Aug/2023:09:37:30 +0800] "GET /xingrg/all/function/internal_message.html?_=1690853855359&CODE_STATE=getMsg HTTP/1.1" 200 27
180.152.241.196 - - [01/Aug/2023:09:37:31 +0800] "GET /xingrg/check_reg.html?_=1690853851978 HTTP/1.1" 302 -
222.70.180.90 - - [01/Aug/2023:09:37:32 +0800] "GET /xingrg/all/function/internal_message.html?_=1690853852653&CODE_STATE=getMsg HTTP/1.1" 200 27
180.165.154.167 - - [01/Aug/2023:09:37:33 +0800] "GET /xingrg/kc/buy/cgsh_order_operate.html?command=get_materiel&rest_code=00108&code=00101006299&supplier_code=00100012&order_time=2023-08-01 HTTP/1.1" 200 418
116.238.191.126 - - [01/Aug/2023:09:37:33 +0800] "POST /xingrg/dwr/call/plaincall/AjaxCheckService.setItemNumber.dwr HTTP/1.1" 200 78
116.238.191.126 - - [01/Aug/2023:09:37:38 +0800] "POST /xingrg/dwr/call/plaincall/AjaxComOrderService.getMaterielSearchList.dwr HTTP/1.1" 200 36297
116.238.191.126 - - [01/Aug/2023:09:37:38 +0800] "GET /xingrg/all/function/internal_message.html?_=1690853857644&CODE_STATE=getMsg HTTP/1.1" 200 27
116.238.191.126 - - [01/Aug/2023:09:37:38 +0800] "GET /xingrg/check_reg.html?_=1690853857648 HTTP/1.1" 200 22
116.238.191.126 - - [01/Aug/2023:09:37:39 +0800] "POST /xingrg/dwr/call/plaincall/AjaxComOrderService.getMaterielSearchList.dwr HTTP/1.1" 200 36297
116.232.195.127 - - [01/Aug/2023:09:37:40 +0800] "GET /xingrg/kc/buy/cgsh_order_operate.html?command=get_materiel&rest_code=00155&code=00101008291&supplier_code=00100005&order_time=2023-08-01 HTTP/1.1" 200 408
180.169.147.146 - - [01/Aug/2023:09:37:40 +0800] "POST /xingrg/kc/buy/cgsh_list_operate.html HTTP/1.1" 200 6581
116.238.191.126 - - [01/Aug/2023:09:37:41 +0800] "POST /xingrg/dwr/call/plaincall/AjaxComOrderService.getMaterielByCode.dwr HTTP/1.1" 200 3837
120.253.135.82 - - [01/Aug/2023:09:37:41 +0800] "GET /xingrg/all/function/internal_message.html?_=1690853682333&CODE_STATE=getMsg HTTP/1.1" 200 27
124.79.243.110 - - [01/Aug/2023:09:37:41 +0800] "GET /xingrg/all/function/internal_message.html?_=1690854150065&CODE_STATE=getMsg HTTP/1.1" 200 27
101.228.187.155 - - [01/Aug/2023:09:37:41 +0800] "GET /xingrg/kc/base/wldb_order_operate.html?command=get_materiel&rest_code=00142&base_code=0010185&code=00101010289 HTTP/1.1" 200 450
116.230.112.71 - - [01/Aug/2023:09:37:42 +0800] "POST /xingrg/kc/buy/cgsh_list_operate.html HTTP/1.1" 200 986
124.78.70.128 - - [01/Aug/2023:09:37:43 +0800] "POST /xingrg/dwr/call/plaincall/AjaxCheckService.setItemNumber.dwr HTTP/1.1" 200 76
116.232.195.127 - - [01/Aug/2023:09:37:43 +0800] "GET /xingrg/all/function/internal_message.html?_=1690853806459&CODE_STATE=getMsg HTTP/1.1" 200 27
124.78.70.128 - - [01/Aug/2023:09:37:47 +0800] "POST /xingrg/dwr/call/plaincall/AjaxCheckService.setItemNumber.dwr HTTP/1.1" 200 76
116.230.112.71 - - [01/Aug/2023:09:37:47 +0800] "GET /xingrg/kc/buy/cgsh_order_list.html HTTP/1.1" 200 55986
180.165.154.167 - - [01/Aug/2023:09:37:48 +0800] "GET /xingrg/kc/buy/cgsh_order_operate.html?command=get_materiel&rest_code=00108&code=00101006027&supplier_code=00100012&order_time=2023-08-01 HTTP/1.1" 200 408
124.78.70.128 - - [01/Aug/2023:09:37:49 +0800] "POST /xingrg/dwr/call/plaincall/AjaxCheckService.setItemNumber.dwr HTTP/1.1" 200 76
116.230.112.71 - - [01/Aug/2023:09:37:51 +0800] "POST /xingrg/kc/buy/cgsh_list_operate.html HTTP/1.1" 200 986
116.238.191.126 - - [01/Aug/2023:09:37:52 +0800] "POST /xingrg/dwr/call/plaincall/AjaxCheckService.addOrderItem.dwr HTTP/1.1" 200 707
124.78.70.128 - - [01/Aug/2023:09:37:53 +0800] "POST /xingrg/dwr/call/plaincall/AjaxCheckService.setItemNumber.dwr HTTP/1.1" 200 76
101.83.145.37 - - [01/Aug/2023:09:37:53 +0800] "GET /xingrg/all/function/internal_message.html?_=1690853873966&CODE_STATE=getMsg HTTP/1.1" 200 27
116.232.195.127 - - [01/Aug/2023:09:37:53 +0800] "GET /xingrg/all/function/internal_message.html?_=1690853873367&CODE_STATE=getMsg HTTP/1.1" 302 -
116.232.195.127 - - [01/Aug/2023:09:37:53 +0800] "GET /xingrg/check_reg.html?_=1690853873370 HTTP/1.1" 302 -
124.79.243.110 - - [01/Aug/2023:09:37:54 +0800] "GET /xingrg/all/function/internal_message.html?_=1690853873301&CODE_STATE=getMsg HTTP/1.1" 200 27
124.78.70.128 - - [01/Aug/2023:09:37:55 +0800] "GET /xingrg/all/function/internal_message.html?_=1690853339212&CODE_STATE=getMsg HTTP/1.1" 200 27
124.78.70.128 - - [01/Aug/2023:09:37:55 +0800] "POST /xingrg/dwr/call/plaincall/AjaxCheckService.setItemNumber.dwr HTTP/1.1" 200 76
116.230.112.71 - - [01/Aug/2023:09:37:56 +0800] "GET /xingrg/all/function/internal_message.html?_=1690853881728&CODE_STATE=getMsg HTTP/1.1" 200 27
116.232.195.127 - - [01/Aug/2023:09:37:56 +0800] "GET /xingrg/kc/buy/cgsh_order_operate.html?command=get_materiel&rest_code=00155&code=00101008283&supplier_code=00100005&order_time=2023-08-01 HTTP/1.1" 200 408
101.228.187.155 - - [01/Aug/2023:09:37:56 +0800] "GET /xingrg/kc/base/wldb_order_operate.html?command=get_materiel&rest_code=00142&base_code=0010185&code=00101010645 HTTP/1.1" 200 452
180.169.147.146 - - [01/Aug/2023:09:37:57 +0800] "POST /xingrg/kc/buy/cgsh_list_operate.html HTTP/1.1" 200 6687
124.78.70.128 - - [01/Aug/2023:09:38:00 +0800] "POST /xingrg/dwr/call/plaincall/AjaxCheckService.setItemNumber.dwr HTTP/1.1" 200 76
101.228.187.155 - - [01/Aug/2023:09:38:01 +0800] "POST /xingrg/all/common/load_select.html HTTP/1.1" 200 25
218.81.76.85 - - [01/Aug/2023:09:38:02 +0800] "GET /xingrg/all/function/internal_message.html?_=1690853881888&CODE_STATE=getMsg HTTP/1.1" 200 27
114.83.220.65 - - [01/Aug/2023:09:38:02 +0800] "GET /xingrg/kc/base/check_order_list.html HTTP/1.1" 200 16302
114.83.220.65 - - [01/Aug/2023:09:38:02 +0800] "POST /xingrg/kc/base/check_list_operate.html HTTP/1.1" 200 781
101.228.187.155 - - [01/Aug/2023:09:38:03 +0800] "GET /xingrg/kc/base/wldb_order_operate.html?command=get_materiel_price&rest_code=00142&base_code=0010185&code=00101010645&unit_code=00100007 HTTP/1.1" 200 37
180.152.241.196 - - [01/Aug/2023:09:38:04 +0800] "GET /xingrg/all/function/internal_message.html?_=1690853887226&CODE_STATE=getMsg HTTP/1.1" 200 27
124.78.70.128 - - [01/Aug/2023:09:38:04 +0800] "POST /xingrg/dwr/call/plaincall/AjaxCheckService.setItemNumber.dwr HTTP/1.1" 200 76
114.83.220.65 - - [01/Aug/2023:09:38:04 +0800] "GET /xingrg/all/function/internal_message.html?_=1690854013406&CODE_STATE=getMsg HTTP/1.1" 200 27
124.78.70.128 - - [01/Aug/2023:09:38:06 +0800] "POST /xingrg/dwr/call/plaincall/AjaxCheckService.setItemNumber.dwr HTTP/1.1" 200 76
114.83.220.65 - - [01/Aug/2023:09:38:07 +0800] "POST /xingrg/kc/base/check_list_operate.html HTTP/1.1" 200 781
116.228.172.122 - - [01/Aug/2023:09:38:08 +0800] "GET /xingrg/all/function/internal_message.html?_=1690853781317&CODE_STATE=getMsg HTTP/1.1" 302 -
180.165.154.167 - - [01/Aug/2023:09:38:08 +0800] "GET /xingrg/kc/buy/cgsh_order_operate.html?command=get_materiel&rest_code=00108&code=00101006240&supplier_code=00100012&order_time=2023-08-01 HTTP/1.1" 200 422
180.169.147.146 - - [01/Aug/2023:09:38:10 +0800] "POST /xingrg/kc/buy/cgsh_list_operate.html HTTP/1.1" 200 6687
124.78.70.128 - - [01/Aug/2023:09:38:10 +0800] "POST /xingrg/dwr/call/plaincall/AjaxCheckService.setItemNumber.dwr HTTP/1.1" 200 76
124.78.70.128 - - [01/Aug/2023:09:38:11 +0800] "POST /xingrg/dwr/call/plaincall/AjaxCheckService.setItemNumber.dwr HTTP/1.1" 200 77
124.78.70.128 - - [01/Aug/2023:09:38:12 +0800] "POST /xingrg/dwr/call/plaincall/AjaxCheckService.setItemNumber.dwr HTTP/1.1" 200 77
116.232.195.127 - - [01/Aug/2023:09:38:13 +0800] "GET /xingrg/kc/buy/cgsh_order_operate.html?command=get_materiel&rest_code=00155&code=00101009118&supplier_code=00100005&order_time=2023-08-01 HTTP/1.1" 200 406
124.78.70.128 - - [01/Aug/2023:09:38:13 +0800] "POST /xingrg/dwr/call/plaincall/AjaxCheckService.setItemNumber.dwr HTTP/1.1" 200 77
116.238.191.126 - - [01/Aug/2023:09:38:13 +0800] "GET /xingrg/check_reg.html?_=1690853773211 HTTP/1.1" 200 22
124.78.70.128 - - [01/Aug/2023:09:38:15 +0800] "POST /xingrg/dwr/call/plaincall/AjaxCheckService.setItemNumber.dwr HTTP/1.1" 200 77
116.238.191.126 - - [01/Aug/2023:09:38:16 +0800] "GET /xingrg/all/function/internal_message.html?_=1690853775643&CODE_STATE=getMsg HTTP/1.1" 200 27
58.40.7.146 - - [01/Aug/2023:09:38:17 +0800] "GET /xingrg/all/function/internal_message.html?_=1690853897805&CODE_STATE=getMsg HTTP/1.1" 302 -
116.232.195.127 - - [01/Aug/2023:09:38:18 +0800] "POST /xingrg/kc/buy/cgsh_order_operate.html HTTP/1.1" 200 2065
124.78.70.128 - - [01/Aug/2023:09:38:18 +0800] "POST /xingrg/dwr/call/plaincall/AjaxCheckService.setItemNumber.dwr HTTP/1.1" 200 77
101.228.187.155 - - [01/Aug/2023:09:38:20 +0800] "GET /xingrg/all/function/internal_message.html?_=1690853898988&CODE_STATE=getMsg HTTP/1.1" 200 27
180.165.154.167 - - [01/Aug/2023:09:38:20 +0800] "GET /xingrg/check_reg.html?_=1690853900375 HTTP/1.1" 200 22
180.165.154.167 - - [01/Aug/2023:09:38:20 +0800] "GET /xingrg/all/function/internal_message.html?_=1690853900378&CODE_STATE=getMsg HTTP/1.1" 200 27
180.163.29.206 - - [01/Aug/2023:09:38:21 +0800] "GET /xingrg/all/function/internal_message.html?_=1690853841268&CODE_STATE=getMsg HTTP/1.1" 302 -
180.163.29.206 - - [01/Aug/2023:09:38:21 +0800] "GET /xingrg/login.html HTTP/1.1" 200 7641
124.78.70.128 - - [01/Aug/2023:09:38:21 +0800] "POST /xingrg/dwr/call/plaincall/AjaxCheckService.setItemNumber.dwr HTTP/1.1" 200 77
180.169.147.146 - - [01/Aug/2023:09:38:21 +0800] "GET /xingrg/all/function/internal_message.html?_=1690853901277&CODE_STATE=getMsg HTTP/1.1" 200 27
116.230.112.71 - - [01/Aug/2023:09:38:21 +0800] "GET /xingrg/check_reg.html?_=1690853907111 HTTP/1.1" 200 22
222.70.114.12 - - [01/Aug/2023:09:38:21 +0800] "GET /xingrg/all/function/internal_message.html?_=1690853901812&CODE_STATE=getMsg HTTP/1.1" 302 -
101.228.187.155 - - [01/Aug/2023:09:38:22 +0800] "GET /xingrg/kc/base/wldb_order_operate.html?command=get_materiel&rest_code=00142&base_code=0010185&code=00101010237 HTTP/1.1" 200 433
124.78.70.128 - - [01/Aug/2023:09:38:25 +0800] "POST /xingrg/dwr/call/plaincall/AjaxCheckService.setItemNumber.dwr HTTP/1.1" 200 77
116.232.195.127 - - [01/Aug/2023:09:38:26 +0800] "GET /xingrg/kc/buy/cgsh_order_operate.html?command=get_materiel&rest_code=00155&code=00101008036&supplier_code=00100005&order_time=2023-08-01 HTTP/1.1" 200 408
124.78.70.128 - - [01/Aug/2023:09:38:26 +0800] "POST /xingrg/dwr/call/plaincall/AjaxCheckService.setItemNumber.dwr HTTP/1.1" 200 77
124.78.70.128 - - [01/Aug/2023:09:38:27 +0800] "POST /xingrg/dwr/call/plaincall/AjaxCheckService.setItemNumber.dwr HTTP/1.1" 200 77
180.169.147.146 - - [01/Aug/2023:09:38:27 +0800] "POST /xingrg/kc/buy/cgsh_list_operate.html HTTP/1.1" 200 6696
222.69.130.71 - - [01/Aug/2023:09:38:30 +0800] "GET /xingrg/all/function/internal_message.html?_=1690853910837&CODE_STATE=getMsg HTTP/1.1" 200 27
180.169.147.146 - - [01/Aug/2023:09:38:30 +0800] "GET /xingrg/all/function/internal_message.html?_=1690853910269&CODE_STATE=getMsg HTTP/1.1" 200 27
180.152.241.196 - - [01/Aug/2023:09:38:30 +0800] "GET /xingrg/all/function/internal_message.html?_=1690853910820&CODE_STATE=getMsg HTTP/1.1" 302 -
116.230.112.71 - - [01/Aug/2023:09:38:30 +0800] "GET /xingrg/all/function/internal_message.html?_=1690853915379&CODE_STATE=getMsg HTTP/1.1" 200 27
222.70.180.90 - - [01/Aug/2023:09:38:32 +0800] "GET /xingrg/all/function/internal_message.html?_=1690853912646&CODE_STATE=getMsg HTTP/1.1" 200 27
101.228.187.155 - - [01/Aug/2023:09:38:33 +0800] "POST /xingrg/kc/base/wldb_order_operate.html HTTP/1.1" 200 37
101.228.187.155 - - [01/Aug/2023:09:38:34 +0800] "POST /xingrg/kc/base/wldb_order_operate.html HTTP/1.1" 200 4114
180.169.147.146 - - [01/Aug/2023:09:38:34 +0800] "POST /xingrg/kc/buy/cgsh_list_operate.html HTTP/1.1" 200 493
180.169.147.146 - - [01/Aug/2023:09:38:34 +0800] "GET /xingrg/javascript/easyui/themes/default/images/button_plain_hover.png HTTP/1.1" 200 144
101.228.187.155 - - [01/Aug/2023:09:38:35 +0800] "GET /xingrg/kc/base/wldb_order_info.html?code=422023080100002 HTTP/1.1" 200 30481
101.228.187.155 - - [01/Aug/2023:09:38:35 +0800] "GET /xingrg/javascript/easyui/themes/default/validatebox.css HTTP/1.1" 404 1104
101.228.187.155 - - [01/Aug/2023:09:38:36 +0800] "POST /xingrg/kc/base/wldb_order_operate.html HTTP/1.1" 200 4114
116.238.191.126 - - [01/Aug/2023:09:38:38 +0800] "GET /xingrg/all/function/internal_message.html?_=1690853917653&CODE_STATE=getMsg HTTP/1.1" 200 27
120.253.135.82 - - [01/Aug/2023:09:38:41 +0800] "GET /xingrg/all/function/internal_message.html?_=1690853742347&CODE_STATE=getMsg HTTP/1.1" 200 27
124.79.243.110 - - [01/Aug/2023:09:38:41 +0800] "GET /xingrg/all/function/internal_message.html?_=1690854210063&CODE_STATE=getMsg HTTP/1.1" 200 27
124.79.243.110 - - [01/Aug/2023:09:38:41 +0800] "GET /xingrg/check_reg.html?_=1690854210064 HTTP/1.1" 200 22
180.169.147.146 - - [01/Aug/2023:09:38:42 +0800] "POST /xingrg/kc/buy/cgsh_list_operate.html HTTP/1.1" 200 4
116.232.195.127 - - [01/Aug/2023:09:38:43 +0800] "GET /xingrg/check_reg.html?_=1690853866450 HTTP/1.1" 200 22
116.232.195.127 - - [01/Aug/2023:09:38:43 +0800] "GET /xingrg/all/function/internal_message.html?_=1690853866455&CODE_STATE=getMsg HTTP/1.1" 200 27
124.78.70.128 - - [01/Aug/2023:09:38:45 +0800] "POST /xingrg/dwr/call/plaincall/AjaxCheckService.setItemNumber.dwr HTTP/1.1" 200 77
180.169.147.146 - - [01/Aug/2023:09:38:50 +0800] "POST /xingrg/kc/buy/cgsh_list_operate.html HTTP/1.1" 200 6581
101.83.145.37 - - [01/Aug/2023:09:38:53 +0800] "GET /xingrg/all/function/internal_message.html?_=1690853933969&CODE_STATE=getMsg HTTP/1.1" 200 27
101.83.145.37 - - [01/Aug/2023:09:38:53 +0800] "GET /xingrg/check_reg.html?_=1690853933972 HTTP/1.1" 200 22
116.232.195.127 - - [01/Aug/2023:09:38:53 +0800] "GET /xingrg/all/function/internal_message.html?_=1690853933380&CODE_STATE=getMsg HTTP/1.1" 302 -
124.79.243.110 - - [01/Aug/2023:09:38:54 +0800] "GET /xingrg/all/function/internal_message.html?_=1690853933291&CODE_STATE=getMsg HTTP/1.1" 200 27
124.79.243.110 - - [01/Aug/2023:09:38:54 +0800] "GET /xingrg/check_reg.html?_=1690853933293 HTTP/1.1" 200 22
124.78.70.128 - - [01/Aug/2023:09:38:54 +0800] "POST /xingrg/dwr/call/plaincall/AjaxCheckService.setItemNumber.dwr HTTP/1.1" 200 77
124.78.70.128 - - [01/Aug/2023:09:38:55 +0800] "GET /xingrg/all/function/internal_message.html?_=1690853399702&CODE_STATE=getMsg HTTP/1.1" 200 27
124.78.70.128 - - [01/Aug/2023:09:38:56 +0800] "POST /xingrg/dwr/call/plaincall/AjaxCheckService.setItemNumber.dwr HTTP/1.1" 200 77
116.230.112.71 - - [01/Aug/2023:09:38:56 +0800] "GET /xingrg/all/function/internal_message.html?_=1690853941742&CODE_STATE=getMsg HTTP/1.1" 200 27
124.78.70.128 - - [01/Aug/2023:09:38:58 +0800] "POST /xingrg/dwr/call/plaincall/AjaxCheckService.setItemNumber.dwr HTTP/1.1" 200 77
116.232.195.127 - - [01/Aug/2023:09:38:59 +0800] "GET /xingrg/kc/buy/cgsh_order_operate.html?command=get_materiel&rest_code=00155&code=00101008399&supplier_code=00100005&order_time=2023-08-01 HTTP/1.1" 200 409
218.81.76.85 - - [01/Aug/2023:09:39:02 +0800] "GET /xingrg/check_reg.html?_=1690853941879 HTTP/1.1" 200 22
218.81.76.85 - - [01/Aug/2023:09:39:02 +0800] "GET /xingrg/all/function/internal_message.html?_=1690853941883&CODE_STATE=getMsg HTTP/1.1" 200 27
180.152.241.196 - - [01/Aug/2023:09:39:04 +0800] "GET /xingrg/all/function/internal_message.html?_=1690853947228&CODE_STATE=getMsg HTTP/1.1" 200 27
114.83.220.65 - - [01/Aug/2023:09:39:04 +0800] "GET /xingrg/check_reg.html?_=1690854073412 HTTP/1.1" 200 22
114.83.220.65 - - [01/Aug/2023:09:39:04 +0800] "GET /xingrg/all/function/internal_message.html?_=1690854073413&CODE_STATE=getMsg HTTP/1.1" 200 27
116.228.172.122 - - [01/Aug/2023:09:39:08 +0800] "GET /xingrg/all/function/internal_message.html?_=1690853841321&CODE_STATE=getMsg HTTP/1.1" 302 -
116.232.195.127 - - [01/Aug/2023:09:39:11 +0800] "GET /xingrg/kc/buy/cgsh_order_operate.html?command=get_materiel&rest_code=00155&code=00101008290&supplier_code=00100005&order_time=2023-08-01 HTTP/1.1" 200 416
116.230.112.71 - - [01/Aug/2023:09:39:13 +0800] "GET /xingrg/kc/buy/cgsh_order_list.html HTTP/1.1" 200 55986
116.238.191.126 - - [01/Aug/2023:09:39:16 +0800] "GET /xingrg/all/function/internal_message.html?_=1690853835652&CODE_STATE=getMsg HTTP/1.1" 200 27
58.40.7.146 - - [01/Aug/2023:09:39:17 +0800] "GET /xingrg/all/function/internal_message.html?_=1690853957775&CODE_STATE=getMsg HTTP/1.1" 302 -
116.230.112.71 - - [01/Aug/2023:09:39:19 +0800] "POST /xingrg/kc/buy/cgsh_list_operate.html HTTP/1.1" 200 1866
101.228.187.155 - - [01/Aug/2023:09:39:20 +0800] "GET /xingrg/all/function/internal_message.html?_=1690853958995&CODE_STATE=getMsg HTTP/1.1" 200 27
101.228.187.155 - - [01/Aug/2023:09:39:20 +0800] "GET /xingrg/check_reg.html?_=1690853958999 HTTP/1.1" 200 22
180.165.154.167 - - [01/Aug/2023:09:39:20 +0800] "GET /xingrg/all/function/internal_message.html?_=1690853960360&CODE_STATE=getMsg HTTP/1.1" 200 27
124.78.70.128 - - [01/Aug/2023:09:39:21 +0800] "POST /xingrg/dwr/call/plaincall/AjaxCheckService.setItemNumber.dwr HTTP/1.1" 200 77
180.169.147.146 - - [01/Aug/2023:09:39:21 +0800] "GET /xingrg/all/function/internal_message.html?_=1690853961269&CODE_STATE=getMsg HTTP/1.1" 200 27
222.70.114.12 - - [01/Aug/2023:09:39:21 +0800] "GET /xingrg/check_reg.html?_=1690853961824 HTTP/1.1" 302 -
222.70.114.12 - - [01/Aug/2023:09:39:21 +0800] "GET /xingrg/all/function/internal_message.html?_=1690853961825&CODE_STATE=getMsg HTTP/1.1" 302 -
116.230.112.71 - - [01/Aug/2023:09:39:22 +0800] "POST /xingrg/kc/buy/cgsh_list_operate.html HTTP/1.1" 200 493
180.165.154.167 - - [01/Aug/2023:09:39:22 +0800] "GET /xingrg/kc/buy/cgsh_order_operate.html?command=get_materiel&rest_code=00108&code=00101002027&supplier_code=00100012&order_time=2023-08-01 HTTP/1.1" 200 413
116.230.112.71 - - [01/Aug/2023:09:39:25 +0800] "GET /xingrg/kc/buy/cgsh_order_info.html?code=212023070803047 HTTP/1.1" 200 71769
116.230.112.71 - - [01/Aug/2023:09:39:25 +0800] "GET /xingrg/javascript/easyui/themes/default/validatebox.css HTTP/1.1" 404 1104
116.230.112.71 - - [01/Aug/2023:09:39:26 +0800] "POST /xingrg/kc/buy/cgsh_order_operate.html HTTP/1.1" 200 5030
116.232.195.127 - - [01/Aug/2023:09:39:26 +0800] "GET /xingrg/kc/buy/cgsh_order_operate.html?command=get_materiel&rest_code=00155&code=00101008229&supplier_code=00100005&order_time=2023-08-01 HTTP/1.1" 200 420
124.78.70.128 - - [01/Aug/2023:09:39:26 +0800] "POST /xingrg/dwr/call/plaincall/AjaxCheckService.setItemNumber.dwr HTTP/1.1" 200 77
124.78.70.128 - - [01/Aug/2023:09:39:28 +0800] "POST /xingrg/dwr/call/plaincall/AjaxCheckService.setItemNumber.dwr HTTP/1.1" 200 77
180.152.241.196 - - [01/Aug/2023:09:39:29 +0800] "GET /xingrg/kc/buy/cgsh_order_list.html HTTP/1.1" 302 -
180.152.241.196 - - [01/Aug/2023:09:39:29 +0800] "GET /xingrg/login.html HTTP/1.1" 200 7641
180.152.241.196 - - [01/Aug/2023:09:39:29 +0800] "GET /xingrg/login.html HTTP/1.1" 200 7641
180.152.241.196 - - [01/Aug/2023:09:39:29 +0800] "GET /xingrg/images/blue/jxLogo.png HTTP/1.1" 200 6156
180.152.241.196 - - [01/Aug/2023:09:39:29 +0800] "GET /xingrg/images/blue/login_bg.png HTTP/1.1" 200 22101
180.152.241.196 - - [01/Aug/2023:09:39:29 +0800] "GET /xingrg/images/blue/hj.png HTTP/1.1" 200 1014
180.152.241.196 - - [01/Aug/2023:09:39:29 +0800] "GET /xingrg/images/blue/srbg.png HTTP/1.1" 200 138
180.152.241.196 - - [01/Aug/2023:09:39:29 +0800] "GET /favicon.ico HTTP/1.1" 404 -
222.69.130.71 - - [01/Aug/2023:09:39:30 +0800] "GET /xingrg/all/function/internal_message.html?_=1690853970837&CODE_STATE=getMsg HTTP/1.1" 200 27
222.69.130.71 - - [01/Aug/2023:09:39:30 +0800] "GET /xingrg/check_reg.html?_=1690853970841 HTTP/1.1" 200 22
180.169.147.146 - - [01/Aug/2023:09:39:30 +0800] "GET /xingrg/all/function/internal_message.html?_=1690853970268&CODE_STATE=getMsg HTTP/1.1" 200 27
116.230.112.71 - - [01/Aug/2023:09:39:30 +0800] "GET /xingrg/all/function/internal_message.html?_=1690853975386&CODE_STATE=getMsg HTTP/1.1" 200 27
124.78.70.128 - - [01/Aug/2023:09:39:31 +0800] "POST /xingrg/dwr/call/plaincall/AjaxCheckService.setItemNumber.dwr HTTP/1.1" 200 77
222.70.180.90 - - [01/Aug/2023:09:39:31 +0800] "POST /xingrg/services/DataTransmitService HTTP/1.1" 200 524
116.230.112.71 - - [01/Aug/2023:09:39:32 +0800] "GET /xingrg/javascript/jquery_tools/images/prev.gif HTTP/1.1" 404 1086
116.230.112.71 - - [01/Aug/2023:09:39:32 +0800] "GET /xingrg/javascript/jquery_tools/images/next.gif HTTP/1.1" 404 1086
222.70.180.90 - - [01/Aug/2023:09:39:32 +0800] "GET /xingrg/all/function/internal_message.html?_=1690853972649&CODE_STATE=getMsg HTTP/1.1" 200 27
180.152.241.196 - - [01/Aug/2023:09:39:33 +0800] "POST /xingrg/login.do HTTP/1.1" 302 -
180.152.241.196 - - [01/Aug/2023:09:39:33 +0800] "GET /xingrg/index.html?sysBaseUrl=http%3A%2F%2F180.169.147.146%3A18081%2Fxingrg%2F&costTime=2339×tamp=1690853973372 HTTP/1.1" 200 17173
180.152.241.196 - - [01/Aug/2023:09:39:33 +0800] "GET /xingrg/javascript/jquery_easy_ui/themes/icon.css HTTP/1.1" 200 3949
180.152.241.196 - - [01/Aug/2023:09:39:33 +0800] "GET /xingrg/javascript/jquery_easy_ui/themes/default/easyui.css HTTP/1.1" 200 26500
180.152.241.196 - - [01/Aug/2023:09:39:33 +0800] "GET /xingrg/css/form.css HTTP/1.1" 200 893
180.152.241.196 - - [01/Aug/2023:09:39:33 +0800] "GET /xingrg/javascript/jquery.form.js HTTP/1.1" 200 23110
180.152.241.196 - - [01/Aug/2023:09:39:33 +0800] "GET /xingrg/javascript/jquery-1.4.2.min.js HTTP/1.1" 200 72205
180.152.241.196 - - [01/Aug/2023:09:39:33 +0800] "GET /xingrg/javascript/jquery_easy_ui/easyui-lang-zh_CN.js HTTP/1.1" 200 1900
180.152.241.196 - - [01/Aug/2023:09:39:33 +0800] "GET /xingrg/javascript/jquery.utils.js HTTP/1.1" 200 11805
180.152.241.196 - - [01/Aug/2023:09:39:33 +0800] "GET /xingrg/javascript/jquery_easy_ui/jquery.easyui.min.js HTTP/1.1" 200 213662
180.152.241.196 - - [01/Aug/2023:09:39:33 +0800] "GET /xingrg/javascript/jquery.timers.js HTTP/1.1" 200 3532
180.152.241.196 - - [01/Aug/2023:09:39:33 +0800] "GET /favicon.ico HTTP/1.1" 404 -
180.152.241.196 - - [01/Aug/2023:09:39:33 +0800] "GET /xingrg/images/blue/navBackgound.jpg HTTP/1.1" 200 12378
180.152.241.196 - - [01/Aug/2023:09:39:33 +0800] "GET /xingrg/javascript/jquery_easy_ui/themes/icons/settle_new.png HTTP/1.1" 200 826
180.152.241.196 - - [01/Aug/2023:09:39:33 +0800] "GET /xingrg/check_reg.html?_=1690853974155 HTTP/1.1" 200 22
180.152.241.196 - - [01/Aug/2023:09:39:33 +0800] "GET /xingrg/javascript/jquery_easy_ui/themes/default/images/tabs_rightarrow.png HTTP/1.1" 200 395
180.152.241.196 - - [01/Aug/2023:09:39:33 +0800] "GET /xingrg/javascript/jquery_easy_ui/themes/default/images/tabs_leftarrow.png HTTP/1.1" 200 389
180.152.241.196 - - [01/Aug/2023:09:39:33 +0800] "GET /xingrg/javascript/jquery_easy_ui/themes/default/images/panel_tool_collapse.gif HTTP/1.1" 200 246
180.152.241.196 - - [01/Aug/2023:09:39:33 +0800] "GET /xingrg/images/blue/pingpu.png HTTP/1.1" 200 231
180.152.241.196 - - [01/Aug/2023:09:39:34 +0800] "GET /xingrg/all/function/internal_message.html?_=1690853974154&CODE_STATE=count HTTP/1.1" 200 11
180.152.241.196 - - [01/Aug/2023:09:39:34 +0800] "POST /xingrg/all/common/load_tree.html?tree=area_rest_tree_json&manage=1 HTTP/1.1" 200 342
180.152.241.196 - - [01/Aug/2023:09:39:34 +0800] "POST /xingrg/load_menu.html HTTP/1.1" 200 5138
180.152.241.196 - - [01/Aug/2023:09:39:34 +0800] "GET /xingrg/javascript/jquery_easy_ui/themes/default/images/tree_folder.gif HTTP/1.1" 200 952
180.152.241.196 - - [01/Aug/2023:09:39:34 +0800] "GET /xingrg/javascript/jquery_easy_ui/themes/icons/storage_new.png HTTP/1.1" 200 853
180.152.241.196 - - [01/Aug/2023:09:39:34 +0800] "GET /xingrg/javascript/jquery_easy_ui/themes/icons/forms_new.png HTTP/1.1" 200 350
180.152.241.196 - - [01/Aug/2023:09:39:34 +0800] "GET /xingrg/javascript/jquery_easy_ui/themes/default/images/tree_folder_open.gif HTTP/1.1" 200 956
180.152.241.196 - - [01/Aug/2023:09:39:34 +0800] "GET /xingrg/javascript/jquery_easy_ui/themes/default/images/tree_file.gif HTTP/1.1" 200 118
180.152.241.196 - - [01/Aug/2023:09:39:34 +0800] "GET /xingrg/javascript/jquery_easy_ui/themes/icons/search_new.png HTTP/1.1" 200 586
180.152.241.196 - - [01/Aug/2023:09:39:34 +0800] "GET /xingrg/javascript/jquery_easy_ui/themes/default/images/tree_arrows.gif HTTP/1.1" 200 1043
180.165.154.167 - - [01/Aug/2023:09:39:37 +0800] "GET /xingrg/kc/buy/cgsh_order_operate.html?command=get_materiel&rest_code=00108&code=00101001075&supplier_code=00100012&order_time=2023-08-01 HTTP/1.1" 200 409
116.232.195.127 - - [01/Aug/2023:09:39:38 +0800] "GET /xingrg/kc/buy/cgsh_order_operate.html?command=get_materiel&rest_code=00155&code=00101008095&supplier_code=00100005&order_time=2023-08-01 HTTP/1.1" 200 412
116.238.191.126 - - [01/Aug/2023:09:39:38 +0800] "GET /xingrg/all/function/internal_message.html?_=1690853977654&CODE_STATE=getMsg HTTP/1.1" 200 27
180.152.241.196 - - [01/Aug/2023:09:39:39 +0800] "GET /xingrg/javascript/jquery_easy_ui/themes/default/images/tabs_close.gif HTTP/1.1" 200 829
222.70.180.90 - - [01/Aug/2023:09:39:39 +0800] "GET /xingrg/kc/buy/cgsh_order_operate.html?command=get_materiel&rest_code=00111&code=00101002027&supplier_code=00100199&order_time=2023-08-01 HTTP/1.1" 200 415
180.152.241.196 - - [01/Aug/2023:09:39:40 +0800] "GET /xingrg/kc/buy/cgsh_order_list.html HTTP/1.1" 200 55980
180.152.241.196 - - [01/Aug/2023:09:39:40 +0800] "GET /xingrg/css/base.css HTTP/1.1" 200 2811
180.152.241.196 - - [01/Aug/2023:09:39:40 +0800] "GET /xingrg/css/site.css HTTP/1.1" 200 7541
180.152.241.196 - - [01/Aug/2023:09:39:40 +0800] "GET /xingrg/javascript/jquery_tools/datebox.css HTTP/1.1" 200 2597
180.152.241.196 - - [01/Aug/2023:09:39:40 +0800] "GET /xingrg/javascript/easyui/themes/default/easyui.css HTTP/1.1" 200 30432
180.152.241.196 - - [01/Aug/2023:09:39:40 +0800] "GET /xingrg/javascript/easyui/themes/icon.css HTTP/1.1" 200 4483
180.152.241.196 - - [01/Aug/2023:09:39:40 +0800] "GET /xingrg/javascript/auto/jquery.autocomplete.css HTTP/1.1" 200 587
180.152.241.196 - - [01/Aug/2023:09:39:40 +0800] "GET /xingrg/javascript/jquery_tools/table.css HTTP/1.1" 200 1032
180.152.241.196 - - [01/Aug/2023:09:39:40 +0800] "GET /xingrg/javascript/jquery_tools/fix.css HTTP/1.1" 200 1702
180.152.241.196 - - [01/Aug/2023:09:39:40 +0800] "GET /xingrg/javascript/jquery_tools/jquery.tools.extend.js HTTP/1.1" 200 15385
180.152.241.196 - - [01/Aug/2023:09:39:40 +0800] "GET /xingrg/javascript/jquery_tools/jquery.tools.min.js HTTP/1.1" 200 138801
180.152.241.196 - - [01/Aug/2023:09:39:40 +0800] "GET /xingrg/javascript/jquery_tools/jquery.tools.hotkey.js HTTP/1.1" 200 3242
180.152.241.196 - - [01/Aug/2023:09:39:40 +0800] "GET /xingrg/javascript/jquery_tools/jquery.tools.table.js HTTP/1.1" 200 6994
180.152.241.196 - - [01/Aug/2023:09:39:40 +0800] "GET /xingrg/javascript/jquery_tools/list_manager.js HTTP/1.1" 200 3652
180.152.241.196 - - [01/Aug/2023:09:39:40 +0800] "GET /xingrg/javascript/auto/jquery.autocomplete.js HTTP/1.1" 200 21624
180.152.241.196 - - [01/Aug/2023:09:39:40 +0800] "GET /xingrg/javascript/easyui/easyloader.js HTTP/1.1" 200 5975
180.152.241.196 - - [01/Aug/2023:09:39:40 +0800] "GET /xingrg/javascript/jquery.cookie.js HTTP/1.1" 200 5513
180.152.241.196 - - [01/Aug/2023:09:39:40 +0800] "GET /xingrg/javascript/print/LodopFuncs.js HTTP/1.1" 200 5121
180.152.241.196 - - [01/Aug/2023:09:39:40 +0800] "GET /xingrg/javascript/easyui/themes/icons/check_new.png HTTP/1.1" 200 3224
180.152.241.196 - - [01/Aug/2023:09:39:40 +0800] "GET /xingrg/javascript/easyui/themes/icons/edit_add_new.png HTTP/1.1" 200 2997
180.152.241.196 - - [01/Aug/2023:09:39:40 +0800] "GET /xingrg/javascript/easyui/themes/icons/import_new.png HTTP/1.1" 200 1247
180.152.241.196 - - [01/Aug/2023:09:39:40 +0800] "GET /xingrg/javascript/easyui/themes/icons/cance_new.png HTTP/1.1" 200 3986
180.152.241.196 - - [01/Aug/2023:09:39:40 +0800] "GET /xingrg/javascript/easyui/themes/icons/field_new.png HTTP/1.1" 200 1097
180.152.241.196 - - [01/Aug/2023:09:39:40 +0800] "GET /xingrg/javascript/easyui/plugins/jquery.parser.js HTTP/1.1" 200 1142
180.152.241.196 - - [01/Aug/2023:09:39:40 +0800] "GET /xingrg/images/control/ajaxLoader.gif HTTP/1.1" 200 4659
124.79.243.110 - - [01/Aug/2023:09:39:41 +0800] "GET /xingrg/all/function/internal_message.html?_=1690854270061&CODE_STATE=getMsg HTTP/1.1" 200 27
120.253.135.82 - - [01/Aug/2023:09:39:41 +0800] "GET /xingrg/all/function/internal_message.html?_=1690853802396&CODE_STATE=getMsg HTTP/1.1" 200 27
101.228.187.155 - - [01/Aug/2023:09:39:41 +0800] "POST /xingrg/kc/base/wldb_order_operate.html HTTP/1.1" 200 37
101.228.187.155 - - [01/Aug/2023:09:39:43 +0800] "POST /xingrg/kc/base/wldb_order_operate.html HTTP/1.1" 200 4114
116.238.191.126 - - [01/Aug/2023:09:39:43 +0800] "POST /xingrg/dwr/call/plaincall/AjaxComOrderService.getMaterielSearchList.dwr HTTP/1.1" 200 64631
116.232.195.127 - - [01/Aug/2023:09:39:43 +0800] "GET /xingrg/all/function/internal_message.html?_=1690853926476&CODE_STATE=getMsg HTTP/1.1" 200 27
180.152.241.196 - - [01/Aug/2023:09:39:44 +0800] "POST /xingrg/kc/buy/cgsh_list_operate.html HTTP/1.1" 200 986
180.152.241.196 - - [01/Aug/2023:09:39:44 +0800] "GET /xingrg/javascript/easyui/themes/default/images/button_plain_hover.png HTTP/1.1" 200 144
116.238.191.126 - - [01/Aug/2023:09:39:44 +0800] "POST /xingrg/dwr/call/plaincall/AjaxComOrderService.getMaterielSearchList.dwr HTTP/1.1" 200 1385
116.232.195.127 - - [01/Aug/2023:09:39:46 +0800] "POST /xingrg/kc/buy/cgsh_order_operate.html HTTP/1.1" 200 2065
116.238.191.126 - - [01/Aug/2023:09:39:47 +0800] "POST /xingrg/dwr/call/plaincall/AjaxComOrderService.getMaterielByCode.dwr HTTP/1.1" 200 3847
180.152.241.196 - - [01/Aug/2023:09:39:48 +0800] "GET /xingrg/kc/buy/cgsh_order_add.html HTTP/1.1" 200 71797
180.152.241.196 - - [01/Aug/2023:09:39:48 +0800] "GET /xingrg/javascript/pic_change.js HTTP/1.1" 200 4739
180.152.241.196 - - [01/Aug/2023:09:39:48 +0800] "GET /xingrg/javascript/jquery_tools/order_manager.js HTTP/1.1" 200 11183
180.152.241.196 - - [01/Aug/2023:09:39:48 +0800] "GET /xingrg/javascript/json2.js HTTP/1.1" 200 11259
180.152.241.196 - - [01/Aug/2023:09:39:48 +0800] "GET /xingrg/javascript/print/kc_print.js HTTP/1.1" 200 11415
180.152.241.196 - - [01/Aug/2023:09:39:48 +0800] "GET /xingrg/javascript/convert.js HTTP/1.1" 200 1239
180.152.241.196 - - [01/Aug/2023:09:39:48 +0800] "GET /xingrg/words/20230731144558_words.js HTTP/1.1" 200 976058
180.152.241.196 - - [01/Aug/2023:09:39:48 +0800] "GET /xingrg/javascript/easyui/themes/icons/copy_new.png HTTP/1.1" 200 815
180.152.241.196 - - [01/Aug/2023:09:39:48 +0800] "GET /xingrg/javascript/easyui/themes/icons/ok.png HTTP/1.1" 200 883
180.152.241.196 - - [01/Aug/2023:09:39:48 +0800] "GET /xingrg/javascript/easyui/themes/icons/template_new.png HTTP/1.1" 200 3956
180.152.241.196 - - [01/Aug/2023:09:39:48 +0800] "GET /xingrg/javascript/easyui/themes/default/images/menu_downarrow.png HTTP/1.1" 200 173
180.152.241.196 - - [01/Aug/2023:09:39:48 +0800] "GET /xingrg/javascript/easyui/themes/icons/cancel.png HTTP/1.1" 200 1133
180.152.241.196 - - [01/Aug/2023:09:39:48 +0800] "GET /xingrg/javascript/easyui/themes/icons/print.png HTTP/1.1" 200 1057
180.152.241.196 - - [01/Aug/2023:09:39:48 +0800] "POST /xingrg/kc/buy/cgsh_order_operate.html HTTP/1.1" 200 8245
180.152.241.196 - - [01/Aug/2023:09:39:48 +0800] "GET /xingrg/javascript/easyui/themes/default/validatebox.css HTTP/1.1" 404 1104
180.152.241.196 - - [01/Aug/2023:09:39:48 +0800] "GET /xingrg/javascript/easyui/plugins/jquery.validatebox.js HTTP/1.1" 200 6103
180.152.241.196 - - [01/Aug/2023:09:39:48 +0800] "GET /xingrg/javascript/easyui/themes/icons/edit_remove.png HTTP/1.1" 200 625
180.152.241.196 - - [01/Aug/2023:09:39:48 +0800] "GET /xingrg/javascript/easyui/plugins/jquery.numberbox.js HTTP/1.1" 200 5213
180.152.241.196 - - [01/Aug/2023:09:39:48 +0800] "GET /xingrg/all/common/auto_word.html?type=employee&rest_code=00102 HTTP/1.1" 200 189
180.152.241.196 - - [01/Aug/2023:09:39:48 +0800] "GET /xingrg/all/common/auto_word.html?type=employee&rest_code=00102 HTTP/1.1" 200 189
180.152.241.196 - - [01/Aug/2023:09:39:49 +0800] "GET /xingrg/javascript/auto/indicator.gif HTTP/1.1" 404 1066
116.230.112.71 - - [01/Aug/2023:09:39:53 +0800] "POST /xingrg/kc/buy/cgsh_order_operate.html HTTP/1.1" 200 37
101.83.145.37 - - [01/Aug/2023:09:39:53 +0800] "GET /xingrg/all/function/internal_message.html?_=1690853993972&CODE_STATE=getMsg HTTP/1.1" 200 27
116.232.195.127 - - [01/Aug/2023:09:39:53 +0800] "GET /xingrg/all/function/internal_message.html?_=1690853993393&CODE_STATE=getMsg HTTP/1.1" 302 -
124.79.243.110 - - [01/Aug/2023:09:39:54 +0800] "GET /xingrg/all/function/internal_message.html?_=1690853993296&CODE_STATE=getMsg HTTP/1.1" 200 27
124.78.70.128 - - [01/Aug/2023:09:39:54 +0800] "GET /xingrg/check_reg.html?_=1690853459031 HTTP/1.1" 200 22
124.78.70.128 - - [01/Aug/2023:09:39:55 +0800] "GET /xingrg/all/function/internal_message.html?_=1690853459677&CODE_STATE=getMsg HTTP/1.1" 200 27
222.70.180.90 - - [01/Aug/2023:09:39:58 +0800] "POST /xingrg/services/DataTransmitService HTTP/1.1" 200 501
116.232.195.127 - - [01/Aug/2023:09:39:59 +0800] "GET /xingrg/kc/buy/cgsh_order_operate.html?command=get_materiel&rest_code=00155&code=00101008110&supplier_code=00100005&order_time=2023-08-01 HTTP/1.1" 200 408
101.228.187.155 - - [01/Aug/2023:09:40:01 +0800] "POST /xingrg/kc/base/wldb_order_operate.html HTTP/1.1" 200 12
218.81.76.85 - - [01/Aug/2023:09:40:02 +0800] "GET /xingrg/all/function/internal_message.html?_=1690854001881&CODE_STATE=getMsg HTTP/1.1" 200 27
116.238.191.126 - - [01/Aug/2023:09:40:02 +0800] "POST /xingrg/dwr/call/plaincall/AjaxCheckService.addOrderItem.dwr HTTP/1.1" 200 710
180.152.241.196 - - [01/Aug/2023:09:40:04 +0800] "GET /xingrg/all/function/internal_message.html?_=1690854007229&CODE_STATE=getMsg HTTP/1.1" 200 27
114.83.220.65 - - [01/Aug/2023:09:40:04 +0800] "GET /xingrg/all/function/internal_message.html?_=1690854133406&CODE_STATE=getMsg HTTP/1.1" 200 27
101.228.187.155 - - [01/Aug/2023:09:40:07 +0800] "GET /xingrg/kc/base/wldb_order_info.html?code=422023080100002 HTTP/1.1" 200 26347
101.228.187.155 - - [01/Aug/2023:09:40:08 +0800] "GET /xingrg/javascript/easyui/themes/default/validatebox.css HTTP/1.1" 404 1104
101.228.187.155 - - [01/Aug/2023:09:40:08 +0800] "POST /xingrg/kc/base/wldb_order_operate.html HTTP/1.1" 200 2359
116.228.172.122 - - [01/Aug/2023:09:40:08 +0800] "GET /xingrg/all/function/internal_message.html?_=1690853901313&CODE_STATE=getMsg HTTP/1.1" 302 -
116.230.112.71 - - [01/Aug/2023:09:40:12 +0800] "POST /xingrg/kc/buy/cgsh_order_operate.html HTTP/1.1" 200 12
116.232.195.127 - - [01/Aug/2023:09:40:15 +0800] "GET /xingrg/kc/buy/cgsh_order_operate.html?command=get_materiel&rest_code=00155&code=00101008223&supplier_code=00100005&order_time=2023-08-01 HTTP/1.1" 200 412
116.238.191.126 - - [01/Aug/2023:09:40:16 +0800] "GET /xingrg/all/function/internal_message.html?_=1690853895666&CODE_STATE=getMsg HTTP/1.1" 200 27
58.40.7.146 - - [01/Aug/2023:09:40:17 +0800] "GET /xingrg/all/function/internal_message.html?_=1690854017762&CODE_STATE=getMsg HTTP/1.1" 302 -
101.228.187.155 - - [01/Aug/2023:09:40:20 +0800] "GET /xingrg/all/function/internal_message.html?_=1690854018988&CODE_STATE=getMsg HTTP/1.1" 200 27
180.165.154.167 - - [01/Aug/2023:09:40:20 +0800] "GET /xingrg/all/function/internal_message.html?_=1690854020333&CODE_STATE=getMsg HTTP/1.1" 200 27
180.169.147.146 - - [01/Aug/2023:09:40:21 +0800] "GET /xingrg/check_reg.html?_=1690854021265 HTTP/1.1" 200 22
180.169.147.146 - - [01/Aug/2023:09:40:21 +0800] "GET /xingrg/all/function/internal_message.html?_=1690854021269&CODE_STATE=getMsg HTTP/1.1" 200 27
222.70.114.12 - - [01/Aug/2023:09:40:21 +0800] "GET /xingrg/all/function/internal_message.html?_=1690854021812&CODE_STATE=getMsg HTTP/1.1" 302 -
116.238.191.126 - - [01/Aug/2023:09:40:29 +0800] "POST /xingrg/dwr/call/plaincall/AjaxComOrderService.getMaterielSearchList.dwr HTTP/1.1" 200 19507
222.69.130.71 - - [01/Aug/2023:09:40:30 +0800] "GET /xingrg/all/function/internal_message.html?_=1690854030832&CODE_STATE=getMsg HTTP/1.1" 200 27
116.230.112.71 - - [01/Aug/2023:09:40:30 +0800] "GET /xingrg/check_reg.html?_=1690854034843 HTTP/1.1" 200 22
180.169.147.146 - - [01/Aug/2023:09:40:30 +0800] "GET /xingrg/all/function/internal_message.html?_=1690854030270&CODE_STATE=getMsg HTTP/1.1" 200 27
116.230.112.71 - - [01/Aug/2023:09:40:30 +0800] "GET /xingrg/all/function/internal_message.html?_=1690854035399&CODE_STATE=getMsg HTTP/1.1" 200 27
