58.40.7.146 - - [30/Jul/2023:10:30:14 +0800] "POST /xingrg/kc/base/check_list_operate.html HTTP/1.1" 200 781
114.83.216.109 - - [30/Jul/2023:10:30:14 +0800] "GET /xingrg/login.html HTTP/1.1" 200 7641
114.83.216.109 - - [30/Jul/2023:10:30:15 +0800] "GET /favicon.ico HTTP/1.1" 404 -
58.40.7.146 - - [30/Jul/2023:10:30:17 +0800] "POST /xingrg/all/user/operate.html HTTP/1.1" 200 36
58.40.7.146 - - [30/Jul/2023:10:30:17 +0800] "GET /xingrg/javascript/jquery_easy_ui/themes/default/easyui.css HTTP/1.1" 304 -
58.40.7.146 - - [30/Jul/2023:10:30:17 +0800] "GET /xingrg/javascript/jquery_easy_ui/themes/icon.css HTTP/1.1" 304 -
58.40.7.146 - - [30/Jul/2023:10:30:17 +0800] "GET /xingrg/css/form.css HTTP/1.1" 304 -
58.40.7.146 - - [30/Jul/2023:10:30:17 +0800] "GET /xingrg/index.html?sysBaseUrl=http%3A%2F%2F180.169.147.146%3A18081%2Fxingrg%2F&costTime=2094×tamp=1690684035564 HTTP/1.1" 200 17509
58.40.7.146 - - [30/Jul/2023:10:30:17 +0800] "GET /xingrg/javascript/jquery-1.4.2.min.js HTTP/1.1" 304 -
116.230.112.71 - - [30/Jul/2023:10:30:17 +0800] "GET /xingrg/kc/buy/cgsh_order_operate.html?command=get_materiel&rest_code=00146&code=00101008286&supplier_code=00100005&order_time=2023-07-30 HTTP/1.1" 200 408
58.40.7.146 - - [30/Jul/2023:10:30:17 +0800] "GET /xingrg/javascript/jquery_easy_ui/jquery.easyui.min.js HTTP/1.1" 304 -
58.40.7.146 - - [30/Jul/2023:10:30:17 +0800] "GET /xingrg/javascript/jquery_easy_ui/easyui-lang-zh_CN.js HTTP/1.1" 304 -
58.40.7.146 - - [30/Jul/2023:10:30:17 +0800] "GET /xingrg/javascript/jquery.form.js HTTP/1.1" 304 -
58.40.7.146 - - [30/Jul/2023:10:30:17 +0800] "GET /xingrg/javascript/jquery.utils.js HTTP/1.1" 304 -
58.40.7.146 - - [30/Jul/2023:10:30:17 +0800] "GET /xingrg/javascript/jquery.timers.js HTTP/1.1" 304 -
58.40.7.146 - - [30/Jul/2023:10:30:17 +0800] "GET /xingrg/images/blue/jxLogo.png HTTP/1.1" 304 -
58.40.7.146 - - [30/Jul/2023:10:30:17 +0800] "GET /xingrg/images/blue/navBackgound.jpg HTTP/1.1" 304 -
58.40.7.146 - - [30/Jul/2023:10:30:17 +0800] "GET /xingrg/javascript/jquery_easy_ui/themes/icons/settle_new.png HTTP/1.1" 304 -
58.40.7.146 - - [30/Jul/2023:10:30:17 +0800] "GET /xingrg/all/function/internal_message.html?_=1690684217921&CODE_STATE=count HTTP/1.1" 200 11
58.40.7.146 - - [30/Jul/2023:10:30:17 +0800] "GET /xingrg/check_reg.html?_=1690684217922 HTTP/1.1" 200 22
58.40.7.146 - - [30/Jul/2023:10:30:17 +0800] "GET /xingrg/images/blue/pingpu.png HTTP/1.1" 304 -
58.40.7.146 - - [30/Jul/2023:10:30:17 +0800] "GET /xingrg/javascript/jquery_easy_ui/themes/default/images/tabs_leftarrow.png HTTP/1.1" 304 -
58.40.7.146 - - [30/Jul/2023:10:30:17 +0800] "GET /xingrg/javascript/jquery_easy_ui/themes/default/images/panel_tool_collapse.gif HTTP/1.1" 304 -
58.40.7.146 - - [30/Jul/2023:10:30:17 +0800] "GET /xingrg/javascript/jquery_easy_ui/themes/default/images/tabs_rightarrow.png HTTP/1.1" 304 -
58.40.7.146 - - [30/Jul/2023:10:30:17 +0800] "GET /xingrg/javascript/jquery_easy_ui/themes/default/images/panel_tool_expand.gif HTTP/1.1" 304 -
58.40.7.146 - - [30/Jul/2023:10:30:18 +0800] "POST /xingrg/all/common/load_tree.html?tree=area_rest_tree_json&manage=1 HTTP/1.1" 200 3499
58.40.7.146 - - [30/Jul/2023:10:30:18 +0800] "POST /xingrg/load_menu.html HTTP/1.1" 200 9959
58.40.7.146 - - [30/Jul/2023:10:30:19 +0800] "GET /xingrg/kc/base/base_main.html HTTP/1.1" 200 12142
58.40.7.146 - - [30/Jul/2023:10:30:19 +0800] "GET /xingrg/kc/report/report_main.html HTTP/1.1" 200 7340
222.69.144.196 - - [30/Jul/2023:10:30:20 +0800] "GET /xingrg/all/function/internal_message.html?_=1690684348319&CODE_STATE=getMsg HTTP/1.1" 200 27
58.40.7.146 - - [30/Jul/2023:10:30:20 +0800] "GET /xingrg/kc/base/crk_hz.html HTTP/1.1" 200 11247
58.40.7.146 - - [30/Jul/2023:10:30:21 +0800] "POST /xingrg/kc/cost/cost_operate.html?command=get_base_tree HTTP/1.1" 200 2583
58.40.7.146 - - [30/Jul/2023:10:30:21 +0800] "POST /xingrg/all/common/load_tree.html?tree=materiel_sort_tree_json HTTP/1.1" 200 9500
222.70.114.12 - - [30/Jul/2023:10:30:21 +0800] "GET /xingrg/all/function/internal_message.html?_=1690684221437&CODE_STATE=getMsg HTTP/1.1" 200 27
222.70.114.12 - - [30/Jul/2023:10:30:21 +0800] "GET /xingrg/check_reg.html?_=1690684221446 HTTP/1.1" 200 22
180.165.154.167 - - [30/Jul/2023:10:30:21 +0800] "GET /xingrg/all/function/internal_message.html?_=1690684221836&CODE_STATE=getMsg HTTP/1.1" 200 27
124.78.70.128 - - [30/Jul/2023:10:30:22 +0800] "GET /xingrg/all/function/internal_message.html?_=1690683688110&CODE_STATE=getMsg HTTP/1.1" 200 27
180.165.154.167 - - [30/Jul/2023:10:30:22 +0800] "GET /xingrg/check_reg.html?_=1690684222692 HTTP/1.1" 200 22
116.230.112.71 - - [30/Jul/2023:10:30:26 +0800] "GET /xingrg/all/function/internal_message.html?_=1690684252698&CODE_STATE=getMsg HTTP/1.1" 200 27
58.39.110.125 - - [30/Jul/2023:10:30:28 +0800] "GET /xingrg/kc/buy/cgsh_order_operate.html?command=get_materiel&rest_code=00157&code=00101012070&supplier_code=00100595&order_time=2023-07-27 HTTP/1.1" 200 412
58.40.7.146 - - [30/Jul/2023:10:30:29 +0800] "GET /xingrg/kc/base/base_main.html HTTP/1.1" 200 12142
116.230.112.71 - - [30/Jul/2023:10:30:29 +0800] "GET /xingrg/kc/buy/cgsh_order_operate.html?command=get_materiel&rest_code=00146&code=00101008036&supplier_code=00100005&order_time=2023-07-30 HTTP/1.1" 200 408
180.163.28.180 - - [30/Jul/2023:10:30:30 +0800] "GET /xingrg/all/function/internal_message.html?_=1690684168783&CODE_STATE=getMsg HTTP/1.1" 302 -
180.163.28.180 - - [30/Jul/2023:10:30:30 +0800] "GET /xingrg/login.html HTTP/1.1" 200 7641
124.78.155.92 - - [30/Jul/2023:10:30:30 +0800] "GET /xingrg/all/function/internal_message.html?_=1690684228754&CODE_STATE=getMsg HTTP/1.1" 200 27
172.20.0.100 - - [30/Jul/2023:10:30:34 +0800] "GET /xingrg/all/function/internal_message.html?_=1690684233340&CODE_STATE=getMsg HTTP/1.1" 200 27
172.20.0.100 - - [30/Jul/2023:10:30:34 +0800] "GET /xingrg/check_reg.html?_=1690684233342 HTTP/1.1" 200 22
114.83.216.109 - - [30/Jul/2023:10:30:34 +0800] "POST /xingrg/login.do HTTP/1.1" 302 -
114.83.216.109 - - [30/Jul/2023:10:30:34 +0800] "GET /xingrg/index.html?sysBaseUrl=http%3A%2F%2F180.169.147.146%3A18081%2Fxingrg%2F&costTime=1481×tamp=1690684234277 HTTP/1.1" 200 17179
101.83.145.37 - - [30/Jul/2023:10:30:34 +0800] "GET /xingrg/all/function/internal_message.html?_=1690684236252&CODE_STATE=getMsg HTTP/1.1" 200 27
114.83.216.109 - - [30/Jul/2023:10:30:34 +0800] "GET /favicon.ico HTTP/1.1" 404 -
114.83.216.109 - - [30/Jul/2023:10:30:34 +0800] "GET /xingrg/all/function/internal_message.html?_=1690684231362&CODE_STATE=count HTTP/1.1" 200 11
114.83.216.109 - - [30/Jul/2023:10:30:34 +0800] "GET /xingrg/check_reg.html?_=1690684231363 HTTP/1.1" 200 22
114.83.216.109 - - [30/Jul/2023:10:30:34 +0800] "POST /xingrg/all/common/load_tree.html?tree=area_rest_tree_json&manage=1 HTTP/1.1" 200 351
114.83.216.109 - - [30/Jul/2023:10:30:34 +0800] "POST /xingrg/load_menu.html HTTP/1.1" 200 5138
116.230.112.71 - - [30/Jul/2023:10:30:35 +0800] "POST /xingrg/kc/buy/cgsh_order_operate.html HTTP/1.1" 200 2065
58.40.7.146 - - [30/Jul/2023:10:30:35 +0800] "GET /xingrg/kc/base/check_order_list.html HTTP/1.1" 200 16563
58.40.7.146 - - [30/Jul/2023:10:30:36 +0800] "POST /xingrg/kc/base/check_list_operate.html HTTP/1.1" 200 781
114.83.216.109 - - [30/Jul/2023:10:30:39 +0800] "GET /xingrg/kc/buy/cgsh_order_list.html HTTP/1.1" 200 55986
58.39.110.125 - - [30/Jul/2023:10:30:42 +0800] "POST /xingrg/kc/buy/cgsh_order_operate.html HTTP/1.1" 200 37
58.40.7.146 - - [30/Jul/2023:10:30:43 +0800] "POST /xingrg/kc/base/check_list_operate.html HTTP/1.1" 200 781
114.83.216.109 - - [30/Jul/2023:10:30:44 +0800] "POST /xingrg/kc/buy/cgsh_list_operate.html HTTP/1.1" 200 986
58.39.110.125 - - [30/Jul/2023:10:30:44 +0800] "POST /xingrg/kc/buy/cgsh_order_operate.html HTTP/1.1" 200 2655
222.70.180.90 - - [30/Jul/2023:10:30:47 +0800] "GET /xingrg/kc/base/wldb_order_operate.html?command=get_materiel&rest_code=00111&base_code=0010283&code=00101019071 HTTP/1.1" 200 471
58.39.110.125 - - [30/Jul/2023:10:30:47 +0800] "GET /xingrg/kc/print/load_data.html?order_code=212023073011913&kc_code=cgsh&condition= HTTP/1.1" 200 661
101.228.187.155 - - [30/Jul/2023:10:30:49 +0800] "GET /xingrg/all/function/internal_message.html?_=1690684247773&CODE_STATE=getMsg HTTP/1.1" 200 27
124.79.243.110 - - [30/Jul/2023:10:30:53 +0800] "GET /xingrg/all/function/internal_message.html?_=1690684541647&CODE_STATE=getMsg HTTP/1.1" 200 27
114.85.113.108 - - [30/Jul/2023:10:30:54 +0800] "GET /xingrg/all/function/internal_message.html?_=1690684252160&CODE_STATE=getMsg HTTP/1.1" 200 27
180.152.241.196 - - [30/Jul/2023:10:30:54 +0800] "GET /xingrg/all/function/internal_message.html?_=1690684256973&CODE_STATE=getMsg HTTP/1.1" 200 27
114.83.216.109 - - [30/Jul/2023:10:30:56 +0800] "GET /xingrg/kc/buy/cgsh_order_add.html HTTP/1.1" 200 71850
114.83.216.109 - - [30/Jul/2023:10:30:57 +0800] "POST /xingrg/kc/buy/cgsh_order_operate.html HTTP/1.1" 200 8245
114.83.216.109 - - [30/Jul/2023:10:30:57 +0800] "GET /xingrg/javascript/easyui/themes/default/validatebox.css HTTP/1.1" 404 1104
114.83.216.109 - - [30/Jul/2023:10:30:57 +0800] "GET /xingrg/all/common/auto_word.html?type=employee&rest_code=00149 HTTP/1.1" 200 197
114.83.216.109 - - [30/Jul/2023:10:30:57 +0800] "GET /xingrg/all/common/auto_word.html?type=employee&rest_code=00149 HTTP/1.1" 200 197
116.238.191.126 - - [30/Jul/2023:10:30:58 +0800] "GET /xingrg/all/function/internal_message.html?_=1690684258545&CODE_STATE=getMsg HTTP/1.1" 200 27
114.83.216.109 - - [30/Jul/2023:10:30:59 +0800] "GET /xingrg/javascript/easyui/themes/default/tree.css HTTP/1.1" 404 1090
114.83.216.109 - - [30/Jul/2023:10:31:00 +0800] "POST /xingrg/all/common/load_tree.html?tree=supplier_tree_json&isDelete=1 HTTP/1.1" 200 74671
222.70.180.90 - - [30/Jul/2023:10:31:01 +0800] "GET /xingrg/kc/base/wldb_order_operate.html?command=get_materiel&rest_code=00111&base_code=0010283&code=00101019267 HTTP/1.1" 200 482
222.70.180.90 - - [30/Jul/2023:10:31:06 +0800] "GET /xingrg/all/function/internal_message.html?_=1690684449257&CODE_STATE=getMsg HTTP/1.1" 200 27
58.39.110.125 - - [30/Jul/2023:10:31:09 +0800] "GET /xingrg/all/function/internal_message.html?_=1690684269592&CODE_STATE=getMsg HTTP/1.1" 200 27
222.70.180.90 - - [30/Jul/2023:10:31:09 +0800] "GET /xingrg/kc/base/wldb_order_operate.html?command=get_materiel&rest_code=00111&base_code=0010283&code=00101016076 HTTP/1.1" 200 477
222.70.180.90 - - [30/Jul/2023:10:31:09 +0800] "GET /xingrg/all/function/internal_message.html?_=1690684268917&CODE_STATE=getMsg HTTP/1.1" 200 27
116.230.112.71 - - [30/Jul/2023:10:31:10 +0800] "GET /xingrg/kc/buy/cgsh_order_operate.html?command=get_materiel&rest_code=00146&code=00101008131&supplier_code=00100005&order_time=2023-07-30 HTTP/1.1" 200 409
120.253.135.82 - - [30/Jul/2023:10:31:11 +0800] "GET /xingrg/all/function/internal_message.html?_=1690684092436&CODE_STATE=getMsg HTTP/1.1" 200 27
222.69.144.196 - - [30/Jul/2023:10:31:20 +0800] "GET /xingrg/all/function/internal_message.html?_=1690684408328&CODE_STATE=getMsg HTTP/1.1" 200 27
222.70.114.12 - - [30/Jul/2023:10:31:21 +0800] "GET /xingrg/all/function/internal_message.html?_=1690684281430&CODE_STATE=getMsg HTTP/1.1" 200 27
180.165.154.167 - - [30/Jul/2023:10:31:21 +0800] "GET /xingrg/all/function/internal_message.html?_=1690684281836&CODE_STATE=getMsg HTTP/1.1" 200 27
222.70.180.90 - - [30/Jul/2023:10:31:22 +0800] "POST /xingrg/kc/base/wldb_order_operate.html HTTP/1.1" 200 37
124.78.70.128 - - [30/Jul/2023:10:31:22 +0800] "GET /xingrg/all/function/internal_message.html?_=1690683748108&CODE_STATE=getMsg HTTP/1.1" 200 27
124.78.70.128 - - [30/Jul/2023:10:31:22 +0800] "GET /xingrg/check_reg.html?_=1690683748110 HTTP/1.1" 200 22
180.152.241.196 - - [30/Jul/2023:10:31:22 +0800] "GET /xingrg/kc/buy/cgsh_order_list.html HTTP/1.1" 200 55980
222.70.180.90 - - [30/Jul/2023:10:31:23 +0800] "GET /xingrg/kc/base/wldb_order_info.html?code=422023073002982 HTTP/1.1" 200 30475
222.70.180.90 - - [30/Jul/2023:10:31:23 +0800] "POST /xingrg/kc/base/wldb_order_operate.html HTTP/1.1" 200 4695
222.70.180.90 - - [30/Jul/2023:10:31:23 +0800] "GET /xingrg/javascript/easyui/themes/default/validatebox.css HTTP/1.1" 404 1104
222.70.180.90 - - [30/Jul/2023:10:31:25 +0800] "POST /xingrg/kc/base/wldb_order_operate.html HTTP/1.1" 200 4695
180.152.241.196 - - [30/Jul/2023:10:31:26 +0800] "POST /xingrg/kc/buy/cgsh_list_operate.html HTTP/1.1" 200 986
116.230.112.71 - - [30/Jul/2023:10:31:26 +0800] "GET /xingrg/all/function/internal_message.html?_=1690684312712&CODE_STATE=getMsg HTTP/1.1" 200 27
222.70.180.90 - - [30/Jul/2023:10:31:28 +0800] "GET /xingrg/kc/base/wldb_order_add.html HTTP/1.1" 200 30460
222.70.180.90 - - [30/Jul/2023:10:31:28 +0800] "POST /xingrg/kc/base/wldb_order_operate.html HTTP/1.1" 200 6806
222.70.180.90 - - [30/Jul/2023:10:31:28 +0800] "GET /xingrg/javascript/easyui/themes/default/validatebox.css HTTP/1.1" 404 1104
180.163.28.143 - - [30/Jul/2023:10:31:30 +0800] "GET /xingrg/all/function/internal_message.html?_=1690684228754&CODE_STATE=getMsg HTTP/1.1" 302 -
180.163.28.143 - - [30/Jul/2023:10:31:30 +0800] "GET /xingrg/login.html HTTP/1.1" 200 7641
124.78.155.92 - - [30/Jul/2023:10:31:30 +0800] "GET /xingrg/all/function/internal_message.html?_=1690684288729&CODE_STATE=getMsg HTTP/1.1" 200 27
114.83.216.109 - - [30/Jul/2023:10:31:32 +0800] "GET /xingrg/kc/base/wldb_order_list.html HTTP/1.1" 200 19183
114.83.216.109 - - [30/Jul/2023:10:31:33 +0800] "POST /xingrg/kc/base/wldb_list_operate.html HTTP/1.1" 200 928
172.20.0.100 - - [30/Jul/2023:10:31:34 +0800] "GET /xingrg/all/function/internal_message.html?_=1690684293344&CODE_STATE=getMsg HTTP/1.1" 200 27
101.83.145.37 - - [30/Jul/2023:10:31:34 +0800] "GET /xingrg/all/function/internal_message.html?_=1690684296232&CODE_STATE=getMsg HTTP/1.1" 200 27
114.83.216.109 - - [30/Jul/2023:10:31:34 +0800] "GET /xingrg/all/function/internal_message.html?_=1690684291384&CODE_STATE=getMsg HTTP/1.1" 200 27
222.70.180.90 - - [30/Jul/2023:10:31:40 +0800] "GET /xingrg/kc/base/wldb_order_operate.html?command=get_materiel&rest_code=00111&base_code=0010306&code=00102002099 HTTP/1.1" 200 440
116.238.191.126 - - [30/Jul/2023:10:31:43 +0800] "GET /xingrg/kc/base/wldb_order_operate.html?command=get_materiel&rest_code=00150&base_code=0010446&code=00102002347 HTTP/1.1" 200 457
114.83.216.109 - - [30/Jul/2023:10:31:46 +0800] "GET /xingrg/kc/base/wldb_order_add.html HTTP/1.1" 200 30466
114.83.216.109 - - [30/Jul/2023:10:31:46 +0800] "POST /xingrg/kc/base/wldb_order_operate.html HTTP/1.1" 200 6806
114.83.216.109 - - [30/Jul/2023:10:31:46 +0800] "GET /xingrg/javascript/easyui/themes/default/validatebox.css HTTP/1.1" 404 1104
114.83.216.109 - - [30/Jul/2023:10:31:47 +0800] "GET /xingrg/all/common/auto_word.html?type=base&rest_code=00149 HTTP/1.1" 200 1907
114.83.216.109 - - [30/Jul/2023:10:31:47 +0800] "GET /xingrg/all/common/auto_word.html?type=base&rest_code=00149 HTTP/1.1" 200 1907
58.39.110.125 - - [30/Jul/2023:10:31:47 +0800] "GET /xingrg/kc/buy/cgsh_order_add.html HTTP/1.1" 200 70885
222.70.180.90 - - [30/Jul/2023:10:31:47 +0800] "GET /xingrg/kc/base/wldb_order_operate.html?command=get_materiel&rest_code=00111&base_code=0010306&code=00102002516 HTTP/1.1" 200 433
58.39.110.125 - - [30/Jul/2023:10:31:47 +0800] "POST /xingrg/kc/buy/cgsh_order_operate.html HTTP/1.1" 200 8245
58.39.110.125 - - [30/Jul/2023:10:31:48 +0800] "GET /xingrg/javascript/easyui/themes/default/validatebox.css HTTP/1.1" 404 1104
101.228.187.155 - - [30/Jul/2023:10:31:49 +0800] "GET /xingrg/all/function/internal_message.html?_=1690684307781&CODE_STATE=getMsg HTTP/1.1" 200 27
114.83.216.109 - - [30/Jul/2023:10:31:49 +0800] "POST /xingrg/all/common/load_combo.html?type=base HTTP/1.1" 200 3409
180.152.241.196 - - [30/Jul/2023:10:31:51 +0800] "GET /xingrg/kc/buy/cgsh_order_add.html HTTP/1.1" 200 71803
180.152.241.196 - - [30/Jul/2023:10:31:52 +0800] "POST /xingrg/kc/buy/cgsh_order_operate.html HTTP/1.1" 200 8245
180.152.241.196 - - [30/Jul/2023:10:31:52 +0800] "GET /xingrg/javascript/easyui/themes/default/validatebox.css HTTP/1.1" 404 1104
114.83.216.109 - - [30/Jul/2023:10:31:53 +0800] "GET /xingrg/javascript/auto/indicator.gif HTTP/1.1" 404 1066
124.79.243.110 - - [30/Jul/2023:10:31:53 +0800] "GET /xingrg/all/function/internal_message.html?_=1690684601646&CODE_STATE=getMsg HTTP/1.1" 200 27
114.83.216.109 - - [30/Jul/2023:10:31:54 +0800] "GET /xingrg/javascript/jquery_tools/images/next.gif HTTP/1.1" 404 1086
114.83.216.109 - - [30/Jul/2023:10:31:54 +0800] "GET /xingrg/javascript/jquery_tools/images/prev.gif HTTP/1.1" 404 1086
120.253.135.82 - - [30/Jul/2023:10:31:54 +0800] "POST /xingrg/kc/buy/cgsh_list_operate.html HTTP/1.1" 200 2774
222.70.180.90 - - [30/Jul/2023:10:31:54 +0800] "GET /xingrg/kc/base/wldb_order_operate.html?command=get_materiel&rest_code=00111&base_code=0010306&code=00102002171 HTTP/1.1" 200 433
114.85.113.108 - - [30/Jul/2023:10:31:54 +0800] "GET /xingrg/check_reg.html?_=1690684312146 HTTP/1.1" 200 22
114.85.113.108 - - [30/Jul/2023:10:31:54 +0800] "GET /xingrg/all/function/internal_message.html?_=1690684312148&CODE_STATE=getMsg HTTP/1.1" 200 27
180.152.241.196 - - [30/Jul/2023:10:31:54 +0800] "GET /xingrg/all/function/internal_message.html?_=1690684316987&CODE_STATE=getMsg HTTP/1.1" 200 27
180.152.241.196 - - [30/Jul/2023:10:31:55 +0800] "GET /xingrg/javascript/auto/indicator.gif HTTP/1.1" 404 1066
116.238.191.126 - - [30/Jul/2023:10:31:55 +0800] "GET /xingrg/kc/base/wldb_order_operate.html?command=get_materiel&rest_code=00150&base_code=0010446&code=00102015055 HTTP/1.1" 200 439
180.152.241.196 - - [30/Jul/2023:10:31:55 +0800] "GET /xingrg/javascript/jquery_tools/images/prev.gif HTTP/1.1" 404 1086
180.152.241.196 - - [30/Jul/2023:10:31:55 +0800] "GET /xingrg/javascript/jquery_tools/images/next.gif HTTP/1.1" 404 1086
116.238.191.126 - - [30/Jul/2023:10:31:58 +0800] "GET /xingrg/all/function/internal_message.html?_=1690684318569&CODE_STATE=getMsg HTTP/1.1" 200 27
180.169.147.146 - - [30/Jul/2023:10:32:01 +0800] "GET /xingrg/check_reg.html?_=1690684321849 HTTP/1.1" 200 22
114.83.216.109 - - [30/Jul/2023:10:32:03 +0800] "GET /xingrg/kc/base/wldb_order_operate.html?command=get_materiel&rest_code=00149&base_code=0010394&code=00101016046 HTTP/1.1" 200 457
222.70.180.90 - - [30/Jul/2023:10:32:03 +0800] "GET /xingrg/kc/base/wldb_order_operate.html?command=get_materiel&rest_code=00111&base_code=0010306&code=00102004030 HTTP/1.1" 200 442
222.70.180.90 - - [30/Jul/2023:10:32:06 +0800] "GET /xingrg/all/function/internal_message.html?_=1690684509251&CODE_STATE=getMsg HTTP/1.1" 200 27
180.152.241.196 - - [30/Jul/2023:10:32:06 +0800] "GET /xingrg/kc/buy/cgsh_order_operate.html?command=get_materiel&rest_code=00102&code=00101008323&supplier_code=00100008&order_time=2023-07-30 HTTP/1.1" 200 429
58.39.110.125 - - [30/Jul/2023:10:32:07 +0800] "GET /xingrg/kc/buy/cgsh_order_operate.html?command=get_materiel&rest_code=00157&code=00101006177&supplier_code=00100612&order_time=2023-07-27 HTTP/1.1" 200 427
58.39.110.125 - - [30/Jul/2023:10:32:09 +0800] "GET /xingrg/all/function/internal_message.html?_=1690684329564&CODE_STATE=getMsg HTTP/1.1" 200 27
222.70.180.90 - - [30/Jul/2023:10:32:09 +0800] "GET /xingrg/all/function/internal_message.html?_=1690684328890&CODE_STATE=getMsg HTTP/1.1" 200 27
114.83.216.109 - - [30/Jul/2023:10:32:10 +0800] "GET /xingrg/kc/base/wldb_order_operate.html?command=get_materiel&rest_code=00149&base_code=0010394&code=00101016094 HTTP/1.1" 200 469
120.253.135.82 - - [30/Jul/2023:10:32:11 +0800] "GET /xingrg/all/function/internal_message.html?_=1690684152446&CODE_STATE=getMsg HTTP/1.1" 200 27
58.39.110.125 - - [30/Jul/2023:10:32:18 +0800] "GET /xingrg/kc/buy/cgsh_order_operate.html?command=get_materiel&rest_code=00157&code=00101006109&supplier_code=00100612&order_time=2023-07-27 HTTP/1.1" 200 409
114.83.216.109 - - [30/Jul/2023:10:32:19 +0800] "GET /xingrg/kc/base/wldb_order_operate.html?command=get_materiel&rest_code=00149&base_code=0010394&code=00101019127 HTTP/1.1" 200 479
222.70.180.90 - - [30/Jul/2023:10:32:19 +0800] "GET /xingrg/kc/base/wldb_order_operate.html?command=get_materiel&rest_code=00111&base_code=0010306&code=00102002204 HTTP/1.1" 200 447
116.238.191.126 - - [30/Jul/2023:10:32:19 +0800] "GET /xingrg/kc/base/wldb_order_operate.html?command=get_materiel&rest_code=00150&base_code=0010446&code=00102002564 HTTP/1.1" 200 455
222.69.144.196 - - [30/Jul/2023:10:32:20 +0800] "GET /xingrg/all/function/internal_message.html?_=1690684468315&CODE_STATE=getMsg HTTP/1.1" 200 27
222.70.114.12 - - [30/Jul/2023:10:32:21 +0800] "GET /xingrg/all/function/internal_message.html?_=1690684341436&CODE_STATE=getMsg HTTP/1.1" 200 27
180.165.154.167 - - [30/Jul/2023:10:32:21 +0800] "GET /xingrg/all/function/internal_message.html?_=1690684341812&CODE_STATE=getMsg HTTP/1.1" 200 27
124.78.70.128 - - [30/Jul/2023:10:32:22 +0800] "GET /xingrg/all/function/internal_message.html?_=1690683808109&CODE_STATE=getMsg HTTP/1.1" 200 27
180.152.241.196 - - [30/Jul/2023:10:32:24 +0800] "GET /xingrg/kc/buy/cgsh_order_operate.html?command=get_materiel&rest_code=00102&code=00101008132&supplier_code=00100008&order_time=2023-07-30 HTTP/1.1" 200 408
116.230.112.71 - - [30/Jul/2023:10:32:26 +0800] "GET /xingrg/all/function/internal_message.html?_=1690684372725&CODE_STATE=getMsg HTTP/1.1" 200 27
124.78.155.92 - - [30/Jul/2023:10:32:30 +0800] "GET /xingrg/all/function/internal_message.html?_=1690684348716&CODE_STATE=getMsg HTTP/1.1" 200 27
124.78.155.92 - - [30/Jul/2023:10:32:31 +0800] "GET /xingrg/check_reg.html?_=1690684349736 HTTP/1.1" 200 22
114.83.216.109 - - [30/Jul/2023:10:32:31 +0800] "GET /xingrg/kc/base/wldb_order_operate.html?command=get_materiel&rest_code=00149&base_code=0010394&code=00101019133 HTTP/1.1" 200 480
116.238.191.126 - - [30/Jul/2023:10:32:31 +0800] "GET /xingrg/kc/base/wldb_order_operate.html?command=get_materiel&rest_code=00150&base_code=0010446&code=00102002006 HTTP/1.1" 200 469
116.230.112.71 - - [30/Jul/2023:10:32:31 +0800] "GET /xingrg/kc/buy/cgsh_order_operate.html?command=get_materiel&rest_code=00146&code=00101008644&supplier_code=00100005&order_time=2023-07-30 HTTP/1.1" 200 421
180.152.241.196 - - [30/Jul/2023:10:32:33 +0800] "GET /xingrg/kc/buy/cgsh_order_operate.html?command=get_materiel&rest_code=00102&code=00101008256&supplier_code=00100008&order_time=2023-07-30 HTTP/1.1" 200 413
180.152.241.196 - - [30/Jul/2023:10:32:33 +0800] "GET /favicon.ico HTTP/1.1" 404 -
172.20.0.100 - - [30/Jul/2023:10:32:34 +0800] "GET /xingrg/all/function/internal_message.html?_=1690684353345&CODE_STATE=getMsg HTTP/1.1" 200 27
101.83.145.37 - - [30/Jul/2023:10:32:34 +0800] "GET /xingrg/all/function/internal_message.html?_=1690684356233&CODE_STATE=getMsg HTTP/1.1" 200 27
114.83.216.109 - - [30/Jul/2023:10:32:34 +0800] "GET /xingrg/all/function/internal_message.html?_=1690684351386&CODE_STATE=getMsg HTTP/1.1" 200 27
222.70.180.90 - - [30/Jul/2023:10:32:35 +0800] "GET /xingrg/kc/base/wldb_order_operate.html?command=get_materiel&rest_code=00111&base_code=0010306&code=00102015103 HTTP/1.1" 200 437
124.78.155.92 - - [30/Jul/2023:10:32:47 +0800] "POST /xingrg/services/DataTransmitService HTTP/1.1" 200 524
58.39.110.125 - - [30/Jul/2023:10:32:48 +0800] "POST /xingrg/kc/buy/cgsh_order_operate.html HTTP/1.1" 200 37
124.78.155.92 - - [30/Jul/2023:10:32:48 +0800] "POST /xingrg/services/DataTransmitService HTTP/1.1" 200 501
101.228.187.155 - - [30/Jul/2023:10:32:49 +0800] "GET /xingrg/all/function/internal_message.html?_=1690684367777&CODE_STATE=getMsg HTTP/1.1" 200 27
101.228.187.155 - - [30/Jul/2023:10:32:49 +0800] "GET /xingrg/check_reg.html?_=1690684367776 HTTP/1.1" 200 22
180.152.241.196 - - [30/Jul/2023:10:32:51 +0800] "GET /xingrg/kc/buy/cgsh_order_operate.html?command=get_materiel&rest_code=00102&code=00101008080&supplier_code=00100008&order_time=2023-07-30 HTTP/1.1" 200 416
58.39.110.125 - - [30/Jul/2023:10:32:51 +0800] "POST /xingrg/kc/buy/cgsh_order_operate.html HTTP/1.1" 200 3238
116.230.112.71 - - [30/Jul/2023:10:32:53 +0800] "GET /xingrg/kc/buy/cgsh_order_operate.html?command=get_materiel&rest_code=00146&code=00101008005&supplier_code=00100005&order_time=2023-07-30 HTTP/1.1" 200 433
124.79.243.110 - - [30/Jul/2023:10:32:53 +0800] "GET /xingrg/all/function/internal_message.html?_=1690684661643&CODE_STATE=getMsg HTTP/1.1" 200 27
58.39.110.125 - - [30/Jul/2023:10:32:53 +0800] "GET /xingrg/kc/print/load_data.html?order_code=212023073011914&kc_code=cgsh&condition= HTTP/1.1" 200 871
114.85.113.108 - - [30/Jul/2023:10:32:54 +0800] "GET /xingrg/all/function/internal_message.html?_=1690684372147&CODE_STATE=getMsg HTTP/1.1" 200 27
180.152.241.196 - - [30/Jul/2023:10:32:54 +0800] "GET /xingrg/all/function/internal_message.html?_=1690684376994&CODE_STATE=getMsg HTTP/1.1" 200 27
180.152.241.196 - - [30/Jul/2023:10:32:58 +0800] "GET /xingrg/kc/buy/cgsh_order_operate.html?command=get_materiel&rest_code=00102&code=00101008244&supplier_code=00100008&order_time=2023-07-30 HTTP/1.1" 200 408
114.83.216.109 - - [30/Jul/2023:10:33:00 +0800] "GET /xingrg/kc/base/wldb_order_operate.html?command=get_materiel&rest_code=00149&base_code=0010394&code=00101019185 HTTP/1.1" 200 469
222.70.180.90 - - [30/Jul/2023:10:33:06 +0800] "GET /xingrg/all/function/internal_message.html?_=1690684569266&CODE_STATE=getMsg HTTP/1.1" 200 27
222.70.180.90 - - [30/Jul/2023:10:33:08 +0800] "POST /xingrg/kc/base/wldb_order_operate.html HTTP/1.1" 200 37
116.230.112.71 - - [30/Jul/2023:10:33:08 +0800] "GET /xingrg/kc/buy/cgsh_order_operate.html?command=get_materiel&rest_code=00146&code=00101008353&supplier_code=00100005&order_time=2023-07-30 HTTP/1.1" 200 408
58.39.110.125 - - [30/Jul/2023:10:33:09 +0800] "GET /xingrg/all/function/internal_message.html?_=1690684389546&CODE_STATE=getMsg HTTP/1.1" 200 27
222.70.180.90 - - [30/Jul/2023:10:33:09 +0800] "GET /xingrg/all/function/internal_message.html?_=1690684388894&CODE_STATE=getMsg HTTP/1.1" 200 27
114.83.216.109 - - [30/Jul/2023:10:33:11 +0800] "GET /xingrg/kc/base/wldb_order_operate.html?command=get_materiel&rest_code=00149&base_code=0010394&code=00101019391 HTTP/1.1" 200 485
120.253.135.82 - - [30/Jul/2023:10:33:11 +0800] "GET /xingrg/all/function/internal_message.html?_=1690684212460&CODE_STATE=getMsg HTTP/1.1" 200 27
222.70.180.90 - - [30/Jul/2023:10:33:11 +0800] "POST /xingrg/kc/base/wldb_order_operate.html HTTP/1.1" 200 5068
116.238.191.126 - - [30/Jul/2023:10:33:12 +0800] "POST /xingrg/kc/base/wldb_order_operate.html HTTP/1.1" 200 64
222.70.180.90 - - [30/Jul/2023:10:33:12 +0800] "GET /xingrg/kc/base/wldb_order_info.html?code=422023073002984 HTTP/1.1" 200 30473
222.70.180.90 - - [30/Jul/2023:10:33:13 +0800] "GET /xingrg/kc/base/wldb_order_add.html HTTP/1.1" 200 30460
222.70.180.90 - - [30/Jul/2023:10:33:14 +0800] "POST /xingrg/kc/base/wldb_order_operate.html HTTP/1.1" 200 6806
222.70.180.90 - - [30/Jul/2023:10:33:14 +0800] "GET /xingrg/javascript/easyui/themes/default/validatebox.css HTTP/1.1" 404 1104
114.83.216.109 - - [30/Jul/2023:10:33:19 +0800] "GET /xingrg/kc/base/wldb_order_operate.html?command=get_materiel&rest_code=00149&base_code=0010394&code=00101019438 HTTP/1.1" 200 462
222.69.144.196 - - [30/Jul/2023:10:33:20 +0800] "GET /xingrg/all/function/internal_message.html?_=1690684528326&CODE_STATE=getMsg HTTP/1.1" 200 27
222.69.144.196 - - [30/Jul/2023:10:33:20 +0800] "GET /xingrg/check_reg.html?_=1690684528329 HTTP/1.1" 200 22
222.70.114.12 - - [30/Jul/2023:10:33:21 +0800] "GET /xingrg/all/function/internal_message.html?_=1690684401442&CODE_STATE=getMsg HTTP/1.1" 200 27
180.152.241.196 - - [30/Jul/2023:10:33:21 +0800] "GET /xingrg/kc/buy/cgsh_order_operate.html?command=get_materiel&rest_code=00102&code=00101008185&supplier_code=00100008&order_time=2023-07-30 HTTP/1.1" 200 408
180.165.154.167 - - [30/Jul/2023:10:33:21 +0800] "GET /xingrg/all/function/internal_message.html?_=1690684401786&CODE_STATE=getMsg HTTP/1.1" 200 27
124.78.70.128 - - [30/Jul/2023:10:33:22 +0800] "GET /xingrg/all/function/internal_message.html?_=1690683868108&CODE_STATE=getMsg HTTP/1.1" 200 27
116.238.191.126 - - [30/Jul/2023:10:33:23 +0800] "POST /xingrg/kc/base/wldb_order_operate.html HTTP/1.1" 200 37
222.70.180.90 - - [30/Jul/2023:10:33:23 +0800] "GET /xingrg/kc/base/wldb_order_operate.html?command=get_materiel&rest_code=00111&base_code=0010283&code=00101013093 HTTP/1.1" 200 450
116.238.191.126 - - [30/Jul/2023:10:33:24 +0800] "POST /xingrg/kc/base/wldb_order_operate.html HTTP/1.1" 200 4152
116.238.191.126 - - [30/Jul/2023:10:33:24 +0800] "GET /xingrg/kc/base/wldb_order_info.html?code=422023073002985 HTTP/1.1" 200 30483
116.238.191.126 - - [30/Jul/2023:10:33:25 +0800] "GET /xingrg/javascript/easyui/themes/default/validatebox.css HTTP/1.1" 404 1104
114.83.216.109 - - [30/Jul/2023:10:33:25 +0800] "GET /xingrg/kc/base/wldb_order_operate.html?command=get_materiel&rest_code=00149&base_code=0010394&code=00101019400 HTTP/1.1" 200 465
116.230.112.71 - - [30/Jul/2023:10:33:26 +0800] "GET /xingrg/check_reg.html?_=1690684432180 HTTP/1.1" 200 22
116.238.191.126 - - [30/Jul/2023:10:33:26 +0800] "POST /xingrg/kc/base/wldb_order_operate.html HTTP/1.1" 200 4152
116.230.112.71 - - [30/Jul/2023:10:33:26 +0800] "GET /xingrg/all/function/internal_message.html?_=1690684432741&CODE_STATE=getMsg HTTP/1.1" 200 27
116.230.112.71 - - [30/Jul/2023:10:33:26 +0800] "GET /xingrg/kc/buy/cgsh_order_operate.html?command=get_materiel&rest_code=00146&code=00101008110&supplier_code=00100005&order_time=2023-07-30 HTTP/1.1" 200 408
222.70.180.90 - - [30/Jul/2023:10:33:29 +0800] "GET /xingrg/kc/base/wldb_order_operate.html?command=get_materiel&rest_code=00111&base_code=0010283&code=00101019438 HTTP/1.1" 200 462
114.83.216.109 - - [30/Jul/2023:10:33:30 +0800] "GET /xingrg/kc/base/wldb_order_operate.html?command=get_materiel&rest_code=00149&base_code=0010394&code=00101019222 HTTP/1.1" 200 451
124.78.155.92 - - [30/Jul/2023:10:33:30 +0800] "GET /xingrg/all/function/internal_message.html?_=1690684408697&CODE_STATE=getMsg HTTP/1.1" 200 27
116.230.112.71 - - [30/Jul/2023:10:33:31 +0800] "POST /xingrg/kc/buy/cgsh_order_operate.html HTTP/1.1" 200 2065
116.238.191.126 - - [30/Jul/2023:10:33:31 +0800] "POST /xingrg/kc/base/wldb_order_operate.html HTTP/1.1" 200 37
172.20.0.100 - - [30/Jul/2023:10:33:34 +0800] "GET /xingrg/all/function/internal_message.html?_=1690684413343&CODE_STATE=getMsg HTTP/1.1" 200 27
180.152.241.196 - - [30/Jul/2023:10:33:34 +0800] "GET /xingrg/kc/buy/cgsh_order_operate.html?command=get_materiel&rest_code=00102&code=00101008354&supplier_code=00100008&order_time=2023-07-30 HTTP/1.1" 200 412
101.83.145.37 - - [30/Jul/2023:10:33:34 +0800] "GET /xingrg/all/function/internal_message.html?_=1690684416205&CODE_STATE=getMsg HTTP/1.1" 200 27
114.83.216.109 - - [30/Jul/2023:10:33:34 +0800] "GET /xingrg/all/function/internal_message.html?_=1690684411385&CODE_STATE=getMsg HTTP/1.1" 200 27
222.70.180.90 - - [30/Jul/2023:10:33:34 +0800] "GET /xingrg/kc/base/wldb_order_operate.html?command=get_materiel&rest_code=00111&base_code=0010283&code=00101019313 HTTP/1.1" 200 456
116.230.112.71 - - [30/Jul/2023:10:33:39 +0800] "GET /xingrg/kc/buy/cgsh_order_operate.html?command=get_materiel&rest_code=00146&code=00101008223&supplier_code=00100005&order_time=2023-07-30 HTTP/1.1" 200 412
116.238.191.126 - - [30/Jul/2023:10:33:41 +0800] "POST /xingrg/kc/base/wldb_order_operate.html HTTP/1.1" 200 12
114.83.216.109 - - [30/Jul/2023:10:33:41 +0800] "GET /xingrg/kc/base/wldb_order_operate.html?command=get_materiel&rest_code=00149&base_code=0010394&code=00101019199 HTTP/1.1" 200 472
116.238.191.126 - - [30/Jul/2023:10:33:41 +0800] "POST /xingrg/kc/base/wldb_order_operate.html HTTP/1.1" 200 4152
180.152.241.196 - - [30/Jul/2023:10:33:44 +0800] "GET /xingrg/kc/buy/cgsh_order_operate.html?command=get_materiel&rest_code=00102&code=00101008010&supplier_code=00100008&order_time=2023-07-30 HTTP/1.1" 200 412
222.70.180.90 - - [30/Jul/2023:10:33:45 +0800] "POST /xingrg/kc/base/wldb_order_operate.html HTTP/1.1" 200 37
116.238.191.126 - - [30/Jul/2023:10:33:45 +0800] "GET /xingrg/kc/base/wldb_order_info.html?code=422023073002985 HTTP/1.1" 200 26347
116.238.191.126 - - [30/Jul/2023:10:33:46 +0800] "GET /xingrg/javascript/easyui/themes/default/validatebox.css HTTP/1.1" 404 1104
222.70.180.90 - - [30/Jul/2023:10:33:46 +0800] "GET /xingrg/kc/base/wldb_order_info.html?code=422023073002986 HTTP/1.1" 200 30475
222.70.180.90 - - [30/Jul/2023:10:33:46 +0800] "POST /xingrg/kc/base/wldb_order_operate.html HTTP/1.1" 200 3172
222.70.180.90 - - [30/Jul/2023:10:33:46 +0800] "GET /xingrg/javascript/easyui/themes/default/validatebox.css HTTP/1.1" 404 1104
116.238.191.126 - - [30/Jul/2023:10:33:46 +0800] "POST /xingrg/kc/base/wldb_order_operate.html HTTP/1.1" 200 2403
222.70.180.90 - - [30/Jul/2023:10:33:48 +0800] "POST /xingrg/kc/base/wldb_order_operate.html HTTP/1.1" 200 3172
101.228.187.155 - - [30/Jul/2023:10:33:49 +0800] "GET /xingrg/all/function/internal_message.html?_=1690684427776&CODE_STATE=getMsg HTTP/1.1" 200 27
222.70.180.90 - - [30/Jul/2023:10:33:50 +0800] "GET /xingrg/kc/base/wldb_order_add.html HTTP/1.1" 200 30460
222.70.180.90 - - [30/Jul/2023:10:33:50 +0800] "POST /xingrg/kc/base/wldb_order_operate.html HTTP/1.1" 200 6806
222.70.180.90 - - [30/Jul/2023:10:33:50 +0800] "GET /xingrg/javascript/easyui/themes/default/validatebox.css HTTP/1.1" 404 1104
180.152.241.196 - - [30/Jul/2023:10:33:51 +0800] "GET /xingrg/login.html HTTP/1.1" 200 7641
180.152.241.196 - - [30/Jul/2023:10:33:51 +0800] "GET /xingrg/images/blue/jxLogo.png HTTP/1.1" 200 6156
180.152.241.196 - - [30/Jul/2023:10:33:51 +0800] "GET /xingrg/images/blue/login_bg.png HTTP/1.1" 200 22101
180.152.241.196 - - [30/Jul/2023:10:33:51 +0800] "GET /xingrg/images/blue/hj.png HTTP/1.1" 200 1014
180.152.241.196 - - [30/Jul/2023:10:33:51 +0800] "GET /xingrg/images/blue/srbg.png HTTP/1.1" 200 138
180.152.241.196 - - [30/Jul/2023:10:33:51 +0800] "GET /favicon.ico HTTP/1.1" 404 -
180.152.241.196 - - [30/Jul/2023:10:33:52 +0800] "GET /xingrg/kc/buy/cgsh_order_operate.html?command=get_materiel&rest_code=00102&code=00101008312&supplier_code=00100008&order_time=2023-07-30 HTTP/1.1" 200 412
124.79.243.110 - - [30/Jul/2023:10:33:53 +0800] "GET /xingrg/all/function/internal_message.html?_=1690684721641&CODE_STATE=getMsg HTTP/1.1" 200 27
114.85.113.108 - - [30/Jul/2023:10:33:54 +0800] "GET /xingrg/all/function/internal_message.html?_=1690684432151&CODE_STATE=getMsg HTTP/1.1" 200 27
180.152.241.196 - - [30/Jul/2023:10:33:54 +0800] "POST /xingrg/login.do HTTP/1.1" 302 -
180.152.241.196 - - [30/Jul/2023:10:33:54 +0800] "GET /xingrg/javascript/jquery_easy_ui/themes/default/easyui.css HTTP/1.1" 200 26500
180.152.241.196 - - [30/Jul/2023:10:33:54 +0800] "GET /xingrg/javascript/jquery_easy_ui/themes/icon.css HTTP/1.1" 200 3949
180.152.241.196 - - [30/Jul/2023:10:33:54 +0800] "GET /xingrg/index.html?sysBaseUrl=http%3A%2F%2F180.169.147.146%3A18081%2Fxingrg%2F&costTime=1484×tamp=1690684434690 HTTP/1.1" 200 17173
180.152.241.196 - - [30/Jul/2023:10:33:54 +0800] "GET /xingrg/css/form.css HTTP/1.1" 200 893
180.152.241.196 - - [30/Jul/2023:10:33:54 +0800] "GET /xingrg/javascript/jquery-1.4.2.min.js HTTP/1.1" 200 72205
180.152.241.196 - - [30/Jul/2023:10:33:54 +0800] "GET /xingrg/javascript/jquery_easy_ui/easyui-lang-zh_CN.js HTTP/1.1" 200 1900
180.152.241.196 - - [30/Jul/2023:10:33:54 +0800] "GET /xingrg/javascript/jquery_easy_ui/jquery.easyui.min.js HTTP/1.1" 200 213662
180.152.241.196 - - [30/Jul/2023:10:33:54 +0800] "GET /xingrg/javascript/jquery.form.js HTTP/1.1" 200 23110
180.152.241.196 - - [30/Jul/2023:10:33:54 +0800] "GET /xingrg/javascript/jquery.timers.js HTTP/1.1" 200 3532
180.152.241.196 - - [30/Jul/2023:10:33:54 +0800] "GET /xingrg/javascript/jquery.utils.js HTTP/1.1" 200 11805
116.230.112.71 - - [30/Jul/2023:10:33:54 +0800] "GET /xingrg/kc/buy/cgsh_order_operate.html?command=get_materiel&rest_code=00146&code=00101013114&supplier_code=00100005&order_time=2023-07-30 HTTP/1.1" 200 409
180.152.241.196 - - [30/Jul/2023:10:33:54 +0800] "GET /favicon.ico HTTP/1.1" 404 -
180.152.241.196 - - [30/Jul/2023:10:33:54 +0800] "GET /xingrg/javascript/jquery_easy_ui/themes/icons/settle_new.png HTTP/1.1" 200 826
180.152.241.196 - - [30/Jul/2023:10:33:54 +0800] "GET /xingrg/images/blue/navBackgound.jpg HTTP/1.1" 200 12378
180.152.241.196 - - [30/Jul/2023:10:33:55 +0800] "GET /xingrg/all/function/internal_message.html?_=1690684437188&CODE_STATE=getMsg HTTP/1.1" 200 27
180.152.241.196 - - [30/Jul/2023:10:33:55 +0800] "GET /xingrg/images/blue/pingpu.png HTTP/1.1" 200 231
180.152.241.196 - - [30/Jul/2023:10:33:55 +0800] "GET /xingrg/check_reg.html?_=1690684435272 HTTP/1.1" 200 22
180.152.241.196 - - [30/Jul/2023:10:33:55 +0800] "GET /xingrg/javascript/jquery_easy_ui/themes/default/images/tabs_leftarrow.png HTTP/1.1" 200 389
180.152.241.196 - - [30/Jul/2023:10:33:55 +0800] "GET /xingrg/all/function/internal_message.html?_=1690684435271&CODE_STATE=count HTTP/1.1" 200 11
180.152.241.196 - - [30/Jul/2023:10:33:55 +0800] "GET /xingrg/javascript/jquery_easy_ui/themes/default/images/tabs_rightarrow.png HTTP/1.1" 200 395
180.152.241.196 - - [30/Jul/2023:10:33:55 +0800] "GET /xingrg/javascript/jquery_easy_ui/themes/default/images/panel_tool_collapse.gif HTTP/1.1" 200 246
180.152.241.196 - - [30/Jul/2023:10:33:55 +0800] "POST /xingrg/all/common/load_tree.html?tree=area_rest_tree_json&manage=1 HTTP/1.1" 200 342
180.152.241.196 - - [30/Jul/2023:10:33:55 +0800] "POST /xingrg/load_menu.html HTTP/1.1" 200 5138
180.152.241.196 - - [30/Jul/2023:10:33:55 +0800] "GET /xingrg/javascript/jquery_easy_ui/themes/default/images/tree_arrows.gif HTTP/1.1" 200 1043
180.152.241.196 - - [30/Jul/2023:10:33:55 +0800] "GET /xingrg/javascript/jquery_easy_ui/themes/default/images/tree_folder_open.gif HTTP/1.1" 200 956
180.152.241.196 - - [30/Jul/2023:10:33:55 +0800] "GET /xingrg/javascript/jquery_easy_ui/themes/default/images/tree_folder.gif HTTP/1.1" 200 952
180.152.241.196 - - [30/Jul/2023:10:33:55 +0800] "GET /xingrg/javascript/jquery_easy_ui/themes/icons/storage_new.png HTTP/1.1" 200 853
180.152.241.196 - - [30/Jul/2023:10:33:55 +0800] "GET /xingrg/javascript/jquery_easy_ui/themes/icons/search_new.png HTTP/1.1" 200 586
180.152.241.196 - - [30/Jul/2023:10:33:55 +0800] "GET /xingrg/javascript/jquery_easy_ui/themes/icons/forms_new.png HTTP/1.1" 200 350
180.152.241.196 - - [30/Jul/2023:10:33:55 +0800] "GET /xingrg/javascript/jquery_easy_ui/themes/default/images/tree_file.gif HTTP/1.1" 200 118
58.39.110.125 - - [30/Jul/2023:10:33:58 +0800] "GET /xingrg/kc/buy/cgsh_order_add.html HTTP/1.1" 200 70885
116.238.191.126 - - [30/Jul/2023:10:33:58 +0800] "GET /xingrg/all/function/internal_message.html?_=1690684438551&CODE_STATE=getMsg HTTP/1.1" 200 27
116.238.191.126 - - [30/Jul/2023:10:33:58 +0800] "GET /xingrg/check_reg.html?_=1690684438561 HTTP/1.1" 200 22
58.39.110.125 - - [30/Jul/2023:10:33:58 +0800] "POST /xingrg/kc/buy/cgsh_order_operate.html HTTP/1.1" 200 8245
58.39.110.125 - - [30/Jul/2023:10:33:58 +0800] "GET /xingrg/javascript/easyui/themes/default/validatebox.css HTTP/1.1" 404 1104
222.70.180.90 - - [30/Jul/2023:10:34:03 +0800] "GET /xingrg/kc/base/wldb_order_operate.html?command=get_materiel&rest_code=00111&base_code=0010306&code=00102021018 HTTP/1.1" 200 445
180.152.241.196 - - [30/Jul/2023:10:34:04 +0800] "GET /xingrg/kc/buy/cgsh_order_operate.html?command=get_materiel&rest_code=00102&code=00101008110&supplier_code=00100008&order_time=2023-07-30 HTTP/1.1" 200 408
180.152.241.196 - - [30/Jul/2023:10:34:04 +0800] "GET /xingrg/javascript/jquery_easy_ui/themes/default/images/tabs_close.gif HTTP/1.1" 200 829
180.152.241.196 - - [30/Jul/2023:10:34:05 +0800] "GET /xingrg/kc/buy/cgsh_order_list.html HTTP/1.1" 200 55980
180.152.241.196 - - [30/Jul/2023:10:34:05 +0800] "GET /xingrg/css/base.css HTTP/1.1" 200 2811
180.152.241.196 - - [30/Jul/2023:10:34:05 +0800] "GET /xingrg/css/site.css HTTP/1.1" 200 7541
180.152.241.196 - - [30/Jul/2023:10:34:05 +0800] "GET /xingrg/javascript/jquery_tools/datebox.css HTTP/1.1" 200 2597
180.152.241.196 - - [30/Jul/2023:10:34:05 +0800] "GET /xingrg/javascript/easyui/themes/default/easyui.css HTTP/1.1" 200 30432
180.152.241.196 - - [30/Jul/2023:10:34:05 +0800] "GET /xingrg/javascript/easyui/themes/icon.css HTTP/1.1" 200 4483
180.152.241.196 - - [30/Jul/2023:10:34:05 +0800] "GET /xingrg/javascript/auto/jquery.autocomplete.css HTTP/1.1" 200 587
180.152.241.196 - - [30/Jul/2023:10:34:05 +0800] "GET /xingrg/javascript/jquery_tools/table.css HTTP/1.1" 200 1032
180.152.241.196 - - [30/Jul/2023:10:34:05 +0800] "GET /xingrg/javascript/jquery_tools/fix.css HTTP/1.1" 200 1702
180.152.241.196 - - [30/Jul/2023:10:34:05 +0800] "GET /xingrg/javascript/jquery_tools/jquery.tools.min.js HTTP/1.1" 200 138801
180.152.241.196 - - [30/Jul/2023:10:34:05 +0800] "GET /xingrg/javascript/jquery_tools/jquery.tools.extend.js HTTP/1.1" 200 15385
180.152.241.196 - - [30/Jul/2023:10:34:05 +0800] "GET /xingrg/javascript/jquery_tools/jquery.tools.hotkey.js HTTP/1.1" 200 3242
180.152.241.196 - - [30/Jul/2023:10:34:05 +0800] "GET /xingrg/javascript/jquery_tools/jquery.tools.table.js HTTP/1.1" 200 6994
180.152.241.196 - - [30/Jul/2023:10:34:05 +0800] "GET /xingrg/javascript/jquery_tools/list_manager.js HTTP/1.1" 200 3652
180.152.241.196 - - [30/Jul/2023:10:34:05 +0800] "GET /xingrg/javascript/auto/jquery.autocomplete.js HTTP/1.1" 200 21624
180.152.241.196 - - [30/Jul/2023:10:34:05 +0800] "GET /xingrg/javascript/easyui/easyloader.js HTTP/1.1" 200 5975
180.152.241.196 - - [30/Jul/2023:10:34:05 +0800] "GET /xingrg/javascript/jquery.cookie.js HTTP/1.1" 200 5513
180.152.241.196 - - [30/Jul/2023:10:34:05 +0800] "GET /xingrg/javascript/print/LodopFuncs.js HTTP/1.1" 200 5121
222.70.180.90 - - [30/Jul/2023:10:34:06 +0800] "GET /xingrg/check_reg.html?_=1690684629255 HTTP/1.1" 200 22
222.70.180.90 - - [30/Jul/2023:10:34:06 +0800] "GET /xingrg/all/function/internal_message.html?_=1690684629258&CODE_STATE=getMsg HTTP/1.1" 200 27
180.152.241.196 - - [30/Jul/2023:10:34:07 +0800] "GET /xingrg/javascript/easyui/themes/icons/edit_add_new.png HTTP/1.1" 200 2997
180.152.241.196 - - [30/Jul/2023:10:34:07 +0800] "GET /xingrg/javascript/easyui/themes/icons/cance_new.png HTTP/1.1" 200 3986
180.152.241.196 - - [30/Jul/2023:10:34:07 +0800] "GET /xingrg/javascript/easyui/themes/icons/check_new.png HTTP/1.1" 200 3224
180.152.241.196 - - [30/Jul/2023:10:34:07 +0800] "GET /xingrg/javascript/easyui/themes/icons/field_new.png HTTP/1.1" 200 1097
180.152.241.196 - - [30/Jul/2023:10:34:07 +0800] "GET /xingrg/javascript/easyui/themes/icons/import_new.png HTTP/1.1" 200 1247
120.253.135.82 - - [30/Jul/2023:10:34:07 +0800] "GET /xingrg/check_reg.html?_=1690684268676 HTTP/1.1" 200 22
180.152.241.196 - - [30/Jul/2023:10:34:07 +0800] "GET /xingrg/javascript/easyui/plugins/jquery.parser.js HTTP/1.1" 200 1142
180.152.241.196 - - [30/Jul/2023:10:34:07 +0800] "GET /xingrg/images/control/ajaxLoader.gif HTTP/1.1" 200 4659
58.39.110.125 - - [30/Jul/2023:10:34:09 +0800] "GET /xingrg/all/function/internal_message.html?_=1690684449553&CODE_STATE=getMsg HTTP/1.1" 200 27
116.230.112.71 - - [30/Jul/2023:10:34:09 +0800] "GET /xingrg/kc/buy/cgsh_order_operate.html?command=get_materiel&rest_code=00146&code=00101008563&supplier_code=00100005&order_time=2023-07-30 HTTP/1.1" 200 413
222.70.180.90 - - [30/Jul/2023:10:34:09 +0800] "GET /xingrg/all/function/internal_message.html?_=1690684448867&CODE_STATE=getMsg HTTP/1.1" 200 27
222.70.180.90 - - [30/Jul/2023:10:34:09 +0800] "GET /xingrg/check_reg.html?_=1690684448934 HTTP/1.1" 200 22
180.152.241.196 - - [30/Jul/2023:10:34:11 +0800] "POST /xingrg/kc/buy/cgsh_list_operate.html HTTP/1.1" 200 986
120.253.135.82 - - [30/Jul/2023:10:34:11 +0800] "GET /xingrg/all/function/internal_message.html?_=1690684272473&CODE_STATE=getMsg HTTP/1.1" 200 27
222.70.180.90 - - [30/Jul/2023:10:34:11 +0800] "GET /xingrg/kc/base/wldb_order_operate.html?command=get_materiel&rest_code=00111&base_code=0010306&code=00102002161 HTTP/1.1" 200 437
180.152.241.196 - - [30/Jul/2023:10:34:12 +0800] "GET /xingrg/javascript/easyui/themes/default/images/button_plain_hover.png HTTP/1.1" 200 144
114.83.216.109 - - [30/Jul/2023:10:34:13 +0800] "POST /xingrg/kc/base/wldb_order_operate.html HTTP/1.1" 200 37
180.152.241.196 - - [30/Jul/2023:10:34:14 +0800] "GET /xingrg/kc/buy/cgsh_order_add.html HTTP/1.1" 200 71797
180.152.241.196 - - [30/Jul/2023:10:34:14 +0800] "GET /xingrg/javascript/pic_change.js HTTP/1.1" 200 4739
180.152.241.196 - - [30/Jul/2023:10:34:14 +0800] "GET /xingrg/javascript/convert.js HTTP/1.1" 200 1239
180.152.241.196 - - [30/Jul/2023:10:34:14 +0800] "GET /xingrg/javascript/jquery_tools/order_manager.js HTTP/1.1" 200 11183
180.152.241.196 - - [30/Jul/2023:10:34:14 +0800] "GET /xingrg/javascript/json2.js HTTP/1.1" 200 11259
180.152.241.196 - - [30/Jul/2023:10:34:14 +0800] "GET /xingrg/javascript/print/kc_print.js HTTP/1.1" 200 11415
180.152.241.196 - - [30/Jul/2023:10:34:14 +0800] "GET /xingrg/words/20230729110350_words.js HTTP/1.1" 200 975939
180.152.241.196 - - [30/Jul/2023:10:34:15 +0800] "GET /xingrg/javascript/easyui/themes/icons/copy_new.png HTTP/1.1" 200 815
180.152.241.196 - - [30/Jul/2023:10:34:15 +0800] "GET /xingrg/javascript/easyui/themes/icons/template_new.png HTTP/1.1" 200 3956
180.152.241.196 - - [30/Jul/2023:10:34:15 +0800] "GET /xingrg/javascript/easyui/themes/icons/ok.png HTTP/1.1" 200 883
180.152.241.196 - - [30/Jul/2023:10:34:15 +0800] "GET /xingrg/javascript/easyui/themes/default/images/menu_downarrow.png HTTP/1.1" 200 173
180.152.241.196 - - [30/Jul/2023:10:34:15 +0800] "GET /xingrg/javascript/easyui/themes/icons/print.png HTTP/1.1" 200 1057
180.152.241.196 - - [30/Jul/2023:10:34:15 +0800] "GET /xingrg/javascript/easyui/themes/icons/cancel.png HTTP/1.1" 200 1133
180.152.241.196 - - [30/Jul/2023:10:34:15 +0800] "GET /xingrg/kc/buy/cgsh_order_operate.html?command=get_materiel&rest_code=00102&code=00101008096&supplier_code=00100008&order_time=2023-07-30 HTTP/1.1" 200 431
180.152.241.196 - - [30/Jul/2023:10:34:16 +0800] "POST /xingrg/kc/buy/cgsh_order_operate.html HTTP/1.1" 200 8245
180.152.241.196 - - [30/Jul/2023:10:34:16 +0800] "GET /xingrg/javascript/easyui/themes/default/validatebox.css HTTP/1.1" 404 1104
180.152.241.196 - - [30/Jul/2023:10:34:16 +0800] "GET /xingrg/javascript/easyui/plugins/jquery.validatebox.js HTTP/1.1" 200 6103
180.152.241.196 - - [30/Jul/2023:10:34:16 +0800] "GET /xingrg/javascript/easyui/plugins/jquery.numberbox.js HTTP/1.1" 200 5213
180.152.241.196 - - [30/Jul/2023:10:34:16 +0800] "GET /xingrg/javascript/easyui/themes/icons/edit_remove.png HTTP/1.1" 200 625
180.152.241.196 - - [30/Jul/2023:10:34:16 +0800] "GET /xingrg/all/common/auto_word.html?type=employee&rest_code=00102 HTTP/1.1" 200 189
180.152.241.196 - - [30/Jul/2023:10:34:16 +0800] "GET /xingrg/all/common/auto_word.html?type=employee&rest_code=00102 HTTP/1.1" 200 189
180.152.241.196 - - [30/Jul/2023:10:34:16 +0800] "GET /xingrg/javascript/easyui/plugins/jquery.draggable.js HTTP/1.1" 200 6121
180.152.241.196 - - [30/Jul/2023:10:34:17 +0800] "GET /xingrg/css/images/panel_loading.gif HTTP/1.1" 200 1737
180.152.241.196 - - [30/Jul/2023:10:34:17 +0800] "GET /xingrg/javascript/easyui/plugins/jquery.droppable.js HTTP/1.1" 200 1167
180.152.241.196 - - [30/Jul/2023:10:34:17 +0800] "GET /xingrg/javascript/easyui/themes/default/tree.css HTTP/1.1" 404 1090
180.152.241.196 - - [30/Jul/2023:10:34:17 +0800] "GET /xingrg/javascript/easyui/plugins/jquery.tree.js HTTP/1.1" 200 20874
180.152.241.196 - - [30/Jul/2023:10:34:18 +0800] "POST /xingrg/all/common/load_tree.html?tree=supplier_tree_json&isDelete=1 HTTP/1.1" 200 74671
180.152.241.196 - - [30/Jul/2023:10:34:19 +0800] "GET /xingrg/javascript/easyui/themes/default/images/tree_arrows.gif HTTP/1.1" 200 617
180.152.241.196 - - [30/Jul/2023:10:34:19 +0800] "GET /xingrg/javascript/easyui/themes/default/images/tree_folder_open.gif HTTP/1.1" 200 956
180.152.241.196 - - [30/Jul/2023:10:34:19 +0800] "GET /xingrg/javascript/easyui/themes/default/images/tree_file.gif HTTP/1.1" 200 118
180.152.241.196 - - [30/Jul/2023:10:34:19 +0800] "GET /xingrg/javascript/easyui/themes/default/images/tree_folder.gif HTTP/1.1" 200 952
222.69.144.196 - - [30/Jul/2023:10:34:19 +0800] "GET /xingrg/all/function/internal_message.html?_=1690684588320&CODE_STATE=getMsg HTTP/1.1" 200 27
222.70.114.12 - - [30/Jul/2023:10:34:21 +0800] "GET /xingrg/all/function/internal_message.html?_=1690684461459&CODE_STATE=getMsg HTTP/1.1" 200 27
58.39.110.125 - - [30/Jul/2023:10:34:21 +0800] "GET /xingrg/kc/buy/cgsh_order_operate.html?command=get_materiel&rest_code=00157&code=00101008024&supplier_code=00100556&order_time=2023-07-27 HTTP/1.1" 200 408
180.165.154.167 - - [30/Jul/2023:10:34:21 +0800] "GET /xingrg/all/function/internal_message.html?_=1690684461765&CODE_STATE=getMsg HTTP/1.1" 200 27
124.78.70.128 - - [30/Jul/2023:10:34:22 +0800] "GET /xingrg/all/function/internal_message.html?_=1690683928107&CODE_STATE=getMsg HTTP/1.1" 200 27
116.230.112.71 - - [30/Jul/2023:10:34:22 +0800] "GET /xingrg/kc/buy/cgsh_order_operate.html?command=get_materiel&rest_code=00146&code=00101008498&supplier_code=00100005&order_time=2023-07-30 HTTP/1.1" 200 424
180.152.241.196 - - [30/Jul/2023:10:34:22 +0800] "GET /xingrg/kc/buy/cgsh_order_operate.html?command=get_materiel&rest_code=00102&code=00101008038&supplier_code=00100008&order_time=2023-07-30 HTTP/1.1" 200 412
114.83.216.109 - - [30/Jul/2023:10:34:24 +0800] "POST /xingrg/kc/base/wldb_order_operate.html HTTP/1.1" 200 12
222.70.180.90 - - [30/Jul/2023:10:34:24 +0800] "GET /xingrg/kc/base/wldb_order_operate.html?command=get_materiel&rest_code=00111&base_code=0010306&code=00102002082 HTTP/1.1" 200 451
114.83.216.109 - - [30/Jul/2023:10:34:24 +0800] "POST /xingrg/kc/base/wldb_order_operate.html HTTP/1.1" 200 6732
116.230.112.71 - - [30/Jul/2023:10:34:26 +0800] "GET /xingrg/all/function/internal_message.html?_=1690684492752&CODE_STATE=getMsg HTTP/1.1" 200 27
