222.69.144.196 - - [30/Jul/2023:09:51:20 +0800] "GET /xingrg/all/function/internal_message.html?_=1690682008322&CODE_STATE=getMsg HTTP/1.1" 200 27
222.70.114.12 - - [30/Jul/2023:09:51:21 +0800] "GET /xingrg/all/function/internal_message.html?_=1690681881364&CODE_STATE=getMsg HTTP/1.1" 200 27
124.78.70.128 - - [30/Jul/2023:09:51:22 +0800] "GET /xingrg/check_reg.html?_=1690681348134 HTTP/1.1" 200 22
124.78.70.128 - - [30/Jul/2023:09:51:22 +0800] "GET /xingrg/all/function/internal_message.html?_=1690681348243&CODE_STATE=getMsg HTTP/1.1" 200 27
180.165.154.167 - - [30/Jul/2023:09:51:22 +0800] "GET /xingrg/all/function/internal_message.html?_=1690681880807&CODE_STATE=getMsg HTTP/1.1" 200 27
116.230.112.71 - - [30/Jul/2023:09:51:24 +0800] "GET /xingrg/kc/buy/cgsh_order_operate.html?command=get_materiel&rest_code=00146&code=00101008213&supplier_code=00100005&order_time=2023-07-30 HTTP/1.1" 200 412
116.230.112.71 - - [30/Jul/2023:09:51:26 +0800] "GET /xingrg/all/function/internal_message.html?_=1690681911903&CODE_STATE=getMsg HTTP/1.1" 200 27
180.169.147.146 - - [30/Jul/2023:09:51:31 +0800] "POST /xingrg/kc/buy/cgsh_order_operate.html HTTP/1.1" 200 37
58.39.110.125 - - [30/Jul/2023:09:51:31 +0800] "GET /xingrg/kc/buy/cgsh_order_operate.html?command=get_materiel&rest_code=00157&code=00101008350&supplier_code=00100556&order_time=2023-07-24 HTTP/1.1" 200 429
124.78.155.92 - - [30/Jul/2023:09:51:31 +0800] "GET /xingrg/all/function/internal_message.html?_=1690681889626&CODE_STATE=getMsg HTTP/1.1" 200 27
172.20.0.100 - - [30/Jul/2023:09:51:34 +0800] "GET /xingrg/all/function/internal_message.html?_=1690681893335&CODE_STATE=getMsg HTTP/1.1" 200 27
101.83.145.37 - - [30/Jul/2023:09:51:35 +0800] "GET /xingrg/all/function/internal_message.html?_=1690681897231&CODE_STATE=getMsg HTTP/1.1" 200 27
116.230.112.71 - - [30/Jul/2023:09:51:37 +0800] "GET /xingrg/kc/buy/cgsh_order_operate.html?command=get_materiel&rest_code=00146&code=00101008225&supplier_code=00100005&order_time=2023-07-30 HTTP/1.1" 200 417
180.169.147.146 - - [30/Jul/2023:09:51:39 +0800] "POST /xingrg/kc/buy/cgsh_order_operate.html HTTP/1.1" 200 2671
124.78.70.128 - - [30/Jul/2023:09:51:41 +0800] "GET /xingrg/kc/buy/cgsh_order_operate.html?command=get_materiel&rest_code=00141&code=00101007125&supplier_code=00100004&order_time=2023-07-30 HTTP/1.1" 200 406
58.39.110.125 - - [30/Jul/2023:09:51:47 +0800] "GET /xingrg/kc/buy/cgsh_order_operate.html?command=get_materiel&rest_code=00157&code=00101008286&supplier_code=00100556&order_time=2023-07-24 HTTP/1.1" 200 408
222.70.180.90 - - [30/Jul/2023:09:51:48 +0800] "GET /xingrg/check_reg.html?_=1690681908005 HTTP/1.1" 200 22
222.70.180.90 - - [30/Jul/2023:09:51:48 +0800] "GET /xingrg/all/function/internal_message.html?_=1690681908012&CODE_STATE=getMsg HTTP/1.1" 200 27
101.228.187.155 - - [30/Jul/2023:09:51:48 +0800] "GET /xingrg/all/function/internal_message.html?_=1690681907722&CODE_STATE=getMsg HTTP/1.1" 200 27
116.230.112.71 - - [30/Jul/2023:09:51:50 +0800] "GET /xingrg/kc/buy/cgsh_order_operate.html?command=get_materiel&rest_code=00146&code=00101016122&supplier_code=00100005&order_time=2023-07-30 HTTP/1.1" 200 409
124.79.243.110 - - [30/Jul/2023:09:51:53 +0800] "GET /xingrg/all/function/internal_message.html?_=1690682201593&CODE_STATE=getMsg HTTP/1.1" 200 27
116.230.112.71 - - [30/Jul/2023:09:51:53 +0800] "POST /xingrg/kc/buy/cgsh_order_operate.html HTTP/1.1" 200 2065
114.85.113.108 - - [30/Jul/2023:09:51:54 +0800] "GET /xingrg/check_reg.html?_=1690681912101 HTTP/1.1" 200 22
114.85.113.108 - - [30/Jul/2023:09:51:54 +0800] "GET /xingrg/all/function/internal_message.html?_=1690681912102&CODE_STATE=getMsg HTTP/1.1" 200 27
180.169.147.146 - - [30/Jul/2023:09:52:01 +0800] "GET /xingrg/check_reg.html?_=1690681922013 HTTP/1.1" 200 22
116.230.112.71 - - [30/Jul/2023:09:52:02 +0800] "GET /xingrg/kc/buy/cgsh_order_operate.html?command=get_materiel&rest_code=00146&code=00101008305&supplier_code=00100005&order_time=2023-07-30 HTTP/1.1" 200 412
124.78.155.92 - - [30/Jul/2023:09:52:04 +0800] "GET /xingrg/javascript/auto/indicator.gif HTTP/1.1" 404 1066
222.70.180.90 - - [30/Jul/2023:09:52:06 +0800] "GET /xingrg/all/function/internal_message.html?_=1690682109252&CODE_STATE=getMsg HTTP/1.1" 200 27
114.83.216.109 - - [30/Jul/2023:09:52:07 +0800] "GET /xingrg/all/function/internal_message.html?_=1690681924210&CODE_STATE=getMsg HTTP/1.1" 200 27
58.39.110.125 - - [30/Jul/2023:09:52:09 +0800] "GET /xingrg/all/function/internal_message.html?_=1690681929845&CODE_STATE=getMsg HTTP/1.1" 200 27
124.78.155.92 - - [30/Jul/2023:09:52:09 +0800] "GET /xingrg/kc/buy/cgsh_order_operate.html?command=get_materiel&rest_code=00106&code=00101008147&supplier_code=00100009&order_time=2023-07-30 HTTP/1.1" 200 416
120.253.135.82 - - [30/Jul/2023:09:52:09 +0800] "GET /xingrg/all/function/internal_message.html?_=1690681750678&CODE_STATE=getMsg HTTP/1.1" 200 27
116.238.191.126 - - [30/Jul/2023:09:52:10 +0800] "GET /xingrg/all/function/internal_message.html?_=1690681929973&CODE_STATE=getMsg HTTP/1.1" 200 27
116.230.112.71 - - [30/Jul/2023:09:52:13 +0800] "GET /xingrg/kc/buy/cgsh_order_operate.html?command=get_materiel&rest_code=00146&code=00101008283&supplier_code=00100005&order_time=2023-07-30 HTTP/1.1" 200 408
124.78.70.128 - - [30/Jul/2023:09:52:14 +0800] "GET /xingrg/kc/buy/cgsh_order_operate.html?command=get_materiel&rest_code=00141&code=00101007060&supplier_code=00100004&order_time=2023-07-30 HTTP/1.1" 200 409
222.70.180.90 - - [30/Jul/2023:09:52:15 +0800] "GET /xingrg/all/function/internal_message.html?_=1690681934954&CODE_STATE=getMsg HTTP/1.1" 200 27
222.69.144.196 - - [30/Jul/2023:09:52:20 +0800] "GET /xingrg/all/function/internal_message.html?_=1690682068336&CODE_STATE=getMsg HTTP/1.1" 200 27
222.70.114.12 - - [30/Jul/2023:09:52:21 +0800] "GET /xingrg/all/function/internal_message.html?_=1690681941364&CODE_STATE=getMsg HTTP/1.1" 200 27
124.78.70.128 - - [30/Jul/2023:09:52:22 +0800] "GET /xingrg/all/function/internal_message.html?_=1690681408213&CODE_STATE=getMsg HTTP/1.1" 200 27
180.165.154.167 - - [30/Jul/2023:09:52:22 +0800] "GET /xingrg/all/function/internal_message.html?_=1690681940788&CODE_STATE=getMsg HTTP/1.1" 200 27
124.78.155.92 - - [30/Jul/2023:09:52:25 +0800] "POST /xingrg/kc/buy/cgsh_order_operate.html HTTP/1.1" 200 37
116.230.112.71 - - [30/Jul/2023:09:52:26 +0800] "GET /xingrg/all/function/internal_message.html?_=1690681971916&CODE_STATE=getMsg HTTP/1.1" 200 27
116.230.112.71 - - [30/Jul/2023:09:52:26 +0800] "GET /xingrg/kc/buy/cgsh_order_operate.html?command=get_materiel&rest_code=00146&code=00101008298&supplier_code=00100005&order_time=2023-07-30 HTTP/1.1" 200 413
180.165.154.167 - - [30/Jul/2023:09:52:32 +0800] "GET /xingrg/javascript/jquery_tools/images/prev.gif HTTP/1.1" 404 1086
180.165.154.167 - - [30/Jul/2023:09:52:32 +0800] "GET /xingrg/javascript/jquery_tools/images/next.gif HTTP/1.1" 404 1086
172.20.0.100 - - [30/Jul/2023:09:52:34 +0800] "GET /xingrg/all/function/internal_message.html?_=1690681953338&CODE_STATE=getMsg HTTP/1.1" 200 27
58.39.110.125 - - [30/Jul/2023:09:52:34 +0800] "POST /xingrg/kc/buy/cgsh_order_operate.html HTTP/1.1" 200 2065
124.78.70.128 - - [30/Jul/2023:09:52:35 +0800] "GET /xingrg/kc/buy/cgsh_order_operate.html?command=get_materiel&rest_code=00141&code=00101007027&supplier_code=00100004&order_time=2023-07-30 HTTP/1.1" 200 427
101.83.145.37 - - [30/Jul/2023:09:52:35 +0800] "GET /xingrg/all/function/internal_message.html?_=1690681957204&CODE_STATE=getMsg HTTP/1.1" 200 27
116.230.112.71 - - [30/Jul/2023:09:52:36 +0800] "GET /xingrg/kc/buy/cgsh_order_operate.html?command=get_materiel&rest_code=00146&code=00101013044&supplier_code=00100005&order_time=2023-07-30 HTTP/1.1" 200 448
124.78.155.92 - - [30/Jul/2023:09:52:40 +0800] "POST /xingrg/kc/buy/cgsh_order_operate.html HTTP/1.1" 200 12
58.39.110.125 - - [30/Jul/2023:09:52:42 +0800] "GET /xingrg/kc/buy/cgsh_order_operate.html?command=get_materiel&rest_code=00157&code=00101008357&supplier_code=00100556&order_time=2023-07-24 HTTP/1.1" 200 408
180.165.154.167 - - [30/Jul/2023:09:52:42 +0800] "GET /xingrg/kc/buy/cgsh_order_operate.html?command=get_materiel&rest_code=00108&code=00101007072&supplier_code=00100002&order_time=2023-07-30 HTTP/1.1" 200 419
124.78.155.92 - - [30/Jul/2023:09:52:45 +0800] "GET /xingrg/kc/buy/cgsh_order_info.html?code=212023073011892 HTTP/1.1" 200 66677
124.78.155.92 - - [30/Jul/2023:09:52:45 +0800] "GET /xingrg/javascript/easyui/themes/default/validatebox.css HTTP/1.1" 404 1104
124.78.155.92 - - [30/Jul/2023:09:52:46 +0800] "POST /xingrg/kc/buy/cgsh_order_operate.html HTTP/1.1" 200 610
124.78.155.92 - - [30/Jul/2023:09:52:48 +0800] "GET /xingrg/kc/print/load_config.html?kc_code=cgsh HTTP/1.1" 200 1924
124.78.155.92 - - [30/Jul/2023:09:52:48 +0800] "GET /xingrg/kc/print/load_data.html?order_code=212023073011892&kc_code=cgsh&condition= HTTP/1.1" 200 775
222.70.180.90 - - [30/Jul/2023:09:52:48 +0800] "GET /xingrg/all/function/internal_message.html?_=1690681968007&CODE_STATE=getMsg HTTP/1.1" 200 27
101.228.187.155 - - [30/Jul/2023:09:52:48 +0800] "GET /xingrg/all/function/internal_message.html?_=1690681967736&CODE_STATE=getMsg HTTP/1.1" 200 27
101.228.187.155 - - [30/Jul/2023:09:52:48 +0800] "GET /xingrg/check_reg.html?_=1690681967737 HTTP/1.1" 200 22
114.83.216.109 - - [30/Jul/2023:09:52:49 +0800] "GET /xingrg/check_reg.html?_=1690681965947 HTTP/1.1" 200 22
116.230.112.71 - - [30/Jul/2023:09:52:49 +0800] "POST /xingrg/kc/buy/cgsh_order_operate.html HTTP/1.1" 200 2065
58.39.110.125 - - [30/Jul/2023:09:52:51 +0800] "GET /xingrg/kc/buy/cgsh_order_operate.html?command=get_materiel&rest_code=00157&code=00101008298&supplier_code=00100556&order_time=2023-07-24 HTTP/1.1" 200 413
124.79.243.110 - - [30/Jul/2023:09:52:53 +0800] "GET /xingrg/all/function/internal_message.html?_=1690682261597&CODE_STATE=getMsg HTTP/1.1" 200 27
114.85.113.108 - - [30/Jul/2023:09:52:54 +0800] "GET /xingrg/all/function/internal_message.html?_=1690681972092&CODE_STATE=getMsg HTTP/1.1" 200 27
180.165.154.167 - - [30/Jul/2023:09:52:57 +0800] "GET /xingrg/kc/buy/cgsh_order_operate.html?command=get_materiel&rest_code=00108&code=00101007061&supplier_code=00100002&order_time=2023-07-30 HTTP/1.1" 200 409
116.230.112.71 - - [30/Jul/2023:09:52:58 +0800] "GET /xingrg/kc/buy/cgsh_order_operate.html?command=get_materiel&rest_code=00146&code=00101008403&supplier_code=00100005&order_time=2023-07-30 HTTP/1.1" 200 412
58.39.110.125 - - [30/Jul/2023:09:53:02 +0800] "GET /xingrg/kc/buy/cgsh_order_operate.html?command=get_materiel&rest_code=00157&code=00101008307&supplier_code=00100556&order_time=2023-07-24 HTTP/1.1" 200 420
222.70.180.90 - - [30/Jul/2023:09:53:06 +0800] "GET /xingrg/all/function/internal_message.html?_=1690682169257&CODE_STATE=getMsg HTTP/1.1" 200 27
180.163.29.217 - - [30/Jul/2023:09:53:07 +0800] "GET /xingrg/kc/buy/cgsh_order_operate.html?command=get_materiel&rest_code=00106&code=00101008147&supplier_code=00100009&order_time=2023-07-30 HTTP/1.1" 302 -
180.163.29.217 - - [30/Jul/2023:09:53:07 +0800] "GET /xingrg/login.html HTTP/1.1" 200 7641
114.83.216.109 - - [30/Jul/2023:09:53:07 +0800] "GET /xingrg/all/function/internal_message.html?_=1690681984188&CODE_STATE=getMsg HTTP/1.1" 200 27
58.39.110.125 - - [30/Jul/2023:09:53:09 +0800] "GET /xingrg/all/function/internal_message.html?_=1690681989828&CODE_STATE=getMsg HTTP/1.1" 200 27
120.253.135.82 - - [30/Jul/2023:09:53:09 +0800] "GET /xingrg/all/function/internal_message.html?_=1690681810684&CODE_STATE=getMsg HTTP/1.1" 200 27
116.238.191.126 - - [30/Jul/2023:09:53:10 +0800] "GET /xingrg/check_reg.html?_=1690681989913 HTTP/1.1" 200 22
116.238.191.126 - - [30/Jul/2023:09:53:10 +0800] "GET /xingrg/all/function/internal_message.html?_=1690681989950&CODE_STATE=getMsg HTTP/1.1" 200 27
180.165.154.167 - - [30/Jul/2023:09:53:12 +0800] "POST /xingrg/kc/buy/cgsh_order_operate.html HTTP/1.1" 200 37
180.169.147.146 - - [30/Jul/2023:09:53:14 +0800] "POST /xingrg/kc/buy/cgsh_order_operate.html HTTP/1.1" 200 37
58.39.110.125 - - [30/Jul/2023:09:53:14 +0800] "GET /xingrg/kc/buy/cgsh_order_operate.html?command=get_materiel&rest_code=00157&code=00101008302&supplier_code=00100556&order_time=2023-07-24 HTTP/1.1" 200 412
222.70.180.90 - - [30/Jul/2023:09:53:15 +0800] "GET /xingrg/all/function/internal_message.html?_=1690681994970&CODE_STATE=getMsg HTTP/1.1" 200 27
124.78.70.128 - - [30/Jul/2023:09:53:18 +0800] "POST /xingrg/kc/buy/cgsh_order_operate.html HTTP/1.1" 200 37
116.230.112.71 - - [30/Jul/2023:09:53:18 +0800] "GET /xingrg/kc/buy/cgsh_order_operate.html?command=get_materiel&rest_code=00146&code=00101008330&supplier_code=00100005&order_time=2023-07-30 HTTP/1.1" 200 408
180.165.154.167 - - [30/Jul/2023:09:53:18 +0800] "POST /xingrg/kc/buy/cgsh_order_operate.html HTTP/1.1" 200 3251
222.69.144.196 - - [30/Jul/2023:09:53:20 +0800] "GET /xingrg/check_reg.html?_=1690682128325 HTTP/1.1" 200 22
222.69.144.196 - - [30/Jul/2023:09:53:20 +0800] "GET /xingrg/all/function/internal_message.html?_=1690682128326&CODE_STATE=getMsg HTTP/1.1" 200 27
222.70.114.12 - - [30/Jul/2023:09:53:21 +0800] "GET /xingrg/all/function/internal_message.html?_=1690682001364&CODE_STATE=getMsg HTTP/1.1" 200 27
222.70.180.90 - - [30/Jul/2023:09:53:21 +0800] "POST /xingrg/kc/base/yddb_list_operate.html HTTP/1.1" 200 4333
180.165.154.167 - - [30/Jul/2023:09:53:22 +0800] "GET /xingrg/kc/print/load_data.html?order_code=212023073011893&kc_code=cgsh&condition= HTTP/1.1" 200 979
124.78.70.128 - - [30/Jul/2023:09:53:22 +0800] "GET /xingrg/all/function/internal_message.html?_=1690681468186&CODE_STATE=getMsg HTTP/1.1" 200 27
180.165.154.167 - - [30/Jul/2023:09:53:22 +0800] "GET /xingrg/all/function/internal_message.html?_=1690682000790&CODE_STATE=getMsg HTTP/1.1" 200 27
58.39.110.125 - - [30/Jul/2023:09:53:24 +0800] "GET /xingrg/kc/buy/cgsh_order_operate.html?command=get_materiel&rest_code=00157&code=00101008144&supplier_code=00100556&order_time=2023-07-24 HTTP/1.1" 200 412
116.230.112.71 - - [30/Jul/2023:09:53:26 +0800] "GET /xingrg/check_reg.html?_=1690682031805 HTTP/1.1" 200 22
116.230.112.71 - - [30/Jul/2023:09:53:26 +0800] "GET /xingrg/all/function/internal_message.html?_=1690682031930&CODE_STATE=getMsg HTTP/1.1" 200 27
124.78.70.128 - - [30/Jul/2023:09:53:26 +0800] "POST /xingrg/kc/buy/cgsh_order_operate.html HTTP/1.1" 200 12
58.39.110.125 - - [30/Jul/2023:09:53:27 +0800] "POST /xingrg/kc/buy/cgsh_order_operate.html HTTP/1.1" 200 2065
180.165.154.167 - - [30/Jul/2023:09:53:28 +0800] "GET /xingrg/kc/buy/cgsh_order_add.html HTTP/1.1" 200 71854
180.165.154.167 - - [30/Jul/2023:09:53:29 +0800] "POST /xingrg/kc/buy/cgsh_order_operate.html HTTP/1.1" 200 8245
180.165.154.167 - - [30/Jul/2023:09:53:29 +0800] "GET /xingrg/javascript/easyui/themes/default/validatebox.css HTTP/1.1" 404 1104
124.78.155.92 - - [30/Jul/2023:09:53:31 +0800] "GET /xingrg/all/function/internal_message.html?_=1690682009642&CODE_STATE=getMsg HTTP/1.1" 200 27
180.169.147.146 - - [30/Jul/2023:09:53:32 +0800] "POST /xingrg/kc/buy/cgsh_order_operate.html HTTP/1.1" 200 2671
124.78.70.128 - - [30/Jul/2023:09:53:32 +0800] "GET /xingrg/kc/buy/cgsh_order_info.html?code=212023073011894 HTTP/1.1" 200 66671
124.78.70.128 - - [30/Jul/2023:09:53:33 +0800] "GET /xingrg/javascript/easyui/themes/default/validatebox.css HTTP/1.1" 404 1104
172.20.0.100 - - [30/Jul/2023:09:53:34 +0800] "GET /xingrg/all/function/internal_message.html?_=1690682013343&CODE_STATE=getMsg HTTP/1.1" 200 27
101.83.145.37 - - [30/Jul/2023:09:53:35 +0800] "GET /xingrg/all/function/internal_message.html?_=1690682017176&CODE_STATE=getMsg HTTP/1.1" 200 27
116.230.112.71 - - [30/Jul/2023:09:53:38 +0800] "POST /xingrg/kc/buy/cgsh_order_operate.html HTTP/1.1" 200 37
124.78.70.128 - - [30/Jul/2023:09:53:38 +0800] "POST /xingrg/kc/buy/cgsh_order_operate.html HTTP/1.1" 200 2383
58.39.110.125 - - [30/Jul/2023:09:53:39 +0800] "GET /xingrg/kc/buy/cgsh_order_operate.html?command=get_materiel&rest_code=00157&code=00101008358&supplier_code=00100556&order_time=2023-07-24 HTTP/1.1" 200 412
180.169.147.146 - - [30/Jul/2023:09:53:40 +0800] "POST /xingrg/kc/buy/cgsh_order_operate.html HTTP/1.1" 200 37
124.78.70.128 - - [30/Jul/2023:09:53:45 +0800] "GET /xingrg/kc/print/load_data.html?order_code=212023073011894&kc_code=cgsh&condition= HTTP/1.1" 200 1440
222.70.180.90 - - [30/Jul/2023:09:53:48 +0800] "GET /xingrg/all/function/internal_message.html?_=1690682028016&CODE_STATE=getMsg HTTP/1.1" 200 27
101.228.187.155 - - [30/Jul/2023:09:53:48 +0800] "GET /xingrg/all/function/internal_message.html?_=1690682027736&CODE_STATE=getMsg HTTP/1.1" 200 27
180.165.154.167 - - [30/Jul/2023:09:53:49 +0800] "GET /xingrg/kc/buy/cgsh_order_operate.html?command=get_materiel&rest_code=00108&code=00101001075&supplier_code=00100012&order_time=2023-07-30 HTTP/1.1" 200 409
124.79.243.110 - - [30/Jul/2023:09:53:53 +0800] "GET /xingrg/all/function/internal_message.html?_=1690682321601&CODE_STATE=getMsg HTTP/1.1" 200 27
114.85.113.108 - - [30/Jul/2023:09:53:54 +0800] "GET /xingrg/all/function/internal_message.html?_=1690682032101&CODE_STATE=getMsg HTTP/1.1" 200 27
180.169.147.146 - - [30/Jul/2023:09:53:55 +0800] "POST /xingrg/kc/buy/cgsh_order_operate.html HTTP/1.1" 200 2671
180.169.147.146 - - [30/Jul/2023:09:53:59 +0800] "POST /xingrg/kc/buy/cgsh_list_operate.html HTTP/1.1" 200 6321
180.169.147.146 - - [30/Jul/2023:09:54:05 +0800] "POST /xingrg/kc/buy/cgsh_list_operate.html HTTP/1.1" 200 6335
222.70.180.90 - - [30/Jul/2023:09:54:06 +0800] "GET /xingrg/all/function/internal_message.html?_=1690682229242&CODE_STATE=getMsg HTTP/1.1" 200 27
222.70.180.90 - - [30/Jul/2023:09:54:06 +0800] "GET /xingrg/check_reg.html?_=1690682229243 HTTP/1.1" 200 22
120.253.135.82 - - [30/Jul/2023:09:54:07 +0800] "GET /xingrg/check_reg.html?_=1690681868233 HTTP/1.1" 200 22
114.83.216.109 - - [30/Jul/2023:09:54:07 +0800] "GET /xingrg/all/function/internal_message.html?_=1690682044173&CODE_STATE=getMsg HTTP/1.1" 200 27
58.39.110.125 - - [30/Jul/2023:09:54:09 +0800] "GET /xingrg/kc/buy/cgsh_order_operate.html?command=get_materiel&rest_code=00157&code=00101008351&supplier_code=00100556&order_time=2023-07-24 HTTP/1.1" 200 408
58.39.110.125 - - [30/Jul/2023:09:54:09 +0800] "GET /xingrg/all/function/internal_message.html?_=1690682049841&CODE_STATE=getMsg HTTP/1.1" 200 27
120.253.135.82 - - [30/Jul/2023:09:54:09 +0800] "GET /xingrg/all/function/internal_message.html?_=1690681870698&CODE_STATE=getMsg HTTP/1.1" 200 27
116.238.191.126 - - [30/Jul/2023:09:54:10 +0800] "GET /xingrg/all/function/internal_message.html?_=1690682049937&CODE_STATE=getMsg HTTP/1.1" 200 27
180.165.154.167 - - [30/Jul/2023:09:54:11 +0800] "GET /xingrg/kc/buy/cgsh_order_operate.html?command=get_materiel&rest_code=00108&code=00101010161&supplier_code=00100012&order_time=2023-07-30 HTTP/1.1" 200 409
222.70.180.90 - - [30/Jul/2023:09:54:15 +0800] "GET /xingrg/all/function/internal_message.html?_=1690682054973&CODE_STATE=getMsg HTTP/1.1" 200 27
222.69.144.196 - - [30/Jul/2023:09:54:20 +0800] "GET /xingrg/all/function/internal_message.html?_=1690682188313&CODE_STATE=getMsg HTTP/1.1" 200 27
58.39.110.125 - - [30/Jul/2023:09:54:20 +0800] "POST /xingrg/kc/buy/cgsh_order_operate.html HTTP/1.1" 200 37
222.70.114.12 - - [30/Jul/2023:09:54:21 +0800] "GET /xingrg/all/function/internal_message.html?_=1690682061355&CODE_STATE=getMsg HTTP/1.1" 200 27
124.78.70.128 - - [30/Jul/2023:09:54:22 +0800] "GET /xingrg/all/function/internal_message.html?_=1690681528159&CODE_STATE=getMsg HTTP/1.1" 200 27
180.165.154.167 - - [30/Jul/2023:09:54:22 +0800] "GET /xingrg/all/function/internal_message.html?_=1690682060770&CODE_STATE=getMsg HTTP/1.1" 200 27
58.39.110.125 - - [30/Jul/2023:09:54:25 +0800] "POST /xingrg/kc/buy/cgsh_order_operate.html HTTP/1.1" 200 14465
58.39.110.125 - - [30/Jul/2023:09:54:29 +0800] "GET /xingrg/kc/print/load_config.html?kc_code=cgsh HTTP/1.1" 200 1924
58.39.110.125 - - [30/Jul/2023:09:54:30 +0800] "GET /xingrg/kc/print/load_data.html?order_code=212023073011891&kc_code=cgsh&condition= HTTP/1.1" 200 5109
124.78.155.92 - - [30/Jul/2023:09:54:31 +0800] "GET /xingrg/all/function/internal_message.html?_=1690682069617&CODE_STATE=getMsg HTTP/1.1" 200 27
172.20.0.100 - - [30/Jul/2023:09:54:34 +0800] "GET /xingrg/all/function/internal_message.html?_=1690682073347&CODE_STATE=getMsg HTTP/1.1" 200 27
101.83.145.37 - - [30/Jul/2023:09:54:35 +0800] "GET /xingrg/all/function/internal_message.html?_=1690682077145&CODE_STATE=getMsg HTTP/1.1" 200 27
180.165.154.167 - - [30/Jul/2023:09:54:36 +0800] "GET /xingrg/kc/buy/cgsh_order_operate.html?command=get_materiel&rest_code=00108&code=00101006240&supplier_code=00100012&order_time=2023-07-30 HTTP/1.1" 200 422
101.83.145.37 - - [30/Jul/2023:09:54:36 +0800] "GET /xingrg/check_reg.html?_=1690682078476 HTTP/1.1" 200 22
180.169.147.146 - - [30/Jul/2023:09:54:44 +0800] "POST /xingrg/kc/buy/cgsh_list_operate.html HTTP/1.1" 200 6325
222.70.180.90 - - [30/Jul/2023:09:54:48 +0800] "GET /xingrg/all/function/internal_message.html?_=1690682088000&CODE_STATE=getMsg HTTP/1.1" 200 27
101.228.187.155 - - [30/Jul/2023:09:54:48 +0800] "GET /xingrg/all/function/internal_message.html?_=1690682087735&CODE_STATE=getMsg HTTP/1.1" 200 27
180.169.147.146 - - [30/Jul/2023:09:54:52 +0800] "POST /xingrg/kc/buy/cgsh_list_operate.html HTTP/1.1" 200 345
124.79.243.110 - - [30/Jul/2023:09:54:53 +0800] "GET /xingrg/all/function/internal_message.html?_=1690682381607&CODE_STATE=getMsg HTTP/1.1" 200 27
124.79.243.110 - - [30/Jul/2023:09:54:53 +0800] "GET /xingrg/check_reg.html?_=1690682381605 HTTP/1.1" 200 22
180.169.147.146 - - [30/Jul/2023:09:54:53 +0800] "GET /xingrg/kc/buy/cgsh_order_info.html?code=212023072811430 HTTP/1.1" 200 71777
180.169.147.146 - - [30/Jul/2023:09:54:54 +0800] "GET /xingrg/javascript/easyui/themes/default/validatebox.css HTTP/1.1" 404 1104
114.85.113.108 - - [30/Jul/2023:09:54:54 +0800] "GET /xingrg/all/function/internal_message.html?_=1690682092115&CODE_STATE=getMsg HTTP/1.1" 200 27
180.169.147.146 - - [30/Jul/2023:09:54:55 +0800] "POST /xingrg/kc/buy/cgsh_order_operate.html HTTP/1.1" 200 3832
124.79.79.0 - - [30/Jul/2023:09:54:59 +0800] "GET /favicon.ico HTTP/1.1" 404 -
222.70.180.90 - - [30/Jul/2023:09:55:06 +0800] "GET /xingrg/all/function/internal_message.html?_=1690682289251&CODE_STATE=getMsg HTTP/1.1" 200 27
114.83.216.109 - - [30/Jul/2023:09:55:07 +0800] "GET /xingrg/all/function/internal_message.html?_=1690682104158&CODE_STATE=getMsg HTTP/1.1" 200 27
58.39.110.125 - - [30/Jul/2023:09:55:09 +0800] "GET /xingrg/all/function/internal_message.html?_=1690682109836&CODE_STATE=getMsg HTTP/1.1" 200 27
58.39.110.125 - - [30/Jul/2023:09:55:09 +0800] "GET /xingrg/check_reg.html?_=1690682109835 HTTP/1.1" 200 22
120.253.135.82 - - [30/Jul/2023:09:55:09 +0800] "GET /xingrg/all/function/internal_message.html?_=1690681930711&CODE_STATE=getMsg HTTP/1.1" 200 27
116.238.191.126 - - [30/Jul/2023:09:55:10 +0800] "GET /xingrg/all/function/internal_message.html?_=1690682109908&CODE_STATE=getMsg HTTP/1.1" 200 27
58.39.110.125 - - [30/Jul/2023:09:55:15 +0800] "POST /xingrg/kc/buy/cgsh_list_operate.html HTTP/1.1" 200 3571
222.70.180.90 - - [30/Jul/2023:09:55:15 +0800] "GET /xingrg/all/function/internal_message.html?_=1690682114974&CODE_STATE=getMsg HTTP/1.1" 200 27
222.70.180.90 - - [30/Jul/2023:09:55:15 +0800] "GET /xingrg/check_reg.html?_=1690682114981 HTTP/1.1" 200 22
180.169.147.146 - - [30/Jul/2023:09:55:18 +0800] "POST /xingrg/kc/buy/cgsh_order_operate.html HTTP/1.1" 200 37
222.69.144.196 - - [30/Jul/2023:09:55:20 +0800] "GET /xingrg/all/function/internal_message.html?_=1690682248317&CODE_STATE=getMsg HTTP/1.1" 200 27
222.70.114.12 - - [30/Jul/2023:09:55:21 +0800] "GET /xingrg/all/function/internal_message.html?_=1690682121355&CODE_STATE=getMsg HTTP/1.1" 200 27
222.70.114.12 - - [30/Jul/2023:09:55:21 +0800] "GET /xingrg/check_reg.html?_=1690682121356 HTTP/1.1" 200 22
124.78.70.128 - - [30/Jul/2023:09:55:22 +0800] "GET /xingrg/all/function/internal_message.html?_=1690681588130&CODE_STATE=getMsg HTTP/1.1" 200 27
180.165.154.167 - - [30/Jul/2023:09:55:22 +0800] "GET /xingrg/all/function/internal_message.html?_=1690682120752&CODE_STATE=getMsg HTTP/1.1" 200 27
180.165.154.167 - - [30/Jul/2023:09:55:22 +0800] "GET /xingrg/check_reg.html?_=1690682121095 HTTP/1.1" 200 22
124.78.155.92 - - [30/Jul/2023:09:55:31 +0800] "GET /xingrg/all/function/internal_message.html?_=1690682129588&CODE_STATE=getMsg HTTP/1.1" 200 27
172.20.0.100 - - [30/Jul/2023:09:55:34 +0800] "GET /xingrg/check_reg.html?_=1690682133333 HTTP/1.1" 200 22
172.20.0.100 - - [30/Jul/2023:09:55:34 +0800] "GET /xingrg/all/function/internal_message.html?_=1690682133335&CODE_STATE=getMsg HTTP/1.1" 200 27
101.83.145.37 - - [30/Jul/2023:09:55:35 +0800] "GET /xingrg/all/function/internal_message.html?_=1690682137118&CODE_STATE=getMsg HTTP/1.1" 200 27
124.78.155.92 - - [30/Jul/2023:09:55:48 +0800] "GET /xingrg/kc/buy/cgsh_order_add.html HTTP/1.1" 200 71762
222.70.180.90 - - [30/Jul/2023:09:55:48 +0800] "GET /xingrg/all/function/internal_message.html?_=1690682148006&CODE_STATE=getMsg HTTP/1.1" 200 27
101.228.187.155 - - [30/Jul/2023:09:55:48 +0800] "GET /xingrg/all/function/internal_message.html?_=1690682147725&CODE_STATE=getMsg HTTP/1.1" 200 27
124.78.155.92 - - [30/Jul/2023:09:55:49 +0800] "POST /xingrg/kc/buy/cgsh_order_operate.html HTTP/1.1" 200 8245
180.169.147.146 - - [30/Jul/2023:09:55:49 +0800] "POST /xingrg/kc/buy/cgsh_order_operate.html HTTP/1.1" 200 3835
124.78.155.92 - - [30/Jul/2023:09:55:49 +0800] "GET /xingrg/javascript/easyui/themes/default/validatebox.css HTTP/1.1" 404 1104
58.39.110.125 - - [30/Jul/2023:09:55:50 +0800] "POST /xingrg/kc/buy/cgsh_list_operate.html HTTP/1.1" 200 4
124.79.243.110 - - [30/Jul/2023:09:55:53 +0800] "GET /xingrg/all/function/internal_message.html?_=1690682441590&CODE_STATE=getMsg HTTP/1.1" 200 27
180.169.147.146 - - [30/Jul/2023:09:55:54 +0800] "POST /xingrg/kc/buy/cgsh_list_operate.html HTTP/1.1" 200 6325
114.85.113.108 - - [30/Jul/2023:09:55:54 +0800] "GET /xingrg/all/function/internal_message.html?_=1690682152095&CODE_STATE=getMsg HTTP/1.1" 200 27
124.78.155.92 - - [30/Jul/2023:09:55:54 +0800] "GET /xingrg/javascript/easyui/themes/default/tree.css HTTP/1.1" 404 1090
124.78.155.92 - - [30/Jul/2023:09:55:55 +0800] "POST /xingrg/all/common/load_tree.html?tree=supplier_tree_json&isDelete=1 HTTP/1.1" 200 74671
180.169.147.146 - - [30/Jul/2023:09:55:58 +0800] "POST /xingrg/kc/buy/cgsh_list_operate.html HTTP/1.1" 200 6335
180.169.147.146 - - [30/Jul/2023:09:56:04 +0800] "POST /xingrg/kc/buy/cgsh_list_operate.html HTTP/1.1" 200 2302
222.70.180.90 - - [30/Jul/2023:09:56:06 +0800] "GET /xingrg/all/function/internal_message.html?_=1690682349250&CODE_STATE=getMsg HTTP/1.1" 200 27
114.83.216.109 - - [30/Jul/2023:09:56:07 +0800] "GET /xingrg/all/function/internal_message.html?_=1690682164142&CODE_STATE=getMsg HTTP/1.1" 200 27
222.70.180.90 - - [30/Jul/2023:09:56:08 +0800] "GET /xingrg/kc/base/yddb_order_list.html HTTP/1.1" 200 16783
222.70.180.90 - - [30/Jul/2023:09:56:09 +0800] "POST /xingrg/kc/base/yddb_list_operate.html HTTP/1.1" 200 1341
120.253.135.82 - - [30/Jul/2023:09:56:09 +0800] "GET /xingrg/all/function/internal_message.html?_=1690681990724&CODE_STATE=getMsg HTTP/1.1" 200 27
116.238.191.126 - - [30/Jul/2023:09:56:10 +0800] "GET /xingrg/all/function/internal_message.html?_=1690682169909&CODE_STATE=getMsg HTTP/1.1" 200 27
180.169.147.146 - - [30/Jul/2023:09:56:12 +0800] "POST /xingrg/kc/buy/cgsh_list_operate.html HTTP/1.1" 200 6325
222.70.180.90 - - [30/Jul/2023:09:56:15 +0800] "GET /xingrg/all/function/internal_message.html?_=1690682174981&CODE_STATE=getMsg HTTP/1.1" 200 27
222.69.144.196 - - [30/Jul/2023:09:56:20 +0800] "GET /xingrg/all/function/internal_message.html?_=1690682308325&CODE_STATE=getMsg HTTP/1.1" 200 27
180.169.147.146 - - [30/Jul/2023:09:56:20 +0800] "POST /xingrg/kc/buy/cgsh_list_operate.html HTTP/1.1" 200 6288
222.70.114.12 - - [30/Jul/2023:09:56:21 +0800] "GET /xingrg/all/function/internal_message.html?_=1690682181379&CODE_STATE=getMsg HTTP/1.1" 200 27
124.78.70.128 - - [30/Jul/2023:09:56:22 +0800] "GET /xingrg/all/function/internal_message.html?_=1690681648101&CODE_STATE=getMsg HTTP/1.1" 200 27
124.78.70.128 - - [30/Jul/2023:09:56:22 +0800] "GET /xingrg/check_reg.html?_=1690681648099 HTTP/1.1" 200 22
180.165.154.167 - - [30/Jul/2023:09:56:22 +0800] "GET /xingrg/all/function/internal_message.html?_=1690682180742&CODE_STATE=getMsg HTTP/1.1" 200 27
180.169.147.146 - - [30/Jul/2023:09:56:26 +0800] "POST /xingrg/kc/buy/cgsh_list_operate.html HTTP/1.1" 200 296
180.169.147.146 - - [30/Jul/2023:09:56:31 +0800] "GET /xingrg/kc/buy/cgsh_order_info.html?code=212023072811179 HTTP/1.1" 200 71774
180.169.147.146 - - [30/Jul/2023:09:56:31 +0800] "GET /xingrg/javascript/easyui/themes/default/validatebox.css HTTP/1.1" 404 1104
124.78.155.92 - - [30/Jul/2023:09:56:31 +0800] "GET /xingrg/all/function/internal_message.html?_=1690682189563&CODE_STATE=getMsg HTTP/1.1" 200 27
180.169.147.146 - - [30/Jul/2023:09:56:32 +0800] "POST /xingrg/kc/buy/cgsh_order_operate.html HTTP/1.1" 200 3274
172.20.0.100 - - [30/Jul/2023:09:56:34 +0800] "GET /xingrg/all/function/internal_message.html?_=1690682193336&CODE_STATE=getMsg HTTP/1.1" 200 27
101.83.145.37 - - [30/Jul/2023:09:56:35 +0800] "GET /xingrg/all/function/internal_message.html?_=1690682197098&CODE_STATE=getMsg HTTP/1.1" 200 27
124.78.70.128 - - [30/Jul/2023:09:56:39 +0800] "POST /xingrg/services/DataTransmitService HTTP/1.1" 200 524
124.78.155.92 - - [30/Jul/2023:09:56:42 +0800] "GET /xingrg/javascript/auto/indicator.gif HTTP/1.1" 404 1066
222.70.180.90 - - [30/Jul/2023:09:56:48 +0800] "GET /xingrg/check_reg.html?_=1690682208025 HTTP/1.1" 200 22
222.70.180.90 - - [30/Jul/2023:09:56:48 +0800] "GET /xingrg/all/function/internal_message.html?_=1690682208032&CODE_STATE=getMsg HTTP/1.1" 200 27
101.228.187.155 - - [30/Jul/2023:09:56:48 +0800] "GET /xingrg/all/function/internal_message.html?_=1690682207724&CODE_STATE=getMsg HTTP/1.1" 200 27
124.78.155.92 - - [30/Jul/2023:09:56:49 +0800] "GET /xingrg/kc/buy/cgsh_order_operate.html?command=get_materiel&rest_code=00106&code=00101010248&supplier_code=00100096&order_time=2023-07-30 HTTP/1.1" 200 451
180.169.147.146 - - [30/Jul/2023:09:56:50 +0800] "GET /xingrg/kc/buy/cgsh_order_operate.html?command=get_materiel&rest_code=00147&code=00101006240&supplier_code=00100015&order_time=2023-07-28 HTTP/1.1" 200 422
124.79.243.110 - - [30/Jul/2023:09:56:53 +0800] "GET /xingrg/all/function/internal_message.html?_=1690682501589&CODE_STATE=getMsg HTTP/1.1" 200 27
114.85.113.108 - - [30/Jul/2023:09:56:54 +0800] "GET /xingrg/all/function/internal_message.html?_=1690682212095&CODE_STATE=getMsg HTTP/1.1" 200 27
114.85.113.108 - - [30/Jul/2023:09:56:54 +0800] "GET /xingrg/check_reg.html?_=1690682212097 HTTP/1.1" 200 22
180.169.147.146 - - [30/Jul/2023:09:57:01 +0800] "GET /xingrg/check_reg.html?_=1690682222001 HTTP/1.1" 200 22
180.169.147.146 - - [30/Jul/2023:09:57:03 +0800] "POST /xingrg/kc/buy/cgsh_order_operate.html HTTP/1.1" 200 37
180.169.147.146 - - [30/Jul/2023:09:57:05 +0800] "POST /xingrg/kc/buy/cgsh_order_operate.html HTTP/1.1" 200 3267
222.70.180.90 - - [30/Jul/2023:09:57:06 +0800] "GET /xingrg/all/function/internal_message.html?_=1690682409262&CODE_STATE=getMsg HTTP/1.1" 200 27
114.83.216.109 - - [30/Jul/2023:09:57:07 +0800] "GET /xingrg/all/function/internal_message.html?_=1690682224128&CODE_STATE=getMsg HTTP/1.1" 200 27
124.78.155.92 - - [30/Jul/2023:09:57:07 +0800] "GET /xingrg/kc/buy/cgsh_order_operate.html?command=get_materiel&rest_code=00106&code=00101012051&supplier_code=00100096&order_time=2023-07-30 HTTP/1.1" 200 410
120.253.135.82 - - [30/Jul/2023:09:57:09 +0800] "GET /xingrg/all/function/internal_message.html?_=1690682050899&CODE_STATE=getMsg HTTP/1.1" 200 27
116.238.191.126 - - [30/Jul/2023:09:57:10 +0800] "GET /xingrg/all/function/internal_message.html?_=1690682229915&CODE_STATE=getMsg HTTP/1.1" 200 27
222.70.180.90 - - [30/Jul/2023:09:57:15 +0800] "GET /xingrg/all/function/internal_message.html?_=1690682234970&CODE_STATE=getMsg HTTP/1.1" 200 27
222.69.144.196 - - [30/Jul/2023:09:57:20 +0800] "GET /xingrg/all/function/internal_message.html?_=1690682368326&CODE_STATE=getMsg HTTP/1.1" 200 27
124.78.155.92 - - [30/Jul/2023:09:57:20 +0800] "GET /xingrg/kc/buy/cgsh_order_operate.html?command=get_materiel&rest_code=00106&code=00101016017&supplier_code=00100096&order_time=2023-07-30 HTTP/1.1" 200 408
222.70.114.12 - - [30/Jul/2023:09:57:21 +0800] "GET /xingrg/all/function/internal_message.html?_=1690682241377&CODE_STATE=getMsg HTTP/1.1" 200 27
124.78.70.128 - - [30/Jul/2023:09:57:22 +0800] "GET /xingrg/all/function/internal_message.html?_=1690681708085&CODE_STATE=getMsg HTTP/1.1" 200 27
180.165.154.167 - - [30/Jul/2023:09:57:22 +0800] "GET /xingrg/all/function/internal_message.html?_=1690682240715&CODE_STATE=getMsg HTTP/1.1" 200 27
124.78.155.92 - - [30/Jul/2023:09:57:30 +0800] "GET /xingrg/kc/buy/cgsh_order_operate.html?command=get_materiel&rest_code=00106&code=00101012025&supplier_code=00100096&order_time=2023-07-30 HTTP/1.1" 200 412
124.78.155.92 - - [30/Jul/2023:09:57:31 +0800] "GET /xingrg/all/function/internal_message.html?_=1690682249549&CODE_STATE=getMsg HTTP/1.1" 200 27
124.78.155.92 - - [30/Jul/2023:09:57:31 +0800] "GET /xingrg/check_reg.html?_=1690682249844 HTTP/1.1" 200 22
172.20.0.100 - - [30/Jul/2023:09:57:34 +0800] "GET /xingrg/all/function/internal_message.html?_=1690682253338&CODE_STATE=getMsg HTTP/1.1" 200 27
101.83.145.37 - - [30/Jul/2023:09:57:35 +0800] "GET /xingrg/all/function/internal_message.html?_=1690682257098&CODE_STATE=getMsg HTTP/1.1" 200 27
124.78.155.92 - - [30/Jul/2023:09:57:42 +0800] "GET /xingrg/kc/buy/cgsh_order_operate.html?command=get_materiel&rest_code=00106&code=00101016025&supplier_code=00100096&order_time=2023-07-30 HTTP/1.1" 200 408
222.70.180.90 - - [30/Jul/2023:09:57:48 +0800] "GET /xingrg/all/function/internal_message.html?_=1690682268037&CODE_STATE=getMsg HTTP/1.1" 200 27
101.228.187.155 - - [30/Jul/2023:09:57:48 +0800] "GET /xingrg/all/function/internal_message.html?_=1690682267722&CODE_STATE=getMsg HTTP/1.1" 200 27
101.228.187.155 - - [30/Jul/2023:09:57:48 +0800] "GET /xingrg/check_reg.html?_=1690682267723 HTTP/1.1" 200 22
114.83.216.109 - - [30/Jul/2023:09:57:49 +0800] "GET /xingrg/check_reg.html?_=1690682265955 HTTP/1.1" 200 22
124.79.243.110 - - [30/Jul/2023:09:57:53 +0800] "GET /xingrg/all/function/internal_message.html?_=1690682561604&CODE_STATE=getMsg HTTP/1.1" 200 27
114.85.113.108 - - [30/Jul/2023:09:57:54 +0800] "GET /xingrg/all/function/internal_message.html?_=1690682272096&CODE_STATE=getMsg HTTP/1.1" 200 27
222.70.180.90 - - [30/Jul/2023:09:58:06 +0800] "GET /xingrg/all/function/internal_message.html?_=1690682469252&CODE_STATE=getMsg HTTP/1.1" 200 27
114.83.216.109 - - [30/Jul/2023:09:58:07 +0800] "GET /xingrg/all/function/internal_message.html?_=1690682284102&CODE_STATE=getMsg HTTP/1.1" 200 27
58.39.110.125 - - [30/Jul/2023:09:58:09 +0800] "POST /xingrg/kc/buy/cgsh_list_operate.html HTTP/1.1" 200 986
58.39.110.125 - - [30/Jul/2023:09:58:09 +0800] "GET /xingrg/all/function/internal_message.html?_=1690682289855&CODE_STATE=getMsg HTTP/1.1" 200 27
120.253.135.82 - - [30/Jul/2023:09:58:09 +0800] "GET /xingrg/all/function/internal_message.html?_=1690682110908&CODE_STATE=getMsg HTTP/1.1" 200 27
116.238.191.126 - - [30/Jul/2023:09:58:10 +0800] "GET /xingrg/all/function/internal_message.html?_=1690682289917&CODE_STATE=getMsg HTTP/1.1" 200 27
116.238.191.126 - - [30/Jul/2023:09:58:10 +0800] "GET /xingrg/check_reg.html?_=1690682289920 HTTP/1.1" 200 22
116.230.112.71 - - [30/Jul/2023:09:58:14 +0800] "POST /xingrg/kc/buy/cgsh_order_operate.html HTTP/1.1" 200 19840
222.70.180.90 - - [30/Jul/2023:09:58:15 +0800] "GET /xingrg/all/function/internal_message.html?_=1690682294970&CODE_STATE=getMsg HTTP/1.1" 200 27
222.69.144.196 - - [30/Jul/2023:09:58:20 +0800] "GET /xingrg/check_reg.html?_=1690682428325 HTTP/1.1" 200 22
222.69.144.196 - - [30/Jul/2023:09:58:20 +0800] "GET /xingrg/all/function/internal_message.html?_=1690682428327&CODE_STATE=getMsg HTTP/1.1" 200 27
124.78.155.92 - - [30/Jul/2023:09:58:20 +0800] "GET /xingrg/kc/buy/cgsh_order_operate.html?command=get_materiel&rest_code=00106&code=00101006372&supplier_code=00100096&order_time=2023-07-30 HTTP/1.1" 200 409
222.70.114.12 - - [30/Jul/2023:09:58:21 +0800] "GET /xingrg/all/function/internal_message.html?_=1690682301392&CODE_STATE=getMsg HTTP/1.1" 200 27
124.78.70.128 - - [30/Jul/2023:09:58:22 +0800] "GET /xingrg/all/function/internal_message.html?_=1690681768085&CODE_STATE=getMsg HTTP/1.1" 200 27
180.165.154.167 - - [30/Jul/2023:09:58:22 +0800] "GET /xingrg/all/function/internal_message.html?_=1690682300690&CODE_STATE=getMsg HTTP/1.1" 200 27
116.230.112.71 - - [30/Jul/2023:09:58:26 +0800] "GET /xingrg/all/function/internal_message.html?_=1690682331810&CODE_STATE=getMsg HTTP/1.1" 200 27
116.230.112.71 - - [30/Jul/2023:09:58:26 +0800] "GET /xingrg/check_reg.html?_=1690682331812 HTTP/1.1" 200 22
124.78.155.92 - - [30/Jul/2023:09:58:31 +0800] "GET /xingrg/all/function/internal_message.html?_=1690682309534&CODE_STATE=getMsg HTTP/1.1" 200 27
172.20.0.100 - - [30/Jul/2023:09:58:34 +0800] "GET /xingrg/all/function/internal_message.html?_=1690682313339&CODE_STATE=getMsg HTTP/1.1" 200 27
101.83.145.37 - - [30/Jul/2023:09:58:35 +0800] "GET /xingrg/all/function/internal_message.html?_=1690682317074&CODE_STATE=getMsg HTTP/1.1" 200 27
124.78.155.92 - - [30/Jul/2023:09:58:41 +0800] "GET /xingrg/kc/buy/cgsh_order_operate.html?command=get_materiel&rest_code=00106&code=00101006229&supplier_code=00100096&order_time=2023-07-30 HTTP/1.1" 200 428
222.70.180.90 - - [30/Jul/2023:09:58:48 +0800] "GET /xingrg/all/function/internal_message.html?_=1690682328032&CODE_STATE=getMsg HTTP/1.1" 200 27
101.228.187.155 - - [30/Jul/2023:09:58:48 +0800] "GET /xingrg/all/function/internal_message.html?_=1690682327721&CODE_STATE=getMsg HTTP/1.1" 200 27
124.79.243.110 - - [30/Jul/2023:09:58:53 +0800] "GET /xingrg/all/function/internal_message.html?_=1690682621603&CODE_STATE=getMsg HTTP/1.1" 200 27
124.78.155.92 - - [30/Jul/2023:09:58:54 +0800] "GET /xingrg/kc/buy/cgsh_order_operate.html?command=get_materiel&rest_code=00106&code=00101006109&supplier_code=00100096&order_time=2023-07-30 HTTP/1.1" 200 409
114.85.113.108 - - [30/Jul/2023:09:58:54 +0800] "GET /xingrg/all/function/internal_message.html?_=1690682332095&CODE_STATE=getMsg HTTP/1.1" 200 27
222.69.144.196 - - [30/Jul/2023:09:58:56 +0800] "GET /xingrg/kc/buy/cgsh_order_info.html?code=212023072610533 HTTP/1.1" 200 70965
222.69.144.196 - - [30/Jul/2023:09:58:57 +0800] "GET /xingrg/javascript/easyui/themes/default/validatebox.css HTTP/1.1" 404 1104
222.69.144.196 - - [30/Jul/2023:09:58:58 +0800] "POST /xingrg/kc/buy/cgsh_order_operate.html HTTP/1.1" 200 15168
222.70.180.90 - - [30/Jul/2023:09:59:06 +0800] "GET /xingrg/check_reg.html?_=1690682529257 HTTP/1.1" 200 22
222.70.180.90 - - [30/Jul/2023:09:59:06 +0800] "GET /xingrg/all/function/internal_message.html?_=1690682529260&CODE_STATE=getMsg HTTP/1.1" 200 27
120.253.135.82 - - [30/Jul/2023:09:59:07 +0800] "GET /xingrg/check_reg.html?_=1690682168329 HTTP/1.1" 200 22
114.83.216.109 - - [30/Jul/2023:09:59:07 +0800] "GET /xingrg/all/function/internal_message.html?_=1690682344073&CODE_STATE=getMsg HTTP/1.1" 200 27
58.39.110.125 - - [30/Jul/2023:09:59:09 +0800] "GET /xingrg/all/function/internal_message.html?_=1690682349829&CODE_STATE=getMsg HTTP/1.1" 200 27
120.253.135.82 - - [30/Jul/2023:09:59:09 +0800] "GET /xingrg/all/function/internal_message.html?_=1690682170921&CODE_STATE=getMsg HTTP/1.1" 200 27
116.238.191.126 - - [30/Jul/2023:09:59:10 +0800] "GET /xingrg/all/function/internal_message.html?_=1690682349924&CODE_STATE=getMsg HTTP/1.1" 200 27
222.70.180.90 - - [30/Jul/2023:09:59:15 +0800] "GET /xingrg/all/function/internal_message.html?_=1690682354974&CODE_STATE=getMsg HTTP/1.1" 200 27
222.69.144.196 - - [30/Jul/2023:09:59:20 +0800] "GET /xingrg/all/function/internal_message.html?_=1690682488323&CODE_STATE=getMsg HTTP/1.1" 200 27
222.70.114.12 - - [30/Jul/2023:09:59:21 +0800] "GET /xingrg/all/function/internal_message.html?_=1690682361391&CODE_STATE=getMsg HTTP/1.1" 200 27
124.78.70.128 - - [30/Jul/2023:09:59:22 +0800] "GET /xingrg/all/function/internal_message.html?_=1690681828084&CODE_STATE=getMsg HTTP/1.1" 200 27
180.165.154.167 - - [30/Jul/2023:09:59:22 +0800] "GET /xingrg/all/function/internal_message.html?_=1690682362371&CODE_STATE=getMsg HTTP/1.1" 200 27
116.230.112.71 - - [30/Jul/2023:09:59:26 +0800] "GET /xingrg/all/function/internal_message.html?_=1690682391824&CODE_STATE=getMsg HTTP/1.1" 200 27
124.78.155.92 - - [30/Jul/2023:09:59:28 +0800] "GET /xingrg/kc/buy/cgsh_order_operate.html?command=get_materiel&rest_code=00106&code=00101006168&supplier_code=00100096&order_time=2023-07-30 HTTP/1.1" 200 423
124.78.155.92 - - [30/Jul/2023:09:59:31 +0800] "GET /xingrg/all/function/internal_message.html?_=1690682369514&CODE_STATE=getMsg HTTP/1.1" 200 27
172.20.0.100 - - [30/Jul/2023:09:59:34 +0800] "GET /xingrg/all/function/internal_message.html?_=1690682373342&CODE_STATE=getMsg HTTP/1.1" 200 27
101.83.145.37 - - [30/Jul/2023:09:59:35 +0800] "GET /xingrg/all/function/internal_message.html?_=1690682377048&CODE_STATE=getMsg HTTP/1.1" 200 27
101.83.145.37 - - [30/Jul/2023:09:59:36 +0800] "GET /xingrg/check_reg.html?_=1690682378502 HTTP/1.1" 200 22
124.78.155.92 - - [30/Jul/2023:09:59:41 +0800] "GET /xingrg/kc/buy/cgsh_order_operate.html?command=get_materiel&rest_code=00106&code=00101006240&supplier_code=00100096&order_time=2023-07-30 HTTP/1.1" 200 424
180.152.241.196 - - [30/Jul/2023:09:59:47 +0800] "GET /xingrg/login.html HTTP/1.1" 200 7641
180.152.241.196 - - [30/Jul/2023:09:59:47 +0800] "GET /xingrg/images/blue/jxLogo.png HTTP/1.1" 200 6156
180.152.241.196 - - [30/Jul/2023:09:59:47 +0800] "GET /xingrg/images/blue/login_bg.png HTTP/1.1" 200 22101
180.152.241.196 - - [30/Jul/2023:09:59:47 +0800] "GET /xingrg/images/blue/hj.png HTTP/1.1" 200 1014
180.152.241.196 - - [30/Jul/2023:09:59:47 +0800] "GET /xingrg/images/blue/srbg.png HTTP/1.1" 200 138
180.152.241.196 - - [30/Jul/2023:09:59:47 +0800] "GET /favicon.ico HTTP/1.1" 404 -
222.70.180.90 - - [30/Jul/2023:09:59:48 +0800] "GET /xingrg/all/function/internal_message.html?_=1690682388030&CODE_STATE=getMsg HTTP/1.1" 200 27
101.228.187.155 - - [30/Jul/2023:09:59:48 +0800] "GET /xingrg/all/function/internal_message.html?_=1690682387735&CODE_STATE=getMsg HTTP/1.1" 200 27
180.152.241.196 - - [30/Jul/2023:09:59:49 +0800] "POST /xingrg/login.do HTTP/1.1" 302 -
180.152.241.196 - - [30/Jul/2023:09:59:49 +0800] "GET /xingrg/index.html?sysBaseUrl=http%3A%2F%2F180.169.147.146%3A18081%2Fxingrg%2F&costTime=802×tamp=1690682389776 HTTP/1.1" 200 17173
180.152.241.196 - - [30/Jul/2023:09:59:49 +0800] "GET /xingrg/javascript/jquery_easy_ui/themes/default/easyui.css HTTP/1.1" 200 26500
180.152.241.196 - - [30/Jul/2023:09:59:49 +0800] "GET /xingrg/javascript/jquery_easy_ui/themes/icon.css HTTP/1.1" 200 3949
180.152.241.196 - - [30/Jul/2023:09:59:49 +0800] "GET /xingrg/css/form.css HTTP/1.1" 200 893
180.152.241.196 - - [30/Jul/2023:09:59:49 +0800] "GET /xingrg/javascript/jquery-1.4.2.min.js HTTP/1.1" 200 72205
180.152.241.196 - - [30/Jul/2023:09:59:49 +0800] "GET /xingrg/javascript/jquery_easy_ui/jquery.easyui.min.js HTTP/1.1" 200 213662
180.152.241.196 - - [30/Jul/2023:09:59:49 +0800] "GET /xingrg/javascript/jquery_easy_ui/easyui-lang-zh_CN.js HTTP/1.1" 200 1900
180.152.241.196 - - [30/Jul/2023:09:59:49 +0800] "GET /xingrg/javascript/jquery.form.js HTTP/1.1" 200 23110
180.152.241.196 - - [30/Jul/2023:09:59:49 +0800] "GET /xingrg/javascript/jquery.timers.js HTTP/1.1" 200 3532
180.152.241.196 - - [30/Jul/2023:09:59:49 +0800] "GET /xingrg/javascript/jquery.utils.js HTTP/1.1" 200 11805
180.152.241.196 - - [30/Jul/2023:09:59:50 +0800] "GET /favicon.ico HTTP/1.1" 404 -
180.152.241.196 - - [30/Jul/2023:09:59:50 +0800] "GET /xingrg/javascript/jquery_easy_ui/themes/icons/settle_new.png HTTP/1.1" 200 826
180.152.241.196 - - [30/Jul/2023:09:59:50 +0800] "GET /xingrg/images/blue/navBackgound.jpg HTTP/1.1" 200 12378
180.152.241.196 - - [30/Jul/2023:09:59:50 +0800] "GET /xingrg/all/function/internal_message.html?_=1690682390298&CODE_STATE=count HTTP/1.1" 200 11
180.152.241.196 - - [30/Jul/2023:09:59:50 +0800] "GET /xingrg/check_reg.html?_=1690682390299 HTTP/1.1" 200 22
180.152.241.196 - - [30/Jul/2023:09:59:50 +0800] "GET /xingrg/images/blue/pingpu.png HTTP/1.1" 200 231
180.152.241.196 - - [30/Jul/2023:09:59:50 +0800] "GET /xingrg/javascript/jquery_easy_ui/themes/default/images/tabs_leftarrow.png HTTP/1.1" 200 389
180.152.241.196 - - [30/Jul/2023:09:59:50 +0800] "GET /xingrg/javascript/jquery_easy_ui/themes/default/images/panel_tool_collapse.gif HTTP/1.1" 200 246
180.152.241.196 - - [30/Jul/2023:09:59:50 +0800] "GET /xingrg/javascript/jquery_easy_ui/themes/default/images/tabs_rightarrow.png HTTP/1.1" 200 395
180.152.241.196 - - [30/Jul/2023:09:59:50 +0800] "POST /xingrg/load_menu.html HTTP/1.1" 200 5138
180.152.241.196 - - [30/Jul/2023:09:59:50 +0800] "POST /xingrg/all/common/load_tree.html?tree=area_rest_tree_json&manage=1 HTTP/1.1" 200 342
180.152.241.196 - - [30/Jul/2023:09:59:50 +0800] "GET /xingrg/javascript/jquery_easy_ui/themes/default/images/tree_arrows.gif HTTP/1.1" 200 1043
180.152.241.196 - - [30/Jul/2023:09:59:50 +0800] "GET /xingrg/javascript/jquery_easy_ui/themes/default/images/tree_folder_open.gif HTTP/1.1" 200 956
180.152.241.196 - - [30/Jul/2023:09:59:50 +0800] "GET /xingrg/javascript/jquery_easy_ui/themes/icons/search_new.png HTTP/1.1" 200 586
180.152.241.196 - - [30/Jul/2023:09:59:50 +0800] "GET /xingrg/javascript/jquery_easy_ui/themes/default/images/tree_folder.gif HTTP/1.1" 200 952
180.152.241.196 - - [30/Jul/2023:09:59:50 +0800] "GET /xingrg/javascript/jquery_easy_ui/themes/icons/storage_new.png HTTP/1.1" 200 853
180.152.241.196 - - [30/Jul/2023:09:59:50 +0800] "GET /xingrg/javascript/jquery_easy_ui/themes/icons/forms_new.png HTTP/1.1" 200 350
180.152.241.196 - - [30/Jul/2023:09:59:50 +0800] "GET /xingrg/javascript/jquery_easy_ui/themes/default/images/tree_file.gif HTTP/1.1" 200 118
180.152.241.196 - - [30/Jul/2023:09:59:52 +0800] "GET /xingrg/javascript/jquery_easy_ui/themes/default/images/tabs_close.gif HTTP/1.1" 200 829
180.152.241.196 - - [30/Jul/2023:09:59:53 +0800] "GET /xingrg/kc/buy/cgsh_order_list.html HTTP/1.1" 200 55980
180.152.241.196 - - [30/Jul/2023:09:59:53 +0800] "GET /xingrg/css/base.css HTTP/1.1" 200 2811
180.152.241.196 - - [30/Jul/2023:09:59:53 +0800] "GET /xingrg/css/site.css HTTP/1.1" 200 7541
180.152.241.196 - - [30/Jul/2023:09:59:53 +0800] "GET /xingrg/javascript/jquery_tools/datebox.css HTTP/1.1" 200 2597
180.152.241.196 - - [30/Jul/2023:09:59:53 +0800] "GET /xingrg/javascript/easyui/themes/default/easyui.css HTTP/1.1" 200 30432
180.152.241.196 - - [30/Jul/2023:09:59:53 +0800] "GET /xingrg/javascript/easyui/themes/icon.css HTTP/1.1" 200 4483
180.152.241.196 - - [30/Jul/2023:09:59:53 +0800] "GET /xingrg/javascript/auto/jquery.autocomplete.css HTTP/1.1" 200 587
180.152.241.196 - - [30/Jul/2023:09:59:53 +0800] "GET /xingrg/javascript/jquery_tools/table.css HTTP/1.1" 200 1032
180.152.241.196 - - [30/Jul/2023:09:59:53 +0800] "GET /xingrg/javascript/jquery_tools/fix.css HTTP/1.1" 200 1702
180.152.241.196 - - [30/Jul/2023:09:59:53 +0800] "GET /xingrg/javascript/jquery_tools/jquery.tools.min.js HTTP/1.1" 200 138801
180.152.241.196 - - [30/Jul/2023:09:59:53 +0800] "GET /xingrg/javascript/jquery_tools/jquery.tools.extend.js HTTP/1.1" 200 15385
180.152.241.196 - - [30/Jul/2023:09:59:53 +0800] "GET /xingrg/javascript/jquery_tools/jquery.tools.hotkey.js HTTP/1.1" 200 3242
180.152.241.196 - - [30/Jul/2023:09:59:53 +0800] "GET /xingrg/javascript/jquery_tools/jquery.tools.table.js HTTP/1.1" 200 6994
180.152.241.196 - - [30/Jul/2023:09:59:53 +0800] "GET /xingrg/javascript/jquery_tools/list_manager.js HTTP/1.1" 200 3652
180.152.241.196 - - [30/Jul/2023:09:59:53 +0800] "GET /xingrg/javascript/auto/jquery.autocomplete.js HTTP/1.1" 200 21624
180.152.241.196 - - [30/Jul/2023:09:59:53 +0800] "GET /xingrg/javascript/easyui/easyloader.js HTTP/1.1" 200 5975
180.152.241.196 - - [30/Jul/2023:09:59:53 +0800] "GET /xingrg/javascript/jquery.cookie.js HTTP/1.1" 200 5513
180.152.241.196 - - [30/Jul/2023:09:59:53 +0800] "GET /xingrg/javascript/print/LodopFuncs.js HTTP/1.1" 200 5121
180.169.147.146 - - [30/Jul/2023:09:59:53 +0800] "POST /xingrg/kc/buy/cgsh_list_operate.html HTTP/1.1" 200 6289
124.79.243.110 - - [30/Jul/2023:09:59:53 +0800] "GET /xingrg/check_reg.html?_=1690682681603 HTTP/1.1" 200 22
124.79.243.110 - - [30/Jul/2023:09:59:53 +0800] "GET /xingrg/all/function/internal_message.html?_=1690682681602&CODE_STATE=getMsg HTTP/1.1" 200 27
180.152.241.196 - - [30/Jul/2023:09:59:53 +0800] "GET /xingrg/javascript/easyui/themes/icons/cance_new.png HTTP/1.1" 200 3986
180.152.241.196 - - [30/Jul/2023:09:59:53 +0800] "GET /xingrg/javascript/easyui/themes/icons/edit_add_new.png HTTP/1.1" 200 2997
180.152.241.196 - - [30/Jul/2023:09:59:53 +0800] "GET /xingrg/javascript/easyui/themes/icons/field_new.png HTTP/1.1" 200 1097
180.152.241.196 - - [30/Jul/2023:09:59:53 +0800] "GET /xingrg/javascript/easyui/themes/icons/import_new.png HTTP/1.1" 200 1247
180.152.241.196 - - [30/Jul/2023:09:59:53 +0800] "GET /xingrg/javascript/easyui/themes/icons/check_new.png HTTP/1.1" 200 3224
180.152.241.196 - - [30/Jul/2023:09:59:54 +0800] "GET /xingrg/javascript/easyui/plugins/jquery.parser.js HTTP/1.1" 200 1142
180.152.241.196 - - [30/Jul/2023:09:59:54 +0800] "GET /xingrg/images/control/ajaxLoader.gif HTTP/1.1" 200 4659
114.85.113.108 - - [30/Jul/2023:09:59:54 +0800] "GET /xingrg/all/function/internal_message.html?_=1690682392107&CODE_STATE=getMsg HTTP/1.1" 200 27
180.152.241.196 - - [30/Jul/2023:09:59:55 +0800] "POST /xingrg/kc/buy/cgsh_list_operate.html HTTP/1.1" 200 986
