180.169.147.146 - - [30/Jul/2023:10:07:01 +0800] "GET /xingrg/check_reg.html?_=1690682821951 HTTP/1.1" 200 22
180.163.29.206 - - [30/Jul/2023:10:07:02 +0800] "GET /xingrg/kc/print/load_data.html?order_code=212023073011900&kc_code=cgsh HTTP/1.1" 302 -
180.163.29.206 - - [30/Jul/2023:10:07:02 +0800] "GET /xingrg/login.html HTTP/1.1" 200 7641
222.70.180.90 - - [30/Jul/2023:10:07:06 +0800] "GET /xingrg/all/function/internal_message.html?_=1690683009246&CODE_STATE=getMsg HTTP/1.1" 200 27
58.39.110.125 - - [30/Jul/2023:10:07:09 +0800] "GET /xingrg/all/function/internal_message.html?_=1690682829705&CODE_STATE=getMsg HTTP/1.1" 200 27
120.253.135.82 - - [30/Jul/2023:10:07:10 +0800] "GET /xingrg/all/function/internal_message.html?_=1690682651283&CODE_STATE=getMsg HTTP/1.1" 200 27
116.238.191.126 - - [30/Jul/2023:10:07:10 +0800] "GET /xingrg/all/function/internal_message.html?_=1690682829947&CODE_STATE=getMsg HTTP/1.1" 200 27
222.70.180.90 - - [30/Jul/2023:10:07:15 +0800] "GET /xingrg/all/function/internal_message.html?_=1690682834975&CODE_STATE=getMsg HTTP/1.1" 200 27
222.69.144.196 - - [30/Jul/2023:10:07:20 +0800] "GET /xingrg/all/function/internal_message.html?_=1690682968318&CODE_STATE=getMsg HTTP/1.1" 200 27
58.39.110.125 - - [30/Jul/2023:10:07:21 +0800] "GET /xingrg/kc/buy/cgsh_order_operate.html?command=get_materiel&rest_code=00157&code=00101008108&supplier_code=00100556&order_time=2023-07-25 HTTP/1.1" 200 412
222.70.114.12 - - [30/Jul/2023:10:07:21 +0800] "GET /xingrg/all/function/internal_message.html?_=1690682841384&CODE_STATE=getMsg HTTP/1.1" 200 27
180.165.154.167 - - [30/Jul/2023:10:07:22 +0800] "GET /xingrg/all/function/internal_message.html?_=1690682842226&CODE_STATE=getMsg HTTP/1.1" 200 27
124.78.70.128 - - [30/Jul/2023:10:07:22 +0800] "GET /xingrg/all/function/internal_message.html?_=1690682308080&CODE_STATE=getMsg HTTP/1.1" 200 27
222.70.180.90 - - [30/Jul/2023:10:07:24 +0800] "GET /xingrg/check_reg.html?_=1690682844041 HTTP/1.1" 200 22
222.70.180.90 - - [30/Jul/2023:10:07:24 +0800] "GET /xingrg/all/function/internal_message.html?_=1690682844042&CODE_STATE=getMsg HTTP/1.1" 200 27
116.230.112.71 - - [30/Jul/2023:10:07:26 +0800] "GET /xingrg/all/function/internal_message.html?_=1690682872105&CODE_STATE=getMsg HTTP/1.1" 200 27
222.70.180.90 - - [30/Jul/2023:10:07:29 +0800] "GET /xingrg/kc/base/yddb_order_list.html HTTP/1.1" 200 16783
222.70.180.90 - - [30/Jul/2023:10:07:30 +0800] "POST /xingrg/kc/base/yddb_list_operate.html HTTP/1.1" 200 1592
180.163.29.206 - - [30/Jul/2023:10:07:31 +0800] "GET /xingrg/all/function/internal_message.html?_=1690682789353&CODE_STATE=getMsg HTTP/1.1" 302 -
124.78.155.92 - - [30/Jul/2023:10:07:31 +0800] "GET /xingrg/all/function/internal_message.html?_=1690682849341&CODE_STATE=getMsg HTTP/1.1" 200 27
180.163.29.206 - - [30/Jul/2023:10:07:31 +0800] "GET /xingrg/login.html HTTP/1.1" 200 7641
124.78.155.92 - - [30/Jul/2023:10:07:31 +0800] "GET /xingrg/check_reg.html?_=1690682849815 HTTP/1.1" 200 22
58.39.110.125 - - [30/Jul/2023:10:07:31 +0800] "GET /xingrg/kc/buy/cgsh_order_operate.html?command=get_materiel&rest_code=00157&code=00101008059&supplier_code=00100556&order_time=2023-07-25 HTTP/1.1" 200 408
172.20.0.100 - - [30/Jul/2023:10:07:34 +0800] "GET /xingrg/all/function/internal_message.html?_=1690682853346&CODE_STATE=getMsg HTTP/1.1" 200 27
120.253.135.82 - - [30/Jul/2023:10:07:35 +0800] "GET /xingrg/kc/buy/cgsh_order_list.html HTTP/1.1" 200 55980
101.83.145.37 - - [30/Jul/2023:10:07:35 +0800] "GET /xingrg/all/function/internal_message.html?_=1690682856843&CODE_STATE=getMsg HTTP/1.1" 200 27
180.169.147.146 - - [30/Jul/2023:10:07:35 +0800] "POST /xingrg/kc/buy/cgsh_list_operate.html HTTP/1.1" 200 4
120.253.135.82 - - [30/Jul/2023:10:07:37 +0800] "POST /xingrg/kc/buy/cgsh_list_operate.html HTTP/1.1" 200 986
222.70.180.90 - - [30/Jul/2023:10:07:38 +0800] "POST /xingrg/kc/base/yddb_list_operate.html HTTP/1.1" 200 -
58.39.110.125 - - [30/Jul/2023:10:07:39 +0800] "GET /xingrg/kc/buy/cgsh_order_operate.html?command=get_materiel&rest_code=00157&code=00101008268&supplier_code=00100556&order_time=2023-07-25 HTTP/1.1" 200 408
222.70.180.90 - - [30/Jul/2023:10:07:40 +0800] "POST /xingrg/kc/base/yddb_list_operate.html HTTP/1.1" 200 -
180.169.147.146 - - [30/Jul/2023:10:07:41 +0800] "POST /xingrg/kc/buy/cgsh_list_operate.html HTTP/1.1" 200 1876
222.70.180.90 - - [30/Jul/2023:10:07:42 +0800] "GET /xingrg/kc/base/yddb_order_info.html?code=482023073000178 HTTP/1.1" 200 31482
222.70.180.90 - - [30/Jul/2023:10:07:42 +0800] "GET /xingrg/dwr/interface/AjaxYddbService.js HTTP/1.1" 200 13201
222.70.180.90 - - [30/Jul/2023:10:07:42 +0800] "GET /xingrg/dwr/interface/AjaxComOrderService.js HTTP/1.1" 200 18264
222.70.180.90 - - [30/Jul/2023:10:07:42 +0800] "GET /xingrg/dwr/engine.js HTTP/1.1" 200 43631
222.70.180.90 - - [30/Jul/2023:10:07:43 +0800] "POST /xingrg/dwr/call/plaincall/AjaxYddbService.loadMaterielItems.dwr HTTP/1.1" 200 76
222.70.180.90 - - [30/Jul/2023:10:07:45 +0800] "POST /xingrg/dwr/call/plaincall/AjaxYddbService.deleteOrder.dwr HTTP/1.1" 200 78
180.152.241.196 - - [30/Jul/2023:10:07:46 +0800] "POST /xingrg/kc/buy/cgsh_order_operate.html HTTP/1.1" 200 37
180.169.147.146 - - [30/Jul/2023:10:07:46 +0800] "POST /xingrg/kc/buy/cgsh_list_operate.html HTTP/1.1" 200 199
222.70.180.90 - - [30/Jul/2023:10:07:47 +0800] "GET /xingrg/kc/base/yddb_order_list.html HTTP/1.1" 200 16783
222.70.180.90 - - [30/Jul/2023:10:07:48 +0800] "POST /xingrg/kc/base/yddb_list_operate.html HTTP/1.1" 200 1341
222.70.180.90 - - [30/Jul/2023:10:07:48 +0800] "GET /xingrg/all/function/internal_message.html?_=1690682868036&CODE_STATE=getMsg HTTP/1.1" 200 27
101.228.187.155 - - [30/Jul/2023:10:07:48 +0800] "GET /xingrg/all/function/internal_message.html?_=1690682867752&CODE_STATE=getMsg HTTP/1.1" 200 27
101.228.187.155 - - [30/Jul/2023:10:07:49 +0800] "GET /xingrg/check_reg.html?_=1690682867753 HTTP/1.1" 200 22
222.70.180.90 - - [30/Jul/2023:10:07:50 +0800] "GET /xingrg/kc/base/yddb_order_add.html HTTP/1.1" 200 29953
222.70.180.90 - - [30/Jul/2023:10:07:50 +0800] "GET /xingrg/dwr/interface/AjaxComOrderService.js HTTP/1.1" 200 18264
222.70.180.90 - - [30/Jul/2023:10:07:50 +0800] "GET /xingrg/dwr/interface/AjaxYddbService.js HTTP/1.1" 200 13201
222.70.180.90 - - [30/Jul/2023:10:07:50 +0800] "GET /xingrg/dwr/engine.js HTTP/1.1" 200 43631
222.70.180.90 - - [30/Jul/2023:10:07:51 +0800] "GET /xingrg/all/function/internal_message.html?_=1690682870382&CODE_STATE=getMsg HTTP/1.1" 200 27
58.39.110.125 - - [30/Jul/2023:10:07:52 +0800] "GET /xingrg/kc/buy/cgsh_order_operate.html?command=get_materiel&rest_code=00157&code=00101008350&supplier_code=00100556&order_time=2023-07-25 HTTP/1.1" 200 429
124.79.243.110 - - [30/Jul/2023:10:07:53 +0800] "GET /xingrg/all/function/internal_message.html?_=1690683161627&CODE_STATE=getMsg HTTP/1.1" 200 27
114.85.113.108 - - [30/Jul/2023:10:07:54 +0800] "GET /xingrg/all/function/internal_message.html?_=1690682872117&CODE_STATE=getMsg HTTP/1.1" 200 27
180.169.147.146 - - [30/Jul/2023:10:07:54 +0800] "POST /xingrg/kc/buy/cgsh_list_operate.html HTTP/1.1" 200 4
116.238.191.126 - - [30/Jul/2023:10:07:56 +0800] "POST /xingrg/all/user/operate.html HTTP/1.1" 200 36
116.238.191.126 - - [30/Jul/2023:10:07:56 +0800] "GET /xingrg/index.html?sysBaseUrl=http%3A%2F%2F180.169.147.146%3A18081%2Fxingrg%2F&costTime=1766×tamp=1690679122472 HTTP/1.1" 200 17179
116.238.191.126 - - [30/Jul/2023:10:07:56 +0800] "GET /xingrg/javascript/jquery_easy_ui/themes/default/easyui.css HTTP/1.1" 304 -
116.238.191.126 - - [30/Jul/2023:10:07:56 +0800] "GET /xingrg/javascript/jquery_easy_ui/themes/icon.css HTTP/1.1" 304 -
116.238.191.126 - - [30/Jul/2023:10:07:56 +0800] "GET /xingrg/css/form.css HTTP/1.1" 304 -
116.238.191.126 - - [30/Jul/2023:10:07:56 +0800] "GET /xingrg/javascript/jquery-1.4.2.min.js HTTP/1.1" 304 -
116.238.191.126 - - [30/Jul/2023:10:07:56 +0800] "GET /xingrg/javascript/jquery_easy_ui/jquery.easyui.min.js HTTP/1.1" 304 -
116.238.191.126 - - [30/Jul/2023:10:07:56 +0800] "GET /xingrg/javascript/jquery_easy_ui/easyui-lang-zh_CN.js HTTP/1.1" 304 -
116.238.191.126 - - [30/Jul/2023:10:07:56 +0800] "GET /xingrg/javascript/jquery.form.js HTTP/1.1" 304 -
116.238.191.126 - - [30/Jul/2023:10:07:56 +0800] "GET /xingrg/javascript/jquery.utils.js HTTP/1.1" 304 -
116.238.191.126 - - [30/Jul/2023:10:07:56 +0800] "GET /xingrg/javascript/jquery.timers.js HTTP/1.1" 304 -
116.238.191.126 - - [30/Jul/2023:10:07:57 +0800] "GET /xingrg/images/blue/jxLogo.png HTTP/1.1" 304 -
116.238.191.126 - - [30/Jul/2023:10:07:57 +0800] "GET /xingrg/javascript/jquery_easy_ui/themes/icons/settle_new.png HTTP/1.1" 304 -
116.238.191.126 - - [30/Jul/2023:10:07:57 +0800] "GET /xingrg/images/blue/navBackgound.jpg HTTP/1.1" 304 -
116.238.191.126 - - [30/Jul/2023:10:07:57 +0800] "GET /xingrg/all/function/internal_message.html?_=1690682876888&CODE_STATE=count HTTP/1.1" 200 11
116.238.191.126 - - [30/Jul/2023:10:07:57 +0800] "GET /xingrg/check_reg.html?_=1690682876888 HTTP/1.1" 200 22
116.238.191.126 - - [30/Jul/2023:10:07:57 +0800] "GET /xingrg/images/blue/pingpu.png HTTP/1.1" 304 -
116.238.191.126 - - [30/Jul/2023:10:07:57 +0800] "GET /xingrg/javascript/jquery_easy_ui/themes/default/images/panel_tool_collapse.gif HTTP/1.1" 304 -
116.238.191.126 - - [30/Jul/2023:10:07:57 +0800] "GET /xingrg/javascript/jquery_easy_ui/themes/default/images/tabs_rightarrow.png HTTP/1.1" 304 -
116.238.191.126 - - [30/Jul/2023:10:07:57 +0800] "GET /xingrg/javascript/jquery_easy_ui/themes/default/images/tabs_leftarrow.png HTTP/1.1" 304 -
116.238.191.126 - - [30/Jul/2023:10:07:57 +0800] "POST /xingrg/all/common/load_tree.html?tree=area_rest_tree_json&manage=1 HTTP/1.1" 200 476
222.70.180.90 - - [30/Jul/2023:10:07:57 +0800] "GET /xingrg/all/function/internal_message.html?_=1690682876534&CODE_STATE=getMsg HTTP/1.1" 200 27
116.238.191.126 - - [30/Jul/2023:10:07:57 +0800] "POST /xingrg/load_menu.html HTTP/1.1" 200 5138
180.169.147.146 - - [30/Jul/2023:10:07:57 +0800] "POST /xingrg/kc/buy/cgsh_list_operate.html HTTP/1.1" 200 986
58.39.110.125 - - [30/Jul/2023:10:08:05 +0800] "GET /xingrg/kc/buy/cgsh_order_operate.html?command=get_materiel&rest_code=00157&code=00101008286&supplier_code=00100556&order_time=2023-07-25 HTTP/1.1" 200 408
222.70.180.90 - - [30/Jul/2023:10:08:06 +0800] "GET /xingrg/all/function/internal_message.html?_=1690683069261&CODE_STATE=getMsg HTTP/1.1" 200 27
180.152.241.196 - - [30/Jul/2023:10:08:07 +0800] "GET /xingrg/all/function/internal_message.html?_=1690682887552&CODE_STATE=getMsg HTTP/1.1" 200 27
180.152.241.196 - - [30/Jul/2023:10:08:08 +0800] "POST /xingrg/kc/buy/cgsh_order_operate.html HTTP/1.1" 200 7970
58.39.110.125 - - [30/Jul/2023:10:08:09 +0800] "GET /xingrg/all/function/internal_message.html?_=1690682889692&CODE_STATE=getMsg HTTP/1.1" 200 27
120.253.135.82 - - [30/Jul/2023:10:08:10 +0800] "GET /xingrg/all/function/internal_message.html?_=1690682711294&CODE_STATE=getMsg HTTP/1.1" 200 27
222.70.180.90 - - [30/Jul/2023:10:08:15 +0800] "GET /xingrg/all/function/internal_message.html?_=1690682894974&CODE_STATE=getMsg HTTP/1.1" 200 27
58.39.110.125 - - [30/Jul/2023:10:08:17 +0800] "GET /xingrg/kc/buy/cgsh_order_operate.html?command=get_materiel&rest_code=00157&code=00101008353&supplier_code=00100556&order_time=2023-07-25 HTTP/1.1" 200 408
120.253.135.82 - - [30/Jul/2023:10:08:19 +0800] "POST /xingrg/kc/buy/cgsh_list_operate.html HTTP/1.1" 200 1896
222.69.144.196 - - [30/Jul/2023:10:08:20 +0800] "GET /xingrg/check_reg.html?_=1690683028331 HTTP/1.1" 200 22
222.69.144.196 - - [30/Jul/2023:10:08:20 +0800] "GET /xingrg/all/function/internal_message.html?_=1690683028332&CODE_STATE=getMsg HTTP/1.1" 200 27
222.70.114.12 - - [30/Jul/2023:10:08:21 +0800] "GET /xingrg/all/function/internal_message.html?_=1690682901384&CODE_STATE=getMsg HTTP/1.1" 200 27
180.165.154.167 - - [30/Jul/2023:10:08:22 +0800] "GET /xingrg/all/function/internal_message.html?_=1690682902224&CODE_STATE=getMsg HTTP/1.1" 200 27
124.78.70.128 - - [30/Jul/2023:10:08:22 +0800] "GET /xingrg/all/function/internal_message.html?_=1690682368081&CODE_STATE=getMsg HTTP/1.1" 200 27
180.152.241.196 - - [30/Jul/2023:10:08:22 +0800] "POST /xingrg/kc/buy/cgsh_order_operate.html HTTP/1.1" 200 37
222.70.180.90 - - [30/Jul/2023:10:08:24 +0800] "GET /xingrg/all/function/internal_message.html?_=1690682904037&CODE_STATE=getMsg HTTP/1.1" 200 27
180.152.241.196 - - [30/Jul/2023:10:08:25 +0800] "POST /xingrg/kc/buy/cgsh_order_operate.html HTTP/1.1" 200 7970
116.230.112.71 - - [30/Jul/2023:10:08:26 +0800] "GET /xingrg/check_reg.html?_=1690682931907 HTTP/1.1" 200 22
116.230.112.71 - - [30/Jul/2023:10:08:26 +0800] "GET /xingrg/all/function/internal_message.html?_=1690682932119&CODE_STATE=getMsg HTTP/1.1" 200 27
180.152.241.196 - - [30/Jul/2023:10:08:26 +0800] "GET /xingrg/kc/base/wldb_order_list.html HTTP/1.1" 200 19177
180.152.241.196 - - [30/Jul/2023:10:08:27 +0800] "POST /xingrg/kc/base/wldb_list_operate.html HTTP/1.1" 200 928
180.152.241.196 - - [30/Jul/2023:10:08:27 +0800] "GET /xingrg/kc/base/wldb_order_add.html HTTP/1.1" 200 30456
180.152.241.196 - - [30/Jul/2023:10:08:28 +0800] "POST /xingrg/kc/base/wldb_order_operate.html HTTP/1.1" 200 6806
180.152.241.196 - - [30/Jul/2023:10:08:28 +0800] "GET /xingrg/all/common/auto_word.html?type=base&rest_code=00102 HTTP/1.1" 200 1857
180.152.241.196 - - [30/Jul/2023:10:08:28 +0800] "GET /xingrg/javascript/easyui/themes/default/validatebox.css HTTP/1.1" 404 1104
180.152.241.196 - - [30/Jul/2023:10:08:28 +0800] "GET /xingrg/all/common/auto_word.html?type=base&rest_code=00102 HTTP/1.1" 200 1857
180.152.241.196 - - [30/Jul/2023:10:08:29 +0800] "GET /xingrg/css/images/panel_loading.gif HTTP/1.1" 200 1737
180.152.241.196 - - [30/Jul/2023:10:08:29 +0800] "POST /xingrg/all/common/load_combo.html?type=base HTTP/1.1" 200 3321
124.78.155.92 - - [30/Jul/2023:10:08:31 +0800] "GET /xingrg/all/function/internal_message.html?_=1690682909318&CODE_STATE=getMsg HTTP/1.1" 200 27
180.163.30.76 - - [30/Jul/2023:10:08:31 +0800] "GET /xingrg/check_reg.html?_=1690682849815 HTTP/1.1" 302 -
180.163.30.76 - - [30/Jul/2023:10:08:31 +0800] "GET /xingrg/login.html HTTP/1.1" 200 7641
58.39.110.125 - - [30/Jul/2023:10:08:33 +0800] "GET /xingrg/kc/buy/cgsh_order_operate.html?command=get_materiel&rest_code=00157&code=00101008152&supplier_code=00100556&order_time=2023-07-25 HTTP/1.1" 200 409
180.152.241.196 - - [30/Jul/2023:10:08:33 +0800] "GET /xingrg/kc/base/wldb_order_operate.html?command=get_materiel&rest_code=00102&base_code=0010476&code=00101019438 HTTP/1.1" 200 460
172.20.0.100 - - [30/Jul/2023:10:08:34 +0800] "GET /xingrg/all/function/internal_message.html?_=1690682913347&CODE_STATE=getMsg HTTP/1.1" 200 27
101.83.145.37 - - [30/Jul/2023:10:08:35 +0800] "GET /xingrg/all/function/internal_message.html?_=1690682916810&CODE_STATE=getMsg HTTP/1.1" 200 27
222.70.180.90 - - [30/Jul/2023:10:08:42 +0800] "POST /xingrg/dwr/call/plaincall/AjaxYddbService.getRestBases.dwr HTTP/1.1" 200 1034
58.39.110.125 - - [30/Jul/2023:10:08:47 +0800] "GET /xingrg/kc/buy/cgsh_order_operate.html?command=get_materiel&rest_code=00157&code=00101008323&supplier_code=00100556&order_time=2023-07-25 HTTP/1.1" 200 429
222.70.180.90 - - [30/Jul/2023:10:08:48 +0800] "GET /xingrg/all/function/internal_message.html?_=1690682928035&CODE_STATE=getMsg HTTP/1.1" 200 27
101.228.187.155 - - [30/Jul/2023:10:08:48 +0800] "GET /xingrg/all/function/internal_message.html?_=1690682927752&CODE_STATE=getMsg HTTP/1.1" 200 27
222.70.180.90 - - [30/Jul/2023:10:08:51 +0800] "GET /xingrg/all/function/internal_message.html?_=1690682930382&CODE_STATE=getMsg HTTP/1.1" 200 27
222.70.180.90 - - [30/Jul/2023:10:08:51 +0800] "POST /xingrg/dwr/call/plaincall/AjaxYddbService.saveOrder.dwr HTTP/1.1" 200 78
124.79.243.110 - - [30/Jul/2023:10:08:53 +0800] "GET /xingrg/all/function/internal_message.html?_=1690683221625&CODE_STATE=getMsg HTTP/1.1" 200 27
114.85.113.108 - - [30/Jul/2023:10:08:54 +0800] "GET /xingrg/all/function/internal_message.html?_=1690682932116&CODE_STATE=getMsg HTTP/1.1" 200 27
180.152.241.196 - - [30/Jul/2023:10:08:55 +0800] "GET /xingrg/javascript/jquery_easy_ui/themes/default/images/tabs_active.png HTTP/1.1" 200 2894
116.238.191.126 - - [30/Jul/2023:10:08:57 +0800] "GET /xingrg/all/function/internal_message.html?_=1690682936906&CODE_STATE=getMsg HTTP/1.1" 200 27
222.70.180.90 - - [30/Jul/2023:10:08:57 +0800] "GET /xingrg/all/function/internal_message.html?_=1690682936534&CODE_STATE=getMsg HTTP/1.1" 200 27
180.152.241.196 - - [30/Jul/2023:10:08:59 +0800] "GET /xingrg/javascript/jquery_easy_ui/themes/icons/rest.png HTTP/1.1" 200 695
180.152.241.196 - - [30/Jul/2023:10:08:59 +0800] "GET /xingrg/javascript/jquery_easy_ui/themes/icons/area.png HTTP/1.1" 200 262
116.238.191.126 - - [30/Jul/2023:10:09:02 +0800] "POST /xingrg/all/user/operate.html HTTP/1.1" 200 36
116.238.191.126 - - [30/Jul/2023:10:09:02 +0800] "GET /xingrg/index.html?sysBaseUrl=http%3A%2F%2F180.169.147.146%3A18081%2Fxingrg%2F&costTime=1766×tamp=1690679122472 HTTP/1.1" 200 17177
116.238.191.126 - - [30/Jul/2023:10:09:02 +0800] "GET /xingrg/javascript/jquery_easy_ui/themes/default/easyui.css HTTP/1.1" 304 -
116.238.191.126 - - [30/Jul/2023:10:09:02 +0800] "GET /xingrg/javascript/jquery_easy_ui/themes/icon.css HTTP/1.1" 304 -
116.238.191.126 - - [30/Jul/2023:10:09:02 +0800] "GET /xingrg/css/form.css HTTP/1.1" 304 -
116.238.191.126 - - [30/Jul/2023:10:09:02 +0800] "GET /xingrg/javascript/jquery-1.4.2.min.js HTTP/1.1" 304 -
116.238.191.126 - - [30/Jul/2023:10:09:02 +0800] "GET /xingrg/javascript/jquery_easy_ui/jquery.easyui.min.js HTTP/1.1" 304 -
116.238.191.126 - - [30/Jul/2023:10:09:02 +0800] "GET /xingrg/javascript/jquery_easy_ui/easyui-lang-zh_CN.js HTTP/1.1" 304 -
116.238.191.126 - - [30/Jul/2023:10:09:02 +0800] "GET /xingrg/javascript/jquery.form.js HTTP/1.1" 304 -
116.238.191.126 - - [30/Jul/2023:10:09:02 +0800] "GET /xingrg/javascript/jquery.utils.js HTTP/1.1" 304 -
116.238.191.126 - - [30/Jul/2023:10:09:02 +0800] "GET /xingrg/javascript/jquery.timers.js HTTP/1.1" 304 -
116.238.191.126 - - [30/Jul/2023:10:09:02 +0800] "GET /xingrg/images/blue/jxLogo.png HTTP/1.1" 304 -
116.238.191.126 - - [30/Jul/2023:10:09:02 +0800] "GET /xingrg/images/blue/navBackgound.jpg HTTP/1.1" 304 -
116.238.191.126 - - [30/Jul/2023:10:09:02 +0800] "GET /xingrg/javascript/jquery_easy_ui/themes/icons/settle_new.png HTTP/1.1" 304 -
116.238.191.126 - - [30/Jul/2023:10:09:03 +0800] "GET /xingrg/all/function/internal_message.html?_=1690682942765&CODE_STATE=count HTTP/1.1" 200 11
116.238.191.126 - - [30/Jul/2023:10:09:03 +0800] "GET /xingrg/check_reg.html?_=1690682942766 HTTP/1.1" 200 22
116.238.191.126 - - [30/Jul/2023:10:09:03 +0800] "GET /xingrg/images/blue/pingpu.png HTTP/1.1" 304 -
116.238.191.126 - - [30/Jul/2023:10:09:03 +0800] "GET /xingrg/javascript/jquery_easy_ui/themes/default/images/tabs_leftarrow.png HTTP/1.1" 304 -
116.238.191.126 - - [30/Jul/2023:10:09:03 +0800] "GET /xingrg/javascript/jquery_easy_ui/themes/default/images/panel_tool_collapse.gif HTTP/1.1" 304 -
116.238.191.126 - - [30/Jul/2023:10:09:03 +0800] "GET /xingrg/javascript/jquery_easy_ui/themes/default/images/tabs_rightarrow.png HTTP/1.1" 304 -
116.238.191.126 - - [30/Jul/2023:10:09:03 +0800] "POST /xingrg/all/common/load_tree.html?tree=area_rest_tree_json&manage=1 HTTP/1.1" 200 476
116.238.191.126 - - [30/Jul/2023:10:09:03 +0800] "POST /xingrg/load_menu.html HTTP/1.1" 200 5138
222.70.180.90 - - [30/Jul/2023:10:09:06 +0800] "GET /xingrg/check_reg.html?_=1690683129256 HTTP/1.1" 200 22
222.70.180.90 - - [30/Jul/2023:10:09:06 +0800] "GET /xingrg/all/function/internal_message.html?_=1690683129259&CODE_STATE=getMsg HTTP/1.1" 200 27
120.253.135.82 - - [30/Jul/2023:10:09:07 +0800] "GET /xingrg/check_reg.html?_=1690682768329 HTTP/1.1" 200 22
180.152.241.196 - - [30/Jul/2023:10:09:07 +0800] "GET /xingrg/all/function/internal_message.html?_=1690682947553&CODE_STATE=getMsg HTTP/1.1" 200 27
58.39.110.125 - - [30/Jul/2023:10:09:08 +0800] "GET /xingrg/kc/buy/cgsh_order_operate.html?command=get_materiel&rest_code=00157&code=00101008298&supplier_code=00100556&order_time=2023-07-25 HTTP/1.1" 200 413
58.39.110.125 - - [30/Jul/2023:10:09:09 +0800] "GET /xingrg/all/function/internal_message.html?_=1690682949677&CODE_STATE=getMsg HTTP/1.1" 200 27
120.253.135.82 - - [30/Jul/2023:10:09:10 +0800] "GET /xingrg/all/function/internal_message.html?_=1690682771307&CODE_STATE=getMsg HTTP/1.1" 200 27
222.70.180.90 - - [30/Jul/2023:10:09:15 +0800] "GET /xingrg/all/function/internal_message.html?_=1690682954973&CODE_STATE=getMsg HTTP/1.1" 200 27
114.83.216.109 - - [30/Jul/2023:10:09:17 +0800] "GET /favicon.ico HTTP/1.1" 404 -
222.69.144.196 - - [30/Jul/2023:10:09:20 +0800] "GET /xingrg/all/function/internal_message.html?_=1690683088320&CODE_STATE=getMsg HTTP/1.1" 200 27
222.70.114.12 - - [30/Jul/2023:10:09:21 +0800] "GET /xingrg/all/function/internal_message.html?_=1690682961410&CODE_STATE=getMsg HTTP/1.1" 200 27
180.165.154.167 - - [30/Jul/2023:10:09:22 +0800] "GET /xingrg/all/function/internal_message.html?_=1690682962216&CODE_STATE=getMsg HTTP/1.1" 200 27
124.78.70.128 - - [30/Jul/2023:10:09:22 +0800] "GET /xingrg/all/function/internal_message.html?_=1690682428080&CODE_STATE=getMsg HTTP/1.1" 200 27
58.39.110.125 - - [30/Jul/2023:10:09:24 +0800] "GET /xingrg/kc/buy/cgsh_order_operate.html?command=get_materiel&rest_code=00157&code=00101008283&supplier_code=00100556&order_time=2023-07-25 HTTP/1.1" 200 408
222.70.180.90 - - [30/Jul/2023:10:09:24 +0800] "GET /xingrg/all/function/internal_message.html?_=1690682964038&CODE_STATE=getMsg HTTP/1.1" 200 27
116.230.112.71 - - [30/Jul/2023:10:09:26 +0800] "GET /xingrg/all/function/internal_message.html?_=1690682992132&CODE_STATE=getMsg HTTP/1.1" 200 27
124.78.155.92 - - [30/Jul/2023:10:09:31 +0800] "GET /xingrg/all/function/internal_message.html?_=1690682969289&CODE_STATE=getMsg HTTP/1.1" 200 27
58.39.110.125 - - [30/Jul/2023:10:09:33 +0800] "GET /xingrg/kc/buy/cgsh_order_operate.html?command=get_materiel&rest_code=00157&code=00101008354&supplier_code=00100556&order_time=2023-07-25 HTTP/1.1" 200 412
172.20.0.100 - - [30/Jul/2023:10:09:34 +0800] "GET /xingrg/all/function/internal_message.html?_=1690682973333&CODE_STATE=getMsg HTTP/1.1" 200 27
101.83.145.37 - - [30/Jul/2023:10:09:35 +0800] "GET /xingrg/all/function/internal_message.html?_=1690682976793&CODE_STATE=getMsg HTTP/1.1" 200 27
101.83.145.37 - - [30/Jul/2023:10:09:36 +0800] "GET /xingrg/check_reg.html?_=1690682978496 HTTP/1.1" 200 22
58.39.110.125 - - [30/Jul/2023:10:09:42 +0800] "POST /xingrg/kc/buy/cgsh_order_operate.html HTTP/1.1" 200 37
58.39.110.125 - - [30/Jul/2023:10:09:46 +0800] "POST /xingrg/kc/buy/cgsh_order_operate.html HTTP/1.1" 200 11501
222.70.180.90 - - [30/Jul/2023:10:09:48 +0800] "GET /xingrg/all/function/internal_message.html?_=1690682988032&CODE_STATE=getMsg HTTP/1.1" 200 27
58.39.110.125 - - [30/Jul/2023:10:09:48 +0800] "GET /xingrg/kc/print/load_data.html?order_code=212023073011903&kc_code=cgsh&condition= HTTP/1.1" 200 3988
101.228.187.155 - - [30/Jul/2023:10:09:48 +0800] "GET /xingrg/all/function/internal_message.html?_=1690682987751&CODE_STATE=getMsg HTTP/1.1" 200 27
180.152.241.196 - - [30/Jul/2023:10:09:50 +0800] "GET /xingrg/check_reg.html?_=1690682990305 HTTP/1.1" 200 22
222.70.180.90 - - [30/Jul/2023:10:09:51 +0800] "GET /xingrg/all/function/internal_message.html?_=1690682990382&CODE_STATE=getMsg HTTP/1.1" 200 27
180.152.241.196 - - [30/Jul/2023:10:09:51 +0800] "GET /xingrg/login.html HTTP/1.1" 200 7641
180.152.241.196 - - [30/Jul/2023:10:09:51 +0800] "GET /favicon.ico HTTP/1.1" 404 -
124.79.243.110 - - [30/Jul/2023:10:09:53 +0800] "GET /xingrg/all/function/internal_message.html?_=1690683281624&CODE_STATE=getMsg HTTP/1.1" 200 27
124.79.243.110 - - [30/Jul/2023:10:09:53 +0800] "GET /xingrg/check_reg.html?_=1690683281625 HTTP/1.1" 200 22
180.152.241.196 - - [30/Jul/2023:10:09:53 +0800] "POST /xingrg/login.do HTTP/1.1" 302 -
180.152.241.196 - - [30/Jul/2023:10:09:53 +0800] "GET /xingrg/index.html?sysBaseUrl=http%3A%2F%2F180.169.147.146%3A18081%2Fxingrg%2F&costTime=1150×tamp=1690682993818 HTTP/1.1" 200 17173
114.85.113.108 - - [30/Jul/2023:10:09:54 +0800] "GET /xingrg/all/function/internal_message.html?_=1690682992115&CODE_STATE=getMsg HTTP/1.1" 200 27
180.152.241.196 - - [30/Jul/2023:10:09:54 +0800] "GET /favicon.ico HTTP/1.1" 404 -
120.253.135.82 - - [30/Jul/2023:10:09:54 +0800] "POST /xingrg/kc/buy/cgsh_list_operate.html HTTP/1.1" 200 3251
180.152.241.196 - - [30/Jul/2023:10:09:54 +0800] "POST /xingrg/all/common/load_tree.html?tree=area_rest_tree_json&manage=1 HTTP/1.1" 200 342
180.152.241.196 - - [30/Jul/2023:10:09:54 +0800] "GET /xingrg/all/function/internal_message.html?_=1690682996966&CODE_STATE=count HTTP/1.1" 200 11
180.152.241.196 - - [30/Jul/2023:10:09:54 +0800] "GET /xingrg/check_reg.html?_=1690682996967 HTTP/1.1" 200 22
180.152.241.196 - - [30/Jul/2023:10:09:55 +0800] "POST /xingrg/load_menu.html HTTP/1.1" 200 5138
222.70.180.90 - - [30/Jul/2023:10:09:57 +0800] "GET /xingrg/all/function/internal_message.html?_=1690682996534&CODE_STATE=getMsg HTTP/1.1" 200 27
180.152.241.196 - - [30/Jul/2023:10:10:00 +0800] "GET /xingrg/kc/buy/cgsh_order_operate.html?command=get_materiel&rest_code=00102&code=00101007061&supplier_code=00100096&order_time=2023-07-30 HTTP/1.1" 200 411
116.238.191.126 - - [30/Jul/2023:10:10:03 +0800] "GET /xingrg/all/function/internal_message.html?_=1690683002779&CODE_STATE=getMsg HTTP/1.1" 200 27
116.238.191.126 - - [30/Jul/2023:10:10:03 +0800] "GET /xingrg/kc/buy/cgsh_order_list.html HTTP/1.1" 200 55984
116.238.191.126 - - [30/Jul/2023:10:10:05 +0800] "POST /xingrg/kc/buy/cgsh_list_operate.html HTTP/1.1" 200 986
222.70.180.90 - - [30/Jul/2023:10:10:06 +0800] "GET /xingrg/all/function/internal_message.html?_=1690683189258&CODE_STATE=getMsg HTTP/1.1" 200 27
116.238.191.126 - - [30/Jul/2023:10:10:07 +0800] "GET /xingrg/kc/buy/cgsh_order_add.html HTTP/1.1" 200 71360
180.152.241.196 - - [30/Jul/2023:10:10:07 +0800] "GET /xingrg/all/function/internal_message.html?_=1690683007540&CODE_STATE=getMsg HTTP/1.1" 200 27
116.238.191.126 - - [30/Jul/2023:10:10:07 +0800] "POST /xingrg/kc/buy/cgsh_order_operate.html HTTP/1.1" 200 8245
116.238.191.126 - - [30/Jul/2023:10:10:07 +0800] "GET /xingrg/javascript/easyui/themes/default/validatebox.css HTTP/1.1" 404 1104
116.238.191.126 - - [30/Jul/2023:10:10:08 +0800] "GET /xingrg/javascript/auto/indicator.gif HTTP/1.1" 404 1066
58.39.110.125 - - [30/Jul/2023:10:10:09 +0800] "GET /xingrg/all/function/internal_message.html?_=1690683009648&CODE_STATE=getMsg HTTP/1.1" 200 27
58.39.110.125 - - [30/Jul/2023:10:10:09 +0800] "GET /xingrg/check_reg.html?_=1690683009847 HTTP/1.1" 200 22
120.253.135.82 - - [30/Jul/2023:10:10:10 +0800] "GET /xingrg/all/function/internal_message.html?_=1690682831321&CODE_STATE=getMsg HTTP/1.1" 200 27
180.152.241.196 - - [30/Jul/2023:10:10:12 +0800] "GET /xingrg/kc/buy/cgth_order_list.html HTTP/1.1" 200 8212
180.152.241.196 - - [30/Jul/2023:10:10:12 +0800] "GET /xingrg/kc/buy/cgsh_order_list.html HTTP/1.1" 200 55980
222.70.180.90 - - [30/Jul/2023:10:10:15 +0800] "GET /xingrg/all/function/internal_message.html?_=1690683014999&CODE_STATE=getMsg HTTP/1.1" 200 27
222.70.180.90 - - [30/Jul/2023:10:10:15 +0800] "GET /xingrg/check_reg.html?_=1690683015001 HTTP/1.1" 200 22
180.152.241.196 - - [30/Jul/2023:10:10:16 +0800] "POST /xingrg/kc/buy/cgsh_list_operate.html HTTP/1.1" 200 1834
116.238.191.126 - - [30/Jul/2023:10:10:19 +0800] "GET /xingrg/kc/buy/cgsh_order_operate.html?command=get_materiel&rest_code=00151&code=00101008137&supplier_code=00100008&order_time=2023-07-30 HTTP/1.1" 200 408
222.69.144.196 - - [30/Jul/2023:10:10:20 +0800] "GET /xingrg/all/function/internal_message.html?_=1690683148330&CODE_STATE=getMsg HTTP/1.1" 200 27
222.70.114.12 - - [30/Jul/2023:10:10:21 +0800] "GET /xingrg/all/function/internal_message.html?_=1690683021408&CODE_STATE=getMsg HTTP/1.1" 200 27
222.70.114.12 - - [30/Jul/2023:10:10:21 +0800] "GET /xingrg/check_reg.html?_=1690683021410 HTTP/1.1" 200 22
180.165.154.167 - - [30/Jul/2023:10:10:22 +0800] "GET /xingrg/all/function/internal_message.html?_=1690683022206&CODE_STATE=getMsg HTTP/1.1" 200 27
124.78.70.128 - - [30/Jul/2023:10:10:22 +0800] "GET /xingrg/all/function/internal_message.html?_=1690682488080&CODE_STATE=getMsg HTTP/1.1" 200 27
180.165.154.167 - - [30/Jul/2023:10:10:22 +0800] "GET /xingrg/check_reg.html?_=1690683022733 HTTP/1.1" 200 22
222.70.180.90 - - [30/Jul/2023:10:10:24 +0800] "GET /xingrg/all/function/internal_message.html?_=1690683024045&CODE_STATE=getMsg HTTP/1.1" 200 27
116.230.112.71 - - [30/Jul/2023:10:10:26 +0800] "GET /xingrg/all/function/internal_message.html?_=1690683052145&CODE_STATE=getMsg HTTP/1.1" 200 27
116.238.191.126 - - [30/Jul/2023:10:10:29 +0800] "GET /xingrg/kc/buy/cgsh_order_operate.html?command=get_materiel&rest_code=00151&code=00101008353&supplier_code=00100008&order_time=2023-07-30 HTTP/1.1" 200 408
124.78.155.92 - - [30/Jul/2023:10:10:31 +0800] "GET /xingrg/all/function/internal_message.html?_=1690683029274&CODE_STATE=getMsg HTTP/1.1" 200 27
222.70.180.90 - - [30/Jul/2023:10:10:31 +0800] "GET /xingrg/kc/base/yddb_order_list.html HTTP/1.1" 200 16783
222.70.180.90 - - [30/Jul/2023:10:10:31 +0800] "POST /xingrg/kc/base/yddb_list_operate.html HTTP/1.1" 200 1583
172.20.0.100 - - [30/Jul/2023:10:10:34 +0800] "GET /xingrg/all/function/internal_message.html?_=1690683033335&CODE_STATE=getMsg HTTP/1.1" 200 27
172.20.0.100 - - [30/Jul/2023:10:10:34 +0800] "GET /xingrg/check_reg.html?_=1690683033336 HTTP/1.1" 200 22
101.83.145.37 - - [30/Jul/2023:10:10:35 +0800] "GET /xingrg/all/function/internal_message.html?_=1690683036770&CODE_STATE=getMsg HTTP/1.1" 200 27
116.238.191.126 - - [30/Jul/2023:10:10:36 +0800] "GET /xingrg/kc/buy/cgsh_order_operate.html?command=get_materiel&rest_code=00151&code=00101008069&supplier_code=00100008&order_time=2023-07-30 HTTP/1.1" 200 412
180.152.241.196 - - [30/Jul/2023:10:10:36 +0800] "GET /xingrg/kc/buy/cgsh_order_operate.html?command=get_materiel&rest_code=00102&code=00101007125&supplier_code=00100096&order_time=2023-07-30 HTTP/1.1" 200 408
58.39.110.125 - - [30/Jul/2023:10:10:39 +0800] "POST /xingrg/kc/buy/cgsh_list_operate.html HTTP/1.1" 200 3136
180.152.241.196 - - [30/Jul/2023:10:10:41 +0800] "GET /xingrg/kc/buy/cgsh_order_list.html HTTP/1.1" 200 55980
222.70.180.90 - - [30/Jul/2023:10:10:41 +0800] "POST /xingrg/kc/base/yddb_list_operate.html HTTP/1.1" 200 4345
116.238.191.126 - - [30/Jul/2023:10:10:44 +0800] "GET /xingrg/kc/buy/cgsh_order_operate.html?command=get_materiel&rest_code=00151&code=00101008286&supplier_code=00100008&order_time=2023-07-30 HTTP/1.1" 200 408
180.152.241.196 - - [30/Jul/2023:10:10:45 +0800] "POST /xingrg/kc/buy/cgsh_list_operate.html HTTP/1.1" 200 1834
222.70.180.90 - - [30/Jul/2023:10:10:47 +0800] "POST /xingrg/kc/base/yddb_list_operate.html HTTP/1.1" 200 639
222.70.180.90 - - [30/Jul/2023:10:10:48 +0800] "GET /xingrg/kc/base/yddb_order_info.html?code=482023061600107 HTTP/1.1" 200 31757
222.70.180.90 - - [30/Jul/2023:10:10:48 +0800] "GET /xingrg/dwr/interface/AjaxComOrderService.js HTTP/1.1" 200 18264
222.70.180.90 - - [30/Jul/2023:10:10:48 +0800] "GET /xingrg/dwr/interface/AjaxYddbService.js HTTP/1.1" 200 13201
222.70.180.90 - - [30/Jul/2023:10:10:48 +0800] "GET /xingrg/dwr/engine.js HTTP/1.1" 200 43631
222.70.180.90 - - [30/Jul/2023:10:10:48 +0800] "GET /xingrg/all/function/internal_message.html?_=1690683048032&CODE_STATE=getMsg HTTP/1.1" 200 27
101.228.187.155 - - [30/Jul/2023:10:10:48 +0800] "GET /xingrg/all/function/internal_message.html?_=1690683047751&CODE_STATE=getMsg HTTP/1.1" 200 27
222.70.180.90 - - [30/Jul/2023:10:10:50 +0800] "POST /xingrg/dwr/call/plaincall/AjaxYddbService.loadMaterielItems.dwr HTTP/1.1" 200 2555
222.70.180.90 - - [30/Jul/2023:10:10:51 +0800] "GET /xingrg/check_reg.html?_=1690683050397 HTTP/1.1" 200 22
222.70.180.90 - - [30/Jul/2023:10:10:51 +0800] "GET /xingrg/all/function/internal_message.html?_=1690683050400&CODE_STATE=getMsg HTTP/1.1" 200 27
116.238.191.126 - - [30/Jul/2023:10:10:51 +0800] "GET /xingrg/kc/buy/cgsh_order_operate.html?command=get_materiel&rest_code=00151&code=00101008257&supplier_code=00100008&order_time=2023-07-30 HTTP/1.1" 200 416
124.79.243.110 - - [30/Jul/2023:10:10:53 +0800] "GET /xingrg/all/function/internal_message.html?_=1690683341623&CODE_STATE=getMsg HTTP/1.1" 200 27
114.85.113.108 - - [30/Jul/2023:10:10:54 +0800] "GET /xingrg/all/function/internal_message.html?_=1690683052119&CODE_STATE=getMsg HTTP/1.1" 200 27
180.152.241.196 - - [30/Jul/2023:10:10:54 +0800] "GET /xingrg/all/function/internal_message.html?_=1690683056985&CODE_STATE=getMsg HTTP/1.1" 200 27
222.70.180.90 - - [30/Jul/2023:10:10:57 +0800] "GET /xingrg/check_reg.html?_=1690683056534 HTTP/1.1" 200 22
222.70.180.90 - - [30/Jul/2023:10:10:57 +0800] "GET /xingrg/all/function/internal_message.html?_=1690683056537&CODE_STATE=getMsg HTTP/1.1" 200 27
116.238.191.126 - - [30/Jul/2023:10:10:58 +0800] "GET /xingrg/kc/buy/cgsh_order_operate.html?command=get_materiel&rest_code=00151&code=00101008350&supplier_code=00100008&order_time=2023-07-30 HTTP/1.1" 200 429
116.238.191.126 - - [30/Jul/2023:10:11:03 +0800] "GET /xingrg/all/function/internal_message.html?_=1690683062773&CODE_STATE=getMsg HTTP/1.1" 200 27
116.238.191.126 - - [30/Jul/2023:10:11:05 +0800] "GET /xingrg/kc/buy/cgsh_order_operate.html?command=get_materiel&rest_code=00151&code=00101008612&supplier_code=00100008&order_time=2023-07-30 HTTP/1.1" 200 420
222.70.180.90 - - [30/Jul/2023:10:11:06 +0800] "GET /xingrg/all/function/internal_message.html?_=1690683249253&CODE_STATE=getMsg HTTP/1.1" 200 27
180.152.241.196 - - [30/Jul/2023:10:11:07 +0800] "GET /xingrg/all/function/internal_message.html?_=1690683067522&CODE_STATE=getMsg HTTP/1.1" 200 27
180.152.241.196 - - [30/Jul/2023:10:11:07 +0800] "GET /xingrg/kc/buy/cgsh_order_operate.html?command=get_materiel&rest_code=00102&code=00101007049&supplier_code=00100096&order_time=2023-07-30 HTTP/1.1" 200 409
58.39.110.125 - - [30/Jul/2023:10:11:09 +0800] "GET /xingrg/all/function/internal_message.html?_=1690683069622&CODE_STATE=getMsg HTTP/1.1" 200 27
120.253.135.82 - - [30/Jul/2023:10:11:10 +0800] "GET /xingrg/all/function/internal_message.html?_=1690682891334&CODE_STATE=getMsg HTTP/1.1" 200 27
116.238.191.126 - - [30/Jul/2023:10:11:12 +0800] "GET /xingrg/kc/buy/cgsh_order_operate.html?command=get_materiel&rest_code=00151&code=00101008186&supplier_code=00100008&order_time=2023-07-30 HTTP/1.1" 200 408
222.70.180.90 - - [30/Jul/2023:10:11:15 +0800] "GET /xingrg/all/function/internal_message.html?_=1690683075001&CODE_STATE=getMsg HTTP/1.1" 200 27
58.39.110.125 - - [30/Jul/2023:10:11:16 +0800] "POST /xingrg/kc/buy/cgsh_list_operate.html HTTP/1.1" 200 4
222.69.144.196 - - [30/Jul/2023:10:11:20 +0800] "GET /xingrg/all/function/internal_message.html?_=1690683208332&CODE_STATE=getMsg HTTP/1.1" 200 27
116.238.191.126 - - [30/Jul/2023:10:11:21 +0800] "GET /xingrg/kc/buy/cgsh_order_operate.html?command=get_materiel&rest_code=00151&code=00101008141&supplier_code=00100008&order_time=2023-07-30 HTTP/1.1" 200 412
222.70.114.12 - - [30/Jul/2023:10:11:21 +0800] "GET /xingrg/all/function/internal_message.html?_=1690683081409&CODE_STATE=getMsg HTTP/1.1" 200 27
58.39.110.125 - - [30/Jul/2023:10:11:21 +0800] "POST /xingrg/kc/buy/cgsh_list_operate.html HTTP/1.1" 200 986
180.165.154.167 - - [30/Jul/2023:10:11:22 +0800] "GET /xingrg/all/function/internal_message.html?_=1690683082199&CODE_STATE=getMsg HTTP/1.1" 200 27
124.78.70.128 - - [30/Jul/2023:10:11:22 +0800] "GET /xingrg/all/function/internal_message.html?_=1690682548079&CODE_STATE=getMsg HTTP/1.1" 200 27
124.78.70.128 - - [30/Jul/2023:10:11:22 +0800] "GET /xingrg/check_reg.html?_=1690682548081 HTTP/1.1" 200 22
222.70.180.90 - - [30/Jul/2023:10:11:24 +0800] "GET /xingrg/all/function/internal_message.html?_=1690683084035&CODE_STATE=getMsg HTTP/1.1" 200 27
116.230.112.71 - - [30/Jul/2023:10:11:26 +0800] "GET /xingrg/all/function/internal_message.html?_=1690683112242&CODE_STATE=getMsg HTTP/1.1" 200 27
114.83.216.109 - - [30/Jul/2023:10:11:26 +0800] "POST /xingrg/services/DataTransmitService HTTP/1.1" 200 524
114.83.216.109 - - [30/Jul/2023:10:11:27 +0800] "POST /xingrg/services/DataTransmitService HTTP/1.1" 200 2067
114.83.216.109 - - [30/Jul/2023:10:11:28 +0800] "POST /xingrg/services/DataTransmitService HTTP/1.1" 200 141371
116.238.191.126 - - [30/Jul/2023:10:11:30 +0800] "GET /xingrg/kc/buy/cgsh_order_operate.html?command=get_materiel&rest_code=00151&code=00101008087&supplier_code=00100008&order_time=2023-07-30 HTTP/1.1" 200 412
124.78.155.92 - - [30/Jul/2023:10:11:30 +0800] "GET /xingrg/all/function/internal_message.html?_=1690683089250&CODE_STATE=getMsg HTTP/1.1" 200 27
172.20.0.100 - - [30/Jul/2023:10:11:34 +0800] "GET /xingrg/all/function/internal_message.html?_=1690683093338&CODE_STATE=getMsg HTTP/1.1" 200 27
101.83.145.37 - - [30/Jul/2023:10:11:35 +0800] "GET /xingrg/all/function/internal_message.html?_=1690683096750&CODE_STATE=getMsg HTTP/1.1" 200 27
116.238.191.126 - - [30/Jul/2023:10:11:37 +0800] "GET /xingrg/kc/buy/cgsh_order_operate.html?command=get_materiel&rest_code=00151&code=00101008355&supplier_code=00100008&order_time=2023-07-30 HTTP/1.1" 200 408
222.70.180.90 - - [30/Jul/2023:10:11:48 +0800] "GET /xingrg/all/function/internal_message.html?_=1690683108034&CODE_STATE=getMsg HTTP/1.1" 200 27
222.70.180.90 - - [30/Jul/2023:10:11:48 +0800] "GET /xingrg/check_reg.html?_=1690683108038 HTTP/1.1" 200 22
101.228.187.155 - - [30/Jul/2023:10:11:49 +0800] "GET /xingrg/all/function/internal_message.html?_=1690683107749&CODE_STATE=getMsg HTTP/1.1" 200 27
222.70.180.90 - - [30/Jul/2023:10:11:51 +0800] "GET /xingrg/all/function/internal_message.html?_=1690683110385&CODE_STATE=getMsg HTTP/1.1" 200 27
124.79.243.110 - - [30/Jul/2023:10:11:53 +0800] "GET /xingrg/all/function/internal_message.html?_=1690683401622&CODE_STATE=getMsg HTTP/1.1" 200 27
114.85.113.108 - - [30/Jul/2023:10:11:54 +0800] "GET /xingrg/all/function/internal_message.html?_=1690683112120&CODE_STATE=getMsg HTTP/1.1" 200 27
114.85.113.108 - - [30/Jul/2023:10:11:54 +0800] "GET /xingrg/check_reg.html?_=1690683112146 HTTP/1.1" 200 22
180.152.241.196 - - [30/Jul/2023:10:11:54 +0800] "GET /xingrg/all/function/internal_message.html?_=1690683116984&CODE_STATE=getMsg HTTP/1.1" 200 27
222.70.180.90 - - [30/Jul/2023:10:11:57 +0800] "GET /xingrg/all/function/internal_message.html?_=1690683116537&CODE_STATE=getMsg HTTP/1.1" 200 27
180.169.147.146 - - [30/Jul/2023:10:12:01 +0800] "GET /xingrg/check_reg.html?_=1690683121921 HTTP/1.1" 200 22
116.238.191.126 - - [30/Jul/2023:10:12:02 +0800] "GET /xingrg/kc/buy/cgsh_order_operate.html?command=get_materiel&rest_code=00151&code=00101008356&supplier_code=00100008&order_time=2023-07-30 HTTP/1.1" 200 408
116.238.191.126 - - [30/Jul/2023:10:12:03 +0800] "GET /xingrg/all/function/internal_message.html?_=1690683122875&CODE_STATE=getMsg HTTP/1.1" 200 27
222.70.180.90 - - [30/Jul/2023:10:12:06 +0800] "GET /xingrg/all/function/internal_message.html?_=1690683309248&CODE_STATE=getMsg HTTP/1.1" 200 27
180.152.241.196 - - [30/Jul/2023:10:12:07 +0800] "GET /xingrg/all/function/internal_message.html?_=1690683127503&CODE_STATE=getMsg HTTP/1.1" 200 27
58.39.110.125 - - [30/Jul/2023:10:12:09 +0800] "GET /xingrg/all/function/internal_message.html?_=1690683129613&CODE_STATE=getMsg HTTP/1.1" 200 27
120.253.135.82 - - [30/Jul/2023:10:12:10 +0800] "GET /xingrg/all/function/internal_message.html?_=1690682951440&CODE_STATE=getMsg HTTP/1.1" 200 27
116.238.191.126 - - [30/Jul/2023:10:12:15 +0800] "GET /xingrg/kc/buy/cgsh_order_operate.html?command=get_materiel&rest_code=00151&code=00101008301&supplier_code=00100008&order_time=2023-07-30 HTTP/1.1" 200 422
222.70.180.90 - - [30/Jul/2023:10:12:15 +0800] "GET /xingrg/all/function/internal_message.html?_=1690683135002&CODE_STATE=getMsg HTTP/1.1" 200 27
180.152.241.196 - - [30/Jul/2023:10:12:19 +0800] "POST /xingrg/kc/buy/cgsh_order_operate.html HTTP/1.1" 200 37
222.69.144.196 - - [30/Jul/2023:10:12:20 +0800] "GET /xingrg/all/function/internal_message.html?_=1690683268332&CODE_STATE=getMsg HTTP/1.1" 200 27
222.70.114.12 - - [30/Jul/2023:10:12:21 +0800] "GET /xingrg/all/function/internal_message.html?_=1690683141408&CODE_STATE=getMsg HTTP/1.1" 200 27
180.165.154.167 - - [30/Jul/2023:10:12:22 +0800] "GET /xingrg/all/function/internal_message.html?_=1690683142199&CODE_STATE=getMsg HTTP/1.1" 200 27
124.78.70.128 - - [30/Jul/2023:10:12:22 +0800] "GET /xingrg/all/function/internal_message.html?_=1690682608081&CODE_STATE=getMsg HTTP/1.1" 200 27
222.70.180.90 - - [30/Jul/2023:10:12:24 +0800] "GET /xingrg/all/function/internal_message.html?_=1690683144050&CODE_STATE=getMsg HTTP/1.1" 200 27
222.70.180.90 - - [30/Jul/2023:10:12:24 +0800] "GET /xingrg/check_reg.html?_=1690683144053 HTTP/1.1" 200 22
222.70.180.90 - - [30/Jul/2023:10:12:25 +0800] "GET /xingrg/kc/base/base_main.html HTTP/1.1" 200 12142
180.152.241.196 - - [30/Jul/2023:10:12:26 +0800] "GET /xingrg/kc/mdqp/pssh_order_list.html HTTP/1.1" 200 17967
116.230.112.71 - - [30/Jul/2023:10:12:26 +0800] "GET /xingrg/all/function/internal_message.html?_=1690683172251&CODE_STATE=getMsg HTTP/1.1" 200 27
116.238.191.126 - - [30/Jul/2023:10:12:26 +0800] "GET /xingrg/kc/buy/cgsh_order_operate.html?command=get_materiel&rest_code=00151&code=00101008118&supplier_code=00100008&order_time=2023-07-30 HTTP/1.1" 200 418
180.152.241.196 - - [30/Jul/2023:10:12:26 +0800] "POST /xingrg/kc/mdqp/pssh_list_operate.html HTTP/1.1" 200 5456
180.152.241.196 - - [30/Jul/2023:10:12:28 +0800] "GET /xingrg/kc/base/wldb_order_list.html HTTP/1.1" 200 19177
222.70.180.90 - - [30/Jul/2023:10:12:28 +0800] "GET /xingrg/kc/base/yddb_order_list.html HTTP/1.1" 200 16783
222.70.180.90 - - [30/Jul/2023:10:12:28 +0800] "GET /xingrg/javascript/jquery_tools/images/next.gif HTTP/1.1" 404 1086
222.70.180.90 - - [30/Jul/2023:10:12:28 +0800] "GET /xingrg/javascript/jquery_tools/images/prev.gif HTTP/1.1" 404 1086
222.70.180.90 - - [30/Jul/2023:10:12:28 +0800] "POST /xingrg/kc/base/yddb_list_operate.html HTTP/1.1" 200 1583
180.152.241.196 - - [30/Jul/2023:10:12:28 +0800] "POST /xingrg/kc/base/wldb_list_operate.html HTTP/1.1" 200 928
180.152.241.196 - - [30/Jul/2023:10:12:29 +0800] "GET /xingrg/kc/mdqp/pssh_order_list.html HTTP/1.1" 200 17967
180.152.241.196 - - [30/Jul/2023:10:12:29 +0800] "POST /xingrg/kc/buy/cgsh_order_operate.html HTTP/1.1" 200 12
180.152.241.196 - - [30/Jul/2023:10:12:29 +0800] "POST /xingrg/kc/mdqp/pssh_list_operate.html HTTP/1.1" 200 5456
180.152.241.196 - - [30/Jul/2023:10:12:30 +0800] "POST /xingrg/kc/mdqp/pssh_list_operate.html HTTP/1.1" 200 257
124.78.155.92 - - [30/Jul/2023:10:12:30 +0800] "GET /xingrg/all/function/internal_message.html?_=1690683149223&CODE_STATE=getMsg HTTP/1.1" 200 27
124.78.155.92 - - [30/Jul/2023:10:12:31 +0800] "GET /xingrg/check_reg.html?_=1690683149804 HTTP/1.1" 200 22
180.152.241.196 - - [30/Jul/2023:10:12:32 +0800] "GET /xingrg/kc/mdqp/pssh_order_info.html?code=312023072700603 HTTP/1.1" 200 17266
180.152.241.196 - - [30/Jul/2023:10:12:32 +0800] "GET /xingrg/javascript/jquery_tools/jquery-1.4.2.min.js HTTP/1.1" 404 1094
180.152.241.196 - - [30/Jul/2023:10:12:32 +0800] "GET /xingrg/words/20230729110350_words.js HTTP/1.1" 304 -
180.152.241.196 - - [30/Jul/2023:10:12:32 +0800] "GET /xingrg/javascript/easyui/themes/default/validatebox.css HTTP/1.1" 404 1104
180.152.241.196 - - [30/Jul/2023:10:12:32 +0800] "GET /xingrg/all/common/auto_word.html?type=base&rest_code=00102&rest_code=00102 HTTP/1.1" 200 1857
180.152.241.196 - - [30/Jul/2023:10:12:32 +0800] "GET /xingrg/all/common/auto_word.html?type=employee&rest_code=00102 HTTP/1.1" 200 189
180.152.241.196 - - [30/Jul/2023:10:12:33 +0800] "POST /xingrg/kc/mdqp/pssh_order_operate.html HTTP/1.1" 200 527
172.20.0.100 - - [30/Jul/2023:10:12:34 +0800] "GET /xingrg/all/function/internal_message.html?_=1690683153339&CODE_STATE=getMsg HTTP/1.1" 200 27
101.83.145.37 - - [30/Jul/2023:10:12:34 +0800] "GET /xingrg/all/function/internal_message.html?_=1690683156720&CODE_STATE=getMsg HTTP/1.1" 200 27
180.152.241.196 - - [30/Jul/2023:10:12:35 +0800] "GET /xingrg/kc/buy/cgsh_order_info.html?code=212023073011902 HTTP/1.1" 200 66694
180.152.241.196 - - [30/Jul/2023:10:12:35 +0800] "GET /xingrg/javascript/easyui/themes/default/validatebox.css HTTP/1.1" 404 1104
180.152.241.196 - - [30/Jul/2023:10:12:36 +0800] "POST /xingrg/kc/buy/cgsh_order_operate.html HTTP/1.1" 200 7682
116.238.191.126 - - [30/Jul/2023:10:12:37 +0800] "GET /xingrg/kc/buy/cgsh_order_operate.html?command=get_materiel&rest_code=00151&code=00101008077&supplier_code=00100008&order_time=2023-07-30 HTTP/1.1" 200 416
180.152.241.196 - - [30/Jul/2023:10:12:41 +0800] "GET /xingrg/kc/print/load_config.html?kc_code=cgsh HTTP/1.1" 200 1924
180.152.241.196 - - [30/Jul/2023:10:12:42 +0800] "GET /xingrg/kc/print/load_data.html?order_code=212023073011902&kc_code=cgsh&condition= HTTP/1.1" 200 3321
222.70.180.90 - - [30/Jul/2023:10:12:44 +0800] "GET /xingrg/kc/base/yddb_order_add.html HTTP/1.1" 200 29953
222.70.180.90 - - [30/Jul/2023:10:12:44 +0800] "GET /xingrg/dwr/interface/AjaxComOrderService.js HTTP/1.1" 200 18264
222.70.180.90 - - [30/Jul/2023:10:12:44 +0800] "GET /xingrg/dwr/interface/AjaxYddbService.js HTTP/1.1" 200 13201
222.70.180.90 - - [30/Jul/2023:10:12:44 +0800] "GET /xingrg/dwr/engine.js HTTP/1.1" 200 43631
116.238.191.126 - - [30/Jul/2023:10:12:47 +0800] "GET /xingrg/kc/buy/cgsh_order_operate.html?command=get_materiel&rest_code=00151&code=00101008223&supplier_code=00100008&order_time=2023-07-30 HTTP/1.1" 200 412
222.70.180.90 - - [30/Jul/2023:10:12:48 +0800] "GET /xingrg/all/function/internal_message.html?_=1690683168073&CODE_STATE=getMsg HTTP/1.1" 200 27
101.228.187.155 - - [30/Jul/2023:10:12:49 +0800] "GET /xingrg/all/function/internal_message.html?_=1690683167759&CODE_STATE=getMsg HTTP/1.1" 200 27
101.228.187.155 - - [30/Jul/2023:10:12:49 +0800] "GET /xingrg/check_reg.html?_=1690683167760 HTTP/1.1" 200 22
222.70.180.90 - - [30/Jul/2023:10:12:51 +0800] "GET /xingrg/all/function/internal_message.html?_=1690683170384&CODE_STATE=getMsg HTTP/1.1" 200 27
180.152.241.196 - - [30/Jul/2023:10:12:51 +0800] "GET /xingrg/kc/buy/cgsh_order_add.html HTTP/1.1" 200 71797
180.152.241.196 - - [30/Jul/2023:10:12:51 +0800] "POST /xingrg/kc/buy/cgsh_order_operate.html HTTP/1.1" 200 8245
180.152.241.196 - - [30/Jul/2023:10:12:51 +0800] "GET /xingrg/javascript/easyui/themes/default/validatebox.css HTTP/1.1" 404 1104
124.79.243.110 - - [30/Jul/2023:10:12:53 +0800] "GET /xingrg/all/function/internal_message.html?_=1690683461621&CODE_STATE=getMsg HTTP/1.1" 200 27
114.85.113.108 - - [30/Jul/2023:10:12:54 +0800] "GET /xingrg/all/function/internal_message.html?_=1690683172128&CODE_STATE=getMsg HTTP/1.1" 200 27
180.152.241.196 - - [30/Jul/2023:10:12:54 +0800] "GET /xingrg/all/function/internal_message.html?_=1690683176965&CODE_STATE=getMsg HTTP/1.1" 200 27
222.70.180.90 - - [30/Jul/2023:10:12:57 +0800] "GET /xingrg/all/function/internal_message.html?_=1690683176534&CODE_STATE=getMsg HTTP/1.1" 200 27
116.238.191.126 - - [30/Jul/2023:10:13:00 +0800] "GET /xingrg/kc/buy/cgsh_order_operate.html?command=get_materiel&rest_code=00151&code=00101008169&supplier_code=00100008&order_time=2023-07-30 HTTP/1.1" 200 412
116.238.191.126 - - [30/Jul/2023:10:13:03 +0800] "GET /xingrg/all/function/internal_message.html?_=1690683182881&CODE_STATE=getMsg HTTP/1.1" 200 27
222.70.180.90 - - [30/Jul/2023:10:13:06 +0800] "GET /xingrg/all/function/internal_message.html?_=1690683369253&CODE_STATE=getMsg HTTP/1.1" 200 27
180.152.241.196 - - [30/Jul/2023:10:13:07 +0800] "GET /xingrg/all/function/internal_message.html?_=1690683187490&CODE_STATE=getMsg HTTP/1.1" 200 27
116.238.191.126 - - [30/Jul/2023:10:13:08 +0800] "GET /xingrg/kc/buy/cgsh_order_operate.html?command=get_materiel&rest_code=00151&code=00101008352&supplier_code=00100008&order_time=2023-07-30 HTTP/1.1" 200 412
58.39.110.125 - - [30/Jul/2023:10:13:09 +0800] "GET /xingrg/all/function/internal_message.html?_=1690683189594&CODE_STATE=getMsg HTTP/1.1" 200 27
120.253.135.82 - - [30/Jul/2023:10:13:10 +0800] "GET /xingrg/all/function/internal_message.html?_=1690683011455&CODE_STATE=getMsg HTTP/1.1" 200 27
222.70.180.90 - - [30/Jul/2023:10:13:15 +0800] "GET /xingrg/all/function/internal_message.html?_=1690683195001&CODE_STATE=getMsg HTTP/1.1" 200 27
116.238.191.126 - - [30/Jul/2023:10:13:18 +0800] "POST /xingrg/kc/buy/cgsh_order_operate.html HTTP/1.1" 200 2065
222.69.144.196 - - [30/Jul/2023:10:13:20 +0800] "GET /xingrg/check_reg.html?_=1690683328330 HTTP/1.1" 200 22
222.69.144.196 - - [30/Jul/2023:10:13:20 +0800] "GET /xingrg/all/function/internal_message.html?_=1690683328335&CODE_STATE=getMsg HTTP/1.1" 200 27
222.70.114.12 - - [30/Jul/2023:10:13:21 +0800] "GET /xingrg/all/function/internal_message.html?_=1690683201407&CODE_STATE=getMsg HTTP/1.1" 200 27
180.165.154.167 - - [30/Jul/2023:10:13:22 +0800] "GET /xingrg/all/function/internal_message.html?_=1690683202194&CODE_STATE=getMsg HTTP/1.1" 200 27
124.78.70.128 - - [30/Jul/2023:10:13:22 +0800] "GET /xingrg/all/function/internal_message.html?_=1690682668079&CODE_STATE=getMsg HTTP/1.1" 200 27
116.238.191.126 - - [30/Jul/2023:10:13:24 +0800] "GET /xingrg/kc/buy/cgsh_order_operate.html?command=get_materiel&rest_code=00151&code=00101008095&supplier_code=00100008&order_time=2023-07-30 HTTP/1.1" 200 412
222.70.180.90 - - [30/Jul/2023:10:13:24 +0800] "GET /xingrg/all/function/internal_message.html?_=1690683204044&CODE_STATE=getMsg HTTP/1.1" 200 27
116.230.112.71 - - [30/Jul/2023:10:13:26 +0800] "GET /xingrg/check_reg.html?_=1690683231995 HTTP/1.1" 200 22
116.230.112.71 - - [30/Jul/2023:10:13:26 +0800] "GET /xingrg/all/function/internal_message.html?_=1690683232264&CODE_STATE=getMsg HTTP/1.1" 200 27
124.78.155.92 - - [30/Jul/2023:10:13:30 +0800] "GET /xingrg/all/function/internal_message.html?_=1690683209197&CODE_STATE=getMsg HTTP/1.1" 200 27
