222.70.180.90 - - [30/Jul/2023:11:22:06 +0800] "GET /xingrg/all/function/internal_message.html?_=1690687509246&CODE_STATE=getMsg HTTP/1.1" 200 27
101.83.145.37 - - [30/Jul/2023:11:22:07 +0800] "GET /xingrg/kc/buy/cgsh_order_add.html HTTP/1.1" 200 71844
124.78.70.128 - - [30/Jul/2023:11:22:07 +0800] "GET /xingrg/javascript/easyui/themes/default/validatebox.css HTTP/1.1" 404 1104
101.83.145.37 - - [30/Jul/2023:11:22:07 +0800] "POST /xingrg/kc/buy/cgsh_order_operate.html HTTP/1.1" 200 8245
101.83.145.37 - - [30/Jul/2023:11:22:07 +0800] "GET /xingrg/javascript/easyui/themes/default/validatebox.css HTTP/1.1" 404 1104
58.39.110.125 - - [30/Jul/2023:11:22:08 +0800] "GET /xingrg/all/function/internal_message.html?_=1690687328691&CODE_STATE=getMsg HTTP/1.1" 200 27
124.78.70.128 - - [30/Jul/2023:11:22:09 +0800] "POST /xingrg/kc/buy/cgsh_order_operate.html HTTP/1.1" 200 9567
120.253.135.82 - - [30/Jul/2023:11:22:13 +0800] "GET /xingrg/all/function/internal_message.html?_=1690687154623&CODE_STATE=getMsg HTTP/1.1" 200 27
114.83.216.109 - - [30/Jul/2023:11:22:17 +0800] "GET /xingrg/all/function/internal_message.html?_=1690687333969&CODE_STATE=getMsg HTTP/1.1" 200 27
180.165.154.167 - - [30/Jul/2023:11:22:21 +0800] "GET /xingrg/all/function/internal_message.html?_=1690687340996&CODE_STATE=getMsg HTTP/1.1" 200 27
222.69.144.196 - - [30/Jul/2023:11:22:21 +0800] "POST /xingrg/kc/buy/cgsh_order_operate.html HTTP/1.1" 200 37
124.78.70.128 - - [30/Jul/2023:11:22:23 +0800] "GET /xingrg/all/function/internal_message.html?_=1690686809325&CODE_STATE=getMsg HTTP/1.1" 200 27
124.78.70.128 - - [30/Jul/2023:11:22:24 +0800] "GET /xingrg/kc/print/load_data.html?order_code=212023073011957&kc_code=cgsh&condition= HTTP/1.1" 200 2278
101.83.145.37 - - [30/Jul/2023:11:22:27 +0800] "GET /xingrg/all/function/internal_message.html?_=1690687349257&CODE_STATE=getMsg HTTP/1.1" 200 27
116.230.112.71 - - [30/Jul/2023:11:22:27 +0800] "POST /xingrg/kc/buy/cgsh_order_operate.html HTTP/1.1" 200 37
124.78.155.92 - - [30/Jul/2023:11:22:29 +0800] "GET /xingrg/all/function/internal_message.html?_=1690687347506&CODE_STATE=getMsg HTTP/1.1" 200 27
101.83.145.37 - - [30/Jul/2023:11:22:29 +0800] "GET /xingrg/kc/buy/cgsh_order_operate.html?command=get_materiel&rest_code=00105&code=00101004051&supplier_code=00100312&order_time=2023-07-30 HTTP/1.1" 200 408
124.78.155.92 - - [30/Jul/2023:11:22:31 +0800] "GET /xingrg/check_reg.html?_=1690687349584 HTTP/1.1" 200 22
116.238.191.126 - - [30/Jul/2023:11:22:32 +0800] "GET /xingrg/all/function/internal_message.html?_=1690687352375&CODE_STATE=getMsg HTTP/1.1" 200 27
116.230.112.71 - - [30/Jul/2023:11:22:32 +0800] "POST /xingrg/kc/buy/cgsh_order_operate.html HTTP/1.1" 200 4432
124.78.70.128 - - [30/Jul/2023:11:22:33 +0800] "GET /xingrg/login.html HTTP/1.1" 200 7641
124.78.70.128 - - [30/Jul/2023:11:22:33 +0800] "GET /xingrg/images/blue/jxLogo.png HTTP/1.1" 200 6156
222.69.144.196 - - [30/Jul/2023:11:22:34 +0800] "POST /xingrg/kc/buy/cgsh_order_operate.html HTTP/1.1" 200 12
172.20.0.100 - - [30/Jul/2023:11:22:34 +0800] "GET /xingrg/all/function/internal_message.html?_=1690687353339&CODE_STATE=getMsg HTTP/1.1" 200 27
124.78.70.128 - - [30/Jul/2023:11:22:35 +0800] "GET /xingrg/images/blue/login_bg.png HTTP/1.1" 200 22101
124.78.70.128 - - [30/Jul/2023:11:22:35 +0800] "GET /xingrg/images/blue/srbg.png HTTP/1.1" 200 138
124.78.70.128 - - [30/Jul/2023:11:22:35 +0800] "GET /xingrg/images/blue/hj.png HTTP/1.1" 200 1014
116.230.112.71 - - [30/Jul/2023:11:22:35 +0800] "GET /xingrg/all/function/internal_message.html?_=1690687381080&CODE_STATE=getMsg HTTP/1.1" 200 27
124.78.70.128 - - [30/Jul/2023:11:22:35 +0800] "GET /favicon.ico HTTP/1.1" 404 -
116.230.112.71 - - [30/Jul/2023:11:22:36 +0800] "GET /xingrg/kc/print/load_data.html?order_code=212023073011958&kc_code=cgsh&condition= HTTP/1.1" 200 1426
222.69.144.196 - - [30/Jul/2023:11:22:38 +0800] "GET /xingrg/kc/buy/cgsh_order_info.html?code=212023073011955 HTTP/1.1" 200 65877
222.69.144.196 - - [30/Jul/2023:11:22:38 +0800] "GET /xingrg/javascript/easyui/themes/default/validatebox.css HTTP/1.1" 404 1104
124.78.70.128 - - [30/Jul/2023:11:22:39 +0800] "POST /xingrg/login.do HTTP/1.1" 302 -
124.78.70.128 - - [30/Jul/2023:11:22:39 +0800] "GET /xingrg/javascript/jquery_easy_ui/themes/icon.css HTTP/1.1" 200 3949
124.78.70.128 - - [30/Jul/2023:11:22:39 +0800] "GET /xingrg/javascript/jquery_easy_ui/themes/default/easyui.css HTTP/1.1" 200 26500
124.78.70.128 - - [30/Jul/2023:11:22:39 +0800] "GET /xingrg/index.html?sysBaseUrl=http%3A%2F%2F180.169.147.146%3A18081%2Fxingrg%2F&costTime=2333×tamp=1690687359042 HTTP/1.1" 200 17179
124.78.70.128 - - [30/Jul/2023:11:22:39 +0800] "GET /xingrg/javascript/jquery.timers.js HTTP/1.1" 200 3532
124.78.70.128 - - [30/Jul/2023:11:22:39 +0800] "GET /xingrg/javascript/jquery-1.4.2.min.js HTTP/1.1" 200 72205
124.78.70.128 - - [30/Jul/2023:11:22:39 +0800] "GET /xingrg/javascript/jquery.form.js HTTP/1.1" 200 23110
124.78.70.128 - - [30/Jul/2023:11:22:39 +0800] "GET /xingrg/javascript/jquery_easy_ui/jquery.easyui.min.js HTTP/1.1" 200 213662
124.78.70.128 - - [30/Jul/2023:11:22:39 +0800] "GET /xingrg/javascript/jquery_easy_ui/easyui-lang-zh_CN.js HTTP/1.1" 200 1900
124.78.70.128 - - [30/Jul/2023:11:22:39 +0800] "GET /xingrg/css/form.css HTTP/1.1" 200 893
124.78.70.128 - - [30/Jul/2023:11:22:39 +0800] "GET /xingrg/images/blue/navBackgound.jpg HTTP/1.1" 200 12378
124.78.70.128 - - [30/Jul/2023:11:22:39 +0800] "GET /xingrg/javascript/jquery_easy_ui/themes/icons/settle_new.png HTTP/1.1" 200 826
124.78.70.128 - - [30/Jul/2023:11:22:39 +0800] "GET /favicon.ico HTTP/1.1" 404 -
124.78.70.128 - - [30/Jul/2023:11:22:40 +0800] "POST /xingrg/all/common/load_tree.html?tree=area_rest_tree_json&manage=1 HTTP/1.1" 200 351
124.78.70.128 - - [30/Jul/2023:11:22:40 +0800] "GET /xingrg/check_reg.html?_=1690686826142 HTTP/1.1" 200 22
124.78.70.128 - - [30/Jul/2023:11:22:40 +0800] "GET /xingrg/all/function/internal_message.html?_=1690686826141&CODE_STATE=count HTTP/1.1" 200 11
124.78.70.128 - - [30/Jul/2023:11:22:40 +0800] "GET /xingrg/images/blue/pingpu.png HTTP/1.1" 200 231
124.78.70.128 - - [30/Jul/2023:11:22:40 +0800] "GET /xingrg/javascript/jquery_easy_ui/themes/default/images/tabs_rightarrow.png HTTP/1.1" 200 395
124.78.70.128 - - [30/Jul/2023:11:22:40 +0800] "GET /xingrg/javascript/jquery_easy_ui/themes/default/images/tabs_leftarrow.png HTTP/1.1" 200 389
124.78.70.128 - - [30/Jul/2023:11:22:40 +0800] "GET /xingrg/javascript/jquery_easy_ui/themes/default/images/panel_tool_collapse.gif HTTP/1.1" 200 246
222.69.144.196 - - [30/Jul/2023:11:22:40 +0800] "POST /xingrg/kc/buy/cgsh_order_operate.html HTTP/1.1" 200 2367
124.78.70.128 - - [30/Jul/2023:11:22:40 +0800] "POST /xingrg/load_menu.html HTTP/1.1" 200 5138
124.78.70.128 - - [30/Jul/2023:11:22:40 +0800] "GET /xingrg/javascript/jquery_easy_ui/themes/default/images/tree_arrows.gif HTTP/1.1" 200 1043
124.78.70.128 - - [30/Jul/2023:11:22:41 +0800] "GET /xingrg/javascript/jquery_easy_ui/themes/default/images/tree_folder_open.gif HTTP/1.1" 200 956
124.78.70.128 - - [30/Jul/2023:11:22:41 +0800] "GET /xingrg/javascript/jquery_easy_ui/themes/icons/search_new.png HTTP/1.1" 200 586
124.78.70.128 - - [30/Jul/2023:11:22:41 +0800] "GET /xingrg/javascript/jquery_easy_ui/themes/default/images/tree_folder.gif HTTP/1.1" 200 952
124.78.70.128 - - [30/Jul/2023:11:22:41 +0800] "GET /xingrg/javascript/jquery_easy_ui/themes/default/images/tree_file.gif HTTP/1.1" 200 118
124.78.70.128 - - [30/Jul/2023:11:22:41 +0800] "GET /xingrg/javascript/jquery_easy_ui/themes/icons/forms_new.png HTTP/1.1" 200 350
124.78.70.128 - - [30/Jul/2023:11:22:41 +0800] "GET /xingrg/javascript/jquery_easy_ui/themes/icons/storage_new.png HTTP/1.1" 200 853
222.69.144.196 - - [30/Jul/2023:11:22:41 +0800] "GET /xingrg/kc/print/load_config.html?kc_code=cgsh HTTP/1.1" 200 1924
124.78.70.128 - - [30/Jul/2023:11:22:42 +0800] "GET /xingrg/kc/buy/buy_main.html HTTP/1.1" 200 12412
124.78.70.128 - - [30/Jul/2023:11:22:42 +0800] "GET /xingrg/css/blue.css HTTP/1.1" 200 15949
124.78.70.128 - - [30/Jul/2023:11:22:42 +0800] "GET /xingrg/javascript/jquery_easy_ui/themes/default/images/tabs_close.gif HTTP/1.1" 200 829
124.78.70.128 - - [30/Jul/2023:11:22:42 +0800] "GET /xingrg/javascript/jquery_ui/themes/humanity/humanity.css HTTP/1.1" 200 27801
124.78.70.128 - - [30/Jul/2023:11:22:42 +0800] "GET /xingrg/javascript/ToolTips.js HTTP/1.1" 200 5615
124.78.70.128 - - [30/Jul/2023:11:22:42 +0800] "GET /xingrg/css/new_ie.css HTTP/1.1" 404 1036
124.78.70.128 - - [30/Jul/2023:11:22:42 +0800] "GET /xingrg/javascript/myfunction.js HTTP/1.1" 200 24559
124.78.70.128 - - [30/Jul/2023:11:22:42 +0800] "GET /xingrg/javascript/jquery_ui/jquery-ui.min.js HTTP/1.1" 200 186181
124.78.70.128 - - [30/Jul/2023:11:22:42 +0800] "GET /xingrg/images/blue/button/cgydd.gif HTTP/1.1" 200 2712
124.78.70.128 - - [30/Jul/2023:11:22:42 +0800] "GET /xingrg/images/blue/button/cgshd.gif HTTP/1.1" 200 2618
124.78.70.128 - - [30/Jul/2023:11:22:42 +0800] "GET /xingrg/images/blue/button/ckthd.gif HTTP/1.1" 200 2045
124.78.70.128 - - [30/Jul/2023:11:22:42 +0800] "GET /xingrg/images/blue/pic_form2.gif HTTP/1.1" 200 1853
124.78.70.128 - - [30/Jul/2023:11:22:42 +0800] "GET /xingrg/images/blue/button/kc.gif HTTP/1.1" 200 2160
124.78.70.128 - - [30/Jul/2023:11:22:42 +0800] "GET /xingrg/images/blue/button/cgxqd.gif HTTP/1.1" 200 2619
124.78.70.128 - - [30/Jul/2023:11:22:42 +0800] "GET /xingrg/images/blue/button/cgfkd.gif HTTP/1.1" 200 2075
124.78.70.128 - - [30/Jul/2023:11:22:42 +0800] "GET /xingrg/javascript/jquery_ui/themes/humanity/images/ui-bg_inset-soft_100_f4f0ec_1x100.png HTTP/1.1" 200 141
124.78.70.128 - - [30/Jul/2023:11:22:42 +0800] "GET /xingrg/images/blue/bg_dotted.jpg HTTP/1.1" 200 319
124.78.70.128 - - [30/Jul/2023:11:22:42 +0800] "GET /xingrg/images/blue/button/right_ah.jpg HTTP/1.1" 200 1744
124.78.70.128 - - [30/Jul/2023:11:22:42 +0800] "GET /xingrg/images/blue/button/down_ah.jpg HTTP/1.1" 200 1732
124.78.70.128 - - [30/Jul/2023:11:22:42 +0800] "GET /xingrg/javascript/jquery_ui/themes/humanity/images/ui-iconsnew.jpg HTTP/1.1" 200 337
124.78.70.128 - - [30/Jul/2023:11:22:42 +0800] "GET /xingrg/javascript/jquery_ui/themes/humanity/images/ui-icons_ffffff_256x240.png HTTP/1.1" 200 4369
124.78.70.128 - - [30/Jul/2023:11:22:42 +0800] "GET /xingrg/javascript/jquery_ui/themes/humanity/images/ui-bg_glass_70_ede4d4_1x400.png HTTP/1.1" 200 161
124.78.70.128 - - [30/Jul/2023:11:22:42 +0800] "GET /xingrg/javascript/jquery_ui/themes/humanity/images/ui-icons_c47a23_256x240.png HTTP/1.1" 200 5355
222.69.144.196 - - [30/Jul/2023:11:22:42 +0800] "GET /xingrg/kc/print/load_data.html?order_code=212023073011955&kc_code=cgsh&condition= HTTP/1.1" 200 1358
124.78.70.128 - - [30/Jul/2023:11:22:42 +0800] "GET /xingrg/images/yd/bt.gif HTTP/1.1" 404 1040
124.78.70.128 - - [30/Jul/2023:11:22:44 +0800] "GET /xingrg/kc/buy/cgsh_order_list.html HTTP/1.1" 200 55986
124.78.70.128 - - [30/Jul/2023:11:22:44 +0800] "GET /xingrg/javascript/jquery_tools/list_manager.js HTTP/1.1" 200 3652
116.230.112.71 - - [30/Jul/2023:11:22:44 +0800] "GET /xingrg/kc/buy/cgsh_order_add.html HTTP/1.1" 200 71762
180.152.241.196 - - [30/Jul/2023:11:22:44 +0800] "GET /xingrg/all/function/internal_message.html?_=1690687364684&CODE_STATE=getMsg HTTP/1.1" 200 27
124.78.70.128 - - [30/Jul/2023:11:22:45 +0800] "GET /xingrg/images/control/ajaxLoader.gif HTTP/1.1" 200 4659
116.230.112.71 - - [30/Jul/2023:11:22:45 +0800] "POST /xingrg/kc/buy/cgsh_order_operate.html HTTP/1.1" 200 8245
124.78.70.128 - - [30/Jul/2023:11:22:45 +0800] "GET /xingrg/javascript/easyui/themes/icons/field_new.png HTTP/1.1" 200 1097
124.78.70.128 - - [30/Jul/2023:11:22:45 +0800] "GET /xingrg/javascript/easyui/themes/icons/check_new.png HTTP/1.1" 200 3224
124.78.70.128 - - [30/Jul/2023:11:22:45 +0800] "GET /xingrg/javascript/easyui/themes/icons/cance_new.png HTTP/1.1" 200 3986
124.78.70.128 - - [30/Jul/2023:11:22:45 +0800] "GET /xingrg/javascript/easyui/themes/icons/import_new.png HTTP/1.1" 200 1247
116.230.112.71 - - [30/Jul/2023:11:22:45 +0800] "GET /xingrg/javascript/easyui/themes/default/validatebox.css HTTP/1.1" 404 1104
124.78.70.128 - - [30/Jul/2023:11:22:45 +0800] "GET /xingrg/javascript/easyui/themes/icons/edit_add_new.png HTTP/1.1" 200 2997
101.83.145.37 - - [30/Jul/2023:11:22:48 +0800] "GET /xingrg/kc/buy/cgsh_order_operate.html?command=get_materiel&rest_code=00105&code=00101004090&supplier_code=00100312&order_time=2023-07-30 HTTP/1.1" 200 405
101.228.187.155 - - [30/Jul/2023:11:22:49 +0800] "GET /xingrg/check_reg.html?_=1690687367836 HTTP/1.1" 200 22
101.228.187.155 - - [30/Jul/2023:11:22:49 +0800] "GET /xingrg/all/function/internal_message.html?_=1690687367838&CODE_STATE=getMsg HTTP/1.1" 200 27
124.78.70.128 - - [30/Jul/2023:11:22:50 +0800] "POST /xingrg/kc/buy/cgsh_list_operate.html HTTP/1.1" 200 1869
222.70.114.12 - - [30/Jul/2023:11:22:52 +0800] "GET /xingrg/all/function/internal_message.html?_=1690687372972&CODE_STATE=getMsg HTTP/1.1" 200 27
222.70.114.12 - - [30/Jul/2023:11:22:52 +0800] "GET /xingrg/check_reg.html?_=1690687372973 HTTP/1.1" 200 22
124.78.70.128 - - [30/Jul/2023:11:22:52 +0800] "GET /xingrg/javascript/easyui/themes/default/images/button_plain_hover.png HTTP/1.1" 200 144
124.79.243.110 - - [30/Jul/2023:11:22:53 +0800] "GET /xingrg/all/function/internal_message.html?_=1690687661745&CODE_STATE=getMsg HTTP/1.1" 200 27
124.78.70.128 - - [30/Jul/2023:11:22:54 +0800] "GET /xingrg/kc/buy/cgsh_order_add.html HTTP/1.1" 200 71762
124.78.70.128 - - [30/Jul/2023:11:22:54 +0800] "GET /xingrg/javascript/easyui/themes/icons/template_new.png HTTP/1.1" 200 3956
124.78.70.128 - - [30/Jul/2023:11:22:54 +0800] "GET /xingrg/javascript/easyui/themes/icons/cancel.png HTTP/1.1" 200 1133
124.78.70.128 - - [30/Jul/2023:11:22:54 +0800] "GET /xingrg/javascript/easyui/themes/icons/print.png HTTP/1.1" 200 1057
124.78.70.128 - - [30/Jul/2023:11:22:54 +0800] "GET /xingrg/javascript/easyui/themes/default/images/menu_downarrow.png HTTP/1.1" 200 173
124.78.70.128 - - [30/Jul/2023:11:22:54 +0800] "GET /xingrg/javascript/easyui/themes/icons/ok.png HTTP/1.1" 200 883
124.78.70.128 - - [30/Jul/2023:11:22:54 +0800] "GET /xingrg/javascript/easyui/themes/icons/copy_new.png HTTP/1.1" 200 815
114.85.113.108 - - [30/Jul/2023:11:22:54 +0800] "GET /xingrg/all/function/internal_message.html?_=1690687372228&CODE_STATE=getMsg HTTP/1.1" 200 27
180.152.241.196 - - [30/Jul/2023:11:22:54 +0800] "GET /xingrg/all/function/internal_message.html?_=1690687376996&CODE_STATE=getMsg HTTP/1.1" 200 27
124.78.70.128 - - [30/Jul/2023:11:22:54 +0800] "POST /xingrg/kc/buy/cgsh_order_operate.html HTTP/1.1" 200 8245
124.78.70.128 - - [30/Jul/2023:11:22:55 +0800] "GET /xingrg/javascript/easyui/themes/default/validatebox.css HTTP/1.1" 404 1104
124.78.70.128 - - [30/Jul/2023:11:22:55 +0800] "GET /xingrg/all/common/auto_word.html?type=employee&rest_code=00141 HTTP/1.1" 200 201
124.78.70.128 - - [30/Jul/2023:11:22:55 +0800] "GET /xingrg/all/common/auto_word.html?type=employee&rest_code=00141 HTTP/1.1" 200 201
124.78.70.128 - - [30/Jul/2023:11:22:55 +0800] "GET /xingrg/javascript/easyui/themes/icons/edit_remove.png HTTP/1.1" 200 625
58.40.7.146 - - [30/Jul/2023:11:22:56 +0800] "GET /xingrg/all/function/internal_message.html?_=1690687376754&CODE_STATE=getMsg HTTP/1.1" 200 27
124.78.70.128 - - [30/Jul/2023:11:22:58 +0800] "GET /xingrg/javascript/auto/indicator.gif HTTP/1.1" 404 1066
124.78.70.128 - - [30/Jul/2023:11:22:59 +0800] "GET /xingrg/javascript/jquery_tools/images/prev.gif HTTP/1.1" 404 1086
124.78.70.128 - - [30/Jul/2023:11:22:59 +0800] "GET /xingrg/javascript/jquery_tools/images/next.gif HTTP/1.1" 404 1086
101.83.145.37 - - [30/Jul/2023:11:22:59 +0800] "GET /xingrg/kc/buy/cgsh_order_operate.html?command=get_materiel&rest_code=00105&code=00101004067&supplier_code=00100312&order_time=2023-07-30 HTTP/1.1" 200 413
124.78.155.92 - - [30/Jul/2023:11:23:01 +0800] "GET /xingrg/check_reg.html?_=1690687382158 HTTP/1.1" 200 22
124.78.155.92 - - [30/Jul/2023:11:23:01 +0800] "GET /xingrg/all/function/internal_message.html?_=1690687382159&CODE_STATE=getMsg HTTP/1.1" 200 27
116.232.195.127 - - [30/Jul/2023:11:23:02 +0800] "GET /xingrg/index.html?sysBaseUrl=http%3A%2F%2F180.169.147.146%3A18081%2Fxingrg%2F&costTime=1277×tamp=1606817596806 HTTP/1.1" 302 -
116.232.195.127 - - [30/Jul/2023:11:23:02 +0800] "GET /xingrg/login.html HTTP/1.1" 200 7641
116.232.195.127 - - [30/Jul/2023:11:23:03 +0800] "GET /favicon.ico HTTP/1.1" 404 -
222.69.144.196 - - [30/Jul/2023:11:23:03 +0800] "GET /xingrg/all/function/internal_message.html?_=1690687511751&CODE_STATE=getMsg HTTP/1.1" 200 27
222.70.180.90 - - [30/Jul/2023:11:23:06 +0800] "GET /xingrg/all/function/internal_message.html?_=1690687569254&CODE_STATE=getMsg HTTP/1.1" 200 27
58.39.110.125 - - [30/Jul/2023:11:23:08 +0800] "GET /xingrg/all/function/internal_message.html?_=1690687388676&CODE_STATE=getMsg HTTP/1.1" 200 27
101.83.145.37 - - [30/Jul/2023:11:23:08 +0800] "GET /xingrg/kc/buy/cgsh_order_operate.html?command=get_materiel&rest_code=00105&code=00101004050&supplier_code=00100312&order_time=2023-07-30 HTTP/1.1" 200 411
124.78.70.128 - - [30/Jul/2023:11:23:11 +0800] "GET /xingrg/kc/buy/cgsh_order_operate.html?command=get_materiel&rest_code=00141&code=00101001156&supplier_code=00100312&order_time=2023-07-30 HTTP/1.1" 200 409
116.232.195.127 - - [30/Jul/2023:11:23:12 +0800] "POST /xingrg/login.do HTTP/1.1" 302 -
116.232.195.127 - - [30/Jul/2023:11:23:13 +0800] "GET /xingrg/index.html?sysBaseUrl=http%3A%2F%2F180.169.147.146%3A18081%2Fxingrg%2F&costTime=1158×tamp=1690687392933 HTTP/1.1" 200 17179
116.232.195.127 - - [30/Jul/2023:11:23:13 +0800] "GET /favicon.ico HTTP/1.1" 404 -
116.232.195.127 - - [30/Jul/2023:11:23:13 +0800] "GET /xingrg/all/function/internal_message.html?_=1690687340418&CODE_STATE=count HTTP/1.1" 200 11
116.232.195.127 - - [30/Jul/2023:11:23:13 +0800] "GET /xingrg/check_reg.html?_=1690687340418 HTTP/1.1" 200 22
116.232.195.127 - - [30/Jul/2023:11:23:13 +0800] "POST /xingrg/all/common/load_tree.html?tree=area_rest_tree_json&manage=1 HTTP/1.1" 200 351
116.232.195.127 - - [30/Jul/2023:11:23:13 +0800] "POST /xingrg/load_menu.html HTTP/1.1" 200 5138
116.230.112.71 - - [30/Jul/2023:11:23:13 +0800] "GET /xingrg/kc/buy/cgsh_order_operate.html?command=get_materiel&rest_code=00146&code=00101006087&supplier_code=00100012&order_time=2023-07-30 HTTP/1.1" 200 409
120.253.135.82 - - [30/Jul/2023:11:23:13 +0800] "GET /xingrg/all/function/internal_message.html?_=1690687214842&CODE_STATE=getMsg HTTP/1.1" 200 27
114.83.216.109 - - [30/Jul/2023:11:23:17 +0800] "GET /xingrg/all/function/internal_message.html?_=1690687393951&CODE_STATE=getMsg HTTP/1.1" 200 27
116.232.195.127 - - [30/Jul/2023:11:23:17 +0800] "GET /xingrg/kc/buy/buy_main.html HTTP/1.1" 200 12412
116.232.195.127 - - [30/Jul/2023:11:23:17 +0800] "GET /xingrg/css/new_ie.css HTTP/1.1" 404 1036
116.232.195.127 - - [30/Jul/2023:11:23:18 +0800] "GET /xingrg/images/yd/bt.gif HTTP/1.1" 404 1040
101.83.145.37 - - [30/Jul/2023:11:23:20 +0800] "GET /xingrg/kc/buy/cgsh_order_operate.html?command=get_materiel&rest_code=00105&code=00101004030&supplier_code=00100312&order_time=2023-07-30 HTTP/1.1" 200 408
116.232.195.127 - - [30/Jul/2023:11:23:20 +0800] "GET /xingrg/kc/buy/cgsh_order_list.html HTTP/1.1" 200 55986
222.69.144.196 - - [30/Jul/2023:11:23:20 +0800] "GET /xingrg/kc/buy/cgsh_order_add.html HTTP/1.1" 200 70966
222.69.144.196 - - [30/Jul/2023:11:23:20 +0800] "POST /xingrg/kc/buy/cgsh_order_operate.html HTTP/1.1" 200 8245
180.165.154.167 - - [30/Jul/2023:11:23:21 +0800] "GET /xingrg/all/function/internal_message.html?_=1690687400969&CODE_STATE=getMsg HTTP/1.1" 200 27
222.69.144.196 - - [30/Jul/2023:11:23:21 +0800] "GET /xingrg/javascript/easyui/themes/default/validatebox.css HTTP/1.1" 404 1104
116.232.195.127 - - [30/Jul/2023:11:23:23 +0800] "POST /xingrg/kc/buy/cgsh_list_operate.html HTTP/1.1" 200 986
116.232.195.127 - - [30/Jul/2023:11:23:26 +0800] "GET /xingrg/kc/buy/cgsh_order_add.html HTTP/1.1" 200 71809
116.232.195.127 - - [30/Jul/2023:11:23:26 +0800] "GET /xingrg/words/20230729110350_words.js HTTP/1.1" 304 -
116.232.195.127 - - [30/Jul/2023:11:23:27 +0800] "POST /xingrg/kc/buy/cgsh_order_operate.html HTTP/1.1" 200 8245
116.232.195.127 - - [30/Jul/2023:11:23:27 +0800] "GET /xingrg/javascript/easyui/themes/default/validatebox.css HTTP/1.1" 404 1104
116.232.195.127 - - [30/Jul/2023:11:23:27 +0800] "GET /xingrg/all/common/auto_word.html?type=employee&rest_code=00155 HTTP/1.1" 200 255
116.230.112.71 - - [30/Jul/2023:11:23:27 +0800] "GET /xingrg/check_reg.html?_=1690687433123 HTTP/1.1" 200 22
116.232.195.127 - - [30/Jul/2023:11:23:27 +0800] "GET /xingrg/all/common/auto_word.html?type=employee&rest_code=00155 HTTP/1.1" 200 255
101.83.145.37 - - [30/Jul/2023:11:23:27 +0800] "GET /xingrg/all/function/internal_message.html?_=1690687409284&CODE_STATE=getMsg HTTP/1.1" 200 27
116.232.195.127 - - [30/Jul/2023:11:23:27 +0800] "GET /xingrg/javascript/auto/indicator.gif HTTP/1.1" 404 1066
124.78.70.128 - - [30/Jul/2023:11:23:29 +0800] "GET /xingrg/kc/buy/cgsh_order_operate.html?command=get_materiel&rest_code=00141&code=00101004051&supplier_code=00100312&order_time=2023-07-30 HTTP/1.1" 200 408
124.78.155.92 - - [30/Jul/2023:11:23:29 +0800] "GET /xingrg/all/function/internal_message.html?_=1690687407496&CODE_STATE=getMsg HTTP/1.1" 200 27
116.238.191.126 - - [30/Jul/2023:11:23:32 +0800] "GET /xingrg/all/function/internal_message.html?_=1690687412401&CODE_STATE=getMsg HTTP/1.1" 200 27
172.20.0.100 - - [30/Jul/2023:11:23:34 +0800] "GET /xingrg/all/function/internal_message.html?_=1690687413342&CODE_STATE=getMsg HTTP/1.1" 200 27
101.83.145.37 - - [30/Jul/2023:11:23:34 +0800] "GET /xingrg/kc/buy/cgsh_order_operate.html?command=get_materiel&rest_code=00105&code=00101004020&supplier_code=00100312&order_time=2023-07-30 HTTP/1.1" 200 409
116.232.195.127 - - [30/Jul/2023:11:23:34 +0800] "GET /xingrg/javascript/jquery_tools/images/next.gif HTTP/1.1" 404 1086
116.232.195.127 - - [30/Jul/2023:11:23:34 +0800] "GET /xingrg/javascript/jquery_tools/images/prev.gif HTTP/1.1" 404 1086
116.230.112.71 - - [30/Jul/2023:11:23:35 +0800] "GET /xingrg/all/function/internal_message.html?_=1690687441092&CODE_STATE=getMsg HTTP/1.1" 200 27
116.230.112.71 - - [30/Jul/2023:11:23:35 +0800] "GET /xingrg/kc/buy/cgsh_order_operate.html?command=get_materiel&rest_code=00146&code=00101006144&supplier_code=00100012&order_time=2023-07-30 HTTP/1.1" 200 409
222.69.144.196 - - [30/Jul/2023:11:23:37 +0800] "GET /xingrg/kc/buy/cgsh_order_operate.html?command=get_materiel&rest_code=00154&code=00101008353&supplier_code=00100417&order_time=2023-07-30 HTTP/1.1" 200 408
124.78.70.128 - - [30/Jul/2023:11:23:40 +0800] "GET /xingrg/all/function/internal_message.html?_=1690686886354&CODE_STATE=getMsg HTTP/1.1" 200 27
116.232.195.127 - - [30/Jul/2023:11:23:43 +0800] "GET /xingrg/kc/buy/cgsh_order_operate.html?command=get_materiel&rest_code=00155&code=00101007076&supplier_code=00100002&order_time=2023-07-30 HTTP/1.1" 200 408
180.152.241.196 - - [30/Jul/2023:11:23:44 +0800] "GET /xingrg/all/function/internal_message.html?_=1690687424659&CODE_STATE=getMsg HTTP/1.1" 200 27
124.78.70.128 - - [30/Jul/2023:11:23:48 +0800] "GET /xingrg/kc/buy/cgsh_order_operate.html?command=get_materiel&rest_code=00141&code=00101004046&supplier_code=00100312&order_time=2023-07-30 HTTP/1.1" 200 418
101.228.187.155 - - [30/Jul/2023:11:23:49 +0800] "GET /xingrg/all/function/internal_message.html?_=1690687427835&CODE_STATE=getMsg HTTP/1.1" 200 27
116.230.112.71 - - [30/Jul/2023:11:23:49 +0800] "GET /xingrg/kc/buy/cgsh_order_operate.html?command=get_materiel&rest_code=00146&code=00101006055&supplier_code=00100012&order_time=2023-07-30 HTTP/1.1" 200 409
101.83.145.37 - - [30/Jul/2023:11:23:51 +0800] "GET /xingrg/kc/buy/cgsh_order_operate.html?command=get_materiel&rest_code=00105&code=00101004057&supplier_code=00100312&order_time=2023-07-30 HTTP/1.1" 200 409
222.70.114.12 - - [30/Jul/2023:11:23:52 +0800] "GET /xingrg/all/function/internal_message.html?_=1690687432975&CODE_STATE=getMsg HTTP/1.1" 200 27
124.79.243.110 - - [30/Jul/2023:11:23:53 +0800] "GET /xingrg/all/function/internal_message.html?_=1690687721742&CODE_STATE=getMsg HTTP/1.1" 200 27
114.85.113.108 - - [30/Jul/2023:11:23:54 +0800] "GET /xingrg/all/function/internal_message.html?_=1690687432232&CODE_STATE=getMsg HTTP/1.1" 200 27
180.152.241.196 - - [30/Jul/2023:11:23:54 +0800] "GET /xingrg/all/function/internal_message.html?_=1690687437000&CODE_STATE=getMsg HTTP/1.1" 200 27
58.40.7.146 - - [30/Jul/2023:11:23:56 +0800] "GET /xingrg/all/function/internal_message.html?_=1690687436772&CODE_STATE=getMsg HTTP/1.1" 200 27
222.69.144.196 - - [30/Jul/2023:11:23:56 +0800] "GET /xingrg/kc/buy/cgsh_order_operate.html?command=get_materiel&rest_code=00154&code=00101008286&supplier_code=00100417&order_time=2023-07-30 HTTP/1.1" 200 408
124.78.70.128 - - [30/Jul/2023:11:23:58 +0800] "GET /xingrg/kc/buy/cgsh_order_operate.html?command=get_materiel&rest_code=00141&code=00101004067&supplier_code=00100312&order_time=2023-07-30 HTTP/1.1" 200 413
116.232.195.127 - - [30/Jul/2023:11:24:01 +0800] "GET /xingrg/kc/buy/cgsh_order_operate.html?command=get_materiel&rest_code=00155&code=00101007072&supplier_code=00100002&order_time=2023-07-30 HTTP/1.1" 200 419
124.78.155.92 - - [30/Jul/2023:11:24:01 +0800] "GET /xingrg/all/function/internal_message.html?_=1690687442156&CODE_STATE=getMsg HTTP/1.1" 200 27
114.83.216.109 - - [30/Jul/2023:11:24:02 +0800] "GET /favicon.ico HTTP/1.1" 404 -
222.69.144.196 - - [30/Jul/2023:11:24:03 +0800] "GET /xingrg/all/function/internal_message.html?_=1690687571752&CODE_STATE=getMsg HTTP/1.1" 200 27
101.83.145.37 - - [30/Jul/2023:11:24:05 +0800] "GET /xingrg/kc/buy/cgsh_order_operate.html?command=get_materiel&rest_code=00105&code=00101001096&supplier_code=00100312&order_time=2023-07-30 HTTP/1.1" 200 413
116.230.112.71 - - [30/Jul/2023:11:24:05 +0800] "GET /xingrg/kc/buy/cgsh_order_operate.html?command=get_materiel&rest_code=00146&code=00101006065&supplier_code=00100012&order_time=2023-07-30 HTTP/1.1" 200 409
222.70.180.90 - - [30/Jul/2023:11:24:06 +0800] "GET /xingrg/check_reg.html?_=1690687629262 HTTP/1.1" 200 22
222.70.180.90 - - [30/Jul/2023:11:24:06 +0800] "GET /xingrg/all/function/internal_message.html?_=1690687629263&CODE_STATE=getMsg HTTP/1.1" 200 27
120.253.135.82 - - [30/Jul/2023:11:24:08 +0800] "GET /xingrg/check_reg.html?_=1690687269331 HTTP/1.1" 200 22
58.39.110.125 - - [30/Jul/2023:11:24:08 +0800] "GET /xingrg/all/function/internal_message.html?_=1690687448654&CODE_STATE=getMsg HTTP/1.1" 200 27
114.83.216.109 - - [30/Jul/2023:11:24:08 +0800] "GET /favicon.ico HTTP/1.1" 404 -
222.69.144.196 - - [30/Jul/2023:11:24:08 +0800] "GET /xingrg/kc/buy/cgsh_order_operate.html?command=get_materiel&rest_code=00154&code=00101008144&supplier_code=00100417&order_time=2023-07-30 HTTP/1.1" 200 412
124.78.70.128 - - [30/Jul/2023:11:24:11 +0800] "GET /xingrg/kc/buy/cgsh_order_operate.html?command=get_materiel&rest_code=00141&code=00101004071&supplier_code=00100312&order_time=2023-07-30 HTTP/1.1" 200 409
120.253.135.82 - - [30/Jul/2023:11:24:13 +0800] "GET /xingrg/all/function/internal_message.html?_=1690687274854&CODE_STATE=getMsg HTTP/1.1" 200 27
114.83.216.109 - - [30/Jul/2023:11:24:17 +0800] "GET /xingrg/all/function/internal_message.html?_=1690687453928&CODE_STATE=getMsg HTTP/1.1" 200 27
116.232.195.127 - - [30/Jul/2023:11:24:20 +0800] "POST /xingrg/kc/buy/cgsh_order_operate.html HTTP/1.1" 200 37
180.165.154.167 - - [30/Jul/2023:11:24:20 +0800] "GET /xingrg/all/function/internal_message.html?_=1690687460953&CODE_STATE=getMsg HTTP/1.1" 200 27
222.69.144.196 - - [30/Jul/2023:11:24:22 +0800] "GET /xingrg/kc/buy/cgsh_order_operate.html?command=get_materiel&rest_code=00154&code=00101008261&supplier_code=00100417&order_time=2023-07-30 HTTP/1.1" 200 408
124.78.70.128 - - [30/Jul/2023:11:24:22 +0800] "GET /xingrg/kc/buy/cgsh_order_operate.html?command=get_materiel&rest_code=00141&code=00101004041&supplier_code=00100312&order_time=2023-07-30 HTTP/1.1" 200 413
116.232.195.127 - - [30/Jul/2023:11:24:23 +0800] "POST /xingrg/kc/buy/cgsh_order_operate.html HTTP/1.1" 200 3254
101.83.145.37 - - [30/Jul/2023:11:24:24 +0800] "GET /xingrg/kc/buy/cgsh_order_operate.html?command=get_materiel&rest_code=00105&code=00101004027&supplier_code=00100312&order_time=2023-07-30 HTTP/1.1" 200 409
116.230.112.71 - - [30/Jul/2023:11:24:24 +0800] "GET /xingrg/kc/buy/cgsh_order_operate.html?command=get_materiel&rest_code=00146&code=00101006168&supplier_code=00100012&order_time=2023-07-30 HTTP/1.1" 200 421
116.232.195.127 - - [30/Jul/2023:11:24:24 +0800] "GET /xingrg/kc/print/load_config.html?kc_code=cgsh HTTP/1.1" 200 1924
116.232.195.127 - - [30/Jul/2023:11:24:25 +0800] "GET /xingrg/kc/print/load_data.html?order_code=212023073011959&kc_code=cgsh&condition= HTTP/1.1" 200 985
101.83.145.37 - - [30/Jul/2023:11:24:27 +0800] "GET /xingrg/all/function/internal_message.html?_=1690687469281&CODE_STATE=getMsg HTTP/1.1" 200 27
101.83.145.37 - - [30/Jul/2023:11:24:28 +0800] "POST /xingrg/all/common/load_select.html HTTP/1.1" 200 12
124.78.155.92 - - [30/Jul/2023:11:24:29 +0800] "GET /xingrg/all/function/internal_message.html?_=1690687467467&CODE_STATE=getMsg HTTP/1.1" 200 27
116.232.195.127 - - [30/Jul/2023:11:24:31 +0800] "GET /xingrg/kc/buy/cgsh_order_add.html HTTP/1.1" 200 71809
116.232.195.127 - - [30/Jul/2023:11:24:32 +0800] "POST /xingrg/kc/buy/cgsh_order_operate.html HTTP/1.1" 200 8245
116.232.195.127 - - [30/Jul/2023:11:24:32 +0800] "GET /xingrg/javascript/easyui/themes/default/validatebox.css HTTP/1.1" 404 1104
116.238.191.126 - - [30/Jul/2023:11:24:32 +0800] "GET /xingrg/all/function/internal_message.html?_=1690687472402&CODE_STATE=getMsg HTTP/1.1" 200 27
222.69.144.196 - - [30/Jul/2023:11:24:33 +0800] "GET /xingrg/kc/buy/cgsh_order_operate.html?command=get_materiel&rest_code=00154&code=00101008108&supplier_code=00100417&order_time=2023-07-30 HTTP/1.1" 200 412
172.20.0.100 - - [30/Jul/2023:11:24:34 +0800] "GET /xingrg/all/function/internal_message.html?_=1690687473344&CODE_STATE=getMsg HTTP/1.1" 200 27
124.78.70.128 - - [30/Jul/2023:11:24:34 +0800] "GET /xingrg/kc/buy/cgsh_order_operate.html?command=get_materiel&rest_code=00141&code=00101005043&supplier_code=00100312&order_time=2023-07-30 HTTP/1.1" 200 419
116.230.112.71 - - [30/Jul/2023:11:24:35 +0800] "GET /xingrg/all/function/internal_message.html?_=1690687501107&CODE_STATE=getMsg HTTP/1.1" 200 27
101.83.145.37 - - [30/Jul/2023:11:24:35 +0800] "GET /xingrg/kc/buy/cgsh_order_operate.html?command=get_materiel_price&rest_code=00105&code=00101001096&unit_code=00100001&supplier_code=00100312&order_time=2023-07-30 HTTP/1.1" 200 28
124.78.70.128 - - [30/Jul/2023:11:24:40 +0800] "GET /xingrg/all/function/internal_message.html?_=1690686946597&CODE_STATE=getMsg HTTP/1.1" 200 27
180.152.241.196 - - [30/Jul/2023:11:24:44 +0800] "GET /xingrg/all/function/internal_message.html?_=1690687484632&CODE_STATE=getMsg HTTP/1.1" 200 27
222.69.144.196 - - [30/Jul/2023:11:24:47 +0800] "GET /xingrg/kc/buy/cgsh_order_operate.html?command=get_materiel&rest_code=00154&code=00101008355&supplier_code=00100417&order_time=2023-07-30 HTTP/1.1" 200 408
124.78.70.128 - - [30/Jul/2023:11:24:48 +0800] "GET /xingrg/kc/buy/cgsh_order_operate.html?command=get_materiel&rest_code=00141&code=00101001047&supplier_code=00100312&order_time=2023-07-30 HTTP/1.1" 200 423
101.228.187.155 - - [30/Jul/2023:11:24:49 +0800] "GET /xingrg/all/function/internal_message.html?_=1690687487834&CODE_STATE=getMsg HTTP/1.1" 200 27
116.232.195.127 - - [30/Jul/2023:11:24:52 +0800] "GET /xingrg/kc/buy/cgsh_order_operate.html?command=get_materiel&rest_code=00155&code=00101002027&supplier_code=00100199&order_time=2023-07-30 HTTP/1.1" 200 413
116.230.112.71 - - [30/Jul/2023:11:24:52 +0800] "GET /xingrg/kc/buy/cgsh_order_operate.html?command=get_materiel&rest_code=00146&code=00101006109&supplier_code=00100012&order_time=2023-07-30 HTTP/1.1" 200 409
222.70.114.12 - - [30/Jul/2023:11:24:52 +0800] "GET /xingrg/all/function/internal_message.html?_=1690687492977&CODE_STATE=getMsg HTTP/1.1" 200 27
124.79.243.110 - - [30/Jul/2023:11:24:53 +0800] "GET /xingrg/check_reg.html?_=1690687781741 HTTP/1.1" 200 22
124.79.243.110 - - [30/Jul/2023:11:24:53 +0800] "GET /xingrg/all/function/internal_message.html?_=1690687781740&CODE_STATE=getMsg HTTP/1.1" 200 27
114.85.113.108 - - [30/Jul/2023:11:24:54 +0800] "GET /xingrg/all/function/internal_message.html?_=1690687492232&CODE_STATE=getMsg HTTP/1.1" 200 27
180.152.241.196 - - [30/Jul/2023:11:24:54 +0800] "GET /xingrg/check_reg.html?_=1690687496993 HTTP/1.1" 200 22
180.152.241.196 - - [30/Jul/2023:11:24:54 +0800] "GET /xingrg/all/function/internal_message.html?_=1690687496995&CODE_STATE=getMsg HTTP/1.1" 200 27
58.40.7.146 - - [30/Jul/2023:11:24:56 +0800] "GET /xingrg/check_reg.html?_=1690687496746 HTTP/1.1" 200 22
58.40.7.146 - - [30/Jul/2023:11:24:56 +0800] "GET /xingrg/all/function/internal_message.html?_=1690687496748&CODE_STATE=getMsg HTTP/1.1" 200 27
101.83.145.37 - - [30/Jul/2023:11:25:01 +0800] "POST /xingrg/kc/buy/cgsh_order_operate.html HTTP/1.1" 200 37
124.78.70.128 - - [30/Jul/2023:11:25:03 +0800] "GET /xingrg/kc/buy/cgsh_order_operate.html?command=get_materiel&rest_code=00141&code=00101001045&supplier_code=00100312&order_time=2023-07-30 HTTP/1.1" 200 423
222.69.144.196 - - [30/Jul/2023:11:25:03 +0800] "GET /xingrg/kc/buy/cgsh_order_operate.html?command=get_materiel&rest_code=00154&code=00101008092&supplier_code=00100417&order_time=2023-07-30 HTTP/1.1" 200 413
222.69.144.196 - - [30/Jul/2023:11:25:03 +0800] "GET /xingrg/all/function/internal_message.html?_=1690687631754&CODE_STATE=getMsg HTTP/1.1" 200 27
101.83.145.37 - - [30/Jul/2023:11:25:03 +0800] "POST /xingrg/kc/buy/cgsh_order_operate.html HTTP/1.1" 200 7392
222.70.180.90 - - [30/Jul/2023:11:25:06 +0800] "GET /xingrg/all/function/internal_message.html?_=1690687689259&CODE_STATE=getMsg HTTP/1.1" 200 27
101.83.145.37 - - [30/Jul/2023:11:25:06 +0800] "GET /xingrg/kc/print/load_data.html?order_code=212023073011960&kc_code=cgsh&condition= HTTP/1.1" 200 2466
58.39.110.125 - - [30/Jul/2023:11:25:08 +0800] "GET /xingrg/all/function/internal_message.html?_=1690687508628&CODE_STATE=getMsg HTTP/1.1" 200 27
58.39.110.125 - - [30/Jul/2023:11:25:09 +0800] "GET /xingrg/check_reg.html?_=1690687509654 HTTP/1.1" 200 22
116.230.112.71 - - [30/Jul/2023:11:25:09 +0800] "GET /xingrg/kc/buy/cgsh_order_operate.html?command=get_materiel&rest_code=00146&code=00101006111&supplier_code=00100012&order_time=2023-07-30 HTTP/1.1" 200 409
101.83.145.37 - - [30/Jul/2023:11:25:11 +0800] "GET /xingrg/kc/buy/cgsh_order_add.html HTTP/1.1" 200 71844
101.83.145.37 - - [30/Jul/2023:11:25:11 +0800] "POST /xingrg/kc/buy/cgsh_order_operate.html HTTP/1.1" 200 8245
101.83.145.37 - - [30/Jul/2023:11:25:11 +0800] "GET /xingrg/javascript/easyui/themes/default/validatebox.css HTTP/1.1" 404 1104
222.69.144.196 - - [30/Jul/2023:11:25:11 +0800] "GET /xingrg/kc/buy/cgsh_order_operate.html?command=get_materiel&rest_code=00154&code=00101008298&supplier_code=00100417&order_time=2023-07-30 HTTP/1.1" 200 413
116.232.195.127 - - [30/Jul/2023:11:25:13 +0800] "GET /xingrg/all/function/internal_message.html?_=1690687460426&CODE_STATE=getMsg HTTP/1.1" 200 27
120.253.135.82 - - [30/Jul/2023:11:25:13 +0800] "GET /xingrg/all/function/internal_message.html?_=1690687334866&CODE_STATE=getMsg HTTP/1.1" 200 27
116.232.195.127 - - [30/Jul/2023:11:25:15 +0800] "GET /xingrg/kc/buy/cgsh_order_operate.html?command=get_materiel&rest_code=00155&code=00101001052&supplier_code=00100199&order_time=2023-07-30 HTTP/1.1" 200 409
114.83.216.109 - - [30/Jul/2023:11:25:17 +0800] "GET /xingrg/all/function/internal_message.html?_=1690687513912&CODE_STATE=getMsg HTTP/1.1" 200 27
101.83.145.37 - - [30/Jul/2023:11:25:20 +0800] "GET /xingrg/kc/buy/cgsh_order_operate.html?command=get_materiel&rest_code=00105&code=00101012046&supplier_code=00100487&order_time=2023-07-30 HTTP/1.1" 200 417
180.165.154.167 - - [30/Jul/2023:11:25:20 +0800] "GET /xingrg/all/function/internal_message.html?_=1690687520928&CODE_STATE=getMsg HTTP/1.1" 200 27
180.165.154.167 - - [30/Jul/2023:11:25:22 +0800] "GET /xingrg/check_reg.html?_=1690687522534 HTTP/1.1" 200 22
222.69.144.196 - - [30/Jul/2023:11:25:23 +0800] "GET /xingrg/kc/buy/cgsh_order_operate.html?command=get_materiel&rest_code=00154&code=00101015070&supplier_code=00100417&order_time=2023-07-30 HTTP/1.1" 200 413
116.230.112.71 - - [30/Jul/2023:11:25:24 +0800] "GET /xingrg/kc/buy/cgsh_order_operate.html?command=get_materiel&rest_code=00146&code=00101006177&supplier_code=00100012&order_time=2023-07-30 HTTP/1.1" 200 427
124.78.70.128 - - [30/Jul/2023:11:25:26 +0800] "GET /xingrg/kc/buy/cgsh_order_operate.html?command=get_materiel&rest_code=00141&code=00101004049&supplier_code=00100312&order_time=2023-07-30 HTTP/1.1" 200 415
116.238.191.126 - - [30/Jul/2023:11:25:32 +0800] "GET /xingrg/all/function/internal_message.html?_=1690687532403&CODE_STATE=getMsg HTTP/1.1" 200 27
116.238.191.126 - - [30/Jul/2023:11:25:32 +0800] "GET /xingrg/check_reg.html?_=1690687532407 HTTP/1.1" 200 22
101.83.145.37 - - [30/Jul/2023:11:25:34 +0800] "POST /xingrg/kc/buy/cgsh_order_operate.html HTTP/1.1" 200 37
172.20.0.100 - - [30/Jul/2023:11:25:34 +0800] "GET /xingrg/check_reg.html?_=1690687533346 HTTP/1.1" 200 22
172.20.0.100 - - [30/Jul/2023:11:25:34 +0800] "GET /xingrg/all/function/internal_message.html?_=1690687533347&CODE_STATE=getMsg HTTP/1.1" 200 27
116.232.195.127 - - [30/Jul/2023:11:25:34 +0800] "GET /xingrg/kc/buy/cgsh_order_operate.html?command=get_materiel&rest_code=00155&code=00101004010&supplier_code=00100199&order_time=2023-07-30 HTTP/1.1" 200 411
101.83.145.37 - - [30/Jul/2023:11:25:36 +0800] "POST /xingrg/kc/buy/cgsh_order_operate.html HTTP/1.1" 200 2660
124.78.70.128 - - [30/Jul/2023:11:25:37 +0800] "GET /xingrg/kc/buy/cgsh_order_operate.html?command=get_materiel&rest_code=00141&code=00101001190&supplier_code=00100312&order_time=2023-07-30 HTTP/1.1" 200 409
101.83.145.37 - - [30/Jul/2023:11:25:38 +0800] "GET /xingrg/kc/print/load_data.html?order_code=212023073011961&kc_code=cgsh&condition= HTTP/1.1" 200 675
124.78.70.128 - - [30/Jul/2023:11:25:40 +0800] "GET /xingrg/all/function/internal_message.html?_=1690687006504&CODE_STATE=getMsg HTTP/1.1" 200 27
124.78.155.92 - - [30/Jul/2023:11:25:41 +0800] "GET /xingrg/all/function/internal_message.html?_=1690687527454&CODE_STATE=getMsg HTTP/1.1" 200 27
222.69.144.196 - - [30/Jul/2023:11:25:42 +0800] "GET /xingrg/kc/buy/cgsh_order_operate.html?command=get_materiel&rest_code=00154&code=00101012051&supplier_code=00100417&order_time=2023-07-30 HTTP/1.1" 200 408
114.83.216.109 - - [30/Jul/2023:11:25:43 +0800] "GET /xingrg/check_reg.html?_=1690687540099 HTTP/1.1" 200 22
180.152.241.196 - - [30/Jul/2023:11:25:44 +0800] "GET /xingrg/all/function/internal_message.html?_=1690687544629&CODE_STATE=getMsg HTTP/1.1" 200 27
101.228.187.155 - - [30/Jul/2023:11:25:49 +0800] "GET /xingrg/all/function/internal_message.html?_=1690687547832&CODE_STATE=getMsg HTTP/1.1" 200 27
116.230.112.71 - - [30/Jul/2023:11:25:50 +0800] "POST /xingrg/kc/buy/cgsh_order_operate.html HTTP/1.1" 200 37
124.78.70.128 - - [30/Jul/2023:11:25:52 +0800] "GET /xingrg/kc/buy/cgsh_order_operate.html?command=get_materiel&rest_code=00141&code=00101001029&supplier_code=00100312&order_time=2023-07-30 HTTP/1.1" 200 417
222.70.114.12 - - [30/Jul/2023:11:25:52 +0800] "GET /xingrg/all/function/internal_message.html?_=1690687552979&CODE_STATE=getMsg HTTP/1.1" 200 27
124.79.243.110 - - [30/Jul/2023:11:25:53 +0800] "GET /xingrg/all/function/internal_message.html?_=1690687841739&CODE_STATE=getMsg HTTP/1.1" 200 27
114.85.113.108 - - [30/Jul/2023:11:25:54 +0800] "GET /xingrg/all/function/internal_message.html?_=1690687552234&CODE_STATE=getMsg HTTP/1.1" 200 27
180.152.241.196 - - [30/Jul/2023:11:25:54 +0800] "GET /xingrg/all/function/internal_message.html?_=1690687556994&CODE_STATE=getMsg HTTP/1.1" 200 27
116.230.112.71 - - [30/Jul/2023:11:25:55 +0800] "POST /xingrg/kc/buy/cgsh_order_operate.html HTTP/1.1" 200 6784
116.232.195.127 - - [30/Jul/2023:11:25:55 +0800] "GET /xingrg/kc/buy/cgsh_order_operate.html?command=get_materiel&rest_code=00155&code=00101010161&supplier_code=00100199&order_time=2023-07-30 HTTP/1.1" 200 409
58.40.7.146 - - [30/Jul/2023:11:25:56 +0800] "GET /xingrg/all/function/internal_message.html?_=1690687556752&CODE_STATE=getMsg HTTP/1.1" 200 27
101.83.145.37 - - [30/Jul/2023:11:25:57 +0800] "GET /xingrg/kc/buy/cgsh_order_add.html HTTP/1.1" 200 71844
101.83.145.37 - - [30/Jul/2023:11:25:58 +0800] "POST /xingrg/kc/buy/cgsh_order_operate.html HTTP/1.1" 200 8245
101.83.145.37 - - [30/Jul/2023:11:25:58 +0800] "GET /xingrg/javascript/easyui/themes/default/validatebox.css HTTP/1.1" 404 1104
222.69.144.196 - - [30/Jul/2023:11:25:58 +0800] "GET /xingrg/kc/buy/cgsh_order_operate.html?command=get_materiel&rest_code=00154&code=00101008351&supplier_code=00100417&order_time=2023-07-30 HTTP/1.1" 200 408
222.69.144.196 - - [30/Jul/2023:11:26:03 +0800] "GET /xingrg/check_reg.html?_=1690687691760 HTTP/1.1" 200 22
222.69.144.196 - - [30/Jul/2023:11:26:03 +0800] "GET /xingrg/all/function/internal_message.html?_=1690687691762&CODE_STATE=getMsg HTTP/1.1" 200 27
222.70.180.90 - - [30/Jul/2023:11:26:06 +0800] "GET /xingrg/all/function/internal_message.html?_=1690687749265&CODE_STATE=getMsg HTTP/1.1" 200 27
124.78.70.128 - - [30/Jul/2023:11:26:07 +0800] "GET /xingrg/kc/buy/cgsh_order_operate.html?command=get_materiel&rest_code=00141&code=00101005022&supplier_code=00100312&order_time=2023-07-30 HTTP/1.1" 200 417
58.39.110.125 - - [30/Jul/2023:11:26:08 +0800] "GET /xingrg/all/function/internal_message.html?_=1690687568618&CODE_STATE=getMsg HTTP/1.1" 200 27
222.69.144.196 - - [30/Jul/2023:11:26:09 +0800] "GET /xingrg/kc/buy/cgsh_order_operate.html?command=get_materiel&rest_code=00154&code=00101008361&supplier_code=00100417&order_time=2023-07-30 HTTP/1.1" 200 408
101.83.145.37 - - [30/Jul/2023:11:26:10 +0800] "GET /xingrg/kc/buy/cgsh_order_operate.html?command=get_materiel&rest_code=00105&code=00101010079&supplier_code=00100336&order_time=2023-07-30 HTTP/1.1" 200 413
116.232.195.127 - - [30/Jul/2023:11:26:13 +0800] "GET /xingrg/all/function/internal_message.html?_=1690687520408&CODE_STATE=getMsg HTTP/1.1" 200 27
120.253.135.82 - - [30/Jul/2023:11:26:13 +0800] "GET /xingrg/all/function/internal_message.html?_=1690687395121&CODE_STATE=getMsg HTTP/1.1" 200 27
114.83.216.109 - - [30/Jul/2023:11:26:17 +0800] "GET /xingrg/all/function/internal_message.html?_=1690687573906&CODE_STATE=getMsg HTTP/1.1" 200 27
124.78.70.128 - - [30/Jul/2023:11:26:19 +0800] "GET /xingrg/kc/buy/cgsh_order_operate.html?command=get_materiel&rest_code=00141&code=00101001198&supplier_code=00100312&order_time=2023-07-30 HTTP/1.1" 200 410
180.165.154.167 - - [30/Jul/2023:11:26:20 +0800] "GET /xingrg/all/function/internal_message.html?_=1690687580924&CODE_STATE=getMsg HTTP/1.1" 200 27
222.69.144.196 - - [30/Jul/2023:11:26:21 +0800] "GET /xingrg/kc/buy/cgsh_order_operate.html?command=get_materiel&rest_code=00154&code=00101008024&supplier_code=00100417&order_time=2023-07-30 HTTP/1.1" 200 408
101.83.145.37 - - [30/Jul/2023:11:26:27 +0800] "GET /xingrg/all/function/internal_message.html?_=1690687589250&CODE_STATE=getMsg HTTP/1.1" 200 27
124.78.155.92 - - [30/Jul/2023:11:26:29 +0800] "GET /xingrg/all/function/internal_message.html?_=1690687587426&CODE_STATE=getMsg HTTP/1.1" 200 27
101.83.145.37 - - [30/Jul/2023:11:26:30 +0800] "POST /xingrg/kc/buy/cgsh_order_operate.html HTTP/1.1" 200 37
222.69.144.196 - - [30/Jul/2023:11:26:32 +0800] "GET /xingrg/kc/buy/cgsh_order_operate.html?command=get_materiel&rest_code=00154&code=00101008207&supplier_code=00100417&order_time=2023-07-30 HTTP/1.1" 200 408
116.238.191.126 - - [30/Jul/2023:11:26:32 +0800] "GET /xingrg/all/function/internal_message.html?_=1690687592407&CODE_STATE=getMsg HTTP/1.1" 200 27
101.83.145.37 - - [30/Jul/2023:11:26:33 +0800] "POST /xingrg/kc/buy/cgsh_order_operate.html HTTP/1.1" 200 2657
172.20.0.100 - - [30/Jul/2023:11:26:34 +0800] "GET /xingrg/all/function/internal_message.html?_=1690687593348&CODE_STATE=getMsg HTTP/1.1" 200 27
116.230.112.71 - - [30/Jul/2023:11:26:35 +0800] "GET /xingrg/all/function/internal_message.html?_=1690687621134&CODE_STATE=getMsg HTTP/1.1" 200 27
101.83.145.37 - - [30/Jul/2023:11:26:35 +0800] "GET /xingrg/kc/print/load_data.html?order_code=212023073011963&kc_code=cgsh&condition= HTTP/1.1" 200 670
124.78.70.128 - - [30/Jul/2023:11:26:40 +0800] "POST /xingrg/services/DataTransmitService HTTP/1.1" 200 524
124.78.70.128 - - [30/Jul/2023:11:26:40 +0800] "GET /xingrg/all/function/internal_message.html?_=1690687066542&CODE_STATE=getMsg HTTP/1.1" 200 27
124.78.70.128 - - [30/Jul/2023:11:26:41 +0800] "POST /xingrg/services/DataTransmitService HTTP/1.1" 200 501
101.83.145.37 - - [30/Jul/2023:11:26:41 +0800] "GET /xingrg/kc/buy/cgsh_order_add.html HTTP/1.1" 200 71844
116.232.195.127 - - [30/Jul/2023:11:26:41 +0800] "POST /xingrg/kc/buy/cgsh_order_operate.html HTTP/1.1" 200 37
101.83.145.37 - - [30/Jul/2023:11:26:42 +0800] "GET /xingrg/javascript/easyui/themes/default/validatebox.css HTTP/1.1" 404 1104
101.83.145.37 - - [30/Jul/2023:11:26:42 +0800] "POST /xingrg/kc/buy/cgsh_order_operate.html HTTP/1.1" 200 8245
116.230.112.71 - - [30/Jul/2023:11:26:42 +0800] "GET /xingrg/kc/print/load_data.html?order_code=212023073011962&kc_code=cgsh&condition= HTTP/1.1" 200 2327
124.78.70.128 - - [30/Jul/2023:11:26:43 +0800] "GET /xingrg/kc/buy/cgsh_order_operate.html?command=get_materiel&rest_code=00141&code=00101004023&supplier_code=00100312&order_time=2023-07-30 HTTP/1.1" 200 409
222.69.144.196 - - [30/Jul/2023:11:26:43 +0800] "GET /xingrg/kc/buy/cgsh_order_operate.html?command=get_materiel&rest_code=00154&code=00101008270&supplier_code=00100417&order_time=2023-07-30 HTTP/1.1" 200 412
180.152.241.196 - - [30/Jul/2023:11:26:44 +0800] "GET /xingrg/check_reg.html?_=1690687604548 HTTP/1.1" 200 22
180.152.241.196 - - [30/Jul/2023:11:26:44 +0800] "GET /xingrg/all/function/internal_message.html?_=1690687604622&CODE_STATE=getMsg HTTP/1.1" 200 27
116.232.195.127 - - [30/Jul/2023:11:26:44 +0800] "POST /xingrg/kc/buy/cgsh_order_operate.html HTTP/1.1" 200 5029
116.232.195.127 - - [30/Jul/2023:11:26:46 +0800] "GET /xingrg/kc/print/load_data.html?order_code=212023073011964&kc_code=cgsh&condition= HTTP/1.1" 200 1573
101.228.187.155 - - [30/Jul/2023:11:26:49 +0800] "GET /xingrg/all/function/internal_message.html?_=1690687607830&CODE_STATE=getMsg HTTP/1.1" 200 27
114.83.216.109 - - [30/Jul/2023:11:26:49 +0800] "GET /xingrg/kc/buy/cgsh_order_list.html HTTP/1.1" 200 55986
116.230.112.71 - - [30/Jul/2023:11:26:49 +0800] "GET /xingrg/kc/buy/cgsh_order_add.html HTTP/1.1" 200 71762
116.230.112.71 - - [30/Jul/2023:11:26:50 +0800] "POST /xingrg/kc/buy/cgsh_order_operate.html HTTP/1.1" 200 8245
116.230.112.71 - - [30/Jul/2023:11:26:50 +0800] "GET /xingrg/javascript/easyui/themes/default/validatebox.css HTTP/1.1" 404 1104
222.70.114.12 - - [30/Jul/2023:11:26:52 +0800] "GET /xingrg/all/function/internal_message.html?_=1690687612981&CODE_STATE=getMsg HTTP/1.1" 200 27
114.83.216.109 - - [30/Jul/2023:11:26:52 +0800] "POST /xingrg/kc/buy/cgsh_list_operate.html HTTP/1.1" 200 986
116.232.195.127 - - [30/Jul/2023:11:26:53 +0800] "GET /xingrg/kc/buy/cgsh_order_add.html HTTP/1.1" 200 71809
116.232.195.127 - - [30/Jul/2023:11:26:53 +0800] "POST /xingrg/kc/buy/cgsh_order_operate.html HTTP/1.1" 200 8245
116.232.195.127 - - [30/Jul/2023:11:26:53 +0800] "GET /xingrg/javascript/easyui/themes/default/validatebox.css HTTP/1.1" 404 1104
124.79.243.110 - - [30/Jul/2023:11:26:53 +0800] "GET /xingrg/all/function/internal_message.html?_=1690687901739&CODE_STATE=getMsg HTTP/1.1" 200 27
114.85.113.108 - - [30/Jul/2023:11:26:54 +0800] "GET /xingrg/all/function/internal_message.html?_=1690687612233&CODE_STATE=getMsg HTTP/1.1" 200 27
114.85.113.108 - - [30/Jul/2023:11:26:54 +0800] "GET /xingrg/check_reg.html?_=1690687612237 HTTP/1.1" 200 22
180.152.241.196 - - [30/Jul/2023:11:26:54 +0800] "GET /xingrg/all/function/internal_message.html?_=1690687616999&CODE_STATE=getMsg HTTP/1.1" 200 27
114.83.216.109 - - [30/Jul/2023:11:26:55 +0800] "GET /xingrg/kc/buy/cgsh_order_add.html HTTP/1.1" 200 71850
114.83.216.109 - - [30/Jul/2023:11:26:55 +0800] "POST /xingrg/kc/buy/cgsh_order_operate.html HTTP/1.1" 200 8245
114.83.216.109 - - [30/Jul/2023:11:26:56 +0800] "GET /xingrg/javascript/easyui/themes/default/validatebox.css HTTP/1.1" 404 1104
58.40.7.146 - - [30/Jul/2023:11:26:56 +0800] "GET /xingrg/all/function/internal_message.html?_=1690687616766&CODE_STATE=getMsg HTTP/1.1" 200 27
124.78.70.128 - - [30/Jul/2023:11:26:59 +0800] "POST /xingrg/kc/buy/cgsh_order_operate.html HTTP/1.1" 200 37
180.169.147.146 - - [30/Jul/2023:11:27:00 +0800] "GET /xingrg/check_reg.html?_=1690687621659 HTTP/1.1" 200 22
101.83.145.37 - - [30/Jul/2023:11:27:01 +0800] "GET /xingrg/kc/buy/cgsh_order_operate.html?command=get_materiel&rest_code=00105&code=00101010691&supplier_code=00100327&order_time=2023-07-30 HTTP/1.1" 200 411
222.69.144.196 - - [30/Jul/2023:11:27:03 +0800] "GET /xingrg/all/function/internal_message.html?_=1690687751749&CODE_STATE=getMsg HTTP/1.1" 200 27
222.69.144.196 - - [30/Jul/2023:11:27:03 +0800] "GET /xingrg/kc/buy/cgsh_order_operate.html?command=get_materiel&rest_code=00154&code=00101008268&supplier_code=00100417&order_time=2023-07-30 HTTP/1.1" 200 408
222.70.180.90 - - [30/Jul/2023:11:27:06 +0800] "GET /xingrg/all/function/internal_message.html?_=1690687809256&CODE_STATE=getMsg HTTP/1.1" 200 27
58.39.110.125 - - [30/Jul/2023:11:27:08 +0800] "GET /xingrg/all/function/internal_message.html?_=1690687628600&CODE_STATE=getMsg HTTP/1.1" 200 27
124.78.70.128 - - [30/Jul/2023:11:27:09 +0800] "POST /xingrg/kc/buy/cgsh_order_operate.html HTTP/1.1" 200 12
