116.232.195.127 - - [30/Jul/2023:11:27:13 +0800] "GET /xingrg/all/function/internal_message.html?_=1690687580394&CODE_STATE=getMsg HTTP/1.1" 200 27
120.253.135.82 - - [30/Jul/2023:11:27:13 +0800] "GET /xingrg/all/function/internal_message.html?_=1690687455128&CODE_STATE=getMsg HTTP/1.1" 200 27
116.230.112.71 - - [30/Jul/2023:11:27:15 +0800] "GET /xingrg/kc/buy/cgsh_order_operate.html?command=get_materiel&rest_code=00146&code=00101009050&supplier_code=00100023&order_time=2023-07-30 HTTP/1.1" 200 410
114.83.216.109 - - [30/Jul/2023:11:27:17 +0800] "GET /xingrg/all/function/internal_message.html?_=1690687633885&CODE_STATE=getMsg HTTP/1.1" 200 27
222.69.144.196 - - [30/Jul/2023:11:27:19 +0800] "GET /xingrg/kc/buy/cgsh_order_operate.html?command=get_materiel&rest_code=00154&code=00101008626&supplier_code=00100417&order_time=2023-07-30 HTTP/1.1" 200 405
116.232.195.127 - - [30/Jul/2023:11:27:20 +0800] "GET /xingrg/kc/buy/cgsh_order_operate.html?command=get_materiel&rest_code=00155&code=00102010618&supplier_code=00100005&order_time=2023-07-30 HTTP/1.1" 200 408
180.165.154.167 - - [30/Jul/2023:11:27:20 +0800] "GET /xingrg/all/function/internal_message.html?_=1690687640910&CODE_STATE=getMsg HTTP/1.1" 200 27
124.78.70.128 - - [30/Jul/2023:11:27:21 +0800] "GET /xingrg/kc/buy/cgsh_order_info.html?code=212023073011965 HTTP/1.1" 200 66675
101.83.145.37 - - [30/Jul/2023:11:27:21 +0800] "GET /xingrg/kc/buy/cgsh_order_operate.html?command=get_materiel&rest_code=00105&code=00101008009&supplier_code=00100327&order_time=2023-07-30 HTTP/1.1" 200 413
114.83.216.109 - - [30/Jul/2023:11:27:22 +0800] "GET /xingrg/kc/buy/cgsh_order_operate.html?command=get_materiel&rest_code=00149&code=00101010915&supplier_code=00100323&order_time=2023-07-30 HTTP/1.1" 200 405
124.78.70.128 - - [30/Jul/2023:11:27:22 +0800] "GET /xingrg/javascript/easyui/themes/default/validatebox.css HTTP/1.1" 404 1104
124.78.70.128 - - [30/Jul/2023:11:27:24 +0800] "POST /xingrg/kc/buy/cgsh_order_operate.html HTTP/1.1" 200 9567
124.78.70.128 - - [30/Jul/2023:11:27:27 +0800] "GET /xingrg/kc/print/load_config.html?kc_code=cgsh HTTP/1.1" 200 1924
101.83.145.37 - - [30/Jul/2023:11:27:27 +0800] "GET /xingrg/all/function/internal_message.html?_=1690687649265&CODE_STATE=getMsg HTTP/1.1" 200 27
124.78.70.128 - - [30/Jul/2023:11:27:27 +0800] "GET /xingrg/kc/print/load_data.html?order_code=212023073011965&kc_code=cgsh&condition= HTTP/1.1" 200 4140
180.163.28.55 - - [30/Jul/2023:11:27:29 +0800] "GET /xingrg/all/function/internal_message.html?_=1690687587426&CODE_STATE=getMsg HTTP/1.1" 302 -
180.163.28.55 - - [30/Jul/2023:11:27:29 +0800] "GET /xingrg/login.html HTTP/1.1" 200 7641
124.78.155.92 - - [30/Jul/2023:11:27:29 +0800] "GET /xingrg/all/function/internal_message.html?_=1690687647396&CODE_STATE=getMsg HTTP/1.1" 200 27
222.69.144.196 - - [30/Jul/2023:11:27:31 +0800] "GET /xingrg/kc/buy/cgsh_order_operate.html?command=get_materiel&rest_code=00154&code=00101008264&supplier_code=00100417&order_time=2023-07-30 HTTP/1.1" 200 412
124.78.155.92 - - [30/Jul/2023:11:27:31 +0800] "GET /xingrg/check_reg.html?_=1690687649569 HTTP/1.1" 200 22
116.238.191.126 - - [30/Jul/2023:11:27:32 +0800] "GET /xingrg/all/function/internal_message.html?_=1690687652406&CODE_STATE=getMsg HTTP/1.1" 200 27
172.20.0.100 - - [30/Jul/2023:11:27:34 +0800] "GET /xingrg/all/function/internal_message.html?_=1690687653333&CODE_STATE=getMsg HTTP/1.1" 200 27
116.232.195.127 - - [30/Jul/2023:11:27:34 +0800] "GET /xingrg/kc/buy/cgsh_order_operate.html?command=get_materiel&rest_code=00155&code=00101008261&supplier_code=00100005&order_time=2023-07-30 HTTP/1.1" 200 408
116.230.112.71 - - [30/Jul/2023:11:27:35 +0800] "GET /xingrg/all/function/internal_message.html?_=1690687681148&CODE_STATE=getMsg HTTP/1.1" 200 27
101.83.145.37 - - [30/Jul/2023:11:27:35 +0800] "GET /xingrg/kc/buy/cgsh_order_operate.html?command=get_materiel&rest_code=00105&code=00101010569&supplier_code=00100327&order_time=2023-07-30 HTTP/1.1" 200 411
124.78.70.128 - - [30/Jul/2023:11:27:40 +0800] "GET /xingrg/check_reg.html?_=1690687126170 HTTP/1.1" 200 22
124.78.70.128 - - [30/Jul/2023:11:27:40 +0800] "GET /xingrg/all/function/internal_message.html?_=1690687126468&CODE_STATE=getMsg HTTP/1.1" 200 27
114.83.216.109 - - [30/Jul/2023:11:27:43 +0800] "GET /xingrg/kc/buy/cgsh_order_operate.html?command=get_materiel&rest_code=00149&code=00101010785&supplier_code=00100323&order_time=2023-07-30 HTTP/1.1" 200 461
222.69.144.196 - - [30/Jul/2023:11:27:43 +0800] "GET /xingrg/kc/buy/cgsh_order_operate.html?command=get_materiel&rest_code=00154&code=00101008354&supplier_code=00100417&order_time=2023-07-30 HTTP/1.1" 200 412
116.230.112.71 - - [30/Jul/2023:11:27:44 +0800] "GET /xingrg/kc/buy/cgsh_order_operate.html?command=get_materiel&rest_code=00146&code=00101009062&supplier_code=00100023&order_time=2023-07-30 HTTP/1.1" 200 414
180.152.241.196 - - [30/Jul/2023:11:27:44 +0800] "GET /xingrg/all/function/internal_message.html?_=1690687664615&CODE_STATE=getMsg HTTP/1.1" 200 27
101.83.145.37 - - [30/Jul/2023:11:27:46 +0800] "GET /xingrg/kc/buy/cgsh_order_operate.html?command=get_materiel&rest_code=00105&code=00101010143&supplier_code=00100327&order_time=2023-07-30 HTTP/1.1" 200 413
101.228.187.155 - - [30/Jul/2023:11:27:49 +0800] "GET /xingrg/check_reg.html?_=1690687667856 HTTP/1.1" 200 22
101.228.187.155 - - [30/Jul/2023:11:27:49 +0800] "GET /xingrg/all/function/internal_message.html?_=1690687667855&CODE_STATE=getMsg HTTP/1.1" 200 27
116.232.195.127 - - [30/Jul/2023:11:27:52 +0800] "GET /xingrg/kc/buy/cgsh_order_operate.html?command=get_materiel&rest_code=00155&code=00101008290&supplier_code=00100005&order_time=2023-07-30 HTTP/1.1" 200 416
222.70.114.12 - - [30/Jul/2023:11:27:52 +0800] "GET /xingrg/all/function/internal_message.html?_=1690687672983&CODE_STATE=getMsg HTTP/1.1" 200 27
222.70.114.12 - - [30/Jul/2023:11:27:52 +0800] "GET /xingrg/check_reg.html?_=1690687672984 HTTP/1.1" 200 22
124.79.243.110 - - [30/Jul/2023:11:27:53 +0800] "GET /xingrg/all/function/internal_message.html?_=1690687961738&CODE_STATE=getMsg HTTP/1.1" 200 27
114.85.113.108 - - [30/Jul/2023:11:27:54 +0800] "GET /xingrg/all/function/internal_message.html?_=1690687672236&CODE_STATE=getMsg HTTP/1.1" 200 27
180.152.241.196 - - [30/Jul/2023:11:27:54 +0800] "GET /xingrg/all/function/internal_message.html?_=1690687676991&CODE_STATE=getMsg HTTP/1.1" 200 27
58.40.7.146 - - [30/Jul/2023:11:27:56 +0800] "GET /xingrg/all/function/internal_message.html?_=1690687676753&CODE_STATE=getMsg HTTP/1.1" 200 27
101.83.145.37 - - [30/Jul/2023:11:27:57 +0800] "POST /xingrg/kc/buy/cgsh_order_operate.html HTTP/1.1" 200 37
101.83.145.37 - - [30/Jul/2023:11:28:01 +0800] "POST /xingrg/kc/buy/cgsh_order_operate.html HTTP/1.1" 200 4430
222.69.144.196 - - [30/Jul/2023:11:28:03 +0800] "GET /xingrg/all/function/internal_message.html?_=1690687811757&CODE_STATE=getMsg HTTP/1.1" 200 27
114.83.216.109 - - [30/Jul/2023:11:28:05 +0800] "POST /xingrg/kc/buy/cgsh_order_operate.html HTTP/1.1" 200 37
222.69.144.196 - - [30/Jul/2023:11:28:05 +0800] "GET /xingrg/kc/buy/cgsh_order_operate.html?command=get_materiel&rest_code=00154&code=00101008350&supplier_code=00100417&order_time=2023-07-30 HTTP/1.1" 200 429
101.83.145.37 - - [30/Jul/2023:11:28:06 +0800] "GET /xingrg/kc/print/load_data.html?order_code=212023073011966&kc_code=cgsh&condition= HTTP/1.1" 200 1346
222.70.180.90 - - [30/Jul/2023:11:28:06 +0800] "GET /xingrg/all/function/internal_message.html?_=1690687869253&CODE_STATE=getMsg HTTP/1.1" 200 27
114.83.216.109 - - [30/Jul/2023:11:28:07 +0800] "POST /xingrg/kc/buy/cgsh_order_operate.html HTTP/1.1" 200 3297
116.230.112.71 - - [30/Jul/2023:11:28:07 +0800] "GET /xingrg/kc/buy/cgsh_order_operate.html?command=get_materiel&rest_code=00146&code=00101009011&supplier_code=00100023&order_time=2023-07-30 HTTP/1.1" 200 416
58.39.110.125 - - [30/Jul/2023:11:28:08 +0800] "GET /xingrg/all/function/internal_message.html?_=1690687688579&CODE_STATE=getMsg HTTP/1.1" 200 27
116.232.195.127 - - [30/Jul/2023:11:28:09 +0800] "GET /xingrg/kc/buy/cgsh_order_operate.html?command=get_materiel&rest_code=00155&code=00101008141&supplier_code=00100005&order_time=2023-07-30 HTTP/1.1" 200 412
222.69.144.196 - - [30/Jul/2023:11:28:09 +0800] "POST /xingrg/kc/buy/cgsh_order_operate.html HTTP/1.1" 200 2065
114.83.216.109 - - [30/Jul/2023:11:28:11 +0800] "GET /xingrg/kc/print/load_data.html?order_code=212023073011967&kc_code=cgsh&condition= HTTP/1.1" 200 958
116.232.195.127 - - [30/Jul/2023:11:28:13 +0800] "GET /xingrg/all/function/internal_message.html?_=1690687640377&CODE_STATE=getMsg HTTP/1.1" 200 27
116.232.195.127 - - [30/Jul/2023:11:28:13 +0800] "GET /xingrg/check_reg.html?_=1690687640440 HTTP/1.1" 200 22
101.83.145.37 - - [30/Jul/2023:11:28:13 +0800] "GET /xingrg/kc/buy/cgsh_order_add.html HTTP/1.1" 200 71844
101.83.145.37 - - [30/Jul/2023:11:28:13 +0800] "POST /xingrg/kc/buy/cgsh_order_operate.html HTTP/1.1" 200 8245
101.83.145.37 - - [30/Jul/2023:11:28:14 +0800] "GET /xingrg/javascript/easyui/themes/default/validatebox.css HTTP/1.1" 404 1104
120.253.135.82 - - [30/Jul/2023:11:28:14 +0800] "GET /xingrg/all/function/internal_message.html?_=1690687515422&CODE_STATE=getMsg HTTP/1.1" 200 27
114.83.216.109 - - [30/Jul/2023:11:28:17 +0800] "GET /xingrg/all/function/internal_message.html?_=1690687693864&CODE_STATE=getMsg HTTP/1.1" 200 27
116.230.112.71 - - [30/Jul/2023:11:28:20 +0800] "GET /xingrg/kc/buy/cgsh_order_operate.html?command=get_materiel&rest_code=00146&code=00101009041&supplier_code=00100023&order_time=2023-07-30 HTTP/1.1" 200 409
180.165.154.167 - - [30/Jul/2023:11:28:20 +0800] "GET /xingrg/all/function/internal_message.html?_=1690687700888&CODE_STATE=getMsg HTTP/1.1" 200 27
222.69.144.196 - - [30/Jul/2023:11:28:21 +0800] "GET /xingrg/kc/buy/cgsh_order_operate.html?command=get_materiel&rest_code=00154&code=00101008005&supplier_code=00100417&order_time=2023-07-30 HTTP/1.1" 200 433
116.230.112.71 - - [30/Jul/2023:11:28:27 +0800] "GET /xingrg/check_reg.html?_=1690687733135 HTTP/1.1" 200 22
101.83.145.37 - - [30/Jul/2023:11:28:27 +0800] "GET /xingrg/all/function/internal_message.html?_=1690687709197&CODE_STATE=getMsg HTTP/1.1" 200 27
116.232.195.127 - - [30/Jul/2023:11:28:28 +0800] "GET /xingrg/kc/buy/cgsh_order_operate.html?command=get_materiel&rest_code=00155&code=00101008372&supplier_code=00100005&order_time=2023-07-30 HTTP/1.1" 200 410
124.78.155.92 - - [30/Jul/2023:11:28:29 +0800] "GET /xingrg/all/function/internal_message.html?_=1690687707374&CODE_STATE=getMsg HTTP/1.1" 200 27
101.83.145.37 - - [30/Jul/2023:11:28:30 +0800] "GET /xingrg/kc/buy/cgsh_order_operate.html?command=get_materiel&rest_code=00105&code=00101006026&supplier_code=00100323&order_time=2023-07-30 HTTP/1.1" 200 409
114.83.216.109 - - [30/Jul/2023:11:28:32 +0800] "GET /xingrg/kc/buy/cgsh_order_add.html HTTP/1.1" 200 71850
114.83.216.109 - - [30/Jul/2023:11:28:32 +0800] "POST /xingrg/kc/buy/cgsh_order_operate.html HTTP/1.1" 200 8245
114.83.216.109 - - [30/Jul/2023:11:28:32 +0800] "GET /xingrg/javascript/easyui/themes/default/validatebox.css HTTP/1.1" 404 1104
116.238.191.126 - - [30/Jul/2023:11:28:32 +0800] "GET /xingrg/all/function/internal_message.html?_=1690687712407&CODE_STATE=getMsg HTTP/1.1" 200 27
172.20.0.100 - - [30/Jul/2023:11:28:34 +0800] "GET /xingrg/all/function/internal_message.html?_=1690687713336&CODE_STATE=getMsg HTTP/1.1" 200 27
116.230.112.71 - - [30/Jul/2023:11:28:35 +0800] "GET /xingrg/all/function/internal_message.html?_=1690687741161&CODE_STATE=getMsg HTTP/1.1" 200 27
116.230.112.71 - - [30/Jul/2023:11:28:39 +0800] "POST /xingrg/kc/buy/cgsh_order_operate.html HTTP/1.1" 200 37
124.78.70.128 - - [30/Jul/2023:11:28:40 +0800] "GET /xingrg/all/function/internal_message.html?_=1690687186447&CODE_STATE=getMsg HTTP/1.1" 200 27
222.69.144.196 - - [30/Jul/2023:11:28:40 +0800] "GET /xingrg/kc/buy/cgsh_order_operate.html?command=get_materiel&rest_code=00154&code=00101019224&supplier_code=00100417&order_time=2023-07-30 HTTP/1.1" 200 408
124.78.155.92 - - [30/Jul/2023:11:28:42 +0800] "GET /xingrg/check_reg.html?_=1690687723589 HTTP/1.1" 200 22
116.230.112.71 - - [30/Jul/2023:11:28:43 +0800] "POST /xingrg/kc/buy/cgsh_order_operate.html HTTP/1.1" 200 4428
180.152.241.196 - - [30/Jul/2023:11:28:44 +0800] "GET /xingrg/all/function/internal_message.html?_=1690687724598&CODE_STATE=getMsg HTTP/1.1" 200 27
124.78.70.128 - - [30/Jul/2023:11:28:45 +0800] "GET /xingrg/kc/buy/cgsh_order_add.html HTTP/1.1" 200 71762
124.78.70.128 - - [30/Jul/2023:11:28:46 +0800] "GET /xingrg/javascript/easyui/themes/default/validatebox.css HTTP/1.1" 404 1104
124.78.70.128 - - [30/Jul/2023:11:28:46 +0800] "POST /xingrg/kc/buy/cgsh_order_operate.html HTTP/1.1" 200 8245
116.232.195.127 - - [30/Jul/2023:11:28:47 +0800] "GET /xingrg/kc/buy/cgsh_order_operate.html?command=get_materiel&rest_code=00155&code=00101008108&supplier_code=00100005&order_time=2023-07-30 HTTP/1.1" 200 412
116.230.112.71 - - [30/Jul/2023:11:28:48 +0800] "GET /xingrg/kc/print/load_data.html?order_code=212023073011968&kc_code=cgsh&condition= HTTP/1.1" 200 1368
101.228.187.155 - - [30/Jul/2023:11:28:49 +0800] "GET /xingrg/all/function/internal_message.html?_=1690687727861&CODE_STATE=getMsg HTTP/1.1" 200 27
114.83.216.109 - - [30/Jul/2023:11:28:52 +0800] "GET /xingrg/kc/buy/cgsh_order_operate.html?command=get_materiel&rest_code=00149&code=00101010079&supplier_code=00100336&order_time=2023-07-30 HTTP/1.1" 200 413
222.70.114.12 - - [30/Jul/2023:11:28:52 +0800] "GET /xingrg/all/function/internal_message.html?_=1690687732985&CODE_STATE=getMsg HTTP/1.1" 200 27
124.79.243.110 - - [30/Jul/2023:11:28:53 +0800] "GET /xingrg/all/function/internal_message.html?_=1690688021737&CODE_STATE=getMsg HTTP/1.1" 200 27
114.85.113.108 - - [30/Jul/2023:11:28:54 +0800] "GET /xingrg/all/function/internal_message.html?_=1690687732235&CODE_STATE=getMsg HTTP/1.1" 200 27
180.152.241.196 - - [30/Jul/2023:11:28:54 +0800] "GET /xingrg/all/function/internal_message.html?_=1690687736991&CODE_STATE=getMsg HTTP/1.1" 200 27
116.230.112.71 - - [30/Jul/2023:11:28:56 +0800] "GET /xingrg/kc/buy/cgsh_order_add.html HTTP/1.1" 200 71762
58.40.7.146 - - [30/Jul/2023:11:28:56 +0800] "GET /xingrg/all/function/internal_message.html?_=1690687736760&CODE_STATE=getMsg HTTP/1.1" 200 27
124.78.155.92 - - [30/Jul/2023:11:28:57 +0800] "GET /xingrg/login.html?r=1 HTTP/1.1" 200 7641
124.78.155.92 - - [30/Jul/2023:11:28:57 +0800] "GET /favicon.ico HTTP/1.1" 404 -
116.232.195.127 - - [30/Jul/2023:11:28:57 +0800] "GET /xingrg/kc/buy/cgsh_order_operate.html?command=get_materiel&rest_code=00155&code=00101008743&supplier_code=00100005&order_time=2023-07-30 HTTP/1.1" 200 399
116.230.112.71 - - [30/Jul/2023:11:28:57 +0800] "POST /xingrg/kc/buy/cgsh_order_operate.html HTTP/1.1" 200 8245
116.230.112.71 - - [30/Jul/2023:11:28:57 +0800] "GET /xingrg/javascript/easyui/themes/default/validatebox.css HTTP/1.1" 404 1104
124.78.155.92 - - [30/Jul/2023:11:29:00 +0800] "POST /xingrg/login.do HTTP/1.1" 302 -
124.78.155.92 - - [30/Jul/2023:11:29:00 +0800] "GET /xingrg/index.html?sysBaseUrl=http%3A%2F%2F180.169.147.146%3A18081%2Fxingrg%2F&costTime=1094×tamp=1690687740380 HTTP/1.1" 200 17173
124.78.155.92 - - [30/Jul/2023:11:29:00 +0800] "GET /favicon.ico HTTP/1.1" 404 -
124.78.155.92 - - [30/Jul/2023:11:29:00 +0800] "GET /xingrg/check_reg.html?_=1690687741800 HTTP/1.1" 200 22
124.78.155.92 - - [30/Jul/2023:11:29:00 +0800] "GET /xingrg/all/function/internal_message.html?_=1690687741799&CODE_STATE=count HTTP/1.1" 200 11
124.78.155.92 - - [30/Jul/2023:11:29:01 +0800] "POST /xingrg/load_menu.html HTTP/1.1" 200 5138
124.78.155.92 - - [30/Jul/2023:11:29:01 +0800] "POST /xingrg/all/common/load_tree.html?tree=area_rest_tree_json&manage=1 HTTP/1.1" 200 342
124.78.155.92 - - [30/Jul/2023:11:29:02 +0800] "GET /xingrg/kc/buy/buy_main.html HTTP/1.1" 200 12412
124.78.155.92 - - [30/Jul/2023:11:29:02 +0800] "GET /xingrg/css/new_ie.css HTTP/1.1" 404 1036
124.78.155.92 - - [30/Jul/2023:11:29:03 +0800] "GET /xingrg/images/yd/bt.gif HTTP/1.1" 404 1040
222.69.144.196 - - [30/Jul/2023:11:29:03 +0800] "GET /xingrg/all/function/internal_message.html?_=1690687871941&CODE_STATE=getMsg HTTP/1.1" 200 27
124.78.155.92 - - [30/Jul/2023:11:29:04 +0800] "GET /xingrg/kc/buy/cgsh_order_list.html HTTP/1.1" 200 55980
222.70.180.90 - - [30/Jul/2023:11:29:06 +0800] "GET /xingrg/all/function/internal_message.html?_=1690687929258&CODE_STATE=getMsg HTTP/1.1" 200 27
222.70.180.90 - - [30/Jul/2023:11:29:06 +0800] "GET /xingrg/check_reg.html?_=1690687929259 HTTP/1.1" 200 22
114.83.216.109 - - [30/Jul/2023:11:29:07 +0800] "POST /xingrg/kc/buy/cgsh_order_operate.html HTTP/1.1" 200 37
58.39.110.125 - - [30/Jul/2023:11:29:08 +0800] "GET /xingrg/all/function/internal_message.html?_=1690687748564&CODE_STATE=getMsg HTTP/1.1" 200 27
120.253.135.82 - - [30/Jul/2023:11:29:08 +0800] "GET /xingrg/check_reg.html?_=1690687569337 HTTP/1.1" 200 22
116.232.195.127 - - [30/Jul/2023:11:29:13 +0800] "GET /xingrg/all/function/internal_message.html?_=1690687700375&CODE_STATE=getMsg HTTP/1.1" 200 27
120.253.135.82 - - [30/Jul/2023:11:29:14 +0800] "GET /xingrg/all/function/internal_message.html?_=1690687575435&CODE_STATE=getMsg HTTP/1.1" 200 27
222.69.144.196 - - [30/Jul/2023:11:29:15 +0800] "POST /xingrg/kc/buy/cgsh_order_operate.html HTTP/1.1" 200 37
101.83.145.37 - - [30/Jul/2023:11:29:15 +0800] "GET /xingrg/kc/buy/cgsh_order_operate.html?command=get_materiel&rest_code=00105&code=00101001012&supplier_code=00100323&order_time=2023-07-30 HTTP/1.1" 200 415
114.83.216.109 - - [30/Jul/2023:11:29:15 +0800] "POST /xingrg/kc/buy/cgsh_order_operate.html HTTP/1.1" 200 2657
114.83.216.109 - - [30/Jul/2023:11:29:17 +0800] "GET /xingrg/all/function/internal_message.html?_=1690687753843&CODE_STATE=getMsg HTTP/1.1" 200 27
116.232.195.127 - - [30/Jul/2023:11:29:17 +0800] "GET /xingrg/kc/buy/cgsh_order_operate.html?command=get_materiel&rest_code=00155&code=00101008132&supplier_code=00100005&order_time=2023-07-30 HTTP/1.1" 200 408
114.83.216.109 - - [30/Jul/2023:11:29:19 +0800] "GET /xingrg/kc/print/load_data.html?order_code=212023073011969&kc_code=cgsh&condition= HTTP/1.1" 200 679
116.230.112.71 - - [30/Jul/2023:11:29:19 +0800] "GET /xingrg/kc/buy/cgsh_order_operate.html?command=get_materiel&rest_code=00146&code=00101010161&supplier_code=00100041&order_time=2023-07-30 HTTP/1.1" 200 409
180.165.154.167 - - [30/Jul/2023:11:29:20 +0800] "GET /xingrg/all/function/internal_message.html?_=1690687760872&CODE_STATE=getMsg HTTP/1.1" 200 27
101.83.145.37 - - [30/Jul/2023:11:29:27 +0800] "GET /xingrg/all/function/internal_message.html?_=1690687769177&CODE_STATE=getMsg HTTP/1.1" 200 27
124.78.155.92 - - [30/Jul/2023:11:29:29 +0800] "GET /xingrg/all/function/internal_message.html?_=1690687767345&CODE_STATE=getMsg HTTP/1.1" 200 27
222.69.144.196 - - [30/Jul/2023:11:29:29 +0800] "POST /xingrg/kc/buy/cgsh_order_operate.html HTTP/1.1" 200 12
124.78.155.92 - - [30/Jul/2023:11:29:29 +0800] "POST /xingrg/kc/buy/cgsh_list_operate.html HTTP/1.1" 200 1870
116.232.195.127 - - [30/Jul/2023:11:29:29 +0800] "GET /xingrg/kc/buy/cgsh_order_operate.html?command=get_materiel&rest_code=00155&code=00101008331&supplier_code=00100005&order_time=2023-07-30 HTTP/1.1" 200 416
222.69.144.196 - - [30/Jul/2023:11:29:32 +0800] "GET /xingrg/kc/buy/cgsh_order_info.html?code=212023073011970 HTTP/1.1" 200 65877
222.69.144.196 - - [30/Jul/2023:11:29:32 +0800] "GET /xingrg/javascript/easyui/themes/default/validatebox.css HTTP/1.1" 404 1104
116.238.191.126 - - [30/Jul/2023:11:29:32 +0800] "GET /xingrg/all/function/internal_message.html?_=1690687772408&CODE_STATE=getMsg HTTP/1.1" 200 27
172.20.0.100 - - [30/Jul/2023:11:29:34 +0800] "GET /xingrg/all/function/internal_message.html?_=1690687773337&CODE_STATE=getMsg HTTP/1.1" 200 27
222.69.144.196 - - [30/Jul/2023:11:29:34 +0800] "POST /xingrg/kc/buy/cgsh_order_operate.html HTTP/1.1" 200 12972
116.230.112.71 - - [30/Jul/2023:11:29:35 +0800] "GET /xingrg/all/function/internal_message.html?_=1690687801174&CODE_STATE=getMsg HTTP/1.1" 200 27
222.69.144.196 - - [30/Jul/2023:11:29:36 +0800] "GET /xingrg/kc/print/load_data.html?order_code=212023073011970&kc_code=cgsh&condition= HTTP/1.1" 200 5337
101.83.145.37 - - [30/Jul/2023:11:29:38 +0800] "GET /xingrg/kc/buy/cgsh_order_operate.html?command=get_materiel&rest_code=00105&code=00101020019&supplier_code=00100323&order_time=2023-07-30 HTTP/1.1" 200 426
124.78.70.128 - - [30/Jul/2023:11:29:40 +0800] "GET /xingrg/all/function/internal_message.html?_=1690687246416&CODE_STATE=getMsg HTTP/1.1" 200 27
124.78.155.92 - - [30/Jul/2023:11:29:40 +0800] "GET /xingrg/kc/buy/cgsh_order_add.html HTTP/1.1" 200 71756
116.230.112.71 - - [30/Jul/2023:11:29:40 +0800] "GET /xingrg/kc/buy/cgsh_order_operate.html?command=get_materiel&rest_code=00146&code=00101001032&supplier_code=00100041&order_time=2023-07-30 HTTP/1.1" 200 415
124.78.155.92 - - [30/Jul/2023:11:29:40 +0800] "GET /xingrg/javascript/easyui/themes/default/validatebox.css HTTP/1.1" 404 1104
124.78.155.92 - - [30/Jul/2023:11:29:40 +0800] "POST /xingrg/kc/buy/cgsh_order_operate.html HTTP/1.1" 200 8245
124.78.155.92 - - [30/Jul/2023:11:29:40 +0800] "GET /xingrg/all/common/auto_word.html?type=employee&rest_code=00106 HTTP/1.1" 200 205
124.78.155.92 - - [30/Jul/2023:11:29:40 +0800] "GET /xingrg/all/common/auto_word.html?type=employee&rest_code=00106 HTTP/1.1" 200 205
124.78.155.92 - - [30/Jul/2023:11:29:42 +0800] "GET /xingrg/javascript/easyui/themes/default/tree.css HTTP/1.1" 404 1090
124.78.155.92 - - [30/Jul/2023:11:29:43 +0800] "POST /xingrg/all/common/load_tree.html?tree=supplier_tree_json&isDelete=1 HTTP/1.1" 200 74671
116.232.195.127 - - [30/Jul/2023:11:29:43 +0800] "GET /xingrg/kc/buy/cgsh_order_operate.html?command=get_materiel&rest_code=00155&code=00101008436&supplier_code=00100005&order_time=2023-07-30 HTTP/1.1" 200 412
180.152.241.196 - - [30/Jul/2023:11:29:44 +0800] "GET /xingrg/all/function/internal_message.html?_=1690687784582&CODE_STATE=getMsg HTTP/1.1" 200 27
101.228.187.155 - - [30/Jul/2023:11:29:49 +0800] "GET /xingrg/all/function/internal_message.html?_=1690687787861&CODE_STATE=getMsg HTTP/1.1" 200 27
222.70.114.12 - - [30/Jul/2023:11:29:52 +0800] "GET /xingrg/all/function/internal_message.html?_=1690687792987&CODE_STATE=getMsg HTTP/1.1" 200 27
124.79.243.110 - - [30/Jul/2023:11:29:53 +0800] "GET /xingrg/check_reg.html?_=1690688081754 HTTP/1.1" 200 22
124.79.243.110 - - [30/Jul/2023:11:29:53 +0800] "GET /xingrg/all/function/internal_message.html?_=1690688081752&CODE_STATE=getMsg HTTP/1.1" 200 27
124.78.155.92 - - [30/Jul/2023:11:29:54 +0800] "GET /xingrg/javascript/auto/indicator.gif HTTP/1.1" 404 1066
114.85.113.108 - - [30/Jul/2023:11:29:54 +0800] "GET /xingrg/all/function/internal_message.html?_=1690687792233&CODE_STATE=getMsg HTTP/1.1" 200 27
180.152.241.196 - - [30/Jul/2023:11:29:54 +0800] "GET /xingrg/all/function/internal_message.html?_=1690687796995&CODE_STATE=getMsg HTTP/1.1" 200 27
180.152.241.196 - - [30/Jul/2023:11:29:54 +0800] "GET /xingrg/check_reg.html?_=1690687796997 HTTP/1.1" 200 22
101.83.145.37 - - [30/Jul/2023:11:29:55 +0800] "GET /xingrg/kc/buy/cgsh_order_operate.html?command=get_materiel&rest_code=00105&code=00101010276&supplier_code=00100323&order_time=2023-07-30 HTTP/1.1" 200 416
58.40.7.146 - - [30/Jul/2023:11:29:56 +0800] "GET /xingrg/check_reg.html?_=1690687796750 HTTP/1.1" 200 22
58.40.7.146 - - [30/Jul/2023:11:29:56 +0800] "GET /xingrg/all/function/internal_message.html?_=1690687796752&CODE_STATE=getMsg HTTP/1.1" 200 27
116.232.195.127 - - [30/Jul/2023:11:29:58 +0800] "GET /xingrg/kc/buy/cgsh_order_operate.html?command=get_materiel&rest_code=00155&code=00101008354&supplier_code=00100005&order_time=2023-07-30 HTTP/1.1" 200 412
124.78.155.92 - - [30/Jul/2023:11:30:00 +0800] "GET /xingrg/all/function/internal_message.html?_=1690687801810&CODE_STATE=getMsg HTTP/1.1" 200 27
114.83.216.109 - - [30/Jul/2023:11:30:01 +0800] "GET /xingrg/kc/buy/cgsh_order_add.html HTTP/1.1" 200 71850
114.83.216.109 - - [30/Jul/2023:11:30:01 +0800] "POST /xingrg/kc/buy/cgsh_order_operate.html HTTP/1.1" 200 8245
114.83.216.109 - - [30/Jul/2023:11:30:01 +0800] "GET /xingrg/javascript/easyui/themes/default/validatebox.css HTTP/1.1" 404 1104
124.78.155.92 - - [30/Jul/2023:11:30:02 +0800] "GET /xingrg/kc/buy/cgsh_order_operate.html?command=get_materiel&rest_code=00106&code=00101001125&supplier_code=00100090&order_time=2023-07-30 HTTP/1.1" 200 417
222.69.144.196 - - [30/Jul/2023:11:30:03 +0800] "GET /xingrg/all/function/internal_message.html?_=1690687931934&CODE_STATE=getMsg HTTP/1.1" 200 27
101.83.145.37 - - [30/Jul/2023:11:30:06 +0800] "GET /xingrg/kc/buy/cgsh_order_operate.html?command=get_materiel&rest_code=00105&code=00101007197&supplier_code=00100323&order_time=2023-07-30 HTTP/1.1" 200 405
222.70.180.90 - - [30/Jul/2023:11:30:06 +0800] "GET /xingrg/all/function/internal_message.html?_=1690687989254&CODE_STATE=getMsg HTTP/1.1" 200 27
116.230.112.71 - - [30/Jul/2023:11:30:07 +0800] "GET /xingrg/kc/buy/cgsh_order_operate.html?command=get_materiel&rest_code=00146&code=00101005037&supplier_code=00100041&order_time=2023-07-30 HTTP/1.1" 200 409
58.39.110.125 - - [30/Jul/2023:11:30:08 +0800] "GET /xingrg/all/function/internal_message.html?_=1690687808540&CODE_STATE=getMsg HTTP/1.1" 200 27
58.39.110.125 - - [30/Jul/2023:11:30:09 +0800] "GET /xingrg/check_reg.html?_=1690687809647 HTTP/1.1" 200 22
116.232.195.127 - - [30/Jul/2023:11:30:11 +0800] "GET /xingrg/kc/buy/cgsh_order_operate.html?command=get_materiel&rest_code=00155&code=00101008096&supplier_code=00100005&order_time=2023-07-30 HTTP/1.1" 200 431
222.69.144.196 - - [30/Jul/2023:11:30:11 +0800] "GET /xingrg/kc/buy/cgsh_order_add.html HTTP/1.1" 200 70966
222.69.144.196 - - [30/Jul/2023:11:30:12 +0800] "POST /xingrg/kc/buy/cgsh_order_operate.html HTTP/1.1" 200 8245
222.69.144.196 - - [30/Jul/2023:11:30:12 +0800] "GET /xingrg/javascript/easyui/themes/default/validatebox.css HTTP/1.1" 404 1104
116.232.195.127 - - [30/Jul/2023:11:30:13 +0800] "GET /xingrg/all/function/internal_message.html?_=1690687760342&CODE_STATE=getMsg HTTP/1.1" 200 27
120.253.135.82 - - [30/Jul/2023:11:30:14 +0800] "GET /xingrg/all/function/internal_message.html?_=1690687635449&CODE_STATE=getMsg HTTP/1.1" 200 27
101.83.145.37 - - [30/Jul/2023:11:30:15 +0800] "GET /xingrg/kc/buy/cgsh_order_operate.html?command=get_materiel&rest_code=00105&code=00101007106&supplier_code=00100323&order_time=2023-07-30 HTTP/1.1" 200 409
114.83.216.109 - - [30/Jul/2023:11:30:16 +0800] "GET /xingrg/kc/buy/cgsh_order_operate.html?command=get_materiel&rest_code=00149&code=00101012046&supplier_code=00100487&order_time=2023-07-30 HTTP/1.1" 200 417
114.83.216.109 - - [30/Jul/2023:11:30:17 +0800] "GET /xingrg/all/function/internal_message.html?_=1690687813828&CODE_STATE=getMsg HTTP/1.1" 200 27
180.165.154.167 - - [30/Jul/2023:11:30:20 +0800] "GET /xingrg/all/function/internal_message.html?_=1690687820854&CODE_STATE=getMsg HTTP/1.1" 200 27
180.165.154.167 - - [30/Jul/2023:11:30:22 +0800] "GET /xingrg/check_reg.html?_=1690687822520 HTTP/1.1" 200 22
116.230.112.71 - - [30/Jul/2023:11:30:24 +0800] "GET /xingrg/kc/buy/cgsh_order_operate.html?command=get_materiel&rest_code=00146&code=00101001075&supplier_code=00100041&order_time=2023-07-30 HTTP/1.1" 200 409
116.232.195.127 - - [30/Jul/2023:11:30:24 +0800] "GET /xingrg/kc/buy/cgsh_order_operate.html?command=get_materiel&rest_code=00155&code=00101008163&supplier_code=00100005&order_time=2023-07-30 HTTP/1.1" 200 409
124.78.70.128 - - [30/Jul/2023:11:30:24 +0800] "GET /xingrg/kc/buy/cgsh_order_operate.html?command=get_materiel&rest_code=00141&code=00101002007&supplier_code=00100442&order_time=2023-07-30 HTTP/1.1" 200 409
101.83.145.37 - - [30/Jul/2023:11:30:27 +0800] "GET /xingrg/all/function/internal_message.html?_=1690687829149&CODE_STATE=getMsg HTTP/1.1" 200 27
101.83.145.37 - - [30/Jul/2023:11:30:27 +0800] "GET /xingrg/check_reg.html?_=1690687829270 HTTP/1.1" 200 22
124.78.155.92 - - [30/Jul/2023:11:30:28 +0800] "GET /xingrg/kc/buy/cgsh_order_operate.html?command=get_materiel&rest_code=00106&code=00101001037&supplier_code=00100090&order_time=2023-07-30 HTTP/1.1" 200 418
124.78.155.92 - - [30/Jul/2023:11:30:29 +0800] "GET /xingrg/all/function/internal_message.html?_=1690687827317&CODE_STATE=getMsg HTTP/1.1" 200 27
101.83.145.37 - - [30/Jul/2023:11:30:30 +0800] "GET /xingrg/kc/buy/cgsh_order_operate.html?command=get_materiel&rest_code=00105&code=00101007097&supplier_code=00100323&order_time=2023-07-30 HTTP/1.1" 200 416
116.238.191.126 - - [30/Jul/2023:11:30:32 +0800] "GET /xingrg/check_reg.html?_=1690687832423 HTTP/1.1" 200 22
114.83.216.109 - - [30/Jul/2023:11:30:34 +0800] "GET /xingrg/kc/buy/cgsh_order_operate.html?command=get_materiel&rest_code=00149&code=00101012101&supplier_code=00100487&order_time=2023-07-30 HTTP/1.1" 200 418
172.20.0.100 - - [30/Jul/2023:11:30:34 +0800] "GET /xingrg/all/function/internal_message.html?_=1690687833342&CODE_STATE=getMsg HTTP/1.1" 200 27
172.20.0.100 - - [30/Jul/2023:11:30:34 +0800] "GET /xingrg/check_reg.html?_=1690687833343 HTTP/1.1" 200 22
116.230.112.71 - - [30/Jul/2023:11:30:35 +0800] "GET /xingrg/all/function/internal_message.html?_=1690687861393&CODE_STATE=getMsg HTTP/1.1" 200 27
116.238.191.126 - - [30/Jul/2023:11:30:35 +0800] "GET /xingrg/all/function/internal_message.html?_=1690687832426&CODE_STATE=getMsg HTTP/1.1" 200 27
124.78.70.128 - - [30/Jul/2023:11:30:39 +0800] "GET /xingrg/kc/buy/cgsh_order_operate.html?command=get_materiel&rest_code=00141&code=00101001060&supplier_code=00100442&order_time=2023-07-30 HTTP/1.1" 200 421
116.230.112.71 - - [30/Jul/2023:11:30:39 +0800] "GET /xingrg/kc/buy/cgsh_order_operate.html?command=get_materiel&rest_code=00146&code=00101002027&supplier_code=00100041&order_time=2023-07-30 HTTP/1.1" 200 413
124.78.70.128 - - [30/Jul/2023:11:30:40 +0800] "GET /xingrg/all/function/internal_message.html?_=1690687306390&CODE_STATE=getMsg HTTP/1.1" 200 27
116.232.195.127 - - [30/Jul/2023:11:30:40 +0800] "GET /xingrg/kc/buy/cgsh_order_operate.html?command=get_materiel&rest_code=00155&code=00101008301&supplier_code=00100005&order_time=2023-07-30 HTTP/1.1" 200 422
114.83.216.109 - - [30/Jul/2023:11:30:43 +0800] "GET /xingrg/check_reg.html?_=1690687840091 HTTP/1.1" 200 22
180.152.241.196 - - [30/Jul/2023:11:30:44 +0800] "GET /xingrg/all/function/internal_message.html?_=1690687844559&CODE_STATE=getMsg HTTP/1.1" 200 27
114.83.216.109 - - [30/Jul/2023:11:30:47 +0800] "GET /xingrg/kc/buy/cgsh_order_operate.html?command=get_materiel&rest_code=00149&code=00101020427&supplier_code=00100487&order_time=2023-07-30 HTTP/1.1" 200 396
101.228.187.155 - - [30/Jul/2023:11:30:49 +0800] "GET /xingrg/all/function/internal_message.html?_=1690687847860&CODE_STATE=getMsg HTTP/1.1" 200 27
222.70.114.12 - - [30/Jul/2023:11:30:52 +0800] "GET /xingrg/all/function/internal_message.html?_=1690687852989&CODE_STATE=getMsg HTTP/1.1" 200 27
124.79.243.110 - - [30/Jul/2023:11:30:53 +0800] "GET /xingrg/all/function/internal_message.html?_=1690688141737&CODE_STATE=getMsg HTTP/1.1" 200 27
114.85.113.108 - - [30/Jul/2023:11:30:54 +0800] "GET /xingrg/all/function/internal_message.html?_=1690687852236&CODE_STATE=getMsg HTTP/1.1" 200 27
180.152.241.196 - - [30/Jul/2023:11:30:54 +0800] "GET /xingrg/all/function/internal_message.html?_=1690687857000&CODE_STATE=getMsg HTTP/1.1" 200 27
58.40.7.146 - - [30/Jul/2023:11:30:56 +0800] "GET /xingrg/all/function/internal_message.html?_=1690687856763&CODE_STATE=getMsg HTTP/1.1" 200 27
101.83.145.37 - - [30/Jul/2023:11:30:56 +0800] "POST /xingrg/kc/buy/cgsh_order_operate.html HTTP/1.1" 200 37
124.78.155.92 - - [30/Jul/2023:11:30:58 +0800] "GET /xingrg/kc/buy/cgsh_order_operate.html?command=get_materiel&rest_code=00106&code=00101001140&supplier_code=00100090&order_time=2023-07-30 HTTP/1.1" 200 417
116.232.195.127 - - [30/Jul/2023:11:30:58 +0800] "GET /xingrg/kc/buy/cgsh_order_operate.html?command=get_materiel&rest_code=00155&code=00101008148&supplier_code=00100005&order_time=2023-07-30 HTTP/1.1" 200 416
116.230.112.71 - - [30/Jul/2023:11:30:59 +0800] "GET /xingrg/kc/buy/cgsh_order_operate.html?command=get_materiel&rest_code=00146&code=00101001127&supplier_code=00100041&order_time=2023-07-30 HTTP/1.1" 200 429
101.83.145.37 - - [30/Jul/2023:11:31:00 +0800] "POST /xingrg/kc/buy/cgsh_order_operate.html HTTP/1.1" 200 5635
222.69.144.196 - - [30/Jul/2023:11:31:00 +0800] "GET /xingrg/kc/buy/cgsh_order_operate.html?command=get_materiel&rest_code=00154&code=00101008155&supplier_code=00100417&order_time=2023-07-30 HTTP/1.1" 200 408
124.78.155.92 - - [30/Jul/2023:11:31:00 +0800] "GET /xingrg/all/function/internal_message.html?_=1690687861812&CODE_STATE=getMsg HTTP/1.1" 200 27
101.83.145.37 - - [30/Jul/2023:11:31:02 +0800] "GET /xingrg/kc/print/load_data.html?order_code=212023073011971&kc_code=cgsh&condition= HTTP/1.1" 200 1814
222.69.144.196 - - [30/Jul/2023:11:31:03 +0800] "GET /xingrg/check_reg.html?_=1690687991767 HTTP/1.1" 200 22
222.69.144.196 - - [30/Jul/2023:11:31:03 +0800] "GET /xingrg/all/function/internal_message.html?_=1690687991923&CODE_STATE=getMsg HTTP/1.1" 200 27
114.83.216.109 - - [30/Jul/2023:11:31:06 +0800] "POST /xingrg/kc/buy/cgsh_order_operate.html HTTP/1.1" 200 37
124.78.70.128 - - [30/Jul/2023:11:31:06 +0800] "GET /xingrg/kc/buy/cgsh_order_operate.html?command=get_materiel&rest_code=00141&code=00101006259&supplier_code=00100442&order_time=2023-07-30 HTTP/1.1" 200 409
222.70.180.90 - - [30/Jul/2023:11:31:06 +0800] "GET /xingrg/all/function/internal_message.html?_=1690688049243&CODE_STATE=getMsg HTTP/1.1" 200 27
101.83.145.37 - - [30/Jul/2023:11:31:07 +0800] "GET /xingrg/kc/buy/cgsh_order_add.html HTTP/1.1" 200 71844
101.83.145.37 - - [30/Jul/2023:11:31:07 +0800] "POST /xingrg/kc/buy/cgsh_order_operate.html HTTP/1.1" 200 8245
101.83.145.37 - - [30/Jul/2023:11:31:07 +0800] "GET /xingrg/javascript/easyui/themes/default/validatebox.css HTTP/1.1" 404 1104
58.39.110.125 - - [30/Jul/2023:11:31:08 +0800] "GET /xingrg/all/function/internal_message.html?_=1690687868538&CODE_STATE=getMsg HTTP/1.1" 200 27
114.83.216.109 - - [30/Jul/2023:11:31:08 +0800] "POST /xingrg/kc/buy/cgsh_order_operate.html HTTP/1.1" 200 3848
116.232.195.127 - - [30/Jul/2023:11:31:13 +0800] "GET /xingrg/all/function/internal_message.html?_=1690687820324&CODE_STATE=getMsg HTTP/1.1" 200 27
120.253.135.82 - - [30/Jul/2023:11:31:14 +0800] "GET /xingrg/all/function/internal_message.html?_=1690687695695&CODE_STATE=getMsg HTTP/1.1" 200 27
116.230.112.71 - - [30/Jul/2023:11:31:15 +0800] "POST /xingrg/kc/buy/cgsh_order_operate.html HTTP/1.1" 200 37
114.83.216.109 - - [30/Jul/2023:11:31:16 +0800] "GET /xingrg/kc/print/load_data.html?order_code=212023073011972&kc_code=cgsh&condition= HTTP/1.1" 200 1145
114.83.216.109 - - [30/Jul/2023:11:31:17 +0800] "GET /xingrg/all/function/internal_message.html?_=1690687873816&CODE_STATE=getMsg HTTP/1.1" 200 27
116.232.195.127 - - [30/Jul/2023:11:31:17 +0800] "GET /xingrg/kc/buy/cgsh_order_operate.html?command=get_materiel&rest_code=00155&code=00101008264&supplier_code=00100005&order_time=2023-07-30 HTTP/1.1" 200 412
116.230.112.71 - - [30/Jul/2023:11:31:19 +0800] "POST /xingrg/kc/buy/cgsh_order_operate.html HTTP/1.1" 200 5625
124.78.155.92 - - [30/Jul/2023:11:31:20 +0800] "GET /xingrg/kc/buy/cgsh_order_operate.html?command=get_materiel&rest_code=00106&code=00101001052&supplier_code=00100090&order_time=2023-07-30 HTTP/1.1" 200 411
222.69.144.196 - - [30/Jul/2023:11:31:20 +0800] "GET /xingrg/kc/buy/cgsh_order_operate.html?command=get_materiel&rest_code=00154&code=00101008321&supplier_code=00100417&order_time=2023-07-30 HTTP/1.1" 200 412
180.165.154.167 - - [30/Jul/2023:11:31:20 +0800] "GET /xingrg/all/function/internal_message.html?_=1690687880838&CODE_STATE=getMsg HTTP/1.1" 200 27
114.83.216.109 - - [30/Jul/2023:11:31:21 +0800] "GET /xingrg/kc/buy/cgsh_order_add.html HTTP/1.1" 200 71850
114.83.216.109 - - [30/Jul/2023:11:31:21 +0800] "POST /xingrg/kc/buy/cgsh_order_operate.html HTTP/1.1" 200 8245
114.83.216.109 - - [30/Jul/2023:11:31:21 +0800] "GET /xingrg/javascript/easyui/themes/default/validatebox.css HTTP/1.1" 404 1104
101.83.145.37 - - [30/Jul/2023:11:31:23 +0800] "GET /xingrg/kc/buy/cgsh_order_operate.html?command=get_materiel&rest_code=00105&code=00101010646&supplier_code=00100325&order_time=2023-07-30 HTTP/1.1" 200 422
116.230.112.71 - - [30/Jul/2023:11:31:26 +0800] "GET /xingrg/kc/print/load_data.html?order_code=212023073011973&kc_code=cgsh&condition= HTTP/1.1" 200 1831
124.78.155.92 - - [30/Jul/2023:11:31:29 +0800] "GET /xingrg/all/function/internal_message.html?_=1690687887291&CODE_STATE=getMsg HTTP/1.1" 200 27
116.238.191.126 - - [30/Jul/2023:11:31:32 +0800] "GET /xingrg/all/function/internal_message.html?_=1690687892428&CODE_STATE=getMsg HTTP/1.1" 200 27
172.20.0.100 - - [30/Jul/2023:11:31:34 +0800] "GET /xingrg/all/function/internal_message.html?_=1690687893344&CODE_STATE=getMsg HTTP/1.1" 200 27
101.83.145.37 - - [30/Jul/2023:11:31:34 +0800] "POST /xingrg/kc/buy/cgsh_order_operate.html HTTP/1.1" 200 37
116.230.112.71 - - [30/Jul/2023:11:31:34 +0800] "GET /xingrg/kc/buy/cgsh_order_add.html HTTP/1.1" 200 71762
116.230.112.71 - - [30/Jul/2023:11:31:35 +0800] "POST /xingrg/kc/buy/cgsh_order_operate.html HTTP/1.1" 200 8245
116.230.112.71 - - [30/Jul/2023:11:31:35 +0800] "GET /xingrg/all/function/internal_message.html?_=1690687921599&CODE_STATE=getMsg HTTP/1.1" 200 27
116.230.112.71 - - [30/Jul/2023:11:31:35 +0800] "GET /xingrg/javascript/easyui/themes/default/validatebox.css HTTP/1.1" 404 1104
116.232.195.127 - - [30/Jul/2023:11:31:36 +0800] "GET /xingrg/kc/buy/cgsh_order_operate.html?command=get_materiel&rest_code=00155&code=00101023033&supplier_code=00100005&order_time=2023-07-30 HTTP/1.1" 200 410
101.83.145.37 - - [30/Jul/2023:11:31:37 +0800] "POST /xingrg/kc/buy/cgsh_order_operate.html HTTP/1.1" 200 2666
124.78.70.128 - - [30/Jul/2023:11:31:40 +0800] "GET /xingrg/all/function/internal_message.html?_=1690687366363&CODE_STATE=getMsg HTTP/1.1" 200 27
101.83.145.37 - - [30/Jul/2023:11:31:43 +0800] "GET /xingrg/kc/print/load_data.html?order_code=212023073011974&kc_code=cgsh&condition= HTTP/1.1" 200 685
180.152.241.196 - - [30/Jul/2023:11:31:44 +0800] "GET /xingrg/check_reg.html?_=1690687904540 HTTP/1.1" 200 22
180.152.241.196 - - [30/Jul/2023:11:31:44 +0800] "GET /xingrg/all/function/internal_message.html?_=1690687904543&CODE_STATE=getMsg HTTP/1.1" 200 27
101.228.187.155 - - [30/Jul/2023:11:31:49 +0800] "GET /xingrg/all/function/internal_message.html?_=1690687907859&CODE_STATE=getMsg HTTP/1.1" 200 27
116.230.112.71 - - [30/Jul/2023:11:31:49 +0800] "GET /xingrg/kc/buy/cgsh_order_operate.html?command=get_materiel&rest_code=00146&code=00101012029&supplier_code=00100033&order_time=2023-07-30 HTTP/1.1" 200 412
222.70.114.12 - - [30/Jul/2023:11:31:52 +0800] "GET /xingrg/all/function/internal_message.html?_=1690687912991&CODE_STATE=getMsg HTTP/1.1" 200 27
101.83.145.37 - - [30/Jul/2023:11:31:52 +0800] "GET /xingrg/kc/buy/cgsh_order_add.html HTTP/1.1" 200 71844
101.83.145.37 - - [30/Jul/2023:11:31:53 +0800] "POST /xingrg/kc/buy/cgsh_order_operate.html HTTP/1.1" 200 8245
101.83.145.37 - - [30/Jul/2023:11:31:53 +0800] "GET /xingrg/javascript/easyui/themes/default/validatebox.css HTTP/1.1" 404 1104
124.79.243.110 - - [30/Jul/2023:11:31:53 +0800] "GET /xingrg/all/function/internal_message.html?_=1690688201737&CODE_STATE=getMsg HTTP/1.1" 200 27
180.152.241.196 - - [30/Jul/2023:11:31:54 +0800] "GET /xingrg/all/function/internal_message.html?_=1690687916996&CODE_STATE=getMsg HTTP/1.1" 200 27
114.85.113.108 - - [30/Jul/2023:11:31:54 +0800] "GET /xingrg/all/function/internal_message.html?_=1690687912252&CODE_STATE=getMsg HTTP/1.1" 200 27
114.85.113.108 - - [30/Jul/2023:11:31:54 +0800] "GET /xingrg/check_reg.html?_=1690687912256 HTTP/1.1" 200 22
124.78.155.92 - - [30/Jul/2023:11:31:56 +0800] "POST /xingrg/kc/buy/cgsh_order_operate.html HTTP/1.1" 200 37
116.232.195.127 - - [30/Jul/2023:11:31:56 +0800] "GET /xingrg/kc/buy/cgsh_order_operate.html?command=get_materiel&rest_code=00155&code=00101008356&supplier_code=00100005&order_time=2023-07-30 HTTP/1.1" 200 408
114.83.216.109 - - [30/Jul/2023:11:31:56 +0800] "GET /xingrg/kc/buy/cgsh_order_operate.html?command=get_materiel&rest_code=00149&code=00101007032&supplier_code=00100328&order_time=2023-07-30 HTTP/1.1" 200 413
58.40.7.146 - - [30/Jul/2023:11:31:56 +0800] "GET /xingrg/all/function/internal_message.html?_=1690687916758&CODE_STATE=getMsg HTTP/1.1" 200 27
124.78.155.92 - - [30/Jul/2023:11:32:00 +0800] "GET /xingrg/all/function/internal_message.html?_=1690687921806&CODE_STATE=getMsg HTTP/1.1" 200 27
180.169.147.146 - - [30/Jul/2023:11:32:00 +0800] "GET /xingrg/check_reg.html?_=1690687921635 HTTP/1.1" 200 22
222.69.144.196 - - [30/Jul/2023:11:32:03 +0800] "GET /xingrg/all/function/internal_message.html?_=1690688051902&CODE_STATE=getMsg HTTP/1.1" 200 27
101.83.145.37 - - [30/Jul/2023:11:32:06 +0800] "GET /xingrg/kc/buy/cgsh_order_operate.html?command=get_materiel&rest_code=00105&code=00101001256&supplier_code=00100479&order_time=2023-07-30 HTTP/1.1" 200 418
222.70.180.90 - - [30/Jul/2023:11:32:06 +0800] "GET /xingrg/all/function/internal_message.html?_=1690688109251&CODE_STATE=getMsg HTTP/1.1" 200 27
116.232.195.127 - - [30/Jul/2023:11:32:06 +0800] "GET /xingrg/kc/buy/cgsh_order_operate.html?command=get_materiel&rest_code=00155&code=00101008059&supplier_code=00100005&order_time=2023-07-30 HTTP/1.1" 200 408
124.78.155.92 - - [30/Jul/2023:11:32:06 +0800] "POST /xingrg/kc/buy/cgsh_order_operate.html HTTP/1.1" 200 12
58.39.110.125 - - [30/Jul/2023:11:32:08 +0800] "GET /xingrg/all/function/internal_message.html?_=1690687928509&CODE_STATE=getMsg HTTP/1.1" 200 27
124.78.155.92 - - [30/Jul/2023:11:32:09 +0800] "GET /xingrg/kc/buy/cgsh_order_info.html?code=212023073011975 HTTP/1.1" 200 66669
116.230.112.71 - - [30/Jul/2023:11:32:09 +0800] "GET /xingrg/kc/buy/cgsh_order_operate.html?command=get_materiel&rest_code=00146&code=00101012025&supplier_code=00100033&order_time=2023-07-30 HTTP/1.1" 200 412
124.78.155.92 - - [30/Jul/2023:11:32:09 +0800] "GET /xingrg/javascript/easyui/themes/default/validatebox.css HTTP/1.1" 404 1104
116.232.195.127 - - [30/Jul/2023:11:32:13 +0800] "GET /xingrg/all/function/internal_message.html?_=1690687880305&CODE_STATE=getMsg HTTP/1.1" 200 27
120.253.135.82 - - [30/Jul/2023:11:32:14 +0800] "GET /xingrg/all/function/internal_message.html?_=1690687755710&CODE_STATE=getMsg HTTP/1.1" 200 27
114.83.216.109 - - [30/Jul/2023:11:32:15 +0800] "POST /xingrg/kc/buy/cgsh_order_operate.html HTTP/1.1" 200 37
124.78.155.92 - - [30/Jul/2023:11:32:15 +0800] "POST /xingrg/kc/buy/cgsh_order_operate.html HTTP/1.1" 200 2403
114.83.216.109 - - [30/Jul/2023:11:32:17 +0800] "GET /xingrg/all/function/internal_message.html?_=1690687933818&CODE_STATE=getMsg HTTP/1.1" 200 27
124.78.155.92 - - [30/Jul/2023:11:32:18 +0800] "GET /xingrg/kc/print/load_config.html?kc_code=cgsh HTTP/1.1" 200 1924
180.165.154.167 - - [30/Jul/2023:11:32:20 +0800] "GET /xingrg/all/function/internal_message.html?_=1690687940818&CODE_STATE=getMsg HTTP/1.1" 200 27
101.83.145.37 - - [30/Jul/2023:11:32:21 +0800] "POST /xingrg/kc/buy/cgsh_order_operate.html HTTP/1.1" 200 37
116.232.195.127 - - [30/Jul/2023:11:32:21 +0800] "GET /xingrg/kc/buy/cgsh_order_operate.html?command=get_materiel&rest_code=00155&code=00101008196&supplier_code=00100005&order_time=2023-07-30 HTTP/1.1" 200 416
114.83.216.109 - - [30/Jul/2023:11:32:21 +0800] "POST /xingrg/kc/buy/cgsh_order_operate.html HTTP/1.1" 200 2659
124.78.155.92 - - [30/Jul/2023:11:32:22 +0800] "GET /xingrg/kc/print/load_data.html?order_code=212023073011975&kc_code=cgsh&condition= HTTP/1.1" 200 1462
116.230.112.71 - - [30/Jul/2023:11:32:23 +0800] "GET /xingrg/kc/buy/cgsh_order_operate.html?command=get_materiel&rest_code=00146&code=00101016030&supplier_code=00100033&order_time=2023-07-30 HTTP/1.1" 200 431
116.232.195.127 - - [30/Jul/2023:11:32:24 +0800] "POST /xingrg/kc/buy/cgsh_order_operate.html HTTP/1.1" 200 2065
114.83.216.109 - - [30/Jul/2023:11:32:25 +0800] "GET /xingrg/kc/print/load_data.html?order_code=212023073011976&kc_code=cgsh&condition= HTTP/1.1" 200 682
101.83.145.37 - - [30/Jul/2023:11:32:27 +0800] "GET /xingrg/all/function/internal_message.html?_=1690687949150&CODE_STATE=getMsg HTTP/1.1" 200 27
101.83.145.37 - - [30/Jul/2023:11:32:27 +0800] "POST /xingrg/kc/buy/cgsh_order_operate.html HTTP/1.1" 200 2663
124.78.155.92 - - [30/Jul/2023:11:32:29 +0800] "GET /xingrg/all/function/internal_message.html?_=1690687947262&CODE_STATE=getMsg HTTP/1.1" 200 27
124.78.155.92 - - [30/Jul/2023:11:32:31 +0800] "GET /xingrg/check_reg.html?_=1690687949561 HTTP/1.1" 200 22
116.232.195.127 - - [30/Jul/2023:11:32:31 +0800] "GET /xingrg/kc/buy/cgsh_order_operate.html?command=get_materiel&rest_code=00155&code=00101008197&supplier_code=00100005&order_time=2023-07-30 HTTP/1.1" 200 416
116.238.191.126 - - [30/Jul/2023:11:32:32 +0800] "GET /xingrg/all/function/internal_message.html?_=1690687952429&CODE_STATE=getMsg HTTP/1.1" 200 27
114.83.216.109 - - [30/Jul/2023:11:32:33 +0800] "GET /xingrg/kc/buy/cgsh_order_add.html HTTP/1.1" 200 71850
114.83.216.109 - - [30/Jul/2023:11:32:33 +0800] "POST /xingrg/kc/buy/cgsh_order_operate.html HTTP/1.1" 200 8245
114.83.216.109 - - [30/Jul/2023:11:32:33 +0800] "GET /xingrg/javascript/easyui/themes/default/validatebox.css HTTP/1.1" 404 1104
172.20.0.100 - - [30/Jul/2023:11:32:34 +0800] "GET /xingrg/all/function/internal_message.html?_=1690687953345&CODE_STATE=getMsg HTTP/1.1" 200 27
101.83.145.37 - - [30/Jul/2023:11:32:34 +0800] "GET /xingrg/kc/print/load_data.html?order_code=212023073011977&kc_code=cgsh&condition= HTTP/1.1" 200 678
116.230.112.71 - - [30/Jul/2023:11:32:35 +0800] "GET /xingrg/all/function/internal_message.html?_=1690687981605&CODE_STATE=getMsg HTTP/1.1" 200 27
124.78.155.92 - - [30/Jul/2023:11:32:36 +0800] "GET /xingrg/kc/buy/cgsh_order_add.html HTTP/1.1" 200 71756
124.78.155.92 - - [30/Jul/2023:11:32:36 +0800] "POST /xingrg/kc/buy/cgsh_order_operate.html HTTP/1.1" 200 8245
124.78.155.92 - - [30/Jul/2023:11:32:36 +0800] "GET /xingrg/javascript/easyui/themes/default/validatebox.css HTTP/1.1" 404 1104
116.230.112.71 - - [30/Jul/2023:11:32:38 +0800] "GET /xingrg/kc/buy/cgsh_order_operate.html?command=get_materiel&rest_code=00146&code=00101023049&supplier_code=00100033&order_time=2023-07-30 HTTP/1.1" 200 391
124.78.155.92 - - [30/Jul/2023:11:32:38 +0800] "GET /xingrg/javascript/easyui/themes/default/tree.css HTTP/1.1" 404 1090
124.78.155.92 - - [30/Jul/2023:11:32:39 +0800] "POST /xingrg/all/common/load_tree.html?tree=supplier_tree_json&isDelete=1 HTTP/1.1" 200 74671
124.78.70.128 - - [30/Jul/2023:11:32:40 +0800] "GET /xingrg/check_reg.html?_=1690687426159 HTTP/1.1" 200 22
101.83.145.37 - - [30/Jul/2023:11:32:40 +0800] "GET /xingrg/kc/buy/cgsh_order_add.html HTTP/1.1" 200 71844
124.78.70.128 - - [30/Jul/2023:11:32:40 +0800] "GET /xingrg/all/function/internal_message.html?_=1690687426341&CODE_STATE=getMsg HTTP/1.1" 200 27
101.83.145.37 - - [30/Jul/2023:11:32:40 +0800] "POST /xingrg/kc/buy/cgsh_order_operate.html HTTP/1.1" 200 8245
101.83.145.37 - - [30/Jul/2023:11:32:40 +0800] "GET /xingrg/javascript/easyui/themes/default/validatebox.css HTTP/1.1" 404 1104
180.152.241.196 - - [30/Jul/2023:11:32:44 +0800] "GET /xingrg/all/function/internal_message.html?_=1690687964531&CODE_STATE=getMsg HTTP/1.1" 200 27
101.228.187.155 - - [30/Jul/2023:11:32:49 +0800] "GET /xingrg/check_reg.html?_=1690687967858 HTTP/1.1" 200 22
101.228.187.155 - - [30/Jul/2023:11:32:49 +0800] "GET /xingrg/all/function/internal_message.html?_=1690687967862&CODE_STATE=getMsg HTTP/1.1" 200 27
101.83.145.37 - - [30/Jul/2023:11:32:51 +0800] "GET /xingrg/kc/buy/cgsh_order_operate.html?command=get_materiel&rest_code=00105&code=00101001309&supplier_code=00100331&order_time=2023-07-30 HTTP/1.1" 200 396
222.70.114.12 - - [30/Jul/2023:11:32:52 +0800] "GET /xingrg/all/function/internal_message.html?_=1690687972993&CODE_STATE=getMsg HTTP/1.1" 200 27
222.70.114.12 - - [30/Jul/2023:11:32:52 +0800] "GET /xingrg/check_reg.html?_=1690687972994 HTTP/1.1" 200 22
116.232.195.127 - - [30/Jul/2023:11:32:53 +0800] "GET /xingrg/kc/buy/cgsh_order_operate.html?command=get_materiel&rest_code=00155&code=00101008069&supplier_code=00100005&order_time=2023-07-30 HTTP/1.1" 200 412
116.230.112.71 - - [30/Jul/2023:11:32:53 +0800] "GET /xingrg/kc/buy/cgsh_order_operate.html?command=get_materiel&rest_code=00146&code=00101007109&supplier_code=00100033&order_time=2023-07-30 HTTP/1.1" 200 408
124.79.243.110 - - [30/Jul/2023:11:32:53 +0800] "GET /xingrg/all/function/internal_message.html?_=1690688261752&CODE_STATE=getMsg HTTP/1.1" 200 27
180.152.241.196 - - [30/Jul/2023:11:32:54 +0800] "GET /xingrg/all/function/internal_message.html?_=1690687977000&CODE_STATE=getMsg HTTP/1.1" 200 27
114.85.113.108 - - [30/Jul/2023:11:32:54 +0800] "GET /xingrg/all/function/internal_message.html?_=1690687972240&CODE_STATE=getMsg HTTP/1.1" 200 27
58.40.7.146 - - [30/Jul/2023:11:32:56 +0800] "GET /xingrg/all/function/internal_message.html?_=1690687976755&CODE_STATE=getMsg HTTP/1.1" 200 27
114.83.216.109 - - [30/Jul/2023:11:32:57 +0800] "GET /xingrg/kc/buy/cgsh_order_operate.html?command=get_materiel&rest_code=00149&code=00101006037&supplier_code=00100442&order_time=2023-07-30 HTTP/1.1" 200 419
124.78.155.92 - - [30/Jul/2023:11:33:00 +0800] "GET /xingrg/all/function/internal_message.html?_=1690687981814&CODE_STATE=getMsg HTTP/1.1" 200 27
101.83.145.37 - - [30/Jul/2023:11:33:02 +0800] "POST /xingrg/kc/buy/cgsh_order_operate.html HTTP/1.1" 200 37
222.69.144.196 - - [30/Jul/2023:11:33:03 +0800] "GET /xingrg/all/function/internal_message.html?_=1690688111887&CODE_STATE=getMsg HTTP/1.1" 200 27
222.70.180.90 - - [30/Jul/2023:11:33:06 +0800] "GET /xingrg/all/function/internal_message.html?_=1690688169255&CODE_STATE=getMsg HTTP/1.1" 200 27
