58.39.110.125 - - [30/Jul/2023:11:15:09 +0800] "GET /xingrg/check_reg.html?_=1690686909686 HTTP/1.1" 200 22
124.79.79.0 - - [30/Jul/2023:11:15:09 +0800] "POST /xingrg/services/DataTransmitService HTTP/1.1" 200 524
124.79.79.0 - - [30/Jul/2023:11:15:10 +0800] "POST /xingrg/services/DataTransmitService HTTP/1.1" 200 501
120.253.135.82 - - [30/Jul/2023:11:15:12 +0800] "GET /xingrg/all/function/internal_message.html?_=1690686734075&CODE_STATE=getMsg HTTP/1.1" 200 27
222.70.114.12 - - [30/Jul/2023:11:15:16 +0800] "POST /xingrg/kc/buy/cgsh_order_operate.html HTTP/1.1" 200 37
222.69.144.196 - - [30/Jul/2023:11:15:16 +0800] "GET /xingrg/kc/buy/cgsh_order_operate.html?command=get_materiel&rest_code=00154&code=00101011001&supplier_code=00100051&order_time=2023-07-30 HTTP/1.1" 200 442
114.83.216.109 - - [30/Jul/2023:11:15:17 +0800] "GET /xingrg/all/function/internal_message.html?_=1690686914114&CODE_STATE=getMsg HTTP/1.1" 200 27
222.69.144.196 - - [30/Jul/2023:11:15:19 +0800] "GET /xingrg/all/function/internal_message.html?_=1690687048326&CODE_STATE=getMsg HTTP/1.1" 200 27
222.70.114.12 - - [30/Jul/2023:11:15:20 +0800] "POST /xingrg/kc/buy/cgsh_order_operate.html HTTP/1.1" 200 15680
180.165.154.167 - - [30/Jul/2023:11:15:21 +0800] "GET /xingrg/all/function/internal_message.html?_=1690686921119&CODE_STATE=getMsg HTTP/1.1" 200 27
124.78.70.128 - - [30/Jul/2023:11:15:22 +0800] "POST /xingrg/kc/buy/cgsh_order_operate.html HTTP/1.1" 200 12
180.165.154.167 - - [30/Jul/2023:11:15:22 +0800] "GET /xingrg/check_reg.html?_=1690686922575 HTTP/1.1" 200 22
101.83.145.37 - - [30/Jul/2023:11:15:24 +0800] "GET /xingrg/kc/buy/cgsh_order_operate.html?command=get_materiel&rest_code=00105&code=00101005037&supplier_code=00100334&order_time=2023-07-30 HTTP/1.1" 200 409
101.83.145.37 - - [30/Jul/2023:11:15:27 +0800] "GET /xingrg/check_reg.html?_=1690686929229 HTTP/1.1" 200 22
101.83.145.37 - - [30/Jul/2023:11:15:27 +0800] "GET /xingrg/all/function/internal_message.html?_=1690686929233&CODE_STATE=getMsg HTTP/1.1" 200 27
116.230.112.71 - - [30/Jul/2023:11:15:29 +0800] "GET /xingrg/all/function/internal_message.html?_=1690686954994&CODE_STATE=getMsg HTTP/1.1" 200 27
180.163.29.103 - - [30/Jul/2023:11:15:29 +0800] "GET /xingrg/all/function/internal_message.html?_=1690686867711&CODE_STATE=getMsg HTTP/1.1" 302 -
180.163.29.103 - - [30/Jul/2023:11:15:29 +0800] "GET /xingrg/login.html HTTP/1.1" 200 7641
124.78.155.92 - - [30/Jul/2023:11:15:29 +0800] "GET /xingrg/all/function/internal_message.html?_=1690686927683&CODE_STATE=getMsg HTTP/1.1" 200 27
116.238.191.126 - - [30/Jul/2023:11:15:32 +0800] "GET /xingrg/check_reg.html?_=1690686932378 HTTP/1.1" 200 22
116.238.191.126 - - [30/Jul/2023:11:15:32 +0800] "GET /xingrg/all/function/internal_message.html?_=1690686932381&CODE_STATE=getMsg HTTP/1.1" 200 27
172.20.0.100 - - [30/Jul/2023:11:15:34 +0800] "GET /xingrg/all/function/internal_message.html?_=1690686933342&CODE_STATE=getMsg HTTP/1.1" 200 27
172.20.0.100 - - [30/Jul/2023:11:15:34 +0800] "GET /xingrg/check_reg.html?_=1690686933343 HTTP/1.1" 200 22
124.78.70.128 - - [30/Jul/2023:11:15:36 +0800] "GET /xingrg/kc/buy/cgsh_order_info.html?code=212023073011944 HTTP/1.1" 200 66673
124.78.70.128 - - [30/Jul/2023:11:15:36 +0800] "GET /xingrg/javascript/easyui/themes/default/validatebox.css HTTP/1.1" 404 1104
222.69.144.196 - - [30/Jul/2023:11:15:37 +0800] "GET /xingrg/kc/buy/cgsh_order_operate.html?command=get_materiel&rest_code=00154&code=00101011005&supplier_code=00100051&order_time=2023-07-30 HTTP/1.1" 200 429
124.78.70.128 - - [30/Jul/2023:11:15:38 +0800] "POST /xingrg/kc/buy/cgsh_order_operate.html HTTP/1.1" 200 2394
114.83.216.109 - - [30/Jul/2023:11:15:43 +0800] "GET /xingrg/check_reg.html?_=1690686940140 HTTP/1.1" 200 22
180.152.241.196 - - [30/Jul/2023:11:15:44 +0800] "GET /xingrg/all/function/internal_message.html?_=1690686944788&CODE_STATE=getMsg HTTP/1.1" 200 27
101.83.145.37 - - [30/Jul/2023:11:15:46 +0800] "POST /xingrg/kc/buy/cgsh_order_operate.html HTTP/1.1" 200 37
101.83.145.37 - - [30/Jul/2023:11:15:48 +0800] "POST /xingrg/kc/buy/cgsh_order_operate.html HTTP/1.1" 200 3829
101.228.187.155 - - [30/Jul/2023:11:15:49 +0800] "GET /xingrg/all/function/internal_message.html?_=1690686947829&CODE_STATE=getMsg HTTP/1.1" 200 27
101.83.145.37 - - [30/Jul/2023:11:15:50 +0800] "GET /xingrg/kc/print/load_data.html?order_code=212023073011945&kc_code=cgsh&condition= HTTP/1.1" 200 1114
222.70.114.12 - - [30/Jul/2023:11:15:52 +0800] "GET /xingrg/all/function/internal_message.html?_=1690686952959&CODE_STATE=getMsg HTTP/1.1" 200 27
124.79.243.110 - - [30/Jul/2023:11:15:53 +0800] "GET /xingrg/all/function/internal_message.html?_=1690687241732&CODE_STATE=getMsg HTTP/1.1" 200 27
114.85.113.108 - - [30/Jul/2023:11:15:54 +0800] "GET /xingrg/all/function/internal_message.html?_=1690686952216&CODE_STATE=getMsg HTTP/1.1" 200 27
180.152.241.196 - - [30/Jul/2023:11:15:54 +0800] "GET /xingrg/all/function/internal_message.html?_=1690686956988&CODE_STATE=getMsg HTTP/1.1" 200 27
101.83.145.37 - - [30/Jul/2023:11:15:55 +0800] "GET /xingrg/kc/buy/cgsh_order_add.html HTTP/1.1" 200 71844
101.83.145.37 - - [30/Jul/2023:11:15:56 +0800] "GET /xingrg/javascript/easyui/themes/default/validatebox.css HTTP/1.1" 404 1104
101.83.145.37 - - [30/Jul/2023:11:15:56 +0800] "POST /xingrg/kc/buy/cgsh_order_operate.html HTTP/1.1" 200 8245
58.40.7.146 - - [30/Jul/2023:11:15:56 +0800] "GET /xingrg/all/function/internal_message.html?_=1690686956757&CODE_STATE=getMsg HTTP/1.1" 200 27
124.78.155.92 - - [30/Jul/2023:11:16:01 +0800] "GET /xingrg/all/function/internal_message.html?_=1690686962131&CODE_STATE=getMsg HTTP/1.1" 200 27
222.70.180.90 - - [30/Jul/2023:11:16:06 +0800] "GET /xingrg/all/function/internal_message.html?_=1690687149251&CODE_STATE=getMsg HTTP/1.1" 200 27
58.39.110.125 - - [30/Jul/2023:11:16:08 +0800] "GET /xingrg/all/function/internal_message.html?_=1690686968796&CODE_STATE=getMsg HTTP/1.1" 200 27
101.83.145.37 - - [30/Jul/2023:11:16:08 +0800] "GET /xingrg/kc/buy/cgsh_order_operate.html?command=get_materiel&rest_code=00105&code=00101010616&supplier_code=00100566&order_time=2023-07-30 HTTP/1.1" 200 411
120.253.135.82 - - [30/Jul/2023:11:16:12 +0800] "GET /xingrg/all/function/internal_message.html?_=1690686794089&CODE_STATE=getMsg HTTP/1.1" 200 27
114.83.216.109 - - [30/Jul/2023:11:16:17 +0800] "GET /xingrg/all/function/internal_message.html?_=1690686974089&CODE_STATE=getMsg HTTP/1.1" 200 27
222.69.144.196 - - [30/Jul/2023:11:16:19 +0800] "GET /xingrg/all/function/internal_message.html?_=1690687108322&CODE_STATE=getMsg HTTP/1.1" 200 27
180.165.154.167 - - [30/Jul/2023:11:16:21 +0800] "GET /xingrg/all/function/internal_message.html?_=1690686981107&CODE_STATE=getMsg HTTP/1.1" 200 27
124.78.70.128 - - [30/Jul/2023:11:16:22 +0800] "GET /xingrg/check_reg.html?_=1690686448232 HTTP/1.1" 200 22
124.78.70.128 - - [30/Jul/2023:11:16:23 +0800] "GET /xingrg/all/function/internal_message.html?_=1690686449405&CODE_STATE=getMsg HTTP/1.1" 200 27
101.83.145.37 - - [30/Jul/2023:11:16:23 +0800] "POST /xingrg/kc/buy/cgsh_order_operate.html HTTP/1.1" 200 37
101.83.145.37 - - [30/Jul/2023:11:16:27 +0800] "GET /xingrg/all/function/internal_message.html?_=1690686989232&CODE_STATE=getMsg HTTP/1.1" 200 27
101.83.145.37 - - [30/Jul/2023:11:16:28 +0800] "POST /xingrg/kc/buy/cgsh_order_operate.html HTTP/1.1" 200 2659
116.230.112.71 - - [30/Jul/2023:11:16:29 +0800] "GET /xingrg/all/function/internal_message.html?_=1690687015194&CODE_STATE=getMsg HTTP/1.1" 200 27
124.78.155.92 - - [30/Jul/2023:11:16:29 +0800] "GET /xingrg/all/function/internal_message.html?_=1690686987656&CODE_STATE=getMsg HTTP/1.1" 200 27
101.83.145.37 - - [30/Jul/2023:11:16:30 +0800] "GET /xingrg/kc/print/load_data.html?order_code=212023073011946&kc_code=cgsh&condition= HTTP/1.1" 200 675
116.238.191.126 - - [30/Jul/2023:11:16:32 +0800] "GET /xingrg/all/function/internal_message.html?_=1690686992382&CODE_STATE=getMsg HTTP/1.1" 200 27
172.20.0.100 - - [30/Jul/2023:11:16:34 +0800] "GET /xingrg/all/function/internal_message.html?_=1690686993345&CODE_STATE=getMsg HTTP/1.1" 200 27
101.83.145.37 - - [30/Jul/2023:11:16:35 +0800] "GET /xingrg/kc/buy/cgsh_order_add.html HTTP/1.1" 200 71844
101.83.145.37 - - [30/Jul/2023:11:16:36 +0800] "POST /xingrg/kc/buy/cgsh_order_operate.html HTTP/1.1" 200 8245
101.83.145.37 - - [30/Jul/2023:11:16:36 +0800] "GET /xingrg/javascript/easyui/themes/default/validatebox.css HTTP/1.1" 404 1104
180.152.241.196 - - [30/Jul/2023:11:16:44 +0800] "GET /xingrg/check_reg.html?_=1690687004553 HTTP/1.1" 200 22
180.152.241.196 - - [30/Jul/2023:11:16:44 +0800] "GET /xingrg/all/function/internal_message.html?_=1690687004775&CODE_STATE=getMsg HTTP/1.1" 200 27
101.83.145.37 - - [30/Jul/2023:11:16:48 +0800] "GET /xingrg/kc/buy/cgsh_order_operate.html?command=get_materiel&rest_code=00105&code=00101003035&supplier_code=00100497&order_time=2023-07-30 HTTP/1.1" 200 411
101.228.187.155 - - [30/Jul/2023:11:16:49 +0800] "GET /xingrg/all/function/internal_message.html?_=1690687007829&CODE_STATE=getMsg HTTP/1.1" 200 27
124.78.70.128 - - [30/Jul/2023:11:16:49 +0800] "GET /xingrg/kc/print/load_data.html?order_code=212023073011944&kc_code=cgsh&condition= HTTP/1.1" 200 1397
222.70.114.12 - - [30/Jul/2023:11:16:52 +0800] "GET /xingrg/all/function/internal_message.html?_=1690687012960&CODE_STATE=getMsg HTTP/1.1" 200 27
124.79.243.110 - - [30/Jul/2023:11:16:53 +0800] "GET /xingrg/all/function/internal_message.html?_=1690687301731&CODE_STATE=getMsg HTTP/1.1" 200 27
114.85.113.108 - - [30/Jul/2023:11:16:54 +0800] "GET /xingrg/all/function/internal_message.html?_=1690687012220&CODE_STATE=getMsg HTTP/1.1" 200 27
114.85.113.108 - - [30/Jul/2023:11:16:54 +0800] "GET /xingrg/check_reg.html?_=1690687012221 HTTP/1.1" 200 22
180.152.241.196 - - [30/Jul/2023:11:16:54 +0800] "GET /xingrg/all/function/internal_message.html?_=1690687016991&CODE_STATE=getMsg HTTP/1.1" 200 27
58.40.7.146 - - [30/Jul/2023:11:16:56 +0800] "GET /xingrg/all/function/internal_message.html?_=1690687016778&CODE_STATE=getMsg HTTP/1.1" 200 27
222.69.144.196 - - [30/Jul/2023:11:16:57 +0800] "POST /xingrg/kc/buy/cgsh_order_operate.html HTTP/1.1" 200 37
124.78.70.128 - - [30/Jul/2023:11:16:58 +0800] "GET /xingrg/kc/buy/cgsh_order_add.html HTTP/1.1" 200 71762
124.78.70.128 - - [30/Jul/2023:11:16:59 +0800] "POST /xingrg/kc/buy/cgsh_order_operate.html HTTP/1.1" 200 8245
124.78.70.128 - - [30/Jul/2023:11:16:59 +0800] "GET /xingrg/javascript/easyui/themes/default/validatebox.css HTTP/1.1" 404 1104
180.169.147.146 - - [30/Jul/2023:11:17:00 +0800] "GET /xingrg/check_reg.html?_=1690687021708 HTTP/1.1" 200 22
124.78.155.92 - - [30/Jul/2023:11:17:01 +0800] "GET /xingrg/all/function/internal_message.html?_=1690687022158&CODE_STATE=getMsg HTTP/1.1" 200 27
101.83.145.37 - - [30/Jul/2023:11:17:05 +0800] "POST /xingrg/kc/buy/cgsh_order_operate.html HTTP/1.1" 200 37
222.70.180.90 - - [30/Jul/2023:11:17:06 +0800] "GET /xingrg/all/function/internal_message.html?_=1690687209261&CODE_STATE=getMsg HTTP/1.1" 200 27
58.39.110.125 - - [30/Jul/2023:11:17:08 +0800] "GET /xingrg/all/function/internal_message.html?_=1690687028782&CODE_STATE=getMsg HTTP/1.1" 200 27
101.83.145.37 - - [30/Jul/2023:11:17:09 +0800] "POST /xingrg/kc/buy/cgsh_order_operate.html HTTP/1.1" 200 2661
101.83.145.37 - - [30/Jul/2023:11:17:11 +0800] "GET /xingrg/kc/print/load_data.html?order_code=212023073011948&kc_code=cgsh&condition= HTTP/1.1" 200 672
120.253.135.82 - - [30/Jul/2023:11:17:13 +0800] "GET /xingrg/all/function/internal_message.html?_=1690686854289&CODE_STATE=getMsg HTTP/1.1" 200 27
222.69.144.196 - - [30/Jul/2023:11:17:13 +0800] "POST /xingrg/kc/buy/cgsh_order_operate.html HTTP/1.1" 200 12
101.83.145.37 - - [30/Jul/2023:11:17:16 +0800] "GET /xingrg/kc/buy/cgsh_order_add.html HTTP/1.1" 200 71844
101.83.145.37 - - [30/Jul/2023:11:17:16 +0800] "GET /xingrg/javascript/easyui/themes/default/validatebox.css HTTP/1.1" 404 1104
101.83.145.37 - - [30/Jul/2023:11:17:16 +0800] "POST /xingrg/kc/buy/cgsh_order_operate.html HTTP/1.1" 200 8245
114.83.216.109 - - [30/Jul/2023:11:17:17 +0800] "GET /xingrg/all/function/internal_message.html?_=1690687034074&CODE_STATE=getMsg HTTP/1.1" 200 27
222.69.144.196 - - [30/Jul/2023:11:17:17 +0800] "GET /xingrg/kc/buy/cgsh_order_info.html?code=212023073011947 HTTP/1.1" 200 65875
222.69.144.196 - - [30/Jul/2023:11:17:17 +0800] "GET /xingrg/words/20230729110350_words.js HTTP/1.1" 304 -
222.69.144.196 - - [30/Jul/2023:11:17:17 +0800] "GET /xingrg/javascript/easyui/themes/default/validatebox.css HTTP/1.1" 404 1104
222.69.144.196 - - [30/Jul/2023:11:17:18 +0800] "POST /xingrg/kc/buy/cgsh_order_operate.html HTTP/1.1" 200 1204
222.69.144.196 - - [30/Jul/2023:11:17:19 +0800] "GET /xingrg/all/function/internal_message.html?_=1690687168332&CODE_STATE=getMsg HTTP/1.1" 200 27
222.69.144.196 - - [30/Jul/2023:11:17:20 +0800] "GET /xingrg/kc/print/load_data.html?order_code=212023073011947&kc_code=cgsh&condition= HTTP/1.1" 200 958
180.165.154.167 - - [30/Jul/2023:11:17:21 +0800] "GET /xingrg/all/function/internal_message.html?_=1690687041091&CODE_STATE=getMsg HTTP/1.1" 200 27
124.78.70.128 - - [30/Jul/2023:11:17:22 +0800] "GET /xingrg/kc/buy/cgsh_order_operate.html?command=get_materiel&rest_code=00141&code=00101001156&supplier_code=00100312&order_time=2023-07-30 HTTP/1.1" 200 409
124.78.70.128 - - [30/Jul/2023:11:17:23 +0800] "GET /xingrg/all/function/internal_message.html?_=1690686509428&CODE_STATE=getMsg HTTP/1.1" 200 27
101.83.145.37 - - [30/Jul/2023:11:17:27 +0800] "GET /xingrg/all/function/internal_message.html?_=1690687049235&CODE_STATE=getMsg HTTP/1.1" 200 27
116.230.112.71 - - [30/Jul/2023:11:17:29 +0800] "GET /xingrg/all/function/internal_message.html?_=1690687075209&CODE_STATE=getMsg HTTP/1.1" 200 27
124.78.155.92 - - [30/Jul/2023:11:17:29 +0800] "GET /xingrg/all/function/internal_message.html?_=1690687047628&CODE_STATE=getMsg HTTP/1.1" 200 27
101.83.145.37 - - [30/Jul/2023:11:17:30 +0800] "GET /xingrg/kc/buy/cgsh_order_operate.html?command=get_materiel&rest_code=00105&code=00101010678&supplier_code=00100564&order_time=2023-07-30 HTTP/1.1" 200 427
124.78.70.128 - - [30/Jul/2023:11:17:31 +0800] "GET /xingrg/kc/buy/cgsh_order_operate.html?command=get_materiel&rest_code=00141&code=00101004051&supplier_code=00100312&order_time=2023-07-30 HTTP/1.1" 200 408
124.78.155.92 - - [30/Jul/2023:11:17:31 +0800] "GET /xingrg/check_reg.html?_=1690687049599 HTTP/1.1" 200 22
116.238.191.126 - - [30/Jul/2023:11:17:32 +0800] "GET /xingrg/all/function/internal_message.html?_=1690687052383&CODE_STATE=getMsg HTTP/1.1" 200 27
172.20.0.100 - - [30/Jul/2023:11:17:34 +0800] "GET /xingrg/all/function/internal_message.html?_=1690687053346&CODE_STATE=getMsg HTTP/1.1" 200 27
101.83.145.37 - - [30/Jul/2023:11:17:43 +0800] "POST /xingrg/kc/buy/cgsh_order_operate.html HTTP/1.1" 200 37
124.78.70.128 - - [30/Jul/2023:11:17:44 +0800] "GET /xingrg/kc/buy/cgsh_order_operate.html?command=get_materiel&rest_code=00141&code=00101004046&supplier_code=00100312&order_time=2023-07-30 HTTP/1.1" 200 418
180.152.241.196 - - [30/Jul/2023:11:17:44 +0800] "GET /xingrg/all/function/internal_message.html?_=1690687064753&CODE_STATE=getMsg HTTP/1.1" 200 27
222.69.144.196 - - [30/Jul/2023:11:17:47 +0800] "GET /xingrg/kc/buy/cgsh_order_add.html HTTP/1.1" 200 70966
222.69.144.196 - - [30/Jul/2023:11:17:47 +0800] "POST /xingrg/kc/buy/cgsh_order_operate.html HTTP/1.1" 200 8245
222.69.144.196 - - [30/Jul/2023:11:17:47 +0800] "GET /xingrg/javascript/easyui/themes/default/validatebox.css HTTP/1.1" 404 1104
101.83.145.37 - - [30/Jul/2023:11:17:48 +0800] "POST /xingrg/kc/buy/cgsh_order_operate.html HTTP/1.1" 200 2664
101.228.187.155 - - [30/Jul/2023:11:17:49 +0800] "GET /xingrg/all/function/internal_message.html?_=1690687067828&CODE_STATE=getMsg HTTP/1.1" 200 27
101.228.187.155 - - [30/Jul/2023:11:17:49 +0800] "GET /xingrg/check_reg.html?_=1690687067829 HTTP/1.1" 200 22
222.70.114.12 - - [30/Jul/2023:11:17:52 +0800] "GET /xingrg/all/function/internal_message.html?_=1690687072962&CODE_STATE=getMsg HTTP/1.1" 200 27
222.70.114.12 - - [30/Jul/2023:11:17:52 +0800] "GET /xingrg/check_reg.html?_=1690687072964 HTTP/1.1" 200 22
101.83.145.37 - - [30/Jul/2023:11:17:53 +0800] "GET /xingrg/kc/print/load_data.html?order_code=212023073011949&kc_code=cgsh&condition= HTTP/1.1" 200 655
124.79.243.110 - - [30/Jul/2023:11:17:53 +0800] "GET /xingrg/all/function/internal_message.html?_=1690687361730&CODE_STATE=getMsg HTTP/1.1" 200 27
114.85.113.108 - - [30/Jul/2023:11:17:54 +0800] "GET /xingrg/all/function/internal_message.html?_=1690687072220&CODE_STATE=getMsg HTTP/1.1" 200 27
180.152.241.196 - - [30/Jul/2023:11:17:54 +0800] "GET /xingrg/all/function/internal_message.html?_=1690687076998&CODE_STATE=getMsg HTTP/1.1" 200 27
58.40.7.146 - - [30/Jul/2023:11:17:56 +0800] "GET /xingrg/all/function/internal_message.html?_=1690687076757&CODE_STATE=getMsg HTTP/1.1" 200 27
101.83.145.37 - - [30/Jul/2023:11:17:58 +0800] "GET /xingrg/kc/buy/cgsh_order_add.html HTTP/1.1" 200 71844
101.83.145.37 - - [30/Jul/2023:11:17:58 +0800] "GET /xingrg/javascript/easyui/themes/default/validatebox.css HTTP/1.1" 404 1104
101.83.145.37 - - [30/Jul/2023:11:17:58 +0800] "POST /xingrg/kc/buy/cgsh_order_operate.html HTTP/1.1" 200 8245
116.230.112.71 - - [30/Jul/2023:11:17:59 +0800] "GET /xingrg/kc/buy/cgsh_order_add.html HTTP/1.1" 200 71762
116.230.112.71 - - [30/Jul/2023:11:18:00 +0800] "POST /xingrg/kc/buy/cgsh_order_operate.html HTTP/1.1" 200 8245
116.230.112.71 - - [30/Jul/2023:11:18:00 +0800] "GET /xingrg/javascript/easyui/themes/default/validatebox.css HTTP/1.1" 404 1104
222.69.144.196 - - [30/Jul/2023:11:18:00 +0800] "GET /xingrg/kc/buy/cgsh_order_operate.html?command=get_materiel&rest_code=00154&code=00101006252&supplier_code=00100501&order_time=2023-07-30 HTTP/1.1" 200 411
124.78.70.128 - - [30/Jul/2023:11:18:01 +0800] "GET /xingrg/kc/buy/cgsh_order_operate.html?command=get_materiel&rest_code=00141&code=00101004067&supplier_code=00100312&order_time=2023-07-30 HTTP/1.1" 200 413
124.78.155.92 - - [30/Jul/2023:11:18:01 +0800] "GET /xingrg/check_reg.html?_=1690687082157 HTTP/1.1" 200 22
124.78.155.92 - - [30/Jul/2023:11:18:01 +0800] "GET /xingrg/all/function/internal_message.html?_=1690687082158&CODE_STATE=getMsg HTTP/1.1" 200 27
116.230.112.71 - - [30/Jul/2023:11:18:01 +0800] "POST /xingrg/services/DataTransmitService HTTP/1.1" 200 524
116.230.112.71 - - [30/Jul/2023:11:18:03 +0800] "POST /xingrg/services/DataTransmitService HTTP/1.1" 200 412
222.70.180.90 - - [30/Jul/2023:11:18:06 +0800] "GET /xingrg/all/function/internal_message.html?_=1690687269254&CODE_STATE=getMsg HTTP/1.1" 200 27
58.39.110.125 - - [30/Jul/2023:11:18:08 +0800] "GET /xingrg/all/function/internal_message.html?_=1690687088756&CODE_STATE=getMsg HTTP/1.1" 200 27
116.230.112.71 - - [30/Jul/2023:11:18:12 +0800] "GET /xingrg/javascript/jquery_tools/images/prev.gif HTTP/1.1" 404 1086
116.230.112.71 - - [30/Jul/2023:11:18:12 +0800] "GET /xingrg/javascript/jquery_tools/images/next.gif HTTP/1.1" 404 1086
120.253.135.82 - - [30/Jul/2023:11:18:13 +0800] "GET /xingrg/all/function/internal_message.html?_=1690686914303&CODE_STATE=getMsg HTTP/1.1" 200 27
101.83.145.37 - - [30/Jul/2023:11:18:13 +0800] "GET /xingrg/kc/buy/cgsh_order_operate.html?command=get_materiel&rest_code=00105&code=00101001140&supplier_code=00100319&order_time=2023-07-30 HTTP/1.1" 200 417
114.83.216.109 - - [30/Jul/2023:11:18:17 +0800] "GET /xingrg/all/function/internal_message.html?_=1690687094059&CODE_STATE=getMsg HTTP/1.1" 200 27
180.165.154.167 - - [30/Jul/2023:11:18:21 +0800] "GET /xingrg/all/function/internal_message.html?_=1690687101074&CODE_STATE=getMsg HTTP/1.1" 200 27
124.78.70.128 - - [30/Jul/2023:11:18:23 +0800] "GET /xingrg/all/function/internal_message.html?_=1690686569407&CODE_STATE=getMsg HTTP/1.1" 200 27
222.69.144.196 - - [30/Jul/2023:11:18:24 +0800] "POST /xingrg/kc/buy/cgsh_order_operate.html HTTP/1.1" 200 37
124.78.70.128 - - [30/Jul/2023:11:18:24 +0800] "GET /xingrg/kc/buy/cgsh_order_operate.html?command=get_materiel&rest_code=00141&code=00101004071&supplier_code=00100312&order_time=2023-07-30 HTTP/1.1" 200 411
116.230.112.71 - - [30/Jul/2023:11:18:27 +0800] "GET /xingrg/check_reg.html?_=1690687133120 HTTP/1.1" 200 22
101.83.145.37 - - [30/Jul/2023:11:18:27 +0800] "GET /xingrg/all/function/internal_message.html?_=1690687109267&CODE_STATE=getMsg HTTP/1.1" 200 27
116.230.112.71 - - [30/Jul/2023:11:18:29 +0800] "GET /xingrg/all/function/internal_message.html?_=1690687135221&CODE_STATE=getMsg HTTP/1.1" 200 27
124.78.155.92 - - [30/Jul/2023:11:18:29 +0800] "GET /xingrg/all/function/internal_message.html?_=1690687107604&CODE_STATE=getMsg HTTP/1.1" 200 27
116.230.112.71 - - [30/Jul/2023:11:18:30 +0800] "GET /xingrg/kc/buy/cgsh_order_operate.html?command=get_materiel&rest_code=00146&code=00101002027&supplier_code=00100199&order_time=2023-07-30 HTTP/1.1" 200 413
101.83.145.37 - - [30/Jul/2023:11:18:31 +0800] "GET /xingrg/kc/buy/cgsh_order_operate.html?command=get_materiel&rest_code=00105&code=00101001125&supplier_code=00100319&order_time=2023-07-30 HTTP/1.1" 200 416
116.238.191.126 - - [30/Jul/2023:11:18:32 +0800] "GET /xingrg/all/function/internal_message.html?_=1690687112384&CODE_STATE=getMsg HTTP/1.1" 200 27
172.20.0.100 - - [30/Jul/2023:11:18:34 +0800] "GET /xingrg/all/function/internal_message.html?_=1690687113348&CODE_STATE=getMsg HTTP/1.1" 200 27
222.69.144.196 - - [30/Jul/2023:11:18:34 +0800] "POST /xingrg/kc/buy/cgsh_order_operate.html HTTP/1.1" 200 12
124.78.70.128 - - [30/Jul/2023:11:18:37 +0800] "GET /xingrg/kc/buy/cgsh_order_operate.html?command=get_materiel&rest_code=00141&code=00101004041&supplier_code=00100312&order_time=2023-07-30 HTTP/1.1" 200 413
222.69.144.196 - - [30/Jul/2023:11:18:39 +0800] "GET /xingrg/kc/buy/cgsh_order_info.html?code=212023073011950 HTTP/1.1" 200 65879
222.69.144.196 - - [30/Jul/2023:11:18:39 +0800] "GET /xingrg/javascript/easyui/themes/default/validatebox.css HTTP/1.1" 404 1104
222.69.144.196 - - [30/Jul/2023:11:18:40 +0800] "POST /xingrg/kc/buy/cgsh_order_operate.html HTTP/1.1" 200 605
222.69.144.196 - - [30/Jul/2023:11:18:42 +0800] "GET /xingrg/kc/print/load_data.html?order_code=212023073011950&kc_code=cgsh&condition= HTTP/1.1" 200 704
180.152.241.196 - - [30/Jul/2023:11:18:44 +0800] "GET /xingrg/all/function/internal_message.html?_=1690687124729&CODE_STATE=getMsg HTTP/1.1" 200 27
101.228.187.155 - - [30/Jul/2023:11:18:49 +0800] "GET /xingrg/all/function/internal_message.html?_=1690687127826&CODE_STATE=getMsg HTTP/1.1" 200 27
124.78.70.128 - - [30/Jul/2023:11:18:49 +0800] "GET /xingrg/kc/buy/cgsh_order_operate.html?command=get_materiel&rest_code=00141&code=00101005043&supplier_code=00100312&order_time=2023-07-30 HTTP/1.1" 200 417
101.83.145.37 - - [30/Jul/2023:11:18:51 +0800] "GET /xingrg/kc/buy/cgsh_order_operate.html?command=get_materiel&rest_code=00105&code=00101001169&supplier_code=00100319&order_time=2023-07-30 HTTP/1.1" 200 417
222.70.114.12 - - [30/Jul/2023:11:18:52 +0800] "GET /xingrg/all/function/internal_message.html?_=1690687132964&CODE_STATE=getMsg HTTP/1.1" 200 27
124.79.243.110 - - [30/Jul/2023:11:18:53 +0800] "GET /xingrg/all/function/internal_message.html?_=1690687421728&CODE_STATE=getMsg HTTP/1.1" 200 27
114.85.113.108 - - [30/Jul/2023:11:18:54 +0800] "GET /xingrg/all/function/internal_message.html?_=1690687132222&CODE_STATE=getMsg HTTP/1.1" 200 27
180.152.241.196 - - [30/Jul/2023:11:18:54 +0800] "GET /xingrg/all/function/internal_message.html?_=1690687136991&CODE_STATE=getMsg HTTP/1.1" 200 27
116.230.112.71 - - [30/Jul/2023:11:18:55 +0800] "GET /xingrg/kc/buy/cgsh_order_operate.html?command=get_materiel&rest_code=00146&code=00101002007&supplier_code=00100199&order_time=2023-07-30 HTTP/1.1" 200 411
58.40.7.146 - - [30/Jul/2023:11:18:56 +0800] "GET /xingrg/all/function/internal_message.html?_=1690687136757&CODE_STATE=getMsg HTTP/1.1" 200 27
124.78.155.92 - - [30/Jul/2023:11:19:01 +0800] "GET /xingrg/all/function/internal_message.html?_=1690687142157&CODE_STATE=getMsg HTTP/1.1" 200 27
101.83.145.37 - - [30/Jul/2023:11:19:02 +0800] "GET /xingrg/kc/buy/cgsh_order_operate.html?command=get_materiel&rest_code=00105&code=00101001043&supplier_code=00100319&order_time=2023-07-30 HTTP/1.1" 200 414
222.70.180.90 - - [30/Jul/2023:11:19:06 +0800] "GET /xingrg/all/function/internal_message.html?_=1690687329248&CODE_STATE=getMsg HTTP/1.1" 200 27
222.70.180.90 - - [30/Jul/2023:11:19:06 +0800] "GET /xingrg/check_reg.html?_=1690687329252 HTTP/1.1" 200 22
120.253.135.82 - - [30/Jul/2023:11:19:08 +0800] "GET /xingrg/check_reg.html?_=1690686969332 HTTP/1.1" 200 22
58.39.110.125 - - [30/Jul/2023:11:19:08 +0800] "GET /xingrg/all/function/internal_message.html?_=1690687148742&CODE_STATE=getMsg HTTP/1.1" 200 27
222.69.144.196 - - [30/Jul/2023:11:19:12 +0800] "GET /xingrg/kc/buy/cgsh_order_add.html HTTP/1.1" 200 70966
222.69.144.196 - - [30/Jul/2023:11:19:12 +0800] "POST /xingrg/kc/buy/cgsh_order_operate.html HTTP/1.1" 200 8245
222.69.144.196 - - [30/Jul/2023:11:19:12 +0800] "GET /xingrg/javascript/easyui/themes/default/validatebox.css HTTP/1.1" 404 1104
120.253.135.82 - - [30/Jul/2023:11:19:13 +0800] "GET /xingrg/all/function/internal_message.html?_=1690686974317&CODE_STATE=getMsg HTTP/1.1" 200 27
114.83.216.109 - - [30/Jul/2023:11:19:17 +0800] "GET /xingrg/all/function/internal_message.html?_=1690687154049&CODE_STATE=getMsg HTTP/1.1" 200 27
222.69.144.196 - - [30/Jul/2023:11:19:19 +0800] "GET /xingrg/all/function/internal_message.html?_=1690687288346&CODE_STATE=getMsg HTTP/1.1" 200 27
101.83.145.37 - - [30/Jul/2023:11:19:20 +0800] "POST /xingrg/kc/buy/cgsh_order_operate.html HTTP/1.1" 200 37
124.78.70.128 - - [30/Jul/2023:11:19:20 +0800] "GET /xingrg/kc/buy/cgsh_order_operate.html?command=get_materiel&rest_code=00141&code=00101001047&supplier_code=00100312&order_time=2023-07-30 HTTP/1.1" 200 423
180.165.154.167 - - [30/Jul/2023:11:19:21 +0800] "GET /xingrg/all/function/internal_message.html?_=1690687161046&CODE_STATE=getMsg HTTP/1.1" 200 27
116.230.112.71 - - [30/Jul/2023:11:19:22 +0800] "GET /xingrg/kc/buy/cgsh_order_operate.html?command=get_materiel&rest_code=00146&code=00101001099&supplier_code=00100199&order_time=2023-07-30 HTTP/1.1" 200 409
101.83.145.37 - - [30/Jul/2023:11:19:23 +0800] "POST /xingrg/kc/buy/cgsh_order_operate.html HTTP/1.1" 200 4461
124.78.70.128 - - [30/Jul/2023:11:19:23 +0800] "GET /xingrg/all/function/internal_message.html?_=1690686629404&CODE_STATE=getMsg HTTP/1.1" 200 27
101.83.145.37 - - [30/Jul/2023:11:19:27 +0800] "GET /xingrg/all/function/internal_message.html?_=1690687169227&CODE_STATE=getMsg HTTP/1.1" 200 27
101.83.145.37 - - [30/Jul/2023:11:19:27 +0800] "GET /xingrg/kc/print/load_data.html?order_code=212023073011951&kc_code=cgsh&condition= HTTP/1.1" 200 1378
116.230.112.71 - - [30/Jul/2023:11:19:29 +0800] "GET /xingrg/all/function/internal_message.html?_=1690687195235&CODE_STATE=getMsg HTTP/1.1" 200 27
124.78.155.92 - - [30/Jul/2023:11:19:29 +0800] "GET /xingrg/all/function/internal_message.html?_=1690687167575&CODE_STATE=getMsg HTTP/1.1" 200 27
222.69.144.196 - - [30/Jul/2023:11:19:29 +0800] "GET /xingrg/kc/buy/cgsh_order_operate.html?command=get_materiel&rest_code=00154&code=00101006184&supplier_code=00100419&order_time=2023-07-30 HTTP/1.1" 200 408
116.238.191.126 - - [30/Jul/2023:11:19:32 +0800] "GET /xingrg/all/function/internal_message.html?_=1690687172384&CODE_STATE=getMsg HTTP/1.1" 200 27
101.83.145.37 - - [30/Jul/2023:11:19:32 +0800] "GET /xingrg/kc/buy/cgsh_order_add.html HTTP/1.1" 200 71844
101.83.145.37 - - [30/Jul/2023:11:19:33 +0800] "GET /xingrg/javascript/easyui/themes/default/validatebox.css HTTP/1.1" 404 1104
101.83.145.37 - - [30/Jul/2023:11:19:33 +0800] "POST /xingrg/kc/buy/cgsh_order_operate.html HTTP/1.1" 200 8245
172.20.0.100 - - [30/Jul/2023:11:19:34 +0800] "GET /xingrg/all/function/internal_message.html?_=1690687173334&CODE_STATE=getMsg HTTP/1.1" 200 27
116.230.112.71 - - [30/Jul/2023:11:19:38 +0800] "GET /xingrg/kc/buy/cgsh_order_operate.html?command=get_materiel&rest_code=00146&code=00101001052&supplier_code=00100199&order_time=2023-07-30 HTTP/1.1" 200 411
116.232.195.127 - - [30/Jul/2023:11:19:40 +0800] "POST /xingrg/services/DataTransmitService HTTP/1.1" 200 524
116.232.195.127 - - [30/Jul/2023:11:19:41 +0800] "POST /xingrg/services/DataTransmitService HTTP/1.1" 200 2067
116.232.195.127 - - [30/Jul/2023:11:19:42 +0800] "POST /xingrg/services/DataTransmitService HTTP/1.1" 200 159231
180.152.241.196 - - [30/Jul/2023:11:19:44 +0800] "GET /xingrg/all/function/internal_message.html?_=1690687184720&CODE_STATE=getMsg HTTP/1.1" 200 27
222.69.144.196 - - [30/Jul/2023:11:19:46 +0800] "GET /xingrg/kc/buy/cgsh_order_operate.html?command=get_materiel&rest_code=00154&code=00101006109&supplier_code=00100419&order_time=2023-07-30 HTTP/1.1" 200 409
124.78.70.128 - - [30/Jul/2023:11:19:46 +0800] "GET /xingrg/kc/buy/cgsh_order_operate.html?command=get_materiel&rest_code=00141&code=00101001045&supplier_code=00100312&order_time=2023-07-30 HTTP/1.1" 200 423
101.83.145.37 - - [30/Jul/2023:11:19:48 +0800] "GET /xingrg/kc/buy/cgsh_order_operate.html?command=get_materiel&rest_code=00105&code=00101004136&supplier_code=00100430&order_time=2023-07-30 HTTP/1.1" 200 396
101.228.187.155 - - [30/Jul/2023:11:19:49 +0800] "GET /xingrg/all/function/internal_message.html?_=1690687187824&CODE_STATE=getMsg HTTP/1.1" 200 27
222.70.114.12 - - [30/Jul/2023:11:19:52 +0800] "GET /xingrg/all/function/internal_message.html?_=1690687192966&CODE_STATE=getMsg HTTP/1.1" 200 27
124.79.243.110 - - [30/Jul/2023:11:19:53 +0800] "GET /xingrg/all/function/internal_message.html?_=1690687481730&CODE_STATE=getMsg HTTP/1.1" 200 27
124.79.243.110 - - [30/Jul/2023:11:19:53 +0800] "GET /xingrg/check_reg.html?_=1690687481731 HTTP/1.1" 200 22
114.85.113.108 - - [30/Jul/2023:11:19:54 +0800] "GET /xingrg/all/function/internal_message.html?_=1690687192222&CODE_STATE=getMsg HTTP/1.1" 200 27
180.152.241.196 - - [30/Jul/2023:11:19:54 +0800] "GET /xingrg/all/function/internal_message.html?_=1690687196993&CODE_STATE=getMsg HTTP/1.1" 200 27
180.152.241.196 - - [30/Jul/2023:11:19:54 +0800] "GET /xingrg/check_reg.html?_=1690687196996 HTTP/1.1" 200 22
116.230.112.71 - - [30/Jul/2023:11:19:56 +0800] "GET /xingrg/kc/buy/cgsh_order_operate.html?command=get_materiel&rest_code=00146&code=00101004038&supplier_code=00100199&order_time=2023-07-30 HTTP/1.1" 200 409
58.40.7.146 - - [30/Jul/2023:11:19:56 +0800] "GET /xingrg/all/function/internal_message.html?_=1690687196747&CODE_STATE=getMsg HTTP/1.1" 200 27
58.40.7.146 - - [30/Jul/2023:11:19:56 +0800] "GET /xingrg/check_reg.html?_=1690687196750 HTTP/1.1" 200 22
124.78.155.92 - - [30/Jul/2023:11:20:01 +0800] "GET /xingrg/all/function/internal_message.html?_=1690687202157&CODE_STATE=getMsg HTTP/1.1" 200 27
101.83.145.37 - - [30/Jul/2023:11:20:02 +0800] "GET /xingrg/kc/buy/cgsh_order_operate.html?command=get_materiel&rest_code=00105&code=00101004037&supplier_code=00100430&order_time=2023-07-30 HTTP/1.1" 200 409
222.69.144.196 - - [30/Jul/2023:11:20:02 +0800] "GET /xingrg/kc/buy/cgsh_order_operate.html?command=get_materiel&rest_code=00154&code=00101006193&supplier_code=00100419&order_time=2023-07-30 HTTP/1.1" 200 411
124.78.70.128 - - [30/Jul/2023:11:20:04 +0800] "GET /xingrg/kc/buy/cgsh_order_operate.html?command=get_materiel&rest_code=00141&code=00101004049&supplier_code=00100312&order_time=2023-07-30 HTTP/1.1" 200 415
222.70.180.90 - - [30/Jul/2023:11:20:06 +0800] "GET /xingrg/all/function/internal_message.html?_=1690687389255&CODE_STATE=getMsg HTTP/1.1" 200 27
58.39.110.125 - - [30/Jul/2023:11:20:08 +0800] "GET /xingrg/all/function/internal_message.html?_=1690687208733&CODE_STATE=getMsg HTTP/1.1" 200 27
58.39.110.125 - - [30/Jul/2023:11:20:09 +0800] "GET /xingrg/check_reg.html?_=1690687209673 HTTP/1.1" 200 22
120.253.135.82 - - [30/Jul/2023:11:20:13 +0800] "GET /xingrg/all/function/internal_message.html?_=1690687034330&CODE_STATE=getMsg HTTP/1.1" 200 27
114.83.216.109 - - [30/Jul/2023:11:20:17 +0800] "GET /xingrg/all/function/internal_message.html?_=1690687214021&CODE_STATE=getMsg HTTP/1.1" 200 27
222.69.144.196 - - [30/Jul/2023:11:20:19 +0800] "GET /xingrg/all/function/internal_message.html?_=1690687348329&CODE_STATE=getMsg HTTP/1.1" 200 27
180.165.154.167 - - [30/Jul/2023:11:20:21 +0800] "GET /xingrg/all/function/internal_message.html?_=1690687221029&CODE_STATE=getMsg HTTP/1.1" 200 27
222.69.144.196 - - [30/Jul/2023:11:20:22 +0800] "GET /xingrg/kc/buy/cgsh_order_operate.html?command=get_materiel&rest_code=00154&code=00101006177&supplier_code=00100419&order_time=2023-07-30 HTTP/1.1" 200 23
180.165.154.167 - - [30/Jul/2023:11:20:22 +0800] "GET /xingrg/check_reg.html?_=1690687222552 HTTP/1.1" 200 22
116.230.112.71 - - [30/Jul/2023:11:20:23 +0800] "POST /xingrg/kc/buy/cgsh_order_operate.html HTTP/1.1" 200 37
124.78.70.128 - - [30/Jul/2023:11:20:23 +0800] "GET /xingrg/all/function/internal_message.html?_=1690686689355&CODE_STATE=getMsg HTTP/1.1" 200 27
124.78.70.128 - - [30/Jul/2023:11:20:25 +0800] "GET /xingrg/kc/buy/cgsh_order_operate.html?command=get_materiel&rest_code=00141&code=00101001190&supplier_code=00100312&order_time=2023-07-30 HTTP/1.1" 200 409
101.83.145.37 - - [30/Jul/2023:11:20:27 +0800] "GET /xingrg/all/function/internal_message.html?_=1690687229253&CODE_STATE=getMsg HTTP/1.1" 200 27
101.83.145.37 - - [30/Jul/2023:11:20:27 +0800] "GET /xingrg/check_reg.html?_=1690687229257 HTTP/1.1" 200 22
101.83.145.37 - - [30/Jul/2023:11:20:27 +0800] "POST /xingrg/kc/buy/cgsh_order_operate.html HTTP/1.1" 200 88
116.230.112.71 - - [30/Jul/2023:11:20:28 +0800] "POST /xingrg/kc/buy/cgsh_order_operate.html HTTP/1.1" 200 5028
116.230.112.71 - - [30/Jul/2023:11:20:29 +0800] "GET /xingrg/all/function/internal_message.html?_=1690687255249&CODE_STATE=getMsg HTTP/1.1" 200 27
124.78.155.92 - - [30/Jul/2023:11:20:29 +0800] "GET /xingrg/all/function/internal_message.html?_=1690687227561&CODE_STATE=getMsg HTTP/1.1" 200 27
124.79.243.110 - - [30/Jul/2023:11:20:31 +0800] "GET /xingrg/kc/base/yddb_order_list.html HTTP/1.1" 200 16789
116.230.112.71 - - [30/Jul/2023:11:20:32 +0800] "GET /xingrg/kc/print/load_data.html?order_code=212023073011952&kc_code=cgsh&condition= HTTP/1.1" 200 1574
116.238.191.126 - - [30/Jul/2023:11:20:32 +0800] "GET /xingrg/check_reg.html?_=1690687232386 HTTP/1.1" 200 22
116.238.191.126 - - [30/Jul/2023:11:20:32 +0800] "GET /xingrg/all/function/internal_message.html?_=1690687232389&CODE_STATE=getMsg HTTP/1.1" 200 27
124.79.243.110 - - [30/Jul/2023:11:20:33 +0800] "POST /xingrg/kc/base/yddb_list_operate.html HTTP/1.1" 200 636
172.20.0.100 - - [30/Jul/2023:11:20:34 +0800] "GET /xingrg/all/function/internal_message.html?_=1690687233335&CODE_STATE=getMsg HTTP/1.1" 200 27
172.20.0.100 - - [30/Jul/2023:11:20:34 +0800] "GET /xingrg/check_reg.html?_=1690687233336 HTTP/1.1" 200 22
124.79.243.110 - - [30/Jul/2023:11:20:37 +0800] "POST /xingrg/kc/base/yddb_list_operate.html HTTP/1.1" 200 4333
101.83.145.37 - - [30/Jul/2023:11:20:38 +0800] "POST /xingrg/kc/buy/cgsh_order_operate.html HTTP/1.1" 200 37
124.79.243.110 - - [30/Jul/2023:11:20:39 +0800] "POST /xingrg/kc/base/yddb_list_operate.html HTTP/1.1" 200 211
124.78.70.128 - - [30/Jul/2023:11:20:40 +0800] "GET /xingrg/kc/buy/cgsh_order_operate.html?command=get_materiel&rest_code=00141&code=00101001029&supplier_code=00100312&order_time=2023-07-30 HTTP/1.1" 200 417
124.79.243.110 - - [30/Jul/2023:11:20:41 +0800] "GET /xingrg/kc/base/yddb_order_info.html?code=482023072700157 HTTP/1.1" 200 31675
124.79.243.110 - - [30/Jul/2023:11:20:41 +0800] "GET /xingrg/dwr/interface/AjaxComOrderService.js HTTP/1.1" 200 18264
124.79.243.110 - - [30/Jul/2023:11:20:41 +0800] "GET /xingrg/dwr/interface/AjaxYddbService.js HTTP/1.1" 200 13201
124.79.243.110 - - [30/Jul/2023:11:20:41 +0800] "GET /xingrg/dwr/util.js HTTP/1.1" 304 -
124.79.243.110 - - [30/Jul/2023:11:20:41 +0800] "GET /xingrg/dwr/engine.js HTTP/1.1" 200 43631
124.79.243.110 - - [30/Jul/2023:11:20:41 +0800] "GET /xingrg/javascript/Grid.js HTTP/1.1" 200 58908
124.79.243.110 - - [30/Jul/2023:11:20:41 +0800] "GET /xingrg/javascript/checkform.js HTTP/1.1" 200 18351
124.79.243.110 - - [30/Jul/2023:11:20:41 +0800] "GET /xingrg/images/blue/wait.gif HTTP/1.1" 200 1100
124.79.243.110 - - [30/Jul/2023:11:20:41 +0800] "GET /xingrg/images/blue/kc_tab_left.gif HTTP/1.1" 200 188
124.79.243.110 - - [30/Jul/2023:11:20:41 +0800] "GET /xingrg/images/blue/kc_tab_right.gif HTTP/1.1" 200 643
124.79.243.110 - - [30/Jul/2023:11:20:41 +0800] "GET /xingrg/images/blue/kc_tab_mid.gif HTTP/1.1" 200 44
101.83.145.37 - - [30/Jul/2023:11:20:41 +0800] "POST /xingrg/kc/buy/cgsh_order_operate.html HTTP/1.1" 200 3247
124.79.243.110 - - [30/Jul/2023:11:20:42 +0800] "POST /xingrg/dwr/call/plaincall/AjaxYddbService.loadMaterielItems.dwr HTTP/1.1" 200 413
114.83.216.109 - - [30/Jul/2023:11:20:43 +0800] "GET /xingrg/check_reg.html?_=1690687240122 HTTP/1.1" 200 22
180.152.241.196 - - [30/Jul/2023:11:20:44 +0800] "GET /xingrg/all/function/internal_message.html?_=1690687244706&CODE_STATE=getMsg HTTP/1.1" 200 27
101.83.145.37 - - [30/Jul/2023:11:20:45 +0800] "GET /xingrg/kc/print/load_data.html?order_code=212023073011954&kc_code=cgsh&condition= HTTP/1.1" 200 875
101.228.187.155 - - [30/Jul/2023:11:20:49 +0800] "GET /xingrg/all/function/internal_message.html?_=1690687247838&CODE_STATE=getMsg HTTP/1.1" 200 27
116.230.112.71 - - [30/Jul/2023:11:20:50 +0800] "GET /xingrg/kc/buy/cgsh_order_add.html HTTP/1.1" 200 71762
116.230.112.71 - - [30/Jul/2023:11:20:51 +0800] "POST /xingrg/kc/buy/cgsh_order_operate.html HTTP/1.1" 200 8245
116.230.112.71 - - [30/Jul/2023:11:20:51 +0800] "GET /xingrg/javascript/easyui/themes/default/validatebox.css HTTP/1.1" 404 1104
222.70.114.12 - - [30/Jul/2023:11:20:52 +0800] "GET /xingrg/all/function/internal_message.html?_=1690687252968&CODE_STATE=getMsg HTTP/1.1" 200 27
124.79.243.110 - - [30/Jul/2023:11:20:53 +0800] "GET /xingrg/all/function/internal_message.html?_=1690687541740&CODE_STATE=getMsg HTTP/1.1" 200 27
114.85.113.108 - - [30/Jul/2023:11:20:54 +0800] "GET /xingrg/all/function/internal_message.html?_=1690687252224&CODE_STATE=getMsg HTTP/1.1" 200 27
180.152.241.196 - - [30/Jul/2023:11:20:54 +0800] "GET /xingrg/all/function/internal_message.html?_=1690687257003&CODE_STATE=getMsg HTTP/1.1" 200 27
222.69.144.196 - - [30/Jul/2023:11:20:55 +0800] "POST /xingrg/kc/buy/cgsh_order_operate.html HTTP/1.1" 200 37
58.40.7.146 - - [30/Jul/2023:11:20:56 +0800] "GET /xingrg/all/function/internal_message.html?_=1690687256754&CODE_STATE=getMsg HTTP/1.1" 200 27
101.83.145.37 - - [30/Jul/2023:11:20:56 +0800] "GET /xingrg/kc/buy/cgsh_order_add.html HTTP/1.1" 200 71844
101.83.145.37 - - [30/Jul/2023:11:20:57 +0800] "POST /xingrg/kc/buy/cgsh_order_operate.html HTTP/1.1" 200 8245
101.83.145.37 - - [30/Jul/2023:11:20:57 +0800] "GET /xingrg/javascript/easyui/themes/default/validatebox.css HTTP/1.1" 404 1104
124.78.70.128 - - [30/Jul/2023:11:20:57 +0800] "GET /xingrg/kc/buy/cgsh_order_operate.html?command=get_materiel&rest_code=00141&code=00101005022&supplier_code=00100312&order_time=2023-07-30 HTTP/1.1" 200 417
222.69.144.196 - - [30/Jul/2023:11:20:59 +0800] "POST /xingrg/kc/buy/cgsh_order_operate.html HTTP/1.1" 200 3240
222.69.144.196 - - [30/Jul/2023:11:21:00 +0800] "GET /xingrg/login.html HTTP/1.1" 200 7641
222.69.144.196 - - [30/Jul/2023:11:21:00 +0800] "GET /favicon.ico HTTP/1.1" 404 -
124.78.155.92 - - [30/Jul/2023:11:21:01 +0800] "GET /xingrg/all/function/internal_message.html?_=1690687262157&CODE_STATE=getMsg HTTP/1.1" 200 27
222.69.144.196 - - [30/Jul/2023:11:21:03 +0800] "POST /xingrg/login.do HTTP/1.1" 302 -
222.69.144.196 - - [30/Jul/2023:11:21:03 +0800] "GET /xingrg/index.html?sysBaseUrl=http%3A%2F%2F180.169.147.146%3A18081%2Fxingrg%2F&costTime=1425×tamp=1690687263013 HTTP/1.1" 200 17179
222.69.144.196 - - [30/Jul/2023:11:21:03 +0800] "GET /favicon.ico HTTP/1.1" 404 -
222.69.144.196 - - [30/Jul/2023:11:21:03 +0800] "GET /xingrg/check_reg.html?_=1690687391746 HTTP/1.1" 200 22
222.69.144.196 - - [30/Jul/2023:11:21:03 +0800] "GET /xingrg/all/function/internal_message.html?_=1690687391745&CODE_STATE=count HTTP/1.1" 200 11
222.69.144.196 - - [30/Jul/2023:11:21:03 +0800] "POST /xingrg/all/common/load_tree.html?tree=area_rest_tree_json&manage=1 HTTP/1.1" 200 351
222.69.144.196 - - [30/Jul/2023:11:21:03 +0800] "POST /xingrg/load_menu.html HTTP/1.1" 200 5138
116.230.112.71 - - [30/Jul/2023:11:21:06 +0800] "GET /xingrg/kc/buy/cgsh_order_operate.html?command=get_materiel&rest_code=00146&code=00101007022&supplier_code=00100002&order_time=2023-07-30 HTTP/1.1" 200 413
222.70.180.90 - - [30/Jul/2023:11:21:06 +0800] "GET /xingrg/all/function/internal_message.html?_=1690687449252&CODE_STATE=getMsg HTTP/1.1" 200 27
222.69.144.196 - - [30/Jul/2023:11:21:07 +0800] "GET /xingrg/kc/buy/cgsh_order_list.html HTTP/1.1" 200 55986
58.39.110.125 - - [30/Jul/2023:11:21:08 +0800] "GET /xingrg/all/function/internal_message.html?_=1690687268719&CODE_STATE=getMsg HTTP/1.1" 200 27
101.83.145.37 - - [30/Jul/2023:11:21:10 +0800] "GET /xingrg/kc/buy/cgsh_order_operate.html?command=get_materiel&rest_code=00105&code=00101007032&supplier_code=00100328&order_time=2023-07-30 HTTP/1.1" 200 413
120.253.135.82 - - [30/Jul/2023:11:21:13 +0800] "GET /xingrg/all/function/internal_message.html?_=1690687094614&CODE_STATE=getMsg HTTP/1.1" 200 27
114.83.216.109 - - [30/Jul/2023:11:21:17 +0800] "GET /xingrg/all/function/internal_message.html?_=1690687273992&CODE_STATE=getMsg HTTP/1.1" 200 27
124.78.70.128 - - [30/Jul/2023:11:21:18 +0800] "GET /xingrg/kc/buy/cgsh_order_operate.html?command=get_materiel&rest_code=00141&code=00101001198&supplier_code=00100312&order_time=2023-07-30 HTTP/1.1" 200 410
222.69.144.196 - - [30/Jul/2023:11:21:19 +0800] "POST /xingrg/kc/buy/cgsh_list_operate.html HTTP/1.1" 200 2701
180.165.154.167 - - [30/Jul/2023:11:21:21 +0800] "GET /xingrg/all/function/internal_message.html?_=1690687281019&CODE_STATE=getMsg HTTP/1.1" 200 27
124.79.243.110 - - [30/Jul/2023:11:21:21 +0800] "POST /xingrg/dwr/call/plaincall/AjaxYddbService.saveOrder.dwr HTTP/1.1" 200 78
124.78.70.128 - - [30/Jul/2023:11:21:22 +0800] "GET /xingrg/check_reg.html?_=1690686748289 HTTP/1.1" 200 22
222.69.144.196 - - [30/Jul/2023:11:21:23 +0800] "POST /xingrg/kc/buy/cgsh_list_operate.html HTTP/1.1" 200 269
124.78.70.128 - - [30/Jul/2023:11:21:23 +0800] "GET /xingrg/all/function/internal_message.html?_=1690686749339&CODE_STATE=getMsg HTTP/1.1" 200 27
116.230.112.71 - - [30/Jul/2023:11:21:25 +0800] "GET /xingrg/kc/buy/cgsh_order_operate.html?command=get_materiel&rest_code=00146&code=00101007090&supplier_code=00100002&order_time=2023-07-30 HTTP/1.1" 200 413
222.69.144.196 - - [30/Jul/2023:11:21:25 +0800] "GET /xingrg/kc/buy/cgsh_order_info.html?code=212023073011955 HTTP/1.1" 200 70977
222.69.144.196 - - [30/Jul/2023:11:21:25 +0800] "GET /xingrg/javascript/easyui/themes/default/validatebox.css HTTP/1.1" 404 1104
222.69.144.196 - - [30/Jul/2023:11:21:25 +0800] "GET /xingrg/all/common/auto_word.html?type=employee&rest_code=00154 HTTP/1.1" 200 101
222.69.144.196 - - [30/Jul/2023:11:21:26 +0800] "GET /xingrg/all/common/auto_word.html?type=employee&rest_code=00154 HTTP/1.1" 200 101
101.83.145.37 - - [30/Jul/2023:11:21:26 +0800] "GET /xingrg/kc/buy/cgsh_order_operate.html?command=get_materiel&rest_code=00105&code=00101007181&supplier_code=00100328&order_time=2023-07-30 HTTP/1.1" 200 412
222.69.144.196 - - [30/Jul/2023:11:21:26 +0800] "POST /xingrg/kc/buy/cgsh_order_operate.html HTTP/1.1" 200 3240
101.83.145.37 - - [30/Jul/2023:11:21:27 +0800] "GET /xingrg/all/function/internal_message.html?_=1690687289242&CODE_STATE=getMsg HTTP/1.1" 200 27
124.78.155.92 - - [30/Jul/2023:11:21:29 +0800] "GET /xingrg/all/function/internal_message.html?_=1690687287534&CODE_STATE=getMsg HTTP/1.1" 200 27
116.230.112.71 - - [30/Jul/2023:11:21:29 +0800] "GET /xingrg/all/function/internal_message.html?_=1690687315315&CODE_STATE=getMsg HTTP/1.1" 200 27
222.69.144.196 - - [30/Jul/2023:11:21:31 +0800] "GET /xingrg/javascript/auto/indicator.gif HTTP/1.1" 404 1066
124.79.243.110 - - [30/Jul/2023:11:21:32 +0800] "POST /xingrg/dwr/call/plaincall/AjaxYddbService.objCheckOrder.dwr HTTP/1.1" 200 78
116.238.191.126 - - [30/Jul/2023:11:21:32 +0800] "GET /xingrg/all/function/internal_message.html?_=1690687292389&CODE_STATE=getMsg HTTP/1.1" 200 27
172.20.0.100 - - [30/Jul/2023:11:21:34 +0800] "GET /xingrg/all/function/internal_message.html?_=1690687293338&CODE_STATE=getMsg HTTP/1.1" 200 27
124.79.243.110 - - [30/Jul/2023:11:21:34 +0800] "GET /xingrg/kc/base/yddb_order_info.html?code=482023072700157 HTTP/1.1" 200 31796
124.79.243.110 - - [30/Jul/2023:11:21:34 +0800] "GET /xingrg/dwr/interface/AjaxYddbService.js HTTP/1.1" 200 13201
124.79.243.110 - - [30/Jul/2023:11:21:34 +0800] "GET /xingrg/dwr/interface/AjaxComOrderService.js HTTP/1.1" 200 18264
124.79.243.110 - - [30/Jul/2023:11:21:34 +0800] "GET /xingrg/dwr/engine.js HTTP/1.1" 200 43631
124.78.70.128 - - [30/Jul/2023:11:21:34 +0800] "GET /xingrg/kc/buy/cgsh_order_operate.html?command=get_materiel&rest_code=00141&code=00101004023&supplier_code=00100312&order_time=2023-07-30 HTTP/1.1" 200 409
124.79.243.110 - - [30/Jul/2023:11:21:34 +0800] "POST /xingrg/dwr/call/plaincall/AjaxYddbService.loadMaterielItems.dwr HTTP/1.1" 200 413
124.79.243.110 - - [30/Jul/2023:11:21:37 +0800] "GET /xingrg/kc/base/yddb_order_report.html?fileType=servlets/html&code=482023072700157&reportName=ck_order_report&subName=yddb HTTP/1.1" 302 -
124.79.243.110 - - [30/Jul/2023:11:21:37 +0800] "GET /xingrg/servlets/html?sysBaseUrl=http%3A%2F%2F180.169.147.146%3A18081%2Fxingrg%2F&costTime=552×tamp=1690687297040 HTTP/1.1" 200 14766
124.79.243.110 - - [30/Jul/2023:11:21:37 +0800] "GET /xingrg/servlets/image?image=px HTTP/1.1" 200 807
124.79.243.110 - - [30/Jul/2023:11:21:37 +0800] "GET /favicon.ico HTTP/1.1" 404 -
222.69.144.196 - - [30/Jul/2023:11:21:37 +0800] "GET /xingrg/kc/buy/cgsh_order_operate.html?command=get_materiel&rest_code=00154&code=00101006193&supplier_code=00100419&order_time=2023-07-30 HTTP/1.1" 200 411
116.230.112.71 - - [30/Jul/2023:11:21:41 +0800] "GET /xingrg/kc/buy/cgsh_order_operate.html?command=get_materiel&rest_code=00146&code=00101007081&supplier_code=00100002&order_time=2023-07-30 HTTP/1.1" 200 413
180.152.241.196 - - [30/Jul/2023:11:21:44 +0800] "GET /xingrg/check_reg.html?_=1690687304544 HTTP/1.1" 200 22
180.152.241.196 - - [30/Jul/2023:11:21:44 +0800] "GET /xingrg/all/function/internal_message.html?_=1690687304701&CODE_STATE=getMsg HTTP/1.1" 200 27
123.6.49.41 - - [30/Jul/2023:11:21:45 +0800] "GET /xingrg/kc/base/yddb_order_report.html HTTP/1.1" 302 -
123.6.49.41 - - [30/Jul/2023:11:21:45 +0800] "GET /xingrg/login.html HTTP/1.1" 200 2139
123.6.49.41 - - [30/Jul/2023:11:21:45 +0800] "GET /xingrg/javascript/mobile/jquery.mobile-1.3.2.min.css HTTP/1.1" 200 94670
123.6.49.9 - - [30/Jul/2023:11:21:45 +0800] "GET /xingrg/javascript/mobile/jquery-1.8.3.min.js HTTP/1.1" 200 93637
123.6.49.42 - - [30/Jul/2023:11:21:45 +0800] "GET /xingrg/javascript/mobile/jquery.mobile-1.3.2.min.js HTTP/1.1" 200 145396
123.6.49.42 - - [30/Jul/2023:11:21:45 +0800] "GET /xingrg/javascript/mobile/images/ajax-loader.gif HTTP/1.1" 200 7825
101.83.145.37 - - [30/Jul/2023:11:21:46 +0800] "POST /xingrg/kc/buy/cgsh_order_operate.html HTTP/1.1" 200 37
101.228.187.155 - - [30/Jul/2023:11:21:49 +0800] "GET /xingrg/all/function/internal_message.html?_=1690687307837&CODE_STATE=getMsg HTTP/1.1" 200 27
123.6.49.9 - - [30/Jul/2023:11:21:49 +0800] "GET /xingrg/servlets/html HTTP/1.1" 200 2933
123.6.49.9 - - [30/Jul/2023:11:21:49 +0800] "GET /xingrg/stylesheet.css HTTP/1.1" 404 1036
222.70.114.12 - - [30/Jul/2023:11:21:52 +0800] "GET /xingrg/all/function/internal_message.html?_=1690687312970&CODE_STATE=getMsg HTTP/1.1" 200 27
124.78.70.128 - - [30/Jul/2023:11:21:52 +0800] "POST /xingrg/kc/buy/cgsh_order_operate.html HTTP/1.1" 200 37
124.79.243.110 - - [30/Jul/2023:11:21:53 +0800] "GET /xingrg/all/function/internal_message.html?_=1690687601752&CODE_STATE=getMsg HTTP/1.1" 200 27
101.83.145.37 - - [30/Jul/2023:11:21:53 +0800] "POST /xingrg/kc/buy/cgsh_order_operate.html HTTP/1.1" 200 3250
114.85.113.108 - - [30/Jul/2023:11:21:54 +0800] "GET /xingrg/all/function/internal_message.html?_=1690687312225&CODE_STATE=getMsg HTTP/1.1" 200 27
114.85.113.108 - - [30/Jul/2023:11:21:54 +0800] "GET /xingrg/check_reg.html?_=1690687312226 HTTP/1.1" 200 22
180.152.241.196 - - [30/Jul/2023:11:21:54 +0800] "GET /xingrg/all/function/internal_message.html?_=1690687316992&CODE_STATE=getMsg HTTP/1.1" 200 27
222.69.144.196 - - [30/Jul/2023:11:21:56 +0800] "GET /xingrg/kc/buy/cgsh_order_operate.html?command=get_materiel&rest_code=00154&code=00101006177&supplier_code=00100419&order_time=2023-07-30 HTTP/1.1" 200 429
58.40.7.146 - - [30/Jul/2023:11:21:56 +0800] "GET /xingrg/all/function/internal_message.html?_=1690687316772&CODE_STATE=getMsg HTTP/1.1" 200 27
101.83.145.37 - - [30/Jul/2023:11:21:57 +0800] "GET /xingrg/kc/print/load_data.html?order_code=212023073011956&kc_code=cgsh&condition= HTTP/1.1" 200 902
116.230.112.71 - - [30/Jul/2023:11:21:58 +0800] "GET /xingrg/kc/buy/cgsh_order_operate.html?command=get_materiel&rest_code=00146&code=00101007049&supplier_code=00100002&order_time=2023-07-30 HTTP/1.1" 200 409
180.169.147.146 - - [30/Jul/2023:11:22:00 +0800] "GET /xingrg/check_reg.html?_=1690687321682 HTTP/1.1" 200 22
124.78.155.92 - - [30/Jul/2023:11:22:01 +0800] "GET /xingrg/all/function/internal_message.html?_=1690687322158&CODE_STATE=getMsg HTTP/1.1" 200 27
124.78.70.128 - - [30/Jul/2023:11:22:03 +0800] "POST /xingrg/kc/buy/cgsh_order_operate.html HTTP/1.1" 200 12
222.69.144.196 - - [30/Jul/2023:11:22:03 +0800] "GET /xingrg/all/function/internal_message.html?_=1690687451758&CODE_STATE=getMsg HTTP/1.1" 200 27
124.78.70.128 - - [30/Jul/2023:11:22:06 +0800] "GET /xingrg/kc/buy/cgsh_order_info.html?code=212023073011957 HTTP/1.1" 200 66675
