116.238.191.126 - - [27/Jul/2023:11:02:51 +0800] "GET /xingrg/all/function/internal_message.html?_=1690426971033&CODE_STATE=getMsg HTTP/1.1" 200 27
222.69.131.132 - - [27/Jul/2023:11:02:52 +0800] "GET /xingrg/kc/base/wldb_order_add.html HTTP/1.1" 200 30428
222.70.180.90 - - [27/Jul/2023:11:02:52 +0800] "GET /xingrg/all/function/internal_message.html?_=1690426971157&CODE_STATE=getMsg HTTP/1.1" 200 27
222.69.131.132 - - [27/Jul/2023:11:02:52 +0800] "POST /xingrg/kc/base/wldb_order_operate.html HTTP/1.1" 200 6806
222.70.180.90 - - [27/Jul/2023:11:02:52 +0800] "GET /xingrg/check_reg.html?_=1690426971160 HTTP/1.1" 200 22
222.69.131.132 - - [27/Jul/2023:11:02:52 +0800] "GET /xingrg/javascript/easyui/themes/default/validatebox.css HTTP/1.1" 404 1104
218.81.66.43 - - [27/Jul/2023:11:02:53 +0800] "GET /xingrg/all/function/internal_message.html?_=1690426972907&CODE_STATE=getMsg HTTP/1.1" 200 27
218.81.66.43 - - [27/Jul/2023:11:02:54 +0800] "GET /xingrg/kc/buy/cgsh_order_list.html HTTP/1.1" 200 55948
222.69.131.132 - - [27/Jul/2023:11:02:54 +0800] "POST /xingrg/all/common/load_combo.html?type=base HTTP/1.1" 200 3409
124.79.243.110 - - [27/Jul/2023:11:02:56 +0800] "GET /xingrg/all/function/internal_message.html?_=1690427262971&CODE_STATE=getMsg HTTP/1.1" 200 27
218.81.66.43 - - [27/Jul/2023:11:02:57 +0800] "POST /xingrg/kc/buy/cgsh_list_operate.html HTTP/1.1" 200 986
124.78.70.128 - - [27/Jul/2023:11:02:58 +0800] "GET /xingrg/all/function/internal_message.html?_=1690426446604&CODE_STATE=getMsg HTTP/1.1" 200 27
114.85.113.108 - - [27/Jul/2023:11:02:58 +0800] "GET /xingrg/kc/buy/cgsh_order_operate.html?command=get_materiel&rest_code=00145&code=00101022024&supplier_code=00100298&order_time=2023-07-27 HTTP/1.1" 200 411
124.78.70.128 - - [27/Jul/2023:11:02:59 +0800] "GET /xingrg/check_reg.html?_=1690426447807 HTTP/1.1" 200 22
101.83.145.37 - - [27/Jul/2023:11:03:00 +0800] "POST /xingrg/kc/buy/cgsh_order_operate.html HTTP/1.1" 200 31032
116.238.191.126 - - [27/Jul/2023:11:03:00 +0800] "GET /xingrg/all/function/internal_message.html?_=1690426865782&CODE_STATE=getMsg HTTP/1.1" 200 27
124.78.155.92 - - [27/Jul/2023:11:03:06 +0800] "GET /xingrg/all/function/internal_message.html?_=1690426986905&CODE_STATE=getMsg HTTP/1.1" 200 27
116.238.191.126 - - [27/Jul/2023:11:03:06 +0800] "POST /xingrg/kc/buy/cgsh_order_operate.html HTTP/1.1" 200 37
124.78.155.92 - - [27/Jul/2023:11:03:08 +0800] "GET /xingrg/check_reg.html?_=1690426988056 HTTP/1.1" 200 22
116.238.191.126 - - [27/Jul/2023:11:03:08 +0800] "POST /xingrg/kc/buy/cgsh_order_operate.html HTTP/1.1" 200 3268
222.69.131.132 - - [27/Jul/2023:11:03:10 +0800] "GET /xingrg/kc/base/wldb_order_operate.html?command=get_materiel&rest_code=00149&base_code=0010394&code=00101016076 HTTP/1.1" 200 477
180.165.154.167 - - [27/Jul/2023:11:03:11 +0800] "GET /xingrg/all/function/internal_message.html?_=1690426991008&CODE_STATE=getMsg HTTP/1.1" 200 27
218.81.66.43 - - [27/Jul/2023:11:03:15 +0800] "GET /xingrg/kc/buy/cgsh_order_list.html HTTP/1.1" 200 55948
114.85.113.108 - - [27/Jul/2023:11:03:18 +0800] "POST /xingrg/kc/buy/cgsh_order_operate.html HTTP/1.1" 200 37
222.69.131.132 - - [27/Jul/2023:11:03:18 +0800] "GET /xingrg/kc/base/wldb_order_operate.html?command=get_materiel&rest_code=00149&base_code=0010394&code=00101013052 HTTP/1.1" 200 442
101.228.187.155 - - [27/Jul/2023:11:03:19 +0800] "GET /xingrg/all/function/internal_message.html?_=1690426998306&CODE_STATE=getMsg HTTP/1.1" 200 27
218.81.66.43 - - [27/Jul/2023:11:03:20 +0800] "POST /xingrg/kc/buy/cgsh_list_operate.html HTTP/1.1" 200 986
114.85.113.108 - - [27/Jul/2023:11:03:20 +0800] "POST /xingrg/kc/buy/cgsh_order_operate.html HTTP/1.1" 200 2660
180.163.29.79 - - [27/Jul/2023:11:03:21 +0800] "GET /xingrg/all/function/internal_message.html?_=1690426941903&CODE_STATE=getMsg HTTP/1.1" 302 -
180.163.29.79 - - [27/Jul/2023:11:03:21 +0800] "GET /xingrg/login.html HTTP/1.1" 200 7641
180.169.147.146 - - [27/Jul/2023:11:03:21 +0800] "GET /xingrg/all/function/internal_message.html?_=1690427001896&CODE_STATE=getMsg HTTP/1.1" 200 27
114.85.113.108 - - [27/Jul/2023:11:03:24 +0800] "GET /xingrg/check_reg.html?_=1690427003156 HTTP/1.1" 200 22
114.85.113.108 - - [27/Jul/2023:11:03:24 +0800] "GET /xingrg/all/function/internal_message.html?_=1690427003153&CODE_STATE=getMsg HTTP/1.1" 200 27
114.85.113.108 - - [27/Jul/2023:11:03:27 +0800] "POST /xingrg/kc/buy/cgsh_order_operate.html HTTP/1.1" 200 37
180.165.154.167 - - [27/Jul/2023:11:03:32 +0800] "GET /favicon.ico HTTP/1.1" 404 -
116.232.195.127 - - [27/Jul/2023:11:03:33 +0800] "GET /xingrg/all/function/internal_message.html?_=1690426967363&CODE_STATE=getMsg HTTP/1.1" 200 27
222.69.131.132 - - [27/Jul/2023:11:03:34 +0800] "GET /xingrg/check_reg.html?_=1690427012070 HTTP/1.1" 200 22
222.69.131.132 - - [27/Jul/2023:11:03:34 +0800] "GET /xingrg/all/function/internal_message.html?_=1690427012071&CODE_STATE=getMsg HTTP/1.1" 200 27
114.85.113.108 - - [27/Jul/2023:11:03:35 +0800] "POST /xingrg/kc/buy/cgsh_order_operate.html HTTP/1.1" 200 12
218.81.66.43 - - [27/Jul/2023:11:03:37 +0800] "GET /xingrg/all/function/internal_message.html?_=1690427024406&CODE_STATE=getMsg HTTP/1.1" 200 27
222.70.245.33 - - [27/Jul/2023:11:03:38 +0800] "GET /xingrg/check_reg.html?_=1690427032405 HTTP/1.1" 200 22
114.85.113.108 - - [27/Jul/2023:11:03:38 +0800] "GET /xingrg/kc/buy/cgsh_order_info.html?code=212023072710628 HTTP/1.1" 200 65827
114.85.113.108 - - [27/Jul/2023:11:03:39 +0800] "GET /xingrg/javascript/easyui/themes/default/validatebox.css HTTP/1.1" 404 1104
222.70.245.33 - - [27/Jul/2023:11:03:39 +0800] "GET /xingrg/all/function/internal_message.html?_=1690427033709&CODE_STATE=getMsg HTTP/1.1" 200 27
114.85.113.108 - - [27/Jul/2023:11:03:40 +0800] "POST /xingrg/kc/buy/cgsh_order_operate.html HTTP/1.1" 200 610
124.78.155.92 - - [27/Jul/2023:11:03:41 +0800] "GET /xingrg/all/function/internal_message.html?_=1690427021008&CODE_STATE=getMsg HTTP/1.1" 200 27
180.152.241.196 - - [27/Jul/2023:11:03:41 +0800] "GET /xingrg/all/function/internal_message.html?_=1690427022658&CODE_STATE=getMsg HTTP/1.1" 200 27
222.70.114.12 - - [27/Jul/2023:11:03:42 +0800] "GET /xingrg/all/function/internal_message.html?_=1690427029547&CODE_STATE=getMsg HTTP/1.1" 200 27
116.238.191.126 - - [27/Jul/2023:11:03:42 +0800] "GET /xingrg/all/function/internal_message.html?_=1690426907859&CODE_STATE=getMsg HTTP/1.1" 200 27
114.85.113.108 - - [27/Jul/2023:11:03:44 +0800] "GET /xingrg/kc/print/load_data.html?order_code=212023072710628&kc_code=cgsh&condition= HTTP/1.1" 200 705
222.69.131.132 - - [27/Jul/2023:11:03:44 +0800] "GET /xingrg/kc/base/wldb_order_operate.html?command=get_materiel&rest_code=00149&base_code=0010394&code=00101019295 HTTP/1.1" 200 475
101.83.145.37 - - [27/Jul/2023:11:03:45 +0800] "GET /xingrg/all/function/internal_message.html?_=1690426834694&CODE_STATE=getMsg HTTP/1.1" 200 27
114.83.217.201 - - [27/Jul/2023:11:03:47 +0800] "GET /xingrg/all/function/internal_message.html?_=1690427154861&CODE_STATE=getMsg HTTP/1.1" 200 27
114.85.113.108 - - [27/Jul/2023:11:03:48 +0800] "GET /xingrg/kc/buy/cgsh_order_add.html HTTP/1.1" 200 70919
114.85.113.108 - - [27/Jul/2023:11:03:48 +0800] "POST /xingrg/kc/buy/cgsh_order_operate.html HTTP/1.1" 200 8245
114.85.113.108 - - [27/Jul/2023:11:03:48 +0800] "GET /xingrg/javascript/easyui/themes/default/validatebox.css HTTP/1.1" 404 1104
120.253.135.82 - - [27/Jul/2023:11:03:48 +0800] "GET /xingrg/all/function/internal_message.html?_=1690426850809&CODE_STATE=getMsg HTTP/1.1" 200 27
114.83.217.201 - - [27/Jul/2023:11:03:49 +0800] "GET /xingrg/check_reg.html?_=1690427156175 HTTP/1.1" 200 22
114.85.113.108 - - [27/Jul/2023:11:03:51 +0800] "GET /xingrg/kc/buy/cgsh_order_add.html HTTP/1.1" 200 70919
114.85.113.108 - - [27/Jul/2023:11:03:51 +0800] "POST /xingrg/kc/buy/cgsh_order_operate.html HTTP/1.1" 200 8245
114.85.113.108 - - [27/Jul/2023:11:03:51 +0800] "GET /xingrg/javascript/easyui/themes/default/validatebox.css HTTP/1.1" 404 1104
116.238.191.126 - - [27/Jul/2023:11:03:51 +0800] "GET /xingrg/all/function/internal_message.html?_=1690427031077&CODE_STATE=getMsg HTTP/1.1" 200 27
222.70.180.90 - - [27/Jul/2023:11:03:52 +0800] "GET /xingrg/all/function/internal_message.html?_=1690427031159&CODE_STATE=getMsg HTTP/1.1" 200 27
218.81.66.43 - - [27/Jul/2023:11:03:53 +0800] "GET /xingrg/check_reg.html?_=1690427032907 HTTP/1.1" 200 22
218.81.66.43 - - [27/Jul/2023:11:03:53 +0800] "GET /xingrg/all/function/internal_message.html?_=1690427032909&CODE_STATE=getMsg HTTP/1.1" 200 27
124.79.243.110 - - [27/Jul/2023:11:03:56 +0800] "GET /xingrg/all/function/internal_message.html?_=1690427322964&CODE_STATE=getMsg HTTP/1.1" 200 27
124.79.243.110 - - [27/Jul/2023:11:03:56 +0800] "GET /xingrg/check_reg.html?_=1690427322965 HTTP/1.1" 200 22
124.78.70.128 - - [27/Jul/2023:11:03:58 +0800] "GET /xingrg/all/function/internal_message.html?_=1690426506576&CODE_STATE=getMsg HTTP/1.1" 200 27
116.238.191.126 - - [27/Jul/2023:11:04:00 +0800] "GET /xingrg/all/function/internal_message.html?_=1690426925809&CODE_STATE=getMsg HTTP/1.1" 200 27
222.69.131.132 - - [27/Jul/2023:11:04:05 +0800] "GET /xingrg/kc/base/wldb_order_operate.html?command=get_materiel&rest_code=00149&base_code=0010394&code=00101019253 HTTP/1.1" 200 482
124.78.155.92 - - [27/Jul/2023:11:04:06 +0800] "GET /xingrg/all/function/internal_message.html?_=1690427046904&CODE_STATE=getMsg HTTP/1.1" 200 27
180.165.154.167 - - [27/Jul/2023:11:04:11 +0800] "GET /xingrg/all/function/internal_message.html?_=1690427050988&CODE_STATE=getMsg HTTP/1.1" 200 27
222.69.131.132 - - [27/Jul/2023:11:04:11 +0800] "GET /xingrg/kc/base/wldb_order_operate.html?command=get_materiel&rest_code=00149&base_code=0010394&code=00101019430 HTTP/1.1" 200 477
180.165.154.167 - - [27/Jul/2023:11:04:12 +0800] "GET /xingrg/check_reg.html?_=1690427052111 HTTP/1.1" 200 22
101.228.187.155 - - [27/Jul/2023:11:04:19 +0800] "GET /xingrg/all/function/internal_message.html?_=1690427058308&CODE_STATE=getMsg HTTP/1.1" 200 27
180.169.147.146 - - [27/Jul/2023:11:04:21 +0800] "GET /xingrg/all/function/internal_message.html?_=1690427061889&CODE_STATE=getMsg HTTP/1.1" 200 27
114.85.113.108 - - [27/Jul/2023:11:04:24 +0800] "GET /xingrg/all/function/internal_message.html?_=1690427063140&CODE_STATE=getMsg HTTP/1.1" 200 27
180.152.241.196 - - [27/Jul/2023:11:04:31 +0800] "GET /xingrg/kc/base/wldb_order_list.html HTTP/1.1" 200 19139
116.232.195.127 - - [27/Jul/2023:11:04:32 +0800] "GET /xingrg/check_reg.html?_=1690427026425 HTTP/1.1" 200 22
180.152.241.196 - - [27/Jul/2023:11:04:32 +0800] "POST /xingrg/kc/base/wldb_list_operate.html HTTP/1.1" 200 928
116.232.195.127 - - [27/Jul/2023:11:04:33 +0800] "GET /xingrg/all/function/internal_message.html?_=1690427027346&CODE_STATE=getMsg HTTP/1.1" 200 27
222.69.131.132 - - [27/Jul/2023:11:04:34 +0800] "GET /xingrg/all/function/internal_message.html?_=1690427072063&CODE_STATE=getMsg HTTP/1.1" 200 27
180.152.241.196 - - [27/Jul/2023:11:04:35 +0800] "GET /xingrg/kc/base/wldb_order_add.html HTTP/1.1" 200 30418
180.152.241.196 - - [27/Jul/2023:11:04:36 +0800] "POST /xingrg/kc/base/wldb_order_operate.html HTTP/1.1" 200 6806
180.152.241.196 - - [27/Jul/2023:11:04:36 +0800] "GET /xingrg/javascript/easyui/themes/default/validatebox.css HTTP/1.1" 404 1104
180.152.241.196 - - [27/Jul/2023:11:04:37 +0800] "POST /xingrg/all/common/load_combo.html?type=base HTTP/1.1" 200 3321
218.81.66.43 - - [27/Jul/2023:11:04:37 +0800] "GET /xingrg/all/function/internal_message.html?_=1690427084404&CODE_STATE=getMsg HTTP/1.1" 200 27
222.69.131.132 - - [27/Jul/2023:11:04:38 +0800] "GET /xingrg/kc/base/wldb_order_operate.html?command=get_materiel&rest_code=00149&base_code=0010394&code=00101019384 HTTP/1.1" 200 471
180.152.241.196 - - [27/Jul/2023:11:04:38 +0800] "POST /xingrg/all/common/load_combo.html?type=base HTTP/1.1" 200 3321
222.70.245.33 - - [27/Jul/2023:11:04:39 +0800] "GET /xingrg/all/function/internal_message.html?_=1690427093723&CODE_STATE=getMsg HTTP/1.1" 200 27
116.238.191.126 - - [27/Jul/2023:11:04:40 +0800] "GET /xingrg/check_reg.html?_=1690426965148 HTTP/1.1" 200 22
124.78.155.92 - - [27/Jul/2023:11:04:41 +0800] "GET /xingrg/all/function/internal_message.html?_=1690427080990&CODE_STATE=getMsg HTTP/1.1" 200 27
180.152.241.196 - - [27/Jul/2023:11:04:41 +0800] "GET /xingrg/all/function/internal_message.html?_=1690427082642&CODE_STATE=getMsg HTTP/1.1" 200 27
222.70.114.12 - - [27/Jul/2023:11:04:42 +0800] "GET /xingrg/all/function/internal_message.html?_=1690427089573&CODE_STATE=getMsg HTTP/1.1" 200 27
222.70.114.12 - - [27/Jul/2023:11:04:42 +0800] "GET /xingrg/check_reg.html?_=1690427089573 HTTP/1.1" 200 22
116.238.191.126 - - [27/Jul/2023:11:04:42 +0800] "GET /xingrg/all/function/internal_message.html?_=1690426967870&CODE_STATE=getMsg HTTP/1.1" 200 27
101.83.145.37 - - [27/Jul/2023:11:04:45 +0800] "GET /xingrg/check_reg.html?_=1690426894720 HTTP/1.1" 200 22
101.83.145.37 - - [27/Jul/2023:11:04:45 +0800] "GET /xingrg/all/function/internal_message.html?_=1690426894723&CODE_STATE=getMsg HTTP/1.1" 200 27
180.152.241.196 - - [27/Jul/2023:11:04:46 +0800] "GET /xingrg/kc/base/wldb_order_operate.html?command=get_materiel&rest_code=00102&base_code=0010476&code=00101019247 HTTP/1.1" 200 455
114.83.217.201 - - [27/Jul/2023:11:04:47 +0800] "GET /xingrg/all/function/internal_message.html?_=1690427214846&CODE_STATE=getMsg HTTP/1.1" 200 27
120.253.135.82 - - [27/Jul/2023:11:04:48 +0800] "GET /xingrg/all/function/internal_message.html?_=1690426910838&CODE_STATE=getMsg HTTP/1.1" 200 27
116.238.191.126 - - [27/Jul/2023:11:04:51 +0800] "GET /xingrg/all/function/internal_message.html?_=1690427091050&CODE_STATE=getMsg HTTP/1.1" 200 27
222.70.180.90 - - [27/Jul/2023:11:04:52 +0800] "GET /xingrg/all/function/internal_message.html?_=1690427091158&CODE_STATE=getMsg HTTP/1.1" 200 27
218.81.66.43 - - [27/Jul/2023:11:04:53 +0800] "GET /xingrg/all/function/internal_message.html?_=1690427092908&CODE_STATE=getMsg HTTP/1.1" 200 27
180.152.241.196 - - [27/Jul/2023:11:04:54 +0800] "POST /xingrg/kc/base/wldb_order_operate.html HTTP/1.1" 200 37
222.69.131.132 - - [27/Jul/2023:11:04:55 +0800] "GET /xingrg/kc/base/wldb_order_operate.html?command=get_materiel&rest_code=00149&base_code=0010394&code=00101019529 HTTP/1.1" 200 475
124.79.243.110 - - [27/Jul/2023:11:04:56 +0800] "GET /xingrg/all/function/internal_message.html?_=1690427382975&CODE_STATE=getMsg HTTP/1.1" 200 27
124.78.70.128 - - [27/Jul/2023:11:04:58 +0800] "GET /xingrg/all/function/internal_message.html?_=1690426566553&CODE_STATE=getMsg HTTP/1.1" 200 27
116.238.191.126 - - [27/Jul/2023:11:05:00 +0800] "GET /xingrg/all/function/internal_message.html?_=1690426985810&CODE_STATE=getMsg HTTP/1.1" 200 27
180.152.241.196 - - [27/Jul/2023:11:05:01 +0800] "POST /xingrg/kc/base/wldb_order_operate.html HTTP/1.1" 200 12
180.152.241.196 - - [27/Jul/2023:11:05:01 +0800] "POST /xingrg/kc/base/wldb_order_operate.html HTTP/1.1" 200 2197
180.152.241.196 - - [27/Jul/2023:11:05:02 +0800] "GET /xingrg/kc/base/wldb_order_info.html?code=422023072702640 HTTP/1.1" 200 26295
180.152.241.196 - - [27/Jul/2023:11:05:02 +0800] "GET /xingrg/javascript/easyui/themes/default/validatebox.css HTTP/1.1" 404 1104
180.152.241.196 - - [27/Jul/2023:11:05:02 +0800] "POST /xingrg/kc/base/wldb_order_operate.html HTTP/1.1" 200 492
124.78.155.92 - - [27/Jul/2023:11:05:06 +0800] "GET /xingrg/check_reg.html?_=1690427106905 HTTP/1.1" 200 22
124.78.155.92 - - [27/Jul/2023:11:05:06 +0800] "GET /xingrg/all/function/internal_message.html?_=1690427106907&CODE_STATE=getMsg HTTP/1.1" 200 27
124.78.155.92 - - [27/Jul/2023:11:05:06 +0800] "GET /xingrg/kc/base/wldb_order_add.html HTTP/1.1" 200 30426
124.78.155.92 - - [27/Jul/2023:11:05:07 +0800] "POST /xingrg/kc/base/wldb_order_operate.html HTTP/1.1" 200 6806
124.78.155.92 - - [27/Jul/2023:11:05:07 +0800] "GET /xingrg/javascript/easyui/themes/default/validatebox.css HTTP/1.1" 404 1104
180.165.154.167 - - [27/Jul/2023:11:05:11 +0800] "GET /xingrg/all/function/internal_message.html?_=1690427110988&CODE_STATE=getMsg HTTP/1.1" 200 27
124.78.155.92 - - [27/Jul/2023:11:05:13 +0800] "POST /xingrg/all/common/load_combo.html?type=base HTTP/1.1" 200 3227
180.152.241.196 - - [27/Jul/2023:11:05:15 +0800] "GET /xingrg/kc/report/report_main.html HTTP/1.1" 200 7340
180.152.241.196 - - [27/Jul/2023:11:05:15 +0800] "GET /xingrg/css/blue.css HTTP/1.1" 200 15949
180.152.241.196 - - [27/Jul/2023:11:05:15 +0800] "GET /xingrg/javascript/jquery_ui/themes/humanity/humanity.css HTTP/1.1" 200 27801
180.152.241.196 - - [27/Jul/2023:11:05:15 +0800] "GET /xingrg/javascript/myfunction.js HTTP/1.1" 200 24559
180.152.241.196 - - [27/Jul/2023:11:05:15 +0800] "GET /xingrg/javascript/jquery_easy_ui/themes/icons/back_new.png HTTP/1.1" 200 3414
180.152.241.196 - - [27/Jul/2023:11:05:16 +0800] "GET /xingrg/kc/base/crk_hz.html HTTP/1.1" 200 11247
180.152.241.196 - - [27/Jul/2023:11:05:16 +0800] "GET /xingrg/javascript/step/step.css HTTP/1.1" 200 999
180.152.241.196 - - [27/Jul/2023:11:05:16 +0800] "GET /xingrg/css/table.css HTTP/1.1" 200 3684
180.152.241.196 - - [27/Jul/2023:11:05:16 +0800] "POST /xingrg/kc/cost/cost_operate.html?command=get_base_tree HTTP/1.1" 200 2589
180.152.241.196 - - [27/Jul/2023:11:05:16 +0800] "GET /xingrg/javascript/jquery_easy_ui/themes/default/images/button_span_bg.gif HTTP/1.1" 200 2061
180.152.241.196 - - [27/Jul/2023:11:05:16 +0800] "GET /xingrg/javascript/jquery_easy_ui/themes/default/images/calendar_nextmonth.gif HTTP/1.1" 200 64
180.152.241.196 - - [27/Jul/2023:11:05:16 +0800] "GET /xingrg/javascript/jquery_easy_ui/themes/default/images/calendar_prevmonth.gif HTTP/1.1" 200 66
180.152.241.196 - - [27/Jul/2023:11:05:16 +0800] "GET /xingrg/javascript/jquery_easy_ui/themes/default/images/calendar_nextyear.gif HTTP/1.1" 200 75
180.152.241.196 - - [27/Jul/2023:11:05:16 +0800] "GET /xingrg/javascript/jquery_easy_ui/themes/default/images/menu.gif HTTP/1.1" 200 834
180.152.241.196 - - [27/Jul/2023:11:05:16 +0800] "GET /xingrg/javascript/jquery_easy_ui/themes/default/images/calendar_prevyear.gif HTTP/1.1" 200 76
180.152.241.196 - - [27/Jul/2023:11:05:16 +0800] "GET /xingrg/javascript/jquery_easy_ui/themes/icons/print.png HTTP/1.1" 200 1057
180.152.241.196 - - [27/Jul/2023:11:05:16 +0800] "GET /xingrg/javascript/jquery_easy_ui/themes/icons/search.png HTTP/1.1" 200 813
180.152.241.196 - - [27/Jul/2023:11:05:16 +0800] "GET /xingrg/javascript/jquery_easy_ui/themes/default/images/combo_arrow_dot.gif HTTP/1.1" 200 79
180.152.241.196 - - [27/Jul/2023:11:05:16 +0800] "GET /xingrg/javascript/jquery_easy_ui/themes/default/images/button_a_bg.gif HTTP/1.1" 200 1194
180.152.241.196 - - [27/Jul/2023:11:05:16 +0800] "GET /xingrg/javascript/jquery_easy_ui/themes/default/images/menu_downarrow.png HTTP/1.1" 200 173
180.152.241.196 - - [27/Jul/2023:11:05:16 +0800] "POST /xingrg/all/common/load_tree.html?tree=materiel_sort_tree_json HTTP/1.1" 200 9500
180.152.241.196 - - [27/Jul/2023:11:05:16 +0800] "GET /xingrg/javascript/jquery_easy_ui/themes/default/images/tree_checkbox_0.gif HTTP/1.1" 200 168
124.78.155.92 - - [27/Jul/2023:11:05:17 +0800] "POST /xingrg/all/common/load_combo.html?type=base HTTP/1.1" 200 3227
101.228.187.155 - - [27/Jul/2023:11:05:19 +0800] "GET /xingrg/all/function/internal_message.html?_=1690427118307&CODE_STATE=getMsg HTTP/1.1" 200 27
101.83.145.37 - - [27/Jul/2023:11:05:21 +0800] "GET /xingrg/kc/print/load_config.html?kc_code=cgsh HTTP/1.1" 200 1924
124.78.155.92 - - [27/Jul/2023:11:05:21 +0800] "GET /xingrg/kc/base/wldb_order_operate.html?command=get_materiel&rest_code=00106&base_code=0010397&code=00102002453 HTTP/1.1" 200 433
180.169.147.146 - - [27/Jul/2023:11:05:21 +0800] "GET /xingrg/all/function/internal_message.html?_=1690427121906&CODE_STATE=getMsg HTTP/1.1" 200 27
180.152.241.196 - - [27/Jul/2023:11:05:22 +0800] "GET /xingrg/javascript/jquery_easy_ui/themes/default/images/tree_checkbox_1.gif HTTP/1.1" 200 174
180.152.241.196 - - [27/Jul/2023:11:05:22 +0800] "GET /xingrg/javascript/jquery_easy_ui/themes/default/images/tree_checkbox_2.gif HTTP/1.1" 200 181
101.83.145.37 - - [27/Jul/2023:11:05:22 +0800] "GET /xingrg/kc/print/load_data.html?order_code=212023072710564&kc_code=cgsh&condition= HTTP/1.1" 200 11363
180.163.28.55 - - [27/Jul/2023:11:05:24 +0800] "GET /xingrg/all/function/internal_message.html?_=1690427061889&CODE_STATE=getMsg HTTP/1.1" 302 -
180.163.28.55 - - [27/Jul/2023:11:05:24 +0800] "GET /xingrg/login.html HTTP/1.1" 200 7641
114.85.113.108 - - [27/Jul/2023:11:05:24 +0800] "GET /xingrg/all/function/internal_message.html?_=1690427123134&CODE_STATE=getMsg HTTP/1.1" 200 27
180.152.241.196 - - [27/Jul/2023:11:05:25 +0800] "GET /xingrg/kc/base/crk_hz.html?_=1690427126186&command=get_cost_id&end_date=2023-07-26&start_date=2023-07-01 HTTP/1.1" 200 51
180.152.241.196 - - [27/Jul/2023:11:05:25 +0800] "GET /xingrg/all/report/report_query.html?isQuery=1&onlyBody=1&rh=99999&rw=1800&varString=start:20230701,cost_id:4457,mid:20230701&fileName=kc/base/crk_hz_type_by_base.xml&queryString=%20a.base_code%20in%20('0010490')%20%20and%20m.sort_code%20in%20('00101001','00101002','00101003','00101004','00101005','00101006','00101007','00101008','00101009','00101010','00101011','00101012','00101013','00101014','00101015','00101016','00101017','00101018','00101019','00101020','00101021','00101022','00101023','00101024','00101025','00101026','00101027','00101028','00101029','00101030','00101031','00101032','00101033','00101034','00101036','00101037','00101038','00101039','00101040','00101041','00101042','00101043')%20&queryText=ÈÕÆÚ£º2023-07-01ÖÁ2023-07-26%20²Ö¿â£ºÔ±¹¤²Í&tableQueryString=materiel_table$sp1$$sp$before_table$sp1$$sp$crk_table$sp1$order_day%20between%2020230701%20and%2020230726 HTTP/1.1" 200 49885
180.152.241.196 - - [27/Jul/2023:11:05:25 +0800] "GET /xingrg/javascript/multi_select/jqueryMultiSelect.css HTTP/1.1" 200 951
180.152.241.196 - - [27/Jul/2023:11:05:25 +0800] "GET /xingrg/javascript/calendar/timePicker.css HTTP/1.1" 200 523
180.152.241.196 - - [27/Jul/2023:11:05:25 +0800] "GET /xingrg/javascript/bigrid/fix.css HTTP/1.1" 200 1702
180.152.241.196 - - [27/Jul/2023:11:05:25 +0800] "GET /xingrg/dwr/interface/AjaxReportQueryService.js HTTP/1.1" 200 13203
180.152.241.196 - - [27/Jul/2023:11:05:25 +0800] "GET /xingrg/dwr/util.js HTTP/1.1" 200 35990
180.152.241.196 - - [27/Jul/2023:11:05:25 +0800] "GET /xingrg/dwr/engine.js HTTP/1.1" 200 43631
180.152.241.196 - - [27/Jul/2023:11:05:25 +0800] "GET /xingrg/javascript/jqueryMultiSelect.js HTTP/1.1" 200 11866
180.152.241.196 - - [27/Jul/2023:11:05:25 +0800] "GET /xingrg/javascript/calendar/jquery.timePicker.min.js HTTP/1.1" 200 2997
180.152.241.196 - - [27/Jul/2023:11:05:25 +0800] "GET /xingrg/javascript/Calendar.js HTTP/1.1" 200 31561
180.152.241.196 - - [27/Jul/2023:11:05:25 +0800] "GET /xingrg/javascript/bigrid/fix.js HTTP/1.1" 200 6439
180.152.241.196 - - [27/Jul/2023:11:05:25 +0800] "GET /xingrg/images/blue/button/backover.gif HTTP/1.1" 200 1348
180.152.241.196 - - [27/Jul/2023:11:05:25 +0800] "GET /xingrg/images/control/loading.gif HTTP/1.1" 200 13463
180.152.241.196 - - [27/Jul/2023:11:05:25 +0800] "GET /xingrg/images/blue/button/advanceover.gif HTTP/1.1" 200 1347
180.152.241.196 - - [27/Jul/2023:11:05:25 +0800] "GET /xingrg/images/blue/button/advance2over.gif HTTP/1.1" 200 1336
180.152.241.196 - - [27/Jul/2023:11:05:25 +0800] "GET /xingrg/images/blue/button/back2over.gif HTTP/1.1" 200 1335
180.152.241.196 - - [27/Jul/2023:11:05:25 +0800] "GET /xingrg/javascript/jquery_easy_ui/themes/icons/help.png HTTP/1.1" 200 1187
180.152.241.196 - - [27/Jul/2023:11:05:29 +0800] "POST /xingrg/all/report/load_report_page.html HTTP/1.1" 200 94573
180.152.241.196 - - [27/Jul/2023:11:05:29 +0800] "GET /xingrg/servlets/image?cache=0.8651847167966974&image=px HTTP/1.1" 200 807
116.232.195.127 - - [27/Jul/2023:11:05:33 +0800] "GET /xingrg/all/function/internal_message.html?_=1690427087323&CODE_STATE=getMsg HTTP/1.1" 200 27
222.69.131.132 - - [27/Jul/2023:11:05:34 +0800] "GET /xingrg/all/function/internal_message.html?_=1690427132056&CODE_STATE=getMsg HTTP/1.1" 200 27
218.81.66.43 - - [27/Jul/2023:11:05:37 +0800] "GET /xingrg/all/function/internal_message.html?_=1690427144402&CODE_STATE=getMsg HTTP/1.1" 200 27
222.69.131.132 - - [27/Jul/2023:11:05:37 +0800] "POST /xingrg/kc/base/wldb_order_operate.html HTTP/1.1" 200 37
124.78.155.92 - - [27/Jul/2023:11:05:39 +0800] "POST /xingrg/kc/base/wldb_order_operate.html HTTP/1.1" 200 64
222.70.245.33 - - [27/Jul/2023:11:05:39 +0800] "GET /xingrg/all/function/internal_message.html?_=1690427153737&CODE_STATE=getMsg HTTP/1.1" 200 27
124.78.155.92 - - [27/Jul/2023:11:05:40 +0800] "GET /xingrg/all/function/internal_message.html?_=1690427140964&CODE_STATE=getMsg HTTP/1.1" 200 27
116.238.191.126 - - [27/Jul/2023:11:05:41 +0800] "GET /xingrg/check_reg.html?_=1690427026763 HTTP/1.1" 200 22
180.152.241.196 - - [27/Jul/2023:11:05:41 +0800] "GET /xingrg/all/function/internal_message.html?_=1690427142632&CODE_STATE=getMsg HTTP/1.1" 200 27
222.70.114.12 - - [27/Jul/2023:11:05:42 +0800] "GET /xingrg/all/function/internal_message.html?_=1690427149570&CODE_STATE=getMsg HTTP/1.1" 200 27
116.238.191.126 - - [27/Jul/2023:11:05:42 +0800] "GET /xingrg/all/function/internal_message.html?_=1690427027883&CODE_STATE=getMsg HTTP/1.1" 200 27
180.152.241.196 - - [27/Jul/2023:11:05:43 +0800] "GET /favicon.ico HTTP/1.1" 404 -
101.83.145.37 - - [27/Jul/2023:11:05:45 +0800] "GET /xingrg/all/function/internal_message.html?_=1690426954719&CODE_STATE=getMsg HTTP/1.1" 200 27
222.69.131.132 - - [27/Jul/2023:11:05:47 +0800] "POST /xingrg/kc/base/wldb_order_operate.html HTTP/1.1" 200 12
222.69.131.132 - - [27/Jul/2023:11:05:47 +0800] "POST /xingrg/kc/base/wldb_order_operate.html HTTP/1.1" 200 7746
114.83.217.201 - - [27/Jul/2023:11:05:47 +0800] "GET /xingrg/all/function/internal_message.html?_=1690427274820&CODE_STATE=getMsg HTTP/1.1" 200 27
120.253.135.82 - - [27/Jul/2023:11:05:49 +0800] "GET /xingrg/all/function/internal_message.html?_=1690426971248&CODE_STATE=getMsg HTTP/1.1" 200 27
222.69.131.132 - - [27/Jul/2023:11:05:50 +0800] "GET /xingrg/kc/base/wldb_order_info.html?code=422023072702641 HTTP/1.1" 200 26307
222.69.131.132 - - [27/Jul/2023:11:05:51 +0800] "GET /xingrg/javascript/easyui/themes/default/validatebox.css HTTP/1.1" 404 1104
222.69.131.132 - - [27/Jul/2023:11:05:51 +0800] "POST /xingrg/kc/base/wldb_order_operate.html HTTP/1.1" 200 5917
116.238.191.126 - - [27/Jul/2023:11:05:51 +0800] "GET /xingrg/all/function/internal_message.html?_=1690427151037&CODE_STATE=getMsg HTTP/1.1" 200 27
222.70.180.90 - - [27/Jul/2023:11:05:52 +0800] "GET /xingrg/all/function/internal_message.html?_=1690427151158&CODE_STATE=getMsg HTTP/1.1" 200 27
218.81.66.43 - - [27/Jul/2023:11:05:53 +0800] "GET /xingrg/all/function/internal_message.html?_=1690427152908&CODE_STATE=getMsg HTTP/1.1" 200 27
222.69.131.132 - - [27/Jul/2023:11:05:54 +0800] "GET /xingrg/kc/base/wldb_order_add.html HTTP/1.1" 200 30428
222.69.131.132 - - [27/Jul/2023:11:05:55 +0800] "POST /xingrg/kc/base/wldb_order_operate.html HTTP/1.1" 200 6806
222.69.131.132 - - [27/Jul/2023:11:05:55 +0800] "GET /xingrg/javascript/easyui/themes/default/validatebox.css HTTP/1.1" 404 1104
124.79.243.110 - - [27/Jul/2023:11:05:56 +0800] "GET /xingrg/all/function/internal_message.html?_=1690427442961&CODE_STATE=getMsg HTTP/1.1" 200 27
101.83.145.37 - - [27/Jul/2023:11:05:56 +0800] "GET /xingrg/kc/buy/cgsh_order_add.html HTTP/1.1" 200 71806
101.83.145.37 - - [27/Jul/2023:11:05:56 +0800] "GET /xingrg/words/20230726152723_words.js HTTP/1.1" 304 -
101.83.145.37 - - [27/Jul/2023:11:05:57 +0800] "POST /xingrg/kc/buy/cgsh_order_operate.html HTTP/1.1" 200 8245
101.83.145.37 - - [27/Jul/2023:11:05:57 +0800] "GET /xingrg/javascript/easyui/themes/default/validatebox.css HTTP/1.1" 404 1104
180.152.241.196 - - [27/Jul/2023:11:05:57 +0800] "GET /favicon.ico HTTP/1.1" 404 -
222.69.131.132 - - [27/Jul/2023:11:05:57 +0800] "POST /xingrg/all/common/load_combo.html?type=base HTTP/1.1" 200 3409
124.78.70.128 - - [27/Jul/2023:11:05:58 +0800] "GET /xingrg/all/function/internal_message.html?_=1690426626522&CODE_STATE=getMsg HTTP/1.1" 200 27
116.238.191.126 - - [27/Jul/2023:11:06:00 +0800] "GET /xingrg/all/function/internal_message.html?_=1690427045822&CODE_STATE=getMsg HTTP/1.1" 200 27
124.78.155.92 - - [27/Jul/2023:11:06:06 +0800] "GET /xingrg/all/function/internal_message.html?_=1690427166910&CODE_STATE=getMsg HTTP/1.1" 200 27
222.69.131.132 - - [27/Jul/2023:11:06:07 +0800] "GET /xingrg/kc/base/wldb_order_operate.html?command=get_materiel&rest_code=00149&base_code=0010394&code=00101019063 HTTP/1.1" 200 460
124.78.155.92 - - [27/Jul/2023:11:06:10 +0800] "POST /xingrg/kc/base/wldb_order_operate.html HTTP/1.1" 200 37
180.165.154.167 - - [27/Jul/2023:11:06:10 +0800] "GET /xingrg/all/function/internal_message.html?_=1690427170972&CODE_STATE=getMsg HTTP/1.1" 200 27
124.78.155.92 - - [27/Jul/2023:11:06:11 +0800] "POST /xingrg/kc/base/wldb_order_operate.html HTTP/1.1" 200 2184
120.253.135.82 - - [27/Jul/2023:11:06:11 +0800] "GET /xingrg/check_reg.html?_=1690426993894 HTTP/1.1" 200 22
124.78.155.92 - - [27/Jul/2023:11:06:13 +0800] "GET /xingrg/kc/base/wldb_order_info.html?code=422023072702643 HTTP/1.1" 200 30438
124.78.155.92 - - [27/Jul/2023:11:06:14 +0800] "GET /xingrg/javascript/easyui/themes/default/validatebox.css HTTP/1.1" 404 1104
124.78.155.92 - - [27/Jul/2023:11:06:14 +0800] "POST /xingrg/kc/base/wldb_order_operate.html HTTP/1.1" 200 2184
101.83.145.37 - - [27/Jul/2023:11:06:15 +0800] "GET /xingrg/kc/buy/cgsh_order_operate.html?command=get_materiel&rest_code=00105&code=00101011005&supplier_code=00100052&order_time=2023-07-27 HTTP/1.1" 200 427
222.69.131.132 - - [27/Jul/2023:11:06:16 +0800] "GET /xingrg/kc/base/wldb_order_operate.html?command=get_materiel&rest_code=00149&base_code=0010394&code=00101019243 HTTP/1.1" 200 463
101.228.187.155 - - [27/Jul/2023:11:06:19 +0800] "GET /xingrg/check_reg.html?_=1690427178305 HTTP/1.1" 200 22
101.228.187.155 - - [27/Jul/2023:11:06:19 +0800] "GET /xingrg/all/function/internal_message.html?_=1690427178306&CODE_STATE=getMsg HTTP/1.1" 200 27
180.169.147.146 - - [27/Jul/2023:11:06:21 +0800] "GET /xingrg/all/function/internal_message.html?_=1690427181898&CODE_STATE=getMsg HTTP/1.1" 200 27
180.163.28.55 - - [27/Jul/2023:11:06:22 +0800] "GET /xingrg/all/function/internal_message.html?_=1690427121906&CODE_STATE=getMsg HTTP/1.1" 302 -
180.163.28.55 - - [27/Jul/2023:11:06:22 +0800] "GET /xingrg/login.html HTTP/1.1" 200 7641
114.85.113.108 - - [27/Jul/2023:11:06:24 +0800] "GET /xingrg/all/function/internal_message.html?_=1690427183139&CODE_STATE=getMsg HTTP/1.1" 200 27
124.78.155.92 - - [27/Jul/2023:11:06:28 +0800] "POST /xingrg/kc/base/wldb_list_operate.html HTTP/1.1" 200 2177
124.78.155.92 - - [27/Jul/2023:11:06:32 +0800] "POST /xingrg/kc/base/wldb_list_operate.html HTTP/1.1" 200 202
116.232.195.127 - - [27/Jul/2023:11:06:33 +0800] "GET /xingrg/all/function/internal_message.html?_=1690427147298&CODE_STATE=getMsg HTTP/1.1" 200 27
222.69.131.132 - - [27/Jul/2023:11:06:34 +0800] "GET /xingrg/all/function/internal_message.html?_=1690427192078&CODE_STATE=getMsg HTTP/1.1" 200 27
218.81.66.43 - - [27/Jul/2023:11:06:37 +0800] "GET /xingrg/all/function/internal_message.html?_=1690427204416&CODE_STATE=getMsg HTTP/1.1" 200 27
218.81.66.43 - - [27/Jul/2023:11:06:37 +0800] "GET /xingrg/check_reg.html?_=1690427204418 HTTP/1.1" 200 22
222.70.245.33 - - [27/Jul/2023:11:06:40 +0800] "GET /xingrg/all/function/internal_message.html?_=1690427213826&CODE_STATE=getMsg HTTP/1.1" 200 27
124.78.155.92 - - [27/Jul/2023:11:06:41 +0800] "GET /xingrg/all/function/internal_message.html?_=1690427200948&CODE_STATE=getMsg HTTP/1.1" 200 27
180.152.241.196 - - [27/Jul/2023:11:06:41 +0800] "GET /xingrg/all/function/internal_message.html?_=1690427202619&CODE_STATE=getMsg HTTP/1.1" 200 27
222.70.114.12 - - [27/Jul/2023:11:06:42 +0800] "GET /xingrg/all/function/internal_message.html?_=1690427209584&CODE_STATE=getMsg HTTP/1.1" 200 27
116.238.191.126 - - [27/Jul/2023:11:06:42 +0800] "GET /xingrg/all/function/internal_message.html?_=1690427087898&CODE_STATE=getMsg HTTP/1.1" 200 27
124.78.70.128 - - [27/Jul/2023:11:06:43 +0800] "POST /xingrg/services/DataTransmitService HTTP/1.1" 200 524
218.81.66.43 - - [27/Jul/2023:11:06:44 +0800] "GET /xingrg/kc/buy/cgsh_order_add.html HTTP/1.1" 200 71718
218.81.66.43 - - [27/Jul/2023:11:06:44 +0800] "GET /xingrg/words/20230726152723_words.js HTTP/1.1" 304 -
124.78.70.128 - - [27/Jul/2023:11:06:45 +0800] "POST /xingrg/services/DataTransmitService HTTP/1.1" 200 501
218.81.66.43 - - [27/Jul/2023:11:06:45 +0800] "POST /xingrg/kc/buy/cgsh_order_operate.html HTTP/1.1" 200 8245
218.81.66.43 - - [27/Jul/2023:11:06:45 +0800] "GET /xingrg/javascript/easyui/themes/default/validatebox.css HTTP/1.1" 404 1104
218.81.66.43 - - [27/Jul/2023:11:06:45 +0800] "GET /xingrg/all/common/auto_word.html?type=employee&rest_code=00148 HTTP/1.1" 200 243
218.81.66.43 - - [27/Jul/2023:11:06:45 +0800] "GET /xingrg/all/common/auto_word.html?type=employee&rest_code=00148 HTTP/1.1" 200 243
101.83.145.37 - - [27/Jul/2023:11:06:45 +0800] "GET /xingrg/all/function/internal_message.html?_=1690427014734&CODE_STATE=getMsg HTTP/1.1" 200 27
222.69.131.132 - - [27/Jul/2023:11:06:47 +0800] "POST /xingrg/kc/base/wldb_order_operate.html HTTP/1.1" 200 37
114.83.217.201 - - [27/Jul/2023:11:06:47 +0800] "GET /xingrg/all/function/internal_message.html?_=1690427334810&CODE_STATE=getMsg HTTP/1.1" 200 27
120.253.135.82 - - [27/Jul/2023:11:06:49 +0800] "GET /xingrg/all/function/internal_message.html?_=1690427031256&CODE_STATE=getMsg HTTP/1.1" 200 27
218.81.66.43 - - [27/Jul/2023:11:06:50 +0800] "GET /xingrg/javascript/auto/indicator.gif HTTP/1.1" 404 1066
218.81.66.43 - - [27/Jul/2023:11:06:51 +0800] "GET /xingrg/javascript/jquery_tools/images/prev.gif HTTP/1.1" 404 1086
218.81.66.43 - - [27/Jul/2023:11:06:51 +0800] "GET /xingrg/javascript/jquery_tools/images/next.gif HTTP/1.1" 404 1086
116.238.191.126 - - [27/Jul/2023:11:06:51 +0800] "GET /xingrg/check_reg.html?_=1690427211032 HTTP/1.1" 200 22
116.238.191.126 - - [27/Jul/2023:11:06:51 +0800] "GET /xingrg/all/function/internal_message.html?_=1690427211035&CODE_STATE=getMsg HTTP/1.1" 200 27
222.70.180.90 - - [27/Jul/2023:11:06:52 +0800] "GET /xingrg/all/function/internal_message.html?_=1690427211158&CODE_STATE=getMsg HTTP/1.1" 200 27
218.81.66.43 - - [27/Jul/2023:11:06:53 +0800] "GET /xingrg/all/function/internal_message.html?_=1690427212907&CODE_STATE=getMsg HTTP/1.1" 200 27
222.69.131.132 - - [27/Jul/2023:11:06:55 +0800] "POST /xingrg/kc/base/wldb_order_operate.html HTTP/1.1" 200 12
222.69.131.132 - - [27/Jul/2023:11:06:55 +0800] "POST /xingrg/kc/base/wldb_order_operate.html HTTP/1.1" 200 3203
124.79.243.110 - - [27/Jul/2023:11:06:56 +0800] "GET /xingrg/all/function/internal_message.html?_=1690427502969&CODE_STATE=getMsg HTTP/1.1" 200 27
222.69.131.132 - - [27/Jul/2023:11:06:56 +0800] "GET /xingrg/kc/base/wldb_order_info.html?code=422023072702644 HTTP/1.1" 200 26306
222.69.131.132 - - [27/Jul/2023:11:06:57 +0800] "GET /xingrg/javascript/easyui/themes/default/validatebox.css HTTP/1.1" 404 1104
222.69.131.132 - - [27/Jul/2023:11:06:57 +0800] "POST /xingrg/kc/base/wldb_order_operate.html HTTP/1.1" 200 1477
124.78.70.128 - - [27/Jul/2023:11:06:58 +0800] "GET /xingrg/all/function/internal_message.html?_=1690426686528&CODE_STATE=getMsg HTTP/1.1" 200 27
116.238.191.126 - - [27/Jul/2023:11:07:00 +0800] "GET /xingrg/all/function/internal_message.html?_=1690427105856&CODE_STATE=getMsg HTTP/1.1" 200 27
222.69.131.132 - - [27/Jul/2023:11:07:01 +0800] "GET /xingrg/kc/base/wldb_order_add.html HTTP/1.1" 200 30428
222.69.131.132 - - [27/Jul/2023:11:07:01 +0800] "POST /xingrg/kc/base/wldb_order_operate.html HTTP/1.1" 200 6806
222.69.131.132 - - [27/Jul/2023:11:07:01 +0800] "GET /xingrg/javascript/easyui/themes/default/validatebox.css HTTP/1.1" 404 1104
218.81.66.43 - - [27/Jul/2023:11:07:02 +0800] "GET /xingrg/kc/buy/cgsh_order_operate.html?command=get_materiel&rest_code=00148&code=00101008257&supplier_code=00100008&order_time=2023-07-27 HTTP/1.1" 200 416
222.69.131.132 - - [27/Jul/2023:11:07:03 +0800] "POST /xingrg/all/common/load_combo.html?type=base HTTP/1.1" 200 3409
124.78.155.92 - - [27/Jul/2023:11:07:06 +0800] "GET /xingrg/all/function/internal_message.html?_=1690427226945&CODE_STATE=getMsg HTTP/1.1" 200 27
180.165.154.167 - - [27/Jul/2023:11:07:10 +0800] "GET /xingrg/all/function/internal_message.html?_=1690427230962&CODE_STATE=getMsg HTTP/1.1" 200 27
218.81.66.43 - - [27/Jul/2023:11:07:13 +0800] "GET /xingrg/kc/buy/cgsh_order_operate.html?command=get_materiel&rest_code=00148&code=00101008155&supplier_code=00100008&order_time=2023-07-27 HTTP/1.1" 200 408
222.69.131.132 - - [27/Jul/2023:11:07:16 +0800] "GET /xingrg/kc/base/wldb_order_operate.html?command=get_materiel&rest_code=00149&base_code=0010394&code=00101016044 HTTP/1.1" 200 466
101.228.187.155 - - [27/Jul/2023:11:07:19 +0800] "GET /xingrg/all/function/internal_message.html?_=1690427238304&CODE_STATE=getMsg HTTP/1.1" 200 27
180.169.147.146 - - [27/Jul/2023:11:07:21 +0800] "GET /xingrg/all/function/internal_message.html?_=1690427241890&CODE_STATE=getMsg HTTP/1.1" 200 27
180.169.147.146 - - [27/Jul/2023:11:07:21 +0800] "GET /xingrg/check_reg.html?_=1690427241892 HTTP/1.1" 200 22
114.85.113.108 - - [27/Jul/2023:11:07:24 +0800] "GET /xingrg/all/function/internal_message.html?_=1690427243140&CODE_STATE=getMsg HTTP/1.1" 200 27
222.69.131.132 - - [27/Jul/2023:11:07:28 +0800] "POST /xingrg/kc/base/wldb_order_operate.html HTTP/1.1" 200 37
116.232.195.127 - - [27/Jul/2023:11:07:33 +0800] "GET /xingrg/all/function/internal_message.html?_=1690427207281&CODE_STATE=getMsg HTTP/1.1" 200 27
222.69.131.132 - - [27/Jul/2023:11:07:34 +0800] "GET /xingrg/all/function/internal_message.html?_=1690427252083&CODE_STATE=getMsg HTTP/1.1" 200 27
222.69.131.132 - - [27/Jul/2023:11:07:35 +0800] "POST /xingrg/kc/base/wldb_order_operate.html HTTP/1.1" 200 12
222.69.131.132 - - [27/Jul/2023:11:07:35 +0800] "POST /xingrg/kc/base/wldb_order_operate.html HTTP/1.1" 200 2208
218.81.66.43 - - [27/Jul/2023:11:07:37 +0800] "GET /xingrg/all/function/internal_message.html?_=1690427264409&CODE_STATE=getMsg HTTP/1.1" 200 27
222.69.131.132 - - [27/Jul/2023:11:07:39 +0800] "GET /xingrg/kc/base/wldb_order_info.html?code=422023072702645 HTTP/1.1" 200 26306
222.69.131.132 - - [27/Jul/2023:11:07:39 +0800] "GET /xingrg/javascript/easyui/themes/default/validatebox.css HTTP/1.1" 404 1104
222.70.245.33 - - [27/Jul/2023:11:07:39 +0800] "GET /xingrg/all/function/internal_message.html?_=1690427273826&CODE_STATE=getMsg HTTP/1.1" 200 27
222.69.131.132 - - [27/Jul/2023:11:07:40 +0800] "POST /xingrg/kc/base/wldb_order_operate.html HTTP/1.1" 200 502
124.78.155.92 - - [27/Jul/2023:11:07:40 +0800] "GET /xingrg/all/function/internal_message.html?_=1690427260921&CODE_STATE=getMsg HTTP/1.1" 200 27
180.152.241.196 - - [27/Jul/2023:11:07:41 +0800] "GET /xingrg/all/function/internal_message.html?_=1690427262598&CODE_STATE=getMsg HTTP/1.1" 200 27
222.70.114.12 - - [27/Jul/2023:11:07:42 +0800] "GET /xingrg/all/function/internal_message.html?_=1690427269603&CODE_STATE=getMsg HTTP/1.1" 200 27
180.152.241.196 - - [27/Jul/2023:11:07:42 +0800] "GET /xingrg/check_reg.html?_=1690427263639 HTTP/1.1" 200 22
116.238.191.126 - - [27/Jul/2023:11:07:42 +0800] "GET /xingrg/all/function/internal_message.html?_=1690427147920&CODE_STATE=getMsg HTTP/1.1" 200 27
222.69.131.132 - - [27/Jul/2023:11:07:43 +0800] "GET /xingrg/kc/base/wldb_order_add.html HTTP/1.1" 200 30428
222.69.131.132 - - [27/Jul/2023:11:07:43 +0800] "POST /xingrg/kc/base/wldb_order_operate.html HTTP/1.1" 200 6806
222.69.131.132 - - [27/Jul/2023:11:07:44 +0800] "GET /xingrg/javascript/easyui/themes/default/validatebox.css HTTP/1.1" 404 1104
101.83.145.37 - - [27/Jul/2023:11:07:45 +0800] "GET /xingrg/all/function/internal_message.html?_=1690427074715&CODE_STATE=getMsg HTTP/1.1" 200 27
222.69.131.132 - - [27/Jul/2023:11:07:46 +0800] "POST /xingrg/all/common/load_combo.html?type=base HTTP/1.1" 200 3409
222.70.114.12 - - [27/Jul/2023:11:07:46 +0800] "POST /xingrg/dwr/call/plaincall/AjaxReportQueryService.getFixDate.dwr HTTP/1.1" 200 111
114.83.217.201 - - [27/Jul/2023:11:07:47 +0800] "GET /xingrg/all/function/internal_message.html?_=1690427394790&CODE_STATE=getMsg HTTP/1.1" 200 27
222.70.114.12 - - [27/Jul/2023:11:07:48 +0800] "POST /xingrg/dwr/call/plaincall/AjaxReportQueryService.refreshCache.dwr HTTP/1.1" 200 78
120.253.135.82 - - [27/Jul/2023:11:07:49 +0800] "GET /xingrg/all/function/internal_message.html?_=1690427091268&CODE_STATE=getMsg HTTP/1.1" 200 27
222.70.114.12 - - [27/Jul/2023:11:07:50 +0800] "POST /xingrg/all/report/load_report_page.html HTTP/1.1" 200 145637
222.70.114.12 - - [27/Jul/2023:11:07:50 +0800] "GET /xingrg/servlets/image?cache=0.548969872585401&image=px HTTP/1.1" 200 807
116.238.191.126 - - [27/Jul/2023:11:07:51 +0800] "GET /xingrg/all/function/internal_message.html?_=1690427271035&CODE_STATE=getMsg HTTP/1.1" 200 27
218.81.66.43 - - [27/Jul/2023:11:07:52 +0800] "GET /xingrg/kc/buy/cgsh_order_operate.html?command=get_materiel&rest_code=00148&code=00101008350&supplier_code=00100008&order_time=2023-07-27 HTTP/1.1" 200 408
222.70.180.90 - - [27/Jul/2023:11:07:52 +0800] "GET /xingrg/check_reg.html?_=1690427271194 HTTP/1.1" 200 22
222.70.180.90 - - [27/Jul/2023:11:07:52 +0800] "GET /xingrg/all/function/internal_message.html?_=1690427271193&CODE_STATE=getMsg HTTP/1.1" 200 27
218.81.66.43 - - [27/Jul/2023:11:07:53 +0800] "GET /xingrg/all/function/internal_message.html?_=1690427272908&CODE_STATE=getMsg HTTP/1.1" 200 27
222.70.180.90 - - [27/Jul/2023:11:07:55 +0800] "GET /xingrg/kc/base/yddb_order_list.html HTTP/1.1" 200 16745
124.79.243.110 - - [27/Jul/2023:11:07:56 +0800] "GET /xingrg/all/function/internal_message.html?_=1690427562970&CODE_STATE=getMsg HTTP/1.1" 200 27
222.70.180.90 - - [27/Jul/2023:11:07:56 +0800] "POST /xingrg/kc/base/yddb_list_operate.html HTTP/1.1" 200 1341
222.69.131.132 - - [27/Jul/2023:11:07:57 +0800] "GET /xingrg/kc/base/wldb_order_operate.html?command=get_materiel&rest_code=00149&base_code=0010395&code=00102002448 HTTP/1.1" 200 440
124.78.70.128 - - [27/Jul/2023:11:07:58 +0800] "GET /xingrg/all/function/internal_message.html?_=1690426746509&CODE_STATE=getMsg HTTP/1.1" 200 27
124.78.70.128 - - [27/Jul/2023:11:07:59 +0800] "GET /xingrg/check_reg.html?_=1690426747837 HTTP/1.1" 200 22
116.238.191.126 - - [27/Jul/2023:11:08:00 +0800] "GET /xingrg/all/function/internal_message.html?_=1690427165877&CODE_STATE=getMsg HTTP/1.1" 200 27
222.69.131.132 - - [27/Jul/2023:11:08:03 +0800] "GET /xingrg/kc/base/wldb_order_operate.html?command=get_materiel&rest_code=00149&base_code=0010395&code=00102002204 HTTP/1.1" 200 447
222.70.114.12 - - [27/Jul/2023:11:08:04 +0800] "GET /xingrg/logout.do HTTP/1.1" 302 -
222.70.114.12 - - [27/Jul/2023:11:08:04 +0800] "GET /xingrg/login.html?sysBaseUrl=http%3A%2F%2F180.169.147.146%3A18081%2Fxingrg%2F&costTime=32×tamp=1690427284250 HTTP/1.1" 200 7641
222.70.114.12 - - [27/Jul/2023:11:08:04 +0800] "GET /favicon.ico HTTP/1.1" 404 -
124.78.155.92 - - [27/Jul/2023:11:08:06 +0800] "GET /xingrg/all/function/internal_message.html?_=1690427286916&CODE_STATE=getMsg HTTP/1.1" 200 27
124.78.155.92 - - [27/Jul/2023:11:08:08 +0800] "GET /xingrg/check_reg.html?_=1690427288064 HTTP/1.1" 200 22
222.69.131.132 - - [27/Jul/2023:11:08:10 +0800] "GET /xingrg/kc/base/wldb_order_operate.html?command=get_materiel&rest_code=00149&base_code=0010395&code=00102002304 HTTP/1.1" 200 463
180.165.154.167 - - [27/Jul/2023:11:08:10 +0800] "GET /xingrg/all/function/internal_message.html?_=1690427290939&CODE_STATE=getMsg HTTP/1.1" 200 27
222.70.180.90 - - [27/Jul/2023:11:08:11 +0800] "GET /xingrg/kc/base/yddb_order_add.html HTTP/1.1" 200 29953
222.70.180.90 - - [27/Jul/2023:11:08:11 +0800] "GET /xingrg/dwr/interface/AjaxComOrderService.js HTTP/1.1" 200 18264
222.70.180.90 - - [27/Jul/2023:11:08:11 +0800] "GET /xingrg/dwr/interface/AjaxYddbService.js HTTP/1.1" 200 13201
222.70.180.90 - - [27/Jul/2023:11:08:11 +0800] "GET /xingrg/dwr/util.js HTTP/1.1" 304 -
222.70.180.90 - - [27/Jul/2023:11:08:11 +0800] "GET /xingrg/dwr/engine.js HTTP/1.1" 200 43631
222.70.180.90 - - [27/Jul/2023:11:08:11 +0800] "GET /xingrg/javascript/checkform.js HTTP/1.1" 200 18351
222.70.114.12 - - [27/Jul/2023:11:08:15 +0800] "POST /xingrg/login.do HTTP/1.1" 302 -
222.70.114.12 - - [27/Jul/2023:11:08:15 +0800] "GET /xingrg/index.html?sysBaseUrl=http%3A%2F%2F180.169.147.146%3A18081%2Fxingrg%2F&costTime=1151×tamp=1690427295380 HTTP/1.1" 200 17179
222.70.114.12 - - [27/Jul/2023:11:08:15 +0800] "GET /favicon.ico HTTP/1.1" 404 -
222.70.114.12 - - [27/Jul/2023:11:08:15 +0800] "GET /xingrg/check_reg.html?_=1690427302841 HTTP/1.1" 200 22
222.70.114.12 - - [27/Jul/2023:11:08:15 +0800] "GET /xingrg/all/function/internal_message.html?_=1690427302840&CODE_STATE=count HTTP/1.1" 200 11
222.70.114.12 - - [27/Jul/2023:11:08:15 +0800] "POST /xingrg/all/common/load_tree.html?tree=area_rest_tree_json&manage=1 HTTP/1.1" 200 351
222.70.114.12 - - [27/Jul/2023:11:08:15 +0800] "POST /xingrg/load_menu.html HTTP/1.1" 200 5138
222.70.180.90 - - [27/Jul/2023:11:08:17 +0800] "POST /xingrg/dwr/call/plaincall/AjaxYddbService.getRestBases.dwr HTTP/1.1" 200 1034
222.69.131.132 - - [27/Jul/2023:11:08:18 +0800] "GET /xingrg/kc/base/wldb_order_operate.html?command=get_materiel&rest_code=00149&base_code=0010395&code=00102002150 HTTP/1.1" 200 447
101.228.187.155 - - [27/Jul/2023:11:08:19 +0800] "GET /xingrg/all/function/internal_message.html?_=1690427298303&CODE_STATE=getMsg HTTP/1.1" 200 27
180.163.28.180 - - [27/Jul/2023:11:08:21 +0800] "GET /xingrg/check_reg.html?_=1690427241892 HTTP/1.1" 302 -
180.163.28.180 - - [27/Jul/2023:11:08:21 +0800] "GET /xingrg/login.html HTTP/1.1" 200 7641
180.169.147.146 - - [27/Jul/2023:11:08:21 +0800] "GET /xingrg/all/function/internal_message.html?_=1690427301900&CODE_STATE=getMsg HTTP/1.1" 200 27
124.79.79.0 - - [27/Jul/2023:11:08:22 +0800] "POST /xingrg/services/DataTransmitService HTTP/1.1" 200 524
124.79.79.0 - - [27/Jul/2023:11:08:22 +0800] "POST /xingrg/services/DataTransmitService HTTP/1.1" 200 501
114.85.113.108 - - [27/Jul/2023:11:08:24 +0800] "GET /xingrg/all/function/internal_message.html?_=1690427303154&CODE_STATE=getMsg HTTP/1.1" 200 27
114.85.113.108 - - [27/Jul/2023:11:08:24 +0800] "GET /xingrg/check_reg.html?_=1690427303155 HTTP/1.1" 200 22
222.69.131.132 - - [27/Jul/2023:11:08:33 +0800] "POST /xingrg/kc/base/wldb_order_operate.html HTTP/1.1" 200 37
116.232.195.127 - - [27/Jul/2023:11:08:33 +0800] "GET /xingrg/all/function/internal_message.html?_=1690427267270&CODE_STATE=getMsg HTTP/1.1" 200 27
222.69.131.132 - - [27/Jul/2023:11:08:34 +0800] "GET /xingrg/check_reg.html?_=1690427312087 HTTP/1.1" 200 22
222.69.131.132 - - [27/Jul/2023:11:08:34 +0800] "GET /xingrg/all/function/internal_message.html?_=1690427312089&CODE_STATE=getMsg HTTP/1.1" 200 27
218.81.66.43 - - [27/Jul/2023:11:08:37 +0800] "GET /xingrg/all/function/internal_message.html?_=1690427324419&CODE_STATE=getMsg HTTP/1.1" 200 27
222.70.245.33 - - [27/Jul/2023:11:08:38 +0800] "GET /xingrg/check_reg.html?_=1690427332470 HTTP/1.1" 200 22
101.83.145.37 - - [27/Jul/2023:11:08:39 +0800] "POST /xingrg/kc/buy/cgsh_order_operate.html HTTP/1.1" 200 37
222.70.245.33 - - [27/Jul/2023:11:08:39 +0800] "GET /xingrg/all/function/internal_message.html?_=1690427333840&CODE_STATE=getMsg HTTP/1.1" 200 27
222.69.131.132 - - [27/Jul/2023:11:08:40 +0800] "POST /xingrg/kc/base/wldb_order_operate.html HTTP/1.1" 200 12
124.78.155.92 - - [27/Jul/2023:11:08:40 +0800] "GET /xingrg/all/function/internal_message.html?_=1690427320897&CODE_STATE=getMsg HTTP/1.1" 200 27
222.69.131.132 - - [27/Jul/2023:11:08:41 +0800] "POST /xingrg/kc/base/wldb_order_operate.html HTTP/1.1" 200 3660
180.152.241.196 - - [27/Jul/2023:11:08:41 +0800] "GET /xingrg/all/function/internal_message.html?_=1690427322590&CODE_STATE=getMsg HTTP/1.1" 200 27
101.83.145.37 - - [27/Jul/2023:11:08:42 +0800] "POST /xingrg/kc/buy/cgsh_order_operate.html HTTP/1.1" 200 2659
222.69.131.132 - - [27/Jul/2023:11:08:42 +0800] "GET /xingrg/kc/base/wldb_order_info.html?code=422023072702646 HTTP/1.1" 200 26307
116.238.191.126 - - [27/Jul/2023:11:08:42 +0800] "GET /xingrg/all/function/internal_message.html?_=1690427207926&CODE_STATE=getMsg HTTP/1.1" 200 27
222.69.131.132 - - [27/Jul/2023:11:08:43 +0800] "GET /xingrg/javascript/easyui/themes/default/validatebox.css HTTP/1.1" 404 1104
222.69.131.132 - - [27/Jul/2023:11:08:43 +0800] "POST /xingrg/kc/base/wldb_order_operate.html HTTP/1.1" 200 1921
101.83.145.37 - - [27/Jul/2023:11:08:45 +0800] "GET /xingrg/all/function/internal_message.html?_=1690427134713&CODE_STATE=getMsg HTTP/1.1" 200 27
101.83.145.37 - - [27/Jul/2023:11:08:45 +0800] "GET /xingrg/kc/print/load_data.html?order_code=212023072710629&kc_code=cgsh&condition= HTTP/1.1" 200 720
114.83.217.201 - - [27/Jul/2023:11:08:47 +0800] "GET /xingrg/all/function/internal_message.html?_=1690427454777&CODE_STATE=getMsg HTTP/1.1" 200 27
114.83.217.201 - - [27/Jul/2023:11:08:49 +0800] "GET /xingrg/check_reg.html?_=1690427456169 HTTP/1.1" 200 22
120.253.135.82 - - [27/Jul/2023:11:08:49 +0800] "GET /xingrg/all/function/internal_message.html?_=1690427151690&CODE_STATE=getMsg HTTP/1.1" 200 27
222.70.114.12 - - [27/Jul/2023:11:08:50 +0800] "GET /xingrg/kc/buy/buy_main.html HTTP/1.1" 200 12412
222.70.114.12 - - [27/Jul/2023:11:08:50 +0800] "GET /xingrg/css/new_ie.css HTTP/1.1" 404 1036
180.169.147.146 - - [27/Jul/2023:11:08:50 +0800] "GET /xingrg/index.html?sysBaseUrl=http%3A%2F%2F180.169.147.146%3A18081%2Fxingrg%2F&costTime=39×tamp=1592034574635 HTTP/1.1" 200 17503
222.70.114.12 - - [27/Jul/2023:11:08:50 +0800] "GET /xingrg/images/yd/bt.gif HTTP/1.1" 404 1040
180.169.147.146 - - [27/Jul/2023:11:08:50 +0800] "GET /favicon.ico HTTP/1.1" 404 -
