114.85.113.108 - - [27/Jul/2023:10:09:05 +0800] "GET /xingrg/all/function/internal_message.html?_=1690423743974&CODE_STATE=getMsg HTTP/1.1" 200 27
180.163.28.180 - - [27/Jul/2023:10:09:06 +0800] "GET /xingrg/all/function/internal_message.html?_=1690423687119&CODE_STATE=getMsg HTTP/1.1" 302 -
180.163.28.180 - - [27/Jul/2023:10:09:06 +0800] "GET /xingrg/login.html HTTP/1.1" 200 7641
124.78.155.92 - - [27/Jul/2023:10:09:06 +0800] "GET /xingrg/all/function/internal_message.html?_=1690423747090&CODE_STATE=getMsg HTTP/1.1" 200 27
222.69.131.132 - - [27/Jul/2023:10:09:06 +0800] "GET /xingrg/kc/print/load_data.html?order_code=212023072710605&kc_code=cgsh&condition= HTTP/1.1" 200 2967
124.78.70.128 - - [27/Jul/2023:10:09:08 +0800] "GET /xingrg/kc/buy/cgsh_order_add.html HTTP/1.1" 200 71724
124.78.70.128 - - [27/Jul/2023:10:09:08 +0800] "POST /xingrg/kc/buy/cgsh_order_operate.html HTTP/1.1" 200 8245
124.78.70.128 - - [27/Jul/2023:10:09:08 +0800] "GET /xingrg/javascript/easyui/themes/default/validatebox.css HTTP/1.1" 404 1104
180.165.154.167 - - [27/Jul/2023:10:09:11 +0800] "GET /xingrg/all/function/internal_message.html?_=1690423751857&CODE_STATE=getMsg HTTP/1.1" 200 27
120.253.135.82 - - [27/Jul/2023:10:09:11 +0800] "GET /xingrg/all/function/internal_message.html?_=1690423573946&CODE_STATE=getMsg HTTP/1.1" 200 27
180.165.154.167 - - [27/Jul/2023:10:09:12 +0800] "GET /xingrg/check_reg.html?_=1690423752193 HTTP/1.1" 200 22
124.78.70.128 - - [27/Jul/2023:10:09:19 +0800] "GET /xingrg/kc/buy/cgsh_order_operate.html?command=get_materiel&rest_code=00141&code=00101005037&supplier_code=00100040&order_time=2023-07-27 HTTP/1.1" 200 409
101.228.187.155 - - [27/Jul/2023:10:09:19 +0800] "GET /xingrg/all/function/internal_message.html?_=1690423758254&CODE_STATE=getMsg HTTP/1.1" 200 27
124.78.155.92 - - [27/Jul/2023:10:09:19 +0800] "GET /xingrg/kc/buy/cgsh_order_operate.html?command=get_materiel&rest_code=00106&code=00101012026&supplier_code=00100096&order_time=2023-07-27 HTTP/1.1" 200 408
222.70.180.90 - - [27/Jul/2023:10:09:32 +0800] "GET /xingrg/all/function/internal_message.html?_=1690423957588&CODE_STATE=getMsg HTTP/1.1" 200 27
116.232.195.127 - - [27/Jul/2023:10:09:32 +0800] "GET /xingrg/check_reg.html?_=1690423726590 HTTP/1.1" 200 22
124.78.70.128 - - [27/Jul/2023:10:09:34 +0800] "GET /xingrg/kc/buy/cgsh_order_operate.html?command=get_materiel&rest_code=00141&code=00101001075&supplier_code=00100040&order_time=2023-07-27 HTTP/1.1" 200 409
116.232.195.127 - - [27/Jul/2023:10:09:34 +0800] "GET /xingrg/all/function/internal_message.html?_=1690423728190&CODE_STATE=getMsg HTTP/1.1" 200 27
218.81.66.43 - - [27/Jul/2023:10:09:37 +0800] "GET /xingrg/all/function/internal_message.html?_=1690423784286&CODE_STATE=getMsg HTTP/1.1" 200 27
222.70.245.33 - - [27/Jul/2023:10:09:38 +0800] "GET /xingrg/all/function/internal_message.html?_=1690423792211&CODE_STATE=getMsg HTTP/1.1" 200 27
124.78.155.92 - - [27/Jul/2023:10:09:39 +0800] "GET /xingrg/kc/buy/cgsh_order_operate.html?command=get_materiel&rest_code=00106&code=00101006193&supplier_code=00100096&order_time=2023-07-27 HTTP/1.1" 200 411
116.238.191.126 - - [27/Jul/2023:10:09:39 +0800] "GET /xingrg/check_reg.html?_=1690423665079 HTTP/1.1" 200 22
124.78.155.92 - - [27/Jul/2023:10:09:41 +0800] "GET /xingrg/all/function/internal_message.html?_=1690423799166&CODE_STATE=getMsg HTTP/1.1" 200 27
116.238.191.126 - - [27/Jul/2023:10:09:41 +0800] "GET /xingrg/all/function/internal_message.html?_=1690423667122&CODE_STATE=getMsg HTTP/1.1" 200 27
180.152.241.196 - - [27/Jul/2023:10:09:42 +0800] "GET /xingrg/all/function/internal_message.html?_=1690423783292&CODE_STATE=getMsg HTTP/1.1" 200 27
222.70.114.12 - - [27/Jul/2023:10:09:42 +0800] "GET /xingrg/check_reg.html?_=1690423789447 HTTP/1.1" 200 22
222.70.114.12 - - [27/Jul/2023:10:09:42 +0800] "GET /xingrg/all/function/internal_message.html?_=1690423789447&CODE_STATE=getMsg HTTP/1.1" 200 27
101.83.145.37 - - [27/Jul/2023:10:09:45 +0800] "GET /xingrg/check_reg.html?_=1690423594645 HTTP/1.1" 200 22
101.83.145.37 - - [27/Jul/2023:10:09:45 +0800] "GET /xingrg/all/function/internal_message.html?_=1690423594912&CODE_STATE=getMsg HTTP/1.1" 200 27
114.83.217.201 - - [27/Jul/2023:10:09:48 +0800] "GET /xingrg/all/function/internal_message.html?_=1690423915739&CODE_STATE=getMsg HTTP/1.1" 200 27
124.78.70.128 - - [27/Jul/2023:10:09:51 +0800] "POST /xingrg/kc/buy/cgsh_order_operate.html HTTP/1.1" 200 37
222.70.180.90 - - [27/Jul/2023:10:09:52 +0800] "GET /xingrg/all/function/internal_message.html?_=1690423791107&CODE_STATE=getMsg HTTP/1.1" 200 27
124.79.243.110 - - [27/Jul/2023:10:09:56 +0800] "GET /xingrg/all/function/internal_message.html?_=1690424082898&CODE_STATE=getMsg HTTP/1.1" 200 27
116.238.191.126 - - [27/Jul/2023:10:09:57 +0800] "GET /xingrg/all/function/internal_message.html?_=1690423796933&CODE_STATE=getMsg HTTP/1.1" 200 27
116.238.191.126 - - [27/Jul/2023:10:09:59 +0800] "GET /xingrg/all/function/internal_message.html?_=1690423684719&CODE_STATE=getMsg HTTP/1.1" 200 27
124.78.70.128 - - [27/Jul/2023:10:10:00 +0800] "GET /xingrg/all/function/internal_message.html?_=1690423267802&CODE_STATE=getMsg HTTP/1.1" 200 27
124.78.155.92 - - [27/Jul/2023:10:10:00 +0800] "GET /xingrg/kc/buy/cgsh_order_operate.html?command=get_materiel&rest_code=00106&code=00101006109&supplier_code=00100096&order_time=2023-07-27 HTTP/1.1" 200 411
222.69.131.132 - - [27/Jul/2023:10:10:02 +0800] "GET /xingrg/all/function/internal_message.html?_=1690423799816&CODE_STATE=getMsg HTTP/1.1" 200 27
124.78.70.128 - - [27/Jul/2023:10:10:03 +0800] "POST /xingrg/kc/buy/cgsh_order_operate.html HTTP/1.1" 200 12
114.85.113.108 - - [27/Jul/2023:10:10:05 +0800] "GET /xingrg/all/function/internal_message.html?_=1690423803961&CODE_STATE=getMsg HTTP/1.1" 200 27
124.78.155.92 - - [27/Jul/2023:10:10:06 +0800] "GET /xingrg/all/function/internal_message.html?_=1690423807087&CODE_STATE=getMsg HTTP/1.1" 200 27
124.78.70.128 - - [27/Jul/2023:10:10:06 +0800] "GET /xingrg/kc/buy/cgsh_order_info.html?code=212023072710607 HTTP/1.1" 200 66633
124.78.70.128 - - [27/Jul/2023:10:10:07 +0800] "GET /xingrg/javascript/easyui/themes/default/validatebox.css HTTP/1.1" 404 1104
124.78.70.128 - - [27/Jul/2023:10:10:07 +0800] "POST /xingrg/kc/buy/cgsh_order_operate.html HTTP/1.1" 200 1192
124.78.70.128 - - [27/Jul/2023:10:10:09 +0800] "GET /xingrg/kc/print/load_data.html?order_code=212023072710607&kc_code=cgsh&condition= HTTP/1.1" 200 1004
180.165.154.167 - - [27/Jul/2023:10:10:11 +0800] "GET /xingrg/all/function/internal_message.html?_=1690423811829&CODE_STATE=getMsg HTTP/1.1" 200 27
120.253.135.82 - - [27/Jul/2023:10:10:12 +0800] "GET /xingrg/all/function/internal_message.html?_=1690423633958&CODE_STATE=getMsg HTTP/1.1" 200 27
124.78.155.92 - - [27/Jul/2023:10:10:13 +0800] "GET /xingrg/kc/buy/cgsh_order_operate.html?command=get_materiel&rest_code=00106&code=00101006111&supplier_code=00100096&order_time=2023-07-27 HTTP/1.1" 200 411
180.163.30.27 - - [27/Jul/2023:10:10:14 +0800] "GET /xingrg/kc/buy/cgsh_order_operate.html?command=get_materiel&rest_code=00106&code=00101012026&supplier_code=00100096&order_time=2023-07-27 HTTP/1.1" 302 -
180.163.30.27 - - [27/Jul/2023:10:10:14 +0800] "GET /xingrg/login.html HTTP/1.1" 200 7641
124.78.70.128 - - [27/Jul/2023:10:10:14 +0800] "GET /xingrg/kc/buy/cgsh_order_add.html HTTP/1.1" 200 71724
124.78.70.128 - - [27/Jul/2023:10:10:14 +0800] "POST /xingrg/kc/buy/cgsh_order_operate.html HTTP/1.1" 200 8245
124.78.70.128 - - [27/Jul/2023:10:10:14 +0800] "GET /xingrg/javascript/easyui/themes/default/validatebox.css HTTP/1.1" 404 1104
101.228.187.155 - - [27/Jul/2023:10:10:19 +0800] "GET /xingrg/all/function/internal_message.html?_=1690423818257&CODE_STATE=getMsg HTTP/1.1" 200 27
124.78.70.128 - - [27/Jul/2023:10:10:22 +0800] "GET /xingrg/kc/buy/cgsh_order_operate.html?command=get_materiel&rest_code=00141&code=00101011001&supplier_code=00100036&order_time=2023-07-27 HTTP/1.1" 200 442
124.78.155.92 - - [27/Jul/2023:10:10:31 +0800] "GET /xingrg/kc/buy/cgsh_order_operate.html?command=get_materiel&rest_code=00106&code=00101006065&supplier_code=00100096&order_time=2023-07-27 HTTP/1.1" 200 411
222.70.180.90 - - [27/Jul/2023:10:10:32 +0800] "GET /xingrg/all/function/internal_message.html?_=1690424017568&CODE_STATE=getMsg HTTP/1.1" 200 27
222.69.131.132 - - [27/Jul/2023:10:10:32 +0800] "GET /xingrg/check_reg.html?_=1690423829609 HTTP/1.1" 200 22
124.78.70.128 - - [27/Jul/2023:10:10:33 +0800] "GET /xingrg/kc/buy/cgsh_order_operate.html?command=get_materiel&rest_code=00141&code=00101012025&supplier_code=00100036&order_time=2023-07-27 HTTP/1.1" 200 412
116.232.195.127 - - [27/Jul/2023:10:10:34 +0800] "GET /xingrg/all/function/internal_message.html?_=1690423788176&CODE_STATE=getMsg HTTP/1.1" 200 27
218.81.66.43 - - [27/Jul/2023:10:10:37 +0800] "GET /xingrg/all/function/internal_message.html?_=1690423844310&CODE_STATE=getMsg HTTP/1.1" 200 27
222.70.245.33 - - [27/Jul/2023:10:10:38 +0800] "GET /xingrg/all/function/internal_message.html?_=1690423852225&CODE_STATE=getMsg HTTP/1.1" 200 27
116.238.191.126 - - [27/Jul/2023:10:10:41 +0800] "GET /xingrg/check_reg.html?_=1690423726702 HTTP/1.1" 200 22
124.78.155.92 - - [27/Jul/2023:10:10:41 +0800] "GET /xingrg/all/function/internal_message.html?_=1690423859148&CODE_STATE=getMsg HTTP/1.1" 200 27
116.238.191.126 - - [27/Jul/2023:10:10:41 +0800] "GET /xingrg/all/function/internal_message.html?_=1690423727136&CODE_STATE=getMsg HTTP/1.1" 200 27
180.152.241.196 - - [27/Jul/2023:10:10:42 +0800] "GET /xingrg/all/function/internal_message.html?_=1690423843292&CODE_STATE=getMsg HTTP/1.1" 200 27
222.70.114.12 - - [27/Jul/2023:10:10:42 +0800] "GET /xingrg/all/function/internal_message.html?_=1690423849445&CODE_STATE=getMsg HTTP/1.1" 200 27
124.78.70.128 - - [27/Jul/2023:10:10:42 +0800] "GET /xingrg/kc/buy/cgsh_order_operate.html?command=get_materiel&rest_code=00141&code=00101016030&supplier_code=00100036&order_time=2023-07-27 HTTP/1.1" 200 431
124.78.155.92 - - [27/Jul/2023:10:10:42 +0800] "GET /xingrg/kc/buy/cgsh_order_operate.html?command=get_materiel&rest_code=00106&code=00101006133&supplier_code=00100096&order_time=2023-07-27 HTTP/1.1" 200 415
101.83.145.37 - - [27/Jul/2023:10:10:45 +0800] "GET /xingrg/all/function/internal_message.html?_=1690423654896&CODE_STATE=getMsg HTTP/1.1" 200 27
114.83.217.201 - - [27/Jul/2023:10:10:48 +0800] "GET /xingrg/all/function/internal_message.html?_=1690423975731&CODE_STATE=getMsg HTTP/1.1" 200 27
222.70.180.90 - - [27/Jul/2023:10:10:52 +0800] "GET /xingrg/all/function/internal_message.html?_=1690423851107&CODE_STATE=getMsg HTTP/1.1" 200 27
124.78.70.128 - - [27/Jul/2023:10:10:52 +0800] "GET /xingrg/kc/buy/cgsh_order_operate.html?command=get_materiel&rest_code=00141&code=00101016010&supplier_code=00100036&order_time=2023-07-27 HTTP/1.1" 200 408
124.79.243.110 - - [27/Jul/2023:10:10:56 +0800] "GET /xingrg/all/function/internal_message.html?_=1690424142895&CODE_STATE=getMsg HTTP/1.1" 200 27
116.238.191.126 - - [27/Jul/2023:10:10:57 +0800] "GET /xingrg/all/function/internal_message.html?_=1690423856946&CODE_STATE=getMsg HTTP/1.1" 200 27
116.238.191.126 - - [27/Jul/2023:10:10:59 +0800] "GET /xingrg/all/function/internal_message.html?_=1690423744733&CODE_STATE=getMsg HTTP/1.1" 200 27
124.78.70.128 - - [27/Jul/2023:10:10:59 +0800] "GET /xingrg/all/function/internal_message.html?_=1690423327792&CODE_STATE=getMsg HTTP/1.1" 200 27
124.78.70.128 - - [27/Jul/2023:10:11:00 +0800] "GET /xingrg/kc/buy/cgsh_order_operate.html?command=get_materiel&rest_code=00141&code=00101011013&supplier_code=00100036&order_time=2023-07-27 HTTP/1.1" 200 413
222.70.180.90 - - [27/Jul/2023:10:11:01 +0800] "GET /xingrg/check_reg.html?_=1690424047052 HTTP/1.1" 200 22
222.69.131.132 - - [27/Jul/2023:10:11:02 +0800] "GET /xingrg/all/function/internal_message.html?_=1690423859797&CODE_STATE=getMsg HTTP/1.1" 200 27
114.85.113.108 - - [27/Jul/2023:10:11:05 +0800] "GET /xingrg/all/function/internal_message.html?_=1690423863946&CODE_STATE=getMsg HTTP/1.1" 200 27
124.78.155.92 - - [27/Jul/2023:10:11:06 +0800] "GET /xingrg/all/function/internal_message.html?_=1690423867074&CODE_STATE=getMsg HTTP/1.1" 200 27
222.69.131.132 - - [27/Jul/2023:10:11:09 +0800] "GET /xingrg/kc/buy/cgsh_order_list.html HTTP/1.1" 200 55948
120.253.135.82 - - [27/Jul/2023:10:11:10 +0800] "GET /xingrg/check_reg.html?_=1690423692713 HTTP/1.1" 200 22
180.165.154.167 - - [27/Jul/2023:10:11:11 +0800] "GET /xingrg/all/function/internal_message.html?_=1690423871815&CODE_STATE=getMsg HTTP/1.1" 200 27
120.253.135.82 - - [27/Jul/2023:10:11:12 +0800] "GET /xingrg/all/function/internal_message.html?_=1690423694206&CODE_STATE=getMsg HTTP/1.1" 200 27
222.69.131.132 - - [27/Jul/2023:10:11:12 +0800] "POST /xingrg/kc/buy/cgsh_list_operate.html HTTP/1.1" 200 986
124.78.155.92 - - [27/Jul/2023:10:11:16 +0800] "GET /xingrg/kc/buy/cgsh_order_operate.html?command=get_materiel&rest_code=00106&code=00101006240&supplier_code=00100096&order_time=2023-07-27 HTTP/1.1" 200 422
222.69.131.132 - - [27/Jul/2023:10:11:17 +0800] "GET /xingrg/kc/buy/cgsh_order_add.html HTTP/1.1" 200 71812
222.69.131.132 - - [27/Jul/2023:10:11:17 +0800] "POST /xingrg/kc/buy/cgsh_order_operate.html HTTP/1.1" 200 8245
222.69.131.132 - - [27/Jul/2023:10:11:17 +0800] "GET /xingrg/javascript/easyui/themes/default/validatebox.css HTTP/1.1" 404 1104
101.228.187.155 - - [27/Jul/2023:10:11:19 +0800] "GET /xingrg/check_reg.html?_=1690423878257 HTTP/1.1" 200 22
101.228.187.155 - - [27/Jul/2023:10:11:19 +0800] "GET /xingrg/all/function/internal_message.html?_=1690423878259&CODE_STATE=getMsg HTTP/1.1" 200 27
124.78.70.128 - - [27/Jul/2023:10:11:24 +0800] "POST /xingrg/kc/buy/cgsh_order_operate.html HTTP/1.1" 200 37
222.70.180.90 - - [27/Jul/2023:10:11:32 +0800] "GET /xingrg/all/function/internal_message.html?_=1690424077555&CODE_STATE=getMsg HTTP/1.1" 200 27
116.232.195.127 - - [27/Jul/2023:10:11:34 +0800] "GET /xingrg/all/function/internal_message.html?_=1690423848155&CODE_STATE=getMsg HTTP/1.1" 200 27
124.78.70.128 - - [27/Jul/2023:10:11:34 +0800] "POST /xingrg/kc/buy/cgsh_order_operate.html HTTP/1.1" 200 12
124.78.70.128 - - [27/Jul/2023:10:11:37 +0800] "GET /xingrg/kc/buy/cgsh_order_info.html?code=212023072710608 HTTP/1.1" 200 66635
218.81.66.43 - - [27/Jul/2023:10:11:37 +0800] "GET /xingrg/check_reg.html?_=1690423904309 HTTP/1.1" 200 22
218.81.66.43 - - [27/Jul/2023:10:11:37 +0800] "GET /xingrg/all/function/internal_message.html?_=1690423904308&CODE_STATE=getMsg HTTP/1.1" 200 27
124.78.70.128 - - [27/Jul/2023:10:11:37 +0800] "GET /xingrg/javascript/easyui/themes/default/validatebox.css HTTP/1.1" 404 1104
124.78.70.128 - - [27/Jul/2023:10:11:38 +0800] "POST /xingrg/kc/buy/cgsh_order_operate.html HTTP/1.1" 200 3564
222.70.245.33 - - [27/Jul/2023:10:11:38 +0800] "GET /xingrg/all/function/internal_message.html?_=1690423912308&CODE_STATE=getMsg HTTP/1.1" 200 27
124.78.70.128 - - [27/Jul/2023:10:11:40 +0800] "GET /xingrg/kc/print/load_data.html?order_code=212023072710608&kc_code=cgsh&condition= HTTP/1.1" 200 1907
124.78.155.92 - - [27/Jul/2023:10:11:41 +0800] "GET /xingrg/all/function/internal_message.html?_=1690423919128&CODE_STATE=getMsg HTTP/1.1" 200 27
222.69.131.132 - - [27/Jul/2023:10:11:41 +0800] "GET /xingrg/kc/buy/cgsh_order_operate.html?command=get_materiel&rest_code=00149&code=00101009001&supplier_code=00100201&order_time=2023-07-27 HTTP/1.1" 200 418
116.238.191.126 - - [27/Jul/2023:10:11:41 +0800] "GET /xingrg/all/function/internal_message.html?_=1690423787150&CODE_STATE=getMsg HTTP/1.1" 200 27
180.152.241.196 - - [27/Jul/2023:10:11:42 +0800] "GET /xingrg/all/function/internal_message.html?_=1690423903290&CODE_STATE=getMsg HTTP/1.1" 200 27
222.70.114.12 - - [27/Jul/2023:10:11:42 +0800] "GET /xingrg/all/function/internal_message.html?_=1690423909442&CODE_STATE=getMsg HTTP/1.1" 200 27
124.78.155.92 - - [27/Jul/2023:10:11:42 +0800] "GET /xingrg/check_reg.html?_=1690423903509 HTTP/1.1" 200 22
114.83.217.201 - - [27/Jul/2023:10:11:44 +0800] "GET /xingrg/kc/buy/cgsh_order_list.html HTTP/1.1" 200 55948
101.83.145.37 - - [27/Jul/2023:10:11:45 +0800] "GET /xingrg/all/function/internal_message.html?_=1690423714905&CODE_STATE=getMsg HTTP/1.1" 200 27
114.83.217.201 - - [27/Jul/2023:10:11:48 +0800] "GET /xingrg/all/function/internal_message.html?_=1690424035704&CODE_STATE=getMsg HTTP/1.1" 200 27
114.83.217.201 - - [27/Jul/2023:10:11:50 +0800] "POST /xingrg/kc/buy/cgsh_list_operate.html HTTP/1.1" 200 1855
222.70.180.90 - - [27/Jul/2023:10:11:52 +0800] "GET /xingrg/all/function/internal_message.html?_=1690423911107&CODE_STATE=getMsg HTTP/1.1" 200 27
124.79.243.110 - - [27/Jul/2023:10:11:55 +0800] "GET /xingrg/all/function/internal_message.html?_=1690424202895&CODE_STATE=getMsg HTTP/1.1" 200 27
116.238.191.126 - - [27/Jul/2023:10:11:57 +0800] "GET /xingrg/all/function/internal_message.html?_=1690423916956&CODE_STATE=getMsg HTTP/1.1" 200 27
116.238.191.126 - - [27/Jul/2023:10:11:59 +0800] "GET /xingrg/all/function/internal_message.html?_=1690423804769&CODE_STATE=getMsg HTTP/1.1" 200 27
124.78.70.128 - - [27/Jul/2023:10:11:59 +0800] "GET /xingrg/all/function/internal_message.html?_=1690423387757&CODE_STATE=getMsg HTTP/1.1" 200 27
222.69.131.132 - - [27/Jul/2023:10:12:02 +0800] "GET /xingrg/all/function/internal_message.html?_=1690423919775&CODE_STATE=getMsg HTTP/1.1" 200 27
114.85.113.108 - - [27/Jul/2023:10:12:05 +0800] "GET /xingrg/all/function/internal_message.html?_=1690423923946&CODE_STATE=getMsg HTTP/1.1" 200 27
114.85.113.108 - - [27/Jul/2023:10:12:05 +0800] "GET /xingrg/check_reg.html?_=1690423923947 HTTP/1.1" 200 22
180.163.28.55 - - [27/Jul/2023:10:12:06 +0800] "GET /xingrg/all/function/internal_message.html?_=1690423867074&CODE_STATE=getMsg HTTP/1.1" 302 -
180.163.28.55 - - [27/Jul/2023:10:12:06 +0800] "GET /xingrg/login.html HTTP/1.1" 200 7641
124.78.155.92 - - [27/Jul/2023:10:12:06 +0800] "GET /xingrg/all/function/internal_message.html?_=1690423927039&CODE_STATE=getMsg HTTP/1.1" 200 27
222.69.131.132 - - [27/Jul/2023:10:12:06 +0800] "GET /xingrg/kc/buy/cgsh_order_operate.html?command=get_materiel&rest_code=00149&code=00101009011&supplier_code=00100201&order_time=2023-07-27 HTTP/1.1" 200 416
180.163.30.76 - - [27/Jul/2023:10:12:10 +0800] "GET /xingrg/kc/buy/cgsh_order_operate.html?command=get_materiel&rest_code=00106&code=00101006240&supplier_code=00100096&order_time=2023-07-27 HTTP/1.1" 302 -
180.163.30.76 - - [27/Jul/2023:10:12:10 +0800] "GET /xingrg/login.html HTTP/1.1" 200 7641
124.78.155.92 - - [27/Jul/2023:10:12:10 +0800] "GET /xingrg/kc/buy/cgsh_order_operate.html?command=get_materiel&rest_code=00106&code=00101006112&supplier_code=00100096&order_time=2023-07-27 HTTP/1.1" 200 411
180.165.154.167 - - [27/Jul/2023:10:12:11 +0800] "GET /xingrg/all/function/internal_message.html?_=1690423931796&CODE_STATE=getMsg HTTP/1.1" 200 27
120.253.135.82 - - [27/Jul/2023:10:12:12 +0800] "GET /xingrg/all/function/internal_message.html?_=1690423754407&CODE_STATE=getMsg HTTP/1.1" 200 27
101.228.187.155 - - [27/Jul/2023:10:12:19 +0800] "GET /xingrg/all/function/internal_message.html?_=1690423938256&CODE_STATE=getMsg HTTP/1.1" 200 27
222.69.131.132 - - [27/Jul/2023:10:12:20 +0800] "GET /xingrg/kc/buy/cgsh_order_operate.html?command=get_materiel&rest_code=00149&code=00101009122&supplier_code=00100201&order_time=2023-07-27 HTTP/1.1" 200 405
124.78.155.92 - - [27/Jul/2023:10:12:27 +0800] "POST /xingrg/kc/buy/cgsh_order_operate.html HTTP/1.1" 200 37
222.70.180.90 - - [27/Jul/2023:10:12:32 +0800] "GET /xingrg/all/function/internal_message.html?_=1690424137541&CODE_STATE=getMsg HTTP/1.1" 200 27
116.232.195.127 - - [27/Jul/2023:10:12:34 +0800] "GET /xingrg/all/function/internal_message.html?_=1690423908133&CODE_STATE=getMsg HTTP/1.1" 200 27
222.69.131.132 - - [27/Jul/2023:10:12:36 +0800] "GET /xingrg/kc/buy/cgsh_order_operate.html?command=get_materiel&rest_code=00149&code=00101009062&supplier_code=00100201&order_time=2023-07-27 HTTP/1.1" 200 412
218.81.66.43 - - [27/Jul/2023:10:12:37 +0800] "GET /xingrg/all/function/internal_message.html?_=1690423964306&CODE_STATE=getMsg HTTP/1.1" 200 27
222.70.245.33 - - [27/Jul/2023:10:12:38 +0800] "GET /xingrg/all/function/internal_message.html?_=1690423972314&CODE_STATE=getMsg HTTP/1.1" 200 27
124.78.155.92 - - [27/Jul/2023:10:12:38 +0800] "POST /xingrg/kc/buy/cgsh_order_operate.html HTTP/1.1" 200 9202
124.78.155.92 - - [27/Jul/2023:10:12:41 +0800] "GET /xingrg/all/function/internal_message.html?_=1690423979112&CODE_STATE=getMsg HTTP/1.1" 200 27
116.238.191.126 - - [27/Jul/2023:10:12:42 +0800] "GET /xingrg/all/function/internal_message.html?_=1690423847162&CODE_STATE=getMsg HTTP/1.1" 200 27
180.152.241.196 - - [27/Jul/2023:10:12:42 +0800] "GET /xingrg/all/function/internal_message.html?_=1690423963285&CODE_STATE=getMsg HTTP/1.1" 200 27
222.70.114.12 - - [27/Jul/2023:10:12:42 +0800] "GET /xingrg/all/function/internal_message.html?_=1690423969440&CODE_STATE=getMsg HTTP/1.1" 200 27
180.152.241.196 - - [27/Jul/2023:10:12:42 +0800] "GET /xingrg/check_reg.html?_=1690423963651 HTTP/1.1" 200 22
101.83.145.37 - - [27/Jul/2023:10:12:45 +0800] "GET /xingrg/all/function/internal_message.html?_=1690423774888&CODE_STATE=getMsg HTTP/1.1" 200 27
114.83.217.201 - - [27/Jul/2023:10:12:48 +0800] "GET /xingrg/all/function/internal_message.html?_=1690424095699&CODE_STATE=getMsg HTTP/1.1" 200 27
222.70.180.90 - - [27/Jul/2023:10:12:52 +0800] "GET /xingrg/all/function/internal_message.html?_=1690423971107&CODE_STATE=getMsg HTTP/1.1" 200 27
222.70.180.90 - - [27/Jul/2023:10:12:52 +0800] "GET /xingrg/check_reg.html?_=1690423971108 HTTP/1.1" 200 22
124.79.243.110 - - [27/Jul/2023:10:12:56 +0800] "GET /xingrg/all/function/internal_message.html?_=1690424262893&CODE_STATE=getMsg HTTP/1.1" 200 27
116.238.191.126 - - [27/Jul/2023:10:12:57 +0800] "GET /xingrg/all/function/internal_message.html?_=1690423976950&CODE_STATE=getMsg HTTP/1.1" 200 27
116.238.191.126 - - [27/Jul/2023:10:12:59 +0800] "GET /xingrg/all/function/internal_message.html?_=1690423864775&CODE_STATE=getMsg HTTP/1.1" 200 27
124.78.70.128 - - [27/Jul/2023:10:12:59 +0800] "GET /xingrg/check_reg.html?_=1690423447705 HTTP/1.1" 200 22
124.78.70.128 - - [27/Jul/2023:10:12:59 +0800] "GET /xingrg/all/function/internal_message.html?_=1690423447720&CODE_STATE=getMsg HTTP/1.1" 200 27
222.69.131.132 - - [27/Jul/2023:10:13:00 +0800] "GET /xingrg/kc/buy/cgsh_order_operate.html?command=get_materiel&rest_code=00149&code=00101009031&supplier_code=00100201&order_time=2023-07-27 HTTP/1.1" 200 408
222.69.131.132 - - [27/Jul/2023:10:13:02 +0800] "GET /xingrg/all/function/internal_message.html?_=1690423979763&CODE_STATE=getMsg HTTP/1.1" 200 27
114.85.113.108 - - [27/Jul/2023:10:13:05 +0800] "GET /xingrg/all/function/internal_message.html?_=1690423983944&CODE_STATE=getMsg HTTP/1.1" 200 27
180.163.30.100 - - [27/Jul/2023:10:13:06 +0800] "GET /xingrg/all/function/internal_message.html?_=1690423927039&CODE_STATE=getMsg HTTP/1.1" 302 -
180.163.30.100 - - [27/Jul/2023:10:13:06 +0800] "GET /xingrg/login.html HTTP/1.1" 200 7641
124.78.155.92 - - [27/Jul/2023:10:13:06 +0800] "GET /xingrg/all/function/internal_message.html?_=1690423987022&CODE_STATE=getMsg HTTP/1.1" 200 27
124.78.155.92 - - [27/Jul/2023:10:13:08 +0800] "GET /xingrg/check_reg.html?_=1690424005330 HTTP/1.1" 200 22
180.165.154.167 - - [27/Jul/2023:10:13:11 +0800] "GET /xingrg/all/function/internal_message.html?_=1690423991776&CODE_STATE=getMsg HTTP/1.1" 200 27
120.253.135.82 - - [27/Jul/2023:10:13:12 +0800] "GET /xingrg/all/function/internal_message.html?_=1690423814421&CODE_STATE=getMsg HTTP/1.1" 200 27
218.81.66.43 - - [27/Jul/2023:10:13:14 +0800] "GET /xingrg/login.html HTTP/1.1" 200 7641
218.81.66.43 - - [27/Jul/2023:10:13:15 +0800] "GET /favicon.ico HTTP/1.1" 404 -
222.69.131.132 - - [27/Jul/2023:10:13:17 +0800] "GET /xingrg/kc/buy/cgsh_order_operate.html?command=get_materiel&rest_code=00149&code=00101009026&supplier_code=00100201&order_time=2023-07-27 HTTP/1.1" 200 409
101.228.187.155 - - [27/Jul/2023:10:13:19 +0800] "GET /xingrg/all/function/internal_message.html?_=1690423998258&CODE_STATE=getMsg HTTP/1.1" 200 27
116.238.191.126 - - [27/Jul/2023:10:13:25 +0800] "POST /xingrg/services/DataTransmitService HTTP/1.1" 200 524
222.70.180.90 - - [27/Jul/2023:10:13:32 +0800] "GET /xingrg/all/function/internal_message.html?_=1690424197515&CODE_STATE=getMsg HTTP/1.1" 200 27
116.232.195.127 - - [27/Jul/2023:10:13:34 +0800] "GET /xingrg/all/function/internal_message.html?_=1690423968107&CODE_STATE=getMsg HTTP/1.1" 200 27
218.81.66.43 - - [27/Jul/2023:10:13:37 +0800] "GET /xingrg/all/function/internal_message.html?_=1690424024321&CODE_STATE=getMsg HTTP/1.1" 200 27
124.78.155.92 - - [27/Jul/2023:10:13:37 +0800] "POST /xingrg/kc/buy/cgsh_order_operate.html HTTP/1.1" 200 37
222.70.245.33 - - [27/Jul/2023:10:13:37 +0800] "GET /xingrg/check_reg.html?_=1690424031643 HTTP/1.1" 200 22
222.70.245.33 - - [27/Jul/2023:10:13:38 +0800] "GET /xingrg/all/function/internal_message.html?_=1690424032329&CODE_STATE=getMsg HTTP/1.1" 200 27
124.78.155.92 - - [27/Jul/2023:10:13:40 +0800] "POST /xingrg/kc/buy/cgsh_order_operate.html HTTP/1.1" 200 9194
218.81.66.43 - - [27/Jul/2023:10:13:41 +0800] "POST /xingrg/login.do HTTP/1.1" 302 -
218.81.66.43 - - [27/Jul/2023:10:13:41 +0800] "GET /xingrg/index.html?sysBaseUrl=http%3A%2F%2F180.169.147.146%3A18081%2Fxingrg%2F&costTime=1682×tamp=1690424021223 HTTP/1.1" 200 17179
218.81.66.43 - - [27/Jul/2023:10:13:41 +0800] "GET /favicon.ico HTTP/1.1" 404 -
124.78.155.92 - - [27/Jul/2023:10:13:41 +0800] "GET /xingrg/all/function/internal_message.html?_=1690424039111&CODE_STATE=getMsg HTTP/1.1" 200 27
218.81.66.43 - - [27/Jul/2023:10:13:41 +0800] "GET /xingrg/all/function/internal_message.html?_=1690424021173&CODE_STATE=count HTTP/1.1" 200 11
218.81.66.43 - - [27/Jul/2023:10:13:41 +0800] "GET /xingrg/check_reg.html?_=1690424021175 HTTP/1.1" 200 22
218.81.66.43 - - [27/Jul/2023:10:13:41 +0800] "POST /xingrg/all/common/load_tree.html?tree=area_rest_tree_json&manage=1 HTTP/1.1" 200 476
116.238.191.126 - - [27/Jul/2023:10:13:42 +0800] "GET /xingrg/all/function/internal_message.html?_=1690423907179&CODE_STATE=getMsg HTTP/1.1" 200 27
218.81.66.43 - - [27/Jul/2023:10:13:42 +0800] "POST /xingrg/load_menu.html HTTP/1.1" 200 5138
180.152.241.196 - - [27/Jul/2023:10:13:42 +0800] "GET /xingrg/all/function/internal_message.html?_=1690424023276&CODE_STATE=getMsg HTTP/1.1" 200 27
222.70.114.12 - - [27/Jul/2023:10:13:42 +0800] "GET /xingrg/all/function/internal_message.html?_=1690424029439&CODE_STATE=getMsg HTTP/1.1" 200 27
101.83.145.37 - - [27/Jul/2023:10:13:45 +0800] "GET /xingrg/all/function/internal_message.html?_=1690423834871&CODE_STATE=getMsg HTTP/1.1" 200 27
218.81.66.43 - - [27/Jul/2023:10:13:48 +0800] "GET /xingrg/kc/report/report_main.html HTTP/1.1" 200 7340
114.83.217.201 - - [27/Jul/2023:10:13:48 +0800] "GET /xingrg/all/function/internal_message.html?_=1690424155682&CODE_STATE=getMsg HTTP/1.1" 200 27
114.83.217.201 - - [27/Jul/2023:10:13:49 +0800] "GET /xingrg/check_reg.html?_=1690424156258 HTTP/1.1" 200 22
218.81.66.43 - - [27/Jul/2023:10:13:50 +0800] "GET /xingrg/javascript/jquery_easy_ui/themes/default/images/button_span_bg.gif HTTP/1.1" 304 -
218.81.66.43 - - [27/Jul/2023:10:13:50 +0800] "GET /xingrg/javascript/jquery_easy_ui/themes/icons/ok.png HTTP/1.1" 304 -
218.81.66.43 - - [27/Jul/2023:10:13:50 +0800] "GET /xingrg/javascript/jquery_easy_ui/themes/default/images/panel_title.png HTTP/1.1" 200 266
218.81.66.43 - - [27/Jul/2023:10:13:50 +0800] "GET /xingrg/javascript/jquery_easy_ui/themes/default/images/panel_tools.gif HTTP/1.1" 200 737
222.70.180.90 - - [27/Jul/2023:10:13:52 +0800] "GET /xingrg/all/function/internal_message.html?_=1690424031106&CODE_STATE=getMsg HTTP/1.1" 200 27
218.81.66.43 - - [27/Jul/2023:10:13:52 +0800] "POST /xingrg/all/user/operate.html HTTP/1.1" 200 36
218.81.66.43 - - [27/Jul/2023:10:13:53 +0800] "GET /xingrg/index.html?sysBaseUrl=http%3A%2F%2F180.169.147.146%3A18081%2Fxingrg%2F&costTime=1682×tamp=1690424021223 HTTP/1.1" 200 17177
218.81.66.43 - - [27/Jul/2023:10:13:53 +0800] "GET /xingrg/javascript/jquery_easy_ui/themes/default/easyui.css HTTP/1.1" 304 -
218.81.66.43 - - [27/Jul/2023:10:13:53 +0800] "GET /xingrg/javascript/jquery_easy_ui/themes/icon.css HTTP/1.1" 304 -
218.81.66.43 - - [27/Jul/2023:10:13:53 +0800] "GET /xingrg/css/form.css HTTP/1.1" 304 -
218.81.66.43 - - [27/Jul/2023:10:13:53 +0800] "GET /xingrg/javascript/jquery-1.4.2.min.js HTTP/1.1" 304 -
218.81.66.43 - - [27/Jul/2023:10:13:53 +0800] "GET /xingrg/javascript/jquery_easy_ui/easyui-lang-zh_CN.js HTTP/1.1" 304 -
218.81.66.43 - - [27/Jul/2023:10:13:53 +0800] "GET /xingrg/javascript/jquery.form.js HTTP/1.1" 304 -
218.81.66.43 - - [27/Jul/2023:10:13:53 +0800] "GET /xingrg/javascript/jquery.timers.js HTTP/1.1" 304 -
218.81.66.43 - - [27/Jul/2023:10:13:53 +0800] "GET /xingrg/images/blue/jxLogo.png HTTP/1.1" 304 -
218.81.66.43 - - [27/Jul/2023:10:13:53 +0800] "GET /xingrg/javascript/jquery_easy_ui/jquery.easyui.min.js HTTP/1.1" 304 -
218.81.66.43 - - [27/Jul/2023:10:13:53 +0800] "GET /xingrg/javascript/jquery.utils.js HTTP/1.1" 304 -
218.81.66.43 - - [27/Jul/2023:10:13:53 +0800] "GET /xingrg/images/blue/navBackgound.jpg HTTP/1.1" 304 -
218.81.66.43 - - [27/Jul/2023:10:13:53 +0800] "GET /xingrg/javascript/jquery_easy_ui/themes/icons/settle_new.png HTTP/1.1" 304 -
218.81.66.43 - - [27/Jul/2023:10:13:53 +0800] "GET /xingrg/all/function/internal_message.html?_=1690424032757&CODE_STATE=count HTTP/1.1" 200 11
218.81.66.43 - - [27/Jul/2023:10:13:53 +0800] "GET /xingrg/check_reg.html?_=1690424032759 HTTP/1.1" 200 22
218.81.66.43 - - [27/Jul/2023:10:13:53 +0800] "GET /xingrg/javascript/jquery_easy_ui/themes/default/images/tabs_rightarrow.png HTTP/1.1" 304 -
218.81.66.43 - - [27/Jul/2023:10:13:53 +0800] "GET /xingrg/javascript/jquery_easy_ui/themes/default/images/panel_tool_collapse.gif HTTP/1.1" 304 -
218.81.66.43 - - [27/Jul/2023:10:13:53 +0800] "GET /xingrg/images/blue/pingpu.png HTTP/1.1" 304 -
218.81.66.43 - - [27/Jul/2023:10:13:53 +0800] "GET /xingrg/javascript/jquery_easy_ui/themes/default/images/tabs_leftarrow.png HTTP/1.1" 304 -
218.81.66.43 - - [27/Jul/2023:10:13:53 +0800] "POST /xingrg/all/common/load_tree.html?tree=area_rest_tree_json&manage=1 HTTP/1.1" 200 476
218.81.66.43 - - [27/Jul/2023:10:13:53 +0800] "POST /xingrg/load_menu.html HTTP/1.1" 200 5138
218.81.66.43 - - [27/Jul/2023:10:13:54 +0800] "GET /xingrg/kc/report/report_main.html HTTP/1.1" 200 7340
124.79.243.110 - - [27/Jul/2023:10:13:56 +0800] "GET /xingrg/all/function/internal_message.html?_=1690424322923&CODE_STATE=getMsg HTTP/1.1" 200 27
124.79.243.110 - - [27/Jul/2023:10:13:56 +0800] "GET /xingrg/check_reg.html?_=1690424322924 HTTP/1.1" 200 22
218.81.66.43 - - [27/Jul/2023:10:13:56 +0800] "GET /xingrg/all/report/report_query.html?fileName=kc/buy/gys_amount.xml&rh=99999 HTTP/1.1" 200 52006
218.81.66.43 - - [27/Jul/2023:10:13:56 +0800] "GET /xingrg/dwr/interface/AjaxReportQueryService.js HTTP/1.1" 200 13203
218.81.66.43 - - [27/Jul/2023:10:13:56 +0800] "GET /xingrg/dwr/engine.js HTTP/1.1" 200 43631
218.81.66.43 - - [27/Jul/2023:10:13:56 +0800] "GET /xingrg/dwr/util.js HTTP/1.1" 304 -
218.81.66.43 - - [27/Jul/2023:10:13:56 +0800] "POST /xingrg/dwr/call/plaincall/AjaxReportQueryService.getFixDate.dwr HTTP/1.1" 200 111
218.81.66.43 - - [27/Jul/2023:10:13:57 +0800] "GET /xingrg/javascript/jquery_easy_ui/themes/default/images/combo_arrow_dot.gif HTTP/1.1" 304 -
116.238.191.126 - - [27/Jul/2023:10:13:57 +0800] "GET /xingrg/all/function/internal_message.html?_=1690424036956&CODE_STATE=getMsg HTTP/1.1" 200 27
116.238.191.126 - - [27/Jul/2023:10:13:57 +0800] "GET /xingrg/check_reg.html?_=1690424036960 HTTP/1.1" 200 22
218.81.66.43 - - [27/Jul/2023:10:13:58 +0800] "POST /xingrg/dwr/call/plaincall/AjaxReportQueryService.getInitString.dwr HTTP/1.1" 200 921
218.81.66.43 - - [27/Jul/2023:10:13:58 +0800] "POST /xingrg/all/common/load_tree.html?tree=materiel_sort_tree_json HTTP/1.1" 200 9500
218.81.66.43 - - [27/Jul/2023:10:13:58 +0800] "POST /xingrg/all/common/load_tree.html?tree=supplier_tree_json&manage=1 HTTP/1.1" 200 76714
218.81.66.43 - - [27/Jul/2023:10:13:58 +0800] "GET /xingrg/javascript/jquery_easy_ui/themes/default/images/tree_checkbox_0.gif HTTP/1.1" 200 168
116.238.191.126 - - [27/Jul/2023:10:13:59 +0800] "GET /xingrg/all/function/internal_message.html?_=1690423924807&CODE_STATE=getMsg HTTP/1.1" 200 27
124.78.70.128 - - [27/Jul/2023:10:13:59 +0800] "GET /xingrg/all/function/internal_message.html?_=1690423507689&CODE_STATE=getMsg HTTP/1.1" 200 27
222.69.131.132 - - [27/Jul/2023:10:14:02 +0800] "GET /xingrg/all/function/internal_message.html?_=1690424039740&CODE_STATE=getMsg HTTP/1.1" 200 27
114.85.113.108 - - [27/Jul/2023:10:14:05 +0800] "GET /xingrg/all/function/internal_message.html?_=1690424043944&CODE_STATE=getMsg HTTP/1.1" 200 27
180.163.30.76 - - [27/Jul/2023:10:14:06 +0800] "GET /xingrg/all/function/internal_message.html?_=1690423987022&CODE_STATE=getMsg HTTP/1.1" 302 -
180.163.30.76 - - [27/Jul/2023:10:14:06 +0800] "GET /xingrg/login.html HTTP/1.1" 200 7641
124.78.155.92 - - [27/Jul/2023:10:14:06 +0800] "GET /xingrg/all/function/internal_message.html?_=1690424047065&CODE_STATE=getMsg HTTP/1.1" 200 27
180.165.154.167 - - [27/Jul/2023:10:14:11 +0800] "GET /xingrg/all/function/internal_message.html?_=1690424051771&CODE_STATE=getMsg HTTP/1.1" 200 27
180.165.154.167 - - [27/Jul/2023:10:14:12 +0800] "GET /xingrg/check_reg.html?_=1690424052208 HTTP/1.1" 200 22
120.253.135.82 - - [27/Jul/2023:10:14:12 +0800] "GET /xingrg/all/function/internal_message.html?_=1690423874688&CODE_STATE=getMsg HTTP/1.1" 200 27
101.228.187.155 - - [27/Jul/2023:10:14:19 +0800] "GET /xingrg/all/function/internal_message.html?_=1690424058257&CODE_STATE=getMsg HTTP/1.1" 200 27
222.69.131.132 - - [27/Jul/2023:10:14:22 +0800] "POST /xingrg/kc/buy/cgsh_order_operate.html HTTP/1.1" 200 37
218.81.66.43 - - [27/Jul/2023:10:14:27 +0800] "GET /xingrg/javascript/jquery_easy_ui/themes/default/images/tree_checkbox_2.gif HTTP/1.1" 200 181
218.81.66.43 - - [27/Jul/2023:10:14:27 +0800] "GET /xingrg/javascript/jquery_easy_ui/themes/default/images/tree_checkbox_1.gif HTTP/1.1" 200 174
124.78.155.92 - - [27/Jul/2023:10:14:27 +0800] "GET /xingrg/kc/buy/cgsh_order_operate.html?command=get_materiel&rest_code=00106&code=00101007061&supplier_code=00100096&order_time=2023-07-27 HTTP/1.1" 200 411
218.81.66.43 - - [27/Jul/2023:10:14:28 +0800] "POST /xingrg/dwr/call/plaincall/AjaxReportQueryService.refreshCache.dwr HTTP/1.1" 200 78
222.70.180.90 - - [27/Jul/2023:10:14:32 +0800] "GET /xingrg/all/function/internal_message.html?_=1690424257496&CODE_STATE=getMsg HTTP/1.1" 200 27
116.232.195.127 - - [27/Jul/2023:10:14:32 +0800] "GET /xingrg/check_reg.html?_=1690424026576 HTTP/1.1" 200 22
222.69.131.132 - - [27/Jul/2023:10:14:33 +0800] "POST /xingrg/kc/buy/cgsh_order_operate.html HTTP/1.1" 200 12
116.232.195.127 - - [27/Jul/2023:10:14:34 +0800] "GET /xingrg/all/function/internal_message.html?_=1690424028083&CODE_STATE=getMsg HTTP/1.1" 200 27
218.81.66.43 - - [27/Jul/2023:10:14:34 +0800] "POST /xingrg/all/report/load_report_page.html HTTP/1.1" 200 8936
218.81.66.43 - - [27/Jul/2023:10:14:34 +0800] "GET /xingrg/servlets/image?cache=0.7357814002035656&image=px HTTP/1.1" 200 807
218.81.66.43 - - [27/Jul/2023:10:14:37 +0800] "GET /xingrg/all/function/internal_message.html?_=1690424084320&CODE_STATE=getMsg HTTP/1.1" 200 27
218.81.66.43 - - [27/Jul/2023:10:14:37 +0800] "GET /xingrg/all/report/report_query.html?isQuery=1&fileName=kc/buy/wlcg_cate_hz.xml&queryString=(CONVERT(char(10)%252Ca.order_time%252C%2520120)%253E%253D'2023-05-01')%2520and%2520(CONVERT(char(10)%252Ca.order_time%252C%2520120)%253C%253D'2023-05-31')%2520and%2520(a.supplier_code%2520in%2520('00100331'))%2520and%2520(a.supplier_code%253D'00100331')&queryText=%25E3%2580%2590%25E9%2587%2587%25E8%25B4%25AD%25E6%2597%25A5%25E6%259C%259F%253A2023-05-01%2520%25E8%2587%25B3%25202023-05-31%25E3%2580%2591%2520%25E5%25B9%25B6%25E4%25B8%2594%2520%2520%25E3%2580%2590%25E4%25BE%259B%25E5%25BA%2594%25E5%2595%2586%2520%253D%2520%25E5%258E%25A8%25E6%2596%25B0%25E9%25A3%259F%25E6%259D%2590%25EF%25BC%2588%25E8%25B0%25A2%25E8%2590%258D%25EF%25BC%2589%25E3%2580%2591%2520%25E5%25B9%25B6%25E4%25B8%2594%2520%25E3%2580%2590%25E4%25BE%259B%25E5%25BA%2594%25E5%2595%2586%253D%25E5%258E%25A8%25E6%2596%25B0%25E9%25A3%259F%25E6%259D%2590%25EF%25BC%2588%25E8%25B0%25A2%25E8%2590%258D%25EF%25BC%2589%25E3%2580%2591 HTTP/1.1" 200 54473
218.81.66.43 - - [27/Jul/2023:10:14:37 +0800] "GET /xingrg/dwr/interface/AjaxReportQueryService.js HTTP/1.1" 200 13203
218.81.66.43 - - [27/Jul/2023:10:14:37 +0800] "GET /xingrg/dwr/engine.js HTTP/1.1" 200 43631
222.69.131.132 - - [27/Jul/2023:10:14:37 +0800] "GET /xingrg/kc/buy/cgsh_order_info.html?code=212023072710610 HTTP/1.1" 200 66721
222.69.131.132 - - [27/Jul/2023:10:14:37 +0800] "GET /xingrg/javascript/easyui/themes/default/validatebox.css HTTP/1.1" 404 1104
222.70.245.33 - - [27/Jul/2023:10:14:38 +0800] "GET /xingrg/all/function/internal_message.html?_=1690424092341&CODE_STATE=getMsg HTTP/1.1" 200 27
222.69.131.132 - - [27/Jul/2023:10:14:39 +0800] "POST /xingrg/kc/buy/cgsh_order_operate.html HTTP/1.1" 200 4153
116.238.191.126 - - [27/Jul/2023:10:14:39 +0800] "GET /xingrg/check_reg.html?_=1690423965087 HTTP/1.1" 200 22
124.78.155.92 - - [27/Jul/2023:10:14:41 +0800] "GET /xingrg/kc/buy/cgsh_order_operate.html?command=get_materiel&rest_code=00106&code=00101007125&supplier_code=00100096&order_time=2023-07-27 HTTP/1.1" 200 406
124.78.155.92 - - [27/Jul/2023:10:14:41 +0800] "GET /xingrg/all/function/internal_message.html?_=1690424099088&CODE_STATE=getMsg HTTP/1.1" 200 27
116.238.191.126 - - [27/Jul/2023:10:14:42 +0800] "GET /xingrg/all/function/internal_message.html?_=1690423967191&CODE_STATE=getMsg HTTP/1.1" 200 27
218.81.66.43 - - [27/Jul/2023:10:14:42 +0800] "POST /xingrg/all/report/load_report_page.html HTTP/1.1" 200 8725
218.81.66.43 - - [27/Jul/2023:10:14:42 +0800] "GET /xingrg/servlets/image?cache=0.11659346626500633&image=px HTTP/1.1" 200 807
180.152.241.196 - - [27/Jul/2023:10:14:42 +0800] "GET /xingrg/all/function/internal_message.html?_=1690424083274&CODE_STATE=getMsg HTTP/1.1" 200 27
222.70.114.12 - - [27/Jul/2023:10:14:42 +0800] "GET /xingrg/all/function/internal_message.html?_=1690424089437&CODE_STATE=getMsg HTTP/1.1" 200 27
222.70.114.12 - - [27/Jul/2023:10:14:42 +0800] "GET /xingrg/check_reg.html?_=1690424089438 HTTP/1.1" 200 22
222.69.131.132 - - [27/Jul/2023:10:14:43 +0800] "GET /xingrg/kc/print/load_data.html?order_code=212023072710610&kc_code=cgsh&condition= HTTP/1.1" 200 2052
101.83.145.37 - - [27/Jul/2023:10:14:45 +0800] "GET /xingrg/check_reg.html?_=1690423894667 HTTP/1.1" 200 22
101.83.145.37 - - [27/Jul/2023:10:14:45 +0800] "GET /xingrg/all/function/internal_message.html?_=1690423894842&CODE_STATE=getMsg HTTP/1.1" 200 27
218.81.66.43 - - [27/Jul/2023:10:14:46 +0800] "POST /xingrg/all/report/load_report_page.html HTTP/1.1" 200 46763
218.81.66.43 - - [27/Jul/2023:10:14:46 +0800] "GET /xingrg/servlets/image?cache=0.30660618749151114&image=px HTTP/1.1" 200 807
218.81.66.43 - - [27/Jul/2023:10:14:47 +0800] "GET /xingrg/javascript/jquery_easy_ui/themes/default/images/button_plain_hover.png HTTP/1.1" 304 -
114.83.217.201 - - [27/Jul/2023:10:14:48 +0800] "GET /xingrg/all/function/internal_message.html?_=1690424215670&CODE_STATE=getMsg HTTP/1.1" 200 27
218.81.66.43 - - [27/Jul/2023:10:14:51 +0800] "POST /xingrg/all/report/report_print.html HTTP/1.1" 302 -
218.81.66.43 - - [27/Jul/2023:10:14:51 +0800] "GET /xingrg/servlets/html?sysBaseUrl=http%3A%2F%2F180.169.147.146%3A18081%2Fxingrg%2F&costTime=1473×tamp=1690424091055 HTTP/1.1" 200 45964
218.81.66.43 - - [27/Jul/2023:10:14:51 +0800] "GET /xingrg/servlets/image?image=px HTTP/1.1" 200 807
218.81.66.43 - - [27/Jul/2023:10:14:51 +0800] "GET /favicon.ico HTTP/1.1" 404 -
222.70.180.90 - - [27/Jul/2023:10:14:52 +0800] "GET /xingrg/all/function/internal_message.html?_=1690424091105&CODE_STATE=getMsg HTTP/1.1" 200 27
218.81.66.43 - - [27/Jul/2023:10:14:53 +0800] "GET /xingrg/all/function/internal_message.html?_=1690424092780&CODE_STATE=getMsg HTTP/1.1" 200 27
124.79.243.110 - - [27/Jul/2023:10:14:55 +0800] "GET /xingrg/all/function/internal_message.html?_=1690424382893&CODE_STATE=getMsg HTTP/1.1" 200 27
116.238.191.126 - - [27/Jul/2023:10:14:57 +0800] "GET /xingrg/all/function/internal_message.html?_=1690424096962&CODE_STATE=getMsg HTTP/1.1" 200 27
116.238.191.126 - - [27/Jul/2023:10:14:59 +0800] "GET /xingrg/all/function/internal_message.html?_=1690423984819&CODE_STATE=getMsg HTTP/1.1" 200 27
124.78.70.128 - - [27/Jul/2023:10:14:59 +0800] "GET /xingrg/all/function/internal_message.html?_=1690423567667&CODE_STATE=getMsg HTTP/1.1" 200 27
124.78.155.92 - - [27/Jul/2023:10:15:01 +0800] "GET /xingrg/kc/buy/cgsh_order_operate.html?command=get_materiel&rest_code=00106&code=00101007052&supplier_code=00100096&order_time=2023-07-27 HTTP/1.1" 200 409
222.69.131.132 - - [27/Jul/2023:10:15:02 +0800] "GET /xingrg/all/function/internal_message.html?_=1690424099723&CODE_STATE=getMsg HTTP/1.1" 200 27
114.85.113.108 - - [27/Jul/2023:10:15:05 +0800] "GET /xingrg/all/function/internal_message.html?_=1690424103944&CODE_STATE=getMsg HTTP/1.1" 200 27
124.78.155.92 - - [27/Jul/2023:10:15:06 +0800] "GET /xingrg/all/function/internal_message.html?_=1690424107048&CODE_STATE=getMsg HTTP/1.1" 200 27
180.165.154.167 - - [27/Jul/2023:10:15:11 +0800] "GET /xingrg/all/function/internal_message.html?_=1690424111756&CODE_STATE=getMsg HTTP/1.1" 200 27
120.253.135.82 - - [27/Jul/2023:10:15:12 +0800] "GET /xingrg/all/function/internal_message.html?_=1690423934696&CODE_STATE=getMsg HTTP/1.1" 200 27
180.163.30.85 - - [27/Jul/2023:10:15:16 +0800] "GET /xingrg/kc/buy/cgsh_order_operate.html?command=get_materiel&rest_code=00106&code=00101007061&supplier_code=00100096&order_time=2023-07-27 HTTP/1.1" 302 -
180.163.30.85 - - [27/Jul/2023:10:15:16 +0800] "GET /xingrg/login.html HTTP/1.1" 200 7641
124.78.155.92 - - [27/Jul/2023:10:15:17 +0800] "GET /xingrg/kc/buy/cgsh_order_operate.html?command=get_materiel&rest_code=00106&code=00101007050&supplier_code=00100096&order_time=2023-07-27 HTTP/1.1" 200 409
101.228.187.155 - - [27/Jul/2023:10:15:19 +0800] "GET /xingrg/all/function/internal_message.html?_=1690424118258&CODE_STATE=getMsg HTTP/1.1" 200 27
218.81.66.43 - - [27/Jul/2023:10:15:25 +0800] "POST /xingrg/dwr/call/plaincall/AjaxReportQueryService.refreshCache.dwr HTTP/1.1" 200 78
218.81.66.43 - - [27/Jul/2023:10:15:28 +0800] "POST /xingrg/all/report/load_report_page.html HTTP/1.1" 200 8936
218.81.66.43 - - [27/Jul/2023:10:15:28 +0800] "GET /xingrg/servlets/image?cache=0.5479679971604419&image=px HTTP/1.1" 200 807
124.78.155.92 - - [27/Jul/2023:10:15:31 +0800] "GET /xingrg/kc/buy/cgsh_order_operate.html?command=get_materiel&rest_code=00106&code=00101007195&supplier_code=00100096&order_time=2023-07-27 HTTP/1.1" 200 406
222.70.180.90 - - [27/Jul/2023:10:15:32 +0800] "GET /xingrg/all/function/internal_message.html?_=1690424317479&CODE_STATE=getMsg HTTP/1.1" 200 27
222.69.131.132 - - [27/Jul/2023:10:15:32 +0800] "GET /xingrg/check_reg.html?_=1690424129613 HTTP/1.1" 200 22
218.81.66.43 - - [27/Jul/2023:10:15:32 +0800] "GET /xingrg/all/report/report_query.html?isQuery=1&fileName=kc/buy/wlcg_cate_hz.xml&queryString=(CONVERT(char(10)%252Ca.order_time%252C%2520120)%253E%253D'2023-06-01')%2520and%2520(CONVERT(char(10)%252Ca.order_time%252C%2520120)%253C%253D'2023-06-30')%2520and%2520(a.supplier_code%2520in%2520('00100331'))%2520and%2520(a.supplier_code%253D'00100331')&queryText=%25E3%2580%2590%25E9%2587%2587%25E8%25B4%25AD%25E6%2597%25A5%25E6%259C%259F%253A2023-06-01%2520%25E8%2587%25B3%25202023-06-30%25E3%2580%2591%2520%25E5%25B9%25B6%25E4%25B8%2594%2520%2520%25E3%2580%2590%25E4%25BE%259B%25E5%25BA%2594%25E5%2595%2586%2520%253D%2520%25E5%258E%25A8%25E6%2596%25B0%25E9%25A3%259F%25E6%259D%2590%25EF%25BC%2588%25E8%25B0%25A2%25E8%2590%258D%25EF%25BC%2589%25E3%2580%2591%2520%25E5%25B9%25B6%25E4%25B8%2594%2520%25E3%2580%2590%25E4%25BE%259B%25E5%25BA%2594%25E5%2595%2586%253D%25E5%258E%25A8%25E6%2596%25B0%25E9%25A3%259F%25E6%259D%2590%25EF%25BC%2588%25E8%25B0%25A2%25E8%2590%258D%25EF%25BC%2589%25E3%2580%2591 HTTP/1.1" 200 54473
218.81.66.43 - - [27/Jul/2023:10:15:32 +0800] "GET /xingrg/dwr/interface/AjaxReportQueryService.js HTTP/1.1" 200 13203
218.81.66.43 - - [27/Jul/2023:10:15:32 +0800] "GET /xingrg/dwr/engine.js HTTP/1.1" 200 43631
116.232.195.127 - - [27/Jul/2023:10:15:34 +0800] "GET /xingrg/all/function/internal_message.html?_=1690424088075&CODE_STATE=getMsg HTTP/1.1" 200 27
218.81.66.43 - - [27/Jul/2023:10:15:37 +0800] "GET /xingrg/all/function/internal_message.html?_=1690424144319&CODE_STATE=getMsg HTTP/1.1" 200 27
222.70.245.33 - - [27/Jul/2023:10:15:38 +0800] "GET /xingrg/all/function/internal_message.html?_=1690424152357&CODE_STATE=getMsg HTTP/1.1" 200 27
218.81.66.43 - - [27/Jul/2023:10:15:38 +0800] "POST /xingrg/all/report/load_report_page.html HTTP/1.1" 200 60266
218.81.66.43 - - [27/Jul/2023:10:15:38 +0800] "GET /xingrg/servlets/image?cache=0.3427266305007389&image=px HTTP/1.1" 200 807
218.81.66.43 - - [27/Jul/2023:10:15:39 +0800] "POST /xingrg/all/report/load_report_page.html HTTP/1.1" 200 8725
218.81.66.43 - - [27/Jul/2023:10:15:39 +0800] "GET /xingrg/servlets/image?cache=0.01540600785417634&image=px HTTP/1.1" 200 807
124.78.155.92 - - [27/Jul/2023:10:15:41 +0800] "POST /xingrg/kc/buy/cgsh_order_operate.html HTTP/1.1" 200 2065
116.238.191.126 - - [27/Jul/2023:10:15:41 +0800] "GET /xingrg/check_reg.html?_=1690424026707 HTTP/1.1" 200 22
124.78.155.92 - - [27/Jul/2023:10:15:41 +0800] "GET /xingrg/all/function/internal_message.html?_=1690424159065&CODE_STATE=getMsg HTTP/1.1" 200 27
116.238.191.126 - - [27/Jul/2023:10:15:42 +0800] "GET /xingrg/all/function/internal_message.html?_=1690424027203&CODE_STATE=getMsg HTTP/1.1" 200 27
180.152.241.196 - - [27/Jul/2023:10:15:42 +0800] "GET /xingrg/all/function/internal_message.html?_=1690424143258&CODE_STATE=getMsg HTTP/1.1" 200 27
222.70.114.12 - - [27/Jul/2023:10:15:42 +0800] "GET /xingrg/all/function/internal_message.html?_=1690424149436&CODE_STATE=getMsg HTTP/1.1" 200 27
180.169.147.146 - - [27/Jul/2023:10:15:43 +0800] "GET /xingrg/kc/buy/buy_main.html HTTP/1.1" 302 -
180.169.147.146 - - [27/Jul/2023:10:15:43 +0800] "GET /xingrg/login.html HTTP/1.1" 200 7641
180.169.147.146 - - [27/Jul/2023:10:15:43 +0800] "GET /xingrg/login.html HTTP/1.1" 200 7641
180.169.147.146 - - [27/Jul/2023:10:15:43 +0800] "GET /favicon.ico HTTP/1.1" 404 -
101.83.145.37 - - [27/Jul/2023:10:15:45 +0800] "GET /xingrg/all/function/internal_message.html?_=1690423954825&CODE_STATE=getMsg HTTP/1.1" 200 27
180.169.147.146 - - [27/Jul/2023:10:15:46 +0800] "POST /xingrg/login.do HTTP/1.1" 302 -
180.169.147.146 - - [27/Jul/2023:10:15:46 +0800] "GET /xingrg/index.html?sysBaseUrl=http%3A%2F%2F180.169.147.146%3A18081%2Fxingrg%2F&costTime=1771×tamp=1690424146504 HTTP/1.1" 200 17179
180.169.147.146 - - [27/Jul/2023:10:15:46 +0800] "GET /favicon.ico HTTP/1.1" 404 -
180.169.147.146 - - [27/Jul/2023:10:15:46 +0800] "GET /xingrg/check_reg.html?_=1690424143919 HTTP/1.1" 200 22
180.169.147.146 - - [27/Jul/2023:10:15:46 +0800] "GET /xingrg/all/function/internal_message.html?_=1690424143918&CODE_STATE=count HTTP/1.1" 200 11
180.169.147.146 - - [27/Jul/2023:10:15:47 +0800] "POST /xingrg/all/common/load_tree.html?tree=area_rest_tree_json&manage=1 HTTP/1.1" 200 351
180.169.147.146 - - [27/Jul/2023:10:15:47 +0800] "POST /xingrg/load_menu.html HTTP/1.1" 200 5138
124.78.155.92 - - [27/Jul/2023:10:15:48 +0800] "GET /xingrg/kc/buy/cgsh_order_operate.html?command=get_materiel&rest_code=00106&code=00101007027&supplier_code=00100096&order_time=2023-07-27 HTTP/1.1" 200 427
180.169.147.146 - - [27/Jul/2023:10:15:48 +0800] "GET /xingrg/kc/main_page.html HTTP/1.1" 200 2725
114.83.217.201 - - [27/Jul/2023:10:15:48 +0800] "GET /xingrg/all/function/internal_message.html?_=1690424275657&CODE_STATE=getMsg HTTP/1.1" 200 27
180.169.147.146 - - [27/Jul/2023:10:15:48 +0800] "POST /xingrg/kc/main/get_notify_info.html HTTP/1.1" 200 112
218.81.66.43 - - [27/Jul/2023:10:15:49 +0800] "GET /xingrg/all/report/report_query.html?isQuery=1&fileName=kc/buy/wlcg_cate_hz.xml&queryString=(CONVERT(char(10)%252Ca.order_time%252C%2520120)%253E%253D'2023-06-01')%2520and%2520(CONVERT(char(10)%252Ca.order_time%252C%2520120)%253C%253D'2023-06-30')%2520and%2520(a.supplier_code%2520in%2520('00100331'))%2520and%2520(a.supplier_code%253D'00100331')&queryText=%25E3%2580%2590%25E9%2587%2587%25E8%25B4%25AD%25E6%2597%25A5%25E6%259C%259F%253A2023-06-01%2520%25E8%2587%25B3%25202023-06-30%25E3%2580%2591%2520%25E5%25B9%25B6%25E4%25B8%2594%2520%2520%25E3%2580%2590%25E4%25BE%259B%25E5%25BA%2594%25E5%2595%2586%2520%253D%2520%25E5%258E%25A8%25E6%2596%25B0%25E9%25A3%259F%25E6%259D%2590%25EF%25BC%2588%25E8%25B0%25A2%25E8%2590%258D%25EF%25BC%2589%25E3%2580%2591%2520%25E5%25B9%25B6%25E4%25B8%2594%2520%25E3%2580%2590%25E4%25BE%259B%25E5%25BA%2594%25E5%2595%2586%253D%25E5%258E%25A8%25E6%2596%25B0%25E9%25A3%259F%25E6%259D%2590%25EF%25BC%2588%25E8%25B0%25A2%25E8%2590%258D%25EF%25BC%2589%25E3%2580%2591 HTTP/1.1" 200 54473
180.169.147.146 - - [27/Jul/2023:10:15:49 +0800] "POST /xingrg/kc/main/get_notify_info.html HTTP/1.1" 200 1361
218.81.66.43 - - [27/Jul/2023:10:15:49 +0800] "GET /xingrg/dwr/interface/AjaxReportQueryService.js HTTP/1.1" 200 13203
218.81.66.43 - - [27/Jul/2023:10:15:49 +0800] "GET /xingrg/dwr/engine.js HTTP/1.1" 200 43631
180.169.147.146 - - [27/Jul/2023:10:15:51 +0800] "GET /xingrg/kc/buy/buy_main.html HTTP/1.1" 200 12412
180.169.147.146 - - [27/Jul/2023:10:15:51 +0800] "GET /xingrg/css/new_ie.css HTTP/1.1" 404 1036
180.169.147.146 - - [27/Jul/2023:10:15:51 +0800] "GET /xingrg/images/yd/bt.gif HTTP/1.1" 404 1040
222.70.180.90 - - [27/Jul/2023:10:15:52 +0800] "GET /xingrg/all/function/internal_message.html?_=1690424151106&CODE_STATE=getMsg HTTP/1.1" 200 27
