222.70.245.33 - - [27/Jul/2023:09:35:12 +0800] "GET /xingrg/kc/buy/cgsh_order_operate.html?command=get_materiel&rest_code=00146&code=00101001075&supplier_code=00100041&order_time=2023-07-27 HTTP/1.1" 200 409
116.232.195.127 - - [27/Jul/2023:09:35:18 +0800] "POST /xingrg/kc/buy/cgsh_list_operate.html HTTP/1.1" 200 2714
101.228.187.155 - - [27/Jul/2023:09:35:19 +0800] "GET /xingrg/all/function/internal_message.html?_=1690421718208&CODE_STATE=getMsg HTTP/1.1" 200 27
116.232.195.127 - - [27/Jul/2023:09:35:21 +0800] "GET /xingrg/kc/buy/cgsh_order_add.html HTTP/1.1" 200 71771
116.232.195.127 - - [27/Jul/2023:09:35:21 +0800] "POST /xingrg/kc/buy/cgsh_order_operate.html HTTP/1.1" 200 8245
116.232.195.127 - - [27/Jul/2023:09:35:21 +0800] "GET /xingrg/javascript/easyui/themes/default/validatebox.css HTTP/1.1" 404 1104
116.238.191.126 - - [27/Jul/2023:09:35:28 +0800] "GET /xingrg/all/function/internal_message.html?_=1690421727899&CODE_STATE=getMsg HTTP/1.1" 200 27
114.83.217.201 - - [27/Jul/2023:09:35:30 +0800] "POST /xingrg/kc/buy/cgsh_order_operate.html HTTP/1.1" 200 37
222.70.245.33 - - [27/Jul/2023:09:35:32 +0800] "GET /xingrg/kc/buy/cgsh_order_operate.html?command=get_materiel&rest_code=00146&code=00101002027&supplier_code=00100041&order_time=2023-07-27 HTTP/1.1" 200 413
222.69.131.132 - - [27/Jul/2023:09:35:32 +0800] "GET /xingrg/check_reg.html?_=1690421729535 HTTP/1.1" 200 22
222.70.180.90 - - [27/Jul/2023:09:35:32 +0800] "GET /xingrg/all/function/internal_message.html?_=1690421917841&CODE_STATE=getMsg HTTP/1.1" 200 27
116.238.191.126 - - [27/Jul/2023:09:35:32 +0800] "GET /xingrg/login.html HTTP/1.1" 200 7641
116.238.191.126 - - [27/Jul/2023:09:35:33 +0800] "GET /xingrg/images/blue/jxLogo.png HTTP/1.1" 304 -
180.165.154.167 - - [27/Jul/2023:09:35:33 +0800] "GET /xingrg/javascript/easyui/themes/default/images/button_plain_hover.png HTTP/1.1" 304 -
116.238.191.126 - - [27/Jul/2023:09:35:33 +0800] "GET /xingrg/images/blue/srbg.png HTTP/1.1" 304 -
116.238.191.126 - - [27/Jul/2023:09:35:34 +0800] "GET /favicon.ico HTTP/1.1" 404 -
116.232.195.127 - - [27/Jul/2023:09:35:34 +0800] "GET /xingrg/all/function/internal_message.html?_=1690421688705&CODE_STATE=getMsg HTTP/1.1" 200 27
124.78.155.92 - - [27/Jul/2023:09:35:36 +0800] "GET /xingrg/javascript/easyui/themes/default/tree.css HTTP/1.1" 404 1090
218.81.66.43 - - [27/Jul/2023:09:35:36 +0800] "GET /xingrg/all/function/internal_message.html?_=1690421744244&CODE_STATE=getMsg HTTP/1.1" 200 27
222.70.245.33 - - [27/Jul/2023:09:35:37 +0800] "GET /xingrg/all/function/internal_message.html?_=1690421751299&CODE_STATE=getMsg HTTP/1.1" 200 27
124.78.155.92 - - [27/Jul/2023:09:35:37 +0800] "POST /xingrg/all/common/load_tree.html?tree=supplier_tree_json&isDelete=1 HTTP/1.1" 200 74671
116.238.191.126 - - [27/Jul/2023:09:35:39 +0800] "POST /xingrg/login.do HTTP/1.1" 302 -
116.238.191.126 - - [27/Jul/2023:09:35:40 +0800] "GET /xingrg/index.html?sysBaseUrl=http%3A%2F%2F180.169.147.146%3A18081%2Fxingrg%2F&costTime=3687×tamp=1690421739747 HTTP/1.1" 200 17179
116.238.191.126 - - [27/Jul/2023:09:35:40 +0800] "GET /xingrg/javascript/jquery_easy_ui/themes/default/easyui.css HTTP/1.1" 304 -
116.238.191.126 - - [27/Jul/2023:09:35:40 +0800] "GET /xingrg/javascript/jquery_easy_ui/themes/icon.css HTTP/1.1" 304 -
116.238.191.126 - - [27/Jul/2023:09:35:40 +0800] "GET /xingrg/css/form.css HTTP/1.1" 304 -
116.238.191.126 - - [27/Jul/2023:09:35:40 +0800] "GET /xingrg/javascript/jquery_easy_ui/jquery.easyui.min.js HTTP/1.1" 304 -
116.238.191.126 - - [27/Jul/2023:09:35:40 +0800] "GET /xingrg/javascript/jquery-1.4.2.min.js HTTP/1.1" 304 -
116.238.191.126 - - [27/Jul/2023:09:35:40 +0800] "GET /xingrg/javascript/jquery_easy_ui/easyui-lang-zh_CN.js HTTP/1.1" 304 -
116.238.191.126 - - [27/Jul/2023:09:35:40 +0800] "GET /xingrg/javascript/jquery.form.js HTTP/1.1" 304 -
116.238.191.126 - - [27/Jul/2023:09:35:40 +0800] "GET /xingrg/javascript/jquery.utils.js HTTP/1.1" 304 -
116.238.191.126 - - [27/Jul/2023:09:35:40 +0800] "GET /xingrg/javascript/jquery.timers.js HTTP/1.1" 304 -
116.238.191.126 - - [27/Jul/2023:09:35:40 +0800] "GET /favicon.ico HTTP/1.1" 404 -
116.238.191.126 - - [27/Jul/2023:09:35:41 +0800] "POST /xingrg/all/common/load_tree.html?tree=area_rest_tree_json&manage=1 HTTP/1.1" 200 476
116.238.191.126 - - [27/Jul/2023:09:35:41 +0800] "GET /xingrg/all/function/internal_message.html?_=1690421626661&CODE_STATE=count HTTP/1.1" 200 11
116.238.191.126 - - [27/Jul/2023:09:35:41 +0800] "GET /xingrg/check_reg.html?_=1690421626662 HTTP/1.1" 200 22
116.238.191.126 - - [27/Jul/2023:09:35:41 +0800] "POST /xingrg/load_menu.html HTTP/1.1" 200 5138
124.78.155.92 - - [27/Jul/2023:09:35:42 +0800] "GET /xingrg/all/function/internal_message.html?_=1690421759698&CODE_STATE=getMsg HTTP/1.1" 200 27
222.70.114.12 - - [27/Jul/2023:09:35:42 +0800] "GET /xingrg/all/function/internal_message.html?_=1690421749338&CODE_STATE=getMsg HTTP/1.1" 200 27
116.238.191.126 - - [27/Jul/2023:09:35:46 +0800] "GET /xingrg/kc/buy/cgsh_order_list.html HTTP/1.1" 200 55948
116.238.191.126 - - [27/Jul/2023:09:35:46 +0800] "GET /xingrg/css/base.css HTTP/1.1" 304 -
116.238.191.126 - - [27/Jul/2023:09:35:46 +0800] "GET /xingrg/css/site.css HTTP/1.1" 304 -
116.238.191.126 - - [27/Jul/2023:09:35:46 +0800] "GET /xingrg/javascript/easyui/themes/default/easyui.css HTTP/1.1" 304 -
116.238.191.126 - - [27/Jul/2023:09:35:46 +0800] "GET /xingrg/javascript/jquery_tools/datebox.css HTTP/1.1" 304 -
116.238.191.126 - - [27/Jul/2023:09:35:46 +0800] "GET /xingrg/javascript/auto/jquery.autocomplete.css HTTP/1.1" 304 -
116.238.191.126 - - [27/Jul/2023:09:35:46 +0800] "GET /xingrg/javascript/easyui/themes/icon.css HTTP/1.1" 304 -
116.238.191.126 - - [27/Jul/2023:09:35:46 +0800] "GET /xingrg/javascript/jquery_tools/fix.css HTTP/1.1" 304 -
116.238.191.126 - - [27/Jul/2023:09:35:46 +0800] "GET /xingrg/javascript/jquery_tools/table.css HTTP/1.1" 304 -
116.238.191.126 - - [27/Jul/2023:09:35:46 +0800] "GET /xingrg/javascript/jquery_tools/jquery.tools.min.js HTTP/1.1" 304 -
116.238.191.126 - - [27/Jul/2023:09:35:46 +0800] "GET /xingrg/javascript/jquery_tools/list_manager.js HTTP/1.1" 304 -
116.238.191.126 - - [27/Jul/2023:09:35:46 +0800] "GET /xingrg/javascript/jquery_tools/jquery.tools.table.js HTTP/1.1" 304 -
116.238.191.126 - - [27/Jul/2023:09:35:46 +0800] "GET /xingrg/javascript/jquery_tools/jquery.tools.hotkey.js HTTP/1.1" 304 -
116.238.191.126 - - [27/Jul/2023:09:35:46 +0800] "GET /xingrg/javascript/jquery_tools/jquery.tools.extend.js HTTP/1.1" 304 -
116.238.191.126 - - [27/Jul/2023:09:35:46 +0800] "GET /xingrg/javascript/auto/jquery.autocomplete.js HTTP/1.1" 304 -
116.238.191.126 - - [27/Jul/2023:09:35:46 +0800] "GET /xingrg/javascript/easyui/easyloader.js HTTP/1.1" 304 -
116.238.191.126 - - [27/Jul/2023:09:35:46 +0800] "GET /xingrg/javascript/jquery.cookie.js HTTP/1.1" 304 -
116.238.191.126 - - [27/Jul/2023:09:35:46 +0800] "GET /xingrg/javascript/print/LodopFuncs.js HTTP/1.1" 304 -
101.83.145.37 - - [27/Jul/2023:09:35:46 +0800] "GET /xingrg/all/function/internal_message.html?_=1690421555549&CODE_STATE=getMsg HTTP/1.1" 200 27
114.83.217.201 - - [27/Jul/2023:09:35:47 +0800] "POST /xingrg/kc/buy/cgsh_order_operate.html HTTP/1.1" 200 12
116.238.191.126 - - [27/Jul/2023:09:35:47 +0800] "GET /xingrg/javascript/easyui/plugins/jquery.parser.js HTTP/1.1" 304 -
114.83.217.201 - - [27/Jul/2023:09:35:49 +0800] "GET /xingrg/all/function/internal_message.html?_=1690421876205&CODE_STATE=getMsg HTTP/1.1" 200 27
222.70.180.90 - - [27/Jul/2023:09:35:52 +0800] "GET /xingrg/all/function/internal_message.html?_=1690421751054&CODE_STATE=getMsg HTTP/1.1" 200 27
222.70.245.33 - - [27/Jul/2023:09:35:53 +0800] "POST /xingrg/kc/buy/cgsh_order_operate.html HTTP/1.1" 200 37
114.83.217.201 - - [27/Jul/2023:09:35:54 +0800] "GET /xingrg/kc/print/load_data.html?order_code=212023072710580&kc_code=cgsh&condition= HTTP/1.1" 200 733
124.78.155.92 - - [27/Jul/2023:09:35:54 +0800] "GET /xingrg/kc/buy/cgsh_order_operate.html?command=get_materiel&rest_code=00106&code=00101008147&supplier_code=00100009&order_time=2023-07-27 HTTP/1.1" 200 416
124.79.243.110 - - [27/Jul/2023:09:35:55 +0800] "GET /xingrg/all/function/internal_message.html?_=1690422042842&CODE_STATE=getMsg HTTP/1.1" 200 27
222.70.245.33 - - [27/Jul/2023:09:35:56 +0800] "POST /xingrg/kc/buy/cgsh_order_operate.html HTTP/1.1" 200 4419
222.70.180.90 - - [27/Jul/2023:09:35:56 +0800] "GET /xingrg/kc/base/crk_hz.html?_=1690421941708&command=get_cost_id&end_date=2023-07-13&start_date=2023-07-13 HTTP/1.1" 200 51
116.238.191.126 - - [27/Jul/2023:09:35:58 +0800] "GET /xingrg/all/function/internal_message.html?_=1690421644069&CODE_STATE=getMsg HTTP/1.1" 200 27
222.70.245.33 - - [27/Jul/2023:09:36:00 +0800] "GET /xingrg/kc/print/load_config.html?kc_code=cgsh HTTP/1.1" 200 1924
222.70.180.90 - - [27/Jul/2023:09:36:01 +0800] "GET /xingrg/check_reg.html?_=1690421946841 HTTP/1.1" 200 22
222.70.180.90 - - [27/Jul/2023:09:36:02 +0800] "GET /xingrg/all/report/report_print.html?isPrint=1&fileName=kc/base/crk_hz_type_by_small.xml&condition=%20a.base_code%20in%20('0010037','0010038','0010039','0010040','0010041','0010042','0010043','0010262','0010326','0010331','0010627','0010628','0010680','0010681','0010705','0010830')%20%20and%20m.sort_code%20in%20('00101001','00101002','00101003','00101004','00101005','00101006','00101007','00101008','00101009','00101010','00101011','00101012','00101013','00101014','00101015','00101016','00101017','00101018','00101019','00101020','00101021','00101022','00101023','00101024','00101025','00101026','00101027','00101028','00101029','00101030','00101031','00101032','00101033','00101034','00101036','00101037','00101038','00101039','00101040','00101041','00101042','00101043')%20&condition_show=ÈÕÆÚ£º2023-07-13ÖÁ2023-07-13%20²Ö¿â£ºº£ÏʳØ,ÔÁ²Ë,º£ÅÉ,Àä²Ë,ÉÕ±,´ÌÉí,µãÐÄ,Â¥Ãæ,°Ę́,¿¾Ñ¼,¹ûÖ­¿â,²èË®¿â,ôÕ×Ó¿â,Ô±ý¿â,ÀñºÐ¿â,ÉÏʲ&tableQueryString=materiel_table$sp1$$sp$before_table$sp1$$sp$crk_table$sp1$order_day%20between%2020230713%20and%2020230713&fileType=servlets/xls&varString=start:20230713,cost_id:4468,mid:20230701 HTTP/1.1" 200 42548
222.69.131.132 - - [27/Jul/2023:09:36:03 +0800] "GET /xingrg/all/function/internal_message.html?_=1690421760373&CODE_STATE=getMsg HTTP/1.1" 200 27
180.163.30.27 - - [27/Jul/2023:09:36:04 +0800] "GET /xingrg/all/function/internal_message.html?_=1690421705348&CODE_STATE=getMsg HTTP/1.1" 302 -
180.163.30.27 - - [27/Jul/2023:09:36:04 +0800] "GET /xingrg/login.html HTTP/1.1" 200 7641
222.70.245.33 - - [27/Jul/2023:09:36:04 +0800] "GET /xingrg/kc/print/load_data.html?order_code=212023072710581&kc_code=cgsh&condition= HTTP/1.1" 200 1354
114.83.217.201 - - [27/Jul/2023:09:36:04 +0800] "GET /xingrg/kc/buy/cgsh_order_info.html?code=212023072710580 HTTP/1.1" 200 65836
124.78.155.92 - - [27/Jul/2023:09:36:04 +0800] "GET /xingrg/all/function/internal_message.html?_=1690421765334&CODE_STATE=getMsg HTTP/1.1" 200 27
114.83.217.201 - - [27/Jul/2023:09:36:04 +0800] "GET /xingrg/javascript/easyui/themes/default/validatebox.css HTTP/1.1" 404 1104
114.85.113.108 - - [27/Jul/2023:09:36:05 +0800] "GET /xingrg/all/function/internal_message.html?_=1690421763886&CODE_STATE=getMsg HTTP/1.1" 200 27
114.83.217.201 - - [27/Jul/2023:09:36:05 +0800] "POST /xingrg/kc/buy/cgsh_order_operate.html HTTP/1.1" 200 616
124.78.155.92 - - [27/Jul/2023:09:36:07 +0800] "GET /xingrg/kc/buy/cgsh_order_operate.html?command=get_materiel&rest_code=00106&code=00101008530&supplier_code=00100009&order_time=2023-07-27 HTTP/1.1" 200 436
120.253.135.82 - - [27/Jul/2023:09:36:08 +0800] "GET /xingrg/all/function/internal_message.html?_=1690421590580&CODE_STATE=getMsg HTTP/1.1" 200 27
120.253.135.82 - - [27/Jul/2023:09:36:09 +0800] "GET /xingrg/check_reg.html?_=1690421591374 HTTP/1.1" 200 22
180.165.154.167 - - [27/Jul/2023:09:36:12 +0800] "GET /xingrg/all/function/internal_message.html?_=1690421771120&CODE_STATE=getMsg HTTP/1.1" 200 27
114.83.217.201 - - [27/Jul/2023:09:36:18 +0800] "GET /xingrg/kc/buy/cgsh_order_add.html HTTP/1.1" 200 70928
114.83.217.201 - - [27/Jul/2023:09:36:19 +0800] "POST /xingrg/kc/buy/cgsh_order_operate.html HTTP/1.1" 200 8245
114.83.217.201 - - [27/Jul/2023:09:36:19 +0800] "GET /xingrg/javascript/easyui/themes/default/validatebox.css HTTP/1.1" 404 1104
101.228.187.155 - - [27/Jul/2023:09:36:19 +0800] "GET /xingrg/check_reg.html?_=1690421778208 HTTP/1.1" 200 22
101.228.187.155 - - [27/Jul/2023:09:36:19 +0800] "GET /xingrg/all/function/internal_message.html?_=1690421778210&CODE_STATE=getMsg HTTP/1.1" 200 27
124.78.155.92 - - [27/Jul/2023:09:36:23 +0800] "POST /xingrg/kc/buy/cgsh_order_operate.html HTTP/1.1" 200 37
116.238.191.126 - - [27/Jul/2023:09:36:25 +0800] "POST /xingrg/kc/buy/cgsh_list_operate.html HTTP/1.1" 200 1869
116.238.191.126 - - [27/Jul/2023:09:36:28 +0800] "GET /xingrg/all/function/internal_message.html?_=1690421787903&CODE_STATE=getMsg HTTP/1.1" 200 27
222.70.180.90 - - [27/Jul/2023:09:36:32 +0800] "GET /xingrg/all/function/internal_message.html?_=1690421977836&CODE_STATE=getMsg HTTP/1.1" 200 27
116.232.195.127 - - [27/Jul/2023:09:36:34 +0800] "GET /xingrg/all/function/internal_message.html?_=1690421748687&CODE_STATE=getMsg HTTP/1.1" 200 27
218.81.66.43 - - [27/Jul/2023:09:36:36 +0800] "GET /xingrg/check_reg.html?_=1690421804243 HTTP/1.1" 200 22
218.81.66.43 - - [27/Jul/2023:09:36:36 +0800] "GET /xingrg/all/function/internal_message.html?_=1690421804244&CODE_STATE=getMsg HTTP/1.1" 200 27
222.70.245.33 - - [27/Jul/2023:09:36:37 +0800] "GET /xingrg/all/function/internal_message.html?_=1690421811311&CODE_STATE=getMsg HTTP/1.1" 200 27
116.238.191.126 - - [27/Jul/2023:09:36:41 +0800] "GET /xingrg/all/function/internal_message.html?_=1690421686673&CODE_STATE=getMsg HTTP/1.1" 200 27
124.78.155.92 - - [27/Jul/2023:09:36:41 +0800] "POST /xingrg/kc/buy/cgsh_order_operate.html HTTP/1.1" 200 12
124.78.155.92 - - [27/Jul/2023:09:36:42 +0800] "GET /xingrg/all/function/internal_message.html?_=1690421819678&CODE_STATE=getMsg HTTP/1.1" 200 27
222.70.114.12 - - [27/Jul/2023:09:36:42 +0800] "GET /xingrg/all/function/internal_message.html?_=1690421809363&CODE_STATE=getMsg HTTP/1.1" 200 27
124.78.70.128 - - [27/Jul/2023:09:36:43 +0800] "POST /xingrg/services/DataTransmitService HTTP/1.1" 200 524
101.83.145.37 - - [27/Jul/2023:09:36:46 +0800] "GET /xingrg/all/function/internal_message.html?_=1690421615519&CODE_STATE=getMsg HTTP/1.1" 200 27
114.83.217.201 - - [27/Jul/2023:09:36:47 +0800] "POST /xingrg/kc/buy/cgsh_order_operate.html HTTP/1.1" 200 37
124.78.155.92 - - [27/Jul/2023:09:36:51 +0800] "GET /xingrg/kc/buy/cgsh_order_info.html?code=212023072710582 HTTP/1.1" 200 66639
124.78.155.92 - - [27/Jul/2023:09:36:51 +0800] "GET /xingrg/javascript/easyui/themes/default/validatebox.css HTTP/1.1" 404 1104
222.70.180.90 - - [27/Jul/2023:09:36:52 +0800] "GET /xingrg/all/function/internal_message.html?_=1690421811054&CODE_STATE=getMsg HTTP/1.1" 200 27
124.78.155.92 - - [27/Jul/2023:09:36:53 +0800] "POST /xingrg/kc/buy/cgsh_order_operate.html HTTP/1.1" 200 1218
124.78.70.128 - - [27/Jul/2023:09:36:54 +0800] "GET /xingrg/check_reg.html?_=1690421282030 HTTP/1.1" 302 -
124.79.243.110 - - [27/Jul/2023:09:36:55 +0800] "GET /xingrg/all/function/internal_message.html?_=1690422102839&CODE_STATE=getMsg HTTP/1.1" 200 27
124.78.155.92 - - [27/Jul/2023:09:36:56 +0800] "GET /xingrg/kc/print/load_data.html?order_code=212023072710582&kc_code=cgsh&condition= HTTP/1.1" 200 1020
116.238.191.126 - - [27/Jul/2023:09:36:58 +0800] "GET /xingrg/all/function/internal_message.html?_=1690421704100&CODE_STATE=getMsg HTTP/1.1" 200 27
222.70.245.33 - - [27/Jul/2023:09:37:01 +0800] "GET /xingrg/kc/buy/cgsh_order_add.html HTTP/1.1" 200 71724
222.70.245.33 - - [27/Jul/2023:09:37:01 +0800] "POST /xingrg/kc/buy/cgsh_order_operate.html HTTP/1.1" 200 8245
222.70.245.33 - - [27/Jul/2023:09:37:01 +0800] "GET /xingrg/javascript/easyui/themes/default/validatebox.css HTTP/1.1" 404 1104
222.69.131.132 - - [27/Jul/2023:09:37:03 +0800] "GET /xingrg/all/function/internal_message.html?_=1690421820347&CODE_STATE=getMsg HTTP/1.1" 200 27
124.78.155.92 - - [27/Jul/2023:09:37:05 +0800] "GET /xingrg/all/function/internal_message.html?_=1690421825843&CODE_STATE=getMsg HTTP/1.1" 200 27
114.85.113.108 - - [27/Jul/2023:09:37:05 +0800] "GET /xingrg/all/function/internal_message.html?_=1690421823885&CODE_STATE=getMsg HTTP/1.1" 200 27
114.85.113.108 - - [27/Jul/2023:09:37:05 +0800] "GET /xingrg/check_reg.html?_=1690421823887 HTTP/1.1" 200 22
114.83.217.201 - - [27/Jul/2023:09:37:05 +0800] "POST /xingrg/kc/buy/cgsh_order_operate.html HTTP/1.1" 200 12
120.253.135.82 - - [27/Jul/2023:09:37:08 +0800] "GET /xingrg/all/function/internal_message.html?_=1690421650593&CODE_STATE=getMsg HTTP/1.1" 200 27
114.83.217.201 - - [27/Jul/2023:09:37:12 +0800] "GET /xingrg/kc/print/load_data.html?order_code=212023072710583&kc_code=cgsh&condition= HTTP/1.1" 200 730
180.165.154.167 - - [27/Jul/2023:09:37:12 +0800] "GET /xingrg/all/function/internal_message.html?_=1690421831119&CODE_STATE=getMsg HTTP/1.1" 200 27
114.83.217.201 - - [27/Jul/2023:09:37:16 +0800] "GET /xingrg/kc/buy/cgsh_order_info.html?code=212023072710583 HTTP/1.1" 200 65836
114.83.217.201 - - [27/Jul/2023:09:37:16 +0800] "GET /xingrg/javascript/easyui/themes/default/validatebox.css HTTP/1.1" 404 1104
114.83.217.201 - - [27/Jul/2023:09:37:17 +0800] "POST /xingrg/kc/buy/cgsh_order_operate.html HTTP/1.1" 200 616
101.228.187.155 - - [27/Jul/2023:09:37:19 +0800] "GET /xingrg/all/function/internal_message.html?_=1690421838209&CODE_STATE=getMsg HTTP/1.1" 200 27
116.232.195.127 - - [27/Jul/2023:09:37:23 +0800] "GET /xingrg/kc/buy/cgsh_order_operate.html?command=get_materiel&rest_code=00155&code=00101002016&supplier_code=00100199&order_time=2023-07-27 HTTP/1.1" 200 415
222.70.245.33 - - [27/Jul/2023:09:37:27 +0800] "GET /xingrg/kc/buy/cgsh_order_operate.html?command=get_materiel&rest_code=00146&code=00101023022&supplier_code=00100033&order_time=2023-07-27 HTTP/1.1" 200 406
116.238.191.126 - - [27/Jul/2023:09:37:28 +0800] "GET /xingrg/all/function/internal_message.html?_=1690421847901&CODE_STATE=getMsg HTTP/1.1" 200 27
218.81.66.43 - - [27/Jul/2023:09:37:28 +0800] "GET /favicon.ico HTTP/1.1" 404 -
222.70.180.90 - - [27/Jul/2023:09:37:32 +0800] "GET /xingrg/all/function/internal_message.html?_=1690422037822&CODE_STATE=getMsg HTTP/1.1" 200 27
116.232.195.127 - - [27/Jul/2023:09:37:34 +0800] "GET /xingrg/all/function/internal_message.html?_=1690421808676&CODE_STATE=getMsg HTTP/1.1" 200 27
218.81.66.43 - - [27/Jul/2023:09:37:36 +0800] "GET /xingrg/all/function/internal_message.html?_=1690421864242&CODE_STATE=getMsg HTTP/1.1" 200 27
180.152.241.196 - - [27/Jul/2023:09:37:37 +0800] "GET /xingrg/kc/buy/cgsh_order_list.html HTTP/1.1" 302 -
180.152.241.196 - - [27/Jul/2023:09:37:37 +0800] "GET /xingrg/login.html HTTP/1.1" 200 7641
180.152.241.196 - - [27/Jul/2023:09:37:37 +0800] "GET /xingrg/login.html HTTP/1.1" 200 7641
180.152.241.196 - - [27/Jul/2023:09:37:37 +0800] "GET /xingrg/images/blue/jxLogo.png HTTP/1.1" 200 6156
222.70.245.33 - - [27/Jul/2023:09:37:37 +0800] "GET /xingrg/all/function/internal_message.html?_=1690421871325&CODE_STATE=getMsg HTTP/1.1" 200 27
180.152.241.196 - - [27/Jul/2023:09:37:37 +0800] "GET /xingrg/images/blue/login_bg.png HTTP/1.1" 200 22101
180.152.241.196 - - [27/Jul/2023:09:37:37 +0800] "GET /xingrg/images/blue/hj.png HTTP/1.1" 200 1014
180.152.241.196 - - [27/Jul/2023:09:37:37 +0800] "GET /xingrg/images/blue/srbg.png HTTP/1.1" 200 138
180.152.241.196 - - [27/Jul/2023:09:37:37 +0800] "GET /favicon.ico HTTP/1.1" 404 -
116.232.195.127 - - [27/Jul/2023:09:37:39 +0800] "GET /xingrg/kc/buy/cgsh_order_operate.html?command=get_materiel&rest_code=00155&code=00101001169&supplier_code=00100199&order_time=2023-07-27 HTTP/1.1" 200 415
116.238.191.126 - - [27/Jul/2023:09:37:41 +0800] "GET /xingrg/all/function/internal_message.html?_=1690421746687&CODE_STATE=getMsg HTTP/1.1" 200 27
180.152.241.196 - - [27/Jul/2023:09:37:41 +0800] "POST /xingrg/login.do HTTP/1.1" 302 -
180.152.241.196 - - [27/Jul/2023:09:37:42 +0800] "GET /xingrg/index.html?sysBaseUrl=http%3A%2F%2F180.169.147.146%3A18081%2Fxingrg%2F&costTime=2796×tamp=1690421861894 HTTP/1.1" 200 17173
180.152.241.196 - - [27/Jul/2023:09:37:42 +0800] "GET /xingrg/javascript/jquery_easy_ui/themes/icon.css HTTP/1.1" 200 3949
180.152.241.196 - - [27/Jul/2023:09:37:42 +0800] "GET /xingrg/javascript/jquery_easy_ui/themes/default/easyui.css HTTP/1.1" 200 26500
180.152.241.196 - - [27/Jul/2023:09:37:42 +0800] "GET /xingrg/javascript/jquery_easy_ui/easyui-lang-zh_CN.js HTTP/1.1" 200 1900
180.152.241.196 - - [27/Jul/2023:09:37:42 +0800] "GET /xingrg/javascript/jquery-1.4.2.min.js HTTP/1.1" 200 72205
180.152.241.196 - - [27/Jul/2023:09:37:42 +0800] "GET /xingrg/css/form.css HTTP/1.1" 200 893
180.152.241.196 - - [27/Jul/2023:09:37:42 +0800] "GET /xingrg/javascript/jquery_easy_ui/jquery.easyui.min.js HTTP/1.1" 200 213662
180.152.241.196 - - [27/Jul/2023:09:37:42 +0800] "GET /xingrg/javascript/jquery.form.js HTTP/1.1" 200 23110
180.152.241.196 - - [27/Jul/2023:09:37:42 +0800] "GET /xingrg/javascript/jquery.utils.js HTTP/1.1" 200 11805
124.78.155.92 - - [27/Jul/2023:09:37:42 +0800] "GET /xingrg/all/function/internal_message.html?_=1690421879671&CODE_STATE=getMsg HTTP/1.1" 200 27
180.152.241.196 - - [27/Jul/2023:09:37:42 +0800] "GET /xingrg/javascript/jquery.timers.js HTTP/1.1" 200 3532
222.70.114.12 - - [27/Jul/2023:09:37:42 +0800] "GET /xingrg/all/function/internal_message.html?_=1690421869361&CODE_STATE=getMsg HTTP/1.1" 200 27
180.152.241.196 - - [27/Jul/2023:09:37:42 +0800] "GET /favicon.ico HTTP/1.1" 404 -
180.152.241.196 - - [27/Jul/2023:09:37:42 +0800] "GET /xingrg/javascript/jquery_easy_ui/themes/icons/settle_new.png HTTP/1.1" 200 826
180.152.241.196 - - [27/Jul/2023:09:37:42 +0800] "GET /xingrg/images/blue/navBackgound.jpg HTTP/1.1" 200 12378
180.152.241.196 - - [27/Jul/2023:09:37:42 +0800] "GET /xingrg/check_reg.html?_=1690421863630 HTTP/1.1" 200 22
180.152.241.196 - - [27/Jul/2023:09:37:42 +0800] "GET /xingrg/all/function/internal_message.html?_=1690421863629&CODE_STATE=count HTTP/1.1" 200 11
180.152.241.196 - - [27/Jul/2023:09:37:42 +0800] "GET /xingrg/javascript/jquery_easy_ui/themes/default/images/tabs_leftarrow.png HTTP/1.1" 200 389
180.152.241.196 - - [27/Jul/2023:09:37:42 +0800] "GET /xingrg/javascript/jquery_easy_ui/themes/default/images/tabs_rightarrow.png HTTP/1.1" 200 395
180.152.241.196 - - [27/Jul/2023:09:37:42 +0800] "GET /xingrg/images/blue/pingpu.png HTTP/1.1" 200 231
180.152.241.196 - - [27/Jul/2023:09:37:42 +0800] "GET /xingrg/javascript/jquery_easy_ui/themes/default/images/panel_tool_collapse.gif HTTP/1.1" 200 246
180.152.241.196 - - [27/Jul/2023:09:37:42 +0800] "POST /xingrg/all/common/load_tree.html?tree=area_rest_tree_json&manage=1 HTTP/1.1" 200 342
180.152.241.196 - - [27/Jul/2023:09:37:42 +0800] "POST /xingrg/load_menu.html HTTP/1.1" 200 5138
180.152.241.196 - - [27/Jul/2023:09:37:43 +0800] "GET /xingrg/javascript/jquery_easy_ui/themes/icons/search_new.png HTTP/1.1" 200 586
180.152.241.196 - - [27/Jul/2023:09:37:43 +0800] "GET /xingrg/javascript/jquery_easy_ui/themes/default/images/tree_folder.gif HTTP/1.1" 200 952
180.152.241.196 - - [27/Jul/2023:09:37:43 +0800] "GET /xingrg/javascript/jquery_easy_ui/themes/default/images/tree_folder_open.gif HTTP/1.1" 200 956
180.152.241.196 - - [27/Jul/2023:09:37:43 +0800] "GET /xingrg/javascript/jquery_easy_ui/themes/default/images/tree_file.gif HTTP/1.1" 200 118
180.152.241.196 - - [27/Jul/2023:09:37:43 +0800] "GET /xingrg/javascript/jquery_easy_ui/themes/icons/forms_new.png HTTP/1.1" 200 350
180.152.241.196 - - [27/Jul/2023:09:37:43 +0800] "GET /xingrg/javascript/jquery_easy_ui/themes/default/images/tree_arrows.gif HTTP/1.1" 200 1043
180.152.241.196 - - [27/Jul/2023:09:37:43 +0800] "GET /xingrg/javascript/jquery_easy_ui/themes/icons/storage_new.png HTTP/1.1" 200 853
180.165.154.167 - - [27/Jul/2023:09:37:44 +0800] "POST /xingrg/kc/buy/cgsh_list_operate.html HTTP/1.1" 200 4
101.83.145.37 - - [27/Jul/2023:09:37:46 +0800] "GET /xingrg/all/function/internal_message.html?_=1690421675505&CODE_STATE=getMsg HTTP/1.1" 200 27
222.70.245.33 - - [27/Jul/2023:09:37:46 +0800] "GET /xingrg/kc/buy/cgsh_order_operate.html?command=get_materiel&rest_code=00146&code=00101016105&supplier_code=00100033&order_time=2023-07-27 HTTP/1.1" 200 409
114.83.217.201 - - [27/Jul/2023:09:37:49 +0800] "GET /xingrg/all/function/internal_message.html?_=1690421996221&CODE_STATE=getMsg HTTP/1.1" 200 27
180.152.241.196 - - [27/Jul/2023:09:37:51 +0800] "GET /xingrg/javascript/jquery_easy_ui/themes/default/images/tabs_close.gif HTTP/1.1" 200 829
222.70.180.90 - - [27/Jul/2023:09:37:52 +0800] "GET /xingrg/check_reg.html?_=1690421871054 HTTP/1.1" 200 22
222.70.180.90 - - [27/Jul/2023:09:37:52 +0800] "GET /xingrg/all/function/internal_message.html?_=1690421871057&CODE_STATE=getMsg HTTP/1.1" 200 27
180.152.241.196 - - [27/Jul/2023:09:37:53 +0800] "GET /xingrg/kc/buy/cgsh_order_list.html HTTP/1.1" 200 55942
180.152.241.196 - - [27/Jul/2023:09:37:53 +0800] "GET /xingrg/css/site.css HTTP/1.1" 200 7541
180.152.241.196 - - [27/Jul/2023:09:37:53 +0800] "GET /xingrg/css/base.css HTTP/1.1" 200 2811
180.152.241.196 - - [27/Jul/2023:09:37:53 +0800] "GET /xingrg/javascript/jquery_tools/datebox.css HTTP/1.1" 200 2597
180.152.241.196 - - [27/Jul/2023:09:37:53 +0800] "GET /xingrg/javascript/easyui/themes/default/easyui.css HTTP/1.1" 200 30432
180.152.241.196 - - [27/Jul/2023:09:37:53 +0800] "GET /xingrg/javascript/auto/jquery.autocomplete.css HTTP/1.1" 200 587
180.152.241.196 - - [27/Jul/2023:09:37:53 +0800] "GET /xingrg/javascript/easyui/themes/icon.css HTTP/1.1" 200 4483
180.152.241.196 - - [27/Jul/2023:09:37:53 +0800] "GET /xingrg/javascript/jquery_tools/fix.css HTTP/1.1" 200 1702
180.152.241.196 - - [27/Jul/2023:09:37:53 +0800] "GET /xingrg/javascript/jquery_tools/table.css HTTP/1.1" 200 1032
180.152.241.196 - - [27/Jul/2023:09:37:53 +0800] "GET /xingrg/javascript/jquery_tools/jquery.tools.min.js HTTP/1.1" 200 138801
180.152.241.196 - - [27/Jul/2023:09:37:53 +0800] "GET /xingrg/javascript/jquery_tools/jquery.tools.hotkey.js HTTP/1.1" 200 3242
180.152.241.196 - - [27/Jul/2023:09:37:53 +0800] "GET /xingrg/javascript/jquery_tools/jquery.tools.extend.js HTTP/1.1" 200 15385
180.152.241.196 - - [27/Jul/2023:09:37:53 +0800] "GET /xingrg/javascript/jquery_tools/jquery.tools.table.js HTTP/1.1" 200 6994
180.152.241.196 - - [27/Jul/2023:09:37:53 +0800] "GET /xingrg/javascript/jquery_tools/list_manager.js HTTP/1.1" 200 3652
180.152.241.196 - - [27/Jul/2023:09:37:53 +0800] "GET /xingrg/javascript/auto/jquery.autocomplete.js HTTP/1.1" 200 21624
180.152.241.196 - - [27/Jul/2023:09:37:53 +0800] "GET /xingrg/javascript/easyui/easyloader.js HTTP/1.1" 200 5975
180.152.241.196 - - [27/Jul/2023:09:37:53 +0800] "GET /xingrg/javascript/jquery.cookie.js HTTP/1.1" 200 5513
180.152.241.196 - - [27/Jul/2023:09:37:53 +0800] "GET /xingrg/javascript/print/LodopFuncs.js HTTP/1.1" 200 5121
180.152.241.196 - - [27/Jul/2023:09:37:53 +0800] "GET /xingrg/javascript/easyui/themes/icons/import_new.png HTTP/1.1" 200 1247
180.152.241.196 - - [27/Jul/2023:09:37:53 +0800] "GET /xingrg/javascript/easyui/themes/icons/cance_new.png HTTP/1.1" 200 3986
180.152.241.196 - - [27/Jul/2023:09:37:53 +0800] "GET /xingrg/javascript/easyui/themes/icons/field_new.png HTTP/1.1" 200 1097
180.152.241.196 - - [27/Jul/2023:09:37:53 +0800] "GET /xingrg/javascript/easyui/themes/icons/edit_add_new.png HTTP/1.1" 200 2997
180.152.241.196 - - [27/Jul/2023:09:37:53 +0800] "GET /xingrg/javascript/easyui/themes/icons/check_new.png HTTP/1.1" 200 3224
180.152.241.196 - - [27/Jul/2023:09:37:53 +0800] "GET /xingrg/javascript/easyui/plugins/jquery.parser.js HTTP/1.1" 200 1142
180.152.241.196 - - [27/Jul/2023:09:37:53 +0800] "GET /xingrg/images/control/ajaxLoader.gif HTTP/1.1" 200 4659
180.165.154.167 - - [27/Jul/2023:09:37:53 +0800] "POST /xingrg/kc/buy/cgsh_list_operate.html HTTP/1.1" 200 6013
180.163.29.206 - - [27/Jul/2023:09:37:54 +0800] "GET /xingrg/kc/print/load_data.html?order_code=212023072710582&kc_code=cgsh&condition= HTTP/1.1" 302 -
180.163.29.206 - - [27/Jul/2023:09:37:54 +0800] "GET /xingrg/login.html HTTP/1.1" 200 7641
124.78.70.128 - - [27/Jul/2023:09:37:55 +0800] "GET /xingrg/kc/buy/buy_main.html HTTP/1.1" 302 -
124.78.70.128 - - [27/Jul/2023:09:37:55 +0800] "GET /xingrg/login.html HTTP/1.1" 200 7641
124.78.70.128 - - [27/Jul/2023:09:37:55 +0800] "GET /xingrg/login.html HTTP/1.1" 200 7641
124.78.70.128 - - [27/Jul/2023:09:37:55 +0800] "GET /favicon.ico HTTP/1.1" 404 -
124.79.243.110 - - [27/Jul/2023:09:37:55 +0800] "GET /xingrg/all/function/internal_message.html?_=1690422162838&CODE_STATE=getMsg HTTP/1.1" 200 27
180.152.241.196 - - [27/Jul/2023:09:37:56 +0800] "POST /xingrg/kc/buy/cgsh_list_operate.html HTTP/1.1" 200 986
180.152.241.196 - - [27/Jul/2023:09:37:56 +0800] "GET /xingrg/javascript/easyui/themes/default/images/button_plain_hover.png HTTP/1.1" 200 144
180.152.241.196 - - [27/Jul/2023:09:37:58 +0800] "GET /xingrg/kc/buy/cgsh_order_add.html HTTP/1.1" 200 71759
180.152.241.196 - - [27/Jul/2023:09:37:58 +0800] "GET /xingrg/javascript/pic_change.js HTTP/1.1" 200 4739
180.152.241.196 - - [27/Jul/2023:09:37:58 +0800] "GET /xingrg/javascript/jquery_tools/order_manager.js HTTP/1.1" 200 11183
180.152.241.196 - - [27/Jul/2023:09:37:58 +0800] "GET /xingrg/javascript/convert.js HTTP/1.1" 200 1239
180.152.241.196 - - [27/Jul/2023:09:37:58 +0800] "GET /xingrg/javascript/json2.js HTTP/1.1" 200 11259
180.152.241.196 - - [27/Jul/2023:09:37:58 +0800] "GET /xingrg/javascript/print/kc_print.js HTTP/1.1" 200 11415
180.152.241.196 - - [27/Jul/2023:09:37:58 +0800] "GET /xingrg/words/20230726152723_words.js HTTP/1.1" 200 975227
180.152.241.196 - - [27/Jul/2023:09:37:58 +0800] "GET /xingrg/javascript/easyui/themes/default/images/menu_downarrow.png HTTP/1.1" 200 173
180.152.241.196 - - [27/Jul/2023:09:37:58 +0800] "GET /xingrg/javascript/easyui/themes/icons/cancel.png HTTP/1.1" 200 1133
180.152.241.196 - - [27/Jul/2023:09:37:58 +0800] "GET /xingrg/javascript/easyui/themes/icons/copy_new.png HTTP/1.1" 200 815
180.152.241.196 - - [27/Jul/2023:09:37:58 +0800] "GET /xingrg/javascript/easyui/themes/icons/template_new.png HTTP/1.1" 200 3956
180.152.241.196 - - [27/Jul/2023:09:37:58 +0800] "GET /xingrg/javascript/easyui/themes/icons/print.png HTTP/1.1" 200 1057
180.152.241.196 - - [27/Jul/2023:09:37:58 +0800] "GET /xingrg/javascript/easyui/themes/icons/ok.png HTTP/1.1" 200 883
116.238.191.126 - - [27/Jul/2023:09:37:58 +0800] "GET /xingrg/all/function/internal_message.html?_=1690421764117&CODE_STATE=getMsg HTTP/1.1" 200 27
116.232.195.127 - - [27/Jul/2023:09:37:59 +0800] "GET /xingrg/kc/buy/cgsh_order_operate.html?command=get_materiel&rest_code=00155&code=00101001069&supplier_code=00100199&order_time=2023-07-27 HTTP/1.1" 200 411
180.152.241.196 - - [27/Jul/2023:09:37:59 +0800] "POST /xingrg/kc/buy/cgsh_order_operate.html HTTP/1.1" 200 8245
180.152.241.196 - - [27/Jul/2023:09:37:59 +0800] "GET /xingrg/javascript/easyui/themes/default/validatebox.css HTTP/1.1" 404 1104
180.152.241.196 - - [27/Jul/2023:09:37:59 +0800] "GET /xingrg/javascript/easyui/plugins/jquery.validatebox.js HTTP/1.1" 200 6103
124.78.70.128 - - [27/Jul/2023:09:37:59 +0800] "POST /xingrg/login.do HTTP/1.1" 302 -
180.152.241.196 - - [27/Jul/2023:09:37:59 +0800] "GET /xingrg/javascript/easyui/themes/icons/edit_remove.png HTTP/1.1" 200 625
180.152.241.196 - - [27/Jul/2023:09:37:59 +0800] "GET /xingrg/javascript/easyui/plugins/jquery.numberbox.js HTTP/1.1" 200 5213
180.152.241.196 - - [27/Jul/2023:09:37:59 +0800] "GET /xingrg/all/common/auto_word.html?type=employee&rest_code=00102 HTTP/1.1" 200 189
180.152.241.196 - - [27/Jul/2023:09:37:59 +0800] "GET /xingrg/all/common/auto_word.html?type=employee&rest_code=00102 HTTP/1.1" 200 189
124.78.70.128 - - [27/Jul/2023:09:37:59 +0800] "GET /xingrg/index.html?sysBaseUrl=http%3A%2F%2F180.169.147.146%3A18081%2Fxingrg%2F&costTime=2645×tamp=1690421879451 HTTP/1.1" 200 17179
124.78.70.128 - - [27/Jul/2023:09:37:59 +0800] "GET /xingrg/all/function/internal_message.html?_=1690421347617&CODE_STATE=count HTTP/1.1" 200 11
124.78.70.128 - - [27/Jul/2023:09:37:59 +0800] "GET /xingrg/check_reg.html?_=1690421347618 HTTP/1.1" 200 22
124.78.70.128 - - [27/Jul/2023:09:37:59 +0800] "GET /favicon.ico HTTP/1.1" 404 -
124.78.70.128 - - [27/Jul/2023:09:38:00 +0800] "POST /xingrg/all/common/load_tree.html?tree=area_rest_tree_json&manage=1 HTTP/1.1" 200 351
180.152.241.196 - - [27/Jul/2023:09:38:00 +0800] "GET /xingrg/javascript/auto/indicator.gif HTTP/1.1" 404 1066
124.78.70.128 - - [27/Jul/2023:09:38:00 +0800] "POST /xingrg/load_menu.html HTTP/1.1" 200 5138
124.78.70.128 - - [27/Jul/2023:09:38:01 +0800] "GET /xingrg/kc/buy/buy_main.html HTTP/1.1" 200 12412
124.78.70.128 - - [27/Jul/2023:09:38:01 +0800] "GET /xingrg/css/new_ie.css HTTP/1.1" 404 1036
124.78.70.128 - - [27/Jul/2023:09:38:02 +0800] "GET /xingrg/images/yd/bt.gif HTTP/1.1" 404 1040
222.70.245.33 - - [27/Jul/2023:09:38:02 +0800] "GET /xingrg/kc/buy/cgsh_order_operate.html?command=get_materiel&rest_code=00146&code=00101016025&supplier_code=00100033&order_time=2023-07-27 HTTP/1.1" 200 408
222.69.131.132 - - [27/Jul/2023:09:38:03 +0800] "GET /xingrg/all/function/internal_message.html?_=1690421880325&CODE_STATE=getMsg HTTP/1.1" 200 27
124.78.70.128 - - [27/Jul/2023:09:38:03 +0800] "GET /xingrg/kc/buy/cgsh_order_list.html HTTP/1.1" 200 55948
124.78.155.92 - - [27/Jul/2023:09:38:05 +0800] "GET /xingrg/all/function/internal_message.html?_=1690421885821&CODE_STATE=getMsg HTTP/1.1" 200 27
114.85.113.108 - - [27/Jul/2023:09:38:05 +0800] "GET /xingrg/all/function/internal_message.html?_=1690421883898&CODE_STATE=getMsg HTTP/1.1" 200 27
124.78.155.92 - - [27/Jul/2023:09:38:08 +0800] "GET /xingrg/check_reg.html?_=1690421905325 HTTP/1.1" 200 22
120.253.135.82 - - [27/Jul/2023:09:38:08 +0800] "GET /xingrg/all/function/internal_message.html?_=1690421710606&CODE_STATE=getMsg HTTP/1.1" 200 27
180.165.154.167 - - [27/Jul/2023:09:38:12 +0800] "GET /xingrg/all/function/internal_message.html?_=1690421891120&CODE_STATE=getMsg HTTP/1.1" 200 27
180.152.241.196 - - [27/Jul/2023:09:38:13 +0800] "GET /xingrg/kc/buy/cgsh_order_operate.html?command=get_materiel&rest_code=00102&code=00101016030&supplier_code=00100096&order_time=2023-07-27 HTTP/1.1" 200 431
101.228.187.155 - - [27/Jul/2023:09:38:19 +0800] "GET /xingrg/all/function/internal_message.html?_=1690421898209&CODE_STATE=getMsg HTTP/1.1" 200 27
116.238.191.126 - - [27/Jul/2023:09:38:20 +0800] "GET /xingrg/kc/buy/cgsh_order_operate.html?command=get_materiel&rest_code=00150&code=00101008069&supplier_code=00100008&order_time=2023-07-27 HTTP/1.1" 200 412
124.79.79.0 - - [27/Jul/2023:09:38:22 +0800] "POST /xingrg/services/DataTransmitService HTTP/1.1" 200 524
180.152.241.196 - - [27/Jul/2023:09:38:22 +0800] "GET /xingrg/kc/buy/cgsh_order_operate.html?command=get_materiel&rest_code=00102&code=00101012025&supplier_code=00100096&order_time=2023-07-27 HTTP/1.1" 200 412
116.232.195.127 - - [27/Jul/2023:09:38:24 +0800] "GET /xingrg/kc/buy/cgsh_order_operate.html?command=get_materiel&rest_code=00155&code=00101001111&supplier_code=00100199&order_time=2023-07-27 HTTP/1.1" 200 411
116.238.191.126 - - [27/Jul/2023:09:38:28 +0800] "GET /xingrg/all/function/internal_message.html?_=1690421907905&CODE_STATE=getMsg HTTP/1.1" 200 27
222.70.245.33 - - [27/Jul/2023:09:38:29 +0800] "GET /xingrg/kc/buy/cgsh_order_operate.html?command=get_materiel&rest_code=00146&code=00101012029&supplier_code=00100033&order_time=2023-07-27 HTTP/1.1" 200 412
114.83.217.201 - - [27/Jul/2023:09:38:30 +0800] "GET /xingrg/kc/buy/cgsh_order_add.html HTTP/1.1" 200 70928
114.83.217.201 - - [27/Jul/2023:09:38:31 +0800] "POST /xingrg/kc/buy/cgsh_order_operate.html HTTP/1.1" 200 8245
114.83.217.201 - - [27/Jul/2023:09:38:31 +0800] "GET /xingrg/javascript/easyui/themes/default/validatebox.css HTTP/1.1" 404 1104
222.70.180.90 - - [27/Jul/2023:09:38:32 +0800] "GET /xingrg/kc/base/crk_hz.html?_=1690422097601&command=get_cost_id&end_date=2023-07-14&start_date=2023-07-14 HTTP/1.1" 200 51
222.70.180.90 - - [27/Jul/2023:09:38:32 +0800] "GET /xingrg/all/report/report_query.html?isQuery=1&onlyBody=1&rh=99999&rw=1800&varString=start:20230714,cost_id:4468,mid:20230701&fileName=kc/base/crk_hz_type_by_small.xml&queryString=%20a.base_code%20in%20('0010037','0010038','0010039','0010040','0010041','0010042','0010043','0010262','0010326','0010331','0010627','0010628','0010680','0010681','0010705','0010830')%20%20and%20m.sort_code%20in%20('00101001','00101002','00101003','00101004','00101005','00101006','00101007','00101008','00101009','00101010','00101011','00101012','00101013','00101014','00101015','00101016','00101017','00101018','00101019','00101020','00101021','00101022','00101023','00101024','00101025','00101026','00101027','00101028','00101029','00101030','00101031','00101032','00101033','00101034','00101036','00101037','00101038','00101039','00101040','00101041','00101042','00101043')%20&queryText=ÈÕÆÚ£º2023-07-14ÖÁ2023-07-14%20²Ö¿â£ºº£ÏʳØ,ÔÁ²Ë,º£ÅÉ,Àä²Ë,ÉÕ±,´ÌÉí,µãÐÄ,Â¥Ãæ,°Ę́,¿¾Ñ¼,¹ûÖ­¿â,²èË®¿â,ôÕ×Ó¿â,Ô±ý¿â,ÀñºÐ¿â,ÉÏʲ&tableQueryString=materiel_table$sp1$$sp$before_table$sp1$$sp$crk_table$sp1$order_day%20between%2020230714%20and%2020230714 HTTP/1.1" 200 50132
222.70.180.90 - - [27/Jul/2023:09:38:32 +0800] "GET /xingrg/dwr/interface/AjaxReportQueryService.js HTTP/1.1" 200 13203
222.70.180.90 - - [27/Jul/2023:09:38:32 +0800] "GET /xingrg/dwr/engine.js HTTP/1.1" 200 43631
222.70.180.90 - - [27/Jul/2023:09:38:32 +0800] "GET /xingrg/all/function/internal_message.html?_=1690422098126&CODE_STATE=getMsg HTTP/1.1" 200 27
180.152.241.196 - - [27/Jul/2023:09:38:36 +0800] "GET /xingrg/kc/buy/cgsh_order_operate.html?command=get_materiel&rest_code=00102&code=00101006177&supplier_code=00100096&order_time=2023-07-27 HTTP/1.1" 200 408
218.81.66.43 - - [27/Jul/2023:09:38:36 +0800] "GET /xingrg/all/function/internal_message.html?_=1690421924240&CODE_STATE=getMsg HTTP/1.1" 200 27
222.70.245.33 - - [27/Jul/2023:09:38:37 +0800] "GET /xingrg/check_reg.html?_=1690421931277 HTTP/1.1" 200 22
222.70.245.33 - - [27/Jul/2023:09:38:37 +0800] "GET /xingrg/all/function/internal_message.html?_=1690421931338&CODE_STATE=getMsg HTTP/1.1" 200 27
222.70.180.90 - - [27/Jul/2023:09:38:39 +0800] "POST /xingrg/all/report/load_report_page.html HTTP/1.1" 200 886381
222.70.180.90 - - [27/Jul/2023:09:38:40 +0800] "GET /xingrg/servlets/image?cache=0.882785187698208&image=px HTTP/1.1" 200 807
116.238.191.126 - - [27/Jul/2023:09:38:41 +0800] "GET /xingrg/all/function/internal_message.html?_=1690421806704&CODE_STATE=getMsg HTTP/1.1" 200 27
124.78.155.92 - - [27/Jul/2023:09:38:42 +0800] "GET /xingrg/all/function/internal_message.html?_=1690421939660&CODE_STATE=getMsg HTTP/1.1" 200 27
222.70.114.12 - - [27/Jul/2023:09:38:42 +0800] "GET /xingrg/all/function/internal_message.html?_=1690421929360&CODE_STATE=getMsg HTTP/1.1" 200 27
180.152.241.196 - - [27/Jul/2023:09:38:42 +0800] "GET /xingrg/all/function/internal_message.html?_=1690421923648&CODE_STATE=getMsg HTTP/1.1" 200 27
116.232.195.127 - - [27/Jul/2023:09:38:44 +0800] "POST /xingrg/kc/buy/cgsh_order_operate.html HTTP/1.1" 200 37
101.83.145.37 - - [27/Jul/2023:09:38:46 +0800] "GET /xingrg/all/function/internal_message.html?_=1690421735490&CODE_STATE=getMsg HTTP/1.1" 200 27
180.152.241.196 - - [27/Jul/2023:09:38:46 +0800] "GET /xingrg/kc/buy/cgsh_order_operate.html?command=get_materiel&rest_code=00102&code=00101006111&supplier_code=00100096&order_time=2023-07-27 HTTP/1.1" 200 409
116.232.195.127 - - [27/Jul/2023:09:38:48 +0800] "POST /xingrg/kc/buy/cgsh_order_operate.html HTTP/1.1" 200 5041
114.83.217.201 - - [27/Jul/2023:09:38:49 +0800] "GET /xingrg/all/function/internal_message.html?_=1690422056198&CODE_STATE=getMsg HTTP/1.1" 200 27
114.83.217.201 - - [27/Jul/2023:09:38:49 +0800] "GET /xingrg/check_reg.html?_=1690422056325 HTTP/1.1" 200 22
116.232.195.127 - - [27/Jul/2023:09:38:50 +0800] "GET /xingrg/kc/print/load_data.html?order_code=212023072710584&kc_code=cgsh&condition= HTTP/1.1" 200 1594
124.78.70.128 - - [27/Jul/2023:09:38:52 +0800] "POST /xingrg/kc/buy/cgsh_list_operate.html HTTP/1.1" 200 1855
222.70.180.90 - - [27/Jul/2023:09:38:52 +0800] "GET /xingrg/all/function/internal_message.html?_=1690421931058&CODE_STATE=getMsg HTTP/1.1" 200 27
222.70.180.90 - - [27/Jul/2023:09:38:53 +0800] "GET /xingrg/kc/base/crk_hz.html?_=1690422118462&command=get_cost_id&end_date=2023-07-14&start_date=2023-07-14 HTTP/1.1" 200 51
124.79.243.110 - - [27/Jul/2023:09:38:55 +0800] "GET /xingrg/all/function/internal_message.html?_=1690422222836&CODE_STATE=getMsg HTTP/1.1" 200 27
124.79.243.110 - - [27/Jul/2023:09:38:55 +0800] "GET /xingrg/check_reg.html?_=1690422222837 HTTP/1.1" 200 22
116.238.191.126 - - [27/Jul/2023:09:38:58 +0800] "GET /xingrg/all/function/internal_message.html?_=1690421824126&CODE_STATE=getMsg HTTP/1.1" 200 27
124.78.70.128 - - [27/Jul/2023:09:38:59 +0800] "GET /xingrg/all/function/internal_message.html?_=1690421407630&CODE_STATE=getMsg HTTP/1.1" 200 27
222.70.180.90 - - [27/Jul/2023:09:39:01 +0800] "GET /xingrg/all/report/report_print.html?isPrint=1&fileName=kc/base/crk_hz_type_by_small.xml&condition=%20a.base_code%20in%20('0010037','0010038','0010039','0010040','0010041','0010042','0010043','0010262','0010326','0010331','0010627','0010628','0010680','0010681','0010705','0010830')%20%20and%20m.sort_code%20in%20('00101001','00101002','00101003','00101004','00101005','00101006','00101007','00101008','00101009','00101010','00101011','00101012','00101013','00101014','00101015','00101016','00101017','00101018','00101019','00101020','00101021','00101022','00101023','00101024','00101025','00101026','00101027','00101028','00101029','00101030','00101031','00101032','00101033','00101034','00101036','00101037','00101038','00101039','00101040','00101041','00101042','00101043')%20&condition_show=ÈÕÆÚ£º2023-07-14ÖÁ2023-07-14%20²Ö¿â£ºº£ÏʳØ,ÔÁ²Ë,º£ÅÉ,Àä²Ë,ÉÕ±,´ÌÉí,µãÐÄ,Â¥Ãæ,°Ę́,¿¾Ñ¼,¹ûÖ­¿â,²èË®¿â,ôÕ×Ó¿â,Ô±ý¿â,ÀñºÐ¿â,ÉÏʲ&tableQueryString=materiel_table$sp1$$sp$before_table$sp1$$sp$crk_table$sp1$order_day%20between%2020230714%20and%2020230714&fileType=servlets/xls&varString=start:20230714,cost_id:4468,mid:20230701 HTTP/1.1" 200 42548
222.69.131.132 - - [27/Jul/2023:09:39:03 +0800] "GET /xingrg/all/function/internal_message.html?_=1690421940309&CODE_STATE=getMsg HTTP/1.1" 200 27
124.78.155.92 - - [27/Jul/2023:09:39:05 +0800] "GET /xingrg/all/function/internal_message.html?_=1690421945806&CODE_STATE=getMsg HTTP/1.1" 200 27
114.85.113.108 - - [27/Jul/2023:09:39:05 +0800] "GET /xingrg/all/function/internal_message.html?_=1690421943905&CODE_STATE=getMsg HTTP/1.1" 200 27
116.232.195.127 - - [27/Jul/2023:09:39:06 +0800] "GET /xingrg/kc/buy/cgsh_order_add.html HTTP/1.1" 200 71771
116.232.195.127 - - [27/Jul/2023:09:39:07 +0800] "POST /xingrg/kc/buy/cgsh_order_operate.html HTTP/1.1" 200 8245
116.232.195.127 - - [27/Jul/2023:09:39:07 +0800] "GET /xingrg/javascript/easyui/themes/default/validatebox.css HTTP/1.1" 404 1104
180.152.241.196 - - [27/Jul/2023:09:39:08 +0800] "GET /xingrg/kc/buy/cgsh_order_operate.html?command=get_materiel&rest_code=00102&code=00101006062&supplier_code=00100096&order_time=2023-07-27 HTTP/1.1" 200 409
120.253.135.82 - - [27/Jul/2023:09:39:08 +0800] "GET /xingrg/all/function/internal_message.html?_=1690421770919&CODE_STATE=getMsg HTTP/1.1" 200 27
180.165.154.167 - - [27/Jul/2023:09:39:12 +0800] "GET /xingrg/check_reg.html?_=1690421951121 HTTP/1.1" 200 22
180.165.154.167 - - [27/Jul/2023:09:39:12 +0800] "GET /xingrg/all/function/internal_message.html?_=1690421951122&CODE_STATE=getMsg HTTP/1.1" 200 27
101.228.187.155 - - [27/Jul/2023:09:39:19 +0800] "GET /xingrg/all/function/internal_message.html?_=1690421958209&CODE_STATE=getMsg HTTP/1.1" 200 27
180.169.147.146 - - [27/Jul/2023:09:39:26 +0800] "GET /xingrg/index.html?sysBaseUrl=http%3A%2F%2F180.169.147.146%3A18081%2Fxingrg%2F&costTime=39×tamp=1592034574635 HTTP/1.1" 302 -
180.169.147.146 - - [27/Jul/2023:09:39:26 +0800] "GET /xingrg/login.html HTTP/1.1" 200 7641
180.169.147.146 - - [27/Jul/2023:09:39:27 +0800] "GET /favicon.ico HTTP/1.1" 404 -
116.238.191.126 - - [27/Jul/2023:09:39:28 +0800] "GET /xingrg/check_reg.html?_=1690421967898 HTTP/1.1" 200 22
116.238.191.126 - - [27/Jul/2023:09:39:28 +0800] "GET /xingrg/all/function/internal_message.html?_=1690421967903&CODE_STATE=getMsg HTTP/1.1" 200 27
116.232.195.127 - - [27/Jul/2023:09:39:32 +0800] "GET /xingrg/check_reg.html?_=1690421926691 HTTP/1.1" 200 22
222.70.180.90 - - [27/Jul/2023:09:39:32 +0800] "GET /xingrg/all/function/internal_message.html?_=1690422158102&CODE_STATE=getMsg HTTP/1.1" 200 27
116.232.195.127 - - [27/Jul/2023:09:39:34 +0800] "GET /xingrg/all/function/internal_message.html?_=1690421928692&CODE_STATE=getMsg HTTP/1.1" 200 27
116.232.195.127 - - [27/Jul/2023:09:39:36 +0800] "GET /xingrg/kc/buy/cgsh_order_operate.html?command=get_materiel&rest_code=00155&code=00101008261&supplier_code=00100005&order_time=2023-07-27 HTTP/1.1" 200 408
218.81.66.43 - - [27/Jul/2023:09:39:36 +0800] "GET /xingrg/all/function/internal_message.html?_=1690421984239&CODE_STATE=getMsg HTTP/1.1" 200 27
222.70.245.33 - - [27/Jul/2023:09:39:37 +0800] "GET /xingrg/all/function/internal_message.html?_=1690421991386&CODE_STATE=getMsg HTTP/1.1" 200 27
116.238.191.126 - - [27/Jul/2023:09:39:39 +0800] "GET /xingrg/check_reg.html?_=1690421865049 HTTP/1.1" 200 22
116.238.191.126 - - [27/Jul/2023:09:39:41 +0800] "GET /xingrg/all/function/internal_message.html?_=1690421866715&CODE_STATE=getMsg HTTP/1.1" 200 27
124.78.155.92 - - [27/Jul/2023:09:39:42 +0800] "GET /xingrg/all/function/internal_message.html?_=1690421999648&CODE_STATE=getMsg HTTP/1.1" 200 27
222.70.114.12 - - [27/Jul/2023:09:39:42 +0800] "GET /xingrg/all/function/internal_message.html?_=1690421989357&CODE_STATE=getMsg HTTP/1.1" 200 27
222.70.114.12 - - [27/Jul/2023:09:39:42 +0800] "GET /xingrg/check_reg.html?_=1690421989358 HTTP/1.1" 200 22
180.152.241.196 - - [27/Jul/2023:09:39:42 +0800] "GET /xingrg/all/function/internal_message.html?_=1690421983651&CODE_STATE=getMsg HTTP/1.1" 200 27
101.83.145.37 - - [27/Jul/2023:09:39:45 +0800] "GET /xingrg/check_reg.html?_=1690421794618 HTTP/1.1" 200 22
101.83.145.37 - - [27/Jul/2023:09:39:46 +0800] "GET /xingrg/all/function/internal_message.html?_=1690421795464&CODE_STATE=getMsg HTTP/1.1" 200 27
114.83.217.201 - - [27/Jul/2023:09:39:49 +0800] "GET /xingrg/all/function/internal_message.html?_=1690422116184&CODE_STATE=getMsg HTTP/1.1" 200 27
222.70.180.90 - - [27/Jul/2023:09:39:52 +0800] "GET /xingrg/all/function/internal_message.html?_=1690421991058&CODE_STATE=getMsg HTTP/1.1" 200 27
116.232.195.127 - - [27/Jul/2023:09:39:53 +0800] "GET /xingrg/kc/buy/cgsh_order_operate.html?command=get_materiel&rest_code=00155&code=00101008210&supplier_code=00100005&order_time=2023-07-27 HTTP/1.1" 200 410
180.165.154.167 - - [27/Jul/2023:09:39:54 +0800] "POST /xingrg/kc/buy/cgsh_list_operate.html HTTP/1.1" 200 4
124.79.243.110 - - [27/Jul/2023:09:39:55 +0800] "GET /xingrg/all/function/internal_message.html?_=1690422282835&CODE_STATE=getMsg HTTP/1.1" 200 27
116.238.191.126 - - [27/Jul/2023:09:39:58 +0800] "GET /xingrg/all/function/internal_message.html?_=1690421884139&CODE_STATE=getMsg HTTP/1.1" 200 27
124.78.70.128 - - [27/Jul/2023:09:39:59 +0800] "GET /xingrg/all/function/internal_message.html?_=1690421467634&CODE_STATE=getMsg HTTP/1.1" 200 27
116.238.191.126 - - [27/Jul/2023:09:40:02 +0800] "POST /xingrg/kc/buy/cgsh_order_operate.html HTTP/1.1" 200 37
222.69.131.132 - - [27/Jul/2023:09:40:03 +0800] "GET /xingrg/all/function/internal_message.html?_=1690422000300&CODE_STATE=getMsg HTTP/1.1" 200 27
180.163.28.180 - - [27/Jul/2023:09:40:05 +0800] "GET /xingrg/all/function/internal_message.html?_=1690421945806&CODE_STATE=getMsg HTTP/1.1" 302 -
180.163.28.180 - - [27/Jul/2023:09:40:05 +0800] "GET /xingrg/login.html HTTP/1.1" 200 7641
124.78.155.92 - - [27/Jul/2023:09:40:05 +0800] "GET /xingrg/all/function/internal_message.html?_=1690422005777&CODE_STATE=getMsg HTTP/1.1" 200 27
114.85.113.108 - - [27/Jul/2023:09:40:05 +0800] "GET /xingrg/all/function/internal_message.html?_=1690422003904&CODE_STATE=getMsg HTTP/1.1" 200 27
116.232.195.127 - - [27/Jul/2023:09:40:06 +0800] "GET /xingrg/kc/buy/cgsh_order_operate.html?command=get_materiel&rest_code=00155&code=00101008087&supplier_code=00100005&order_time=2023-07-27 HTTP/1.1" 200 412
180.152.241.196 - - [27/Jul/2023:09:40:07 +0800] "GET /xingrg/kc/buy/cgsh_order_operate.html?command=get_materiel&rest_code=00102&code=00101006180&supplier_code=00100096&order_time=2023-07-27 HTTP/1.1" 200 425
120.253.135.82 - - [27/Jul/2023:09:40:08 +0800] "GET /xingrg/all/function/internal_message.html?_=1690421830930&CODE_STATE=getMsg HTTP/1.1" 200 27
180.165.154.167 - - [27/Jul/2023:09:40:09 +0800] "POST /xingrg/kc/buy/cgsh_list_operate.html HTTP/1.1" 200 3186
180.165.154.167 - - [27/Jul/2023:09:40:12 +0800] "GET /xingrg/all/function/internal_message.html?_=1690422011127&CODE_STATE=getMsg HTTP/1.1" 200 27
116.232.195.127 - - [27/Jul/2023:09:40:18 +0800] "GET /xingrg/kc/buy/cgsh_order_operate.html?command=get_materiel&rest_code=00155&code=00101008148&supplier_code=00100005&order_time=2023-07-27 HTTP/1.1" 200 416
101.228.187.155 - - [27/Jul/2023:09:40:19 +0800] "GET /xingrg/all/function/internal_message.html?_=1690422018235&CODE_STATE=getMsg HTTP/1.1" 200 27
222.70.245.33 - - [27/Jul/2023:09:40:23 +0800] "POST /xingrg/kc/buy/cgsh_order_operate.html HTTP/1.1" 200 37
180.152.241.196 - - [27/Jul/2023:09:40:25 +0800] "GET /xingrg/kc/buy/cgsh_order_operate.html?command=get_materiel&rest_code=00102&code=00101007061&supplier_code=00100096&order_time=2023-07-27 HTTP/1.1" 200 411
222.70.245.33 - - [27/Jul/2023:09:40:26 +0800] "POST /xingrg/kc/buy/cgsh_order_operate.html HTTP/1.1" 200 4413
116.238.191.126 - - [27/Jul/2023:09:40:28 +0800] "GET /xingrg/all/function/internal_message.html?_=1690422027905&CODE_STATE=getMsg HTTP/1.1" 200 27
