180.169.147.146 - - [27/Jul/2023:09:24:16 +0800] "GET /favicon.ico HTTP/1.1" 404 -
180.152.241.196 - - [27/Jul/2023:09:24:16 +0800] "GET /xingrg/check_reg.html?_=1690421058023 HTTP/1.1" 302 -
116.232.195.127 - - [27/Jul/2023:09:24:17 +0800] "GET /xingrg/kc/buy/cgsh_order_operate.html?command=get_materiel&rest_code=00155&code=00101007090&supplier_code=00100002&order_time=2023-07-27 HTTP/1.1" 200 413
180.169.147.146 - - [27/Jul/2023:09:24:19 +0800] "POST /xingrg/login.do HTTP/1.1" 302 -
180.169.147.146 - - [27/Jul/2023:09:24:19 +0800] "GET /xingrg/index.html?sysBaseUrl=http%3A%2F%2F180.169.147.146%3A18081%2Fxingrg%2F&costTime=1731×tamp=1690421059080 HTTP/1.1" 200 17503
180.169.147.146 - - [27/Jul/2023:09:24:19 +0800] "GET /xingrg/all/function/internal_message.html?_=1690421059558&CODE_STATE=count HTTP/1.1" 200 11
101.228.187.155 - - [27/Jul/2023:09:24:19 +0800] "GET /xingrg/all/function/internal_message.html?_=1690421058206&CODE_STATE=getMsg HTTP/1.1" 200 27
180.169.147.146 - - [27/Jul/2023:09:24:19 +0800] "GET /xingrg/check_reg.html?_=1690421059558 HTTP/1.1" 200 22
180.169.147.146 - - [27/Jul/2023:09:24:19 +0800] "GET /favicon.ico HTTP/1.1" 404 -
180.169.147.146 - - [27/Jul/2023:09:24:19 +0800] "POST /xingrg/all/common/load_tree.html?tree=area_rest_tree_json&manage=1 HTTP/1.1" 200 3499
180.169.147.146 - - [27/Jul/2023:09:24:19 +0800] "POST /xingrg/load_menu.html HTTP/1.1" 200 11564
101.83.145.37 - - [27/Jul/2023:09:24:20 +0800] "GET /xingrg/kc/buy/cgsh_order_operate.html?command=get_materiel&rest_code=00105&code=00101008197&supplier_code=00100203&order_time=2023-07-27 HTTP/1.1" 200 416
114.83.217.201 - - [27/Jul/2023:09:24:22 +0800] "GET /xingrg/kc/buy/cgsh_order_add.html HTTP/1.1" 200 70928
114.83.217.201 - - [27/Jul/2023:09:24:23 +0800] "POST /xingrg/kc/buy/cgsh_order_operate.html HTTP/1.1" 200 8245
114.83.217.201 - - [27/Jul/2023:09:24:23 +0800] "GET /xingrg/javascript/easyui/themes/default/validatebox.css HTTP/1.1" 404 1104
222.69.131.132 - - [27/Jul/2023:09:24:25 +0800] "GET /xingrg/kc/buy/cgsh_order_operate.html?command=get_materiel&rest_code=00149&code=00101008167&supplier_code=00100008&order_time=2023-07-27 HTTP/1.1" 200 412
101.83.145.37 - - [27/Jul/2023:09:24:25 +0800] "POST /xingrg/kc/buy/cgsh_order_operate.html HTTP/1.1" 200 2065
116.238.191.126 - - [27/Jul/2023:09:24:25 +0800] "GET /xingrg/kc/buy/cgsh_order_operate.html?command=get_materiel&rest_code=00150&code=00101008223&supplier_code=00100008&order_time=2023-07-27 HTTP/1.1" 200 412
222.70.180.90 - - [27/Jul/2023:09:24:27 +0800] "GET /xingrg/kc/buy/cgsh_order_operate.html?command=get_materiel&rest_code=00111&code=00101008095&supplier_code=00100005&order_time=2023-07-27 HTTP/1.1" 200 412
222.70.180.90 - - [27/Jul/2023:09:24:29 +0800] "POST /xingrg/kc/buy/cgsh_order_operate.html HTTP/1.1" 200 2065
116.232.195.127 - - [27/Jul/2023:09:24:31 +0800] "POST /xingrg/kc/buy/cgsh_order_operate.html HTTP/1.1" 200 37
222.69.131.132 - - [27/Jul/2023:09:24:32 +0800] "GET /xingrg/all/function/internal_message.html?_=1690421069519&CODE_STATE=getMsg HTTP/1.1" 200 27
222.70.180.90 - - [27/Jul/2023:09:24:32 +0800] "GET /xingrg/all/function/internal_message.html?_=1690421258003&CODE_STATE=getMsg HTTP/1.1" 200 27
222.70.245.33 - - [27/Jul/2023:09:24:33 +0800] "GET /xingrg/kc/buy/cgsh_order_operate.html?command=get_materiel&rest_code=00146&code=00101007022&supplier_code=00100002&order_time=2023-07-27 HTTP/1.1" 200 415
116.232.195.127 - - [27/Jul/2023:09:24:34 +0800] "GET /xingrg/all/function/internal_message.html?_=1690421028339&CODE_STATE=getMsg HTTP/1.1" 200 27
116.232.195.127 - - [27/Jul/2023:09:24:34 +0800] "POST /xingrg/kc/buy/cgsh_order_operate.html HTTP/1.1" 200 3844
180.169.147.146 - - [27/Jul/2023:09:24:34 +0800] "GET /xingrg/kc/report/report_main.html HTTP/1.1" 200 8599
116.232.195.127 - - [27/Jul/2023:09:24:34 +0800] "GET /xingrg/all/function/internal_message.html?_=1690421028863&CODE_STATE=getMsg HTTP/1.1" 200 27
116.238.191.126 - - [27/Jul/2023:09:24:34 +0800] "GET /xingrg/kc/buy/cgsh_order_operate.html?command=get_materiel&rest_code=00150&code=00101008136&supplier_code=00100008&order_time=2023-07-27 HTTP/1.1" 200 413
180.169.147.146 - - [27/Jul/2023:09:24:36 +0800] "GET /xingrg/all/report/report_query.html?fileName=kc/buy/gys_amount_base_rest.xml HTTP/1.1" 200 51664
180.169.147.146 - - [27/Jul/2023:09:24:36 +0800] "GET /xingrg/dwr/interface/AjaxReportQueryService.js HTTP/1.1" 200 13203
180.169.147.146 - - [27/Jul/2023:09:24:36 +0800] "GET /xingrg/dwr/engine.js HTTP/1.1" 200 43631
180.169.147.146 - - [27/Jul/2023:09:24:36 +0800] "GET /xingrg/dwr/util.js HTTP/1.1" 304 -
180.169.147.146 - - [27/Jul/2023:09:24:36 +0800] "POST /xingrg/dwr/call/plaincall/AjaxReportQueryService.getFixDate.dwr HTTP/1.1" 200 111
222.69.131.132 - - [27/Jul/2023:09:24:36 +0800] "GET /xingrg/kc/buy/cgsh_order_operate.html?command=get_materiel&rest_code=00149&code=00101009113&supplier_code=00100008&order_time=2023-07-27 HTTP/1.1" 200 412
218.81.66.43 - - [27/Jul/2023:09:24:36 +0800] "GET /xingrg/all/function/internal_message.html?_=1690421084208&CODE_STATE=getMsg HTTP/1.1" 200 27
180.169.147.146 - - [27/Jul/2023:09:24:36 +0800] "POST /xingrg/all/common/load_tree.html?tree=area_rest_tree_json&manage=1 HTTP/1.1" 200 3499
116.232.195.127 - - [27/Jul/2023:09:24:37 +0800] "GET /xingrg/kc/print/load_data.html?order_code=212023072710570&kc_code=cgsh&condition= HTTP/1.1" 200 1208
222.70.180.90 - - [27/Jul/2023:09:24:37 +0800] "GET /xingrg/kc/buy/cgsh_order_operate.html?command=get_materiel&rest_code=00111&code=00101008674&supplier_code=00100005&order_time=2023-07-27 HTTP/1.1" 200 412
180.169.147.146 - - [27/Jul/2023:09:24:38 +0800] "POST /xingrg/all/common/load_tree.html?tree=supplier_tree_json&manage=1 HTTP/1.1" 200 76714
101.83.145.37 - - [27/Jul/2023:09:24:39 +0800] "GET /xingrg/kc/buy/cgsh_order_operate.html?command=get_materiel&rest_code=00105&code=00101008286&supplier_code=00100203&order_time=2023-07-27 HTTP/1.1" 200 408
116.238.191.126 - - [27/Jul/2023:09:24:39 +0800] "GET /xingrg/check_reg.html?_=1690420965017 HTTP/1.1" 200 22
222.70.114.12 - - [27/Jul/2023:09:24:42 +0800] "GET /xingrg/all/function/internal_message.html?_=1690421089306&CODE_STATE=getMsg HTTP/1.1" 200 27
222.70.114.12 - - [27/Jul/2023:09:24:42 +0800] "GET /xingrg/check_reg.html?_=1690421089309 HTTP/1.1" 200 22
124.78.155.92 - - [27/Jul/2023:09:24:42 +0800] "GET /xingrg/all/function/internal_message.html?_=1690421099849&CODE_STATE=getMsg HTTP/1.1" 200 27
116.232.195.127 - - [27/Jul/2023:09:24:43 +0800] "GET /xingrg/kc/buy/cgsh_order_add.html HTTP/1.1" 200 71771
116.232.195.127 - - [27/Jul/2023:09:24:43 +0800] "POST /xingrg/kc/buy/cgsh_order_operate.html HTTP/1.1" 200 8245
116.232.195.127 - - [27/Jul/2023:09:24:43 +0800] "GET /xingrg/javascript/easyui/themes/default/validatebox.css HTTP/1.1" 404 1104
116.238.191.126 - - [27/Jul/2023:09:24:45 +0800] "GET /xingrg/kc/buy/cgsh_order_operate.html?command=get_materiel&rest_code=00150&code=00101008079&supplier_code=00100008&order_time=2023-07-27 HTTP/1.1" 200 416
101.83.145.37 - - [27/Jul/2023:09:24:45 +0800] "GET /xingrg/check_reg.html?_=1690420894623 HTTP/1.1" 200 22
101.83.145.37 - - [27/Jul/2023:09:24:45 +0800] "GET /xingrg/all/function/internal_message.html?_=1690420894633&CODE_STATE=getMsg HTTP/1.1" 200 27
114.83.217.201 - - [27/Jul/2023:09:24:49 +0800] "GET /xingrg/all/function/internal_message.html?_=1690421216327&CODE_STATE=getMsg HTTP/1.1" 200 27
116.238.191.126 - - [27/Jul/2023:09:24:50 +0800] "POST /xingrg/kc/buy/cgsh_order_operate.html HTTP/1.1" 200 2065
222.70.180.90 - - [27/Jul/2023:09:24:52 +0800] "GET /xingrg/all/function/internal_message.html?_=1690421091049&CODE_STATE=getMsg HTTP/1.1" 200 27
116.238.191.126 - - [27/Jul/2023:09:24:54 +0800] "GET /xingrg/all/function/internal_message.html?_=1690421093823&CODE_STATE=getMsg HTTP/1.1" 200 27
101.83.145.37 - - [27/Jul/2023:09:24:55 +0800] "GET /xingrg/kc/buy/cgsh_order_operate.html?command=get_materiel&rest_code=00105&code=00101008353&supplier_code=00100203&order_time=2023-07-27 HTTP/1.1" 200 408
124.79.243.110 - - [27/Jul/2023:09:24:56 +0800] "GET /xingrg/all/function/internal_message.html?_=1690421382932&CODE_STATE=getMsg HTTP/1.1" 200 27
116.238.191.126 - - [27/Jul/2023:09:24:58 +0800] "GET /xingrg/kc/buy/cgsh_order_operate.html?command=get_materiel&rest_code=00150&code=00101008558&supplier_code=00100008&order_time=2023-07-27 HTTP/1.1" 200 409
116.238.191.126 - - [27/Jul/2023:09:24:58 +0800] "GET /xingrg/all/function/internal_message.html?_=1690420983858&CODE_STATE=getMsg HTTP/1.1" 200 27
222.70.180.90 - - [27/Jul/2023:09:24:59 +0800] "GET /xingrg/kc/buy/cgsh_order_operate.html?command=get_materiel&rest_code=00111&code=00101008331&supplier_code=00100005&order_time=2023-07-27 HTTP/1.1" 200 416
180.169.147.146 - - [27/Jul/2023:09:25:03 +0800] "POST /xingrg/dwr/call/plaincall/AjaxReportQueryService.refreshCache.dwr HTTP/1.1" 200 78
180.163.28.55 - - [27/Jul/2023:09:25:04 +0800] "GET /xingrg/all/function/internal_message.html?_=1690421045130&CODE_STATE=getMsg HTTP/1.1" 302 -
180.163.28.55 - - [27/Jul/2023:09:25:04 +0800] "GET /xingrg/login.html HTTP/1.1" 200 7641
124.78.155.92 - - [27/Jul/2023:09:25:04 +0800] "GET /xingrg/all/function/internal_message.html?_=1690421105103&CODE_STATE=getMsg HTTP/1.1" 200 27
114.85.113.108 - - [27/Jul/2023:09:25:05 +0800] "GET /xingrg/all/function/internal_message.html?_=1690421103874&CODE_STATE=getMsg HTTP/1.1" 200 27
120.253.135.82 - - [27/Jul/2023:09:25:06 +0800] "GET /xingrg/all/function/internal_message.html?_=1690420928980&CODE_STATE=getMsg HTTP/1.1" 200 27
180.169.147.146 - - [27/Jul/2023:09:25:07 +0800] "POST /xingrg/all/report/load_report_page.html HTTP/1.1" 200 51561
180.169.147.146 - - [27/Jul/2023:09:25:07 +0800] "GET /xingrg/servlets/image?cache=0.5359790732837736&image=px HTTP/1.1" 200 807
222.69.131.132 - - [27/Jul/2023:09:25:08 +0800] "GET /xingrg/kc/buy/cgsh_order_operate.html?command=get_materiel&rest_code=00149&code=00101008502&supplier_code=00100008&order_time=2023-07-27 HTTP/1.1" 200 412
222.70.245.33 - - [27/Jul/2023:09:25:08 +0800] "GET /xingrg/kc/buy/cgsh_order_operate.html?command=get_materiel&rest_code=00146&code=00101007061&supplier_code=00100002&order_time=2023-07-27 HTTP/1.1" 200 409
101.83.145.37 - - [27/Jul/2023:09:25:10 +0800] "GET /xingrg/kc/buy/cgsh_order_operate.html?command=get_materiel&rest_code=00105&code=00101008119&supplier_code=00100203&order_time=2023-07-27 HTTP/1.1" 200 412
222.70.180.90 - - [27/Jul/2023:09:25:14 +0800] "GET /xingrg/kc/buy/cgsh_order_operate.html?command=get_materiel&rest_code=00111&code=00101008049&supplier_code=00100005&order_time=2023-07-27 HTTP/1.1" 200 408
180.163.28.55 - - [27/Jul/2023:09:25:15 +0800] "GET /xingrg/index.html?sysBaseUrl=http://180.169.147.146:18081/xingrg/&costTime=39×tamp=1592034574635 HTTP/1.1" 302 -
180.163.28.55 - - [27/Jul/2023:09:25:15 +0800] "GET /xingrg/login.html HTTP/1.1" 200 7641
222.70.245.33 - - [27/Jul/2023:09:25:15 +0800] "GET /xingrg/all/function/internal_message.html?_=1690421129462&CODE_STATE=getMsg HTTP/1.1" 200 27
116.238.191.126 - - [27/Jul/2023:09:25:18 +0800] "GET /xingrg/kc/buy/cgsh_order_operate.html?command=get_materiel&rest_code=00150&code=00101008357&supplier_code=00100008&order_time=2023-07-27 HTTP/1.1" 200 408
101.228.187.155 - - [27/Jul/2023:09:25:19 +0800] "GET /xingrg/all/function/internal_message.html?_=1690421118206&CODE_STATE=getMsg HTTP/1.1" 200 27
180.169.147.146 - - [27/Jul/2023:09:25:19 +0800] "GET /xingrg/all/function/internal_message.html?_=1690421119574&CODE_STATE=getMsg HTTP/1.1" 200 27
116.232.195.127 - - [27/Jul/2023:09:25:23 +0800] "GET /xingrg/kc/buy/cgsh_order_operate.html?command=get_materiel&rest_code=00155&code=00101011001&supplier_code=00100012&order_time=2023-07-27 HTTP/1.1" 200 442
116.238.191.126 - - [27/Jul/2023:09:25:25 +0800] "GET /xingrg/kc/buy/cgsh_order_operate.html?command=get_materiel&rest_code=00150&code=00101008286&supplier_code=00100008&order_time=2023-07-27 HTTP/1.1" 200 408
114.83.217.201 - - [27/Jul/2023:09:25:30 +0800] "POST /xingrg/kc/buy/cgsh_order_operate.html HTTP/1.1" 200 37
222.69.131.132 - - [27/Jul/2023:09:25:30 +0800] "GET /xingrg/kc/buy/cgsh_order_operate.html?command=get_materiel&rest_code=00149&code=00101008029&supplier_code=00100008&order_time=2023-07-27 HTTP/1.1" 200 417
116.238.191.126 - - [27/Jul/2023:09:25:31 +0800] "POST /xingrg/kc/buy/cgsh_order_operate.html HTTP/1.1" 200 2065
222.69.131.132 - - [27/Jul/2023:09:25:32 +0800] "GET /xingrg/all/function/internal_message.html?_=1690421129551&CODE_STATE=getMsg HTTP/1.1" 200 27
222.69.131.132 - - [27/Jul/2023:09:25:32 +0800] "GET /xingrg/check_reg.html?_=1690421129552 HTTP/1.1" 200 22
222.70.180.90 - - [27/Jul/2023:09:25:32 +0800] "GET /xingrg/all/function/internal_message.html?_=1690421317992&CODE_STATE=getMsg HTTP/1.1" 200 27
101.83.145.37 - - [27/Jul/2023:09:25:32 +0800] "GET /xingrg/kc/buy/cgsh_order_operate.html?command=get_materiel&rest_code=00105&code=00101008229&supplier_code=00100203&order_time=2023-07-27 HTTP/1.1" 200 420
116.232.195.127 - - [27/Jul/2023:09:25:34 +0800] "GET /xingrg/all/function/internal_message.html?_=1690421088355&CODE_STATE=getMsg HTTP/1.1" 200 27
222.70.180.90 - - [27/Jul/2023:09:25:34 +0800] "GET /xingrg/kc/buy/cgsh_order_operate.html?command=get_materiel&rest_code=00111&code=00101008114&supplier_code=00100005&order_time=2023-07-27 HTTP/1.1" 200 412
116.232.195.127 - - [27/Jul/2023:09:25:34 +0800] "GET /xingrg/check_reg.html?_=1690421088359 HTTP/1.1" 200 22
116.232.195.127 - - [27/Jul/2023:09:25:34 +0800] "GET /xingrg/all/function/internal_message.html?_=1690421088859&CODE_STATE=getMsg HTTP/1.1" 200 27
218.81.66.43 - - [27/Jul/2023:09:25:36 +0800] "GET /xingrg/all/function/internal_message.html?_=1690421144206&CODE_STATE=getMsg HTTP/1.1" 200 27
222.69.131.132 - - [27/Jul/2023:09:25:37 +0800] "POST /xingrg/kc/buy/cgsh_order_operate.html HTTP/1.1" 200 2065
116.238.191.126 - - [27/Jul/2023:09:25:40 +0800] "GET /xingrg/kc/buy/cgsh_order_operate.html?command=get_materiel&rest_code=00150&code=00101008036&supplier_code=00100008&order_time=2023-07-27 HTTP/1.1" 200 408
222.70.180.90 - - [27/Jul/2023:09:25:40 +0800] "POST /xingrg/kc/buy/cgsh_order_operate.html HTTP/1.1" 200 2065
222.70.114.12 - - [27/Jul/2023:09:25:42 +0800] "GET /xingrg/all/function/internal_message.html?_=1690421149337&CODE_STATE=getMsg HTTP/1.1" 200 27
124.78.155.92 - - [27/Jul/2023:09:25:42 +0800] "GET /xingrg/all/function/internal_message.html?_=1690421159821&CODE_STATE=getMsg HTTP/1.1" 200 27
101.83.145.37 - - [27/Jul/2023:09:25:45 +0800] "GET /xingrg/all/function/internal_message.html?_=1690420954617&CODE_STATE=getMsg HTTP/1.1" 200 27
116.238.191.126 - - [27/Jul/2023:09:25:47 +0800] "GET /xingrg/kc/buy/cgsh_order_operate.html?command=get_materiel&rest_code=00150&code=00101008131&supplier_code=00100008&order_time=2023-07-27 HTTP/1.1" 200 409
114.83.217.201 - - [27/Jul/2023:09:25:49 +0800] "GET /xingrg/all/function/internal_message.html?_=1690421276324&CODE_STATE=getMsg HTTP/1.1" 200 27
114.83.217.201 - - [27/Jul/2023:09:25:49 +0800] "POST /xingrg/kc/buy/cgsh_order_operate.html HTTP/1.1" 200 12
222.70.180.90 - - [27/Jul/2023:09:25:52 +0800] "GET /xingrg/all/function/internal_message.html?_=1690421151045&CODE_STATE=getMsg HTTP/1.1" 200 27
222.70.180.90 - - [27/Jul/2023:09:25:53 +0800] "GET /xingrg/kc/buy/cgsh_order_operate.html?command=get_materiel&rest_code=00111&code=00101008350&supplier_code=00100005&order_time=2023-07-27 HTTP/1.1" 200 408
222.70.245.33 - - [27/Jul/2023:09:25:53 +0800] "GET /xingrg/kc/buy/cgsh_order_operate.html?command=get_materiel&rest_code=00146&code=00101007032&supplier_code=00100002&order_time=2023-07-27 HTTP/1.1" 200 413
116.238.191.126 - - [27/Jul/2023:09:25:54 +0800] "GET /xingrg/all/function/internal_message.html?_=1690421153823&CODE_STATE=getMsg HTTP/1.1" 200 27
116.238.191.126 - - [27/Jul/2023:09:25:54 +0800] "GET /xingrg/check_reg.html?_=1690421153826 HTTP/1.1" 200 22
114.83.217.201 - - [27/Jul/2023:09:25:54 +0800] "GET /xingrg/kc/buy/cgsh_order_info.html?code=212023072710571 HTTP/1.1" 200 65838
114.83.217.201 - - [27/Jul/2023:09:25:54 +0800] "GET /xingrg/javascript/easyui/themes/default/validatebox.css HTTP/1.1" 404 1104
114.83.217.201 - - [27/Jul/2023:09:25:55 +0800] "POST /xingrg/kc/buy/cgsh_order_operate.html HTTP/1.1" 200 606
124.79.243.110 - - [27/Jul/2023:09:25:55 +0800] "GET /xingrg/all/function/internal_message.html?_=1690421442940&CODE_STATE=getMsg HTTP/1.1" 200 27
101.83.145.37 - - [27/Jul/2023:09:25:57 +0800] "GET /xingrg/kc/buy/cgsh_order_operate.html?command=get_materiel&rest_code=00105&code=00101008114&supplier_code=00100203&order_time=2023-07-27 HTTP/1.1" 200 412
114.83.217.201 - - [27/Jul/2023:09:25:57 +0800] "GET /xingrg/kc/print/load_data.html?order_code=212023072710571&kc_code=cgsh&condition= HTTP/1.1" 200 702
116.238.191.126 - - [27/Jul/2023:09:25:58 +0800] "GET /xingrg/all/function/internal_message.html?_=1690421043871&CODE_STATE=getMsg HTTP/1.1" 200 27
116.238.191.126 - - [27/Jul/2023:09:25:58 +0800] "GET /xingrg/kc/buy/cgsh_order_operate.html?command=get_materiel&rest_code=00150&code=00101008279&supplier_code=00100008&order_time=2023-07-27 HTTP/1.1" 200 412
116.232.195.127 - - [27/Jul/2023:09:26:00 +0800] "GET /xingrg/kc/buy/cgsh_order_operate.html?command=get_materiel&rest_code=00155&code=00101016030&supplier_code=00100012&order_time=2023-07-27 HTTP/1.1" 200 431
222.70.180.90 - - [27/Jul/2023:09:26:01 +0800] "GET /xingrg/check_reg.html?_=1690421346831 HTTP/1.1" 200 22
101.83.145.37 - - [27/Jul/2023:09:26:01 +0800] "POST /xingrg/kc/buy/cgsh_order_operate.html HTTP/1.1" 200 2065
180.163.30.100 - - [27/Jul/2023:09:26:04 +0800] "GET /xingrg/all/function/internal_message.html?_=1690421105103&CODE_STATE=getMsg HTTP/1.1" 302 -
180.163.30.100 - - [27/Jul/2023:09:26:04 +0800] "GET /xingrg/login.html HTTP/1.1" 200 7641
124.78.155.92 - - [27/Jul/2023:09:26:04 +0800] "GET /xingrg/all/function/internal_message.html?_=1690421165090&CODE_STATE=getMsg HTTP/1.1" 200 27
114.85.113.108 - - [27/Jul/2023:09:26:05 +0800] "GET /xingrg/all/function/internal_message.html?_=1690421163876&CODE_STATE=getMsg HTTP/1.1" 200 27
120.253.135.82 - - [27/Jul/2023:09:26:07 +0800] "GET /xingrg/all/function/internal_message.html?_=1690420989328&CODE_STATE=getMsg HTTP/1.1" 200 27
120.253.135.82 - - [27/Jul/2023:09:26:09 +0800] "GET /xingrg/check_reg.html?_=1690420991348 HTTP/1.1" 200 22
116.238.191.126 - - [27/Jul/2023:09:26:11 +0800] "GET /xingrg/kc/buy/cgsh_order_operate.html?command=get_materiel&rest_code=00150&code=00101008694&supplier_code=00100008&order_time=2023-07-27 HTTP/1.1" 200 420
222.70.245.33 - - [27/Jul/2023:09:26:11 +0800] "GET /xingrg/kc/buy/cgsh_order_operate.html?command=get_materiel&rest_code=00146&code=00101007081&supplier_code=00100002&order_time=2023-07-27 HTTP/1.1" 200 413
222.70.245.33 - - [27/Jul/2023:09:26:15 +0800] "GET /xingrg/all/function/internal_message.html?_=1690421189476&CODE_STATE=getMsg HTTP/1.1" 200 27
101.228.187.155 - - [27/Jul/2023:09:26:19 +0800] "GET /xingrg/check_reg.html?_=1690421178206 HTTP/1.1" 200 22
180.169.147.146 - - [27/Jul/2023:09:26:19 +0800] "GET /xingrg/all/function/internal_message.html?_=1690421179570&CODE_STATE=getMsg HTTP/1.1" 200 27
101.228.187.155 - - [27/Jul/2023:09:26:19 +0800] "GET /xingrg/all/function/internal_message.html?_=1690421178209&CODE_STATE=getMsg HTTP/1.1" 200 27
222.70.180.90 - - [27/Jul/2023:09:26:24 +0800] "POST /xingrg/kc/buy/cgsh_order_operate.html HTTP/1.1" 200 37
116.238.191.126 - - [27/Jul/2023:09:26:26 +0800] "GET /xingrg/kc/buy/cgsh_order_operate.html?command=get_materiel&rest_code=00150&code=00101008318&supplier_code=00100008&order_time=2023-07-27 HTTP/1.1" 200 408
116.232.195.127 - - [27/Jul/2023:09:26:27 +0800] "GET /xingrg/kc/buy/cgsh_order_operate.html?command=get_materiel&rest_code=00155&code=00101010248&supplier_code=00100012&order_time=2023-07-27 HTTP/1.1" 200 449
116.238.191.126 - - [27/Jul/2023:09:26:28 +0800] "POST /xingrg/kc/buy/cgsh_order_operate.html HTTP/1.1" 200 2065
180.169.147.146 - - [27/Jul/2023:09:26:32 +0800] "POST /xingrg/all/report/report_print.html HTTP/1.1" 200 7680
222.69.131.132 - - [27/Jul/2023:09:26:32 +0800] "GET /xingrg/all/function/internal_message.html?_=1690421189550&CODE_STATE=getMsg HTTP/1.1" 200 27
222.70.180.90 - - [27/Jul/2023:09:26:32 +0800] "GET /xingrg/all/function/internal_message.html?_=1690421377976&CODE_STATE=getMsg HTTP/1.1" 200 27
116.232.195.127 - - [27/Jul/2023:09:26:34 +0800] "GET /xingrg/all/function/internal_message.html?_=1690421148343&CODE_STATE=getMsg HTTP/1.1" 200 27
116.232.195.127 - - [27/Jul/2023:09:26:34 +0800] "GET /xingrg/all/function/internal_message.html?_=1690421148874&CODE_STATE=getMsg HTTP/1.1" 200 27
218.81.66.43 - - [27/Jul/2023:09:26:36 +0800] "GET /xingrg/all/function/internal_message.html?_=1690421204205&CODE_STATE=getMsg HTTP/1.1" 200 27
218.81.66.43 - - [27/Jul/2023:09:26:36 +0800] "GET /xingrg/check_reg.html?_=1690421204206 HTTP/1.1" 200 22
222.70.245.33 - - [27/Jul/2023:09:26:38 +0800] "POST /xingrg/kc/buy/cgsh_order_operate.html HTTP/1.1" 200 37
222.70.180.90 - - [27/Jul/2023:09:26:38 +0800] "POST /xingrg/kc/buy/cgsh_order_operate.html HTTP/1.1" 200 26962
116.232.195.127 - - [27/Jul/2023:09:26:40 +0800] "GET /xingrg/kc/buy/cgsh_order_operate.html?command=get_materiel&rest_code=00155&code=00101012032&supplier_code=00100012&order_time=2023-07-27 HTTP/1.1" 200 435
116.238.191.126 - - [27/Jul/2023:09:26:40 +0800] "GET /xingrg/kc/buy/cgsh_order_operate.html?command=get_materiel&rest_code=00150&code=00101008371&supplier_code=00100008&order_time=2023-07-27 HTTP/1.1" 200 412
222.70.180.90 - - [27/Jul/2023:09:26:41 +0800] "GET /xingrg/kc/print/load_config.html?kc_code=cgsh HTTP/1.1" 200 1924
222.70.114.12 - - [27/Jul/2023:09:26:42 +0800] "GET /xingrg/all/function/internal_message.html?_=1690421209337&CODE_STATE=getMsg HTTP/1.1" 200 27
124.78.155.92 - - [27/Jul/2023:09:26:42 +0800] "GET /xingrg/all/function/internal_message.html?_=1690421219808&CODE_STATE=getMsg HTTP/1.1" 200 27
222.70.180.90 - - [27/Jul/2023:09:26:42 +0800] "GET /xingrg/kc/print/load_data.html?order_code=212023072710565&kc_code=cgsh&condition= HTTP/1.1" 200 9924
124.78.155.92 - - [27/Jul/2023:09:26:42 +0800] "GET /xingrg/check_reg.html?_=1690421203580 HTTP/1.1" 200 22
101.83.145.37 - - [27/Jul/2023:09:26:45 +0800] "GET /xingrg/all/function/internal_message.html?_=1690421014612&CODE_STATE=getMsg HTTP/1.1" 200 27
114.83.217.201 - - [27/Jul/2023:09:26:49 +0800] "GET /xingrg/all/function/internal_message.html?_=1690421336334&CODE_STATE=getMsg HTTP/1.1" 200 27
101.83.145.37 - - [27/Jul/2023:09:26:50 +0800] "GET /xingrg/kc/buy/cgsh_order_operate.html?command=get_materiel&rest_code=00105&code=00101008210&supplier_code=00100203&order_time=2023-07-27 HTTP/1.1" 200 408
222.70.180.90 - - [27/Jul/2023:09:26:52 +0800] "GET /xingrg/all/function/internal_message.html?_=1690421211048&CODE_STATE=getMsg HTTP/1.1" 200 27
116.238.191.126 - - [27/Jul/2023:09:26:53 +0800] "GET /xingrg/kc/buy/cgsh_order_operate.html?command=get_materiel&rest_code=00150&code=00101008353&supplier_code=00100008&order_time=2023-07-27 HTTP/1.1" 200 408
124.78.70.128 - - [27/Jul/2023:09:26:54 +0800] "GET /xingrg/check_reg.html?_=1690420682003 HTTP/1.1" 302 -
124.78.70.128 - - [27/Jul/2023:09:26:54 +0800] "GET /xingrg/login.html HTTP/1.1" 200 7641
116.238.191.126 - - [27/Jul/2023:09:26:54 +0800] "GET /xingrg/all/function/internal_message.html?_=1690421213825&CODE_STATE=getMsg HTTP/1.1" 200 27
124.79.243.110 - - [27/Jul/2023:09:26:56 +0800] "GET /xingrg/all/function/internal_message.html?_=1690421502909&CODE_STATE=getMsg HTTP/1.1" 200 27
116.232.195.127 - - [27/Jul/2023:09:26:56 +0800] "GET /xingrg/kc/buy/cgsh_order_operate.html?command=get_materiel&rest_code=00155&code=00101006065&supplier_code=00100012&order_time=2023-07-27 HTTP/1.1" 200 409
116.238.191.126 - - [27/Jul/2023:09:26:58 +0800] "GET /xingrg/all/function/internal_message.html?_=1690421103900&CODE_STATE=getMsg HTTP/1.1" 200 27
116.238.191.126 - - [27/Jul/2023:09:27:04 +0800] "GET /xingrg/kc/buy/cgsh_order_operate.html?command=get_materiel&rest_code=00150&code=00101008213&supplier_code=00100008&order_time=2023-07-27 HTTP/1.1" 200 412
180.163.30.100 - - [27/Jul/2023:09:27:04 +0800] "GET /xingrg/all/function/internal_message.html?_=1690421165090&CODE_STATE=getMsg HTTP/1.1" 302 -
180.163.30.100 - - [27/Jul/2023:09:27:04 +0800] "GET /xingrg/login.html HTTP/1.1" 200 7641
124.78.155.92 - - [27/Jul/2023:09:27:04 +0800] "GET /xingrg/all/function/internal_message.html?_=1690421225067&CODE_STATE=getMsg HTTP/1.1" 200 27
114.85.113.108 - - [27/Jul/2023:09:27:05 +0800] "GET /xingrg/check_reg.html?_=1690421223890 HTTP/1.1" 200 22
114.85.113.108 - - [27/Jul/2023:09:27:05 +0800] "GET /xingrg/all/function/internal_message.html?_=1690421223894&CODE_STATE=getMsg HTTP/1.1" 200 27
120.253.135.82 - - [27/Jul/2023:09:27:07 +0800] "GET /xingrg/all/function/internal_message.html?_=1690421049335&CODE_STATE=getMsg HTTP/1.1" 200 27
222.70.245.33 - - [27/Jul/2023:09:27:08 +0800] "POST /xingrg/kc/buy/cgsh_order_operate.html HTTP/1.1" 200 4431
222.70.245.33 - - [27/Jul/2023:09:27:11 +0800] "GET /xingrg/kc/print/load_data.html?order_code=212023072710572&kc_code=cgsh&condition= HTTP/1.1" 200 1426
101.83.145.37 - - [27/Jul/2023:09:27:11 +0800] "GET /xingrg/kc/buy/cgsh_order_operate.html?command=get_materiel&rest_code=00105&code=00101008155&supplier_code=00100203&order_time=2023-07-27 HTTP/1.1" 200 408
116.232.195.127 - - [27/Jul/2023:09:27:13 +0800] "GET /xingrg/kc/buy/cgsh_order_operate.html?command=get_materiel&rest_code=00155&code=00101006057&supplier_code=00100012&order_time=2023-07-27 HTTP/1.1" 200 415
116.238.191.126 - - [27/Jul/2023:09:27:15 +0800] "GET /xingrg/kc/buy/cgsh_order_operate.html?command=get_materiel&rest_code=00150&code=00101008312&supplier_code=00100008&order_time=2023-07-27 HTTP/1.1" 200 412
222.70.245.33 - - [27/Jul/2023:09:27:16 +0800] "GET /xingrg/all/function/internal_message.html?_=1690421249656&CODE_STATE=getMsg HTTP/1.1" 200 27
180.163.28.114 - - [27/Jul/2023:09:27:19 +0800] "GET /xingrg/all/function/internal_message.html?_=1690421179570&CODE_STATE=getMsg HTTP/1.1" 302 -
180.163.28.114 - - [27/Jul/2023:09:27:19 +0800] "GET /xingrg/login.html HTTP/1.1" 200 7641
101.228.187.155 - - [27/Jul/2023:09:27:19 +0800] "GET /xingrg/all/function/internal_message.html?_=1690421238205&CODE_STATE=getMsg HTTP/1.1" 200 27
180.169.147.146 - - [27/Jul/2023:09:27:19 +0800] "GET /xingrg/all/function/internal_message.html?_=1690421239581&CODE_STATE=getMsg HTTP/1.1" 200 27
180.169.147.146 - - [27/Jul/2023:09:27:22 +0800] "POST /xingrg/dwr/call/plaincall/AjaxReportQueryService.refreshCache.dwr HTTP/1.1" 200 78
180.169.147.146 - - [27/Jul/2023:09:27:26 +0800] "POST /xingrg/all/report/load_report_page.html HTTP/1.1" 200 51276
180.169.147.146 - - [27/Jul/2023:09:27:26 +0800] "GET /xingrg/servlets/image?cache=0.1249760201201704&image=px HTTP/1.1" 200 807
116.238.191.126 - - [27/Jul/2023:09:27:30 +0800] "GET /xingrg/kc/buy/cgsh_order_operate.html?command=get_materiel&rest_code=00150&code=00101008061&supplier_code=00100008&order_time=2023-07-27 HTTP/1.1" 200 422
222.69.131.132 - - [27/Jul/2023:09:27:32 +0800] "GET /xingrg/all/function/internal_message.html?_=1690421249517&CODE_STATE=getMsg HTTP/1.1" 200 27
222.70.180.90 - - [27/Jul/2023:09:27:32 +0800] "GET /xingrg/all/function/internal_message.html?_=1690421437958&CODE_STATE=getMsg HTTP/1.1" 200 27
116.238.191.126 - - [27/Jul/2023:09:27:32 +0800] "POST /xingrg/kc/buy/cgsh_order_operate.html HTTP/1.1" 200 2065
116.232.195.127 - - [27/Jul/2023:09:27:33 +0800] "GET /xingrg/kc/buy/cgsh_order_operate.html?command=get_materiel&rest_code=00155&code=00101006130&supplier_code=00100012&order_time=2023-07-27 HTTP/1.1" 200 429
116.232.195.127 - - [27/Jul/2023:09:27:34 +0800] "GET /xingrg/all/function/internal_message.html?_=1690421208341&CODE_STATE=getMsg HTTP/1.1" 200 27
116.232.195.127 - - [27/Jul/2023:09:27:34 +0800] "GET /xingrg/all/function/internal_message.html?_=1690421208845&CODE_STATE=getMsg HTTP/1.1" 200 27
218.81.66.43 - - [27/Jul/2023:09:27:36 +0800] "GET /xingrg/all/function/internal_message.html?_=1690421264204&CODE_STATE=getMsg HTTP/1.1" 200 27
180.163.28.114 - - [27/Jul/2023:09:27:42 +0800] "GET /xingrg/check_reg.html?_=1690421203580 HTTP/1.1" 302 -
180.163.28.114 - - [27/Jul/2023:09:27:42 +0800] "GET /xingrg/login.html HTTP/1.1" 200 7641
222.70.114.12 - - [27/Jul/2023:09:27:42 +0800] "GET /xingrg/all/function/internal_message.html?_=1690421269338&CODE_STATE=getMsg HTTP/1.1" 200 27
124.78.155.92 - - [27/Jul/2023:09:27:42 +0800] "GET /xingrg/all/function/internal_message.html?_=1690421279786&CODE_STATE=getMsg HTTP/1.1" 200 27
116.238.191.126 - - [27/Jul/2023:09:27:42 +0800] "GET /xingrg/kc/buy/cgsh_order_operate.html?command=get_materiel&rest_code=00150&code=00101008095&supplier_code=00100008&order_time=2023-07-27 HTTP/1.1" 200 412
222.70.245.33 - - [27/Jul/2023:09:27:43 +0800] "GET /xingrg/kc/buy/cgsh_order_add.html HTTP/1.1" 200 71724
222.70.245.33 - - [27/Jul/2023:09:27:44 +0800] "POST /xingrg/kc/buy/cgsh_order_operate.html HTTP/1.1" 200 8245
222.70.245.33 - - [27/Jul/2023:09:27:44 +0800] "GET /xingrg/javascript/easyui/themes/default/validatebox.css HTTP/1.1" 404 1104
101.83.145.37 - - [27/Jul/2023:09:27:45 +0800] "GET /xingrg/all/function/internal_message.html?_=1690421074617&CODE_STATE=getMsg HTTP/1.1" 200 27
114.83.217.201 - - [27/Jul/2023:09:27:49 +0800] "GET /xingrg/all/function/internal_message.html?_=1690421396320&CODE_STATE=getMsg HTTP/1.1" 200 27
222.70.180.90 - - [27/Jul/2023:09:27:52 +0800] "GET /xingrg/check_reg.html?_=1690421271047 HTTP/1.1" 200 22
222.70.180.90 - - [27/Jul/2023:09:27:52 +0800] "GET /xingrg/all/function/internal_message.html?_=1690421271049&CODE_STATE=getMsg HTTP/1.1" 200 27
114.83.217.201 - - [27/Jul/2023:09:27:53 +0800] "GET /xingrg/kc/buy/cgsh_order_add.html HTTP/1.1" 200 70928
114.83.217.201 - - [27/Jul/2023:09:27:53 +0800] "POST /xingrg/kc/buy/cgsh_order_operate.html HTTP/1.1" 200 8245
114.83.217.201 - - [27/Jul/2023:09:27:53 +0800] "GET /xingrg/javascript/easyui/themes/default/validatebox.css HTTP/1.1" 404 1104
116.238.191.126 - - [27/Jul/2023:09:27:54 +0800] "GET /xingrg/all/function/internal_message.html?_=1690421273820&CODE_STATE=getMsg HTTP/1.1" 200 27
124.79.243.110 - - [27/Jul/2023:09:27:55 +0800] "GET /xingrg/all/function/internal_message.html?_=1690421562882&CODE_STATE=getMsg HTTP/1.1" 200 27
116.232.195.127 - - [27/Jul/2023:09:27:58 +0800] "POST /xingrg/kc/buy/cgsh_order_operate.html HTTP/1.1" 200 37
116.238.191.126 - - [27/Jul/2023:09:27:58 +0800] "GET /xingrg/all/function/internal_message.html?_=1690421163914&CODE_STATE=getMsg HTTP/1.1" 200 27
180.169.147.146 - - [27/Jul/2023:09:27:59 +0800] "POST /xingrg/dwr/call/plaincall/AjaxReportQueryService.refreshCache.dwr HTTP/1.1" 200 78
116.238.191.126 - - [27/Jul/2023:09:28:01 +0800] "GET /xingrg/kc/buy/cgsh_order_operate.html?command=get_materiel&rest_code=00150&code=00101008110&supplier_code=00100008&order_time=2023-07-27 HTTP/1.1" 200 408
116.232.195.127 - - [27/Jul/2023:09:28:02 +0800] "POST /xingrg/kc/buy/cgsh_order_operate.html HTTP/1.1" 200 6250
180.169.147.146 - - [27/Jul/2023:09:28:02 +0800] "POST /xingrg/all/report/load_report_page.html HTTP/1.1" 200 51278
180.169.147.146 - - [27/Jul/2023:09:28:02 +0800] "GET /xingrg/servlets/image?cache=0.7002068525122805&image=px HTTP/1.1" 200 807
124.78.155.92 - - [27/Jul/2023:09:28:04 +0800] "GET /xingrg/all/function/internal_message.html?_=1690421285053&CODE_STATE=getMsg HTTP/1.1" 200 27
222.70.245.33 - - [27/Jul/2023:09:28:04 +0800] "GET /xingrg/check_reg.html?_=1690421298165 HTTP/1.1" 200 22
114.85.113.108 - - [27/Jul/2023:09:28:05 +0800] "GET /xingrg/all/function/internal_message.html?_=1690421283886&CODE_STATE=getMsg HTTP/1.1" 200 27
120.253.135.82 - - [27/Jul/2023:09:28:07 +0800] "GET /xingrg/all/function/internal_message.html?_=1690421109347&CODE_STATE=getMsg HTTP/1.1" 200 27
124.78.155.92 - - [27/Jul/2023:09:28:08 +0800] "GET /xingrg/check_reg.html?_=1690421305317 HTTP/1.1" 200 22
114.83.217.201 - - [27/Jul/2023:09:28:08 +0800] "GET /xingrg/kc/buy/cgsh_order_operate.html?command=get_materiel&rest_code=00154&code=00101006201&supplier_code=00100176&order_time=2023-07-27 HTTP/1.1" 200 405
116.232.195.127 - - [27/Jul/2023:09:28:12 +0800] "GET /xingrg/kc/buy/cgsh_order_operate.html?command=get_materiel&rest_code=00155&code=00101011005&supplier_code=00100012&order_time=2023-07-27 HTTP/1.1" 200 427
222.70.245.33 - - [27/Jul/2023:09:28:16 +0800] "GET /xingrg/all/function/internal_message.html?_=1690421309659&CODE_STATE=getMsg HTTP/1.1" 200 27
180.163.30.27 - - [27/Jul/2023:09:28:19 +0800] "GET /xingrg/all/function/internal_message.html?_=1690421239581&CODE_STATE=getMsg HTTP/1.1" 302 -
180.163.30.27 - - [27/Jul/2023:09:28:19 +0800] "GET /xingrg/login.html HTTP/1.1" 200 7641
101.228.187.155 - - [27/Jul/2023:09:28:19 +0800] "GET /xingrg/all/function/internal_message.html?_=1690421298203&CODE_STATE=getMsg HTTP/1.1" 200 27
180.169.147.146 - - [27/Jul/2023:09:28:19 +0800] "GET /xingrg/all/function/internal_message.html?_=1690421299585&CODE_STATE=getMsg HTTP/1.1" 200 27
116.238.191.126 - - [27/Jul/2023:09:28:19 +0800] "GET /xingrg/kc/buy/cgsh_order_operate.html?command=get_materiel&rest_code=00150&code=00101008229&supplier_code=00100008&order_time=2023-07-27 HTTP/1.1" 200 420
180.163.28.55 - - [27/Jul/2023:09:28:26 +0800] "GET /xingrg/servlets/image?cache=0.1249760201201704&image=px HTTP/1.1" 200 807
116.238.191.126 - - [27/Jul/2023:09:28:26 +0800] "POST /xingrg/kc/buy/cgsh_order_operate.html HTTP/1.1" 200 2065
114.83.217.201 - - [27/Jul/2023:09:28:28 +0800] "POST /xingrg/kc/buy/cgsh_order_operate.html HTTP/1.1" 200 37
222.69.131.132 - - [27/Jul/2023:09:28:32 +0800] "GET /xingrg/all/function/internal_message.html?_=1690421309640&CODE_STATE=getMsg HTTP/1.1" 200 27
222.70.180.90 - - [27/Jul/2023:09:28:32 +0800] "GET /xingrg/all/function/internal_message.html?_=1690421497940&CODE_STATE=getMsg HTTP/1.1" 200 27
116.232.195.127 - - [27/Jul/2023:09:28:34 +0800] "GET /xingrg/all/function/internal_message.html?_=1690421268330&CODE_STATE=getMsg HTTP/1.1" 200 27
116.232.195.127 - - [27/Jul/2023:09:28:34 +0800] "GET /xingrg/all/function/internal_message.html?_=1690421268825&CODE_STATE=getMsg HTTP/1.1" 200 27
218.81.66.43 - - [27/Jul/2023:09:28:36 +0800] "GET /xingrg/all/function/internal_message.html?_=1690421324244&CODE_STATE=getMsg HTTP/1.1" 200 27
222.70.114.12 - - [27/Jul/2023:09:28:42 +0800] "GET /xingrg/all/function/internal_message.html?_=1690421329331&CODE_STATE=getMsg HTTP/1.1" 200 27
124.78.155.92 - - [27/Jul/2023:09:28:42 +0800] "GET /xingrg/all/function/internal_message.html?_=1690421339763&CODE_STATE=getMsg HTTP/1.1" 200 27
116.232.195.127 - - [27/Jul/2023:09:28:44 +0800] "POST /xingrg/kc/buy/cgsh_order_operate.html HTTP/1.1" 200 64
101.83.145.37 - - [27/Jul/2023:09:28:44 +0800] "POST /xingrg/kc/buy/cgsh_order_operate.html HTTP/1.1" 200 37
114.83.217.201 - - [27/Jul/2023:09:28:46 +0800] "POST /xingrg/kc/buy/cgsh_order_operate.html HTTP/1.1" 200 116
101.83.145.37 - - [27/Jul/2023:09:28:46 +0800] "GET /xingrg/all/function/internal_message.html?_=1690421135684&CODE_STATE=getMsg HTTP/1.1" 200 27
116.238.191.126 - - [27/Jul/2023:09:28:49 +0800] "GET /xingrg/kc/buy/cgsh_order_operate.html?command=get_materiel&rest_code=00150&code=00101008283&supplier_code=00100008&order_time=2023-07-27 HTTP/1.1" 200 23
101.83.145.37 - - [27/Jul/2023:09:28:49 +0800] "POST /xingrg/kc/buy/cgsh_order_operate.html HTTP/1.1" 200 23328
222.70.180.90 - - [27/Jul/2023:09:28:52 +0800] "GET /xingrg/all/function/internal_message.html?_=1690421331049&CODE_STATE=getMsg HTTP/1.1" 200 27
116.238.191.126 - - [27/Jul/2023:09:28:54 +0800] "GET /xingrg/all/function/internal_message.html?_=1690421333841&CODE_STATE=getMsg HTTP/1.1" 200 27
116.232.195.127 - - [27/Jul/2023:09:28:55 +0800] "POST /xingrg/kc/buy/cgsh_order_operate.html HTTP/1.1" 200 37
124.79.243.110 - - [27/Jul/2023:09:28:55 +0800] "GET /xingrg/check_reg.html?_=1690421622845 HTTP/1.1" 200 22
124.79.243.110 - - [27/Jul/2023:09:28:55 +0800] "GET /xingrg/all/function/internal_message.html?_=1690421622895&CODE_STATE=getMsg HTTP/1.1" 200 27
116.238.191.126 - - [27/Jul/2023:09:28:58 +0800] "GET /xingrg/all/function/internal_message.html?_=1690421223945&CODE_STATE=getMsg HTTP/1.1" 200 27
180.163.29.79 - - [27/Jul/2023:09:29:04 +0800] "GET /xingrg/all/function/internal_message.html?_=1690421285053&CODE_STATE=getMsg HTTP/1.1" 302 -
180.163.29.79 - - [27/Jul/2023:09:29:04 +0800] "GET /xingrg/login.html HTTP/1.1" 200 7641
124.78.155.92 - - [27/Jul/2023:09:29:04 +0800] "GET /xingrg/all/function/internal_message.html?_=1690421345070&CODE_STATE=getMsg HTTP/1.1" 200 27
114.85.113.108 - - [27/Jul/2023:09:29:05 +0800] "GET /xingrg/all/function/internal_message.html?_=1690421343886&CODE_STATE=getMsg HTTP/1.1" 200 27
120.253.135.82 - - [27/Jul/2023:09:29:07 +0800] "GET /xingrg/all/function/internal_message.html?_=1690421169641&CODE_STATE=getMsg HTTP/1.1" 200 27
116.238.191.126 - - [27/Jul/2023:09:29:11 +0800] "POST /xingrg/kc/buy/cgsh_order_operate.html HTTP/1.1" 200 37
116.232.195.127 - - [27/Jul/2023:09:29:11 +0800] "POST /xingrg/kc/buy/cgsh_order_operate.html HTTP/1.1" 200 6842
116.238.191.126 - - [27/Jul/2023:09:29:13 +0800] "POST /xingrg/kc/buy/cgsh_order_operate.html HTTP/1.1" 200 34600
222.70.245.33 - - [27/Jul/2023:09:29:16 +0800] "GET /xingrg/all/function/internal_message.html?_=1690421369672&CODE_STATE=getMsg HTTP/1.1" 200 27
180.152.241.196 - - [27/Jul/2023:09:29:16 +0800] "GET /xingrg/check_reg.html?_=1690421357999 HTTP/1.1" 302 -
114.83.217.201 - - [27/Jul/2023:09:29:19 +0800] "POST /xingrg/kc/buy/cgsh_order_operate.html HTTP/1.1" 200 37
101.228.187.155 - - [27/Jul/2023:09:29:19 +0800] "GET /xingrg/all/function/internal_message.html?_=1690421358202&CODE_STATE=getMsg HTTP/1.1" 200 27
180.169.147.146 - - [27/Jul/2023:09:29:19 +0800] "GET /xingrg/check_reg.html?_=1690421359581 HTTP/1.1" 200 22
180.169.147.146 - - [27/Jul/2023:09:29:19 +0800] "GET /xingrg/all/function/internal_message.html?_=1690421359584&CODE_STATE=getMsg HTTP/1.1" 200 27
116.238.191.126 - - [27/Jul/2023:09:29:20 +0800] "GET /xingrg/login.html HTTP/1.1" 200 7641
116.238.191.126 - - [27/Jul/2023:09:29:20 +0800] "GET /favicon.ico HTTP/1.1" 404 -
116.238.191.126 - - [27/Jul/2023:09:29:24 +0800] "POST /xingrg/login.do HTTP/1.1" 302 -
116.238.191.126 - - [27/Jul/2023:09:29:24 +0800] "GET /xingrg/index.html?sysBaseUrl=http%3A%2F%2F180.169.147.146%3A18081%2Fxingrg%2F&costTime=2014×tamp=1690421364077 HTTP/1.1" 200 17177
116.238.191.126 - - [27/Jul/2023:09:29:24 +0800] "GET /xingrg/all/function/internal_message.html?_=1690421364030&CODE_STATE=count HTTP/1.1" 200 11
116.238.191.126 - - [27/Jul/2023:09:29:24 +0800] "GET /xingrg/check_reg.html?_=1690421364031 HTTP/1.1" 200 22
116.238.191.126 - - [27/Jul/2023:09:29:24 +0800] "GET /favicon.ico HTTP/1.1" 404 -
116.238.191.126 - - [27/Jul/2023:09:29:25 +0800] "POST /xingrg/load_menu.html HTTP/1.1" 200 5138
116.238.191.126 - - [27/Jul/2023:09:29:25 +0800] "POST /xingrg/all/common/load_tree.html?tree=area_rest_tree_json&manage=1 HTTP/1.1" 200 476
116.238.191.126 - - [27/Jul/2023:09:29:27 +0800] "POST /xingrg/all/user/operate.html HTTP/1.1" 200 36
116.238.191.126 - - [27/Jul/2023:09:29:28 +0800] "GET /xingrg/index.html?sysBaseUrl=http%3A%2F%2F180.169.147.146%3A18081%2Fxingrg%2F&costTime=2014×tamp=1690421364077 HTTP/1.1" 200 17179
116.238.191.126 - - [27/Jul/2023:09:29:28 +0800] "GET /xingrg/javascript/jquery_easy_ui/themes/default/easyui.css HTTP/1.1" 304 -
116.238.191.126 - - [27/Jul/2023:09:29:28 +0800] "GET /xingrg/javascript/jquery_easy_ui/themes/icon.css HTTP/1.1" 304 -
116.238.191.126 - - [27/Jul/2023:09:29:28 +0800] "GET /xingrg/css/form.css HTTP/1.1" 304 -
116.238.191.126 - - [27/Jul/2023:09:29:28 +0800] "GET /xingrg/javascript/jquery-1.4.2.min.js HTTP/1.1" 304 -
116.238.191.126 - - [27/Jul/2023:09:29:28 +0800] "GET /xingrg/javascript/jquery_easy_ui/jquery.easyui.min.js HTTP/1.1" 304 -
116.238.191.126 - - [27/Jul/2023:09:29:28 +0800] "GET /xingrg/javascript/jquery_easy_ui/easyui-lang-zh_CN.js HTTP/1.1" 304 -
116.238.191.126 - - [27/Jul/2023:09:29:28 +0800] "GET /xingrg/javascript/jquery.form.js HTTP/1.1" 304 -
116.238.191.126 - - [27/Jul/2023:09:29:28 +0800] "GET /xingrg/javascript/jquery.utils.js HTTP/1.1" 304 -
116.238.191.126 - - [27/Jul/2023:09:29:28 +0800] "GET /xingrg/javascript/jquery.timers.js HTTP/1.1" 304 -
116.238.191.126 - - [27/Jul/2023:09:29:28 +0800] "GET /xingrg/images/blue/jxLogo.png HTTP/1.1" 304 -
116.238.191.126 - - [27/Jul/2023:09:29:28 +0800] "GET /xingrg/images/blue/navBackgound.jpg HTTP/1.1" 304 -
116.238.191.126 - - [27/Jul/2023:09:29:28 +0800] "GET /xingrg/javascript/jquery_easy_ui/themes/icons/settle_new.png HTTP/1.1" 304 -
116.238.191.126 - - [27/Jul/2023:09:29:28 +0800] "GET /xingrg/all/function/internal_message.html?_=1690421367877&CODE_STATE=count HTTP/1.1" 200 11
116.238.191.126 - - [27/Jul/2023:09:29:28 +0800] "GET /xingrg/check_reg.html?_=1690421367879 HTTP/1.1" 200 22
116.238.191.126 - - [27/Jul/2023:09:29:28 +0800] "GET /xingrg/javascript/jquery_easy_ui/themes/default/images/tabs_leftarrow.png HTTP/1.1" 304 -
116.238.191.126 - - [27/Jul/2023:09:29:28 +0800] "GET /xingrg/images/blue/pingpu.png HTTP/1.1" 304 -
116.238.191.126 - - [27/Jul/2023:09:29:28 +0800] "GET /xingrg/javascript/jquery_easy_ui/themes/default/images/tabs_rightarrow.png HTTP/1.1" 304 -
116.238.191.126 - - [27/Jul/2023:09:29:28 +0800] "GET /xingrg/javascript/jquery_easy_ui/themes/default/images/panel_tool_collapse.gif HTTP/1.1" 304 -
116.238.191.126 - - [27/Jul/2023:09:29:28 +0800] "POST /xingrg/all/common/load_tree.html?tree=area_rest_tree_json&manage=1 HTTP/1.1" 200 476
116.238.191.126 - - [27/Jul/2023:09:29:28 +0800] "POST /xingrg/load_menu.html HTTP/1.1" 200 5138
114.83.217.201 - - [27/Jul/2023:09:29:30 +0800] "POST /xingrg/kc/buy/cgsh_order_operate.html HTTP/1.1" 200 12
116.238.191.126 - - [27/Jul/2023:09:29:32 +0800] "GET /xingrg/kc/buy/cgsh_order_list.html HTTP/1.1" 200 55948
222.69.131.132 - - [27/Jul/2023:09:29:32 +0800] "GET /xingrg/all/function/internal_message.html?_=1690421369620&CODE_STATE=getMsg HTTP/1.1" 200 27
222.70.180.90 - - [27/Jul/2023:09:29:32 +0800] "GET /xingrg/all/function/internal_message.html?_=1690421557926&CODE_STATE=getMsg HTTP/1.1" 200 27
180.169.147.146 - - [27/Jul/2023:09:29:32 +0800] "POST /xingrg/dwr/call/plaincall/AjaxReportQueryService.refreshCache.dwr HTTP/1.1" 200 78
116.232.195.127 - - [27/Jul/2023:09:29:32 +0800] "GET /xingrg/check_reg.html?_=1690421326715 HTTP/1.1" 200 22
116.232.195.127 - - [27/Jul/2023:09:29:34 +0800] "GET /xingrg/all/function/internal_message.html?_=1690421328341&CODE_STATE=getMsg HTTP/1.1" 200 27
116.232.195.127 - - [27/Jul/2023:09:29:34 +0800] "GET /xingrg/all/function/internal_message.html?_=1690421328809&CODE_STATE=getMsg HTTP/1.1" 200 27
222.69.131.132 - - [27/Jul/2023:09:29:35 +0800] "GET /xingrg/kc/buy/cgsh_order_operate.html?command=get_materiel&rest_code=00149&code=00101008150&supplier_code=00100008&order_time=2023-07-27 HTTP/1.1" 200 409
218.81.66.43 - - [27/Jul/2023:09:29:36 +0800] "GET /xingrg/all/function/internal_message.html?_=1690421384241&CODE_STATE=getMsg HTTP/1.1" 200 27
180.169.147.146 - - [27/Jul/2023:09:29:37 +0800] "POST /xingrg/all/report/load_report_page.html HTTP/1.1" 200 51611
180.169.147.146 - - [27/Jul/2023:09:29:37 +0800] "GET /xingrg/servlets/image?cache=0.32029596484538236&image=px HTTP/1.1" 200 807
116.238.191.126 - - [27/Jul/2023:09:29:38 +0800] "POST /xingrg/kc/buy/cgsh_list_operate.html HTTP/1.1" 200 1869
114.83.217.201 - - [27/Jul/2023:09:29:38 +0800] "GET /xingrg/kc/buy/cgsh_order_info.html?code=212023072710574 HTTP/1.1" 200 65839
114.83.217.201 - - [27/Jul/2023:09:29:39 +0800] "GET /xingrg/javascript/easyui/themes/default/validatebox.css HTTP/1.1" 404 1104
114.83.217.201 - - [27/Jul/2023:09:29:39 +0800] "GET /xingrg/kc/print/load_data.html?order_code=212023072710574&kc_code=cgsh&condition= HTTP/1.1" 200 933
116.238.191.126 - - [27/Jul/2023:09:29:39 +0800] "GET /xingrg/check_reg.html?_=1690421265018 HTTP/1.1" 200 22
114.83.217.201 - - [27/Jul/2023:09:29:40 +0800] "POST /xingrg/kc/buy/cgsh_order_operate.html HTTP/1.1" 200 1185
116.238.191.126 - - [27/Jul/2023:09:29:40 +0800] "POST /xingrg/kc/buy/cgsh_list_operate.html HTTP/1.1" 200 568
222.70.114.12 - - [27/Jul/2023:09:29:42 +0800] "GET /xingrg/all/function/internal_message.html?_=1690421389329&CODE_STATE=getMsg HTTP/1.1" 200 27
222.70.114.12 - - [27/Jul/2023:09:29:42 +0800] "GET /xingrg/check_reg.html?_=1690421389331 HTTP/1.1" 200 22
124.78.155.92 - - [27/Jul/2023:09:29:42 +0800] "GET /xingrg/all/function/internal_message.html?_=1690421399749&CODE_STATE=getMsg HTTP/1.1" 200 27
116.238.191.126 - - [27/Jul/2023:09:29:43 +0800] "GET /xingrg/kc/buy/cgsh_order_info.html?code=212023072710575 HTTP/1.1" 200 71777
114.83.217.201 - - [27/Jul/2023:09:29:44 +0800] "GET /xingrg/kc/print/load_data.html?order_code=212023072710574&kc_code=cgsh&condition= HTTP/1.1" 200 933
116.238.191.126 - - [27/Jul/2023:09:29:44 +0800] "GET /xingrg/javascript/easyui/themes/default/validatebox.css HTTP/1.1" 404 1104
116.238.191.126 - - [27/Jul/2023:09:29:44 +0800] "GET /xingrg/all/common/auto_word.html?type=employee&rest_code=00150 HTTP/1.1" 200 159
116.238.191.126 - - [27/Jul/2023:09:29:44 +0800] "GET /xingrg/all/common/auto_word.html?type=employee&rest_code=00150 HTTP/1.1" 200 159
116.238.191.126 - - [27/Jul/2023:09:29:45 +0800] "POST /xingrg/kc/buy/cgsh_order_operate.html HTTP/1.1" 200 34600
101.83.145.37 - - [27/Jul/2023:09:29:45 +0800] "GET /xingrg/check_reg.html?_=1690421194619 HTTP/1.1" 200 22
101.83.145.37 - - [27/Jul/2023:09:29:46 +0800] "GET /xingrg/all/function/internal_message.html?_=1690421195667&CODE_STATE=getMsg HTTP/1.1" 200 27
114.83.217.201 - - [27/Jul/2023:09:29:49 +0800] "GET /xingrg/all/function/internal_message.html?_=1690421516326&CODE_STATE=getMsg HTTP/1.1" 200 27
180.169.147.146 - - [27/Jul/2023:09:29:49 +0800] "POST /xingrg/dwr/call/plaincall/AjaxReportQueryService.refreshCache.dwr HTTP/1.1" 200 78
222.70.245.33 - - [27/Jul/2023:09:29:49 +0800] "GET /xingrg/kc/buy/cgsh_order_operate.html?command=get_materiel&rest_code=00146&code=00101002027&supplier_code=00100199&order_time=2023-07-27 HTTP/1.1" 200 413
222.70.180.90 - - [27/Jul/2023:09:29:52 +0800] "GET /xingrg/all/function/internal_message.html?_=1690421391049&CODE_STATE=getMsg HTTP/1.1" 200 27
180.169.147.146 - - [27/Jul/2023:09:29:53 +0800] "POST /xingrg/all/report/load_report_page.html HTTP/1.1" 200 51245
180.169.147.146 - - [27/Jul/2023:09:29:53 +0800] "GET /xingrg/servlets/image?cache=0.4787494587103397&image=px HTTP/1.1" 200 807
116.238.191.126 - - [27/Jul/2023:09:29:53 +0800] "GET /xingrg/javascript/auto/indicator.gif HTTP/1.1" 404 1066
124.79.243.110 - - [27/Jul/2023:09:29:55 +0800] "GET /xingrg/all/function/internal_message.html?_=1690421682855&CODE_STATE=getMsg HTTP/1.1" 200 27
116.238.191.126 - - [27/Jul/2023:09:29:57 +0800] "GET /xingrg/kc/buy/cgsh_order_operate.html?command=get_materiel&rest_code=00150&code=00101008283&supplier_code=00100008&order_time=2023-07-27 HTTP/1.1" 200 408
116.238.191.126 - - [27/Jul/2023:09:29:58 +0800] "GET /xingrg/all/function/internal_message.html?_=1690421283958&CODE_STATE=getMsg HTTP/1.1" 200 27
116.232.195.127 - - [27/Jul/2023:09:30:03 +0800] "GET /xingrg/kc/print/load_data.html?order_code=212023072710573&kc_code=cgsh&condition= HTTP/1.1" 200 2383
180.163.28.114 - - [27/Jul/2023:09:30:04 +0800] "GET /xingrg/all/function/internal_message.html?_=1690421345070&CODE_STATE=getMsg HTTP/1.1" 302 -
180.163.28.114 - - [27/Jul/2023:09:30:04 +0800] "GET /xingrg/login.html HTTP/1.1" 200 7641
124.78.155.92 - - [27/Jul/2023:09:30:04 +0800] "GET /xingrg/all/function/internal_message.html?_=1690421405023&CODE_STATE=getMsg HTTP/1.1" 200 27
114.85.113.108 - - [27/Jul/2023:09:30:05 +0800] "GET /xingrg/all/function/internal_message.html?_=1690421403886&CODE_STATE=getMsg HTTP/1.1" 200 27
120.253.135.82 - - [27/Jul/2023:09:30:07 +0800] "GET /xingrg/all/function/internal_message.html?_=1690421229656&CODE_STATE=getMsg HTTP/1.1" 200 27
222.69.131.132 - - [27/Jul/2023:09:30:14 +0800] "POST /xingrg/kc/buy/cgsh_order_operate.html HTTP/1.1" 200 37
222.70.245.33 - - [27/Jul/2023:09:30:16 +0800] "GET /xingrg/all/function/internal_message.html?_=1690421429686&CODE_STATE=getMsg HTTP/1.1" 200 27
116.238.191.126 - - [27/Jul/2023:09:30:16 +0800] "GET /xingrg/kc/buy/cgsh_order_operate.html?command=get_materiel&rest_code=00150&code=00101008141&supplier_code=00100008&order_time=2023-07-27 HTTP/1.1" 200 412
101.228.187.155 - - [27/Jul/2023:09:30:19 +0800] "GET /xingrg/all/function/internal_message.html?_=1690421418203&CODE_STATE=getMsg HTTP/1.1" 200 27
180.169.147.146 - - [27/Jul/2023:09:30:19 +0800] "GET /xingrg/all/function/internal_message.html?_=1690421419580&CODE_STATE=getMsg HTTP/1.1" 200 27
116.238.191.126 - - [27/Jul/2023:09:30:28 +0800] "GET /xingrg/all/function/internal_message.html?_=1690421427885&CODE_STATE=getMsg HTTP/1.1" 200 27
222.70.245.33 - - [27/Jul/2023:09:30:28 +0800] "GET /xingrg/kc/buy/cgsh_order_operate.html?command=get_materiel&rest_code=00146&code=00101002007&supplier_code=00100199&order_time=2023-07-27 HTTP/1.1" 200 409
222.69.131.132 - - [27/Jul/2023:09:30:32 +0800] "GET /xingrg/check_reg.html?_=1690421429537 HTTP/1.1" 200 22
222.69.131.132 - - [27/Jul/2023:09:30:32 +0800] "GET /xingrg/all/function/internal_message.html?_=1690421429601&CODE_STATE=getMsg HTTP/1.1" 200 27
222.70.180.90 - - [27/Jul/2023:09:30:32 +0800] "GET /xingrg/all/function/internal_message.html?_=1690421617910&CODE_STATE=getMsg HTTP/1.1" 200 27
222.69.131.132 - - [27/Jul/2023:09:30:33 +0800] "POST /xingrg/kc/buy/cgsh_order_operate.html HTTP/1.1" 200 12
116.232.195.127 - - [27/Jul/2023:09:30:34 +0800] "GET /xingrg/all/function/internal_message.html?_=1690421388331&CODE_STATE=getMsg HTTP/1.1" 200 27
