180.152.241.196 - - [27/Jul/2023:10:00:59 +0800] "POST /xingrg/kc/buy/cgsh_order_operate.html HTTP/1.1" 200 12
124.78.70.128 - - [27/Jul/2023:10:00:59 +0800] "GET /xingrg/all/function/internal_message.html?_=1690422727667&CODE_STATE=getMsg HTTP/1.1" 200 27
116.238.191.126 - - [27/Jul/2023:10:01:01 +0800] "GET /xingrg/kc/buy/cgsh_order_operate.html?command=get_materiel&rest_code=00151&code=00101008095&supplier_code=00100008&order_time=2023-07-27 HTTP/1.1" 200 412
222.70.180.90 - - [27/Jul/2023:10:01:01 +0800] "GET /xingrg/check_reg.html?_=1690423447088 HTTP/1.1" 200 22
222.69.131.132 - - [27/Jul/2023:10:01:02 +0800] "GET /xingrg/all/function/internal_message.html?_=1690423259968&CODE_STATE=getMsg HTTP/1.1" 200 27
180.152.241.196 - - [27/Jul/2023:10:01:03 +0800] "GET /xingrg/kc/buy/cgsh_order_info.html?code=212023072710602 HTTP/1.1" 200 66664
180.152.241.196 - - [27/Jul/2023:10:01:03 +0800] "GET /xingrg/javascript/easyui/themes/default/validatebox.css HTTP/1.1" 404 1104
124.78.155.92 - - [27/Jul/2023:10:01:04 +0800] "GET /xingrg/all/function/internal_message.html?_=1690423265285&CODE_STATE=getMsg HTTP/1.1" 200 27
180.152.241.196 - - [27/Jul/2023:10:01:04 +0800] "POST /xingrg/kc/buy/cgsh_order_operate.html HTTP/1.1" 200 4163
114.85.113.108 - - [27/Jul/2023:10:01:05 +0800] "GET /xingrg/all/function/internal_message.html?_=1690423263930&CODE_STATE=getMsg HTTP/1.1" 200 27
180.152.241.196 - - [27/Jul/2023:10:01:08 +0800] "GET /xingrg/kc/print/load_data.html?order_code=212023072710602&kc_code=cgsh&condition= HTTP/1.1" 200 2069
116.238.191.126 - - [27/Jul/2023:10:01:08 +0800] "GET /xingrg/kc/buy/cgsh_order_operate.html?command=get_materiel&rest_code=00151&code=00101008110&supplier_code=00100008&order_time=2023-07-27 HTTP/1.1" 200 408
120.253.135.82 - - [27/Jul/2023:10:01:10 +0800] "GET /xingrg/check_reg.html?_=1690423092400 HTTP/1.1" 200 22
120.253.135.82 - - [27/Jul/2023:10:01:11 +0800] "GET /xingrg/all/function/internal_message.html?_=1690423093118&CODE_STATE=getMsg HTTP/1.1" 200 27
180.165.154.167 - - [27/Jul/2023:10:01:11 +0800] "GET /xingrg/all/function/internal_message.html?_=1690423271945&CODE_STATE=getMsg HTTP/1.1" 200 27
101.228.187.155 - - [27/Jul/2023:10:01:19 +0800] "GET /xingrg/check_reg.html?_=1690423278237 HTTP/1.1" 200 22
101.228.187.155 - - [27/Jul/2023:10:01:19 +0800] "GET /xingrg/all/function/internal_message.html?_=1690423278240&CODE_STATE=getMsg HTTP/1.1" 200 27
116.238.191.126 - - [27/Jul/2023:10:01:20 +0800] "GET /xingrg/kc/buy/cgsh_order_operate.html?command=get_materiel&rest_code=00151&code=00101008100&supplier_code=00100008&order_time=2023-07-27 HTTP/1.1" 200 408
222.70.180.90 - - [27/Jul/2023:10:01:32 +0800] "GET /xingrg/all/function/internal_message.html?_=1690423477720&CODE_STATE=getMsg HTTP/1.1" 200 27
116.232.195.127 - - [27/Jul/2023:10:01:34 +0800] "GET /xingrg/all/function/internal_message.html?_=1690423248335&CODE_STATE=getMsg HTTP/1.1" 200 27
218.81.66.43 - - [27/Jul/2023:10:01:37 +0800] "GET /xingrg/all/function/internal_message.html?_=1690423304287&CODE_STATE=getMsg HTTP/1.1" 200 27
218.81.66.43 - - [27/Jul/2023:10:01:37 +0800] "GET /xingrg/check_reg.html?_=1690423304288 HTTP/1.1" 200 22
222.70.245.33 - - [27/Jul/2023:10:01:38 +0800] "GET /xingrg/all/function/internal_message.html?_=1690423312042&CODE_STATE=getMsg HTTP/1.1" 200 27
116.238.191.126 - - [27/Jul/2023:10:01:41 +0800] "GET /xingrg/all/function/internal_message.html?_=1690423187014&CODE_STATE=getMsg HTTP/1.1" 200 27
124.78.155.92 - - [27/Jul/2023:10:01:42 +0800] "GET /xingrg/all/function/internal_message.html?_=1690423319283&CODE_STATE=getMsg HTTP/1.1" 200 27
180.152.241.196 - - [27/Jul/2023:10:01:42 +0800] "GET /xingrg/all/function/internal_message.html?_=1690423303392&CODE_STATE=getMsg HTTP/1.1" 200 27
222.70.114.12 - - [27/Jul/2023:10:01:42 +0800] "GET /xingrg/all/function/internal_message.html?_=1690423309417&CODE_STATE=getMsg HTTP/1.1" 200 27
124.78.155.92 - - [27/Jul/2023:10:01:42 +0800] "GET /xingrg/check_reg.html?_=1690423303526 HTTP/1.1" 200 22
101.83.145.37 - - [27/Jul/2023:10:01:46 +0800] "GET /xingrg/all/function/internal_message.html?_=1690423115077&CODE_STATE=getMsg HTTP/1.1" 200 27
114.83.217.201 - - [27/Jul/2023:10:01:48 +0800] "GET /xingrg/all/function/internal_message.html?_=1690423435888&CODE_STATE=getMsg HTTP/1.1" 200 27
222.70.180.90 - - [27/Jul/2023:10:01:52 +0800] "GET /xingrg/all/function/internal_message.html?_=1690423311078&CODE_STATE=getMsg HTTP/1.1" 200 27
124.79.243.110 - - [27/Jul/2023:10:01:55 +0800] "GET /xingrg/all/function/internal_message.html?_=1690423602885&CODE_STATE=getMsg HTTP/1.1" 200 27
116.238.191.126 - - [27/Jul/2023:10:01:57 +0800] "GET /xingrg/all/function/internal_message.html?_=1690423316931&CODE_STATE=getMsg HTTP/1.1" 200 27
116.238.191.126 - - [27/Jul/2023:10:01:59 +0800] "GET /xingrg/all/function/internal_message.html?_=1690423204577&CODE_STATE=getMsg HTTP/1.1" 200 27
124.78.70.128 - - [27/Jul/2023:10:01:59 +0800] "GET /xingrg/all/function/internal_message.html?_=1690422787666&CODE_STATE=getMsg HTTP/1.1" 200 27
222.69.131.132 - - [27/Jul/2023:10:02:02 +0800] "GET /xingrg/all/function/internal_message.html?_=1690423319945&CODE_STATE=getMsg HTTP/1.1" 200 27
180.163.28.180 - - [27/Jul/2023:10:02:04 +0800] "GET /xingrg/all/function/internal_message.html?_=1690423265285&CODE_STATE=getMsg HTTP/1.1" 302 -
180.163.28.180 - - [27/Jul/2023:10:02:04 +0800] "GET /xingrg/login.html HTTP/1.1" 200 7641
124.78.155.92 - - [27/Jul/2023:10:02:04 +0800] "GET /xingrg/all/function/internal_message.html?_=1690423325260&CODE_STATE=getMsg HTTP/1.1" 200 27
114.85.113.108 - - [27/Jul/2023:10:02:05 +0800] "GET /xingrg/all/function/internal_message.html?_=1690423323942&CODE_STATE=getMsg HTTP/1.1" 200 27
114.85.113.108 - - [27/Jul/2023:10:02:05 +0800] "GET /xingrg/check_reg.html?_=1690423323946 HTTP/1.1" 200 22
120.253.135.82 - - [27/Jul/2023:10:02:11 +0800] "GET /xingrg/all/function/internal_message.html?_=1690423153366&CODE_STATE=getMsg HTTP/1.1" 200 27
180.165.154.167 - - [27/Jul/2023:10:02:11 +0800] "GET /xingrg/all/function/internal_message.html?_=1690423331943&CODE_STATE=getMsg HTTP/1.1" 200 27
101.228.187.155 - - [27/Jul/2023:10:02:19 +0800] "GET /xingrg/all/function/internal_message.html?_=1690423338239&CODE_STATE=getMsg HTTP/1.1" 200 27
116.238.191.126 - - [27/Jul/2023:10:02:28 +0800] "POST /xingrg/kc/buy/cgsh_order_operate.html HTTP/1.1" 200 37
124.78.70.128 - - [27/Jul/2023:10:02:31 +0800] "GET /xingrg/kc/buy/cgsh_order_add.html HTTP/1.1" 200 71724
222.70.180.90 - - [27/Jul/2023:10:02:32 +0800] "GET /xingrg/all/function/internal_message.html?_=1690423537692&CODE_STATE=getMsg HTTP/1.1" 200 27
124.78.70.128 - - [27/Jul/2023:10:02:32 +0800] "GET /xingrg/javascript/easyui/themes/default/validatebox.css HTTP/1.1" 404 1104
124.78.70.128 - - [27/Jul/2023:10:02:32 +0800] "POST /xingrg/kc/buy/cgsh_order_operate.html HTTP/1.1" 200 8245
116.232.195.127 - - [27/Jul/2023:10:02:34 +0800] "GET /xingrg/all/function/internal_message.html?_=1690423308317&CODE_STATE=getMsg HTTP/1.1" 200 27
218.81.66.43 - - [27/Jul/2023:10:02:37 +0800] "GET /xingrg/all/function/internal_message.html?_=1690423364286&CODE_STATE=getMsg HTTP/1.1" 200 27
222.70.245.33 - - [27/Jul/2023:10:02:38 +0800] "GET /xingrg/all/function/internal_message.html?_=1690423372053&CODE_STATE=getMsg HTTP/1.1" 200 27
116.238.191.126 - - [27/Jul/2023:10:02:39 +0800] "POST /xingrg/kc/buy/cgsh_order_operate.html HTTP/1.1" 200 12
116.238.191.126 - - [27/Jul/2023:10:02:41 +0800] "GET /xingrg/all/function/internal_message.html?_=1690423247027&CODE_STATE=getMsg HTTP/1.1" 200 27
124.78.155.92 - - [27/Jul/2023:10:02:41 +0800] "GET /xingrg/all/function/internal_message.html?_=1690423379278&CODE_STATE=getMsg HTTP/1.1" 200 27
180.163.29.79 - - [27/Jul/2023:10:02:42 +0800] "GET /xingrg/check_reg.html?_=1690423303526 HTTP/1.1" 302 -
180.163.29.79 - - [27/Jul/2023:10:02:42 +0800] "GET /xingrg/login.html HTTP/1.1" 200 7641
180.152.241.196 - - [27/Jul/2023:10:02:42 +0800] "GET /xingrg/all/function/internal_message.html?_=1690423363382&CODE_STATE=getMsg HTTP/1.1" 200 27
222.70.114.12 - - [27/Jul/2023:10:02:42 +0800] "GET /xingrg/all/function/internal_message.html?_=1690423369415&CODE_STATE=getMsg HTTP/1.1" 200 27
180.152.241.196 - - [27/Jul/2023:10:02:42 +0800] "GET /xingrg/check_reg.html?_=1690423363635 HTTP/1.1" 200 22
101.83.145.37 - - [27/Jul/2023:10:02:46 +0800] "GET /xingrg/all/function/internal_message.html?_=1690423175046&CODE_STATE=getMsg HTTP/1.1" 200 27
114.83.217.201 - - [27/Jul/2023:10:02:48 +0800] "GET /xingrg/all/function/internal_message.html?_=1690423495861&CODE_STATE=getMsg HTTP/1.1" 200 27
222.70.180.90 - - [27/Jul/2023:10:02:52 +0800] "GET /xingrg/check_reg.html?_=1690423371078 HTTP/1.1" 200 22
222.70.180.90 - - [27/Jul/2023:10:02:52 +0800] "GET /xingrg/all/function/internal_message.html?_=1690423371081&CODE_STATE=getMsg HTTP/1.1" 200 27
116.238.191.126 - - [27/Jul/2023:10:02:54 +0800] "GET /xingrg/kc/buy/cgsh_order_info.html?code=212023072710603 HTTP/1.1" 200 66231
116.238.191.126 - - [27/Jul/2023:10:02:54 +0800] "GET /xingrg/javascript/easyui/themes/default/validatebox.css HTTP/1.1" 404 1104
116.232.195.127 - - [27/Jul/2023:10:02:55 +0800] "POST /xingrg/kc/buy/cgsh_list_operate.html HTTP/1.1" 200 353
116.238.191.126 - - [27/Jul/2023:10:02:55 +0800] "POST /xingrg/kc/buy/cgsh_order_operate.html HTTP/1.1" 200 12008
124.79.243.110 - - [27/Jul/2023:10:02:55 +0800] "GET /xingrg/all/function/internal_message.html?_=1690423662882&CODE_STATE=getMsg HTTP/1.1" 200 27
116.238.191.126 - - [27/Jul/2023:10:02:57 +0800] "GET /xingrg/all/function/internal_message.html?_=1690423376923&CODE_STATE=getMsg HTTP/1.1" 200 27
116.232.195.127 - - [27/Jul/2023:10:02:57 +0800] "GET /xingrg/kc/base/base_main.html HTTP/1.1" 200 12142
116.238.191.126 - - [27/Jul/2023:10:02:59 +0800] "GET /xingrg/all/function/internal_message.html?_=1690423264578&CODE_STATE=getMsg HTTP/1.1" 200 27
116.232.195.127 - - [27/Jul/2023:10:02:59 +0800] "GET /xingrg/kc/base/wldb_order_list.html HTTP/1.1" 200 19145
124.78.70.128 - - [27/Jul/2023:10:03:00 +0800] "GET /xingrg/check_reg.html?_=1690422847901 HTTP/1.1" 200 22
124.78.70.128 - - [27/Jul/2023:10:03:00 +0800] "GET /xingrg/all/function/internal_message.html?_=1690422847902&CODE_STATE=getMsg HTTP/1.1" 200 27
116.232.195.127 - - [27/Jul/2023:10:03:00 +0800] "POST /xingrg/kc/base/wldb_list_operate.html HTTP/1.1" 200 928
116.232.195.127 - - [27/Jul/2023:10:03:02 +0800] "POST /xingrg/kc/buy/cgsh_list_operate.html HTTP/1.1" 200 3573
222.69.131.132 - - [27/Jul/2023:10:03:02 +0800] "GET /xingrg/all/function/internal_message.html?_=1690423379937&CODE_STATE=getMsg HTTP/1.1" 200 27
116.232.195.127 - - [27/Jul/2023:10:03:03 +0800] "GET /xingrg/kc/base/wldb_order_add.html HTTP/1.1" 200 30428
116.232.195.127 - - [27/Jul/2023:10:03:03 +0800] "POST /xingrg/kc/base/wldb_order_operate.html HTTP/1.1" 200 6806
116.232.195.127 - - [27/Jul/2023:10:03:03 +0800] "GET /xingrg/javascript/easyui/themes/default/validatebox.css HTTP/1.1" 404 1104
124.78.155.92 - - [27/Jul/2023:10:03:04 +0800] "GET /xingrg/all/function/internal_message.html?_=1690423385232&CODE_STATE=getMsg HTTP/1.1" 200 27
114.85.113.108 - - [27/Jul/2023:10:03:05 +0800] "GET /xingrg/all/function/internal_message.html?_=1690423383959&CODE_STATE=getMsg HTTP/1.1" 200 27
116.238.191.126 - - [27/Jul/2023:10:03:07 +0800] "GET /xingrg/kc/print/load_data.html?order_code=212023072710603&kc_code=cgsh&condition= HTTP/1.1" 200 5117
124.78.155.92 - - [27/Jul/2023:10:03:08 +0800] "GET /xingrg/check_reg.html?_=1690423405329 HTTP/1.1" 200 22
120.253.135.82 - - [27/Jul/2023:10:03:11 +0800] "GET /xingrg/all/function/internal_message.html?_=1690423213380&CODE_STATE=getMsg HTTP/1.1" 200 27
180.165.154.167 - - [27/Jul/2023:10:03:11 +0800] "GET /xingrg/all/function/internal_message.html?_=1690423391920&CODE_STATE=getMsg HTTP/1.1" 200 27
116.238.191.126 - - [27/Jul/2023:10:03:14 +0800] "GET /xingrg/kc/base/yddb_order_list.html HTTP/1.1" 200 16749
116.238.191.126 - - [27/Jul/2023:10:03:14 +0800] "POST /xingrg/kc/base/yddb_list_operate.html HTTP/1.1" 200 636
116.238.191.126 - - [27/Jul/2023:10:03:16 +0800] "GET /xingrg/kc/base/yddb_order_add.html HTTP/1.1" 200 29953
116.238.191.126 - - [27/Jul/2023:10:03:16 +0800] "GET /xingrg/dwr/interface/AjaxComOrderService.js HTTP/1.1" 200 18264
116.238.191.126 - - [27/Jul/2023:10:03:16 +0800] "GET /xingrg/dwr/interface/AjaxYddbService.js HTTP/1.1" 200 13201
116.238.191.126 - - [27/Jul/2023:10:03:16 +0800] "GET /xingrg/dwr/util.js HTTP/1.1" 304 -
116.238.191.126 - - [27/Jul/2023:10:03:16 +0800] "GET /xingrg/dwr/engine.js HTTP/1.1" 200 43631
116.238.191.126 - - [27/Jul/2023:10:03:18 +0800] "POST /xingrg/dwr/call/plaincall/AjaxYddbService.getRestBases.dwr HTTP/1.1" 200 1649
101.228.187.155 - - [27/Jul/2023:10:03:19 +0800] "GET /xingrg/all/function/internal_message.html?_=1690423398240&CODE_STATE=getMsg HTTP/1.1" 200 27
180.152.241.196 - - [27/Jul/2023:10:03:23 +0800] "POST /xingrg/services/DataTransmitService HTTP/1.1" 200 524
116.238.191.126 - - [27/Jul/2023:10:03:24 +0800] "POST /xingrg/dwr/call/plaincall/AjaxYddbService.saveOrder.dwr HTTP/1.1" 200 78
116.238.191.126 - - [27/Jul/2023:10:03:24 +0800] "GET /xingrg/images/yd/bt.gif HTTP/1.1" 404 1040
116.238.191.126 - - [27/Jul/2023:10:03:27 +0800] "POST /xingrg/dwr/call/plaincall/AjaxComOrderService.getMaterielSearchList.dwr HTTP/1.1" 200 1251
116.238.191.126 - - [27/Jul/2023:10:03:27 +0800] "POST /xingrg/dwr/call/plaincall/AjaxComOrderService.getMaterielSearchList.dwr HTTP/1.1" 200 1251
116.238.191.126 - - [27/Jul/2023:10:03:29 +0800] "POST /xingrg/dwr/call/plaincall/AjaxYddbService.getMaterielByMap.dwr HTTP/1.1" 200 2334
116.232.195.127 - - [27/Jul/2023:10:03:29 +0800] "GET /xingrg/kc/base/wldb_order_operate.html?command=get_materiel&rest_code=00155&base_code=0010739&code=00101019826 HTTP/1.1" 200 443
222.70.180.90 - - [27/Jul/2023:10:03:32 +0800] "GET /xingrg/all/function/internal_message.html?_=1690423597668&CODE_STATE=getMsg HTTP/1.1" 200 27
116.238.191.126 - - [27/Jul/2023:10:03:33 +0800] "POST /xingrg/dwr/call/plaincall/AjaxYddbService.saveMaterielItem.dwr HTTP/1.1" 200 78
116.232.195.127 - - [27/Jul/2023:10:03:34 +0800] "GET /xingrg/all/function/internal_message.html?_=1690423368294&CODE_STATE=getMsg HTTP/1.1" 200 27
116.238.191.126 - - [27/Jul/2023:10:03:35 +0800] "POST /xingrg/dwr/call/plaincall/AjaxComOrderService.getMaterielSearchList.dwr HTTP/1.1" 200 35256
116.238.191.126 - - [27/Jul/2023:10:03:36 +0800] "POST /xingrg/dwr/call/plaincall/AjaxComOrderService.getMaterielSearchList.dwr HTTP/1.1" 200 2325
218.81.66.43 - - [27/Jul/2023:10:03:37 +0800] "GET /xingrg/all/function/internal_message.html?_=1690423424286&CODE_STATE=getMsg HTTP/1.1" 200 27
222.70.245.33 - - [27/Jul/2023:10:03:37 +0800] "GET /xingrg/check_reg.html?_=1690423431506 HTTP/1.1" 200 22
222.70.245.33 - - [27/Jul/2023:10:03:38 +0800] "GET /xingrg/all/function/internal_message.html?_=1690423432067&CODE_STATE=getMsg HTTP/1.1" 200 27
116.238.191.126 - - [27/Jul/2023:10:03:39 +0800] "POST /xingrg/dwr/call/plaincall/AjaxYddbService.getMaterielByMap.dwr HTTP/1.1" 200 2285
116.238.191.126 - - [27/Jul/2023:10:03:41 +0800] "GET /xingrg/all/function/internal_message.html?_=1690423307043&CODE_STATE=getMsg HTTP/1.1" 200 27
124.78.155.92 - - [27/Jul/2023:10:03:41 +0800] "GET /xingrg/all/function/internal_message.html?_=1690423439261&CODE_STATE=getMsg HTTP/1.1" 200 27
180.152.241.196 - - [27/Jul/2023:10:03:42 +0800] "GET /xingrg/all/function/internal_message.html?_=1690423423355&CODE_STATE=getMsg HTTP/1.1" 200 27
222.70.114.12 - - [27/Jul/2023:10:03:42 +0800] "GET /xingrg/all/function/internal_message.html?_=1690423429414&CODE_STATE=getMsg HTTP/1.1" 200 27
124.78.70.128 - - [27/Jul/2023:10:03:42 +0800] "GET /xingrg/kc/buy/cgsh_order_operate.html?command=get_materiel&rest_code=00141&code=00101007061&supplier_code=00100004&order_time=2023-07-27 HTTP/1.1" 200 409
116.238.191.126 - - [27/Jul/2023:10:03:42 +0800] "POST /xingrg/dwr/call/plaincall/AjaxYddbService.saveMaterielItem.dwr HTTP/1.1" 200 78
101.83.145.37 - - [27/Jul/2023:10:03:46 +0800] "GET /xingrg/all/function/internal_message.html?_=1690423235032&CODE_STATE=getMsg HTTP/1.1" 200 27
114.83.217.201 - - [27/Jul/2023:10:03:48 +0800] "GET /xingrg/all/function/internal_message.html?_=1690423555854&CODE_STATE=getMsg HTTP/1.1" 200 27
114.83.217.201 - - [27/Jul/2023:10:03:49 +0800] "GET /xingrg/check_reg.html?_=1690423556279 HTTP/1.1" 200 22
116.238.191.126 - - [27/Jul/2023:10:03:49 +0800] "POST /xingrg/dwr/call/plaincall/AjaxYddbService.checkOrder.dwr HTTP/1.1" 200 79
222.70.180.90 - - [27/Jul/2023:10:03:52 +0800] "GET /xingrg/all/function/internal_message.html?_=1690423431081&CODE_STATE=getMsg HTTP/1.1" 200 27
116.238.191.126 - - [27/Jul/2023:10:03:53 +0800] "GET /xingrg/kc/base/yddb_order_info.html?code=482023072700155 HTTP/1.1" 200 31308
116.238.191.126 - - [27/Jul/2023:10:03:53 +0800] "GET /xingrg/dwr/interface/AjaxComOrderService.js HTTP/1.1" 200 18264
116.238.191.126 - - [27/Jul/2023:10:03:53 +0800] "GET /xingrg/dwr/interface/AjaxYddbService.js HTTP/1.1" 200 13201
116.238.191.126 - - [27/Jul/2023:10:03:53 +0800] "GET /xingrg/dwr/engine.js HTTP/1.1" 200 43631
116.238.191.126 - - [27/Jul/2023:10:03:54 +0800] "POST /xingrg/dwr/call/plaincall/AjaxYddbService.loadMaterielItems.dwr HTTP/1.1" 200 749
124.79.243.110 - - [27/Jul/2023:10:03:55 +0800] "GET /xingrg/all/function/internal_message.html?_=1690423722874&CODE_STATE=getMsg HTTP/1.1" 200 27
124.79.243.110 - - [27/Jul/2023:10:03:55 +0800] "GET /xingrg/check_reg.html?_=1690423722923 HTTP/1.1" 200 22
116.238.191.126 - - [27/Jul/2023:10:03:57 +0800] "GET /xingrg/all/function/internal_message.html?_=1690423436927&CODE_STATE=getMsg HTTP/1.1" 200 27
116.238.191.126 - - [27/Jul/2023:10:03:57 +0800] "POST /xingrg/dwr/call/plaincall/AjaxYddbService.saveOrder.dwr HTTP/1.1" 200 78
116.238.191.126 - - [27/Jul/2023:10:03:57 +0800] "GET /xingrg/check_reg.html?_=1690423436931 HTTP/1.1" 200 22
116.238.191.126 - - [27/Jul/2023:10:03:59 +0800] "GET /xingrg/all/function/internal_message.html?_=1690423324606&CODE_STATE=getMsg HTTP/1.1" 200 27
124.78.70.128 - - [27/Jul/2023:10:04:00 +0800] "GET /xingrg/all/function/internal_message.html?_=1690422908008&CODE_STATE=getMsg HTTP/1.1" 200 27
222.69.131.132 - - [27/Jul/2023:10:04:02 +0800] "GET /xingrg/all/function/internal_message.html?_=1690423439918&CODE_STATE=getMsg HTTP/1.1" 200 27
116.238.191.126 - - [27/Jul/2023:10:04:03 +0800] "POST /xingrg/dwr/call/plaincall/AjaxYddbService.objCheckOrder.dwr HTTP/1.1" 200 78
124.78.155.92 - - [27/Jul/2023:10:04:04 +0800] "GET /xingrg/all/function/internal_message.html?_=1690423445205&CODE_STATE=getMsg HTTP/1.1" 200 27
114.85.113.108 - - [27/Jul/2023:10:04:05 +0800] "GET /xingrg/all/function/internal_message.html?_=1690423443943&CODE_STATE=getMsg HTTP/1.1" 200 27
116.238.191.126 - - [27/Jul/2023:10:04:05 +0800] "GET /xingrg/kc/base/yddb_order_info.html?code=482023072700155 HTTP/1.1" 200 31429
116.238.191.126 - - [27/Jul/2023:10:04:05 +0800] "GET /xingrg/dwr/engine.js HTTP/1.1" 200 43631
116.238.191.126 - - [27/Jul/2023:10:04:05 +0800] "GET /xingrg/dwr/interface/AjaxComOrderService.js HTTP/1.1" 200 18264
116.238.191.126 - - [27/Jul/2023:10:04:05 +0800] "GET /xingrg/dwr/interface/AjaxYddbService.js HTTP/1.1" 200 13201
116.238.191.126 - - [27/Jul/2023:10:04:06 +0800] "POST /xingrg/dwr/call/plaincall/AjaxYddbService.loadMaterielItems.dwr HTTP/1.1" 200 749
116.238.191.126 - - [27/Jul/2023:10:04:08 +0800] "GET /xingrg/kc/base/yddb_order_add.html HTTP/1.1" 200 29953
116.238.191.126 - - [27/Jul/2023:10:04:08 +0800] "GET /xingrg/dwr/interface/AjaxComOrderService.js HTTP/1.1" 200 18264
116.238.191.126 - - [27/Jul/2023:10:04:08 +0800] "GET /xingrg/dwr/interface/AjaxYddbService.js HTTP/1.1" 200 13201
116.238.191.126 - - [27/Jul/2023:10:04:08 +0800] "GET /xingrg/dwr/engine.js HTTP/1.1" 200 43631
116.238.191.126 - - [27/Jul/2023:10:04:10 +0800] "POST /xingrg/dwr/call/plaincall/AjaxYddbService.getRestBases.dwr HTTP/1.1" 200 824
120.253.135.82 - - [27/Jul/2023:10:04:11 +0800] "GET /xingrg/all/function/internal_message.html?_=1690423273649&CODE_STATE=getMsg HTTP/1.1" 200 27
180.165.154.167 - - [27/Jul/2023:10:04:11 +0800] "GET /xingrg/all/function/internal_message.html?_=1690423451907&CODE_STATE=getMsg HTTP/1.1" 200 27
116.238.191.126 - - [27/Jul/2023:10:04:11 +0800] "POST /xingrg/dwr/call/plaincall/AjaxYddbService.getRestBases.dwr HTTP/1.1" 200 1649
180.165.154.167 - - [27/Jul/2023:10:04:12 +0800] "GET /xingrg/check_reg.html?_=1690423452201 HTTP/1.1" 200 22
124.78.70.128 - - [27/Jul/2023:10:04:15 +0800] "GET /xingrg/kc/buy/cgsh_order_operate.html?command=get_materiel&rest_code=00141&code=00101007125&supplier_code=00100004&order_time=2023-07-27 HTTP/1.1" 200 406
116.238.191.126 - - [27/Jul/2023:10:04:17 +0800] "POST /xingrg/dwr/call/plaincall/AjaxYddbService.saveOrder.dwr HTTP/1.1" 200 78
101.228.187.155 - - [27/Jul/2023:10:04:19 +0800] "GET /xingrg/all/function/internal_message.html?_=1690423458252&CODE_STATE=getMsg HTTP/1.1" 200 27
116.238.191.126 - - [27/Jul/2023:10:04:20 +0800] "POST /xingrg/dwr/call/plaincall/AjaxComOrderService.getMaterielSearchList.dwr HTTP/1.1" 200 2031
116.238.191.126 - - [27/Jul/2023:10:04:22 +0800] "POST /xingrg/dwr/call/plaincall/AjaxYddbService.getMaterielByMap.dwr HTTP/1.1" 200 2340
124.78.70.128 - - [27/Jul/2023:10:04:25 +0800] "GET /xingrg/kc/buy/cgsh_order_operate.html?command=get_materiel&rest_code=00141&code=00101007081&supplier_code=00100004&order_time=2023-07-27 HTTP/1.1" 200 413
116.238.191.126 - - [27/Jul/2023:10:04:26 +0800] "POST /xingrg/dwr/call/plaincall/AjaxYddbService.saveMaterielItem.dwr HTTP/1.1" 200 78
116.238.191.126 - - [27/Jul/2023:10:04:28 +0800] "POST /xingrg/dwr/call/plaincall/AjaxComOrderService.getMaterielSearchList.dwr HTTP/1.1" 200 27309
116.238.191.126 - - [27/Jul/2023:10:04:29 +0800] "POST /xingrg/dwr/call/plaincall/AjaxComOrderService.getMaterielSearchList.dwr HTTP/1.1" 200 3361
116.238.191.126 - - [27/Jul/2023:10:04:30 +0800] "POST /xingrg/dwr/call/plaincall/AjaxYddbService.getMaterielByMap.dwr HTTP/1.1" 200 2384
222.70.180.90 - - [27/Jul/2023:10:04:32 +0800] "GET /xingrg/all/function/internal_message.html?_=1690423657660&CODE_STATE=getMsg HTTP/1.1" 200 27
116.232.195.127 - - [27/Jul/2023:10:04:32 +0800] "GET /xingrg/check_reg.html?_=1690423426606 HTTP/1.1" 200 22
116.238.191.126 - - [27/Jul/2023:10:04:33 +0800] "POST /xingrg/dwr/call/plaincall/AjaxYddbService.saveMaterielItem.dwr HTTP/1.1" 200 78
116.232.195.127 - - [27/Jul/2023:10:04:34 +0800] "GET /xingrg/all/function/internal_message.html?_=1690423428271&CODE_STATE=getMsg HTTP/1.1" 200 27
116.238.191.126 - - [27/Jul/2023:10:04:35 +0800] "POST /xingrg/dwr/call/plaincall/AjaxComOrderService.getMaterielSearchList.dwr HTTP/1.1" 200 36111
116.238.191.126 - - [27/Jul/2023:10:04:35 +0800] "POST /xingrg/dwr/call/plaincall/AjaxComOrderService.getMaterielSearchList.dwr HTTP/1.1" 200 1868
218.81.66.43 - - [27/Jul/2023:10:04:37 +0800] "GET /xingrg/all/function/internal_message.html?_=1690423484285&CODE_STATE=getMsg HTTP/1.1" 200 27
116.238.191.126 - - [27/Jul/2023:10:04:37 +0800] "POST /xingrg/dwr/call/plaincall/AjaxYddbService.getMaterielByMap.dwr HTTP/1.1" 200 2332
222.70.245.33 - - [27/Jul/2023:10:04:38 +0800] "GET /xingrg/all/function/internal_message.html?_=1690423492083&CODE_STATE=getMsg HTTP/1.1" 200 27
116.238.191.126 - - [27/Jul/2023:10:04:39 +0800] "GET /xingrg/check_reg.html?_=1690423365072 HTTP/1.1" 200 22
116.238.191.126 - - [27/Jul/2023:10:04:40 +0800] "POST /xingrg/dwr/call/plaincall/AjaxYddbService.saveMaterielItem.dwr HTTP/1.1" 200 79
116.238.191.126 - - [27/Jul/2023:10:04:41 +0800] "GET /xingrg/all/function/internal_message.html?_=1690423367054&CODE_STATE=getMsg HTTP/1.1" 200 27
124.78.155.92 - - [27/Jul/2023:10:04:41 +0800] "GET /xingrg/all/function/internal_message.html?_=1690423499246&CODE_STATE=getMsg HTTP/1.1" 200 27
180.152.241.196 - - [27/Jul/2023:10:04:42 +0800] "GET /xingrg/all/function/internal_message.html?_=1690423483350&CODE_STATE=getMsg HTTP/1.1" 200 27
222.70.114.12 - - [27/Jul/2023:10:04:42 +0800] "GET /xingrg/all/function/internal_message.html?_=1690423489412&CODE_STATE=getMsg HTTP/1.1" 200 27
222.70.114.12 - - [27/Jul/2023:10:04:42 +0800] "GET /xingrg/check_reg.html?_=1690423489413 HTTP/1.1" 200 22
116.238.191.126 - - [27/Jul/2023:10:04:43 +0800] "POST /xingrg/dwr/call/plaincall/AjaxComOrderService.getMaterielSearchList.dwr HTTP/1.1" 200 1003
116.238.191.126 - - [27/Jul/2023:10:04:44 +0800] "POST /xingrg/dwr/call/plaincall/AjaxYddbService.getMaterielByMap.dwr HTTP/1.1" 200 2352
101.83.145.37 - - [27/Jul/2023:10:04:45 +0800] "GET /xingrg/check_reg.html?_=1690423294642 HTTP/1.1" 200 22
124.78.70.128 - - [27/Jul/2023:10:04:45 +0800] "GET /xingrg/kc/buy/cgsh_order_operate.html?command=get_materiel&rest_code=00141&code=00101007038&supplier_code=00100004&order_time=2023-07-27 HTTP/1.1" 200 420
101.83.145.37 - - [27/Jul/2023:10:04:45 +0800] "GET /xingrg/all/function/internal_message.html?_=1690423295001&CODE_STATE=getMsg HTTP/1.1" 200 27
114.83.217.201 - - [27/Jul/2023:10:04:48 +0800] "GET /xingrg/all/function/internal_message.html?_=1690423615833&CODE_STATE=getMsg HTTP/1.1" 200 27
116.238.191.126 - - [27/Jul/2023:10:04:49 +0800] "POST /xingrg/dwr/call/plaincall/AjaxYddbService.saveMaterielItem.dwr HTTP/1.1" 200 79
116.238.191.126 - - [27/Jul/2023:10:04:51 +0800] "POST /xingrg/dwr/call/plaincall/AjaxComOrderService.getMaterielSearchList.dwr HTTP/1.1" 200 25747
116.238.191.126 - - [27/Jul/2023:10:04:52 +0800] "POST /xingrg/dwr/call/plaincall/AjaxComOrderService.getMaterielSearchList.dwr HTTP/1.1" 200 1282
222.70.180.90 - - [27/Jul/2023:10:04:52 +0800] "GET /xingrg/all/function/internal_message.html?_=1690423491107&CODE_STATE=getMsg HTTP/1.1" 200 27
116.238.191.126 - - [27/Jul/2023:10:04:53 +0800] "POST /xingrg/dwr/call/plaincall/AjaxYddbService.getMaterielByMap.dwr HTTP/1.1" 200 2360
116.238.191.126 - - [27/Jul/2023:10:04:55 +0800] "GET /xingrg/images/yd/bt2.gif HTTP/1.1" 404 1042
124.79.243.110 - - [27/Jul/2023:10:04:55 +0800] "GET /xingrg/all/function/internal_message.html?_=1690423782898&CODE_STATE=getMsg HTTP/1.1" 200 27
116.238.191.126 - - [27/Jul/2023:10:04:57 +0800] "GET /xingrg/all/function/internal_message.html?_=1690423496934&CODE_STATE=getMsg HTTP/1.1" 200 27
116.238.191.126 - - [27/Jul/2023:10:04:58 +0800] "POST /xingrg/dwr/call/plaincall/AjaxYddbService.saveMaterielItem.dwr HTTP/1.1" 200 79
116.238.191.126 - - [27/Jul/2023:10:04:59 +0800] "GET /xingrg/all/function/internal_message.html?_=1690423384619&CODE_STATE=getMsg HTTP/1.1" 200 27
124.78.70.128 - - [27/Jul/2023:10:05:00 +0800] "GET /xingrg/all/function/internal_message.html?_=1690422967854&CODE_STATE=getMsg HTTP/1.1" 200 27
116.238.191.126 - - [27/Jul/2023:10:05:00 +0800] "POST /xingrg/dwr/call/plaincall/AjaxComOrderService.getMaterielSearchList.dwr HTTP/1.1" 200 8752
116.238.191.126 - - [27/Jul/2023:10:05:00 +0800] "POST /xingrg/dwr/call/plaincall/AjaxComOrderService.getMaterielSearchList.dwr HTTP/1.1" 200 699
124.78.70.128 - - [27/Jul/2023:10:05:01 +0800] "GET /xingrg/kc/buy/cgsh_order_operate.html?command=get_materiel&rest_code=00141&code=00101006259&supplier_code=00100004&order_time=2023-07-27 HTTP/1.1" 200 409
222.69.131.132 - - [27/Jul/2023:10:05:02 +0800] "GET /xingrg/all/function/internal_message.html?_=1690423499903&CODE_STATE=getMsg HTTP/1.1" 200 27
116.238.191.126 - - [27/Jul/2023:10:05:03 +0800] "POST /xingrg/dwr/call/plaincall/AjaxYddbService.getMaterielByMap.dwr HTTP/1.1" 200 2334
180.163.28.180 - - [27/Jul/2023:10:05:04 +0800] "GET /xingrg/all/function/internal_message.html?_=1690423445205&CODE_STATE=getMsg HTTP/1.1" 302 -
180.163.28.180 - - [27/Jul/2023:10:05:04 +0800] "GET /xingrg/login.html HTTP/1.1" 200 7641
124.78.155.92 - - [27/Jul/2023:10:05:04 +0800] "GET /xingrg/all/function/internal_message.html?_=1690423505176&CODE_STATE=getMsg HTTP/1.1" 200 27
114.85.113.108 - - [27/Jul/2023:10:05:05 +0800] "GET /xingrg/all/function/internal_message.html?_=1690423503959&CODE_STATE=getMsg HTTP/1.1" 200 27
116.238.191.126 - - [27/Jul/2023:10:05:07 +0800] "POST /xingrg/dwr/call/plaincall/AjaxYddbService.saveMaterielItem.dwr HTTP/1.1" 200 79
120.253.135.82 - - [27/Jul/2023:10:05:11 +0800] "GET /xingrg/all/function/internal_message.html?_=1690423333656&CODE_STATE=getMsg HTTP/1.1" 200 27
180.165.154.167 - - [27/Jul/2023:10:05:11 +0800] "GET /xingrg/all/function/internal_message.html?_=1690423511898&CODE_STATE=getMsg HTTP/1.1" 200 27
124.78.70.128 - - [27/Jul/2023:10:05:17 +0800] "GET /xingrg/kc/buy/cgsh_order_operate.html?command=get_materiel&rest_code=00141&code=00101010658&supplier_code=00100004&order_time=2023-07-27 HTTP/1.1" 200 409
116.238.191.126 - - [27/Jul/2023:10:05:18 +0800] "POST /xingrg/dwr/call/plaincall/AjaxYddbService.checkOrder.dwr HTTP/1.1" 200 79
101.228.187.155 - - [27/Jul/2023:10:05:19 +0800] "GET /xingrg/all/function/internal_message.html?_=1690423518252&CODE_STATE=getMsg HTTP/1.1" 200 27
116.238.191.126 - - [27/Jul/2023:10:05:20 +0800] "GET /xingrg/kc/base/yddb_order_info.html?code=482023072700156 HTTP/1.1" 200 31308
116.238.191.126 - - [27/Jul/2023:10:05:20 +0800] "GET /xingrg/dwr/interface/AjaxComOrderService.js HTTP/1.1" 200 18264
116.238.191.126 - - [27/Jul/2023:10:05:20 +0800] "GET /xingrg/dwr/interface/AjaxYddbService.js HTTP/1.1" 200 13201
116.238.191.126 - - [27/Jul/2023:10:05:20 +0800] "GET /xingrg/dwr/engine.js HTTP/1.1" 200 43631
116.238.191.126 - - [27/Jul/2023:10:05:21 +0800] "POST /xingrg/dwr/call/plaincall/AjaxYddbService.loadMaterielItems.dwr HTTP/1.1" 200 2278
116.238.191.126 - - [27/Jul/2023:10:05:23 +0800] "POST /xingrg/dwr/call/plaincall/AjaxYddbService.saveOrder.dwr HTTP/1.1" 200 78
116.238.191.126 - - [27/Jul/2023:10:05:30 +0800] "POST /xingrg/dwr/call/plaincall/AjaxYddbService.objCheckOrder.dwr HTTP/1.1" 200 78
116.238.191.126 - - [27/Jul/2023:10:05:31 +0800] "GET /xingrg/kc/base/yddb_order_info.html?code=482023072700156 HTTP/1.1" 200 31429
116.238.191.126 - - [27/Jul/2023:10:05:32 +0800] "GET /xingrg/dwr/interface/AjaxComOrderService.js HTTP/1.1" 200 18264
116.238.191.126 - - [27/Jul/2023:10:05:32 +0800] "GET /xingrg/dwr/interface/AjaxYddbService.js HTTP/1.1" 200 13201
116.238.191.126 - - [27/Jul/2023:10:05:32 +0800] "GET /xingrg/dwr/engine.js HTTP/1.1" 200 43631
222.70.180.90 - - [27/Jul/2023:10:05:32 +0800] "GET /xingrg/all/function/internal_message.html?_=1690423717651&CODE_STATE=getMsg HTTP/1.1" 200 27
222.69.131.132 - - [27/Jul/2023:10:05:32 +0800] "GET /xingrg/check_reg.html?_=1690423529594 HTTP/1.1" 200 22
116.238.191.126 - - [27/Jul/2023:10:05:32 +0800] "POST /xingrg/dwr/call/plaincall/AjaxYddbService.loadMaterielItems.dwr HTTP/1.1" 200 2278
116.232.195.127 - - [27/Jul/2023:10:05:34 +0800] "GET /xingrg/all/function/internal_message.html?_=1690423488256&CODE_STATE=getMsg HTTP/1.1" 200 27
218.81.66.43 - - [27/Jul/2023:10:05:37 +0800] "GET /xingrg/all/function/internal_message.html?_=1690423544285&CODE_STATE=getMsg HTTP/1.1" 200 27
222.70.245.33 - - [27/Jul/2023:10:05:38 +0800] "GET /xingrg/all/function/internal_message.html?_=1690423552098&CODE_STATE=getMsg HTTP/1.1" 200 27
116.238.191.126 - - [27/Jul/2023:10:05:41 +0800] "GET /xingrg/check_reg.html?_=1690423426699 HTTP/1.1" 200 22
116.238.191.126 - - [27/Jul/2023:10:05:41 +0800] "GET /xingrg/all/function/internal_message.html?_=1690423427068&CODE_STATE=getMsg HTTP/1.1" 200 27
124.78.155.92 - - [27/Jul/2023:10:05:41 +0800] "GET /xingrg/all/function/internal_message.html?_=1690423559228&CODE_STATE=getMsg HTTP/1.1" 200 27
180.152.241.196 - - [27/Jul/2023:10:05:42 +0800] "GET /xingrg/all/function/internal_message.html?_=1690423543347&CODE_STATE=getMsg HTTP/1.1" 200 27
222.70.114.12 - - [27/Jul/2023:10:05:42 +0800] "GET /xingrg/all/function/internal_message.html?_=1690423549410&CODE_STATE=getMsg HTTP/1.1" 200 27
101.83.145.37 - - [27/Jul/2023:10:05:45 +0800] "GET /xingrg/all/function/internal_message.html?_=1690423354987&CODE_STATE=getMsg HTTP/1.1" 200 27
114.83.217.201 - - [27/Jul/2023:10:05:48 +0800] "GET /xingrg/all/function/internal_message.html?_=1690423675804&CODE_STATE=getMsg HTTP/1.1" 200 27
124.78.70.128 - - [27/Jul/2023:10:05:49 +0800] "GET /xingrg/kc/buy/cgsh_order_operate.html?command=get_materiel&rest_code=00141&code=00101007060&supplier_code=00100004&order_time=2023-07-27 HTTP/1.1" 200 409
222.70.180.90 - - [27/Jul/2023:10:05:52 +0800] "GET /xingrg/all/function/internal_message.html?_=1690423551107&CODE_STATE=getMsg HTTP/1.1" 200 27
124.79.243.110 - - [27/Jul/2023:10:05:56 +0800] "GET /xingrg/all/function/internal_message.html?_=1690423843073&CODE_STATE=getMsg HTTP/1.1" 200 27
116.238.191.126 - - [27/Jul/2023:10:05:57 +0800] "GET /xingrg/all/function/internal_message.html?_=1690423556932&CODE_STATE=getMsg HTTP/1.1" 200 27
116.238.191.126 - - [27/Jul/2023:10:05:59 +0800] "GET /xingrg/all/function/internal_message.html?_=1690423444634&CODE_STATE=getMsg HTTP/1.1" 200 27
222.70.180.90 - - [27/Jul/2023:10:06:01 +0800] "GET /xingrg/check_reg.html?_=1690423747060 HTTP/1.1" 200 22
222.69.131.132 - - [27/Jul/2023:10:06:02 +0800] "GET /xingrg/all/function/internal_message.html?_=1690423559876&CODE_STATE=getMsg HTTP/1.1" 200 27
124.78.155.92 - - [27/Jul/2023:10:06:04 +0800] "GET /xingrg/all/function/internal_message.html?_=1690423565147&CODE_STATE=getMsg HTTP/1.1" 200 27
114.85.113.108 - - [27/Jul/2023:10:06:05 +0800] "GET /xingrg/all/function/internal_message.html?_=1690423563969&CODE_STATE=getMsg HTTP/1.1" 200 27
116.232.195.127 - - [27/Jul/2023:10:06:07 +0800] "POST /xingrg/kc/base/wldb_list_operate.html HTTP/1.1" 200 928
124.78.70.128 - - [27/Jul/2023:10:06:09 +0800] "POST /xingrg/kc/buy/cgsh_order_operate.html HTTP/1.1" 200 37
120.253.135.82 - - [27/Jul/2023:10:06:10 +0800] "GET /xingrg/check_reg.html?_=1690423392703 HTTP/1.1" 200 22
120.253.135.82 - - [27/Jul/2023:10:06:11 +0800] "GET /xingrg/all/function/internal_message.html?_=1690423393670&CODE_STATE=getMsg HTTP/1.1" 200 27
180.165.154.167 - - [27/Jul/2023:10:06:11 +0800] "GET /xingrg/all/function/internal_message.html?_=1690423571886&CODE_STATE=getMsg HTTP/1.1" 200 27
101.228.187.155 - - [27/Jul/2023:10:06:19 +0800] "GET /xingrg/all/function/internal_message.html?_=1690423578253&CODE_STATE=getMsg HTTP/1.1" 200 27
101.228.187.155 - - [27/Jul/2023:10:06:19 +0800] "GET /xingrg/check_reg.html?_=1690423578254 HTTP/1.1" 200 22
124.78.70.128 - - [27/Jul/2023:10:06:23 +0800] "POST /xingrg/kc/buy/cgsh_order_operate.html HTTP/1.1" 200 12
124.78.70.128 - - [27/Jul/2023:10:06:26 +0800] "GET /xingrg/kc/buy/cgsh_order_info.html?code=212023072710604 HTTP/1.1" 200 66633
124.78.70.128 - - [27/Jul/2023:10:06:26 +0800] "GET /xingrg/javascript/easyui/themes/default/validatebox.css HTTP/1.1" 404 1104
124.78.70.128 - - [27/Jul/2023:10:06:28 +0800] "POST /xingrg/kc/buy/cgsh_order_operate.html HTTP/1.1" 200 4733
124.78.70.128 - - [27/Jul/2023:10:06:31 +0800] "GET /xingrg/kc/print/load_config.html?kc_code=cgsh HTTP/1.1" 200 1924
124.78.70.128 - - [27/Jul/2023:10:06:32 +0800] "GET /xingrg/kc/print/load_data.html?order_code=212023072710604&kc_code=cgsh&condition= HTTP/1.1" 200 2329
222.70.180.90 - - [27/Jul/2023:10:06:32 +0800] "GET /xingrg/all/function/internal_message.html?_=1690423777630&CODE_STATE=getMsg HTTP/1.1" 200 27
116.232.195.127 - - [27/Jul/2023:10:06:34 +0800] "GET /xingrg/all/function/internal_message.html?_=1690423548243&CODE_STATE=getMsg HTTP/1.1" 200 27
218.81.66.43 - - [27/Jul/2023:10:06:37 +0800] "GET /xingrg/all/function/internal_message.html?_=1690423604290&CODE_STATE=getMsg HTTP/1.1" 200 27
218.81.66.43 - - [27/Jul/2023:10:06:37 +0800] "GET /xingrg/check_reg.html?_=1690423604291 HTTP/1.1" 200 22
124.78.70.128 - - [27/Jul/2023:10:06:38 +0800] "GET /xingrg/kc/buy/cgsh_order_add.html HTTP/1.1" 200 71724
124.78.70.128 - - [27/Jul/2023:10:06:38 +0800] "POST /xingrg/kc/buy/cgsh_order_operate.html HTTP/1.1" 200 8245
222.70.245.33 - - [27/Jul/2023:10:06:38 +0800] "GET /xingrg/all/function/internal_message.html?_=1690423612176&CODE_STATE=getMsg HTTP/1.1" 200 27
124.78.70.128 - - [27/Jul/2023:10:06:38 +0800] "GET /xingrg/javascript/easyui/themes/default/validatebox.css HTTP/1.1" 404 1104
116.238.191.126 - - [27/Jul/2023:10:06:41 +0800] "GET /xingrg/all/function/internal_message.html?_=1690423487081&CODE_STATE=getMsg HTTP/1.1" 200 27
124.78.155.92 - - [27/Jul/2023:10:06:41 +0800] "GET /xingrg/all/function/internal_message.html?_=1690423619216&CODE_STATE=getMsg HTTP/1.1" 200 27
180.152.241.196 - - [27/Jul/2023:10:06:42 +0800] "GET /xingrg/all/function/internal_message.html?_=1690423603319&CODE_STATE=getMsg HTTP/1.1" 200 27
222.70.114.12 - - [27/Jul/2023:10:06:42 +0800] "GET /xingrg/all/function/internal_message.html?_=1690423609409&CODE_STATE=getMsg HTTP/1.1" 200 27
124.78.155.92 - - [27/Jul/2023:10:06:42 +0800] "GET /xingrg/check_reg.html?_=1690423603513 HTTP/1.1" 200 22
101.83.145.37 - - [27/Jul/2023:10:06:45 +0800] "GET /xingrg/all/function/internal_message.html?_=1690423414956&CODE_STATE=getMsg HTTP/1.1" 200 27
114.83.217.201 - - [27/Jul/2023:10:06:48 +0800] "GET /xingrg/all/function/internal_message.html?_=1690423735778&CODE_STATE=getMsg HTTP/1.1" 200 27
222.70.180.90 - - [27/Jul/2023:10:06:52 +0800] "GET /xingrg/all/function/internal_message.html?_=1690423611108&CODE_STATE=getMsg HTTP/1.1" 200 27
124.78.70.128 - - [27/Jul/2023:10:06:54 +0800] "GET /xingrg/kc/buy/cgsh_order_operate.html?command=get_materiel&rest_code=00141&code=00101006129&supplier_code=00100012&order_time=2023-07-27 HTTP/1.1" 200 431
222.69.131.132 - - [27/Jul/2023:10:06:54 +0800] "GET /xingrg/kc/buy/cgsh_order_operate.html?command=get_materiel&rest_code=00149&code=00101007081&supplier_code=00100096&order_time=2023-07-27 HTTP/1.1" 200 415
124.79.243.110 - - [27/Jul/2023:10:06:55 +0800] "GET /xingrg/all/function/internal_message.html?_=1690423902898&CODE_STATE=getMsg HTTP/1.1" 200 27
116.238.191.126 - - [27/Jul/2023:10:06:57 +0800] "GET /xingrg/all/function/internal_message.html?_=1690423616933&CODE_STATE=getMsg HTTP/1.1" 200 27
116.238.191.126 - - [27/Jul/2023:10:06:59 +0800] "GET /xingrg/all/function/internal_message.html?_=1690423504668&CODE_STATE=getMsg HTTP/1.1" 200 27
124.78.70.128 - - [27/Jul/2023:10:07:00 +0800] "GET /xingrg/all/function/internal_message.html?_=1690423087867&CODE_STATE=getMsg HTTP/1.1" 200 27
222.69.131.132 - - [27/Jul/2023:10:07:02 +0800] "GET /xingrg/all/function/internal_message.html?_=1690423619865&CODE_STATE=getMsg HTTP/1.1" 200 27
124.78.155.92 - - [27/Jul/2023:10:07:04 +0800] "GET /xingrg/all/function/internal_message.html?_=1690423625122&CODE_STATE=getMsg HTTP/1.1" 200 27
114.85.113.108 - - [27/Jul/2023:10:07:05 +0800] "GET /xingrg/check_reg.html?_=1690423623956 HTTP/1.1" 200 22
114.85.113.108 - - [27/Jul/2023:10:07:05 +0800] "GET /xingrg/all/function/internal_message.html?_=1690423624020&CODE_STATE=getMsg HTTP/1.1" 200 27
124.78.70.128 - - [27/Jul/2023:10:07:09 +0800] "GET /xingrg/kc/buy/cgsh_order_operate.html?command=get_materiel&rest_code=00141&code=00101018007&supplier_code=00100012&order_time=2023-07-27 HTTP/1.1" 200 409
120.253.135.82 - - [27/Jul/2023:10:07:11 +0800] "GET /xingrg/all/function/internal_message.html?_=1690423453685&CODE_STATE=getMsg HTTP/1.1" 200 27
180.165.154.167 - - [27/Jul/2023:10:07:11 +0800] "GET /xingrg/all/function/internal_message.html?_=1690423631883&CODE_STATE=getMsg HTTP/1.1" 200 27
222.69.131.132 - - [27/Jul/2023:10:07:17 +0800] "GET /xingrg/kc/buy/cgsh_order_operate.html?command=get_materiel&rest_code=00149&code=00101007106&supplier_code=00100096&order_time=2023-07-27 HTTP/1.1" 200 410
101.228.187.155 - - [27/Jul/2023:10:07:19 +0800] "GET /xingrg/all/function/internal_message.html?_=1690423638253&CODE_STATE=getMsg HTTP/1.1" 200 27
222.70.180.90 - - [27/Jul/2023:10:07:32 +0800] "GET /xingrg/all/function/internal_message.html?_=1690423837622&CODE_STATE=getMsg HTTP/1.1" 200 27
116.232.195.127 - - [27/Jul/2023:10:07:34 +0800] "GET /xingrg/all/function/internal_message.html?_=1690423608234&CODE_STATE=getMsg HTTP/1.1" 200 27
124.78.70.128 - - [27/Jul/2023:10:07:35 +0800] "GET /xingrg/kc/buy/cgsh_order_operate.html?command=get_materiel&rest_code=00141&code=00101006039&supplier_code=00100012&order_time=2023-07-27 HTTP/1.1" 200 415
218.81.66.43 - - [27/Jul/2023:10:07:37 +0800] "GET /xingrg/all/function/internal_message.html?_=1690423664290&CODE_STATE=getMsg HTTP/1.1" 200 27
222.70.245.33 - - [27/Jul/2023:10:07:38 +0800] "GET /xingrg/all/function/internal_message.html?_=1690423672185&CODE_STATE=getMsg HTTP/1.1" 200 27
124.78.155.92 - - [27/Jul/2023:10:07:41 +0800] "GET /xingrg/all/function/internal_message.html?_=1690423679193&CODE_STATE=getMsg HTTP/1.1" 200 27
116.238.191.126 - - [27/Jul/2023:10:07:41 +0800] "GET /xingrg/all/function/internal_message.html?_=1690423547095&CODE_STATE=getMsg HTTP/1.1" 200 27
180.152.241.196 - - [27/Jul/2023:10:07:42 +0800] "GET /xingrg/all/function/internal_message.html?_=1690423663319&CODE_STATE=getMsg HTTP/1.1" 200 27
222.70.114.12 - - [27/Jul/2023:10:07:42 +0800] "GET /xingrg/all/function/internal_message.html?_=1690423669423&CODE_STATE=getMsg HTTP/1.1" 200 27
180.163.28.143 - - [27/Jul/2023:10:07:42 +0800] "GET /xingrg/check_reg.html?_=1690423603513 HTTP/1.1" 302 -
180.163.28.143 - - [27/Jul/2023:10:07:42 +0800] "GET /xingrg/login.html HTTP/1.1" 200 7641
180.152.241.196 - - [27/Jul/2023:10:07:42 +0800] "GET /xingrg/check_reg.html?_=1690423663637 HTTP/1.1" 200 22
101.83.145.37 - - [27/Jul/2023:10:07:45 +0800] "GET /xingrg/all/function/internal_message.html?_=1690423474942&CODE_STATE=getMsg HTTP/1.1" 200 27
114.83.217.201 - - [27/Jul/2023:10:07:48 +0800] "GET /xingrg/all/function/internal_message.html?_=1690423795773&CODE_STATE=getMsg HTTP/1.1" 200 27
124.78.70.128 - - [27/Jul/2023:10:07:49 +0800] "GET /xingrg/kc/buy/cgsh_order_operate.html?command=get_materiel&rest_code=00141&code=00101006055&supplier_code=00100012&order_time=2023-07-27 HTTP/1.1" 200 409
222.70.180.90 - - [27/Jul/2023:10:07:52 +0800] "GET /xingrg/check_reg.html?_=1690423671108 HTTP/1.1" 200 22
222.70.180.90 - - [27/Jul/2023:10:07:52 +0800] "GET /xingrg/all/function/internal_message.html?_=1690423671109&CODE_STATE=getMsg HTTP/1.1" 200 27
124.79.243.110 - - [27/Jul/2023:10:07:55 +0800] "GET /xingrg/all/function/internal_message.html?_=1690423962897&CODE_STATE=getMsg HTTP/1.1" 200 27
116.238.191.126 - - [27/Jul/2023:10:07:57 +0800] "GET /xingrg/all/function/internal_message.html?_=1690423676934&CODE_STATE=getMsg HTTP/1.1" 200 27
116.238.191.126 - - [27/Jul/2023:10:07:59 +0800] "GET /xingrg/all/function/internal_message.html?_=1690423564676&CODE_STATE=getMsg HTTP/1.1" 200 27
124.78.70.128 - - [27/Jul/2023:10:07:59 +0800] "GET /xingrg/check_reg.html?_=1690423147695 HTTP/1.1" 200 22
124.78.70.128 - - [27/Jul/2023:10:08:00 +0800] "GET /xingrg/all/function/internal_message.html?_=1690423147843&CODE_STATE=getMsg HTTP/1.1" 200 27
124.78.155.92 - - [27/Jul/2023:10:08:01 +0800] "GET /xingrg/kc/buy/cgsh_order_add.html HTTP/1.1" 200 71724
124.78.155.92 - - [27/Jul/2023:10:08:01 +0800] "POST /xingrg/kc/buy/cgsh_order_operate.html HTTP/1.1" 200 8245
124.78.155.92 - - [27/Jul/2023:10:08:01 +0800] "GET /xingrg/javascript/easyui/themes/default/validatebox.css HTTP/1.1" 404 1104
222.69.131.132 - - [27/Jul/2023:10:08:02 +0800] "GET /xingrg/all/function/internal_message.html?_=1690423679850&CODE_STATE=getMsg HTTP/1.1" 200 27
124.78.155.92 - - [27/Jul/2023:10:08:03 +0800] "GET /xingrg/javascript/easyui/themes/default/tree.css HTTP/1.1" 404 1090
124.78.155.92 - - [27/Jul/2023:10:08:04 +0800] "POST /xingrg/all/common/load_tree.html?tree=supplier_tree_json&isDelete=1 HTTP/1.1" 200 74671
222.69.131.132 - - [27/Jul/2023:10:08:04 +0800] "POST /xingrg/kc/buy/cgsh_order_operate.html HTTP/1.1" 200 37
114.85.113.108 - - [27/Jul/2023:10:08:05 +0800] "GET /xingrg/all/function/internal_message.html?_=1690423684005&CODE_STATE=getMsg HTTP/1.1" 200 27
124.78.155.92 - - [27/Jul/2023:10:08:06 +0800] "GET /xingrg/all/function/internal_message.html?_=1690423687119&CODE_STATE=getMsg HTTP/1.1" 200 27
124.78.70.128 - - [27/Jul/2023:10:08:07 +0800] "GET /xingrg/kc/buy/cgsh_order_operate.html?command=get_materiel&rest_code=00141&code=00101006065&supplier_code=00100012&order_time=2023-07-27 HTTP/1.1" 200 409
124.78.155.92 - - [27/Jul/2023:10:08:08 +0800] "GET /xingrg/check_reg.html?_=1690423705331 HTTP/1.1" 200 22
180.165.154.167 - - [27/Jul/2023:10:08:11 +0800] "GET /xingrg/all/function/internal_message.html?_=1690423691877&CODE_STATE=getMsg HTTP/1.1" 200 27
120.253.135.82 - - [27/Jul/2023:10:08:11 +0800] "GET /xingrg/all/function/internal_message.html?_=1690423513698&CODE_STATE=getMsg HTTP/1.1" 200 27
222.69.131.132 - - [27/Jul/2023:10:08:13 +0800] "POST /xingrg/kc/buy/cgsh_order_operate.html HTTP/1.1" 200 12
101.228.187.155 - - [27/Jul/2023:10:08:19 +0800] "GET /xingrg/all/function/internal_message.html?_=1690423698253&CODE_STATE=getMsg HTTP/1.1" 200 27
124.78.70.128 - - [27/Jul/2023:10:08:19 +0800] "GET /xingrg/kc/buy/cgsh_order_operate.html?command=get_materiel&rest_code=00141&code=00101006084&supplier_code=00100012&order_time=2023-07-27 HTTP/1.1" 200 413
124.78.155.92 - - [27/Jul/2023:10:08:30 +0800] "GET /xingrg/kc/buy/cgsh_order_operate.html?command=get_materiel&rest_code=00106&code=00101016030&supplier_code=00100096&order_time=2023-07-27 HTTP/1.1" 200 431
124.78.70.128 - - [27/Jul/2023:10:08:31 +0800] "GET /xingrg/kc/buy/cgsh_order_operate.html?command=get_materiel&rest_code=00141&code=00101006111&supplier_code=00100012&order_time=2023-07-27 HTTP/1.1" 200 409
222.70.180.90 - - [27/Jul/2023:10:08:32 +0800] "GET /xingrg/all/function/internal_message.html?_=1690423897607&CODE_STATE=getMsg HTTP/1.1" 200 27
116.232.195.127 - - [27/Jul/2023:10:08:34 +0800] "GET /xingrg/all/function/internal_message.html?_=1690423668212&CODE_STATE=getMsg HTTP/1.1" 200 27
218.81.66.43 - - [27/Jul/2023:10:08:37 +0800] "GET /xingrg/all/function/internal_message.html?_=1690423724288&CODE_STATE=getMsg HTTP/1.1" 200 27
222.70.245.33 - - [27/Jul/2023:10:08:37 +0800] "GET /xingrg/check_reg.html?_=1690423731582 HTTP/1.1" 200 22
222.70.245.33 - - [27/Jul/2023:10:08:38 +0800] "GET /xingrg/all/function/internal_message.html?_=1690423732198&CODE_STATE=getMsg HTTP/1.1" 200 27
124.78.155.92 - - [27/Jul/2023:10:08:41 +0800] "GET /xingrg/all/function/internal_message.html?_=1690423739179&CODE_STATE=getMsg HTTP/1.1" 200 27
116.238.191.126 - - [27/Jul/2023:10:08:41 +0800] "GET /xingrg/all/function/internal_message.html?_=1690423607111&CODE_STATE=getMsg HTTP/1.1" 200 27
180.152.241.196 - - [27/Jul/2023:10:08:42 +0800] "GET /xingrg/all/function/internal_message.html?_=1690423723299&CODE_STATE=getMsg HTTP/1.1" 200 27
222.70.114.12 - - [27/Jul/2023:10:08:42 +0800] "GET /xingrg/all/function/internal_message.html?_=1690423729421&CODE_STATE=getMsg HTTP/1.1" 200 27
124.78.70.128 - - [27/Jul/2023:10:08:44 +0800] "POST /xingrg/kc/buy/cgsh_order_operate.html HTTP/1.1" 200 37
101.83.145.37 - - [27/Jul/2023:10:08:45 +0800] "GET /xingrg/all/function/internal_message.html?_=1690423534926&CODE_STATE=getMsg HTTP/1.1" 200 27
180.152.241.196 - - [27/Jul/2023:10:08:47 +0800] "POST /xingrg/services/DataTransmitService HTTP/1.1" 200 524
124.78.155.92 - - [27/Jul/2023:10:08:47 +0800] "GET /xingrg/kc/buy/cgsh_order_operate.html?command=get_materiel&rest_code=00106&code=00101012025&supplier_code=00100096&order_time=2023-07-27 HTTP/1.1" 200 413
114.83.217.201 - - [27/Jul/2023:10:08:48 +0800] "GET /xingrg/all/function/internal_message.html?_=1690423855763&CODE_STATE=getMsg HTTP/1.1" 200 27
114.83.217.201 - - [27/Jul/2023:10:08:49 +0800] "GET /xingrg/check_reg.html?_=1690423856263 HTTP/1.1" 200 22
222.70.180.90 - - [27/Jul/2023:10:08:52 +0800] "GET /xingrg/all/function/internal_message.html?_=1690423731107&CODE_STATE=getMsg HTTP/1.1" 200 27
124.78.70.128 - - [27/Jul/2023:10:08:53 +0800] "POST /xingrg/kc/buy/cgsh_order_operate.html HTTP/1.1" 200 12
124.79.243.110 - - [27/Jul/2023:10:08:56 +0800] "GET /xingrg/check_reg.html?_=1690424022911 HTTP/1.1" 200 22
124.79.243.110 - - [27/Jul/2023:10:08:56 +0800] "GET /xingrg/all/function/internal_message.html?_=1690424022909&CODE_STATE=getMsg HTTP/1.1" 200 27
124.78.70.128 - - [27/Jul/2023:10:08:57 +0800] "GET /xingrg/kc/buy/cgsh_order_info.html?code=212023072710606 HTTP/1.1" 200 66633
116.238.191.126 - - [27/Jul/2023:10:08:57 +0800] "GET /xingrg/all/function/internal_message.html?_=1690423736937&CODE_STATE=getMsg HTTP/1.1" 200 27
116.238.191.126 - - [27/Jul/2023:10:08:57 +0800] "GET /xingrg/check_reg.html?_=1690423736940 HTTP/1.1" 200 22
124.78.70.128 - - [27/Jul/2023:10:08:57 +0800] "GET /xingrg/javascript/easyui/themes/default/validatebox.css HTTP/1.1" 404 1104
124.78.70.128 - - [27/Jul/2023:10:08:59 +0800] "POST /xingrg/kc/buy/cgsh_order_operate.html HTTP/1.1" 200 4165
116.238.191.126 - - [27/Jul/2023:10:08:59 +0800] "GET /xingrg/all/function/internal_message.html?_=1690423624708&CODE_STATE=getMsg HTTP/1.1" 200 27
124.78.155.92 - - [27/Jul/2023:10:09:00 +0800] "GET /xingrg/kc/buy/cgsh_order_operate.html?command=get_materiel&rest_code=00106&code=00101012029&supplier_code=00100096&order_time=2023-07-27 HTTP/1.1" 200 414
124.78.70.128 - - [27/Jul/2023:10:09:00 +0800] "GET /xingrg/all/function/internal_message.html?_=1690423207837&CODE_STATE=getMsg HTTP/1.1" 200 27
222.69.131.132 - - [27/Jul/2023:10:09:02 +0800] "GET /xingrg/all/function/internal_message.html?_=1690423739833&CODE_STATE=getMsg HTTP/1.1" 200 27
222.69.131.132 - - [27/Jul/2023:10:09:02 +0800] "GET /xingrg/kc/buy/cgsh_order_info.html?code=212023072710605 HTTP/1.1" 200 66711
222.69.131.132 - - [27/Jul/2023:10:09:02 +0800] "GET /xingrg/javascript/easyui/themes/default/validatebox.css HTTP/1.1" 404 1104
124.78.70.128 - - [27/Jul/2023:10:09:03 +0800] "GET /xingrg/kc/print/load_data.html?order_code=212023072710606&kc_code=cgsh&condition= HTTP/1.1" 200 2165
222.69.131.132 - - [27/Jul/2023:10:09:04 +0800] "POST /xingrg/kc/buy/cgsh_order_operate.html HTTP/1.1" 200 6564
