180.152.241.196 - - [26/Jul/2023:08:55:32 +0800] "GET /xingrg/javascript/easyui/themes/default/images/tree_folder.gif HTTP/1.1" 200 952
180.152.241.196 - - [26/Jul/2023:08:55:32 +0800] "GET /xingrg/javascript/easyui/themes/default/images/tree_file.gif HTTP/1.1" 200 118
180.152.241.196 - - [26/Jul/2023:08:55:32 +0800] "GET /xingrg/javascript/easyui/themes/default/images/tree_folder_open.gif HTTP/1.1" 200 956
101.83.145.37 - - [26/Jul/2023:08:55:32 +0800] "GET /xingrg/kc/mdqp/qqps_order_list.html?isQuery=1&timeSelect=1&orderTime=day&startTime=2023-07-25&endTime=2023-07-26&state=all&query=%C8%B7++%B6%A8 HTTP/1.1" 200 10998
101.83.145.37 - - [26/Jul/2023:08:55:32 +0800] "GET /xingrg/dwr/interface/AjaxReportQueryService.js HTTP/1.1" 200 13203
101.83.145.37 - - [26/Jul/2023:08:55:32 +0800] "GET /xingrg/dwr/interface/AjaxQqpsService.js HTTP/1.1" 200 16326
101.83.145.37 - - [26/Jul/2023:08:55:32 +0800] "GET /xingrg/dwr/engine.js HTTP/1.1" 200 43631
101.83.145.37 - - [26/Jul/2023:08:55:32 +0800] "GET /xingrg/all/function/internal_message.html?_=1690332933767&CODE_STATE=getMsg HTTP/1.1" 200 27
101.83.145.37 - - [26/Jul/2023:08:55:34 +0800] "GET /xingrg/kc/mdqp/qqps_order_info.html?code=302023072500503 HTTP/1.1" 200 26796
101.83.145.37 - - [26/Jul/2023:08:55:35 +0800] "GET /xingrg/javascript/tools/jquery.qtip-1.0.0-rc3.min.js HTTP/1.1" 304 -
101.83.145.37 - - [26/Jul/2023:08:55:35 +0800] "GET /xingrg/dwr/interface/AjaxQqpsService.js HTTP/1.1" 200 16326
101.83.145.37 - - [26/Jul/2023:08:55:35 +0800] "GET /xingrg/dwr/engine.js HTTP/1.1" 200 43631
101.83.145.37 - - [26/Jul/2023:08:55:35 +0800] "GET /xingrg/javascript/AjaxInfoList.js HTTP/1.1" 304 -
101.83.145.37 - - [26/Jul/2023:08:55:35 +0800] "GET /xingrg/dwr/interface/AjaxComOrderService.js HTTP/1.1" 200 18264
101.83.145.37 - - [26/Jul/2023:08:55:35 +0800] "GET /xingrg/javascript/Grid.js HTTP/1.1" 304 -
101.83.145.37 - - [26/Jul/2023:08:55:35 +0800] "GET /xingrg/javascript/jquery_easy_ui/themes/icons/template_new.png HTTP/1.1" 304 -
101.83.145.37 - - [26/Jul/2023:08:55:35 +0800] "GET /xingrg/javascript/jquery_easy_ui/themes/default/images/menu_downarrow.png HTTP/1.1" 304 -
101.83.145.37 - - [26/Jul/2023:08:55:35 +0800] "GET /xingrg/javascript/jquery_easy_ui/themes/icons/back_new.png HTTP/1.1" 304 -
101.83.145.37 - - [26/Jul/2023:08:55:35 +0800] "GET /xingrg/javascript/jquery_easy_ui/themes/icons/copy_new.png HTTP/1.1" 304 -
101.83.145.37 - - [26/Jul/2023:08:55:35 +0800] "GET /xingrg/javascript/jquery_easy_ui/themes/icons/print.png HTTP/1.1" 304 -
222.70.245.33 - - [26/Jul/2023:08:55:35 +0800] "GET /xingrg/all/function/internal_message.html?_=1690332944873&CODE_STATE=getMsg HTTP/1.1" 200 27
101.83.145.37 - - [26/Jul/2023:08:55:35 +0800] "GET /xingrg/images/blue/wait.gif HTTP/1.1" 304 -
101.83.145.37 - - [26/Jul/2023:08:55:35 +0800] "GET /xingrg/javascript/jquery_easy_ui/themes/default/images/combo_arrow_dot.gif HTTP/1.1" 304 -
101.83.145.37 - - [26/Jul/2023:08:55:35 +0800] "GET /xingrg/images/blue/kc_tab_left.gif HTTP/1.1" 304 -
101.83.145.37 - - [26/Jul/2023:08:55:35 +0800] "GET /xingrg/images/blue/kc_tab_right.gif HTTP/1.1" 304 -
101.83.145.37 - - [26/Jul/2023:08:55:35 +0800] "GET /xingrg/images/blue/kc_tab_mid.gif HTTP/1.1" 304 -
101.83.145.37 - - [26/Jul/2023:08:55:36 +0800] "POST /xingrg/dwr/call/plaincall/AjaxQqpsService.loadMaterielItems.dwr HTTP/1.1" 200 3362
101.83.145.37 - - [26/Jul/2023:08:55:37 +0800] "GET /xingrg/images/yd/bt.gif HTTP/1.1" 404 1040
101.83.145.37 - - [26/Jul/2023:08:55:37 +0800] "GET /xingrg/images/yd/bt2.gif HTTP/1.1" 404 1042
116.232.195.127 - - [26/Jul/2023:08:55:40 +0800] "GET /xingrg/all/function/internal_message.html?_=1690332896635&CODE_STATE=getMsg HTTP/1.1" 200 27
114.85.113.108 - - [26/Jul/2023:08:55:40 +0800] "GET /xingrg/all/function/internal_message.html?_=1690332939853&CODE_STATE=getMsg HTTP/1.1" 200 27
116.238.191.126 - - [26/Jul/2023:08:55:45 +0800] "GET /xingrg/kc/buy/cgsh_order_operate.html?command=get_materiel&rest_code=00150&code=00101008087&supplier_code=00100008&order_time=2023-07-26 HTTP/1.1" 200 412
180.152.241.196 - - [26/Jul/2023:08:55:46 +0800] "GET /xingrg/kc/buy/cgsh_order_operate.html?command=get_materiel&rest_code=00102&code=00101011005&supplier_code=00100047&order_time=2023-07-26 HTTP/1.1" 200 408
116.238.191.126 - - [26/Jul/2023:08:55:47 +0800] "GET /xingrg/all/function/internal_message.html?_=1690332833902&CODE_STATE=getMsg HTTP/1.1" 200 27
120.253.135.82 - - [26/Jul/2023:08:55:48 +0800] "GET /xingrg/all/function/internal_message.html?_=1690333089156&CODE_STATE=getMsg HTTP/1.1" 200 27
101.83.145.37 - - [26/Jul/2023:08:55:53 +0800] "GET /xingrg/kc/mdqp/qqps_order_list.html HTTP/1.1" 200 9222
101.83.145.37 - - [26/Jul/2023:08:55:53 +0800] "GET /xingrg/dwr/interface/AjaxReportQueryService.js HTTP/1.1" 200 13203
101.83.145.37 - - [26/Jul/2023:08:55:53 +0800] "GET /xingrg/dwr/interface/AjaxQqpsService.js HTTP/1.1" 200 16326
101.83.145.37 - - [26/Jul/2023:08:55:53 +0800] "GET /xingrg/dwr/engine.js HTTP/1.1" 200 43631
101.83.145.37 - - [26/Jul/2023:08:55:56 +0800] "GET /xingrg/kc/mdqp/qqps_order_list.html?isQuery=1&timeSelect=1&orderTime=day&startTime=2023-07-25&endTime=2023-07-26&state=all&query=%C8%B7++%B6%A8 HTTP/1.1" 200 10998
101.83.145.37 - - [26/Jul/2023:08:55:56 +0800] "GET /xingrg/dwr/interface/AjaxQqpsService.js HTTP/1.1" 200 16326
101.83.145.37 - - [26/Jul/2023:08:55:56 +0800] "GET /xingrg/dwr/interface/AjaxReportQueryService.js HTTP/1.1" 200 13203
101.83.145.37 - - [26/Jul/2023:08:55:56 +0800] "GET /xingrg/dwr/engine.js HTTP/1.1" 200 43631
124.78.155.92 - - [26/Jul/2023:08:55:59 +0800] "GET /xingrg/check_reg.html?_=1690332960401 HTTP/1.1" 200 22
124.78.155.92 - - [26/Jul/2023:08:55:59 +0800] "GET /xingrg/all/function/internal_message.html?_=1690332960405&CODE_STATE=getMsg HTTP/1.1" 200 27
101.83.145.37 - - [26/Jul/2023:08:55:59 +0800] "GET /xingrg/kc/mdqp/qqps_order_info.html?code=302023072500497 HTTP/1.1" 200 26796
101.83.145.37 - - [26/Jul/2023:08:55:59 +0800] "GET /xingrg/dwr/interface/AjaxQqpsService.js HTTP/1.1" 200 16326
101.83.145.37 - - [26/Jul/2023:08:55:59 +0800] "GET /xingrg/dwr/interface/AjaxComOrderService.js HTTP/1.1" 200 18264
101.83.145.37 - - [26/Jul/2023:08:55:59 +0800] "GET /xingrg/dwr/engine.js HTTP/1.1" 200 43631
101.83.145.37 - - [26/Jul/2023:08:56:00 +0800] "POST /xingrg/dwr/call/plaincall/AjaxQqpsService.loadMaterielItems.dwr HTTP/1.1" 200 3671
222.70.180.90 - - [26/Jul/2023:08:56:02 +0800] "GET /xingrg/all/function/internal_message.html?_=1690332962285&CODE_STATE=getMsg HTTP/1.1" 200 27
101.83.145.37 - - [26/Jul/2023:08:56:03 +0800] "GET /xingrg/javascript/jquery_easy_ui/themes/default/images/button_plain_hover.png HTTP/1.1" 304 -
120.253.135.82 - - [26/Jul/2023:08:56:06 +0800] "GET /xingrg/all/function/internal_message.html?_=1690332789523&CODE_STATE=getMsg HTTP/1.1" 200 27
101.83.145.37 - - [26/Jul/2023:08:56:07 +0800] "GET /xingrg/kc/mdqp/qqps_order_list.html HTTP/1.1" 200 9222
101.83.145.37 - - [26/Jul/2023:08:56:07 +0800] "GET /xingrg/dwr/interface/AjaxReportQueryService.js HTTP/1.1" 200 13203
101.83.145.37 - - [26/Jul/2023:08:56:07 +0800] "GET /xingrg/dwr/interface/AjaxQqpsService.js HTTP/1.1" 200 16326
101.83.145.37 - - [26/Jul/2023:08:56:07 +0800] "GET /xingrg/dwr/engine.js HTTP/1.1" 200 43631
180.152.241.196 - - [26/Jul/2023:08:56:11 +0800] "POST /xingrg/kc/buy/cgsh_order_operate.html HTTP/1.1" 200 37
101.83.145.37 - - [26/Jul/2023:08:56:13 +0800] "GET /xingrg/kc/mdqp/qqps_order_add.html HTTP/1.1" 200 28393
101.83.145.37 - - [26/Jul/2023:08:56:13 +0800] "GET /xingrg/dwr/interface/AjaxComOrderService.js HTTP/1.1" 200 18264
101.83.145.37 - - [26/Jul/2023:08:56:13 +0800] "GET /xingrg/dwr/interface/AjaxQqpsService.js HTTP/1.1" 200 16326
101.83.145.37 - - [26/Jul/2023:08:56:13 +0800] "GET /xingrg/dwr/engine.js HTTP/1.1" 200 43631
101.83.145.37 - - [26/Jul/2023:08:56:13 +0800] "GET /xingrg/javascript/jquery_easy_ui/themes/icons/ok.png HTTP/1.1" 304 -
101.83.145.37 - - [26/Jul/2023:08:56:14 +0800] "GET /xingrg/images/blue/button/kc_tab_edit.gif HTTP/1.1" 304 -
101.83.145.37 - - [26/Jul/2023:08:56:14 +0800] "GET /xingrg/images/blue/button/kc_tab_add.gif HTTP/1.1" 304 -
101.83.145.37 - - [26/Jul/2023:08:56:14 +0800] "GET /xingrg/images/blue/button/kc_tab_del.gif HTTP/1.1" 304 -
101.83.145.37 - - [26/Jul/2023:08:56:14 +0800] "GET /xingrg/images/blue/button/kc_tab_save.gif HTTP/1.1" 304 -
101.83.145.37 - - [26/Jul/2023:08:56:14 +0800] "GET /xingrg/images/blue/kc_tab2_left.gif HTTP/1.1" 304 -
101.83.145.37 - - [26/Jul/2023:08:56:14 +0800] "GET /xingrg/images/blue/kc_tab2_right.gif HTTP/1.1" 304 -
116.238.191.126 - - [26/Jul/2023:08:56:20 +0800] "GET /xingrg/kc/buy/cgsh_order_operate.html?command=get_materiel&rest_code=00150&code=00101008355&supplier_code=00100008&order_time=2023-07-26 HTTP/1.1" 200 408
180.152.241.196 - - [26/Jul/2023:08:56:23 +0800] "POST /xingrg/kc/buy/cgsh_order_operate.html HTTP/1.1" 200 12
180.152.241.196 - - [26/Jul/2023:08:56:25 +0800] "GET /xingrg/all/function/internal_message.html?_=1690332984918&CODE_STATE=getMsg HTTP/1.1" 200 27
180.152.241.196 - - [26/Jul/2023:08:56:26 +0800] "GET /xingrg/kc/buy/cgsh_order_info.html?code=212023072610181 HTTP/1.1" 200 66666
180.152.241.196 - - [26/Jul/2023:08:56:27 +0800] "GET /xingrg/javascript/easyui/themes/default/validatebox.css HTTP/1.1" 404 1104
180.152.241.196 - - [26/Jul/2023:08:56:28 +0800] "POST /xingrg/kc/buy/cgsh_order_operate.html HTTP/1.1" 200 609
180.152.241.196 - - [26/Jul/2023:08:56:29 +0800] "GET /xingrg/kc/print/load_config.html?kc_code=cgsh HTTP/1.1" 200 1924
180.152.241.196 - - [26/Jul/2023:08:56:30 +0800] "GET /xingrg/kc/print/load_data.html?order_code=212023072610181&kc_code=cgsh&condition= HTTP/1.1" 200 741
101.83.145.37 - - [26/Jul/2023:08:56:32 +0800] "GET /xingrg/all/function/internal_message.html?_=1690332993748&CODE_STATE=getMsg HTTP/1.1" 200 27
222.70.245.33 - - [26/Jul/2023:08:56:35 +0800] "GET /xingrg/all/function/internal_message.html?_=1690333004888&CODE_STATE=getMsg HTTP/1.1" 200 27
116.238.191.126 - - [26/Jul/2023:08:56:37 +0800] "POST /xingrg/kc/buy/cgsh_order_operate.html HTTP/1.1" 200 37
116.238.191.126 - - [26/Jul/2023:08:56:39 +0800] "POST /xingrg/kc/buy/cgsh_order_operate.html HTTP/1.1" 200 16265
116.232.195.127 - - [26/Jul/2023:08:56:40 +0800] "GET /xingrg/all/function/internal_message.html?_=1690332956640&CODE_STATE=getMsg HTTP/1.1" 200 27
114.85.113.108 - - [26/Jul/2023:08:56:40 +0800] "GET /xingrg/all/function/internal_message.html?_=1690332999854&CODE_STATE=getMsg HTTP/1.1" 200 27
116.238.191.126 - - [26/Jul/2023:08:56:47 +0800] "GET /xingrg/all/function/internal_message.html?_=1690332893915&CODE_STATE=getMsg HTTP/1.1" 200 27
120.253.135.82 - - [26/Jul/2023:08:56:48 +0800] "GET /xingrg/all/function/internal_message.html?_=1690333149160&CODE_STATE=getMsg HTTP/1.1" 200 27
101.83.145.37 - - [26/Jul/2023:08:56:52 +0800] "GET /xingrg/javascript/auto/indicator.gif HTTP/1.1" 404 1066
101.83.145.37 - - [26/Jul/2023:08:56:56 +0800] "POST /xingrg/dwr/call/plaincall/AjaxQqpsService.saveOrder.dwr HTTP/1.1" 200 78
124.78.155.92 - - [26/Jul/2023:08:56:59 +0800] "GET /xingrg/all/function/internal_message.html?_=1690333020403&CODE_STATE=getMsg HTTP/1.1" 200 27
222.70.180.90 - - [26/Jul/2023:08:57:02 +0800] "GET /xingrg/all/function/internal_message.html?_=1690333022283&CODE_STATE=getMsg HTTP/1.1" 200 27
101.83.145.37 - - [26/Jul/2023:08:57:04 +0800] "POST /xingrg/dwr/call/plaincall/AjaxQqpsService.getMaterielByCode.dwr HTTP/1.1" 200 2817
120.253.135.82 - - [26/Jul/2023:08:57:07 +0800] "GET /xingrg/all/function/internal_message.html?_=1690332849536&CODE_STATE=getMsg HTTP/1.1" 200 27
116.238.191.126 - - [26/Jul/2023:08:57:08 +0800] "GET /xingrg/kc/buy/cgsh_order_operate.html?command=get_materiel&rest_code=00150&code=00101008144&supplier_code=00100008&order_time=2023-07-26 HTTP/1.1" 200 412
180.152.241.196 - - [26/Jul/2023:08:57:16 +0800] "GET /xingrg/kc/buy/cgsh_order_add.html HTTP/1.1" 200 71759
180.152.241.196 - - [26/Jul/2023:08:57:16 +0800] "POST /xingrg/kc/buy/cgsh_order_operate.html HTTP/1.1" 200 8245
180.152.241.196 - - [26/Jul/2023:08:57:16 +0800] "GET /xingrg/javascript/easyui/themes/default/validatebox.css HTTP/1.1" 404 1104
101.83.145.37 - - [26/Jul/2023:08:57:19 +0800] "POST /xingrg/dwr/call/plaincall/AjaxQqpsService.saveMaterielItem.dwr HTTP/1.1" 200 78
180.152.241.196 - - [26/Jul/2023:08:57:25 +0800] "GET /xingrg/all/function/internal_message.html?_=1690333044898&CODE_STATE=getMsg HTTP/1.1" 200 27
101.83.145.37 - - [26/Jul/2023:08:57:25 +0800] "POST /xingrg/dwr/call/plaincall/AjaxQqpsService.getMaterielByCode.dwr HTTP/1.1" 200 2786
218.81.74.148 - - [26/Jul/2023:08:57:26 +0800] "POST /xingrg/services/DataTransmitService HTTP/1.1" 200 524
116.238.191.126 - - [26/Jul/2023:08:57:30 +0800] "GET /xingrg/kc/buy/cgsh_order_operate.html?command=get_materiel&rest_code=00150&code=00101008321&supplier_code=00100008&order_time=2023-07-26 HTTP/1.1" 200 412
101.83.145.37 - - [26/Jul/2023:08:57:32 +0800] "GET /xingrg/all/function/internal_message.html?_=1690333053722&CODE_STATE=getMsg HTTP/1.1" 200 27
222.70.245.33 - - [26/Jul/2023:08:57:35 +0800] "GET /xingrg/all/function/internal_message.html?_=1690333064900&CODE_STATE=getMsg HTTP/1.1" 200 27
116.232.195.127 - - [26/Jul/2023:08:57:40 +0800] "GET /xingrg/all/function/internal_message.html?_=1690333016640&CODE_STATE=getMsg HTTP/1.1" 200 27
114.85.113.108 - - [26/Jul/2023:08:57:40 +0800] "GET /xingrg/all/function/internal_message.html?_=1690333059853&CODE_STATE=getMsg HTTP/1.1" 200 27
116.238.191.126 - - [26/Jul/2023:08:57:47 +0800] "GET /xingrg/all/function/internal_message.html?_=1690332953930&CODE_STATE=getMsg HTTP/1.1" 200 27
120.253.135.82 - - [26/Jul/2023:08:57:48 +0800] "GET /xingrg/all/function/internal_message.html?_=1690333209170&CODE_STATE=getMsg HTTP/1.1" 200 27
120.253.135.82 - - [26/Jul/2023:08:57:49 +0800] "GET /xingrg/check_reg.html?_=1690333209171 HTTP/1.1" 200 22
116.238.191.126 - - [26/Jul/2023:08:57:55 +0800] "GET /xingrg/kc/buy/cgsh_order_operate.html?command=get_materiel&rest_code=00150&code=00101008356&supplier_code=00100008&order_time=2023-07-26 HTTP/1.1" 200 408
124.78.155.92 - - [26/Jul/2023:08:57:59 +0800] "GET /xingrg/all/function/internal_message.html?_=1690333080392&CODE_STATE=getMsg HTTP/1.1" 200 27
222.70.180.90 - - [26/Jul/2023:08:58:02 +0800] "GET /xingrg/all/function/internal_message.html?_=1690333082284&CODE_STATE=getMsg HTTP/1.1" 200 27
116.238.191.126 - - [26/Jul/2023:08:58:04 +0800] "GET /xingrg/kc/buy/cgsh_order_operate.html?command=get_materiel&rest_code=00150&code=00101008301&supplier_code=00100008&order_time=2023-07-26 HTTP/1.1" 200 422
120.253.135.82 - - [26/Jul/2023:08:58:07 +0800] "GET /xingrg/all/function/internal_message.html?_=1690332909643&CODE_STATE=getMsg HTTP/1.1" 200 27
101.83.145.37 - - [26/Jul/2023:08:58:11 +0800] "POST /xingrg/dwr/call/plaincall/AjaxQqpsService.saveOrder.dwr HTTP/1.1" 200 78
101.83.145.37 - - [26/Jul/2023:08:58:12 +0800] "POST /xingrg/dwr/call/plaincall/AjaxQqpsService.saveMaterielItem.dwr HTTP/1.1" 200 78
101.83.145.37 - - [26/Jul/2023:08:58:20 +0800] "POST /xingrg/dwr/call/plaincall/AjaxQqpsService.checkOrder.dwr HTTP/1.1" 200 78
101.83.145.37 - - [26/Jul/2023:08:58:22 +0800] "GET /xingrg/kc/mdqp/qqps_order_info.html?code=302023072600510 HTTP/1.1" 200 26796
101.83.145.37 - - [26/Jul/2023:08:58:22 +0800] "GET /xingrg/dwr/interface/AjaxComOrderService.js HTTP/1.1" 200 18264
101.83.145.37 - - [26/Jul/2023:08:58:22 +0800] "GET /xingrg/dwr/interface/AjaxQqpsService.js HTTP/1.1" 200 16326
101.83.145.37 - - [26/Jul/2023:08:58:22 +0800] "GET /xingrg/dwr/engine.js HTTP/1.1" 200 43631
101.83.145.37 - - [26/Jul/2023:08:58:23 +0800] "POST /xingrg/dwr/call/plaincall/AjaxQqpsService.loadMaterielItems.dwr HTTP/1.1" 200 697
116.238.191.126 - - [26/Jul/2023:08:58:23 +0800] "GET /xingrg/kc/buy/cgsh_order_operate.html?command=get_materiel&rest_code=00150&code=00101008270&supplier_code=00100008&order_time=2023-07-26 HTTP/1.1" 200 412
180.152.241.196 - - [26/Jul/2023:08:58:25 +0800] "GET /xingrg/all/function/internal_message.html?_=1690333104880&CODE_STATE=getMsg HTTP/1.1" 200 27
101.83.145.37 - - [26/Jul/2023:08:58:30 +0800] "GET /xingrg/kc/buy/cgsh_order_list.html HTTP/1.1" 200 55942
101.83.145.37 - - [26/Jul/2023:08:58:32 +0800] "GET /xingrg/all/function/internal_message.html?_=1690333113701&CODE_STATE=getMsg HTTP/1.1" 200 27
222.70.245.33 - - [26/Jul/2023:08:58:35 +0800] "GET /xingrg/all/function/internal_message.html?_=1690333124914&CODE_STATE=getMsg HTTP/1.1" 200 27
116.238.191.126 - - [26/Jul/2023:08:58:35 +0800] "POST /xingrg/kc/buy/cgsh_order_operate.html HTTP/1.1" 200 37
120.253.135.82 - - [26/Jul/2023:08:58:36 +0800] "GET /xingrg/check_reg.html?_=1690332938676 HTTP/1.1" 200 22
116.238.191.126 - - [26/Jul/2023:08:58:38 +0800] "POST /xingrg/kc/buy/cgsh_order_operate.html HTTP/1.1" 200 19234
101.83.145.37 - - [26/Jul/2023:08:58:38 +0800] "POST /xingrg/kc/buy/cgsh_list_operate.html HTTP/1.1" 200 3531
116.232.195.127 - - [26/Jul/2023:08:58:40 +0800] "GET /xingrg/all/function/internal_message.html?_=1690333076633&CODE_STATE=getMsg HTTP/1.1" 200 27
116.232.195.127 - - [26/Jul/2023:08:58:40 +0800] "GET /xingrg/check_reg.html?_=1690333076637 HTTP/1.1" 200 22
114.85.113.108 - - [26/Jul/2023:08:58:40 +0800] "GET /xingrg/all/function/internal_message.html?_=1690333119860&CODE_STATE=getMsg HTTP/1.1" 200 27
101.83.145.37 - - [26/Jul/2023:08:58:45 +0800] "POST /xingrg/kc/buy/cgsh_list_operate.html HTTP/1.1" 200 272
116.238.191.126 - - [26/Jul/2023:08:58:47 +0800] "GET /xingrg/all/function/internal_message.html?_=1690333013943&CODE_STATE=getMsg HTTP/1.1" 200 27
101.83.145.37 - - [26/Jul/2023:08:58:47 +0800] "GET /xingrg/kc/buy/cgsh_order_info.html?code=212023072610174 HTTP/1.1" 200 71815
101.83.145.37 - - [26/Jul/2023:08:58:48 +0800] "GET /xingrg/javascript/easyui/themes/default/validatebox.css HTTP/1.1" 404 1104
120.253.135.82 - - [26/Jul/2023:08:58:49 +0800] "GET /xingrg/all/function/internal_message.html?_=1690333269175&CODE_STATE=getMsg HTTP/1.1" 200 27
101.83.145.37 - - [26/Jul/2023:08:58:49 +0800] "POST /xingrg/kc/buy/cgsh_order_operate.html HTTP/1.1" 200 3245
120.253.135.82 - - [26/Jul/2023:08:58:53 +0800] "GET /xingrg/kc/pszx/mdqp_order_list.html?state=10 HTTP/1.1" 200 10709
120.253.135.82 - - [26/Jul/2023:08:58:53 +0800] "GET /xingrg/dwr/interface/AjaxQqpsService.js HTTP/1.1" 200 16326
120.253.135.82 - - [26/Jul/2023:08:58:53 +0800] "GET /xingrg/dwr/interface/AjaxReportQueryService.js HTTP/1.1" 200 13203
120.253.135.82 - - [26/Jul/2023:08:58:53 +0800] "GET /xingrg/dwr/engine.js HTTP/1.1" 200 43631
120.253.135.82 - - [26/Jul/2023:08:58:58 +0800] "GET /xingrg/kc/pszx/mdqp_order_info.html?code=302023072600510 HTTP/1.1" 200 13338
120.253.135.82 - - [26/Jul/2023:08:58:58 +0800] "GET /xingrg/dwr/interface/AjaxComOrderService.js HTTP/1.1" 200 18264
120.253.135.82 - - [26/Jul/2023:08:58:58 +0800] "GET /xingrg/javascript/tools/jquery.qtip-1.0.0-rc3.min.js HTTP/1.1" 304 -
120.253.135.82 - - [26/Jul/2023:08:58:58 +0800] "GET /xingrg/dwr/interface/AjaxQqpsService.js HTTP/1.1" 200 16326
120.253.135.82 - - [26/Jul/2023:08:58:58 +0800] "GET /xingrg/javascript/checkform.js HTTP/1.1" 304 -
120.253.135.82 - - [26/Jul/2023:08:58:58 +0800] "GET /xingrg/javascript/AjaxInfoList.js HTTP/1.1" 304 -
120.253.135.82 - - [26/Jul/2023:08:58:58 +0800] "GET /xingrg/javascript/Grid.js HTTP/1.1" 304 -
120.253.135.82 - - [26/Jul/2023:08:58:58 +0800] "GET /xingrg/javascript/ToolTips.js HTTP/1.1" 304 -
120.253.135.82 - - [26/Jul/2023:08:58:58 +0800] "GET /xingrg/dwr/engine.js HTTP/1.1" 200 43631
120.253.135.82 - - [26/Jul/2023:08:58:58 +0800] "GET /xingrg/javascript/jquery_easy_ui/themes/default/images/menu_downarrow.png HTTP/1.1" 304 -
120.253.135.82 - - [26/Jul/2023:08:58:58 +0800] "GET /xingrg/javascript/jquery_easy_ui/themes/icons/print.png HTTP/1.1" 304 -
120.253.135.82 - - [26/Jul/2023:08:58:58 +0800] "GET /xingrg/images/blue/button/kc_tab_save.gif HTTP/1.1" 304 -
120.253.135.82 - - [26/Jul/2023:08:58:58 +0800] "GET /xingrg/images/blue/button/kc_tab_edit.gif HTTP/1.1" 304 -
120.253.135.82 - - [26/Jul/2023:08:58:58 +0800] "GET /xingrg/images/blue/kc_tab_mid.gif HTTP/1.1" 304 -
120.253.135.82 - - [26/Jul/2023:08:58:58 +0800] "GET /xingrg/images/blue/kc_tab2_left.gif HTTP/1.1" 304 -
120.253.135.82 - - [26/Jul/2023:08:58:58 +0800] "GET /xingrg/images/blue/kc_tab2_right.gif HTTP/1.1" 304 -
120.253.135.82 - - [26/Jul/2023:08:58:58 +0800] "GET /xingrg/images/blue/kc_tab_right.gif HTTP/1.1" 304 -
120.253.135.82 - - [26/Jul/2023:08:58:58 +0800] "GET /xingrg/images/blue/kc_tab_left.gif HTTP/1.1" 304 -
120.253.135.82 - - [26/Jul/2023:08:58:58 +0800] "GET /xingrg/images/blue/wait.gif HTTP/1.1" 304 -
124.78.155.92 - - [26/Jul/2023:08:58:59 +0800] "GET /xingrg/all/function/internal_message.html?_=1690333140395&CODE_STATE=getMsg HTTP/1.1" 200 27
101.83.145.37 - - [26/Jul/2023:08:58:59 +0800] "POST /xingrg/kc/buy/cgsh_order_operate.html HTTP/1.1" 200 37
120.253.135.82 - - [26/Jul/2023:08:58:59 +0800] "POST /xingrg/dwr/call/plaincall/AjaxQqpsService.loadMaterielItems.dwr HTTP/1.1" 200 697
101.83.145.37 - - [26/Jul/2023:08:59:01 +0800] "POST /xingrg/kc/buy/cgsh_order_operate.html HTTP/1.1" 200 3245
222.70.180.90 - - [26/Jul/2023:08:59:02 +0800] "GET /xingrg/all/function/internal_message.html?_=1690333142286&CODE_STATE=getMsg HTTP/1.1" 200 27
120.253.135.82 - - [26/Jul/2023:08:59:07 +0800] "GET /xingrg/all/function/internal_message.html?_=1690332969657&CODE_STATE=getMsg HTTP/1.1" 200 27
120.253.135.82 - - [26/Jul/2023:08:59:07 +0800] "GET /xingrg/javascript/jquery_easy_ui/themes/default/images/button_plain_hover.png HTTP/1.1" 304 -
120.253.135.82 - - [26/Jul/2023:08:59:10 +0800] "GET /xingrg/kc/pszx/mdqp_order_list.html?isBack=1 HTTP/1.1" 302 -
120.253.135.82 - - [26/Jul/2023:08:59:10 +0800] "GET /xingrg/images/yd/bt.gif HTTP/1.1" 404 1040
120.253.135.82 - - [26/Jul/2023:08:59:10 +0800] "GET /xingrg/images/yd/bt2.gif HTTP/1.1" 404 1042
120.253.135.82 - - [26/Jul/2023:08:59:10 +0800] "GET /xingrg/kc/pszx/mdqp_order_list.html?state=10 HTTP/1.1" 200 10709
120.253.135.82 - - [26/Jul/2023:08:59:10 +0800] "GET /xingrg/dwr/interface/AjaxQqpsService.js HTTP/1.1" 200 16326
120.253.135.82 - - [26/Jul/2023:08:59:10 +0800] "GET /xingrg/dwr/interface/AjaxReportQueryService.js HTTP/1.1" 200 13203
120.253.135.82 - - [26/Jul/2023:08:59:10 +0800] "GET /xingrg/dwr/engine.js HTTP/1.1" 200 43631
180.152.241.196 - - [26/Jul/2023:08:59:24 +0800] "GET /xingrg/all/function/internal_message.html?_=1690333164865&CODE_STATE=getMsg HTTP/1.1" 200 27
116.238.191.126 - - [26/Jul/2023:08:59:31 +0800] "GET /xingrg/kc/buy/cgsh_order_operate.html?command=get_materiel&rest_code=00150&code=00101008077&supplier_code=00100008&order_time=2023-07-26 HTTP/1.1" 200 416
222.70.245.33 - - [26/Jul/2023:08:59:35 +0800] "GET /xingrg/check_reg.html?_=1690333184521 HTTP/1.1" 200 22
222.70.245.33 - - [26/Jul/2023:08:59:35 +0800] "GET /xingrg/all/function/internal_message.html?_=1690333184929&CODE_STATE=getMsg HTTP/1.1" 200 27
116.232.195.127 - - [26/Jul/2023:08:59:40 +0800] "GET /xingrg/all/function/internal_message.html?_=1690333136624&CODE_STATE=getMsg HTTP/1.1" 200 27
114.85.113.108 - - [26/Jul/2023:08:59:40 +0800] "GET /xingrg/all/function/internal_message.html?_=1690333179862&CODE_STATE=getMsg HTTP/1.1" 200 27
114.85.113.108 - - [26/Jul/2023:08:59:40 +0800] "GET /xingrg/check_reg.html?_=1690333179863 HTTP/1.1" 200 22
116.238.191.126 - - [26/Jul/2023:08:59:41 +0800] "GET /xingrg/kc/buy/cgsh_order_operate.html?command=get_materiel&rest_code=00150&code=00101008223&supplier_code=00100008&order_time=2023-07-26 HTTP/1.1" 200 412
116.238.191.126 - - [26/Jul/2023:08:59:47 +0800] "GET /xingrg/check_reg.html?_=1690333073831 HTTP/1.1" 200 22
116.238.191.126 - - [26/Jul/2023:08:59:47 +0800] "GET /xingrg/all/function/internal_message.html?_=1690333073956&CODE_STATE=getMsg HTTP/1.1" 200 27
120.253.135.82 - - [26/Jul/2023:08:59:49 +0800] "GET /xingrg/all/function/internal_message.html?_=1690333329180&CODE_STATE=getMsg HTTP/1.1" 200 27
116.238.191.126 - - [26/Jul/2023:08:59:56 +0800] "GET /xingrg/kc/buy/cgsh_order_operate.html?command=get_materiel&rest_code=00150&code=00101008357&supplier_code=00100008&order_time=2023-07-26 HTTP/1.1" 200 408
120.253.135.82 - - [26/Jul/2023:08:59:57 +0800] "GET /xingrg/kc/pszx/mdqp_order_list.html?state=10 HTTP/1.1" 200 10709
120.253.135.82 - - [26/Jul/2023:08:59:57 +0800] "GET /xingrg/dwr/interface/AjaxQqpsService.js HTTP/1.1" 200 16326
120.253.135.82 - - [26/Jul/2023:08:59:57 +0800] "GET /xingrg/dwr/interface/AjaxReportQueryService.js HTTP/1.1" 200 13203
120.253.135.82 - - [26/Jul/2023:08:59:57 +0800] "GET /xingrg/dwr/engine.js HTTP/1.1" 200 43631
124.78.155.92 - - [26/Jul/2023:08:59:59 +0800] "GET /xingrg/all/function/internal_message.html?_=1690333200398&CODE_STATE=getMsg HTTP/1.1" 200 27
222.70.180.90 - - [26/Jul/2023:09:00:02 +0800] "GET /xingrg/all/function/internal_message.html?_=1690333202286&CODE_STATE=getMsg HTTP/1.1" 200 27
222.70.180.90 - - [26/Jul/2023:09:00:02 +0800] "GET /xingrg/check_reg.html?_=1690333202289 HTTP/1.1" 200 22
116.238.191.126 - - [26/Jul/2023:09:00:06 +0800] "GET /xingrg/kc/buy/cgsh_order_operate.html?command=get_materiel&rest_code=00150&code=00101008069&supplier_code=00100008&order_time=2023-07-26 HTTP/1.1" 200 412
120.253.135.82 - - [26/Jul/2023:09:00:07 +0800] "GET /xingrg/all/function/internal_message.html?_=1690333029670&CODE_STATE=getMsg HTTP/1.1" 200 27
120.253.135.82 - - [26/Jul/2023:09:00:12 +0800] "GET /xingrg/kc/pszx/mdqp_order_list.html?state=10 HTTP/1.1" 200 10709
120.253.135.82 - - [26/Jul/2023:09:00:12 +0800] "GET /xingrg/dwr/interface/AjaxQqpsService.js HTTP/1.1" 200 16326
120.253.135.82 - - [26/Jul/2023:09:00:12 +0800] "GET /xingrg/dwr/interface/AjaxReportQueryService.js HTTP/1.1" 200 13203
120.253.135.82 - - [26/Jul/2023:09:00:12 +0800] "GET /xingrg/dwr/engine.js HTTP/1.1" 200 43631
120.253.135.82 - - [26/Jul/2023:09:00:16 +0800] "GET /xingrg/kc/pszx/mdps_order_list.html?orderType=0 HTTP/1.1" 200 21073
120.253.135.82 - - [26/Jul/2023:09:00:16 +0800] "POST /xingrg/kc/pszx/mdps_list_operate.html HTTP/1.1" 200 5356
180.152.241.196 - - [26/Jul/2023:09:00:24 +0800] "GET /xingrg/check_reg.html?_=1690333224315 HTTP/1.1" 200 22
180.152.241.196 - - [26/Jul/2023:09:00:24 +0800] "GET /xingrg/all/function/internal_message.html?_=1690333224850&CODE_STATE=getMsg HTTP/1.1" 200 27
116.232.195.127 - - [26/Jul/2023:09:00:32 +0800] "POST /xingrg/services/DataTransmitService HTTP/1.1" 200 524
116.238.191.126 - - [26/Jul/2023:09:00:34 +0800] "POST /xingrg/kc/buy/cgsh_order_operate.html HTTP/1.1" 200 37
222.70.245.33 - - [26/Jul/2023:09:00:35 +0800] "GET /xingrg/all/function/internal_message.html?_=1690333244940&CODE_STATE=getMsg HTTP/1.1" 200 27
116.232.195.127 - - [26/Jul/2023:09:00:40 +0800] "GET /xingrg/all/function/internal_message.html?_=1690333196634&CODE_STATE=getMsg HTTP/1.1" 200 27
116.238.191.126 - - [26/Jul/2023:09:00:40 +0800] "POST /xingrg/kc/buy/cgsh_order_operate.html HTTP/1.1" 200 22190
114.85.113.108 - - [26/Jul/2023:09:00:40 +0800] "GET /xingrg/all/function/internal_message.html?_=1690333239862&CODE_STATE=getMsg HTTP/1.1" 200 27
116.238.191.126 - - [26/Jul/2023:09:00:47 +0800] "GET /xingrg/all/function/internal_message.html?_=1690333133969&CODE_STATE=getMsg HTTP/1.1" 200 27
120.253.135.82 - - [26/Jul/2023:09:00:49 +0800] "GET /xingrg/all/function/internal_message.html?_=1690333389206&CODE_STATE=getMsg HTTP/1.1" 200 27
116.238.191.126 - - [26/Jul/2023:09:00:56 +0800] "GET /xingrg/kc/buy/cgsh_order_operate.html?command=get_materiel&rest_code=00150&code=00101008286&supplier_code=00100008&order_time=2023-07-26 HTTP/1.1" 200 408
180.163.30.76 - - [26/Jul/2023:09:00:59 +0800] "GET /xingrg/all/function/internal_message.html?_=1690333200398&CODE_STATE=getMsg HTTP/1.1" 302 -
180.163.30.76 - - [26/Jul/2023:09:00:59 +0800] "GET /xingrg/login.html HTTP/1.1" 200 7641
124.78.155.92 - - [26/Jul/2023:09:00:59 +0800] "GET /xingrg/all/function/internal_message.html?_=1690333260406&CODE_STATE=getMsg HTTP/1.1" 200 27
124.78.155.92 - - [26/Jul/2023:09:00:59 +0800] "GET /xingrg/check_reg.html?_=1690333260415 HTTP/1.1" 200 22
222.70.180.90 - - [26/Jul/2023:09:01:02 +0800] "GET /xingrg/all/function/internal_message.html?_=1690333262286&CODE_STATE=getMsg HTTP/1.1" 200 27
120.253.135.82 - - [26/Jul/2023:09:01:07 +0800] "GET /xingrg/all/function/internal_message.html?_=1690333089740&CODE_STATE=getMsg HTTP/1.1" 200 27
116.238.191.126 - - [26/Jul/2023:09:01:08 +0800] "GET /xingrg/kc/buy/cgsh_order_operate.html?command=get_materiel&rest_code=00150&code=00101008131&supplier_code=00100008&order_time=2023-07-26 HTTP/1.1" 200 409
116.238.191.126 - - [26/Jul/2023:09:01:18 +0800] "GET /xingrg/kc/buy/cgsh_order_operate.html?command=get_materiel&rest_code=00150&code=00101008694&supplier_code=00100008&order_time=2023-07-26 HTTP/1.1" 200 420
180.152.241.196 - - [26/Jul/2023:09:01:24 +0800] "GET /xingrg/all/function/internal_message.html?_=1690333284840&CODE_STATE=getMsg HTTP/1.1" 200 27
116.238.191.126 - - [26/Jul/2023:09:01:26 +0800] "GET /xingrg/kc/buy/cgsh_order_operate.html?command=get_materiel&rest_code=00150&code=00101008318&supplier_code=00100008&order_time=2023-07-26 HTTP/1.1" 200 408
101.228.187.155 - - [26/Jul/2023:09:01:31 +0800] "GET /favicon.ico HTTP/1.1" 404 -
116.238.191.126 - - [26/Jul/2023:09:01:34 +0800] "GET /xingrg/kc/buy/cgsh_order_operate.html?command=get_materiel&rest_code=00150&code=00101008371&supplier_code=00100008&order_time=2023-07-26 HTTP/1.1" 200 412
222.70.245.33 - - [26/Jul/2023:09:01:35 +0800] "GET /xingrg/all/function/internal_message.html?_=1690333304956&CODE_STATE=getMsg HTTP/1.1" 200 27
222.70.245.33 - - [26/Jul/2023:09:01:36 +0800] "GET /xingrg/kc/buy/cgsh_order_operate.html?command=get_materiel&rest_code=00146&code=00101008350&supplier_code=00100005&order_time=2023-07-26 HTTP/1.1" 200 408
101.228.187.155 - - [26/Jul/2023:09:01:36 +0800] "GET /xingrg/login.html HTTP/1.1" 200 7641
101.228.187.155 - - [26/Jul/2023:09:01:36 +0800] "GET /xingrg/images/blue/jxLogo.png HTTP/1.1" 304 -
101.228.187.155 - - [26/Jul/2023:09:01:37 +0800] "GET /xingrg/images/blue/login_bg.png HTTP/1.1" 304 -
101.228.187.155 - - [26/Jul/2023:09:01:37 +0800] "GET /xingrg/images/blue/hj.png HTTP/1.1" 304 -
101.228.187.155 - - [26/Jul/2023:09:01:37 +0800] "GET /xingrg/images/blue/srbg.png HTTP/1.1" 304 -
101.228.187.155 - - [26/Jul/2023:09:01:37 +0800] "GET /favicon.ico HTTP/1.1" 404 -
116.232.195.127 - - [26/Jul/2023:09:01:40 +0800] "GET /xingrg/all/function/internal_message.html?_=1690333256624&CODE_STATE=getMsg HTTP/1.1" 200 27
114.85.113.108 - - [26/Jul/2023:09:01:40 +0800] "GET /xingrg/all/function/internal_message.html?_=1690333299860&CODE_STATE=getMsg HTTP/1.1" 200 27
101.228.187.155 - - [26/Jul/2023:09:01:43 +0800] "POST /xingrg/login.do HTTP/1.1" 302 -
101.228.187.155 - - [26/Jul/2023:09:01:43 +0800] "GET /xingrg/index.html?sysBaseUrl=http%3A%2F%2F180.169.147.146%3A18081%2Fxingrg%2F&costTime=1606×tamp=1690333303352 HTTP/1.1" 200 17179
101.228.187.155 - - [26/Jul/2023:09:01:43 +0800] "GET /xingrg/javascript/jquery_easy_ui/themes/default/easyui.css HTTP/1.1" 304 -
101.228.187.155 - - [26/Jul/2023:09:01:43 +0800] "GET /xingrg/javascript/jquery_easy_ui/themes/icon.css HTTP/1.1" 304 -
101.228.187.155 - - [26/Jul/2023:09:01:43 +0800] "GET /xingrg/css/form.css HTTP/1.1" 304 -
101.228.187.155 - - [26/Jul/2023:09:01:43 +0800] "GET /xingrg/javascript/jquery_easy_ui/easyui-lang-zh_CN.js HTTP/1.1" 304 -
101.228.187.155 - - [26/Jul/2023:09:01:43 +0800] "GET /xingrg/javascript/jquery-1.4.2.min.js HTTP/1.1" 304 -
101.228.187.155 - - [26/Jul/2023:09:01:43 +0800] "GET /xingrg/javascript/jquery_easy_ui/jquery.easyui.min.js HTTP/1.1" 304 -
101.228.187.155 - - [26/Jul/2023:09:01:43 +0800] "GET /xingrg/javascript/jquery.form.js HTTP/1.1" 304 -
101.228.187.155 - - [26/Jul/2023:09:01:43 +0800] "GET /xingrg/javascript/jquery.utils.js HTTP/1.1" 304 -
101.228.187.155 - - [26/Jul/2023:09:01:43 +0800] "GET /xingrg/javascript/jquery.timers.js HTTP/1.1" 304 -
101.228.187.155 - - [26/Jul/2023:09:01:43 +0800] "GET /favicon.ico HTTP/1.1" 404 -
101.228.187.155 - - [26/Jul/2023:09:01:43 +0800] "GET /xingrg/images/blue/navBackgound.jpg HTTP/1.1" 304 -
101.228.187.155 - - [26/Jul/2023:09:01:43 +0800] "GET /xingrg/javascript/jquery_easy_ui/themes/icons/settle_new.png HTTP/1.1" 304 -
101.228.187.155 - - [26/Jul/2023:09:01:43 +0800] "GET /xingrg/all/function/internal_message.html?_=1690333304003&CODE_STATE=count HTTP/1.1" 200 11
101.228.187.155 - - [26/Jul/2023:09:01:43 +0800] "GET /xingrg/check_reg.html?_=1690333304004 HTTP/1.1" 200 22
101.228.187.155 - - [26/Jul/2023:09:01:44 +0800] "GET /xingrg/images/blue/pingpu.png HTTP/1.1" 304 -
101.228.187.155 - - [26/Jul/2023:09:01:44 +0800] "GET /xingrg/javascript/jquery_easy_ui/themes/default/images/tabs_leftarrow.png HTTP/1.1" 304 -
101.228.187.155 - - [26/Jul/2023:09:01:44 +0800] "GET /xingrg/javascript/jquery_easy_ui/themes/default/images/tabs_rightarrow.png HTTP/1.1" 304 -
101.228.187.155 - - [26/Jul/2023:09:01:44 +0800] "GET /xingrg/javascript/jquery_easy_ui/themes/default/images/panel_tool_collapse.gif HTTP/1.1" 304 -
101.228.187.155 - - [26/Jul/2023:09:01:44 +0800] "POST /xingrg/all/common/load_tree.html?tree=area_rest_tree_json&manage=1 HTTP/1.1" 200 351
101.228.187.155 - - [26/Jul/2023:09:01:44 +0800] "POST /xingrg/load_menu.html HTTP/1.1" 200 5138
101.228.187.155 - - [26/Jul/2023:09:01:44 +0800] "GET /xingrg/javascript/jquery_easy_ui/themes/default/images/tree_arrows.gif HTTP/1.1" 304 -
101.228.187.155 - - [26/Jul/2023:09:01:44 +0800] "GET /xingrg/javascript/jquery_easy_ui/themes/default/images/tree_folder_open.gif HTTP/1.1" 304 -
101.228.187.155 - - [26/Jul/2023:09:01:44 +0800] "GET /xingrg/javascript/jquery_easy_ui/themes/icons/search_new.png HTTP/1.1" 304 -
101.228.187.155 - - [26/Jul/2023:09:01:44 +0800] "GET /xingrg/javascript/jquery_easy_ui/themes/default/images/tree_folder.gif HTTP/1.1" 304 -
101.228.187.155 - - [26/Jul/2023:09:01:44 +0800] "GET /xingrg/javascript/jquery_easy_ui/themes/icons/storage_new.png HTTP/1.1" 304 -
101.228.187.155 - - [26/Jul/2023:09:01:44 +0800] "GET /xingrg/javascript/jquery_easy_ui/themes/default/images/tree_file.gif HTTP/1.1" 304 -
101.228.187.155 - - [26/Jul/2023:09:01:44 +0800] "GET /xingrg/javascript/jquery_easy_ui/themes/icons/forms_new.png HTTP/1.1" 304 -
116.238.191.126 - - [26/Jul/2023:09:01:46 +0800] "POST /xingrg/kc/buy/cgsh_order_operate.html HTTP/1.1" 200 37
116.238.191.126 - - [26/Jul/2023:09:01:47 +0800] "GET /xingrg/all/function/internal_message.html?_=1690333193983&CODE_STATE=getMsg HTTP/1.1" 200 27
222.70.245.33 - - [26/Jul/2023:09:01:48 +0800] "GET /xingrg/kc/buy/cgsh_order_operate.html?command=get_materiel&rest_code=00146&code=00101008185&supplier_code=00100005&order_time=2023-07-26 HTTP/1.1" 200 408
120.253.135.82 - - [26/Jul/2023:09:01:49 +0800] "GET /xingrg/all/function/internal_message.html?_=1690333449183&CODE_STATE=getMsg HTTP/1.1" 200 27
116.238.191.126 - - [26/Jul/2023:09:01:49 +0800] "POST /xingrg/kc/buy/cgsh_order_operate.html HTTP/1.1" 200 25148
101.228.187.155 - - [26/Jul/2023:09:01:49 +0800] "GET /xingrg/javascript/jquery_easy_ui/themes/icons/area.png HTTP/1.1" 304 -
101.228.187.155 - - [26/Jul/2023:09:01:49 +0800] "GET /xingrg/javascript/jquery_easy_ui/themes/icons/rest.png HTTP/1.1" 304 -
124.78.155.92 - - [26/Jul/2023:09:01:59 +0800] "GET /xingrg/all/function/internal_message.html?_=1690333320401&CODE_STATE=getMsg HTTP/1.1" 200 27
222.70.245.33 - - [26/Jul/2023:09:02:06 +0800] "GET /xingrg/kc/buy/cgsh_order_operate.html?command=get_materiel&rest_code=00146&code=00101008096&supplier_code=00100005&order_time=2023-07-26 HTTP/1.1" 200 412
120.253.135.82 - - [26/Jul/2023:09:02:07 +0800] "GET /xingrg/all/function/internal_message.html?_=1690333149744&CODE_STATE=getMsg HTTP/1.1" 200 27
222.70.245.33 - - [26/Jul/2023:09:02:13 +0800] "POST /xingrg/kc/buy/cgsh_order_operate.html HTTP/1.1" 200 2065
180.152.241.196 - - [26/Jul/2023:09:02:24 +0800] "GET /xingrg/all/function/internal_message.html?_=1690333344829&CODE_STATE=getMsg HTTP/1.1" 200 27
222.70.245.33 - - [26/Jul/2023:09:02:35 +0800] "GET /xingrg/all/function/internal_message.html?_=1690333364968&CODE_STATE=getMsg HTTP/1.1" 200 27
116.232.195.127 - - [26/Jul/2023:09:02:40 +0800] "GET /xingrg/all/function/internal_message.html?_=1690333316640&CODE_STATE=getMsg HTTP/1.1" 200 27
114.85.113.108 - - [26/Jul/2023:09:02:40 +0800] "GET /xingrg/all/function/internal_message.html?_=1690333359860&CODE_STATE=getMsg HTTP/1.1" 200 27
222.70.245.33 - - [26/Jul/2023:09:02:41 +0800] "POST /xingrg/kc/buy/cgsh_order_operate.html HTTP/1.1" 200 37
101.228.187.155 - - [26/Jul/2023:09:02:44 +0800] "GET /xingrg/all/function/internal_message.html?_=1690333364015&CODE_STATE=getMsg HTTP/1.1" 200 27
116.238.191.126 - - [26/Jul/2023:09:02:47 +0800] "GET /xingrg/all/function/internal_message.html?_=1690333254083&CODE_STATE=getMsg HTTP/1.1" 200 27
120.253.135.82 - - [26/Jul/2023:09:02:49 +0800] "GET /xingrg/all/function/internal_message.html?_=1690333509188&CODE_STATE=getMsg HTTP/1.1" 200 27
120.253.135.82 - - [26/Jul/2023:09:02:49 +0800] "GET /xingrg/check_reg.html?_=1690333509189 HTTP/1.1" 200 22
124.78.155.92 - - [26/Jul/2023:09:02:59 +0800] "GET /xingrg/all/function/internal_message.html?_=1690333380402&CODE_STATE=getMsg HTTP/1.1" 200 27
120.253.135.82 - - [26/Jul/2023:09:03:07 +0800] "GET /xingrg/all/function/internal_message.html?_=1690333209829&CODE_STATE=getMsg HTTP/1.1" 200 27
116.238.191.126 - - [26/Jul/2023:09:03:16 +0800] "GET /xingrg/kc/buy/cgsh_order_operate.html?command=get_materiel&rest_code=00150&code=00101008005&supplier_code=00100008&order_time=2023-07-26 HTTP/1.1" 200 412
180.152.241.196 - - [26/Jul/2023:09:03:24 +0800] "GET /xingrg/all/function/internal_message.html?_=1690333404812&CODE_STATE=getMsg HTTP/1.1" 200 27
116.238.191.126 - - [26/Jul/2023:09:03:30 +0800] "GET /xingrg/kc/buy/cgsh_order_operate.html?command=get_materiel&rest_code=00150&code=00101008353&supplier_code=00100008&order_time=2023-07-26 HTTP/1.1" 200 408
120.253.135.82 - - [26/Jul/2023:09:03:36 +0800] "GET /xingrg/check_reg.html?_=1690333238682 HTTP/1.1" 200 22
116.238.191.126 - - [26/Jul/2023:09:03:38 +0800] "GET /xingrg/kc/buy/cgsh_order_operate.html?command=get_materiel&rest_code=00150&code=00101008312&supplier_code=00100008&order_time=2023-07-26 HTTP/1.1" 200 412
101.228.187.155 - - [26/Jul/2023:09:03:40 +0800] "GET /xingrg/javascript/jquery_easy_ui/themes/default/images/tabs_close.gif HTTP/1.1" 304 -
116.232.195.127 - - [26/Jul/2023:09:03:40 +0800] "GET /xingrg/check_reg.html?_=1690333376636 HTTP/1.1" 200 22
116.232.195.127 - - [26/Jul/2023:09:03:40 +0800] "GET /xingrg/all/function/internal_message.html?_=1690333376643&CODE_STATE=getMsg HTTP/1.1" 200 27
114.85.113.108 - - [26/Jul/2023:09:03:40 +0800] "GET /xingrg/all/function/internal_message.html?_=1690333419866&CODE_STATE=getMsg HTTP/1.1" 200 27
101.228.187.155 - - [26/Jul/2023:09:03:41 +0800] "GET /xingrg/kc/buy/cgsh_order_list.html HTTP/1.1" 200 55948
101.228.187.155 - - [26/Jul/2023:09:03:41 +0800] "GET /xingrg/css/base.css HTTP/1.1" 304 -
101.228.187.155 - - [26/Jul/2023:09:03:41 +0800] "GET /xingrg/css/site.css HTTP/1.1" 304 -
101.228.187.155 - - [26/Jul/2023:09:03:41 +0800] "GET /xingrg/javascript/auto/jquery.autocomplete.css HTTP/1.1" 304 -
101.228.187.155 - - [26/Jul/2023:09:03:41 +0800] "GET /xingrg/javascript/jquery_tools/table.css HTTP/1.1" 304 -
101.228.187.155 - - [26/Jul/2023:09:03:41 +0800] "GET /xingrg/javascript/easyui/themes/default/easyui.css HTTP/1.1" 304 -
101.228.187.155 - - [26/Jul/2023:09:03:41 +0800] "GET /xingrg/javascript/jquery_tools/datebox.css HTTP/1.1" 304 -
101.228.187.155 - - [26/Jul/2023:09:03:41 +0800] "GET /xingrg/javascript/easyui/themes/icon.css HTTP/1.1" 304 -
101.228.187.155 - - [26/Jul/2023:09:03:41 +0800] "GET /xingrg/javascript/jquery_tools/fix.css HTTP/1.1" 304 -
101.228.187.155 - - [26/Jul/2023:09:03:41 +0800] "GET /xingrg/javascript/jquery_tools/jquery.tools.min.js HTTP/1.1" 304 -
101.228.187.155 - - [26/Jul/2023:09:03:41 +0800] "GET /xingrg/javascript/jquery_tools/jquery.tools.extend.js HTTP/1.1" 304 -
101.228.187.155 - - [26/Jul/2023:09:03:41 +0800] "GET /xingrg/javascript/jquery_tools/jquery.tools.table.js HTTP/1.1" 304 -
101.228.187.155 - - [26/Jul/2023:09:03:41 +0800] "GET /xingrg/javascript/jquery_tools/list_manager.js HTTP/1.1" 304 -
101.228.187.155 - - [26/Jul/2023:09:03:41 +0800] "GET /xingrg/javascript/jquery_tools/jquery.tools.hotkey.js HTTP/1.1" 304 -
101.228.187.155 - - [26/Jul/2023:09:03:41 +0800] "GET /xingrg/javascript/auto/jquery.autocomplete.js HTTP/1.1" 304 -
101.228.187.155 - - [26/Jul/2023:09:03:41 +0800] "GET /xingrg/javascript/easyui/easyloader.js HTTP/1.1" 304 -
101.228.187.155 - - [26/Jul/2023:09:03:41 +0800] "GET /xingrg/javascript/jquery.cookie.js HTTP/1.1" 304 -
101.228.187.155 - - [26/Jul/2023:09:03:41 +0800] "GET /xingrg/javascript/print/LodopFuncs.js HTTP/1.1" 304 -
101.228.187.155 - - [26/Jul/2023:09:03:41 +0800] "GET /xingrg/javascript/easyui/themes/icons/edit_add_new.png HTTP/1.1" 304 -
101.228.187.155 - - [26/Jul/2023:09:03:41 +0800] "GET /xingrg/javascript/easyui/themes/icons/cance_new.png HTTP/1.1" 304 -
101.228.187.155 - - [26/Jul/2023:09:03:41 +0800] "GET /xingrg/javascript/easyui/themes/icons/check_new.png HTTP/1.1" 304 -
101.228.187.155 - - [26/Jul/2023:09:03:41 +0800] "GET /xingrg/javascript/easyui/themes/icons/field_new.png HTTP/1.1" 304 -
101.228.187.155 - - [26/Jul/2023:09:03:41 +0800] "GET /xingrg/javascript/easyui/themes/icons/import_new.png HTTP/1.1" 304 -
101.228.187.155 - - [26/Jul/2023:09:03:41 +0800] "GET /xingrg/javascript/easyui/plugins/jquery.parser.js HTTP/1.1" 304 -
101.228.187.155 - - [26/Jul/2023:09:03:41 +0800] "GET /xingrg/images/control/ajaxLoader.gif HTTP/1.1" 304 -
101.228.187.155 - - [26/Jul/2023:09:03:44 +0800] "GET /xingrg/all/function/internal_message.html?_=1690333424010&CODE_STATE=getMsg HTTP/1.1" 200 27
116.238.191.126 - - [26/Jul/2023:09:03:47 +0800] "GET /xingrg/all/function/internal_message.html?_=1690333314088&CODE_STATE=getMsg HTTP/1.1" 200 27
120.253.135.82 - - [26/Jul/2023:09:03:49 +0800] "GET /xingrg/all/function/internal_message.html?_=1690333569192&CODE_STATE=getMsg HTTP/1.1" 200 27
101.228.187.155 - - [26/Jul/2023:09:03:51 +0800] "POST /xingrg/kc/buy/cgsh_list_operate.html HTTP/1.1" 200 2741
116.238.191.126 - - [26/Jul/2023:09:03:51 +0800] "GET /xingrg/kc/buy/cgsh_order_operate.html?command=get_materiel&rest_code=00150&code=00101008150&supplier_code=00100008&order_time=2023-07-26 HTTP/1.1" 200 409
101.228.187.155 - - [26/Jul/2023:09:03:56 +0800] "GET /xingrg/javascript/easyui/themes/default/images/button_plain_hover.png HTTP/1.1" 304 -
101.228.187.155 - - [26/Jul/2023:09:03:59 +0800] "GET /xingrg/kc/buy/cgsh_order_add.html HTTP/1.1" 200 70843
101.228.187.155 - - [26/Jul/2023:09:03:59 +0800] "GET /xingrg/javascript/pic_change.js HTTP/1.1" 304 -
124.78.155.92 - - [26/Jul/2023:09:03:59 +0800] "GET /xingrg/all/function/internal_message.html?_=1690333440404&CODE_STATE=getMsg HTTP/1.1" 200 27
101.228.187.155 - - [26/Jul/2023:09:03:59 +0800] "GET /xingrg/javascript/jquery_tools/order_manager.js HTTP/1.1" 304 -
101.228.187.155 - - [26/Jul/2023:09:03:59 +0800] "GET /xingrg/javascript/json2.js HTTP/1.1" 304 -
101.228.187.155 - - [26/Jul/2023:09:03:59 +0800] "GET /xingrg/javascript/convert.js HTTP/1.1" 304 -
101.228.187.155 - - [26/Jul/2023:09:03:59 +0800] "GET /xingrg/javascript/print/kc_print.js HTTP/1.1" 304 -
101.228.187.155 - - [26/Jul/2023:09:03:59 +0800] "GET /xingrg/words/20230725151705_words.js HTTP/1.1" 200 974528
180.163.28.109 - - [26/Jul/2023:09:03:59 +0800] "GET /xingrg/all/function/internal_message.html?_=1690333380402&CODE_STATE=getMsg HTTP/1.1" 302 -
101.228.187.155 - - [26/Jul/2023:09:03:59 +0800] "GET /xingrg/javascript/easyui/themes/icons/copy_new.png HTTP/1.1" 304 -
101.228.187.155 - - [26/Jul/2023:09:03:59 +0800] "GET /xingrg/javascript/easyui/themes/icons/ok.png HTTP/1.1" 304 -
101.228.187.155 - - [26/Jul/2023:09:03:59 +0800] "GET /xingrg/javascript/easyui/themes/icons/template_new.png HTTP/1.1" 304 -
101.228.187.155 - - [26/Jul/2023:09:03:59 +0800] "GET /xingrg/javascript/easyui/themes/icons/print.png HTTP/1.1" 304 -
101.228.187.155 - - [26/Jul/2023:09:03:59 +0800] "GET /xingrg/javascript/easyui/themes/default/images/menu_downarrow.png HTTP/1.1" 304 -
101.228.187.155 - - [26/Jul/2023:09:03:59 +0800] "GET /xingrg/javascript/easyui/themes/icons/cancel.png HTTP/1.1" 304 -
180.163.28.109 - - [26/Jul/2023:09:03:59 +0800] "GET /xingrg/login.html HTTP/1.1" 200 7641
101.228.187.155 - - [26/Jul/2023:09:03:59 +0800] "POST /xingrg/kc/buy/cgsh_order_operate.html HTTP/1.1" 200 8245
101.228.187.155 - - [26/Jul/2023:09:03:59 +0800] "GET /xingrg/javascript/easyui/themes/default/validatebox.css HTTP/1.1" 404 1104
101.228.187.155 - - [26/Jul/2023:09:03:59 +0800] "GET /xingrg/javascript/easyui/plugins/jquery.validatebox.js HTTP/1.1" 304 -
101.228.187.155 - - [26/Jul/2023:09:04:00 +0800] "GET /xingrg/javascript/easyui/themes/icons/edit_remove.png HTTP/1.1" 304 -
101.228.187.155 - - [26/Jul/2023:09:04:00 +0800] "GET /xingrg/javascript/easyui/plugins/jquery.numberbox.js HTTP/1.1" 304 -
101.228.187.155 - - [26/Jul/2023:09:04:00 +0800] "GET /xingrg/all/common/auto_word.html?type=employee&rest_code=00142 HTTP/1.1" 200 105
101.228.187.155 - - [26/Jul/2023:09:04:00 +0800] "GET /xingrg/all/common/auto_word.html?type=employee&rest_code=00142 HTTP/1.1" 200 105
116.238.191.126 - - [26/Jul/2023:09:04:06 +0800] "POST /xingrg/kc/buy/cgsh_order_operate.html HTTP/1.1" 200 37
120.253.135.82 - - [26/Jul/2023:09:04:07 +0800] "GET /xingrg/all/function/internal_message.html?_=1690333269833&CODE_STATE=getMsg HTTP/1.1" 200 27
116.238.191.126 - - [26/Jul/2023:09:04:10 +0800] "POST /xingrg/kc/buy/cgsh_order_operate.html HTTP/1.1" 200 28101
116.238.191.126 - - [26/Jul/2023:09:04:20 +0800] "GET /xingrg/kc/buy/cgsh_order_operate.html?command=get_materiel&rest_code=00150&code=00101009015&supplier_code=00100008&order_time=2023-07-26 HTTP/1.1" 200 416
180.152.241.196 - - [26/Jul/2023:09:04:24 +0800] "GET /xingrg/all/function/internal_message.html?_=1690333464783&CODE_STATE=getMsg HTTP/1.1" 200 27
120.253.135.82 - - [26/Jul/2023:09:04:28 +0800] "GET /xingrg/all/function/internal_message.html?_=1690333609062&CODE_STATE=getMsg HTTP/1.1" 200 27
116.238.191.126 - - [26/Jul/2023:09:04:37 +0800] "GET /xingrg/kc/buy/cgsh_order_operate.html?command=get_materiel&rest_code=00150&code=00101008168&supplier_code=00100008&order_time=2023-07-26 HTTP/1.1" 200 413
116.232.195.127 - - [26/Jul/2023:09:04:40 +0800] "GET /xingrg/all/function/internal_message.html?_=1690333436640&CODE_STATE=getMsg HTTP/1.1" 200 27
114.85.113.108 - - [26/Jul/2023:09:04:40 +0800] "GET /xingrg/all/function/internal_message.html?_=1690333479865&CODE_STATE=getMsg HTTP/1.1" 200 27
114.85.113.108 - - [26/Jul/2023:09:04:41 +0800] "GET /xingrg/check_reg.html?_=1690333479866 HTTP/1.1" 200 22
101.228.187.155 - - [26/Jul/2023:09:04:44 +0800] "GET /xingrg/all/function/internal_message.html?_=1690333484017&CODE_STATE=getMsg HTTP/1.1" 200 27
116.238.191.126 - - [26/Jul/2023:09:04:47 +0800] "GET /xingrg/check_reg.html?_=1690333373841 HTTP/1.1" 200 22
116.238.191.126 - - [26/Jul/2023:09:04:47 +0800] "GET /xingrg/all/function/internal_message.html?_=1690333374103&CODE_STATE=getMsg HTTP/1.1" 200 27
222.70.245.33 - - [26/Jul/2023:09:04:54 +0800] "POST /xingrg/kc/buy/cgsh_order_operate.html HTTP/1.1" 200 18044
124.78.155.92 - - [26/Jul/2023:09:04:59 +0800] "GET /xingrg/all/function/internal_message.html?_=1690333500404&CODE_STATE=getMsg HTTP/1.1" 200 27
120.253.135.82 - - [26/Jul/2023:09:05:07 +0800] "GET /xingrg/all/function/internal_message.html?_=1690333329847&CODE_STATE=getMsg HTTP/1.1" 200 27
180.152.241.196 - - [26/Jul/2023:09:05:24 +0800] "GET /xingrg/check_reg.html?_=1690333524301 HTTP/1.1" 200 22
180.152.241.196 - - [26/Jul/2023:09:05:24 +0800] "GET /xingrg/all/function/internal_message.html?_=1690333524768&CODE_STATE=getMsg HTTP/1.1" 200 27
120.253.135.82 - - [26/Jul/2023:09:05:28 +0800] "GET /xingrg/all/function/internal_message.html?_=1690333669067&CODE_STATE=getMsg HTTP/1.1" 200 27
222.70.245.33 - - [26/Jul/2023:09:05:35 +0800] "GET /xingrg/all/function/internal_message.html?_=1690333545008&CODE_STATE=getMsg HTTP/1.1" 200 27
116.232.195.127 - - [26/Jul/2023:09:05:40 +0800] "GET /xingrg/all/function/internal_message.html?_=1690333496634&CODE_STATE=getMsg HTTP/1.1" 200 27
114.85.113.108 - - [26/Jul/2023:09:05:40 +0800] "GET /xingrg/all/function/internal_message.html?_=1690333539868&CODE_STATE=getMsg HTTP/1.1" 200 27
101.228.187.155 - - [26/Jul/2023:09:05:44 +0800] "GET /xingrg/all/function/internal_message.html?_=1690333544009&CODE_STATE=getMsg HTTP/1.1" 200 27
116.238.191.126 - - [26/Jul/2023:09:05:47 +0800] "GET /xingrg/all/function/internal_message.html?_=1690333434115&CODE_STATE=getMsg HTTP/1.1" 200 27
124.78.155.92 - - [26/Jul/2023:09:05:59 +0800] "GET /xingrg/all/function/internal_message.html?_=1690333560406&CODE_STATE=getMsg HTTP/1.1" 200 27
124.78.155.92 - - [26/Jul/2023:09:05:59 +0800] "GET /xingrg/check_reg.html?_=1690333560408 HTTP/1.1" 200 22
101.228.187.155 - - [26/Jul/2023:09:06:03 +0800] "GET /xingrg/javascript/auto/indicator.gif HTTP/1.1" 404 1066
120.253.135.82 - - [26/Jul/2023:09:06:07 +0800] "GET /xingrg/all/function/internal_message.html?_=1690333389933&CODE_STATE=getMsg HTTP/1.1" 200 27
180.152.241.196 - - [26/Jul/2023:09:06:24 +0800] "GET /xingrg/all/function/internal_message.html?_=1690333584752&CODE_STATE=getMsg HTTP/1.1" 200 27
120.253.135.82 - - [26/Jul/2023:09:06:28 +0800] "GET /xingrg/all/function/internal_message.html?_=1690333729071&CODE_STATE=getMsg HTTP/1.1" 200 27
222.70.245.33 - - [26/Jul/2023:09:06:35 +0800] "GET /xingrg/check_reg.html?_=1690333605022 HTTP/1.1" 200 22
222.70.245.33 - - [26/Jul/2023:09:06:35 +0800] "GET /xingrg/all/function/internal_message.html?_=1690333605025&CODE_STATE=getMsg HTTP/1.1" 200 27
