120.253.135.82 - - [26/Jul/2023:08:31:34 +0800] "GET /xingrg/all/function/internal_message.html?_=1690331635051&CODE_STATE=getMsg HTTP/1.1" 200 27
222.70.245.33 - - [26/Jul/2023:08:31:34 +0800] "GET /xingrg/all/function/internal_message.html?_=1690331504360&CODE_STATE=getMsg HTTP/1.1" 200 27
116.232.195.127 - - [26/Jul/2023:08:31:40 +0800] "GET /xingrg/all/function/internal_message.html?_=1690331456633&CODE_STATE=getMsg HTTP/1.1" 200 27
222.70.245.33 - - [26/Jul/2023:08:31:40 +0800] "GET /xingrg/kc/buy/cgsh_order_operate.html?command=get_materiel&rest_code=00146&code=00101008048&supplier_code=00100005&order_time=2023-07-26 HTTP/1.1" 200 420
114.85.113.108 - - [26/Jul/2023:08:31:40 +0800] "GET /xingrg/all/function/internal_message.html?_=1690331499814&CODE_STATE=getMsg HTTP/1.1" 200 27
222.70.245.33 - - [26/Jul/2023:08:31:54 +0800] "GET /xingrg/kc/buy/cgsh_order_operate.html?command=get_materiel&rest_code=00146&code=00101008126&supplier_code=00100005&order_time=2023-07-26 HTTP/1.1" 200 412
124.78.155.92 - - [26/Jul/2023:08:31:59 +0800] "GET /xingrg/all/function/internal_message.html?_=1690331520382&CODE_STATE=getMsg HTTP/1.1" 200 27
222.70.180.90 - - [26/Jul/2023:08:32:02 +0800] "GET /xingrg/all/function/internal_message.html?_=1690331522229&CODE_STATE=getMsg HTTP/1.1" 200 27
120.253.135.82 - - [26/Jul/2023:08:32:06 +0800] "GET /xingrg/all/function/internal_message.html?_=1690331348626&CODE_STATE=getMsg HTTP/1.1" 200 27
222.70.245.33 - - [26/Jul/2023:08:32:11 +0800] "GET /xingrg/kc/buy/cgsh_order_operate.html?command=get_materiel&rest_code=00146&code=00101008321&supplier_code=00100005&order_time=2023-07-26 HTTP/1.1" 200 412
222.70.245.33 - - [26/Jul/2023:08:32:31 +0800] "GET /xingrg/kc/buy/cgsh_order_operate.html?command=get_materiel&rest_code=00146&code=00101008137&supplier_code=00100005&order_time=2023-07-26 HTTP/1.1" 200 408
222.70.245.33 - - [26/Jul/2023:08:32:35 +0800] "GET /xingrg/all/function/internal_message.html?_=1690331564374&CODE_STATE=getMsg HTTP/1.1" 200 27
120.253.135.82 - - [26/Jul/2023:08:32:35 +0800] "GET /xingrg/all/function/internal_message.html?_=1690331696056&CODE_STATE=getMsg HTTP/1.1" 200 27
120.253.135.82 - - [26/Jul/2023:08:32:35 +0800] "GET /xingrg/check_reg.html?_=1690331696057 HTTP/1.1" 200 22
116.232.195.127 - - [26/Jul/2023:08:32:40 +0800] "GET /xingrg/all/function/internal_message.html?_=1690331516621&CODE_STATE=getMsg HTTP/1.1" 200 27
114.85.113.108 - - [26/Jul/2023:08:32:40 +0800] "GET /xingrg/all/function/internal_message.html?_=1690331559811&CODE_STATE=getMsg HTTP/1.1" 200 27
222.70.245.33 - - [26/Jul/2023:08:32:49 +0800] "GET /xingrg/kc/buy/cgsh_order_operate.html?command=get_materiel&rest_code=00146&code=00101008059&supplier_code=00100005&order_time=2023-07-26 HTTP/1.1" 200 408
124.78.155.92 - - [26/Jul/2023:08:32:59 +0800] "GET /xingrg/all/function/internal_message.html?_=1690331580376&CODE_STATE=getMsg HTTP/1.1" 200 27
222.70.180.90 - - [26/Jul/2023:08:33:02 +0800] "GET /xingrg/all/function/internal_message.html?_=1690331582229&CODE_STATE=getMsg HTTP/1.1" 200 27
120.253.135.82 - - [26/Jul/2023:08:33:06 +0800] "GET /xingrg/all/function/internal_message.html?_=1690331408632&CODE_STATE=getMsg HTTP/1.1" 200 27
222.70.245.33 - - [26/Jul/2023:08:33:07 +0800] "GET /xingrg/kc/buy/cgsh_order_operate.html?command=get_materiel&rest_code=00146&code=00101008155&supplier_code=00100005&order_time=2023-07-26 HTTP/1.1" 200 408
222.70.245.33 - - [26/Jul/2023:08:33:34 +0800] "GET /xingrg/kc/buy/cgsh_order_operate.html?command=get_materiel&rest_code=00146&code=00101008175&supplier_code=00100005&order_time=2023-07-26 HTTP/1.1" 200 412
222.70.245.33 - - [26/Jul/2023:08:33:35 +0800] "GET /xingrg/all/function/internal_message.html?_=1690331624386&CODE_STATE=getMsg HTTP/1.1" 200 27
120.253.135.82 - - [26/Jul/2023:08:33:36 +0800] "GET /xingrg/check_reg.html?_=1690331438592 HTTP/1.1" 200 22
120.253.135.82 - - [26/Jul/2023:08:33:36 +0800] "GET /xingrg/all/function/internal_message.html?_=1690331757069&CODE_STATE=getMsg HTTP/1.1" 200 27
116.232.195.127 - - [26/Jul/2023:08:33:40 +0800] "GET /xingrg/all/function/internal_message.html?_=1690331576626&CODE_STATE=getMsg HTTP/1.1" 200 27
116.232.195.127 - - [26/Jul/2023:08:33:40 +0800] "GET /xingrg/check_reg.html?_=1690331576628 HTTP/1.1" 200 22
114.85.113.108 - - [26/Jul/2023:08:33:40 +0800] "GET /xingrg/all/function/internal_message.html?_=1690331619811&CODE_STATE=getMsg HTTP/1.1" 200 27
222.70.245.33 - - [26/Jul/2023:08:33:54 +0800] "GET /xingrg/kc/buy/cgsh_order_operate.html?command=get_materiel&rest_code=00146&code=00101008176&supplier_code=00100005&order_time=2023-07-26 HTTP/1.1" 200 413
124.78.155.92 - - [26/Jul/2023:08:33:59 +0800] "GET /xingrg/all/function/internal_message.html?_=1690331640384&CODE_STATE=getMsg HTTP/1.1" 200 27
222.70.180.90 - - [26/Jul/2023:08:34:02 +0800] "GET /xingrg/all/function/internal_message.html?_=1690331642231&CODE_STATE=getMsg HTTP/1.1" 200 27
120.253.135.82 - - [26/Jul/2023:08:34:06 +0800] "GET /xingrg/all/function/internal_message.html?_=1690331468646&CODE_STATE=getMsg HTTP/1.1" 200 27
222.70.245.33 - - [26/Jul/2023:08:34:11 +0800] "GET /xingrg/kc/buy/cgsh_order_operate.html?command=get_materiel&rest_code=00146&code=00101008132&supplier_code=00100005&order_time=2023-07-26 HTTP/1.1" 200 408
222.70.245.33 - - [26/Jul/2023:08:34:28 +0800] "GET /xingrg/kc/buy/cgsh_order_operate.html?command=get_materiel&rest_code=00146&code=00101008244&supplier_code=00100005&order_time=2023-07-26 HTTP/1.1" 200 408
222.70.245.33 - - [26/Jul/2023:08:34:35 +0800] "GET /xingrg/check_reg.html?_=1690331684381 HTTP/1.1" 200 22
222.70.245.33 - - [26/Jul/2023:08:34:35 +0800] "GET /xingrg/all/function/internal_message.html?_=1690331684400&CODE_STATE=getMsg HTTP/1.1" 200 27
120.253.135.82 - - [26/Jul/2023:08:34:37 +0800] "GET /xingrg/all/function/internal_message.html?_=1690331818065&CODE_STATE=getMsg HTTP/1.1" 200 27
116.232.195.127 - - [26/Jul/2023:08:34:40 +0800] "GET /xingrg/all/function/internal_message.html?_=1690331636643&CODE_STATE=getMsg HTTP/1.1" 200 27
114.85.113.108 - - [26/Jul/2023:08:34:40 +0800] "GET /xingrg/all/function/internal_message.html?_=1690331679809&CODE_STATE=getMsg HTTP/1.1" 200 27
114.85.113.108 - - [26/Jul/2023:08:34:40 +0800] "GET /xingrg/check_reg.html?_=1690331679812 HTTP/1.1" 200 22
222.70.245.33 - - [26/Jul/2023:08:34:46 +0800] "GET /xingrg/kc/buy/cgsh_order_operate.html?command=get_materiel&rest_code=00146&code=00101008354&supplier_code=00100005&order_time=2023-07-26 HTTP/1.1" 200 412
124.78.155.92 - - [26/Jul/2023:08:34:59 +0800] "GET /xingrg/all/function/internal_message.html?_=1690331700372&CODE_STATE=getMsg HTTP/1.1" 200 27
222.70.180.90 - - [26/Jul/2023:08:35:02 +0800] "GET /xingrg/check_reg.html?_=1690331702264 HTTP/1.1" 200 22
222.70.180.90 - - [26/Jul/2023:08:35:02 +0800] "GET /xingrg/all/function/internal_message.html?_=1690331702260&CODE_STATE=getMsg HTTP/1.1" 200 27
222.70.245.33 - - [26/Jul/2023:08:35:03 +0800] "GET /xingrg/kc/buy/cgsh_order_operate.html?command=get_materiel&rest_code=00146&code=00101008351&supplier_code=00100005&order_time=2023-07-26 HTTP/1.1" 200 408
120.253.135.82 - - [26/Jul/2023:08:35:06 +0800] "GET /xingrg/all/function/internal_message.html?_=1690331528659&CODE_STATE=getMsg HTTP/1.1" 200 27
180.152.241.196 - - [26/Jul/2023:08:35:19 +0800] "GET /xingrg/login.html HTTP/1.1" 200 7641
180.152.241.196 - - [26/Jul/2023:08:35:19 +0800] "GET /xingrg/images/blue/jxLogo.png HTTP/1.1" 200 6156
180.152.241.196 - - [26/Jul/2023:08:35:19 +0800] "GET /xingrg/images/blue/login_bg.png HTTP/1.1" 200 22101
180.152.241.196 - - [26/Jul/2023:08:35:19 +0800] "GET /xingrg/images/blue/hj.png HTTP/1.1" 200 1014
180.152.241.196 - - [26/Jul/2023:08:35:19 +0800] "GET /xingrg/images/blue/srbg.png HTTP/1.1" 200 138
180.152.241.196 - - [26/Jul/2023:08:35:19 +0800] "GET /favicon.ico HTTP/1.1" 404 -
222.70.245.33 - - [26/Jul/2023:08:35:21 +0800] "POST /xingrg/kc/buy/cgsh_order_operate.html HTTP/1.1" 200 37
180.152.241.196 - - [26/Jul/2023:08:35:23 +0800] "POST /xingrg/login.do HTTP/1.1" 302 -
222.70.245.33 - - [26/Jul/2023:08:35:23 +0800] "POST /xingrg/kc/buy/cgsh_order_operate.html HTTP/1.1" 200 10367
180.152.241.196 - - [26/Jul/2023:08:35:24 +0800] "GET /xingrg/index.html?sysBaseUrl=http%3A%2F%2F180.169.147.146%3A18081%2Fxingrg%2F&costTime=1728×tamp=1690331723921 HTTP/1.1" 200 17173
180.152.241.196 - - [26/Jul/2023:08:35:24 +0800] "GET /xingrg/javascript/jquery_easy_ui/themes/default/easyui.css HTTP/1.1" 200 26500
180.152.241.196 - - [26/Jul/2023:08:35:24 +0800] "GET /xingrg/css/form.css HTTP/1.1" 200 893
180.152.241.196 - - [26/Jul/2023:08:35:24 +0800] "GET /xingrg/javascript/jquery_easy_ui/themes/icon.css HTTP/1.1" 200 3949
180.152.241.196 - - [26/Jul/2023:08:35:24 +0800] "GET /xingrg/javascript/jquery_easy_ui/easyui-lang-zh_CN.js HTTP/1.1" 200 1900
180.152.241.196 - - [26/Jul/2023:08:35:24 +0800] "GET /xingrg/javascript/jquery.form.js HTTP/1.1" 200 23110
180.152.241.196 - - [26/Jul/2023:08:35:24 +0800] "GET /xingrg/javascript/jquery-1.4.2.min.js HTTP/1.1" 200 72205
180.152.241.196 - - [26/Jul/2023:08:35:24 +0800] "GET /xingrg/javascript/jquery_easy_ui/jquery.easyui.min.js HTTP/1.1" 200 213662
180.152.241.196 - - [26/Jul/2023:08:35:24 +0800] "GET /xingrg/javascript/jquery.timers.js HTTP/1.1" 200 3532
180.152.241.196 - - [26/Jul/2023:08:35:24 +0800] "GET /xingrg/javascript/jquery.utils.js HTTP/1.1" 200 11805
180.152.241.196 - - [26/Jul/2023:08:35:24 +0800] "GET /favicon.ico HTTP/1.1" 404 -
180.152.241.196 - - [26/Jul/2023:08:35:24 +0800] "GET /xingrg/images/blue/navBackgound.jpg HTTP/1.1" 200 12378
180.152.241.196 - - [26/Jul/2023:08:35:24 +0800] "GET /xingrg/javascript/jquery_easy_ui/themes/icons/settle_new.png HTTP/1.1" 200 826
180.152.241.196 - - [26/Jul/2023:08:35:24 +0800] "GET /xingrg/images/blue/pingpu.png HTTP/1.1" 200 231
180.152.241.196 - - [26/Jul/2023:08:35:24 +0800] "GET /xingrg/check_reg.html?_=1690331724299 HTTP/1.1" 200 22
180.152.241.196 - - [26/Jul/2023:08:35:24 +0800] "GET /xingrg/javascript/jquery_easy_ui/themes/default/images/tabs_leftarrow.png HTTP/1.1" 200 389
180.152.241.196 - - [26/Jul/2023:08:35:24 +0800] "GET /xingrg/javascript/jquery_easy_ui/themes/default/images/panel_tool_collapse.gif HTTP/1.1" 200 246
180.152.241.196 - - [26/Jul/2023:08:35:24 +0800] "GET /xingrg/javascript/jquery_easy_ui/themes/default/images/tabs_rightarrow.png HTTP/1.1" 200 395
180.152.241.196 - - [26/Jul/2023:08:35:24 +0800] "GET /xingrg/all/function/internal_message.html?_=1690331724299&CODE_STATE=count HTTP/1.1" 200 11
180.152.241.196 - - [26/Jul/2023:08:35:24 +0800] "POST /xingrg/load_menu.html HTTP/1.1" 200 5138
180.152.241.196 - - [26/Jul/2023:08:35:24 +0800] "POST /xingrg/all/common/load_tree.html?tree=area_rest_tree_json&manage=1 HTTP/1.1" 200 342
180.152.241.196 - - [26/Jul/2023:08:35:24 +0800] "GET /xingrg/javascript/jquery_easy_ui/themes/default/images/tree_arrows.gif HTTP/1.1" 200 1043
180.152.241.196 - - [26/Jul/2023:08:35:24 +0800] "GET /xingrg/javascript/jquery_easy_ui/themes/default/images/tree_folder_open.gif HTTP/1.1" 200 956
180.152.241.196 - - [26/Jul/2023:08:35:24 +0800] "GET /xingrg/javascript/jquery_easy_ui/themes/icons/storage_new.png HTTP/1.1" 200 853
180.152.241.196 - - [26/Jul/2023:08:35:24 +0800] "GET /xingrg/javascript/jquery_easy_ui/themes/icons/search_new.png HTTP/1.1" 200 586
180.152.241.196 - - [26/Jul/2023:08:35:24 +0800] "GET /xingrg/javascript/jquery_easy_ui/themes/default/images/tree_folder.gif HTTP/1.1" 200 952
180.152.241.196 - - [26/Jul/2023:08:35:24 +0800] "GET /xingrg/javascript/jquery_easy_ui/themes/icons/forms_new.png HTTP/1.1" 200 350
180.152.241.196 - - [26/Jul/2023:08:35:24 +0800] "GET /xingrg/javascript/jquery_easy_ui/themes/default/images/tree_file.gif HTTP/1.1" 200 118
222.70.245.33 - - [26/Jul/2023:08:35:35 +0800] "GET /xingrg/all/function/internal_message.html?_=1690331744414&CODE_STATE=getMsg HTTP/1.1" 200 27
120.253.135.82 - - [26/Jul/2023:08:35:38 +0800] "GET /xingrg/all/function/internal_message.html?_=1690331879070&CODE_STATE=getMsg HTTP/1.1" 200 27
116.232.195.127 - - [26/Jul/2023:08:35:40 +0800] "GET /xingrg/all/function/internal_message.html?_=1690331696644&CODE_STATE=getMsg HTTP/1.1" 200 27
222.70.245.33 - - [26/Jul/2023:08:35:40 +0800] "GET /xingrg/kc/buy/cgsh_order_operate.html?command=get_materiel&rest_code=00146&code=00101008370&supplier_code=00100005&order_time=2023-07-26 HTTP/1.1" 200 412
114.85.113.108 - - [26/Jul/2023:08:35:40 +0800] "GET /xingrg/all/function/internal_message.html?_=1690331739833&CODE_STATE=getMsg HTTP/1.1" 200 27
222.70.245.33 - - [26/Jul/2023:08:35:57 +0800] "GET /xingrg/kc/buy/cgsh_order_operate.html?command=get_materiel&rest_code=00146&code=00101008361&supplier_code=00100005&order_time=2023-07-26 HTTP/1.1" 200 408
124.78.155.92 - - [26/Jul/2023:08:35:59 +0800] "GET /xingrg/all/function/internal_message.html?_=1690331760370&CODE_STATE=getMsg HTTP/1.1" 200 27
124.78.155.92 - - [26/Jul/2023:08:35:59 +0800] "GET /xingrg/check_reg.html?_=1690331760384 HTTP/1.1" 200 22
222.70.180.90 - - [26/Jul/2023:08:36:02 +0800] "GET /xingrg/all/function/internal_message.html?_=1690331762263&CODE_STATE=getMsg HTTP/1.1" 200 27
120.253.135.82 - - [26/Jul/2023:08:36:06 +0800] "GET /xingrg/all/function/internal_message.html?_=1690331588746&CODE_STATE=getMsg HTTP/1.1" 200 27
222.70.245.33 - - [26/Jul/2023:08:36:13 +0800] "GET /xingrg/kc/buy/cgsh_order_operate.html?command=get_materiel&rest_code=00146&code=00101008264&supplier_code=00100005&order_time=2023-07-26 HTTP/1.1" 200 412
180.152.241.196 - - [26/Jul/2023:08:36:24 +0800] "GET /xingrg/all/function/internal_message.html?_=1690331784313&CODE_STATE=getMsg HTTP/1.1" 200 27
222.70.245.33 - - [26/Jul/2023:08:36:32 +0800] "GET /xingrg/kc/buy/cgsh_order_operate.html?command=get_materiel&rest_code=00146&code=00101008357&supplier_code=00100005&order_time=2023-07-26 HTTP/1.1" 200 408
222.70.245.33 - - [26/Jul/2023:08:36:35 +0800] "GET /xingrg/all/function/internal_message.html?_=1690331804428&CODE_STATE=getMsg HTTP/1.1" 200 27
120.253.135.82 - - [26/Jul/2023:08:36:39 +0800] "GET /xingrg/all/function/internal_message.html?_=1690331940074&CODE_STATE=getMsg HTTP/1.1" 200 27
222.70.245.33 - - [26/Jul/2023:08:36:40 +0800] "POST /xingrg/kc/buy/cgsh_order_operate.html HTTP/1.1" 200 2065
116.232.195.127 - - [26/Jul/2023:08:36:40 +0800] "GET /xingrg/all/function/internal_message.html?_=1690331756645&CODE_STATE=getMsg HTTP/1.1" 200 27
114.85.113.108 - - [26/Jul/2023:08:36:40 +0800] "GET /xingrg/all/function/internal_message.html?_=1690331799819&CODE_STATE=getMsg HTTP/1.1" 200 27
116.238.191.126 - - [26/Jul/2023:08:36:54 +0800] "POST /xingrg/kc/buy/cgsh_order_operate.html HTTP/1.1" 200 13315
222.70.245.33 - - [26/Jul/2023:08:36:56 +0800] "GET /xingrg/kc/buy/cgsh_order_operate.html?command=get_materiel&rest_code=00146&code=00101008295&supplier_code=00100005&order_time=2023-07-26 HTTP/1.1" 200 412
124.78.155.92 - - [26/Jul/2023:08:36:59 +0800] "GET /xingrg/all/function/internal_message.html?_=1690331820379&CODE_STATE=getMsg HTTP/1.1" 200 27
180.163.28.143 - - [26/Jul/2023:08:36:59 +0800] "GET /xingrg/check_reg.html?_=1690331760384 HTTP/1.1" 302 -
180.163.28.143 - - [26/Jul/2023:08:36:59 +0800] "GET /xingrg/login.html HTTP/1.1" 200 7641
222.70.180.90 - - [26/Jul/2023:08:37:02 +0800] "GET /xingrg/all/function/internal_message.html?_=1690331822263&CODE_STATE=getMsg HTTP/1.1" 200 27
120.253.135.82 - - [26/Jul/2023:08:37:06 +0800] "GET /xingrg/all/function/internal_message.html?_=1690331648750&CODE_STATE=getMsg HTTP/1.1" 200 27
116.238.191.126 - - [26/Jul/2023:08:37:20 +0800] "GET /xingrg/check_reg.html?_=1690331726733 HTTP/1.1" 200 22
116.238.191.126 - - [26/Jul/2023:08:37:20 +0800] "GET /xingrg/all/function/internal_message.html?_=1690331726732&CODE_STATE=getMsg HTTP/1.1" 200 27
222.70.245.33 - - [26/Jul/2023:08:37:20 +0800] "GET /xingrg/kc/buy/cgsh_order_operate.html?command=get_materiel&rest_code=00146&code=00101008098&supplier_code=00100005&order_time=2023-07-26 HTTP/1.1" 200 412
116.238.191.126 - - [26/Jul/2023:08:37:22 +0800] "GET /xingrg/kc/buy/cgsh_order_add.html HTTP/1.1" 200 71780
116.238.191.126 - - [26/Jul/2023:08:37:22 +0800] "POST /xingrg/kc/buy/cgsh_order_operate.html HTTP/1.1" 200 8245
116.238.191.126 - - [26/Jul/2023:08:37:22 +0800] "GET /xingrg/javascript/easyui/themes/default/validatebox.css HTTP/1.1" 404 1104
180.152.241.196 - - [26/Jul/2023:08:37:24 +0800] "GET /xingrg/all/function/internal_message.html?_=1690331844324&CODE_STATE=getMsg HTTP/1.1" 200 27
222.70.245.33 - - [26/Jul/2023:08:37:35 +0800] "GET /xingrg/all/function/internal_message.html?_=1690331864441&CODE_STATE=getMsg HTTP/1.1" 200 27
116.238.191.126 - - [26/Jul/2023:08:37:35 +0800] "GET /xingrg/kc/buy/cgsh_order_operate.html?command=get_materiel&rest_code=00150&code=00101009109&supplier_code=00100022&order_time=2023-07-26 HTTP/1.1" 200 413
116.232.195.127 - - [26/Jul/2023:08:37:40 +0800] "GET /xingrg/all/function/internal_message.html?_=1690331816644&CODE_STATE=getMsg HTTP/1.1" 200 27
120.253.135.82 - - [26/Jul/2023:08:37:40 +0800] "GET /xingrg/all/function/internal_message.html?_=1690332001079&CODE_STATE=getMsg HTTP/1.1" 200 27
120.253.135.82 - - [26/Jul/2023:08:37:40 +0800] "GET /xingrg/check_reg.html?_=1690332001081 HTTP/1.1" 200 22
114.85.113.108 - - [26/Jul/2023:08:37:40 +0800] "GET /xingrg/all/function/internal_message.html?_=1690331859820&CODE_STATE=getMsg HTTP/1.1" 200 27
222.70.245.33 - - [26/Jul/2023:08:37:45 +0800] "GET /xingrg/kc/buy/cgsh_order_operate.html?command=get_materiel&rest_code=00146&code=00101008213&supplier_code=00100005&order_time=2023-07-26 HTTP/1.1" 200 412
116.238.191.126 - - [26/Jul/2023:08:37:47 +0800] "GET /xingrg/kc/buy/cgsh_order_operate.html?command=get_materiel&rest_code=00150&code=00101009062&supplier_code=00100022&order_time=2023-07-26 HTTP/1.1" 200 412
116.238.191.126 - - [26/Jul/2023:08:37:58 +0800] "GET /xingrg/kc/buy/cgsh_order_operate.html?command=get_materiel&rest_code=00150&code=00101009059&supplier_code=00100022&order_time=2023-07-26 HTTP/1.1" 200 409
124.78.155.92 - - [26/Jul/2023:08:37:59 +0800] "GET /xingrg/all/function/internal_message.html?_=1690331880383&CODE_STATE=getMsg HTTP/1.1" 200 27
222.70.180.90 - - [26/Jul/2023:08:38:02 +0800] "GET /xingrg/all/function/internal_message.html?_=1690331882251&CODE_STATE=getMsg HTTP/1.1" 200 27
120.253.135.82 - - [26/Jul/2023:08:38:06 +0800] "GET /xingrg/all/function/internal_message.html?_=1690331708837&CODE_STATE=getMsg HTTP/1.1" 200 27
116.238.191.126 - - [26/Jul/2023:08:38:07 +0800] "GET /xingrg/kc/buy/cgsh_order_operate.html?command=get_materiel&rest_code=00150&code=00101009012&supplier_code=00100022&order_time=2023-07-26 HTTP/1.1" 200 409
116.238.191.126 - - [26/Jul/2023:08:38:20 +0800] "GET /xingrg/all/function/internal_message.html?_=1690331786745&CODE_STATE=getMsg HTTP/1.1" 200 27
180.152.241.196 - - [26/Jul/2023:08:38:24 +0800] "GET /xingrg/all/function/internal_message.html?_=1690331904316&CODE_STATE=getMsg HTTP/1.1" 200 27
222.70.245.33 - - [26/Jul/2023:08:38:32 +0800] "GET /xingrg/kc/buy/cgsh_order_operate.html?command=get_materiel&rest_code=00146&code=00101008246&supplier_code=00100005&order_time=2023-07-26 HTTP/1.1" 200 408
222.70.245.33 - - [26/Jul/2023:08:38:35 +0800] "GET /xingrg/all/function/internal_message.html?_=1690331924528&CODE_STATE=getMsg HTTP/1.1" 200 27
120.253.135.82 - - [26/Jul/2023:08:38:36 +0800] "GET /xingrg/check_reg.html?_=1690331738591 HTTP/1.1" 200 22
116.232.195.127 - - [26/Jul/2023:08:38:40 +0800] "GET /xingrg/check_reg.html?_=1690331876634 HTTP/1.1" 200 22
116.232.195.127 - - [26/Jul/2023:08:38:40 +0800] "GET /xingrg/all/function/internal_message.html?_=1690331876637&CODE_STATE=getMsg HTTP/1.1" 200 27
114.85.113.108 - - [26/Jul/2023:08:38:40 +0800] "GET /xingrg/all/function/internal_message.html?_=1690331919821&CODE_STATE=getMsg HTTP/1.1" 200 27
116.238.191.126 - - [26/Jul/2023:08:38:41 +0800] "POST /xingrg/kc/buy/cgsh_order_operate.html HTTP/1.1" 200 37
120.253.135.82 - - [26/Jul/2023:08:38:41 +0800] "GET /xingrg/all/function/internal_message.html?_=1690332062083&CODE_STATE=getMsg HTTP/1.1" 200 27
116.238.191.126 - - [26/Jul/2023:08:38:49 +0800] "POST /xingrg/kc/buy/cgsh_order_operate.html HTTP/1.1" 200 12
116.238.191.126 - - [26/Jul/2023:08:38:52 +0800] "GET /xingrg/kc/buy/cgsh_order_info.html?code=212023072610170 HTTP/1.1" 200 66691
116.238.191.126 - - [26/Jul/2023:08:38:53 +0800] "GET /xingrg/javascript/easyui/themes/default/validatebox.css HTTP/1.1" 404 1104
116.238.191.126 - - [26/Jul/2023:08:38:54 +0800] "POST /xingrg/kc/buy/cgsh_order_operate.html HTTP/1.1" 200 2374
116.238.191.126 - - [26/Jul/2023:08:38:57 +0800] "GET /xingrg/kc/print/load_config.html?kc_code=cgsh HTTP/1.1" 200 1924
116.238.191.126 - - [26/Jul/2023:08:38:58 +0800] "GET /xingrg/kc/print/load_data.html?order_code=212023072610170&kc_code=cgsh&condition= HTTP/1.1" 200 1436
124.78.155.92 - - [26/Jul/2023:08:38:59 +0800] "GET /xingrg/all/function/internal_message.html?_=1690331940389&CODE_STATE=getMsg HTTP/1.1" 200 27
222.70.180.90 - - [26/Jul/2023:08:39:02 +0800] "GET /xingrg/all/function/internal_message.html?_=1690331942253&CODE_STATE=getMsg HTTP/1.1" 200 27
120.253.135.82 - - [26/Jul/2023:08:39:06 +0800] "GET /xingrg/all/function/internal_message.html?_=1690331768854&CODE_STATE=getMsg HTTP/1.1" 200 27
222.70.245.33 - - [26/Jul/2023:08:39:16 +0800] "POST /xingrg/kc/buy/cgsh_order_operate.html HTTP/1.1" 200 37
116.238.191.126 - - [26/Jul/2023:08:39:18 +0800] "POST /xingrg/services/DataTransmitService HTTP/1.1" 200 524
116.238.191.126 - - [26/Jul/2023:08:39:20 +0800] "GET /xingrg/all/function/internal_message.html?_=1690331846758&CODE_STATE=getMsg HTTP/1.1" 200 27
180.152.241.196 - - [26/Jul/2023:08:39:24 +0800] "GET /xingrg/all/function/internal_message.html?_=1690331964305&CODE_STATE=getMsg HTTP/1.1" 200 27
101.83.145.37 - - [26/Jul/2023:08:39:24 +0800] "GET /favicon.ico HTTP/1.1" 404 -
101.83.145.37 - - [26/Jul/2023:08:39:25 +0800] "GET /xingrg/index.html?sysBaseUrl=http%3A%2F%2F180.169.147.146%3A18081%2Fxingrg%2F&costTime=36×tamp=1585223203754 HTTP/1.1" 302 -
101.83.145.37 - - [26/Jul/2023:08:39:25 +0800] "GET /xingrg/login.html HTTP/1.1" 200 7641
101.83.145.37 - - [26/Jul/2023:08:39:25 +0800] "GET /xingrg/images/blue/jxLogo.png HTTP/1.1" 304 -
101.83.145.37 - - [26/Jul/2023:08:39:25 +0800] "GET /xingrg/images/blue/login_bg.png HTTP/1.1" 304 -
101.83.145.37 - - [26/Jul/2023:08:39:25 +0800] "GET /xingrg/images/blue/hj.png HTTP/1.1" 304 -
101.83.145.37 - - [26/Jul/2023:08:39:25 +0800] "GET /favicon.ico HTTP/1.1" 404 -
101.83.145.37 - - [26/Jul/2023:08:39:25 +0800] "GET /xingrg/images/blue/srbg.png HTTP/1.1" 304 -
116.238.191.126 - - [26/Jul/2023:08:39:26 +0800] "POST /xingrg/all/user/operate.html HTTP/1.1" 200 36
116.238.191.126 - - [26/Jul/2023:08:39:27 +0800] "GET /xingrg/index.html?sysBaseUrl=http%3A%2F%2F180.169.147.146%3A18081%2Fxingrg%2F&costTime=1541×tamp=1690330662715 HTTP/1.1" 200 17177
116.238.191.126 - - [26/Jul/2023:08:39:27 +0800] "GET /xingrg/javascript/jquery_easy_ui/themes/default/easyui.css HTTP/1.1" 304 -
116.238.191.126 - - [26/Jul/2023:08:39:27 +0800] "GET /xingrg/javascript/jquery_easy_ui/themes/icon.css HTTP/1.1" 304 -
116.238.191.126 - - [26/Jul/2023:08:39:27 +0800] "GET /xingrg/css/form.css HTTP/1.1" 304 -
116.238.191.126 - - [26/Jul/2023:08:39:27 +0800] "GET /xingrg/javascript/jquery-1.4.2.min.js HTTP/1.1" 304 -
116.238.191.126 - - [26/Jul/2023:08:39:27 +0800] "GET /xingrg/javascript/jquery_easy_ui/jquery.easyui.min.js HTTP/1.1" 304 -
116.238.191.126 - - [26/Jul/2023:08:39:27 +0800] "GET /xingrg/javascript/jquery_easy_ui/easyui-lang-zh_CN.js HTTP/1.1" 304 -
116.238.191.126 - - [26/Jul/2023:08:39:27 +0800] "GET /xingrg/javascript/jquery.form.js HTTP/1.1" 304 -
116.238.191.126 - - [26/Jul/2023:08:39:27 +0800] "GET /xingrg/javascript/jquery.utils.js HTTP/1.1" 304 -
116.238.191.126 - - [26/Jul/2023:08:39:27 +0800] "GET /xingrg/javascript/jquery.timers.js HTTP/1.1" 304 -
116.238.191.126 - - [26/Jul/2023:08:39:27 +0800] "GET /xingrg/images/blue/jxLogo.png HTTP/1.1" 304 -
116.238.191.126 - - [26/Jul/2023:08:39:27 +0800] "GET /xingrg/images/blue/navBackgound.jpg HTTP/1.1" 304 -
116.238.191.126 - - [26/Jul/2023:08:39:27 +0800] "GET /xingrg/javascript/jquery_easy_ui/themes/icons/settle_new.png HTTP/1.1" 304 -
116.238.191.126 - - [26/Jul/2023:08:39:27 +0800] "GET /xingrg/images/blue/pingpu.png HTTP/1.1" 304 -
116.238.191.126 - - [26/Jul/2023:08:39:27 +0800] "GET /xingrg/javascript/jquery_easy_ui/themes/default/images/tabs_leftarrow.png HTTP/1.1" 304 -
116.238.191.126 - - [26/Jul/2023:08:39:27 +0800] "GET /xingrg/javascript/jquery_easy_ui/themes/default/images/tabs_rightarrow.png HTTP/1.1" 304 -
116.238.191.126 - - [26/Jul/2023:08:39:27 +0800] "GET /xingrg/javascript/jquery_easy_ui/themes/default/images/panel_tool_collapse.gif HTTP/1.1" 304 -
116.238.191.126 - - [26/Jul/2023:08:39:27 +0800] "GET /xingrg/all/function/internal_message.html?_=1690331853775&CODE_STATE=count HTTP/1.1" 200 11
116.238.191.126 - - [26/Jul/2023:08:39:27 +0800] "GET /xingrg/check_reg.html?_=1690331853776 HTTP/1.1" 200 22
116.238.191.126 - - [26/Jul/2023:08:39:27 +0800] "POST /xingrg/all/common/load_tree.html?tree=area_rest_tree_json&manage=1 HTTP/1.1" 200 476
116.238.191.126 - - [26/Jul/2023:08:39:27 +0800] "POST /xingrg/load_menu.html HTTP/1.1" 200 5138
116.238.191.126 - - [26/Jul/2023:08:39:31 +0800] "GET /xingrg/kc/buy/cgsh_order_list.html HTTP/1.1" 200 55946
116.238.191.126 - - [26/Jul/2023:08:39:35 +0800] "POST /xingrg/kc/buy/cgsh_list_operate.html HTTP/1.1" 200 986
116.238.191.126 - - [26/Jul/2023:08:39:37 +0800] "GET /xingrg/kc/buy/cgsh_order_add.html HTTP/1.1" 200 71334
116.238.191.126 - - [26/Jul/2023:08:39:37 +0800] "POST /xingrg/kc/buy/cgsh_order_operate.html HTTP/1.1" 200 8245
116.238.191.126 - - [26/Jul/2023:08:39:37 +0800] "GET /xingrg/javascript/easyui/themes/default/validatebox.css HTTP/1.1" 404 1104
116.238.191.126 - - [26/Jul/2023:08:39:37 +0800] "GET /xingrg/all/common/auto_word.html?type=employee&rest_code=00151 HTTP/1.1" 200 293
116.238.191.126 - - [26/Jul/2023:08:39:37 +0800] "GET /xingrg/all/common/auto_word.html?type=employee&rest_code=00151 HTTP/1.1" 200 293
116.238.191.126 - - [26/Jul/2023:08:39:38 +0800] "GET /xingrg/javascript/auto/indicator.gif HTTP/1.1" 404 1066
116.232.195.127 - - [26/Jul/2023:08:39:40 +0800] "GET /xingrg/all/function/internal_message.html?_=1690331936624&CODE_STATE=getMsg HTTP/1.1" 200 27
114.85.113.108 - - [26/Jul/2023:08:39:40 +0800] "GET /xingrg/all/function/internal_message.html?_=1690331979842&CODE_STATE=getMsg HTTP/1.1" 200 27
114.85.113.108 - - [26/Jul/2023:08:39:41 +0800] "GET /xingrg/check_reg.html?_=1690331979833 HTTP/1.1" 200 22
120.253.135.82 - - [26/Jul/2023:08:39:42 +0800] "GET /xingrg/all/function/internal_message.html?_=1690332123090&CODE_STATE=getMsg HTTP/1.1" 200 27
116.238.191.126 - - [26/Jul/2023:08:39:47 +0800] "GET /xingrg/kc/buy/cgsh_order_operate.html?command=get_materiel&rest_code=00151&code=00101009007&supplier_code=00100022&order_time=2023-07-26 HTTP/1.1" 200 408
124.78.155.92 - - [26/Jul/2023:08:39:59 +0800] "GET /xingrg/all/function/internal_message.html?_=1690332000377&CODE_STATE=getMsg HTTP/1.1" 200 27
180.163.28.55 - - [26/Jul/2023:08:39:59 +0800] "GET /xingrg/all/function/internal_message.html?_=1690331940389&CODE_STATE=getMsg HTTP/1.1" 302 -
180.163.28.55 - - [26/Jul/2023:08:39:59 +0800] "GET /xingrg/login.html HTTP/1.1" 200 7641
116.238.191.126 - - [26/Jul/2023:08:40:00 +0800] "GET /xingrg/kc/buy/cgsh_order_operate.html?command=get_materiel&rest_code=00151&code=00101009062&supplier_code=00100022&order_time=2023-07-26 HTTP/1.1" 200 412
222.70.180.90 - - [26/Jul/2023:08:40:02 +0800] "GET /xingrg/all/function/internal_message.html?_=1690332002252&CODE_STATE=getMsg HTTP/1.1" 200 27
222.70.180.90 - - [26/Jul/2023:08:40:02 +0800] "GET /xingrg/check_reg.html?_=1690332002255 HTTP/1.1" 200 22
120.253.135.82 - - [26/Jul/2023:08:40:06 +0800] "GET /xingrg/all/function/internal_message.html?_=1690331828869&CODE_STATE=getMsg HTTP/1.1" 200 27
116.238.191.126 - - [26/Jul/2023:08:40:09 +0800] "GET /xingrg/kc/buy/cgsh_order_operate.html?command=get_materiel&rest_code=00151&code=00101009109&supplier_code=00100022&order_time=2023-07-26 HTTP/1.1" 200 413
180.152.241.196 - - [26/Jul/2023:08:40:24 +0800] "GET /xingrg/check_reg.html?_=1690332024312 HTTP/1.1" 200 22
180.152.241.196 - - [26/Jul/2023:08:40:24 +0800] "GET /xingrg/all/function/internal_message.html?_=1690332024313&CODE_STATE=getMsg HTTP/1.1" 200 27
101.83.145.37 - - [26/Jul/2023:08:40:26 +0800] "POST /xingrg/login.do HTTP/1.1" 200 2421
101.83.145.37 - - [26/Jul/2023:08:40:26 +0800] "GET /xingrg/css/blue.css HTTP/1.1" 304 -
101.83.145.37 - - [26/Jul/2023:08:40:26 +0800] "GET /xingrg/javascript/myfunction.js HTTP/1.1" 304 -
101.83.145.37 - - [26/Jul/2023:08:40:26 +0800] "GET /xingrg/images/blue/pic_top.gif HTTP/1.1" 304 -
101.83.145.37 - - [26/Jul/2023:08:40:26 +0800] "GET /xingrg/images/blue/pic_notice.jpg HTTP/1.1" 304 -
101.83.145.37 - - [26/Jul/2023:08:40:26 +0800] "GET /xingrg/images/blue/error_buttom.gif HTTP/1.1" 304 -
101.83.145.37 - - [26/Jul/2023:08:40:26 +0800] "GET /xingrg/images/blue/error_mid.gif HTTP/1.1" 304 -
101.83.145.37 - - [26/Jul/2023:08:40:26 +0800] "GET /xingrg/images/blue/error_top.gif HTTP/1.1" 304 -
101.83.145.37 - - [26/Jul/2023:08:40:26 +0800] "GET /favicon.ico HTTP/1.1" 404 -
116.238.191.126 - - [26/Jul/2023:08:40:27 +0800] "GET /xingrg/all/function/internal_message.html?_=1690331913776&CODE_STATE=getMsg HTTP/1.1" 200 27
101.83.145.37 - - [26/Jul/2023:08:40:28 +0800] "GET /xingrg/login.html HTTP/1.1" 200 7641
101.83.145.37 - - [26/Jul/2023:08:40:28 +0800] "GET /favicon.ico HTTP/1.1" 404 -
101.83.145.37 - - [26/Jul/2023:08:40:30 +0800] "POST /xingrg/login.do HTTP/1.1" 302 -
101.83.145.37 - - [26/Jul/2023:08:40:30 +0800] "GET /xingrg/index.html?sysBaseUrl=http%3A%2F%2F180.169.147.146%3A18081%2Fxingrg%2F&costTime=1604×tamp=1690332030499 HTTP/1.1" 200 17173
101.83.145.37 - - [26/Jul/2023:08:40:30 +0800] "GET /xingrg/javascript/jquery_easy_ui/themes/default/easyui.css HTTP/1.1" 304 -
101.83.145.37 - - [26/Jul/2023:08:40:30 +0800] "GET /xingrg/javascript/jquery_easy_ui/themes/icon.css HTTP/1.1" 304 -
101.83.145.37 - - [26/Jul/2023:08:40:30 +0800] "GET /xingrg/css/form.css HTTP/1.1" 304 -
101.83.145.37 - - [26/Jul/2023:08:40:30 +0800] "GET /xingrg/javascript/jquery_easy_ui/easyui-lang-zh_CN.js HTTP/1.1" 304 -
101.83.145.37 - - [26/Jul/2023:08:40:30 +0800] "GET /xingrg/javascript/jquery.form.js HTTP/1.1" 304 -
101.83.145.37 - - [26/Jul/2023:08:40:30 +0800] "GET /xingrg/javascript/jquery_easy_ui/jquery.easyui.min.js HTTP/1.1" 304 -
101.83.145.37 - - [26/Jul/2023:08:40:30 +0800] "GET /xingrg/javascript/jquery-1.4.2.min.js HTTP/1.1" 304 -
101.83.145.37 - - [26/Jul/2023:08:40:30 +0800] "GET /xingrg/javascript/jquery.utils.js HTTP/1.1" 304 -
101.83.145.37 - - [26/Jul/2023:08:40:30 +0800] "GET /xingrg/javascript/jquery.timers.js HTTP/1.1" 304 -
101.83.145.37 - - [26/Jul/2023:08:40:30 +0800] "GET /xingrg/images/blue/navBackgound.jpg HTTP/1.1" 304 -
101.83.145.37 - - [26/Jul/2023:08:40:30 +0800] "GET /xingrg/javascript/jquery_easy_ui/themes/icons/settle_new.png HTTP/1.1" 304 -
101.83.145.37 - - [26/Jul/2023:08:40:30 +0800] "GET /xingrg/check_reg.html?_=1690332032166 HTTP/1.1" 200 22
101.83.145.37 - - [26/Jul/2023:08:40:30 +0800] "GET /xingrg/all/function/internal_message.html?_=1690332032165&CODE_STATE=count HTTP/1.1" 200 11
101.83.145.37 - - [26/Jul/2023:08:40:30 +0800] "GET /favicon.ico HTTP/1.1" 404 -
101.83.145.37 - - [26/Jul/2023:08:40:30 +0800] "GET /xingrg/images/blue/pingpu.png HTTP/1.1" 304 -
101.83.145.37 - - [26/Jul/2023:08:40:30 +0800] "GET /xingrg/javascript/jquery_easy_ui/themes/default/images/tabs_rightarrow.png HTTP/1.1" 304 -
101.83.145.37 - - [26/Jul/2023:08:40:30 +0800] "GET /xingrg/javascript/jquery_easy_ui/themes/default/images/panel_tool_collapse.gif HTTP/1.1" 304 -
101.83.145.37 - - [26/Jul/2023:08:40:30 +0800] "GET /xingrg/javascript/jquery_easy_ui/themes/default/images/tabs_leftarrow.png HTTP/1.1" 304 -
101.83.145.37 - - [26/Jul/2023:08:40:31 +0800] "POST /xingrg/all/common/load_tree.html?tree=area_rest_tree_json&manage=1 HTTP/1.1" 200 3499
101.83.145.37 - - [26/Jul/2023:08:40:31 +0800] "GET /xingrg/javascript/jquery_easy_ui/themes/default/images/tree_arrows.gif HTTP/1.1" 304 -
101.83.145.37 - - [26/Jul/2023:08:40:31 +0800] "POST /xingrg/load_menu.html HTTP/1.1" 200 5138
101.83.145.37 - - [26/Jul/2023:08:40:31 +0800] "GET /xingrg/javascript/jquery_easy_ui/themes/icons/search_new.png HTTP/1.1" 304 -
101.83.145.37 - - [26/Jul/2023:08:40:31 +0800] "GET /xingrg/javascript/jquery_easy_ui/themes/default/images/tree_folder_open.gif HTTP/1.1" 304 -
101.83.145.37 - - [26/Jul/2023:08:40:31 +0800] "GET /xingrg/javascript/jquery_easy_ui/themes/default/images/tree_folder.gif HTTP/1.1" 304 -
101.83.145.37 - - [26/Jul/2023:08:40:31 +0800] "GET /xingrg/javascript/jquery_easy_ui/themes/icons/storage_new.png HTTP/1.1" 304 -
101.83.145.37 - - [26/Jul/2023:08:40:31 +0800] "GET /xingrg/javascript/jquery_easy_ui/themes/icons/forms_new.png HTTP/1.1" 304 -
101.83.145.37 - - [26/Jul/2023:08:40:31 +0800] "GET /xingrg/javascript/jquery_easy_ui/themes/default/images/tree_file.gif HTTP/1.1" 304 -
101.83.145.37 - - [26/Jul/2023:08:40:33 +0800] "GET /xingrg/javascript/jquery_easy_ui/themes/default/images/tabs_close.gif HTTP/1.1" 304 -
101.83.145.37 - - [26/Jul/2023:08:40:34 +0800] "GET /xingrg/kc/buy/cgsh_order_list.html HTTP/1.1" 200 55942
101.83.145.37 - - [26/Jul/2023:08:40:34 +0800] "GET /xingrg/css/base.css HTTP/1.1" 304 -
101.83.145.37 - - [26/Jul/2023:08:40:34 +0800] "GET /xingrg/css/site.css HTTP/1.1" 304 -
101.83.145.37 - - [26/Jul/2023:08:40:34 +0800] "GET /xingrg/javascript/jquery_tools/datebox.css HTTP/1.1" 304 -
101.83.145.37 - - [26/Jul/2023:08:40:34 +0800] "GET /xingrg/javascript/easyui/themes/default/easyui.css HTTP/1.1" 304 -
101.83.145.37 - - [26/Jul/2023:08:40:34 +0800] "GET /xingrg/javascript/easyui/themes/icon.css HTTP/1.1" 304 -
101.83.145.37 - - [26/Jul/2023:08:40:34 +0800] "GET /xingrg/javascript/jquery_tools/fix.css HTTP/1.1" 304 -
101.83.145.37 - - [26/Jul/2023:08:40:34 +0800] "GET /xingrg/javascript/auto/jquery.autocomplete.css HTTP/1.1" 304 -
101.83.145.37 - - [26/Jul/2023:08:40:34 +0800] "GET /xingrg/javascript/jquery_tools/table.css HTTP/1.1" 304 -
101.83.145.37 - - [26/Jul/2023:08:40:34 +0800] "GET /xingrg/javascript/jquery_tools/jquery.tools.min.js HTTP/1.1" 304 -
101.83.145.37 - - [26/Jul/2023:08:40:34 +0800] "GET /xingrg/javascript/jquery_tools/jquery.tools.hotkey.js HTTP/1.1" 304 -
101.83.145.37 - - [26/Jul/2023:08:40:34 +0800] "GET /xingrg/javascript/jquery_tools/list_manager.js HTTP/1.1" 304 -
101.83.145.37 - - [26/Jul/2023:08:40:34 +0800] "GET /xingrg/javascript/jquery_tools/jquery.tools.extend.js HTTP/1.1" 304 -
101.83.145.37 - - [26/Jul/2023:08:40:34 +0800] "GET /xingrg/javascript/jquery_tools/jquery.tools.table.js HTTP/1.1" 304 -
101.83.145.37 - - [26/Jul/2023:08:40:34 +0800] "GET /xingrg/javascript/auto/jquery.autocomplete.js HTTP/1.1" 304 -
101.83.145.37 - - [26/Jul/2023:08:40:34 +0800] "GET /xingrg/javascript/jquery.cookie.js HTTP/1.1" 304 -
101.83.145.37 - - [26/Jul/2023:08:40:34 +0800] "GET /xingrg/javascript/print/LodopFuncs.js HTTP/1.1" 304 -
101.83.145.37 - - [26/Jul/2023:08:40:34 +0800] "GET /xingrg/javascript/easyui/easyloader.js HTTP/1.1" 304 -
101.83.145.37 - - [26/Jul/2023:08:40:34 +0800] "GET /xingrg/javascript/easyui/themes/icons/edit_add_new.png HTTP/1.1" 304 -
101.83.145.37 - - [26/Jul/2023:08:40:34 +0800] "GET /xingrg/javascript/easyui/themes/icons/import_new.png HTTP/1.1" 304 -
101.83.145.37 - - [26/Jul/2023:08:40:34 +0800] "GET /xingrg/javascript/easyui/themes/icons/cance_new.png HTTP/1.1" 304 -
101.83.145.37 - - [26/Jul/2023:08:40:34 +0800] "GET /xingrg/javascript/easyui/themes/icons/field_new.png HTTP/1.1" 304 -
101.83.145.37 - - [26/Jul/2023:08:40:34 +0800] "GET /xingrg/javascript/easyui/themes/icons/check_new.png HTTP/1.1" 304 -
101.83.145.37 - - [26/Jul/2023:08:40:34 +0800] "GET /xingrg/javascript/easyui/plugins/jquery.parser.js HTTP/1.1" 304 -
101.83.145.37 - - [26/Jul/2023:08:40:34 +0800] "GET /xingrg/images/control/ajaxLoader.gif HTTP/1.1" 304 -
101.83.145.37 - - [26/Jul/2023:08:40:37 +0800] "POST /xingrg/kc/buy/cgsh_list_operate.html HTTP/1.1" 200 986
101.83.145.37 - - [26/Jul/2023:08:40:40 +0800] "GET /xingrg/javascript/easyui/themes/default/images/button_plain_hover.png HTTP/1.1" 304 -
116.232.195.127 - - [26/Jul/2023:08:40:40 +0800] "GET /xingrg/all/function/internal_message.html?_=1690331996631&CODE_STATE=getMsg HTTP/1.1" 200 27
114.85.113.108 - - [26/Jul/2023:08:40:40 +0800] "GET /xingrg/all/function/internal_message.html?_=1690332039831&CODE_STATE=getMsg HTTP/1.1" 200 27
101.83.145.37 - - [26/Jul/2023:08:40:41 +0800] "GET /xingrg/kc/buy/cgsh_order_add.html HTTP/1.1" 200 71806
101.83.145.37 - - [26/Jul/2023:08:40:41 +0800] "GET /xingrg/javascript/pic_change.js HTTP/1.1" 304 -
101.83.145.37 - - [26/Jul/2023:08:40:41 +0800] "GET /xingrg/javascript/jquery_tools/order_manager.js HTTP/1.1" 304 -
101.83.145.37 - - [26/Jul/2023:08:40:41 +0800] "GET /xingrg/javascript/convert.js HTTP/1.1" 304 -
101.83.145.37 - - [26/Jul/2023:08:40:41 +0800] "GET /xingrg/javascript/json2.js HTTP/1.1" 304 -
101.83.145.37 - - [26/Jul/2023:08:40:41 +0800] "GET /xingrg/javascript/print/kc_print.js HTTP/1.1" 304 -
101.83.145.37 - - [26/Jul/2023:08:40:42 +0800] "GET /xingrg/words/20230725151705_words.js HTTP/1.1" 200 974528
101.83.145.37 - - [26/Jul/2023:08:40:42 +0800] "GET /xingrg/javascript/easyui/themes/icons/copy_new.png HTTP/1.1" 304 -
101.83.145.37 - - [26/Jul/2023:08:40:42 +0800] "GET /xingrg/javascript/easyui/themes/icons/template_new.png HTTP/1.1" 304 -
101.83.145.37 - - [26/Jul/2023:08:40:42 +0800] "GET /xingrg/javascript/easyui/themes/icons/ok.png HTTP/1.1" 304 -
101.83.145.37 - - [26/Jul/2023:08:40:42 +0800] "GET /xingrg/javascript/easyui/themes/icons/print.png HTTP/1.1" 304 -
101.83.145.37 - - [26/Jul/2023:08:40:42 +0800] "GET /xingrg/javascript/easyui/themes/default/images/menu_downarrow.png HTTP/1.1" 304 -
101.83.145.37 - - [26/Jul/2023:08:40:42 +0800] "GET /xingrg/javascript/easyui/themes/icons/cancel.png HTTP/1.1" 304 -
101.83.145.37 - - [26/Jul/2023:08:40:42 +0800] "POST /xingrg/kc/buy/cgsh_order_operate.html HTTP/1.1" 200 8245
101.83.145.37 - - [26/Jul/2023:08:40:42 +0800] "GET /xingrg/javascript/easyui/themes/default/validatebox.css HTTP/1.1" 404 1104
101.83.145.37 - - [26/Jul/2023:08:40:42 +0800] "GET /xingrg/javascript/easyui/plugins/jquery.validatebox.js HTTP/1.1" 304 -
101.83.145.37 - - [26/Jul/2023:08:40:42 +0800] "GET /xingrg/javascript/easyui/themes/icons/edit_remove.png HTTP/1.1" 304 -
101.83.145.37 - - [26/Jul/2023:08:40:42 +0800] "GET /xingrg/javascript/easyui/plugins/jquery.numberbox.js HTTP/1.1" 304 -
101.83.145.37 - - [26/Jul/2023:08:40:42 +0800] "GET /xingrg/all/common/auto_word.html?type=employee&rest_code=00105 HTTP/1.1" 200 193
101.83.145.37 - - [26/Jul/2023:08:40:42 +0800] "GET /xingrg/all/common/auto_word.html?type=employee&rest_code=00105 HTTP/1.1" 200 193
120.253.135.82 - - [26/Jul/2023:08:40:43 +0800] "GET /xingrg/all/function/internal_message.html?_=1690332184093&CODE_STATE=getMsg HTTP/1.1" 200 27
101.83.145.37 - - [26/Jul/2023:08:40:44 +0800] "GET /xingrg/javascript/auto/indicator.gif HTTP/1.1" 404 1066
116.238.191.126 - - [26/Jul/2023:08:40:57 +0800] "POST /xingrg/kc/buy/cgsh_order_operate.html HTTP/1.1" 200 37
101.83.145.37 - - [26/Jul/2023:08:40:58 +0800] "GET /xingrg/kc/buy/cgsh_order_operate.html?command=get_materiel&rest_code=00105&code=00101006122&supplier_code=00100012&order_time=2023-07-26 HTTP/1.1" 200 429
124.78.155.92 - - [26/Jul/2023:08:40:59 +0800] "GET /xingrg/check_reg.html?_=1690332060376 HTTP/1.1" 200 22
124.78.155.92 - - [26/Jul/2023:08:40:59 +0800] "GET /xingrg/all/function/internal_message.html?_=1690332060411&CODE_STATE=getMsg HTTP/1.1" 200 27
222.70.180.90 - - [26/Jul/2023:08:41:02 +0800] "GET /xingrg/all/function/internal_message.html?_=1690332062253&CODE_STATE=getMsg HTTP/1.1" 200 27
120.253.135.82 - - [26/Jul/2023:08:41:06 +0800] "GET /xingrg/all/function/internal_message.html?_=1690331888954&CODE_STATE=getMsg HTTP/1.1" 200 27
116.238.191.126 - - [26/Jul/2023:08:41:08 +0800] "POST /xingrg/kc/buy/cgsh_order_operate.html HTTP/1.1" 200 12
116.238.191.126 - - [26/Jul/2023:08:41:12 +0800] "GET /xingrg/kc/buy/cgsh_order_info.html?code=212023072610171 HTTP/1.1" 200 66245
116.238.191.126 - - [26/Jul/2023:08:41:12 +0800] "GET /xingrg/javascript/easyui/themes/default/validatebox.css HTTP/1.1" 404 1104
116.238.191.126 - - [26/Jul/2023:08:41:14 +0800] "POST /xingrg/kc/buy/cgsh_order_operate.html HTTP/1.1" 200 1815
116.238.191.126 - - [26/Jul/2023:08:41:16 +0800] "GET /xingrg/kc/print/load_data.html?order_code=212023072610171&kc_code=cgsh&condition= HTTP/1.1" 200 1243
180.152.241.196 - - [26/Jul/2023:08:41:24 +0800] "GET /xingrg/all/function/internal_message.html?_=1690332084325&CODE_STATE=getMsg HTTP/1.1" 200 27
116.238.191.126 - - [26/Jul/2023:08:41:27 +0800] "GET /xingrg/all/function/internal_message.html?_=1690331973791&CODE_STATE=getMsg HTTP/1.1" 200 27
101.83.145.37 - - [26/Jul/2023:08:41:28 +0800] "POST /xingrg/kc/buy/cgsh_order_operate.html HTTP/1.1" 200 37
101.83.145.37 - - [26/Jul/2023:08:41:32 +0800] "GET /xingrg/all/function/internal_message.html?_=1690332094112&CODE_STATE=getMsg HTTP/1.1" 200 27
101.83.145.37 - - [26/Jul/2023:08:41:33 +0800] "POST /xingrg/kc/buy/cgsh_order_operate.html HTTP/1.1" 200 2654
101.83.145.37 - - [26/Jul/2023:08:41:35 +0800] "GET /xingrg/kc/print/load_config.html?kc_code=cgsh HTTP/1.1" 200 1924
101.83.145.37 - - [26/Jul/2023:08:41:36 +0800] "GET /xingrg/kc/print/load_data.html?order_code=212023072610172&kc_code=cgsh&condition= HTTP/1.1" 200 754
101.83.145.37 - - [26/Jul/2023:08:41:36 +0800] "GET /xingrg/javascript/jquery_easy_ui/themes/default/images/tabs_active.png HTTP/1.1" 304 -
116.238.191.126 - - [26/Jul/2023:08:41:40 +0800] "GET /xingrg/kc/buy/cgsh_order_add.html HTTP/1.1" 200 71334
116.232.195.127 - - [26/Jul/2023:08:41:40 +0800] "GET /xingrg/all/function/internal_message.html?_=1690332056646&CODE_STATE=getMsg HTTP/1.1" 200 27
116.238.191.126 - - [26/Jul/2023:08:41:40 +0800] "POST /xingrg/kc/buy/cgsh_order_operate.html HTTP/1.1" 200 8245
116.238.191.126 - - [26/Jul/2023:08:41:40 +0800] "GET /xingrg/javascript/easyui/themes/default/validatebox.css HTTP/1.1" 404 1104
114.85.113.108 - - [26/Jul/2023:08:41:41 +0800] "GET /xingrg/all/function/internal_message.html?_=1690332099830&CODE_STATE=getMsg HTTP/1.1" 200 27
120.253.135.82 - - [26/Jul/2023:08:41:44 +0800] "GET /xingrg/all/function/internal_message.html?_=1690332245097&CODE_STATE=getMsg HTTP/1.1" 200 27
116.238.191.126 - - [26/Jul/2023:08:41:53 +0800] "GET /xingrg/kc/buy/cgsh_order_operate.html?command=get_materiel&rest_code=00151&code=00101016025&supplier_code=00100096&order_time=2023-07-26 HTTP/1.1" 200 408
180.163.29.219 - - [26/Jul/2023:08:41:59 +0800] "GET /xingrg/check_reg.html?_=1690332060376 HTTP/1.1" 302 -
180.163.29.219 - - [26/Jul/2023:08:41:59 +0800] "GET /xingrg/login.html HTTP/1.1" 200 7641
124.78.155.92 - - [26/Jul/2023:08:42:00 +0800] "GET /xingrg/all/function/internal_message.html?_=1690332121630&CODE_STATE=getMsg HTTP/1.1" 200 27
222.70.180.90 - - [26/Jul/2023:08:42:02 +0800] "GET /xingrg/all/function/internal_message.html?_=1690332122252&CODE_STATE=getMsg HTTP/1.1" 200 27
116.238.191.126 - - [26/Jul/2023:08:42:04 +0800] "GET /xingrg/kc/buy/cgsh_order_operate.html?command=get_materiel&rest_code=00151&code=00101012060&supplier_code=00100096&order_time=2023-07-26 HTTP/1.1" 200 408
120.253.135.82 - - [26/Jul/2023:08:42:06 +0800] "GET /xingrg/all/function/internal_message.html?_=1690331948989&CODE_STATE=getMsg HTTP/1.1" 200 27
116.238.191.126 - - [26/Jul/2023:08:42:12 +0800] "GET /xingrg/kc/buy/cgsh_order_operate.html?command=get_materiel&rest_code=00151&code=00101012039&supplier_code=00100096&order_time=2023-07-26 HTTP/1.1" 200 408
180.152.241.196 - - [26/Jul/2023:08:42:24 +0800] "GET /xingrg/all/function/internal_message.html?_=1690332144312&CODE_STATE=getMsg HTTP/1.1" 200 27
116.238.191.126 - - [26/Jul/2023:08:42:25 +0800] "GET /xingrg/kc/buy/cgsh_order_operate.html?command=get_materiel&rest_code=00151&code=00101001075&supplier_code=00100096&order_time=2023-07-26 HTTP/1.1" 200 409
116.238.191.126 - - [26/Jul/2023:08:42:27 +0800] "GET /xingrg/all/function/internal_message.html?_=1690332033805&CODE_STATE=getMsg HTTP/1.1" 200 27
101.83.145.37 - - [26/Jul/2023:08:42:32 +0800] "GET /xingrg/all/function/internal_message.html?_=1690332154093&CODE_STATE=getMsg HTTP/1.1" 200 27
116.238.191.126 - - [26/Jul/2023:08:42:38 +0800] "GET /xingrg/kc/buy/cgsh_order_operate.html?command=get_materiel&rest_code=00151&code=00101010711&supplier_code=00100096&order_time=2023-07-26 HTTP/1.1" 200 407
116.232.195.127 - - [26/Jul/2023:08:42:40 +0800] "GET /xingrg/all/function/internal_message.html?_=1690332116642&CODE_STATE=getMsg HTTP/1.1" 200 27
114.85.113.108 - - [26/Jul/2023:08:42:40 +0800] "GET /xingrg/all/function/internal_message.html?_=1690332159831&CODE_STATE=getMsg HTTP/1.1" 200 27
124.78.155.92 - - [26/Jul/2023:08:42:42 +0800] "POST /xingrg/services/DataTransmitService HTTP/1.1" 200 524
120.253.135.82 - - [26/Jul/2023:08:42:45 +0800] "GET /xingrg/check_reg.html?_=1690332306103 HTTP/1.1" 200 22
120.253.135.82 - - [26/Jul/2023:08:42:45 +0800] "GET /xingrg/all/function/internal_message.html?_=1690332306102&CODE_STATE=getMsg HTTP/1.1" 200 27
116.238.191.126 - - [26/Jul/2023:08:42:53 +0800] "GET /xingrg/kc/buy/cgsh_order_operate.html?command=get_materiel&rest_code=00151&code=00101016104&supplier_code=00100096&order_time=2023-07-26 HTTP/1.1" 200 410
124.78.155.92 - - [26/Jul/2023:08:42:59 +0800] "GET /xingrg/all/function/internal_message.html?_=1690332180369&CODE_STATE=getMsg HTTP/1.1" 200 27
222.70.180.90 - - [26/Jul/2023:08:43:02 +0800] "GET /xingrg/all/function/internal_message.html?_=1690332182252&CODE_STATE=getMsg HTTP/1.1" 200 27
120.253.135.82 - - [26/Jul/2023:08:43:06 +0800] "GET /xingrg/all/function/internal_message.html?_=1690332009093&CODE_STATE=getMsg HTTP/1.1" 200 27
180.152.241.196 - - [26/Jul/2023:08:43:24 +0800] "GET /xingrg/all/function/internal_message.html?_=1690332204329&CODE_STATE=getMsg HTTP/1.1" 200 27
116.238.191.126 - - [26/Jul/2023:08:43:27 +0800] "GET /xingrg/all/function/internal_message.html?_=1690332093817&CODE_STATE=getMsg HTTP/1.1" 200 27
101.83.145.37 - - [26/Jul/2023:08:43:32 +0800] "GET /xingrg/all/function/internal_message.html?_=1690332214063&CODE_STATE=getMsg HTTP/1.1" 200 27
120.253.135.82 - - [26/Jul/2023:08:43:36 +0800] "GET /xingrg/check_reg.html?_=1690332038598 HTTP/1.1" 200 22
101.83.145.37 - - [26/Jul/2023:08:43:38 +0800] "GET /xingrg/kc/buy/cgsh_order_add.html HTTP/1.1" 200 71806
101.83.145.37 - - [26/Jul/2023:08:43:39 +0800] "GET /xingrg/javascript/easyui/themes/default/validatebox.css HTTP/1.1" 404 1104
101.83.145.37 - - [26/Jul/2023:08:43:39 +0800] "POST /xingrg/kc/buy/cgsh_order_operate.html HTTP/1.1" 200 8245
116.232.195.127 - - [26/Jul/2023:08:43:40 +0800] "GET /xingrg/check_reg.html?_=1690332176640 HTTP/1.1" 200 22
116.232.195.127 - - [26/Jul/2023:08:43:40 +0800] "GET /xingrg/all/function/internal_message.html?_=1690332176642&CODE_STATE=getMsg HTTP/1.1" 200 27
114.85.113.108 - - [26/Jul/2023:08:43:40 +0800] "GET /xingrg/all/function/internal_message.html?_=1690332219839&CODE_STATE=getMsg HTTP/1.1" 200 27
120.253.135.82 - - [26/Jul/2023:08:43:46 +0800] "GET /xingrg/all/function/internal_message.html?_=1690332367106&CODE_STATE=getMsg HTTP/1.1" 200 27
116.238.191.126 - - [26/Jul/2023:08:43:47 +0800] "POST /xingrg/kc/buy/cgsh_order_operate.html HTTP/1.1" 200 37
101.83.145.37 - - [26/Jul/2023:08:43:54 +0800] "GET /xingrg/kc/buy/cgsh_order_operate.html?command=get_materiel&rest_code=00105&code=00101012039&supplier_code=00100024&order_time=2023-07-26 HTTP/1.1" 200 408
116.238.191.126 - - [26/Jul/2023:08:43:56 +0800] "POST /xingrg/kc/buy/cgsh_order_operate.html HTTP/1.1" 200 12
124.78.155.92 - - [26/Jul/2023:08:43:59 +0800] "GET /xingrg/all/function/internal_message.html?_=1690332240378&CODE_STATE=getMsg HTTP/1.1" 200 27
116.238.191.126 - - [26/Jul/2023:08:43:59 +0800] "GET /xingrg/kc/buy/cgsh_order_info.html?code=212023072610173 HTTP/1.1" 200 66237
116.238.191.126 - - [26/Jul/2023:08:44:00 +0800] "GET /xingrg/javascript/easyui/themes/default/validatebox.css HTTP/1.1" 404 1104
116.238.191.126 - - [26/Jul/2023:08:44:01 +0800] "POST /xingrg/kc/buy/cgsh_order_operate.html HTTP/1.1" 200 3591
222.70.180.90 - - [26/Jul/2023:08:44:02 +0800] "GET /xingrg/all/function/internal_message.html?_=1690332242251&CODE_STATE=getMsg HTTP/1.1" 200 27
116.238.191.126 - - [26/Jul/2023:08:44:03 +0800] "GET /xingrg/kc/print/load_data.html?order_code=212023072610173&kc_code=cgsh&condition= HTTP/1.1" 200 1853
120.253.135.82 - - [26/Jul/2023:08:44:06 +0800] "GET /xingrg/all/function/internal_message.html?_=1690332069112&CODE_STATE=getMsg HTTP/1.1" 200 27
180.152.241.196 - - [26/Jul/2023:08:44:24 +0800] "GET /xingrg/all/function/internal_message.html?_=1690332264330&CODE_STATE=getMsg HTTP/1.1" 200 27
180.165.154.167 - - [26/Jul/2023:08:44:26 +0800] "POST /xingrg/services/DataTransmitService HTTP/1.1" 200 524
116.238.191.126 - - [26/Jul/2023:08:44:27 +0800] "GET /xingrg/check_reg.html?_=1690332153768 HTTP/1.1" 200 22
116.238.191.126 - - [26/Jul/2023:08:44:27 +0800] "GET /xingrg/all/function/internal_message.html?_=1690332153852&CODE_STATE=getMsg HTTP/1.1" 200 27
101.83.145.37 - - [26/Jul/2023:08:44:30 +0800] "GET /xingrg/kc/buy/cgsh_order_operate.html?command=get_materiel&rest_code=00105&code=00101016010&supplier_code=00100024&order_time=2023-07-26 HTTP/1.1" 200 408
101.83.145.37 - - [26/Jul/2023:08:44:32 +0800] "GET /xingrg/all/function/internal_message.html?_=1690332274044&CODE_STATE=getMsg HTTP/1.1" 200 27
