101.83.145.37 - - [26/Jul/2023:11:32:21 +0800] "POST /xingrg/kc/base/wldb_order_operate.html HTTP/1.1" 200 37
218.81.74.148 - - [26/Jul/2023:11:32:22 +0800] "GET /xingrg/kc/print/load_config.html?kc_code=cgsh HTTP/1.1" 200 1924
101.83.145.37 - - [26/Jul/2023:11:32:22 +0800] "POST /xingrg/kc/base/wldb_order_operate.html HTTP/1.1" 200 2215
222.70.180.90 - - [26/Jul/2023:11:32:23 +0800] "GET /xingrg/kc/buy/cgsh_order_operate.html?command=get_materiel&rest_code=00111&code=00101010936&supplier_code=00100570&order_time=2023-07-26 HTTP/1.1" 200 403
218.81.74.148 - - [26/Jul/2023:11:32:24 +0800] "GET /xingrg/kc/print/load_data.html?order_code=212023072610289&kc_code=cgsh&condition= HTTP/1.1" 200 745
180.152.241.196 - - [26/Jul/2023:11:32:24 +0800] "GET /xingrg/all/function/internal_message.html?_=1690342344310&CODE_STATE=getMsg HTTP/1.1" 200 27
101.83.145.37 - - [26/Jul/2023:11:32:24 +0800] "GET /xingrg/kc/base/wldb_order_info.html?code=422023072602550 HTTP/1.1" 200 30432
101.83.145.37 - - [26/Jul/2023:11:32:25 +0800] "GET /xingrg/javascript/easyui/themes/default/validatebox.css HTTP/1.1" 404 1104
101.83.145.37 - - [26/Jul/2023:11:32:25 +0800] "POST /xingrg/kc/base/wldb_order_operate.html HTTP/1.1" 200 2215
101.83.145.37 - - [26/Jul/2023:11:32:28 +0800] "GET /xingrg/kc/base/wldb_order_add.html HTTP/1.1" 200 30422
101.83.145.37 - - [26/Jul/2023:11:32:29 +0800] "GET /xingrg/all/function/internal_message.html?_=1690342350373&CODE_STATE=getMsg HTTP/1.1" 200 27
101.83.145.37 - - [26/Jul/2023:11:32:29 +0800] "GET /xingrg/javascript/easyui/themes/default/validatebox.css HTTP/1.1" 404 1104
101.83.145.37 - - [26/Jul/2023:11:32:29 +0800] "POST /xingrg/kc/base/wldb_order_operate.html HTTP/1.1" 200 6806
124.78.70.128 - - [26/Jul/2023:11:32:30 +0800] "POST /xingrg/kc/buy/cgsh_order_operate.html HTTP/1.1" 200 12
101.83.145.37 - - [26/Jul/2023:11:32:30 +0800] "POST /xingrg/all/common/load_combo.html?type=base HTTP/1.1" 200 3409
120.253.135.82 - - [26/Jul/2023:11:32:30 +0800] "GET /xingrg/all/function/internal_message.html?_=1690342172967&CODE_STATE=getMsg HTTP/1.1" 200 27
124.78.70.128 - - [26/Jul/2023:11:32:34 +0800] "GET /xingrg/kc/buy/cgsh_order_info.html?code=212023072610290 HTTP/1.1" 200 66641
124.78.70.128 - - [26/Jul/2023:11:32:34 +0800] "GET /xingrg/javascript/easyui/themes/default/validatebox.css HTTP/1.1" 404 1104
222.70.245.33 - - [26/Jul/2023:11:32:37 +0800] "GET /xingrg/all/function/internal_message.html?_=1690342367350&CODE_STATE=getMsg HTTP/1.1" 200 27
116.232.195.127 - - [26/Jul/2023:11:32:38 +0800] "GET /xingrg/all/function/internal_message.html?_=1690342314625&CODE_STATE=getMsg HTTP/1.1" 200 27
222.70.180.90 - - [26/Jul/2023:11:32:40 +0800] "POST /xingrg/kc/buy/cgsh_order_operate.html HTTP/1.1" 200 37
124.78.70.128 - - [26/Jul/2023:11:32:40 +0800] "POST /xingrg/kc/buy/cgsh_order_operate.html HTTP/1.1" 200 622
218.81.74.148 - - [26/Jul/2023:11:32:42 +0800] "GET /xingrg/all/function/internal_message.html?_=1690342362103&CODE_STATE=getMsg HTTP/1.1" 200 27
222.70.180.90 - - [26/Jul/2023:11:32:42 +0800] "POST /xingrg/kc/buy/cgsh_order_operate.html HTTP/1.1" 200 2660
180.152.241.196 - - [26/Jul/2023:11:32:42 +0800] "GET /xingrg/all/function/internal_message.html?_=1690342378093&CODE_STATE=getMsg HTTP/1.1" 200 27
101.83.145.37 - - [26/Jul/2023:11:32:43 +0800] "GET /xingrg/kc/base/wldb_order_operate.html?command=get_materiel&rest_code=00105&base_code=0010508&code=00102002036 HTTP/1.1" 200 444
222.70.180.90 - - [26/Jul/2023:11:32:43 +0800] "GET /xingrg/all/function/internal_message.html?_=1690342363074&CODE_STATE=getMsg HTTP/1.1" 200 27
124.78.70.128 - - [26/Jul/2023:11:32:43 +0800] "GET /xingrg/kc/print/load_data.html?order_code=212023072610290&kc_code=cgsh&condition= HTTP/1.1" 200 728
222.70.180.90 - - [26/Jul/2023:11:32:45 +0800] "GET /xingrg/kc/print/load_data.html?order_code=212023072610291&kc_code=cgsh&condition= HTTP/1.1" 200 663
114.83.216.74 - - [26/Jul/2023:11:32:45 +0800] "GET /xingrg/all/function/internal_message.html?_=1690342363494&CODE_STATE=getMsg HTTP/1.1" 200 27
101.83.145.37 - - [26/Jul/2023:11:32:48 +0800] "POST /xingrg/kc/base/wldb_order_operate.html HTTP/1.1" 200 37
222.70.114.12 - - [26/Jul/2023:11:32:49 +0800] "GET /xingrg/all/function/internal_message.html?_=1690342374393&CODE_STATE=getMsg HTTP/1.1" 200 27
101.83.145.37 - - [26/Jul/2023:11:32:49 +0800] "POST /xingrg/kc/base/wldb_order_operate.html HTTP/1.1" 200 2192
222.70.180.90 - - [26/Jul/2023:11:32:50 +0800] "GET /xingrg/all/function/internal_message.html?_=1690342487143&CODE_STATE=getMsg HTTP/1.1" 200 27
218.81.74.148 - - [26/Jul/2023:11:32:51 +0800] "GET /xingrg/all/function/internal_message.html?_=1690342377036&CODE_STATE=getMsg HTTP/1.1" 200 27
101.83.145.37 - - [26/Jul/2023:11:32:51 +0800] "GET /xingrg/kc/base/wldb_order_info.html?code=422023072602551 HTTP/1.1" 200 30435
124.78.70.128 - - [26/Jul/2023:11:32:51 +0800] "GET /xingrg/kc/buy/cgsh_order_add.html HTTP/1.1" 200 71724
222.70.180.90 - - [26/Jul/2023:11:32:51 +0800] "GET /xingrg/kc/buy/cgsh_order_add.html HTTP/1.1" 200 71680
124.78.70.128 - - [26/Jul/2023:11:32:51 +0800] "POST /xingrg/kc/buy/cgsh_order_operate.html HTTP/1.1" 200 8245
124.78.70.128 - - [26/Jul/2023:11:32:52 +0800] "GET /xingrg/javascript/easyui/themes/default/validatebox.css HTTP/1.1" 404 1104
101.83.145.37 - - [26/Jul/2023:11:32:52 +0800] "GET /xingrg/javascript/easyui/themes/default/validatebox.css HTTP/1.1" 404 1104
222.70.180.90 - - [26/Jul/2023:11:32:52 +0800] "POST /xingrg/kc/buy/cgsh_order_operate.html HTTP/1.1" 200 8245
222.70.180.90 - - [26/Jul/2023:11:32:52 +0800] "GET /xingrg/javascript/easyui/themes/default/validatebox.css HTTP/1.1" 404 1104
101.83.145.37 - - [26/Jul/2023:11:32:53 +0800] "POST /xingrg/kc/base/wldb_order_operate.html HTTP/1.1" 200 2192
222.70.180.90 - - [26/Jul/2023:11:33:05 +0800] "GET /xingrg/kc/buy/cgsh_order_operate.html?command=get_materiel&rest_code=00111&code=00101001261&supplier_code=00100325&order_time=2023-07-26 HTTP/1.1" 200 412
120.253.135.82 - - [26/Jul/2023:11:33:05 +0800] "GET /xingrg/all/function/internal_message.html?_=1690342525961&CODE_STATE=getMsg HTTP/1.1" 200 27
120.253.135.82 - - [26/Jul/2023:11:33:05 +0800] "GET /xingrg/check_reg.html?_=1690342525963 HTTP/1.1" 200 22
101.228.187.155 - - [26/Jul/2023:11:33:07 +0800] "GET /xingrg/all/function/internal_message.html?_=1690342387158&CODE_STATE=getMsg HTTP/1.1" 200 27
180.165.154.167 - - [26/Jul/2023:11:33:08 +0800] "GET /xingrg/all/function/internal_message.html?_=1690342387666&CODE_STATE=getMsg HTTP/1.1" 200 27
124.78.70.128 - - [26/Jul/2023:11:33:08 +0800] "GET /xingrg/all/function/internal_message.html?_=1690341857193&CODE_STATE=getMsg HTTP/1.1" 200 27
124.78.70.128 - - [26/Jul/2023:11:33:10 +0800] "GET /xingrg/check_reg.html?_=1690341858355 HTTP/1.1" 200 22
124.78.155.92 - - [26/Jul/2023:11:33:10 +0800] "GET /xingrg/all/function/internal_message.html?_=1690342391484&CODE_STATE=getMsg HTTP/1.1" 200 27
124.78.155.92 - - [26/Jul/2023:11:33:10 +0800] "GET /xingrg/check_reg.html?_=1690342392034 HTTP/1.1" 200 22
124.78.70.128 - - [26/Jul/2023:11:33:11 +0800] "GET /xingrg/kc/buy/cgsh_order_operate.html?command=get_materiel&rest_code=00141&code=00101010936&supplier_code=00100570&order_time=2023-07-26 HTTP/1.1" 200 403
180.169.147.146 - - [26/Jul/2023:11:33:12 +0800] "GET /xingrg/all/function/internal_message.html?_=1690342391284&CODE_STATE=getMsg HTTP/1.1" 200 27
101.83.145.37 - - [26/Jul/2023:11:33:15 +0800] "GET /xingrg/kc/base/wldb_order_add.html HTTP/1.1" 200 30422
101.83.145.37 - - [26/Jul/2023:11:33:15 +0800] "GET /xingrg/javascript/easyui/themes/default/validatebox.css HTTP/1.1" 404 1104
101.83.145.37 - - [26/Jul/2023:11:33:15 +0800] "POST /xingrg/kc/base/wldb_order_operate.html HTTP/1.1" 200 6806
124.78.155.92 - - [26/Jul/2023:11:33:16 +0800] "GET /xingrg/login.html?r=1 HTTP/1.1" 200 7641
124.78.155.92 - - [26/Jul/2023:11:33:16 +0800] "GET /favicon.ico HTTP/1.1" 404 -
101.83.145.37 - - [26/Jul/2023:11:33:16 +0800] "POST /xingrg/all/common/load_combo.html?type=base HTTP/1.1" 200 3409
114.85.113.108 - - [26/Jul/2023:11:33:21 +0800] "GET /xingrg/all/function/internal_message.html?_=1690342399915&CODE_STATE=getMsg HTTP/1.1" 200 27
124.78.155.92 - - [26/Jul/2023:11:33:21 +0800] "POST /xingrg/login.do HTTP/1.1" 302 -
124.78.155.92 - - [26/Jul/2023:11:33:21 +0800] "GET /xingrg/index.html?sysBaseUrl=http%3A%2F%2F180.169.147.146%3A18081%2Fxingrg%2F&costTime=1636×tamp=1690342401098 HTTP/1.1" 200 17173
124.78.155.92 - - [26/Jul/2023:11:33:21 +0800] "GET /favicon.ico HTTP/1.1" 404 -
124.78.155.92 - - [26/Jul/2023:11:33:21 +0800] "GET /xingrg/all/function/internal_message.html?_=1690342400307&CODE_STATE=count HTTP/1.1" 200 11
124.78.155.92 - - [26/Jul/2023:11:33:21 +0800] "GET /xingrg/check_reg.html?_=1690342400310 HTTP/1.1" 200 22
124.78.155.92 - - [26/Jul/2023:11:33:21 +0800] "POST /xingrg/all/common/load_tree.html?tree=area_rest_tree_json&manage=1 HTTP/1.1" 200 342
124.78.155.92 - - [26/Jul/2023:11:33:21 +0800] "POST /xingrg/load_menu.html HTTP/1.1" 200 5138
180.152.241.196 - - [26/Jul/2023:11:33:24 +0800] "GET /xingrg/all/function/internal_message.html?_=1690342404322&CODE_STATE=getMsg HTTP/1.1" 200 27
124.78.155.92 - - [26/Jul/2023:11:33:25 +0800] "GET /xingrg/kc/buy/buy_main.html HTTP/1.1" 200 12412
124.78.155.92 - - [26/Jul/2023:11:33:25 +0800] "GET /xingrg/css/new_ie.css HTTP/1.1" 404 1036
124.78.155.92 - - [26/Jul/2023:11:33:26 +0800] "GET /xingrg/images/yd/bt.gif HTTP/1.1" 404 1040
101.83.145.37 - - [26/Jul/2023:11:33:29 +0800] "GET /xingrg/all/function/internal_message.html?_=1690342410377&CODE_STATE=getMsg HTTP/1.1" 200 27
124.78.155.92 - - [26/Jul/2023:11:33:29 +0800] "GET /xingrg/kc/buy/cgsh_order_list.html HTTP/1.1" 200 55942
120.253.135.82 - - [26/Jul/2023:11:33:30 +0800] "GET /xingrg/all/function/internal_message.html?_=1690342233088&CODE_STATE=getMsg HTTP/1.1" 200 27
124.78.70.128 - - [26/Jul/2023:11:33:31 +0800] "POST /xingrg/kc/buy/cgsh_order_operate.html HTTP/1.1" 200 37
222.70.180.90 - - [26/Jul/2023:11:33:33 +0800] "GET /xingrg/kc/buy/cgsh_order_operate.html?command=get_materiel&rest_code=00111&code=00101037239&supplier_code=00100325&order_time=2023-07-26 HTTP/1.1" 200 410
101.83.145.37 - - [26/Jul/2023:11:33:36 +0800] "POST /xingrg/kc/base/wldb_order_operate.html HTTP/1.1" 200 37
120.253.135.82 - - [26/Jul/2023:11:33:36 +0800] "GET /xingrg/check_reg.html?_=1690342239251 HTTP/1.1" 200 22
222.70.245.33 - - [26/Jul/2023:11:33:37 +0800] "GET /xingrg/all/function/internal_message.html?_=1690342427416&CODE_STATE=getMsg HTTP/1.1" 200 27
116.238.191.126 - - [26/Jul/2023:11:33:38 +0800] "POST /xingrg/kc/buy/cgsh_order_operate.html HTTP/1.1" 200 12
101.83.145.37 - - [26/Jul/2023:11:33:38 +0800] "POST /xingrg/kc/base/wldb_order_operate.html HTTP/1.1" 200 2220
116.232.195.127 - - [26/Jul/2023:11:33:38 +0800] "GET /xingrg/all/function/internal_message.html?_=1690342374600&CODE_STATE=getMsg HTTP/1.1" 200 27
116.232.195.127 - - [26/Jul/2023:11:33:40 +0800] "GET /xingrg/check_reg.html?_=1690342376222 HTTP/1.1" 200 22
101.83.145.37 - - [26/Jul/2023:11:33:40 +0800] "GET /xingrg/kc/base/wldb_order_info.html?code=422023072602552 HTTP/1.1" 200 30438
101.83.145.37 - - [26/Jul/2023:11:33:41 +0800] "GET /xingrg/javascript/easyui/themes/default/validatebox.css HTTP/1.1" 404 1104
218.81.74.148 - - [26/Jul/2023:11:33:42 +0800] "GET /xingrg/all/function/internal_message.html?_=1690342422102&CODE_STATE=getMsg HTTP/1.1" 200 27
218.81.74.148 - - [26/Jul/2023:11:33:42 +0800] "GET /xingrg/check_reg.html?_=1690342422105 HTTP/1.1" 200 22
116.238.191.126 - - [26/Jul/2023:11:33:42 +0800] "GET /xingrg/check_reg.html?_=1690342309046 HTTP/1.1" 200 22
116.238.191.126 - - [26/Jul/2023:11:33:42 +0800] "GET /xingrg/all/function/internal_message.html?_=1690342309045&CODE_STATE=getMsg HTTP/1.1" 200 27
180.152.241.196 - - [26/Jul/2023:11:33:42 +0800] "GET /xingrg/check_reg.html?_=1690342438085 HTTP/1.1" 200 22
180.152.241.196 - - [26/Jul/2023:11:33:42 +0800] "GET /xingrg/all/function/internal_message.html?_=1690342438087&CODE_STATE=getMsg HTTP/1.1" 200 27
222.70.180.90 - - [26/Jul/2023:11:33:43 +0800] "GET /xingrg/all/function/internal_message.html?_=1690342423053&CODE_STATE=getMsg HTTP/1.1" 200 27
124.78.70.128 - - [26/Jul/2023:11:33:45 +0800] "POST /xingrg/kc/buy/cgsh_order_operate.html HTTP/1.1" 200 12
101.83.145.37 - - [26/Jul/2023:11:33:45 +0800] "POST /xingrg/kc/base/wldb_order_operate.html HTTP/1.1" 200 2220
114.83.216.74 - - [26/Jul/2023:11:33:45 +0800] "GET /xingrg/all/function/internal_message.html?_=1690342423489&CODE_STATE=getMsg HTTP/1.1" 200 27
116.238.191.126 - - [26/Jul/2023:11:33:46 +0800] "GET /xingrg/kc/buy/cgsh_order_info.html?code=212023072610287 HTTP/1.1" 200 66697
116.238.191.126 - - [26/Jul/2023:11:33:47 +0800] "GET /xingrg/javascript/easyui/themes/default/validatebox.css HTTP/1.1" 404 1104
101.83.145.37 - - [26/Jul/2023:11:33:47 +0800] "GET /xingrg/kc/base/wldb_order_add.html HTTP/1.1" 200 30422
114.83.216.74 - - [26/Jul/2023:11:33:47 +0800] "GET /xingrg/check_reg.html?_=1690342425677 HTTP/1.1" 200 22
101.83.145.37 - - [26/Jul/2023:11:33:48 +0800] "GET /xingrg/javascript/easyui/themes/default/validatebox.css HTTP/1.1" 404 1104
101.83.145.37 - - [26/Jul/2023:11:33:48 +0800] "POST /xingrg/kc/base/wldb_order_operate.html HTTP/1.1" 200 6806
116.238.191.126 - - [26/Jul/2023:11:33:48 +0800] "POST /xingrg/kc/buy/cgsh_order_operate.html HTTP/1.1" 200 2402
222.70.114.12 - - [26/Jul/2023:11:33:49 +0800] "GET /xingrg/all/function/internal_message.html?_=1690342434394&CODE_STATE=getMsg HTTP/1.1" 200 27
101.83.145.37 - - [26/Jul/2023:11:33:49 +0800] "POST /xingrg/all/common/load_combo.html?type=base HTTP/1.1" 200 3409
124.78.155.92 - - [26/Jul/2023:11:33:49 +0800] "POST /xingrg/kc/buy/cgsh_list_operate.html HTTP/1.1" 200 1869
222.70.180.90 - - [26/Jul/2023:11:33:50 +0800] "GET /xingrg/all/function/internal_message.html?_=1690342547120&CODE_STATE=getMsg HTTP/1.1" 200 27
218.81.74.148 - - [26/Jul/2023:11:33:51 +0800] "GET /xingrg/check_reg.html?_=1690342437037 HTTP/1.1" 200 22
218.81.74.148 - - [26/Jul/2023:11:33:51 +0800] "GET /xingrg/all/function/internal_message.html?_=1690342437038&CODE_STATE=getMsg HTTP/1.1" 200 27
124.78.70.128 - - [26/Jul/2023:11:33:51 +0800] "GET /xingrg/kc/buy/cgsh_order_info.html?code=212023072610292 HTTP/1.1" 200 66635
124.78.70.128 - - [26/Jul/2023:11:33:51 +0800] "GET /xingrg/javascript/easyui/themes/default/validatebox.css HTTP/1.1" 404 1104
116.238.191.126 - - [26/Jul/2023:11:33:52 +0800] "GET /xingrg/kc/print/load_data.html?order_code=212023072610287&kc_code=cgsh&condition= HTTP/1.1" 200 1498
124.78.70.128 - - [26/Jul/2023:11:33:52 +0800] "POST /xingrg/kc/buy/cgsh_order_operate.html HTTP/1.1" 200 610
124.78.155.92 - - [26/Jul/2023:11:33:53 +0800] "GET /xingrg/kc/buy/cgsh_order_add.html HTTP/1.1" 200 71718
124.78.155.92 - - [26/Jul/2023:11:33:53 +0800] "GET /xingrg/words/20230726095329_words.js HTTP/1.1" 200 974639
124.78.155.92 - - [26/Jul/2023:11:33:53 +0800] "POST /xingrg/kc/buy/cgsh_order_operate.html HTTP/1.1" 200 8245
124.78.155.92 - - [26/Jul/2023:11:33:53 +0800] "GET /xingrg/javascript/easyui/themes/default/validatebox.css HTTP/1.1" 404 1104
124.78.155.92 - - [26/Jul/2023:11:33:54 +0800] "GET /xingrg/all/common/auto_word.html?type=employee&rest_code=00106 HTTP/1.1" 200 205
124.78.155.92 - - [26/Jul/2023:11:33:54 +0800] "GET /xingrg/all/common/auto_word.html?type=employee&rest_code=00106 HTTP/1.1" 200 205
218.81.74.148 - - [26/Jul/2023:11:33:55 +0800] "GET /xingrg/kc/buy/cgsh_order_add.html HTTP/1.1" 200 71718
124.78.155.92 - - [26/Jul/2023:11:33:55 +0800] "GET /xingrg/javascript/easyui/themes/default/tree.css HTTP/1.1" 404 1090
124.78.70.128 - - [26/Jul/2023:11:33:55 +0800] "GET /xingrg/kc/print/load_data.html?order_code=212023072610292&kc_code=cgsh&condition= HTTP/1.1" 200 701
218.81.74.148 - - [26/Jul/2023:11:33:56 +0800] "POST /xingrg/kc/buy/cgsh_order_operate.html HTTP/1.1" 200 8245
218.81.74.148 - - [26/Jul/2023:11:33:56 +0800] "GET /xingrg/javascript/easyui/themes/default/validatebox.css HTTP/1.1" 404 1104
124.78.155.92 - - [26/Jul/2023:11:33:56 +0800] "POST /xingrg/all/common/load_tree.html?tree=supplier_tree_json&isDelete=1 HTTP/1.1" 200 74671
124.78.70.128 - - [26/Jul/2023:11:34:00 +0800] "GET /xingrg/kc/buy/cgsh_order_add.html HTTP/1.1" 200 71724
124.78.70.128 - - [26/Jul/2023:11:34:00 +0800] "POST /xingrg/kc/buy/cgsh_order_operate.html HTTP/1.1" 200 8245
124.78.70.128 - - [26/Jul/2023:11:34:00 +0800] "GET /xingrg/javascript/easyui/themes/default/validatebox.css HTTP/1.1" 404 1104
222.70.180.90 - - [26/Jul/2023:11:34:01 +0800] "GET /xingrg/kc/buy/cgsh_order_operate.html?command=get_materiel&rest_code=00111&code=00101001079&supplier_code=00100325&order_time=2023-07-26 HTTP/1.1" 200 413
114.83.216.74 - - [26/Jul/2023:11:34:02 +0800] "GET /xingrg/kc/buy/cgsh_order_list.html HTTP/1.1" 200 55948
114.83.216.74 - - [26/Jul/2023:11:34:05 +0800] "POST /xingrg/kc/buy/cgsh_list_operate.html HTTP/1.1" 200 986
120.253.135.82 - - [26/Jul/2023:11:34:05 +0800] "GET /xingrg/all/function/internal_message.html?_=1690342585964&CODE_STATE=getMsg HTTP/1.1" 200 27
101.83.145.37 - - [26/Jul/2023:11:34:06 +0800] "GET /xingrg/kc/base/wldb_order_operate.html?command=get_materiel&rest_code=00105&base_code=0010508&code=00102002204 HTTP/1.1" 200 448
116.238.191.126 - - [26/Jul/2023:11:34:06 +0800] "GET /xingrg/kc/buy/cgsh_order_add.html HTTP/1.1" 200 71780
116.238.191.126 - - [26/Jul/2023:11:34:06 +0800] "POST /xingrg/kc/buy/cgsh_order_operate.html HTTP/1.1" 200 8245
116.238.191.126 - - [26/Jul/2023:11:34:06 +0800] "GET /xingrg/javascript/easyui/themes/default/validatebox.css HTTP/1.1" 404 1104
114.83.216.74 - - [26/Jul/2023:11:34:07 +0800] "GET /xingrg/kc/buy/cgsh_order_add.html HTTP/1.1" 200 71812
101.228.187.155 - - [26/Jul/2023:11:34:07 +0800] "GET /xingrg/all/function/internal_message.html?_=1690342447158&CODE_STATE=getMsg HTTP/1.1" 200 27
114.83.216.74 - - [26/Jul/2023:11:34:07 +0800] "GET /xingrg/words/20230726095329_words.js HTTP/1.1" 304 -
114.83.216.74 - - [26/Jul/2023:11:34:07 +0800] "POST /xingrg/kc/buy/cgsh_order_operate.html HTTP/1.1" 200 8245
114.83.216.74 - - [26/Jul/2023:11:34:07 +0800] "GET /xingrg/javascript/easyui/themes/default/validatebox.css HTTP/1.1" 404 1104
180.165.154.167 - - [26/Jul/2023:11:34:08 +0800] "GET /xingrg/all/function/internal_message.html?_=1690342447682&CODE_STATE=getMsg HTTP/1.1" 200 27
124.78.70.128 - - [26/Jul/2023:11:34:08 +0800] "GET /xingrg/all/function/internal_message.html?_=1690341917161&CODE_STATE=getMsg HTTP/1.1" 200 27
124.78.155.92 - - [26/Jul/2023:11:34:10 +0800] "GET /xingrg/all/function/internal_message.html?_=1690342451459&CODE_STATE=getMsg HTTP/1.1" 200 27
124.78.155.92 - - [26/Jul/2023:11:34:11 +0800] "GET /xingrg/javascript/auto/indicator.gif HTTP/1.1" 404 1066
180.169.147.146 - - [26/Jul/2023:11:34:12 +0800] "GET /xingrg/all/function/internal_message.html?_=1690342451300&CODE_STATE=getMsg HTTP/1.1" 200 27
222.70.180.90 - - [26/Jul/2023:11:34:12 +0800] "GET /xingrg/kc/buy/cgsh_order_operate.html?command=get_materiel&rest_code=00111&code=00101007144&supplier_code=00100325&order_time=2023-07-26 HTTP/1.1" 200 442
124.78.70.128 - - [26/Jul/2023:11:34:13 +0800] "GET /xingrg/kc/buy/cgsh_order_operate.html?command=get_materiel&rest_code=00141&code=00101007106&supplier_code=00100323&order_time=2023-07-26 HTTP/1.1" 200 409
101.83.145.37 - - [26/Jul/2023:11:34:18 +0800] "GET /xingrg/kc/base/wldb_order_operate.html?command=get_materiel&rest_code=00105&base_code=0010508&code=00102002347 HTTP/1.1" 200 457
124.78.155.92 - - [26/Jul/2023:11:34:18 +0800] "GET /xingrg/kc/buy/cgsh_order_operate.html?command=get_materiel&rest_code=00106&code=00101001145&supplier_code=00100314&order_time=2023-07-26 HTTP/1.1" 200 413
116.238.191.126 - - [26/Jul/2023:11:34:18 +0800] "GET /xingrg/kc/buy/cgsh_order_operate.html?command=get_materiel&rest_code=00150&code=00101002006&supplier_code=00100091&order_time=2023-07-26 HTTP/1.1" 200 414
222.70.180.90 - - [26/Jul/2023:11:34:20 +0800] "GET /xingrg/check_reg.html?_=1690342577127 HTTP/1.1" 200 22
114.85.113.108 - - [26/Jul/2023:11:34:21 +0800] "GET /xingrg/all/function/internal_message.html?_=1690342459914&CODE_STATE=getMsg HTTP/1.1" 200 27
124.78.155.92 - - [26/Jul/2023:11:34:21 +0800] "GET /xingrg/all/function/internal_message.html?_=1690342460315&CODE_STATE=getMsg HTTP/1.1" 200 27
114.83.216.74 - - [26/Jul/2023:11:34:21 +0800] "GET /xingrg/kc/buy/cgsh_order_operate.html?command=get_materiel&rest_code=00149&code=00101008496&supplier_code=00100323&order_time=2023-07-26 HTTP/1.1" 200 405
101.83.145.37 - - [26/Jul/2023:11:34:24 +0800] "POST /xingrg/kc/base/wldb_order_operate.html HTTP/1.1" 200 37
180.152.241.196 - - [26/Jul/2023:11:34:24 +0800] "GET /xingrg/all/function/internal_message.html?_=1690342464323&CODE_STATE=getMsg HTTP/1.1" 200 27
101.83.145.37 - - [26/Jul/2023:11:34:24 +0800] "POST /xingrg/kc/base/wldb_order_operate.html HTTP/1.1" 200 2694
222.70.180.90 - - [26/Jul/2023:11:34:24 +0800] "GET /xingrg/kc/buy/cgsh_order_operate.html?command=get_materiel&rest_code=00111&code=00101007043&supplier_code=00100325&order_time=2023-07-26 HTTP/1.1" 200 408
101.83.145.37 - - [26/Jul/2023:11:34:28 +0800] "GET /xingrg/kc/base/wldb_order_info.html?code=422023072602553 HTTP/1.1" 200 30436
101.83.145.37 - - [26/Jul/2023:11:34:28 +0800] "GET /xingrg/javascript/easyui/themes/default/validatebox.css HTTP/1.1" 404 1104
101.83.145.37 - - [26/Jul/2023:11:34:29 +0800] "GET /xingrg/all/function/internal_message.html?_=1690342470383&CODE_STATE=getMsg HTTP/1.1" 200 27
101.83.145.37 - - [26/Jul/2023:11:34:30 +0800] "POST /xingrg/kc/base/wldb_order_operate.html HTTP/1.1" 200 2694
120.253.135.82 - - [26/Jul/2023:11:34:30 +0800] "GET /xingrg/all/function/internal_message.html?_=1690342293105&CODE_STATE=getMsg HTTP/1.1" 200 27
101.83.145.37 - - [26/Jul/2023:11:34:31 +0800] "GET /xingrg/kc/base/wldb_order_add.html HTTP/1.1" 200 30422
101.83.145.37 - - [26/Jul/2023:11:34:32 +0800] "POST /xingrg/kc/base/wldb_order_operate.html HTTP/1.1" 200 6806
101.83.145.37 - - [26/Jul/2023:11:34:32 +0800] "GET /xingrg/javascript/easyui/themes/default/validatebox.css HTTP/1.1" 404 1104
101.83.145.37 - - [26/Jul/2023:11:34:33 +0800] "POST /xingrg/all/common/load_combo.html?type=base HTTP/1.1" 200 3409
222.70.245.33 - - [26/Jul/2023:11:34:37 +0800] "GET /xingrg/all/function/internal_message.html?_=1690342487423&CODE_STATE=getMsg HTTP/1.1" 200 27
116.232.195.127 - - [26/Jul/2023:11:34:38 +0800] "GET /xingrg/all/function/internal_message.html?_=1690342434572&CODE_STATE=getMsg HTTP/1.1" 200 27
218.81.74.148 - - [26/Jul/2023:11:34:42 +0800] "GET /xingrg/all/function/internal_message.html?_=1690342482110&CODE_STATE=getMsg HTTP/1.1" 200 27
116.238.191.126 - - [26/Jul/2023:11:34:42 +0800] "POST /xingrg/kc/buy/cgsh_order_operate.html HTTP/1.1" 200 37
116.238.191.126 - - [26/Jul/2023:11:34:42 +0800] "GET /xingrg/all/function/internal_message.html?_=1690342369093&CODE_STATE=getMsg HTTP/1.1" 200 27
124.78.155.92 - - [26/Jul/2023:11:34:42 +0800] "POST /xingrg/kc/buy/cgsh_order_operate.html HTTP/1.1" 200 64
180.152.241.196 - - [26/Jul/2023:11:34:42 +0800] "GET /xingrg/all/function/internal_message.html?_=1690342498091&CODE_STATE=getMsg HTTP/1.1" 200 27
222.70.180.90 - - [26/Jul/2023:11:34:43 +0800] "GET /xingrg/all/function/internal_message.html?_=1690342483052&CODE_STATE=getMsg HTTP/1.1" 200 27
222.70.180.90 - - [26/Jul/2023:11:34:44 +0800] "GET /xingrg/check_reg.html?_=1690342483613 HTTP/1.1" 200 22
114.83.216.74 - - [26/Jul/2023:11:34:45 +0800] "GET /xingrg/all/function/internal_message.html?_=1690342483463&CODE_STATE=getMsg HTTP/1.1" 200 27
101.83.145.37 - - [26/Jul/2023:11:34:49 +0800] "GET /xingrg/kc/base/wldb_order_operate.html?command=get_materiel&rest_code=00105&base_code=0010507&code=00101019391 HTTP/1.1" 200 484
222.70.114.12 - - [26/Jul/2023:11:34:49 +0800] "GET /xingrg/all/function/internal_message.html?_=1690342494397&CODE_STATE=getMsg HTTP/1.1" 200 27
222.70.180.90 - - [26/Jul/2023:11:34:50 +0800] "GET /xingrg/all/function/internal_message.html?_=1690342607106&CODE_STATE=getMsg HTTP/1.1" 200 27
218.81.74.148 - - [26/Jul/2023:11:34:51 +0800] "GET /xingrg/all/function/internal_message.html?_=1690342497037&CODE_STATE=getMsg HTTP/1.1" 200 27
222.70.180.90 - - [26/Jul/2023:11:34:54 +0800] "POST /xingrg/kc/buy/cgsh_order_operate.html HTTP/1.1" 200 37
222.70.180.90 - - [26/Jul/2023:11:34:57 +0800] "POST /xingrg/kc/buy/cgsh_order_operate.html HTTP/1.1" 200 5041
101.83.145.37 - - [26/Jul/2023:11:34:57 +0800] "GET /xingrg/kc/base/wldb_order_operate.html?command=get_materiel&rest_code=00105&base_code=0010507&code=00101019110 HTTP/1.1" 200 475
124.78.70.128 - - [26/Jul/2023:11:34:59 +0800] "GET /xingrg/kc/buy/cgsh_order_operate.html?command=get_materiel&rest_code=00141&code=00101007097&supplier_code=00100323&order_time=2023-07-26 HTTP/1.1" 200 416
124.78.155.92 - - [26/Jul/2023:11:35:00 +0800] "POST /xingrg/kc/buy/cgsh_order_operate.html HTTP/1.1" 200 88
222.70.180.90 - - [26/Jul/2023:11:35:01 +0800] "GET /xingrg/kc/print/load_data.html?order_code=212023072610295&kc_code=cgsh&condition= HTTP/1.1" 200 1591
114.83.216.74 - - [26/Jul/2023:11:35:03 +0800] "GET /xingrg/kc/buy/cgsh_order_operate.html?command=get_materiel&rest_code=00149&code=00101010093&supplier_code=00100323&order_time=2023-07-26 HTTP/1.1" 200 413
120.253.135.82 - - [26/Jul/2023:11:35:05 +0800] "GET /xingrg/all/function/internal_message.html?_=1690342645962&CODE_STATE=getMsg HTTP/1.1" 200 27
116.238.191.126 - - [26/Jul/2023:11:35:07 +0800] "POST /xingrg/kc/buy/cgsh_order_operate.html HTTP/1.1" 200 12
101.228.187.155 - - [26/Jul/2023:11:35:07 +0800] "GET /xingrg/all/function/internal_message.html?_=1690342507158&CODE_STATE=getMsg HTTP/1.1" 200 27
101.83.145.37 - - [26/Jul/2023:11:35:07 +0800] "GET /xingrg/kc/base/wldb_order_operate.html?command=get_materiel&rest_code=00105&base_code=0010507&code=00101016029 HTTP/1.1" 200 462
180.165.154.167 - - [26/Jul/2023:11:35:08 +0800] "GET /xingrg/all/function/internal_message.html?_=1690342507672&CODE_STATE=getMsg HTTP/1.1" 200 27
180.165.154.167 - - [26/Jul/2023:11:35:08 +0800] "GET /xingrg/check_reg.html?_=1690342507675 HTTP/1.1" 200 22
124.78.70.128 - - [26/Jul/2023:11:35:08 +0800] "GET /xingrg/all/function/internal_message.html?_=1690341977153&CODE_STATE=getMsg HTTP/1.1" 200 27
124.78.155.92 - - [26/Jul/2023:11:35:10 +0800] "GET /xingrg/all/function/internal_message.html?_=1690342511428&CODE_STATE=getMsg HTTP/1.1" 200 27
116.238.191.126 - - [26/Jul/2023:11:35:10 +0800] "GET /xingrg/kc/buy/cgsh_order_info.html?code=212023072610293 HTTP/1.1" 200 66697
116.238.191.126 - - [26/Jul/2023:11:35:11 +0800] "GET /xingrg/javascript/easyui/themes/default/validatebox.css HTTP/1.1" 404 1104
222.70.180.90 - - [26/Jul/2023:11:35:11 +0800] "GET /xingrg/kc/buy/cgsh_order_add.html HTTP/1.1" 200 71680
222.70.180.90 - - [26/Jul/2023:11:35:12 +0800] "POST /xingrg/kc/buy/cgsh_order_operate.html HTTP/1.1" 200 8245
222.70.180.90 - - [26/Jul/2023:11:35:12 +0800] "GET /xingrg/javascript/easyui/themes/default/validatebox.css HTTP/1.1" 404 1104
180.169.147.146 - - [26/Jul/2023:11:35:12 +0800] "GET /xingrg/all/function/internal_message.html?_=1690342511296&CODE_STATE=getMsg HTTP/1.1" 200 27
101.83.145.37 - - [26/Jul/2023:11:35:14 +0800] "GET /xingrg/kc/base/wldb_order_operate.html?command=get_materiel&rest_code=00105&base_code=0010507&code=00101019222 HTTP/1.1" 200 454
124.78.155.92 - - [26/Jul/2023:11:35:15 +0800] "POST /xingrg/kc/buy/cgsh_order_operate.html HTTP/1.1" 200 37
116.238.191.126 - - [26/Jul/2023:11:35:15 +0800] "POST /xingrg/kc/buy/cgsh_order_operate.html HTTP/1.1" 200 611
114.83.216.74 - - [26/Jul/2023:11:35:18 +0800] "GET /xingrg/kc/buy/cgsh_order_operate.html?command=get_materiel&rest_code=00149&code=00101008214&supplier_code=00100323&order_time=2023-07-26 HTTP/1.1" 200 409
124.78.70.128 - - [26/Jul/2023:11:35:19 +0800] "GET /xingrg/kc/buy/cgsh_order_operate.html?command=get_materiel&rest_code=00141&code=00101006021&supplier_code=00100323&order_time=2023-07-26 HTTP/1.1" 200 429
124.78.155.92 - - [26/Jul/2023:11:35:19 +0800] "POST /xingrg/kc/buy/cgsh_order_operate.html HTTP/1.1" 200 2659
114.85.113.108 - - [26/Jul/2023:11:35:21 +0800] "GET /xingrg/all/function/internal_message.html?_=1690342519919&CODE_STATE=getMsg HTTP/1.1" 200 27
114.85.113.108 - - [26/Jul/2023:11:35:21 +0800] "GET /xingrg/check_reg.html?_=1690342519925 HTTP/1.1" 200 22
124.78.155.92 - - [26/Jul/2023:11:35:21 +0800] "GET /xingrg/all/function/internal_message.html?_=1690342520326&CODE_STATE=getMsg HTTP/1.1" 200 27
116.238.191.126 - - [26/Jul/2023:11:35:21 +0800] "GET /xingrg/kc/print/load_data.html?order_code=212023072610293&kc_code=cgsh&condition= HTTP/1.1" 200 805
101.83.145.37 - - [26/Jul/2023:11:35:22 +0800] "GET /xingrg/kc/base/wldb_order_operate.html?command=get_materiel&rest_code=00105&base_code=0010507&code=00101019372 HTTP/1.1" 200 479
180.152.241.196 - - [26/Jul/2023:11:35:24 +0800] "GET /xingrg/check_reg.html?_=1690342524310 HTTP/1.1" 200 22
180.152.241.196 - - [26/Jul/2023:11:35:24 +0800] "GET /xingrg/all/function/internal_message.html?_=1690342524311&CODE_STATE=getMsg HTTP/1.1" 200 27
222.70.180.90 - - [26/Jul/2023:11:35:26 +0800] "GET /xingrg/kc/buy/cgsh_order_operate.html?command=get_materiel&rest_code=00111&code=00101006347&supplier_code=00100505&order_time=2023-07-26 HTTP/1.1" 200 410
101.83.145.37 - - [26/Jul/2023:11:35:29 +0800] "GET /xingrg/check_reg.html?_=1690342530380 HTTP/1.1" 200 22
101.83.145.37 - - [26/Jul/2023:11:35:29 +0800] "GET /xingrg/all/function/internal_message.html?_=1690342530381&CODE_STATE=getMsg HTTP/1.1" 200 27
101.83.145.37 - - [26/Jul/2023:11:35:29 +0800] "POST /xingrg/kc/base/wldb_order_operate.html HTTP/1.1" 200 37
116.238.191.126 - - [26/Jul/2023:11:35:30 +0800] "GET /xingrg/kc/buy/cgsh_order_add.html HTTP/1.1" 200 71780
116.238.191.126 - - [26/Jul/2023:11:35:30 +0800] "POST /xingrg/kc/buy/cgsh_order_operate.html HTTP/1.1" 200 8245
101.83.145.37 - - [26/Jul/2023:11:35:30 +0800] "POST /xingrg/kc/base/wldb_order_operate.html HTTP/1.1" 200 4226
120.253.135.82 - - [26/Jul/2023:11:35:30 +0800] "GET /xingrg/all/function/internal_message.html?_=1690342353117&CODE_STATE=getMsg HTTP/1.1" 200 27
116.238.191.126 - - [26/Jul/2023:11:35:30 +0800] "GET /xingrg/javascript/easyui/themes/default/validatebox.css HTTP/1.1" 404 1104
124.78.155.92 - - [26/Jul/2023:11:35:32 +0800] "POST /xingrg/kc/buy/cgsh_order_operate.html HTTP/1.1" 200 37
124.78.70.128 - - [26/Jul/2023:11:35:33 +0800] "GET /xingrg/kc/buy/cgsh_order_operate.html?command=get_materiel&rest_code=00141&code=00101002029&supplier_code=00100323&order_time=2023-07-26 HTTP/1.1" 200 414
101.83.145.37 - - [26/Jul/2023:11:35:33 +0800] "GET /xingrg/kc/base/wldb_order_info.html?code=422023072602554 HTTP/1.1" 200 30437
101.83.145.37 - - [26/Jul/2023:11:35:33 +0800] "GET /xingrg/javascript/easyui/themes/default/validatebox.css HTTP/1.1" 404 1104
101.83.145.37 - - [26/Jul/2023:11:35:34 +0800] "POST /xingrg/kc/base/wldb_order_operate.html HTTP/1.1" 200 4226
101.83.145.37 - - [26/Jul/2023:11:35:37 +0800] "GET /xingrg/kc/base/wldb_order_add.html HTTP/1.1" 200 30422
222.70.245.33 - - [26/Jul/2023:11:35:37 +0800] "GET /xingrg/all/function/internal_message.html?_=1690342547437&CODE_STATE=getMsg HTTP/1.1" 200 27
101.83.145.37 - - [26/Jul/2023:11:35:37 +0800] "GET /xingrg/javascript/easyui/themes/default/validatebox.css HTTP/1.1" 404 1104
101.83.145.37 - - [26/Jul/2023:11:35:37 +0800] "POST /xingrg/kc/base/wldb_order_operate.html HTTP/1.1" 200 6806
101.83.145.37 - - [26/Jul/2023:11:35:38 +0800] "POST /xingrg/all/common/load_combo.html?type=base HTTP/1.1" 200 3409
116.232.195.127 - - [26/Jul/2023:11:35:38 +0800] "GET /xingrg/all/function/internal_message.html?_=1690342494551&CODE_STATE=getMsg HTTP/1.1" 200 27
222.70.180.90 - - [26/Jul/2023:11:35:40 +0800] "GET /xingrg/kc/buy/cgsh_order_operate.html?command=get_materiel&rest_code=00111&code=00101018008&supplier_code=00100505&order_time=2023-07-26 HTTP/1.1" 200 415
124.78.155.92 - - [26/Jul/2023:11:35:41 +0800] "POST /xingrg/kc/buy/cgsh_order_operate.html HTTP/1.1" 200 12
218.81.74.148 - - [26/Jul/2023:11:35:42 +0800] "GET /xingrg/all/function/internal_message.html?_=1690342542115&CODE_STATE=getMsg HTTP/1.1" 200 27
116.238.191.126 - - [26/Jul/2023:11:35:42 +0800] "GET /xingrg/all/function/internal_message.html?_=1690342429104&CODE_STATE=getMsg HTTP/1.1" 200 27
180.152.241.196 - - [26/Jul/2023:11:35:42 +0800] "GET /xingrg/all/function/internal_message.html?_=1690342558090&CODE_STATE=getMsg HTTP/1.1" 200 27
222.70.180.90 - - [26/Jul/2023:11:35:43 +0800] "GET /xingrg/all/function/internal_message.html?_=1690342543030&CODE_STATE=getMsg HTTP/1.1" 200 27
124.78.155.92 - - [26/Jul/2023:11:35:45 +0800] "GET /xingrg/kc/buy/cgsh_order_info.html?code=212023072610297 HTTP/1.1" 200 66629
124.78.155.92 - - [26/Jul/2023:11:35:45 +0800] "GET /xingrg/javascript/easyui/themes/default/validatebox.css HTTP/1.1" 404 1104
116.238.191.126 - - [26/Jul/2023:11:35:45 +0800] "GET /xingrg/kc/buy/cgsh_order_operate.html?command=get_materiel&rest_code=00150&code=00101002002&supplier_code=00100087&order_time=2023-07-26 HTTP/1.1" 200 422
114.83.216.74 - - [26/Jul/2023:11:35:46 +0800] "GET /xingrg/all/function/internal_message.html?_=1690342543763&CODE_STATE=getMsg HTTP/1.1" 200 27
124.78.155.92 - - [26/Jul/2023:11:35:46 +0800] "POST /xingrg/kc/buy/cgsh_order_operate.html HTTP/1.1" 200 609
101.83.145.37 - - [26/Jul/2023:11:35:46 +0800] "GET /xingrg/kc/base/wldb_order_operate.html?command=get_materiel&rest_code=00105&base_code=0010507&code=00101016049 HTTP/1.1" 200 446
222.70.114.12 - - [26/Jul/2023:11:35:49 +0800] "GET /xingrg/all/function/internal_message.html?_=1690342554399&CODE_STATE=getMsg HTTP/1.1" 200 27
222.70.114.12 - - [26/Jul/2023:11:35:49 +0800] "GET /xingrg/check_reg.html?_=1690342554400 HTTP/1.1" 200 22
124.78.155.92 - - [26/Jul/2023:11:35:49 +0800] "GET /xingrg/kc/print/load_config.html?kc_code=cgsh HTTP/1.1" 200 1924
222.70.180.90 - - [26/Jul/2023:11:35:50 +0800] "GET /xingrg/all/function/internal_message.html?_=1690342667094&CODE_STATE=getMsg HTTP/1.1" 200 27
218.81.74.148 - - [26/Jul/2023:11:35:51 +0800] "GET /xingrg/all/function/internal_message.html?_=1690342557031&CODE_STATE=getMsg HTTP/1.1" 200 27
124.78.155.92 - - [26/Jul/2023:11:35:51 +0800] "GET /xingrg/kc/print/load_data.html?order_code=212023072610297&kc_code=cgsh&condition= HTTP/1.1" 200 697
101.83.145.37 - - [26/Jul/2023:11:35:52 +0800] "POST /xingrg/kc/base/wldb_order_operate.html HTTP/1.1" 200 37
114.83.216.74 - - [26/Jul/2023:11:35:52 +0800] "GET /xingrg/kc/buy/cgsh_order_operate.html?command=get_materiel&rest_code=00149&code=00101010269&supplier_code=00100323&order_time=2023-07-26 HTTP/1.1" 200 409
101.83.145.37 - - [26/Jul/2023:11:35:53 +0800] "POST /xingrg/kc/base/wldb_order_operate.html HTTP/1.1" 200 2196
124.78.70.128 - - [26/Jul/2023:11:35:54 +0800] "GET /xingrg/kc/buy/cgsh_order_operate.html?command=get_materiel&rest_code=00141&code=00101001261&supplier_code=00100323&order_time=2023-07-26 HTTP/1.1" 200 412
222.70.245.33 - - [26/Jul/2023:11:35:55 +0800] "POST /xingrg/services/DataTransmitService HTTP/1.1" 200 524
101.83.145.37 - - [26/Jul/2023:11:35:57 +0800] "GET /xingrg/kc/base/wldb_order_info.html?code=422023072602555 HTTP/1.1" 200 30437
124.79.243.110 - - [26/Jul/2023:11:35:57 +0800] "GET /xingrg/login.html HTTP/1.1" 200 7641
101.83.145.37 - - [26/Jul/2023:11:35:57 +0800] "GET /xingrg/javascript/easyui/themes/default/validatebox.css HTTP/1.1" 404 1104
222.70.245.33 - - [26/Jul/2023:11:35:59 +0800] "POST /xingrg/services/DataTransmitService HTTP/1.1" 200 501
101.83.145.37 - - [26/Jul/2023:11:35:59 +0800] "POST /xingrg/kc/base/wldb_order_operate.html HTTP/1.1" 200 2196
124.79.243.110 - - [26/Jul/2023:11:36:00 +0800] "GET /favicon.ico HTTP/1.1" 404 -
101.83.145.37 - - [26/Jul/2023:11:36:00 +0800] "GET /xingrg/kc/base/wldb_order_add.html HTTP/1.1" 200 30422
101.83.145.37 - - [26/Jul/2023:11:36:01 +0800] "POST /xingrg/kc/base/wldb_order_operate.html HTTP/1.1" 200 6806
101.83.145.37 - - [26/Jul/2023:11:36:01 +0800] "GET /xingrg/javascript/easyui/themes/default/validatebox.css HTTP/1.1" 404 1104
101.83.145.37 - - [26/Jul/2023:11:36:02 +0800] "POST /xingrg/all/common/load_combo.html?type=base HTTP/1.1" 200 3409
120.253.135.82 - - [26/Jul/2023:11:36:05 +0800] "GET /xingrg/all/function/internal_message.html?_=1690342705974&CODE_STATE=getMsg HTTP/1.1" 200 27
116.238.191.126 - - [26/Jul/2023:11:36:06 +0800] "POST /xingrg/kc/buy/cgsh_order_operate.html HTTP/1.1" 200 37
101.228.187.155 - - [26/Jul/2023:11:36:07 +0800] "GET /xingrg/all/function/internal_message.html?_=1690342567158&CODE_STATE=getMsg HTTP/1.1" 200 27
124.78.70.128 - - [26/Jul/2023:11:36:08 +0800] "GET /xingrg/kc/buy/cgsh_order_operate.html?command=get_materiel&rest_code=00141&code=00101001079&supplier_code=00100323&order_time=2023-07-26 HTTP/1.1" 200 413
180.165.154.167 - - [26/Jul/2023:11:36:08 +0800] "GET /xingrg/all/function/internal_message.html?_=1690342567682&CODE_STATE=getMsg HTTP/1.1" 200 27
101.83.145.37 - - [26/Jul/2023:11:36:08 +0800] "GET /xingrg/system/info/materiel_import.html?isSelect=1&singleSelect=false HTTP/1.1" 200 5600
101.83.145.37 - - [26/Jul/2023:11:36:08 +0800] "GET /xingrg/css/blue.css HTTP/1.1" 304 -
101.83.145.37 - - [26/Jul/2023:11:36:08 +0800] "GET /xingrg/css/xtree.css HTTP/1.1" 304 -
101.83.145.37 - - [26/Jul/2023:11:36:08 +0800] "GET /xingrg/javascript/jquery_ui/themes/base/base.css HTTP/1.1" 304 -
101.83.145.37 - - [26/Jul/2023:11:36:08 +0800] "GET /xingrg/javascript/jquery_easy_ui/themes/default/images/button_a_bg.gif HTTP/1.1" 304 -
101.83.145.37 - - [26/Jul/2023:11:36:08 +0800] "GET /xingrg/javascript/jquery_easy_ui/themes/default/images/button_span_bg.gif HTTP/1.1" 304 -
101.83.145.37 - - [26/Jul/2023:11:36:08 +0800] "GET /xingrg/javascript/jquery_easy_ui/themes/icons/search.png HTTP/1.1" 304 -
101.83.145.37 - - [26/Jul/2023:11:36:08 +0800] "GET /xingrg/javascript/jquery_easy_ui/themes/icons/check_new.png HTTP/1.1" 304 -
101.83.145.37 - - [26/Jul/2023:11:36:08 +0800] "GET /xingrg/javascript/jquery_easy_ui/themes/default/images/pagination_load.png HTTP/1.1" 304 -
101.83.145.37 - - [26/Jul/2023:11:36:08 +0800] "GET /xingrg/javascript/jquery_easy_ui/themes/icons/edit_add.png HTTP/1.1" 304 -
101.83.145.37 - - [26/Jul/2023:11:36:08 +0800] "GET /xingrg/javascript/jquery_easy_ui/themes/default/images/datagrid_header_bg.gif HTTP/1.1" 304 -
101.83.145.37 - - [26/Jul/2023:11:36:08 +0800] "GET /xingrg/javascript/jquery_easy_ui/themes/default/images/pagination_last.gif HTTP/1.1" 304 -
101.83.145.37 - - [26/Jul/2023:11:36:08 +0800] "GET /xingrg/javascript/jquery_easy_ui/themes/default/images/pagination_first.gif HTTP/1.1" 304 -
101.83.145.37 - - [26/Jul/2023:11:36:08 +0800] "GET /xingrg/javascript/jquery_easy_ui/themes/default/images/pagination_prev.gif HTTP/1.1" 304 -
101.83.145.37 - - [26/Jul/2023:11:36:08 +0800] "GET /xingrg/javascript/jquery_easy_ui/themes/default/images/pagination_next.gif HTTP/1.1" 304 -
101.83.145.37 - - [26/Jul/2023:11:36:08 +0800] "GET /favicon.ico HTTP/1.1" 404 -
124.78.70.128 - - [26/Jul/2023:11:36:08 +0800] "GET /xingrg/all/function/internal_message.html?_=1690342037106&CODE_STATE=getMsg HTTP/1.1" 200 27
101.83.145.37 - - [26/Jul/2023:11:36:08 +0800] "GET /xingrg/javascript/jquery_easy_ui/themes/default/images/button_plain_hover.png HTTP/1.1" 304 -
124.78.155.92 - - [26/Jul/2023:11:36:10 +0800] "GET /xingrg/all/function/internal_message.html?_=1690342571400&CODE_STATE=getMsg HTTP/1.1" 200 27
180.169.147.146 - - [26/Jul/2023:11:36:12 +0800] "GET /xingrg/check_reg.html?_=1690342571286 HTTP/1.1" 200 22
180.169.147.146 - - [26/Jul/2023:11:36:12 +0800] "GET /xingrg/all/function/internal_message.html?_=1690342571286&CODE_STATE=getMsg HTTP/1.1" 200 27
101.83.145.37 - - [26/Jul/2023:11:36:13 +0800] "POST /xingrg/all/common/load_tree.html?tree=materiel_sort_tree_json HTTP/1.1" 200 8212
222.70.180.90 - - [26/Jul/2023:11:36:13 +0800] "POST /xingrg/kc/buy/cgsh_order_operate.html HTTP/1.1" 200 88
101.83.145.37 - - [26/Jul/2023:11:36:16 +0800] "GET /xingrg/kc/base/wldb_order_operate.html?command=get_materiel&rest_code=00105&base_code=0010507&code=00101019313 HTTP/1.1" 200 456
124.78.70.128 - - [26/Jul/2023:11:36:17 +0800] "GET /xingrg/kc/buy/cgsh_order_operate.html?command=get_materiel&rest_code=00141&code=00101037239&supplier_code=00100323&order_time=2023-07-26 HTTP/1.1" 200 410
114.85.113.108 - - [26/Jul/2023:11:36:21 +0800] "GET /xingrg/all/function/internal_message.html?_=1690342579910&CODE_STATE=getMsg HTTP/1.1" 200 27
124.78.155.92 - - [26/Jul/2023:11:36:21 +0800] "GET /xingrg/all/function/internal_message.html?_=1690342580322&CODE_STATE=getMsg HTTP/1.1" 200 27
124.79.243.110 - - [26/Jul/2023:11:36:21 +0800] "POST /xingrg/login.do HTTP/1.1" 302 -
124.79.243.110 - - [26/Jul/2023:11:36:21 +0800] "GET /xingrg/index.html?sysBaseUrl=http%3A%2F%2F180.169.147.146%3A18081%2Fxingrg%2F&costTime=4271×tamp=1690342581533 HTTP/1.1" 200 17179
124.79.243.110 - - [26/Jul/2023:11:36:21 +0800] "GET /favicon.ico HTTP/1.1" 404 -
124.79.243.110 - - [26/Jul/2023:11:36:22 +0800] "GET /xingrg/all/function/internal_message.html?_=1690342869453&CODE_STATE=count HTTP/1.1" 200 11
124.79.243.110 - - [26/Jul/2023:11:36:22 +0800] "GET /xingrg/check_reg.html?_=1690342869454 HTTP/1.1" 200 22
124.79.243.110 - - [26/Jul/2023:11:36:22 +0800] "POST /xingrg/all/common/load_tree.html?tree=area_rest_tree_json&manage=1 HTTP/1.1" 200 351
124.79.243.110 - - [26/Jul/2023:11:36:22 +0800] "POST /xingrg/load_menu.html HTTP/1.1" 200 5138
222.70.245.33 - - [26/Jul/2023:11:36:24 +0800] "GET /xingrg/check_reg.html?_=1690342594460 HTTP/1.1" 200 22
180.152.241.196 - - [26/Jul/2023:11:36:24 +0800] "GET /xingrg/all/function/internal_message.html?_=1690342584315&CODE_STATE=getMsg HTTP/1.1" 200 27
222.70.180.90 - - [26/Jul/2023:11:36:25 +0800] "POST /xingrg/kc/buy/cgsh_order_operate.html HTTP/1.1" 200 37
116.238.191.126 - - [26/Jul/2023:11:36:26 +0800] "POST /xingrg/kc/buy/cgsh_order_operate.html HTTP/1.1" 200 12
222.70.180.90 - - [26/Jul/2023:11:36:28 +0800] "POST /xingrg/kc/buy/cgsh_order_operate.html HTTP/1.1" 200 3246
101.83.145.37 - - [26/Jul/2023:11:36:29 +0800] "GET /xingrg/all/function/internal_message.html?_=1690342590414&CODE_STATE=getMsg HTTP/1.1" 200 27
116.238.191.126 - - [26/Jul/2023:11:36:30 +0800] "GET /xingrg/kc/buy/cgsh_order_info.html?code=212023072610298 HTTP/1.1" 200 66693
116.238.191.126 - - [26/Jul/2023:11:36:30 +0800] "GET /xingrg/javascript/easyui/themes/default/validatebox.css HTTP/1.1" 404 1104
120.253.135.82 - - [26/Jul/2023:11:36:30 +0800] "GET /xingrg/all/function/internal_message.html?_=1690342413258&CODE_STATE=getMsg HTTP/1.1" 200 27
222.70.180.90 - - [26/Jul/2023:11:36:30 +0800] "GET /xingrg/kc/print/load_data.html?order_code=212023072610300&kc_code=cgsh&condition= HTTP/1.1" 200 889
124.78.70.128 - - [26/Jul/2023:11:36:31 +0800] "GET /xingrg/kc/buy/cgsh_order_operate.html?command=get_materiel&rest_code=00141&code=00101010449&supplier_code=00100323&order_time=2023-07-26 HTTP/1.1" 200 415
116.238.191.126 - - [26/Jul/2023:11:36:31 +0800] "POST /xingrg/kc/buy/cgsh_order_operate.html HTTP/1.1" 200 618
101.83.145.37 - - [26/Jul/2023:11:36:32 +0800] "GET /xingrg/kc/base/wldb_order_operate.html?command=get_materiel&rest_code=00105&base_code=0010507&code=00101019438 HTTP/1.1" 200 462
116.238.191.126 - - [26/Jul/2023:11:36:34 +0800] "GET /xingrg/kc/print/load_data.html?order_code=212023072610298&kc_code=cgsh&condition= HTTP/1.1" 200 798
222.70.180.90 - - [26/Jul/2023:11:36:37 +0800] "GET /xingrg/kc/buy/cgsh_order_add.html HTTP/1.1" 200 71680
222.70.245.33 - - [26/Jul/2023:11:36:37 +0800] "GET /xingrg/all/function/internal_message.html?_=1690342607452&CODE_STATE=getMsg HTTP/1.1" 200 27
222.70.180.90 - - [26/Jul/2023:11:36:37 +0800] "POST /xingrg/kc/buy/cgsh_order_operate.html HTTP/1.1" 200 8245
222.70.180.90 - - [26/Jul/2023:11:36:37 +0800] "GET /xingrg/javascript/easyui/themes/default/validatebox.css HTTP/1.1" 404 1104
116.232.195.127 - - [26/Jul/2023:11:36:38 +0800] "GET /xingrg/all/function/internal_message.html?_=1690342554534&CODE_STATE=getMsg HTTP/1.1" 200 27
101.83.145.37 - - [26/Jul/2023:11:36:41 +0800] "GET /xingrg/kc/base/wldb_order_operate.html?command=get_materiel&rest_code=00105&base_code=0010507&code=00101016060 HTTP/1.1" 200 466
114.83.216.74 - - [26/Jul/2023:11:36:42 +0800] "POST /xingrg/kc/buy/cgsh_order_operate.html HTTP/1.1" 200 37
218.81.74.148 - - [26/Jul/2023:11:36:42 +0800] "GET /xingrg/all/function/internal_message.html?_=1690342602114&CODE_STATE=getMsg HTTP/1.1" 200 27
116.238.191.126 - - [26/Jul/2023:11:36:42 +0800] "GET /xingrg/all/function/internal_message.html?_=1690342489116&CODE_STATE=getMsg HTTP/1.1" 200 27
180.152.241.196 - - [26/Jul/2023:11:36:42 +0800] "GET /xingrg/all/function/internal_message.html?_=1690342618090&CODE_STATE=getMsg HTTP/1.1" 200 27
222.70.180.90 - - [26/Jul/2023:11:36:43 +0800] "GET /xingrg/all/function/internal_message.html?_=1690342603006&CODE_STATE=getMsg HTTP/1.1" 200 27
124.78.70.128 - - [26/Jul/2023:11:36:44 +0800] "GET /xingrg/kc/buy/cgsh_order_operate.html?command=get_materiel&rest_code=00141&code=00101008127&supplier_code=00100323&order_time=2023-07-26 HTTP/1.1" 200 413
114.83.216.74 - - [26/Jul/2023:11:36:45 +0800] "POST /xingrg/kc/buy/cgsh_order_operate.html HTTP/1.1" 200 4417
114.83.216.74 - - [26/Jul/2023:11:36:46 +0800] "GET /xingrg/all/function/internal_message.html?_=1690342603736&CODE_STATE=getMsg HTTP/1.1" 200 27
222.70.180.90 - - [26/Jul/2023:11:36:47 +0800] "GET /xingrg/kc/buy/cgsh_order_operate.html?command=get_materiel&rest_code=00111&code=00101004051&supplier_code=00100312&order_time=2023-07-26 HTTP/1.1" 200 408
114.83.216.74 - - [26/Jul/2023:11:36:48 +0800] "GET /xingrg/kc/print/load_data.html?order_code=212023072610301&kc_code=cgsh&condition= HTTP/1.1" 200 1343
222.70.114.12 - - [26/Jul/2023:11:36:49 +0800] "GET /xingrg/all/function/internal_message.html?_=1690342614401&CODE_STATE=getMsg HTTP/1.1" 200 27
101.83.145.37 - - [26/Jul/2023:11:36:49 +0800] "GET /xingrg/kc/base/wldb_order_operate.html?command=get_materiel&rest_code=00105&base_code=0010507&code=00101019358 HTTP/1.1" 200 460
222.70.180.90 - - [26/Jul/2023:11:36:50 +0800] "GET /xingrg/all/function/internal_message.html?_=1690342727080&CODE_STATE=getMsg HTTP/1.1" 200 27
218.81.74.148 - - [26/Jul/2023:11:36:51 +0800] "GET /xingrg/all/function/internal_message.html?_=1690342617039&CODE_STATE=getMsg HTTP/1.1" 200 27
116.238.191.126 - - [26/Jul/2023:11:36:51 +0800] "GET /xingrg/kc/buy/cgsh_order_add.html HTTP/1.1" 200 71780
116.238.191.126 - - [26/Jul/2023:11:36:52 +0800] "POST /xingrg/kc/buy/cgsh_order_operate.html HTTP/1.1" 200 8245
116.238.191.126 - - [26/Jul/2023:11:36:52 +0800] "GET /xingrg/javascript/easyui/themes/default/validatebox.css HTTP/1.1" 404 1104
101.83.145.37 - - [26/Jul/2023:11:37:00 +0800] "GET /xingrg/kc/base/wldb_order_operate.html?command=get_materiel&rest_code=00105&base_code=0010507&code=00101013052 HTTP/1.1" 200 443
124.78.70.128 - - [26/Jul/2023:11:37:05 +0800] "GET /xingrg/kc/buy/cgsh_order_operate.html?command=get_materiel&rest_code=00141&code=00101007095&supplier_code=00100323&order_time=2023-07-26 HTTP/1.1" 200 415
120.253.135.82 - - [26/Jul/2023:11:37:05 +0800] "GET /xingrg/all/function/internal_message.html?_=1690342765979&CODE_STATE=getMsg HTTP/1.1" 200 27
116.238.191.126 - - [26/Jul/2023:11:37:07 +0800] "GET /xingrg/kc/buy/cgsh_order_operate.html?command=get_materiel&rest_code=00150&code=00101002009&supplier_code=00100088&order_time=2023-07-26 HTTP/1.1" 200 418
101.228.187.155 - - [26/Jul/2023:11:37:07 +0800] "GET /xingrg/check_reg.html?_=1690342627151 HTTP/1.1" 200 22
101.228.187.155 - - [26/Jul/2023:11:37:07 +0800] "GET /xingrg/all/function/internal_message.html?_=1690342627154&CODE_STATE=getMsg HTTP/1.1" 200 27
180.165.154.167 - - [26/Jul/2023:11:37:08 +0800] "GET /xingrg/all/function/internal_message.html?_=1690342627679&CODE_STATE=getMsg HTTP/1.1" 200 27
124.78.70.128 - - [26/Jul/2023:11:37:08 +0800] "GET /xingrg/all/function/internal_message.html?_=1690342097105&CODE_STATE=getMsg HTTP/1.1" 200 27
101.83.145.37 - - [26/Jul/2023:11:37:09 +0800] "GET /xingrg/kc/base/wldb_order_operate.html?command=get_materiel&rest_code=00105&base_code=0010507&code=00101019469 HTTP/1.1" 200 454
222.70.180.90 - - [26/Jul/2023:11:37:09 +0800] "GET /xingrg/kc/buy/cgsh_order_operate.html?command=get_materiel&rest_code=00111&code=00101004067&supplier_code=00100312&order_time=2023-07-26 HTTP/1.1" 200 413
114.83.216.74 - - [26/Jul/2023:11:37:09 +0800] "GET /xingrg/kc/buy/cgsh_order_add.html HTTP/1.1" 200 71812
114.83.216.74 - - [26/Jul/2023:11:37:09 +0800] "POST /xingrg/kc/buy/cgsh_order_operate.html HTTP/1.1" 200 8245
114.83.216.74 - - [26/Jul/2023:11:37:09 +0800] "GET /xingrg/javascript/easyui/themes/default/validatebox.css HTTP/1.1" 404 1104
124.78.155.92 - - [26/Jul/2023:11:37:10 +0800] "GET /xingrg/all/function/internal_message.html?_=1690342631376&CODE_STATE=getMsg HTTP/1.1" 200 27
180.169.147.146 - - [26/Jul/2023:11:37:12 +0800] "GET /xingrg/all/function/internal_message.html?_=1690342631296&CODE_STATE=getMsg HTTP/1.1" 200 27
222.70.180.90 - - [26/Jul/2023:11:37:20 +0800] "GET /xingrg/kc/buy/cgsh_order_operate.html?command=get_materiel&rest_code=00111&code=00101004030&supplier_code=00100312&order_time=2023-07-26 HTTP/1.1" 200 408
114.85.113.108 - - [26/Jul/2023:11:37:21 +0800] "GET /xingrg/all/function/internal_message.html?_=1690342639910&CODE_STATE=getMsg HTTP/1.1" 200 27
124.78.155.92 - - [26/Jul/2023:11:37:21 +0800] "GET /xingrg/all/function/internal_message.html?_=1690342640327&CODE_STATE=getMsg HTTP/1.1" 200 27
124.79.243.110 - - [26/Jul/2023:11:37:22 +0800] "GET /xingrg/all/function/internal_message.html?_=1690342929461&CODE_STATE=getMsg HTTP/1.1" 200 27
101.83.145.37 - - [26/Jul/2023:11:37:22 +0800] "GET /xingrg/kc/base/wldb_order_operate.html?command=get_materiel&rest_code=00105&base_code=0010507&code=00101019187 HTTP/1.1" 200 479
