116.238.191.126 - - [26/Jul/2023:09:23:45 +0800] "GET /xingrg/javascript/jquery_easy_ui/themes/icons/checkout_new.png HTTP/1.1" 304 -
116.238.191.126 - - [26/Jul/2023:09:23:45 +0800] "GET /xingrg/javascript/jquery_easy_ui/themes/icons/setting_new.png HTTP/1.1" 304 -
116.238.191.126 - - [26/Jul/2023:09:23:45 +0800] "GET /xingrg/javascript/jquery_easy_ui/themes/icons/systemset_new.png HTTP/1.1" 304 -
101.228.187.155 - - [26/Jul/2023:09:23:47 +0800] "GET /xingrg/kc/buy/cgsh_order_operate.html?command=get_materiel&rest_code=00142&code=00101016057&supplier_code=00100161&order_time=2023-07-26 HTTP/1.1" 200 408
114.83.216.74 - - [26/Jul/2023:09:23:47 +0800] "GET /xingrg/check_reg.html?_=1690334625448 HTTP/1.1" 200 22
114.83.216.74 - - [26/Jul/2023:09:23:47 +0800] "GET /xingrg/all/function/internal_message.html?_=1690334625450&CODE_STATE=getMsg HTTP/1.1" 200 27
222.70.180.90 - - [26/Jul/2023:09:23:49 +0800] "GET /xingrg/kc/buy/cgsh_order_operate.html?command=get_materiel&rest_code=00111&code=00101007090&supplier_code=00100004&order_time=2023-07-26 HTTP/1.1" 200 413
116.238.191.126 - - [26/Jul/2023:09:23:49 +0800] "GET /xingrg/system/info/materiel_manager.html HTTP/1.1" 200 19497
116.238.191.126 - - [26/Jul/2023:09:23:49 +0800] "GET /xingrg/css/blue.css HTTP/1.1" 304 -
116.238.191.126 - - [26/Jul/2023:09:23:49 +0800] "GET /xingrg/css/xtree.css HTTP/1.1" 304 -
116.238.191.126 - - [26/Jul/2023:09:23:49 +0800] "GET /xingrg/javascript/jquery_ui/themes/base/base.css HTTP/1.1" 304 -
116.238.191.126 - - [26/Jul/2023:09:23:49 +0800] "GET /xingrg/javascript/pic_change.js HTTP/1.1" 304 -
116.238.191.126 - - [26/Jul/2023:09:23:49 +0800] "GET /xingrg/dwr/interface/AjaxBaseInfoService.js HTTP/1.1" 200 21363
116.238.191.126 - - [26/Jul/2023:09:23:49 +0800] "GET /xingrg/dwr/interface/AjaxComOrderService.js HTTP/1.1" 200 18264
116.238.191.126 - - [26/Jul/2023:09:23:49 +0800] "GET /xingrg/dwr/engine.js HTTP/1.1" 200 43631
116.238.191.126 - - [26/Jul/2023:09:23:49 +0800] "GET /xingrg/dwr/util.js HTTP/1.1" 200 35990
116.238.191.126 - - [26/Jul/2023:09:23:49 +0800] "GET /xingrg/javascript/Calendar.js HTTP/1.1" 304 -
116.238.191.126 - - [26/Jul/2023:09:23:49 +0800] "GET /xingrg/javascript/myfunction.js HTTP/1.1" 304 -
116.238.191.126 - - [26/Jul/2023:09:23:49 +0800] "GET /xingrg/javascript/Grid.js HTTP/1.1" 304 -
116.238.191.126 - - [26/Jul/2023:09:23:49 +0800] "GET /xingrg/javascript/ToolTips.js HTTP/1.1" 304 -
116.238.191.126 - - [26/Jul/2023:09:23:49 +0800] "GET /xingrg/javascript/xtree.js HTTP/1.1" 200 26582
116.238.191.126 - - [26/Jul/2023:09:23:49 +0800] "GET /xingrg/javascript/print/LodopFuncs.js HTTP/1.1" 304 -
116.238.191.126 - - [26/Jul/2023:09:23:50 +0800] "GET /xingrg/images/xtree/openfoldericon.png HTTP/1.1" 200 232
116.238.191.126 - - [26/Jul/2023:09:23:50 +0800] "GET /xingrg/javascript/jquery_easy_ui/themes/icons/print_new.png HTTP/1.1" 200 3580
116.238.191.126 - - [26/Jul/2023:09:23:50 +0800] "GET /xingrg/javascript/jquery_easy_ui/themes/icons/import_new.png HTTP/1.1" 200 1247
116.238.191.126 - - [26/Jul/2023:09:23:50 +0800] "POST /xingrg/dwr/call/plaincall/AjaxBaseInfoService.getSubMaterielSorts.dwr HTTP/1.1" 200 219
116.238.191.126 - - [26/Jul/2023:09:23:50 +0800] "GET /xingrg/images/xtree/Tplus.png HTTP/1.1" 200 222
116.238.191.126 - - [26/Jul/2023:09:23:50 +0800] "GET /xingrg/images/xtree/foldericon.png HTTP/1.1" 200 229
116.238.191.126 - - [26/Jul/2023:09:23:50 +0800] "GET /xingrg/images/xtree/Lplus.png HTTP/1.1" 200 224
101.228.187.155 - - [26/Jul/2023:09:23:50 +0800] "GET /xingrg/check_reg.html?_=1690334630845 HTTP/1.1" 200 22
116.238.191.126 - - [26/Jul/2023:09:23:50 +0800] "GET /xingrg/images/xtree/Lplus.png HTTP/1.1" 200 224
101.228.187.155 - - [26/Jul/2023:09:23:50 +0800] "GET /xingrg/all/function/internal_message.html?_=1690334630851&CODE_STATE=getMsg HTTP/1.1" 200 27
116.238.191.126 - - [26/Jul/2023:09:23:51 +0800] "POST /xingrg/dwr/call/plaincall/AjaxBaseInfoService.getMateriels.dwr HTTP/1.1" 200 2930
116.238.191.126 - - [26/Jul/2023:09:23:52 +0800] "POST /xingrg/dwr/call/plaincall/AjaxBaseInfoService.getSubMaterielSorts.dwr HTTP/1.1" 200 4044
116.238.191.126 - - [26/Jul/2023:09:23:52 +0800] "GET /xingrg/images/xtree/I.png HTTP/1.1" 200 148
116.238.191.126 - - [26/Jul/2023:09:23:52 +0800] "GET /xingrg/images/xtree/T.png HTTP/1.1" 200 152
116.238.191.126 - - [26/Jul/2023:09:23:52 +0800] "GET /xingrg/images/xtree/file.png HTTP/1.1" 200 251
116.238.191.126 - - [26/Jul/2023:09:23:52 +0800] "GET /xingrg/images/xtree/L.png HTTP/1.1" 200 153
116.238.191.126 - - [26/Jul/2023:09:23:52 +0800] "GET /xingrg/images/xtree/L.png HTTP/1.1" 200 153
116.238.191.126 - - [26/Jul/2023:09:23:52 +0800] "GET /xingrg/images/xtree/L.png HTTP/1.1" 200 153
116.238.191.126 - - [26/Jul/2023:09:23:53 +0800] "GET /xingrg/images/xtree/L.png HTTP/1.1" 200 153
116.238.191.126 - - [26/Jul/2023:09:23:53 +0800] "GET /xingrg/images/xtree/Tminus.png HTTP/1.1" 200 207
116.238.191.126 - - [26/Jul/2023:09:23:53 +0800] "POST /xingrg/dwr/call/plaincall/AjaxBaseInfoService.getMateriels.dwr HTTP/1.1" 200 2928
116.232.195.127 - - [26/Jul/2023:09:23:54 +0800] "GET /xingrg/kc/buy/cgsh_order_operate.html?command=get_materiel&rest_code=00155&code=00101008331&supplier_code=00100005&order_time=2023-07-26 HTTP/1.1" 200 416
116.238.191.126 - - [26/Jul/2023:09:23:55 +0800] "POST /xingrg/dwr/call/plaincall/AjaxBaseInfoService.getMateriels.dwr HTTP/1.1" 200 2959
101.228.187.155 - - [26/Jul/2023:09:23:56 +0800] "GET /xingrg/kc/buy/cgsh_order_operate.html?command=get_materiel&rest_code=00142&code=00101016053&supplier_code=00100161&order_time=2023-07-26 HTTP/1.1" 200 408
116.238.191.126 - - [26/Jul/2023:09:23:58 +0800] "GET /xingrg/system/info/materiel_info.html?code=00101008&isAdd=1 HTTP/1.1" 200 37438
116.238.191.126 - - [26/Jul/2023:09:23:58 +0800] "GET /xingrg/dwr/interface/AjaxGetFirstChart.js HTTP/1.1" 200 631
116.238.191.126 - - [26/Jul/2023:09:23:58 +0800] "GET /xingrg/dwr/engine.js HTTP/1.1" 200 43631
116.238.191.126 - - [26/Jul/2023:09:23:58 +0800] "GET /xingrg/javascript/checkform.js HTTP/1.1" 304 -
116.238.191.126 - - [26/Jul/2023:09:23:58 +0800] "GET /favicon.ico HTTP/1.1" 404 -
116.238.191.126 - - [26/Jul/2023:09:23:59 +0800] "POST /xingrg/all/common/load_tree.html?tree=area_rest_tree_json HTTP/1.1" 200 3499
116.238.191.126 - - [26/Jul/2023:09:23:59 +0800] "GET /xingrg/javascript/jquery_easy_ui/themes/default/images/tree_checkbox_0.gif HTTP/1.1" 304 -
116.238.191.126 - - [26/Jul/2023:09:23:59 +0800] "POST /xingrg/dwr/call/plaincall/AjaxBaseInfoService.getMaterielInfo.dwr HTTP/1.1" 200 210
116.238.191.126 - - [26/Jul/2023:09:23:59 +0800] "GET /xingrg/javascript/jquery_easy_ui/themes/icons/manage.png HTTP/1.1" 304 -
116.238.191.126 - - [26/Jul/2023:09:23:59 +0800] "POST /xingrg/all/common/load_tree.html?tree=area_rest_tree_json&defaultRests=undefined HTTP/1.1" 200 3499
101.83.145.37 - - [26/Jul/2023:09:24:01 +0800] "GET /xingrg/kc/buy/cgsh_order_operate.html?command=get_materiel&rest_code=00105&code=00101008283&supplier_code=00100203&order_time=2023-07-26 HTTP/1.1" 200 408
114.83.216.74 - - [26/Jul/2023:09:24:04 +0800] "GET /xingrg/kc/buy/cgsh_order_operate.html?command=get_materiel&rest_code=00149&code=00101008137&supplier_code=00100008&order_time=2023-07-26 HTTP/1.1" 200 408
101.83.145.37 - - [26/Jul/2023:09:24:04 +0800] "GET /xingrg/all/function/internal_message.html?_=1690334646030&CODE_STATE=getMsg HTTP/1.1" 200 27
101.83.145.37 - - [26/Jul/2023:09:24:04 +0800] "GET /xingrg/check_reg.html?_=1690334646033 HTTP/1.1" 200 22
120.253.135.82 - - [26/Jul/2023:09:24:08 +0800] "GET /xingrg/all/function/internal_message.html?_=1690334470792&CODE_STATE=getMsg HTTP/1.1" 200 27
114.83.216.74 - - [26/Jul/2023:09:24:10 +0800] "POST /xingrg/kc/buy/cgsh_order_operate.html HTTP/1.1" 200 2065
124.78.155.92 - - [26/Jul/2023:09:24:11 +0800] "GET /xingrg/all/function/internal_message.html?_=1690334640422&CODE_STATE=getMsg HTTP/1.1" 200 27
222.70.180.90 - - [26/Jul/2023:09:24:12 +0800] "GET /xingrg/check_reg.html?_=1690334651883 HTTP/1.1" 200 22
222.70.180.90 - - [26/Jul/2023:09:24:12 +0800] "GET /xingrg/all/function/internal_message.html?_=1690334652114&CODE_STATE=getMsg HTTP/1.1" 200 27
116.232.195.127 - - [26/Jul/2023:09:24:16 +0800] "GET /xingrg/kc/buy/cgsh_order_operate.html?command=get_materiel&rest_code=00155&code=00101008010&supplier_code=00100005&order_time=2023-07-26 HTTP/1.1" 200 412
116.238.191.126 - - [26/Jul/2023:09:24:21 +0800] "POST /xingrg/dwr/call/plaincall/AjaxGetFirstChart.getFirstChart.dwr HTTP/1.1" 200 79
180.152.241.196 - - [26/Jul/2023:09:24:24 +0800] "GET /xingrg/all/function/internal_message.html?_=1690334664546&CODE_STATE=getMsg HTTP/1.1" 200 27
101.228.187.155 - - [26/Jul/2023:09:24:25 +0800] "POST /xingrg/kc/buy/cgsh_order_operate.html HTTP/1.1" 200 37
114.83.216.74 - - [26/Jul/2023:09:24:27 +0800] "GET /xingrg/kc/buy/cgsh_order_operate.html?command=get_materiel&rest_code=00149&code=00101008059&supplier_code=00100008&order_time=2023-07-26 HTTP/1.1" 200 408
120.253.135.82 - - [26/Jul/2023:09:24:28 +0800] "GET /xingrg/all/function/internal_message.html?_=1690334809154&CODE_STATE=getMsg HTTP/1.1" 200 27
222.70.180.90 - - [26/Jul/2023:09:24:31 +0800] "GET /xingrg/kc/buy/cgsh_order_operate.html?command=get_materiel&rest_code=00111&code=00101007061&supplier_code=00100004&order_time=2023-07-26 HTTP/1.1" 200 23
116.238.191.126 - - [26/Jul/2023:09:24:34 +0800] "POST /xingrg/dwr/call/plaincall/AjaxBaseInfoService.changeUnitGroup.dwr HTTP/1.1" 200 243
222.70.245.33 - - [26/Jul/2023:09:24:36 +0800] "GET /xingrg/all/function/internal_message.html?_=1690334685670&CODE_STATE=getMsg HTTP/1.1" 200 27
116.238.191.126 - - [26/Jul/2023:09:24:38 +0800] "POST /xingrg/dwr/call/plaincall/AjaxBaseInfoService.saveMateriel.dwr HTTP/1.1" 200 109
116.238.191.126 - - [26/Jul/2023:09:24:38 +0800] "POST /xingrg/dwr/call/plaincall/AjaxBaseInfoService.getMateriels.dwr HTTP/1.1" 200 2959
101.83.145.37 - - [26/Jul/2023:09:24:40 +0800] "POST /xingrg/kc/buy/cgsh_order_operate.html HTTP/1.1" 200 37
222.70.245.33 - - [26/Jul/2023:09:24:40 +0800] "GET /xingrg/kc/buy/cgsh_order_operate.html?command=get_materiel&rest_code=00146&code=00101002007&supplier_code=00100199&order_time=2023-07-26 HTTP/1.1" 200 411
101.228.187.155 - - [26/Jul/2023:09:24:40 +0800] "POST /xingrg/kc/buy/cgsh_order_operate.html HTTP/1.1" 200 19178
116.232.195.127 - - [26/Jul/2023:09:24:40 +0800] "GET /xingrg/all/function/internal_message.html?_=1690334636895&CODE_STATE=getMsg HTTP/1.1" 200 27
114.85.113.108 - - [26/Jul/2023:09:24:41 +0800] "GET /xingrg/all/function/internal_message.html?_=1690334679899&CODE_STATE=getMsg HTTP/1.1" 200 27
114.85.113.108 - - [26/Jul/2023:09:24:41 +0800] "GET /xingrg/check_reg.html?_=1690334679903 HTTP/1.1" 200 22
116.232.195.127 - - [26/Jul/2023:09:24:42 +0800] "GET /xingrg/kc/buy/cgsh_order_operate.html?command=get_materiel&rest_code=00155&code=00101008436&supplier_code=00100005&order_time=2023-07-26 HTTP/1.1" 200 412
116.238.191.126 - - [26/Jul/2023:09:24:44 +0800] "GET /xingrg/all/function/internal_message.html?_=1690334570708&CODE_STATE=getMsg HTTP/1.1" 200 27
114.83.216.74 - - [26/Jul/2023:09:24:47 +0800] "GET /xingrg/all/function/internal_message.html?_=1690334685479&CODE_STATE=getMsg HTTP/1.1" 200 27
101.228.187.155 - - [26/Jul/2023:09:24:49 +0800] "GET /xingrg/javascript/jquery_easy_ui/themes/default/images/tabs_active.png HTTP/1.1" 304 -
101.228.187.155 - - [26/Jul/2023:09:24:50 +0800] "GET /xingrg/all/function/internal_message.html?_=1690334690837&CODE_STATE=getMsg HTTP/1.1" 200 27
222.70.180.90 - - [26/Jul/2023:09:24:51 +0800] "POST /xingrg/kc/buy/cgsh_order_operate.html HTTP/1.1" 200 37
114.83.216.74 - - [26/Jul/2023:09:24:53 +0800] "GET /xingrg/kc/buy/cgsh_order_operate.html?command=get_materiel&rest_code=00149&code=00101008077&supplier_code=00100008&order_time=2023-07-26 HTTP/1.1" 200 416
180.165.154.167 - - [26/Jul/2023:09:24:56 +0800] "GET /favicon.ico HTTP/1.1" 404 -
222.70.180.90 - - [26/Jul/2023:09:24:56 +0800] "POST /xingrg/kc/buy/cgsh_order_operate.html HTTP/1.1" 200 3252
124.78.155.92 - - [26/Jul/2023:09:24:59 +0800] "GET /xingrg/all/function/internal_message.html?_=1690334700425&CODE_STATE=getMsg HTTP/1.1" 200 27
101.228.187.155 - - [26/Jul/2023:09:25:02 +0800] "POST /xingrg/kc/buy/cgsh_list_operate.html HTTP/1.1" 200 3174
180.165.154.167 - - [26/Jul/2023:09:25:02 +0800] "GET /xingrg/login.html HTTP/1.1" 200 7641
180.165.154.167 - - [26/Jul/2023:09:25:03 +0800] "GET /xingrg/images/blue/jxLogo.png HTTP/1.1" 200 6156
180.165.154.167 - - [26/Jul/2023:09:25:03 +0800] "GET /xingrg/images/blue/login_bg.png HTTP/1.1" 200 22101
180.165.154.167 - - [26/Jul/2023:09:25:03 +0800] "GET /xingrg/images/blue/srbg.png HTTP/1.1" 200 138
180.165.154.167 - - [26/Jul/2023:09:25:03 +0800] "GET /xingrg/images/blue/hj.png HTTP/1.1" 200 1014
180.165.154.167 - - [26/Jul/2023:09:25:03 +0800] "GET /favicon.ico HTTP/1.1" 404 -
101.83.145.37 - - [26/Jul/2023:09:25:07 +0800] "POST /xingrg/kc/buy/cgsh_order_operate.html HTTP/1.1" 200 19202
180.165.154.167 - - [26/Jul/2023:09:25:07 +0800] "POST /xingrg/login.do HTTP/1.1" 302 -
180.165.154.167 - - [26/Jul/2023:09:25:07 +0800] "GET /xingrg/index.html?sysBaseUrl=http%3A%2F%2F180.169.147.146%3A18081%2Fxingrg%2F&costTime=1729×tamp=1690334707773 HTTP/1.1" 200 17183
180.165.154.167 - - [26/Jul/2023:09:25:07 +0800] "GET /xingrg/javascript/jquery_easy_ui/themes/icon.css HTTP/1.1" 200 3949
180.165.154.167 - - [26/Jul/2023:09:25:07 +0800] "GET /xingrg/javascript/jquery_easy_ui/themes/default/easyui.css HTTP/1.1" 200 26500
180.165.154.167 - - [26/Jul/2023:09:25:07 +0800] "GET /xingrg/css/form.css HTTP/1.1" 200 893
180.165.154.167 - - [26/Jul/2023:09:25:07 +0800] "GET /xingrg/javascript/jquery_easy_ui/easyui-lang-zh_CN.js HTTP/1.1" 200 1900
180.165.154.167 - - [26/Jul/2023:09:25:07 +0800] "GET /xingrg/javascript/jquery_easy_ui/jquery.easyui.min.js HTTP/1.1" 200 213662
180.165.154.167 - - [26/Jul/2023:09:25:07 +0800] "GET /xingrg/javascript/jquery.form.js HTTP/1.1" 200 23110
180.165.154.167 - - [26/Jul/2023:09:25:07 +0800] "GET /xingrg/javascript/jquery-1.4.2.min.js HTTP/1.1" 200 72205
180.165.154.167 - - [26/Jul/2023:09:25:07 +0800] "GET /xingrg/javascript/jquery.utils.js HTTP/1.1" 200 11805
180.165.154.167 - - [26/Jul/2023:09:25:07 +0800] "GET /xingrg/javascript/jquery.timers.js HTTP/1.1" 200 3532
180.165.154.167 - - [26/Jul/2023:09:25:08 +0800] "GET /favicon.ico HTTP/1.1" 404 -
180.165.154.167 - - [26/Jul/2023:09:25:08 +0800] "GET /xingrg/javascript/jquery_easy_ui/themes/icons/settle_new.png HTTP/1.1" 200 826
180.165.154.167 - - [26/Jul/2023:09:25:08 +0800] "GET /xingrg/images/blue/navBackgound.jpg HTTP/1.1" 200 12378
120.253.135.82 - - [26/Jul/2023:09:25:08 +0800] "GET /xingrg/all/function/internal_message.html?_=1690334530805&CODE_STATE=getMsg HTTP/1.1" 200 27
180.165.154.167 - - [26/Jul/2023:09:25:08 +0800] "GET /xingrg/all/function/internal_message.html?_=1690334707661&CODE_STATE=count HTTP/1.1" 200 11
180.165.154.167 - - [26/Jul/2023:09:25:08 +0800] "GET /xingrg/images/blue/pingpu.png HTTP/1.1" 200 231
180.165.154.167 - - [26/Jul/2023:09:25:08 +0800] "GET /xingrg/javascript/jquery_easy_ui/themes/default/images/tabs_leftarrow.png HTTP/1.1" 200 389
180.165.154.167 - - [26/Jul/2023:09:25:08 +0800] "GET /xingrg/check_reg.html?_=1690334707662 HTTP/1.1" 200 22
180.165.154.167 - - [26/Jul/2023:09:25:08 +0800] "GET /xingrg/javascript/jquery_easy_ui/themes/default/images/tabs_rightarrow.png HTTP/1.1" 200 395
180.165.154.167 - - [26/Jul/2023:09:25:08 +0800] "GET /xingrg/javascript/jquery_easy_ui/themes/default/images/panel_tool_collapse.gif HTTP/1.1" 200 246
180.165.154.167 - - [26/Jul/2023:09:25:08 +0800] "POST /xingrg/all/common/load_tree.html?tree=area_rest_tree_json&manage=1 HTTP/1.1" 200 357
180.165.154.167 - - [26/Jul/2023:09:25:08 +0800] "POST /xingrg/load_menu.html HTTP/1.1" 200 5138
180.165.154.167 - - [26/Jul/2023:09:25:08 +0800] "GET /xingrg/javascript/jquery_easy_ui/themes/default/images/tree_arrows.gif HTTP/1.1" 200 1043
180.165.154.167 - - [26/Jul/2023:09:25:08 +0800] "GET /xingrg/javascript/jquery_easy_ui/themes/default/images/tree_folder_open.gif HTTP/1.1" 200 956
180.165.154.167 - - [26/Jul/2023:09:25:08 +0800] "GET /xingrg/javascript/jquery_easy_ui/themes/icons/search_new.png HTTP/1.1" 200 586
180.165.154.167 - - [26/Jul/2023:09:25:08 +0800] "GET /xingrg/javascript/jquery_easy_ui/themes/default/images/tree_folder.gif HTTP/1.1" 200 952
180.165.154.167 - - [26/Jul/2023:09:25:08 +0800] "GET /xingrg/javascript/jquery_easy_ui/themes/icons/storage_new.png HTTP/1.1" 200 853
180.165.154.167 - - [26/Jul/2023:09:25:08 +0800] "GET /xingrg/javascript/jquery_easy_ui/themes/icons/forms_new.png HTTP/1.1" 200 350
180.165.154.167 - - [26/Jul/2023:09:25:08 +0800] "GET /xingrg/javascript/jquery_easy_ui/themes/default/images/tree_file.gif HTTP/1.1" 200 118
180.163.29.79 - - [26/Jul/2023:09:25:11 +0800] "GET /xingrg/all/function/internal_message.html?_=1690334640422&CODE_STATE=getMsg HTTP/1.1" 302 -
180.163.29.79 - - [26/Jul/2023:09:25:11 +0800] "GET /xingrg/login.html HTTP/1.1" 200 7641
114.83.216.74 - - [26/Jul/2023:09:25:11 +0800] "GET /xingrg/kc/buy/cgsh_order_operate.html?command=get_materiel&rest_code=00149&code=00101008286&supplier_code=00100008&order_time=2023-07-26 HTTP/1.1" 200 408
180.165.154.167 - - [26/Jul/2023:09:25:16 +0800] "GET /xingrg/javascript/jquery_easy_ui/themes/default/images/tabs_close.gif HTTP/1.1" 200 829
120.253.135.82 - - [26/Jul/2023:09:25:17 +0800] "POST /xingrg/kc/pszx/mdps_list_operate.html HTTP/1.1" 200 5476
180.165.154.167 - - [26/Jul/2023:09:25:17 +0800] "GET /xingrg/kc/buy/cgsh_order_list.html HTTP/1.1" 200 55952
180.165.154.167 - - [26/Jul/2023:09:25:17 +0800] "GET /xingrg/css/base.css HTTP/1.1" 200 2811
180.165.154.167 - - [26/Jul/2023:09:25:17 +0800] "GET /xingrg/javascript/jquery_tools/datebox.css HTTP/1.1" 200 2597
180.165.154.167 - - [26/Jul/2023:09:25:17 +0800] "GET /xingrg/css/site.css HTTP/1.1" 200 7541
180.165.154.167 - - [26/Jul/2023:09:25:17 +0800] "GET /xingrg/javascript/easyui/themes/default/easyui.css HTTP/1.1" 200 30432
180.165.154.167 - - [26/Jul/2023:09:25:17 +0800] "GET /xingrg/javascript/auto/jquery.autocomplete.css HTTP/1.1" 200 587
180.165.154.167 - - [26/Jul/2023:09:25:17 +0800] "GET /xingrg/javascript/easyui/themes/icon.css HTTP/1.1" 200 4483
180.165.154.167 - - [26/Jul/2023:09:25:17 +0800] "GET /xingrg/javascript/jquery_tools/fix.css HTTP/1.1" 200 1702
180.165.154.167 - - [26/Jul/2023:09:25:17 +0800] "GET /xingrg/javascript/jquery_tools/table.css HTTP/1.1" 200 1032
180.165.154.167 - - [26/Jul/2023:09:25:17 +0800] "GET /xingrg/javascript/jquery_tools/jquery.tools.min.js HTTP/1.1" 200 138801
180.165.154.167 - - [26/Jul/2023:09:25:17 +0800] "GET /xingrg/javascript/jquery_tools/jquery.tools.extend.js HTTP/1.1" 200 15385
180.165.154.167 - - [26/Jul/2023:09:25:17 +0800] "GET /xingrg/javascript/jquery_tools/jquery.tools.hotkey.js HTTP/1.1" 200 3242
180.165.154.167 - - [26/Jul/2023:09:25:17 +0800] "GET /xingrg/javascript/jquery_tools/jquery.tools.table.js HTTP/1.1" 200 6994
180.165.154.167 - - [26/Jul/2023:09:25:17 +0800] "GET /xingrg/javascript/jquery_tools/list_manager.js HTTP/1.1" 200 3652
180.165.154.167 - - [26/Jul/2023:09:25:17 +0800] "GET /xingrg/javascript/auto/jquery.autocomplete.js HTTP/1.1" 200 21624
180.165.154.167 - - [26/Jul/2023:09:25:17 +0800] "GET /xingrg/javascript/jquery.cookie.js HTTP/1.1" 200 5513
180.165.154.167 - - [26/Jul/2023:09:25:17 +0800] "GET /xingrg/javascript/print/LodopFuncs.js HTTP/1.1" 200 5121
180.165.154.167 - - [26/Jul/2023:09:25:17 +0800] "GET /xingrg/javascript/easyui/easyloader.js HTTP/1.1" 200 5975
120.253.135.82 - - [26/Jul/2023:09:25:18 +0800] "GET /xingrg/javascript/jquery_easy_ui/themes/default/images/tabs_active.png HTTP/1.1" 200 2894
180.165.154.167 - - [26/Jul/2023:09:25:18 +0800] "GET /xingrg/javascript/easyui/themes/icons/edit_add_new.png HTTP/1.1" 200 2997
180.165.154.167 - - [26/Jul/2023:09:25:18 +0800] "GET /xingrg/javascript/easyui/themes/icons/cance_new.png HTTP/1.1" 200 3986
180.165.154.167 - - [26/Jul/2023:09:25:18 +0800] "GET /xingrg/javascript/easyui/themes/icons/check_new.png HTTP/1.1" 200 3224
180.165.154.167 - - [26/Jul/2023:09:25:18 +0800] "GET /xingrg/javascript/easyui/themes/icons/field_new.png HTTP/1.1" 200 1097
180.165.154.167 - - [26/Jul/2023:09:25:18 +0800] "GET /xingrg/javascript/easyui/themes/icons/import_new.png HTTP/1.1" 200 1247
180.165.154.167 - - [26/Jul/2023:09:25:18 +0800] "GET /xingrg/javascript/easyui/plugins/jquery.parser.js HTTP/1.1" 200 1142
180.165.154.167 - - [26/Jul/2023:09:25:18 +0800] "GET /xingrg/images/control/ajaxLoader.gif HTTP/1.1" 200 4659
180.165.154.167 - - [26/Jul/2023:09:25:19 +0800] "GET /xingrg/javascript/jquery_easy_ui/themes/default/images/tabs_active.png HTTP/1.1" 200 2894
180.165.154.167 - - [26/Jul/2023:09:25:23 +0800] "POST /xingrg/kc/buy/cgsh_list_operate.html HTTP/1.1" 200 6068
180.152.241.196 - - [26/Jul/2023:09:25:24 +0800] "GET /xingrg/check_reg.html?_=1690334724326 HTTP/1.1" 200 22
180.152.241.196 - - [26/Jul/2023:09:25:24 +0800] "GET /xingrg/all/function/internal_message.html?_=1690334724533&CODE_STATE=getMsg HTTP/1.1" 200 27
120.253.135.82 - - [26/Jul/2023:09:25:29 +0800] "GET /xingrg/all/function/internal_message.html?_=1690334869157&CODE_STATE=getMsg HTTP/1.1" 200 27
222.70.245.33 - - [26/Jul/2023:09:25:36 +0800] "GET /xingrg/all/function/internal_message.html?_=1690334745686&CODE_STATE=getMsg HTTP/1.1" 200 27
116.232.195.127 - - [26/Jul/2023:09:25:40 +0800] "GET /xingrg/all/function/internal_message.html?_=1690334696869&CODE_STATE=getMsg HTTP/1.1" 200 27
114.85.113.108 - - [26/Jul/2023:09:25:41 +0800] "GET /xingrg/all/function/internal_message.html?_=1690334739903&CODE_STATE=getMsg HTTP/1.1" 200 27
114.83.216.74 - - [26/Jul/2023:09:25:47 +0800] "GET /xingrg/all/function/internal_message.html?_=1690334745473&CODE_STATE=getMsg HTTP/1.1" 200 27
101.228.187.155 - - [26/Jul/2023:09:25:50 +0800] "GET /xingrg/all/function/internal_message.html?_=1690334750842&CODE_STATE=getMsg HTTP/1.1" 200 27
124.79.243.110 - - [26/Jul/2023:09:25:57 +0800] "POST /xingrg/services/DataTransmitService HTTP/1.1" 200 524
124.78.155.92 - - [26/Jul/2023:09:25:59 +0800] "GET /xingrg/check_reg.html?_=1690334760430 HTTP/1.1" 200 22
124.78.155.92 - - [26/Jul/2023:09:25:59 +0800] "GET /xingrg/all/function/internal_message.html?_=1690334760432&CODE_STATE=getMsg HTTP/1.1" 200 27
101.83.145.37 - - [26/Jul/2023:09:26:04 +0800] "GET /xingrg/all/function/internal_message.html?_=1690334766039&CODE_STATE=getMsg HTTP/1.1" 200 27
120.253.135.82 - - [26/Jul/2023:09:26:08 +0800] "GET /xingrg/all/function/internal_message.html?_=1690334590904&CODE_STATE=getMsg HTTP/1.1" 200 27
180.165.154.167 - - [26/Jul/2023:09:26:08 +0800] "GET /xingrg/all/function/internal_message.html?_=1690334767677&CODE_STATE=getMsg HTTP/1.1" 200 27
114.83.216.74 - - [26/Jul/2023:09:26:21 +0800] "GET /xingrg/kc/buy/cgsh_order_operate.html?command=get_materiel&rest_code=00149&code=00101008036&supplier_code=00100008&order_time=2023-07-26 HTTP/1.1" 200 408
180.152.241.196 - - [26/Jul/2023:09:26:24 +0800] "GET /xingrg/all/function/internal_message.html?_=1690334784522&CODE_STATE=getMsg HTTP/1.1" 200 27
120.253.135.82 - - [26/Jul/2023:09:26:29 +0800] "GET /xingrg/all/function/internal_message.html?_=1690334929162&CODE_STATE=getMsg HTTP/1.1" 200 27
114.83.216.74 - - [26/Jul/2023:09:26:30 +0800] "POST /xingrg/kc/buy/cgsh_order_operate.html HTTP/1.1" 200 2065
222.70.245.33 - - [26/Jul/2023:09:26:35 +0800] "GET /xingrg/check_reg.html?_=1690334805113 HTTP/1.1" 200 22
222.70.245.33 - - [26/Jul/2023:09:26:36 +0800] "GET /xingrg/all/function/internal_message.html?_=1690334805700&CODE_STATE=getMsg HTTP/1.1" 200 27
116.232.195.127 - - [26/Jul/2023:09:26:40 +0800] "GET /xingrg/all/function/internal_message.html?_=1690334756848&CODE_STATE=getMsg HTTP/1.1" 200 27
114.83.216.74 - - [26/Jul/2023:09:26:40 +0800] "GET /xingrg/kc/buy/cgsh_order_operate.html?command=get_materiel&rest_code=00149&code=00101008131&supplier_code=00100008&order_time=2023-07-26 HTTP/1.1" 200 409
114.85.113.108 - - [26/Jul/2023:09:26:41 +0800] "GET /xingrg/all/function/internal_message.html?_=1690334799906&CODE_STATE=getMsg HTTP/1.1" 200 27
114.83.216.74 - - [26/Jul/2023:09:26:47 +0800] "GET /xingrg/all/function/internal_message.html?_=1690334805450&CODE_STATE=getMsg HTTP/1.1" 200 27
101.228.187.155 - - [26/Jul/2023:09:26:50 +0800] "GET /xingrg/all/function/internal_message.html?_=1690334810843&CODE_STATE=getMsg HTTP/1.1" 200 27
124.78.155.92 - - [26/Jul/2023:09:26:59 +0800] "GET /xingrg/all/function/internal_message.html?_=1690334820419&CODE_STATE=getMsg HTTP/1.1" 200 27
114.83.216.74 - - [26/Jul/2023:09:26:59 +0800] "GET /xingrg/kc/buy/cgsh_order_operate.html?command=get_materiel&rest_code=00149&code=00101008318&supplier_code=00100008&order_time=2023-07-26 HTTP/1.1" 200 408
101.83.145.37 - - [26/Jul/2023:09:27:04 +0800] "GET /xingrg/all/function/internal_message.html?_=1690334826037&CODE_STATE=getMsg HTTP/1.1" 200 27
120.253.135.82 - - [26/Jul/2023:09:27:08 +0800] "GET /xingrg/all/function/internal_message.html?_=1690334650926&CODE_STATE=getMsg HTTP/1.1" 200 27
180.165.154.167 - - [26/Jul/2023:09:27:08 +0800] "GET /xingrg/all/function/internal_message.html?_=1690334827665&CODE_STATE=getMsg HTTP/1.1" 200 27
114.83.216.74 - - [26/Jul/2023:09:27:10 +0800] "GET /xingrg/kc/buy/cgsh_order_operate.html?command=get_materiel&rest_code=00149&code=00101008352&supplier_code=00100008&order_time=2023-07-26 HTTP/1.1" 200 412
116.238.191.126 - - [26/Jul/2023:09:27:15 +0800] "GET /xingrg/login.html HTTP/1.1" 200 7641
116.238.191.126 - - [26/Jul/2023:09:27:15 +0800] "GET /xingrg/images/blue/jxLogo.png HTTP/1.1" 304 -
116.238.191.126 - - [26/Jul/2023:09:27:15 +0800] "GET /xingrg/images/blue/srbg.png HTTP/1.1" 304 -
116.238.191.126 - - [26/Jul/2023:09:27:15 +0800] "GET /favicon.ico HTTP/1.1" 404 -
116.238.191.126 - - [26/Jul/2023:09:27:22 +0800] "POST /xingrg/login.do HTTP/1.1" 302 -
116.238.191.126 - - [26/Jul/2023:09:27:22 +0800] "GET /xingrg/index.html?sysBaseUrl=http%3A%2F%2F180.169.147.146%3A18081%2Fxingrg%2F&costTime=1636×tamp=1690334842082 HTTP/1.1" 200 17179
116.238.191.126 - - [26/Jul/2023:09:27:22 +0800] "GET /xingrg/javascript/jquery_easy_ui/themes/default/easyui.css HTTP/1.1" 304 -
116.238.191.126 - - [26/Jul/2023:09:27:22 +0800] "GET /xingrg/javascript/jquery.timers.js HTTP/1.1" 304 -
116.238.191.126 - - [26/Jul/2023:09:27:22 +0800] "GET /xingrg/javascript/jquery_easy_ui/themes/icon.css HTTP/1.1" 304 -
116.238.191.126 - - [26/Jul/2023:09:27:22 +0800] "GET /xingrg/css/form.css HTTP/1.1" 304 -
116.238.191.126 - - [26/Jul/2023:09:27:22 +0800] "GET /xingrg/javascript/jquery.utils.js HTTP/1.1" 304 -
116.238.191.126 - - [26/Jul/2023:09:27:22 +0800] "GET /xingrg/javascript/jquery.form.js HTTP/1.1" 304 -
116.238.191.126 - - [26/Jul/2023:09:27:22 +0800] "GET /xingrg/javascript/jquery-1.4.2.min.js HTTP/1.1" 304 -
116.238.191.126 - - [26/Jul/2023:09:27:22 +0800] "GET /xingrg/javascript/jquery_easy_ui/easyui-lang-zh_CN.js HTTP/1.1" 304 -
116.238.191.126 - - [26/Jul/2023:09:27:22 +0800] "GET /xingrg/javascript/jquery_easy_ui/jquery.easyui.min.js HTTP/1.1" 304 -
116.238.191.126 - - [26/Jul/2023:09:27:22 +0800] "GET /favicon.ico HTTP/1.1" 404 -
116.238.191.126 - - [26/Jul/2023:09:27:22 +0800] "GET /xingrg/all/function/internal_message.html?_=1690334728872&CODE_STATE=count HTTP/1.1" 200 11
116.238.191.126 - - [26/Jul/2023:09:27:22 +0800] "GET /xingrg/check_reg.html?_=1690334728873 HTTP/1.1" 200 22
116.238.191.126 - - [26/Jul/2023:09:27:22 +0800] "POST /xingrg/all/common/load_tree.html?tree=area_rest_tree_json&manage=1 HTTP/1.1" 200 476
116.238.191.126 - - [26/Jul/2023:09:27:22 +0800] "POST /xingrg/load_menu.html HTTP/1.1" 200 5138
114.83.216.74 - - [26/Jul/2023:09:27:24 +0800] "GET /xingrg/kc/buy/cgsh_order_operate.html?command=get_materiel&rest_code=00149&code=00101008005&supplier_code=00100008&order_time=2023-07-26 HTTP/1.1" 200 412
180.152.241.196 - - [26/Jul/2023:09:27:24 +0800] "GET /xingrg/all/function/internal_message.html?_=1690334844510&CODE_STATE=getMsg HTTP/1.1" 200 27
120.253.135.82 - - [26/Jul/2023:09:27:29 +0800] "GET /xingrg/check_reg.html?_=1690334989167 HTTP/1.1" 200 22
120.253.135.82 - - [26/Jul/2023:09:27:29 +0800] "GET /xingrg/all/function/internal_message.html?_=1690334989166&CODE_STATE=getMsg HTTP/1.1" 200 27
222.70.245.33 - - [26/Jul/2023:09:27:36 +0800] "GET /xingrg/all/function/internal_message.html?_=1690334865715&CODE_STATE=getMsg HTTP/1.1" 200 27
116.238.191.126 - - [26/Jul/2023:09:27:37 +0800] "GET /xingrg/kc/buy/cgsh_order_list.html HTTP/1.1" 200 55948
116.238.191.126 - - [26/Jul/2023:09:27:37 +0800] "GET /xingrg/css/base.css HTTP/1.1" 304 -
116.238.191.126 - - [26/Jul/2023:09:27:37 +0800] "GET /xingrg/javascript/jquery_tools/datebox.css HTTP/1.1" 304 -
116.238.191.126 - - [26/Jul/2023:09:27:37 +0800] "GET /xingrg/javascript/easyui/themes/icon.css HTTP/1.1" 304 -
116.238.191.126 - - [26/Jul/2023:09:27:37 +0800] "GET /xingrg/css/site.css HTTP/1.1" 304 -
116.238.191.126 - - [26/Jul/2023:09:27:37 +0800] "GET /xingrg/javascript/jquery_tools/fix.css HTTP/1.1" 304 -
116.238.191.126 - - [26/Jul/2023:09:27:37 +0800] "GET /xingrg/javascript/easyui/themes/default/easyui.css HTTP/1.1" 304 -
116.238.191.126 - - [26/Jul/2023:09:27:37 +0800] "GET /xingrg/javascript/auto/jquery.autocomplete.css HTTP/1.1" 304 -
116.238.191.126 - - [26/Jul/2023:09:27:37 +0800] "GET /xingrg/javascript/jquery_tools/jquery.tools.hotkey.js HTTP/1.1" 304 -
116.238.191.126 - - [26/Jul/2023:09:27:37 +0800] "GET /xingrg/javascript/jquery_tools/jquery.tools.min.js HTTP/1.1" 304 -
116.238.191.126 - - [26/Jul/2023:09:27:37 +0800] "GET /xingrg/javascript/jquery_tools/table.css HTTP/1.1" 304 -
116.238.191.126 - - [26/Jul/2023:09:27:37 +0800] "GET /xingrg/javascript/jquery_tools/list_manager.js HTTP/1.1" 304 -
116.238.191.126 - - [26/Jul/2023:09:27:37 +0800] "GET /xingrg/javascript/jquery_tools/jquery.tools.extend.js HTTP/1.1" 304 -
116.238.191.126 - - [26/Jul/2023:09:27:37 +0800] "GET /xingrg/javascript/jquery.cookie.js HTTP/1.1" 304 -
116.238.191.126 - - [26/Jul/2023:09:27:37 +0800] "GET /xingrg/javascript/auto/jquery.autocomplete.js HTTP/1.1" 304 -
116.238.191.126 - - [26/Jul/2023:09:27:37 +0800] "GET /xingrg/javascript/print/LodopFuncs.js HTTP/1.1" 304 -
116.238.191.126 - - [26/Jul/2023:09:27:37 +0800] "GET /xingrg/javascript/jquery_tools/jquery.tools.table.js HTTP/1.1" 304 -
116.238.191.126 - - [26/Jul/2023:09:27:37 +0800] "GET /xingrg/javascript/easyui/easyloader.js HTTP/1.1" 304 -
116.238.191.126 - - [26/Jul/2023:09:27:38 +0800] "GET /xingrg/javascript/easyui/plugins/jquery.parser.js HTTP/1.1" 304 -
116.232.195.127 - - [26/Jul/2023:09:27:40 +0800] "GET /xingrg/all/function/internal_message.html?_=1690334816828&CODE_STATE=getMsg HTTP/1.1" 200 27
114.85.113.108 - - [26/Jul/2023:09:27:41 +0800] "GET /xingrg/all/function/internal_message.html?_=1690334859903&CODE_STATE=getMsg HTTP/1.1" 200 27
116.238.191.126 - - [26/Jul/2023:09:27:42 +0800] "POST /xingrg/kc/buy/cgsh_list_operate.html HTTP/1.1" 200 1887
114.83.216.74 - - [26/Jul/2023:09:27:44 +0800] "GET /xingrg/kc/buy/cgsh_order_operate.html?command=get_materiel&rest_code=00149&code=00101008353&supplier_code=00100008&order_time=2023-07-26 HTTP/1.1" 200 408
116.238.191.126 - - [26/Jul/2023:09:27:45 +0800] "POST /xingrg/kc/buy/cgsh_list_operate.html HTTP/1.1" 200 562
114.83.216.74 - - [26/Jul/2023:09:27:47 +0800] "GET /xingrg/all/function/internal_message.html?_=1690334865458&CODE_STATE=getMsg HTTP/1.1" 200 27
116.238.191.126 - - [26/Jul/2023:09:27:50 +0800] "GET /xingrg/kc/buy/cgsh_order_info.html?code=212023072610168 HTTP/1.1" 200 71789
116.238.191.126 - - [26/Jul/2023:09:27:50 +0800] "GET /xingrg/javascript/pic_change.js HTTP/1.1" 304 -
116.238.191.126 - - [26/Jul/2023:09:27:50 +0800] "GET /xingrg/javascript/convert.js HTTP/1.1" 304 -
116.238.191.126 - - [26/Jul/2023:09:27:50 +0800] "GET /xingrg/javascript/json2.js HTTP/1.1" 304 -
116.238.191.126 - - [26/Jul/2023:09:27:50 +0800] "GET /xingrg/javascript/print/kc_print.js HTTP/1.1" 304 -
116.238.191.126 - - [26/Jul/2023:09:27:50 +0800] "GET /xingrg/javascript/jquery_tools/order_manager.js HTTP/1.1" 304 -
116.238.191.126 - - [26/Jul/2023:09:27:50 +0800] "GET /xingrg/words/20230726092438_words.js HTTP/1.1" 200 974582
101.228.187.155 - - [26/Jul/2023:09:27:50 +0800] "GET /xingrg/all/function/internal_message.html?_=1690334870844&CODE_STATE=getMsg HTTP/1.1" 200 27
114.83.216.74 - - [26/Jul/2023:09:27:50 +0800] "POST /xingrg/kc/buy/cgsh_order_operate.html HTTP/1.1" 200 2065
116.238.191.126 - - [26/Jul/2023:09:27:51 +0800] "GET /xingrg/all/common/auto_word.html?type=employee&rest_code=00150 HTTP/1.1" 200 159
116.238.191.126 - - [26/Jul/2023:09:27:51 +0800] "GET /xingrg/javascript/easyui/themes/default/validatebox.css HTTP/1.1" 404 1104
116.238.191.126 - - [26/Jul/2023:09:27:51 +0800] "GET /xingrg/javascript/easyui/plugins/jquery.validatebox.js HTTP/1.1" 304 -
116.238.191.126 - - [26/Jul/2023:09:27:51 +0800] "GET /xingrg/all/common/auto_word.html?type=employee&rest_code=00150 HTTP/1.1" 200 159
116.238.191.126 - - [26/Jul/2023:09:27:51 +0800] "GET /xingrg/javascript/easyui/plugins/jquery.numberbox.js HTTP/1.1" 304 -
116.238.191.126 - - [26/Jul/2023:09:27:52 +0800] "POST /xingrg/kc/buy/cgsh_order_operate.html HTTP/1.1" 200 37576
124.78.155.92 - - [26/Jul/2023:09:27:59 +0800] "GET /xingrg/all/function/internal_message.html?_=1690334880422&CODE_STATE=getMsg HTTP/1.1" 200 27
116.238.191.126 - - [26/Jul/2023:09:28:01 +0800] "GET /xingrg/javascript/auto/indicator.gif HTTP/1.1" 404 1066
124.78.70.128 - - [26/Jul/2023:09:28:03 +0800] "POST /xingrg/services/DataTransmitService HTTP/1.1" 200 524
101.83.145.37 - - [26/Jul/2023:09:28:04 +0800] "GET /xingrg/all/function/internal_message.html?_=1690334886010&CODE_STATE=getMsg HTTP/1.1" 200 27
180.165.154.167 - - [26/Jul/2023:09:28:08 +0800] "GET /xingrg/all/function/internal_message.html?_=1690334887678&CODE_STATE=getMsg HTTP/1.1" 200 27
116.238.191.126 - - [26/Jul/2023:09:28:08 +0800] "GET /xingrg/kc/buy/cgsh_order_operate.html?command=get_materiel&rest_code=00150&code=00101008752&supplier_code=00100008&order_time=2023-07-26 HTTP/1.1" 200 395
120.253.135.82 - - [26/Jul/2023:09:28:08 +0800] "GET /xingrg/all/function/internal_message.html?_=1690334711020&CODE_STATE=getMsg HTTP/1.1" 200 27
116.238.191.126 - - [26/Jul/2023:09:28:22 +0800] "GET /xingrg/all/function/internal_message.html?_=1690334788875&CODE_STATE=getMsg HTTP/1.1" 200 27
180.152.241.196 - - [26/Jul/2023:09:28:24 +0800] "GET /xingrg/all/function/internal_message.html?_=1690334904498&CODE_STATE=getMsg HTTP/1.1" 200 27
120.253.135.82 - - [26/Jul/2023:09:28:29 +0800] "GET /xingrg/all/function/internal_message.html?_=1690335049171&CODE_STATE=getMsg HTTP/1.1" 200 27
114.83.216.74 - - [26/Jul/2023:09:28:29 +0800] "GET /xingrg/kc/buy/cgsh_order_operate.html?command=get_materiel&rest_code=00149&code=00101008213&supplier_code=00100008&order_time=2023-07-26 HTTP/1.1" 200 412
116.232.195.127 - - [26/Jul/2023:09:28:35 +0800] "GET /xingrg/kc/buy/cgsh_order_operate.html?command=get_materiel&rest_code=00155&code=00101008354&supplier_code=00100005&order_time=2023-07-26 HTTP/1.1" 200 412
120.253.135.82 - - [26/Jul/2023:09:28:36 +0800] "GET /xingrg/check_reg.html?_=1690334738710 HTTP/1.1" 200 22
222.70.245.33 - - [26/Jul/2023:09:28:36 +0800] "GET /xingrg/all/function/internal_message.html?_=1690334925727&CODE_STATE=getMsg HTTP/1.1" 200 27
116.232.195.127 - - [26/Jul/2023:09:28:40 +0800] "GET /xingrg/check_reg.html?_=1690334876620 HTTP/1.1" 200 22
116.232.195.127 - - [26/Jul/2023:09:28:40 +0800] "GET /xingrg/all/function/internal_message.html?_=1690334876813&CODE_STATE=getMsg HTTP/1.1" 200 27
114.85.113.108 - - [26/Jul/2023:09:28:41 +0800] "GET /xingrg/all/function/internal_message.html?_=1690334919906&CODE_STATE=getMsg HTTP/1.1" 200 27
116.238.191.126 - - [26/Jul/2023:09:28:44 +0800] "POST /xingrg/kc/buy/cgsh_order_operate.html HTTP/1.1" 200 37
114.83.216.74 - - [26/Jul/2023:09:28:47 +0800] "GET /xingrg/check_reg.html?_=1690334925456 HTTP/1.1" 200 22
114.83.216.74 - - [26/Jul/2023:09:28:47 +0800] "GET /xingrg/all/function/internal_message.html?_=1690334925461&CODE_STATE=getMsg HTTP/1.1" 200 27
101.228.187.155 - - [26/Jul/2023:09:28:50 +0800] "GET /xingrg/all/function/internal_message.html?_=1690334930844&CODE_STATE=getMsg HTTP/1.1" 200 27
101.228.187.155 - - [26/Jul/2023:09:28:50 +0800] "GET /xingrg/check_reg.html?_=1690334930847 HTTP/1.1" 200 22
180.165.154.167 - - [26/Jul/2023:09:28:58 +0800] "GET /xingrg/javascript/easyui/themes/default/images/button_plain_hover.png HTTP/1.1" 200 144
180.163.29.234 - - [26/Jul/2023:09:28:59 +0800] "GET /xingrg/all/function/internal_message.html?_=1690334880422&CODE_STATE=getMsg HTTP/1.1" 302 -
124.78.155.92 - - [26/Jul/2023:09:28:59 +0800] "GET /xingrg/all/function/internal_message.html?_=1690334940425&CODE_STATE=getMsg HTTP/1.1" 200 27
180.163.29.234 - - [26/Jul/2023:09:28:59 +0800] "GET /xingrg/login.html HTTP/1.1" 200 7641
116.232.195.127 - - [26/Jul/2023:09:28:59 +0800] "GET /xingrg/kc/buy/cgsh_order_operate.html?command=get_materiel&rest_code=00155&code=00101008559&supplier_code=00100005&order_time=2023-07-26 HTTP/1.1" 200 413
114.83.216.74 - - [26/Jul/2023:09:29:00 +0800] "GET /xingrg/kc/buy/cgsh_order_operate.html?command=get_materiel&rest_code=00149&code=00101009011&supplier_code=00100008&order_time=2023-07-26 HTTP/1.1" 200 416
116.238.191.126 - - [26/Jul/2023:09:29:03 +0800] "POST /xingrg/kc/buy/cgsh_order_operate.html HTTP/1.1" 200 12
101.83.145.37 - - [26/Jul/2023:09:29:04 +0800] "GET /xingrg/all/function/internal_message.html?_=1690334945979&CODE_STATE=getMsg HTTP/1.1" 200 27
101.83.145.37 - - [26/Jul/2023:09:29:04 +0800] "GET /xingrg/check_reg.html?_=1690334946048 HTTP/1.1" 200 22
180.165.154.167 - - [26/Jul/2023:09:29:08 +0800] "GET /xingrg/all/function/internal_message.html?_=1690334947681&CODE_STATE=getMsg HTTP/1.1" 200 27
120.253.135.82 - - [26/Jul/2023:09:29:08 +0800] "GET /xingrg/all/function/internal_message.html?_=1690334771103&CODE_STATE=getMsg HTTP/1.1" 200 27
116.238.191.126 - - [26/Jul/2023:09:29:11 +0800] "GET /xingrg/kc/buy/cgsh_order_info.html?code=212023072610168 HTTP/1.1" 200 66693
116.238.191.126 - - [26/Jul/2023:09:29:11 +0800] "GET /xingrg/javascript/easyui/themes/default/validatebox.css HTTP/1.1" 404 1104
116.232.195.127 - - [26/Jul/2023:09:29:11 +0800] "GET /xingrg/kc/buy/cgsh_order_operate.html?command=get_materiel&rest_code=00155&code=00101008198&supplier_code=00100005&order_time=2023-07-26 HTTP/1.1" 200 413
116.238.191.126 - - [26/Jul/2023:09:29:12 +0800] "POST /xingrg/kc/buy/cgsh_order_operate.html HTTP/1.1" 200 36108
114.83.216.74 - - [26/Jul/2023:09:29:17 +0800] "GET /xingrg/kc/buy/cgsh_order_operate.html?command=get_materiel&rest_code=00149&code=00101009015&supplier_code=00100008&order_time=2023-07-26 HTTP/1.1" 200 416
116.238.191.126 - - [26/Jul/2023:09:29:22 +0800] "GET /xingrg/all/function/internal_message.html?_=1690334848889&CODE_STATE=getMsg HTTP/1.1" 200 27
114.83.216.74 - - [26/Jul/2023:09:29:22 +0800] "POST /xingrg/kc/buy/cgsh_order_operate.html HTTP/1.1" 200 2065
116.232.195.127 - - [26/Jul/2023:09:29:24 +0800] "GET /xingrg/kc/buy/cgsh_order_operate.html?command=get_materiel&rest_code=00155&code=00101008096&supplier_code=00100005&order_time=2023-07-26 HTTP/1.1" 200 412
180.152.241.196 - - [26/Jul/2023:09:29:24 +0800] "GET /xingrg/all/function/internal_message.html?_=1690334964489&CODE_STATE=getMsg HTTP/1.1" 200 27
116.238.191.126 - - [26/Jul/2023:09:29:26 +0800] "GET /xingrg/kc/print/load_config.html?kc_code=cgsh HTTP/1.1" 200 1924
116.238.191.126 - - [26/Jul/2023:09:29:27 +0800] "GET /xingrg/kc/print/load_data.html?order_code=212023072610168&kc_code=cgsh&condition= HTTP/1.1" 200 14169
120.253.135.82 - - [26/Jul/2023:09:29:29 +0800] "GET /xingrg/all/function/internal_message.html?_=1690335109175&CODE_STATE=getMsg HTTP/1.1" 200 27
114.83.216.74 - - [26/Jul/2023:09:29:32 +0800] "GET /xingrg/kc/buy/cgsh_order_operate.html?command=get_materiel&rest_code=00149&code=00101009004&supplier_code=00100008&order_time=2023-07-26 HTTP/1.1" 200 408
116.232.195.127 - - [26/Jul/2023:09:29:34 +0800] "GET /xingrg/kc/buy/cgsh_order_operate.html?command=get_materiel&rest_code=00155&code=00101008163&supplier_code=00100005&order_time=2023-07-26 HTTP/1.1" 200 409
222.70.245.33 - - [26/Jul/2023:09:29:36 +0800] "GET /xingrg/all/function/internal_message.html?_=1690334985922&CODE_STATE=getMsg HTTP/1.1" 200 27
222.70.180.90 - - [26/Jul/2023:09:29:36 +0800] "GET /xingrg/login.html HTTP/1.1" 200 7641
222.70.180.90 - - [26/Jul/2023:09:29:37 +0800] "GET /favicon.ico HTTP/1.1" 404 -
116.232.195.127 - - [26/Jul/2023:09:29:40 +0800] "GET /xingrg/all/function/internal_message.html?_=1690334936798&CODE_STATE=getMsg HTTP/1.1" 200 27
114.85.113.108 - - [26/Jul/2023:09:29:41 +0800] "GET /xingrg/check_reg.html?_=1690334979904 HTTP/1.1" 200 22
114.85.113.108 - - [26/Jul/2023:09:29:41 +0800] "GET /xingrg/all/function/internal_message.html?_=1690334979900&CODE_STATE=getMsg HTTP/1.1" 200 27
222.70.180.90 - - [26/Jul/2023:09:29:43 +0800] "POST /xingrg/login.do HTTP/1.1" 302 -
222.70.180.90 - - [26/Jul/2023:09:29:43 +0800] "GET /xingrg/index.html?sysBaseUrl=http%3A%2F%2F180.169.147.146%3A18081%2Fxingrg%2F&costTime=2445×tamp=1690334983675 HTTP/1.1" 200 17173
222.70.180.90 - - [26/Jul/2023:09:29:43 +0800] "GET /favicon.ico HTTP/1.1" 404 -
222.70.180.90 - - [26/Jul/2023:09:29:44 +0800] "GET /xingrg/check_reg.html?_=1690334983520 HTTP/1.1" 200 22
222.70.180.90 - - [26/Jul/2023:09:29:44 +0800] "GET /xingrg/all/function/internal_message.html?_=1690334983519&CODE_STATE=count HTTP/1.1" 200 11
222.70.180.90 - - [26/Jul/2023:09:29:44 +0800] "POST /xingrg/all/common/load_tree.html?tree=area_rest_tree_json&manage=1 HTTP/1.1" 200 342
222.70.180.90 - - [26/Jul/2023:09:29:44 +0800] "POST /xingrg/load_menu.html HTTP/1.1" 200 5138
114.83.216.74 - - [26/Jul/2023:09:29:44 +0800] "GET /xingrg/kc/buy/cgsh_order_operate.html?command=get_materiel&rest_code=00149&code=00101008167&supplier_code=00100008&order_time=2023-07-26 HTTP/1.1" 200 412
116.232.195.127 - - [26/Jul/2023:09:29:45 +0800] "GET /xingrg/kc/buy/cgsh_order_operate.html?command=get_materiel&rest_code=00155&code=00101008290&supplier_code=00100005&order_time=2023-07-26 HTTP/1.1" 200 416
114.83.216.74 - - [26/Jul/2023:09:29:47 +0800] "GET /xingrg/all/function/internal_message.html?_=1690334985564&CODE_STATE=getMsg HTTP/1.1" 200 27
101.228.187.155 - - [26/Jul/2023:09:29:50 +0800] "GET /xingrg/all/function/internal_message.html?_=1690334990847&CODE_STATE=getMsg HTTP/1.1" 200 27
101.83.145.37 - - [26/Jul/2023:09:29:56 +0800] "POST /xingrg/kc/buy/cgsh_order_operate.html HTTP/1.1" 200 37
124.78.155.92 - - [26/Jul/2023:09:29:59 +0800] "GET /xingrg/all/function/internal_message.html?_=1690335000428&CODE_STATE=getMsg HTTP/1.1" 200 27
116.232.195.127 - - [26/Jul/2023:09:30:00 +0800] "GET /xingrg/kc/buy/cgsh_order_operate.html?command=get_materiel&rest_code=00155&code=00101013175&supplier_code=00100005&order_time=2023-07-26 HTTP/1.1" 200 412
101.83.145.37 - - [26/Jul/2023:09:30:02 +0800] "POST /xingrg/kc/buy/cgsh_order_operate.html HTTP/1.1" 200 19201
101.83.145.37 - - [26/Jul/2023:09:30:04 +0800] "GET /xingrg/all/function/internal_message.html?_=1690335005955&CODE_STATE=getMsg HTTP/1.1" 200 27
101.83.145.37 - - [26/Jul/2023:09:30:05 +0800] "GET /xingrg/kc/print/load_data.html?order_code=212023072610180&kc_code=cgsh&condition= HTTP/1.1" 200 6874
114.83.216.74 - - [26/Jul/2023:09:30:06 +0800] "GET /xingrg/kc/buy/cgsh_order_operate.html?command=get_materiel&rest_code=00149&code=00101008060&supplier_code=00100008&order_time=2023-07-26 HTTP/1.1" 200 416
180.165.154.167 - - [26/Jul/2023:09:30:08 +0800] "GET /xingrg/check_reg.html?_=1690335007681 HTTP/1.1" 200 22
180.165.154.167 - - [26/Jul/2023:09:30:08 +0800] "GET /xingrg/all/function/internal_message.html?_=1690335007682&CODE_STATE=getMsg HTTP/1.1" 200 27
120.253.135.82 - - [26/Jul/2023:09:30:08 +0800] "GET /xingrg/all/function/internal_message.html?_=1690334831107&CODE_STATE=getMsg HTTP/1.1" 200 27
116.232.195.127 - - [26/Jul/2023:09:30:10 +0800] "GET /xingrg/kc/buy/cgsh_order_operate.html?command=get_materiel&rest_code=00155&code=00101008361&supplier_code=00100005&order_time=2023-07-26 HTTP/1.1" 200 408
222.70.180.90 - - [26/Jul/2023:09:30:18 +0800] "GET /xingrg/kc/buy/buy_main.html HTTP/1.1" 200 12412
222.70.180.90 - - [26/Jul/2023:09:30:18 +0800] "GET /xingrg/css/new_ie.css HTTP/1.1" 404 1036
222.70.180.90 - - [26/Jul/2023:09:30:19 +0800] "GET /xingrg/images/yd/bt.gif HTTP/1.1" 404 1040
222.70.180.90 - - [26/Jul/2023:09:30:21 +0800] "GET /xingrg/kc/buy/cgsh_order_list.html HTTP/1.1" 200 55942
116.238.191.126 - - [26/Jul/2023:09:30:22 +0800] "GET /xingrg/all/function/internal_message.html?_=1690334908903&CODE_STATE=getMsg HTTP/1.1" 200 27
116.232.195.127 - - [26/Jul/2023:09:30:22 +0800] "GET /xingrg/kc/buy/cgsh_order_operate.html?command=get_materiel&rest_code=00155&code=00101008148&supplier_code=00100005&order_time=2023-07-26 HTTP/1.1" 200 416
180.152.241.196 - - [26/Jul/2023:09:30:24 +0800] "GET /xingrg/check_reg.html?_=1690335024309 HTTP/1.1" 200 22
180.152.241.196 - - [26/Jul/2023:09:30:24 +0800] "GET /xingrg/all/function/internal_message.html?_=1690335024479&CODE_STATE=getMsg HTTP/1.1" 200 27
116.232.195.127 - - [26/Jul/2023:09:30:25 +0800] "POST /xingrg/kc/buy/cgsh_order_operate.html HTTP/1.1" 200 2065
120.253.135.82 - - [26/Jul/2023:09:30:29 +0800] "GET /xingrg/all/function/internal_message.html?_=1690335169180&CODE_STATE=getMsg HTTP/1.1" 200 27
114.83.216.74 - - [26/Jul/2023:09:30:29 +0800] "GET /xingrg/kc/buy/cgsh_order_operate.html?command=get_materiel&rest_code=00149&code=00101008330&supplier_code=00100008&order_time=2023-07-26 HTTP/1.1" 200 408
222.70.245.33 - - [26/Jul/2023:09:30:36 +0800] "GET /xingrg/all/function/internal_message.html?_=1690335045927&CODE_STATE=getMsg HTTP/1.1" 200 27
116.232.195.127 - - [26/Jul/2023:09:30:40 +0800] "GET /xingrg/all/function/internal_message.html?_=1690334996777&CODE_STATE=getMsg HTTP/1.1" 200 27
114.85.113.108 - - [26/Jul/2023:09:30:41 +0800] "GET /xingrg/all/function/internal_message.html?_=1690335039902&CODE_STATE=getMsg HTTP/1.1" 200 27
180.165.154.167 - - [26/Jul/2023:09:30:42 +0800] "POST /xingrg/kc/buy/cgsh_list_operate.html HTTP/1.1" 200 4
101.83.145.37 - - [26/Jul/2023:09:30:43 +0800] "POST /xingrg/kc/buy/cgsh_list_operate.html HTTP/1.1" 200 3535
222.70.180.90 - - [26/Jul/2023:09:30:44 +0800] "GET /xingrg/all/function/internal_message.html?_=1690335043537&CODE_STATE=getMsg HTTP/1.1" 200 27
222.70.180.90 - - [26/Jul/2023:09:30:44 +0800] "POST /xingrg/kc/buy/cgsh_list_operate.html HTTP/1.1" 200 1858
114.83.216.74 - - [26/Jul/2023:09:30:47 +0800] "GET /xingrg/all/function/internal_message.html?_=1690335045554&CODE_STATE=getMsg HTTP/1.1" 200 27
180.165.154.167 - - [26/Jul/2023:09:30:48 +0800] "POST /xingrg/kc/buy/cgsh_list_operate.html HTTP/1.1" 200 6036
116.232.195.127 - - [26/Jul/2023:09:30:49 +0800] "GET /xingrg/kc/buy/cgsh_order_operate.html?command=get_materiel&rest_code=00155&code=00101008264&supplier_code=00100005&order_time=2023-07-26 HTTP/1.1" 200 412
101.228.187.155 - - [26/Jul/2023:09:30:50 +0800] "GET /xingrg/all/function/internal_message.html?_=1690335050849&CODE_STATE=getMsg HTTP/1.1" 200 27
124.78.155.92 - - [26/Jul/2023:09:30:59 +0800] "GET /xingrg/all/function/internal_message.html?_=1690335060431&CODE_STATE=getMsg HTTP/1.1" 200 27
124.78.155.92 - - [26/Jul/2023:09:30:59 +0800] "GET /xingrg/check_reg.html?_=1690335060435 HTTP/1.1" 200 22
116.232.195.127 - - [26/Jul/2023:09:31:03 +0800] "GET /xingrg/kc/buy/cgsh_order_operate.html?command=get_materiel&rest_code=00155&code=00101023033&supplier_code=00100005&order_time=2023-07-26 HTTP/1.1" 200 410
101.83.145.37 - - [26/Jul/2023:09:31:04 +0800] "GET /xingrg/all/function/internal_message.html?_=1690335066029&CODE_STATE=getMsg HTTP/1.1" 200 27
180.165.154.167 - - [26/Jul/2023:09:31:08 +0800] "GET /xingrg/all/function/internal_message.html?_=1690335067664&CODE_STATE=getMsg HTTP/1.1" 200 27
120.253.135.82 - - [26/Jul/2023:09:31:08 +0800] "GET /xingrg/all/function/internal_message.html?_=1690334891196&CODE_STATE=getMsg HTTP/1.1" 200 27
114.83.216.74 - - [26/Jul/2023:09:31:14 +0800] "GET /xingrg/kc/buy/cgsh_order_operate.html?command=get_materiel&rest_code=00149&code=00101008298&supplier_code=00100008&order_time=2023-07-26 HTTP/1.1" 200 413
116.232.195.127 - - [26/Jul/2023:09:31:16 +0800] "GET /xingrg/kc/buy/cgsh_order_operate.html?command=get_materiel&rest_code=00155&code=00101008356&supplier_code=00100005&order_time=2023-07-26 HTTP/1.1" 200 408
114.83.216.74 - - [26/Jul/2023:09:31:19 +0800] "POST /xingrg/kc/buy/cgsh_order_operate.html HTTP/1.1" 200 2065
116.238.191.126 - - [26/Jul/2023:09:31:22 +0800] "GET /xingrg/all/function/internal_message.html?_=1690334968928&CODE_STATE=getMsg HTTP/1.1" 200 27
180.152.241.196 - - [26/Jul/2023:09:31:24 +0800] "GET /xingrg/all/function/internal_message.html?_=1690335084451&CODE_STATE=getMsg HTTP/1.1" 200 27
120.253.135.82 - - [26/Jul/2023:09:31:29 +0800] "GET /xingrg/all/function/internal_message.html?_=1690335229184&CODE_STATE=getMsg HTTP/1.1" 200 27
116.232.195.127 - - [26/Jul/2023:09:31:29 +0800] "GET /xingrg/kc/buy/cgsh_order_operate.html?command=get_materiel&rest_code=00155&code=00101008137&supplier_code=00100005&order_time=2023-07-26 HTTP/1.1" 200 408
222.70.245.33 - - [26/Jul/2023:09:31:35 +0800] "GET /xingrg/check_reg.html?_=1690335105295 HTTP/1.1" 200 22
222.70.245.33 - - [26/Jul/2023:09:31:36 +0800] "GET /xingrg/all/function/internal_message.html?_=1690335105939&CODE_STATE=getMsg HTTP/1.1" 200 27
116.232.195.127 - - [26/Jul/2023:09:31:40 +0800] "GET /xingrg/all/function/internal_message.html?_=1690335056759&CODE_STATE=getMsg HTTP/1.1" 200 27
114.85.113.108 - - [26/Jul/2023:09:31:41 +0800] "GET /xingrg/all/function/internal_message.html?_=1690335099902&CODE_STATE=getMsg HTTP/1.1" 200 27
