180.163.28.143 - - [26/Jul/2023:10:17:43 +0800] "GET /xingrg/servlets/image?cache=0.08217249002692595&image=px HTTP/1.1" 200 807
222.70.180.90 - - [26/Jul/2023:10:17:44 +0800] "GET /xingrg/all/function/internal_message.html?_=1690337863614&CODE_STATE=getMsg HTTP/1.1" 200 27
114.83.216.74 - - [26/Jul/2023:10:17:47 +0800] "GET /xingrg/all/function/internal_message.html?_=1690337864900&CODE_STATE=getMsg HTTP/1.1" 200 27
222.70.180.90 - - [26/Jul/2023:10:17:50 +0800] "POST /xingrg/kc/buy/cgsh_order_operate.html HTTP/1.1" 200 37
222.70.180.90 - - [26/Jul/2023:10:17:51 +0800] "GET /xingrg/all/function/internal_message.html?_=1690337988271&CODE_STATE=getMsg HTTP/1.1" 200 27
114.83.216.74 - - [26/Jul/2023:10:17:52 +0800] "GET /xingrg/kc/buy/cgsh_order_info.html?code=212023072610210 HTTP/1.1" 200 66711
114.83.216.74 - - [26/Jul/2023:10:17:52 +0800] "GET /xingrg/words/20230726095329_words.js HTTP/1.1" 304 -
114.83.216.74 - - [26/Jul/2023:10:17:52 +0800] "GET /xingrg/javascript/easyui/themes/default/validatebox.css HTTP/1.1" 404 1104
114.83.216.74 - - [26/Jul/2023:10:17:54 +0800] "POST /xingrg/kc/buy/cgsh_order_operate.html HTTP/1.1" 200 3596
222.70.180.90 - - [26/Jul/2023:10:17:56 +0800] "POST /xingrg/kc/buy/cgsh_order_operate.html HTTP/1.1" 200 4432
114.83.216.74 - - [26/Jul/2023:10:17:58 +0800] "GET /xingrg/kc/print/load_data.html?order_code=212023072610210&kc_code=cgsh&condition= HTTP/1.1" 200 1833
124.78.155.92 - - [26/Jul/2023:10:17:59 +0800] "GET /xingrg/all/function/internal_message.html?_=1690337880467&CODE_STATE=getMsg HTTP/1.1" 200 27
222.70.180.90 - - [26/Jul/2023:10:18:01 +0800] "GET /xingrg/kc/print/load_data.html?order_code=212023072610211&kc_code=cgsh&condition= HTTP/1.1" 200 1337
124.79.243.110 - - [26/Jul/2023:10:18:01 +0800] "GET /xingrg/all/function/internal_message.html?_=1690338168822&CODE_STATE=getMsg HTTP/1.1" 200 27
101.83.145.37 - - [26/Jul/2023:10:18:03 +0800] "GET /xingrg/all/function/internal_message.html?_=1690337884781&CODE_STATE=getMsg HTTP/1.1" 200 27
222.70.180.90 - - [26/Jul/2023:10:18:07 +0800] "GET /xingrg/kc/buy/cgsh_order_add.html HTTP/1.1" 200 71680
222.70.180.90 - - [26/Jul/2023:10:18:08 +0800] "POST /xingrg/kc/buy/cgsh_order_operate.html HTTP/1.1" 200 8245
222.70.180.90 - - [26/Jul/2023:10:18:08 +0800] "GET /xingrg/javascript/easyui/themes/default/validatebox.css HTTP/1.1" 404 1104
180.165.154.167 - - [26/Jul/2023:10:18:08 +0800] "GET /xingrg/all/function/internal_message.html?_=1690337887681&CODE_STATE=getMsg HTTP/1.1" 200 27
124.78.70.128 - - [26/Jul/2023:10:18:08 +0800] "GET /xingrg/kc/buy/cgsh_order_operate.html?command=get_materiel&rest_code=00141&code=00101008108&supplier_code=00100007&order_time=2023-07-26 HTTP/1.1" 200 412
116.238.191.126 - - [26/Jul/2023:10:18:09 +0800] "GET /xingrg/all/function/internal_message.html?_=1690337775406&CODE_STATE=getMsg HTTP/1.1" 200 27
124.78.70.128 - - [26/Jul/2023:10:18:09 +0800] "GET /xingrg/all/function/internal_message.html?_=1690337357822&CODE_STATE=getMsg HTTP/1.1" 200 27
124.78.70.128 - - [26/Jul/2023:10:18:10 +0800] "GET /xingrg/check_reg.html?_=1690337358542 HTTP/1.1" 200 22
180.169.147.146 - - [26/Jul/2023:10:18:19 +0800] "GET /xingrg/all/function/internal_message.html?_=1690337899457&CODE_STATE=getMsg HTTP/1.1" 200 27
124.78.155.92 - - [26/Jul/2023:10:18:20 +0800] "POST /xingrg/services/DataTransmitService HTTP/1.1" 200 524
124.78.155.92 - - [26/Jul/2023:10:18:21 +0800] "POST /xingrg/services/DataTransmitService HTTP/1.1" 200 2659
124.78.155.92 - - [26/Jul/2023:10:18:24 +0800] "POST /xingrg/services/DataTransmitService HTTP/1.1" 200 175175
180.152.241.196 - - [26/Jul/2023:10:18:24 +0800] "GET /xingrg/all/function/internal_message.html?_=1690337904316&CODE_STATE=getMsg HTTP/1.1" 200 27
120.253.135.82 - - [26/Jul/2023:10:18:26 +0800] "GET /xingrg/all/function/internal_message.html?_=1690337729112&CODE_STATE=getMsg HTTP/1.1" 200 27
124.78.70.128 - - [26/Jul/2023:10:18:27 +0800] "GET /xingrg/kc/buy/cgsh_order_operate.html?command=get_materiel&rest_code=00141&code=00101008089&supplier_code=00100007&order_time=2023-07-26 HTTP/1.1" 200 408
222.70.114.12 - - [26/Jul/2023:10:18:27 +0800] "GET /xingrg/all/function/internal_message.html?_=1690337912281&CODE_STATE=getMsg HTTP/1.1" 200 27
120.253.135.82 - - [26/Jul/2023:10:18:36 +0800] "GET /xingrg/check_reg.html?_=1690337738981 HTTP/1.1" 200 22
222.70.245.33 - - [26/Jul/2023:10:18:39 +0800] "GET /xingrg/all/function/internal_message.html?_=1690337928871&CODE_STATE=getMsg HTTP/1.1" 200 27
116.232.195.127 - - [26/Jul/2023:10:18:39 +0800] "GET /xingrg/all/function/internal_message.html?_=1690337875973&CODE_STATE=getMsg HTTP/1.1" 200 27
116.232.195.127 - - [26/Jul/2023:10:18:40 +0800] "GET /xingrg/check_reg.html?_=1690337876460 HTTP/1.1" 200 22
180.169.147.146 - - [26/Jul/2023:10:18:40 +0800] "POST /xingrg/all/report/report_print.html HTTP/1.1" 200 7168
180.163.30.27 - - [26/Jul/2023:10:18:42 +0800] "GET /xingrg/servlets/image?cache=0.6204303587835769&image=px HTTP/1.1" 200 807
114.85.113.108 - - [26/Jul/2023:10:18:42 +0800] "GET /xingrg/all/function/internal_message.html?_=1690337921182&CODE_STATE=getMsg HTTP/1.1" 200 27
222.70.180.90 - - [26/Jul/2023:10:18:44 +0800] "GET /xingrg/all/function/internal_message.html?_=1690337923590&CODE_STATE=getMsg HTTP/1.1" 200 27
114.83.216.74 - - [26/Jul/2023:10:18:47 +0800] "GET /xingrg/all/function/internal_message.html?_=1690337924871&CODE_STATE=getMsg HTTP/1.1" 200 27
114.83.216.74 - - [26/Jul/2023:10:18:47 +0800] "GET /xingrg/check_reg.html?_=1690337925543 HTTP/1.1" 200 22
222.70.180.90 - - [26/Jul/2023:10:18:51 +0800] "GET /xingrg/all/function/internal_message.html?_=1690338048256&CODE_STATE=getMsg HTTP/1.1" 200 27
124.79.243.110 - - [26/Jul/2023:10:19:01 +0800] "GET /xingrg/all/function/internal_message.html?_=1690338228820&CODE_STATE=getMsg HTTP/1.1" 200 27
101.83.145.37 - - [26/Jul/2023:10:19:03 +0800] "GET /xingrg/all/function/internal_message.html?_=1690337944755&CODE_STATE=getMsg HTTP/1.1" 200 27
101.83.145.37 - - [26/Jul/2023:10:19:04 +0800] "GET /xingrg/check_reg.html?_=1690337946116 HTTP/1.1" 200 22
124.78.155.92 - - [26/Jul/2023:10:19:06 +0800] "GET /xingrg/all/function/internal_message.html?_=1690337947416&CODE_STATE=getMsg HTTP/1.1" 200 27
180.165.154.167 - - [26/Jul/2023:10:19:08 +0800] "GET /xingrg/all/function/internal_message.html?_=1690337947672&CODE_STATE=getMsg HTTP/1.1" 200 27
116.238.191.126 - - [26/Jul/2023:10:19:08 +0800] "GET /xingrg/check_reg.html?_=1690337835056 HTTP/1.1" 200 22
116.238.191.126 - - [26/Jul/2023:10:19:09 +0800] "GET /xingrg/all/function/internal_message.html?_=1690337835419&CODE_STATE=getMsg HTTP/1.1" 200 27
124.78.70.128 - - [26/Jul/2023:10:19:09 +0800] "GET /xingrg/all/function/internal_message.html?_=1690337417892&CODE_STATE=getMsg HTTP/1.1" 200 27
114.83.216.74 - - [26/Jul/2023:10:19:13 +0800] "GET /xingrg/kc/buy/cgsh_order_add.html HTTP/1.1" 200 71812
114.83.216.74 - - [26/Jul/2023:10:19:13 +0800] "POST /xingrg/kc/buy/cgsh_order_operate.html HTTP/1.1" 200 8245
114.83.216.74 - - [26/Jul/2023:10:19:13 +0800] "GET /xingrg/javascript/easyui/themes/default/validatebox.css HTTP/1.1" 404 1104
124.78.70.128 - - [26/Jul/2023:10:19:15 +0800] "GET /xingrg/kc/buy/cgsh_order_operate.html?command=get_materiel&rest_code=00141&code=00101008350&supplier_code=00100007&order_time=2023-07-26 HTTP/1.1" 200 408
124.78.70.128 - - [26/Jul/2023:10:19:18 +0800] "POST /xingrg/kc/buy/cgsh_order_operate.html HTTP/1.1" 200 2065
180.169.147.146 - - [26/Jul/2023:10:19:19 +0800] "GET /xingrg/all/function/internal_message.html?_=1690337959469&CODE_STATE=getMsg HTTP/1.1" 200 27
222.70.180.90 - - [26/Jul/2023:10:19:20 +0800] "GET /xingrg/check_reg.html?_=1690338077148 HTTP/1.1" 200 22
180.152.241.196 - - [26/Jul/2023:10:19:24 +0800] "GET /xingrg/all/function/internal_message.html?_=1690337964305&CODE_STATE=getMsg HTTP/1.1" 200 27
114.83.216.74 - - [26/Jul/2023:10:19:26 +0800] "GET /xingrg/kc/buy/cgsh_order_operate.html?command=get_materiel&rest_code=00149&code=00102013013&supplier_code=00100073&order_time=2023-07-26 HTTP/1.1" 200 409
120.253.135.82 - - [26/Jul/2023:10:19:26 +0800] "GET /xingrg/all/function/internal_message.html?_=1690337789119&CODE_STATE=getMsg HTTP/1.1" 200 27
222.70.114.12 - - [26/Jul/2023:10:19:27 +0800] "GET /xingrg/all/function/internal_message.html?_=1690337972279&CODE_STATE=getMsg HTTP/1.1" 200 27
222.70.180.90 - - [26/Jul/2023:10:19:29 +0800] "GET /xingrg/kc/buy/cgsh_order_operate.html?command=get_materiel&rest_code=00111&code=00101008350&supplier_code=00100005&order_time=2023-07-26 HTTP/1.1" 200 410
124.78.70.128 - - [26/Jul/2023:10:19:31 +0800] "GET /xingrg/kc/buy/cgsh_order_operate.html?command=get_materiel&rest_code=00141&code=00101008119&supplier_code=00100007&order_time=2023-07-26 HTTP/1.1" 200 412
222.70.245.33 - - [26/Jul/2023:10:19:39 +0800] "GET /xingrg/all/function/internal_message.html?_=1690337989178&CODE_STATE=getMsg HTTP/1.1" 200 27
116.232.195.127 - - [26/Jul/2023:10:19:39 +0800] "GET /xingrg/all/function/internal_message.html?_=1690337935949&CODE_STATE=getMsg HTTP/1.1" 200 27
114.85.113.108 - - [26/Jul/2023:10:19:41 +0800] "GET /xingrg/check_reg.html?_=1690337979984 HTTP/1.1" 200 22
114.85.113.108 - - [26/Jul/2023:10:19:42 +0800] "GET /xingrg/all/function/internal_message.html?_=1690337981164&CODE_STATE=getMsg HTTP/1.1" 200 27
222.70.180.90 - - [26/Jul/2023:10:19:44 +0800] "GET /xingrg/check_reg.html?_=1690337983592 HTTP/1.1" 200 22
222.70.180.90 - - [26/Jul/2023:10:19:44 +0800] "GET /xingrg/all/function/internal_message.html?_=1690337983590&CODE_STATE=getMsg HTTP/1.1" 200 27
180.152.241.196 - - [26/Jul/2023:10:19:44 +0800] "GET /xingrg/kc/buy/cgsh_order_add.html HTTP/1.1" 200 71759
180.152.241.196 - - [26/Jul/2023:10:19:44 +0800] "GET /xingrg/words/20230726095329_words.js HTTP/1.1" 200 974639
180.152.241.196 - - [26/Jul/2023:10:19:44 +0800] "GET /xingrg/javascript/easyui/themes/default/validatebox.css HTTP/1.1" 404 1104
180.152.241.196 - - [26/Jul/2023:10:19:44 +0800] "POST /xingrg/kc/buy/cgsh_order_operate.html HTTP/1.1" 200 8245
114.83.216.74 - - [26/Jul/2023:10:19:47 +0800] "GET /xingrg/all/function/internal_message.html?_=1690337984870&CODE_STATE=getMsg HTTP/1.1" 200 27
180.152.241.196 - - [26/Jul/2023:10:19:47 +0800] "GET /xingrg/javascript/easyui/themes/default/tree.css HTTP/1.1" 404 1090
180.152.241.196 - - [26/Jul/2023:10:19:48 +0800] "POST /xingrg/all/common/load_tree.html?tree=supplier_tree_json&isDelete=1 HTTP/1.1" 200 74671
222.70.180.90 - - [26/Jul/2023:10:19:48 +0800] "GET /xingrg/kc/buy/cgsh_order_operate.html?command=get_materiel&rest_code=00111&code=00101008087&supplier_code=00100005&order_time=2023-07-26 HTTP/1.1" 200 412
124.78.70.128 - - [26/Jul/2023:10:19:49 +0800] "GET /xingrg/kc/buy/cgsh_order_operate.html?command=get_materiel&rest_code=00141&code=00101008095&supplier_code=00100007&order_time=2023-07-26 HTTP/1.1" 200 412
222.70.180.90 - - [26/Jul/2023:10:19:52 +0800] "GET /xingrg/all/function/internal_message.html?_=1690338108245&CODE_STATE=getMsg HTTP/1.1" 200 27
124.78.70.128 - - [26/Jul/2023:10:20:00 +0800] "GET /xingrg/kc/buy/cgsh_order_operate.html?command=get_materiel&rest_code=00141&code=00101008224&supplier_code=00100007&order_time=2023-07-26 HTTP/1.1" 200 416
222.70.180.90 - - [26/Jul/2023:10:20:01 +0800] "GET /xingrg/kc/buy/cgsh_order_operate.html?command=get_materiel&rest_code=00111&code=00101008261&supplier_code=00100005&order_time=2023-07-26 HTTP/1.1" 200 408
124.79.243.110 - - [26/Jul/2023:10:20:01 +0800] "GET /xingrg/all/function/internal_message.html?_=1690338288820&CODE_STATE=getMsg HTTP/1.1" 200 27
124.79.243.110 - - [26/Jul/2023:10:20:01 +0800] "GET /xingrg/check_reg.html?_=1690338288822 HTTP/1.1" 200 22
101.83.145.37 - - [26/Jul/2023:10:20:03 +0800] "GET /xingrg/all/function/internal_message.html?_=1690338004738&CODE_STATE=getMsg HTTP/1.1" 200 27
180.165.154.167 - - [26/Jul/2023:10:20:08 +0800] "GET /xingrg/all/function/internal_message.html?_=1690338007687&CODE_STATE=getMsg HTTP/1.1" 200 27
180.165.154.167 - - [26/Jul/2023:10:20:08 +0800] "GET /xingrg/check_reg.html?_=1690338007690 HTTP/1.1" 200 22
116.238.191.126 - - [26/Jul/2023:10:20:09 +0800] "GET /xingrg/all/function/internal_message.html?_=1690337895433&CODE_STATE=getMsg HTTP/1.1" 200 27
124.78.70.128 - - [26/Jul/2023:10:20:09 +0800] "GET /xingrg/all/function/internal_message.html?_=1690337477816&CODE_STATE=getMsg HTTP/1.1" 200 27
222.70.180.90 - - [26/Jul/2023:10:20:17 +0800] "GET /xingrg/kc/buy/cgsh_order_operate.html?command=get_materiel&rest_code=00111&code=00101008003&supplier_code=00100005&order_time=2023-07-26 HTTP/1.1" 200 408
124.78.70.128 - - [26/Jul/2023:10:20:19 +0800] "GET /xingrg/kc/buy/cgsh_order_operate.html?command=get_materiel&rest_code=00141&code=00101008114&supplier_code=00100007&order_time=2023-07-26 HTTP/1.1" 200 412
180.163.30.76 - - [26/Jul/2023:10:20:19 +0800] "GET /xingrg/all/function/internal_message.html?_=1690337959469&CODE_STATE=getMsg HTTP/1.1" 302 -
180.163.30.76 - - [26/Jul/2023:10:20:19 +0800] "GET /xingrg/login.html HTTP/1.1" 200 7641
180.169.147.146 - - [26/Jul/2023:10:20:19 +0800] "GET /xingrg/all/function/internal_message.html?_=1690338019446&CODE_STATE=getMsg HTTP/1.1" 200 27
124.78.70.128 - - [26/Jul/2023:10:20:22 +0800] "POST /xingrg/kc/buy/cgsh_order_operate.html HTTP/1.1" 200 2065
180.152.241.196 - - [26/Jul/2023:10:20:24 +0800] "GET /xingrg/all/function/internal_message.html?_=1690338024308&CODE_STATE=getMsg HTTP/1.1" 200 27
180.152.241.196 - - [26/Jul/2023:10:20:24 +0800] "GET /xingrg/check_reg.html?_=1690338024310 HTTP/1.1" 200 22
120.253.135.82 - - [26/Jul/2023:10:20:26 +0800] "GET /xingrg/all/function/internal_message.html?_=1690337849134&CODE_STATE=getMsg HTTP/1.1" 200 27
222.70.114.12 - - [26/Jul/2023:10:20:27 +0800] "GET /xingrg/all/function/internal_message.html?_=1690338032277&CODE_STATE=getMsg HTTP/1.1" 200 27
222.70.180.90 - - [26/Jul/2023:10:20:31 +0800] "GET /xingrg/kc/buy/cgsh_order_operate.html?command=get_materiel&rest_code=00111&code=00101008283&supplier_code=00100005&order_time=2023-07-26 HTTP/1.1" 200 408
124.78.70.128 - - [26/Jul/2023:10:20:31 +0800] "GET /xingrg/kc/buy/cgsh_order_operate.html?command=get_materiel&rest_code=00141&code=00101008558&supplier_code=00100007&order_time=2023-07-26 HTTP/1.1" 200 409
222.70.245.33 - - [26/Jul/2023:10:20:39 +0800] "GET /xingrg/all/function/internal_message.html?_=1690338049196&CODE_STATE=getMsg HTTP/1.1" 200 27
116.232.195.127 - - [26/Jul/2023:10:20:39 +0800] "GET /xingrg/all/function/internal_message.html?_=1690337995931&CODE_STATE=getMsg HTTP/1.1" 200 27
222.70.180.90 - - [26/Jul/2023:10:20:42 +0800] "GET /xingrg/kc/buy/cgsh_order_operate.html?command=get_materiel&rest_code=00111&code=00101008353&supplier_code=00100005&order_time=2023-07-26 HTTP/1.1" 200 408
114.85.113.108 - - [26/Jul/2023:10:20:42 +0800] "GET /xingrg/all/function/internal_message.html?_=1690338041137&CODE_STATE=getMsg HTTP/1.1" 200 27
222.70.180.90 - - [26/Jul/2023:10:20:44 +0800] "GET /xingrg/all/function/internal_message.html?_=1690338043594&CODE_STATE=getMsg HTTP/1.1" 200 27
124.78.70.128 - - [26/Jul/2023:10:20:44 +0800] "GET /xingrg/kc/buy/cgsh_order_operate.html?command=get_materiel&rest_code=00141&code=00101008150&supplier_code=00100007&order_time=2023-07-26 HTTP/1.1" 200 409
114.83.216.74 - - [26/Jul/2023:10:20:47 +0800] "GET /xingrg/all/function/internal_message.html?_=1690338044850&CODE_STATE=getMsg HTTP/1.1" 200 27
222.70.180.90 - - [26/Jul/2023:10:20:51 +0800] "GET /xingrg/all/function/internal_message.html?_=1690338168236&CODE_STATE=getMsg HTTP/1.1" 200 27
180.152.241.196 - - [26/Jul/2023:10:20:52 +0800] "GET /xingrg/kc/mdqp/qqps_order_list.html HTTP/1.1" 200 9222
180.152.241.196 - - [26/Jul/2023:10:20:52 +0800] "GET /xingrg/dwr/interface/AjaxQqpsService.js HTTP/1.1" 200 16326
180.152.241.196 - - [26/Jul/2023:10:20:52 +0800] "GET /xingrg/css/blue.css HTTP/1.1" 200 15949
180.152.241.196 - - [26/Jul/2023:10:20:52 +0800] "GET /xingrg/dwr/interface/AjaxReportQueryService.js HTTP/1.1" 200 13203
180.152.241.196 - - [26/Jul/2023:10:20:52 +0800] "GET /xingrg/dwr/util.js HTTP/1.1" 200 35990
180.152.241.196 - - [26/Jul/2023:10:20:52 +0800] "GET /xingrg/dwr/engine.js HTTP/1.1" 200 43631
180.152.241.196 - - [26/Jul/2023:10:20:52 +0800] "GET /xingrg/javascript/Calendar.js HTTP/1.1" 200 31561
180.152.241.196 - - [26/Jul/2023:10:20:52 +0800] "GET /xingrg/javascript/ToolTips.js HTTP/1.1" 200 5615
180.152.241.196 - - [26/Jul/2023:10:20:52 +0800] "GET /xingrg/javascript/myfunction.js HTTP/1.1" 200 24559
180.152.241.196 - - [26/Jul/2023:10:20:52 +0800] "GET /xingrg/javascript/jquery_easy_ui/themes/icons/uncheck_new.png HTTP/1.1" 200 3197
180.152.241.196 - - [26/Jul/2023:10:20:52 +0800] "GET /xingrg/javascript/jquery_easy_ui/themes/icons/check_new.png HTTP/1.1" 200 3224
180.152.241.196 - - [26/Jul/2023:10:20:52 +0800] "GET /xingrg/javascript/jquery_easy_ui/themes/icons/edit_add_new.png HTTP/1.1" 200 2997
180.152.241.196 - - [26/Jul/2023:10:20:52 +0800] "GET /xingrg/javascript/jquery_easy_ui/themes/icons/cance_new.png HTTP/1.1" 200 3986
124.78.70.128 - - [26/Jul/2023:10:20:56 +0800] "GET /xingrg/kc/buy/cgsh_order_operate.html?command=get_materiel&rest_code=00141&code=00101008229&supplier_code=00100007&order_time=2023-07-26 HTTP/1.1" 200 420
222.70.180.90 - - [26/Jul/2023:10:20:58 +0800] "GET /xingrg/kc/buy/cgsh_order_operate.html?command=get_materiel&rest_code=00111&code=00101008096&supplier_code=00100005&order_time=2023-07-26 HTTP/1.1" 200 412
124.79.243.110 - - [26/Jul/2023:10:21:01 +0800] "GET /xingrg/all/function/internal_message.html?_=1690338348819&CODE_STATE=getMsg HTTP/1.1" 200 27
101.83.145.37 - - [26/Jul/2023:10:21:03 +0800] "GET /xingrg/all/function/internal_message.html?_=1690338064709&CODE_STATE=getMsg HTTP/1.1" 200 27
180.165.154.167 - - [26/Jul/2023:10:21:08 +0800] "GET /xingrg/all/function/internal_message.html?_=1690338067676&CODE_STATE=getMsg HTTP/1.1" 200 27
116.238.191.126 - - [26/Jul/2023:10:21:09 +0800] "GET /xingrg/all/function/internal_message.html?_=1690337955446&CODE_STATE=getMsg HTTP/1.1" 200 27
124.78.70.128 - - [26/Jul/2023:10:21:09 +0800] "GET /xingrg/all/function/internal_message.html?_=1690337537921&CODE_STATE=getMsg HTTP/1.1" 200 27
180.152.241.196 - - [26/Jul/2023:10:21:14 +0800] "GET /xingrg/kc/mdqp/qqps_order_list.html?isQuery=1&timeSelect=1&orderTime=day&startTime=2023-07-25&endTime=2023-07-25&state=all&query=%C8%B7++%B6%A8 HTTP/1.1" 200 10178
180.152.241.196 - - [26/Jul/2023:10:21:14 +0800] "GET /xingrg/dwr/interface/AjaxReportQueryService.js HTTP/1.1" 200 13203
180.152.241.196 - - [26/Jul/2023:10:21:14 +0800] "GET /xingrg/dwr/interface/AjaxQqpsService.js HTTP/1.1" 200 16326
180.152.241.196 - - [26/Jul/2023:10:21:14 +0800] "GET /xingrg/dwr/engine.js HTTP/1.1" 200 43631
180.152.241.196 - - [26/Jul/2023:10:21:16 +0800] "GET /xingrg/kc/mdqp/qqps_order_info.html?code=302023072500506 HTTP/1.1" 200 26710
180.152.241.196 - - [26/Jul/2023:10:21:16 +0800] "GET /xingrg/javascript/tools/jquery.qtip-1.0.0-rc3.min.js HTTP/1.1" 200 38404
180.152.241.196 - - [26/Jul/2023:10:21:16 +0800] "GET /xingrg/dwr/interface/AjaxComOrderService.js HTTP/1.1" 200 18264
180.152.241.196 - - [26/Jul/2023:10:21:16 +0800] "GET /xingrg/dwr/interface/AjaxQqpsService.js HTTP/1.1" 200 16326
180.152.241.196 - - [26/Jul/2023:10:21:16 +0800] "GET /xingrg/dwr/engine.js HTTP/1.1" 200 43631
180.152.241.196 - - [26/Jul/2023:10:21:16 +0800] "GET /xingrg/javascript/AjaxInfoList.js HTTP/1.1" 200 3774
180.152.241.196 - - [26/Jul/2023:10:21:16 +0800] "GET /xingrg/javascript/Grid.js HTTP/1.1" 200 58908
180.152.241.196 - - [26/Jul/2023:10:21:16 +0800] "GET /xingrg/javascript/jquery_easy_ui/themes/icons/copy_new.png HTTP/1.1" 200 815
180.152.241.196 - - [26/Jul/2023:10:21:16 +0800] "GET /xingrg/javascript/jquery_easy_ui/themes/icons/template_new.png HTTP/1.1" 200 3956
180.152.241.196 - - [26/Jul/2023:10:21:16 +0800] "GET /xingrg/javascript/jquery_easy_ui/themes/icons/print.png HTTP/1.1" 200 1057
180.152.241.196 - - [26/Jul/2023:10:21:16 +0800] "GET /xingrg/javascript/jquery_easy_ui/themes/default/images/menu_downarrow.png HTTP/1.1" 200 173
180.152.241.196 - - [26/Jul/2023:10:21:16 +0800] "GET /xingrg/javascript/jquery_easy_ui/themes/icons/back_new.png HTTP/1.1" 200 3414
180.152.241.196 - - [26/Jul/2023:10:21:17 +0800] "GET /xingrg/images/blue/wait.gif HTTP/1.1" 200 1100
180.152.241.196 - - [26/Jul/2023:10:21:17 +0800] "GET /xingrg/javascript/jquery_easy_ui/themes/default/images/combo_arrow_dot.gif HTTP/1.1" 200 79
180.152.241.196 - - [26/Jul/2023:10:21:17 +0800] "GET /xingrg/images/blue/kc_tab_left.gif HTTP/1.1" 200 188
180.152.241.196 - - [26/Jul/2023:10:21:17 +0800] "GET /xingrg/images/blue/kc_tab_mid.gif HTTP/1.1" 200 44
180.152.241.196 - - [26/Jul/2023:10:21:17 +0800] "GET /xingrg/images/blue/kc_tab_right.gif HTTP/1.1" 200 643
180.152.241.196 - - [26/Jul/2023:10:21:17 +0800] "POST /xingrg/dwr/call/plaincall/AjaxQqpsService.loadMaterielItems.dwr HTTP/1.1" 200 4200
180.163.30.76 - - [26/Jul/2023:10:21:19 +0800] "GET /xingrg/all/function/internal_message.html?_=1690338019446&CODE_STATE=getMsg HTTP/1.1" 302 -
180.163.30.76 - - [26/Jul/2023:10:21:19 +0800] "GET /xingrg/login.html HTTP/1.1" 200 7641
180.169.147.146 - - [26/Jul/2023:10:21:19 +0800] "GET /xingrg/check_reg.html?_=1690338079452 HTTP/1.1" 200 22
180.169.147.146 - - [26/Jul/2023:10:21:19 +0800] "GET /xingrg/all/function/internal_message.html?_=1690338079455&CODE_STATE=getMsg HTTP/1.1" 200 27
124.78.70.128 - - [26/Jul/2023:10:21:20 +0800] "POST /xingrg/kc/buy/cgsh_order_operate.html HTTP/1.1" 200 37
180.152.241.196 - - [26/Jul/2023:10:21:20 +0800] "GET /xingrg/javascript/jquery_easy_ui/themes/default/images/button_plain_hover.png HTTP/1.1" 200 252
180.152.241.196 - - [26/Jul/2023:10:21:21 +0800] "GET /xingrg/kc/mdqp/qqps_order_list.html?isBack=1 HTTP/1.1" 302 -
180.152.241.196 - - [26/Jul/2023:10:21:21 +0800] "GET /xingrg/kc/mdqp/qqps_order_list.html?isQuery=1&timeSelect=1&orderTime=day&startTime=2023-07-25&endTime=2023-07-25&state=all&query=%C8%B7++%B6%A8 HTTP/1.1" 200 10178
180.152.241.196 - - [26/Jul/2023:10:21:21 +0800] "GET /xingrg/dwr/interface/AjaxQqpsService.js HTTP/1.1" 200 16326
180.152.241.196 - - [26/Jul/2023:10:21:21 +0800] "GET /xingrg/dwr/interface/AjaxReportQueryService.js HTTP/1.1" 200 13203
180.152.241.196 - - [26/Jul/2023:10:21:21 +0800] "GET /xingrg/dwr/engine.js HTTP/1.1" 200 43631
180.152.241.196 - - [26/Jul/2023:10:21:24 +0800] "GET /xingrg/kc/mdqp/qqps_order_info.html?code=302023072500505 HTTP/1.1" 200 26710
180.152.241.196 - - [26/Jul/2023:10:21:24 +0800] "GET /xingrg/dwr/interface/AjaxComOrderService.js HTTP/1.1" 200 18264
180.152.241.196 - - [26/Jul/2023:10:21:24 +0800] "GET /xingrg/dwr/interface/AjaxQqpsService.js HTTP/1.1" 200 16326
180.152.241.196 - - [26/Jul/2023:10:21:24 +0800] "GET /xingrg/dwr/engine.js HTTP/1.1" 200 43631
180.152.241.196 - - [26/Jul/2023:10:21:24 +0800] "GET /xingrg/all/function/internal_message.html?_=1690338084674&CODE_STATE=getMsg HTTP/1.1" 200 27
180.152.241.196 - - [26/Jul/2023:10:21:25 +0800] "POST /xingrg/dwr/call/plaincall/AjaxQqpsService.loadMaterielItems.dwr HTTP/1.1" 200 2755
222.70.180.90 - - [26/Jul/2023:10:21:25 +0800] "GET /xingrg/kc/buy/cgsh_order_operate.html?command=get_materiel&rest_code=00111&code=00101008149&supplier_code=00100005&order_time=2023-07-26 HTTP/1.1" 200 408
120.253.135.82 - - [26/Jul/2023:10:21:26 +0800] "GET /xingrg/all/function/internal_message.html?_=1690337909210&CODE_STATE=getMsg HTTP/1.1" 200 27
222.70.114.12 - - [26/Jul/2023:10:21:27 +0800] "GET /xingrg/all/function/internal_message.html?_=1690338092275&CODE_STATE=getMsg HTTP/1.1" 200 27
124.78.70.128 - - [26/Jul/2023:10:21:32 +0800] "POST /xingrg/kc/buy/cgsh_order_operate.html HTTP/1.1" 200 29858
101.83.145.37 - - [26/Jul/2023:10:21:37 +0800] "POST /xingrg/services/DataTransmitService HTTP/1.1" 200 524
222.70.245.33 - - [26/Jul/2023:10:21:37 +0800] "GET /xingrg/check_reg.html?_=1690338107509 HTTP/1.1" 200 22
222.70.245.33 - - [26/Jul/2023:10:21:39 +0800] "GET /xingrg/all/function/internal_message.html?_=1690338109208&CODE_STATE=getMsg HTTP/1.1" 200 27
116.232.195.127 - - [26/Jul/2023:10:21:39 +0800] "GET /xingrg/all/function/internal_message.html?_=1690338055908&CODE_STATE=getMsg HTTP/1.1" 200 27
114.85.113.108 - - [26/Jul/2023:10:21:42 +0800] "GET /xingrg/all/function/internal_message.html?_=1690338101116&CODE_STATE=getMsg HTTP/1.1" 200 27
124.78.70.128 - - [26/Jul/2023:10:21:43 +0800] "GET /xingrg/kc/buy/buy_main.html HTTP/1.1" 200 12412
124.78.70.128 - - [26/Jul/2023:10:21:43 +0800] "GET /xingrg/css/new_ie.css HTTP/1.1" 404 1036
222.70.180.90 - - [26/Jul/2023:10:21:44 +0800] "GET /xingrg/all/function/internal_message.html?_=1690338103587&CODE_STATE=getMsg HTTP/1.1" 200 27
124.78.70.128 - - [26/Jul/2023:10:21:44 +0800] "GET /xingrg/images/yd/bt.gif HTTP/1.1" 404 1040
222.70.180.90 - - [26/Jul/2023:10:21:44 +0800] "GET /xingrg/kc/buy/cgsh_order_operate.html?command=get_materiel&rest_code=00111&code=00101008233&supplier_code=00100005&order_time=2023-07-26 HTTP/1.1" 200 408
124.78.70.128 - - [26/Jul/2023:10:21:45 +0800] "GET /xingrg/kc/buy/cgsh_order_list.html HTTP/1.1" 200 55948
114.83.216.74 - - [26/Jul/2023:10:21:47 +0800] "GET /xingrg/all/function/internal_message.html?_=1690338104824&CODE_STATE=getMsg HTTP/1.1" 200 27
114.83.216.74 - - [26/Jul/2023:10:21:48 +0800] "GET /xingrg/kc/buy/cgsh_order_operate.html?command=get_materiel&rest_code=00149&code=00102001074&supplier_code=00100073&order_time=2023-07-26 HTTP/1.1" 200 412
222.70.180.90 - - [26/Jul/2023:10:21:51 +0800] "GET /xingrg/all/function/internal_message.html?_=1690338228218&CODE_STATE=getMsg HTTP/1.1" 200 27
124.78.70.128 - - [26/Jul/2023:10:21:53 +0800] "POST /xingrg/kc/buy/cgsh_list_operate.html HTTP/1.1" 200 2287
124.79.243.110 - - [26/Jul/2023:10:22:01 +0800] "GET /xingrg/all/function/internal_message.html?_=1690338408821&CODE_STATE=getMsg HTTP/1.1" 200 27
101.83.145.37 - - [26/Jul/2023:10:22:03 +0800] "GET /xingrg/all/function/internal_message.html?_=1690338124676&CODE_STATE=getMsg HTTP/1.1" 200 27
180.165.154.167 - - [26/Jul/2023:10:22:08 +0800] "GET /xingrg/all/function/internal_message.html?_=1690338127676&CODE_STATE=getMsg HTTP/1.1" 200 27
116.238.191.126 - - [26/Jul/2023:10:22:09 +0800] "GET /xingrg/all/function/internal_message.html?_=1690338015473&CODE_STATE=getMsg HTTP/1.1" 200 27
124.78.70.128 - - [26/Jul/2023:10:22:09 +0800] "GET /xingrg/all/function/internal_message.html?_=1690337597925&CODE_STATE=getMsg HTTP/1.1" 200 27
180.169.147.146 - - [26/Jul/2023:10:22:19 +0800] "GET /xingrg/all/function/internal_message.html?_=1690338139471&CODE_STATE=getMsg HTTP/1.1" 200 27
222.70.180.90 - - [26/Jul/2023:10:22:20 +0800] "GET /xingrg/kc/buy/cgsh_order_operate.html?command=get_materiel&rest_code=00111&code=00101008210&supplier_code=00100005&order_time=2023-07-26 HTTP/1.1" 200 408
180.152.241.196 - - [26/Jul/2023:10:22:24 +0800] "GET /xingrg/all/function/internal_message.html?_=1690338144653&CODE_STATE=getMsg HTTP/1.1" 200 27
120.253.135.82 - - [26/Jul/2023:10:22:26 +0800] "GET /xingrg/all/function/internal_message.html?_=1690337969223&CODE_STATE=getMsg HTTP/1.1" 200 27
222.70.114.12 - - [26/Jul/2023:10:22:27 +0800] "GET /xingrg/all/function/internal_message.html?_=1690338152273&CODE_STATE=getMsg HTTP/1.1" 200 27
222.70.114.12 - - [26/Jul/2023:10:22:27 +0800] "GET /xingrg/check_reg.html?_=1690338152276 HTTP/1.1" 200 22
222.70.180.90 - - [26/Jul/2023:10:22:34 +0800] "GET /xingrg/kc/buy/cgsh_order_operate.html?command=get_materiel&rest_code=00111&code=00101008286&supplier_code=00100005&order_time=2023-07-26 HTTP/1.1" 200 408
222.70.245.33 - - [26/Jul/2023:10:22:39 +0800] "GET /xingrg/all/function/internal_message.html?_=1690338169221&CODE_STATE=getMsg HTTP/1.1" 200 27
116.232.195.127 - - [26/Jul/2023:10:22:39 +0800] "GET /xingrg/all/function/internal_message.html?_=1690338115885&CODE_STATE=getMsg HTTP/1.1" 200 27
114.85.113.108 - - [26/Jul/2023:10:22:42 +0800] "GET /xingrg/all/function/internal_message.html?_=1690338161100&CODE_STATE=getMsg HTTP/1.1" 200 27
222.70.180.90 - - [26/Jul/2023:10:22:44 +0800] "GET /xingrg/all/function/internal_message.html?_=1690338163606&CODE_STATE=getMsg HTTP/1.1" 200 27
114.83.216.74 - - [26/Jul/2023:10:22:47 +0800] "GET /xingrg/all/function/internal_message.html?_=1690338164819&CODE_STATE=getMsg HTTP/1.1" 200 27
222.70.180.90 - - [26/Jul/2023:10:22:48 +0800] "GET /xingrg/kc/buy/cgsh_order_operate.html?command=get_materiel&rest_code=00111&code=00101008360&supplier_code=00100005&order_time=2023-07-26 HTTP/1.1" 200 412
222.70.180.90 - - [26/Jul/2023:10:22:51 +0800] "GET /xingrg/all/function/internal_message.html?_=1690338288201&CODE_STATE=getMsg HTTP/1.1" 200 27
124.79.243.110 - - [26/Jul/2023:10:22:55 +0800] "GET /xingrg/kc/buy/cgsh_order_list.html HTTP/1.1" 200 55948
124.79.243.110 - - [26/Jul/2023:10:23:01 +0800] "GET /xingrg/all/function/internal_message.html?_=1690338468840&CODE_STATE=getMsg HTTP/1.1" 200 27
124.79.243.110 - - [26/Jul/2023:10:23:02 +0800] "POST /xingrg/kc/buy/cgsh_list_operate.html HTTP/1.1" 200 1852
101.83.145.37 - - [26/Jul/2023:10:23:03 +0800] "GET /xingrg/all/function/internal_message.html?_=1690338184645&CODE_STATE=getMsg HTTP/1.1" 200 27
222.70.180.90 - - [26/Jul/2023:10:23:07 +0800] "GET /xingrg/kc/buy/cgsh_order_operate.html?command=get_materiel&rest_code=00111&code=00101008312&supplier_code=00100005&order_time=2023-07-26 HTTP/1.1" 200 412
180.165.154.167 - - [26/Jul/2023:10:23:08 +0800] "GET /xingrg/all/function/internal_message.html?_=1690338187676&CODE_STATE=getMsg HTTP/1.1" 200 27
116.238.191.126 - - [26/Jul/2023:10:23:09 +0800] "GET /xingrg/all/function/internal_message.html?_=1690338075488&CODE_STATE=getMsg HTTP/1.1" 200 27
124.78.70.128 - - [26/Jul/2023:10:23:09 +0800] "GET /xingrg/all/function/internal_message.html?_=1690337657785&CODE_STATE=getMsg HTTP/1.1" 200 27
124.78.70.128 - - [26/Jul/2023:10:23:10 +0800] "GET /xingrg/check_reg.html?_=1690337658550 HTTP/1.1" 200 22
124.79.243.110 - - [26/Jul/2023:10:23:12 +0800] "POST /xingrg/kc/buy/cgsh_list_operate.html HTTP/1.1" 200 342
124.79.243.110 - - [26/Jul/2023:10:23:15 +0800] "GET /xingrg/kc/buy/cgsh_order_info.html?code=212023072510139 HTTP/1.1" 200 71764
124.79.243.110 - - [26/Jul/2023:10:23:15 +0800] "GET /xingrg/words/20230726095329_words.js HTTP/1.1" 200 974639
124.79.243.110 - - [26/Jul/2023:10:23:15 +0800] "GET /xingrg/javascript/easyui/themes/default/validatebox.css HTTP/1.1" 404 1104
124.79.243.110 - - [26/Jul/2023:10:23:16 +0800] "GET /xingrg/all/common/auto_word.html?type=employee&rest_code=00104 HTTP/1.1" 200 245
124.79.243.110 - - [26/Jul/2023:10:23:16 +0800] "GET /xingrg/all/common/auto_word.html?type=employee&rest_code=00104 HTTP/1.1" 200 245
124.79.243.110 - - [26/Jul/2023:10:23:17 +0800] "POST /xingrg/kc/buy/cgsh_order_operate.html HTTP/1.1" 200 3836
222.70.180.90 - - [26/Jul/2023:10:23:18 +0800] "GET /xingrg/kc/buy/cgsh_order_operate.html?command=get_materiel&rest_code=00111&code=00101008010&supplier_code=00100005&order_time=2023-07-26 HTTP/1.1" 200 412
180.163.29.234 - - [26/Jul/2023:10:23:19 +0800] "GET /xingrg/all/function/internal_message.html?_=1690338139471&CODE_STATE=getMsg HTTP/1.1" 302 -
180.163.29.234 - - [26/Jul/2023:10:23:19 +0800] "GET /xingrg/login.html HTTP/1.1" 200 7641
180.169.147.146 - - [26/Jul/2023:10:23:19 +0800] "GET /xingrg/all/function/internal_message.html?_=1690338199468&CODE_STATE=getMsg HTTP/1.1" 200 27
180.152.241.196 - - [26/Jul/2023:10:23:24 +0800] "GET /xingrg/all/function/internal_message.html?_=1690338204639&CODE_STATE=getMsg HTTP/1.1" 200 27
120.253.135.82 - - [26/Jul/2023:10:23:26 +0800] "GET /xingrg/all/function/internal_message.html?_=1690338029236&CODE_STATE=getMsg HTTP/1.1" 200 27
222.70.114.12 - - [26/Jul/2023:10:23:27 +0800] "GET /xingrg/all/function/internal_message.html?_=1690338212276&CODE_STATE=getMsg HTTP/1.1" 200 27
114.83.216.74 - - [26/Jul/2023:10:23:28 +0800] "GET /xingrg/kc/buy/cgsh_order_operate.html?command=get_materiel&rest_code=00149&code=00102034088&supplier_code=00100073&order_time=2023-07-26 HTTP/1.1" 200 406
120.253.135.82 - - [26/Jul/2023:10:23:36 +0800] "GET /xingrg/check_reg.html?_=1690338038990 HTTP/1.1" 200 22
222.70.245.33 - - [26/Jul/2023:10:23:39 +0800] "GET /xingrg/all/function/internal_message.html?_=1690338229236&CODE_STATE=getMsg HTTP/1.1" 200 27
116.232.195.127 - - [26/Jul/2023:10:23:39 +0800] "GET /xingrg/all/function/internal_message.html?_=1690338175868&CODE_STATE=getMsg HTTP/1.1" 200 27
222.70.180.90 - - [26/Jul/2023:10:23:39 +0800] "GET /xingrg/kc/buy/cgsh_order_operate.html?command=get_materiel&rest_code=00111&code=00101008351&supplier_code=00100005&order_time=2023-07-26 HTTP/1.1" 200 408
116.232.195.127 - - [26/Jul/2023:10:23:40 +0800] "GET /xingrg/check_reg.html?_=1690338176438 HTTP/1.1" 200 22
114.85.113.108 - - [26/Jul/2023:10:23:42 +0800] "GET /xingrg/all/function/internal_message.html?_=1690338221085&CODE_STATE=getMsg HTTP/1.1" 200 27
222.70.180.90 - - [26/Jul/2023:10:23:44 +0800] "GET /xingrg/all/function/internal_message.html?_=1690338223589&CODE_STATE=getMsg HTTP/1.1" 200 27
116.232.195.127 - - [26/Jul/2023:10:23:45 +0800] "GET /xingrg/kc/buy/buy_main.html HTTP/1.1" 200 12412
116.232.195.127 - - [26/Jul/2023:10:23:45 +0800] "GET /xingrg/css/new_ie.css HTTP/1.1" 404 1036
116.232.195.127 - - [26/Jul/2023:10:23:45 +0800] "GET /xingrg/images/yd/bt.gif HTTP/1.1" 404 1040
114.83.216.74 - - [26/Jul/2023:10:23:47 +0800] "GET /xingrg/all/function/internal_message.html?_=1690338224809&CODE_STATE=getMsg HTTP/1.1" 200 27
116.232.195.127 - - [26/Jul/2023:10:23:47 +0800] "GET /xingrg/kc/buy/cgsh_order_list.html HTTP/1.1" 200 55948
114.83.216.74 - - [26/Jul/2023:10:23:47 +0800] "GET /xingrg/check_reg.html?_=1690338225550 HTTP/1.1" 200 22
114.83.216.74 - - [26/Jul/2023:10:23:48 +0800] "POST /xingrg/kc/buy/cgsh_order_operate.html HTTP/1.1" 200 37
222.70.180.90 - - [26/Jul/2023:10:23:51 +0800] "GET /xingrg/all/function/internal_message.html?_=1690338348186&CODE_STATE=getMsg HTTP/1.1" 200 27
222.70.180.90 - - [26/Jul/2023:10:23:52 +0800] "GET /xingrg/kc/buy/cgsh_order_operate.html?command=get_materiel&rest_code=00111&code=00101008747&supplier_code=00100005&order_time=2023-07-26 HTTP/1.1" 200 400
222.70.180.90 - - [26/Jul/2023:10:23:52 +0800] "POST /xingrg/services/DataTransmitService HTTP/1.1" 200 524
114.83.216.74 - - [26/Jul/2023:10:23:58 +0800] "POST /xingrg/kc/buy/cgsh_order_operate.html HTTP/1.1" 200 12
116.232.195.127 - - [26/Jul/2023:10:23:59 +0800] "POST /xingrg/kc/buy/cgsh_list_operate.html HTTP/1.1" 200 3157
114.83.216.74 - - [26/Jul/2023:10:24:01 +0800] "GET /xingrg/kc/buy/cgsh_order_info.html?code=212023072610213 HTTP/1.1" 200 66723
114.83.216.74 - - [26/Jul/2023:10:24:01 +0800] "GET /xingrg/words/20230726095329_words.js HTTP/1.1" 304 -
124.79.243.110 - - [26/Jul/2023:10:24:01 +0800] "GET /xingrg/all/function/internal_message.html?_=1690338528845&CODE_STATE=getMsg HTTP/1.1" 200 27
114.83.216.74 - - [26/Jul/2023:10:24:01 +0800] "GET /xingrg/javascript/easyui/themes/default/validatebox.css HTTP/1.1" 404 1104
114.83.216.74 - - [26/Jul/2023:10:24:03 +0800] "POST /xingrg/kc/buy/cgsh_order_operate.html HTTP/1.1" 200 1788
116.232.195.127 - - [26/Jul/2023:10:24:03 +0800] "GET /xingrg/kc/buy/cgsh_order_add.html HTTP/1.1" 200 71771
116.232.195.127 - - [26/Jul/2023:10:24:03 +0800] "GET /xingrg/words/20230726095329_words.js HTTP/1.1" 200 974639
101.83.145.37 - - [26/Jul/2023:10:24:03 +0800] "GET /xingrg/all/function/internal_message.html?_=1690338244627&CODE_STATE=getMsg HTTP/1.1" 200 27
116.232.195.127 - - [26/Jul/2023:10:24:03 +0800] "POST /xingrg/kc/buy/cgsh_order_operate.html HTTP/1.1" 200 8245
116.232.195.127 - - [26/Jul/2023:10:24:03 +0800] "GET /xingrg/javascript/easyui/themes/default/validatebox.css HTTP/1.1" 404 1104
101.83.145.37 - - [26/Jul/2023:10:24:04 +0800] "GET /xingrg/check_reg.html?_=1690338246112 HTTP/1.1" 200 22
114.83.216.74 - - [26/Jul/2023:10:24:06 +0800] "GET /xingrg/kc/print/load_data.html?order_code=212023072610213&kc_code=cgsh&condition= HTTP/1.1" 200 1207
222.70.180.90 - - [26/Jul/2023:10:24:08 +0800] "GET /xingrg/kc/buy/cgsh_order_operate.html?command=get_materiel&rest_code=00111&code=00101008155&supplier_code=00100005&order_time=2023-07-26 HTTP/1.1" 200 408
180.165.154.167 - - [26/Jul/2023:10:24:08 +0800] "GET /xingrg/all/function/internal_message.html?_=1690338247681&CODE_STATE=getMsg HTTP/1.1" 200 27
116.238.191.126 - - [26/Jul/2023:10:24:08 +0800] "GET /xingrg/check_reg.html?_=1690338135064 HTTP/1.1" 200 22
116.238.191.126 - - [26/Jul/2023:10:24:09 +0800] "GET /xingrg/all/function/internal_message.html?_=1690338135502&CODE_STATE=getMsg HTTP/1.1" 200 27
124.78.70.128 - - [26/Jul/2023:10:24:09 +0800] "GET /xingrg/all/function/internal_message.html?_=1690337717764&CODE_STATE=getMsg HTTP/1.1" 200 27
222.70.180.90 - - [26/Jul/2023:10:24:10 +0800] "POST /xingrg/kc/buy/cgsh_order_operate.html HTTP/1.1" 200 2065
180.169.147.146 - - [26/Jul/2023:10:24:19 +0800] "GET /xingrg/all/function/internal_message.html?_=1690338259468&CODE_STATE=getMsg HTTP/1.1" 200 27
222.70.180.90 - - [26/Jul/2023:10:24:19 +0800] "GET /xingrg/kc/buy/cgsh_order_operate.html?command=get_materiel&rest_code=00111&code=00101008131&supplier_code=00100005&order_time=2023-07-26 HTTP/1.1" 200 409
222.70.180.90 - - [26/Jul/2023:10:24:20 +0800] "GET /xingrg/check_reg.html?_=1690338377132 HTTP/1.1" 200 22
180.152.241.196 - - [26/Jul/2023:10:24:24 +0800] "GET /xingrg/all/function/internal_message.html?_=1690338264621&CODE_STATE=getMsg HTTP/1.1" 200 27
120.253.135.82 - - [26/Jul/2023:10:24:26 +0800] "GET /xingrg/all/function/internal_message.html?_=1690338089250&CODE_STATE=getMsg HTTP/1.1" 200 27
222.70.114.12 - - [26/Jul/2023:10:24:27 +0800] "GET /xingrg/all/function/internal_message.html?_=1690338272276&CODE_STATE=getMsg HTTP/1.1" 200 27
222.70.180.90 - - [26/Jul/2023:10:24:30 +0800] "POST /xingrg/services/DataTransmitService HTTP/1.1" 200 501
222.70.180.90 - - [26/Jul/2023:10:24:32 +0800] "POST /xingrg/services/DataTransmitService HTTP/1.1" 200 501
222.70.180.90 - - [26/Jul/2023:10:24:32 +0800] "GET /xingrg/kc/buy/cgsh_order_operate.html?command=get_materiel&rest_code=00111&code=00101008357&supplier_code=00100005&order_time=2023-07-26 HTTP/1.1" 200 408
116.232.195.127 - - [26/Jul/2023:10:24:39 +0800] "GET /xingrg/all/function/internal_message.html?_=1690338235849&CODE_STATE=getMsg HTTP/1.1" 200 27
222.70.245.33 - - [26/Jul/2023:10:24:39 +0800] "GET /xingrg/all/function/internal_message.html?_=1690338289531&CODE_STATE=getMsg HTTP/1.1" 200 27
114.85.113.108 - - [26/Jul/2023:10:24:41 +0800] "GET /xingrg/check_reg.html?_=1690338279991 HTTP/1.1" 200 22
114.85.113.108 - - [26/Jul/2023:10:24:42 +0800] "GET /xingrg/all/function/internal_message.html?_=1690338281069&CODE_STATE=getMsg HTTP/1.1" 200 27
124.79.243.110 - - [26/Jul/2023:10:24:42 +0800] "GET /xingrg/javascript/auto/indicator.gif HTTP/1.1" 404 1066
222.70.180.90 - - [26/Jul/2023:10:24:44 +0800] "GET /xingrg/check_reg.html?_=1690338283612 HTTP/1.1" 200 22
222.70.180.90 - - [26/Jul/2023:10:24:44 +0800] "GET /xingrg/all/function/internal_message.html?_=1690338283610&CODE_STATE=getMsg HTTP/1.1" 200 27
222.70.180.90 - - [26/Jul/2023:10:24:45 +0800] "GET /xingrg/kc/buy/cgsh_order_operate.html?command=get_materiel&rest_code=00111&code=00101008264&supplier_code=00100005&order_time=2023-07-26 HTTP/1.1" 200 412
114.83.216.74 - - [26/Jul/2023:10:24:47 +0800] "GET /xingrg/all/function/internal_message.html?_=1690338284786&CODE_STATE=getMsg HTTP/1.1" 200 27
222.70.180.90 - - [26/Jul/2023:10:24:51 +0800] "GET /xingrg/all/function/internal_message.html?_=1690338408170&CODE_STATE=getMsg HTTP/1.1" 200 27
222.70.180.90 - - [26/Jul/2023:10:24:53 +0800] "GET /xingrg/kc/buy/cgsh_order_operate.html?command=get_materiel&rest_code=00111&code=00101008077&supplier_code=00100005&order_time=2023-07-26 HTTP/1.1" 200 416
222.70.180.90 - - [26/Jul/2023:10:25:01 +0800] "POST /xingrg/services/DataTransmitService HTTP/1.1" 200 501
124.79.243.110 - - [26/Jul/2023:10:25:01 +0800] "POST /xingrg/kc/buy/cgsh_order_operate.html HTTP/1.1" 200 37
101.83.145.37 - - [26/Jul/2023:10:25:03 +0800] "GET /xingrg/all/function/internal_message.html?_=1690338304596&CODE_STATE=getMsg HTTP/1.1" 200 27
222.70.180.90 - - [26/Jul/2023:10:25:05 +0800] "GET /xingrg/kc/buy/cgsh_order_operate.html?command=get_materiel&rest_code=00111&code=00101008270&supplier_code=00100005&order_time=2023-07-26 HTTP/1.1" 200 412
222.70.180.90 - - [26/Jul/2023:10:25:08 +0800] "POST /xingrg/kc/buy/cgsh_order_operate.html HTTP/1.1" 200 2065
180.165.154.167 - - [26/Jul/2023:10:25:08 +0800] "GET /xingrg/all/function/internal_message.html?_=1690338307675&CODE_STATE=getMsg HTTP/1.1" 200 27
180.165.154.167 - - [26/Jul/2023:10:25:08 +0800] "GET /xingrg/check_reg.html?_=1690338307677 HTTP/1.1" 200 22
116.238.191.126 - - [26/Jul/2023:10:25:09 +0800] "GET /xingrg/all/function/internal_message.html?_=1690338195515&CODE_STATE=getMsg HTTP/1.1" 200 27
124.78.70.128 - - [26/Jul/2023:10:25:09 +0800] "GET /xingrg/all/function/internal_message.html?_=1690337777734&CODE_STATE=getMsg HTTP/1.1" 200 27
222.70.180.90 - - [26/Jul/2023:10:25:18 +0800] "GET /xingrg/kc/buy/cgsh_order_operate.html?command=get_materiel&rest_code=00111&code=00101008004&supplier_code=00100005&order_time=2023-07-26 HTTP/1.1" 200 416
180.169.147.146 - - [26/Jul/2023:10:25:19 +0800] "GET /xingrg/all/function/internal_message.html?_=1690338319461&CODE_STATE=getMsg HTTP/1.1" 200 27
180.152.241.196 - - [26/Jul/2023:10:25:24 +0800] "GET /xingrg/check_reg.html?_=1690338324305 HTTP/1.1" 200 22
180.152.241.196 - - [26/Jul/2023:10:25:24 +0800] "GET /xingrg/all/function/internal_message.html?_=1690338324607&CODE_STATE=getMsg HTTP/1.1" 200 27
120.253.135.82 - - [26/Jul/2023:10:25:26 +0800] "GET /xingrg/all/function/internal_message.html?_=1690338149264&CODE_STATE=getMsg HTTP/1.1" 200 27
222.70.180.90 - - [26/Jul/2023:10:25:27 +0800] "POST /xingrg/services/DataTransmitService HTTP/1.1" 200 501
222.70.114.12 - - [26/Jul/2023:10:25:27 +0800] "GET /xingrg/all/function/internal_message.html?_=1690338332275&CODE_STATE=getMsg HTTP/1.1" 200 27
222.70.180.90 - - [26/Jul/2023:10:25:29 +0800] "POST /xingrg/services/DataTransmitService HTTP/1.1" 200 501
222.70.180.90 - - [26/Jul/2023:10:25:29 +0800] "POST /xingrg/services/DataTransmitService HTTP/1.1" 200 501
222.70.180.90 - - [26/Jul/2023:10:25:30 +0800] "GET /xingrg/kc/buy/cgsh_order_operate.html?command=get_materiel&rest_code=00111&code=00101008101&supplier_code=00100005&order_time=2023-07-26 HTTP/1.1" 200 412
222.70.180.90 - - [26/Jul/2023:10:25:39 +0800] "POST /xingrg/services/DataTransmitService HTTP/1.1" 200 501
222.70.245.33 - - [26/Jul/2023:10:25:39 +0800] "GET /xingrg/all/function/internal_message.html?_=1690338349545&CODE_STATE=getMsg HTTP/1.1" 200 27
116.232.195.127 - - [26/Jul/2023:10:25:39 +0800] "GET /xingrg/all/function/internal_message.html?_=1690338296022&CODE_STATE=getMsg HTTP/1.1" 200 27
222.70.180.90 - - [26/Jul/2023:10:25:41 +0800] "POST /xingrg/services/DataTransmitService HTTP/1.1" 200 501
114.85.113.108 - - [26/Jul/2023:10:25:42 +0800] "GET /xingrg/all/function/internal_message.html?_=1690338341055&CODE_STATE=getMsg HTTP/1.1" 200 27
222.70.180.90 - - [26/Jul/2023:10:25:42 +0800] "POST /xingrg/services/DataTransmitService HTTP/1.1" 200 501
222.70.180.90 - - [26/Jul/2023:10:25:43 +0800] "POST /xingrg/services/DataTransmitService HTTP/1.1" 200 412
222.70.180.90 - - [26/Jul/2023:10:25:43 +0800] "GET /xingrg/kc/buy/cgsh_order_operate.html?command=get_materiel&rest_code=00111&code=00101008185&supplier_code=00100005&order_time=2023-07-26 HTTP/1.1" 200 408
222.70.180.90 - - [26/Jul/2023:10:25:44 +0800] "GET /xingrg/all/function/internal_message.html?_=1690338343592&CODE_STATE=getMsg HTTP/1.1" 200 27
114.83.216.74 - - [26/Jul/2023:10:25:47 +0800] "GET /xingrg/all/function/internal_message.html?_=1690338344772&CODE_STATE=getMsg HTTP/1.1" 200 27
222.70.180.90 - - [26/Jul/2023:10:25:51 +0800] "GET /xingrg/all/function/internal_message.html?_=1690338468152&CODE_STATE=getMsg HTTP/1.1" 200 27
222.70.180.90 - - [26/Jul/2023:10:25:55 +0800] "GET /xingrg/kc/buy/cgsh_order_operate.html?command=get_materiel&rest_code=00111&code=00101008148&supplier_code=00100005&order_time=2023-07-26 HTTP/1.1" 200 416
101.83.145.37 - - [26/Jul/2023:10:26:03 +0800] "GET /xingrg/all/function/internal_message.html?_=1690338364571&CODE_STATE=getMsg HTTP/1.1" 200 27
222.70.180.90 - - [26/Jul/2023:10:26:07 +0800] "POST /xingrg/kc/buy/cgsh_order_operate.html HTTP/1.1" 200 2065
180.165.154.167 - - [26/Jul/2023:10:26:08 +0800] "GET /xingrg/all/function/internal_message.html?_=1690338367673&CODE_STATE=getMsg HTTP/1.1" 200 27
116.238.191.126 - - [26/Jul/2023:10:26:09 +0800] "GET /xingrg/all/function/internal_message.html?_=1690338255529&CODE_STATE=getMsg HTTP/1.1" 200 27
124.78.70.128 - - [26/Jul/2023:10:26:09 +0800] "GET /xingrg/all/function/internal_message.html?_=1690337837711&CODE_STATE=getMsg HTTP/1.1" 200 27
222.70.180.90 - - [26/Jul/2023:10:26:16 +0800] "GET /xingrg/kc/buy/cgsh_order_operate.html?command=get_materiel&rest_code=00111&code=00101008296&supplier_code=00100005&order_time=2023-07-26 HTTP/1.1" 200 416
180.163.30.100 - - [26/Jul/2023:10:26:19 +0800] "GET /xingrg/all/function/internal_message.html?_=1690338319461&CODE_STATE=getMsg HTTP/1.1" 302 -
180.163.30.100 - - [26/Jul/2023:10:26:19 +0800] "GET /xingrg/login.html HTTP/1.1" 200 7641
180.169.147.146 - - [26/Jul/2023:10:26:19 +0800] "GET /xingrg/all/function/internal_message.html?_=1690338379482&CODE_STATE=getMsg HTTP/1.1" 200 27
180.169.147.146 - - [26/Jul/2023:10:26:19 +0800] "GET /xingrg/check_reg.html?_=1690338379480 HTTP/1.1" 200 22
180.152.241.196 - - [26/Jul/2023:10:26:24 +0800] "GET /xingrg/all/function/internal_message.html?_=1690338384589&CODE_STATE=getMsg HTTP/1.1" 200 27
120.253.135.82 - - [26/Jul/2023:10:26:26 +0800] "GET /xingrg/all/function/internal_message.html?_=1690338209401&CODE_STATE=getMsg HTTP/1.1" 200 27
222.70.114.12 - - [26/Jul/2023:10:26:27 +0800] "GET /xingrg/all/function/internal_message.html?_=1690338392301&CODE_STATE=getMsg HTTP/1.1" 200 27
222.70.180.90 - - [26/Jul/2023:10:26:32 +0800] "GET /xingrg/kc/buy/cgsh_order_operate.html?command=get_materiel&rest_code=00111&code=00101008176&supplier_code=00100005&order_time=2023-07-26 HTTP/1.1" 200 413
222.70.245.33 - - [26/Jul/2023:10:26:38 +0800] "GET /xingrg/check_reg.html?_=1690338407768 HTTP/1.1" 200 22
116.232.195.127 - - [26/Jul/2023:10:26:39 +0800] "GET /xingrg/all/function/internal_message.html?_=1690338355807&CODE_STATE=getMsg HTTP/1.1" 200 27
222.70.245.33 - - [26/Jul/2023:10:26:39 +0800] "GET /xingrg/all/function/internal_message.html?_=1690338409557&CODE_STATE=getMsg HTTP/1.1" 200 27
114.85.113.108 - - [26/Jul/2023:10:26:42 +0800] "GET /xingrg/all/function/internal_message.html?_=1690338401040&CODE_STATE=getMsg HTTP/1.1" 200 27
222.70.180.90 - - [26/Jul/2023:10:26:42 +0800] "GET /xingrg/kc/buy/cgsh_order_operate.html?command=get_materiel&rest_code=00111&code=00101008746&supplier_code=00100005&order_time=2023-07-26 HTTP/1.1" 200 395
222.70.180.90 - - [26/Jul/2023:10:26:44 +0800] "GET /xingrg/all/function/internal_message.html?_=1690338403593&CODE_STATE=getMsg HTTP/1.1" 200 27
114.83.216.74 - - [26/Jul/2023:10:26:47 +0800] "GET /xingrg/all/function/internal_message.html?_=1690338404744&CODE_STATE=getMsg HTTP/1.1" 200 27
222.70.180.90 - - [26/Jul/2023:10:26:51 +0800] "GET /xingrg/all/function/internal_message.html?_=1690338528151&CODE_STATE=getMsg HTTP/1.1" 200 27
120.253.135.82 - - [26/Jul/2023:10:26:52 +0800] "GET /xingrg/kc/pszx/mdps_order_list.html?orderType=0 HTTP/1.1" 200 21073
120.253.135.82 - - [26/Jul/2023:10:26:53 +0800] "POST /xingrg/kc/pszx/mdps_list_operate.html HTTP/1.1" 200 5298
222.70.180.90 - - [26/Jul/2023:10:26:55 +0800] "GET /xingrg/kc/buy/cgsh_order_operate.html?command=get_materiel&rest_code=00111&code=00101008290&supplier_code=00100005&order_time=2023-07-26 HTTP/1.1" 200 416
120.253.135.82 - - [26/Jul/2023:10:26:58 +0800] "POST /xingrg/kc/pszx/mdps_list_operate.html HTTP/1.1" 200 2763
116.238.191.126 - - [26/Jul/2023:10:26:59 +0800] "GET /xingrg/kc/mdqp/pssh_order_list.html HTTP/1.1" 200 17927
116.238.191.126 - - [26/Jul/2023:10:27:00 +0800] "POST /xingrg/kc/mdqp/pssh_list_operate.html HTTP/1.1" 200 5208
120.253.135.82 - - [26/Jul/2023:10:27:00 +0800] "POST /xingrg/kc/pszx/mdps_list_operate.html HTTP/1.1" 200 634
120.253.135.82 - - [26/Jul/2023:10:27:03 +0800] "POST /xingrg/kc/pszx/mdps_list_operate.html HTTP/1.1" 200 579
101.83.145.37 - - [26/Jul/2023:10:27:03 +0800] "GET /xingrg/all/function/internal_message.html?_=1690338424570&CODE_STATE=getMsg HTTP/1.1" 200 27
120.253.135.82 - - [26/Jul/2023:10:27:06 +0800] "POST /xingrg/kc/pszx/mdps_list_operate.html HTTP/1.1" 200 278
180.165.154.167 - - [26/Jul/2023:10:27:08 +0800] "GET /xingrg/all/function/internal_message.html?_=1690338427689&CODE_STATE=getMsg HTTP/1.1" 200 27
116.238.191.126 - - [26/Jul/2023:10:27:09 +0800] "GET /xingrg/all/function/internal_message.html?_=1690338315561&CODE_STATE=getMsg HTTP/1.1" 200 27
124.78.70.128 - - [26/Jul/2023:10:27:09 +0800] "GET /xingrg/all/function/internal_message.html?_=1690337897691&CODE_STATE=getMsg HTTP/1.1" 200 27
222.70.180.90 - - [26/Jul/2023:10:27:10 +0800] "GET /xingrg/kc/buy/cgsh_order_operate.html?command=get_materiel&rest_code=00111&code=00101019254&supplier_code=00100005&order_time=2023-07-26 HTTP/1.1" 200 447
120.253.135.82 - - [26/Jul/2023:10:27:11 +0800] "GET /xingrg/kc/pszx/mdps_order_info.html?code=312023072600552 HTTP/1.1" 200 23970
120.253.135.82 - - [26/Jul/2023:10:27:11 +0800] "GET /xingrg/words/20230726095329_words.js HTTP/1.1" 200 974639
120.253.135.82 - - [26/Jul/2023:10:27:12 +0800] "GET /xingrg/javascript/easyui/themes/default/validatebox.css HTTP/1.1" 404 1104
120.253.135.82 - - [26/Jul/2023:10:27:13 +0800] "POST /xingrg/kc/pszx/mdps_order_operate.html HTTP/1.1" 200 5740
222.70.180.90 - - [26/Jul/2023:10:27:13 +0800] "POST /xingrg/all/common/load_select.html HTTP/1.1" 200 25
