222.70.245.33 - - [26/Jul/2023:06:40:21 +0800] "GET /xingrg/check_reg.html?_=1690324830122 HTTP/1.1" 200 22
116.238.191.126 - - [26/Jul/2023:06:40:27 +0800] "GET /xingrg/all/function/internal_message.html?_=1690324713733&CODE_STATE=getMsg HTTP/1.1" 302 -
120.253.135.82 - - [26/Jul/2023:06:40:28 +0800] "GET /xingrg/all/function/internal_message.html?_=1690324968407&CODE_STATE=getMsg HTTP/1.1" 200 27
222.70.245.33 - - [26/Jul/2023:06:40:34 +0800] "GET /xingrg/all/function/internal_message.html?_=1690324843928&CODE_STATE=getMsg HTTP/1.1" 200 27
116.232.195.127 - - [26/Jul/2023:06:40:40 +0800] "GET /xingrg/all/function/internal_message.html?_=1690324796635&CODE_STATE=getMsg HTTP/1.1" 200 27
114.85.113.108 - - [26/Jul/2023:06:40:40 +0800] "GET /xingrg/all/function/internal_message.html?_=1690324839647&CODE_STATE=getMsg HTTP/1.1" 200 27
124.78.155.92 - - [26/Jul/2023:06:40:58 +0800] "GET /xingrg/check_reg.html?_=1690324860267 HTTP/1.1" 200 22
124.78.155.92 - - [26/Jul/2023:06:40:58 +0800] "GET /xingrg/all/function/internal_message.html?_=1690324860265&CODE_STATE=getMsg HTTP/1.1" 200 27
222.70.180.90 - - [26/Jul/2023:06:41:02 +0800] "GET /xingrg/all/function/internal_message.html?_=1690324862079&CODE_STATE=getMsg HTTP/1.1" 200 27
116.238.191.126 - - [26/Jul/2023:06:41:27 +0800] "GET /xingrg/all/function/internal_message.html?_=1690324773735&CODE_STATE=getMsg HTTP/1.1" 302 -
120.253.135.82 - - [26/Jul/2023:06:41:28 +0800] "GET /xingrg/all/function/internal_message.html?_=1690325028413&CODE_STATE=getMsg HTTP/1.1" 200 27
222.70.245.33 - - [26/Jul/2023:06:41:34 +0800] "GET /xingrg/all/function/internal_message.html?_=1690324903942&CODE_STATE=getMsg HTTP/1.1" 200 27
116.232.195.127 - - [26/Jul/2023:06:41:40 +0800] "GET /xingrg/all/function/internal_message.html?_=1690324856622&CODE_STATE=getMsg HTTP/1.1" 200 27
114.85.113.108 - - [26/Jul/2023:06:41:40 +0800] "GET /xingrg/all/function/internal_message.html?_=1690324899648&CODE_STATE=getMsg HTTP/1.1" 200 27
124.78.155.92 - - [26/Jul/2023:06:41:58 +0800] "GET /xingrg/all/function/internal_message.html?_=1690324920256&CODE_STATE=getMsg HTTP/1.1" 200 27
180.163.30.27 - - [26/Jul/2023:06:41:59 +0800] "GET /xingrg/check_reg.html?_=1690324860267 HTTP/1.1" 302 -
180.163.30.27 - - [26/Jul/2023:06:41:59 +0800] "GET /xingrg/login.html HTTP/1.1" 200 7641
222.70.180.90 - - [26/Jul/2023:06:42:02 +0800] "GET /xingrg/all/function/internal_message.html?_=1690324922105&CODE_STATE=getMsg HTTP/1.1" 200 27
116.238.191.126 - - [26/Jul/2023:06:42:27 +0800] "GET /xingrg/all/function/internal_message.html?_=1690324833760&CODE_STATE=getMsg HTTP/1.1" 302 -
120.253.135.82 - - [26/Jul/2023:06:42:28 +0800] "GET /xingrg/check_reg.html?_=1690325088419 HTTP/1.1" 200 22
120.253.135.82 - - [26/Jul/2023:06:42:28 +0800] "GET /xingrg/all/function/internal_message.html?_=1690325088416&CODE_STATE=getMsg HTTP/1.1" 200 27
222.70.245.33 - - [26/Jul/2023:06:42:34 +0800] "GET /xingrg/all/function/internal_message.html?_=1690324963971&CODE_STATE=getMsg HTTP/1.1" 200 27
116.232.195.127 - - [26/Jul/2023:06:42:40 +0800] "GET /xingrg/all/function/internal_message.html?_=1690324916632&CODE_STATE=getMsg HTTP/1.1" 200 27
114.85.113.108 - - [26/Jul/2023:06:42:40 +0800] "GET /xingrg/all/function/internal_message.html?_=1690324959656&CODE_STATE=getMsg HTTP/1.1" 200 27
124.78.155.92 - - [26/Jul/2023:06:42:58 +0800] "GET /xingrg/all/function/internal_message.html?_=1690324980259&CODE_STATE=getMsg HTTP/1.1" 200 27
222.70.180.90 - - [26/Jul/2023:06:43:02 +0800] "GET /xingrg/all/function/internal_message.html?_=1690324982107&CODE_STATE=getMsg HTTP/1.1" 200 27
116.238.191.126 - - [26/Jul/2023:06:43:13 +0800] "GET /xingrg/check_reg.html?_=1690324880522 HTTP/1.1" 302 -
116.238.191.126 - - [26/Jul/2023:06:43:27 +0800] "GET /xingrg/all/function/internal_message.html?_=1690324893762&CODE_STATE=getMsg HTTP/1.1" 302 -
120.253.135.82 - - [26/Jul/2023:06:43:28 +0800] "GET /xingrg/all/function/internal_message.html?_=1690325148421&CODE_STATE=getMsg HTTP/1.1" 200 27
222.70.245.33 - - [26/Jul/2023:06:43:34 +0800] "GET /xingrg/all/function/internal_message.html?_=1690325023985&CODE_STATE=getMsg HTTP/1.1" 200 27
116.232.195.127 - - [26/Jul/2023:06:43:40 +0800] "GET /xingrg/all/function/internal_message.html?_=1690324976649&CODE_STATE=getMsg HTTP/1.1" 200 27
116.232.195.127 - - [26/Jul/2023:06:43:40 +0800] "GET /xingrg/check_reg.html?_=1690324976649 HTTP/1.1" 200 22
114.85.113.108 - - [26/Jul/2023:06:43:40 +0800] "GET /xingrg/all/function/internal_message.html?_=1690325019663&CODE_STATE=getMsg HTTP/1.1" 200 27
124.78.155.92 - - [26/Jul/2023:06:43:58 +0800] "GET /xingrg/all/function/internal_message.html?_=1690325040270&CODE_STATE=getMsg HTTP/1.1" 200 27
222.70.180.90 - - [26/Jul/2023:06:44:02 +0800] "GET /xingrg/all/function/internal_message.html?_=1690325042095&CODE_STATE=getMsg HTTP/1.1" 200 27
116.238.191.126 - - [26/Jul/2023:06:44:27 +0800] "GET /xingrg/all/function/internal_message.html?_=1690324953787&CODE_STATE=getMsg HTTP/1.1" 302 -
120.253.135.82 - - [26/Jul/2023:06:44:28 +0800] "GET /xingrg/all/function/internal_message.html?_=1690325208426&CODE_STATE=getMsg HTTP/1.1" 200 27
222.70.245.33 - - [26/Jul/2023:06:44:34 +0800] "GET /xingrg/all/function/internal_message.html?_=1690325084016&CODE_STATE=getMsg HTTP/1.1" 200 27
116.232.195.127 - - [26/Jul/2023:06:44:40 +0800] "GET /xingrg/all/function/internal_message.html?_=1690325036645&CODE_STATE=getMsg HTTP/1.1" 200 27
114.85.113.108 - - [26/Jul/2023:06:44:40 +0800] "GET /xingrg/check_reg.html?_=1690325079664 HTTP/1.1" 200 22
114.85.113.108 - - [26/Jul/2023:06:44:40 +0800] "GET /xingrg/all/function/internal_message.html?_=1690325079668&CODE_STATE=getMsg HTTP/1.1" 200 27
124.78.155.92 - - [26/Jul/2023:06:44:58 +0800] "GET /xingrg/all/function/internal_message.html?_=1690325100260&CODE_STATE=getMsg HTTP/1.1" 200 27
222.70.180.90 - - [26/Jul/2023:06:45:02 +0800] "GET /xingrg/all/function/internal_message.html?_=1690325102096&CODE_STATE=getMsg HTTP/1.1" 200 27
222.70.180.90 - - [26/Jul/2023:06:45:02 +0800] "GET /xingrg/check_reg.html?_=1690325102100 HTTP/1.1" 200 22
222.70.245.33 - - [26/Jul/2023:06:45:21 +0800] "GET /xingrg/check_reg.html?_=1690325130129 HTTP/1.1" 200 22
116.238.191.126 - - [26/Jul/2023:06:45:27 +0800] "GET /xingrg/all/function/internal_message.html?_=1690325013790&CODE_STATE=getMsg HTTP/1.1" 302 -
120.253.135.82 - - [26/Jul/2023:06:45:28 +0800] "GET /xingrg/all/function/internal_message.html?_=1690325268430&CODE_STATE=getMsg HTTP/1.1" 200 27
222.70.245.33 - - [26/Jul/2023:06:45:34 +0800] "GET /xingrg/all/function/internal_message.html?_=1690325144027&CODE_STATE=getMsg HTTP/1.1" 200 27
116.232.195.127 - - [26/Jul/2023:06:45:40 +0800] "GET /xingrg/all/function/internal_message.html?_=1690325096637&CODE_STATE=getMsg HTTP/1.1" 200 27
114.85.113.108 - - [26/Jul/2023:06:45:40 +0800] "GET /xingrg/all/function/internal_message.html?_=1690325139656&CODE_STATE=getMsg HTTP/1.1" 200 27
124.78.155.92 - - [26/Jul/2023:06:45:58 +0800] "GET /xingrg/all/function/internal_message.html?_=1690325160263&CODE_STATE=getMsg HTTP/1.1" 200 27
124.78.155.92 - - [26/Jul/2023:06:45:58 +0800] "GET /xingrg/check_reg.html?_=1690325160265 HTTP/1.1" 200 22
222.70.180.90 - - [26/Jul/2023:06:46:02 +0800] "GET /xingrg/all/function/internal_message.html?_=1690325162100&CODE_STATE=getMsg HTTP/1.1" 200 27
116.238.191.126 - - [26/Jul/2023:06:46:27 +0800] "GET /xingrg/all/function/internal_message.html?_=1690325073815&CODE_STATE=getMsg HTTP/1.1" 302 -
120.253.135.82 - - [26/Jul/2023:06:46:28 +0800] "GET /xingrg/all/function/internal_message.html?_=1690325328436&CODE_STATE=getMsg HTTP/1.1" 200 27
222.70.245.33 - - [26/Jul/2023:06:46:34 +0800] "GET /xingrg/all/function/internal_message.html?_=1690325204040&CODE_STATE=getMsg HTTP/1.1" 200 27
116.232.195.127 - - [26/Jul/2023:06:46:40 +0800] "GET /xingrg/all/function/internal_message.html?_=1690325156630&CODE_STATE=getMsg HTTP/1.1" 200 27
114.85.113.108 - - [26/Jul/2023:06:46:40 +0800] "GET /xingrg/all/function/internal_message.html?_=1690325199659&CODE_STATE=getMsg HTTP/1.1" 200 27
120.253.135.82 - - [26/Jul/2023:06:46:41 +0800] "POST /xingrg/kc/pszx/mdps_list_operate.html HTTP/1.1" 200 2428
120.253.135.82 - - [26/Jul/2023:06:46:43 +0800] "POST /xingrg/kc/pszx/mdps_list_operate.html HTTP/1.1" 200 202
120.253.135.82 - - [26/Jul/2023:06:46:46 +0800] "GET /xingrg/kc/pszx/mdps_order_info.html?code=312023072600568 HTTP/1.1" 200 23976
120.253.135.82 - - [26/Jul/2023:06:46:46 +0800] "GET /xingrg/javascript/easyui/themes/default/validatebox.css HTTP/1.1" 404 1104
120.253.135.82 - - [26/Jul/2023:06:46:46 +0800] "GET /xingrg/all/common/auto_word.html?type=base&rest_code=00101 HTTP/1.1" 200 671
120.253.135.82 - - [26/Jul/2023:06:46:47 +0800] "POST /xingrg/kc/pszx/mdps_order_operate.html HTTP/1.1" 200 2278
120.253.135.82 - - [26/Jul/2023:06:46:49 +0800] "POST /xingrg/all/common/load_combo.html?type=base HTTP/1.1" 200 1169
120.253.135.82 - - [26/Jul/2023:06:46:56 +0800] "POST /xingrg/kc/pszx/mdps_order_operate.html HTTP/1.1" 200 37
120.253.135.82 - - [26/Jul/2023:06:46:58 +0800] "GET /xingrg/kc/pszx/mdps_order_info.html?code=312023072600568 HTTP/1.1" 200 23974
180.163.30.76 - - [26/Jul/2023:06:46:58 +0800] "GET /xingrg/check_reg.html?_=1690325160265 HTTP/1.1" 302 -
120.253.135.82 - - [26/Jul/2023:06:46:58 +0800] "GET /xingrg/javascript/easyui/themes/default/validatebox.css HTTP/1.1" 404 1104
124.78.155.92 - - [26/Jul/2023:06:46:58 +0800] "GET /xingrg/all/function/internal_message.html?_=1690325220272&CODE_STATE=getMsg HTTP/1.1" 200 27
180.163.30.76 - - [26/Jul/2023:06:46:58 +0800] "GET /xingrg/login.html HTTP/1.1" 200 7641
120.253.135.82 - - [26/Jul/2023:06:46:59 +0800] "GET /xingrg/all/common/auto_word.html?type=base&rest_code=00101 HTTP/1.1" 200 671
120.253.135.82 - - [26/Jul/2023:06:46:59 +0800] "POST /xingrg/kc/pszx/mdps_order_operate.html HTTP/1.1" 200 2287
222.70.180.90 - - [26/Jul/2023:06:47:02 +0800] "GET /xingrg/all/function/internal_message.html?_=1690325222100&CODE_STATE=getMsg HTTP/1.1" 200 27
120.253.135.82 - - [26/Jul/2023:06:47:05 +0800] "POST /xingrg/kc/pszx/mdps_list_operate.html HTTP/1.1" 200 2425
120.253.135.82 - - [26/Jul/2023:06:47:13 +0800] "GET /xingrg/kc/pszx/mdqp_order_list.html?state=10 HTTP/1.1" 200 13545
120.253.135.82 - - [26/Jul/2023:06:47:13 +0800] "GET /xingrg/dwr/interface/AjaxQqpsService.js HTTP/1.1" 200 16326
120.253.135.82 - - [26/Jul/2023:06:47:13 +0800] "GET /xingrg/dwr/interface/AjaxReportQueryService.js HTTP/1.1" 200 13203
120.253.135.82 - - [26/Jul/2023:06:47:18 +0800] "GET /xingrg/kc/pszx/jzcl_ps.html HTTP/1.1" 200 7683
120.253.135.82 - - [26/Jul/2023:06:47:19 +0800] "POST /xingrg/kc/pszx/jzcl_ps_operate.html HTTP/1.1" 200 3339
120.253.135.82 - - [26/Jul/2023:06:47:19 +0800] "POST /xingrg/all/common/load_tree.html?tree=area_rest_tree_json HTTP/1.1" 200 3499
120.253.135.82 - - [26/Jul/2023:06:47:19 +0800] "POST /xingrg/kc/pszx/jzcl_ps_operate.html HTTP/1.1" 200 3339
116.238.191.126 - - [26/Jul/2023:06:47:27 +0800] "GET /xingrg/all/function/internal_message.html?_=1690325133818&CODE_STATE=getMsg HTTP/1.1" 302 -
120.253.135.82 - - [26/Jul/2023:06:47:28 +0800] "GET /xingrg/check_reg.html?_=1690325388444 HTTP/1.1" 200 22
120.253.135.82 - - [26/Jul/2023:06:47:28 +0800] "GET /xingrg/all/function/internal_message.html?_=1690325388441&CODE_STATE=getMsg HTTP/1.1" 200 27
222.70.245.33 - - [26/Jul/2023:06:47:35 +0800] "GET /xingrg/all/function/internal_message.html?_=1690325264071&CODE_STATE=getMsg HTTP/1.1" 200 27
116.232.195.127 - - [26/Jul/2023:06:47:40 +0800] "GET /xingrg/all/function/internal_message.html?_=1690325216641&CODE_STATE=getMsg HTTP/1.1" 200 27
114.85.113.108 - - [26/Jul/2023:06:47:40 +0800] "GET /xingrg/all/function/internal_message.html?_=1690325259663&CODE_STATE=getMsg HTTP/1.1" 200 27
124.78.155.92 - - [26/Jul/2023:06:47:58 +0800] "GET /xingrg/all/function/internal_message.html?_=1690325280258&CODE_STATE=getMsg HTTP/1.1" 200 27
222.70.180.90 - - [26/Jul/2023:06:48:02 +0800] "GET /xingrg/all/function/internal_message.html?_=1690325282100&CODE_STATE=getMsg HTTP/1.1" 200 27
116.238.191.126 - - [26/Jul/2023:06:48:13 +0800] "GET /xingrg/check_reg.html?_=1690325180534 HTTP/1.1" 302 -
120.253.135.82 - - [26/Jul/2023:06:48:18 +0800] "POST /xingrg/kc/pszx/jzcl_ps_operate.html HTTP/1.1" 200 4
120.253.135.82 - - [26/Jul/2023:06:48:20 +0800] "POST /xingrg/kc/pszx/jzcl_ps_operate.html HTTP/1.1" 200 21
120.253.135.82 - - [26/Jul/2023:06:48:20 +0800] "GET /xingrg/kc/pszx/mdps_order_list.html HTTP/1.1" 200 21073
120.253.135.82 - - [26/Jul/2023:06:48:21 +0800] "POST /xingrg/kc/pszx/mdps_list_operate.html HTTP/1.1" 200 5415
116.238.191.126 - - [26/Jul/2023:06:48:27 +0800] "GET /xingrg/all/function/internal_message.html?_=1690325193842&CODE_STATE=getMsg HTTP/1.1" 302 -
120.253.135.82 - - [26/Jul/2023:06:48:28 +0800] "GET /xingrg/all/function/internal_message.html?_=1690325448444&CODE_STATE=getMsg HTTP/1.1" 200 27
222.70.180.90 - - [26/Jul/2023:06:48:28 +0800] "POST /xingrg/services/DataTransmitService HTTP/1.1" 200 524
120.253.135.82 - - [26/Jul/2023:06:48:32 +0800] "POST /xingrg/kc/pszx/mdps_list_operate.html HTTP/1.1" 200 4269
120.253.135.82 - - [26/Jul/2023:06:48:34 +0800] "POST /xingrg/kc/pszx/mdps_list_operate.html HTTP/1.1" 200 358
222.70.245.33 - - [26/Jul/2023:06:48:35 +0800] "GET /xingrg/all/function/internal_message.html?_=1690325324087&CODE_STATE=getMsg HTTP/1.1" 200 27
120.253.135.82 - - [26/Jul/2023:06:48:37 +0800] "GET /xingrg/kc/pszx/mdps_order_info.html?code=312023072600569 HTTP/1.1" 200 23976
120.253.135.82 - - [26/Jul/2023:06:48:37 +0800] "GET /xingrg/javascript/easyui/themes/default/validatebox.css HTTP/1.1" 404 1104
120.253.135.82 - - [26/Jul/2023:06:48:38 +0800] "GET /xingrg/all/common/auto_word.html?type=base&rest_code=00101 HTTP/1.1" 200 671
120.253.135.82 - - [26/Jul/2023:06:48:38 +0800] "POST /xingrg/kc/pszx/mdps_order_operate.html HTTP/1.1" 200 3246
116.232.195.127 - - [26/Jul/2023:06:48:40 +0800] "GET /xingrg/all/function/internal_message.html?_=1690325276641&CODE_STATE=getMsg HTTP/1.1" 200 27
116.232.195.127 - - [26/Jul/2023:06:48:40 +0800] "GET /xingrg/check_reg.html?_=1690325276642 HTTP/1.1" 200 22
114.85.113.108 - - [26/Jul/2023:06:48:40 +0800] "GET /xingrg/all/function/internal_message.html?_=1690325319662&CODE_STATE=getMsg HTTP/1.1" 200 27
120.253.135.82 - - [26/Jul/2023:06:48:41 +0800] "POST /xingrg/kc/pszx/mdps_order_operate.html HTTP/1.1" 200 37
222.70.245.33 - - [26/Jul/2023:06:48:42 +0800] "GET /xingrg/kc/buy/cgsh_order_list.html HTTP/1.1" 200 55948
222.70.245.33 - - [26/Jul/2023:06:48:42 +0800] "GET /xingrg/css/base.css HTTP/1.1" 304 -
222.70.245.33 - - [26/Jul/2023:06:48:42 +0800] "GET /xingrg/javascript/jquery_tools/jquery.tools.hotkey.js HTTP/1.1" 304 -
222.70.245.33 - - [26/Jul/2023:06:48:42 +0800] "GET /xingrg/css/site.css HTTP/1.1" 304 -
222.70.245.33 - - [26/Jul/2023:06:48:42 +0800] "GET /xingrg/javascript/jquery_tools/fix.css HTTP/1.1" 304 -
222.70.245.33 - - [26/Jul/2023:06:48:42 +0800] "GET /xingrg/javascript/easyui/themes/default/easyui.css HTTP/1.1" 304 -
222.70.245.33 - - [26/Jul/2023:06:48:42 +0800] "GET /xingrg/javascript/easyui/themes/icon.css HTTP/1.1" 304 -
222.70.245.33 - - [26/Jul/2023:06:48:42 +0800] "GET /xingrg/javascript/jquery_tools/table.css HTTP/1.1" 304 -
222.70.245.33 - - [26/Jul/2023:06:48:42 +0800] "GET /xingrg/javascript/jquery_tools/jquery.tools.extend.js HTTP/1.1" 304 -
222.70.245.33 - - [26/Jul/2023:06:48:42 +0800] "GET /xingrg/javascript/jquery_tools/jquery.tools.min.js HTTP/1.1" 304 -
222.70.245.33 - - [26/Jul/2023:06:48:42 +0800] "GET /xingrg/javascript/jquery_tools/datebox.css HTTP/1.1" 304 -
222.70.245.33 - - [26/Jul/2023:06:48:42 +0800] "GET /xingrg/javascript/jquery_tools/list_manager.js HTTP/1.1" 304 -
222.70.245.33 - - [26/Jul/2023:06:48:42 +0800] "GET /xingrg/javascript/jquery_tools/jquery.tools.table.js HTTP/1.1" 304 -
222.70.245.33 - - [26/Jul/2023:06:48:42 +0800] "GET /xingrg/javascript/easyui/easyloader.js HTTP/1.1" 304 -
222.70.245.33 - - [26/Jul/2023:06:48:42 +0800] "GET /xingrg/javascript/jquery.cookie.js HTTP/1.1" 304 -
222.70.245.33 - - [26/Jul/2023:06:48:42 +0800] "GET /xingrg/javascript/easyui/plugins/jquery.parser.js HTTP/1.1" 304 -
222.70.245.33 - - [26/Jul/2023:06:48:47 +0800] "POST /xingrg/kc/buy/cgsh_list_operate.html HTTP/1.1" 200 6023
222.70.245.33 - - [26/Jul/2023:06:48:51 +0800] "POST /xingrg/kc/buy/cgsh_list_operate.html HTTP/1.1" 200 418
222.70.245.33 - - [26/Jul/2023:06:48:57 +0800] "POST /xingrg/kc/buy/cgsh_list_operate.html HTTP/1.1" 200 371
120.253.135.82 - - [26/Jul/2023:06:48:58 +0800] "GET /xingrg/kc/pszx/mdps_order_info.html?code=312023072600569 HTTP/1.1" 200 23976
120.253.135.82 - - [26/Jul/2023:06:48:58 +0800] "GET /xingrg/javascript/easyui/themes/default/validatebox.css HTTP/1.1" 404 1104
120.253.135.82 - - [26/Jul/2023:06:48:58 +0800] "GET /xingrg/all/common/auto_word.html?type=base&rest_code=00101 HTTP/1.1" 200 671
124.78.155.92 - - [26/Jul/2023:06:48:58 +0800] "GET /xingrg/all/function/internal_message.html?_=1690325340263&CODE_STATE=getMsg HTTP/1.1" 200 27
120.253.135.82 - - [26/Jul/2023:06:48:59 +0800] "POST /xingrg/kc/pszx/mdps_order_operate.html HTTP/1.1" 200 3268
222.70.180.90 - - [26/Jul/2023:06:49:02 +0800] "GET /xingrg/all/function/internal_message.html?_=1690325342106&CODE_STATE=getMsg HTTP/1.1" 200 27
116.238.191.126 - - [26/Jul/2023:06:49:27 +0800] "GET /xingrg/all/function/internal_message.html?_=1690325253846&CODE_STATE=getMsg HTTP/1.1" 302 -
120.253.135.82 - - [26/Jul/2023:06:49:28 +0800] "GET /xingrg/all/function/internal_message.html?_=1690325508450&CODE_STATE=getMsg HTTP/1.1" 200 27
222.70.245.33 - - [26/Jul/2023:06:49:35 +0800] "GET /xingrg/all/function/internal_message.html?_=1690325384125&CODE_STATE=getMsg HTTP/1.1" 200 27
116.232.195.127 - - [26/Jul/2023:06:49:40 +0800] "GET /xingrg/all/function/internal_message.html?_=1690325336642&CODE_STATE=getMsg HTTP/1.1" 200 27
114.85.113.108 - - [26/Jul/2023:06:49:40 +0800] "GET /xingrg/all/function/internal_message.html?_=1690325379661&CODE_STATE=getMsg HTTP/1.1" 200 27
114.85.113.108 - - [26/Jul/2023:06:49:40 +0800] "GET /xingrg/check_reg.html?_=1690325379664 HTTP/1.1" 200 22
124.78.155.92 - - [26/Jul/2023:06:49:58 +0800] "GET /xingrg/all/function/internal_message.html?_=1690325400267&CODE_STATE=getMsg HTTP/1.1" 200 27
222.70.180.90 - - [26/Jul/2023:06:50:02 +0800] "GET /xingrg/check_reg.html?_=1690325402106 HTTP/1.1" 200 22
222.70.180.90 - - [26/Jul/2023:06:50:02 +0800] "GET /xingrg/all/function/internal_message.html?_=1690325402111&CODE_STATE=getMsg HTTP/1.1" 200 27
120.253.135.82 - - [26/Jul/2023:06:50:20 +0800] "POST /xingrg/kc/pszx/mdps_list_operate.html HTTP/1.1" 200 286
222.70.245.33 - - [26/Jul/2023:06:50:21 +0800] "GET /xingrg/check_reg.html?_=1690325430135 HTTP/1.1" 200 22
120.253.135.82 - - [26/Jul/2023:06:50:22 +0800] "GET /xingrg/kc/pszx/mdps_order_info.html?code=312023072600570 HTTP/1.1" 200 23976
120.253.135.82 - - [26/Jul/2023:06:50:22 +0800] "GET /xingrg/javascript/easyui/themes/default/validatebox.css HTTP/1.1" 404 1104
120.253.135.82 - - [26/Jul/2023:06:50:23 +0800] "GET /xingrg/all/common/auto_word.html?type=base&rest_code=00101 HTTP/1.1" 200 671
120.253.135.82 - - [26/Jul/2023:06:50:23 +0800] "POST /xingrg/kc/pszx/mdps_order_operate.html HTTP/1.1" 200 2772
116.238.191.126 - - [26/Jul/2023:06:50:27 +0800] "GET /xingrg/all/function/internal_message.html?_=1690325313871&CODE_STATE=getMsg HTTP/1.1" 302 -
120.253.135.82 - - [26/Jul/2023:06:50:28 +0800] "GET /xingrg/all/function/internal_message.html?_=1690325568453&CODE_STATE=getMsg HTTP/1.1" 200 27
120.253.135.82 - - [26/Jul/2023:06:50:28 +0800] "POST /xingrg/kc/pszx/mdps_order_operate.html HTTP/1.1" 200 37
120.253.135.82 - - [26/Jul/2023:06:50:31 +0800] "GET /xingrg/kc/pszx/mdps_order_info.html?code=312023072600570 HTTP/1.1" 200 23976
120.253.135.82 - - [26/Jul/2023:06:50:31 +0800] "GET /xingrg/javascript/easyui/themes/default/validatebox.css HTTP/1.1" 404 1104
120.253.135.82 - - [26/Jul/2023:06:50:32 +0800] "GET /xingrg/all/common/auto_word.html?type=base&rest_code=00101 HTTP/1.1" 200 671
120.253.135.82 - - [26/Jul/2023:06:50:32 +0800] "POST /xingrg/kc/pszx/mdps_order_operate.html HTTP/1.1" 200 2790
222.70.245.33 - - [26/Jul/2023:06:50:35 +0800] "GET /xingrg/all/function/internal_message.html?_=1690325444143&CODE_STATE=getMsg HTTP/1.1" 200 27
222.70.245.33 - - [26/Jul/2023:06:50:37 +0800] "POST /xingrg/kc/buy/cgsh_list_operate.html HTTP/1.1" 200 4
116.232.195.127 - - [26/Jul/2023:06:50:40 +0800] "GET /xingrg/all/function/internal_message.html?_=1690325396634&CODE_STATE=getMsg HTTP/1.1" 200 27
114.85.113.108 - - [26/Jul/2023:06:50:40 +0800] "GET /xingrg/all/function/internal_message.html?_=1690325439662&CODE_STATE=getMsg HTTP/1.1" 200 27
120.253.135.82 - - [26/Jul/2023:06:50:42 +0800] "POST /xingrg/kc/pszx/mdps_order_operate.html HTTP/1.1" 200 37
120.253.135.82 - - [26/Jul/2023:06:50:44 +0800] "GET /xingrg/kc/pszx/mdps_order_info.html?code=312023072600570 HTTP/1.1" 200 23976
120.253.135.82 - - [26/Jul/2023:06:50:44 +0800] "GET /xingrg/javascript/easyui/themes/default/validatebox.css HTTP/1.1" 404 1104
120.253.135.82 - - [26/Jul/2023:06:50:45 +0800] "GET /xingrg/all/common/auto_word.html?type=base&rest_code=00101 HTTP/1.1" 200 671
120.253.135.82 - - [26/Jul/2023:06:50:45 +0800] "POST /xingrg/kc/pszx/mdps_order_operate.html HTTP/1.1" 200 2790
120.253.135.82 - - [26/Jul/2023:06:50:47 +0800] "POST /xingrg/kc/pszx/mdps_list_operate.html HTTP/1.1" 200 4269
120.253.135.82 - - [26/Jul/2023:06:50:48 +0800] "POST /xingrg/kc/pszx/mdps_list_operate.html HTTP/1.1" 200 610
120.253.135.82 - - [26/Jul/2023:06:50:50 +0800] "GET /xingrg/kc/pszx/mdps_order_info.html?code=312023072600571 HTTP/1.1" 200 23976
120.253.135.82 - - [26/Jul/2023:06:50:50 +0800] "GET /xingrg/javascript/easyui/themes/default/validatebox.css HTTP/1.1" 404 1104
120.253.135.82 - - [26/Jul/2023:06:50:51 +0800] "GET /xingrg/all/common/auto_word.html?type=base&rest_code=00101 HTTP/1.1" 200 671
120.253.135.82 - - [26/Jul/2023:06:50:51 +0800] "POST /xingrg/kc/pszx/mdps_order_operate.html HTTP/1.1" 200 6711
120.253.135.82 - - [26/Jul/2023:06:50:54 +0800] "POST /xingrg/all/common/load_combo.html?type=base HTTP/1.1" 200 1169
222.70.245.33 - - [26/Jul/2023:06:50:54 +0800] "POST /xingrg/kc/buy/cgsh_list_operate.html HTTP/1.1" 200 5953
124.78.155.92 - - [26/Jul/2023:06:50:58 +0800] "GET /xingrg/all/function/internal_message.html?_=1690325460271&CODE_STATE=getMsg HTTP/1.1" 200 27
124.78.155.92 - - [26/Jul/2023:06:50:58 +0800] "GET /xingrg/check_reg.html?_=1690325460276 HTTP/1.1" 200 22
222.70.245.33 - - [26/Jul/2023:06:50:59 +0800] "POST /xingrg/kc/buy/cgsh_list_operate.html HTTP/1.1" 200 580
120.253.135.82 - - [26/Jul/2023:06:51:01 +0800] "POST /xingrg/kc/pszx/mdps_order_operate.html HTTP/1.1" 200 37
222.70.180.90 - - [26/Jul/2023:06:51:02 +0800] "GET /xingrg/all/function/internal_message.html?_=1690325462095&CODE_STATE=getMsg HTTP/1.1" 200 27
222.70.245.33 - - [26/Jul/2023:06:51:03 +0800] "POST /xingrg/kc/buy/cgsh_list_operate.html HTTP/1.1" 200 583
120.253.135.82 - - [26/Jul/2023:06:51:03 +0800] "GET /xingrg/kc/pszx/mdps_order_info.html?code=312023072600571 HTTP/1.1" 200 23976
120.253.135.82 - - [26/Jul/2023:06:51:03 +0800] "GET /xingrg/javascript/easyui/themes/default/validatebox.css HTTP/1.1" 404 1104
120.253.135.82 - - [26/Jul/2023:06:51:03 +0800] "GET /xingrg/all/common/auto_word.html?type=base&rest_code=00101 HTTP/1.1" 200 671
120.253.135.82 - - [26/Jul/2023:06:51:04 +0800] "POST /xingrg/kc/pszx/mdps_order_operate.html HTTP/1.1" 200 6793
222.70.245.33 - - [26/Jul/2023:06:51:06 +0800] "POST /xingrg/kc/buy/cgsh_list_operate.html HTTP/1.1" 200 342
222.70.245.33 - - [26/Jul/2023:06:51:09 +0800] "POST /xingrg/kc/buy/cgsh_list_operate.html HTTP/1.1" 200 348
116.238.191.126 - - [26/Jul/2023:06:51:27 +0800] "GET /xingrg/all/function/internal_message.html?_=1690325373888&CODE_STATE=getMsg HTTP/1.1" 302 -
120.253.135.82 - - [26/Jul/2023:06:51:28 +0800] "GET /xingrg/all/function/internal_message.html?_=1690325628458&CODE_STATE=getMsg HTTP/1.1" 200 27
120.253.135.82 - - [26/Jul/2023:06:51:28 +0800] "POST /xingrg/kc/pszx/mdps_order_operate.html HTTP/1.1" 200 37
120.253.135.82 - - [26/Jul/2023:06:51:30 +0800] "GET /xingrg/kc/pszx/mdps_order_info.html?code=312023072600571 HTTP/1.1" 200 23976
120.253.135.82 - - [26/Jul/2023:06:51:30 +0800] "GET /xingrg/javascript/easyui/themes/default/validatebox.css HTTP/1.1" 404 1104
120.253.135.82 - - [26/Jul/2023:06:51:31 +0800] "GET /xingrg/all/common/auto_word.html?type=base&rest_code=00101 HTTP/1.1" 200 671
120.253.135.82 - - [26/Jul/2023:06:51:31 +0800] "POST /xingrg/kc/pszx/mdps_order_operate.html HTTP/1.1" 200 6794
120.253.135.82 - - [26/Jul/2023:06:51:33 +0800] "POST /xingrg/kc/pszx/mdps_list_operate.html HTTP/1.1" 200 4269
222.70.245.33 - - [26/Jul/2023:06:51:35 +0800] "GET /xingrg/all/function/internal_message.html?_=1690325504188&CODE_STATE=getMsg HTTP/1.1" 200 27
120.253.135.82 - - [26/Jul/2023:06:51:35 +0800] "POST /xingrg/kc/pszx/mdps_list_operate.html HTTP/1.1" 200 644
120.253.135.82 - - [26/Jul/2023:06:51:38 +0800] "GET /xingrg/kc/pszx/mdps_order_info.html?code=312023072600572 HTTP/1.1" 200 23976
120.253.135.82 - - [26/Jul/2023:06:51:38 +0800] "GET /xingrg/javascript/easyui/themes/default/validatebox.css HTTP/1.1" 404 1104
120.253.135.82 - - [26/Jul/2023:06:51:38 +0800] "GET /xingrg/all/common/auto_word.html?type=base&rest_code=00101 HTTP/1.1" 200 671
120.253.135.82 - - [26/Jul/2023:06:51:39 +0800] "POST /xingrg/kc/pszx/mdps_order_operate.html HTTP/1.1" 200 11424
116.232.195.127 - - [26/Jul/2023:06:51:40 +0800] "GET /xingrg/all/function/internal_message.html?_=1690325456635&CODE_STATE=getMsg HTTP/1.1" 200 27
114.85.113.108 - - [26/Jul/2023:06:51:40 +0800] "GET /xingrg/all/function/internal_message.html?_=1690325499670&CODE_STATE=getMsg HTTP/1.1" 200 27
120.253.135.82 - - [26/Jul/2023:06:51:43 +0800] "POST /xingrg/kc/pszx/mdps_order_operate.html HTTP/1.1" 200 37
120.253.135.82 - - [26/Jul/2023:06:51:45 +0800] "GET /xingrg/kc/pszx/mdps_order_info.html?code=312023072600572 HTTP/1.1" 200 23976
120.253.135.82 - - [26/Jul/2023:06:51:45 +0800] "GET /xingrg/javascript/easyui/themes/default/validatebox.css HTTP/1.1" 404 1104
120.253.135.82 - - [26/Jul/2023:06:51:45 +0800] "GET /xingrg/all/common/auto_word.html?type=base&rest_code=00101 HTTP/1.1" 200 671
120.253.135.82 - - [26/Jul/2023:06:51:47 +0800] "POST /xingrg/kc/pszx/mdps_order_operate.html HTTP/1.1" 200 11578
124.78.155.92 - - [26/Jul/2023:06:51:58 +0800] "GET /xingrg/all/function/internal_message.html?_=1690325520277&CODE_STATE=getMsg HTTP/1.1" 200 27
120.253.135.82 - - [26/Jul/2023:06:52:02 +0800] "POST /xingrg/all/common/load_select.html HTTP/1.1" 200 25
222.70.180.90 - - [26/Jul/2023:06:52:02 +0800] "GET /xingrg/all/function/internal_message.html?_=1690325522097&CODE_STATE=getMsg HTTP/1.1" 200 27
120.253.135.82 - - [26/Jul/2023:06:52:09 +0800] "GET /xingrg/kc/pszx/mdps_order_operate.html?command=get_materiel_price&pszx_code=00101&rest_code=00141&base_code=0010246&code=00101019133&unit_code=00100189&order_time=2023-07-28 HTTP/1.1" 200 35
120.253.135.82 - - [26/Jul/2023:06:52:21 +0800] "POST /xingrg/all/common/load_select.html HTTP/1.1" 200 25
120.253.135.82 - - [26/Jul/2023:06:52:26 +0800] "GET /xingrg/kc/pszx/mdps_order_operate.html?command=get_materiel_price&pszx_code=00101&rest_code=00141&base_code=0010246&code=00101016046&unit_code=00100138&order_time=2023-07-28 HTTP/1.1" 200 35
116.238.191.126 - - [26/Jul/2023:06:52:27 +0800] "GET /xingrg/all/function/internal_message.html?_=1690325433912&CODE_STATE=getMsg HTTP/1.1" 302 -
120.253.135.82 - - [26/Jul/2023:06:52:28 +0800] "GET /xingrg/all/function/internal_message.html?_=1690325688465&CODE_STATE=getMsg HTTP/1.1" 200 27
120.253.135.82 - - [26/Jul/2023:06:52:28 +0800] "GET /xingrg/check_reg.html?_=1690325688467 HTTP/1.1" 200 22
222.70.245.33 - - [26/Jul/2023:06:52:35 +0800] "GET /xingrg/all/function/internal_message.html?_=1690325564200&CODE_STATE=getMsg HTTP/1.1" 200 27
116.232.195.127 - - [26/Jul/2023:06:52:40 +0800] "GET /xingrg/all/function/internal_message.html?_=1690325516626&CODE_STATE=getMsg HTTP/1.1" 200 27
114.85.113.108 - - [26/Jul/2023:06:52:40 +0800] "GET /xingrg/all/function/internal_message.html?_=1690325559670&CODE_STATE=getMsg HTTP/1.1" 200 27
120.253.135.82 - - [26/Jul/2023:06:52:46 +0800] "POST /xingrg/kc/pszx/mdps_order_operate.html HTTP/1.1" 200 37
120.253.135.82 - - [26/Jul/2023:06:52:48 +0800] "GET /xingrg/kc/pszx/mdps_order_info.html?code=312023072600572 HTTP/1.1" 200 23976
120.253.135.82 - - [26/Jul/2023:06:52:48 +0800] "GET /xingrg/javascript/easyui/themes/default/validatebox.css HTTP/1.1" 404 1104
120.253.135.82 - - [26/Jul/2023:06:52:49 +0800] "GET /xingrg/all/common/auto_word.html?type=base&rest_code=00101 HTTP/1.1" 200 671
120.253.135.82 - - [26/Jul/2023:06:52:49 +0800] "POST /xingrg/kc/pszx/mdps_order_operate.html HTTP/1.1" 200 11574
222.70.245.33 - - [26/Jul/2023:06:52:57 +0800] "POST /xingrg/kc/buy/cgsh_list_operate.html HTTP/1.1" 200 4
120.253.135.82 - - [26/Jul/2023:06:52:58 +0800] "POST /xingrg/kc/pszx/mdps_list_operate.html HTTP/1.1" 200 4269
124.78.155.92 - - [26/Jul/2023:06:52:58 +0800] "GET /xingrg/all/function/internal_message.html?_=1690325580265&CODE_STATE=getMsg HTTP/1.1" 200 27
120.253.135.82 - - [26/Jul/2023:06:52:59 +0800] "POST /xingrg/kc/pszx/mdps_list_operate.html HTTP/1.1" 200 202
222.70.180.90 - - [26/Jul/2023:06:53:02 +0800] "GET /xingrg/all/function/internal_message.html?_=1690325582102&CODE_STATE=getMsg HTTP/1.1" 200 27
120.253.135.82 - - [26/Jul/2023:06:53:03 +0800] "GET /xingrg/kc/pszx/mdps_order_info.html?code=312023072600573 HTTP/1.1" 200 23976
120.253.135.82 - - [26/Jul/2023:06:53:03 +0800] "GET /xingrg/javascript/easyui/themes/default/validatebox.css HTTP/1.1" 404 1104
120.253.135.82 - - [26/Jul/2023:06:53:04 +0800] "GET /xingrg/all/common/auto_word.html?type=base&rest_code=00101 HTTP/1.1" 200 671
120.253.135.82 - - [26/Jul/2023:06:53:04 +0800] "POST /xingrg/kc/pszx/mdps_order_operate.html HTTP/1.1" 200 2277
222.70.245.33 - - [26/Jul/2023:06:53:06 +0800] "POST /xingrg/kc/buy/cgsh_list_operate.html HTTP/1.1" 200 2299
120.253.135.82 - - [26/Jul/2023:06:53:08 +0800] "POST /xingrg/kc/pszx/mdps_order_operate.html HTTP/1.1" 200 37
120.253.135.82 - - [26/Jul/2023:06:53:09 +0800] "GET /xingrg/kc/pszx/mdps_order_info.html?code=312023072600573 HTTP/1.1" 200 23976
120.253.135.82 - - [26/Jul/2023:06:53:10 +0800] "GET /xingrg/javascript/easyui/themes/default/validatebox.css HTTP/1.1" 404 1104
120.253.135.82 - - [26/Jul/2023:06:53:10 +0800] "GET /xingrg/all/common/auto_word.html?type=base&rest_code=00101 HTTP/1.1" 200 671
120.253.135.82 - - [26/Jul/2023:06:53:10 +0800] "POST /xingrg/kc/pszx/mdps_order_operate.html HTTP/1.1" 200 2285
120.253.135.82 - - [26/Jul/2023:06:53:12 +0800] "POST /xingrg/kc/pszx/mdps_list_operate.html HTTP/1.1" 200 4269
120.253.135.82 - - [26/Jul/2023:06:53:13 +0800] "POST /xingrg/kc/pszx/mdps_list_operate.html HTTP/1.1" 200 285
116.238.191.126 - - [26/Jul/2023:06:53:13 +0800] "GET /xingrg/check_reg.html?_=1690325480529 HTTP/1.1" 302 -
222.70.245.33 - - [26/Jul/2023:06:53:14 +0800] "POST /xingrg/kc/buy/cgsh_list_operate.html HTTP/1.1" 200 271
120.253.135.82 - - [26/Jul/2023:06:53:16 +0800] "GET /xingrg/kc/pszx/mdps_order_info.html?code=312023072600574 HTTP/1.1" 200 23976
120.253.135.82 - - [26/Jul/2023:06:53:16 +0800] "GET /xingrg/javascript/easyui/themes/default/validatebox.css HTTP/1.1" 404 1104
120.253.135.82 - - [26/Jul/2023:06:53:16 +0800] "GET /xingrg/all/common/auto_word.html?type=base&rest_code=00101 HTTP/1.1" 200 671
120.253.135.82 - - [26/Jul/2023:06:53:17 +0800] "POST /xingrg/kc/pszx/mdps_order_operate.html HTTP/1.1" 200 2757
222.70.245.33 - - [26/Jul/2023:06:53:18 +0800] "POST /xingrg/kc/buy/cgsh_list_operate.html HTTP/1.1" 200 499
120.253.135.82 - - [26/Jul/2023:06:53:20 +0800] "POST /xingrg/kc/pszx/mdps_order_operate.html HTTP/1.1" 200 37
120.253.135.82 - - [26/Jul/2023:06:53:22 +0800] "GET /xingrg/kc/pszx/mdps_order_info.html?code=312023072600574 HTTP/1.1" 200 23976
120.253.135.82 - - [26/Jul/2023:06:53:22 +0800] "GET /xingrg/javascript/easyui/themes/default/validatebox.css HTTP/1.1" 404 1104
120.253.135.82 - - [26/Jul/2023:06:53:23 +0800] "GET /xingrg/all/common/auto_word.html?type=base&rest_code=00101 HTTP/1.1" 200 671
120.253.135.82 - - [26/Jul/2023:06:53:23 +0800] "POST /xingrg/kc/pszx/mdps_order_operate.html HTTP/1.1" 200 2771
120.253.135.82 - - [26/Jul/2023:06:53:26 +0800] "POST /xingrg/kc/pszx/mdps_list_operate.html HTTP/1.1" 200 4269
120.253.135.82 - - [26/Jul/2023:06:53:27 +0800] "POST /xingrg/kc/pszx/mdps_list_operate.html HTTP/1.1" 200 208
116.238.191.126 - - [26/Jul/2023:06:53:27 +0800] "GET /xingrg/all/function/internal_message.html?_=1690325493914&CODE_STATE=getMsg HTTP/1.1" 302 -
120.253.135.82 - - [26/Jul/2023:06:53:28 +0800] "GET /xingrg/all/function/internal_message.html?_=1690325748468&CODE_STATE=getMsg HTTP/1.1" 200 27
120.253.135.82 - - [26/Jul/2023:06:53:29 +0800] "GET /xingrg/kc/pszx/mdps_order_info.html?code=312023072600575 HTTP/1.1" 200 23976
120.253.135.82 - - [26/Jul/2023:06:53:29 +0800] "GET /xingrg/javascript/easyui/themes/default/validatebox.css HTTP/1.1" 404 1104
120.253.135.82 - - [26/Jul/2023:06:53:30 +0800] "GET /xingrg/all/common/auto_word.html?type=base&rest_code=00101 HTTP/1.1" 200 671
222.70.245.33 - - [26/Jul/2023:06:53:35 +0800] "GET /xingrg/all/function/internal_message.html?_=1690325624255&CODE_STATE=getMsg HTTP/1.1" 200 27
120.253.135.82 - - [26/Jul/2023:06:53:35 +0800] "POST /xingrg/kc/pszx/mdps_order_operate.html HTTP/1.1" 200 2284
116.232.195.127 - - [26/Jul/2023:06:53:40 +0800] "GET /xingrg/all/function/internal_message.html?_=1690325576634&CODE_STATE=getMsg HTTP/1.1" 200 27
116.232.195.127 - - [26/Jul/2023:06:53:40 +0800] "GET /xingrg/check_reg.html?_=1690325576637 HTTP/1.1" 200 22
120.253.135.82 - - [26/Jul/2023:06:53:40 +0800] "POST /xingrg/kc/pszx/mdps_order_operate.html HTTP/1.1" 200 37
114.85.113.108 - - [26/Jul/2023:06:53:40 +0800] "GET /xingrg/all/function/internal_message.html?_=1690325619660&CODE_STATE=getMsg HTTP/1.1" 200 27
120.253.135.82 - - [26/Jul/2023:06:53:42 +0800] "GET /xingrg/kc/pszx/mdps_order_info.html?code=312023072600575 HTTP/1.1" 200 23976
120.253.135.82 - - [26/Jul/2023:06:53:42 +0800] "GET /xingrg/javascript/easyui/themes/default/validatebox.css HTTP/1.1" 404 1104
120.253.135.82 - - [26/Jul/2023:06:53:43 +0800] "GET /xingrg/all/common/auto_word.html?type=base&rest_code=00101 HTTP/1.1" 200 671
222.70.245.33 - - [26/Jul/2023:06:53:46 +0800] "POST /xingrg/kc/buy/cgsh_list_operate.html HTTP/1.1" 200 4
120.253.135.82 - - [26/Jul/2023:06:53:46 +0800] "POST /xingrg/kc/pszx/mdps_order_operate.html HTTP/1.1" 200 2291
120.253.135.82 - - [26/Jul/2023:06:53:49 +0800] "POST /xingrg/kc/pszx/mdps_list_operate.html HTTP/1.1" 200 4269
120.253.135.82 - - [26/Jul/2023:06:53:50 +0800] "POST /xingrg/kc/pszx/mdps_list_operate.html HTTP/1.1" 200 300
222.70.245.33 - - [26/Jul/2023:06:53:51 +0800] "POST /xingrg/kc/buy/cgsh_list_operate.html HTTP/1.1" 200 986
222.70.245.33 - - [26/Jul/2023:06:53:54 +0800] "GET /xingrg/kc/buy/cgsh_order_add.html HTTP/1.1" 200 71724
222.70.245.33 - - [26/Jul/2023:06:53:55 +0800] "GET /xingrg/javascript/convert.js HTTP/1.1" 304 -
222.70.245.33 - - [26/Jul/2023:06:53:55 +0800] "GET /xingrg/javascript/jquery_tools/order_manager.js HTTP/1.1" 304 -
222.70.245.33 - - [26/Jul/2023:06:53:55 +0800] "GET /xingrg/javascript/json2.js HTTP/1.1" 304 -
222.70.245.33 - - [26/Jul/2023:06:53:55 +0800] "POST /xingrg/kc/buy/cgsh_order_operate.html HTTP/1.1" 200 8245
222.70.245.33 - - [26/Jul/2023:06:53:55 +0800] "GET /xingrg/javascript/easyui/themes/default/validatebox.css HTTP/1.1" 404 1104
222.70.245.33 - - [26/Jul/2023:06:53:55 +0800] "GET /xingrg/javascript/easyui/plugins/jquery.validatebox.js HTTP/1.1" 304 -
222.70.245.33 - - [26/Jul/2023:06:53:55 +0800] "GET /xingrg/javascript/easyui/plugins/jquery.numberbox.js HTTP/1.1" 304 -
222.70.245.33 - - [26/Jul/2023:06:53:55 +0800] "GET /xingrg/all/common/auto_word.html?type=employee&rest_code=00146 HTTP/1.1" 200 101
222.70.245.33 - - [26/Jul/2023:06:53:55 +0800] "GET /xingrg/all/common/auto_word.html?type=employee&rest_code=00146 HTTP/1.1" 200 101
124.78.155.92 - - [26/Jul/2023:06:53:58 +0800] "GET /xingrg/all/function/internal_message.html?_=1690325640267&CODE_STATE=getMsg HTTP/1.1" 200 27
222.70.180.90 - - [26/Jul/2023:06:54:02 +0800] "GET /xingrg/all/function/internal_message.html?_=1690325642101&CODE_STATE=getMsg HTTP/1.1" 200 27
120.253.135.82 - - [26/Jul/2023:06:54:03 +0800] "POST /xingrg/kc/pszx/mdps_list_operate.html HTTP/1.1" 200 358
120.253.135.82 - - [26/Jul/2023:06:54:05 +0800] "POST /xingrg/kc/pszx/mdps_list_operate.html HTTP/1.1" 200 286
120.253.135.82 - - [26/Jul/2023:06:54:06 +0800] "POST /xingrg/kc/pszx/mdps_list_operate.html HTTP/1.1" 200 610
120.253.135.82 - - [26/Jul/2023:06:54:08 +0800] "POST /xingrg/kc/pszx/mdps_list_operate.html HTTP/1.1" 200 644
120.253.135.82 - - [26/Jul/2023:06:54:10 +0800] "POST /xingrg/kc/pszx/mdps_list_operate.html HTTP/1.1" 200 202
120.253.135.82 - - [26/Jul/2023:06:54:12 +0800] "POST /xingrg/kc/pszx/mdps_list_operate.html HTTP/1.1" 200 285
120.253.135.82 - - [26/Jul/2023:06:54:14 +0800] "POST /xingrg/kc/pszx/mdps_list_operate.html HTTP/1.1" 200 208
116.238.191.126 - - [26/Jul/2023:06:54:27 +0800] "GET /xingrg/all/function/internal_message.html?_=1690325553939&CODE_STATE=getMsg HTTP/1.1" 302 -
120.253.135.82 - - [26/Jul/2023:06:54:28 +0800] "GET /xingrg/all/function/internal_message.html?_=1690325808473&CODE_STATE=getMsg HTTP/1.1" 200 27
222.70.245.33 - - [26/Jul/2023:06:54:35 +0800] "GET /xingrg/all/function/internal_message.html?_=1690325684260&CODE_STATE=getMsg HTTP/1.1" 200 27
116.232.195.127 - - [26/Jul/2023:06:54:40 +0800] "GET /xingrg/all/function/internal_message.html?_=1690325636636&CODE_STATE=getMsg HTTP/1.1" 200 27
114.85.113.108 - - [26/Jul/2023:06:54:40 +0800] "GET /xingrg/all/function/internal_message.html?_=1690325679674&CODE_STATE=getMsg HTTP/1.1" 200 27
114.85.113.108 - - [26/Jul/2023:06:54:40 +0800] "GET /xingrg/check_reg.html?_=1690325679677 HTTP/1.1" 200 22
222.70.245.33 - - [26/Jul/2023:06:54:43 +0800] "GET /xingrg/kc/base/wldb_order_list.html HTTP/1.1" 200 19145
222.70.245.33 - - [26/Jul/2023:06:54:44 +0800] "POST /xingrg/kc/base/wldb_list_operate.html HTTP/1.1" 200 928
222.70.245.33 - - [26/Jul/2023:06:54:46 +0800] "GET /xingrg/kc/base/wldb_order_add.html HTTP/1.1" 200 30428
222.70.245.33 - - [26/Jul/2023:06:54:46 +0800] "POST /xingrg/kc/base/wldb_order_operate.html HTTP/1.1" 200 6806
222.70.245.33 - - [26/Jul/2023:06:54:46 +0800] "GET /xingrg/all/common/auto_word.html?type=base&rest_code=00146 HTTP/1.1" 200 1799
222.70.245.33 - - [26/Jul/2023:06:54:46 +0800] "GET /xingrg/all/common/auto_word.html?type=base&rest_code=00146 HTTP/1.1" 200 1799
222.70.245.33 - - [26/Jul/2023:06:54:46 +0800] "GET /xingrg/javascript/easyui/themes/default/validatebox.css HTTP/1.1" 404 1104
222.70.245.33 - - [26/Jul/2023:06:54:54 +0800] "GET /xingrg/javascript/jquery_tools/images/next.gif HTTP/1.1" 404 1086
222.70.245.33 - - [26/Jul/2023:06:54:54 +0800] "GET /xingrg/javascript/jquery_tools/images/prev.gif HTTP/1.1" 404 1086
124.78.155.92 - - [26/Jul/2023:06:54:58 +0800] "GET /xingrg/all/function/internal_message.html?_=1690325700270&CODE_STATE=getMsg HTTP/1.1" 200 27
222.70.180.90 - - [26/Jul/2023:06:55:02 +0800] "GET /xingrg/check_reg.html?_=1690325702106 HTTP/1.1" 200 22
222.70.180.90 - - [26/Jul/2023:06:55:02 +0800] "GET /xingrg/all/function/internal_message.html?_=1690325702099&CODE_STATE=getMsg HTTP/1.1" 200 27
222.70.245.33 - - [26/Jul/2023:06:55:05 +0800] "GET /xingrg/kc/base/wldb_order_operate.html?command=get_materiel&rest_code=00146&base_code=0010063&code=00101019372 HTTP/1.1" 200 481
222.70.245.33 - - [26/Jul/2023:06:55:13 +0800] "GET /xingrg/kc/base/wldb_order_operate.html?command=get_materiel&rest_code=00146&base_code=0010063&code=00101019185 HTTP/1.1" 200 469
222.70.245.33 - - [26/Jul/2023:06:55:21 +0800] "GET /xingrg/check_reg.html?_=1690325730142 HTTP/1.1" 200 22
222.70.245.33 - - [26/Jul/2023:06:55:21 +0800] "GET /xingrg/kc/base/wldb_order_operate.html?command=get_materiel&rest_code=00146&base_code=0010063&code=00101019127 HTTP/1.1" 200 480
116.238.191.126 - - [26/Jul/2023:06:55:27 +0800] "GET /xingrg/all/function/internal_message.html?_=1690325613958&CODE_STATE=getMsg HTTP/1.1" 302 -
120.253.135.82 - - [26/Jul/2023:06:55:28 +0800] "GET /xingrg/all/function/internal_message.html?_=1690325868476&CODE_STATE=getMsg HTTP/1.1" 200 27
222.70.245.33 - - [26/Jul/2023:06:55:35 +0800] "GET /xingrg/all/function/internal_message.html?_=1690325744273&CODE_STATE=getMsg HTTP/1.1" 200 27
222.70.245.33 - - [26/Jul/2023:06:55:36 +0800] "GET /xingrg/kc/base/wldb_order_operate.html?command=get_materiel&rest_code=00146&base_code=0010063&code=00101019391 HTTP/1.1" 200 485
116.232.195.127 - - [26/Jul/2023:06:55:40 +0800] "GET /xingrg/all/function/internal_message.html?_=1690325696624&CODE_STATE=getMsg HTTP/1.1" 200 27
114.85.113.108 - - [26/Jul/2023:06:55:40 +0800] "GET /xingrg/all/function/internal_message.html?_=1690325739660&CODE_STATE=getMsg HTTP/1.1" 200 27
222.70.245.33 - - [26/Jul/2023:06:55:45 +0800] "GET /xingrg/kc/base/wldb_order_operate.html?command=get_materiel&rest_code=00146&base_code=0010063&code=00101019400 HTTP/1.1" 200 464
222.70.245.33 - - [26/Jul/2023:06:55:55 +0800] "GET /xingrg/kc/base/wldb_order_operate.html?command=get_materiel&rest_code=00146&base_code=0010063&code=00101019183 HTTP/1.1" 200 449
124.78.155.92 - - [26/Jul/2023:06:55:58 +0800] "GET /xingrg/check_reg.html?_=1690325760278 HTTP/1.1" 200 22
124.78.155.92 - - [26/Jul/2023:06:55:58 +0800] "GET /xingrg/all/function/internal_message.html?_=1690325760275&CODE_STATE=getMsg HTTP/1.1" 200 27
222.70.180.90 - - [26/Jul/2023:06:56:02 +0800] "GET /xingrg/all/function/internal_message.html?_=1690325762107&CODE_STATE=getMsg HTTP/1.1" 200 27
222.70.245.33 - - [26/Jul/2023:06:56:16 +0800] "POST /xingrg/kc/base/wldb_order_operate.html HTTP/1.1" 200 37
222.70.245.33 - - [26/Jul/2023:06:56:17 +0800] "POST /xingrg/kc/base/wldb_order_operate.html HTTP/1.1" 200 4739
222.70.245.33 - - [26/Jul/2023:06:56:26 +0800] "POST /xingrg/kc/base/wldb_order_operate.html HTTP/1.1" 200 12
116.238.191.126 - - [26/Jul/2023:06:56:27 +0800] "GET /xingrg/all/function/internal_message.html?_=1690325673984&CODE_STATE=getMsg HTTP/1.1" 302 -
120.253.135.82 - - [26/Jul/2023:06:56:28 +0800] "GET /xingrg/all/function/internal_message.html?_=1690325928481&CODE_STATE=getMsg HTTP/1.1" 200 27
222.70.245.33 - - [26/Jul/2023:06:56:28 +0800] "GET /xingrg/kc/base/wldb_order_info.html?code=422023072602534 HTTP/1.1" 200 26307
222.70.245.33 - - [26/Jul/2023:06:56:29 +0800] "GET /xingrg/javascript/easyui/themes/default/validatebox.css HTTP/1.1" 404 1104
222.70.245.33 - - [26/Jul/2023:06:56:29 +0800] "POST /xingrg/kc/base/wldb_order_operate.html HTTP/1.1" 200 2978
222.70.245.33 - - [26/Jul/2023:06:56:31 +0800] "GET /xingrg/kc/base/wldb_order_add.html HTTP/1.1" 200 30428
222.70.245.33 - - [26/Jul/2023:06:56:32 +0800] "POST /xingrg/kc/base/wldb_order_operate.html HTTP/1.1" 200 6806
222.70.245.33 - - [26/Jul/2023:06:56:32 +0800] "GET /xingrg/javascript/easyui/themes/default/validatebox.css HTTP/1.1" 404 1104
222.70.245.33 - - [26/Jul/2023:06:56:35 +0800] "GET /xingrg/all/function/internal_message.html?_=1690325804286&CODE_STATE=getMsg HTTP/1.1" 200 27
116.232.195.127 - - [26/Jul/2023:06:56:40 +0800] "GET /xingrg/all/function/internal_message.html?_=1690325756632&CODE_STATE=getMsg HTTP/1.1" 200 27
114.85.113.108 - - [26/Jul/2023:06:56:40 +0800] "GET /xingrg/all/function/internal_message.html?_=1690325799676&CODE_STATE=getMsg HTTP/1.1" 200 27
222.70.245.33 - - [26/Jul/2023:06:56:53 +0800] "GET /xingrg/kc/base/wldb_order_operate.html?command=get_materiel&rest_code=00146&base_code=0010063&code=00101019306 HTTP/1.1" 200 478
180.163.29.103 - - [26/Jul/2023:06:56:58 +0800] "GET /xingrg/check_reg.html?_=1690325760278 HTTP/1.1" 302 -
180.163.29.103 - - [26/Jul/2023:06:56:58 +0800] "GET /xingrg/login.html HTTP/1.1" 200 7641
124.78.155.92 - - [26/Jul/2023:06:56:58 +0800] "GET /xingrg/all/function/internal_message.html?_=1690325820279&CODE_STATE=getMsg HTTP/1.1" 200 27
222.70.180.90 - - [26/Jul/2023:06:57:02 +0800] "GET /xingrg/all/function/internal_message.html?_=1690325822109&CODE_STATE=getMsg HTTP/1.1" 200 27
222.70.245.33 - - [26/Jul/2023:06:57:04 +0800] "GET /xingrg/kc/base/wldb_order_operate.html?command=get_materiel&rest_code=00146&base_code=0010063&code=00101019164 HTTP/1.1" 200 466
222.70.245.33 - - [26/Jul/2023:06:57:12 +0800] "GET /xingrg/kc/base/wldb_order_operate.html?command=get_materiel&rest_code=00146&base_code=0010063&code=00101013115 HTTP/1.1" 200 435
222.70.245.33 - - [26/Jul/2023:06:57:21 +0800] "GET /xingrg/kc/base/wldb_order_operate.html?command=get_materiel&rest_code=00146&base_code=0010063&code=00101019091 HTTP/1.1" 200 464
116.238.191.126 - - [26/Jul/2023:06:57:27 +0800] "GET /xingrg/all/function/internal_message.html?_=1690325734000&CODE_STATE=getMsg HTTP/1.1" 302 -
120.253.135.82 - - [26/Jul/2023:06:57:28 +0800] "GET /xingrg/all/function/internal_message.html?_=1690325988485&CODE_STATE=getMsg HTTP/1.1" 200 27
120.253.135.82 - - [26/Jul/2023:06:57:28 +0800] "GET /xingrg/check_reg.html?_=1690325988487 HTTP/1.1" 200 22
222.70.245.33 - - [26/Jul/2023:06:57:33 +0800] "GET /xingrg/kc/base/wldb_order_operate.html?command=get_materiel&rest_code=00146&base_code=0010063&code=00101016094 HTTP/1.1" 200 470
222.70.245.33 - - [26/Jul/2023:06:57:35 +0800] "GET /xingrg/all/function/internal_message.html?_=1690325864300&CODE_STATE=getMsg HTTP/1.1" 200 27
116.232.195.127 - - [26/Jul/2023:06:57:40 +0800] "GET /xingrg/all/function/internal_message.html?_=1690325816646&CODE_STATE=getMsg HTTP/1.1" 200 27
114.85.113.108 - - [26/Jul/2023:06:57:40 +0800] "GET /xingrg/all/function/internal_message.html?_=1690325859683&CODE_STATE=getMsg HTTP/1.1" 200 27
222.70.245.33 - - [26/Jul/2023:06:57:47 +0800] "GET /xingrg/kc/base/wldb_order_operate.html?command=get_materiel&rest_code=00146&base_code=0010063&code=00101016004 HTTP/1.1" 200 442
124.78.155.92 - - [26/Jul/2023:06:57:58 +0800] "GET /xingrg/all/function/internal_message.html?_=1690325880282&CODE_STATE=getMsg HTTP/1.1" 200 27
222.70.180.90 - - [26/Jul/2023:06:58:02 +0800] "GET /xingrg/all/function/internal_message.html?_=1690325882108&CODE_STATE=getMsg HTTP/1.1" 200 27
222.70.245.33 - - [26/Jul/2023:06:58:09 +0800] "POST /xingrg/kc/base/wldb_order_operate.html HTTP/1.1" 200 37
116.238.191.126 - - [26/Jul/2023:06:58:14 +0800] "GET /xingrg/check_reg.html?_=1690325780551 HTTP/1.1" 302 -
222.70.245.33 - - [26/Jul/2023:06:58:18 +0800] "POST /xingrg/kc/base/wldb_order_operate.html HTTP/1.1" 200 12
222.70.245.33 - - [26/Jul/2023:06:58:18 +0800] "POST /xingrg/kc/base/wldb_order_operate.html HTTP/1.1" 200 4675
222.70.245.33 - - [26/Jul/2023:06:58:21 +0800] "GET /xingrg/kc/base/wldb_order_info.html?code=422023072602535 HTTP/1.1" 200 26307
222.70.245.33 - - [26/Jul/2023:06:58:21 +0800] "GET /xingrg/javascript/easyui/themes/default/validatebox.css HTTP/1.1" 404 1104
222.70.245.33 - - [26/Jul/2023:06:58:21 +0800] "POST /xingrg/kc/base/wldb_order_operate.html HTTP/1.1" 200 2915
116.238.191.126 - - [26/Jul/2023:06:58:27 +0800] "GET /xingrg/all/function/internal_message.html?_=1690325794026&CODE_STATE=getMsg HTTP/1.1" 302 -
120.253.135.82 - - [26/Jul/2023:06:58:28 +0800] "GET /xingrg/all/function/internal_message.html?_=1690326048489&CODE_STATE=getMsg HTTP/1.1" 200 27
222.70.245.33 - - [26/Jul/2023:06:58:30 +0800] "GET /xingrg/kc/base/wldb_order_add.html HTTP/1.1" 200 30428
222.70.245.33 - - [26/Jul/2023:06:58:30 +0800] "POST /xingrg/kc/base/wldb_order_operate.html HTTP/1.1" 200 6806
222.70.245.33 - - [26/Jul/2023:06:58:30 +0800] "GET /xingrg/javascript/easyui/themes/default/validatebox.css HTTP/1.1" 404 1104
222.70.245.33 - - [26/Jul/2023:06:58:35 +0800] "GET /xingrg/all/function/internal_message.html?_=1690325924313&CODE_STATE=getMsg HTTP/1.1" 200 27
116.232.195.127 - - [26/Jul/2023:06:58:40 +0800] "GET /xingrg/check_reg.html?_=1690325876644 HTTP/1.1" 200 22
116.232.195.127 - - [26/Jul/2023:06:58:40 +0800] "GET /xingrg/all/function/internal_message.html?_=1690325876646&CODE_STATE=getMsg HTTP/1.1" 200 27
114.85.113.108 - - [26/Jul/2023:06:58:40 +0800] "GET /xingrg/all/function/internal_message.html?_=1690325919684&CODE_STATE=getMsg HTTP/1.1" 200 27
222.70.245.33 - - [26/Jul/2023:06:58:51 +0800] "GET /xingrg/kc/base/wldb_order_operate.html?command=get_materiel&rest_code=00146&base_code=0010063&code=00101019030 HTTP/1.1" 200 465
124.78.155.92 - - [26/Jul/2023:06:58:58 +0800] "GET /xingrg/all/function/internal_message.html?_=1690325940276&CODE_STATE=getMsg HTTP/1.1" 200 27
222.70.245.33 - - [26/Jul/2023:06:59:00 +0800] "GET /xingrg/kc/base/wldb_order_operate.html?command=get_materiel&rest_code=00146&base_code=0010063&code=00101019448 HTTP/1.1" 200 483
222.70.180.90 - - [26/Jul/2023:06:59:02 +0800] "GET /xingrg/all/function/internal_message.html?_=1690325942095&CODE_STATE=getMsg HTTP/1.1" 200 27
222.70.245.33 - - [26/Jul/2023:06:59:25 +0800] "GET /xingrg/kc/base/wldb_order_operate.html?command=get_materiel&rest_code=00146&base_code=0010063&code=00101019079 HTTP/1.1" 200 479
116.238.191.126 - - [26/Jul/2023:06:59:27 +0800] "GET /xingrg/all/function/internal_message.html?_=1690325854043&CODE_STATE=getMsg HTTP/1.1" 302 -
120.253.135.82 - - [26/Jul/2023:06:59:28 +0800] "GET /xingrg/all/function/internal_message.html?_=1690326108494&CODE_STATE=getMsg HTTP/1.1" 200 27
222.70.245.33 - - [26/Jul/2023:06:59:32 +0800] "GET /xingrg/kc/base/wldb_order_operate.html?command=get_materiel&rest_code=00146&base_code=0010063&code=00101019438 HTTP/1.1" 200 462
222.70.245.33 - - [26/Jul/2023:06:59:35 +0800] "GET /xingrg/all/function/internal_message.html?_=1690325984327&CODE_STATE=getMsg HTTP/1.1" 200 27
