101.83.145.37 - - [26/Jul/2023:11:14:55 +0800] "GET /xingrg/kc/buy/cgsh_order_operate.html?command=get_materiel&rest_code=00105&code=00101001115&supplier_code=00100089&order_time=2023-07-26 HTTP/1.1" 200 416
218.81.74.148 - - [26/Jul/2023:11:14:55 +0800] "GET /xingrg/kc/buy/cgsh_order_operate.html?command=get_materiel&rest_code=00148&code=00101008112&supplier_code=00100008&order_time=2023-07-26 HTTP/1.1" 200 412
222.70.245.33 - - [26/Jul/2023:11:15:01 +0800] "GET /xingrg/kc/buy/cgsh_order_operate.html?command=get_materiel&rest_code=00146&code=00101016080&supplier_code=00100033&order_time=2023-07-26 HTTP/1.1" 200 408
101.83.145.37 - - [26/Jul/2023:11:15:02 +0800] "GET /xingrg/all/function/internal_message.html?_=1690341303555&CODE_STATE=getMsg HTTP/1.1" 200 27
124.78.70.128 - - [26/Jul/2023:11:15:03 +0800] "GET /xingrg/kc/buy/cgsh_order_operate.html?command=get_materiel&rest_code=00141&code=00101004051&supplier_code=00100312&order_time=2023-07-26 HTTP/1.1" 200 408
120.253.135.82 - - [26/Jul/2023:11:15:05 +0800] "GET /xingrg/all/function/internal_message.html?_=1690341445879&CODE_STATE=getMsg HTTP/1.1" 200 27
101.228.187.155 - - [26/Jul/2023:11:15:07 +0800] "GET /xingrg/all/function/internal_message.html?_=1690341307130&CODE_STATE=getMsg HTTP/1.1" 200 27
180.165.154.167 - - [26/Jul/2023:11:15:08 +0800] "GET /xingrg/check_reg.html?_=1690341307673 HTTP/1.1" 200 22
180.165.154.167 - - [26/Jul/2023:11:15:08 +0800] "GET /xingrg/all/function/internal_message.html?_=1690341307677&CODE_STATE=getMsg HTTP/1.1" 200 27
218.81.74.148 - - [26/Jul/2023:11:15:09 +0800] "GET /xingrg/kc/buy/cgsh_order_operate.html?command=get_materiel&rest_code=00148&code=00101008185&supplier_code=00100008&order_time=2023-07-26 HTTP/1.1" 200 408
124.78.70.128 - - [26/Jul/2023:11:15:09 +0800] "GET /xingrg/all/function/internal_message.html?_=1690340777400&CODE_STATE=getMsg HTTP/1.1" 200 27
124.78.155.92 - - [26/Jul/2023:11:15:10 +0800] "GET /xingrg/all/function/internal_message.html?_=1690341311800&CODE_STATE=getMsg HTTP/1.1" 200 27
180.169.147.146 - - [26/Jul/2023:11:15:12 +0800] "GET /xingrg/all/function/internal_message.html?_=1690341311298&CODE_STATE=getMsg HTTP/1.1" 200 27
124.78.70.128 - - [26/Jul/2023:11:15:16 +0800] "GET /xingrg/kc/buy/cgsh_order_operate.html?command=get_materiel&rest_code=00141&code=00101004046&supplier_code=00100312&order_time=2023-07-26 HTTP/1.1" 200 418
180.169.147.146 - - [26/Jul/2023:11:15:19 +0800] "GET /xingrg/all/function/internal_message.html?_=1690341319528&CODE_STATE=getMsg HTTP/1.1" 200 27
180.163.30.27 - - [26/Jul/2023:11:15:19 +0800] "GET /xingrg/all/function/internal_message.html?_=1690341259524&CODE_STATE=getMsg HTTP/1.1" 302 -
180.163.30.27 - - [26/Jul/2023:11:15:19 +0800] "GET /xingrg/login.html HTTP/1.1" 200 7641
116.238.191.126 - - [26/Jul/2023:11:15:21 +0800] "GET /xingrg/all/function/internal_message.html?_=1690341208097&CODE_STATE=getMsg HTTP/1.1" 200 27
101.83.145.37 - - [26/Jul/2023:11:15:23 +0800] "POST /xingrg/kc/buy/cgsh_order_operate.html HTTP/1.1" 200 37
180.152.241.196 - - [26/Jul/2023:11:15:24 +0800] "GET /xingrg/check_reg.html?_=1690341324328 HTTP/1.1" 200 22
180.152.241.196 - - [26/Jul/2023:11:15:24 +0800] "GET /xingrg/all/function/internal_message.html?_=1690341324326&CODE_STATE=getMsg HTTP/1.1" 200 27
101.83.145.37 - - [26/Jul/2023:11:15:26 +0800] "POST /xingrg/kc/buy/cgsh_order_operate.html HTTP/1.1" 200 2660
124.78.70.128 - - [26/Jul/2023:11:15:29 +0800] "GET /xingrg/kc/buy/cgsh_order_operate.html?command=get_materiel&rest_code=00141&code=00101004067&supplier_code=00100312&order_time=2023-07-26 HTTP/1.1" 200 413
120.253.135.82 - - [26/Jul/2023:11:15:29 +0800] "GET /xingrg/all/function/internal_message.html?_=1690341152033&CODE_STATE=getMsg HTTP/1.1" 200 27
114.85.113.108 - - [26/Jul/2023:11:15:32 +0800] "GET /xingrg/all/function/internal_message.html?_=1690341331812&CODE_STATE=getMsg HTTP/1.1" 200 27
222.70.114.12 - - [26/Jul/2023:11:15:33 +0800] "GET /xingrg/check_reg.html?_=1690341338383 HTTP/1.1" 200 22
222.70.114.12 - - [26/Jul/2023:11:15:33 +0800] "GET /xingrg/all/function/internal_message.html?_=1690341338384&CODE_STATE=getMsg HTTP/1.1" 200 27
222.70.114.12 - - [26/Jul/2023:11:15:34 +0800] "GET /xingrg/kc/buy/cgsh_order_add.html HTTP/1.1" 200 71803
222.70.114.12 - - [26/Jul/2023:11:15:34 +0800] "GET /xingrg/words/20230726095329_words.js HTTP/1.1" 200 974639
222.70.114.12 - - [26/Jul/2023:11:15:34 +0800] "POST /xingrg/kc/buy/cgsh_order_operate.html HTTP/1.1" 200 8245
222.70.114.12 - - [26/Jul/2023:11:15:34 +0800] "GET /xingrg/javascript/easyui/themes/default/validatebox.css HTTP/1.1" 404 1104
222.70.114.12 - - [26/Jul/2023:11:15:35 +0800] "GET /xingrg/all/common/auto_word.html?type=employee&rest_code=00156 HTTP/1.1" 200 97
222.70.114.12 - - [26/Jul/2023:11:15:35 +0800] "GET /xingrg/all/common/auto_word.html?type=employee&rest_code=00156 HTTP/1.1" 200 97
218.81.74.148 - - [26/Jul/2023:11:15:36 +0800] "GET /xingrg/kc/buy/cgsh_order_operate.html?command=get_materiel&rest_code=00148&code=00101008296&supplier_code=00100008&order_time=2023-07-26 HTTP/1.1" 200 416
116.232.195.127 - - [26/Jul/2023:11:15:38 +0800] "GET /xingrg/all/function/internal_message.html?_=1690341294948&CODE_STATE=getMsg HTTP/1.1" 200 27
218.81.74.148 - - [26/Jul/2023:11:15:39 +0800] "GET /xingrg/all/function/internal_message.html?_=1690341345060&CODE_STATE=getMsg HTTP/1.1" 200 27
124.78.70.128 - - [26/Jul/2023:11:15:40 +0800] "GET /xingrg/kc/buy/cgsh_order_operate.html?command=get_materiel&rest_code=00141&code=00101004071&supplier_code=00100312&order_time=2023-07-26 HTTP/1.1" 200 409
218.81.74.148 - - [26/Jul/2023:11:15:42 +0800] "GET /xingrg/all/function/internal_message.html?_=1690341342041&CODE_STATE=getMsg HTTP/1.1" 200 27
222.70.245.33 - - [26/Jul/2023:11:15:42 +0800] "GET /xingrg/all/function/internal_message.html?_=1690341352532&CODE_STATE=getMsg HTTP/1.1" 200 27
180.152.241.196 - - [26/Jul/2023:11:15:42 +0800] "GET /xingrg/all/function/internal_message.html?_=1690341358087&CODE_STATE=getMsg HTTP/1.1" 200 27
222.70.114.12 - - [26/Jul/2023:11:15:43 +0800] "GET /xingrg/javascript/auto/indicator.gif HTTP/1.1" 404 1066
222.70.180.90 - - [26/Jul/2023:11:15:44 +0800] "GET /xingrg/all/function/internal_message.html?_=1690341343384&CODE_STATE=getMsg HTTP/1.1" 200 27
114.83.216.74 - - [26/Jul/2023:11:15:46 +0800] "GET /xingrg/all/function/internal_message.html?_=1690341343827&CODE_STATE=getMsg HTTP/1.1" 200 27
218.81.74.148 - - [26/Jul/2023:11:15:48 +0800] "GET /xingrg/kc/buy/cgsh_order_operate.html?command=get_materiel&rest_code=00148&code=00101008353&supplier_code=00100008&order_time=2023-07-26 HTTP/1.1" 200 408
222.70.114.12 - - [26/Jul/2023:11:15:49 +0800] "GET /xingrg/index.html?sysBaseUrl=http%3A%2F%2F180.169.147.146%3A18081%2Fxingrg%2F&costTime=4185×tamp=1690341032875 HTTP/1.1" 200 17179
222.70.114.12 - - [26/Jul/2023:11:15:49 +0800] "GET /xingrg/check_reg.html?_=1690341354355 HTTP/1.1" 200 22
222.70.114.12 - - [26/Jul/2023:11:15:49 +0800] "GET /xingrg/all/function/internal_message.html?_=1690341354355&CODE_STATE=count HTTP/1.1" 200 11
222.70.114.12 - - [26/Jul/2023:11:15:49 +0800] "GET /favicon.ico HTTP/1.1" 404 -
222.70.114.12 - - [26/Jul/2023:11:15:49 +0800] "POST /xingrg/all/common/load_tree.html?tree=area_rest_tree_json&manage=1 HTTP/1.1" 200 351
222.70.114.12 - - [26/Jul/2023:11:15:49 +0800] "POST /xingrg/load_menu.html HTTP/1.1" 200 5138
124.78.70.128 - - [26/Jul/2023:11:15:50 +0800] "GET /xingrg/kc/buy/cgsh_order_operate.html?command=get_materiel&rest_code=00141&code=00101008318&supplier_code=00100312&order_time=2023-07-26 HTTP/1.1" 200 408
222.70.114.12 - - [26/Jul/2023:11:15:50 +0800] "GET /xingrg/kc/buy/buy_main.html HTTP/1.1" 200 12412
222.70.114.12 - - [26/Jul/2023:11:15:50 +0800] "GET /xingrg/css/new_ie.css HTTP/1.1" 404 1036
222.70.180.90 - - [26/Jul/2023:11:15:51 +0800] "GET /xingrg/all/function/internal_message.html?_=1690341467393&CODE_STATE=getMsg HTTP/1.1" 200 27
218.81.74.148 - - [26/Jul/2023:11:15:51 +0800] "POST /xingrg/kc/buy/cgsh_order_operate.html HTTP/1.1" 200 2065
222.70.114.12 - - [26/Jul/2023:11:15:52 +0800] "GET /xingrg/kc/buy/cgsh_order_list.html HTTP/1.1" 200 55948
222.70.114.12 - - [26/Jul/2023:11:15:55 +0800] "POST /xingrg/kc/buy/cgsh_list_operate.html HTTP/1.1" 200 986
222.70.114.12 - - [26/Jul/2023:11:15:56 +0800] "GET /xingrg/kc/buy/cgsh_order_add.html HTTP/1.1" 200 71803
222.70.114.12 - - [26/Jul/2023:11:15:56 +0800] "GET /xingrg/words/20230726095329_words.js HTTP/1.1" 200 974639
222.70.114.12 - - [26/Jul/2023:11:15:57 +0800] "POST /xingrg/kc/buy/cgsh_order_operate.html HTTP/1.1" 200 8245
222.70.114.12 - - [26/Jul/2023:11:15:57 +0800] "GET /xingrg/javascript/easyui/themes/default/validatebox.css HTTP/1.1" 404 1104
222.70.114.12 - - [26/Jul/2023:11:15:57 +0800] "GET /xingrg/all/common/auto_word.html?type=employee&rest_code=00156 HTTP/1.1" 200 97
222.70.114.12 - - [26/Jul/2023:11:15:57 +0800] "GET /xingrg/all/common/auto_word.html?type=employee&rest_code=00156 HTTP/1.1" 200 97
222.70.245.33 - - [26/Jul/2023:11:15:57 +0800] "GET /xingrg/kc/buy/cgsh_order_operate.html?command=get_materiel&rest_code=00146&code=00101011001&supplier_code=00100033&order_time=2023-07-26 HTTP/1.1" 200 423
124.78.70.128 - - [26/Jul/2023:11:15:59 +0800] "GET /xingrg/kc/buy/cgsh_order_operate.html?command=get_materiel&rest_code=00141&code=00101001156&supplier_code=00100312&order_time=2023-07-26 HTTP/1.1" 200 409
222.70.114.12 - - [26/Jul/2023:11:16:00 +0800] "GET /xingrg/javascript/jquery_tools/images/prev.gif HTTP/1.1" 404 1086
222.70.114.12 - - [26/Jul/2023:11:16:00 +0800] "GET /xingrg/javascript/jquery_tools/images/next.gif HTTP/1.1" 404 1086
218.81.74.148 - - [26/Jul/2023:11:16:01 +0800] "GET /xingrg/kc/buy/cgsh_order_operate.html?command=get_materiel&rest_code=00148&code=00101008213&supplier_code=00100008&order_time=2023-07-26 HTTP/1.1" 200 412
101.83.145.37 - - [26/Jul/2023:11:16:02 +0800] "GET /xingrg/all/function/internal_message.html?_=1690341363527&CODE_STATE=getMsg HTTP/1.1" 200 27
120.253.135.82 - - [26/Jul/2023:11:16:05 +0800] "GET /xingrg/all/function/internal_message.html?_=1690341505884&CODE_STATE=getMsg HTTP/1.1" 200 27
101.228.187.155 - - [26/Jul/2023:11:16:07 +0800] "GET /xingrg/all/function/internal_message.html?_=1690341367128&CODE_STATE=getMsg HTTP/1.1" 200 27
180.165.154.167 - - [26/Jul/2023:11:16:08 +0800] "GET /xingrg/all/function/internal_message.html?_=1690341367689&CODE_STATE=getMsg HTTP/1.1" 200 27
124.78.70.128 - - [26/Jul/2023:11:16:08 +0800] "GET /xingrg/kc/buy/cgsh_order_operate.html?command=get_materiel&rest_code=00141&code=00101001045&supplier_code=00100312&order_time=2023-07-26 HTTP/1.1" 200 423
124.78.70.128 - - [26/Jul/2023:11:16:09 +0800] "GET /xingrg/all/function/internal_message.html?_=1690340837371&CODE_STATE=getMsg HTTP/1.1" 200 27
124.78.155.92 - - [26/Jul/2023:11:16:10 +0800] "GET /xingrg/all/function/internal_message.html?_=1690341371781&CODE_STATE=getMsg HTTP/1.1" 200 27
124.78.155.92 - - [26/Jul/2023:11:16:10 +0800] "POST /xingrg/kc/base/wldb_list_operate.html HTTP/1.1" 200 2174
222.70.114.12 - - [26/Jul/2023:11:16:11 +0800] "GET /xingrg/kc/buy/cgsh_order_operate.html?command=get_materiel&rest_code=00156&code=00101006177&supplier_code=00100012&order_time=2023-07-26 HTTP/1.1" 200 408
218.81.74.148 - - [26/Jul/2023:11:16:12 +0800] "GET /xingrg/kc/buy/cgsh_order_operate.html?command=get_materiel&rest_code=00148&code=00101008305&supplier_code=00100008&order_time=2023-07-26 HTTP/1.1" 200 412
180.169.147.146 - - [26/Jul/2023:11:16:12 +0800] "GET /xingrg/all/function/internal_message.html?_=1690341371291&CODE_STATE=getMsg HTTP/1.1" 200 27
180.169.147.146 - - [26/Jul/2023:11:16:12 +0800] "GET /xingrg/check_reg.html?_=1690341371292 HTTP/1.1" 200 22
124.78.155.92 - - [26/Jul/2023:11:16:12 +0800] "GET /xingrg/kc/base/wldb_order_add.html HTTP/1.1" 200 30426
124.78.155.92 - - [26/Jul/2023:11:16:13 +0800] "GET /xingrg/words/20230726095329_words.js HTTP/1.1" 304 -
124.78.155.92 - - [26/Jul/2023:11:16:13 +0800] "POST /xingrg/kc/base/wldb_order_operate.html HTTP/1.1" 200 6806
124.78.155.92 - - [26/Jul/2023:11:16:13 +0800] "GET /xingrg/javascript/easyui/themes/default/validatebox.css HTTP/1.1" 404 1104
124.78.155.92 - - [26/Jul/2023:11:16:14 +0800] "POST /xingrg/all/common/load_combo.html?type=base HTTP/1.1" 200 3227
124.78.155.92 - - [26/Jul/2023:11:16:17 +0800] "POST /xingrg/all/common/load_combo.html?type=base HTTP/1.1" 200 3227
222.70.245.33 - - [26/Jul/2023:11:16:17 +0800] "GET /xingrg/kc/buy/cgsh_order_operate.html?command=get_materiel&rest_code=00146&code=00101007109&supplier_code=00100033&order_time=2023-07-26 HTTP/1.1" 200 408
124.78.70.128 - - [26/Jul/2023:11:16:17 +0800] "GET /xingrg/kc/buy/cgsh_order_operate.html?command=get_materiel&rest_code=00141&code=00101001047&supplier_code=00100312&order_time=2023-07-26 HTTP/1.1" 200 423
180.169.147.146 - - [26/Jul/2023:11:16:19 +0800] "GET /xingrg/all/function/internal_message.html?_=1690341379516&CODE_STATE=getMsg HTTP/1.1" 200 27
180.169.147.146 - - [26/Jul/2023:11:16:19 +0800] "GET /xingrg/check_reg.html?_=1690341379514 HTTP/1.1" 200 22
116.238.191.126 - - [26/Jul/2023:11:16:21 +0800] "GET /xingrg/all/function/internal_message.html?_=1690341268125&CODE_STATE=getMsg HTTP/1.1" 200 27
222.70.114.12 - - [26/Jul/2023:11:16:23 +0800] "GET /xingrg/kc/buy/cgsh_order_operate.html?command=get_materiel&rest_code=00156&code=00101006068&supplier_code=00100012&order_time=2023-07-26 HTTP/1.1" 200 409
180.152.241.196 - - [26/Jul/2023:11:16:24 +0800] "GET /xingrg/all/function/internal_message.html?_=1690341384312&CODE_STATE=getMsg HTTP/1.1" 200 27
124.78.70.128 - - [26/Jul/2023:11:16:27 +0800] "GET /xingrg/kc/buy/cgsh_order_operate.html?command=get_materiel&rest_code=00141&code=00101004038&supplier_code=00100312&order_time=2023-07-26 HTTP/1.1" 200 409
120.253.135.82 - - [26/Jul/2023:11:16:29 +0800] "GET /xingrg/all/function/internal_message.html?_=1690341212175&CODE_STATE=getMsg HTTP/1.1" 200 27
114.85.113.108 - - [26/Jul/2023:11:16:33 +0800] "GET /xingrg/all/function/internal_message.html?_=1690341391816&CODE_STATE=getMsg HTTP/1.1" 200 27
222.70.114.12 - - [26/Jul/2023:11:16:33 +0800] "GET /xingrg/kc/buy/cgsh_order_operate.html?command=get_materiel&rest_code=00156&code=00101012032&supplier_code=00100012&order_time=2023-07-26 HTTP/1.1" 200 416
116.232.195.127 - - [26/Jul/2023:11:16:38 +0800] "GET /xingrg/all/function/internal_message.html?_=1690341354931&CODE_STATE=getMsg HTTP/1.1" 200 27
218.81.74.148 - - [26/Jul/2023:11:16:39 +0800] "GET /xingrg/all/function/internal_message.html?_=1690341405064&CODE_STATE=getMsg HTTP/1.1" 200 27
218.81.74.148 - - [26/Jul/2023:11:16:39 +0800] "GET /xingrg/check_reg.html?_=1690341405065 HTTP/1.1" 200 22
222.70.245.33 - - [26/Jul/2023:11:16:40 +0800] "GET /xingrg/check_reg.html?_=1690341410014 HTTP/1.1" 200 22
222.70.114.12 - - [26/Jul/2023:11:16:41 +0800] "GET /xingrg/kc/buy/cgsh_order_operate.html?command=get_materiel&rest_code=00156&code=00101012003&supplier_code=00100012&order_time=2023-07-26 HTTP/1.1" 200 412
218.81.74.148 - - [26/Jul/2023:11:16:42 +0800] "GET /xingrg/all/function/internal_message.html?_=1690341402026&CODE_STATE=getMsg HTTP/1.1" 200 27
222.70.245.33 - - [26/Jul/2023:11:16:42 +0800] "GET /xingrg/all/function/internal_message.html?_=1690341412544&CODE_STATE=getMsg HTTP/1.1" 200 27
180.152.241.196 - - [26/Jul/2023:11:16:42 +0800] "GET /xingrg/all/function/internal_message.html?_=1690341418087&CODE_STATE=getMsg HTTP/1.1" 200 27
222.70.180.90 - - [26/Jul/2023:11:16:44 +0800] "GET /xingrg/all/function/internal_message.html?_=1690341403370&CODE_STATE=getMsg HTTP/1.1" 200 27
124.78.70.128 - - [26/Jul/2023:11:16:44 +0800] "GET /xingrg/kc/buy/cgsh_order_operate.html?command=get_materiel&rest_code=00141&code=00101004127&supplier_code=00100312&order_time=2023-07-26 HTTP/1.1" 200 399
114.83.216.74 - - [26/Jul/2023:11:16:46 +0800] "GET /xingrg/all/function/internal_message.html?_=1690341403799&CODE_STATE=getMsg HTTP/1.1" 200 27
222.70.114.12 - - [26/Jul/2023:11:16:49 +0800] "GET /xingrg/all/function/internal_message.html?_=1690341414365&CODE_STATE=getMsg HTTP/1.1" 200 27
218.81.74.148 - - [26/Jul/2023:11:16:51 +0800] "GET /xingrg/kc/buy/cgsh_order_operate.html?command=get_materiel&rest_code=00148&code=00101008350&supplier_code=00100008&order_time=2023-07-26 HTTP/1.1" 200 408
222.70.180.90 - - [26/Jul/2023:11:16:51 +0800] "GET /xingrg/all/function/internal_message.html?_=1690341527391&CODE_STATE=getMsg HTTP/1.1" 200 27
222.70.114.12 - - [26/Jul/2023:11:16:54 +0800] "GET /xingrg/kc/buy/cgsh_order_operate.html?command=get_materiel&rest_code=00156&code=00101012051&supplier_code=00100012&order_time=2023-07-26 HTTP/1.1" 200 408
124.78.70.128 - - [26/Jul/2023:11:16:55 +0800] "GET /xingrg/kc/buy/cgsh_order_operate.html?command=get_materiel&rest_code=00141&code=00101004057&supplier_code=00100312&order_time=2023-07-26 HTTP/1.1" 200 409
222.70.245.33 - - [26/Jul/2023:11:16:58 +0800] "GET /xingrg/kc/buy/cgsh_order_operate.html?command=get_materiel&rest_code=00146&code=00101023049&supplier_code=00100033&order_time=2023-07-26 HTTP/1.1" 200 391
101.83.145.37 - - [26/Jul/2023:11:17:02 +0800] "GET /xingrg/all/function/internal_message.html?_=1690341423492&CODE_STATE=getMsg HTTP/1.1" 200 27
222.70.114.12 - - [26/Jul/2023:11:17:03 +0800] "GET /xingrg/kc/buy/cgsh_order_operate.html?command=get_materiel&rest_code=00156&code=00101007109&supplier_code=00100012&order_time=2023-07-26 HTTP/1.1" 200 408
120.253.135.82 - - [26/Jul/2023:11:17:05 +0800] "GET /xingrg/all/function/internal_message.html?_=1690341565887&CODE_STATE=getMsg HTTP/1.1" 200 27
124.78.70.128 - - [26/Jul/2023:11:17:07 +0800] "GET /xingrg/kc/buy/cgsh_order_operate.html?command=get_materiel&rest_code=00141&code=00101001029&supplier_code=00100312&order_time=2023-07-26 HTTP/1.1" 200 417
101.228.187.155 - - [26/Jul/2023:11:17:07 +0800] "GET /xingrg/check_reg.html?_=1690341427137 HTTP/1.1" 200 22
101.228.187.155 - - [26/Jul/2023:11:17:07 +0800] "GET /xingrg/all/function/internal_message.html?_=1690341427140&CODE_STATE=getMsg HTTP/1.1" 200 27
180.165.154.167 - - [26/Jul/2023:11:17:08 +0800] "GET /xingrg/all/function/internal_message.html?_=1690341427677&CODE_STATE=getMsg HTTP/1.1" 200 27
124.78.70.128 - - [26/Jul/2023:11:17:09 +0800] "GET /xingrg/all/function/internal_message.html?_=1690340897351&CODE_STATE=getMsg HTTP/1.1" 200 27
124.78.155.92 - - [26/Jul/2023:11:17:10 +0800] "GET /xingrg/all/function/internal_message.html?_=1690341431763&CODE_STATE=getMsg HTTP/1.1" 200 27
180.169.147.146 - - [26/Jul/2023:11:17:12 +0800] "GET /xingrg/all/function/internal_message.html?_=1690341431308&CODE_STATE=getMsg HTTP/1.1" 200 27
222.70.180.90 - - [26/Jul/2023:11:17:17 +0800] "GET /xingrg/kc/buy/buy_main.html HTTP/1.1" 200 12412
222.70.180.90 - - [26/Jul/2023:11:17:17 +0800] "GET /xingrg/css/new_ie.css HTTP/1.1" 404 1036
222.70.245.33 - - [26/Jul/2023:11:17:17 +0800] "GET /xingrg/kc/buy/cgsh_order_operate.html?command=get_materiel&rest_code=00146&code=00101016025&supplier_code=00100033&order_time=2023-07-26 HTTP/1.1" 200 408
222.70.180.90 - - [26/Jul/2023:11:17:18 +0800] "GET /xingrg/images/yd/bt.gif HTTP/1.1" 404 1040
180.169.147.146 - - [26/Jul/2023:11:17:19 +0800] "GET /xingrg/all/function/internal_message.html?_=1690341439511&CODE_STATE=getMsg HTTP/1.1" 200 27
222.70.180.90 - - [26/Jul/2023:11:17:19 +0800] "GET /xingrg/kc/buy/cgsh_order_list.html HTTP/1.1" 200 55942
116.238.191.126 - - [26/Jul/2023:11:17:21 +0800] "GET /xingrg/all/function/internal_message.html?_=1690341328126&CODE_STATE=getMsg HTTP/1.1" 200 27
180.152.241.196 - - [26/Jul/2023:11:17:24 +0800] "GET /xingrg/all/function/internal_message.html?_=1690341444318&CODE_STATE=getMsg HTTP/1.1" 200 27
124.78.70.128 - - [26/Jul/2023:11:17:25 +0800] "GET /xingrg/kc/buy/cgsh_order_operate.html?command=get_materiel&rest_code=00141&code=00101005022&supplier_code=00100312&order_time=2023-07-26 HTTP/1.1" 200 417
222.70.180.90 - - [26/Jul/2023:11:17:26 +0800] "POST /xingrg/kc/buy/cgsh_list_operate.html HTTP/1.1" 200 3965
222.70.180.90 - - [26/Jul/2023:11:17:29 +0800] "GET /xingrg/kc/buy/cgsh_order_add.html HTTP/1.1" 200 71680
120.253.135.82 - - [26/Jul/2023:11:17:29 +0800] "GET /xingrg/all/function/internal_message.html?_=1690341272186&CODE_STATE=getMsg HTTP/1.1" 200 27
222.70.180.90 - - [26/Jul/2023:11:17:29 +0800] "POST /xingrg/kc/buy/cgsh_order_operate.html HTTP/1.1" 200 8245
222.70.180.90 - - [26/Jul/2023:11:17:29 +0800] "GET /xingrg/javascript/easyui/themes/default/validatebox.css HTTP/1.1" 404 1104
114.85.113.108 - - [26/Jul/2023:11:17:33 +0800] "GET /xingrg/all/function/internal_message.html?_=1690341451804&CODE_STATE=getMsg HTTP/1.1" 200 27
222.70.180.90 - - [26/Jul/2023:11:17:33 +0800] "GET /xingrg/javascript/jquery_tools/images/prev.gif HTTP/1.1" 404 1086
114.85.113.108 - - [26/Jul/2023:11:17:33 +0800] "GET /xingrg/check_reg.html?_=1690341451807 HTTP/1.1" 200 22
222.70.180.90 - - [26/Jul/2023:11:17:33 +0800] "GET /xingrg/javascript/jquery_tools/images/next.gif HTTP/1.1" 404 1086
222.70.245.33 - - [26/Jul/2023:11:17:37 +0800] "POST /xingrg/kc/buy/cgsh_order_operate.html HTTP/1.1" 200 37
116.232.195.127 - - [26/Jul/2023:11:17:38 +0800] "GET /xingrg/all/function/internal_message.html?_=1690341414930&CODE_STATE=getMsg HTTP/1.1" 200 27
218.81.74.148 - - [26/Jul/2023:11:17:39 +0800] "GET /xingrg/all/function/internal_message.html?_=1690341465058&CODE_STATE=getMsg HTTP/1.1" 200 27
222.70.114.12 - - [26/Jul/2023:11:17:42 +0800] "POST /xingrg/kc/buy/cgsh_order_operate.html HTTP/1.1" 200 37
222.70.245.33 - - [26/Jul/2023:11:17:42 +0800] "POST /xingrg/kc/buy/cgsh_order_operate.html HTTP/1.1" 200 6186
218.81.74.148 - - [26/Jul/2023:11:17:42 +0800] "GET /xingrg/all/function/internal_message.html?_=1690341462069&CODE_STATE=getMsg HTTP/1.1" 200 27
222.70.245.33 - - [26/Jul/2023:11:17:42 +0800] "GET /xingrg/all/function/internal_message.html?_=1690341472559&CODE_STATE=getMsg HTTP/1.1" 200 27
180.152.241.196 - - [26/Jul/2023:11:17:43 +0800] "GET /xingrg/all/function/internal_message.html?_=1690341478086&CODE_STATE=getMsg HTTP/1.1" 200 27
218.81.74.148 - - [26/Jul/2023:11:17:43 +0800] "GET /xingrg/kc/buy/cgsh_order_operate.html?command=get_materiel&rest_code=00148&code=00101008224&supplier_code=00100008&order_time=2023-07-26 HTTP/1.1" 200 416
124.78.70.128 - - [26/Jul/2023:11:17:43 +0800] "GET /xingrg/kc/buy/cgsh_order_operate.html?command=get_materiel&rest_code=00141&code=00101005055&supplier_code=00100312&order_time=2023-07-26 HTTP/1.1" 200 406
222.70.180.90 - - [26/Jul/2023:11:17:44 +0800] "GET /xingrg/all/function/internal_message.html?_=1690341463372&CODE_STATE=getMsg HTTP/1.1" 200 27
222.70.114.12 - - [26/Jul/2023:11:17:44 +0800] "POST /xingrg/kc/buy/cgsh_order_operate.html HTTP/1.1" 200 5602
222.70.245.33 - - [26/Jul/2023:11:17:44 +0800] "GET /xingrg/kc/print/load_data.html?order_code=212023072610249&kc_code=cgsh&condition= HTTP/1.1" 200 2051
222.70.180.90 - - [26/Jul/2023:11:17:44 +0800] "GET /xingrg/kc/buy/cgsh_order_operate.html?command=get_materiel&rest_code=00111&code=00101002006&supplier_code=00100091&order_time=2023-07-26 HTTP/1.1" 200 414
114.83.216.74 - - [26/Jul/2023:11:17:46 +0800] "GET /xingrg/all/function/internal_message.html?_=1690341463771&CODE_STATE=getMsg HTTP/1.1" 200 27
222.70.114.12 - - [26/Jul/2023:11:17:46 +0800] "GET /xingrg/kc/print/load_config.html?kc_code=cgsh HTTP/1.1" 200 1924
222.70.114.12 - - [26/Jul/2023:11:17:47 +0800] "GET /xingrg/kc/print/load_data.html?order_code=212023072610250&kc_code=cgsh&condition= HTTP/1.1" 200 1874
101.83.145.37 - - [26/Jul/2023:11:17:48 +0800] "POST /xingrg/kc/buy/cgsh_order_operate.html HTTP/1.1" 200 37
101.83.145.37 - - [26/Jul/2023:11:17:50 +0800] "POST /xingrg/kc/buy/cgsh_order_operate.html HTTP/1.1" 200 2660
222.70.180.90 - - [26/Jul/2023:11:17:51 +0800] "GET /xingrg/all/function/internal_message.html?_=1690341587390&CODE_STATE=getMsg HTTP/1.1" 200 27
222.70.114.12 - - [26/Jul/2023:11:17:51 +0800] "GET /xingrg/all/function/internal_message.html?_=1690341476978&CODE_STATE=getMsg HTTP/1.1" 200 27
101.83.145.37 - - [26/Jul/2023:11:17:53 +0800] "GET /xingrg/kc/print/load_data.html?order_code=212023072610248&kc_code=cgsh&condition= HTTP/1.1" 200 743
222.70.114.12 - - [26/Jul/2023:11:17:55 +0800] "GET /xingrg/kc/buy/cgsh_order_add.html HTTP/1.1" 200 71803
222.70.114.12 - - [26/Jul/2023:11:17:55 +0800] "POST /xingrg/kc/buy/cgsh_order_operate.html HTTP/1.1" 200 8245
222.70.114.12 - - [26/Jul/2023:11:17:55 +0800] "GET /xingrg/javascript/easyui/themes/default/validatebox.css HTTP/1.1" 404 1104
222.70.114.12 - - [26/Jul/2023:11:17:55 +0800] "GET /xingrg/all/common/auto_word.html?type=employee&rest_code=00156 HTTP/1.1" 200 97
222.70.114.12 - - [26/Jul/2023:11:17:55 +0800] "GET /xingrg/all/common/auto_word.html?type=employee&rest_code=00156 HTTP/1.1" 200 97
101.83.145.37 - - [26/Jul/2023:11:17:58 +0800] "GET /xingrg/kc/buy/cgsh_order_add.html HTTP/1.1" 200 71806
101.83.145.37 - - [26/Jul/2023:11:17:58 +0800] "POST /xingrg/kc/buy/cgsh_order_operate.html HTTP/1.1" 200 8245
101.83.145.37 - - [26/Jul/2023:11:17:59 +0800] "GET /xingrg/javascript/easyui/themes/default/validatebox.css HTTP/1.1" 404 1104
124.78.70.128 - - [26/Jul/2023:11:18:00 +0800] "GET /xingrg/kc/buy/cgsh_order_operate.html?command=get_materiel&rest_code=00141&code=00101001138&supplier_code=00100312&order_time=2023-07-26 HTTP/1.1" 200 413
101.83.145.37 - - [26/Jul/2023:11:18:02 +0800] "GET /xingrg/all/function/internal_message.html?_=1690341483512&CODE_STATE=getMsg HTTP/1.1" 200 27
120.253.135.82 - - [26/Jul/2023:11:18:05 +0800] "GET /xingrg/all/function/internal_message.html?_=1690341625885&CODE_STATE=getMsg HTTP/1.1" 200 27
120.253.135.82 - - [26/Jul/2023:11:18:05 +0800] "GET /xingrg/check_reg.html?_=1690341625901 HTTP/1.1" 200 22
222.70.180.90 - - [26/Jul/2023:11:18:07 +0800] "POST /xingrg/kc/buy/cgsh_order_operate.html HTTP/1.1" 200 37
218.81.74.148 - - [26/Jul/2023:11:18:07 +0800] "GET /xingrg/kc/buy/cgsh_order_operate.html?command=get_materiel&rest_code=00148&code=00101008356&supplier_code=00100008&order_time=2023-07-26 HTTP/1.1" 200 408
101.228.187.155 - - [26/Jul/2023:11:18:07 +0800] "GET /xingrg/all/function/internal_message.html?_=1690341487130&CODE_STATE=getMsg HTTP/1.1" 200 27
180.165.154.167 - - [26/Jul/2023:11:18:08 +0800] "GET /xingrg/all/function/internal_message.html?_=1690341487676&CODE_STATE=getMsg HTTP/1.1" 200 27
101.83.145.37 - - [26/Jul/2023:11:18:09 +0800] "GET /xingrg/kc/buy/cgsh_order_operate.html?command=get_materiel&rest_code=00105&code=00101001058&supplier_code=00100430&order_time=2023-07-26 HTTP/1.1" 200 413
124.78.70.128 - - [26/Jul/2023:11:18:09 +0800] "GET /xingrg/all/function/internal_message.html?_=1690340957331&CODE_STATE=getMsg HTTP/1.1" 200 27
222.70.180.90 - - [26/Jul/2023:11:18:10 +0800] "POST /xingrg/kc/buy/cgsh_order_operate.html HTTP/1.1" 200 2661
124.78.70.128 - - [26/Jul/2023:11:18:10 +0800] "GET /xingrg/check_reg.html?_=1690340958398 HTTP/1.1" 200 22
180.163.29.103 - - [26/Jul/2023:11:18:10 +0800] "GET /xingrg/all/function/internal_message.html?_=1690341431763&CODE_STATE=getMsg HTTP/1.1" 302 -
180.163.29.103 - - [26/Jul/2023:11:18:10 +0800] "GET /xingrg/login.html HTTP/1.1" 200 7641
124.78.155.92 - - [26/Jul/2023:11:18:10 +0800] "GET /xingrg/all/function/internal_message.html?_=1690341491741&CODE_STATE=getMsg HTTP/1.1" 200 27
124.78.155.92 - - [26/Jul/2023:11:18:10 +0800] "GET /xingrg/kc/base/wldb_order_operate.html?command=get_materiel&rest_code=00106&base_code=0010397&code=00102002022 HTTP/1.1" 200 473
124.78.155.92 - - [26/Jul/2023:11:18:10 +0800] "GET /xingrg/check_reg.html?_=1690341492101 HTTP/1.1" 200 22
180.169.147.146 - - [26/Jul/2023:11:18:12 +0800] "GET /xingrg/all/function/internal_message.html?_=1690341491309&CODE_STATE=getMsg HTTP/1.1" 200 27
222.70.180.90 - - [26/Jul/2023:11:18:12 +0800] "GET /xingrg/kc/print/load_data.html?order_code=212023072610251&kc_code=cgsh&condition= HTTP/1.1" 200 740
222.70.114.12 - - [26/Jul/2023:11:18:13 +0800] "GET /xingrg/kc/buy/cgsh_order_operate.html?command=get_materiel&rest_code=00156&code=00101008271&supplier_code=00100007&order_time=2023-07-25 HTTP/1.1" 200 408
218.81.74.148 - - [26/Jul/2023:11:18:17 +0800] "POST /xingrg/kc/buy/cgsh_order_operate.html HTTP/1.1" 200 2065
222.70.245.33 - - [26/Jul/2023:11:18:19 +0800] "GET /xingrg/kc/buy/cgsh_order_add.html HTTP/1.1" 200 71724
180.169.147.146 - - [26/Jul/2023:11:18:19 +0800] "GET /xingrg/all/function/internal_message.html?_=1690341499519&CODE_STATE=getMsg HTTP/1.1" 200 27
222.70.180.90 - - [26/Jul/2023:11:18:20 +0800] "GET /xingrg/kc/buy/cgsh_order_add.html HTTP/1.1" 200 71680
124.78.70.128 - - [26/Jul/2023:11:18:20 +0800] "GET /xingrg/kc/buy/cgsh_order_operate.html?command=get_materiel&rest_code=00141&code=00101005017&supplier_code=00100312&order_time=2023-07-26 HTTP/1.1" 200 409
222.70.180.90 - - [26/Jul/2023:11:18:20 +0800] "POST /xingrg/kc/buy/cgsh_order_operate.html HTTP/1.1" 200 8245
222.70.180.90 - - [26/Jul/2023:11:18:20 +0800] "GET /xingrg/javascript/easyui/themes/default/validatebox.css HTTP/1.1" 404 1104
222.70.245.33 - - [26/Jul/2023:11:18:20 +0800] "POST /xingrg/kc/buy/cgsh_order_operate.html HTTP/1.1" 200 8245
222.70.245.33 - - [26/Jul/2023:11:18:20 +0800] "GET /xingrg/javascript/easyui/themes/default/validatebox.css HTTP/1.1" 404 1104
124.78.155.92 - - [26/Jul/2023:11:18:21 +0800] "POST /xingrg/kc/base/wldb_order_operate.html HTTP/1.1" 200 37
116.238.191.126 - - [26/Jul/2023:11:18:21 +0800] "GET /xingrg/check_reg.html?_=1690341387996 HTTP/1.1" 200 22
116.238.191.126 - - [26/Jul/2023:11:18:21 +0800] "GET /xingrg/all/function/internal_message.html?_=1690341388138&CODE_STATE=getMsg HTTP/1.1" 200 27
101.83.145.37 - - [26/Jul/2023:11:18:22 +0800] "GET /xingrg/kc/buy/cgsh_order_operate.html?command=get_materiel&rest_code=00105&code=00101004136&supplier_code=00100430&order_time=2023-07-26 HTTP/1.1" 200 396
124.78.155.92 - - [26/Jul/2023:11:18:22 +0800] "POST /xingrg/kc/base/wldb_order_operate.html HTTP/1.1" 200 3178
222.70.114.12 - - [26/Jul/2023:11:18:23 +0800] "GET /xingrg/kc/buy/cgsh_order_operate.html?command=get_materiel&rest_code=00156&code=00101008095&supplier_code=00100007&order_time=2023-07-25 HTTP/1.1" 200 412
180.152.241.196 - - [26/Jul/2023:11:18:24 +0800] "GET /xingrg/all/function/internal_message.html?_=1690341504310&CODE_STATE=getMsg HTTP/1.1" 200 27
218.81.74.148 - - [26/Jul/2023:11:18:24 +0800] "GET /xingrg/kc/buy/cgsh_order_operate.html?command=get_materiel&rest_code=00148&code=00101008223&supplier_code=00100008&order_time=2023-07-26 HTTP/1.1" 200 412
222.70.180.90 - - [26/Jul/2023:11:18:28 +0800] "GET /xingrg/kc/buy/cgsh_order_operate.html?command=get_materiel&rest_code=00111&code=00101002038&supplier_code=00100087&order_time=2023-07-26 HTTP/1.1" 200 418
120.253.135.82 - - [26/Jul/2023:11:18:29 +0800] "GET /xingrg/all/function/internal_message.html?_=1690341332286&CODE_STATE=getMsg HTTP/1.1" 200 27
114.85.113.108 - - [26/Jul/2023:11:18:32 +0800] "GET /xingrg/all/function/internal_message.html?_=1690341511804&CODE_STATE=getMsg HTTP/1.1" 200 27
124.78.155.92 - - [26/Jul/2023:11:18:33 +0800] "GET /xingrg/kc/base/wldb_order_info.html?code=422023072602548 HTTP/1.1" 200 30440
124.78.155.92 - - [26/Jul/2023:11:18:34 +0800] "GET /xingrg/javascript/easyui/themes/default/validatebox.css HTTP/1.1" 404 1104
124.78.155.92 - - [26/Jul/2023:11:18:35 +0800] "POST /xingrg/kc/base/wldb_order_operate.html HTTP/1.1" 200 3178
101.83.145.37 - - [26/Jul/2023:11:18:36 +0800] "POST /xingrg/kc/buy/cgsh_order_operate.html HTTP/1.1" 200 37
222.70.114.12 - - [26/Jul/2023:11:18:36 +0800] "GET /xingrg/kc/buy/cgsh_order_operate.html?command=get_materiel&rest_code=00156&code=00101009113&supplier_code=00100007&order_time=2023-07-25 HTTP/1.1" 200 412
120.253.135.82 - - [26/Jul/2023:11:18:36 +0800] "GET /xingrg/check_reg.html?_=1690341339239 HTTP/1.1" 200 22
101.83.145.37 - - [26/Jul/2023:11:18:38 +0800] "POST /xingrg/kc/buy/cgsh_order_operate.html HTTP/1.1" 200 3250
116.232.195.127 - - [26/Jul/2023:11:18:38 +0800] "GET /xingrg/all/function/internal_message.html?_=1690341474914&CODE_STATE=getMsg HTTP/1.1" 200 27
218.81.74.148 - - [26/Jul/2023:11:18:39 +0800] "GET /xingrg/all/function/internal_message.html?_=1690341525062&CODE_STATE=getMsg HTTP/1.1" 200 27
116.232.195.127 - - [26/Jul/2023:11:18:40 +0800] "GET /xingrg/check_reg.html?_=1690341476262 HTTP/1.1" 200 22
101.83.145.37 - - [26/Jul/2023:11:18:41 +0800] "GET /xingrg/kc/print/load_data.html?order_code=212023072610252&kc_code=cgsh&condition= HTTP/1.1" 200 878
218.81.74.148 - - [26/Jul/2023:11:18:42 +0800] "GET /xingrg/check_reg.html?_=1690341522053 HTTP/1.1" 200 22
218.81.74.148 - - [26/Jul/2023:11:18:42 +0800] "GET /xingrg/all/function/internal_message.html?_=1690341522057&CODE_STATE=getMsg HTTP/1.1" 200 27
222.70.245.33 - - [26/Jul/2023:11:18:42 +0800] "GET /xingrg/all/function/internal_message.html?_=1690341532597&CODE_STATE=getMsg HTTP/1.1" 200 27
180.152.241.196 - - [26/Jul/2023:11:18:42 +0800] "GET /xingrg/check_reg.html?_=1690341538097 HTTP/1.1" 200 22
180.152.241.196 - - [26/Jul/2023:11:18:42 +0800] "GET /xingrg/all/function/internal_message.html?_=1690341538095&CODE_STATE=getMsg HTTP/1.1" 200 27
222.70.180.90 - - [26/Jul/2023:11:18:44 +0800] "GET /xingrg/all/function/internal_message.html?_=1690341523347&CODE_STATE=getMsg HTTP/1.1" 200 27
114.83.216.74 - - [26/Jul/2023:11:18:46 +0800] "GET /xingrg/all/function/internal_message.html?_=1690341523754&CODE_STATE=getMsg HTTP/1.1" 200 27
101.83.145.37 - - [26/Jul/2023:11:18:47 +0800] "GET /xingrg/kc/buy/cgsh_order_add.html HTTP/1.1" 200 71806
101.83.145.37 - - [26/Jul/2023:11:18:47 +0800] "POST /xingrg/kc/buy/cgsh_order_operate.html HTTP/1.1" 200 8245
124.78.70.128 - - [26/Jul/2023:11:18:47 +0800] "POST /xingrg/kc/buy/cgsh_order_operate.html HTTP/1.1" 200 37
101.83.145.37 - - [26/Jul/2023:11:18:47 +0800] "GET /xingrg/javascript/easyui/themes/default/validatebox.css HTTP/1.1" 404 1104
114.83.216.74 - - [26/Jul/2023:11:18:47 +0800] "GET /xingrg/check_reg.html?_=1690341525652 HTTP/1.1" 200 22
222.70.114.12 - - [26/Jul/2023:11:18:49 +0800] "GET /xingrg/all/function/internal_message.html?_=1690341534364&CODE_STATE=getMsg HTTP/1.1" 200 27
222.70.180.90 - - [26/Jul/2023:11:18:51 +0800] "GET /xingrg/all/function/internal_message.html?_=1690341647387&CODE_STATE=getMsg HTTP/1.1" 200 27
124.78.155.92 - - [26/Jul/2023:11:18:51 +0800] "GET /xingrg/kc/base/wldb_order_add.html HTTP/1.1" 200 30426
222.70.180.90 - - [26/Jul/2023:11:18:51 +0800] "POST /xingrg/kc/buy/cgsh_order_operate.html HTTP/1.1" 200 37
124.78.155.92 - - [26/Jul/2023:11:18:51 +0800] "POST /xingrg/kc/base/wldb_order_operate.html HTTP/1.1" 200 6806
124.78.155.92 - - [26/Jul/2023:11:18:51 +0800] "GET /xingrg/javascript/easyui/themes/default/validatebox.css HTTP/1.1" 404 1104
222.70.114.12 - - [26/Jul/2023:11:18:52 +0800] "GET /xingrg/kc/buy/cgsh_order_operate.html?command=get_materiel&rest_code=00156&code=00101009015&supplier_code=00100007&order_time=2023-07-25 HTTP/1.1" 200 416
222.70.245.33 - - [26/Jul/2023:11:18:52 +0800] "GET /xingrg/kc/buy/cgsh_order_operate.html?command=get_materiel&rest_code=00146&code=00101010161&supplier_code=00100041&order_time=2023-07-26 HTTP/1.1" 200 409
222.70.180.90 - - [26/Jul/2023:11:18:54 +0800] "POST /xingrg/kc/buy/cgsh_order_operate.html HTTP/1.1" 200 2665
222.70.180.90 - - [26/Jul/2023:11:18:57 +0800] "GET /xingrg/kc/print/load_data.html?order_code=212023072610254&kc_code=cgsh&condition= HTTP/1.1" 200 724
124.78.155.92 - - [26/Jul/2023:11:18:58 +0800] "POST /xingrg/all/common/load_combo.html?type=base HTTP/1.1" 200 3227
222.70.114.12 - - [26/Jul/2023:11:18:59 +0800] "GET /xingrg/kc/buy/cgsh_order_operate.html?command=get_materiel&rest_code=00156&code=00101008256&supplier_code=00100007&order_time=2023-07-25 HTTP/1.1" 200 413
101.83.145.37 - - [26/Jul/2023:11:19:02 +0800] "GET /xingrg/all/function/internal_message.html?_=1690341543500&CODE_STATE=getMsg HTTP/1.1" 200 27
101.83.145.37 - - [26/Jul/2023:11:19:03 +0800] "GET /xingrg/kc/buy/cgsh_order_operate.html?command=get_materiel&rest_code=00105&code=00102002167&supplier_code=00100494&order_time=2023-07-26 HTTP/1.1" 200 409
124.78.155.92 - - [26/Jul/2023:11:19:04 +0800] "POST /xingrg/kc/base/wldb_list_operate.html HTTP/1.1" 200 2574
101.83.145.37 - - [26/Jul/2023:11:19:05 +0800] "GET /xingrg/check_reg.html?_=1690341546230 HTTP/1.1" 200 22
124.78.155.92 - - [26/Jul/2023:11:19:05 +0800] "POST /xingrg/kc/base/wldb_list_operate.html HTTP/1.1" 200 366
120.253.135.82 - - [26/Jul/2023:11:19:05 +0800] "GET /xingrg/all/function/internal_message.html?_=1690341685897&CODE_STATE=getMsg HTTP/1.1" 200 27
222.70.180.90 - - [26/Jul/2023:11:19:05 +0800] "GET /xingrg/kc/buy/cgsh_order_add.html HTTP/1.1" 200 71680
222.70.180.90 - - [26/Jul/2023:11:19:06 +0800] "POST /xingrg/kc/buy/cgsh_order_operate.html HTTP/1.1" 200 8245
222.70.180.90 - - [26/Jul/2023:11:19:06 +0800] "GET /xingrg/javascript/easyui/themes/default/validatebox.css HTTP/1.1" 404 1104
101.228.187.155 - - [26/Jul/2023:11:19:07 +0800] "GET /xingrg/all/function/internal_message.html?_=1690341547132&CODE_STATE=getMsg HTTP/1.1" 200 27
180.165.154.167 - - [26/Jul/2023:11:19:08 +0800] "GET /xingrg/all/function/internal_message.html?_=1690341547692&CODE_STATE=getMsg HTTP/1.1" 200 27
124.78.155.92 - - [26/Jul/2023:11:19:10 +0800] "GET /xingrg/all/function/internal_message.html?_=1690341551716&CODE_STATE=getMsg HTTP/1.1" 200 27
222.70.114.12 - - [26/Jul/2023:11:19:10 +0800] "GET /xingrg/kc/buy/cgsh_order_operate.html?command=get_materiel&rest_code=00156&code=00101008331&supplier_code=00100007&order_time=2023-07-25 HTTP/1.1" 200 416
124.78.155.92 - - [26/Jul/2023:11:19:11 +0800] "GET /xingrg/kc/buy/cgsh_order_add.html HTTP/1.1" 200 71724
124.78.155.92 - - [26/Jul/2023:11:19:12 +0800] "POST /xingrg/kc/buy/cgsh_order_operate.html HTTP/1.1" 200 8245
124.78.155.92 - - [26/Jul/2023:11:19:12 +0800] "GET /xingrg/javascript/easyui/themes/default/validatebox.css HTTP/1.1" 404 1104
180.169.147.146 - - [26/Jul/2023:11:19:12 +0800] "GET /xingrg/all/function/internal_message.html?_=1690341551292&CODE_STATE=getMsg HTTP/1.1" 200 27
218.81.74.148 - - [26/Jul/2023:11:19:12 +0800] "GET /xingrg/kc/buy/cgsh_order_operate.html?command=get_materiel&rest_code=00148&code=00101008284&supplier_code=00100008&order_time=2023-07-26 HTTP/1.1" 200 412
222.70.245.33 - - [26/Jul/2023:11:19:13 +0800] "GET /xingrg/kc/buy/cgsh_order_operate.html?command=get_materiel&rest_code=00146&code=00101001032&supplier_code=00100041&order_time=2023-07-26 HTTP/1.1" 200 413
101.83.145.37 - - [26/Jul/2023:11:19:14 +0800] "GET /xingrg/kc/buy/cgsh_order_operate.html?command=get_materiel&rest_code=00105&code=00102002326&supplier_code=00100494&order_time=2023-07-26 HTTP/1.1" 200 412
124.78.155.92 - - [26/Jul/2023:11:19:15 +0800] "GET /xingrg/javascript/easyui/themes/default/tree.css HTTP/1.1" 404 1090
124.78.155.92 - - [26/Jul/2023:11:19:16 +0800] "POST /xingrg/all/common/load_tree.html?tree=supplier_tree_json&isDelete=1 HTTP/1.1" 200 74671
222.70.114.12 - - [26/Jul/2023:11:19:20 +0800] "GET /xingrg/kc/buy/cgsh_order_operate.html?command=get_materiel&rest_code=00156&code=00101008088&supplier_code=00100007&order_time=2023-07-25 HTTP/1.1" 200 408
222.70.180.90 - - [26/Jul/2023:11:19:20 +0800] "GET /xingrg/check_reg.html?_=1690341677139 HTTP/1.1" 200 22
116.238.191.126 - - [26/Jul/2023:11:19:21 +0800] "GET /xingrg/all/function/internal_message.html?_=1690341448152&CODE_STATE=getMsg HTTP/1.1" 200 27
180.152.241.196 - - [26/Jul/2023:11:19:24 +0800] "GET /xingrg/all/function/internal_message.html?_=1690341564325&CODE_STATE=getMsg HTTP/1.1" 200 27
101.83.145.37 - - [26/Jul/2023:11:19:26 +0800] "POST /xingrg/kc/buy/cgsh_order_operate.html HTTP/1.1" 200 37
124.78.70.128 - - [26/Jul/2023:11:19:27 +0800] "POST /xingrg/kc/buy/cgsh_order_operate.html HTTP/1.1" 200 12
222.70.180.90 - - [26/Jul/2023:11:19:28 +0800] "GET /xingrg/kc/buy/cgsh_order_operate.html?command=get_materiel&rest_code=00111&code=00101004034&supplier_code=00100085&order_time=2023-07-26 HTTP/1.1" 200 418
101.83.145.37 - - [26/Jul/2023:11:19:29 +0800] "POST /xingrg/kc/buy/cgsh_order_operate.html HTTP/1.1" 200 3241
120.253.135.82 - - [26/Jul/2023:11:19:29 +0800] "GET /xingrg/all/function/internal_message.html?_=1690341392291&CODE_STATE=getMsg HTTP/1.1" 200 27
124.78.155.92 - - [26/Jul/2023:11:19:30 +0800] "GET /xingrg/kc/buy/cgsh_order_operate.html?command=get_materiel&rest_code=00106&code=00101009031&supplier_code=00100022&order_time=2023-07-26 HTTP/1.1" 200 408
218.81.74.148 - - [26/Jul/2023:11:19:31 +0800] "GET /xingrg/kc/buy/cgsh_order_operate.html?command=get_materiel&rest_code=00148&code=00101008229&supplier_code=00100008&order_time=2023-07-26 HTTP/1.1" 200 420
101.83.145.37 - - [26/Jul/2023:11:19:32 +0800] "GET /xingrg/kc/print/load_data.html?order_code=212023072610255&kc_code=cgsh&condition= HTTP/1.1" 200 871
124.78.70.128 - - [26/Jul/2023:11:19:32 +0800] "GET /xingrg/kc/buy/cgsh_order_info.html?code=212023072610253 HTTP/1.1" 200 66637
114.85.113.108 - - [26/Jul/2023:11:19:32 +0800] "GET /xingrg/all/function/internal_message.html?_=1690341571814&CODE_STATE=getMsg HTTP/1.1" 200 27
124.78.70.128 - - [26/Jul/2023:11:19:33 +0800] "GET /xingrg/javascript/easyui/themes/default/validatebox.css HTTP/1.1" 404 1104
124.78.70.128 - - [26/Jul/2023:11:19:34 +0800] "POST /xingrg/kc/buy/cgsh_order_operate.html HTTP/1.1" 200 8962
222.70.114.12 - - [26/Jul/2023:11:19:37 +0800] "GET /xingrg/kc/buy/cgsh_order_operate.html?command=get_materiel&rest_code=00156&code=00101008010&supplier_code=00100007&order_time=2023-07-25 HTTP/1.1" 200 412
116.232.195.127 - - [26/Jul/2023:11:19:38 +0800] "GET /xingrg/all/function/internal_message.html?_=1690341534894&CODE_STATE=getMsg HTTP/1.1" 200 27
218.81.74.148 - - [26/Jul/2023:11:19:39 +0800] "GET /xingrg/all/function/internal_message.html?_=1690341585065&CODE_STATE=getMsg HTTP/1.1" 200 27
124.78.70.128 - - [26/Jul/2023:11:19:42 +0800] "GET /xingrg/kc/print/load_data.html?order_code=212023072610253&kc_code=cgsh&condition= HTTP/1.1" 200 3906
218.81.74.148 - - [26/Jul/2023:11:19:42 +0800] "GET /xingrg/kc/buy/cgsh_order_operate.html?command=get_materiel&rest_code=00148&code=00101008061&supplier_code=00100008&order_time=2023-07-26 HTTP/1.1" 200 422
218.81.74.148 - - [26/Jul/2023:11:19:42 +0800] "GET /xingrg/all/function/internal_message.html?_=1690341582058&CODE_STATE=getMsg HTTP/1.1" 200 27
222.70.245.33 - - [26/Jul/2023:11:19:42 +0800] "GET /xingrg/all/function/internal_message.html?_=1690341592603&CODE_STATE=getMsg HTTP/1.1" 200 27
180.152.241.196 - - [26/Jul/2023:11:19:42 +0800] "GET /xingrg/all/function/internal_message.html?_=1690341598081&CODE_STATE=getMsg HTTP/1.1" 200 27
222.70.180.90 - - [26/Jul/2023:11:19:44 +0800] "GET /xingrg/all/function/internal_message.html?_=1690341583321&CODE_STATE=getMsg HTTP/1.1" 200 27
222.70.180.90 - - [26/Jul/2023:11:19:44 +0800] "GET /xingrg/check_reg.html?_=1690341583651 HTTP/1.1" 200 22
222.70.114.12 - - [26/Jul/2023:11:19:45 +0800] "GET /xingrg/kc/buy/cgsh_order_operate.html?command=get_materiel&rest_code=00156&code=00101008095&supplier_code=00100007&order_time=2023-07-25 HTTP/1.1" 200 412
114.83.216.74 - - [26/Jul/2023:11:19:46 +0800] "GET /xingrg/all/function/internal_message.html?_=1690341583734&CODE_STATE=getMsg HTTP/1.1" 200 27
218.81.74.148 - - [26/Jul/2023:11:19:46 +0800] "POST /xingrg/kc/buy/cgsh_order_operate.html HTTP/1.1" 200 2065
124.78.155.92 - - [26/Jul/2023:11:19:46 +0800] "GET /xingrg/kc/buy/cgsh_order_operate.html?command=get_materiel&rest_code=00106&code=00101009160&supplier_code=00100022&order_time=2023-07-26 HTTP/1.1" 200 415
222.70.114.12 - - [26/Jul/2023:11:19:49 +0800] "GET /xingrg/all/function/internal_message.html?_=1690341594365&CODE_STATE=getMsg HTTP/1.1" 200 27
222.70.180.90 - - [26/Jul/2023:11:19:51 +0800] "GET /xingrg/all/function/internal_message.html?_=1690341707364&CODE_STATE=getMsg HTTP/1.1" 200 27
124.78.70.128 - - [26/Jul/2023:11:19:51 +0800] "GET /xingrg/kc/buy/cgsh_order_add.html HTTP/1.1" 200 71724
101.83.145.37 - - [26/Jul/2023:11:19:52 +0800] "GET /xingrg/kc/buy/cgsh_order_add.html HTTP/1.1" 200 71806
124.78.70.128 - - [26/Jul/2023:11:19:52 +0800] "POST /xingrg/kc/buy/cgsh_order_operate.html HTTP/1.1" 200 8245
124.78.70.128 - - [26/Jul/2023:11:19:52 +0800] "GET /xingrg/javascript/easyui/themes/default/validatebox.css HTTP/1.1" 404 1104
101.83.145.37 - - [26/Jul/2023:11:19:52 +0800] "GET /xingrg/javascript/easyui/themes/default/validatebox.css HTTP/1.1" 404 1104
101.83.145.37 - - [26/Jul/2023:11:19:52 +0800] "POST /xingrg/kc/buy/cgsh_order_operate.html HTTP/1.1" 200 8245
101.83.145.37 - - [26/Jul/2023:11:20:02 +0800] "GET /xingrg/all/function/internal_message.html?_=1690341603459&CODE_STATE=getMsg HTTP/1.1" 200 27
120.253.135.82 - - [26/Jul/2023:11:20:05 +0800] "GET /xingrg/all/function/internal_message.html?_=1690341745902&CODE_STATE=getMsg HTTP/1.1" 200 27
222.70.180.90 - - [26/Jul/2023:11:20:06 +0800] "POST /xingrg/kc/buy/cgsh_order_operate.html HTTP/1.1" 200 37
101.228.187.155 - - [26/Jul/2023:11:20:07 +0800] "GET /xingrg/all/function/internal_message.html?_=1690341607130&CODE_STATE=getMsg HTTP/1.1" 200 27
180.165.154.167 - - [26/Jul/2023:11:20:08 +0800] "GET /xingrg/check_reg.html?_=1690341607673 HTTP/1.1" 200 22
180.165.154.167 - - [26/Jul/2023:11:20:08 +0800] "GET /xingrg/all/function/internal_message.html?_=1690341607676&CODE_STATE=getMsg HTTP/1.1" 200 27
218.81.74.148 - - [26/Jul/2023:11:20:09 +0800] "GET /xingrg/kc/buy/cgsh_order_operate.html?command=get_materiel&rest_code=00148&code=00101008041&supplier_code=00100008&order_time=2023-07-26 HTTP/1.1" 200 23
222.70.180.90 - - [26/Jul/2023:11:20:09 +0800] "POST /xingrg/kc/buy/cgsh_order_operate.html HTTP/1.1" 200 2665
124.78.70.128 - - [26/Jul/2023:11:20:09 +0800] "GET /xingrg/all/function/internal_message.html?_=1690341077353&CODE_STATE=getMsg HTTP/1.1" 200 27
222.70.114.12 - - [26/Jul/2023:11:20:09 +0800] "GET /xingrg/kc/buy/cgsh_order_operate.html?command=get_materiel&rest_code=00156&code=00101008298&supplier_code=00100007&order_time=2023-07-25 HTTP/1.1" 200 413
124.78.70.128 - - [26/Jul/2023:11:20:09 +0800] "GET /xingrg/kc/buy/cgsh_order_operate.html?command=get_materiel&rest_code=00141&code=00101003071&supplier_code=00100092&order_time=2023-07-26 HTTP/1.1" 200 424
124.78.155.92 - - [26/Jul/2023:11:20:10 +0800] "GET /xingrg/all/function/internal_message.html?_=1690341611694&CODE_STATE=getMsg HTTP/1.1" 200 27
124.78.155.92 - - [26/Jul/2023:11:20:11 +0800] "POST /xingrg/kc/buy/cgsh_order_operate.html HTTP/1.1" 200 88
101.83.145.37 - - [26/Jul/2023:11:20:12 +0800] "GET /xingrg/kc/buy/cgsh_order_operate.html?command=get_materiel&rest_code=00105&code=00101007032&supplier_code=00100328&order_time=2023-07-26 HTTP/1.1" 200 413
180.169.147.146 - - [26/Jul/2023:11:20:12 +0800] "GET /xingrg/all/function/internal_message.html?_=1690341611309&CODE_STATE=getMsg HTTP/1.1" 200 27
222.70.180.90 - - [26/Jul/2023:11:20:15 +0800] "GET /xingrg/kc/print/load_data.html?order_code=212023072610256&kc_code=cgsh&condition= HTTP/1.1" 200 729
116.238.191.126 - - [26/Jul/2023:11:20:21 +0800] "GET /xingrg/all/function/internal_message.html?_=1690341508165&CODE_STATE=getMsg HTTP/1.1" 200 27
222.70.180.90 - - [26/Jul/2023:11:20:24 +0800] "GET /xingrg/kc/buy/cgsh_order_add.html HTTP/1.1" 200 71680
222.70.180.90 - - [26/Jul/2023:11:20:24 +0800] "POST /xingrg/kc/buy/cgsh_order_operate.html HTTP/1.1" 200 8245
222.70.180.90 - - [26/Jul/2023:11:20:24 +0800] "GET /xingrg/javascript/easyui/themes/default/validatebox.css HTTP/1.1" 404 1104
180.152.241.196 - - [26/Jul/2023:11:20:24 +0800] "GET /xingrg/all/function/internal_message.html?_=1690341624321&CODE_STATE=getMsg HTTP/1.1" 200 27
180.152.241.196 - - [26/Jul/2023:11:20:24 +0800] "GET /xingrg/check_reg.html?_=1690341624322 HTTP/1.1" 200 22
180.163.30.100 - - [26/Jul/2023:11:20:25 +0800] "GET /xingrg/kc/buy/cgsh_order_operate.html?command=get_materiel&rest_code=00106&code=00101009031&supplier_code=00100022&order_time=2023-07-26 HTTP/1.1" 302 -
180.163.30.100 - - [26/Jul/2023:11:20:25 +0800] "GET /xingrg/login.html HTTP/1.1" 200 7641
120.253.135.82 - - [26/Jul/2023:11:20:29 +0800] "GET /xingrg/all/function/internal_message.html?_=1690341452304&CODE_STATE=getMsg HTTP/1.1" 200 27
114.85.113.108 - - [26/Jul/2023:11:20:32 +0800] "GET /xingrg/all/function/internal_message.html?_=1690341631814&CODE_STATE=getMsg HTTP/1.1" 200 27
218.81.74.148 - - [26/Jul/2023:11:20:37 +0800] "POST /xingrg/kc/buy/cgsh_order_operate.html HTTP/1.1" 200 37
222.70.114.12 - - [26/Jul/2023:11:20:38 +0800] "GET /xingrg/kc/buy/cgsh_order_operate.html?command=get_materiel&rest_code=00156&code=00101008163&supplier_code=00100007&order_time=2023-07-25 HTTP/1.1" 200 23
116.232.195.127 - - [26/Jul/2023:11:20:38 +0800] "GET /xingrg/all/function/internal_message.html?_=1690341594866&CODE_STATE=getMsg HTTP/1.1" 200 27
218.81.74.148 - - [26/Jul/2023:11:20:39 +0800] "GET /xingrg/all/function/internal_message.html?_=1690341645465&CODE_STATE=getMsg HTTP/1.1" 200 27
218.81.74.148 - - [26/Jul/2023:11:20:42 +0800] "GET /xingrg/all/function/internal_message.html?_=1690341642058&CODE_STATE=getMsg HTTP/1.1" 200 27
222.70.245.33 - - [26/Jul/2023:11:20:42 +0800] "GET /xingrg/all/function/internal_message.html?_=1690341652615&CODE_STATE=getMsg HTTP/1.1" 200 27
180.152.241.196 - - [26/Jul/2023:11:20:42 +0800] "GET /xingrg/all/function/internal_message.html?_=1690341658086&CODE_STATE=getMsg HTTP/1.1" 200 27
124.78.155.92 - - [26/Jul/2023:11:20:43 +0800] "POST /xingrg/kc/buy/cgsh_order_operate.html HTTP/1.1" 200 88
222.70.180.90 - - [26/Jul/2023:11:20:43 +0800] "GET /xingrg/all/function/internal_message.html?_=1690341643308&CODE_STATE=getMsg HTTP/1.1" 200 27
114.83.216.74 - - [26/Jul/2023:11:20:46 +0800] "GET /xingrg/all/function/internal_message.html?_=1690341643706&CODE_STATE=getMsg HTTP/1.1" 200 27
222.70.114.12 - - [26/Jul/2023:11:20:49 +0800] "GET /xingrg/all/function/internal_message.html?_=1690341654366&CODE_STATE=getMsg HTTP/1.1" 200 27
