114.83.223.42 - - [24/Jul/2023:10:37:05 +0800] "GET /xingrg/all/function/internal_message.html?_=1690166224528&CODE_STATE=getMsg HTTP/1.1" 200 27
222.70.245.33 - - [24/Jul/2023:10:37:06 +0800] "GET /xingrg/kc/buy/cgsh_order_operate.html?command=get_materiel&rest_code=00146&code=00101008509&supplier_code=00100005&order_time=2023-07-24 HTTP/1.1" 200 409
116.232.195.127 - - [24/Jul/2023:10:37:07 +0800] "POST /xingrg/dwr/call/plaincall/AjaxCheckService.setItemNumber.dwr HTTP/1.1" 200 77
180.152.241.196 - - [24/Jul/2023:10:37:08 +0800] "GET /xingrg/kc/base/check_order_list.html?isBack=1 HTTP/1.1" 200 16258
121.204.115.104 - - [24/Jul/2023:10:37:08 +0800] "GET /xingrg/all/function/internal_message.html?_=1690166234657&CODE_STATE=getMsg HTTP/1.1" 200 27
180.152.241.196 - - [24/Jul/2023:10:37:09 +0800] "POST /xingrg/kc/base/check_list_operate.html HTTP/1.1" 200 4176
114.83.223.42 - - [24/Jul/2023:10:37:09 +0800] "GET /xingrg/kc/base/wldb_order_operate.html?command=get_materiel&rest_code=00149&base_code=0010394&code=00101019199 HTTP/1.1" 200 473
180.152.241.196 - - [24/Jul/2023:10:37:10 +0800] "GET /xingrg/javascript/jquery_easy_ui/themes/default/images/tabs_active.png HTTP/1.1" 200 2894
116.232.195.127 - - [24/Jul/2023:10:37:11 +0800] "POST /xingrg/dwr/call/plaincall/AjaxCheckService.setItemNumber.dwr HTTP/1.1" 200 77
180.163.28.68 - - [24/Jul/2023:10:37:12 +0800] "GET /xingrg/all/function/internal_message.html?_=1690166172322&CODE_STATE=getMsg HTTP/1.1" 302 -
180.163.28.68 - - [24/Jul/2023:10:37:12 +0800] "GET /xingrg/login.html HTTP/1.1" 200 7641
124.78.156.130 - - [24/Jul/2023:10:37:12 +0800] "GET /xingrg/all/function/internal_message.html?_=1690166232294&CODE_STATE=getMsg HTTP/1.1" 200 27
180.152.241.196 - - [24/Jul/2023:10:37:13 +0800] "GET /xingrg/kc/buy/cgsh_order_list.html HTTP/1.1" 200 55942
58.40.7.146 - - [24/Jul/2023:10:37:15 +0800] "GET /xingrg/all/function/internal_message.html?_=1690166235270&CODE_STATE=getMsg HTTP/1.1" 302 -
180.152.241.196 - - [24/Jul/2023:10:37:15 +0800] "POST /xingrg/kc/buy/cgsh_list_operate.html HTTP/1.1" 200 986
180.152.241.196 - - [24/Jul/2023:10:37:17 +0800] "GET /xingrg/kc/buy/cgsh_order_add.html HTTP/1.1" 200 71759
180.152.241.196 - - [24/Jul/2023:10:37:17 +0800] "GET /xingrg/javascript/jquery_tools/order_manager.js HTTP/1.1" 200 11183
180.152.241.196 - - [24/Jul/2023:10:37:17 +0800] "GET /xingrg/javascript/json2.js HTTP/1.1" 200 11259
180.152.241.196 - - [24/Jul/2023:10:37:17 +0800] "GET /xingrg/words/20230723174018_words.js HTTP/1.1" 200 974225
180.152.241.196 - - [24/Jul/2023:10:37:17 +0800] "GET /xingrg/javascript/easyui/themes/icons/template_new.png HTTP/1.1" 200 3956
180.152.241.196 - - [24/Jul/2023:10:37:17 +0800] "GET /xingrg/javascript/easyui/themes/icons/ok.png HTTP/1.1" 200 883
180.152.241.196 - - [24/Jul/2023:10:37:17 +0800] "GET /xingrg/javascript/easyui/themes/icons/copy_new.png HTTP/1.1" 200 815
180.152.241.196 - - [24/Jul/2023:10:37:17 +0800] "GET /xingrg/javascript/easyui/themes/icons/print.png HTTP/1.1" 200 1057
180.152.241.196 - - [24/Jul/2023:10:37:17 +0800] "GET /xingrg/javascript/easyui/themes/default/images/menu_downarrow.png HTTP/1.1" 200 173
180.152.241.196 - - [24/Jul/2023:10:37:17 +0800] "GET /xingrg/javascript/easyui/themes/icons/cancel.png HTTP/1.1" 200 1133
124.79.243.110 - - [24/Jul/2023:10:37:17 +0800] "GET /xingrg/all/function/internal_message.html?_=1690166523803&CODE_STATE=getMsg HTTP/1.1" 200 27
180.152.241.196 - - [24/Jul/2023:10:37:17 +0800] "POST /xingrg/kc/buy/cgsh_order_operate.html HTTP/1.1" 200 8245
180.152.241.196 - - [24/Jul/2023:10:37:17 +0800] "GET /xingrg/javascript/easyui/themes/default/validatebox.css HTTP/1.1" 404 1104
180.152.241.196 - - [24/Jul/2023:10:37:17 +0800] "GET /xingrg/javascript/easyui/plugins/jquery.validatebox.js HTTP/1.1" 200 6103
180.152.241.196 - - [24/Jul/2023:10:37:17 +0800] "GET /xingrg/javascript/easyui/themes/icons/edit_remove.png HTTP/1.1" 200 625
180.152.241.196 - - [24/Jul/2023:10:37:17 +0800] "GET /xingrg/javascript/easyui/plugins/jquery.numberbox.js HTTP/1.1" 200 5213
180.152.241.196 - - [24/Jul/2023:10:37:17 +0800] "GET /xingrg/all/common/auto_word.html?type=employee&rest_code=00102 HTTP/1.1" 200 189
180.152.241.196 - - [24/Jul/2023:10:37:17 +0800] "GET /xingrg/all/common/auto_word.html?type=employee&rest_code=00102 HTTP/1.1" 200 189
114.83.223.42 - - [24/Jul/2023:10:37:17 +0800] "GET /xingrg/kc/base/wldb_order_operate.html?command=get_materiel&rest_code=00149&base_code=0010394&code=00101019183 HTTP/1.1" 200 448
180.152.241.196 - - [24/Jul/2023:10:37:19 +0800] "GET /xingrg/javascript/auto/indicator.gif HTTP/1.1" 404 1066
101.83.145.37 - - [24/Jul/2023:10:37:21 +0800] "GET /xingrg/all/function/internal_message.html?_=1690166242151&CODE_STATE=getMsg HTTP/1.1" 200 27
180.157.253.121 - - [24/Jul/2023:10:37:23 +0800] "GET /xingrg/all/function/internal_message.html?_=1690166245476&CODE_STATE=getMsg HTTP/1.1" 200 27
222.70.245.33 - - [24/Jul/2023:10:37:23 +0800] "GET /xingrg/kc/buy/cgsh_order_operate.html?command=get_materiel&rest_code=00146&code=00101008284&supplier_code=00100005&order_time=2023-07-24 HTTP/1.1" 200 412
114.83.223.42 - - [24/Jul/2023:10:37:23 +0800] "GET /xingrg/kc/base/wldb_order_operate.html?command=get_materiel&rest_code=00149&base_code=0010394&code=00101019400 HTTP/1.1" 200 465
180.152.241.196 - - [24/Jul/2023:10:37:32 +0800] "GET /xingrg/kc/buy/cgsh_order_operate.html?command=get_materiel&rest_code=00102&code=00101016030&supplier_code=00100096&order_time=2023-07-24 HTTP/1.1" 200 412
120.253.135.82 - - [24/Jul/2023:10:37:33 +0800] "GET /xingrg/all/function/internal_message.html?_=1690166076660&CODE_STATE=getMsg HTTP/1.1" 200 27
222.70.180.90 - - [24/Jul/2023:10:37:37 +0800] "GET /xingrg/all/function/internal_message.html?_=1690166256961&CODE_STATE=getMsg HTTP/1.1" 200 27
116.232.195.127 - - [24/Jul/2023:10:37:38 +0800] "GET /xingrg/all/function/internal_message.html?_=1690166219470&CODE_STATE=getMsg HTTP/1.1" 200 27
116.232.195.127 - - [24/Jul/2023:10:37:40 +0800] "POST /xingrg/dwr/call/plaincall/AjaxCheckService.setItemNumber.dwr HTTP/1.1" 200 77
222.70.245.33 - - [24/Jul/2023:10:37:41 +0800] "GET /xingrg/kc/buy/cgsh_order_operate.html?command=get_materiel&rest_code=00146&code=00101008029&supplier_code=00100005&order_time=2023-07-24 HTTP/1.1" 200 416
180.152.241.196 - - [24/Jul/2023:10:37:46 +0800] "GET /xingrg/kc/buy/cgsh_order_operate.html?command=get_materiel&rest_code=00102&code=00101012025&supplier_code=00100096&order_time=2023-07-24 HTTP/1.1" 200 412
222.70.245.33 - - [24/Jul/2023:10:37:46 +0800] "GET /xingrg/all/function/internal_message.html?_=1690166268100&CODE_STATE=getMsg HTTP/1.1" 200 27
114.83.223.42 - - [24/Jul/2023:10:37:51 +0800] "GET /xingrg/kc/base/wldb_order_operate.html?command=get_materiel&rest_code=00149&base_code=0010394&code=00101013052 HTTP/1.1" 200 443
116.232.195.127 - - [24/Jul/2023:10:37:51 +0800] "GET /xingrg/all/function/internal_message.html?_=1690166232087&CODE_STATE=getMsg HTTP/1.1" 200 27
180.157.253.121 - - [24/Jul/2023:10:37:52 +0800] "GET /xingrg/check_reg.html?_=1690166271105 HTTP/1.1" 200 22
116.238.191.126 - - [24/Jul/2023:10:37:53 +0800] "GET /xingrg/all/function/internal_message.html?_=1690166273098&CODE_STATE=getMsg HTTP/1.1" 200 27
180.152.241.196 - - [24/Jul/2023:10:37:54 +0800] "GET /xingrg/all/function/internal_message.html?_=1690166273441&CODE_STATE=getMsg HTTP/1.1" 200 27
180.165.154.167 - - [24/Jul/2023:10:37:54 +0800] "POST /xingrg/services/DataTransmitService HTTP/1.1" 200 524
180.165.154.167 - - [24/Jul/2023:10:37:55 +0800] "POST /xingrg/services/DataTransmitService HTTP/1.1" 200 1999
101.83.145.37 - - [24/Jul/2023:10:37:56 +0800] "GET /xingrg/all/function/internal_message.html?_=1690166086383&CODE_STATE=getMsg HTTP/1.1" 200 27
124.79.243.110 - - [24/Jul/2023:10:37:57 +0800] "GET /xingrg/all/function/internal_message.html?_=1690166277104&CODE_STATE=getMsg HTTP/1.1" 200 27
222.70.245.33 - - [24/Jul/2023:10:37:57 +0800] "GET /xingrg/kc/buy/cgsh_order_operate.html?command=get_materiel&rest_code=00146&code=00101009030&supplier_code=00100005&order_time=2023-07-24 HTTP/1.1" 200 412
180.165.154.167 - - [24/Jul/2023:10:37:59 +0800] "GET /xingrg/all/function/internal_message.html?_=1690166279008&CODE_STATE=getMsg HTTP/1.1" 200 27
222.70.114.12 - - [24/Jul/2023:10:37:59 +0800] "GET /xingrg/all/function/internal_message.html?_=1690166280687&CODE_STATE=getMsg HTTP/1.1" 200 27
124.78.70.128 - - [24/Jul/2023:10:38:00 +0800] "GET /xingrg/all/function/internal_message.html?_=1690165750016&CODE_STATE=getMsg HTTP/1.1" 200 27
116.238.191.126 - - [24/Jul/2023:10:38:00 +0800] "GET /xingrg/check_reg.html?_=1690166169318 HTTP/1.1" 200 22
180.152.241.196 - - [24/Jul/2023:10:38:01 +0800] "GET /xingrg/kc/buy/cgsh_order_operate.html?command=get_materiel&rest_code=00102&code=00101006193&supplier_code=00100096&order_time=2023-07-24 HTTP/1.1" 200 409
116.238.191.126 - - [24/Jul/2023:10:38:01 +0800] "GET /xingrg/all/function/internal_message.html?_=1690166170451&CODE_STATE=getMsg HTTP/1.1" 200 27
114.83.223.42 - - [24/Jul/2023:10:38:05 +0800] "GET /xingrg/all/function/internal_message.html?_=1690166284526&CODE_STATE=getMsg HTTP/1.1" 200 27
116.232.195.127 - - [24/Jul/2023:10:38:11 +0800] "POST /xingrg/dwr/call/plaincall/AjaxCheckService.setItemNumber.dwr HTTP/1.1" 200 77
124.78.156.130 - - [24/Jul/2023:10:38:12 +0800] "GET /xingrg/all/function/internal_message.html?_=1690166292277&CODE_STATE=getMsg HTTP/1.1" 200 27
116.232.195.127 - - [24/Jul/2023:10:38:14 +0800] "POST /xingrg/dwr/call/plaincall/AjaxCheckService.setItemNumber.dwr HTTP/1.1" 200 77
58.40.7.146 - - [24/Jul/2023:10:38:15 +0800] "GET /xingrg/all/function/internal_message.html?_=1690166295274&CODE_STATE=getMsg HTTP/1.1" 302 -
58.40.7.146 - - [24/Jul/2023:10:38:15 +0800] "GET /xingrg/check_reg.html?_=1690166295272 HTTP/1.1" 302 -
116.232.195.127 - - [24/Jul/2023:10:38:15 +0800] "POST /xingrg/dwr/call/plaincall/AjaxCheckService.setItemNumber.dwr HTTP/1.1" 200 77
116.232.195.127 - - [24/Jul/2023:10:38:16 +0800] "POST /xingrg/dwr/call/plaincall/AjaxCheckService.setItemNumber.dwr HTTP/1.1" 200 77
116.232.195.127 - - [24/Jul/2023:10:38:16 +0800] "POST /xingrg/dwr/call/plaincall/AjaxCheckService.setItemNumber.dwr HTTP/1.1" 200 77
180.152.241.196 - - [24/Jul/2023:10:38:17 +0800] "GET /xingrg/kc/buy/cgsh_order_operate.html?command=get_materiel&rest_code=00102&code=00101006177&supplier_code=00100096&order_time=2023-07-24 HTTP/1.1" 200 408
124.79.243.110 - - [24/Jul/2023:10:38:17 +0800] "GET /xingrg/all/function/internal_message.html?_=1690166583812&CODE_STATE=getMsg HTTP/1.1" 200 27
116.232.195.127 - - [24/Jul/2023:10:38:17 +0800] "POST /xingrg/dwr/call/plaincall/AjaxCheckService.setItemNumber.dwr HTTP/1.1" 200 77
116.232.195.127 - - [24/Jul/2023:10:38:19 +0800] "POST /xingrg/dwr/call/plaincall/AjaxCheckService.setItemNumber.dwr HTTP/1.1" 200 77
116.232.195.127 - - [24/Jul/2023:10:38:20 +0800] "POST /xingrg/dwr/call/plaincall/AjaxCheckService.setItemNumber.dwr HTTP/1.1" 200 77
116.232.195.127 - - [24/Jul/2023:10:38:21 +0800] "POST /xingrg/dwr/call/plaincall/AjaxCheckService.setItemNumber.dwr HTTP/1.1" 200 77
101.83.145.37 - - [24/Jul/2023:10:38:21 +0800] "GET /xingrg/all/function/internal_message.html?_=1690166302153&CODE_STATE=getMsg HTTP/1.1" 200 27
101.83.145.37 - - [24/Jul/2023:10:38:21 +0800] "GET /xingrg/check_reg.html?_=1690166302188 HTTP/1.1" 200 22
116.232.195.127 - - [24/Jul/2023:10:38:22 +0800] "POST /xingrg/dwr/call/plaincall/AjaxCheckService.setItemNumber.dwr HTTP/1.1" 200 77
116.232.195.127 - - [24/Jul/2023:10:38:22 +0800] "POST /xingrg/dwr/call/plaincall/AjaxCheckService.setItemNumber.dwr HTTP/1.1" 200 77
116.232.195.127 - - [24/Jul/2023:10:38:23 +0800] "POST /xingrg/dwr/call/plaincall/AjaxCheckService.setItemNumber.dwr HTTP/1.1" 200 77
180.157.253.121 - - [24/Jul/2023:10:38:23 +0800] "GET /xingrg/all/function/internal_message.html?_=1690166305469&CODE_STATE=getMsg HTTP/1.1" 200 27
116.232.195.127 - - [24/Jul/2023:10:38:24 +0800] "POST /xingrg/dwr/call/plaincall/AjaxCheckService.setItemNumber.dwr HTTP/1.1" 200 77
116.232.195.127 - - [24/Jul/2023:10:38:24 +0800] "POST /xingrg/dwr/call/plaincall/AjaxCheckService.setItemNumber.dwr HTTP/1.1" 200 77
116.232.195.127 - - [24/Jul/2023:10:38:25 +0800] "POST /xingrg/dwr/call/plaincall/AjaxCheckService.setItemNumber.dwr HTTP/1.1" 200 77
116.232.195.127 - - [24/Jul/2023:10:38:25 +0800] "POST /xingrg/dwr/call/plaincall/AjaxCheckService.setItemNumber.dwr HTTP/1.1" 200 77
116.232.195.127 - - [24/Jul/2023:10:38:26 +0800] "POST /xingrg/dwr/call/plaincall/AjaxCheckService.setItemNumber.dwr HTTP/1.1" 200 77
114.83.223.42 - - [24/Jul/2023:10:38:27 +0800] "GET /xingrg/kc/base/wldb_order_operate.html?command=get_materiel&rest_code=00149&base_code=0010394&code=00101016044 HTTP/1.1" 200 466
116.232.195.127 - - [24/Jul/2023:10:38:27 +0800] "POST /xingrg/dwr/call/plaincall/AjaxCheckService.setItemNumber.dwr HTTP/1.1" 200 77
116.232.195.127 - - [24/Jul/2023:10:38:29 +0800] "POST /xingrg/dwr/call/plaincall/AjaxCheckService.setItemNumber.dwr HTTP/1.1" 200 77
116.232.195.127 - - [24/Jul/2023:10:38:29 +0800] "POST /xingrg/dwr/call/plaincall/AjaxCheckService.setItemNumber.dwr HTTP/1.1" 200 77
116.232.195.127 - - [24/Jul/2023:10:38:31 +0800] "POST /xingrg/dwr/call/plaincall/AjaxCheckService.setItemNumber.dwr HTTP/1.1" 200 77
116.232.195.127 - - [24/Jul/2023:10:38:32 +0800] "POST /xingrg/dwr/call/plaincall/AjaxCheckService.setItemNumber.dwr HTTP/1.1" 200 77
116.232.195.127 - - [24/Jul/2023:10:38:33 +0800] "POST /xingrg/dwr/call/plaincall/AjaxCheckService.setItemNumber.dwr HTTP/1.1" 200 77
120.253.135.82 - - [24/Jul/2023:10:38:33 +0800] "GET /xingrg/all/function/internal_message.html?_=1690166136673&CODE_STATE=getMsg HTTP/1.1" 200 27
116.232.195.127 - - [24/Jul/2023:10:38:33 +0800] "POST /xingrg/dwr/call/plaincall/AjaxCheckService.setItemNumber.dwr HTTP/1.1" 200 77
116.232.195.127 - - [24/Jul/2023:10:38:34 +0800] "POST /xingrg/dwr/call/plaincall/AjaxCheckService.setItemNumber.dwr HTTP/1.1" 200 77
114.83.223.42 - - [24/Jul/2023:10:38:35 +0800] "GET /xingrg/kc/base/wldb_order_operate.html?command=get_materiel&rest_code=00149&base_code=0010394&code=00101016019 HTTP/1.1" 200 451
222.70.180.90 - - [24/Jul/2023:10:38:37 +0800] "GET /xingrg/all/function/internal_message.html?_=1690166316966&CODE_STATE=getMsg HTTP/1.1" 200 27
116.232.195.127 - - [24/Jul/2023:10:38:37 +0800] "POST /xingrg/dwr/call/plaincall/AjaxCheckService.setItemNumber.dwr HTTP/1.1" 200 77
116.232.195.127 - - [24/Jul/2023:10:38:38 +0800] "POST /xingrg/dwr/call/plaincall/AjaxCheckService.setItemNumber.dwr HTTP/1.1" 200 77
116.232.195.127 - - [24/Jul/2023:10:38:38 +0800] "GET /xingrg/all/function/internal_message.html?_=1690166279461&CODE_STATE=getMsg HTTP/1.1" 200 27
116.232.195.127 - - [24/Jul/2023:10:38:39 +0800] "POST /xingrg/dwr/call/plaincall/AjaxCheckService.setItemNumber.dwr HTTP/1.1" 200 77
116.232.195.127 - - [24/Jul/2023:10:38:40 +0800] "POST /xingrg/dwr/call/plaincall/AjaxCheckService.setItemNumber.dwr HTTP/1.1" 200 77
116.232.195.127 - - [24/Jul/2023:10:38:41 +0800] "POST /xingrg/dwr/call/plaincall/AjaxCheckService.setItemNumber.dwr HTTP/1.1" 200 77
222.70.245.33 - - [24/Jul/2023:10:38:41 +0800] "POST /xingrg/kc/buy/cgsh_order_operate.html HTTP/1.1" 200 37
180.152.241.196 - - [24/Jul/2023:10:38:41 +0800] "GET /xingrg/kc/buy/cgsh_order_operate.html?command=get_materiel&rest_code=00102&code=00101016104&supplier_code=00100096&order_time=2023-07-24 HTTP/1.1" 200 408
116.232.195.127 - - [24/Jul/2023:10:38:42 +0800] "POST /xingrg/dwr/call/plaincall/AjaxCheckService.setItemNumber.dwr HTTP/1.1" 200 77
116.232.195.127 - - [24/Jul/2023:10:38:42 +0800] "POST /xingrg/dwr/call/plaincall/AjaxCheckService.setItemNumber.dwr HTTP/1.1" 200 77
116.232.195.127 - - [24/Jul/2023:10:38:43 +0800] "POST /xingrg/dwr/call/plaincall/AjaxCheckService.setItemNumber.dwr HTTP/1.1" 200 77
222.70.245.33 - - [24/Jul/2023:10:38:44 +0800] "POST /xingrg/kc/buy/cgsh_order_operate.html HTTP/1.1" 200 36960
222.70.245.33 - - [24/Jul/2023:10:38:45 +0800] "GET /xingrg/check_reg.html?_=1690166326733 HTTP/1.1" 200 22
116.232.195.127 - - [24/Jul/2023:10:38:46 +0800] "POST /xingrg/dwr/call/plaincall/AjaxCheckService.setItemNumber.dwr HTTP/1.1" 200 77
222.70.245.33 - - [24/Jul/2023:10:38:46 +0800] "GET /xingrg/all/function/internal_message.html?_=1690166328114&CODE_STATE=getMsg HTTP/1.1" 200 27
222.70.245.33 - - [24/Jul/2023:10:38:47 +0800] "GET /xingrg/kc/print/load_config.html?kc_code=cgsh HTTP/1.1" 200 1924
116.232.195.127 - - [24/Jul/2023:10:38:48 +0800] "POST /xingrg/dwr/call/plaincall/AjaxCheckService.setItemNumber.dwr HTTP/1.1" 200 77
222.70.245.33 - - [24/Jul/2023:10:38:48 +0800] "GET /xingrg/kc/print/load_data.html?order_code=212023072409454&kc_code=cgsh&condition= HTTP/1.1" 200 13689
116.232.195.127 - - [24/Jul/2023:10:38:49 +0800] "POST /xingrg/dwr/call/plaincall/AjaxCheckService.setItemNumber.dwr HTTP/1.1" 200 77
116.232.195.127 - - [24/Jul/2023:10:38:50 +0800] "POST /xingrg/dwr/call/plaincall/AjaxCheckService.setItemNumber.dwr HTTP/1.1" 200 77
116.232.195.127 - - [24/Jul/2023:10:38:50 +0800] "POST /xingrg/dwr/call/plaincall/AjaxCheckService.setItemNumber.dwr HTTP/1.1" 200 77
116.232.195.127 - - [24/Jul/2023:10:38:51 +0800] "POST /xingrg/dwr/call/plaincall/AjaxCheckService.setItemNumber.dwr HTTP/1.1" 200 77
116.232.195.127 - - [24/Jul/2023:10:38:51 +0800] "GET /xingrg/all/function/internal_message.html?_=1690166292177&CODE_STATE=getMsg HTTP/1.1" 200 27
116.232.195.127 - - [24/Jul/2023:10:38:51 +0800] "GET /xingrg/check_reg.html?_=1690166292180 HTTP/1.1" 200 22
116.232.195.127 - - [24/Jul/2023:10:38:52 +0800] "POST /xingrg/dwr/call/plaincall/AjaxCheckService.setItemNumber.dwr HTTP/1.1" 200 77
116.238.191.126 - - [24/Jul/2023:10:38:53 +0800] "GET /xingrg/all/function/internal_message.html?_=1690166333100&CODE_STATE=getMsg HTTP/1.1" 200 27
180.152.241.196 - - [24/Jul/2023:10:38:54 +0800] "GET /xingrg/all/function/internal_message.html?_=1690166333432&CODE_STATE=getMsg HTTP/1.1" 200 27
116.232.195.127 - - [24/Jul/2023:10:38:54 +0800] "POST /xingrg/dwr/call/plaincall/AjaxCheckService.setItemNumber.dwr HTTP/1.1" 200 77
101.83.145.37 - - [24/Jul/2023:10:38:56 +0800] "GET /xingrg/all/function/internal_message.html?_=1690166146383&CODE_STATE=getMsg HTTP/1.1" 200 27
124.79.243.110 - - [24/Jul/2023:10:38:57 +0800] "GET /xingrg/all/function/internal_message.html?_=1690166337095&CODE_STATE=getMsg HTTP/1.1" 200 27
114.83.223.42 - - [24/Jul/2023:10:38:58 +0800] "GET /xingrg/kc/base/wldb_order_operate.html?command=get_materiel&rest_code=00149&base_code=0010394&code=00101016094 HTTP/1.1" 200 469
180.152.241.196 - - [24/Jul/2023:10:38:58 +0800] "GET /xingrg/kc/buy/cgsh_order_operate.html?command=get_materiel&rest_code=00102&code=00101006111&supplier_code=00100096&order_time=2023-07-24 HTTP/1.1" 200 411
180.165.154.167 - - [24/Jul/2023:10:38:59 +0800] "GET /xingrg/all/function/internal_message.html?_=1690166339012&CODE_STATE=getMsg HTTP/1.1" 200 27
222.70.114.12 - - [24/Jul/2023:10:38:59 +0800] "GET /xingrg/all/function/internal_message.html?_=1690166340678&CODE_STATE=getMsg HTTP/1.1" 200 27
124.78.70.128 - - [24/Jul/2023:10:39:00 +0800] "GET /xingrg/all/function/internal_message.html?_=1690165810017&CODE_STATE=getMsg HTTP/1.1" 200 27
116.232.195.127 - - [24/Jul/2023:10:39:01 +0800] "POST /xingrg/dwr/call/plaincall/AjaxCheckService.setItemNumber.dwr HTTP/1.1" 200 77
116.238.191.126 - - [24/Jul/2023:10:39:01 +0800] "GET /xingrg/all/function/internal_message.html?_=1690166230466&CODE_STATE=getMsg HTTP/1.1" 200 27
116.232.195.127 - - [24/Jul/2023:10:39:02 +0800] "POST /xingrg/dwr/call/plaincall/AjaxCheckService.setItemNumber.dwr HTTP/1.1" 200 77
116.232.195.127 - - [24/Jul/2023:10:39:03 +0800] "POST /xingrg/dwr/call/plaincall/AjaxCheckService.setItemNumber.dwr HTTP/1.1" 200 77
116.232.195.127 - - [24/Jul/2023:10:39:04 +0800] "POST /xingrg/dwr/call/plaincall/AjaxCheckService.setItemNumber.dwr HTTP/1.1" 200 77
116.232.195.127 - - [24/Jul/2023:10:39:05 +0800] "POST /xingrg/dwr/call/plaincall/AjaxCheckService.setItemNumber.dwr HTTP/1.1" 200 77
114.83.223.42 - - [24/Jul/2023:10:39:05 +0800] "GET /xingrg/all/function/internal_message.html?_=1690166344550&CODE_STATE=getMsg HTTP/1.1" 200 27
114.83.223.42 - - [24/Jul/2023:10:39:05 +0800] "GET /xingrg/kc/base/wldb_order_operate.html?command=get_materiel&rest_code=00149&base_code=0010394&code=00101020037 HTTP/1.1" 200 443
116.232.195.127 - - [24/Jul/2023:10:39:06 +0800] "POST /xingrg/dwr/call/plaincall/AjaxCheckService.setItemNumber.dwr HTTP/1.1" 200 77
116.232.195.127 - - [24/Jul/2023:10:39:06 +0800] "POST /xingrg/dwr/call/plaincall/AjaxCheckService.setItemNumber.dwr HTTP/1.1" 200 78
116.232.195.127 - - [24/Jul/2023:10:39:07 +0800] "POST /xingrg/dwr/call/plaincall/AjaxCheckService.setItemNumber.dwr HTTP/1.1" 200 78
116.232.195.127 - - [24/Jul/2023:10:39:08 +0800] "POST /xingrg/dwr/call/plaincall/AjaxCheckService.setItemNumber.dwr HTTP/1.1" 200 78
116.232.195.127 - - [24/Jul/2023:10:39:08 +0800] "POST /xingrg/dwr/call/plaincall/AjaxCheckService.setItemNumber.dwr HTTP/1.1" 200 78
116.232.195.127 - - [24/Jul/2023:10:39:09 +0800] "POST /xingrg/dwr/call/plaincall/AjaxCheckService.setItemNumber.dwr HTTP/1.1" 200 78
116.232.195.127 - - [24/Jul/2023:10:39:10 +0800] "POST /xingrg/dwr/call/plaincall/AjaxCheckService.setItemNumber.dwr HTTP/1.1" 200 78
116.232.195.127 - - [24/Jul/2023:10:39:10 +0800] "POST /xingrg/dwr/call/plaincall/AjaxCheckService.setItemNumber.dwr HTTP/1.1" 200 78
116.232.195.127 - - [24/Jul/2023:10:39:11 +0800] "POST /xingrg/dwr/call/plaincall/AjaxCheckService.setItemNumber.dwr HTTP/1.1" 200 78
124.78.156.130 - - [24/Jul/2023:10:39:12 +0800] "GET /xingrg/all/function/internal_message.html?_=1690166352249&CODE_STATE=getMsg HTTP/1.1" 200 27
116.232.195.127 - - [24/Jul/2023:10:39:12 +0800] "POST /xingrg/dwr/call/plaincall/AjaxCheckService.setItemNumber.dwr HTTP/1.1" 200 78
116.232.195.127 - - [24/Jul/2023:10:39:12 +0800] "POST /xingrg/dwr/call/plaincall/AjaxCheckService.setItemNumber.dwr HTTP/1.1" 200 78
116.232.195.127 - - [24/Jul/2023:10:39:13 +0800] "POST /xingrg/dwr/call/plaincall/AjaxCheckService.setItemNumber.dwr HTTP/1.1" 200 78
124.78.156.130 - - [24/Jul/2023:10:39:14 +0800] "GET /xingrg/check_reg.html?_=1690166354171 HTTP/1.1" 200 22
116.232.195.127 - - [24/Jul/2023:10:39:14 +0800] "POST /xingrg/dwr/call/plaincall/AjaxCheckService.setItemNumber.dwr HTTP/1.1" 200 78
58.40.7.146 - - [24/Jul/2023:10:39:15 +0800] "GET /xingrg/all/function/internal_message.html?_=1690166355276&CODE_STATE=getMsg HTTP/1.1" 302 -
116.232.195.127 - - [24/Jul/2023:10:39:15 +0800] "POST /xingrg/dwr/call/plaincall/AjaxCheckService.setItemNumber.dwr HTTP/1.1" 200 78
116.232.195.127 - - [24/Jul/2023:10:39:15 +0800] "POST /xingrg/dwr/call/plaincall/AjaxCheckService.setItemNumber.dwr HTTP/1.1" 200 78
116.232.195.127 - - [24/Jul/2023:10:39:16 +0800] "POST /xingrg/dwr/call/plaincall/AjaxCheckService.setItemNumber.dwr HTTP/1.1" 200 78
124.79.243.110 - - [24/Jul/2023:10:39:17 +0800] "GET /xingrg/all/function/internal_message.html?_=1690166643812&CODE_STATE=getMsg HTTP/1.1" 200 27
124.79.243.110 - - [24/Jul/2023:10:39:17 +0800] "GET /xingrg/check_reg.html?_=1690166643813 HTTP/1.1" 200 22
116.232.195.127 - - [24/Jul/2023:10:39:17 +0800] "POST /xingrg/dwr/call/plaincall/AjaxCheckService.setItemNumber.dwr HTTP/1.1" 200 78
180.152.241.196 - - [24/Jul/2023:10:39:18 +0800] "GET /xingrg/kc/buy/cgsh_order_operate.html?command=get_materiel&rest_code=00102&code=00101006124&supplier_code=00100096&order_time=2023-07-24 HTTP/1.1" 200 411
116.232.195.127 - - [24/Jul/2023:10:39:19 +0800] "POST /xingrg/dwr/call/plaincall/AjaxCheckService.setItemNumber.dwr HTTP/1.1" 200 78
116.232.195.127 - - [24/Jul/2023:10:39:19 +0800] "POST /xingrg/dwr/call/plaincall/AjaxCheckService.setItemNumber.dwr HTTP/1.1" 200 78
116.232.195.127 - - [24/Jul/2023:10:39:20 +0800] "POST /xingrg/dwr/call/plaincall/AjaxCheckService.setItemNumber.dwr HTTP/1.1" 200 78
101.83.145.37 - - [24/Jul/2023:10:39:21 +0800] "GET /xingrg/all/function/internal_message.html?_=1690166362151&CODE_STATE=getMsg HTTP/1.1" 200 27
116.232.195.127 - - [24/Jul/2023:10:39:21 +0800] "POST /xingrg/dwr/call/plaincall/AjaxCheckService.setItemNumber.dwr HTTP/1.1" 200 78
116.232.195.127 - - [24/Jul/2023:10:39:22 +0800] "POST /xingrg/dwr/call/plaincall/AjaxCheckService.setItemNumber.dwr HTTP/1.1" 200 78
116.232.195.127 - - [24/Jul/2023:10:39:22 +0800] "POST /xingrg/dwr/call/plaincall/AjaxCheckService.setItemNumber.dwr HTTP/1.1" 200 78
180.157.253.121 - - [24/Jul/2023:10:39:23 +0800] "GET /xingrg/all/function/internal_message.html?_=1690166365463&CODE_STATE=getMsg HTTP/1.1" 200 27
116.232.195.127 - - [24/Jul/2023:10:39:23 +0800] "POST /xingrg/dwr/call/plaincall/AjaxCheckService.setItemNumber.dwr HTTP/1.1" 200 78
116.232.195.127 - - [24/Jul/2023:10:39:24 +0800] "POST /xingrg/dwr/call/plaincall/AjaxCheckService.setItemNumber.dwr HTTP/1.1" 200 78
116.232.195.127 - - [24/Jul/2023:10:39:25 +0800] "POST /xingrg/dwr/call/plaincall/AjaxCheckService.setItemNumber.dwr HTTP/1.1" 200 78
116.232.195.127 - - [24/Jul/2023:10:39:26 +0800] "POST /xingrg/dwr/call/plaincall/AjaxCheckService.setItemNumber.dwr HTTP/1.1" 200 78
116.232.195.127 - - [24/Jul/2023:10:39:27 +0800] "POST /xingrg/dwr/call/plaincall/AjaxCheckService.setItemNumber.dwr HTTP/1.1" 200 78
116.232.195.127 - - [24/Jul/2023:10:39:28 +0800] "POST /xingrg/dwr/call/plaincall/AjaxCheckService.setItemNumber.dwr HTTP/1.1" 200 78
116.232.195.127 - - [24/Jul/2023:10:39:30 +0800] "POST /xingrg/dwr/call/plaincall/AjaxCheckService.setItemNumber.dwr HTTP/1.1" 200 78
116.232.195.127 - - [24/Jul/2023:10:39:30 +0800] "POST /xingrg/dwr/call/plaincall/AjaxCheckService.setItemNumber.dwr HTTP/1.1" 200 78
116.232.195.127 - - [24/Jul/2023:10:39:31 +0800] "POST /xingrg/dwr/call/plaincall/AjaxCheckService.setItemNumber.dwr HTTP/1.1" 200 78
116.232.195.127 - - [24/Jul/2023:10:39:32 +0800] "POST /xingrg/dwr/call/plaincall/AjaxCheckService.setItemNumber.dwr HTTP/1.1" 200 78
116.238.191.126 - - [24/Jul/2023:10:39:32 +0800] "GET /xingrg/kc/base/wldb_order_list.html HTTP/1.1" 200 19145
120.253.135.82 - - [24/Jul/2023:10:39:33 +0800] "GET /xingrg/check_reg.html?_=1690166196175 HTTP/1.1" 200 22
120.253.135.82 - - [24/Jul/2023:10:39:33 +0800] "GET /xingrg/all/function/internal_message.html?_=1690166196688&CODE_STATE=getMsg HTTP/1.1" 200 27
116.232.195.127 - - [24/Jul/2023:10:39:33 +0800] "POST /xingrg/dwr/call/plaincall/AjaxCheckService.setItemNumber.dwr HTTP/1.1" 200 78
116.232.195.127 - - [24/Jul/2023:10:39:33 +0800] "POST /xingrg/dwr/call/plaincall/AjaxCheckService.setItemNumber.dwr HTTP/1.1" 200 78
116.232.195.127 - - [24/Jul/2023:10:39:34 +0800] "POST /xingrg/dwr/call/plaincall/AjaxCheckService.setItemNumber.dwr HTTP/1.1" 200 78
116.232.195.127 - - [24/Jul/2023:10:39:35 +0800] "POST /xingrg/dwr/call/plaincall/AjaxCheckService.setItemNumber.dwr HTTP/1.1" 200 78
116.232.195.127 - - [24/Jul/2023:10:39:35 +0800] "POST /xingrg/dwr/call/plaincall/AjaxCheckService.setItemNumber.dwr HTTP/1.1" 200 78
116.232.195.127 - - [24/Jul/2023:10:39:36 +0800] "POST /xingrg/dwr/call/plaincall/AjaxCheckService.setItemNumber.dwr HTTP/1.1" 200 78
222.70.180.90 - - [24/Jul/2023:10:39:37 +0800] "GET /xingrg/all/function/internal_message.html?_=1690166376950&CODE_STATE=getMsg HTTP/1.1" 200 27
116.232.195.127 - - [24/Jul/2023:10:39:37 +0800] "POST /xingrg/dwr/call/plaincall/AjaxCheckService.setItemNumber.dwr HTTP/1.1" 200 78
114.83.223.42 - - [24/Jul/2023:10:39:37 +0800] "POST /xingrg/kc/base/wldb_order_operate.html HTTP/1.1" 200 37
116.232.195.127 - - [24/Jul/2023:10:39:37 +0800] "POST /xingrg/dwr/call/plaincall/AjaxCheckService.setItemNumber.dwr HTTP/1.1" 200 78
116.238.191.126 - - [24/Jul/2023:10:39:38 +0800] "POST /xingrg/kc/base/wldb_list_operate.html HTTP/1.1" 200 928
114.83.223.42 - - [24/Jul/2023:10:39:38 +0800] "POST /xingrg/kc/base/wldb_order_operate.html HTTP/1.1" 200 8157
116.232.195.127 - - [24/Jul/2023:10:39:38 +0800] "GET /xingrg/all/function/internal_message.html?_=1690166339437&CODE_STATE=getMsg HTTP/1.1" 200 27
116.232.195.127 - - [24/Jul/2023:10:39:38 +0800] "POST /xingrg/dwr/call/plaincall/AjaxCheckService.setItemNumber.dwr HTTP/1.1" 200 78
116.238.191.126 - - [24/Jul/2023:10:39:40 +0800] "GET /xingrg/kc/base/wldb_order_add.html HTTP/1.1" 200 30428
116.238.191.126 - - [24/Jul/2023:10:39:41 +0800] "GET /xingrg/words/20230723174018_words.js HTTP/1.1" 304 -
116.238.191.126 - - [24/Jul/2023:10:39:41 +0800] "POST /xingrg/kc/base/wldb_order_operate.html HTTP/1.1" 200 6806
116.238.191.126 - - [24/Jul/2023:10:39:41 +0800] "GET /xingrg/javascript/easyui/themes/default/validatebox.css HTTP/1.1" 404 1104
222.70.245.33 - - [24/Jul/2023:10:39:46 +0800] "GET /xingrg/all/function/internal_message.html?_=1690166388284&CODE_STATE=getMsg HTTP/1.1" 200 27
114.83.223.42 - - [24/Jul/2023:10:39:48 +0800] "POST /xingrg/kc/base/wldb_order_operate.html HTTP/1.1" 200 12
180.152.241.196 - - [24/Jul/2023:10:39:50 +0800] "GET /xingrg/kc/buy/cgsh_order_operate.html?command=get_materiel&rest_code=00102&code=00101016105&supplier_code=00100096&order_time=2023-07-24 HTTP/1.1" 200 409
114.83.223.42 - - [24/Jul/2023:10:39:51 +0800] "GET /xingrg/kc/base/wldb_order_info.html?code=422023072402357 HTTP/1.1" 200 26309
114.83.223.42 - - [24/Jul/2023:10:39:51 +0800] "GET /xingrg/javascript/easyui/themes/default/validatebox.css HTTP/1.1" 404 1104
116.232.195.127 - - [24/Jul/2023:10:39:51 +0800] "GET /xingrg/all/function/internal_message.html?_=1690166352158&CODE_STATE=getMsg HTTP/1.1" 200 27
114.83.223.42 - - [24/Jul/2023:10:39:51 +0800] "POST /xingrg/kc/base/wldb_order_operate.html HTTP/1.1" 200 6314
116.238.191.126 - - [24/Jul/2023:10:39:53 +0800] "GET /xingrg/all/function/internal_message.html?_=1690166393097&CODE_STATE=getMsg HTTP/1.1" 200 27
114.83.223.42 - - [24/Jul/2023:10:39:54 +0800] "GET /xingrg/kc/base/wldb_order_add.html HTTP/1.1" 200 30428
180.152.241.196 - - [24/Jul/2023:10:39:54 +0800] "GET /xingrg/all/function/internal_message.html?_=1690166393427&CODE_STATE=getMsg HTTP/1.1" 200 27
114.83.223.42 - - [24/Jul/2023:10:39:54 +0800] "POST /xingrg/kc/base/wldb_order_operate.html HTTP/1.1" 200 6806
114.83.223.42 - - [24/Jul/2023:10:39:54 +0800] "GET /xingrg/javascript/easyui/themes/default/validatebox.css HTTP/1.1" 404 1104
114.83.223.42 - - [24/Jul/2023:10:39:55 +0800] "POST /xingrg/all/common/load_combo.html?type=base HTTP/1.1" 200 3409
101.83.145.37 - - [24/Jul/2023:10:39:56 +0800] "GET /xingrg/all/function/internal_message.html?_=1690166206385&CODE_STATE=getMsg HTTP/1.1" 200 27
124.79.243.110 - - [24/Jul/2023:10:39:57 +0800] "GET /xingrg/all/function/internal_message.html?_=1690166397072&CODE_STATE=getMsg HTTP/1.1" 200 27
180.165.154.167 - - [24/Jul/2023:10:39:59 +0800] "GET /xingrg/all/function/internal_message.html?_=1690166399020&CODE_STATE=getMsg HTTP/1.1" 200 27
180.165.154.167 - - [24/Jul/2023:10:39:59 +0800] "GET /xingrg/check_reg.html?_=1690166399024 HTTP/1.1" 200 22
222.70.114.12 - - [24/Jul/2023:10:39:59 +0800] "GET /xingrg/all/function/internal_message.html?_=1690166400679&CODE_STATE=getMsg HTTP/1.1" 200 27
222.70.114.12 - - [24/Jul/2023:10:39:59 +0800] "GET /xingrg/check_reg.html?_=1690166400685 HTTP/1.1" 200 22
124.78.70.128 - - [24/Jul/2023:10:40:00 +0800] "GET /xingrg/all/function/internal_message.html?_=1690165870009&CODE_STATE=getMsg HTTP/1.1" 200 27
114.83.223.42 - - [24/Jul/2023:10:40:01 +0800] "POST /xingrg/all/common/load_combo.html?type=base HTTP/1.1" 200 3409
116.238.191.126 - - [24/Jul/2023:10:40:01 +0800] "GET /xingrg/all/function/internal_message.html?_=1690166290479&CODE_STATE=getMsg HTTP/1.1" 200 27
116.238.191.126 - - [24/Jul/2023:10:40:03 +0800] "GET /xingrg/javascript/auto/indicator.gif HTTP/1.1" 404 1066
114.83.223.42 - - [24/Jul/2023:10:40:05 +0800] "GET /xingrg/all/function/internal_message.html?_=1690166404535&CODE_STATE=getMsg HTTP/1.1" 200 27
180.163.30.85 - - [24/Jul/2023:10:40:12 +0800] "GET /xingrg/all/function/internal_message.html?_=1690166352249&CODE_STATE=getMsg HTTP/1.1" 302 -
180.163.30.85 - - [24/Jul/2023:10:40:12 +0800] "GET /xingrg/login.html HTTP/1.1" 200 7641
124.78.156.130 - - [24/Jul/2023:10:40:12 +0800] "GET /xingrg/all/function/internal_message.html?_=1690166412230&CODE_STATE=getMsg HTTP/1.1" 200 27
58.40.7.146 - - [24/Jul/2023:10:40:15 +0800] "GET /xingrg/all/function/internal_message.html?_=1690166415263&CODE_STATE=getMsg HTTP/1.1" 302 -
116.238.191.126 - - [24/Jul/2023:10:40:15 +0800] "GET /xingrg/kc/base/wldb_order_operate.html?command=get_materiel&rest_code=00150&base_code=0010445&code=00101019277 HTTP/1.1" 200 479
180.152.241.196 - - [24/Jul/2023:10:40:16 +0800] "POST /xingrg/kc/buy/cgsh_order_operate.html HTTP/1.1" 200 37
124.79.243.110 - - [24/Jul/2023:10:40:17 +0800] "GET /xingrg/all/function/internal_message.html?_=1690166703799&CODE_STATE=getMsg HTTP/1.1" 200 27
116.232.195.127 - - [24/Jul/2023:10:40:17 +0800] "POST /xingrg/dwr/call/plaincall/AjaxCheckService.setItemNumber.dwr HTTP/1.1" 200 78
114.83.223.42 - - [24/Jul/2023:10:40:18 +0800] "GET /xingrg/kc/base/wldb_order_operate.html?command=get_materiel&rest_code=00149&base_code=0010394&code=00101016076 HTTP/1.1" 200 477
116.232.195.127 - - [24/Jul/2023:10:40:19 +0800] "POST /xingrg/dwr/call/plaincall/AjaxCheckService.setItemNumber.dwr HTTP/1.1" 200 78
101.83.145.37 - - [24/Jul/2023:10:40:21 +0800] "GET /xingrg/all/function/internal_message.html?_=1690166422150&CODE_STATE=getMsg HTTP/1.1" 200 27
116.232.195.127 - - [24/Jul/2023:10:40:22 +0800] "POST /xingrg/dwr/call/plaincall/AjaxCheckService.setItemNumber.dwr HTTP/1.1" 200 78
116.232.195.127 - - [24/Jul/2023:10:40:22 +0800] "POST /xingrg/dwr/call/plaincall/AjaxCheckService.setItemNumber.dwr HTTP/1.1" 200 78
116.238.191.126 - - [24/Jul/2023:10:40:23 +0800] "GET /xingrg/kc/base/wldb_order_operate.html?command=get_materiel&rest_code=00150&base_code=0010445&code=00101019222 HTTP/1.1" 200 454
180.157.253.121 - - [24/Jul/2023:10:40:23 +0800] "GET /xingrg/all/function/internal_message.html?_=1690166425484&CODE_STATE=getMsg HTTP/1.1" 200 27
116.232.195.127 - - [24/Jul/2023:10:40:23 +0800] "POST /xingrg/dwr/call/plaincall/AjaxCheckService.setItemNumber.dwr HTTP/1.1" 200 78
180.157.253.121 - - [24/Jul/2023:10:40:24 +0800] "GET /xingrg/check_reg.html?_=1690166425889 HTTP/1.1" 200 22
116.232.195.127 - - [24/Jul/2023:10:40:24 +0800] "POST /xingrg/dwr/call/plaincall/AjaxCheckService.setItemNumber.dwr HTTP/1.1" 200 78
116.232.195.127 - - [24/Jul/2023:10:40:26 +0800] "POST /xingrg/dwr/call/plaincall/AjaxCheckService.setItemNumber.dwr HTTP/1.1" 200 78
116.232.195.127 - - [24/Jul/2023:10:40:27 +0800] "POST /xingrg/dwr/call/plaincall/AjaxCheckService.setItemNumber.dwr HTTP/1.1" 200 78
116.232.195.127 - - [24/Jul/2023:10:40:27 +0800] "POST /xingrg/dwr/call/plaincall/AjaxCheckService.setItemNumber.dwr HTTP/1.1" 200 78
116.232.195.127 - - [24/Jul/2023:10:40:28 +0800] "POST /xingrg/dwr/call/plaincall/AjaxCheckService.setItemNumber.dwr HTTP/1.1" 200 78
180.152.241.196 - - [24/Jul/2023:10:40:29 +0800] "POST /xingrg/kc/buy/cgsh_order_operate.html HTTP/1.1" 200 12
114.83.223.42 - - [24/Jul/2023:10:40:29 +0800] "GET /xingrg/kc/base/wldb_order_operate.html?command=get_materiel&rest_code=00149&base_code=0010394&code=00101019071 HTTP/1.1" 200 470
116.232.195.127 - - [24/Jul/2023:10:40:31 +0800] "POST /xingrg/dwr/call/plaincall/AjaxCheckService.setItemNumber.dwr HTTP/1.1" 200 78
116.232.195.127 - - [24/Jul/2023:10:40:31 +0800] "POST /xingrg/dwr/call/plaincall/AjaxCheckService.setItemNumber.dwr HTTP/1.1" 200 78
116.232.195.127 - - [24/Jul/2023:10:40:32 +0800] "POST /xingrg/dwr/call/plaincall/AjaxCheckService.setItemNumber.dwr HTTP/1.1" 200 78
116.232.195.127 - - [24/Jul/2023:10:40:32 +0800] "POST /xingrg/dwr/call/plaincall/AjaxCheckService.setItemNumber.dwr HTTP/1.1" 200 78
116.238.191.126 - - [24/Jul/2023:10:40:33 +0800] "GET /xingrg/kc/base/wldb_order_operate.html?command=get_materiel&rest_code=00150&base_code=0010445&code=00101019183 HTTP/1.1" 200 449
120.253.135.82 - - [24/Jul/2023:10:40:33 +0800] "GET /xingrg/all/function/internal_message.html?_=1690166256702&CODE_STATE=getMsg HTTP/1.1" 200 27
116.232.195.127 - - [24/Jul/2023:10:40:35 +0800] "POST /xingrg/dwr/call/plaincall/AjaxCheckService.setItemNumber.dwr HTTP/1.1" 200 78
180.152.241.196 - - [24/Jul/2023:10:40:35 +0800] "GET /xingrg/kc/buy/cgsh_order_info.html?code=212023072409455 HTTP/1.1" 200 66656
180.152.241.196 - - [24/Jul/2023:10:40:35 +0800] "GET /xingrg/javascript/easyui/themes/default/validatebox.css HTTP/1.1" 404 1104
114.83.223.42 - - [24/Jul/2023:10:40:36 +0800] "GET /xingrg/kc/base/wldb_order_operate.html?command=get_materiel&rest_code=00149&base_code=0010394&code=00101019056 HTTP/1.1" 200 475
124.78.156.130 - - [24/Jul/2023:10:40:36 +0800] "GET /xingrg/kc/buy/cgsh_order_add.html HTTP/1.1" 200 71724
124.78.156.130 - - [24/Jul/2023:10:40:37 +0800] "GET /xingrg/words/20230723174018_words.js HTTP/1.1" 304 -
222.70.180.90 - - [24/Jul/2023:10:40:37 +0800] "GET /xingrg/all/function/internal_message.html?_=1690166436929&CODE_STATE=getMsg HTTP/1.1" 200 27
180.152.241.196 - - [24/Jul/2023:10:40:37 +0800] "POST /xingrg/kc/buy/cgsh_order_operate.html HTTP/1.1" 200 4731
124.78.156.130 - - [24/Jul/2023:10:40:37 +0800] "POST /xingrg/kc/buy/cgsh_order_operate.html HTTP/1.1" 200 8245
124.78.156.130 - - [24/Jul/2023:10:40:37 +0800] "GET /xingrg/javascript/easyui/themes/default/validatebox.css HTTP/1.1" 404 1104
124.78.156.130 - - [24/Jul/2023:10:40:38 +0800] "GET /xingrg/javascript/easyui/themes/default/tree.css HTTP/1.1" 404 1090
116.238.191.126 - - [24/Jul/2023:10:40:38 +0800] "GET /xingrg/kc/base/wldb_order_operate.html?command=get_materiel&rest_code=00150&base_code=0010445&code=00101019400 HTTP/1.1" 200 465
116.232.195.127 - - [24/Jul/2023:10:40:38 +0800] "GET /xingrg/all/function/internal_message.html?_=1690166399414&CODE_STATE=getMsg HTTP/1.1" 200 27
180.152.241.196 - - [24/Jul/2023:10:40:39 +0800] "GET /xingrg/kc/print/load_config.html?kc_code=cgsh HTTP/1.1" 200 1924
124.78.156.130 - - [24/Jul/2023:10:40:39 +0800] "POST /xingrg/all/common/load_tree.html?tree=supplier_tree_json&isDelete=1 HTTP/1.1" 200 74671
116.232.195.127 - - [24/Jul/2023:10:40:40 +0800] "POST /xingrg/dwr/call/plaincall/AjaxCheckService.setItemNumber.dwr HTTP/1.1" 200 78
180.152.241.196 - - [24/Jul/2023:10:40:40 +0800] "GET /xingrg/kc/print/load_data.html?order_code=212023072409455&kc_code=cgsh&condition= HTTP/1.1" 200 2214
116.238.191.126 - - [24/Jul/2023:10:40:43 +0800] "GET /xingrg/kc/base/wldb_order_operate.html?command=get_materiel&rest_code=00150&base_code=0010445&code=00101019127 HTTP/1.1" 200 480
114.83.223.42 - - [24/Jul/2023:10:40:44 +0800] "GET /xingrg/kc/base/wldb_order_operate.html?command=get_materiel&rest_code=00149&base_code=0010394&code=00101019058 HTTP/1.1" 200 453
222.70.245.33 - - [24/Jul/2023:10:40:46 +0800] "GET /xingrg/all/function/internal_message.html?_=1690166448298&CODE_STATE=getMsg HTTP/1.1" 200 27
116.238.191.126 - - [24/Jul/2023:10:40:50 +0800] "GET /xingrg/kc/base/wldb_order_operate.html?command=get_materiel&rest_code=00150&base_code=0010445&code=00101019184 HTTP/1.1" 200 457
116.232.195.127 - - [24/Jul/2023:10:40:50 +0800] "POST /xingrg/dwr/call/plaincall/AjaxCheckService.setItemNumber.dwr HTTP/1.1" 200 78
116.232.195.127 - - [24/Jul/2023:10:40:51 +0800] "GET /xingrg/all/function/internal_message.html?_=1690166412142&CODE_STATE=getMsg HTTP/1.1" 200 27
116.232.195.127 - - [24/Jul/2023:10:40:52 +0800] "POST /xingrg/dwr/call/plaincall/AjaxCheckService.setItemNumber.dwr HTTP/1.1" 200 78
116.232.195.127 - - [24/Jul/2023:10:40:53 +0800] "POST /xingrg/dwr/call/plaincall/AjaxCheckService.setItemNumber.dwr HTTP/1.1" 200 78
116.238.191.126 - - [24/Jul/2023:10:40:53 +0800] "GET /xingrg/all/function/internal_message.html?_=1690166453110&CODE_STATE=getMsg HTTP/1.1" 200 27
124.78.156.130 - - [24/Jul/2023:10:40:54 +0800] "GET /xingrg/kc/buy/cgsh_order_operate.html?command=get_materiel&rest_code=00106&code=00101008147&supplier_code=00100009&order_time=2023-07-24 HTTP/1.1" 200 416
180.152.241.196 - - [24/Jul/2023:10:40:54 +0800] "GET /xingrg/check_reg.html?_=1690166453420 HTTP/1.1" 200 22
180.152.241.196 - - [24/Jul/2023:10:40:54 +0800] "GET /xingrg/all/function/internal_message.html?_=1690166453423&CODE_STATE=getMsg HTTP/1.1" 200 27
116.232.195.127 - - [24/Jul/2023:10:40:55 +0800] "POST /xingrg/dwr/call/plaincall/AjaxCheckService.setItemNumber.dwr HTTP/1.1" 200 78
116.232.195.127 - - [24/Jul/2023:10:40:55 +0800] "POST /xingrg/dwr/call/plaincall/AjaxCheckService.setItemNumber.dwr HTTP/1.1" 200 78
101.83.145.37 - - [24/Jul/2023:10:40:56 +0800] "GET /xingrg/all/function/internal_message.html?_=1690166266386&CODE_STATE=getMsg HTTP/1.1" 200 27
124.79.243.110 - - [24/Jul/2023:10:40:57 +0800] "GET /xingrg/all/function/internal_message.html?_=1690166457058&CODE_STATE=getMsg HTTP/1.1" 200 27
116.238.191.126 - - [24/Jul/2023:10:40:57 +0800] "GET /xingrg/kc/base/wldb_order_operate.html?command=get_materiel&rest_code=00150&base_code=0010445&code=00101013010 HTTP/1.1" 200 436
116.232.195.127 - - [24/Jul/2023:10:40:57 +0800] "POST /xingrg/dwr/call/plaincall/AjaxCheckService.setItemNumber.dwr HTTP/1.1" 200 78
180.165.154.167 - - [24/Jul/2023:10:40:59 +0800] "GET /xingrg/all/function/internal_message.html?_=1690166459025&CODE_STATE=getMsg HTTP/1.1" 200 27
222.70.114.12 - - [24/Jul/2023:10:40:59 +0800] "GET /xingrg/all/function/internal_message.html?_=1690166460683&CODE_STATE=getMsg HTTP/1.1" 200 27
116.232.195.127 - - [24/Jul/2023:10:40:59 +0800] "POST /xingrg/dwr/call/plaincall/AjaxCheckService.setItemNumber.dwr HTTP/1.1" 200 78
124.78.70.128 - - [24/Jul/2023:10:41:00 +0800] "GET /xingrg/all/function/internal_message.html?_=1690165930012&CODE_STATE=getMsg HTTP/1.1" 200 27
116.232.195.127 - - [24/Jul/2023:10:41:00 +0800] "POST /xingrg/dwr/call/plaincall/AjaxCheckService.setItemNumber.dwr HTTP/1.1" 200 78
116.232.195.127 - - [24/Jul/2023:10:41:00 +0800] "POST /xingrg/dwr/call/plaincall/AjaxCheckService.setItemNumber.dwr HTTP/1.1" 200 78
114.83.223.42 - - [24/Jul/2023:10:41:01 +0800] "GET /xingrg/kc/base/wldb_order_operate.html?command=get_materiel&rest_code=00149&base_code=0010394&code=00101019405 HTTP/1.1" 200 481
116.232.195.127 - - [24/Jul/2023:10:41:01 +0800] "POST /xingrg/dwr/call/plaincall/AjaxCheckService.setItemNumber.dwr HTTP/1.1" 200 78
116.238.191.126 - - [24/Jul/2023:10:41:01 +0800] "GET /xingrg/all/function/internal_message.html?_=1690166350495&CODE_STATE=getMsg HTTP/1.1" 200 27
116.232.195.127 - - [24/Jul/2023:10:41:02 +0800] "POST /xingrg/dwr/call/plaincall/AjaxCheckService.setItemNumber.dwr HTTP/1.1" 200 78
116.232.195.127 - - [24/Jul/2023:10:41:03 +0800] "POST /xingrg/dwr/call/plaincall/AjaxCheckService.setItemNumber.dwr HTTP/1.1" 200 78
116.232.195.127 - - [24/Jul/2023:10:41:04 +0800] "POST /xingrg/dwr/call/plaincall/AjaxCheckService.setItemNumber.dwr HTTP/1.1" 200 78
114.83.223.42 - - [24/Jul/2023:10:41:05 +0800] "GET /xingrg/check_reg.html?_=1690166464532 HTTP/1.1" 200 22
114.83.223.42 - - [24/Jul/2023:10:41:05 +0800] "GET /xingrg/all/function/internal_message.html?_=1690166464535&CODE_STATE=getMsg HTTP/1.1" 200 27
116.232.195.127 - - [24/Jul/2023:10:41:07 +0800] "POST /xingrg/dwr/call/plaincall/AjaxCheckService.setItemNumber.dwr HTTP/1.1" 200 78
114.83.223.42 - - [24/Jul/2023:10:41:07 +0800] "GET /xingrg/kc/base/wldb_order_operate.html?command=get_materiel&rest_code=00149&base_code=0010394&code=00101019066 HTTP/1.1" 200 455
116.232.195.127 - - [24/Jul/2023:10:41:08 +0800] "POST /xingrg/dwr/call/plaincall/AjaxCheckService.setItemNumber.dwr HTTP/1.1" 200 78
116.232.195.127 - - [24/Jul/2023:10:41:09 +0800] "POST /xingrg/dwr/call/plaincall/AjaxCheckService.setItemNumber.dwr HTTP/1.1" 200 78
124.78.156.130 - - [24/Jul/2023:10:41:09 +0800] "POST /xingrg/kc/buy/cgsh_order_operate.html HTTP/1.1" 200 37
116.232.195.127 - - [24/Jul/2023:10:41:10 +0800] "POST /xingrg/dwr/call/plaincall/AjaxCheckService.setItemNumber.dwr HTTP/1.1" 200 78
116.232.195.127 - - [24/Jul/2023:10:41:11 +0800] "POST /xingrg/dwr/call/plaincall/AjaxCheckService.setItemNumber.dwr HTTP/1.1" 200 78
116.232.195.127 - - [24/Jul/2023:10:41:12 +0800] "POST /xingrg/dwr/call/plaincall/AjaxCheckService.setItemNumber.dwr HTTP/1.1" 200 78
116.232.195.127 - - [24/Jul/2023:10:41:13 +0800] "POST /xingrg/dwr/call/plaincall/AjaxCheckService.setItemNumber.dwr HTTP/1.1" 200 78
116.232.195.127 - - [24/Jul/2023:10:41:14 +0800] "POST /xingrg/dwr/call/plaincall/AjaxCheckService.setItemNumber.dwr HTTP/1.1" 200 78
116.232.195.127 - - [24/Jul/2023:10:41:15 +0800] "POST /xingrg/dwr/call/plaincall/AjaxCheckService.setItemNumber.dwr HTTP/1.1" 200 78
114.83.223.42 - - [24/Jul/2023:10:41:15 +0800] "GET /xingrg/kc/base/wldb_order_operate.html?command=get_materiel&rest_code=00149&base_code=0010394&code=00101019390 HTTP/1.1" 200 470
58.40.7.146 - - [24/Jul/2023:10:41:15 +0800] "GET /xingrg/all/function/internal_message.html?_=1690166475266&CODE_STATE=getMsg HTTP/1.1" 302 -
116.232.195.127 - - [24/Jul/2023:10:41:17 +0800] "POST /xingrg/dwr/call/plaincall/AjaxCheckService.setItemNumber.dwr HTTP/1.1" 200 78
124.79.243.110 - - [24/Jul/2023:10:41:17 +0800] "GET /xingrg/all/function/internal_message.html?_=1690166763808&CODE_STATE=getMsg HTTP/1.1" 200 27
116.238.191.126 - - [24/Jul/2023:10:41:17 +0800] "GET /xingrg/kc/base/wldb_order_operate.html?command=get_materiel&rest_code=00150&base_code=0010445&code=00101016094 HTTP/1.1" 200 469
116.232.195.127 - - [24/Jul/2023:10:41:18 +0800] "POST /xingrg/dwr/call/plaincall/AjaxCheckService.setItemNumber.dwr HTTP/1.1" 200 78
116.232.195.127 - - [24/Jul/2023:10:41:18 +0800] "POST /xingrg/dwr/call/plaincall/AjaxCheckService.setItemNumber.dwr HTTP/1.1" 200 78
116.232.195.127 - - [24/Jul/2023:10:41:19 +0800] "POST /xingrg/dwr/call/plaincall/AjaxCheckService.setItemNumber.dwr HTTP/1.1" 200 78
116.232.195.127 - - [24/Jul/2023:10:41:20 +0800] "POST /xingrg/dwr/call/plaincall/AjaxCheckService.setItemNumber.dwr HTTP/1.1" 200 78
116.232.195.127 - - [24/Jul/2023:10:41:21 +0800] "POST /xingrg/dwr/call/plaincall/AjaxCheckService.setItemNumber.dwr HTTP/1.1" 200 78
114.83.223.42 - - [24/Jul/2023:10:41:21 +0800] "GET /xingrg/kc/base/wldb_order_operate.html?command=get_materiel&rest_code=00149&base_code=0010394&code=00101019358 HTTP/1.1" 200 462
101.83.145.37 - - [24/Jul/2023:10:41:21 +0800] "GET /xingrg/all/function/internal_message.html?_=1690166482149&CODE_STATE=getMsg HTTP/1.1" 200 27
124.78.156.130 - - [24/Jul/2023:10:41:21 +0800] "POST /xingrg/kc/buy/cgsh_order_operate.html HTTP/1.1" 200 12
116.232.195.127 - - [24/Jul/2023:10:41:22 +0800] "POST /xingrg/dwr/call/plaincall/AjaxCheckService.setItemNumber.dwr HTTP/1.1" 200 78
116.232.195.127 - - [24/Jul/2023:10:41:23 +0800] "POST /xingrg/dwr/call/plaincall/AjaxCheckService.setItemNumber.dwr HTTP/1.1" 200 78
180.157.253.121 - - [24/Jul/2023:10:41:23 +0800] "GET /xingrg/all/function/internal_message.html?_=1690166485470&CODE_STATE=getMsg HTTP/1.1" 200 27
116.232.195.127 - - [24/Jul/2023:10:41:24 +0800] "POST /xingrg/dwr/call/plaincall/AjaxCheckService.setItemNumber.dwr HTTP/1.1" 200 78
124.78.156.130 - - [24/Jul/2023:10:41:25 +0800] "GET /xingrg/kc/buy/cgsh_order_info.html?code=212023072409456 HTTP/1.1" 200 66639
124.78.156.130 - - [24/Jul/2023:10:41:26 +0800] "GET /xingrg/javascript/easyui/themes/default/validatebox.css HTTP/1.1" 404 1104
116.232.195.127 - - [24/Jul/2023:10:41:26 +0800] "POST /xingrg/dwr/call/plaincall/AjaxCheckService.setItemNumber.dwr HTTP/1.1" 200 78
116.232.195.127 - - [24/Jul/2023:10:41:27 +0800] "POST /xingrg/dwr/call/plaincall/AjaxCheckService.setItemNumber.dwr HTTP/1.1" 200 78
124.78.156.130 - - [24/Jul/2023:10:41:27 +0800] "POST /xingrg/kc/buy/cgsh_order_operate.html HTTP/1.1" 200 610
116.232.195.127 - - [24/Jul/2023:10:41:28 +0800] "POST /xingrg/dwr/call/plaincall/AjaxCheckService.setItemNumber.dwr HTTP/1.1" 200 78
116.232.195.127 - - [24/Jul/2023:10:41:29 +0800] "POST /xingrg/dwr/call/plaincall/AjaxCheckService.setItemNumber.dwr HTTP/1.1" 200 78
116.232.195.127 - - [24/Jul/2023:10:41:31 +0800] "POST /xingrg/dwr/call/plaincall/AjaxCheckService.setItemNumber.dwr HTTP/1.1" 200 78
124.78.156.130 - - [24/Jul/2023:10:41:32 +0800] "GET /xingrg/kc/print/load_data.html?order_code=212023072409456&kc_code=cgsh&condition= HTTP/1.1" 200 775
116.232.195.127 - - [24/Jul/2023:10:41:32 +0800] "GET /xingrg/check_reg.html?_=1690166453247 HTTP/1.1" 200 22
116.232.195.127 - - [24/Jul/2023:10:41:32 +0800] "POST /xingrg/dwr/call/plaincall/AjaxCheckService.setItemNumber.dwr HTTP/1.1" 200 78
116.232.195.127 - - [24/Jul/2023:10:41:33 +0800] "POST /xingrg/dwr/call/plaincall/AjaxCheckService.setItemNumber.dwr HTTP/1.1" 200 78
120.253.135.82 - - [24/Jul/2023:10:41:33 +0800] "GET /xingrg/all/function/internal_message.html?_=1690166316715&CODE_STATE=getMsg HTTP/1.1" 200 27
116.232.195.127 - - [24/Jul/2023:10:41:34 +0800] "POST /xingrg/dwr/call/plaincall/AjaxCheckService.setItemNumber.dwr HTTP/1.1" 200 78
114.83.223.42 - - [24/Jul/2023:10:41:34 +0800] "GET /xingrg/kc/base/wldb_order_operate.html?command=get_materiel&rest_code=00149&base_code=0010394&code=00101016028 HTTP/1.1" 200 431
116.238.191.126 - - [24/Jul/2023:10:41:35 +0800] "GET /xingrg/kc/base/wldb_order_operate.html?command=get_materiel&rest_code=00150&base_code=0010445&code=00101016050 HTTP/1.1" 200 463
116.232.195.127 - - [24/Jul/2023:10:41:35 +0800] "POST /xingrg/dwr/call/plaincall/AjaxCheckService.setItemNumber.dwr HTTP/1.1" 200 78
116.232.195.127 - - [24/Jul/2023:10:41:36 +0800] "POST /xingrg/dwr/call/plaincall/AjaxCheckService.setItemNumber.dwr HTTP/1.1" 200 78
222.70.180.90 - - [24/Jul/2023:10:41:37 +0800] "GET /xingrg/all/function/internal_message.html?_=1690166496912&CODE_STATE=getMsg HTTP/1.1" 200 27
116.232.195.127 - - [24/Jul/2023:10:41:37 +0800] "POST /xingrg/dwr/call/plaincall/AjaxCheckService.setItemNumber.dwr HTTP/1.1" 200 78
124.78.156.130 - - [24/Jul/2023:10:41:37 +0800] "GET /xingrg/kc/buy/cgsh_order_add.html HTTP/1.1" 200 71724
