222.70.180.90 - - [24/Jul/2023:09:13:35 +0800] "POST /xingrg/dwr/call/plaincall/AjaxCheckService.setItemNumber.dwr HTTP/1.1" 200 78
101.83.145.37 - - [24/Jul/2023:09:13:35 +0800] "POST /xingrg/dwr/call/plaincall/AjaxCheckService.setItemNumber.dwr HTTP/1.1" 200 78
114.85.113.108 - - [24/Jul/2023:09:13:36 +0800] "GET /xingrg/all/function/internal_message.html?_=1690161215627&CODE_STATE=getMsg HTTP/1.1" 302 -
222.70.180.90 - - [24/Jul/2023:09:13:36 +0800] "POST /xingrg/dwr/call/plaincall/AjaxCheckService.setItemNumber.dwr HTTP/1.1" 200 78
116.232.195.127 - - [24/Jul/2023:09:13:36 +0800] "GET /xingrg/kc/buy/cgsh_order_operate.html?command=get_materiel&rest_code=00155&code=00101008230&supplier_code=00100005&order_time=2023-07-24 HTTP/1.1" 200 408
222.70.180.90 - - [24/Jul/2023:09:13:38 +0800] "GET /xingrg/all/function/internal_message.html?_=1690161217887&CODE_STATE=getMsg HTTP/1.1" 200 27
116.238.191.126 - - [24/Jul/2023:09:13:38 +0800] "GET /xingrg/kc/buy/cgsh_order_operate.html?command=get_materiel&rest_code=00150&code=00101008411&supplier_code=00100008&order_time=2023-07-24 HTTP/1.1" 200 413
116.238.191.126 - - [24/Jul/2023:09:13:38 +0800] "GET /xingrg/all/function/internal_message.html?_=1690161218179&CODE_STATE=getMsg HTTP/1.1" 200 27
222.70.180.90 - - [24/Jul/2023:09:13:39 +0800] "POST /xingrg/dwr/call/plaincall/AjaxCheckService.setItemNumber.dwr HTTP/1.1" 200 78
101.83.145.37 - - [24/Jul/2023:09:13:39 +0800] "POST /xingrg/dwr/call/plaincall/AjaxCheckService.setItemNumber.dwr HTTP/1.1" 200 78
222.70.180.90 - - [24/Jul/2023:09:13:40 +0800] "POST /xingrg/dwr/call/plaincall/AjaxCheckService.setItemNumber.dwr HTTP/1.1" 200 78
180.165.154.167 - - [24/Jul/2023:09:13:42 +0800] "GET /xingrg/kc/buy/cgsh_order_operate.html?command=get_materiel&rest_code=00108&code=00101008024&supplier_code=00100007&order_time=2023-07-24 HTTP/1.1" 200 408
222.70.180.90 - - [24/Jul/2023:09:13:42 +0800] "POST /xingrg/dwr/call/plaincall/AjaxCheckService.setItemNumber.dwr HTTP/1.1" 200 78
222.70.180.90 - - [24/Jul/2023:09:13:44 +0800] "POST /xingrg/dwr/call/plaincall/AjaxCheckService.setItemNumber.dwr HTTP/1.1" 200 78
222.70.245.33 - - [24/Jul/2023:09:13:45 +0800] "GET /xingrg/check_reg.html?_=1690161226477 HTTP/1.1" 200 22
222.70.245.33 - - [24/Jul/2023:09:13:45 +0800] "GET /xingrg/all/function/internal_message.html?_=1690161226545&CODE_STATE=getMsg HTTP/1.1" 200 27
222.70.180.90 - - [24/Jul/2023:09:13:45 +0800] "POST /xingrg/dwr/call/plaincall/AjaxCheckService.setItemNumber.dwr HTTP/1.1" 200 78
222.70.180.90 - - [24/Jul/2023:09:13:46 +0800] "POST /xingrg/dwr/call/plaincall/AjaxCheckService.setItemNumber.dwr HTTP/1.1" 200 78
222.70.180.90 - - [24/Jul/2023:09:13:48 +0800] "POST /xingrg/dwr/call/plaincall/AjaxCheckService.setItemNumber.dwr HTTP/1.1" 200 78
222.70.180.90 - - [24/Jul/2023:09:13:49 +0800] "POST /xingrg/dwr/call/plaincall/AjaxCheckService.setItemNumber.dwr HTTP/1.1" 200 78
116.238.191.126 - - [24/Jul/2023:09:13:49 +0800] "GET /xingrg/kc/buy/cgsh_order_operate.html?command=get_materiel&rest_code=00150&code=00101023033&supplier_code=00100008&order_time=2023-07-24 HTTP/1.1" 200 409
116.232.195.127 - - [24/Jul/2023:09:13:49 +0800] "GET /xingrg/kc/buy/cgsh_order_operate.html?command=get_materiel&rest_code=00155&code=00101008286&supplier_code=00100005&order_time=2023-07-24 HTTP/1.1" 200 408
114.83.223.42 - - [24/Jul/2023:09:13:49 +0800] "GET /xingrg/all/function/internal_message.html?_=1690161229065&CODE_STATE=getMsg HTTP/1.1" 200 27
114.85.113.108 - - [24/Jul/2023:09:13:50 +0800] "GET /xingrg/check_reg.html?_=1690161230215 HTTP/1.1" 302 -
116.232.195.127 - - [24/Jul/2023:09:13:51 +0800] "GET /xingrg/check_reg.html?_=1690161192095 HTTP/1.1" 200 22
116.232.195.127 - - [24/Jul/2023:09:13:51 +0800] "GET /xingrg/all/function/internal_message.html?_=1690161192097&CODE_STATE=getMsg HTTP/1.1" 200 27
180.165.154.167 - - [24/Jul/2023:09:13:51 +0800] "GET /xingrg/kc/buy/cgsh_order_operate.html?command=get_materiel&rest_code=00108&code=00101008270&supplier_code=00100007&order_time=2023-07-24 HTTP/1.1" 200 412
222.70.180.90 - - [24/Jul/2023:09:13:53 +0800] "POST /xingrg/dwr/call/plaincall/AjaxCheckService.setItemNumber.dwr HTTP/1.1" 200 78
101.83.145.37 - - [24/Jul/2023:09:13:56 +0800] "GET /xingrg/all/function/internal_message.html?_=1690161046261&CODE_STATE=getMsg HTTP/1.1" 200 27
222.70.180.90 - - [24/Jul/2023:09:13:56 +0800] "POST /xingrg/dwr/call/plaincall/AjaxCheckService.setItemNumber.dwr HTTP/1.1" 200 78
116.238.191.126 - - [24/Jul/2023:09:13:58 +0800] "GET /xingrg/kc/buy/cgsh_order_operate.html?command=get_materiel&rest_code=00150&code=00101008360&supplier_code=00100008&order_time=2023-07-24 HTTP/1.1" 200 412
101.83.145.37 - - [24/Jul/2023:09:13:59 +0800] "POST /xingrg/dwr/call/plaincall/AjaxCheckService.setItemNumber.dwr HTTP/1.1" 200 78
180.165.154.167 - - [24/Jul/2023:09:14:00 +0800] "GET /xingrg/kc/buy/cgsh_order_operate.html?command=get_materiel&rest_code=00108&code=00101008354&supplier_code=00100007&order_time=2023-07-24 HTTP/1.1" 200 412
180.157.253.121 - - [24/Jul/2023:09:14:05 +0800] "GET /xingrg/kc/buy/cgsh_order_operate.html?command=get_materiel&rest_code=00148&code=00101006129&supplier_code=00100096&order_time=2023-07-24 HTTP/1.1" 200 431
116.238.191.126 - - [24/Jul/2023:09:14:07 +0800] "GET /xingrg/kc/buy/cgsh_order_operate.html?command=get_materiel&rest_code=00150&code=00101008077&supplier_code=00100008&order_time=2023-07-24 HTTP/1.1" 200 416
180.165.154.167 - - [24/Jul/2023:09:14:11 +0800] "GET /xingrg/kc/buy/cgsh_order_operate.html?command=get_materiel&rest_code=00108&code=00101008148&supplier_code=00100007&order_time=2023-07-24 HTTP/1.1" 200 416
116.238.191.126 - - [24/Jul/2023:09:14:11 +0800] "POST /xingrg/kc/buy/cgsh_order_operate.html HTTP/1.1" 200 2065
180.163.29.103 - - [24/Jul/2023:09:14:14 +0800] "GET /xingrg/all/function/internal_message.html?_=1690161194209&CODE_STATE=getMsg HTTP/1.1" 302 -
180.163.29.103 - - [24/Jul/2023:09:14:14 +0800] "GET /xingrg/login.html HTTP/1.1" 200 7641
124.78.156.130 - - [24/Jul/2023:09:14:14 +0800] "GET /xingrg/all/function/internal_message.html?_=1690161254199&CODE_STATE=getMsg HTTP/1.1" 200 27
124.78.156.130 - - [24/Jul/2023:09:14:14 +0800] "GET /xingrg/check_reg.html?_=1690161254407 HTTP/1.1" 200 22
116.232.195.127 - - [24/Jul/2023:09:14:15 +0800] "GET /xingrg/kc/buy/cgsh_order_operate.html?command=get_materiel&rest_code=00155&code=00101008131&supplier_code=00100005&order_time=2023-07-24 HTTP/1.1" 200 409
58.40.7.146 - - [24/Jul/2023:09:14:15 +0800] "GET /xingrg/all/function/internal_message.html?_=1690161255231&CODE_STATE=getMsg HTTP/1.1" 302 -
114.83.223.42 - - [24/Jul/2023:09:14:15 +0800] "GET /xingrg/kc/buy/cgsh_order_operate.html?command=get_materiel&rest_code=00149&code=00101008331&supplier_code=00100008&order_time=2023-07-24 HTTP/1.1" 200 416
120.253.135.82 - - [24/Jul/2023:09:14:15 +0800] "GET /xingrg/all/function/internal_message.html?_=1690161078831&CODE_STATE=getMsg HTTP/1.1" 200 27
116.238.191.126 - - [24/Jul/2023:09:14:17 +0800] "GET /xingrg/kc/buy/cgsh_order_operate.html?command=get_materiel&rest_code=00150&code=00101008223&supplier_code=00100008&order_time=2023-07-24 HTTP/1.1" 200 412
116.232.195.127 - - [24/Jul/2023:09:14:18 +0800] "POST /xingrg/kc/buy/cgsh_order_operate.html HTTP/1.1" 200 2065
101.83.145.37 - - [24/Jul/2023:09:14:22 +0800] "GET /xingrg/all/function/internal_message.html?_=1690161262572&CODE_STATE=getMsg HTTP/1.1" 200 27
180.157.253.121 - - [24/Jul/2023:09:14:22 +0800] "GET /xingrg/kc/buy/cgsh_order_operate.html?command=get_materiel&rest_code=00148&code=00101006111&supplier_code=00100096&order_time=2023-07-24 HTTP/1.1" 200 409
180.165.154.167 - - [24/Jul/2023:09:14:22 +0800] "GET /xingrg/kc/buy/cgsh_order_operate.html?command=get_materiel&rest_code=00108&code=00101008125&supplier_code=00100007&order_time=2023-07-24 HTTP/1.1" 200 413
180.157.253.121 - - [24/Jul/2023:09:14:24 +0800] "GET /xingrg/all/function/internal_message.html?_=1690161265875&CODE_STATE=getMsg HTTP/1.1" 200 27
116.238.191.126 - - [24/Jul/2023:09:14:26 +0800] "GET /xingrg/kc/buy/cgsh_order_operate.html?command=get_materiel&rest_code=00150&code=00101008079&supplier_code=00100008&order_time=2023-07-24 HTTP/1.1" 200 416
180.165.154.167 - - [24/Jul/2023:09:14:28 +0800] "GET /xingrg/all/function/internal_message.html?_=1690161266921&CODE_STATE=getMsg HTTP/1.1" 200 27
116.232.195.127 - - [24/Jul/2023:09:14:29 +0800] "GET /xingrg/kc/buy/cgsh_order_operate.html?command=get_materiel&rest_code=00155&code=00101008108&supplier_code=00100005&order_time=2023-07-24 HTTP/1.1" 200 412
222.70.180.90 - - [24/Jul/2023:09:14:29 +0800] "GET /xingrg/kc/base/check_order_list.html?isBack=1 HTTP/1.1" 200 16258
116.232.195.127 - - [24/Jul/2023:09:14:32 +0800] "GET /xingrg/all/function/internal_message.html?_=1690161233248&CODE_STATE=getMsg HTTP/1.1" 200 27
114.83.223.42 - - [24/Jul/2023:09:14:33 +0800] "GET /xingrg/kc/buy/cgsh_order_operate.html?command=get_materiel&rest_code=00149&code=00101008350&supplier_code=00100008&order_time=2023-07-24 HTTP/1.1" 200 408
114.85.113.108 - - [24/Jul/2023:09:14:36 +0800] "GET /xingrg/all/function/internal_message.html?_=1690161275597&CODE_STATE=getMsg HTTP/1.1" 302 -
180.165.154.167 - - [24/Jul/2023:09:14:37 +0800] "GET /xingrg/kc/buy/cgsh_order_operate.html?command=get_materiel&rest_code=00108&code=00101008694&supplier_code=00100007&order_time=2023-07-24 HTTP/1.1" 200 420
222.70.180.90 - - [24/Jul/2023:09:14:38 +0800] "GET /xingrg/all/function/internal_message.html?_=1690161277894&CODE_STATE=getMsg HTTP/1.1" 200 27
116.238.191.126 - - [24/Jul/2023:09:14:38 +0800] "GET /xingrg/check_reg.html?_=1690161278212 HTTP/1.1" 200 22
116.238.191.126 - - [24/Jul/2023:09:14:38 +0800] "GET /xingrg/all/function/internal_message.html?_=1690161278214&CODE_STATE=getMsg HTTP/1.1" 200 27
116.238.191.126 - - [24/Jul/2023:09:14:39 +0800] "GET /xingrg/kc/buy/cgsh_order_operate.html?command=get_materiel&rest_code=00150&code=00101008478&supplier_code=00100008&order_time=2023-07-24 HTTP/1.1" 200 412
116.232.195.127 - - [24/Jul/2023:09:14:43 +0800] "GET /xingrg/kc/buy/cgsh_order_operate.html?command=get_materiel&rest_code=00155&code=00101008098&supplier_code=00100005&order_time=2023-07-24 HTTP/1.1" 200 412
114.83.223.42 - - [24/Jul/2023:09:14:43 +0800] "GET /xingrg/kc/buy/cgsh_order_operate.html?command=get_materiel&rest_code=00149&code=00101008185&supplier_code=00100008&order_time=2023-07-24 HTTP/1.1" 200 408
222.70.245.33 - - [24/Jul/2023:09:14:45 +0800] "GET /xingrg/all/function/internal_message.html?_=1690161286553&CODE_STATE=getMsg HTTP/1.1" 200 27
101.83.145.37 - - [24/Jul/2023:09:14:45 +0800] "POST /xingrg/dwr/call/plaincall/AjaxCheckService.checkOrder.dwr HTTP/1.1" 200 80
222.70.180.90 - - [24/Jul/2023:09:14:45 +0800] "POST /xingrg/kc/base/check_list_operate.html HTTP/1.1" 200 3195
180.157.253.121 - - [24/Jul/2023:09:14:45 +0800] "GET /xingrg/kc/buy/cgsh_order_operate.html?command=get_materiel&rest_code=00148&code=00101006068&supplier_code=00100096&order_time=2023-07-24 HTTP/1.1" 200 411
120.253.135.82 - - [24/Jul/2023:09:14:46 +0800] "GET /xingrg/kc/base/wldb_order_list.html HTTP/1.1" 200 19139
120.253.135.82 - - [24/Jul/2023:09:14:47 +0800] "POST /xingrg/kc/base/wldb_list_operate.html HTTP/1.1" 200 928
101.83.145.37 - - [24/Jul/2023:09:14:48 +0800] "GET /xingrg/kc/base/check_order_info.html?code=452023072300291 HTTP/1.1" 200 22860
101.83.145.37 - - [24/Jul/2023:09:14:48 +0800] "GET /xingrg/dwr/interface/AjaxCheckService.js HTTP/1.1" 200 14003
101.83.145.37 - - [24/Jul/2023:09:14:48 +0800] "GET /xingrg/dwr/engine.js HTTP/1.1" 200 43631
101.83.145.37 - - [24/Jul/2023:09:14:48 +0800] "GET /xingrg/dwr/interface/AjaxComOrderService.js HTTP/1.1" 200 18264
114.83.223.42 - - [24/Jul/2023:09:14:49 +0800] "GET /xingrg/all/function/internal_message.html?_=1690161289023&CODE_STATE=getMsg HTTP/1.1" 200 27
116.238.191.126 - - [24/Jul/2023:09:14:51 +0800] "GET /xingrg/kc/buy/cgsh_order_operate.html?command=get_materiel&rest_code=00150&code=00101008357&supplier_code=00100008&order_time=2023-07-24 HTTP/1.1" 200 408
116.232.195.127 - - [24/Jul/2023:09:14:51 +0800] "GET /xingrg/all/function/internal_message.html?_=1690161252113&CODE_STATE=getMsg HTTP/1.1" 200 27
120.253.135.82 - - [24/Jul/2023:09:14:53 +0800] "GET /xingrg/kc/base/wldb_order_add.html HTTP/1.1" 200 30422
101.83.145.37 - - [24/Jul/2023:09:14:53 +0800] "POST /xingrg/dwr/call/plaincall/AjaxCheckService.loadOrderItems.dwr HTTP/1.1" 200 92514
120.253.135.82 - - [24/Jul/2023:09:14:53 +0800] "POST /xingrg/kc/base/wldb_order_operate.html HTTP/1.1" 200 6806
120.253.135.82 - - [24/Jul/2023:09:14:54 +0800] "GET /xingrg/javascript/easyui/themes/default/validatebox.css HTTP/1.1" 404 1104
116.232.195.127 - - [24/Jul/2023:09:14:55 +0800] "GET /xingrg/kc/buy/cgsh_order_operate.html?command=get_materiel&rest_code=00155&code=00101008353&supplier_code=00100005&order_time=2023-07-24 HTTP/1.1" 200 408
101.83.145.37 - - [24/Jul/2023:09:14:56 +0800] "GET /xingrg/all/function/internal_message.html?_=1690161106262&CODE_STATE=getMsg HTTP/1.1" 200 27
114.83.223.42 - - [24/Jul/2023:09:14:58 +0800] "GET /xingrg/kc/buy/cgsh_order_operate.html?command=get_materiel&rest_code=00149&code=00101008612&supplier_code=00100008&order_time=2023-07-24 HTTP/1.1" 200 420
116.238.191.126 - - [24/Jul/2023:09:14:59 +0800] "GET /xingrg/kc/buy/cgsh_order_operate.html?command=get_materiel&rest_code=00150&code=00101008069&supplier_code=00100008&order_time=2023-07-24 HTTP/1.1" 200 412
120.253.135.82 - - [24/Jul/2023:09:15:01 +0800] "POST /xingrg/all/common/load_combo.html?type=base HTTP/1.1" 200 1169
180.157.253.121 - - [24/Jul/2023:09:15:01 +0800] "GET /xingrg/kc/buy/cgsh_order_operate.html?command=get_materiel&rest_code=00148&code=00101006065&supplier_code=00100096&order_time=2023-07-24 HTTP/1.1" 200 409
116.238.191.126 - - [24/Jul/2023:09:15:01 +0800] "POST /xingrg/kc/buy/cgsh_order_operate.html HTTP/1.1" 200 2065
180.165.154.167 - - [24/Jul/2023:09:15:04 +0800] "GET /xingrg/kc/buy/cgsh_order_operate.html?command=get_materiel&rest_code=00108&code=00101008079&supplier_code=00100007&order_time=2023-07-24 HTTP/1.1" 200 416
116.232.195.127 - - [24/Jul/2023:09:15:05 +0800] "GET /xingrg/kc/buy/cgsh_order_operate.html?command=get_materiel&rest_code=00155&code=00101008283&supplier_code=00100005&order_time=2023-07-24 HTTP/1.1" 200 408
222.70.180.90 - - [24/Jul/2023:09:15:06 +0800] "GET /xingrg/kc/base/check_order_info.html?code=452023072300283 HTTP/1.1" 200 26404
222.70.180.90 - - [24/Jul/2023:09:15:06 +0800] "GET /xingrg/dwr/interface/AjaxComOrderService.js HTTP/1.1" 200 18264
222.70.180.90 - - [24/Jul/2023:09:15:06 +0800] "GET /xingrg/dwr/interface/AjaxCheckService.js HTTP/1.1" 200 14003
222.70.180.90 - - [24/Jul/2023:09:15:06 +0800] "GET /xingrg/dwr/engine.js HTTP/1.1" 200 43631
222.70.180.90 - - [24/Jul/2023:09:15:07 +0800] "POST /xingrg/dwr/call/plaincall/AjaxCheckService.loadOrderItems.dwr HTTP/1.1" 200 44477
120.253.135.82 - - [24/Jul/2023:09:15:07 +0800] "POST /xingrg/all/common/load_combo.html?type=base HTTP/1.1" 200 1169
116.238.191.126 - - [24/Jul/2023:09:15:09 +0800] "GET /xingrg/kc/buy/cgsh_order_operate.html?command=get_materiel&rest_code=00150&code=00101008286&supplier_code=00100008&order_time=2023-07-24 HTTP/1.1" 200 408
222.70.180.90 - - [24/Jul/2023:09:15:12 +0800] "POST /xingrg/dwr/call/plaincall/AjaxCheckService.setItemNumber.dwr HTTP/1.1" 200 76
180.163.30.85 - - [24/Jul/2023:09:15:14 +0800] "GET /xingrg/all/function/internal_message.html?_=1690161254199&CODE_STATE=getMsg HTTP/1.1" 302 -
180.163.30.85 - - [24/Jul/2023:09:15:14 +0800] "GET /xingrg/login.html HTTP/1.1" 200 7641
124.78.156.130 - - [24/Jul/2023:09:15:14 +0800] "GET /xingrg/all/function/internal_message.html?_=1690161314176&CODE_STATE=getMsg HTTP/1.1" 200 27
222.70.180.90 - - [24/Jul/2023:09:15:14 +0800] "POST /xingrg/dwr/call/plaincall/AjaxCheckService.setItemNumber.dwr HTTP/1.1" 200 76
58.40.7.146 - - [24/Jul/2023:09:15:15 +0800] "GET /xingrg/all/function/internal_message.html?_=1690161315234&CODE_STATE=getMsg HTTP/1.1" 302 -
120.253.135.82 - - [24/Jul/2023:09:15:15 +0800] "GET /xingrg/all/function/internal_message.html?_=1690161138838&CODE_STATE=getMsg HTTP/1.1" 200 27
222.70.180.90 - - [24/Jul/2023:09:15:16 +0800] "POST /xingrg/dwr/call/plaincall/AjaxCheckService.setItemNumber.dwr HTTP/1.1" 200 76
180.157.253.121 - - [24/Jul/2023:09:15:17 +0800] "GET /xingrg/kc/buy/cgsh_order_operate.html?command=get_materiel&rest_code=00148&code=00101006006&supplier_code=00100096&order_time=2023-07-24 HTTP/1.1" 200 408
116.238.191.126 - - [24/Jul/2023:09:15:17 +0800] "GET /xingrg/kc/buy/cgsh_order_operate.html?command=get_materiel&rest_code=00150&code=00101008131&supplier_code=00100008&order_time=2023-07-24 HTTP/1.1" 200 409
116.232.195.127 - - [24/Jul/2023:09:15:18 +0800] "GET /xingrg/kc/buy/cgsh_order_operate.html?command=get_materiel&rest_code=00155&code=00101008298&supplier_code=00100005&order_time=2023-07-24 HTTP/1.1" 200 413
222.70.180.90 - - [24/Jul/2023:09:15:19 +0800] "POST /xingrg/dwr/call/plaincall/AjaxCheckService.setItemNumber.dwr HTTP/1.1" 200 76
120.253.135.82 - - [24/Jul/2023:09:15:19 +0800] "GET /xingrg/kc/base/wldb_order_operate.html?command=get_materiel&rest_code=00101&base_code=0010250&code=00102001008 HTTP/1.1" 200 442
222.70.180.90 - - [24/Jul/2023:09:15:21 +0800] "POST /xingrg/dwr/call/plaincall/AjaxCheckService.setItemNumber.dwr HTTP/1.1" 200 76
116.232.195.127 - - [24/Jul/2023:09:15:21 +0800] "POST /xingrg/kc/buy/cgsh_order_operate.html HTTP/1.1" 200 2065
101.83.145.37 - - [24/Jul/2023:09:15:22 +0800] "GET /xingrg/all/function/internal_message.html?_=1690161322560&CODE_STATE=getMsg HTTP/1.1" 200 27
120.253.135.82 - - [24/Jul/2023:09:15:22 +0800] "POST /xingrg/all/common/load_select.html HTTP/1.1" 200 25
222.70.180.90 - - [24/Jul/2023:09:15:22 +0800] "POST /xingrg/dwr/call/plaincall/AjaxCheckService.setItemNumber.dwr HTTP/1.1" 200 76
180.157.253.121 - - [24/Jul/2023:09:15:24 +0800] "GET /xingrg/all/function/internal_message.html?_=1690161325896&CODE_STATE=getMsg HTTP/1.1" 200 27
180.157.253.121 - - [24/Jul/2023:09:15:24 +0800] "GET /xingrg/check_reg.html?_=1690161325899 HTTP/1.1" 200 22
120.253.135.82 - - [24/Jul/2023:09:15:24 +0800] "GET /xingrg/kc/base/wldb_order_operate.html?command=get_materiel_price&rest_code=00101&base_code=0010250&code=00102001008&unit_code=00100062 HTTP/1.1" 200 36
222.70.180.90 - - [24/Jul/2023:09:15:24 +0800] "POST /xingrg/dwr/call/plaincall/AjaxCheckService.setItemNumber.dwr HTTP/1.1" 200 76
116.238.191.126 - - [24/Jul/2023:09:15:25 +0800] "GET /xingrg/kc/buy/cgsh_order_operate.html?command=get_materiel&rest_code=00150&code=00101008694&supplier_code=00100008&order_time=2023-07-24 HTTP/1.1" 200 420
222.70.180.90 - - [24/Jul/2023:09:15:25 +0800] "POST /xingrg/dwr/call/plaincall/AjaxCheckService.setItemNumber.dwr HTTP/1.1" 200 76
222.70.180.90 - - [24/Jul/2023:09:15:27 +0800] "POST /xingrg/dwr/call/plaincall/AjaxCheckService.setItemNumber.dwr HTTP/1.1" 200 76
180.165.154.167 - - [24/Jul/2023:09:15:28 +0800] "GET /xingrg/all/function/internal_message.html?_=1690161326926&CODE_STATE=getMsg HTTP/1.1" 200 27
222.70.180.90 - - [24/Jul/2023:09:15:28 +0800] "POST /xingrg/dwr/call/plaincall/AjaxCheckService.setItemNumber.dwr HTTP/1.1" 200 77
180.157.253.121 - - [24/Jul/2023:09:15:29 +0800] "GET /xingrg/kc/buy/cgsh_order_operate.html?command=get_materiel&rest_code=00148&code=00101007061&supplier_code=00100096&order_time=2023-07-24 HTTP/1.1" 200 411
222.70.180.90 - - [24/Jul/2023:09:15:30 +0800] "POST /xingrg/dwr/call/plaincall/AjaxCheckService.setItemNumber.dwr HTTP/1.1" 200 77
222.70.180.90 - - [24/Jul/2023:09:15:31 +0800] "POST /xingrg/dwr/call/plaincall/AjaxCheckService.setItemNumber.dwr HTTP/1.1" 200 77
116.232.195.127 - - [24/Jul/2023:09:15:32 +0800] "GET /xingrg/all/function/internal_message.html?_=1690161293236&CODE_STATE=getMsg HTTP/1.1" 200 27
180.165.154.167 - - [24/Jul/2023:09:15:32 +0800] "GET /xingrg/javascript/jquery_easy_ui/themes/icons/area.png HTTP/1.1" 200 262
180.165.154.167 - - [24/Jul/2023:09:15:32 +0800] "GET /xingrg/javascript/jquery_easy_ui/themes/icons/rest.png HTTP/1.1" 200 695
222.70.180.90 - - [24/Jul/2023:09:15:33 +0800] "POST /xingrg/dwr/call/plaincall/AjaxCheckService.setItemNumber.dwr HTTP/1.1" 200 77
116.238.191.126 - - [24/Jul/2023:09:15:33 +0800] "GET /xingrg/kc/buy/cgsh_order_operate.html?command=get_materiel&rest_code=00150&code=00101008352&supplier_code=00100008&order_time=2023-07-24 HTTP/1.1" 200 412
116.232.195.127 - - [24/Jul/2023:09:15:33 +0800] "GET /xingrg/kc/buy/cgsh_order_operate.html?command=get_materiel&rest_code=00155&code=00101008361&supplier_code=00100005&order_time=2023-07-24 HTTP/1.1" 200 408
222.70.180.90 - - [24/Jul/2023:09:15:34 +0800] "POST /xingrg/dwr/call/plaincall/AjaxCheckService.setItemNumber.dwr HTTP/1.1" 200 77
222.70.180.90 - - [24/Jul/2023:09:15:35 +0800] "POST /xingrg/dwr/call/plaincall/AjaxCheckService.setItemNumber.dwr HTTP/1.1" 200 77
114.85.113.108 - - [24/Jul/2023:09:15:36 +0800] "GET /xingrg/all/function/internal_message.html?_=1690161335582&CODE_STATE=getMsg HTTP/1.1" 302 -
222.70.180.90 - - [24/Jul/2023:09:15:37 +0800] "POST /xingrg/dwr/call/plaincall/AjaxCheckService.setItemNumber.dwr HTTP/1.1" 200 77
222.70.180.90 - - [24/Jul/2023:09:15:38 +0800] "GET /xingrg/all/function/internal_message.html?_=1690161337893&CODE_STATE=getMsg HTTP/1.1" 200 27
116.238.191.126 - - [24/Jul/2023:09:15:38 +0800] "GET /xingrg/all/function/internal_message.html?_=1690161338294&CODE_STATE=getMsg HTTP/1.1" 200 27
222.70.180.90 - - [24/Jul/2023:09:15:39 +0800] "POST /xingrg/dwr/call/plaincall/AjaxCheckService.setItemNumber.dwr HTTP/1.1" 200 77
120.253.135.82 - - [24/Jul/2023:09:15:40 +0800] "POST /xingrg/kc/base/wldb_order_operate.html HTTP/1.1" 200 37
120.253.135.82 - - [24/Jul/2023:09:15:40 +0800] "POST /xingrg/kc/base/wldb_order_operate.html HTTP/1.1" 200 2183
180.165.154.167 - - [24/Jul/2023:09:15:40 +0800] "GET /xingrg/kc/buy/cgsh_order_operate.html?command=get_materiel&rest_code=00108&code=00101008336&supplier_code=00100007&order_time=2023-07-24 HTTP/1.1" 200 412
222.70.180.90 - - [24/Jul/2023:09:15:41 +0800] "POST /xingrg/dwr/call/plaincall/AjaxCheckService.setItemNumber.dwr HTTP/1.1" 200 77
120.253.135.82 - - [24/Jul/2023:09:15:41 +0800] "GET /xingrg/kc/base/wldb_order_info.html?code=422023072402353 HTTP/1.1" 200 30434
120.253.135.82 - - [24/Jul/2023:09:15:42 +0800] "GET /xingrg/javascript/easyui/themes/default/validatebox.css HTTP/1.1" 404 1104
120.253.135.82 - - [24/Jul/2023:09:15:43 +0800] "POST /xingrg/kc/base/wldb_order_operate.html HTTP/1.1" 200 2183
116.232.195.127 - - [24/Jul/2023:09:15:43 +0800] "GET /xingrg/kc/buy/cgsh_order_operate.html?command=get_materiel&rest_code=00155&code=00101020136&supplier_code=00100005&order_time=2023-07-24 HTTP/1.1" 200 408
222.70.245.33 - - [24/Jul/2023:09:15:45 +0800] "GET /xingrg/all/function/internal_message.html?_=1690161346565&CODE_STATE=getMsg HTTP/1.1" 200 27
120.253.135.82 - - [24/Jul/2023:09:15:45 +0800] "GET /xingrg/kc/print/load_config.html?kc_code=wldb HTTP/1.1" 200 2261
120.253.135.82 - - [24/Jul/2023:09:15:46 +0800] "GET /xingrg/kc/print/load_data.html?order_code=422023072402353&kc_code=wldb&condition= HTTP/1.1" 200 519
222.70.180.90 - - [24/Jul/2023:09:15:47 +0800] "POST /xingrg/dwr/call/plaincall/AjaxCheckService.setItemNumber.dwr HTTP/1.1" 200 77
222.70.180.90 - - [24/Jul/2023:09:15:48 +0800] "POST /xingrg/dwr/call/plaincall/AjaxCheckService.setItemNumber.dwr HTTP/1.1" 200 77
116.238.191.126 - - [24/Jul/2023:09:15:49 +0800] "GET /xingrg/kc/buy/cgsh_order_operate.html?command=get_materiel&rest_code=00150&code=00101008353&supplier_code=00100008&order_time=2023-07-24 HTTP/1.1" 200 408
114.83.223.42 - - [24/Jul/2023:09:15:49 +0800] "GET /xingrg/check_reg.html?_=1690161349008 HTTP/1.1" 200 22
114.83.223.42 - - [24/Jul/2023:09:15:49 +0800] "GET /xingrg/all/function/internal_message.html?_=1690161349015&CODE_STATE=getMsg HTTP/1.1" 200 27
222.70.180.90 - - [24/Jul/2023:09:15:50 +0800] "POST /xingrg/dwr/call/plaincall/AjaxCheckService.setItemNumber.dwr HTTP/1.1" 200 77
114.83.223.42 - - [24/Jul/2023:09:15:50 +0800] "GET /xingrg/kc/buy/cgsh_order_operate.html?command=get_materiel&rest_code=00149&code=00101008096&supplier_code=00100008&order_time=2023-07-24 HTTP/1.1" 200 412
116.232.195.127 - - [24/Jul/2023:09:15:51 +0800] "GET /xingrg/all/function/internal_message.html?_=1690161312104&CODE_STATE=getMsg HTTP/1.1" 200 27
116.238.191.126 - - [24/Jul/2023:09:15:51 +0800] "POST /xingrg/kc/buy/cgsh_order_operate.html HTTP/1.1" 200 2065
222.70.180.90 - - [24/Jul/2023:09:15:51 +0800] "POST /xingrg/dwr/call/plaincall/AjaxCheckService.setItemNumber.dwr HTTP/1.1" 200 77
222.70.180.90 - - [24/Jul/2023:09:15:54 +0800] "POST /xingrg/dwr/call/plaincall/AjaxCheckService.setItemNumber.dwr HTTP/1.1" 200 77
222.70.180.90 - - [24/Jul/2023:09:15:55 +0800] "POST /xingrg/dwr/call/plaincall/AjaxCheckService.setItemNumber.dwr HTTP/1.1" 200 77
101.83.145.37 - - [24/Jul/2023:09:15:56 +0800] "GET /xingrg/all/function/internal_message.html?_=1690161166263&CODE_STATE=getMsg HTTP/1.1" 200 27
222.70.180.90 - - [24/Jul/2023:09:15:57 +0800] "POST /xingrg/dwr/call/plaincall/AjaxCheckService.setItemNumber.dwr HTTP/1.1" 200 77
116.238.191.126 - - [24/Jul/2023:09:15:57 +0800] "GET /xingrg/kc/buy/cgsh_order_operate.html?command=get_materiel&rest_code=00150&code=00101008312&supplier_code=00100008&order_time=2023-07-24 HTTP/1.1" 200 412
222.70.180.90 - - [24/Jul/2023:09:15:59 +0800] "POST /xingrg/dwr/call/plaincall/AjaxCheckService.setItemNumber.dwr HTTP/1.1" 200 77
116.232.195.127 - - [24/Jul/2023:09:16:01 +0800] "GET /xingrg/kc/buy/cgsh_order_operate.html?command=get_materiel&rest_code=00155&code=00101008356&supplier_code=00100005&order_time=2023-07-24 HTTP/1.1" 200 408
222.70.180.90 - - [24/Jul/2023:09:16:01 +0800] "POST /xingrg/dwr/call/plaincall/AjaxCheckService.setItemNumber.dwr HTTP/1.1" 200 77
222.70.180.90 - - [24/Jul/2023:09:16:02 +0800] "POST /xingrg/dwr/call/plaincall/AjaxCheckService.setItemNumber.dwr HTTP/1.1" 200 77
180.165.154.167 - - [24/Jul/2023:09:16:02 +0800] "GET /xingrg/kc/buy/cgsh_order_operate.html?command=get_materiel&rest_code=00108&code=00101008182&supplier_code=00100007&order_time=2023-07-24 HTTP/1.1" 200 412
222.70.180.90 - - [24/Jul/2023:09:16:03 +0800] "POST /xingrg/dwr/call/plaincall/AjaxCheckService.setItemNumber.dwr HTTP/1.1" 200 77
180.165.154.167 - - [24/Jul/2023:09:16:04 +0800] "POST /xingrg/kc/buy/cgsh_order_operate.html HTTP/1.1" 200 2065
222.70.180.90 - - [24/Jul/2023:09:16:05 +0800] "POST /xingrg/dwr/call/plaincall/AjaxCheckService.setItemNumber.dwr HTTP/1.1" 200 77
124.78.70.128 - - [24/Jul/2023:09:16:05 +0800] "POST /xingrg/services/DataTransmitService HTTP/1.1" 200 524
222.70.180.90 - - [24/Jul/2023:09:16:06 +0800] "POST /xingrg/dwr/call/plaincall/AjaxCheckService.setItemNumber.dwr HTTP/1.1" 200 77
222.70.180.90 - - [24/Jul/2023:09:16:08 +0800] "POST /xingrg/dwr/call/plaincall/AjaxCheckService.setItemNumber.dwr HTTP/1.1" 200 77
116.238.191.126 - - [24/Jul/2023:09:16:08 +0800] "GET /xingrg/kc/buy/cgsh_order_operate.html?command=get_materiel&rest_code=00150&code=00101008344&supplier_code=00100008&order_time=2023-07-24 HTTP/1.1" 200 412
222.70.180.90 - - [24/Jul/2023:09:16:09 +0800] "POST /xingrg/dwr/call/plaincall/AjaxCheckService.setItemNumber.dwr HTTP/1.1" 200 77
222.70.180.90 - - [24/Jul/2023:09:16:11 +0800] "POST /xingrg/dwr/call/plaincall/AjaxCheckService.setItemNumber.dwr HTTP/1.1" 200 77
180.165.154.167 - - [24/Jul/2023:09:16:13 +0800] "GET /xingrg/kc/buy/cgsh_order_operate.html?command=get_materiel&rest_code=00108&code=00101008352&supplier_code=00100007&order_time=2023-07-24 HTTP/1.1" 200 412
180.157.253.121 - - [24/Jul/2023:09:16:13 +0800] "GET /xingrg/kc/buy/cgsh_order_operate.html?command=get_materiel&rest_code=00148&code=00101007125&supplier_code=00100096&order_time=2023-07-24 HTTP/1.1" 200 408
222.70.180.90 - - [24/Jul/2023:09:16:13 +0800] "POST /xingrg/dwr/call/plaincall/AjaxCheckService.setItemNumber.dwr HTTP/1.1" 200 77
116.232.195.127 - - [24/Jul/2023:09:16:14 +0800] "GET /xingrg/kc/buy/cgsh_order_operate.html?command=get_materiel&rest_code=00155&code=00101008597&supplier_code=00100005&order_time=2023-07-24 HTTP/1.1" 200 417
124.78.156.130 - - [24/Jul/2023:09:16:14 +0800] "GET /xingrg/all/function/internal_message.html?_=1690161374146&CODE_STATE=getMsg HTTP/1.1" 200 27
58.40.7.146 - - [24/Jul/2023:09:16:15 +0800] "GET /xingrg/all/function/internal_message.html?_=1690161375235&CODE_STATE=getMsg HTTP/1.1" 302 -
120.253.135.82 - - [24/Jul/2023:09:16:15 +0800] "GET /xingrg/all/function/internal_message.html?_=1690161198853&CODE_STATE=getMsg HTTP/1.1" 200 27
222.70.180.90 - - [24/Jul/2023:09:16:15 +0800] "POST /xingrg/dwr/call/plaincall/AjaxCheckService.setItemNumber.dwr HTTP/1.1" 200 77
222.70.180.90 - - [24/Jul/2023:09:16:18 +0800] "POST /xingrg/dwr/call/plaincall/AjaxCheckService.setItemNumber.dwr HTTP/1.1" 200 77
116.238.191.126 - - [24/Jul/2023:09:16:19 +0800] "GET /xingrg/kc/buy/cgsh_order_operate.html?command=get_materiel&rest_code=00150&code=00101008061&supplier_code=00100008&order_time=2023-07-24 HTTP/1.1" 200 422
222.70.180.90 - - [24/Jul/2023:09:16:21 +0800] "POST /xingrg/dwr/call/plaincall/AjaxCheckService.setItemNumber.dwr HTTP/1.1" 200 77
101.83.145.37 - - [24/Jul/2023:09:16:21 +0800] "GET /xingrg/all/function/internal_message.html?_=1690161382527&CODE_STATE=getMsg HTTP/1.1" 200 27
222.70.180.90 - - [24/Jul/2023:09:16:22 +0800] "POST /xingrg/dwr/call/plaincall/AjaxCheckService.setItemNumber.dwr HTTP/1.1" 200 77
222.70.180.90 - - [24/Jul/2023:09:16:23 +0800] "POST /xingrg/dwr/call/plaincall/AjaxCheckService.setItemNumber.dwr HTTP/1.1" 200 77
180.157.253.121 - - [24/Jul/2023:09:16:24 +0800] "GET /xingrg/all/function/internal_message.html?_=1690161385888&CODE_STATE=getMsg HTTP/1.1" 200 27
180.165.154.167 - - [24/Jul/2023:09:16:24 +0800] "GET /xingrg/kc/buy/cgsh_order_operate.html?command=get_materiel&rest_code=00108&code=00101023033&supplier_code=00100007&order_time=2023-07-24 HTTP/1.1" 200 410
116.232.195.127 - - [24/Jul/2023:09:16:24 +0800] "GET /xingrg/kc/buy/cgsh_order_operate.html?command=get_materiel&rest_code=00155&code=00101008223&supplier_code=00100005&order_time=2023-07-24 HTTP/1.1" 200 412
222.70.180.90 - - [24/Jul/2023:09:16:26 +0800] "POST /xingrg/dwr/call/plaincall/AjaxCheckService.setItemNumber.dwr HTTP/1.1" 200 77
222.70.180.90 - - [24/Jul/2023:09:16:28 +0800] "POST /xingrg/dwr/call/plaincall/AjaxCheckService.setItemNumber.dwr HTTP/1.1" 200 77
180.165.154.167 - - [24/Jul/2023:09:16:28 +0800] "GET /xingrg/check_reg.html?_=1690161386918 HTTP/1.1" 200 22
180.165.154.167 - - [24/Jul/2023:09:16:28 +0800] "GET /xingrg/all/function/internal_message.html?_=1690161386922&CODE_STATE=getMsg HTTP/1.1" 200 27
222.70.180.90 - - [24/Jul/2023:09:16:29 +0800] "POST /xingrg/dwr/call/plaincall/AjaxCheckService.setItemNumber.dwr HTTP/1.1" 200 77
116.238.191.126 - - [24/Jul/2023:09:16:29 +0800] "GET /xingrg/kc/buy/cgsh_order_operate.html?command=get_materiel&rest_code=00150&code=00101008095&supplier_code=00100008&order_time=2023-07-24 HTTP/1.1" 200 412
222.70.180.90 - - [24/Jul/2023:09:16:30 +0800] "POST /xingrg/dwr/call/plaincall/AjaxCheckService.setItemNumber.dwr HTTP/1.1" 200 77
116.232.195.127 - - [24/Jul/2023:09:16:32 +0800] "GET /xingrg/check_reg.html?_=1690161353232 HTTP/1.1" 200 22
116.232.195.127 - - [24/Jul/2023:09:16:32 +0800] "GET /xingrg/all/function/internal_message.html?_=1690161353235&CODE_STATE=getMsg HTTP/1.1" 200 27
180.165.154.167 - - [24/Jul/2023:09:16:34 +0800] "GET /xingrg/kc/buy/cgsh_order_operate.html?command=get_materiel&rest_code=00108&code=00101008353&supplier_code=00100007&order_time=2023-07-24 HTTP/1.1" 200 408
180.157.253.121 - - [24/Jul/2023:09:16:34 +0800] "GET /xingrg/kc/buy/cgsh_order_operate.html?command=get_materiel&rest_code=00148&code=00101007050&supplier_code=00100096&order_time=2023-07-24 HTTP/1.1" 200 409
114.83.223.42 - - [24/Jul/2023:09:16:34 +0800] "GET /xingrg/kc/buy/cgsh_order_operate.html?command=get_materiel&rest_code=00149&code=00101008283&supplier_code=00100008&order_time=2023-07-24 HTTP/1.1" 200 408
124.79.243.110 - - [24/Jul/2023:09:16:34 +0800] "GET /xingrg/login.html HTTP/1.1" 200 7641
222.70.180.90 - - [24/Jul/2023:09:16:35 +0800] "POST /xingrg/dwr/call/plaincall/AjaxCheckService.setItemNumber.dwr HTTP/1.1" 200 77
114.85.113.108 - - [24/Jul/2023:09:16:36 +0800] "GET /xingrg/all/function/internal_message.html?_=1690161395566&CODE_STATE=getMsg HTTP/1.1" 302 -
116.238.191.126 - - [24/Jul/2023:09:16:37 +0800] "GET /xingrg/kc/buy/cgsh_order_operate.html?command=get_materiel&rest_code=00150&code=00101008110&supplier_code=00100008&order_time=2023-07-24 HTTP/1.1" 200 408
222.70.180.90 - - [24/Jul/2023:09:16:38 +0800] "GET /xingrg/all/function/internal_message.html?_=1690161397892&CODE_STATE=getMsg HTTP/1.1" 200 27
222.70.180.90 - - [24/Jul/2023:09:16:38 +0800] "GET /xingrg/check_reg.html?_=1690161397895 HTTP/1.1" 200 22
116.238.191.126 - - [24/Jul/2023:09:16:38 +0800] "GET /xingrg/all/function/internal_message.html?_=1690161398284&CODE_STATE=getMsg HTTP/1.1" 200 27
124.79.243.110 - - [24/Jul/2023:09:16:38 +0800] "GET /favicon.ico HTTP/1.1" 404 -
116.238.191.126 - - [24/Jul/2023:09:16:39 +0800] "POST /xingrg/kc/buy/cgsh_order_operate.html HTTP/1.1" 200 2065
124.79.243.110 - - [24/Jul/2023:09:16:41 +0800] "POST /xingrg/login.do HTTP/1.1" 302 -
124.79.243.110 - - [24/Jul/2023:09:16:41 +0800] "GET /xingrg/index.html?sysBaseUrl=http%3A%2F%2F180.169.147.146%3A18081%2Fxingrg%2F&costTime=1512×tamp=1690161401591 HTTP/1.1" 200 17503
124.79.243.110 - - [24/Jul/2023:09:16:42 +0800] "GET /xingrg/check_reg.html?_=1690161402411 HTTP/1.1" 200 22
124.79.243.110 - - [24/Jul/2023:09:16:42 +0800] "GET /xingrg/all/function/internal_message.html?_=1690161402410&CODE_STATE=count HTTP/1.1" 200 11
124.79.243.110 - - [24/Jul/2023:09:16:42 +0800] "POST /xingrg/all/common/load_tree.html?tree=area_rest_tree_json&manage=1 HTTP/1.1" 200 591
124.79.243.110 - - [24/Jul/2023:09:16:42 +0800] "GET /favicon.ico HTTP/1.1" 404 -
124.79.243.110 - - [24/Jul/2023:09:16:42 +0800] "POST /xingrg/load_menu.html HTTP/1.1" 200 11564
116.232.195.127 - - [24/Jul/2023:09:16:42 +0800] "GET /xingrg/kc/buy/cgsh_order_operate.html?command=get_materiel&rest_code=00155&code=00101008095&supplier_code=00100005&order_time=2023-07-24 HTTP/1.1" 200 412
180.165.154.167 - - [24/Jul/2023:09:16:44 +0800] "GET /xingrg/kc/buy/cgsh_order_operate.html?command=get_materiel&rest_code=00108&code=00101008131&supplier_code=00100007&order_time=2023-07-24 HTTP/1.1" 200 409
222.70.245.33 - - [24/Jul/2023:09:16:45 +0800] "GET /xingrg/all/function/internal_message.html?_=1690161406587&CODE_STATE=getMsg HTTP/1.1" 200 27
116.238.191.126 - - [24/Jul/2023:09:16:45 +0800] "GET /xingrg/kc/buy/cgsh_order_operate.html?command=get_materiel&rest_code=00150&code=00101008283&supplier_code=00100008&order_time=2023-07-24 HTTP/1.1" 200 408
180.157.253.121 - - [24/Jul/2023:09:16:45 +0800] "GET /xingrg/kc/buy/cgsh_order_operate.html?command=get_materiel&rest_code=00148&code=00101007052&supplier_code=00100096&order_time=2023-07-24 HTTP/1.1" 200 409
222.70.180.90 - - [24/Jul/2023:09:16:49 +0800] "POST /xingrg/dwr/call/plaincall/AjaxCheckService.setItemNumber.dwr HTTP/1.1" 200 77
114.83.223.42 - - [24/Jul/2023:09:16:49 +0800] "GET /xingrg/all/function/internal_message.html?_=1690161408997&CODE_STATE=getMsg HTTP/1.1" 200 27
116.232.195.127 - - [24/Jul/2023:09:16:51 +0800] "GET /xingrg/all/function/internal_message.html?_=1690161372100&CODE_STATE=getMsg HTTP/1.1" 200 27
222.70.180.90 - - [24/Jul/2023:09:16:51 +0800] "POST /xingrg/dwr/call/plaincall/AjaxCheckService.setItemNumber.dwr HTTP/1.1" 200 77
116.238.191.126 - - [24/Jul/2023:09:16:54 +0800] "GET /xingrg/kc/buy/cgsh_order_operate.html?command=get_materiel&rest_code=00150&code=00101008246&supplier_code=00100008&order_time=2023-07-24 HTTP/1.1" 200 408
222.70.180.90 - - [24/Jul/2023:09:16:55 +0800] "POST /xingrg/dwr/call/plaincall/AjaxCheckService.setItemNumber.dwr HTTP/1.1" 200 77
116.232.195.127 - - [24/Jul/2023:09:16:56 +0800] "GET /xingrg/kc/buy/cgsh_order_operate.html?command=get_materiel&rest_code=00155&code=00101008110&supplier_code=00100005&order_time=2023-07-24 HTTP/1.1" 200 408
101.83.145.37 - - [24/Jul/2023:09:16:56 +0800] "GET /xingrg/check_reg.html?_=1690161226264 HTTP/1.1" 200 22
101.83.145.37 - - [24/Jul/2023:09:16:56 +0800] "GET /xingrg/all/function/internal_message.html?_=1690161226267&CODE_STATE=getMsg HTTP/1.1" 200 27
222.70.180.90 - - [24/Jul/2023:09:16:56 +0800] "POST /xingrg/dwr/call/plaincall/AjaxCheckService.setItemNumber.dwr HTTP/1.1" 200 77
124.79.243.110 - - [24/Jul/2023:09:16:57 +0800] "POST /xingrg/all/user/operate.html HTTP/1.1" 200 36
124.79.243.110 - - [24/Jul/2023:09:16:57 +0800] "GET /xingrg/index.html?sysBaseUrl=http%3A%2F%2F180.169.147.146%3A18081%2Fxingrg%2F&costTime=1512×tamp=1690161401591 HTTP/1.1" 200 17509
124.79.243.110 - - [24/Jul/2023:09:16:57 +0800] "GET /xingrg/javascript/jquery_easy_ui/themes/default/easyui.css HTTP/1.1" 304 -
124.79.243.110 - - [24/Jul/2023:09:16:57 +0800] "GET /xingrg/javascript/jquery_easy_ui/themes/icon.css HTTP/1.1" 304 -
124.79.243.110 - - [24/Jul/2023:09:16:57 +0800] "GET /xingrg/css/form.css HTTP/1.1" 304 -
124.79.243.110 - - [24/Jul/2023:09:16:57 +0800] "GET /xingrg/javascript/jquery-1.4.2.min.js HTTP/1.1" 304 -
124.79.243.110 - - [24/Jul/2023:09:16:57 +0800] "GET /xingrg/javascript/jquery_easy_ui/jquery.easyui.min.js HTTP/1.1" 304 -
124.79.243.110 - - [24/Jul/2023:09:16:57 +0800] "GET /xingrg/javascript/jquery_easy_ui/easyui-lang-zh_CN.js HTTP/1.1" 304 -
124.79.243.110 - - [24/Jul/2023:09:16:57 +0800] "GET /xingrg/javascript/jquery.form.js HTTP/1.1" 304 -
124.79.243.110 - - [24/Jul/2023:09:16:57 +0800] "GET /xingrg/javascript/jquery.utils.js HTTP/1.1" 304 -
124.79.243.110 - - [24/Jul/2023:09:16:57 +0800] "GET /xingrg/javascript/jquery.timers.js HTTP/1.1" 304 -
124.79.243.110 - - [24/Jul/2023:09:16:57 +0800] "GET /xingrg/images/blue/jxLogo.png HTTP/1.1" 304 -
124.79.243.110 - - [24/Jul/2023:09:16:57 +0800] "GET /xingrg/all/function/internal_message.html?_=1690161418032&CODE_STATE=count HTTP/1.1" 200 11
124.79.243.110 - - [24/Jul/2023:09:16:57 +0800] "GET /xingrg/check_reg.html?_=1690161418033 HTTP/1.1" 200 22
124.79.243.110 - - [24/Jul/2023:09:16:57 +0800] "GET /xingrg/javascript/jquery_easy_ui/themes/default/images/panel_tool_collapse.gif HTTP/1.1" 304 -
124.79.243.110 - - [24/Jul/2023:09:16:57 +0800] "GET /xingrg/javascript/jquery_easy_ui/themes/default/images/panel_tool_expand.gif HTTP/1.1" 304 -
124.79.243.110 - - [24/Jul/2023:09:16:57 +0800] "GET /xingrg/javascript/jquery_easy_ui/themes/default/images/tabs_rightarrow.png HTTP/1.1" 304 -
124.79.243.110 - - [24/Jul/2023:09:16:57 +0800] "GET /xingrg/javascript/jquery_easy_ui/themes/icons/settle_new.png HTTP/1.1" 304 -
124.79.243.110 - - [24/Jul/2023:09:16:57 +0800] "GET /xingrg/javascript/jquery_easy_ui/themes/default/images/tabs_leftarrow.png HTTP/1.1" 304 -
124.79.243.110 - - [24/Jul/2023:09:16:57 +0800] "GET /xingrg/images/blue/navBackgound.jpg HTTP/1.1" 304 -
124.79.243.110 - - [24/Jul/2023:09:16:57 +0800] "GET /xingrg/images/blue/pingpu.png HTTP/1.1" 304 -
124.79.243.110 - - [24/Jul/2023:09:16:58 +0800] "POST /xingrg/all/common/load_tree.html?tree=area_rest_tree_json&manage=1 HTTP/1.1" 200 591
124.79.243.110 - - [24/Jul/2023:09:16:58 +0800] "POST /xingrg/load_menu.html HTTP/1.1" 200 9959
116.232.195.127 - - [24/Jul/2023:09:16:58 +0800] "POST /xingrg/kc/buy/cgsh_order_operate.html HTTP/1.1" 200 2065
180.165.154.167 - - [24/Jul/2023:09:16:58 +0800] "GET /xingrg/kc/buy/cgsh_order_operate.html?command=get_materiel&rest_code=00108&code=00101008286&supplier_code=00100007&order_time=2023-07-24 HTTP/1.1" 200 408
222.70.180.90 - - [24/Jul/2023:09:16:59 +0800] "POST /xingrg/dwr/call/plaincall/AjaxCheckService.setItemNumber.dwr HTTP/1.1" 200 77
180.157.253.121 - - [24/Jul/2023:09:16:59 +0800] "GET /xingrg/kc/buy/cgsh_order_operate.html?command=get_materiel&rest_code=00148&code=00101007190&supplier_code=00100096&order_time=2023-07-24 HTTP/1.1" 200 410
180.165.154.167 - - [24/Jul/2023:09:17:00 +0800] "POST /xingrg/kc/buy/cgsh_order_operate.html HTTP/1.1" 200 2065
124.79.243.110 - - [24/Jul/2023:09:17:01 +0800] "GET /xingrg/kc/buy/cgsh_order_list.html HTTP/1.1" 200 56203
222.70.180.90 - - [24/Jul/2023:09:17:01 +0800] "POST /xingrg/dwr/call/plaincall/AjaxCheckService.setItemNumber.dwr HTTP/1.1" 200 77
222.70.180.90 - - [24/Jul/2023:09:17:03 +0800] "POST /xingrg/dwr/call/plaincall/AjaxCheckService.setItemNumber.dwr HTTP/1.1" 200 77
124.79.243.110 - - [24/Jul/2023:09:17:04 +0800] "POST /xingrg/kc/buy/cgsh_list_operate.html HTTP/1.1" 200 986
222.70.180.90 - - [24/Jul/2023:09:17:04 +0800] "POST /xingrg/dwr/call/plaincall/AjaxCheckService.setItemNumber.dwr HTTP/1.1" 200 77
222.70.180.90 - - [24/Jul/2023:09:17:05 +0800] "POST /xingrg/dwr/call/plaincall/AjaxCheckService.setItemNumber.dwr HTTP/1.1" 200 77
114.83.223.42 - - [24/Jul/2023:09:17:06 +0800] "GET /xingrg/kc/buy/cgsh_order_operate.html?command=get_materiel&rest_code=00149&code=00101008113&supplier_code=00100008&order_time=2023-07-24 HTTP/1.1" 200 413
222.70.180.90 - - [24/Jul/2023:09:17:07 +0800] "POST /xingrg/dwr/call/plaincall/AjaxCheckService.setItemNumber.dwr HTTP/1.1" 200 77
222.70.180.90 - - [24/Jul/2023:09:17:09 +0800] "POST /xingrg/dwr/call/plaincall/AjaxCheckService.setItemNumber.dwr HTTP/1.1" 200 77
116.232.195.127 - - [24/Jul/2023:09:17:09 +0800] "GET /xingrg/kc/buy/cgsh_order_operate.html?command=get_materiel&rest_code=00155&code=00101008049&supplier_code=00100005&order_time=2023-07-24 HTTP/1.1" 200 408
222.70.180.90 - - [24/Jul/2023:09:17:10 +0800] "POST /xingrg/dwr/call/plaincall/AjaxCheckService.setItemNumber.dwr HTTP/1.1" 200 77
222.70.180.90 - - [24/Jul/2023:09:17:11 +0800] "POST /xingrg/dwr/call/plaincall/AjaxCheckService.setItemNumber.dwr HTTP/1.1" 200 77
222.70.180.90 - - [24/Jul/2023:09:17:13 +0800] "POST /xingrg/dwr/call/plaincall/AjaxCheckService.setItemNumber.dwr HTTP/1.1" 200 77
116.238.191.126 - - [24/Jul/2023:09:17:14 +0800] "GET /xingrg/kc/buy/cgsh_order_operate.html?command=get_materiel&rest_code=00150&code=00101008118&supplier_code=00100008&order_time=2023-07-24 HTTP/1.1" 200 418
124.78.156.130 - - [24/Jul/2023:09:17:14 +0800] "GET /xingrg/all/function/internal_message.html?_=1690161434125&CODE_STATE=getMsg HTTP/1.1" 200 27
58.40.7.146 - - [24/Jul/2023:09:17:15 +0800] "GET /xingrg/all/function/internal_message.html?_=1690161435237&CODE_STATE=getMsg HTTP/1.1" 302 -
120.253.135.82 - - [24/Jul/2023:09:17:15 +0800] "GET /xingrg/all/function/internal_message.html?_=1690161258865&CODE_STATE=getMsg HTTP/1.1" 200 27
222.70.180.90 - - [24/Jul/2023:09:17:16 +0800] "POST /xingrg/dwr/call/plaincall/AjaxCheckService.setItemNumber.dwr HTTP/1.1" 200 77
180.157.253.121 - - [24/Jul/2023:09:17:16 +0800] "GET /xingrg/kc/buy/cgsh_order_operate.html?command=get_materiel&rest_code=00148&code=00101007224&supplier_code=00100096&order_time=2023-07-24 HTTP/1.1" 200 414
222.70.180.90 - - [24/Jul/2023:09:17:17 +0800] "POST /xingrg/dwr/call/plaincall/AjaxCheckService.setItemNumber.dwr HTTP/1.1" 200 77
222.70.180.90 - - [24/Jul/2023:09:17:20 +0800] "POST /xingrg/dwr/call/plaincall/AjaxCheckService.setItemNumber.dwr HTTP/1.1" 200 77
222.70.180.90 - - [24/Jul/2023:09:17:21 +0800] "POST /xingrg/dwr/call/plaincall/AjaxCheckService.setItemNumber.dwr HTTP/1.1" 200 77
101.83.145.37 - - [24/Jul/2023:09:17:21 +0800] "GET /xingrg/all/function/internal_message.html?_=1690161442510&CODE_STATE=getMsg HTTP/1.1" 200 27
222.70.180.90 - - [24/Jul/2023:09:17:22 +0800] "POST /xingrg/dwr/call/plaincall/AjaxCheckService.setItemNumber.dwr HTTP/1.1" 200 77
222.70.180.90 - - [24/Jul/2023:09:17:23 +0800] "POST /xingrg/dwr/call/plaincall/AjaxCheckService.setItemNumber.dwr HTTP/1.1" 200 77
114.83.223.42 - - [24/Jul/2023:09:17:23 +0800] "GET /xingrg/kc/buy/cgsh_order_operate.html?command=get_materiel&rest_code=00149&code=00101008163&supplier_code=00100008&order_time=2023-07-24 HTTP/1.1" 200 409
180.157.253.121 - - [24/Jul/2023:09:17:24 +0800] "GET /xingrg/all/function/internal_message.html?_=1690161445898&CODE_STATE=getMsg HTTP/1.1" 200 27
222.70.180.90 - - [24/Jul/2023:09:17:25 +0800] "POST /xingrg/dwr/call/plaincall/AjaxCheckService.setItemNumber.dwr HTTP/1.1" 200 77
222.70.180.90 - - [24/Jul/2023:09:17:26 +0800] "POST /xingrg/dwr/call/plaincall/AjaxCheckService.setItemNumber.dwr HTTP/1.1" 200 77
180.165.154.167 - - [24/Jul/2023:09:17:26 +0800] "GET /xingrg/kc/buy/cgsh_order_operate.html?command=get_materiel&rest_code=00108&code=00101008257&supplier_code=00100007&order_time=2023-07-24 HTTP/1.1" 200 416
180.165.154.167 - - [24/Jul/2023:09:17:28 +0800] "GET /xingrg/all/function/internal_message.html?_=1690161446947&CODE_STATE=getMsg HTTP/1.1" 200 27
116.232.195.127 - - [24/Jul/2023:09:17:29 +0800] "GET /xingrg/kc/buy/cgsh_order_operate.html?command=get_materiel&rest_code=00155&code=00101009079&supplier_code=00100005&order_time=2023-07-24 HTTP/1.1" 200 409
222.70.180.90 - - [24/Jul/2023:09:17:29 +0800] "POST /xingrg/dwr/call/plaincall/AjaxCheckService.setItemNumber.dwr HTTP/1.1" 200 77
124.79.243.110 - - [24/Jul/2023:09:17:32 +0800] "GET /xingrg/javascript/auto/indicator.gif HTTP/1.1" 404 1066
116.232.195.127 - - [24/Jul/2023:09:17:32 +0800] "GET /xingrg/all/function/internal_message.html?_=1690161413227&CODE_STATE=getMsg HTTP/1.1" 200 27
180.157.253.121 - - [24/Jul/2023:09:17:35 +0800] "GET /xingrg/kc/buy/cgsh_order_operate.html?command=get_materiel&rest_code=00148&code=00101007049&supplier_code=00100096&order_time=2023-07-24 HTTP/1.1" 200 409
114.85.113.108 - - [24/Jul/2023:09:17:36 +0800] "GET /xingrg/all/function/internal_message.html?_=1690161455554&CODE_STATE=getMsg HTTP/1.1" 302 -
180.165.154.167 - - [24/Jul/2023:09:17:37 +0800] "GET /xingrg/kc/buy/cgsh_order_operate.html?command=get_materiel&rest_code=00108&code=00101008403&supplier_code=00100007&order_time=2023-07-24 HTTP/1.1" 200 412
222.70.180.90 - - [24/Jul/2023:09:17:38 +0800] "GET /xingrg/all/function/internal_message.html?_=1690161457891&CODE_STATE=getMsg HTTP/1.1" 200 27
116.238.191.126 - - [24/Jul/2023:09:17:38 +0800] "GET /xingrg/all/function/internal_message.html?_=1690161458267&CODE_STATE=getMsg HTTP/1.1" 200 27
124.79.243.110 - - [24/Jul/2023:09:17:40 +0800] "POST /xingrg/kc/buy/cgsh_list_operate.html HTTP/1.1" 200 6506
116.232.195.127 - - [24/Jul/2023:09:17:41 +0800] "GET /xingrg/kc/buy/cgsh_order_operate.html?command=get_materiel&rest_code=00155&code=00101009118&supplier_code=00100005&order_time=2023-07-24 HTTP/1.1" 200 406
114.83.223.42 - - [24/Jul/2023:09:17:42 +0800] "GET /xingrg/kc/buy/cgsh_order_operate.html?command=get_materiel&rest_code=00149&code=00101008332&supplier_code=00100008&order_time=2023-07-24 HTTP/1.1" 200 412
222.70.245.33 - - [24/Jul/2023:09:17:45 +0800] "GET /xingrg/all/function/internal_message.html?_=1690161466593&CODE_STATE=getMsg HTTP/1.1" 200 27
124.79.243.110 - - [24/Jul/2023:09:17:45 +0800] "POST /xingrg/kc/buy/cgsh_list_operate.html HTTP/1.1" 200 202
120.253.135.82 - - [24/Jul/2023:09:17:47 +0800] "GET /xingrg/check_reg.html?_=1690161290502 HTTP/1.1" 200 22
180.165.154.167 - - [24/Jul/2023:09:17:48 +0800] "GET /xingrg/kc/buy/cgsh_order_operate.html?command=get_materiel&rest_code=00108&code=00101008069&supplier_code=00100007&order_time=2023-07-24 HTTP/1.1" 200 412
114.83.223.42 - - [24/Jul/2023:09:17:49 +0800] "GET /xingrg/all/function/internal_message.html?_=1690161469015&CODE_STATE=getMsg HTTP/1.1" 200 27
116.232.195.127 - - [24/Jul/2023:09:17:51 +0800] "GET /xingrg/all/function/internal_message.html?_=1690161432094&CODE_STATE=getMsg HTTP/1.1" 200 27
124.79.243.110 - - [24/Jul/2023:09:17:52 +0800] "POST /xingrg/kc/buy/cgsh_list_operate.html HTTP/1.1" 200 4
180.157.253.121 - - [24/Jul/2023:09:17:53 +0800] "GET /xingrg/check_reg.html?_=1690161471328 HTTP/1.1" 200 22
101.83.145.37 - - [24/Jul/2023:09:17:56 +0800] "GET /xingrg/all/function/internal_message.html?_=1690161286252&CODE_STATE=getMsg HTTP/1.1" 200 27
222.70.180.90 - - [24/Jul/2023:09:17:57 +0800] "GET /xingrg/kc/base/check_order_list.html?isBack=1 HTTP/1.1" 200 16258
222.70.180.90 - - [24/Jul/2023:09:17:58 +0800] "POST /xingrg/kc/base/check_list_operate.html HTTP/1.1" 200 3195
180.165.154.167 - - [24/Jul/2023:09:17:59 +0800] "GET /xingrg/kc/buy/cgsh_order_operate.html?command=get_materiel&rest_code=00108&code=00101008176&supplier_code=00100007&order_time=2023-07-24 HTTP/1.1" 200 413
180.165.154.167 - - [24/Jul/2023:09:18:01 +0800] "POST /xingrg/kc/buy/cgsh_order_operate.html HTTP/1.1" 200 2065
120.253.135.82 - - [24/Jul/2023:09:18:12 +0800] "POST /xingrg/kc/base/wldb_order_operate.html HTTP/1.1" 200 37
120.253.135.82 - - [24/Jul/2023:09:18:13 +0800] "POST /xingrg/kc/base/wldb_order_operate.html HTTP/1.1" 200 2183
124.78.156.130 - - [24/Jul/2023:09:18:14 +0800] "GET /xingrg/all/function/internal_message.html?_=1690161494100&CODE_STATE=getMsg HTTP/1.1" 200 27
58.40.7.146 - - [24/Jul/2023:09:18:15 +0800] "GET /xingrg/all/function/internal_message.html?_=1690161495239&CODE_STATE=getMsg HTTP/1.1" 302 -
58.40.7.146 - - [24/Jul/2023:09:18:15 +0800] "GET /xingrg/check_reg.html?_=1690161495240 HTTP/1.1" 302 -
120.253.135.82 - - [24/Jul/2023:09:18:15 +0800] "GET /xingrg/all/function/internal_message.html?_=1690161318880&CODE_STATE=getMsg HTTP/1.1" 200 27
101.83.145.37 - - [24/Jul/2023:09:18:21 +0800] "GET /xingrg/all/function/internal_message.html?_=1690161502492&CODE_STATE=getMsg HTTP/1.1" 200 27
101.83.145.37 - - [24/Jul/2023:09:18:21 +0800] "GET /xingrg/check_reg.html?_=1690161502507 HTTP/1.1" 200 22
180.157.253.121 - - [24/Jul/2023:09:18:24 +0800] "GET /xingrg/all/function/internal_message.html?_=1690161505870&CODE_STATE=getMsg HTTP/1.1" 200 27
116.232.195.127 - - [24/Jul/2023:09:18:24 +0800] "POST /xingrg/kc/buy/cgsh_order_operate.html HTTP/1.1" 200 37
180.165.154.167 - - [24/Jul/2023:09:18:28 +0800] "POST /xingrg/kc/buy/cgsh_order_operate.html HTTP/1.1" 200 64
