116.238.191.126 - - [24/Jul/2023:10:26:01 +0800] "GET /xingrg/all/function/internal_message.html?_=1690165450291&CODE_STATE=getMsg HTTP/1.1" 200 27
124.78.156.130 - - [24/Jul/2023:10:26:12 +0800] "GET /xingrg/all/function/internal_message.html?_=1690165572567&CODE_STATE=getMsg HTTP/1.1" 200 27
222.70.245.33 - - [24/Jul/2023:10:26:15 +0800] "GET /xingrg/kc/buy/cgsh_order_operate.html?command=get_materiel&rest_code=00146&code=00101008353&supplier_code=00100005&order_time=2023-07-24 HTTP/1.1" 200 408
58.40.7.146 - - [24/Jul/2023:10:26:15 +0800] "GET /xingrg/all/function/internal_message.html?_=1690165575259&CODE_STATE=getMsg HTTP/1.1" 302 -
124.79.243.110 - - [24/Jul/2023:10:26:17 +0800] "GET /xingrg/all/function/internal_message.html?_=1690165863773&CODE_STATE=getMsg HTTP/1.1" 200 27
101.83.145.37 - - [24/Jul/2023:10:26:21 +0800] "GET /xingrg/all/function/internal_message.html?_=1690165582151&CODE_STATE=getMsg HTTP/1.1" 200 27
180.157.253.121 - - [24/Jul/2023:10:26:23 +0800] "GET /xingrg/all/function/internal_message.html?_=1690165585602&CODE_STATE=getMsg HTTP/1.1" 200 27
222.70.245.33 - - [24/Jul/2023:10:26:29 +0800] "GET /xingrg/kc/buy/cgsh_order_operate.html?command=get_materiel&rest_code=00146&code=00101008312&supplier_code=00100005&order_time=2023-07-24 HTTP/1.1" 200 412
116.232.195.127 - - [24/Jul/2023:10:26:32 +0800] "GET /xingrg/check_reg.html?_=1690165553240 HTTP/1.1" 200 22
222.70.245.33 - - [24/Jul/2023:10:26:32 +0800] "POST /xingrg/kc/buy/cgsh_order_operate.html HTTP/1.1" 200 2065
120.253.135.82 - - [24/Jul/2023:10:26:33 +0800] "GET /xingrg/all/function/internal_message.html?_=1690165416495&CODE_STATE=getMsg HTTP/1.1" 200 27
222.70.180.90 - - [24/Jul/2023:10:26:37 +0800] "GET /xingrg/all/function/internal_message.html?_=1690165597222&CODE_STATE=getMsg HTTP/1.1" 200 27
222.70.180.90 - - [24/Jul/2023:10:26:38 +0800] "GET /xingrg/check_reg.html?_=1690165597957 HTTP/1.1" 200 22
116.232.195.127 - - [24/Jul/2023:10:26:38 +0800] "GET /xingrg/all/function/internal_message.html?_=1690165559623&CODE_STATE=getMsg HTTP/1.1" 200 27
222.70.245.33 - - [24/Jul/2023:10:26:45 +0800] "GET /xingrg/kc/buy/cgsh_order_operate.html?command=get_materiel&rest_code=00146&code=00101008238&supplier_code=00100005&order_time=2023-07-24 HTTP/1.1" 200 416
222.70.245.33 - - [24/Jul/2023:10:26:45 +0800] "GET /xingrg/all/function/internal_message.html?_=1690165607639&CODE_STATE=getMsg HTTP/1.1" 200 27
114.83.223.42 - - [24/Jul/2023:10:26:49 +0800] "GET /xingrg/all/function/internal_message.html?_=1690165608258&CODE_STATE=getMsg HTTP/1.1" 200 27
116.232.195.127 - - [24/Jul/2023:10:26:51 +0800] "GET /xingrg/all/function/internal_message.html?_=1690165572099&CODE_STATE=getMsg HTTP/1.1" 200 27
116.238.191.126 - - [24/Jul/2023:10:26:53 +0800] "GET /xingrg/all/function/internal_message.html?_=1690165613073&CODE_STATE=getMsg HTTP/1.1" 200 27
116.238.191.126 - - [24/Jul/2023:10:26:53 +0800] "GET /xingrg/check_reg.html?_=1690165613143 HTTP/1.1" 200 22
180.152.241.196 - - [24/Jul/2023:10:26:54 +0800] "GET /xingrg/all/function/internal_message.html?_=1690165613418&CODE_STATE=getMsg HTTP/1.1" 200 27
101.83.145.37 - - [24/Jul/2023:10:26:56 +0800] "GET /xingrg/all/function/internal_message.html?_=1690165426352&CODE_STATE=getMsg HTTP/1.1" 200 27
101.83.145.37 - - [24/Jul/2023:10:26:56 +0800] "GET /xingrg/check_reg.html?_=1690165426355 HTTP/1.1" 200 22
124.79.243.110 - - [24/Jul/2023:10:26:57 +0800] "GET /xingrg/all/function/internal_message.html?_=1690165617286&CODE_STATE=getMsg HTTP/1.1" 200 27
124.79.243.110 - - [24/Jul/2023:10:26:58 +0800] "GET /xingrg/check_reg.html?_=1690165618047 HTTP/1.1" 200 22
180.165.154.167 - - [24/Jul/2023:10:26:59 +0800] "GET /xingrg/all/function/internal_message.html?_=1690165619019&CODE_STATE=getMsg HTTP/1.1" 200 27
222.70.114.12 - - [24/Jul/2023:10:26:59 +0800] "GET /xingrg/all/function/internal_message.html?_=1690165620661&CODE_STATE=getMsg HTTP/1.1" 200 27
124.78.70.128 - - [24/Jul/2023:10:27:00 +0800] "GET /xingrg/check_reg.html?_=1690165089998 HTTP/1.1" 200 22
124.78.70.128 - - [24/Jul/2023:10:27:00 +0800] "GET /xingrg/all/function/internal_message.html?_=1690165089997&CODE_STATE=getMsg HTTP/1.1" 200 27
116.238.191.126 - - [24/Jul/2023:10:27:01 +0800] "GET /xingrg/all/function/internal_message.html?_=1690165510303&CODE_STATE=getMsg HTTP/1.1" 200 27
222.70.245.33 - - [24/Jul/2023:10:27:03 +0800] "GET /xingrg/kc/buy/cgsh_order_operate.html?command=get_materiel&rest_code=00146&code=00101008110&supplier_code=00100005&order_time=2023-07-24 HTTP/1.1" 200 408
124.78.156.130 - - [24/Jul/2023:10:27:12 +0800] "GET /xingrg/all/function/internal_message.html?_=1690165632539&CODE_STATE=getMsg HTTP/1.1" 200 27
180.163.29.219 - - [24/Jul/2023:10:27:13 +0800] "GET /xingrg/all/function/internal_message.html?_=1690165572567&CODE_STATE=getMsg HTTP/1.1" 302 -
180.163.29.219 - - [24/Jul/2023:10:27:13 +0800] "GET /xingrg/login.html HTTP/1.1" 200 7641
58.40.7.146 - - [24/Jul/2023:10:27:15 +0800] "GET /xingrg/all/function/internal_message.html?_=1690165635261&CODE_STATE=getMsg HTTP/1.1" 302 -
124.79.243.110 - - [24/Jul/2023:10:27:17 +0800] "GET /xingrg/all/function/internal_message.html?_=1690165923779&CODE_STATE=getMsg HTTP/1.1" 200 27
101.83.145.37 - - [24/Jul/2023:10:27:21 +0800] "GET /xingrg/all/function/internal_message.html?_=1690165642138&CODE_STATE=getMsg HTTP/1.1" 200 27
180.157.253.121 - - [24/Jul/2023:10:27:23 +0800] "GET /xingrg/all/function/internal_message.html?_=1690165645592&CODE_STATE=getMsg HTTP/1.1" 200 27
222.70.245.33 - - [24/Jul/2023:10:27:24 +0800] "GET /xingrg/kc/buy/cgsh_order_operate.html?command=get_materiel&rest_code=00146&code=00101008175&supplier_code=00100005&order_time=2023-07-24 HTTP/1.1" 200 412
120.253.135.82 - - [24/Jul/2023:10:27:33 +0800] "GET /xingrg/all/function/internal_message.html?_=1690165476521&CODE_STATE=getMsg HTTP/1.1" 200 27
222.70.180.90 - - [24/Jul/2023:10:27:37 +0800] "GET /xingrg/all/function/internal_message.html?_=1690165657195&CODE_STATE=getMsg HTTP/1.1" 200 27
116.232.195.127 - - [24/Jul/2023:10:27:38 +0800] "GET /xingrg/all/function/internal_message.html?_=1690165619597&CODE_STATE=getMsg HTTP/1.1" 200 27
222.70.245.33 - - [24/Jul/2023:10:27:41 +0800] "GET /xingrg/kc/buy/cgsh_order_operate.html?command=get_materiel&rest_code=00146&code=00101008350&supplier_code=00100005&order_time=2023-07-24 HTTP/1.1" 200 408
222.70.245.33 - - [24/Jul/2023:10:27:46 +0800] "GET /xingrg/all/function/internal_message.html?_=1690165667653&CODE_STATE=getMsg HTTP/1.1" 200 27
114.83.223.42 - - [24/Jul/2023:10:27:48 +0800] "GET /xingrg/all/function/internal_message.html?_=1690165668239&CODE_STATE=getMsg HTTP/1.1" 200 27
116.232.195.127 - - [24/Jul/2023:10:27:51 +0800] "GET /xingrg/all/function/internal_message.html?_=1690165632106&CODE_STATE=getMsg HTTP/1.1" 200 27
180.157.253.121 - - [24/Jul/2023:10:27:53 +0800] "GET /xingrg/check_reg.html?_=1690165671147 HTTP/1.1" 200 22
116.238.191.126 - - [24/Jul/2023:10:27:53 +0800] "GET /xingrg/all/function/internal_message.html?_=1690165673080&CODE_STATE=getMsg HTTP/1.1" 200 27
180.152.241.196 - - [24/Jul/2023:10:27:54 +0800] "GET /xingrg/all/function/internal_message.html?_=1690165673422&CODE_STATE=getMsg HTTP/1.1" 200 27
222.70.245.33 - - [24/Jul/2023:10:27:55 +0800] "POST /xingrg/kc/buy/cgsh_order_operate.html HTTP/1.1" 200 2065
101.83.145.37 - - [24/Jul/2023:10:27:56 +0800] "GET /xingrg/all/function/internal_message.html?_=1690165486356&CODE_STATE=getMsg HTTP/1.1" 200 27
124.79.243.110 - - [24/Jul/2023:10:27:57 +0800] "GET /xingrg/all/function/internal_message.html?_=1690165677276&CODE_STATE=getMsg HTTP/1.1" 200 27
180.165.154.167 - - [24/Jul/2023:10:27:59 +0800] "GET /xingrg/all/function/internal_message.html?_=1690165679009&CODE_STATE=getMsg HTTP/1.1" 200 27
222.70.114.12 - - [24/Jul/2023:10:27:59 +0800] "GET /xingrg/all/function/internal_message.html?_=1690165680663&CODE_STATE=getMsg HTTP/1.1" 200 27
124.78.70.128 - - [24/Jul/2023:10:28:00 +0800] "GET /xingrg/all/function/internal_message.html?_=1690165150010&CODE_STATE=getMsg HTTP/1.1" 200 27
116.238.191.126 - - [24/Jul/2023:10:28:00 +0800] "GET /xingrg/check_reg.html?_=1690165569308 HTTP/1.1" 200 22
116.238.191.126 - - [24/Jul/2023:10:28:01 +0800] "GET /xingrg/all/function/internal_message.html?_=1690165570317&CODE_STATE=getMsg HTTP/1.1" 200 27
222.70.245.33 - - [24/Jul/2023:10:28:05 +0800] "GET /xingrg/kc/buy/cgsh_order_operate.html?command=get_materiel&rest_code=00146&code=00101008114&supplier_code=00100005&order_time=2023-07-24 HTTP/1.1" 200 412
121.204.115.104 - - [24/Jul/2023:10:28:10 +0800] "GET /xingrg/login.html HTTP/1.1" 200 7641
121.204.115.104 - - [24/Jul/2023:10:28:11 +0800] "GET /favicon.ico HTTP/1.1" 404 -
124.78.156.130 - - [24/Jul/2023:10:28:12 +0800] "GET /xingrg/all/function/internal_message.html?_=1690165692511&CODE_STATE=getMsg HTTP/1.1" 200 27
121.204.115.104 - - [24/Jul/2023:10:28:14 +0800] "POST /xingrg/login.do HTTP/1.1" 302 -
121.204.115.104 - - [24/Jul/2023:10:28:14 +0800] "GET /xingrg/index.html?sysBaseUrl=http%3A%2F%2F180.169.147.146%3A18081%2Fxingrg%2F&costTime=1325×tamp=1690165694804 HTTP/1.1" 200 17503
121.204.115.104 - - [24/Jul/2023:10:28:15 +0800] "GET /favicon.ico HTTP/1.1" 404 -
121.204.115.104 - - [24/Jul/2023:10:28:15 +0800] "GET /xingrg/check_reg.html?_=1690165700949 HTTP/1.1" 200 22
58.40.7.146 - - [24/Jul/2023:10:28:15 +0800] "GET /xingrg/check_reg.html?_=1690165695265 HTTP/1.1" 302 -
58.40.7.146 - - [24/Jul/2023:10:28:15 +0800] "GET /xingrg/all/function/internal_message.html?_=1690165695264&CODE_STATE=getMsg HTTP/1.1" 302 -
121.204.115.104 - - [24/Jul/2023:10:28:15 +0800] "GET /xingrg/all/function/internal_message.html?_=1690165700949&CODE_STATE=count HTTP/1.1" 200 11
121.204.115.104 - - [24/Jul/2023:10:28:15 +0800] "POST /xingrg/all/common/load_tree.html?tree=area_rest_tree_json&manage=1 HTTP/1.1" 200 3499
121.204.115.104 - - [24/Jul/2023:10:28:15 +0800] "POST /xingrg/load_menu.html HTTP/1.1" 200 11443
124.79.243.110 - - [24/Jul/2023:10:28:17 +0800] "GET /xingrg/all/function/internal_message.html?_=1690165983777&CODE_STATE=getMsg HTTP/1.1" 200 27
121.204.115.104 - - [24/Jul/2023:10:28:18 +0800] "POST /xingrg/all/user/operate.html HTTP/1.1" 200 36
121.204.115.104 - - [24/Jul/2023:10:28:19 +0800] "GET /xingrg/index.html?sysBaseUrl=http%3A%2F%2F180.169.147.146%3A18081%2Fxingrg%2F&costTime=1325×tamp=1690165694804 HTTP/1.1" 200 17503
121.204.115.104 - - [24/Jul/2023:10:28:19 +0800] "GET /xingrg/javascript/jquery_easy_ui/themes/default/easyui.css HTTP/1.1" 304 -
121.204.115.104 - - [24/Jul/2023:10:28:19 +0800] "GET /xingrg/javascript/jquery_easy_ui/themes/icon.css HTTP/1.1" 304 -
121.204.115.104 - - [24/Jul/2023:10:28:19 +0800] "GET /xingrg/css/form.css HTTP/1.1" 304 -
121.204.115.104 - - [24/Jul/2023:10:28:19 +0800] "GET /xingrg/javascript/jquery-1.4.2.min.js HTTP/1.1" 304 -
121.204.115.104 - - [24/Jul/2023:10:28:19 +0800] "GET /xingrg/javascript/jquery_easy_ui/jquery.easyui.min.js HTTP/1.1" 304 -
121.204.115.104 - - [24/Jul/2023:10:28:19 +0800] "GET /xingrg/javascript/jquery_easy_ui/easyui-lang-zh_CN.js HTTP/1.1" 304 -
121.204.115.104 - - [24/Jul/2023:10:28:19 +0800] "GET /xingrg/javascript/jquery.form.js HTTP/1.1" 304 -
121.204.115.104 - - [24/Jul/2023:10:28:19 +0800] "GET /xingrg/javascript/jquery.utils.js HTTP/1.1" 304 -
121.204.115.104 - - [24/Jul/2023:10:28:19 +0800] "GET /xingrg/javascript/jquery.timers.js HTTP/1.1" 304 -
121.204.115.104 - - [24/Jul/2023:10:28:19 +0800] "GET /xingrg/images/blue/jxLogo.png HTTP/1.1" 304 -
121.204.115.104 - - [24/Jul/2023:10:28:19 +0800] "GET /xingrg/images/blue/navBackgound.jpg HTTP/1.1" 304 -
121.204.115.104 - - [24/Jul/2023:10:28:19 +0800] "GET /xingrg/javascript/jquery_easy_ui/themes/icons/settle_new.png HTTP/1.1" 304 -
121.204.115.104 - - [24/Jul/2023:10:28:19 +0800] "GET /xingrg/javascript/jquery_easy_ui/themes/default/images/tabs_leftarrow.png HTTP/1.1" 304 -
121.204.115.104 - - [24/Jul/2023:10:28:19 +0800] "GET /xingrg/check_reg.html?_=1690165705348 HTTP/1.1" 200 22
121.204.115.104 - - [24/Jul/2023:10:28:19 +0800] "GET /xingrg/all/function/internal_message.html?_=1690165705348&CODE_STATE=count HTTP/1.1" 200 11
121.204.115.104 - - [24/Jul/2023:10:28:19 +0800] "GET /xingrg/javascript/jquery_easy_ui/themes/default/images/tabs_rightarrow.png HTTP/1.1" 304 -
121.204.115.104 - - [24/Jul/2023:10:28:19 +0800] "GET /xingrg/javascript/jquery_easy_ui/themes/default/images/panel_tool_expand.gif HTTP/1.1" 304 -
121.204.115.104 - - [24/Jul/2023:10:28:19 +0800] "GET /xingrg/javascript/jquery_easy_ui/themes/default/images/panel_tool_collapse.gif HTTP/1.1" 304 -
121.204.115.104 - - [24/Jul/2023:10:28:19 +0800] "GET /xingrg/images/blue/pingpu.png HTTP/1.1" 304 -
121.204.115.104 - - [24/Jul/2023:10:28:19 +0800] "POST /xingrg/all/common/load_tree.html?tree=area_rest_tree_json&manage=1 HTTP/1.1" 200 3499
121.204.115.104 - - [24/Jul/2023:10:28:19 +0800] "POST /xingrg/load_menu.html HTTP/1.1" 200 9959
222.70.245.33 - - [24/Jul/2023:10:28:19 +0800] "GET /xingrg/kc/buy/cgsh_order_operate.html?command=get_materiel&rest_code=00146&code=00101008563&supplier_code=00100005&order_time=2023-07-24 HTTP/1.1" 200 413
101.83.145.37 - - [24/Jul/2023:10:28:21 +0800] "GET /xingrg/all/function/internal_message.html?_=1690165702139&CODE_STATE=getMsg HTTP/1.1" 200 27
101.83.145.37 - - [24/Jul/2023:10:28:21 +0800] "GET /xingrg/check_reg.html?_=1690165702231 HTTP/1.1" 200 22
121.204.115.104 - - [24/Jul/2023:10:28:21 +0800] "GET /xingrg/kc/base/check_order_list.html HTTP/1.1" 200 16519
121.204.115.104 - - [24/Jul/2023:10:28:22 +0800] "POST /xingrg/kc/base/check_list_operate.html HTTP/1.1" 200 4176
180.157.253.121 - - [24/Jul/2023:10:28:23 +0800] "GET /xingrg/all/function/internal_message.html?_=1690165705590&CODE_STATE=getMsg HTTP/1.1" 200 27
121.204.115.104 - - [24/Jul/2023:10:28:24 +0800] "GET /xingrg/kc/base/check_order_info.html?code=452023072300321 HTTP/1.1" 200 26518
121.204.115.104 - - [24/Jul/2023:10:28:24 +0800] "GET /xingrg/dwr/interface/AjaxComOrderService.js HTTP/1.1" 200 18264
121.204.115.104 - - [24/Jul/2023:10:28:24 +0800] "GET /xingrg/dwr/interface/AjaxCheckService.js HTTP/1.1" 200 14003
121.204.115.104 - - [24/Jul/2023:10:28:24 +0800] "GET /xingrg/javascript/print/kc_print.js HTTP/1.1" 304 -
121.204.115.104 - - [24/Jul/2023:10:28:24 +0800] "GET /xingrg/dwr/util.js HTTP/1.1" 200 35990
121.204.115.104 - - [24/Jul/2023:10:28:24 +0800] "GET /xingrg/javascript/convert.js HTTP/1.1" 304 -
121.204.115.104 - - [24/Jul/2023:10:28:24 +0800] "GET /xingrg/dwr/engine.js HTTP/1.1" 200 43631
121.204.115.104 - - [24/Jul/2023:10:28:24 +0800] "GET /xingrg/javascript/jquery_easy_ui/themes/icons/print.png HTTP/1.1" 304 -
121.204.115.104 - - [24/Jul/2023:10:28:24 +0800] "GET /xingrg/javascript/jquery_easy_ui/themes/default/images/menu_downarrow.png HTTP/1.1" 304 -
121.204.115.104 - - [24/Jul/2023:10:28:25 +0800] "POST /xingrg/dwr/call/plaincall/AjaxCheckService.loadOrderItems.dwr HTTP/1.1" 200 69358
121.204.115.104 - - [24/Jul/2023:10:28:29 +0800] "GET /xingrg/kc/base/check_order_info.html?code=452023072300314 HTTP/1.1" 200 26518
121.204.115.104 - - [24/Jul/2023:10:28:29 +0800] "GET /xingrg/dwr/interface/AjaxCheckService.js HTTP/1.1" 200 14003
121.204.115.104 - - [24/Jul/2023:10:28:29 +0800] "GET /xingrg/dwr/interface/AjaxComOrderService.js HTTP/1.1" 200 18264
121.204.115.104 - - [24/Jul/2023:10:28:29 +0800] "GET /xingrg/dwr/engine.js HTTP/1.1" 200 43631
121.204.115.104 - - [24/Jul/2023:10:28:30 +0800] "POST /xingrg/dwr/call/plaincall/AjaxCheckService.loadOrderItems.dwr HTTP/1.1" 200 122186
120.253.135.82 - - [24/Jul/2023:10:28:33 +0800] "GET /xingrg/all/function/internal_message.html?_=1690165536539&CODE_STATE=getMsg HTTP/1.1" 200 27
121.204.115.104 - - [24/Jul/2023:10:28:34 +0800] "GET /xingrg/kc/base/check_order_info.html?code=452023072300318 HTTP/1.1" 200 26518
121.204.115.104 - - [24/Jul/2023:10:28:34 +0800] "GET /xingrg/dwr/interface/AjaxComOrderService.js HTTP/1.1" 200 18264
121.204.115.104 - - [24/Jul/2023:10:28:34 +0800] "GET /xingrg/dwr/interface/AjaxCheckService.js HTTP/1.1" 200 14003
121.204.115.104 - - [24/Jul/2023:10:28:34 +0800] "GET /xingrg/dwr/engine.js HTTP/1.1" 200 43631
222.70.245.33 - - [24/Jul/2023:10:28:34 +0800] "GET /xingrg/kc/buy/cgsh_order_operate.html?command=get_materiel&rest_code=00146&code=00101008223&supplier_code=00100005&order_time=2023-07-24 HTTP/1.1" 200 412
121.204.115.104 - - [24/Jul/2023:10:28:35 +0800] "POST /xingrg/dwr/call/plaincall/AjaxCheckService.loadOrderItems.dwr HTTP/1.1" 200 45573
222.70.180.90 - - [24/Jul/2023:10:28:37 +0800] "GET /xingrg/all/function/internal_message.html?_=1690165717172&CODE_STATE=getMsg HTTP/1.1" 200 27
121.204.115.104 - - [24/Jul/2023:10:28:38 +0800] "GET /xingrg/kc/base/check_order_info.html?code=452023072300321 HTTP/1.1" 200 26518
121.204.115.104 - - [24/Jul/2023:10:28:38 +0800] "GET /xingrg/dwr/interface/AjaxComOrderService.js HTTP/1.1" 200 18264
121.204.115.104 - - [24/Jul/2023:10:28:38 +0800] "GET /xingrg/dwr/interface/AjaxCheckService.js HTTP/1.1" 200 14003
121.204.115.104 - - [24/Jul/2023:10:28:38 +0800] "GET /xingrg/dwr/engine.js HTTP/1.1" 200 43631
121.204.115.104 - - [24/Jul/2023:10:28:38 +0800] "POST /xingrg/dwr/call/plaincall/AjaxCheckService.loadOrderItems.dwr HTTP/1.1" 200 69358
116.232.195.127 - - [24/Jul/2023:10:28:38 +0800] "GET /xingrg/all/function/internal_message.html?_=1690165679574&CODE_STATE=getMsg HTTP/1.1" 200 27
222.70.245.33 - - [24/Jul/2023:10:28:45 +0800] "GET /xingrg/check_reg.html?_=1690165726665 HTTP/1.1" 200 22
222.70.245.33 - - [24/Jul/2023:10:28:46 +0800] "GET /xingrg/all/function/internal_message.html?_=1690165727667&CODE_STATE=getMsg HTTP/1.1" 200 27
121.204.115.104 - - [24/Jul/2023:10:28:46 +0800] "GET /xingrg/kc/base/check_order_info.html?code=452023072300320 HTTP/1.1" 200 26518
121.204.115.104 - - [24/Jul/2023:10:28:46 +0800] "GET /xingrg/dwr/interface/AjaxComOrderService.js HTTP/1.1" 200 18264
121.204.115.104 - - [24/Jul/2023:10:28:46 +0800] "GET /xingrg/dwr/interface/AjaxCheckService.js HTTP/1.1" 200 14003
121.204.115.104 - - [24/Jul/2023:10:28:46 +0800] "GET /xingrg/dwr/engine.js HTTP/1.1" 200 43631
121.204.115.104 - - [24/Jul/2023:10:28:46 +0800] "POST /xingrg/dwr/call/plaincall/AjaxCheckService.loadOrderItems.dwr HTTP/1.1" 200 29048
114.83.223.42 - - [24/Jul/2023:10:28:48 +0800] "GET /xingrg/all/function/internal_message.html?_=1690165728218&CODE_STATE=getMsg HTTP/1.1" 200 27
121.204.115.104 - - [24/Jul/2023:10:28:49 +0800] "GET /xingrg/kc/base/check_order_info.html?code=452023072300315 HTTP/1.1" 200 26518
121.204.115.104 - - [24/Jul/2023:10:28:49 +0800] "GET /xingrg/dwr/interface/AjaxComOrderService.js HTTP/1.1" 200 18264
121.204.115.104 - - [24/Jul/2023:10:28:49 +0800] "GET /xingrg/dwr/interface/AjaxCheckService.js HTTP/1.1" 200 14003
121.204.115.104 - - [24/Jul/2023:10:28:49 +0800] "GET /xingrg/dwr/engine.js HTTP/1.1" 200 43631
121.204.115.104 - - [24/Jul/2023:10:28:49 +0800] "POST /xingrg/dwr/call/plaincall/AjaxCheckService.loadOrderItems.dwr HTTP/1.1" 200 101214
116.232.195.127 - - [24/Jul/2023:10:28:51 +0800] "GET /xingrg/check_reg.html?_=1690165692089 HTTP/1.1" 200 22
116.232.195.127 - - [24/Jul/2023:10:28:51 +0800] "GET /xingrg/all/function/internal_message.html?_=1690165692102&CODE_STATE=getMsg HTTP/1.1" 200 27
222.70.245.33 - - [24/Jul/2023:10:28:51 +0800] "GET /xingrg/kc/buy/cgsh_order_operate.html?command=get_materiel&rest_code=00146&code=00101008498&supplier_code=00100005&order_time=2023-07-24 HTTP/1.1" 200 424
116.238.191.126 - - [24/Jul/2023:10:28:53 +0800] "GET /xingrg/all/function/internal_message.html?_=1690165733065&CODE_STATE=getMsg HTTP/1.1" 200 27
121.204.115.104 - - [24/Jul/2023:10:28:54 +0800] "GET /xingrg/kc/base/check_order_info.html?code=452023072300316 HTTP/1.1" 200 26518
121.204.115.104 - - [24/Jul/2023:10:28:54 +0800] "GET /xingrg/dwr/interface/AjaxCheckService.js HTTP/1.1" 200 14003
121.204.115.104 - - [24/Jul/2023:10:28:54 +0800] "GET /xingrg/dwr/interface/AjaxComOrderService.js HTTP/1.1" 200 18264
121.204.115.104 - - [24/Jul/2023:10:28:54 +0800] "GET /xingrg/dwr/engine.js HTTP/1.1" 200 43631
180.152.241.196 - - [24/Jul/2023:10:28:54 +0800] "GET /xingrg/all/function/internal_message.html?_=1690165733434&CODE_STATE=getMsg HTTP/1.1" 200 27
121.204.115.104 - - [24/Jul/2023:10:28:54 +0800] "POST /xingrg/dwr/call/plaincall/AjaxCheckService.loadOrderItems.dwr HTTP/1.1" 200 45573
101.83.145.37 - - [24/Jul/2023:10:28:56 +0800] "GET /xingrg/all/function/internal_message.html?_=1690165546357&CODE_STATE=getMsg HTTP/1.1" 200 27
124.79.243.110 - - [24/Jul/2023:10:28:57 +0800] "GET /xingrg/all/function/internal_message.html?_=1690165737266&CODE_STATE=getMsg HTTP/1.1" 200 27
121.204.115.104 - - [24/Jul/2023:10:28:57 +0800] "GET /xingrg/kc/base/check_order_info.html?code=452023072300313 HTTP/1.1" 200 26518
121.204.115.104 - - [24/Jul/2023:10:28:57 +0800] "GET /xingrg/dwr/interface/AjaxCheckService.js HTTP/1.1" 200 14003
121.204.115.104 - - [24/Jul/2023:10:28:57 +0800] "GET /xingrg/dwr/interface/AjaxComOrderService.js HTTP/1.1" 200 18264
121.204.115.104 - - [24/Jul/2023:10:28:57 +0800] "GET /xingrg/dwr/engine.js HTTP/1.1" 200 43631
121.204.115.104 - - [24/Jul/2023:10:28:58 +0800] "POST /xingrg/dwr/call/plaincall/AjaxCheckService.loadOrderItems.dwr HTTP/1.1" 200 135914
180.165.154.167 - - [24/Jul/2023:10:28:59 +0800] "GET /xingrg/all/function/internal_message.html?_=1690165739016&CODE_STATE=getMsg HTTP/1.1" 200 27
222.70.114.12 - - [24/Jul/2023:10:28:59 +0800] "GET /xingrg/all/function/internal_message.html?_=1690165740665&CODE_STATE=getMsg HTTP/1.1" 200 27
124.78.70.128 - - [24/Jul/2023:10:29:00 +0800] "GET /xingrg/all/function/internal_message.html?_=1690165210008&CODE_STATE=getMsg HTTP/1.1" 200 27
116.238.191.126 - - [24/Jul/2023:10:29:01 +0800] "GET /xingrg/all/function/internal_message.html?_=1690165630329&CODE_STATE=getMsg HTTP/1.1" 200 27
222.70.245.33 - - [24/Jul/2023:10:29:06 +0800] "GET /xingrg/kc/buy/cgsh_order_operate.html?command=get_materiel&rest_code=00146&code=00101008168&supplier_code=00100005&order_time=2023-07-24 HTTP/1.1" 200 413
222.70.245.33 - - [24/Jul/2023:10:29:09 +0800] "POST /xingrg/kc/buy/cgsh_order_operate.html HTTP/1.1" 200 2065
124.78.156.130 - - [24/Jul/2023:10:29:12 +0800] "GET /xingrg/all/function/internal_message.html?_=1690165752499&CODE_STATE=getMsg HTTP/1.1" 200 27
124.78.156.130 - - [24/Jul/2023:10:29:14 +0800] "GET /xingrg/check_reg.html?_=1690165754202 HTTP/1.1" 200 22
58.40.7.146 - - [24/Jul/2023:10:29:15 +0800] "GET /xingrg/all/function/internal_message.html?_=1690165755266&CODE_STATE=getMsg HTTP/1.1" 302 -
124.79.243.110 - - [24/Jul/2023:10:29:17 +0800] "GET /xingrg/check_reg.html?_=1690166043781 HTTP/1.1" 200 22
124.79.243.110 - - [24/Jul/2023:10:29:17 +0800] "GET /xingrg/all/function/internal_message.html?_=1690166043776&CODE_STATE=getMsg HTTP/1.1" 200 27
121.204.115.104 - - [24/Jul/2023:10:29:19 +0800] "GET /xingrg/all/function/internal_message.html?_=1690165765360&CODE_STATE=getMsg HTTP/1.1" 200 27
222.70.245.33 - - [24/Jul/2023:10:29:20 +0800] "GET /xingrg/kc/buy/cgsh_order_operate.html?command=get_materiel&rest_code=00146&code=00101008061&supplier_code=00100005&order_time=2023-07-24 HTTP/1.1" 200 422
116.232.195.127 - - [24/Jul/2023:10:29:20 +0800] "GET /xingrg/kc/base/check_order_info.html?code=452023072300363 HTTP/1.1" 200 26566
116.232.195.127 - - [24/Jul/2023:10:29:20 +0800] "GET /xingrg/dwr/interface/AjaxComOrderService.js HTTP/1.1" 200 18264
116.232.195.127 - - [24/Jul/2023:10:29:20 +0800] "GET /xingrg/dwr/interface/AjaxCheckService.js HTTP/1.1" 200 14003
116.232.195.127 - - [24/Jul/2023:10:29:20 +0800] "GET /xingrg/dwr/engine.js HTTP/1.1" 200 43631
116.232.195.127 - - [24/Jul/2023:10:29:21 +0800] "POST /xingrg/dwr/call/plaincall/AjaxCheckService.loadOrderItems.dwr HTTP/1.1" 200 200584
101.83.145.37 - - [24/Jul/2023:10:29:21 +0800] "GET /xingrg/all/function/internal_message.html?_=1690165762139&CODE_STATE=getMsg HTTP/1.1" 200 27
116.232.195.127 - - [24/Jul/2023:10:29:23 +0800] "GET /xingrg/kc/base/check_order_list.html?isBack=1 HTTP/1.1" 200 16264
116.232.195.127 - - [24/Jul/2023:10:29:23 +0800] "POST /xingrg/kc/base/check_list_operate.html HTTP/1.1" 200 3240
180.157.253.121 - - [24/Jul/2023:10:29:23 +0800] "GET /xingrg/all/function/internal_message.html?_=1690165765580&CODE_STATE=getMsg HTTP/1.1" 200 27
116.232.195.127 - - [24/Jul/2023:10:29:27 +0800] "GET /xingrg/kc/base/check_order_info.html?code=452023072300366 HTTP/1.1" 200 26566
116.232.195.127 - - [24/Jul/2023:10:29:27 +0800] "GET /xingrg/dwr/interface/AjaxComOrderService.js HTTP/1.1" 200 18264
116.232.195.127 - - [24/Jul/2023:10:29:27 +0800] "GET /xingrg/dwr/interface/AjaxCheckService.js HTTP/1.1" 200 14003
116.232.195.127 - - [24/Jul/2023:10:29:27 +0800] "GET /xingrg/dwr/engine.js HTTP/1.1" 200 43631
116.232.195.127 - - [24/Jul/2023:10:29:27 +0800] "POST /xingrg/dwr/call/plaincall/AjaxCheckService.loadOrderItems.dwr HTTP/1.1" 200 61295
121.204.115.104 - - [24/Jul/2023:10:29:30 +0800] "POST /xingrg/all/user/operate.html HTTP/1.1" 200 36
121.204.115.104 - - [24/Jul/2023:10:29:31 +0800] "GET /xingrg/index.html?sysBaseUrl=http%3A%2F%2F180.169.147.146%3A18081%2Fxingrg%2F&costTime=1325×tamp=1690165694804 HTTP/1.1" 200 17509
121.204.115.104 - - [24/Jul/2023:10:29:31 +0800] "GET /xingrg/javascript/jquery_easy_ui/themes/default/easyui.css HTTP/1.1" 304 -
121.204.115.104 - - [24/Jul/2023:10:29:31 +0800] "GET /xingrg/javascript/jquery_easy_ui/themes/icon.css HTTP/1.1" 304 -
121.204.115.104 - - [24/Jul/2023:10:29:31 +0800] "GET /xingrg/css/form.css HTTP/1.1" 304 -
121.204.115.104 - - [24/Jul/2023:10:29:31 +0800] "GET /xingrg/javascript/jquery-1.4.2.min.js HTTP/1.1" 304 -
121.204.115.104 - - [24/Jul/2023:10:29:31 +0800] "GET /xingrg/javascript/jquery_easy_ui/jquery.easyui.min.js HTTP/1.1" 304 -
121.204.115.104 - - [24/Jul/2023:10:29:31 +0800] "GET /xingrg/javascript/jquery_easy_ui/easyui-lang-zh_CN.js HTTP/1.1" 304 -
121.204.115.104 - - [24/Jul/2023:10:29:31 +0800] "GET /xingrg/javascript/jquery.form.js HTTP/1.1" 304 -
121.204.115.104 - - [24/Jul/2023:10:29:31 +0800] "GET /xingrg/javascript/jquery.utils.js HTTP/1.1" 304 -
121.204.115.104 - - [24/Jul/2023:10:29:31 +0800] "GET /xingrg/javascript/jquery.timers.js HTTP/1.1" 304 -
121.204.115.104 - - [24/Jul/2023:10:29:31 +0800] "GET /xingrg/images/blue/jxLogo.png HTTP/1.1" 304 -
121.204.115.104 - - [24/Jul/2023:10:29:31 +0800] "GET /xingrg/images/blue/navBackgound.jpg HTTP/1.1" 304 -
121.204.115.104 - - [24/Jul/2023:10:29:31 +0800] "GET /xingrg/javascript/jquery_easy_ui/themes/icons/settle_new.png HTTP/1.1" 304 -
121.204.115.104 - - [24/Jul/2023:10:29:31 +0800] "GET /xingrg/check_reg.html?_=1690165777405 HTTP/1.1" 200 22
121.204.115.104 - - [24/Jul/2023:10:29:31 +0800] "GET /xingrg/javascript/jquery_easy_ui/themes/default/images/panel_tool_collapse.gif HTTP/1.1" 304 -
121.204.115.104 - - [24/Jul/2023:10:29:31 +0800] "GET /xingrg/images/blue/pingpu.png HTTP/1.1" 304 -
121.204.115.104 - - [24/Jul/2023:10:29:31 +0800] "GET /xingrg/all/function/internal_message.html?_=1690165777404&CODE_STATE=count HTTP/1.1" 200 11
121.204.115.104 - - [24/Jul/2023:10:29:31 +0800] "GET /xingrg/javascript/jquery_easy_ui/themes/default/images/tabs_rightarrow.png HTTP/1.1" 304 -
121.204.115.104 - - [24/Jul/2023:10:29:31 +0800] "GET /xingrg/javascript/jquery_easy_ui/themes/default/images/tabs_leftarrow.png HTTP/1.1" 304 -
121.204.115.104 - - [24/Jul/2023:10:29:31 +0800] "GET /xingrg/javascript/jquery_easy_ui/themes/default/images/panel_tool_expand.gif HTTP/1.1" 304 -
121.204.115.104 - - [24/Jul/2023:10:29:31 +0800] "POST /xingrg/all/common/load_tree.html?tree=area_rest_tree_json&manage=1 HTTP/1.1" 200 3499
121.204.115.104 - - [24/Jul/2023:10:29:31 +0800] "POST /xingrg/load_menu.html HTTP/1.1" 200 9959
222.70.245.33 - - [24/Jul/2023:10:29:32 +0800] "GET /xingrg/kc/buy/cgsh_order_operate.html?command=get_materiel&rest_code=00146&code=00101013114&supplier_code=00100005&order_time=2023-07-24 HTTP/1.1" 200 409
120.253.135.82 - - [24/Jul/2023:10:29:33 +0800] "GET /xingrg/check_reg.html?_=1690165596128 HTTP/1.1" 200 22
121.204.115.104 - - [24/Jul/2023:10:29:33 +0800] "GET /xingrg/kc/report/report_main.html HTTP/1.1" 200 7340
120.253.135.82 - - [24/Jul/2023:10:29:33 +0800] "GET /xingrg/all/function/internal_message.html?_=1690165596551&CODE_STATE=getMsg HTTP/1.1" 200 27
121.204.115.104 - - [24/Jul/2023:10:29:36 +0800] "GET /xingrg/kc/base/check_order_list.html HTTP/1.1" 200 16525
121.204.115.104 - - [24/Jul/2023:10:29:37 +0800] "POST /xingrg/kc/base/check_list_operate.html HTTP/1.1" 200 781
222.70.180.90 - - [24/Jul/2023:10:29:37 +0800] "GET /xingrg/all/function/internal_message.html?_=1690165777150&CODE_STATE=getMsg HTTP/1.1" 200 27
116.232.195.127 - - [24/Jul/2023:10:29:38 +0800] "GET /xingrg/all/function/internal_message.html?_=1690165739553&CODE_STATE=getMsg HTTP/1.1" 200 27
120.253.135.82 - - [24/Jul/2023:10:29:39 +0800] "GET /xingrg/kc/pszx/mdqp_order_list.html?state=10 HTTP/1.1" 200 11535
120.253.135.82 - - [24/Jul/2023:10:29:39 +0800] "GET /xingrg/dwr/interface/AjaxQqpsService.js HTTP/1.1" 200 16326
120.253.135.82 - - [24/Jul/2023:10:29:39 +0800] "GET /xingrg/dwr/interface/AjaxReportQueryService.js HTTP/1.1" 200 13203
120.253.135.82 - - [24/Jul/2023:10:29:39 +0800] "GET /xingrg/dwr/engine.js HTTP/1.1" 200 43631
121.204.115.104 - - [24/Jul/2023:10:29:39 +0800] "POST /xingrg/kc/base/check_list_operate.html HTTP/1.1" 200 5505
121.204.115.104 - - [24/Jul/2023:10:29:42 +0800] "GET /xingrg/kc/report/report_main.html HTTP/1.1" 200 7340
222.70.245.33 - - [24/Jul/2023:10:29:44 +0800] "GET /xingrg/kc/buy/cgsh_order_operate.html?command=get_materiel&rest_code=00146&code=00101009004&supplier_code=00100005&order_time=2023-07-24 HTTP/1.1" 200 409
121.204.115.104 - - [24/Jul/2023:10:29:44 +0800] "GET /xingrg/kc/base/crk_hz.html HTTP/1.1" 200 11247
121.204.115.104 - - [24/Jul/2023:10:29:44 +0800] "GET /xingrg/javascript/jquery_easy_ui/themes/default/images/calendar_nextyear.gif HTTP/1.1" 304 -
121.204.115.104 - - [24/Jul/2023:10:29:44 +0800] "GET /xingrg/javascript/jquery_easy_ui/themes/default/images/calendar_prevyear.gif HTTP/1.1" 304 -
121.204.115.104 - - [24/Jul/2023:10:29:44 +0800] "GET /xingrg/javascript/jquery_easy_ui/themes/default/images/calendar_nextmonth.gif HTTP/1.1" 304 -
121.204.115.104 - - [24/Jul/2023:10:29:44 +0800] "GET /xingrg/javascript/jquery_easy_ui/themes/icons/search.png HTTP/1.1" 304 -
121.204.115.104 - - [24/Jul/2023:10:29:44 +0800] "GET /xingrg/javascript/jquery_easy_ui/themes/default/images/calendar_prevmonth.gif HTTP/1.1" 304 -
121.204.115.104 - - [24/Jul/2023:10:29:44 +0800] "GET /xingrg/javascript/jquery_easy_ui/themes/default/images/combo_arrow_dot.gif HTTP/1.1" 304 -
121.204.115.104 - - [24/Jul/2023:10:29:44 +0800] "GET /xingrg/javascript/jquery_easy_ui/themes/default/images/menu.gif HTTP/1.1" 304 -
121.204.115.104 - - [24/Jul/2023:10:29:44 +0800] "POST /xingrg/kc/cost/cost_operate.html?command=get_base_tree HTTP/1.1" 200 2657
121.204.115.104 - - [24/Jul/2023:10:29:44 +0800] "POST /xingrg/all/common/load_tree.html?tree=materiel_sort_tree_json HTTP/1.1" 200 9500
222.70.245.33 - - [24/Jul/2023:10:29:46 +0800] "GET /xingrg/all/function/internal_message.html?_=1690165787680&CODE_STATE=getMsg HTTP/1.1" 200 27
116.232.195.127 - - [24/Jul/2023:10:29:51 +0800] "GET /xingrg/all/function/internal_message.html?_=1690165752114&CODE_STATE=getMsg HTTP/1.1" 200 27
121.204.115.104 - - [24/Jul/2023:10:29:51 +0800] "GET /xingrg/kc/base/crk_hz.html?_=1690165797645&command=get_cost_id&end_date=2023-07-23&start_date=2023-07-01 HTTP/1.1" 200 51
121.204.115.104 - - [24/Jul/2023:10:29:51 +0800] "GET /xingrg/all/report/report_query.html?isQuery=1&onlyBody=1&rh=99999&rw=1800&varString=start:20230701,cost_id:4456,mid:20230701&fileName=kc/base/crk_hz_type_by_base.xml&queryString=%20m.sort_code%20in%20('00101001','00101002','00101003','00101004','00101005','00101006','00101007','00101008','00101009','00101010','00101011','00101012','00101013','00101014','00101015','00101016','00101017','00101018','00101019','00101020','00101021','00101022','00101023','00101024','00101025','00101026','00101027','00101028','00101029','00101030','00101031','00101032','00101033','00101034','00101036','00101037','00101038','00101039','00101040','00101041','00101042','00101043')%20&queryText=ÈÕÆÚ£º2023-07-01ÖÁ2023-07-23&tableQueryString=materiel_table$sp1$$sp$before_table$sp1$$sp$crk_table$sp1$order_day%20between%2020230701%20and%2020230723 HTTP/1.1" 200 49844
121.204.115.104 - - [24/Jul/2023:10:29:52 +0800] "GET /xingrg/dwr/interface/AjaxReportQueryService.js HTTP/1.1" 200 13203
121.204.115.104 - - [24/Jul/2023:10:29:52 +0800] "GET /xingrg/dwr/engine.js HTTP/1.1" 200 43631
116.238.191.126 - - [24/Jul/2023:10:29:53 +0800] "GET /xingrg/all/function/internal_message.html?_=1690165793065&CODE_STATE=getMsg HTTP/1.1" 200 27
180.152.241.196 - - [24/Jul/2023:10:29:54 +0800] "GET /xingrg/all/function/internal_message.html?_=1690165793425&CODE_STATE=getMsg HTTP/1.1" 200 27
101.83.145.37 - - [24/Jul/2023:10:29:56 +0800] "GET /xingrg/all/function/internal_message.html?_=1690165606358&CODE_STATE=getMsg HTTP/1.1" 200 27
124.79.243.110 - - [24/Jul/2023:10:29:57 +0800] "GET /xingrg/all/function/internal_message.html?_=1690165797242&CODE_STATE=getMsg HTTP/1.1" 200 27
180.165.154.167 - - [24/Jul/2023:10:29:59 +0800] "GET /xingrg/check_reg.html?_=1690165799016 HTTP/1.1" 200 22
180.165.154.167 - - [24/Jul/2023:10:29:59 +0800] "GET /xingrg/all/function/internal_message.html?_=1690165799017&CODE_STATE=getMsg HTTP/1.1" 200 27
121.204.115.104 - - [24/Jul/2023:10:29:59 +0800] "POST /xingrg/all/report/load_report_page.html HTTP/1.1" 200 764288
222.70.114.12 - - [24/Jul/2023:10:29:59 +0800] "GET /xingrg/check_reg.html?_=1690165800652 HTTP/1.1" 200 22
222.70.114.12 - - [24/Jul/2023:10:29:59 +0800] "GET /xingrg/all/function/internal_message.html?_=1690165800659&CODE_STATE=getMsg HTTP/1.1" 200 27
121.204.115.104 - - [24/Jul/2023:10:29:59 +0800] "GET /xingrg/servlets/image?cache=0.08810785845557434&image=px HTTP/1.1" 200 807
124.78.70.128 - - [24/Jul/2023:10:30:00 +0800] "GET /xingrg/all/function/internal_message.html?_=1690165270015&CODE_STATE=getMsg HTTP/1.1" 200 27
222.70.245.33 - - [24/Jul/2023:10:30:01 +0800] "GET /xingrg/kc/buy/cgsh_order_operate.html?command=get_materiel&rest_code=00146&code=00101009015&supplier_code=00100005&order_time=2023-07-24 HTTP/1.1" 200 416
116.238.191.126 - - [24/Jul/2023:10:30:01 +0800] "GET /xingrg/all/function/internal_message.html?_=1690165690344&CODE_STATE=getMsg HTTP/1.1" 200 27
121.204.115.104 - - [24/Jul/2023:10:30:05 +0800] "GET /xingrg/kc/base/crk_hz.html?_=1690165810839&command=get_cost_id&end_date=2023-07-23&start_date=2023-07-01 HTTP/1.1" 200 51
121.204.115.104 - - [24/Jul/2023:10:30:10 +0800] "GET /xingrg/all/report/report_print.html?isPrint=1&fileName=kc/base/crk_hz_type_by_base.xml&condition=%20m.sort_code%20in%20('00101001','00101002','00101003','00101004','00101005','00101006','00101007','00101008','00101009','00101010','00101011','00101012','00101013','00101014','00101015','00101016','00101017','00101018','00101019','00101020','00101021','00101022','00101023','00101024','00101025','00101026','00101027','00101028','00101029','00101030','00101031','00101032','00101033','00101034','00101036','00101037','00101038','00101039','00101040','00101041','00101042','00101043')%20&condition_show=ÈÕÆÚ£º2023-07-01ÖÁ2023-07-23&tableQueryString=materiel_table$sp1$$sp$before_table$sp1$$sp$crk_table$sp1$order_day%20between%2020230701%20and%2020230723&fileType=servlets/xls&varString=start:20230701,cost_id:4456,mid:20230701 HTTP/1.1" 200 40493
180.163.28.109 - - [24/Jul/2023:10:30:12 +0800] "GET /xingrg/all/function/internal_message.html?_=1690165752499&CODE_STATE=getMsg HTTP/1.1" 302 -
180.163.28.109 - - [24/Jul/2023:10:30:12 +0800] "GET /xingrg/login.html HTTP/1.1" 200 7641
124.78.156.130 - - [24/Jul/2023:10:30:12 +0800] "GET /xingrg/all/function/internal_message.html?_=1690165812470&CODE_STATE=getMsg HTTP/1.1" 200 27
222.70.245.33 - - [24/Jul/2023:10:30:13 +0800] "GET /xingrg/kc/buy/cgsh_order_operate.html?command=get_materiel&rest_code=00146&code=00101008041&supplier_code=00100005&order_time=2023-07-24 HTTP/1.1" 200 408
58.40.7.146 - - [24/Jul/2023:10:30:15 +0800] "GET /xingrg/all/function/internal_message.html?_=1690165815268&CODE_STATE=getMsg HTTP/1.1" 302 -
222.70.245.33 - - [24/Jul/2023:10:30:16 +0800] "POST /xingrg/kc/buy/cgsh_order_operate.html HTTP/1.1" 200 2065
124.79.243.110 - - [24/Jul/2023:10:30:17 +0800] "GET /xingrg/all/function/internal_message.html?_=1690166103775&CODE_STATE=getMsg HTTP/1.1" 200 27
101.83.145.37 - - [24/Jul/2023:10:30:21 +0800] "GET /xingrg/all/function/internal_message.html?_=1690165822143&CODE_STATE=getMsg HTTP/1.1" 200 27
180.157.253.121 - - [24/Jul/2023:10:30:23 +0800] "GET /xingrg/all/function/internal_message.html?_=1690165825578&CODE_STATE=getMsg HTTP/1.1" 200 27
180.157.253.121 - - [24/Jul/2023:10:30:24 +0800] "GET /xingrg/check_reg.html?_=1690165825877 HTTP/1.1" 200 22
222.70.245.33 - - [24/Jul/2023:10:30:26 +0800] "GET /xingrg/kc/buy/cgsh_order_operate.html?command=get_materiel&rest_code=00146&code=00101008704&supplier_code=00100005&order_time=2023-07-24 HTTP/1.1" 200 409
121.204.115.104 - - [24/Jul/2023:10:30:31 +0800] "GET /xingrg/all/function/internal_message.html?_=1690165837431&CODE_STATE=getMsg HTTP/1.1" 200 27
120.253.135.82 - - [24/Jul/2023:10:30:33 +0800] "GET /xingrg/all/function/internal_message.html?_=1690165656565&CODE_STATE=getMsg HTTP/1.1" 200 27
222.70.180.90 - - [24/Jul/2023:10:30:37 +0800] "GET /xingrg/all/function/internal_message.html?_=1690165837130&CODE_STATE=getMsg HTTP/1.1" 200 27
121.204.115.104 - - [24/Jul/2023:10:30:38 +0800] "POST /xingrg/load_menu.html HTTP/1.1" 200 9695
116.232.195.127 - - [24/Jul/2023:10:30:38 +0800] "GET /xingrg/all/function/internal_message.html?_=1690165799531&CODE_STATE=getMsg HTTP/1.1" 200 27
116.232.195.127 - - [24/Jul/2023:10:30:38 +0800] "POST /xingrg/dwr/call/plaincall/AjaxCheckService.setItemNumber.dwr HTTP/1.1" 200 76
116.232.195.127 - - [24/Jul/2023:10:30:41 +0800] "POST /xingrg/dwr/call/plaincall/AjaxCheckService.setItemNumber.dwr HTTP/1.1" 200 76
116.232.195.127 - - [24/Jul/2023:10:30:42 +0800] "POST /xingrg/dwr/call/plaincall/AjaxCheckService.setItemNumber.dwr HTTP/1.1" 200 76
121.204.115.104 - - [24/Jul/2023:10:30:42 +0800] "GET /xingrg/all/report/report_query.html?fileName=dma/new_5.0/menu/menu_hz_all.xml HTTP/1.1" 200 51795
121.204.115.104 - - [24/Jul/2023:10:30:43 +0800] "GET /xingrg/dwr/interface/AjaxReportQueryService.js HTTP/1.1" 200 13203
121.204.115.104 - - [24/Jul/2023:10:30:43 +0800] "GET /xingrg/dwr/engine.js HTTP/1.1" 200 43631
116.232.195.127 - - [24/Jul/2023:10:30:43 +0800] "POST /xingrg/dwr/call/plaincall/AjaxCheckService.setItemNumber.dwr HTTP/1.1" 200 76
121.204.115.104 - - [24/Jul/2023:10:30:43 +0800] "POST /xingrg/dwr/call/plaincall/AjaxReportQueryService.getFixDate.dwr HTTP/1.1" 200 111
121.204.115.104 - - [24/Jul/2023:10:30:44 +0800] "POST /xingrg/all/common/load_tree.html?tree=area_station_tree_json&manage=1 HTTP/1.1" 200 3393
121.204.115.104 - - [24/Jul/2023:10:30:44 +0800] "GET /xingrg/all/report/report_query.html?fileName=dma/new_5.0/menu/menu_category_hz.xml HTTP/1.1" 200 53064
121.204.115.104 - - [24/Jul/2023:10:30:44 +0800] "GET /xingrg/dwr/interface/AjaxReportQueryService.js HTTP/1.1" 200 13203
121.204.115.104 - - [24/Jul/2023:10:30:44 +0800] "GET /xingrg/dwr/engine.js HTTP/1.1" 200 43631
121.204.115.104 - - [24/Jul/2023:10:30:44 +0800] "POST /xingrg/dwr/call/plaincall/AjaxReportQueryService.getFixDate.dwr HTTP/1.1" 200 111
121.204.115.104 - - [24/Jul/2023:10:30:44 +0800] "GET /xingrg/javascript/multi_select/dropdown.gif HTTP/1.1" 304 -
121.204.115.104 - - [24/Jul/2023:10:30:44 +0800] "POST /xingrg/all/common/load_tree.html?tree=area_station_tree_json&manage=1 HTTP/1.1" 200 3393
116.232.195.127 - - [24/Jul/2023:10:30:44 +0800] "POST /xingrg/dwr/call/plaincall/AjaxCheckService.setItemNumber.dwr HTTP/1.1" 200 76
121.204.115.104 - - [24/Jul/2023:10:30:45 +0800] "GET /xingrg/all/report/report_query.html?fileName=dma/new_5.0/menu/menu_stca_hz.xml HTTP/1.1" 200 51418
121.204.115.104 - - [24/Jul/2023:10:30:45 +0800] "GET /xingrg/dwr/interface/AjaxReportQueryService.js HTTP/1.1" 200 13203
121.204.115.104 - - [24/Jul/2023:10:30:45 +0800] "GET /xingrg/dwr/engine.js HTTP/1.1" 200 43631
116.232.195.127 - - [24/Jul/2023:10:30:45 +0800] "POST /xingrg/dwr/call/plaincall/AjaxCheckService.setItemNumber.dwr HTTP/1.1" 200 76
121.204.115.104 - - [24/Jul/2023:10:30:45 +0800] "POST /xingrg/dwr/call/plaincall/AjaxReportQueryService.getFixDate.dwr HTTP/1.1" 200 111
222.70.245.33 - - [24/Jul/2023:10:30:46 +0800] "GET /xingrg/all/function/internal_message.html?_=1690165847693&CODE_STATE=getMsg HTTP/1.1" 200 27
121.204.115.104 - - [24/Jul/2023:10:30:46 +0800] "POST /xingrg/all/common/load_tree.html?tree=area_station_tree_json&manage=1 HTTP/1.1" 200 3393
116.232.195.127 - - [24/Jul/2023:10:30:46 +0800] "POST /xingrg/dwr/call/plaincall/AjaxCheckService.setItemNumber.dwr HTTP/1.1" 200 76
121.204.115.104 - - [24/Jul/2023:10:30:47 +0800] "POST /xingrg/dwr/call/plaincall/AjaxReportQueryService.getFixDate.dwr HTTP/1.1" 200 111
116.232.195.127 - - [24/Jul/2023:10:30:47 +0800] "POST /xingrg/dwr/call/plaincall/AjaxCheckService.setItemNumber.dwr HTTP/1.1" 200 76
116.232.195.127 - - [24/Jul/2023:10:30:49 +0800] "POST /xingrg/dwr/call/plaincall/AjaxCheckService.setItemNumber.dwr HTTP/1.1" 200 76
116.232.195.127 - - [24/Jul/2023:10:30:50 +0800] "POST /xingrg/dwr/call/plaincall/AjaxCheckService.setItemNumber.dwr HTTP/1.1" 200 77
116.232.195.127 - - [24/Jul/2023:10:30:50 +0800] "POST /xingrg/dwr/call/plaincall/AjaxCheckService.setItemNumber.dwr HTTP/1.1" 200 77
116.232.195.127 - - [24/Jul/2023:10:30:51 +0800] "GET /xingrg/all/function/internal_message.html?_=1690165812092&CODE_STATE=getMsg HTTP/1.1" 200 27
116.232.195.127 - - [24/Jul/2023:10:30:51 +0800] "POST /xingrg/dwr/call/plaincall/AjaxCheckService.setItemNumber.dwr HTTP/1.1" 200 77
116.232.195.127 - - [24/Jul/2023:10:30:52 +0800] "POST /xingrg/dwr/call/plaincall/AjaxCheckService.setItemNumber.dwr HTTP/1.1" 200 77
116.232.195.127 - - [24/Jul/2023:10:30:53 +0800] "POST /xingrg/dwr/call/plaincall/AjaxCheckService.setItemNumber.dwr HTTP/1.1" 200 77
116.232.195.127 - - [24/Jul/2023:10:30:53 +0800] "POST /xingrg/dwr/call/plaincall/AjaxCheckService.setItemNumber.dwr HTTP/1.1" 200 77
116.238.191.126 - - [24/Jul/2023:10:30:53 +0800] "GET /xingrg/all/function/internal_message.html?_=1690165853072&CODE_STATE=getMsg HTTP/1.1" 200 27
180.152.241.196 - - [24/Jul/2023:10:30:54 +0800] "GET /xingrg/all/function/internal_message.html?_=1690165853441&CODE_STATE=getMsg HTTP/1.1" 200 27
180.152.241.196 - - [24/Jul/2023:10:30:54 +0800] "GET /xingrg/check_reg.html?_=1690165853441 HTTP/1.1" 200 22
116.232.195.127 - - [24/Jul/2023:10:30:54 +0800] "POST /xingrg/dwr/call/plaincall/AjaxCheckService.setItemNumber.dwr HTTP/1.1" 200 77
116.232.195.127 - - [24/Jul/2023:10:30:55 +0800] "POST /xingrg/dwr/call/plaincall/AjaxCheckService.setItemNumber.dwr HTTP/1.1" 200 77
116.232.195.127 - - [24/Jul/2023:10:30:55 +0800] "POST /xingrg/dwr/call/plaincall/AjaxCheckService.setItemNumber.dwr HTTP/1.1" 200 77
101.83.145.37 - - [24/Jul/2023:10:30:56 +0800] "GET /xingrg/all/function/internal_message.html?_=1690165666358&CODE_STATE=getMsg HTTP/1.1" 200 27
121.204.115.104 - - [24/Jul/2023:10:30:56 +0800] "POST /xingrg/dwr/call/plaincall/AjaxReportQueryService.refreshCache.dwr HTTP/1.1" 200 78
121.204.115.104 - - [24/Jul/2023:10:30:57 +0800] "POST /xingrg/all/report/load_report_page.html HTTP/1.1" 200 64182
124.79.243.110 - - [24/Jul/2023:10:30:57 +0800] "GET /xingrg/all/function/internal_message.html?_=1690165857216&CODE_STATE=getMsg HTTP/1.1" 200 27
121.204.115.104 - - [24/Jul/2023:10:30:57 +0800] "GET /xingrg/servlets/image?cache=0.37817113574031824&image=px HTTP/1.1" 200 807
180.165.154.167 - - [24/Jul/2023:10:30:59 +0800] "GET /xingrg/all/function/internal_message.html?_=1690165859006&CODE_STATE=getMsg HTTP/1.1" 200 27
222.70.114.12 - - [24/Jul/2023:10:30:59 +0800] "GET /xingrg/all/function/internal_message.html?_=1690165860658&CODE_STATE=getMsg HTTP/1.1" 200 27
124.78.70.128 - - [24/Jul/2023:10:31:00 +0800] "GET /xingrg/all/function/internal_message.html?_=1690165330016&CODE_STATE=getMsg HTTP/1.1" 200 27
121.204.115.104 - - [24/Jul/2023:10:31:00 +0800] "POST /xingrg/all/report/report_print.html HTTP/1.1" 200 8724
121.204.115.104 - - [24/Jul/2023:10:31:00 +0800] "GET /favicon.ico HTTP/1.1" 404 -
116.232.195.127 - - [24/Jul/2023:10:31:01 +0800] "POST /xingrg/dwr/call/plaincall/AjaxCheckService.setItemNumber.dwr HTTP/1.1" 200 77
116.232.34.94 - - [24/Jul/2023:10:31:01 +0800] "POST /xingrg/services/DataTransmitService HTTP/1.1" 200 524
116.238.191.126 - - [24/Jul/2023:10:31:01 +0800] "GET /xingrg/all/function/internal_message.html?_=1690165750362&CODE_STATE=getMsg HTTP/1.1" 200 27
116.232.34.94 - - [24/Jul/2023:10:31:02 +0800] "POST /xingrg/services/DataTransmitService HTTP/1.1" 200 501
116.232.195.127 - - [24/Jul/2023:10:31:03 +0800] "POST /xingrg/dwr/call/plaincall/AjaxCheckService.setItemNumber.dwr HTTP/1.1" 200 77
121.204.115.104 - - [24/Jul/2023:10:31:08 +0800] "POST /xingrg/all/user/operate.html HTTP/1.1" 200 36
121.204.115.104 - - [24/Jul/2023:10:31:08 +0800] "GET /xingrg/index.html?sysBaseUrl=http%3A%2F%2F180.169.147.146%3A18081%2Fxingrg%2F&costTime=1325×tamp=1690165694804 HTTP/1.1" 200 17503
121.204.115.104 - - [24/Jul/2023:10:31:08 +0800] "GET /xingrg/javascript/jquery_easy_ui/themes/default/easyui.css HTTP/1.1" 304 -
121.204.115.104 - - [24/Jul/2023:10:31:08 +0800] "GET /xingrg/javascript/jquery_easy_ui/themes/icon.css HTTP/1.1" 304 -
121.204.115.104 - - [24/Jul/2023:10:31:08 +0800] "GET /xingrg/css/form.css HTTP/1.1" 304 -
121.204.115.104 - - [24/Jul/2023:10:31:08 +0800] "GET /xingrg/javascript/jquery-1.4.2.min.js HTTP/1.1" 304 -
121.204.115.104 - - [24/Jul/2023:10:31:08 +0800] "GET /xingrg/javascript/jquery_easy_ui/jquery.easyui.min.js HTTP/1.1" 304 -
121.204.115.104 - - [24/Jul/2023:10:31:08 +0800] "GET /xingrg/javascript/jquery_easy_ui/easyui-lang-zh_CN.js HTTP/1.1" 304 -
121.204.115.104 - - [24/Jul/2023:10:31:08 +0800] "GET /xingrg/javascript/jquery.form.js HTTP/1.1" 304 -
121.204.115.104 - - [24/Jul/2023:10:31:08 +0800] "GET /xingrg/javascript/jquery.utils.js HTTP/1.1" 304 -
121.204.115.104 - - [24/Jul/2023:10:31:08 +0800] "GET /xingrg/javascript/jquery.timers.js HTTP/1.1" 304 -
121.204.115.104 - - [24/Jul/2023:10:31:08 +0800] "GET /xingrg/images/blue/jxLogo.png HTTP/1.1" 304 -
121.204.115.104 - - [24/Jul/2023:10:31:08 +0800] "GET /xingrg/images/blue/navBackgound.jpg HTTP/1.1" 304 -
121.204.115.104 - - [24/Jul/2023:10:31:08 +0800] "GET /xingrg/javascript/jquery_easy_ui/themes/icons/settle_new.png HTTP/1.1" 304 -
121.204.115.104 - - [24/Jul/2023:10:31:08 +0800] "GET /xingrg/check_reg.html?_=1690165874655 HTTP/1.1" 200 22
121.204.115.104 - - [24/Jul/2023:10:31:08 +0800] "GET /xingrg/javascript/jquery_easy_ui/themes/default/images/tabs_rightarrow.png HTTP/1.1" 304 -
121.204.115.104 - - [24/Jul/2023:10:31:08 +0800] "GET /xingrg/all/function/internal_message.html?_=1690165874655&CODE_STATE=count HTTP/1.1" 200 11
121.204.115.104 - - [24/Jul/2023:10:31:08 +0800] "GET /xingrg/javascript/jquery_easy_ui/themes/default/images/tabs_leftarrow.png HTTP/1.1" 304 -
121.204.115.104 - - [24/Jul/2023:10:31:08 +0800] "GET /xingrg/javascript/jquery_easy_ui/themes/default/images/panel_tool_expand.gif HTTP/1.1" 304 -
121.204.115.104 - - [24/Jul/2023:10:31:08 +0800] "GET /xingrg/javascript/jquery_easy_ui/themes/default/images/panel_tool_collapse.gif HTTP/1.1" 304 -
121.204.115.104 - - [24/Jul/2023:10:31:08 +0800] "GET /xingrg/images/blue/pingpu.png HTTP/1.1" 304 -
121.204.115.104 - - [24/Jul/2023:10:31:09 +0800] "POST /xingrg/all/common/load_tree.html?tree=area_rest_tree_json&manage=1 HTTP/1.1" 200 3499
121.204.115.104 - - [24/Jul/2023:10:31:09 +0800] "POST /xingrg/load_menu.html HTTP/1.1" 200 9959
121.204.115.104 - - [24/Jul/2023:10:31:11 +0800] "GET /xingrg/kc/report/report_main.html HTTP/1.1" 200 7340
121.204.115.104 - - [24/Jul/2023:10:31:12 +0800] "GET /xingrg/kc/base/crk_hz.html HTTP/1.1" 200 11247
124.78.156.130 - - [24/Jul/2023:10:31:12 +0800] "GET /xingrg/all/function/internal_message.html?_=1690165872443&CODE_STATE=getMsg HTTP/1.1" 200 27
121.204.115.104 - - [24/Jul/2023:10:31:12 +0800] "POST /xingrg/kc/cost/cost_operate.html?command=get_base_tree HTTP/1.1" 200 2589
121.204.115.104 - - [24/Jul/2023:10:31:12 +0800] "POST /xingrg/all/common/load_tree.html?tree=materiel_sort_tree_json HTTP/1.1" 200 9500
101.83.145.37 - - [24/Jul/2023:10:31:15 +0800] "POST /xingrg/kc/buy/cgsh_list_operate.html HTTP/1.1" 200 3118
58.40.7.146 - - [24/Jul/2023:10:31:15 +0800] "GET /xingrg/all/function/internal_message.html?_=1690165875270&CODE_STATE=getMsg HTTP/1.1" 302 -
124.79.243.110 - - [24/Jul/2023:10:31:17 +0800] "GET /xingrg/all/function/internal_message.html?_=1690166163808&CODE_STATE=getMsg HTTP/1.1" 200 27
121.204.115.104 - - [24/Jul/2023:10:31:17 +0800] "POST /xingrg/load_menu.html HTTP/1.1" 200 9695
121.204.115.104 - - [24/Jul/2023:10:31:19 +0800] "GET /xingrg/all/report/report_query.html?fileName=dma/new_5.0/menu/menu_category_hz.xml HTTP/1.1" 200 53064
121.204.115.104 - - [24/Jul/2023:10:31:19 +0800] "GET /xingrg/dwr/interface/AjaxReportQueryService.js HTTP/1.1" 200 13203
121.204.115.104 - - [24/Jul/2023:10:31:19 +0800] "GET /xingrg/dwr/engine.js HTTP/1.1" 200 43631
121.204.115.104 - - [24/Jul/2023:10:31:19 +0800] "POST /xingrg/dwr/call/plaincall/AjaxReportQueryService.getFixDate.dwr HTTP/1.1" 200 111
121.204.115.104 - - [24/Jul/2023:10:31:20 +0800] "POST /xingrg/all/common/load_tree.html?tree=area_station_tree_json&manage=1 HTTP/1.1" 200 3393
121.204.115.104 - - [24/Jul/2023:10:31:21 +0800] "GET /xingrg/all/report/report_query.html?fileName=dma/new_5.0/menu/menu_stca_hz.xml HTTP/1.1" 200 51418
