101.83.145.37 - - [24/Jul/2023:08:32:02 +0800] "GET /xingrg/javascript/easyui/themes/icon.css HTTP/1.1" 304 -
101.83.145.37 - - [24/Jul/2023:08:32:02 +0800] "GET /xingrg/javascript/auto/jquery.autocomplete.css HTTP/1.1" 304 -
101.83.145.37 - - [24/Jul/2023:08:32:02 +0800] "GET /xingrg/javascript/jquery_tools/fix.css HTTP/1.1" 304 -
101.83.145.37 - - [24/Jul/2023:08:32:02 +0800] "GET /xingrg/javascript/jquery_tools/table.css HTTP/1.1" 304 -
101.83.145.37 - - [24/Jul/2023:08:32:02 +0800] "GET /xingrg/javascript/jquery_tools/jquery.tools.min.js HTTP/1.1" 304 -
101.83.145.37 - - [24/Jul/2023:08:32:02 +0800] "GET /xingrg/javascript/jquery_tools/jquery.tools.extend.js HTTP/1.1" 304 -
101.83.145.37 - - [24/Jul/2023:08:32:02 +0800] "GET /xingrg/javascript/jquery_tools/jquery.tools.hotkey.js HTTP/1.1" 304 -
101.83.145.37 - - [24/Jul/2023:08:32:02 +0800] "GET /xingrg/javascript/jquery_tools/jquery.tools.table.js HTTP/1.1" 304 -
101.83.145.37 - - [24/Jul/2023:08:32:02 +0800] "GET /xingrg/javascript/jquery_tools/list_manager.js HTTP/1.1" 304 -
101.83.145.37 - - [24/Jul/2023:08:32:02 +0800] "GET /xingrg/javascript/auto/jquery.autocomplete.js HTTP/1.1" 304 -
101.83.145.37 - - [24/Jul/2023:08:32:02 +0800] "GET /xingrg/javascript/easyui/easyloader.js HTTP/1.1" 304 -
101.83.145.37 - - [24/Jul/2023:08:32:02 +0800] "GET /xingrg/javascript/jquery.cookie.js HTTP/1.1" 304 -
101.83.145.37 - - [24/Jul/2023:08:32:02 +0800] "GET /xingrg/javascript/print/LodopFuncs.js HTTP/1.1" 304 -
101.83.145.37 - - [24/Jul/2023:08:32:04 +0800] "GET /xingrg/javascript/easyui/themes/icons/cance_new.png HTTP/1.1" 304 -
101.83.145.37 - - [24/Jul/2023:08:32:04 +0800] "GET /xingrg/javascript/easyui/themes/icons/check_new.png HTTP/1.1" 304 -
101.83.145.37 - - [24/Jul/2023:08:32:04 +0800] "GET /xingrg/javascript/easyui/themes/icons/field_new.png HTTP/1.1" 304 -
101.83.145.37 - - [24/Jul/2023:08:32:04 +0800] "GET /xingrg/javascript/easyui/themes/icons/import_new.png HTTP/1.1" 304 -
101.83.145.37 - - [24/Jul/2023:08:32:04 +0800] "GET /xingrg/javascript/easyui/themes/icons/edit_add_new.png HTTP/1.1" 304 -
101.83.145.37 - - [24/Jul/2023:08:32:04 +0800] "GET /xingrg/javascript/easyui/plugins/jquery.parser.js HTTP/1.1" 304 -
101.83.145.37 - - [24/Jul/2023:08:32:04 +0800] "GET /xingrg/images/control/ajaxLoader.gif HTTP/1.1" 304 -
101.83.145.37 - - [24/Jul/2023:08:32:07 +0800] "POST /xingrg/kc/buy/cgsh_list_operate.html HTTP/1.1" 200 986
222.70.245.33 - - [24/Jul/2023:08:32:09 +0800] "GET /xingrg/all/function/internal_message.html?_=1690158730678&CODE_STATE=getMsg HTTP/1.1" 200 27
101.83.145.37 - - [24/Jul/2023:08:32:13 +0800] "GET /xingrg/javascript/easyui/themes/default/images/button_plain_hover.png HTTP/1.1" 304 -
58.40.7.146 - - [24/Jul/2023:08:32:15 +0800] "GET /xingrg/all/function/internal_message.html?_=1690158735222&CODE_STATE=getMsg HTTP/1.1" 302 -
101.83.145.37 - - [24/Jul/2023:08:32:15 +0800] "GET /xingrg/kc/buy/cgsh_order_add.html HTTP/1.1" 200 71806
101.83.145.37 - - [24/Jul/2023:08:32:15 +0800] "GET /xingrg/javascript/jquery_tools/order_manager.js HTTP/1.1" 304 -
101.83.145.37 - - [24/Jul/2023:08:32:15 +0800] "GET /xingrg/javascript/convert.js HTTP/1.1" 304 -
101.83.145.37 - - [24/Jul/2023:08:32:16 +0800] "GET /xingrg/javascript/json2.js HTTP/1.1" 304 -
101.83.145.37 - - [24/Jul/2023:08:32:16 +0800] "GET /xingrg/javascript/print/kc_print.js HTTP/1.1" 304 -
101.83.145.37 - - [24/Jul/2023:08:32:16 +0800] "GET /xingrg/words/20230723174018_words.js HTTP/1.1" 200 974225
101.83.145.37 - - [24/Jul/2023:08:32:16 +0800] "GET /xingrg/javascript/easyui/themes/icons/copy_new.png HTTP/1.1" 304 -
101.83.145.37 - - [24/Jul/2023:08:32:16 +0800] "GET /xingrg/javascript/easyui/themes/icons/template_new.png HTTP/1.1" 304 -
101.83.145.37 - - [24/Jul/2023:08:32:16 +0800] "GET /xingrg/javascript/easyui/themes/icons/ok.png HTTP/1.1" 304 -
101.83.145.37 - - [24/Jul/2023:08:32:16 +0800] "GET /xingrg/javascript/easyui/themes/icons/print.png HTTP/1.1" 304 -
101.83.145.37 - - [24/Jul/2023:08:32:16 +0800] "GET /xingrg/javascript/easyui/themes/default/images/menu_downarrow.png HTTP/1.1" 304 -
101.83.145.37 - - [24/Jul/2023:08:32:16 +0800] "GET /xingrg/javascript/easyui/themes/icons/cancel.png HTTP/1.1" 304 -
101.83.145.37 - - [24/Jul/2023:08:32:16 +0800] "POST /xingrg/kc/buy/cgsh_order_operate.html HTTP/1.1" 200 8245
101.83.145.37 - - [24/Jul/2023:08:32:16 +0800] "GET /xingrg/javascript/easyui/themes/default/validatebox.css HTTP/1.1" 404 1104
101.83.145.37 - - [24/Jul/2023:08:32:16 +0800] "GET /xingrg/javascript/easyui/plugins/jquery.validatebox.js HTTP/1.1" 304 -
101.83.145.37 - - [24/Jul/2023:08:32:16 +0800] "GET /xingrg/all/common/auto_word.html?type=employee&rest_code=00105 HTTP/1.1" 200 193
101.83.145.37 - - [24/Jul/2023:08:32:16 +0800] "GET /xingrg/javascript/easyui/plugins/jquery.numberbox.js HTTP/1.1" 304 -
101.83.145.37 - - [24/Jul/2023:08:32:16 +0800] "GET /xingrg/javascript/easyui/themes/icons/edit_remove.png HTTP/1.1" 304 -
101.83.145.37 - - [24/Jul/2023:08:32:16 +0800] "GET /xingrg/all/common/auto_word.html?type=employee&rest_code=00105 HTTP/1.1" 200 193
101.83.145.37 - - [24/Jul/2023:08:32:19 +0800] "GET /xingrg/javascript/auto/indicator.gif HTTP/1.1" 404 1066
101.83.145.37 - - [24/Jul/2023:08:32:21 +0800] "GET /xingrg/all/function/internal_message.html?_=1690158742007&CODE_STATE=getMsg HTTP/1.1" 200 27
116.238.191.126 - - [24/Jul/2023:08:32:22 +0800] "GET /xingrg/login.html HTTP/1.1" 200 7641
116.238.191.126 - - [24/Jul/2023:08:32:22 +0800] "GET /xingrg/images/blue/jxLogo.png HTTP/1.1" 304 -
116.238.191.126 - - [24/Jul/2023:08:32:24 +0800] "GET /xingrg/images/blue/srbg.png HTTP/1.1" 304 -
116.238.191.126 - - [24/Jul/2023:08:32:24 +0800] "GET /favicon.ico HTTP/1.1" 404 -
120.253.135.82 - - [24/Jul/2023:08:32:36 +0800] "GET /xingrg/login.html HTTP/1.1" 200 7641
114.85.113.108 - - [24/Jul/2023:08:32:36 +0800] "GET /xingrg/all/function/internal_message.html?_=1690158756259&CODE_STATE=getMsg HTTP/1.1" 302 -
120.253.135.82 - - [24/Jul/2023:08:32:36 +0800] "GET /favicon.ico HTTP/1.1" 404 -
120.253.135.82 - - [24/Jul/2023:08:32:43 +0800] "POST /xingrg/login.do HTTP/1.1" 302 -
120.253.135.82 - - [24/Jul/2023:08:32:43 +0800] "GET /xingrg/index.html?sysBaseUrl=http%3A%2F%2F180.169.147.146%3A18081%2Fxingrg%2F&costTime=1596×tamp=1690158763060 HTTP/1.1" 200 17173
120.253.135.82 - - [24/Jul/2023:08:32:43 +0800] "GET /xingrg/javascript/jquery_easy_ui/themes/icon.css HTTP/1.1" 304 -
120.253.135.82 - - [24/Jul/2023:08:32:43 +0800] "GET /xingrg/css/form.css HTTP/1.1" 304 -
120.253.135.82 - - [24/Jul/2023:08:32:43 +0800] "GET /xingrg/javascript/jquery_easy_ui/easyui-lang-zh_CN.js HTTP/1.1" 304 -
120.253.135.82 - - [24/Jul/2023:08:32:43 +0800] "GET /xingrg/javascript/jquery-1.4.2.min.js HTTP/1.1" 304 -
120.253.135.82 - - [24/Jul/2023:08:32:43 +0800] "GET /xingrg/javascript/jquery_easy_ui/themes/default/easyui.css HTTP/1.1" 304 -
120.253.135.82 - - [24/Jul/2023:08:32:43 +0800] "GET /xingrg/javascript/jquery_easy_ui/jquery.easyui.min.js HTTP/1.1" 304 -
120.253.135.82 - - [24/Jul/2023:08:32:43 +0800] "GET /xingrg/javascript/jquery.form.js HTTP/1.1" 304 -
120.253.135.82 - - [24/Jul/2023:08:32:43 +0800] "GET /xingrg/javascript/jquery.utils.js HTTP/1.1" 304 -
120.253.135.82 - - [24/Jul/2023:08:32:43 +0800] "GET /xingrg/javascript/jquery.timers.js HTTP/1.1" 304 -
120.253.135.82 - - [24/Jul/2023:08:32:43 +0800] "GET /favicon.ico HTTP/1.1" 404 -
120.253.135.82 - - [24/Jul/2023:08:32:43 +0800] "POST /xingrg/all/common/load_tree.html?tree=area_rest_tree_json&manage=1 HTTP/1.1" 200 344
120.253.135.82 - - [24/Jul/2023:08:32:44 +0800] "GET /xingrg/check_reg.html?_=1690158587364 HTTP/1.1" 200 22
120.253.135.82 - - [24/Jul/2023:08:32:44 +0800] "GET /xingrg/all/function/internal_message.html?_=1690158587363&CODE_STATE=count HTTP/1.1" 200 11
120.253.135.82 - - [24/Jul/2023:08:32:44 +0800] "POST /xingrg/load_menu.html HTTP/1.1" 200 6743
222.70.180.90 - - [24/Jul/2023:08:32:45 +0800] "GET /xingrg/all/function/internal_message.html?_=1690158765601&CODE_STATE=getMsg HTTP/1.1" 200 27
120.253.135.82 - - [24/Jul/2023:08:32:48 +0800] "GET /xingrg/kc/pszx/mdqp_order_list.html?state=10 HTTP/1.1" 200 10719
120.253.135.82 - - [24/Jul/2023:08:32:48 +0800] "GET /xingrg/javascript/myfunction.js HTTP/1.1" 304 -
120.253.135.82 - - [24/Jul/2023:08:32:48 +0800] "GET /xingrg/css/blue.css HTTP/1.1" 304 -
120.253.135.82 - - [24/Jul/2023:08:32:48 +0800] "GET /xingrg/dwr/util.js HTTP/1.1" 304 -
120.253.135.82 - - [24/Jul/2023:08:32:48 +0800] "GET /xingrg/dwr/interface/AjaxQqpsService.js HTTP/1.1" 200 16326
120.253.135.82 - - [24/Jul/2023:08:32:48 +0800] "GET /xingrg/javascript/pic_change.js HTTP/1.1" 304 -
120.253.135.82 - - [24/Jul/2023:08:32:48 +0800] "GET /xingrg/javascript/Calendar.js HTTP/1.1" 304 -
120.253.135.82 - - [24/Jul/2023:08:32:48 +0800] "GET /xingrg/dwr/interface/AjaxReportQueryService.js HTTP/1.1" 200 13203
120.253.135.82 - - [24/Jul/2023:08:32:48 +0800] "GET /xingrg/dwr/engine.js HTTP/1.1" 200 43631
120.253.135.82 - - [24/Jul/2023:08:32:52 +0800] "GET /xingrg/kc/pszx/mdps_order_list.html?orderType=0 HTTP/1.1" 200 21073
120.253.135.82 - - [24/Jul/2023:08:32:52 +0800] "GET /xingrg/css/base.css HTTP/1.1" 304 -
120.253.135.82 - - [24/Jul/2023:08:32:52 +0800] "GET /xingrg/css/site.css HTTP/1.1" 304 -
120.253.135.82 - - [24/Jul/2023:08:32:52 +0800] "GET /xingrg/javascript/easyui/themes/default/easyui.css HTTP/1.1" 304 -
120.253.135.82 - - [24/Jul/2023:08:32:52 +0800] "GET /xingrg/javascript/jquery_tools/datebox.css HTTP/1.1" 304 -
120.253.135.82 - - [24/Jul/2023:08:32:52 +0800] "GET /xingrg/javascript/easyui/themes/icon.css HTTP/1.1" 304 -
120.253.135.82 - - [24/Jul/2023:08:32:52 +0800] "GET /xingrg/javascript/auto/jquery.autocomplete.css HTTP/1.1" 304 -
120.253.135.82 - - [24/Jul/2023:08:32:52 +0800] "GET /xingrg/javascript/jquery_tools/table.css HTTP/1.1" 304 -
120.253.135.82 - - [24/Jul/2023:08:32:52 +0800] "GET /xingrg/javascript/jquery_tools/fix.css HTTP/1.1" 304 -
120.253.135.82 - - [24/Jul/2023:08:32:52 +0800] "GET /xingrg/javascript/jquery_tools/jquery.tools.extend.js HTTP/1.1" 304 -
120.253.135.82 - - [24/Jul/2023:08:32:52 +0800] "GET /xingrg/javascript/jquery_tools/jquery.tools.min.js HTTP/1.1" 304 -
120.253.135.82 - - [24/Jul/2023:08:32:52 +0800] "GET /xingrg/javascript/auto/jquery.autocomplete.js HTTP/1.1" 304 -
120.253.135.82 - - [24/Jul/2023:08:32:52 +0800] "GET /xingrg/javascript/jquery.cookie.js HTTP/1.1" 304 -
120.253.135.82 - - [24/Jul/2023:08:32:52 +0800] "GET /xingrg/javascript/jquery_tools/jquery.tools.table.js HTTP/1.1" 304 -
120.253.135.82 - - [24/Jul/2023:08:32:52 +0800] "GET /xingrg/javascript/print/LodopFuncs.js HTTP/1.1" 304 -
120.253.135.82 - - [24/Jul/2023:08:32:52 +0800] "GET /xingrg/javascript/easyui/easyloader.js HTTP/1.1" 304 -
120.253.135.82 - - [24/Jul/2023:08:32:52 +0800] "GET /xingrg/javascript/jquery_tools/list_manager.js HTTP/1.1" 304 -
120.253.135.82 - - [24/Jul/2023:08:32:52 +0800] "GET /xingrg/javascript/jquery_tools/jquery.tools.hotkey.js HTTP/1.1" 304 -
120.253.135.82 - - [24/Jul/2023:08:32:53 +0800] "GET /xingrg/javascript/easyui/plugins/jquery.parser.js HTTP/1.1" 304 -
218.81.68.40 - - [24/Jul/2023:08:32:53 +0800] "GET /xingrg/check_reg.html?_=1690158771339 HTTP/1.1" 200 22
218.81.68.40 - - [24/Jul/2023:08:32:53 +0800] "GET /xingrg/all/function/internal_message.html?_=1690158771342&CODE_STATE=getMsg HTTP/1.1" 200 27
120.253.135.82 - - [24/Jul/2023:08:32:53 +0800] "POST /xingrg/kc/pszx/mdps_list_operate.html HTTP/1.1" 200 5293
116.232.195.127 - - [24/Jul/2023:08:32:55 +0800] "GET /xingrg/kc/report/report_main.html HTTP/1.1" 200 7340
116.232.195.127 - - [24/Jul/2023:08:32:55 +0800] "GET /xingrg/javascript/json2.js HTTP/1.1" 200 11259
101.83.145.37 - - [24/Jul/2023:08:32:56 +0800] "GET /xingrg/all/function/internal_message.html?_=1690158586189&CODE_STATE=getMsg HTTP/1.1" 200 27
101.83.145.37 - - [24/Jul/2023:08:32:56 +0800] "GET /xingrg/kc/buy/cgsh_order_operate.html?command=get_materiel&rest_code=00105&code=00101006013&supplier_code=00100012&order_time=2023-07-24 HTTP/1.1" 200 409
116.238.191.126 - - [24/Jul/2023:08:33:02 +0800] "POST /xingrg/login.do HTTP/1.1" 302 -
116.238.191.126 - - [24/Jul/2023:08:33:03 +0800] "POST /xingrg/login.do HTTP/1.1" 302 -
116.238.191.126 - - [24/Jul/2023:08:33:03 +0800] "GET /xingrg/index.html?sysBaseUrl=http%3A%2F%2F180.169.147.146%3A18081%2Fxingrg%2F&costTime=2219×tamp=1690158783337 HTTP/1.1" 200 17503
116.238.191.126 - - [24/Jul/2023:08:33:03 +0800] "GET /xingrg/javascript/jquery_easy_ui/themes/default/easyui.css HTTP/1.1" 304 -
116.238.191.126 - - [24/Jul/2023:08:33:03 +0800] "GET /xingrg/javascript/jquery_easy_ui/themes/icon.css HTTP/1.1" 304 -
116.238.191.126 - - [24/Jul/2023:08:33:03 +0800] "GET /xingrg/css/form.css HTTP/1.1" 304 -
116.238.191.126 - - [24/Jul/2023:08:33:03 +0800] "GET /xingrg/javascript/jquery-1.4.2.min.js HTTP/1.1" 304 -
116.238.191.126 - - [24/Jul/2023:08:33:03 +0800] "GET /xingrg/javascript/jquery_easy_ui/easyui-lang-zh_CN.js HTTP/1.1" 304 -
116.238.191.126 - - [24/Jul/2023:08:33:03 +0800] "GET /xingrg/javascript/jquery_easy_ui/jquery.easyui.min.js HTTP/1.1" 304 -
116.238.191.126 - - [24/Jul/2023:08:33:03 +0800] "GET /xingrg/javascript/jquery.form.js HTTP/1.1" 304 -
116.238.191.126 - - [24/Jul/2023:08:33:03 +0800] "GET /xingrg/javascript/jquery.utils.js HTTP/1.1" 304 -
116.238.191.126 - - [24/Jul/2023:08:33:03 +0800] "GET /xingrg/javascript/jquery.timers.js HTTP/1.1" 304 -
116.238.191.126 - - [24/Jul/2023:08:33:03 +0800] "GET /favicon.ico HTTP/1.1" 404 -
116.238.191.126 - - [24/Jul/2023:08:33:03 +0800] "GET /xingrg/javascript/jquery_easy_ui/themes/default/images/panel_tool_expand.gif HTTP/1.1" 304 -
116.238.191.126 - - [24/Jul/2023:08:33:04 +0800] "GET /xingrg/check_reg.html?_=1690158672802 HTTP/1.1" 200 22
116.238.191.126 - - [24/Jul/2023:08:33:04 +0800] "POST /xingrg/all/common/load_tree.html?tree=area_rest_tree_json&manage=1 HTTP/1.1" 200 3499
116.238.191.126 - - [24/Jul/2023:08:33:04 +0800] "GET /xingrg/all/function/internal_message.html?_=1690158672801&CODE_STATE=count HTTP/1.1" 200 11
116.238.191.126 - - [24/Jul/2023:08:33:04 +0800] "POST /xingrg/load_menu.html HTTP/1.1" 200 11564
116.238.191.126 - - [24/Jul/2023:08:33:04 +0800] "GET /xingrg/javascript/jquery_easy_ui/themes/icons/delivery_new.png HTTP/1.1" 304 -
116.238.191.126 - - [24/Jul/2023:08:33:04 +0800] "GET /xingrg/javascript/jquery_easy_ui/themes/icons/checkout_new.png HTTP/1.1" 304 -
116.238.191.126 - - [24/Jul/2023:08:33:04 +0800] "GET /xingrg/javascript/jquery_easy_ui/themes/icons/setting_new.png HTTP/1.1" 304 -
116.238.191.126 - - [24/Jul/2023:08:33:04 +0800] "GET /xingrg/javascript/jquery_easy_ui/themes/icons/systemset_new.png HTTP/1.1" 304 -
116.238.191.126 - - [24/Jul/2023:08:33:06 +0800] "POST /xingrg/load_menu.html HTTP/1.1" 200 10797
116.238.191.126 - - [24/Jul/2023:08:33:08 +0800] "GET /xingrg/all/report/report_query.html?fileName=dma/new_5.0/yingye/yy_hz.xml&rw=1600 HTTP/1.1" 200 56155
116.238.191.126 - - [24/Jul/2023:08:33:08 +0800] "GET /xingrg/css/blue.css HTTP/1.1" 304 -
116.238.191.126 - - [24/Jul/2023:08:33:08 +0800] "GET /xingrg/javascript/multi_select/jqueryMultiSelect.css HTTP/1.1" 304 -
116.238.191.126 - - [24/Jul/2023:08:33:08 +0800] "GET /xingrg/javascript/calendar/timePicker.css HTTP/1.1" 304 -
116.238.191.126 - - [24/Jul/2023:08:33:08 +0800] "GET /xingrg/javascript/bigrid/fix.css HTTP/1.1" 304 -
116.238.191.126 - - [24/Jul/2023:08:33:08 +0800] "GET /xingrg/javascript/pic_change.js HTTP/1.1" 304 -
116.238.191.126 - - [24/Jul/2023:08:33:08 +0800] "GET /xingrg/dwr/interface/AjaxReportQueryService.js HTTP/1.1" 200 13203
116.238.191.126 - - [24/Jul/2023:08:33:08 +0800] "GET /xingrg/dwr/engine.js HTTP/1.1" 200 43631
116.238.191.126 - - [24/Jul/2023:08:33:08 +0800] "GET /xingrg/dwr/util.js HTTP/1.1" 200 35990
116.238.191.126 - - [24/Jul/2023:08:33:08 +0800] "GET /xingrg/javascript/myfunction.js HTTP/1.1" 304 -
116.238.191.126 - - [24/Jul/2023:08:33:08 +0800] "GET /xingrg/javascript/jqueryMultiSelect.js HTTP/1.1" 304 -
116.238.191.126 - - [24/Jul/2023:08:33:08 +0800] "GET /xingrg/javascript/Calendar.js HTTP/1.1" 304 -
116.238.191.126 - - [24/Jul/2023:08:33:08 +0800] "GET /xingrg/javascript/calendar/jquery.timePicker.min.js HTTP/1.1" 304 -
116.238.191.126 - - [24/Jul/2023:08:33:08 +0800] "GET /xingrg/javascript/bigrid/fix.js HTTP/1.1" 304 -
116.238.191.126 - - [24/Jul/2023:08:33:08 +0800] "GET /xingrg/images/control/loading.gif HTTP/1.1" 304 -
116.238.191.126 - - [24/Jul/2023:08:33:08 +0800] "GET /xingrg/images/blue/button/advance2over.gif HTTP/1.1" 304 -
116.238.191.126 - - [24/Jul/2023:08:33:08 +0800] "GET /xingrg/images/blue/button/back2over.gif HTTP/1.1" 304 -
116.238.191.126 - - [24/Jul/2023:08:33:08 +0800] "GET /xingrg/images/blue/button/backover.gif HTTP/1.1" 304 -
116.238.191.126 - - [24/Jul/2023:08:33:08 +0800] "GET /xingrg/images/blue/button/advanceover.gif HTTP/1.1" 304 -
116.238.191.126 - - [24/Jul/2023:08:33:08 +0800] "GET /xingrg/javascript/jquery_easy_ui/themes/icons/help.png HTTP/1.1" 304 -
116.238.191.126 - - [24/Jul/2023:08:33:08 +0800] "GET /xingrg/javascript/jquery_easy_ui/themes/default/images/menu.gif HTTP/1.1" 304 -
116.238.191.126 - - [24/Jul/2023:08:33:08 +0800] "GET /xingrg/javascript/jquery_easy_ui/themes/icons/pencil.png HTTP/1.1" 304 -
116.238.191.126 - - [24/Jul/2023:08:33:08 +0800] "GET /xingrg/javascript/jquery_easy_ui/themes/default/images/menu_rightarrow.png HTTP/1.1" 304 -
120.253.135.82 - - [24/Jul/2023:08:33:08 +0800] "GET /xingrg/javascript/auto/indicator.gif HTTP/1.1" 404 1066
116.238.191.126 - - [24/Jul/2023:08:33:09 +0800] "POST /xingrg/dwr/call/plaincall/AjaxReportQueryService.getFixDate.dwr HTTP/1.1" 200 111
222.70.245.33 - - [24/Jul/2023:08:33:09 +0800] "GET /xingrg/all/function/internal_message.html?_=1690158790691&CODE_STATE=getMsg HTTP/1.1" 200 27
116.238.191.126 - - [24/Jul/2023:08:33:09 +0800] "POST /xingrg/all/common/load_tree.html?tree=area_station_tree_json&manage=1 HTTP/1.1" 200 3393
116.238.191.126 - - [24/Jul/2023:08:33:09 +0800] "GET /xingrg/javascript/jquery_easy_ui/themes/default/images/tree_checkbox_0.gif HTTP/1.1" 304 -
116.238.191.126 - - [24/Jul/2023:08:33:10 +0800] "GET /xingrg/javascript/jquery_easy_ui/themes/icons/manage.png HTTP/1.1" 304 -
58.40.7.146 - - [24/Jul/2023:08:33:15 +0800] "GET /xingrg/all/function/internal_message.html?_=1690158795225&CODE_STATE=getMsg HTTP/1.1" 302 -
58.40.7.146 - - [24/Jul/2023:08:33:15 +0800] "GET /xingrg/check_reg.html?_=1690158795227 HTTP/1.1" 302 -
116.238.191.126 - - [24/Jul/2023:08:33:15 +0800] "POST /xingrg/dwr/call/plaincall/AjaxReportQueryService.refreshCache.dwr HTTP/1.1" 200 78
101.83.145.37 - - [24/Jul/2023:08:33:16 +0800] "GET /xingrg/javascript/jquery_easy_ui/themes/default/images/tabs_close.gif HTTP/1.1" 304 -
101.83.145.37 - - [24/Jul/2023:08:33:18 +0800] "GET /xingrg/kc/buy/cgsh_order_list.html HTTP/1.1" 200 55942
101.83.145.37 - - [24/Jul/2023:08:33:18 +0800] "GET /xingrg/css/site.css HTTP/1.1" 304 -
101.83.145.37 - - [24/Jul/2023:08:33:18 +0800] "GET /xingrg/css/base.css HTTP/1.1" 304 -
101.83.145.37 - - [24/Jul/2023:08:33:18 +0800] "GET /xingrg/javascript/jquery_tools/datebox.css HTTP/1.1" 304 -
101.83.145.37 - - [24/Jul/2023:08:33:18 +0800] "GET /xingrg/javascript/easyui/themes/default/easyui.css HTTP/1.1" 304 -
101.83.145.37 - - [24/Jul/2023:08:33:18 +0800] "GET /xingrg/javascript/jquery_tools/fix.css HTTP/1.1" 304 -
101.83.145.37 - - [24/Jul/2023:08:33:18 +0800] "GET /xingrg/javascript/easyui/themes/icon.css HTTP/1.1" 304 -
116.238.191.126 - - [24/Jul/2023:08:33:18 +0800] "POST /xingrg/all/report/load_report_page.html HTTP/1.1" 200 145727
101.83.145.37 - - [24/Jul/2023:08:33:18 +0800] "GET /xingrg/javascript/jquery_tools/table.css HTTP/1.1" 304 -
101.83.145.37 - - [24/Jul/2023:08:33:18 +0800] "GET /xingrg/javascript/auto/jquery.autocomplete.css HTTP/1.1" 304 -
101.83.145.37 - - [24/Jul/2023:08:33:18 +0800] "GET /xingrg/javascript/auto/jquery.autocomplete.js HTTP/1.1" 304 -
101.83.145.37 - - [24/Jul/2023:08:33:18 +0800] "GET /xingrg/javascript/easyui/easyloader.js HTTP/1.1" 304 -
101.83.145.37 - - [24/Jul/2023:08:33:18 +0800] "GET /xingrg/javascript/jquery_tools/list_manager.js HTTP/1.1" 304 -
101.83.145.37 - - [24/Jul/2023:08:33:18 +0800] "GET /xingrg/javascript/print/LodopFuncs.js HTTP/1.1" 304 -
101.83.145.37 - - [24/Jul/2023:08:33:18 +0800] "GET /xingrg/javascript/jquery.cookie.js HTTP/1.1" 304 -
101.83.145.37 - - [24/Jul/2023:08:33:18 +0800] "GET /xingrg/javascript/jquery_tools/jquery.tools.extend.js HTTP/1.1" 304 -
101.83.145.37 - - [24/Jul/2023:08:33:18 +0800] "GET /xingrg/javascript/jquery_tools/jquery.tools.min.js HTTP/1.1" 304 -
101.83.145.37 - - [24/Jul/2023:08:33:18 +0800] "GET /xingrg/javascript/jquery_tools/jquery.tools.hotkey.js HTTP/1.1" 304 -
101.83.145.37 - - [24/Jul/2023:08:33:18 +0800] "GET /xingrg/javascript/jquery_tools/jquery.tools.table.js HTTP/1.1" 304 -
116.238.191.126 - - [24/Jul/2023:08:33:18 +0800] "GET /xingrg/servlets/image?cache=0.8322026970261933&image=px HTTP/1.1" 200 807
101.83.145.37 - - [24/Jul/2023:08:33:19 +0800] "GET /xingrg/javascript/easyui/themes/icons/edit_add_new.png HTTP/1.1" 304 -
101.83.145.37 - - [24/Jul/2023:08:33:19 +0800] "GET /xingrg/javascript/easyui/themes/icons/cance_new.png HTTP/1.1" 304 -
101.83.145.37 - - [24/Jul/2023:08:33:19 +0800] "GET /xingrg/javascript/easyui/themes/icons/import_new.png HTTP/1.1" 304 -
101.83.145.37 - - [24/Jul/2023:08:33:19 +0800] "GET /xingrg/javascript/easyui/themes/icons/field_new.png HTTP/1.1" 304 -
101.83.145.37 - - [24/Jul/2023:08:33:19 +0800] "GET /xingrg/javascript/easyui/themes/icons/check_new.png HTTP/1.1" 304 -
101.83.145.37 - - [24/Jul/2023:08:33:19 +0800] "GET /xingrg/javascript/easyui/plugins/jquery.parser.js HTTP/1.1" 304 -
101.83.145.37 - - [24/Jul/2023:08:33:19 +0800] "GET /xingrg/images/control/ajaxLoader.gif HTTP/1.1" 304 -
101.83.145.37 - - [24/Jul/2023:08:33:20 +0800] "GET /xingrg/kc/buy/cgsh_order_operate.html?command=get_materiel&rest_code=00105&code=00101006193&supplier_code=00100012&order_time=2023-07-24 HTTP/1.1" 200 409
101.83.145.37 - - [24/Jul/2023:08:33:21 +0800] "GET /xingrg/check_reg.html?_=1690158802036 HTTP/1.1" 200 22
101.83.145.37 - - [24/Jul/2023:08:33:21 +0800] "GET /xingrg/all/function/internal_message.html?_=1690158802039&CODE_STATE=getMsg HTTP/1.1" 200 27
101.83.145.37 - - [24/Jul/2023:08:33:22 +0800] "POST /xingrg/kc/buy/cgsh_list_operate.html HTTP/1.1" 200 986
101.83.145.37 - - [24/Jul/2023:08:33:24 +0800] "GET /xingrg/javascript/jquery_easy_ui/themes/default/images/tabs_active.png HTTP/1.1" 304 -
101.83.145.37 - - [24/Jul/2023:08:33:24 +0800] "GET /xingrg/javascript/easyui/themes/default/images/button_plain_hover.png HTTP/1.1" 304 -
101.83.145.37 - - [24/Jul/2023:08:33:26 +0800] "GET /xingrg/kc/buy/cgsh_order_add.html HTTP/1.1" 200 71806
101.83.145.37 - - [24/Jul/2023:08:33:26 +0800] "GET /xingrg/javascript/pic_change.js HTTP/1.1" 304 -
101.83.145.37 - - [24/Jul/2023:08:33:26 +0800] "GET /xingrg/javascript/jquery_tools/order_manager.js HTTP/1.1" 304 -
101.83.145.37 - - [24/Jul/2023:08:33:26 +0800] "GET /xingrg/javascript/convert.js HTTP/1.1" 304 -
101.83.145.37 - - [24/Jul/2023:08:33:26 +0800] "GET /xingrg/javascript/json2.js HTTP/1.1" 304 -
101.83.145.37 - - [24/Jul/2023:08:33:26 +0800] "GET /xingrg/javascript/print/kc_print.js HTTP/1.1" 304 -
101.83.145.37 - - [24/Jul/2023:08:33:26 +0800] "GET /xingrg/words/20230723174018_words.js HTTP/1.1" 200 974225
101.83.145.37 - - [24/Jul/2023:08:33:26 +0800] "GET /xingrg/javascript/easyui/themes/icons/copy_new.png HTTP/1.1" 304 -
101.83.145.37 - - [24/Jul/2023:08:33:26 +0800] "GET /xingrg/javascript/easyui/themes/icons/template_new.png HTTP/1.1" 304 -
101.83.145.37 - - [24/Jul/2023:08:33:26 +0800] "GET /xingrg/javascript/easyui/themes/icons/ok.png HTTP/1.1" 304 -
101.83.145.37 - - [24/Jul/2023:08:33:26 +0800] "GET /xingrg/javascript/easyui/themes/icons/print.png HTTP/1.1" 304 -
101.83.145.37 - - [24/Jul/2023:08:33:26 +0800] "GET /xingrg/javascript/easyui/themes/default/images/menu_downarrow.png HTTP/1.1" 304 -
101.83.145.37 - - [24/Jul/2023:08:33:26 +0800] "GET /xingrg/javascript/easyui/themes/icons/cancel.png HTTP/1.1" 304 -
101.83.145.37 - - [24/Jul/2023:08:33:26 +0800] "POST /xingrg/kc/buy/cgsh_order_operate.html HTTP/1.1" 200 8245
101.83.145.37 - - [24/Jul/2023:08:33:26 +0800] "GET /xingrg/javascript/easyui/themes/default/validatebox.css HTTP/1.1" 404 1104
101.83.145.37 - - [24/Jul/2023:08:33:26 +0800] "GET /xingrg/javascript/easyui/plugins/jquery.validatebox.js HTTP/1.1" 304 -
101.83.145.37 - - [24/Jul/2023:08:33:26 +0800] "GET /xingrg/javascript/easyui/plugins/jquery.numberbox.js HTTP/1.1" 304 -
101.83.145.37 - - [24/Jul/2023:08:33:26 +0800] "GET /xingrg/javascript/easyui/themes/icons/edit_remove.png HTTP/1.1" 304 -
101.83.145.37 - - [24/Jul/2023:08:33:26 +0800] "GET /xingrg/all/common/auto_word.html?type=employee&rest_code=00105 HTTP/1.1" 200 193
101.83.145.37 - - [24/Jul/2023:08:33:26 +0800] "GET /xingrg/all/common/auto_word.html?type=employee&rest_code=00105 HTTP/1.1" 200 193
101.83.145.37 - - [24/Jul/2023:08:33:28 +0800] "GET /xingrg/javascript/auto/indicator.gif HTTP/1.1" 404 1066
120.253.135.82 - - [24/Jul/2023:08:33:28 +0800] "POST /xingrg/kc/pszx/mdps_list_operate.html HTTP/1.1" 200 2813
114.85.113.108 - - [24/Jul/2023:08:33:36 +0800] "GET /xingrg/all/function/internal_message.html?_=1690158816243&CODE_STATE=getMsg HTTP/1.1" 302 -
120.253.135.82 - - [24/Jul/2023:08:33:44 +0800] "GET /xingrg/all/function/internal_message.html?_=1690158647377&CODE_STATE=getMsg HTTP/1.1" 200 27
101.83.145.37 - - [24/Jul/2023:08:33:45 +0800] "POST /xingrg/kc/buy/cgsh_order_operate.html HTTP/1.1" 200 37
222.70.180.90 - - [24/Jul/2023:08:33:45 +0800] "GET /xingrg/check_reg.html?_=1690158825599 HTTP/1.1" 200 22
222.70.180.90 - - [24/Jul/2023:08:33:45 +0800] "GET /xingrg/all/function/internal_message.html?_=1690158825600&CODE_STATE=getMsg HTTP/1.1" 200 27
101.83.145.37 - - [24/Jul/2023:08:33:48 +0800] "POST /xingrg/kc/buy/cgsh_order_operate.html HTTP/1.1" 200 3244
114.85.113.108 - - [24/Jul/2023:08:33:50 +0800] "GET /xingrg/check_reg.html?_=1690158830183 HTTP/1.1" 302 -
101.83.145.37 - - [24/Jul/2023:08:33:51 +0800] "GET /xingrg/kc/print/load_config.html?kc_code=cgsh HTTP/1.1" 200 1924
101.83.145.37 - - [24/Jul/2023:08:33:52 +0800] "GET /xingrg/kc/print/load_data.html?order_code=212023072409416&kc_code=cgsh&condition= HTTP/1.1" 200 978
218.81.68.40 - - [24/Jul/2023:08:33:53 +0800] "GET /xingrg/all/function/internal_message.html?_=1690158831342&CODE_STATE=getMsg HTTP/1.1" 200 27
101.83.145.37 - - [24/Jul/2023:08:33:56 +0800] "GET /xingrg/all/function/internal_message.html?_=1690158646249&CODE_STATE=getMsg HTTP/1.1" 200 27
116.238.191.126 - - [24/Jul/2023:08:33:57 +0800] "GET /xingrg/check_reg.html?_=1690158836573 HTTP/1.1" 302 -
116.238.191.126 - - [24/Jul/2023:08:33:57 +0800] "GET /xingrg/login.html HTTP/1.1" 200 7641
120.253.135.82 - - [24/Jul/2023:08:33:58 +0800] "POST /xingrg/kc/pszx/mdps_list_operate.html HTTP/1.1" 200 309
120.253.135.82 - - [24/Jul/2023:08:33:59 +0800] "GET /xingrg/kc/pszx/mdps_order_info.html?code=312023072300519 HTTP/1.1" 200 23978
120.253.135.82 - - [24/Jul/2023:08:33:59 +0800] "GET /xingrg/javascript/convert.js HTTP/1.1" 304 -
120.253.135.82 - - [24/Jul/2023:08:33:59 +0800] "GET /xingrg/javascript/jquery_tools/order_manager.js HTTP/1.1" 304 -
120.253.135.82 - - [24/Jul/2023:08:33:59 +0800] "GET /xingrg/javascript/print/kc_print.js HTTP/1.1" 304 -
120.253.135.82 - - [24/Jul/2023:08:33:59 +0800] "GET /xingrg/javascript/json2.js HTTP/1.1" 304 -
120.253.135.82 - - [24/Jul/2023:08:33:59 +0800] "GET /xingrg/words/20230723174018_words.js HTTP/1.1" 304 -
120.253.135.82 - - [24/Jul/2023:08:34:00 +0800] "GET /xingrg/javascript/easyui/themes/default/validatebox.css HTTP/1.1" 404 1104
120.253.135.82 - - [24/Jul/2023:08:34:00 +0800] "GET /xingrg/javascript/easyui/plugins/jquery.validatebox.js HTTP/1.1" 304 -
120.253.135.82 - - [24/Jul/2023:08:34:00 +0800] "GET /xingrg/javascript/easyui/plugins/jquery.numberbox.js HTTP/1.1" 304 -
120.253.135.82 - - [24/Jul/2023:08:34:00 +0800] "GET /xingrg/all/common/auto_word.html?type=base&rest_code=00101 HTTP/1.1" 200 671
120.253.135.82 - - [24/Jul/2023:08:34:01 +0800] "POST /xingrg/kc/pszx/mdps_order_operate.html HTTP/1.1" 200 2837
116.238.191.126 - - [24/Jul/2023:08:34:04 +0800] "GET /xingrg/all/function/internal_message.html?_=1690158732808&CODE_STATE=getMsg HTTP/1.1" 200 27
120.253.135.82 - - [24/Jul/2023:08:34:05 +0800] "POST /xingrg/kc/pszx/mdps_order_operate.html HTTP/1.1" 200 37
222.70.245.33 - - [24/Jul/2023:08:34:09 +0800] "GET /xingrg/all/function/internal_message.html?_=1690158850728&CODE_STATE=getMsg HTTP/1.1" 200 27
120.253.135.82 - - [24/Jul/2023:08:34:11 +0800] "POST /xingrg/kc/pszx/mdps_order_operate.html HTTP/1.1" 200 12
116.238.191.126 - - [24/Jul/2023:08:34:14 +0800] "POST /xingrg/dwr/call/plaincall/AjaxReportQueryService.refreshCache.dwr HTTP/1.1" 200 78
58.40.7.146 - - [24/Jul/2023:08:34:15 +0800] "GET /xingrg/all/function/internal_message.html?_=1690158855227&CODE_STATE=getMsg HTTP/1.1" 302 -
120.253.135.82 - - [24/Jul/2023:08:34:17 +0800] "GET /xingrg/kc/pszx/mdps_order_info.html?code=312023072300519 HTTP/1.1" 200 19638
120.253.135.82 - - [24/Jul/2023:08:34:17 +0800] "GET /xingrg/javascript/easyui/themes/default/validatebox.css HTTP/1.1" 404 1104
120.253.135.82 - - [24/Jul/2023:08:34:18 +0800] "POST /xingrg/kc/pszx/mdps_order_operate.html HTTP/1.1" 200 1053
116.238.191.126 - - [24/Jul/2023:08:34:19 +0800] "POST /xingrg/all/report/load_report_page.html HTTP/1.1" 200 58675
116.238.191.126 - - [24/Jul/2023:08:34:19 +0800] "GET /xingrg/servlets/image?cache=0.4450363561477614&image=px HTTP/1.1" 200 807
101.83.145.37 - - [24/Jul/2023:08:34:21 +0800] "GET /xingrg/all/function/internal_message.html?_=1690158862007&CODE_STATE=getMsg HTTP/1.1" 200 27
120.253.135.82 - - [24/Jul/2023:08:34:28 +0800] "POST /xingrg/kc/pszx/mdps_list_operate.html HTTP/1.1" 200 606
120.253.135.82 - - [24/Jul/2023:08:34:30 +0800] "GET /xingrg/kc/pszx/mdps_order_info.html?code=312023072300515 HTTP/1.1" 200 23978
120.253.135.82 - - [24/Jul/2023:08:34:30 +0800] "GET /xingrg/javascript/easyui/themes/default/validatebox.css HTTP/1.1" 404 1104
120.253.135.82 - - [24/Jul/2023:08:34:31 +0800] "POST /xingrg/kc/pszx/mdps_order_operate.html HTTP/1.1" 200 16021
114.85.113.108 - - [24/Jul/2023:08:34:36 +0800] "GET /xingrg/all/function/internal_message.html?_=1690158876229&CODE_STATE=getMsg HTTP/1.1" 302 -
120.253.135.82 - - [24/Jul/2023:08:34:37 +0800] "POST /xingrg/kc/pszx/mdps_order_operate.html HTTP/1.1" 200 37
101.83.145.37 - - [24/Jul/2023:08:34:38 +0800] "GET /xingrg/kc/buy/cgsh_order_operate.html?command=get_materiel&rest_code=00105&code=00101008356&supplier_code=00100203&order_time=2023-07-24 HTTP/1.1" 200 408
120.253.135.82 - - [24/Jul/2023:08:34:44 +0800] "GET /xingrg/all/function/internal_message.html?_=1690158707397&CODE_STATE=getMsg HTTP/1.1" 200 27
222.70.180.90 - - [24/Jul/2023:08:34:45 +0800] "GET /xingrg/all/function/internal_message.html?_=1690158885599&CODE_STATE=getMsg HTTP/1.1" 200 27
120.253.135.82 - - [24/Jul/2023:08:34:47 +0800] "POST /xingrg/kc/pszx/mdps_order_operate.html HTTP/1.1" 200 12
218.81.68.40 - - [24/Jul/2023:08:34:53 +0800] "GET /xingrg/all/function/internal_message.html?_=1690158891341&CODE_STATE=getMsg HTTP/1.1" 200 27
101.83.145.37 - - [24/Jul/2023:08:34:56 +0800] "GET /xingrg/all/function/internal_message.html?_=1690158706219&CODE_STATE=getMsg HTTP/1.1" 200 27
101.83.145.37 - - [24/Jul/2023:08:34:56 +0800] "GET /xingrg/kc/buy/cgsh_order_operate.html?command=get_materiel&rest_code=00105&code=00101008230&supplier_code=00100203&order_time=2023-07-24 HTTP/1.1" 200 408
120.253.135.82 - - [24/Jul/2023:08:34:56 +0800] "GET /xingrg/kc/pszx/mdps_order_info.html?code=312023072300515 HTTP/1.1" 200 19638
120.253.135.82 - - [24/Jul/2023:08:34:57 +0800] "GET /xingrg/javascript/easyui/themes/default/validatebox.css HTTP/1.1" 404 1104
120.253.135.82 - - [24/Jul/2023:08:34:57 +0800] "POST /xingrg/kc/pszx/mdps_order_operate.html HTTP/1.1" 200 14133
120.253.135.82 - - [24/Jul/2023:08:34:59 +0800] "POST /xingrg/kc/pszx/mdps_list_operate.html HTTP/1.1" 200 2069
120.253.135.82 - - [24/Jul/2023:08:35:00 +0800] "POST /xingrg/kc/pszx/mdps_list_operate.html HTTP/1.1" 200 623
120.253.135.82 - - [24/Jul/2023:08:35:02 +0800] "GET /xingrg/kc/pszx/mdps_order_info.html?code=312023072300516 HTTP/1.1" 200 23982
120.253.135.82 - - [24/Jul/2023:08:35:02 +0800] "GET /xingrg/javascript/easyui/themes/default/validatebox.css HTTP/1.1" 404 1104
120.253.135.82 - - [24/Jul/2023:08:35:03 +0800] "POST /xingrg/kc/pszx/mdps_order_operate.html HTTP/1.1" 200 5817
116.238.191.126 - - [24/Jul/2023:08:35:04 +0800] "GET /xingrg/all/function/internal_message.html?_=1690158792821&CODE_STATE=getMsg HTTP/1.1" 200 27
101.83.145.37 - - [24/Jul/2023:08:35:06 +0800] "GET /xingrg/kc/buy/cgsh_order_operate.html?command=get_materiel&rest_code=00105&code=00101008286&supplier_code=00100203&order_time=2023-07-24 HTTP/1.1" 200 408
120.253.135.82 - - [24/Jul/2023:08:35:07 +0800] "POST /xingrg/kc/pszx/mdps_order_operate.html HTTP/1.1" 200 37
222.70.245.33 - - [24/Jul/2023:08:35:09 +0800] "GET /xingrg/all/function/internal_message.html?_=1690158910734&CODE_STATE=getMsg HTTP/1.1" 200 27
58.40.7.146 - - [24/Jul/2023:08:35:15 +0800] "GET /xingrg/all/function/internal_message.html?_=1690158915229&CODE_STATE=getMsg HTTP/1.1" 302 -
120.253.135.82 - - [24/Jul/2023:08:35:15 +0800] "POST /xingrg/kc/pszx/mdps_order_operate.html HTTP/1.1" 200 12
120.253.135.82 - - [24/Jul/2023:08:35:18 +0800] "GET /xingrg/kc/pszx/mdps_order_info.html?code=312023072300516 HTTP/1.1" 200 19642
120.253.135.82 - - [24/Jul/2023:08:35:19 +0800] "GET /xingrg/javascript/easyui/themes/default/validatebox.css HTTP/1.1" 404 1104
120.253.135.82 - - [24/Jul/2023:08:35:19 +0800] "POST /xingrg/kc/pszx/mdps_order_operate.html HTTP/1.1" 200 4003
101.83.145.37 - - [24/Jul/2023:08:35:20 +0800] "GET /xingrg/kc/buy/cgsh_order_operate.html?command=get_materiel&rest_code=00105&code=00101008275&supplier_code=00100203&order_time=2023-07-24 HTTP/1.1" 200 416
101.83.145.37 - - [24/Jul/2023:08:35:21 +0800] "GET /xingrg/all/function/internal_message.html?_=1690158922018&CODE_STATE=getMsg HTTP/1.1" 200 27
120.253.135.82 - - [24/Jul/2023:08:35:29 +0800] "POST /xingrg/kc/pszx/mdps_list_operate.html HTTP/1.1" 200 1690
101.83.145.37 - - [24/Jul/2023:08:35:31 +0800] "GET /xingrg/kc/buy/cgsh_order_operate.html?command=get_materiel&rest_code=00105&code=00101008091&supplier_code=00100203&order_time=2023-07-24 HTTP/1.1" 200 413
114.85.113.108 - - [24/Jul/2023:08:35:36 +0800] "GET /xingrg/all/function/internal_message.html?_=1690158936215&CODE_STATE=getMsg HTTP/1.1" 302 -
120.253.135.82 - - [24/Jul/2023:08:35:44 +0800] "GET /xingrg/all/function/internal_message.html?_=1690158767405&CODE_STATE=getMsg HTTP/1.1" 200 27
120.253.135.82 - - [24/Jul/2023:08:35:45 +0800] "POST /xingrg/kc/pszx/mdps_list_operate.html HTTP/1.1" 200 3547
222.70.180.90 - - [24/Jul/2023:08:35:45 +0800] "GET /xingrg/all/function/internal_message.html?_=1690158945599&CODE_STATE=getMsg HTTP/1.1" 200 27
101.83.145.37 - - [24/Jul/2023:08:35:49 +0800] "GET /xingrg/kc/buy/cgsh_order_operate.html?command=get_materiel&rest_code=00105&code=00101008026&supplier_code=00100203&order_time=2023-07-24 HTTP/1.1" 200 409
120.253.135.82 - - [24/Jul/2023:08:35:50 +0800] "POST /xingrg/kc/pszx/mdps_list_operate.html HTTP/1.1" 200 218
120.253.135.82 - - [24/Jul/2023:08:35:52 +0800] "GET /xingrg/kc/pszx/mdps_order_info.html?code=312023072400523 HTTP/1.1" 200 23978
120.253.135.82 - - [24/Jul/2023:08:35:52 +0800] "GET /xingrg/javascript/easyui/themes/default/validatebox.css HTTP/1.1" 404 1104
218.81.68.40 - - [24/Jul/2023:08:35:53 +0800] "GET /xingrg/all/function/internal_message.html?_=1690158951341&CODE_STATE=getMsg HTTP/1.1" 200 27
120.253.135.82 - - [24/Jul/2023:08:35:53 +0800] "POST /xingrg/kc/pszx/mdps_order_operate.html HTTP/1.1" 200 2319
101.83.145.37 - - [24/Jul/2023:08:35:56 +0800] "GET /xingrg/all/function/internal_message.html?_=1690158766194&CODE_STATE=getMsg HTTP/1.1" 200 27
120.253.135.82 - - [24/Jul/2023:08:35:57 +0800] "POST /xingrg/kc/pszx/mdps_order_operate.html HTTP/1.1" 200 37
120.253.135.82 - - [24/Jul/2023:08:36:03 +0800] "POST /xingrg/kc/pszx/mdps_order_operate.html HTTP/1.1" 200 12
101.83.145.37 - - [24/Jul/2023:08:36:09 +0800] "GET /xingrg/kc/buy/cgsh_order_operate.html?command=get_materiel&rest_code=00105&code=00101008038&supplier_code=00100203&order_time=2023-07-24 HTTP/1.1" 200 412
222.70.245.33 - - [24/Jul/2023:08:36:09 +0800] "GET /xingrg/all/function/internal_message.html?_=1690158970759&CODE_STATE=getMsg HTTP/1.1" 200 27
120.253.135.82 - - [24/Jul/2023:08:36:11 +0800] "GET /xingrg/kc/pszx/mdps_order_info.html?code=312023072400523 HTTP/1.1" 200 19638
120.253.135.82 - - [24/Jul/2023:08:36:12 +0800] "GET /xingrg/javascript/easyui/themes/default/validatebox.css HTTP/1.1" 404 1104
120.253.135.82 - - [24/Jul/2023:08:36:12 +0800] "POST /xingrg/kc/pszx/mdps_order_operate.html HTTP/1.1" 200 539
120.253.135.82 - - [24/Jul/2023:08:36:13 +0800] "POST /xingrg/kc/pszx/mdps_list_operate.html HTTP/1.1" 200 3176
58.40.7.146 - - [24/Jul/2023:08:36:15 +0800] "GET /xingrg/all/function/internal_message.html?_=1690158975217&CODE_STATE=getMsg HTTP/1.1" 302 -
120.253.135.82 - - [24/Jul/2023:08:36:16 +0800] "POST /xingrg/kc/pszx/mdps_list_operate.html HTTP/1.1" 200 202
120.253.135.82 - - [24/Jul/2023:08:36:18 +0800] "GET /xingrg/kc/pszx/mdps_order_info.html?code=312023072300512 HTTP/1.1" 200 23976
120.253.135.82 - - [24/Jul/2023:08:36:18 +0800] "GET /xingrg/javascript/easyui/themes/default/validatebox.css HTTP/1.1" 404 1104
101.83.145.37 - - [24/Jul/2023:08:36:18 +0800] "GET /xingrg/kc/buy/cgsh_order_operate.html?command=get_materiel&rest_code=00105&code=00101008283&supplier_code=00100203&order_time=2023-07-24 HTTP/1.1" 200 408
120.253.135.82 - - [24/Jul/2023:08:36:19 +0800] "POST /xingrg/kc/pszx/mdps_order_operate.html HTTP/1.1" 200 2285
101.83.145.37 - - [24/Jul/2023:08:36:21 +0800] "GET /xingrg/all/function/internal_message.html?_=1690158982015&CODE_STATE=getMsg HTTP/1.1" 200 27
120.253.135.82 - - [24/Jul/2023:08:36:23 +0800] "POST /xingrg/kc/pszx/mdps_order_operate.html HTTP/1.1" 200 37
120.253.135.82 - - [24/Jul/2023:08:36:30 +0800] "POST /xingrg/kc/pszx/mdps_order_operate.html HTTP/1.1" 200 12
101.83.145.37 - - [24/Jul/2023:08:36:30 +0800] "GET /xingrg/kc/buy/cgsh_order_operate.html?command=get_materiel&rest_code=00105&code=00101008163&supplier_code=00100203&order_time=2023-07-24 HTTP/1.1" 200 409
120.253.135.82 - - [24/Jul/2023:08:36:33 +0800] "GET /xingrg/kc/pszx/mdps_order_info.html?code=312023072300512 HTTP/1.1" 200 19636
120.253.135.82 - - [24/Jul/2023:08:36:34 +0800] "GET /xingrg/javascript/easyui/themes/default/validatebox.css HTTP/1.1" 404 1104
120.253.135.82 - - [24/Jul/2023:08:36:34 +0800] "POST /xingrg/kc/pszx/mdps_order_operate.html HTTP/1.1" 200 506
120.253.135.82 - - [24/Jul/2023:08:36:35 +0800] "POST /xingrg/kc/pszx/mdps_list_operate.html HTTP/1.1" 200 2807
114.85.113.108 - - [24/Jul/2023:08:36:36 +0800] "GET /xingrg/all/function/internal_message.html?_=1690158996210&CODE_STATE=getMsg HTTP/1.1" 302 -
120.253.135.82 - - [24/Jul/2023:08:36:38 +0800] "POST /xingrg/kc/pszx/mdps_list_operate.html HTTP/1.1" 200 614
101.83.145.37 - - [24/Jul/2023:08:36:39 +0800] "GET /xingrg/kc/buy/cgsh_order_operate.html?command=get_materiel&rest_code=00105&code=00101008361&supplier_code=00100203&order_time=2023-07-24 HTTP/1.1" 200 408
120.253.135.82 - - [24/Jul/2023:08:36:39 +0800] "GET /xingrg/kc/pszx/mdps_order_info.html?code=312023072300513 HTTP/1.1" 200 23978
120.253.135.82 - - [24/Jul/2023:08:36:39 +0800] "GET /xingrg/javascript/easyui/themes/default/validatebox.css HTTP/1.1" 404 1104
120.253.135.82 - - [24/Jul/2023:08:36:40 +0800] "POST /xingrg/kc/pszx/mdps_order_operate.html HTTP/1.1" 200 5320
120.253.135.82 - - [24/Jul/2023:08:36:44 +0800] "GET /xingrg/all/function/internal_message.html?_=1690158827418&CODE_STATE=getMsg HTTP/1.1" 200 27
120.253.135.82 - - [24/Jul/2023:08:36:45 +0800] "POST /xingrg/kc/pszx/mdps_order_operate.html HTTP/1.1" 200 37
222.70.180.90 - - [24/Jul/2023:08:36:45 +0800] "GET /xingrg/all/function/internal_message.html?_=1690159005598&CODE_STATE=getMsg HTTP/1.1" 200 27
120.253.135.82 - - [24/Jul/2023:08:36:51 +0800] "POST /xingrg/kc/pszx/mdps_order_operate.html HTTP/1.1" 200 12
218.81.68.40 - - [24/Jul/2023:08:36:53 +0800] "GET /xingrg/all/function/internal_message.html?_=1690159011341&CODE_STATE=getMsg HTTP/1.1" 200 27
120.253.135.82 - - [24/Jul/2023:08:36:54 +0800] "GET /xingrg/kc/pszx/mdps_order_info.html?code=312023072300513 HTTP/1.1" 200 19638
120.253.135.82 - - [24/Jul/2023:08:36:54 +0800] "GET /xingrg/javascript/easyui/themes/default/validatebox.css HTTP/1.1" 404 1104
120.253.135.82 - - [24/Jul/2023:08:36:55 +0800] "POST /xingrg/kc/pszx/mdps_order_operate.html HTTP/1.1" 200 3515
101.83.145.37 - - [24/Jul/2023:08:36:56 +0800] "GET /xingrg/check_reg.html?_=1690158826195 HTTP/1.1" 200 22
101.83.145.37 - - [24/Jul/2023:08:36:56 +0800] "GET /xingrg/all/function/internal_message.html?_=1690158826198&CODE_STATE=getMsg HTTP/1.1" 200 27
101.83.145.37 - - [24/Jul/2023:08:36:56 +0800] "GET /xingrg/kc/buy/cgsh_order_operate.html?command=get_materiel&rest_code=00105&code=00101008372&supplier_code=00100203&order_time=2023-07-24 HTTP/1.1" 200 408
120.253.135.82 - - [24/Jul/2023:08:36:57 +0800] "POST /xingrg/kc/pszx/mdps_list_operate.html HTTP/1.1" 200 2435
222.70.245.33 - - [24/Jul/2023:08:36:58 +0800] "GET /xingrg/check_reg.html?_=1690159019892 HTTP/1.1" 200 22
101.83.145.37 - - [24/Jul/2023:08:37:08 +0800] "GET /xingrg/kc/buy/cgsh_order_operate.html?command=get_materiel&rest_code=00105&code=00101008264&supplier_code=00100203&order_time=2023-07-24 HTTP/1.1" 200 412
222.70.245.33 - - [24/Jul/2023:08:37:09 +0800] "GET /xingrg/all/function/internal_message.html?_=1690159030761&CODE_STATE=getMsg HTTP/1.1" 200 27
120.253.135.82 - - [24/Jul/2023:08:37:10 +0800] "POST /xingrg/kc/pszx/mdps_list_operate.html HTTP/1.1" 200 613
58.40.7.146 - - [24/Jul/2023:08:37:15 +0800] "GET /xingrg/all/function/internal_message.html?_=1690159035218&CODE_STATE=getMsg HTTP/1.1" 302 -
120.253.135.82 - - [24/Jul/2023:08:37:15 +0800] "GET /xingrg/kc/pszx/mdps_order_info.html?code=312023072300511 HTTP/1.1" 200 23978
120.253.135.82 - - [24/Jul/2023:08:37:15 +0800] "GET /xingrg/javascript/easyui/themes/default/validatebox.css HTTP/1.1" 404 1104
120.253.135.82 - - [24/Jul/2023:08:37:16 +0800] "POST /xingrg/kc/pszx/mdps_order_operate.html HTTP/1.1" 200 12849
101.83.145.37 - - [24/Jul/2023:08:37:17 +0800] "GET /xingrg/kc/buy/cgsh_order_operate.html?command=get_materiel&rest_code=00105&code=00101008137&supplier_code=00100203&order_time=2023-07-24 HTTP/1.1" 200 408
101.83.145.37 - - [24/Jul/2023:08:37:21 +0800] "GET /xingrg/all/function/internal_message.html?_=1690159042053&CODE_STATE=getMsg HTTP/1.1" 200 27
101.83.145.37 - - [24/Jul/2023:08:37:28 +0800] "GET /xingrg/kc/buy/cgsh_order_operate.html?command=get_materiel&rest_code=00105&code=00101008196&supplier_code=00100203&order_time=2023-07-24 HTTP/1.1" 200 416
120.253.135.82 - - [24/Jul/2023:08:37:32 +0800] "POST /xingrg/kc/pszx/mdps_order_operate.html HTTP/1.1" 200 37
114.85.113.108 - - [24/Jul/2023:08:37:36 +0800] "GET /xingrg/all/function/internal_message.html?_=1690159056210&CODE_STATE=getMsg HTTP/1.1" 302 -
101.83.145.37 - - [24/Jul/2023:08:37:37 +0800] "GET /xingrg/kc/buy/cgsh_order_operate.html?command=get_materiel&rest_code=00105&code=00101008197&supplier_code=00100203&order_time=2023-07-24 HTTP/1.1" 200 416
120.253.135.82 - - [24/Jul/2023:08:37:40 +0800] "POST /xingrg/kc/pszx/mdps_order_operate.html HTTP/1.1" 200 12
222.70.180.90 - - [24/Jul/2023:08:37:45 +0800] "GET /xingrg/all/function/internal_message.html?_=1690159065598&CODE_STATE=getMsg HTTP/1.1" 200 27
120.253.135.82 - - [24/Jul/2023:08:37:47 +0800] "GET /xingrg/kc/pszx/mdps_order_info.html?code=312023072300511 HTTP/1.1" 200 19638
120.253.135.82 - - [24/Jul/2023:08:37:47 +0800] "GET /xingrg/check_reg.html?_=1690158890463 HTTP/1.1" 200 22
120.253.135.82 - - [24/Jul/2023:08:37:47 +0800] "GET /xingrg/all/function/internal_message.html?_=1690158890464&CODE_STATE=getMsg HTTP/1.1" 200 27
120.253.135.82 - - [24/Jul/2023:08:37:47 +0800] "GET /xingrg/javascript/easyui/themes/default/validatebox.css HTTP/1.1" 404 1104
101.83.145.37 - - [24/Jul/2023:08:37:48 +0800] "GET /xingrg/kc/buy/cgsh_order_operate.html?command=get_materiel&rest_code=00105&code=00101008069&supplier_code=00100203&order_time=2023-07-24 HTTP/1.1" 200 412
120.253.135.82 - - [24/Jul/2023:08:37:48 +0800] "POST /xingrg/kc/pszx/mdps_order_operate.html HTTP/1.1" 200 10983
120.253.135.82 - - [24/Jul/2023:08:37:51 +0800] "POST /xingrg/kc/pszx/mdps_list_operate.html HTTP/1.1" 200 2063
218.81.68.40 - - [24/Jul/2023:08:37:53 +0800] "GET /xingrg/check_reg.html?_=1690159071341 HTTP/1.1" 200 22
218.81.68.40 - - [24/Jul/2023:08:37:53 +0800] "GET /xingrg/all/function/internal_message.html?_=1690159071344&CODE_STATE=getMsg HTTP/1.1" 200 27
101.83.145.37 - - [24/Jul/2023:08:37:56 +0800] "GET /xingrg/kc/buy/cgsh_order_operate.html?command=get_materiel&rest_code=00105&code=00101008131&supplier_code=00100203&order_time=2023-07-24 HTTP/1.1" 200 409
101.83.145.37 - - [24/Jul/2023:08:37:56 +0800] "GET /xingrg/all/function/internal_message.html?_=1690158886198&CODE_STATE=getMsg HTTP/1.1" 200 27
120.253.135.82 - - [24/Jul/2023:08:37:58 +0800] "POST /xingrg/kc/pszx/mdps_list_operate.html HTTP/1.1" 200 611
120.253.135.82 - - [24/Jul/2023:08:38:00 +0800] "GET /xingrg/kc/pszx/mdps_order_info.html?code=312023072300514 HTTP/1.1" 200 23978
120.253.135.82 - - [24/Jul/2023:08:38:00 +0800] "GET /xingrg/javascript/easyui/themes/default/validatebox.css HTTP/1.1" 404 1104
120.253.135.82 - - [24/Jul/2023:08:38:01 +0800] "POST /xingrg/kc/pszx/mdps_order_operate.html HTTP/1.1" 200 5275
101.83.145.37 - - [24/Jul/2023:08:38:05 +0800] "GET /xingrg/kc/buy/cgsh_order_operate.html?command=get_materiel&rest_code=00105&code=00101008318&supplier_code=00100203&order_time=2023-07-24 HTTP/1.1" 200 408
120.253.135.82 - - [24/Jul/2023:08:38:06 +0800] "POST /xingrg/kc/pszx/mdps_order_operate.html HTTP/1.1" 200 37
222.70.245.33 - - [24/Jul/2023:08:38:09 +0800] "GET /xingrg/all/function/internal_message.html?_=1690159090776&CODE_STATE=getMsg HTTP/1.1" 200 27
120.253.135.82 - - [24/Jul/2023:08:38:12 +0800] "POST /xingrg/kc/pszx/mdps_order_operate.html HTTP/1.1" 200 12
101.83.145.37 - - [24/Jul/2023:08:38:13 +0800] "GET /xingrg/kc/buy/cgsh_order_operate.html?command=get_materiel&rest_code=00105&code=00101008352&supplier_code=00100203&order_time=2023-07-24 HTTP/1.1" 200 412
101.83.145.37 - - [24/Jul/2023:08:38:13 +0800] "GET /xingrg/javascript/jquery_easy_ui/themes/default/images/tabs_active.png HTTP/1.1" 304 -
58.40.7.146 - - [24/Jul/2023:08:38:15 +0800] "GET /xingrg/all/function/internal_message.html?_=1690159095220&CODE_STATE=getMsg HTTP/1.1" 302 -
58.40.7.146 - - [24/Jul/2023:08:38:15 +0800] "GET /xingrg/check_reg.html?_=1690159095221 HTTP/1.1" 302 -
101.83.145.37 - - [24/Jul/2023:08:38:21 +0800] "GET /xingrg/check_reg.html?_=1690159102025 HTTP/1.1" 200 22
101.83.145.37 - - [24/Jul/2023:08:38:21 +0800] "GET /xingrg/all/function/internal_message.html?_=1690159102022&CODE_STATE=getMsg HTTP/1.1" 200 27
101.83.145.37 - - [24/Jul/2023:08:38:22 +0800] "GET /xingrg/kc/buy/cgsh_order_operate.html?command=get_materiel&rest_code=00105&code=00101008353&supplier_code=00100203&order_time=2023-07-24 HTTP/1.1" 200 408
101.83.145.37 - - [24/Jul/2023:08:38:23 +0800] "GET /xingrg/kc/buy/buy_main.html HTTP/1.1" 200 12412
101.83.145.37 - - [24/Jul/2023:08:38:23 +0800] "GET /xingrg/css/new_ie.css HTTP/1.1" 404 1036
101.83.145.37 - - [24/Jul/2023:08:38:23 +0800] "POST /xingrg/kc/buy/cgsh_order_operate.html HTTP/1.1" 200 2065
101.83.145.37 - - [24/Jul/2023:08:38:24 +0800] "GET /xingrg/images/yd/bt.gif HTTP/1.1" 404 1040
101.83.145.37 - - [24/Jul/2023:08:38:25 +0800] "POST /xingrg/kc/buy/cgsh_order_operate.html HTTP/1.1" 200 2065
101.83.145.37 - - [24/Jul/2023:08:38:26 +0800] "GET /xingrg/kc/buy/cgsh_order_list.html HTTP/1.1" 200 55942
101.83.145.37 - - [24/Jul/2023:08:38:28 +0800] "POST /xingrg/kc/buy/cgsh_order_operate.html HTTP/1.1" 200 2065
101.83.145.37 - - [24/Jul/2023:08:38:31 +0800] "POST /xingrg/kc/buy/cgsh_list_operate.html HTTP/1.1" 200 1858
114.85.113.108 - - [24/Jul/2023:08:38:36 +0800] "GET /xingrg/all/function/internal_message.html?_=1690159116179&CODE_STATE=getMsg HTTP/1.1" 302 -
101.83.145.37 - - [24/Jul/2023:08:38:37 +0800] "GET /xingrg/kc/buy/cgsh_order_operate.html?command=get_materiel&rest_code=00105&code=00101008185&supplier_code=00100203&order_time=2023-07-24 HTTP/1.1" 200 408
222.70.180.90 - - [24/Jul/2023:08:38:45 +0800] "GET /xingrg/all/function/internal_message.html?_=1690159125624&CODE_STATE=getMsg HTTP/1.1" 200 27
222.70.180.90 - - [24/Jul/2023:08:38:45 +0800] "GET /xingrg/check_reg.html?_=1690159125627 HTTP/1.1" 200 22
101.83.145.37 - - [24/Jul/2023:08:38:49 +0800] "GET /xingrg/kc/buy/cgsh_order_operate.html?command=get_materiel&rest_code=00105&code=00101015038&supplier_code=00100203&order_time=2023-07-24 HTTP/1.1" 200 418
120.253.135.82 - - [24/Jul/2023:08:38:50 +0800] "GET /xingrg/kc/pszx/mdps_order_info.html?code=312023072300514 HTTP/1.1" 200 19638
114.85.113.108 - - [24/Jul/2023:08:38:50 +0800] "GET /xingrg/check_reg.html?_=1690159130191 HTTP/1.1" 302 -
120.253.135.82 - - [24/Jul/2023:08:38:50 +0800] "GET /xingrg/all/function/internal_message.html?_=1690158953818&CODE_STATE=getMsg HTTP/1.1" 200 27
120.253.135.82 - - [24/Jul/2023:08:38:50 +0800] "GET /xingrg/javascript/easyui/themes/default/validatebox.css HTTP/1.1" 404 1104
120.253.135.82 - - [24/Jul/2023:08:38:51 +0800] "POST /xingrg/kc/pszx/mdps_order_operate.html HTTP/1.1" 200 3466
120.253.135.82 - - [24/Jul/2023:08:38:52 +0800] "POST /xingrg/kc/pszx/mdps_list_operate.html HTTP/1.1" 200 1690
