116.238.191.126 - - [24/Jul/2023:09:23:32 +0800] "GET /xingrg/javascript/easyui/themes/default/validatebox.css HTTP/1.1" 404 1104
116.238.191.126 - - [24/Jul/2023:09:23:32 +0800] "GET /xingrg/all/common/auto_word.html?type=base&rest_code=00150 HTTP/1.1" 200 1853
114.85.113.108 - - [24/Jul/2023:09:23:35 +0800] "GET /xingrg/all/function/internal_message.html?_=1690161815458&CODE_STATE=getMsg HTTP/1.1" 302 -
116.238.191.126 - - [24/Jul/2023:09:23:37 +0800] "POST /xingrg/kc/buy/cgsh_order_operate.html HTTP/1.1" 200 37
222.70.180.90 - - [24/Jul/2023:09:23:38 +0800] "GET /xingrg/all/function/internal_message.html?_=1690161817906&CODE_STATE=getMsg HTTP/1.1" 200 27
116.238.191.126 - - [24/Jul/2023:09:23:39 +0800] "POST /xingrg/kc/buy/cgsh_order_operate.html HTTP/1.1" 200 5628
116.232.195.127 - - [24/Jul/2023:09:23:39 +0800] "GET /xingrg/all/function/internal_message.html?_=1690161780568&CODE_STATE=getMsg HTTP/1.1" 200 27
116.238.191.126 - - [24/Jul/2023:09:23:39 +0800] "GET /xingrg/all/function/internal_message.html?_=1690161819182&CODE_STATE=getMsg HTTP/1.1" 200 27
116.238.191.126 - - [24/Jul/2023:09:23:40 +0800] "GET /xingrg/kc/base/wldb_order_operate.html?command=get_materiel&rest_code=00150&base_code=0010445&code=00101019212 HTTP/1.1" 200 464
114.83.223.42 - - [24/Jul/2023:09:23:42 +0800] "GET /xingrg/kc/buy/cgsh_order_operate.html?command=get_materiel&rest_code=00149&code=00101008131&supplier_code=00100008&order_time=2023-07-24 HTTP/1.1" 200 409
222.70.245.33 - - [24/Jul/2023:09:23:45 +0800] "GET /xingrg/check_reg.html?_=1690161826499 HTTP/1.1" 200 22
222.70.245.33 - - [24/Jul/2023:09:23:45 +0800] "GET /xingrg/all/function/internal_message.html?_=1690161826674&CODE_STATE=getMsg HTTP/1.1" 200 27
116.238.191.126 - - [24/Jul/2023:09:23:46 +0800] "GET /xingrg/kc/buy/cgsh_order_operate.html?command=get_materiel&rest_code=00150&code=00101007061&supplier_code=00100096&order_time=2023-07-24 HTTP/1.1" 200 409
116.238.191.126 - - [24/Jul/2023:09:23:47 +0800] "GET /xingrg/kc/base/wldb_order_operate.html?command=get_materiel&rest_code=00150&base_code=0010445&code=00101010222 HTTP/1.1" 200 449
114.83.223.42 - - [24/Jul/2023:09:23:49 +0800] "GET /xingrg/all/function/internal_message.html?_=1690161829020&CODE_STATE=getMsg HTTP/1.1" 200 27
114.85.113.108 - - [24/Jul/2023:09:23:50 +0800] "GET /xingrg/check_reg.html?_=1690161830242 HTTP/1.1" 302 -
116.232.195.127 - - [24/Jul/2023:09:23:51 +0800] "GET /xingrg/all/function/internal_message.html?_=1690161792101&CODE_STATE=getMsg HTTP/1.1" 200 27
116.232.195.127 - - [24/Jul/2023:09:23:51 +0800] "GET /xingrg/check_reg.html?_=1690161792104 HTTP/1.1" 200 22
124.79.243.110 - - [24/Jul/2023:09:23:54 +0800] "POST /xingrg/kc/buy/cgsh_order_operate.html HTTP/1.1" 200 12
116.238.191.126 - - [24/Jul/2023:09:23:55 +0800] "POST /xingrg/kc/base/wldb_order_operate.html HTTP/1.1" 200 37
101.83.145.37 - - [24/Jul/2023:09:23:56 +0800] "GET /xingrg/all/function/internal_message.html?_=1690161646263&CODE_STATE=getMsg HTTP/1.1" 200 27
116.238.191.126 - - [24/Jul/2023:09:23:56 +0800] "POST /xingrg/kc/base/wldb_order_operate.html HTTP/1.1" 200 2686
124.79.243.110 - - [24/Jul/2023:09:23:57 +0800] "GET /xingrg/all/function/internal_message.html?_=1690161837982&CODE_STATE=getMsg HTTP/1.1" 200 27
124.79.243.110 - - [24/Jul/2023:09:23:58 +0800] "GET /xingrg/kc/print/report_design.html?orderType=cgsh HTTP/1.1" 200 8625
124.79.243.110 - - [24/Jul/2023:09:23:58 +0800] "GET /xingrg/css/design.css HTTP/1.1" 200 2477
124.79.243.110 - - [24/Jul/2023:09:23:58 +0800] "GET /xingrg/javascript/easyui/jquery.easyui.min.js HTTP/1.1" 200 272531
124.79.243.110 - - [24/Jul/2023:09:23:58 +0800] "GET /xingrg/javascript/print/report.helper.js HTTP/1.1" 200 7208
124.79.243.110 - - [24/Jul/2023:09:23:58 +0800] "GET /xingrg/javascript/print/report.js HTTP/1.1" 200 10993
124.79.243.110 - - [24/Jul/2023:09:23:58 +0800] "GET /xingrg/javascript/easyui/themes/sunny/easyui.css HTTP/1.1" 200 34304
124.79.243.110 - - [24/Jul/2023:09:23:58 +0800] "GET /xingrg/kc/buy/cgsh_order_info.html?code=212023072309296 HTTP/1.1" 200 66664
124.79.243.110 - - [24/Jul/2023:09:23:58 +0800] "GET /xingrg/javascript/easyui/themes/sunny/images/ui-bg_highlight-soft_100_feeebd_1x100.png HTTP/1.1" 200 108
124.79.243.110 - - [24/Jul/2023:09:23:58 +0800] "GET /xingrg/javascript/easyui/themes/sunny/images/ui-icons_fadc7a_256x240.png HTTP/1.1" 200 4369
124.79.243.110 - - [24/Jul/2023:09:23:58 +0800] "GET /xingrg/javascript/easyui/themes/sunny/images/ui-bg_gloss-wave_45_817865_500x100.png HTTP/1.1" 200 3971
124.79.243.110 - - [24/Jul/2023:09:23:58 +0800] "GET /xingrg/javascript/easyui/themes/sunny/images/blank.gif HTTP/1.1" 200 43
124.79.243.110 - - [24/Jul/2023:09:23:58 +0800] "GET /xingrg/javascript/easyui/themes/sunny/images/ui-bg_gloss-wave_70_ffdd57_500x100.png HTTP/1.1" 200 3830
124.79.243.110 - - [24/Jul/2023:09:23:59 +0800] "GET /xingrg/javascript/easyui/themes/sunny/images/ui-icons_bd7b00_256x240.png HTTP/1.1" 200 4369
124.79.243.110 - - [24/Jul/2023:09:23:59 +0800] "GET /favicon.ico HTTP/1.1" 404 -
124.79.243.110 - - [24/Jul/2023:09:23:59 +0800] "GET /xingrg/kc/print/design_operate.html?_=1690162125387&command=load_config&code=cgsh HTTP/1.1" 200 2834
124.79.243.110 - - [24/Jul/2023:09:23:59 +0800] "GET /xingrg/css/images/background.png HTTP/1.1" 200 137
124.79.243.110 - - [24/Jul/2023:09:23:59 +0800] "GET /xingrg/javascript/easyui/themes/default/validatebox.css HTTP/1.1" 404 1104
124.79.243.110 - - [24/Jul/2023:09:24:00 +0800] "POST /xingrg/kc/buy/cgsh_order_operate.html HTTP/1.1" 200 610
116.238.191.126 - - [24/Jul/2023:09:24:01 +0800] "GET /xingrg/kc/buy/cgsh_order_operate.html?command=get_materiel&rest_code=00150&code=00101007125&supplier_code=00100096&order_time=2023-07-24 HTTP/1.1" 200 406
124.79.243.110 - - [24/Jul/2023:09:24:02 +0800] "GET /xingrg/kc/print/load_config.html?kc_code=cgsh HTTP/1.1" 200 1924
124.79.243.110 - - [24/Jul/2023:09:24:03 +0800] "GET /xingrg/kc/print/load_data.html?order_code=212023072309296&kc_code=cgsh&condition= HTTP/1.1" 200 697
116.238.191.126 - - [24/Jul/2023:09:24:07 +0800] "POST /xingrg/kc/base/wldb_order_operate.html HTTP/1.1" 200 12
116.238.191.126 - - [24/Jul/2023:09:24:08 +0800] "GET /xingrg/kc/base/wldb_order_info.html?code=422023072402354 HTTP/1.1" 200 26307
116.238.191.126 - - [24/Jul/2023:09:24:09 +0800] "GET /xingrg/javascript/easyui/themes/default/validatebox.css HTTP/1.1" 404 1104
116.238.191.126 - - [24/Jul/2023:09:24:09 +0800] "POST /xingrg/kc/base/wldb_order_operate.html HTTP/1.1" 200 970
116.238.191.126 - - [24/Jul/2023:09:24:11 +0800] "GET /xingrg/kc/buy/cgsh_order_operate.html?command=get_materiel&rest_code=00150&code=00101007049&supplier_code=00100096&order_time=2023-07-24 HTTP/1.1" 200 409
180.163.29.212 - - [24/Jul/2023:09:24:14 +0800] "GET /xingrg/all/function/internal_message.html?_=1690161793971&CODE_STATE=getMsg HTTP/1.1" 302 -
180.163.29.212 - - [24/Jul/2023:09:24:14 +0800] "GET /xingrg/login.html HTTP/1.1" 200 7641
124.78.156.130 - - [24/Jul/2023:09:24:14 +0800] "GET /xingrg/all/function/internal_message.html?_=1690161853945&CODE_STATE=getMsg HTTP/1.1" 200 27
116.238.191.126 - - [24/Jul/2023:09:24:14 +0800] "POST /xingrg/all/user/operate.html HTTP/1.1" 200 36
124.78.156.130 - - [24/Jul/2023:09:24:14 +0800] "GET /xingrg/check_reg.html?_=1690161854375 HTTP/1.1" 200 22
116.238.191.126 - - [24/Jul/2023:09:24:14 +0800] "GET /xingrg/index.html?sysBaseUrl=http%3A%2F%2F180.169.147.146%3A18081%2Fxingrg%2F&costTime=1943×tamp=1690160673267 HTTP/1.1" 200 17177
116.238.191.126 - - [24/Jul/2023:09:24:14 +0800] "GET /xingrg/javascript/jquery_easy_ui/themes/default/easyui.css HTTP/1.1" 304 -
116.238.191.126 - - [24/Jul/2023:09:24:14 +0800] "GET /xingrg/javascript/jquery_easy_ui/themes/icon.css HTTP/1.1" 304 -
116.238.191.126 - - [24/Jul/2023:09:24:14 +0800] "GET /xingrg/css/form.css HTTP/1.1" 304 -
116.238.191.126 - - [24/Jul/2023:09:24:14 +0800] "GET /xingrg/javascript/jquery-1.4.2.min.js HTTP/1.1" 304 -
116.238.191.126 - - [24/Jul/2023:09:24:14 +0800] "GET /xingrg/javascript/jquery_easy_ui/jquery.easyui.min.js HTTP/1.1" 304 -
116.238.191.126 - - [24/Jul/2023:09:24:15 +0800] "GET /xingrg/javascript/jquery_easy_ui/easyui-lang-zh_CN.js HTTP/1.1" 304 -
116.238.191.126 - - [24/Jul/2023:09:24:15 +0800] "GET /xingrg/javascript/jquery.form.js HTTP/1.1" 304 -
116.238.191.126 - - [24/Jul/2023:09:24:15 +0800] "GET /xingrg/javascript/jquery.utils.js HTTP/1.1" 304 -
116.238.191.126 - - [24/Jul/2023:09:24:15 +0800] "GET /xingrg/javascript/jquery.timers.js HTTP/1.1" 304 -
116.238.191.126 - - [24/Jul/2023:09:24:15 +0800] "GET /xingrg/images/blue/jxLogo.png HTTP/1.1" 304 -
116.238.191.126 - - [24/Jul/2023:09:24:15 +0800] "GET /xingrg/javascript/jquery_easy_ui/themes/icons/settle_new.png HTTP/1.1" 304 -
116.238.191.126 - - [24/Jul/2023:09:24:15 +0800] "GET /xingrg/images/blue/navBackgound.jpg HTTP/1.1" 304 -
116.238.191.126 - - [24/Jul/2023:09:24:15 +0800] "GET /xingrg/all/function/internal_message.html?_=1690161854547&CODE_STATE=count HTTP/1.1" 200 11
116.238.191.126 - - [24/Jul/2023:09:24:15 +0800] "GET /xingrg/check_reg.html?_=1690161854548 HTTP/1.1" 200 22
116.238.191.126 - - [24/Jul/2023:09:24:15 +0800] "GET /xingrg/javascript/jquery_easy_ui/themes/default/images/tabs_rightarrow.png HTTP/1.1" 304 -
116.238.191.126 - - [24/Jul/2023:09:24:15 +0800] "GET /xingrg/javascript/jquery_easy_ui/themes/default/images/tabs_leftarrow.png HTTP/1.1" 304 -
116.238.191.126 - - [24/Jul/2023:09:24:15 +0800] "GET /xingrg/javascript/jquery_easy_ui/themes/default/images/panel_tool_collapse.gif HTTP/1.1" 304 -
116.238.191.126 - - [24/Jul/2023:09:24:15 +0800] "GET /xingrg/images/blue/pingpu.png HTTP/1.1" 304 -
58.40.7.146 - - [24/Jul/2023:09:24:15 +0800] "GET /xingrg/all/function/internal_message.html?_=1690161855237&CODE_STATE=getMsg HTTP/1.1" 302 -
116.238.191.126 - - [24/Jul/2023:09:24:15 +0800] "POST /xingrg/all/common/load_tree.html?tree=area_rest_tree_json&manage=1 HTTP/1.1" 200 476
116.238.191.126 - - [24/Jul/2023:09:24:15 +0800] "POST /xingrg/load_menu.html HTTP/1.1" 200 5138
120.253.135.82 - - [24/Jul/2023:09:24:16 +0800] "GET /xingrg/all/function/internal_message.html?_=1690161679023&CODE_STATE=getMsg HTTP/1.1" 200 27
124.79.243.110 - - [24/Jul/2023:09:24:17 +0800] "GET /xingrg/check_reg.html?_=1690162143735 HTTP/1.1" 200 22
124.79.243.110 - - [24/Jul/2023:09:24:17 +0800] "GET /xingrg/all/function/internal_message.html?_=1690162143735&CODE_STATE=getMsg HTTP/1.1" 200 27
116.238.191.126 - - [24/Jul/2023:09:24:18 +0800] "GET /xingrg/kc/buy/cgsh_order_list.html HTTP/1.1" 200 55946
116.238.191.126 - - [24/Jul/2023:09:24:21 +0800] "GET /xingrg/all/function/internal_message.html?_=1690161749960&CODE_STATE=getMsg HTTP/1.1" 200 27
116.238.191.126 - - [24/Jul/2023:09:24:21 +0800] "POST /xingrg/kc/buy/cgsh_list_operate.html HTTP/1.1" 200 986
101.83.145.37 - - [24/Jul/2023:09:24:21 +0800] "GET /xingrg/all/function/internal_message.html?_=1690161862331&CODE_STATE=getMsg HTTP/1.1" 200 27
116.238.191.126 - - [24/Jul/2023:09:24:23 +0800] "GET /xingrg/kc/buy/cgsh_order_add.html HTTP/1.1" 200 71322
116.238.191.126 - - [24/Jul/2023:09:24:23 +0800] "POST /xingrg/kc/buy/cgsh_order_operate.html HTTP/1.1" 200 8245
116.238.191.126 - - [24/Jul/2023:09:24:23 +0800] "GET /xingrg/javascript/easyui/themes/default/validatebox.css HTTP/1.1" 404 1104
116.238.191.126 - - [24/Jul/2023:09:24:23 +0800] "GET /xingrg/all/common/auto_word.html?type=employee&rest_code=00151 HTTP/1.1" 200 293
116.238.191.126 - - [24/Jul/2023:09:24:23 +0800] "GET /xingrg/all/common/auto_word.html?type=employee&rest_code=00151 HTTP/1.1" 200 293
180.157.253.121 - - [24/Jul/2023:09:24:24 +0800] "GET /xingrg/all/function/internal_message.html?_=1690161865894&CODE_STATE=getMsg HTTP/1.1" 200 27
116.238.191.126 - - [24/Jul/2023:09:24:25 +0800] "GET /xingrg/javascript/auto/indicator.gif HTTP/1.1" 404 1066
180.165.154.167 - - [24/Jul/2023:09:24:28 +0800] "GET /xingrg/all/function/internal_message.html?_=1690161866881&CODE_STATE=getMsg HTTP/1.1" 200 27
114.85.113.108 - - [24/Jul/2023:09:24:35 +0800] "GET /xingrg/all/function/internal_message.html?_=1690161875439&CODE_STATE=getMsg HTTP/1.1" 302 -
222.70.180.90 - - [24/Jul/2023:09:24:38 +0800] "GET /xingrg/all/function/internal_message.html?_=1690161877899&CODE_STATE=getMsg HTTP/1.1" 200 27
116.232.195.127 - - [24/Jul/2023:09:24:39 +0800] "GET /xingrg/all/function/internal_message.html?_=1690161840551&CODE_STATE=getMsg HTTP/1.1" 200 27
116.238.191.126 - - [24/Jul/2023:09:24:40 +0800] "GET /xingrg/kc/buy/cgsh_order_operate.html?command=get_materiel&rest_code=00151&code=00101008029&supplier_code=00100008&order_time=2023-07-24 HTTP/1.1" 200 417
222.70.180.90 - - [24/Jul/2023:09:24:45 +0800] "GET /xingrg/javascript/auto/indicator.gif HTTP/1.1" 404 1066
222.70.245.33 - - [24/Jul/2023:09:24:45 +0800] "GET /xingrg/all/function/internal_message.html?_=1690161886689&CODE_STATE=getMsg HTTP/1.1" 200 27
116.238.191.126 - - [24/Jul/2023:09:24:45 +0800] "GET /xingrg/kc/buy/cgsh_order_operate.html?command=get_materiel&rest_code=00150&code=00101001075&supplier_code=00100096&order_time=2023-07-24 HTTP/1.1" 200 411
222.70.180.90 - - [24/Jul/2023:09:24:46 +0800] "GET /xingrg/javascript/jquery_tools/images/next.gif HTTP/1.1" 404 1086
222.70.180.90 - - [24/Jul/2023:09:24:46 +0800] "GET /xingrg/javascript/jquery_tools/images/prev.gif HTTP/1.1" 404 1086
114.83.223.42 - - [24/Jul/2023:09:24:49 +0800] "GET /xingrg/all/function/internal_message.html?_=1690161889026&CODE_STATE=getMsg HTTP/1.1" 200 27
116.232.195.127 - - [24/Jul/2023:09:24:51 +0800] "GET /xingrg/all/function/internal_message.html?_=1690161852092&CODE_STATE=getMsg HTTP/1.1" 200 27
116.238.191.126 - - [24/Jul/2023:09:24:54 +0800] "GET /xingrg/kc/buy/cgsh_order_operate.html?command=get_materiel&rest_code=00151&code=00101008137&supplier_code=00100008&order_time=2023-07-24 HTTP/1.1" 200 408
101.83.145.37 - - [24/Jul/2023:09:24:56 +0800] "GET /xingrg/all/function/internal_message.html?_=1690161706264&CODE_STATE=getMsg HTTP/1.1" 200 27
124.79.243.110 - - [24/Jul/2023:09:24:57 +0800] "GET /xingrg/all/function/internal_message.html?_=1690161897963&CODE_STATE=getMsg HTTP/1.1" 200 27
222.70.180.90 - - [24/Jul/2023:09:24:58 +0800] "GET /xingrg/kc/buy/cgsh_order_operate.html?command=get_materiel&rest_code=00111&code=00101011005&supplier_code=00100012&order_time=2023-07-24 HTTP/1.1" 200 408
116.238.191.126 - - [24/Jul/2023:09:25:02 +0800] "GET /xingrg/kc/buy/cgsh_order_operate.html?command=get_materiel&rest_code=00151&code=00101015006&supplier_code=00100008&order_time=2023-07-24 HTTP/1.1" 200 413
114.83.223.42 - - [24/Jul/2023:09:25:07 +0800] "GET /xingrg/kc/buy/cgsh_order_operate.html?command=get_materiel&rest_code=00149&code=00101008318&supplier_code=00100008&order_time=2023-07-24 HTTP/1.1" 200 408
116.238.191.126 - - [24/Jul/2023:09:25:11 +0800] "GET /xingrg/kc/buy/cgsh_order_operate.html?command=get_materiel&rest_code=00151&code=00101008731&supplier_code=00100008&order_time=2023-07-24 HTTP/1.1" 200 398
222.70.180.90 - - [24/Jul/2023:09:25:12 +0800] "GET /xingrg/kc/buy/cgsh_order_operate.html?command=get_materiel&rest_code=00111&code=00101006026&supplier_code=00100012&order_time=2023-07-24 HTTP/1.1" 200 409
124.78.156.130 - - [24/Jul/2023:09:25:14 +0800] "GET /xingrg/all/function/internal_message.html?_=1690161913925&CODE_STATE=getMsg HTTP/1.1" 200 27
180.163.29.217 - - [24/Jul/2023:09:25:14 +0800] "GET /xingrg/check_reg.html?_=1690161854375 HTTP/1.1" 302 -
180.163.29.217 - - [24/Jul/2023:09:25:14 +0800] "GET /xingrg/login.html HTTP/1.1" 200 7641
116.238.191.126 - - [24/Jul/2023:09:25:15 +0800] "GET /xingrg/all/function/internal_message.html?_=1690161914553&CODE_STATE=getMsg HTTP/1.1" 200 27
58.40.7.146 - - [24/Jul/2023:09:25:15 +0800] "GET /xingrg/all/function/internal_message.html?_=1690161915240&CODE_STATE=getMsg HTTP/1.1" 302 -
120.253.135.82 - - [24/Jul/2023:09:25:16 +0800] "GET /xingrg/all/function/internal_message.html?_=1690161739072&CODE_STATE=getMsg HTTP/1.1" 200 27
124.79.243.110 - - [24/Jul/2023:09:25:17 +0800] "GET /xingrg/all/function/internal_message.html?_=1690162203724&CODE_STATE=getMsg HTTP/1.1" 200 27
114.83.223.42 - - [24/Jul/2023:09:25:20 +0800] "GET /xingrg/kc/buy/cgsh_order_operate.html?command=get_materiel&rest_code=00149&code=00101008353&supplier_code=00100008&order_time=2023-07-24 HTTP/1.1" 200 408
116.238.191.126 - - [24/Jul/2023:09:25:21 +0800] "GET /xingrg/all/function/internal_message.html?_=1690161809975&CODE_STATE=getMsg HTTP/1.1" 200 27
101.83.145.37 - - [24/Jul/2023:09:25:21 +0800] "GET /xingrg/all/function/internal_message.html?_=1690161922306&CODE_STATE=getMsg HTTP/1.1" 200 27
180.157.253.121 - - [24/Jul/2023:09:25:24 +0800] "GET /xingrg/check_reg.html?_=1690161925908 HTTP/1.1" 200 22
180.157.253.121 - - [24/Jul/2023:09:25:24 +0800] "GET /xingrg/all/function/internal_message.html?_=1690161925911&CODE_STATE=getMsg HTTP/1.1" 200 27
222.70.180.90 - - [24/Jul/2023:09:25:26 +0800] "GET /xingrg/kc/buy/cgsh_order_operate.html?command=get_materiel&rest_code=00111&code=00101006111&supplier_code=00100012&order_time=2023-07-24 HTTP/1.1" 200 409
180.165.154.167 - - [24/Jul/2023:09:25:28 +0800] "GET /xingrg/all/function/internal_message.html?_=1690161926869&CODE_STATE=getMsg HTTP/1.1" 200 27
116.238.191.126 - - [24/Jul/2023:09:25:32 +0800] "GET /xingrg/kc/buy/cgsh_order_operate.html?command=get_materiel&rest_code=00151&code=00101008631&supplier_code=00100008&order_time=2023-07-24 HTTP/1.1" 200 405
114.85.113.108 - - [24/Jul/2023:09:25:35 +0800] "GET /xingrg/all/function/internal_message.html?_=1690161935423&CODE_STATE=getMsg HTTP/1.1" 302 -
222.70.180.90 - - [24/Jul/2023:09:25:38 +0800] "GET /xingrg/all/function/internal_message.html?_=1690161937901&CODE_STATE=getMsg HTTP/1.1" 200 27
116.232.195.127 - - [24/Jul/2023:09:25:39 +0800] "GET /xingrg/all/function/internal_message.html?_=1690161900534&CODE_STATE=getMsg HTTP/1.1" 200 27
114.83.223.42 - - [24/Jul/2023:09:25:42 +0800] "POST /xingrg/kc/buy/cgsh_order_operate.html HTTP/1.1" 200 2065
180.157.253.121 - - [24/Jul/2023:09:25:43 +0800] "GET /favicon.ico HTTP/1.1" 404 -
116.238.191.126 - - [24/Jul/2023:09:25:44 +0800] "POST /xingrg/kc/buy/cgsh_order_operate.html HTTP/1.1" 200 37
222.70.245.33 - - [24/Jul/2023:09:25:45 +0800] "GET /xingrg/all/function/internal_message.html?_=1690161946702&CODE_STATE=getMsg HTTP/1.1" 200 27
222.70.180.90 - - [24/Jul/2023:09:25:45 +0800] "GET /xingrg/kc/buy/cgsh_order_operate.html?command=get_materiel&rest_code=00111&code=00101006184&supplier_code=00100012&order_time=2023-07-24 HTTP/1.1" 200 408
116.238.191.126 - - [24/Jul/2023:09:25:47 +0800] "GET /xingrg/kc/buy/cgsh_order_operate.html?command=get_materiel&rest_code=00151&code=00101008186&supplier_code=00100008&order_time=2023-07-24 HTTP/1.1" 200 408
114.83.223.42 - - [24/Jul/2023:09:25:49 +0800] "GET /xingrg/check_reg.html?_=1690161949043 HTTP/1.1" 200 22
114.83.223.42 - - [24/Jul/2023:09:25:49 +0800] "GET /xingrg/all/function/internal_message.html?_=1690161949036&CODE_STATE=getMsg HTTP/1.1" 200 27
116.232.195.127 - - [24/Jul/2023:09:25:51 +0800] "GET /xingrg/all/function/internal_message.html?_=1690161912099&CODE_STATE=getMsg HTTP/1.1" 200 27
116.238.191.126 - - [24/Jul/2023:09:25:54 +0800] "POST /xingrg/kc/buy/cgsh_order_operate.html HTTP/1.1" 200 12
101.83.145.37 - - [24/Jul/2023:09:25:56 +0800] "GET /xingrg/all/function/internal_message.html?_=1690161766264&CODE_STATE=getMsg HTTP/1.1" 200 27
124.79.243.110 - - [24/Jul/2023:09:25:57 +0800] "GET /xingrg/all/function/internal_message.html?_=1690161957951&CODE_STATE=getMsg HTTP/1.1" 200 27
116.238.191.126 - - [24/Jul/2023:09:25:57 +0800] "GET /xingrg/kc/buy/cgsh_order_info.html?code=212023072409432 HTTP/1.1" 200 66683
116.238.191.126 - - [24/Jul/2023:09:25:58 +0800] "GET /xingrg/javascript/easyui/themes/default/validatebox.css HTTP/1.1" 404 1104
222.70.180.90 - - [24/Jul/2023:09:25:58 +0800] "GET /xingrg/kc/buy/cgsh_order_operate.html?command=get_materiel&rest_code=00111&code=00101006055&supplier_code=00100012&order_time=2023-07-24 HTTP/1.1" 200 409
116.238.191.126 - - [24/Jul/2023:09:25:59 +0800] "POST /xingrg/kc/buy/cgsh_order_operate.html HTTP/1.1" 200 5934
116.238.191.126 - - [24/Jul/2023:09:26:01 +0800] "GET /xingrg/kc/print/load_config.html?kc_code=cgsh HTTP/1.1" 200 1924
116.238.191.126 - - [24/Jul/2023:09:26:02 +0800] "GET /xingrg/kc/print/load_data.html?order_code=212023072409432&kc_code=cgsh&condition= HTTP/1.1" 200 2722
114.83.223.42 - - [24/Jul/2023:09:26:08 +0800] "GET /xingrg/kc/buy/cgsh_order_operate.html?command=get_materiel&rest_code=00149&code=00101008291&supplier_code=00100008&order_time=2023-07-24 HTTP/1.1" 200 408
222.70.180.90 - - [24/Jul/2023:09:26:08 +0800] "GET /xingrg/kc/buy/cgsh_order_operate.html?command=get_materiel&rest_code=00111&code=00101006115&supplier_code=00100012&order_time=2023-07-24 HTTP/1.1" 200 409
116.238.191.126 - - [24/Jul/2023:09:26:09 +0800] "GET /xingrg/kc/buy/cgsh_order_operate.html?command=get_materiel&rest_code=00151&code=00101008096&supplier_code=00100008&order_time=2023-07-24 HTTP/1.1" 200 412
124.78.156.130 - - [24/Jul/2023:09:26:14 +0800] "GET /xingrg/all/function/internal_message.html?_=1690161973896&CODE_STATE=getMsg HTTP/1.1" 200 27
116.238.191.126 - - [24/Jul/2023:09:26:15 +0800] "GET /xingrg/all/function/internal_message.html?_=1690161974566&CODE_STATE=getMsg HTTP/1.1" 200 27
58.40.7.146 - - [24/Jul/2023:09:26:15 +0800] "GET /xingrg/all/function/internal_message.html?_=1690161975242&CODE_STATE=getMsg HTTP/1.1" 302 -
120.253.135.82 - - [24/Jul/2023:09:26:16 +0800] "GET /xingrg/all/function/internal_message.html?_=1690161799081&CODE_STATE=getMsg HTTP/1.1" 200 27
124.79.243.110 - - [24/Jul/2023:09:26:17 +0800] "GET /xingrg/all/function/internal_message.html?_=1690162263722&CODE_STATE=getMsg HTTP/1.1" 200 27
180.157.253.121 - - [24/Jul/2023:09:26:19 +0800] "GET /xingrg/kc/buy/cgsh_order_operate.html?command=get_materiel&rest_code=00148&code=00101008155&supplier_code=00100008&order_time=2023-07-24 HTTP/1.1" 200 408
116.238.191.126 - - [24/Jul/2023:09:26:21 +0800] "GET /xingrg/check_reg.html?_=1690161869962 HTTP/1.1" 200 22
116.238.191.126 - - [24/Jul/2023:09:26:21 +0800] "GET /xingrg/all/function/internal_message.html?_=1690161869988&CODE_STATE=getMsg HTTP/1.1" 200 27
101.83.145.37 - - [24/Jul/2023:09:26:21 +0800] "GET /xingrg/all/function/internal_message.html?_=1690161982286&CODE_STATE=getMsg HTTP/1.1" 200 27
180.157.253.121 - - [24/Jul/2023:09:26:24 +0800] "GET /xingrg/all/function/internal_message.html?_=1690161985889&CODE_STATE=getMsg HTTP/1.1" 200 27
114.83.223.42 - - [24/Jul/2023:09:26:26 +0800] "GET /xingrg/kc/buy/cgsh_order_operate.html?command=get_materiel&rest_code=00149&code=00101008284&supplier_code=00100008&order_time=2023-07-24 HTTP/1.1" 200 412
180.165.154.167 - - [24/Jul/2023:09:26:28 +0800] "GET /xingrg/all/function/internal_message.html?_=1690161986854&CODE_STATE=getMsg HTTP/1.1" 200 27
180.165.154.167 - - [24/Jul/2023:09:26:28 +0800] "GET /xingrg/check_reg.html?_=1690161986921 HTTP/1.1" 200 22
180.157.253.121 - - [24/Jul/2023:09:26:29 +0800] "GET /xingrg/kc/buy/cgsh_order_operate.html?command=get_materiel&rest_code=00148&code=00101008331&supplier_code=00100008&order_time=2023-07-24 HTTP/1.1" 200 416
116.232.195.127 - - [24/Jul/2023:09:26:32 +0800] "GET /xingrg/check_reg.html?_=1690161953228 HTTP/1.1" 200 22
114.85.113.108 - - [24/Jul/2023:09:26:35 +0800] "GET /xingrg/all/function/internal_message.html?_=1690161995408&CODE_STATE=getMsg HTTP/1.1" 302 -
222.70.180.90 - - [24/Jul/2023:09:26:38 +0800] "GET /xingrg/all/function/internal_message.html?_=1690161997933&CODE_STATE=getMsg HTTP/1.1" 200 27
222.70.180.90 - - [24/Jul/2023:09:26:38 +0800] "GET /xingrg/check_reg.html?_=1690161997934 HTTP/1.1" 200 22
114.83.223.42 - - [24/Jul/2023:09:26:38 +0800] "GET /xingrg/kc/buy/cgsh_order_operate.html?command=get_materiel&rest_code=00149&code=00101008731&supplier_code=00100008&order_time=2023-07-24 HTTP/1.1" 200 398
116.238.191.126 - - [24/Jul/2023:09:26:38 +0800] "GET /xingrg/kc/buy/cgsh_order_operate.html?command=get_materiel&rest_code=00151&code=00101008403&supplier_code=00100008&order_time=2023-07-24 HTTP/1.1" 200 412
116.232.195.127 - - [24/Jul/2023:09:26:39 +0800] "GET /xingrg/all/function/internal_message.html?_=1690161960521&CODE_STATE=getMsg HTTP/1.1" 200 27
180.157.253.121 - - [24/Jul/2023:09:26:40 +0800] "GET /xingrg/kc/buy/cgsh_order_operate.html?command=get_materiel&rest_code=00148&code=00101008096&supplier_code=00100008&order_time=2023-07-24 HTTP/1.1" 200 412
222.70.245.33 - - [24/Jul/2023:09:26:45 +0800] "GET /xingrg/all/function/internal_message.html?_=1690162006723&CODE_STATE=getMsg HTTP/1.1" 200 27
222.70.180.90 - - [24/Jul/2023:09:26:45 +0800] "GET /xingrg/kc/buy/cgsh_order_operate.html?command=get_materiel&rest_code=00111&code=00101006019&supplier_code=00100012&order_time=2023-07-24 HTTP/1.1" 200 417
116.238.191.126 - - [24/Jul/2023:09:26:49 +0800] "GET /xingrg/kc/buy/cgsh_order_operate.html?command=get_materiel&rest_code=00151&code=00101008283&supplier_code=00100008&order_time=2023-07-24 HTTP/1.1" 200 408
114.83.223.42 - - [24/Jul/2023:09:26:49 +0800] "GET /xingrg/all/function/internal_message.html?_=1690162009043&CODE_STATE=getMsg HTTP/1.1" 200 27
114.83.223.42 - - [24/Jul/2023:09:26:50 +0800] "GET /xingrg/kc/buy/cgsh_order_operate.html?command=get_materiel&rest_code=00149&code=00101015043&supplier_code=00100008&order_time=2023-07-24 HTTP/1.1" 200 413
116.232.195.127 - - [24/Jul/2023:09:26:51 +0800] "GET /xingrg/all/function/internal_message.html?_=1690161972091&CODE_STATE=getMsg HTTP/1.1" 200 27
180.157.253.121 - - [24/Jul/2023:09:26:51 +0800] "GET /xingrg/kc/buy/cgsh_order_operate.html?command=get_materiel&rest_code=00148&code=00101008283&supplier_code=00100008&order_time=2023-07-24 HTTP/1.1" 200 408
101.83.145.37 - - [24/Jul/2023:09:26:56 +0800] "GET /xingrg/check_reg.html?_=1690161826250 HTTP/1.1" 200 22
101.83.145.37 - - [24/Jul/2023:09:26:56 +0800] "GET /xingrg/all/function/internal_message.html?_=1690161826254&CODE_STATE=getMsg HTTP/1.1" 200 27
116.238.191.126 - - [24/Jul/2023:09:26:57 +0800] "GET /xingrg/kc/buy/cgsh_order_operate.html?command=get_materiel&rest_code=00151&code=00101008087&supplier_code=00100008&order_time=2023-07-24 HTTP/1.1" 200 412
124.79.243.110 - - [24/Jul/2023:09:26:57 +0800] "GET /xingrg/all/function/internal_message.html?_=1690162017930&CODE_STATE=getMsg HTTP/1.1" 200 27
124.79.243.110 - - [24/Jul/2023:09:26:57 +0800] "GET /xingrg/check_reg.html?_=1690162018060 HTTP/1.1" 200 22
222.70.180.90 - - [24/Jul/2023:09:26:58 +0800] "GET /xingrg/kc/buy/cgsh_order_operate.html?command=get_materiel&rest_code=00111&code=00101006168&supplier_code=00100012&order_time=2023-07-24 HTTP/1.1" 200 421
180.157.253.121 - - [24/Jul/2023:09:27:01 +0800] "GET /xingrg/kc/buy/cgsh_order_operate.html?command=get_materiel&rest_code=00148&code=00101008224&supplier_code=00100008&order_time=2023-07-24 HTTP/1.1" 200 416
222.70.245.33 - - [24/Jul/2023:09:27:07 +0800] "POST /xingrg/services/DataTransmitService HTTP/1.1" 200 524
180.165.154.167 - - [24/Jul/2023:09:27:07 +0800] "GET /xingrg/kc/buy/cgsh_order_operate.html?command=get_materiel&rest_code=00108&code=00101011005&supplier_code=00100593&order_time=2023-07-24 HTTP/1.1" 200 408
222.70.245.33 - - [24/Jul/2023:09:27:09 +0800] "POST /xingrg/services/DataTransmitService HTTP/1.1" 200 412
180.157.253.121 - - [24/Jul/2023:09:27:09 +0800] "GET /xingrg/kc/buy/cgsh_order_operate.html?command=get_materiel&rest_code=00148&code=00101008355&supplier_code=00100008&order_time=2023-07-24 HTTP/1.1" 200 408
222.70.245.33 - - [24/Jul/2023:09:27:09 +0800] "POST /xingrg/services/DataTransmitService HTTP/1.1" 200 524
222.70.245.33 - - [24/Jul/2023:09:27:11 +0800] "POST /xingrg/services/DataTransmitService HTTP/1.1" 200 412
222.70.245.33 - - [24/Jul/2023:09:27:12 +0800] "POST /xingrg/services/DataTransmitService HTTP/1.1" 200 524
222.70.245.33 - - [24/Jul/2023:09:27:13 +0800] "POST /xingrg/services/DataTransmitService HTTP/1.1" 200 412
124.78.156.130 - - [24/Jul/2023:09:27:14 +0800] "GET /xingrg/all/function/internal_message.html?_=1690162033872&CODE_STATE=getMsg HTTP/1.1" 200 27
222.70.180.90 - - [24/Jul/2023:09:27:14 +0800] "POST /xingrg/kc/buy/cgsh_order_operate.html HTTP/1.1" 200 37
58.40.7.146 - - [24/Jul/2023:09:27:15 +0800] "GET /xingrg/all/function/internal_message.html?_=1690162035243&CODE_STATE=getMsg HTTP/1.1" 302 -
116.238.191.126 - - [24/Jul/2023:09:27:15 +0800] "GET /xingrg/kc/buy/cgsh_order_operate.html?command=get_materiel&rest_code=00151&code=00101008362&supplier_code=00100008&order_time=2023-07-24 HTTP/1.1" 200 408
120.253.135.82 - - [24/Jul/2023:09:27:16 +0800] "GET /xingrg/all/function/internal_message.html?_=1690161859136&CODE_STATE=getMsg HTTP/1.1" 200 27
222.70.180.90 - - [24/Jul/2023:09:27:17 +0800] "POST /xingrg/kc/buy/cgsh_order_operate.html HTTP/1.1" 200 6793
116.232.195.127 - - [24/Jul/2023:09:27:17 +0800] "GET /xingrg/index.html?sysBaseUrl=http%3A%2F%2F180.169.147.146%3A18081%2Fxingrg%2F&costTime=1277×tamp=1606817596806 HTTP/1.1" 200 17179
124.79.243.110 - - [24/Jul/2023:09:27:17 +0800] "GET /xingrg/all/function/internal_message.html?_=1690162323736&CODE_STATE=getMsg HTTP/1.1" 200 27
116.232.195.127 - - [24/Jul/2023:09:27:17 +0800] "GET /xingrg/all/function/internal_message.html?_=1690161998574&CODE_STATE=count HTTP/1.1" 200 11
116.232.195.127 - - [24/Jul/2023:09:27:17 +0800] "GET /xingrg/check_reg.html?_=1690161998576 HTTP/1.1" 200 22
116.232.195.127 - - [24/Jul/2023:09:27:17 +0800] "GET /favicon.ico HTTP/1.1" 404 -
180.157.253.121 - - [24/Jul/2023:09:27:17 +0800] "GET /xingrg/kc/buy/cgsh_order_operate.html?command=get_materiel&rest_code=00148&code=00101008144&supplier_code=00100008&order_time=2023-07-24 HTTP/1.1" 200 412
116.232.195.127 - - [24/Jul/2023:09:27:17 +0800] "POST /xingrg/all/common/load_tree.html?tree=area_rest_tree_json&manage=1 HTTP/1.1" 200 351
116.232.195.127 - - [24/Jul/2023:09:27:17 +0800] "POST /xingrg/load_menu.html HTTP/1.1" 200 5138
116.238.191.126 - - [24/Jul/2023:09:27:18 +0800] "GET /xingrg/all/function/internal_message.html?_=1690162034566&CODE_STATE=getMsg HTTP/1.1" 200 27
222.70.180.90 - - [24/Jul/2023:09:27:18 +0800] "GET /xingrg/kc/print/load_config.html?kc_code=cgsh HTTP/1.1" 200 1924
222.70.180.90 - - [24/Jul/2023:09:27:19 +0800] "GET /xingrg/kc/print/load_data.html?order_code=212023072409435&kc_code=cgsh&condition= HTTP/1.1" 200 2324
180.165.154.167 - - [24/Jul/2023:09:27:20 +0800] "GET /xingrg/kc/buy/cgsh_order_operate.html?command=get_materiel&rest_code=00108&code=00101016053&supplier_code=00100593&order_time=2023-07-24 HTTP/1.1" 200 408
116.238.191.126 - - [24/Jul/2023:09:27:21 +0800] "GET /xingrg/all/function/internal_message.html?_=1690161930017&CODE_STATE=getMsg HTTP/1.1" 200 27
101.83.145.37 - - [24/Jul/2023:09:27:21 +0800] "GET /xingrg/all/function/internal_message.html?_=1690162042264&CODE_STATE=getMsg HTTP/1.1" 200 27
116.238.191.126 - - [24/Jul/2023:09:27:23 +0800] "GET /xingrg/kc/buy/cgsh_order_operate.html?command=get_materiel&rest_code=00151&code=00101008077&supplier_code=00100008&order_time=2023-07-24 HTTP/1.1" 200 416
180.157.253.121 - - [24/Jul/2023:09:27:24 +0800] "GET /xingrg/all/function/internal_message.html?_=1690162045887&CODE_STATE=getMsg HTTP/1.1" 200 27
116.232.195.127 - - [24/Jul/2023:09:27:24 +0800] "GET /xingrg/kc/buy/cgsh_order_info.html?code=212023072409424 HTTP/1.1" 200 71780
116.232.195.127 - - [24/Jul/2023:09:27:24 +0800] "GET /xingrg/javascript/easyui/themes/default/validatebox.css HTTP/1.1" 404 1104
180.157.253.121 - - [24/Jul/2023:09:27:25 +0800] "GET /xingrg/kc/buy/cgsh_order_operate.html?command=get_materiel&rest_code=00148&code=00101008264&supplier_code=00100008&order_time=2023-07-24 HTTP/1.1" 200 412
116.232.195.127 - - [24/Jul/2023:09:27:25 +0800] "POST /xingrg/kc/buy/cgsh_order_operate.html HTTP/1.1" 200 3259
222.70.180.90 - - [24/Jul/2023:09:27:26 +0800] "GET /xingrg/kc/buy/cgsh_order_add.html HTTP/1.1" 200 71680
222.70.180.90 - - [24/Jul/2023:09:27:26 +0800] "POST /xingrg/kc/buy/cgsh_order_operate.html HTTP/1.1" 200 8245
222.70.180.90 - - [24/Jul/2023:09:27:26 +0800] "GET /xingrg/javascript/easyui/themes/default/validatebox.css HTTP/1.1" 404 1104
180.165.154.167 - - [24/Jul/2023:09:27:28 +0800] "GET /xingrg/all/function/internal_message.html?_=1690162048100&CODE_STATE=getMsg HTTP/1.1" 200 27
222.70.245.33 - - [24/Jul/2023:09:27:28 +0800] "POST /xingrg/services/DataTransmitService HTTP/1.1" 200 524
222.70.245.33 - - [24/Jul/2023:09:27:29 +0800] "POST /xingrg/services/DataTransmitService HTTP/1.1" 200 2335
222.70.245.33 - - [24/Jul/2023:09:27:32 +0800] "POST /xingrg/services/DataTransmitService HTTP/1.1" 200 524
116.238.191.126 - - [24/Jul/2023:09:27:32 +0800] "GET /xingrg/kc/buy/cgsh_order_operate.html?command=get_materiel&rest_code=00151&code=00101008169&supplier_code=00100008&order_time=2023-07-24 HTTP/1.1" 200 412
180.157.253.121 - - [24/Jul/2023:09:27:33 +0800] "GET /xingrg/kc/buy/cgsh_order_operate.html?command=get_materiel&rest_code=00148&code=00101008270&supplier_code=00100008&order_time=2023-07-24 HTTP/1.1" 200 412
222.70.245.33 - - [24/Jul/2023:09:27:33 +0800] "POST /xingrg/services/DataTransmitService HTTP/1.1" 200 2335
114.85.113.108 - - [24/Jul/2023:09:27:35 +0800] "GET /xingrg/all/function/internal_message.html?_=1690162055392&CODE_STATE=getMsg HTTP/1.1" 302 -
222.70.180.90 - - [24/Jul/2023:09:27:38 +0800] "GET /xingrg/all/function/internal_message.html?_=1690162057918&CODE_STATE=getMsg HTTP/1.1" 200 27
222.70.180.90 - - [24/Jul/2023:09:27:38 +0800] "GET /xingrg/kc/buy/cgsh_order_operate.html?command=get_materiel&rest_code=00111&code=00101008005&supplier_code=00100005&order_time=2023-07-24 HTTP/1.1" 200 412
116.238.191.126 - - [24/Jul/2023:09:27:39 +0800] "GET /xingrg/kc/buy/cgsh_order_operate.html?command=get_materiel&rest_code=00151&code=00101008318&supplier_code=00100008&order_time=2023-07-24 HTTP/1.1" 200 408
116.232.195.127 - - [24/Jul/2023:09:27:39 +0800] "GET /xingrg/all/function/internal_message.html?_=1690162020498&CODE_STATE=getMsg HTTP/1.1" 200 27
180.157.253.121 - - [24/Jul/2023:09:27:41 +0800] "GET /xingrg/kc/buy/cgsh_order_operate.html?command=get_materiel&rest_code=00148&code=00101008197&supplier_code=00100008&order_time=2023-07-24 HTTP/1.1" 200 416
116.232.195.127 - - [24/Jul/2023:09:27:42 +0800] "POST /xingrg/kc/buy/cgsh_list_operate.html HTTP/1.1" 200 3156
116.232.195.127 - - [24/Jul/2023:09:27:43 +0800] "POST /xingrg/kc/buy/cgsh_list_operate.html HTTP/1.1" 200 349
116.232.195.127 - - [24/Jul/2023:09:27:44 +0800] "GET /xingrg/kc/buy/cgsh_order_info.html?code=212023072409425 HTTP/1.1" 200 71778
116.232.195.127 - - [24/Jul/2023:09:27:45 +0800] "GET /xingrg/javascript/easyui/themes/default/validatebox.css HTTP/1.1" 404 1104
222.70.245.33 - - [24/Jul/2023:09:27:45 +0800] "GET /xingrg/all/function/internal_message.html?_=1690162066728&CODE_STATE=getMsg HTTP/1.1" 200 27
116.232.195.127 - - [24/Jul/2023:09:27:45 +0800] "POST /xingrg/kc/buy/cgsh_order_operate.html HTTP/1.1" 200 3845
116.238.191.126 - - [24/Jul/2023:09:27:46 +0800] "GET /xingrg/kc/buy/cgsh_order_operate.html?command=get_materiel&rest_code=00151&code=00101008271&supplier_code=00100008&order_time=2023-07-24 HTTP/1.1" 200 408
120.253.135.82 - - [24/Jul/2023:09:27:47 +0800] "GET /xingrg/check_reg.html?_=1690161890513 HTTP/1.1" 200 22
116.232.195.127 - - [24/Jul/2023:09:27:47 +0800] "GET /xingrg/kc/print/load_data.html?order_code=212023072409425&kc_code=cgsh HTTP/1.1" 200 1128
222.70.245.33 - - [24/Jul/2023:09:27:48 +0800] "POST /xingrg/services/DataTransmitService HTTP/1.1" 200 524
222.70.180.90 - - [24/Jul/2023:09:27:49 +0800] "GET /xingrg/kc/buy/cgsh_order_operate.html?command=get_materiel&rest_code=00111&code=00101008148&supplier_code=00100005&order_time=2023-07-24 HTTP/1.1" 200 416
114.83.223.42 - - [24/Jul/2023:09:27:49 +0800] "GET /xingrg/all/function/internal_message.html?_=1690162069037&CODE_STATE=getMsg HTTP/1.1" 200 27
180.157.253.121 - - [24/Jul/2023:09:27:50 +0800] "GET /xingrg/kc/buy/cgsh_order_operate.html?command=get_materiel&rest_code=00148&code=00101008318&supplier_code=00100008&order_time=2023-07-24 HTTP/1.1" 200 408
116.232.195.127 - - [24/Jul/2023:09:27:51 +0800] "GET /xingrg/all/function/internal_message.html?_=1690162032113&CODE_STATE=getMsg HTTP/1.1" 200 27
180.157.253.121 - - [24/Jul/2023:09:27:53 +0800] "GET /xingrg/check_reg.html?_=1690162071309 HTTP/1.1" 200 22
116.238.191.126 - - [24/Jul/2023:09:27:55 +0800] "GET /xingrg/kc/buy/cgsh_order_operate.html?command=get_materiel&rest_code=00151&code=00101008095&supplier_code=00100008&order_time=2023-07-24 HTTP/1.1" 200 412
101.83.145.37 - - [24/Jul/2023:09:27:56 +0800] "GET /xingrg/all/function/internal_message.html?_=1690161886255&CODE_STATE=getMsg HTTP/1.1" 200 27
222.70.180.90 - - [24/Jul/2023:09:27:57 +0800] "GET /xingrg/kc/buy/cgsh_order_operate.html?command=get_materiel&rest_code=00111&code=00101008403&supplier_code=00100005&order_time=2023-07-24 HTTP/1.1" 200 412
124.79.243.110 - - [24/Jul/2023:09:27:57 +0800] "GET /xingrg/all/function/internal_message.html?_=1690162077906&CODE_STATE=getMsg HTTP/1.1" 200 27
116.232.195.127 - - [24/Jul/2023:09:28:00 +0800] "POST /xingrg/kc/buy/cgsh_list_operate.html HTTP/1.1" 200 3156
180.157.253.121 - - [24/Jul/2023:09:28:01 +0800] "GET /xingrg/kc/buy/cgsh_order_operate.html?command=get_materiel&rest_code=00148&code=00101008271&supplier_code=00100008&order_time=2023-07-24 HTTP/1.1" 200 408
116.232.195.127 - - [24/Jul/2023:09:28:01 +0800] "POST /xingrg/kc/buy/cgsh_list_operate.html HTTP/1.1" 200 575
116.232.195.127 - - [24/Jul/2023:09:28:02 +0800] "GET /xingrg/kc/buy/cgsh_order_info.html?code=212023072409427 HTTP/1.1" 200 71780
116.238.191.126 - - [24/Jul/2023:09:28:03 +0800] "GET /xingrg/kc/buy/cgsh_order_operate.html?command=get_materiel&rest_code=00151&code=00101008165&supplier_code=00100008&order_time=2023-07-24 HTTP/1.1" 200 417
222.70.245.33 - - [24/Jul/2023:09:28:03 +0800] "POST /xingrg/services/DataTransmitService HTTP/1.1" 200 501
222.70.245.33 - - [24/Jul/2023:09:28:03 +0800] "POST /xingrg/services/DataTransmitService HTTP/1.1" 200 524
114.83.223.42 - - [24/Jul/2023:09:28:03 +0800] "GET /xingrg/kc/buy/cgsh_order_operate.html?command=get_materiel&rest_code=00149&code=00101008060&supplier_code=00100008&order_time=2023-07-24 HTTP/1.1" 200 416
116.232.195.127 - - [24/Jul/2023:09:28:03 +0800] "GET /xingrg/javascript/easyui/themes/default/validatebox.css HTTP/1.1" 404 1104
116.232.195.127 - - [24/Jul/2023:09:28:04 +0800] "POST /xingrg/kc/buy/cgsh_order_operate.html HTTP/1.1" 200 20997
222.70.245.33 - - [24/Jul/2023:09:28:04 +0800] "POST /xingrg/services/DataTransmitService HTTP/1.1" 200 2335
114.83.223.42 - - [24/Jul/2023:09:28:05 +0800] "POST /xingrg/services/DataTransmitService HTTP/1.1" 401 565
114.83.223.42 - - [24/Jul/2023:09:28:05 +0800] "POST /xingrg/services/DataTransmitService HTTP/1.1" 200 478
114.83.223.42 - - [24/Jul/2023:09:28:05 +0800] "POST /xingrg/services/DataTransmitService HTTP/1.1" 200 1319
114.83.223.42 - - [24/Jul/2023:09:28:05 +0800] "POST /xingrg/services/DataTransmitService HTTP/1.1" 200 478
114.83.223.42 - - [24/Jul/2023:09:28:05 +0800] "POST /xingrg/services/DataTransmitService HTTP/1.1" 200 1319
114.83.223.42 - - [24/Jul/2023:09:28:05 +0800] "POST /xingrg/services/DataTransmitService HTTP/1.1" 200 524
114.83.223.42 - - [24/Jul/2023:09:28:06 +0800] "POST /xingrg/services/DataTransmitService HTTP/1.1" 200 2067
114.83.223.42 - - [24/Jul/2023:09:28:06 +0800] "POST /xingrg/services/DataTransmitService HTTP/1.1" 200 45454
114.83.223.42 - - [24/Jul/2023:09:28:06 +0800] "POST /xingrg/services/DataTransmitService HTTP/1.1" 200 19237
222.70.180.90 - - [24/Jul/2023:09:28:06 +0800] "GET /xingrg/kc/buy/cgsh_order_operate.html?command=get_materiel&rest_code=00111&code=00101008210&supplier_code=00100005&order_time=2023-07-24 HTTP/1.1" 200 408
114.83.223.42 - - [24/Jul/2023:09:28:09 +0800] "POST /xingrg/services/DataTransmitService HTTP/1.1" 200 524
114.83.223.42 - - [24/Jul/2023:09:28:10 +0800] "POST /xingrg/services/DataTransmitService HTTP/1.1" 200 2067
114.83.223.42 - - [24/Jul/2023:09:28:11 +0800] "POST /xingrg/kc/buy/cgsh_order_operate.html HTTP/1.1" 200 2065
116.238.191.126 - - [24/Jul/2023:09:28:15 +0800] "GET /xingrg/all/function/internal_message.html?_=1690162094570&CODE_STATE=getMsg HTTP/1.1" 200 27
58.40.7.146 - - [24/Jul/2023:09:28:15 +0800] "GET /xingrg/check_reg.html?_=1690162095246 HTTP/1.1" 302 -
58.40.7.146 - - [24/Jul/2023:09:28:15 +0800] "GET /xingrg/all/function/internal_message.html?_=1690162095247&CODE_STATE=getMsg HTTP/1.1" 302 -
222.70.180.90 - - [24/Jul/2023:09:28:15 +0800] "GET /xingrg/kc/buy/cgsh_order_operate.html?command=get_materiel&rest_code=00111&code=00101008321&supplier_code=00100005&order_time=2023-07-24 HTTP/1.1" 200 412
120.253.135.82 - - [24/Jul/2023:09:28:16 +0800] "GET /xingrg/all/function/internal_message.html?_=1690161919139&CODE_STATE=getMsg HTTP/1.1" 200 27
114.83.223.42 - - [24/Jul/2023:09:28:16 +0800] "POST /xingrg/services/DataTransmitService HTTP/1.1" 200 524
124.79.243.110 - - [24/Jul/2023:09:28:17 +0800] "GET /xingrg/all/function/internal_message.html?_=1690162383734&CODE_STATE=getMsg HTTP/1.1" 200 27
114.83.223.42 - - [24/Jul/2023:09:28:17 +0800] "GET /xingrg/kc/buy/cgsh_order_operate.html?command=get_materiel&rest_code=00149&code=00101008330&supplier_code=00100008&order_time=2023-07-24 HTTP/1.1" 200 408
222.70.245.33 - - [24/Jul/2023:09:28:19 +0800] "POST /xingrg/services/DataTransmitService HTTP/1.1" 200 524
222.70.245.33 - - [24/Jul/2023:09:28:21 +0800] "POST /xingrg/services/DataTransmitService HTTP/1.1" 200 2335
116.238.191.126 - - [24/Jul/2023:09:28:21 +0800] "GET /xingrg/all/function/internal_message.html?_=1690161990031&CODE_STATE=getMsg HTTP/1.1" 200 27
101.83.145.37 - - [24/Jul/2023:09:28:21 +0800] "GET /xingrg/all/function/internal_message.html?_=1690162102243&CODE_STATE=getMsg HTTP/1.1" 200 27
101.83.145.37 - - [24/Jul/2023:09:28:21 +0800] "GET /xingrg/check_reg.html?_=1690162102453 HTTP/1.1" 200 22
116.232.195.127 - - [24/Jul/2023:09:28:22 +0800] "POST /xingrg/kc/buy/cgsh_list_operate.html HTTP/1.1" 200 3156
116.232.195.127 - - [24/Jul/2023:09:28:23 +0800] "POST /xingrg/kc/buy/cgsh_list_operate.html HTTP/1.1" 200 420
222.70.180.90 - - [24/Jul/2023:09:28:24 +0800] "GET /xingrg/kc/buy/cgsh_order_operate.html?command=get_materiel&rest_code=00111&code=00101008270&supplier_code=00100005&order_time=2023-07-24 HTTP/1.1" 200 412
180.157.253.121 - - [24/Jul/2023:09:28:24 +0800] "GET /xingrg/all/function/internal_message.html?_=1690162105896&CODE_STATE=getMsg HTTP/1.1" 200 27
116.232.195.127 - - [24/Jul/2023:09:28:24 +0800] "GET /xingrg/kc/buy/cgsh_order_info.html?code=212023072409418 HTTP/1.1" 200 71780
116.232.195.127 - - [24/Jul/2023:09:28:24 +0800] "GET /xingrg/javascript/easyui/themes/default/validatebox.css HTTP/1.1" 404 1104
116.232.195.127 - - [24/Jul/2023:09:28:25 +0800] "POST /xingrg/kc/buy/cgsh_order_operate.html HTTP/1.1" 200 4425
124.78.156.130 - - [24/Jul/2023:09:28:26 +0800] "GET /xingrg/all/function/internal_message.html?_=1690162093841&CODE_STATE=getMsg HTTP/1.1" 200 27
180.165.154.167 - - [24/Jul/2023:09:28:28 +0800] "GET /xingrg/all/function/internal_message.html?_=1690162108085&CODE_STATE=getMsg HTTP/1.1" 200 27
114.83.223.42 - - [24/Jul/2023:09:28:28 +0800] "GET /xingrg/kc/buy/cgsh_order_operate.html?command=get_materiel&rest_code=00149&code=00101020131&supplier_code=00100008&order_time=2023-07-24 HTTP/1.1" 200 416
116.238.191.126 - - [24/Jul/2023:09:28:33 +0800] "GET /xingrg/kc/buy/cgsh_order_operate.html?command=get_materiel&rest_code=00151&code=00101013127&supplier_code=00100008&order_time=2023-07-24 HTTP/1.1" 200 420
114.85.113.108 - - [24/Jul/2023:09:28:35 +0800] "GET /xingrg/all/function/internal_message.html?_=1690162115375&CODE_STATE=getMsg HTTP/1.1" 302 -
222.70.180.90 - - [24/Jul/2023:09:28:38 +0800] "GET /xingrg/all/function/internal_message.html?_=1690162117905&CODE_STATE=getMsg HTTP/1.1" 200 27
116.232.195.127 - - [24/Jul/2023:09:28:39 +0800] "GET /xingrg/javascript/jquery_easy_ui/themes/icons/rest.png HTTP/1.1" 200 695
116.232.195.127 - - [24/Jul/2023:09:28:39 +0800] "GET /xingrg/javascript/jquery_easy_ui/themes/icons/area.png HTTP/1.1" 200 262
116.232.195.127 - - [24/Jul/2023:09:28:39 +0800] "GET /xingrg/all/function/internal_message.html?_=1690162080481&CODE_STATE=getMsg HTTP/1.1" 200 27
222.70.180.90 - - [24/Jul/2023:09:28:41 +0800] "GET /xingrg/kc/buy/cgsh_order_operate.html?command=get_materiel&rest_code=00111&code=00101008261&supplier_code=00100005&order_time=2023-07-24 HTTP/1.1" 200 408
116.238.191.126 - - [24/Jul/2023:09:28:42 +0800] "GET /xingrg/kc/buy/cgsh_order_operate.html?command=get_materiel&rest_code=00151&code=00101008183&supplier_code=00100008&order_time=2023-07-24 HTTP/1.1" 200 413
222.70.245.33 - - [24/Jul/2023:09:28:45 +0800] "GET /xingrg/check_reg.html?_=1690162126514 HTTP/1.1" 200 22
222.70.245.33 - - [24/Jul/2023:09:28:45 +0800] "GET /xingrg/all/function/internal_message.html?_=1690162126742&CODE_STATE=getMsg HTTP/1.1" 200 27
114.83.223.42 - - [24/Jul/2023:09:28:49 +0800] "GET /xingrg/all/function/internal_message.html?_=1690162129034&CODE_STATE=getMsg HTTP/1.1" 200 27
114.85.113.108 - - [24/Jul/2023:09:28:50 +0800] "GET /xingrg/check_reg.html?_=1690162130243 HTTP/1.1" 302 -
116.232.195.127 - - [24/Jul/2023:09:28:51 +0800] "GET /xingrg/check_reg.html?_=1690162092100 HTTP/1.1" 200 22
116.232.195.127 - - [24/Jul/2023:09:28:51 +0800] "GET /xingrg/all/function/internal_message.html?_=1690162092106&CODE_STATE=getMsg HTTP/1.1" 200 27
180.157.253.121 - - [24/Jul/2023:09:28:51 +0800] "GET /xingrg/kc/buy/cgsh_order_operate.html?command=get_materiel&rest_code=00148&code=00101008353&supplier_code=00100008&order_time=2023-07-24 HTTP/1.1" 200 408
114.83.223.42 - - [24/Jul/2023:09:28:52 +0800] "POST /xingrg/services/DataTransmitService HTTP/1.1" 200 501
116.238.191.126 - - [24/Jul/2023:09:28:52 +0800] "GET /xingrg/kc/buy/cgsh_order_operate.html?command=get_materiel&rest_code=00151&code=00101008014&supplier_code=00100008&order_time=2023-07-24 HTTP/1.1" 200 423
114.83.223.42 - - [24/Jul/2023:09:28:53 +0800] "POST /xingrg/services/DataTransmitService HTTP/1.1" 200 501
222.70.180.90 - - [24/Jul/2023:09:28:55 +0800] "GET /xingrg/kc/buy/cgsh_order_operate.html?command=get_materiel&rest_code=00111&code=00101008069&supplier_code=00100005&order_time=2023-07-24 HTTP/1.1" 200 412
101.83.145.37 - - [24/Jul/2023:09:28:56 +0800] "GET /xingrg/all/function/internal_message.html?_=1690161946282&CODE_STATE=getMsg HTTP/1.1" 200 27
124.79.243.110 - - [24/Jul/2023:09:28:57 +0800] "GET /xingrg/all/function/internal_message.html?_=1690162137880&CODE_STATE=getMsg HTTP/1.1" 200 27
180.157.253.121 - - [24/Jul/2023:09:29:00 +0800] "GET /xingrg/kc/buy/cgsh_order_operate.html?command=get_materiel&rest_code=00148&code=00101008105&supplier_code=00100008&order_time=2023-07-24 HTTP/1.1" 200 412
222.70.180.90 - - [24/Jul/2023:09:29:05 +0800] "GET /xingrg/kc/buy/cgsh_order_operate.html?command=get_materiel&rest_code=00111&code=00101008298&supplier_code=00100005&order_time=2023-07-24 HTTP/1.1" 200 413
180.157.253.121 - - [24/Jul/2023:09:29:08 +0800] "GET /xingrg/kc/buy/cgsh_order_operate.html?command=get_materiel&rest_code=00148&code=00101008119&supplier_code=00100008&order_time=2023-07-24 HTTP/1.1" 200 412
114.83.223.42 - - [24/Jul/2023:09:29:11 +0800] "POST /xingrg/services/DataTransmitService HTTP/1.1" 200 501
222.70.180.90 - - [24/Jul/2023:09:29:13 +0800] "GET /xingrg/kc/buy/cgsh_order_operate.html?command=get_materiel&rest_code=00111&code=00101008360&supplier_code=00100005&order_time=2023-07-24 HTTP/1.1" 200 412
124.78.156.130 - - [24/Jul/2023:09:29:14 +0800] "GET /xingrg/all/function/internal_message.html?_=1690162153814&CODE_STATE=getMsg HTTP/1.1" 200 27
124.78.156.130 - - [24/Jul/2023:09:29:14 +0800] "GET /xingrg/check_reg.html?_=1690162154358 HTTP/1.1" 200 22
116.238.191.126 - - [24/Jul/2023:09:29:15 +0800] "GET /xingrg/check_reg.html?_=1690162154576 HTTP/1.1" 200 22
116.238.191.126 - - [24/Jul/2023:09:29:15 +0800] "GET /xingrg/all/function/internal_message.html?_=1690162154604&CODE_STATE=getMsg HTTP/1.1" 200 27
58.40.7.146 - - [24/Jul/2023:09:29:15 +0800] "GET /xingrg/all/function/internal_message.html?_=1690162155248&CODE_STATE=getMsg HTTP/1.1" 302 -
120.253.135.82 - - [24/Jul/2023:09:29:16 +0800] "GET /xingrg/all/function/internal_message.html?_=1690161979154&CODE_STATE=getMsg HTTP/1.1" 200 27
124.79.243.110 - - [24/Jul/2023:09:29:17 +0800] "GET /xingrg/check_reg.html?_=1690162443733 HTTP/1.1" 200 22
124.79.243.110 - - [24/Jul/2023:09:29:17 +0800] "GET /xingrg/all/function/internal_message.html?_=1690162443734&CODE_STATE=getMsg HTTP/1.1" 200 27
180.157.253.121 - - [24/Jul/2023:09:29:18 +0800] "GET /xingrg/kc/buy/cgsh_order_operate.html?command=get_materiel&rest_code=00148&code=00101008176&supplier_code=00100008&order_time=2023-07-24 HTTP/1.1" 200 413
116.238.191.126 - - [24/Jul/2023:09:29:21 +0800] "GET /xingrg/all/function/internal_message.html?_=1690162050084&CODE_STATE=getMsg HTTP/1.1" 200 27
101.83.145.37 - - [24/Jul/2023:09:29:21 +0800] "GET /xingrg/all/function/internal_message.html?_=1690162162213&CODE_STATE=getMsg HTTP/1.1" 200 27
180.157.253.121 - - [24/Jul/2023:09:29:24 +0800] "GET /xingrg/all/function/internal_message.html?_=1690162165887&CODE_STATE=getMsg HTTP/1.1" 200 27
222.70.180.90 - - [24/Jul/2023:09:29:24 +0800] "GET /xingrg/kc/buy/cgsh_order_operate.html?command=get_materiel&rest_code=00111&code=00101008685&supplier_code=00100005&order_time=2023-07-24 HTTP/1.1" 200 422
180.163.30.100 - - [24/Jul/2023:09:29:26 +0800] "GET /xingrg/all/function/internal_message.html?_=1690162093841&CODE_STATE=getMsg HTTP/1.1" 302 -
180.163.30.100 - - [24/Jul/2023:09:29:26 +0800] "GET /xingrg/login.html HTTP/1.1" 200 7641
180.165.154.167 - - [24/Jul/2023:09:29:28 +0800] "GET /xingrg/all/function/internal_message.html?_=1690162168085&CODE_STATE=getMsg HTTP/1.1" 200 27
