180.157.253.121 - - [24/Jul/2023:10:07:23 +0800] "GET /xingrg/all/function/internal_message.html?_=1690164445776&CODE_STATE=getMsg HTTP/1.1" 200 27
116.238.191.126 - - [24/Jul/2023:10:07:26 +0800] "POST /xingrg/dwr/call/plaincall/AjaxQqpsService.getMaterielByCode.dwr HTTP/1.1" 200 3946
116.238.191.126 - - [24/Jul/2023:10:07:30 +0800] "POST /xingrg/dwr/call/plaincall/AjaxQqpsService.saveMaterielItem.dwr HTTP/1.1" 200 79
101.228.187.155 - - [24/Jul/2023:10:07:32 +0800] "GET /favicon.ico HTTP/1.1" 404 -
120.253.135.82 - - [24/Jul/2023:10:07:33 +0800] "GET /xingrg/all/function/internal_message.html?_=1690164276242&CODE_STATE=getMsg HTTP/1.1" 200 27
101.228.187.155 - - [24/Jul/2023:10:07:33 +0800] "GET /xingrg/login.html HTTP/1.1" 200 7641
101.228.187.155 - - [24/Jul/2023:10:07:33 +0800] "GET /xingrg/images/blue/jxLogo.png HTTP/1.1" 304 -
116.238.191.126 - - [24/Jul/2023:10:07:34 +0800] "POST /xingrg/dwr/call/plaincall/AjaxQqpsService.getMaterielByCode.dwr HTTP/1.1" 200 3934
101.228.187.155 - - [24/Jul/2023:10:07:34 +0800] "GET /xingrg/images/blue/login_bg.png HTTP/1.1" 304 -
101.228.187.155 - - [24/Jul/2023:10:07:34 +0800] "GET /xingrg/images/blue/hj.png HTTP/1.1" 304 -
101.228.187.155 - - [24/Jul/2023:10:07:34 +0800] "GET /xingrg/images/blue/srbg.png HTTP/1.1" 304 -
180.169.147.146 - - [24/Jul/2023:10:07:34 +0800] "GET /xingrg/all/function/internal_message.html?_=1690164454729&CODE_STATE=getMsg HTTP/1.1" 200 27
114.85.113.108 - - [24/Jul/2023:10:07:35 +0800] "GET /xingrg/all/function/internal_message.html?_=1690164454709&CODE_STATE=getMsg HTTP/1.1" 302 -
180.163.29.103 - - [24/Jul/2023:10:07:35 +0800] "GET /xingrg/all/function/internal_message.html?_=1690164394738&CODE_STATE=getMsg HTTP/1.1" 302 -
101.228.187.155 - - [24/Jul/2023:10:07:35 +0800] "GET /favicon.ico HTTP/1.1" 404 -
180.163.29.103 - - [24/Jul/2023:10:07:35 +0800] "GET /xingrg/login.html HTTP/1.1" 200 7641
222.70.180.90 - - [24/Jul/2023:10:07:37 +0800] "GET /xingrg/all/function/internal_message.html?_=1690164457561&CODE_STATE=getMsg HTTP/1.1" 200 27
116.238.191.126 - - [24/Jul/2023:10:07:37 +0800] "POST /xingrg/dwr/call/plaincall/AjaxQqpsService.saveMaterielItem.dwr HTTP/1.1" 200 79
116.232.195.127 - - [24/Jul/2023:10:07:39 +0800] "GET /xingrg/all/function/internal_message.html?_=1690164419898&CODE_STATE=getMsg HTTP/1.1" 200 27
116.238.191.126 - - [24/Jul/2023:10:07:41 +0800] "POST /xingrg/dwr/call/plaincall/AjaxQqpsService.getMaterielByCode.dwr HTTP/1.1" 200 3902
116.238.191.126 - - [24/Jul/2023:10:07:45 +0800] "POST /xingrg/dwr/call/plaincall/AjaxQqpsService.saveMaterielItem.dwr HTTP/1.1" 200 79
222.70.245.33 - - [24/Jul/2023:10:07:45 +0800] "GET /xingrg/all/function/internal_message.html?_=1690164467272&CODE_STATE=getMsg HTTP/1.1" 200 27
114.83.223.42 - - [24/Jul/2023:10:07:49 +0800] "GET /xingrg/all/function/internal_message.html?_=1690164468571&CODE_STATE=getMsg HTTP/1.1" 200 27
116.238.191.126 - - [24/Jul/2023:10:07:50 +0800] "POST /xingrg/dwr/call/plaincall/AjaxQqpsService.getMaterielByCode.dwr HTTP/1.1" 200 3913
116.232.195.127 - - [24/Jul/2023:10:07:51 +0800] "GET /xingrg/all/function/internal_message.html?_=1690164432098&CODE_STATE=getMsg HTTP/1.1" 200 27
180.157.253.121 - - [24/Jul/2023:10:07:53 +0800] "GET /xingrg/check_reg.html?_=1690164471208 HTTP/1.1" 200 22
116.238.191.126 - - [24/Jul/2023:10:07:53 +0800] "GET /xingrg/all/function/internal_message.html?_=1690164473027&CODE_STATE=getMsg HTTP/1.1" 200 27
116.238.191.126 - - [24/Jul/2023:10:07:54 +0800] "POST /xingrg/dwr/call/plaincall/AjaxQqpsService.saveMaterielItem.dwr HTTP/1.1" 200 79
180.152.241.196 - - [24/Jul/2023:10:07:54 +0800] "GET /xingrg/all/function/internal_message.html?_=1690164473422&CODE_STATE=getMsg HTTP/1.1" 200 27
101.83.145.37 - - [24/Jul/2023:10:07:56 +0800] "GET /xingrg/all/function/internal_message.html?_=1690164286340&CODE_STATE=getMsg HTTP/1.1" 200 27
180.165.154.167 - - [24/Jul/2023:10:07:58 +0800] "GET /xingrg/all/function/internal_message.html?_=1690164479008&CODE_STATE=getMsg HTTP/1.1" 200 27
222.70.114.12 - - [24/Jul/2023:10:07:59 +0800] "GET /xingrg/all/function/internal_message.html?_=1690164480634&CODE_STATE=getMsg HTTP/1.1" 200 27
116.238.191.126 - - [24/Jul/2023:10:08:00 +0800] "GET /xingrg/check_reg.html?_=1690164369288 HTTP/1.1" 200 22
116.238.191.126 - - [24/Jul/2023:10:08:00 +0800] "GET /xingrg/all/function/internal_message.html?_=1690164369406&CODE_STATE=getMsg HTTP/1.1" 200 27
120.253.135.82 - - [24/Jul/2023:10:08:03 +0800] "GET /xingrg/kc/pszx/mdps_order_list.html?orderType=0 HTTP/1.1" 200 21073
120.253.135.82 - - [24/Jul/2023:10:08:04 +0800] "POST /xingrg/kc/pszx/mdps_list_operate.html HTTP/1.1" 200 4295
120.253.135.82 - - [24/Jul/2023:10:08:07 +0800] "GET /xingrg/kc/report/report_main.html HTTP/1.1" 200 8599
120.253.135.82 - - [24/Jul/2023:10:08:07 +0800] "GET /xingrg/javascript/jquery_ui/themes/humanity/humanity.css HTTP/1.1" 304 -
116.238.191.126 - - [24/Jul/2023:10:08:08 +0800] "POST /xingrg/dwr/call/plaincall/AjaxQqpsService.getMaterielByCode.dwr HTTP/1.1" 200 3930
120.253.135.82 - - [24/Jul/2023:10:08:09 +0800] "GET /xingrg/kc/base/kc_stocks.html HTTP/1.1" 200 16506
120.253.135.82 - - [24/Jul/2023:10:08:09 +0800] "GET /xingrg/javascript/easyui/themes/sunny/easyui.css HTTP/1.1" 304 -
120.253.135.82 - - [24/Jul/2023:10:08:09 +0800] "GET /xingrg/javascript/easyui/plugins/jquery.draggable.js HTTP/1.1" 304 -
120.253.135.82 - - [24/Jul/2023:10:08:09 +0800] "GET /xingrg/javascript/easyui/plugins/jquery.droppable.js HTTP/1.1" 304 -
120.253.135.82 - - [24/Jul/2023:10:08:09 +0800] "GET /xingrg/javascript/easyui/themes/default/tree.css HTTP/1.1" 404 1090
120.253.135.82 - - [24/Jul/2023:10:08:09 +0800] "GET /xingrg/javascript/easyui/plugins/jquery.tree.js HTTP/1.1" 304 -
120.253.135.82 - - [24/Jul/2023:10:08:09 +0800] "POST /xingrg/all/common/load_tree.html?tree=materiel_sort_tree_json HTTP/1.1" 200 9500
120.253.135.82 - - [24/Jul/2023:10:08:10 +0800] "POST /xingrg/all/common/load_combo.html?type=base HTTP/1.1" 200 1169
124.78.156.130 - - [24/Jul/2023:10:08:13 +0800] "GET /xingrg/all/function/internal_message.html?_=1690164492930&CODE_STATE=getMsg HTTP/1.1" 200 27
116.238.191.126 - - [24/Jul/2023:10:08:13 +0800] "POST /xingrg/dwr/call/plaincall/AjaxQqpsService.saveMaterielItem.dwr HTTP/1.1" 200 79
58.40.7.146 - - [24/Jul/2023:10:08:15 +0800] "GET /xingrg/check_reg.html?_=1690164495261 HTTP/1.1" 302 -
58.40.7.146 - - [24/Jul/2023:10:08:15 +0800] "GET /xingrg/all/function/internal_message.html?_=1690164495262&CODE_STATE=getMsg HTTP/1.1" 302 -
116.238.191.126 - - [24/Jul/2023:10:08:16 +0800] "POST /xingrg/dwr/call/plaincall/AjaxQqpsService.getMaterielByCode.dwr HTTP/1.1" 200 3928
124.79.243.110 - - [24/Jul/2023:10:08:17 +0800] "GET /xingrg/all/function/internal_message.html?_=1690164783768&CODE_STATE=getMsg HTTP/1.1" 200 27
101.83.145.37 - - [24/Jul/2023:10:08:21 +0800] "GET /xingrg/all/function/internal_message.html?_=1690164502124&CODE_STATE=getMsg HTTP/1.1" 200 27
101.83.145.37 - - [24/Jul/2023:10:08:21 +0800] "GET /xingrg/check_reg.html?_=1690164502307 HTTP/1.1" 200 22
180.157.253.121 - - [24/Jul/2023:10:08:23 +0800] "GET /xingrg/all/function/internal_message.html?_=1690164505775&CODE_STATE=getMsg HTTP/1.1" 200 27
116.238.191.126 - - [24/Jul/2023:10:08:24 +0800] "POST /xingrg/dwr/call/plaincall/AjaxQqpsService.saveMaterielItem.dwr HTTP/1.1" 200 79
116.238.191.126 - - [24/Jul/2023:10:08:28 +0800] "POST /xingrg/dwr/call/plaincall/AjaxQqpsService.getMaterielByCode.dwr HTTP/1.1" 200 3847
120.253.135.82 - - [24/Jul/2023:10:08:29 +0800] "POST /xingrg/kc/base/stock_operate.html HTTP/1.1" 200 1457
120.253.135.82 - - [24/Jul/2023:10:08:30 +0800] "GET /xingrg/javascript/jquery_tools/fix_table.js HTTP/1.1" 304 -
120.253.135.82 - - [24/Jul/2023:10:08:33 +0800] "GET /xingrg/all/function/internal_message.html?_=1690164336250&CODE_STATE=getMsg HTTP/1.1" 200 27
180.163.29.103 - - [24/Jul/2023:10:08:34 +0800] "GET /xingrg/all/function/internal_message.html?_=1690164454729&CODE_STATE=getMsg HTTP/1.1" 302 -
180.163.29.103 - - [24/Jul/2023:10:08:34 +0800] "GET /xingrg/login.html HTTP/1.1" 200 7641
180.169.147.146 - - [24/Jul/2023:10:08:34 +0800] "GET /xingrg/all/function/internal_message.html?_=1690164514726&CODE_STATE=getMsg HTTP/1.1" 200 27
180.169.147.146 - - [24/Jul/2023:10:08:34 +0800] "GET /xingrg/check_reg.html?_=1690164514729 HTTP/1.1" 200 22
114.85.113.108 - - [24/Jul/2023:10:08:35 +0800] "GET /xingrg/all/function/internal_message.html?_=1690164514693&CODE_STATE=getMsg HTTP/1.1" 302 -
222.70.180.90 - - [24/Jul/2023:10:08:37 +0800] "GET /xingrg/all/function/internal_message.html?_=1690164517545&CODE_STATE=getMsg HTTP/1.1" 200 27
116.232.195.127 - - [24/Jul/2023:10:08:39 +0800] "GET /xingrg/all/function/internal_message.html?_=1690164479884&CODE_STATE=getMsg HTTP/1.1" 200 27
116.238.191.126 - - [24/Jul/2023:10:08:40 +0800] "POST /xingrg/dwr/call/plaincall/AjaxQqpsService.saveMaterielItem.dwr HTTP/1.1" 200 79
116.238.191.126 - - [24/Jul/2023:10:08:44 +0800] "POST /xingrg/dwr/call/plaincall/AjaxQqpsService.getMaterielByCode.dwr HTTP/1.1" 200 3924
222.70.245.33 - - [24/Jul/2023:10:08:44 +0800] "GET /xingrg/check_reg.html?_=1690164526560 HTTP/1.1" 200 22
222.70.245.33 - - [24/Jul/2023:10:08:45 +0800] "GET /xingrg/all/function/internal_message.html?_=1690164527285&CODE_STATE=getMsg HTTP/1.1" 200 27
120.253.135.82 - - [24/Jul/2023:10:08:47 +0800] "POST /xingrg/kc/base/stock_operate.html HTTP/1.1" 200 1462
114.83.223.42 - - [24/Jul/2023:10:08:49 +0800] "GET /xingrg/all/function/internal_message.html?_=1690164528557&CODE_STATE=getMsg HTTP/1.1" 200 27
116.238.191.126 - - [24/Jul/2023:10:08:50 +0800] "POST /xingrg/dwr/call/plaincall/AjaxQqpsService.saveMaterielItem.dwr HTTP/1.1" 200 79
114.85.113.108 - - [24/Jul/2023:10:08:50 +0800] "GET /xingrg/check_reg.html?_=1690164530302 HTTP/1.1" 302 -
116.232.195.127 - - [24/Jul/2023:10:08:51 +0800] "GET /xingrg/all/function/internal_message.html?_=1690164492109&CODE_STATE=getMsg HTTP/1.1" 200 27
116.232.195.127 - - [24/Jul/2023:10:08:51 +0800] "GET /xingrg/check_reg.html?_=1690164492116 HTTP/1.1" 200 22
116.238.191.126 - - [24/Jul/2023:10:08:53 +0800] "GET /xingrg/all/function/internal_message.html?_=1690164533027&CODE_STATE=getMsg HTTP/1.1" 200 27
180.152.241.196 - - [24/Jul/2023:10:08:54 +0800] "GET /xingrg/all/function/internal_message.html?_=1690164533438&CODE_STATE=getMsg HTTP/1.1" 200 27
116.238.191.126 - - [24/Jul/2023:10:08:55 +0800] "POST /xingrg/dwr/call/plaincall/AjaxQqpsService.checkOrder.dwr HTTP/1.1" 200 79
101.83.145.37 - - [24/Jul/2023:10:08:56 +0800] "GET /xingrg/all/function/internal_message.html?_=1690164346341&CODE_STATE=getMsg HTTP/1.1" 200 27
116.238.191.126 - - [24/Jul/2023:10:08:56 +0800] "GET /xingrg/kc/mdqp/qqps_order_info.html?code=302023072400462 HTTP/1.1" 200 26657
116.238.191.126 - - [24/Jul/2023:10:08:57 +0800] "GET /xingrg/dwr/interface/AjaxQqpsService.js HTTP/1.1" 200 16326
116.238.191.126 - - [24/Jul/2023:10:08:57 +0800] "GET /xingrg/dwr/interface/AjaxComOrderService.js HTTP/1.1" 200 18264
116.238.191.126 - - [24/Jul/2023:10:08:57 +0800] "GET /xingrg/dwr/engine.js HTTP/1.1" 200 43631
116.238.191.126 - - [24/Jul/2023:10:08:58 +0800] "POST /xingrg/dwr/call/plaincall/AjaxQqpsService.loadMaterielItems.dwr HTTP/1.1" 200 8348
180.165.154.167 - - [24/Jul/2023:10:08:59 +0800] "GET /xingrg/all/function/internal_message.html?_=1690164539023&CODE_STATE=getMsg HTTP/1.1" 200 27
222.70.114.12 - - [24/Jul/2023:10:08:59 +0800] "GET /xingrg/all/function/internal_message.html?_=1690164540632&CODE_STATE=getMsg HTTP/1.1" 200 27
124.79.243.110 - - [24/Jul/2023:10:08:59 +0800] "GET /xingrg/kc/base/wldb_order_list.html HTTP/1.1" 200 19145
124.79.243.110 - - [24/Jul/2023:10:09:00 +0800] "POST /xingrg/kc/base/wldb_list_operate.html HTTP/1.1" 200 928
116.238.191.126 - - [24/Jul/2023:10:09:00 +0800] "GET /xingrg/kc/mdqp/qqps_order_add.html HTTP/1.1" 200 28250
116.238.191.126 - - [24/Jul/2023:10:09:00 +0800] "GET /xingrg/all/function/internal_message.html?_=1690164429420&CODE_STATE=getMsg HTTP/1.1" 200 27
116.238.191.126 - - [24/Jul/2023:10:09:00 +0800] "GET /xingrg/dwr/interface/AjaxComOrderService.js HTTP/1.1" 200 18264
116.238.191.126 - - [24/Jul/2023:10:09:00 +0800] "GET /xingrg/dwr/interface/AjaxQqpsService.js HTTP/1.1" 200 16326
116.238.191.126 - - [24/Jul/2023:10:09:00 +0800] "GET /xingrg/dwr/engine.js HTTP/1.1" 200 43631
124.79.243.110 - - [24/Jul/2023:10:09:03 +0800] "GET /xingrg/kc/base/wldb_order_add.html HTTP/1.1" 200 30428
124.79.243.110 - - [24/Jul/2023:10:09:03 +0800] "GET /xingrg/javascript/easyui/themes/default/validatebox.css HTTP/1.1" 404 1104
124.79.243.110 - - [24/Jul/2023:10:09:03 +0800] "POST /xingrg/kc/base/wldb_order_operate.html HTTP/1.1" 200 6806
124.79.243.110 - - [24/Jul/2023:10:09:04 +0800] "POST /xingrg/all/common/load_combo.html?type=base HTTP/1.1" 200 3315
124.79.243.110 - - [24/Jul/2023:10:09:06 +0800] "POST /xingrg/all/common/load_combo.html?type=base HTTP/1.1" 200 3315
116.238.191.126 - - [24/Jul/2023:10:09:10 +0800] "POST /xingrg/dwr/call/plaincall/AjaxQqpsService.saveOrder.dwr HTTP/1.1" 200 78
116.238.191.126 - - [24/Jul/2023:10:09:11 +0800] "GET /xingrg/javascript/auto/indicator.gif HTTP/1.1" 404 1066
114.83.223.42 - - [24/Jul/2023:10:09:13 +0800] "GET /xingrg/kc/buy/cgsh_order_operate.html?command=get_materiel&rest_code=00149&code=00101009001&supplier_code=00100201&order_time=2023-07-24 HTTP/1.1" 200 416
124.78.156.130 - - [24/Jul/2023:10:09:13 +0800] "GET /xingrg/all/function/internal_message.html?_=1690164552903&CODE_STATE=getMsg HTTP/1.1" 200 27
180.163.29.234 - - [24/Jul/2023:10:09:13 +0800] "GET /xingrg/all/function/internal_message.html?_=1690164492930&CODE_STATE=getMsg HTTP/1.1" 302 -
180.163.29.234 - - [24/Jul/2023:10:09:13 +0800] "GET /xingrg/login.html HTTP/1.1" 200 7641
116.238.191.126 - - [24/Jul/2023:10:09:14 +0800] "POST /xingrg/dwr/call/plaincall/AjaxQqpsService.getMaterielByCode.dwr HTTP/1.1" 200 3920
124.78.156.130 - - [24/Jul/2023:10:09:14 +0800] "GET /xingrg/check_reg.html?_=1690164554266 HTTP/1.1" 200 22
124.79.243.110 - - [24/Jul/2023:10:09:14 +0800] "GET /xingrg/kc/base/wldb_order_operate.html?command=get_materiel&rest_code=00104&base_code=0010032&code=00101016037 HTTP/1.1" 200 451
58.40.7.146 - - [24/Jul/2023:10:09:15 +0800] "GET /xingrg/all/function/internal_message.html?_=1690164555263&CODE_STATE=getMsg HTTP/1.1" 302 -
124.79.243.110 - - [24/Jul/2023:10:09:17 +0800] "GET /xingrg/all/function/internal_message.html?_=1690164843848&CODE_STATE=getMsg HTTP/1.1" 200 27
124.79.243.110 - - [24/Jul/2023:10:09:17 +0800] "GET /xingrg/check_reg.html?_=1690164843849 HTTP/1.1" 200 22
116.238.191.126 - - [24/Jul/2023:10:09:19 +0800] "POST /xingrg/dwr/call/plaincall/AjaxQqpsService.saveMaterielItem.dwr HTTP/1.1" 200 78
101.83.145.37 - - [24/Jul/2023:10:09:21 +0800] "GET /xingrg/all/function/internal_message.html?_=1690164562120&CODE_STATE=getMsg HTTP/1.1" 200 27
116.238.191.126 - - [24/Jul/2023:10:09:22 +0800] "POST /xingrg/dwr/call/plaincall/AjaxQqpsService.getMaterielByCode.dwr HTTP/1.1" 200 3909
180.157.253.121 - - [24/Jul/2023:10:09:23 +0800] "GET /xingrg/all/function/internal_message.html?_=1690164565769&CODE_STATE=getMsg HTTP/1.1" 200 27
116.238.191.126 - - [24/Jul/2023:10:09:27 +0800] "POST /xingrg/dwr/call/plaincall/AjaxQqpsService.saveMaterielItem.dwr HTTP/1.1" 200 78
116.238.191.126 - - [24/Jul/2023:10:09:32 +0800] "POST /xingrg/dwr/call/plaincall/AjaxQqpsService.getMaterielByCode.dwr HTTP/1.1" 200 3927
120.253.135.82 - - [24/Jul/2023:10:09:33 +0800] "GET /xingrg/check_reg.html?_=1690164396076 HTTP/1.1" 200 22
120.253.135.82 - - [24/Jul/2023:10:09:33 +0800] "GET /xingrg/all/function/internal_message.html?_=1690164396264&CODE_STATE=getMsg HTTP/1.1" 200 27
180.163.28.68 - - [24/Jul/2023:10:09:34 +0800] "GET /xingrg/all/function/internal_message.html?_=1690164514726&CODE_STATE=getMsg HTTP/1.1" 302 -
180.163.28.68 - - [24/Jul/2023:10:09:34 +0800] "GET /xingrg/login.html HTTP/1.1" 200 7641
180.169.147.146 - - [24/Jul/2023:10:09:34 +0800] "GET /xingrg/all/function/internal_message.html?_=1690164574748&CODE_STATE=getMsg HTTP/1.1" 200 27
114.85.113.108 - - [24/Jul/2023:10:09:35 +0800] "GET /xingrg/all/function/internal_message.html?_=1690164574671&CODE_STATE=getMsg HTTP/1.1" 302 -
222.70.180.90 - - [24/Jul/2023:10:09:37 +0800] "GET /xingrg/all/function/internal_message.html?_=1690164577530&CODE_STATE=getMsg HTTP/1.1" 200 27
116.232.195.127 - - [24/Jul/2023:10:09:39 +0800] "GET /xingrg/all/function/internal_message.html?_=1690164539867&CODE_STATE=getMsg HTTP/1.1" 200 27
120.253.135.82 - - [24/Jul/2023:10:09:41 +0800] "GET /xingrg/kc/pszx/mdqp_order_list.html?state=10 HTTP/1.1" 200 11128
120.253.135.82 - - [24/Jul/2023:10:09:41 +0800] "GET /xingrg/dwr/interface/AjaxQqpsService.js HTTP/1.1" 200 16326
120.253.135.82 - - [24/Jul/2023:10:09:41 +0800] "GET /xingrg/dwr/interface/AjaxReportQueryService.js HTTP/1.1" 200 13203
120.253.135.82 - - [24/Jul/2023:10:09:41 +0800] "GET /xingrg/dwr/engine.js HTTP/1.1" 200 43631
114.83.223.42 - - [24/Jul/2023:10:09:41 +0800] "GET /xingrg/kc/buy/cgsh_order_operate.html?command=get_materiel&rest_code=00149&code=00101009041&supplier_code=00100201&order_time=2023-07-24 HTTP/1.1" 200 409
116.238.191.126 - - [24/Jul/2023:10:09:42 +0800] "POST /xingrg/dwr/call/plaincall/AjaxQqpsService.saveMaterielItem.dwr HTTP/1.1" 200 78
222.70.245.33 - - [24/Jul/2023:10:09:45 +0800] "GET /xingrg/all/function/internal_message.html?_=1690164587299&CODE_STATE=getMsg HTTP/1.1" 200 27
120.253.135.82 - - [24/Jul/2023:10:09:46 +0800] "GET /xingrg/kc/pszx/mdqp_order_info.html?code=302023072400462 HTTP/1.1" 200 13350
120.253.135.82 - - [24/Jul/2023:10:09:46 +0800] "GET /xingrg/javascript/tools/jquery.qtip-1.0.0-rc3.min.js HTTP/1.1" 304 -
120.253.135.82 - - [24/Jul/2023:10:09:46 +0800] "GET /xingrg/dwr/interface/AjaxQqpsService.js HTTP/1.1" 200 16326
120.253.135.82 - - [24/Jul/2023:10:09:46 +0800] "GET /xingrg/dwr/interface/AjaxComOrderService.js HTTP/1.1" 200 18264
120.253.135.82 - - [24/Jul/2023:10:09:46 +0800] "GET /xingrg/dwr/engine.js HTTP/1.1" 200 43631
120.253.135.82 - - [24/Jul/2023:10:09:46 +0800] "GET /xingrg/javascript/AjaxInfoList.js HTTP/1.1" 304 -
120.253.135.82 - - [24/Jul/2023:10:09:46 +0800] "GET /xingrg/javascript/Grid.js HTTP/1.1" 304 -
120.253.135.82 - - [24/Jul/2023:10:09:46 +0800] "GET /xingrg/javascript/checkform.js HTTP/1.1" 304 -
120.253.135.82 - - [24/Jul/2023:10:09:46 +0800] "GET /xingrg/javascript/ToolTips.js HTTP/1.1" 304 -
120.253.135.82 - - [24/Jul/2023:10:09:47 +0800] "POST /xingrg/dwr/call/plaincall/AjaxQqpsService.loadMaterielItems.dwr HTTP/1.1" 200 8348
114.83.223.42 - - [24/Jul/2023:10:09:49 +0800] "GET /xingrg/all/function/internal_message.html?_=1690164588541&CODE_STATE=getMsg HTTP/1.1" 200 27
116.238.191.126 - - [24/Jul/2023:10:09:49 +0800] "POST /xingrg/dwr/call/plaincall/AjaxQqpsService.getMaterielByCode.dwr HTTP/1.1" 200 3925
116.232.195.127 - - [24/Jul/2023:10:09:51 +0800] "GET /xingrg/all/function/internal_message.html?_=1690164552099&CODE_STATE=getMsg HTTP/1.1" 200 27
116.238.191.126 - - [24/Jul/2023:10:09:53 +0800] "GET /xingrg/all/function/internal_message.html?_=1690164593028&CODE_STATE=getMsg HTTP/1.1" 200 27
180.152.241.196 - - [24/Jul/2023:10:09:54 +0800] "GET /xingrg/all/function/internal_message.html?_=1690164593434&CODE_STATE=getMsg HTTP/1.1" 200 27
101.83.145.37 - - [24/Jul/2023:10:09:56 +0800] "GET /xingrg/all/function/internal_message.html?_=1690164406341&CODE_STATE=getMsg HTTP/1.1" 200 27
116.238.191.126 - - [24/Jul/2023:10:09:56 +0800] "POST /xingrg/dwr/call/plaincall/AjaxQqpsService.saveMaterielItem.dwr HTTP/1.1" 200 78
180.165.154.167 - - [24/Jul/2023:10:09:59 +0800] "GET /xingrg/check_reg.html?_=1690164599015 HTTP/1.1" 200 22
180.165.154.167 - - [24/Jul/2023:10:09:59 +0800] "GET /xingrg/all/function/internal_message.html?_=1690164599018&CODE_STATE=getMsg HTTP/1.1" 200 27
222.70.114.12 - - [24/Jul/2023:10:09:59 +0800] "GET /xingrg/all/function/internal_message.html?_=1690164600632&CODE_STATE=getMsg HTTP/1.1" 200 27
222.70.114.12 - - [24/Jul/2023:10:09:59 +0800] "GET /xingrg/check_reg.html?_=1690164600634 HTTP/1.1" 200 22
116.238.191.126 - - [24/Jul/2023:10:10:00 +0800] "GET /xingrg/all/function/internal_message.html?_=1690164489432&CODE_STATE=getMsg HTTP/1.1" 200 27
116.238.191.126 - - [24/Jul/2023:10:10:10 +0800] "POST /xingrg/dwr/call/plaincall/AjaxQqpsService.checkOrder.dwr HTTP/1.1" 200 78
116.238.191.126 - - [24/Jul/2023:10:10:12 +0800] "GET /xingrg/kc/mdqp/qqps_order_info.html?code=302023072400463 HTTP/1.1" 200 26657
116.238.191.126 - - [24/Jul/2023:10:10:12 +0800] "GET /xingrg/dwr/interface/AjaxComOrderService.js HTTP/1.1" 200 18264
116.238.191.126 - - [24/Jul/2023:10:10:12 +0800] "GET /xingrg/dwr/interface/AjaxQqpsService.js HTTP/1.1" 200 16326
116.238.191.126 - - [24/Jul/2023:10:10:12 +0800] "GET /xingrg/dwr/engine.js HTTP/1.1" 200 43631
116.238.191.126 - - [24/Jul/2023:10:10:13 +0800] "POST /xingrg/dwr/call/plaincall/AjaxQqpsService.loadMaterielItems.dwr HTTP/1.1" 200 1296
124.78.156.130 - - [24/Jul/2023:10:10:13 +0800] "GET /xingrg/all/function/internal_message.html?_=1690164612878&CODE_STATE=getMsg HTTP/1.1" 200 27
58.40.7.146 - - [24/Jul/2023:10:10:15 +0800] "GET /xingrg/all/function/internal_message.html?_=1690164615266&CODE_STATE=getMsg HTTP/1.1" 302 -
124.79.243.110 - - [24/Jul/2023:10:10:17 +0800] "GET /xingrg/all/function/internal_message.html?_=1690164903816&CODE_STATE=getMsg HTTP/1.1" 200 27
101.83.145.37 - - [24/Jul/2023:10:10:21 +0800] "GET /xingrg/all/function/internal_message.html?_=1690164622118&CODE_STATE=getMsg HTTP/1.1" 200 27
120.253.135.82 - - [24/Jul/2023:10:10:22 +0800] "GET /xingrg/images/yd/bt.gif HTTP/1.1" 404 1040
120.253.135.82 - - [24/Jul/2023:10:10:22 +0800] "GET /xingrg/images/yd/bt2.gif HTTP/1.1" 404 1042
180.157.253.121 - - [24/Jul/2023:10:10:23 +0800] "GET /xingrg/all/function/internal_message.html?_=1690164625751&CODE_STATE=getMsg HTTP/1.1" 200 27
180.157.253.121 - - [24/Jul/2023:10:10:24 +0800] "GET /xingrg/check_reg.html?_=1690164625886 HTTP/1.1" 200 22
114.83.223.42 - - [24/Jul/2023:10:10:27 +0800] "GET /xingrg/kc/buy/cgsh_order_operate.html?command=get_materiel&rest_code=00149&code=00101009006&supplier_code=00100201&order_time=2023-07-24 HTTP/1.1" 200 409
120.253.135.82 - - [24/Jul/2023:10:10:33 +0800] "GET /xingrg/all/function/internal_message.html?_=1690164456278&CODE_STATE=getMsg HTTP/1.1" 200 27
180.169.147.146 - - [24/Jul/2023:10:10:34 +0800] "GET /xingrg/all/function/internal_message.html?_=1690164634742&CODE_STATE=getMsg HTTP/1.1" 200 27
114.85.113.108 - - [24/Jul/2023:10:10:35 +0800] "GET /xingrg/all/function/internal_message.html?_=1690164634645&CODE_STATE=getMsg HTTP/1.1" 302 -
222.70.180.90 - - [24/Jul/2023:10:10:37 +0800] "GET /xingrg/all/function/internal_message.html?_=1690164637515&CODE_STATE=getMsg HTTP/1.1" 200 27
116.232.195.127 - - [24/Jul/2023:10:10:39 +0800] "GET /xingrg/all/function/internal_message.html?_=1690164599843&CODE_STATE=getMsg HTTP/1.1" 200 27
222.70.245.33 - - [24/Jul/2023:10:10:45 +0800] "GET /xingrg/all/function/internal_message.html?_=1690164647313&CODE_STATE=getMsg HTTP/1.1" 200 27
114.83.223.42 - - [24/Jul/2023:10:10:49 +0800] "GET /xingrg/all/function/internal_message.html?_=1690164648512&CODE_STATE=getMsg HTTP/1.1" 200 27
114.83.223.42 - - [24/Jul/2023:10:10:49 +0800] "GET /xingrg/check_reg.html?_=1690164649014 HTTP/1.1" 200 22
116.232.195.127 - - [24/Jul/2023:10:10:51 +0800] "GET /xingrg/all/function/internal_message.html?_=1690164612104&CODE_STATE=getMsg HTTP/1.1" 200 27
116.238.191.126 - - [24/Jul/2023:10:10:53 +0800] "GET /xingrg/all/function/internal_message.html?_=1690164653030&CODE_STATE=getMsg HTTP/1.1" 200 27
180.152.241.196 - - [24/Jul/2023:10:10:54 +0800] "GET /xingrg/check_reg.html?_=1690164653439 HTTP/1.1" 200 22
180.152.241.196 - - [24/Jul/2023:10:10:54 +0800] "GET /xingrg/all/function/internal_message.html?_=1690164653443&CODE_STATE=getMsg HTTP/1.1" 200 27
101.83.145.37 - - [24/Jul/2023:10:10:56 +0800] "GET /xingrg/all/function/internal_message.html?_=1690164466341&CODE_STATE=getMsg HTTP/1.1" 200 27
180.165.154.167 - - [24/Jul/2023:10:10:59 +0800] "GET /xingrg/all/function/internal_message.html?_=1690164659018&CODE_STATE=getMsg HTTP/1.1" 200 27
222.70.114.12 - - [24/Jul/2023:10:10:59 +0800] "GET /xingrg/all/function/internal_message.html?_=1690164660631&CODE_STATE=getMsg HTTP/1.1" 200 27
116.238.191.126 - - [24/Jul/2023:10:11:00 +0800] "GET /xingrg/all/function/internal_message.html?_=1690164549446&CODE_STATE=getMsg HTTP/1.1" 200 27
114.83.223.42 - - [24/Jul/2023:10:11:08 +0800] "GET /xingrg/kc/buy/cgsh_order_operate.html?command=get_materiel&rest_code=00149&code=00101008563&supplier_code=00100201&order_time=2023-07-24 HTTP/1.1" 200 413
124.78.156.130 - - [24/Jul/2023:10:11:13 +0800] "GET /xingrg/all/function/internal_message.html?_=1690164672864&CODE_STATE=getMsg HTTP/1.1" 200 27
58.40.7.146 - - [24/Jul/2023:10:11:15 +0800] "GET /xingrg/all/function/internal_message.html?_=1690164675252&CODE_STATE=getMsg HTTP/1.1" 302 -
124.79.243.110 - - [24/Jul/2023:10:11:17 +0800] "GET /xingrg/all/function/internal_message.html?_=1690164963795&CODE_STATE=getMsg HTTP/1.1" 200 27
101.83.145.37 - - [24/Jul/2023:10:11:21 +0800] "GET /xingrg/all/function/internal_message.html?_=1690164682116&CODE_STATE=getMsg HTTP/1.1" 200 27
114.83.223.42 - - [24/Jul/2023:10:11:23 +0800] "GET /xingrg/kc/buy/cgsh_order_operate.html?command=get_materiel&rest_code=00149&code=00101009062&supplier_code=00100201&order_time=2023-07-24 HTTP/1.1" 200 412
180.157.253.121 - - [24/Jul/2023:10:11:23 +0800] "GET /xingrg/all/function/internal_message.html?_=1690164685729&CODE_STATE=getMsg HTTP/1.1" 200 27
124.78.156.130 - - [24/Jul/2023:10:11:30 +0800] "POST /xingrg/services/DataTransmitService HTTP/1.1" 200 524
116.232.195.127 - - [24/Jul/2023:10:11:32 +0800] "GET /xingrg/check_reg.html?_=1690164653236 HTTP/1.1" 200 22
120.253.135.82 - - [24/Jul/2023:10:11:33 +0800] "GET /xingrg/all/function/internal_message.html?_=1690164516291&CODE_STATE=getMsg HTTP/1.1" 200 27
180.169.147.146 - - [24/Jul/2023:10:11:34 +0800] "GET /xingrg/all/function/internal_message.html?_=1690164694734&CODE_STATE=getMsg HTTP/1.1" 200 27
114.85.113.108 - - [24/Jul/2023:10:11:35 +0800] "GET /xingrg/all/function/internal_message.html?_=1690164694618&CODE_STATE=getMsg HTTP/1.1" 302 -
222.70.180.90 - - [24/Jul/2023:10:11:37 +0800] "GET /xingrg/all/function/internal_message.html?_=1690164697498&CODE_STATE=getMsg HTTP/1.1" 200 27
222.70.180.90 - - [24/Jul/2023:10:11:38 +0800] "GET /xingrg/check_reg.html?_=1690164697937 HTTP/1.1" 200 22
116.232.195.127 - - [24/Jul/2023:10:11:39 +0800] "GET /xingrg/all/function/internal_message.html?_=1690164659820&CODE_STATE=getMsg HTTP/1.1" 200 27
114.83.223.42 - - [24/Jul/2023:10:11:40 +0800] "GET /xingrg/kc/buy/cgsh_order_operate.html?command=get_materiel&rest_code=00149&code=00101009011&supplier_code=00100201&order_time=2023-07-24 HTTP/1.1" 200 416
222.70.245.33 - - [24/Jul/2023:10:11:45 +0800] "GET /xingrg/all/function/internal_message.html?_=1690164707332&CODE_STATE=getMsg HTTP/1.1" 200 27
120.253.135.82 - - [24/Jul/2023:10:11:47 +0800] "GET /xingrg/kc/pszx/mdqp_order_list.html?isBack=1 HTTP/1.1" 302 -
120.253.135.82 - - [24/Jul/2023:10:11:47 +0800] "GET /xingrg/kc/pszx/mdqp_order_list.html?state=10 HTTP/1.1" 200 11535
120.253.135.82 - - [24/Jul/2023:10:11:47 +0800] "GET /xingrg/dwr/interface/AjaxQqpsService.js HTTP/1.1" 200 16326
120.253.135.82 - - [24/Jul/2023:10:11:47 +0800] "GET /xingrg/dwr/interface/AjaxReportQueryService.js HTTP/1.1" 200 13203
120.253.135.82 - - [24/Jul/2023:10:11:47 +0800] "GET /xingrg/dwr/engine.js HTTP/1.1" 200 43631
114.83.223.42 - - [24/Jul/2023:10:11:49 +0800] "GET /xingrg/all/function/internal_message.html?_=1690164708484&CODE_STATE=getMsg HTTP/1.1" 200 27
116.232.195.127 - - [24/Jul/2023:10:11:51 +0800] "GET /xingrg/all/function/internal_message.html?_=1690164672106&CODE_STATE=getMsg HTTP/1.1" 200 27
116.238.191.126 - - [24/Jul/2023:10:11:53 +0800] "GET /xingrg/all/function/internal_message.html?_=1690164713031&CODE_STATE=getMsg HTTP/1.1" 200 27
116.238.191.126 - - [24/Jul/2023:10:11:53 +0800] "GET /xingrg/check_reg.html?_=1690164713173 HTTP/1.1" 200 22
120.253.135.82 - - [24/Jul/2023:10:11:54 +0800] "GET /xingrg/kc/pszx/mdqp_order_info.html?code=302023072400463 HTTP/1.1" 200 13350
120.253.135.82 - - [24/Jul/2023:10:11:54 +0800] "GET /xingrg/dwr/interface/AjaxComOrderService.js HTTP/1.1" 200 18264
120.253.135.82 - - [24/Jul/2023:10:11:54 +0800] "GET /xingrg/dwr/interface/AjaxQqpsService.js HTTP/1.1" 200 16326
120.253.135.82 - - [24/Jul/2023:10:11:54 +0800] "GET /xingrg/dwr/engine.js HTTP/1.1" 200 43631
120.253.135.82 - - [24/Jul/2023:10:11:54 +0800] "POST /xingrg/dwr/call/plaincall/AjaxQqpsService.loadMaterielItems.dwr HTTP/1.1" 200 1296
180.152.241.196 - - [24/Jul/2023:10:11:54 +0800] "GET /xingrg/all/function/internal_message.html?_=1690164713436&CODE_STATE=getMsg HTTP/1.1" 200 27
124.78.70.128 - - [24/Jul/2023:10:11:55 +0800] "GET /xingrg/login.html HTTP/1.1" 200 7641
101.83.145.37 - - [24/Jul/2023:10:11:56 +0800] "GET /xingrg/check_reg.html?_=1690164526341 HTTP/1.1" 200 22
101.83.145.37 - - [24/Jul/2023:10:11:56 +0800] "GET /xingrg/all/function/internal_message.html?_=1690164526344&CODE_STATE=getMsg HTTP/1.1" 200 27
124.78.70.128 - - [24/Jul/2023:10:11:56 +0800] "GET /favicon.ico HTTP/1.1" 404 -
180.165.154.167 - - [24/Jul/2023:10:11:58 +0800] "GET /xingrg/all/function/internal_message.html?_=1690164719005&CODE_STATE=getMsg HTTP/1.1" 200 27
222.70.114.12 - - [24/Jul/2023:10:11:59 +0800] "GET /xingrg/all/function/internal_message.html?_=1690164720630&CODE_STATE=getMsg HTTP/1.1" 200 27
124.78.70.128 - - [24/Jul/2023:10:11:59 +0800] "POST /xingrg/login.do HTTP/1.1" 302 -
124.78.70.128 - - [24/Jul/2023:10:11:59 +0800] "GET /xingrg/index.html?sysBaseUrl=http%3A%2F%2F180.169.147.146%3A18081%2Fxingrg%2F&costTime=804×tamp=1690164719663 HTTP/1.1" 200 17179
124.78.70.128 - - [24/Jul/2023:10:11:59 +0800] "GET /favicon.ico HTTP/1.1" 404 -
124.78.70.128 - - [24/Jul/2023:10:11:59 +0800] "GET /xingrg/check_reg.html?_=1690164189974 HTTP/1.1" 200 22
124.78.70.128 - - [24/Jul/2023:10:12:00 +0800] "POST /xingrg/all/common/load_tree.html?tree=area_rest_tree_json&manage=1 HTTP/1.1" 200 351
124.78.70.128 - - [24/Jul/2023:10:12:00 +0800] "GET /xingrg/all/function/internal_message.html?_=1690164189973&CODE_STATE=count HTTP/1.1" 200 11
124.78.70.128 - - [24/Jul/2023:10:12:00 +0800] "POST /xingrg/load_menu.html HTTP/1.1" 200 5138
116.238.191.126 - - [24/Jul/2023:10:12:00 +0800] "GET /xingrg/all/function/internal_message.html?_=1690164609460&CODE_STATE=getMsg HTTP/1.1" 200 27
120.253.135.82 - - [24/Jul/2023:10:12:03 +0800] "GET /xingrg/kc/pszx/mdqp_order_list.html?isBack=1 HTTP/1.1" 302 -
120.253.135.82 - - [24/Jul/2023:10:12:04 +0800] "GET /xingrg/kc/pszx/mdqp_order_list.html?state=10 HTTP/1.1" 200 11535
120.253.135.82 - - [24/Jul/2023:10:12:04 +0800] "GET /xingrg/dwr/interface/AjaxQqpsService.js HTTP/1.1" 200 16326
120.253.135.82 - - [24/Jul/2023:10:12:04 +0800] "GET /xingrg/dwr/interface/AjaxReportQueryService.js HTTP/1.1" 200 13203
120.253.135.82 - - [24/Jul/2023:10:12:04 +0800] "GET /xingrg/dwr/engine.js HTTP/1.1" 200 43631
124.78.156.130 - - [24/Jul/2023:10:12:13 +0800] "GET /xingrg/all/function/internal_message.html?_=1690164732836&CODE_STATE=getMsg HTTP/1.1" 200 27
58.40.7.146 - - [24/Jul/2023:10:12:15 +0800] "GET /xingrg/all/function/internal_message.html?_=1690164735254&CODE_STATE=getMsg HTTP/1.1" 302 -
124.79.243.110 - - [24/Jul/2023:10:12:17 +0800] "GET /xingrg/all/function/internal_message.html?_=1690165023775&CODE_STATE=getMsg HTTP/1.1" 200 27
101.83.145.37 - - [24/Jul/2023:10:12:21 +0800] "GET /xingrg/all/function/internal_message.html?_=1690164742120&CODE_STATE=getMsg HTTP/1.1" 200 27
180.157.253.121 - - [24/Jul/2023:10:12:23 +0800] "GET /xingrg/all/function/internal_message.html?_=1690164745737&CODE_STATE=getMsg HTTP/1.1" 200 27
120.253.135.82 - - [24/Jul/2023:10:12:33 +0800] "GET /xingrg/all/function/internal_message.html?_=1690164576305&CODE_STATE=getMsg HTTP/1.1" 200 27
180.163.28.180 - - [24/Jul/2023:10:12:34 +0800] "GET /xingrg/all/function/internal_message.html?_=1690164694734&CODE_STATE=getMsg HTTP/1.1" 302 -
180.163.28.180 - - [24/Jul/2023:10:12:34 +0800] "GET /xingrg/login.html HTTP/1.1" 200 7641
180.169.147.146 - - [24/Jul/2023:10:12:34 +0800] "GET /xingrg/all/function/internal_message.html?_=1690164754733&CODE_STATE=getMsg HTTP/1.1" 200 27
114.85.113.108 - - [24/Jul/2023:10:12:35 +0800] "GET /xingrg/all/function/internal_message.html?_=1690164754605&CODE_STATE=getMsg HTTP/1.1" 302 -
222.70.180.90 - - [24/Jul/2023:10:12:37 +0800] "GET /xingrg/all/function/internal_message.html?_=1690164757468&CODE_STATE=getMsg HTTP/1.1" 200 27
116.232.195.127 - - [24/Jul/2023:10:12:38 +0800] "GET /xingrg/all/function/internal_message.html?_=1690164719808&CODE_STATE=getMsg HTTP/1.1" 200 27
222.70.180.90 - - [24/Jul/2023:10:12:43 +0800] "GET /xingrg/kc/report/report_main.html HTTP/1.1" 200 7340
222.70.180.90 - - [24/Jul/2023:10:12:45 +0800] "GET /xingrg/kc/base/kc_stocks.html HTTP/1.1" 200 16506
222.70.180.90 - - [24/Jul/2023:10:12:45 +0800] "GET /xingrg/javascript/easyui/themes/default/tree.css HTTP/1.1" 404 1090
222.70.245.33 - - [24/Jul/2023:10:12:45 +0800] "GET /xingrg/all/function/internal_message.html?_=1690164767340&CODE_STATE=getMsg HTTP/1.1" 200 27
222.70.180.90 - - [24/Jul/2023:10:12:45 +0800] "POST /xingrg/all/common/load_tree.html?tree=materiel_sort_tree_json HTTP/1.1" 200 9500
114.83.223.42 - - [24/Jul/2023:10:12:48 +0800] "POST /xingrg/kc/buy/cgsh_order_operate.html HTTP/1.1" 200 37
124.78.156.130 - - [24/Jul/2023:10:12:49 +0800] "POST /xingrg/services/DataTransmitService HTTP/1.1" 200 501
222.70.180.90 - - [24/Jul/2023:10:12:50 +0800] "POST /xingrg/kc/buy/cgsh_list_operate.html HTTP/1.1" 200 3965
116.232.195.127 - - [24/Jul/2023:10:12:51 +0800] "GET /xingrg/all/function/internal_message.html?_=1690164732093&CODE_STATE=getMsg HTTP/1.1" 200 27
124.78.156.130 - - [24/Jul/2023:10:12:51 +0800] "POST /xingrg/services/DataTransmitService HTTP/1.1" 200 501
222.70.180.90 - - [24/Jul/2023:10:12:51 +0800] "POST /xingrg/kc/base/stock_operate.html HTTP/1.1" 200 3825
180.157.253.121 - - [24/Jul/2023:10:12:53 +0800] "GET /xingrg/check_reg.html?_=1690164771186 HTTP/1.1" 200 22
222.70.180.90 - - [24/Jul/2023:10:12:53 +0800] "GET /xingrg/kc/base/stock_detail.html?m=00101007081 HTTP/1.1" 200 7317
116.238.191.126 - - [24/Jul/2023:10:12:53 +0800] "GET /xingrg/all/function/internal_message.html?_=1690164773033&CODE_STATE=getMsg HTTP/1.1" 200 27
180.152.241.196 - - [24/Jul/2023:10:12:54 +0800] "GET /xingrg/all/function/internal_message.html?_=1690164773428&CODE_STATE=getMsg HTTP/1.1" 200 27
222.70.180.90 - - [24/Jul/2023:10:12:56 +0800] "GET /xingrg/kc/base/stock_operate.html?_=1690164775693&command=get_report_file&start_day=20230701 HTTP/1.1" 200 53
222.70.180.90 - - [24/Jul/2023:10:12:56 +0800] "GET /xingrg/all/report/report_query.html?isQuery=1&onlyBody=1&rh=2000&fileName=kc/base/kc_stock_detail_new.xml&queryString=(1=1)&queryText=&tableQueryString=init_table$sp1$$sp$crk_table$sp1$order_day%20between%2020230701%20and%2020230731&varString=start_day:20230701,materiel_code:00101007081,cost_id:4455,end_date:20230630 HTTP/1.1" 200 48701
222.70.180.90 - - [24/Jul/2023:10:12:56 +0800] "GET /xingrg/dwr/interface/AjaxReportQueryService.js HTTP/1.1" 200 13203
222.70.180.90 - - [24/Jul/2023:10:12:56 +0800] "GET /xingrg/dwr/engine.js HTTP/1.1" 200 43631
101.83.145.37 - - [24/Jul/2023:10:12:56 +0800] "GET /xingrg/all/function/internal_message.html?_=1690164586329&CODE_STATE=getMsg HTTP/1.1" 200 27
180.165.154.167 - - [24/Jul/2023:10:12:59 +0800] "GET /xingrg/all/function/internal_message.html?_=1690164779016&CODE_STATE=getMsg HTTP/1.1" 200 27
222.70.114.12 - - [24/Jul/2023:10:12:59 +0800] "GET /xingrg/all/function/internal_message.html?_=1690164780629&CODE_STATE=getMsg HTTP/1.1" 200 27
114.83.223.42 - - [24/Jul/2023:10:12:59 +0800] "POST /xingrg/kc/buy/cgsh_order_operate.html HTTP/1.1" 200 12
222.70.180.90 - - [24/Jul/2023:10:12:59 +0800] "POST /xingrg/all/report/load_report_page.html HTTP/1.1" 200 118180
124.78.70.128 - - [24/Jul/2023:10:13:00 +0800] "GET /xingrg/all/function/internal_message.html?_=1690164249985&CODE_STATE=getMsg HTTP/1.1" 200 27
222.70.180.90 - - [24/Jul/2023:10:13:00 +0800] "GET /xingrg/servlets/image?cache=0.12168612411100344&image=px HTTP/1.1" 200 807
116.238.191.126 - - [24/Jul/2023:10:13:00 +0800] "GET /xingrg/check_reg.html?_=1690164669292 HTTP/1.1" 200 22
116.238.191.126 - - [24/Jul/2023:10:13:00 +0800] "GET /xingrg/all/function/internal_message.html?_=1690164669473&CODE_STATE=getMsg HTTP/1.1" 200 27
114.83.223.42 - - [24/Jul/2023:10:13:02 +0800] "GET /xingrg/kc/buy/cgsh_order_info.html?code=212023072409453 HTTP/1.1" 200 66721
114.83.223.42 - - [24/Jul/2023:10:13:03 +0800] "GET /xingrg/javascript/easyui/themes/default/validatebox.css HTTP/1.1" 404 1104
114.83.223.42 - - [24/Jul/2023:10:13:04 +0800] "POST /xingrg/kc/buy/cgsh_order_operate.html HTTP/1.1" 200 4160
114.83.223.42 - - [24/Jul/2023:10:13:08 +0800] "GET /xingrg/kc/print/load_data.html?order_code=212023072409453&kc_code=cgsh&condition= HTTP/1.1" 200 2068
180.163.29.206 - - [24/Jul/2023:10:13:13 +0800] "GET /xingrg/all/function/internal_message.html?_=1690164732836&CODE_STATE=getMsg HTTP/1.1" 302 -
180.163.29.206 - - [24/Jul/2023:10:13:13 +0800] "GET /xingrg/login.html HTTP/1.1" 200 7641
124.78.156.130 - - [24/Jul/2023:10:13:13 +0800] "GET /xingrg/all/function/internal_message.html?_=1690164792819&CODE_STATE=getMsg HTTP/1.1" 200 27
124.78.156.130 - - [24/Jul/2023:10:13:15 +0800] "POST /xingrg/services/DataTransmitService HTTP/1.1" 200 501
58.40.7.146 - - [24/Jul/2023:10:13:15 +0800] "GET /xingrg/all/function/internal_message.html?_=1690164795257&CODE_STATE=getMsg HTTP/1.1" 302 -
58.40.7.146 - - [24/Jul/2023:10:13:15 +0800] "GET /xingrg/check_reg.html?_=1690164795257 HTTP/1.1" 302 -
124.79.243.110 - - [24/Jul/2023:10:13:17 +0800] "GET /xingrg/all/function/internal_message.html?_=1690165083773&CODE_STATE=getMsg HTTP/1.1" 200 27
101.83.145.37 - - [24/Jul/2023:10:13:21 +0800] "GET /xingrg/all/function/internal_message.html?_=1690164802121&CODE_STATE=getMsg HTTP/1.1" 200 27
101.83.145.37 - - [24/Jul/2023:10:13:21 +0800] "GET /xingrg/check_reg.html?_=1690164802276 HTTP/1.1" 200 22
180.157.253.121 - - [24/Jul/2023:10:13:23 +0800] "GET /xingrg/all/function/internal_message.html?_=1690164805719&CODE_STATE=getMsg HTTP/1.1" 200 27
120.253.135.82 - - [24/Jul/2023:10:13:33 +0800] "GET /xingrg/all/function/internal_message.html?_=1690164636318&CODE_STATE=getMsg HTTP/1.1" 200 27
124.78.156.130 - - [24/Jul/2023:10:13:33 +0800] "POST /xingrg/services/DataTransmitService HTTP/1.1" 200 501
180.169.147.146 - - [24/Jul/2023:10:13:34 +0800] "GET /xingrg/check_reg.html?_=1690164814746 HTTP/1.1" 200 22
180.169.147.146 - - [24/Jul/2023:10:13:34 +0800] "GET /xingrg/all/function/internal_message.html?_=1690164814751&CODE_STATE=getMsg HTTP/1.1" 200 27
114.85.113.108 - - [24/Jul/2023:10:13:35 +0800] "GET /xingrg/all/function/internal_message.html?_=1690164814581&CODE_STATE=getMsg HTTP/1.1" 302 -
124.78.156.130 - - [24/Jul/2023:10:13:35 +0800] "POST /xingrg/services/DataTransmitService HTTP/1.1" 200 501
124.78.156.130 - - [24/Jul/2023:10:13:36 +0800] "POST /xingrg/services/DataTransmitService HTTP/1.1" 200 501
222.70.180.90 - - [24/Jul/2023:10:13:37 +0800] "GET /xingrg/all/function/internal_message.html?_=1690164817463&CODE_STATE=getMsg HTTP/1.1" 200 27
116.232.195.127 - - [24/Jul/2023:10:13:38 +0800] "GET /xingrg/all/function/internal_message.html?_=1690164779794&CODE_STATE=getMsg HTTP/1.1" 200 27
124.78.156.130 - - [24/Jul/2023:10:13:41 +0800] "POST /xingrg/services/DataTransmitService HTTP/1.1" 200 501
124.78.156.130 - - [24/Jul/2023:10:13:43 +0800] "POST /xingrg/services/DataTransmitService HTTP/1.1" 200 501
124.78.156.130 - - [24/Jul/2023:10:13:44 +0800] "POST /xingrg/services/DataTransmitService HTTP/1.1" 200 501
124.78.156.130 - - [24/Jul/2023:10:13:44 +0800] "POST /xingrg/services/DataTransmitService HTTP/1.1" 200 412
222.70.245.33 - - [24/Jul/2023:10:13:44 +0800] "GET /xingrg/check_reg.html?_=1690164826568 HTTP/1.1" 200 22
222.70.245.33 - - [24/Jul/2023:10:13:45 +0800] "GET /xingrg/all/function/internal_message.html?_=1690164827354&CODE_STATE=getMsg HTTP/1.1" 200 27
114.83.223.42 - - [24/Jul/2023:10:13:49 +0800] "GET /xingrg/all/function/internal_message.html?_=1690164828504&CODE_STATE=getMsg HTTP/1.1" 200 27
114.85.113.108 - - [24/Jul/2023:10:13:50 +0800] "GET /xingrg/check_reg.html?_=1690164830284 HTTP/1.1" 302 -
116.232.195.127 - - [24/Jul/2023:10:13:51 +0800] "GET /xingrg/all/function/internal_message.html?_=1690164792105&CODE_STATE=getMsg HTTP/1.1" 200 27
116.232.195.127 - - [24/Jul/2023:10:13:51 +0800] "GET /xingrg/check_reg.html?_=1690164792107 HTTP/1.1" 200 22
116.238.191.126 - - [24/Jul/2023:10:13:53 +0800] "GET /xingrg/all/function/internal_message.html?_=1690164833033&CODE_STATE=getMsg HTTP/1.1" 200 27
180.152.241.196 - - [24/Jul/2023:10:13:54 +0800] "GET /xingrg/all/function/internal_message.html?_=1690164833424&CODE_STATE=getMsg HTTP/1.1" 200 27
101.83.145.37 - - [24/Jul/2023:10:13:56 +0800] "GET /xingrg/all/function/internal_message.html?_=1690164646329&CODE_STATE=getMsg HTTP/1.1" 200 27
180.165.154.167 - - [24/Jul/2023:10:13:59 +0800] "GET /xingrg/all/function/internal_message.html?_=1690164839018&CODE_STATE=getMsg HTTP/1.1" 200 27
222.70.114.12 - - [24/Jul/2023:10:13:59 +0800] "GET /xingrg/all/function/internal_message.html?_=1690164840628&CODE_STATE=getMsg HTTP/1.1" 200 27
124.78.70.128 - - [24/Jul/2023:10:14:00 +0800] "GET /xingrg/all/function/internal_message.html?_=1690164309989&CODE_STATE=getMsg HTTP/1.1" 200 27
116.238.191.126 - - [24/Jul/2023:10:14:00 +0800] "GET /xingrg/all/function/internal_message.html?_=1690164729486&CODE_STATE=getMsg HTTP/1.1" 200 27
222.70.245.33 - - [24/Jul/2023:10:14:07 +0800] "GET /xingrg/kc/buy/cgsh_order_list.html HTTP/1.1" 200 55948
222.70.245.33 - - [24/Jul/2023:10:14:10 +0800] "POST /xingrg/kc/buy/cgsh_list_operate.html HTTP/1.1" 200 986
222.70.245.33 - - [24/Jul/2023:10:14:12 +0800] "GET /xingrg/kc/buy/cgsh_order_add.html HTTP/1.1" 200 71724
222.70.245.33 - - [24/Jul/2023:10:14:12 +0800] "GET /xingrg/javascript/jquery_tools/order_manager.js HTTP/1.1" 304 -
222.70.245.33 - - [24/Jul/2023:10:14:12 +0800] "GET /xingrg/javascript/json2.js HTTP/1.1" 304 -
222.70.245.33 - - [24/Jul/2023:10:14:12 +0800] "GET /xingrg/words/20230723174018_words.js HTTP/1.1" 304 -
222.70.245.33 - - [24/Jul/2023:10:14:13 +0800] "POST /xingrg/kc/buy/cgsh_order_operate.html HTTP/1.1" 200 8245
124.78.156.130 - - [24/Jul/2023:10:14:13 +0800] "GET /xingrg/all/function/internal_message.html?_=1690164852804&CODE_STATE=getMsg HTTP/1.1" 200 27
222.70.245.33 - - [24/Jul/2023:10:14:13 +0800] "GET /xingrg/all/common/auto_word.html?type=employee&rest_code=00146 HTTP/1.1" 200 101
222.70.245.33 - - [24/Jul/2023:10:14:13 +0800] "GET /xingrg/javascript/easyui/themes/default/validatebox.css HTTP/1.1" 404 1104
222.70.245.33 - - [24/Jul/2023:10:14:13 +0800] "GET /xingrg/javascript/easyui/plugins/jquery.validatebox.js HTTP/1.1" 304 -
222.70.245.33 - - [24/Jul/2023:10:14:13 +0800] "GET /xingrg/all/common/auto_word.html?type=employee&rest_code=00146 HTTP/1.1" 200 101
222.70.245.33 - - [24/Jul/2023:10:14:13 +0800] "GET /xingrg/javascript/easyui/plugins/jquery.numberbox.js HTTP/1.1" 304 -
124.78.156.130 - - [24/Jul/2023:10:14:14 +0800] "GET /xingrg/check_reg.html?_=1690164854241 HTTP/1.1" 200 22
58.40.7.146 - - [24/Jul/2023:10:14:15 +0800] "GET /xingrg/all/function/internal_message.html?_=1690164855258&CODE_STATE=getMsg HTTP/1.1" 302 -
124.79.243.110 - - [24/Jul/2023:10:14:17 +0800] "GET /xingrg/all/function/internal_message.html?_=1690165143772&CODE_STATE=getMsg HTTP/1.1" 200 27
124.79.243.110 - - [24/Jul/2023:10:14:17 +0800] "GET /xingrg/check_reg.html?_=1690165143818 HTTP/1.1" 200 22
222.70.245.33 - - [24/Jul/2023:10:14:18 +0800] "GET /xingrg/javascript/auto/indicator.gif HTTP/1.1" 404 1066
222.70.245.33 - - [24/Jul/2023:10:14:21 +0800] "GET /xingrg/javascript/jquery_tools/images/prev.gif HTTP/1.1" 404 1086
222.70.245.33 - - [24/Jul/2023:10:14:21 +0800] "GET /xingrg/javascript/jquery_tools/images/next.gif HTTP/1.1" 404 1086
101.83.145.37 - - [24/Jul/2023:10:14:21 +0800] "GET /xingrg/all/function/internal_message.html?_=1690164862113&CODE_STATE=getMsg HTTP/1.1" 200 27
180.157.253.121 - - [24/Jul/2023:10:14:23 +0800] "GET /xingrg/all/function/internal_message.html?_=1690164865703&CODE_STATE=getMsg HTTP/1.1" 200 27
124.78.156.130 - - [24/Jul/2023:10:14:24 +0800] "GET /xingrg/kc/base/base_main.html HTTP/1.1" 200 12142
124.78.156.130 - - [24/Jul/2023:10:14:26 +0800] "GET /xingrg/kc/buy/buy_main.html HTTP/1.1" 200 12412
124.78.156.130 - - [24/Jul/2023:10:14:26 +0800] "GET /xingrg/css/new_ie.css HTTP/1.1" 404 1036
124.78.156.130 - - [24/Jul/2023:10:14:27 +0800] "GET /xingrg/images/yd/bt.gif HTTP/1.1" 404 1040
124.78.156.130 - - [24/Jul/2023:10:14:28 +0800] "GET /xingrg/kc/buy/cgsh_order_list.html HTTP/1.1" 200 55942
120.253.135.82 - - [24/Jul/2023:10:14:33 +0800] "GET /xingrg/check_reg.html?_=1690164696092 HTTP/1.1" 200 22
222.70.245.33 - - [24/Jul/2023:10:14:33 +0800] "GET /xingrg/kc/buy/cgsh_order_operate.html?command=get_materiel&rest_code=00146&code=00101008403&supplier_code=00100005&order_time=2023-07-24 HTTP/1.1" 200 412
120.253.135.82 - - [24/Jul/2023:10:14:33 +0800] "GET /xingrg/all/function/internal_message.html?_=1690164696331&CODE_STATE=getMsg HTTP/1.1" 200 27
180.169.147.146 - - [24/Jul/2023:10:14:34 +0800] "GET /xingrg/all/function/internal_message.html?_=1690164874726&CODE_STATE=getMsg HTTP/1.1" 200 27
114.85.113.108 - - [24/Jul/2023:10:14:35 +0800] "GET /xingrg/all/function/internal_message.html?_=1690164874581&CODE_STATE=getMsg HTTP/1.1" 302 -
222.70.180.90 - - [24/Jul/2023:10:14:37 +0800] "GET /xingrg/all/function/internal_message.html?_=1690164877444&CODE_STATE=getMsg HTTP/1.1" 200 27
124.78.156.130 - - [24/Jul/2023:10:14:38 +0800] "POST /xingrg/kc/buy/cgsh_list_operate.html HTTP/1.1" 200 1867
116.232.195.127 - - [24/Jul/2023:10:14:38 +0800] "GET /xingrg/all/function/internal_message.html?_=1690164839779&CODE_STATE=getMsg HTTP/1.1" 200 27
124.78.156.130 - - [24/Jul/2023:10:14:41 +0800] "POST /xingrg/kc/buy/cgsh_list_operate.html HTTP/1.1" 200 566
222.70.245.33 - - [24/Jul/2023:10:14:45 +0800] "GET /xingrg/all/function/internal_message.html?_=1690164887367&CODE_STATE=getMsg HTTP/1.1" 200 27
114.85.113.108 - - [24/Jul/2023:10:14:48 +0800] "GET /xingrg/kc/buy/cgsh_order_add.html HTTP/1.1" 302 -
114.85.113.108 - - [24/Jul/2023:10:14:48 +0800] "GET /xingrg/login.html HTTP/1.1" 200 7641
114.85.113.108 - - [24/Jul/2023:10:14:48 +0800] "GET /xingrg/login.html HTTP/1.1" 200 7641
114.83.223.42 - - [24/Jul/2023:10:14:49 +0800] "GET /xingrg/all/function/internal_message.html?_=1690164888481&CODE_STATE=getMsg HTTP/1.1" 200 27
114.85.113.108 - - [24/Jul/2023:10:14:51 +0800] "GET /favicon.ico HTTP/1.1" 404 -
116.232.195.127 - - [24/Jul/2023:10:14:51 +0800] "GET /xingrg/all/function/internal_message.html?_=1690164852100&CODE_STATE=getMsg HTTP/1.1" 200 27
124.78.156.130 - - [24/Jul/2023:10:14:51 +0800] "GET /xingrg/kc/buy/cgsh_order_info.html?code=212023072409421 HTTP/1.1" 200 71733
222.70.245.33 - - [24/Jul/2023:10:14:51 +0800] "GET /xingrg/kc/buy/cgsh_order_operate.html?command=get_materiel&rest_code=00146&code=00101008359&supplier_code=00100005&order_time=2023-07-24 HTTP/1.1" 200 408
124.78.156.130 - - [24/Jul/2023:10:14:52 +0800] "GET /xingrg/javascript/easyui/themes/default/validatebox.css HTTP/1.1" 404 1104
116.238.191.126 - - [24/Jul/2023:10:14:53 +0800] "GET /xingrg/all/function/internal_message.html?_=1690164893035&CODE_STATE=getMsg HTTP/1.1" 200 27
124.78.156.130 - - [24/Jul/2023:10:14:53 +0800] "POST /xingrg/kc/buy/cgsh_order_operate.html HTTP/1.1" 200 23329
180.152.241.196 - - [24/Jul/2023:10:14:54 +0800] "GET /xingrg/all/function/internal_message.html?_=1690164893429&CODE_STATE=getMsg HTTP/1.1" 200 27
101.83.145.37 - - [24/Jul/2023:10:14:56 +0800] "GET /xingrg/all/function/internal_message.html?_=1690164706330&CODE_STATE=getMsg HTTP/1.1" 200 27
180.165.154.167 - - [24/Jul/2023:10:14:58 +0800] "GET /xingrg/check_reg.html?_=1690164899011 HTTP/1.1" 200 22
180.165.154.167 - - [24/Jul/2023:10:14:59 +0800] "GET /xingrg/all/function/internal_message.html?_=1690164899013&CODE_STATE=getMsg HTTP/1.1" 200 27
222.70.114.12 - - [24/Jul/2023:10:14:59 +0800] "GET /xingrg/all/function/internal_message.html?_=1690164900627&CODE_STATE=getMsg HTTP/1.1" 200 27
222.70.114.12 - - [24/Jul/2023:10:14:59 +0800] "GET /xingrg/check_reg.html?_=1690164900636 HTTP/1.1" 200 22
124.78.70.128 - - [24/Jul/2023:10:15:00 +0800] "GET /xingrg/all/function/internal_message.html?_=1690164369993&CODE_STATE=getMsg HTTP/1.1" 200 27
116.238.191.126 - - [24/Jul/2023:10:15:00 +0800] "GET /xingrg/all/function/internal_message.html?_=1690164789499&CODE_STATE=getMsg HTTP/1.1" 200 27
124.78.156.130 - - [24/Jul/2023:10:15:01 +0800] "GET /xingrg/javascript/auto/indicator.gif HTTP/1.1" 404 1066
114.85.113.108 - - [24/Jul/2023:10:15:02 +0800] "GET /xingrg/login.html HTTP/1.1" 200 7641
114.85.113.108 - - [24/Jul/2023:10:15:02 +0800] "GET /favicon.ico HTTP/1.1" 404 -
116.232.195.127 - - [24/Jul/2023:10:15:07 +0800] "POST /xingrg/services/DataTransmitService HTTP/1.1" 200 524
114.85.113.108 - - [24/Jul/2023:10:15:12 +0800] "POST /xingrg/login.do HTTP/1.1" 302 -
114.85.113.108 - - [24/Jul/2023:10:15:12 +0800] "GET /xingrg/index.html?sysBaseUrl=http%3A%2F%2F180.169.147.146%3A18081%2Fxingrg%2F&costTime=1533×tamp=1690164912471 HTTP/1.1" 200 17179
124.78.156.130 - - [24/Jul/2023:10:15:13 +0800] "GET /xingrg/all/function/internal_message.html?_=1690164912790&CODE_STATE=getMsg HTTP/1.1" 200 27
114.85.113.108 - - [24/Jul/2023:10:15:13 +0800] "GET /favicon.ico HTTP/1.1" 404 -
