180.157.253.121 - - [24/Jul/2023:09:02:26 +0800] "POST /xingrg/dwr/call/plaincall/AjaxCheckService.setItemNumber.dwr HTTP/1.1" 200 78
180.157.253.121 - - [24/Jul/2023:09:02:26 +0800] "POST /xingrg/dwr/call/plaincall/AjaxCheckService.setItemNumber.dwr HTTP/1.1" 200 78
180.165.154.167 - - [24/Jul/2023:09:02:28 +0800] "GET /xingrg/all/function/internal_message.html?_=1690160546921&CODE_STATE=getMsg HTTP/1.1" 200 27
180.165.154.167 - - [24/Jul/2023:09:02:34 +0800] "GET /xingrg/javascript/auto/indicator.gif HTTP/1.1" 404 1066
114.85.113.108 - - [24/Jul/2023:09:02:36 +0800] "GET /xingrg/all/function/internal_message.html?_=1690160555773&CODE_STATE=getMsg HTTP/1.1" 302 -
222.70.180.90 - - [24/Jul/2023:09:02:38 +0800] "GET /xingrg/all/function/internal_message.html?_=1690160557880&CODE_STATE=getMsg HTTP/1.1" 200 27
124.78.156.130 - - [24/Jul/2023:09:02:43 +0800] "POST /xingrg/kc/buy/cgsh_order_operate.html HTTP/1.1" 200 18621
120.253.135.82 - - [24/Jul/2023:09:02:47 +0800] "GET /xingrg/check_reg.html?_=1690160390487 HTTP/1.1" 200 22
180.165.154.167 - - [24/Jul/2023:09:02:52 +0800] "GET /xingrg/kc/buy/cgsh_order_operate.html?command=get_materiel&rest_code=00108&code=00101006111&supplier_code=00100012&order_time=2023-07-24 HTTP/1.1" 200 409
180.157.253.121 - - [24/Jul/2023:09:02:53 +0800] "GET /xingrg/check_reg.html?_=1690160571381 HTTP/1.1" 200 22
101.83.145.37 - - [24/Jul/2023:09:02:56 +0800] "GET /xingrg/all/function/internal_message.html?_=1690160386230&CODE_STATE=getMsg HTTP/1.1" 200 27
222.70.245.33 - - [24/Jul/2023:09:02:57 +0800] "GET /xingrg/kc/base/check_order_list.html HTTP/1.1" 200 16264
222.70.245.33 - - [24/Jul/2023:09:02:57 +0800] "GET /xingrg/javascript/jquery_tools/datebox.css HTTP/1.1" 304 -
222.70.245.33 - - [24/Jul/2023:09:02:57 +0800] "GET /xingrg/javascript/easyui/themes/default/easyui.css HTTP/1.1" 304 -
222.70.245.33 - - [24/Jul/2023:09:02:57 +0800] "GET /xingrg/javascript/auto/jquery.autocomplete.css HTTP/1.1" 304 -
222.70.245.33 - - [24/Jul/2023:09:02:57 +0800] "GET /xingrg/javascript/easyui/themes/icon.css HTTP/1.1" 304 -
222.70.245.33 - - [24/Jul/2023:09:02:57 +0800] "GET /xingrg/css/site.css HTTP/1.1" 304 -
222.70.245.33 - - [24/Jul/2023:09:02:57 +0800] "GET /xingrg/css/base.css HTTP/1.1" 304 -
222.70.245.33 - - [24/Jul/2023:09:02:57 +0800] "GET /xingrg/javascript/jquery_tools/fix.css HTTP/1.1" 304 -
222.70.245.33 - - [24/Jul/2023:09:02:57 +0800] "GET /xingrg/javascript/jquery_tools/jquery.tools.hotkey.js HTTP/1.1" 304 -
222.70.245.33 - - [24/Jul/2023:09:02:57 +0800] "GET /xingrg/javascript/jquery_tools/jquery.tools.extend.js HTTP/1.1" 304 -
222.70.245.33 - - [24/Jul/2023:09:02:57 +0800] "GET /xingrg/javascript/jquery_tools/table.css HTTP/1.1" 304 -
222.70.245.33 - - [24/Jul/2023:09:02:57 +0800] "GET /xingrg/javascript/jquery_tools/jquery.tools.table.js HTTP/1.1" 304 -
222.70.245.33 - - [24/Jul/2023:09:02:57 +0800] "GET /xingrg/javascript/jquery_tools/jquery.tools.min.js HTTP/1.1" 304 -
222.70.245.33 - - [24/Jul/2023:09:02:57 +0800] "GET /xingrg/javascript/jquery_tools/list_manager.js HTTP/1.1" 304 -
222.70.245.33 - - [24/Jul/2023:09:02:57 +0800] "GET /xingrg/javascript/jquery.cookie.js HTTP/1.1" 304 -
222.70.245.33 - - [24/Jul/2023:09:02:57 +0800] "GET /xingrg/javascript/auto/jquery.autocomplete.js HTTP/1.1" 304 -
222.70.245.33 - - [24/Jul/2023:09:02:57 +0800] "GET /xingrg/javascript/easyui/easyloader.js HTTP/1.1" 304 -
222.70.245.33 - - [24/Jul/2023:09:02:57 +0800] "GET /xingrg/javascript/jquery.utils.js HTTP/1.1" 304 -
222.70.245.33 - - [24/Jul/2023:09:02:57 +0800] "GET /xingrg/javascript/easyui/plugins/jquery.parser.js HTTP/1.1" 304 -
222.70.245.33 - - [24/Jul/2023:09:02:58 +0800] "POST /xingrg/kc/base/check_list_operate.html HTTP/1.1" 200 2913
222.70.245.33 - - [24/Jul/2023:09:03:01 +0800] "GET /xingrg/kc/base/check_order_info.html?code=452023072300312 HTTP/1.1" 200 26400
222.70.245.33 - - [24/Jul/2023:09:03:01 +0800] "GET /xingrg/javascript/jquery_easy_ui/themes/default/easyui.css HTTP/1.1" 304 -
222.70.245.33 - - [24/Jul/2023:09:03:01 +0800] "GET /xingrg/javascript/jquery_easy_ui/themes/icon.css HTTP/1.1" 304 -
222.70.245.33 - - [24/Jul/2023:09:03:01 +0800] "GET /xingrg/dwr/interface/AjaxComOrderService.js HTTP/1.1" 200 18264
222.70.245.33 - - [24/Jul/2023:09:03:01 +0800] "GET /xingrg/dwr/interface/AjaxCheckService.js HTTP/1.1" 200 14003
222.70.245.33 - - [24/Jul/2023:09:03:01 +0800] "GET /xingrg/dwr/engine.js HTTP/1.1" 200 43631
222.70.245.33 - - [24/Jul/2023:09:03:01 +0800] "GET /xingrg/javascript/jquery-1.4.2.min.js HTTP/1.1" 304 -
222.70.245.33 - - [24/Jul/2023:09:03:01 +0800] "GET /xingrg/javascript/jquery_easy_ui/jquery.easyui.min.js HTTP/1.1" 304 -
222.70.245.33 - - [24/Jul/2023:09:03:01 +0800] "GET /xingrg/javascript/print/LodopFuncs.js HTTP/1.1" 304 -
222.70.245.33 - - [24/Jul/2023:09:03:02 +0800] "POST /xingrg/dwr/call/plaincall/AjaxCheckService.loadOrderItems.dwr HTTP/1.1" 200 99135
101.83.145.37 - - [24/Jul/2023:09:03:08 +0800] "GET /xingrg/kc/base/check_order_list.html HTTP/1.1" 200 16258
101.83.145.37 - - [24/Jul/2023:09:03:08 +0800] "POST /xingrg/kc/base/check_list_operate.html HTTP/1.1" 200 1884
222.70.245.33 - - [24/Jul/2023:09:03:08 +0800] "POST /xingrg/dwr/call/plaincall/AjaxCheckService.setItemNumber.dwr HTTP/1.1" 200 76
124.78.156.130 - - [24/Jul/2023:09:03:09 +0800] "GET /xingrg/kc/buy/cgsh_order_operate.html?command=get_materiel&rest_code=00106&code=00101008024&supplier_code=00100007&order_time=2023-07-24 HTTP/1.1" 200 408
222.70.245.33 - - [24/Jul/2023:09:03:09 +0800] "GET /xingrg/all/function/internal_message.html?_=1690160591163&CODE_STATE=getMsg HTTP/1.1" 200 27
222.70.245.33 - - [24/Jul/2023:09:03:09 +0800] "POST /xingrg/dwr/call/plaincall/AjaxCheckService.setItemNumber.dwr HTTP/1.1" 200 76
222.70.245.33 - - [24/Jul/2023:09:03:11 +0800] "POST /xingrg/dwr/call/plaincall/AjaxCheckService.setItemNumber.dwr HTTP/1.1" 200 76
101.83.145.37 - - [24/Jul/2023:09:03:11 +0800] "GET /xingrg/kc/base/check_order_info.html?code=452023072300293 HTTP/1.1" 200 26560
101.83.145.37 - - [24/Jul/2023:09:03:11 +0800] "GET /xingrg/css/blue.css HTTP/1.1" 304 -
101.83.145.37 - - [24/Jul/2023:09:03:11 +0800] "GET /xingrg/css/table.css HTTP/1.1" 304 -
101.83.145.37 - - [24/Jul/2023:09:03:11 +0800] "GET /xingrg/dwr/interface/AjaxComOrderService.js HTTP/1.1" 200 18264
101.83.145.37 - - [24/Jul/2023:09:03:11 +0800] "GET /xingrg/dwr/interface/AjaxCheckService.js HTTP/1.1" 200 14003
101.83.145.37 - - [24/Jul/2023:09:03:11 +0800] "GET /xingrg/dwr/engine.js HTTP/1.1" 200 43631
101.83.145.37 - - [24/Jul/2023:09:03:11 +0800] "GET /xingrg/javascript/Calendar.js HTTP/1.1" 304 -
101.83.145.37 - - [24/Jul/2023:09:03:11 +0800] "GET /xingrg/javascript/AjaxInfoList.js HTTP/1.1" 304 -
101.83.145.37 - - [24/Jul/2023:09:03:11 +0800] "GET /xingrg/dwr/util.js HTTP/1.1" 200 35990
101.83.145.37 - - [24/Jul/2023:09:03:11 +0800] "GET /xingrg/javascript/myfunction.js HTTP/1.1" 304 -
101.83.145.37 - - [24/Jul/2023:09:03:12 +0800] "GET /xingrg/javascript/jquery_easy_ui/themes/icons/print.png HTTP/1.1" 304 -
101.83.145.37 - - [24/Jul/2023:09:03:12 +0800] "GET /xingrg/javascript/jquery_easy_ui/themes/default/images/menu_downarrow.png HTTP/1.1" 304 -
101.83.145.37 - - [24/Jul/2023:09:03:12 +0800] "GET /xingrg/javascript/jquery_easy_ui/themes/icons/back_new.png HTTP/1.1" 304 -
101.83.145.37 - - [24/Jul/2023:09:03:12 +0800] "GET /xingrg/javascript/jquery_easy_ui/themes/icons/cance_new.png HTTP/1.1" 304 -
101.83.145.37 - - [24/Jul/2023:09:03:12 +0800] "GET /xingrg/javascript/jquery_easy_ui/themes/icons/check_new.png HTTP/1.1" 304 -
101.83.145.37 - - [24/Jul/2023:09:03:12 +0800] "POST /xingrg/dwr/call/plaincall/AjaxCheckService.loadOrderItems.dwr HTTP/1.1" 200 137507
101.83.145.37 - - [24/Jul/2023:09:03:13 +0800] "GET /xingrg/javascript/jquery_easy_ui/themes/icons/no.png HTTP/1.1" 304 -
222.70.245.33 - - [24/Jul/2023:09:03:13 +0800] "POST /xingrg/dwr/call/plaincall/AjaxCheckService.setItemNumber.dwr HTTP/1.1" 200 76
124.78.156.130 - - [24/Jul/2023:09:03:14 +0800] "GET /xingrg/all/function/internal_message.html?_=1690160593948&CODE_STATE=getMsg HTTP/1.1" 200 27
222.70.245.33 - - [24/Jul/2023:09:03:14 +0800] "POST /xingrg/dwr/call/plaincall/AjaxCheckService.setItemNumber.dwr HTTP/1.1" 200 76
58.40.7.146 - - [24/Jul/2023:09:03:15 +0800] "GET /xingrg/check_reg.html?_=1690160595236 HTTP/1.1" 302 -
58.40.7.146 - - [24/Jul/2023:09:03:15 +0800] "GET /xingrg/all/function/internal_message.html?_=1690160595237&CODE_STATE=getMsg HTTP/1.1" 302 -
120.253.135.82 - - [24/Jul/2023:09:03:15 +0800] "GET /xingrg/all/function/internal_message.html?_=1690160418613&CODE_STATE=getMsg HTTP/1.1" 200 27
101.83.145.37 - - [24/Jul/2023:09:03:16 +0800] "GET /xingrg/javascript/jquery_easy_ui/themes/default/images/button_plain_hover.png HTTP/1.1" 304 -
222.70.245.33 - - [24/Jul/2023:09:03:16 +0800] "POST /xingrg/dwr/call/plaincall/AjaxCheckService.setItemNumber.dwr HTTP/1.1" 200 76
222.70.245.33 - - [24/Jul/2023:09:03:17 +0800] "POST /xingrg/dwr/call/plaincall/AjaxCheckService.setItemNumber.dwr HTTP/1.1" 200 76
222.70.245.33 - - [24/Jul/2023:09:03:19 +0800] "POST /xingrg/dwr/call/plaincall/AjaxCheckService.setItemNumber.dwr HTTP/1.1" 200 76
180.165.154.167 - - [24/Jul/2023:09:03:19 +0800] "GET /xingrg/kc/buy/cgsh_order_operate.html?command=get_materiel&rest_code=00108&code=00101002027&supplier_code=00100012&order_time=2023-07-24 HTTP/1.1" 200 413
222.70.245.33 - - [24/Jul/2023:09:03:20 +0800] "POST /xingrg/dwr/call/plaincall/AjaxCheckService.setItemNumber.dwr HTTP/1.1" 200 76
222.70.245.33 - - [24/Jul/2023:09:03:21 +0800] "POST /xingrg/dwr/call/plaincall/AjaxCheckService.setItemNumber.dwr HTTP/1.1" 200 77
101.83.145.37 - - [24/Jul/2023:09:03:21 +0800] "GET /xingrg/check_reg.html?_=1690160602055 HTTP/1.1" 200 22
101.83.145.37 - - [24/Jul/2023:09:03:21 +0800] "GET /xingrg/all/function/internal_message.html?_=1690160602050&CODE_STATE=getMsg HTTP/1.1" 200 27
222.70.245.33 - - [24/Jul/2023:09:03:22 +0800] "POST /xingrg/dwr/call/plaincall/AjaxCheckService.setItemNumber.dwr HTTP/1.1" 200 77
222.70.245.33 - - [24/Jul/2023:09:03:23 +0800] "POST /xingrg/dwr/call/plaincall/AjaxCheckService.setItemNumber.dwr HTTP/1.1" 200 77
180.157.253.121 - - [24/Jul/2023:09:03:24 +0800] "GET /xingrg/all/function/internal_message.html?_=1690160605924&CODE_STATE=getMsg HTTP/1.1" 200 27
222.70.245.33 - - [24/Jul/2023:09:03:24 +0800] "POST /xingrg/dwr/call/plaincall/AjaxCheckService.setItemNumber.dwr HTTP/1.1" 200 77
222.70.245.33 - - [24/Jul/2023:09:03:25 +0800] "POST /xingrg/dwr/call/plaincall/AjaxCheckService.setItemNumber.dwr HTTP/1.1" 200 77
180.165.154.167 - - [24/Jul/2023:09:03:28 +0800] "GET /xingrg/all/function/internal_message.html?_=1690160606919&CODE_STATE=getMsg HTTP/1.1" 200 27
180.165.154.167 - - [24/Jul/2023:09:03:34 +0800] "GET /xingrg/kc/buy/cgsh_order_operate.html?command=get_materiel&rest_code=00108&code=00101006299&supplier_code=00100012&order_time=2023-07-24 HTTP/1.1" 200 418
114.85.113.108 - - [24/Jul/2023:09:03:36 +0800] "GET /xingrg/all/function/internal_message.html?_=1690160615777&CODE_STATE=getMsg HTTP/1.1" 302 -
222.70.180.90 - - [24/Jul/2023:09:03:38 +0800] "GET /xingrg/all/function/internal_message.html?_=1690160617878&CODE_STATE=getMsg HTTP/1.1" 200 27
116.232.195.127 - - [24/Jul/2023:09:03:40 +0800] "POST /xingrg/login.do HTTP/1.1" 302 -
116.232.195.127 - - [24/Jul/2023:09:03:42 +0800] "POST /xingrg/login.do HTTP/1.1" 302 -
116.232.195.127 - - [24/Jul/2023:09:03:46 +0800] "POST /xingrg/login.do HTTP/1.1" 302 -
116.232.195.127 - - [24/Jul/2023:09:03:47 +0800] "GET /xingrg/index.html?sysBaseUrl=http%3A%2F%2F180.169.147.146%3A18081%2Fxingrg%2F&costTime=5037×tamp=1690160626735 HTTP/1.1" 200 8212
180.165.154.167 - - [24/Jul/2023:09:03:49 +0800] "POST /xingrg/kc/buy/cgsh_order_operate.html HTTP/1.1" 200 37
116.232.195.127 - - [24/Jul/2023:09:03:50 +0800] "POST /xingrg/login.do HTTP/1.1" 302 -
116.232.195.127 - - [24/Jul/2023:09:03:50 +0800] "GET /xingrg/index.html?sysBaseUrl=http%3A%2F%2F180.169.147.146%3A18081%2Fxingrg%2F&costTime=3430×tamp=1690160630287 HTTP/1.1" 200 17179
114.85.113.108 - - [24/Jul/2023:09:03:50 +0800] "GET /xingrg/check_reg.html?_=1690160630205 HTTP/1.1" 302 -
116.232.195.127 - - [24/Jul/2023:09:03:50 +0800] "GET /favicon.ico HTTP/1.1" 404 -
116.232.195.127 - - [24/Jul/2023:09:03:51 +0800] "GET /xingrg/check_reg.html?_=1690160592085 HTTP/1.1" 200 22
116.232.195.127 - - [24/Jul/2023:09:03:51 +0800] "GET /xingrg/all/function/internal_message.html?_=1690160592084&CODE_STATE=count HTTP/1.1" 200 11
116.232.195.127 - - [24/Jul/2023:09:03:51 +0800] "POST /xingrg/all/common/load_tree.html?tree=area_rest_tree_json&manage=1 HTTP/1.1" 200 351
116.232.195.127 - - [24/Jul/2023:09:03:51 +0800] "POST /xingrg/load_menu.html HTTP/1.1" 200 5138
116.232.195.127 - - [24/Jul/2023:09:03:52 +0800] "GET /xingrg/kc/buy/buy_main.html HTTP/1.1" 200 12412
116.232.195.127 - - [24/Jul/2023:09:03:52 +0800] "GET /xingrg/css/new_ie.css HTTP/1.1" 404 1036
116.232.195.127 - - [24/Jul/2023:09:03:53 +0800] "GET /xingrg/images/yd/bt.gif HTTP/1.1" 404 1040
101.83.145.37 - - [24/Jul/2023:09:03:56 +0800] "GET /xingrg/all/function/internal_message.html?_=1690160446230&CODE_STATE=getMsg HTTP/1.1" 200 27
116.238.191.126 - - [24/Jul/2023:09:03:57 +0800] "GET /xingrg/check_reg.html?_=1690160636507 HTTP/1.1" 302 -
116.232.195.127 - - [24/Jul/2023:09:03:57 +0800] "GET /xingrg/kc/buy/cgsh_order_list.html HTTP/1.1" 200 8212
116.232.195.127 - - [24/Jul/2023:09:03:58 +0800] "GET /xingrg/kc/buy/cgsh_order_list.html HTTP/1.1" 200 8212
116.232.195.127 - - [24/Jul/2023:09:03:58 +0800] "GET /xingrg/kc/buy/cgsh_order_list.html HTTP/1.1" 200 8212
180.165.154.167 - - [24/Jul/2023:09:03:58 +0800] "POST /xingrg/kc/buy/cgsh_order_operate.html HTTP/1.1" 200 3843
116.232.195.127 - - [24/Jul/2023:09:03:59 +0800] "GET /xingrg/kc/buy/cgsh_order_list.html HTTP/1.1" 200 55948
180.165.154.167 - - [24/Jul/2023:09:04:00 +0800] "GET /xingrg/kc/print/load_config.html?kc_code=cgsh HTTP/1.1" 200 1924
180.165.154.167 - - [24/Jul/2023:09:04:02 +0800] "GET /xingrg/kc/print/load_data.html?order_code=212023072409422&kc_code=cgsh&condition= HTTP/1.1" 200 1225
116.232.195.127 - - [24/Jul/2023:09:04:06 +0800] "POST /xingrg/kc/buy/cgsh_list_operate.html HTTP/1.1" 200 1867
124.78.156.130 - - [24/Jul/2023:09:04:08 +0800] "GET /xingrg/kc/buy/cgsh_order_operate.html?command=get_materiel&rest_code=00106&code=00101008356&supplier_code=00100007&order_time=2023-07-24 HTTP/1.1" 200 408
116.232.195.127 - - [24/Jul/2023:09:04:10 +0800] "POST /xingrg/kc/buy/cgsh_list_operate.html HTTP/1.1" 200 420
180.165.154.167 - - [24/Jul/2023:09:04:10 +0800] "GET /xingrg/kc/buy/cgsh_order_add.html HTTP/1.1" 200 71816
180.165.154.167 - - [24/Jul/2023:09:04:10 +0800] "POST /xingrg/kc/buy/cgsh_order_operate.html HTTP/1.1" 200 8245
180.165.154.167 - - [24/Jul/2023:09:04:10 +0800] "GET /xingrg/javascript/easyui/themes/default/validatebox.css HTTP/1.1" 404 1104
124.79.243.110 - - [24/Jul/2023:09:04:12 +0800] "GET /xingrg/login.html HTTP/1.1" 200 7641
101.83.145.37 - - [24/Jul/2023:09:04:12 +0800] "POST /xingrg/dwr/call/plaincall/AjaxCheckService.checkOrder.dwr HTTP/1.1" 200 78
222.70.245.33 - - [24/Jul/2023:09:04:13 +0800] "POST /xingrg/dwr/call/plaincall/AjaxCheckService.setItemNumber.dwr HTTP/1.1" 200 77
222.70.245.33 - - [24/Jul/2023:09:04:13 +0800] "POST /xingrg/dwr/call/plaincall/AjaxCheckService.setItemNumber.dwr HTTP/1.1" 200 77
222.70.245.33 - - [24/Jul/2023:09:04:13 +0800] "POST /xingrg/dwr/call/plaincall/AjaxCheckService.setItemNumber.dwr HTTP/1.1" 200 77
222.70.245.33 - - [24/Jul/2023:09:04:13 +0800] "POST /xingrg/dwr/call/plaincall/AjaxCheckService.setItemNumber.dwr HTTP/1.1" 200 77
222.70.245.33 - - [24/Jul/2023:09:04:14 +0800] "POST /xingrg/dwr/call/plaincall/AjaxCheckService.setItemNumber.dwr HTTP/1.1" 200 77
222.70.245.33 - - [24/Jul/2023:09:04:14 +0800] "POST /xingrg/dwr/call/plaincall/AjaxCheckService.setItemNumber.dwr HTTP/1.1" 200 77
222.70.245.33 - - [24/Jul/2023:09:04:14 +0800] "POST /xingrg/dwr/call/plaincall/AjaxCheckService.setItemNumber.dwr HTTP/1.1" 200 77
222.70.245.33 - - [24/Jul/2023:09:04:14 +0800] "POST /xingrg/dwr/call/plaincall/AjaxCheckService.setItemNumber.dwr HTTP/1.1" 200 77
124.78.156.130 - - [24/Jul/2023:09:04:14 +0800] "GET /xingrg/check_reg.html?_=1690160654426 HTTP/1.1" 200 22
124.78.156.130 - - [24/Jul/2023:09:04:14 +0800] "GET /xingrg/all/function/internal_message.html?_=1690160654428&CODE_STATE=getMsg HTTP/1.1" 200 27
124.79.243.110 - - [24/Jul/2023:09:04:14 +0800] "GET /favicon.ico HTTP/1.1" 404 -
222.70.245.33 - - [24/Jul/2023:09:04:14 +0800] "POST /xingrg/dwr/call/plaincall/AjaxCheckService.setItemNumber.dwr HTTP/1.1" 200 77
222.70.245.33 - - [24/Jul/2023:09:04:14 +0800] "POST /xingrg/dwr/call/plaincall/AjaxCheckService.setItemNumber.dwr HTTP/1.1" 200 77
58.40.7.146 - - [24/Jul/2023:09:04:15 +0800] "GET /xingrg/all/function/internal_message.html?_=1690160655240&CODE_STATE=getMsg HTTP/1.1" 302 -
120.253.135.82 - - [24/Jul/2023:09:04:15 +0800] "GET /xingrg/all/function/internal_message.html?_=1690160478627&CODE_STATE=getMsg HTTP/1.1" 200 27
222.70.245.33 - - [24/Jul/2023:09:04:17 +0800] "POST /xingrg/dwr/call/plaincall/AjaxCheckService.setItemNumber.dwr HTTP/1.1" 200 77
222.70.245.33 - - [24/Jul/2023:09:04:17 +0800] "POST /xingrg/dwr/call/plaincall/AjaxCheckService.setItemNumber.dwr HTTP/1.1" 200 77
222.70.245.33 - - [24/Jul/2023:09:04:17 +0800] "POST /xingrg/dwr/call/plaincall/AjaxCheckService.setItemNumber.dwr HTTP/1.1" 200 77
222.70.245.33 - - [24/Jul/2023:09:04:18 +0800] "POST /xingrg/dwr/call/plaincall/AjaxCheckService.setItemNumber.dwr HTTP/1.1" 200 77
180.165.154.167 - - [24/Jul/2023:09:04:18 +0800] "GET /xingrg/javascript/jquery_tools/images/prev.gif HTTP/1.1" 404 1086
180.165.154.167 - - [24/Jul/2023:09:04:18 +0800] "GET /xingrg/javascript/jquery_tools/images/next.gif HTTP/1.1" 404 1086
101.83.145.37 - - [24/Jul/2023:09:04:18 +0800] "GET /xingrg/kc/base/check_order_info.html?code=452023072300293 HTTP/1.1" 200 22860
101.83.145.37 - - [24/Jul/2023:09:04:18 +0800] "GET /xingrg/dwr/interface/AjaxCheckService.js HTTP/1.1" 200 14003
101.83.145.37 - - [24/Jul/2023:09:04:18 +0800] "GET /xingrg/dwr/engine.js HTTP/1.1" 200 43631
101.83.145.37 - - [24/Jul/2023:09:04:18 +0800] "GET /xingrg/dwr/interface/AjaxComOrderService.js HTTP/1.1" 200 18264
101.83.145.37 - - [24/Jul/2023:09:04:19 +0800] "GET /xingrg/javascript/jquery_easy_ui/themes/icons/exam_new.png HTTP/1.1" 304 -
222.70.245.33 - - [24/Jul/2023:09:04:19 +0800] "POST /xingrg/dwr/call/plaincall/AjaxCheckService.setItemNumber.dwr HTTP/1.1" 200 77
222.70.245.33 - - [24/Jul/2023:09:04:20 +0800] "POST /xingrg/dwr/call/plaincall/AjaxCheckService.setItemNumber.dwr HTTP/1.1" 200 77
222.70.245.33 - - [24/Jul/2023:09:04:20 +0800] "POST /xingrg/dwr/call/plaincall/AjaxCheckService.setItemNumber.dwr HTTP/1.1" 200 77
222.70.245.33 - - [24/Jul/2023:09:04:20 +0800] "POST /xingrg/dwr/call/plaincall/AjaxCheckService.setItemNumber.dwr HTTP/1.1" 200 77
222.70.245.33 - - [24/Jul/2023:09:04:21 +0800] "POST /xingrg/dwr/call/plaincall/AjaxCheckService.setItemNumber.dwr HTTP/1.1" 200 77
222.70.245.33 - - [24/Jul/2023:09:04:21 +0800] "POST /xingrg/dwr/call/plaincall/AjaxCheckService.setItemNumber.dwr HTTP/1.1" 200 77
101.83.145.37 - - [24/Jul/2023:09:04:21 +0800] "GET /xingrg/all/function/internal_message.html?_=1690160662053&CODE_STATE=getMsg HTTP/1.1" 200 27
222.70.245.33 - - [24/Jul/2023:09:04:21 +0800] "POST /xingrg/dwr/call/plaincall/AjaxCheckService.setItemNumber.dwr HTTP/1.1" 200 77
222.70.245.33 - - [24/Jul/2023:09:04:21 +0800] "POST /xingrg/dwr/call/plaincall/AjaxCheckService.setItemNumber.dwr HTTP/1.1" 200 77
124.78.156.130 - - [24/Jul/2023:09:04:21 +0800] "GET /xingrg/kc/buy/cgsh_order_operate.html?command=get_materiel&rest_code=00106&code=00101008069&supplier_code=00100007&order_time=2023-07-24 HTTP/1.1" 200 412
222.70.245.33 - - [24/Jul/2023:09:04:22 +0800] "POST /xingrg/dwr/call/plaincall/AjaxCheckService.setItemNumber.dwr HTTP/1.1" 200 77
101.83.145.37 - - [24/Jul/2023:09:04:22 +0800] "POST /xingrg/dwr/call/plaincall/AjaxCheckService.loadOrderItems.dwr HTTP/1.1" 200 61607
222.70.245.33 - - [24/Jul/2023:09:04:22 +0800] "POST /xingrg/dwr/call/plaincall/AjaxCheckService.setItemNumber.dwr HTTP/1.1" 200 77
222.70.245.33 - - [24/Jul/2023:09:04:23 +0800] "POST /xingrg/dwr/call/plaincall/AjaxCheckService.setItemNumber.dwr HTTP/1.1" 200 77
222.70.245.33 - - [24/Jul/2023:09:04:23 +0800] "GET /xingrg/all/function/internal_message.html?_=1690160651176&CODE_STATE=getMsg HTTP/1.1" 200 27
222.70.245.33 - - [24/Jul/2023:09:04:23 +0800] "POST /xingrg/dwr/call/plaincall/AjaxCheckService.setItemNumber.dwr HTTP/1.1" 200 77
222.70.245.33 - - [24/Jul/2023:09:04:23 +0800] "POST /xingrg/dwr/call/plaincall/AjaxCheckService.setItemNumber.dwr HTTP/1.1" 200 77
180.157.253.121 - - [24/Jul/2023:09:04:24 +0800] "GET /xingrg/all/function/internal_message.html?_=1690160665904&CODE_STATE=getMsg HTTP/1.1" 200 27
222.70.245.33 - - [24/Jul/2023:09:04:24 +0800] "POST /xingrg/dwr/call/plaincall/AjaxCheckService.setItemNumber.dwr HTTP/1.1" 200 77
124.78.156.130 - - [24/Jul/2023:09:04:24 +0800] "POST /xingrg/kc/buy/cgsh_order_operate.html HTTP/1.1" 200 2065
222.70.245.33 - - [24/Jul/2023:09:04:24 +0800] "POST /xingrg/dwr/call/plaincall/AjaxCheckService.setItemNumber.dwr HTTP/1.1" 200 77
222.70.245.33 - - [24/Jul/2023:09:04:24 +0800] "POST /xingrg/dwr/call/plaincall/AjaxCheckService.setItemNumber.dwr HTTP/1.1" 200 77
116.232.195.127 - - [24/Jul/2023:09:04:24 +0800] "GET /xingrg/kc/buy/cgsh_order_add.html HTTP/1.1" 200 71771
222.70.245.33 - - [24/Jul/2023:09:04:25 +0800] "POST /xingrg/dwr/call/plaincall/AjaxCheckService.setItemNumber.dwr HTTP/1.1" 200 77
116.232.195.127 - - [24/Jul/2023:09:04:25 +0800] "POST /xingrg/kc/buy/cgsh_order_operate.html HTTP/1.1" 200 8245
222.70.245.33 - - [24/Jul/2023:09:04:25 +0800] "POST /xingrg/dwr/call/plaincall/AjaxCheckService.setItemNumber.dwr HTTP/1.1" 200 77
116.232.195.127 - - [24/Jul/2023:09:04:25 +0800] "GET /xingrg/javascript/easyui/themes/default/validatebox.css HTTP/1.1" 404 1104
222.70.245.33 - - [24/Jul/2023:09:04:25 +0800] "POST /xingrg/dwr/call/plaincall/AjaxCheckService.setItemNumber.dwr HTTP/1.1" 200 77
222.70.245.33 - - [24/Jul/2023:09:04:25 +0800] "POST /xingrg/dwr/call/plaincall/AjaxCheckService.setItemNumber.dwr HTTP/1.1" 200 77
116.232.195.127 - - [24/Jul/2023:09:04:25 +0800] "GET /xingrg/all/common/auto_word.html?type=employee&rest_code=00155 HTTP/1.1" 200 255
116.232.195.127 - - [24/Jul/2023:09:04:25 +0800] "GET /xingrg/all/common/auto_word.html?type=employee&rest_code=00155 HTTP/1.1" 200 255
222.70.245.33 - - [24/Jul/2023:09:04:25 +0800] "POST /xingrg/dwr/call/plaincall/AjaxCheckService.setItemNumber.dwr HTTP/1.1" 200 77
222.70.245.33 - - [24/Jul/2023:09:04:25 +0800] "POST /xingrg/dwr/call/plaincall/AjaxCheckService.setItemNumber.dwr HTTP/1.1" 200 77
180.165.154.167 - - [24/Jul/2023:09:04:28 +0800] "GET /xingrg/all/function/internal_message.html?_=1690160666904&CODE_STATE=getMsg HTTP/1.1" 200 27
116.238.191.126 - - [24/Jul/2023:09:04:29 +0800] "GET /xingrg/kc/buy/cgsh_order_list.html HTTP/1.1" 302 -
116.238.191.126 - - [24/Jul/2023:09:04:29 +0800] "GET /xingrg/login.html HTTP/1.1" 200 7641
116.238.191.126 - - [24/Jul/2023:09:04:29 +0800] "GET /xingrg/login.html HTTP/1.1" 200 7641
180.165.154.167 - - [24/Jul/2023:09:04:30 +0800] "GET /xingrg/kc/buy/cgsh_order_operate.html?command=get_materiel&rest_code=00108&code=00101007090&supplier_code=00100002&order_time=2023-07-24 HTTP/1.1" 200 412
116.238.191.126 - - [24/Jul/2023:09:04:30 +0800] "GET /favicon.ico HTTP/1.1" 404 -
222.70.245.33 - - [24/Jul/2023:09:04:32 +0800] "POST /xingrg/dwr/call/plaincall/AjaxCheckService.setItemNumber.dwr HTTP/1.1" 200 77
116.238.191.126 - - [24/Jul/2023:09:04:33 +0800] "POST /xingrg/login.do HTTP/1.1" 302 -
116.238.191.126 - - [24/Jul/2023:09:04:33 +0800] "GET /xingrg/index.html?sysBaseUrl=http%3A%2F%2F180.169.147.146%3A18081%2Fxingrg%2F&costTime=1943×tamp=1690160673267 HTTP/1.1" 200 17177
116.238.191.126 - - [24/Jul/2023:09:04:33 +0800] "GET /favicon.ico HTTP/1.1" 404 -
116.238.191.126 - - [24/Jul/2023:09:04:33 +0800] "GET /xingrg/check_reg.html?_=1690160673118 HTTP/1.1" 200 22
116.238.191.126 - - [24/Jul/2023:09:04:33 +0800] "POST /xingrg/all/common/load_tree.html?tree=area_rest_tree_json&manage=1 HTTP/1.1" 200 476
116.238.191.126 - - [24/Jul/2023:09:04:33 +0800] "GET /xingrg/all/function/internal_message.html?_=1690160673116&CODE_STATE=count HTTP/1.1" 200 11
116.238.191.126 - - [24/Jul/2023:09:04:34 +0800] "POST /xingrg/load_menu.html HTTP/1.1" 200 5138
222.70.245.33 - - [24/Jul/2023:09:04:35 +0800] "POST /xingrg/dwr/call/plaincall/AjaxCheckService.setItemNumber.dwr HTTP/1.1" 200 77
114.85.113.108 - - [24/Jul/2023:09:04:36 +0800] "GET /xingrg/all/function/internal_message.html?_=1690160675762&CODE_STATE=getMsg HTTP/1.1" 302 -
222.70.245.33 - - [24/Jul/2023:09:04:37 +0800] "POST /xingrg/dwr/call/plaincall/AjaxCheckService.setItemNumber.dwr HTTP/1.1" 200 77
222.70.180.90 - - [24/Jul/2023:09:04:38 +0800] "GET /xingrg/all/function/internal_message.html?_=1690160677880&CODE_STATE=getMsg HTTP/1.1" 200 27
116.238.191.126 - - [24/Jul/2023:09:04:38 +0800] "POST /xingrg/all/user/operate.html HTTP/1.1" 200 36
116.238.191.126 - - [24/Jul/2023:09:04:38 +0800] "GET /xingrg/index.html?sysBaseUrl=http%3A%2F%2F180.169.147.146%3A18081%2Fxingrg%2F&costTime=1943×tamp=1690160673267 HTTP/1.1" 200 17179
116.238.191.126 - - [24/Jul/2023:09:04:38 +0800] "GET /xingrg/javascript/jquery_easy_ui/themes/default/easyui.css HTTP/1.1" 304 -
116.238.191.126 - - [24/Jul/2023:09:04:38 +0800] "GET /xingrg/javascript/jquery_easy_ui/themes/icon.css HTTP/1.1" 304 -
116.238.191.126 - - [24/Jul/2023:09:04:38 +0800] "GET /xingrg/css/form.css HTTP/1.1" 304 -
116.238.191.126 - - [24/Jul/2023:09:04:38 +0800] "GET /xingrg/javascript/jquery-1.4.2.min.js HTTP/1.1" 304 -
116.238.191.126 - - [24/Jul/2023:09:04:38 +0800] "GET /xingrg/javascript/jquery_easy_ui/jquery.easyui.min.js HTTP/1.1" 304 -
116.238.191.126 - - [24/Jul/2023:09:04:38 +0800] "GET /xingrg/javascript/jquery_easy_ui/easyui-lang-zh_CN.js HTTP/1.1" 304 -
116.238.191.126 - - [24/Jul/2023:09:04:38 +0800] "GET /xingrg/javascript/jquery.form.js HTTP/1.1" 304 -
116.238.191.126 - - [24/Jul/2023:09:04:38 +0800] "GET /xingrg/javascript/jquery.utils.js HTTP/1.1" 304 -
116.238.191.126 - - [24/Jul/2023:09:04:38 +0800] "GET /xingrg/javascript/jquery.timers.js HTTP/1.1" 304 -
116.238.191.126 - - [24/Jul/2023:09:04:38 +0800] "GET /xingrg/images/blue/jxLogo.png HTTP/1.1" 304 -
116.238.191.126 - - [24/Jul/2023:09:04:38 +0800] "GET /xingrg/images/blue/navBackgound.jpg HTTP/1.1" 304 -
116.238.191.126 - - [24/Jul/2023:09:04:38 +0800] "GET /xingrg/javascript/jquery_easy_ui/themes/icons/settle_new.png HTTP/1.1" 304 -
116.238.191.126 - - [24/Jul/2023:09:04:38 +0800] "GET /xingrg/all/function/internal_message.html?_=1690160678161&CODE_STATE=count HTTP/1.1" 200 11
116.238.191.126 - - [24/Jul/2023:09:04:38 +0800] "GET /xingrg/check_reg.html?_=1690160678162 HTTP/1.1" 200 22
116.238.191.126 - - [24/Jul/2023:09:04:38 +0800] "GET /xingrg/images/blue/pingpu.png HTTP/1.1" 304 -
116.238.191.126 - - [24/Jul/2023:09:04:38 +0800] "GET /xingrg/javascript/jquery_easy_ui/themes/default/images/tabs_rightarrow.png HTTP/1.1" 304 -
116.238.191.126 - - [24/Jul/2023:09:04:38 +0800] "GET /xingrg/javascript/jquery_easy_ui/themes/default/images/tabs_leftarrow.png HTTP/1.1" 304 -
116.238.191.126 - - [24/Jul/2023:09:04:38 +0800] "GET /xingrg/javascript/jquery_easy_ui/themes/default/images/panel_tool_collapse.gif HTTP/1.1" 304 -
116.238.191.126 - - [24/Jul/2023:09:04:38 +0800] "POST /xingrg/all/common/load_tree.html?tree=area_rest_tree_json&manage=1 HTTP/1.1" 200 476
116.238.191.126 - - [24/Jul/2023:09:04:39 +0800] "POST /xingrg/load_menu.html HTTP/1.1" 200 5138
222.70.245.33 - - [24/Jul/2023:09:04:42 +0800] "POST /xingrg/dwr/call/plaincall/AjaxCheckService.setItemNumber.dwr HTTP/1.1" 200 77
116.238.191.126 - - [24/Jul/2023:09:04:42 +0800] "GET /xingrg/kc/buy/cgsh_order_list.html HTTP/1.1" 200 55948
222.70.245.33 - - [24/Jul/2023:09:04:43 +0800] "POST /xingrg/dwr/call/plaincall/AjaxCheckService.setItemNumber.dwr HTTP/1.1" 200 77
222.70.245.33 - - [24/Jul/2023:09:04:43 +0800] "POST /xingrg/dwr/call/plaincall/AjaxCheckService.setItemNumber.dwr HTTP/1.1" 200 77
222.70.245.33 - - [24/Jul/2023:09:04:44 +0800] "POST /xingrg/dwr/call/plaincall/AjaxCheckService.setItemNumber.dwr HTTP/1.1" 200 77
222.70.245.33 - - [24/Jul/2023:09:04:45 +0800] "POST /xingrg/dwr/call/plaincall/AjaxCheckService.setItemNumber.dwr HTTP/1.1" 200 77
116.238.191.126 - - [24/Jul/2023:09:04:46 +0800] "POST /xingrg/kc/buy/cgsh_list_operate.html HTTP/1.1" 200 986
222.70.245.33 - - [24/Jul/2023:09:04:46 +0800] "POST /xingrg/dwr/call/plaincall/AjaxCheckService.setItemNumber.dwr HTTP/1.1" 200 77
222.70.245.33 - - [24/Jul/2023:09:04:47 +0800] "POST /xingrg/dwr/call/plaincall/AjaxCheckService.setItemNumber.dwr HTTP/1.1" 200 77
116.238.191.126 - - [24/Jul/2023:09:04:49 +0800] "GET /xingrg/kc/buy/cgsh_order_add.html HTTP/1.1" 200 71768
180.165.154.167 - - [24/Jul/2023:09:04:49 +0800] "GET /xingrg/kc/buy/cgsh_order_operate.html?command=get_materiel&rest_code=00108&code=00101008221&supplier_code=00100002&order_time=2023-07-24 HTTP/1.1" 200 412
116.238.191.126 - - [24/Jul/2023:09:04:49 +0800] "GET /xingrg/words/20230723174018_words.js HTTP/1.1" 200 974225
222.70.245.33 - - [24/Jul/2023:09:04:49 +0800] "POST /xingrg/dwr/call/plaincall/AjaxCheckService.setItemNumber.dwr HTTP/1.1" 200 77
222.70.245.33 - - [24/Jul/2023:09:04:49 +0800] "POST /xingrg/dwr/call/plaincall/AjaxCheckService.setItemNumber.dwr HTTP/1.1" 200 77
116.238.191.126 - - [24/Jul/2023:09:04:49 +0800] "POST /xingrg/kc/buy/cgsh_order_operate.html HTTP/1.1" 200 8245
116.238.191.126 - - [24/Jul/2023:09:04:49 +0800] "GET /xingrg/javascript/easyui/themes/default/validatebox.css HTTP/1.1" 404 1104
116.238.191.126 - - [24/Jul/2023:09:04:50 +0800] "GET /xingrg/all/common/auto_word.html?type=employee&rest_code=00150 HTTP/1.1" 200 159
116.238.191.126 - - [24/Jul/2023:09:04:50 +0800] "GET /xingrg/all/common/auto_word.html?type=employee&rest_code=00150 HTTP/1.1" 200 159
124.78.156.130 - - [24/Jul/2023:09:04:50 +0800] "GET /xingrg/kc/buy/cgsh_order_operate.html?command=get_materiel&rest_code=00106&code=00101008150&supplier_code=00100007&order_time=2023-07-24 HTTP/1.1" 200 409
116.232.195.127 - - [24/Jul/2023:09:04:51 +0800] "GET /xingrg/all/function/internal_message.html?_=1690160652115&CODE_STATE=getMsg HTTP/1.1" 200 27
222.70.245.33 - - [24/Jul/2023:09:04:51 +0800] "POST /xingrg/dwr/call/plaincall/AjaxCheckService.setItemNumber.dwr HTTP/1.1" 200 77
222.70.245.33 - - [24/Jul/2023:09:04:52 +0800] "POST /xingrg/dwr/call/plaincall/AjaxCheckService.setItemNumber.dwr HTTP/1.1" 200 77
222.70.245.33 - - [24/Jul/2023:09:04:53 +0800] "POST /xingrg/dwr/call/plaincall/AjaxCheckService.setItemNumber.dwr HTTP/1.1" 200 77
222.70.245.33 - - [24/Jul/2023:09:04:54 +0800] "POST /xingrg/dwr/call/plaincall/AjaxCheckService.setItemNumber.dwr HTTP/1.1" 200 77
124.79.243.110 - - [24/Jul/2023:09:04:54 +0800] "POST /xingrg/login.do HTTP/1.1" 200 2421
124.79.243.110 - - [24/Jul/2023:09:04:55 +0800] "GET /favicon.ico HTTP/1.1" 404 -
180.165.154.167 - - [24/Jul/2023:09:04:55 +0800] "GET /xingrg/kc/buy/cgsh_order_operate.html?command=get_materiel&rest_code=00108&code=00101007072&supplier_code=00100002&order_time=2023-07-24 HTTP/1.1" 200 419
101.83.145.37 - - [24/Jul/2023:09:04:56 +0800] "GET /xingrg/all/function/internal_message.html?_=1690160506229&CODE_STATE=getMsg HTTP/1.1" 200 27
222.70.245.33 - - [24/Jul/2023:09:04:56 +0800] "POST /xingrg/dwr/call/plaincall/AjaxCheckService.setItemNumber.dwr HTTP/1.1" 200 77
124.78.156.130 - - [24/Jul/2023:09:04:59 +0800] "GET /xingrg/kc/buy/cgsh_order_operate.html?command=get_materiel&rest_code=00106&code=00101008114&supplier_code=00100007&order_time=2023-07-24 HTTP/1.1" 200 412
222.70.245.33 - - [24/Jul/2023:09:04:59 +0800] "POST /xingrg/dwr/call/plaincall/AjaxCheckService.setItemNumber.dwr HTTP/1.1" 200 77
222.70.245.33 - - [24/Jul/2023:09:05:01 +0800] "POST /xingrg/dwr/call/plaincall/AjaxCheckService.setItemNumber.dwr HTTP/1.1" 200 77
222.70.245.33 - - [24/Jul/2023:09:05:02 +0800] "POST /xingrg/dwr/call/plaincall/AjaxCheckService.setItemNumber.dwr HTTP/1.1" 200 77
222.70.245.33 - - [24/Jul/2023:09:05:03 +0800] "POST /xingrg/dwr/call/plaincall/AjaxCheckService.setItemNumber.dwr HTTP/1.1" 200 77
222.70.245.33 - - [24/Jul/2023:09:05:04 +0800] "POST /xingrg/dwr/call/plaincall/AjaxCheckService.setItemNumber.dwr HTTP/1.1" 200 77
222.70.245.33 - - [24/Jul/2023:09:05:05 +0800] "POST /xingrg/dwr/call/plaincall/AjaxCheckService.setItemNumber.dwr HTTP/1.1" 200 77
222.70.245.33 - - [24/Jul/2023:09:05:08 +0800] "POST /xingrg/dwr/call/plaincall/AjaxCheckService.setItemNumber.dwr HTTP/1.1" 200 77
222.70.245.33 - - [24/Jul/2023:09:05:08 +0800] "POST /xingrg/dwr/call/plaincall/AjaxCheckService.setItemNumber.dwr HTTP/1.1" 200 77
222.70.245.33 - - [24/Jul/2023:09:05:09 +0800] "GET /xingrg/all/function/internal_message.html?_=1690160711189&CODE_STATE=getMsg HTTP/1.1" 200 27
222.70.245.33 - - [24/Jul/2023:09:05:09 +0800] "POST /xingrg/dwr/call/plaincall/AjaxCheckService.setItemNumber.dwr HTTP/1.1" 200 77
180.165.154.167 - - [24/Jul/2023:09:05:10 +0800] "POST /xingrg/kc/buy/cgsh_order_operate.html HTTP/1.1" 200 37
222.70.245.33 - - [24/Jul/2023:09:05:10 +0800] "POST /xingrg/dwr/call/plaincall/AjaxCheckService.setItemNumber.dwr HTTP/1.1" 200 77
222.70.245.33 - - [24/Jul/2023:09:05:11 +0800] "POST /xingrg/dwr/call/plaincall/AjaxCheckService.setItemNumber.dwr HTTP/1.1" 200 77
222.70.245.33 - - [24/Jul/2023:09:05:13 +0800] "POST /xingrg/dwr/call/plaincall/AjaxCheckService.setItemNumber.dwr HTTP/1.1" 200 77
222.70.245.33 - - [24/Jul/2023:09:05:13 +0800] "POST /xingrg/dwr/call/plaincall/AjaxCheckService.setItemNumber.dwr HTTP/1.1" 200 77
180.163.28.180 - - [24/Jul/2023:09:05:14 +0800] "GET /xingrg/all/function/internal_message.html?_=1690160654428&CODE_STATE=getMsg HTTP/1.1" 302 -
180.163.28.180 - - [24/Jul/2023:09:05:14 +0800] "GET /xingrg/login.html HTTP/1.1" 200 7641
124.78.156.130 - - [24/Jul/2023:09:05:14 +0800] "GET /xingrg/all/function/internal_message.html?_=1690160714403&CODE_STATE=getMsg HTTP/1.1" 200 27
58.40.7.146 - - [24/Jul/2023:09:05:15 +0800] "GET /xingrg/all/function/internal_message.html?_=1690160715227&CODE_STATE=getMsg HTTP/1.1" 302 -
222.70.245.33 - - [24/Jul/2023:09:05:15 +0800] "POST /xingrg/dwr/call/plaincall/AjaxCheckService.setItemNumber.dwr HTTP/1.1" 200 77
120.253.135.82 - - [24/Jul/2023:09:05:15 +0800] "GET /xingrg/all/function/internal_message.html?_=1690160538657&CODE_STATE=getMsg HTTP/1.1" 200 27
222.70.245.33 - - [24/Jul/2023:09:05:16 +0800] "POST /xingrg/dwr/call/plaincall/AjaxCheckService.setItemNumber.dwr HTTP/1.1" 200 77
124.78.156.130 - - [24/Jul/2023:09:05:16 +0800] "POST /xingrg/kc/buy/cgsh_order_operate.html HTTP/1.1" 200 37
180.165.154.167 - - [24/Jul/2023:09:05:16 +0800] "POST /xingrg/kc/buy/cgsh_order_operate.html HTTP/1.1" 200 3855
222.70.245.33 - - [24/Jul/2023:09:05:17 +0800] "POST /xingrg/dwr/call/plaincall/AjaxCheckService.setItemNumber.dwr HTTP/1.1" 200 77
180.163.28.109 - - [24/Jul/2023:09:05:18 +0800] "GET /xingrg/kc/buy/cgsh_order_operate.html?command=get_materiel&rest_code=00106&code=00101008069&supplier_code=00100007&order_time=2023-07-24 HTTP/1.1" 302 -
180.163.28.109 - - [24/Jul/2023:09:05:18 +0800] "GET /xingrg/login.html HTTP/1.1" 200 7641
222.70.245.33 - - [24/Jul/2023:09:05:18 +0800] "POST /xingrg/dwr/call/plaincall/AjaxCheckService.setItemNumber.dwr HTTP/1.1" 200 77
180.165.154.167 - - [24/Jul/2023:09:05:19 +0800] "GET /xingrg/kc/print/load_data.html?order_code=212023072409423&kc_code=cgsh&condition= HTTP/1.1" 200 990
222.70.245.33 - - [24/Jul/2023:09:05:20 +0800] "POST /xingrg/dwr/call/plaincall/AjaxCheckService.setItemNumber.dwr HTTP/1.1" 200 77
222.70.245.33 - - [24/Jul/2023:09:05:21 +0800] "POST /xingrg/dwr/call/plaincall/AjaxCheckService.setItemNumber.dwr HTTP/1.1" 200 77
101.83.145.37 - - [24/Jul/2023:09:05:21 +0800] "GET /xingrg/all/function/internal_message.html?_=1690160722061&CODE_STATE=getMsg HTTP/1.1" 200 27
222.70.245.33 - - [24/Jul/2023:09:05:22 +0800] "POST /xingrg/dwr/call/plaincall/AjaxCheckService.setItemNumber.dwr HTTP/1.1" 200 77
180.157.253.121 - - [24/Jul/2023:09:05:24 +0800] "GET /xingrg/check_reg.html?_=1690160725851 HTTP/1.1" 200 22
180.157.253.121 - - [24/Jul/2023:09:05:24 +0800] "GET /xingrg/all/function/internal_message.html?_=1690160725898&CODE_STATE=getMsg HTTP/1.1" 200 27
180.165.154.167 - - [24/Jul/2023:09:05:25 +0800] "GET /xingrg/kc/buy/cgsh_order_add.html HTTP/1.1" 200 71816
222.70.245.33 - - [24/Jul/2023:09:05:25 +0800] "POST /xingrg/dwr/call/plaincall/AjaxCheckService.setItemNumber.dwr HTTP/1.1" 200 77
180.165.154.167 - - [24/Jul/2023:09:05:25 +0800] "POST /xingrg/kc/buy/cgsh_order_operate.html HTTP/1.1" 200 8245
180.165.154.167 - - [24/Jul/2023:09:05:25 +0800] "GET /xingrg/javascript/easyui/themes/default/validatebox.css HTTP/1.1" 404 1104
222.70.245.33 - - [24/Jul/2023:09:05:26 +0800] "POST /xingrg/dwr/call/plaincall/AjaxCheckService.setItemNumber.dwr HTTP/1.1" 200 77
114.83.223.42 - - [24/Jul/2023:09:05:26 +0800] "GET /xingrg/login.html HTTP/1.1" 200 7641
222.70.180.90 - - [24/Jul/2023:09:05:26 +0800] "POST /xingrg/dwr/call/plaincall/AjaxCheckService.setItemNumber.dwr HTTP/1.1" 200 77
114.83.223.42 - - [24/Jul/2023:09:05:26 +0800] "GET /favicon.ico HTTP/1.1" 404 -
222.70.180.90 - - [24/Jul/2023:09:05:28 +0800] "POST /xingrg/dwr/call/plaincall/AjaxCheckService.setItemNumber.dwr HTTP/1.1" 200 77
222.70.245.33 - - [24/Jul/2023:09:05:28 +0800] "POST /xingrg/dwr/call/plaincall/AjaxCheckService.setItemNumber.dwr HTTP/1.1" 200 77
180.165.154.167 - - [24/Jul/2023:09:05:28 +0800] "GET /xingrg/all/function/internal_message.html?_=1690160726910&CODE_STATE=getMsg HTTP/1.1" 200 27
222.70.245.33 - - [24/Jul/2023:09:05:29 +0800] "POST /xingrg/dwr/call/plaincall/AjaxCheckService.setItemNumber.dwr HTTP/1.1" 200 77
222.70.245.33 - - [24/Jul/2023:09:05:30 +0800] "POST /xingrg/dwr/call/plaincall/AjaxCheckService.setItemNumber.dwr HTTP/1.1" 200 77
222.70.245.33 - - [24/Jul/2023:09:05:31 +0800] "POST /xingrg/dwr/call/plaincall/AjaxCheckService.setItemNumber.dwr HTTP/1.1" 200 77
222.70.245.33 - - [24/Jul/2023:09:05:33 +0800] "POST /xingrg/dwr/call/plaincall/AjaxCheckService.setItemNumber.dwr HTTP/1.1" 200 77
222.70.180.90 - - [24/Jul/2023:09:05:33 +0800] "POST /xingrg/dwr/call/plaincall/AjaxCheckService.setItemNumber.dwr HTTP/1.1" 200 78
222.70.245.33 - - [24/Jul/2023:09:05:34 +0800] "POST /xingrg/dwr/call/plaincall/AjaxCheckService.setItemNumber.dwr HTTP/1.1" 200 77
222.70.180.90 - - [24/Jul/2023:09:05:34 +0800] "POST /xingrg/dwr/call/plaincall/AjaxCheckService.setItemNumber.dwr HTTP/1.1" 200 78
222.70.180.90 - - [24/Jul/2023:09:05:35 +0800] "POST /xingrg/dwr/call/plaincall/AjaxCheckService.setItemNumber.dwr HTTP/1.1" 200 78
114.85.113.108 - - [24/Jul/2023:09:05:36 +0800] "GET /xingrg/all/function/internal_message.html?_=1690160735735&CODE_STATE=getMsg HTTP/1.1" 302 -
222.70.245.33 - - [24/Jul/2023:09:05:37 +0800] "POST /xingrg/dwr/call/plaincall/AjaxCheckService.setItemNumber.dwr HTTP/1.1" 200 77
222.70.180.90 - - [24/Jul/2023:09:05:37 +0800] "POST /xingrg/dwr/call/plaincall/AjaxCheckService.setItemNumber.dwr HTTP/1.1" 200 78
180.165.154.167 - - [24/Jul/2023:09:05:37 +0800] "GET /xingrg/kc/buy/cgsh_order_operate.html?command=get_materiel&rest_code=00108&code=00101009062&supplier_code=00100007&order_time=2023-07-24 HTTP/1.1" 200 412
222.70.180.90 - - [24/Jul/2023:09:05:38 +0800] "GET /xingrg/all/function/internal_message.html?_=1690160737878&CODE_STATE=getMsg HTTP/1.1" 200 27
222.70.245.33 - - [24/Jul/2023:09:05:38 +0800] "POST /xingrg/dwr/call/plaincall/AjaxCheckService.setItemNumber.dwr HTTP/1.1" 200 77
116.238.191.126 - - [24/Jul/2023:09:05:38 +0800] "GET /xingrg/all/function/internal_message.html?_=1690160738170&CODE_STATE=getMsg HTTP/1.1" 200 27
114.83.223.42 - - [24/Jul/2023:09:05:39 +0800] "POST /xingrg/login.do HTTP/1.1" 200 2421
114.83.223.42 - - [24/Jul/2023:09:05:39 +0800] "GET /favicon.ico HTTP/1.1" 404 -
222.70.245.33 - - [24/Jul/2023:09:05:40 +0800] "POST /xingrg/dwr/call/plaincall/AjaxCheckService.setItemNumber.dwr HTTP/1.1" 200 77
114.83.223.42 - - [24/Jul/2023:09:05:40 +0800] "GET /xingrg/login.html HTTP/1.1" 200 7641
114.83.223.42 - - [24/Jul/2023:09:05:40 +0800] "GET /favicon.ico HTTP/1.1" 404 -
222.70.180.90 - - [24/Jul/2023:09:05:40 +0800] "POST /xingrg/dwr/call/plaincall/AjaxCheckService.setItemNumber.dwr HTTP/1.1" 200 78
222.70.180.90 - - [24/Jul/2023:09:05:41 +0800] "POST /xingrg/dwr/call/plaincall/AjaxCheckService.setItemNumber.dwr HTTP/1.1" 200 78
222.70.245.33 - - [24/Jul/2023:09:05:42 +0800] "POST /xingrg/dwr/call/plaincall/AjaxCheckService.setItemNumber.dwr HTTP/1.1" 200 77
124.78.156.130 - - [24/Jul/2023:09:05:42 +0800] "POST /xingrg/kc/buy/cgsh_order_operate.html HTTP/1.1" 200 23329
222.70.180.90 - - [24/Jul/2023:09:05:42 +0800] "POST /xingrg/dwr/call/plaincall/AjaxCheckService.setItemNumber.dwr HTTP/1.1" 200 78
222.70.245.33 - - [24/Jul/2023:09:05:43 +0800] "POST /xingrg/dwr/call/plaincall/AjaxCheckService.setItemNumber.dwr HTTP/1.1" 200 78
222.70.180.90 - - [24/Jul/2023:09:05:44 +0800] "POST /xingrg/dwr/call/plaincall/AjaxCheckService.setItemNumber.dwr HTTP/1.1" 200 78
222.70.245.33 - - [24/Jul/2023:09:05:44 +0800] "POST /xingrg/dwr/call/plaincall/AjaxCheckService.setItemNumber.dwr HTTP/1.1" 200 78
222.70.180.90 - - [24/Jul/2023:09:05:45 +0800] "POST /xingrg/dwr/call/plaincall/AjaxCheckService.setItemNumber.dwr HTTP/1.1" 200 78
116.238.191.126 - - [24/Jul/2023:09:05:45 +0800] "GET /xingrg/javascript/auto/indicator.gif HTTP/1.1" 404 1066
222.70.180.90 - - [24/Jul/2023:09:05:47 +0800] "POST /xingrg/dwr/call/plaincall/AjaxCheckService.setItemNumber.dwr HTTP/1.1" 200 78
222.70.180.90 - - [24/Jul/2023:09:05:48 +0800] "POST /xingrg/dwr/call/plaincall/AjaxCheckService.setItemNumber.dwr HTTP/1.1" 200 78
114.83.223.42 - - [24/Jul/2023:09:05:49 +0800] "POST /xingrg/login.do HTTP/1.1" 302 -
114.83.223.42 - - [24/Jul/2023:09:05:49 +0800] "GET /xingrg/index.html?sysBaseUrl=http%3A%2F%2F180.169.147.146%3A18081%2Fxingrg%2F&costTime=2356×tamp=1690160749388 HTTP/1.1" 200 17179
114.83.223.42 - - [24/Jul/2023:09:05:49 +0800] "GET /favicon.ico HTTP/1.1" 404 -
222.70.180.90 - - [24/Jul/2023:09:05:49 +0800] "POST /xingrg/dwr/call/plaincall/AjaxCheckService.setItemNumber.dwr HTTP/1.1" 200 78
114.83.223.42 - - [24/Jul/2023:09:05:49 +0800] "GET /xingrg/check_reg.html?_=1690160748989 HTTP/1.1" 200 22
114.83.223.42 - - [24/Jul/2023:09:05:50 +0800] "GET /xingrg/all/function/internal_message.html?_=1690160748988&CODE_STATE=count HTTP/1.1" 200 11
114.83.223.42 - - [24/Jul/2023:09:05:50 +0800] "POST /xingrg/load_menu.html HTTP/1.1" 200 5138
114.83.223.42 - - [24/Jul/2023:09:05:50 +0800] "POST /xingrg/all/common/load_tree.html?tree=area_rest_tree_json&manage=1 HTTP/1.1" 200 351
222.70.180.90 - - [24/Jul/2023:09:05:51 +0800] "POST /xingrg/dwr/call/plaincall/AjaxCheckService.setItemNumber.dwr HTTP/1.1" 200 78
116.232.195.127 - - [24/Jul/2023:09:05:51 +0800] "GET /xingrg/all/function/internal_message.html?_=1690160712098&CODE_STATE=getMsg HTTP/1.1" 200 27
180.165.154.167 - - [24/Jul/2023:09:05:51 +0800] "GET /xingrg/kc/buy/cgsh_order_operate.html?command=get_materiel&rest_code=00108&code=00101009078&supplier_code=00100007&order_time=2023-07-24 HTTP/1.1" 200 408
222.70.245.33 - - [24/Jul/2023:09:05:54 +0800] "POST /xingrg/dwr/call/plaincall/AjaxCheckService.setItemNumber.dwr HTTP/1.1" 200 78
101.83.145.37 - - [24/Jul/2023:09:05:56 +0800] "GET /xingrg/all/function/internal_message.html?_=1690160566229&CODE_STATE=getMsg HTTP/1.1" 200 27
116.238.191.126 - - [24/Jul/2023:09:06:00 +0800] "GET /xingrg/kc/buy/cgsh_order_operate.html?command=get_materiel&rest_code=00150&code=00101008323&supplier_code=00100008&order_time=2023-07-24 HTTP/1.1" 200 408
180.165.154.167 - - [24/Jul/2023:09:06:03 +0800] "GET /xingrg/kc/buy/cgsh_order_operate.html?command=get_materiel&rest_code=00108&code=00101009137&supplier_code=00100007&order_time=2023-07-24 HTTP/1.1" 200 410
222.70.245.33 - - [24/Jul/2023:09:06:09 +0800] "GET /xingrg/all/function/internal_message.html?_=1690160771202&CODE_STATE=getMsg HTTP/1.1" 200 27
116.238.191.126 - - [24/Jul/2023:09:06:11 +0800] "GET /xingrg/kc/buy/cgsh_order_operate.html?command=get_materiel&rest_code=00150&code=00101008175&supplier_code=00100008&order_time=2023-07-24 HTTP/1.1" 200 412
124.78.156.130 - - [24/Jul/2023:09:06:14 +0800] "GET /xingrg/all/function/internal_message.html?_=1690160774384&CODE_STATE=getMsg HTTP/1.1" 200 27
180.165.154.167 - - [24/Jul/2023:09:06:14 +0800] "GET /xingrg/kc/buy/cgsh_order_operate.html?command=get_materiel&rest_code=00108&code=00101009011&supplier_code=00100007&order_time=2023-07-24 HTTP/1.1" 200 416
58.40.7.146 - - [24/Jul/2023:09:06:15 +0800] "GET /xingrg/all/function/internal_message.html?_=1690160775228&CODE_STATE=getMsg HTTP/1.1" 302 -
120.253.135.82 - - [24/Jul/2023:09:06:15 +0800] "GET /xingrg/all/function/internal_message.html?_=1690160598668&CODE_STATE=getMsg HTTP/1.1" 200 27
116.238.191.126 - - [24/Jul/2023:09:06:18 +0800] "GET /xingrg/kc/buy/cgsh_order_operate.html?command=get_materiel&rest_code=00150&code=00101008176&supplier_code=00100008&order_time=2023-07-24 HTTP/1.1" 200 413
222.70.245.33 - - [24/Jul/2023:09:06:20 +0800] "POST /xingrg/dwr/call/plaincall/AjaxCheckService.setItemNumber.dwr HTTP/1.1" 200 78
222.70.245.33 - - [24/Jul/2023:09:06:20 +0800] "POST /xingrg/dwr/call/plaincall/AjaxCheckService.setItemNumber.dwr HTTP/1.1" 200 78
101.83.145.37 - - [24/Jul/2023:09:06:21 +0800] "GET /xingrg/kc/base/check_order_list.html HTTP/1.1" 200 16258
101.83.145.37 - - [24/Jul/2023:09:06:21 +0800] "GET /xingrg/all/function/internal_message.html?_=1690160782089&CODE_STATE=getMsg HTTP/1.1" 200 27
222.70.245.33 - - [24/Jul/2023:09:06:21 +0800] "POST /xingrg/dwr/call/plaincall/AjaxCheckService.setItemNumber.dwr HTTP/1.1" 200 78
101.83.145.37 - - [24/Jul/2023:09:06:22 +0800] "POST /xingrg/kc/base/check_list_operate.html HTTP/1.1" 200 1557
222.70.245.33 - - [24/Jul/2023:09:06:22 +0800] "POST /xingrg/dwr/call/plaincall/AjaxCheckService.setItemNumber.dwr HTTP/1.1" 200 78
222.70.245.33 - - [24/Jul/2023:09:06:23 +0800] "POST /xingrg/dwr/call/plaincall/AjaxCheckService.setItemNumber.dwr HTTP/1.1" 200 78
222.70.245.33 - - [24/Jul/2023:09:06:23 +0800] "POST /xingrg/dwr/call/plaincall/AjaxCheckService.setItemNumber.dwr HTTP/1.1" 200 78
180.157.253.121 - - [24/Jul/2023:09:06:24 +0800] "GET /xingrg/all/function/internal_message.html?_=1690160785873&CODE_STATE=getMsg HTTP/1.1" 200 27
101.83.145.37 - - [24/Jul/2023:09:06:24 +0800] "GET /xingrg/kc/base/check_order_info.html?code=452023072300291 HTTP/1.1" 200 26560
101.83.145.37 - - [24/Jul/2023:09:06:24 +0800] "GET /xingrg/dwr/interface/AjaxCheckService.js HTTP/1.1" 200 14003
101.83.145.37 - - [24/Jul/2023:09:06:24 +0800] "GET /xingrg/dwr/engine.js HTTP/1.1" 200 43631
101.83.145.37 - - [24/Jul/2023:09:06:24 +0800] "GET /xingrg/dwr/interface/AjaxComOrderService.js HTTP/1.1" 200 18264
101.83.145.37 - - [24/Jul/2023:09:06:24 +0800] "POST /xingrg/dwr/call/plaincall/AjaxCheckService.loadOrderItems.dwr HTTP/1.1" 200 206825
180.165.154.167 - - [24/Jul/2023:09:06:25 +0800] "GET /xingrg/kc/buy/cgsh_order_operate.html?command=get_materiel&rest_code=00108&code=00101009122&supplier_code=00100007&order_time=2023-07-24 HTTP/1.1" 200 405
222.70.245.33 - - [24/Jul/2023:09:06:25 +0800] "POST /xingrg/dwr/call/plaincall/AjaxCheckService.setItemNumber.dwr HTTP/1.1" 200 78
222.70.245.33 - - [24/Jul/2023:09:06:25 +0800] "POST /xingrg/dwr/call/plaincall/AjaxCheckService.setItemNumber.dwr HTTP/1.1" 200 78
116.238.191.126 - - [24/Jul/2023:09:06:26 +0800] "GET /xingrg/kc/buy/cgsh_order_operate.html?command=get_materiel&rest_code=00150&code=00101008331&supplier_code=00100008&order_time=2023-07-24 HTTP/1.1" 200 416
222.70.245.33 - - [24/Jul/2023:09:06:27 +0800] "POST /xingrg/dwr/call/plaincall/AjaxCheckService.setItemNumber.dwr HTTP/1.1" 200 78
222.70.245.33 - - [24/Jul/2023:09:06:28 +0800] "POST /xingrg/dwr/call/plaincall/AjaxCheckService.setItemNumber.dwr HTTP/1.1" 200 78
180.165.154.167 - - [24/Jul/2023:09:06:28 +0800] "GET /xingrg/check_reg.html?_=1690160786923 HTTP/1.1" 200 22
180.165.154.167 - - [24/Jul/2023:09:06:28 +0800] "GET /xingrg/all/function/internal_message.html?_=1690160786924&CODE_STATE=getMsg HTTP/1.1" 200 27
222.70.245.33 - - [24/Jul/2023:09:06:28 +0800] "POST /xingrg/dwr/call/plaincall/AjaxCheckService.setItemNumber.dwr HTTP/1.1" 200 78
222.70.245.33 - - [24/Jul/2023:09:06:29 +0800] "POST /xingrg/dwr/call/plaincall/AjaxCheckService.setItemNumber.dwr HTTP/1.1" 200 78
222.70.245.33 - - [24/Jul/2023:09:06:31 +0800] "POST /xingrg/dwr/call/plaincall/AjaxCheckService.setItemNumber.dwr HTTP/1.1" 200 78
116.232.195.127 - - [24/Jul/2023:09:06:31 +0800] "GET /xingrg/index.html?sysBaseUrl=http%3A%2F%2F180.169.147.146%3A18081%2Fxingrg%2F&costTime=1277×tamp=1606817596806 HTTP/1.1" 200 17179
116.232.195.127 - - [24/Jul/2023:09:06:31 +0800] "GET /xingrg/javascript/jquery_easy_ui/themes/icon.css HTTP/1.1" 200 3949
116.232.195.127 - - [24/Jul/2023:09:06:31 +0800] "GET /xingrg/javascript/jquery_easy_ui/themes/default/easyui.css HTTP/1.1" 200 26500
116.232.195.127 - - [24/Jul/2023:09:06:31 +0800] "GET /xingrg/css/form.css HTTP/1.1" 200 893
116.232.195.127 - - [24/Jul/2023:09:06:31 +0800] "GET /xingrg/javascript/jquery-1.4.2.min.js HTTP/1.1" 200 72205
116.232.195.127 - - [24/Jul/2023:09:06:31 +0800] "GET /xingrg/javascript/jquery_easy_ui/jquery.easyui.min.js HTTP/1.1" 200 213662
116.232.195.127 - - [24/Jul/2023:09:06:31 +0800] "GET /xingrg/javascript/jquery_easy_ui/easyui-lang-zh_CN.js HTTP/1.1" 200 1900
116.232.195.127 - - [24/Jul/2023:09:06:31 +0800] "GET /xingrg/javascript/jquery.form.js HTTP/1.1" 200 23110
