114.83.223.42 - - [24/Jul/2023:09:34:08 +0800] "POST /xingrg/kc/buy/cgsh_order_operate.html HTTP/1.1" 200 1197
180.157.253.121 - - [24/Jul/2023:09:34:08 +0800] "GET /xingrg/kc/buy/cgsh_order_operate.html?command=get_materiel&rest_code=00148&code=00101008361&supplier_code=00100008&order_time=2023-07-24 HTTP/1.1" 200 408
114.83.223.42 - - [24/Jul/2023:09:34:10 +0800] "GET /xingrg/kc/print/load_data.html?order_code=212023072409440&kc_code=cgsh&condition= HTTP/1.1" 200 948
222.70.114.12 - - [24/Jul/2023:09:34:10 +0800] "GET /xingrg/index.html?sysBaseUrl=http%3A%2F%2F180.169.147.146%3A18081%2Fxingrg%2F&costTime=1876×tamp=1690162290688 HTTP/1.1" 200 17503
222.70.114.12 - - [24/Jul/2023:09:34:11 +0800] "GET /xingrg/check_reg.html?_=1690162452437 HTTP/1.1" 200 22
222.70.114.12 - - [24/Jul/2023:09:34:11 +0800] "GET /xingrg/all/function/internal_message.html?_=1690162452437&CODE_STATE=count HTTP/1.1" 200 11
222.70.114.12 - - [24/Jul/2023:09:34:11 +0800] "GET /favicon.ico HTTP/1.1" 404 -
116.238.191.126 - - [24/Jul/2023:09:34:11 +0800] "POST /xingrg/dwr/call/plaincall/AjaxCheckService.setItemNumber.dwr HTTP/1.1" 200 77
222.70.114.12 - - [24/Jul/2023:09:34:11 +0800] "POST /xingrg/load_menu.html HTTP/1.1" 200 11564
222.70.114.12 - - [24/Jul/2023:09:34:11 +0800] "POST /xingrg/all/common/load_tree.html?tree=area_rest_tree_json&manage=1 HTTP/1.1" 200 2106
222.70.114.12 - - [24/Jul/2023:09:34:12 +0800] "GET /xingrg/index.html?sysBaseUrl=http%3A%2F%2F180.169.147.146%3A18081%2Fxingrg%2F&costTime=1876×tamp=1690162290688 HTTP/1.1" 200 17503
222.70.114.12 - - [24/Jul/2023:09:34:12 +0800] "GET /xingrg/all/function/internal_message.html?_=1690162453313&CODE_STATE=count HTTP/1.1" 200 11
222.70.114.12 - - [24/Jul/2023:09:34:12 +0800] "GET /xingrg/check_reg.html?_=1690162453314 HTTP/1.1" 200 22
222.70.114.12 - - [24/Jul/2023:09:34:12 +0800] "GET /favicon.ico HTTP/1.1" 404 -
222.70.114.12 - - [24/Jul/2023:09:34:12 +0800] "POST /xingrg/all/common/load_tree.html?tree=area_rest_tree_json&manage=1 HTTP/1.1" 200 2106
222.70.114.12 - - [24/Jul/2023:09:34:12 +0800] "POST /xingrg/load_menu.html HTTP/1.1" 200 11564
222.70.180.90 - - [24/Jul/2023:09:34:12 +0800] "GET /xingrg/kc/buy/cgsh_order_operate.html?command=get_materiel&rest_code=00111&code=00101008286&supplier_code=00100005&order_time=2023-07-24 HTTP/1.1" 200 408
222.70.114.12 - - [24/Jul/2023:09:34:13 +0800] "GET /xingrg/kc/buy/buy_main.html HTTP/1.1" 200 12341
222.70.114.12 - - [24/Jul/2023:09:34:13 +0800] "GET /xingrg/css/new_ie.css HTTP/1.1" 404 1036
124.78.156.130 - - [24/Jul/2023:09:34:13 +0800] "GET /xingrg/all/function/internal_message.html?_=1690162453702&CODE_STATE=getMsg HTTP/1.1" 200 27
180.163.28.109 - - [24/Jul/2023:09:34:14 +0800] "GET /xingrg/all/function/internal_message.html?_=1690162393731&CODE_STATE=getMsg HTTP/1.1" 302 -
180.163.28.109 - - [24/Jul/2023:09:34:14 +0800] "GET /xingrg/login.html HTTP/1.1" 200 7641
222.70.114.12 - - [24/Jul/2023:09:34:14 +0800] "GET /xingrg/kc/buy/cgsh_order_list.html HTTP/1.1" 200 56197
124.78.156.130 - - [24/Jul/2023:09:34:14 +0800] "GET /xingrg/check_reg.html?_=1690162454347 HTTP/1.1" 200 22
222.70.114.12 - - [24/Jul/2023:09:34:14 +0800] "GET /xingrg/javascript/easyui/themes/icons/uncheck_new.png HTTP/1.1" 200 3197
58.40.7.146 - - [24/Jul/2023:09:34:15 +0800] "GET /xingrg/all/function/internal_message.html?_=1690162455245&CODE_STATE=getMsg HTTP/1.1" 302 -
114.83.223.42 - - [24/Jul/2023:09:34:15 +0800] "GET /xingrg/kc/buy/cgsh_order_add.html HTTP/1.1" 200 71812
114.83.223.42 - - [24/Jul/2023:09:34:15 +0800] "POST /xingrg/kc/buy/cgsh_order_operate.html HTTP/1.1" 200 8245
114.83.223.42 - - [24/Jul/2023:09:34:15 +0800] "GET /xingrg/javascript/easyui/themes/default/validatebox.css HTTP/1.1" 404 1104
116.238.191.126 - - [24/Jul/2023:09:34:16 +0800] "POST /xingrg/dwr/call/plaincall/AjaxCheckService.setItemNumber.dwr HTTP/1.1" 200 77
120.253.135.82 - - [24/Jul/2023:09:34:16 +0800] "GET /xingrg/all/function/internal_message.html?_=1690162279300&CODE_STATE=getMsg HTTP/1.1" 200 27
222.70.114.12 - - [24/Jul/2023:09:34:16 +0800] "POST /xingrg/kc/buy/cgsh_list_operate.html HTTP/1.1" 200 986
180.157.253.121 - - [24/Jul/2023:09:34:16 +0800] "GET /xingrg/kc/buy/cgsh_order_operate.html?command=get_materiel&rest_code=00148&code=00101008321&supplier_code=00100008&order_time=2023-07-24 HTTP/1.1" 200 412
124.79.243.110 - - [24/Jul/2023:09:34:17 +0800] "GET /xingrg/check_reg.html?_=1690162743726 HTTP/1.1" 200 22
124.79.243.110 - - [24/Jul/2023:09:34:17 +0800] "GET /xingrg/all/function/internal_message.html?_=1690162743725&CODE_STATE=getMsg HTTP/1.1" 200 27
116.238.191.126 - - [24/Jul/2023:09:34:18 +0800] "POST /xingrg/dwr/call/plaincall/AjaxCheckService.setItemNumber.dwr HTTP/1.1" 200 77
116.238.191.126 - - [24/Jul/2023:09:34:18 +0800] "POST /xingrg/dwr/call/plaincall/AjaxCheckService.setItemNumber.dwr HTTP/1.1" 200 77
116.238.191.126 - - [24/Jul/2023:09:34:21 +0800] "POST /xingrg/dwr/call/plaincall/AjaxCheckService.setItemNumber.dwr HTTP/1.1" 200 77
116.238.191.126 - - [24/Jul/2023:09:34:21 +0800] "GET /xingrg/all/function/internal_message.html?_=1690162350144&CODE_STATE=getMsg HTTP/1.1" 200 27
101.83.145.37 - - [24/Jul/2023:09:34:21 +0800] "GET /xingrg/all/function/internal_message.html?_=1690162462071&CODE_STATE=getMsg HTTP/1.1" 200 27
116.238.191.126 - - [24/Jul/2023:09:34:22 +0800] "POST /xingrg/dwr/call/plaincall/AjaxCheckService.setItemNumber.dwr HTTP/1.1" 200 77
116.238.191.126 - - [24/Jul/2023:09:34:23 +0800] "POST /xingrg/dwr/call/plaincall/AjaxCheckService.setItemNumber.dwr HTTP/1.1" 200 77
116.232.195.127 - - [24/Jul/2023:09:34:23 +0800] "POST /xingrg/kc/buy/cgsh_list_operate.html HTTP/1.1" 200 3156
180.157.253.121 - - [24/Jul/2023:09:34:24 +0800] "GET /xingrg/all/function/internal_message.html?_=1690162465961&CODE_STATE=getMsg HTTP/1.1" 200 27
116.238.191.126 - - [24/Jul/2023:09:34:24 +0800] "POST /xingrg/dwr/call/plaincall/AjaxCheckService.setItemNumber.dwr HTTP/1.1" 200 77
180.165.154.167 - - [24/Jul/2023:09:34:25 +0800] "GET /xingrg/kc/buy/cgsh_order_list.html HTTP/1.1" 200 55952
180.165.154.167 - - [24/Jul/2023:09:34:25 +0800] "GET /xingrg/css/base.css HTTP/1.1" 200 2811
180.165.154.167 - - [24/Jul/2023:09:34:25 +0800] "GET /xingrg/javascript/jquery_tools/datebox.css HTTP/1.1" 200 2597
180.165.154.167 - - [24/Jul/2023:09:34:25 +0800] "GET /xingrg/css/site.css HTTP/1.1" 200 7541
180.165.154.167 - - [24/Jul/2023:09:34:25 +0800] "GET /xingrg/javascript/easyui/themes/default/easyui.css HTTP/1.1" 200 30432
180.165.154.167 - - [24/Jul/2023:09:34:25 +0800] "GET /xingrg/javascript/easyui/themes/icon.css HTTP/1.1" 200 4483
180.165.154.167 - - [24/Jul/2023:09:34:25 +0800] "GET /xingrg/javascript/auto/jquery.autocomplete.css HTTP/1.1" 200 587
180.165.154.167 - - [24/Jul/2023:09:34:25 +0800] "GET /xingrg/javascript/jquery_tools/table.css HTTP/1.1" 200 1032
180.165.154.167 - - [24/Jul/2023:09:34:25 +0800] "GET /xingrg/javascript/jquery_tools/fix.css HTTP/1.1" 200 1702
180.165.154.167 - - [24/Jul/2023:09:34:25 +0800] "GET /xingrg/javascript/jquery_tools/jquery.tools.min.js HTTP/1.1" 200 138801
180.165.154.167 - - [24/Jul/2023:09:34:25 +0800] "GET /xingrg/javascript/jquery_tools/jquery.tools.hotkey.js HTTP/1.1" 200 3242
180.165.154.167 - - [24/Jul/2023:09:34:25 +0800] "GET /xingrg/javascript/jquery_tools/jquery.tools.extend.js HTTP/1.1" 200 15385
180.165.154.167 - - [24/Jul/2023:09:34:25 +0800] "GET /xingrg/javascript/jquery_tools/jquery.tools.table.js HTTP/1.1" 200 6994
180.165.154.167 - - [24/Jul/2023:09:34:25 +0800] "GET /xingrg/javascript/jquery_tools/list_manager.js HTTP/1.1" 200 3652
180.165.154.167 - - [24/Jul/2023:09:34:25 +0800] "GET /xingrg/javascript/easyui/easyloader.js HTTP/1.1" 200 5975
180.165.154.167 - - [24/Jul/2023:09:34:25 +0800] "GET /xingrg/javascript/auto/jquery.autocomplete.js HTTP/1.1" 200 21624
180.165.154.167 - - [24/Jul/2023:09:34:25 +0800] "GET /xingrg/javascript/jquery.cookie.js HTTP/1.1" 200 5513
180.165.154.167 - - [24/Jul/2023:09:34:25 +0800] "GET /xingrg/javascript/jquery.utils.js HTTP/1.1" 200 11805
180.165.154.167 - - [24/Jul/2023:09:34:25 +0800] "GET /xingrg/javascript/print/LodopFuncs.js HTTP/1.1" 200 5121
116.238.191.126 - - [24/Jul/2023:09:34:25 +0800] "POST /xingrg/dwr/call/plaincall/AjaxCheckService.setItemNumber.dwr HTTP/1.1" 200 77
180.165.154.167 - - [24/Jul/2023:09:34:25 +0800] "GET /xingrg/javascript/easyui/plugins/jquery.parser.js HTTP/1.1" 200 1142
180.165.154.167 - - [24/Jul/2023:09:34:25 +0800] "GET /xingrg/images/control/ajaxLoader.gif HTTP/1.1" 200 4659
116.232.195.127 - - [24/Jul/2023:09:34:25 +0800] "POST /xingrg/kc/buy/cgsh_list_operate.html HTTP/1.1" 200 420
114.83.223.42 - - [24/Jul/2023:09:34:26 +0800] "GET /xingrg/kc/buy/cgsh_order_operate.html?command=get_materiel&rest_code=00149&code=00102002453&supplier_code=00100072&order_time=2023-07-24 HTTP/1.1" 200 412
180.169.147.146 - - [24/Jul/2023:09:34:27 +0800] "POST /xingrg/all/report/report_print.html HTTP/1.1" 200 7168
116.238.191.126 - - [24/Jul/2023:09:34:27 +0800] "POST /xingrg/dwr/call/plaincall/AjaxCheckService.setItemNumber.dwr HTTP/1.1" 200 77
180.165.154.167 - - [24/Jul/2023:09:34:27 +0800] "GET /xingrg/all/function/internal_message.html?_=1690162468000&CODE_STATE=getMsg HTTP/1.1" 200 27
116.238.191.126 - - [24/Jul/2023:09:34:28 +0800] "POST /xingrg/dwr/call/plaincall/AjaxCheckService.setItemNumber.dwr HTTP/1.1" 200 77
116.238.191.126 - - [24/Jul/2023:09:34:28 +0800] "POST /xingrg/dwr/call/plaincall/AjaxCheckService.setItemNumber.dwr HTTP/1.1" 200 77
116.232.195.127 - - [24/Jul/2023:09:34:28 +0800] "GET /xingrg/kc/buy/cgsh_order_info.html?code=212023072409418 HTTP/1.1" 200 71780
116.232.195.127 - - [24/Jul/2023:09:34:29 +0800] "GET /xingrg/javascript/easyui/themes/default/validatebox.css HTTP/1.1" 404 1104
180.165.154.167 - - [24/Jul/2023:09:34:29 +0800] "POST /xingrg/kc/buy/cgsh_list_operate.html HTTP/1.1" 200 3187
116.238.191.126 - - [24/Jul/2023:09:34:29 +0800] "POST /xingrg/dwr/call/plaincall/AjaxCheckService.setItemNumber.dwr HTTP/1.1" 200 77
116.232.195.127 - - [24/Jul/2023:09:34:30 +0800] "POST /xingrg/kc/buy/cgsh_order_operate.html HTTP/1.1" 200 4425
222.70.114.12 - - [24/Jul/2023:09:34:30 +0800] "GET /xingrg/logout.do HTTP/1.1" 302 -
222.70.114.12 - - [24/Jul/2023:09:34:30 +0800] "GET /xingrg/login.html?sysBaseUrl=http%3A%2F%2F180.169.147.146%3A18081%2Fxingrg%2F&costTime=31×tamp=1690162470396 HTTP/1.1" 200 7641
116.232.195.127 - - [24/Jul/2023:09:34:33 +0800] "GET /xingrg/kc/print/load_data.html?order_code=212023072409418&kc_code=cgsh HTTP/1.1" 200 1440
116.238.191.126 - - [24/Jul/2023:09:34:33 +0800] "POST /xingrg/dwr/call/plaincall/AjaxCheckService.setItemNumber.dwr HTTP/1.1" 200 77
180.163.28.143 - - [24/Jul/2023:09:34:34 +0800] "GET /xingrg/all/function/internal_message.html?_=1690162414703&CODE_STATE=count HTTP/1.1" 302 -
180.163.28.143 - - [24/Jul/2023:09:34:34 +0800] "GET /xingrg/login.html HTTP/1.1" 200 7641
180.163.30.100 - - [24/Jul/2023:09:34:34 +0800] "GET /xingrg/check_reg.html?_=1690162414703 HTTP/1.1" 302 -
180.163.30.100 - - [24/Jul/2023:09:34:34 +0800] "GET /xingrg/login.html HTTP/1.1" 200 7641
180.169.147.146 - - [24/Jul/2023:09:34:34 +0800] "GET /xingrg/all/function/internal_message.html?_=1690162474713&CODE_STATE=getMsg HTTP/1.1" 200 27
116.238.191.126 - - [24/Jul/2023:09:34:34 +0800] "POST /xingrg/dwr/call/plaincall/AjaxCheckService.setItemNumber.dwr HTTP/1.1" 200 77
114.85.113.108 - - [24/Jul/2023:09:34:35 +0800] "GET /xingrg/all/function/internal_message.html?_=1690162475282&CODE_STATE=getMsg HTTP/1.1" 302 -
222.70.180.90 - - [24/Jul/2023:09:34:36 +0800] "POST /xingrg/kc/buy/cgsh_order_operate.html HTTP/1.1" 200 2065
116.238.191.126 - - [24/Jul/2023:09:34:37 +0800] "POST /xingrg/dwr/call/plaincall/AjaxCheckService.setItemNumber.dwr HTTP/1.1" 200 77
222.70.180.90 - - [24/Jul/2023:09:34:38 +0800] "GET /xingrg/all/function/internal_message.html?_=1690162477919&CODE_STATE=getMsg HTTP/1.1" 200 27
222.70.114.12 - - [24/Jul/2023:09:34:38 +0800] "POST /xingrg/login.do HTTP/1.1" 302 -
116.238.191.126 - - [24/Jul/2023:09:34:39 +0800] "POST /xingrg/dwr/call/plaincall/AjaxCheckService.setItemNumber.dwr HTTP/1.1" 200 77
116.232.195.127 - - [24/Jul/2023:09:34:39 +0800] "GET /xingrg/all/function/internal_message.html?_=1690162440429&CODE_STATE=getMsg HTTP/1.1" 200 27
222.70.114.12 - - [24/Jul/2023:09:34:40 +0800] "POST /xingrg/login.do HTTP/1.1" 302 -
222.70.114.12 - - [24/Jul/2023:09:34:40 +0800] "GET /xingrg/index.html?sysBaseUrl=http%3A%2F%2F180.169.147.146%3A18081%2Fxingrg%2F&costTime=1871×tamp=1690162480195 HTTP/1.1" 200 17179
222.70.114.12 - - [24/Jul/2023:09:34:40 +0800] "GET /xingrg/check_reg.html?_=1690162481599 HTTP/1.1" 200 22
222.70.114.12 - - [24/Jul/2023:09:34:40 +0800] "GET /xingrg/all/function/internal_message.html?_=1690162481599&CODE_STATE=count HTTP/1.1" 200 11
222.70.114.12 - - [24/Jul/2023:09:34:40 +0800] "POST /xingrg/load_menu.html HTTP/1.1" 200 5138
222.70.114.12 - - [24/Jul/2023:09:34:40 +0800] "POST /xingrg/login.do HTTP/1.1" 200 2098
222.70.114.12 - - [24/Jul/2023:09:34:40 +0800] "POST /xingrg/all/common/load_tree.html?tree=area_rest_tree_json&manage=1 HTTP/1.1" 200 351
222.70.114.12 - - [24/Jul/2023:09:34:41 +0800] "GET /xingrg/kc/buy/buy_main.html HTTP/1.1" 200 12412
222.70.114.12 - - [24/Jul/2023:09:34:41 +0800] "GET /xingrg/css/new_ie.css HTTP/1.1" 404 1036
116.232.195.127 - - [24/Jul/2023:09:34:42 +0800] "GET /xingrg/all/function/internal_message.html?_=1690162443016&CODE_STATE=getMsg HTTP/1.1" 200 27
180.157.253.121 - - [24/Jul/2023:09:34:42 +0800] "POST /xingrg/kc/buy/cgsh_order_operate.html HTTP/1.1" 200 37
222.70.114.12 - - [24/Jul/2023:09:34:43 +0800] "GET /xingrg/kc/buy/cgsh_order_list.html HTTP/1.1" 200 55948
116.238.191.126 - - [24/Jul/2023:09:34:43 +0800] "POST /xingrg/dwr/call/plaincall/AjaxCheckService.setItemNumber.dwr HTTP/1.1" 200 77
222.70.180.90 - - [24/Jul/2023:09:34:44 +0800] "GET /xingrg/kc/buy/cgsh_order_operate.html?command=get_materiel&rest_code=00111&code=00101008113&supplier_code=00100005&order_time=2023-07-24 HTTP/1.1" 200 413
222.70.114.12 - - [24/Jul/2023:09:34:45 +0800] "POST /xingrg/kc/buy/cgsh_list_operate.html HTTP/1.1" 200 986
222.70.245.33 - - [24/Jul/2023:09:34:45 +0800] "GET /xingrg/all/function/internal_message.html?_=1690162486825&CODE_STATE=getMsg HTTP/1.1" 200 27
222.70.114.12 - - [24/Jul/2023:09:34:46 +0800] "GET /xingrg/kc/base/base_main.html HTTP/1.1" 200 12142
222.70.114.12 - - [24/Jul/2023:09:34:47 +0800] "GET /xingrg/kc/base/check_order_list.html HTTP/1.1" 200 16264
222.70.114.12 - - [24/Jul/2023:09:34:47 +0800] "POST /xingrg/kc/base/check_list_operate.html HTTP/1.1" 200 2883
116.232.195.127 - - [24/Jul/2023:09:34:47 +0800] "POST /xingrg/kc/buy/cgsh_list_operate.html HTTP/1.1" 200 3156
180.165.154.167 - - [24/Jul/2023:09:34:48 +0800] "GET /xingrg/login.html HTTP/1.1" 200 7641
180.165.154.167 - - [24/Jul/2023:09:34:48 +0800] "GET /xingrg/images/blue/jxLogo.png HTTP/1.1" 200 6156
180.165.154.167 - - [24/Jul/2023:09:34:48 +0800] "GET /xingrg/images/blue/login_bg.png HTTP/1.1" 200 22101
180.165.154.167 - - [24/Jul/2023:09:34:48 +0800] "GET /xingrg/images/blue/hj.png HTTP/1.1" 200 1014
180.165.154.167 - - [24/Jul/2023:09:34:48 +0800] "GET /xingrg/images/blue/srbg.png HTTP/1.1" 200 138
180.165.154.167 - - [24/Jul/2023:09:34:48 +0800] "GET /favicon.ico HTTP/1.1" 404 -
116.238.191.126 - - [24/Jul/2023:09:34:49 +0800] "POST /xingrg/dwr/call/plaincall/AjaxCheckService.setItemNumber.dwr HTTP/1.1" 200 77
114.83.223.42 - - [24/Jul/2023:09:34:49 +0800] "GET /xingrg/all/function/internal_message.html?_=1690162489051&CODE_STATE=getMsg HTTP/1.1" 200 27
116.238.191.126 - - [24/Jul/2023:09:34:50 +0800] "POST /xingrg/dwr/call/plaincall/AjaxCheckService.setItemNumber.dwr HTTP/1.1" 200 77
116.232.195.127 - - [24/Jul/2023:09:34:51 +0800] "GET /xingrg/all/function/internal_message.html?_=1690162452100&CODE_STATE=getMsg HTTP/1.1" 200 27
116.238.191.126 - - [24/Jul/2023:09:34:51 +0800] "POST /xingrg/dwr/call/plaincall/AjaxCheckService.setItemNumber.dwr HTTP/1.1" 200 77
116.238.191.126 - - [24/Jul/2023:09:34:52 +0800] "POST /xingrg/dwr/call/plaincall/AjaxCheckService.setItemNumber.dwr HTTP/1.1" 200 77
222.70.114.12 - - [24/Jul/2023:09:34:53 +0800] "GET /xingrg/kc/base/check_order_info.html?code=452023072300331 HTTP/1.1" 200 26478
222.70.114.12 - - [24/Jul/2023:09:34:53 +0800] "GET /xingrg/dwr/interface/AjaxCheckService.js HTTP/1.1" 200 14003
222.70.114.12 - - [24/Jul/2023:09:34:53 +0800] "GET /xingrg/dwr/interface/AjaxComOrderService.js HTTP/1.1" 200 18264
222.70.114.12 - - [24/Jul/2023:09:34:53 +0800] "GET /xingrg/dwr/util.js HTTP/1.1" 200 35990
222.70.114.12 - - [24/Jul/2023:09:34:53 +0800] "GET /xingrg/dwr/engine.js HTTP/1.1" 200 43631
116.238.191.126 - - [24/Jul/2023:09:34:53 +0800] "POST /xingrg/dwr/call/plaincall/AjaxCheckService.setItemNumber.dwr HTTP/1.1" 200 77
116.238.191.126 - - [24/Jul/2023:09:34:53 +0800] "GET /xingrg/all/function/internal_message.html?_=1690162493001&CODE_STATE=getMsg HTTP/1.1" 200 27
222.70.180.90 - - [24/Jul/2023:09:34:54 +0800] "GET /xingrg/kc/buy/cgsh_order_operate.html?command=get_materiel&rest_code=00111&code=00101008349&supplier_code=00100005&order_time=2023-07-24 HTTP/1.1" 200 412
101.83.145.37 - - [24/Jul/2023:09:34:56 +0800] "GET /xingrg/all/function/internal_message.html?_=1690162306282&CODE_STATE=getMsg HTTP/1.1" 200 27
124.78.156.130 - - [24/Jul/2023:09:34:56 +0800] "POST /xingrg/services/DataTransmitService HTTP/1.1" 200 524
222.70.114.12 - - [24/Jul/2023:09:34:56 +0800] "GET /xingrg/index.html?sysBaseUrl=http%3A%2F%2F180.169.147.146%3A18081%2Fxingrg%2F&costTime=1871×tamp=1690162480195 HTTP/1.1" 200 17179
222.70.114.12 - - [24/Jul/2023:09:34:56 +0800] "GET /xingrg/check_reg.html?_=1690162498034 HTTP/1.1" 200 22
222.70.114.12 - - [24/Jul/2023:09:34:56 +0800] "GET /xingrg/all/function/internal_message.html?_=1690162498034&CODE_STATE=count HTTP/1.1" 200 11
222.70.114.12 - - [24/Jul/2023:09:34:56 +0800] "POST /xingrg/all/common/load_tree.html?tree=area_rest_tree_json&manage=1 HTTP/1.1" 200 351
222.70.114.12 - - [24/Jul/2023:09:34:56 +0800] "POST /xingrg/load_menu.html HTTP/1.1" 200 5138
124.79.243.110 - - [24/Jul/2023:09:34:57 +0800] "GET /xingrg/all/function/internal_message.html?_=1690162497772&CODE_STATE=getMsg HTTP/1.1" 200 27
180.165.154.167 - - [24/Jul/2023:09:34:58 +0800] "POST /xingrg/login.do HTTP/1.1" 302 -
180.165.154.167 - - [24/Jul/2023:09:34:58 +0800] "GET /xingrg/index.html?sysBaseUrl=http%3A%2F%2F180.169.147.146%3A18081%2Fxingrg%2F&costTime=795×tamp=1690162498516 HTTP/1.1" 200 17183
180.165.154.167 - - [24/Jul/2023:09:34:58 +0800] "GET /xingrg/javascript/jquery_easy_ui/themes/default/easyui.css HTTP/1.1" 200 26500
180.165.154.167 - - [24/Jul/2023:09:34:58 +0800] "GET /xingrg/css/form.css HTTP/1.1" 200 893
180.165.154.167 - - [24/Jul/2023:09:34:58 +0800] "GET /xingrg/javascript/jquery_easy_ui/themes/icon.css HTTP/1.1" 200 3949
180.165.154.167 - - [24/Jul/2023:09:34:58 +0800] "GET /xingrg/javascript/jquery.form.js HTTP/1.1" 200 23110
180.165.154.167 - - [24/Jul/2023:09:34:58 +0800] "GET /xingrg/javascript/jquery.timers.js HTTP/1.1" 200 3532
180.165.154.167 - - [24/Jul/2023:09:34:58 +0800] "GET /xingrg/javascript/jquery-1.4.2.min.js HTTP/1.1" 200 72205
180.165.154.167 - - [24/Jul/2023:09:34:58 +0800] "GET /xingrg/javascript/jquery_easy_ui/easyui-lang-zh_CN.js HTTP/1.1" 200 1900
180.165.154.167 - - [24/Jul/2023:09:34:58 +0800] "GET /xingrg/javascript/jquery_easy_ui/jquery.easyui.min.js HTTP/1.1" 200 213662
180.165.154.167 - - [24/Jul/2023:09:34:58 +0800] "GET /favicon.ico HTTP/1.1" 404 -
180.165.154.167 - - [24/Jul/2023:09:34:58 +0800] "GET /xingrg/javascript/jquery_easy_ui/themes/icons/settle_new.png HTTP/1.1" 200 826
180.165.154.167 - - [24/Jul/2023:09:34:58 +0800] "GET /xingrg/images/blue/navBackgound.jpg HTTP/1.1" 200 12378
180.165.154.167 - - [24/Jul/2023:09:34:58 +0800] "POST /xingrg/all/common/load_tree.html?tree=area_rest_tree_json&manage=1 HTTP/1.1" 200 357
180.165.154.167 - - [24/Jul/2023:09:34:58 +0800] "GET /xingrg/images/blue/pingpu.png HTTP/1.1" 200 231
180.165.154.167 - - [24/Jul/2023:09:34:58 +0800] "GET /xingrg/all/function/internal_message.html?_=1690162498996&CODE_STATE=count HTTP/1.1" 200 11
180.165.154.167 - - [24/Jul/2023:09:34:58 +0800] "GET /xingrg/javascript/jquery_easy_ui/themes/default/images/tabs_leftarrow.png HTTP/1.1" 200 389
180.165.154.167 - - [24/Jul/2023:09:34:58 +0800] "GET /xingrg/check_reg.html?_=1690162498996 HTTP/1.1" 200 22
180.165.154.167 - - [24/Jul/2023:09:34:58 +0800] "GET /xingrg/javascript/jquery_easy_ui/themes/default/images/tabs_rightarrow.png HTTP/1.1" 200 395
180.165.154.167 - - [24/Jul/2023:09:34:58 +0800] "GET /xingrg/javascript/jquery_easy_ui/themes/default/images/panel_tool_collapse.gif HTTP/1.1" 200 246
180.165.154.167 - - [24/Jul/2023:09:34:59 +0800] "POST /xingrg/load_menu.html HTTP/1.1" 200 5138
222.70.114.12 - - [24/Jul/2023:09:34:59 +0800] "GET /xingrg/index.html?sysBaseUrl=http%3A%2F%2F180.169.147.146%3A18081%2Fxingrg%2F&costTime=1871×tamp=1690162480195 HTTP/1.1" 200 17179
180.165.154.167 - - [24/Jul/2023:09:34:59 +0800] "GET /xingrg/javascript/jquery_easy_ui/themes/default/images/tree_arrows.gif HTTP/1.1" 200 1043
180.165.154.167 - - [24/Jul/2023:09:34:59 +0800] "GET /xingrg/javascript/jquery_easy_ui/themes/default/images/tree_folder_open.gif HTTP/1.1" 200 956
180.165.154.167 - - [24/Jul/2023:09:34:59 +0800] "GET /xingrg/javascript/jquery_easy_ui/themes/icons/search_new.png HTTP/1.1" 200 586
180.165.154.167 - - [24/Jul/2023:09:34:59 +0800] "GET /xingrg/javascript/jquery_easy_ui/themes/default/images/tree_folder.gif HTTP/1.1" 200 952
180.165.154.167 - - [24/Jul/2023:09:34:59 +0800] "GET /xingrg/javascript/jquery_easy_ui/themes/icons/storage_new.png HTTP/1.1" 200 853
180.165.154.167 - - [24/Jul/2023:09:34:59 +0800] "GET /xingrg/javascript/jquery_easy_ui/themes/icons/forms_new.png HTTP/1.1" 200 350
180.165.154.167 - - [24/Jul/2023:09:34:59 +0800] "GET /xingrg/javascript/jquery_easy_ui/themes/default/images/tree_file.gif HTTP/1.1" 200 118
222.70.114.12 - - [24/Jul/2023:09:34:59 +0800] "GET /xingrg/check_reg.html?_=1690162500555 HTTP/1.1" 200 22
222.70.114.12 - - [24/Jul/2023:09:34:59 +0800] "GET /xingrg/all/function/internal_message.html?_=1690162500555&CODE_STATE=count HTTP/1.1" 200 11
222.70.114.12 - - [24/Jul/2023:09:34:59 +0800] "POST /xingrg/all/common/load_tree.html?tree=area_rest_tree_json&manage=1 HTTP/1.1" 200 351
222.70.114.12 - - [24/Jul/2023:09:34:59 +0800] "POST /xingrg/load_menu.html HTTP/1.1" 200 5138
222.70.114.12 - - [24/Jul/2023:09:35:00 +0800] "GET /xingrg/kc/base/base_main.html HTTP/1.1" 200 12142
222.70.114.12 - - [24/Jul/2023:09:35:01 +0800] "GET /xingrg/kc/base/check_order_list.html HTTP/1.1" 200 16264
222.70.114.12 - - [24/Jul/2023:09:35:01 +0800] "POST /xingrg/kc/base/check_list_operate.html HTTP/1.1" 200 2883
124.79.243.110 - - [24/Jul/2023:09:35:02 +0800] "GET /xingrg/kc/base/wldb_order_list.html HTTP/1.1" 200 19145
124.79.243.110 - - [24/Jul/2023:09:35:03 +0800] "POST /xingrg/kc/base/wldb_list_operate.html HTTP/1.1" 200 928
222.70.114.12 - - [24/Jul/2023:09:35:04 +0800] "GET /xingrg/kc/base/check_order_info.html?code=452023072300331 HTTP/1.1" 200 26478
222.70.114.12 - - [24/Jul/2023:09:35:04 +0800] "GET /xingrg/dwr/interface/AjaxComOrderService.js HTTP/1.1" 200 18264
222.70.114.12 - - [24/Jul/2023:09:35:04 +0800] "GET /xingrg/dwr/interface/AjaxCheckService.js HTTP/1.1" 200 14003
222.70.114.12 - - [24/Jul/2023:09:35:04 +0800] "GET /xingrg/dwr/engine.js HTTP/1.1" 200 43631
124.79.243.110 - - [24/Jul/2023:09:35:05 +0800] "GET /xingrg/kc/base/wldb_order_add.html HTTP/1.1" 200 30428
124.79.243.110 - - [24/Jul/2023:09:35:05 +0800] "GET /xingrg/all/common/auto_word.html?type=base&rest_code=00104 HTTP/1.1" 200 1849
124.79.243.110 - - [24/Jul/2023:09:35:05 +0800] "GET /xingrg/all/common/auto_word.html?type=base&rest_code=00104 HTTP/1.1" 200 1849
124.79.243.110 - - [24/Jul/2023:09:35:05 +0800] "GET /xingrg/javascript/easyui/themes/default/validatebox.css HTTP/1.1" 404 1104
124.79.243.110 - - [24/Jul/2023:09:35:05 +0800] "POST /xingrg/kc/base/wldb_order_operate.html HTTP/1.1" 200 6806
114.83.223.42 - - [24/Jul/2023:09:35:10 +0800] "GET /xingrg/kc/buy/cgsh_order_operate.html?command=get_materiel&rest_code=00149&code=00102002334&supplier_code=00100072&order_time=2023-07-24 HTTP/1.1" 200 412
222.70.245.33 - - [24/Jul/2023:09:35:12 +0800] "POST /xingrg/services/DataTransmitService HTTP/1.1" 200 524
116.238.191.126 - - [24/Jul/2023:09:35:12 +0800] "POST /xingrg/dwr/call/plaincall/AjaxCheckService.checkOrder.dwr HTTP/1.1" 200 79
222.70.114.12 - - [24/Jul/2023:09:35:12 +0800] "POST /xingrg/dwr/call/plaincall/AjaxCheckService.loadOrderItems.dwr HTTP/1.1" 200 24232
124.78.156.130 - - [24/Jul/2023:09:35:13 +0800] "GET /xingrg/all/function/internal_message.html?_=1690162513683&CODE_STATE=getMsg HTTP/1.1" 200 27
222.70.245.33 - - [24/Jul/2023:09:35:14 +0800] "POST /xingrg/services/DataTransmitService HTTP/1.1" 200 2335
180.163.30.100 - - [24/Jul/2023:09:35:14 +0800] "GET /xingrg/all/function/internal_message.html?_=1690162453702&CODE_STATE=getMsg HTTP/1.1" 302 -
180.163.30.100 - - [24/Jul/2023:09:35:14 +0800] "GET /xingrg/login.html HTTP/1.1" 200 7641
180.163.30.100 - - [24/Jul/2023:09:35:14 +0800] "GET /xingrg/check_reg.html?_=1690162454347 HTTP/1.1" 302 -
180.163.30.100 - - [24/Jul/2023:09:35:14 +0800] "GET /xingrg/login.html HTTP/1.1" 200 7641
58.40.7.146 - - [24/Jul/2023:09:35:15 +0800] "GET /xingrg/all/function/internal_message.html?_=1690162515246&CODE_STATE=getMsg HTTP/1.1" 302 -
222.70.180.90 - - [24/Jul/2023:09:35:15 +0800] "GET /xingrg/kc/buy/cgsh_order_operate.html?command=get_materiel&rest_code=00111&code=00101016081&supplier_code=00100005&order_time=2023-07-24 HTTP/1.1" 200 447
116.238.191.126 - - [24/Jul/2023:09:35:15 +0800] "GET /xingrg/kc/base/check_order_info.html?code=452023072300264 HTTP/1.1" 200 22864
116.238.191.126 - - [24/Jul/2023:09:35:16 +0800] "GET /xingrg/dwr/interface/AjaxComOrderService.js HTTP/1.1" 200 18264
116.238.191.126 - - [24/Jul/2023:09:35:16 +0800] "GET /xingrg/dwr/interface/AjaxCheckService.js HTTP/1.1" 200 14003
116.238.191.126 - - [24/Jul/2023:09:35:16 +0800] "GET /xingrg/dwr/engine.js HTTP/1.1" 200 43631
120.253.135.82 - - [24/Jul/2023:09:35:16 +0800] "GET /xingrg/all/function/internal_message.html?_=1690162339347&CODE_STATE=getMsg HTTP/1.1" 200 27
116.238.191.126 - - [24/Jul/2023:09:35:16 +0800] "GET /xingrg/javascript/jquery_easy_ui/themes/icons/exam_new.png HTTP/1.1" 200 756
116.238.191.126 - - [24/Jul/2023:09:35:16 +0800] "POST /xingrg/dwr/call/plaincall/AjaxCheckService.loadOrderItems.dwr HTTP/1.1" 200 22039
124.79.243.110 - - [24/Jul/2023:09:35:17 +0800] "GET /xingrg/all/function/internal_message.html?_=1690162803734&CODE_STATE=getMsg HTTP/1.1" 200 27
180.165.154.167 - - [24/Jul/2023:09:35:18 +0800] "GET /xingrg/javascript/jquery_easy_ui/themes/default/images/tabs_close.gif HTTP/1.1" 200 829
180.165.154.167 - - [24/Jul/2023:09:35:19 +0800] "GET /xingrg/kc/buy/cgsh_order_list.html HTTP/1.1" 200 55952
180.165.154.167 - - [24/Jul/2023:09:35:19 +0800] "GET /xingrg/javascript/easyui/themes/icons/edit_add_new.png HTTP/1.1" 200 2997
180.165.154.167 - - [24/Jul/2023:09:35:19 +0800] "GET /xingrg/javascript/easyui/themes/icons/cance_new.png HTTP/1.1" 200 3986
180.165.154.167 - - [24/Jul/2023:09:35:19 +0800] "GET /xingrg/javascript/easyui/themes/icons/check_new.png HTTP/1.1" 200 3224
180.165.154.167 - - [24/Jul/2023:09:35:19 +0800] "GET /xingrg/javascript/easyui/themes/icons/field_new.png HTTP/1.1" 200 1097
180.165.154.167 - - [24/Jul/2023:09:35:19 +0800] "GET /xingrg/javascript/easyui/themes/icons/import_new.png HTTP/1.1" 200 1247
116.238.191.126 - - [24/Jul/2023:09:35:21 +0800] "GET /xingrg/all/function/internal_message.html?_=1690162410157&CODE_STATE=getMsg HTTP/1.1" 200 27
101.83.145.37 - - [24/Jul/2023:09:35:21 +0800] "GET /xingrg/all/function/internal_message.html?_=1690162522071&CODE_STATE=getMsg HTTP/1.1" 200 27
222.70.114.12 - - [24/Jul/2023:09:35:22 +0800] "POST /xingrg/dwr/call/plaincall/AjaxCheckService.setItemNumber.dwr HTTP/1.1" 200 76
114.83.223.42 - - [24/Jul/2023:09:35:22 +0800] "POST /xingrg/kc/buy/cgsh_order_operate.html HTTP/1.1" 200 37
222.70.114.12 - - [24/Jul/2023:09:35:22 +0800] "POST /xingrg/dwr/call/plaincall/AjaxCheckService.setItemNumber.dwr HTTP/1.1" 200 76
222.70.114.12 - - [24/Jul/2023:09:35:23 +0800] "POST /xingrg/dwr/call/plaincall/AjaxCheckService.setItemNumber.dwr HTTP/1.1" 200 76
222.70.114.12 - - [24/Jul/2023:09:35:23 +0800] "POST /xingrg/dwr/call/plaincall/AjaxCheckService.setItemNumber.dwr HTTP/1.1" 200 76
222.70.114.12 - - [24/Jul/2023:09:35:24 +0800] "POST /xingrg/dwr/call/plaincall/AjaxCheckService.setItemNumber.dwr HTTP/1.1" 200 76
222.70.114.12 - - [24/Jul/2023:09:35:24 +0800] "POST /xingrg/dwr/call/plaincall/AjaxCheckService.setItemNumber.dwr HTTP/1.1" 200 76
222.70.114.12 - - [24/Jul/2023:09:35:26 +0800] "POST /xingrg/dwr/call/plaincall/AjaxCheckService.setItemNumber.dwr HTTP/1.1" 200 76
222.70.114.12 - - [24/Jul/2023:09:35:27 +0800] "POST /xingrg/dwr/call/plaincall/AjaxCheckService.setItemNumber.dwr HTTP/1.1" 200 76
222.70.114.12 - - [24/Jul/2023:09:35:27 +0800] "POST /xingrg/dwr/call/plaincall/AjaxCheckService.setItemNumber.dwr HTTP/1.1" 200 76
222.70.114.12 - - [24/Jul/2023:09:35:28 +0800] "POST /xingrg/dwr/call/plaincall/AjaxCheckService.setItemNumber.dwr HTTP/1.1" 200 77
222.70.114.12 - - [24/Jul/2023:09:35:28 +0800] "POST /xingrg/dwr/call/plaincall/AjaxCheckService.setItemNumber.dwr HTTP/1.1" 200 77
222.70.114.12 - - [24/Jul/2023:09:35:28 +0800] "POST /xingrg/dwr/call/plaincall/AjaxCheckService.setItemNumber.dwr HTTP/1.1" 200 77
222.70.114.12 - - [24/Jul/2023:09:35:29 +0800] "POST /xingrg/dwr/call/plaincall/AjaxCheckService.setItemNumber.dwr HTTP/1.1" 200 77
222.70.180.90 - - [24/Jul/2023:09:35:29 +0800] "POST /xingrg/kc/buy/cgsh_order_operate.html HTTP/1.1" 200 2065
222.70.114.12 - - [24/Jul/2023:09:35:29 +0800] "POST /xingrg/dwr/call/plaincall/AjaxCheckService.setItemNumber.dwr HTTP/1.1" 200 77
222.70.114.12 - - [24/Jul/2023:09:35:29 +0800] "POST /xingrg/dwr/call/plaincall/AjaxCheckService.setItemNumber.dwr HTTP/1.1" 200 77
114.83.223.42 - - [24/Jul/2023:09:35:30 +0800] "POST /xingrg/kc/buy/cgsh_order_operate.html HTTP/1.1" 200 12
222.70.114.12 - - [24/Jul/2023:09:35:30 +0800] "POST /xingrg/dwr/call/plaincall/AjaxCheckService.setItemNumber.dwr HTTP/1.1" 200 77
180.165.154.167 - - [24/Jul/2023:09:35:31 +0800] "POST /xingrg/kc/buy/cgsh_list_operate.html HTTP/1.1" 200 3187
222.70.114.12 - - [24/Jul/2023:09:35:31 +0800] "POST /xingrg/dwr/call/plaincall/AjaxCheckService.setItemNumber.dwr HTTP/1.1" 200 77
222.70.114.12 - - [24/Jul/2023:09:35:31 +0800] "POST /xingrg/dwr/call/plaincall/AjaxCheckService.setItemNumber.dwr HTTP/1.1" 200 77
222.70.114.12 - - [24/Jul/2023:09:35:32 +0800] "POST /xingrg/dwr/call/plaincall/AjaxCheckService.setItemNumber.dwr HTTP/1.1" 200 77
222.70.114.12 - - [24/Jul/2023:09:35:32 +0800] "POST /xingrg/dwr/call/plaincall/AjaxCheckService.setItemNumber.dwr HTTP/1.1" 200 77
180.157.253.121 - - [24/Jul/2023:09:35:33 +0800] "POST /xingrg/kc/buy/cgsh_order_operate.html HTTP/1.1" 200 24521
222.70.114.12 - - [24/Jul/2023:09:35:33 +0800] "POST /xingrg/dwr/call/plaincall/AjaxCheckService.setItemNumber.dwr HTTP/1.1" 200 77
114.83.223.42 - - [24/Jul/2023:09:35:33 +0800] "GET /xingrg/kc/buy/cgsh_order_info.html?code=212023072409442 HTTP/1.1" 200 66723
114.83.223.42 - - [24/Jul/2023:09:35:34 +0800] "GET /xingrg/javascript/easyui/themes/default/validatebox.css HTTP/1.1" 404 1104
222.70.114.12 - - [24/Jul/2023:09:35:34 +0800] "POST /xingrg/dwr/call/plaincall/AjaxCheckService.setItemNumber.dwr HTTP/1.1" 200 77
222.70.114.12 - - [24/Jul/2023:09:35:34 +0800] "POST /xingrg/dwr/call/plaincall/AjaxCheckService.setItemNumber.dwr HTTP/1.1" 200 77
180.169.147.146 - - [24/Jul/2023:09:35:34 +0800] "GET /xingrg/all/function/internal_message.html?_=1690162534726&CODE_STATE=getMsg HTTP/1.1" 200 27
222.70.114.12 - - [24/Jul/2023:09:35:35 +0800] "POST /xingrg/dwr/call/plaincall/AjaxCheckService.setItemNumber.dwr HTTP/1.1" 200 77
114.83.223.42 - - [24/Jul/2023:09:35:35 +0800] "POST /xingrg/kc/buy/cgsh_order_operate.html HTTP/1.1" 200 1201
222.70.114.12 - - [24/Jul/2023:09:35:35 +0800] "POST /xingrg/dwr/call/plaincall/AjaxCheckService.setItemNumber.dwr HTTP/1.1" 200 77
114.85.113.108 - - [24/Jul/2023:09:35:35 +0800] "GET /xingrg/all/function/internal_message.html?_=1690162535261&CODE_STATE=getMsg HTTP/1.1" 302 -
222.70.180.90 - - [24/Jul/2023:09:35:35 +0800] "GET /xingrg/kc/buy/cgsh_order_operate.html?command=get_materiel&rest_code=00111&code=00101008350&supplier_code=00100005&order_time=2023-07-24 HTTP/1.1" 200 408
222.70.114.12 - - [24/Jul/2023:09:35:35 +0800] "POST /xingrg/dwr/call/plaincall/AjaxCheckService.setItemNumber.dwr HTTP/1.1" 200 77
222.70.114.12 - - [24/Jul/2023:09:35:36 +0800] "POST /xingrg/dwr/call/plaincall/AjaxCheckService.setItemNumber.dwr HTTP/1.1" 200 77
222.70.114.12 - - [24/Jul/2023:09:35:36 +0800] "POST /xingrg/dwr/call/plaincall/AjaxCheckService.setItemNumber.dwr HTTP/1.1" 200 77
114.83.223.42 - - [24/Jul/2023:09:35:37 +0800] "GET /xingrg/kc/print/load_data.html?order_code=212023072409442&kc_code=cgsh&condition= HTTP/1.1" 200 941
222.70.114.12 - - [24/Jul/2023:09:35:37 +0800] "POST /xingrg/dwr/call/plaincall/AjaxCheckService.setItemNumber.dwr HTTP/1.1" 200 77
180.152.241.196 - - [24/Jul/2023:09:35:37 +0800] "GET /favicon.ico HTTP/1.1" 404 -
222.70.114.12 - - [24/Jul/2023:09:35:37 +0800] "POST /xingrg/dwr/call/plaincall/AjaxCheckService.setItemNumber.dwr HTTP/1.1" 200 77
222.70.180.90 - - [24/Jul/2023:09:35:38 +0800] "GET /xingrg/all/function/internal_message.html?_=1690162537913&CODE_STATE=getMsg HTTP/1.1" 200 27
222.70.114.12 - - [24/Jul/2023:09:35:38 +0800] "POST /xingrg/dwr/call/plaincall/AjaxCheckService.setItemNumber.dwr HTTP/1.1" 200 77
180.165.154.167 - - [24/Jul/2023:09:35:38 +0800] "POST /xingrg/kc/buy/cgsh_list_operate.html HTTP/1.1" 200 354
222.70.114.12 - - [24/Jul/2023:09:35:38 +0800] "POST /xingrg/dwr/call/plaincall/AjaxCheckService.setItemNumber.dwr HTTP/1.1" 200 77
222.70.114.12 - - [24/Jul/2023:09:35:39 +0800] "POST /xingrg/dwr/call/plaincall/AjaxCheckService.setItemNumber.dwr HTTP/1.1" 200 77
116.232.195.127 - - [24/Jul/2023:09:35:39 +0800] "GET /xingrg/all/function/internal_message.html?_=1690162500405&CODE_STATE=getMsg HTTP/1.1" 200 27
222.70.114.12 - - [24/Jul/2023:09:35:39 +0800] "POST /xingrg/dwr/call/plaincall/AjaxCheckService.setItemNumber.dwr HTTP/1.1" 200 77
180.165.154.167 - - [24/Jul/2023:09:35:40 +0800] "GET /xingrg/kc/buy/cgsh_order_info.html?code=212023072409422 HTTP/1.1" 200 71825
180.165.154.167 - - [24/Jul/2023:09:35:40 +0800] "GET /xingrg/javascript/pic_change.js HTTP/1.1" 200 4739
180.165.154.167 - - [24/Jul/2023:09:35:40 +0800] "GET /xingrg/javascript/convert.js HTTP/1.1" 200 1239
180.165.154.167 - - [24/Jul/2023:09:35:40 +0800] "GET /xingrg/javascript/json2.js HTTP/1.1" 200 11259
180.165.154.167 - - [24/Jul/2023:09:35:40 +0800] "GET /xingrg/javascript/jquery_tools/order_manager.js HTTP/1.1" 200 11183
180.165.154.167 - - [24/Jul/2023:09:35:40 +0800] "GET /xingrg/javascript/print/kc_print.js HTTP/1.1" 200 11415
180.165.154.167 - - [24/Jul/2023:09:35:40 +0800] "GET /xingrg/words/20230723174018_words.js HTTP/1.1" 200 974225
180.165.154.167 - - [24/Jul/2023:09:35:40 +0800] "GET /xingrg/javascript/easyui/themes/icons/ok.png HTTP/1.1" 200 883
180.165.154.167 - - [24/Jul/2023:09:35:40 +0800] "GET /xingrg/javascript/easyui/themes/icons/copy_new.png HTTP/1.1" 200 815
180.165.154.167 - - [24/Jul/2023:09:35:40 +0800] "GET /xingrg/javascript/easyui/themes/icons/template_new.png HTTP/1.1" 200 3956
180.165.154.167 - - [24/Jul/2023:09:35:40 +0800] "GET /xingrg/javascript/easyui/themes/icons/print.png HTTP/1.1" 200 1057
180.165.154.167 - - [24/Jul/2023:09:35:40 +0800] "GET /xingrg/javascript/easyui/themes/default/images/menu_downarrow.png HTTP/1.1" 200 173
180.165.154.167 - - [24/Jul/2023:09:35:40 +0800] "GET /xingrg/javascript/easyui/themes/icons/cancel.png HTTP/1.1" 200 1133
222.70.114.12 - - [24/Jul/2023:09:35:40 +0800] "POST /xingrg/dwr/call/plaincall/AjaxCheckService.setItemNumber.dwr HTTP/1.1" 200 77
180.165.154.167 - - [24/Jul/2023:09:35:40 +0800] "GET /xingrg/javascript/easyui/themes/default/validatebox.css HTTP/1.1" 404 1104
180.165.154.167 - - [24/Jul/2023:09:35:40 +0800] "GET /xingrg/javascript/easyui/plugins/jquery.validatebox.js HTTP/1.1" 200 6103
222.70.114.12 - - [24/Jul/2023:09:35:40 +0800] "POST /xingrg/dwr/call/plaincall/AjaxCheckService.setItemNumber.dwr HTTP/1.1" 200 77
180.165.154.167 - - [24/Jul/2023:09:35:40 +0800] "GET /xingrg/javascript/easyui/plugins/jquery.numberbox.js HTTP/1.1" 200 5213
180.165.154.167 - - [24/Jul/2023:09:35:41 +0800] "GET /xingrg/all/common/auto_word.html?type=employee&rest_code=00108 HTTP/1.1" 200 101
180.165.154.167 - - [24/Jul/2023:09:35:41 +0800] "GET /xingrg/all/common/auto_word.html?type=employee&rest_code=00108 HTTP/1.1" 200 101
222.70.114.12 - - [24/Jul/2023:09:35:41 +0800] "POST /xingrg/dwr/call/plaincall/AjaxCheckService.setItemNumber.dwr HTTP/1.1" 200 77
114.83.223.42 - - [24/Jul/2023:09:35:41 +0800] "GET /xingrg/kc/buy/cgsh_order_add.html HTTP/1.1" 200 71812
180.165.154.167 - - [24/Jul/2023:09:35:41 +0800] "POST /xingrg/kc/buy/cgsh_order_operate.html HTTP/1.1" 200 3843
180.165.154.167 - - [24/Jul/2023:09:35:41 +0800] "GET /xingrg/javascript/easyui/themes/icons/edit_remove.png HTTP/1.1" 200 625
114.83.223.42 - - [24/Jul/2023:09:35:42 +0800] "POST /xingrg/kc/buy/cgsh_order_operate.html HTTP/1.1" 200 8245
116.232.195.127 - - [24/Jul/2023:09:35:42 +0800] "GET /xingrg/all/function/internal_message.html?_=1690162503000&CODE_STATE=getMsg HTTP/1.1" 200 27
114.83.223.42 - - [24/Jul/2023:09:35:42 +0800] "GET /xingrg/javascript/easyui/themes/default/validatebox.css HTTP/1.1" 404 1104
116.238.191.126 - - [24/Jul/2023:09:35:45 +0800] "POST /xingrg/all/user/operate.html HTTP/1.1" 200 36
222.70.245.33 - - [24/Jul/2023:09:35:45 +0800] "GET /xingrg/all/function/internal_message.html?_=1690162546841&CODE_STATE=getMsg HTTP/1.1" 200 27
116.238.191.126 - - [24/Jul/2023:09:35:45 +0800] "GET /xingrg/index.html?sysBaseUrl=http%3A%2F%2F180.169.147.146%3A18081%2Fxingrg%2F&costTime=2886×tamp=1690161680717 HTTP/1.1" 200 17177
116.238.191.126 - - [24/Jul/2023:09:35:45 +0800] "GET /xingrg/javascript/jquery_easy_ui/themes/default/easyui.css HTTP/1.1" 304 -
116.238.191.126 - - [24/Jul/2023:09:35:45 +0800] "GET /xingrg/javascript/jquery_easy_ui/themes/icon.css HTTP/1.1" 304 -
116.238.191.126 - - [24/Jul/2023:09:35:46 +0800] "GET /xingrg/css/form.css HTTP/1.1" 304 -
116.238.191.126 - - [24/Jul/2023:09:35:46 +0800] "GET /xingrg/javascript/jquery-1.4.2.min.js HTTP/1.1" 304 -
116.238.191.126 - - [24/Jul/2023:09:35:46 +0800] "GET /xingrg/javascript/jquery_easy_ui/jquery.easyui.min.js HTTP/1.1" 304 -
116.238.191.126 - - [24/Jul/2023:09:35:46 +0800] "GET /xingrg/javascript/jquery_easy_ui/easyui-lang-zh_CN.js HTTP/1.1" 304 -
116.238.191.126 - - [24/Jul/2023:09:35:46 +0800] "GET /xingrg/javascript/jquery.form.js HTTP/1.1" 304 -
116.238.191.126 - - [24/Jul/2023:09:35:46 +0800] "GET /xingrg/javascript/jquery.utils.js HTTP/1.1" 304 -
116.238.191.126 - - [24/Jul/2023:09:35:46 +0800] "GET /xingrg/javascript/jquery.timers.js HTTP/1.1" 304 -
116.238.191.126 - - [24/Jul/2023:09:35:46 +0800] "GET /xingrg/images/blue/jxLogo.png HTTP/1.1" 304 -
116.238.191.126 - - [24/Jul/2023:09:35:46 +0800] "GET /xingrg/images/blue/navBackgound.jpg HTTP/1.1" 304 -
222.70.114.12 - - [24/Jul/2023:09:35:46 +0800] "GET /xingrg/kc/base/check_order_list.html?isBack=1 HTTP/1.1" 200 16264
116.238.191.126 - - [24/Jul/2023:09:35:46 +0800] "GET /xingrg/javascript/jquery_easy_ui/themes/icons/settle_new.png HTTP/1.1" 304 -
116.238.191.126 - - [24/Jul/2023:09:35:46 +0800] "GET /xingrg/images/blue/pingpu.png HTTP/1.1" 304 -
116.238.191.126 - - [24/Jul/2023:09:35:46 +0800] "GET /xingrg/javascript/jquery_easy_ui/themes/default/images/tabs_rightarrow.png HTTP/1.1" 304 -
116.238.191.126 - - [24/Jul/2023:09:35:46 +0800] "GET /xingrg/javascript/jquery_easy_ui/themes/default/images/tabs_leftarrow.png HTTP/1.1" 304 -
116.238.191.126 - - [24/Jul/2023:09:35:46 +0800] "GET /xingrg/javascript/jquery_easy_ui/themes/default/images/panel_tool_collapse.gif HTTP/1.1" 304 -
116.238.191.126 - - [24/Jul/2023:09:35:46 +0800] "GET /xingrg/check_reg.html?_=1690162435053 HTTP/1.1" 200 22
116.238.191.126 - - [24/Jul/2023:09:35:46 +0800] "GET /xingrg/all/function/internal_message.html?_=1690162435052&CODE_STATE=count HTTP/1.1" 200 11
116.238.191.126 - - [24/Jul/2023:09:35:46 +0800] "POST /xingrg/all/common/load_tree.html?tree=area_rest_tree_json&manage=1 HTTP/1.1" 200 476
222.70.114.12 - - [24/Jul/2023:09:35:46 +0800] "POST /xingrg/kc/base/check_list_operate.html HTTP/1.1" 200 2883
116.238.191.126 - - [24/Jul/2023:09:35:46 +0800] "POST /xingrg/load_menu.html HTTP/1.1" 200 5138
116.238.191.126 - - [24/Jul/2023:09:35:49 +0800] "GET /xingrg/kc/buy/cgsh_order_list.html HTTP/1.1" 200 55946
114.83.223.42 - - [24/Jul/2023:09:35:49 +0800] "GET /xingrg/all/function/internal_message.html?_=1690162549054&CODE_STATE=getMsg HTTP/1.1" 200 27
114.83.223.42 - - [24/Jul/2023:09:35:49 +0800] "GET /xingrg/check_reg.html?_=1690162549059 HTTP/1.1" 200 22
222.70.114.12 - - [24/Jul/2023:09:35:50 +0800] "GET /xingrg/kc/base/check_order_info.html?code=452023072300329 HTTP/1.1" 200 26478
222.70.114.12 - - [24/Jul/2023:09:35:50 +0800] "GET /xingrg/dwr/interface/AjaxComOrderService.js HTTP/1.1" 200 18264
222.70.114.12 - - [24/Jul/2023:09:35:50 +0800] "GET /xingrg/dwr/interface/AjaxCheckService.js HTTP/1.1" 200 14003
222.70.114.12 - - [24/Jul/2023:09:35:50 +0800] "GET /xingrg/dwr/engine.js HTTP/1.1" 200 43631
222.70.114.12 - - [24/Jul/2023:09:35:51 +0800] "POST /xingrg/dwr/call/plaincall/AjaxCheckService.loadOrderItems.dwr HTTP/1.1" 200 190118
116.232.195.127 - - [24/Jul/2023:09:35:51 +0800] "GET /xingrg/all/function/internal_message.html?_=1690162512104&CODE_STATE=getMsg HTTP/1.1" 200 27
116.238.191.126 - - [24/Jul/2023:09:35:51 +0800] "POST /xingrg/kc/buy/cgsh_list_operate.html HTTP/1.1" 200 986
180.152.241.196 - - [24/Jul/2023:09:35:51 +0800] "GET /xingrg/login.html HTTP/1.1" 200 7641
180.152.241.196 - - [24/Jul/2023:09:35:51 +0800] "GET /xingrg/images/blue/jxLogo.png HTTP/1.1" 200 6156
180.152.241.196 - - [24/Jul/2023:09:35:52 +0800] "GET /xingrg/images/blue/login_bg.png HTTP/1.1" 200 22101
180.152.241.196 - - [24/Jul/2023:09:35:52 +0800] "GET /xingrg/images/blue/hj.png HTTP/1.1" 200 1014
180.152.241.196 - - [24/Jul/2023:09:35:52 +0800] "GET /xingrg/images/blue/srbg.png HTTP/1.1" 200 138
180.152.241.196 - - [24/Jul/2023:09:35:52 +0800] "GET /favicon.ico HTTP/1.1" 404 -
116.238.191.126 - - [24/Jul/2023:09:35:53 +0800] "GET /xingrg/kc/buy/cgsh_order_add.html HTTP/1.1" 200 71334
116.238.191.126 - - [24/Jul/2023:09:35:53 +0800] "POST /xingrg/kc/buy/cgsh_order_operate.html HTTP/1.1" 200 8245
116.238.191.126 - - [24/Jul/2023:09:35:53 +0800] "GET /xingrg/javascript/easyui/themes/default/validatebox.css HTTP/1.1" 404 1104
116.238.191.126 - - [24/Jul/2023:09:35:53 +0800] "GET /xingrg/all/function/internal_message.html?_=1690162552975&CODE_STATE=getMsg HTTP/1.1" 200 27
116.238.191.126 - - [24/Jul/2023:09:35:53 +0800] "GET /xingrg/all/common/auto_word.html?type=employee&rest_code=00151 HTTP/1.1" 200 293
116.238.191.126 - - [24/Jul/2023:09:35:53 +0800] "GET /xingrg/all/common/auto_word.html?type=employee&rest_code=00151 HTTP/1.1" 200 293
180.152.241.196 - - [24/Jul/2023:09:35:54 +0800] "POST /xingrg/login.do HTTP/1.1" 302 -
180.152.241.196 - - [24/Jul/2023:09:35:54 +0800] "GET /xingrg/index.html?sysBaseUrl=http%3A%2F%2F180.169.147.146%3A18081%2Fxingrg%2F&costTime=854×tamp=1690162554211 HTTP/1.1" 200 17173
180.152.241.196 - - [24/Jul/2023:09:35:54 +0800] "GET /xingrg/javascript/jquery_easy_ui/themes/default/easyui.css HTTP/1.1" 200 26500
180.152.241.196 - - [24/Jul/2023:09:35:54 +0800] "GET /xingrg/javascript/jquery_easy_ui/themes/icon.css HTTP/1.1" 200 3949
180.152.241.196 - - [24/Jul/2023:09:35:54 +0800] "GET /xingrg/css/form.css HTTP/1.1" 200 893
180.152.241.196 - - [24/Jul/2023:09:35:54 +0800] "GET /xingrg/javascript/jquery-1.4.2.min.js HTTP/1.1" 200 72205
180.152.241.196 - - [24/Jul/2023:09:35:54 +0800] "GET /xingrg/javascript/jquery_easy_ui/easyui-lang-zh_CN.js HTTP/1.1" 200 1900
180.152.241.196 - - [24/Jul/2023:09:35:54 +0800] "GET /xingrg/javascript/jquery_easy_ui/jquery.easyui.min.js HTTP/1.1" 200 213662
180.152.241.196 - - [24/Jul/2023:09:35:54 +0800] "GET /xingrg/javascript/jquery.timers.js HTTP/1.1" 200 3532
180.152.241.196 - - [24/Jul/2023:09:35:54 +0800] "GET /xingrg/javascript/jquery.form.js HTTP/1.1" 200 23110
180.152.241.196 - - [24/Jul/2023:09:35:54 +0800] "GET /xingrg/javascript/jquery.utils.js HTTP/1.1" 200 11805
180.152.241.196 - - [24/Jul/2023:09:35:54 +0800] "GET /favicon.ico HTTP/1.1" 404 -
180.152.241.196 - - [24/Jul/2023:09:35:54 +0800] "GET /xingrg/javascript/jquery_easy_ui/themes/icons/settle_new.png HTTP/1.1" 200 826
180.152.241.196 - - [24/Jul/2023:09:35:54 +0800] "GET /xingrg/images/blue/navBackgound.jpg HTTP/1.1" 200 12378
180.152.241.196 - - [24/Jul/2023:09:35:54 +0800] "GET /xingrg/check_reg.html?_=1690162553413 HTTP/1.1" 200 22
180.152.241.196 - - [24/Jul/2023:09:35:54 +0800] "GET /xingrg/images/blue/pingpu.png HTTP/1.1" 200 231
180.152.241.196 - - [24/Jul/2023:09:35:54 +0800] "GET /xingrg/javascript/jquery_easy_ui/themes/default/images/tabs_leftarrow.png HTTP/1.1" 200 389
180.152.241.196 - - [24/Jul/2023:09:35:54 +0800] "GET /xingrg/javascript/jquery_easy_ui/themes/default/images/tabs_rightarrow.png HTTP/1.1" 200 395
180.152.241.196 - - [24/Jul/2023:09:35:54 +0800] "GET /xingrg/javascript/jquery_easy_ui/themes/default/images/panel_tool_collapse.gif HTTP/1.1" 200 246
180.152.241.196 - - [24/Jul/2023:09:35:54 +0800] "POST /xingrg/all/common/load_tree.html?tree=area_rest_tree_json&manage=1 HTTP/1.1" 200 342
180.152.241.196 - - [24/Jul/2023:09:35:54 +0800] "GET /xingrg/all/function/internal_message.html?_=1690162553412&CODE_STATE=count HTTP/1.1" 200 11
180.152.241.196 - - [24/Jul/2023:09:35:54 +0800] "POST /xingrg/load_menu.html HTTP/1.1" 200 5138
180.152.241.196 - - [24/Jul/2023:09:35:54 +0800] "GET /xingrg/javascript/jquery_easy_ui/themes/icons/search_new.png HTTP/1.1" 200 586
180.152.241.196 - - [24/Jul/2023:09:35:54 +0800] "GET /xingrg/javascript/jquery_easy_ui/themes/default/images/tree_arrows.gif HTTP/1.1" 200 1043
180.152.241.196 - - [24/Jul/2023:09:35:54 +0800] "GET /xingrg/javascript/jquery_easy_ui/themes/default/images/tree_folder_open.gif HTTP/1.1" 200 956
180.152.241.196 - - [24/Jul/2023:09:35:54 +0800] "GET /xingrg/javascript/jquery_easy_ui/themes/icons/storage_new.png HTTP/1.1" 200 853
180.152.241.196 - - [24/Jul/2023:09:35:54 +0800] "GET /xingrg/javascript/jquery_easy_ui/themes/default/images/tree_folder.gif HTTP/1.1" 200 952
180.152.241.196 - - [24/Jul/2023:09:35:54 +0800] "GET /xingrg/javascript/jquery_easy_ui/themes/icons/forms_new.png HTTP/1.1" 200 350
180.152.241.196 - - [24/Jul/2023:09:35:54 +0800] "GET /xingrg/javascript/jquery_easy_ui/themes/default/images/tree_file.gif HTTP/1.1" 200 118
222.70.114.12 - - [24/Jul/2023:09:35:55 +0800] "POST /xingrg/dwr/call/plaincall/AjaxCheckService.setItemNumber.dwr HTTP/1.1" 200 76
116.238.191.126 - - [24/Jul/2023:09:35:55 +0800] "GET /xingrg/javascript/auto/indicator.gif HTTP/1.1" 404 1066
222.70.180.90 - - [24/Jul/2023:09:35:55 +0800] "GET /xingrg/kc/buy/cgsh_order_operate.html?command=get_materiel&rest_code=00111&code=00101008223&supplier_code=00100005&order_time=2023-07-24 HTTP/1.1" 200 412
101.83.145.37 - - [24/Jul/2023:09:35:56 +0800] "GET /xingrg/all/function/internal_message.html?_=1690162366281&CODE_STATE=getMsg HTTP/1.1" 200 27
222.70.114.12 - - [24/Jul/2023:09:35:56 +0800] "POST /xingrg/dwr/call/plaincall/AjaxCheckService.setItemNumber.dwr HTTP/1.1" 200 76
180.165.154.167 - - [24/Jul/2023:09:35:56 +0800] "GET /xingrg/javascript/auto/indicator.gif HTTP/1.1" 404 1066
124.79.243.110 - - [24/Jul/2023:09:35:57 +0800] "GET /xingrg/all/function/internal_message.html?_=1690162557752&CODE_STATE=getMsg HTTP/1.1" 200 27
222.70.114.12 - - [24/Jul/2023:09:35:57 +0800] "POST /xingrg/dwr/call/plaincall/AjaxCheckService.setItemNumber.dwr HTTP/1.1" 200 76
116.238.191.126 - - [24/Jul/2023:09:35:58 +0800] "GET /xingrg/kc/base/check_order_list.html?isBack=1 HTTP/1.1" 200 16264
116.238.191.126 - - [24/Jul/2023:09:35:58 +0800] "POST /xingrg/kc/base/check_list_operate.html HTTP/1.1" 200 1566
222.70.114.12 - - [24/Jul/2023:09:35:58 +0800] "POST /xingrg/dwr/call/plaincall/AjaxCheckService.setItemNumber.dwr HTTP/1.1" 200 76
180.165.154.167 - - [24/Jul/2023:09:35:59 +0800] "GET /xingrg/all/function/internal_message.html?_=1690162559016&CODE_STATE=getMsg HTTP/1.1" 200 27
222.70.114.12 - - [24/Jul/2023:09:35:59 +0800] "POST /xingrg/dwr/call/plaincall/AjaxCheckService.setItemNumber.dwr HTTP/1.1" 200 76
222.70.114.12 - - [24/Jul/2023:09:35:59 +0800] "GET /xingrg/all/function/internal_message.html?_=1690162560559&CODE_STATE=getMsg HTTP/1.1" 200 27
222.70.114.12 - - [24/Jul/2023:09:36:00 +0800] "POST /xingrg/dwr/call/plaincall/AjaxCheckService.setItemNumber.dwr HTTP/1.1" 200 76
222.70.114.12 - - [24/Jul/2023:09:36:00 +0800] "POST /xingrg/dwr/call/plaincall/AjaxCheckService.setItemNumber.dwr HTTP/1.1" 200 76
116.238.191.126 - - [24/Jul/2023:09:36:01 +0800] "GET /xingrg/kc/base/check_order_info.html?code=452023072300265 HTTP/1.1" 200 26486
222.70.114.12 - - [24/Jul/2023:09:36:01 +0800] "POST /xingrg/dwr/call/plaincall/AjaxCheckService.setItemNumber.dwr HTTP/1.1" 200 76
116.238.191.126 - - [24/Jul/2023:09:36:01 +0800] "GET /xingrg/dwr/interface/AjaxComOrderService.js HTTP/1.1" 200 18264
116.238.191.126 - - [24/Jul/2023:09:36:01 +0800] "GET /xingrg/dwr/interface/AjaxCheckService.js HTTP/1.1" 200 14003
116.238.191.126 - - [24/Jul/2023:09:36:01 +0800] "GET /xingrg/dwr/engine.js HTTP/1.1" 200 43631
