116.232.195.127 - - [24/Jul/2023:09:58:56 +0800] "GET /xingrg/javascript/jquery_easy_ui/themes/default/images/button_plain_hover.png HTTP/1.1" 200 252
101.83.145.37 - - [24/Jul/2023:09:58:56 +0800] "GET /xingrg/all/function/internal_message.html?_=1690163746316&CODE_STATE=getMsg HTTP/1.1" 200 27
222.70.180.90 - - [24/Jul/2023:09:58:56 +0800] "POST /xingrg/kc/buy/cgsh_list_operate.html HTTP/1.1" 200 425
116.232.195.127 - - [24/Jul/2023:09:58:58 +0800] "POST /xingrg/dwr/call/plaincall/AjaxCheckService.setItemNumber.dwr HTTP/1.1" 200 77
180.165.154.167 - - [24/Jul/2023:09:58:59 +0800] "GET /xingrg/all/function/internal_message.html?_=1690163939018&CODE_STATE=getMsg HTTP/1.1" 200 27
116.238.191.126 - - [24/Jul/2023:09:58:59 +0800] "POST /xingrg/dwr/call/plaincall/AjaxYddbService.saveMaterielItem.dwr HTTP/1.1" 200 79
222.70.114.12 - - [24/Jul/2023:09:58:59 +0800] "GET /xingrg/all/function/internal_message.html?_=1690163940610&CODE_STATE=getMsg HTTP/1.1" 200 27
116.238.191.126 - - [24/Jul/2023:09:59:01 +0800] "POST /xingrg/dwr/call/plaincall/AjaxComOrderService.getMaterielSearchList.dwr HTTP/1.1" 200 6695
116.232.195.127 - - [24/Jul/2023:09:59:01 +0800] "GET /xingrg/kc/base/check_order_list.html?isBack=1 HTTP/1.1" 200 16264
116.238.191.126 - - [24/Jul/2023:09:59:02 +0800] "POST /xingrg/dwr/call/plaincall/AjaxComOrderService.getMaterielSearchList.dwr HTTP/1.1" 200 1080
222.70.180.90 - - [24/Jul/2023:09:59:02 +0800] "GET /xingrg/kc/buy/cgsh_order_info.html?code=212023072208569 HTTP/1.1" 200 71689
116.232.195.127 - - [24/Jul/2023:09:59:02 +0800] "POST /xingrg/kc/base/check_list_operate.html HTTP/1.1" 200 3240
116.238.191.126 - - [24/Jul/2023:09:59:02 +0800] "POST /xingrg/dwr/call/plaincall/AjaxComOrderService.getMaterielSearchList.dwr HTTP/1.1" 200 1080
222.70.180.90 - - [24/Jul/2023:09:59:02 +0800] "GET /xingrg/javascript/easyui/themes/default/validatebox.css HTTP/1.1" 404 1104
116.238.191.126 - - [24/Jul/2023:09:59:04 +0800] "POST /xingrg/dwr/call/plaincall/AjaxYddbService.getMaterielByMap.dwr HTTP/1.1" 200 3989
222.70.180.90 - - [24/Jul/2023:09:59:04 +0800] "POST /xingrg/kc/buy/cgsh_order_operate.html HTTP/1.1" 200 4431
116.238.191.126 - - [24/Jul/2023:09:59:07 +0800] "POST /xingrg/dwr/call/plaincall/AjaxYddbService.saveMaterielItem.dwr HTTP/1.1" 200 79
116.238.191.126 - - [24/Jul/2023:09:59:09 +0800] "POST /xingrg/dwr/call/plaincall/AjaxComOrderService.getMaterielSearchList.dwr HTTP/1.1" 200 10663
116.238.191.126 - - [24/Jul/2023:09:59:10 +0800] "POST /xingrg/dwr/call/plaincall/AjaxComOrderService.getMaterielSearchList.dwr HTTP/1.1" 200 749
124.78.156.130 - - [24/Jul/2023:09:59:13 +0800] "GET /xingrg/all/function/internal_message.html?_=1690163953122&CODE_STATE=getMsg HTTP/1.1" 200 27
116.238.191.126 - - [24/Jul/2023:09:59:13 +0800] "POST /xingrg/dwr/call/plaincall/AjaxYddbService.getMaterielByMap.dwr HTTP/1.1" 200 3997
124.78.156.130 - - [24/Jul/2023:09:59:14 +0800] "GET /xingrg/check_reg.html?_=1690163954299 HTTP/1.1" 200 22
58.40.7.146 - - [24/Jul/2023:09:59:15 +0800] "GET /xingrg/all/function/internal_message.html?_=1690163955256&CODE_STATE=getMsg HTTP/1.1" 302 -
124.79.243.110 - - [24/Jul/2023:09:59:17 +0800] "GET /xingrg/check_reg.html?_=1690164243761 HTTP/1.1" 200 22
124.79.243.110 - - [24/Jul/2023:09:59:17 +0800] "GET /xingrg/all/function/internal_message.html?_=1690164243759&CODE_STATE=getMsg HTTP/1.1" 200 27
116.238.191.126 - - [24/Jul/2023:09:59:17 +0800] "POST /xingrg/dwr/call/plaincall/AjaxYddbService.saveMaterielItem.dwr HTTP/1.1" 200 79
116.238.191.126 - - [24/Jul/2023:09:59:20 +0800] "POST /xingrg/dwr/call/plaincall/AjaxComOrderService.getMaterielSearchList.dwr HTTP/1.1" 200 21088
116.238.191.126 - - [24/Jul/2023:09:59:20 +0800] "POST /xingrg/dwr/call/plaincall/AjaxComOrderService.getMaterielSearchList.dwr HTTP/1.1" 200 2022
101.83.145.37 - - [24/Jul/2023:09:59:21 +0800] "GET /xingrg/all/function/internal_message.html?_=1690163962098&CODE_STATE=getMsg HTTP/1.1" 200 27
116.238.191.126 - - [24/Jul/2023:09:59:23 +0800] "POST /xingrg/dwr/call/plaincall/AjaxYddbService.getMaterielByMap.dwr HTTP/1.1" 200 4031
180.157.253.121 - - [24/Jul/2023:09:59:24 +0800] "GET /xingrg/all/function/internal_message.html?_=1690163965898&CODE_STATE=getMsg HTTP/1.1" 200 27
116.238.191.126 - - [24/Jul/2023:09:59:27 +0800] "POST /xingrg/dwr/call/plaincall/AjaxYddbService.getUnitPrice.dwr HTTP/1.1" 200 87
222.70.180.90 - - [24/Jul/2023:09:59:27 +0800] "POST /xingrg/kc/buy/cgsh_order_operate.html HTTP/1.1" 200 37
222.70.180.90 - - [24/Jul/2023:09:59:30 +0800] "POST /xingrg/kc/buy/cgsh_order_operate.html HTTP/1.1" 200 4431
116.238.191.126 - - [24/Jul/2023:09:59:30 +0800] "POST /xingrg/dwr/call/plaincall/AjaxYddbService.saveMaterielItem.dwr HTTP/1.1" 200 79
222.70.180.90 - - [24/Jul/2023:09:59:31 +0800] "GET /xingrg/kc/print/load_data.html?order_code=212023072208569&kc_code=cgsh&condition= HTTP/1.1" 200 1400
120.253.135.82 - - [24/Jul/2023:09:59:32 +0800] "GET /xingrg/check_reg.html?_=1690163796065 HTTP/1.1" 200 22
120.253.135.82 - - [24/Jul/2023:09:59:33 +0800] "GET /xingrg/all/function/internal_message.html?_=1690163796128&CODE_STATE=getMsg HTTP/1.1" 200 27
180.169.147.146 - - [24/Jul/2023:09:59:34 +0800] "GET /xingrg/all/function/internal_message.html?_=1690163974738&CODE_STATE=getMsg HTTP/1.1" 200 27
180.163.29.234 - - [24/Jul/2023:09:59:35 +0800] "GET /xingrg/check_reg.html?_=1690163914735 HTTP/1.1" 302 -
180.163.28.109 - - [24/Jul/2023:09:59:35 +0800] "GET /xingrg/all/function/internal_message.html?_=1690163914738&CODE_STATE=getMsg HTTP/1.1" 302 -
180.163.29.234 - - [24/Jul/2023:09:59:35 +0800] "GET /xingrg/login.html HTTP/1.1" 200 7641
180.163.28.109 - - [24/Jul/2023:09:59:35 +0800] "GET /xingrg/login.html HTTP/1.1" 200 7641
114.85.113.108 - - [24/Jul/2023:09:59:35 +0800] "GET /xingrg/all/function/internal_message.html?_=1690163974829&CODE_STATE=getMsg HTTP/1.1" 302 -
222.70.180.90 - - [24/Jul/2023:09:59:37 +0800] "GET /xingrg/all/function/internal_message.html?_=1690163977731&CODE_STATE=getMsg HTTP/1.1" 200 27
116.232.195.127 - - [24/Jul/2023:09:59:39 +0800] "GET /xingrg/all/function/internal_message.html?_=1690163940046&CODE_STATE=getMsg HTTP/1.1" 200 27
116.238.191.126 - - [24/Jul/2023:09:59:39 +0800] "POST /xingrg/dwr/call/plaincall/AjaxYddbService.checkOrder.dwr HTTP/1.1" 200 79
222.70.180.90 - - [24/Jul/2023:09:59:43 +0800] "POST /xingrg/kc/buy/cgsh_list_operate.html HTTP/1.1" 200 501
222.70.245.33 - - [24/Jul/2023:09:59:45 +0800] "GET /xingrg/all/function/internal_message.html?_=1690163987164&CODE_STATE=getMsg HTTP/1.1" 200 27
222.70.180.90 - - [24/Jul/2023:09:59:45 +0800] "GET /xingrg/kc/buy/cgsh_order_info.html?code=212023072108195 HTTP/1.1" 200 71689
222.70.180.90 - - [24/Jul/2023:09:59:46 +0800] "GET /xingrg/javascript/easyui/themes/default/validatebox.css HTTP/1.1" 404 1104
116.238.191.126 - - [24/Jul/2023:09:59:46 +0800] "GET /xingrg/kc/base/yddb_order_info.html?code=482023072400138 HTTP/1.1" 200 29751
116.238.191.126 - - [24/Jul/2023:09:59:46 +0800] "GET /xingrg/dwr/interface/AjaxYddbService.js HTTP/1.1" 200 13201
116.238.191.126 - - [24/Jul/2023:09:59:46 +0800] "GET /xingrg/dwr/interface/AjaxComOrderService.js HTTP/1.1" 200 18264
116.238.191.126 - - [24/Jul/2023:09:59:46 +0800] "GET /xingrg/dwr/engine.js HTTP/1.1" 200 43631
116.238.191.126 - - [24/Jul/2023:09:59:47 +0800] "GET /xingrg/all/function/internal_message.html?_=1690163875773&CODE_STATE=getMsg HTTP/1.1" 200 27
222.70.180.90 - - [24/Jul/2023:09:59:47 +0800] "POST /xingrg/kc/buy/cgsh_order_operate.html HTTP/1.1" 200 5027
116.238.191.126 - - [24/Jul/2023:09:59:47 +0800] "POST /xingrg/dwr/call/plaincall/AjaxYddbService.loadMaterielItems.dwr HTTP/1.1" 200 4837
114.83.223.42 - - [24/Jul/2023:09:59:49 +0800] "GET /xingrg/all/function/internal_message.html?_=1690163988705&CODE_STATE=getMsg HTTP/1.1" 200 27
116.232.195.127 - - [24/Jul/2023:09:59:51 +0800] "GET /xingrg/all/function/internal_message.html?_=1690163952297&CODE_STATE=getMsg HTTP/1.1" 200 27
116.238.191.126 - - [24/Jul/2023:09:59:52 +0800] "POST /xingrg/all/user/operate.html HTTP/1.1" 200 36
116.238.191.126 - - [24/Jul/2023:09:59:53 +0800] "GET /xingrg/index.html?sysBaseUrl=http%3A%2F%2F180.169.147.146%3A18081%2Fxingrg%2F&costTime=2886×tamp=1690161680717 HTTP/1.1" 200 17177
116.238.191.126 - - [24/Jul/2023:09:59:53 +0800] "GET /xingrg/javascript/jquery_easy_ui/themes/default/easyui.css HTTP/1.1" 304 -
116.238.191.126 - - [24/Jul/2023:09:59:53 +0800] "GET /xingrg/javascript/jquery_easy_ui/themes/icon.css HTTP/1.1" 304 -
116.238.191.126 - - [24/Jul/2023:09:59:53 +0800] "GET /xingrg/css/form.css HTTP/1.1" 304 -
116.238.191.126 - - [24/Jul/2023:09:59:53 +0800] "GET /xingrg/javascript/jquery-1.4.2.min.js HTTP/1.1" 304 -
116.238.191.126 - - [24/Jul/2023:09:59:53 +0800] "GET /xingrg/javascript/jquery_easy_ui/jquery.easyui.min.js HTTP/1.1" 304 -
116.238.191.126 - - [24/Jul/2023:09:59:53 +0800] "GET /xingrg/javascript/jquery_easy_ui/easyui-lang-zh_CN.js HTTP/1.1" 304 -
116.238.191.126 - - [24/Jul/2023:09:59:53 +0800] "GET /xingrg/javascript/jquery.form.js HTTP/1.1" 304 -
116.238.191.126 - - [24/Jul/2023:09:59:53 +0800] "GET /xingrg/javascript/jquery.utils.js HTTP/1.1" 304 -
116.238.191.126 - - [24/Jul/2023:09:59:53 +0800] "GET /xingrg/javascript/jquery.timers.js HTTP/1.1" 304 -
116.238.191.126 - - [24/Jul/2023:09:59:53 +0800] "GET /xingrg/images/blue/navBackgound.jpg HTTP/1.1" 304 -
116.238.191.126 - - [24/Jul/2023:09:59:53 +0800] "GET /xingrg/images/blue/jxLogo.png HTTP/1.1" 304 -
116.238.191.126 - - [24/Jul/2023:09:59:53 +0800] "GET /xingrg/javascript/jquery_easy_ui/themes/icons/settle_new.png HTTP/1.1" 304 -
116.238.191.126 - - [24/Jul/2023:09:59:53 +0800] "GET /xingrg/images/blue/pingpu.png HTTP/1.1" 304 -
116.238.191.126 - - [24/Jul/2023:09:59:53 +0800] "GET /xingrg/javascript/jquery_easy_ui/themes/default/images/tabs_leftarrow.png HTTP/1.1" 304 -
116.238.191.126 - - [24/Jul/2023:09:59:53 +0800] "GET /xingrg/javascript/jquery_easy_ui/themes/default/images/tabs_rightarrow.png HTTP/1.1" 304 -
116.238.191.126 - - [24/Jul/2023:09:59:53 +0800] "GET /xingrg/javascript/jquery_easy_ui/themes/default/images/panel_tool_collapse.gif HTTP/1.1" 304 -
116.238.191.126 - - [24/Jul/2023:09:59:53 +0800] "GET /xingrg/all/function/internal_message.html?_=1690163882072&CODE_STATE=count HTTP/1.1" 200 11
116.238.191.126 - - [24/Jul/2023:09:59:53 +0800] "GET /xingrg/check_reg.html?_=1690163882073 HTTP/1.1" 200 22
116.238.191.126 - - [24/Jul/2023:09:59:53 +0800] "POST /xingrg/all/common/load_tree.html?tree=area_rest_tree_json&manage=1 HTTP/1.1" 200 476
116.238.191.126 - - [24/Jul/2023:09:59:53 +0800] "POST /xingrg/load_menu.html HTTP/1.1" 200 5138
116.238.191.126 - - [24/Jul/2023:09:59:53 +0800] "GET /xingrg/all/function/internal_message.html?_=1690163993027&CODE_STATE=getMsg HTTP/1.1" 200 27
180.152.241.196 - - [24/Jul/2023:09:59:54 +0800] "GET /xingrg/all/function/internal_message.html?_=1690163993440&CODE_STATE=getMsg HTTP/1.1" 200 27
101.83.145.37 - - [24/Jul/2023:09:59:56 +0800] "GET /xingrg/all/function/internal_message.html?_=1690163806315&CODE_STATE=getMsg HTTP/1.1" 200 27
116.238.191.126 - - [24/Jul/2023:09:59:57 +0800] "GET /xingrg/kc/base/yddb_order_list.html HTTP/1.1" 200 16749
116.238.191.126 - - [24/Jul/2023:09:59:57 +0800] "POST /xingrg/kc/base/yddb_list_operate.html HTTP/1.1" 200 636
180.165.154.167 - - [24/Jul/2023:09:59:58 +0800] "GET /xingrg/check_reg.html?_=1690163999007 HTTP/1.1" 200 22
180.165.154.167 - - [24/Jul/2023:09:59:59 +0800] "GET /xingrg/all/function/internal_message.html?_=1690163999007&CODE_STATE=getMsg HTTP/1.1" 200 27
222.70.114.12 - - [24/Jul/2023:09:59:59 +0800] "GET /xingrg/all/function/internal_message.html?_=1690164000610&CODE_STATE=getMsg HTTP/1.1" 200 27
222.70.114.12 - - [24/Jul/2023:09:59:59 +0800] "GET /xingrg/check_reg.html?_=1690164000612 HTTP/1.1" 200 22
116.238.191.126 - - [24/Jul/2023:10:00:03 +0800] "POST /xingrg/kc/base/yddb_list_operate.html HTTP/1.1" 200 1347
116.238.191.126 - - [24/Jul/2023:10:00:04 +0800] "POST /xingrg/kc/base/yddb_list_operate.html HTTP/1.1" 200 630
116.238.191.126 - - [24/Jul/2023:10:00:05 +0800] "GET /xingrg/kc/base/yddb_order_info.html?code=482023072400138 HTTP/1.1" 200 31316
116.238.191.126 - - [24/Jul/2023:10:00:06 +0800] "GET /xingrg/dwr/interface/AjaxComOrderService.js HTTP/1.1" 200 18264
116.238.191.126 - - [24/Jul/2023:10:00:06 +0800] "GET /xingrg/dwr/interface/AjaxYddbService.js HTTP/1.1" 200 13201
116.238.191.126 - - [24/Jul/2023:10:00:06 +0800] "GET /xingrg/dwr/engine.js HTTP/1.1" 200 43631
116.238.191.126 - - [24/Jul/2023:10:00:06 +0800] "POST /xingrg/dwr/call/plaincall/AjaxYddbService.loadMaterielItems.dwr HTTP/1.1" 200 4837
116.238.191.126 - - [24/Jul/2023:10:00:09 +0800] "POST /xingrg/dwr/call/plaincall/AjaxYddbService.saveOrder.dwr HTTP/1.1" 200 78
124.78.156.130 - - [24/Jul/2023:10:00:13 +0800] "GET /xingrg/all/function/internal_message.html?_=1690164013099&CODE_STATE=getMsg HTTP/1.1" 200 27
58.40.7.146 - - [24/Jul/2023:10:00:15 +0800] "GET /xingrg/all/function/internal_message.html?_=1690164015256&CODE_STATE=getMsg HTTP/1.1" 302 -
116.238.191.126 - - [24/Jul/2023:10:00:16 +0800] "POST /xingrg/dwr/call/plaincall/AjaxYddbService.objCheckOrder.dwr HTTP/1.1" 200 78
124.79.243.110 - - [24/Jul/2023:10:00:17 +0800] "GET /xingrg/all/function/internal_message.html?_=1690164303760&CODE_STATE=getMsg HTTP/1.1" 200 27
116.238.191.126 - - [24/Jul/2023:10:00:18 +0800] "GET /xingrg/kc/base/yddb_order_info.html?code=482023072400138 HTTP/1.1" 200 31441
116.238.191.126 - - [24/Jul/2023:10:00:18 +0800] "GET /xingrg/dwr/interface/AjaxComOrderService.js HTTP/1.1" 200 18264
116.238.191.126 - - [24/Jul/2023:10:00:18 +0800] "GET /xingrg/dwr/interface/AjaxYddbService.js HTTP/1.1" 200 13201
116.238.191.126 - - [24/Jul/2023:10:00:18 +0800] "GET /xingrg/dwr/engine.js HTTP/1.1" 200 43631
116.238.191.126 - - [24/Jul/2023:10:00:18 +0800] "POST /xingrg/dwr/call/plaincall/AjaxYddbService.loadMaterielItems.dwr HTTP/1.1" 200 4837
101.83.145.37 - - [24/Jul/2023:10:00:21 +0800] "GET /xingrg/all/function/internal_message.html?_=1690164022099&CODE_STATE=getMsg HTTP/1.1" 200 27
180.157.253.121 - - [24/Jul/2023:10:00:24 +0800] "GET /xingrg/all/function/internal_message.html?_=1690164025888&CODE_STATE=getMsg HTTP/1.1" 200 27
180.157.253.121 - - [24/Jul/2023:10:00:24 +0800] "GET /xingrg/check_reg.html?_=1690164025905 HTTP/1.1" 200 22
120.253.135.82 - - [24/Jul/2023:10:00:33 +0800] "GET /xingrg/all/function/internal_message.html?_=1690163856141&CODE_STATE=getMsg HTTP/1.1" 200 27
180.169.147.146 - - [24/Jul/2023:10:00:34 +0800] "GET /xingrg/all/function/internal_message.html?_=1690164034731&CODE_STATE=getMsg HTTP/1.1" 200 27
114.85.113.108 - - [24/Jul/2023:10:00:35 +0800] "GET /xingrg/all/function/internal_message.html?_=1690164034834&CODE_STATE=getMsg HTTP/1.1" 302 -
180.163.29.217 - - [24/Jul/2023:10:00:37 +0800] "GET /xingrg/all/function/internal_message.html?_=1690163974738&CODE_STATE=getMsg HTTP/1.1" 302 -
180.163.29.217 - - [24/Jul/2023:10:00:37 +0800] "GET /xingrg/login.html HTTP/1.1" 200 7641
222.70.180.90 - - [24/Jul/2023:10:00:37 +0800] "GET /xingrg/all/function/internal_message.html?_=1690164037712&CODE_STATE=getMsg HTTP/1.1" 200 27
116.232.195.127 - - [24/Jul/2023:10:00:39 +0800] "GET /xingrg/all/function/internal_message.html?_=1690164000032&CODE_STATE=getMsg HTTP/1.1" 200 27
222.70.245.33 - - [24/Jul/2023:10:00:45 +0800] "GET /xingrg/all/function/internal_message.html?_=1690164047178&CODE_STATE=getMsg HTTP/1.1" 200 27
114.83.223.42 - - [24/Jul/2023:10:00:49 +0800] "GET /xingrg/all/function/internal_message.html?_=1690164048699&CODE_STATE=getMsg HTTP/1.1" 200 27
114.83.223.42 - - [24/Jul/2023:10:00:49 +0800] "GET /xingrg/check_reg.html?_=1690164049049 HTTP/1.1" 200 22
116.232.195.127 - - [24/Jul/2023:10:00:51 +0800] "GET /xingrg/all/function/internal_message.html?_=1690164012095&CODE_STATE=getMsg HTTP/1.1" 200 27
116.238.191.126 - - [24/Jul/2023:10:00:53 +0800] "GET /xingrg/all/function/internal_message.html?_=1690163942086&CODE_STATE=getMsg HTTP/1.1" 200 27
116.238.191.126 - - [24/Jul/2023:10:00:53 +0800] "GET /xingrg/all/function/internal_message.html?_=1690164053015&CODE_STATE=getMsg HTTP/1.1" 200 27
180.152.241.196 - - [24/Jul/2023:10:00:54 +0800] "GET /xingrg/check_reg.html?_=1690164053429 HTTP/1.1" 200 22
180.152.241.196 - - [24/Jul/2023:10:00:54 +0800] "GET /xingrg/all/function/internal_message.html?_=1690164053431&CODE_STATE=getMsg HTTP/1.1" 200 27
101.83.145.37 - - [24/Jul/2023:10:00:56 +0800] "GET /xingrg/all/function/internal_message.html?_=1690163866303&CODE_STATE=getMsg HTTP/1.1" 200 27
180.165.154.167 - - [24/Jul/2023:10:00:58 +0800] "GET /xingrg/all/function/internal_message.html?_=1690164059012&CODE_STATE=getMsg HTTP/1.1" 200 27
222.70.114.12 - - [24/Jul/2023:10:00:59 +0800] "GET /xingrg/all/function/internal_message.html?_=1690164060610&CODE_STATE=getMsg HTTP/1.1" 200 27
222.70.180.90 - - [24/Jul/2023:10:01:03 +0800] "POST /xingrg/kc/buy/cgsh_order_operate.html HTTP/1.1" 200 37
222.70.180.90 - - [24/Jul/2023:10:01:11 +0800] "POST /xingrg/kc/buy/cgsh_order_operate.html HTTP/1.1" 200 5027
180.163.28.114 - - [24/Jul/2023:10:01:13 +0800] "GET /xingrg/all/function/internal_message.html?_=1690164013099&CODE_STATE=getMsg HTTP/1.1" 302 -
180.163.28.114 - - [24/Jul/2023:10:01:13 +0800] "GET /xingrg/login.html HTTP/1.1" 200 7641
124.78.156.130 - - [24/Jul/2023:10:01:13 +0800] "GET /xingrg/all/function/internal_message.html?_=1690164073071&CODE_STATE=getMsg HTTP/1.1" 200 27
58.40.7.146 - - [24/Jul/2023:10:01:15 +0800] "GET /xingrg/all/function/internal_message.html?_=1690164075259&CODE_STATE=getMsg HTTP/1.1" 302 -
222.70.180.90 - - [24/Jul/2023:10:01:16 +0800] "GET /xingrg/kc/print/load_data.html?order_code=212023072108195&kc_code=cgsh&condition= HTTP/1.1" 200 1621
124.79.243.110 - - [24/Jul/2023:10:01:17 +0800] "GET /xingrg/all/function/internal_message.html?_=1690164363758&CODE_STATE=getMsg HTTP/1.1" 200 27
101.83.145.37 - - [24/Jul/2023:10:01:21 +0800] "GET /xingrg/all/function/internal_message.html?_=1690164082087&CODE_STATE=getMsg HTTP/1.1" 200 27
180.157.253.121 - - [24/Jul/2023:10:01:24 +0800] "GET /xingrg/all/function/internal_message.html?_=1690164085873&CODE_STATE=getMsg HTTP/1.1" 200 27
116.232.195.127 - - [24/Jul/2023:10:01:32 +0800] "GET /xingrg/check_reg.html?_=1690164053227 HTTP/1.1" 200 22
120.253.135.82 - - [24/Jul/2023:10:01:33 +0800] "GET /xingrg/all/function/internal_message.html?_=1690163916156&CODE_STATE=getMsg HTTP/1.1" 200 27
180.163.28.114 - - [24/Jul/2023:10:01:34 +0800] "GET /xingrg/all/function/internal_message.html?_=1690164034731&CODE_STATE=getMsg HTTP/1.1" 302 -
180.163.28.114 - - [24/Jul/2023:10:01:34 +0800] "GET /xingrg/login.html HTTP/1.1" 200 7641
180.169.147.146 - - [24/Jul/2023:10:01:34 +0800] "GET /xingrg/all/function/internal_message.html?_=1690164094747&CODE_STATE=getMsg HTTP/1.1" 200 27
114.85.113.108 - - [24/Jul/2023:10:01:35 +0800] "GET /xingrg/all/function/internal_message.html?_=1690164094815&CODE_STATE=getMsg HTTP/1.1" 302 -
222.70.180.90 - - [24/Jul/2023:10:01:37 +0800] "GET /xingrg/all/function/internal_message.html?_=1690164097682&CODE_STATE=getMsg HTTP/1.1" 200 27
222.70.180.90 - - [24/Jul/2023:10:01:38 +0800] "GET /xingrg/check_reg.html?_=1690164097934 HTTP/1.1" 200 22
116.232.195.127 - - [24/Jul/2023:10:01:39 +0800] "GET /xingrg/all/function/internal_message.html?_=1690164060025&CODE_STATE=getMsg HTTP/1.1" 200 27
222.70.245.33 - - [24/Jul/2023:10:01:45 +0800] "GET /xingrg/all/function/internal_message.html?_=1690164107198&CODE_STATE=getMsg HTTP/1.1" 200 27
114.83.223.42 - - [24/Jul/2023:10:01:49 +0800] "GET /xingrg/all/function/internal_message.html?_=1690164108676&CODE_STATE=getMsg HTTP/1.1" 200 27
116.232.195.127 - - [24/Jul/2023:10:01:51 +0800] "GET /xingrg/all/function/internal_message.html?_=1690164072103&CODE_STATE=getMsg HTTP/1.1" 200 27
116.238.191.126 - - [24/Jul/2023:10:01:53 +0800] "GET /xingrg/all/function/internal_message.html?_=1690164002100&CODE_STATE=getMsg HTTP/1.1" 200 27
116.238.191.126 - - [24/Jul/2023:10:01:53 +0800] "GET /xingrg/all/function/internal_message.html?_=1690164113017&CODE_STATE=getMsg HTTP/1.1" 200 27
116.238.191.126 - - [24/Jul/2023:10:01:53 +0800] "GET /xingrg/check_reg.html?_=1690164113207 HTTP/1.1" 200 22
180.152.241.196 - - [24/Jul/2023:10:01:54 +0800] "GET /xingrg/all/function/internal_message.html?_=1690164113430&CODE_STATE=getMsg HTTP/1.1" 200 27
101.83.145.37 - - [24/Jul/2023:10:01:56 +0800] "GET /xingrg/all/function/internal_message.html?_=1690163926304&CODE_STATE=getMsg HTTP/1.1" 200 27
101.83.145.37 - - [24/Jul/2023:10:01:56 +0800] "GET /xingrg/check_reg.html?_=1690163926307 HTTP/1.1" 200 22
116.238.191.126 - - [24/Jul/2023:10:01:57 +0800] "GET /xingrg/kc/buy/cgsh_order_list.html HTTP/1.1" 200 55946
180.165.154.167 - - [24/Jul/2023:10:01:58 +0800] "GET /xingrg/all/function/internal_message.html?_=1690164118999&CODE_STATE=getMsg HTTP/1.1" 200 27
222.70.114.12 - - [24/Jul/2023:10:01:59 +0800] "GET /xingrg/all/function/internal_message.html?_=1690164120610&CODE_STATE=getMsg HTTP/1.1" 200 27
116.238.191.126 - - [24/Jul/2023:10:01:59 +0800] "POST /xingrg/kc/buy/cgsh_list_operate.html HTTP/1.1" 200 986
116.238.191.126 - - [24/Jul/2023:10:02:02 +0800] "GET /xingrg/javascript/jquery_tools/images/prev.gif HTTP/1.1" 404 1086
116.238.191.126 - - [24/Jul/2023:10:02:02 +0800] "GET /xingrg/javascript/jquery_tools/images/next.gif HTTP/1.1" 404 1086
116.238.191.126 - - [24/Jul/2023:10:02:11 +0800] "POST /xingrg/kc/buy/cgsh_list_operate.html HTTP/1.1" 200 2824
180.163.29.103 - - [24/Jul/2023:10:02:13 +0800] "GET /xingrg/all/function/internal_message.html?_=1690164073071&CODE_STATE=getMsg HTTP/1.1" 302 -
124.78.156.130 - - [24/Jul/2023:10:02:13 +0800] "GET /xingrg/all/function/internal_message.html?_=1690164133046&CODE_STATE=getMsg HTTP/1.1" 200 27
180.163.29.103 - - [24/Jul/2023:10:02:13 +0800] "GET /xingrg/login.html HTTP/1.1" 200 7641
58.40.7.146 - - [24/Jul/2023:10:02:15 +0800] "GET /xingrg/all/function/internal_message.html?_=1690164135263&CODE_STATE=getMsg HTTP/1.1" 302 -
116.238.191.126 - - [24/Jul/2023:10:02:15 +0800] "POST /xingrg/kc/buy/cgsh_list_operate.html HTTP/1.1" 200 561
222.70.180.90 - - [24/Jul/2023:10:02:16 +0800] "POST /xingrg/kc/buy/cgsh_list_operate.html HTTP/1.1" 200 4807
124.79.243.110 - - [24/Jul/2023:10:02:17 +0800] "GET /xingrg/all/function/internal_message.html?_=1690164423772&CODE_STATE=getMsg HTTP/1.1" 200 27
116.238.191.126 - - [24/Jul/2023:10:02:18 +0800] "GET /xingrg/kc/buy/cgsh_order_info.html?code=212023072409447 HTTP/1.1" 200 66237
116.238.191.126 - - [24/Jul/2023:10:02:19 +0800] "GET /xingrg/javascript/easyui/themes/default/validatebox.css HTTP/1.1" 404 1104
222.70.180.90 - - [24/Jul/2023:10:02:19 +0800] "POST /xingrg/kc/buy/cgsh_list_operate.html HTTP/1.1" 200 425
116.238.191.126 - - [24/Jul/2023:10:02:20 +0800] "POST /xingrg/kc/buy/cgsh_order_operate.html HTTP/1.1" 200 3602
101.83.145.37 - - [24/Jul/2023:10:02:21 +0800] "GET /xingrg/all/function/internal_message.html?_=1690164142113&CODE_STATE=getMsg HTTP/1.1" 200 27
222.70.180.90 - - [24/Jul/2023:10:02:22 +0800] "POST /xingrg/kc/buy/cgsh_list_operate.html HTTP/1.1" 200 500
180.157.253.121 - - [24/Jul/2023:10:02:24 +0800] "GET /xingrg/all/function/internal_message.html?_=1690164145857&CODE_STATE=getMsg HTTP/1.1" 200 27
120.253.135.82 - - [24/Jul/2023:10:02:33 +0800] "GET /xingrg/all/function/internal_message.html?_=1690163976174&CODE_STATE=getMsg HTTP/1.1" 200 27
180.163.29.79 - - [24/Jul/2023:10:02:34 +0800] "GET /xingrg/all/function/internal_message.html?_=1690164094747&CODE_STATE=getMsg HTTP/1.1" 302 -
180.163.29.79 - - [24/Jul/2023:10:02:34 +0800] "GET /xingrg/login.html HTTP/1.1" 200 7641
180.169.147.146 - - [24/Jul/2023:10:02:34 +0800] "GET /xingrg/all/function/internal_message.html?_=1690164154726&CODE_STATE=getMsg HTTP/1.1" 200 27
114.85.113.108 - - [24/Jul/2023:10:02:35 +0800] "GET /xingrg/all/function/internal_message.html?_=1690164154790&CODE_STATE=getMsg HTTP/1.1" 302 -
222.70.180.90 - - [24/Jul/2023:10:02:37 +0800] "GET /xingrg/all/function/internal_message.html?_=1690164157658&CODE_STATE=getMsg HTTP/1.1" 200 27
116.232.195.127 - - [24/Jul/2023:10:02:39 +0800] "GET /xingrg/all/function/internal_message.html?_=1690164120008&CODE_STATE=getMsg HTTP/1.1" 200 27
222.70.180.90 - - [24/Jul/2023:10:02:39 +0800] "POST /xingrg/kc/buy/cgsh_list_operate.html HTTP/1.1" 200 4
222.70.245.33 - - [24/Jul/2023:10:02:45 +0800] "GET /xingrg/all/function/internal_message.html?_=1690164167204&CODE_STATE=getMsg HTTP/1.1" 200 27
114.83.223.42 - - [24/Jul/2023:10:02:49 +0800] "GET /xingrg/all/function/internal_message.html?_=1690164168661&CODE_STATE=getMsg HTTP/1.1" 200 27
222.70.180.90 - - [24/Jul/2023:10:02:51 +0800] "POST /xingrg/kc/buy/cgsh_list_operate.html HTTP/1.1" 200 3965
116.232.195.127 - - [24/Jul/2023:10:02:51 +0800] "GET /xingrg/all/function/internal_message.html?_=1690164132107&CODE_STATE=getMsg HTTP/1.1" 200 27
180.157.253.121 - - [24/Jul/2023:10:02:53 +0800] "GET /xingrg/check_reg.html?_=1690164171228 HTTP/1.1" 200 22
116.238.191.126 - - [24/Jul/2023:10:02:53 +0800] "GET /xingrg/all/function/internal_message.html?_=1690164062114&CODE_STATE=getMsg HTTP/1.1" 200 27
116.238.191.126 - - [24/Jul/2023:10:02:53 +0800] "GET /xingrg/all/function/internal_message.html?_=1690164173024&CODE_STATE=getMsg HTTP/1.1" 200 27
180.152.241.196 - - [24/Jul/2023:10:02:54 +0800] "GET /xingrg/all/function/internal_message.html?_=1690164173418&CODE_STATE=getMsg HTTP/1.1" 200 27
101.83.145.37 - - [24/Jul/2023:10:02:56 +0800] "GET /xingrg/all/function/internal_message.html?_=1690163986334&CODE_STATE=getMsg HTTP/1.1" 200 27
180.165.154.167 - - [24/Jul/2023:10:02:58 +0800] "GET /xingrg/all/function/internal_message.html?_=1690164179011&CODE_STATE=getMsg HTTP/1.1" 200 27
222.70.114.12 - - [24/Jul/2023:10:02:59 +0800] "GET /xingrg/all/function/internal_message.html?_=1690164180609&CODE_STATE=getMsg HTTP/1.1" 200 27
116.238.191.126 - - [24/Jul/2023:10:03:00 +0800] "POST /xingrg/all/user/operate.html HTTP/1.1" 200 36
116.238.191.126 - - [24/Jul/2023:10:03:00 +0800] "GET /xingrg/index.html?sysBaseUrl=http%3A%2F%2F180.169.147.146%3A18081%2Fxingrg%2F&costTime=2886×tamp=1690161680717 HTTP/1.1" 200 17179
116.238.191.126 - - [24/Jul/2023:10:03:00 +0800] "GET /xingrg/javascript/jquery_easy_ui/themes/default/easyui.css HTTP/1.1" 304 -
116.238.191.126 - - [24/Jul/2023:10:03:00 +0800] "GET /xingrg/javascript/jquery_easy_ui/themes/icon.css HTTP/1.1" 304 -
116.238.191.126 - - [24/Jul/2023:10:03:00 +0800] "GET /xingrg/css/form.css HTTP/1.1" 304 -
116.238.191.126 - - [24/Jul/2023:10:03:00 +0800] "GET /xingrg/javascript/jquery-1.4.2.min.js HTTP/1.1" 304 -
116.238.191.126 - - [24/Jul/2023:10:03:00 +0800] "GET /xingrg/javascript/jquery_easy_ui/jquery.easyui.min.js HTTP/1.1" 304 -
116.238.191.126 - - [24/Jul/2023:10:03:00 +0800] "GET /xingrg/javascript/jquery_easy_ui/easyui-lang-zh_CN.js HTTP/1.1" 304 -
116.238.191.126 - - [24/Jul/2023:10:03:00 +0800] "GET /xingrg/javascript/jquery.form.js HTTP/1.1" 304 -
116.238.191.126 - - [24/Jul/2023:10:03:00 +0800] "GET /xingrg/javascript/jquery.utils.js HTTP/1.1" 304 -
116.238.191.126 - - [24/Jul/2023:10:03:00 +0800] "GET /xingrg/javascript/jquery.timers.js HTTP/1.1" 304 -
116.238.191.126 - - [24/Jul/2023:10:03:00 +0800] "GET /xingrg/images/blue/jxLogo.png HTTP/1.1" 304 -
116.238.191.126 - - [24/Jul/2023:10:03:00 +0800] "GET /xingrg/javascript/jquery_easy_ui/themes/icons/settle_new.png HTTP/1.1" 304 -
116.238.191.126 - - [24/Jul/2023:10:03:00 +0800] "GET /xingrg/images/blue/navBackgound.jpg HTTP/1.1" 304 -
116.238.191.126 - - [24/Jul/2023:10:03:00 +0800] "GET /xingrg/images/blue/pingpu.png HTTP/1.1" 304 -
116.238.191.126 - - [24/Jul/2023:10:03:00 +0800] "GET /xingrg/javascript/jquery_easy_ui/themes/default/images/tabs_leftarrow.png HTTP/1.1" 304 -
116.238.191.126 - - [24/Jul/2023:10:03:00 +0800] "GET /xingrg/javascript/jquery_easy_ui/themes/default/images/tabs_rightarrow.png HTTP/1.1" 304 -
116.238.191.126 - - [24/Jul/2023:10:03:00 +0800] "GET /xingrg/javascript/jquery_easy_ui/themes/default/images/panel_tool_collapse.gif HTTP/1.1" 304 -
116.238.191.126 - - [24/Jul/2023:10:03:00 +0800] "GET /xingrg/check_reg.html?_=1690164069278 HTTP/1.1" 200 22
116.238.191.126 - - [24/Jul/2023:10:03:00 +0800] "GET /xingrg/all/function/internal_message.html?_=1690164069277&CODE_STATE=count HTTP/1.1" 200 11
116.238.191.126 - - [24/Jul/2023:10:03:00 +0800] "POST /xingrg/all/common/load_tree.html?tree=area_rest_tree_json&manage=1 HTTP/1.1" 200 476
116.238.191.126 - - [24/Jul/2023:10:03:00 +0800] "POST /xingrg/load_menu.html HTTP/1.1" 200 5138
116.238.191.126 - - [24/Jul/2023:10:03:07 +0800] "GET /xingrg/kc/mdqp/qqps_order_list.html HTTP/1.1" 200 9222
116.238.191.126 - - [24/Jul/2023:10:03:07 +0800] "GET /xingrg/dwr/interface/AjaxQqpsService.js HTTP/1.1" 200 16326
116.238.191.126 - - [24/Jul/2023:10:03:07 +0800] "GET /xingrg/dwr/interface/AjaxReportQueryService.js HTTP/1.1" 200 13203
116.238.191.126 - - [24/Jul/2023:10:03:07 +0800] "GET /xingrg/dwr/engine.js HTTP/1.1" 200 43631
116.238.191.126 - - [24/Jul/2023:10:03:08 +0800] "GET /xingrg/javascript/jquery_easy_ui/themes/icons/uncheck_new.png HTTP/1.1" 304 -
116.238.191.126 - - [24/Jul/2023:10:03:10 +0800] "GET /xingrg/kc/mdqp/qqps_order_add.html HTTP/1.1" 200 28250
116.238.191.126 - - [24/Jul/2023:10:03:10 +0800] "GET /xingrg/dwr/interface/AjaxComOrderService.js HTTP/1.1" 200 18264
116.238.191.126 - - [24/Jul/2023:10:03:10 +0800] "GET /xingrg/dwr/interface/AjaxQqpsService.js HTTP/1.1" 200 16326
116.238.191.126 - - [24/Jul/2023:10:03:10 +0800] "GET /xingrg/javascript/tools/jquery.qtip-1.0.0-rc3.min.js HTTP/1.1" 304 -
116.238.191.126 - - [24/Jul/2023:10:03:10 +0800] "GET /xingrg/dwr/engine.js HTTP/1.1" 200 43631
116.238.191.126 - - [24/Jul/2023:10:03:11 +0800] "GET /xingrg/javascript/jquery_easy_ui/themes/icons/template_new.png HTTP/1.1" 304 -
116.238.191.126 - - [24/Jul/2023:10:03:11 +0800] "GET /xingrg/javascript/jquery_easy_ui/themes/icons/copy_new.png HTTP/1.1" 304 -
124.78.156.130 - - [24/Jul/2023:10:03:13 +0800] "GET /xingrg/all/function/internal_message.html?_=1690164193031&CODE_STATE=getMsg HTTP/1.1" 200 27
58.40.7.146 - - [24/Jul/2023:10:03:15 +0800] "GET /xingrg/check_reg.html?_=1690164195250 HTTP/1.1" 302 -
58.40.7.146 - - [24/Jul/2023:10:03:15 +0800] "GET /xingrg/all/function/internal_message.html?_=1690164195251&CODE_STATE=getMsg HTTP/1.1" 302 -
124.79.243.110 - - [24/Jul/2023:10:03:17 +0800] "GET /xingrg/all/function/internal_message.html?_=1690164483771&CODE_STATE=getMsg HTTP/1.1" 200 27
101.83.145.37 - - [24/Jul/2023:10:03:21 +0800] "GET /xingrg/all/function/internal_message.html?_=1690164202114&CODE_STATE=getMsg HTTP/1.1" 200 27
101.83.145.37 - - [24/Jul/2023:10:03:21 +0800] "GET /xingrg/check_reg.html?_=1690164202327 HTTP/1.1" 200 22
116.238.191.126 - - [24/Jul/2023:10:03:22 +0800] "POST /xingrg/dwr/call/plaincall/AjaxQqpsService.saveOrder.dwr HTTP/1.1" 200 78
180.157.253.121 - - [24/Jul/2023:10:03:23 +0800] "GET /xingrg/all/function/internal_message.html?_=1690164205839&CODE_STATE=getMsg HTTP/1.1" 200 27
116.238.191.126 - - [24/Jul/2023:10:03:32 +0800] "GET /xingrg/javascript/auto/indicator.gif HTTP/1.1" 404 1066
120.253.135.82 - - [24/Jul/2023:10:03:33 +0800] "GET /xingrg/all/function/internal_message.html?_=1690164036183&CODE_STATE=getMsg HTTP/1.1" 200 27
180.169.147.146 - - [24/Jul/2023:10:03:34 +0800] "GET /xingrg/all/function/internal_message.html?_=1690164214744&CODE_STATE=getMsg HTTP/1.1" 200 27
180.169.147.146 - - [24/Jul/2023:10:03:34 +0800] "GET /xingrg/check_reg.html?_=1690164214757 HTTP/1.1" 200 22
116.238.191.126 - - [24/Jul/2023:10:03:35 +0800] "POST /xingrg/dwr/call/plaincall/AjaxQqpsService.getMaterielByCode.dwr HTTP/1.1" 200 3903
114.85.113.108 - - [24/Jul/2023:10:03:35 +0800] "GET /xingrg/all/function/internal_message.html?_=1690164214764&CODE_STATE=getMsg HTTP/1.1" 302 -
222.70.180.90 - - [24/Jul/2023:10:03:37 +0800] "GET /xingrg/all/function/internal_message.html?_=1690164217634&CODE_STATE=getMsg HTTP/1.1" 200 27
116.238.191.126 - - [24/Jul/2023:10:03:38 +0800] "POST /xingrg/dwr/call/plaincall/AjaxQqpsService.saveMaterielItem.dwr HTTP/1.1" 200 78
116.232.195.127 - - [24/Jul/2023:10:03:39 +0800] "GET /xingrg/all/function/internal_message.html?_=1690164179991&CODE_STATE=getMsg HTTP/1.1" 200 27
222.70.245.33 - - [24/Jul/2023:10:03:44 +0800] "GET /xingrg/check_reg.html?_=1690164226556 HTTP/1.1" 200 22
222.70.245.33 - - [24/Jul/2023:10:03:45 +0800] "GET /xingrg/all/function/internal_message.html?_=1690164227217&CODE_STATE=getMsg HTTP/1.1" 200 27
114.83.223.42 - - [24/Jul/2023:10:03:49 +0800] "GET /xingrg/all/function/internal_message.html?_=1690164228649&CODE_STATE=getMsg HTTP/1.1" 200 27
116.238.191.126 - - [24/Jul/2023:10:03:49 +0800] "POST /xingrg/dwr/call/plaincall/AjaxQqpsService.getMaterielByCode.dwr HTTP/1.1" 200 3904
114.85.113.108 - - [24/Jul/2023:10:03:50 +0800] "GET /xingrg/check_reg.html?_=1690164230297 HTTP/1.1" 302 -
116.232.195.127 - - [24/Jul/2023:10:03:51 +0800] "GET /xingrg/check_reg.html?_=1690164192107 HTTP/1.1" 200 22
116.232.195.127 - - [24/Jul/2023:10:03:51 +0800] "GET /xingrg/all/function/internal_message.html?_=1690164192110&CODE_STATE=getMsg HTTP/1.1" 200 27
116.238.191.126 - - [24/Jul/2023:10:03:53 +0800] "GET /xingrg/all/function/internal_message.html?_=1690164233009&CODE_STATE=getMsg HTTP/1.1" 200 27
180.152.241.196 - - [24/Jul/2023:10:03:54 +0800] "GET /xingrg/all/function/internal_message.html?_=1690164233431&CODE_STATE=getMsg HTTP/1.1" 200 27
101.83.145.37 - - [24/Jul/2023:10:03:56 +0800] "GET /xingrg/all/function/internal_message.html?_=1690164046334&CODE_STATE=getMsg HTTP/1.1" 200 27
116.238.191.126 - - [24/Jul/2023:10:03:57 +0800] "POST /xingrg/dwr/call/plaincall/AjaxQqpsService.saveMaterielItem.dwr HTTP/1.1" 200 78
180.165.154.167 - - [24/Jul/2023:10:03:59 +0800] "GET /xingrg/all/function/internal_message.html?_=1690164239016&CODE_STATE=getMsg HTTP/1.1" 200 27
222.70.114.12 - - [24/Jul/2023:10:03:59 +0800] "GET /xingrg/all/function/internal_message.html?_=1690164240608&CODE_STATE=getMsg HTTP/1.1" 200 27
116.238.191.126 - - [24/Jul/2023:10:04:00 +0800] "GET /xingrg/all/function/internal_message.html?_=1690164129288&CODE_STATE=getMsg HTTP/1.1" 200 27
116.238.191.126 - - [24/Jul/2023:10:04:00 +0800] "POST /xingrg/dwr/call/plaincall/AjaxQqpsService.getMaterielByCode.dwr HTTP/1.1" 200 3847
116.238.191.126 - - [24/Jul/2023:10:04:05 +0800] "POST /xingrg/dwr/call/plaincall/AjaxQqpsService.saveMaterielItem.dwr HTTP/1.1" 200 78
180.163.28.143 - - [24/Jul/2023:10:04:13 +0800] "GET /xingrg/all/function/internal_message.html?_=1690164193031&CODE_STATE=getMsg HTTP/1.1" 302 -
180.163.28.143 - - [24/Jul/2023:10:04:13 +0800] "GET /xingrg/login.html HTTP/1.1" 200 7641
124.78.156.130 - - [24/Jul/2023:10:04:13 +0800] "GET /xingrg/all/function/internal_message.html?_=1690164253015&CODE_STATE=getMsg HTTP/1.1" 200 27
124.78.156.130 - - [24/Jul/2023:10:04:14 +0800] "GET /xingrg/check_reg.html?_=1690164254287 HTTP/1.1" 200 22
58.40.7.146 - - [24/Jul/2023:10:04:15 +0800] "GET /xingrg/all/function/internal_message.html?_=1690164255254&CODE_STATE=getMsg HTTP/1.1" 302 -
124.79.243.110 - - [24/Jul/2023:10:04:17 +0800] "GET /xingrg/check_reg.html?_=1690164543770 HTTP/1.1" 200 22
124.79.243.110 - - [24/Jul/2023:10:04:17 +0800] "GET /xingrg/all/function/internal_message.html?_=1690164543772&CODE_STATE=getMsg HTTP/1.1" 200 27
116.238.191.126 - - [24/Jul/2023:10:04:18 +0800] "POST /xingrg/dwr/call/plaincall/AjaxQqpsService.getMaterielByCode.dwr HTTP/1.1" 200 3857
116.238.191.126 - - [24/Jul/2023:10:04:21 +0800] "POST /xingrg/dwr/call/plaincall/AjaxQqpsService.saveMaterielItem.dwr HTTP/1.1" 200 78
101.83.145.37 - - [24/Jul/2023:10:04:21 +0800] "GET /xingrg/all/function/internal_message.html?_=1690164262119&CODE_STATE=getMsg HTTP/1.1" 200 27
180.157.253.121 - - [24/Jul/2023:10:04:23 +0800] "GET /xingrg/all/function/internal_message.html?_=1690164265823&CODE_STATE=getMsg HTTP/1.1" 200 27
116.238.191.126 - - [24/Jul/2023:10:04:30 +0800] "POST /xingrg/dwr/call/plaincall/AjaxQqpsService.getMaterielByCode.dwr HTTP/1.1" 200 3845
116.238.191.126 - - [24/Jul/2023:10:04:32 +0800] "POST /xingrg/dwr/call/plaincall/AjaxQqpsService.saveMaterielItem.dwr HTTP/1.1" 200 79
120.253.135.82 - - [24/Jul/2023:10:04:33 +0800] "GET /xingrg/check_reg.html?_=1690164096073 HTTP/1.1" 200 22
120.253.135.82 - - [24/Jul/2023:10:04:33 +0800] "GET /xingrg/all/function/internal_message.html?_=1690164096201&CODE_STATE=getMsg HTTP/1.1" 200 27
180.163.28.55 - - [24/Jul/2023:10:04:34 +0800] "GET /xingrg/check_reg.html?_=1690164214757 HTTP/1.1" 302 -
180.163.28.55 - - [24/Jul/2023:10:04:34 +0800] "GET /xingrg/login.html HTTP/1.1" 200 7641
180.169.147.146 - - [24/Jul/2023:10:04:34 +0800] "GET /xingrg/all/function/internal_message.html?_=1690164274741&CODE_STATE=getMsg HTTP/1.1" 200 27
114.85.113.108 - - [24/Jul/2023:10:04:35 +0800] "GET /xingrg/all/function/internal_message.html?_=1690164274741&CODE_STATE=getMsg HTTP/1.1" 302 -
222.70.180.90 - - [24/Jul/2023:10:04:37 +0800] "GET /xingrg/all/function/internal_message.html?_=1690164277620&CODE_STATE=getMsg HTTP/1.1" 200 27
116.232.195.127 - - [24/Jul/2023:10:04:39 +0800] "GET /xingrg/all/function/internal_message.html?_=1690164239968&CODE_STATE=getMsg HTTP/1.1" 200 27
116.238.191.126 - - [24/Jul/2023:10:04:43 +0800] "POST /xingrg/dwr/call/plaincall/AjaxQqpsService.getMaterielByCode.dwr HTTP/1.1" 200 3860
222.70.245.33 - - [24/Jul/2023:10:04:45 +0800] "GET /xingrg/all/function/internal_message.html?_=1690164287232&CODE_STATE=getMsg HTTP/1.1" 200 27
116.238.191.126 - - [24/Jul/2023:10:04:49 +0800] "POST /xingrg/dwr/call/plaincall/AjaxQqpsService.saveMaterielItem.dwr HTTP/1.1" 200 79
114.83.223.42 - - [24/Jul/2023:10:04:49 +0800] "GET /xingrg/all/function/internal_message.html?_=1690164288635&CODE_STATE=getMsg HTTP/1.1" 200 27
116.232.195.127 - - [24/Jul/2023:10:04:51 +0800] "GET /xingrg/all/function/internal_message.html?_=1690164252111&CODE_STATE=getMsg HTTP/1.1" 200 27
116.238.191.126 - - [24/Jul/2023:10:04:53 +0800] "GET /xingrg/all/function/internal_message.html?_=1690164293010&CODE_STATE=getMsg HTTP/1.1" 200 27
180.152.241.196 - - [24/Jul/2023:10:04:54 +0800] "GET /xingrg/all/function/internal_message.html?_=1690164293428&CODE_STATE=getMsg HTTP/1.1" 200 27
101.83.145.37 - - [24/Jul/2023:10:04:56 +0800] "GET /xingrg/all/function/internal_message.html?_=1690164106335&CODE_STATE=getMsg HTTP/1.1" 200 27
180.165.154.167 - - [24/Jul/2023:10:04:58 +0800] "GET /xingrg/check_reg.html?_=1690164299009 HTTP/1.1" 200 22
180.165.154.167 - - [24/Jul/2023:10:04:59 +0800] "GET /xingrg/all/function/internal_message.html?_=1690164299012&CODE_STATE=getMsg HTTP/1.1" 200 27
222.70.114.12 - - [24/Jul/2023:10:04:59 +0800] "GET /xingrg/all/function/internal_message.html?_=1690164300607&CODE_STATE=getMsg HTTP/1.1" 200 27
222.70.114.12 - - [24/Jul/2023:10:04:59 +0800] "GET /xingrg/check_reg.html?_=1690164300609 HTTP/1.1" 200 22
116.238.191.126 - - [24/Jul/2023:10:05:00 +0800] "GET /xingrg/all/function/internal_message.html?_=1690164189302&CODE_STATE=getMsg HTTP/1.1" 200 27
116.238.191.126 - - [24/Jul/2023:10:05:04 +0800] "POST /xingrg/dwr/call/plaincall/AjaxQqpsService.getMaterielByCode.dwr HTTP/1.1" 200 3894
116.238.191.126 - - [24/Jul/2023:10:05:11 +0800] "POST /xingrg/dwr/call/plaincall/AjaxQqpsService.saveMaterielItem.dwr HTTP/1.1" 200 79
124.78.156.130 - - [24/Jul/2023:10:05:13 +0800] "GET /xingrg/all/function/internal_message.html?_=1690164312995&CODE_STATE=getMsg HTTP/1.1" 200 27
58.40.7.146 - - [24/Jul/2023:10:05:15 +0800] "GET /xingrg/all/function/internal_message.html?_=1690164315256&CODE_STATE=getMsg HTTP/1.1" 302 -
116.238.191.126 - - [24/Jul/2023:10:05:17 +0800] "POST /xingrg/dwr/call/plaincall/AjaxQqpsService.getMaterielByCode.dwr HTTP/1.1" 200 3901
124.79.243.110 - - [24/Jul/2023:10:05:17 +0800] "GET /xingrg/all/function/internal_message.html?_=1690164603771&CODE_STATE=getMsg HTTP/1.1" 200 27
101.83.145.37 - - [24/Jul/2023:10:05:21 +0800] "GET /xingrg/all/function/internal_message.html?_=1690164322120&CODE_STATE=getMsg HTTP/1.1" 200 27
116.238.191.126 - - [24/Jul/2023:10:05:22 +0800] "POST /xingrg/dwr/call/plaincall/AjaxQqpsService.saveMaterielItem.dwr HTTP/1.1" 200 79
180.157.253.121 - - [24/Jul/2023:10:05:23 +0800] "GET /xingrg/all/function/internal_message.html?_=1690164325806&CODE_STATE=getMsg HTTP/1.1" 200 27
180.157.253.121 - - [24/Jul/2023:10:05:24 +0800] "GET /xingrg/check_reg.html?_=1690164325895 HTTP/1.1" 200 22
116.238.191.126 - - [24/Jul/2023:10:05:27 +0800] "POST /xingrg/dwr/call/plaincall/AjaxQqpsService.getMaterielByCode.dwr HTTP/1.1" 200 3943
116.238.191.126 - - [24/Jul/2023:10:05:30 +0800] "POST /xingrg/dwr/call/plaincall/AjaxQqpsService.saveMaterielItem.dwr HTTP/1.1" 200 79
120.253.135.82 - - [24/Jul/2023:10:05:33 +0800] "GET /xingrg/all/function/internal_message.html?_=1690164156210&CODE_STATE=getMsg HTTP/1.1" 200 27
180.169.147.146 - - [24/Jul/2023:10:05:34 +0800] "GET /xingrg/all/function/internal_message.html?_=1690164334743&CODE_STATE=getMsg HTTP/1.1" 200 27
114.85.113.108 - - [24/Jul/2023:10:05:35 +0800] "GET /xingrg/all/function/internal_message.html?_=1690164334730&CODE_STATE=getMsg HTTP/1.1" 302 -
116.238.191.126 - - [24/Jul/2023:10:05:37 +0800] "POST /xingrg/dwr/call/plaincall/AjaxQqpsService.getMaterielByCode.dwr HTTP/1.1" 200 3944
222.70.180.90 - - [24/Jul/2023:10:05:37 +0800] "GET /xingrg/all/function/internal_message.html?_=1690164337605&CODE_STATE=getMsg HTTP/1.1" 200 27
116.232.195.127 - - [24/Jul/2023:10:05:39 +0800] "GET /xingrg/all/function/internal_message.html?_=1690164299945&CODE_STATE=getMsg HTTP/1.1" 200 27
116.238.191.126 - - [24/Jul/2023:10:05:39 +0800] "POST /xingrg/dwr/call/plaincall/AjaxQqpsService.saveMaterielItem.dwr HTTP/1.1" 200 79
222.70.245.33 - - [24/Jul/2023:10:05:45 +0800] "GET /xingrg/all/function/internal_message.html?_=1690164347244&CODE_STATE=getMsg HTTP/1.1" 200 27
116.238.191.126 - - [24/Jul/2023:10:05:45 +0800] "POST /xingrg/dwr/call/plaincall/AjaxQqpsService.getMaterielByCode.dwr HTTP/1.1" 200 3955
116.238.191.126 - - [24/Jul/2023:10:05:48 +0800] "POST /xingrg/dwr/call/plaincall/AjaxQqpsService.saveMaterielItem.dwr HTTP/1.1" 200 79
114.83.223.42 - - [24/Jul/2023:10:05:49 +0800] "GET /xingrg/all/function/internal_message.html?_=1690164348606&CODE_STATE=getMsg HTTP/1.1" 200 27
114.83.223.42 - - [24/Jul/2023:10:05:49 +0800] "GET /xingrg/check_reg.html?_=1690164349030 HTTP/1.1" 200 22
116.232.195.127 - - [24/Jul/2023:10:05:51 +0800] "GET /xingrg/all/function/internal_message.html?_=1690164312095&CODE_STATE=getMsg HTTP/1.1" 200 27
116.238.191.126 - - [24/Jul/2023:10:05:53 +0800] "GET /xingrg/all/function/internal_message.html?_=1690164353012&CODE_STATE=getMsg HTTP/1.1" 200 27
180.152.241.196 - - [24/Jul/2023:10:05:54 +0800] "GET /xingrg/all/function/internal_message.html?_=1690164353429&CODE_STATE=getMsg HTTP/1.1" 200 27
180.152.241.196 - - [24/Jul/2023:10:05:54 +0800] "GET /xingrg/check_reg.html?_=1690164353430 HTTP/1.1" 200 22
116.238.191.126 - - [24/Jul/2023:10:05:55 +0800] "POST /xingrg/dwr/call/plaincall/AjaxQqpsService.getMaterielByCode.dwr HTTP/1.1" 200 3921
101.83.145.37 - - [24/Jul/2023:10:05:56 +0800] "GET /xingrg/all/function/internal_message.html?_=1690164166337&CODE_STATE=getMsg HTTP/1.1" 200 27
116.238.191.126 - - [24/Jul/2023:10:05:58 +0800] "POST /xingrg/dwr/call/plaincall/AjaxQqpsService.saveMaterielItem.dwr HTTP/1.1" 200 79
180.165.154.167 - - [24/Jul/2023:10:05:58 +0800] "GET /xingrg/all/function/internal_message.html?_=1690164359003&CODE_STATE=getMsg HTTP/1.1" 200 27
222.70.114.12 - - [24/Jul/2023:10:05:59 +0800] "GET /xingrg/all/function/internal_message.html?_=1690164360607&CODE_STATE=getMsg HTTP/1.1" 200 27
116.238.191.126 - - [24/Jul/2023:10:06:00 +0800] "GET /xingrg/all/function/internal_message.html?_=1690164249317&CODE_STATE=getMsg HTTP/1.1" 200 27
116.238.191.126 - - [24/Jul/2023:10:06:04 +0800] "POST /xingrg/dwr/call/plaincall/AjaxQqpsService.getMaterielByCode.dwr HTTP/1.1" 200 3904
116.238.191.126 - - [24/Jul/2023:10:06:07 +0800] "POST /xingrg/dwr/call/plaincall/AjaxQqpsService.saveMaterielItem.dwr HTTP/1.1" 200 79
124.78.156.130 - - [24/Jul/2023:10:06:13 +0800] "GET /xingrg/all/function/internal_message.html?_=1690164372975&CODE_STATE=getMsg HTTP/1.1" 200 27
58.40.7.146 - - [24/Jul/2023:10:06:15 +0800] "GET /xingrg/all/function/internal_message.html?_=1690164375257&CODE_STATE=getMsg HTTP/1.1" 302 -
116.238.191.126 - - [24/Jul/2023:10:06:15 +0800] "POST /xingrg/dwr/call/plaincall/AjaxQqpsService.getMaterielByCode.dwr HTTP/1.1" 200 3944
124.79.243.110 - - [24/Jul/2023:10:06:17 +0800] "GET /xingrg/all/function/internal_message.html?_=1690164663771&CODE_STATE=getMsg HTTP/1.1" 200 27
116.238.191.126 - - [24/Jul/2023:10:06:18 +0800] "POST /xingrg/dwr/call/plaincall/AjaxQqpsService.saveMaterielItem.dwr HTTP/1.1" 200 79
101.83.145.37 - - [24/Jul/2023:10:06:21 +0800] "GET /xingrg/all/function/internal_message.html?_=1690164382122&CODE_STATE=getMsg HTTP/1.1" 200 27
180.157.253.121 - - [24/Jul/2023:10:06:23 +0800] "GET /xingrg/all/function/internal_message.html?_=1690164385793&CODE_STATE=getMsg HTTP/1.1" 200 27
116.238.191.126 - - [24/Jul/2023:10:06:24 +0800] "POST /xingrg/dwr/call/plaincall/AjaxQqpsService.getMaterielByCode.dwr HTTP/1.1" 200 3949
116.238.191.126 - - [24/Jul/2023:10:06:32 +0800] "POST /xingrg/dwr/call/plaincall/AjaxQqpsService.saveMaterielItem.dwr HTTP/1.1" 200 79
116.232.195.127 - - [24/Jul/2023:10:06:32 +0800] "GET /xingrg/check_reg.html?_=1690164353240 HTTP/1.1" 200 22
120.253.135.82 - - [24/Jul/2023:10:06:33 +0800] "GET /xingrg/all/function/internal_message.html?_=1690164216223&CODE_STATE=getMsg HTTP/1.1" 200 27
180.163.30.27 - - [24/Jul/2023:10:06:34 +0800] "GET /xingrg/all/function/internal_message.html?_=1690164334743&CODE_STATE=getMsg HTTP/1.1" 302 -
180.163.30.27 - - [24/Jul/2023:10:06:34 +0800] "GET /xingrg/login.html HTTP/1.1" 200 7641
180.169.147.146 - - [24/Jul/2023:10:06:34 +0800] "GET /xingrg/all/function/internal_message.html?_=1690164394738&CODE_STATE=getMsg HTTP/1.1" 200 27
114.85.113.108 - - [24/Jul/2023:10:06:35 +0800] "GET /xingrg/all/function/internal_message.html?_=1690164394713&CODE_STATE=getMsg HTTP/1.1" 302 -
222.70.180.90 - - [24/Jul/2023:10:06:37 +0800] "GET /xingrg/all/function/internal_message.html?_=1690164397589&CODE_STATE=getMsg HTTP/1.1" 200 27
116.238.191.126 - - [24/Jul/2023:10:06:38 +0800] "POST /xingrg/dwr/call/plaincall/AjaxQqpsService.getMaterielByCode.dwr HTTP/1.1" 200 3955
222.70.180.90 - - [24/Jul/2023:10:06:38 +0800] "GET /xingrg/check_reg.html?_=1690164397934 HTTP/1.1" 200 22
116.232.195.127 - - [24/Jul/2023:10:06:39 +0800] "GET /xingrg/all/function/internal_message.html?_=1690164359921&CODE_STATE=getMsg HTTP/1.1" 200 27
116.238.191.126 - - [24/Jul/2023:10:06:41 +0800] "POST /xingrg/dwr/call/plaincall/AjaxQqpsService.saveMaterielItem.dwr HTTP/1.1" 200 79
116.238.191.126 - - [24/Jul/2023:10:06:45 +0800] "POST /xingrg/dwr/call/plaincall/AjaxQqpsService.getMaterielByCode.dwr HTTP/1.1" 200 3862
222.70.245.33 - - [24/Jul/2023:10:06:45 +0800] "GET /xingrg/all/function/internal_message.html?_=1690164407262&CODE_STATE=getMsg HTTP/1.1" 200 27
114.83.223.42 - - [24/Jul/2023:10:06:47 +0800] "GET /favicon.ico HTTP/1.1" 404 -
116.238.191.126 - - [24/Jul/2023:10:06:48 +0800] "POST /xingrg/dwr/call/plaincall/AjaxQqpsService.saveMaterielItem.dwr HTTP/1.1" 200 79
114.83.223.42 - - [24/Jul/2023:10:06:49 +0800] "GET /xingrg/all/function/internal_message.html?_=1690164408587&CODE_STATE=getMsg HTTP/1.1" 200 27
116.232.195.127 - - [24/Jul/2023:10:06:51 +0800] "GET /xingrg/all/function/internal_message.html?_=1690164372099&CODE_STATE=getMsg HTTP/1.1" 200 27
116.238.191.126 - - [24/Jul/2023:10:06:53 +0800] "GET /xingrg/all/function/internal_message.html?_=1690164413021&CODE_STATE=getMsg HTTP/1.1" 200 27
116.238.191.126 - - [24/Jul/2023:10:06:53 +0800] "GET /xingrg/check_reg.html?_=1690164413199 HTTP/1.1" 200 22
180.152.241.196 - - [24/Jul/2023:10:06:54 +0800] "GET /xingrg/all/function/internal_message.html?_=1690164413430&CODE_STATE=getMsg HTTP/1.1" 200 27
116.238.191.126 - - [24/Jul/2023:10:06:55 +0800] "POST /xingrg/dwr/call/plaincall/AjaxQqpsService.getMaterielByCode.dwr HTTP/1.1" 200 3950
101.83.145.37 - - [24/Jul/2023:10:06:56 +0800] "GET /xingrg/check_reg.html?_=1690164226337 HTTP/1.1" 200 22
101.83.145.37 - - [24/Jul/2023:10:06:56 +0800] "GET /xingrg/all/function/internal_message.html?_=1690164226340&CODE_STATE=getMsg HTTP/1.1" 200 27
180.165.154.167 - - [24/Jul/2023:10:06:59 +0800] "GET /xingrg/all/function/internal_message.html?_=1690164419014&CODE_STATE=getMsg HTTP/1.1" 200 27
222.70.114.12 - - [24/Jul/2023:10:06:59 +0800] "GET /xingrg/all/function/internal_message.html?_=1690164420607&CODE_STATE=getMsg HTTP/1.1" 200 27
116.238.191.126 - - [24/Jul/2023:10:07:00 +0800] "GET /xingrg/all/function/internal_message.html?_=1690164309329&CODE_STATE=getMsg HTTP/1.1" 200 27
120.253.135.82 - - [24/Jul/2023:10:07:02 +0800] "GET /favicon.ico HTTP/1.1" 404 -
116.238.191.126 - - [24/Jul/2023:10:07:10 +0800] "POST /xingrg/dwr/call/plaincall/AjaxQqpsService.saveMaterielItem.dwr HTTP/1.1" 200 79
124.78.156.130 - - [24/Jul/2023:10:07:13 +0800] "GET /xingrg/all/function/internal_message.html?_=1690164432961&CODE_STATE=getMsg HTTP/1.1" 200 27
58.40.7.146 - - [24/Jul/2023:10:07:15 +0800] "GET /xingrg/all/function/internal_message.html?_=1690164435259&CODE_STATE=getMsg HTTP/1.1" 302 -
124.79.243.110 - - [24/Jul/2023:10:07:17 +0800] "GET /xingrg/all/function/internal_message.html?_=1690164723770&CODE_STATE=getMsg HTTP/1.1" 200 27
116.238.191.126 - - [24/Jul/2023:10:07:17 +0800] "POST /xingrg/dwr/call/plaincall/AjaxQqpsService.getMaterielByCode.dwr HTTP/1.1" 200 3921
116.238.191.126 - - [24/Jul/2023:10:07:21 +0800] "POST /xingrg/dwr/call/plaincall/AjaxQqpsService.saveMaterielItem.dwr HTTP/1.1" 200 79
101.83.145.37 - - [24/Jul/2023:10:07:21 +0800] "GET /xingrg/all/function/internal_message.html?_=1690164442122&CODE_STATE=getMsg HTTP/1.1" 200 27
