222.70.241.140 - - [22/Jul/2023:06:10:14 +0800] "GET /xingrg/kc/base/wldb_order_add.html HTTP/1.1" 200 30428
120.253.135.82 - - [22/Jul/2023:06:10:14 +0800] "GET /xingrg/dwr/interface/AjaxComOrderService.js HTTP/1.1" 200 18264
120.253.135.82 - - [22/Jul/2023:06:10:14 +0800] "GET /xingrg/dwr/interface/AjaxQqpsService.js HTTP/1.1" 200 16326
120.253.135.82 - - [22/Jul/2023:06:10:14 +0800] "GET /xingrg/dwr/engine.js HTTP/1.1" 200 43631
222.70.241.140 - - [22/Jul/2023:06:10:15 +0800] "POST /xingrg/kc/base/wldb_order_operate.html HTTP/1.1" 200 6806
222.70.241.140 - - [22/Jul/2023:06:10:15 +0800] "GET /xingrg/javascript/easyui/themes/default/validatebox.css HTTP/1.1" 404 1104
120.253.135.82 - - [22/Jul/2023:06:10:15 +0800] "POST /xingrg/dwr/call/plaincall/AjaxQqpsService.loadMaterielItems.dwr HTTP/1.1" 200 322
120.253.135.82 - - [22/Jul/2023:06:10:17 +0800] "GET /xingrg/kc/pszx/mdqp_order_list.html?isBack=1 HTTP/1.1" 302 -
120.253.135.82 - - [22/Jul/2023:06:10:17 +0800] "GET /xingrg/images/yd/bt.gif HTTP/1.1" 404 1040
120.253.135.82 - - [22/Jul/2023:06:10:17 +0800] "GET /xingrg/kc/pszx/mdqp_order_list.html?state=10 HTTP/1.1" 200 16505
120.253.135.82 - - [22/Jul/2023:06:10:17 +0800] "GET /xingrg/dwr/interface/AjaxReportQueryService.js HTTP/1.1" 200 13203
120.253.135.82 - - [22/Jul/2023:06:10:17 +0800] "GET /xingrg/dwr/interface/AjaxQqpsService.js HTTP/1.1" 200 16326
120.253.135.82 - - [22/Jul/2023:06:10:17 +0800] "GET /xingrg/dwr/engine.js HTTP/1.1" 200 43631
124.79.243.110 - - [22/Jul/2023:06:10:18 +0800] "POST /xingrg/services/DataTransmitService HTTP/1.1" 200 524
120.253.135.82 - - [22/Jul/2023:06:10:20 +0800] "GET /xingrg/kc/pszx/mdqp_order_info.html?code=302023072100430 HTTP/1.1" 200 13350
120.253.135.82 - - [22/Jul/2023:06:10:20 +0800] "GET /xingrg/dwr/interface/AjaxComOrderService.js HTTP/1.1" 200 18264
120.253.135.82 - - [22/Jul/2023:06:10:20 +0800] "GET /xingrg/dwr/interface/AjaxQqpsService.js HTTP/1.1" 200 16326
120.253.135.82 - - [22/Jul/2023:06:10:20 +0800] "GET /xingrg/dwr/engine.js HTTP/1.1" 200 43631
120.253.135.82 - - [22/Jul/2023:06:10:21 +0800] "POST /xingrg/dwr/call/plaincall/AjaxQqpsService.loadMaterielItems.dwr HTTP/1.1" 200 356
116.232.195.127 - - [22/Jul/2023:06:10:23 +0800] "GET /xingrg/all/function/internal_message.html?_=1689977379316&CODE_STATE=getMsg HTTP/1.1" 200 27
120.253.135.82 - - [22/Jul/2023:06:10:23 +0800] "GET /xingrg/kc/pszx/mdqp_order_list.html?isBack=1 HTTP/1.1" 302 -
120.253.135.82 - - [22/Jul/2023:06:10:23 +0800] "GET /xingrg/kc/pszx/mdqp_order_list.html?state=10 HTTP/1.1" 200 16505
120.253.135.82 - - [22/Jul/2023:06:10:23 +0800] "GET /xingrg/dwr/interface/AjaxQqpsService.js HTTP/1.1" 200 16326
120.253.135.82 - - [22/Jul/2023:06:10:23 +0800] "GET /xingrg/dwr/engine.js HTTP/1.1" 200 43631
120.253.135.82 - - [22/Jul/2023:06:10:23 +0800] "GET /xingrg/dwr/interface/AjaxReportQueryService.js HTTP/1.1" 200 13203
218.81.68.40 - - [22/Jul/2023:06:10:24 +0800] "GET /xingrg/check_reg.html?_=1689977423169 HTTP/1.1" 200 22
120.253.135.82 - - [22/Jul/2023:06:10:26 +0800] "GET /xingrg/kc/pszx/mdqp_order_info.html?code=302023072100431 HTTP/1.1" 200 13350
120.253.135.82 - - [22/Jul/2023:06:10:26 +0800] "GET /xingrg/dwr/interface/AjaxQqpsService.js HTTP/1.1" 200 16326
120.253.135.82 - - [22/Jul/2023:06:10:26 +0800] "GET /xingrg/dwr/interface/AjaxComOrderService.js HTTP/1.1" 200 18264
120.253.135.82 - - [22/Jul/2023:06:10:26 +0800] "GET /xingrg/dwr/engine.js HTTP/1.1" 200 43631
120.253.135.82 - - [22/Jul/2023:06:10:27 +0800] "POST /xingrg/dwr/call/plaincall/AjaxQqpsService.loadMaterielItems.dwr HTTP/1.1" 200 921
114.85.113.108 - - [22/Jul/2023:06:10:31 +0800] "GET /xingrg/all/function/internal_message.html?_=1689977425097&CODE_STATE=getMsg HTTP/1.1" 200 27
120.253.135.82 - - [22/Jul/2023:06:10:32 +0800] "GET /xingrg/check_reg.html?_=1689977256280 HTTP/1.1" 200 22
120.253.135.82 - - [22/Jul/2023:06:10:37 +0800] "GET /xingrg/kc/pszx/mdqp_order_list.html?isBack=1 HTTP/1.1" 302 -
120.253.135.82 - - [22/Jul/2023:06:10:37 +0800] "GET /xingrg/images/yd/bt.gif HTTP/1.1" 404 1040
120.253.135.82 - - [22/Jul/2023:06:10:37 +0800] "GET /xingrg/images/yd/bt2.gif HTTP/1.1" 404 1042
120.253.135.82 - - [22/Jul/2023:06:10:38 +0800] "GET /xingrg/kc/pszx/mdqp_order_list.html?state=10 HTTP/1.1" 200 16505
120.253.135.82 - - [22/Jul/2023:06:10:38 +0800] "GET /xingrg/dwr/interface/AjaxReportQueryService.js HTTP/1.1" 200 13203
120.253.135.82 - - [22/Jul/2023:06:10:38 +0800] "GET /xingrg/dwr/interface/AjaxQqpsService.js HTTP/1.1" 200 16326
120.253.135.82 - - [22/Jul/2023:06:10:38 +0800] "GET /xingrg/dwr/engine.js HTTP/1.1" 200 43631
120.253.135.82 - - [22/Jul/2023:06:10:38 +0800] "GET /xingrg/all/function/internal_message.html?_=1689977262347&CODE_STATE=getMsg HTTP/1.1" 200 27
120.253.135.82 - - [22/Jul/2023:06:10:43 +0800] "GET /xingrg/kc/pszx/mdqp_order_info.html?code=302023072100422 HTTP/1.1" 200 13350
120.253.135.82 - - [22/Jul/2023:06:10:43 +0800] "GET /xingrg/dwr/interface/AjaxComOrderService.js HTTP/1.1" 200 18264
120.253.135.82 - - [22/Jul/2023:06:10:43 +0800] "GET /xingrg/dwr/interface/AjaxQqpsService.js HTTP/1.1" 200 16326
120.253.135.82 - - [22/Jul/2023:06:10:43 +0800] "GET /xingrg/dwr/engine.js HTTP/1.1" 200 43631
120.253.135.82 - - [22/Jul/2023:06:10:43 +0800] "POST /xingrg/dwr/call/plaincall/AjaxQqpsService.loadMaterielItems.dwr HTTP/1.1" 200 944
222.70.241.140 - - [22/Jul/2023:06:10:44 +0800] "GET /xingrg/kc/base/wldb_order_operate.html?command=get_materiel&rest_code=00146&base_code=0010064&code=00102001040 HTTP/1.1" 200 442
120.253.135.82 - - [22/Jul/2023:06:10:51 +0800] "GET /xingrg/kc/pszx/mdqp_order_list.html?isBack=1 HTTP/1.1" 302 -
120.253.135.82 - - [22/Jul/2023:06:10:52 +0800] "GET /xingrg/images/yd/bt2.gif HTTP/1.1" 404 1042
120.253.135.82 - - [22/Jul/2023:06:10:52 +0800] "GET /xingrg/images/yd/bt.gif HTTP/1.1" 404 1040
120.253.135.82 - - [22/Jul/2023:06:10:52 +0800] "GET /xingrg/kc/pszx/mdqp_order_list.html?state=10 HTTP/1.1" 200 16505
120.253.135.82 - - [22/Jul/2023:06:10:52 +0800] "GET /xingrg/dwr/interface/AjaxReportQueryService.js HTTP/1.1" 200 13203
120.253.135.82 - - [22/Jul/2023:06:10:52 +0800] "GET /xingrg/dwr/interface/AjaxQqpsService.js HTTP/1.1" 200 16326
120.253.135.82 - - [22/Jul/2023:06:10:52 +0800] "GET /xingrg/dwr/engine.js HTTP/1.1" 200 43631
180.169.147.146 - - [22/Jul/2023:06:10:55 +0800] "GET /xingrg/all/function/internal_message.html?_=1689977454990&CODE_STATE=getMsg HTTP/1.1" 200 27
180.169.147.146 - - [22/Jul/2023:06:10:55 +0800] "GET /xingrg/check_reg.html?_=1689977455019 HTTP/1.1" 200 22
222.70.241.140 - - [22/Jul/2023:06:10:59 +0800] "GET /xingrg/kc/base/wldb_order_operate.html?command=get_materiel&rest_code=00146&base_code=0010064&code=00102001008 HTTP/1.1" 200 440
120.253.135.82 - - [22/Jul/2023:06:11:00 +0800] "GET /xingrg/kc/pszx/jzcl_ps.html HTTP/1.1" 200 7683
120.253.135.82 - - [22/Jul/2023:06:11:01 +0800] "POST /xingrg/all/common/load_tree.html?tree=area_rest_tree_json HTTP/1.1" 200 3499
120.253.135.82 - - [22/Jul/2023:06:11:01 +0800] "POST /xingrg/kc/pszx/jzcl_ps_operate.html HTTP/1.1" 200 6796
120.253.135.82 - - [22/Jul/2023:06:11:01 +0800] "POST /xingrg/kc/pszx/jzcl_ps_operate.html HTTP/1.1" 200 6796
180.163.29.103 - - [22/Jul/2023:06:11:03 +0800] "GET /xingrg/all/function/internal_message.html?_=1689977398957&CODE_STATE=getMsg HTTP/1.1" 302 -
116.237.79.0 - - [22/Jul/2023:06:11:03 +0800] "GET /xingrg/all/function/internal_message.html?_=1689977458964&CODE_STATE=getMsg HTTP/1.1" 200 27
180.163.29.103 - - [22/Jul/2023:06:11:03 +0800] "GET /xingrg/login.html HTTP/1.1" 200 7641
222.70.241.140 - - [22/Jul/2023:06:11:07 +0800] "GET /xingrg/all/function/internal_message.html?_=1689977488704&CODE_STATE=getMsg HTTP/1.1" 200 27
222.70.241.140 - - [22/Jul/2023:06:11:12 +0800] "POST /xingrg/kc/base/wldb_order_operate.html HTTP/1.1" 200 37
222.70.241.140 - - [22/Jul/2023:06:11:20 +0800] "POST /xingrg/kc/base/wldb_order_operate.html HTTP/1.1" 200 12
222.70.241.140 - - [22/Jul/2023:06:11:20 +0800] "POST /xingrg/kc/base/wldb_order_operate.html HTTP/1.1" 200 2664
116.232.195.127 - - [22/Jul/2023:06:11:23 +0800] "GET /xingrg/all/function/internal_message.html?_=1689977439319&CODE_STATE=getMsg HTTP/1.1" 200 27
222.70.241.140 - - [22/Jul/2023:06:11:25 +0800] "GET /xingrg/kc/base/wldb_order_info.html?code=422023072202075 HTTP/1.1" 200 26307
222.70.241.140 - - [22/Jul/2023:06:11:25 +0800] "GET /xingrg/javascript/easyui/themes/default/validatebox.css HTTP/1.1" 404 1104
222.70.241.140 - - [22/Jul/2023:06:11:25 +0800] "POST /xingrg/kc/base/wldb_order_operate.html HTTP/1.1" 200 949
114.85.113.108 - - [22/Jul/2023:06:11:31 +0800] "GET /xingrg/all/function/internal_message.html?_=1689977485081&CODE_STATE=getMsg HTTP/1.1" 200 27
120.253.135.82 - - [22/Jul/2023:06:11:32 +0800] "POST /xingrg/kc/pszx/jzcl_ps_operate.html HTTP/1.1" 200 4
222.70.241.140 - - [22/Jul/2023:06:11:32 +0800] "GET /xingrg/kc/base/wldb_order_add.html HTTP/1.1" 200 30428
222.70.241.140 - - [22/Jul/2023:06:11:33 +0800] "POST /xingrg/kc/base/wldb_order_operate.html HTTP/1.1" 200 6806
222.70.241.140 - - [22/Jul/2023:06:11:33 +0800] "GET /xingrg/javascript/easyui/themes/default/validatebox.css HTTP/1.1" 404 1104
120.253.135.82 - - [22/Jul/2023:06:11:34 +0800] "GET /xingrg/kc/pszx/mdps_order_list.html HTTP/1.1" 200 21073
120.253.135.82 - - [22/Jul/2023:06:11:34 +0800] "POST /xingrg/kc/pszx/jzcl_ps_operate.html HTTP/1.1" 200 4720
120.253.135.82 - - [22/Jul/2023:06:11:35 +0800] "POST /xingrg/kc/pszx/mdps_list_operate.html HTTP/1.1" 200 5340
120.253.135.82 - - [22/Jul/2023:06:11:38 +0800] "GET /xingrg/all/function/internal_message.html?_=1689977322361&CODE_STATE=getMsg HTTP/1.1" 200 27
120.253.135.82 - - [22/Jul/2023:06:11:44 +0800] "POST /xingrg/kc/pszx/mdps_list_operate.html HTTP/1.1" 200 3175
120.253.135.82 - - [22/Jul/2023:06:11:46 +0800] "POST /xingrg/kc/pszx/mdps_list_operate.html HTTP/1.1" 200 641
120.253.135.82 - - [22/Jul/2023:06:11:47 +0800] "GET /xingrg/kc/pszx/mdps_order_info.html?code=312023072200483 HTTP/1.1" 200 23978
120.253.135.82 - - [22/Jul/2023:06:11:48 +0800] "GET /xingrg/javascript/easyui/themes/default/validatebox.css HTTP/1.1" 404 1104
120.253.135.82 - - [22/Jul/2023:06:11:48 +0800] "POST /xingrg/kc/pszx/mdps_order_operate.html HTTP/1.1" 200 4840
120.253.135.82 - - [22/Jul/2023:06:11:51 +0800] "POST /xingrg/kc/pszx/mdps_order_operate.html HTTP/1.1" 200 37
222.70.241.140 - - [22/Jul/2023:06:11:51 +0800] "GET /xingrg/kc/base/wldb_order_operate.html?command=get_materiel&rest_code=00146&base_code=0010064&code=00102002238 HTTP/1.1" 200 433
120.253.135.82 - - [22/Jul/2023:06:11:53 +0800] "GET /xingrg/kc/pszx/mdps_order_info.html?code=312023072200483 HTTP/1.1" 200 23978
120.253.135.82 - - [22/Jul/2023:06:11:54 +0800] "GET /xingrg/javascript/easyui/themes/default/validatebox.css HTTP/1.1" 404 1104
120.253.135.82 - - [22/Jul/2023:06:11:54 +0800] "POST /xingrg/kc/pszx/mdps_order_operate.html HTTP/1.1" 200 4889
180.169.147.146 - - [22/Jul/2023:06:11:55 +0800] "GET /xingrg/all/function/internal_message.html?_=1689977514997&CODE_STATE=getMsg HTTP/1.1" 200 27
180.163.30.85 - - [22/Jul/2023:06:11:55 +0800] "GET /xingrg/all/function/internal_message.html?_=1689977454990&CODE_STATE=getMsg HTTP/1.1" 302 -
180.163.30.85 - - [22/Jul/2023:06:11:55 +0800] "GET /xingrg/login.html HTTP/1.1" 200 7641
222.70.241.140 - - [22/Jul/2023:06:12:01 +0800] "GET /xingrg/kc/base/wldb_order_operate.html?command=get_materiel&rest_code=00146&base_code=0010064&code=00102002557 HTTP/1.1" 200 443
116.237.79.0 - - [22/Jul/2023:06:12:03 +0800] "GET /xingrg/check_reg.html?_=1689977518956 HTTP/1.1" 200 22
116.237.79.0 - - [22/Jul/2023:06:12:03 +0800] "GET /xingrg/all/function/internal_message.html?_=1689977518959&CODE_STATE=getMsg HTTP/1.1" 200 27
120.253.135.82 - - [22/Jul/2023:06:12:04 +0800] "POST /xingrg/kc/pszx/mdps_list_operate.html HTTP/1.1" 200 368
120.253.135.82 - - [22/Jul/2023:06:12:06 +0800] "GET /xingrg/kc/pszx/mdps_order_info.html?code=312023072200484 HTTP/1.1" 200 23978
120.253.135.82 - - [22/Jul/2023:06:12:07 +0800] "GET /xingrg/javascript/easyui/themes/default/validatebox.css HTTP/1.1" 404 1104
120.253.135.82 - - [22/Jul/2023:06:12:07 +0800] "POST /xingrg/kc/pszx/mdps_order_operate.html HTTP/1.1" 200 3260
222.70.241.140 - - [22/Jul/2023:06:12:07 +0800] "GET /xingrg/all/function/internal_message.html?_=1689977548709&CODE_STATE=getMsg HTTP/1.1" 200 27
120.253.135.82 - - [22/Jul/2023:06:12:12 +0800] "POST /xingrg/kc/pszx/mdps_order_operate.html HTTP/1.1" 200 37
120.253.135.82 - - [22/Jul/2023:06:12:18 +0800] "GET /xingrg/kc/pszx/mdps_order_info.html?code=312023072200484 HTTP/1.1" 200 23978
120.253.135.82 - - [22/Jul/2023:06:12:18 +0800] "GET /xingrg/javascript/easyui/themes/default/validatebox.css HTTP/1.1" 404 1104
120.253.135.82 - - [22/Jul/2023:06:12:19 +0800] "POST /xingrg/kc/pszx/mdps_order_operate.html HTTP/1.1" 200 3281
116.232.195.127 - - [22/Jul/2023:06:12:23 +0800] "GET /xingrg/all/function/internal_message.html?_=1689977499310&CODE_STATE=getMsg HTTP/1.1" 200 27
222.70.241.140 - - [22/Jul/2023:06:12:28 +0800] "POST /xingrg/kc/base/wldb_order_operate.html HTTP/1.1" 200 37
114.85.113.108 - - [22/Jul/2023:06:12:31 +0800] "GET /xingrg/all/function/internal_message.html?_=1689977545061&CODE_STATE=getMsg HTTP/1.1" 200 27
222.70.241.140 - - [22/Jul/2023:06:12:34 +0800] "GET /xingrg/check_reg.html?_=1689977575820 HTTP/1.1" 200 22
222.70.241.140 - - [22/Jul/2023:06:12:35 +0800] "POST /xingrg/kc/base/wldb_order_operate.html HTTP/1.1" 200 12
222.70.241.140 - - [22/Jul/2023:06:12:35 +0800] "POST /xingrg/kc/base/wldb_order_operate.html HTTP/1.1" 200 2662
222.70.241.140 - - [22/Jul/2023:06:12:37 +0800] "GET /xingrg/kc/base/wldb_order_info.html?code=422023072202076 HTTP/1.1" 200 26305
222.70.241.140 - - [22/Jul/2023:06:12:38 +0800] "GET /xingrg/javascript/easyui/themes/default/validatebox.css HTTP/1.1" 404 1104
222.70.241.140 - - [22/Jul/2023:06:12:38 +0800] "POST /xingrg/kc/base/wldb_order_operate.html HTTP/1.1" 200 945
120.253.135.82 - - [22/Jul/2023:06:12:38 +0800] "GET /xingrg/all/function/internal_message.html?_=1689977382374&CODE_STATE=getMsg HTTP/1.1" 200 27
120.253.135.82 - - [22/Jul/2023:06:12:46 +0800] "GET /xingrg/kc/pszx/mdps_order_operate.html?command=get_materiel&pszx_code=00101&rest_code=00104&base_code=0010246&code=00101018012 HTTP/1.1" 200 450
222.70.241.140 - - [22/Jul/2023:06:12:46 +0800] "GET /xingrg/kc/base/wldb_order_add.html HTTP/1.1" 200 30428
222.70.241.140 - - [22/Jul/2023:06:12:47 +0800] "POST /xingrg/kc/base/wldb_order_operate.html HTTP/1.1" 200 6806
222.70.241.140 - - [22/Jul/2023:06:12:47 +0800] "GET /xingrg/javascript/easyui/themes/default/validatebox.css HTTP/1.1" 404 1104
180.169.147.146 - - [22/Jul/2023:06:12:55 +0800] "GET /xingrg/all/function/internal_message.html?_=1689977575009&CODE_STATE=getMsg HTTP/1.1" 200 27
120.253.135.82 - - [22/Jul/2023:06:12:56 +0800] "POST /xingrg/kc/pszx/mdps_order_operate.html HTTP/1.1" 200 37
120.253.135.82 - - [22/Jul/2023:06:12:57 +0800] "GET /xingrg/kc/pszx/mdps_order_info.html?code=312023072200484 HTTP/1.1" 200 23978
120.253.135.82 - - [22/Jul/2023:06:12:58 +0800] "GET /xingrg/javascript/easyui/themes/default/validatebox.css HTTP/1.1" 404 1104
120.253.135.82 - - [22/Jul/2023:06:12:58 +0800] "POST /xingrg/kc/pszx/mdps_order_operate.html HTTP/1.1" 200 3285
116.237.79.0 - - [22/Jul/2023:06:13:03 +0800] "GET /xingrg/all/function/internal_message.html?_=1689977578960&CODE_STATE=getMsg HTTP/1.1" 200 27
120.253.135.82 - - [22/Jul/2023:06:13:04 +0800] "GET /xingrg/kc/report/report_main.html HTTP/1.1" 200 8599
120.253.135.82 - - [22/Jul/2023:06:13:04 +0800] "GET /xingrg/javascript/jquery_ui/themes/humanity/humanity.css HTTP/1.1" 304 -
120.253.135.82 - - [22/Jul/2023:06:13:05 +0800] "GET /xingrg/kc/base/kc_stocks.html HTTP/1.1" 200 16506
120.253.135.82 - - [22/Jul/2023:06:13:05 +0800] "GET /xingrg/javascript/easyui/themes/sunny/easyui.css HTTP/1.1" 304 -
120.253.135.82 - - [22/Jul/2023:06:13:06 +0800] "GET /xingrg/javascript/easyui/plugins/jquery.draggable.js HTTP/1.1" 304 -
120.253.135.82 - - [22/Jul/2023:06:13:06 +0800] "GET /xingrg/javascript/easyui/plugins/jquery.droppable.js HTTP/1.1" 304 -
120.253.135.82 - - [22/Jul/2023:06:13:06 +0800] "GET /xingrg/javascript/easyui/themes/default/tree.css HTTP/1.1" 404 1090
120.253.135.82 - - [22/Jul/2023:06:13:06 +0800] "GET /xingrg/javascript/easyui/plugins/jquery.tree.js HTTP/1.1" 304 -
120.253.135.82 - - [22/Jul/2023:06:13:06 +0800] "POST /xingrg/all/common/load_tree.html?tree=materiel_sort_tree_json HTTP/1.1" 200 9500
222.70.241.140 - - [22/Jul/2023:06:13:07 +0800] "GET /xingrg/all/function/internal_message.html?_=1689977608720&CODE_STATE=getMsg HTTP/1.1" 200 27
120.253.135.82 - - [22/Jul/2023:06:13:07 +0800] "POST /xingrg/all/common/load_combo.html?type=base HTTP/1.1" 200 1169
222.70.241.140 - - [22/Jul/2023:06:13:13 +0800] "GET /xingrg/kc/base/wldb_order_operate.html?command=get_materiel&rest_code=00146&base_code=0010332&code=00101029022 HTTP/1.1" 200 474
120.253.135.82 - - [22/Jul/2023:06:13:19 +0800] "POST /xingrg/kc/base/stock_operate.html HTTP/1.1" 200 1476
120.253.135.82 - - [22/Jul/2023:06:13:19 +0800] "GET /xingrg/javascript/jquery_tools/fix_table.js HTTP/1.1" 304 -
116.232.195.127 - - [22/Jul/2023:06:13:23 +0800] "GET /xingrg/all/function/internal_message.html?_=1689977559323&CODE_STATE=getMsg HTTP/1.1" 200 27
116.232.195.127 - - [22/Jul/2023:06:13:23 +0800] "GET /xingrg/check_reg.html?_=1689977559327 HTTP/1.1" 200 22
222.70.241.140 - - [22/Jul/2023:06:13:25 +0800] "POST /xingrg/kc/base/wldb_order_operate.html HTTP/1.1" 200 37
120.253.135.82 - - [22/Jul/2023:06:13:26 +0800] "POST /xingrg/kc/base/stock_operate.html HTTP/1.1" 200 1715
114.85.113.108 - - [22/Jul/2023:06:13:31 +0800] "GET /xingrg/all/function/internal_message.html?_=1689977605031&CODE_STATE=getMsg HTTP/1.1" 200 27
222.70.241.140 - - [22/Jul/2023:06:13:32 +0800] "POST /xingrg/kc/base/wldb_order_operate.html HTTP/1.1" 200 12
222.70.241.140 - - [22/Jul/2023:06:13:32 +0800] "POST /xingrg/kc/base/wldb_order_operate.html HTTP/1.1" 200 2215
120.253.135.82 - - [22/Jul/2023:06:13:38 +0800] "GET /xingrg/all/function/internal_message.html?_=1689977442388&CODE_STATE=getMsg HTTP/1.1" 200 27
222.70.241.140 - - [22/Jul/2023:06:13:39 +0800] "GET /xingrg/kc/base/wldb_order_info.html?code=422023072202077 HTTP/1.1" 200 26301
222.70.241.140 - - [22/Jul/2023:06:13:40 +0800] "GET /xingrg/javascript/easyui/themes/default/validatebox.css HTTP/1.1" 404 1104
222.70.241.140 - - [22/Jul/2023:06:13:40 +0800] "POST /xingrg/kc/base/wldb_order_operate.html HTTP/1.1" 200 507
222.70.241.140 - - [22/Jul/2023:06:13:43 +0800] "GET /xingrg/kc/base/wldb_order_add.html HTTP/1.1" 200 30428
222.70.241.140 - - [22/Jul/2023:06:13:43 +0800] "POST /xingrg/kc/base/wldb_order_operate.html HTTP/1.1" 200 6806
222.70.241.140 - - [22/Jul/2023:06:13:44 +0800] "GET /xingrg/javascript/easyui/themes/default/validatebox.css HTTP/1.1" 404 1104
114.85.113.108 - - [22/Jul/2023:06:13:46 +0800] "GET /xingrg/check_reg.html?_=1689977620605 HTTP/1.1" 200 22
180.169.147.146 - - [22/Jul/2023:06:13:55 +0800] "GET /xingrg/all/function/internal_message.html?_=1689977635014&CODE_STATE=getMsg HTTP/1.1" 200 27
120.253.135.82 - - [22/Jul/2023:06:13:55 +0800] "GET /xingrg/kc/pszx/mdps_order_list.html?orderType=0 HTTP/1.1" 200 21073
120.253.135.82 - - [22/Jul/2023:06:13:55 +0800] "POST /xingrg/kc/pszx/mdps_list_operate.html HTTP/1.1" 200 5340
116.237.79.0 - - [22/Jul/2023:06:14:03 +0800] "GET /xingrg/all/function/internal_message.html?_=1689977638961&CODE_STATE=getMsg HTTP/1.1" 200 27
120.253.135.82 - - [22/Jul/2023:06:14:03 +0800] "POST /xingrg/kc/pszx/mdps_list_operate.html HTTP/1.1" 200 3175
222.70.241.140 - - [22/Jul/2023:06:14:03 +0800] "GET /xingrg/kc/base/wldb_order_operate.html?command=get_materiel&rest_code=00146&base_code=0010064&code=00102002118 HTTP/1.1" 200 466
120.253.135.82 - - [22/Jul/2023:06:14:04 +0800] "POST /xingrg/kc/pszx/mdps_list_operate.html HTTP/1.1" 200 641
120.253.135.82 - - [22/Jul/2023:06:14:05 +0800] "GET /xingrg/kc/pszx/mdps_order_info.html?code=312023072200483 HTTP/1.1" 200 23978
120.253.135.82 - - [22/Jul/2023:06:14:06 +0800] "GET /xingrg/javascript/easyui/themes/default/validatebox.css HTTP/1.1" 404 1104
120.253.135.82 - - [22/Jul/2023:06:14:06 +0800] "POST /xingrg/kc/pszx/mdps_order_operate.html HTTP/1.1" 200 4889
222.70.241.140 - - [22/Jul/2023:06:14:07 +0800] "GET /xingrg/all/function/internal_message.html?_=1689977668736&CODE_STATE=getMsg HTTP/1.1" 200 27
120.253.135.82 - - [22/Jul/2023:06:14:18 +0800] "POST /xingrg/kc/pszx/mdps_list_operate.html HTTP/1.1" 200 369
120.253.135.82 - - [22/Jul/2023:06:14:19 +0800] "GET /xingrg/kc/pszx/mdps_order_info.html?code=312023072200484 HTTP/1.1" 200 23978
120.253.135.82 - - [22/Jul/2023:06:14:20 +0800] "GET /xingrg/javascript/easyui/themes/default/validatebox.css HTTP/1.1" 404 1104
120.253.135.82 - - [22/Jul/2023:06:14:20 +0800] "POST /xingrg/kc/pszx/mdps_order_operate.html HTTP/1.1" 200 3285
116.232.195.127 - - [22/Jul/2023:06:14:23 +0800] "GET /xingrg/all/function/internal_message.html?_=1689977619316&CODE_STATE=getMsg HTTP/1.1" 200 27
114.85.113.108 - - [22/Jul/2023:06:14:31 +0800] "GET /xingrg/all/function/internal_message.html?_=1689977665010&CODE_STATE=getMsg HTTP/1.1" 200 27
222.70.241.140 - - [22/Jul/2023:06:14:36 +0800] "GET /xingrg/kc/base/wldb_order_operate.html?command=get_materiel&rest_code=00146&base_code=0010064&code=00102002417 HTTP/1.1" 200 435
120.253.135.82 - - [22/Jul/2023:06:14:38 +0800] "GET /xingrg/all/function/internal_message.html?_=1689977502402&CODE_STATE=getMsg HTTP/1.1" 200 27
222.70.241.140 - - [22/Jul/2023:06:14:47 +0800] "GET /xingrg/kc/base/wldb_order_operate.html?command=get_materiel&rest_code=00146&base_code=0010064&code=00102002501 HTTP/1.1" 200 442
120.253.135.82 - - [22/Jul/2023:06:14:49 +0800] "POST /xingrg/kc/pszx/mdps_list_operate.html HTTP/1.1" 200 3175
120.253.135.82 - - [22/Jul/2023:06:14:51 +0800] "POST /xingrg/kc/pszx/mdps_list_operate.html HTTP/1.1" 200 212
120.253.135.82 - - [22/Jul/2023:06:14:52 +0800] "GET /xingrg/kc/pszx/mdps_order_info.html?code=312023072200485 HTTP/1.1" 200 23978
120.253.135.82 - - [22/Jul/2023:06:14:53 +0800] "GET /xingrg/javascript/easyui/themes/default/validatebox.css HTTP/1.1" 404 1104
120.253.135.82 - - [22/Jul/2023:06:14:53 +0800] "POST /xingrg/kc/pszx/mdps_order_operate.html HTTP/1.1" 200 2287
180.169.147.146 - - [22/Jul/2023:06:14:55 +0800] "GET /xingrg/all/function/internal_message.html?_=1689977695005&CODE_STATE=getMsg HTTP/1.1" 200 27
180.163.30.27 - - [22/Jul/2023:06:14:55 +0800] "GET /xingrg/all/function/internal_message.html?_=1689977635014&CODE_STATE=getMsg HTTP/1.1" 302 -
180.163.30.27 - - [22/Jul/2023:06:14:55 +0800] "GET /xingrg/login.html HTTP/1.1" 200 7641
120.253.135.82 - - [22/Jul/2023:06:14:55 +0800] "POST /xingrg/all/common/load_combo.html?type=base HTTP/1.1" 200 1169
120.253.135.82 - - [22/Jul/2023:06:15:00 +0800] "POST /xingrg/kc/pszx/mdps_order_operate.html HTTP/1.1" 200 37
120.253.135.82 - - [22/Jul/2023:06:15:01 +0800] "GET /xingrg/kc/pszx/mdps_order_info.html?code=312023072200485 HTTP/1.1" 200 23978
120.253.135.82 - - [22/Jul/2023:06:15:01 +0800] "GET /xingrg/javascript/easyui/themes/default/validatebox.css HTTP/1.1" 404 1104
120.253.135.82 - - [22/Jul/2023:06:15:02 +0800] "POST /xingrg/kc/pszx/mdps_order_operate.html HTTP/1.1" 200 2298
116.237.79.0 - - [22/Jul/2023:06:15:03 +0800] "GET /xingrg/all/function/internal_message.html?_=1689977698963&CODE_STATE=getMsg HTTP/1.1" 200 27
120.253.135.82 - - [22/Jul/2023:06:15:04 +0800] "POST /xingrg/kc/pszx/mdps_list_operate.html HTTP/1.1" 200 3175
120.253.135.82 - - [22/Jul/2023:06:15:05 +0800] "POST /xingrg/kc/pszx/mdps_list_operate.html HTTP/1.1" 200 199
222.70.241.140 - - [22/Jul/2023:06:15:07 +0800] "GET /xingrg/all/function/internal_message.html?_=1689977728861&CODE_STATE=getMsg HTTP/1.1" 200 27
222.70.241.140 - - [22/Jul/2023:06:15:09 +0800] "POST /xingrg/kc/base/wldb_order_operate.html HTTP/1.1" 200 37
120.253.135.82 - - [22/Jul/2023:06:15:13 +0800] "POST /xingrg/kc/pszx/mdps_list_operate.html HTTP/1.1" 200 212
120.253.135.82 - - [22/Jul/2023:06:15:14 +0800] "GET /xingrg/kc/pszx/mdps_order_info.html?code=312023072200485 HTTP/1.1" 200 23978
120.253.135.82 - - [22/Jul/2023:06:15:15 +0800] "GET /xingrg/javascript/easyui/themes/default/validatebox.css HTTP/1.1" 404 1104
222.70.241.140 - - [22/Jul/2023:06:15:17 +0800] "POST /xingrg/kc/base/wldb_order_operate.html HTTP/1.1" 200 12
120.253.135.82 - - [22/Jul/2023:06:15:17 +0800] "POST /xingrg/kc/pszx/mdps_order_operate.html HTTP/1.1" 200 2298
222.70.241.140 - - [22/Jul/2023:06:15:17 +0800] "POST /xingrg/kc/base/wldb_order_operate.html HTTP/1.1" 200 3634
120.253.135.82 - - [22/Jul/2023:06:15:19 +0800] "POST /xingrg/kc/pszx/mdps_list_operate.html HTTP/1.1" 200 3175
120.253.135.82 - - [22/Jul/2023:06:15:20 +0800] "POST /xingrg/kc/pszx/mdps_list_operate.html HTTP/1.1" 200 371
120.253.135.82 - - [22/Jul/2023:06:15:22 +0800] "GET /xingrg/kc/pszx/mdps_order_info.html?code=312023072200487 HTTP/1.1" 200 23978
120.253.135.82 - - [22/Jul/2023:06:15:22 +0800] "GET /xingrg/javascript/easyui/themes/default/validatebox.css HTTP/1.1" 404 1104
116.232.195.127 - - [22/Jul/2023:06:15:23 +0800] "GET /xingrg/all/function/internal_message.html?_=1689977679328&CODE_STATE=getMsg HTTP/1.1" 200 27
120.253.135.82 - - [22/Jul/2023:06:15:23 +0800] "POST /xingrg/kc/pszx/mdps_order_operate.html HTTP/1.1" 200 3272
222.70.241.140 - - [22/Jul/2023:06:15:23 +0800] "GET /xingrg/kc/base/wldb_order_info.html?code=422023072202078 HTTP/1.1" 200 26309
222.70.241.140 - - [22/Jul/2023:06:15:24 +0800] "GET /xingrg/javascript/easyui/themes/default/validatebox.css HTTP/1.1" 404 1104
218.81.68.40 - - [22/Jul/2023:06:15:24 +0800] "GET /xingrg/check_reg.html?_=1689977723150 HTTP/1.1" 200 22
222.70.241.140 - - [22/Jul/2023:06:15:24 +0800] "POST /xingrg/kc/base/wldb_order_operate.html HTTP/1.1" 200 1899
120.253.135.82 - - [22/Jul/2023:06:15:26 +0800] "POST /xingrg/kc/pszx/mdps_order_operate.html HTTP/1.1" 200 37
120.253.135.82 - - [22/Jul/2023:06:15:28 +0800] "GET /xingrg/kc/pszx/mdps_order_info.html?code=312023072200487 HTTP/1.1" 200 23978
120.253.135.82 - - [22/Jul/2023:06:15:29 +0800] "GET /xingrg/javascript/easyui/themes/default/validatebox.css HTTP/1.1" 404 1104
120.253.135.82 - - [22/Jul/2023:06:15:29 +0800] "POST /xingrg/kc/pszx/mdps_order_operate.html HTTP/1.1" 200 3295
114.85.113.108 - - [22/Jul/2023:06:15:31 +0800] "GET /xingrg/all/function/internal_message.html?_=1689977724996&CODE_STATE=getMsg HTTP/1.1" 200 27
120.253.135.82 - - [22/Jul/2023:06:15:32 +0800] "GET /xingrg/check_reg.html?_=1689977556284 HTTP/1.1" 200 22
120.253.135.82 - - [22/Jul/2023:06:15:38 +0800] "GET /xingrg/all/function/internal_message.html?_=1689977562415&CODE_STATE=getMsg HTTP/1.1" 200 27
180.169.147.146 - - [22/Jul/2023:06:15:55 +0800] "GET /xingrg/all/function/internal_message.html?_=1689977754999&CODE_STATE=getMsg HTTP/1.1" 200 27
180.169.147.146 - - [22/Jul/2023:06:15:55 +0800] "GET /xingrg/check_reg.html?_=1689977755002 HTTP/1.1" 200 22
120.253.135.82 - - [22/Jul/2023:06:16:01 +0800] "POST /xingrg/kc/pszx/mdps_order_operate.html HTTP/1.1" 200 37
180.163.28.109 - - [22/Jul/2023:06:16:03 +0800] "GET /xingrg/all/function/internal_message.html?_=1689977698963&CODE_STATE=getMsg HTTP/1.1" 302 -
116.237.79.0 - - [22/Jul/2023:06:16:03 +0800] "GET /xingrg/all/function/internal_message.html?_=1689977758965&CODE_STATE=getMsg HTTP/1.1" 200 27
180.163.28.109 - - [22/Jul/2023:06:16:03 +0800] "GET /xingrg/login.html HTTP/1.1" 200 7641
120.253.135.82 - - [22/Jul/2023:06:16:05 +0800] "GET /xingrg/kc/pszx/mdps_order_info.html?code=312023072200487 HTTP/1.1" 200 23978
120.253.135.82 - - [22/Jul/2023:06:16:06 +0800] "GET /xingrg/javascript/easyui/themes/default/validatebox.css HTTP/1.1" 404 1104
120.253.135.82 - - [22/Jul/2023:06:16:06 +0800] "POST /xingrg/kc/pszx/mdps_order_operate.html HTTP/1.1" 200 3295
222.70.241.140 - - [22/Jul/2023:06:16:07 +0800] "GET /xingrg/all/function/internal_message.html?_=1689977788871&CODE_STATE=getMsg HTTP/1.1" 200 27
120.253.135.82 - - [22/Jul/2023:06:16:12 +0800] "POST /xingrg/kc/pszx/mdps_list_operate.html HTTP/1.1" 200 3175
120.253.135.82 - - [22/Jul/2023:06:16:14 +0800] "POST /xingrg/kc/pszx/mdps_list_operate.html HTTP/1.1" 200 371
120.253.135.82 - - [22/Jul/2023:06:16:18 +0800] "POST /xingrg/kc/pszx/mdps_list_operate.html HTTP/1.1" 200 199
120.253.135.82 - - [22/Jul/2023:06:16:22 +0800] "POST /xingrg/kc/pszx/mdps_list_operate.html HTTP/1.1" 200 212
116.232.195.127 - - [22/Jul/2023:06:16:23 +0800] "GET /xingrg/all/function/internal_message.html?_=1689977739328&CODE_STATE=getMsg HTTP/1.1" 200 27
120.253.135.82 - - [22/Jul/2023:06:16:23 +0800] "POST /xingrg/kc/pszx/mdps_list_operate.html HTTP/1.1" 200 369
120.253.135.82 - - [22/Jul/2023:06:16:26 +0800] "POST /xingrg/kc/pszx/mdps_list_operate.html HTTP/1.1" 200 641
120.253.135.82 - - [22/Jul/2023:06:16:30 +0800] "POST /xingrg/kc/pszx/mdps_list_operate.html HTTP/1.1" 200 3175
120.253.135.82 - - [22/Jul/2023:06:16:30 +0800] "GET /xingrg/kc/pszx/mdqp_order_list.html?state=10 HTTP/1.1" 200 14749
120.253.135.82 - - [22/Jul/2023:06:16:30 +0800] "GET /xingrg/dwr/interface/AjaxReportQueryService.js HTTP/1.1" 200 13203
120.253.135.82 - - [22/Jul/2023:06:16:30 +0800] "GET /xingrg/dwr/interface/AjaxQqpsService.js HTTP/1.1" 200 16326
120.253.135.82 - - [22/Jul/2023:06:16:30 +0800] "GET /xingrg/dwr/engine.js HTTP/1.1" 200 43631
114.85.113.108 - - [22/Jul/2023:06:16:31 +0800] "GET /xingrg/all/function/internal_message.html?_=1689977784981&CODE_STATE=getMsg HTTP/1.1" 200 27
120.253.135.82 - - [22/Jul/2023:06:16:37 +0800] "GET /xingrg/kc/pszx/mdqp_order_info.html?code=302023072100423 HTTP/1.1" 200 13350
120.253.135.82 - - [22/Jul/2023:06:16:37 +0800] "GET /xingrg/dwr/interface/AjaxQqpsService.js HTTP/1.1" 200 16326
120.253.135.82 - - [22/Jul/2023:06:16:37 +0800] "GET /xingrg/dwr/engine.js HTTP/1.1" 200 43631
120.253.135.82 - - [22/Jul/2023:06:16:37 +0800] "GET /xingrg/dwr/interface/AjaxComOrderService.js HTTP/1.1" 200 18264
120.253.135.82 - - [22/Jul/2023:06:16:38 +0800] "POST /xingrg/dwr/call/plaincall/AjaxQqpsService.loadMaterielItems.dwr HTTP/1.1" 200 4173
120.253.135.82 - - [22/Jul/2023:06:16:38 +0800] "GET /xingrg/all/function/internal_message.html?_=1689977622428&CODE_STATE=getMsg HTTP/1.1" 200 27
120.253.135.82 - - [22/Jul/2023:06:16:42 +0800] "GET /xingrg/images/yd/bt.gif HTTP/1.1" 404 1040
120.253.135.82 - - [22/Jul/2023:06:16:42 +0800] "GET /xingrg/images/yd/bt2.gif HTTP/1.1" 404 1042
120.253.135.82 - - [22/Jul/2023:06:16:48 +0800] "GET /xingrg/kc/pszx/mdqp_order_list.html?isBack=1 HTTP/1.1" 302 -
120.253.135.82 - - [22/Jul/2023:06:16:48 +0800] "GET /xingrg/kc/pszx/mdqp_order_list.html?state=10 HTTP/1.1" 200 14749
120.253.135.82 - - [22/Jul/2023:06:16:48 +0800] "GET /xingrg/dwr/interface/AjaxReportQueryService.js HTTP/1.1" 200 13203
120.253.135.82 - - [22/Jul/2023:06:16:48 +0800] "GET /xingrg/dwr/engine.js HTTP/1.1" 200 43631
120.253.135.82 - - [22/Jul/2023:06:16:49 +0800] "GET /xingrg/dwr/interface/AjaxQqpsService.js HTTP/1.1" 200 16326
120.253.135.82 - - [22/Jul/2023:06:16:51 +0800] "GET /xingrg/kc/pszx/mdqp_order_info.html?code=302023072100424 HTTP/1.1" 200 13350
120.253.135.82 - - [22/Jul/2023:06:16:51 +0800] "GET /xingrg/dwr/interface/AjaxQqpsService.js HTTP/1.1" 200 16326
120.253.135.82 - - [22/Jul/2023:06:16:51 +0800] "GET /xingrg/dwr/interface/AjaxComOrderService.js HTTP/1.1" 200 18264
120.253.135.82 - - [22/Jul/2023:06:16:51 +0800] "GET /xingrg/dwr/engine.js HTTP/1.1" 200 43631
120.253.135.82 - - [22/Jul/2023:06:16:51 +0800] "POST /xingrg/dwr/call/plaincall/AjaxQqpsService.loadMaterielItems.dwr HTTP/1.1" 200 1900
180.169.147.146 - - [22/Jul/2023:06:16:55 +0800] "GET /xingrg/all/function/internal_message.html?_=1689977815015&CODE_STATE=getMsg HTTP/1.1" 200 27
120.253.135.82 - - [22/Jul/2023:06:16:55 +0800] "GET /xingrg/kc/pszx/mdqp_order_list.html?isBack=1 HTTP/1.1" 302 -
120.253.135.82 - - [22/Jul/2023:06:16:55 +0800] "GET /xingrg/kc/pszx/mdqp_order_list.html?state=10 HTTP/1.1" 200 14749
120.253.135.82 - - [22/Jul/2023:06:16:55 +0800] "GET /xingrg/images/yd/bt.gif HTTP/1.1" 404 1040
120.253.135.82 - - [22/Jul/2023:06:16:55 +0800] "GET /xingrg/images/yd/bt2.gif HTTP/1.1" 404 1042
120.253.135.82 - - [22/Jul/2023:06:16:55 +0800] "GET /xingrg/dwr/interface/AjaxReportQueryService.js HTTP/1.1" 200 13203
120.253.135.82 - - [22/Jul/2023:06:16:55 +0800] "GET /xingrg/dwr/interface/AjaxQqpsService.js HTTP/1.1" 200 16326
120.253.135.82 - - [22/Jul/2023:06:16:55 +0800] "GET /xingrg/dwr/engine.js HTTP/1.1" 200 43631
120.253.135.82 - - [22/Jul/2023:06:17:00 +0800] "GET /xingrg/kc/pszx/mdqp_order_info.html?code=302023072100425 HTTP/1.1" 200 13350
120.253.135.82 - - [22/Jul/2023:06:17:00 +0800] "GET /xingrg/dwr/interface/AjaxComOrderService.js HTTP/1.1" 200 18264
120.253.135.82 - - [22/Jul/2023:06:17:00 +0800] "GET /xingrg/dwr/interface/AjaxQqpsService.js HTTP/1.1" 200 16326
120.253.135.82 - - [22/Jul/2023:06:17:00 +0800] "GET /xingrg/dwr/engine.js HTTP/1.1" 200 43631
120.253.135.82 - - [22/Jul/2023:06:17:01 +0800] "POST /xingrg/dwr/call/plaincall/AjaxQqpsService.loadMaterielItems.dwr HTTP/1.1" 200 362
116.237.79.0 - - [22/Jul/2023:06:17:03 +0800] "GET /xingrg/check_reg.html?_=1689977818967 HTTP/1.1" 200 22
116.237.79.0 - - [22/Jul/2023:06:17:03 +0800] "GET /xingrg/all/function/internal_message.html?_=1689977818972&CODE_STATE=getMsg HTTP/1.1" 200 27
180.163.28.55 - - [22/Jul/2023:06:17:03 +0800] "GET /xingrg/all/function/internal_message.html?_=1689977758965&CODE_STATE=getMsg HTTP/1.1" 302 -
180.163.28.55 - - [22/Jul/2023:06:17:03 +0800] "GET /xingrg/login.html HTTP/1.1" 200 7641
222.70.241.140 - - [22/Jul/2023:06:17:07 +0800] "GET /xingrg/all/function/internal_message.html?_=1689977848885&CODE_STATE=getMsg HTTP/1.1" 200 27
116.232.195.127 - - [22/Jul/2023:06:17:23 +0800] "GET /xingrg/all/function/internal_message.html?_=1689977799323&CODE_STATE=getMsg HTTP/1.1" 200 27
114.85.113.108 - - [22/Jul/2023:06:17:31 +0800] "GET /xingrg/all/function/internal_message.html?_=1689977844968&CODE_STATE=getMsg HTTP/1.1" 200 27
222.70.241.140 - - [22/Jul/2023:06:17:34 +0800] "GET /xingrg/check_reg.html?_=1689977875990 HTTP/1.1" 200 22
120.253.135.82 - - [22/Jul/2023:06:17:38 +0800] "GET /xingrg/all/function/internal_message.html?_=1689977682442&CODE_STATE=getMsg HTTP/1.1" 200 27
180.169.147.146 - - [22/Jul/2023:06:17:55 +0800] "GET /xingrg/all/function/internal_message.html?_=1689977875008&CODE_STATE=getMsg HTTP/1.1" 200 27
120.253.135.82 - - [22/Jul/2023:06:17:58 +0800] "GET /xingrg/kc/pszx/mdqp_order_list.html?isBack=1 HTTP/1.1" 302 -
120.253.135.82 - - [22/Jul/2023:06:17:58 +0800] "GET /xingrg/images/yd/bt.gif HTTP/1.1" 404 1040
120.253.135.82 - - [22/Jul/2023:06:17:58 +0800] "GET /xingrg/images/yd/bt2.gif HTTP/1.1" 404 1042
120.253.135.82 - - [22/Jul/2023:06:17:59 +0800] "GET /xingrg/kc/pszx/mdqp_order_list.html?state=10 HTTP/1.1" 200 14749
120.253.135.82 - - [22/Jul/2023:06:17:59 +0800] "GET /xingrg/dwr/interface/AjaxReportQueryService.js HTTP/1.1" 200 13203
120.253.135.82 - - [22/Jul/2023:06:17:59 +0800] "GET /xingrg/dwr/interface/AjaxQqpsService.js HTTP/1.1" 200 16326
120.253.135.82 - - [22/Jul/2023:06:17:59 +0800] "GET /xingrg/dwr/engine.js HTTP/1.1" 200 43631
180.163.29.103 - - [22/Jul/2023:06:18:03 +0800] "GET /xingrg/check_reg.html?_=1689977818967 HTTP/1.1" 302 -
180.163.29.103 - - [22/Jul/2023:06:18:03 +0800] "GET /xingrg/login.html HTTP/1.1" 200 7641
116.237.79.0 - - [22/Jul/2023:06:18:03 +0800] "GET /xingrg/all/function/internal_message.html?_=1689977878960&CODE_STATE=getMsg HTTP/1.1" 200 27
120.253.135.82 - - [22/Jul/2023:06:18:04 +0800] "GET /xingrg/kc/pszx/mdqp_order_info.html?code=302023072100426 HTTP/1.1" 200 13350
120.253.135.82 - - [22/Jul/2023:06:18:04 +0800] "GET /xingrg/dwr/interface/AjaxQqpsService.js HTTP/1.1" 200 16326
120.253.135.82 - - [22/Jul/2023:06:18:04 +0800] "GET /xingrg/dwr/interface/AjaxComOrderService.js HTTP/1.1" 200 18264
120.253.135.82 - - [22/Jul/2023:06:18:04 +0800] "GET /xingrg/dwr/engine.js HTTP/1.1" 200 43631
120.253.135.82 - - [22/Jul/2023:06:18:05 +0800] "POST /xingrg/dwr/call/plaincall/AjaxQqpsService.loadMaterielItems.dwr HTTP/1.1" 200 331
120.253.135.82 - - [22/Jul/2023:06:18:07 +0800] "GET /xingrg/kc/pszx/mdqp_order_list.html?isBack=1 HTTP/1.1" 302 -
120.253.135.82 - - [22/Jul/2023:06:18:07 +0800] "GET /xingrg/images/yd/bt.gif HTTP/1.1" 404 1040
120.253.135.82 - - [22/Jul/2023:06:18:07 +0800] "GET /xingrg/images/yd/bt2.gif HTTP/1.1" 404 1042
222.70.241.140 - - [22/Jul/2023:06:18:07 +0800] "GET /xingrg/all/function/internal_message.html?_=1689977908898&CODE_STATE=getMsg HTTP/1.1" 200 27
120.253.135.82 - - [22/Jul/2023:06:18:07 +0800] "GET /xingrg/kc/pszx/mdqp_order_list.html?state=10 HTTP/1.1" 200 14749
120.253.135.82 - - [22/Jul/2023:06:18:07 +0800] "GET /xingrg/dwr/interface/AjaxQqpsService.js HTTP/1.1" 200 16326
120.253.135.82 - - [22/Jul/2023:06:18:08 +0800] "GET /xingrg/dwr/interface/AjaxReportQueryService.js HTTP/1.1" 200 13203
120.253.135.82 - - [22/Jul/2023:06:18:08 +0800] "GET /xingrg/dwr/engine.js HTTP/1.1" 200 43631
120.253.135.82 - - [22/Jul/2023:06:18:11 +0800] "GET /xingrg/kc/pszx/mdqp_order_info.html?code=302023072100427 HTTP/1.1" 200 13350
120.253.135.82 - - [22/Jul/2023:06:18:11 +0800] "GET /xingrg/dwr/interface/AjaxQqpsService.js HTTP/1.1" 200 16326
120.253.135.82 - - [22/Jul/2023:06:18:11 +0800] "GET /xingrg/dwr/interface/AjaxComOrderService.js HTTP/1.1" 200 18264
120.253.135.82 - - [22/Jul/2023:06:18:11 +0800] "GET /xingrg/dwr/engine.js HTTP/1.1" 200 43631
120.253.135.82 - - [22/Jul/2023:06:18:11 +0800] "POST /xingrg/dwr/call/plaincall/AjaxQqpsService.loadMaterielItems.dwr HTTP/1.1" 200 357
116.232.195.127 - - [22/Jul/2023:06:18:23 +0800] "GET /xingrg/all/function/internal_message.html?_=1689977859316&CODE_STATE=getMsg HTTP/1.1" 200 27
116.232.195.127 - - [22/Jul/2023:06:18:23 +0800] "GET /xingrg/check_reg.html?_=1689977859318 HTTP/1.1" 200 22
114.85.113.108 - - [22/Jul/2023:06:18:31 +0800] "GET /xingrg/all/function/internal_message.html?_=1689977904954&CODE_STATE=getMsg HTTP/1.1" 200 27
120.253.135.82 - - [22/Jul/2023:06:18:38 +0800] "GET /xingrg/all/function/internal_message.html?_=1689977742456&CODE_STATE=getMsg HTTP/1.1" 200 27
120.253.135.82 - - [22/Jul/2023:06:18:43 +0800] "GET /xingrg/kc/pszx/mdqp_order_list.html?isBack=1 HTTP/1.1" 302 -
120.253.135.82 - - [22/Jul/2023:06:18:43 +0800] "GET /xingrg/images/yd/bt.gif HTTP/1.1" 404 1040
120.253.135.82 - - [22/Jul/2023:06:18:43 +0800] "GET /xingrg/images/yd/bt2.gif HTTP/1.1" 404 1042
120.253.135.82 - - [22/Jul/2023:06:18:43 +0800] "GET /xingrg/kc/pszx/mdqp_order_list.html?state=10 HTTP/1.1" 200 14749
120.253.135.82 - - [22/Jul/2023:06:18:43 +0800] "GET /xingrg/dwr/interface/AjaxReportQueryService.js HTTP/1.1" 200 13203
120.253.135.82 - - [22/Jul/2023:06:18:43 +0800] "GET /xingrg/dwr/interface/AjaxQqpsService.js HTTP/1.1" 200 16326
120.253.135.82 - - [22/Jul/2023:06:18:43 +0800] "GET /xingrg/dwr/engine.js HTTP/1.1" 200 43631
114.85.113.108 - - [22/Jul/2023:06:18:46 +0800] "GET /xingrg/check_reg.html?_=1689977920605 HTTP/1.1" 200 22
120.253.135.82 - - [22/Jul/2023:06:18:47 +0800] "GET /xingrg/kc/pszx/mdqp_order_info.html?code=302023072100428 HTTP/1.1" 200 13350
120.253.135.82 - - [22/Jul/2023:06:18:47 +0800] "GET /xingrg/dwr/interface/AjaxComOrderService.js HTTP/1.1" 200 18264
120.253.135.82 - - [22/Jul/2023:06:18:47 +0800] "GET /xingrg/dwr/interface/AjaxQqpsService.js HTTP/1.1" 200 16326
120.253.135.82 - - [22/Jul/2023:06:18:47 +0800] "GET /xingrg/dwr/engine.js HTTP/1.1" 200 43631
120.253.135.82 - - [22/Jul/2023:06:18:48 +0800] "POST /xingrg/dwr/call/plaincall/AjaxQqpsService.loadMaterielItems.dwr HTTP/1.1" 200 1836
180.169.147.146 - - [22/Jul/2023:06:18:55 +0800] "GET /xingrg/all/function/internal_message.html?_=1689977935002&CODE_STATE=getMsg HTTP/1.1" 200 27
180.163.29.79 - - [22/Jul/2023:06:18:55 +0800] "GET /xingrg/all/function/internal_message.html?_=1689977875008&CODE_STATE=getMsg HTTP/1.1" 302 -
180.163.29.79 - - [22/Jul/2023:06:18:55 +0800] "GET /xingrg/login.html HTTP/1.1" 200 7641
116.237.79.0 - - [22/Jul/2023:06:19:03 +0800] "GET /xingrg/all/function/internal_message.html?_=1689977938961&CODE_STATE=getMsg HTTP/1.1" 200 27
222.70.241.140 - - [22/Jul/2023:06:19:07 +0800] "GET /xingrg/all/function/internal_message.html?_=1689977968912&CODE_STATE=getMsg HTTP/1.1" 200 27
116.232.195.127 - - [22/Jul/2023:06:19:23 +0800] "GET /xingrg/all/function/internal_message.html?_=1689977919335&CODE_STATE=getMsg HTTP/1.1" 200 27
114.85.113.108 - - [22/Jul/2023:06:19:31 +0800] "GET /xingrg/all/function/internal_message.html?_=1689977964929&CODE_STATE=getMsg HTTP/1.1" 200 27
120.253.135.82 - - [22/Jul/2023:06:19:38 +0800] "GET /xingrg/all/function/internal_message.html?_=1689977802469&CODE_STATE=getMsg HTTP/1.1" 200 27
120.253.135.82 - - [22/Jul/2023:06:19:46 +0800] "GET /xingrg/images/yd/bt.gif HTTP/1.1" 404 1040
120.253.135.82 - - [22/Jul/2023:06:19:46 +0800] "GET /xingrg/images/yd/bt2.gif HTTP/1.1" 404 1042
120.253.135.82 - - [22/Jul/2023:06:19:47 +0800] "GET /xingrg/kc/pszx/mdqp_order_list.html?isBack=1 HTTP/1.1" 302 -
120.253.135.82 - - [22/Jul/2023:06:19:47 +0800] "GET /xingrg/kc/pszx/mdqp_order_list.html?state=10 HTTP/1.1" 200 14749
120.253.135.82 - - [22/Jul/2023:06:19:47 +0800] "GET /xingrg/dwr/interface/AjaxReportQueryService.js HTTP/1.1" 200 13203
120.253.135.82 - - [22/Jul/2023:06:19:47 +0800] "GET /xingrg/dwr/interface/AjaxQqpsService.js HTTP/1.1" 200 16326
120.253.135.82 - - [22/Jul/2023:06:19:47 +0800] "GET /xingrg/dwr/engine.js HTTP/1.1" 200 43631
120.253.135.82 - - [22/Jul/2023:06:19:52 +0800] "GET /xingrg/kc/pszx/mdqp_order_info.html?code=302023072100432 HTTP/1.1" 200 13350
120.253.135.82 - - [22/Jul/2023:06:19:52 +0800] "GET /xingrg/dwr/interface/AjaxComOrderService.js HTTP/1.1" 200 18264
120.253.135.82 - - [22/Jul/2023:06:19:52 +0800] "GET /xingrg/dwr/interface/AjaxQqpsService.js HTTP/1.1" 200 16326
120.253.135.82 - - [22/Jul/2023:06:19:52 +0800] "GET /xingrg/dwr/engine.js HTTP/1.1" 200 43631
120.253.135.82 - - [22/Jul/2023:06:19:53 +0800] "POST /xingrg/dwr/call/plaincall/AjaxQqpsService.loadMaterielItems.dwr HTTP/1.1" 200 851
180.169.147.146 - - [22/Jul/2023:06:19:55 +0800] "GET /xingrg/all/function/internal_message.html?_=1689977995012&CODE_STATE=getMsg HTTP/1.1" 200 27
180.163.30.85 - - [22/Jul/2023:06:19:55 +0800] "GET /xingrg/all/function/internal_message.html?_=1689977935002&CODE_STATE=getMsg HTTP/1.1" 302 -
180.163.30.85 - - [22/Jul/2023:06:19:55 +0800] "GET /xingrg/login.html HTTP/1.1" 200 7641
120.253.135.82 - - [22/Jul/2023:06:19:59 +0800] "GET /xingrg/kc/pszx/mdqp_order_list.html?isBack=1 HTTP/1.1" 302 -
120.253.135.82 - - [22/Jul/2023:06:19:59 +0800] "GET /xingrg/kc/pszx/mdqp_order_list.html?state=10 HTTP/1.1" 200 14749
120.253.135.82 - - [22/Jul/2023:06:19:59 +0800] "GET /xingrg/dwr/engine.js HTTP/1.1" 200 43631
120.253.135.82 - - [22/Jul/2023:06:19:59 +0800] "GET /xingrg/dwr/interface/AjaxReportQueryService.js HTTP/1.1" 200 13203
120.253.135.82 - - [22/Jul/2023:06:19:59 +0800] "GET /xingrg/dwr/interface/AjaxQqpsService.js HTTP/1.1" 200 16326
120.253.135.82 - - [22/Jul/2023:06:20:01 +0800] "GET /xingrg/kc/pszx/mdqp_order_info.html?code=302023072100433 HTTP/1.1" 200 13350
120.253.135.82 - - [22/Jul/2023:06:20:01 +0800] "GET /xingrg/dwr/engine.js HTTP/1.1" 200 43631
120.253.135.82 - - [22/Jul/2023:06:20:02 +0800] "GET /xingrg/dwr/interface/AjaxQqpsService.js HTTP/1.1" 200 16326
120.253.135.82 - - [22/Jul/2023:06:20:02 +0800] "GET /xingrg/dwr/interface/AjaxComOrderService.js HTTP/1.1" 200 18264
120.253.135.82 - - [22/Jul/2023:06:20:02 +0800] "POST /xingrg/dwr/call/plaincall/AjaxQqpsService.loadMaterielItems.dwr HTTP/1.1" 200 975
180.163.28.55 - - [22/Jul/2023:06:20:03 +0800] "GET /xingrg/all/function/internal_message.html?_=1689977938961&CODE_STATE=getMsg HTTP/1.1" 302 -
180.163.28.55 - - [22/Jul/2023:06:20:03 +0800] "GET /xingrg/login.html HTTP/1.1" 200 7641
116.237.79.0 - - [22/Jul/2023:06:20:03 +0800] "GET /xingrg/all/function/internal_message.html?_=1689977998966&CODE_STATE=getMsg HTTP/1.1" 200 27
222.70.241.140 - - [22/Jul/2023:06:20:07 +0800] "GET /xingrg/all/function/internal_message.html?_=1689978029066&CODE_STATE=getMsg HTTP/1.1" 200 27
120.253.135.82 - - [22/Jul/2023:06:20:17 +0800] "GET /xingrg/kc/pszx/mdqp_order_list.html?isBack=1 HTTP/1.1" 302 -
120.253.135.82 - - [22/Jul/2023:06:20:17 +0800] "GET /xingrg/images/yd/bt2.gif HTTP/1.1" 404 1042
120.253.135.82 - - [22/Jul/2023:06:20:17 +0800] "GET /xingrg/images/yd/bt.gif HTTP/1.1" 404 1040
120.253.135.82 - - [22/Jul/2023:06:20:17 +0800] "GET /xingrg/kc/pszx/mdqp_order_list.html?state=10 HTTP/1.1" 200 14749
120.253.135.82 - - [22/Jul/2023:06:20:17 +0800] "GET /xingrg/dwr/interface/AjaxReportQueryService.js HTTP/1.1" 200 13203
120.253.135.82 - - [22/Jul/2023:06:20:17 +0800] "GET /xingrg/dwr/interface/AjaxQqpsService.js HTTP/1.1" 200 16326
120.253.135.82 - - [22/Jul/2023:06:20:17 +0800] "GET /xingrg/dwr/engine.js HTTP/1.1" 200 43631
120.253.135.82 - - [22/Jul/2023:06:20:20 +0800] "GET /xingrg/kc/pszx/jzcl_ps.html HTTP/1.1" 200 7683
120.253.135.82 - - [22/Jul/2023:06:20:21 +0800] "POST /xingrg/all/common/load_tree.html?tree=area_rest_tree_json HTTP/1.1" 200 3499
120.253.135.82 - - [22/Jul/2023:06:20:21 +0800] "POST /xingrg/kc/pszx/jzcl_ps_operate.html HTTP/1.1" 200 4720
120.253.135.82 - - [22/Jul/2023:06:20:21 +0800] "POST /xingrg/kc/pszx/jzcl_ps_operate.html HTTP/1.1" 200 4720
116.232.195.127 - - [22/Jul/2023:06:20:23 +0800] "GET /xingrg/all/function/internal_message.html?_=1689977979315&CODE_STATE=getMsg HTTP/1.1" 200 27
218.81.68.40 - - [22/Jul/2023:06:20:24 +0800] "GET /xingrg/check_reg.html?_=1689978023153 HTTP/1.1" 200 22
120.253.135.82 - - [22/Jul/2023:06:20:25 +0800] "GET /xingrg/kc/pszx/mdqp_order_info.html?type=look&code=302023072100423 HTTP/1.1" 200 13046
120.253.135.82 - - [22/Jul/2023:06:20:25 +0800] "GET /xingrg/dwr/engine.js HTTP/1.1" 200 43631
120.253.135.82 - - [22/Jul/2023:06:20:25 +0800] "GET /favicon.ico HTTP/1.1" 404 -
120.253.135.82 - - [22/Jul/2023:06:20:25 +0800] "POST /xingrg/dwr/call/plaincall/AjaxQqpsService.loadMaterielItems.dwr HTTP/1.1" 200 4173
114.85.113.108 - - [22/Jul/2023:06:20:31 +0800] "GET /xingrg/all/function/internal_message.html?_=1689978024914&CODE_STATE=getMsg HTTP/1.1" 200 27
120.253.135.82 - - [22/Jul/2023:06:20:32 +0800] "GET /xingrg/check_reg.html?_=1689977856294 HTTP/1.1" 200 22
120.253.135.82 - - [22/Jul/2023:06:20:38 +0800] "GET /xingrg/all/function/internal_message.html?_=1689977862483&CODE_STATE=getMsg HTTP/1.1" 200 27
180.169.147.146 - - [22/Jul/2023:06:20:55 +0800] "GET /xingrg/check_reg.html?_=1689978055013 HTTP/1.1" 200 22
180.169.147.146 - - [22/Jul/2023:06:20:55 +0800] "GET /xingrg/all/function/internal_message.html?_=1689978055014&CODE_STATE=getMsg HTTP/1.1" 200 27
116.237.79.0 - - [22/Jul/2023:06:21:03 +0800] "GET /xingrg/all/function/internal_message.html?_=1689978058981&CODE_STATE=getMsg HTTP/1.1" 200 27
222.70.241.140 - - [22/Jul/2023:06:21:07 +0800] "GET /xingrg/all/function/internal_message.html?_=1689978089079&CODE_STATE=getMsg HTTP/1.1" 200 27
120.253.135.82 - - [22/Jul/2023:06:21:18 +0800] "POST /xingrg/kc/pszx/jzcl_ps_operate.html HTTP/1.1" 200 4
116.232.195.127 - - [22/Jul/2023:06:21:23 +0800] "GET /xingrg/all/function/internal_message.html?_=1689978039322&CODE_STATE=getMsg HTTP/1.1" 200 27
114.85.113.108 - - [22/Jul/2023:06:21:31 +0800] "GET /xingrg/all/function/internal_message.html?_=1689978084898&CODE_STATE=getMsg HTTP/1.1" 200 27
120.253.135.82 - - [22/Jul/2023:06:21:32 +0800] "POST /xingrg/kc/pszx/jzcl_ps_operate.html HTTP/1.1" 200 1347
120.253.135.82 - - [22/Jul/2023:06:21:32 +0800] "GET /xingrg/kc/pszx/mdps_order_list.html HTTP/1.1" 200 21073
120.253.135.82 - - [22/Jul/2023:06:21:33 +0800] "POST /xingrg/kc/pszx/mdps_list_operate.html HTTP/1.1" 200 5402
120.253.135.82 - - [22/Jul/2023:06:21:38 +0800] "GET /xingrg/all/function/internal_message.html?_=1689977922498&CODE_STATE=getMsg HTTP/1.1" 200 27
120.253.135.82 - - [22/Jul/2023:06:21:43 +0800] "POST /xingrg/kc/pszx/mdps_list_operate.html HTTP/1.1" 200 5037
120.253.135.82 - - [22/Jul/2023:06:21:45 +0800] "POST /xingrg/kc/pszx/mdps_list_operate.html HTTP/1.1" 200 302
120.253.135.82 - - [22/Jul/2023:06:21:49 +0800] "POST /xingrg/kc/pszx/mdps_list_operate.html HTTP/1.1" 200 287
180.169.147.146 - - [22/Jul/2023:06:21:55 +0800] "GET /xingrg/all/function/internal_message.html?_=1689978115007&CODE_STATE=getMsg HTTP/1.1" 200 27
120.253.135.82 - - [22/Jul/2023:06:21:58 +0800] "POST /xingrg/kc/pszx/mdps_list_operate.html HTTP/1.1" 200 664
120.253.135.82 - - [22/Jul/2023:06:21:59 +0800] "GET /xingrg/kc/pszx/mdps_order_info.html?code=312023072200488 HTTP/1.1" 200 23978
120.253.135.82 - - [22/Jul/2023:06:22:00 +0800] "GET /xingrg/javascript/easyui/themes/default/validatebox.css HTTP/1.1" 404 1104
120.253.135.82 - - [22/Jul/2023:06:22:00 +0800] "POST /xingrg/kc/pszx/mdps_order_operate.html HTTP/1.1" 200 8409
116.237.79.0 - - [22/Jul/2023:06:22:03 +0800] "GET /xingrg/check_reg.html?_=1689978118986 HTTP/1.1" 200 22
116.237.79.0 - - [22/Jul/2023:06:22:03 +0800] "GET /xingrg/all/function/internal_message.html?_=1689978118984&CODE_STATE=getMsg HTTP/1.1" 200 27
120.253.135.82 - - [22/Jul/2023:06:22:03 +0800] "POST /xingrg/kc/pszx/mdps_order_operate.html HTTP/1.1" 200 37
120.253.135.82 - - [22/Jul/2023:06:22:04 +0800] "GET /xingrg/kc/pszx/mdps_order_info.html?code=312023072200488 HTTP/1.1" 200 23978
120.253.135.82 - - [22/Jul/2023:06:22:05 +0800] "GET /xingrg/javascript/easyui/themes/default/validatebox.css HTTP/1.1" 404 1104
120.253.135.82 - - [22/Jul/2023:06:22:06 +0800] "POST /xingrg/kc/pszx/mdps_order_operate.html HTTP/1.1" 200 8515
222.70.241.140 - - [22/Jul/2023:06:22:08 +0800] "GET /xingrg/all/function/internal_message.html?_=1689978149231&CODE_STATE=getMsg HTTP/1.1" 200 27
120.253.135.82 - - [22/Jul/2023:06:22:17 +0800] "POST /xingrg/all/common/load_select.html HTTP/1.1" 200 25
