58.39.105.90 - - [22/Jul/2023:10:25:18 +0800] "GET /xingrg/kc/buy/cgsh_order_operate.html?command=get_materiel&rest_code=00157&code=00101008108&supplier_code=00100556&order_time=2023-07-21 HTTP/1.1" 200 412
116.237.76.30 - - [22/Jul/2023:10:25:19 +0800] "GET /xingrg/all/function/internal_message.html?_=1689992714863&CODE_STATE=getMsg HTTP/1.1" 200 27
114.83.216.193 - - [22/Jul/2023:10:25:20 +0800] "GET /xingrg/all/function/internal_message.html?_=1689992843975&CODE_STATE=getMsg HTTP/1.1" 200 27
101.83.145.37 - - [22/Jul/2023:10:25:22 +0800] "GET /xingrg/all/function/internal_message.html?_=1689992723130&CODE_STATE=getMsg HTTP/1.1" 200 27
218.81.68.40 - - [22/Jul/2023:10:25:23 +0800] "GET /xingrg/check_reg.html?_=1689992722396 HTTP/1.1" 200 22
222.70.241.140 - - [22/Jul/2023:10:25:24 +0800] "GET /xingrg/kc/buy/cgsh_order_operate.html?command=get_materiel&rest_code=00146&code=00101016080&supplier_code=00100033&order_time=2023-07-22 HTTP/1.1" 200 408
114.85.113.108 - - [22/Jul/2023:10:25:26 +0800] "GET /xingrg/all/function/internal_message.html?_=1689992720406&CODE_STATE=getMsg HTTP/1.1" 200 27
222.70.180.90 - - [22/Jul/2023:10:25:28 +0800] "POST /xingrg/kc/buy/cgsh_order_operate.html HTTP/1.1" 200 3243
180.152.241.196 - - [22/Jul/2023:10:25:33 +0800] "GET /xingrg/all/function/internal_message.html?_=1689992734205&CODE_STATE=getMsg HTTP/1.1" 200 27
222.70.180.90 - - [22/Jul/2023:10:25:33 +0800] "GET /xingrg/kc/print/load_data.html?order_code=212023072208548&kc_code=cgsh&condition= HTTP/1.1" 200 925
124.78.70.128 - - [22/Jul/2023:10:25:39 +0800] "GET /xingrg/kc/buy/cgsh_order_operate.html?command=get_materiel&rest_code=00141&code=00101016037&supplier_code=00100584&order_time=2023-07-22 HTTP/1.1" 200 450
222.70.180.90 - - [22/Jul/2023:10:25:40 +0800] "GET /xingrg/kc/buy/cgsh_order_add.html HTTP/1.1" 200 71680
222.70.180.90 - - [22/Jul/2023:10:25:41 +0800] "GET /xingrg/javascript/easyui/themes/default/validatebox.css HTTP/1.1" 404 1104
222.70.180.90 - - [22/Jul/2023:10:25:41 +0800] "POST /xingrg/kc/buy/cgsh_order_operate.html HTTP/1.1" 200 8245
120.253.135.82 - - [22/Jul/2023:10:25:41 +0800] "GET /xingrg/all/function/internal_message.html?_=1689992565385&CODE_STATE=getMsg HTTP/1.1" 200 27
180.165.154.167 - - [22/Jul/2023:10:25:43 +0800] "GET /xingrg/all/function/internal_message.html?_=1689992743584&CODE_STATE=getMsg HTTP/1.1" 200 27
222.70.241.140 - - [22/Jul/2023:10:25:44 +0800] "GET /xingrg/all/function/internal_message.html?_=1689992766196&CODE_STATE=getMsg HTTP/1.1" 200 27
58.39.105.90 - - [22/Jul/2023:10:25:45 +0800] "GET /xingrg/kc/buy/cgsh_order_operate.html?command=get_materiel&rest_code=00157&code=00101008059&supplier_code=00100556&order_time=2023-07-21 HTTP/1.1" 200 408
124.78.70.128 - - [22/Jul/2023:10:25:47 +0800] "GET /xingrg/all/function/internal_message.html?_=1689992219232&CODE_STATE=getMsg HTTP/1.1" 200 27
222.70.114.12 - - [22/Jul/2023:10:25:47 +0800] "GET /xingrg/all/function/internal_message.html?_=1689992759105&CODE_STATE=getMsg HTTP/1.1" 200 27
101.83.145.37 - - [22/Jul/2023:10:25:50 +0800] "GET /xingrg/all/function/internal_message.html?_=1689992560951&CODE_STATE=getMsg HTTP/1.1" 200 27
116.238.191.126 - - [22/Jul/2023:10:25:52 +0800] "GET /xingrg/check_reg.html?_=1689992643238 HTTP/1.1" 200 22
116.238.191.126 - - [22/Jul/2023:10:25:52 +0800] "GET /xingrg/all/function/internal_message.html?_=1689992643348&CODE_STATE=getMsg HTTP/1.1" 200 27
222.70.241.140 - - [22/Jul/2023:10:25:54 +0800] "POST /xingrg/kc/buy/cgsh_order_operate.html HTTP/1.1" 200 37
180.169.147.146 - - [22/Jul/2023:10:25:55 +0800] "GET /xingrg/check_reg.html?_=1689992755113 HTTP/1.1" 200 22
180.169.147.146 - - [22/Jul/2023:10:25:55 +0800] "GET /xingrg/all/function/internal_message.html?_=1689992755115&CODE_STATE=getMsg HTTP/1.1" 200 27
222.70.180.90 - - [22/Jul/2023:10:25:59 +0800] "GET /xingrg/kc/buy/cgsh_order_operate.html?command=get_materiel&rest_code=00111&code=00101008087&supplier_code=00100005&order_time=2023-07-22 HTTP/1.1" 200 412
116.237.76.30 - - [22/Jul/2023:10:26:01 +0800] "GET /xingrg/kc/buy/cgsh_order_operate.html?command=get_materiel&rest_code=00106&code=00101012070&supplier_code=00100096&order_time=2023-07-22 HTTP/1.1" 200 412
222.70.241.140 - - [22/Jul/2023:10:26:01 +0800] "POST /xingrg/kc/buy/cgsh_order_operate.html HTTP/1.1" 200 6204
222.70.180.90 - - [22/Jul/2023:10:26:03 +0800] "GET /xingrg/all/function/internal_message.html?_=1689992759336&CODE_STATE=getMsg HTTP/1.1" 200 27
58.39.105.90 - - [22/Jul/2023:10:26:05 +0800] "GET /xingrg/kc/buy/cgsh_order_operate.html?command=get_materiel&rest_code=00157&code=00101008268&supplier_code=00100556&order_time=2023-07-21 HTTP/1.1" 200 408
116.237.76.30 - - [22/Jul/2023:10:26:09 +0800] "GET /favicon.ico HTTP/1.1" 404 -
101.83.241.186 - - [22/Jul/2023:10:26:11 +0800] "GET /xingrg/all/function/internal_message.html?_=1689992771734&CODE_STATE=getMsg HTTP/1.1" 200 27
58.39.105.90 - - [22/Jul/2023:10:26:12 +0800] "GET /xingrg/all/function/internal_message.html?_=1689992773100&CODE_STATE=getMsg HTTP/1.1" 200 27
124.78.70.128 - - [22/Jul/2023:10:26:13 +0800] "POST /xingrg/all/common/load_select.html HTTP/1.1" 200 25
101.83.241.186 - - [22/Jul/2023:10:26:15 +0800] "GET /xingrg/all/function/internal_message.html?_=1689992773112&CODE_STATE=getMsg HTTP/1.1" 200 27
222.70.180.90 - - [22/Jul/2023:10:26:15 +0800] "GET /xingrg/kc/buy/cgsh_order_operate.html?command=get_materiel&rest_code=00111&code=00101008357&supplier_code=00100005&order_time=2023-07-22 HTTP/1.1" 200 408
116.232.195.127 - - [22/Jul/2023:10:26:15 +0800] "GET /xingrg/all/function/internal_message.html?_=1689992731250&CODE_STATE=getMsg HTTP/1.1" 200 27
180.152.241.196 - - [22/Jul/2023:10:26:15 +0800] "GET /xingrg/kc/buy/cgsh_order_operate.html?command=get_materiel&rest_code=00102&code=00101018011&supplier_code=00100096&order_time=2023-07-22 HTTP/1.1" 200 413
116.232.195.127 - - [22/Jul/2023:10:26:15 +0800] "GET /xingrg/check_reg.html?_=1689992731624 HTTP/1.1" 200 22
222.64.60.132 - - [22/Jul/2023:10:26:16 +0800] "POST /xingrg/services/DataTransmitService HTTP/1.1" 200 524
180.163.30.27 - - [22/Jul/2023:10:26:19 +0800] "GET /xingrg/all/function/internal_message.html?_=1689992714863&CODE_STATE=getMsg HTTP/1.1" 302 -
180.163.30.27 - - [22/Jul/2023:10:26:19 +0800] "GET /xingrg/login.html HTTP/1.1" 200 7641
116.237.76.30 - - [22/Jul/2023:10:26:19 +0800] "GET /xingrg/all/function/internal_message.html?_=1689992774852&CODE_STATE=getMsg HTTP/1.1" 200 27
114.83.216.193 - - [22/Jul/2023:10:26:20 +0800] "GET /xingrg/check_reg.html?_=1689992903984 HTTP/1.1" 200 22
114.83.216.193 - - [22/Jul/2023:10:26:20 +0800] "GET /xingrg/all/function/internal_message.html?_=1689992903985&CODE_STATE=getMsg HTTP/1.1" 200 27
222.70.241.140 - - [22/Jul/2023:10:26:21 +0800] "POST /xingrg/kc/buy/cgsh_order_operate.html HTTP/1.1" 200 37
101.83.145.37 - - [22/Jul/2023:10:26:22 +0800] "GET /xingrg/all/function/internal_message.html?_=1689992783101&CODE_STATE=getMsg HTTP/1.1" 200 27
180.152.241.196 - - [22/Jul/2023:10:26:24 +0800] "GET /xingrg/kc/buy/cgsh_order_operate.html?command=get_materiel&rest_code=00102&code=00101006067&supplier_code=00100096&order_time=2023-07-22 HTTP/1.1" 200 409
124.78.70.128 - - [22/Jul/2023:10:26:25 +0800] "GET /xingrg/kc/buy/cgsh_order_operate.html?command=get_materiel_price&rest_code=00141&code=00101016037&unit_code=00100098&supplier_code=00100584&order_time=2023-07-22 HTTP/1.1" 200 30
114.85.113.108 - - [22/Jul/2023:10:26:26 +0800] "GET /xingrg/all/function/internal_message.html?_=1689992780391&CODE_STATE=getMsg HTTP/1.1" 200 27
116.237.76.30 - - [22/Jul/2023:10:26:26 +0800] "GET /xingrg/login.html?r=1 HTTP/1.1" 200 7641
116.237.76.30 - - [22/Jul/2023:10:26:26 +0800] "GET /xingrg/images/blue/jxLogo.png HTTP/1.1" 304 -
116.237.76.30 - - [22/Jul/2023:10:26:27 +0800] "GET /xingrg/images/blue/login_bg.png HTTP/1.1" 304 -
116.237.76.30 - - [22/Jul/2023:10:26:27 +0800] "GET /xingrg/images/blue/hj.png HTTP/1.1" 304 -
116.237.76.30 - - [22/Jul/2023:10:26:27 +0800] "GET /xingrg/images/blue/srbg.png HTTP/1.1" 304 -
222.70.180.90 - - [22/Jul/2023:10:26:27 +0800] "GET /xingrg/kc/buy/cgsh_order_operate.html?command=get_materiel&rest_code=00111&code=00101008261&supplier_code=00100005&order_time=2023-07-22 HTTP/1.1" 200 408
116.237.76.30 - - [22/Jul/2023:10:26:27 +0800] "GET /favicon.ico HTTP/1.1" 404 -
222.70.241.140 - - [22/Jul/2023:10:26:27 +0800] "POST /xingrg/kc/buy/cgsh_order_operate.html HTTP/1.1" 200 6204
222.70.241.140 - - [22/Jul/2023:10:26:30 +0800] "GET /xingrg/kc/print/load_data.html?order_code=212023072208549&kc_code=cgsh&condition= HTTP/1.1" 200 2063
116.237.76.30 - - [22/Jul/2023:10:26:31 +0800] "POST /xingrg/login.do HTTP/1.1" 302 -
116.237.76.30 - - [22/Jul/2023:10:26:31 +0800] "GET /xingrg/index.html?sysBaseUrl=http%3A%2F%2F180.169.147.146%3A18081%2Fxingrg%2F&costTime=1027×tamp=1689992791315 HTTP/1.1" 200 17173
116.237.76.30 - - [22/Jul/2023:10:26:31 +0800] "GET /xingrg/javascript/jquery_easy_ui/themes/icon.css HTTP/1.1" 304 -
116.237.76.30 - - [22/Jul/2023:10:26:31 +0800] "GET /xingrg/css/form.css HTTP/1.1" 304 -
116.237.76.30 - - [22/Jul/2023:10:26:31 +0800] "GET /xingrg/javascript/jquery-1.4.2.min.js HTTP/1.1" 304 -
116.237.76.30 - - [22/Jul/2023:10:26:31 +0800] "GET /xingrg/javascript/jquery_easy_ui/themes/default/easyui.css HTTP/1.1" 304 -
116.237.76.30 - - [22/Jul/2023:10:26:31 +0800] "GET /xingrg/javascript/jquery_easy_ui/jquery.easyui.min.js HTTP/1.1" 304 -
116.237.76.30 - - [22/Jul/2023:10:26:31 +0800] "GET /xingrg/javascript/jquery_easy_ui/easyui-lang-zh_CN.js HTTP/1.1" 304 -
116.237.76.30 - - [22/Jul/2023:10:26:31 +0800] "GET /xingrg/javascript/jquery.utils.js HTTP/1.1" 304 -
116.237.76.30 - - [22/Jul/2023:10:26:31 +0800] "GET /xingrg/javascript/jquery.form.js HTTP/1.1" 304 -
116.237.76.30 - - [22/Jul/2023:10:26:31 +0800] "GET /xingrg/javascript/jquery.timers.js HTTP/1.1" 304 -
116.237.76.30 - - [22/Jul/2023:10:26:31 +0800] "GET /favicon.ico HTTP/1.1" 404 -
116.237.76.30 - - [22/Jul/2023:10:26:31 +0800] "GET /xingrg/images/blue/navBackgound.jpg HTTP/1.1" 304 -
116.237.76.30 - - [22/Jul/2023:10:26:31 +0800] "GET /xingrg/javascript/jquery_easy_ui/themes/icons/settle_new.png HTTP/1.1" 304 -
116.237.76.30 - - [22/Jul/2023:10:26:31 +0800] "GET /xingrg/all/function/internal_message.html?_=1689992793196&CODE_STATE=count HTTP/1.1" 200 11
116.237.76.30 - - [22/Jul/2023:10:26:31 +0800] "GET /xingrg/check_reg.html?_=1689992793197 HTTP/1.1" 200 22
116.237.76.30 - - [22/Jul/2023:10:26:31 +0800] "GET /xingrg/images/blue/pingpu.png HTTP/1.1" 304 -
116.237.76.30 - - [22/Jul/2023:10:26:31 +0800] "GET /xingrg/javascript/jquery_easy_ui/themes/default/images/panel_tool_collapse.gif HTTP/1.1" 304 -
116.237.76.30 - - [22/Jul/2023:10:26:31 +0800] "GET /xingrg/javascript/jquery_easy_ui/themes/default/images/tabs_rightarrow.png HTTP/1.1" 304 -
116.237.76.30 - - [22/Jul/2023:10:26:31 +0800] "GET /xingrg/javascript/jquery_easy_ui/themes/default/images/tabs_leftarrow.png HTTP/1.1" 304 -
116.237.76.30 - - [22/Jul/2023:10:26:31 +0800] "POST /xingrg/all/common/load_tree.html?tree=area_rest_tree_json&manage=1 HTTP/1.1" 200 342
116.237.76.30 - - [22/Jul/2023:10:26:31 +0800] "POST /xingrg/load_menu.html HTTP/1.1" 200 5138
116.237.76.30 - - [22/Jul/2023:10:26:32 +0800] "GET /xingrg/javascript/jquery_easy_ui/themes/default/images/tree_arrows.gif HTTP/1.1" 304 -
116.237.76.30 - - [22/Jul/2023:10:26:32 +0800] "GET /xingrg/javascript/jquery_easy_ui/themes/default/images/tree_file.gif HTTP/1.1" 304 -
116.237.76.30 - - [22/Jul/2023:10:26:32 +0800] "GET /xingrg/javascript/jquery_easy_ui/themes/icons/forms_new.png HTTP/1.1" 304 -
116.237.76.30 - - [22/Jul/2023:10:26:32 +0800] "GET /xingrg/javascript/jquery_easy_ui/themes/default/images/tree_folder_open.gif HTTP/1.1" 304 -
116.237.76.30 - - [22/Jul/2023:10:26:32 +0800] "GET /xingrg/javascript/jquery_easy_ui/themes/icons/search_new.png HTTP/1.1" 304 -
116.237.76.30 - - [22/Jul/2023:10:26:32 +0800] "GET /xingrg/javascript/jquery_easy_ui/themes/default/images/tree_folder.gif HTTP/1.1" 304 -
116.237.76.30 - - [22/Jul/2023:10:26:32 +0800] "GET /xingrg/javascript/jquery_easy_ui/themes/icons/storage_new.png HTTP/1.1" 304 -
116.237.76.30 - - [22/Jul/2023:10:26:33 +0800] "GET /xingrg/kc/buy/cgsh_order_operate.html?command=get_materiel&rest_code=00106&code=00101006372&supplier_code=00100096&order_time=2023-07-22 HTTP/1.1" 200 409
180.152.241.196 - - [22/Jul/2023:10:26:33 +0800] "GET /xingrg/all/function/internal_message.html?_=1689992794190&CODE_STATE=getMsg HTTP/1.1" 200 27
116.237.76.30 - - [22/Jul/2023:10:26:33 +0800] "GET /xingrg/javascript/jquery_easy_ui/themes/default/images/tabs_active.png HTTP/1.1" 304 -
116.237.76.30 - - [22/Jul/2023:10:26:34 +0800] "GET /xingrg/kc/base/base_main.html HTTP/1.1" 200 12142
116.237.76.30 - - [22/Jul/2023:10:26:34 +0800] "GET /xingrg/css/blue.css HTTP/1.1" 304 -
116.237.76.30 - - [22/Jul/2023:10:26:34 +0800] "GET /xingrg/javascript/jquery_easy_ui/themes/default/images/tabs_close.gif HTTP/1.1" 304 -
116.237.76.30 - - [22/Jul/2023:10:26:34 +0800] "GET /xingrg/javascript/pic_change.js HTTP/1.1" 304 -
116.237.76.30 - - [22/Jul/2023:10:26:34 +0800] "GET /xingrg/javascript/myfunction.js HTTP/1.1" 304 -
116.237.76.30 - - [22/Jul/2023:10:26:34 +0800] "GET /xingrg/images/blue/pic_form2.gif HTTP/1.1" 304 -
116.237.76.30 - - [22/Jul/2023:10:26:34 +0800] "GET /xingrg/images/blue/button/wlsy.gif HTTP/1.1" 200 2536
116.237.76.30 - - [22/Jul/2023:10:26:34 +0800] "GET /xingrg/images/blue/button/ckpd.gif HTTP/1.1" 200 2051
116.237.76.30 - - [22/Jul/2023:10:26:34 +0800] "GET /xingrg/images/blue/button/kc.gif HTTP/1.1" 304 -
116.237.76.30 - - [22/Jul/2023:10:26:34 +0800] "GET /xingrg/images/blue/button/ckdb.gif HTTP/1.1" 200 1950
116.237.76.30 - - [22/Jul/2023:10:26:34 +0800] "GET /xingrg/images/blue/button/yddb.gif HTTP/1.1" 200 2040
116.237.76.30 - - [22/Jul/2023:10:26:34 +0800] "GET /xingrg/images/blue/bg_dotted.jpg HTTP/1.1" 304 -
116.237.76.30 - - [22/Jul/2023:10:26:34 +0800] "GET /xingrg/images/blue/button/top_left.jpg HTTP/1.1" 200 1632
116.237.76.30 - - [22/Jul/2023:10:26:34 +0800] "GET /xingrg/images/blue/button/top_right.jpg HTTP/1.1" 200 1708
116.237.76.30 - - [22/Jul/2023:10:26:34 +0800] "GET /xingrg/images/blue/button/right_ah.jpg HTTP/1.1" 304 -
116.237.76.30 - - [22/Jul/2023:10:26:34 +0800] "GET /xingrg/images/blue/button/down.jpg HTTP/1.1" 200 1560
116.237.76.30 - - [22/Jul/2023:10:26:34 +0800] "GET /xingrg/images/blue/button/bottom_left.jpg HTTP/1.1" 200 1524
116.237.76.30 - - [22/Jul/2023:10:26:34 +0800] "GET /xingrg/images/blue/button/left_ah.jpg HTTP/1.1" 200 1643
116.237.76.30 - - [22/Jul/2023:10:26:34 +0800] "GET /xingrg/images/blue/button/bottom_right.jpg HTTP/1.1" 200 1436
116.237.76.30 - - [22/Jul/2023:10:26:36 +0800] "GET /xingrg/kc/base/wldb_order_list.html HTTP/1.1" 200 19139
116.237.76.30 - - [22/Jul/2023:10:26:36 +0800] "GET /xingrg/css/site.css HTTP/1.1" 304 -
116.237.76.30 - - [22/Jul/2023:10:26:36 +0800] "GET /xingrg/javascript/easyui/themes/default/easyui.css HTTP/1.1" 304 -
116.237.76.30 - - [22/Jul/2023:10:26:36 +0800] "GET /xingrg/css/base.css HTTP/1.1" 304 -
116.237.76.30 - - [22/Jul/2023:10:26:36 +0800] "GET /xingrg/javascript/easyui/themes/icon.css HTTP/1.1" 304 -
116.237.76.30 - - [22/Jul/2023:10:26:36 +0800] "GET /xingrg/javascript/auto/jquery.autocomplete.css HTTP/1.1" 304 -
116.237.76.30 - - [22/Jul/2023:10:26:36 +0800] "GET /xingrg/javascript/jquery_tools/fix.css HTTP/1.1" 304 -
116.237.76.30 - - [22/Jul/2023:10:26:36 +0800] "GET /xingrg/javascript/jquery_tools/datebox.css HTTP/1.1" 304 -
116.237.76.30 - - [22/Jul/2023:10:26:36 +0800] "GET /xingrg/javascript/jquery_tools/table.css HTTP/1.1" 304 -
116.237.76.30 - - [22/Jul/2023:10:26:36 +0800] "GET /xingrg/javascript/jquery_tools/jquery.tools.min.js HTTP/1.1" 304 -
116.237.76.30 - - [22/Jul/2023:10:26:36 +0800] "GET /xingrg/javascript/jquery_tools/jquery.tools.extend.js HTTP/1.1" 304 -
116.237.76.30 - - [22/Jul/2023:10:26:36 +0800] "GET /xingrg/javascript/jquery_tools/jquery.tools.hotkey.js HTTP/1.1" 304 -
116.237.76.30 - - [22/Jul/2023:10:26:36 +0800] "GET /xingrg/javascript/jquery_tools/jquery.tools.table.js HTTP/1.1" 304 -
116.237.76.30 - - [22/Jul/2023:10:26:36 +0800] "GET /xingrg/javascript/jquery_tools/list_manager.js HTTP/1.1" 304 -
116.237.76.30 - - [22/Jul/2023:10:26:36 +0800] "GET /xingrg/javascript/auto/jquery.autocomplete.js HTTP/1.1" 304 -
116.237.76.30 - - [22/Jul/2023:10:26:36 +0800] "GET /xingrg/javascript/easyui/easyloader.js HTTP/1.1" 304 -
116.237.76.30 - - [22/Jul/2023:10:26:36 +0800] "GET /xingrg/javascript/jquery.cookie.js HTTP/1.1" 304 -
116.237.76.30 - - [22/Jul/2023:10:26:36 +0800] "GET /xingrg/javascript/print/LodopFuncs.js HTTP/1.1" 304 -
116.237.76.30 - - [22/Jul/2023:10:26:36 +0800] "GET /xingrg/javascript/easyui/themes/icons/field_new.png HTTP/1.1" 304 -
116.237.76.30 - - [22/Jul/2023:10:26:36 +0800] "GET /xingrg/javascript/easyui/themes/icons/edit_add_new.png HTTP/1.1" 304 -
116.237.76.30 - - [22/Jul/2023:10:26:36 +0800] "GET /xingrg/javascript/easyui/themes/icons/import_new.png HTTP/1.1" 304 -
116.237.76.30 - - [22/Jul/2023:10:26:36 +0800] "GET /xingrg/javascript/easyui/themes/icons/check_new.png HTTP/1.1" 304 -
116.237.76.30 - - [22/Jul/2023:10:26:36 +0800] "GET /xingrg/javascript/easyui/themes/icons/cance_new.png HTTP/1.1" 304 -
116.237.76.30 - - [22/Jul/2023:10:26:36 +0800] "GET /xingrg/javascript/easyui/plugins/jquery.parser.js HTTP/1.1" 304 -
116.237.76.30 - - [22/Jul/2023:10:26:36 +0800] "GET /xingrg/images/control/ajaxLoader.gif HTTP/1.1" 304 -
116.237.76.30 - - [22/Jul/2023:10:26:37 +0800] "POST /xingrg/kc/base/wldb_list_operate.html HTTP/1.1" 200 928
222.70.180.90 - - [22/Jul/2023:10:26:37 +0800] "GET /xingrg/kc/buy/cgsh_order_operate.html?command=get_materiel&rest_code=00111&code=00101008403&supplier_code=00100005&order_time=2023-07-22 HTTP/1.1" 200 412
116.237.76.30 - - [22/Jul/2023:10:26:38 +0800] "GET /xingrg/javascript/easyui/themes/default/images/button_plain_hover.png HTTP/1.1" 304 -
116.237.76.30 - - [22/Jul/2023:10:26:39 +0800] "GET /xingrg/kc/base/wldb_order_add.html HTTP/1.1" 200 30422
116.237.76.30 - - [22/Jul/2023:10:26:39 +0800] "GET /xingrg/javascript/jquery_tools/order_manager.js HTTP/1.1" 304 -
116.237.76.30 - - [22/Jul/2023:10:26:39 +0800] "GET /xingrg/javascript/convert.js HTTP/1.1" 304 -
116.237.76.30 - - [22/Jul/2023:10:26:39 +0800] "GET /xingrg/javascript/json2.js HTTP/1.1" 304 -
116.237.76.30 - - [22/Jul/2023:10:26:39 +0800] "GET /xingrg/javascript/print/kc_print.js HTTP/1.1" 304 -
116.237.76.30 - - [22/Jul/2023:10:26:40 +0800] "GET /xingrg/words/20230721153048_words.js HTTP/1.1" 200 973549
116.237.76.30 - - [22/Jul/2023:10:26:40 +0800] "GET /xingrg/javascript/easyui/themes/icons/template_new.png HTTP/1.1" 200 3956
116.237.76.30 - - [22/Jul/2023:10:26:40 +0800] "GET /xingrg/javascript/easyui/themes/icons/ok.png HTTP/1.1" 200 883
116.237.76.30 - - [22/Jul/2023:10:26:40 +0800] "GET /xingrg/javascript/easyui/themes/default/images/menu_downarrow.png HTTP/1.1" 304 -
116.237.76.30 - - [22/Jul/2023:10:26:40 +0800] "GET /xingrg/javascript/easyui/themes/icons/print.png HTTP/1.1" 304 -
116.237.76.30 - - [22/Jul/2023:10:26:40 +0800] "GET /xingrg/javascript/easyui/themes/icons/cancel.png HTTP/1.1" 304 -
116.237.76.30 - - [22/Jul/2023:10:26:40 +0800] "POST /xingrg/kc/base/wldb_order_operate.html HTTP/1.1" 200 6806
116.237.76.30 - - [22/Jul/2023:10:26:40 +0800] "GET /xingrg/all/common/auto_word.html?type=base&rest_code=00106 HTTP/1.1" 200 1799
116.237.76.30 - - [22/Jul/2023:10:26:40 +0800] "GET /xingrg/javascript/easyui/themes/default/validatebox.css HTTP/1.1" 404 1104
116.237.76.30 - - [22/Jul/2023:10:26:40 +0800] "GET /xingrg/javascript/easyui/plugins/jquery.validatebox.js HTTP/1.1" 304 -
116.237.76.30 - - [22/Jul/2023:10:26:40 +0800] "GET /xingrg/javascript/easyui/plugins/jquery.numberbox.js HTTP/1.1" 304 -
116.237.76.30 - - [22/Jul/2023:10:26:40 +0800] "GET /xingrg/all/common/auto_word.html?type=base&rest_code=00106 HTTP/1.1" 200 1799
180.152.241.196 - - [22/Jul/2023:10:26:40 +0800] "GET /xingrg/kc/buy/cgsh_order_operate.html?command=get_materiel&rest_code=00102&code=00101006111&supplier_code=00100096&order_time=2023-07-22 HTTP/1.1" 200 411
116.237.76.30 - - [22/Jul/2023:10:26:40 +0800] "GET /xingrg/javascript/easyui/themes/icons/edit_remove.png HTTP/1.1" 304 -
124.78.70.128 - - [22/Jul/2023:10:26:41 +0800] "GET /xingrg/kc/buy/cgsh_order_operate.html?command=get_materiel&rest_code=00141&code=00101016097&supplier_code=00100584&order_time=2023-07-22 HTTP/1.1" 200 450
120.253.135.82 - - [22/Jul/2023:10:26:41 +0800] "GET /xingrg/all/function/internal_message.html?_=1689992625389&CODE_STATE=getMsg HTTP/1.1" 200 27
116.237.76.30 - - [22/Jul/2023:10:26:42 +0800] "GET /xingrg/css/images/panel_loading.gif HTTP/1.1" 200 1737
116.237.76.30 - - [22/Jul/2023:10:26:42 +0800] "POST /xingrg/all/common/load_combo.html?type=base HTTP/1.1" 200 3227
180.165.154.167 - - [22/Jul/2023:10:26:43 +0800] "GET /xingrg/all/function/internal_message.html?_=1689992803582&CODE_STATE=getMsg HTTP/1.1" 200 27
222.70.241.140 - - [22/Jul/2023:10:26:43 +0800] "GET /xingrg/check_reg.html?_=1689992825545 HTTP/1.1" 200 22
222.70.241.140 - - [22/Jul/2023:10:26:44 +0800] "GET /xingrg/all/function/internal_message.html?_=1689992826198&CODE_STATE=getMsg HTTP/1.1" 200 27
58.39.105.90 - - [22/Jul/2023:10:26:44 +0800] "GET /xingrg/kc/buy/cgsh_order_operate.html?command=get_materiel&rest_code=00157&code=00101008350&supplier_code=00100556&order_time=2023-07-21 HTTP/1.1" 200 408
124.78.70.128 - - [22/Jul/2023:10:26:47 +0800] "GET /xingrg/all/function/internal_message.html?_=1689992279224&CODE_STATE=getMsg HTTP/1.1" 200 27
222.70.114.12 - - [22/Jul/2023:10:26:47 +0800] "GET /xingrg/all/function/internal_message.html?_=1689992819095&CODE_STATE=getMsg HTTP/1.1" 200 27
116.237.76.30 - - [22/Jul/2023:10:26:47 +0800] "POST /xingrg/all/common/load_combo.html?type=base HTTP/1.1" 200 3227
101.83.145.37 - - [22/Jul/2023:10:26:50 +0800] "GET /xingrg/all/function/internal_message.html?_=1689992620950&CODE_STATE=getMsg HTTP/1.1" 200 27
116.238.191.126 - - [22/Jul/2023:10:26:52 +0800] "GET /xingrg/all/function/internal_message.html?_=1689992703361&CODE_STATE=getMsg HTTP/1.1" 200 27
180.169.147.146 - - [22/Jul/2023:10:26:55 +0800] "GET /xingrg/all/function/internal_message.html?_=1689992815116&CODE_STATE=getMsg HTTP/1.1" 200 27
222.70.241.140 - - [22/Jul/2023:10:26:56 +0800] "POST /xingrg/kc/buy/cgsh_list_operate.html HTTP/1.1" 200 3586
124.79.243.110 - - [22/Jul/2023:10:26:57 +0800] "GET /xingrg/login.html HTTP/1.1" 200 7641
116.237.76.30 - - [22/Jul/2023:10:26:58 +0800] "GET /xingrg/kc/buy/cgsh_order_operate.html?command=get_materiel&rest_code=00106&code=00101006229&supplier_code=00100096&order_time=2023-07-22 HTTP/1.1" 200 426
180.152.241.196 - - [22/Jul/2023:10:26:58 +0800] "GET /xingrg/kc/buy/cgsh_order_operate.html?command=get_materiel&rest_code=00102&code=00101006180&supplier_code=00100096&order_time=2023-07-22 HTTP/1.1" 200 425
124.79.243.110 - - [22/Jul/2023:10:26:58 +0800] "GET /favicon.ico HTTP/1.1" 404 -
124.78.70.128 - - [22/Jul/2023:10:27:00 +0800] "GET /xingrg/kc/buy/cgsh_order_operate.html?command=get_materiel&rest_code=00141&code=00101016059&supplier_code=00100584&order_time=2023-07-22 HTTP/1.1" 200 408
222.70.180.90 - - [22/Jul/2023:10:27:03 +0800] "GET /xingrg/check_reg.html?_=1689992819324 HTTP/1.1" 200 22
222.70.180.90 - - [22/Jul/2023:10:27:03 +0800] "GET /xingrg/all/function/internal_message.html?_=1689992819327&CODE_STATE=getMsg HTTP/1.1" 200 27
222.70.241.140 - - [22/Jul/2023:10:27:06 +0800] "POST /xingrg/kc/buy/cgsh_list_operate.html HTTP/1.1" 200 417
124.79.243.110 - - [22/Jul/2023:10:27:08 +0800] "POST /xingrg/login.do HTTP/1.1" 302 -
124.79.243.110 - - [22/Jul/2023:10:27:08 +0800] "GET /xingrg/index.html?sysBaseUrl=http%3A%2F%2F180.169.147.146%3A18081%2Fxingrg%2F&costTime=927×tamp=1689992828377 HTTP/1.1" 200 17179
124.79.243.110 - - [22/Jul/2023:10:27:08 +0800] "GET /favicon.ico HTTP/1.1" 404 -
124.79.243.110 - - [22/Jul/2023:10:27:08 +0800] "GET /xingrg/all/function/internal_message.html?_=1689993115412&CODE_STATE=count HTTP/1.1" 200 11
124.79.243.110 - - [22/Jul/2023:10:27:08 +0800] "GET /xingrg/check_reg.html?_=1689993115413 HTTP/1.1" 200 22
124.79.243.110 - - [22/Jul/2023:10:27:09 +0800] "POST /xingrg/all/common/load_tree.html?tree=area_rest_tree_json&manage=1 HTTP/1.1" 200 351
124.79.243.110 - - [22/Jul/2023:10:27:09 +0800] "POST /xingrg/load_menu.html HTTP/1.1" 200 5138
222.70.241.140 - - [22/Jul/2023:10:27:09 +0800] "GET /xingrg/kc/buy/cgsh_order_info.html?code=212023072208534 HTTP/1.1" 200 71731
222.70.241.140 - - [22/Jul/2023:10:27:10 +0800] "GET /xingrg/javascript/easyui/themes/default/validatebox.css HTTP/1.1" 404 1104
222.70.241.140 - - [22/Jul/2023:10:27:11 +0800] "POST /xingrg/kc/buy/cgsh_order_operate.html HTTP/1.1" 200 4420
101.83.241.186 - - [22/Jul/2023:10:27:11 +0800] "GET /xingrg/all/function/internal_message.html?_=1689992831725&CODE_STATE=getMsg HTTP/1.1" 200 27
58.39.105.90 - - [22/Jul/2023:10:27:12 +0800] "GET /xingrg/all/function/internal_message.html?_=1689992833076&CODE_STATE=getMsg HTTP/1.1" 200 27
124.79.243.110 - - [22/Jul/2023:10:27:13 +0800] "GET /xingrg/kc/buy/cgsh_order_list.html HTTP/1.1" 200 55948
116.237.76.30 - - [22/Jul/2023:10:27:13 +0800] "GET /xingrg/javascript/auto/indicator.gif HTTP/1.1" 404 1066
101.83.241.186 - - [22/Jul/2023:10:27:15 +0800] "GET /xingrg/all/function/internal_message.html?_=1689992833112&CODE_STATE=getMsg HTTP/1.1" 200 27
116.232.195.127 - - [22/Jul/2023:10:27:15 +0800] "GET /xingrg/all/function/internal_message.html?_=1689992791243&CODE_STATE=getMsg HTTP/1.1" 200 27
124.79.243.110 - - [22/Jul/2023:10:27:16 +0800] "POST /xingrg/kc/buy/cgsh_list_operate.html HTTP/1.1" 200 986
116.237.76.30 - - [22/Jul/2023:10:27:19 +0800] "GET /xingrg/all/function/internal_message.html?_=1689992834837&CODE_STATE=getMsg HTTP/1.1" 200 27
222.70.241.140 - - [22/Jul/2023:10:27:19 +0800] "GET /xingrg/kc/buy/cgsh_order_add.html HTTP/1.1" 200 71724
124.79.243.110 - - [22/Jul/2023:10:27:19 +0800] "GET /xingrg/kc/buy/cgsh_order_add.html HTTP/1.1" 200 71765
124.79.243.110 - - [22/Jul/2023:10:27:19 +0800] "GET /xingrg/words/20230721153048_words.js HTTP/1.1" 304 -
222.70.241.140 - - [22/Jul/2023:10:27:19 +0800] "POST /xingrg/kc/buy/cgsh_order_operate.html HTTP/1.1" 200 8245
124.79.243.110 - - [22/Jul/2023:10:27:19 +0800] "GET /xingrg/javascript/easyui/themes/default/validatebox.css HTTP/1.1" 404 1104
124.79.243.110 - - [22/Jul/2023:10:27:19 +0800] "POST /xingrg/kc/buy/cgsh_order_operate.html HTTP/1.1" 200 8245
124.79.243.110 - - [22/Jul/2023:10:27:19 +0800] "GET /xingrg/all/common/auto_word.html?type=employee&rest_code=00104 HTTP/1.1" 200 245
222.70.241.140 - - [22/Jul/2023:10:27:19 +0800] "GET /xingrg/javascript/easyui/themes/default/validatebox.css HTTP/1.1" 404 1104
124.79.243.110 - - [22/Jul/2023:10:27:19 +0800] "GET /xingrg/all/common/auto_word.html?type=employee&rest_code=00104 HTTP/1.1" 200 245
114.83.216.193 - - [22/Jul/2023:10:27:20 +0800] "GET /xingrg/all/function/internal_message.html?_=1689992963971&CODE_STATE=getMsg HTTP/1.1" 200 27
58.39.105.90 - - [22/Jul/2023:10:27:20 +0800] "GET /xingrg/kc/buy/cgsh_order_operate.html?command=get_materiel&rest_code=00157&code=00101008286&supplier_code=00100556&order_time=2023-07-21 HTTP/1.1" 200 408
101.83.145.37 - - [22/Jul/2023:10:27:22 +0800] "GET /xingrg/all/function/internal_message.html?_=1689992843080&CODE_STATE=getMsg HTTP/1.1" 200 27
124.79.243.110 - - [22/Jul/2023:10:27:24 +0800] "GET /xingrg/kc/mdqp/qqps_order_list.html HTTP/1.1" 200 9222
124.79.243.110 - - [22/Jul/2023:10:27:24 +0800] "GET /xingrg/dwr/interface/AjaxReportQueryService.js HTTP/1.1" 200 13203
124.79.243.110 - - [22/Jul/2023:10:27:24 +0800] "GET /xingrg/dwr/interface/AjaxQqpsService.js HTTP/1.1" 200 16326
124.79.243.110 - - [22/Jul/2023:10:27:24 +0800] "GET /xingrg/dwr/util.js HTTP/1.1" 304 -
124.79.243.110 - - [22/Jul/2023:10:27:24 +0800] "GET /xingrg/dwr/engine.js HTTP/1.1" 200 43631
114.85.113.108 - - [22/Jul/2023:10:27:26 +0800] "GET /xingrg/all/function/internal_message.html?_=1689992840375&CODE_STATE=getMsg HTTP/1.1" 200 27
116.237.76.30 - - [22/Jul/2023:10:27:29 +0800] "GET /xingrg/kc/base/wldb_order_operate.html?command=get_materiel&rest_code=00106&base_code=0010396&code=00101019306 HTTP/1.1" 200 479
180.152.241.196 - - [22/Jul/2023:10:27:31 +0800] "GET /xingrg/kc/buy/cgsh_order_operate.html?command=get_materiel&rest_code=00102&code=00101006055&supplier_code=00100096&order_time=2023-07-22 HTTP/1.1" 200 411
58.39.105.90 - - [22/Jul/2023:10:27:31 +0800] "GET /xingrg/kc/buy/cgsh_order_operate.html?command=get_materiel&rest_code=00157&code=00101008036&supplier_code=00100556&order_time=2023-07-21 HTTP/1.1" 200 408
116.237.76.30 - - [22/Jul/2023:10:27:31 +0800] "GET /xingrg/all/function/internal_message.html?_=1689992853206&CODE_STATE=getMsg HTTP/1.1" 200 27
124.79.243.110 - - [22/Jul/2023:10:27:32 +0800] "GET /xingrg/kc/mdqp/qqps_order_add.html HTTP/1.1" 200 28386
124.79.243.110 - - [22/Jul/2023:10:27:32 +0800] "GET /xingrg/dwr/interface/AjaxComOrderService.js HTTP/1.1" 200 18264
124.79.243.110 - - [22/Jul/2023:10:27:32 +0800] "GET /xingrg/dwr/interface/AjaxQqpsService.js HTTP/1.1" 200 16326
124.79.243.110 - - [22/Jul/2023:10:27:32 +0800] "GET /xingrg/dwr/engine.js HTTP/1.1" 200 43631
180.152.241.196 - - [22/Jul/2023:10:27:33 +0800] "GET /xingrg/all/function/internal_message.html?_=1689992854208&CODE_STATE=getMsg HTTP/1.1" 200 27
120.253.135.82 - - [22/Jul/2023:10:27:41 +0800] "GET /xingrg/check_reg.html?_=1689992684991 HTTP/1.1" 200 22
120.253.135.82 - - [22/Jul/2023:10:27:41 +0800] "GET /xingrg/all/function/internal_message.html?_=1689992685402&CODE_STATE=getMsg HTTP/1.1" 200 27
222.70.180.90 - - [22/Jul/2023:10:27:43 +0800] "GET /xingrg/kc/buy/cgsh_order_operate.html?command=get_materiel&rest_code=00111&code=00101008296&supplier_code=00100005&order_time=2023-07-22 HTTP/1.1" 200 416
180.165.154.167 - - [22/Jul/2023:10:27:43 +0800] "GET /xingrg/all/function/internal_message.html?_=1689992863573&CODE_STATE=getMsg HTTP/1.1" 200 27
222.70.241.140 - - [22/Jul/2023:10:27:44 +0800] "GET /xingrg/all/function/internal_message.html?_=1689992886211&CODE_STATE=getMsg HTTP/1.1" 200 27
180.152.241.196 - - [22/Jul/2023:10:27:44 +0800] "POST /xingrg/kc/buy/cgsh_order_operate.html HTTP/1.1" 200 75
58.39.105.90 - - [22/Jul/2023:10:27:44 +0800] "GET /xingrg/kc/buy/cgsh_order_operate.html?command=get_materiel&rest_code=00157&code=00101008353&supplier_code=00100556&order_time=2023-07-21 HTTP/1.1" 200 408
124.79.243.110 - - [22/Jul/2023:10:27:46 +0800] "POST /xingrg/dwr/call/plaincall/AjaxQqpsService.saveOrder.dwr HTTP/1.1" 200 78
116.237.76.30 - - [22/Jul/2023:10:27:46 +0800] "GET /xingrg/kc/base/wldb_order_operate.html?command=get_materiel&rest_code=00106&base_code=0010396&code=00101019079 HTTP/1.1" 200 479
124.78.70.128 - - [22/Jul/2023:10:27:47 +0800] "GET /xingrg/all/function/internal_message.html?_=1689992339213&CODE_STATE=getMsg HTTP/1.1" 200 27
222.70.114.12 - - [22/Jul/2023:10:27:47 +0800] "GET /xingrg/all/function/internal_message.html?_=1689992879101&CODE_STATE=getMsg HTTP/1.1" 200 27
222.70.114.12 - - [22/Jul/2023:10:27:47 +0800] "GET /xingrg/check_reg.html?_=1689992879110 HTTP/1.1" 200 22
101.83.145.37 - - [22/Jul/2023:10:27:49 +0800] "GET /xingrg/all/function/internal_message.html?_=1689992680953&CODE_STATE=getMsg HTTP/1.1" 200 27
124.79.243.110 - - [22/Jul/2023:10:27:50 +0800] "GET /xingrg/javascript/auto/indicator.gif HTTP/1.1" 404 1066
116.238.191.126 - - [22/Jul/2023:10:27:52 +0800] "GET /xingrg/all/function/internal_message.html?_=1689992763375&CODE_STATE=getMsg HTTP/1.1" 200 27
180.169.147.146 - - [22/Jul/2023:10:27:55 +0800] "GET /xingrg/all/function/internal_message.html?_=1689992875099&CODE_STATE=getMsg HTTP/1.1" 200 27
58.39.105.90 - - [22/Jul/2023:10:27:56 +0800] "GET /xingrg/kc/buy/cgsh_order_operate.html?command=get_materiel&rest_code=00157&code=00101008298&supplier_code=00100556&order_time=2023-07-21 HTTP/1.1" 200 413
180.152.241.196 - - [22/Jul/2023:10:27:57 +0800] "GET /xingrg/kc/base/wldb_order_list.html HTTP/1.1" 200 19139
116.237.76.30 - - [22/Jul/2023:10:27:57 +0800] "GET /xingrg/kc/base/wldb_order_operate.html?command=get_materiel&rest_code=00106&base_code=0010396&code=00101019315 HTTP/1.1" 200 475
180.152.241.196 - - [22/Jul/2023:10:27:57 +0800] "POST /xingrg/kc/base/wldb_list_operate.html HTTP/1.1" 200 928
180.152.241.196 - - [22/Jul/2023:10:27:59 +0800] "GET /xingrg/kc/base/wldb_order_add.html HTTP/1.1" 200 30418
180.152.241.196 - - [22/Jul/2023:10:27:59 +0800] "POST /xingrg/kc/base/wldb_order_operate.html HTTP/1.1" 200 6806
180.152.241.196 - - [22/Jul/2023:10:27:59 +0800] "GET /xingrg/javascript/easyui/themes/default/validatebox.css HTTP/1.1" 404 1104
180.152.241.196 - - [22/Jul/2023:10:27:59 +0800] "GET /xingrg/all/common/auto_word.html?type=base&rest_code=00102 HTTP/1.1" 200 1857
180.152.241.196 - - [22/Jul/2023:10:27:59 +0800] "GET /xingrg/all/common/auto_word.html?type=base&rest_code=00102 HTTP/1.1" 200 1857
180.152.241.196 - - [22/Jul/2023:10:28:00 +0800] "GET /xingrg/css/images/panel_loading.gif HTTP/1.1" 200 1737
180.152.241.196 - - [22/Jul/2023:10:28:00 +0800] "POST /xingrg/all/common/load_combo.html?type=base HTTP/1.1" 200 3321
222.70.180.90 - - [22/Jul/2023:10:28:02 +0800] "GET /xingrg/kc/buy/cgsh_order_operate.html?command=get_materiel&rest_code=00111&code=00101008169&supplier_code=00100005&order_time=2023-07-22 HTTP/1.1" 200 412
180.152.241.196 - - [22/Jul/2023:10:28:02 +0800] "POST /xingrg/all/common/load_combo.html?type=base HTTP/1.1" 200 3321
222.70.180.90 - - [22/Jul/2023:10:28:03 +0800] "GET /xingrg/all/function/internal_message.html?_=1689992879328&CODE_STATE=getMsg HTTP/1.1" 200 27
124.79.243.110 - - [22/Jul/2023:10:28:08 +0800] "GET /xingrg/all/function/internal_message.html?_=1689993175414&CODE_STATE=getMsg HTTP/1.1" 200 27
58.39.105.90 - - [22/Jul/2023:10:28:09 +0800] "GET /xingrg/kc/buy/cgsh_order_operate.html?command=get_materiel&rest_code=00157&code=00101008283&supplier_code=00100556&order_time=2023-07-21 HTTP/1.1" 200 408
124.79.243.110 - - [22/Jul/2023:10:28:10 +0800] "POST /xingrg/dwr/call/plaincall/AjaxQqpsService.getMaterielByCode.dwr HTTP/1.1" 200 2673
101.83.241.186 - - [22/Jul/2023:10:28:11 +0800] "GET /xingrg/all/function/internal_message.html?_=1689992891748&CODE_STATE=getMsg HTTP/1.1" 200 27
58.39.105.90 - - [22/Jul/2023:10:28:12 +0800] "GET /xingrg/all/function/internal_message.html?_=1689992893067&CODE_STATE=getMsg HTTP/1.1" 200 27
101.83.241.186 - - [22/Jul/2023:10:28:15 +0800] "GET /xingrg/all/function/internal_message.html?_=1689992893112&CODE_STATE=getMsg HTTP/1.1" 200 27
124.79.243.110 - - [22/Jul/2023:10:28:15 +0800] "POST /xingrg/dwr/call/plaincall/AjaxQqpsService.saveMaterielItem.dwr HTTP/1.1" 200 78
116.232.195.127 - - [22/Jul/2023:10:28:15 +0800] "GET /xingrg/all/function/internal_message.html?_=1689992851239&CODE_STATE=getMsg HTTP/1.1" 200 27
116.237.76.30 - - [22/Jul/2023:10:28:17 +0800] "GET /xingrg/check_reg.html?_=1689992893518 HTTP/1.1" 200 22
116.237.76.30 - - [22/Jul/2023:10:28:19 +0800] "GET /xingrg/all/function/internal_message.html?_=1689992894820&CODE_STATE=getMsg HTTP/1.1" 200 27
114.83.216.193 - - [22/Jul/2023:10:28:20 +0800] "GET /xingrg/all/function/internal_message.html?_=1689993023979&CODE_STATE=getMsg HTTP/1.1" 200 27
101.83.145.37 - - [22/Jul/2023:10:28:22 +0800] "GET /xingrg/all/function/internal_message.html?_=1689992903057&CODE_STATE=getMsg HTTP/1.1" 200 27
114.85.113.108 - - [22/Jul/2023:10:28:26 +0800] "GET /xingrg/all/function/internal_message.html?_=1689992900360&CODE_STATE=getMsg HTTP/1.1" 200 27
116.237.76.30 - - [22/Jul/2023:10:28:31 +0800] "GET /xingrg/all/function/internal_message.html?_=1689992913208&CODE_STATE=getMsg HTTP/1.1" 200 27
124.78.70.128 - - [22/Jul/2023:10:28:31 +0800] "POST /xingrg/kc/buy/cgsh_order_operate.html HTTP/1.1" 200 37
58.39.105.90 - - [22/Jul/2023:10:28:31 +0800] "GET /xingrg/kc/buy/cgsh_order_operate.html?command=get_materiel&rest_code=00157&code=00101008169&supplier_code=00100556&order_time=2023-07-21 HTTP/1.1" 200 412
124.79.243.110 - - [22/Jul/2023:10:28:33 +0800] "POST /xingrg/dwr/call/plaincall/AjaxQqpsService.getMaterielByCode.dwr HTTP/1.1" 200 2672
180.152.241.196 - - [22/Jul/2023:10:28:33 +0800] "GET /xingrg/all/function/internal_message.html?_=1689992914206&CODE_STATE=getMsg HTTP/1.1" 200 27
124.78.70.128 - - [22/Jul/2023:10:28:35 +0800] "POST /xingrg/kc/buy/cgsh_order_operate.html HTTP/1.1" 200 5133
124.79.243.110 - - [22/Jul/2023:10:28:37 +0800] "POST /xingrg/dwr/call/plaincall/AjaxQqpsService.saveMaterielItem.dwr HTTP/1.1" 200 78
124.78.70.128 - - [22/Jul/2023:10:28:37 +0800] "GET /xingrg/kc/print/load_config.html?kc_code=cgsh HTTP/1.1" 200 1924
124.78.70.128 - - [22/Jul/2023:10:28:38 +0800] "GET /xingrg/kc/print/load_data.html?order_code=212023072208551&kc_code=cgsh&condition= HTTP/1.1" 200 1684
120.253.135.82 - - [22/Jul/2023:10:28:42 +0800] "GET /xingrg/all/function/internal_message.html?_=1689992745415&CODE_STATE=getMsg HTTP/1.1" 200 27
124.79.243.110 - - [22/Jul/2023:10:28:42 +0800] "POST /xingrg/dwr/call/plaincall/AjaxQqpsService.checkOrder.dwr HTTP/1.1" 200 78
58.39.105.90 - - [22/Jul/2023:10:28:43 +0800] "GET /xingrg/kc/buy/cgsh_order_operate.html?command=get_materiel&rest_code=00157&code=00101008137&supplier_code=00100556&order_time=2023-07-21 HTTP/1.1" 200 408
180.165.154.167 - - [22/Jul/2023:10:28:43 +0800] "GET /xingrg/all/function/internal_message.html?_=1689992923581&CODE_STATE=getMsg HTTP/1.1" 200 27
180.165.154.167 - - [22/Jul/2023:10:28:43 +0800] "GET /xingrg/check_reg.html?_=1689992923584 HTTP/1.1" 200 22
222.70.241.140 - - [22/Jul/2023:10:28:44 +0800] "GET /xingrg/all/function/internal_message.html?_=1689992946225&CODE_STATE=getMsg HTTP/1.1" 200 27
114.85.113.108 - - [22/Jul/2023:10:28:47 +0800] "GET /xingrg/check_reg.html?_=1689992920867 HTTP/1.1" 200 22
124.78.70.128 - - [22/Jul/2023:10:28:47 +0800] "GET /xingrg/check_reg.html?_=1689992399202 HTTP/1.1" 200 22
124.78.70.128 - - [22/Jul/2023:10:28:47 +0800] "GET /xingrg/all/function/internal_message.html?_=1689992399203&CODE_STATE=getMsg HTTP/1.1" 200 27
222.70.114.12 - - [22/Jul/2023:10:28:47 +0800] "GET /xingrg/all/function/internal_message.html?_=1689992939094&CODE_STATE=getMsg HTTP/1.1" 200 27
124.79.243.110 - - [22/Jul/2023:10:28:49 +0800] "GET /xingrg/kc/mdqp/qqps_order_info.html?code=302023072200437 HTTP/1.1" 200 26789
124.79.243.110 - - [22/Jul/2023:10:28:49 +0800] "GET /xingrg/dwr/interface/AjaxComOrderService.js HTTP/1.1" 200 18264
124.79.243.110 - - [22/Jul/2023:10:28:49 +0800] "GET /xingrg/dwr/interface/AjaxQqpsService.js HTTP/1.1" 200 16326
124.79.243.110 - - [22/Jul/2023:10:28:49 +0800] "GET /xingrg/dwr/engine.js HTTP/1.1" 200 43631
101.83.145.37 - - [22/Jul/2023:10:28:50 +0800] "GET /xingrg/check_reg.html?_=1689992740952 HTTP/1.1" 200 22
101.83.145.37 - - [22/Jul/2023:10:28:50 +0800] "GET /xingrg/all/function/internal_message.html?_=1689992740953&CODE_STATE=getMsg HTTP/1.1" 200 27
124.79.243.110 - - [22/Jul/2023:10:28:50 +0800] "POST /xingrg/dwr/call/plaincall/AjaxQqpsService.loadMaterielItems.dwr HTTP/1.1" 200 597
116.238.191.126 - - [22/Jul/2023:10:28:52 +0800] "GET /xingrg/all/function/internal_message.html?_=1689992823394&CODE_STATE=getMsg HTTP/1.1" 200 27
180.169.147.146 - - [22/Jul/2023:10:28:55 +0800] "GET /xingrg/all/function/internal_message.html?_=1689992935095&CODE_STATE=getMsg HTTP/1.1" 200 27
58.39.105.90 - - [22/Jul/2023:10:28:57 +0800] "GET /xingrg/kc/buy/cgsh_order_operate.html?command=get_materiel&rest_code=00157&code=00101008358&supplier_code=00100556&order_time=2023-07-21 HTTP/1.1" 200 412
222.70.180.90 - - [22/Jul/2023:10:29:03 +0800] "GET /xingrg/all/function/internal_message.html?_=1689992939331&CODE_STATE=getMsg HTTP/1.1" 200 27
58.39.105.90 - - [22/Jul/2023:10:29:03 +0800] "POST /xingrg/kc/buy/cgsh_order_operate.html HTTP/1.1" 200 2065
124.79.243.110 - - [22/Jul/2023:10:29:08 +0800] "GET /xingrg/all/function/internal_message.html?_=1689993235433&CODE_STATE=getMsg HTTP/1.1" 200 27
101.83.241.186 - - [22/Jul/2023:10:29:11 +0800] "GET /xingrg/check_reg.html?_=1689992951746 HTTP/1.1" 200 22
101.83.241.186 - - [22/Jul/2023:10:29:11 +0800] "GET /xingrg/all/function/internal_message.html?_=1689992951748&CODE_STATE=getMsg HTTP/1.1" 200 27
222.70.180.90 - - [22/Jul/2023:10:29:12 +0800] "GET /xingrg/kc/buy/cgsh_order_operate.html?command=get_materiel&rest_code=00111&code=00101008067&supplier_code=00100005&order_time=2023-07-22 HTTP/1.1" 200 416
58.39.105.90 - - [22/Jul/2023:10:29:12 +0800] "GET /xingrg/kc/buy/cgsh_order_operate.html?command=get_materiel&rest_code=00157&code=00101008354&supplier_code=00100556&order_time=2023-07-21 HTTP/1.1" 200 412
58.39.105.90 - - [22/Jul/2023:10:29:12 +0800] "GET /xingrg/all/function/internal_message.html?_=1689992953060&CODE_STATE=getMsg HTTP/1.1" 200 27
58.39.105.90 - - [22/Jul/2023:10:29:12 +0800] "GET /xingrg/check_reg.html?_=1689992953474 HTTP/1.1" 200 22
101.83.241.186 - - [22/Jul/2023:10:29:15 +0800] "GET /xingrg/all/function/internal_message.html?_=1689992953113&CODE_STATE=getMsg HTTP/1.1" 200 27
101.83.241.186 - - [22/Jul/2023:10:29:15 +0800] "GET /xingrg/check_reg.html?_=1689992953130 HTTP/1.1" 200 22
116.232.195.127 - - [22/Jul/2023:10:29:15 +0800] "GET /xingrg/all/function/internal_message.html?_=1689992911212&CODE_STATE=getMsg HTTP/1.1" 200 27
116.237.76.30 - - [22/Jul/2023:10:29:19 +0800] "GET /xingrg/all/function/internal_message.html?_=1689992954798&CODE_STATE=getMsg HTTP/1.1" 200 27
114.83.216.193 - - [22/Jul/2023:10:29:20 +0800] "GET /xingrg/all/function/internal_message.html?_=1689993083978&CODE_STATE=getMsg HTTP/1.1" 200 27
101.83.145.37 - - [22/Jul/2023:10:29:22 +0800] "GET /xingrg/all/function/internal_message.html?_=1689992963032&CODE_STATE=getMsg HTTP/1.1" 200 27
114.85.113.108 - - [22/Jul/2023:10:29:26 +0800] "GET /xingrg/all/function/internal_message.html?_=1689992960351&CODE_STATE=getMsg HTTP/1.1" 200 27
124.78.70.128 - - [22/Jul/2023:10:29:28 +0800] "GET /xingrg/kc/buy/cgsh_order_add.html HTTP/1.1" 200 71724
124.78.70.128 - - [22/Jul/2023:10:29:28 +0800] "POST /xingrg/kc/buy/cgsh_order_operate.html HTTP/1.1" 200 8245
124.78.70.128 - - [22/Jul/2023:10:29:28 +0800] "GET /xingrg/javascript/easyui/themes/default/validatebox.css HTTP/1.1" 404 1104
58.39.105.90 - - [22/Jul/2023:10:29:30 +0800] "POST /xingrg/kc/buy/cgsh_order_operate.html HTTP/1.1" 200 37
58.39.105.90 - - [22/Jul/2023:10:29:31 +0800] "POST /xingrg/kc/buy/cgsh_order_operate.html HTTP/1.1" 200 13866
116.237.76.30 - - [22/Jul/2023:10:29:31 +0800] "GET /xingrg/all/function/internal_message.html?_=1689992973211&CODE_STATE=getMsg HTTP/1.1" 200 27
180.152.241.196 - - [22/Jul/2023:10:29:33 +0800] "GET /xingrg/check_reg.html?_=1689992974217 HTTP/1.1" 200 22
180.152.241.196 - - [22/Jul/2023:10:29:33 +0800] "GET /xingrg/all/function/internal_message.html?_=1689992974220&CODE_STATE=getMsg HTTP/1.1" 200 27
58.39.105.90 - - [22/Jul/2023:10:29:35 +0800] "GET /xingrg/kc/print/load_data.html?order_code=212023072208552&kc_code=cgsh&condition= HTTP/1.1" 200 4878
222.70.180.90 - - [22/Jul/2023:10:29:35 +0800] "GET /xingrg/kc/buy/cgsh_order_operate.html?command=get_materiel&rest_code=00111&code=00101008298&supplier_code=00100005&order_time=2023-07-22 HTTP/1.1" 200 413
120.253.135.82 - - [22/Jul/2023:10:29:42 +0800] "GET /xingrg/all/function/internal_message.html?_=1689992805429&CODE_STATE=getMsg HTTP/1.1" 200 27
180.165.154.167 - - [22/Jul/2023:10:29:43 +0800] "GET /xingrg/all/function/internal_message.html?_=1689992983581&CODE_STATE=getMsg HTTP/1.1" 200 27
222.70.241.140 - - [22/Jul/2023:10:29:44 +0800] "GET /xingrg/all/function/internal_message.html?_=1689993006304&CODE_STATE=getMsg HTTP/1.1" 200 27
124.78.70.128 - - [22/Jul/2023:10:29:47 +0800] "GET /xingrg/all/function/internal_message.html?_=1689992459213&CODE_STATE=getMsg HTTP/1.1" 200 27
222.70.114.12 - - [22/Jul/2023:10:29:47 +0800] "GET /xingrg/all/function/internal_message.html?_=1689992999099&CODE_STATE=getMsg HTTP/1.1" 200 27
101.83.145.37 - - [22/Jul/2023:10:29:50 +0800] "GET /xingrg/all/function/internal_message.html?_=1689992800952&CODE_STATE=getMsg HTTP/1.1" 200 27
116.237.76.30 - - [22/Jul/2023:10:29:51 +0800] "GET /xingrg/kc/base/wldb_order_operate.html?command=get_materiel&rest_code=00106&base_code=0010396&code=00101019195 HTTP/1.1" 200 474
222.70.180.90 - - [22/Jul/2023:10:29:52 +0800] "GET /xingrg/kc/buy/cgsh_order_operate.html?command=get_materiel&rest_code=00111&code=00101008257&supplier_code=00100005&order_time=2023-07-22 HTTP/1.1" 200 416
116.238.191.126 - - [22/Jul/2023:10:29:52 +0800] "GET /xingrg/all/function/internal_message.html?_=1689992883402&CODE_STATE=getMsg HTTP/1.1" 200 27
180.163.29.212 - - [22/Jul/2023:10:29:55 +0800] "GET /xingrg/all/function/internal_message.html?_=1689992935095&CODE_STATE=getMsg HTTP/1.1" 302 -
180.163.29.212 - - [22/Jul/2023:10:29:55 +0800] "GET /xingrg/login.html HTTP/1.1" 200 7641
180.169.147.146 - - [22/Jul/2023:10:29:55 +0800] "GET /xingrg/all/function/internal_message.html?_=1689992995110&CODE_STATE=getMsg HTTP/1.1" 200 27
116.237.76.30 - - [22/Jul/2023:10:29:58 +0800] "GET /xingrg/kc/buy/cgsh_order_operate.html?command=get_materiel&rest_code=00106&code=00101006221&supplier_code=00100096&order_time=2023-07-22 HTTP/1.1" 200 419
222.70.180.90 - - [22/Jul/2023:10:30:03 +0800] "GET /xingrg/all/function/internal_message.html?_=1689992999325&CODE_STATE=getMsg HTTP/1.1" 200 27
124.79.243.110 - - [22/Jul/2023:10:30:08 +0800] "GET /xingrg/all/function/internal_message.html?_=1689993295416&CODE_STATE=getMsg HTTP/1.1" 200 27
101.83.241.186 - - [22/Jul/2023:10:30:11 +0800] "GET /xingrg/all/function/internal_message.html?_=1689993011753&CODE_STATE=getMsg HTTP/1.1" 200 27
58.39.105.90 - - [22/Jul/2023:10:30:12 +0800] "GET /xingrg/all/function/internal_message.html?_=1689993013047&CODE_STATE=getMsg HTTP/1.1" 200 27
101.83.241.186 - - [22/Jul/2023:10:30:15 +0800] "GET /xingrg/all/function/internal_message.html?_=1689993013128&CODE_STATE=getMsg HTTP/1.1" 200 27
116.232.195.127 - - [22/Jul/2023:10:30:15 +0800] "GET /xingrg/all/function/internal_message.html?_=1689992971186&CODE_STATE=getMsg HTTP/1.1" 200 27
101.83.145.37 - - [22/Jul/2023:10:30:16 +0800] "GET /xingrg/check_reg.html?_=1689993016698 HTTP/1.1" 200 22
180.165.154.167 - - [22/Jul/2023:10:30:19 +0800] "POST /xingrg/kc/buy/cgsh_order_operate.html HTTP/1.1" 200 37
116.237.76.30 - - [22/Jul/2023:10:30:19 +0800] "GET /xingrg/all/function/internal_message.html?_=1689993014781&CODE_STATE=getMsg HTTP/1.1" 200 27
222.70.180.90 - - [22/Jul/2023:10:30:19 +0800] "GET /xingrg/kc/buy/cgsh_order_operate.html?command=get_materiel&rest_code=00111&code=00101008256&supplier_code=00100005&order_time=2023-07-22 HTTP/1.1" 200 413
114.83.216.193 - - [22/Jul/2023:10:30:20 +0800] "GET /xingrg/all/function/internal_message.html?_=1689993143977&CODE_STATE=getMsg HTTP/1.1" 200 27
180.165.154.167 - - [22/Jul/2023:10:30:21 +0800] "POST /xingrg/kc/buy/cgsh_order_operate.html HTTP/1.1" 200 20378
101.83.145.37 - - [22/Jul/2023:10:30:22 +0800] "GET /xingrg/all/function/internal_message.html?_=1689993023011&CODE_STATE=getMsg HTTP/1.1" 200 27
218.81.68.40 - - [22/Jul/2023:10:30:23 +0800] "GET /xingrg/check_reg.html?_=1689993022373 HTTP/1.1" 200 22
114.85.113.108 - - [22/Jul/2023:10:30:26 +0800] "GET /xingrg/all/function/internal_message.html?_=1689993020334&CODE_STATE=getMsg HTTP/1.1" 200 27
222.70.180.90 - - [22/Jul/2023:10:30:30 +0800] "GET /xingrg/kc/buy/cgsh_order_operate.html?command=get_materiel&rest_code=00111&code=00101008747&supplier_code=00100005&order_time=2023-07-22 HTTP/1.1" 200 400
116.237.76.30 - - [22/Jul/2023:10:30:31 +0800] "GET /xingrg/all/function/internal_message.html?_=1689993033208&CODE_STATE=getMsg HTTP/1.1" 200 27
180.165.154.167 - - [22/Jul/2023:10:30:33 +0800] "GET /xingrg/kc/buy/cgsh_order_operate.html?command=get_materiel&rest_code=00108&code=00101008049&supplier_code=00100007&order_time=2023-07-22 HTTP/1.1" 200 408
180.152.241.196 - - [22/Jul/2023:10:30:33 +0800] "GET /xingrg/all/function/internal_message.html?_=1689993034214&CODE_STATE=getMsg HTTP/1.1" 200 27
120.253.135.82 - - [22/Jul/2023:10:30:42 +0800] "GET /xingrg/all/function/internal_message.html?_=1689992865453&CODE_STATE=getMsg HTTP/1.1" 200 27
180.165.154.167 - - [22/Jul/2023:10:30:42 +0800] "GET /xingrg/kc/buy/cgsh_order_operate.html?command=get_materiel&rest_code=00108&code=00101008331&supplier_code=00100007&order_time=2023-07-22 HTTP/1.1" 200 416
180.165.154.167 - - [22/Jul/2023:10:30:43 +0800] "GET /xingrg/all/function/internal_message.html?_=1689993043587&CODE_STATE=getMsg HTTP/1.1" 200 27
222.70.241.140 - - [22/Jul/2023:10:30:44 +0800] "GET /xingrg/all/function/internal_message.html?_=1689993066313&CODE_STATE=getMsg HTTP/1.1" 200 27
124.78.70.128 - - [22/Jul/2023:10:30:47 +0800] "GET /xingrg/all/function/internal_message.html?_=1689992519203&CODE_STATE=getMsg HTTP/1.1" 200 27
222.70.114.12 - - [22/Jul/2023:10:30:47 +0800] "GET /xingrg/all/function/internal_message.html?_=1689993059104&CODE_STATE=getMsg HTTP/1.1" 200 27
101.83.145.37 - - [22/Jul/2023:10:30:50 +0800] "GET /xingrg/all/function/internal_message.html?_=1689992860951&CODE_STATE=getMsg HTTP/1.1" 200 27
116.238.191.126 - - [22/Jul/2023:10:30:52 +0800] "GET /xingrg/check_reg.html?_=1689992943255 HTTP/1.1" 200 22
116.238.191.126 - - [22/Jul/2023:10:30:52 +0800] "GET /xingrg/all/function/internal_message.html?_=1689992943416&CODE_STATE=getMsg HTTP/1.1" 200 27
180.165.154.167 - - [22/Jul/2023:10:30:52 +0800] "GET /xingrg/kc/buy/cgsh_order_operate.html?command=get_materiel&rest_code=00108&code=00101008061&supplier_code=00100007&order_time=2023-07-22 HTTP/1.1" 200 422
116.237.76.30 - - [22/Jul/2023:10:30:53 +0800] "GET /xingrg/kc/buy/cgsh_order_operate.html?command=get_materiel&rest_code=00106&code=00101006111&supplier_code=00100096&order_time=2023-07-22 HTTP/1.1" 200 411
