101.83.145.37 - - [22/Jul/2023:11:09:11 +0800] "POST /xingrg/kc/base/wldb_order_operate.html HTTP/1.1" 200 4191
101.83.145.37 - - [22/Jul/2023:11:09:11 +0800] "GET /xingrg/kc/base/wldb_order_info.html?code=422023072202094 HTTP/1.1" 200 30436
101.83.241.186 - - [22/Jul/2023:11:09:12 +0800] "GET /xingrg/check_reg.html?_=1689995351780 HTTP/1.1" 200 22
101.83.241.186 - - [22/Jul/2023:11:09:12 +0800] "GET /xingrg/all/function/internal_message.html?_=1689995351777&CODE_STATE=getMsg HTTP/1.1" 200 27
101.83.145.37 - - [22/Jul/2023:11:09:12 +0800] "GET /xingrg/javascript/easyui/themes/default/validatebox.css HTTP/1.1" 404 1104
222.70.114.12 - - [22/Jul/2023:11:09:12 +0800] "GET /xingrg/kc/buy/cgsh_order_operate.html?command=get_materiel&rest_code=00156&code=00101008141&supplier_code=00100007&order_time=2023-07-22 HTTP/1.1" 200 412
222.70.180.90 - - [22/Jul/2023:11:09:12 +0800] "GET /xingrg/all/function/internal_message.html?_=1689995348864&CODE_STATE=getMsg HTTP/1.1" 200 27
101.83.145.37 - - [22/Jul/2023:11:09:13 +0800] "POST /xingrg/kc/base/wldb_order_operate.html HTTP/1.1" 200 4191
116.232.195.127 - - [22/Jul/2023:11:09:14 +0800] "GET /xingrg/all/function/internal_message.html?_=1689995310514&CODE_STATE=getMsg HTTP/1.1" 200 27
116.237.76.30 - - [22/Jul/2023:11:09:18 +0800] "GET /xingrg/all/function/internal_message.html?_=1689995354071&CODE_STATE=getMsg HTTP/1.1" 200 27
222.70.180.90 - - [22/Jul/2023:11:09:19 +0800] "GET /xingrg/kc/base/wldb_order_operate.html?command=get_materiel&rest_code=00111&base_code=0010283&code=00101019306 HTTP/1.1" 200 479
101.83.145.37 - - [22/Jul/2023:11:09:21 +0800] "GET /xingrg/all/function/internal_message.html?_=1689995362102&CODE_STATE=getMsg HTTP/1.1" 200 27
180.152.241.196 - - [22/Jul/2023:11:09:22 +0800] "POST /xingrg/kc/base/wldb_order_operate.html HTTP/1.1" 200 37
180.152.241.196 - - [22/Jul/2023:11:09:23 +0800] "POST /xingrg/kc/base/wldb_order_operate.html HTTP/1.1" 200 8027
222.70.114.12 - - [22/Jul/2023:11:09:24 +0800] "GET /xingrg/kc/buy/cgsh_order_operate.html?command=get_materiel&rest_code=00156&code=00101008197&supplier_code=00100007&order_time=2023-07-22 HTTP/1.1" 200 416
180.152.241.196 - - [22/Jul/2023:11:09:24 +0800] "GET /xingrg/kc/base/wldb_order_info.html?code=422023072202095 HTTP/1.1" 200 30433
180.152.241.196 - - [22/Jul/2023:11:09:24 +0800] "GET /xingrg/javascript/easyui/themes/default/validatebox.css HTTP/1.1" 404 1104
180.152.241.196 - - [22/Jul/2023:11:09:25 +0800] "POST /xingrg/kc/base/wldb_order_operate.html HTTP/1.1" 200 8027
222.70.180.90 - - [22/Jul/2023:11:09:25 +0800] "GET /xingrg/kc/base/wldb_order_operate.html?command=get_materiel&rest_code=00111&base_code=0010283&code=00101019315 HTTP/1.1" 200 475
114.85.113.108 - - [22/Jul/2023:11:09:25 +0800] "GET /xingrg/all/function/internal_message.html?_=1689995359658&CODE_STATE=getMsg HTTP/1.1" 200 27
222.70.114.12 - - [22/Jul/2023:11:09:26 +0800] "POST /xingrg/kc/buy/cgsh_order_operate.html HTTP/1.1" 200 2065
124.78.70.128 - - [22/Jul/2023:11:09:27 +0800] "GET /xingrg/kc/buy/cgsh_order_operate.html?command=get_materiel&rest_code=00141&code=00101008176&supplier_code=00100007&order_time=2023-07-22 HTTP/1.1" 200 413
101.83.145.37 - - [22/Jul/2023:11:09:32 +0800] "GET /xingrg/kc/base/wldb_order_add.html HTTP/1.1" 200 30422
101.83.145.37 - - [22/Jul/2023:11:09:32 +0800] "POST /xingrg/kc/base/wldb_order_operate.html HTTP/1.1" 200 6806
101.83.145.37 - - [22/Jul/2023:11:09:32 +0800] "GET /xingrg/javascript/easyui/themes/default/validatebox.css HTTP/1.1" 404 1104
222.70.114.12 - - [22/Jul/2023:11:09:32 +0800] "GET /xingrg/kc/buy/cgsh_order_operate.html?command=get_materiel&rest_code=00156&code=00101008223&supplier_code=00100007&order_time=2023-07-22 HTTP/1.1" 200 412
222.70.180.90 - - [22/Jul/2023:11:09:33 +0800] "GET /xingrg/kc/base/wldb_order_operate.html?command=get_materiel&rest_code=00111&base_code=0010283&code=00101019079 HTTP/1.1" 200 479
180.152.241.196 - - [22/Jul/2023:11:09:33 +0800] "GET /xingrg/all/function/internal_message.html?_=1689995374667&CODE_STATE=getMsg HTTP/1.1" 200 27
180.152.241.196 - - [22/Jul/2023:11:09:34 +0800] "GET /xingrg/check_reg.html?_=1689995374766 HTTP/1.1" 200 22
120.253.135.82 - - [22/Jul/2023:11:09:39 +0800] "GET /xingrg/all/function/internal_message.html?_=1689995202774&CODE_STATE=getMsg HTTP/1.1" 200 27
222.70.180.90 - - [22/Jul/2023:11:09:40 +0800] "GET /xingrg/kc/base/wldb_order_operate.html?command=get_materiel&rest_code=00111&base_code=0010283&code=00101019063 HTTP/1.1" 200 461
180.162.111.185 - - [22/Jul/2023:11:09:41 +0800] "GET /xingrg/all/function/internal_message.html?_=1689994125550&CODE_STATE=getMsg HTTP/1.1" 200 27
180.165.154.167 - - [22/Jul/2023:11:09:43 +0800] "GET /xingrg/all/function/internal_message.html?_=1689995383586&CODE_STATE=getMsg HTTP/1.1" 200 27
222.70.114.12 - - [22/Jul/2023:11:09:43 +0800] "GET /xingrg/kc/buy/cgsh_order_operate.html?command=get_materiel&rest_code=00156&code=00101008185&supplier_code=00100007&order_time=2023-07-22 HTTP/1.1" 200 408
222.70.241.140 - - [22/Jul/2023:11:09:46 +0800] "GET /xingrg/all/function/internal_message.html?_=1689995408248&CODE_STATE=getMsg HTTP/1.1" 200 27
101.228.187.155 - - [22/Jul/2023:11:09:46 +0800] "GET /xingrg/all/function/internal_message.html?_=1689995386471&CODE_STATE=getMsg HTTP/1.1" 200 27
222.70.114.12 - - [22/Jul/2023:11:09:46 +0800] "GET /xingrg/all/function/internal_message.html?_=1689995398251&CODE_STATE=getMsg HTTP/1.1" 200 27
222.70.114.12 - - [22/Jul/2023:11:09:46 +0800] "GET /xingrg/check_reg.html?_=1689995398253 HTTP/1.1" 200 22
124.78.70.128 - - [22/Jul/2023:11:09:47 +0800] "GET /xingrg/all/function/internal_message.html?_=1689994859252&CODE_STATE=getMsg HTTP/1.1" 200 27
180.152.241.196 - - [22/Jul/2023:11:09:49 +0800] "POST /xingrg/kc/base/wldb_order_operate.html HTTP/1.1" 200 37
101.83.145.37 - - [22/Jul/2023:11:09:50 +0800] "GET /xingrg/all/function/internal_message.html?_=1689995201017&CODE_STATE=getMsg HTTP/1.1" 200 27
222.70.114.12 - - [22/Jul/2023:11:09:51 +0800] "GET /xingrg/kc/buy/cgsh_order_operate.html?command=get_materiel&rest_code=00156&code=00101008264&supplier_code=00100007&order_time=2023-07-22 HTTP/1.1" 200 412
180.169.147.146 - - [22/Jul/2023:11:09:55 +0800] "GET /xingrg/all/function/internal_message.html?_=1689995395128&CODE_STATE=getMsg HTTP/1.1" 200 27
101.83.241.186 - - [22/Jul/2023:11:09:56 +0800] "GET /xingrg/kc/base/wldb_order_add.html HTTP/1.1" 200 30428
101.83.241.186 - - [22/Jul/2023:11:09:56 +0800] "POST /xingrg/kc/base/wldb_order_operate.html HTTP/1.1" 200 6806
101.83.241.186 - - [22/Jul/2023:11:09:56 +0800] "GET /xingrg/javascript/easyui/themes/default/validatebox.css HTTP/1.1" 404 1104
180.152.241.196 - - [22/Jul/2023:11:09:56 +0800] "POST /xingrg/kc/base/wldb_order_operate.html HTTP/1.1" 200 12
101.83.145.37 - - [22/Jul/2023:11:09:56 +0800] "GET /xingrg/kc/base/wldb_order_operate.html?command=get_materiel&rest_code=00105&base_code=0010507&code=00101019175 HTTP/1.1" 200 439
180.152.241.196 - - [22/Jul/2023:11:09:56 +0800] "POST /xingrg/kc/base/wldb_order_operate.html HTTP/1.1" 200 8026
222.70.180.90 - - [22/Jul/2023:11:09:58 +0800] "GET /xingrg/kc/base/wldb_order_operate.html?command=get_materiel&rest_code=00111&base_code=0010283&code=00102002314 HTTP/1.1" 200 461
180.152.241.196 - - [22/Jul/2023:11:10:00 +0800] "GET /xingrg/kc/base/wldb_order_info.html?code=422023072202095 HTTP/1.1" 200 26295
180.152.241.196 - - [22/Jul/2023:11:10:00 +0800] "GET /xingrg/javascript/easyui/themes/default/validatebox.css HTTP/1.1" 404 1104
180.152.241.196 - - [22/Jul/2023:11:10:00 +0800] "POST /xingrg/kc/base/wldb_order_operate.html HTTP/1.1" 200 6193
222.70.114.12 - - [22/Jul/2023:11:10:01 +0800] "GET /xingrg/kc/buy/cgsh_order_operate.html?command=get_materiel&rest_code=00156&code=00101008024&supplier_code=00100007&order_time=2023-07-22 HTTP/1.1" 200 408
116.238.191.126 - - [22/Jul/2023:11:10:04 +0800] "GET /xingrg/all/function/internal_message.html?_=1689995295130&CODE_STATE=getMsg HTTP/1.1" 200 27
101.83.241.186 - - [22/Jul/2023:11:10:05 +0800] "POST /xingrg/all/common/load_combo.html?type=base HTTP/1.1" 200 3409
124.79.243.110 - - [22/Jul/2023:11:10:08 +0800] "GET /xingrg/all/function/internal_message.html?_=1689995695455&CODE_STATE=getMsg HTTP/1.1" 200 27
101.83.241.186 - - [22/Jul/2023:11:10:12 +0800] "GET /xingrg/all/function/internal_message.html?_=1689995411795&CODE_STATE=getMsg HTTP/1.1" 200 27
222.70.180.90 - - [22/Jul/2023:11:10:12 +0800] "GET /xingrg/all/function/internal_message.html?_=1689995408838&CODE_STATE=getMsg HTTP/1.1" 200 27
222.70.114.12 - - [22/Jul/2023:11:10:13 +0800] "GET /xingrg/kc/buy/cgsh_order_operate.html?command=get_materiel&rest_code=00156&code=00101008360&supplier_code=00100007&order_time=2023-07-22 HTTP/1.1" 200 412
116.232.195.127 - - [22/Jul/2023:11:10:14 +0800] "GET /xingrg/all/function/internal_message.html?_=1689995370494&CODE_STATE=getMsg HTTP/1.1" 200 27
222.70.114.12 - - [22/Jul/2023:11:10:15 +0800] "POST /xingrg/kc/buy/cgsh_order_operate.html HTTP/1.1" 200 2065
101.83.145.37 - - [22/Jul/2023:11:10:16 +0800] "GET /xingrg/check_reg.html?_=1689995416751 HTTP/1.1" 200 22
101.83.145.37 - - [22/Jul/2023:11:10:17 +0800] "GET /xingrg/kc/base/wldb_order_operate.html?command=get_materiel&rest_code=00105&base_code=0010507&code=00101016076 HTTP/1.1" 200 477
116.237.76.30 - - [22/Jul/2023:11:10:18 +0800] "GET /xingrg/all/function/internal_message.html?_=1689995414043&CODE_STATE=getMsg HTTP/1.1" 200 27
222.70.114.12 - - [22/Jul/2023:11:10:21 +0800] "GET /xingrg/kc/buy/cgsh_order_operate.html?command=get_materiel&rest_code=00156&code=00101008270&supplier_code=00100007&order_time=2023-07-22 HTTP/1.1" 200 412
101.83.145.37 - - [22/Jul/2023:11:10:21 +0800] "GET /xingrg/all/function/internal_message.html?_=1689995422076&CODE_STATE=getMsg HTTP/1.1" 200 27
222.70.241.140 - - [22/Jul/2023:11:10:22 +0800] "POST /xingrg/services/DataTransmitService HTTP/1.1" 200 524
222.70.241.140 - - [22/Jul/2023:11:10:23 +0800] "POST /xingrg/services/DataTransmitService HTTP/1.1" 200 2335
218.81.68.40 - - [22/Jul/2023:11:10:23 +0800] "GET /xingrg/check_reg.html?_=1689995422263 HTTP/1.1" 200 22
222.70.180.90 - - [22/Jul/2023:11:10:24 +0800] "GET /xingrg/kc/base/wldb_order_operate.html?command=get_materiel&rest_code=00111&base_code=0010283&code=00101019199 HTTP/1.1" 200 472
222.70.241.140 - - [22/Jul/2023:11:10:25 +0800] "POST /xingrg/services/DataTransmitService HTTP/1.1" 200 174727
124.78.70.128 - - [22/Jul/2023:11:10:25 +0800] "GET /xingrg/kc/buy/cgsh_order_operate.html?command=get_materiel&rest_code=00141&code=00101008748&supplier_code=00100007&order_time=2023-07-22 HTTP/1.1" 200 402
101.83.241.186 - - [22/Jul/2023:11:10:25 +0800] "GET /xingrg/kc/base/wldb_order_operate.html?command=get_materiel&rest_code=00149&base_code=0010394&code=00101019187 HTTP/1.1" 200 479
114.85.113.108 - - [22/Jul/2023:11:10:25 +0800] "GET /xingrg/all/function/internal_message.html?_=1689995419643&CODE_STATE=getMsg HTTP/1.1" 200 27
101.83.145.37 - - [22/Jul/2023:11:10:26 +0800] "POST /xingrg/services/DataTransmitService HTTP/1.1" 200 524
101.83.145.37 - - [22/Jul/2023:11:10:27 +0800] "POST /xingrg/services/DataTransmitService HTTP/1.1" 200 2315
101.83.145.37 - - [22/Jul/2023:11:10:29 +0800] "POST /xingrg/services/DataTransmitService HTTP/1.1" 200 163880
101.83.241.186 - - [22/Jul/2023:11:10:33 +0800] "GET /xingrg/kc/base/wldb_order_operate.html?command=get_materiel&rest_code=00149&base_code=0010394&code=00101019071 HTTP/1.1" 200 470
180.152.241.196 - - [22/Jul/2023:11:10:33 +0800] "GET /xingrg/all/function/internal_message.html?_=1689995434665&CODE_STATE=getMsg HTTP/1.1" 200 27
222.70.114.12 - - [22/Jul/2023:11:10:33 +0800] "GET /xingrg/kc/buy/cgsh_order_operate.html?command=get_materiel&rest_code=00156&code=00101008357&supplier_code=00100007&order_time=2023-07-22 HTTP/1.1" 200 408
222.70.180.90 - - [22/Jul/2023:11:10:37 +0800] "POST /xingrg/kc/base/wldb_order_operate.html HTTP/1.1" 200 37
222.70.180.90 - - [22/Jul/2023:11:10:37 +0800] "POST /xingrg/kc/base/wldb_order_operate.html HTTP/1.1" 200 5211
222.70.180.90 - - [22/Jul/2023:11:10:38 +0800] "GET /xingrg/kc/base/wldb_order_info.html?code=422023072202096 HTTP/1.1" 200 30437
222.70.180.90 - - [22/Jul/2023:11:10:39 +0800] "GET /xingrg/javascript/easyui/themes/default/validatebox.css HTTP/1.1" 404 1104
120.253.135.82 - - [22/Jul/2023:11:10:39 +0800] "GET /xingrg/all/function/internal_message.html?_=1689995262788&CODE_STATE=getMsg HTTP/1.1" 200 27
222.70.180.90 - - [22/Jul/2023:11:10:40 +0800] "POST /xingrg/kc/base/wldb_order_operate.html HTTP/1.1" 200 5211
101.83.241.186 - - [22/Jul/2023:11:10:40 +0800] "GET /xingrg/kc/base/wldb_order_operate.html?command=get_materiel&rest_code=00149&base_code=0010394&code=00101019390 HTTP/1.1" 200 470
180.162.111.185 - - [22/Jul/2023:11:10:41 +0800] "GET /xingrg/all/function/internal_message.html?_=1689994185527&CODE_STATE=getMsg HTTP/1.1" 200 27
222.70.114.12 - - [22/Jul/2023:11:10:42 +0800] "GET /xingrg/kc/buy/cgsh_order_operate.html?command=get_materiel&rest_code=00156&code=00101008286&supplier_code=00100007&order_time=2023-07-22 HTTP/1.1" 200 408
180.165.154.167 - - [22/Jul/2023:11:10:43 +0800] "GET /xingrg/all/function/internal_message.html?_=1689995443576&CODE_STATE=getMsg HTTP/1.1" 200 27
222.70.180.90 - - [22/Jul/2023:11:10:45 +0800] "GET /xingrg/kc/base/wldb_order_add.html HTTP/1.1" 200 30422
222.70.180.90 - - [22/Jul/2023:11:10:45 +0800] "POST /xingrg/kc/base/wldb_order_operate.html HTTP/1.1" 200 6806
222.70.180.90 - - [22/Jul/2023:11:10:45 +0800] "GET /xingrg/javascript/easyui/themes/default/validatebox.css HTTP/1.1" 404 1104
101.83.241.186 - - [22/Jul/2023:11:10:46 +0800] "GET /xingrg/kc/base/wldb_order_operate.html?command=get_materiel&rest_code=00149&base_code=0010394&code=00101016120 HTTP/1.1" 200 455
222.70.241.140 - - [22/Jul/2023:11:10:46 +0800] "GET /xingrg/all/function/internal_message.html?_=1689995468262&CODE_STATE=getMsg HTTP/1.1" 200 27
101.228.187.155 - - [22/Jul/2023:11:10:46 +0800] "GET /xingrg/all/function/internal_message.html?_=1689995446471&CODE_STATE=getMsg HTTP/1.1" 200 27
222.70.114.12 - - [22/Jul/2023:11:10:46 +0800] "GET /xingrg/all/function/internal_message.html?_=1689995458253&CODE_STATE=getMsg HTTP/1.1" 200 27
124.78.70.128 - - [22/Jul/2023:11:10:47 +0800] "GET /xingrg/all/function/internal_message.html?_=1689994919261&CODE_STATE=getMsg HTTP/1.1" 200 27
101.83.145.37 - - [22/Jul/2023:11:10:50 +0800] "GET /xingrg/all/function/internal_message.html?_=1689995261013&CODE_STATE=getMsg HTTP/1.1" 200 27
222.70.114.12 - - [22/Jul/2023:11:10:52 +0800] "GET /xingrg/kc/buy/cgsh_order_operate.html?command=get_materiel&rest_code=00156&code=00101008353&supplier_code=00100007&order_time=2023-07-22 HTTP/1.1" 200 408
101.83.241.186 - - [22/Jul/2023:11:10:54 +0800] "GET /xingrg/all/function/internal_message.html?_=1689995452581&CODE_STATE=getMsg HTTP/1.1" 200 27
180.169.147.146 - - [22/Jul/2023:11:10:55 +0800] "GET /xingrg/check_reg.html?_=1689995455124 HTTP/1.1" 200 22
180.169.147.146 - - [22/Jul/2023:11:10:55 +0800] "GET /xingrg/all/function/internal_message.html?_=1689995455127&CODE_STATE=getMsg HTTP/1.1" 200 27
222.70.180.90 - - [22/Jul/2023:11:10:58 +0800] "GET /xingrg/kc/base/wldb_order_operate.html?command=get_materiel&rest_code=00111&base_code=0010283&code=00101019535 HTTP/1.1" 200 477
222.70.114.12 - - [22/Jul/2023:11:10:59 +0800] "GET /xingrg/kc/buy/cgsh_order_operate.html?command=get_materiel&rest_code=00156&code=00101008696&supplier_code=00100007&order_time=2023-07-22 HTTP/1.1" 200 412
101.83.241.186 - - [22/Jul/2023:11:11:00 +0800] "GET /xingrg/kc/base/wldb_order_operate.html?command=get_materiel&rest_code=00149&base_code=0010394&code=00101019082 HTTP/1.1" 200 438
101.83.145.37 - - [22/Jul/2023:11:11:03 +0800] "GET /xingrg/kc/base/wldb_order_operate.html?command=get_materiel&rest_code=00105&base_code=0010507&code=00101019110 HTTP/1.1" 200 475
116.238.191.126 - - [22/Jul/2023:11:11:04 +0800] "GET /xingrg/check_reg.html?_=1689995355082 HTTP/1.1" 200 22
116.238.191.126 - - [22/Jul/2023:11:11:04 +0800] "GET /xingrg/all/function/internal_message.html?_=1689995355144&CODE_STATE=getMsg HTTP/1.1" 200 27
101.83.241.186 - - [22/Jul/2023:11:11:08 +0800] "GET /xingrg/kc/base/wldb_order_operate.html?command=get_materiel&rest_code=00149&base_code=0010394&code=00101019503 HTTP/1.1" 200 467
222.70.180.90 - - [22/Jul/2023:11:11:08 +0800] "GET /xingrg/kc/base/wldb_order_operate.html?command=get_materiel&rest_code=00111&base_code=0010283&code=00101019187 HTTP/1.1" 200 478
124.79.243.110 - - [22/Jul/2023:11:11:08 +0800] "GET /xingrg/all/function/internal_message.html?_=1689995755455&CODE_STATE=getMsg HTTP/1.1" 200 27
222.70.114.12 - - [22/Jul/2023:11:11:10 +0800] "GET /xingrg/kc/buy/cgsh_order_operate.html?command=get_materiel&rest_code=00156&code=00101008131&supplier_code=00100007&order_time=2023-07-22 HTTP/1.1" 200 409
101.83.241.186 - - [22/Jul/2023:11:11:12 +0800] "GET /xingrg/all/function/internal_message.html?_=1689995471785&CODE_STATE=getMsg HTTP/1.1" 200 27
222.70.180.90 - - [22/Jul/2023:11:11:12 +0800] "GET /xingrg/all/function/internal_message.html?_=1689995468939&CODE_STATE=getMsg HTTP/1.1" 200 27
222.70.180.90 - - [22/Jul/2023:11:11:14 +0800] "GET /xingrg/kc/base/wldb_order_operate.html?command=get_materiel&rest_code=00111&base_code=0010283&code=00101019071 HTTP/1.1" 200 471
116.232.195.127 - - [22/Jul/2023:11:11:14 +0800] "GET /xingrg/all/function/internal_message.html?_=1689995430477&CODE_STATE=getMsg HTTP/1.1" 200 27
116.232.195.127 - - [22/Jul/2023:11:11:15 +0800] "GET /xingrg/check_reg.html?_=1689995431612 HTTP/1.1" 200 22
101.83.241.186 - - [22/Jul/2023:11:11:17 +0800] "GET /xingrg/kc/base/wldb_order_operate.html?command=get_materiel&rest_code=00149&base_code=0010394&code=00101019243 HTTP/1.1" 200 463
116.237.76.30 - - [22/Jul/2023:11:11:18 +0800] "GET /xingrg/all/function/internal_message.html?_=1689995474028&CODE_STATE=getMsg HTTP/1.1" 200 27
222.70.180.90 - - [22/Jul/2023:11:11:21 +0800] "GET /xingrg/kc/base/wldb_order_operate.html?command=get_materiel&rest_code=00111&base_code=0010283&code=00101019339 HTTP/1.1" 200 469
101.83.145.37 - - [22/Jul/2023:11:11:21 +0800] "GET /xingrg/all/function/internal_message.html?_=1689995482054&CODE_STATE=getMsg HTTP/1.1" 200 27
101.83.145.37 - - [22/Jul/2023:11:11:22 +0800] "GET /xingrg/kc/base/wldb_order_operate.html?command=get_materiel&rest_code=00105&base_code=0010507&code=00101019267 HTTP/1.1" 200 479
114.85.113.108 - - [22/Jul/2023:11:11:25 +0800] "GET /xingrg/all/function/internal_message.html?_=1689995479630&CODE_STATE=getMsg HTTP/1.1" 200 27
222.70.180.90 - - [22/Jul/2023:11:11:32 +0800] "GET /xingrg/kc/base/wldb_order_operate.html?command=get_materiel&rest_code=00111&base_code=0010283&code=00101019430 HTTP/1.1" 200 478
180.152.241.196 - - [22/Jul/2023:11:11:33 +0800] "GET /xingrg/all/function/internal_message.html?_=1689995494639&CODE_STATE=getMsg HTTP/1.1" 200 27
222.70.180.90 - - [22/Jul/2023:11:11:39 +0800] "GET /xingrg/kc/base/wldb_order_operate.html?command=get_materiel&rest_code=00111&base_code=0010283&code=00101016076 HTTP/1.1" 200 477
120.253.135.82 - - [22/Jul/2023:11:11:40 +0800] "GET /xingrg/all/function/internal_message.html?_=1689995322817&CODE_STATE=getMsg HTTP/1.1" 200 27
180.162.111.185 - - [22/Jul/2023:11:11:41 +0800] "GET /xingrg/all/function/internal_message.html?_=1689994245515&CODE_STATE=getMsg HTTP/1.1" 200 27
101.83.241.186 - - [22/Jul/2023:11:11:43 +0800] "POST /xingrg/kc/base/wldb_order_operate.html HTTP/1.1" 200 37
180.165.154.167 - - [22/Jul/2023:11:11:43 +0800] "GET /xingrg/all/function/internal_message.html?_=1689995503588&CODE_STATE=getMsg HTTP/1.1" 200 27
222.70.241.140 - - [22/Jul/2023:11:11:43 +0800] "GET /xingrg/check_reg.html?_=1689995525955 HTTP/1.1" 200 22
222.70.180.90 - - [22/Jul/2023:11:11:44 +0800] "GET /xingrg/kc/base/wldb_order_operate.html?command=get_materiel&rest_code=00111&base_code=0010283&code=00101019438 HTTP/1.1" 200 462
222.70.241.140 - - [22/Jul/2023:11:11:46 +0800] "GET /xingrg/all/function/internal_message.html?_=1689995528275&CODE_STATE=getMsg HTTP/1.1" 200 27
101.228.187.155 - - [22/Jul/2023:11:11:46 +0800] "GET /xingrg/all/function/internal_message.html?_=1689995506471&CODE_STATE=getMsg HTTP/1.1" 200 27
101.228.187.155 - - [22/Jul/2023:11:11:46 +0800] "GET /xingrg/check_reg.html?_=1689995506476 HTTP/1.1" 200 22
222.70.114.12 - - [22/Jul/2023:11:11:46 +0800] "GET /xingrg/all/function/internal_message.html?_=1689995518263&CODE_STATE=getMsg HTTP/1.1" 200 27
124.78.70.128 - - [22/Jul/2023:11:11:47 +0800] "GET /xingrg/all/function/internal_message.html?_=1689994979325&CODE_STATE=getMsg HTTP/1.1" 200 27
101.83.145.37 - - [22/Jul/2023:11:11:50 +0800] "GET /xingrg/all/function/internal_message.html?_=1689995321013&CODE_STATE=getMsg HTTP/1.1" 200 27
101.83.241.186 - - [22/Jul/2023:11:11:51 +0800] "POST /xingrg/kc/base/wldb_order_operate.html HTTP/1.1" 200 12
101.83.241.186 - - [22/Jul/2023:11:11:51 +0800] "POST /xingrg/kc/base/wldb_order_operate.html HTTP/1.1" 200 5687
101.83.241.186 - - [22/Jul/2023:11:11:53 +0800] "GET /xingrg/kc/base/wldb_order_info.html?code=422023072202097 HTTP/1.1" 200 26307
101.83.241.186 - - [22/Jul/2023:11:11:53 +0800] "GET /xingrg/javascript/easyui/themes/default/validatebox.css HTTP/1.1" 404 1104
101.83.241.186 - - [22/Jul/2023:11:11:54 +0800] "GET /xingrg/all/function/internal_message.html?_=1689995512571&CODE_STATE=getMsg HTTP/1.1" 200 27
222.70.180.90 - - [22/Jul/2023:11:11:54 +0800] "POST /xingrg/kc/base/wldb_order_operate.html HTTP/1.1" 200 37
101.83.241.186 - - [22/Jul/2023:11:11:54 +0800] "POST /xingrg/kc/base/wldb_order_operate.html HTTP/1.1" 200 3903
180.169.147.146 - - [22/Jul/2023:11:11:55 +0800] "GET /xingrg/all/function/internal_message.html?_=1689995515123&CODE_STATE=getMsg HTTP/1.1" 200 27
222.70.180.90 - - [22/Jul/2023:11:11:56 +0800] "POST /xingrg/kc/base/wldb_order_operate.html HTTP/1.1" 200 5246
101.83.241.186 - - [22/Jul/2023:11:11:57 +0800] "GET /xingrg/kc/base/wldb_order_add.html HTTP/1.1" 200 30428
222.70.180.90 - - [22/Jul/2023:11:11:57 +0800] "GET /xingrg/kc/base/wldb_order_info.html?code=422023072202098 HTTP/1.1" 200 30436
101.83.241.186 - - [22/Jul/2023:11:11:58 +0800] "POST /xingrg/kc/base/wldb_order_operate.html HTTP/1.1" 200 6806
101.83.241.186 - - [22/Jul/2023:11:11:58 +0800] "GET /xingrg/javascript/easyui/themes/default/validatebox.css HTTP/1.1" 404 1104
222.70.180.90 - - [22/Jul/2023:11:11:58 +0800] "GET /xingrg/javascript/easyui/themes/default/validatebox.css HTTP/1.1" 404 1104
222.70.180.90 - - [22/Jul/2023:11:11:59 +0800] "POST /xingrg/kc/base/wldb_order_operate.html HTTP/1.1" 200 5246
222.70.180.90 - - [22/Jul/2023:11:12:00 +0800] "GET /xingrg/kc/base/wldb_order_add.html HTTP/1.1" 200 30422
222.70.180.90 - - [22/Jul/2023:11:12:01 +0800] "POST /xingrg/kc/base/wldb_order_operate.html HTTP/1.1" 200 6806
222.70.180.90 - - [22/Jul/2023:11:12:01 +0800] "GET /xingrg/javascript/easyui/themes/default/validatebox.css HTTP/1.1" 404 1104
101.83.241.186 - - [22/Jul/2023:11:12:01 +0800] "POST /xingrg/all/common/load_combo.html?type=base HTTP/1.1" 200 3409
116.238.191.126 - - [22/Jul/2023:11:12:04 +0800] "GET /xingrg/all/function/internal_message.html?_=1689995415159&CODE_STATE=getMsg HTTP/1.1" 200 27
124.79.243.110 - - [22/Jul/2023:11:12:08 +0800] "GET /xingrg/all/function/internal_message.html?_=1689995815455&CODE_STATE=getMsg HTTP/1.1" 200 27
124.79.243.110 - - [22/Jul/2023:11:12:08 +0800] "GET /xingrg/check_reg.html?_=1689995815456 HTTP/1.1" 200 22
101.83.241.186 - - [22/Jul/2023:11:12:12 +0800] "GET /xingrg/all/function/internal_message.html?_=1689995531781&CODE_STATE=getMsg HTTP/1.1" 200 27
101.83.241.186 - - [22/Jul/2023:11:12:12 +0800] "GET /xingrg/kc/base/wldb_order_operate.html?command=get_materiel&rest_code=00149&base_code=0010394&code=00101013052 HTTP/1.1" 200 442
222.70.180.90 - - [22/Jul/2023:11:12:12 +0800] "GET /xingrg/all/function/internal_message.html?_=1689995528923&CODE_STATE=getMsg HTTP/1.1" 200 27
101.83.145.37 - - [22/Jul/2023:11:12:12 +0800] "GET /xingrg/kc/base/wldb_order_operate.html?command=get_materiel&rest_code=00105&base_code=0010507&code=00101019258 HTTP/1.1" 200 483
116.232.195.127 - - [22/Jul/2023:11:12:14 +0800] "GET /xingrg/all/function/internal_message.html?_=1689995490468&CODE_STATE=getMsg HTTP/1.1" 200 27
116.237.76.30 - - [22/Jul/2023:11:12:18 +0800] "GET /xingrg/all/function/internal_message.html?_=1689995534016&CODE_STATE=getMsg HTTP/1.1" 200 27
101.83.241.186 - - [22/Jul/2023:11:12:19 +0800] "GET /xingrg/kc/base/wldb_order_operate.html?command=get_materiel&rest_code=00149&base_code=0010394&code=00101019127 HTTP/1.1" 200 479
180.162.111.185 - - [22/Jul/2023:11:12:19 +0800] "GET /xingrg/check_reg.html?_=1689994283353 HTTP/1.1" 200 22
101.83.145.37 - - [22/Jul/2023:11:12:21 +0800] "GET /xingrg/all/function/internal_message.html?_=1689995542022&CODE_STATE=getMsg HTTP/1.1" 200 27
222.70.114.12 - - [22/Jul/2023:11:12:25 +0800] "POST /xingrg/kc/buy/cgsh_order_operate.html HTTP/1.1" 200 2065
114.85.113.108 - - [22/Jul/2023:11:12:25 +0800] "GET /xingrg/all/function/internal_message.html?_=1689995539615&CODE_STATE=getMsg HTTP/1.1" 200 27
101.83.145.37 - - [22/Jul/2023:11:12:26 +0800] "GET /xingrg/kc/base/wldb_order_operate.html?command=get_materiel&rest_code=00105&base_code=0010507&code=00101019222 HTTP/1.1" 200 454
101.83.241.186 - - [22/Jul/2023:11:12:31 +0800] "GET /xingrg/kc/base/wldb_order_operate.html?command=get_materiel&rest_code=00149&base_code=0010394&code=00101019184 HTTP/1.1" 200 456
222.70.114.12 - - [22/Jul/2023:11:12:32 +0800] "GET /xingrg/kc/buy/cgsh_order_operate.html?command=get_materiel&rest_code=00156&code=00101008005&supplier_code=00100007&order_time=2023-07-22 HTTP/1.1" 200 412
180.152.241.196 - - [22/Jul/2023:11:12:33 +0800] "GET /xingrg/all/function/internal_message.html?_=1689995554616&CODE_STATE=getMsg HTTP/1.1" 200 27
120.253.135.82 - - [22/Jul/2023:11:12:40 +0800] "GET /xingrg/all/function/internal_message.html?_=1689995382830&CODE_STATE=getMsg HTTP/1.1" 200 27
222.70.114.12 - - [22/Jul/2023:11:12:41 +0800] "GET /xingrg/kc/buy/cgsh_order_operate.html?command=get_materiel&rest_code=00156&code=00101008331&supplier_code=00100007&order_time=2023-07-22 HTTP/1.1" 200 416
180.162.111.185 - - [22/Jul/2023:11:12:41 +0800] "GET /xingrg/all/function/internal_message.html?_=1689994305531&CODE_STATE=getMsg HTTP/1.1" 200 27
180.165.154.167 - - [22/Jul/2023:11:12:43 +0800] "GET /xingrg/all/function/internal_message.html?_=1689995563583&CODE_STATE=getMsg HTTP/1.1" 200 27
101.83.241.186 - - [22/Jul/2023:11:12:44 +0800] "GET /xingrg/kc/base/wldb_order_operate.html?command=get_materiel&rest_code=00149&base_code=0010394&code=00101019448 HTTP/1.1" 200 483
222.70.241.140 - - [22/Jul/2023:11:12:46 +0800] "GET /xingrg/all/function/internal_message.html?_=1689995588288&CODE_STATE=getMsg HTTP/1.1" 200 27
101.228.187.155 - - [22/Jul/2023:11:12:46 +0800] "GET /xingrg/all/function/internal_message.html?_=1689995566477&CODE_STATE=getMsg HTTP/1.1" 200 27
222.70.114.12 - - [22/Jul/2023:11:12:46 +0800] "GET /xingrg/all/function/internal_message.html?_=1689995578265&CODE_STATE=getMsg HTTP/1.1" 200 27
101.83.145.37 - - [22/Jul/2023:11:12:46 +0800] "GET /xingrg/kc/base/wldb_order_operate.html?command=get_materiel&rest_code=00105&base_code=0010507&code=00101019542 HTTP/1.1" 200 447
124.78.70.128 - - [22/Jul/2023:11:12:47 +0800] "GET /xingrg/all/function/internal_message.html?_=1689995039261&CODE_STATE=getMsg HTTP/1.1" 200 27
222.70.114.12 - - [22/Jul/2023:11:12:48 +0800] "GET /xingrg/kc/buy/cgsh_order_operate.html?command=get_materiel&rest_code=00156&code=00101008372&supplier_code=00100007&order_time=2023-07-22 HTTP/1.1" 200 408
101.83.145.37 - - [22/Jul/2023:11:12:50 +0800] "GET /xingrg/all/function/internal_message.html?_=1689995381026&CODE_STATE=getMsg HTTP/1.1" 200 27
101.83.241.186 - - [22/Jul/2023:11:12:54 +0800] "GET /xingrg/all/function/internal_message.html?_=1689995572552&CODE_STATE=getMsg HTTP/1.1" 200 27
180.169.147.146 - - [22/Jul/2023:11:12:55 +0800] "GET /xingrg/all/function/internal_message.html?_=1689995575127&CODE_STATE=getMsg HTTP/1.1" 200 27
222.70.114.12 - - [22/Jul/2023:11:12:57 +0800] "GET /xingrg/kc/buy/cgsh_order_operate.html?command=get_materiel&rest_code=00156&code=00101008087&supplier_code=00100007&order_time=2023-07-22 HTTP/1.1" 200 412
101.83.241.186 - - [22/Jul/2023:11:13:02 +0800] "POST /xingrg/kc/base/wldb_order_operate.html HTTP/1.1" 200 37
222.70.114.12 - - [22/Jul/2023:11:13:03 +0800] "GET /xingrg/kc/buy/cgsh_order_operate.html?command=get_materiel&rest_code=00156&code=00101008148&supplier_code=00100007&order_time=2023-07-22 HTTP/1.1" 200 416
101.83.145.37 - - [22/Jul/2023:11:13:04 +0800] "GET /xingrg/kc/base/wldb_order_operate.html?command=get_materiel&rest_code=00105&base_code=0010507&code=00101019400 HTTP/1.1" 200 465
116.238.191.126 - - [22/Jul/2023:11:13:04 +0800] "GET /xingrg/all/function/internal_message.html?_=1689995475171&CODE_STATE=getMsg HTTP/1.1" 200 27
222.70.114.12 - - [22/Jul/2023:11:13:05 +0800] "POST /xingrg/kc/buy/cgsh_order_operate.html HTTP/1.1" 200 2065
101.83.241.186 - - [22/Jul/2023:11:13:08 +0800] "POST /xingrg/kc/base/wldb_order_operate.html HTTP/1.1" 200 12
101.83.241.186 - - [22/Jul/2023:11:13:08 +0800] "POST /xingrg/kc/base/wldb_order_operate.html HTTP/1.1" 200 4691
124.79.243.110 - - [22/Jul/2023:11:13:08 +0800] "GET /xingrg/all/function/internal_message.html?_=1689995875454&CODE_STATE=getMsg HTTP/1.1" 200 27
101.83.241.186 - - [22/Jul/2023:11:13:09 +0800] "GET /xingrg/kc/base/wldb_order_info.html?code=422023072202099 HTTP/1.1" 200 26307
101.83.241.186 - - [22/Jul/2023:11:13:10 +0800] "GET /xingrg/javascript/easyui/themes/default/validatebox.css HTTP/1.1" 404 1104
101.83.241.186 - - [22/Jul/2023:11:13:10 +0800] "POST /xingrg/kc/base/wldb_order_operate.html HTTP/1.1" 200 2931
101.83.241.186 - - [22/Jul/2023:11:13:12 +0800] "GET /xingrg/all/function/internal_message.html?_=1689995591788&CODE_STATE=getMsg HTTP/1.1" 200 27
222.70.180.90 - - [22/Jul/2023:11:13:12 +0800] "GET /xingrg/all/function/internal_message.html?_=1689995588895&CODE_STATE=getMsg HTTP/1.1" 200 27
222.70.180.90 - - [22/Jul/2023:11:13:13 +0800] "GET /xingrg/check_reg.html?_=1689995589026 HTTP/1.1" 200 22
101.83.241.186 - - [22/Jul/2023:11:13:14 +0800] "GET /xingrg/kc/base/wldb_order_add.html HTTP/1.1" 200 30428
101.83.241.186 - - [22/Jul/2023:11:13:14 +0800] "POST /xingrg/kc/base/wldb_order_operate.html HTTP/1.1" 200 6806
101.83.241.186 - - [22/Jul/2023:11:13:14 +0800] "GET /xingrg/javascript/easyui/themes/default/validatebox.css HTTP/1.1" 404 1104
116.232.195.127 - - [22/Jul/2023:11:13:14 +0800] "GET /xingrg/all/function/internal_message.html?_=1689995550465&CODE_STATE=getMsg HTTP/1.1" 200 27
101.83.241.186 - - [22/Jul/2023:11:13:17 +0800] "POST /xingrg/all/common/load_combo.html?type=base HTTP/1.1" 200 3409
116.237.76.30 - - [22/Jul/2023:11:13:17 +0800] "GET /xingrg/check_reg.html?_=1689995593586 HTTP/1.1" 200 22
116.237.76.30 - - [22/Jul/2023:11:13:18 +0800] "GET /xingrg/all/function/internal_message.html?_=1689995593995&CODE_STATE=getMsg HTTP/1.1" 200 27
101.83.145.37 - - [22/Jul/2023:11:13:21 +0800] "GET /xingrg/all/function/internal_message.html?_=1689995601991&CODE_STATE=getMsg HTTP/1.1" 200 27
101.83.145.37 - - [22/Jul/2023:11:13:22 +0800] "GET /xingrg/kc/base/wldb_order_operate.html?command=get_materiel&rest_code=00105&base_code=0010507&code=00101019183 HTTP/1.1" 200 449
114.85.113.108 - - [22/Jul/2023:11:13:25 +0800] "GET /xingrg/all/function/internal_message.html?_=1689995599599&CODE_STATE=getMsg HTTP/1.1" 200 27
101.83.241.186 - - [22/Jul/2023:11:13:27 +0800] "GET /xingrg/kc/base/wldb_order_operate.html?command=get_materiel&rest_code=00149&base_code=0010394&code=00101016049 HTTP/1.1" 200 445
222.70.114.12 - - [22/Jul/2023:11:13:27 +0800] "POST /xingrg/kc/buy/cgsh_order_operate.html HTTP/1.1" 200 37
180.152.241.196 - - [22/Jul/2023:11:13:33 +0800] "GET /xingrg/all/function/internal_message.html?_=1689995614596&CODE_STATE=getMsg HTTP/1.1" 200 27
222.70.114.12 - - [22/Jul/2023:11:13:36 +0800] "POST /xingrg/kc/buy/cgsh_order_operate.html HTTP/1.1" 200 23939
101.83.145.37 - - [22/Jul/2023:11:13:37 +0800] "GET /xingrg/kc/base/wldb_order_operate.html?command=get_materiel&rest_code=00105&base_code=0010507&code=00101019018 HTTP/1.1" 200 465
222.70.114.12 - - [22/Jul/2023:11:13:38 +0800] "GET /xingrg/kc/print/load_config.html?kc_code=cgsh HTTP/1.1" 200 1924
222.70.114.12 - - [22/Jul/2023:11:13:39 +0800] "GET /xingrg/kc/print/load_data.html?order_code=212023072208574&kc_code=cgsh&condition= HTTP/1.1" 200 8773
120.253.135.82 - - [22/Jul/2023:11:13:40 +0800] "GET /xingrg/all/function/internal_message.html?_=1689995442873&CODE_STATE=getMsg HTTP/1.1" 200 27
180.162.111.185 - - [22/Jul/2023:11:13:41 +0800] "GET /xingrg/all/function/internal_message.html?_=1689994365530&CODE_STATE=getMsg HTTP/1.1" 200 27
180.165.154.167 - - [22/Jul/2023:11:13:43 +0800] "GET /xingrg/all/function/internal_message.html?_=1689995623581&CODE_STATE=getMsg HTTP/1.1" 200 27
180.165.154.167 - - [22/Jul/2023:11:13:43 +0800] "GET /xingrg/check_reg.html?_=1689995623582 HTTP/1.1" 200 22
222.70.180.90 - - [22/Jul/2023:11:13:45 +0800] "POST /xingrg/services/DataTransmitService HTTP/1.1" 200 524
120.253.135.82 - - [22/Jul/2023:11:13:46 +0800] "GET /xingrg/check_reg.html?_=1689995448824 HTTP/1.1" 200 22
222.70.241.140 - - [22/Jul/2023:11:13:46 +0800] "GET /xingrg/all/function/internal_message.html?_=1689995648302&CODE_STATE=getMsg HTTP/1.1" 200 27
101.228.187.155 - - [22/Jul/2023:11:13:46 +0800] "GET /xingrg/all/function/internal_message.html?_=1689995626477&CODE_STATE=getMsg HTTP/1.1" 200 27
222.70.114.12 - - [22/Jul/2023:11:13:46 +0800] "GET /xingrg/all/function/internal_message.html?_=1689995638267&CODE_STATE=getMsg HTTP/1.1" 200 27
114.85.113.108 - - [22/Jul/2023:11:13:47 +0800] "GET /xingrg/check_reg.html?_=1689995620913 HTTP/1.1" 200 22
124.78.70.128 - - [22/Jul/2023:11:13:47 +0800] "GET /xingrg/all/function/internal_message.html?_=1689995099260&CODE_STATE=getMsg HTTP/1.1" 200 27
124.78.70.128 - - [22/Jul/2023:11:13:47 +0800] "GET /xingrg/check_reg.html?_=1689995099259 HTTP/1.1" 200 22
101.83.145.37 - - [22/Jul/2023:11:13:50 +0800] "GET /xingrg/all/function/internal_message.html?_=1689995441019&CODE_STATE=getMsg HTTP/1.1" 200 27
101.83.145.37 - - [22/Jul/2023:11:13:50 +0800] "GET /xingrg/check_reg.html?_=1689995441028 HTTP/1.1" 200 22
222.70.180.90 - - [22/Jul/2023:11:13:51 +0800] "GET /xingrg/kc/base/wldb_order_operate.html?command=get_materiel&rest_code=00111&base_code=0010283&code=00101019056 HTTP/1.1" 200 477
101.83.241.186 - - [22/Jul/2023:11:13:51 +0800] "POST /xingrg/kc/base/wldb_order_operate.html HTTP/1.1" 200 37
101.83.241.186 - - [22/Jul/2023:11:13:54 +0800] "GET /xingrg/check_reg.html?_=1689995632534 HTTP/1.1" 200 22
101.83.241.186 - - [22/Jul/2023:11:13:54 +0800] "GET /xingrg/all/function/internal_message.html?_=1689995632540&CODE_STATE=getMsg HTTP/1.1" 200 27
180.169.147.146 - - [22/Jul/2023:11:13:55 +0800] "GET /xingrg/all/function/internal_message.html?_=1689995635124&CODE_STATE=getMsg HTTP/1.1" 200 27
101.83.241.186 - - [22/Jul/2023:11:14:01 +0800] "POST /xingrg/kc/base/wldb_order_operate.html HTTP/1.1" 200 12
101.83.241.186 - - [22/Jul/2023:11:14:01 +0800] "POST /xingrg/kc/base/wldb_order_operate.html HTTP/1.1" 200 2694
101.83.241.186 - - [22/Jul/2023:11:14:02 +0800] "GET /xingrg/kc/base/wldb_order_info.html?code=422023072202100 HTTP/1.1" 200 26307
101.83.241.186 - - [22/Jul/2023:11:14:03 +0800] "GET /xingrg/javascript/easyui/themes/default/validatebox.css HTTP/1.1" 404 1104
101.83.241.186 - - [22/Jul/2023:11:14:03 +0800] "POST /xingrg/kc/base/wldb_order_operate.html HTTP/1.1" 200 978
116.238.191.126 - - [22/Jul/2023:11:14:04 +0800] "GET /xingrg/all/function/internal_message.html?_=1689995535193&CODE_STATE=getMsg HTTP/1.1" 200 27
222.70.180.90 - - [22/Jul/2023:11:14:04 +0800] "GET /xingrg/kc/base/wldb_order_operate.html?command=get_materiel&rest_code=00111&base_code=0010283&code=00101019527 HTTP/1.1" 200 474
101.83.241.186 - - [22/Jul/2023:11:14:06 +0800] "GET /xingrg/kc/base/wldb_order_add.html HTTP/1.1" 200 30428
101.83.241.186 - - [22/Jul/2023:11:14:06 +0800] "POST /xingrg/kc/base/wldb_order_operate.html HTTP/1.1" 200 6806
101.83.241.186 - - [22/Jul/2023:11:14:06 +0800] "GET /xingrg/javascript/easyui/themes/default/validatebox.css HTTP/1.1" 404 1104
101.83.241.186 - - [22/Jul/2023:11:14:07 +0800] "POST /xingrg/all/common/load_combo.html?type=base HTTP/1.1" 200 3409
124.79.243.110 - - [22/Jul/2023:11:14:08 +0800] "GET /xingrg/all/function/internal_message.html?_=1689995935454&CODE_STATE=getMsg HTTP/1.1" 200 27
101.83.241.186 - - [22/Jul/2023:11:14:12 +0800] "GET /xingrg/check_reg.html?_=1689995651780 HTTP/1.1" 200 22
101.83.241.186 - - [22/Jul/2023:11:14:12 +0800] "GET /xingrg/all/function/internal_message.html?_=1689995651783&CODE_STATE=getMsg HTTP/1.1" 200 27
116.232.195.127 - - [22/Jul/2023:11:14:14 +0800] "GET /xingrg/all/function/internal_message.html?_=1689995610447&CODE_STATE=getMsg HTTP/1.1" 200 27
222.70.180.90 - - [22/Jul/2023:11:14:16 +0800] "POST /xingrg/kc/base/wldb_order_operate.html HTTP/1.1" 200 37
222.70.180.90 - - [22/Jul/2023:11:14:18 +0800] "POST /xingrg/kc/base/wldb_order_operate.html HTTP/1.1" 200 3235
116.237.76.30 - - [22/Jul/2023:11:14:18 +0800] "GET /xingrg/all/function/internal_message.html?_=1689995653981&CODE_STATE=getMsg HTTP/1.1" 200 27
222.70.180.90 - - [22/Jul/2023:11:14:19 +0800] "GET /xingrg/kc/base/wldb_order_info.html?code=422023072202101 HTTP/1.1" 200 30435
222.70.180.90 - - [22/Jul/2023:11:14:20 +0800] "GET /xingrg/javascript/easyui/themes/default/validatebox.css HTTP/1.1" 404 1104
222.70.180.90 - - [22/Jul/2023:11:14:21 +0800] "POST /xingrg/kc/base/wldb_order_operate.html HTTP/1.1" 200 3235
101.83.145.37 - - [22/Jul/2023:11:14:21 +0800] "GET /xingrg/all/function/internal_message.html?_=1689995661969&CODE_STATE=getMsg HTTP/1.1" 200 27
222.70.180.90 - - [22/Jul/2023:11:14:23 +0800] "GET /xingrg/kc/base/wldb_order_add.html HTTP/1.1" 200 30422
101.83.145.37 - - [22/Jul/2023:11:14:23 +0800] "GET /xingrg/kc/base/wldb_order_operate.html?command=get_materiel&rest_code=00105&base_code=0010507&code=00101016019 HTTP/1.1" 200 451
222.70.180.90 - - [22/Jul/2023:11:14:23 +0800] "POST /xingrg/kc/base/wldb_order_operate.html HTTP/1.1" 200 6806
222.70.180.90 - - [22/Jul/2023:11:14:23 +0800] "GET /xingrg/javascript/easyui/themes/default/validatebox.css HTTP/1.1" 404 1104
114.85.113.108 - - [22/Jul/2023:11:14:25 +0800] "GET /xingrg/all/function/internal_message.html?_=1689995659586&CODE_STATE=getMsg HTTP/1.1" 200 27
180.152.241.196 - - [22/Jul/2023:11:14:33 +0800] "GET /xingrg/all/function/internal_message.html?_=1689995674574&CODE_STATE=getMsg HTTP/1.1" 200 27
180.152.241.196 - - [22/Jul/2023:11:14:34 +0800] "GET /xingrg/check_reg.html?_=1689995674760 HTTP/1.1" 200 22
222.70.180.90 - - [22/Jul/2023:11:14:36 +0800] "GET /xingrg/kc/base/wldb_order_operate.html?command=get_materiel&rest_code=00111&base_code=0010306&code=00102002198 HTTP/1.1" 200 451
101.83.145.37 - - [22/Jul/2023:11:14:37 +0800] "GET /xingrg/kc/base/wldb_order_operate.html?command=get_materiel&rest_code=00105&base_code=0010507&code=00101016044 HTTP/1.1" 200 466
101.83.241.186 - - [22/Jul/2023:11:14:38 +0800] "POST /xingrg/kc/base/wldb_order_operate.html HTTP/1.1" 200 37
120.253.135.82 - - [22/Jul/2023:11:14:40 +0800] "GET /xingrg/all/function/internal_message.html?_=1689995502890&CODE_STATE=getMsg HTTP/1.1" 200 27
180.162.111.185 - - [22/Jul/2023:11:14:41 +0800] "GET /xingrg/all/function/internal_message.html?_=1689994425530&CODE_STATE=getMsg HTTP/1.1" 200 27
180.165.154.167 - - [22/Jul/2023:11:14:43 +0800] "GET /xingrg/all/function/internal_message.html?_=1689995683596&CODE_STATE=getMsg HTTP/1.1" 200 27
101.83.241.186 - - [22/Jul/2023:11:14:45 +0800] "POST /xingrg/kc/base/wldb_order_operate.html HTTP/1.1" 200 12
222.70.180.90 - - [22/Jul/2023:11:14:45 +0800] "GET /xingrg/kc/base/wldb_order_operate.html?command=get_materiel&rest_code=00111&base_code=0010306&code=00102002197 HTTP/1.1" 200 459
101.83.241.186 - - [22/Jul/2023:11:14:45 +0800] "POST /xingrg/kc/base/wldb_order_operate.html HTTP/1.1" 200 2211
222.70.241.140 - - [22/Jul/2023:11:14:46 +0800] "GET /xingrg/all/function/internal_message.html?_=1689995708456&CODE_STATE=getMsg HTTP/1.1" 200 27
101.228.187.155 - - [22/Jul/2023:11:14:46 +0800] "GET /xingrg/all/function/internal_message.html?_=1689995686477&CODE_STATE=getMsg HTTP/1.1" 200 27
222.70.114.12 - - [22/Jul/2023:11:14:46 +0800] "GET /xingrg/all/function/internal_message.html?_=1689995698269&CODE_STATE=getMsg HTTP/1.1" 200 27
222.70.114.12 - - [22/Jul/2023:11:14:46 +0800] "GET /xingrg/check_reg.html?_=1689995698271 HTTP/1.1" 200 22
101.83.241.186 - - [22/Jul/2023:11:14:47 +0800] "GET /xingrg/kc/base/wldb_order_info.html?code=422023072202102 HTTP/1.1" 200 26308
124.78.70.128 - - [22/Jul/2023:11:14:47 +0800] "GET /xingrg/all/function/internal_message.html?_=1689995159258&CODE_STATE=getMsg HTTP/1.1" 200 27
101.83.241.186 - - [22/Jul/2023:11:14:47 +0800] "GET /xingrg/javascript/easyui/themes/default/validatebox.css HTTP/1.1" 404 1104
101.83.241.186 - - [22/Jul/2023:11:14:48 +0800] "POST /xingrg/kc/base/wldb_order_operate.html HTTP/1.1" 200 505
101.83.145.37 - - [22/Jul/2023:11:14:50 +0800] "GET /xingrg/all/function/internal_message.html?_=1689995501028&CODE_STATE=getMsg HTTP/1.1" 200 27
222.70.180.90 - - [22/Jul/2023:11:14:53 +0800] "GET /xingrg/kc/base/wldb_order_operate.html?command=get_materiel&rest_code=00111&base_code=0010306&code=00102002685 HTTP/1.1" 200 453
101.83.241.186 - - [22/Jul/2023:11:14:54 +0800] "GET /xingrg/all/function/internal_message.html?_=1689995692516&CODE_STATE=getMsg HTTP/1.1" 200 27
180.169.147.146 - - [22/Jul/2023:11:14:55 +0800] "GET /xingrg/all/function/internal_message.html?_=1689995695130&CODE_STATE=getMsg HTTP/1.1" 200 27
101.83.241.186 - - [22/Jul/2023:11:15:01 +0800] "GET /xingrg/kc/base/wldb_order_add.html HTTP/1.1" 200 30428
101.83.241.186 - - [22/Jul/2023:11:15:01 +0800] "POST /xingrg/kc/base/wldb_order_operate.html HTTP/1.1" 200 6806
101.83.241.186 - - [22/Jul/2023:11:15:01 +0800] "GET /xingrg/javascript/easyui/themes/default/validatebox.css HTTP/1.1" 404 1104
101.83.241.186 - - [22/Jul/2023:11:15:02 +0800] "POST /xingrg/all/common/load_combo.html?type=base HTTP/1.1" 200 3409
222.70.180.90 - - [22/Jul/2023:11:15:03 +0800] "GET /xingrg/kc/base/wldb_order_operate.html?command=get_materiel&rest_code=00111&base_code=0010306&code=00102002453 HTTP/1.1" 200 434
116.238.191.126 - - [22/Jul/2023:11:15:04 +0800] "GET /xingrg/all/function/internal_message.html?_=1689995595199&CODE_STATE=getMsg HTTP/1.1" 200 27
124.79.243.110 - - [22/Jul/2023:11:15:08 +0800] "GET /xingrg/all/function/internal_message.html?_=1689995995454&CODE_STATE=getMsg HTTP/1.1" 200 27
101.83.241.186 - - [22/Jul/2023:11:15:12 +0800] "GET /xingrg/all/function/internal_message.html?_=1689995711798&CODE_STATE=getMsg HTTP/1.1" 200 27
222.70.180.90 - - [22/Jul/2023:11:15:12 +0800] "POST /xingrg/services/DataTransmitService HTTP/1.1" 200 501
101.83.145.37 - - [22/Jul/2023:11:15:12 +0800] "GET /xingrg/kc/base/wldb_order_operate.html?command=get_materiel&rest_code=00105&base_code=0010507&code=00101019527 HTTP/1.1" 200 473
222.70.180.90 - - [22/Jul/2023:11:15:12 +0800] "GET /xingrg/all/function/internal_message.html?_=1689995708903&CODE_STATE=getMsg HTTP/1.1" 200 27
101.83.241.186 - - [22/Jul/2023:11:15:13 +0800] "GET /xingrg/kc/base/wldb_order_operate.html?command=get_materiel&rest_code=00149&base_code=0010395&code=00102002448 HTTP/1.1" 200 440
116.232.195.127 - - [22/Jul/2023:11:15:14 +0800] "GET /xingrg/all/function/internal_message.html?_=1689995670436&CODE_STATE=getMsg HTTP/1.1" 200 27
101.83.145.37 - - [22/Jul/2023:11:15:16 +0800] "GET /xingrg/check_reg.html?_=1689995716740 HTTP/1.1" 200 22
116.237.76.30 - - [22/Jul/2023:11:15:18 +0800] "GET /xingrg/all/function/internal_message.html?_=1689995713952&CODE_STATE=getMsg HTTP/1.1" 200 27
101.83.241.186 - - [22/Jul/2023:11:15:20 +0800] "GET /xingrg/kc/base/wldb_order_operate.html?command=get_materiel&rest_code=00149&base_code=0010395&code=00102002238 HTTP/1.1" 200 434
101.83.145.37 - - [22/Jul/2023:11:15:21 +0800] "GET /xingrg/all/function/internal_message.html?_=1689995721945&CODE_STATE=getMsg HTTP/1.1" 200 27
218.81.68.40 - - [22/Jul/2023:11:15:23 +0800] "GET /xingrg/check_reg.html?_=1689995722240 HTTP/1.1" 200 22
114.85.113.108 - - [22/Jul/2023:11:15:25 +0800] "GET /xingrg/all/function/internal_message.html?_=1689995719571&CODE_STATE=getMsg HTTP/1.1" 200 27
101.83.241.186 - - [22/Jul/2023:11:15:26 +0800] "GET /xingrg/kc/base/wldb_order_operate.html?command=get_materiel&rest_code=00149&base_code=0010395&code=00102015103 HTTP/1.1" 200 437
101.83.145.37 - - [22/Jul/2023:11:15:28 +0800] "GET /xingrg/kc/base/wldb_order_operate.html?command=get_materiel&rest_code=00105&base_code=0010507&code=00101016020 HTTP/1.1" 200 448
180.152.241.196 - - [22/Jul/2023:11:15:33 +0800] "GET /xingrg/all/function/internal_message.html?_=1689995734553&CODE_STATE=getMsg HTTP/1.1" 200 27
222.70.180.90 - - [22/Jul/2023:11:15:35 +0800] "POST /xingrg/kc/base/wldb_order_operate.html HTTP/1.1" 200 37
222.70.180.90 - - [22/Jul/2023:11:15:36 +0800] "POST /xingrg/kc/base/wldb_order_operate.html HTTP/1.1" 200 3658
101.83.241.186 - - [22/Jul/2023:11:15:36 +0800] "GET /xingrg/kc/base/wldb_order_operate.html?command=get_materiel&rest_code=00149&base_code=0010395&code=00102002497 HTTP/1.1" 200 439
222.70.180.90 - - [22/Jul/2023:11:15:37 +0800] "GET /xingrg/kc/base/wldb_order_info.html?code=422023072202103 HTTP/1.1" 200 30439
222.70.180.90 - - [22/Jul/2023:11:15:38 +0800] "GET /xingrg/javascript/easyui/themes/default/validatebox.css HTTP/1.1" 404 1104
222.70.180.90 - - [22/Jul/2023:11:15:38 +0800] "POST /xingrg/kc/base/wldb_order_operate.html HTTP/1.1" 200 3658
120.253.135.82 - - [22/Jul/2023:11:15:40 +0800] "GET /xingrg/all/function/internal_message.html?_=1689995562903&CODE_STATE=getMsg HTTP/1.1" 200 27
222.70.180.90 - - [22/Jul/2023:11:15:40 +0800] "GET /xingrg/kc/base/wldb_order_add.html HTTP/1.1" 200 30422
222.70.180.90 - - [22/Jul/2023:11:15:41 +0800] "GET /xingrg/javascript/easyui/themes/default/validatebox.css HTTP/1.1" 404 1104
222.70.180.90 - - [22/Jul/2023:11:15:41 +0800] "POST /xingrg/kc/base/wldb_order_operate.html HTTP/1.1" 200 6806
180.162.111.185 - - [22/Jul/2023:11:15:41 +0800] "GET /xingrg/all/function/internal_message.html?_=1689994485529&CODE_STATE=getMsg HTTP/1.1" 200 27
101.83.145.37 - - [22/Jul/2023:11:15:42 +0800] "GET /xingrg/kc/base/wldb_order_operate.html?command=get_materiel&rest_code=00105&base_code=0010507&code=00101019199 HTTP/1.1" 200 472
180.165.154.167 - - [22/Jul/2023:11:15:43 +0800] "GET /xingrg/all/function/internal_message.html?_=1689995743585&CODE_STATE=getMsg HTTP/1.1" 200 27
101.83.241.186 - - [22/Jul/2023:11:15:44 +0800] "GET /xingrg/kc/base/wldb_order_operate.html?command=get_materiel&rest_code=00149&base_code=0010395&code=00102002304 HTTP/1.1" 200 463
222.70.241.140 - - [22/Jul/2023:11:15:46 +0800] "GET /xingrg/all/function/internal_message.html?_=1689995768471&CODE_STATE=getMsg HTTP/1.1" 200 27
101.228.187.155 - - [22/Jul/2023:11:15:46 +0800] "GET /xingrg/all/function/internal_message.html?_=1689995746477&CODE_STATE=getMsg HTTP/1.1" 200 27
222.70.114.12 - - [22/Jul/2023:11:15:46 +0800] "GET /xingrg/all/function/internal_message.html?_=1689995758271&CODE_STATE=getMsg HTTP/1.1" 200 27
124.78.70.128 - - [22/Jul/2023:11:15:47 +0800] "GET /xingrg/all/function/internal_message.html?_=1689995219256&CODE_STATE=getMsg HTTP/1.1" 200 27
222.70.180.90 - - [22/Jul/2023:11:15:48 +0800] "GET /xingrg/kc/base/wldb_order_operate.html?command=get_materiel&rest_code=00111&base_code=0010283&code=00101019015 HTTP/1.1" 200 450
101.83.145.37 - - [22/Jul/2023:11:15:50 +0800] "GET /xingrg/all/function/internal_message.html?_=1689995561028&CODE_STATE=getMsg HTTP/1.1" 200 27
101.83.241.186 - - [22/Jul/2023:11:15:54 +0800] "GET /xingrg/all/function/internal_message.html?_=1689995752582&CODE_STATE=getMsg HTTP/1.1" 200 27
101.83.241.186 - - [22/Jul/2023:11:15:54 +0800] "GET /xingrg/kc/base/wldb_order_operate.html?command=get_materiel&rest_code=00149&base_code=0010395&code=00102002315 HTTP/1.1" 200 461
180.169.147.146 - - [22/Jul/2023:11:15:55 +0800] "GET /xingrg/check_reg.html?_=1689995755108 HTTP/1.1" 200 22
180.169.147.146 - - [22/Jul/2023:11:15:55 +0800] "GET /xingrg/all/function/internal_message.html?_=1689995755111&CODE_STATE=getMsg HTTP/1.1" 200 27
222.70.180.90 - - [22/Jul/2023:11:15:56 +0800] "GET /xingrg/kc/base/wldb_order_operate.html?command=get_materiel&rest_code=00111&base_code=0010283&code=00101019425 HTTP/1.1" 200 458
222.70.180.90 - - [22/Jul/2023:11:16:02 +0800] "POST /xingrg/kc/base/wldb_order_operate.html HTTP/1.1" 200 37
222.70.180.90 - - [22/Jul/2023:11:16:03 +0800] "POST /xingrg/kc/base/wldb_order_operate.html HTTP/1.1" 200 2681
116.238.191.126 - - [22/Jul/2023:11:16:04 +0800] "GET /xingrg/check_reg.html?_=1689995655092 HTTP/1.1" 200 22
116.238.191.126 - - [22/Jul/2023:11:16:04 +0800] "GET /xingrg/all/function/internal_message.html?_=1689995655212&CODE_STATE=getMsg HTTP/1.1" 200 27
222.70.180.90 - - [22/Jul/2023:11:16:04 +0800] "GET /xingrg/kc/base/wldb_order_info.html?code=422023072202104 HTTP/1.1" 200 30436
222.70.180.90 - - [22/Jul/2023:11:16:05 +0800] "GET /xingrg/javascript/easyui/themes/default/validatebox.css HTTP/1.1" 404 1104
222.70.180.90 - - [22/Jul/2023:11:16:05 +0800] "POST /xingrg/kc/base/wldb_order_operate.html HTTP/1.1" 200 2681
222.70.180.90 - - [22/Jul/2023:11:16:07 +0800] "GET /xingrg/kc/base/wldb_order_add.html HTTP/1.1" 200 30422
222.70.180.90 - - [22/Jul/2023:11:16:08 +0800] "POST /xingrg/kc/base/wldb_order_operate.html HTTP/1.1" 200 6806
222.70.180.90 - - [22/Jul/2023:11:16:08 +0800] "GET /xingrg/javascript/easyui/themes/default/validatebox.css HTTP/1.1" 404 1104
