114.83.220.139 - - [20/Jul/2023:09:54:52 +0800] "GET /xingrg/all/function/internal_message.html?_=1689818214930&CODE_STATE=getMsg HTTP/1.1" 200 27
124.78.70.128 - - [20/Jul/2023:09:54:54 +0800] "GET /xingrg/all/function/internal_message.html?_=1689817566651&CODE_STATE=getMsg HTTP/1.1" 200 27
218.81.221.197 - - [20/Jul/2023:09:54:55 +0800] "POST /xingrg/services/DataTransmitService HTTP/1.1" 200 501
218.81.221.197 - - [20/Jul/2023:09:54:56 +0800] "POST /xingrg/services/DataTransmitService HTTP/1.1" 200 501
116.232.195.127 - - [20/Jul/2023:09:54:56 +0800] "GET /xingrg/all/function/internal_message.html?_=1689818056452&CODE_STATE=getMsg HTTP/1.1" 200 27
124.78.70.128 - - [20/Jul/2023:09:54:57 +0800] "GET /xingrg/kc/buy/cgsh_order_operate.html?command=get_materiel&rest_code=00141&code=00101008080&supplier_code=00100007&order_time=2023-07-20 HTTP/1.1" 200 416
114.83.216.185 - - [20/Jul/2023:09:54:58 +0800] "GET /xingrg/all/function/internal_message.html?_=1689818096919&CODE_STATE=getMsg HTTP/1.1" 200 27
116.238.191.126 - - [20/Jul/2023:09:55:00 +0800] "GET /xingrg/kc/buy/cgsh_order_operate.html?command=get_materiel&rest_code=00151&code=00101008087&supplier_code=00100008&order_time=2023-07-20 HTTP/1.1" 200 412
58.39.105.90 - - [20/Jul/2023:09:55:02 +0800] "GET /xingrg/kc/buy/cgsh_order_operate.html?command=get_materiel&rest_code=00157&code=00101008351&supplier_code=00100556&order_time=2023-07-17 HTTP/1.1" 200 408
180.163.28.180 - - [20/Jul/2023:09:55:02 +0800] "GET /xingrg/all/function/internal_message.html?_=1689818042098&CODE_STATE=getMsg HTTP/1.1" 302 -
180.163.28.180 - - [20/Jul/2023:09:55:02 +0800] "GET /xingrg/login.html HTTP/1.1" 200 7641
180.169.147.146 - - [20/Jul/2023:09:55:02 +0800] "GET /xingrg/all/function/internal_message.html?_=1689818102096&CODE_STATE=getMsg HTTP/1.1" 200 27
222.70.180.90 - - [20/Jul/2023:09:55:05 +0800] "GET /xingrg/all/function/internal_message.html?_=1689818159420&CODE_STATE=getMsg HTTP/1.1" 200 27
218.81.221.197 - - [20/Jul/2023:09:55:06 +0800] "POST /xingrg/services/DataTransmitService HTTP/1.1" 200 501
218.81.221.197 - - [20/Jul/2023:09:55:09 +0800] "POST /xingrg/services/DataTransmitService HTTP/1.1" 200 501
116.238.191.126 - - [20/Jul/2023:09:55:09 +0800] "GET /xingrg/kc/buy/cgsh_order_operate.html?command=get_materiel&rest_code=00151&code=00101008356&supplier_code=00100008&order_time=2023-07-20 HTTP/1.1" 200 408
218.81.221.197 - - [20/Jul/2023:09:55:11 +0800] "GET /xingrg/all/function/internal_message.html?_=1689818124797&CODE_STATE=getMsg HTTP/1.1" 200 27
116.232.195.127 - - [20/Jul/2023:09:55:11 +0800] "GET /xingrg/all/function/internal_message.html?_=1689818071192&CODE_STATE=getMsg HTTP/1.1" 200 27
218.81.221.197 - - [20/Jul/2023:09:55:12 +0800] "POST /xingrg/services/DataTransmitService HTTP/1.1" 200 501
218.81.221.197 - - [20/Jul/2023:09:55:13 +0800] "POST /xingrg/services/DataTransmitService HTTP/1.1" 200 412
124.78.70.128 - - [20/Jul/2023:09:55:13 +0800] "GET /xingrg/kc/buy/cgsh_order_operate.html?command=get_materiel&rest_code=00141&code=00101008248&supplier_code=00100007&order_time=2023-07-20 HTTP/1.1" 200 412
58.39.105.90 - - [20/Jul/2023:09:55:13 +0800] "POST /xingrg/kc/buy/cgsh_order_operate.html HTTP/1.1" 200 2065
116.238.191.126 - - [20/Jul/2023:09:55:16 +0800] "GET /xingrg/all/function/internal_message.html?_=1689818009741&CODE_STATE=getMsg HTTP/1.1" 200 27
101.228.187.155 - - [20/Jul/2023:09:55:16 +0800] "GET /xingrg/login.html HTTP/1.1" 200 7641
101.228.187.155 - - [20/Jul/2023:09:55:17 +0800] "GET /favicon.ico HTTP/1.1" 404 -
114.85.113.108 - - [20/Jul/2023:09:55:20 +0800] "GET /xingrg/all/function/internal_message.html?_=1689818114684&CODE_STATE=getMsg HTTP/1.1" 200 27
114.85.113.108 - - [20/Jul/2023:09:55:20 +0800] "GET /xingrg/check_reg.html?_=1689818114685 HTTP/1.1" 200 22
222.70.114.12 - - [20/Jul/2023:09:55:24 +0800] "GET /xingrg/all/function/internal_message.html?_=1689818132529&CODE_STATE=getMsg HTTP/1.1" 200 27
222.70.114.12 - - [20/Jul/2023:09:55:24 +0800] "GET /xingrg/check_reg.html?_=1689818132537 HTTP/1.1" 200 22
222.70.180.90 - - [20/Jul/2023:09:55:25 +0800] "GET /xingrg/all/function/internal_message.html?_=1689818122575&CODE_STATE=getMsg HTTP/1.1" 200 27
101.83.145.37 - - [20/Jul/2023:09:55:29 +0800] "POST /xingrg/kc/buy/cgsh_order_operate.html HTTP/1.1" 200 37
116.238.191.126 - - [20/Jul/2023:09:55:31 +0800] "GET /xingrg/kc/buy/cgsh_order_operate.html?command=get_materiel&rest_code=00151&code=00101008137&supplier_code=00100008&order_time=2023-07-20 HTTP/1.1" 200 23
58.39.105.90 - - [20/Jul/2023:09:55:35 +0800] "POST /xingrg/kc/buy/cgsh_order_operate.html HTTP/1.1" 200 37
101.83.145.37 - - [20/Jul/2023:09:55:35 +0800] "POST /xingrg/kc/buy/cgsh_order_operate.html HTTP/1.1" 200 35775
116.238.191.126 - - [20/Jul/2023:09:55:35 +0800] "POST /xingrg/services/DataTransmitService HTTP/1.1" 200 524
116.238.191.126 - - [20/Jul/2023:09:55:40 +0800] "POST /xingrg/kc/buy/cgsh_order_operate.html HTTP/1.1" 200 37
58.39.105.90 - - [20/Jul/2023:09:55:40 +0800] "POST /xingrg/kc/buy/cgsh_order_operate.html HTTP/1.1" 200 11504
101.83.145.37 - - [20/Jul/2023:09:55:41 +0800] "GET /xingrg/kc/print/load_data.html?order_code=212023072007703&kc_code=cgsh&condition= HTTP/1.1" 200 13156
116.238.191.126 - - [20/Jul/2023:09:55:42 +0800] "POST /xingrg/kc/buy/cgsh_order_operate.html HTTP/1.1" 200 5660
180.152.241.196 - - [20/Jul/2023:09:55:42 +0800] "GET /xingrg/all/function/internal_message.html?_=1689818143409&CODE_STATE=getMsg HTTP/1.1" 200 27
124.78.70.128 - - [20/Jul/2023:09:55:44 +0800] "GET /xingrg/kc/buy/cgsh_order_operate.html?command=get_materiel&rest_code=00141&code=00101008199&supplier_code=00100007&order_time=2023-07-20 HTTP/1.1" 200 408
58.39.105.90 - - [20/Jul/2023:09:55:45 +0800] "GET /xingrg/kc/print/load_config.html?kc_code=cgsh HTTP/1.1" 200 1924
58.39.105.90 - - [20/Jul/2023:09:55:46 +0800] "GET /xingrg/kc/print/load_data.html?order_code=212023072007713&kc_code=cgsh&condition= HTTP/1.1" 200 3988
58.39.105.90 - - [20/Jul/2023:09:55:48 +0800] "GET /xingrg/check_reg.html?_=1689818147942 HTTP/1.1" 200 22
58.39.105.90 - - [20/Jul/2023:09:55:48 +0800] "GET /xingrg/all/function/internal_message.html?_=1689818147944&CODE_STATE=getMsg HTTP/1.1" 200 27
116.238.191.126 - - [20/Jul/2023:09:55:48 +0800] "GET /xingrg/login.html HTTP/1.1" 200 7641
116.238.191.126 - - [20/Jul/2023:09:55:49 +0800] "GET /favicon.ico HTTP/1.1" 404 -
101.83.145.37 - - [20/Jul/2023:09:55:49 +0800] "GET /xingrg/all/function/internal_message.html?_=1689818148987&CODE_STATE=getMsg HTTP/1.1" 200 27
114.83.220.139 - - [20/Jul/2023:09:55:52 +0800] "GET /xingrg/all/function/internal_message.html?_=1689818274936&CODE_STATE=getMsg HTTP/1.1" 200 27
124.78.70.128 - - [20/Jul/2023:09:55:54 +0800] "GET /xingrg/all/function/internal_message.html?_=1689817626541&CODE_STATE=getMsg HTTP/1.1" 200 27
116.232.195.127 - - [20/Jul/2023:09:55:56 +0800] "GET /xingrg/all/function/internal_message.html?_=1689818116436&CODE_STATE=getMsg HTTP/1.1" 200 27
116.238.191.126 - - [20/Jul/2023:09:55:58 +0800] "POST /xingrg/login.do HTTP/1.1" 302 -
114.83.216.185 - - [20/Jul/2023:09:55:58 +0800] "GET /xingrg/all/function/internal_message.html?_=1689818156896&CODE_STATE=getMsg HTTP/1.1" 200 27
116.238.191.126 - - [20/Jul/2023:09:55:58 +0800] "GET /xingrg/index.html?sysBaseUrl=http%3A%2F%2F180.169.147.146%3A18081%2Fxingrg%2F&costTime=1634×tamp=1689818158122 HTTP/1.1" 200 17177
116.238.191.126 - - [20/Jul/2023:09:55:58 +0800] "GET /favicon.ico HTTP/1.1" 404 -
116.238.191.126 - - [20/Jul/2023:09:55:58 +0800] "GET /xingrg/all/function/internal_message.html?_=1689818158903&CODE_STATE=count HTTP/1.1" 200 11
116.238.191.126 - - [20/Jul/2023:09:55:58 +0800] "GET /xingrg/check_reg.html?_=1689818158905 HTTP/1.1" 200 22
116.238.191.126 - - [20/Jul/2023:09:55:58 +0800] "POST /xingrg/all/common/load_tree.html?tree=area_rest_tree_json&manage=1 HTTP/1.1" 200 476
116.238.191.126 - - [20/Jul/2023:09:55:58 +0800] "POST /xingrg/load_menu.html HTTP/1.1" 200 5138
101.83.145.37 - - [20/Jul/2023:09:56:00 +0800] "GET /xingrg/kc/buy/cgsh_order_add.html HTTP/1.1" 200 71702
101.83.145.37 - - [20/Jul/2023:09:56:01 +0800] "POST /xingrg/kc/buy/cgsh_order_operate.html HTTP/1.1" 200 8245
101.83.145.37 - - [20/Jul/2023:09:56:01 +0800] "GET /xingrg/javascript/easyui/themes/default/validatebox.css HTTP/1.1" 404 1104
116.238.191.126 - - [20/Jul/2023:09:56:01 +0800] "GET /xingrg/kc/buy/cgsh_order_list.html HTTP/1.1" 200 55842
180.169.147.146 - - [20/Jul/2023:09:56:02 +0800] "GET /xingrg/all/function/internal_message.html?_=1689818162097&CODE_STATE=getMsg HTTP/1.1" 200 27
124.78.70.128 - - [20/Jul/2023:09:56:02 +0800] "GET /xingrg/kc/buy/cgsh_order_operate.html?command=get_materiel&rest_code=00141&code=00101008087&supplier_code=00100007&order_time=2023-07-20 HTTP/1.1" 200 412
124.78.70.128 - - [20/Jul/2023:09:56:05 +0800] "POST /xingrg/kc/buy/cgsh_order_operate.html HTTP/1.1" 200 2065
222.70.180.90 - - [20/Jul/2023:09:56:05 +0800] "GET /xingrg/all/function/internal_message.html?_=1689818219427&CODE_STATE=getMsg HTTP/1.1" 200 27
116.232.195.127 - - [20/Jul/2023:09:56:11 +0800] "GET /xingrg/all/function/internal_message.html?_=1689818131201&CODE_STATE=getMsg HTTP/1.1" 200 27
218.81.221.197 - - [20/Jul/2023:09:56:11 +0800] "GET /xingrg/all/function/internal_message.html?_=1689818184976&CODE_STATE=getMsg HTTP/1.1" 200 27
116.238.191.126 - - [20/Jul/2023:09:56:16 +0800] "GET /xingrg/all/function/internal_message.html?_=1689818069759&CODE_STATE=getMsg HTTP/1.1" 200 27
116.238.191.126 - - [20/Jul/2023:09:56:17 +0800] "POST /xingrg/kc/buy/cgsh_list_operate.html HTTP/1.1" 200 1864
114.85.113.108 - - [20/Jul/2023:09:56:20 +0800] "GET /xingrg/all/function/internal_message.html?_=1689818174685&CODE_STATE=getMsg HTTP/1.1" 200 27
116.238.191.126 - - [20/Jul/2023:09:56:22 +0800] "POST /xingrg/kc/buy/cgsh_list_operate.html HTTP/1.1" 200 571
222.70.114.12 - - [20/Jul/2023:09:56:24 +0800] "GET /xingrg/all/function/internal_message.html?_=1689818192521&CODE_STATE=getMsg HTTP/1.1" 200 27
222.70.180.90 - - [20/Jul/2023:09:56:25 +0800] "GET /xingrg/check_reg.html?_=1689818182576 HTTP/1.1" 200 22
222.70.180.90 - - [20/Jul/2023:09:56:25 +0800] "GET /xingrg/all/function/internal_message.html?_=1689818182579&CODE_STATE=getMsg HTTP/1.1" 200 27
116.238.191.126 - - [20/Jul/2023:09:56:25 +0800] "GET /xingrg/kc/buy/cgsh_order_info.html?code=212023072007715 HTTP/1.1" 200 71227
116.238.191.126 - - [20/Jul/2023:09:56:26 +0800] "GET /xingrg/javascript/easyui/themes/default/validatebox.css HTTP/1.1" 404 1104
116.238.191.126 - - [20/Jul/2023:09:56:26 +0800] "GET /xingrg/all/common/auto_word.html?type=employee&rest_code=00151 HTTP/1.1" 200 293
116.238.191.126 - - [20/Jul/2023:09:56:26 +0800] "GET /xingrg/all/common/auto_word.html?type=employee&rest_code=00151 HTTP/1.1" 200 293
124.78.70.128 - - [20/Jul/2023:09:56:26 +0800] "GET /xingrg/kc/buy/cgsh_order_operate.html?command=get_materiel&rest_code=00141&code=00101008059&supplier_code=00100007&order_time=2023-07-20 HTTP/1.1" 200 408
116.238.191.126 - - [20/Jul/2023:09:56:27 +0800] "POST /xingrg/kc/buy/cgsh_order_operate.html HTTP/1.1" 200 5660
116.238.191.126 - - [20/Jul/2023:09:56:31 +0800] "GET /xingrg/javascript/auto/indicator.gif HTTP/1.1" 404 1066
124.78.70.128 - - [20/Jul/2023:09:56:38 +0800] "GET /xingrg/kc/buy/cgsh_order_operate.html?command=get_materiel&rest_code=00141&code=00101008357&supplier_code=00100007&order_time=2023-07-20 HTTP/1.1" 200 408
116.238.191.126 - - [20/Jul/2023:09:56:38 +0800] "GET /xingrg/kc/buy/cgsh_order_operate.html?command=get_materiel&rest_code=00151&code=00101008137&supplier_code=00100008&order_time=2023-07-20 HTTP/1.1" 200 408
180.152.241.196 - - [20/Jul/2023:09:56:42 +0800] "GET /xingrg/all/function/internal_message.html?_=1689818203413&CODE_STATE=getMsg HTTP/1.1" 200 27
58.39.105.90 - - [20/Jul/2023:09:56:48 +0800] "GET /xingrg/all/function/internal_message.html?_=1689818207960&CODE_STATE=getMsg HTTP/1.1" 200 27
101.83.145.37 - - [20/Jul/2023:09:56:49 +0800] "GET /xingrg/all/function/internal_message.html?_=1689818208992&CODE_STATE=getMsg HTTP/1.1" 200 27
124.78.70.128 - - [20/Jul/2023:09:56:49 +0800] "GET /xingrg/kc/buy/cgsh_order_operate.html?command=get_materiel&rest_code=00141&code=00101008372&supplier_code=00100007&order_time=2023-07-20 HTTP/1.1" 200 408
116.238.191.126 - - [20/Jul/2023:09:56:51 +0800] "GET /xingrg/kc/buy/cgsh_order_operate.html?command=get_materiel&rest_code=00151&code=00101008362&supplier_code=00100008&order_time=2023-07-20 HTTP/1.1" 200 408
114.83.220.139 - - [20/Jul/2023:09:56:52 +0800] "GET /xingrg/all/function/internal_message.html?_=1689818334929&CODE_STATE=getMsg HTTP/1.1" 200 27
114.83.220.139 - - [20/Jul/2023:09:56:52 +0800] "GET /xingrg/check_reg.html?_=1689818334931 HTTP/1.1" 200 22
101.83.145.37 - - [20/Jul/2023:09:56:52 +0800] "GET /xingrg/kc/buy/cgsh_order_operate.html?command=get_materiel&rest_code=00105&code=00101007030&supplier_code=00100002&order_time=2023-07-20 HTTP/1.1" 200 413
124.78.70.128 - - [20/Jul/2023:09:56:54 +0800] "GET /xingrg/all/function/internal_message.html?_=1689817686647&CODE_STATE=getMsg HTTP/1.1" 200 27
124.78.70.128 - - [20/Jul/2023:09:56:54 +0800] "GET /xingrg/check_reg.html?_=1689817686648 HTTP/1.1" 200 22
116.232.195.127 - - [20/Jul/2023:09:56:56 +0800] "GET /xingrg/all/function/internal_message.html?_=1689818176425&CODE_STATE=getMsg HTTP/1.1" 200 27
114.83.216.185 - - [20/Jul/2023:09:56:58 +0800] "GET /xingrg/all/function/internal_message.html?_=1689818216882&CODE_STATE=getMsg HTTP/1.1" 200 27
116.238.191.126 - - [20/Jul/2023:09:56:58 +0800] "GET /xingrg/all/function/internal_message.html?_=1689818218914&CODE_STATE=getMsg HTTP/1.1" 200 27
116.238.191.126 - - [20/Jul/2023:09:57:00 +0800] "GET /xingrg/kc/buy/cgsh_order_operate.html?command=get_materiel&rest_code=00151&code=00101008077&supplier_code=00100008&order_time=2023-07-20 HTTP/1.1" 200 416
180.169.147.146 - - [20/Jul/2023:09:57:02 +0800] "GET /xingrg/all/function/internal_message.html?_=1689818222094&CODE_STATE=getMsg HTTP/1.1" 200 27
222.70.180.90 - - [20/Jul/2023:09:57:05 +0800] "GET /xingrg/all/function/internal_message.html?_=1689818279426&CODE_STATE=getMsg HTTP/1.1" 200 27
116.232.195.127 - - [20/Jul/2023:09:57:11 +0800] "GET /xingrg/all/function/internal_message.html?_=1689818191193&CODE_STATE=getMsg HTTP/1.1" 200 27
116.232.195.127 - - [20/Jul/2023:09:57:11 +0800] "GET /xingrg/check_reg.html?_=1689818191195 HTTP/1.1" 200 22
218.81.221.197 - - [20/Jul/2023:09:57:11 +0800] "GET /xingrg/all/function/internal_message.html?_=1689818244979&CODE_STATE=getMsg HTTP/1.1" 200 27
116.238.191.126 - - [20/Jul/2023:09:57:13 +0800] "GET /xingrg/kc/buy/cgsh_order_operate.html?command=get_materiel&rest_code=00151&code=00101008223&supplier_code=00100008&order_time=2023-07-20 HTTP/1.1" 200 412
116.238.191.126 - - [20/Jul/2023:09:57:16 +0800] "GET /xingrg/all/function/internal_message.html?_=1689818129782&CODE_STATE=getMsg HTTP/1.1" 200 27
101.83.145.37 - - [20/Jul/2023:09:57:18 +0800] "POST /xingrg/kc/buy/cgsh_order_operate.html HTTP/1.1" 200 37
114.85.113.108 - - [20/Jul/2023:09:57:20 +0800] "GET /xingrg/all/function/internal_message.html?_=1689818234684&CODE_STATE=getMsg HTTP/1.1" 200 27
101.83.145.37 - - [20/Jul/2023:09:57:20 +0800] "POST /xingrg/kc/buy/cgsh_order_operate.html HTTP/1.1" 200 2657
101.83.145.37 - - [20/Jul/2023:09:57:22 +0800] "GET /xingrg/kc/print/load_data.html?order_code=212023072007716&kc_code=cgsh&condition= HTTP/1.1" 200 746
222.70.114.12 - - [20/Jul/2023:09:57:24 +0800] "GET /xingrg/all/function/internal_message.html?_=1689818252527&CODE_STATE=getMsg HTTP/1.1" 200 27
222.70.180.90 - - [20/Jul/2023:09:57:25 +0800] "GET /xingrg/all/function/internal_message.html?_=1689818242579&CODE_STATE=getMsg HTTP/1.1" 200 27
124.78.70.128 - - [20/Jul/2023:09:57:26 +0800] "POST /xingrg/kc/buy/cgsh_order_operate.html HTTP/1.1" 200 2065
116.238.191.126 - - [20/Jul/2023:09:57:28 +0800] "GET /xingrg/kc/buy/cgsh_order_operate.html?command=get_materiel&rest_code=00151&code=00101008357&supplier_code=00100008&order_time=2023-07-20 HTTP/1.1" 200 408
116.238.191.126 - - [20/Jul/2023:09:57:29 +0800] "POST /xingrg/kc/buy/cgsh_order_operate.html HTTP/1.1" 200 2065
101.83.145.37 - - [20/Jul/2023:09:57:31 +0800] "GET /xingrg/kc/buy/cgsh_order_add.html HTTP/1.1" 200 71702
101.83.145.37 - - [20/Jul/2023:09:57:31 +0800] "GET /xingrg/javascript/easyui/themes/default/validatebox.css HTTP/1.1" 404 1104
101.83.145.37 - - [20/Jul/2023:09:57:31 +0800] "POST /xingrg/kc/buy/cgsh_order_operate.html HTTP/1.1" 200 8245
114.83.216.185 - - [20/Jul/2023:09:57:34 +0800] "POST /xingrg/services/DataTransmitService HTTP/1.1" 200 524
124.78.70.128 - - [20/Jul/2023:09:57:37 +0800] "GET /xingrg/kc/buy/cgsh_order_operate.html?command=get_materiel&rest_code=00141&code=00101008036&supplier_code=00100007&order_time=2023-07-20 HTTP/1.1" 200 408
116.238.191.126 - - [20/Jul/2023:09:57:40 +0800] "GET /xingrg/kc/buy/cgsh_order_operate.html?command=get_materiel&rest_code=00151&code=00101008169&supplier_code=00100008&order_time=2023-07-20 HTTP/1.1" 200 412
180.152.241.196 - - [20/Jul/2023:09:57:42 +0800] "GET /xingrg/all/function/internal_message.html?_=1689818263416&CODE_STATE=getMsg HTTP/1.1" 200 27
116.238.191.126 - - [20/Jul/2023:09:57:42 +0800] "GET /xingrg/check_reg.html?_=1689818156390 HTTP/1.1" 200 22
58.39.105.90 - - [20/Jul/2023:09:57:48 +0800] "GET /xingrg/all/function/internal_message.html?_=1689818267953&CODE_STATE=getMsg HTTP/1.1" 200 27
116.238.191.126 - - [20/Jul/2023:09:57:48 +0800] "GET /xingrg/kc/buy/cgsh_order_operate.html?command=get_materiel&rest_code=00151&code=00101008318&supplier_code=00100008&order_time=2023-07-20 HTTP/1.1" 200 408
101.83.145.37 - - [20/Jul/2023:09:57:48 +0800] "GET /xingrg/kc/buy/cgsh_order_operate.html?command=get_materiel&rest_code=00105&code=00101009001&supplier_code=00100024&order_time=2023-07-20 HTTP/1.1" 200 416
101.83.145.37 - - [20/Jul/2023:09:57:49 +0800] "GET /xingrg/all/function/internal_message.html?_=1689818268942&CODE_STATE=getMsg HTTP/1.1" 200 27
114.83.220.139 - - [20/Jul/2023:09:57:52 +0800] "GET /xingrg/all/function/internal_message.html?_=1689818394937&CODE_STATE=getMsg HTTP/1.1" 200 27
124.78.70.128 - - [20/Jul/2023:09:57:54 +0800] "GET /xingrg/all/function/internal_message.html?_=1689817746616&CODE_STATE=getMsg HTTP/1.1" 200 27
116.232.195.127 - - [20/Jul/2023:09:57:56 +0800] "GET /xingrg/all/function/internal_message.html?_=1689818236402&CODE_STATE=getMsg HTTP/1.1" 200 27
116.232.195.127 - - [20/Jul/2023:09:57:57 +0800] "GET /xingrg/check_reg.html?_=1689818237382 HTTP/1.1" 200 22
114.83.216.185 - - [20/Jul/2023:09:57:58 +0800] "GET /xingrg/all/function/internal_message.html?_=1689818276861&CODE_STATE=getMsg HTTP/1.1" 200 27
116.238.191.126 - - [20/Jul/2023:09:57:58 +0800] "GET /xingrg/all/function/internal_message.html?_=1689818278912&CODE_STATE=getMsg HTTP/1.1" 200 27
114.83.216.185 - - [20/Jul/2023:09:57:58 +0800] "GET /xingrg/check_reg.html?_=1689818277770 HTTP/1.1" 200 22
116.238.191.126 - - [20/Jul/2023:09:58:00 +0800] "GET /xingrg/kc/buy/cgsh_order_operate.html?command=get_materiel&rest_code=00151&code=00101008371&supplier_code=00100008&order_time=2023-07-20 HTTP/1.1" 200 412
124.78.70.128 - - [20/Jul/2023:09:58:01 +0800] "GET /xingrg/kc/buy/cgsh_order_operate.html?command=get_materiel&rest_code=00141&code=00101008350&supplier_code=00100007&order_time=2023-07-20 HTTP/1.1" 200 408
180.169.147.146 - - [20/Jul/2023:09:58:02 +0800] "GET /xingrg/all/function/internal_message.html?_=1689818282085&CODE_STATE=getMsg HTTP/1.1" 200 27
180.169.147.146 - - [20/Jul/2023:09:58:02 +0800] "GET /xingrg/check_reg.html?_=1689818282088 HTTP/1.1" 200 22
222.70.180.90 - - [20/Jul/2023:09:58:05 +0800] "GET /xingrg/all/function/internal_message.html?_=1689818339436&CODE_STATE=getMsg HTTP/1.1" 200 27
101.83.145.37 - - [20/Jul/2023:09:58:07 +0800] "GET /xingrg/kc/buy/cgsh_order_operate.html?command=get_materiel&rest_code=00105&code=00101009062&supplier_code=00100024&order_time=2023-07-20 HTTP/1.1" 200 412
180.157.253.91 - - [20/Jul/2023:09:58:07 +0800] "GET /xingrg/check_reg.html?_=1689818286043 HTTP/1.1" 200 22
218.81.221.197 - - [20/Jul/2023:09:58:10 +0800] "GET /xingrg/check_reg.html?_=1689818304453 HTTP/1.1" 200 22
116.232.195.127 - - [20/Jul/2023:09:58:11 +0800] "GET /xingrg/all/function/internal_message.html?_=1689818251211&CODE_STATE=getMsg HTTP/1.1" 200 27
218.81.221.197 - - [20/Jul/2023:09:58:11 +0800] "GET /xingrg/all/function/internal_message.html?_=1689818304993&CODE_STATE=getMsg HTTP/1.1" 200 27
116.238.191.126 - - [20/Jul/2023:09:58:16 +0800] "GET /xingrg/all/function/internal_message.html?_=1689818189785&CODE_STATE=getMsg HTTP/1.1" 200 27
116.238.191.126 - - [20/Jul/2023:09:58:19 +0800] "GET /xingrg/kc/buy/cgsh_order_operate.html?command=get_materiel&rest_code=00151&code=00101008005&supplier_code=00100008&order_time=2023-07-20 HTTP/1.1" 200 412
114.85.113.108 - - [20/Jul/2023:09:58:20 +0800] "GET /xingrg/all/function/internal_message.html?_=1689818294684&CODE_STATE=getMsg HTTP/1.1" 200 27
222.70.114.12 - - [20/Jul/2023:09:58:24 +0800] "GET /xingrg/all/function/internal_message.html?_=1689818312518&CODE_STATE=getMsg HTTP/1.1" 200 27
222.70.180.90 - - [20/Jul/2023:09:58:25 +0800] "GET /xingrg/all/function/internal_message.html?_=1689818302578&CODE_STATE=getMsg HTTP/1.1" 200 27
180.152.241.196 - - [20/Jul/2023:09:58:42 +0800] "GET /xingrg/all/function/internal_message.html?_=1689818323425&CODE_STATE=getMsg HTTP/1.1" 200 27
124.78.70.128 - - [20/Jul/2023:09:58:47 +0800] "POST /xingrg/kc/buy/cgsh_order_operate.html HTTP/1.1" 200 37
58.39.105.90 - - [20/Jul/2023:09:58:48 +0800] "GET /xingrg/all/function/internal_message.html?_=1689818327946&CODE_STATE=getMsg HTTP/1.1" 200 27
101.83.145.37 - - [20/Jul/2023:09:58:49 +0800] "GET /xingrg/all/function/internal_message.html?_=1689818328939&CODE_STATE=getMsg HTTP/1.1" 200 27
116.238.191.126 - - [20/Jul/2023:09:58:52 +0800] "GET /xingrg/kc/buy/cgsh_order_operate.html?command=get_materiel&rest_code=00151&code=00101008364&supplier_code=00100008&order_time=2023-07-20 HTTP/1.1" 200 413
124.78.70.128 - - [20/Jul/2023:09:58:52 +0800] "POST /xingrg/kc/buy/cgsh_order_operate.html HTTP/1.1" 200 35796
114.83.220.139 - - [20/Jul/2023:09:58:52 +0800] "GET /xingrg/all/function/internal_message.html?_=1689818454930&CODE_STATE=getMsg HTTP/1.1" 200 27
116.238.191.126 - - [20/Jul/2023:09:58:54 +0800] "POST /xingrg/kc/buy/cgsh_order_operate.html HTTP/1.1" 200 2065
124.78.70.128 - - [20/Jul/2023:09:58:54 +0800] "GET /xingrg/all/function/internal_message.html?_=1689817806726&CODE_STATE=getMsg HTTP/1.1" 200 27
58.39.105.90 - - [20/Jul/2023:09:58:54 +0800] "POST /xingrg/kc/buy/cgsh_list_operate.html HTTP/1.1" 200 3574
116.232.195.127 - - [20/Jul/2023:09:58:56 +0800] "GET /xingrg/all/function/internal_message.html?_=1689818296386&CODE_STATE=getMsg HTTP/1.1" 200 27
114.83.216.185 - - [20/Jul/2023:09:58:58 +0800] "GET /xingrg/all/function/internal_message.html?_=1689818336834&CODE_STATE=getMsg HTTP/1.1" 200 27
116.238.191.126 - - [20/Jul/2023:09:58:58 +0800] "GET /xingrg/all/function/internal_message.html?_=1689818338913&CODE_STATE=getMsg HTTP/1.1" 200 27
222.70.180.90 - - [20/Jul/2023:09:59:00 +0800] "POST /xingrg/services/DataTransmitService HTTP/1.1" 200 501
180.163.29.234 - - [20/Jul/2023:09:59:02 +0800] "GET /xingrg/all/function/internal_message.html?_=1689818282085&CODE_STATE=getMsg HTTP/1.1" 302 -
180.163.29.234 - - [20/Jul/2023:09:59:02 +0800] "GET /xingrg/login.html HTTP/1.1" 200 7641
180.169.147.146 - - [20/Jul/2023:09:59:02 +0800] "GET /xingrg/all/function/internal_message.html?_=1689818342102&CODE_STATE=getMsg HTTP/1.1" 200 27
116.238.191.126 - - [20/Jul/2023:09:59:03 +0800] "GET /xingrg/kc/buy/cgsh_order_operate.html?command=get_materiel&rest_code=00151&code=00101008450&supplier_code=00100008&order_time=2023-07-20 HTTP/1.1" 200 405
222.70.180.90 - - [20/Jul/2023:09:59:05 +0800] "GET /xingrg/all/function/internal_message.html?_=1689818399430&CODE_STATE=getMsg HTTP/1.1" 200 27
222.70.180.90 - - [20/Jul/2023:09:59:09 +0800] "POST /xingrg/services/DataTransmitService HTTP/1.1" 200 524
116.232.195.127 - - [20/Jul/2023:09:59:11 +0800] "GET /xingrg/all/function/internal_message.html?_=1689818311202&CODE_STATE=getMsg HTTP/1.1" 200 27
218.81.221.197 - - [20/Jul/2023:09:59:11 +0800] "GET /xingrg/all/function/internal_message.html?_=1689818365007&CODE_STATE=getMsg HTTP/1.1" 200 27
116.238.191.126 - - [20/Jul/2023:09:59:15 +0800] "GET /xingrg/kc/buy/cgsh_order_operate.html?command=get_materiel&rest_code=00151&code=00101008358&supplier_code=00100008&order_time=2023-07-20 HTTP/1.1" 200 412
116.238.191.126 - - [20/Jul/2023:09:59:16 +0800] "GET /xingrg/all/function/internal_message.html?_=1689818249798&CODE_STATE=getMsg HTTP/1.1" 200 27
222.70.180.90 - - [20/Jul/2023:09:59:17 +0800] "GET /xingrg/check_reg.html?_=1689818410569 HTTP/1.1" 200 22
114.85.113.108 - - [20/Jul/2023:09:59:20 +0800] "GET /xingrg/all/function/internal_message.html?_=1689818354686&CODE_STATE=getMsg HTTP/1.1" 200 27
222.70.114.12 - - [20/Jul/2023:09:59:24 +0800] "GET /xingrg/all/function/internal_message.html?_=1689818372523&CODE_STATE=getMsg HTTP/1.1" 200 27
222.70.180.90 - - [20/Jul/2023:09:59:25 +0800] "GET /xingrg/all/function/internal_message.html?_=1689818362579&CODE_STATE=getMsg HTTP/1.1" 200 27
101.228.187.155 - - [20/Jul/2023:09:59:26 +0800] "POST /xingrg/login.do HTTP/1.1" 302 -
101.228.187.155 - - [20/Jul/2023:09:59:26 +0800] "GET /xingrg/index.html?sysBaseUrl=http%3A%2F%2F180.169.147.146%3A18081%2Fxingrg%2F&costTime=1560×tamp=1689818366364 HTTP/1.1" 200 17179
101.228.187.155 - - [20/Jul/2023:09:59:26 +0800] "GET /favicon.ico HTTP/1.1" 404 -
101.228.187.155 - - [20/Jul/2023:09:59:26 +0800] "GET /xingrg/check_reg.html?_=1689818366759 HTTP/1.1" 200 22
101.228.187.155 - - [20/Jul/2023:09:59:26 +0800] "GET /xingrg/all/function/internal_message.html?_=1689818366758&CODE_STATE=count HTTP/1.1" 200 11
101.228.187.155 - - [20/Jul/2023:09:59:27 +0800] "POST /xingrg/all/common/load_tree.html?tree=area_rest_tree_json&manage=1 HTTP/1.1" 200 351
101.228.187.155 - - [20/Jul/2023:09:59:27 +0800] "POST /xingrg/load_menu.html HTTP/1.1" 200 5138
116.238.191.126 - - [20/Jul/2023:09:59:29 +0800] "GET /xingrg/kc/buy/cgsh_order_operate.html?command=get_materiel&rest_code=00151&code=00101008085&supplier_code=00100008&order_time=2023-07-20 HTTP/1.1" 200 412
101.228.187.155 - - [20/Jul/2023:09:59:33 +0800] "GET /xingrg/kc/buy/cgsh_order_list.html HTTP/1.1" 200 55844
180.152.241.196 - - [20/Jul/2023:09:59:42 +0800] "GET /xingrg/check_reg.html?_=1689818383417 HTTP/1.1" 200 22
180.152.241.196 - - [20/Jul/2023:09:59:42 +0800] "GET /xingrg/all/function/internal_message.html?_=1689818383419&CODE_STATE=getMsg HTTP/1.1" 200 27
116.238.191.126 - - [20/Jul/2023:09:59:44 +0800] "GET /xingrg/kc/buy/cgsh_order_operate.html?command=get_materiel&rest_code=00151&code=00101008150&supplier_code=00100008&order_time=2023-07-20 HTTP/1.1" 200 409
58.39.105.90 - - [20/Jul/2023:09:59:48 +0800] "GET /xingrg/all/function/internal_message.html?_=1689818387946&CODE_STATE=getMsg HTTP/1.1" 200 27
101.83.145.37 - - [20/Jul/2023:09:59:49 +0800] "GET /xingrg/all/function/internal_message.html?_=1689818388892&CODE_STATE=getMsg HTTP/1.1" 200 27
101.83.145.37 - - [20/Jul/2023:09:59:49 +0800] "GET /xingrg/check_reg.html?_=1689818389312 HTTP/1.1" 200 22
114.83.220.139 - - [20/Jul/2023:09:59:52 +0800] "GET /xingrg/all/function/internal_message.html?_=1689818514944&CODE_STATE=getMsg HTTP/1.1" 200 27
124.78.70.128 - - [20/Jul/2023:09:59:54 +0800] "GET /xingrg/all/function/internal_message.html?_=1689817866693&CODE_STATE=getMsg HTTP/1.1" 200 27
116.232.195.127 - - [20/Jul/2023:09:59:56 +0800] "GET /xingrg/all/function/internal_message.html?_=1689818356385&CODE_STATE=getMsg HTTP/1.1" 200 27
114.83.216.185 - - [20/Jul/2023:09:59:58 +0800] "GET /xingrg/all/function/internal_message.html?_=1689818396820&CODE_STATE=getMsg HTTP/1.1" 200 27
116.238.191.126 - - [20/Jul/2023:09:59:58 +0800] "GET /xingrg/all/function/internal_message.html?_=1689818398918&CODE_STATE=getMsg HTTP/1.1" 200 27
116.238.191.126 - - [20/Jul/2023:09:59:58 +0800] "GET /xingrg/kc/buy/cgsh_order_operate.html?command=get_materiel&rest_code=00151&code=00101008441&supplier_code=00100008&order_time=2023-07-20 HTTP/1.1" 200 420
180.169.147.146 - - [20/Jul/2023:10:00:02 +0800] "GET /xingrg/all/function/internal_message.html?_=1689818402101&CODE_STATE=getMsg HTTP/1.1" 200 27
58.39.105.90 - - [20/Jul/2023:10:00:03 +0800] "POST /xingrg/kc/buy/cgsh_list_operate.html HTTP/1.1" 200 4
101.228.187.155 - - [20/Jul/2023:10:00:03 +0800] "POST /xingrg/kc/buy/cgsh_list_operate.html HTTP/1.1" 200 986
222.70.180.90 - - [20/Jul/2023:10:00:05 +0800] "GET /xingrg/all/function/internal_message.html?_=1689818459422&CODE_STATE=getMsg HTTP/1.1" 200 27
222.70.180.90 - - [20/Jul/2023:10:00:07 +0800] "POST /xingrg/services/DataTransmitService HTTP/1.1" 200 501
101.228.187.155 - - [20/Jul/2023:10:00:09 +0800] "GET /xingrg/kc/buy/cgsh_order_add.html HTTP/1.1" 200 70739
101.228.187.155 - - [20/Jul/2023:10:00:09 +0800] "POST /xingrg/kc/buy/cgsh_order_operate.html HTTP/1.1" 200 8245
101.228.187.155 - - [20/Jul/2023:10:00:09 +0800] "GET /xingrg/javascript/easyui/themes/default/validatebox.css HTTP/1.1" 404 1104
101.228.187.155 - - [20/Jul/2023:10:00:09 +0800] "GET /xingrg/all/common/auto_word.html?type=employee&rest_code=00142 HTTP/1.1" 200 105
101.228.187.155 - - [20/Jul/2023:10:00:09 +0800] "GET /xingrg/all/common/auto_word.html?type=employee&rest_code=00142 HTTP/1.1" 200 105
116.232.195.127 - - [20/Jul/2023:10:00:11 +0800] "GET /xingrg/all/function/internal_message.html?_=1689818371193&CODE_STATE=getMsg HTTP/1.1" 200 27
218.81.221.197 - - [20/Jul/2023:10:00:11 +0800] "GET /xingrg/all/function/internal_message.html?_=1689818425019&CODE_STATE=getMsg HTTP/1.1" 200 27
222.70.180.90 - - [20/Jul/2023:10:00:12 +0800] "POST /xingrg/services/DataTransmitService HTTP/1.1" 200 501
101.228.187.155 - - [20/Jul/2023:10:00:12 +0800] "GET /xingrg/javascript/auto/indicator.gif HTTP/1.1" 404 1066
116.238.191.126 - - [20/Jul/2023:10:00:14 +0800] "POST /xingrg/kc/buy/cgsh_order_operate.html HTTP/1.1" 200 37
101.228.187.155 - - [20/Jul/2023:10:00:15 +0800] "GET /xingrg/javascript/jquery_tools/images/prev.gif HTTP/1.1" 404 1086
101.228.187.155 - - [20/Jul/2023:10:00:15 +0800] "GET /xingrg/javascript/jquery_tools/images/next.gif HTTP/1.1" 404 1086
116.238.191.126 - - [20/Jul/2023:10:00:16 +0800] "GET /xingrg/all/function/internal_message.html?_=1689818309824&CODE_STATE=getMsg HTTP/1.1" 200 27
116.238.191.126 - - [20/Jul/2023:10:00:16 +0800] "POST /xingrg/kc/buy/cgsh_order_operate.html HTTP/1.1" 200 14665
58.39.105.90 - - [20/Jul/2023:10:00:16 +0800] "POST /xingrg/kc/buy/cgsh_list_operate.html HTTP/1.1" 200 986
114.85.113.108 - - [20/Jul/2023:10:00:20 +0800] "GET /xingrg/all/function/internal_message.html?_=1689818414688&CODE_STATE=getMsg HTTP/1.1" 200 27
114.85.113.108 - - [20/Jul/2023:10:00:20 +0800] "GET /xingrg/check_reg.html?_=1689818414690 HTTP/1.1" 200 22
58.39.105.90 - - [20/Jul/2023:10:00:21 +0800] "GET /xingrg/kc/buy/cgsh_order_add.html HTTP/1.1" 200 70743
58.39.105.90 - - [20/Jul/2023:10:00:22 +0800] "POST /xingrg/kc/buy/cgsh_order_operate.html HTTP/1.1" 200 8245
58.39.105.90 - - [20/Jul/2023:10:00:22 +0800] "GET /xingrg/javascript/easyui/themes/default/validatebox.css HTTP/1.1" 404 1104
222.70.114.12 - - [20/Jul/2023:10:00:24 +0800] "GET /xingrg/all/function/internal_message.html?_=1689818432528&CODE_STATE=getMsg HTTP/1.1" 200 27
222.70.114.12 - - [20/Jul/2023:10:00:24 +0800] "GET /xingrg/check_reg.html?_=1689818432537 HTTP/1.1" 200 22
222.70.180.90 - - [20/Jul/2023:10:00:25 +0800] "GET /xingrg/all/function/internal_message.html?_=1689818422577&CODE_STATE=getMsg HTTP/1.1" 200 27
58.39.105.90 - - [20/Jul/2023:10:00:25 +0800] "GET /xingrg/javascript/jquery_tools/images/prev.gif HTTP/1.1" 404 1086
58.39.105.90 - - [20/Jul/2023:10:00:25 +0800] "GET /xingrg/javascript/jquery_tools/images/next.gif HTTP/1.1" 404 1086
101.228.187.155 - - [20/Jul/2023:10:00:26 +0800] "GET /xingrg/kc/buy/cgsh_order_operate.html?command=get_materiel&rest_code=00142&code=00101008108&supplier_code=00100161&order_time=2023-07-20 HTTP/1.1" 200 412
101.228.187.155 - - [20/Jul/2023:10:00:26 +0800] "GET /xingrg/all/function/internal_message.html?_=1689818426774&CODE_STATE=getMsg HTTP/1.1" 200 27
101.83.145.37 - - [20/Jul/2023:10:00:35 +0800] "GET /xingrg/kc/buy/cgsh_order_operate.html?command=get_materiel&rest_code=00105&code=00101009021&supplier_code=00100024&order_time=2023-07-20 HTTP/1.1" 200 417
58.39.105.90 - - [20/Jul/2023:10:00:39 +0800] "GET /xingrg/kc/buy/cgsh_order_operate.html?command=get_materiel&rest_code=00157&code=00101011005&supplier_code=00100047&order_time=2023-07-18 HTTP/1.1" 200 428
180.152.241.196 - - [20/Jul/2023:10:00:42 +0800] "GET /xingrg/all/function/internal_message.html?_=1689818443405&CODE_STATE=getMsg HTTP/1.1" 200 27
58.39.105.90 - - [20/Jul/2023:10:00:48 +0800] "GET /xingrg/check_reg.html?_=1689818447952 HTTP/1.1" 200 22
58.39.105.90 - - [20/Jul/2023:10:00:48 +0800] "GET /xingrg/all/function/internal_message.html?_=1689818447955&CODE_STATE=getMsg HTTP/1.1" 200 27
222.70.180.90 - - [20/Jul/2023:10:00:48 +0800] "POST /xingrg/services/DataTransmitService HTTP/1.1" 200 501
101.228.187.155 - - [20/Jul/2023:10:00:48 +0800] "GET /xingrg/kc/buy/cgsh_order_operate.html?command=get_materiel&rest_code=00142&code=00101008368&supplier_code=00100161&order_time=2023-07-20 HTTP/1.1" 200 408
101.83.145.37 - - [20/Jul/2023:10:00:49 +0800] "GET /xingrg/all/function/internal_message.html?_=1689818448895&CODE_STATE=getMsg HTTP/1.1" 200 27
101.83.145.37 - - [20/Jul/2023:10:00:49 +0800] "GET /xingrg/kc/buy/cgsh_order_operate.html?command=get_materiel&rest_code=00105&code=00101009113&supplier_code=00100024&order_time=2023-07-20 HTTP/1.1" 200 412
58.39.105.90 - - [20/Jul/2023:10:00:49 +0800] "GET /xingrg/kc/buy/cgsh_order_operate.html?command=get_materiel&rest_code=00157&code=00101011001&supplier_code=00100047&order_time=2023-07-18 HTTP/1.1" 200 423
114.83.220.139 - - [20/Jul/2023:10:00:52 +0800] "GET /xingrg/all/function/internal_message.html?_=1689818574931&CODE_STATE=getMsg HTTP/1.1" 200 27
124.78.70.128 - - [20/Jul/2023:10:00:54 +0800] "GET /xingrg/all/function/internal_message.html?_=1689817926578&CODE_STATE=getMsg HTTP/1.1" 200 27
116.232.195.127 - - [20/Jul/2023:10:00:56 +0800] "GET /xingrg/all/function/internal_message.html?_=1689818416371&CODE_STATE=getMsg HTTP/1.1" 200 27
114.83.216.185 - - [20/Jul/2023:10:00:58 +0800] "GET /xingrg/all/function/internal_message.html?_=1689818456790&CODE_STATE=getMsg HTTP/1.1" 200 27
116.238.191.126 - - [20/Jul/2023:10:00:58 +0800] "GET /xingrg/check_reg.html?_=1689818458928 HTTP/1.1" 200 22
116.238.191.126 - - [20/Jul/2023:10:00:58 +0800] "GET /xingrg/all/function/internal_message.html?_=1689818458932&CODE_STATE=getMsg HTTP/1.1" 200 27
101.228.187.155 - - [20/Jul/2023:10:00:59 +0800] "GET /xingrg/kc/buy/cgsh_order_operate.html?command=get_materiel&rest_code=00142&code=00101008005&supplier_code=00100161&order_time=2023-07-20 HTTP/1.1" 200 412
180.169.147.146 - - [20/Jul/2023:10:01:02 +0800] "GET /xingrg/all/function/internal_message.html?_=1689818462103&CODE_STATE=getMsg HTTP/1.1" 200 27
58.39.105.90 - - [20/Jul/2023:10:01:05 +0800] "POST /xingrg/kc/buy/cgsh_order_operate.html HTTP/1.1" 200 37
222.70.180.90 - - [20/Jul/2023:10:01:05 +0800] "GET /xingrg/all/function/internal_message.html?_=1689818519414&CODE_STATE=getMsg HTTP/1.1" 200 27
58.39.105.90 - - [20/Jul/2023:10:01:06 +0800] "POST /xingrg/kc/buy/cgsh_order_operate.html HTTP/1.1" 200 2666
116.232.195.127 - - [20/Jul/2023:10:01:11 +0800] "GET /xingrg/all/function/internal_message.html?_=1689818431211&CODE_STATE=getMsg HTTP/1.1" 200 27
218.81.221.197 - - [20/Jul/2023:10:01:11 +0800] "GET /xingrg/all/function/internal_message.html?_=1689818485191&CODE_STATE=getMsg HTTP/1.1" 200 27
58.39.105.90 - - [20/Jul/2023:10:01:13 +0800] "GET /xingrg/kc/print/load_data.html?order_code=212023072007718&kc_code=cgsh&condition= HTTP/1.1" 200 730
116.238.191.126 - - [20/Jul/2023:10:01:16 +0800] "GET /xingrg/all/function/internal_message.html?_=1689818369826&CODE_STATE=getMsg HTTP/1.1" 200 27
101.228.187.155 - - [20/Jul/2023:10:01:18 +0800] "GET /xingrg/kc/buy/cgsh_order_operate.html?command=get_materiel&rest_code=00142&code=00101008049&supplier_code=00100161&order_time=2023-07-20 HTTP/1.1" 200 408
101.83.145.37 - - [20/Jul/2023:10:01:20 +0800] "GET /xingrg/kc/buy/cgsh_order_operate.html?command=get_materiel&rest_code=00105&code=00101009051&supplier_code=00100024&order_time=2023-07-20 HTTP/1.1" 200 408
114.85.113.108 - - [20/Jul/2023:10:01:20 +0800] "GET /xingrg/all/function/internal_message.html?_=1689818474688&CODE_STATE=getMsg HTTP/1.1" 200 27
222.70.180.90 - - [20/Jul/2023:10:01:23 +0800] "POST /xingrg/services/DataTransmitService HTTP/1.1" 200 501
222.70.114.12 - - [20/Jul/2023:10:01:24 +0800] "GET /xingrg/all/function/internal_message.html?_=1689818492520&CODE_STATE=getMsg HTTP/1.1" 200 27
222.70.180.90 - - [20/Jul/2023:10:01:25 +0800] "GET /xingrg/check_reg.html?_=1689818482577 HTTP/1.1" 200 22
222.70.180.90 - - [20/Jul/2023:10:01:25 +0800] "GET /xingrg/all/function/internal_message.html?_=1689818482578&CODE_STATE=getMsg HTTP/1.1" 200 27
222.70.180.90 - - [20/Jul/2023:10:01:26 +0800] "POST /xingrg/services/DataTransmitService HTTP/1.1" 200 501
222.70.180.90 - - [20/Jul/2023:10:01:26 +0800] "POST /xingrg/services/DataTransmitService HTTP/1.1" 200 501
101.228.187.155 - - [20/Jul/2023:10:01:26 +0800] "GET /xingrg/all/function/internal_message.html?_=1689818486771&CODE_STATE=getMsg HTTP/1.1" 200 27
101.83.145.37 - - [20/Jul/2023:10:01:28 +0800] "GET /xingrg/kc/buy/cgsh_order_operate.html?command=get_materiel&rest_code=00105&code=00101009011&supplier_code=00100024&order_time=2023-07-20 HTTP/1.1" 200 416
101.228.187.155 - - [20/Jul/2023:10:01:29 +0800] "GET /xingrg/kc/buy/cgsh_order_operate.html?command=get_materiel&rest_code=00142&code=00101008268&supplier_code=00100161&order_time=2023-07-20 HTTP/1.1" 200 408
116.238.191.126 - - [20/Jul/2023:10:01:32 +0800] "GET /xingrg/kc/buy/cgsh_order_operate.html?command=get_materiel&rest_code=00151&code=00101008271&supplier_code=00100008&order_time=2023-07-20 HTTP/1.1" 200 408
116.232.195.127 - - [20/Jul/2023:10:01:39 +0800] "POST /xingrg/services/DataTransmitService HTTP/1.1" 200 524
222.70.180.90 - - [20/Jul/2023:10:01:39 +0800] "POST /xingrg/services/DataTransmitService HTTP/1.1" 200 501
101.228.187.155 - - [20/Jul/2023:10:01:42 +0800] "GET /xingrg/kc/buy/cgsh_order_operate.html?command=get_materiel&rest_code=00142&code=00101008059&supplier_code=00100161&order_time=2023-07-20 HTTP/1.1" 200 408
180.152.241.196 - - [20/Jul/2023:10:01:42 +0800] "GET /xingrg/all/function/internal_message.html?_=1689818503404&CODE_STATE=getMsg HTTP/1.1" 200 27
222.70.180.90 - - [20/Jul/2023:10:01:43 +0800] "POST /xingrg/services/DataTransmitService HTTP/1.1" 200 501
222.70.180.90 - - [20/Jul/2023:10:01:45 +0800] "POST /xingrg/services/DataTransmitService HTTP/1.1" 200 501
222.70.180.90 - - [20/Jul/2023:10:01:45 +0800] "POST /xingrg/services/DataTransmitService HTTP/1.1" 200 412
116.238.191.126 - - [20/Jul/2023:10:01:46 +0800] "POST /xingrg/kc/buy/cgsh_order_operate.html HTTP/1.1" 200 37
58.39.105.90 - - [20/Jul/2023:10:01:46 +0800] "GET /xingrg/kc/buy/cgsh_order_add.html HTTP/1.1" 200 70743
58.39.105.90 - - [20/Jul/2023:10:01:46 +0800] "POST /xingrg/kc/buy/cgsh_order_operate.html HTTP/1.1" 200 8245
58.39.105.90 - - [20/Jul/2023:10:01:47 +0800] "GET /xingrg/javascript/easyui/themes/default/validatebox.css HTTP/1.1" 404 1104
58.39.105.90 - - [20/Jul/2023:10:01:48 +0800] "GET /xingrg/all/function/internal_message.html?_=1689818507956&CODE_STATE=getMsg HTTP/1.1" 200 27
101.83.145.37 - - [20/Jul/2023:10:01:48 +0800] "GET /xingrg/all/function/internal_message.html?_=1689818508846&CODE_STATE=getMsg HTTP/1.1" 200 27
114.83.220.139 - - [20/Jul/2023:10:01:52 +0800] "GET /xingrg/check_reg.html?_=1689818634944 HTTP/1.1" 200 22
114.83.220.139 - - [20/Jul/2023:10:01:52 +0800] "GET /xingrg/all/function/internal_message.html?_=1689818634945&CODE_STATE=getMsg HTTP/1.1" 200 27
124.78.70.128 - - [20/Jul/2023:10:01:54 +0800] "GET /xingrg/all/function/internal_message.html?_=1689817986577&CODE_STATE=getMsg HTTP/1.1" 200 27
101.228.187.155 - - [20/Jul/2023:10:01:54 +0800] "GET /xingrg/kc/buy/cgsh_order_operate.html?command=get_materiel&rest_code=00142&code=00101008361&supplier_code=00100161&order_time=2023-07-20 HTTP/1.1" 200 408
124.78.70.128 - - [20/Jul/2023:10:01:54 +0800] "GET /xingrg/check_reg.html?_=1689817986653 HTTP/1.1" 200 22
116.232.195.127 - - [20/Jul/2023:10:01:56 +0800] "GET /xingrg/all/function/internal_message.html?_=1689818476348&CODE_STATE=getMsg HTTP/1.1" 200 27
114.83.216.185 - - [20/Jul/2023:10:01:58 +0800] "GET /xingrg/all/function/internal_message.html?_=1689818516775&CODE_STATE=getMsg HTTP/1.1" 200 27
116.238.191.126 - - [20/Jul/2023:10:01:58 +0800] "GET /xingrg/all/function/internal_message.html?_=1689818518929&CODE_STATE=getMsg HTTP/1.1" 200 27
180.169.147.146 - - [20/Jul/2023:10:02:02 +0800] "GET /xingrg/all/function/internal_message.html?_=1689818522096&CODE_STATE=getMsg HTTP/1.1" 200 27
101.83.145.37 - - [20/Jul/2023:10:02:04 +0800] "POST /xingrg/kc/buy/cgsh_order_operate.html HTTP/1.1" 200 37
222.70.180.90 - - [20/Jul/2023:10:02:05 +0800] "GET /xingrg/all/function/internal_message.html?_=1689818579431&CODE_STATE=getMsg HTTP/1.1" 200 27
116.238.191.126 - - [20/Jul/2023:10:02:06 +0800] "POST /xingrg/kc/buy/cgsh_order_operate.html HTTP/1.1" 200 12
101.83.145.37 - - [20/Jul/2023:10:02:06 +0800] "POST /xingrg/kc/buy/cgsh_order_operate.html HTTP/1.1" 200 5619
101.228.187.155 - - [20/Jul/2023:10:02:06 +0800] "GET /xingrg/kc/buy/cgsh_order_operate.html?command=get_materiel&rest_code=00142&code=00101008155&supplier_code=00100161&order_time=2023-07-20 HTTP/1.1" 200 408
58.39.105.90 - - [20/Jul/2023:10:02:07 +0800] "GET /xingrg/kc/buy/cgsh_order_operate.html?command=get_materiel&rest_code=00157&code=00101012029&supplier_code=00100595&order_time=2023-07-18 HTTP/1.1" 200 412
101.83.145.37 - - [20/Jul/2023:10:02:09 +0800] "GET /xingrg/kc/print/load_data.html?order_code=212023072007719&kc_code=cgsh&condition= HTTP/1.1" 200 1818
116.238.191.126 - - [20/Jul/2023:10:02:10 +0800] "GET /xingrg/kc/buy/cgsh_order_info.html?code=212023072007715 HTTP/1.1" 200 66127
116.238.191.126 - - [20/Jul/2023:10:02:10 +0800] "GET /xingrg/javascript/easyui/themes/default/validatebox.css HTTP/1.1" 404 1104
116.232.195.127 - - [20/Jul/2023:10:02:11 +0800] "GET /xingrg/check_reg.html?_=1689818491206 HTTP/1.1" 200 22
116.232.195.127 - - [20/Jul/2023:10:02:11 +0800] "GET /xingrg/all/function/internal_message.html?_=1689818491209&CODE_STATE=getMsg HTTP/1.1" 200 27
218.81.221.197 - - [20/Jul/2023:10:02:11 +0800] "GET /xingrg/all/function/internal_message.html?_=1689818545203&CODE_STATE=getMsg HTTP/1.1" 200 27
116.238.191.126 - - [20/Jul/2023:10:02:11 +0800] "POST /xingrg/kc/buy/cgsh_order_operate.html HTTP/1.1" 200 13205
116.238.191.126 - - [20/Jul/2023:10:02:12 +0800] "GET /xingrg/kc/print/load_config.html?kc_code=cgsh HTTP/1.1" 200 1924
116.238.191.126 - - [20/Jul/2023:10:02:14 +0800] "GET /xingrg/kc/print/load_data.html?order_code=212023072007715&kc_code=cgsh&condition= HTTP/1.1" 200 5583
116.238.191.126 - - [20/Jul/2023:10:02:16 +0800] "GET /xingrg/all/function/internal_message.html?_=1689818429852&CODE_STATE=getMsg HTTP/1.1" 200 27
114.85.113.108 - - [20/Jul/2023:10:02:20 +0800] "GET /xingrg/all/function/internal_message.html?_=1689818534688&CODE_STATE=getMsg HTTP/1.1" 200 27
58.39.105.90 - - [20/Jul/2023:10:02:23 +0800] "POST /xingrg/kc/buy/cgsh_order_operate.html HTTP/1.1" 200 37
101.228.187.155 - - [20/Jul/2023:10:02:23 +0800] "GET /xingrg/kc/buy/cgsh_order_operate.html?command=get_materiel&rest_code=00142&code=00101008355&supplier_code=00100161&order_time=2023-07-20 HTTP/1.1" 200 408
222.70.114.12 - - [20/Jul/2023:10:02:24 +0800] "GET /xingrg/all/function/internal_message.html?_=1689818552525&CODE_STATE=getMsg HTTP/1.1" 200 27
222.70.180.90 - - [20/Jul/2023:10:02:25 +0800] "GET /xingrg/all/function/internal_message.html?_=1689818542577&CODE_STATE=getMsg HTTP/1.1" 200 27
58.39.105.90 - - [20/Jul/2023:10:02:25 +0800] "POST /xingrg/kc/buy/cgsh_order_operate.html HTTP/1.1" 200 2657
101.228.187.155 - - [20/Jul/2023:10:02:26 +0800] "GET /xingrg/all/function/internal_message.html?_=1689818546768&CODE_STATE=getMsg HTTP/1.1" 200 27
101.83.145.37 - - [20/Jul/2023:10:02:30 +0800] "GET /xingrg/kc/buy/cgsh_order_add.html HTTP/1.1" 200 71702
101.83.145.37 - - [20/Jul/2023:10:02:30 +0800] "GET /xingrg/javascript/easyui/themes/default/validatebox.css HTTP/1.1" 404 1104
101.83.145.37 - - [20/Jul/2023:10:02:30 +0800] "POST /xingrg/kc/buy/cgsh_order_operate.html HTTP/1.1" 200 8245
101.228.187.155 - - [20/Jul/2023:10:02:34 +0800] "GET /xingrg/kc/buy/cgsh_order_operate.html?command=get_materiel&rest_code=00142&code=00101008024&supplier_code=00100161&order_time=2023-07-20 HTTP/1.1" 200 408
180.152.241.196 - - [20/Jul/2023:10:02:42 +0800] "GET /xingrg/all/function/internal_message.html?_=1689818563419&CODE_STATE=getMsg HTTP/1.1" 200 27
116.238.191.126 - - [20/Jul/2023:10:02:42 +0800] "GET /xingrg/check_reg.html?_=1689818456394 HTTP/1.1" 200 22
58.39.105.90 - - [20/Jul/2023:10:02:48 +0800] "GET /xingrg/all/function/internal_message.html?_=1689818567946&CODE_STATE=getMsg HTTP/1.1" 200 27
58.39.105.90 - - [20/Jul/2023:10:02:48 +0800] "GET /xingrg/kc/print/load_data.html?order_code=212023072007720&kc_code=cgsh&condition= HTTP/1.1" 200 665
101.228.187.155 - - [20/Jul/2023:10:02:48 +0800] "GET /xingrg/kc/buy/cgsh_order_operate.html?command=get_materiel&rest_code=00142&code=00101008356&supplier_code=00100161&order_time=2023-07-20 HTTP/1.1" 200 408
101.83.145.37 - - [20/Jul/2023:10:02:48 +0800] "GET /xingrg/all/function/internal_message.html?_=1689818568853&CODE_STATE=getMsg HTTP/1.1" 200 27
114.83.220.139 - - [20/Jul/2023:10:02:52 +0800] "GET /xingrg/all/function/internal_message.html?_=1689818694938&CODE_STATE=getMsg HTTP/1.1" 200 27
124.78.70.128 - - [20/Jul/2023:10:02:54 +0800] "GET /xingrg/all/function/internal_message.html?_=1689818046574&CODE_STATE=getMsg HTTP/1.1" 200 27
58.39.105.90 - - [20/Jul/2023:10:02:55 +0800] "GET /xingrg/kc/buy/cgsh_order_add.html HTTP/1.1" 200 70743
58.39.105.90 - - [20/Jul/2023:10:02:55 +0800] "GET /xingrg/javascript/easyui/themes/default/validatebox.css HTTP/1.1" 404 1104
58.39.105.90 - - [20/Jul/2023:10:02:55 +0800] "POST /xingrg/kc/buy/cgsh_order_operate.html HTTP/1.1" 200 8245
116.232.195.127 - - [20/Jul/2023:10:02:56 +0800] "GET /xingrg/all/function/internal_message.html?_=1689818536338&CODE_STATE=getMsg HTTP/1.1" 200 27
116.232.195.127 - - [20/Jul/2023:10:02:57 +0800] "GET /xingrg/check_reg.html?_=1689818537379 HTTP/1.1" 200 22
114.83.216.185 - - [20/Jul/2023:10:02:57 +0800] "GET /xingrg/all/function/internal_message.html?_=1689818576748&CODE_STATE=getMsg HTTP/1.1" 200 27
116.238.191.126 - - [20/Jul/2023:10:02:58 +0800] "GET /xingrg/all/function/internal_message.html?_=1689818578931&CODE_STATE=getMsg HTTP/1.1" 200 27
114.83.216.185 - - [20/Jul/2023:10:02:58 +0800] "GET /xingrg/check_reg.html?_=1689818577764 HTTP/1.1" 200 22
101.228.187.155 - - [20/Jul/2023:10:03:00 +0800] "GET /xingrg/kc/buy/cgsh_order_operate.html?command=get_materiel&rest_code=00142&code=00101008286&supplier_code=00100161&order_time=2023-07-20 HTTP/1.1" 200 408
180.169.147.146 - - [20/Jul/2023:10:03:02 +0800] "GET /xingrg/check_reg.html?_=1689818582088 HTTP/1.1" 200 22
180.169.147.146 - - [20/Jul/2023:10:03:02 +0800] "GET /xingrg/all/function/internal_message.html?_=1689818582092&CODE_STATE=getMsg HTTP/1.1" 200 27
222.70.180.90 - - [20/Jul/2023:10:03:05 +0800] "GET /xingrg/all/function/internal_message.html?_=1689818639428&CODE_STATE=getMsg HTTP/1.1" 200 27
124.78.70.128 - - [20/Jul/2023:10:03:06 +0800] "GET /xingrg/kc/buy/buy_main.html HTTP/1.1" 200 12412
124.78.70.128 - - [20/Jul/2023:10:03:06 +0800] "GET /xingrg/css/new_ie.css HTTP/1.1" 404 1036
124.78.70.128 - - [20/Jul/2023:10:03:07 +0800] "GET /xingrg/images/yd/bt.gif HTTP/1.1" 404 1040
180.157.253.91 - - [20/Jul/2023:10:03:07 +0800] "GET /xingrg/check_reg.html?_=1689818586047 HTTP/1.1" 200 22
124.78.70.128 - - [20/Jul/2023:10:03:09 +0800] "GET /xingrg/kc/buy/cgsh_order_list.html HTTP/1.1" 200 55844
101.228.187.155 - - [20/Jul/2023:10:03:10 +0800] "GET /xingrg/kc/buy/cgsh_order_operate.html?command=get_materiel&rest_code=00142&code=00101008353&supplier_code=00100161&order_time=2023-07-20 HTTP/1.1" 200 408
218.81.221.197 - - [20/Jul/2023:10:03:10 +0800] "GET /xingrg/check_reg.html?_=1689818604593 HTTP/1.1" 200 22
116.232.195.127 - - [20/Jul/2023:10:03:11 +0800] "GET /xingrg/all/function/internal_message.html?_=1689818551208&CODE_STATE=getMsg HTTP/1.1" 200 27
218.81.221.197 - - [20/Jul/2023:10:03:11 +0800] "GET /xingrg/all/function/internal_message.html?_=1689818605216&CODE_STATE=getMsg HTTP/1.1" 200 27
58.39.105.90 - - [20/Jul/2023:10:03:14 +0800] "GET /xingrg/kc/buy/cgsh_order_operate.html?command=get_materiel&rest_code=00157&code=00101006177&supplier_code=00100612&order_time=2023-07-18 HTTP/1.1" 200 408
124.78.70.128 - - [20/Jul/2023:10:03:14 +0800] "POST /xingrg/kc/buy/cgsh_list_operate.html HTTP/1.1" 200 2287
116.238.191.126 - - [20/Jul/2023:10:03:16 +0800] "GET /xingrg/all/function/internal_message.html?_=1689818489853&CODE_STATE=getMsg HTTP/1.1" 200 27
101.83.145.37 - - [20/Jul/2023:10:03:16 +0800] "GET /xingrg/kc/buy/cgsh_order_operate.html?command=get_materiel&rest_code=00105&code=00101009001&supplier_code=&order_time=2023-07-20 HTTP/1.1" 200 416
114.85.113.108 - - [20/Jul/2023:10:03:20 +0800] "GET /xingrg/all/function/internal_message.html?_=1689818594689&CODE_STATE=getMsg HTTP/1.1" 200 27
