58.39.105.90 - - [20/Jul/2023:09:17:01 +0800] "GET /xingrg/javascript/easyui/themes/icon.css HTTP/1.1" 200 4483
58.39.105.90 - - [20/Jul/2023:09:17:01 +0800] "GET /xingrg/javascript/easyui/themes/default/easyui.css HTTP/1.1" 200 30432
58.39.105.90 - - [20/Jul/2023:09:17:01 +0800] "GET /xingrg/javascript/jquery_tools/fix.css HTTP/1.1" 200 1702
58.39.105.90 - - [20/Jul/2023:09:17:01 +0800] "GET /xingrg/javascript/auto/jquery.autocomplete.css HTTP/1.1" 200 587
58.39.105.90 - - [20/Jul/2023:09:17:01 +0800] "GET /xingrg/javascript/jquery_tools/table.css HTTP/1.1" 200 1032
58.39.105.90 - - [20/Jul/2023:09:17:01 +0800] "GET /xingrg/javascript/jquery_tools/jquery.tools.min.js HTTP/1.1" 200 138801
58.39.105.90 - - [20/Jul/2023:09:17:01 +0800] "GET /xingrg/javascript/jquery_tools/jquery.tools.extend.js HTTP/1.1" 200 15385
58.39.105.90 - - [20/Jul/2023:09:17:01 +0800] "GET /xingrg/javascript/jquery_tools/jquery.tools.hotkey.js HTTP/1.1" 200 3242
58.39.105.90 - - [20/Jul/2023:09:17:01 +0800] "GET /xingrg/javascript/jquery_tools/jquery.tools.table.js HTTP/1.1" 200 6994
58.39.105.90 - - [20/Jul/2023:09:17:01 +0800] "GET /xingrg/javascript/jquery_tools/list_manager.js HTTP/1.1" 200 3652
58.39.105.90 - - [20/Jul/2023:09:17:01 +0800] "GET /xingrg/javascript/auto/jquery.autocomplete.js HTTP/1.1" 200 21624
58.39.105.90 - - [20/Jul/2023:09:17:01 +0800] "GET /xingrg/javascript/easyui/easyloader.js HTTP/1.1" 200 5975
58.39.105.90 - - [20/Jul/2023:09:17:01 +0800] "GET /xingrg/javascript/jquery.cookie.js HTTP/1.1" 200 5513
58.39.105.90 - - [20/Jul/2023:09:17:01 +0800] "GET /xingrg/javascript/print/LodopFuncs.js HTTP/1.1" 200 5121
58.39.105.90 - - [20/Jul/2023:09:17:02 +0800] "GET /xingrg/javascript/easyui/themes/icons/cance_new.png HTTP/1.1" 200 3986
58.39.105.90 - - [20/Jul/2023:09:17:02 +0800] "GET /xingrg/javascript/easyui/themes/icons/edit_add_new.png HTTP/1.1" 200 2997
58.39.105.90 - - [20/Jul/2023:09:17:02 +0800] "GET /xingrg/javascript/easyui/themes/icons/check_new.png HTTP/1.1" 200 3224
58.39.105.90 - - [20/Jul/2023:09:17:02 +0800] "GET /xingrg/javascript/easyui/themes/icons/field_new.png HTTP/1.1" 200 1097
58.39.105.90 - - [20/Jul/2023:09:17:02 +0800] "GET /xingrg/javascript/easyui/themes/icons/import_new.png HTTP/1.1" 200 1247
58.39.105.90 - - [20/Jul/2023:09:17:02 +0800] "GET /xingrg/javascript/easyui/plugins/jquery.parser.js HTTP/1.1" 200 1142
58.39.105.90 - - [20/Jul/2023:09:17:02 +0800] "GET /xingrg/images/control/ajaxLoader.gif HTTP/1.1" 200 4659
222.70.180.90 - - [20/Jul/2023:09:17:02 +0800] "GET /xingrg/kc/buy/cgsh_order_operate.html?command=get_materiel&rest_code=00111&code=00101008455&supplier_code=00100005&order_time=2023-07-20 HTTP/1.1" 200 420
116.238.191.126 - - [20/Jul/2023:09:17:05 +0800] "GET /xingrg/all/function/internal_message.html?_=1689815825504&CODE_STATE=getMsg HTTP/1.1" 200 27
58.39.105.90 - - [20/Jul/2023:09:17:05 +0800] "POST /xingrg/kc/buy/cgsh_list_operate.html HTTP/1.1" 200 986
222.70.180.90 - - [20/Jul/2023:09:17:05 +0800] "GET /xingrg/all/function/internal_message.html?_=1689815879422&CODE_STATE=getMsg HTTP/1.1" 200 27
58.39.105.90 - - [20/Jul/2023:09:17:06 +0800] "GET /xingrg/javascript/easyui/themes/default/images/button_plain_hover.png HTTP/1.1" 200 144
58.39.105.90 - - [20/Jul/2023:09:17:07 +0800] "GET /xingrg/kc/buy/cgsh_order_add.html HTTP/1.1" 200 70743
58.39.105.90 - - [20/Jul/2023:09:17:07 +0800] "GET /xingrg/javascript/json2.js HTTP/1.1" 200 11259
58.39.105.90 - - [20/Jul/2023:09:17:07 +0800] "GET /xingrg/javascript/jquery_tools/order_manager.js HTTP/1.1" 200 11183
58.39.105.90 - - [20/Jul/2023:09:17:07 +0800] "GET /xingrg/javascript/convert.js HTTP/1.1" 200 1239
58.39.105.90 - - [20/Jul/2023:09:17:07 +0800] "GET /xingrg/javascript/print/kc_print.js HTTP/1.1" 200 11415
58.39.105.90 - - [20/Jul/2023:09:17:07 +0800] "GET /xingrg/words/20230719174256_words.js HTTP/1.1" 200 973265
58.39.105.90 - - [20/Jul/2023:09:17:07 +0800] "GET /xingrg/javascript/easyui/themes/icons/copy_new.png HTTP/1.1" 200 815
58.39.105.90 - - [20/Jul/2023:09:17:07 +0800] "GET /xingrg/javascript/easyui/themes/icons/ok.png HTTP/1.1" 200 883
58.39.105.90 - - [20/Jul/2023:09:17:07 +0800] "GET /xingrg/javascript/easyui/themes/icons/template_new.png HTTP/1.1" 200 3956
58.39.105.90 - - [20/Jul/2023:09:17:07 +0800] "GET /xingrg/javascript/easyui/themes/icons/print.png HTTP/1.1" 200 1057
58.39.105.90 - - [20/Jul/2023:09:17:07 +0800] "GET /xingrg/javascript/easyui/themes/default/images/menu_downarrow.png HTTP/1.1" 200 173
58.39.105.90 - - [20/Jul/2023:09:17:07 +0800] "GET /xingrg/javascript/easyui/themes/icons/cancel.png HTTP/1.1" 200 1133
58.39.105.90 - - [20/Jul/2023:09:17:08 +0800] "POST /xingrg/kc/buy/cgsh_order_operate.html HTTP/1.1" 200 8245
58.39.105.90 - - [20/Jul/2023:09:17:08 +0800] "GET /xingrg/javascript/easyui/themes/default/validatebox.css HTTP/1.1" 404 1104
58.39.105.90 - - [20/Jul/2023:09:17:08 +0800] "GET /xingrg/javascript/easyui/plugins/jquery.validatebox.js HTTP/1.1" 200 6103
58.39.105.90 - - [20/Jul/2023:09:17:08 +0800] "GET /xingrg/javascript/easyui/themes/icons/edit_remove.png HTTP/1.1" 200 625
58.39.105.90 - - [20/Jul/2023:09:17:08 +0800] "GET /xingrg/javascript/easyui/plugins/jquery.numberbox.js HTTP/1.1" 200 5213
58.39.105.90 - - [20/Jul/2023:09:17:08 +0800] "GET /xingrg/all/common/auto_word.html?type=employee&rest_code=00157 HTTP/1.1" 200 51
58.39.105.90 - - [20/Jul/2023:09:17:08 +0800] "GET /xingrg/all/common/auto_word.html?type=employee&rest_code=00157 HTTP/1.1" 200 51
218.81.221.197 - - [20/Jul/2023:09:17:09 +0800] "GET /xingrg/all/function/internal_message.html?_=1689815843110&CODE_STATE=getMsg HTTP/1.1" 200 27
116.232.195.127 - - [20/Jul/2023:09:17:11 +0800] "GET /xingrg/check_reg.html?_=1689815791201 HTTP/1.1" 200 22
116.232.195.127 - - [20/Jul/2023:09:17:11 +0800] "GET /xingrg/all/function/internal_message.html?_=1689815791204&CODE_STATE=getMsg HTTP/1.1" 200 27
101.83.145.37 - - [20/Jul/2023:09:17:11 +0800] "GET /xingrg/kc/buy/cgsh_order_operate.html?command=get_materiel&rest_code=00105&code=00101008352&supplier_code=00100203&order_time=2023-07-20 HTTP/1.1" 200 412
116.238.191.126 - - [20/Jul/2023:09:17:11 +0800] "GET /xingrg/kc/buy/cgsh_order_operate.html?command=get_materiel&rest_code=00150&code=00101008136&supplier_code=00100008&order_time=2023-07-20 HTTP/1.1" 200 413
58.39.105.90 - - [20/Jul/2023:09:17:13 +0800] "GET /xingrg/javascript/auto/indicator.gif HTTP/1.1" 404 1066
58.39.105.90 - - [20/Jul/2023:09:17:14 +0800] "GET /xingrg/javascript/jquery_tools/images/next.gif HTTP/1.1" 404 1086
58.39.105.90 - - [20/Jul/2023:09:17:14 +0800] "GET /xingrg/javascript/jquery_tools/images/prev.gif HTTP/1.1" 404 1086
116.238.191.126 - - [20/Jul/2023:09:17:15 +0800] "GET /xingrg/all/function/internal_message.html?_=1689815729053&CODE_STATE=getMsg HTTP/1.1" 200 27
101.83.145.37 - - [20/Jul/2023:09:17:17 +0800] "POST /xingrg/kc/buy/cgsh_order_operate.html HTTP/1.1" 200 2065
101.83.145.37 - - [20/Jul/2023:09:17:19 +0800] "POST /xingrg/kc/buy/cgsh_order_operate.html HTTP/1.1" 200 2065
114.85.113.108 - - [20/Jul/2023:09:17:20 +0800] "GET /xingrg/all/function/internal_message.html?_=1689815834638&CODE_STATE=getMsg HTTP/1.1" 200 27
222.70.114.12 - - [20/Jul/2023:09:17:24 +0800] "GET /xingrg/all/function/internal_message.html?_=1689815852451&CODE_STATE=getMsg HTTP/1.1" 200 27
222.70.180.90 - - [20/Jul/2023:09:17:24 +0800] "POST /xingrg/kc/buy/cgsh_order_operate.html HTTP/1.1" 200 2065
222.70.180.90 - - [20/Jul/2023:09:17:25 +0800] "GET /xingrg/all/function/internal_message.html?_=1689815842546&CODE_STATE=getMsg HTTP/1.1" 200 27
116.238.191.126 - - [20/Jul/2023:09:17:25 +0800] "GET /xingrg/kc/buy/cgsh_order_operate.html?command=get_materiel&rest_code=00150&code=00101008079&supplier_code=00100008&order_time=2023-07-20 HTTP/1.1" 200 416
58.39.105.90 - - [20/Jul/2023:09:17:27 +0800] "GET /xingrg/kc/buy/cgsh_order_operate.html?command=get_materiel&rest_code=00157&code=00101010161&supplier_code=00100595&order_time=2023-07-16 HTTP/1.1" 200 409
116.238.191.126 - - [20/Jul/2023:09:17:29 +0800] "POST /xingrg/kc/buy/cgsh_order_operate.html HTTP/1.1" 200 2065
222.70.180.90 - - [20/Jul/2023:09:17:33 +0800] "GET /xingrg/kc/buy/cgsh_order_operate.html?command=get_materiel&rest_code=00111&code=00101008079&supplier_code=00100005&order_time=2023-07-20 HTTP/1.1" 200 416
101.83.145.37 - - [20/Jul/2023:09:17:34 +0800] "GET /xingrg/kc/buy/cgsh_order_operate.html?command=get_materiel&rest_code=00105&code=00101008005&supplier_code=00100203&order_time=2023-07-20 HTTP/1.1" 200 412
180.152.241.196 - - [20/Jul/2023:09:17:42 +0800] "GET /xingrg/all/function/internal_message.html?_=1689815863416&CODE_STATE=getMsg HTTP/1.1" 200 27
58.39.105.90 - - [20/Jul/2023:09:17:42 +0800] "POST /xingrg/kc/buy/cgsh_order_operate.html HTTP/1.1" 200 37
116.238.191.126 - - [20/Jul/2023:09:17:42 +0800] "GET /xingrg/kc/buy/cgsh_order_operate.html?command=get_materiel&rest_code=00150&code=00101008357&supplier_code=00100008&order_time=2023-07-20 HTTP/1.1" 200 408
114.83.216.185 - - [20/Jul/2023:09:17:42 +0800] "GET /xingrg/kc/buy/cgsh_order_operate.html?command=get_materiel&rest_code=00149&code=00101005037&supplier_code=00100039&order_time=2023-07-20 HTTP/1.1" 200 409
116.238.191.126 - - [20/Jul/2023:09:17:42 +0800] "GET /xingrg/check_reg.html?_=1689815756346 HTTP/1.1" 200 22
58.39.105.90 - - [20/Jul/2023:09:17:44 +0800] "POST /xingrg/kc/buy/cgsh_order_operate.html HTTP/1.1" 200 2653
222.70.180.90 - - [20/Jul/2023:09:17:46 +0800] "GET /xingrg/kc/buy/cgsh_order_operate.html?command=get_materiel&rest_code=00111&code=00101008101&supplier_code=00100005&order_time=2023-07-20 HTTP/1.1" 200 412
58.39.105.90 - - [20/Jul/2023:09:17:49 +0800] "GET /xingrg/kc/print/load_config.html?kc_code=cgsh HTTP/1.1" 200 1924
101.83.145.37 - - [20/Jul/2023:09:17:49 +0800] "GET /xingrg/all/function/internal_message.html?_=1689815869170&CODE_STATE=getMsg HTTP/1.1" 200 27
124.78.156.75 - - [20/Jul/2023:09:17:49 +0800] "POST /xingrg/services/DataTransmitService HTTP/1.1" 200 524
58.39.105.90 - - [20/Jul/2023:09:17:50 +0800] "GET /xingrg/kc/print/load_data.html?order_code=212023072007690&kc_code=cgsh&condition= HTTP/1.1" 200 666
114.83.220.139 - - [20/Jul/2023:09:17:52 +0800] "GET /xingrg/all/function/internal_message.html?_=1689815994936&CODE_STATE=getMsg HTTP/1.1" 200 27
180.169.147.146 - - [20/Jul/2023:09:17:52 +0800] "GET /xingrg/check_reg.html?_=1689815872903 HTTP/1.1" 200 22
180.169.147.146 - - [20/Jul/2023:09:17:52 +0800] "GET /xingrg/all/function/internal_message.html?_=1689815872909&CODE_STATE=getMsg HTTP/1.1" 200 27
180.163.29.79 - - [20/Jul/2023:09:17:53 +0800] "GET /xingrg/all/function/internal_message.html?_=1689815812899&CODE_STATE=getMsg HTTP/1.1" 302 -
180.163.29.79 - - [20/Jul/2023:09:17:53 +0800] "GET /xingrg/login.html HTTP/1.1" 200 7641
116.238.191.126 - - [20/Jul/2023:09:17:56 +0800] "GET /xingrg/kc/buy/cgsh_order_operate.html?command=get_materiel&rest_code=00150&code=00101008069&supplier_code=00100008&order_time=2023-07-20 HTTP/1.1" 200 412
114.83.216.185 - - [20/Jul/2023:09:17:56 +0800] "GET /xingrg/kc/buy/cgsh_order_operate.html?command=get_materiel&rest_code=00149&code=00101001010&supplier_code=00100039&order_time=2023-07-20 HTTP/1.1" 200 411
116.232.195.127 - - [20/Jul/2023:09:17:56 +0800] "GET /xingrg/all/function/internal_message.html?_=1689815837015&CODE_STATE=getMsg HTTP/1.1" 200 27
116.232.195.127 - - [20/Jul/2023:09:17:57 +0800] "GET /xingrg/check_reg.html?_=1689815837360 HTTP/1.1" 200 22
58.39.105.90 - - [20/Jul/2023:09:17:58 +0800] "GET /xingrg/all/function/internal_message.html?_=1689815878181&CODE_STATE=getMsg HTTP/1.1" 200 27
114.83.216.185 - - [20/Jul/2023:09:17:58 +0800] "GET /xingrg/all/function/internal_message.html?_=1689815877697&CODE_STATE=getMsg HTTP/1.1" 200 27
114.83.216.185 - - [20/Jul/2023:09:17:58 +0800] "GET /xingrg/check_reg.html?_=1689815877699 HTTP/1.1" 200 22
222.70.180.90 - - [20/Jul/2023:09:18:04 +0800] "GET /xingrg/kc/buy/cgsh_order_operate.html?command=get_materiel&rest_code=00111&code=00101008746&supplier_code=00100005&order_time=2023-07-20 HTTP/1.1" 200 395
116.238.191.126 - - [20/Jul/2023:09:18:05 +0800] "GET /xingrg/all/function/internal_message.html?_=1689815885529&CODE_STATE=getMsg HTTP/1.1" 200 27
222.70.180.90 - - [20/Jul/2023:09:18:05 +0800] "GET /xingrg/all/function/internal_message.html?_=1689815939421&CODE_STATE=getMsg HTTP/1.1" 200 27
180.157.253.91 - - [20/Jul/2023:09:18:07 +0800] "GET /xingrg/check_reg.html?_=1689815886160 HTTP/1.1" 200 22
116.238.191.126 - - [20/Jul/2023:09:18:07 +0800] "GET /xingrg/kc/buy/cgsh_order_operate.html?command=get_materiel&rest_code=00150&code=00101008286&supplier_code=00100008&order_time=2023-07-20 HTTP/1.1" 200 408
218.81.221.197 - - [20/Jul/2023:09:18:09 +0800] "GET /xingrg/check_reg.html?_=1689815903234 HTTP/1.1" 200 22
218.81.221.197 - - [20/Jul/2023:09:18:09 +0800] "GET /xingrg/all/function/internal_message.html?_=1689815903236&CODE_STATE=getMsg HTTP/1.1" 200 27
116.232.195.127 - - [20/Jul/2023:09:18:11 +0800] "GET /xingrg/all/function/internal_message.html?_=1689815851199&CODE_STATE=getMsg HTTP/1.1" 200 27
116.238.191.126 - - [20/Jul/2023:09:18:15 +0800] "GET /xingrg/all/function/internal_message.html?_=1689815789070&CODE_STATE=getMsg HTTP/1.1" 200 27
114.83.216.185 - - [20/Jul/2023:09:18:17 +0800] "POST /xingrg/kc/buy/cgsh_order_operate.html HTTP/1.1" 200 37
116.238.191.126 - - [20/Jul/2023:09:18:18 +0800] "GET /xingrg/kc/buy/cgsh_order_operate.html?command=get_materiel&rest_code=00150&code=00101008036&supplier_code=00100008&order_time=2023-07-20 HTTP/1.1" 200 408
114.85.113.108 - - [20/Jul/2023:09:18:20 +0800] "GET /xingrg/all/function/internal_message.html?_=1689815894638&CODE_STATE=getMsg HTTP/1.1" 200 27
222.70.180.90 - - [20/Jul/2023:09:18:20 +0800] "GET /xingrg/kc/buy/cgsh_order_operate.html?command=get_materiel&rest_code=00111&code=00101008290&supplier_code=00100005&order_time=2023-07-20 HTTP/1.1" 200 416
101.83.145.37 - - [20/Jul/2023:09:18:24 +0800] "GET /xingrg/kc/buy/cgsh_order_operate.html?command=get_materiel&rest_code=00105&code=00101008271&supplier_code=00100203&order_time=2023-07-20 HTTP/1.1" 200 408
222.70.114.12 - - [20/Jul/2023:09:18:24 +0800] "GET /xingrg/all/function/internal_message.html?_=1689815912446&CODE_STATE=getMsg HTTP/1.1" 200 27
222.70.180.90 - - [20/Jul/2023:09:18:25 +0800] "GET /xingrg/all/function/internal_message.html?_=1689815902539&CODE_STATE=getMsg HTTP/1.1" 200 27
114.83.216.185 - - [20/Jul/2023:09:18:27 +0800] "POST /xingrg/kc/buy/cgsh_order_operate.html HTTP/1.1" 200 12
101.83.145.37 - - [20/Jul/2023:09:18:31 +0800] "GET /xingrg/kc/buy/cgsh_order_operate.html?command=get_materiel&rest_code=00105&code=00101008353&supplier_code=00100203&order_time=2023-07-20 HTTP/1.1" 200 408
58.39.105.90 - - [20/Jul/2023:09:18:31 +0800] "GET /xingrg/kc/buy/cgsh_order_add.html HTTP/1.1" 200 70743
114.83.216.185 - - [20/Jul/2023:09:18:31 +0800] "GET /xingrg/kc/buy/cgsh_order_info.html?code=212023072007691 HTTP/1.1" 200 66617
58.39.105.90 - - [20/Jul/2023:09:18:31 +0800] "POST /xingrg/kc/buy/cgsh_order_operate.html HTTP/1.1" 200 8245
58.39.105.90 - - [20/Jul/2023:09:18:31 +0800] "GET /xingrg/javascript/easyui/themes/default/validatebox.css HTTP/1.1" 404 1104
114.83.216.185 - - [20/Jul/2023:09:18:32 +0800] "GET /xingrg/javascript/easyui/themes/default/validatebox.css HTTP/1.1" 404 1104
114.83.216.185 - - [20/Jul/2023:09:18:33 +0800] "POST /xingrg/kc/buy/cgsh_order_operate.html HTTP/1.1" 200 2968
114.83.216.185 - - [20/Jul/2023:09:18:34 +0800] "GET /xingrg/kc/print/load_data.html?order_code=212023072007691&kc_code=cgsh&condition= HTTP/1.1" 200 1620
116.238.191.126 - - [20/Jul/2023:09:18:35 +0800] "POST /xingrg/kc/buy/cgsh_order_operate.html HTTP/1.1" 200 2065
114.83.216.185 - - [20/Jul/2023:09:18:39 +0800] "GET /xingrg/kc/buy/cgsh_order_add.html HTTP/1.1" 200 71708
114.83.216.185 - - [20/Jul/2023:09:18:39 +0800] "POST /xingrg/kc/buy/cgsh_order_operate.html HTTP/1.1" 200 8245
114.83.216.185 - - [20/Jul/2023:09:18:39 +0800] "GET /xingrg/javascript/easyui/themes/default/validatebox.css HTTP/1.1" 404 1104
222.70.180.90 - - [20/Jul/2023:09:18:40 +0800] "POST /xingrg/kc/buy/cgsh_order_operate.html HTTP/1.1" 200 2065
180.152.241.196 - - [20/Jul/2023:09:18:42 +0800] "GET /xingrg/all/function/internal_message.html?_=1689815923415&CODE_STATE=getMsg HTTP/1.1" 200 27
116.238.191.126 - - [20/Jul/2023:09:18:43 +0800] "GET /xingrg/kc/buy/cgsh_order_operate.html?command=get_materiel&rest_code=00150&code=00101008131&supplier_code=00100008&order_time=2023-07-20 HTTP/1.1" 200 409
58.39.105.90 - - [20/Jul/2023:09:18:44 +0800] "GET /xingrg/kc/buy/cgsh_order_operate.html?command=get_materiel&rest_code=00157&code=00101006183&supplier_code=00100612&order_time=2023-07-16 HTTP/1.1" 200 408
222.70.180.90 - - [20/Jul/2023:09:18:48 +0800] "GET /xingrg/kc/buy/cgsh_order_operate.html?command=get_materiel&rest_code=00111&code=00101016081&supplier_code=00100005&order_time=2023-07-20 HTTP/1.1" 200 466
101.83.145.37 - - [20/Jul/2023:09:18:49 +0800] "GET /xingrg/all/function/internal_message.html?_=1689815929235&CODE_STATE=getMsg HTTP/1.1" 200 27
101.83.145.37 - - [20/Jul/2023:09:18:50 +0800] "GET /xingrg/kc/buy/cgsh_order_operate.html?command=get_materiel&rest_code=00105&code=00101008105&supplier_code=00100203&order_time=2023-07-20 HTTP/1.1" 200 412
114.83.220.139 - - [20/Jul/2023:09:18:52 +0800] "GET /xingrg/all/function/internal_message.html?_=1689816054927&CODE_STATE=getMsg HTTP/1.1" 200 27
180.169.147.146 - - [20/Jul/2023:09:18:52 +0800] "GET /xingrg/all/function/internal_message.html?_=1689815932889&CODE_STATE=getMsg HTTP/1.1" 200 27
116.238.191.126 - - [20/Jul/2023:09:18:53 +0800] "GET /xingrg/kc/buy/cgsh_order_operate.html?command=get_materiel&rest_code=00150&code=00101008279&supplier_code=00100008&order_time=2023-07-20 HTTP/1.1" 200 412
116.232.195.127 - - [20/Jul/2023:09:18:56 +0800] "GET /xingrg/all/function/internal_message.html?_=1689815896993&CODE_STATE=getMsg HTTP/1.1" 200 27
58.39.105.90 - - [20/Jul/2023:09:18:58 +0800] "GET /xingrg/all/function/internal_message.html?_=1689815938179&CODE_STATE=getMsg HTTP/1.1" 200 27
114.83.216.185 - - [20/Jul/2023:09:18:58 +0800] "GET /xingrg/all/function/internal_message.html?_=1689815937672&CODE_STATE=getMsg HTTP/1.1" 200 27
58.39.105.90 - - [20/Jul/2023:09:19:00 +0800] "GET /xingrg/kc/buy/cgsh_order_operate.html?command=get_materiel&rest_code=00157&code=00101006177&supplier_code=00100612&order_time=2023-07-16 HTTP/1.1" 200 408
116.238.191.126 - - [20/Jul/2023:09:19:03 +0800] "GET /xingrg/kc/buy/cgsh_order_operate.html?command=get_materiel&rest_code=00150&code=00101008318&supplier_code=00100008&order_time=2023-07-20 HTTP/1.1" 200 408
116.238.191.126 - - [20/Jul/2023:09:19:05 +0800] "GET /xingrg/all/function/internal_message.html?_=1689815945501&CODE_STATE=getMsg HTTP/1.1" 200 27
218.81.221.197 - - [20/Jul/2023:09:19:09 +0800] "GET /xingrg/all/function/internal_message.html?_=1689815963246&CODE_STATE=getMsg HTTP/1.1" 200 27
116.232.195.127 - - [20/Jul/2023:09:19:11 +0800] "GET /xingrg/all/function/internal_message.html?_=1689815911190&CODE_STATE=getMsg HTTP/1.1" 200 27
101.83.145.37 - - [20/Jul/2023:09:19:12 +0800] "GET /xingrg/kc/buy/cgsh_order_operate.html?command=get_materiel&rest_code=00105&code=00101008119&supplier_code=00100203&order_time=2023-07-20 HTTP/1.1" 200 412
116.238.191.126 - - [20/Jul/2023:09:19:15 +0800] "GET /xingrg/all/function/internal_message.html?_=1689815849084&CODE_STATE=getMsg HTTP/1.1" 200 27
222.70.180.90 - - [20/Jul/2023:09:19:17 +0800] "GET /xingrg/check_reg.html?_=1689816010672 HTTP/1.1" 200 22
222.70.180.90 - - [20/Jul/2023:09:19:17 +0800] "GET /xingrg/all/function/internal_message.html?_=1689816002428&CODE_STATE=getMsg HTTP/1.1" 200 27
58.39.105.90 - - [20/Jul/2023:09:19:17 +0800] "POST /xingrg/kc/buy/cgsh_order_operate.html HTTP/1.1" 200 37
116.238.191.126 - - [20/Jul/2023:09:19:18 +0800] "GET /xingrg/kc/buy/cgsh_order_operate.html?command=get_materiel&rest_code=00150&code=00101008371&supplier_code=00100008&order_time=2023-07-20 HTTP/1.1" 200 412
222.70.180.90 - - [20/Jul/2023:09:19:19 +0800] "GET /xingrg/kc/buy/cgsh_order_operate.html?command=get_materiel&rest_code=00111&code=00101008036&supplier_code=00100005&order_time=2023-07-20 HTTP/1.1" 200 408
114.85.113.108 - - [20/Jul/2023:09:19:20 +0800] "GET /xingrg/all/function/internal_message.html?_=1689815954638&CODE_STATE=getMsg HTTP/1.1" 200 27
58.39.105.90 - - [20/Jul/2023:09:19:21 +0800] "POST /xingrg/kc/buy/cgsh_order_operate.html HTTP/1.1" 200 3238
222.70.114.12 - - [20/Jul/2023:09:19:24 +0800] "GET /xingrg/all/function/internal_message.html?_=1689815972446&CODE_STATE=getMsg HTTP/1.1" 200 27
101.83.145.37 - - [20/Jul/2023:09:19:24 +0800] "GET /xingrg/kc/buy/cgsh_order_operate.html?command=get_materiel&rest_code=00105&code=00101008185&supplier_code=00100203&order_time=2023-07-20 HTTP/1.1" 200 408
222.70.180.90 - - [20/Jul/2023:09:19:25 +0800] "GET /xingrg/all/function/internal_message.html?_=1689815962550&CODE_STATE=getMsg HTTP/1.1" 200 27
58.39.105.90 - - [20/Jul/2023:09:19:25 +0800] "GET /xingrg/kc/print/load_data.html?order_code=212023072007692&kc_code=cgsh&condition= HTTP/1.1" 200 878
116.238.191.126 - - [20/Jul/2023:09:19:27 +0800] "POST /xingrg/kc/buy/cgsh_order_operate.html HTTP/1.1" 200 2065
101.83.145.37 - - [20/Jul/2023:09:19:34 +0800] "GET /xingrg/kc/buy/cgsh_order_operate.html?command=get_materiel&rest_code=00105&code=00101008323&supplier_code=00100203&order_time=2023-07-20 HTTP/1.1" 200 408
116.238.191.126 - - [20/Jul/2023:09:19:35 +0800] "GET /xingrg/kc/buy/cgsh_order_operate.html?command=get_materiel&rest_code=00150&code=00101008005&supplier_code=00100008&order_time=2023-07-20 HTTP/1.1" 200 412
222.70.180.90 - - [20/Jul/2023:09:19:38 +0800] "POST /xingrg/kc/buy/cgsh_order_operate.html HTTP/1.1" 200 2065
114.83.216.185 - - [20/Jul/2023:09:19:41 +0800] "GET /xingrg/kc/buy/cgsh_order_operate.html?command=get_materiel&rest_code=00149&code=00101010092&supplier_code=00100096&order_time=2023-07-20 HTTP/1.1" 200 450
180.152.241.196 - - [20/Jul/2023:09:19:42 +0800] "GET /xingrg/check_reg.html?_=1689815983404 HTTP/1.1" 200 22
180.152.241.196 - - [20/Jul/2023:09:19:42 +0800] "GET /xingrg/all/function/internal_message.html?_=1689815983406&CODE_STATE=getMsg HTTP/1.1" 200 27
116.238.191.126 - - [20/Jul/2023:09:19:44 +0800] "GET /xingrg/kc/buy/cgsh_order_operate.html?command=get_materiel&rest_code=00150&code=00101008353&supplier_code=00100008&order_time=2023-07-20 HTTP/1.1" 200 408
58.39.105.90 - - [20/Jul/2023:09:19:48 +0800] "GET /xingrg/kc/buy/cgsh_order_add.html HTTP/1.1" 200 70743
58.39.105.90 - - [20/Jul/2023:09:19:48 +0800] "POST /xingrg/kc/buy/cgsh_order_operate.html HTTP/1.1" 200 8245
58.39.105.90 - - [20/Jul/2023:09:19:48 +0800] "GET /xingrg/javascript/easyui/themes/default/validatebox.css HTTP/1.1" 404 1104
101.83.145.37 - - [20/Jul/2023:09:19:49 +0800] "GET /xingrg/all/function/internal_message.html?_=1689815989153&CODE_STATE=getMsg HTTP/1.1" 200 27
101.83.145.37 - - [20/Jul/2023:09:19:49 +0800] "GET /xingrg/check_reg.html?_=1689815989156 HTTP/1.1" 200 22
180.163.28.109 - - [20/Jul/2023:09:19:52 +0800] "GET /xingrg/all/function/internal_message.html?_=1689815932889&CODE_STATE=getMsg HTTP/1.1" 302 -
180.163.28.109 - - [20/Jul/2023:09:19:52 +0800] "GET /xingrg/login.html HTTP/1.1" 200 7641
114.83.220.139 - - [20/Jul/2023:09:19:52 +0800] "GET /xingrg/all/function/internal_message.html?_=1689816114935&CODE_STATE=getMsg HTTP/1.1" 200 27
180.169.147.146 - - [20/Jul/2023:09:19:52 +0800] "GET /xingrg/all/function/internal_message.html?_=1689815992888&CODE_STATE=getMsg HTTP/1.1" 200 27
101.83.145.37 - - [20/Jul/2023:09:19:53 +0800] "GET /xingrg/kc/buy/cgsh_order_operate.html?command=get_materiel&rest_code=00105&code=00101008176&supplier_code=00100203&order_time=2023-07-20 HTTP/1.1" 200 413
114.83.216.185 - - [20/Jul/2023:09:19:54 +0800] "GET /xingrg/kc/buy/cgsh_order_operate.html?command=get_materiel&rest_code=00149&code=00101016030&supplier_code=00100096&order_time=2023-07-20 HTTP/1.1" 200 412
116.232.195.127 - - [20/Jul/2023:09:19:56 +0800] "GET /xingrg/all/function/internal_message.html?_=1689815956976&CODE_STATE=getMsg HTTP/1.1" 200 27
58.39.105.90 - - [20/Jul/2023:09:19:58 +0800] "GET /xingrg/all/function/internal_message.html?_=1689815998185&CODE_STATE=getMsg HTTP/1.1" 200 27
114.83.216.185 - - [20/Jul/2023:09:19:58 +0800] "GET /xingrg/all/function/internal_message.html?_=1689815997656&CODE_STATE=getMsg HTTP/1.1" 200 27
116.238.191.126 - - [20/Jul/2023:09:20:00 +0800] "GET /xingrg/kc/buy/cgsh_order_operate.html?command=get_materiel&rest_code=00150&code=00101008291&supplier_code=00100008&order_time=2023-07-20 HTTP/1.1" 200 410
101.83.145.37 - - [20/Jul/2023:09:20:04 +0800] "GET /xingrg/kc/buy/cgsh_order_operate.html?command=get_materiel&rest_code=00105&code=00101008257&supplier_code=00100203&order_time=2023-07-20 HTTP/1.1" 200 416
116.238.191.126 - - [20/Jul/2023:09:20:05 +0800] "GET /xingrg/all/function/internal_message.html?_=1689816005508&CODE_STATE=getMsg HTTP/1.1" 200 27
116.238.191.126 - - [20/Jul/2023:09:20:05 +0800] "GET /xingrg/check_reg.html?_=1689816005514 HTTP/1.1" 200 22
114.83.216.185 - - [20/Jul/2023:09:20:06 +0800] "GET /xingrg/kc/buy/cgsh_order_operate.html?command=get_materiel&rest_code=00149&code=00101006109&supplier_code=00100096&order_time=2023-07-20 HTTP/1.1" 200 411
222.70.180.90 - - [20/Jul/2023:09:20:06 +0800] "GET /xingrg/all/function/internal_message.html?_=1689816059960&CODE_STATE=getMsg HTTP/1.1" 200 27
222.70.180.90 - - [20/Jul/2023:09:20:07 +0800] "GET /xingrg/kc/buy/cgsh_order_operate.html?command=get_materiel&rest_code=00111&code=00101008132&supplier_code=00100005&order_time=2023-07-20 HTTP/1.1" 200 408
218.81.221.197 - - [20/Jul/2023:09:20:09 +0800] "GET /xingrg/all/function/internal_message.html?_=1689816023260&CODE_STATE=getMsg HTTP/1.1" 200 27
116.238.191.126 - - [20/Jul/2023:09:20:10 +0800] "GET /xingrg/kc/buy/cgsh_order_operate.html?command=get_materiel&rest_code=00150&code=00101008061&supplier_code=00100008&order_time=2023-07-20 HTTP/1.1" 200 422
116.232.195.127 - - [20/Jul/2023:09:20:11 +0800] "GET /xingrg/all/function/internal_message.html?_=1689815971209&CODE_STATE=getMsg HTTP/1.1" 200 27
58.39.105.90 - - [20/Jul/2023:09:20:11 +0800] "GET /xingrg/kc/buy/cgsh_order_operate.html?command=get_materiel&rest_code=00157&code=00101040027&supplier_code=00100503&order_time=2023-07-16 HTTP/1.1" 200 430
116.238.191.126 - - [20/Jul/2023:09:20:12 +0800] "POST /xingrg/kc/buy/cgsh_order_operate.html HTTP/1.1" 200 2065
101.83.145.37 - - [20/Jul/2023:09:20:15 +0800] "GET /xingrg/kc/buy/cgsh_order_operate.html?command=get_materiel&rest_code=00105&code=00101008080&supplier_code=00100203&order_time=2023-07-20 HTTP/1.1" 200 416
116.238.191.126 - - [20/Jul/2023:09:20:15 +0800] "GET /xingrg/all/function/internal_message.html?_=1689815909109&CODE_STATE=getMsg HTTP/1.1" 200 27
222.70.180.90 - - [20/Jul/2023:09:20:16 +0800] "GET /xingrg/kc/buy/cgsh_order_operate.html?command=get_materiel&rest_code=00111&code=00101008283&supplier_code=00100005&order_time=2023-07-20 HTTP/1.1" 200 408
101.83.145.37 - - [20/Jul/2023:09:20:19 +0800] "POST /xingrg/kc/buy/cgsh_order_operate.html HTTP/1.1" 200 2065
101.83.145.37 - - [20/Jul/2023:09:20:20 +0800] "POST /xingrg/kc/buy/cgsh_order_operate.html HTTP/1.1" 200 2065
114.85.113.108 - - [20/Jul/2023:09:20:20 +0800] "GET /xingrg/all/function/internal_message.html?_=1689816014641&CODE_STATE=getMsg HTTP/1.1" 200 27
114.85.113.108 - - [20/Jul/2023:09:20:20 +0800] "GET /xingrg/check_reg.html?_=1689816014647 HTTP/1.1" 200 22
58.39.105.90 - - [20/Jul/2023:09:20:22 +0800] "GET /xingrg/kc/buy/cgsh_order_operate.html?command=get_materiel&rest_code=00157&code=00101007074&supplier_code=00100503&order_time=2023-07-16 HTTP/1.1" 200 417
116.238.191.126 - - [20/Jul/2023:09:20:22 +0800] "GET /xingrg/kc/buy/cgsh_order_operate.html?command=get_materiel&rest_code=00150&code=00101008095&supplier_code=00100008&order_time=2023-07-20 HTTP/1.1" 200 413
114.83.216.185 - - [20/Jul/2023:09:20:23 +0800] "GET /xingrg/kc/buy/cgsh_order_operate.html?command=get_materiel&rest_code=00149&code=00101006112&supplier_code=00100096&order_time=2023-07-20 HTTP/1.1" 200 410
222.70.114.12 - - [20/Jul/2023:09:20:24 +0800] "GET /xingrg/check_reg.html?_=1689816032452 HTTP/1.1" 200 22
222.70.114.12 - - [20/Jul/2023:09:20:24 +0800] "GET /xingrg/all/function/internal_message.html?_=1689816032460&CODE_STATE=getMsg HTTP/1.1" 200 27
222.70.180.90 - - [20/Jul/2023:09:20:25 +0800] "GET /xingrg/all/function/internal_message.html?_=1689816022550&CODE_STATE=getMsg HTTP/1.1" 200 27
222.70.180.90 - - [20/Jul/2023:09:20:32 +0800] "POST /xingrg/kc/buy/cgsh_order_operate.html HTTP/1.1" 200 2065
58.39.105.90 - - [20/Jul/2023:09:20:36 +0800] "POST /xingrg/kc/buy/cgsh_order_operate.html HTTP/1.1" 200 37
58.39.105.90 - - [20/Jul/2023:09:20:38 +0800] "POST /xingrg/kc/buy/cgsh_order_operate.html HTTP/1.1" 200 3271
114.83.216.185 - - [20/Jul/2023:09:20:39 +0800] "GET /xingrg/kc/buy/cgsh_order_operate.html?command=get_materiel&rest_code=00149&code=00101006144&supplier_code=00100096&order_time=2023-07-20 HTTP/1.1" 200 409
101.83.145.37 - - [20/Jul/2023:09:20:39 +0800] "GET /xingrg/kc/buy/cgsh_order_operate.html?command=get_materiel&rest_code=00105&code=00101008703&supplier_code=00100203&order_time=2023-07-20 HTTP/1.1" 200 413
58.39.105.90 - - [20/Jul/2023:09:20:40 +0800] "GET /xingrg/kc/print/load_data.html?order_code=212023072007693&kc_code=cgsh&condition= HTTP/1.1" 200 926
116.238.191.126 - - [20/Jul/2023:09:20:41 +0800] "GET /xingrg/kc/buy/cgsh_order_operate.html?command=get_materiel&rest_code=00150&code=00101008110&supplier_code=00100008&order_time=2023-07-20 HTTP/1.1" 200 408
222.70.180.90 - - [20/Jul/2023:09:20:42 +0800] "GET /xingrg/kc/buy/cgsh_order_operate.html?command=get_materiel&rest_code=00111&code=00101008350&supplier_code=00100005&order_time=2023-07-20 HTTP/1.1" 200 408
180.152.241.196 - - [20/Jul/2023:09:20:42 +0800] "GET /xingrg/all/function/internal_message.html?_=1689816043420&CODE_STATE=getMsg HTTP/1.1" 200 27
101.83.145.37 - - [20/Jul/2023:09:20:49 +0800] "GET /xingrg/all/function/internal_message.html?_=1689816049170&CODE_STATE=getMsg HTTP/1.1" 200 27
180.163.30.100 - - [20/Jul/2023:09:20:52 +0800] "GET /xingrg/all/function/internal_message.html?_=1689815992888&CODE_STATE=getMsg HTTP/1.1" 302 -
180.163.30.100 - - [20/Jul/2023:09:20:52 +0800] "GET /xingrg/login.html HTTP/1.1" 200 7641
114.83.220.139 - - [20/Jul/2023:09:20:52 +0800] "GET /xingrg/all/function/internal_message.html?_=1689816174922&CODE_STATE=getMsg HTTP/1.1" 200 27
180.169.147.146 - - [20/Jul/2023:09:20:52 +0800] "GET /xingrg/all/function/internal_message.html?_=1689816052882&CODE_STATE=getMsg HTTP/1.1" 200 27
222.70.180.90 - - [20/Jul/2023:09:20:53 +0800] "GET /xingrg/kc/buy/cgsh_order_operate.html?command=get_materiel&rest_code=00111&code=00101009030&supplier_code=00100005&order_time=2023-07-20 HTTP/1.1" 200 412
116.238.191.126 - - [20/Jul/2023:09:20:54 +0800] "GET /xingrg/kc/buy/cgsh_order_operate.html?command=get_materiel&rest_code=00150&code=00101008283&supplier_code=00100008&order_time=2023-07-20 HTTP/1.1" 200 408
116.238.191.126 - - [20/Jul/2023:09:20:56 +0800] "POST /xingrg/kc/buy/cgsh_order_operate.html HTTP/1.1" 200 2065
116.232.195.127 - - [20/Jul/2023:09:20:56 +0800] "GET /xingrg/all/function/internal_message.html?_=1689816016958&CODE_STATE=getMsg HTTP/1.1" 200 27
58.39.105.90 - - [20/Jul/2023:09:20:58 +0800] "GET /xingrg/all/function/internal_message.html?_=1689816058180&CODE_STATE=getMsg HTTP/1.1" 200 27
114.83.216.185 - - [20/Jul/2023:09:20:58 +0800] "GET /xingrg/kc/buy/cgsh_order_operate.html?command=get_materiel&rest_code=00149&code=00101007106&supplier_code=00100096&order_time=2023-07-20 HTTP/1.1" 200 410
114.83.216.185 - - [20/Jul/2023:09:20:58 +0800] "GET /xingrg/all/function/internal_message.html?_=1689816057640&CODE_STATE=getMsg HTTP/1.1" 200 27
101.83.145.37 - - [20/Jul/2023:09:21:01 +0800] "GET /xingrg/kc/buy/cgsh_order_operate.html?command=get_materiel&rest_code=00105&code=00101008224&supplier_code=00100203&order_time=2023-07-20 HTTP/1.1" 200 416
116.238.191.126 - - [20/Jul/2023:09:21:04 +0800] "GET /xingrg/kc/buy/cgsh_order_operate.html?command=get_materiel&rest_code=00150&code=00101008298&supplier_code=00100008&order_time=2023-07-20 HTTP/1.1" 200 413
116.238.191.126 - - [20/Jul/2023:09:21:05 +0800] "GET /xingrg/all/function/internal_message.html?_=1689816065523&CODE_STATE=getMsg HTTP/1.1" 200 27
222.70.180.90 - - [20/Jul/2023:09:21:05 +0800] "GET /xingrg/kc/buy/cgsh_order_operate.html?command=get_materiel&rest_code=00111&code=00101008331&supplier_code=00100005&order_time=2023-07-20 HTTP/1.1" 200 416
222.70.180.90 - - [20/Jul/2023:09:21:06 +0800] "GET /xingrg/all/function/internal_message.html?_=1689816119942&CODE_STATE=getMsg HTTP/1.1" 200 27
58.39.105.90 - - [20/Jul/2023:09:21:08 +0800] "GET /xingrg/kc/buy/cgsh_order_add.html HTTP/1.1" 200 70743
58.39.105.90 - - [20/Jul/2023:09:21:08 +0800] "POST /xingrg/kc/buy/cgsh_order_operate.html HTTP/1.1" 200 8245
58.39.105.90 - - [20/Jul/2023:09:21:08 +0800] "GET /xingrg/javascript/easyui/themes/default/validatebox.css HTTP/1.1" 404 1104
218.81.221.197 - - [20/Jul/2023:09:21:09 +0800] "GET /xingrg/all/function/internal_message.html?_=1689816083461&CODE_STATE=getMsg HTTP/1.1" 200 27
116.232.195.127 - - [20/Jul/2023:09:21:11 +0800] "GET /xingrg/all/function/internal_message.html?_=1689816031204&CODE_STATE=getMsg HTTP/1.1" 200 27
116.238.191.126 - - [20/Jul/2023:09:21:13 +0800] "GET /xingrg/kc/buy/cgsh_order_operate.html?command=get_materiel&rest_code=00150&code=00101008372&supplier_code=00100008&order_time=2023-07-20 HTTP/1.1" 200 408
116.238.191.126 - - [20/Jul/2023:09:21:15 +0800] "GET /xingrg/all/function/internal_message.html?_=1689815969111&CODE_STATE=getMsg HTTP/1.1" 200 27
114.83.216.185 - - [20/Jul/2023:09:21:17 +0800] "POST /xingrg/kc/buy/cgsh_order_operate.html HTTP/1.1" 200 37
58.39.105.90 - - [20/Jul/2023:09:21:20 +0800] "GET /xingrg/kc/buy/cgsh_order_operate.html?command=get_materiel&rest_code=00157&code=00101008355&supplier_code=00100556&order_time=2023-07-16 HTTP/1.1" 200 408
114.85.113.108 - - [20/Jul/2023:09:21:20 +0800] "GET /xingrg/all/function/internal_message.html?_=1689816074647&CODE_STATE=getMsg HTTP/1.1" 200 27
222.70.114.12 - - [20/Jul/2023:09:21:24 +0800] "GET /xingrg/all/function/internal_message.html?_=1689816092445&CODE_STATE=getMsg HTTP/1.1" 200 27
222.70.180.90 - - [20/Jul/2023:09:21:25 +0800] "GET /xingrg/check_reg.html?_=1689816082542 HTTP/1.1" 200 22
222.70.180.90 - - [20/Jul/2023:09:21:25 +0800] "GET /xingrg/all/function/internal_message.html?_=1689816082541&CODE_STATE=getMsg HTTP/1.1" 200 27
222.70.180.90 - - [20/Jul/2023:09:21:27 +0800] "GET /xingrg/kc/buy/cgsh_order_operate.html?command=get_materiel&rest_code=00111&code=00101008150&supplier_code=00100005&order_time=2023-07-20 HTTP/1.1" 200 409
222.70.180.90 - - [20/Jul/2023:09:21:30 +0800] "POST /xingrg/kc/buy/cgsh_order_operate.html HTTP/1.1" 200 2065
114.83.216.185 - - [20/Jul/2023:09:21:31 +0800] "POST /xingrg/kc/buy/cgsh_order_operate.html HTTP/1.1" 200 12
114.83.216.185 - - [20/Jul/2023:09:21:34 +0800] "GET /xingrg/kc/buy/cgsh_order_info.html?code=212023072007694 HTTP/1.1" 200 66607
114.83.216.185 - - [20/Jul/2023:09:21:35 +0800] "GET /xingrg/javascript/easyui/themes/default/validatebox.css HTTP/1.1" 404 1104
114.83.216.185 - - [20/Jul/2023:09:21:36 +0800] "POST /xingrg/kc/buy/cgsh_order_operate.html HTTP/1.1" 200 3572
222.70.180.90 - - [20/Jul/2023:09:21:38 +0800] "GET /xingrg/kc/buy/cgsh_order_operate.html?command=get_materiel&rest_code=00111&code=00101008573&supplier_code=00100005&order_time=2023-07-20 HTTP/1.1" 200 409
101.83.145.37 - - [20/Jul/2023:09:21:40 +0800] "GET /xingrg/kc/buy/cgsh_order_operate.html?command=get_materiel&rest_code=00105&code=00101008301&supplier_code=00100203&order_time=2023-07-20 HTTP/1.1" 200 422
180.152.241.196 - - [20/Jul/2023:09:21:42 +0800] "GET /xingrg/all/function/internal_message.html?_=1689816103416&CODE_STATE=getMsg HTTP/1.1" 200 27
114.83.216.185 - - [20/Jul/2023:09:21:44 +0800] "GET /xingrg/kc/print/load_data.html?order_code=212023072007694&kc_code=cgsh&condition= HTTP/1.1" 200 1813
101.83.145.37 - - [20/Jul/2023:09:21:49 +0800] "GET /xingrg/all/function/internal_message.html?_=1689816109240&CODE_STATE=getMsg HTTP/1.1" 200 27
101.83.145.37 - - [20/Jul/2023:09:21:52 +0800] "GET /xingrg/kc/buy/cgsh_order_operate.html?command=get_materiel&rest_code=00105&code=00101008286&supplier_code=00100203&order_time=2023-07-20 HTTP/1.1" 200 408
114.83.220.139 - - [20/Jul/2023:09:21:52 +0800] "GET /xingrg/all/function/internal_message.html?_=1689816234926&CODE_STATE=getMsg HTTP/1.1" 200 27
114.83.220.139 - - [20/Jul/2023:09:21:52 +0800] "GET /xingrg/check_reg.html?_=1689816234928 HTTP/1.1" 200 22
180.169.147.146 - - [20/Jul/2023:09:21:52 +0800] "GET /xingrg/all/function/internal_message.html?_=1689816112895&CODE_STATE=getMsg HTTP/1.1" 200 27
116.232.195.127 - - [20/Jul/2023:09:21:56 +0800] "GET /xingrg/all/function/internal_message.html?_=1689816076955&CODE_STATE=getMsg HTTP/1.1" 200 27
58.39.105.90 - - [20/Jul/2023:09:21:57 +0800] "GET /xingrg/kc/buy/cgsh_order_operate.html?command=get_materiel&rest_code=00157&code=00101008205&supplier_code=00100556&order_time=2023-07-16 HTTP/1.1" 200 412
58.39.105.90 - - [20/Jul/2023:09:21:58 +0800] "GET /xingrg/check_reg.html?_=1689816118178 HTTP/1.1" 200 22
58.39.105.90 - - [20/Jul/2023:09:21:58 +0800] "GET /xingrg/all/function/internal_message.html?_=1689816118181&CODE_STATE=getMsg HTTP/1.1" 200 27
114.83.216.185 - - [20/Jul/2023:09:21:58 +0800] "GET /xingrg/all/function/internal_message.html?_=1689816117616&CODE_STATE=getMsg HTTP/1.1" 200 27
101.83.145.37 - - [20/Jul/2023:09:22:02 +0800] "GET /xingrg/kc/buy/cgsh_order_operate.html?command=get_materiel&rest_code=00105&code=00101008004&supplier_code=00100203&order_time=2023-07-20 HTTP/1.1" 200 416
116.238.191.126 - - [20/Jul/2023:09:22:05 +0800] "GET /xingrg/all/function/internal_message.html?_=1689816125534&CODE_STATE=getMsg HTTP/1.1" 200 27
222.70.180.90 - - [20/Jul/2023:09:22:06 +0800] "GET /xingrg/all/function/internal_message.html?_=1689816179936&CODE_STATE=getMsg HTTP/1.1" 200 27
116.238.191.126 - - [20/Jul/2023:09:22:07 +0800] "GET /xingrg/kc/buy/cgsh_order_operate.html?command=get_materiel&rest_code=00150&code=00101008077&supplier_code=00100008&order_time=2023-07-20 HTTP/1.1" 200 416
218.81.221.197 - - [20/Jul/2023:09:22:09 +0800] "GET /xingrg/all/function/internal_message.html?_=1689816143474&CODE_STATE=getMsg HTTP/1.1" 200 27
116.232.195.127 - - [20/Jul/2023:09:22:11 +0800] "GET /xingrg/check_reg.html?_=1689816091212 HTTP/1.1" 200 22
116.232.195.127 - - [20/Jul/2023:09:22:11 +0800] "GET /xingrg/all/function/internal_message.html?_=1689816091223&CODE_STATE=getMsg HTTP/1.1" 200 27
101.83.145.37 - - [20/Jul/2023:09:22:12 +0800] "GET /xingrg/kc/buy/cgsh_order_operate.html?command=get_materiel&rest_code=00105&code=00101008188&supplier_code=00100203&order_time=2023-07-20 HTTP/1.1" 200 412
116.238.191.126 - - [20/Jul/2023:09:22:15 +0800] "GET /xingrg/all/function/internal_message.html?_=1689816029137&CODE_STATE=getMsg HTTP/1.1" 200 27
114.85.113.108 - - [20/Jul/2023:09:22:20 +0800] "GET /xingrg/all/function/internal_message.html?_=1689816134649&CODE_STATE=getMsg HTTP/1.1" 200 27
222.70.114.12 - - [20/Jul/2023:09:22:24 +0800] "GET /xingrg/all/function/internal_message.html?_=1689816152439&CODE_STATE=getMsg HTTP/1.1" 200 27
222.70.180.90 - - [20/Jul/2023:09:22:25 +0800] "GET /xingrg/all/function/internal_message.html?_=1689816142550&CODE_STATE=getMsg HTTP/1.1" 200 27
101.83.145.37 - - [20/Jul/2023:09:22:27 +0800] "GET /xingrg/javascript/jquery_easy_ui/themes/icons/rest.png HTTP/1.1" 304 -
101.83.145.37 - - [20/Jul/2023:09:22:27 +0800] "GET /xingrg/javascript/jquery_easy_ui/themes/icons/manage.png HTTP/1.1" 304 -
101.83.145.37 - - [20/Jul/2023:09:22:27 +0800] "GET /xingrg/javascript/jquery_easy_ui/themes/icons/area.png HTTP/1.1" 304 -
101.83.145.37 - - [20/Jul/2023:09:22:29 +0800] "GET /xingrg/kc/buy/cgsh_order_operate.html?command=get_materiel&rest_code=00105&code=00101008305&supplier_code=00100203&order_time=2023-07-20 HTTP/1.1" 200 412
58.39.105.90 - - [20/Jul/2023:09:22:29 +0800] "GET /xingrg/kc/buy/cgsh_order_operate.html?command=get_materiel&rest_code=00157&code=00101008092&supplier_code=00100556&order_time=2023-07-16 HTTP/1.1" 200 413
180.152.241.196 - - [20/Jul/2023:09:22:42 +0800] "GET /xingrg/all/function/internal_message.html?_=1689816163411&CODE_STATE=getMsg HTTP/1.1" 200 27
116.238.191.126 - - [20/Jul/2023:09:22:42 +0800] "GET /xingrg/check_reg.html?_=1689816056351 HTTP/1.1" 200 22
101.83.145.37 - - [20/Jul/2023:09:22:49 +0800] "GET /xingrg/all/function/internal_message.html?_=1689816169342&CODE_STATE=getMsg HTTP/1.1" 200 27
58.39.105.90 - - [20/Jul/2023:09:22:50 +0800] "GET /xingrg/kc/buy/cgsh_order_operate.html?command=get_materiel&rest_code=00157&code=00101015070&supplier_code=00100556&order_time=2023-07-16 HTTP/1.1" 200 413
180.163.29.219 - - [20/Jul/2023:09:22:52 +0800] "GET /xingrg/all/function/internal_message.html?_=1689816112895&CODE_STATE=getMsg HTTP/1.1" 302 -
180.163.29.219 - - [20/Jul/2023:09:22:52 +0800] "GET /xingrg/login.html HTTP/1.1" 200 7641
114.83.220.139 - - [20/Jul/2023:09:22:52 +0800] "GET /xingrg/all/function/internal_message.html?_=1689816294940&CODE_STATE=getMsg HTTP/1.1" 200 27
180.169.147.146 - - [20/Jul/2023:09:22:52 +0800] "GET /xingrg/all/function/internal_message.html?_=1689816172902&CODE_STATE=getMsg HTTP/1.1" 200 27
180.169.147.146 - - [20/Jul/2023:09:22:52 +0800] "GET /xingrg/check_reg.html?_=1689816172904 HTTP/1.1" 200 22
222.70.180.90 - - [20/Jul/2023:09:22:54 +0800] "GET /xingrg/kc/buy/cgsh_order_operate.html?command=get_materiel&rest_code=00111&code=00101008439&supplier_code=00100005&order_time=2023-07-20 HTTP/1.1" 200 413
116.232.195.127 - - [20/Jul/2023:09:22:56 +0800] "GET /xingrg/all/function/internal_message.html?_=1689816136939&CODE_STATE=getMsg HTTP/1.1" 200 27
116.232.195.127 - - [20/Jul/2023:09:22:57 +0800] "GET /xingrg/check_reg.html?_=1689816137375 HTTP/1.1" 200 22
58.39.105.90 - - [20/Jul/2023:09:22:58 +0800] "GET /xingrg/all/function/internal_message.html?_=1689816178182&CODE_STATE=getMsg HTTP/1.1" 200 27
101.83.145.37 - - [20/Jul/2023:09:22:58 +0800] "GET /xingrg/kc/buy/cgsh_order_operate.html?command=get_materiel&rest_code=00105&code=00101008297&supplier_code=00100203&order_time=2023-07-20 HTTP/1.1" 200 413
114.83.216.185 - - [20/Jul/2023:09:22:58 +0800] "GET /xingrg/all/function/internal_message.html?_=1689816177590&CODE_STATE=getMsg HTTP/1.1" 200 27
114.83.216.185 - - [20/Jul/2023:09:22:58 +0800] "GET /xingrg/check_reg.html?_=1689816177706 HTTP/1.1" 200 22
116.238.191.126 - - [20/Jul/2023:09:23:05 +0800] "GET /xingrg/all/function/internal_message.html?_=1689816185517&CODE_STATE=getMsg HTTP/1.1" 200 27
222.70.180.90 - - [20/Jul/2023:09:23:07 +0800] "POST /xingrg/kc/buy/cgsh_order_operate.html HTTP/1.1" 200 2065
180.157.253.91 - - [20/Jul/2023:09:23:07 +0800] "GET /xingrg/check_reg.html?_=1689816186164 HTTP/1.1" 200 22
222.70.180.90 - - [20/Jul/2023:09:23:07 +0800] "GET /xingrg/all/function/internal_message.html?_=1689816241036&CODE_STATE=getMsg HTTP/1.1" 200 27
101.83.145.37 - - [20/Jul/2023:09:23:07 +0800] "GET /xingrg/kc/buy/cgsh_order_operate.html?command=get_materiel&rest_code=00105&code=00101008350&supplier_code=00100203&order_time=2023-07-20 HTTP/1.1" 200 408
218.81.221.197 - - [20/Jul/2023:09:23:09 +0800] "GET /xingrg/check_reg.html?_=1689816203388 HTTP/1.1" 200 22
218.81.221.197 - - [20/Jul/2023:09:23:09 +0800] "GET /xingrg/all/function/internal_message.html?_=1689816203487&CODE_STATE=getMsg HTTP/1.1" 200 27
116.232.195.127 - - [20/Jul/2023:09:23:11 +0800] "GET /xingrg/all/function/internal_message.html?_=1689816151194&CODE_STATE=getMsg HTTP/1.1" 200 27
222.70.180.90 - - [20/Jul/2023:09:23:15 +0800] "GET /xingrg/kc/buy/cgsh_order_operate.html?command=get_materiel&rest_code=00111&code=00101008558&supplier_code=00100005&order_time=2023-07-20 HTTP/1.1" 200 409
116.238.191.126 - - [20/Jul/2023:09:23:15 +0800] "GET /xingrg/all/function/internal_message.html?_=1689816089138&CODE_STATE=getMsg HTTP/1.1" 200 27
58.39.105.90 - - [20/Jul/2023:09:23:20 +0800] "GET /xingrg/kc/buy/cgsh_order_operate.html?command=get_materiel&rest_code=00157&code=00101008049&supplier_code=00100556&order_time=2023-07-16 HTTP/1.1" 200 408
114.85.113.108 - - [20/Jul/2023:09:23:20 +0800] "GET /xingrg/all/function/internal_message.html?_=1689816194638&CODE_STATE=getMsg HTTP/1.1" 200 27
222.70.114.12 - - [20/Jul/2023:09:23:24 +0800] "GET /xingrg/all/function/internal_message.html?_=1689816212444&CODE_STATE=getMsg HTTP/1.1" 200 27
222.70.180.90 - - [20/Jul/2023:09:23:25 +0800] "GET /xingrg/all/function/internal_message.html?_=1689816202547&CODE_STATE=getMsg HTTP/1.1" 200 27
180.152.241.196 - - [20/Jul/2023:09:23:42 +0800] "GET /xingrg/all/function/internal_message.html?_=1689816223426&CODE_STATE=getMsg HTTP/1.1" 200 27
222.70.180.90 - - [20/Jul/2023:09:23:45 +0800] "GET /xingrg/kc/buy/cgsh_order_operate.html?command=get_materiel&rest_code=00111&code=00101008114&supplier_code=00100005&order_time=2023-07-20 HTTP/1.1" 200 412
101.83.145.37 - - [20/Jul/2023:09:23:49 +0800] "GET /xingrg/all/function/internal_message.html?_=1689816229223&CODE_STATE=getMsg HTTP/1.1" 200 27
101.83.145.37 - - [20/Jul/2023:09:23:52 +0800] "GET /xingrg/kc/buy/cgsh_order_operate.html?command=get_materiel&rest_code=00105&code=00101008041&supplier_code=00100203&order_time=2023-07-20 HTTP/1.1" 200 408
180.163.29.219 - - [20/Jul/2023:09:23:52 +0800] "GET /xingrg/check_reg.html?_=1689816172904 HTTP/1.1" 302 -
180.163.29.219 - - [20/Jul/2023:09:23:52 +0800] "GET /xingrg/login.html HTTP/1.1" 200 7641
114.83.220.139 - - [20/Jul/2023:09:23:52 +0800] "GET /xingrg/all/function/internal_message.html?_=1689816354932&CODE_STATE=getMsg HTTP/1.1" 200 27
180.169.147.146 - - [20/Jul/2023:09:23:52 +0800] "GET /xingrg/all/function/internal_message.html?_=1689816232877&CODE_STATE=getMsg HTTP/1.1" 200 27
116.232.195.127 - - [20/Jul/2023:09:23:56 +0800] "GET /xingrg/all/function/internal_message.html?_=1689816196931&CODE_STATE=getMsg HTTP/1.1" 200 27
222.70.180.90 - - [20/Jul/2023:09:23:57 +0800] "GET /xingrg/kc/buy/cgsh_order_operate.html?command=get_materiel&rest_code=00111&code=00101008061&supplier_code=00100005&order_time=2023-07-20 HTTP/1.1" 200 422
58.39.105.90 - - [20/Jul/2023:09:23:58 +0800] "GET /xingrg/all/function/internal_message.html?_=1689816238182&CODE_STATE=getMsg HTTP/1.1" 200 27
114.83.216.185 - - [20/Jul/2023:09:23:58 +0800] "GET /xingrg/all/function/internal_message.html?_=1689816237566&CODE_STATE=getMsg HTTP/1.1" 200 27
58.39.105.90 - - [20/Jul/2023:09:23:59 +0800] "GET /xingrg/kc/buy/cgsh_order_operate.html?command=get_materiel&rest_code=00157&code=00101008108&supplier_code=00100556&order_time=2023-07-16 HTTP/1.1" 200 412
222.70.180.90 - - [20/Jul/2023:09:24:00 +0800] "POST /xingrg/kc/buy/cgsh_order_operate.html HTTP/1.1" 200 2065
116.238.191.126 - - [20/Jul/2023:09:24:05 +0800] "GET /xingrg/all/function/internal_message.html?_=1689816245516&CODE_STATE=getMsg HTTP/1.1" 200 27
222.70.180.90 - - [20/Jul/2023:09:24:06 +0800] "GET /xingrg/all/function/internal_message.html?_=1689816299904&CODE_STATE=getMsg HTTP/1.1" 200 27
222.70.180.90 - - [20/Jul/2023:09:24:07 +0800] "GET /xingrg/kc/buy/cgsh_order_operate.html?command=get_materiel&rest_code=00111&code=00101008674&supplier_code=00100005&order_time=2023-07-20 HTTP/1.1" 200 412
218.81.221.197 - - [20/Jul/2023:09:24:09 +0800] "GET /xingrg/all/function/internal_message.html?_=1689816263501&CODE_STATE=getMsg HTTP/1.1" 200 27
116.232.195.127 - - [20/Jul/2023:09:24:11 +0800] "GET /xingrg/all/function/internal_message.html?_=1689816211203&CODE_STATE=getMsg HTTP/1.1" 200 27
116.238.191.126 - - [20/Jul/2023:09:24:15 +0800] "GET /xingrg/all/function/internal_message.html?_=1689816149151&CODE_STATE=getMsg HTTP/1.1" 200 27
222.70.180.90 - - [20/Jul/2023:09:24:17 +0800] "GET /xingrg/check_reg.html?_=1689816310690 HTTP/1.1" 200 22
114.85.113.108 - - [20/Jul/2023:09:24:20 +0800] "GET /xingrg/all/function/internal_message.html?_=1689816254644&CODE_STATE=getMsg HTTP/1.1" 200 27
222.70.114.12 - - [20/Jul/2023:09:24:24 +0800] "GET /xingrg/all/function/internal_message.html?_=1689816272448&CODE_STATE=getMsg HTTP/1.1" 200 27
222.70.180.90 - - [20/Jul/2023:09:24:25 +0800] "GET /xingrg/all/function/internal_message.html?_=1689816262560&CODE_STATE=getMsg HTTP/1.1" 200 27
222.70.180.90 - - [20/Jul/2023:09:24:39 +0800] "POST /xingrg/kc/buy/cgsh_order_operate.html HTTP/1.1" 200 37
180.152.241.196 - - [20/Jul/2023:09:24:42 +0800] "GET /xingrg/check_reg.html?_=1689816283405 HTTP/1.1" 200 22
180.152.241.196 - - [20/Jul/2023:09:24:42 +0800] "GET /xingrg/all/function/internal_message.html?_=1689816283408&CODE_STATE=getMsg HTTP/1.1" 200 27
222.70.180.90 - - [20/Jul/2023:09:24:43 +0800] "POST /xingrg/kc/buy/cgsh_order_operate.html HTTP/1.1" 200 43548
222.70.180.90 - - [20/Jul/2023:09:24:45 +0800] "GET /xingrg/kc/print/load_data.html?order_code=212023072007695&kc_code=cgsh&condition= HTTP/1.1" 200 16213
101.83.145.37 - - [20/Jul/2023:09:24:49 +0800] "GET /xingrg/check_reg.html?_=1689816289185 HTTP/1.1" 200 22
101.83.145.37 - - [20/Jul/2023:09:24:49 +0800] "GET /xingrg/all/function/internal_message.html?_=1689816289200&CODE_STATE=getMsg HTTP/1.1" 200 27
114.83.220.139 - - [20/Jul/2023:09:24:52 +0800] "GET /xingrg/all/function/internal_message.html?_=1689816414940&CODE_STATE=getMsg HTTP/1.1" 200 27
180.169.147.146 - - [20/Jul/2023:09:24:52 +0800] "GET /xingrg/all/function/internal_message.html?_=1689816292889&CODE_STATE=getMsg HTTP/1.1" 200 27
101.83.145.37 - - [20/Jul/2023:09:24:53 +0800] "POST /xingrg/kc/buy/cgsh_order_operate.html HTTP/1.1" 200 2065
222.70.180.90 - - [20/Jul/2023:09:24:53 +0800] "GET /xingrg/kc/buy/cgsh_order_add.html HTTP/1.1" 200 71576
