218.81.221.197 - - [20/Jul/2023:11:13:08 +0800] "GET /xingrg/kc/buy/cgsh_order_operate.html?command=get_materiel&rest_code=00146&code=00101004020&supplier_code=00100041&order_time=2023-07-20 HTTP/1.1" 200 409
218.81.221.197 - - [20/Jul/2023:11:13:10 +0800] "GET /xingrg/check_reg.html?_=1689822804875 HTTP/1.1" 200 22
116.232.195.127 - - [20/Jul/2023:11:13:11 +0800] "GET /xingrg/all/function/internal_message.html?_=1689822751203&CODE_STATE=getMsg HTTP/1.1" 200 27
116.238.191.126 - - [20/Jul/2023:11:13:17 +0800] "GET /xingrg/all/function/internal_message.html?_=1689822691195&CODE_STATE=getMsg HTTP/1.1" 200 27
218.81.221.197 - - [20/Jul/2023:11:13:18 +0800] "GET /xingrg/all/function/internal_message.html?_=1689822812408&CODE_STATE=getMsg HTTP/1.1" 200 27
114.85.113.108 - - [20/Jul/2023:11:13:20 +0800] "GET /xingrg/all/function/internal_message.html?_=1689822794762&CODE_STATE=getMsg HTTP/1.1" 200 27
218.81.221.197 - - [20/Jul/2023:11:13:22 +0800] "GET /xingrg/kc/buy/cgsh_order_operate.html?command=get_materiel&rest_code=00146&code=00101002027&supplier_code=00100041&order_time=2023-07-20 HTTP/1.1" 200 413
120.253.135.82 - - [20/Jul/2023:11:13:22 +0800] "GET /xingrg/all/function/internal_message.html?_=1689822943885&CODE_STATE=getMsg HTTP/1.1" 200 27
120.253.135.82 - - [20/Jul/2023:11:13:22 +0800] "GET /xingrg/check_reg.html?_=1689822943886 HTTP/1.1" 200 22
222.70.180.90 - - [20/Jul/2023:11:13:25 +0800] "GET /xingrg/all/function/internal_message.html?_=1689822802670&CODE_STATE=getMsg HTTP/1.1" 200 27
120.253.135.82 - - [20/Jul/2023:11:13:25 +0800] "GET /xingrg/check_reg.html?_=1689822629916 HTTP/1.1" 200 22
120.253.135.82 - - [20/Jul/2023:11:13:26 +0800] "GET /xingrg/all/function/internal_message.html?_=1689822629975&CODE_STATE=getMsg HTTP/1.1" 200 27
101.228.187.155 - - [20/Jul/2023:11:13:26 +0800] "GET /xingrg/all/function/internal_message.html?_=1689822806818&CODE_STATE=getMsg HTTP/1.1" 200 27
101.83.145.37 - - [20/Jul/2023:11:13:29 +0800] "GET /xingrg/all/function/internal_message.html?_=1689822621102&CODE_STATE=getMsg HTTP/1.1" 200 27
180.152.241.196 - - [20/Jul/2023:11:13:32 +0800] "GET /xingrg/kc/buy/cgsh_order_operate.html?command=get_materiel&rest_code=00102&code=00101006073&supplier_code=00100151&order_time=2023-07-20 HTTP/1.1" 200 410
114.83.216.185 - - [20/Jul/2023:11:13:37 +0800] "GET /xingrg/all/function/internal_message.html?_=1689822815925&CODE_STATE=getMsg HTTP/1.1" 200 27
124.78.156.75 - - [20/Jul/2023:11:13:38 +0800] "POST /xingrg/dwr/call/plaincall/AjaxQqpsService.getMaterielByCode.dwr HTTP/1.1" 200 2666
116.238.191.126 - - [20/Jul/2023:11:13:42 +0800] "GET /xingrg/all/function/internal_message.html?_=1689822823259&CODE_STATE=getMsg HTTP/1.1" 200 27
222.70.114.12 - - [20/Jul/2023:11:13:45 +0800] "GET /xingrg/all/function/internal_message.html?_=1689822833393&CODE_STATE=getMsg HTTP/1.1" 200 27
218.81.221.197 - - [20/Jul/2023:11:13:45 +0800] "POST /xingrg/kc/buy/cgsh_order_operate.html HTTP/1.1" 200 37
124.78.156.75 - - [20/Jul/2023:11:13:45 +0800] "POST /xingrg/dwr/call/plaincall/AjaxQqpsService.saveMaterielItem.dwr HTTP/1.1" 200 78
58.39.105.90 - - [20/Jul/2023:11:13:47 +0800] "GET /xingrg/all/function/internal_message.html?_=1689822827138&CODE_STATE=getMsg HTTP/1.1" 200 27
101.83.145.37 - - [20/Jul/2023:11:13:47 +0800] "GET /xingrg/all/function/internal_message.html?_=1689822827132&CODE_STATE=getMsg HTTP/1.1" 200 27
124.78.156.75 - - [20/Jul/2023:11:13:49 +0800] "GET /xingrg/all/function/internal_message.html?_=1689822830156&CODE_STATE=getMsg HTTP/1.1" 200 27
114.83.220.139 - - [20/Jul/2023:11:13:52 +0800] "GET /xingrg/all/function/internal_message.html?_=1689822954936&CODE_STATE=getMsg HTTP/1.1" 200 27
124.78.70.128 - - [20/Jul/2023:11:13:54 +0800] "GET /xingrg/all/function/internal_message.html?_=1689822306662&CODE_STATE=getMsg HTTP/1.1" 200 27
116.232.195.127 - - [20/Jul/2023:11:13:55 +0800] "GET /xingrg/all/function/internal_message.html?_=1689822795090&CODE_STATE=getMsg HTTP/1.1" 200 27
222.70.114.12 - - [20/Jul/2023:11:13:55 +0800] "POST /xingrg/kc/buy/cgsh_order_operate.html HTTP/1.1" 200 37
180.152.241.196 - - [20/Jul/2023:11:13:55 +0800] "GET /xingrg/kc/buy/cgsh_order_operate.html?command=get_materiel&rest_code=00102&code=00101006088&supplier_code=00100151&order_time=2023-07-20 HTTP/1.1" 200 409
180.165.154.167 - - [20/Jul/2023:11:13:57 +0800] "GET /xingrg/all/function/internal_message.html?_=1689822837341&CODE_STATE=getMsg HTTP/1.1" 200 27
222.70.114.12 - - [20/Jul/2023:11:13:57 +0800] "POST /xingrg/kc/buy/cgsh_order_operate.html HTTP/1.1" 200 6811
218.81.221.197 - - [20/Jul/2023:11:13:58 +0800] "POST /xingrg/kc/buy/cgsh_order_operate.html HTTP/1.1" 200 5013
222.70.114.12 - - [20/Jul/2023:11:13:59 +0800] "GET /xingrg/kc/print/load_config.html?kc_code=cgsh HTTP/1.1" 200 1924
222.70.114.12 - - [20/Jul/2023:11:14:01 +0800] "GET /xingrg/kc/print/load_data.html?order_code=212023072007749&kc_code=cgsh&condition= HTTP/1.1" 200 2340
180.169.147.146 - - [20/Jul/2023:11:14:02 +0800] "GET /xingrg/all/function/internal_message.html?_=1689822842113&CODE_STATE=getMsg HTTP/1.1" 200 27
218.81.221.197 - - [20/Jul/2023:11:14:02 +0800] "GET /xingrg/kc/print/load_data.html?order_code=212023072007748&kc_code=cgsh&condition= HTTP/1.1" 200 1574
222.70.180.90 - - [20/Jul/2023:11:14:05 +0800] "GET /xingrg/all/function/internal_message.html?_=1689822899439&CODE_STATE=getMsg HTTP/1.1" 200 27
222.70.114.12 - - [20/Jul/2023:11:14:07 +0800] "GET /xingrg/kc/buy/cgsh_order_add.html HTTP/1.1" 200 71699
222.70.114.12 - - [20/Jul/2023:11:14:07 +0800] "POST /xingrg/kc/buy/cgsh_order_operate.html HTTP/1.1" 200 8245
222.70.114.12 - - [20/Jul/2023:11:14:07 +0800] "GET /xingrg/javascript/easyui/themes/default/validatebox.css HTTP/1.1" 404 1104
222.70.114.12 - - [20/Jul/2023:11:14:07 +0800] "GET /xingrg/all/common/auto_word.html?type=employee&rest_code=00156 HTTP/1.1" 200 97
222.70.114.12 - - [20/Jul/2023:11:14:07 +0800] "GET /xingrg/all/common/auto_word.html?type=employee&rest_code=00156 HTTP/1.1" 200 97
218.81.221.197 - - [20/Jul/2023:11:14:10 +0800] "GET /xingrg/kc/buy/cgsh_order_add.html HTTP/1.1" 200 71620
114.85.113.108 - - [20/Jul/2023:11:14:11 +0800] "POST /xingrg/kc/buy/cgsh_order_operate.html HTTP/1.1" 200 37
116.232.195.127 - - [20/Jul/2023:11:14:11 +0800] "GET /xingrg/all/function/internal_message.html?_=1689822811192&CODE_STATE=getMsg HTTP/1.1" 200 27
218.81.221.197 - - [20/Jul/2023:11:14:11 +0800] "POST /xingrg/kc/buy/cgsh_order_operate.html HTTP/1.1" 200 8245
218.81.221.197 - - [20/Jul/2023:11:14:12 +0800] "GET /xingrg/javascript/easyui/themes/default/validatebox.css HTTP/1.1" 404 1104
222.70.180.90 - - [20/Jul/2023:11:14:16 +0800] "GET /xingrg/check_reg.html?_=1689822910368 HTTP/1.1" 200 22
180.152.241.196 - - [20/Jul/2023:11:14:17 +0800] "GET /xingrg/check_reg.html?_=1689822858145 HTTP/1.1" 200 22
116.238.191.126 - - [20/Jul/2023:11:14:17 +0800] "GET /xingrg/all/function/internal_message.html?_=1689822751208&CODE_STATE=getMsg HTTP/1.1" 200 27
218.81.221.197 - - [20/Jul/2023:11:14:18 +0800] "GET /xingrg/all/function/internal_message.html?_=1689822872421&CODE_STATE=getMsg HTTP/1.1" 200 27
222.70.114.12 - - [20/Jul/2023:11:14:18 +0800] "GET /xingrg/kc/buy/cgsh_order_operate.html?command=get_materiel&rest_code=00156&code=00101009109&supplier_code=00100007&order_time=2023-07-20 HTTP/1.1" 200 413
124.78.156.75 - - [20/Jul/2023:11:14:19 +0800] "POST /xingrg/dwr/call/plaincall/AjaxQqpsService.saveOrder.dwr HTTP/1.1" 200 78
114.85.113.108 - - [20/Jul/2023:11:14:20 +0800] "POST /xingrg/kc/buy/cgsh_order_operate.html HTTP/1.1" 200 14465
114.85.113.108 - - [20/Jul/2023:11:14:20 +0800] "GET /xingrg/all/function/internal_message.html?_=1689822854767&CODE_STATE=getMsg HTTP/1.1" 200 27
120.253.135.82 - - [20/Jul/2023:11:14:22 +0800] "GET /xingrg/all/function/internal_message.html?_=1689823003909&CODE_STATE=getMsg HTTP/1.1" 200 27
222.70.180.90 - - [20/Jul/2023:11:14:25 +0800] "GET /xingrg/all/function/internal_message.html?_=1689822862660&CODE_STATE=getMsg HTTP/1.1" 200 27
120.253.135.82 - - [20/Jul/2023:11:14:26 +0800] "GET /xingrg/all/function/internal_message.html?_=1689822689989&CODE_STATE=getMsg HTTP/1.1" 200 27
101.228.187.155 - - [20/Jul/2023:11:14:26 +0800] "GET /xingrg/all/function/internal_message.html?_=1689822866843&CODE_STATE=getMsg HTTP/1.1" 200 27
101.228.187.155 - - [20/Jul/2023:11:14:26 +0800] "GET /xingrg/check_reg.html?_=1689822866842 HTTP/1.1" 200 22
101.83.145.37 - - [20/Jul/2023:11:14:29 +0800] "GET /xingrg/all/function/internal_message.html?_=1689822681088&CODE_STATE=getMsg HTTP/1.1" 200 27
124.78.156.75 - - [20/Jul/2023:11:14:30 +0800] "POST /xingrg/dwr/call/plaincall/AjaxQqpsService.saveOrder.dwr HTTP/1.1" 200 79
114.85.113.108 - - [20/Jul/2023:11:14:31 +0800] "POST /xingrg/kc/buy/cgsh_order_operate.html HTTP/1.1" 200 37
114.83.216.185 - - [20/Jul/2023:11:14:37 +0800] "GET /xingrg/all/function/internal_message.html?_=1689822875913&CODE_STATE=getMsg HTTP/1.1" 200 27
124.78.156.75 - - [20/Jul/2023:11:14:38 +0800] "POST /xingrg/dwr/call/plaincall/AjaxQqpsService.saveOrder.dwr HTTP/1.1" 200 79
218.81.221.197 - - [20/Jul/2023:11:14:41 +0800] "GET /xingrg/kc/buy/cgsh_order_operate.html?command=get_materiel&rest_code=00146&code=00101016025&supplier_code=00100033&order_time=2023-07-20 HTTP/1.1" 200 408
116.238.191.126 - - [20/Jul/2023:11:14:42 +0800] "GET /xingrg/check_reg.html?_=1689822883260 HTTP/1.1" 200 22
116.238.191.126 - - [20/Jul/2023:11:14:42 +0800] "GET /xingrg/all/function/internal_message.html?_=1689822883264&CODE_STATE=getMsg HTTP/1.1" 200 27
124.78.156.75 - - [20/Jul/2023:11:14:44 +0800] "GET /xingrg/kc/mdqp/qqps_order_add.html HTTP/1.1" 200 28236
124.78.156.75 - - [20/Jul/2023:11:14:44 +0800] "GET /xingrg/dwr/interface/AjaxComOrderService.js HTTP/1.1" 200 18264
124.78.156.75 - - [20/Jul/2023:11:14:44 +0800] "GET /xingrg/dwr/interface/AjaxQqpsService.js HTTP/1.1" 200 16326
124.78.156.75 - - [20/Jul/2023:11:14:44 +0800] "GET /xingrg/dwr/engine.js HTTP/1.1" 200 43631
222.70.114.12 - - [20/Jul/2023:11:14:45 +0800] "GET /xingrg/all/function/internal_message.html?_=1689822893395&CODE_STATE=getMsg HTTP/1.1" 200 27
101.83.145.37 - - [20/Jul/2023:11:14:47 +0800] "GET /xingrg/all/function/internal_message.html?_=1689822887101&CODE_STATE=getMsg HTTP/1.1" 200 27
58.39.105.90 - - [20/Jul/2023:11:14:47 +0800] "GET /xingrg/all/function/internal_message.html?_=1689822887136&CODE_STATE=getMsg HTTP/1.1" 200 27
114.85.113.108 - - [20/Jul/2023:11:14:47 +0800] "POST /xingrg/kc/buy/cgsh_order_operate.html HTTP/1.1" 200 12
124.78.156.75 - - [20/Jul/2023:11:14:47 +0800] "GET /xingrg/check_reg.html?_=1689822888602 HTTP/1.1" 200 22
101.83.145.37 - - [20/Jul/2023:11:14:49 +0800] "GET /xingrg/check_reg.html?_=1689822889050 HTTP/1.1" 200 22
124.78.156.75 - - [20/Jul/2023:11:14:49 +0800] "GET /xingrg/all/function/internal_message.html?_=1689822890151&CODE_STATE=getMsg HTTP/1.1" 200 27
114.83.220.139 - - [20/Jul/2023:11:14:52 +0800] "GET /xingrg/all/function/internal_message.html?_=1689823014922&CODE_STATE=getMsg HTTP/1.1" 200 27
124.78.70.128 - - [20/Jul/2023:11:14:54 +0800] "GET /xingrg/all/function/internal_message.html?_=1689822366669&CODE_STATE=getMsg HTTP/1.1" 200 27
116.232.195.127 - - [20/Jul/2023:11:14:55 +0800] "GET /xingrg/all/function/internal_message.html?_=1689822855071&CODE_STATE=getMsg HTTP/1.1" 200 27
180.165.154.167 - - [20/Jul/2023:11:14:57 +0800] "GET /xingrg/all/function/internal_message.html?_=1689822897312&CODE_STATE=getMsg HTTP/1.1" 200 27
180.165.154.167 - - [20/Jul/2023:11:14:58 +0800] "GET /xingrg/check_reg.html?_=1689822897935 HTTP/1.1" 200 22
222.70.114.12 - - [20/Jul/2023:11:14:59 +0800] "GET /xingrg/kc/buy/cgsh_order_operate.html?command=get_materiel&rest_code=00156&code=00101008558&supplier_code=00100007&order_time=2023-07-20 HTTP/1.1" 200 409
218.81.221.197 - - [20/Jul/2023:11:14:59 +0800] "GET /xingrg/kc/buy/cgsh_order_operate.html?command=get_materiel&rest_code=00146&code=00101016030&supplier_code=00100033&order_time=2023-07-20 HTTP/1.1" 200 412
180.169.147.146 - - [20/Jul/2023:11:15:02 +0800] "GET /xingrg/all/function/internal_message.html?_=1689822902120&CODE_STATE=getMsg HTTP/1.1" 200 27
222.70.180.90 - - [20/Jul/2023:11:15:05 +0800] "GET /xingrg/all/function/internal_message.html?_=1689822959418&CODE_STATE=getMsg HTTP/1.1" 200 27
124.78.156.75 - - [20/Jul/2023:11:15:10 +0800] "POST /xingrg/dwr/call/plaincall/AjaxQqpsService.saveOrder.dwr HTTP/1.1" 200 78
116.232.195.127 - - [20/Jul/2023:11:15:11 +0800] "GET /xingrg/all/function/internal_message.html?_=1689822871205&CODE_STATE=getMsg HTTP/1.1" 200 27
222.70.114.12 - - [20/Jul/2023:11:15:12 +0800] "GET /xingrg/kc/buy/cgsh_order_operate.html?command=get_materiel&rest_code=00156&code=00101009015&supplier_code=00100007&order_time=2023-07-20 HTTP/1.1" 200 416
116.238.191.126 - - [20/Jul/2023:11:15:17 +0800] "GET /xingrg/all/function/internal_message.html?_=1689822811236&CODE_STATE=getMsg HTTP/1.1" 200 27
218.81.221.197 - - [20/Jul/2023:11:15:18 +0800] "GET /xingrg/kc/buy/cgsh_order_operate.html?command=get_materiel&rest_code=00146&code=00101023049&supplier_code=00100033&order_time=2023-07-20 HTTP/1.1" 200 391
218.81.221.197 - - [20/Jul/2023:11:15:18 +0800] "GET /xingrg/all/function/internal_message.html?_=1689822932702&CODE_STATE=getMsg HTTP/1.1" 200 27
120.253.135.82 - - [20/Jul/2023:11:15:22 +0800] "GET /xingrg/all/function/internal_message.html?_=1689823063914&CODE_STATE=getMsg HTTP/1.1" 200 27
222.70.180.90 - - [20/Jul/2023:11:15:25 +0800] "GET /xingrg/all/function/internal_message.html?_=1689822922664&CODE_STATE=getMsg HTTP/1.1" 200 27
120.253.135.82 - - [20/Jul/2023:11:15:26 +0800] "GET /xingrg/all/function/internal_message.html?_=1689822750012&CODE_STATE=getMsg HTTP/1.1" 200 27
101.228.187.155 - - [20/Jul/2023:11:15:26 +0800] "GET /xingrg/all/function/internal_message.html?_=1689822926843&CODE_STATE=getMsg HTTP/1.1" 200 27
222.70.114.12 - - [20/Jul/2023:11:15:29 +0800] "GET /xingrg/kc/buy/cgsh_order_operate.html?command=get_materiel&rest_code=00156&code=00101008110&supplier_code=00100007&order_time=2023-07-20 HTTP/1.1" 200 408
101.83.145.37 - - [20/Jul/2023:11:15:29 +0800] "GET /xingrg/all/function/internal_message.html?_=1689822741073&CODE_STATE=getMsg HTTP/1.1" 200 27
101.83.145.37 - - [20/Jul/2023:11:15:29 +0800] "GET /xingrg/check_reg.html?_=1689822741232 HTTP/1.1" 200 22
114.83.216.185 - - [20/Jul/2023:11:15:37 +0800] "GET /xingrg/all/function/internal_message.html?_=1689822935886&CODE_STATE=getMsg HTTP/1.1" 200 27
114.83.216.185 - - [20/Jul/2023:11:15:37 +0800] "GET /xingrg/check_reg.html?_=1689822936282 HTTP/1.1" 200 22
222.70.114.12 - - [20/Jul/2023:11:15:39 +0800] "GET /xingrg/kc/buy/cgsh_order_operate.html?command=get_materiel&rest_code=00156&code=00101008150&supplier_code=00100007&order_time=2023-07-20 HTTP/1.1" 200 409
116.238.191.126 - - [20/Jul/2023:11:15:42 +0800] "GET /xingrg/all/function/internal_message.html?_=1689822943264&CODE_STATE=getMsg HTTP/1.1" 200 27
114.85.113.108 - - [20/Jul/2023:11:15:44 +0800] "GET /xingrg/kc/buy/cgsh_order_info.html?code=212023071707000 HTTP/1.1" 200 65725
114.85.113.108 - - [20/Jul/2023:11:15:44 +0800] "GET /xingrg/javascript/easyui/themes/default/validatebox.css HTTP/1.1" 404 1104
222.70.114.12 - - [20/Jul/2023:11:15:45 +0800] "GET /xingrg/all/function/internal_message.html?_=1689822953398&CODE_STATE=getMsg HTTP/1.1" 200 27
222.70.114.12 - - [20/Jul/2023:11:15:45 +0800] "GET /xingrg/check_reg.html?_=1689822953399 HTTP/1.1" 200 22
114.85.113.108 - - [20/Jul/2023:11:15:45 +0800] "POST /xingrg/kc/buy/cgsh_order_operate.html HTTP/1.1" 200 12410
58.39.105.90 - - [20/Jul/2023:11:15:47 +0800] "GET /xingrg/all/function/internal_message.html?_=1689822947112&CODE_STATE=getMsg HTTP/1.1" 200 27
101.83.145.37 - - [20/Jul/2023:11:15:47 +0800] "GET /xingrg/all/function/internal_message.html?_=1689822947075&CODE_STATE=getMsg HTTP/1.1" 200 27
58.39.105.90 - - [20/Jul/2023:11:15:47 +0800] "GET /xingrg/check_reg.html?_=1689822947795 HTTP/1.1" 200 22
222.70.114.12 - - [20/Jul/2023:11:15:48 +0800] "GET /xingrg/kc/buy/cgsh_order_operate.html?command=get_materiel&rest_code=00156&code=00101008061&supplier_code=00100007&order_time=2023-07-20 HTTP/1.1" 200 422
124.78.156.75 - - [20/Jul/2023:11:15:49 +0800] "GET /xingrg/all/function/internal_message.html?_=1689822950128&CODE_STATE=getMsg HTTP/1.1" 200 27
114.83.220.139 - - [20/Jul/2023:11:15:52 +0800] "GET /xingrg/all/function/internal_message.html?_=1689823074929&CODE_STATE=getMsg HTTP/1.1" 200 27
124.78.70.128 - - [20/Jul/2023:11:15:54 +0800] "GET /xingrg/all/function/internal_message.html?_=1689822426687&CODE_STATE=getMsg HTTP/1.1" 200 27
114.85.113.108 - - [20/Jul/2023:11:15:54 +0800] "GET /xingrg/kc/print/load_data.html?order_code=212023071707000&kc_code=cgsh&condition= HTTP/1.1" 200 5138
116.232.195.127 - - [20/Jul/2023:11:15:55 +0800] "GET /xingrg/all/function/internal_message.html?_=1689822915043&CODE_STATE=getMsg HTTP/1.1" 200 27
180.165.154.167 - - [20/Jul/2023:11:15:57 +0800] "GET /xingrg/all/function/internal_message.html?_=1689822957295&CODE_STATE=getMsg HTTP/1.1" 200 27
222.70.114.12 - - [20/Jul/2023:11:15:58 +0800] "GET /xingrg/kc/buy/cgsh_order_operate.html?command=get_materiel&rest_code=00156&code=00101009059&supplier_code=00100007&order_time=2023-07-20 HTTP/1.1" 200 409
180.169.147.146 - - [20/Jul/2023:11:16:02 +0800] "GET /xingrg/all/function/internal_message.html?_=1689822962136&CODE_STATE=getMsg HTTP/1.1" 200 27
222.70.180.90 - - [20/Jul/2023:11:16:05 +0800] "GET /xingrg/all/function/internal_message.html?_=1689823019421&CODE_STATE=getMsg HTTP/1.1" 200 27
124.78.156.75 - - [20/Jul/2023:11:16:06 +0800] "POST /xingrg/dwr/call/plaincall/AjaxQqpsService.getMaterielByCode.dwr HTTP/1.1" 200 2711
222.70.114.12 - - [20/Jul/2023:11:16:08 +0800] "GET /xingrg/kc/buy/cgsh_order_operate.html?command=get_materiel&rest_code=00156&code=00101009136&supplier_code=00100007&order_time=2023-07-20 HTTP/1.1" 200 410
116.232.195.127 - - [20/Jul/2023:11:16:11 +0800] "GET /xingrg/all/function/internal_message.html?_=1689822931191&CODE_STATE=getMsg HTTP/1.1" 200 27
124.78.156.75 - - [20/Jul/2023:11:16:13 +0800] "POST /xingrg/dwr/call/plaincall/AjaxQqpsService.saveMaterielItem.dwr HTTP/1.1" 200 78
116.238.191.126 - - [20/Jul/2023:11:16:17 +0800] "GET /xingrg/all/function/internal_message.html?_=1689822871250&CODE_STATE=getMsg HTTP/1.1" 200 27
218.81.221.197 - - [20/Jul/2023:11:16:18 +0800] "GET /xingrg/all/function/internal_message.html?_=1689822992713&CODE_STATE=getMsg HTTP/1.1" 200 27
114.85.113.108 - - [20/Jul/2023:11:16:20 +0800] "GET /xingrg/all/function/internal_message.html?_=1689822974772&CODE_STATE=getMsg HTTP/1.1" 200 27
120.253.135.82 - - [20/Jul/2023:11:16:22 +0800] "GET /xingrg/all/function/internal_message.html?_=1689823123895&CODE_STATE=getMsg HTTP/1.1" 200 27
222.70.114.12 - - [20/Jul/2023:11:16:24 +0800] "GET /xingrg/kc/buy/cgsh_order_operate.html?command=get_materiel&rest_code=00156&code=00101009062&supplier_code=00100007&order_time=2023-07-20 HTTP/1.1" 200 412
222.70.180.90 - - [20/Jul/2023:11:16:25 +0800] "GET /xingrg/check_reg.html?_=1689822982673 HTTP/1.1" 200 22
222.70.180.90 - - [20/Jul/2023:11:16:25 +0800] "GET /xingrg/all/function/internal_message.html?_=1689822982680&CODE_STATE=getMsg HTTP/1.1" 200 27
120.253.135.82 - - [20/Jul/2023:11:16:26 +0800] "GET /xingrg/all/function/internal_message.html?_=1689822810018&CODE_STATE=getMsg HTTP/1.1" 200 27
101.228.187.155 - - [20/Jul/2023:11:16:26 +0800] "GET /xingrg/all/function/internal_message.html?_=1689822986844&CODE_STATE=getMsg HTTP/1.1" 200 27
101.83.145.37 - - [20/Jul/2023:11:16:29 +0800] "GET /xingrg/all/function/internal_message.html?_=1689822801046&CODE_STATE=getMsg HTTP/1.1" 200 27
114.83.216.185 - - [20/Jul/2023:11:16:37 +0800] "GET /xingrg/all/function/internal_message.html?_=1689822995860&CODE_STATE=getMsg HTTP/1.1" 200 27
116.238.191.126 - - [20/Jul/2023:11:16:42 +0800] "GET /xingrg/all/function/internal_message.html?_=1689823003265&CODE_STATE=getMsg HTTP/1.1" 200 27
222.70.114.12 - - [20/Jul/2023:11:16:43 +0800] "GET /xingrg/kc/buy/cgsh_order_operate.html?command=get_materiel&rest_code=00156&code=00101009006&supplier_code=00100007&order_time=2023-07-20 HTTP/1.1" 200 409
222.70.114.12 - - [20/Jul/2023:11:16:45 +0800] "GET /xingrg/all/function/internal_message.html?_=1689823013399&CODE_STATE=getMsg HTTP/1.1" 200 27
101.83.145.37 - - [20/Jul/2023:11:16:47 +0800] "GET /xingrg/all/function/internal_message.html?_=1689823007051&CODE_STATE=getMsg HTTP/1.1" 200 27
58.39.105.90 - - [20/Jul/2023:11:16:47 +0800] "GET /xingrg/all/function/internal_message.html?_=1689823007105&CODE_STATE=getMsg HTTP/1.1" 200 27
124.78.156.75 - - [20/Jul/2023:11:16:49 +0800] "GET /xingrg/all/function/internal_message.html?_=1689823010100&CODE_STATE=getMsg HTTP/1.1" 200 27
114.83.220.139 - - [20/Jul/2023:11:16:52 +0800] "GET /xingrg/all/function/internal_message.html?_=1689823134946&CODE_STATE=getMsg HTTP/1.1" 200 27
114.83.220.139 - - [20/Jul/2023:11:16:52 +0800] "GET /xingrg/check_reg.html?_=1689823134945 HTTP/1.1" 200 22
180.152.241.196 - - [20/Jul/2023:11:16:52 +0800] "GET /xingrg/kc/buy/cgsh_order_operate.html?command=get_materiel&rest_code=00102&code=00101009007&supplier_code=00100151&order_time=2023-07-20 HTTP/1.1" 200 410
222.70.114.12 - - [20/Jul/2023:11:16:53 +0800] "GET /xingrg/kc/buy/cgsh_order_operate.html?command=get_materiel&rest_code=00156&code=00101008240&supplier_code=00100007&order_time=2023-07-20 HTTP/1.1" 200 413
124.78.156.75 - - [20/Jul/2023:11:16:53 +0800] "POST /xingrg/dwr/call/plaincall/AjaxQqpsService.getMaterielByCode.dwr HTTP/1.1" 200 2734
124.78.70.128 - - [20/Jul/2023:11:16:54 +0800] "GET /xingrg/all/function/internal_message.html?_=1689822486692&CODE_STATE=getMsg HTTP/1.1" 200 27
124.78.70.128 - - [20/Jul/2023:11:16:54 +0800] "GET /xingrg/check_reg.html?_=1689822486702 HTTP/1.1" 200 22
116.232.195.127 - - [20/Jul/2023:11:16:55 +0800] "GET /xingrg/all/function/internal_message.html?_=1689822975028&CODE_STATE=getMsg HTTP/1.1" 200 27
180.165.154.167 - - [20/Jul/2023:11:16:57 +0800] "GET /xingrg/all/function/internal_message.html?_=1689823017291&CODE_STATE=getMsg HTTP/1.1" 200 27
180.169.147.146 - - [20/Jul/2023:11:17:02 +0800] "GET /xingrg/all/function/internal_message.html?_=1689823022123&CODE_STATE=getMsg HTTP/1.1" 200 27
124.78.156.75 - - [20/Jul/2023:11:17:02 +0800] "POST /xingrg/dwr/call/plaincall/AjaxQqpsService.saveMaterielItem.dwr HTTP/1.1" 200 78
222.70.180.90 - - [20/Jul/2023:11:17:05 +0800] "GET /xingrg/all/function/internal_message.html?_=1689823079435&CODE_STATE=getMsg HTTP/1.1" 200 27
180.152.241.196 - - [20/Jul/2023:11:17:08 +0800] "POST /xingrg/kc/buy/cgsh_order_operate.html HTTP/1.1" 200 37
116.232.195.127 - - [20/Jul/2023:11:17:11 +0800] "GET /xingrg/all/function/internal_message.html?_=1689822991204&CODE_STATE=getMsg HTTP/1.1" 200 27
116.232.195.127 - - [20/Jul/2023:11:17:11 +0800] "GET /xingrg/check_reg.html?_=1689822991206 HTTP/1.1" 200 22
124.78.156.75 - - [20/Jul/2023:11:17:14 +0800] "POST /xingrg/dwr/call/plaincall/AjaxQqpsService.getMaterielByCode.dwr HTTP/1.1" 200 2735
116.238.191.126 - - [20/Jul/2023:11:17:17 +0800] "GET /xingrg/all/function/internal_message.html?_=1689822931278&CODE_STATE=getMsg HTTP/1.1" 200 27
218.81.221.197 - - [20/Jul/2023:11:17:18 +0800] "GET /xingrg/all/function/internal_message.html?_=1689823052738&CODE_STATE=getMsg HTTP/1.1" 200 27
114.85.113.108 - - [20/Jul/2023:11:17:20 +0800] "GET /xingrg/all/function/internal_message.html?_=1689823034754&CODE_STATE=getMsg HTTP/1.1" 200 27
218.81.221.197 - - [20/Jul/2023:11:17:21 +0800] "GET /xingrg/kc/buy/cgsh_order_operate.html?command=get_materiel&rest_code=00146&code=00101020089&supplier_code=00100033&order_time=2023-07-20 HTTP/1.1" 200 412
120.253.135.82 - - [20/Jul/2023:11:17:22 +0800] "GET /xingrg/all/function/internal_message.html?_=1689823183897&CODE_STATE=getMsg HTTP/1.1" 200 27
124.78.156.75 - - [20/Jul/2023:11:17:22 +0800] "POST /xingrg/dwr/call/plaincall/AjaxQqpsService.saveMaterielItem.dwr HTTP/1.1" 200 78
222.70.180.90 - - [20/Jul/2023:11:17:25 +0800] "GET /xingrg/all/function/internal_message.html?_=1689823042659&CODE_STATE=getMsg HTTP/1.1" 200 27
120.253.135.82 - - [20/Jul/2023:11:17:26 +0800] "GET /xingrg/all/function/internal_message.html?_=1689822870030&CODE_STATE=getMsg HTTP/1.1" 200 27
101.228.187.155 - - [20/Jul/2023:11:17:26 +0800] "GET /xingrg/all/function/internal_message.html?_=1689823046843&CODE_STATE=getMsg HTTP/1.1" 200 27
101.83.145.37 - - [20/Jul/2023:11:17:29 +0800] "GET /xingrg/all/function/internal_message.html?_=1689822861016&CODE_STATE=getMsg HTTP/1.1" 200 27
222.70.114.12 - - [20/Jul/2023:11:17:36 +0800] "GET /xingrg/kc/buy/cgsh_order_operate.html?command=get_materiel&rest_code=00156&code=00101008618&supplier_code=00100007&order_time=2023-07-20 HTTP/1.1" 200 426
114.83.216.185 - - [20/Jul/2023:11:17:37 +0800] "GET /xingrg/all/function/internal_message.html?_=1689823055845&CODE_STATE=getMsg HTTP/1.1" 200 27
116.238.191.126 - - [20/Jul/2023:11:17:42 +0800] "GET /xingrg/all/function/internal_message.html?_=1689823063266&CODE_STATE=getMsg HTTP/1.1" 200 27
116.238.191.126 - - [20/Jul/2023:11:17:43 +0800] "GET /xingrg/check_reg.html?_=1689822956478 HTTP/1.1" 200 22
222.70.114.12 - - [20/Jul/2023:11:17:45 +0800] "GET /xingrg/all/function/internal_message.html?_=1689823073401&CODE_STATE=getMsg HTTP/1.1" 200 27
101.83.145.37 - - [20/Jul/2023:11:17:47 +0800] "GET /xingrg/all/function/internal_message.html?_=1689823067025&CODE_STATE=getMsg HTTP/1.1" 200 27
58.39.105.90 - - [20/Jul/2023:11:17:47 +0800] "GET /xingrg/all/function/internal_message.html?_=1689823067100&CODE_STATE=getMsg HTTP/1.1" 200 27
124.78.156.75 - - [20/Jul/2023:11:17:49 +0800] "GET /xingrg/all/function/internal_message.html?_=1689823070085&CODE_STATE=getMsg HTTP/1.1" 200 27
114.83.220.139 - - [20/Jul/2023:11:17:52 +0800] "GET /xingrg/all/function/internal_message.html?_=1689823194934&CODE_STATE=getMsg HTTP/1.1" 200 27
124.78.70.128 - - [20/Jul/2023:11:17:54 +0800] "GET /xingrg/all/function/internal_message.html?_=1689822546685&CODE_STATE=getMsg HTTP/1.1" 200 27
116.232.195.127 - - [20/Jul/2023:11:17:55 +0800] "GET /xingrg/all/function/internal_message.html?_=1689823035002&CODE_STATE=getMsg HTTP/1.1" 200 27
116.232.195.127 - - [20/Jul/2023:11:17:57 +0800] "GET /xingrg/check_reg.html?_=1689823037377 HTTP/1.1" 200 22
180.165.154.167 - - [20/Jul/2023:11:17:57 +0800] "GET /xingrg/all/function/internal_message.html?_=1689823077286&CODE_STATE=getMsg HTTP/1.1" 200 27
180.165.154.167 - - [20/Jul/2023:11:17:57 +0800] "GET /favicon.ico HTTP/1.1" 404 -
180.169.147.146 - - [20/Jul/2023:11:18:02 +0800] "GET /xingrg/all/function/internal_message.html?_=1689823082128&CODE_STATE=getMsg HTTP/1.1" 200 27
180.169.147.146 - - [20/Jul/2023:11:18:02 +0800] "GET /xingrg/check_reg.html?_=1689823082130 HTTP/1.1" 200 22
124.78.156.75 - - [20/Jul/2023:11:18:02 +0800] "POST /xingrg/dwr/call/plaincall/AjaxQqpsService.getMaterielByCode.dwr HTTP/1.1" 200 2706
222.70.180.90 - - [20/Jul/2023:11:18:05 +0800] "GET /xingrg/all/function/internal_message.html?_=1689823139422&CODE_STATE=getMsg HTTP/1.1" 200 27
180.157.253.91 - - [20/Jul/2023:11:18:07 +0800] "GET /xingrg/check_reg.html?_=1689823085811 HTTP/1.1" 200 22
218.81.221.197 - - [20/Jul/2023:11:18:10 +0800] "GET /xingrg/check_reg.html?_=1689823104878 HTTP/1.1" 200 22
116.232.195.127 - - [20/Jul/2023:11:18:11 +0800] "GET /xingrg/all/function/internal_message.html?_=1689823051194&CODE_STATE=getMsg HTTP/1.1" 200 27
116.238.191.126 - - [20/Jul/2023:11:18:17 +0800] "GET /xingrg/all/function/internal_message.html?_=1689822991293&CODE_STATE=getMsg HTTP/1.1" 200 27
218.81.221.197 - - [20/Jul/2023:11:18:18 +0800] "GET /xingrg/all/function/internal_message.html?_=1689823112740&CODE_STATE=getMsg HTTP/1.1" 200 27
114.85.113.108 - - [20/Jul/2023:11:18:20 +0800] "GET /xingrg/all/function/internal_message.html?_=1689823094739&CODE_STATE=getMsg HTTP/1.1" 200 27
120.253.135.82 - - [20/Jul/2023:11:18:22 +0800] "GET /xingrg/check_reg.html?_=1689823243903 HTTP/1.1" 200 22
120.253.135.82 - - [20/Jul/2023:11:18:22 +0800] "GET /xingrg/all/function/internal_message.html?_=1689823243903&CODE_STATE=getMsg HTTP/1.1" 200 27
222.70.114.12 - - [20/Jul/2023:11:18:23 +0800] "GET /xingrg/kc/buy/cgsh_order_operate.html?command=get_materiel&rest_code=00156&code=00101009112&supplier_code=00100007&order_time=2023-07-20 HTTP/1.1" 200 425
222.70.180.90 - - [20/Jul/2023:11:18:25 +0800] "GET /xingrg/all/function/internal_message.html?_=1689823102667&CODE_STATE=getMsg HTTP/1.1" 200 27
120.253.135.82 - - [20/Jul/2023:11:18:25 +0800] "GET /xingrg/check_reg.html?_=1689822929919 HTTP/1.1" 200 22
120.253.135.82 - - [20/Jul/2023:11:18:26 +0800] "GET /xingrg/all/function/internal_message.html?_=1689822930043&CODE_STATE=getMsg HTTP/1.1" 200 27
101.228.187.155 - - [20/Jul/2023:11:18:26 +0800] "GET /xingrg/all/function/internal_message.html?_=1689823106841&CODE_STATE=getMsg HTTP/1.1" 200 27
101.83.145.37 - - [20/Jul/2023:11:18:29 +0800] "GET /xingrg/all/function/internal_message.html?_=1689822920989&CODE_STATE=getMsg HTTP/1.1" 200 27
124.78.156.75 - - [20/Jul/2023:11:18:31 +0800] "POST /xingrg/dwr/call/plaincall/AjaxQqpsService.saveMaterielItem.dwr HTTP/1.1" 200 78
222.70.114.12 - - [20/Jul/2023:11:18:35 +0800] "GET /xingrg/kc/buy/cgsh_order_operate.html?command=get_materiel&rest_code=00156&code=00101008286&supplier_code=00100007&order_time=2023-07-20 HTTP/1.1" 200 408
114.83.216.185 - - [20/Jul/2023:11:18:37 +0800] "GET /xingrg/all/function/internal_message.html?_=1689823115820&CODE_STATE=getMsg HTTP/1.1" 200 27
218.81.221.197 - - [20/Jul/2023:11:18:38 +0800] "GET /xingrg/kc/buy/cgsh_order_operate.html?command=get_materiel&rest_code=00146&code=00101012051&supplier_code=00100033&order_time=2023-07-20 HTTP/1.1" 200 408
114.85.113.108 - - [20/Jul/2023:11:18:41 +0800] "GET /xingrg/kc/buy/cgsh_order_add.html HTTP/1.1" 200 70815
114.85.113.108 - - [20/Jul/2023:11:18:41 +0800] "POST /xingrg/kc/buy/cgsh_order_operate.html HTTP/1.1" 200 8245
114.85.113.108 - - [20/Jul/2023:11:18:42 +0800] "GET /xingrg/javascript/easyui/themes/default/validatebox.css HTTP/1.1" 404 1104
116.238.191.126 - - [20/Jul/2023:11:18:42 +0800] "GET /xingrg/all/function/internal_message.html?_=1689823123252&CODE_STATE=getMsg HTTP/1.1" 200 27
222.70.114.12 - - [20/Jul/2023:11:18:45 +0800] "GET /xingrg/all/function/internal_message.html?_=1689823133404&CODE_STATE=getMsg HTTP/1.1" 200 27
222.70.114.12 - - [20/Jul/2023:11:18:46 +0800] "GET /xingrg/kc/buy/cgsh_order_operate.html?command=get_materiel&rest_code=00156&code=00101008089&supplier_code=00100007&order_time=2023-07-20 HTTP/1.1" 200 408
101.83.145.37 - - [20/Jul/2023:11:18:47 +0800] "GET /xingrg/all/function/internal_message.html?_=1689823127007&CODE_STATE=getMsg HTTP/1.1" 200 27
58.39.105.90 - - [20/Jul/2023:11:18:47 +0800] "GET /xingrg/all/function/internal_message.html?_=1689823127074&CODE_STATE=getMsg HTTP/1.1" 200 27
124.78.156.75 - - [20/Jul/2023:11:18:49 +0800] "GET /xingrg/all/function/internal_message.html?_=1689823130047&CODE_STATE=getMsg HTTP/1.1" 200 27
114.85.113.108 - - [20/Jul/2023:11:18:51 +0800] "GET /xingrg/kc/buy/cgsh_order_add.html HTTP/1.1" 200 70815
114.85.113.108 - - [20/Jul/2023:11:18:52 +0800] "POST /xingrg/kc/buy/cgsh_order_operate.html HTTP/1.1" 200 8245
114.85.113.108 - - [20/Jul/2023:11:18:52 +0800] "GET /xingrg/javascript/easyui/themes/default/validatebox.css HTTP/1.1" 404 1104
114.83.220.139 - - [20/Jul/2023:11:18:52 +0800] "GET /xingrg/all/function/internal_message.html?_=1689823254927&CODE_STATE=getMsg HTTP/1.1" 200 27
180.152.241.196 - - [20/Jul/2023:11:18:54 +0800] "POST /xingrg/kc/buy/cgsh_order_operate.html HTTP/1.1" 200 6811
124.78.70.128 - - [20/Jul/2023:11:18:54 +0800] "GET /xingrg/all/function/internal_message.html?_=1689822606691&CODE_STATE=getMsg HTTP/1.1" 200 27
116.232.195.127 - - [20/Jul/2023:11:18:55 +0800] "GET /xingrg/all/function/internal_message.html?_=1689823094972&CODE_STATE=getMsg HTTP/1.1" 200 27
222.70.114.12 - - [20/Jul/2023:11:18:57 +0800] "GET /xingrg/kc/buy/cgsh_order_operate.html?command=get_materiel&rest_code=00156&code=00101008098&supplier_code=00100007&order_time=2023-07-20 HTTP/1.1" 200 412
180.165.154.167 - - [20/Jul/2023:11:18:57 +0800] "GET /xingrg/all/function/internal_message.html?_=1689823137280&CODE_STATE=getMsg HTTP/1.1" 200 27
180.163.29.206 - - [20/Jul/2023:11:19:02 +0800] "GET /xingrg/check_reg.html?_=1689823082130 HTTP/1.1" 302 -
180.163.29.206 - - [20/Jul/2023:11:19:02 +0800] "GET /xingrg/login.html HTTP/1.1" 200 7641
180.169.147.146 - - [20/Jul/2023:11:19:02 +0800] "GET /xingrg/all/function/internal_message.html?_=1689823142130&CODE_STATE=getMsg HTTP/1.1" 200 27
114.85.113.108 - - [20/Jul/2023:11:19:04 +0800] "GET /xingrg/kc/buy/cgsh_order_list.html HTTP/1.1" 200 55844
222.70.180.90 - - [20/Jul/2023:11:19:05 +0800] "GET /xingrg/all/function/internal_message.html?_=1689823199412&CODE_STATE=getMsg HTTP/1.1" 200 27
114.85.113.108 - - [20/Jul/2023:11:19:10 +0800] "POST /xingrg/kc/buy/cgsh_list_operate.html HTTP/1.1" 200 2305
116.232.195.127 - - [20/Jul/2023:11:19:11 +0800] "GET /xingrg/all/function/internal_message.html?_=1689823111202&CODE_STATE=getMsg HTTP/1.1" 200 27
222.70.114.12 - - [20/Jul/2023:11:19:12 +0800] "GET /xingrg/javascript/auto/indicator.gif HTTP/1.1" 404 1066
222.70.180.90 - - [20/Jul/2023:11:19:16 +0800] "GET /xingrg/check_reg.html?_=1689823210358 HTTP/1.1" 200 22
180.152.241.196 - - [20/Jul/2023:11:19:17 +0800] "GET /xingrg/check_reg.html?_=1689823158134 HTTP/1.1" 200 22
116.238.191.126 - - [20/Jul/2023:11:19:18 +0800] "GET /xingrg/all/function/internal_message.html?_=1689823051306&CODE_STATE=getMsg HTTP/1.1" 200 27
218.81.221.197 - - [20/Jul/2023:11:19:18 +0800] "GET /xingrg/all/function/internal_message.html?_=1689823172754&CODE_STATE=getMsg HTTP/1.1" 200 27
114.85.113.108 - - [20/Jul/2023:11:19:20 +0800] "GET /xingrg/all/function/internal_message.html?_=1689823154710&CODE_STATE=getMsg HTTP/1.1" 200 27
114.85.113.108 - - [20/Jul/2023:11:19:21 +0800] "POST /xingrg/kc/buy/cgsh_list_operate.html HTTP/1.1" 200 562
120.253.135.82 - - [20/Jul/2023:11:19:22 +0800] "GET /xingrg/all/function/internal_message.html?_=1689823303909&CODE_STATE=getMsg HTTP/1.1" 200 27
222.70.180.90 - - [20/Jul/2023:11:19:25 +0800] "GET /xingrg/all/function/internal_message.html?_=1689823162664&CODE_STATE=getMsg HTTP/1.1" 200 27
222.70.114.12 - - [20/Jul/2023:11:19:25 +0800] "GET /xingrg/kc/buy/cgsh_order_operate.html?command=get_materiel&rest_code=00156&code=00101008256&supplier_code=00100007&order_time=2023-07-20 HTTP/1.1" 200 413
120.253.135.82 - - [20/Jul/2023:11:19:26 +0800] "GET /xingrg/all/function/internal_message.html?_=1689822990057&CODE_STATE=getMsg HTTP/1.1" 200 27
101.228.187.155 - - [20/Jul/2023:11:19:26 +0800] "GET /xingrg/all/function/internal_message.html?_=1689823166842&CODE_STATE=getMsg HTTP/1.1" 200 27
101.228.187.155 - - [20/Jul/2023:11:19:27 +0800] "GET /xingrg/check_reg.html?_=1689823166840 HTTP/1.1" 200 22
114.85.113.108 - - [20/Jul/2023:11:19:28 +0800] "GET /xingrg/kc/buy/cgsh_order_info.html?code=212023071807108 HTTP/1.1" 200 70826
114.85.113.108 - - [20/Jul/2023:11:19:28 +0800] "GET /xingrg/javascript/easyui/themes/default/validatebox.css HTTP/1.1" 404 1104
101.83.145.37 - - [20/Jul/2023:11:19:29 +0800] "GET /xingrg/all/function/internal_message.html?_=1689822980974&CODE_STATE=getMsg HTTP/1.1" 200 27
114.85.113.108 - - [20/Jul/2023:11:19:29 +0800] "POST /xingrg/kc/buy/cgsh_order_operate.html HTTP/1.1" 200 12097
114.83.216.185 - - [20/Jul/2023:11:19:37 +0800] "GET /xingrg/all/function/internal_message.html?_=1689823175791&CODE_STATE=getMsg HTTP/1.1" 200 27
218.81.221.197 - - [20/Jul/2023:11:19:40 +0800] "POST /xingrg/kc/buy/cgsh_order_operate.html HTTP/1.1" 200 37
116.238.191.126 - - [20/Jul/2023:11:19:43 +0800] "GET /xingrg/all/function/internal_message.html?_=1689823183261&CODE_STATE=getMsg HTTP/1.1" 200 27
116.238.191.126 - - [20/Jul/2023:11:19:43 +0800] "GET /xingrg/check_reg.html?_=1689823183263 HTTP/1.1" 200 22
222.70.114.12 - - [20/Jul/2023:11:19:43 +0800] "GET /xingrg/kc/buy/cgsh_order_operate.html?command=get_materiel&rest_code=00156&code=00101008155&supplier_code=00100007&order_time=2023-07-20 HTTP/1.1" 200 408
222.70.114.12 - - [20/Jul/2023:11:19:45 +0800] "GET /xingrg/all/function/internal_message.html?_=1689823193405&CODE_STATE=getMsg HTTP/1.1" 200 27
218.81.221.197 - - [20/Jul/2023:11:19:47 +0800] "POST /xingrg/kc/buy/cgsh_order_operate.html HTTP/1.1" 200 5004
101.83.145.37 - - [20/Jul/2023:11:19:47 +0800] "GET /xingrg/all/function/internal_message.html?_=1689823186980&CODE_STATE=getMsg HTTP/1.1" 200 27
58.39.105.90 - - [20/Jul/2023:11:19:47 +0800] "GET /xingrg/all/function/internal_message.html?_=1689823187051&CODE_STATE=getMsg HTTP/1.1" 200 27
124.78.156.75 - - [20/Jul/2023:11:19:48 +0800] "GET /xingrg/check_reg.html?_=1689823188600 HTTP/1.1" 200 22
101.83.145.37 - - [20/Jul/2023:11:19:49 +0800] "GET /xingrg/check_reg.html?_=1689823189019 HTTP/1.1" 200 22
124.78.156.75 - - [20/Jul/2023:11:19:49 +0800] "GET /xingrg/all/function/internal_message.html?_=1689823190037&CODE_STATE=getMsg HTTP/1.1" 200 27
218.81.221.197 - - [20/Jul/2023:11:19:50 +0800] "GET /xingrg/kc/print/load_data.html?order_code=212023072007751&kc_code=cgsh&condition= HTTP/1.1" 200 1598
114.83.220.139 - - [20/Jul/2023:11:19:52 +0800] "GET /xingrg/all/function/internal_message.html?_=1689823314934&CODE_STATE=getMsg HTTP/1.1" 200 27
124.78.70.128 - - [20/Jul/2023:11:19:54 +0800] "GET /xingrg/all/function/internal_message.html?_=1689822666682&CODE_STATE=getMsg HTTP/1.1" 200 27
124.78.156.75 - - [20/Jul/2023:11:19:54 +0800] "POST /xingrg/dwr/call/plaincall/AjaxQqpsService.getMaterielByCode.dwr HTTP/1.1" 200 2738
116.232.195.127 - - [20/Jul/2023:11:19:55 +0800] "GET /xingrg/all/function/internal_message.html?_=1689823154941&CODE_STATE=getMsg HTTP/1.1" 200 27
222.70.114.12 - - [20/Jul/2023:11:19:55 +0800] "GET /xingrg/kc/buy/cgsh_order_operate.html?command=get_materiel&rest_code=00156&code=00101008331&supplier_code=00100007&order_time=2023-07-20 HTTP/1.1" 200 416
180.165.154.167 - - [20/Jul/2023:11:19:57 +0800] "GET /xingrg/all/function/internal_message.html?_=1689823197265&CODE_STATE=getMsg HTTP/1.1" 200 27
180.165.154.167 - - [20/Jul/2023:11:19:58 +0800] "GET /xingrg/check_reg.html?_=1689823197934 HTTP/1.1" 200 22
124.78.156.75 - - [20/Jul/2023:11:19:59 +0800] "POST /xingrg/dwr/call/plaincall/AjaxQqpsService.saveMaterielItem.dwr HTTP/1.1" 200 79
180.169.147.146 - - [20/Jul/2023:11:20:02 +0800] "GET /xingrg/all/function/internal_message.html?_=1689823202128&CODE_STATE=getMsg HTTP/1.1" 200 27
222.70.114.12 - - [20/Jul/2023:11:20:03 +0800] "GET /xingrg/kc/buy/cgsh_order_operate.html?command=get_materiel&rest_code=00156&code=00101008354&supplier_code=00100007&order_time=2023-07-20 HTTP/1.1" 200 412
222.70.114.12 - - [20/Jul/2023:11:20:05 +0800] "POST /xingrg/kc/buy/cgsh_order_operate.html HTTP/1.1" 200 2065
222.70.180.90 - - [20/Jul/2023:11:20:06 +0800] "GET /xingrg/all/function/internal_message.html?_=1689823259439&CODE_STATE=getMsg HTTP/1.1" 200 27
116.232.195.127 - - [20/Jul/2023:11:20:11 +0800] "GET /xingrg/all/function/internal_message.html?_=1689823171200&CODE_STATE=getMsg HTTP/1.1" 200 27
124.79.79.0 - - [20/Jul/2023:11:20:14 +0800] "POST /xingrg/services/DataTransmitService HTTP/1.1" 200 524
222.70.114.12 - - [20/Jul/2023:11:20:16 +0800] "GET /xingrg/kc/buy/cgsh_order_operate.html?command=get_materiel&rest_code=00156&code=00101008088&supplier_code=00100007&order_time=2023-07-20 HTTP/1.1" 200 408
124.79.79.0 - - [20/Jul/2023:11:20:16 +0800] "POST /xingrg/services/DataTransmitService HTTP/1.1" 200 501
116.238.191.126 - - [20/Jul/2023:11:20:18 +0800] "GET /xingrg/all/function/internal_message.html?_=1689823111328&CODE_STATE=getMsg HTTP/1.1" 200 27
218.81.221.197 - - [20/Jul/2023:11:20:19 +0800] "GET /xingrg/all/function/internal_message.html?_=1689823233042&CODE_STATE=getMsg HTTP/1.1" 200 27
114.85.113.108 - - [20/Jul/2023:11:20:20 +0800] "GET /xingrg/all/function/internal_message.html?_=1689823214694&CODE_STATE=getMsg HTTP/1.1" 200 27
114.85.113.108 - - [20/Jul/2023:11:20:20 +0800] "GET /xingrg/check_reg.html?_=1689823214775 HTTP/1.1" 200 22
124.78.156.75 - - [20/Jul/2023:11:20:22 +0800] "POST /xingrg/dwr/call/plaincall/AjaxQqpsService.getMaterielByCode.dwr HTTP/1.1" 200 2668
120.253.135.82 - - [20/Jul/2023:11:20:22 +0800] "GET /xingrg/all/function/internal_message.html?_=1689823363910&CODE_STATE=getMsg HTTP/1.1" 200 27
222.70.180.90 - - [20/Jul/2023:11:20:25 +0800] "GET /xingrg/all/function/internal_message.html?_=1689823222669&CODE_STATE=getMsg HTTP/1.1" 200 27
120.253.135.82 - - [20/Jul/2023:11:20:26 +0800] "GET /xingrg/all/function/internal_message.html?_=1689823050070&CODE_STATE=getMsg HTTP/1.1" 200 27
101.228.187.155 - - [20/Jul/2023:11:20:27 +0800] "GET /xingrg/all/function/internal_message.html?_=1689823226846&CODE_STATE=getMsg HTTP/1.1" 200 27
222.70.114.12 - - [20/Jul/2023:11:20:27 +0800] "GET /xingrg/kc/buy/cgsh_order_operate.html?command=get_materiel&rest_code=00156&code=00101008207&supplier_code=00100007&order_time=2023-07-20 HTTP/1.1" 200 408
101.83.145.37 - - [20/Jul/2023:11:20:29 +0800] "GET /xingrg/all/function/internal_message.html?_=1689823040958&CODE_STATE=getMsg HTTP/1.1" 200 27
101.83.145.37 - - [20/Jul/2023:11:20:29 +0800] "GET /xingrg/check_reg.html?_=1689823041226 HTTP/1.1" 200 22
124.78.156.75 - - [20/Jul/2023:11:20:29 +0800] "POST /xingrg/dwr/call/plaincall/AjaxQqpsService.saveMaterielItem.dwr HTTP/1.1" 200 79
114.83.216.185 - - [20/Jul/2023:11:20:37 +0800] "GET /xingrg/all/function/internal_message.html?_=1689823235783&CODE_STATE=getMsg HTTP/1.1" 200 27
114.83.216.185 - - [20/Jul/2023:11:20:37 +0800] "GET /xingrg/check_reg.html?_=1689823236270 HTTP/1.1" 200 22
116.238.191.126 - - [20/Jul/2023:11:20:43 +0800] "GET /xingrg/all/function/internal_message.html?_=1689823243272&CODE_STATE=getMsg HTTP/1.1" 200 27
222.70.114.12 - - [20/Jul/2023:11:20:45 +0800] "GET /xingrg/all/function/internal_message.html?_=1689823253407&CODE_STATE=getMsg HTTP/1.1" 200 27
222.70.114.12 - - [20/Jul/2023:11:20:45 +0800] "GET /xingrg/check_reg.html?_=1689823253409 HTTP/1.1" 200 22
222.70.114.12 - - [20/Jul/2023:11:20:46 +0800] "GET /xingrg/kc/buy/cgsh_order_operate.html?command=get_materiel&rest_code=00156&code=00101008010&supplier_code=00100007&order_time=2023-07-20 HTTP/1.1" 200 412
101.83.145.37 - - [20/Jul/2023:11:20:47 +0800] "GET /xingrg/all/function/internal_message.html?_=1689823246953&CODE_STATE=getMsg HTTP/1.1" 200 27
58.39.105.90 - - [20/Jul/2023:11:20:47 +0800] "GET /xingrg/all/function/internal_message.html?_=1689823247040&CODE_STATE=getMsg HTTP/1.1" 200 27
58.39.105.90 - - [20/Jul/2023:11:20:48 +0800] "GET /xingrg/check_reg.html?_=1689823247777 HTTP/1.1" 200 22
124.78.156.75 - - [20/Jul/2023:11:20:49 +0800] "GET /xingrg/all/function/internal_message.html?_=1689823250013&CODE_STATE=getMsg HTTP/1.1" 200 27
114.83.220.139 - - [20/Jul/2023:11:20:52 +0800] "GET /xingrg/all/function/internal_message.html?_=1689823374948&CODE_STATE=getMsg HTTP/1.1" 200 27
124.78.70.128 - - [20/Jul/2023:11:20:54 +0800] "GET /xingrg/all/function/internal_message.html?_=1689822726688&CODE_STATE=getMsg HTTP/1.1" 200 27
116.232.195.127 - - [20/Jul/2023:11:20:55 +0800] "GET /xingrg/all/function/internal_message.html?_=1689823214939&CODE_STATE=getMsg HTTP/1.1" 200 27
222.70.114.12 - - [20/Jul/2023:11:20:56 +0800] "GET /xingrg/kc/buy/cgsh_order_operate.html?command=get_materiel&rest_code=00156&code=00101008182&supplier_code=00100007&order_time=2023-07-20 HTTP/1.1" 200 412
180.165.154.167 - - [20/Jul/2023:11:20:57 +0800] "GET /xingrg/all/function/internal_message.html?_=1689823257262&CODE_STATE=getMsg HTTP/1.1" 200 27
180.169.147.146 - - [20/Jul/2023:11:21:02 +0800] "GET /xingrg/all/function/internal_message.html?_=1689823262128&CODE_STATE=getMsg HTTP/1.1" 200 27
222.70.180.90 - - [20/Jul/2023:11:21:05 +0800] "GET /xingrg/all/function/internal_message.html?_=1689823319416&CODE_STATE=getMsg HTTP/1.1" 200 27
222.70.114.12 - - [20/Jul/2023:11:21:06 +0800] "GET /xingrg/kc/buy/cgsh_order_operate.html?command=get_materiel&rest_code=00156&code=00101008298&supplier_code=00100007&order_time=2023-07-20 HTTP/1.1" 200 413
222.70.114.12 - - [20/Jul/2023:11:21:08 +0800] "POST /xingrg/kc/buy/cgsh_order_operate.html HTTP/1.1" 200 2065
116.232.195.127 - - [20/Jul/2023:11:21:11 +0800] "GET /xingrg/all/function/internal_message.html?_=1689823231215&CODE_STATE=getMsg HTTP/1.1" 200 27
124.78.156.75 - - [20/Jul/2023:11:21:16 +0800] "POST /xingrg/dwr/call/plaincall/AjaxQqpsService.saveOrder.dwr HTTP/1.1" 200 79
116.238.191.126 - - [20/Jul/2023:11:21:18 +0800] "GET /xingrg/all/function/internal_message.html?_=1689823171335&CODE_STATE=getMsg HTTP/1.1" 200 27
218.81.221.197 - - [20/Jul/2023:11:21:19 +0800] "GET /xingrg/all/function/internal_message.html?_=1689823293046&CODE_STATE=getMsg HTTP/1.1" 200 27
114.85.113.108 - - [20/Jul/2023:11:21:20 +0800] "GET /xingrg/all/function/internal_message.html?_=1689823274667&CODE_STATE=getMsg HTTP/1.1" 200 27
222.70.180.90 - - [20/Jul/2023:11:21:25 +0800] "GET /xingrg/all/function/internal_message.html?_=1689823282667&CODE_STATE=getMsg HTTP/1.1" 200 27
222.70.180.90 - - [20/Jul/2023:11:21:25 +0800] "GET /xingrg/check_reg.html?_=1689823282669 HTTP/1.1" 200 22
120.253.135.82 - - [20/Jul/2023:11:21:26 +0800] "GET /xingrg/all/function/internal_message.html?_=1689823110085&CODE_STATE=getMsg HTTP/1.1" 200 27
101.228.187.155 - - [20/Jul/2023:11:21:26 +0800] "GET /xingrg/all/function/internal_message.html?_=1689823286856&CODE_STATE=getMsg HTTP/1.1" 200 27
101.83.145.37 - - [20/Jul/2023:11:21:29 +0800] "GET /xingrg/all/function/internal_message.html?_=1689823100930&CODE_STATE=getMsg HTTP/1.1" 200 27
124.78.156.75 - - [20/Jul/2023:11:21:32 +0800] "POST /xingrg/dwr/call/plaincall/AjaxQqpsService.saveOrder.dwr HTTP/1.1" 200 79
114.83.216.185 - - [20/Jul/2023:11:21:37 +0800] "GET /xingrg/all/function/internal_message.html?_=1689823295755&CODE_STATE=getMsg HTTP/1.1" 200 27
116.238.191.126 - - [20/Jul/2023:11:21:43 +0800] "GET /xingrg/all/function/internal_message.html?_=1689823303273&CODE_STATE=getMsg HTTP/1.1" 200 27
222.70.114.12 - - [20/Jul/2023:11:21:45 +0800] "GET /xingrg/all/function/internal_message.html?_=1689823313410&CODE_STATE=getMsg HTTP/1.1" 200 27
101.83.145.37 - - [20/Jul/2023:11:21:47 +0800] "GET /xingrg/all/function/internal_message.html?_=1689823306926&CODE_STATE=getMsg HTTP/1.1" 200 27
58.39.105.90 - - [20/Jul/2023:11:21:47 +0800] "GET /xingrg/all/function/internal_message.html?_=1689823307024&CODE_STATE=getMsg HTTP/1.1" 200 27
124.78.156.75 - - [20/Jul/2023:11:21:49 +0800] "GET /xingrg/all/function/internal_message.html?_=1689823309976&CODE_STATE=getMsg HTTP/1.1" 200 27
124.78.156.75 - - [20/Jul/2023:11:21:49 +0800] "POST /xingrg/dwr/call/plaincall/AjaxQqpsService.saveOrder.dwr HTTP/1.1" 200 79
114.83.220.139 - - [20/Jul/2023:11:21:52 +0800] "GET /xingrg/check_reg.html?_=1689823434939 HTTP/1.1" 200 22
114.83.220.139 - - [20/Jul/2023:11:21:52 +0800] "GET /xingrg/all/function/internal_message.html?_=1689823434940&CODE_STATE=getMsg HTTP/1.1" 200 27
124.78.70.128 - - [20/Jul/2023:11:21:54 +0800] "GET /xingrg/all/function/internal_message.html?_=1689822786680&CODE_STATE=getMsg HTTP/1.1" 200 27
124.78.70.128 - - [20/Jul/2023:11:21:54 +0800] "GET /xingrg/check_reg.html?_=1689822786689 HTTP/1.1" 200 22
116.232.195.127 - - [20/Jul/2023:11:21:55 +0800] "GET /xingrg/all/function/internal_message.html?_=1689823274920&CODE_STATE=getMsg HTTP/1.1" 200 27
180.165.154.167 - - [20/Jul/2023:11:21:57 +0800] "GET /xingrg/all/function/internal_message.html?_=1689823317241&CODE_STATE=getMsg HTTP/1.1" 200 27
180.169.147.146 - - [20/Jul/2023:11:22:02 +0800] "GET /xingrg/all/function/internal_message.html?_=1689823322135&CODE_STATE=getMsg HTTP/1.1" 200 27
180.163.30.76 - - [20/Jul/2023:11:22:02 +0800] "GET /xingrg/all/function/internal_message.html?_=1689823262128&CODE_STATE=getMsg HTTP/1.1" 302 -
180.163.30.76 - - [20/Jul/2023:11:22:02 +0800] "GET /xingrg/login.html HTTP/1.1" 200 7641
222.70.180.90 - - [20/Jul/2023:11:22:05 +0800] "GET /xingrg/all/function/internal_message.html?_=1689823379432&CODE_STATE=getMsg HTTP/1.1" 200 27
116.232.195.127 - - [20/Jul/2023:11:22:11 +0800] "GET /xingrg/check_reg.html?_=1689823291193 HTTP/1.1" 200 22
116.232.195.127 - - [20/Jul/2023:11:22:11 +0800] "GET /xingrg/all/function/internal_message.html?_=1689823291195&CODE_STATE=getMsg HTTP/1.1" 200 27
116.238.191.126 - - [20/Jul/2023:11:22:18 +0800] "GET /xingrg/all/function/internal_message.html?_=1689823231361&CODE_STATE=getMsg HTTP/1.1" 200 27
222.70.114.12 - - [20/Jul/2023:11:22:19 +0800] "GET /xingrg/kc/buy/cgsh_order_operate.html?command=get_materiel&rest_code=00156&code=00101008268&supplier_code=00100007&order_time=2023-07-20 HTTP/1.1" 200 408
218.81.221.197 - - [20/Jul/2023:11:22:19 +0800] "GET /xingrg/all/function/internal_message.html?_=1689823353377&CODE_STATE=getMsg HTTP/1.1" 200 27
114.85.113.108 - - [20/Jul/2023:11:22:20 +0800] "GET /xingrg/all/function/internal_message.html?_=1689823334647&CODE_STATE=getMsg HTTP/1.1" 200 27
222.70.180.90 - - [20/Jul/2023:11:22:25 +0800] "GET /xingrg/all/function/internal_message.html?_=1689823342658&CODE_STATE=getMsg HTTP/1.1" 200 27
120.253.135.82 - - [20/Jul/2023:11:22:26 +0800] "GET /xingrg/all/function/internal_message.html?_=1689823170097&CODE_STATE=getMsg HTTP/1.1" 200 27
222.70.114.12 - - [20/Jul/2023:11:22:26 +0800] "GET /xingrg/kc/buy/cgsh_order_operate.html?command=get_materiel&rest_code=00156&code=00101008694&supplier_code=00100007&order_time=2023-07-20 HTTP/1.1" 200 420
101.228.187.155 - - [20/Jul/2023:11:22:26 +0800] "GET /xingrg/all/function/internal_message.html?_=1689823346847&CODE_STATE=getMsg HTTP/1.1" 200 27
101.83.145.37 - - [20/Jul/2023:11:22:29 +0800] "GET /xingrg/all/function/internal_message.html?_=1689823160916&CODE_STATE=getMsg HTTP/1.1" 200 27
