124.78.156.75 - - [20/Jul/2023:10:50:40 +0800] "GET /xingrg/kc/base/wldb_order_add.html HTTP/1.1" 200 30381
124.78.156.75 - - [20/Jul/2023:10:50:41 +0800] "POST /xingrg/kc/base/wldb_order_operate.html HTTP/1.1" 200 6806
124.78.156.75 - - [20/Jul/2023:10:50:41 +0800] "GET /xingrg/javascript/easyui/themes/default/validatebox.css HTTP/1.1" 404 1104
114.83.216.185 - - [20/Jul/2023:10:50:43 +0800] "GET /xingrg/kc/base/wldb_order_add.html HTTP/1.1" 200 30387
114.83.216.185 - - [20/Jul/2023:10:50:43 +0800] "POST /xingrg/kc/base/wldb_order_operate.html HTTP/1.1" 200 6806
114.83.216.185 - - [20/Jul/2023:10:50:44 +0800] "GET /xingrg/javascript/easyui/themes/default/validatebox.css HTTP/1.1" 404 1104
114.83.220.139 - - [20/Jul/2023:10:50:45 +0800] "POST /xingrg/dwr/call/plaincall/AjaxQqpsService.saveMaterielItem.dwr HTTP/1.1" 200 79
114.83.216.185 - - [20/Jul/2023:10:50:45 +0800] "POST /xingrg/all/common/load_combo.html?type=base HTTP/1.1" 200 3409
58.39.105.90 - - [20/Jul/2023:10:50:47 +0800] "GET /xingrg/all/function/internal_message.html?_=1689821447490&CODE_STATE=getMsg HTTP/1.1" 200 27
101.83.145.37 - - [20/Jul/2023:10:50:47 +0800] "GET /xingrg/all/function/internal_message.html?_=1689821447652&CODE_STATE=getMsg HTTP/1.1" 200 27
58.39.105.90 - - [20/Jul/2023:10:50:47 +0800] "GET /xingrg/check_reg.html?_=1689821447889 HTTP/1.1" 200 22
124.78.156.75 - - [20/Jul/2023:10:50:49 +0800] "GET /xingrg/all/function/internal_message.html?_=1689821450138&CODE_STATE=getMsg HTTP/1.1" 200 27
180.165.154.167 - - [20/Jul/2023:10:50:51 +0800] "GET /xingrg/kc/buy/cgsh_order_operate.html?command=get_materiel&rest_code=00108&code=00101008356&supplier_code=00100007&order_time=2023-07-20 HTTP/1.1" 200 408
114.83.220.139 - - [20/Jul/2023:10:50:52 +0800] "GET /xingrg/all/function/internal_message.html?_=1689821574935&CODE_STATE=getMsg HTTP/1.1" 200 27
124.78.70.128 - - [20/Jul/2023:10:50:54 +0800] "GET /xingrg/all/function/internal_message.html?_=1689820926636&CODE_STATE=getMsg HTTP/1.1" 200 27
116.232.195.127 - - [20/Jul/2023:10:50:55 +0800] "GET /xingrg/all/function/internal_message.html?_=1689821415489&CODE_STATE=getMsg HTTP/1.1" 200 27
114.83.216.185 - - [20/Jul/2023:10:50:57 +0800] "GET /xingrg/kc/base/wldb_order_operate.html?command=get_materiel&rest_code=00149&base_code=0010394&code=00101018006 HTTP/1.1" 200 443
180.165.154.167 - - [20/Jul/2023:10:50:57 +0800] "GET /xingrg/all/function/internal_message.html?_=1689821457671&CODE_STATE=getMsg HTTP/1.1" 200 27
180.169.147.146 - - [20/Jul/2023:10:51:02 +0800] "GET /xingrg/all/function/internal_message.html?_=1689821462119&CODE_STATE=getMsg HTTP/1.1" 200 27
114.83.216.185 - - [20/Jul/2023:10:51:04 +0800] "GET /xingrg/kc/base/wldb_order_operate.html?command=get_materiel&rest_code=00149&base_code=0010394&code=00101019438 HTTP/1.1" 200 462
116.238.191.126 - - [20/Jul/2023:10:51:05 +0800] "GET /xingrg/all/function/internal_message.html?_=1689821466046&CODE_STATE=getMsg HTTP/1.1" 200 27
116.238.191.126 - - [20/Jul/2023:10:51:05 +0800] "GET /xingrg/check_reg.html?_=1689821466049 HTTP/1.1" 200 22
222.70.180.90 - - [20/Jul/2023:10:51:05 +0800] "GET /xingrg/all/function/internal_message.html?_=1689821519429&CODE_STATE=getMsg HTTP/1.1" 200 27
180.165.154.167 - - [20/Jul/2023:10:51:05 +0800] "POST /xingrg/kc/buy/cgsh_order_operate.html HTTP/1.1" 200 37
180.165.154.167 - - [20/Jul/2023:10:51:08 +0800] "POST /xingrg/kc/buy/cgsh_order_operate.html HTTP/1.1" 200 15674
114.83.216.185 - - [20/Jul/2023:10:51:11 +0800] "GET /xingrg/kc/base/wldb_order_operate.html?command=get_materiel&rest_code=00149&base_code=0010394&code=00101019529 HTTP/1.1" 200 475
116.232.195.127 - - [20/Jul/2023:10:51:11 +0800] "GET /xingrg/all/function/internal_message.html?_=1689821431214&CODE_STATE=getMsg HTTP/1.1" 200 27
218.81.221.197 - - [20/Jul/2023:10:51:15 +0800] "GET /xingrg/all/function/internal_message.html?_=1689821489243&CODE_STATE=getMsg HTTP/1.1" 200 27
116.238.191.126 - - [20/Jul/2023:10:51:17 +0800] "GET /xingrg/all/function/internal_message.html?_=1689821370754&CODE_STATE=getMsg HTTP/1.1" 200 27
222.70.180.90 - - [20/Jul/2023:10:51:17 +0800] "GET /xingrg/kc/buy/cgsh_order_operate.html?command=get_materiel&rest_code=00111&code=00101006129&supplier_code=00100012&order_time=2023-07-20 HTTP/1.1" 200 433
180.165.154.167 - - [20/Jul/2023:10:51:17 +0800] "GET /xingrg/kc/buy/cgsh_order_operate.html?command=get_materiel&rest_code=00108&code=00101008119&supplier_code=00100007&order_time=2023-07-20 HTTP/1.1" 200 412
114.85.113.108 - - [20/Jul/2023:10:51:20 +0800] "GET /xingrg/all/function/internal_message.html?_=1689821474751&CODE_STATE=getMsg HTTP/1.1" 200 27
222.70.114.12 - - [20/Jul/2023:10:51:24 +0800] "GET /xingrg/all/function/internal_message.html?_=1689821492620&CODE_STATE=getMsg HTTP/1.1" 200 27
180.169.147.146 - - [20/Jul/2023:10:51:24 +0800] "GET /xingrg/check_reg.html?_=1689821481980 HTTP/1.1" 200 22
180.169.147.146 - - [20/Jul/2023:10:51:24 +0800] "GET /xingrg/all/function/internal_message.html?_=1689821481978&CODE_STATE=getMsg HTTP/1.1" 200 27
222.70.180.90 - - [20/Jul/2023:10:51:25 +0800] "GET /xingrg/all/function/internal_message.html?_=1689821482658&CODE_STATE=getMsg HTTP/1.1" 200 27
222.70.180.90 - - [20/Jul/2023:10:51:25 +0800] "GET /xingrg/check_reg.html?_=1689821482660 HTTP/1.1" 200 22
114.83.216.185 - - [20/Jul/2023:10:51:26 +0800] "POST /xingrg/kc/base/wldb_order_operate.html HTTP/1.1" 200 37
101.228.187.155 - - [20/Jul/2023:10:51:26 +0800] "GET /xingrg/all/function/internal_message.html?_=1689821486822&CODE_STATE=getMsg HTTP/1.1" 200 27
101.83.145.37 - - [20/Jul/2023:10:51:29 +0800] "GET /xingrg/all/function/internal_message.html?_=1689821301232&CODE_STATE=getMsg HTTP/1.1" 200 27
114.83.216.185 - - [20/Jul/2023:10:51:34 +0800] "POST /xingrg/kc/base/wldb_order_operate.html HTTP/1.1" 200 12
114.83.216.185 - - [20/Jul/2023:10:51:34 +0800] "POST /xingrg/kc/base/wldb_order_operate.html HTTP/1.1" 200 3188
114.83.216.185 - - [20/Jul/2023:10:51:36 +0800] "GET /xingrg/kc/base/wldb_order_info.html?code=422023072001906 HTTP/1.1" 200 26266
114.83.216.185 - - [20/Jul/2023:10:51:36 +0800] "GET /xingrg/javascript/easyui/themes/default/validatebox.css HTTP/1.1" 404 1104
114.83.216.185 - - [20/Jul/2023:10:51:37 +0800] "POST /xingrg/kc/base/wldb_order_operate.html HTTP/1.1" 200 1462
114.83.216.185 - - [20/Jul/2023:10:51:37 +0800] "GET /xingrg/all/function/internal_message.html?_=1689821496316&CODE_STATE=getMsg HTTP/1.1" 200 27
114.83.216.185 - - [20/Jul/2023:10:51:39 +0800] "GET /xingrg/kc/base/wldb_order_add.html HTTP/1.1" 200 30387
180.165.154.167 - - [20/Jul/2023:10:51:39 +0800] "GET /xingrg/kc/buy/cgsh_order_operate.html?command=get_materiel&rest_code=00108&code=00101008223&supplier_code=00100007&order_time=2023-07-20 HTTP/1.1" 200 412
114.83.216.185 - - [20/Jul/2023:10:51:40 +0800] "POST /xingrg/kc/base/wldb_order_operate.html HTTP/1.1" 200 6806
114.83.216.185 - - [20/Jul/2023:10:51:40 +0800] "GET /xingrg/javascript/easyui/themes/default/validatebox.css HTTP/1.1" 404 1104
114.83.216.185 - - [20/Jul/2023:10:51:40 +0800] "POST /xingrg/all/common/load_combo.html?type=base HTTP/1.1" 200 3409
222.70.180.90 - - [20/Jul/2023:10:51:41 +0800] "GET /xingrg/kc/buy/cgsh_order_operate.html?command=get_materiel&rest_code=00111&code=00101006130&supplier_code=00100012&order_time=2023-07-20 HTTP/1.1" 200 427
58.39.105.90 - - [20/Jul/2023:10:51:47 +0800] "GET /xingrg/all/function/internal_message.html?_=1689821507482&CODE_STATE=getMsg HTTP/1.1" 200 27
101.83.145.37 - - [20/Jul/2023:10:51:47 +0800] "GET /xingrg/all/function/internal_message.html?_=1689821507630&CODE_STATE=getMsg HTTP/1.1" 200 27
124.78.156.75 - - [20/Jul/2023:10:51:49 +0800] "GET /xingrg/all/function/internal_message.html?_=1689821510130&CODE_STATE=getMsg HTTP/1.1" 200 27
114.83.220.139 - - [20/Jul/2023:10:51:52 +0800] "GET /xingrg/all/function/internal_message.html?_=1689821634932&CODE_STATE=getMsg HTTP/1.1" 200 27
114.83.220.139 - - [20/Jul/2023:10:51:52 +0800] "GET /xingrg/check_reg.html?_=1689821634933 HTTP/1.1" 200 22
114.83.216.185 - - [20/Jul/2023:10:51:52 +0800] "GET /xingrg/kc/base/wldb_order_operate.html?command=get_materiel&rest_code=00149&base_code=0010394&code=00101019430 HTTP/1.1" 200 477
124.78.70.128 - - [20/Jul/2023:10:51:54 +0800] "GET /xingrg/check_reg.html?_=1689820986641 HTTP/1.1" 200 22
124.78.70.128 - - [20/Jul/2023:10:51:54 +0800] "GET /xingrg/all/function/internal_message.html?_=1689820986640&CODE_STATE=getMsg HTTP/1.1" 200 27
116.232.195.127 - - [20/Jul/2023:10:51:55 +0800] "GET /xingrg/all/function/internal_message.html?_=1689821475469&CODE_STATE=getMsg HTTP/1.1" 200 27
180.165.154.167 - - [20/Jul/2023:10:51:56 +0800] "GET /xingrg/kc/buy/cgsh_order_operate.html?command=get_materiel&rest_code=00108&code=00101008229&supplier_code=00100007&order_time=2023-07-20 HTTP/1.1" 200 420
180.165.154.167 - - [20/Jul/2023:10:51:57 +0800] "GET /xingrg/all/function/internal_message.html?_=1689821517657&CODE_STATE=getMsg HTTP/1.1" 200 27
116.238.191.126 - - [20/Jul/2023:10:51:58 +0800] "GET /xingrg/kc/base/wldb_order_add.html HTTP/1.1" 200 30387
124.78.156.75 - - [20/Jul/2023:10:51:58 +0800] "POST /xingrg/all/common/load_combo.html?type=base HTTP/1.1" 200 3227
116.238.191.126 - - [20/Jul/2023:10:51:58 +0800] "POST /xingrg/kc/base/wldb_order_operate.html HTTP/1.1" 200 6806
116.238.191.126 - - [20/Jul/2023:10:51:58 +0800] "GET /xingrg/javascript/easyui/themes/default/validatebox.css HTTP/1.1" 404 1104
180.169.147.146 - - [20/Jul/2023:10:52:02 +0800] "GET /xingrg/all/function/internal_message.html?_=1689821522115&CODE_STATE=getMsg HTTP/1.1" 200 27
180.165.154.167 - - [20/Jul/2023:10:52:02 +0800] "POST /xingrg/kc/buy/cgsh_order_operate.html HTTP/1.1" 200 2065
124.78.156.75 - - [20/Jul/2023:10:52:05 +0800] "POST /xingrg/all/common/load_combo.html?type=base HTTP/1.1" 200 3227
116.238.191.126 - - [20/Jul/2023:10:52:05 +0800] "GET /xingrg/all/function/internal_message.html?_=1689821525953&CODE_STATE=getMsg HTTP/1.1" 200 27
222.70.180.90 - - [20/Jul/2023:10:52:05 +0800] "GET /xingrg/all/function/internal_message.html?_=1689821579423&CODE_STATE=getMsg HTTP/1.1" 200 27
222.70.180.90 - - [20/Jul/2023:10:52:08 +0800] "POST /xingrg/kc/buy/cgsh_order_operate.html HTTP/1.1" 200 37
116.238.191.126 - - [20/Jul/2023:10:52:10 +0800] "GET /xingrg/kc/base/wldb_order_operate.html?command=get_materiel&rest_code=00150&base_code=0010449&code=00101016037 HTTP/1.1" 200 448
222.70.180.90 - - [20/Jul/2023:10:52:10 +0800] "POST /xingrg/kc/buy/cgsh_order_operate.html HTTP/1.1" 200 6231
116.232.195.127 - - [20/Jul/2023:10:52:11 +0800] "GET /xingrg/check_reg.html?_=1689821491203 HTTP/1.1" 200 22
116.232.195.127 - - [20/Jul/2023:10:52:11 +0800] "GET /xingrg/all/function/internal_message.html?_=1689821491205&CODE_STATE=getMsg HTTP/1.1" 200 27
180.165.154.167 - - [20/Jul/2023:10:52:11 +0800] "GET /xingrg/kc/buy/cgsh_order_operate.html?command=get_materiel&rest_code=00108&code=00101008077&supplier_code=00100007&order_time=2023-07-20 HTTP/1.1" 200 416
114.83.220.139 - - [20/Jul/2023:10:52:12 +0800] "POST /xingrg/dwr/call/plaincall/AjaxQqpsService.saveOrder.dwr HTTP/1.1" 200 79
114.83.216.185 - - [20/Jul/2023:10:52:14 +0800] "GET /xingrg/kc/base/wldb_order_operate.html?command=get_materiel&rest_code=00149&base_code=0010394&code=00101020397 HTTP/1.1" 200 433
116.238.191.126 - - [20/Jul/2023:10:52:15 +0800] "POST /xingrg/all/common/load_select.html HTTP/1.1" 200 25
222.70.180.90 - - [20/Jul/2023:10:52:15 +0800] "GET /xingrg/kc/print/load_data.html?order_code=212023072007740&kc_code=cgsh&condition= HTTP/1.1" 200 2137
218.81.221.197 - - [20/Jul/2023:10:52:15 +0800] "GET /xingrg/all/function/internal_message.html?_=1689821549609&CODE_STATE=getMsg HTTP/1.1" 200 27
116.238.191.126 - - [20/Jul/2023:10:52:16 +0800] "GET /xingrg/kc/base/wldb_order_operate.html?command=get_materiel_price&rest_code=00150&base_code=0010445&code=00101016037&unit_code=00100098 HTTP/1.1" 200 37
116.238.191.126 - - [20/Jul/2023:10:52:17 +0800] "GET /xingrg/all/function/internal_message.html?_=1689821430782&CODE_STATE=getMsg HTTP/1.1" 200 27
114.85.113.108 - - [20/Jul/2023:10:52:20 +0800] "GET /xingrg/all/function/internal_message.html?_=1689821534740&CODE_STATE=getMsg HTTP/1.1" 200 27
222.70.180.90 - - [20/Jul/2023:10:52:22 +0800] "GET /xingrg/kc/buy/cgsh_order_add.html HTTP/1.1" 200 71576
222.70.180.90 - - [20/Jul/2023:10:52:23 +0800] "POST /xingrg/kc/buy/cgsh_order_operate.html HTTP/1.1" 200 8245
222.70.180.90 - - [20/Jul/2023:10:52:23 +0800] "GET /xingrg/javascript/easyui/themes/default/validatebox.css HTTP/1.1" 404 1104
222.70.114.12 - - [20/Jul/2023:10:52:24 +0800] "GET /xingrg/all/function/internal_message.html?_=1689821552621&CODE_STATE=getMsg HTTP/1.1" 200 27
180.169.147.146 - - [20/Jul/2023:10:52:24 +0800] "GET /xingrg/all/function/internal_message.html?_=1689821541978&CODE_STATE=getMsg HTTP/1.1" 200 27
222.70.180.90 - - [20/Jul/2023:10:52:25 +0800] "GET /xingrg/all/function/internal_message.html?_=1689821542727&CODE_STATE=getMsg HTTP/1.1" 200 27
101.228.187.155 - - [20/Jul/2023:10:52:26 +0800] "GET /xingrg/all/function/internal_message.html?_=1689821546822&CODE_STATE=getMsg HTTP/1.1" 200 27
124.78.156.75 - - [20/Jul/2023:10:52:26 +0800] "GET /xingrg/kc/base/wldb_order_operate.html?command=get_materiel&rest_code=00106&base_code=0010397&code=00102004006 HTTP/1.1" 200 442
101.83.145.37 - - [20/Jul/2023:10:52:29 +0800] "GET /xingrg/all/function/internal_message.html?_=1689821361227&CODE_STATE=getMsg HTTP/1.1" 200 27
180.165.154.167 - - [20/Jul/2023:10:52:34 +0800] "GET /xingrg/kc/buy/cgsh_order_operate.html?command=get_materiel&rest_code=00108&code=00101008148&supplier_code=00100007&order_time=2023-07-20 HTTP/1.1" 200 416
114.83.216.185 - - [20/Jul/2023:10:52:37 +0800] "GET /xingrg/all/function/internal_message.html?_=1689821556293&CODE_STATE=getMsg HTTP/1.1" 200 27
101.83.145.37 - - [20/Jul/2023:10:52:40 +0800] "GET /xingrg/kc/base/wldb_order_operate.html?command=get_materiel&rest_code=00105&base_code=0010507&code=00101019438 HTTP/1.1" 200 462
124.78.156.75 - - [20/Jul/2023:10:52:42 +0800] "GET /xingrg/kc/base/wldb_order_operate.html?command=get_materiel&rest_code=00106&base_code=0010397&code=00102004026 HTTP/1.1" 200 442
116.238.191.126 - - [20/Jul/2023:10:52:43 +0800] "GET /xingrg/check_reg.html?_=1689821456455 HTTP/1.1" 200 22
180.165.154.167 - - [20/Jul/2023:10:52:44 +0800] "GET /xingrg/kc/buy/cgsh_order_operate.html?command=get_materiel&rest_code=00108&code=00101008264&supplier_code=00100007&order_time=2023-07-20 HTTP/1.1" 200 412
114.83.216.185 - - [20/Jul/2023:10:52:45 +0800] "POST /xingrg/kc/base/wldb_order_operate.html HTTP/1.1" 200 37
58.39.105.90 - - [20/Jul/2023:10:52:47 +0800] "GET /xingrg/all/function/internal_message.html?_=1689821567475&CODE_STATE=getMsg HTTP/1.1" 200 27
101.83.145.37 - - [20/Jul/2023:10:52:47 +0800] "GET /xingrg/all/function/internal_message.html?_=1689821567605&CODE_STATE=getMsg HTTP/1.1" 200 27
124.78.156.75 - - [20/Jul/2023:10:52:49 +0800] "GET /xingrg/all/function/internal_message.html?_=1689821570101&CODE_STATE=getMsg HTTP/1.1" 200 27
180.165.154.167 - - [20/Jul/2023:10:52:52 +0800] "GET /xingrg/kc/buy/cgsh_order_operate.html?command=get_materiel&rest_code=00108&code=00101008354&supplier_code=00100007&order_time=2023-07-20 HTTP/1.1" 200 412
114.83.220.139 - - [20/Jul/2023:10:52:52 +0800] "GET /xingrg/all/function/internal_message.html?_=1689821694930&CODE_STATE=getMsg HTTP/1.1" 200 27
114.83.216.185 - - [20/Jul/2023:10:52:53 +0800] "POST /xingrg/kc/base/wldb_order_operate.html HTTP/1.1" 200 12
114.83.216.185 - - [20/Jul/2023:10:52:53 +0800] "POST /xingrg/kc/base/wldb_order_operate.html HTTP/1.1" 200 3679
124.78.70.128 - - [20/Jul/2023:10:52:54 +0800] "GET /xingrg/all/function/internal_message.html?_=1689821046643&CODE_STATE=getMsg HTTP/1.1" 200 27
180.165.154.167 - - [20/Jul/2023:10:52:54 +0800] "POST /xingrg/kc/buy/cgsh_order_operate.html HTTP/1.1" 200 2065
114.83.216.185 - - [20/Jul/2023:10:52:55 +0800] "GET /xingrg/kc/base/wldb_order_info.html?code=422023072001907 HTTP/1.1" 200 26266
116.232.195.127 - - [20/Jul/2023:10:52:55 +0800] "GET /xingrg/all/function/internal_message.html?_=1689821535450&CODE_STATE=getMsg HTTP/1.1" 200 27
114.83.216.185 - - [20/Jul/2023:10:52:55 +0800] "GET /xingrg/javascript/easyui/themes/default/validatebox.css HTTP/1.1" 404 1104
114.83.216.185 - - [20/Jul/2023:10:52:56 +0800] "POST /xingrg/kc/base/wldb_order_operate.html HTTP/1.1" 200 1942
116.232.195.127 - - [20/Jul/2023:10:52:57 +0800] "GET /xingrg/check_reg.html?_=1689821537374 HTTP/1.1" 200 22
180.165.154.167 - - [20/Jul/2023:10:52:57 +0800] "GET /xingrg/all/function/internal_message.html?_=1689821577655&CODE_STATE=getMsg HTTP/1.1" 200 27
180.165.154.167 - - [20/Jul/2023:10:53:00 +0800] "GET /xingrg/kc/buy/cgsh_order_operate.html?command=get_materiel&rest_code=00108&code=00101008318&supplier_code=00100007&order_time=2023-07-20 HTTP/1.1" 200 408
114.83.216.185 - - [20/Jul/2023:10:53:00 +0800] "GET /xingrg/kc/base/wldb_order_add.html HTTP/1.1" 200 30387
114.83.216.185 - - [20/Jul/2023:10:53:01 +0800] "POST /xingrg/kc/base/wldb_order_operate.html HTTP/1.1" 200 6806
114.83.216.185 - - [20/Jul/2023:10:53:01 +0800] "GET /xingrg/javascript/easyui/themes/default/validatebox.css HTTP/1.1" 404 1104
180.169.147.146 - - [20/Jul/2023:10:53:02 +0800] "GET /xingrg/all/function/internal_message.html?_=1689821582107&CODE_STATE=getMsg HTTP/1.1" 200 27
180.169.147.146 - - [20/Jul/2023:10:53:02 +0800] "GET /xingrg/check_reg.html?_=1689821582109 HTTP/1.1" 200 22
114.83.216.185 - - [20/Jul/2023:10:53:02 +0800] "POST /xingrg/all/common/load_combo.html?type=base HTTP/1.1" 200 3409
101.83.145.37 - - [20/Jul/2023:10:53:04 +0800] "GET /xingrg/kc/base/wldb_order_operate.html?command=get_materiel&rest_code=00105&base_code=0010507&code=00101016076 HTTP/1.1" 200 477
116.238.191.126 - - [20/Jul/2023:10:53:05 +0800] "GET /xingrg/all/function/internal_message.html?_=1689821585956&CODE_STATE=getMsg HTTP/1.1" 200 27
222.70.180.90 - - [20/Jul/2023:10:53:05 +0800] "GET /xingrg/all/function/internal_message.html?_=1689821639417&CODE_STATE=getMsg HTTP/1.1" 200 27
180.157.253.91 - - [20/Jul/2023:10:53:07 +0800] "GET /xingrg/check_reg.html?_=1689821585888 HTTP/1.1" 200 22
180.165.154.167 - - [20/Jul/2023:10:53:08 +0800] "GET /xingrg/kc/buy/cgsh_order_operate.html?command=get_materiel&rest_code=00108&code=00101008163&supplier_code=00100007&order_time=2023-07-20 HTTP/1.1" 200 409
218.81.221.197 - - [20/Jul/2023:10:53:11 +0800] "GET /xingrg/check_reg.html?_=1689821604852 HTTP/1.1" 200 22
116.232.195.127 - - [20/Jul/2023:10:53:11 +0800] "GET /xingrg/all/function/internal_message.html?_=1689821551190&CODE_STATE=getMsg HTTP/1.1" 200 27
101.83.145.37 - - [20/Jul/2023:10:53:14 +0800] "GET /xingrg/kc/base/wldb_order_operate.html?command=get_materiel&rest_code=00105&base_code=0010507&code=00101019110 HTTP/1.1" 200 475
218.81.221.197 - - [20/Jul/2023:10:53:15 +0800] "GET /xingrg/all/function/internal_message.html?_=1689821609624&CODE_STATE=getMsg HTTP/1.1" 200 27
114.83.216.185 - - [20/Jul/2023:10:53:16 +0800] "GET /xingrg/kc/base/wldb_order_operate.html?command=get_materiel&rest_code=00149&base_code=0010395&code=00102001008 HTTP/1.1" 200 441
120.253.135.82 - - [20/Jul/2023:10:53:16 +0800] "GET /xingrg/login.html HTTP/1.1" 200 7641
116.238.191.126 - - [20/Jul/2023:10:53:17 +0800] "GET /xingrg/all/function/internal_message.html?_=1689821490815&CODE_STATE=getMsg HTTP/1.1" 200 27
120.253.135.82 - - [20/Jul/2023:10:53:18 +0800] "GET /favicon.ico HTTP/1.1" 404 -
114.85.113.108 - - [20/Jul/2023:10:53:20 +0800] "GET /xingrg/all/function/internal_message.html?_=1689821594740&CODE_STATE=getMsg HTTP/1.1" 200 27
120.253.135.82 - - [20/Jul/2023:10:53:22 +0800] "POST /xingrg/login.do HTTP/1.1" 302 -
120.253.135.82 - - [20/Jul/2023:10:53:22 +0800] "GET /xingrg/index.html?sysBaseUrl=http%3A%2F%2F180.169.147.146%3A18081%2Fxingrg%2F&costTime=2466×tamp=1689821602012 HTTP/1.1" 200 17173
120.253.135.82 - - [20/Jul/2023:10:53:22 +0800] "GET /xingrg/all/function/internal_message.html?_=1689821743790&CODE_STATE=count HTTP/1.1" 200 11
120.253.135.82 - - [20/Jul/2023:10:53:22 +0800] "GET /xingrg/check_reg.html?_=1689821743790 HTTP/1.1" 200 22
116.238.191.126 - - [20/Jul/2023:10:53:22 +0800] "POST /xingrg/kc/base/wldb_order_operate.html HTTP/1.1" 200 37
120.253.135.82 - - [20/Jul/2023:10:53:23 +0800] "POST /xingrg/all/common/load_tree.html?tree=area_rest_tree_json&manage=1 HTTP/1.1" 200 344
120.253.135.82 - - [20/Jul/2023:10:53:23 +0800] "POST /xingrg/load_menu.html HTTP/1.1" 200 6743
222.70.114.12 - - [20/Jul/2023:10:53:24 +0800] "GET /xingrg/all/function/internal_message.html?_=1689821612627&CODE_STATE=getMsg HTTP/1.1" 200 27
114.83.216.185 - - [20/Jul/2023:10:53:24 +0800] "GET /xingrg/kc/base/wldb_order_operate.html?command=get_materiel&rest_code=00149&base_code=0010395&code=00102001051 HTTP/1.1" 200 436
222.70.180.90 - - [20/Jul/2023:10:53:25 +0800] "GET /xingrg/all/function/internal_message.html?_=1689821602649&CODE_STATE=getMsg HTTP/1.1" 200 27
101.228.187.155 - - [20/Jul/2023:10:53:26 +0800] "GET /xingrg/all/function/internal_message.html?_=1689821606823&CODE_STATE=getMsg HTTP/1.1" 200 27
120.253.135.82 - - [20/Jul/2023:10:53:28 +0800] "GET /xingrg/kc/pszx/mdps_order_list.html?orderType=0 HTTP/1.1" 200 21032
120.253.135.82 - - [20/Jul/2023:10:53:29 +0800] "POST /xingrg/kc/pszx/mdps_list_operate.html HTTP/1.1" 200 5232
101.83.145.37 - - [20/Jul/2023:10:53:29 +0800] "GET /xingrg/all/function/internal_message.html?_=1689821421219&CODE_STATE=getMsg HTTP/1.1" 200 27
116.238.191.126 - - [20/Jul/2023:10:53:31 +0800] "POST /xingrg/kc/base/wldb_order_operate.html HTTP/1.1" 200 12
116.238.191.126 - - [20/Jul/2023:10:53:31 +0800] "POST /xingrg/kc/base/wldb_order_operate.html HTTP/1.1" 200 2196
124.78.156.75 - - [20/Jul/2023:10:53:32 +0800] "GET /xingrg/kc/base/wldb_order_operate.html?command=get_materiel&rest_code=00106&base_code=0010397&code=00102003077 HTTP/1.1" 200 431
116.238.191.126 - - [20/Jul/2023:10:53:32 +0800] "GET /xingrg/kc/base/wldb_order_info.html?code=422023072001908 HTTP/1.1" 200 26266
116.238.191.126 - - [20/Jul/2023:10:53:33 +0800] "GET /xingrg/javascript/easyui/themes/default/validatebox.css HTTP/1.1" 404 1104
116.238.191.126 - - [20/Jul/2023:10:53:33 +0800] "POST /xingrg/kc/base/wldb_order_operate.html HTTP/1.1" 200 490
101.83.145.37 - - [20/Jul/2023:10:53:35 +0800] "GET /xingrg/kc/base/wldb_order_operate.html?command=get_materiel&rest_code=00105&base_code=0010507&code=00101019258 HTTP/1.1" 200 483
114.83.216.185 - - [20/Jul/2023:10:53:40 +0800] "POST /xingrg/kc/base/wldb_order_operate.html HTTP/1.1" 200 37
120.253.135.82 - - [20/Jul/2023:10:53:41 +0800] "POST /xingrg/kc/pszx/mdps_list_operate.html HTTP/1.1" 200 2663
114.83.216.185 - - [20/Jul/2023:10:53:41 +0800] "POST /xingrg/kc/base/wldb_order_operate.html HTTP/1.1" 200 2658
120.253.135.82 - - [20/Jul/2023:10:53:44 +0800] "POST /xingrg/kc/pszx/mdps_list_operate.html HTTP/1.1" 200 5414
116.238.191.126 - - [20/Jul/2023:10:53:44 +0800] "GET /xingrg/kc/base/wldb_order_add.html HTTP/1.1" 200 30387
116.238.191.126 - - [20/Jul/2023:10:53:44 +0800] "POST /xingrg/kc/base/wldb_order_operate.html HTTP/1.1" 200 6806
116.238.191.126 - - [20/Jul/2023:10:53:44 +0800] "GET /xingrg/javascript/easyui/themes/default/validatebox.css HTTP/1.1" 404 1104
58.39.105.90 - - [20/Jul/2023:10:53:47 +0800] "GET /xingrg/all/function/internal_message.html?_=1689821627446&CODE_STATE=getMsg HTTP/1.1" 200 27
101.83.145.37 - - [20/Jul/2023:10:53:47 +0800] "GET /xingrg/all/function/internal_message.html?_=1689821627572&CODE_STATE=getMsg HTTP/1.1" 200 27
124.78.156.75 - - [20/Jul/2023:10:53:49 +0800] "GET /xingrg/all/function/internal_message.html?_=1689821630086&CODE_STATE=getMsg HTTP/1.1" 200 27
114.83.216.185 - - [20/Jul/2023:10:53:49 +0800] "POST /xingrg/kc/base/wldb_order_operate.html HTTP/1.1" 200 12
120.253.135.82 - - [20/Jul/2023:10:53:50 +0800] "POST /xingrg/kc/pszx/mdps_list_operate.html HTTP/1.1" 200 636
120.253.135.82 - - [20/Jul/2023:10:53:51 +0800] "GET /xingrg/kc/pszx/mdps_order_info.html?code=312023072000430 HTTP/1.1" 200 23978
120.253.135.82 - - [20/Jul/2023:10:53:51 +0800] "GET /xingrg/words/20230719174256_words.js HTTP/1.1" 200 973265
120.253.135.82 - - [20/Jul/2023:10:53:51 +0800] "GET /xingrg/javascript/easyui/themes/default/validatebox.css HTTP/1.1" 404 1104
120.253.135.82 - - [20/Jul/2023:10:53:51 +0800] "GET /xingrg/all/common/auto_word.html?type=base&rest_code=00101 HTTP/1.1" 200 671
120.253.135.82 - - [20/Jul/2023:10:53:52 +0800] "POST /xingrg/kc/pszx/mdps_order_operate.html HTTP/1.1" 200 10970
114.83.220.139 - - [20/Jul/2023:10:53:52 +0800] "GET /xingrg/all/function/internal_message.html?_=1689821754945&CODE_STATE=getMsg HTTP/1.1" 200 27
114.83.216.185 - - [20/Jul/2023:10:53:53 +0800] "GET /xingrg/kc/base/wldb_order_info.html?code=422023072001909 HTTP/1.1" 200 26266
114.83.216.185 - - [20/Jul/2023:10:53:53 +0800] "GET /xingrg/javascript/easyui/themes/default/validatebox.css HTTP/1.1" 404 1104
114.83.216.185 - - [20/Jul/2023:10:53:53 +0800] "POST /xingrg/kc/base/wldb_order_operate.html HTTP/1.1" 200 941
124.78.70.128 - - [20/Jul/2023:10:53:54 +0800] "GET /xingrg/all/function/internal_message.html?_=1689821106644&CODE_STATE=getMsg HTTP/1.1" 200 27
116.232.195.127 - - [20/Jul/2023:10:53:55 +0800] "GET /xingrg/all/function/internal_message.html?_=1689821595436&CODE_STATE=getMsg HTTP/1.1" 200 27
180.165.154.167 - - [20/Jul/2023:10:53:57 +0800] "GET /xingrg/all/function/internal_message.html?_=1689821637624&CODE_STATE=getMsg HTTP/1.1" 200 27
180.169.147.146 - - [20/Jul/2023:10:54:02 +0800] "GET /xingrg/all/function/internal_message.html?_=1689821642122&CODE_STATE=getMsg HTTP/1.1" 200 27
222.70.180.90 - - [20/Jul/2023:10:54:02 +0800] "GET /xingrg/kc/buy/cgsh_order_operate.html?command=get_materiel&rest_code=00111&code=00102013003&supplier_code=00100075&order_time=2023-07-20 HTTP/1.1" 200 409
116.238.191.126 - - [20/Jul/2023:10:54:05 +0800] "GET /xingrg/all/function/internal_message.html?_=1689821646042&CODE_STATE=getMsg HTTP/1.1" 200 27
116.238.191.126 - - [20/Jul/2023:10:54:05 +0800] "GET /xingrg/kc/base/wldb_order_operate.html?command=get_materiel&rest_code=00150&base_code=0010445&code=00101016029 HTTP/1.1" 200 460
222.70.180.90 - - [20/Jul/2023:10:54:05 +0800] "GET /xingrg/all/function/internal_message.html?_=1689821699427&CODE_STATE=getMsg HTTP/1.1" 200 27
120.253.135.82 - - [20/Jul/2023:10:54:10 +0800] "POST /xingrg/kc/pszx/mdps_list_operate.html HTTP/1.1" 200 5232
116.232.195.127 - - [20/Jul/2023:10:54:11 +0800] "GET /xingrg/all/function/internal_message.html?_=1689821611202&CODE_STATE=getMsg HTTP/1.1" 200 27
180.152.241.196 - - [20/Jul/2023:10:54:11 +0800] "GET /xingrg/kc/buy/cgsh_order_list.html HTTP/1.1" 200 55838
120.253.135.82 - - [20/Jul/2023:10:54:12 +0800] "POST /xingrg/kc/pszx/mdps_list_operate.html HTTP/1.1" 200 293
116.238.191.126 - - [20/Jul/2023:10:54:13 +0800] "GET /xingrg/kc/base/wldb_order_operate.html?command=get_materiel&rest_code=00150&base_code=0010445&code=00101019175 HTTP/1.1" 200 439
222.70.180.90 - - [20/Jul/2023:10:54:14 +0800] "POST /xingrg/kc/buy/cgsh_order_operate.html HTTP/1.1" 200 37
218.81.221.197 - - [20/Jul/2023:10:54:15 +0800] "GET /xingrg/all/function/internal_message.html?_=1689821669637&CODE_STATE=getMsg HTTP/1.1" 200 27
180.152.241.196 - - [20/Jul/2023:10:54:16 +0800] "POST /xingrg/kc/buy/cgsh_list_operate.html HTTP/1.1" 200 986
222.70.180.90 - - [20/Jul/2023:10:54:17 +0800] "GET /xingrg/check_reg.html?_=1689821710426 HTTP/1.1" 200 22
116.238.191.126 - - [20/Jul/2023:10:54:17 +0800] "GET /xingrg/all/function/internal_message.html?_=1689821550827&CODE_STATE=getMsg HTTP/1.1" 200 27
180.152.241.196 - - [20/Jul/2023:10:54:17 +0800] "GET /xingrg/check_reg.html?_=1689821658176 HTTP/1.1" 200 22
120.253.135.82 - - [20/Jul/2023:10:54:19 +0800] "POST /xingrg/kc/pszx/mdps_list_operate.html HTTP/1.1" 200 280
116.238.191.126 - - [20/Jul/2023:10:54:20 +0800] "GET /xingrg/kc/base/wldb_order_operate.html?command=get_materiel&rest_code=00150&base_code=0010445&code=00101019185 HTTP/1.1" 200 469
114.85.113.108 - - [20/Jul/2023:10:54:20 +0800] "GET /xingrg/all/function/internal_message.html?_=1689821654764&CODE_STATE=getMsg HTTP/1.1" 200 27
180.152.241.196 - - [20/Jul/2023:10:54:20 +0800] "GET /xingrg/kc/buy/cgsh_order_add.html HTTP/1.1" 200 71655
180.152.241.196 - - [20/Jul/2023:10:54:20 +0800] "POST /xingrg/kc/buy/cgsh_order_operate.html HTTP/1.1" 200 8245
180.152.241.196 - - [20/Jul/2023:10:54:20 +0800] "GET /xingrg/javascript/easyui/themes/default/validatebox.css HTTP/1.1" 404 1104
120.253.135.82 - - [20/Jul/2023:10:54:22 +0800] "GET /xingrg/all/function/internal_message.html?_=1689821803799&CODE_STATE=getMsg HTTP/1.1" 200 27
120.253.135.82 - - [20/Jul/2023:10:54:23 +0800] "POST /xingrg/kc/pszx/mdps_list_operate.html HTTP/1.1" 200 631
120.253.135.82 - - [20/Jul/2023:10:54:24 +0800] "GET /xingrg/kc/pszx/mdps_order_info.html?code=312023072000427 HTTP/1.1" 200 23978
120.253.135.82 - - [20/Jul/2023:10:54:24 +0800] "GET /xingrg/javascript/easyui/themes/default/validatebox.css HTTP/1.1" 404 1104
222.70.114.12 - - [20/Jul/2023:10:54:24 +0800] "GET /xingrg/all/function/internal_message.html?_=1689821672634&CODE_STATE=getMsg HTTP/1.1" 200 27
222.70.180.90 - - [20/Jul/2023:10:54:24 +0800] "POST /xingrg/kc/buy/cgsh_order_operate.html HTTP/1.1" 200 2652
120.253.135.82 - - [20/Jul/2023:10:54:24 +0800] "GET /xingrg/all/common/auto_word.html?type=base&rest_code=00101 HTTP/1.1" 200 671
120.253.135.82 - - [20/Jul/2023:10:54:25 +0800] "POST /xingrg/kc/pszx/mdps_order_operate.html HTTP/1.1" 200 18259
222.70.180.90 - - [20/Jul/2023:10:54:25 +0800] "GET /xingrg/all/function/internal_message.html?_=1689821662666&CODE_STATE=getMsg HTTP/1.1" 200 27
116.238.191.126 - - [20/Jul/2023:10:54:25 +0800] "GET /xingrg/kc/base/wldb_order_operate.html?command=get_materiel&rest_code=00150&base_code=0010445&code=00101027001 HTTP/1.1" 200 471
101.228.187.155 - - [20/Jul/2023:10:54:26 +0800] "GET /xingrg/check_reg.html?_=1689821666822 HTTP/1.1" 200 22
101.228.187.155 - - [20/Jul/2023:10:54:26 +0800] "GET /xingrg/all/function/internal_message.html?_=1689821666824&CODE_STATE=getMsg HTTP/1.1" 200 27
222.70.180.90 - - [20/Jul/2023:10:54:27 +0800] "GET /xingrg/kc/print/load_data.html?order_code=212023072007741&kc_code=cgsh&condition= HTTP/1.1" 200 673
101.83.145.37 - - [20/Jul/2023:10:54:29 +0800] "GET /xingrg/all/function/internal_message.html?_=1689821481215&CODE_STATE=getMsg HTTP/1.1" 200 27
116.238.191.126 - - [20/Jul/2023:10:54:33 +0800] "GET /xingrg/kc/base/wldb_order_operate.html?command=get_materiel&rest_code=00150&base_code=0010445&code=00101013102 HTTP/1.1" 200 434
180.152.241.196 - - [20/Jul/2023:10:54:37 +0800] "GET /xingrg/javascript/easyui/themes/default/tree.css HTTP/1.1" 404 1090
114.83.216.185 - - [20/Jul/2023:10:54:37 +0800] "GET /xingrg/all/function/internal_message.html?_=1689821676295&CODE_STATE=getMsg HTTP/1.1" 200 27
180.152.241.196 - - [20/Jul/2023:10:54:37 +0800] "POST /xingrg/all/common/load_tree.html?tree=supplier_tree_json&isDelete=1 HTTP/1.1" 200 74546
116.238.191.126 - - [20/Jul/2023:10:54:38 +0800] "GET /xingrg/kc/base/wldb_order_operate.html?command=get_materiel&rest_code=00150&base_code=0010445&code=00101019637 HTTP/1.1" 200 449
120.253.135.82 - - [20/Jul/2023:10:54:39 +0800] "POST /xingrg/kc/pszx/mdps_list_operate.html HTTP/1.1" 200 5232
120.253.135.82 - - [20/Jul/2023:10:54:44 +0800] "POST /xingrg/kc/pszx/mdps_list_operate.html HTTP/1.1" 200 593
120.253.135.82 - - [20/Jul/2023:10:54:45 +0800] "GET /xingrg/kc/pszx/mdps_order_info.html?code=312023072000426 HTTP/1.1" 200 23978
120.253.135.82 - - [20/Jul/2023:10:54:45 +0800] "GET /xingrg/javascript/easyui/themes/default/validatebox.css HTTP/1.1" 404 1104
120.253.135.82 - - [20/Jul/2023:10:54:45 +0800] "GET /xingrg/all/common/auto_word.html?type=base&rest_code=00101 HTTP/1.1" 200 671
120.253.135.82 - - [20/Jul/2023:10:54:46 +0800] "POST /xingrg/kc/pszx/mdps_order_operate.html HTTP/1.1" 200 5792
58.39.105.90 - - [20/Jul/2023:10:54:47 +0800] "GET /xingrg/all/function/internal_message.html?_=1689821687418&CODE_STATE=getMsg HTTP/1.1" 200 27
101.83.145.37 - - [20/Jul/2023:10:54:47 +0800] "GET /xingrg/all/function/internal_message.html?_=1689821687554&CODE_STATE=getMsg HTTP/1.1" 200 27
124.78.156.75 - - [20/Jul/2023:10:54:47 +0800] "GET /xingrg/check_reg.html?_=1689821688524 HTTP/1.1" 200 22
116.238.191.126 - - [20/Jul/2023:10:54:49 +0800] "POST /xingrg/kc/base/wldb_order_operate.html HTTP/1.1" 200 37
101.83.145.37 - - [20/Jul/2023:10:54:49 +0800] "GET /xingrg/check_reg.html?_=1689821689099 HTTP/1.1" 200 22
124.78.156.75 - - [20/Jul/2023:10:54:49 +0800] "GET /xingrg/all/function/internal_message.html?_=1689821690071&CODE_STATE=getMsg HTTP/1.1" 200 27
116.238.191.126 - - [20/Jul/2023:10:54:49 +0800] "POST /xingrg/kc/base/wldb_order_operate.html HTTP/1.1" 200 4644
114.83.220.139 - - [20/Jul/2023:10:54:52 +0800] "GET /xingrg/all/function/internal_message.html?_=1689821814945&CODE_STATE=getMsg HTTP/1.1" 200 27
180.165.154.167 - - [20/Jul/2023:10:54:53 +0800] "GET /xingrg/kc/buy/cgsh_order_operate.html?command=get_materiel&rest_code=00108&code=00101023033&supplier_code=00100007&order_time=2023-07-20 HTTP/1.1" 200 410
124.78.70.128 - - [20/Jul/2023:10:54:54 +0800] "GET /xingrg/all/function/internal_message.html?_=1689821166632&CODE_STATE=getMsg HTTP/1.1" 200 27
116.232.195.127 - - [20/Jul/2023:10:54:55 +0800] "GET /xingrg/all/function/internal_message.html?_=1689821655409&CODE_STATE=getMsg HTTP/1.1" 200 27
120.253.135.82 - - [20/Jul/2023:10:54:57 +0800] "POST /xingrg/kc/pszx/mdps_list_operate.html HTTP/1.1" 200 5232
180.165.154.167 - - [20/Jul/2023:10:54:57 +0800] "GET /xingrg/all/function/internal_message.html?_=1689821697605&CODE_STATE=getMsg HTTP/1.1" 200 27
180.165.154.167 - - [20/Jul/2023:10:54:58 +0800] "GET /xingrg/check_reg.html?_=1689821697995 HTTP/1.1" 200 22
114.83.220.139 - - [20/Jul/2023:10:54:59 +0800] "POST /xingrg/dwr/call/plaincall/AjaxQqpsService.getMaterielByCode.dwr HTTP/1.1" 200 1683
116.238.191.126 - - [20/Jul/2023:10:54:59 +0800] "POST /xingrg/kc/base/wldb_order_operate.html HTTP/1.1" 200 12
180.169.147.146 - - [20/Jul/2023:10:55:02 +0800] "GET /xingrg/all/function/internal_message.html?_=1689821702114&CODE_STATE=getMsg HTTP/1.1" 200 27
116.238.191.126 - - [20/Jul/2023:10:55:03 +0800] "GET /xingrg/kc/base/wldb_order_info.html?code=422023072001910 HTTP/1.1" 200 26266
116.238.191.126 - - [20/Jul/2023:10:55:03 +0800] "GET /xingrg/javascript/easyui/themes/default/validatebox.css HTTP/1.1" 404 1104
116.238.191.126 - - [20/Jul/2023:10:55:04 +0800] "POST /xingrg/kc/base/wldb_order_operate.html HTTP/1.1" 200 2883
180.165.154.167 - - [20/Jul/2023:10:55:04 +0800] "GET /xingrg/kc/buy/cgsh_order_operate.html?command=get_materiel&rest_code=00108&code=00101008004&supplier_code=00100007&order_time=2023-07-20 HTTP/1.1" 200 416
222.70.180.90 - - [20/Jul/2023:10:55:05 +0800] "GET /xingrg/all/function/internal_message.html?_=1689821759422&CODE_STATE=getMsg HTTP/1.1" 200 27
116.238.191.126 - - [20/Jul/2023:10:55:06 +0800] "GET /xingrg/kc/base/wldb_order_add.html HTTP/1.1" 200 30387
116.238.191.126 - - [20/Jul/2023:10:55:06 +0800] "POST /xingrg/kc/base/wldb_order_operate.html HTTP/1.1" 200 6806
116.238.191.126 - - [20/Jul/2023:10:55:07 +0800] "GET /xingrg/javascript/easyui/themes/default/validatebox.css HTTP/1.1" 404 1104
116.232.195.127 - - [20/Jul/2023:10:55:11 +0800] "GET /xingrg/all/function/internal_message.html?_=1689821671188&CODE_STATE=getMsg HTTP/1.1" 200 27
116.238.191.126 - - [20/Jul/2023:10:55:15 +0800] "GET /xingrg/kc/base/wldb_order_operate.html?command=get_materiel&rest_code=00150&base_code=0010445&code=00101019258 HTTP/1.1" 200 483
218.81.221.197 - - [20/Jul/2023:10:55:16 +0800] "GET /xingrg/all/function/internal_message.html?_=1689821730025&CODE_STATE=getMsg HTTP/1.1" 200 27
114.83.220.139 - - [20/Jul/2023:10:55:16 +0800] "POST /xingrg/dwr/call/plaincall/AjaxQqpsService.saveMaterielItem.dwr HTTP/1.1" 200 79
180.165.154.167 - - [20/Jul/2023:10:55:16 +0800] "GET /xingrg/kc/buy/cgsh_order_operate.html?command=get_materiel&rest_code=00108&code=00101008286&supplier_code=00100007&order_time=2023-07-20 HTTP/1.1" 200 408
116.238.191.126 - - [20/Jul/2023:10:55:17 +0800] "GET /xingrg/all/function/internal_message.html?_=1689821610853&CODE_STATE=getMsg HTTP/1.1" 200 27
180.165.154.167 - - [20/Jul/2023:10:55:18 +0800] "POST /xingrg/kc/buy/cgsh_order_operate.html HTTP/1.1" 200 2065
114.85.113.108 - - [20/Jul/2023:10:55:20 +0800] "GET /xingrg/check_reg.html?_=1689821714739 HTTP/1.1" 200 22
114.85.113.108 - - [20/Jul/2023:10:55:20 +0800] "GET /xingrg/all/function/internal_message.html?_=1689821714743&CODE_STATE=getMsg HTTP/1.1" 200 27
120.253.135.82 - - [20/Jul/2023:10:55:22 +0800] "GET /xingrg/all/function/internal_message.html?_=1689821863806&CODE_STATE=getMsg HTTP/1.1" 200 27
222.70.114.12 - - [20/Jul/2023:10:55:24 +0800] "GET /xingrg/all/function/internal_message.html?_=1689821732625&CODE_STATE=getMsg HTTP/1.1" 200 27
222.70.114.12 - - [20/Jul/2023:10:55:24 +0800] "GET /xingrg/check_reg.html?_=1689821732633 HTTP/1.1" 200 22
222.70.180.90 - - [20/Jul/2023:10:55:25 +0800] "GET /xingrg/all/function/internal_message.html?_=1689821722654&CODE_STATE=getMsg HTTP/1.1" 200 27
116.238.191.126 - - [20/Jul/2023:10:55:25 +0800] "GET /xingrg/kc/base/wldb_order_operate.html?command=get_materiel&rest_code=00150&base_code=0010445&code=00101019164 HTTP/1.1" 200 465
180.152.241.196 - - [20/Jul/2023:10:55:25 +0800] "GET /xingrg/kc/buy/cgsh_order_operate.html?command=get_materiel&rest_code=00102&code=00101009124&supplier_code=00100022&order_time=2023-07-20 HTTP/1.1" 200 416
180.165.154.167 - - [20/Jul/2023:10:55:26 +0800] "GET /xingrg/kc/buy/cgsh_order_operate.html?command=get_materiel&rest_code=00108&code=00101008185&supplier_code=00100007&order_time=2023-07-20 HTTP/1.1" 200 408
101.228.187.155 - - [20/Jul/2023:10:55:26 +0800] "GET /xingrg/all/function/internal_message.html?_=1689821726826&CODE_STATE=getMsg HTTP/1.1" 200 27
101.83.145.37 - - [20/Jul/2023:10:55:29 +0800] "GET /xingrg/all/function/internal_message.html?_=1689821541217&CODE_STATE=getMsg HTTP/1.1" 200 27
101.83.145.37 - - [20/Jul/2023:10:55:29 +0800] "GET /xingrg/check_reg.html?_=1689821541221 HTTP/1.1" 200 22
114.83.220.139 - - [20/Jul/2023:10:55:29 +0800] "POST /xingrg/dwr/call/plaincall/AjaxQqpsService.getMaterielByCode.dwr HTTP/1.1" 200 1722
116.238.191.126 - - [20/Jul/2023:10:55:32 +0800] "GET /xingrg/kc/base/wldb_order_operate.html?command=get_materiel&rest_code=00150&base_code=0010445&code=00101019450 HTTP/1.1" 200 482
114.83.220.139 - - [20/Jul/2023:10:55:32 +0800] "POST /xingrg/dwr/call/plaincall/AjaxQqpsService.saveMaterielItem.dwr HTTP/1.1" 200 79
180.152.241.196 - - [20/Jul/2023:10:55:36 +0800] "GET /xingrg/kc/buy/cgsh_order_operate.html?command=get_materiel&rest_code=00102&code=00101009011&supplier_code=00100022&order_time=2023-07-20 HTTP/1.1" 200 416
114.83.216.185 - - [20/Jul/2023:10:55:37 +0800] "GET /xingrg/all/function/internal_message.html?_=1689821736274&CODE_STATE=getMsg HTTP/1.1" 200 27
114.83.216.185 - - [20/Jul/2023:10:55:37 +0800] "GET /xingrg/check_reg.html?_=1689821736327 HTTP/1.1" 200 22
180.165.154.167 - - [20/Jul/2023:10:55:37 +0800] "GET /xingrg/kc/buy/cgsh_order_operate.html?command=get_materiel&rest_code=00108&code=00101008028&supplier_code=00100007&order_time=2023-07-20 HTTP/1.1" 200 412
116.238.191.126 - - [20/Jul/2023:10:55:40 +0800] "GET /xingrg/kc/base/wldb_order_operate.html?command=get_materiel&rest_code=00150&base_code=0010445&code=00101016094 HTTP/1.1" 200 469
116.238.191.126 - - [20/Jul/2023:10:55:41 +0800] "POST /xingrg/all/common/load_select.html HTTP/1.1" 200 25
116.238.191.126 - - [20/Jul/2023:10:55:42 +0800] "GET /xingrg/kc/base/wldb_order_operate.html?command=get_materiel_price&rest_code=00150&base_code=0010445&code=00101016094&unit_code=00100161 HTTP/1.1" 200 37
58.39.105.90 - - [20/Jul/2023:10:55:47 +0800] "GET /xingrg/all/function/internal_message.html?_=1689821747404&CODE_STATE=getMsg HTTP/1.1" 200 27
101.83.145.37 - - [20/Jul/2023:10:55:47 +0800] "GET /xingrg/all/function/internal_message.html?_=1689821747557&CODE_STATE=getMsg HTTP/1.1" 200 27
58.39.105.90 - - [20/Jul/2023:10:55:47 +0800] "GET /xingrg/check_reg.html?_=1689821747866 HTTP/1.1" 200 22
124.78.156.75 - - [20/Jul/2023:10:55:49 +0800] "GET /xingrg/all/function/internal_message.html?_=1689821750043&CODE_STATE=getMsg HTTP/1.1" 200 27
180.165.154.167 - - [20/Jul/2023:10:55:49 +0800] "GET /xingrg/kc/buy/cgsh_order_operate.html?command=get_materiel&rest_code=00108&code=00101008038&supplier_code=00100007&order_time=2023-07-20 HTTP/1.1" 200 412
124.78.156.75 - - [20/Jul/2023:10:55:50 +0800] "GET /xingrg/kc/base/wldb_order_operate.html?command=get_materiel&rest_code=00106&base_code=0010397&code=00102002128 HTTP/1.1" 200 434
114.83.220.139 - - [20/Jul/2023:10:55:52 +0800] "GET /xingrg/all/function/internal_message.html?_=1689821874937&CODE_STATE=getMsg HTTP/1.1" 200 27
124.78.70.128 - - [20/Jul/2023:10:55:54 +0800] "GET /xingrg/all/function/internal_message.html?_=1689821226642&CODE_STATE=getMsg HTTP/1.1" 200 27
116.232.195.127 - - [20/Jul/2023:10:55:55 +0800] "GET /xingrg/all/function/internal_message.html?_=1689821715388&CODE_STATE=getMsg HTTP/1.1" 200 27
116.238.191.126 - - [20/Jul/2023:10:55:56 +0800] "GET /xingrg/kc/base/wldb_order_operate.html?command=get_materiel&rest_code=00150&base_code=0010445&code=00101019503 HTTP/1.1" 200 467
222.70.114.12 - - [20/Jul/2023:10:55:57 +0800] "GET /xingrg/logout.do HTTP/1.1" 302 -
222.70.114.12 - - [20/Jul/2023:10:55:57 +0800] "GET /xingrg/login.html?sysBaseUrl=http%3A%2F%2F180.169.147.146%3A18081%2Fxingrg%2F&costTime=51×tamp=1689821757872 HTTP/1.1" 200 7641
180.165.154.167 - - [20/Jul/2023:10:55:57 +0800] "GET /xingrg/all/function/internal_message.html?_=1689821757587&CODE_STATE=getMsg HTTP/1.1" 200 27
222.70.114.12 - - [20/Jul/2023:10:55:58 +0800] "GET /favicon.ico HTTP/1.1" 404 -
180.169.147.146 - - [20/Jul/2023:10:56:02 +0800] "GET /xingrg/all/function/internal_message.html?_=1689821762112&CODE_STATE=getMsg HTTP/1.1" 200 27
222.70.114.12 - - [20/Jul/2023:10:56:03 +0800] "POST /xingrg/login.do HTTP/1.1" 302 -
222.70.114.12 - - [20/Jul/2023:10:56:03 +0800] "GET /xingrg/index.html?sysBaseUrl=http%3A%2F%2F180.169.147.146%3A18081%2Fxingrg%2F&costTime=1354×tamp=1689821763484 HTTP/1.1" 200 17179
222.70.114.12 - - [20/Jul/2023:10:56:03 +0800] "GET /favicon.ico HTTP/1.1" 404 -
222.70.114.12 - - [20/Jul/2023:10:56:03 +0800] "GET /xingrg/all/function/internal_message.html?_=1689821772001&CODE_STATE=count HTTP/1.1" 200 11
222.70.114.12 - - [20/Jul/2023:10:56:03 +0800] "GET /xingrg/check_reg.html?_=1689821772002 HTTP/1.1" 200 22
116.238.191.126 - - [20/Jul/2023:10:56:04 +0800] "GET /xingrg/kc/base/wldb_order_operate.html?command=get_materiel&rest_code=00150&base_code=0010445&code=00101019063 HTTP/1.1" 200 461
222.70.114.12 - - [20/Jul/2023:10:56:04 +0800] "POST /xingrg/load_menu.html HTTP/1.1" 200 5138
222.70.114.12 - - [20/Jul/2023:10:56:04 +0800] "POST /xingrg/all/common/load_tree.html?tree=area_rest_tree_json&manage=1 HTTP/1.1" 200 351
222.70.114.12 - - [20/Jul/2023:10:56:05 +0800] "GET /xingrg/kc/mdqp/qp_main.html HTTP/1.1" 200 10633
180.165.154.167 - - [20/Jul/2023:10:56:05 +0800] "GET /xingrg/kc/buy/cgsh_order_operate.html?command=get_materiel&rest_code=00108&code=00101008182&supplier_code=00100007&order_time=2023-07-20 HTTP/1.1" 200 412
116.238.191.126 - - [20/Jul/2023:10:56:05 +0800] "GET /xingrg/all/function/internal_message.html?_=1689821766035&CODE_STATE=getMsg HTTP/1.1" 200 27
116.238.191.126 - - [20/Jul/2023:10:56:05 +0800] "GET /xingrg/check_reg.html?_=1689821766038 HTTP/1.1" 200 22
222.70.180.90 - - [20/Jul/2023:10:56:05 +0800] "GET /xingrg/all/function/internal_message.html?_=1689821819414&CODE_STATE=getMsg HTTP/1.1" 200 27
222.70.114.12 - - [20/Jul/2023:10:56:07 +0800] "GET /xingrg/images/yd/bt.gif HTTP/1.1" 404 1040
222.70.114.12 - - [20/Jul/2023:10:56:07 +0800] "GET /xingrg/kc/mdqp/qqps_order_list.html HTTP/1.1" 200 9222
222.70.114.12 - - [20/Jul/2023:10:56:07 +0800] "GET /xingrg/dwr/interface/AjaxQqpsService.js HTTP/1.1" 200 16326
222.70.114.12 - - [20/Jul/2023:10:56:07 +0800] "GET /xingrg/dwr/interface/AjaxReportQueryService.js HTTP/1.1" 200 13203
222.70.114.12 - - [20/Jul/2023:10:56:07 +0800] "GET /xingrg/dwr/engine.js HTTP/1.1" 200 43631
180.165.154.167 - - [20/Jul/2023:10:56:08 +0800] "POST /xingrg/kc/buy/cgsh_order_operate.html HTTP/1.1" 200 2065
222.70.114.12 - - [20/Jul/2023:10:56:11 +0800] "GET /xingrg/kc/mdqp/qqps_order_add.html HTTP/1.1" 200 28229
222.70.114.12 - - [20/Jul/2023:10:56:11 +0800] "GET /xingrg/dwr/interface/AjaxComOrderService.js HTTP/1.1" 200 18264
222.70.114.12 - - [20/Jul/2023:10:56:11 +0800] "GET /xingrg/dwr/interface/AjaxQqpsService.js HTTP/1.1" 200 16326
222.70.114.12 - - [20/Jul/2023:10:56:11 +0800] "GET /xingrg/dwr/engine.js HTTP/1.1" 200 43631
116.232.195.127 - - [20/Jul/2023:10:56:11 +0800] "GET /xingrg/all/function/internal_message.html?_=1689821731206&CODE_STATE=getMsg HTTP/1.1" 200 27
222.70.114.12 - - [20/Jul/2023:10:56:11 +0800] "GET /xingrg/words/20230719174256_words.js HTTP/1.1" 200 973265
114.83.220.139 - - [20/Jul/2023:10:56:13 +0800] "POST /xingrg/dwr/call/plaincall/AjaxQqpsService.getMaterielByCode.dwr HTTP/1.1" 200 1672
180.165.154.167 - - [20/Jul/2023:10:56:15 +0800] "GET /xingrg/kc/buy/cgsh_order_operate.html?command=get_materiel&rest_code=00108&code=00101008694&supplier_code=00100007&order_time=2023-07-20 HTTP/1.1" 200 420
222.70.114.12 - - [20/Jul/2023:10:56:15 +0800] "GET /xingrg/javascript/auto/indicator.gif HTTP/1.1" 404 1066
218.81.221.197 - - [20/Jul/2023:10:56:16 +0800] "GET /xingrg/all/function/internal_message.html?_=1689821790039&CODE_STATE=getMsg HTTP/1.1" 200 27
116.238.191.126 - - [20/Jul/2023:10:56:17 +0800] "GET /xingrg/all/function/internal_message.html?_=1689821670870&CODE_STATE=getMsg HTTP/1.1" 200 27
114.85.113.108 - - [20/Jul/2023:10:56:20 +0800] "GET /xingrg/all/function/internal_message.html?_=1689821774741&CODE_STATE=getMsg HTTP/1.1" 200 27
116.238.191.126 - - [20/Jul/2023:10:56:21 +0800] "POST /xingrg/kc/base/wldb_order_operate.html HTTP/1.1" 200 37
222.70.114.12 - - [20/Jul/2023:10:56:21 +0800] "POST /xingrg/dwr/call/plaincall/AjaxQqpsService.saveOrder.dwr HTTP/1.1" 200 78
120.253.135.82 - - [20/Jul/2023:10:56:22 +0800] "GET /xingrg/all/function/internal_message.html?_=1689821923807&CODE_STATE=getMsg HTTP/1.1" 200 27
116.238.191.126 - - [20/Jul/2023:10:56:23 +0800] "POST /xingrg/kc/base/wldb_order_operate.html HTTP/1.1" 200 5235
222.70.180.90 - - [20/Jul/2023:10:56:25 +0800] "GET /xingrg/all/function/internal_message.html?_=1689821782654&CODE_STATE=getMsg HTTP/1.1" 200 27
222.70.180.90 - - [20/Jul/2023:10:56:25 +0800] "GET /xingrg/check_reg.html?_=1689821782657 HTTP/1.1" 200 22
222.70.114.12 - - [20/Jul/2023:10:56:25 +0800] "POST /xingrg/dwr/call/plaincall/AjaxQqpsService.getMaterielByCode.dwr HTTP/1.1" 200 2778
124.78.156.75 - - [20/Jul/2023:10:56:26 +0800] "POST /xingrg/kc/base/wldb_order_operate.html HTTP/1.1" 200 64
101.228.187.155 - - [20/Jul/2023:10:56:26 +0800] "GET /xingrg/all/function/internal_message.html?_=1689821786825&CODE_STATE=getMsg HTTP/1.1" 200 27
180.165.154.167 - - [20/Jul/2023:10:56:27 +0800] "GET /xingrg/kc/buy/cgsh_order_operate.html?command=get_materiel&rest_code=00108&code=00101008137&supplier_code=00100007&order_time=2023-07-20 HTTP/1.1" 200 408
114.83.220.139 - - [20/Jul/2023:10:56:27 +0800] "POST /xingrg/dwr/call/plaincall/AjaxQqpsService.saveMaterielItem.dwr HTTP/1.1" 200 79
222.70.114.12 - - [20/Jul/2023:10:56:29 +0800] "POST /xingrg/dwr/call/plaincall/AjaxQqpsService.saveMaterielItem.dwr HTTP/1.1" 200 78
101.83.145.37 - - [20/Jul/2023:10:56:29 +0800] "GET /xingrg/all/function/internal_message.html?_=1689821601218&CODE_STATE=getMsg HTTP/1.1" 200 27
222.70.114.12 - - [20/Jul/2023:10:56:32 +0800] "POST /xingrg/dwr/call/plaincall/AjaxQqpsService.removeMaterielItem.dwr HTTP/1.1" 200 78
124.78.156.75 - - [20/Jul/2023:10:56:34 +0800] "POST /xingrg/kc/base/wldb_order_operate.html HTTP/1.1" 200 37
124.78.156.75 - - [20/Jul/2023:10:56:36 +0800] "GET /xingrg/kc/base/wldb_order_info.html?code=422023072001913 HTTP/1.1" 200 30395
222.70.114.12 - - [20/Jul/2023:10:56:36 +0800] "POST /xingrg/dwr/call/plaincall/AjaxQqpsService.checkOrder.dwr HTTP/1.1" 200 78
124.78.156.75 - - [20/Jul/2023:10:56:36 +0800] "GET /xingrg/javascript/easyui/themes/default/validatebox.css HTTP/1.1" 404 1104
114.83.220.139 - - [20/Jul/2023:10:56:37 +0800] "POST /xingrg/dwr/call/plaincall/AjaxQqpsService.getMaterielByCode.dwr HTTP/1.1" 200 1708
114.83.216.185 - - [20/Jul/2023:10:56:37 +0800] "GET /xingrg/all/function/internal_message.html?_=1689821796247&CODE_STATE=getMsg HTTP/1.1" 200 27
180.165.154.167 - - [20/Jul/2023:10:56:38 +0800] "GET /xingrg/kc/buy/cgsh_order_operate.html?command=get_materiel&rest_code=00108&code=00101008360&supplier_code=00100007&order_time=2023-07-20 HTTP/1.1" 200 412
116.238.191.126 - - [20/Jul/2023:10:56:38 +0800] "POST /xingrg/kc/base/wldb_order_operate.html HTTP/1.1" 200 12
124.78.156.75 - - [20/Jul/2023:10:56:38 +0800] "POST /xingrg/kc/base/wldb_order_operate.html HTTP/1.1" 200 3141
124.78.156.75 - - [20/Jul/2023:10:56:38 +0800] "POST /xingrg/kc/base/wldb_order_operate.html HTTP/1.1" 200 3141
116.238.191.126 - - [20/Jul/2023:10:56:40 +0800] "GET /xingrg/kc/base/wldb_order_info.html?code=422023072001911 HTTP/1.1" 200 26266
116.238.191.126 - - [20/Jul/2023:10:56:40 +0800] "GET /xingrg/javascript/easyui/themes/default/validatebox.css HTTP/1.1" 404 1104
116.238.191.126 - - [20/Jul/2023:10:56:41 +0800] "POST /xingrg/kc/base/wldb_order_operate.html HTTP/1.1" 200 3462
124.78.156.75 - - [20/Jul/2023:10:56:42 +0800] "GET /xingrg/kc/base/wldb_order_add.html HTTP/1.1" 200 30381
114.83.220.139 - - [20/Jul/2023:10:56:43 +0800] "POST /xingrg/dwr/call/plaincall/AjaxQqpsService.saveMaterielItem.dwr HTTP/1.1" 200 79
