101.83.145.37 - - [20/Jul/2023:10:27:00 +0800] "POST /xingrg/kc/buy/cgsh_list_operate.html HTTP/1.1" 200 986
180.163.29.103 - - [20/Jul/2023:10:27:02 +0800] "GET /xingrg/all/function/internal_message.html?_=1689819962107&CODE_STATE=getMsg HTTP/1.1" 302 -
180.163.29.103 - - [20/Jul/2023:10:27:02 +0800] "GET /xingrg/login.html HTTP/1.1" 200 7641
180.169.147.146 - - [20/Jul/2023:10:27:02 +0800] "GET /xingrg/all/function/internal_message.html?_=1689820022110&CODE_STATE=getMsg HTTP/1.1" 200 27
116.238.191.126 - - [20/Jul/2023:10:27:05 +0800] "GET /xingrg/all/function/internal_message.html?_=1689820025898&CODE_STATE=getMsg HTTP/1.1" 200 27
58.39.105.90 - - [20/Jul/2023:10:27:05 +0800] "GET /xingrg/kc/buy/cgsh_order_add.html HTTP/1.1" 200 70743
222.70.180.90 - - [20/Jul/2023:10:27:05 +0800] "GET /xingrg/all/function/internal_message.html?_=1689820079447&CODE_STATE=getMsg HTTP/1.1" 200 27
58.39.105.90 - - [20/Jul/2023:10:27:06 +0800] "POST /xingrg/kc/buy/cgsh_order_operate.html HTTP/1.1" 200 8245
58.39.105.90 - - [20/Jul/2023:10:27:06 +0800] "GET /xingrg/javascript/easyui/themes/default/validatebox.css HTTP/1.1" 404 1104
101.83.145.37 - - [20/Jul/2023:10:27:07 +0800] "POST /xingrg/kc/buy/cgsh_list_operate.html HTTP/1.1" 200 986
116.232.195.127 - - [20/Jul/2023:10:27:11 +0800] "GET /xingrg/all/function/internal_message.html?_=1689819991191&CODE_STATE=getMsg HTTP/1.1" 200 27
116.232.195.127 - - [20/Jul/2023:10:27:11 +0800] "GET /xingrg/check_reg.html?_=1689819991192 HTTP/1.1" 200 22
218.81.221.197 - - [20/Jul/2023:10:27:12 +0800] "GET /xingrg/all/function/internal_message.html?_=1689820045948&CODE_STATE=getMsg HTTP/1.1" 200 27
218.81.221.197 - - [20/Jul/2023:10:27:16 +0800] "GET /xingrg/kc/buy/cgsh_order_operate.html?command=get_materiel&rest_code=00146&code=00101008110&supplier_code=00100005&order_time=2023-07-20 HTTP/1.1" 200 408
116.238.191.126 - - [20/Jul/2023:10:27:16 +0800] "GET /xingrg/all/function/internal_message.html?_=1689819930302&CODE_STATE=getMsg HTTP/1.1" 200 27
58.39.105.90 - - [20/Jul/2023:10:27:17 +0800] "GET /xingrg/kc/buy/cgsh_order_operate.html?command=get_materiel&rest_code=00157&code=00101011001&supplier_code=00100047&order_time=2023-07-19 HTTP/1.1" 200 423
114.85.113.108 - - [20/Jul/2023:10:27:20 +0800] "GET /xingrg/all/function/internal_message.html?_=1689820034717&CODE_STATE=getMsg HTTP/1.1" 200 27
101.83.145.37 - - [20/Jul/2023:10:27:22 +0800] "POST /xingrg/kc/buy/cgsh_list_operate.html HTTP/1.1" 200 4132
222.70.114.12 - - [20/Jul/2023:10:27:24 +0800] "GET /xingrg/all/function/internal_message.html?_=1689820052575&CODE_STATE=getMsg HTTP/1.1" 200 27
180.169.147.146 - - [20/Jul/2023:10:27:24 +0800] "GET /xingrg/all/function/internal_message.html?_=1689820041949&CODE_STATE=getMsg HTTP/1.1" 200 27
222.70.180.90 - - [20/Jul/2023:10:27:25 +0800] "GET /xingrg/all/function/internal_message.html?_=1689820042612&CODE_STATE=getMsg HTTP/1.1" 200 27
101.228.187.155 - - [20/Jul/2023:10:27:26 +0800] "GET /xingrg/all/function/internal_message.html?_=1689820046798&CODE_STATE=getMsg HTTP/1.1" 200 27
58.39.105.90 - - [20/Jul/2023:10:27:27 +0800] "POST /xingrg/kc/buy/cgsh_order_operate.html HTTP/1.1" 200 37
58.39.105.90 - - [20/Jul/2023:10:27:29 +0800] "POST /xingrg/kc/buy/cgsh_order_operate.html HTTP/1.1" 200 2666
58.39.105.90 - - [20/Jul/2023:10:27:31 +0800] "GET /xingrg/kc/print/load_data.html?order_code=212023072007729&kc_code=cgsh&condition= HTTP/1.1" 200 730
58.39.105.90 - - [20/Jul/2023:10:27:41 +0800] "GET /xingrg/kc/buy/cgsh_order_add.html HTTP/1.1" 200 70743
58.39.105.90 - - [20/Jul/2023:10:27:41 +0800] "POST /xingrg/kc/buy/cgsh_order_operate.html HTTP/1.1" 200 8245
58.39.105.90 - - [20/Jul/2023:10:27:41 +0800] "GET /xingrg/javascript/easyui/themes/default/validatebox.css HTTP/1.1" 404 1104
116.238.191.126 - - [20/Jul/2023:10:27:43 +0800] "GET /xingrg/check_reg.html?_=1689819956422 HTTP/1.1" 200 22
101.83.145.37 - - [20/Jul/2023:10:27:47 +0800] "POST /xingrg/kc/buy/cgsh_list_operate.html HTTP/1.1" 200 3683
58.39.105.90 - - [20/Jul/2023:10:27:47 +0800] "GET /xingrg/all/function/internal_message.html?_=1689820067873&CODE_STATE=getMsg HTTP/1.1" 200 27
101.83.145.37 - - [20/Jul/2023:10:27:48 +0800] "GET /xingrg/all/function/internal_message.html?_=1689820068255&CODE_STATE=getMsg HTTP/1.1" 200 27
114.83.220.139 - - [20/Jul/2023:10:27:52 +0800] "GET /xingrg/all/function/internal_message.html?_=1689820194928&CODE_STATE=getMsg HTTP/1.1" 200 27
124.78.70.128 - - [20/Jul/2023:10:27:54 +0800] "GET /xingrg/all/function/internal_message.html?_=1689819546606&CODE_STATE=getMsg HTTP/1.1" 200 27
116.232.195.127 - - [20/Jul/2023:10:27:55 +0800] "GET /xingrg/all/function/internal_message.html?_=1689820035900&CODE_STATE=getMsg HTTP/1.1" 200 27
116.232.195.127 - - [20/Jul/2023:10:27:57 +0800] "GET /xingrg/check_reg.html?_=1689820037377 HTTP/1.1" 200 22
180.165.154.167 - - [20/Jul/2023:10:27:58 +0800] "GET /xingrg/all/function/internal_message.html?_=1689820078083&CODE_STATE=getMsg HTTP/1.1" 200 27
58.39.105.90 - - [20/Jul/2023:10:27:58 +0800] "GET /xingrg/kc/buy/cgsh_order_operate.html?command=get_materiel&rest_code=00157&code=00102013017&supplier_code=00100073&order_time=2023-07-19 HTTP/1.1" 200 409
218.81.221.197 - - [20/Jul/2023:10:28:01 +0800] "GET /xingrg/kc/buy/cgsh_order_operate.html?command=get_materiel&rest_code=00146&code=00101008498&supplier_code=00100005&order_time=2023-07-20 HTTP/1.1" 200 424
180.169.147.146 - - [20/Jul/2023:10:28:02 +0800] "GET /xingrg/check_reg.html?_=1689820082108 HTTP/1.1" 200 22
180.169.147.146 - - [20/Jul/2023:10:28:02 +0800] "GET /xingrg/all/function/internal_message.html?_=1689820082111&CODE_STATE=getMsg HTTP/1.1" 200 27
218.81.221.197 - - [20/Jul/2023:10:28:03 +0800] "POST /xingrg/kc/buy/cgsh_order_operate.html HTTP/1.1" 200 2065
116.238.191.126 - - [20/Jul/2023:10:28:05 +0800] "GET /xingrg/all/function/internal_message.html?_=1689820085899&CODE_STATE=getMsg HTTP/1.1" 200 27
222.70.180.90 - - [20/Jul/2023:10:28:05 +0800] "GET /xingrg/all/function/internal_message.html?_=1689820139423&CODE_STATE=getMsg HTTP/1.1" 200 27
180.157.253.91 - - [20/Jul/2023:10:28:07 +0800] "GET /xingrg/check_reg.html?_=1689820085970 HTTP/1.1" 200 22
218.81.221.197 - - [20/Jul/2023:10:28:11 +0800] "GET /xingrg/check_reg.html?_=1689820104826 HTTP/1.1" 200 22
116.232.195.127 - - [20/Jul/2023:10:28:11 +0800] "GET /xingrg/all/function/internal_message.html?_=1689820051197&CODE_STATE=getMsg HTTP/1.1" 200 27
218.81.221.197 - - [20/Jul/2023:10:28:12 +0800] "GET /xingrg/all/function/internal_message.html?_=1689820105961&CODE_STATE=getMsg HTTP/1.1" 200 27
218.81.221.197 - - [20/Jul/2023:10:28:13 +0800] "GET /xingrg/kc/buy/cgsh_order_operate.html?command=get_materiel&rest_code=00146&code=00101008175&supplier_code=00100005&order_time=2023-07-20 HTTP/1.1" 200 412
116.238.191.126 - - [20/Jul/2023:10:28:16 +0800] "GET /xingrg/all/function/internal_message.html?_=1689819990318&CODE_STATE=getMsg HTTP/1.1" 200 27
114.85.113.108 - - [20/Jul/2023:10:28:20 +0800] "GET /xingrg/all/function/internal_message.html?_=1689820094718&CODE_STATE=getMsg HTTP/1.1" 200 27
222.70.114.12 - - [20/Jul/2023:10:28:24 +0800] "GET /xingrg/all/function/internal_message.html?_=1689820112581&CODE_STATE=getMsg HTTP/1.1" 200 27
180.169.147.146 - - [20/Jul/2023:10:28:24 +0800] "GET /xingrg/all/function/internal_message.html?_=1689820101948&CODE_STATE=getMsg HTTP/1.1" 200 27
222.70.180.90 - - [20/Jul/2023:10:28:25 +0800] "GET /xingrg/all/function/internal_message.html?_=1689820102614&CODE_STATE=getMsg HTTP/1.1" 200 27
101.228.187.155 - - [20/Jul/2023:10:28:26 +0800] "GET /xingrg/all/function/internal_message.html?_=1689820106797&CODE_STATE=getMsg HTTP/1.1" 200 27
58.39.105.90 - - [20/Jul/2023:10:28:28 +0800] "POST /xingrg/kc/buy/cgsh_order_operate.html HTTP/1.1" 200 37
58.39.105.90 - - [20/Jul/2023:10:28:30 +0800] "POST /xingrg/kc/buy/cgsh_order_operate.html HTTP/1.1" 200 2653
218.81.221.197 - - [20/Jul/2023:10:28:32 +0800] "GET /xingrg/kc/buy/cgsh_order_operate.html?command=get_materiel&rest_code=00146&code=00101008563&supplier_code=00100005&order_time=2023-07-20 HTTP/1.1" 200 413
124.78.70.128 - - [20/Jul/2023:10:28:36 +0800] "GET /xingrg/kc/buy/cgsh_order_add.html HTTP/1.1" 200 71620
124.78.70.128 - - [20/Jul/2023:10:28:36 +0800] "POST /xingrg/kc/buy/cgsh_order_operate.html HTTP/1.1" 200 8245
124.78.70.128 - - [20/Jul/2023:10:28:36 +0800] "GET /xingrg/javascript/easyui/themes/default/validatebox.css HTTP/1.1" 404 1104
58.39.105.90 - - [20/Jul/2023:10:28:47 +0800] "GET /xingrg/all/function/internal_message.html?_=1689820127849&CODE_STATE=getMsg HTTP/1.1" 200 27
101.83.145.37 - - [20/Jul/2023:10:28:48 +0800] "GET /xingrg/all/function/internal_message.html?_=1689820128280&CODE_STATE=getMsg HTTP/1.1" 200 27
114.83.220.139 - - [20/Jul/2023:10:28:52 +0800] "GET /xingrg/all/function/internal_message.html?_=1689820254939&CODE_STATE=getMsg HTTP/1.1" 200 27
124.78.70.128 - - [20/Jul/2023:10:28:54 +0800] "GET /xingrg/all/function/internal_message.html?_=1689819606614&CODE_STATE=getMsg HTTP/1.1" 200 27
116.232.195.127 - - [20/Jul/2023:10:28:55 +0800] "GET /xingrg/all/function/internal_message.html?_=1689820095887&CODE_STATE=getMsg HTTP/1.1" 200 27
218.81.221.197 - - [20/Jul/2023:10:28:58 +0800] "GET /xingrg/kc/buy/cgsh_order_operate.html?command=get_materiel&rest_code=00146&code=00101008223&supplier_code=00100005&order_time=2023-07-20 HTTP/1.1" 200 412
180.165.154.167 - - [20/Jul/2023:10:28:58 +0800] "GET /xingrg/all/function/internal_message.html?_=1689820138062&CODE_STATE=getMsg HTTP/1.1" 200 27
124.78.70.128 - - [20/Jul/2023:10:28:59 +0800] "GET /xingrg/kc/buy/cgsh_order_operate.html?command=get_materiel&rest_code=00141&code=00101006259&supplier_code=00100004&order_time=2023-07-20 HTTP/1.1" 200 409
180.163.28.55 - - [20/Jul/2023:10:29:02 +0800] "GET /xingrg/all/function/internal_message.html?_=1689820082111&CODE_STATE=getMsg HTTP/1.1" 302 -
180.163.29.79 - - [20/Jul/2023:10:29:02 +0800] "GET /xingrg/check_reg.html?_=1689820082108 HTTP/1.1" 302 -
180.163.28.55 - - [20/Jul/2023:10:29:02 +0800] "GET /xingrg/login.html HTTP/1.1" 200 7641
180.163.29.79 - - [20/Jul/2023:10:29:02 +0800] "GET /xingrg/login.html HTTP/1.1" 200 7641
180.169.147.146 - - [20/Jul/2023:10:29:02 +0800] "GET /xingrg/all/function/internal_message.html?_=1689820142106&CODE_STATE=getMsg HTTP/1.1" 200 27
116.238.191.126 - - [20/Jul/2023:10:29:05 +0800] "GET /xingrg/all/function/internal_message.html?_=1689820145900&CODE_STATE=getMsg HTTP/1.1" 200 27
222.70.180.90 - - [20/Jul/2023:10:29:05 +0800] "GET /xingrg/all/function/internal_message.html?_=1689820199445&CODE_STATE=getMsg HTTP/1.1" 200 27
218.81.221.197 - - [20/Jul/2023:10:29:10 +0800] "GET /xingrg/kc/buy/cgsh_order_operate.html?command=get_materiel&rest_code=00146&code=00101008168&supplier_code=00100005&order_time=2023-07-20 HTTP/1.1" 200 413
116.232.195.127 - - [20/Jul/2023:10:29:11 +0800] "GET /xingrg/all/function/internal_message.html?_=1689820111204&CODE_STATE=getMsg HTTP/1.1" 200 27
218.81.221.197 - - [20/Jul/2023:10:29:12 +0800] "GET /xingrg/all/function/internal_message.html?_=1689820165975&CODE_STATE=getMsg HTTP/1.1" 200 27
58.39.105.90 - - [20/Jul/2023:10:29:14 +0800] "GET /xingrg/kc/print/load_data.html?order_code=212023072007730&kc_code=cgsh&condition= HTTP/1.1" 200 721
116.238.191.126 - - [20/Jul/2023:10:29:16 +0800] "GET /xingrg/all/function/internal_message.html?_=1689820050331&CODE_STATE=getMsg HTTP/1.1" 200 27
222.70.180.90 - - [20/Jul/2023:10:29:16 +0800] "GET /xingrg/check_reg.html?_=1689820210501 HTTP/1.1" 200 22
114.85.113.108 - - [20/Jul/2023:10:29:20 +0800] "GET /xingrg/all/function/internal_message.html?_=1689820154724&CODE_STATE=getMsg HTTP/1.1" 200 27
222.70.114.12 - - [20/Jul/2023:10:29:24 +0800] "GET /xingrg/all/function/internal_message.html?_=1689820172572&CODE_STATE=getMsg HTTP/1.1" 200 27
180.169.147.146 - - [20/Jul/2023:10:29:24 +0800] "GET /xingrg/all/function/internal_message.html?_=1689820161963&CODE_STATE=getMsg HTTP/1.1" 200 27
222.70.180.90 - - [20/Jul/2023:10:29:25 +0800] "GET /xingrg/all/function/internal_message.html?_=1689820162615&CODE_STATE=getMsg HTTP/1.1" 200 27
101.228.187.155 - - [20/Jul/2023:10:29:26 +0800] "GET /xingrg/all/function/internal_message.html?_=1689820166797&CODE_STATE=getMsg HTTP/1.1" 200 27
101.228.187.155 - - [20/Jul/2023:10:29:26 +0800] "GET /xingrg/check_reg.html?_=1689820166796 HTTP/1.1" 200 22
218.81.221.197 - - [20/Jul/2023:10:29:33 +0800] "GET /xingrg/kc/buy/cgsh_order_operate.html?command=get_materiel&rest_code=00146&code=00101008439&supplier_code=00100005&order_time=2023-07-20 HTTP/1.1" 200 413
218.81.221.197 - - [20/Jul/2023:10:29:37 +0800] "POST /xingrg/kc/buy/cgsh_order_operate.html HTTP/1.1" 200 2065
218.81.221.197 - - [20/Jul/2023:10:29:46 +0800] "GET /xingrg/kc/buy/cgsh_order_operate.html?command=get_materiel&rest_code=00146&code=00101013114&supplier_code=00100005&order_time=2023-07-20 HTTP/1.1" 200 409
58.39.105.90 - - [20/Jul/2023:10:29:47 +0800] "GET /xingrg/all/function/internal_message.html?_=1689820187835&CODE_STATE=getMsg HTTP/1.1" 200 27
101.83.145.37 - - [20/Jul/2023:10:29:48 +0800] "GET /xingrg/all/function/internal_message.html?_=1689820188200&CODE_STATE=getMsg HTTP/1.1" 200 27
101.83.145.37 - - [20/Jul/2023:10:29:49 +0800] "GET /xingrg/check_reg.html?_=1689820189203 HTTP/1.1" 200 22
114.83.220.139 - - [20/Jul/2023:10:29:52 +0800] "GET /xingrg/all/function/internal_message.html?_=1689820314926&CODE_STATE=getMsg HTTP/1.1" 200 27
124.78.70.128 - - [20/Jul/2023:10:29:54 +0800] "GET /xingrg/all/function/internal_message.html?_=1689819666614&CODE_STATE=getMsg HTTP/1.1" 200 27
116.232.195.127 - - [20/Jul/2023:10:29:55 +0800] "GET /xingrg/all/function/internal_message.html?_=1689820155860&CODE_STATE=getMsg HTTP/1.1" 200 27
180.165.154.167 - - [20/Jul/2023:10:29:58 +0800] "GET /xingrg/all/function/internal_message.html?_=1689820198035&CODE_STATE=getMsg HTTP/1.1" 200 27
180.165.154.167 - - [20/Jul/2023:10:29:58 +0800] "GET /xingrg/check_reg.html?_=1689820198096 HTTP/1.1" 200 22
218.81.221.197 - - [20/Jul/2023:10:30:00 +0800] "GET /xingrg/kc/buy/cgsh_order_operate.html?command=get_materiel&rest_code=00146&code=00101009079&supplier_code=00100005&order_time=2023-07-20 HTTP/1.1" 200 409
180.169.147.146 - - [20/Jul/2023:10:30:02 +0800] "GET /xingrg/all/function/internal_message.html?_=1689820202097&CODE_STATE=getMsg HTTP/1.1" 200 27
116.238.191.126 - - [20/Jul/2023:10:30:05 +0800] "GET /xingrg/all/function/internal_message.html?_=1689820205901&CODE_STATE=getMsg HTTP/1.1" 200 27
222.70.180.90 - - [20/Jul/2023:10:30:05 +0800] "GET /xingrg/all/function/internal_message.html?_=1689820259433&CODE_STATE=getMsg HTTP/1.1" 200 27
116.232.195.127 - - [20/Jul/2023:10:30:11 +0800] "GET /xingrg/all/function/internal_message.html?_=1689820171193&CODE_STATE=getMsg HTTP/1.1" 200 27
218.81.221.197 - - [20/Jul/2023:10:30:12 +0800] "GET /xingrg/all/function/internal_message.html?_=1689820225989&CODE_STATE=getMsg HTTP/1.1" 200 27
58.39.105.90 - - [20/Jul/2023:10:30:13 +0800] "GET /xingrg/kc/buy/cgsh_order_add.html HTTP/1.1" 200 70743
58.39.105.90 - - [20/Jul/2023:10:30:13 +0800] "POST /xingrg/kc/buy/cgsh_order_operate.html HTTP/1.1" 200 8245
58.39.105.90 - - [20/Jul/2023:10:30:13 +0800] "GET /xingrg/javascript/easyui/themes/default/validatebox.css HTTP/1.1" 404 1104
218.81.221.197 - - [20/Jul/2023:10:30:15 +0800] "GET /xingrg/kc/buy/cgsh_order_operate.html?command=get_materiel&rest_code=00146&code=00101008061&supplier_code=00100005&order_time=2023-07-20 HTTP/1.1" 200 422
116.238.191.126 - - [20/Jul/2023:10:30:16 +0800] "GET /xingrg/all/function/internal_message.html?_=1689820110358&CODE_STATE=getMsg HTTP/1.1" 200 27
114.85.113.108 - - [20/Jul/2023:10:30:20 +0800] "GET /xingrg/check_reg.html?_=1689820214722 HTTP/1.1" 200 22
114.85.113.108 - - [20/Jul/2023:10:30:20 +0800] "GET /xingrg/all/function/internal_message.html?_=1689820214725&CODE_STATE=getMsg HTTP/1.1" 200 27
222.70.114.12 - - [20/Jul/2023:10:30:24 +0800] "GET /xingrg/all/function/internal_message.html?_=1689820232577&CODE_STATE=getMsg HTTP/1.1" 200 27
222.70.114.12 - - [20/Jul/2023:10:30:24 +0800] "GET /xingrg/check_reg.html?_=1689820232585 HTTP/1.1" 200 22
180.169.147.146 - - [20/Jul/2023:10:30:24 +0800] "GET /xingrg/all/function/internal_message.html?_=1689820221948&CODE_STATE=getMsg HTTP/1.1" 200 27
222.70.180.90 - - [20/Jul/2023:10:30:25 +0800] "GET /xingrg/all/function/internal_message.html?_=1689820222616&CODE_STATE=getMsg HTTP/1.1" 200 27
101.228.187.155 - - [20/Jul/2023:10:30:26 +0800] "GET /xingrg/all/function/internal_message.html?_=1689820226797&CODE_STATE=getMsg HTTP/1.1" 200 27
58.39.105.90 - - [20/Jul/2023:10:30:26 +0800] "GET /xingrg/kc/buy/cgsh_order_operate.html?command=get_materiel&rest_code=00157&code=00101012051&supplier_code=00100595&order_time=2023-07-19 HTTP/1.1" 200 408
218.81.221.197 - - [20/Jul/2023:10:30:33 +0800] "GET /xingrg/kc/buy/cgsh_order_operate.html?command=get_materiel&rest_code=00146&code=00101009118&supplier_code=00100005&order_time=2023-07-20 HTTP/1.1" 200 406
58.39.105.90 - - [20/Jul/2023:10:30:44 +0800] "POST /xingrg/kc/buy/cgsh_order_operate.html HTTP/1.1" 200 37
58.39.105.90 - - [20/Jul/2023:10:30:46 +0800] "POST /xingrg/kc/buy/cgsh_order_operate.html HTTP/1.1" 200 2651
58.39.105.90 - - [20/Jul/2023:10:30:47 +0800] "GET /xingrg/all/function/internal_message.html?_=1689820247826&CODE_STATE=getMsg HTTP/1.1" 200 27
58.39.105.90 - - [20/Jul/2023:10:30:48 +0800] "GET /xingrg/check_reg.html?_=1689820247965 HTTP/1.1" 200 22
101.83.145.37 - - [20/Jul/2023:10:30:48 +0800] "GET /xingrg/all/function/internal_message.html?_=1689820248171&CODE_STATE=getMsg HTTP/1.1" 200 27
114.83.220.139 - - [20/Jul/2023:10:30:52 +0800] "GET /xingrg/all/function/internal_message.html?_=1689820374937&CODE_STATE=getMsg HTTP/1.1" 200 27
124.78.70.128 - - [20/Jul/2023:10:30:54 +0800] "GET /xingrg/all/function/internal_message.html?_=1689819726622&CODE_STATE=getMsg HTTP/1.1" 200 27
116.232.195.127 - - [20/Jul/2023:10:30:55 +0800] "GET /xingrg/all/function/internal_message.html?_=1689820215840&CODE_STATE=getMsg HTTP/1.1" 200 27
180.165.154.167 - - [20/Jul/2023:10:30:58 +0800] "GET /xingrg/all/function/internal_message.html?_=1689820258009&CODE_STATE=getMsg HTTP/1.1" 200 27
180.169.147.146 - - [20/Jul/2023:10:31:02 +0800] "GET /xingrg/all/function/internal_message.html?_=1689820262120&CODE_STATE=getMsg HTTP/1.1" 200 27
116.238.191.126 - - [20/Jul/2023:10:31:05 +0800] "GET /xingrg/all/function/internal_message.html?_=1689820265903&CODE_STATE=getMsg HTTP/1.1" 200 27
116.238.191.126 - - [20/Jul/2023:10:31:05 +0800] "GET /xingrg/check_reg.html?_=1689820265917 HTTP/1.1" 200 22
222.70.180.90 - - [20/Jul/2023:10:31:05 +0800] "GET /xingrg/all/function/internal_message.html?_=1689820319429&CODE_STATE=getMsg HTTP/1.1" 200 27
116.232.195.127 - - [20/Jul/2023:10:31:11 +0800] "GET /xingrg/all/function/internal_message.html?_=1689820231197&CODE_STATE=getMsg HTTP/1.1" 200 27
58.39.105.90 - - [20/Jul/2023:10:31:11 +0800] "GET /xingrg/kc/print/load_data.html?order_code=212023072007731&kc_code=cgsh&condition= HTTP/1.1" 200 651
218.81.221.197 - - [20/Jul/2023:10:31:12 +0800] "GET /xingrg/all/function/internal_message.html?_=1689820286239&CODE_STATE=getMsg HTTP/1.1" 200 27
116.238.191.126 - - [20/Jul/2023:10:31:16 +0800] "GET /xingrg/all/function/internal_message.html?_=1689820170374&CODE_STATE=getMsg HTTP/1.1" 200 27
114.85.113.108 - - [20/Jul/2023:10:31:20 +0800] "GET /xingrg/all/function/internal_message.html?_=1689820274727&CODE_STATE=getMsg HTTP/1.1" 200 27
58.39.105.90 - - [20/Jul/2023:10:31:24 +0800] "GET /xingrg/kc/buy/cgsh_order_add.html HTTP/1.1" 200 70743
222.70.114.12 - - [20/Jul/2023:10:31:24 +0800] "GET /xingrg/all/function/internal_message.html?_=1689820292596&CODE_STATE=getMsg HTTP/1.1" 200 27
58.39.105.90 - - [20/Jul/2023:10:31:24 +0800] "POST /xingrg/kc/buy/cgsh_order_operate.html HTTP/1.1" 200 8245
58.39.105.90 - - [20/Jul/2023:10:31:24 +0800] "GET /xingrg/javascript/easyui/themes/default/validatebox.css HTTP/1.1" 404 1104
180.169.147.146 - - [20/Jul/2023:10:31:24 +0800] "GET /xingrg/check_reg.html?_=1689820281965 HTTP/1.1" 200 22
180.169.147.146 - - [20/Jul/2023:10:31:24 +0800] "GET /xingrg/all/function/internal_message.html?_=1689820281963&CODE_STATE=getMsg HTTP/1.1" 200 27
222.70.180.90 - - [20/Jul/2023:10:31:25 +0800] "GET /xingrg/check_reg.html?_=1689820282617 HTTP/1.1" 200 22
222.70.180.90 - - [20/Jul/2023:10:31:25 +0800] "GET /xingrg/all/function/internal_message.html?_=1689820282619&CODE_STATE=getMsg HTTP/1.1" 200 27
101.228.187.155 - - [20/Jul/2023:10:31:26 +0800] "GET /xingrg/all/function/internal_message.html?_=1689820286795&CODE_STATE=getMsg HTTP/1.1" 200 27
58.39.105.90 - - [20/Jul/2023:10:31:47 +0800] "GET /xingrg/all/function/internal_message.html?_=1689820307806&CODE_STATE=getMsg HTTP/1.1" 200 27
101.83.145.37 - - [20/Jul/2023:10:31:48 +0800] "GET /xingrg/all/function/internal_message.html?_=1689820308150&CODE_STATE=getMsg HTTP/1.1" 200 27
114.83.220.139 - - [20/Jul/2023:10:31:52 +0800] "GET /xingrg/all/function/internal_message.html?_=1689820434924&CODE_STATE=getMsg HTTP/1.1" 200 27
114.83.220.139 - - [20/Jul/2023:10:31:52 +0800] "GET /xingrg/check_reg.html?_=1689820434926 HTTP/1.1" 200 22
124.78.70.128 - - [20/Jul/2023:10:31:54 +0800] "GET /xingrg/check_reg.html?_=1689819786617 HTTP/1.1" 200 22
124.78.70.128 - - [20/Jul/2023:10:31:54 +0800] "GET /xingrg/all/function/internal_message.html?_=1689819786618&CODE_STATE=getMsg HTTP/1.1" 200 27
116.232.195.127 - - [20/Jul/2023:10:31:55 +0800] "GET /xingrg/all/function/internal_message.html?_=1689820275837&CODE_STATE=getMsg HTTP/1.1" 200 27
180.165.154.167 - - [20/Jul/2023:10:31:58 +0800] "GET /xingrg/all/function/internal_message.html?_=1689820317991&CODE_STATE=getMsg HTTP/1.1" 200 27
58.39.105.90 - - [20/Jul/2023:10:31:58 +0800] "GET /xingrg/kc/buy/cgsh_order_operate.html?command=get_materiel&rest_code=00157&code=00101006177&supplier_code=00100612&order_time=2023-07-19 HTTP/1.1" 200 408
180.169.147.146 - - [20/Jul/2023:10:32:02 +0800] "GET /xingrg/all/function/internal_message.html?_=1689820322102&CODE_STATE=getMsg HTTP/1.1" 200 27
116.238.191.126 - - [20/Jul/2023:10:32:05 +0800] "GET /xingrg/all/function/internal_message.html?_=1689820325919&CODE_STATE=getMsg HTTP/1.1" 200 27
222.70.180.90 - - [20/Jul/2023:10:32:05 +0800] "GET /xingrg/all/function/internal_message.html?_=1689820379424&CODE_STATE=getMsg HTTP/1.1" 200 27
58.39.105.90 - - [20/Jul/2023:10:32:10 +0800] "GET /xingrg/kc/buy/cgsh_order_operate.html?command=get_materiel&rest_code=00157&code=00101006184&supplier_code=00100612&order_time=2023-07-19 HTTP/1.1" 200 408
116.232.195.127 - - [20/Jul/2023:10:32:11 +0800] "GET /xingrg/check_reg.html?_=1689820291203 HTTP/1.1" 200 22
116.232.195.127 - - [20/Jul/2023:10:32:11 +0800] "GET /xingrg/all/function/internal_message.html?_=1689820291205&CODE_STATE=getMsg HTTP/1.1" 200 27
218.81.221.197 - - [20/Jul/2023:10:32:12 +0800] "GET /xingrg/all/function/internal_message.html?_=1689820346511&CODE_STATE=getMsg HTTP/1.1" 200 27
116.238.191.126 - - [20/Jul/2023:10:32:17 +0800] "GET /xingrg/all/function/internal_message.html?_=1689820230401&CODE_STATE=getMsg HTTP/1.1" 200 27
114.85.113.108 - - [20/Jul/2023:10:32:20 +0800] "GET /xingrg/all/function/internal_message.html?_=1689820334712&CODE_STATE=getMsg HTTP/1.1" 200 27
58.39.105.90 - - [20/Jul/2023:10:32:20 +0800] "GET /xingrg/kc/buy/cgsh_order_operate.html?command=get_materiel&rest_code=00157&code=00101006109&supplier_code=00100612&order_time=2023-07-19 HTTP/1.1" 200 409
222.70.114.12 - - [20/Jul/2023:10:32:24 +0800] "GET /xingrg/all/function/internal_message.html?_=1689820352602&CODE_STATE=getMsg HTTP/1.1" 200 27
180.169.147.146 - - [20/Jul/2023:10:32:24 +0800] "GET /xingrg/all/function/internal_message.html?_=1689820341948&CODE_STATE=getMsg HTTP/1.1" 200 27
222.70.180.90 - - [20/Jul/2023:10:32:25 +0800] "GET /xingrg/all/function/internal_message.html?_=1689820342617&CODE_STATE=getMsg HTTP/1.1" 200 27
101.228.187.155 - - [20/Jul/2023:10:32:26 +0800] "GET /xingrg/all/function/internal_message.html?_=1689820346797&CODE_STATE=getMsg HTTP/1.1" 200 27
58.39.105.90 - - [20/Jul/2023:10:32:36 +0800] "GET /xingrg/kc/buy/cgsh_order_operate.html?command=get_materiel&rest_code=00157&code=00101006183&supplier_code=00100612&order_time=2023-07-19 HTTP/1.1" 200 408
116.238.191.126 - - [20/Jul/2023:10:32:43 +0800] "GET /xingrg/check_reg.html?_=1689820256428 HTTP/1.1" 200 22
58.39.105.90 - - [20/Jul/2023:10:32:47 +0800] "GET /xingrg/all/function/internal_message.html?_=1689820367779&CODE_STATE=getMsg HTTP/1.1" 200 27
101.83.145.37 - - [20/Jul/2023:10:32:48 +0800] "GET /xingrg/all/function/internal_message.html?_=1689820368120&CODE_STATE=getMsg HTTP/1.1" 200 27
58.39.105.90 - - [20/Jul/2023:10:32:48 +0800] "POST /xingrg/kc/buy/cgsh_order_operate.html HTTP/1.1" 200 37
58.39.105.90 - - [20/Jul/2023:10:32:50 +0800] "POST /xingrg/kc/buy/cgsh_order_operate.html HTTP/1.1" 200 4412
114.83.220.139 - - [20/Jul/2023:10:32:52 +0800] "GET /xingrg/all/function/internal_message.html?_=1689820494929&CODE_STATE=getMsg HTTP/1.1" 200 27
58.39.105.90 - - [20/Jul/2023:10:32:52 +0800] "GET /xingrg/kc/print/load_data.html?order_code=212023072007732&kc_code=cgsh&condition= HTTP/1.1" 200 1318
124.78.70.128 - - [20/Jul/2023:10:32:54 +0800] "GET /xingrg/all/function/internal_message.html?_=1689819846619&CODE_STATE=getMsg HTTP/1.1" 200 27
116.232.195.127 - - [20/Jul/2023:10:32:55 +0800] "GET /xingrg/all/function/internal_message.html?_=1689820335815&CODE_STATE=getMsg HTTP/1.1" 200 27
180.157.253.91 - - [20/Jul/2023:10:32:56 +0800] "GET /favicon.ico HTTP/1.1" 404 -
116.232.195.127 - - [20/Jul/2023:10:32:57 +0800] "GET /xingrg/check_reg.html?_=1689820337375 HTTP/1.1" 200 22
180.165.154.167 - - [20/Jul/2023:10:32:58 +0800] "GET /xingrg/all/function/internal_message.html?_=1689820377980&CODE_STATE=getMsg HTTP/1.1" 200 27
180.163.30.85 - - [20/Jul/2023:10:33:02 +0800] "GET /xingrg/all/function/internal_message.html?_=1689820322102&CODE_STATE=getMsg HTTP/1.1" 302 -
180.169.147.146 - - [20/Jul/2023:10:33:02 +0800] "GET /xingrg/all/function/internal_message.html?_=1689820382118&CODE_STATE=getMsg HTTP/1.1" 200 27
180.169.147.146 - - [20/Jul/2023:10:33:02 +0800] "GET /xingrg/check_reg.html?_=1689820382125 HTTP/1.1" 200 22
180.163.30.85 - - [20/Jul/2023:10:33:02 +0800] "GET /xingrg/login.html HTTP/1.1" 200 7641
116.238.191.126 - - [20/Jul/2023:10:33:05 +0800] "GET /xingrg/all/function/internal_message.html?_=1689820385919&CODE_STATE=getMsg HTTP/1.1" 200 27
222.70.180.90 - - [20/Jul/2023:10:33:05 +0800] "GET /xingrg/all/function/internal_message.html?_=1689820439423&CODE_STATE=getMsg HTTP/1.1" 200 27
180.157.253.91 - - [20/Jul/2023:10:33:07 +0800] "GET /xingrg/check_reg.html?_=1689820385948 HTTP/1.1" 200 22
58.39.105.90 - - [20/Jul/2023:10:33:09 +0800] "GET /xingrg/kc/buy/cgsh_order_add.html HTTP/1.1" 200 70743
58.39.105.90 - - [20/Jul/2023:10:33:09 +0800] "POST /xingrg/kc/buy/cgsh_order_operate.html HTTP/1.1" 200 8245
58.39.105.90 - - [20/Jul/2023:10:33:09 +0800] "GET /xingrg/javascript/easyui/themes/default/validatebox.css HTTP/1.1" 404 1104
218.81.221.197 - - [20/Jul/2023:10:33:11 +0800] "GET /xingrg/check_reg.html?_=1689820404829 HTTP/1.1" 200 22
116.232.195.127 - - [20/Jul/2023:10:33:11 +0800] "GET /xingrg/all/function/internal_message.html?_=1689820351193&CODE_STATE=getMsg HTTP/1.1" 200 27
218.81.221.197 - - [20/Jul/2023:10:33:12 +0800] "GET /xingrg/all/function/internal_message.html?_=1689820406514&CODE_STATE=getMsg HTTP/1.1" 200 27
116.238.191.126 - - [20/Jul/2023:10:33:17 +0800] "GET /xingrg/all/function/internal_message.html?_=1689820290416&CODE_STATE=getMsg HTTP/1.1" 200 27
114.85.113.108 - - [20/Jul/2023:10:33:20 +0800] "GET /xingrg/all/function/internal_message.html?_=1689820394717&CODE_STATE=getMsg HTTP/1.1" 200 27
222.70.114.12 - - [20/Jul/2023:10:33:24 +0800] "GET /xingrg/all/function/internal_message.html?_=1689820412602&CODE_STATE=getMsg HTTP/1.1" 200 27
180.169.147.146 - - [20/Jul/2023:10:33:24 +0800] "GET /xingrg/all/function/internal_message.html?_=1689820401963&CODE_STATE=getMsg HTTP/1.1" 200 27
222.70.180.90 - - [20/Jul/2023:10:33:25 +0800] "GET /xingrg/all/function/internal_message.html?_=1689820402616&CODE_STATE=getMsg HTTP/1.1" 200 27
101.228.187.155 - - [20/Jul/2023:10:33:26 +0800] "GET /xingrg/all/function/internal_message.html?_=1689820406795&CODE_STATE=getMsg HTTP/1.1" 200 27
58.39.105.90 - - [20/Jul/2023:10:33:30 +0800] "GET /xingrg/kc/buy/cgsh_order_operate.html?command=get_materiel&rest_code=00157&code=00101007101&supplier_code=00100503&order_time=2023-07-19 HTTP/1.1" 200 414
58.39.105.90 - - [20/Jul/2023:10:33:41 +0800] "GET /xingrg/kc/buy/cgsh_order_operate.html?command=get_materiel&rest_code=00157&code=00101040027&supplier_code=00100503&order_time=2023-07-19 HTTP/1.1" 200 430
58.39.105.90 - - [20/Jul/2023:10:33:47 +0800] "GET /xingrg/all/function/internal_message.html?_=1689820427763&CODE_STATE=getMsg HTTP/1.1" 200 27
101.83.145.37 - - [20/Jul/2023:10:33:48 +0800] "GET /xingrg/all/function/internal_message.html?_=1689820428089&CODE_STATE=getMsg HTTP/1.1" 200 27
58.39.105.90 - - [20/Jul/2023:10:33:49 +0800] "POST /xingrg/kc/buy/cgsh_order_operate.html HTTP/1.1" 200 37
114.83.220.139 - - [20/Jul/2023:10:33:52 +0800] "GET /xingrg/all/function/internal_message.html?_=1689820554936&CODE_STATE=getMsg HTTP/1.1" 200 27
124.78.70.128 - - [20/Jul/2023:10:33:54 +0800] "GET /xingrg/all/function/internal_message.html?_=1689819906612&CODE_STATE=getMsg HTTP/1.1" 200 27
116.232.195.127 - - [20/Jul/2023:10:33:55 +0800] "GET /xingrg/all/function/internal_message.html?_=1689820395802&CODE_STATE=getMsg HTTP/1.1" 200 27
58.39.105.90 - - [20/Jul/2023:10:33:56 +0800] "POST /xingrg/kc/buy/cgsh_order_operate.html HTTP/1.1" 200 3268
180.165.154.167 - - [20/Jul/2023:10:33:58 +0800] "GET /xingrg/all/function/internal_message.html?_=1689820437959&CODE_STATE=getMsg HTTP/1.1" 200 27
58.39.105.90 - - [20/Jul/2023:10:33:59 +0800] "GET /xingrg/kc/print/load_data.html?order_code=212023072007733&kc_code=cgsh&condition= HTTP/1.1" 200 920
180.169.147.146 - - [20/Jul/2023:10:34:02 +0800] "GET /xingrg/all/function/internal_message.html?_=1689820442105&CODE_STATE=getMsg HTTP/1.1" 200 27
116.238.191.126 - - [20/Jul/2023:10:34:05 +0800] "GET /xingrg/all/function/internal_message.html?_=1689820445924&CODE_STATE=getMsg HTTP/1.1" 200 27
222.70.180.90 - - [20/Jul/2023:10:34:05 +0800] "GET /xingrg/all/function/internal_message.html?_=1689820499436&CODE_STATE=getMsg HTTP/1.1" 200 27
116.232.195.127 - - [20/Jul/2023:10:34:11 +0800] "GET /xingrg/all/function/internal_message.html?_=1689820411198&CODE_STATE=getMsg HTTP/1.1" 200 27
218.81.221.197 - - [20/Jul/2023:10:34:12 +0800] "GET /xingrg/all/function/internal_message.html?_=1689820466527&CODE_STATE=getMsg HTTP/1.1" 200 27
222.70.180.90 - - [20/Jul/2023:10:34:16 +0800] "GET /xingrg/check_reg.html?_=1689820510481 HTTP/1.1" 200 22
116.238.191.126 - - [20/Jul/2023:10:34:17 +0800] "GET /xingrg/all/function/internal_message.html?_=1689820350430&CODE_STATE=getMsg HTTP/1.1" 200 27
58.39.105.90 - - [20/Jul/2023:10:34:17 +0800] "GET /xingrg/kc/buy/cgsh_order_add.html HTTP/1.1" 200 70743
58.39.105.90 - - [20/Jul/2023:10:34:18 +0800] "POST /xingrg/kc/buy/cgsh_order_operate.html HTTP/1.1" 200 8245
58.39.105.90 - - [20/Jul/2023:10:34:18 +0800] "GET /xingrg/javascript/easyui/themes/default/validatebox.css HTTP/1.1" 404 1104
114.85.113.108 - - [20/Jul/2023:10:34:20 +0800] "GET /xingrg/all/function/internal_message.html?_=1689820454717&CODE_STATE=getMsg HTTP/1.1" 200 27
222.70.114.12 - - [20/Jul/2023:10:34:24 +0800] "GET /xingrg/all/function/internal_message.html?_=1689820472607&CODE_STATE=getMsg HTTP/1.1" 200 27
180.169.147.146 - - [20/Jul/2023:10:34:24 +0800] "GET /xingrg/all/function/internal_message.html?_=1689820461962&CODE_STATE=getMsg HTTP/1.1" 200 27
222.70.180.90 - - [20/Jul/2023:10:34:25 +0800] "GET /xingrg/all/function/internal_message.html?_=1689820462642&CODE_STATE=getMsg HTTP/1.1" 200 27
101.228.187.155 - - [20/Jul/2023:10:34:26 +0800] "GET /xingrg/all/function/internal_message.html?_=1689820466793&CODE_STATE=getMsg HTTP/1.1" 200 27
101.228.187.155 - - [20/Jul/2023:10:34:26 +0800] "GET /xingrg/check_reg.html?_=1689820466794 HTTP/1.1" 200 22
58.39.105.90 - - [20/Jul/2023:10:34:35 +0800] "GET /xingrg/kc/buy/cgsh_order_operate.html?command=get_materiel&rest_code=00157&code=00101008024&supplier_code=00100556&order_time=2023-07-19 HTTP/1.1" 200 408
58.39.105.90 - - [20/Jul/2023:10:34:45 +0800] "GET /xingrg/kc/buy/cgsh_order_operate.html?command=get_materiel&rest_code=00157&code=00101008355&supplier_code=00100556&order_time=2023-07-19 HTTP/1.1" 200 408
58.39.105.90 - - [20/Jul/2023:10:34:47 +0800] "GET /xingrg/all/function/internal_message.html?_=1689820487737&CODE_STATE=getMsg HTTP/1.1" 200 27
101.83.145.37 - - [20/Jul/2023:10:34:48 +0800] "GET /xingrg/all/function/internal_message.html?_=1689820488065&CODE_STATE=getMsg HTTP/1.1" 200 27
101.83.145.37 - - [20/Jul/2023:10:34:49 +0800] "GET /xingrg/check_reg.html?_=1689820489175 HTTP/1.1" 200 22
114.83.220.139 - - [20/Jul/2023:10:34:52 +0800] "GET /xingrg/all/function/internal_message.html?_=1689820614923&CODE_STATE=getMsg HTTP/1.1" 200 27
124.78.70.128 - - [20/Jul/2023:10:34:54 +0800] "GET /xingrg/all/function/internal_message.html?_=1689819966616&CODE_STATE=getMsg HTTP/1.1" 200 27
116.232.195.127 - - [20/Jul/2023:10:34:55 +0800] "GET /xingrg/all/function/internal_message.html?_=1689820455777&CODE_STATE=getMsg HTTP/1.1" 200 27
180.165.154.167 - - [20/Jul/2023:10:34:58 +0800] "GET /xingrg/all/function/internal_message.html?_=1689820497945&CODE_STATE=getMsg HTTP/1.1" 200 27
180.165.154.167 - - [20/Jul/2023:10:34:58 +0800] "GET /xingrg/check_reg.html?_=1689820498074 HTTP/1.1" 200 22
180.169.147.146 - - [20/Jul/2023:10:35:02 +0800] "GET /xingrg/all/function/internal_message.html?_=1689820502108&CODE_STATE=getMsg HTTP/1.1" 200 27
116.238.191.126 - - [20/Jul/2023:10:35:05 +0800] "GET /xingrg/all/function/internal_message.html?_=1689820505911&CODE_STATE=getMsg HTTP/1.1" 200 27
58.39.105.90 - - [20/Jul/2023:10:35:05 +0800] "GET /xingrg/kc/buy/cgsh_order_operate.html?command=get_materiel&rest_code=00157&code=00101008361&supplier_code=00100556&order_time=2023-07-19 HTTP/1.1" 200 408
222.70.180.90 - - [20/Jul/2023:10:35:05 +0800] "GET /xingrg/all/function/internal_message.html?_=1689820559438&CODE_STATE=getMsg HTTP/1.1" 200 27
116.232.195.127 - - [20/Jul/2023:10:35:11 +0800] "GET /xingrg/all/function/internal_message.html?_=1689820471214&CODE_STATE=getMsg HTTP/1.1" 200 27
218.81.221.197 - - [20/Jul/2023:10:35:12 +0800] "GET /xingrg/all/function/internal_message.html?_=1689820526542&CODE_STATE=getMsg HTTP/1.1" 200 27
116.238.191.126 - - [20/Jul/2023:10:35:17 +0800] "GET /xingrg/all/function/internal_message.html?_=1689820410456&CODE_STATE=getMsg HTTP/1.1" 200 27
114.85.113.108 - - [20/Jul/2023:10:35:20 +0800] "GET /xingrg/all/function/internal_message.html?_=1689820514732&CODE_STATE=getMsg HTTP/1.1" 200 27
114.85.113.108 - - [20/Jul/2023:10:35:20 +0800] "GET /xingrg/check_reg.html?_=1689820514760 HTTP/1.1" 200 22
58.39.105.90 - - [20/Jul/2023:10:35:21 +0800] "GET /xingrg/kc/buy/cgsh_order_operate.html?command=get_materiel&rest_code=00157&code=00101008205&supplier_code=00100556&order_time=2023-07-19 HTTP/1.1" 200 412
222.70.114.12 - - [20/Jul/2023:10:35:24 +0800] "GET /xingrg/all/function/internal_message.html?_=1689820532598&CODE_STATE=getMsg HTTP/1.1" 200 27
222.70.114.12 - - [20/Jul/2023:10:35:24 +0800] "GET /xingrg/check_reg.html?_=1689820532606 HTTP/1.1" 200 22
180.169.147.146 - - [20/Jul/2023:10:35:24 +0800] "GET /xingrg/all/function/internal_message.html?_=1689820521962&CODE_STATE=getMsg HTTP/1.1" 200 27
222.70.180.90 - - [20/Jul/2023:10:35:25 +0800] "GET /xingrg/all/function/internal_message.html?_=1689820522641&CODE_STATE=getMsg HTTP/1.1" 200 27
101.228.187.155 - - [20/Jul/2023:10:35:26 +0800] "GET /xingrg/all/function/internal_message.html?_=1689820526792&CODE_STATE=getMsg HTTP/1.1" 200 27
124.79.79.0 - - [20/Jul/2023:10:35:31 +0800] "POST /xingrg/services/DataTransmitService HTTP/1.1" 200 524
124.79.79.0 - - [20/Jul/2023:10:35:32 +0800] "POST /xingrg/services/DataTransmitService HTTP/1.1" 200 2055
124.79.79.0 - - [20/Jul/2023:10:35:37 +0800] "POST /xingrg/services/DataTransmitService HTTP/1.1" 200 524
58.39.105.90 - - [20/Jul/2023:10:35:37 +0800] "GET /xingrg/kc/buy/cgsh_order_operate.html?command=get_materiel&rest_code=00157&code=00101015070&supplier_code=00100556&order_time=2023-07-19 HTTP/1.1" 200 413
124.79.79.0 - - [20/Jul/2023:10:35:38 +0800] "POST /xingrg/services/DataTransmitService HTTP/1.1" 200 2055
124.79.79.0 - - [20/Jul/2023:10:35:39 +0800] "POST /xingrg/services/DataTransmitService HTTP/1.1" 200 524
124.79.79.0 - - [20/Jul/2023:10:35:40 +0800] "POST /xingrg/services/DataTransmitService HTTP/1.1" 200 2055
124.79.79.0 - - [20/Jul/2023:10:35:42 +0800] "POST /xingrg/services/DataTransmitService HTTP/1.1" 200 524
124.79.79.0 - - [20/Jul/2023:10:35:42 +0800] "POST /xingrg/services/DataTransmitService HTTP/1.1" 200 2055
124.79.79.0 - - [20/Jul/2023:10:35:44 +0800] "POST /xingrg/services/DataTransmitService HTTP/1.1" 200 524
124.79.79.0 - - [20/Jul/2023:10:35:44 +0800] "POST /xingrg/services/DataTransmitService HTTP/1.1" 200 2055
124.79.79.0 - - [20/Jul/2023:10:35:46 +0800] "POST /xingrg/services/DataTransmitService HTTP/1.1" 200 524
124.79.79.0 - - [20/Jul/2023:10:35:47 +0800] "POST /xingrg/services/DataTransmitService HTTP/1.1" 200 2055
58.39.105.90 - - [20/Jul/2023:10:35:47 +0800] "GET /xingrg/all/function/internal_message.html?_=1689820547720&CODE_STATE=getMsg HTTP/1.1" 200 27
58.39.105.90 - - [20/Jul/2023:10:35:48 +0800] "GET /xingrg/check_reg.html?_=1689820547942 HTTP/1.1" 200 22
101.83.145.37 - - [20/Jul/2023:10:35:48 +0800] "GET /xingrg/all/function/internal_message.html?_=1689820548036&CODE_STATE=getMsg HTTP/1.1" 200 27
114.83.220.139 - - [20/Jul/2023:10:35:52 +0800] "GET /xingrg/all/function/internal_message.html?_=1689820674930&CODE_STATE=getMsg HTTP/1.1" 200 27
124.78.70.128 - - [20/Jul/2023:10:35:54 +0800] "GET /xingrg/all/function/internal_message.html?_=1689820026609&CODE_STATE=getMsg HTTP/1.1" 200 27
116.232.195.127 - - [20/Jul/2023:10:35:55 +0800] "GET /xingrg/all/function/internal_message.html?_=1689820515752&CODE_STATE=getMsg HTTP/1.1" 200 27
180.165.154.167 - - [20/Jul/2023:10:35:58 +0800] "GET /xingrg/all/function/internal_message.html?_=1689820557921&CODE_STATE=getMsg HTTP/1.1" 200 27
180.169.147.146 - - [20/Jul/2023:10:36:02 +0800] "GET /xingrg/all/function/internal_message.html?_=1689820562105&CODE_STATE=getMsg HTTP/1.1" 200 27
116.238.191.126 - - [20/Jul/2023:10:36:05 +0800] "GET /xingrg/all/function/internal_message.html?_=1689820565912&CODE_STATE=getMsg HTTP/1.1" 200 27
116.238.191.126 - - [20/Jul/2023:10:36:05 +0800] "GET /xingrg/check_reg.html?_=1689820565916 HTTP/1.1" 200 22
222.70.180.90 - - [20/Jul/2023:10:36:05 +0800] "GET /xingrg/all/function/internal_message.html?_=1689820619423&CODE_STATE=getMsg HTTP/1.1" 200 27
58.39.105.90 - - [20/Jul/2023:10:36:08 +0800] "GET /xingrg/kc/buy/cgsh_order_operate.html?command=get_materiel&rest_code=00157&code=00101008005&supplier_code=00100556&order_time=2023-07-19 HTTP/1.1" 200 412
116.232.195.127 - - [20/Jul/2023:10:36:11 +0800] "GET /xingrg/all/function/internal_message.html?_=1689820531196&CODE_STATE=getMsg HTTP/1.1" 200 27
218.81.221.197 - - [20/Jul/2023:10:36:13 +0800] "GET /xingrg/all/function/internal_message.html?_=1689820586810&CODE_STATE=getMsg HTTP/1.1" 200 27
116.238.191.126 - - [20/Jul/2023:10:36:17 +0800] "GET /xingrg/all/function/internal_message.html?_=1689820470473&CODE_STATE=getMsg HTTP/1.1" 200 27
114.85.113.108 - - [20/Jul/2023:10:36:20 +0800] "GET /xingrg/all/function/internal_message.html?_=1689820574730&CODE_STATE=getMsg HTTP/1.1" 200 27
58.39.105.90 - - [20/Jul/2023:10:36:24 +0800] "GET /xingrg/kc/buy/cgsh_order_operate.html?command=get_materiel&rest_code=00157&code=00101008108&supplier_code=00100556&order_time=2023-07-19 HTTP/1.1" 200 412
222.70.114.12 - - [20/Jul/2023:10:36:24 +0800] "GET /xingrg/all/function/internal_message.html?_=1689820592605&CODE_STATE=getMsg HTTP/1.1" 200 27
180.169.147.146 - - [20/Jul/2023:10:36:24 +0800] "GET /xingrg/check_reg.html?_=1689820581963 HTTP/1.1" 200 22
180.169.147.146 - - [20/Jul/2023:10:36:24 +0800] "GET /xingrg/all/function/internal_message.html?_=1689820581961&CODE_STATE=getMsg HTTP/1.1" 200 27
222.70.180.90 - - [20/Jul/2023:10:36:25 +0800] "GET /xingrg/all/function/internal_message.html?_=1689820582640&CODE_STATE=getMsg HTTP/1.1" 200 27
222.70.180.90 - - [20/Jul/2023:10:36:25 +0800] "GET /xingrg/check_reg.html?_=1689820582644 HTTP/1.1" 200 22
101.228.187.155 - - [20/Jul/2023:10:36:26 +0800] "GET /xingrg/all/function/internal_message.html?_=1689820586791&CODE_STATE=getMsg HTTP/1.1" 200 27
58.39.105.90 - - [20/Jul/2023:10:36:34 +0800] "GET /xingrg/kc/buy/cgsh_order_operate.html?command=get_materiel&rest_code=00157&code=00101008059&supplier_code=00100556&order_time=2023-07-19 HTTP/1.1" 200 408
124.78.70.128 - - [20/Jul/2023:10:36:39 +0800] "GET /xingrg/kc/buy/cgsh_order_operate.html?command=get_materiel&rest_code=00141&code=00101007024&supplier_code=00100004&order_time=2023-07-20 HTTP/1.1" 200 415
58.39.105.90 - - [20/Jul/2023:10:36:47 +0800] "GET /xingrg/kc/buy/cgsh_order_operate.html?command=get_materiel&rest_code=00157&code=00101008350&supplier_code=00100556&order_time=2023-07-19 HTTP/1.1" 200 408
58.39.105.90 - - [20/Jul/2023:10:36:47 +0800] "GET /xingrg/all/function/internal_message.html?_=1689820607708&CODE_STATE=getMsg HTTP/1.1" 200 27
101.83.145.37 - - [20/Jul/2023:10:36:48 +0800] "GET /xingrg/all/function/internal_message.html?_=1689820608014&CODE_STATE=getMsg HTTP/1.1" 200 27
114.83.220.139 - - [20/Jul/2023:10:36:52 +0800] "GET /xingrg/check_reg.html?_=1689820734934 HTTP/1.1" 200 22
114.83.220.139 - - [20/Jul/2023:10:36:52 +0800] "GET /xingrg/all/function/internal_message.html?_=1689820734935&CODE_STATE=getMsg HTTP/1.1" 200 27
124.78.70.128 - - [20/Jul/2023:10:36:54 +0800] "GET /xingrg/all/function/internal_message.html?_=1689820086609&CODE_STATE=getMsg HTTP/1.1" 200 27
124.78.70.128 - - [20/Jul/2023:10:36:54 +0800] "GET /xingrg/check_reg.html?_=1689820086611 HTTP/1.1" 200 22
116.232.195.127 - - [20/Jul/2023:10:36:55 +0800] "GET /xingrg/all/function/internal_message.html?_=1689820575738&CODE_STATE=getMsg HTTP/1.1" 200 27
180.165.154.167 - - [20/Jul/2023:10:36:58 +0800] "GET /xingrg/all/function/internal_message.html?_=1689820617911&CODE_STATE=getMsg HTTP/1.1" 200 27
180.169.147.146 - - [20/Jul/2023:10:37:02 +0800] "GET /xingrg/all/function/internal_message.html?_=1689820622104&CODE_STATE=getMsg HTTP/1.1" 200 27
180.163.29.79 - - [20/Jul/2023:10:37:02 +0800] "GET /xingrg/all/function/internal_message.html?_=1689820562105&CODE_STATE=getMsg HTTP/1.1" 302 -
180.163.29.79 - - [20/Jul/2023:10:37:02 +0800] "GET /xingrg/login.html HTTP/1.1" 200 7641
116.238.191.126 - - [20/Jul/2023:10:37:05 +0800] "GET /xingrg/all/function/internal_message.html?_=1689820625915&CODE_STATE=getMsg HTTP/1.1" 200 27
222.70.180.90 - - [20/Jul/2023:10:37:05 +0800] "GET /xingrg/all/function/internal_message.html?_=1689820679417&CODE_STATE=getMsg HTTP/1.1" 200 27
116.232.195.127 - - [20/Jul/2023:10:37:11 +0800] "GET /xingrg/all/function/internal_message.html?_=1689820591210&CODE_STATE=getMsg HTTP/1.1" 200 27
116.232.195.127 - - [20/Jul/2023:10:37:11 +0800] "GET /xingrg/check_reg.html?_=1689820591211 HTTP/1.1" 200 22
218.81.221.197 - - [20/Jul/2023:10:37:13 +0800] "GET /xingrg/all/function/internal_message.html?_=1689820646817&CODE_STATE=getMsg HTTP/1.1" 200 27
124.78.70.128 - - [20/Jul/2023:10:37:15 +0800] "GET /xingrg/kc/buy/cgsh_order_operate.html?command=get_materiel&rest_code=00141&code=00101007061&supplier_code=00100004&order_time=2023-07-20 HTTP/1.1" 200 409
116.238.191.126 - - [20/Jul/2023:10:37:17 +0800] "GET /xingrg/all/function/internal_message.html?_=1689820530500&CODE_STATE=getMsg HTTP/1.1" 200 27
114.85.113.108 - - [20/Jul/2023:10:37:20 +0800] "GET /xingrg/all/function/internal_message.html?_=1689820634733&CODE_STATE=getMsg HTTP/1.1" 200 27
58.39.105.90 - - [20/Jul/2023:10:37:20 +0800] "GET /xingrg/kc/buy/cgsh_order_operate.html?command=get_materiel&rest_code=00157&code=00101008298&supplier_code=00100556&order_time=2023-07-19 HTTP/1.1" 200 413
222.70.114.12 - - [20/Jul/2023:10:37:24 +0800] "GET /xingrg/all/function/internal_message.html?_=1689820652597&CODE_STATE=getMsg HTTP/1.1" 200 27
180.169.147.146 - - [20/Jul/2023:10:37:24 +0800] "GET /xingrg/all/function/internal_message.html?_=1689820641961&CODE_STATE=getMsg HTTP/1.1" 200 27
222.70.180.90 - - [20/Jul/2023:10:37:25 +0800] "GET /xingrg/all/function/internal_message.html?_=1689820642644&CODE_STATE=getMsg HTTP/1.1" 200 27
101.228.187.155 - - [20/Jul/2023:10:37:26 +0800] "GET /xingrg/all/function/internal_message.html?_=1689820646789&CODE_STATE=getMsg HTTP/1.1" 200 27
124.78.70.128 - - [20/Jul/2023:10:37:32 +0800] "GET /xingrg/kc/buy/cgsh_order_operate.html?command=get_materiel&rest_code=00141&code=00101007038&supplier_code=00100004&order_time=2023-07-20 HTTP/1.1" 200 420
58.39.105.90 - - [20/Jul/2023:10:37:33 +0800] "GET /xingrg/kc/buy/cgsh_order_operate.html?command=get_materiel&rest_code=00157&code=00101008264&supplier_code=00100556&order_time=2023-07-19 HTTP/1.1" 200 412
116.238.191.126 - - [20/Jul/2023:10:37:43 +0800] "GET /xingrg/check_reg.html?_=1689820556429 HTTP/1.1" 200 22
58.39.105.90 - - [20/Jul/2023:10:37:46 +0800] "GET /xingrg/kc/buy/cgsh_order_operate.html?command=get_materiel&rest_code=00157&code=00101008072&supplier_code=00100556&order_time=2023-07-19 HTTP/1.1" 200 408
124.78.70.128 - - [20/Jul/2023:10:37:47 +0800] "GET /xingrg/kc/buy/cgsh_order_operate.html?command=get_materiel&rest_code=00141&code=00101007027&supplier_code=00100004&order_time=2023-07-20 HTTP/1.1" 200 427
58.39.105.90 - - [20/Jul/2023:10:37:47 +0800] "GET /xingrg/all/function/internal_message.html?_=1689820667699&CODE_STATE=getMsg HTTP/1.1" 200 27
101.83.145.37 - - [20/Jul/2023:10:37:48 +0800] "GET /xingrg/all/function/internal_message.html?_=1689820667984&CODE_STATE=getMsg HTTP/1.1" 200 27
114.83.220.139 - - [20/Jul/2023:10:37:52 +0800] "GET /xingrg/all/function/internal_message.html?_=1689820794941&CODE_STATE=getMsg HTTP/1.1" 200 27
124.78.70.128 - - [20/Jul/2023:10:37:54 +0800] "GET /xingrg/all/function/internal_message.html?_=1689820146634&CODE_STATE=getMsg HTTP/1.1" 200 27
116.232.195.127 - - [20/Jul/2023:10:37:55 +0800] "GET /xingrg/all/function/internal_message.html?_=1689820635722&CODE_STATE=getMsg HTTP/1.1" 200 27
116.232.195.127 - - [20/Jul/2023:10:37:57 +0800] "GET /xingrg/check_reg.html?_=1689820637370 HTTP/1.1" 200 22
180.165.154.167 - - [20/Jul/2023:10:37:58 +0800] "GET /xingrg/all/function/internal_message.html?_=1689820677909&CODE_STATE=getMsg HTTP/1.1" 200 27
124.78.70.128 - - [20/Jul/2023:10:38:00 +0800] "GET /xingrg/kc/buy/cgsh_order_operate.html?command=get_materiel&rest_code=00141&code=00101007181&supplier_code=00100004&order_time=2023-07-20 HTTP/1.1" 200 412
180.169.147.146 - - [20/Jul/2023:10:38:02 +0800] "GET /xingrg/check_reg.html?_=1689820682103 HTTP/1.1" 200 22
180.169.147.146 - - [20/Jul/2023:10:38:02 +0800] "GET /xingrg/all/function/internal_message.html?_=1689820682101&CODE_STATE=getMsg HTTP/1.1" 200 27
116.238.191.126 - - [20/Jul/2023:10:38:05 +0800] "GET /xingrg/all/function/internal_message.html?_=1689820685925&CODE_STATE=getMsg HTTP/1.1" 200 27
222.70.180.90 - - [20/Jul/2023:10:38:05 +0800] "GET /xingrg/all/function/internal_message.html?_=1689820739436&CODE_STATE=getMsg HTTP/1.1" 200 27
58.39.105.90 - - [20/Jul/2023:10:38:06 +0800] "GET /xingrg/kc/buy/cgsh_order_operate.html?command=get_materiel&rest_code=00157&code=00101008210&supplier_code=00100556&order_time=2023-07-19 HTTP/1.1" 200 408
180.157.253.91 - - [20/Jul/2023:10:38:07 +0800] "GET /xingrg/check_reg.html?_=1689820685926 HTTP/1.1" 200 22
218.81.221.197 - - [20/Jul/2023:10:38:11 +0800] "GET /xingrg/check_reg.html?_=1689820704833 HTTP/1.1" 200 22
116.232.195.127 - - [20/Jul/2023:10:38:11 +0800] "GET /xingrg/all/function/internal_message.html?_=1689820651211&CODE_STATE=getMsg HTTP/1.1" 200 27
218.81.221.197 - - [20/Jul/2023:10:38:13 +0800] "GET /xingrg/all/function/internal_message.html?_=1689820706830&CODE_STATE=getMsg HTTP/1.1" 200 27
116.238.191.126 - - [20/Jul/2023:10:38:17 +0800] "GET /xingrg/all/function/internal_message.html?_=1689820590516&CODE_STATE=getMsg HTTP/1.1" 200 27
114.85.113.108 - - [20/Jul/2023:10:38:20 +0800] "GET /xingrg/all/function/internal_message.html?_=1689820694726&CODE_STATE=getMsg HTTP/1.1" 200 27
58.39.105.90 - - [20/Jul/2023:10:38:21 +0800] "GET /xingrg/kc/buy/cgsh_order_operate.html?command=get_materiel&rest_code=00157&code=00101008351&supplier_code=00100556&order_time=2023-07-19 HTTP/1.1" 200 408
222.70.114.12 - - [20/Jul/2023:10:38:24 +0800] "GET /xingrg/all/function/internal_message.html?_=1689820712603&CODE_STATE=getMsg HTTP/1.1" 200 27
180.169.147.146 - - [20/Jul/2023:10:38:24 +0800] "GET /xingrg/all/function/internal_message.html?_=1689820701961&CODE_STATE=getMsg HTTP/1.1" 200 27
222.70.180.90 - - [20/Jul/2023:10:38:25 +0800] "GET /xingrg/all/function/internal_message.html?_=1689820702644&CODE_STATE=getMsg HTTP/1.1" 200 27
101.228.187.155 - - [20/Jul/2023:10:38:26 +0800] "GET /xingrg/all/function/internal_message.html?_=1689820706788&CODE_STATE=getMsg HTTP/1.1" 200 27
58.39.105.90 - - [20/Jul/2023:10:38:37 +0800] "POST /xingrg/kc/buy/cgsh_order_operate.html HTTP/1.1" 200 37
124.78.70.128 - - [20/Jul/2023:10:38:42 +0800] "POST /xingrg/kc/buy/cgsh_order_operate.html HTTP/1.1" 200 88
58.39.105.90 - - [20/Jul/2023:10:38:46 +0800] "POST /xingrg/kc/buy/cgsh_order_operate.html HTTP/1.1" 200 10332
58.39.105.90 - - [20/Jul/2023:10:38:47 +0800] "GET /xingrg/all/function/internal_message.html?_=1689820727682&CODE_STATE=getMsg HTTP/1.1" 200 27
