120.253.135.82 - - [20/Jul/2023:06:18:24 +0800] "GET /xingrg/kc/pszx/mdqp_order_list.html?state=10 HTTP/1.1" 200 11922
120.253.135.82 - - [20/Jul/2023:06:18:24 +0800] "GET /xingrg/css/blue.css HTTP/1.1" 304 -
120.253.135.82 - - [20/Jul/2023:06:18:24 +0800] "GET /xingrg/dwr/util.js HTTP/1.1" 304 -
120.253.135.82 - - [20/Jul/2023:06:18:24 +0800] "GET /xingrg/javascript/pic_change.js HTTP/1.1" 304 -
120.253.135.82 - - [20/Jul/2023:06:18:24 +0800] "GET /xingrg/javascript/Calendar.js HTTP/1.1" 304 -
120.253.135.82 - - [20/Jul/2023:06:18:24 +0800] "GET /xingrg/dwr/interface/AjaxReportQueryService.js HTTP/1.1" 200 13203
120.253.135.82 - - [20/Jul/2023:06:18:24 +0800] "GET /xingrg/dwr/engine.js HTTP/1.1" 200 43631
120.253.135.82 - - [20/Jul/2023:06:18:24 +0800] "GET /xingrg/dwr/interface/AjaxQqpsService.js HTTP/1.1" 200 16326
120.253.135.82 - - [20/Jul/2023:06:18:24 +0800] "GET /xingrg/javascript/jquery_easy_ui/themes/default/easyui.css HTTP/1.1" 304 -
120.253.135.82 - - [20/Jul/2023:06:18:24 +0800] "GET /xingrg/javascript/jquery_easy_ui/themes/icon.css HTTP/1.1" 304 -
120.253.135.82 - - [20/Jul/2023:06:18:24 +0800] "GET /xingrg/javascript/myfunction.js HTTP/1.1" 304 -
120.253.135.82 - - [20/Jul/2023:06:18:25 +0800] "GET /favicon.ico HTTP/1.1" 404 -
120.253.135.82 - - [20/Jul/2023:06:18:26 +0800] "GET /xingrg/kc/pszx/mdqp_order_list.html?isBack=1 HTTP/1.1" 302 -
120.253.135.82 - - [20/Jul/2023:06:18:27 +0800] "GET /xingrg/kc/pszx/mdqp_order_list.html?state=10 HTTP/1.1" 200 11922
120.253.135.82 - - [20/Jul/2023:06:18:27 +0800] "GET /xingrg/dwr/interface/AjaxQqpsService.js HTTP/1.1" 200 16326
120.253.135.82 - - [20/Jul/2023:06:18:27 +0800] "GET /xingrg/dwr/interface/AjaxReportQueryService.js HTTP/1.1" 200 13203
120.253.135.82 - - [20/Jul/2023:06:18:27 +0800] "GET /xingrg/dwr/engine.js HTTP/1.1" 200 43631
120.253.135.82 - - [20/Jul/2023:06:18:30 +0800] "GET /xingrg/kc/pszx/mdqp_order_info.html?code=302023071900360 HTTP/1.1" 200 13350
120.253.135.82 - - [20/Jul/2023:06:18:30 +0800] "GET /xingrg/dwr/interface/AjaxComOrderService.js HTTP/1.1" 200 18264
120.253.135.82 - - [20/Jul/2023:06:18:30 +0800] "GET /xingrg/dwr/interface/AjaxQqpsService.js HTTP/1.1" 200 16326
120.253.135.82 - - [20/Jul/2023:06:18:30 +0800] "GET /xingrg/dwr/engine.js HTTP/1.1" 200 43631
120.253.135.82 - - [20/Jul/2023:06:18:31 +0800] "POST /xingrg/dwr/call/plaincall/AjaxQqpsService.loadMaterielItems.dwr HTTP/1.1" 200 5596
120.253.135.82 - - [20/Jul/2023:06:18:33 +0800] "GET /xingrg/kc/pszx/mdqp_order_list.html?isBack=1 HTTP/1.1" 302 -
120.253.135.82 - - [20/Jul/2023:06:18:33 +0800] "GET /xingrg/images/yd/bt.gif HTTP/1.1" 404 1040
120.253.135.82 - - [20/Jul/2023:06:18:33 +0800] "GET /xingrg/images/yd/bt2.gif HTTP/1.1" 404 1042
120.253.135.82 - - [20/Jul/2023:06:18:34 +0800] "GET /xingrg/kc/pszx/mdqp_order_list.html?state=10 HTTP/1.1" 200 11922
120.253.135.82 - - [20/Jul/2023:06:18:34 +0800] "GET /xingrg/dwr/interface/AjaxQqpsService.js HTTP/1.1" 200 16326
120.253.135.82 - - [20/Jul/2023:06:18:34 +0800] "GET /xingrg/dwr/interface/AjaxReportQueryService.js HTTP/1.1" 200 13203
120.253.135.82 - - [20/Jul/2023:06:18:34 +0800] "GET /xingrg/dwr/engine.js HTTP/1.1" 200 43631
120.253.135.82 - - [20/Jul/2023:06:18:37 +0800] "GET /xingrg/kc/pszx/mdqp_order_info.html?code=302023071900359 HTTP/1.1" 200 13350
120.253.135.82 - - [20/Jul/2023:06:18:37 +0800] "GET /xingrg/dwr/interface/AjaxComOrderService.js HTTP/1.1" 200 18264
120.253.135.82 - - [20/Jul/2023:06:18:37 +0800] "GET /xingrg/dwr/interface/AjaxQqpsService.js HTTP/1.1" 200 16326
120.253.135.82 - - [20/Jul/2023:06:18:37 +0800] "GET /xingrg/dwr/engine.js HTTP/1.1" 200 43631
120.253.135.82 - - [20/Jul/2023:06:18:38 +0800] "GET /xingrg/all/function/internal_message.html?_=1689804942286&CODE_STATE=getMsg HTTP/1.1" 200 27
120.253.135.82 - - [20/Jul/2023:06:18:38 +0800] "POST /xingrg/dwr/call/plaincall/AjaxQqpsService.loadMaterielItems.dwr HTTP/1.1" 200 329
120.253.135.82 - - [20/Jul/2023:06:18:41 +0800] "GET /xingrg/kc/pszx/mdqp_order_list.html?isBack=1 HTTP/1.1" 302 -
120.253.135.82 - - [20/Jul/2023:06:18:41 +0800] "GET /xingrg/kc/pszx/mdqp_order_list.html?state=10 HTTP/1.1" 200 11922
120.253.135.82 - - [20/Jul/2023:06:18:41 +0800] "GET /xingrg/dwr/interface/AjaxReportQueryService.js HTTP/1.1" 200 13203
120.253.135.82 - - [20/Jul/2023:06:18:42 +0800] "GET /xingrg/dwr/interface/AjaxQqpsService.js HTTP/1.1" 200 16326
120.253.135.82 - - [20/Jul/2023:06:18:42 +0800] "GET /xingrg/dwr/engine.js HTTP/1.1" 200 43631
120.253.135.82 - - [20/Jul/2023:06:18:44 +0800] "GET /xingrg/kc/pszx/mdqp_order_info.html?code=302023071900361 HTTP/1.1" 200 13350
120.253.135.82 - - [20/Jul/2023:06:18:44 +0800] "GET /xingrg/dwr/interface/AjaxQqpsService.js HTTP/1.1" 200 16326
120.253.135.82 - - [20/Jul/2023:06:18:44 +0800] "GET /xingrg/dwr/interface/AjaxComOrderService.js HTTP/1.1" 200 18264
120.253.135.82 - - [20/Jul/2023:06:18:44 +0800] "GET /xingrg/dwr/engine.js HTTP/1.1" 200 43631
120.253.135.82 - - [20/Jul/2023:06:18:45 +0800] "POST /xingrg/dwr/call/plaincall/AjaxQqpsService.loadMaterielItems.dwr HTTP/1.1" 200 2341
180.169.147.146 - - [20/Jul/2023:06:18:52 +0800] "GET /xingrg/all/function/internal_message.html?_=1689805132742&CODE_STATE=getMsg HTTP/1.1" 200 27
180.163.29.234 - - [20/Jul/2023:06:18:52 +0800] "GET /xingrg/all/function/internal_message.html?_=1689805072737&CODE_STATE=getMsg HTTP/1.1" 302 -
116.238.191.126 - - [20/Jul/2023:06:18:53 +0800] "GET /xingrg/all/function/internal_message.html?_=1689805026732&CODE_STATE=getMsg HTTP/1.1" 200 27
180.163.29.234 - - [20/Jul/2023:06:18:53 +0800] "GET /xingrg/login.html HTTP/1.1" 200 7641
222.70.180.90 - - [20/Jul/2023:06:19:05 +0800] "GET /xingrg/check_reg.html?_=1689805199437 HTTP/1.1" 200 22
222.70.180.90 - - [20/Jul/2023:06:19:05 +0800] "GET /xingrg/all/function/internal_message.html?_=1689805199434&CODE_STATE=getMsg HTTP/1.1" 200 27
120.253.135.82 - - [20/Jul/2023:06:19:07 +0800] "GET /xingrg/kc/pszx/mdqp_order_list.html?isBack=1 HTTP/1.1" 302 -
120.253.135.82 - - [20/Jul/2023:06:19:07 +0800] "GET /xingrg/images/yd/bt.gif HTTP/1.1" 404 1040
120.253.135.82 - - [20/Jul/2023:06:19:07 +0800] "GET /xingrg/images/yd/bt2.gif HTTP/1.1" 404 1042
120.253.135.82 - - [20/Jul/2023:06:19:08 +0800] "GET /xingrg/kc/pszx/mdqp_order_list.html?state=10 HTTP/1.1" 200 11922
120.253.135.82 - - [20/Jul/2023:06:19:08 +0800] "GET /xingrg/dwr/interface/AjaxQqpsService.js HTTP/1.1" 200 16326
120.253.135.82 - - [20/Jul/2023:06:19:08 +0800] "GET /xingrg/dwr/interface/AjaxReportQueryService.js HTTP/1.1" 200 13203
120.253.135.82 - - [20/Jul/2023:06:19:08 +0800] "GET /xingrg/dwr/engine.js HTTP/1.1" 200 43631
218.81.221.197 - - [20/Jul/2023:06:19:09 +0800] "GET /xingrg/all/function/internal_message.html?_=1689805162541&CODE_STATE=getMsg HTTP/1.1" 200 27
116.232.195.127 - - [20/Jul/2023:06:19:10 +0800] "GET /xingrg/all/function/internal_message.html?_=1689805111192&CODE_STATE=getMsg HTTP/1.1" 200 27
120.253.135.82 - - [20/Jul/2023:06:19:11 +0800] "GET /xingrg/kc/pszx/jzcl_cg.html HTTP/1.1" 200 10102
120.253.135.82 - - [20/Jul/2023:06:19:11 +0800] "GET /xingrg/dwr/interface/AjaxReportQueryService.js HTTP/1.1" 200 13203
120.253.135.82 - - [20/Jul/2023:06:19:11 +0800] "GET /xingrg/dwr/engine.js HTTP/1.1" 200 43631
120.253.135.82 - - [20/Jul/2023:06:19:15 +0800] "GET /xingrg/kc/pszx/jzcl_ps.html HTTP/1.1" 200 7683
120.253.135.82 - - [20/Jul/2023:06:19:15 +0800] "POST /xingrg/all/common/load_tree.html?tree=area_rest_tree_json HTTP/1.1" 200 3499
120.253.135.82 - - [20/Jul/2023:06:19:16 +0800] "POST /xingrg/kc/pszx/jzcl_ps_operate.html HTTP/1.1" 200 1685
120.253.135.82 - - [20/Jul/2023:06:19:16 +0800] "POST /xingrg/kc/pszx/jzcl_ps_operate.html HTTP/1.1" 200 1685
114.85.113.108 - - [20/Jul/2023:06:19:20 +0800] "GET /xingrg/all/function/internal_message.html?_=1689805154458&CODE_STATE=getMsg HTTP/1.1" 200 27
120.253.135.82 - - [20/Jul/2023:06:19:38 +0800] "GET /xingrg/all/function/internal_message.html?_=1689805002383&CODE_STATE=getMsg HTTP/1.1" 200 27
180.169.147.146 - - [20/Jul/2023:06:19:52 +0800] "GET /xingrg/all/function/internal_message.html?_=1689805192730&CODE_STATE=getMsg HTTP/1.1" 200 27
116.238.191.126 - - [20/Jul/2023:06:19:53 +0800] "GET /xingrg/all/function/internal_message.html?_=1689805086758&CODE_STATE=getMsg HTTP/1.1" 200 27
120.253.135.82 - - [20/Jul/2023:06:19:58 +0800] "POST /xingrg/kc/pszx/jzcl_ps_operate.html HTTP/1.1" 200 4
218.81.221.197 - - [20/Jul/2023:06:20:01 +0800] "POST /xingrg/kc/buy/cgsh_list_operate.html HTTP/1.1" 200 4
222.70.180.90 - - [20/Jul/2023:06:20:05 +0800] "GET /xingrg/all/function/internal_message.html?_=1689805259427&CODE_STATE=getMsg HTTP/1.1" 200 27
116.232.195.127 - - [20/Jul/2023:06:20:10 +0800] "GET /xingrg/all/function/internal_message.html?_=1689805171202&CODE_STATE=getMsg HTTP/1.1" 200 27
120.253.135.82 - - [20/Jul/2023:06:20:13 +0800] "GET /xingrg/kc/pszx/mdps_order_list.html HTTP/1.1" 200 21032
120.253.135.82 - - [20/Jul/2023:06:20:13 +0800] "POST /xingrg/kc/pszx/jzcl_ps_operate.html HTTP/1.1" 200 412
120.253.135.82 - - [20/Jul/2023:06:20:13 +0800] "POST /xingrg/kc/pszx/mdps_list_operate.html HTTP/1.1" 200 5232
114.85.113.108 - - [20/Jul/2023:06:20:20 +0800] "GET /xingrg/all/function/internal_message.html?_=1689805214462&CODE_STATE=getMsg HTTP/1.1" 200 27
114.85.113.108 - - [20/Jul/2023:06:20:20 +0800] "GET /xingrg/check_reg.html?_=1689805214469 HTTP/1.1" 200 22
120.253.135.82 - - [20/Jul/2023:06:20:30 +0800] "POST /xingrg/kc/pszx/mdps_list_operate.html HTTP/1.1" 200 3181
120.253.135.82 - - [20/Jul/2023:06:20:33 +0800] "POST /xingrg/kc/pszx/mdps_list_operate.html HTTP/1.1" 200 290
120.253.135.82 - - [20/Jul/2023:06:20:35 +0800] "POST /xingrg/kc/pszx/mdps_list_operate.html HTTP/1.1" 200 213
120.253.135.82 - - [20/Jul/2023:06:20:38 +0800] "GET /xingrg/check_reg.html?_=1689805061765 HTTP/1.1" 200 22
120.253.135.82 - - [20/Jul/2023:06:20:38 +0800] "POST /xingrg/kc/pszx/mdps_list_operate.html HTTP/1.1" 200 635
120.253.135.82 - - [20/Jul/2023:06:20:38 +0800] "GET /xingrg/all/function/internal_message.html?_=1689805062390&CODE_STATE=getMsg HTTP/1.1" 200 27
120.253.135.82 - - [20/Jul/2023:06:20:40 +0800] "GET /xingrg/kc/pszx/mdps_order_info.html?code=312023072000430 HTTP/1.1" 200 23978
120.253.135.82 - - [20/Jul/2023:06:20:41 +0800] "GET /xingrg/javascript/easyui/themes/default/validatebox.css HTTP/1.1" 404 1104
218.81.221.197 - - [20/Jul/2023:06:20:42 +0800] "POST /xingrg/kc/buy/cgsh_list_operate.html HTTP/1.1" 200 4017
120.253.135.82 - - [20/Jul/2023:06:20:42 +0800] "POST /xingrg/kc/pszx/mdps_order_operate.html HTTP/1.1" 200 10840
120.253.135.82 - - [20/Jul/2023:06:20:49 +0800] "POST /xingrg/kc/pszx/mdps_order_operate.html HTTP/1.1" 200 37
120.253.135.82 - - [20/Jul/2023:06:20:51 +0800] "GET /xingrg/kc/pszx/mdps_order_info.html?code=312023072000430 HTTP/1.1" 200 23978
218.81.221.197 - - [20/Jul/2023:06:20:51 +0800] "POST /xingrg/kc/buy/cgsh_list_operate.html HTTP/1.1" 200 561
180.163.28.109 - - [20/Jul/2023:06:20:52 +0800] "GET /xingrg/all/function/internal_message.html?_=1689805192730&CODE_STATE=getMsg HTTP/1.1" 302 -
120.253.135.82 - - [20/Jul/2023:06:20:52 +0800] "GET /xingrg/javascript/easyui/themes/default/validatebox.css HTTP/1.1" 404 1104
120.253.135.82 - - [20/Jul/2023:06:20:52 +0800] "POST /xingrg/kc/pszx/mdps_order_operate.html HTTP/1.1" 200 10982
180.169.147.146 - - [20/Jul/2023:06:20:52 +0800] "GET /xingrg/all/function/internal_message.html?_=1689805252749&CODE_STATE=getMsg HTTP/1.1" 200 27
116.238.191.126 - - [20/Jul/2023:06:20:53 +0800] "GET /xingrg/all/function/internal_message.html?_=1689805146760&CODE_STATE=getMsg HTTP/1.1" 200 27
180.163.28.109 - - [20/Jul/2023:06:20:53 +0800] "GET /xingrg/login.html HTTP/1.1" 200 7641
218.81.221.197 - - [20/Jul/2023:06:20:58 +0800] "GET /xingrg/all/function/internal_message.html?_=1689805271999&CODE_STATE=getMsg HTTP/1.1" 200 27
222.70.180.90 - - [20/Jul/2023:06:21:05 +0800] "GET /xingrg/all/function/internal_message.html?_=1689805319430&CODE_STATE=getMsg HTTP/1.1" 200 27
116.232.195.127 - - [20/Jul/2023:06:21:10 +0800] "GET /xingrg/all/function/internal_message.html?_=1689805231196&CODE_STATE=getMsg HTTP/1.1" 200 27
114.85.113.108 - - [20/Jul/2023:06:21:20 +0800] "GET /xingrg/all/function/internal_message.html?_=1689805274457&CODE_STATE=getMsg HTTP/1.1" 200 27
120.253.135.82 - - [20/Jul/2023:06:21:38 +0800] "GET /xingrg/all/function/internal_message.html?_=1689805122404&CODE_STATE=getMsg HTTP/1.1" 200 27
180.163.30.76 - - [20/Jul/2023:06:21:52 +0800] "GET /xingrg/all/function/internal_message.html?_=1689805252749&CODE_STATE=getMsg HTTP/1.1" 302 -
180.163.30.76 - - [20/Jul/2023:06:21:52 +0800] "GET /xingrg/login.html HTTP/1.1" 200 7641
180.169.147.146 - - [20/Jul/2023:06:21:52 +0800] "GET /xingrg/all/function/internal_message.html?_=1689805312725&CODE_STATE=getMsg HTTP/1.1" 200 27
116.238.191.126 - - [20/Jul/2023:06:21:53 +0800] "GET /xingrg/all/function/internal_message.html?_=1689805206782&CODE_STATE=getMsg HTTP/1.1" 200 27
218.81.221.197 - - [20/Jul/2023:06:21:58 +0800] "GET /xingrg/all/function/internal_message.html?_=1689805332011&CODE_STATE=getMsg HTTP/1.1" 200 27
218.81.221.197 - - [20/Jul/2023:06:22:01 +0800] "POST /xingrg/kc/buy/cgsh_list_operate.html HTTP/1.1" 200 4
222.70.180.90 - - [20/Jul/2023:06:22:05 +0800] "GET /xingrg/all/function/internal_message.html?_=1689805379422&CODE_STATE=getMsg HTTP/1.1" 200 27
116.232.195.127 - - [20/Jul/2023:06:22:10 +0800] "GET /xingrg/all/function/internal_message.html?_=1689805291200&CODE_STATE=getMsg HTTP/1.1" 200 27
116.232.195.127 - - [20/Jul/2023:06:22:10 +0800] "GET /xingrg/check_reg.html?_=1689805291201 HTTP/1.1" 200 22
114.85.113.108 - - [20/Jul/2023:06:22:20 +0800] "GET /xingrg/all/function/internal_message.html?_=1689805334457&CODE_STATE=getMsg HTTP/1.1" 200 27
218.81.221.197 - - [20/Jul/2023:06:22:21 +0800] "POST /xingrg/kc/buy/cgsh_list_operate.html HTTP/1.1" 200 986
120.253.135.82 - - [20/Jul/2023:06:22:23 +0800] "GET /xingrg/kc/pszx/mdps_order_operate.html?command=get_materiel&pszx_code=00101&rest_code=00156&base_code=0010246&code=00101018006 HTTP/1.1" 200 431
120.253.135.82 - - [20/Jul/2023:06:22:32 +0800] "POST /xingrg/all/common/load_select.html HTTP/1.1" 200 25
120.253.135.82 - - [20/Jul/2023:06:22:34 +0800] "GET /xingrg/kc/pszx/mdps_order_operate.html?command=get_materiel_price&pszx_code=00101&rest_code=00156&base_code=0010246&code=00101029097&unit_code=00100157&order_time=2023-07-21 HTTP/1.1" 200 34
120.253.135.82 - - [20/Jul/2023:06:22:38 +0800] "GET /xingrg/all/function/internal_message.html?_=1689805182418&CODE_STATE=getMsg HTTP/1.1" 200 27
116.238.191.126 - - [20/Jul/2023:06:22:42 +0800] "GET /xingrg/check_reg.html?_=1689805256133 HTTP/1.1" 200 22
180.163.28.114 - - [20/Jul/2023:06:22:52 +0800] "GET /xingrg/all/function/internal_message.html?_=1689805312725&CODE_STATE=getMsg HTTP/1.1" 302 -
180.163.28.114 - - [20/Jul/2023:06:22:52 +0800] "GET /xingrg/login.html HTTP/1.1" 200 7641
180.169.147.146 - - [20/Jul/2023:06:22:52 +0800] "GET /xingrg/all/function/internal_message.html?_=1689805372739&CODE_STATE=getMsg HTTP/1.1" 200 27
180.169.147.146 - - [20/Jul/2023:06:22:52 +0800] "GET /xingrg/check_reg.html?_=1689805372767 HTTP/1.1" 200 22
116.238.191.126 - - [20/Jul/2023:06:22:53 +0800] "GET /xingrg/all/function/internal_message.html?_=1689805266787&CODE_STATE=getMsg HTTP/1.1" 200 27
120.253.135.82 - - [20/Jul/2023:06:22:55 +0800] "POST /xingrg/kc/pszx/mdps_order_operate.html HTTP/1.1" 200 37
120.253.135.82 - - [20/Jul/2023:06:22:57 +0800] "GET /xingrg/kc/pszx/mdps_order_info.html?code=312023072000430 HTTP/1.1" 200 23978
120.253.135.82 - - [20/Jul/2023:06:22:58 +0800] "GET /xingrg/javascript/easyui/themes/default/validatebox.css HTTP/1.1" 404 1104
218.81.221.197 - - [20/Jul/2023:06:22:58 +0800] "GET /xingrg/all/function/internal_message.html?_=1689805392057&CODE_STATE=getMsg HTTP/1.1" 200 27
120.253.135.82 - - [20/Jul/2023:06:22:58 +0800] "POST /xingrg/kc/pszx/mdps_order_operate.html HTTP/1.1" 200 10973
222.70.180.90 - - [20/Jul/2023:06:23:05 +0800] "GET /xingrg/all/function/internal_message.html?_=1689805439420&CODE_STATE=getMsg HTTP/1.1" 200 27
120.253.135.82 - - [20/Jul/2023:06:23:07 +0800] "POST /xingrg/all/common/load_select.html HTTP/1.1" 200 25
180.157.253.91 - - [20/Jul/2023:06:23:07 +0800] "GET /xingrg/check_reg.html?_=1689805386674 HTTP/1.1" 200 22
218.81.221.197 - - [20/Jul/2023:06:23:09 +0800] "GET /xingrg/check_reg.html?_=1689805402493 HTTP/1.1" 200 22
120.253.135.82 - - [20/Jul/2023:06:23:09 +0800] "GET /xingrg/kc/pszx/mdps_order_operate.html?command=get_materiel_price&pszx_code=00101&rest_code=00156&base_code=0010246&code=00101019133&unit_code=00100189&order_time=2023-07-21 HTTP/1.1" 200 35
116.232.195.127 - - [20/Jul/2023:06:23:10 +0800] "GET /xingrg/all/function/internal_message.html?_=1689805351190&CODE_STATE=getMsg HTTP/1.1" 200 27
120.253.135.82 - - [20/Jul/2023:06:23:16 +0800] "POST /xingrg/all/common/load_select.html HTTP/1.1" 200 25
120.253.135.82 - - [20/Jul/2023:06:23:18 +0800] "GET /xingrg/kc/pszx/mdps_order_operate.html?command=get_materiel_price&pszx_code=00101&rest_code=00156&base_code=0010246&code=00101019400&unit_code=00100111&order_time=2023-07-21 HTTP/1.1" 200 35
114.85.113.108 - - [20/Jul/2023:06:23:20 +0800] "GET /xingrg/all/function/internal_message.html?_=1689805394458&CODE_STATE=getMsg HTTP/1.1" 200 27
120.253.135.82 - - [20/Jul/2023:06:23:34 +0800] "POST /xingrg/kc/pszx/mdps_order_operate.html HTTP/1.1" 200 37
120.253.135.82 - - [20/Jul/2023:06:23:35 +0800] "GET /xingrg/kc/pszx/mdps_order_info.html?code=312023072000430 HTTP/1.1" 200 23978
120.253.135.82 - - [20/Jul/2023:06:23:36 +0800] "GET /xingrg/javascript/easyui/themes/default/validatebox.css HTTP/1.1" 404 1104
120.253.135.82 - - [20/Jul/2023:06:23:37 +0800] "POST /xingrg/kc/pszx/mdps_order_operate.html HTTP/1.1" 200 10970
120.253.135.82 - - [20/Jul/2023:06:23:38 +0800] "GET /xingrg/all/function/internal_message.html?_=1689805242431&CODE_STATE=getMsg HTTP/1.1" 200 27
120.253.135.82 - - [20/Jul/2023:06:23:43 +0800] "GET /xingrg/kc/pszx/mdps_order_info.html?code=312023072000430 HTTP/1.1" 200 23978
120.253.135.82 - - [20/Jul/2023:06:23:44 +0800] "GET /xingrg/javascript/easyui/themes/default/validatebox.css HTTP/1.1" 404 1104
120.253.135.82 - - [20/Jul/2023:06:23:45 +0800] "POST /xingrg/kc/pszx/mdps_order_operate.html HTTP/1.1" 200 10970
120.253.135.82 - - [20/Jul/2023:06:23:48 +0800] "POST /xingrg/kc/pszx/mdps_list_operate.html HTTP/1.1" 200 3181
120.253.135.82 - - [20/Jul/2023:06:23:49 +0800] "POST /xingrg/kc/pszx/mdps_list_operate.html HTTP/1.1" 200 607
120.253.135.82 - - [20/Jul/2023:06:23:50 +0800] "GET /xingrg/kc/pszx/mdps_order_info.html?code=312023072000431 HTTP/1.1" 200 23978
120.253.135.82 - - [20/Jul/2023:06:23:51 +0800] "GET /xingrg/javascript/easyui/themes/default/validatebox.css HTTP/1.1" 404 1104
120.253.135.82 - - [20/Jul/2023:06:23:52 +0800] "POST /xingrg/kc/pszx/mdps_order_operate.html HTTP/1.1" 200 5714
180.163.29.79 - - [20/Jul/2023:06:23:52 +0800] "GET /xingrg/all/function/internal_message.html?_=1689805372739&CODE_STATE=getMsg HTTP/1.1" 302 -
180.163.29.79 - - [20/Jul/2023:06:23:52 +0800] "GET /xingrg/login.html HTTP/1.1" 200 7641
180.169.147.146 - - [20/Jul/2023:06:23:52 +0800] "GET /xingrg/all/function/internal_message.html?_=1689805432765&CODE_STATE=getMsg HTTP/1.1" 200 27
120.253.135.82 - - [20/Jul/2023:06:23:53 +0800] "POST /xingrg/all/common/load_combo.html?type=base HTTP/1.1" 200 1169
116.238.191.126 - - [20/Jul/2023:06:23:53 +0800] "GET /xingrg/all/function/internal_message.html?_=1689805326801&CODE_STATE=getMsg HTTP/1.1" 200 27
120.253.135.82 - - [20/Jul/2023:06:23:58 +0800] "POST /xingrg/kc/pszx/mdps_order_operate.html HTTP/1.1" 200 37
218.81.221.197 - - [20/Jul/2023:06:23:58 +0800] "GET /xingrg/all/function/internal_message.html?_=1689805452071&CODE_STATE=getMsg HTTP/1.1" 200 27
120.253.135.82 - - [20/Jul/2023:06:23:59 +0800] "GET /xingrg/kc/pszx/mdps_order_info.html?code=312023072000431 HTTP/1.1" 200 23978
120.253.135.82 - - [20/Jul/2023:06:24:00 +0800] "GET /xingrg/javascript/easyui/themes/default/validatebox.css HTTP/1.1" 404 1104
120.253.135.82 - - [20/Jul/2023:06:24:01 +0800] "POST /xingrg/kc/pszx/mdps_order_operate.html HTTP/1.1" 200 5783
222.70.180.90 - - [20/Jul/2023:06:24:05 +0800] "GET /xingrg/check_reg.html?_=1689805499438 HTTP/1.1" 200 22
222.70.180.90 - - [20/Jul/2023:06:24:05 +0800] "GET /xingrg/all/function/internal_message.html?_=1689805499435&CODE_STATE=getMsg HTTP/1.1" 200 27
116.232.195.127 - - [20/Jul/2023:06:24:10 +0800] "GET /xingrg/all/function/internal_message.html?_=1689805411194&CODE_STATE=getMsg HTTP/1.1" 200 27
120.253.135.82 - - [20/Jul/2023:06:24:14 +0800] "GET /xingrg/kc/pszx/mdps_order_operate.html?command=get_materiel&pszx_code=00101&rest_code=00156&base_code=0010250&code=00102002275 HTTP/1.1" 200 450
114.85.113.108 - - [20/Jul/2023:06:24:20 +0800] "GET /xingrg/all/function/internal_message.html?_=1689805454461&CODE_STATE=getMsg HTTP/1.1" 200 27
120.253.135.82 - - [20/Jul/2023:06:24:32 +0800] "POST /xingrg/kc/pszx/mdps_order_operate.html HTTP/1.1" 200 37
120.253.135.82 - - [20/Jul/2023:06:24:35 +0800] "GET /xingrg/kc/pszx/mdps_order_info.html?code=312023072000431 HTTP/1.1" 200 23978
120.253.135.82 - - [20/Jul/2023:06:24:36 +0800] "GET /xingrg/javascript/easyui/themes/default/validatebox.css HTTP/1.1" 404 1104
120.253.135.82 - - [20/Jul/2023:06:24:37 +0800] "POST /xingrg/kc/pszx/mdps_order_operate.html HTTP/1.1" 200 5792
120.253.135.82 - - [20/Jul/2023:06:24:38 +0800] "GET /xingrg/all/function/internal_message.html?_=1689805302445&CODE_STATE=getMsg HTTP/1.1" 200 27
120.253.135.82 - - [20/Jul/2023:06:24:41 +0800] "POST /xingrg/kc/pszx/mdps_list_operate.html HTTP/1.1" 200 3181
120.253.135.82 - - [20/Jul/2023:06:24:43 +0800] "POST /xingrg/kc/pszx/mdps_list_operate.html HTTP/1.1" 200 202
120.253.135.82 - - [20/Jul/2023:06:24:45 +0800] "GET /xingrg/kc/pszx/mdps_order_info.html?code=312023072000432 HTTP/1.1" 200 23978
218.81.221.197 - - [20/Jul/2023:06:24:45 +0800] "GET /xingrg/kc/buy/cgsh_order_add.html HTTP/1.1" 200 71620
218.81.221.197 - - [20/Jul/2023:06:24:45 +0800] "GET /xingrg/javascript/pic_change.js HTTP/1.1" 304 -
218.81.221.197 - - [20/Jul/2023:06:24:45 +0800] "GET /xingrg/javascript/convert.js HTTP/1.1" 304 -
218.81.221.197 - - [20/Jul/2023:06:24:45 +0800] "GET /xingrg/javascript/jquery_tools/order_manager.js HTTP/1.1" 304 -
218.81.221.197 - - [20/Jul/2023:06:24:45 +0800] "GET /xingrg/javascript/json2.js HTTP/1.1" 304 -
218.81.221.197 - - [20/Jul/2023:06:24:45 +0800] "GET /xingrg/javascript/print/kc_print.js HTTP/1.1" 304 -
218.81.221.197 - - [20/Jul/2023:06:24:45 +0800] "GET /xingrg/words/20230719174256_words.js HTTP/1.1" 200 973265
218.81.221.197 - - [20/Jul/2023:06:24:46 +0800] "POST /xingrg/kc/buy/cgsh_order_operate.html HTTP/1.1" 200 8245
218.81.221.197 - - [20/Jul/2023:06:24:46 +0800] "GET /xingrg/javascript/easyui/themes/default/validatebox.css HTTP/1.1" 404 1104
218.81.221.197 - - [20/Jul/2023:06:24:46 +0800] "GET /xingrg/javascript/easyui/plugins/jquery.validatebox.js HTTP/1.1" 304 -
120.253.135.82 - - [20/Jul/2023:06:24:46 +0800] "GET /xingrg/javascript/easyui/themes/default/validatebox.css HTTP/1.1" 404 1104
218.81.221.197 - - [20/Jul/2023:06:24:46 +0800] "GET /xingrg/javascript/easyui/plugins/jquery.numberbox.js HTTP/1.1" 304 -
218.81.221.197 - - [20/Jul/2023:06:24:46 +0800] "GET /xingrg/all/common/auto_word.html?type=employee&rest_code=00146 HTTP/1.1" 200 101
218.81.221.197 - - [20/Jul/2023:06:24:46 +0800] "GET /xingrg/all/common/auto_word.html?type=employee&rest_code=00146 HTTP/1.1" 200 101
120.253.135.82 - - [20/Jul/2023:06:24:47 +0800] "POST /xingrg/kc/pszx/mdps_order_operate.html HTTP/1.1" 200 2271
120.253.135.82 - - [20/Jul/2023:06:24:49 +0800] "POST /xingrg/all/common/load_combo.html?type=base HTTP/1.1" 200 1169
180.163.28.55 - - [20/Jul/2023:06:24:52 +0800] "GET /xingrg/all/function/internal_message.html?_=1689805432765&CODE_STATE=getMsg HTTP/1.1" 302 -
180.163.28.55 - - [20/Jul/2023:06:24:52 +0800] "GET /xingrg/login.html HTTP/1.1" 200 7641
180.169.147.146 - - [20/Jul/2023:06:24:52 +0800] "GET /xingrg/all/function/internal_message.html?_=1689805492768&CODE_STATE=getMsg HTTP/1.1" 200 27
116.238.191.126 - - [20/Jul/2023:06:24:53 +0800] "GET /xingrg/all/function/internal_message.html?_=1689805386825&CODE_STATE=getMsg HTTP/1.1" 200 27
120.253.135.82 - - [20/Jul/2023:06:24:55 +0800] "POST /xingrg/kc/pszx/mdps_order_operate.html HTTP/1.1" 200 37
218.81.221.197 - - [20/Jul/2023:06:24:55 +0800] "GET /xingrg/kc/base/wldb_order_list.html HTTP/1.1" 200 19104
218.81.221.197 - - [20/Jul/2023:06:24:56 +0800] "POST /xingrg/kc/base/wldb_list_operate.html HTTP/1.1" 200 928
120.253.135.82 - - [20/Jul/2023:06:24:57 +0800] "GET /xingrg/kc/pszx/mdps_order_info.html?code=312023072000432 HTTP/1.1" 200 23978
120.253.135.82 - - [20/Jul/2023:06:24:57 +0800] "GET /xingrg/javascript/easyui/themes/default/validatebox.css HTTP/1.1" 404 1104
120.253.135.82 - - [20/Jul/2023:06:24:58 +0800] "POST /xingrg/kc/pszx/mdps_order_operate.html HTTP/1.1" 200 2279
218.81.221.197 - - [20/Jul/2023:06:24:58 +0800] "GET /xingrg/all/function/internal_message.html?_=1689805512083&CODE_STATE=getMsg HTTP/1.1" 200 27
218.81.221.197 - - [20/Jul/2023:06:25:01 +0800] "GET /xingrg/kc/base/wldb_order_add.html HTTP/1.1" 200 30387
218.81.221.197 - - [20/Jul/2023:06:25:01 +0800] "POST /xingrg/kc/base/wldb_order_operate.html HTTP/1.1" 200 6806
218.81.221.197 - - [20/Jul/2023:06:25:01 +0800] "GET /xingrg/all/common/auto_word.html?type=base&rest_code=00146 HTTP/1.1" 200 1799
218.81.221.197 - - [20/Jul/2023:06:25:01 +0800] "GET /xingrg/all/common/auto_word.html?type=base&rest_code=00146 HTTP/1.1" 200 1799
218.81.221.197 - - [20/Jul/2023:06:25:01 +0800] "GET /xingrg/javascript/easyui/themes/default/validatebox.css HTTP/1.1" 404 1104
222.70.180.90 - - [20/Jul/2023:06:25:05 +0800] "GET /xingrg/all/function/internal_message.html?_=1689805559426&CODE_STATE=getMsg HTTP/1.1" 200 27
120.253.135.82 - - [20/Jul/2023:06:25:08 +0800] "GET /xingrg/kc/pszx/mdps_order_operate.html?command=get_materiel&pszx_code=00101&rest_code=00156&base_code=0010252&code=00101014075 HTTP/1.1" 200 452
116.232.195.127 - - [20/Jul/2023:06:25:10 +0800] "GET /xingrg/all/function/internal_message.html?_=1689805471206&CODE_STATE=getMsg HTTP/1.1" 200 27
120.253.135.82 - - [20/Jul/2023:06:25:16 +0800] "POST /xingrg/kc/pszx/mdps_order_operate.html HTTP/1.1" 200 37
120.253.135.82 - - [20/Jul/2023:06:25:17 +0800] "GET /xingrg/kc/pszx/mdps_order_info.html?code=312023072000432 HTTP/1.1" 200 23978
120.253.135.82 - - [20/Jul/2023:06:25:18 +0800] "GET /xingrg/javascript/easyui/themes/default/validatebox.css HTTP/1.1" 404 1104
120.253.135.82 - - [20/Jul/2023:06:25:19 +0800] "POST /xingrg/kc/pszx/mdps_order_operate.html HTTP/1.1" 200 2785
218.81.221.197 - - [20/Jul/2023:06:25:19 +0800] "GET /xingrg/kc/base/wldb_order_operate.html?command=get_materiel&rest_code=00146&base_code=0010063&code=00101019238 HTTP/1.1" 200 467
114.85.113.108 - - [20/Jul/2023:06:25:20 +0800] "GET /xingrg/all/function/internal_message.html?_=1689805514460&CODE_STATE=getMsg HTTP/1.1" 200 27
114.85.113.108 - - [20/Jul/2023:06:25:20 +0800] "GET /xingrg/check_reg.html?_=1689805514465 HTTP/1.1" 200 22
120.253.135.82 - - [20/Jul/2023:06:25:20 +0800] "POST /xingrg/kc/pszx/mdps_list_operate.html HTTP/1.1" 200 3182
120.253.135.82 - - [20/Jul/2023:06:25:22 +0800] "POST /xingrg/kc/pszx/mdps_list_operate.html HTTP/1.1" 200 213
120.253.135.82 - - [20/Jul/2023:06:25:24 +0800] "GET /xingrg/kc/pszx/mdps_order_info.html?code=312023071500331 HTTP/1.1" 200 23978
120.253.135.82 - - [20/Jul/2023:06:25:24 +0800] "GET /xingrg/javascript/easyui/themes/default/validatebox.css HTTP/1.1" 404 1104
120.253.135.82 - - [20/Jul/2023:06:25:25 +0800] "POST /xingrg/kc/pszx/mdps_order_operate.html HTTP/1.1" 200 2300
120.253.135.82 - - [20/Jul/2023:06:25:28 +0800] "POST /xingrg/kc/pszx/mdps_order_operate.html HTTP/1.1" 200 12
120.253.135.82 - - [20/Jul/2023:06:25:29 +0800] "POST /xingrg/kc/pszx/mdps_list_operate.html HTTP/1.1" 200 2809
120.253.135.82 - - [20/Jul/2023:06:25:30 +0800] "POST /xingrg/kc/pszx/mdps_list_operate.html HTTP/1.1" 200 290
120.253.135.82 - - [20/Jul/2023:06:25:38 +0800] "GET /xingrg/check_reg.html?_=1689805361772 HTTP/1.1" 200 22
120.253.135.82 - - [20/Jul/2023:06:25:38 +0800] "GET /xingrg/all/function/internal_message.html?_=1689805362459&CODE_STATE=getMsg HTTP/1.1" 200 27
120.253.135.82 - - [20/Jul/2023:06:25:41 +0800] "POST /xingrg/kc/pszx/mdps_list_operate.html HTTP/1.1" 200 2809
120.253.135.82 - - [20/Jul/2023:06:25:41 +0800] "GET /xingrg/kc/pszx/mdqp_order_list.html?state=10 HTTP/1.1" 200 10715
120.253.135.82 - - [20/Jul/2023:06:25:41 +0800] "GET /xingrg/dwr/interface/AjaxReportQueryService.js HTTP/1.1" 200 13203
120.253.135.82 - - [20/Jul/2023:06:25:41 +0800] "GET /xingrg/dwr/interface/AjaxQqpsService.js HTTP/1.1" 200 16326
120.253.135.82 - - [20/Jul/2023:06:25:41 +0800] "GET /xingrg/dwr/engine.js HTTP/1.1" 200 43631
120.253.135.82 - - [20/Jul/2023:06:25:45 +0800] "GET /xingrg/kc/pszx/jzcl_ps.html HTTP/1.1" 200 7683
120.253.135.82 - - [20/Jul/2023:06:25:45 +0800] "POST /xingrg/all/common/load_tree.html?tree=area_rest_tree_json HTTP/1.1" 200 3499
120.253.135.82 - - [20/Jul/2023:06:25:46 +0800] "POST /xingrg/kc/pszx/jzcl_ps_operate.html HTTP/1.1" 200 412
120.253.135.82 - - [20/Jul/2023:06:25:46 +0800] "POST /xingrg/kc/pszx/jzcl_ps_operate.html HTTP/1.1" 200 412
218.81.221.197 - - [20/Jul/2023:06:25:49 +0800] "GET /xingrg/kc/base/wldb_order_operate.html?command=get_materiel&rest_code=00146&base_code=0010063&code=00101019091 HTTP/1.1" 200 464
180.169.147.146 - - [20/Jul/2023:06:25:52 +0800] "GET /xingrg/all/function/internal_message.html?_=1689805552773&CODE_STATE=getMsg HTTP/1.1" 200 27
116.238.191.126 - - [20/Jul/2023:06:25:53 +0800] "GET /xingrg/all/function/internal_message.html?_=1689805446827&CODE_STATE=getMsg HTTP/1.1" 200 27
120.253.135.82 - - [20/Jul/2023:06:25:54 +0800] "POST /xingrg/kc/pszx/jzcl_ps_operate.html HTTP/1.1" 200 4
120.253.135.82 - - [20/Jul/2023:06:25:58 +0800] "GET /xingrg/kc/pszx/mdps_order_list.html HTTP/1.1" 200 21032
120.253.135.82 - - [20/Jul/2023:06:25:58 +0800] "POST /xingrg/kc/pszx/jzcl_ps_operate.html HTTP/1.1" 200 21
218.81.221.197 - - [20/Jul/2023:06:25:58 +0800] "GET /xingrg/all/function/internal_message.html?_=1689805572097&CODE_STATE=getMsg HTTP/1.1" 200 27
120.253.135.82 - - [20/Jul/2023:06:25:59 +0800] "POST /xingrg/kc/pszx/mdps_list_operate.html HTTP/1.1" 200 5232
218.81.221.197 - - [20/Jul/2023:06:26:01 +0800] "POST /xingrg/kc/base/wldb_order_operate.html HTTP/1.1" 200 37
222.70.180.90 - - [20/Jul/2023:06:26:05 +0800] "GET /xingrg/all/function/internal_message.html?_=1689805619420&CODE_STATE=getMsg HTTP/1.1" 200 27
218.81.221.197 - - [20/Jul/2023:06:26:09 +0800] "POST /xingrg/kc/base/wldb_order_operate.html HTTP/1.1" 200 12
218.81.221.197 - - [20/Jul/2023:06:26:09 +0800] "POST /xingrg/kc/base/wldb_order_operate.html HTTP/1.1" 200 2705
116.232.195.127 - - [20/Jul/2023:06:26:10 +0800] "GET /xingrg/all/function/internal_message.html?_=1689805531205&CODE_STATE=getMsg HTTP/1.1" 200 27
218.81.221.197 - - [20/Jul/2023:06:26:11 +0800] "GET /xingrg/kc/base/wldb_order_info.html?code=422023072001891 HTTP/1.1" 200 26265
218.81.221.197 - - [20/Jul/2023:06:26:11 +0800] "GET /xingrg/javascript/easyui/themes/default/validatebox.css HTTP/1.1" 404 1104
218.81.221.197 - - [20/Jul/2023:06:26:12 +0800] "POST /xingrg/kc/base/wldb_order_operate.html HTTP/1.1" 200 989
120.253.135.82 - - [20/Jul/2023:06:26:12 +0800] "POST /xingrg/kc/pszx/mdps_list_operate.html HTTP/1.1" 200 1690
120.253.135.82 - - [20/Jul/2023:06:26:14 +0800] "POST /xingrg/kc/pszx/mdps_list_operate.html HTTP/1.1" 200 214
120.253.135.82 - - [20/Jul/2023:06:26:15 +0800] "GET /xingrg/kc/pszx/mdps_order_info.html?code=312023072000433 HTTP/1.1" 200 23978
218.81.221.197 - - [20/Jul/2023:06:26:15 +0800] "GET /xingrg/kc/base/wldb_order_add.html HTTP/1.1" 200 30387
218.81.221.197 - - [20/Jul/2023:06:26:16 +0800] "POST /xingrg/kc/base/wldb_order_operate.html HTTP/1.1" 200 6806
120.253.135.82 - - [20/Jul/2023:06:26:16 +0800] "GET /xingrg/javascript/easyui/themes/default/validatebox.css HTTP/1.1" 404 1104
218.81.221.197 - - [20/Jul/2023:06:26:16 +0800] "GET /xingrg/javascript/easyui/themes/default/validatebox.css HTTP/1.1" 404 1104
120.253.135.82 - - [20/Jul/2023:06:26:16 +0800] "POST /xingrg/kc/pszx/mdps_order_operate.html HTTP/1.1" 200 2295
120.253.135.82 - - [20/Jul/2023:06:26:17 +0800] "POST /xingrg/all/common/load_combo.html?type=base HTTP/1.1" 200 1169
114.85.113.108 - - [20/Jul/2023:06:26:20 +0800] "GET /xingrg/all/function/internal_message.html?_=1689805574459&CODE_STATE=getMsg HTTP/1.1" 200 27
120.253.135.82 - - [20/Jul/2023:06:26:22 +0800] "POST /xingrg/kc/pszx/mdps_order_operate.html HTTP/1.1" 200 37
120.253.135.82 - - [20/Jul/2023:06:26:23 +0800] "GET /xingrg/kc/pszx/mdps_order_info.html?code=312023072000433 HTTP/1.1" 200 23978
120.253.135.82 - - [20/Jul/2023:06:26:24 +0800] "GET /xingrg/javascript/easyui/themes/default/validatebox.css HTTP/1.1" 404 1104
120.253.135.82 - - [20/Jul/2023:06:26:25 +0800] "POST /xingrg/kc/pszx/mdps_order_operate.html HTTP/1.1" 200 2303
120.253.135.82 - - [20/Jul/2023:06:26:30 +0800] "GET /xingrg/kc/pszx/mdps_order_info.html?code=312023072000433 HTTP/1.1" 200 23978
120.253.135.82 - - [20/Jul/2023:06:26:31 +0800] "GET /xingrg/javascript/easyui/themes/default/validatebox.css HTTP/1.1" 404 1104
120.253.135.82 - - [20/Jul/2023:06:26:31 +0800] "POST /xingrg/kc/pszx/mdps_order_operate.html HTTP/1.1" 200 2303
120.253.135.82 - - [20/Jul/2023:06:26:33 +0800] "POST /xingrg/kc/pszx/mdps_list_operate.html HTTP/1.1" 200 1690
120.253.135.82 - - [20/Jul/2023:06:26:36 +0800] "POST /xingrg/kc/pszx/mdps_list_operate.html HTTP/1.1" 200 1690
120.253.135.82 - - [20/Jul/2023:06:26:36 +0800] "GET /xingrg/kc/pszx/mdqp_order_list.html?state=10 HTTP/1.1" 200 10275
120.253.135.82 - - [20/Jul/2023:06:26:36 +0800] "GET /xingrg/dwr/interface/AjaxReportQueryService.js HTTP/1.1" 200 13203
120.253.135.82 - - [20/Jul/2023:06:26:36 +0800] "GET /xingrg/dwr/interface/AjaxQqpsService.js HTTP/1.1" 200 16326
120.253.135.82 - - [20/Jul/2023:06:26:36 +0800] "GET /xingrg/dwr/engine.js HTTP/1.1" 200 43631
120.253.135.82 - - [20/Jul/2023:06:26:38 +0800] "GET /xingrg/all/function/internal_message.html?_=1689805422472&CODE_STATE=getMsg HTTP/1.1" 200 27
218.81.221.197 - - [20/Jul/2023:06:26:40 +0800] "GET /xingrg/kc/base/wldb_order_operate.html?command=get_materiel&rest_code=00146&base_code=0010063&code=00101019118 HTTP/1.1" 200 472
180.169.147.146 - - [20/Jul/2023:06:26:52 +0800] "GET /xingrg/all/function/internal_message.html?_=1689805612765&CODE_STATE=getMsg HTTP/1.1" 200 27
116.238.191.126 - - [20/Jul/2023:06:26:53 +0800] "GET /xingrg/all/function/internal_message.html?_=1689805506851&CODE_STATE=getMsg HTTP/1.1" 200 27
180.163.29.79 - - [20/Jul/2023:06:26:56 +0800] "GET /xingrg/all/function/internal_message.html?_=1689805552773&CODE_STATE=getMsg HTTP/1.1" 302 -
180.163.29.79 - - [20/Jul/2023:06:26:56 +0800] "GET /xingrg/login.html HTTP/1.1" 200 7641
218.81.221.197 - - [20/Jul/2023:06:26:59 +0800] "GET /xingrg/all/function/internal_message.html?_=1689805632111&CODE_STATE=getMsg HTTP/1.1" 200 27
222.70.180.90 - - [20/Jul/2023:06:27:05 +0800] "GET /xingrg/all/function/internal_message.html?_=1689805679430&CODE_STATE=getMsg HTTP/1.1" 200 27
116.232.195.127 - - [20/Jul/2023:06:27:10 +0800] "GET /xingrg/check_reg.html?_=1689805591201 HTTP/1.1" 200 22
116.232.195.127 - - [20/Jul/2023:06:27:10 +0800] "GET /xingrg/all/function/internal_message.html?_=1689805591203&CODE_STATE=getMsg HTTP/1.1" 200 27
124.78.70.128 - - [20/Jul/2023:06:27:12 +0800] "POST /xingrg/services/DataTransmitService HTTP/1.1" 200 524
114.85.113.108 - - [20/Jul/2023:06:27:20 +0800] "GET /xingrg/all/function/internal_message.html?_=1689805634460&CODE_STATE=getMsg HTTP/1.1" 200 27
218.81.221.197 - - [20/Jul/2023:06:27:34 +0800] "GET /xingrg/kc/base/wldb_order_operate.html?command=get_materiel&rest_code=00146&base_code=0010063&code=00101019079 HTTP/1.1" 200 479
120.253.135.82 - - [20/Jul/2023:06:27:39 +0800] "GET /xingrg/all/function/internal_message.html?_=1689805482485&CODE_STATE=getMsg HTTP/1.1" 200 27
116.238.191.126 - - [20/Jul/2023:06:27:42 +0800] "GET /xingrg/check_reg.html?_=1689805556138 HTTP/1.1" 200 22
218.81.221.197 - - [20/Jul/2023:06:27:44 +0800] "GET /xingrg/kc/base/wldb_order_operate.html?command=get_materiel&rest_code=00146&base_code=0010063&code=00101019438 HTTP/1.1" 200 462
180.163.30.27 - - [20/Jul/2023:06:27:52 +0800] "GET /xingrg/all/function/internal_message.html?_=1689805612765&CODE_STATE=getMsg HTTP/1.1" 302 -
180.163.30.27 - - [20/Jul/2023:06:27:52 +0800] "GET /xingrg/login.html HTTP/1.1" 200 7641
180.169.147.146 - - [20/Jul/2023:06:27:52 +0800] "GET /xingrg/all/function/internal_message.html?_=1689805672768&CODE_STATE=getMsg HTTP/1.1" 200 27
180.169.147.146 - - [20/Jul/2023:06:27:52 +0800] "GET /xingrg/check_reg.html?_=1689805672771 HTTP/1.1" 200 22
116.238.191.126 - - [20/Jul/2023:06:27:53 +0800] "GET /xingrg/all/function/internal_message.html?_=1689805566856&CODE_STATE=getMsg HTTP/1.1" 200 27
218.81.221.197 - - [20/Jul/2023:06:27:54 +0800] "GET /xingrg/kc/base/wldb_order_operate.html?command=get_materiel&rest_code=00146&base_code=0010063&code=00101016076 HTTP/1.1" 200 477
218.81.221.197 - - [20/Jul/2023:06:27:59 +0800] "GET /xingrg/all/function/internal_message.html?_=1689805692124&CODE_STATE=getMsg HTTP/1.1" 200 27
218.81.221.197 - - [20/Jul/2023:06:28:01 +0800] "GET /xingrg/kc/base/wldb_order_operate.html?command=get_materiel&rest_code=00146&base_code=0010063&code=00101019295 HTTP/1.1" 200 475
222.70.180.90 - - [20/Jul/2023:06:28:05 +0800] "GET /xingrg/all/function/internal_message.html?_=1689805739430&CODE_STATE=getMsg HTTP/1.1" 200 27
180.157.253.91 - - [20/Jul/2023:06:28:07 +0800] "GET /xingrg/check_reg.html?_=1689805686652 HTTP/1.1" 200 22
218.81.221.197 - - [20/Jul/2023:06:28:09 +0800] "GET /xingrg/check_reg.html?_=1689805702499 HTTP/1.1" 200 22
218.81.221.197 - - [20/Jul/2023:06:28:09 +0800] "GET /xingrg/kc/base/wldb_order_operate.html?command=get_materiel&rest_code=00146&base_code=0010063&code=00101019071 HTTP/1.1" 200 471
116.232.195.127 - - [20/Jul/2023:06:28:10 +0800] "GET /xingrg/all/function/internal_message.html?_=1689805651190&CODE_STATE=getMsg HTTP/1.1" 200 27
218.81.221.197 - - [20/Jul/2023:06:28:15 +0800] "GET /xingrg/kc/base/wldb_order_operate.html?command=get_materiel&rest_code=00146&base_code=0010063&code=00101019306 HTTP/1.1" 200 478
114.85.113.108 - - [20/Jul/2023:06:28:20 +0800] "GET /xingrg/all/function/internal_message.html?_=1689805694468&CODE_STATE=getMsg HTTP/1.1" 200 27
218.81.221.197 - - [20/Jul/2023:06:28:31 +0800] "GET /xingrg/kc/base/wldb_order_operate.html?command=get_materiel&rest_code=00146&base_code=0010063&code=00101019358 HTTP/1.1" 200 460
120.253.135.82 - - [20/Jul/2023:06:28:39 +0800] "GET /xingrg/all/function/internal_message.html?_=1689805542640&CODE_STATE=getMsg HTTP/1.1" 200 27
218.81.221.197 - - [20/Jul/2023:06:28:44 +0800] "GET /xingrg/kc/base/wldb_order_operate.html?command=get_materiel&rest_code=00146&base_code=0010063&code=00101019026 HTTP/1.1" 200 481
180.163.30.76 - - [20/Jul/2023:06:28:52 +0800] "GET /xingrg/check_reg.html?_=1689805672771 HTTP/1.1" 302 -
180.163.30.76 - - [20/Jul/2023:06:28:52 +0800] "GET /xingrg/login.html HTTP/1.1" 200 7641
218.81.221.197 - - [20/Jul/2023:06:28:52 +0800] "GET /xingrg/kc/base/wldb_order_operate.html?command=get_materiel&rest_code=00146&base_code=0010063&code=00101016028 HTTP/1.1" 200 433
180.169.147.146 - - [20/Jul/2023:06:28:52 +0800] "GET /xingrg/all/function/internal_message.html?_=1689805732761&CODE_STATE=getMsg HTTP/1.1" 200 27
116.238.191.126 - - [20/Jul/2023:06:28:53 +0800] "GET /xingrg/all/function/internal_message.html?_=1689805626868&CODE_STATE=getMsg HTTP/1.1" 200 27
218.81.221.197 - - [20/Jul/2023:06:28:59 +0800] "GET /xingrg/all/function/internal_message.html?_=1689805752138&CODE_STATE=getMsg HTTP/1.1" 200 27
222.70.180.90 - - [20/Jul/2023:06:29:05 +0800] "GET /xingrg/check_reg.html?_=1689805799432 HTTP/1.1" 200 22
222.70.180.90 - - [20/Jul/2023:06:29:05 +0800] "GET /xingrg/all/function/internal_message.html?_=1689805799429&CODE_STATE=getMsg HTTP/1.1" 200 27
218.81.221.197 - - [20/Jul/2023:06:29:08 +0800] "POST /xingrg/kc/base/wldb_order_operate.html HTTP/1.1" 200 37
116.232.195.127 - - [20/Jul/2023:06:29:10 +0800] "GET /xingrg/all/function/internal_message.html?_=1689805711192&CODE_STATE=getMsg HTTP/1.1" 200 27
218.81.221.197 - - [20/Jul/2023:06:29:17 +0800] "POST /xingrg/kc/base/wldb_order_operate.html HTTP/1.1" 200 12
218.81.221.197 - - [20/Jul/2023:06:29:17 +0800] "POST /xingrg/kc/base/wldb_order_operate.html HTTP/1.1" 200 6728
114.85.113.108 - - [20/Jul/2023:06:29:20 +0800] "GET /xingrg/all/function/internal_message.html?_=1689805754468&CODE_STATE=getMsg HTTP/1.1" 200 27
218.81.221.197 - - [20/Jul/2023:06:29:20 +0800] "GET /xingrg/kc/base/wldb_order_info.html?code=422023072001892 HTTP/1.1" 200 26266
218.81.221.197 - - [20/Jul/2023:06:29:21 +0800] "GET /xingrg/javascript/easyui/themes/default/validatebox.css HTTP/1.1" 404 1104
218.81.221.197 - - [20/Jul/2023:06:29:21 +0800] "POST /xingrg/kc/base/wldb_order_operate.html HTTP/1.1" 200 4921
120.253.135.82 - - [20/Jul/2023:06:29:39 +0800] "GET /xingrg/all/function/internal_message.html?_=1689805602653&CODE_STATE=getMsg HTTP/1.1" 200 27
180.169.147.146 - - [20/Jul/2023:06:29:52 +0800] "GET /xingrg/all/function/internal_message.html?_=1689805792762&CODE_STATE=getMsg HTTP/1.1" 200 27
116.238.191.126 - - [20/Jul/2023:06:29:53 +0800] "GET /xingrg/all/function/internal_message.html?_=1689805686894&CODE_STATE=getMsg HTTP/1.1" 200 27
120.253.135.82 - - [20/Jul/2023:06:29:58 +0800] "GET /xingrg/kc/report/report_main.html HTTP/1.1" 200 8599
218.81.221.197 - - [20/Jul/2023:06:29:59 +0800] "GET /xingrg/all/function/internal_message.html?_=1689805812151&CODE_STATE=getMsg HTTP/1.1" 200 27
120.253.135.82 - - [20/Jul/2023:06:30:00 +0800] "GET /xingrg/kc/base/kc_stocks.html HTTP/1.1" 200 16506
120.253.135.82 - - [20/Jul/2023:06:30:01 +0800] "GET /xingrg/javascript/easyui/themes/default/tree.css HTTP/1.1" 404 1090
120.253.135.82 - - [20/Jul/2023:06:30:01 +0800] "POST /xingrg/all/common/load_tree.html?tree=materiel_sort_tree_json HTTP/1.1" 200 9500
120.253.135.82 - - [20/Jul/2023:06:30:02 +0800] "POST /xingrg/all/common/load_combo.html?type=base HTTP/1.1" 200 1169
222.70.180.90 - - [20/Jul/2023:06:30:05 +0800] "GET /xingrg/all/function/internal_message.html?_=1689805859431&CODE_STATE=getMsg HTTP/1.1" 200 27
120.253.135.82 - - [20/Jul/2023:06:30:10 +0800] "POST /xingrg/kc/base/stock_operate.html HTTP/1.1" 200 1467
116.232.195.127 - - [20/Jul/2023:06:30:10 +0800] "GET /xingrg/all/function/internal_message.html?_=1689805771211&CODE_STATE=getMsg HTTP/1.1" 200 27
114.85.113.108 - - [20/Jul/2023:06:30:20 +0800] "GET /xingrg/all/function/internal_message.html?_=1689805814471&CODE_STATE=getMsg HTTP/1.1" 200 27
114.85.113.108 - - [20/Jul/2023:06:30:20 +0800] "GET /xingrg/check_reg.html?_=1689805814475 HTTP/1.1" 200 22
120.253.135.82 - - [20/Jul/2023:06:30:38 +0800] "GET /xingrg/check_reg.html?_=1689805661780 HTTP/1.1" 200 22
120.253.135.82 - - [20/Jul/2023:06:30:39 +0800] "GET /xingrg/all/function/internal_message.html?_=1689805662667&CODE_STATE=getMsg HTTP/1.1" 200 27
120.253.135.82 - - [20/Jul/2023:06:30:46 +0800] "GET /xingrg/kc/pszx/mdqp_order_list.html?state=10 HTTP/1.1" 200 10275
120.253.135.82 - - [20/Jul/2023:06:30:47 +0800] "GET /xingrg/dwr/interface/AjaxQqpsService.js HTTP/1.1" 200 16326
120.253.135.82 - - [20/Jul/2023:06:30:47 +0800] "GET /xingrg/dwr/interface/AjaxReportQueryService.js HTTP/1.1" 200 13203
120.253.135.82 - - [20/Jul/2023:06:30:47 +0800] "GET /xingrg/dwr/engine.js HTTP/1.1" 200 43631
180.169.147.146 - - [20/Jul/2023:06:30:52 +0800] "GET /xingrg/all/function/internal_message.html?_=1689805852766&CODE_STATE=getMsg HTTP/1.1" 200 27
116.238.191.126 - - [20/Jul/2023:06:30:53 +0800] "GET /xingrg/all/function/internal_message.html?_=1689805746896&CODE_STATE=getMsg HTTP/1.1" 200 27
218.81.221.197 - - [20/Jul/2023:06:30:59 +0800] "GET /xingrg/all/function/internal_message.html?_=1689805872165&CODE_STATE=getMsg HTTP/1.1" 200 27
222.70.180.90 - - [20/Jul/2023:06:31:05 +0800] "GET /xingrg/all/function/internal_message.html?_=1689805919422&CODE_STATE=getMsg HTTP/1.1" 200 27
116.232.195.127 - - [20/Jul/2023:06:31:10 +0800] "GET /xingrg/all/function/internal_message.html?_=1689805831201&CODE_STATE=getMsg HTTP/1.1" 200 27
114.85.113.108 - - [20/Jul/2023:06:31:20 +0800] "GET /xingrg/all/function/internal_message.html?_=1689805874474&CODE_STATE=getMsg HTTP/1.1" 200 27
120.253.135.82 - - [20/Jul/2023:06:31:39 +0800] "GET /xingrg/all/function/internal_message.html?_=1689805722813&CODE_STATE=getMsg HTTP/1.1" 200 27
180.169.147.146 - - [20/Jul/2023:06:31:52 +0800] "GET /xingrg/all/function/internal_message.html?_=1689805912766&CODE_STATE=getMsg HTTP/1.1" 200 27
116.238.191.126 - - [20/Jul/2023:06:31:53 +0800] "GET /xingrg/all/function/internal_message.html?_=1689805806918&CODE_STATE=getMsg HTTP/1.1" 200 27
218.81.221.197 - - [20/Jul/2023:06:31:59 +0800] "GET /xingrg/all/function/internal_message.html?_=1689805932264&CODE_STATE=getMsg HTTP/1.1" 200 27
222.70.180.90 - - [20/Jul/2023:06:32:05 +0800] "GET /xingrg/all/function/internal_message.html?_=1689805979411&CODE_STATE=getMsg HTTP/1.1" 200 27
116.232.195.127 - - [20/Jul/2023:06:32:10 +0800] "GET /xingrg/all/function/internal_message.html?_=1689805891187&CODE_STATE=getMsg HTTP/1.1" 200 27
116.232.195.127 - - [20/Jul/2023:06:32:10 +0800] "GET /xingrg/check_reg.html?_=1689805891188 HTTP/1.1" 200 22
114.85.113.108 - - [20/Jul/2023:06:32:20 +0800] "GET /xingrg/all/function/internal_message.html?_=1689805934474&CODE_STATE=getMsg HTTP/1.1" 200 27
120.253.135.82 - - [20/Jul/2023:06:32:39 +0800] "GET /xingrg/all/function/internal_message.html?_=1689805782819&CODE_STATE=getMsg HTTP/1.1" 200 27
116.238.191.126 - - [20/Jul/2023:06:32:42 +0800] "GET /xingrg/check_reg.html?_=1689805856146 HTTP/1.1" 200 22
180.169.147.146 - - [20/Jul/2023:06:32:52 +0800] "GET /xingrg/all/function/internal_message.html?_=1689805972760&CODE_STATE=getMsg HTTP/1.1" 200 27
180.169.147.146 - - [20/Jul/2023:06:32:52 +0800] "GET /xingrg/check_reg.html?_=1689805972764 HTTP/1.1" 200 22
116.238.191.126 - - [20/Jul/2023:06:32:53 +0800] "GET /xingrg/all/function/internal_message.html?_=1689805866924&CODE_STATE=getMsg HTTP/1.1" 200 27
218.81.221.197 - - [20/Jul/2023:06:32:59 +0800] "GET /xingrg/all/function/internal_message.html?_=1689805992270&CODE_STATE=getMsg HTTP/1.1" 200 27
222.70.180.90 - - [20/Jul/2023:06:33:05 +0800] "GET /xingrg/all/function/internal_message.html?_=1689806039429&CODE_STATE=getMsg HTTP/1.1" 200 27
180.157.253.91 - - [20/Jul/2023:06:33:07 +0800] "GET /xingrg/check_reg.html?_=1689805986627 HTTP/1.1" 200 22
218.81.221.197 - - [20/Jul/2023:06:33:09 +0800] "GET /xingrg/check_reg.html?_=1689806002602 HTTP/1.1" 200 22
116.232.195.127 - - [20/Jul/2023:06:33:10 +0800] "GET /xingrg/all/function/internal_message.html?_=1689805951190&CODE_STATE=getMsg HTTP/1.1" 200 27
114.85.113.108 - - [20/Jul/2023:06:33:20 +0800] "GET /xingrg/all/function/internal_message.html?_=1689805994477&CODE_STATE=getMsg HTTP/1.1" 200 27
120.253.135.82 - - [20/Jul/2023:06:33:39 +0800] "GET /xingrg/all/function/internal_message.html?_=1689805842970&CODE_STATE=getMsg HTTP/1.1" 200 27
180.169.147.146 - - [20/Jul/2023:06:33:52 +0800] "GET /xingrg/all/function/internal_message.html?_=1689806032764&CODE_STATE=getMsg HTTP/1.1" 200 27
116.238.191.126 - - [20/Jul/2023:06:33:53 +0800] "GET /xingrg/all/function/internal_message.html?_=1689805926937&CODE_STATE=getMsg HTTP/1.1" 200 27
218.81.221.197 - - [20/Jul/2023:06:33:59 +0800] "GET /xingrg/all/function/internal_message.html?_=1689806052284&CODE_STATE=getMsg HTTP/1.1" 200 27
222.70.180.90 - - [20/Jul/2023:06:34:05 +0800] "GET /xingrg/all/function/internal_message.html?_=1689806099426&CODE_STATE=getMsg HTTP/1.1" 200 27
222.70.180.90 - - [20/Jul/2023:06:34:05 +0800] "GET /xingrg/check_reg.html?_=1689806099427 HTTP/1.1" 200 22
116.232.195.127 - - [20/Jul/2023:06:34:10 +0800] "GET /xingrg/all/function/internal_message.html?_=1689806011206&CODE_STATE=getMsg HTTP/1.1" 200 27
120.253.135.82 - - [20/Jul/2023:06:34:14 +0800] "GET /xingrg/kc/report/report_main.html HTTP/1.1" 200 8599
120.253.135.82 - - [20/Jul/2023:06:34:14 +0800] "GET /xingrg/css/blue.css HTTP/1.1" 304 -
120.253.135.82 - - [20/Jul/2023:06:34:14 +0800] "GET /xingrg/javascript/pic_change.js HTTP/1.1" 304 -
120.253.135.82 - - [20/Jul/2023:06:34:14 +0800] "GET /xingrg/javascript/myfunction.js HTTP/1.1" 304 -
120.253.135.82 - - [20/Jul/2023:06:34:14 +0800] "GET /xingrg/javascript/jquery_ui/themes/humanity/humanity.css HTTP/1.1" 304 -
120.253.135.82 - - [20/Jul/2023:06:34:14 +0800] "GET /xingrg/javascript/jquery_easy_ui/themes/icon.css HTTP/1.1" 304 -
120.253.135.82 - - [20/Jul/2023:06:34:14 +0800] "GET /xingrg/javascript/jquery-1.4.2.min.js HTTP/1.1" 304 -
120.253.135.82 - - [20/Jul/2023:06:34:14 +0800] "GET /xingrg/javascript/jquery_easy_ui/themes/default/easyui.css HTTP/1.1" 304 -
120.253.135.82 - - [20/Jul/2023:06:34:14 +0800] "GET /xingrg/javascript/json2.js HTTP/1.1" 304 -
120.253.135.82 - - [20/Jul/2023:06:34:14 +0800] "GET /favicon.ico HTTP/1.1" 404 -
120.253.135.82 - - [20/Jul/2023:06:34:16 +0800] "GET /xingrg/kc/report/report_main.html HTTP/1.1" 200 8599
120.253.135.82 - - [20/Jul/2023:06:34:18 +0800] "GET /xingrg/kc/base/kc_stocks.html HTTP/1.1" 200 16506
120.253.135.82 - - [20/Jul/2023:06:34:18 +0800] "GET /xingrg/javascript/easyui/themes/default/tree.css HTTP/1.1" 404 1090
120.253.135.82 - - [20/Jul/2023:06:34:18 +0800] "POST /xingrg/all/common/load_tree.html?tree=materiel_sort_tree_json HTTP/1.1" 200 9500
114.85.113.108 - - [20/Jul/2023:06:34:20 +0800] "GET /xingrg/all/function/internal_message.html?_=1689806054478&CODE_STATE=getMsg HTTP/1.1" 200 27
