114.85.115.210 - - [17/Jul/2023:08:59:55 +0800] "POST /xingrg/kc/base/check_list_operate.html HTTP/1.1" 200 3156
222.70.114.12 - - [17/Jul/2023:08:59:55 +0800] "GET /xingrg/kc/report/report_main.html HTTP/1.1" 200 7340
116.238.191.126 - - [17/Jul/2023:08:59:56 +0800] "GET /xingrg/kc/buy/cgsh_order_operate.html?command=get_materiel&rest_code=00151&code=00101008131&supplier_code=00100008&order_time=2023-07-17 HTTP/1.1" 200 409
222.70.180.90 - - [17/Jul/2023:08:59:56 +0800] "POST /xingrg/dwr/call/plaincall/AjaxCheckService.setItemNumber.dwr HTTP/1.1" 200 78
114.85.115.210 - - [17/Jul/2023:08:59:57 +0800] "GET /xingrg/kc/base/check_order_info.html?code=452023071600190 HTTP/1.1" 200 26516
114.85.115.210 - - [17/Jul/2023:08:59:57 +0800] "GET /xingrg/dwr/interface/AjaxCheckService.js HTTP/1.1" 200 14003
114.85.115.210 - - [17/Jul/2023:08:59:57 +0800] "GET /xingrg/dwr/interface/AjaxComOrderService.js HTTP/1.1" 200 18264
114.85.115.210 - - [17/Jul/2023:08:59:57 +0800] "GET /xingrg/dwr/engine.js HTTP/1.1" 200 43631
222.70.114.12 - - [17/Jul/2023:08:59:57 +0800] "GET /xingrg/kc/base/kc_stocks.html HTTP/1.1" 200 16512
222.70.114.12 - - [17/Jul/2023:08:59:57 +0800] "GET /xingrg/javascript/easyui/themes/default/tree.css HTTP/1.1" 404 1090
222.70.180.90 - - [17/Jul/2023:08:59:58 +0800] "POST /xingrg/dwr/call/plaincall/AjaxCheckService.setItemNumber.dwr HTTP/1.1" 200 78
222.70.114.12 - - [17/Jul/2023:08:59:58 +0800] "GET /xingrg/all/common/auto_word.html?type=base&rest_code=00156 HTTP/1.1" 200 1903
114.85.115.210 - - [17/Jul/2023:08:59:59 +0800] "POST /xingrg/dwr/call/plaincall/AjaxCheckService.loadOrderItems.dwr HTTP/1.1" 200 29059
222.70.180.90 - - [17/Jul/2023:09:00:00 +0800] "POST /xingrg/dwr/call/plaincall/AjaxCheckService.setItemNumber.dwr HTTP/1.1" 200 78
114.83.219.167 - - [17/Jul/2023:09:00:00 +0800] "GET /xingrg/kc/buy/cgsh_order_list.html HTTP/1.1" 200 55844
222.70.114.12 - - [17/Jul/2023:09:00:01 +0800] "POST /xingrg/all/common/load_tree.html?tree=materiel_sort_tree_json HTTP/1.1" 200 9500
222.70.180.90 - - [17/Jul/2023:09:00:01 +0800] "POST /xingrg/dwr/call/plaincall/AjaxCheckService.setItemNumber.dwr HTTP/1.1" 200 78
222.70.180.90 - - [17/Jul/2023:09:00:01 +0800] "POST /xingrg/dwr/call/plaincall/AjaxCheckService.setItemNumber.dwr HTTP/1.1" 200 78
222.70.180.90 - - [17/Jul/2023:09:00:03 +0800] "POST /xingrg/dwr/call/plaincall/AjaxCheckService.setItemNumber.dwr HTTP/1.1" 200 78
218.81.216.79 - - [17/Jul/2023:09:00:03 +0800] "GET /xingrg/all/function/internal_message.html?_=1689555604909&CODE_STATE=getMsg HTTP/1.1" 200 27
222.70.180.90 - - [17/Jul/2023:09:00:04 +0800] "POST /xingrg/dwr/call/plaincall/AjaxCheckService.setItemNumber.dwr HTTP/1.1" 200 78
116.238.191.126 - - [17/Jul/2023:09:00:10 +0800] "GET /xingrg/all/function/internal_message.html?_=1689555610087&CODE_STATE=getMsg HTTP/1.1" 200 27
222.70.180.90 - - [17/Jul/2023:09:00:10 +0800] "GET /xingrg/all/function/internal_message.html?_=1689555610366&CODE_STATE=getMsg HTTP/1.1" 200 27
222.70.114.12 - - [17/Jul/2023:09:00:10 +0800] "POST /xingrg/kc/base/stock_operate.html HTTP/1.1" 200 1727
222.70.180.90 - - [17/Jul/2023:09:00:10 +0800] "POST /xingrg/dwr/call/plaincall/AjaxCheckService.setItemNumber.dwr HTTP/1.1" 200 78
120.253.135.82 - - [17/Jul/2023:09:00:10 +0800] "GET /xingrg/all/function/internal_message.html?_=1689555435266&CODE_STATE=getMsg HTTP/1.1" 200 27
222.70.180.90 - - [17/Jul/2023:09:00:12 +0800] "POST /xingrg/dwr/call/plaincall/AjaxCheckService.setItemNumber.dwr HTTP/1.1" 200 78
222.70.180.90 - - [17/Jul/2023:09:00:13 +0800] "POST /xingrg/dwr/call/plaincall/AjaxCheckService.setItemNumber.dwr HTTP/1.1" 200 78
124.79.243.110 - - [17/Jul/2023:09:00:13 +0800] "GET /xingrg/all/function/internal_message.html?_=1689555899276&CODE_STATE=getMsg HTTP/1.1" 200 27
222.70.180.90 - - [17/Jul/2023:09:00:14 +0800] "POST /xingrg/dwr/call/plaincall/AjaxCheckService.setItemNumber.dwr HTTP/1.1" 200 78
222.70.114.12 - - [17/Jul/2023:09:00:15 +0800] "GET /xingrg/kc/base/stock_detail.html?m=00101019101 HTTP/1.1" 200 7439
222.70.180.90 - - [17/Jul/2023:09:00:16 +0800] "POST /xingrg/dwr/call/plaincall/AjaxCheckService.setItemNumber.dwr HTTP/1.1" 200 78
222.70.180.90 - - [17/Jul/2023:09:00:18 +0800] "POST /xingrg/dwr/call/plaincall/AjaxCheckService.setItemNumber.dwr HTTP/1.1" 200 78
101.83.145.37 - - [17/Jul/2023:09:00:18 +0800] "GET /xingrg/all/function/internal_message.html?_=1689555431452&CODE_STATE=getMsg HTTP/1.1" 200 27
222.70.114.12 - - [17/Jul/2023:09:00:19 +0800] "GET /xingrg/kc/base/stock_operate.html?_=1689555621458&command=get_report_file&start_day=20230701 HTTP/1.1" 200 53
222.70.114.12 - - [17/Jul/2023:09:00:19 +0800] "GET /xingrg/all/report/report_query.html?isQuery=1&onlyBody=1&rh=2000&fileName=kc/base/kc_stock_detail_new.xml&queryString=(1=1)&queryText=&tableQueryString=init_table$sp1$$sp$crk_table$sp1$order_day%20between%2020230701%20and%2020230731&varString=start_day:20230701,materiel_code:00101019101,cost_id:4431,end_date:20230630 HTTP/1.1" 200 48701
222.70.114.12 - - [17/Jul/2023:09:00:19 +0800] "GET /xingrg/dwr/interface/AjaxReportQueryService.js HTTP/1.1" 200 13203
222.70.114.12 - - [17/Jul/2023:09:00:19 +0800] "GET /xingrg/dwr/engine.js HTTP/1.1" 200 43631
222.70.114.12 - - [17/Jul/2023:09:00:19 +0800] "GET /xingrg/dwr/util.js HTTP/1.1" 304 -
116.238.191.126 - - [17/Jul/2023:09:00:20 +0800] "POST /xingrg/kc/buy/cgsh_order_operate.html HTTP/1.1" 200 37
116.232.195.127 - - [17/Jul/2023:09:00:20 +0800] "GET /xingrg/all/function/internal_message.html?_=1689555587319&CODE_STATE=getMsg HTTP/1.1" 200 27
222.70.180.90 - - [17/Jul/2023:09:00:21 +0800] "POST /xingrg/dwr/call/plaincall/AjaxCheckService.setItemNumber.dwr HTTP/1.1" 200 78
101.83.145.37 - - [17/Jul/2023:09:00:21 +0800] "GET /xingrg/kc/buy/cgsh_order_operate.html?command=get_materiel&rest_code=00105&code=00101008275&supplier_code=00100203&order_time=2023-07-17 HTTP/1.1" 200 416
222.70.114.12 - - [17/Jul/2023:09:00:22 +0800] "POST /xingrg/all/report/load_report_page.html HTTP/1.1" 200 25131
222.70.114.12 - - [17/Jul/2023:09:00:22 +0800] "GET /xingrg/servlets/image?cache=0.2663171831906811&image=px HTTP/1.1" 200 807
222.70.180.90 - - [17/Jul/2023:09:00:23 +0800] "POST /xingrg/dwr/call/plaincall/AjaxCheckService.setItemNumber.dwr HTTP/1.1" 200 78
116.238.191.126 - - [17/Jul/2023:09:00:23 +0800] "GET /xingrg/kc/buy/cgsh_order_operate.html?command=get_materiel&rest_code=00151&code=00101008169&supplier_code=00100008&order_time=2023-07-17 HTTP/1.1" 200 412
222.70.180.90 - - [17/Jul/2023:09:00:23 +0800] "POST /xingrg/dwr/call/plaincall/AjaxCheckService.setItemNumber.dwr HTTP/1.1" 200 78
222.70.180.90 - - [17/Jul/2023:09:00:24 +0800] "POST /xingrg/dwr/call/plaincall/AjaxCheckService.setItemNumber.dwr HTTP/1.1" 200 78
222.70.180.90 - - [17/Jul/2023:09:00:25 +0800] "POST /xingrg/dwr/call/plaincall/AjaxCheckService.setItemNumber.dwr HTTP/1.1" 200 78
180.163.28.180 - - [17/Jul/2023:09:00:26 +0800] "GET /xingrg/all/function/internal_message.html?_=1689555566263&CODE_STATE=getMsg HTTP/1.1" 302 -
180.163.28.180 - - [17/Jul/2023:09:00:26 +0800] "GET /xingrg/login.html HTTP/1.1" 200 1706
114.83.219.167 - - [17/Jul/2023:09:00:26 +0800] "POST /xingrg/kc/buy/cgsh_list_operate.html HTTP/1.1" 200 1867
116.237.77.180 - - [17/Jul/2023:09:00:26 +0800] "GET /xingrg/all/function/internal_message.html?_=1689555626230&CODE_STATE=getMsg HTTP/1.1" 200 27
116.237.77.180 - - [17/Jul/2023:09:00:27 +0800] "GET /xingrg/check_reg.html?_=1689555626770 HTTP/1.1" 200 71
114.85.113.108 - - [17/Jul/2023:09:00:29 +0800] "GET /xingrg/all/function/internal_message.html?_=1689555624720&CODE_STATE=getMsg HTTP/1.1" 200 27
114.85.115.210 - - [17/Jul/2023:09:00:30 +0800] "GET /xingrg/all/function/internal_message.html?_=1689555631064&CODE_STATE=getMsg HTTP/1.1" 200 27
222.70.114.12 - - [17/Jul/2023:09:00:31 +0800] "GET /xingrg/kc/mdqp/qp_main.html HTTP/1.1" 200 10633
114.83.219.167 - - [17/Jul/2023:09:00:31 +0800] "POST /xingrg/kc/buy/cgsh_list_operate.html HTTP/1.1" 200 571
116.238.191.126 - - [17/Jul/2023:09:00:31 +0800] "GET /xingrg/check_reg.html?_=1689555528865 HTTP/1.1" 200 71
116.238.191.126 - - [17/Jul/2023:09:00:32 +0800] "GET /xingrg/all/function/internal_message.html?_=1689555528967&CODE_STATE=getMsg HTTP/1.1" 200 27
222.70.114.12 - - [17/Jul/2023:09:00:32 +0800] "GET /xingrg/images/yd/bt.gif HTTP/1.1" 404 1040
116.238.191.126 - - [17/Jul/2023:09:00:35 +0800] "GET /xingrg/kc/buy/cgsh_order_operate.html?command=get_materiel&rest_code=00151&code=00101008352&supplier_code=00100008&order_time=2023-07-17 HTTP/1.1" 200 412
114.83.219.167 - - [17/Jul/2023:09:00:35 +0800] "GET /xingrg/kc/buy/cgsh_order_info.html?code=212023071706663 HTTP/1.1" 200 71717
120.253.135.82 - - [17/Jul/2023:09:00:36 +0800] "GET /xingrg/all/function/internal_message.html?_=1689555777942&CODE_STATE=getMsg HTTP/1.1" 200 27
114.83.219.167 - - [17/Jul/2023:09:00:36 +0800] "GET /xingrg/javascript/easyui/themes/default/validatebox.css HTTP/1.1" 404 1104
114.83.219.167 - - [17/Jul/2023:09:00:36 +0800] "GET /xingrg/all/common/auto_word.html?type=employee&rest_code=00149 HTTP/1.1" 200 197
114.83.219.167 - - [17/Jul/2023:09:00:36 +0800] "GET /xingrg/all/common/auto_word.html?type=employee&rest_code=00149 HTTP/1.1" 200 197
114.83.219.167 - - [17/Jul/2023:09:00:37 +0800] "POST /xingrg/kc/buy/cgsh_order_operate.html HTTP/1.1" 200 10365
222.70.180.90 - - [17/Jul/2023:09:00:38 +0800] "GET /xingrg/all/function/internal_message.html?_=1689555635000&CODE_STATE=getMsg HTTP/1.1" 302 -
222.70.114.12 - - [17/Jul/2023:09:00:39 +0800] "GET /xingrg/kc/mdqp/psth_order_list1.html HTTP/1.1" 200 17952
222.70.114.12 - - [17/Jul/2023:09:00:39 +0800] "POST /xingrg/kc/mdqp/psth_list_operate.html HTTP/1.1" 200 749
114.85.115.210 - - [17/Jul/2023:09:00:39 +0800] "POST /xingrg/dwr/call/plaincall/AjaxCheckService.checkOrder.dwr HTTP/1.1" 200 78
222.70.180.90 - - [17/Jul/2023:09:00:40 +0800] "POST /xingrg/dwr/call/plaincall/AjaxCheckService.setItemNumber.dwr HTTP/1.1" 200 78
222.70.180.90 - - [17/Jul/2023:09:00:40 +0800] "POST /xingrg/dwr/call/plaincall/AjaxCheckService.setItemNumber.dwr HTTP/1.1" 200 78
222.70.180.90 - - [17/Jul/2023:09:00:40 +0800] "POST /xingrg/dwr/call/plaincall/AjaxCheckService.setItemNumber.dwr HTTP/1.1" 200 78
222.70.180.90 - - [17/Jul/2023:09:00:40 +0800] "POST /xingrg/dwr/call/plaincall/AjaxCheckService.setItemNumber.dwr HTTP/1.1" 200 78
222.70.180.90 - - [17/Jul/2023:09:00:40 +0800] "POST /xingrg/dwr/call/plaincall/AjaxCheckService.setItemNumber.dwr HTTP/1.1" 200 78
222.70.180.90 - - [17/Jul/2023:09:00:40 +0800] "POST /xingrg/dwr/call/plaincall/AjaxCheckService.setItemNumber.dwr HTTP/1.1" 200 78
222.70.180.90 - - [17/Jul/2023:09:00:40 +0800] "POST /xingrg/dwr/call/plaincall/AjaxCheckService.setItemNumber.dwr HTTP/1.1" 200 78
222.70.180.90 - - [17/Jul/2023:09:00:40 +0800] "POST /xingrg/dwr/call/plaincall/AjaxCheckService.setItemNumber.dwr HTTP/1.1" 200 78
222.70.114.12 - - [17/Jul/2023:09:00:41 +0800] "GET /xingrg/kc/mdqp/psth_order_add1.html HTTP/1.1" 200 25313
222.70.114.12 - - [17/Jul/2023:09:00:41 +0800] "GET /xingrg/javascript/jquery_tools/jquery-1.4.2.min.js HTTP/1.1" 404 1094
222.70.114.12 - - [17/Jul/2023:09:00:41 +0800] "GET /xingrg/words/20230716133807_words.js HTTP/1.1" 304 -
222.70.114.12 - - [17/Jul/2023:09:00:41 +0800] "POST /xingrg/kc/mdqp/psth_order_operate.html HTTP/1.1" 200 6806
222.70.114.12 - - [17/Jul/2023:09:00:41 +0800] "GET /xingrg/javascript/easyui/themes/default/validatebox.css HTTP/1.1" 404 1104
222.70.114.12 - - [17/Jul/2023:09:00:41 +0800] "GET /xingrg/all/common/auto_word.html?type=base&rest_code=00156&rest_code=00101 HTTP/1.1" 200 1903
114.83.219.167 - - [17/Jul/2023:09:00:42 +0800] "GET /xingrg/javascript/auto/indicator.gif HTTP/1.1" 404 1066
114.85.115.210 - - [17/Jul/2023:09:00:42 +0800] "GET /xingrg/kc/base/check_order_info.html?code=452023071600190 HTTP/1.1" 200 22854
114.85.115.210 - - [17/Jul/2023:09:00:42 +0800] "GET /xingrg/dwr/interface/AjaxComOrderService.js HTTP/1.1" 200 18264
114.85.115.210 - - [17/Jul/2023:09:00:42 +0800] "GET /xingrg/dwr/interface/AjaxCheckService.js HTTP/1.1" 200 14003
114.85.115.210 - - [17/Jul/2023:09:00:42 +0800] "GET /xingrg/dwr/engine.js HTTP/1.1" 200 43631
114.85.115.210 - - [17/Jul/2023:09:00:44 +0800] "POST /xingrg/dwr/call/plaincall/AjaxCheckService.loadOrderItems.dwr HTTP/1.1" 200 13379
222.70.114.12 - - [17/Jul/2023:09:00:44 +0800] "GET /xingrg/javascript/auto/indicator.gif HTTP/1.1" 404 1066
114.85.115.210 - - [17/Jul/2023:09:00:45 +0800] "GET /xingrg/kc/base/check_order_list.html?isBack=1 HTTP/1.1" 200 16217
114.85.115.210 - - [17/Jul/2023:09:00:45 +0800] "POST /xingrg/kc/base/check_list_operate.html HTTP/1.1" 200 2835
222.70.180.90 - - [17/Jul/2023:09:00:45 +0800] "POST /xingrg/dwr/call/plaincall/AjaxCheckService.setItemNumber.dwr HTTP/1.1" 200 78
222.70.114.12 - - [17/Jul/2023:09:00:45 +0800] "GET /xingrg/javascript/jquery_tools/images/next.gif HTTP/1.1" 404 1086
222.70.114.12 - - [17/Jul/2023:09:00:45 +0800] "GET /xingrg/javascript/jquery_tools/images/prev.gif HTTP/1.1" 404 1086
222.70.180.90 - - [17/Jul/2023:09:00:46 +0800] "POST /xingrg/dwr/call/plaincall/AjaxCheckService.setItemNumber.dwr HTTP/1.1" 200 78
114.85.115.210 - - [17/Jul/2023:09:00:47 +0800] "GET /xingrg/kc/base/check_order_info.html?code=452023071600189 HTTP/1.1" 200 26516
114.85.115.210 - - [17/Jul/2023:09:00:47 +0800] "GET /xingrg/dwr/interface/AjaxCheckService.js HTTP/1.1" 200 14003
114.85.115.210 - - [17/Jul/2023:09:00:47 +0800] "GET /xingrg/dwr/interface/AjaxComOrderService.js HTTP/1.1" 200 18264
114.85.115.210 - - [17/Jul/2023:09:00:47 +0800] "GET /xingrg/dwr/engine.js HTTP/1.1" 200 43631
116.238.191.126 - - [17/Jul/2023:09:00:47 +0800] "GET /xingrg/kc/buy/cgsh_order_operate.html?command=get_materiel&rest_code=00151&code=00101008353&supplier_code=00100008&order_time=2023-07-17 HTTP/1.1" 200 408
222.70.180.90 - - [17/Jul/2023:09:00:48 +0800] "POST /xingrg/dwr/call/plaincall/AjaxCheckService.setItemNumber.dwr HTTP/1.1" 200 78
114.85.115.210 - - [17/Jul/2023:09:00:48 +0800] "POST /xingrg/dwr/call/plaincall/AjaxCheckService.loadOrderItems.dwr HTTP/1.1" 200 45606
114.83.219.167 - - [17/Jul/2023:09:00:48 +0800] "GET /xingrg/kc/buy/cgsh_order_operate.html?command=get_materiel&rest_code=00149&code=00101008275&supplier_code=00100008&order_time=2023-07-17 HTTP/1.1" 200 416
222.70.180.90 - - [17/Jul/2023:09:00:49 +0800] "POST /xingrg/dwr/call/plaincall/AjaxCheckService.setItemNumber.dwr HTTP/1.1" 200 78
114.83.219.167 - - [17/Jul/2023:09:00:49 +0800] "GET /xingrg/all/function/internal_message.html?_=1689555649476&CODE_STATE=getMsg HTTP/1.1" 200 27
222.70.114.12 - - [17/Jul/2023:09:00:52 +0800] "GET /xingrg/all/function/internal_message.html?_=1689555653929&CODE_STATE=getMsg HTTP/1.1" 200 27
222.70.114.12 - - [17/Jul/2023:09:00:52 +0800] "GET /xingrg/kc/mdqp/psth_order_operate.html?command=get_materiel&base_code=0010779&rest_code=00156&code=00101019101 HTTP/1.1" 200 437
116.238.191.126 - - [17/Jul/2023:09:00:56 +0800] "GET /xingrg/kc/buy/cgsh_order_operate.html?command=get_materiel&rest_code=00151&code=00101008095&supplier_code=00100008&order_time=2023-07-17 HTTP/1.1" 200 412
222.70.114.12 - - [17/Jul/2023:09:01:01 +0800] "POST /xingrg/kc/mdqp/psth_order_operate.html HTTP/1.1" 200 37
114.83.219.167 - - [17/Jul/2023:09:01:02 +0800] "GET /xingrg/kc/buy/cgsh_order_operate.html?command=get_materiel&rest_code=00149&code=00101008136&supplier_code=00100008&order_time=2023-07-17 HTTP/1.1" 200 413
218.81.216.79 - - [17/Jul/2023:09:01:03 +0800] "GET /xingrg/all/function/internal_message.html?_=1689555664959&CODE_STATE=getMsg HTTP/1.1" 200 27
222.70.114.12 - - [17/Jul/2023:09:01:04 +0800] "POST /xingrg/kc/mdqp/psth_order_operate.html HTTP/1.1" 200 2181
114.85.115.210 - - [17/Jul/2023:09:01:09 +0800] "POST /xingrg/dwr/call/plaincall/AjaxCheckService.checkOrder.dwr HTTP/1.1" 200 78
116.238.191.126 - - [17/Jul/2023:09:01:09 +0800] "GET /xingrg/kc/buy/cgsh_order_operate.html?command=get_materiel&rest_code=00151&code=00101008441&supplier_code=00100008&order_time=2023-07-17 HTTP/1.1" 200 420
222.70.180.90 - - [17/Jul/2023:09:01:10 +0800] "GET /xingrg/check_reg.html?_=1689555670351 HTTP/1.1" 200 71
222.70.180.90 - - [17/Jul/2023:09:01:10 +0800] "GET /xingrg/all/function/internal_message.html?_=1689555670353&CODE_STATE=getMsg HTTP/1.1" 200 27
120.253.135.82 - - [17/Jul/2023:09:01:11 +0800] "GET /xingrg/all/function/internal_message.html?_=1689555495479&CODE_STATE=getMsg HTTP/1.1" 200 27
222.70.180.90 - - [17/Jul/2023:09:01:11 +0800] "POST /xingrg/dwr/call/plaincall/AjaxCheckService.setItemNumber.dwr HTTP/1.1" 200 78
114.85.115.210 - - [17/Jul/2023:09:01:11 +0800] "GET /xingrg/kc/base/check_order_info.html?code=452023071600189 HTTP/1.1" 200 22854
114.85.115.210 - - [17/Jul/2023:09:01:11 +0800] "GET /xingrg/dwr/interface/AjaxCheckService.js HTTP/1.1" 200 14003
114.85.115.210 - - [17/Jul/2023:09:01:11 +0800] "GET /xingrg/dwr/interface/AjaxComOrderService.js HTTP/1.1" 200 18264
114.85.115.210 - - [17/Jul/2023:09:01:11 +0800] "GET /xingrg/dwr/engine.js HTTP/1.1" 200 43631
114.83.219.167 - - [17/Jul/2023:09:01:12 +0800] "GET /xingrg/kc/buy/cgsh_order_operate.html?command=get_materiel&rest_code=00149&code=00101008361&supplier_code=00100008&order_time=2023-07-17 HTTP/1.1" 200 408
114.85.115.210 - - [17/Jul/2023:09:01:12 +0800] "POST /xingrg/dwr/call/plaincall/AjaxCheckService.loadOrderItems.dwr HTTP/1.1" 200 20662
124.79.243.110 - - [17/Jul/2023:09:01:13 +0800] "GET /xingrg/all/function/internal_message.html?_=1689555959280&CODE_STATE=getMsg HTTP/1.1" 200 27
222.70.180.90 - - [17/Jul/2023:09:01:13 +0800] "POST /xingrg/dwr/call/plaincall/AjaxCheckService.setItemNumber.dwr HTTP/1.1" 200 78
114.85.115.210 - - [17/Jul/2023:09:01:14 +0800] "GET /xingrg/kc/base/check_order_list.html?isBack=1 HTTP/1.1" 200 16217
222.70.180.90 - - [17/Jul/2023:09:01:15 +0800] "POST /xingrg/dwr/call/plaincall/AjaxCheckService.setItemNumber.dwr HTTP/1.1" 200 78
114.85.115.210 - - [17/Jul/2023:09:01:15 +0800] "POST /xingrg/kc/base/check_list_operate.html HTTP/1.1" 200 2514
222.70.180.90 - - [17/Jul/2023:09:01:16 +0800] "POST /xingrg/dwr/call/plaincall/AjaxCheckService.setItemNumber.dwr HTTP/1.1" 200 78
222.70.180.90 - - [17/Jul/2023:09:01:16 +0800] "POST /xingrg/dwr/call/plaincall/AjaxCheckService.setItemNumber.dwr HTTP/1.1" 200 78
222.70.114.12 - - [17/Jul/2023:09:01:18 +0800] "POST /xingrg/kc/mdqp/psth_order_operate.html HTTP/1.1" 200 12
101.83.145.37 - - [17/Jul/2023:09:01:18 +0800] "GET /xingrg/check_reg.html?_=1689555491437 HTTP/1.1" 200 71
101.83.145.37 - - [17/Jul/2023:09:01:18 +0800] "GET /xingrg/all/function/internal_message.html?_=1689555491441&CODE_STATE=getMsg HTTP/1.1" 200 27
114.85.115.210 - - [17/Jul/2023:09:01:18 +0800] "GET /xingrg/kc/base/check_order_info.html?code=452023071600188 HTTP/1.1" 200 26516
114.85.115.210 - - [17/Jul/2023:09:01:18 +0800] "GET /xingrg/dwr/interface/AjaxComOrderService.js HTTP/1.1" 200 18264
114.85.115.210 - - [17/Jul/2023:09:01:18 +0800] "GET /xingrg/dwr/interface/AjaxCheckService.js HTTP/1.1" 200 14003
114.85.115.210 - - [17/Jul/2023:09:01:18 +0800] "GET /xingrg/dwr/engine.js HTTP/1.1" 200 43631
222.70.180.90 - - [17/Jul/2023:09:01:19 +0800] "POST /xingrg/dwr/call/plaincall/AjaxCheckService.setItemNumber.dwr HTTP/1.1" 200 78
222.70.180.90 - - [17/Jul/2023:09:01:19 +0800] "POST /xingrg/dwr/call/plaincall/AjaxCheckService.setItemNumber.dwr HTTP/1.1" 200 78
114.85.115.210 - - [17/Jul/2023:09:01:19 +0800] "POST /xingrg/dwr/call/plaincall/AjaxCheckService.loadOrderItems.dwr HTTP/1.1" 200 9867
116.232.195.127 - - [17/Jul/2023:09:01:20 +0800] "GET /xingrg/all/function/internal_message.html?_=1689555647300&CODE_STATE=getMsg HTTP/1.1" 200 27
222.70.180.90 - - [17/Jul/2023:09:01:20 +0800] "POST /xingrg/dwr/call/plaincall/AjaxCheckService.setItemNumber.dwr HTTP/1.1" 200 78
222.70.180.90 - - [17/Jul/2023:09:01:21 +0800] "POST /xingrg/dwr/call/plaincall/AjaxCheckService.setItemNumber.dwr HTTP/1.1" 200 78
222.70.180.90 - - [17/Jul/2023:09:01:23 +0800] "POST /xingrg/dwr/call/plaincall/AjaxCheckService.setItemNumber.dwr HTTP/1.1" 200 78
222.70.180.90 - - [17/Jul/2023:09:01:25 +0800] "POST /xingrg/dwr/call/plaincall/AjaxCheckService.setItemNumber.dwr HTTP/1.1" 200 78
222.70.180.90 - - [17/Jul/2023:09:01:26 +0800] "POST /xingrg/dwr/call/plaincall/AjaxCheckService.setItemNumber.dwr HTTP/1.1" 200 78
222.70.114.12 - - [17/Jul/2023:09:01:26 +0800] "GET /xingrg/kc/mdqp/psth_order_info1.html?code=322023071700009 HTTP/1.1" 200 22417
222.70.114.12 - - [17/Jul/2023:09:01:26 +0800] "GET /xingrg/javascript/jquery_tools/jquery-1.4.2.min.js HTTP/1.1" 404 1094
116.237.77.180 - - [17/Jul/2023:09:01:26 +0800] "GET /xingrg/all/function/internal_message.html?_=1689555686209&CODE_STATE=getMsg HTTP/1.1" 200 27
222.70.114.12 - - [17/Jul/2023:09:01:26 +0800] "GET /xingrg/javascript/easyui/themes/default/validatebox.css HTTP/1.1" 404 1104
222.70.114.12 - - [17/Jul/2023:09:01:26 +0800] "POST /xingrg/kc/mdqp/psth_order_operate.html HTTP/1.1" 200 482
222.70.180.90 - - [17/Jul/2023:09:01:27 +0800] "POST /xingrg/dwr/call/plaincall/AjaxCheckService.setItemNumber.dwr HTTP/1.1" 200 78
180.163.29.219 - - [17/Jul/2023:09:01:27 +0800] "GET /xingrg/check_reg.html?_=1689555626770 HTTP/1.1" 302 -
180.163.29.219 - - [17/Jul/2023:09:01:27 +0800] "GET /xingrg/login.html HTTP/1.1" 200 1706
222.70.180.90 - - [17/Jul/2023:09:01:27 +0800] "POST /xingrg/dwr/call/plaincall/AjaxCheckService.setItemNumber.dwr HTTP/1.1" 200 78
222.70.180.90 - - [17/Jul/2023:09:01:28 +0800] "POST /xingrg/dwr/call/plaincall/AjaxCheckService.setItemNumber.dwr HTTP/1.1" 200 78
114.85.113.108 - - [17/Jul/2023:09:01:29 +0800] "GET /xingrg/all/function/internal_message.html?_=1689555684726&CODE_STATE=getMsg HTTP/1.1" 200 27
114.85.113.108 - - [17/Jul/2023:09:01:29 +0800] "GET /xingrg/check_reg.html?_=1689555684729 HTTP/1.1" 200 71
222.70.180.90 - - [17/Jul/2023:09:01:29 +0800] "POST /xingrg/dwr/call/plaincall/AjaxCheckService.setItemNumber.dwr HTTP/1.1" 200 78
114.85.115.210 - - [17/Jul/2023:09:01:30 +0800] "GET /xingrg/all/function/internal_message.html?_=1689555691048&CODE_STATE=getMsg HTTP/1.1" 200 27
116.238.191.126 - - [17/Jul/2023:09:01:31 +0800] "POST /xingrg/kc/buy/cgsh_order_operate.html HTTP/1.1" 200 37
222.70.180.90 - - [17/Jul/2023:09:01:31 +0800] "POST /xingrg/dwr/call/plaincall/AjaxCheckService.setItemNumber.dwr HTTP/1.1" 200 78
222.70.180.90 - - [17/Jul/2023:09:01:32 +0800] "POST /xingrg/dwr/call/plaincall/AjaxCheckService.setItemNumber.dwr HTTP/1.1" 200 78
114.83.219.167 - - [17/Jul/2023:09:01:33 +0800] "GET /xingrg/kc/buy/cgsh_order_operate.html?command=get_materiel&rest_code=00149&code=00101008004&supplier_code=00100008&order_time=2023-07-17 HTTP/1.1" 200 416
116.238.191.126 - - [17/Jul/2023:09:01:34 +0800] "POST /xingrg/kc/buy/cgsh_order_operate.html HTTP/1.1" 200 14051
120.253.135.82 - - [17/Jul/2023:09:01:36 +0800] "GET /xingrg/all/function/internal_message.html?_=1689555837947&CODE_STATE=getMsg HTTP/1.1" 200 27
114.83.219.167 - - [17/Jul/2023:09:01:38 +0800] "POST /xingrg/kc/buy/cgsh_order_operate.html HTTP/1.1" 200 2065
222.70.180.90 - - [17/Jul/2023:09:01:38 +0800] "GET /xingrg/all/function/internal_message.html?_=1689555695016&CODE_STATE=getMsg HTTP/1.1" 302 -
114.85.115.210 - - [17/Jul/2023:09:01:41 +0800] "POST /xingrg/dwr/call/plaincall/AjaxCheckService.checkOrder.dwr HTTP/1.1" 200 78
222.70.180.90 - - [17/Jul/2023:09:01:41 +0800] "POST /xingrg/dwr/call/plaincall/AjaxCheckService.setItemNumber.dwr HTTP/1.1" 200 78
222.70.180.90 - - [17/Jul/2023:09:01:42 +0800] "POST /xingrg/dwr/call/plaincall/AjaxCheckService.setItemNumber.dwr HTTP/1.1" 200 78
222.70.180.90 - - [17/Jul/2023:09:01:42 +0800] "POST /xingrg/dwr/call/plaincall/AjaxCheckService.setItemNumber.dwr HTTP/1.1" 200 78
222.70.180.90 - - [17/Jul/2023:09:01:42 +0800] "POST /xingrg/dwr/call/plaincall/AjaxCheckService.setItemNumber.dwr HTTP/1.1" 200 78
222.70.180.90 - - [17/Jul/2023:09:01:42 +0800] "POST /xingrg/dwr/call/plaincall/AjaxCheckService.setItemNumber.dwr HTTP/1.1" 200 78
222.70.180.90 - - [17/Jul/2023:09:01:42 +0800] "POST /xingrg/dwr/call/plaincall/AjaxCheckService.setItemNumber.dwr HTTP/1.1" 200 78
222.70.180.90 - - [17/Jul/2023:09:01:42 +0800] "POST /xingrg/dwr/call/plaincall/AjaxCheckService.setItemNumber.dwr HTTP/1.1" 200 78
222.70.180.90 - - [17/Jul/2023:09:01:42 +0800] "POST /xingrg/dwr/call/plaincall/AjaxCheckService.setItemNumber.dwr HTTP/1.1" 200 78
114.85.115.210 - - [17/Jul/2023:09:01:43 +0800] "GET /xingrg/kc/base/check_order_info.html?code=452023071600188 HTTP/1.1" 200 22854
114.85.115.210 - - [17/Jul/2023:09:01:43 +0800] "GET /xingrg/dwr/interface/AjaxComOrderService.js HTTP/1.1" 200 18264
114.85.115.210 - - [17/Jul/2023:09:01:43 +0800] "GET /xingrg/dwr/interface/AjaxCheckService.js HTTP/1.1" 200 14003
114.85.115.210 - - [17/Jul/2023:09:01:43 +0800] "GET /xingrg/dwr/engine.js HTTP/1.1" 200 43631
222.70.180.90 - - [17/Jul/2023:09:01:43 +0800] "POST /xingrg/dwr/call/plaincall/AjaxCheckService.setItemNumber.dwr HTTP/1.1" 200 78
116.238.191.126 - - [17/Jul/2023:09:01:44 +0800] "GET /xingrg/kc/buy/cgsh_order_operate.html?command=get_materiel&rest_code=00151&code=00101008150&supplier_code=00100008&order_time=2023-07-17 HTTP/1.1" 200 409
222.70.180.90 - - [17/Jul/2023:09:01:44 +0800] "POST /xingrg/dwr/call/plaincall/AjaxCheckService.setItemNumber.dwr HTTP/1.1" 200 78
114.85.115.210 - - [17/Jul/2023:09:01:44 +0800] "POST /xingrg/dwr/call/plaincall/AjaxCheckService.loadOrderItems.dwr HTTP/1.1" 200 4507
222.70.180.90 - - [17/Jul/2023:09:01:45 +0800] "POST /xingrg/dwr/call/plaincall/AjaxCheckService.setItemNumber.dwr HTTP/1.1" 200 78
114.83.219.167 - - [17/Jul/2023:09:01:46 +0800] "GET /xingrg/kc/buy/cgsh_order_operate.html?command=get_materiel&rest_code=00149&code=00101008372&supplier_code=00100008&order_time=2023-07-17 HTTP/1.1" 200 408
222.70.180.90 - - [17/Jul/2023:09:01:47 +0800] "POST /xingrg/dwr/call/plaincall/AjaxCheckService.setItemNumber.dwr HTTP/1.1" 200 78
114.85.115.210 - - [17/Jul/2023:09:01:47 +0800] "GET /xingrg/kc/base/check_order_list.html?isBack=1 HTTP/1.1" 200 16217
218.81.216.79 - - [17/Jul/2023:09:01:47 +0800] "GET /xingrg/check_reg.html?_=1689555709055 HTTP/1.1" 200 71
114.85.115.210 - - [17/Jul/2023:09:01:47 +0800] "POST /xingrg/kc/base/check_list_operate.html HTTP/1.1" 200 2193
114.83.219.167 - - [17/Jul/2023:09:01:49 +0800] "GET /xingrg/all/function/internal_message.html?_=1689555709473&CODE_STATE=getMsg HTTP/1.1" 200 27
114.85.115.210 - - [17/Jul/2023:09:01:49 +0800] "GET /xingrg/kc/base/check_order_info.html?code=452023071600187 HTTP/1.1" 200 26516
114.85.115.210 - - [17/Jul/2023:09:01:49 +0800] "GET /xingrg/dwr/interface/AjaxComOrderService.js HTTP/1.1" 200 18264
114.85.115.210 - - [17/Jul/2023:09:01:49 +0800] "GET /xingrg/dwr/interface/AjaxCheckService.js HTTP/1.1" 200 14003
114.85.115.210 - - [17/Jul/2023:09:01:49 +0800] "GET /xingrg/dwr/engine.js HTTP/1.1" 200 43631
222.70.180.90 - - [17/Jul/2023:09:01:49 +0800] "POST /xingrg/dwr/call/plaincall/AjaxCheckService.setItemNumber.dwr HTTP/1.1" 200 78
114.85.115.210 - - [17/Jul/2023:09:01:50 +0800] "POST /xingrg/dwr/call/plaincall/AjaxCheckService.loadOrderItems.dwr HTTP/1.1" 200 31352
222.70.114.12 - - [17/Jul/2023:09:01:52 +0800] "GET /xingrg/all/function/internal_message.html?_=1689555713927&CODE_STATE=getMsg HTTP/1.1" 200 27
222.70.180.90 - - [17/Jul/2023:09:01:52 +0800] "POST /xingrg/dwr/call/plaincall/AjaxCheckService.setItemNumber.dwr HTTP/1.1" 200 78
116.238.191.126 - - [17/Jul/2023:09:01:56 +0800] "GET /xingrg/kc/buy/cgsh_order_operate.html?command=get_materiel&rest_code=00151&code=00101013019&supplier_code=00100008&order_time=2023-07-17 HTTP/1.1" 200 413
116.238.191.126 - - [17/Jul/2023:09:01:58 +0800] "GET /xingrg/check_reg.html?_=1689555718707 HTTP/1.1" 200 71
116.238.191.126 - - [17/Jul/2023:09:01:58 +0800] "GET /xingrg/all/function/internal_message.html?_=1689555718708&CODE_STATE=getMsg HTTP/1.1" 200 27
116.238.191.126 - - [17/Jul/2023:09:02:01 +0800] "GET /xingrg/all/function/internal_message.html?_=1689555618527&CODE_STATE=getMsg HTTP/1.1" 200 27
218.81.216.79 - - [17/Jul/2023:09:02:03 +0800] "GET /xingrg/all/function/internal_message.html?_=1689555724968&CODE_STATE=getMsg HTTP/1.1" 200 27
114.85.115.210 - - [17/Jul/2023:09:02:09 +0800] "POST /xingrg/dwr/call/plaincall/AjaxCheckService.checkOrder.dwr HTTP/1.1" 200 78
222.70.180.90 - - [17/Jul/2023:09:02:10 +0800] "GET /xingrg/all/function/internal_message.html?_=1689555730351&CODE_STATE=getMsg HTTP/1.1" 200 27
114.85.115.210 - - [17/Jul/2023:09:02:11 +0800] "GET /xingrg/kc/base/check_order_info.html?code=452023071600187 HTTP/1.1" 200 22854
114.85.115.210 - - [17/Jul/2023:09:02:11 +0800] "GET /xingrg/dwr/interface/AjaxComOrderService.js HTTP/1.1" 200 18264
114.85.115.210 - - [17/Jul/2023:09:02:11 +0800] "GET /xingrg/dwr/interface/AjaxCheckService.js HTTP/1.1" 200 14003
114.85.115.210 - - [17/Jul/2023:09:02:11 +0800] "GET /xingrg/dwr/engine.js HTTP/1.1" 200 43631
120.253.135.82 - - [17/Jul/2023:09:02:11 +0800] "GET /xingrg/all/function/internal_message.html?_=1689555555481&CODE_STATE=getMsg HTTP/1.1" 200 27
114.85.115.210 - - [17/Jul/2023:09:02:11 +0800] "POST /xingrg/dwr/call/plaincall/AjaxCheckService.loadOrderItems.dwr HTTP/1.1" 200 14248
114.85.115.210 - - [17/Jul/2023:09:02:12 +0800] "GET /xingrg/kc/base/check_order_list.html?isBack=1 HTTP/1.1" 200 16217
114.83.219.167 - - [17/Jul/2023:09:02:12 +0800] "GET /xingrg/kc/buy/cgsh_order_operate.html?command=get_materiel&rest_code=00149&code=00101008264&supplier_code=00100008&order_time=2023-07-17 HTTP/1.1" 200 412
114.85.115.210 - - [17/Jul/2023:09:02:12 +0800] "POST /xingrg/kc/base/check_list_operate.html HTTP/1.1" 200 1872
116.238.191.126 - - [17/Jul/2023:09:02:13 +0800] "POST /xingrg/kc/buy/cgsh_order_operate.html HTTP/1.1" 200 37
124.79.243.110 - - [17/Jul/2023:09:02:13 +0800] "GET /xingrg/all/function/internal_message.html?_=1689556019277&CODE_STATE=getMsg HTTP/1.1" 200 27
114.85.115.210 - - [17/Jul/2023:09:02:14 +0800] "GET /xingrg/kc/base/check_order_info.html?code=452023071600186 HTTP/1.1" 200 26516
114.85.115.210 - - [17/Jul/2023:09:02:14 +0800] "GET /xingrg/dwr/interface/AjaxCheckService.js HTTP/1.1" 200 14003
114.85.115.210 - - [17/Jul/2023:09:02:14 +0800] "GET /xingrg/dwr/interface/AjaxComOrderService.js HTTP/1.1" 200 18264
114.85.115.210 - - [17/Jul/2023:09:02:14 +0800] "GET /xingrg/dwr/engine.js HTTP/1.1" 200 43631
114.85.115.210 - - [17/Jul/2023:09:02:15 +0800] "POST /xingrg/dwr/call/plaincall/AjaxCheckService.loadOrderItems.dwr HTTP/1.1" 200 94287
180.169.147.146 - - [17/Jul/2023:09:02:17 +0800] "GET /xingrg/index.html?sysBaseUrl=http%3A%2F%2F180.169.147.146%3A18081%2Fxingrg%2F&costTime=39×tamp=1592034574635 HTTP/1.1" 302 -
180.169.147.146 - - [17/Jul/2023:09:02:17 +0800] "GET /xingrg/login.html HTTP/1.1" 200 1706
180.169.147.146 - - [17/Jul/2023:09:02:18 +0800] "GET /xingrg/images/blue/error_top.gif HTTP/1.1" 200 1790
180.169.147.146 - - [17/Jul/2023:09:02:18 +0800] "GET /xingrg/images/blue/error_mid.gif HTTP/1.1" 200 215
180.169.147.146 - - [17/Jul/2023:09:02:18 +0800] "GET /xingrg/images/blue/error_buttom.gif HTTP/1.1" 200 1750
180.169.147.146 - - [17/Jul/2023:09:02:18 +0800] "GET /favicon.ico HTTP/1.1" 404 -
101.83.145.37 - - [17/Jul/2023:09:02:18 +0800] "GET /xingrg/all/function/internal_message.html?_=1689555551434&CODE_STATE=getMsg HTTP/1.1" 200 27
116.232.195.127 - - [17/Jul/2023:09:02:19 +0800] "GET /xingrg/check_reg.html?_=1689555705891 HTTP/1.1" 200 71
180.169.147.146 - - [17/Jul/2023:09:02:19 +0800] "GET /xingrg/login.html?r=1 HTTP/1.1" 200 7641
180.169.147.146 - - [17/Jul/2023:09:02:20 +0800] "GET /favicon.ico HTTP/1.1" 404 -
116.232.195.127 - - [17/Jul/2023:09:02:20 +0800] "GET /xingrg/all/function/internal_message.html?_=1689555707272&CODE_STATE=getMsg HTTP/1.1" 200 27
114.83.219.167 - - [17/Jul/2023:09:02:25 +0800] "GET /xingrg/kc/buy/cgsh_order_operate.html?command=get_materiel&rest_code=00149&code=00101008300&supplier_code=00100008&order_time=2023-07-17 HTTP/1.1" 200 412
116.237.77.180 - - [17/Jul/2023:09:02:26 +0800] "GET /xingrg/all/function/internal_message.html?_=1689555746189&CODE_STATE=getMsg HTTP/1.1" 200 27
116.238.191.126 - - [17/Jul/2023:09:02:28 +0800] "POST /xingrg/kc/buy/cgsh_order_operate.html HTTP/1.1" 200 12
114.85.113.108 - - [17/Jul/2023:09:02:29 +0800] "GET /xingrg/all/function/internal_message.html?_=1689555744728&CODE_STATE=getMsg HTTP/1.1" 200 27
114.85.115.210 - - [17/Jul/2023:09:02:30 +0800] "GET /xingrg/all/function/internal_message.html?_=1689555751032&CODE_STATE=getMsg HTTP/1.1" 200 27
114.85.115.210 - - [17/Jul/2023:09:02:30 +0800] "GET /xingrg/check_reg.html?_=1689555751070 HTTP/1.1" 200 71
116.238.191.126 - - [17/Jul/2023:09:02:33 +0800] "GET /xingrg/kc/buy/cgsh_order_info.html?code=212023071706664 HTTP/1.1" 200 66573
116.238.191.126 - - [17/Jul/2023:09:02:34 +0800] "GET /xingrg/javascript/easyui/themes/default/validatebox.css HTTP/1.1" 404 1104
116.238.191.126 - - [17/Jul/2023:09:02:35 +0800] "POST /xingrg/kc/buy/cgsh_order_operate.html HTTP/1.1" 200 26611
120.253.135.82 - - [17/Jul/2023:09:02:36 +0800] "GET /xingrg/all/function/internal_message.html?_=1689555897952&CODE_STATE=getMsg HTTP/1.1" 200 27
116.238.191.126 - - [17/Jul/2023:09:02:38 +0800] "GET /xingrg/kc/print/load_config.html?kc_code=cgsh HTTP/1.1" 200 1924
222.70.180.90 - - [17/Jul/2023:09:02:38 +0800] "GET /xingrg/all/function/internal_message.html?_=1689555755007&CODE_STATE=getMsg HTTP/1.1" 302 -
116.238.191.126 - - [17/Jul/2023:09:02:40 +0800] "GET /xingrg/kc/print/load_data.html?order_code=212023071706664&kc_code=cgsh&condition= HTTP/1.1" 200 10537
114.83.219.167 - - [17/Jul/2023:09:02:49 +0800] "GET /xingrg/all/function/internal_message.html?_=1689555769525&CODE_STATE=getMsg HTTP/1.1" 200 27
222.70.114.12 - - [17/Jul/2023:09:02:52 +0800] "GET /xingrg/all/function/internal_message.html?_=1689555773937&CODE_STATE=getMsg HTTP/1.1" 200 27
116.238.191.126 - - [17/Jul/2023:09:02:52 +0800] "POST /xingrg/kc/buy/cgsh_order_operate.html HTTP/1.1" 200 15249
116.238.191.126 - - [17/Jul/2023:09:02:54 +0800] "GET /xingrg/kc/buy/cgsh_order_add.html HTTP/1.1" 200 71664
116.238.191.126 - - [17/Jul/2023:09:02:54 +0800] "POST /xingrg/kc/buy/cgsh_order_operate.html HTTP/1.1" 200 8245
116.238.191.126 - - [17/Jul/2023:09:02:54 +0800] "GET /xingrg/javascript/easyui/themes/default/validatebox.css HTTP/1.1" 404 1104
114.85.115.210 - - [17/Jul/2023:09:02:56 +0800] "POST /xingrg/dwr/call/plaincall/AjaxCheckService.checkOrder.dwr HTTP/1.1" 200 78
222.70.180.90 - - [17/Jul/2023:09:02:57 +0800] "POST /xingrg/dwr/call/plaincall/AjaxCheckService.setItemNumber.dwr HTTP/1.1" 200 78
222.70.180.90 - - [17/Jul/2023:09:02:57 +0800] "POST /xingrg/dwr/call/plaincall/AjaxCheckService.setItemNumber.dwr HTTP/1.1" 200 78
222.70.180.90 - - [17/Jul/2023:09:02:57 +0800] "POST /xingrg/dwr/call/plaincall/AjaxCheckService.setItemNumber.dwr HTTP/1.1" 200 78
222.70.180.90 - - [17/Jul/2023:09:02:57 +0800] "POST /xingrg/dwr/call/plaincall/AjaxCheckService.setItemNumber.dwr HTTP/1.1" 200 78
222.70.180.90 - - [17/Jul/2023:09:02:57 +0800] "POST /xingrg/dwr/call/plaincall/AjaxCheckService.setItemNumber.dwr HTTP/1.1" 200 78
222.70.180.90 - - [17/Jul/2023:09:02:57 +0800] "POST /xingrg/dwr/call/plaincall/AjaxCheckService.setItemNumber.dwr HTTP/1.1" 200 78
222.70.180.90 - - [17/Jul/2023:09:02:57 +0800] "POST /xingrg/dwr/call/plaincall/AjaxCheckService.setItemNumber.dwr HTTP/1.1" 200 78
222.70.180.90 - - [17/Jul/2023:09:02:57 +0800] "POST /xingrg/dwr/call/plaincall/AjaxCheckService.setItemNumber.dwr HTTP/1.1" 200 78
222.70.180.90 - - [17/Jul/2023:09:02:57 +0800] "POST /xingrg/dwr/call/plaincall/AjaxCheckService.setItemNumber.dwr HTTP/1.1" 200 78
114.83.219.167 - - [17/Jul/2023:09:02:58 +0800] "GET /xingrg/kc/buy/cgsh_order_operate.html?command=get_materiel&rest_code=00149&code=00101008059&supplier_code=00100008&order_time=2023-07-17 HTTP/1.1" 200 408
116.238.191.126 - - [17/Jul/2023:09:02:58 +0800] "GET /xingrg/all/function/internal_message.html?_=1689555778731&CODE_STATE=getMsg HTTP/1.1" 200 27
116.238.191.126 - - [17/Jul/2023:09:03:01 +0800] "GET /xingrg/all/function/internal_message.html?_=1689555678540&CODE_STATE=getMsg HTTP/1.1" 200 27
218.81.216.79 - - [17/Jul/2023:09:03:03 +0800] "GET /xingrg/all/function/internal_message.html?_=1689555784981&CODE_STATE=getMsg HTTP/1.1" 200 27
116.238.191.126 - - [17/Jul/2023:09:03:06 +0800] "GET /xingrg/kc/buy/cgsh_order_operate.html?command=get_materiel&rest_code=00150&code=00101015017&supplier_code=00100054&order_time=2023-07-17 HTTP/1.1" 200 412
114.85.115.210 - - [17/Jul/2023:09:03:07 +0800] "GET /xingrg/kc/base/check_order_info.html?code=452023071600186 HTTP/1.1" 200 22854
114.85.115.210 - - [17/Jul/2023:09:03:07 +0800] "GET /xingrg/dwr/interface/AjaxComOrderService.js HTTP/1.1" 200 18264
114.85.115.210 - - [17/Jul/2023:09:03:07 +0800] "GET /xingrg/dwr/interface/AjaxCheckService.js HTTP/1.1" 200 14003
114.85.115.210 - - [17/Jul/2023:09:03:07 +0800] "GET /xingrg/dwr/engine.js HTTP/1.1" 200 43631
120.253.135.82 - - [17/Jul/2023:09:03:08 +0800] "GET /xingrg/check_reg.html?_=1689555612600 HTTP/1.1" 200 71
114.85.115.210 - - [17/Jul/2023:09:03:08 +0800] "POST /xingrg/dwr/call/plaincall/AjaxCheckService.loadOrderItems.dwr HTTP/1.1" 200 42619
222.70.180.90 - - [17/Jul/2023:09:03:10 +0800] "GET /xingrg/all/function/internal_message.html?_=1689555790344&CODE_STATE=getMsg HTTP/1.1" 200 27
120.253.135.82 - - [17/Jul/2023:09:03:11 +0800] "GET /xingrg/all/function/internal_message.html?_=1689555615494&CODE_STATE=getMsg HTTP/1.1" 200 27
114.83.219.167 - - [17/Jul/2023:09:03:13 +0800] "GET /xingrg/kc/buy/cgsh_order_operate.html?command=get_materiel&rest_code=00149&code=00101008077&supplier_code=00100008&order_time=2023-07-17 HTTP/1.1" 200 416
124.79.243.110 - - [17/Jul/2023:09:03:13 +0800] "GET /xingrg/all/function/internal_message.html?_=1689556079276&CODE_STATE=getMsg HTTP/1.1" 200 27
114.83.219.167 - - [17/Jul/2023:09:03:18 +0800] "POST /xingrg/kc/buy/cgsh_order_operate.html HTTP/1.1" 200 2065
101.83.145.37 - - [17/Jul/2023:09:03:18 +0800] "GET /xingrg/all/function/internal_message.html?_=1689555611438&CODE_STATE=getMsg HTTP/1.1" 200 27
116.232.195.127 - - [17/Jul/2023:09:03:20 +0800] "GET /xingrg/all/function/internal_message.html?_=1689555767258&CODE_STATE=getMsg HTTP/1.1" 200 27
116.238.191.126 - - [17/Jul/2023:09:03:22 +0800] "POST /xingrg/kc/buy/cgsh_order_operate.html HTTP/1.1" 200 37
114.83.219.167 - - [17/Jul/2023:09:03:25 +0800] "GET /xingrg/kc/buy/cgsh_order_operate.html?command=get_materiel&rest_code=00149&code=00101008223&supplier_code=00100008&order_time=2023-07-17 HTTP/1.1" 200 412
116.237.77.180 - - [17/Jul/2023:09:03:26 +0800] "GET /xingrg/all/function/internal_message.html?_=1689555806162&CODE_STATE=getMsg HTTP/1.1" 200 27
116.238.191.126 - - [17/Jul/2023:09:03:27 +0800] "GET /xingrg/kc/buy/cgsh_order_operate.html?command=get_materiel&rest_code=00150&code=00101015019&supplier_code=00100054&order_time=2023-07-17 HTTP/1.1" 200 412
114.85.113.108 - - [17/Jul/2023:09:03:29 +0800] "GET /xingrg/all/function/internal_message.html?_=1689555804729&CODE_STATE=getMsg HTTP/1.1" 200 27
114.85.115.210 - - [17/Jul/2023:09:03:30 +0800] "GET /xingrg/all/function/internal_message.html?_=1689555811013&CODE_STATE=getMsg HTTP/1.1" 200 27
116.238.191.126 - - [17/Jul/2023:09:03:35 +0800] "POST /xingrg/kc/buy/cgsh_order_operate.html HTTP/1.1" 200 12
114.83.219.167 - - [17/Jul/2023:09:03:35 +0800] "GET /xingrg/kc/buy/cgsh_order_operate.html?command=get_materiel&rest_code=00149&code=00101008330&supplier_code=00100008&order_time=2023-07-17 HTTP/1.1" 200 408
120.253.135.82 - - [17/Jul/2023:09:03:36 +0800] "GET /xingrg/all/function/internal_message.html?_=1689555957957&CODE_STATE=getMsg HTTP/1.1" 200 27
116.238.191.126 - - [17/Jul/2023:09:03:37 +0800] "GET /xingrg/kc/buy/cgsh_order_operate.html?command=get_materiel&rest_code=00150&code=00101015021&supplier_code=00100054&order_time=2023-07-17 HTTP/1.1" 200 408
116.238.191.126 - - [17/Jul/2023:09:03:38 +0800] "GET /xingrg/kc/buy/cgsh_order_info.html?code=212023071706665 HTTP/1.1" 200 66143
116.238.191.126 - - [17/Jul/2023:09:03:38 +0800] "GET /xingrg/javascript/easyui/themes/default/validatebox.css HTTP/1.1" 404 1104
222.70.180.90 - - [17/Jul/2023:09:03:38 +0800] "GET /xingrg/all/function/internal_message.html?_=1689555815008&CODE_STATE=getMsg HTTP/1.1" 302 -
116.238.191.126 - - [17/Jul/2023:09:03:39 +0800] "POST /xingrg/kc/buy/cgsh_order_operate.html HTTP/1.1" 200 13194
116.238.191.126 - - [17/Jul/2023:09:03:42 +0800] "GET /xingrg/kc/print/load_data.html?order_code=212023071706665&kc_code=cgsh&condition= HTTP/1.1" 200 5596
114.83.219.167 - - [17/Jul/2023:09:03:45 +0800] "GET /xingrg/kc/buy/cgsh_order_operate.html?command=get_materiel&rest_code=00149&code=00101008244&supplier_code=00100008&order_time=2023-07-17 HTTP/1.1" 200 408
116.238.191.126 - - [17/Jul/2023:09:03:48 +0800] "GET /xingrg/kc/buy/cgsh_order_operate.html?command=get_materiel&rest_code=00150&code=00101015189&supplier_code=00100054&order_time=2023-07-17 HTTP/1.1" 200 409
114.83.219.167 - - [17/Jul/2023:09:03:49 +0800] "GET /xingrg/all/function/internal_message.html?_=1689555829504&CODE_STATE=getMsg HTTP/1.1" 200 27
116.237.77.180 - - [17/Jul/2023:09:03:51 +0800] "GET /xingrg/kc/buy/cgsh_order_operate.html?command=get_materiel&rest_code=00106&code=00101008357&supplier_code=00100007&order_time=2023-07-17 HTTP/1.1" 200 408
222.70.114.12 - - [17/Jul/2023:09:03:52 +0800] "GET /xingrg/all/function/internal_message.html?_=1689555833937&CODE_STATE=getMsg HTTP/1.1" 200 27
114.85.115.210 - - [17/Jul/2023:09:03:57 +0800] "GET /xingrg/kc/base/check_order_list.html?isBack=1 HTTP/1.1" 200 16217
114.85.115.210 - - [17/Jul/2023:09:03:57 +0800] "POST /xingrg/kc/base/check_list_operate.html HTTP/1.1" 200 1551
116.238.191.126 - - [17/Jul/2023:09:03:58 +0800] "GET /xingrg/all/function/internal_message.html?_=1689555838708&CODE_STATE=getMsg HTTP/1.1" 200 27
114.85.115.210 - - [17/Jul/2023:09:03:59 +0800] "GET /xingrg/kc/base/check_order_info.html?code=452023071600184 HTTP/1.1" 200 26516
114.85.115.210 - - [17/Jul/2023:09:03:59 +0800] "GET /xingrg/dwr/interface/AjaxCheckService.js HTTP/1.1" 200 14003
114.85.115.210 - - [17/Jul/2023:09:03:59 +0800] "GET /xingrg/dwr/interface/AjaxComOrderService.js HTTP/1.1" 200 18264
114.85.115.210 - - [17/Jul/2023:09:03:59 +0800] "GET /xingrg/dwr/engine.js HTTP/1.1" 200 43631
114.85.115.210 - - [17/Jul/2023:09:04:00 +0800] "POST /xingrg/dwr/call/plaincall/AjaxCheckService.loadOrderItems.dwr HTTP/1.1" 200 113104
116.238.191.126 - - [17/Jul/2023:09:04:00 +0800] "POST /xingrg/kc/buy/cgsh_order_operate.html HTTP/1.1" 200 37
116.238.191.126 - - [17/Jul/2023:09:04:01 +0800] "GET /xingrg/all/function/internal_message.html?_=1689555738663&CODE_STATE=getMsg HTTP/1.1" 200 27
218.81.216.79 - - [17/Jul/2023:09:04:03 +0800] "GET /xingrg/all/function/internal_message.html?_=1689555845024&CODE_STATE=getMsg HTTP/1.1" 200 27
116.237.77.180 - - [17/Jul/2023:09:04:03 +0800] "GET /xingrg/kc/buy/cgsh_order_operate.html?command=get_materiel&rest_code=00106&code=00101008169&supplier_code=00100007&order_time=2023-07-17 HTTP/1.1" 200 412
114.83.219.167 - - [17/Jul/2023:09:04:03 +0800] "GET /xingrg/kc/buy/cgsh_order_operate.html?command=get_materiel&rest_code=00149&code=00101008739&supplier_code=00100008&order_time=2023-07-17 HTTP/1.1" 200 410
222.70.180.90 - - [17/Jul/2023:09:04:10 +0800] "GET /xingrg/all/function/internal_message.html?_=1689555850365&CODE_STATE=getMsg HTTP/1.1" 200 27
120.253.135.82 - - [17/Jul/2023:09:04:11 +0800] "GET /xingrg/all/function/internal_message.html?_=1689555675507&CODE_STATE=getMsg HTTP/1.1" 200 27
116.238.191.126 - - [17/Jul/2023:09:04:11 +0800] "POST /xingrg/kc/buy/cgsh_order_operate.html HTTP/1.1" 200 12
124.79.243.110 - - [17/Jul/2023:09:04:13 +0800] "GET /xingrg/check_reg.html?_=1689556139275 HTTP/1.1" 200 71
124.79.243.110 - - [17/Jul/2023:09:04:13 +0800] "GET /xingrg/all/function/internal_message.html?_=1689556139276&CODE_STATE=getMsg HTTP/1.1" 200 27
116.238.191.126 - - [17/Jul/2023:09:04:15 +0800] "GET /xingrg/kc/buy/cgsh_order_info.html?code=212023071706666 HTTP/1.1" 200 66571
116.238.191.126 - - [17/Jul/2023:09:04:15 +0800] "GET /xingrg/javascript/easyui/themes/default/validatebox.css HTTP/1.1" 404 1104
116.238.191.126 - - [17/Jul/2023:09:04:17 +0800] "POST /xingrg/kc/buy/cgsh_order_operate.html HTTP/1.1" 200 2382
101.83.145.37 - - [17/Jul/2023:09:04:18 +0800] "GET /xingrg/all/function/internal_message.html?_=1689555671435&CODE_STATE=getMsg HTTP/1.1" 200 27
114.83.219.167 - - [17/Jul/2023:09:04:18 +0800] "GET /xingrg/kc/buy/cgsh_order_operate.html?command=get_materiel&rest_code=00149&code=00101008502&supplier_code=00100008&order_time=2023-07-17 HTTP/1.1" 200 412
116.232.195.127 - - [17/Jul/2023:09:04:20 +0800] "GET /xingrg/all/function/internal_message.html?_=1689555827235&CODE_STATE=getMsg HTTP/1.1" 200 27
116.238.191.126 - - [17/Jul/2023:09:04:21 +0800] "GET /xingrg/kc/print/load_data.html?order_code=212023071706666&kc_code=cgsh&condition= HTTP/1.1" 200 1379
116.237.77.180 - - [17/Jul/2023:09:04:26 +0800] "GET /xingrg/all/function/internal_message.html?_=1689555866144&CODE_STATE=getMsg HTTP/1.1" 200 27
116.238.191.126 - - [17/Jul/2023:09:04:28 +0800] "GET /xingrg/kc/buy/cgsh_order_add.html HTTP/1.1" 200 71664
116.238.191.126 - - [17/Jul/2023:09:04:28 +0800] "POST /xingrg/kc/buy/cgsh_order_operate.html HTTP/1.1" 200 8245
116.238.191.126 - - [17/Jul/2023:09:04:28 +0800] "GET /xingrg/javascript/easyui/themes/default/validatebox.css HTTP/1.1" 404 1104
114.85.113.108 - - [17/Jul/2023:09:04:29 +0800] "GET /xingrg/all/function/internal_message.html?_=1689555864729&CODE_STATE=getMsg HTTP/1.1" 200 27
114.85.115.210 - - [17/Jul/2023:09:04:30 +0800] "GET /xingrg/all/function/internal_message.html?_=1689555870987&CODE_STATE=getMsg HTTP/1.1" 200 27
114.83.219.167 - - [17/Jul/2023:09:04:31 +0800] "POST /xingrg/kc/buy/cgsh_order_operate.html HTTP/1.1" 200 2065
120.253.135.82 - - [17/Jul/2023:09:04:36 +0800] "GET /xingrg/all/function/internal_message.html?_=1689556017957&CODE_STATE=getMsg HTTP/1.1" 200 27
120.253.135.82 - - [17/Jul/2023:09:04:36 +0800] "GET /xingrg/check_reg.html?_=1689556017959 HTTP/1.1" 200 71
222.70.180.90 - - [17/Jul/2023:09:04:38 +0800] "GET /xingrg/check_reg.html?_=1689555874995 HTTP/1.1" 302 -
222.70.180.90 - - [17/Jul/2023:09:04:38 +0800] "GET /xingrg/all/function/internal_message.html?_=1689555874996&CODE_STATE=getMsg HTTP/1.1" 302 -
114.85.115.210 - - [17/Jul/2023:09:04:40 +0800] "POST /xingrg/dwr/call/plaincall/AjaxCheckService.checkOrder.dwr HTTP/1.1" 200 78
116.238.191.126 - - [17/Jul/2023:09:04:40 +0800] "GET /xingrg/kc/buy/cgsh_order_operate.html?command=get_materiel&rest_code=00150&code=00101031012&supplier_code=00100054&order_time=2023-07-17 HTTP/1.1" 200 417
114.83.219.167 - - [17/Jul/2023:09:04:42 +0800] "GET /xingrg/kc/buy/cgsh_order_operate.html?command=get_materiel&rest_code=00149&code=00101008273&supplier_code=00100008&order_time=2023-07-17 HTTP/1.1" 200 412
218.81.65.72 - - [17/Jul/2023:09:04:46 +0800] "GET /xingrg/index.html?sysBaseUrl=http%3A%2F%2F180.169.147.146%3A18081%2Fxingrg%2F&costTime=44×tamp=1622098168715 HTTP/1.1" 200 17179
218.81.65.72 - - [17/Jul/2023:09:04:46 +0800] "GET /xingrg/check_reg.html?_=1689555886819 HTTP/1.1" 200 71
218.81.65.72 - - [17/Jul/2023:09:04:46 +0800] "GET /xingrg/all/function/internal_message.html?_=1689555886818&CODE_STATE=count HTTP/1.1" 200 11
218.81.65.72 - - [17/Jul/2023:09:04:46 +0800] "GET /favicon.ico HTTP/1.1" 404 -
218.81.65.72 - - [17/Jul/2023:09:04:47 +0800] "POST /xingrg/all/common/load_tree.html?tree=area_rest_tree_json&manage=1 HTTP/1.1" 200 351
218.81.65.72 - - [17/Jul/2023:09:04:47 +0800] "POST /xingrg/load_menu.html HTTP/1.1" 200 5138
180.163.28.55 - - [17/Jul/2023:09:04:48 +0800] "GET /xingrg/kc/buy/cgsh_order_operate.html?command=get_materiel&rest_code=00106&code=00101008357&supplier_code=00100007&order_time=2023-07-17 HTTP/1.1" 302 -
180.163.28.55 - - [17/Jul/2023:09:04:48 +0800] "GET /xingrg/login.html HTTP/1.1" 200 1706
114.83.219.167 - - [17/Jul/2023:09:04:49 +0800] "GET /xingrg/check_reg.html?_=1689555889479 HTTP/1.1" 200 71
114.83.219.167 - - [17/Jul/2023:09:04:49 +0800] "GET /xingrg/all/function/internal_message.html?_=1689555889484&CODE_STATE=getMsg HTTP/1.1" 200 27
116.238.191.126 - - [17/Jul/2023:09:04:50 +0800] "POST /xingrg/kc/buy/cgsh_order_operate.html HTTP/1.1" 200 37
116.237.77.180 - - [17/Jul/2023:09:04:50 +0800] "GET /xingrg/kc/buy/cgsh_order_operate.html?command=get_materiel&rest_code=00106&code=00101008352&supplier_code=00100007&order_time=2023-07-17 HTTP/1.1" 200 412
218.81.65.72 - - [17/Jul/2023:09:04:51 +0800] "GET /xingrg/kc/base/check_order_list.html HTTP/1.1" 200 16223
218.81.65.72 - - [17/Jul/2023:09:04:51 +0800] "POST /xingrg/kc/base/check_list_operate.html HTTP/1.1" 200 2859
222.70.114.12 - - [17/Jul/2023:09:04:52 +0800] "GET /xingrg/check_reg.html?_=1689555893928 HTTP/1.1" 200 71
222.70.114.12 - - [17/Jul/2023:09:04:52 +0800] "GET /xingrg/all/function/internal_message.html?_=1689555893936&CODE_STATE=getMsg HTTP/1.1" 200 27
101.83.145.37 - - [17/Jul/2023:09:04:58 +0800] "GET /xingrg/kc/buy/cgsh_order_operate.html?command=get_materiel&rest_code=00105&code=00101008256&supplier_code=00100203&order_time=2023-07-17 HTTP/1.1" 200 413
116.238.191.126 - - [17/Jul/2023:09:04:58 +0800] "GET /xingrg/all/function/internal_message.html?_=1689555898691&CODE_STATE=getMsg HTTP/1.1" 200 27
116.238.191.126 - - [17/Jul/2023:09:04:59 +0800] "POST /xingrg/kc/buy/cgsh_order_operate.html HTTP/1.1" 200 12
116.237.77.180 - - [17/Jul/2023:09:05:00 +0800] "GET /xingrg/kc/buy/cgsh_order_operate.html?command=get_materiel&rest_code=00106&code=00101008005&supplier_code=00100007&order_time=2023-07-17 HTTP/1.1" 200 412
218.81.65.72 - - [17/Jul/2023:09:05:01 +0800] "GET /xingrg/kc/base/check_order_info.html?code=452023071600204 HTTP/1.1" 200 26505
218.81.65.72 - - [17/Jul/2023:09:05:01 +0800] "GET /xingrg/dwr/interface/AjaxComOrderService.js HTTP/1.1" 200 18264
