120.253.135.82 - - [17/Jul/2023:05:53:02 +0800] "GET /xingrg/kc/pszx/mdps_order_info.html?code=312023071700369 HTTP/1.1" 200 23978
218.81.216.79 - - [17/Jul/2023:05:53:03 +0800] "POST /xingrg/dwr/call/plaincall/AjaxCheckService.setItemNumber.dwr HTTP/1.1" 200 77
120.253.135.82 - - [17/Jul/2023:05:53:03 +0800] "GET /xingrg/javascript/easyui/themes/default/validatebox.css HTTP/1.1" 404 1104
120.253.135.82 - - [17/Jul/2023:05:53:03 +0800] "GET /xingrg/all/function/internal_message.html?_=1689544208170&CODE_STATE=getMsg HTTP/1.1" 200 27
120.253.135.82 - - [17/Jul/2023:05:53:04 +0800] "POST /xingrg/kc/pszx/mdps_order_operate.html HTTP/1.1" 200 12029
218.81.216.79 - - [17/Jul/2023:05:53:05 +0800] "POST /xingrg/dwr/call/plaincall/AjaxCheckService.setItemNumber.dwr HTTP/1.1" 200 77
218.81.216.79 - - [17/Jul/2023:05:53:05 +0800] "POST /xingrg/dwr/call/plaincall/AjaxCheckService.setItemNumber.dwr HTTP/1.1" 200 77
218.81.216.79 - - [17/Jul/2023:05:53:06 +0800] "POST /xingrg/dwr/call/plaincall/AjaxCheckService.setItemNumber.dwr HTTP/1.1" 200 77
116.232.195.127 - - [17/Jul/2023:05:53:07 +0800] "GET /xingrg/all/function/internal_message.html?_=1689544354042&CODE_STATE=getMsg HTTP/1.1" 200 27
218.81.216.79 - - [17/Jul/2023:05:53:08 +0800] "POST /xingrg/dwr/call/plaincall/AjaxCheckService.setItemNumber.dwr HTTP/1.1" 200 77
222.70.180.90 - - [17/Jul/2023:05:53:10 +0800] "GET /xingrg/all/function/internal_message.html?_=1689544390169&CODE_STATE=getMsg HTTP/1.1" 200 27
124.79.243.110 - - [17/Jul/2023:05:53:13 +0800] "GET /xingrg/all/function/internal_message.html?_=1689544679119&CODE_STATE=getMsg HTTP/1.1" 200 27
218.81.216.79 - - [17/Jul/2023:05:53:13 +0800] "POST /xingrg/dwr/call/plaincall/AjaxCheckService.setItemNumber.dwr HTTP/1.1" 200 77
218.81.216.79 - - [17/Jul/2023:05:53:14 +0800] "POST /xingrg/dwr/call/plaincall/AjaxCheckService.setItemNumber.dwr HTTP/1.1" 200 77
218.81.216.79 - - [17/Jul/2023:05:53:15 +0800] "POST /xingrg/dwr/call/plaincall/AjaxCheckService.setItemNumber.dwr HTTP/1.1" 200 77
218.81.216.79 - - [17/Jul/2023:05:53:16 +0800] "POST /xingrg/dwr/call/plaincall/AjaxCheckService.setItemNumber.dwr HTTP/1.1" 200 77
218.81.216.79 - - [17/Jul/2023:05:53:17 +0800] "POST /xingrg/dwr/call/plaincall/AjaxCheckService.setItemNumber.dwr HTTP/1.1" 200 77
218.81.216.79 - - [17/Jul/2023:05:53:18 +0800] "POST /xingrg/dwr/call/plaincall/AjaxCheckService.setItemNumber.dwr HTTP/1.1" 200 77
218.81.216.79 - - [17/Jul/2023:05:53:20 +0800] "POST /xingrg/dwr/call/plaincall/AjaxCheckService.setItemNumber.dwr HTTP/1.1" 200 77
218.81.216.79 - - [17/Jul/2023:05:53:20 +0800] "POST /xingrg/dwr/call/plaincall/AjaxCheckService.setItemNumber.dwr HTTP/1.1" 200 77
218.81.216.79 - - [17/Jul/2023:05:53:21 +0800] "POST /xingrg/dwr/call/plaincall/AjaxCheckService.setItemNumber.dwr HTTP/1.1" 200 77
218.81.216.79 - - [17/Jul/2023:05:53:22 +0800] "POST /xingrg/dwr/call/plaincall/AjaxCheckService.setItemNumber.dwr HTTP/1.1" 200 77
218.81.216.79 - - [17/Jul/2023:05:53:23 +0800] "POST /xingrg/dwr/call/plaincall/AjaxCheckService.setItemNumber.dwr HTTP/1.1" 200 77
218.81.216.79 - - [17/Jul/2023:05:53:24 +0800] "POST /xingrg/dwr/call/plaincall/AjaxCheckService.setItemNumber.dwr HTTP/1.1" 200 77
218.81.216.79 - - [17/Jul/2023:05:53:24 +0800] "POST /xingrg/dwr/call/plaincall/AjaxCheckService.setItemNumber.dwr HTTP/1.1" 200 77
218.81.216.79 - - [17/Jul/2023:05:53:26 +0800] "POST /xingrg/dwr/call/plaincall/AjaxCheckService.setItemNumber.dwr HTTP/1.1" 200 77
218.81.216.79 - - [17/Jul/2023:05:53:27 +0800] "POST /xingrg/dwr/call/plaincall/AjaxCheckService.setItemNumber.dwr HTTP/1.1" 200 77
218.81.216.79 - - [17/Jul/2023:05:53:27 +0800] "POST /xingrg/dwr/call/plaincall/AjaxCheckService.setItemNumber.dwr HTTP/1.1" 200 77
114.85.113.108 - - [17/Jul/2023:05:53:29 +0800] "GET /xingrg/all/function/internal_message.html?_=1689544404532&CODE_STATE=getMsg HTTP/1.1" 200 27
218.81.216.79 - - [17/Jul/2023:05:53:29 +0800] "POST /xingrg/dwr/call/plaincall/AjaxCheckService.setItemNumber.dwr HTTP/1.1" 200 77
218.81.216.79 - - [17/Jul/2023:05:53:31 +0800] "POST /xingrg/dwr/call/plaincall/AjaxCheckService.setItemNumber.dwr HTTP/1.1" 200 77
218.81.216.79 - - [17/Jul/2023:05:53:31 +0800] "POST /xingrg/dwr/call/plaincall/AjaxCheckService.setItemNumber.dwr HTTP/1.1" 200 77
218.81.216.79 - - [17/Jul/2023:05:53:32 +0800] "POST /xingrg/dwr/call/plaincall/AjaxCheckService.setItemNumber.dwr HTTP/1.1" 200 77
116.238.191.126 - - [17/Jul/2023:05:53:33 +0800] "GET /xingrg/all/function/internal_message.html?_=1689544310685&CODE_STATE=getMsg HTTP/1.1" 200 27
120.253.135.82 - - [17/Jul/2023:05:53:38 +0800] "POST /xingrg/kc/pszx/mdps_order_operate.html HTTP/1.1" 200 37
222.70.180.90 - - [17/Jul/2023:05:53:38 +0800] "GET /xingrg/all/function/internal_message.html?_=1689544415005&CODE_STATE=getMsg HTTP/1.1" 302 -
120.253.135.82 - - [17/Jul/2023:05:53:39 +0800] "GET /xingrg/kc/pszx/mdps_order_info.html?code=312023071700369 HTTP/1.1" 200 23978
120.253.135.82 - - [17/Jul/2023:05:53:40 +0800] "GET /xingrg/javascript/easyui/themes/default/validatebox.css HTTP/1.1" 404 1104
120.253.135.82 - - [17/Jul/2023:05:53:41 +0800] "POST /xingrg/kc/pszx/mdps_order_operate.html HTTP/1.1" 200 12029
120.253.135.82 - - [17/Jul/2023:05:53:56 +0800] "GET /xingrg/kc/pszx/mdps_order_info.html?code=312023071700369 HTTP/1.1" 200 23978
120.253.135.82 - - [17/Jul/2023:05:53:56 +0800] "GET /xingrg/javascript/easyui/themes/default/validatebox.css HTTP/1.1" 404 1104
120.253.135.82 - - [17/Jul/2023:05:53:57 +0800] "POST /xingrg/kc/pszx/mdps_order_operate.html HTTP/1.1" 200 12029
116.238.191.126 - - [17/Jul/2023:05:53:59 +0800] "GET /xingrg/check_reg.html?_=1689544336535 HTTP/1.1" 200 71
218.81.216.79 - - [17/Jul/2023:05:53:59 +0800] "GET /xingrg/all/function/internal_message.html?_=1689544440635&CODE_STATE=getMsg HTTP/1.1" 200 27
120.253.135.82 - - [17/Jul/2023:05:54:03 +0800] "GET /xingrg/all/function/internal_message.html?_=1689544268184&CODE_STATE=getMsg HTTP/1.1" 200 27
116.232.195.127 - - [17/Jul/2023:05:54:07 +0800] "GET /xingrg/all/function/internal_message.html?_=1689544414034&CODE_STATE=getMsg HTTP/1.1" 200 27
222.70.180.90 - - [17/Jul/2023:05:54:10 +0800] "GET /xingrg/all/function/internal_message.html?_=1689544450161&CODE_STATE=getMsg HTTP/1.1" 200 27
124.79.243.110 - - [17/Jul/2023:05:54:13 +0800] "GET /xingrg/all/function/internal_message.html?_=1689544739121&CODE_STATE=getMsg HTTP/1.1" 200 27
124.79.243.110 - - [17/Jul/2023:05:54:13 +0800] "GET /xingrg/check_reg.html?_=1689544739127 HTTP/1.1" 200 71
120.253.135.82 - - [17/Jul/2023:05:54:15 +0800] "POST /xingrg/kc/pszx/mdps_list_operate.html HTTP/1.1" 200 1692
120.253.135.82 - - [17/Jul/2023:05:54:20 +0800] "GET /xingrg/kc/pszx/mdqp_order_list.html?state=10 HTTP/1.1" 200 16365
120.253.135.82 - - [17/Jul/2023:05:54:20 +0800] "GET /xingrg/dwr/interface/AjaxQqpsService.js HTTP/1.1" 200 16326
120.253.135.82 - - [17/Jul/2023:05:54:20 +0800] "GET /xingrg/dwr/engine.js HTTP/1.1" 200 43631
120.253.135.82 - - [17/Jul/2023:05:54:20 +0800] "GET /xingrg/dwr/interface/AjaxReportQueryService.js HTTP/1.1" 200 13203
120.253.135.82 - - [17/Jul/2023:05:54:26 +0800] "GET /xingrg/kc/pszx/mdqp_order_info.html?code=302023071600306 HTTP/1.1" 200 13338
120.253.135.82 - - [17/Jul/2023:05:54:26 +0800] "GET /xingrg/dwr/interface/AjaxQqpsService.js HTTP/1.1" 200 16326
120.253.135.82 - - [17/Jul/2023:05:54:26 +0800] "GET /xingrg/dwr/interface/AjaxComOrderService.js HTTP/1.1" 200 18264
120.253.135.82 - - [17/Jul/2023:05:54:26 +0800] "GET /xingrg/dwr/engine.js HTTP/1.1" 200 43631
120.253.135.82 - - [17/Jul/2023:05:54:27 +0800] "POST /xingrg/dwr/call/plaincall/AjaxQqpsService.loadMaterielItems.dwr HTTP/1.1" 200 642
114.85.113.108 - - [17/Jul/2023:05:54:29 +0800] "GET /xingrg/all/function/internal_message.html?_=1689544464536&CODE_STATE=getMsg HTTP/1.1" 200 27
120.253.135.82 - - [17/Jul/2023:05:54:29 +0800] "GET /xingrg/images/yd/bt.gif HTTP/1.1" 404 1040
120.253.135.82 - - [17/Jul/2023:05:54:29 +0800] "GET /xingrg/images/yd/bt2.gif HTTP/1.1" 404 1042
120.253.135.82 - - [17/Jul/2023:05:54:30 +0800] "GET /xingrg/kc/pszx/mdqp_order_list.html?isBack=1 HTTP/1.1" 302 -
58.40.7.146 - - [17/Jul/2023:05:54:31 +0800] "POST /xingrg/services/DataTransmitService HTTP/1.1" 200 524
120.253.135.82 - - [17/Jul/2023:05:54:31 +0800] "GET /xingrg/kc/pszx/mdqp_order_list.html?state=10 HTTP/1.1" 200 16365
120.253.135.82 - - [17/Jul/2023:05:54:31 +0800] "GET /xingrg/dwr/interface/AjaxQqpsService.js HTTP/1.1" 200 16326
120.253.135.82 - - [17/Jul/2023:05:54:31 +0800] "GET /xingrg/dwr/interface/AjaxReportQueryService.js HTTP/1.1" 200 13203
120.253.135.82 - - [17/Jul/2023:05:54:31 +0800] "GET /xingrg/dwr/engine.js HTTP/1.1" 200 43631
116.238.191.126 - - [17/Jul/2023:05:54:33 +0800] "GET /xingrg/all/function/internal_message.html?_=1689544370700&CODE_STATE=getMsg HTTP/1.1" 200 27
120.253.135.82 - - [17/Jul/2023:05:54:34 +0800] "GET /xingrg/kc/pszx/jzcl_ps.html HTTP/1.1" 200 7683
120.253.135.82 - - [17/Jul/2023:05:54:34 +0800] "POST /xingrg/all/common/load_tree.html?tree=area_rest_tree_json HTTP/1.1" 200 3499
120.253.135.82 - - [17/Jul/2023:05:54:35 +0800] "POST /xingrg/kc/pszx/jzcl_ps_operate.html HTTP/1.1" 200 6202
120.253.135.82 - - [17/Jul/2023:05:54:35 +0800] "POST /xingrg/kc/pszx/jzcl_ps_operate.html HTTP/1.1" 200 6202
222.70.180.90 - - [17/Jul/2023:05:54:38 +0800] "GET /xingrg/all/function/internal_message.html?_=1689544474993&CODE_STATE=getMsg HTTP/1.1" 302 -
222.70.180.90 - - [17/Jul/2023:05:54:38 +0800] "GET /xingrg/check_reg.html?_=1689544474994 HTTP/1.1" 302 -
120.253.135.82 - - [17/Jul/2023:05:54:45 +0800] "POST /xingrg/kc/pszx/jzcl_ps_operate.html HTTP/1.1" 200 4
120.253.135.82 - - [17/Jul/2023:05:54:49 +0800] "GET /xingrg/kc/pszx/mdps_order_list.html HTTP/1.1" 200 21032
120.253.135.82 - - [17/Jul/2023:05:54:49 +0800] "POST /xingrg/kc/pszx/jzcl_ps_operate.html HTTP/1.1" 200 5812
120.253.135.82 - - [17/Jul/2023:05:54:49 +0800] "POST /xingrg/kc/pszx/mdps_list_operate.html HTTP/1.1" 200 5356
218.81.216.79 - - [17/Jul/2023:05:54:50 +0800] "POST /xingrg/dwr/call/plaincall/AjaxCheckService.setItemNumber.dwr HTTP/1.1" 200 77
120.253.135.82 - - [17/Jul/2023:05:54:53 +0800] "GET /xingrg/kc/pszx/mdqp_order_list.html?state=10 HTTP/1.1" 200 15966
120.253.135.82 - - [17/Jul/2023:05:54:53 +0800] "GET /xingrg/dwr/interface/AjaxQqpsService.js HTTP/1.1" 200 16326
120.253.135.82 - - [17/Jul/2023:05:54:53 +0800] "GET /xingrg/dwr/interface/AjaxReportQueryService.js HTTP/1.1" 200 13203
120.253.135.82 - - [17/Jul/2023:05:54:53 +0800] "GET /xingrg/dwr/engine.js HTTP/1.1" 200 43631
218.81.216.79 - - [17/Jul/2023:05:54:54 +0800] "POST /xingrg/dwr/call/plaincall/AjaxCheckService.setItemNumber.dwr HTTP/1.1" 200 77
218.81.216.79 - - [17/Jul/2023:05:54:54 +0800] "POST /xingrg/dwr/call/plaincall/AjaxCheckService.setItemNumber.dwr HTTP/1.1" 200 77
218.81.216.79 - - [17/Jul/2023:05:54:56 +0800] "POST /xingrg/dwr/call/plaincall/AjaxCheckService.setItemNumber.dwr HTTP/1.1" 200 77
218.81.216.79 - - [17/Jul/2023:05:54:56 +0800] "POST /xingrg/dwr/call/plaincall/AjaxCheckService.setItemNumber.dwr HTTP/1.1" 200 77
218.81.216.79 - - [17/Jul/2023:05:54:58 +0800] "POST /xingrg/dwr/call/plaincall/AjaxCheckService.setItemNumber.dwr HTTP/1.1" 200 77
218.81.216.79 - - [17/Jul/2023:05:54:59 +0800] "POST /xingrg/dwr/call/plaincall/AjaxCheckService.setItemNumber.dwr HTTP/1.1" 200 77
218.81.216.79 - - [17/Jul/2023:05:54:59 +0800] "GET /xingrg/all/function/internal_message.html?_=1689544500730&CODE_STATE=getMsg HTTP/1.1" 200 27
218.81.216.79 - - [17/Jul/2023:05:55:00 +0800] "POST /xingrg/dwr/call/plaincall/AjaxCheckService.setItemNumber.dwr HTTP/1.1" 200 77
218.81.216.79 - - [17/Jul/2023:05:55:01 +0800] "POST /xingrg/dwr/call/plaincall/AjaxCheckService.setItemNumber.dwr HTTP/1.1" 200 77
218.81.216.79 - - [17/Jul/2023:05:55:02 +0800] "POST /xingrg/dwr/call/plaincall/AjaxCheckService.setItemNumber.dwr HTTP/1.1" 200 77
218.81.216.79 - - [17/Jul/2023:05:55:03 +0800] "POST /xingrg/dwr/call/plaincall/AjaxCheckService.setItemNumber.dwr HTTP/1.1" 200 77
120.253.135.82 - - [17/Jul/2023:05:55:03 +0800] "GET /xingrg/all/function/internal_message.html?_=1689544328216&CODE_STATE=getMsg HTTP/1.1" 200 27
218.81.216.79 - - [17/Jul/2023:05:55:04 +0800] "POST /xingrg/dwr/call/plaincall/AjaxCheckService.setItemNumber.dwr HTTP/1.1" 200 77
218.81.216.79 - - [17/Jul/2023:05:55:04 +0800] "POST /xingrg/dwr/call/plaincall/AjaxCheckService.setItemNumber.dwr HTTP/1.1" 200 77
218.81.216.79 - - [17/Jul/2023:05:55:06 +0800] "POST /xingrg/dwr/call/plaincall/AjaxCheckService.setItemNumber.dwr HTTP/1.1" 200 77
116.232.195.127 - - [17/Jul/2023:05:55:07 +0800] "GET /xingrg/check_reg.html?_=1689544474044 HTTP/1.1" 200 71
116.232.195.127 - - [17/Jul/2023:05:55:07 +0800] "GET /xingrg/all/function/internal_message.html?_=1689544474047&CODE_STATE=getMsg HTTP/1.1" 200 27
218.81.216.79 - - [17/Jul/2023:05:55:07 +0800] "POST /xingrg/dwr/call/plaincall/AjaxCheckService.setItemNumber.dwr HTTP/1.1" 200 77
218.81.216.79 - - [17/Jul/2023:05:55:08 +0800] "POST /xingrg/dwr/call/plaincall/AjaxCheckService.setItemNumber.dwr HTTP/1.1" 200 77
218.81.216.79 - - [17/Jul/2023:05:55:10 +0800] "POST /xingrg/dwr/call/plaincall/AjaxCheckService.setItemNumber.dwr HTTP/1.1" 200 77
222.70.180.90 - - [17/Jul/2023:05:55:10 +0800] "GET /xingrg/all/function/internal_message.html?_=1689544510171&CODE_STATE=getMsg HTTP/1.1" 200 27
218.81.216.79 - - [17/Jul/2023:05:55:10 +0800] "POST /xingrg/dwr/call/plaincall/AjaxCheckService.setItemNumber.dwr HTTP/1.1" 200 77
218.81.216.79 - - [17/Jul/2023:05:55:13 +0800] "POST /xingrg/dwr/call/plaincall/AjaxCheckService.setItemNumber.dwr HTTP/1.1" 200 77
218.81.216.79 - - [17/Jul/2023:05:55:13 +0800] "POST /xingrg/dwr/call/plaincall/AjaxCheckService.setItemNumber.dwr HTTP/1.1" 200 77
124.79.243.110 - - [17/Jul/2023:05:55:13 +0800] "GET /xingrg/all/function/internal_message.html?_=1689544799125&CODE_STATE=getMsg HTTP/1.1" 200 27
218.81.216.79 - - [17/Jul/2023:05:55:14 +0800] "POST /xingrg/dwr/call/plaincall/AjaxCheckService.setItemNumber.dwr HTTP/1.1" 200 77
218.81.216.79 - - [17/Jul/2023:05:55:16 +0800] "POST /xingrg/dwr/call/plaincall/AjaxCheckService.setItemNumber.dwr HTTP/1.1" 200 77
218.81.216.79 - - [17/Jul/2023:05:55:17 +0800] "POST /xingrg/dwr/call/plaincall/AjaxCheckService.setItemNumber.dwr HTTP/1.1" 200 77
218.81.216.79 - - [17/Jul/2023:05:55:18 +0800] "POST /xingrg/dwr/call/plaincall/AjaxCheckService.setItemNumber.dwr HTTP/1.1" 200 77
218.81.216.79 - - [17/Jul/2023:05:55:19 +0800] "POST /xingrg/dwr/call/plaincall/AjaxCheckService.setItemNumber.dwr HTTP/1.1" 200 77
218.81.216.79 - - [17/Jul/2023:05:55:19 +0800] "POST /xingrg/dwr/call/plaincall/AjaxCheckService.setItemNumber.dwr HTTP/1.1" 200 77
218.81.216.79 - - [17/Jul/2023:05:55:21 +0800] "POST /xingrg/dwr/call/plaincall/AjaxCheckService.setItemNumber.dwr HTTP/1.1" 200 77
218.81.216.79 - - [17/Jul/2023:05:55:22 +0800] "POST /xingrg/dwr/call/plaincall/AjaxCheckService.setItemNumber.dwr HTTP/1.1" 200 77
218.81.216.79 - - [17/Jul/2023:05:55:24 +0800] "POST /xingrg/dwr/call/plaincall/AjaxCheckService.setItemNumber.dwr HTTP/1.1" 200 77
218.81.216.79 - - [17/Jul/2023:05:55:24 +0800] "POST /xingrg/dwr/call/plaincall/AjaxCheckService.setItemNumber.dwr HTTP/1.1" 200 77
218.81.216.79 - - [17/Jul/2023:05:55:25 +0800] "POST /xingrg/dwr/call/plaincall/AjaxCheckService.setItemNumber.dwr HTTP/1.1" 200 77
120.253.135.82 - - [17/Jul/2023:05:55:26 +0800] "GET /xingrg/kc/pszx/mdps_order_list.html?orderType=0 HTTP/1.1" 200 21032
218.81.216.79 - - [17/Jul/2023:05:55:26 +0800] "POST /xingrg/dwr/call/plaincall/AjaxCheckService.setItemNumber.dwr HTTP/1.1" 200 77
120.253.135.82 - - [17/Jul/2023:05:55:26 +0800] "POST /xingrg/kc/pszx/mdps_list_operate.html HTTP/1.1" 200 5356
218.81.216.79 - - [17/Jul/2023:05:55:28 +0800] "POST /xingrg/dwr/call/plaincall/AjaxCheckService.setItemNumber.dwr HTTP/1.1" 200 77
114.85.113.108 - - [17/Jul/2023:05:55:29 +0800] "GET /xingrg/all/function/internal_message.html?_=1689544524536&CODE_STATE=getMsg HTTP/1.1" 200 27
218.81.216.79 - - [17/Jul/2023:05:55:29 +0800] "POST /xingrg/dwr/call/plaincall/AjaxCheckService.setItemNumber.dwr HTTP/1.1" 200 77
218.81.216.79 - - [17/Jul/2023:05:55:29 +0800] "POST /xingrg/dwr/call/plaincall/AjaxCheckService.setItemNumber.dwr HTTP/1.1" 200 77
218.81.216.79 - - [17/Jul/2023:05:55:32 +0800] "POST /xingrg/dwr/call/plaincall/AjaxCheckService.setItemNumber.dwr HTTP/1.1" 200 77
218.81.216.79 - - [17/Jul/2023:05:55:33 +0800] "POST /xingrg/dwr/call/plaincall/AjaxCheckService.setItemNumber.dwr HTTP/1.1" 200 77
116.238.191.126 - - [17/Jul/2023:05:55:33 +0800] "GET /xingrg/all/function/internal_message.html?_=1689544430712&CODE_STATE=getMsg HTTP/1.1" 200 27
218.81.216.79 - - [17/Jul/2023:05:55:35 +0800] "POST /xingrg/dwr/call/plaincall/AjaxCheckService.setItemNumber.dwr HTTP/1.1" 200 77
218.81.216.79 - - [17/Jul/2023:05:55:35 +0800] "POST /xingrg/dwr/call/plaincall/AjaxCheckService.setItemNumber.dwr HTTP/1.1" 200 77
120.253.135.82 - - [17/Jul/2023:05:55:36 +0800] "POST /xingrg/kc/pszx/mdps_list_operate.html HTTP/1.1" 200 4580
218.81.216.79 - - [17/Jul/2023:05:55:37 +0800] "POST /xingrg/dwr/call/plaincall/AjaxCheckService.setItemNumber.dwr HTTP/1.1" 200 77
222.70.180.90 - - [17/Jul/2023:05:55:38 +0800] "GET /xingrg/all/function/internal_message.html?_=1689544535009&CODE_STATE=getMsg HTTP/1.1" 302 -
218.81.216.79 - - [17/Jul/2023:05:55:39 +0800] "POST /xingrg/dwr/call/plaincall/AjaxCheckService.setItemNumber.dwr HTTP/1.1" 200 77
218.81.216.79 - - [17/Jul/2023:05:55:40 +0800] "POST /xingrg/dwr/call/plaincall/AjaxCheckService.setItemNumber.dwr HTTP/1.1" 200 77
218.81.216.79 - - [17/Jul/2023:05:55:42 +0800] "POST /xingrg/dwr/call/plaincall/AjaxCheckService.setItemNumber.dwr HTTP/1.1" 200 77
218.81.216.79 - - [17/Jul/2023:05:55:43 +0800] "POST /xingrg/dwr/call/plaincall/AjaxCheckService.setItemNumber.dwr HTTP/1.1" 200 77
218.81.216.79 - - [17/Jul/2023:05:55:45 +0800] "POST /xingrg/dwr/call/plaincall/AjaxCheckService.setItemNumber.dwr HTTP/1.1" 200 77
218.81.216.79 - - [17/Jul/2023:05:55:46 +0800] "POST /xingrg/dwr/call/plaincall/AjaxCheckService.setItemNumber.dwr HTTP/1.1" 200 77
218.81.216.79 - - [17/Jul/2023:05:55:48 +0800] "POST /xingrg/dwr/call/plaincall/AjaxCheckService.setItemNumber.dwr HTTP/1.1" 200 77
218.81.216.79 - - [17/Jul/2023:05:55:48 +0800] "POST /xingrg/dwr/call/plaincall/AjaxCheckService.setItemNumber.dwr HTTP/1.1" 200 77
218.81.216.79 - - [17/Jul/2023:05:55:50 +0800] "POST /xingrg/dwr/call/plaincall/AjaxCheckService.setItemNumber.dwr HTTP/1.1" 200 77
218.81.216.79 - - [17/Jul/2023:05:55:51 +0800] "POST /xingrg/dwr/call/plaincall/AjaxCheckService.setItemNumber.dwr HTTP/1.1" 200 78
218.81.216.79 - - [17/Jul/2023:05:55:52 +0800] "POST /xingrg/dwr/call/plaincall/AjaxCheckService.setItemNumber.dwr HTTP/1.1" 200 78
218.81.216.79 - - [17/Jul/2023:05:55:59 +0800] "GET /xingrg/all/function/internal_message.html?_=1689544560742&CODE_STATE=getMsg HTTP/1.1" 200 27
120.253.135.82 - - [17/Jul/2023:05:56:03 +0800] "GET /xingrg/all/function/internal_message.html?_=1689544388227&CODE_STATE=getMsg HTTP/1.1" 200 27
116.232.195.127 - - [17/Jul/2023:05:56:07 +0800] "GET /xingrg/all/function/internal_message.html?_=1689544534038&CODE_STATE=getMsg HTTP/1.1" 200 27
222.70.180.90 - - [17/Jul/2023:05:56:10 +0800] "GET /xingrg/check_reg.html?_=1689544570167 HTTP/1.1" 200 71
222.70.180.90 - - [17/Jul/2023:05:56:10 +0800] "GET /xingrg/all/function/internal_message.html?_=1689544570169&CODE_STATE=getMsg HTTP/1.1" 200 27
218.81.216.79 - - [17/Jul/2023:05:56:12 +0800] "POST /xingrg/dwr/call/plaincall/AjaxCheckService.setItemNumber.dwr HTTP/1.1" 200 78
124.79.243.110 - - [17/Jul/2023:05:56:13 +0800] "GET /xingrg/all/function/internal_message.html?_=1689544859124&CODE_STATE=getMsg HTTP/1.1" 200 27
218.81.216.79 - - [17/Jul/2023:05:56:14 +0800] "POST /xingrg/dwr/call/plaincall/AjaxCheckService.setItemNumber.dwr HTTP/1.1" 200 78
218.81.216.79 - - [17/Jul/2023:05:56:15 +0800] "POST /xingrg/dwr/call/plaincall/AjaxCheckService.setItemNumber.dwr HTTP/1.1" 200 78
218.81.216.79 - - [17/Jul/2023:05:56:16 +0800] "POST /xingrg/dwr/call/plaincall/AjaxCheckService.setItemNumber.dwr HTTP/1.1" 200 78
218.81.216.79 - - [17/Jul/2023:05:56:16 +0800] "POST /xingrg/dwr/call/plaincall/AjaxCheckService.setItemNumber.dwr HTTP/1.1" 200 78
218.81.216.79 - - [17/Jul/2023:05:56:18 +0800] "POST /xingrg/dwr/call/plaincall/AjaxCheckService.setItemNumber.dwr HTTP/1.1" 200 78
218.81.216.79 - - [17/Jul/2023:05:56:19 +0800] "POST /xingrg/dwr/call/plaincall/AjaxCheckService.setItemNumber.dwr HTTP/1.1" 200 78
218.81.216.79 - - [17/Jul/2023:05:56:21 +0800] "POST /xingrg/dwr/call/plaincall/AjaxCheckService.setItemNumber.dwr HTTP/1.1" 200 78
218.81.216.79 - - [17/Jul/2023:05:56:22 +0800] "POST /xingrg/dwr/call/plaincall/AjaxCheckService.setItemNumber.dwr HTTP/1.1" 200 78
218.81.216.79 - - [17/Jul/2023:05:56:23 +0800] "POST /xingrg/dwr/call/plaincall/AjaxCheckService.setItemNumber.dwr HTTP/1.1" 200 78
218.81.216.79 - - [17/Jul/2023:05:56:24 +0800] "POST /xingrg/dwr/call/plaincall/AjaxCheckService.setItemNumber.dwr HTTP/1.1" 200 78
218.81.216.79 - - [17/Jul/2023:05:56:26 +0800] "POST /xingrg/dwr/call/plaincall/AjaxCheckService.setItemNumber.dwr HTTP/1.1" 200 78
218.81.216.79 - - [17/Jul/2023:05:56:28 +0800] "POST /xingrg/dwr/call/plaincall/AjaxCheckService.setItemNumber.dwr HTTP/1.1" 200 78
114.85.113.108 - - [17/Jul/2023:05:56:29 +0800] "GET /xingrg/all/function/internal_message.html?_=1689544584536&CODE_STATE=getMsg HTTP/1.1" 200 27
114.85.113.108 - - [17/Jul/2023:05:56:29 +0800] "GET /xingrg/check_reg.html?_=1689544584537 HTTP/1.1" 200 71
120.253.135.82 - - [17/Jul/2023:05:56:29 +0800] "POST /xingrg/kc/pszx/mdps_list_operate.html HTTP/1.1" 200 280
120.253.135.82 - - [17/Jul/2023:05:56:31 +0800] "GET /xingrg/kc/pszx/mdps_order_info.html?code=312023071700370 HTTP/1.1" 200 23972
218.81.216.79 - - [17/Jul/2023:05:56:31 +0800] "POST /xingrg/dwr/call/plaincall/AjaxCheckService.setItemNumber.dwr HTTP/1.1" 200 78
120.253.135.82 - - [17/Jul/2023:05:56:31 +0800] "GET /xingrg/javascript/easyui/themes/default/validatebox.css HTTP/1.1" 404 1104
120.253.135.82 - - [17/Jul/2023:05:56:32 +0800] "POST /xingrg/kc/pszx/mdps_order_operate.html HTTP/1.1" 200 2765
218.81.216.79 - - [17/Jul/2023:05:56:33 +0800] "POST /xingrg/dwr/call/plaincall/AjaxCheckService.setItemNumber.dwr HTTP/1.1" 200 78
116.238.191.126 - - [17/Jul/2023:05:56:33 +0800] "GET /xingrg/all/function/internal_message.html?_=1689544490744&CODE_STATE=getMsg HTTP/1.1" 200 27
218.81.216.79 - - [17/Jul/2023:05:56:33 +0800] "POST /xingrg/dwr/call/plaincall/AjaxCheckService.setItemNumber.dwr HTTP/1.1" 200 78
218.81.216.79 - - [17/Jul/2023:05:56:35 +0800] "POST /xingrg/dwr/call/plaincall/AjaxCheckService.setItemNumber.dwr HTTP/1.1" 200 78
218.81.216.79 - - [17/Jul/2023:05:56:35 +0800] "POST /xingrg/dwr/call/plaincall/AjaxCheckService.setItemNumber.dwr HTTP/1.1" 200 78
218.81.216.79 - - [17/Jul/2023:05:56:36 +0800] "POST /xingrg/dwr/call/plaincall/AjaxCheckService.setItemNumber.dwr HTTP/1.1" 200 78
218.81.216.79 - - [17/Jul/2023:05:56:37 +0800] "POST /xingrg/dwr/call/plaincall/AjaxCheckService.setItemNumber.dwr HTTP/1.1" 200 78
222.70.180.90 - - [17/Jul/2023:05:56:38 +0800] "GET /xingrg/all/function/internal_message.html?_=1689544594998&CODE_STATE=getMsg HTTP/1.1" 302 -
218.81.216.79 - - [17/Jul/2023:05:56:39 +0800] "POST /xingrg/dwr/call/plaincall/AjaxCheckService.setItemNumber.dwr HTTP/1.1" 200 78
218.81.216.79 - - [17/Jul/2023:05:56:41 +0800] "POST /xingrg/dwr/call/plaincall/AjaxCheckService.setItemNumber.dwr HTTP/1.1" 200 78
218.81.216.79 - - [17/Jul/2023:05:56:42 +0800] "POST /xingrg/dwr/call/plaincall/AjaxCheckService.setItemNumber.dwr HTTP/1.1" 200 78
218.81.216.79 - - [17/Jul/2023:05:56:44 +0800] "POST /xingrg/dwr/call/plaincall/AjaxCheckService.setItemNumber.dwr HTTP/1.1" 200 78
120.253.135.82 - - [17/Jul/2023:05:56:46 +0800] "POST /xingrg/kc/pszx/mdps_order_operate.html HTTP/1.1" 200 37
218.81.216.79 - - [17/Jul/2023:05:56:47 +0800] "GET /xingrg/check_reg.html?_=1689544608766 HTTP/1.1" 200 71
120.253.135.82 - - [17/Jul/2023:05:56:48 +0800] "GET /xingrg/kc/pszx/mdps_order_info.html?code=312023071700370 HTTP/1.1" 200 23972
218.81.216.79 - - [17/Jul/2023:05:56:49 +0800] "POST /xingrg/dwr/call/plaincall/AjaxCheckService.setItemNumber.dwr HTTP/1.1" 200 78
218.81.216.79 - - [17/Jul/2023:05:56:49 +0800] "POST /xingrg/dwr/call/plaincall/AjaxCheckService.setItemNumber.dwr HTTP/1.1" 200 78
120.253.135.82 - - [17/Jul/2023:05:56:49 +0800] "GET /xingrg/javascript/easyui/themes/default/validatebox.css HTTP/1.1" 404 1104
120.253.135.82 - - [17/Jul/2023:05:56:50 +0800] "POST /xingrg/kc/pszx/mdps_order_operate.html HTTP/1.1" 200 2782
218.81.216.79 - - [17/Jul/2023:05:56:50 +0800] "POST /xingrg/dwr/call/plaincall/AjaxCheckService.setItemNumber.dwr HTTP/1.1" 200 78
218.81.216.79 - - [17/Jul/2023:05:56:51 +0800] "POST /xingrg/dwr/call/plaincall/AjaxCheckService.setItemNumber.dwr HTTP/1.1" 200 78
218.81.216.79 - - [17/Jul/2023:05:56:53 +0800] "POST /xingrg/dwr/call/plaincall/AjaxCheckService.setItemNumber.dwr HTTP/1.1" 200 78
218.81.216.79 - - [17/Jul/2023:05:56:53 +0800] "POST /xingrg/dwr/call/plaincall/AjaxCheckService.setItemNumber.dwr HTTP/1.1" 200 78
218.81.216.79 - - [17/Jul/2023:05:56:54 +0800] "POST /xingrg/dwr/call/plaincall/AjaxCheckService.setItemNumber.dwr HTTP/1.1" 200 78
218.81.216.79 - - [17/Jul/2023:05:56:55 +0800] "POST /xingrg/dwr/call/plaincall/AjaxCheckService.setItemNumber.dwr HTTP/1.1" 200 78
218.81.216.79 - - [17/Jul/2023:05:56:56 +0800] "POST /xingrg/dwr/call/plaincall/AjaxCheckService.setItemNumber.dwr HTTP/1.1" 200 78
218.81.216.79 - - [17/Jul/2023:05:56:57 +0800] "POST /xingrg/dwr/call/plaincall/AjaxCheckService.setItemNumber.dwr HTTP/1.1" 200 78
218.81.216.79 - - [17/Jul/2023:05:56:59 +0800] "GET /xingrg/all/function/internal_message.html?_=1689544620755&CODE_STATE=getMsg HTTP/1.1" 200 27
218.81.216.79 - - [17/Jul/2023:05:57:00 +0800] "POST /xingrg/dwr/call/plaincall/AjaxCheckService.setItemNumber.dwr HTTP/1.1" 200 78
218.81.216.79 - - [17/Jul/2023:05:57:01 +0800] "POST /xingrg/dwr/call/plaincall/AjaxCheckService.setItemNumber.dwr HTTP/1.1" 200 78
120.253.135.82 - - [17/Jul/2023:05:57:01 +0800] "GET /xingrg/kc/print/load_config.html?kc_code=mdps HTTP/1.1" 200 2390
218.81.216.79 - - [17/Jul/2023:05:57:02 +0800] "POST /xingrg/dwr/call/plaincall/AjaxCheckService.setItemNumber.dwr HTTP/1.1" 200 78
120.253.135.82 - - [17/Jul/2023:05:57:02 +0800] "GET /xingrg/kc/print/load_data.html?order_code=312023071700370&kc_code=mdps&condition= HTTP/1.1" 200 900
120.253.135.82 - - [17/Jul/2023:05:57:03 +0800] "GET /xingrg/check_reg.html?_=1689544448087 HTTP/1.1" 200 71
120.253.135.82 - - [17/Jul/2023:05:57:04 +0800] "GET /xingrg/all/function/internal_message.html?_=1689544448240&CODE_STATE=getMsg HTTP/1.1" 200 27
218.81.216.79 - - [17/Jul/2023:05:57:04 +0800] "POST /xingrg/dwr/call/plaincall/AjaxCheckService.setItemNumber.dwr HTTP/1.1" 200 78
218.81.216.79 - - [17/Jul/2023:05:57:04 +0800] "POST /xingrg/dwr/call/plaincall/AjaxCheckService.setItemNumber.dwr HTTP/1.1" 200 78
218.81.216.79 - - [17/Jul/2023:05:57:06 +0800] "POST /xingrg/dwr/call/plaincall/AjaxCheckService.setItemNumber.dwr HTTP/1.1" 200 78
218.81.216.79 - - [17/Jul/2023:05:57:06 +0800] "POST /xingrg/dwr/call/plaincall/AjaxCheckService.setItemNumber.dwr HTTP/1.1" 200 78
116.232.195.127 - - [17/Jul/2023:05:57:07 +0800] "GET /xingrg/all/function/internal_message.html?_=1689544594036&CODE_STATE=getMsg HTTP/1.1" 200 27
218.81.216.79 - - [17/Jul/2023:05:57:07 +0800] "POST /xingrg/dwr/call/plaincall/AjaxCheckService.setItemNumber.dwr HTTP/1.1" 200 78
218.81.216.79 - - [17/Jul/2023:05:57:08 +0800] "POST /xingrg/dwr/call/plaincall/AjaxCheckService.setItemNumber.dwr HTTP/1.1" 200 78
218.81.216.79 - - [17/Jul/2023:05:57:09 +0800] "POST /xingrg/dwr/call/plaincall/AjaxCheckService.setItemNumber.dwr HTTP/1.1" 200 78
222.70.180.90 - - [17/Jul/2023:05:57:10 +0800] "GET /xingrg/all/function/internal_message.html?_=1689544630169&CODE_STATE=getMsg HTTP/1.1" 200 27
218.81.216.79 - - [17/Jul/2023:05:57:10 +0800] "POST /xingrg/dwr/call/plaincall/AjaxCheckService.setItemNumber.dwr HTTP/1.1" 200 78
218.81.216.79 - - [17/Jul/2023:05:57:11 +0800] "POST /xingrg/dwr/call/plaincall/AjaxCheckService.setItemNumber.dwr HTTP/1.1" 200 78
218.81.216.79 - - [17/Jul/2023:05:57:12 +0800] "POST /xingrg/dwr/call/plaincall/AjaxCheckService.setItemNumber.dwr HTTP/1.1" 200 78
124.79.243.110 - - [17/Jul/2023:05:57:13 +0800] "GET /xingrg/all/function/internal_message.html?_=1689544919123&CODE_STATE=getMsg HTTP/1.1" 200 27
218.81.216.79 - - [17/Jul/2023:05:57:14 +0800] "POST /xingrg/dwr/call/plaincall/AjaxCheckService.setItemNumber.dwr HTTP/1.1" 200 78
218.81.216.79 - - [17/Jul/2023:05:57:14 +0800] "POST /xingrg/dwr/call/plaincall/AjaxCheckService.setItemNumber.dwr HTTP/1.1" 200 78
218.81.216.79 - - [17/Jul/2023:05:57:15 +0800] "POST /xingrg/dwr/call/plaincall/AjaxCheckService.setItemNumber.dwr HTTP/1.1" 200 78
218.81.216.79 - - [17/Jul/2023:05:57:15 +0800] "POST /xingrg/dwr/call/plaincall/AjaxCheckService.setItemNumber.dwr HTTP/1.1" 200 78
114.85.113.108 - - [17/Jul/2023:05:57:29 +0800] "GET /xingrg/all/function/internal_message.html?_=1689544644539&CODE_STATE=getMsg HTTP/1.1" 200 27
116.238.191.126 - - [17/Jul/2023:05:57:33 +0800] "GET /xingrg/all/function/internal_message.html?_=1689544550755&CODE_STATE=getMsg HTTP/1.1" 200 27
222.70.180.90 - - [17/Jul/2023:05:57:38 +0800] "GET /xingrg/all/function/internal_message.html?_=1689544655000&CODE_STATE=getMsg HTTP/1.1" 302 -
218.81.216.79 - - [17/Jul/2023:05:57:46 +0800] "POST /xingrg/dwr/call/plaincall/AjaxCheckService.setItemNumber.dwr HTTP/1.1" 200 78
218.81.216.79 - - [17/Jul/2023:05:57:49 +0800] "POST /xingrg/dwr/call/plaincall/AjaxCheckService.setItemNumber.dwr HTTP/1.1" 200 78
218.81.216.79 - - [17/Jul/2023:05:57:51 +0800] "POST /xingrg/dwr/call/plaincall/AjaxCheckService.setItemNumber.dwr HTTP/1.1" 200 78
218.81.216.79 - - [17/Jul/2023:05:57:51 +0800] "POST /xingrg/dwr/call/plaincall/AjaxCheckService.setItemNumber.dwr HTTP/1.1" 200 78
218.81.216.79 - - [17/Jul/2023:05:57:53 +0800] "POST /xingrg/dwr/call/plaincall/AjaxCheckService.setItemNumber.dwr HTTP/1.1" 200 78
218.81.216.79 - - [17/Jul/2023:05:57:53 +0800] "POST /xingrg/dwr/call/plaincall/AjaxCheckService.setItemNumber.dwr HTTP/1.1" 200 78
218.81.216.79 - - [17/Jul/2023:05:57:55 +0800] "POST /xingrg/dwr/call/plaincall/AjaxCheckService.setItemNumber.dwr HTTP/1.1" 200 78
218.81.216.79 - - [17/Jul/2023:05:57:56 +0800] "POST /xingrg/dwr/call/plaincall/AjaxCheckService.setItemNumber.dwr HTTP/1.1" 200 78
218.81.216.79 - - [17/Jul/2023:05:57:57 +0800] "POST /xingrg/dwr/call/plaincall/AjaxCheckService.setItemNumber.dwr HTTP/1.1" 200 78
218.81.216.79 - - [17/Jul/2023:05:57:57 +0800] "POST /xingrg/dwr/call/plaincall/AjaxCheckService.setItemNumber.dwr HTTP/1.1" 200 78
218.81.216.79 - - [17/Jul/2023:05:57:58 +0800] "POST /xingrg/dwr/call/plaincall/AjaxCheckService.setItemNumber.dwr HTTP/1.1" 200 78
218.81.216.79 - - [17/Jul/2023:05:57:59 +0800] "GET /xingrg/all/function/internal_message.html?_=1689544680768&CODE_STATE=getMsg HTTP/1.1" 200 27
120.253.135.82 - - [17/Jul/2023:05:58:04 +0800] "GET /xingrg/all/function/internal_message.html?_=1689544508253&CODE_STATE=getMsg HTTP/1.1" 200 27
116.232.195.127 - - [17/Jul/2023:05:58:07 +0800] "GET /xingrg/all/function/internal_message.html?_=1689544654029&CODE_STATE=getMsg HTTP/1.1" 200 27
218.81.216.79 - - [17/Jul/2023:05:58:08 +0800] "POST /xingrg/dwr/call/plaincall/AjaxCheckService.setItemNumber.dwr HTTP/1.1" 200 78
222.70.180.90 - - [17/Jul/2023:05:58:10 +0800] "GET /xingrg/all/function/internal_message.html?_=1689544690174&CODE_STATE=getMsg HTTP/1.1" 200 27
218.81.216.79 - - [17/Jul/2023:05:58:13 +0800] "POST /xingrg/dwr/call/plaincall/AjaxCheckService.setItemNumber.dwr HTTP/1.1" 200 78
124.79.243.110 - - [17/Jul/2023:05:58:13 +0800] "GET /xingrg/all/function/internal_message.html?_=1689544979147&CODE_STATE=getMsg HTTP/1.1" 200 27
218.81.216.79 - - [17/Jul/2023:05:58:15 +0800] "POST /xingrg/dwr/call/plaincall/AjaxCheckService.setItemNumber.dwr HTTP/1.1" 200 78
218.81.216.79 - - [17/Jul/2023:05:58:17 +0800] "POST /xingrg/dwr/call/plaincall/AjaxCheckService.setItemNumber.dwr HTTP/1.1" 200 78
218.81.216.79 - - [17/Jul/2023:05:58:19 +0800] "POST /xingrg/dwr/call/plaincall/AjaxCheckService.setItemNumber.dwr HTTP/1.1" 200 78
218.81.216.79 - - [17/Jul/2023:05:58:20 +0800] "POST /xingrg/dwr/call/plaincall/AjaxCheckService.setItemNumber.dwr HTTP/1.1" 200 78
218.81.216.79 - - [17/Jul/2023:05:58:21 +0800] "POST /xingrg/dwr/call/plaincall/AjaxCheckService.setItemNumber.dwr HTTP/1.1" 200 78
218.81.216.79 - - [17/Jul/2023:05:58:22 +0800] "POST /xingrg/dwr/call/plaincall/AjaxCheckService.setItemNumber.dwr HTTP/1.1" 200 78
218.81.216.79 - - [17/Jul/2023:05:58:25 +0800] "POST /xingrg/dwr/call/plaincall/AjaxCheckService.setItemNumber.dwr HTTP/1.1" 200 78
218.81.216.79 - - [17/Jul/2023:05:58:27 +0800] "POST /xingrg/dwr/call/plaincall/AjaxCheckService.setItemNumber.dwr HTTP/1.1" 200 78
218.81.216.79 - - [17/Jul/2023:05:58:28 +0800] "POST /xingrg/dwr/call/plaincall/AjaxCheckService.setItemNumber.dwr HTTP/1.1" 200 78
114.85.113.108 - - [17/Jul/2023:05:58:29 +0800] "GET /xingrg/all/function/internal_message.html?_=1689544704541&CODE_STATE=getMsg HTTP/1.1" 200 27
218.81.216.79 - - [17/Jul/2023:05:58:30 +0800] "POST /xingrg/dwr/call/plaincall/AjaxCheckService.setItemNumber.dwr HTTP/1.1" 200 78
218.81.216.79 - - [17/Jul/2023:05:58:31 +0800] "POST /xingrg/dwr/call/plaincall/AjaxCheckService.setItemNumber.dwr HTTP/1.1" 200 78
218.81.216.79 - - [17/Jul/2023:05:58:33 +0800] "POST /xingrg/dwr/call/plaincall/AjaxCheckService.setItemNumber.dwr HTTP/1.1" 200 78
116.238.191.126 - - [17/Jul/2023:05:58:33 +0800] "GET /xingrg/all/function/internal_message.html?_=1689544610791&CODE_STATE=getMsg HTTP/1.1" 200 27
218.81.216.79 - - [17/Jul/2023:05:58:35 +0800] "POST /xingrg/dwr/call/plaincall/AjaxCheckService.setItemNumber.dwr HTTP/1.1" 200 78
218.81.216.79 - - [17/Jul/2023:05:58:35 +0800] "POST /xingrg/dwr/call/plaincall/AjaxCheckService.setItemNumber.dwr HTTP/1.1" 200 78
218.81.216.79 - - [17/Jul/2023:05:58:37 +0800] "POST /xingrg/dwr/call/plaincall/AjaxCheckService.setItemNumber.dwr HTTP/1.1" 200 78
218.81.216.79 - - [17/Jul/2023:05:58:37 +0800] "POST /xingrg/dwr/call/plaincall/AjaxCheckService.setItemNumber.dwr HTTP/1.1" 200 78
222.70.180.90 - - [17/Jul/2023:05:58:38 +0800] "GET /xingrg/all/function/internal_message.html?_=1689544715006&CODE_STATE=getMsg HTTP/1.1" 302 -
218.81.216.79 - - [17/Jul/2023:05:58:39 +0800] "POST /xingrg/dwr/call/plaincall/AjaxCheckService.setItemNumber.dwr HTTP/1.1" 200 78
218.81.216.79 - - [17/Jul/2023:05:58:42 +0800] "POST /xingrg/dwr/call/plaincall/AjaxCheckService.setItemNumber.dwr HTTP/1.1" 200 78
218.81.216.79 - - [17/Jul/2023:05:58:42 +0800] "POST /xingrg/dwr/call/plaincall/AjaxCheckService.setItemNumber.dwr HTTP/1.1" 200 78
218.81.216.79 - - [17/Jul/2023:05:58:43 +0800] "POST /xingrg/dwr/call/plaincall/AjaxCheckService.setItemNumber.dwr HTTP/1.1" 200 78
218.81.216.79 - - [17/Jul/2023:05:58:44 +0800] "POST /xingrg/dwr/call/plaincall/AjaxCheckService.setItemNumber.dwr HTTP/1.1" 200 78
218.81.216.79 - - [17/Jul/2023:05:58:44 +0800] "POST /xingrg/dwr/call/plaincall/AjaxCheckService.setItemNumber.dwr HTTP/1.1" 200 78
218.81.216.79 - - [17/Jul/2023:05:58:45 +0800] "POST /xingrg/dwr/call/plaincall/AjaxCheckService.setItemNumber.dwr HTTP/1.1" 200 78
218.81.216.79 - - [17/Jul/2023:05:58:46 +0800] "POST /xingrg/dwr/call/plaincall/AjaxCheckService.setItemNumber.dwr HTTP/1.1" 200 78
120.253.135.82 - - [17/Jul/2023:05:58:47 +0800] "POST /xingrg/kc/pszx/mdps_list_operate.html HTTP/1.1" 200 202
218.81.216.79 - - [17/Jul/2023:05:58:50 +0800] "POST /xingrg/dwr/call/plaincall/AjaxCheckService.setItemNumber.dwr HTTP/1.1" 200 78
218.81.216.79 - - [17/Jul/2023:05:58:52 +0800] "POST /xingrg/dwr/call/plaincall/AjaxCheckService.setItemNumber.dwr HTTP/1.1" 200 78
218.81.216.79 - - [17/Jul/2023:05:58:53 +0800] "POST /xingrg/dwr/call/plaincall/AjaxCheckService.setItemNumber.dwr HTTP/1.1" 200 78
218.81.216.79 - - [17/Jul/2023:05:58:53 +0800] "POST /xingrg/dwr/call/plaincall/AjaxCheckService.setItemNumber.dwr HTTP/1.1" 200 78
218.81.216.79 - - [17/Jul/2023:05:58:54 +0800] "POST /xingrg/dwr/call/plaincall/AjaxCheckService.setItemNumber.dwr HTTP/1.1" 200 78
218.81.216.79 - - [17/Jul/2023:05:58:55 +0800] "POST /xingrg/dwr/call/plaincall/AjaxCheckService.setItemNumber.dwr HTTP/1.1" 200 78
218.81.216.79 - - [17/Jul/2023:05:58:56 +0800] "POST /xingrg/dwr/call/plaincall/AjaxCheckService.setItemNumber.dwr HTTP/1.1" 200 78
218.81.216.79 - - [17/Jul/2023:05:58:58 +0800] "POST /xingrg/dwr/call/plaincall/AjaxCheckService.setItemNumber.dwr HTTP/1.1" 200 78
116.238.191.126 - - [17/Jul/2023:05:58:59 +0800] "GET /xingrg/check_reg.html?_=1689544636549 HTTP/1.1" 200 71
218.81.216.79 - - [17/Jul/2023:05:58:59 +0800] "GET /xingrg/all/function/internal_message.html?_=1689544740781&CODE_STATE=getMsg HTTP/1.1" 200 27
120.253.135.82 - - [17/Jul/2023:05:59:04 +0800] "GET /xingrg/all/function/internal_message.html?_=1689544568311&CODE_STATE=getMsg HTTP/1.1" 200 27
116.232.195.127 - - [17/Jul/2023:05:59:07 +0800] "GET /xingrg/all/function/internal_message.html?_=1689544714041&CODE_STATE=getMsg HTTP/1.1" 200 27
222.70.180.90 - - [17/Jul/2023:05:59:10 +0800] "GET /xingrg/all/function/internal_message.html?_=1689544750162&CODE_STATE=getMsg HTTP/1.1" 200 27
218.81.216.79 - - [17/Jul/2023:05:59:10 +0800] "POST /xingrg/dwr/call/plaincall/AjaxCheckService.setItemNumber.dwr HTTP/1.1" 200 78
218.81.216.79 - - [17/Jul/2023:05:59:13 +0800] "POST /xingrg/dwr/call/plaincall/AjaxCheckService.setItemNumber.dwr HTTP/1.1" 200 78
124.79.243.110 - - [17/Jul/2023:05:59:13 +0800] "GET /xingrg/all/function/internal_message.html?_=1689545039155&CODE_STATE=getMsg HTTP/1.1" 200 27
124.79.243.110 - - [17/Jul/2023:05:59:13 +0800] "GET /xingrg/check_reg.html?_=1689545039156 HTTP/1.1" 200 71
218.81.216.79 - - [17/Jul/2023:05:59:14 +0800] "POST /xingrg/dwr/call/plaincall/AjaxCheckService.setItemNumber.dwr HTTP/1.1" 200 78
218.81.216.79 - - [17/Jul/2023:05:59:15 +0800] "POST /xingrg/dwr/call/plaincall/AjaxCheckService.setItemNumber.dwr HTTP/1.1" 200 78
218.81.216.79 - - [17/Jul/2023:05:59:16 +0800] "POST /xingrg/dwr/call/plaincall/AjaxCheckService.setItemNumber.dwr HTTP/1.1" 200 78
218.81.216.79 - - [17/Jul/2023:05:59:18 +0800] "POST /xingrg/dwr/call/plaincall/AjaxCheckService.setItemNumber.dwr HTTP/1.1" 200 78
218.81.216.79 - - [17/Jul/2023:05:59:18 +0800] "POST /xingrg/dwr/call/plaincall/AjaxCheckService.setItemNumber.dwr HTTP/1.1" 200 78
218.81.216.79 - - [17/Jul/2023:05:59:19 +0800] "POST /xingrg/dwr/call/plaincall/AjaxCheckService.setItemNumber.dwr HTTP/1.1" 200 78
218.81.216.79 - - [17/Jul/2023:05:59:21 +0800] "POST /xingrg/dwr/call/plaincall/AjaxCheckService.setItemNumber.dwr HTTP/1.1" 200 78
218.81.216.79 - - [17/Jul/2023:05:59:21 +0800] "POST /xingrg/dwr/call/plaincall/AjaxCheckService.setItemNumber.dwr HTTP/1.1" 200 78
218.81.216.79 - - [17/Jul/2023:05:59:22 +0800] "POST /xingrg/dwr/call/plaincall/AjaxCheckService.setItemNumber.dwr HTTP/1.1" 200 78
218.81.216.79 - - [17/Jul/2023:05:59:23 +0800] "POST /xingrg/dwr/call/plaincall/AjaxCheckService.setItemNumber.dwr HTTP/1.1" 200 78
218.81.216.79 - - [17/Jul/2023:05:59:24 +0800] "POST /xingrg/dwr/call/plaincall/AjaxCheckService.setItemNumber.dwr HTTP/1.1" 200 78
218.81.216.79 - - [17/Jul/2023:05:59:25 +0800] "POST /xingrg/dwr/call/plaincall/AjaxCheckService.setItemNumber.dwr HTTP/1.1" 200 78
218.81.216.79 - - [17/Jul/2023:05:59:26 +0800] "POST /xingrg/dwr/call/plaincall/AjaxCheckService.setItemNumber.dwr HTTP/1.1" 200 78
218.81.216.79 - - [17/Jul/2023:05:59:26 +0800] "POST /xingrg/dwr/call/plaincall/AjaxCheckService.setItemNumber.dwr HTTP/1.1" 200 78
218.81.216.79 - - [17/Jul/2023:05:59:29 +0800] "POST /xingrg/dwr/call/plaincall/AjaxCheckService.setItemNumber.dwr HTTP/1.1" 200 78
114.85.113.108 - - [17/Jul/2023:05:59:29 +0800] "GET /xingrg/all/function/internal_message.html?_=1689544764542&CODE_STATE=getMsg HTTP/1.1" 200 27
218.81.216.79 - - [17/Jul/2023:05:59:30 +0800] "POST /xingrg/dwr/call/plaincall/AjaxCheckService.setItemNumber.dwr HTTP/1.1" 200 78
218.81.216.79 - - [17/Jul/2023:05:59:31 +0800] "POST /xingrg/dwr/call/plaincall/AjaxCheckService.setItemNumber.dwr HTTP/1.1" 200 78
218.81.216.79 - - [17/Jul/2023:05:59:32 +0800] "POST /xingrg/dwr/call/plaincall/AjaxCheckService.setItemNumber.dwr HTTP/1.1" 200 78
218.81.216.79 - - [17/Jul/2023:05:59:32 +0800] "POST /xingrg/dwr/call/plaincall/AjaxCheckService.setItemNumber.dwr HTTP/1.1" 200 78
218.81.216.79 - - [17/Jul/2023:05:59:33 +0800] "POST /xingrg/dwr/call/plaincall/AjaxCheckService.setItemNumber.dwr HTTP/1.1" 200 78
116.238.191.126 - - [17/Jul/2023:05:59:33 +0800] "GET /xingrg/all/function/internal_message.html?_=1689544670799&CODE_STATE=getMsg HTTP/1.1" 200 27
218.81.216.79 - - [17/Jul/2023:05:59:35 +0800] "POST /xingrg/dwr/call/plaincall/AjaxCheckService.setItemNumber.dwr HTTP/1.1" 200 78
218.81.216.79 - - [17/Jul/2023:05:59:37 +0800] "POST /xingrg/dwr/call/plaincall/AjaxCheckService.setItemNumber.dwr HTTP/1.1" 200 78
218.81.216.79 - - [17/Jul/2023:05:59:38 +0800] "POST /xingrg/dwr/call/plaincall/AjaxCheckService.setItemNumber.dwr HTTP/1.1" 200 78
218.81.216.79 - - [17/Jul/2023:05:59:38 +0800] "POST /xingrg/dwr/call/plaincall/AjaxCheckService.setItemNumber.dwr HTTP/1.1" 200 78
222.70.180.90 - - [17/Jul/2023:05:59:38 +0800] "GET /xingrg/check_reg.html?_=1689544775007 HTTP/1.1" 302 -
222.70.180.90 - - [17/Jul/2023:05:59:38 +0800] "GET /xingrg/all/function/internal_message.html?_=1689544775008&CODE_STATE=getMsg HTTP/1.1" 302 -
218.81.216.79 - - [17/Jul/2023:05:59:39 +0800] "POST /xingrg/dwr/call/plaincall/AjaxCheckService.setItemNumber.dwr HTTP/1.1" 200 78
218.81.216.79 - - [17/Jul/2023:05:59:40 +0800] "POST /xingrg/dwr/call/plaincall/AjaxCheckService.setItemNumber.dwr HTTP/1.1" 200 78
218.81.216.79 - - [17/Jul/2023:05:59:41 +0800] "POST /xingrg/dwr/call/plaincall/AjaxCheckService.setItemNumber.dwr HTTP/1.1" 200 78
218.81.216.79 - - [17/Jul/2023:05:59:42 +0800] "POST /xingrg/dwr/call/plaincall/AjaxCheckService.setItemNumber.dwr HTTP/1.1" 200 78
218.81.216.79 - - [17/Jul/2023:05:59:43 +0800] "POST /xingrg/dwr/call/plaincall/AjaxCheckService.setItemNumber.dwr HTTP/1.1" 200 78
218.81.216.79 - - [17/Jul/2023:05:59:45 +0800] "POST /xingrg/dwr/call/plaincall/AjaxCheckService.setItemNumber.dwr HTTP/1.1" 200 78
218.81.216.79 - - [17/Jul/2023:05:59:46 +0800] "POST /xingrg/dwr/call/plaincall/AjaxCheckService.setItemNumber.dwr HTTP/1.1" 200 78
218.81.216.79 - - [17/Jul/2023:05:59:46 +0800] "POST /xingrg/dwr/call/plaincall/AjaxCheckService.setItemNumber.dwr HTTP/1.1" 200 78
218.81.216.79 - - [17/Jul/2023:05:59:48 +0800] "POST /xingrg/dwr/call/plaincall/AjaxCheckService.setItemNumber.dwr HTTP/1.1" 200 78
218.81.216.79 - - [17/Jul/2023:05:59:49 +0800] "POST /xingrg/dwr/call/plaincall/AjaxCheckService.setItemNumber.dwr HTTP/1.1" 200 78
218.81.216.79 - - [17/Jul/2023:05:59:50 +0800] "POST /xingrg/dwr/call/plaincall/AjaxCheckService.setItemNumber.dwr HTTP/1.1" 200 78
218.81.216.79 - - [17/Jul/2023:05:59:52 +0800] "POST /xingrg/dwr/call/plaincall/AjaxCheckService.setItemNumber.dwr HTTP/1.1" 200 78
120.253.135.82 - - [17/Jul/2023:05:59:53 +0800] "POST /xingrg/kc/pszx/mdps_list_operate.html HTTP/1.1" 200 4662
218.81.216.79 - - [17/Jul/2023:05:59:53 +0800] "POST /xingrg/dwr/call/plaincall/AjaxCheckService.setItemNumber.dwr HTTP/1.1" 200 78
218.81.216.79 - - [17/Jul/2023:05:59:54 +0800] "POST /xingrg/dwr/call/plaincall/AjaxCheckService.setItemNumber.dwr HTTP/1.1" 200 78
116.232.38.231 - - [17/Jul/2023:05:59:54 +0800] "POST /xingrg/services/DataTransmitService HTTP/1.1" 200 524
218.81.216.79 - - [17/Jul/2023:05:59:56 +0800] "POST /xingrg/dwr/call/plaincall/AjaxCheckService.setItemNumber.dwr HTTP/1.1" 200 78
218.81.216.79 - - [17/Jul/2023:05:59:57 +0800] "POST /xingrg/dwr/call/plaincall/AjaxCheckService.setItemNumber.dwr HTTP/1.1" 200 78
218.81.216.79 - - [17/Jul/2023:05:59:57 +0800] "POST /xingrg/dwr/call/plaincall/AjaxCheckService.setItemNumber.dwr HTTP/1.1" 200 78
120.253.135.82 - - [17/Jul/2023:05:59:58 +0800] "POST /xingrg/kc/pszx/mdps_list_operate.html HTTP/1.1" 200 365
218.81.216.79 - - [17/Jul/2023:05:59:59 +0800] "POST /xingrg/dwr/call/plaincall/AjaxCheckService.setItemNumber.dwr HTTP/1.1" 200 78
218.81.216.79 - - [17/Jul/2023:05:59:59 +0800] "GET /xingrg/all/function/internal_message.html?_=1689544800799&CODE_STATE=getMsg HTTP/1.1" 200 27
218.81.216.79 - - [17/Jul/2023:06:00:00 +0800] "POST /xingrg/dwr/call/plaincall/AjaxCheckService.setItemNumber.dwr HTTP/1.1" 200 78
120.253.135.82 - - [17/Jul/2023:06:00:02 +0800] "POST /xingrg/kc/pszx/mdps_list_operate.html HTTP/1.1" 200 364
120.253.135.82 - - [17/Jul/2023:06:00:03 +0800] "POST /xingrg/kc/pszx/mdps_list_operate.html HTTP/1.1" 200 202
120.253.135.82 - - [17/Jul/2023:06:00:04 +0800] "GET /xingrg/all/function/internal_message.html?_=1689544628312&CODE_STATE=getMsg HTTP/1.1" 200 27
120.253.135.82 - - [17/Jul/2023:06:00:05 +0800] "POST /xingrg/kc/pszx/mdps_list_operate.html HTTP/1.1" 200 208
120.253.135.82 - - [17/Jul/2023:06:00:07 +0800] "POST /xingrg/kc/pszx/mdps_list_operate.html HTTP/1.1" 200 641
116.232.195.127 - - [17/Jul/2023:06:00:07 +0800] "GET /xingrg/all/function/internal_message.html?_=1689544774042&CODE_STATE=getMsg HTTP/1.1" 200 27
116.232.195.127 - - [17/Jul/2023:06:00:07 +0800] "GET /xingrg/check_reg.html?_=1689544774043 HTTP/1.1" 200 71
120.253.135.82 - - [17/Jul/2023:06:00:08 +0800] "POST /xingrg/kc/pszx/mdps_list_operate.html HTTP/1.1" 200 597
222.70.180.90 - - [17/Jul/2023:06:00:10 +0800] "GET /xingrg/all/function/internal_message.html?_=1689544810170&CODE_STATE=getMsg HTTP/1.1" 200 27
120.253.135.82 - - [17/Jul/2023:06:00:10 +0800] "POST /xingrg/kc/pszx/mdps_list_operate.html HTTP/1.1" 200 587
120.253.135.82 - - [17/Jul/2023:06:00:12 +0800] "POST /xingrg/kc/pszx/mdps_list_operate.html HTTP/1.1" 200 361
124.79.243.110 - - [17/Jul/2023:06:00:13 +0800] "GET /xingrg/all/function/internal_message.html?_=1689545099153&CODE_STATE=getMsg HTTP/1.1" 200 27
120.253.135.82 - - [17/Jul/2023:06:00:14 +0800] "POST /xingrg/kc/pszx/mdps_list_operate.html HTTP/1.1" 200 610
114.85.113.108 - - [17/Jul/2023:06:00:29 +0800] "GET /xingrg/all/function/internal_message.html?_=1689544824544&CODE_STATE=getMsg HTTP/1.1" 200 27
116.238.191.126 - - [17/Jul/2023:06:00:33 +0800] "GET /xingrg/all/function/internal_message.html?_=1689544730811&CODE_STATE=getMsg HTTP/1.1" 200 27
222.70.180.90 - - [17/Jul/2023:06:00:38 +0800] "GET /xingrg/all/function/internal_message.html?_=1689544834997&CODE_STATE=getMsg HTTP/1.1" 302 -
218.81.216.79 - - [17/Jul/2023:06:00:59 +0800] "GET /xingrg/all/function/internal_message.html?_=1689544860808&CODE_STATE=getMsg HTTP/1.1" 200 27
120.253.135.82 - - [17/Jul/2023:06:01:04 +0800] "GET /xingrg/all/function/internal_message.html?_=1689544688357&CODE_STATE=getMsg HTTP/1.1" 200 27
116.232.195.127 - - [17/Jul/2023:06:01:07 +0800] "GET /xingrg/all/function/internal_message.html?_=1689544834041&CODE_STATE=getMsg HTTP/1.1" 200 27
222.70.180.90 - - [17/Jul/2023:06:01:10 +0800] "GET /xingrg/check_reg.html?_=1689544870171 HTTP/1.1" 200 71
222.70.180.90 - - [17/Jul/2023:06:01:10 +0800] "GET /xingrg/all/function/internal_message.html?_=1689544870173&CODE_STATE=getMsg HTTP/1.1" 200 27
124.79.243.110 - - [17/Jul/2023:06:01:13 +0800] "GET /xingrg/all/function/internal_message.html?_=1689545159151&CODE_STATE=getMsg HTTP/1.1" 200 27
218.81.216.79 - - [17/Jul/2023:06:01:27 +0800] "POST /xingrg/dwr/call/plaincall/AjaxCheckService.setItemNumber.dwr HTTP/1.1" 200 78
218.81.216.79 - - [17/Jul/2023:06:01:28 +0800] "GET /xingrg/kc/base/check_order_info.html?code=452023071600209 HTTP/1.1" 200 26400
218.81.216.79 - - [17/Jul/2023:06:01:28 +0800] "GET /xingrg/dwr/engine.js HTTP/1.1" 200 43631
218.81.216.79 - - [17/Jul/2023:06:01:28 +0800] "GET /xingrg/dwr/interface/AjaxCheckService.js HTTP/1.1" 200 14003
218.81.216.79 - - [17/Jul/2023:06:01:28 +0800] "GET /xingrg/dwr/interface/AjaxComOrderService.js HTTP/1.1" 200 18264
114.85.113.108 - - [17/Jul/2023:06:01:29 +0800] "GET /xingrg/check_reg.html?_=1689544884544 HTTP/1.1" 200 71
114.85.113.108 - - [17/Jul/2023:06:01:29 +0800] "GET /xingrg/all/function/internal_message.html?_=1689544884547&CODE_STATE=getMsg HTTP/1.1" 200 27
218.81.216.79 - - [17/Jul/2023:06:01:29 +0800] "POST /xingrg/dwr/call/plaincall/AjaxCheckService.loadOrderItems.dwr HTTP/1.1" 200 55290
116.238.191.126 - - [17/Jul/2023:06:01:33 +0800] "GET /xingrg/all/function/internal_message.html?_=1689544790841&CODE_STATE=getMsg HTTP/1.1" 200 27
218.81.216.79 - - [17/Jul/2023:06:01:35 +0800] "POST /xingrg/dwr/call/plaincall/AjaxCheckService.setItemNumber.dwr HTTP/1.1" 200 76
218.81.216.79 - - [17/Jul/2023:06:01:37 +0800] "POST /xingrg/dwr/call/plaincall/AjaxCheckService.setItemNumber.dwr HTTP/1.1" 200 76
222.70.180.90 - - [17/Jul/2023:06:01:38 +0800] "GET /xingrg/all/function/internal_message.html?_=1689544895003&CODE_STATE=getMsg HTTP/1.1" 302 -
218.81.216.79 - - [17/Jul/2023:06:01:38 +0800] "POST /xingrg/dwr/call/plaincall/AjaxCheckService.setItemNumber.dwr HTTP/1.1" 200 76
218.81.216.79 - - [17/Jul/2023:06:01:40 +0800] "POST /xingrg/dwr/call/plaincall/AjaxCheckService.setItemNumber.dwr HTTP/1.1" 200 76
218.81.216.79 - - [17/Jul/2023:06:01:41 +0800] "POST /xingrg/dwr/call/plaincall/AjaxCheckService.setItemNumber.dwr HTTP/1.1" 200 76
218.81.216.79 - - [17/Jul/2023:06:01:41 +0800] "POST /xingrg/dwr/call/plaincall/AjaxCheckService.setItemNumber.dwr HTTP/1.1" 200 76
218.81.216.79 - - [17/Jul/2023:06:01:43 +0800] "POST /xingrg/dwr/call/plaincall/AjaxCheckService.setItemNumber.dwr HTTP/1.1" 200 76
218.81.216.79 - - [17/Jul/2023:06:01:45 +0800] "POST /xingrg/dwr/call/plaincall/AjaxCheckService.setItemNumber.dwr HTTP/1.1" 200 76
